Project

General

Profile

Bug #2454 » _rbd.log

Simon Frerichs, 05/22/2012 12:36 AM

 
2012-05-22 09:10:33.765098 7f1e3a4b6760 10 -- :/0 ready :/0
2012-05-22 09:10:33.765174 7f1e3a4b6760 1 -- :/0 messenger.start
2012-05-22 09:10:33.765254 7f1e3689d700 10 -- :/1020342 reaper_entry start
2012-05-22 09:10:33.765307 7f1e3689d700 10 -- :/1020342 reaper
2012-05-22 09:10:33.765310 7f1e3689d700 10 -- :/1020342 reaper done
2012-05-22 09:10:33.765728 7f1e3a4b6760 10 -- :/1020342 connect_rank to 46.19.94.1:6789/0, creating pipe and registering
2012-05-22 09:10:33.765802 7f1e3a4b6760 10 -- :/1020342 >> 46.19.94.1:6789/0 pipe(0x11e91f0 sd=-1 pgs=0 cs=0 l=0).register_pipe
2012-05-22 09:10:33.765808 7f1e3a4ae700 10 -- :/1020342 >> 46.19.94.1:6789/0 pipe(0x11e91f0 sd=-1 pgs=0 cs=0 l=0).writer: state = 1 policy.server=0
2012-05-22 09:10:33.765834 7f1e3a4ae700 10 -- :/1020342 >> 46.19.94.1:6789/0 pipe(0x11e91f0 sd=-1 pgs=0 cs=0 l=0).connect 0
2012-05-22 09:10:33.765840 7f1e3a4b6760 1 -- :/1020342 --> 46.19.94.1:6789/0 -- auth(proto 0 30 bytes epoch 0) v1 -- ?+0 0x11e99e0 con 0x11e9460
2012-05-22 09:10:33.765847 7f1e3a4b6760 20 -- :/1020342 submit_message auth(proto 0 30 bytes epoch 0) v1 remote 46.19.94.1:6789/0
2012-05-22 09:10:33.765852 7f1e3a4ae700 10 -- :/1020342 >> 46.19.94.1:6789/0 pipe(0x11e91f0 sd=3 pgs=0 cs=0 l=0).connecting to 46.19.94.1:6789/0
2012-05-22 09:10:33.766484 7f1e3a4ae700 20 -- :/1020342 >> 46.19.94.1:6789/0 pipe(0x11e91f0 sd=3 pgs=0 cs=0 l=0).connect read peer addr 46.19.94.1:6789/0 on socket 3
2012-05-22 09:10:33.766511 7f1e3a4ae700 20 -- :/1020342 >> 46.19.94.1:6789/0 pipe(0x11e91f0 sd=3 pgs=0 cs=0 l=0).connect peer addr for me is 46.19.94.16:45604/0
2012-05-22 09:10:33.766518 7f1e3a4ae700 1 -- 46.19.94.16:0/1020342 learned my addr 46.19.94.16:0/1020342
2012-05-22 09:10:33.766550 7f1e3a4ae700 10 -- 46.19.94.16:0/1020342 >> 46.19.94.1:6789/0 pipe(0x11e91f0 sd=3 pgs=0 cs=0 l=0).connect sent my addr 46.19.94.16:0/1020342
2012-05-22 09:10:33.766567 7f1e3a4ae700 10 -- 46.19.94.16:0/1020342 >> 46.19.94.1:6789/0 pipe(0x11e91f0 sd=3 pgs=0 cs=0 l=0).connect sending gseq=1 cseq=0 proto=15
2012-05-22 09:10:33.766580 7f1e3a4ae700 20 -- 46.19.94.16:0/1020342 >> 46.19.94.1:6789/0 pipe(0x11e91f0 sd=3 pgs=0 cs=0 l=0).connect wrote (self +) cseq, waiting for reply
2012-05-22 09:10:33.766806 7f1e3a4ae700 20 -- 46.19.94.16:0/1020342 >> 46.19.94.1:6789/0 pipe(0x11e91f0 sd=3 pgs=0 cs=0 l=0).connect got reply tag 1 connect_seq 1 global_seq 258 proto 15 flags 1
2012-05-22 09:10:33.766817 7f1e3a4ae700 10 -- 46.19.94.16:0/1020342 >> 46.19.94.1:6789/0 pipe(0x11e91f0 sd=3 pgs=258 cs=1 l=1).connect success 1, lossy = 1, features 32767
2012-05-22 09:10:33.766829 7f1e3a4ae700 20 -- 46.19.94.16:0/1020342 >> :/0 pipe(0x11e32b0 sd=-1 pgs=0 cs=0 l=0).queue_received queuing pipe
2012-05-22 09:10:33.766844 7f1e3a4ae700 20 -- 46.19.94.16:0/1020342 >> 46.19.94.1:6789/0 pipe(0x11e91f0 sd=3 pgs=258 cs=1 l=1).connect starting reader
2012-05-22 09:10:33.766861 7f1e3709e700 20 -- 46.19.94.16:0/1020342 dispatch_entry pipe 0x11e32b0 dequeued 0
2012-05-22 09:10:33.766918 7f1e3a4ae700 10 -- 46.19.94.16:0/1020342 >> 46.19.94.1:6789/0 pipe(0x11e91f0 sd=3 pgs=258 cs=1 l=1).writer: state = 2 policy.server=0
2012-05-22 09:10:33.766928 7f1e3a4ae700 20 -- 46.19.94.16:0/1020342 >> 46.19.94.1:6789/0 pipe(0x11e91f0 sd=3 pgs=258 cs=1 l=1).writer encoding 1 0x11e99e0 auth(proto 0 30 bytes epoch 0) v1
2012-05-22 09:10:33.766943 7f1e3a4ae700 20 -- 46.19.94.16:0/1020342 >> 46.19.94.1:6789/0 pipe(0x11e91f0 sd=3 pgs=258 cs=1 l=1).writer sending 1 0x11e99e0
2012-05-22 09:10:33.766951 7f1e3a4ae700 20 -- 46.19.94.16:0/1020342 >> 46.19.94.1:6789/0 pipe(0x11e91f0 sd=3 pgs=258 cs=1 l=1).write_message 0x11e99e0
2012-05-22 09:10:33.766933 7f1e3509a700 20 -- 46.19.94.16:0/1020342 >> 46.19.94.1:6789/0 pipe(0x11e91f0 sd=3 pgs=258 cs=1 l=1).reader reading tag...
2012-05-22 09:10:33.766970 7f1e3a4ae700 10 -- 46.19.94.16:0/1020342 >> 46.19.94.1:6789/0 pipe(0x11e91f0 sd=3 pgs=258 cs=1 l=1).writer: state = 2 policy.server=0
2012-05-22 09:10:33.766981 7f1e3a4ae700 20 -- 46.19.94.16:0/1020342 >> 46.19.94.1:6789/0 pipe(0x11e91f0 sd=3 pgs=258 cs=1 l=1).writer sleeping
2012-05-22 09:10:33.767734 7f1e3509a700 20 -- 46.19.94.16:0/1020342 >> 46.19.94.1:6789/0 pipe(0x11e91f0 sd=3 pgs=258 cs=1 l=1).reader got ACK
2012-05-22 09:10:33.767760 7f1e3509a700 15 reader got ack seq 1
2012-05-22 09:10:33.767762 7f1e3509a700 20 -- 46.19.94.16:0/1020342 >> 46.19.94.1:6789/0 pipe(0x11e91f0 sd=3 pgs=258 cs=1 l=1).reader reading tag...
2012-05-22 09:10:33.767768 7f1e3509a700 20 -- 46.19.94.16:0/1020342 >> 46.19.94.1:6789/0 pipe(0x11e91f0 sd=3 pgs=258 cs=1 l=1).reader got MSG
2012-05-22 09:10:33.767774 7f1e3509a700 20 -- 46.19.94.16:0/1020342 >> 46.19.94.1:6789/0 pipe(0x11e91f0 sd=3 pgs=258 cs=1 l=1).reader got envelope type=4 src mon.0 front=751 data=0 off 0
2012-05-22 09:10:33.767784 7f1e3509a700 10 -- 46.19.94.16:0/1020342 >> 46.19.94.1:6789/0 pipe(0x11e91f0 sd=3 pgs=258 cs=1 l=1).reader wants 751 from dispatch throttler 0/104857600
2012-05-22 09:10:33.767804 7f1e3509a700 20 -- 46.19.94.16:0/1020342 >> 46.19.94.1:6789/0 pipe(0x11e91f0 sd=3 pgs=258 cs=1 l=1).reader got front 751
2012-05-22 09:10:33.767816 7f1e3509a700 10 -- 46.19.94.16:0/1020342 >> 46.19.94.1:6789/0 pipe(0x11e91f0 sd=3 pgs=258 cs=1 l=1).aborted = 0
2012-05-22 09:10:33.767821 7f1e3509a700 20 -- 46.19.94.16:0/1020342 >> 46.19.94.1:6789/0 pipe(0x11e91f0 sd=3 pgs=258 cs=1 l=1).reader got 751 + 0 + 0 byte message
2012-05-22 09:10:33.767857 7f1e3509a700 10 -- 46.19.94.16:0/1020342 >> 46.19.94.1:6789/0 pipe(0x11e91f0 sd=3 pgs=258 cs=1 l=1).reader got message 1 0x11e6000 mon_map v1
2012-05-22 09:10:33.767867 7f1e3509a700 20 -- 46.19.94.16:0/1020342 >> 46.19.94.1:6789/0 pipe(0x11e91f0 sd=3 pgs=258 cs=1 l=1).queue_received queuing pipe
2012-05-22 09:10:33.767884 7f1e3509a700 20 -- 46.19.94.16:0/1020342 >> 46.19.94.1:6789/0 pipe(0x11e91f0 sd=3 pgs=258 cs=1 l=1).reader reading tag...
2012-05-22 09:10:33.767890 7f1e3509a700 20 -- 46.19.94.16:0/1020342 >> 46.19.94.1:6789/0 pipe(0x11e91f0 sd=3 pgs=258 cs=1 l=1).reader got MSG
2012-05-22 09:10:33.767888 7f1e3a4ae700 10 -- 46.19.94.16:0/1020342 >> 46.19.94.1:6789/0 pipe(0x11e91f0 sd=3 pgs=258 cs=1 l=1).writer: state = 2 policy.server=0
2012-05-22 09:10:33.767900 7f1e3509a700 20 -- 46.19.94.16:0/1020342 >> 46.19.94.1:6789/0 pipe(0x11e91f0 sd=3 pgs=258 cs=1 l=1).reader got envelope type=18 src mon.0 front=33 data=0 off 0
2012-05-22 09:10:33.767906 7f1e3509a700 10 -- 46.19.94.16:0/1020342 >> 46.19.94.1:6789/0 pipe(0x11e91f0 sd=3 pgs=258 cs=1 l=1).reader wants 33 from dispatch throttler 751/104857600
2012-05-22 09:10:33.767909 7f1e3a4ae700 10 -- 46.19.94.16:0/1020342 >> 46.19.94.1:6789/0 pipe(0x11e91f0 sd=3 pgs=258 cs=1 l=1).write_ack 1
2012-05-22 09:10:33.767915 7f1e3509a700 20 -- 46.19.94.16:0/1020342 >> 46.19.94.1:6789/0 pipe(0x11e91f0 sd=3 pgs=258 cs=1 l=1).reader got front 33
2012-05-22 09:10:33.767915 7f1e3709e700 20 -- 46.19.94.16:0/1020342 dispatch_entry pipe 0x11e91f0 dequeued 0x11e6000
2012-05-22 09:10:33.767927 7f1e3509a700 10 -- 46.19.94.16:0/1020342 >> 46.19.94.1:6789/0 pipe(0x11e91f0 sd=3 pgs=258 cs=1 l=1).aborted = 0
2012-05-22 09:10:33.767932 7f1e3509a700 20 -- 46.19.94.16:0/1020342 >> 46.19.94.1:6789/0 pipe(0x11e91f0 sd=3 pgs=258 cs=1 l=1).reader got 33 + 0 + 0 byte message
2012-05-22 09:10:33.767938 7f1e3a4ae700 10 -- 46.19.94.16:0/1020342 >> 46.19.94.1:6789/0 pipe(0x11e91f0 sd=3 pgs=258 cs=1 l=1).writer: state = 2 policy.server=0
2012-05-22 09:10:33.767935 7f1e3709e700 1 -- 46.19.94.16:0/1020342 <== mon.0 46.19.94.1:6789/0 1 ==== mon_map v1 ==== 751+0+0 (4218198165 0 0) 0x11e6000 con 0x11e9460
2012-05-22 09:10:33.767946 7f1e3a4ae700 20 -- 46.19.94.16:0/1020342 >> 46.19.94.1:6789/0 pipe(0x11e91f0 sd=3 pgs=258 cs=1 l=1).writer sleeping
2012-05-22 09:10:33.767972 7f1e3709e700 10 -- 46.19.94.16:0/1020342 dispatch_throttle_release 751 to dispatch throttler 784/104857600
2012-05-22 09:10:33.767978 7f1e3709e700 20 -- 46.19.94.16:0/1020342 done calling dispatch on 0x11e6000
2012-05-22 09:10:33.767964 7f1e3509a700 10 -- 46.19.94.16:0/1020342 >> 46.19.94.1:6789/0 pipe(0x11e91f0 sd=3 pgs=258 cs=1 l=1).reader got message 2 0x11e70e0 auth_reply(proto 2 0 Success) v1
2012-05-22 09:10:33.767990 7f1e3509a700 20 -- 46.19.94.16:0/1020342 >> 46.19.94.1:6789/0 pipe(0x11e91f0 sd=3 pgs=258 cs=1 l=1).queue_received queuing pipe
2012-05-22 09:10:33.768002 7f1e3509a700 20 -- 46.19.94.16:0/1020342 >> 46.19.94.1:6789/0 pipe(0x11e91f0 sd=3 pgs=258 cs=1 l=1).reader reading tag...
2012-05-22 09:10:33.768003 7f1e3709e700 20 -- 46.19.94.16:0/1020342 dispatch_entry pipe 0x11e91f0 dequeued 0x11e70e0
2012-05-22 09:10:33.768015 7f1e3a4ae700 10 -- 46.19.94.16:0/1020342 >> 46.19.94.1:6789/0 pipe(0x11e91f0 sd=3 pgs=258 cs=1 l=1).writer: state = 2 policy.server=0
2012-05-22 09:10:33.768012 7f1e3709e700 1 -- 46.19.94.16:0/1020342 <== mon.0 46.19.94.1:6789/0 2 ==== auth_reply(proto 2 0 Success) v1 ==== 33+0+0 (1288925139 0 0) 0x11e70e0 con 0x11e9460
2012-05-22 09:10:33.768022 7f1e3a4ae700 10 -- 46.19.94.16:0/1020342 >> 46.19.94.1:6789/0 pipe(0x11e91f0 sd=3 pgs=258 cs=1 l=1).write_ack 2
2012-05-22 09:10:33.768028 7f1e3a4ae700 10 -- 46.19.94.16:0/1020342 >> 46.19.94.1:6789/0 pipe(0x11e91f0 sd=3 pgs=258 cs=1 l=1).writer: state = 2 policy.server=0
2012-05-22 09:10:33.768033 7f1e3a4ae700 20 -- 46.19.94.16:0/1020342 >> 46.19.94.1:6789/0 pipe(0x11e91f0 sd=3 pgs=258 cs=1 l=1).writer sleeping
2012-05-22 09:10:33.768217 7f1e3709e700 1 -- 46.19.94.16:0/1020342 --> 46.19.94.1:6789/0 -- auth(proto 2 32 bytes epoch 0) v1 -- ?+0 0x7f1e30001e50 con 0x11e9460
2012-05-22 09:10:33.768225 7f1e3709e700 20 -- 46.19.94.16:0/1020342 submit_message auth(proto 2 32 bytes epoch 0) v1 remote 46.19.94.1:6789/0
2012-05-22 09:10:33.768235 7f1e3709e700 10 -- 46.19.94.16:0/1020342 dispatch_throttle_release 33 to dispatch throttler 33/104857600
2012-05-22 09:10:33.768239 7f1e3709e700 20 -- 46.19.94.16:0/1020342 done calling dispatch on 0x11e70e0
2012-05-22 09:10:33.768238 7f1e3a4ae700 10 -- 46.19.94.16:0/1020342 >> 46.19.94.1:6789/0 pipe(0x11e91f0 sd=3 pgs=258 cs=1 l=1).writer: state = 2 policy.server=0
2012-05-22 09:10:33.768251 7f1e3a4ae700 20 -- 46.19.94.16:0/1020342 >> 46.19.94.1:6789/0 pipe(0x11e91f0 sd=3 pgs=258 cs=1 l=1).writer encoding 2 0x7f1e30001e50 auth(proto 2 32 bytes epoch 0) v1
2012-05-22 09:10:33.768263 7f1e3a4ae700 20 -- 46.19.94.16:0/1020342 >> 46.19.94.1:6789/0 pipe(0x11e91f0 sd=3 pgs=258 cs=1 l=1).writer sending 2 0x7f1e30001e50
2012-05-22 09:10:33.768270 7f1e3a4ae700 20 -- 46.19.94.16:0/1020342 >> 46.19.94.1:6789/0 pipe(0x11e91f0 sd=3 pgs=258 cs=1 l=1).write_message 0x7f1e30001e50
2012-05-22 09:10:33.768290 7f1e3a4ae700 10 -- 46.19.94.16:0/1020342 >> 46.19.94.1:6789/0 pipe(0x11e91f0 sd=3 pgs=258 cs=1 l=1).writer: state = 2 policy.server=0
2012-05-22 09:10:33.768296 7f1e3a4ae700 20 -- 46.19.94.16:0/1020342 >> 46.19.94.1:6789/0 pipe(0x11e91f0 sd=3 pgs=258 cs=1 l=1).writer sleeping
2012-05-22 09:10:33.768919 7f1e3509a700 20 -- 46.19.94.16:0/1020342 >> 46.19.94.1:6789/0 pipe(0x11e91f0 sd=3 pgs=258 cs=1 l=1).reader got ACK
2012-05-22 09:10:33.768930 7f1e3509a700 15 reader got ack seq 2
2012-05-22 09:10:33.768931 7f1e3509a700 20 -- 46.19.94.16:0/1020342 >> 46.19.94.1:6789/0 pipe(0x11e91f0 sd=3 pgs=258 cs=1 l=1).reader reading tag...
2012-05-22 09:10:33.768939 7f1e3509a700 20 -- 46.19.94.16:0/1020342 >> 46.19.94.1:6789/0 pipe(0x11e91f0 sd=3 pgs=258 cs=1 l=1).reader got MSG
2012-05-22 09:10:33.768946 7f1e3509a700 20 -- 46.19.94.16:0/1020342 >> 46.19.94.1:6789/0 pipe(0x11e91f0 sd=3 pgs=258 cs=1 l=1).reader got envelope type=18 src mon.0 front=206 data=0 off 0
2012-05-22 09:10:33.768955 7f1e3509a700 10 -- 46.19.94.16:0/1020342 >> 46.19.94.1:6789/0 pipe(0x11e91f0 sd=3 pgs=258 cs=1 l=1).reader wants 206 from dispatch throttler 0/104857600
2012-05-22 09:10:33.768963 7f1e3509a700 20 -- 46.19.94.16:0/1020342 >> 46.19.94.1:6789/0 pipe(0x11e91f0 sd=3 pgs=258 cs=1 l=1).reader got front 206
2012-05-22 09:10:33.768969 7f1e3509a700 10 -- 46.19.94.16:0/1020342 >> 46.19.94.1:6789/0 pipe(0x11e91f0 sd=3 pgs=258 cs=1 l=1).aborted = 0
2012-05-22 09:10:33.768974 7f1e3509a700 20 -- 46.19.94.16:0/1020342 >> 46.19.94.1:6789/0 pipe(0x11e91f0 sd=3 pgs=258 cs=1 l=1).reader got 206 + 0 + 0 byte message
2012-05-22 09:10:33.768992 7f1e3509a700 10 -- 46.19.94.16:0/1020342 >> 46.19.94.1:6789/0 pipe(0x11e91f0 sd=3 pgs=258 cs=1 l=1).reader got message 3 0x7f1e30002df0 auth_reply(proto 2 0 Success) v1
2012-05-22 09:10:33.769004 7f1e3509a700 20 -- 46.19.94.16:0/1020342 >> 46.19.94.1:6789/0 pipe(0x11e91f0 sd=3 pgs=258 cs=1 l=1).queue_received queuing pipe
2012-05-22 09:10:33.769020 7f1e3509a700 20 -- 46.19.94.16:0/1020342 >> 46.19.94.1:6789/0 pipe(0x11e91f0 sd=3 pgs=258 cs=1 l=1).reader reading tag...
2012-05-22 09:10:33.769024 7f1e3a4ae700 10 -- 46.19.94.16:0/1020342 >> 46.19.94.1:6789/0 pipe(0x11e91f0 sd=3 pgs=258 cs=1 l=1).writer: state = 2 policy.server=0
2012-05-22 09:10:33.769044 7f1e3a4ae700 10 -- 46.19.94.16:0/1020342 >> 46.19.94.1:6789/0 pipe(0x11e91f0 sd=3 pgs=258 cs=1 l=1).write_ack 3
2012-05-22 09:10:33.769048 7f1e3709e700 20 -- 46.19.94.16:0/1020342 dispatch_entry pipe 0x11e91f0 dequeued 0x7f1e30002df0
2012-05-22 09:10:33.769067 7f1e3a4ae700 10 -- 46.19.94.16:0/1020342 >> 46.19.94.1:6789/0 pipe(0x11e91f0 sd=3 pgs=258 cs=1 l=1).writer: state = 2 policy.server=0
2012-05-22 09:10:33.769064 7f1e3709e700 1 -- 46.19.94.16:0/1020342 <== mon.0 46.19.94.1:6789/0 3 ==== auth_reply(proto 2 0 Success) v1 ==== 206+0+0 (1946745079 0 0) 0x7f1e30002df0 con 0x11e9460
2012-05-22 09:10:33.769075 7f1e3a4ae700 20 -- 46.19.94.16:0/1020342 >> 46.19.94.1:6789/0 pipe(0x11e91f0 sd=3 pgs=258 cs=1 l=1).writer sleeping
2012-05-22 09:10:33.769170 7f1e3709e700 1 -- 46.19.94.16:0/1020342 --> 46.19.94.1:6789/0 -- auth(proto 2 165 bytes epoch 0) v1 -- ?+0 0x7f1e30003ab0 con 0x11e9460
2012-05-22 09:10:33.769177 7f1e3709e700 20 -- 46.19.94.16:0/1020342 submit_message auth(proto 2 165 bytes epoch 0) v1 remote 46.19.94.1:6789/0
2012-05-22 09:10:33.769187 7f1e3709e700 10 -- 46.19.94.16:0/1020342 dispatch_throttle_release 206 to dispatch throttler 206/104857600
2012-05-22 09:10:33.769192 7f1e3709e700 20 -- 46.19.94.16:0/1020342 done calling dispatch on 0x7f1e30002df0
2012-05-22 09:10:33.769191 7f1e3a4ae700 10 -- 46.19.94.16:0/1020342 >> 46.19.94.1:6789/0 pipe(0x11e91f0 sd=3 pgs=258 cs=1 l=1).writer: state = 2 policy.server=0
2012-05-22 09:10:33.769199 7f1e3a4ae700 20 -- 46.19.94.16:0/1020342 >> 46.19.94.1:6789/0 pipe(0x11e91f0 sd=3 pgs=258 cs=1 l=1).writer encoding 3 0x7f1e30003ab0 auth(proto 2 165 bytes epoch 0) v1
2012-05-22 09:10:33.769214 7f1e3a4ae700 20 -- 46.19.94.16:0/1020342 >> 46.19.94.1:6789/0 pipe(0x11e91f0 sd=3 pgs=258 cs=1 l=1).writer sending 3 0x7f1e30003ab0
2012-05-22 09:10:33.769220 7f1e3a4ae700 20 -- 46.19.94.16:0/1020342 >> 46.19.94.1:6789/0 pipe(0x11e91f0 sd=3 pgs=258 cs=1 l=1).write_message 0x7f1e30003ab0
2012-05-22 09:10:33.769241 7f1e3a4ae700 10 -- 46.19.94.16:0/1020342 >> 46.19.94.1:6789/0 pipe(0x11e91f0 sd=3 pgs=258 cs=1 l=1).writer: state = 2 policy.server=0
2012-05-22 09:10:33.769247 7f1e3a4ae700 20 -- 46.19.94.16:0/1020342 >> 46.19.94.1:6789/0 pipe(0x11e91f0 sd=3 pgs=258 cs=1 l=1).writer sleeping
2012-05-22 09:10:33.769986 7f1e3509a700 20 -- 46.19.94.16:0/1020342 >> 46.19.94.1:6789/0 pipe(0x11e91f0 sd=3 pgs=258 cs=1 l=1).reader got ACK
2012-05-22 09:10:33.769997 7f1e3509a700 15 reader got ack seq 3
2012-05-22 09:10:33.769998 7f1e3509a700 20 -- 46.19.94.16:0/1020342 >> 46.19.94.1:6789/0 pipe(0x11e91f0 sd=3 pgs=258 cs=1 l=1).reader reading tag...
2012-05-22 09:10:33.770003 7f1e3509a700 20 -- 46.19.94.16:0/1020342 >> 46.19.94.1:6789/0 pipe(0x11e91f0 sd=3 pgs=258 cs=1 l=1).reader got MSG
2012-05-22 09:10:33.770009 7f1e3509a700 20 -- 46.19.94.16:0/1020342 >> 46.19.94.1:6789/0 pipe(0x11e91f0 sd=3 pgs=258 cs=1 l=1).reader got envelope type=18 src mon.0 front=409 data=0 off 0
2012-05-22 09:10:33.770014 7f1e3509a700 10 -- 46.19.94.16:0/1020342 >> 46.19.94.1:6789/0 pipe(0x11e91f0 sd=3 pgs=258 cs=1 l=1).reader wants 409 from dispatch throttler 0/104857600
2012-05-22 09:10:33.770021 7f1e3509a700 20 -- 46.19.94.16:0/1020342 >> 46.19.94.1:6789/0 pipe(0x11e91f0 sd=3 pgs=258 cs=1 l=1).reader got front 409
2012-05-22 09:10:33.770029 7f1e3509a700 10 -- 46.19.94.16:0/1020342 >> 46.19.94.1:6789/0 pipe(0x11e91f0 sd=3 pgs=258 cs=1 l=1).aborted = 0
2012-05-22 09:10:33.770033 7f1e3509a700 20 -- 46.19.94.16:0/1020342 >> 46.19.94.1:6789/0 pipe(0x11e91f0 sd=3 pgs=258 cs=1 l=1).reader got 409 + 0 + 0 byte message
2012-05-22 09:10:33.770048 7f1e3509a700 10 -- 46.19.94.16:0/1020342 >> 46.19.94.1:6789/0 pipe(0x11e91f0 sd=3 pgs=258 cs=1 l=1).reader got message 4 0x7f1e30004de0 auth_reply(proto 2 0 Success) v1
2012-05-22 09:10:33.770063 7f1e3509a700 20 -- 46.19.94.16:0/1020342 >> 46.19.94.1:6789/0 pipe(0x11e91f0 sd=3 pgs=258 cs=1 l=1).queue_received queuing pipe
2012-05-22 09:10:33.770078 7f1e3509a700 20 -- 46.19.94.16:0/1020342 >> 46.19.94.1:6789/0 pipe(0x11e91f0 sd=3 pgs=258 cs=1 l=1).reader reading tag...
2012-05-22 09:10:33.770082 7f1e3a4ae700 10 -- 46.19.94.16:0/1020342 >> 46.19.94.1:6789/0 pipe(0x11e91f0 sd=3 pgs=258 cs=1 l=1).writer: state = 2 policy.server=0
2012-05-22 09:10:33.770101 7f1e3a4ae700 10 -- 46.19.94.16:0/1020342 >> 46.19.94.1:6789/0 pipe(0x11e91f0 sd=3 pgs=258 cs=1 l=1).write_ack 4
2012-05-22 09:10:33.770105 7f1e3709e700 20 -- 46.19.94.16:0/1020342 dispatch_entry pipe 0x11e91f0 dequeued 0x7f1e30004de0
2012-05-22 09:10:33.770124 7f1e3a4ae700 10 -- 46.19.94.16:0/1020342 >> 46.19.94.1:6789/0 pipe(0x11e91f0 sd=3 pgs=258 cs=1 l=1).writer: state = 2 policy.server=0
2012-05-22 09:10:33.770121 7f1e3709e700 1 -- 46.19.94.16:0/1020342 <== mon.0 46.19.94.1:6789/0 4 ==== auth_reply(proto 2 0 Success) v1 ==== 409+0+0 (1837281727 0 0) 0x7f1e30004de0 con 0x11e9460
2012-05-22 09:10:33.770131 7f1e3a4ae700 20 -- 46.19.94.16:0/1020342 >> 46.19.94.1:6789/0 pipe(0x11e91f0 sd=3 pgs=258 cs=1 l=1).writer sleeping
2012-05-22 09:10:33.770166 7f1e3709e700 1 -- 46.19.94.16:0/1020342 --> 46.19.94.1:6789/0 -- mon_subscribe({monmap=0+}) v2 -- ?+0 0x11e58d0 con 0x11e9460
2012-05-22 09:10:33.770177 7f1e3709e700 20 -- 46.19.94.16:0/1020342 submit_message mon_subscribe({monmap=0+}) v2 remote 46.19.94.1:6789/0
2012-05-22 09:10:33.770189 7f1e3a4ae700 10 -- 46.19.94.16:0/1020342 >> 46.19.94.1:6789/0 pipe(0x11e91f0 sd=3 pgs=258 cs=1 l=1).writer: state = 2 policy.server=0
2012-05-22 09:10:33.770193 7f1e3709e700 10 -- 46.19.94.16:0/1020342 dispatch_throttle_release 409 to dispatch throttler 409/104857600
2012-05-22 09:10:33.770198 7f1e3709e700 20 -- 46.19.94.16:0/1020342 done calling dispatch on 0x7f1e30004de0
2012-05-22 09:10:33.770198 7f1e3a4ae700 20 -- 46.19.94.16:0/1020342 >> 46.19.94.1:6789/0 pipe(0x11e91f0 sd=3 pgs=258 cs=1 l=1).writer encoding 4 0x11e58d0 mon_subscribe({monmap=0+}) v2
2012-05-22 09:10:33.770210 7f1e3a4ae700 20 -- 46.19.94.16:0/1020342 >> 46.19.94.1:6789/0 pipe(0x11e91f0 sd=3 pgs=258 cs=1 l=1).writer sending 4 0x11e58d0
2012-05-22 09:10:33.770215 7f1e3a4ae700 20 -- 46.19.94.16:0/1020342 >> 46.19.94.1:6789/0 pipe(0x11e91f0 sd=3 pgs=258 cs=1 l=1).write_message 0x11e58d0
2012-05-22 09:10:33.770233 7f1e3a4ae700 10 -- 46.19.94.16:0/1020342 >> 46.19.94.1:6789/0 pipe(0x11e91f0 sd=3 pgs=258 cs=1 l=1).writer: state = 2 policy.server=0
2012-05-22 09:10:33.770240 7f1e3a4ae700 20 -- 46.19.94.16:0/1020342 >> 46.19.94.1:6789/0 pipe(0x11e91f0 sd=3 pgs=258 cs=1 l=1).writer sleeping
2012-05-22 09:10:33.770300 7f1e3a4b6760 10 client.11845.objecter maybe_request_map subscribing (onetime) to next osd map
2012-05-22 09:10:33.770326 7f1e3a4b6760 1 -- 46.19.94.16:0/1020342 --> 46.19.94.1:6789/0 -- mon_subscribe({monmap=9+,osdmap=0}) v2 -- ?+0 0x7f1e30006a50 con 0x11e9460
2012-05-22 09:10:33.770340 7f1e3a4b6760 20 -- 46.19.94.16:0/1020342 submit_message mon_subscribe({monmap=9+,osdmap=0}) v2 remote 46.19.94.1:6789/0
2012-05-22 09:10:33.770352 7f1e3a4b6760 1 -- 46.19.94.16:0/1020342 --> 46.19.94.1:6789/0 -- mon_subscribe({monmap=9+,osdmap=0}) v2 -- ?+0 0x7f1e30006eb0 con 0x11e9460
2012-05-22 09:10:33.770358 7f1e3a4b6760 20 -- 46.19.94.16:0/1020342 submit_message mon_subscribe({monmap=9+,osdmap=0}) v2 remote 46.19.94.1:6789/0
2012-05-22 09:10:33.770370 7f1e3a4ae700 10 -- 46.19.94.16:0/1020342 >> 46.19.94.1:6789/0 pipe(0x11e91f0 sd=3 pgs=258 cs=1 l=1).writer: state = 2 policy.server=0
2012-05-22 09:10:33.770380 7f1e3a4ae700 20 -- 46.19.94.16:0/1020342 >> 46.19.94.1:6789/0 pipe(0x11e91f0 sd=3 pgs=258 cs=1 l=1).writer encoding 5 0x7f1e30006a50 mon_subscribe({monmap=9+,osdmap=0}) v2
2012-05-22 09:10:33.770389 7f1e3a4ae700 20 -- 46.19.94.16:0/1020342 >> 46.19.94.1:6789/0 pipe(0x11e91f0 sd=3 pgs=258 cs=1 l=1).writer sending 5 0x7f1e30006a50
2012-05-22 09:10:33.770395 7f1e3a4ae700 20 -- 46.19.94.16:0/1020342 >> 46.19.94.1:6789/0 pipe(0x11e91f0 sd=3 pgs=258 cs=1 l=1).write_message 0x7f1e30006a50
2012-05-22 09:10:33.770406 7f1e3a4ae700 10 -- 46.19.94.16:0/1020342 >> 46.19.94.1:6789/0 pipe(0x11e91f0 sd=3 pgs=258 cs=1 l=1).writer: state = 2 policy.server=0
2012-05-22 09:10:33.770412 7f1e3a4ae700 20 -- 46.19.94.16:0/1020342 >> 46.19.94.1:6789/0 pipe(0x11e91f0 sd=3 pgs=258 cs=1 l=1).writer encoding 6 0x7f1e30006eb0 mon_subscribe({monmap=9+,osdmap=0}) v2
2012-05-22 09:10:33.770419 7f1e3a4ae700 20 -- 46.19.94.16:0/1020342 >> 46.19.94.1:6789/0 pipe(0x11e91f0 sd=3 pgs=258 cs=1 l=1).writer sending 6 0x7f1e30006eb0
2012-05-22 09:10:33.770423 7f1e3a4ae700 20 -- 46.19.94.16:0/1020342 >> 46.19.94.1:6789/0 pipe(0x11e91f0 sd=3 pgs=258 cs=1 l=1).write_message 0x7f1e30006eb0
2012-05-22 09:10:33.770433 7f1e3a4ae700 10 -- 46.19.94.16:0/1020342 >> 46.19.94.1:6789/0 pipe(0x11e91f0 sd=3 pgs=258 cs=1 l=1).writer: state = 2 policy.server=0
2012-05-22 09:10:33.770439 7f1e3a4ae700 20 -- 46.19.94.16:0/1020342 >> 46.19.94.1:6789/0 pipe(0x11e91f0 sd=3 pgs=258 cs=1 l=1).writer sleeping
2012-05-22 09:10:33.770867 7f1e3509a700 20 -- 46.19.94.16:0/1020342 >> 46.19.94.1:6789/0 pipe(0x11e91f0 sd=3 pgs=258 cs=1 l=1).reader got ACK
2012-05-22 09:10:33.770877 7f1e3509a700 15 reader got ack seq 4
2012-05-22 09:10:33.770881 7f1e3509a700 20 -- 46.19.94.16:0/1020342 >> 46.19.94.1:6789/0 pipe(0x11e91f0 sd=3 pgs=258 cs=1 l=1).reader reading tag...
2012-05-22 09:10:33.770887 7f1e3509a700 20 -- 46.19.94.16:0/1020342 >> 46.19.94.1:6789/0 pipe(0x11e91f0 sd=3 pgs=258 cs=1 l=1).reader got ACK
2012-05-22 09:10:33.770893 7f1e3509a700 15 reader got ack seq 6
2012-05-22 09:10:33.770894 7f1e3509a700 20 -- 46.19.94.16:0/1020342 >> 46.19.94.1:6789/0 pipe(0x11e91f0 sd=3 pgs=258 cs=1 l=1).reader reading tag...
2012-05-22 09:10:33.770900 7f1e3509a700 20 -- 46.19.94.16:0/1020342 >> 46.19.94.1:6789/0 pipe(0x11e91f0 sd=3 pgs=258 cs=1 l=1).reader got MSG
2012-05-22 09:10:33.770906 7f1e3509a700 20 -- 46.19.94.16:0/1020342 >> 46.19.94.1:6789/0 pipe(0x11e91f0 sd=3 pgs=258 cs=1 l=1).reader got envelope type=4 src mon.0 front=751 data=0 off 0
2012-05-22 09:10:33.770914 7f1e3509a700 10 -- 46.19.94.16:0/1020342 >> 46.19.94.1:6789/0 pipe(0x11e91f0 sd=3 pgs=258 cs=1 l=1).reader wants 751 from dispatch throttler 0/104857600
2012-05-22 09:10:33.770922 7f1e3509a700 20 -- 46.19.94.16:0/1020342 >> 46.19.94.1:6789/0 pipe(0x11e91f0 sd=3 pgs=258 cs=1 l=1).reader got front 751
2012-05-22 09:10:33.770928 7f1e3509a700 10 -- 46.19.94.16:0/1020342 >> 46.19.94.1:6789/0 pipe(0x11e91f0 sd=3 pgs=258 cs=1 l=1).aborted = 0
2012-05-22 09:10:33.770932 7f1e3509a700 20 -- 46.19.94.16:0/1020342 >> 46.19.94.1:6789/0 pipe(0x11e91f0 sd=3 pgs=258 cs=1 l=1).reader got 751 + 0 + 0 byte message
2012-05-22 09:10:33.770947 7f1e3509a700 10 -- 46.19.94.16:0/1020342 >> 46.19.94.1:6789/0 pipe(0x11e91f0 sd=3 pgs=258 cs=1 l=1).reader got message 5 0x7f1e30008850 mon_map v1
2012-05-22 09:10:33.770952 7f1e3509a700 20 -- 46.19.94.16:0/1020342 >> 46.19.94.1:6789/0 pipe(0x11e91f0 sd=3 pgs=258 cs=1 l=1).queue_received queuing pipe
2012-05-22 09:10:33.770971 7f1e3509a700 20 -- 46.19.94.16:0/1020342 >> 46.19.94.1:6789/0 pipe(0x11e91f0 sd=3 pgs=258 cs=1 l=1).reader reading tag...
2012-05-22 09:10:33.770979 7f1e3509a700 20 -- 46.19.94.16:0/1020342 >> 46.19.94.1:6789/0 pipe(0x11e91f0 sd=3 pgs=258 cs=1 l=1).reader got MSG
2012-05-22 09:10:33.770975 7f1e3a4ae700 10 -- 46.19.94.16:0/1020342 >> 46.19.94.1:6789/0 pipe(0x11e91f0 sd=3 pgs=258 cs=1 l=1).writer: state = 2 policy.server=0
2012-05-22 09:10:33.770985 7f1e3509a700 20 -- 46.19.94.16:0/1020342 >> 46.19.94.1:6789/0 pipe(0x11e91f0 sd=3 pgs=258 cs=1 l=1).reader got envelope type=16 src mon.0 front=20 data=0 off 0
2012-05-22 09:10:33.770994 7f1e3509a700 10 -- 46.19.94.16:0/1020342 >> 46.19.94.1:6789/0 pipe(0x11e91f0 sd=3 pgs=258 cs=1 l=1).reader wants 20 from dispatch throttler 751/104857600
2012-05-22 09:10:33.770995 7f1e3a4ae700 10 -- 46.19.94.16:0/1020342 >> 46.19.94.1:6789/0 pipe(0x11e91f0 sd=3 pgs=258 cs=1 l=1).write_ack 5
2012-05-22 09:10:33.771008 7f1e3509a700 20 -- 46.19.94.16:0/1020342 >> 46.19.94.1:6789/0 pipe(0x11e91f0 sd=3 pgs=258 cs=1 l=1).reader got front 20
2012-05-22 09:10:33.771022 7f1e3509a700 10 -- 46.19.94.16:0/1020342 >> 46.19.94.1:6789/0 pipe(0x11e91f0 sd=3 pgs=258 cs=1 l=1).aborted = 0
2012-05-22 09:10:33.771027 7f1e3509a700 20 -- 46.19.94.16:0/1020342 >> 46.19.94.1:6789/0 pipe(0x11e91f0 sd=3 pgs=258 cs=1 l=1).reader got 20 + 0 + 0 byte message
2012-05-22 09:10:33.771000 7f1e3709e700 20 -- 46.19.94.16:0/1020342 dispatch_entry pipe 0x11e91f0 dequeued 0x7f1e30008850
2012-05-22 09:10:33.771044 7f1e3709e700 1 -- 46.19.94.16:0/1020342 <== mon.0 46.19.94.1:6789/0 5 ==== mon_map v1 ==== 751+0+0 (4218198165 0 0) 0x7f1e30008850 con 0x11e9460
2012-05-22 09:10:33.771047 7f1e3a4ae700 10 -- 46.19.94.16:0/1020342 >> 46.19.94.1:6789/0 pipe(0x11e91f0 sd=3 pgs=258 cs=1 l=1).writer: state = 2 policy.server=0
2012-05-22 09:10:33.771055 7f1e3a4ae700 20 -- 46.19.94.16:0/1020342 >> 46.19.94.1:6789/0 pipe(0x11e91f0 sd=3 pgs=258 cs=1 l=1).writer sleeping
2012-05-22 09:10:33.771076 7f1e3709e700 10 -- 46.19.94.16:0/1020342 dispatch_throttle_release 751 to dispatch throttler 771/104857600
2012-05-22 09:10:33.771082 7f1e3709e700 20 -- 46.19.94.16:0/1020342 done calling dispatch on 0x7f1e30008850
2012-05-22 09:10:33.771071 7f1e3509a700 10 -- 46.19.94.16:0/1020342 >> 46.19.94.1:6789/0 pipe(0x11e91f0 sd=3 pgs=258 cs=1 l=1).reader got message 6 0x11ec3d0 mon_subscribe_ack(300s) v1
2012-05-22 09:10:33.771094 7f1e3a4ae700 10 -- 46.19.94.16:0/1020342 >> 46.19.94.1:6789/0 pipe(0x11e91f0 sd=3 pgs=258 cs=1 l=1).writer: state = 2 policy.server=0
2012-05-22 09:10:33.771103 7f1e3a4ae700 10 -- 46.19.94.16:0/1020342 >> 46.19.94.1:6789/0 pipe(0x11e91f0 sd=3 pgs=258 cs=1 l=1).write_ack 6
2012-05-22 09:10:33.771109 7f1e3a4ae700 10 -- 46.19.94.16:0/1020342 >> 46.19.94.1:6789/0 pipe(0x11e91f0 sd=3 pgs=258 cs=1 l=1).writer: state = 2 policy.server=0
2012-05-22 09:10:33.771114 7f1e3a4ae700 20 -- 46.19.94.16:0/1020342 >> 46.19.94.1:6789/0 pipe(0x11e91f0 sd=3 pgs=258 cs=1 l=1).writer sleeping
2012-05-22 09:10:33.771128 7f1e3509a700 20 -- 46.19.94.16:0/1020342 >> 46.19.94.1:6789/0 pipe(0x11e91f0 sd=3 pgs=258 cs=1 l=1).queue_received queuing pipe
2012-05-22 09:10:33.771143 7f1e3709e700 20 -- 46.19.94.16:0/1020342 dispatch_entry pipe 0x11e91f0 dequeued 0x11ec3d0
2012-05-22 09:10:33.771140 7f1e3509a700 20 -- 46.19.94.16:0/1020342 >> 46.19.94.1:6789/0 pipe(0x11e91f0 sd=3 pgs=258 cs=1 l=1).reader reading tag...
2012-05-22 09:10:33.771147 7f1e3709e700 1 -- 46.19.94.16:0/1020342 <== mon.0 46.19.94.1:6789/0 6 ==== mon_subscribe_ack(300s) v1 ==== 20+0+0 (496062740 0 0) 0x11ec3d0 con 0x11e9460
2012-05-22 09:10:33.771150 7f1e3509a700 20 -- 46.19.94.16:0/1020342 >> 46.19.94.1:6789/0 pipe(0x11e91f0 sd=3 pgs=258 cs=1 l=1).reader got MSG
2012-05-22 09:10:33.771158 7f1e3709e700 10 -- 46.19.94.16:0/1020342 dispatch_throttle_release 20 to dispatch throttler 20/104857600
2012-05-22 09:10:33.771156 7f1e3509a700 20 -- 46.19.94.16:0/1020342 >> 46.19.94.1:6789/0 pipe(0x11e91f0 sd=3 pgs=258 cs=1 l=1).reader got envelope type=41 src mon.0 front=11213 data=0 off 0
2012-05-22 09:10:33.771162 7f1e3709e700 20 -- 46.19.94.16:0/1020342 done calling dispatch on 0x11ec3d0
2012-05-22 09:10:33.771163 7f1e3509a700 10 -- 46.19.94.16:0/1020342 >> 46.19.94.1:6789/0 pipe(0x11e91f0 sd=3 pgs=258 cs=1 l=1).reader wants 11213 from dispatch throttler 0/104857600
2012-05-22 09:10:33.771448 7f1e3509a700 20 -- 46.19.94.16:0/1020342 >> 46.19.94.1:6789/0 pipe(0x11e91f0 sd=3 pgs=258 cs=1 l=1).reader got front 11213
2012-05-22 09:10:33.771458 7f1e3509a700 10 -- 46.19.94.16:0/1020342 >> 46.19.94.1:6789/0 pipe(0x11e91f0 sd=3 pgs=258 cs=1 l=1).aborted = 0
2012-05-22 09:10:33.771463 7f1e3509a700 20 -- 46.19.94.16:0/1020342 >> 46.19.94.1:6789/0 pipe(0x11e91f0 sd=3 pgs=258 cs=1 l=1).reader got 11213 + 0 + 0 byte message
2012-05-22 09:10:33.771493 7f1e3509a700 10 -- 46.19.94.16:0/1020342 >> 46.19.94.1:6789/0 pipe(0x11e91f0 sd=3 pgs=258 cs=1 l=1).reader got message 7 0x11efca0 osd_map(6886..6886 src has 6386..6886) v3
2012-05-22 09:10:33.771507 7f1e3509a700 20 -- 46.19.94.16:0/1020342 >> 46.19.94.1:6789/0 pipe(0x11e91f0 sd=3 pgs=258 cs=1 l=1).queue_received queuing pipe
2012-05-22 09:10:33.771522 7f1e3709e700 20 -- 46.19.94.16:0/1020342 dispatch_entry pipe 0x11e91f0 dequeued 0x11efca0
2012-05-22 09:10:33.771521 7f1e3509a700 20 -- 46.19.94.16:0/1020342 >> 46.19.94.1:6789/0 pipe(0x11e91f0 sd=3 pgs=258 cs=1 l=1).reader reading tag...
2012-05-22 09:10:33.771529 7f1e3709e700 1 -- 46.19.94.16:0/1020342 <== mon.0 46.19.94.1:6789/0 7 ==== osd_map(6886..6886 src has 6386..6886) v3 ==== 11213+0+0 (1223847856 0 0) 0x11efca0 con 0x11e9460
2012-05-22 09:10:33.771531 7f1e3509a700 20 -- 46.19.94.16:0/1020342 >> 46.19.94.1:6789/0 pipe(0x11e91f0 sd=3 pgs=258 cs=1 l=1).reader got MSG
2012-05-22 09:10:33.771532 7f1e3a4ae700 10 -- 46.19.94.16:0/1020342 >> 46.19.94.1:6789/0 pipe(0x11e91f0 sd=3 pgs=258 cs=1 l=1).writer: state = 2 policy.server=0
2012-05-22 09:10:33.771539 7f1e3a4ae700 10 -- 46.19.94.16:0/1020342 >> 46.19.94.1:6789/0 pipe(0x11e91f0 sd=3 pgs=258 cs=1 l=1).write_ack 7
2012-05-22 09:10:33.771540 7f1e3509a700 20 -- 46.19.94.16:0/1020342 >> 46.19.94.1:6789/0 pipe(0x11e91f0 sd=3 pgs=258 cs=1 l=1).reader got envelope type=16 src mon.0 front=20 data=0 off 0
2012-05-22 09:10:33.771545 7f1e3a4ae700 10 -- 46.19.94.16:0/1020342 >> 46.19.94.1:6789/0 pipe(0x11e91f0 sd=3 pgs=258 cs=1 l=1).writer: state = 2 policy.server=0
2012-05-22 09:10:33.771548 7f1e3509a700 10 -- 46.19.94.16:0/1020342 >> 46.19.94.1:6789/0 pipe(0x11e91f0 sd=3 pgs=258 cs=1 l=1).reader wants 20 from dispatch throttler 11213/104857600
2012-05-22 09:10:33.771556 7f1e3509a700 20 -- 46.19.94.16:0/1020342 >> 46.19.94.1:6789/0 pipe(0x11e91f0 sd=3 pgs=258 cs=1 l=1).reader got front 20
2012-05-22 09:10:33.771555 7f1e3709e700 3 client.11845.objecter handle_osd_map got epochs [6886,6886] > 0
2012-05-22 09:10:33.771562 7f1e3509a700 10 -- 46.19.94.16:0/1020342 >> 46.19.94.1:6789/0 pipe(0x11e91f0 sd=3 pgs=258 cs=1 l=1).aborted = 0
2012-05-22 09:10:33.771550 7f1e3a4ae700 20 -- 46.19.94.16:0/1020342 >> 46.19.94.1:6789/0 pipe(0x11e91f0 sd=3 pgs=258 cs=1 l=1).writer sleeping
2012-05-22 09:10:33.771567 7f1e3709e700 3 client.11845.objecter handle_osd_map decoding full epoch 6886
2012-05-22 09:10:33.771567 7f1e3509a700 20 -- 46.19.94.16:0/1020342 >> 46.19.94.1:6789/0 pipe(0x11e91f0 sd=3 pgs=258 cs=1 l=1).reader got 20 + 0 + 0 byte message
2012-05-22 09:10:33.771580 7f1e3509a700 10 -- 46.19.94.16:0/1020342 >> 46.19.94.1:6789/0 pipe(0x11e91f0 sd=3 pgs=258 cs=1 l=1).reader got message 8 0x11f0c90 mon_subscribe_ack(300s) v1
2012-05-22 09:10:33.771588 7f1e3509a700 20 -- 46.19.94.16:0/1020342 >> 46.19.94.1:6789/0 pipe(0x11e91f0 sd=3 pgs=258 cs=1 l=1).queue_received queuing pipe
2012-05-22 09:10:33.771597 7f1e3509a700 20 -- 46.19.94.16:0/1020342 >> 46.19.94.1:6789/0 pipe(0x11e91f0 sd=3 pgs=258 cs=1 l=1).reader reading tag...
2012-05-22 09:10:33.771600 7f1e3a4ae700 10 -- 46.19.94.16:0/1020342 >> 46.19.94.1:6789/0 pipe(0x11e91f0 sd=3 pgs=258 cs=1 l=1).writer: state = 2 policy.server=0
2012-05-22 09:10:33.771604 7f1e3509a700 20 -- 46.19.94.16:0/1020342 >> 46.19.94.1:6789/0 pipe(0x11e91f0 sd=3 pgs=258 cs=1 l=1).reader got MSG
2012-05-22 09:10:33.771607 7f1e3a4ae700 10 -- 46.19.94.16:0/1020342 >> 46.19.94.1:6789/0 pipe(0x11e91f0 sd=3 pgs=258 cs=1 l=1).write_ack 8
2012-05-22 09:10:33.771614 7f1e3a4ae700 10 -- 46.19.94.16:0/1020342 >> 46.19.94.1:6789/0 pipe(0x11e91f0 sd=3 pgs=258 cs=1 l=1).writer: state = 2 policy.server=0
2012-05-22 09:10:33.771618 7f1e3a4ae700 20 -- 46.19.94.16:0/1020342 >> 46.19.94.1:6789/0 pipe(0x11e91f0 sd=3 pgs=258 cs=1 l=1).writer sleeping
2012-05-22 09:10:33.771610 7f1e3509a700 20 -- 46.19.94.16:0/1020342 >> 46.19.94.1:6789/0 pipe(0x11e91f0 sd=3 pgs=258 cs=1 l=1).reader got envelope type=41 src mon.0 front=11213 data=0 off 0
2012-05-22 09:10:33.771626 7f1e3509a700 10 -- 46.19.94.16:0/1020342 >> 46.19.94.1:6789/0 pipe(0x11e91f0 sd=3 pgs=258 cs=1 l=1).reader wants 11213 from dispatch throttler 11233/104857600
2012-05-22 09:10:33.771711 7f1e3709e700 20 client.11845.objecter dump_active .. 0 homeless
2012-05-22 09:10:33.771736 7f1e3709e700 10 -- 46.19.94.16:0/1020342 dispatch_throttle_release 11213 to dispatch throttler 22446/104857600
2012-05-22 09:10:33.771741 7f1e3709e700 20 -- 46.19.94.16:0/1020342 done calling dispatch on 0x11efca0
2012-05-22 09:10:33.771744 7f1e3709e700 20 -- 46.19.94.16:0/1020342 dispatch_entry pipe 0x11e91f0 dequeued 0x11f0c90
2012-05-22 09:10:33.771747 7f1e3709e700 1 -- 46.19.94.16:0/1020342 <== mon.0 46.19.94.1:6789/0 8 ==== mon_subscribe_ack(300s) v1 ==== 20+0+0 (496062740 0 0) 0x11f0c90 con 0x11e9460
2012-05-22 09:10:33.771753 7f1e3709e700 10 -- 46.19.94.16:0/1020342 dispatch_throttle_release 20 to dispatch throttler 11233/104857600
2012-05-22 09:10:33.771756 7f1e3709e700 20 -- 46.19.94.16:0/1020342 done calling dispatch on 0x11f0c90
2012-05-22 09:10:33.771856 7f1e3a4b6760 20 librbd: open_image: ictx = 0x7f1e30008fc0 name = 'kvm1148' snap_name = ''
2012-05-22 09:10:33.771882 7f1e3a4b6760 20 librbd: ictx_refresh 0x7f1e30008fc0
2012-05-22 09:10:33.771884 7f1e3509a700 20 -- 46.19.94.16:0/1020342 >> 46.19.94.1:6789/0 pipe(0x11e91f0 sd=3 pgs=258 cs=1 l=1).reader got front 11213
2012-05-22 09:10:33.771895 7f1e3509a700 10 -- 46.19.94.16:0/1020342 >> 46.19.94.1:6789/0 pipe(0x11e91f0 sd=3 pgs=258 cs=1 l=1).aborted = 0
2012-05-22 09:10:33.771900 7f1e3509a700 20 -- 46.19.94.16:0/1020342 >> 46.19.94.1:6789/0 pipe(0x11e91f0 sd=3 pgs=258 cs=1 l=1).reader got 11213 + 0 + 0 byte message
2012-05-22 09:10:33.771924 7f1e3509a700 10 -- 46.19.94.16:0/1020342 >> 46.19.94.1:6789/0 pipe(0x11e91f0 sd=3 pgs=258 cs=1 l=1).reader got message 9 0x11ecd50 osd_map(6886..6886 src has 6386..6886) v3
2012-05-22 09:10:33.771934 7f1e3509a700 20 -- 46.19.94.16:0/1020342 >> 46.19.94.1:6789/0 pipe(0x11e91f0 sd=3 pgs=258 cs=1 l=1).queue_received queuing pipe
2012-05-22 09:10:33.771947 7f1e3509a700 20 -- 46.19.94.16:0/1020342 >> 46.19.94.1:6789/0 pipe(0x11e91f0 sd=3 pgs=258 cs=1 l=1).reader reading tag...
2012-05-22 09:10:33.771950 7f1e3709e700 20 -- 46.19.94.16:0/1020342 dispatch_entry pipe 0x11e91f0 dequeued 0x11ecd50
2012-05-22 09:10:33.771954 7f1e3509a700 20 -- 46.19.94.16:0/1020342 >> 46.19.94.1:6789/0 pipe(0x11e91f0 sd=3 pgs=258 cs=1 l=1).reader got MSG
2012-05-22 09:10:33.771956 7f1e3a4b6760 10 client.11845.objecter recalc_op_target tid 1 pgid 2.7d848fd9 acting [2,15]
2012-05-22 09:10:33.771957 7f1e3709e700 1 -- 46.19.94.16:0/1020342 <== mon.0 46.19.94.1:6789/0 9 ==== osd_map(6886..6886 src has 6386..6886) v3 ==== 11213+0+0 (1223847856 0 0) 0x11ecd50 con 0x11e9460
2012-05-22 09:10:33.771962 7f1e3509a700 20 -- 46.19.94.16:0/1020342 >> 46.19.94.1:6789/0 pipe(0x11e91f0 sd=3 pgs=258 cs=1 l=1).reader got envelope type=16 src mon.0 front=20 data=0 off 0
2012-05-22 09:10:33.771968 7f1e3509a700 10 -- 46.19.94.16:0/1020342 >> 46.19.94.1:6789/0 pipe(0x11e91f0 sd=3 pgs=258 cs=1 l=1).reader wants 20 from dispatch throttler 11213/104857600
2012-05-22 09:10:33.771971 7f1e3a4ae700 10 -- 46.19.94.16:0/1020342 >> 46.19.94.1:6789/0 pipe(0x11e91f0 sd=3 pgs=258 cs=1 l=1).writer: state = 2 policy.server=0
2012-05-22 09:10:33.771976 7f1e3509a700 20 -- 46.19.94.16:0/1020342 >> 46.19.94.1:6789/0 pipe(0x11e91f0 sd=3 pgs=258 cs=1 l=1).reader got front 20
2012-05-22 09:10:33.771977 7f1e3a4ae700 10 -- 46.19.94.16:0/1020342 >> 46.19.94.1:6789/0 pipe(0x11e91f0 sd=3 pgs=258 cs=1 l=1).write_ack 9
2012-05-22 09:10:33.771985 7f1e3509a700 10 -- 46.19.94.16:0/1020342 >> 46.19.94.1:6789/0 pipe(0x11e91f0 sd=3 pgs=258 cs=1 l=1).aborted = 0
2012-05-22 09:10:33.771978 7f1e3a4b6760 10 -- 46.19.94.16:0/1020342 connect_rank to 46.19.94.11:6800/3456, creating pipe and registering
2012-05-22 09:10:33.771989 7f1e3a4ae700 10 -- 46.19.94.16:0/1020342 >> 46.19.94.1:6789/0 pipe(0x11e91f0 sd=3 pgs=258 cs=1 l=1).writer: state = 2 policy.server=0
2012-05-22 09:10:33.771990 7f1e3509a700 20 -- 46.19.94.16:0/1020342 >> 46.19.94.1:6789/0 pipe(0x11e91f0 sd=3 pgs=258 cs=1 l=1).reader got 20 + 0 + 0 byte message
2012-05-22 09:10:33.771993 7f1e3a4ae700 20 -- 46.19.94.16:0/1020342 >> 46.19.94.1:6789/0 pipe(0x11e91f0 sd=3 pgs=258 cs=1 l=1).writer sleeping
2012-05-22 09:10:33.772008 7f1e3509a700 10 -- 46.19.94.16:0/1020342 >> 46.19.94.1:6789/0 pipe(0x11e91f0 sd=3 pgs=258 cs=1 l=1).reader got message 10 0x7f1e3000a400 mon_subscribe_ack(300s) v1
2012-05-22 09:10:33.772020 7f1e3509a700 20 -- 46.19.94.16:0/1020342 >> 46.19.94.1:6789/0 pipe(0x11e91f0 sd=3 pgs=258 cs=1 l=1).queue_received queuing pipe
2012-05-22 09:10:33.772030 7f1e3509a700 20 -- 46.19.94.16:0/1020342 >> 46.19.94.1:6789/0 pipe(0x11e91f0 sd=3 pgs=258 cs=1 l=1).reader reading tag...
2012-05-22 09:10:33.772032 7f1e3a4ae700 10 -- 46.19.94.16:0/1020342 >> 46.19.94.1:6789/0 pipe(0x11e91f0 sd=3 pgs=258 cs=1 l=1).writer: state = 2 policy.server=0
2012-05-22 09:10:33.772039 7f1e3a4ae700 10 -- 46.19.94.16:0/1020342 >> 46.19.94.1:6789/0 pipe(0x11e91f0 sd=3 pgs=258 cs=1 l=1).write_ack 10
2012-05-22 09:10:33.772033 7f1e3a4b6760 10 -- 46.19.94.16:0/1020342 >> 46.19.94.11:6800/3456 pipe(0x7f1e30009fd0 sd=-1 pgs=0 cs=0 l=0).register_pipe
2012-05-22 09:10:33.772045 7f1e3a4ae700 10 -- 46.19.94.16:0/1020342 >> 46.19.94.1:6789/0 pipe(0x11e91f0 sd=3 pgs=258 cs=1 l=1).writer: state = 2 policy.server=0
2012-05-22 09:10:33.772050 7f1e3a4b6760 20 client.11845.objecter note: not requesting commit
2012-05-22 09:10:33.772050 7f1e3a4ae700 20 -- 46.19.94.16:0/1020342 >> 46.19.94.1:6789/0 pipe(0x11e91f0 sd=3 pgs=258 cs=1 l=1).writer sleeping
2012-05-22 09:10:33.772058 7f1e34798700 10 -- 46.19.94.16:0/1020342 >> 46.19.94.11:6800/3456 pipe(0x7f1e30009fd0 sd=-1 pgs=0 cs=0 l=0).writer: state = 1 policy.server=0
2012-05-22 09:10:33.772058 7f1e3a4b6760 10 client.11845.objecter op_submit oid kvm1148.rbd @2 [read 0~4096] tid 1 osd.2
2012-05-22 09:10:33.772075 7f1e3a4b6760 15 client.11845.objecter send_op 1 to osd.2
2012-05-22 09:10:33.772072 7f1e34798700 10 -- 46.19.94.16:0/1020342 >> 46.19.94.11:6800/3456 pipe(0x7f1e30009fd0 sd=-1 pgs=0 cs=0 l=0).connect 0
2012-05-22 09:10:33.772086 7f1e34798700 10 -- 46.19.94.16:0/1020342 >> 46.19.94.11:6800/3456 pipe(0x7f1e30009fd0 sd=5 pgs=0 cs=0 l=0).connecting to 46.19.94.11:6800/3456
2012-05-22 09:10:33.772083 7f1e3a4b6760 1 -- 46.19.94.16:0/1020342 --> 46.19.94.11:6800/3456 -- osd_op(client.11845.0:1 kvm1148.rbd [read 0~4096] 2.7d848fd9) v4 -- ?+0 0x7f1e3000ab90 con 0x7f1e3000a240
2012-05-22 09:10:33.772094 7f1e3a4b6760 20 -- 46.19.94.16:0/1020342 submit_message osd_op(client.11845.0:1 kvm1148.rbd [read 0~4096] 2.7d848fd9) v4 remote 46.19.94.11:6800/3456
2012-05-22 09:10:33.772100 7f1e3a4b6760 5 client.11845.objecter 1 unacked, 0 uncommitted
2012-05-22 09:10:33.772114 7f1e3709e700 3 client.11845.objecter handle_osd_map ignoring epochs [6886,6886] <= 6886
2012-05-22 09:10:33.772119 7f1e3709e700 20 client.11845.objecter dump_active .. 0 homeless
2012-05-22 09:10:33.772121 7f1e3709e700 20 client.11845.objecter 1 2.7d848fd9 osd.2 kvm1148.rbd [read 0~4096]
2012-05-22 09:10:33.772133 7f1e3709e700 10 -- 46.19.94.16:0/1020342 dispatch_throttle_release 11213 to dispatch throttler 11233/104857600
2012-05-22 09:10:33.772139 7f1e3709e700 20 -- 46.19.94.16:0/1020342 done calling dispatch on 0x11ecd50
2012-05-22 09:10:33.772147 7f1e3709e700 20 -- 46.19.94.16:0/1020342 dispatch_entry pipe 0x11e91f0 dequeued 0x7f1e3000a400
2012-05-22 09:10:33.772150 7f1e3709e700 1 -- 46.19.94.16:0/1020342 <== mon.0 46.19.94.1:6789/0 10 ==== mon_subscribe_ack(300s) v1 ==== 20+0+0 (496062740 0 0) 0x7f1e3000a400 con 0x11e9460
2012-05-22 09:10:33.772157 7f1e3709e700 10 -- 46.19.94.16:0/1020342 dispatch_throttle_release 20 to dispatch throttler 20/104857600
2012-05-22 09:10:33.772159 7f1e3709e700 20 -- 46.19.94.16:0/1020342 done calling dispatch on 0x7f1e3000a400
2012-05-22 09:10:33.772813 7f1e34798700 20 -- 46.19.94.16:0/1020342 >> 46.19.94.11:6800/3456 pipe(0x7f1e30009fd0 sd=5 pgs=0 cs=0 l=0).connect read peer addr 46.19.94.11:6800/3456 on socket 5
2012-05-22 09:10:33.772822 7f1e34798700 20 -- 46.19.94.16:0/1020342 >> 46.19.94.11:6800/3456 pipe(0x7f1e30009fd0 sd=5 pgs=0 cs=0 l=0).connect peer addr for me is 46.19.94.16:44402/0
2012-05-22 09:10:33.772834 7f1e34798700 10 -- 46.19.94.16:0/1020342 >> 46.19.94.11:6800/3456 pipe(0x7f1e30009fd0 sd=5 pgs=0 cs=0 l=0).connect sent my addr 46.19.94.16:0/1020342
2012-05-22 09:10:33.772893 7f1e34798700 10 -- 46.19.94.16:0/1020342 >> 46.19.94.11:6800/3456 pipe(0x7f1e30009fd0 sd=5 pgs=0 cs=0 l=0).connect.authorizer_len=174 protocol=2
2012-05-22 09:10:33.772904 7f1e34798700 10 -- 46.19.94.16:0/1020342 >> 46.19.94.11:6800/3456 pipe(0x7f1e30009fd0 sd=5 pgs=0 cs=0 l=0).connect sending gseq=2 cseq=0 proto=24
2012-05-22 09:10:33.772913 7f1e34798700 20 -- 46.19.94.16:0/1020342 >> 46.19.94.11:6800/3456 pipe(0x7f1e30009fd0 sd=5 pgs=0 cs=0 l=0).connect wrote (self +) cseq, waiting for reply
2012-05-22 09:10:33.773308 7f1e34798700 20 -- 46.19.94.16:0/1020342 >> 46.19.94.11:6800/3456 pipe(0x7f1e30009fd0 sd=5 pgs=0 cs=0 l=0).connect got reply tag 1 connect_seq 1 global_seq 23 proto 24 flags 1
2012-05-22 09:10:33.773324 7f1e34798700 10 -- 46.19.94.16:0/1020342 >> 46.19.94.11:6800/3456 pipe(0x7f1e30009fd0 sd=5 pgs=0 cs=0 l=0).reply.authorizer_len=36
2012-05-22 09:10:33.773372 7f1e34798700 10 -- 46.19.94.16:0/1020342 >> 46.19.94.11:6800/3456 pipe(0x7f1e30009fd0 sd=5 pgs=23 cs=1 l=1).connect success 1, lossy = 1, features 32767
2012-05-22 09:10:33.773379 7f1e34798700 20 -- 46.19.94.16:0/1020342 >> :/0 pipe(0x11e32b0 sd=-1 pgs=0 cs=0 l=0).queue_received queuing pipe
2012-05-22 09:10:33.773401 7f1e34798700 20 -- 46.19.94.16:0/1020342 >> 46.19.94.11:6800/3456 pipe(0x7f1e30009fd0 sd=5 pgs=23 cs=1 l=1).connect starting reader
2012-05-22 09:10:33.773413 7f1e3709e700 20 -- 46.19.94.16:0/1020342 dispatch_entry pipe 0x11e32b0 dequeued 0
2012-05-22 09:10:33.773445 7f1e34798700 10 -- 46.19.94.16:0/1020342 >> 46.19.94.11:6800/3456 pipe(0x7f1e30009fd0 sd=5 pgs=23 cs=1 l=1).writer: state = 2 policy.server=0
2012-05-22 09:10:33.773459 7f1e34798700 20 -- 46.19.94.16:0/1020342 >> 46.19.94.11:6800/3456 pipe(0x7f1e30009fd0 sd=5 pgs=23 cs=1 l=1).writer encoding 1 0x7f1e3000ab90 osd_op(client.11845.0:1 kvm1148.rbd [read 0~4096] 2.7d848fd9) v4
2012-05-22 09:10:33.773463 7f1e34697700 20 -- 46.19.94.16:0/1020342 >> 46.19.94.11:6800/3456 pipe(0x7f1e30009fd0 sd=5 pgs=23 cs=1 l=1).reader reading tag...
2012-05-22 09:10:33.773477 7f1e34798700 20 -- 46.19.94.16:0/1020342 >> 46.19.94.11:6800/3456 pipe(0x7f1e30009fd0 sd=5 pgs=23 cs=1 l=1).writer sending 1 0x7f1e3000ab90
2012-05-22 09:10:33.773483 7f1e34798700 20 -- 46.19.94.16:0/1020342 >> 46.19.94.11:6800/3456 pipe(0x7f1e30009fd0 sd=5 pgs=23 cs=1 l=1).write_message 0x7f1e3000ab90
2012-05-22 09:10:33.773499 7f1e34798700 10 -- 46.19.94.16:0/1020342 >> 46.19.94.11:6800/3456 pipe(0x7f1e30009fd0 sd=5 pgs=23 cs=1 l=1).writer: state = 2 policy.server=0
2012-05-22 09:10:33.773504 7f1e34798700 20 -- 46.19.94.16:0/1020342 >> 46.19.94.11:6800/3456 pipe(0x7f1e30009fd0 sd=5 pgs=23 cs=1 l=1).writer sleeping
2012-05-22 09:10:33.977085 7f1e34697700 20 -- 46.19.94.16:0/1020342 >> 46.19.94.11:6800/3456 pipe(0x7f1e30009fd0 sd=5 pgs=23 cs=1 l=1).reader got ACK
2012-05-22 09:10:33.977112 7f1e34697700 15 reader got ack seq 1
2012-05-22 09:10:33.977113 7f1e34697700 20 -- 46.19.94.16:0/1020342 >> 46.19.94.11:6800/3456 pipe(0x7f1e30009fd0 sd=5 pgs=23 cs=1 l=1).reader reading tag...
2012-05-22 09:10:36.765760 7f1e3609c700 20 -- 46.19.94.16:0/1020342 send_keepalive con 0x11e9460, have pipe.
2012-05-22 09:10:36.765809 7f1e3a4ae700 10 -- 46.19.94.16:0/1020342 >> 46.19.94.1:6789/0 pipe(0x11e91f0 sd=3 pgs=258 cs=1 l=1).writer: state = 2 policy.server=0
2012-05-22 09:10:36.765826 7f1e3a4ae700 10 -- 46.19.94.16:0/1020342 >> 46.19.94.1:6789/0 pipe(0x11e91f0 sd=3 pgs=258 cs=1 l=1).write_keepalive
2012-05-22 09:10:36.765847 7f1e3a4ae700 10 -- 46.19.94.16:0/1020342 >> 46.19.94.1:6789/0 pipe(0x11e91f0 sd=3 pgs=258 cs=1 l=1).writer: state = 2 policy.server=0
2012-05-22 09:10:36.765852 7f1e3a4ae700 20 -- 46.19.94.16:0/1020342 >> 46.19.94.1:6789/0 pipe(0x11e91f0 sd=3 pgs=258 cs=1 l=1).writer sleeping

2012-05-22 09:10:38.770381 7f1e34f99700 10 client.11845.objecter tick
2012-05-22 09:10:43.770492 7f1e34f99700 10 client.11845.objecter tick
2012-05-22 09:10:46.765886 7f1e3609c700 20 -- 46.19.94.16:0/1020342 send_keepalive con 0x11e9460, have pipe.
2012-05-22 09:10:46.765925 7f1e3a4ae700 10 -- 46.19.94.16:0/1020342 >> 46.19.94.1:6789/0 pipe(0x11e91f0 sd=3 pgs=258 cs=1 l=1).writer: state = 2 policy.server=0
2012-05-22 09:10:46.765942 7f1e3a4ae700 10 -- 46.19.94.16:0/1020342 >> 46.19.94.1:6789/0 pipe(0x11e91f0 sd=3 pgs=258 cs=1 l=1).write_keepalive
2012-05-22 09:10:46.765963 7f1e3a4ae700 10 -- 46.19.94.16:0/1020342 >> 46.19.94.1:6789/0 pipe(0x11e91f0 sd=3 pgs=258 cs=1 l=1).writer: state = 2 policy.server=0
2012-05-22 09:10:46.765969 7f1e3a4ae700 20 -- 46.19.94.16:0/1020342 >> 46.19.94.1:6789/0 pipe(0x11e91f0 sd=3 pgs=258 cs=1 l=1).writer sleeping
2012-05-22 09:10:48.770599 7f1e34f99700 10 client.11845.objecter tick
2012-05-22 09:10:48.770615 7f1e34f99700 2 client.11845.objecter tid 1 on osd.2 is laggy
2012-05-22 09:10:48.770622 7f1e34f99700 10 client.11845.objecter maybe_request_map subscribing (onetime) to next osd map
2012-05-22 09:10:48.770627 7f1e34f99700 1 -- 46.19.94.16:0/1020342 --> 46.19.94.1:6789/0 -- mon_subscribe({monmap=9+,osdmap=6887}) v2 -- ?+0 0x11ee8f0 con 0x11e9460
2012-05-22 09:10:48.770654 7f1e34f99700 20 -- 46.19.94.16:0/1020342 submit_message mon_subscribe({monmap=9+,osdmap=6887}) v2 remote 46.19.94.1:6789/0
2012-05-22 09:10:48.770669 7f1e34f99700 1 -- 46.19.94.16:0/1020342 --> 46.19.94.11:6800/3456 -- ping v1 -- ?+0 0x11f3000 con 0x7f1e3000a240
2012-05-22 09:10:48.770673 7f1e34f99700 20 -- 46.19.94.16:0/1020342 submit_message ping v1 remote 46.19.94.11:6800/3456
2012-05-22 09:10:48.770678 7f1e3a4ae700 10 -- 46.19.94.16:0/1020342 >> 46.19.94.1:6789/0 pipe(0x11e91f0 sd=3 pgs=258 cs=1 l=1).writer: state = 2 policy.server=0
2012-05-22 09:10:48.770704 7f1e3a4ae700 20 -- 46.19.94.16:0/1020342 >> 46.19.94.1:6789/0 pipe(0x11e91f0 sd=3 pgs=258 cs=1 l=1).writer encoding 7 0x11ee8f0 mon_subscribe({monmap=9+,osdmap=6887}) v2
2012-05-22 09:10:48.770700 7f1e34798700 10 -- 46.19.94.16:0/1020342 >> 46.19.94.11:6800/3456 pipe(0x7f1e30009fd0 sd=5 pgs=23 cs=1 l=1).writer: state = 2 policy.server=0
2012-05-22 09:10:48.770715 7f1e3a4ae700 20 -- 46.19.94.16:0/1020342 >> 46.19.94.1:6789/0 pipe(0x11e91f0 sd=3 pgs=258 cs=1 l=1).writer sending 7 0x11ee8f0
2012-05-22 09:10:48.770721 7f1e3a4ae700 20 -- 46.19.94.16:0/1020342 >> 46.19.94.1:6789/0 pipe(0x11e91f0 sd=3 pgs=258 cs=1 l=1).write_message 0x11ee8f0
2012-05-22 09:10:48.770720 7f1e34798700 20 -- 46.19.94.16:0/1020342 >> 46.19.94.11:6800/3456 pipe(0x7f1e30009fd0 sd=5 pgs=23 cs=1 l=1).writer encoding 2 0x11f3000 ping v1
2012-05-22 09:10:48.770728 7f1e34798700 20 -- 46.19.94.16:0/1020342 >> 46.19.94.11:6800/3456 pipe(0x7f1e30009fd0 sd=5 pgs=23 cs=1 l=1).writer sending 2 0x11f3000
2012-05-22 09:10:48.770734 7f1e34798700 20 -- 46.19.94.16:0/1020342 >> 46.19.94.11:6800/3456 pipe(0x7f1e30009fd0 sd=5 pgs=23 cs=1 l=1).write_message 0x11f3000
2012-05-22 09:10:48.770743 7f1e3a4ae700 10 -- 46.19.94.16:0/1020342 >> 46.19.94.1:6789/0 pipe(0x11e91f0 sd=3 pgs=258 cs=1 l=1).writer: state = 2 policy.server=0
2012-05-22 09:10:48.770749 7f1e3a4ae700 20 -- 46.19.94.16:0/1020342 >> 46.19.94.1:6789/0 pipe(0x11e91f0 sd=3 pgs=258 cs=1 l=1).writer sleeping
2012-05-22 09:10:48.770756 7f1e34798700 10 -- 46.19.94.16:0/1020342 >> 46.19.94.11:6800/3456 pipe(0x7f1e30009fd0 sd=5 pgs=23 cs=1 l=1).writer: state = 2 policy.server=0
2012-05-22 09:10:48.770761 7f1e34798700 20 -- 46.19.94.16:0/1020342 >> 46.19.94.11:6800/3456 pipe(0x7f1e30009fd0 sd=5 pgs=23 cs=1 l=1).writer sleeping
2012-05-22 09:10:48.771198 7f1e3509a700 20 -- 46.19.94.16:0/1020342 >> 46.19.94.1:6789/0 pipe(0x11e91f0 sd=3 pgs=258 cs=1 l=1).reader got ACK
2012-05-22 09:10:48.771217 7f1e3509a700 15 reader got ack seq 7
2012-05-22 09:10:48.771221 7f1e3509a700 20 -- 46.19.94.16:0/1020342 >> 46.19.94.1:6789/0 pipe(0x11e91f0 sd=3 pgs=258 cs=1 l=1).reader reading tag...
2012-05-22 09:10:48.771227 7f1e3509a700 20 -- 46.19.94.16:0/1020342 >> 46.19.94.1:6789/0 pipe(0x11e91f0 sd=3 pgs=258 cs=1 l=1).reader got MSG
2012-05-22 09:10:48.771234 7f1e3509a700 20 -- 46.19.94.16:0/1020342 >> 46.19.94.1:6789/0 pipe(0x11e91f0 sd=3 pgs=258 cs=1 l=1).reader got envelope type=16 src mon.0 front=20 data=0 off 0
2012-05-22 09:10:48.771239 7f1e3509a700 10 -- 46.19.94.16:0/1020342 >> 46.19.94.1:6789/0 pipe(0x11e91f0 sd=3 pgs=258 cs=1 l=1).reader wants 20 from dispatch throttler 0/104857600
2012-05-22 09:10:48.771247 7f1e3509a700 20 -- 46.19.94.16:0/1020342 >> 46.19.94.1:6789/0 pipe(0x11e91f0 sd=3 pgs=258 cs=1 l=1).reader got front 20
2012-05-22 09:10:48.771254 7f1e3509a700 10 -- 46.19.94.16:0/1020342 >> 46.19.94.1:6789/0 pipe(0x11e91f0 sd=3 pgs=258 cs=1 l=1).aborted = 0
2012-05-22 09:10:48.771259 7f1e3509a700 20 -- 46.19.94.16:0/1020342 >> 46.19.94.1:6789/0 pipe(0x11e91f0 sd=3 pgs=258 cs=1 l=1).reader got 20 + 0 + 0 byte message
