2012-05-22 09:10:48.771274 7f1e3509a700 10 -- 46.19.94.16:0/1020342 >> 46.19.94.1:6789/0 pipe(0x11e91f0 sd=3 pgs=258 cs=1 l=1).reader got message 11 0x7f1e3000ccd0 mon_subscribe_ack(300s) v1
2012-05-22 09:10:48.771280 7f1e3509a700 20 -- 46.19.94.16:0/1020342 >> 46.19.94.1:6789/0 pipe(0x11e91f0 sd=3 pgs=258 cs=1 l=1).queue_received queuing pipe
2012-05-22 09:10:48.771297 7f1e3509a700 20 -- 46.19.94.16:0/1020342 >> 46.19.94.1:6789/0 pipe(0x11e91f0 sd=3 pgs=258 cs=1 l=1).reader reading tag...
2012-05-22 09:10:48.771301 7f1e3a4ae700 10 -- 46.19.94.16:0/1020342 >> 46.19.94.1:6789/0 pipe(0x11e91f0 sd=3 pgs=258 cs=1 l=1).writer: state = 2 policy.server=0
2012-05-22 09:10:48.771324 7f1e3a4ae700 10 -- 46.19.94.16:0/1020342 >> 46.19.94.1:6789/0 pipe(0x11e91f0 sd=3 pgs=258 cs=1 l=1).write_ack 11
2012-05-22 09:10:48.771329 7f1e3709e700 20 -- 46.19.94.16:0/1020342 dispatch_entry pipe 0x11e91f0 dequeued 0x7f1e3000ccd0
2012-05-22 09:10:48.771344 7f1e3709e700 1 -- 46.19.94.16:0/1020342 <== mon.0 46.19.94.1:6789/0 11 ==== mon_subscribe_ack(300s) v1 ==== 20+0+0 (496062740 0 0) 0x7f1e3000ccd0 con 0x11e9460
2012-05-22 09:10:48.771347 7f1e3a4ae700 10 -- 46.19.94.16:0/1020342 >> 46.19.94.1:6789/0 pipe(0x11e91f0 sd=3 pgs=258 cs=1 l=1).writer: state = 2 policy.server=0
2012-05-22 09:10:48.771354 7f1e3a4ae700 20 -- 46.19.94.16:0/1020342 >> 46.19.94.1:6789/0 pipe(0x11e91f0 sd=3 pgs=258 cs=1 l=1).writer sleeping
2012-05-22 09:10:48.771356 7f1e3709e700 10 -- 46.19.94.16:0/1020342 dispatch_throttle_release 20 to dispatch throttler 20/104857600
2012-05-22 09:10:48.771362 7f1e3709e700 20 -- 46.19.94.16:0/1020342 done calling dispatch on 0x7f1e3000ccd0
2012-05-22 09:10:48.977100 7f1e34697700 20 -- 46.19.94.16:0/1020342 >> 46.19.94.11:6800/3456 pipe(0x7f1e30009fd0 sd=5 pgs=23 cs=1 l=1).reader got ACK
2012-05-22 09:10:48.977145 7f1e34697700 15 reader got ack seq 2
2012-05-22 09:10:48.977147 7f1e34697700 20 -- 46.19.94.16:0/1020342 >> 46.19.94.11:6800/3456 pipe(0x7f1e30009fd0 sd=5 pgs=23 cs=1 l=1).reader reading tag...
2012-05-22 09:10:53.770771 7f1e34f99700 10 client.11845.objecter tick
2012-05-22 09:10:53.770786 7f1e34f99700 2 client.11845.objecter tid 1 on osd.2 is laggy
2012-05-22 09:10:53.770790 7f1e34f99700 10 client.11845.objecter maybe_request_map subscribing (onetime) to next osd map
2012-05-22 09:10:53.770794 7f1e34f99700 1 -- 46.19.94.16:0/1020342 --> 46.19.94.11:6800/3456 -- ping v1 -- ?+0 0x11f3ed0 con 0x7f1e3000a240
2012-05-22 09:10:53.770802 7f1e34f99700 20 -- 46.19.94.16:0/1020342 submit_message ping v1 remote 46.19.94.11:6800/3456
2012-05-22 09:10:53.770823 7f1e34798700 10 -- 46.19.94.16:0/1020342 >> 46.19.94.11:6800/3456 pipe(0x7f1e30009fd0 sd=5 pgs=23 cs=1 l=1).writer: state = 2 policy.server=0
2012-05-22 09:10:53.770845 7f1e34798700 20 -- 46.19.94.16:0/1020342 >> 46.19.94.11:6800/3456 pipe(0x7f1e30009fd0 sd=5 pgs=23 cs=1 l=1).writer encoding 3 0x11f3ed0 ping v1
2012-05-22 09:10:53.770850 7f1e34798700 20 -- 46.19.94.16:0/1020342 >> 46.19.94.11:6800/3456 pipe(0x7f1e30009fd0 sd=5 pgs=23 cs=1 l=1).writer sending 3 0x11f3ed0
2012-05-22 09:10:53.770855 7f1e34798700 20 -- 46.19.94.16:0/1020342 >> 46.19.94.11:6800/3456 pipe(0x7f1e30009fd0 sd=5 pgs=23 cs=1 l=1).write_message 0x11f3ed0
2012-05-22 09:10:53.770876 7f1e34798700 10 -- 46.19.94.16:0/1020342 >> 46.19.94.11:6800/3456 pipe(0x7f1e30009fd0 sd=5 pgs=23 cs=1 l=1).writer: state = 2 policy.server=0
2012-05-22 09:10:53.770882 7f1e34798700 20 -- 46.19.94.16:0/1020342 >> 46.19.94.11:6800/3456 pipe(0x7f1e30009fd0 sd=5 pgs=23 cs=1 l=1).writer sleeping
2012-05-22 09:10:53.977089 7f1e34697700 20 -- 46.19.94.16:0/1020342 >> 46.19.94.11:6800/3456 pipe(0x7f1e30009fd0 sd=5 pgs=23 cs=1 l=1).reader got ACK
2012-05-22 09:10:53.977116 7f1e34697700 15 reader got ack seq 3
2012-05-22 09:10:53.977118 7f1e34697700 20 -- 46.19.94.16:0/1020342 >> 46.19.94.11:6800/3456 pipe(0x7f1e30009fd0 sd=5 pgs=23 cs=1 l=1).reader reading tag...
2012-05-22 09:10:56.766003 7f1e3609c700 20 -- 46.19.94.16:0/1020342 send_keepalive con 0x11e9460, have pipe.
2012-05-22 09:10:56.766042 7f1e3a4ae700 10 -- 46.19.94.16:0/1020342 >> 46.19.94.1:6789/0 pipe(0x11e91f0 sd=3 pgs=258 cs=1 l=1).writer: state = 2 policy.server=0
2012-05-22 09:10:56.766059 7f1e3a4ae700 10 -- 46.19.94.16:0/1020342 >> 46.19.94.1:6789/0 pipe(0x11e91f0 sd=3 pgs=258 cs=1 l=1).write_keepalive
2012-05-22 09:10:56.766080 7f1e3a4ae700 10 -- 46.19.94.16:0/1020342 >> 46.19.94.1:6789/0 pipe(0x11e91f0 sd=3 pgs=258 cs=1 l=1).writer: state = 2 policy.server=0
2012-05-22 09:10:56.766085 7f1e3a4ae700 20 -- 46.19.94.16:0/1020342 >> 46.19.94.1:6789/0 pipe(0x11e91f0 sd=3 pgs=258 cs=1 l=1).writer sleeping
2012-05-22 09:10:58.770899 7f1e34f99700 10 client.11845.objecter tick
2012-05-22 09:10:58.770915 7f1e34f99700 2 client.11845.objecter tid 1 on osd.2 is laggy
2012-05-22 09:10:58.770919 7f1e34f99700 10 client.11845.objecter maybe_request_map subscribing (onetime) to next osd map
2012-05-22 09:10:58.770922 7f1e34f99700 1 -- 46.19.94.16:0/1020342 --> 46.19.94.11:6800/3456 -- ping v1 -- ?+0 0x11f4fc0 con 0x7f1e3000a240
2012-05-22 09:10:58.770930 7f1e34f99700 20 -- 46.19.94.16:0/1020342 submit_message ping v1 remote 46.19.94.11:6800/3456
2012-05-22 09:10:58.770951 7f1e34798700 10 -- 46.19.94.16:0/1020342 >> 46.19.94.11:6800/3456 pipe(0x7f1e30009fd0 sd=5 pgs=23 cs=1 l=1).writer: state = 2 policy.server=0
2012-05-22 09:10:58.770967 7f1e34798700 20 -- 46.19.94.16:0/1020342 >> 46.19.94.11:6800/3456 pipe(0x7f1e30009fd0 sd=5 pgs=23 cs=1 l=1).writer encoding 4 0x11f4fc0 ping v1
2012-05-22 09:10:58.770971 7f1e34798700 20 -- 46.19.94.16:0/1020342 >> 46.19.94.11:6800/3456 pipe(0x7f1e30009fd0 sd=5 pgs=23 cs=1 l=1).writer sending 4 0x11f4fc0
2012-05-22 09:10:58.770976 7f1e34798700 20 -- 46.19.94.16:0/1020342 >> 46.19.94.11:6800/3456 pipe(0x7f1e30009fd0 sd=5 pgs=23 cs=1 l=1).write_message 0x11f4fc0
2012-05-22 09:10:58.770998 7f1e34798700 10 -- 46.19.94.16:0/1020342 >> 46.19.94.11:6800/3456 pipe(0x7f1e30009fd0 sd=5 pgs=23 cs=1 l=1).writer: state = 2 policy.server=0
2012-05-22 09:10:58.771003 7f1e34798700 20 -- 46.19.94.16:0/1020342 >> 46.19.94.11:6800/3456 pipe(0x7f1e30009fd0 sd=5 pgs=23 cs=1 l=1).writer sleeping
2012-05-22 09:10:58.977140 7f1e34697700 20 -- 46.19.94.16:0/1020342 >> 46.19.94.11:6800/3456 pipe(0x7f1e30009fd0 sd=5 pgs=23 cs=1 l=1).reader got ACK
2012-05-22 09:10:58.977167 7f1e34697700 15 reader got ack seq 4
2012-05-22 09:10:58.977169 7f1e34697700 20 -- 46.19.94.16:0/1020342 >> 46.19.94.11:6800/3456 pipe(0x7f1e30009fd0 sd=5 pgs=23 cs=1 l=1).reader reading tag...
2012-05-22 09:11:03.771028 7f1e34f99700 10 client.11845.objecter tick
2012-05-22 09:11:03.771043 7f1e34f99700 2 client.11845.objecter tid 1 on osd.2 is laggy
2012-05-22 09:11:03.771046 7f1e34f99700 10 client.11845.objecter maybe_request_map subscribing (onetime) to next osd map
2012-05-22 09:11:03.771050 7f1e34f99700 1 -- 46.19.94.16:0/1020342 --> 46.19.94.11:6800/3456 -- ping v1 -- ?+0 0x11f5fe0 con 0x7f1e3000a240
2012-05-22 09:11:03.771058 7f1e34f99700 20 -- 46.19.94.16:0/1020342 submit_message ping v1 remote 46.19.94.11:6800/3456
2012-05-22 09:11:03.771080 7f1e34798700 10 -- 46.19.94.16:0/1020342 >> 46.19.94.11:6800/3456 pipe(0x7f1e30009fd0 sd=5 pgs=23 cs=1 l=1).writer: state = 2 policy.server=0
2012-05-22 09:11:03.771097 7f1e34798700 20 -- 46.19.94.16:0/1020342 >> 46.19.94.11:6800/3456 pipe(0x7f1e30009fd0 sd=5 pgs=23 cs=1 l=1).writer encoding 5 0x11f5fe0 ping v1
2012-05-22 09:11:03.771102 7f1e34798700 20 -- 46.19.94.16:0/1020342 >> 46.19.94.11:6800/3456 pipe(0x7f1e30009fd0 sd=5 pgs=23 cs=1 l=1).writer sending 5 0x11f5fe0
2012-05-22 09:11:03.771107 7f1e34798700 20 -- 46.19.94.16:0/1020342 >> 46.19.94.11:6800/3456 pipe(0x7f1e30009fd0 sd=5 pgs=23 cs=1 l=1).write_message 0x11f5fe0
2012-05-22 09:11:03.771132 7f1e34798700 10 -- 46.19.94.16:0/1020342 >> 46.19.94.11:6800/3456 pipe(0x7f1e30009fd0 sd=5 pgs=23 cs=1 l=1).writer: state = 2 policy.server=0
2012-05-22 09:11:03.771138 7f1e34798700 20 -- 46.19.94.16:0/1020342 >> 46.19.94.11:6800/3456 pipe(0x7f1e30009fd0 sd=5 pgs=23 cs=1 l=1).writer sleeping
2012-05-22 09:11:03.977095 7f1e34697700 20 -- 46.19.94.16:0/1020342 >> 46.19.94.11:6800/3456 pipe(0x7f1e30009fd0 sd=5 pgs=23 cs=1 l=1).reader got ACK
2012-05-22 09:11:03.977136 7f1e34697700 15 reader got ack seq 5
2012-05-22 09:11:03.977138 7f1e34697700 20 -- 46.19.94.16:0/1020342 >> 46.19.94.11:6800/3456 pipe(0x7f1e30009fd0 sd=5 pgs=23 cs=1 l=1).reader reading tag...
2012-05-22 09:11:06.766119 7f1e3609c700 20 -- 46.19.94.16:0/1020342 send_keepalive con 0x11e9460, have pipe.
2012-05-22 09:11:06.766157 7f1e3a4ae700 10 -- 46.19.94.16:0/1020342 >> 46.19.94.1:6789/0 pipe(0x11e91f0 sd=3 pgs=258 cs=1 l=1).writer: state = 2 policy.server=0
2012-05-22 09:11:06.766180 7f1e3a4ae700 10 -- 46.19.94.16:0/1020342 >> 46.19.94.1:6789/0 pipe(0x11e91f0 sd=3 pgs=258 cs=1 l=1).write_keepalive
2012-05-22 09:11:06.766196 7f1e3a4ae700 10 -- 46.19.94.16:0/1020342 >> 46.19.94.1:6789/0 pipe(0x11e91f0 sd=3 pgs=258 cs=1 l=1).writer: state = 2 policy.server=0
2012-05-22 09:11:06.766213 7f1e3a4ae700 20 -- 46.19.94.16:0/1020342 >> 46.19.94.1:6789/0 pipe(0x11e91f0 sd=3 pgs=258 cs=1 l=1).writer sleeping
2012-05-22 09:11:08.771160 7f1e34f99700 10 client.11845.objecter tick
2012-05-22 09:11:08.771175 7f1e34f99700 2 client.11845.objecter tid 1 on osd.2 is laggy
2012-05-22 09:11:08.771178 7f1e34f99700 10 client.11845.objecter maybe_request_map subscribing (onetime) to next osd map
2012-05-22 09:11:08.771182 7f1e34f99700 1 -- 46.19.94.16:0/1020342 --> 46.19.94.11:6800/3456 -- ping v1 -- ?+0 0x11f70d0 con 0x7f1e3000a240
2012-05-22 09:11:08.771190 7f1e34f99700 20 -- 46.19.94.16:0/1020342 submit_message ping v1 remote 46.19.94.11:6800/3456
2012-05-22 09:11:08.771211 7f1e34798700 10 -- 46.19.94.16:0/1020342 >> 46.19.94.11:6800/3456 pipe(0x7f1e30009fd0 sd=5 pgs=23 cs=1 l=1).writer: state = 2 policy.server=0
2012-05-22 09:11:08.771226 7f1e34798700 20 -- 46.19.94.16:0/1020342 >> 46.19.94.11:6800/3456 pipe(0x7f1e30009fd0 sd=5 pgs=23 cs=1 l=1).writer encoding 6 0x11f70d0 ping v1
2012-05-22 09:11:08.771231 7f1e34798700 20 -- 46.19.94.16:0/1020342 >> 46.19.94.11:6800/3456 pipe(0x7f1e30009fd0 sd=5 pgs=23 cs=1 l=1).writer sending 6 0x11f70d0
2012-05-22 09:11:08.771235 7f1e34798700 20 -- 46.19.94.16:0/1020342 >> 46.19.94.11:6800/3456 pipe(0x7f1e30009fd0 sd=5 pgs=23 cs=1 l=1).write_message 0x11f70d0
2012-05-22 09:11:08.771259 7f1e34798700 10 -- 46.19.94.16:0/1020342 >> 46.19.94.11:6800/3456 pipe(0x7f1e30009fd0 sd=5 pgs=23 cs=1 l=1).writer: state = 2 policy.server=0
2012-05-22 09:11:08.771265 7f1e34798700 20 -- 46.19.94.16:0/1020342 >> 46.19.94.11:6800/3456 pipe(0x7f1e30009fd0 sd=5 pgs=23 cs=1 l=1).writer sleeping
2012-05-22 09:11:08.977095 7f1e34697700 20 -- 46.19.94.16:0/1020342 >> 46.19.94.11:6800/3456 pipe(0x7f1e30009fd0 sd=5 pgs=23 cs=1 l=1).reader got ACK
2012-05-22 09:11:08.977189 7f1e34697700 15 reader got ack seq 6
2012-05-22 09:11:08.977191 7f1e34697700 20 -- 46.19.94.16:0/1020342 >> 46.19.94.11:6800/3456 pipe(0x7f1e30009fd0 sd=5 pgs=23 cs=1 l=1).reader reading tag...
2012-05-22 09:11:13.771287 7f1e34f99700 10 client.11845.objecter tick
2012-05-22 09:11:13.771302 7f1e34f99700 2 client.11845.objecter tid 1 on osd.2 is laggy
2012-05-22 09:11:13.771306 7f1e34f99700 10 client.11845.objecter maybe_request_map subscribing (onetime) to next osd map
2012-05-22 09:11:13.771309 7f1e34f99700 1 -- 46.19.94.16:0/1020342 --> 46.19.94.11:6800/3456 -- ping v1 -- ?+0 0x11f80f0 con 0x7f1e3000a240
2012-05-22 09:11:13.771317 7f1e34f99700 20 -- 46.19.94.16:0/1020342 submit_message ping v1 remote 46.19.94.11:6800/3456
2012-05-22 09:11:13.771338 7f1e34798700 10 -- 46.19.94.16:0/1020342 >> 46.19.94.11:6800/3456 pipe(0x7f1e30009fd0 sd=5 pgs=23 cs=1 l=1).writer: state = 2 policy.server=0
2012-05-22 09:11:13.771356 7f1e34798700 20 -- 46.19.94.16:0/1020342 >> 46.19.94.11:6800/3456 pipe(0x7f1e30009fd0 sd=5 pgs=23 cs=1 l=1).writer encoding 7 0x11f80f0 ping v1
2012-05-22 09:11:13.771361 7f1e34798700 20 -- 46.19.94.16:0/1020342 >> 46.19.94.11:6800/3456 pipe(0x7f1e30009fd0 sd=5 pgs=23 cs=1 l=1).writer sending 7 0x11f80f0
2012-05-22 09:11:13.771365 7f1e34798700 20 -- 46.19.94.16:0/1020342 >> 46.19.94.11:6800/3456 pipe(0x7f1e30009fd0 sd=5 pgs=23 cs=1 l=1).write_message 0x11f80f0
2012-05-22 09:11:13.771387 7f1e34798700 10 -- 46.19.94.16:0/1020342 >> 46.19.94.11:6800/3456 pipe(0x7f1e30009fd0 sd=5 pgs=23 cs=1 l=1).writer: state = 2 policy.server=0
2012-05-22 09:11:13.771393 7f1e34798700 20 -- 46.19.94.16:0/1020342 >> 46.19.94.11:6800/3456 pipe(0x7f1e30009fd0 sd=5 pgs=23 cs=1 l=1).writer sleeping
2012-05-22 09:11:13.977097 7f1e34697700 20 -- 46.19.94.16:0/1020342 >> 46.19.94.11:6800/3456 pipe(0x7f1e30009fd0 sd=5 pgs=23 cs=1 l=1).reader got ACK
2012-05-22 09:11:13.977137 7f1e34697700 15 reader got ack seq 7
2012-05-22 09:11:13.977141 7f1e34697700 20 -- 46.19.94.16:0/1020342 >> 46.19.94.11:6800/3456 pipe(0x7f1e30009fd0 sd=5 pgs=23 cs=1 l=1).reader reading tag...
2012-05-22 09:11:16.766233 7f1e3609c700 20 -- 46.19.94.16:0/1020342 send_keepalive con 0x11e9460, have pipe.
2012-05-22 09:11:16.766272 7f1e3a4ae700 10 -- 46.19.94.16:0/1020342 >> 46.19.94.1:6789/0 pipe(0x11e91f0 sd=3 pgs=258 cs=1 l=1).writer: state = 2 policy.server=0
2012-05-22 09:11:16.766289 7f1e3a4ae700 10 -- 46.19.94.16:0/1020342 >> 46.19.94.1:6789/0 pipe(0x11e91f0 sd=3 pgs=258 cs=1 l=1).write_keepalive
2012-05-22 09:11:16.766308 7f1e3a4ae700 10 -- 46.19.94.16:0/1020342 >> 46.19.94.1:6789/0 pipe(0x11e91f0 sd=3 pgs=258 cs=1 l=1).writer: state = 2 policy.server=0
2012-05-22 09:11:16.766312 7f1e3a4ae700 20 -- 46.19.94.16:0/1020342 >> 46.19.94.1:6789/0 pipe(0x11e91f0 sd=3 pgs=258 cs=1 l=1).writer sleeping
2012-05-22 09:11:18.771414 7f1e34f99700 10 client.11845.objecter tick
2012-05-22 09:11:18.771430 7f1e34f99700 2 client.11845.objecter tid 1 on osd.2 is laggy
2012-05-22 09:11:18.771433 7f1e34f99700 10 client.11845.objecter maybe_request_map subscribing (onetime) to next osd map
2012-05-22 09:11:18.771437 7f1e34f99700 1 -- 46.19.94.16:0/1020342 --> 46.19.94.11:6800/3456 -- ping v1 -- ?+0 0x11f91e0 con 0x7f1e3000a240
2012-05-22 09:11:18.771444 7f1e34f99700 20 -- 46.19.94.16:0/1020342 submit_message ping v1 remote 46.19.94.11:6800/3456
2012-05-22 09:11:18.771465 7f1e34798700 10 -- 46.19.94.16:0/1020342 >> 46.19.94.11:6800/3456 pipe(0x7f1e30009fd0 sd=5 pgs=23 cs=1 l=1).writer: state = 2 policy.server=0
2012-05-22 09:11:18.771481 7f1e34798700 20 -- 46.19.94.16:0/1020342 >> 46.19.94.11:6800/3456 pipe(0x7f1e30009fd0 sd=5 pgs=23 cs=1 l=1).writer encoding 8 0x11f91e0 ping v1
2012-05-22 09:11:18.771486 7f1e34798700 20 -- 46.19.94.16:0/1020342 >> 46.19.94.11:6800/3456 pipe(0x7f1e30009fd0 sd=5 pgs=23 cs=1 l=1).writer sending 8 0x11f91e0
2012-05-22 09:11:18.771490 7f1e34798700 20 -- 46.19.94.16:0/1020342 >> 46.19.94.11:6800/3456 pipe(0x7f1e30009fd0 sd=5 pgs=23 cs=1 l=1).write_message 0x11f91e0
2012-05-22 09:11:18.771513 7f1e34798700 10 -- 46.19.94.16:0/1020342 >> 46.19.94.11:6800/3456 pipe(0x7f1e30009fd0 sd=5 pgs=23 cs=1 l=1).writer: state = 2 policy.server=0
2012-05-22 09:11:18.771518 7f1e34798700 20 -- 46.19.94.16:0/1020342 >> 46.19.94.11:6800/3456 pipe(0x7f1e30009fd0 sd=5 pgs=23 cs=1 l=1).writer sleeping
2012-05-22 09:11:18.977101 7f1e34697700 20 -- 46.19.94.16:0/1020342 >> 46.19.94.11:6800/3456 pipe(0x7f1e30009fd0 sd=5 pgs=23 cs=1 l=1).reader got ACK
2012-05-22 09:11:18.977161 7f1e34697700 15 reader got ack seq 8
2012-05-22 09:11:18.977164 7f1e34697700 20 -- 46.19.94.16:0/1020342 >> 46.19.94.11:6800/3456 pipe(0x7f1e30009fd0 sd=5 pgs=23 cs=1 l=1).reader reading tag...
2012-05-22 09:11:23.771541 7f1e34f99700 10 client.11845.objecter tick
2012-05-22 09:11:23.771556 7f1e34f99700 2 client.11845.objecter tid 1 on osd.2 is laggy
2012-05-22 09:11:23.771560 7f1e34f99700 10 client.11845.objecter maybe_request_map subscribing (onetime) to next osd map
2012-05-22 09:11:23.771563 7f1e34f99700 1 -- 46.19.94.16:0/1020342 --> 46.19.94.11:6800/3456 -- ping v1 -- ?+0 0x11fa200 con 0x7f1e3000a240
2012-05-22 09:11:23.771571 7f1e34f99700 20 -- 46.19.94.16:0/1020342 submit_message ping v1 remote 46.19.94.11:6800/3456
2012-05-22 09:11:23.771592 7f1e34798700 10 -- 46.19.94.16:0/1020342 >> 46.19.94.11:6800/3456 pipe(0x7f1e30009fd0 sd=5 pgs=23 cs=1 l=1).writer: state = 2 policy.server=0
2012-05-22 09:11:23.771607 7f1e34798700 20 -- 46.19.94.16:0/1020342 >> 46.19.94.11:6800/3456 pipe(0x7f1e30009fd0 sd=5 pgs=23 cs=1 l=1).writer encoding 9 0x11fa200 ping v1
2012-05-22 09:11:23.771612 7f1e34798700 20 -- 46.19.94.16:0/1020342 >> 46.19.94.11:6800/3456 pipe(0x7f1e30009fd0 sd=5 pgs=23 cs=1 l=1).writer sending 9 0x11fa200
2012-05-22 09:11:23.771616 7f1e34798700 20 -- 46.19.94.16:0/1020342 >> 46.19.94.11:6800/3456 pipe(0x7f1e30009fd0 sd=5 pgs=23 cs=1 l=1).write_message 0x11fa200
2012-05-22 09:11:23.771643 7f1e34798700 10 -- 46.19.94.16:0/1020342 >> 46.19.94.11:6800/3456 pipe(0x7f1e30009fd0 sd=5 pgs=23 cs=1 l=1).writer: state = 2 policy.server=0
2012-05-22 09:11:23.771648 7f1e34798700 20 -- 46.19.94.16:0/1020342 >> 46.19.94.11:6800/3456 pipe(0x7f1e30009fd0 sd=5 pgs=23 cs=1 l=1).writer sleeping
2012-05-22 09:11:23.977103 7f1e34697700 20 -- 46.19.94.16:0/1020342 >> 46.19.94.11:6800/3456 pipe(0x7f1e30009fd0 sd=5 pgs=23 cs=1 l=1).reader got ACK
2012-05-22 09:11:23.977413 7f1e34697700 15 reader got ack seq 9
2012-05-22 09:11:23.977417 7f1e34697700 20 -- 46.19.94.16:0/1020342 >> 46.19.94.11:6800/3456 pipe(0x7f1e30009fd0 sd=5 pgs=23 cs=1 l=1).reader reading tag...
2012-05-22 09:11:26.766349 7f1e3609c700 20 -- 46.19.94.16:0/1020342 send_keepalive con 0x11e9460, have pipe.
2012-05-22 09:11:26.766399 7f1e3a4ae700 10 -- 46.19.94.16:0/1020342 >> 46.19.94.1:6789/0 pipe(0x11e91f0 sd=3 pgs=258 cs=1 l=1).writer: state = 2 policy.server=0
2012-05-22 09:11:26.766416 7f1e3a4ae700 10 -- 46.19.94.16:0/1020342 >> 46.19.94.1:6789/0 pipe(0x11e91f0 sd=3 pgs=258 cs=1 l=1).write_keepalive
2012-05-22 09:11:26.766433 7f1e3a4ae700 10 -- 46.19.94.16:0/1020342 >> 46.19.94.1:6789/0 pipe(0x11e91f0 sd=3 pgs=258 cs=1 l=1).writer: state = 2 policy.server=0
2012-05-22 09:11:26.766438 7f1e3a4ae700 20 -- 46.19.94.16:0/1020342 >> 46.19.94.1:6789/0 pipe(0x11e91f0 sd=3 pgs=258 cs=1 l=1).writer sleeping
2012-05-22 09:11:28.771668 7f1e34f99700 10 client.11845.objecter tick
2012-05-22 09:11:28.771683 7f1e34f99700 2 client.11845.objecter tid 1 on osd.2 is laggy
2012-05-22 09:11:28.771687 7f1e34f99700 10 client.11845.objecter maybe_request_map subscribing (onetime) to next osd map
2012-05-22 09:11:28.771691 7f1e34f99700 1 -- 46.19.94.16:0/1020342 --> 46.19.94.11:6800/3456 -- ping v1 -- ?+0 0x11fb2f0 con 0x7f1e3000a240
2012-05-22 09:11:28.771699 7f1e34f99700 20 -- 46.19.94.16:0/1020342 submit_message ping v1 remote 46.19.94.11:6800/3456
2012-05-22 09:11:28.771720 7f1e34798700 10 -- 46.19.94.16:0/1020342 >> 46.19.94.11:6800/3456 pipe(0x7f1e30009fd0 sd=5 pgs=23 cs=1 l=1).writer: state = 2 policy.server=0
2012-05-22 09:11:28.771741 7f1e34798700 20 -- 46.19.94.16:0/1020342 >> 46.19.94.11:6800/3456 pipe(0x7f1e30009fd0 sd=5 pgs=23 cs=1 l=1).writer encoding 10 0x11fb2f0 ping v1
2012-05-22 09:11:28.771746 7f1e34798700 20 -- 46.19.94.16:0/1020342 >> 46.19.94.11:6800/3456 pipe(0x7f1e30009fd0 sd=5 pgs=23 cs=1 l=1).writer sending 10 0x11fb2f0
2012-05-22 09:11:28.771751 7f1e34798700 20 -- 46.19.94.16:0/1020342 >> 46.19.94.11:6800/3456 pipe(0x7f1e30009fd0 sd=5 pgs=23 cs=1 l=1).write_message 0x11fb2f0
2012-05-22 09:11:28.771773 7f1e34798700 10 -- 46.19.94.16:0/1020342 >> 46.19.94.11:6800/3456 pipe(0x7f1e30009fd0 sd=5 pgs=23 cs=1 l=1).writer: state = 2 policy.server=0
2012-05-22 09:11:28.771779 7f1e34798700 20 -- 46.19.94.16:0/1020342 >> 46.19.94.11:6800/3456 pipe(0x7f1e30009fd0 sd=5 pgs=23 cs=1 l=1).writer sleeping
2012-05-22 09:11:28.973091 7f1e34697700 20 -- 46.19.94.16:0/1020342 >> 46.19.94.11:6800/3456 pipe(0x7f1e30009fd0 sd=5 pgs=23 cs=1 l=1).reader got ACK
2012-05-22 09:11:28.973117 7f1e34697700 15 reader got ack seq 10
2012-05-22 09:11:28.973141 7f1e34697700 20 -- 46.19.94.16:0/1020342 >> 46.19.94.11:6800/3456 pipe(0x7f1e30009fd0 sd=5 pgs=23 cs=1 l=1).reader reading tag...
2012-05-22 09:11:33.771797 7f1e34f99700 10 client.11845.objecter tick
2012-05-22 09:11:33.771812 7f1e34f99700 2 client.11845.objecter tid 1 on osd.2 is laggy
2012-05-22 09:11:33.771816 7f1e34f99700 10 client.11845.objecter maybe_request_map subscribing (onetime) to next osd map
2012-05-22 09:11:33.771819 7f1e34f99700 1 -- 46.19.94.16:0/1020342 --> 46.19.94.11:6800/3456 -- ping v1 -- ?+0 0x11fc310 con 0x7f1e3000a240
2012-05-22 09:11:33.771827 7f1e34f99700 20 -- 46.19.94.16:0/1020342 submit_message ping v1 remote 46.19.94.11:6800/3456
2012-05-22 09:11:33.771847 7f1e34798700 10 -- 46.19.94.16:0/1020342 >> 46.19.94.11:6800/3456 pipe(0x7f1e30009fd0 sd=5 pgs=23 cs=1 l=1).writer: state = 2 policy.server=0
2012-05-22 09:11:33.771863 7f1e34798700 20 -- 46.19.94.16:0/1020342 >> 46.19.94.11:6800/3456 pipe(0x7f1e30009fd0 sd=5 pgs=23 cs=1 l=1).writer encoding 11 0x11fc310 ping v1
2012-05-22 09:11:33.771868 7f1e34798700 20 -- 46.19.94.16:0/1020342 >> 46.19.94.11:6800/3456 pipe(0x7f1e30009fd0 sd=5 pgs=23 cs=1 l=1).writer sending 11 0x11fc310
2012-05-22 09:11:33.771872 7f1e34798700 20 -- 46.19.94.16:0/1020342 >> 46.19.94.11:6800/3456 pipe(0x7f1e30009fd0 sd=5 pgs=23 cs=1 l=1).write_message 0x11fc310
2012-05-22 09:11:33.771894 7f1e34798700 10 -- 46.19.94.16:0/1020342 >> 46.19.94.11:6800/3456 pipe(0x7f1e30009fd0 sd=5 pgs=23 cs=1 l=1).writer: state = 2 policy.server=0
2012-05-22 09:11:33.771899 7f1e34798700 20 -- 46.19.94.16:0/1020342 >> 46.19.94.11:6800/3456 pipe(0x7f1e30009fd0 sd=5 pgs=23 cs=1 l=1).writer sleeping
2012-05-22 09:11:33.973239 7f1e34697700 20 -- 46.19.94.16:0/1020342 >> 46.19.94.11:6800/3456 pipe(0x7f1e30009fd0 sd=5 pgs=23 cs=1 l=1).reader got ACK
2012-05-22 09:11:33.973264 7f1e34697700 15 reader got ack seq 11
2012-05-22 09:11:33.973266 7f1e34697700 20 -- 46.19.94.16:0/1020342 >> 46.19.94.11:6800/3456 pipe(0x7f1e30009fd0 sd=5 pgs=23 cs=1 l=1).reader reading tag...
2012-05-22 09:11:36.766475 7f1e3609c700 20 -- 46.19.94.16:0/1020342 send_keepalive con 0x11e9460, have pipe.
2012-05-22 09:11:36.766513 7f1e3a4ae700 10 -- 46.19.94.16:0/1020342 >> 46.19.94.1:6789/0 pipe(0x11e91f0 sd=3 pgs=258 cs=1 l=1).writer: state = 2 policy.server=0
2012-05-22 09:11:36.766529 7f1e3a4ae700 10 -- 46.19.94.16:0/1020342 >> 46.19.94.1:6789/0 pipe(0x11e91f0 sd=3 pgs=258 cs=1 l=1).write_keepalive
2012-05-22 09:11:36.766548 7f1e3a4ae700 10 -- 46.19.94.16:0/1020342 >> 46.19.94.1:6789/0 pipe(0x11e91f0 sd=3 pgs=258 cs=1 l=1).writer: state = 2 policy.server=0
2012-05-22 09:11:36.766553 7f1e3a4ae700 20 -- 46.19.94.16:0/1020342 >> 46.19.94.1:6789/0 pipe(0x11e91f0 sd=3 pgs=258 cs=1 l=1).writer sleeping
2012-05-22 09:11:38.771924 7f1e34f99700 10 client.11845.objecter tick
2012-05-22 09:11:38.771939 7f1e34f99700 2 client.11845.objecter tid 1 on osd.2 is laggy
2012-05-22 09:11:38.771942 7f1e34f99700 10 client.11845.objecter maybe_request_map subscribing (onetime) to next osd map
2012-05-22 09:11:38.771946 7f1e34f99700 1 -- 46.19.94.16:0/1020342 --> 46.19.94.11:6800/3456 -- ping v1 -- ?+0 0x11fd400 con 0x7f1e3000a240
2012-05-22 09:11:38.771954 7f1e34f99700 20 -- 46.19.94.16:0/1020342 submit_message ping v1 remote 46.19.94.11:6800/3456
2012-05-22 09:11:38.771975 7f1e34798700 10 -- 46.19.94.16:0/1020342 >> 46.19.94.11:6800/3456 pipe(0x7f1e30009fd0 sd=5 pgs=23 cs=1 l=1).writer: state = 2 policy.server=0
2012-05-22 09:11:38.771990 7f1e34798700 20 -- 46.19.94.16:0/1020342 >> 46.19.94.11:6800/3456 pipe(0x7f1e30009fd0 sd=5 pgs=23 cs=1 l=1).writer encoding 12 0x11fd400 ping v1
2012-05-22 09:11:38.771994 7f1e34798700 20 -- 46.19.94.16:0/1020342 >> 46.19.94.11:6800/3456 pipe(0x7f1e30009fd0 sd=5 pgs=23 cs=1 l=1).writer sending 12 0x11fd400
2012-05-22 09:11:38.771999 7f1e34798700 20 -- 46.19.94.16:0/1020342 >> 46.19.94.11:6800/3456 pipe(0x7f1e30009fd0 sd=5 pgs=23 cs=1 l=1).write_message 0x11fd400
2012-05-22 09:11:38.772023 7f1e34798700 10 -- 46.19.94.16:0/1020342 >> 46.19.94.11:6800/3456 pipe(0x7f1e30009fd0 sd=5 pgs=23 cs=1 l=1).writer: state = 2 policy.server=0
2012-05-22 09:11:38.772028 7f1e34798700 20 -- 46.19.94.16:0/1020342 >> 46.19.94.11:6800/3456 pipe(0x7f1e30009fd0 sd=5 pgs=23 cs=1 l=1).writer sleeping
2012-05-22 09:11:38.973098 7f1e34697700 20 -- 46.19.94.16:0/1020342 >> 46.19.94.11:6800/3456 pipe(0x7f1e30009fd0 sd=5 pgs=23 cs=1 l=1).reader got ACK
2012-05-22 09:11:38.973160 7f1e34697700 15 reader got ack seq 12
2012-05-22 09:11:38.973167 7f1e34697700 20 -- 46.19.94.16:0/1020342 >> 46.19.94.11:6800/3456 pipe(0x7f1e30009fd0 sd=5 pgs=23 cs=1 l=1).reader reading tag...
2012-05-22 09:11:43.772059 7f1e34f99700 10 client.11845.objecter tick
2012-05-22 09:11:43.772075 7f1e34f99700 2 client.11845.objecter tid 1 on osd.2 is laggy
2012-05-22 09:11:43.772079 7f1e34f99700 10 client.11845.objecter maybe_request_map subscribing (onetime) to next osd map
2012-05-22 09:11:43.772083 7f1e34f99700 1 -- 46.19.94.16:0/1020342 --> 46.19.94.11:6800/3456 -- ping v1 -- ?+0 0x11fe420 con 0x7f1e3000a240
2012-05-22 09:11:43.772091 7f1e34f99700 20 -- 46.19.94.16:0/1020342 submit_message ping v1 remote 46.19.94.11:6800/3456
2012-05-22 09:11:43.772112 7f1e34798700 10 -- 46.19.94.16:0/1020342 >> 46.19.94.11:6800/3456 pipe(0x7f1e30009fd0 sd=5 pgs=23 cs=1 l=1).writer: state = 2 policy.server=0
2012-05-22 09:11:43.772127 7f1e34798700 20 -- 46.19.94.16:0/1020342 >> 46.19.94.11:6800/3456 pipe(0x7f1e30009fd0 sd=5 pgs=23 cs=1 l=1).writer encoding 13 0x11fe420 ping v1
2012-05-22 09:11:43.772131 7f1e34798700 20 -- 46.19.94.16:0/1020342 >> 46.19.94.11:6800/3456 pipe(0x7f1e30009fd0 sd=5 pgs=23 cs=1 l=1).writer sending 13 0x11fe420
2012-05-22 09:11:43.772136 7f1e34798700 20 -- 46.19.94.16:0/1020342 >> 46.19.94.11:6800/3456 pipe(0x7f1e30009fd0 sd=5 pgs=23 cs=1 l=1).write_message 0x11fe420
2012-05-22 09:11:43.772158 7f1e34798700 10 -- 46.19.94.16:0/1020342 >> 46.19.94.11:6800/3456 pipe(0x7f1e30009fd0 sd=5 pgs=23 cs=1 l=1).writer: state = 2 policy.server=0
2012-05-22 09:11:43.772163 7f1e34798700 20 -- 46.19.94.16:0/1020342 >> 46.19.94.11:6800/3456 pipe(0x7f1e30009fd0 sd=5 pgs=23 cs=1 l=1).writer sleeping
2012-05-22 09:11:43.973090 7f1e34697700 20 -- 46.19.94.16:0/1020342 >> 46.19.94.11:6800/3456 pipe(0x7f1e30009fd0 sd=5 pgs=23 cs=1 l=1).reader got ACK
2012-05-22 09:11:43.973117 7f1e34697700 15 reader got ack seq 13
2012-05-22 09:11:43.973144 7f1e34697700 20 -- 46.19.94.16:0/1020342 >> 46.19.94.11:6800/3456 pipe(0x7f1e30009fd0 sd=5 pgs=23 cs=1 l=1).reader reading tag...
2012-05-22 09:11:46.766590 7f1e3609c700 20 -- 46.19.94.16:0/1020342 send_keepalive con 0x11e9460, have pipe.
2012-05-22 09:11:46.766628 7f1e3a4ae700 10 -- 46.19.94.16:0/1020342 >> 46.19.94.1:6789/0 pipe(0x11e91f0 sd=3 pgs=258 cs=1 l=1).writer: state = 2 policy.server=0
2012-05-22 09:11:46.766645 7f1e3a4ae700 10 -- 46.19.94.16:0/1020342 >> 46.19.94.1:6789/0 pipe(0x11e91f0 sd=3 pgs=258 cs=1 l=1).write_keepalive
2012-05-22 09:11:46.766663 7f1e3a4ae700 10 -- 46.19.94.16:0/1020342 >> 46.19.94.1:6789/0 pipe(0x11e91f0 sd=3 pgs=258 cs=1 l=1).writer: state = 2 policy.server=0
2012-05-22 09:11:46.766668 7f1e3a4ae700 20 -- 46.19.94.16:0/1020342 >> 46.19.94.1:6789/0 pipe(0x11e91f0 sd=3 pgs=258 cs=1 l=1).writer sleeping
2012-05-22 09:11:48.772189 7f1e34f99700 10 client.11845.objecter tick
2012-05-22 09:11:48.772205 7f1e34f99700 2 client.11845.objecter tid 1 on osd.2 is laggy
2012-05-22 09:11:48.772208 7f1e34f99700 10 client.11845.objecter maybe_request_map subscribing (onetime) to next osd map
2012-05-22 09:11:48.772212 7f1e34f99700 1 -- 46.19.94.16:0/1020342 --> 46.19.94.11:6800/3456 -- ping v1 -- ?+0 0x11ff510 con 0x7f1e3000a240
2012-05-22 09:11:48.772220 7f1e34f99700 20 -- 46.19.94.16:0/1020342 submit_message ping v1 remote 46.19.94.11:6800/3456
2012-05-22 09:11:48.772241 7f1e34798700 10 -- 46.19.94.16:0/1020342 >> 46.19.94.11:6800/3456 pipe(0x7f1e30009fd0 sd=5 pgs=23 cs=1 l=1).writer: state = 2 policy.server=0
2012-05-22 09:11:48.772256 7f1e34798700 20 -- 46.19.94.16:0/1020342 >> 46.19.94.11:6800/3456 pipe(0x7f1e30009fd0 sd=5 pgs=23 cs=1 l=1).writer encoding 14 0x11ff510 ping v1
2012-05-22 09:11:48.772261 7f1e34798700 20 -- 46.19.94.16:0/1020342 >> 46.19.94.11:6800/3456 pipe(0x7f1e30009fd0 sd=5 pgs=23 cs=1 l=1).writer sending 14 0x11ff510
2012-05-22 09:11:48.772265 7f1e34798700 20 -- 46.19.94.16:0/1020342 >> 46.19.94.11:6800/3456 pipe(0x7f1e30009fd0 sd=5 pgs=23 cs=1 l=1).write_message 0x11ff510
2012-05-22 09:11:48.772287 7f1e34798700 10 -- 46.19.94.16:0/1020342 >> 46.19.94.11:6800/3456 pipe(0x7f1e30009fd0 sd=5 pgs=23 cs=1 l=1).writer: state = 2 policy.server=0
2012-05-22 09:11:48.772292 7f1e34798700 20 -- 46.19.94.16:0/1020342 >> 46.19.94.11:6800/3456 pipe(0x7f1e30009fd0 sd=5 pgs=23 cs=1 l=1).writer sleeping
2012-05-22 09:11:48.973115 7f1e34697700 20 -- 46.19.94.16:0/1020342 >> 46.19.94.11:6800/3456 pipe(0x7f1e30009fd0 sd=5 pgs=23 cs=1 l=1).reader got ACK
2012-05-22 09:11:48.973165 7f1e34697700 15 reader got ack seq 14
2012-05-22 09:11:48.973166 7f1e34697700 20 -- 46.19.94.16:0/1020342 >> 46.19.94.11:6800/3456 pipe(0x7f1e30009fd0 sd=5 pgs=23 cs=1 l=1).reader reading tag...
2012-05-22 09:11:53.772319 7f1e34f99700 10 client.11845.objecter tick
2012-05-22 09:11:53.772337 7f1e34f99700 2 client.11845.objecter tid 1 on osd.2 is laggy
2012-05-22 09:11:53.772341 7f1e34f99700 10 client.11845.objecter maybe_request_map subscribing (onetime) to next osd map
2012-05-22 09:11:53.772345 7f1e34f99700 1 -- 46.19.94.16:0/1020342 --> 46.19.94.11:6800/3456 -- ping v1 -- ?+0 0x1200530 con 0x7f1e3000a240
2012-05-22 09:11:53.772354 7f1e34f99700 20 -- 46.19.94.16:0/1020342 submit_message ping v1 remote 46.19.94.11:6800/3456
2012-05-22 09:11:53.772375 7f1e34798700 10 -- 46.19.94.16:0/1020342 >> 46.19.94.11:6800/3456 pipe(0x7f1e30009fd0 sd=5 pgs=23 cs=1 l=1).writer: state = 2 policy.server=0
2012-05-22 09:11:53.772396 7f1e34798700 20 -- 46.19.94.16:0/1020342 >> 46.19.94.11:6800/3456 pipe(0x7f1e30009fd0 sd=5 pgs=23 cs=1 l=1).writer encoding 15 0x1200530 ping v1
2012-05-22 09:11:53.772401 7f1e34798700 20 -- 46.19.94.16:0/1020342 >> 46.19.94.11:6800/3456 pipe(0x7f1e30009fd0 sd=5 pgs=23 cs=1 l=1).writer sending 15 0x1200530
2012-05-22 09:11:53.772406 7f1e34798700 20 -- 46.19.94.16:0/1020342 >> 46.19.94.11:6800/3456 pipe(0x7f1e30009fd0 sd=5 pgs=23 cs=1 l=1).write_message 0x1200530
2012-05-22 09:11:53.772432 7f1e34798700 10 -- 46.19.94.16:0/1020342 >> 46.19.94.11:6800/3456 pipe(0x7f1e30009fd0 sd=5 pgs=23 cs=1 l=1).writer: state = 2 policy.server=0
2012-05-22 09:11:53.772438 7f1e34798700 20 -- 46.19.94.16:0/1020342 >> 46.19.94.11:6800/3456 pipe(0x7f1e30009fd0 sd=5 pgs=23 cs=1 l=1).writer sleeping
2012-05-22 09:11:53.973081 7f1e34697700 20 -- 46.19.94.16:0/1020342 >> 46.19.94.11:6800/3456 pipe(0x7f1e30009fd0 sd=5 pgs=23 cs=1 l=1).reader got ACK
2012-05-22 09:11:53.973114 7f1e34697700 15 reader got ack seq 15
2012-05-22 09:11:53.973115 7f1e34697700 20 -- 46.19.94.16:0/1020342 >> 46.19.94.11:6800/3456 pipe(0x7f1e30009fd0 sd=5 pgs=23 cs=1 l=1).reader reading tag...
2012-05-22 09:11:56.766704 7f1e3609c700 20 -- 46.19.94.16:0/1020342 send_keepalive con 0x11e9460, have pipe.
2012-05-22 09:11:56.766744 7f1e3a4ae700 10 -- 46.19.94.16:0/1020342 >> 46.19.94.1:6789/0 pipe(0x11e91f0 sd=3 pgs=258 cs=1 l=1).writer: state = 2 policy.server=0
2012-05-22 09:11:56.766765 7f1e3a4ae700 10 -- 46.19.94.16:0/1020342 >> 46.19.94.1:6789/0 pipe(0x11e91f0 sd=3 pgs=258 cs=1 l=1).write_keepalive
2012-05-22 09:11:56.766782 7f1e3a4ae700 10 -- 46.19.94.16:0/1020342 >> 46.19.94.1:6789/0 pipe(0x11e91f0 sd=3 pgs=258 cs=1 l=1).writer: state = 2 policy.server=0
2012-05-22 09:11:56.766787 7f1e3a4ae700 20 -- 46.19.94.16:0/1020342 >> 46.19.94.1:6789/0 pipe(0x11e91f0 sd=3 pgs=258 cs=1 l=1).writer sleeping
2012-05-22 09:11:58.772452 7f1e34f99700 10 client.11845.objecter tick
2012-05-22 09:11:58.772468 7f1e34f99700 2 client.11845.objecter tid 1 on osd.2 is laggy
2012-05-22 09:11:58.772471 7f1e34f99700 10 client.11845.objecter maybe_request_map subscribing (onetime) to next osd map
2012-05-22 09:11:58.772475 7f1e34f99700 1 -- 46.19.94.16:0/1020342 --> 46.19.94.11:6800/3456 -- ping v1 -- ?+0 0x1201620 con 0x7f1e3000a240
2012-05-22 09:11:58.772482 7f1e34f99700 20 -- 46.19.94.16:0/1020342 submit_message ping v1 remote 46.19.94.11:6800/3456
2012-05-22 09:11:58.772504 7f1e34798700 10 -- 46.19.94.16:0/1020342 >> 46.19.94.11:6800/3456 pipe(0x7f1e30009fd0 sd=5 pgs=23 cs=1 l=1).writer: state = 2 policy.server=0
2012-05-22 09:11:58.772518 7f1e34798700 20 -- 46.19.94.16:0/1020342 >> 46.19.94.11:6800/3456 pipe(0x7f1e30009fd0 sd=5 pgs=23 cs=1 l=1).writer encoding 16 0x1201620 ping v1
2012-05-22 09:11:58.772523 7f1e34798700 20 -- 46.19.94.16:0/1020342 >> 46.19.94.11:6800/3456 pipe(0x7f1e30009fd0 sd=5 pgs=23 cs=1 l=1).writer sending 16 0x1201620
2012-05-22 09:11:58.772528 7f1e34798700 20 -- 46.19.94.16:0/1020342 >> 46.19.94.11:6800/3456 pipe(0x7f1e30009fd0 sd=5 pgs=23 cs=1 l=1).write_message 0x1201620
2012-05-22 09:11:58.772551 7f1e34798700 10 -- 46.19.94.16:0/1020342 >> 46.19.94.11:6800/3456 pipe(0x7f1e30009fd0 sd=5 pgs=23 cs=1 l=1).writer: state = 2 policy.server=0
2012-05-22 09:11:58.772556 7f1e34798700 20 -- 46.19.94.16:0/1020342 >> 46.19.94.11:6800/3456 pipe(0x7f1e30009fd0 sd=5 pgs=23 cs=1 l=1).writer sleeping
2012-05-22 09:11:58.973401 7f1e34697700 20 -- 46.19.94.16:0/1020342 >> 46.19.94.11:6800/3456 pipe(0x7f1e30009fd0 sd=5 pgs=23 cs=1 l=1).reader got ACK
2012-05-22 09:11:58.973422 7f1e34697700 15 reader got ack seq 16
2012-05-22 09:11:58.973423 7f1e34697700 20 -- 46.19.94.16:0/1020342 >> 46.19.94.11:6800/3456 pipe(0x7f1e30009fd0 sd=5 pgs=23 cs=1 l=1).reader reading tag...
2012-05-22 09:12:03.772580 7f1e34f99700 10 client.11845.objecter tick
2012-05-22 09:12:03.772595 7f1e34f99700 2 client.11845.objecter tid 1 on osd.2 is laggy
2012-05-22 09:12:03.772599 7f1e34f99700 10 client.11845.objecter maybe_request_map subscribing (onetime) to next osd map
2012-05-22 09:12:03.772602 7f1e34f99700 1 -- 46.19.94.16:0/1020342 --> 46.19.94.11:6800/3456 -- ping v1 -- ?+0 0x1202640 con 0x7f1e3000a240
2012-05-22 09:12:03.772610 7f1e34f99700 20 -- 46.19.94.16:0/1020342 submit_message ping v1 remote 46.19.94.11:6800/3456
2012-05-22 09:12:03.772632 7f1e34798700 10 -- 46.19.94.16:0/1020342 >> 46.19.94.11:6800/3456 pipe(0x7f1e30009fd0 sd=5 pgs=23 cs=1 l=1).writer: state = 2 policy.server=0
2012-05-22 09:12:03.772655 7f1e34798700 20 -- 46.19.94.16:0/1020342 >> 46.19.94.11:6800/3456 pipe(0x7f1e30009fd0 sd=5 pgs=23 cs=1 l=1).writer encoding 17 0x1202640 ping v1
2012-05-22 09:12:03.772660 7f1e34798700 20 -- 46.19.94.16:0/1020342 >> 46.19.94.11:6800/3456 pipe(0x7f1e30009fd0 sd=5 pgs=23 cs=1 l=1).writer sending 17 0x1202640
2012-05-22 09:12:03.772665 7f1e34798700 20 -- 46.19.94.16:0/1020342 >> 46.19.94.11:6800/3456 pipe(0x7f1e30009fd0 sd=5 pgs=23 cs=1 l=1).write_message 0x1202640
2012-05-22 09:12:03.772690 7f1e34798700 10 -- 46.19.94.16:0/1020342 >> 46.19.94.11:6800/3456 pipe(0x7f1e30009fd0 sd=5 pgs=23 cs=1 l=1).writer: state = 2 policy.server=0
2012-05-22 09:12:03.772696 7f1e34798700 20 -- 46.19.94.16:0/1020342 >> 46.19.94.11:6800/3456 pipe(0x7f1e30009fd0 sd=5 pgs=23 cs=1 l=1).writer sleeping
2012-05-22 09:12:03.973085 7f1e34697700 20 -- 46.19.94.16:0/1020342 >> 46.19.94.11:6800/3456 pipe(0x7f1e30009fd0 sd=5 pgs=23 cs=1 l=1).reader got ACK
2012-05-22 09:12:03.973111 7f1e34697700 15 reader got ack seq 17
2012-05-22 09:12:03.973112 7f1e34697700 20 -- 46.19.94.16:0/1020342 >> 46.19.94.11:6800/3456 pipe(0x7f1e30009fd0 sd=5 pgs=23 cs=1 l=1).reader reading tag...
2012-05-22 09:12:06.766820 7f1e3609c700 20 -- 46.19.94.16:0/1020342 send_keepalive con 0x11e9460, have pipe.
2012-05-22 09:12:06.766859 7f1e3a4ae700 10 -- 46.19.94.16:0/1020342 >> 46.19.94.1:6789/0 pipe(0x11e91f0 sd=3 pgs=258 cs=1 l=1).writer: state = 2 policy.server=0
2012-05-22 09:12:06.766875 7f1e3a4ae700 10 -- 46.19.94.16:0/1020342 >> 46.19.94.1:6789/0 pipe(0x11e91f0 sd=3 pgs=258 cs=1 l=1).write_keepalive
2012-05-22 09:12:06.766894 7f1e3a4ae700 10 -- 46.19.94.16:0/1020342 >> 46.19.94.1:6789/0 pipe(0x11e91f0 sd=3 pgs=258 cs=1 l=1).writer: state = 2 policy.server=0
2012-05-22 09:12:06.766899 7f1e3a4ae700 20 -- 46.19.94.16:0/1020342 >> 46.19.94.1:6789/0 pipe(0x11e91f0 sd=3 pgs=258 cs=1 l=1).writer sleeping
2012-05-22 09:12:08.772708 7f1e34f99700 10 client.11845.objecter tick
2012-05-22 09:12:08.772723 7f1e34f99700 2 client.11845.objecter tid 1 on osd.2 is laggy
2012-05-22 09:12:08.772726 7f1e34f99700 10 client.11845.objecter maybe_request_map subscribing (onetime) to next osd map
2012-05-22 09:12:08.772730 7f1e34f99700 1 -- 46.19.94.16:0/1020342 --> 46.19.94.11:6800/3456 -- ping v1 -- ?+0 0x1203730 con 0x7f1e3000a240
2012-05-22 09:12:08.772737 7f1e34f99700 20 -- 46.19.94.16:0/1020342 submit_message ping v1 remote 46.19.94.11:6800/3456
2012-05-22 09:12:08.772758 7f1e34798700 10 -- 46.19.94.16:0/1020342 >> 46.19.94.11:6800/3456 pipe(0x7f1e30009fd0 sd=5 pgs=23 cs=1 l=1).writer: state = 2 policy.server=0
2012-05-22 09:12:08.772773 7f1e34798700 20 -- 46.19.94.16:0/1020342 >> 46.19.94.11:6800/3456 pipe(0x7f1e30009fd0 sd=5 pgs=23 cs=1 l=1).writer encoding 18 0x1203730 ping v1
2012-05-22 09:12:08.772778 7f1e34798700 20 -- 46.19.94.16:0/1020342 >> 46.19.94.11:6800/3456 pipe(0x7f1e30009fd0 sd=5 pgs=23 cs=1 l=1).writer sending 18 0x1203730
2012-05-22 09:12:08.772783 7f1e34798700 20 -- 46.19.94.16:0/1020342 >> 46.19.94.11:6800/3456 pipe(0x7f1e30009fd0 sd=5 pgs=23 cs=1 l=1).write_message 0x1203730
2012-05-22 09:12:08.772813 7f1e34798700 10 -- 46.19.94.16:0/1020342 >> 46.19.94.11:6800/3456 pipe(0x7f1e30009fd0 sd=5 pgs=23 cs=1 l=1).writer: state = 2 policy.server=0
2012-05-22 09:12:08.772819 7f1e34798700 20 -- 46.19.94.16:0/1020342 >> 46.19.94.11:6800/3456 pipe(0x7f1e30009fd0 sd=5 pgs=23 cs=1 l=1).writer sleeping
2012-05-22 09:12:08.973140 7f1e34697700 20 -- 46.19.94.16:0/1020342 >> 46.19.94.11:6800/3456 pipe(0x7f1e30009fd0 sd=5 pgs=23 cs=1 l=1).reader got ACK
2012-05-22 09:12:08.973167 7f1e34697700 15 reader got ack seq 18
2012-05-22 09:12:08.973168 7f1e34697700 20 -- 46.19.94.16:0/1020342 >> 46.19.94.11:6800/3456 pipe(0x7f1e30009fd0 sd=5 pgs=23 cs=1 l=1).reader reading tag...
2012-05-22 09:12:13.772840 7f1e34f99700 10 client.11845.objecter tick
2012-05-22 09:12:13.772855 7f1e34f99700 2 client.11845.objecter tid 1 on osd.2 is laggy
2012-05-22 09:12:13.772858 7f1e34f99700 10 client.11845.objecter maybe_request_map subscribing (onetime) to next osd map
2012-05-22 09:12:13.772862 7f1e34f99700 1 -- 46.19.94.16:0/1020342 --> 46.19.94.11:6800/3456 -- ping v1 -- ?+0 0x1204750 con 0x7f1e3000a240
2012-05-22 09:12:13.772869 7f1e34f99700 20 -- 46.19.94.16:0/1020342 submit_message ping v1 remote 46.19.94.11:6800/3456
2012-05-22 09:12:13.772890 7f1e34798700 10 -- 46.19.94.16:0/1020342 >> 46.19.94.11:6800/3456 pipe(0x7f1e30009fd0 sd=5 pgs=23 cs=1 l=1).writer: state = 2 policy.server=0
2012-05-22 09:12:13.772906 7f1e34798700 20 -- 46.19.94.16:0/1020342 >> 46.19.94.11:6800/3456 pipe(0x7f1e30009fd0 sd=5 pgs=23 cs=1 l=1).writer encoding 19 0x1204750 ping v1
2012-05-22 09:12:13.772911 7f1e34798700 20 -- 46.19.94.16:0/1020342 >> 46.19.94.11:6800/3456 pipe(0x7f1e30009fd0 sd=5 pgs=23 cs=1 l=1).writer sending 19 0x1204750
2012-05-22 09:12:13.772916 7f1e34798700 20 -- 46.19.94.16:0/1020342 >> 46.19.94.11:6800/3456 pipe(0x7f1e30009fd0 sd=5 pgs=23 cs=1 l=1).write_message 0x1204750
2012-05-22 09:12:13.772946 7f1e34798700 10 -- 46.19.94.16:0/1020342 >> 46.19.94.11:6800/3456 pipe(0x7f1e30009fd0 sd=5 pgs=23 cs=1 l=1).writer: state = 2 policy.server=0
2012-05-22 09:12:13.772951 7f1e34798700 20 -- 46.19.94.16:0/1020342 >> 46.19.94.11:6800/3456 pipe(0x7f1e30009fd0 sd=5 pgs=23 cs=1 l=1).writer sleeping
2012-05-22 09:12:13.977087 7f1e34697700 20 -- 46.19.94.16:0/1020342 >> 46.19.94.11:6800/3456 pipe(0x7f1e30009fd0 sd=5 pgs=23 cs=1 l=1).reader got ACK
2012-05-22 09:12:13.977113 7f1e34697700 15 reader got ack seq 19
2012-05-22 09:12:13.977115 7f1e34697700 20 -- 46.19.94.16:0/1020342 >> 46.19.94.11:6800/3456 pipe(0x7f1e30009fd0 sd=5 pgs=23 cs=1 l=1).reader reading tag...
2012-05-22 09:12:16.766934 7f1e3609c700 20 -- 46.19.94.16:0/1020342 send_keepalive con 0x11e9460, have pipe.
2012-05-22 09:12:16.766973 7f1e3a4ae700 10 -- 46.19.94.16:0/1020342 >> 46.19.94.1:6789/0 pipe(0x11e91f0 sd=3 pgs=258 cs=1 l=1).writer: state = 2 policy.server=0
2012-05-22 09:12:16.766989 7f1e3a4ae700 10 -- 46.19.94.16:0/1020342 >> 46.19.94.1:6789/0 pipe(0x11e91f0 sd=3 pgs=258 cs=1 l=1).write_keepalive
2012-05-22 09:12:16.767008 7f1e3a4ae700 10 -- 46.19.94.16:0/1020342 >> 46.19.94.1:6789/0 pipe(0x11e91f0 sd=3 pgs=258 cs=1 l=1).writer: state = 2 policy.server=0
2012-05-22 09:12:16.767013 7f1e3a4ae700 20 -- 46.19.94.16:0/1020342 >> 46.19.94.1:6789/0 pipe(0x11e91f0 sd=3 pgs=258 cs=1 l=1).writer sleeping
2012-05-22 09:12:18.772964 7f1e34f99700 10 client.11845.objecter tick
2012-05-22 09:12:18.772980 7f1e34f99700 2 client.11845.objecter tid 1 on osd.2 is laggy
2012-05-22 09:12:18.772983 7f1e34f99700 10 client.11845.objecter maybe_request_map subscribing (onetime) to next osd map
2012-05-22 09:12:18.772987 7f1e34f99700 1 -- 46.19.94.16:0/1020342 --> 46.19.94.11:6800/3456 -- ping v1 -- ?+0 0x1205840 con 0x7f1e3000a240
2012-05-22 09:12:18.772994 7f1e34f99700 20 -- 46.19.94.16:0/1020342 submit_message ping v1 remote 46.19.94.11:6800/3456
2012-05-22 09:12:18.773015 7f1e34798700 10 -- 46.19.94.16:0/1020342 >> 46.19.94.11:6800/3456 pipe(0x7f1e30009fd0 sd=5 pgs=23 cs=1 l=1).writer: state = 2 policy.server=0
2012-05-22 09:12:18.773030 7f1e34798700 20 -- 46.19.94.16:0/1020342 >> 46.19.94.11:6800/3456 pipe(0x7f1e30009fd0 sd=5 pgs=23 cs=1 l=1).writer encoding 20 0x1205840 ping v1
2012-05-22 09:12:18.773035 7f1e34798700 20 -- 46.19.94.16:0/1020342 >> 46.19.94.11:6800/3456 pipe(0x7f1e30009fd0 sd=5 pgs=23 cs=1 l=1).writer sending 20 0x1205840
2012-05-22 09:12:18.773040 7f1e34798700 20 -- 46.19.94.16:0/1020342 >> 46.19.94.11:6800/3456 pipe(0x7f1e30009fd0 sd=5 pgs=23 cs=1 l=1).write_message 0x1205840
2012-05-22 09:12:18.773068 7f1e34798700 10 -- 46.19.94.16:0/1020342 >> 46.19.94.11:6800/3456 pipe(0x7f1e30009fd0 sd=5 pgs=23 cs=1 l=1).writer: state = 2 policy.server=0
2012-05-22 09:12:18.773074 7f1e34798700 20 -- 46.19.94.16:0/1020342 >> 46.19.94.11:6800/3456 pipe(0x7f1e30009fd0 sd=5 pgs=23 cs=1 l=1).writer sleeping
2012-05-22 09:12:18.977116 7f1e34697700 20 -- 46.19.94.16:0/1020342 >> 46.19.94.11:6800/3456 pipe(0x7f1e30009fd0 sd=5 pgs=23 cs=1 l=1).reader got ACK
2012-05-22 09:12:18.977148 7f1e34697700 15 reader got ack seq 20
2012-05-22 09:12:18.977149 7f1e34697700 20 -- 46.19.94.16:0/1020342 >> 46.19.94.11:6800/3456 pipe(0x7f1e30009fd0 sd=5 pgs=23 cs=1 l=1).reader reading tag...
^C
(2-2/14)