2018-04-05 11:41:59.828957 7f9fcfc75700 4 rocksdb: EVENT_LOG_v1 {"time_micros": 1522928519828955, "job": 17, "event": "table_file_deletion", "file_number": 37}
2018-04-05 11:41:59.828964 7f9fcfc75700 4 rocksdb: EVENT_LOG_v1 {"time_micros": 1522928519828963, "job": 17, "event": "table_file_deletion", "file_number": 35}
2018-04-05 11:41:59.828972 7f9fcfc75700 4 rocksdb: EVENT_LOG_v1 {"time_micros": 1522928519828971, "job": 17, "event": "table_file_deletion", "file_number": 34}
2018-04-05 11:41:59.828978 7f9fcfc75700 4 rocksdb: EVENT_LOG_v1 {"time_micros": 1522928519828977, "job": 17, "event": "table_file_deletion", "file_number": 33}
2018-04-05 11:41:59.828986 7f9fcfc75700 4 rocksdb: EVENT_LOG_v1 {"time_micros": 1522928519828984, "job": 17, "event": "table_file_deletion", "file_number": 31}
2018-04-05 11:41:59.829052 7f9fcfc75700 4 rocksdb: [/builddir/build/BUILD/ceph-12.2.4/src/rocksdb/db/compaction_job.cc:1403] [default] [JOB 18] Compacting 1@1 + 2@2 files to L2, score 1.94
2018-04-05 11:41:59.829060 7f9fcfc75700 4 rocksdb: [/builddir/build/BUILD/ceph-12.2.4/src/rocksdb/db/compaction_job.cc:1407] [default] Compaction start summary: Base version 17 Base level 1, inputs: [43(65MB)], [29(65MB) 30(65MB)]

2018-04-05 11:41:59.829071 7f9fcfc75700 4 rocksdb: EVENT_LOG_v1 {"time_micros": 1522928519829062, "job": 18, "event": "compaction_started", "files_L1": [43], "files_L2": [29, 30], "score": 1.94211, "input_data_size": 206188885}
2018-04-05 11:42:00.227977 7f9fcfc75700 4 rocksdb: [/builddir/build/BUILD/ceph-12.2.4/src/rocksdb/db/compaction_job.cc:1116] [default] [JOB 18] Generated table #50: 116379 keys, 68728809 bytes
2018-04-05 11:42:00.228024 7f9fcfc75700 4 rocksdb: EVENT_LOG_v1 {"time_micros": 1522928520227987, "cf_name": "default", "job": 18, "event": "table_file_creation", "file_number": 50, "file_size": 68728809, "table_properties": {"data_size": 67111160, "index_size": 1170387, "filter_size": 446275, "raw_key_size": 7808057, "raw_average_key_size": 67, "raw_value_size": 63419967, "raw_average_value_size": 544, "num_data_blocks": 17110, "num_entries": 116379, "filter_policy_name": "rocksdb.BuiltinBloomFilter", "kDeletedKeys": "0", "kMergeOperands": "0"}}
2018-04-05 11:42:00.630859 7f9fcfc75700 4 rocksdb: [/builddir/build/BUILD/ceph-12.2.4/src/rocksdb/db/compaction_job.cc:1116] [default] [JOB 18] Generated table #51: 116559 keys, 68730590 bytes
2018-04-05 11:42:00.630881 7f9fcfc75700 4 rocksdb: EVENT_LOG_v1 {"time_micros": 1522928520630869, "cf_name": "default", "job": 18, "event": "table_file_creation", "file_number": 51, "file_size": 68730590, "table_properties": {"data_size": 67109849, "index_size": 1173031, "filter_size": 446723, "raw_key_size": 7820522, "raw_average_key_size": 67, "raw_value_size": 63414594, "raw_average_value_size": 544, "num_data_blocks": 17107, "num_entries": 116559, "filter_policy_name": "rocksdb.BuiltinBloomFilter", "kDeletedKeys": "0", "kMergeOperands": "0"}}
2018-04-05 11:42:01.034628 7f9fcfc75700 4 rocksdb: [/builddir/build/BUILD/ceph-12.2.4/src/rocksdb/db/compaction_job.cc:1116] [default] [JOB 18] Generated table #52: 116329 keys, 68726123 bytes
2018-04-05 11:42:01.034650 7f9fcfc75700 4 rocksdb: EVENT_LOG_v1 {"time_micros": 1522928521034638, "cf_name": "default", "job": 18, "event": "table_file_creation", "file_number": 52, "file_size": 68726123, "table_properties": {"data_size": 67111035, "index_size": 1167973, "filter_size": 446128, "raw_key_size": 7804377, "raw_average_key_size": 67, "raw_value_size": 63421040, "raw_average_value_size": 545, "num_data_blocks": 17097, "num_entries": 116329, "filter_policy_name": "rocksdb.BuiltinBloomFilter", "kDeletedKeys": "0", "kMergeOperands": "0"}}
2018-04-05 11:42:01.038194 7f9fcfc75700 4 rocksdb: [/builddir/build/BUILD/ceph-12.2.4/src/rocksdb/db/compaction_job.cc:1116] [default] [JOB 18] Generated table #53: 7 keys, 4830 bytes
2018-04-05 11:42:01.038211 7f9fcfc75700 4 rocksdb: EVENT_LOG_v1 {"time_micros": 1522928521038202, "cf_name": "default", "job": 18, "event": "table_file_creation", "file_number": 53, "file_size": 4830, "table_properties": {"data_size": 3807, "index_size": 28, "filter_size": 28, "raw_key_size": 471, "raw_average_key_size": 67, "raw_value_size": 3587, "raw_average_value_size": 512, "num_data_blocks": 1, "num_entries": 7, "filter_policy_name": "rocksdb.BuiltinBloomFilter", "kDeletedKeys": "0", "kMergeOperands": "0"}}
2018-04-05 11:42:01.038226 7f9fcfc75700 4 rocksdb: [/builddir/build/BUILD/ceph-12.2.4/src/rocksdb/db/compaction_job.cc:1173] [default] [JOB 18] Compacted 1@1 + 2@2 files to L2 => 206190352 bytes
2018-04-05 11:42:01.038504 7f9fcfc75700 4 rocksdb: (Original Log Time 2018/04/05-11:42:01.038445) [/builddir/build/BUILD/ceph-12.2.4/src/rocksdb/db/compaction_job.cc:621] [default] compacted to: base level 1 max bytes base 268435456 files[0 7 6 0 0 0 0] max score 1.69, MB/sec: 170.5 rd, 170.5 wr, level 2, files in(1, 2) out(4) MB in(65.5, 131.1) out(196.6), read-write-amplify(6.0) write-amplify(3.0) OK, records in: 349274, records dropped: 0

2018-04-05 11:42:01.038527 7f9fcfc75700 4 rocksdb: (Original Log Time 2018/04/05-11:42:01.038463) EVENT_LOG_v1 {"time_micros": 1522928521038455, "job": 18, "event": "compaction_finished", "compaction_time_micros": 1209146, "output_level": 2, "num_output_files": 4, "total_output_size": 206190352, "num_input_records": 349274, "num_output_records": 349274, "num_subcompactions": 1, "num_single_delete_mismatches": 0, "num_single_delete_fallthrough": 0, "lsm_state": [0, 7, 6, 0, 0, 0, 0]}
2018-04-05 11:42:01.038583 7f9fcfc75700 4 rocksdb: EVENT_LOG_v1 {"time_micros": 1522928521038580, "job": 18, "event": "table_file_deletion", "file_number": 43}
2018-04-05 11:42:01.038590 7f9fcfc75700 4 rocksdb: EVENT_LOG_v1 {"time_micros": 1522928521038589, "job": 18, "event": "table_file_deletion", "file_number": 30}
2018-04-05 11:42:01.038597 7f9fcfc75700 4 rocksdb: EVENT_LOG_v1 {"time_micros": 1522928521038596, "job": 18, "event": "table_file_deletion", "file_number": 29}
2018-04-05 11:42:01.038611 7f9fcfc75700 4 rocksdb: [/builddir/build/BUILD/ceph-12.2.4/src/rocksdb/db/compaction_picker.cc:461] [default] Expanding@1 1+1(68728690+68729306 bytes) to 2+1 (137456471+68729306bytes)

2018-04-05 11:42:01.038624 7f9fcfc75700 4 rocksdb: [/builddir/build/BUILD/ceph-12.2.4/src/rocksdb/db/compaction_job.cc:1403] [default] [JOB 19] Compacting 2@1 + 1@2 files to L2, score 1.69
2018-04-05 11:42:01.038630 7f9fcfc75700 4 rocksdb: [/builddir/build/BUILD/ceph-12.2.4/src/rocksdb/db/compaction_job.cc:1407] [default] Compaction start summary: Base version 18 Base level 1, inputs: [44(65MB) 45(65MB)], [32(65MB)]

2018-04-05 11:42:01.038638 7f9fcfc75700 4 rocksdb: EVENT_LOG_v1 {"time_micros": 1522928521038632, "job": 19, "event": "compaction_started", "files_L1": [44, 45], "files_L2": [32], "score": 1.68608, "input_data_size": 206185777}
2018-04-05 11:42:01.435813 7f9fcfc75700 4 rocksdb: [/builddir/build/BUILD/ceph-12.2.4/src/rocksdb/db/compaction_job.cc:1116] [default] [JOB 19] Generated table #54: 116485 keys, 68728603 bytes
2018-04-05 11:42:01.435852 7f9fcfc75700 4 rocksdb: EVENT_LOG_v1 {"time_micros": 1522928521435823, "cf_name": "default", "job": 19, "event": "table_file_creation", "file_number": 54, "file_size": 68728603, "table_properties": {"data_size": 67112199, "index_size": 1168871, "filter_size": 446546, "raw_key_size": 7815045, "raw_average_key_size": 67, "raw_value_size": 63418999, "raw_average_value_size": 544, "num_data_blocks": 17104, "num_entries": 116485, "filter_policy_name": "rocksdb.BuiltinBloomFilter", "kDeletedKeys": "0", "kMergeOperands": "0"}}
2018-04-05 11:42:01.831891 7f9fcfc75700 4 rocksdb: [/builddir/build/BUILD/ceph-12.2.4/src/rocksdb/db/compaction_job.cc:1116] [default] [JOB 19] Generated table #55: 116598 keys, 68728962 bytes
2018-04-05 11:42:01.831914 7f9fcfc75700 4 rocksdb: EVENT_LOG_v1 {"time_micros": 1522928521831901, "cf_name": "default", "job": 19, "event": "table_file_creation", "file_number": 55, "file_size": 68728962, "table_properties": {"data_size": 67109695, "index_size": 1171421, "filter_size": 446859, "raw_key_size": 7823704, "raw_average_key_size": 67, "raw_value_size": 63419738, "raw_average_value_size": 543, "num_data_blocks": 17110, "num_entries": 116598, "filter_policy_name": "rocksdb.BuiltinBloomFilter", "kDeletedKeys": "0", "kMergeOperands": "0"}}
2018-04-05 11:42:02.237385 7f9fcfc75700 4 rocksdb: [/builddir/build/BUILD/ceph-12.2.4/src/rocksdb/db/compaction_job.cc:1116] [default] [JOB 19] Generated table #56: 116471 keys, 68728238 bytes
2018-04-05 11:42:02.237406 7f9fcfc75700 4 rocksdb: EVENT_LOG_v1 {"time_micros": 1522928522237394, "cf_name": "default", "job": 19, "event": "table_file_creation", "file_number": 56, "file_size": 68728238, "table_properties": {"data_size": 67109833, "index_size": 1170874, "filter_size": 446544, "raw_key_size": 7814598, "raw_average_key_size": 67, "raw_value_size": 63418535, "raw_average_value_size": 544, "num_data_blocks": 17116, "num_entries": 116471, "filter_policy_name": "rocksdb.BuiltinBloomFilter", "kDeletedKeys": "0", "kMergeOperands": "0"}}
2018-04-05 11:42:02.237425 7f9fcfc75700 4 rocksdb: [/builddir/build/BUILD/ceph-12.2.4/src/rocksdb/db/compaction_job.cc:1173] [default] [JOB 19] Compacted 2@1 + 1@2 files to L2 => 206185803 bytes
2018-04-05 11:42:02.237697 7f9fcfc75700 4 rocksdb: (Original Log Time 2018/04/05-11:42:02.237633) [/builddir/build/BUILD/ceph-12.2.4/src/rocksdb/db/compaction_job.cc:621] [default] compacted to: base level 1 max bytes base 268435456 files[0 5 8 0 0 0 0] max score 1.17, MB/sec: 172.0 rd, 172.0 wr, level 2, files in(2, 1) out(3) MB in(131.1, 65.5) out(196.6), read-write-amplify(3.0) write-amplify(1.5) OK, records in: 349554, records dropped: 0

2018-04-05 11:42:02.237704 7f9fcfc75700 4 rocksdb: (Original Log Time 2018/04/05-11:42:02.237651) EVENT_LOG_v1 {"time_micros": 1522928522237644, "job": 19, "event": "compaction_finished", "compaction_time_micros": 1198778, "output_level": 2, "num_output_files": 3, "total_output_size": 206185803, "num_input_records": 349554, "num_output_records": 349554, "num_subcompactions": 1, "num_single_delete_mismatches": 0, "num_single_delete_fallthrough": 0, "lsm_state": [0, 5, 8, 0, 0, 0, 0]}
2018-04-05 11:42:02.237731 7f9fcfc75700 4 rocksdb: EVENT_LOG_v1 {"time_micros": 1522928522237728, "job": 19, "event": "table_file_deletion", "file_number": 45}
2018-04-05 11:42:02.237741 7f9fcfc75700 4 rocksdb: EVENT_LOG_v1 {"time_micros": 1522928522237739, "job": 19, "event": "table_file_deletion", "file_number": 44}
2018-04-05 11:42:02.237749 7f9fcfc75700 4 rocksdb: EVENT_LOG_v1 {"time_micros": 1522928522237748, "job": 19, "event": "table_file_deletion", "file_number": 32}
2018-04-05 11:42:02.239065 7f9fcfc75700 4 rocksdb: (Original Log Time 2018/04/05-11:42:02.237765) [/builddir/build/BUILD/ceph-12.2.4/src/rocksdb/db/db_impl_compaction_flush.cc:1509] [default] Moving #47 to level-2 68727843 bytes

2018-04-05 11:42:02.239071 7f9fcfc75700 4 rocksdb: (Original Log Time 2018/04/05-11:42:02.239049) EVENT_LOG_v1 {"time_micros": 1522928522239044, "job": 20, "event": "trivial_move", "destination_level": 2, "files": 1, "total_files_size": 68727843}
2018-04-05 11:42:02.239074 7f9fcfc75700 4 rocksdb: (Original Log Time 2018/04/05-11:42:02.239056) [/builddir/build/BUILD/ceph-12.2.4/src/rocksdb/db/db_impl_compaction_flush.cc:1537] [default] Moved #1 files to level-2 68727843 bytes OK: base level 1 max bytes base 268435456 files[0 4 9 0 0 0 0] max score 0.92

2018-04-05 12:11:32.994509 7f9fecc70700 0 -- 10.8.130.104:6801/24477 >> 10.8.128.124:6813/17398 conn(0x55fd5fe0c800 :6801 s=STATE_ACCEPTING_WAIT_CONNECT_MSG_AUTH pgs=0 cs=0 l=0).handle_connect_msg accept connect_seq 13 vs existing csq=13 existing_state=STATE_STANDBY
2018-04-05 12:11:32.994708 7f9fecc70700 0 -- 10.8.130.104:6801/24477 >> 10.8.128.124:6813/17398 conn(0x55fd5fe0c800 :6801 s=STATE_ACCEPTING_WAIT_CONNECT_MSG_AUTH pgs=0 cs=0 l=0).handle_connect_msg accept connect_seq 14 vs existing csq=13 existing_state=STATE_STANDBY
2018-04-05 12:13:11.337084 7f9fedc72700 0 -- 10.8.130.104:6801/24477 >> 10.8.128.127:6801/109673 conn(0x55fd25f14800 :6801 s=STATE_ACCEPTING_WAIT_CONNECT_MSG_AUTH pgs=0 cs=0 l=0).handle_connect_msg accept connect_seq 7 vs existing csq=7 existing_state=STATE_STANDBY
2018-04-05 12:13:11.337315 7f9fedc72700 0 -- 10.8.130.104:6801/24477 >> 10.8.128.127:6801/109673 conn(0x55fd25f14800 :6801 s=STATE_ACCEPTING_WAIT_CONNECT_MSG_AUTH pgs=0 cs=0 l=0).handle_connect_msg accept connect_seq 8 vs existing csq=7 existing_state=STATE_STANDBY
2018-04-05 12:13:11.343340 7f9fed471700 0 -- 10.8.130.104:6801/24477 >> 10.8.128.121:6801/24355 conn(0x55fd5fc8c000 :6801 s=STATE_ACCEPTING_WAIT_CONNECT_MSG_AUTH pgs=0 cs=0 l=0).handle_connect_msg accept connect_seq 3 vs existing csq=3 existing_state=STATE_STANDBY
2018-04-05 12:13:11.343479 7f9fedc72700 0 -- 10.8.130.104:6801/24477 >> 10.8.128.125:6822/13441 conn(0x55fd26f70000 :6801 s=STATE_ACCEPTING_WAIT_CONNECT_MSG_AUTH pgs=0 cs=0 l=0).handle_connect_msg accept connect_seq 11 vs existing csq=11 existing_state=STATE_STANDBY
2018-04-05 12:13:11.343554 7f9fed471700 0 -- 10.8.130.104:6801/24477 >> 10.8.128.121:6801/24355 conn(0x55fd5fc8c000 :6801 s=STATE_ACCEPTING_WAIT_CONNECT_MSG_AUTH pgs=0 cs=0 l=0).handle_connect_msg accept connect_seq 4 vs existing csq=3 existing_state=STATE_STANDBY
2018-04-05 12:13:11.344305 7f9fed471700 0 -- 10.8.130.104:6801/24477 >> 10.8.128.127:6817/110074 conn(0x55fd1b2c9800 :6801 s=STATE_ACCEPTING_WAIT_CONNECT_MSG_AUTH pgs=0 cs=0 l=0).handle_connect_msg accept connect_seq 15 vs existing csq=15 existing_state=STATE_STANDBY
2018-04-05 12:13:11.344546 7f9fed471700 0 -- 10.8.130.104:6801/24477 >> 10.8.128.127:6817/110074 conn(0x55fd1b2c9800 :6801 s=STATE_ACCEPTING_WAIT_CONNECT_MSG_AUTH pgs=0 cs=0 l=0).handle_connect_msg accept connect_seq 16 vs existing csq=15 existing_state=STATE_STANDBY
2018-04-05 12:13:11.345631 7f9fedc72700 0 -- 10.8.130.104:6801/24477 >> 10.8.128.127:6805/109785 conn(0x55fd4234f000 :6801 s=STATE_ACCEPTING_WAIT_CONNECT_MSG_AUTH pgs=0 cs=0 l=0).handle_connect_msg accept connect_seq 7 vs existing csq=7 existing_state=STATE_STANDBY
2018-04-05 12:13:11.345996 7f9fedc72700 0 -- 10.8.130.104:6801/24477 >> 10.8.128.122:6809/36501 conn(0x55fd42ab2000 :6801 s=STATE_ACCEPTING_WAIT_CONNECT_MSG_AUTH pgs=0 cs=0 l=0).handle_connect_msg accept connect_seq 7 vs existing csq=7 existing_state=STATE_STANDBY
2018-04-05 12:13:11.346063 7f9fedc72700 0 -- 10.8.130.104:6801/24477 >> 10.8.128.127:6805/109785 conn(0x55fd4234f000 :6801 s=STATE_ACCEPTING_WAIT_CONNECT_MSG_AUTH pgs=0 cs=0 l=0).handle_connect_msg accept connect_seq 8 vs existing csq=7 existing_state=STATE_STANDBY
2018-04-05 12:13:11.346199 7f9fedc72700 0 -- 10.8.130.104:6801/24477 >> 10.8.128.122:6809/36501 conn(0x55fd42ab2000 :6801 s=STATE_ACCEPTING_WAIT_CONNECT_MSG_AUTH pgs=0 cs=0 l=0).handle_connect_msg accept connect_seq 8 vs existing csq=7 existing_state=STATE_STANDBY
2018-04-05 12:13:11.346271 7f9fedc72700 0 -- 10.8.130.104:6801/24477 >> 10.8.128.125:6814/13119 conn(0x55fd30a5e800 :6801 s=STATE_ACCEPTING_WAIT_CONNECT_MSG_AUTH pgs=0 cs=0 l=0).handle_connect_msg accept connect_seq 7 vs existing csq=7 existing_state=STATE_STANDBY
2018-04-05 12:13:11.346702 7f9fedc72700 0 -- 10.8.130.104:6801/24477 >> 10.8.128.125:6814/13119 conn(0x55fd30a5e800 :6801 s=STATE_ACCEPTING_WAIT_CONNECT_MSG_AUTH pgs=0 cs=0 l=0).handle_connect_msg accept connect_seq 8 vs existing csq=7 existing_state=STATE_STANDBY
2018-04-05 12:13:11.347371 7f9fedc72700 0 -- 10.8.130.104:6801/24477 >> 10.8.128.125:6822/13441 conn(0x55fd26f70000 :6801 s=STATE_ACCEPTING_WAIT_CONNECT_MSG_AUTH pgs=0 cs=0 l=0).handle_connect_msg accept connect_seq 12 vs existing csq=11 existing_state=STATE_STANDBY
2018-04-05 12:13:11.349410 7f9fed471700 0 -- 10.8.130.104:6801/24477 >> 10.8.128.121:6809/24658 conn(0x55fd31dfd800 :6801 s=STATE_ACCEPTING_WAIT_CONNECT_MSG_AUTH pgs=0 cs=0 l=0).handle_connect_msg accept connect_seq 7 vs existing csq=7 existing_state=STATE_STANDBY
2018-04-05 12:13:11.349667 7f9fed471700 0 -- 10.8.130.104:6801/24477 >> 10.8.128.121:6809/24658 conn(0x55fd31dfd800 :6801 s=STATE_ACCEPTING_WAIT_CONNECT_MSG_AUTH pgs=0 cs=0 l=0).handle_connect_msg accept connect_seq 8 vs existing csq=7 existing_state=STATE_STANDBY
2018-04-05 12:13:11.350296 7f9fecc70700 0 -- 10.8.130.104:6801/24477 >> 10.8.128.124:6825/17908 conn(0x55fd34a9b800 :6801 s=STATE_ACCEPTING_WAIT_CONNECT_MSG_AUTH pgs=0 cs=0 l=0).handle_connect_msg accept connect_seq 15 vs existing csq=15 existing_state=STATE_STANDBY
2018-04-05 12:13:11.350636 7f9fecc70700 0 -- 10.8.130.104:6801/24477 >> 10.8.128.124:6825/17908 conn(0x55fd34a9b800 :6801 s=STATE_ACCEPTING_WAIT_CONNECT_MSG_AUTH pgs=0 cs=0 l=0).handle_connect_msg accept connect_seq 16 vs existing csq=15 existing_state=STATE_STANDBY
2018-04-05 12:13:11.351062 7f9fed471700 0 -- 10.8.130.104:6801/24477 >> 10.8.128.123:6821/2030328 conn(0x55fd29607000 :6801 s=STATE_ACCEPTING_WAIT_CONNECT_MSG_AUTH pgs=0 cs=0 l=0).handle_connect_msg accept connect_seq 7 vs existing csq=7 existing_state=STATE_STANDBY
2018-04-05 12:13:11.351638 7f9fed471700 0 -- 10.8.130.104:6801/24477 >> 10.8.128.123:6821/2030328 conn(0x55fd29607000 :6801 s=STATE_ACCEPTING_WAIT_CONNECT_MSG_AUTH pgs=0 cs=0 l=0).handle_connect_msg accept connect_seq 8 vs existing csq=7 existing_state=STATE_STANDBY
2018-04-05 12:13:11.351719 7f9fecc70700 0 -- 10.8.130.104:6801/24477 >> 10.8.128.125:6829/1012966 conn(0x55fd43e5e800 :6801 s=STATE_ACCEPTING_WAIT_CONNECT_MSG_AUTH pgs=0 cs=0 l=0).handle_connect_msg accept connect_seq 5 vs existing csq=5 existing_state=STATE_STANDBY
2018-04-05 12:13:11.351892 7f9fed471700 0 -- 10.8.130.104:6801/24477 >> 10.8.128.126:6821/64134 conn(0x55fd5fe08000 :6801 s=STATE_ACCEPTING_WAIT_CONNECT_MSG_AUTH pgs=0 cs=0 l=0).handle_connect_msg accept connect_seq 7 vs existing csq=7 existing_state=STATE_STANDBY
2018-04-05 12:13:11.352055 7f9fecc70700 0 -- 10.8.130.104:6801/24477 >> 10.8.128.125:6829/1012966 conn(0x55fd43e5e800 :6801 s=STATE_ACCEPTING_WAIT_CONNECT_MSG_AUTH pgs=0 cs=0 l=0).handle_connect_msg accept connect_seq 6 vs existing csq=5 existing_state=STATE_STANDBY
2018-04-05 12:13:11.352130 7f9fed471700 0 -- 10.8.130.104:6801/24477 >> 10.8.128.126:6821/64134 conn(0x55fd5fe08000 :6801 s=STATE_ACCEPTING_WAIT_CONNECT_MSG_AUTH pgs=0 cs=0 l=0).handle_connect_msg accept connect_seq 8 vs existing csq=7 existing_state=STATE_STANDBY
2018-04-05 12:13:11.352208 7f9fed471700 0 -- 10.8.130.104:6801/24477 >> 10.8.128.127:6828/1109878 conn(0x55fd47e33000 :6801 s=STATE_ACCEPTING_WAIT_CONNECT_MSG_AUTH pgs=0 cs=0 l=0).handle_connect_msg accept connect_seq 7 vs existing csq=7 existing_state=STATE_STANDBY
2018-04-05 12:13:11.352647 7f9fed471700 0 -- 10.8.130.104:6801/24477 >> 10.8.128.127:6828/1109878 conn(0x55fd47e33000 :6801 s=STATE_ACCEPTING_WAIT_CONNECT_MSG_AUTH pgs=0 cs=0 l=0).handle_connect_msg accept connect_seq 8 vs existing csq=7 existing_state=STATE_STANDBY
2018-04-05 12:13:11.354674 7f9fecc70700 0 -- 10.8.130.104:6801/24477 >> 10.8.128.124:6828/1017756 conn(0x55fd4234c000 :6801 s=STATE_ACCEPTING_WAIT_CONNECT_MSG_AUTH pgs=0 cs=0 l=0).handle_connect_msg accept connect_seq 7 vs existing csq=7 existing_state=STATE_STANDBY
2018-04-05 12:13:11.354742 7f9fecc70700 0 -- 10.8.130.104:6801/24477 >> 10.8.128.122:6801/36195 conn(0x55fd29605800 :6801 s=STATE_ACCEPTING_WAIT_CONNECT_MSG_AUTH pgs=0 cs=0 l=0).handle_connect_msg accept connect_seq 3 vs existing csq=3 existing_state=STATE_STANDBY
2018-04-05 12:13:11.354952 7f9fecc70700 0 -- 10.8.130.104:6801/24477 >> 10.8.128.122:6801/36195 conn(0x55fd29605800 :6801 s=STATE_ACCEPTING_WAIT_CONNECT_MSG_AUTH pgs=0 cs=0 l=0).handle_connect_msg accept connect_seq 4 vs existing csq=3 existing_state=STATE_STANDBY
2018-04-05 12:13:11.355955 7f9fecc70700 0 -- 10.8.130.104:6801/24477 >> 10.8.128.127:6821/110201 conn(0x55fd47e30000 :6801 s=STATE_ACCEPTING_WAIT_CONNECT_MSG_AUTH pgs=0 cs=0 l=0).handle_connect_msg accept connect_seq 5 vs existing csq=5 existing_state=STATE_STANDBY
2018-04-05 12:13:11.356060 7f9fecc70700 0 -- 10.8.130.104:6801/24477 >> 10.8.128.124:6828/1017756 conn(0x55fd4234c000 :6801 s=STATE_ACCEPTING_WAIT_CONNECT_MSG_AUTH pgs=0 cs=0 l=0).handle_connect_msg accept connect_seq 8 vs existing csq=7 existing_state=STATE_STANDBY
2018-04-05 12:13:11.356251 7f9fecc70700 0 -- 10.8.130.104:6801/24477 >> 10.8.128.127:6821/110201 conn(0x55fd47e30000 :6801 s=STATE_ACCEPTING_WAIT_CONNECT_MSG_AUTH pgs=0 cs=0 l=0).handle_connect_msg accept connect_seq 6 vs existing csq=5 existing_state=STATE_STANDBY
2018-04-05 12:13:11.357581 7f9fedc72700 0 -- 10.8.130.104:6801/24477 >> 10.8.128.122:6805/36346 conn(0x55fd26f74800 :6801 s=STATE_ACCEPTING_WAIT_CONNECT_MSG_AUTH pgs=0 cs=0 l=0).handle_connect_msg accept connect_seq 11 vs existing csq=11 existing_state=STATE_STANDBY
2018-04-05 12:13:11.357783 7f9fedc72700 0 -- 10.8.130.104:6801/24477 >> 10.8.128.122:6805/36346 conn(0x55fd26f74800 :6801 s=STATE_ACCEPTING_WAIT_CONNECT_MSG_AUTH pgs=0 cs=0 l=0).handle_connect_msg accept connect_seq 12 vs existing csq=11 existing_state=STATE_STANDBY
2018-04-05 12:13:11.362320 7f9fecc70700 0 -- 10.8.130.104:6801/24477 >> 10.8.128.126:6825/64285 conn(0x55fd34a9a000 :6801 s=STATE_ACCEPTING_WAIT_CONNECT_MSG_AUTH pgs=0 cs=0 l=0).handle_connect_msg accept connect_seq 7 vs existing csq=7 existing_state=STATE_STANDBY
2018-04-05 12:13:11.362917 7f9fecc70700 0 -- 10.8.130.104:6801/24477 >> 10.8.128.126:6825/64285 conn(0x55fd34a9a000 :6801 s=STATE_ACCEPTING_WAIT_CONNECT_MSG_AUTH pgs=0 cs=0 l=0).handle_connect_msg accept connect_seq 8 vs existing csq=7 existing_state=STATE_STANDBY
2018-04-05 12:13:11.367918 7f9fed471700 0 -- 10.8.130.104:6801/24477 >> 10.8.128.126:6828/1063376 conn(0x55fd32596000 :6801 s=STATE_ACCEPTING_WAIT_CONNECT_MSG_AUTH pgs=0 cs=0 l=0).handle_connect_msg accept connect_seq 3 vs existing csq=3 existing_state=STATE_STANDBY
2018-04-05 12:13:11.368276 7f9fed471700 0 -- 10.8.130.104:6801/24477 >> 10.8.128.126:6828/1063376 conn(0x55fd32596000 :6801 s=STATE_ACCEPTING_WAIT_CONNECT_MSG_AUTH pgs=0 cs=0 l=0).handle_connect_msg accept connect_seq 4 vs existing csq=3 existing_state=STATE_STANDBY
2018-04-05 12:13:11.376271 7f9fd9488700 1 osd.55 pg_epoch: 25721 pg[10.6c( empty local-lis/les=25603/25606 n=0 ec=13442/13442 lis/c 25603/25603 les/c/f 25606/25609/25016 25721/25721/25531) [34,55] r=1 lpr=25721 pi=[25603,25721)/1 crt=0'0 active] start_peering_interval up [34,55,32] -> [34,55], acting [34,55,32] -> [34,55], acting_primary 34 -> 34, up_primary 34 -> 34, role 1 -> 1, features acting 2305244844532236283 upacting 2305244844532236283
2018-04-05 12:13:11.376333 7f9fd9488700 1 osd.55 pg_epoch: 25721 pg[10.6c( empty local-lis/les=25603/25606 n=0 ec=13442/13442 lis/c 25603/25603 les/c/f 25606/25609/25016 25721/25721/25531) [34,55] r=1 lpr=25721 pi=[25603,25721)/1 crt=0'0 unknown NOTIFY] state<Start>: transitioning to Stray
2018-04-05 12:13:11.376651 7f9fd9488700 1 osd.55 pg_epoch: 25721 pg[13.6a( empty local-lis/les=25603/25606 n=0 ec=13445/13445 lis/c 25603/25603 les/c/f 25606/25607/25016 25721/25721/25575) [52,55] r=1 lpr=25721 pi=[25603,25721)/1 crt=0'0 active] start_peering_interval up [52,55,32] -> [52,55], acting [52,55,32] -> [52,55], acting_primary 52 -> 52, up_primary 52 -> 52, role 1 -> 1, features acting 2305244844532236283 upacting 2305244844532236283
2018-04-05 12:13:11.376709 7f9fd9488700 1 osd.55 pg_epoch: 25721 pg[13.6a( empty local-lis/les=25603/25606 n=0 ec=13445/13445 lis/c 25603/25603 les/c/f 25606/25607/25016 25721/25721/25575) [52,55] r=1 lpr=25721 pi=[25603,25721)/1 crt=0'0 unknown NOTIFY] state<Start>: transitioning to Stray
2018-04-05 12:13:11.376911 7f9fd9488700 1 osd.55 pg_epoch: 25721 pg[3.66( v 25586'250713 (25582'249213,25586'250713] lb MIN (bitwise) local-lis/les=25603/25606 n=0 ec=106/106 lis/c 25603/25509 les/c/f 25606/25511/25016 25721/25721/25602) [55,23]/[23,43] r=-1 lpr=25721 pi=[25509,25721)/2 luod=0'0 crt=25586'250713 lcod 0'0 active+remapped] start_peering_interval up [55,32,23] -> [55,23], acting [23,32,43] -> [23,43], acting_primary 23 -> 23, up_primary 55 -> 55, role -1 -> -1, features acting 2305244844532236283 upacting 2305244844532236283
2018-04-05 12:13:11.376954 7f9fd8c87700 1 osd.55 pg_epoch: 25721 pg[0.3( empty local-lis/les=25603/25606 n=0 ec=1/1 lis/c 25603/25603 les/c/f 25606/25607/25016 25721/25721/25531) [34,55] r=1 lpr=25721 pi=[25603,25721)/1 crt=0'0 active] start_peering_interval up [34,55,32] -> [34,55], acting [34,55,32] -> [34,55], acting_primary 34 -> 34, up_primary 34 -> 34, role 1 -> 1, features acting 2305244844532236283 upacting 2305244844532236283
2018-04-05 12:13:11.376978 7f9fd9488700 1 osd.55 pg_epoch: 25721 pg[3.66( v 25586'250713 (25582'249213,25586'250713] lb MIN (bitwise) local-lis/les=25603/25606 n=0 ec=106/106 lis/c 25603/25509 les/c/f 25606/25511/25016 25721/25721/25602) [55,23]/[23,43] r=-1 lpr=25721 pi=[25509,25721)/2 crt=25586'250713 lcod 0'0 remapped NOTIFY] state<Start>: transitioning to Stray
2018-04-05 12:13:11.377006 7f9fd8c87700 1 osd.55 pg_epoch: 25721 pg[0.3( empty local-lis/les=25603/25606 n=0 ec=1/1 lis/c 25603/25603 les/c/f 25606/25607/25016 25721/25721/25531) [34,55] r=1 lpr=25721 pi=[25603,25721)/1 crt=0'0 unknown NOTIFY] state<Start>: transitioning to Stray
2018-04-05 12:13:11.377064 7f9fecc70700 0 -- 10.8.130.104:6801/24477 >> 10.8.128.119:6801/26101 conn(0x55fd2c0fe000 :6801 s=STATE_ACCEPTING_WAIT_CONNECT_MSG_AUTH pgs=0 cs=0 l=0).handle_connect_msg accept connect_seq 7 vs existing csq=7 existing_state=STATE_STANDBY
2018-04-05 12:13:11.377176 7f9fd9488700 1 osd.55 pg_epoch: 25721 pg[7.af( empty local-lis/les=25603/25606 n=0 ec=13439/13439 lis/c 25603/25603 les/c/f 25606/25608/25016 25721/25721/25403) [44,55] r=1 lpr=25721 pi=[25603,25721)/1 crt=0'0 active] start_peering_interval up [44,32,55] -> [44,55], acting [44,32,55] -> [44,55], acting_primary 44 -> 44, up_primary 44 -> 44, role 2 -> 1, features acting 2305244844532236283 upacting 2305244844532236283
2018-04-05 12:13:11.377236 7f9fd9488700 1 osd.55 pg_epoch: 25721 pg[7.af( empty local-lis/les=25603/25606 n=0 ec=13439/13439 lis/c 25603/25603 les/c/f 25606/25608/25016 25721/25721/25403) [44,55] r=1 lpr=25721 pi=[25603,25721)/1 crt=0'0 unknown NOTIFY] state<Start>: transitioning to Stray
2018-04-05 12:13:11.377258 7f9fecc70700 0 -- 10.8.130.104:6801/24477 >> 10.8.128.119:6801/26101 conn(0x55fd2c0fe000 :6801 s=STATE_ACCEPTING_WAIT_CONNECT_MSG_AUTH pgs=0 cs=0 l=0).handle_connect_msg accept connect_seq 8 vs existing csq=7 existing_state=STATE_STANDBY
2018-04-05 12:13:11.377341 7f9fd8c87700 1 osd.55 pg_epoch: 25721 pg[0.1a( empty local-lis/les=25603/25606 n=0 ec=1/1 lis/c 25603/25603 les/c/f 25606/25607/25016 25721/25721/25603) [55,3] r=0 lpr=25721 pi=[25603,25721)/1 crt=0'0 mlcod 0'0 active] start_peering_interval up [55,3,32] -> [55,3], acting [55,3,32] -> [55,3], acting_primary 55 -> 55, up_primary 55 -> 55, role 0 -> 0, features acting 2305244844532236283 upacting 2305244844532236283
2018-04-05 12:13:11.377399 7f9fd8c87700 1 osd.55 pg_epoch: 25721 pg[0.1a( empty local-lis/les=25603/25606 n=0 ec=1/1 lis/c 25603/25603 les/c/f 25606/25607/25016 25721/25721/25603) [55,3] r=0 lpr=25721 pi=[25603,25721)/1 crt=0'0 mlcod 0'0 unknown] state<Start>: transitioning to Primary
2018-04-05 12:13:11.377666 7f9fd8c87700 1 osd.55 pg_epoch: 25721 pg[7.f5( empty local-lis/les=25603/25607 n=0 ec=13439/13439 lis/c 25603/25603 les/c/f 25607/25609/25016 25721/25721/25603) [55,44] r=0 lpr=25721 pi=[25603,25721)/1 crt=0'0 mlcod 0'0 active] start_peering_interval up [55,44,32] -> [55,44], acting [55,44,32] -> [55,44], acting_primary 55 -> 55, up_primary 55 -> 55, role 0 -> 0, features acting 2305244844532236283 upacting 2305244844532236283
2018-04-05 12:13:11.377720 7f9fd8c87700 1 osd.55 pg_epoch: 25721 pg[7.f5( empty local-lis/les=25603/25607 n=0 ec=13439/13439 lis/c 25603/25603 les/c/f 25607/25609/25016 25721/25721/25603) [55,44] r=0 lpr=25721 pi=[25603,25721)/1 crt=0'0 mlcod 0'0 unknown] state<Start>: transitioning to Primary
2018-04-05 12:13:11.377892 7f9fd8c87700 1 osd.55 pg_epoch: 25721 pg[14.f5( empty local-lis/les=25603/25609 n=0 ec=13446/13446 lis/c 25603/25603 les/c/f 25609/25612/25016 25721/25721/25603) [55,36] r=0 lpr=25721 pi=[25603,25721)/1 crt=0'0 mlcod 0'0 active] start_peering_interval up [55,36,32] -> [55,36], acting [55,36,32] -> [55,36], acting_primary 55 -> 55, up_primary 55 -> 55, role 0 -> 0, features acting 2305244844532236283 upacting 2305244844532236283
2018-04-05 12:13:11.377942 7f9fd8c87700 1 osd.55 pg_epoch: 25721 pg[14.f5( empty local-lis/les=25603/25609 n=0 ec=13446/13446 lis/c 25603/25603 les/c/f 25609/25612/25016 25721/25721/25603) [55,36] r=0 lpr=25721 pi=[25603,25721)/1 crt=0'0 mlcod 0'0 unknown] state<Start>: transitioning to Primary
2018-04-05 12:13:11.377982 7f9fd9488700 1 osd.55 pg_epoch: 25721 pg[0.98( empty local-lis/les=25603/25607 n=0 ec=1/1 lis/c 25603/25603 les/c/f 25607/25612/25016 25721/25721/25603) [55,52] r=0 lpr=25721 pi=[25603,25721)/1 crt=0'0 mlcod 0'0 active] start_peering_interval up [55,52,32] -> [55,52], acting [55,52,32] -> [55,52], acting_primary 55 -> 55, up_primary 55 -> 55, role 0 -> 0, features acting 2305244844532236283 upacting 2305244844532236283
2018-04-05 12:13:11.378034 7f9fd9488700 1 osd.55 pg_epoch: 25721 pg[0.98( empty local-lis/les=25603/25607 n=0 ec=1/1 lis/c 25603/25603 les/c/f 25607/25612/25016 25721/25721/25603) [55,52] r=0 lpr=25721 pi=[25603,25721)/1 crt=0'0 mlcod 0'0 unknown] state<Start>: transitioning to Primary
2018-04-05 12:13:11.378225 7f9fd8c87700 1 osd.55 pg_epoch: 25721 pg[5.d8( empty local-lis/les=25603/25606 n=0 ec=13437/13437 lis/c 25603/25603 les/c/f 25606/25609/25016 25721/25721/25575) [52,55] r=1 lpr=25721 pi=[25603,25721)/1 crt=0'0 active] start_peering_interval up [52,32,55] -> [52,55], acting [52,32,55] -> [52,55], acting_primary 52 -> 52, up_primary 52 -> 52, role 2 -> 1, features acting 2305244844532236283 upacting 2305244844532236283
2018-04-05 12:13:11.378277 7f9fd8c87700 1 osd.55 pg_epoch: 25721 pg[5.d8( empty local-lis/les=25603/25606 n=0 ec=13437/13437 lis/c 25603/25603 les/c/f 25606/25609/25016 25721/25721/25575) [52,55] r=1 lpr=25721 pi=[25603,25721)/1 crt=0'0 unknown NOTIFY] state<Start>: transitioning to Stray
2018-04-05 12:13:11.378718 7f9fd8c87700 1 osd.55 pg_epoch: 25721 pg[16.3a( empty local-lis/les=25603/25606 n=0 ec=13450/13450 lis/c 25603/25603 les/c/f 25606/25607/25016 25721/25721/25603) [55,23] r=0 lpr=25721 pi=[25603,25721)/1 crt=0'0 mlcod 0'0 active] start_peering_interval up [55,23,32] -> [55,23], acting [55,23,32] -> [55,23], acting_primary 55 -> 55, up_primary 55 -> 55, role 0 -> 0, features acting 2305244844532236283 upacting 2305244844532236283
2018-04-05 12:13:11.378766 7f9fd8c87700 1 osd.55 pg_epoch: 25721 pg[16.3a( empty local-lis/les=25603/25606 n=0 ec=13450/13450 lis/c 25603/25603 les/c/f 25606/25607/25016 25721/25721/25603) [55,23] r=0 lpr=25721 pi=[25603,25721)/1 crt=0'0 mlcod 0'0 unknown] state<Start>: transitioning to Primary
2018-04-05 12:13:11.379064 7f9fd9488700 1 osd.55 pg_epoch: 25721 pg[16.c0( empty local-lis/les=25603/25606 n=0 ec=13450/13450 lis/c 25603/25603 les/c/f 25606/25609/25016 25721/25721/25603) [55,21] r=0 lpr=25721 pi=[25603,25721)/1 crt=0'0 mlcod 0'0 active] start_peering_interval up [55,32,21] -> [55,21], acting [55,32,21] -> [55,21], acting_primary 55 -> 55, up_primary 55 -> 55, role 0 -> 0, features acting 2305244844532236283 upacting 2305244844532236283
2018-04-05 12:13:11.379121 7f9fd9488700 1 osd.55 pg_epoch: 25721 pg[16.c0( empty local-lis/les=25603/25606 n=0 ec=13450/13450 lis/c 25603/25603 les/c/f 25606/25609/25016 25721/25721/25603) [55,21] r=0 lpr=25721 pi=[25603,25721)/1 crt=0'0 mlcod 0'0 unknown] state<Start>: transitioning to Primary
2018-04-05 12:13:11.379217 7f9fd8c87700 1 osd.55 pg_epoch: 25721 pg[11.e9( empty local-lis/les=25603/25606 n=0 ec=13443/13443 lis/c 25603/25603 les/c/f 25606/25609/25016 25721/25721/25402) [43,55] r=1 lpr=25721 pi=[25603,25721)/1 crt=0'0 active] start_peering_interval up [43,32,55] -> [43,55], acting [43,32,55] -> [43,55], acting_primary 43 -> 43, up_primary 43 -> 43, role 2 -> 1, features acting 2305244844532236283 upacting 2305244844532236283
2018-04-05 12:13:11.379285 7f9fd8c87700 1 osd.55 pg_epoch: 25721 pg[11.e9( empty local-lis/les=25603/25606 n=0 ec=13443/13443 lis/c 25603/25603 les/c/f 25606/25609/25016 25721/25721/25402) [43,55] r=1 lpr=25721 pi=[25603,25721)/1 crt=0'0 unknown NOTIFY] state<Start>: transitioning to Stray
2018-04-05 12:13:11.379360 7f9fd9488700 1 osd.55 pg_epoch: 25721 pg[10.55( empty local-lis/les=25603/25606 n=0 ec=13442/13442 lis/c 25603/25603 les/c/f 25606/25609/25016 25721/25721/25603) [55,37] r=0 lpr=25721 pi=[25603,25721)/1 crt=0'0 mlcod 0'0 active] start_peering_interval up [55,32,37] -> [55,37], acting [55,32,37] -> [55,37], acting_primary 55 -> 55, up_primary 55 -> 55, role 0 -> 0, features acting 2305244844532236283 upacting 2305244844532236283
2018-04-05 12:13:11.379476 7f9fd9488700 1 osd.55 pg_epoch: 25721 pg[10.55( empty local-lis/les=25603/25606 n=0 ec=13442/13442 lis/c 25603/25603 les/c/f 25606/25609/25016 25721/25721/25603) [55,37] r=0 lpr=25721 pi=[25603,25721)/1 crt=0'0 mlcod 0'0 unknown] state<Start>: transitioning to Primary
2018-04-05 12:13:11.379654 7f9fd8c87700 1 osd.55 pg_epoch: 25721 pg[16.8e( empty local-lis/les=25603/25606 n=0 ec=13450/13450 lis/c 25603/25603 les/c/f 25606/25609/25016 25721/25721/25603) [55,41] r=0 lpr=25721 pi=[25603,25721)/1 crt=0'0 mlcod 0'0 active] start_peering_interval up [55,41,32] -> [55,41], acting [55,41,32] -> [55,41], acting_primary 55 -> 55, up_primary 55 -> 55, role 0 -> 0, features acting 2305244844532236283 upacting 2305244844532236283
2018-04-05 12:13:11.379657 7f9fd9488700 1 osd.55 pg_epoch: 25721 pg[6.5a( empty local-lis/les=25603/25606 n=0 ec=13438/13438 lis/c 25603/25603 les/c/f 25606/25607/25016 25721/25721/25531) [34,55] r=1 lpr=25721 pi=[25603,25721)/1 crt=0'0 active] start_peering_interval up [34,32,55] -> [34,55], acting [34,32,55] -> [34,55], acting_primary 34 -> 34, up_primary 34 -> 34, role 2 -> 1, features acting 2305244844532236283 upacting 2305244844532236283
2018-04-05 12:13:11.379708 7f9fd8c87700 1 osd.55 pg_epoch: 25721 pg[16.8e( empty local-lis/les=25603/25606 n=0 ec=13450/13450 lis/c 25603/25603 les/c/f 25606/25609/25016 25721/25721/25603) [55,41] r=0 lpr=25721 pi=[25603,25721)/1 crt=0'0 mlcod 0'0 unknown] state<Start>: transitioning to Primary
2018-04-05 12:13:11.379714 7f9fd9488700 1 osd.55 pg_epoch: 25721 pg[6.5a( empty local-lis/les=25603/25606 n=0 ec=13438/13438 lis/c 25603/25603 les/c/f 25606/25607/25016 25721/25721/25531) [34,55] r=1 lpr=25721 pi=[25603,25721)/1 crt=0'0 unknown NOTIFY] state<Start>: transitioning to Stray
2018-04-05 12:13:11.379912 7f9fd9488700 1 osd.55 pg_epoch: 25721 pg[8.54( empty local-lis/les=25603/25607 n=0 ec=13440/13440 lis/c 25603/25603 les/c/f 25607/25609/25016 25721/25721/25603) [55,47] r=0 lpr=25721 pi=[25603,25721)/1 crt=0'0 mlcod 0'0 active] start_peering_interval up [55,47,32] -> [55,47], acting [55,47,32] -> [55,47], acting_primary 55 -> 55, up_primary 55 -> 55, role 0 -> 0, features acting 2305244844532236283 upacting 2305244844532236283
2018-04-05 12:13:11.379964 7f9fd9488700 1 osd.55 pg_epoch: 25721 pg[8.54( empty local-lis/les=25603/25607 n=0 ec=13440/13440 lis/c 25603/25603 les/c/f 25607/25609/25016 25721/25721/25603) [55,47] r=0 lpr=25721 pi=[25603,25721)/1 crt=0'0 mlcod 0'0 unknown] state<Start>: transitioning to Primary
2018-04-05 12:13:11.380217 7f9fd8c87700 1 osd.55 pg_epoch: 25721 pg[6.d5( empty local-lis/les=25603/25606 n=0 ec=13438/13438 lis/c 25603/25603 les/c/f 25606/25607/25016 25721/25721/25402) [43,55] r=1 lpr=25721 pi=[25603,25721)/1 crt=0'0 active] start_peering_interval up [43,32,55] -> [43,55], acting [43,32,55] -> [43,55], acting_primary 43 -> 43, up_primary 43 -> 43, role 2 -> 1, features acting 2305244844532236283 upacting 2305244844532236283
2018-04-05 12:13:11.380269 7f9fd8c87700 1 osd.55 pg_epoch: 25721 pg[6.d5( empty local-lis/les=25603/25606 n=0 ec=13438/13438 lis/c 25603/25603 les/c/f 25606/25607/25016 25721/25721/25402) [43,55] r=1 lpr=25721 pi=[25603,25721)/1 crt=0'0 unknown NOTIFY] state<Start>: transitioning to Stray
2018-04-05 12:13:11.380730 7f9fd8c87700 1 osd.55 pg_epoch: 25721 pg[13.80( empty local-lis/les=25603/25606 n=0 ec=13445/13445 lis/c 25603/25603 les/c/f 25606/25607/25016 25721/25721/25430) [45,55] r=1 lpr=25721 pi=[25603,25721)/1 crt=0'0 active] start_peering_interval up [45,32,55] -> [45,55], acting [45,32,55] -> [45,55], acting_primary 45 -> 45, up_primary 45 -> 45, role 2 -> 1, features acting 2305244844532236283 upacting 2305244844532236283
2018-04-05 12:13:11.380779 7f9fd8c87700 1 osd.55 pg_epoch: 25721 pg[13.80( empty local-lis/les=25603/25606 n=0 ec=13445/13445 lis/c 25603/25603 les/c/f 25606/25607/25016 25721/25721/25430) [45,55] r=1 lpr=25721 pi=[25603,25721)/1 crt=0'0 unknown NOTIFY] state<Start>: transitioning to Stray
2018-04-05 12:13:33.679604 7f9fed471700 0 -- 10.8.130.104:6801/24477 >> 10.8.128.128:6801/1187950 conn(0x55fd29d4f000 :6801 s=STATE_ACCEPTING_WAIT_CONNECT_MSG_AUTH pgs=0 cs=0 l=0).handle_connect_msg accept connect_seq 9 vs existing csq=9 existing_state=STATE_STANDBY
2018-04-05 12:13:33.680014 7f9fed471700 0 -- 10.8.130.104:6801/24477 >> 10.8.128.128:6801/1187950 conn(0x55fd29d4f000 :6801 s=STATE_ACCEPTING_WAIT_CONNECT_MSG_AUTH pgs=0 cs=0 l=0).handle_connect_msg accept connect_seq 10 vs existing csq=9 existing_state=STATE_STANDBY
2018-04-05 12:13:33.686592 7f9fedc72700 0 -- 10.8.130.104:6801/24477 >> 10.8.128.124:6801/16933 conn(0x55fd47e31800 :6801 s=STATE_ACCEPTING_WAIT_CONNECT_MSG_AUTH pgs=0 cs=0 l=0).handle_connect_msg accept connect_seq 9 vs existing csq=9 existing_state=STATE_STANDBY
2018-04-05 12:13:33.686818 7f9fedc72700 0 -- 10.8.130.104:6801/24477 >> 10.8.128.124:6801/16933 conn(0x55fd47e31800 :6801 s=STATE_ACCEPTING_WAIT_CONNECT_MSG_AUTH pgs=0 cs=0 l=0).handle_connect_msg accept connect_seq 10 vs existing csq=9 existing_state=STATE_STANDBY
2018-04-05 12:13:34.507390 7f9fd9488700 1 osd.55 pg_epoch: 25725 pg[13.6a( empty local-lis/les=25721/25722 n=0 ec=13445/13445 lis/c 25721/25603 les/c/f 25722/25607/25016 25725/25725/25575) [52,55,32] r=1 lpr=25725 pi=[25603,25725)/1 crt=0'0 active] start_peering_interval up [52,55] -> [52,55,32], acting [52,55] -> [52,55,32], acting_primary 52 -> 52, up_primary 52 -> 52, role 1 -> 1, features acting 2305244844532236283 upacting 2305244844532236283
2018-04-05 12:13:34.507469 7f9fd9488700 1 osd.55 pg_epoch: 25725 pg[13.6a( empty local-lis/les=25721/25722 n=0 ec=13445/13445 lis/c 25721/25603 les/c/f 25722/25607/25016 25725/25725/25575) [52,55,32] r=1 lpr=25725 pi=[25603,25725)/1 crt=0'0 unknown NOTIFY] state<Start>: transitioning to Stray
2018-04-05 12:13:34.507529 7f9fd8c87700 1 osd.55 pg_epoch: 25725 pg[10.6c( empty local-lis/les=25721/25722 n=0 ec=13442/13442 lis/c 25721/25603 les/c/f 25722/25609/25016 25725/25725/25531) [34,55,32] r=1 lpr=25725 pi=[25603,25725)/1 crt=0'0 active] start_peering_interval up [34,55] -> [34,55,32], acting [34,55] -> [34,55,32], acting_primary 34 -> 34, up_primary 34 -> 34, role 1 -> 1, features acting 2305244844532236283 upacting 2305244844532236283
2018-04-05 12:13:34.507584 7f9fd8c87700 1 osd.55 pg_epoch: 25725 pg[10.6c( empty local-lis/les=25721/25722 n=0 ec=13442/13442 lis/c 25721/25603 les/c/f 25722/25609/25016 25725/25725/25531) [34,55,32] r=1 lpr=25725 pi=[25603,25725)/1 crt=0'0 unknown NOTIFY] state<Start>: transitioning to Stray
2018-04-05 12:13:34.507677 7f9fd9488700 1 osd.55 pg_epoch: 25725 pg[3.66( v 25586'250713 (25582'249213,25586'250713] lb MIN (bitwise) local-lis/les=25603/25606 n=0 ec=106/106 lis/c 25721/25509 les/c/f 25722/25511/25016 25725/25725/25602) [55,32,23]/[23,43] r=-1 lpr=25725 pi=[25509,25725)/2 luod=0'0 crt=25586'250713 lcod 0'0 active+remapped] start_peering_interval up [55,23] -> [55,32,23], acting [23,43] -> [23,43], acting_primary 23 -> 23, up_primary 55 -> 55, role -1 -> -1, features acting 2305244844532236283 upacting 2305244844532236283
2018-04-05 12:13:34.507738 7f9fd9488700 1 osd.55 pg_epoch: 25725 pg[3.66( v 25586'250713 (25582'249213,25586'250713] lb MIN (bitwise) local-lis/les=25603/25606 n=0 ec=106/106 lis/c 25721/25509 les/c/f 25722/25511/25016 25725/25725/25602) [55,32,23]/[23,43] r=-1 lpr=25725 pi=[25509,25725)/2 crt=25586'250713 lcod 0'0 remapped NOTIFY] state<Start>: transitioning to Stray
2018-04-05 12:13:34.507945 7f9fd9488700 1 osd.55 pg_epoch: 25725 pg[7.af( empty local-lis/les=25721/25722 n=0 ec=13439/13439 lis/c 25721/25603 les/c/f 25722/25608/25016 25725/25725/25403) [44,32,55] r=2 lpr=25725 pi=[25603,25725)/1 crt=0'0 active] start_peering_interval up [44,55] -> [44,32,55], acting [44,55] -> [44,32,55], acting_primary 44 -> 44, up_primary 44 -> 44, role 1 -> 2, features acting 2305244844532236283 upacting 2305244844532236283
2018-04-05 12:13:34.508010 7f9fd9488700 1 osd.55 pg_epoch: 25725 pg[7.af( empty local-lis/les=25721/25722 n=0 ec=13439/13439 lis/c 25721/25603 les/c/f 25722/25608/25016 25725/25725/25403) [44,32,55] r=2 lpr=25725 pi=[25603,25725)/1 crt=0'0 unknown NOTIFY] state<Start>: transitioning to Stray
2018-04-05 12:13:34.508327 7f9fd8c87700 1 osd.55 pg_epoch: 25725 pg[0.3( empty local-lis/les=25721/25722 n=0 ec=1/1 lis/c 25721/25603 les/c/f 25722/25607/25016 25725/25725/25531) [34,55,32] r=1 lpr=25725 pi=[25603,25725)/1 crt=0'0 active] start_peering_interval up [34,55] -> [34,55,32], acting [34,55] -> [34,55,32], acting_primary 34 -> 34, up_primary 34 -> 34, role 1 -> 1, features acting 2305244844532236283 upacting 2305244844532236283
2018-04-05 12:13:34.508387 7f9fd8c87700 1 osd.55 pg_epoch: 25725 pg[0.3( empty local-lis/les=25721/25722 n=0 ec=1/1 lis/c 25721/25603 les/c/f 25722/25607/25016 25725/25725/25531) [34,55,32] r=1 lpr=25725 pi=[25603,25725)/1 crt=0'0 unknown NOTIFY] state<Start>: transitioning to Stray
2018-04-05 12:13:34.508452 7f9fd9488700 1 osd.55 pg_epoch: 25725 pg[0.1a( empty local-lis/les=25721/25722 n=0 ec=1/1 lis/c 25721/25603 les/c/f 25722/25607/25016 25725/25725/25603) [55,3,32] r=0 lpr=25725 pi=[25603,25725)/1 crt=0'0 mlcod 0'0 active] start_peering_interval up [55,3] -> [55,3,32], acting [55,3] -> [55,3,32], acting_primary 55 -> 55, up_primary 55 -> 55, role 0 -> 0, features acting 2305244844532236283 upacting 2305244844532236283
2018-04-05 12:13:34.508521 7f9fd9488700 1 osd.55 pg_epoch: 25725 pg[0.1a( empty local-lis/les=25721/25722 n=0 ec=1/1 lis/c 25721/25603 les/c/f 25722/25607/25016 25725/25725/25603) [55,3,32] r=0 lpr=25725 pi=[25603,25725)/1 crt=0'0 mlcod 0'0 unknown] state<Start>: transitioning to Primary
2018-04-05 12:13:34.508790 7f9fd8c87700 1 osd.55 pg_epoch: 25725 pg[7.f5( empty local-lis/les=25721/25722 n=0 ec=13439/13439 lis/c 25721/25603 les/c/f 25722/25609/25016 25725/25725/25603) [55,44,32] r=0 lpr=25725 pi=[25603,25725)/1 crt=0'0 mlcod 0'0 active] start_peering_interval up [55,44] -> [55,44,32], acting [55,44] -> [55,44,32], acting_primary 55 -> 55, up_primary 55 -> 55, role 0 -> 0, features acting 2305244844532236283 upacting 2305244844532236283
2018-04-05 12:13:34.508835 7f9fd8c87700 1 osd.55 pg_epoch: 25725 pg[7.f5( empty local-lis/les=25721/25722 n=0 ec=13439/13439 lis/c 25721/25603 les/c/f 25722/25609/25016 25725/25725/25603) [55,44,32] r=0 lpr=25725 pi=[25603,25725)/1 crt=0'0 mlcod 0'0 unknown] state<Start>: transitioning to Primary
2018-04-05 12:13:34.508930 7f9fd9488700 1 osd.55 pg_epoch: 25725 pg[5.d8( empty local-lis/les=25721/25722 n=0 ec=13437/13437 lis/c 25721/25603 les/c/f 25722/25609/25016 25725/25725/25575) [52,32,55] r=2 lpr=25725 pi=[25603,25725)/1 crt=0'0 active] start_peering_interval up [52,55] -> [52,32,55], acting [52,55] -> [52,32,55], acting_primary 52 -> 52, up_primary 52 -> 52, role 1 -> 2, features acting 2305244844532236283 upacting 2305244844532236283
2018-04-05 12:13:34.508995 7f9fd9488700 1 osd.55 pg_epoch: 25725 pg[5.d8( empty local-lis/les=25721/25722 n=0 ec=13437/13437 lis/c 25721/25603 les/c/f 25722/25609/25016 25725/25725/25575) [52,32,55] r=2 lpr=25725 pi=[25603,25725)/1 crt=0'0 unknown NOTIFY] state<Start>: transitioning to Stray
2018-04-05 12:13:34.509014 7f9fd8c87700 1 osd.55 pg_epoch: 25725 pg[14.f5( empty local-lis/les=25721/25722 n=0 ec=13446/13446 lis/c 25721/25603 les/c/f 25722/25612/25016 25725/25725/25603) [55,36,32] r=0 lpr=25725 pi=[25603,25725)/1 crt=0'0 mlcod 0'0 active] start_peering_interval up [55,36] -> [55,36,32], acting [55,36] -> [55,36,32], acting_primary 55 -> 55, up_primary 55 -> 55, role 0 -> 0, features acting 2305244844532236283 upacting 2305244844532236283
2018-04-05 12:13:34.509058 7f9fd8c87700 1 osd.55 pg_epoch: 25725 pg[14.f5( empty local-lis/les=25721/25722 n=0 ec=13446/13446 lis/c 25721/25603 les/c/f 25722/25612/25016 25725/25725/25603) [55,36,32] r=0 lpr=25725 pi=[25603,25725)/1 crt=0'0 mlcod 0'0 unknown] state<Start>: transitioning to Primary
2018-04-05 12:13:34.509347 7f9fd9488700 1 osd.55 pg_epoch: 25725 pg[0.98( empty local-lis/les=25721/25722 n=0 ec=1/1 lis/c 25721/25603 les/c/f 25722/25612/25016 25725/25725/25603) [55,52,32] r=0 lpr=25725 pi=[25603,25725)/1 crt=0'0 mlcod 0'0 active] start_peering_interval up [55,52] -> [55,52,32], acting [55,52] -> [55,52,32], acting_primary 55 -> 55, up_primary 55 -> 55, role 0 -> 0, features acting 2305244844532236283 upacting 2305244844532236283
2018-04-05 12:13:34.509404 7f9fd9488700 1 osd.55 pg_epoch: 25725 pg[0.98( empty local-lis/les=25721/25722 n=0 ec=1/1 lis/c 25721/25603 les/c/f 25722/25612/25016 25725/25725/25603) [55,52,32] r=0 lpr=25725 pi=[25603,25725)/1 crt=0'0 mlcod 0'0 unknown] state<Start>: transitioning to Primary
2018-04-05 12:13:34.509651 7f9fd8c87700 1 osd.55 pg_epoch: 25725 pg[16.3a( empty local-lis/les=25721/25722 n=0 ec=13450/13450 lis/c 25721/25603 les/c/f 25722/25607/25016 25725/25725/25603) [55,23,32] r=0 lpr=25725 pi=[25603,25725)/1 crt=0'0 mlcod 0'0 active] start_peering_interval up [55,23] -> [55,23,32], acting [55,23] -> [55,23,32], acting_primary 55 -> 55, up_primary 55 -> 55, role 0 -> 0, features acting 2305244844532236283 upacting 2305244844532236283
2018-04-05 12:13:34.509702 7f9fd8c87700 1 osd.55 pg_epoch: 25725 pg[16.3a( empty local-lis/les=25721/25722 n=0 ec=13450/13450 lis/c 25721/25603 les/c/f 25722/25607/25016 25725/25725/25603) [55,23,32] r=0 lpr=25725 pi=[25603,25725)/1 crt=0'0 mlcod 0'0 unknown] state<Start>: transitioning to Primary
2018-04-05 12:13:34.510026 7f9fd9488700 1 osd.55 pg_epoch: 25725 pg[16.c0( empty local-lis/les=25721/25722 n=0 ec=13450/13450 lis/c 25721/25603 les/c/f 25722/25609/25016 25725/25725/25603) [55,32,21] r=0 lpr=25725 pi=[25603,25725)/1 crt=0'0 mlcod 0'0 active] start_peering_interval up [55,21] -> [55,32,21], acting [55,21] -> [55,32,21], acting_primary 55 -> 55, up_primary 55 -> 55, role 0 -> 0, features acting 2305244844532236283 upacting 2305244844532236283
2018-04-05 12:13:34.510076 7f9fd9488700 1 osd.55 pg_epoch: 25725 pg[16.c0( empty local-lis/les=25721/25722 n=0 ec=13450/13450 lis/c 25721/25603 les/c/f 25722/25609/25016 25725/25725/25603) [55,32,21] r=0 lpr=25725 pi=[25603,25725)/1 crt=0'0 mlcod 0'0 unknown] state<Start>: transitioning to Primary
2018-04-05 12:13:34.510261 7f9fd8c87700 1 osd.55 pg_epoch: 25725 pg[11.e9( empty local-lis/les=25721/25722 n=0 ec=13443/13443 lis/c 25721/25603 les/c/f 25722/25609/25016 25725/25725/25402) [43,32,55] r=2 lpr=25725 pi=[25603,25725)/1 crt=0'0 active] start_peering_interval up [43,55] -> [43,32,55], acting [43,55] -> [43,32,55], acting_primary 43 -> 43, up_primary 43 -> 43, role 1 -> 2, features acting 2305244844532236283 upacting 2305244844532236283
2018-04-05 12:13:34.510322 7f9fd8c87700 1 osd.55 pg_epoch: 25725 pg[11.e9( empty local-lis/les=25721/25722 n=0 ec=13443/13443 lis/c 25721/25603 les/c/f 25722/25609/25016 25725/25725/25402) [43,32,55] r=2 lpr=25725 pi=[25603,25725)/1 crt=0'0 unknown NOTIFY] state<Start>: transitioning to Stray
2018-04-05 12:13:34.510343 7f9fd9488700 1 osd.55 pg_epoch: 25725 pg[10.55( empty local-lis/les=25721/25722 n=0 ec=13442/13442 lis/c 25721/25603 les/c/f 25722/25609/25016 25725/25725/25603) [55,32,37] r=0 lpr=25725 pi=[25603,25725)/1 crt=0'0 mlcod 0'0 active] start_peering_interval up [55,37] -> [55,32,37], acting [55,37] -> [55,32,37], acting_primary 55 -> 55, up_primary 55 -> 55, role 0 -> 0, features acting 2305244844532236283 upacting 2305244844532236283
2018-04-05 12:13:34.510399 7f9fd9488700 1 osd.55 pg_epoch: 25725 pg[10.55( empty local-lis/les=25721/25722 n=0 ec=13442/13442 lis/c 25721/25603 les/c/f 25722/25609/25016 25725/25725/25603) [55,32,37] r=0 lpr=25725 pi=[25603,25725)/1 crt=0'0 mlcod 0'0 unknown] state<Start>: transitioning to Primary
2018-04-05 12:13:34.510515 7f9fd8c87700 1 osd.55 pg_epoch: 25725 pg[16.8e( empty local-lis/les=25721/25722 n=0 ec=13450/13450 lis/c 25721/25603 les/c/f 25722/25609/25016 25725/25725/25603) [55,41,32] r=0 lpr=25725 pi=[25603,25725)/1 crt=0'0 mlcod 0'0 active] start_peering_interval up [55,41] -> [55,41,32], acting [55,41] -> [55,41,32], acting_primary 55 -> 55, up_primary 55 -> 55, role 0 -> 0, features acting 2305244844532236283 upacting 2305244844532236283
2018-04-05 12:13:34.510564 7f9fd8c87700 1 osd.55 pg_epoch: 25725 pg[16.8e( empty local-lis/les=25721/25722 n=0 ec=13450/13450 lis/c 25721/25603 les/c/f 25722/25609/25016 25725/25725/25603) [55,41,32] r=0 lpr=25725 pi=[25603,25725)/1 crt=0'0 mlcod 0'0 unknown] state<Start>: transitioning to Primary
2018-04-05 12:13:34.510578 7f9fd9488700 1 osd.55 pg_epoch: 25725 pg[6.5a( empty local-lis/les=25721/25722 n=0 ec=13438/13438 lis/c 25721/25603 les/c/f 25722/25607/25016 25725/25725/25531) [34,32,55] r=2 lpr=25725 pi=[25603,25725)/1 crt=0'0 active] start_peering_interval up [34,55] -> [34,32,55], acting [34,55] -> [34,32,55], acting_primary 34 -> 34, up_primary 34 -> 34, role 1 -> 2, features acting 2305244844532236283 upacting 2305244844532236283
