2018-04-05 04:47:27.528243 7f9fcfc75700 4 rocksdb: (Original Log Time 2018/04/05-04:47:27.528228) [/builddir/build/BUILD/ceph-12.2.4/src/rocksdb/db/db_impl_compaction_flush.cc:1537] [default] Moved #1 files to level-2 68728653 bytes OK: base level 1 max bytes base 268435456 files[0 4 4 0 0 0 0] max score 0.80

2018-04-05 05:19:11.881238 7f9fd8c87700 1 osd.55 pg_epoch: 25670 pg[1.1c6( v 25633'691024 (25586'689524,25633'691024] local-lis/les=25603/25604 n=12962 ec=101/101 lis/c 25603/25603 les/c/f 25604/25669/25016 25603/25670/25471) [19,55] r=1 lpr=25670 pi=[25603,25670)/1 luod=0'0 crt=25633'691024 active] start_peering_interval up [19,55] -> [19,55], acting [19,43] -> [19,55], acting_primary 19 -> 19, up_primary 19 -> 19, role -1 -> 1, features acting 2305244844532236283 upacting 2305244844532236283
2018-04-05 05:19:11.881346 7f9fd8c87700 1 osd.55 pg_epoch: 25670 pg[1.1c6( v 25633'691024 (25586'689524,25633'691024] local-lis/les=25603/25604 n=12962 ec=101/101 lis/c 25603/25603 les/c/f 25604/25669/25016 25603/25670/25471) [19,55] r=1 lpr=25670 pi=[25603,25670)/1 crt=25633'691024 unknown NOTIFY] state<Start>: transitioning to Stray
2018-04-05 05:19:53.108924 7f9fed471700 0 -- 10.8.130.104:6801/24477 >> 10.8.128.121:6805/24506 conn(0x55fd29cea000 :6801 s=STATE_ACCEPTING_WAIT_CONNECT_MSG_AUTH pgs=0 cs=0 l=0).handle_connect_msg accept connect_seq 3 vs existing csq=3 existing_state=STATE_STANDBY
2018-04-05 05:19:53.109152 7f9fed471700 0 -- 10.8.130.104:6801/24477 >> 10.8.128.121:6805/24506 conn(0x55fd29cea000 :6801 s=STATE_ACCEPTING_WAIT_CONNECT_MSG_AUTH pgs=0 cs=0 l=0).handle_connect_msg accept connect_seq 4 vs existing csq=3 existing_state=STATE_STANDBY
2018-04-05 05:19:53.114498 7f9fd8c87700 1 osd.55 pg_epoch: 25672 pg[3.140( v 25586'259670 (25520'258170,25586'259670] local-lis/les=25603/25604 n=387 ec=106/106 lis/c 25603/25603 les/c/f 25604/25671/25016 25603/25672/25672) [22,43,55] r=2 lpr=25672 pi=[25603,25672)/1 luod=0'0 crt=25586'259670 active] start_peering_interval up [22,43,55] -> [22,43,55], acting [23,43,52] -> [22,43,55], acting_primary 23 -> 22, up_primary 22 -> 22, role -1 -> 2, features acting 2305244844532236283 upacting 2305244844532236283
2018-04-05 05:19:53.114566 7f9fd8c87700 1 osd.55 pg_epoch: 25672 pg[3.140( v 25586'259670 (25520'258170,25586'259670] local-lis/les=25603/25604 n=387 ec=106/106 lis/c 25603/25603 les/c/f 25604/25671/25016 25603/25672/25672) [22,43,55] r=2 lpr=25672 pi=[25603,25672)/1 crt=25586'259670 unknown NOTIFY] state<Start>: transitioning to Stray
2018-04-05 05:20:31.869965 7f9fd9488700 1 osd.55 pg_epoch: 25675 pg[3.151( v 25586'265243 (25520'263743,25586'265243] local-lis/les=25603/25604 n=344 ec=106/106 lis/c 25603/25603 les/c/f 25604/25674/25016 25603/25675/25313) [2,35,55] r=2 lpr=25675 pi=[25603,25675)/1 luod=0'0 crt=25586'265243 active] start_peering_interval up [2,35,55] -> [2,35,55], acting [2,35,38] -> [2,35,55], acting_primary 2 -> 2, up_primary 2 -> 2, role -1 -> 2, features acting 2305244844532236283 upacting 2305244844532236283
2018-04-05 05:20:31.870065 7f9fd9488700 1 osd.55 pg_epoch: 25675 pg[3.151( v 25586'265243 (25520'263743,25586'265243] local-lis/les=25603/25604 n=344 ec=106/106 lis/c 25603/25603 les/c/f 25604/25674/25016 25603/25675/25313) [2,35,55] r=2 lpr=25675 pi=[25603,25675)/1 crt=25586'265243 unknown NOTIFY] state<Start>: transitioning to Stray
2018-04-05 05:21:11.382712 7f9fd8c87700 1 osd.55 pg_epoch: 25677 pg[3.13( v 25653'253755 (25520'252254,25653'253755] local-lis/les=25603/25604 n=363 ec=106/106 lis/c 25603/25603 les/c/f 25604/25676/25016 25603/25677/25570) [47,43,55] r=2 lpr=25677 pi=[25603,25677)/1 luod=0'0 crt=25653'253755 active] start_peering_interval up [47,43,55] -> [47,43,55], acting [47,43,38] -> [47,43,55], acting_primary 47 -> 47, up_primary 47 -> 47, role -1 -> 2, features acting 2305244844532236283 upacting 2305244844532236283
2018-04-05 05:21:11.382779 7f9fd8c87700 1 osd.55 pg_epoch: 25677 pg[3.13( v 25653'253755 (25520'252254,25653'253755] local-lis/les=25603/25604 n=363 ec=106/106 lis/c 25603/25603 les/c/f 25604/25676/25016 25603/25677/25570) [47,43,55] r=2 lpr=25677 pi=[25603,25677)/1 crt=25653'253755 unknown NOTIFY] state<Start>: transitioning to Stray
2018-04-05 05:21:33.755925 7f9fecc70700 0 -- 10.8.130.104:6801/24477 >> 10.8.128.126:6809/63679 conn(0x55fd3285d800 :6801 s=STATE_ACCEPTING_WAIT_CONNECT_MSG_AUTH pgs=0 cs=0 l=0).handle_connect_msg accept connect_seq 7 vs existing csq=7 existing_state=STATE_STANDBY
2018-04-05 05:21:33.756149 7f9fecc70700 0 -- 10.8.130.104:6801/24477 >> 10.8.128.126:6809/63679 conn(0x55fd3285d800 :6801 s=STATE_ACCEPTING_WAIT_CONNECT_MSG_AUTH pgs=0 cs=0 l=0).handle_connect_msg accept connect_seq 8 vs existing csq=7 existing_state=STATE_STANDBY
2018-04-05 05:21:51.102215 7f9fd8c87700 1 osd.55 pg_epoch: 25681 pg[3.b6( v 25586'279953 (25582'278453,25586'279953] local-lis/les=25603/25605 n=375 ec=106/106 lis/c 25603/25603 les/c/f 25605/25680/25016 25603/25681/25504) [24,55,46] r=1 lpr=25681 pi=[25603,25681)/1 luod=0'0 crt=25586'279953 active] start_peering_interval up [24,55,46] -> [24,55,46], acting [24,46,4] -> [24,55,46], acting_primary 24 -> 24, up_primary 24 -> 24, role -1 -> 1, features acting 2305244844532236283 upacting 2305244844532236283
2018-04-05 05:21:51.102313 7f9fd8c87700 1 osd.55 pg_epoch: 25681 pg[3.b6( v 25586'279953 (25582'278453,25586'279953] local-lis/les=25603/25605 n=375 ec=106/106 lis/c 25603/25603 les/c/f 25605/25680/25016 25603/25681/25504) [24,55,46] r=1 lpr=25681 pi=[25603,25681)/1 crt=25586'279953 unknown NOTIFY] state<Start>: transitioning to Stray
2018-04-05 05:22:32.060030 7f9fd9488700 1 osd.55 pg_epoch: 25685 pg[3.1d9( v 25591'269366 (25520'267866,25591'269366] local-lis/les=25603/25605 n=380 ec=106/106 lis/c 25603/25603 les/c/f 25605/25684/25016 25603/25685/25575) [52,16,55] r=2 lpr=25685 pi=[25603,25685)/1 luod=0'0 crt=25591'269366 active] start_peering_interval up [52,16,55] -> [52,16,55], acting [52,16,40] -> [52,16,55], acting_primary 52 -> 52, up_primary 52 -> 52, role -1 -> 2, features acting 2305244844532236283 upacting 2305244844532236283
2018-04-05 05:22:32.060101 7f9fd9488700 1 osd.55 pg_epoch: 25685 pg[3.1d9( v 25591'269366 (25520'267866,25591'269366] local-lis/les=25603/25605 n=380 ec=106/106 lis/c 25603/25603 les/c/f 25605/25684/25016 25603/25685/25575) [52,16,55] r=2 lpr=25685 pi=[25603,25685)/1 crt=25591'269366 unknown NOTIFY] state<Start>: transitioning to Stray
2018-04-05 06:30:09.423283 7f9fd9488700 1 osd.55 pg_epoch: 25687 pg[1.101( v 25653'1252462 (25586'1250962,25653'1252462] local-lis/les=25603/25606 n=12968 ec=101/101 lis/c 25603/25603 les/c/f 25606/25686/25016 25603/25687/25318) [16,55] r=1 lpr=25687 pi=[25603,25687)/1 luod=0'0 crt=25653'1252462 active] start_peering_interval up [16,55] -> [16,55], acting [16,28] -> [16,55], acting_primary 16 -> 16, up_primary 16 -> 16, role -1 -> 1, features acting 2305244844532236283 upacting 2305244844532236283
2018-04-05 06:30:09.423378 7f9fd9488700 1 osd.55 pg_epoch: 25687 pg[1.101( v 25653'1252462 (25586'1250962,25653'1252462] local-lis/les=25603/25606 n=12968 ec=101/101 lis/c 25603/25603 les/c/f 25606/25686/25016 25603/25687/25318) [16,55] r=1 lpr=25687 pi=[25603,25687)/1 crt=25653'1252462 unknown NOTIFY] state<Start>: transitioning to Stray
2018-04-05 06:30:48.892111 7f9fedc72700 0 -- 10.8.130.104:6801/24477 >> 10.8.128.125:6829/1012966 conn(0x55fd350ab800 :6801 s=STATE_ACCEPTING_WAIT_CONNECT_MSG_AUTH pgs=0 cs=0 l=0).handle_connect_msg accept connect_seq 3 vs existing csq=3 existing_state=STATE_STANDBY
2018-04-05 06:30:48.892356 7f9fedc72700 0 -- 10.8.130.104:6801/24477 >> 10.8.128.125:6829/1012966 conn(0x55fd350ab800 :6801 s=STATE_ACCEPTING_WAIT_CONNECT_MSG_AUTH pgs=0 cs=0 l=0).handle_connect_msg accept connect_seq 4 vs existing csq=3 existing_state=STATE_STANDBY
2018-04-05 06:30:48.893909 7f9fd9488700 1 osd.55 pg_epoch: 25689 pg[3.bc( v 25653'273184 (25520'271683,25653'273184] local-lis/les=25603/25605 n=367 ec=106/106 lis/c 25603/25603 les/c/f 25605/25688/25016 25603/25689/25689) [55,38,4] r=0 lpr=25689 pi=[25603,25689)/1 luod=0'0 crt=25653'273184 mlcod 0'0 active] start_peering_interval up [55,38,4] -> [55,38,4], acting [4,38,41] -> [55,38,4], acting_primary 4 -> 55, up_primary 55 -> 55, role -1 -> 0, features acting 2305244844532236283 upacting 2305244844532236283
2018-04-05 06:30:48.893987 7f9fd9488700 1 osd.55 pg_epoch: 25689 pg[3.bc( v 25653'273184 (25520'271683,25653'273184] local-lis/les=25603/25605 n=367 ec=106/106 lis/c 25603/25603 les/c/f 25605/25688/25016 25603/25689/25689) [55,38,4] r=0 lpr=25689 pi=[25603,25689)/1 crt=25653'273184 mlcod 0'0 unknown] state<Start>: transitioning to Primary
2018-04-05 06:31:28.870727 7f9fd8c87700 1 osd.55 pg_epoch: 25691 pg[3.f4( v 25586'234157 (25582'232657,25586'234157] local-lis/les=25603/25607 n=383 ec=106/106 lis/c 25603/25603 les/c/f 25607/25690/25016 25603/25691/25691) [55,41,45] r=0 lpr=25691 pi=[25603,25691)/1 luod=0'0 crt=25586'234157 mlcod 0'0 active] start_peering_interval up [55,41,45] -> [55,41,45], acting [22,41,45] -> [55,41,45], acting_primary 22 -> 55, up_primary 55 -> 55, role -1 -> 0, features acting 2305244844532236283 upacting 2305244844532236283
2018-04-05 06:31:28.870822 7f9fd8c87700 1 osd.55 pg_epoch: 25691 pg[3.f4( v 25586'234157 (25582'232657,25586'234157] local-lis/les=25603/25607 n=383 ec=106/106 lis/c 25603/25603 les/c/f 25607/25690/25016 25603/25691/25691) [55,41,45] r=0 lpr=25691 pi=[25603,25691)/1 crt=25586'234157 mlcod 0'0 unknown] state<Start>: transitioning to Primary
2018-04-05 06:32:03.315131 7f9fd9488700 1 osd.55 pg_epoch: 25693 pg[3.31( v 25588'251693 (25586'250193,25588'251693] local-lis/les=25603/25604 n=321 ec=106/106 lis/c 25603/25603 les/c/f 25604/25692/25016 25603/25693/25311) [1,44,55] r=2 lpr=25693 pi=[25603,25693)/1 luod=0'0 crt=25588'251693 active] start_peering_interval up [1,44,55] -> [1,44,55], acting [1,44,19] -> [1,44,55], acting_primary 1 -> 1, up_primary 1 -> 1, role -1 -> 2, features acting 2305244844532236283 upacting 2305244844532236283
2018-04-05 06:32:03.315207 7f9fd9488700 1 osd.55 pg_epoch: 25693 pg[3.31( v 25588'251693 (25586'250193,25588'251693] local-lis/les=25603/25604 n=321 ec=106/106 lis/c 25603/25603 les/c/f 25604/25692/25016 25603/25693/25311) [1,44,55] r=2 lpr=25693 pi=[25603,25693)/1 crt=25588'251693 unknown NOTIFY] state<Start>: transitioning to Stray
2018-04-05 06:32:43.456635 7f9fd8c87700 1 osd.55 pg_epoch: 25695 pg[3.ce( v 25586'275163 (25520'273663,25586'275163] local-lis/les=25603/25605 n=366 ec=106/106 lis/c 25603/25603 les/c/f 25605/25694/25016 25603/25695/25430) [45,55,44] r=1 lpr=25695 pi=[25603,25695)/1 luod=0'0 crt=25586'275163 active] start_peering_interval up [45,55,44] -> [45,55,44], acting [45,44,40] -> [45,55,44], acting_primary 45 -> 45, up_primary 45 -> 45, role -1 -> 1, features acting 2305244844532236283 upacting 2305244844532236283
2018-04-05 06:32:43.456703 7f9fd8c87700 1 osd.55 pg_epoch: 25695 pg[3.ce( v 25586'275163 (25520'273663,25586'275163] local-lis/les=25603/25605 n=366 ec=106/106 lis/c 25603/25603 les/c/f 25605/25694/25016 25603/25695/25430) [45,55,44] r=1 lpr=25695 pi=[25603,25695)/1 crt=25586'275163 unknown NOTIFY] state<Start>: transitioning to Stray
2018-04-05 06:33:21.935477 7f9fd8c87700 1 osd.55 pg_epoch: 25697 pg[3.19c( v 25586'261258 (25520'259758,25586'261258] local-lis/les=25603/25604 n=367 ec=106/106 lis/c 25603/25603 les/c/f 25604/25696/25016 25603/25697/25481) [21,37,55] r=2 lpr=25697 pi=[25603,25697)/1 luod=0'0 crt=25586'261258 active] start_peering_interval up [21,37,55] -> [21,37,55], acting [21,37,19] -> [21,37,55], acting_primary 21 -> 21, up_primary 21 -> 21, role -1 -> 2, features acting 2305244844532236283 upacting 2305244844532236283
2018-04-05 06:33:21.935547 7f9fd8c87700 1 osd.55 pg_epoch: 25697 pg[3.19c( v 25586'261258 (25520'259758,25586'261258] local-lis/les=25603/25604 n=367 ec=106/106 lis/c 25603/25603 les/c/f 25604/25696/25016 25603/25697/25481) [21,37,55] r=2 lpr=25697 pi=[25603,25697)/1 crt=25586'261258 unknown NOTIFY] state<Start>: transitioning to Stray
2018-04-05 06:34:02.608609 7f9fd8c87700 1 osd.55 pg_epoch: 25699 pg[3.173( v 25588'265659 (25581'264159,25588'265659] local-lis/les=25603/25606 n=377 ec=106/106 lis/c 25603/25603 les/c/f 25606/25698/25016 25603/25699/25403) [44,55,49] r=1 lpr=25699 pi=[25603,25699)/1 luod=0'0 crt=25588'265659 active] start_peering_interval up [44,55,49] -> [44,55,49], acting [44,49,32] -> [44,55,49], acting_primary 44 -> 44, up_primary 44 -> 44, role -1 -> 1, features acting 2305244844532236283 upacting 2305244844532236283
2018-04-05 06:34:02.608683 7f9fd8c87700 1 osd.55 pg_epoch: 25699 pg[3.173( v 25588'265659 (25581'264159,25588'265659] local-lis/les=25603/25606 n=377 ec=106/106 lis/c 25603/25603 les/c/f 25606/25698/25016 25603/25699/25403) [44,55,49] r=1 lpr=25699 pi=[25603,25699)/1 crt=25588'265659 unknown NOTIFY] state<Start>: transitioning to Stray
2018-04-05 06:34:03.670926 7f9fedc72700 0 -- 10.8.130.104:6801/24477 >> 10.8.128.126:6809/63679 conn(0x55fd32596000 :6801 s=STATE_ACCEPTING_WAIT_CONNECT_MSG_AUTH pgs=0 cs=0 l=0).handle_connect_msg accept connect_seq 9 vs existing csq=9 existing_state=STATE_STANDBY
2018-04-05 06:34:03.671149 7f9fedc72700 0 -- 10.8.130.104:6801/24477 >> 10.8.128.126:6809/63679 conn(0x55fd32596000 :6801 s=STATE_ACCEPTING_WAIT_CONNECT_MSG_AUTH pgs=0 cs=0 l=0).handle_connect_msg accept connect_seq 10 vs existing csq=9 existing_state=STATE_STANDBY
2018-04-05 06:34:43.555417 7f9fecc70700 0 -- 10.8.130.104:6801/24477 >> 10.8.128.127:6828/1109878 conn(0x55fd2c0fe000 :6801 s=STATE_ACCEPTING_WAIT_CONNECT_MSG_AUTH pgs=0 cs=0 l=0).handle_connect_msg accept connect_seq 5 vs existing csq=5 existing_state=STATE_STANDBY
2018-04-05 06:34:43.555600 7f9fecc70700 0 -- 10.8.130.104:6801/24477 >> 10.8.128.127:6828/1109878 conn(0x55fd2c0fe000 :6801 s=STATE_ACCEPTING_WAIT_CONNECT_MSG_AUTH pgs=0 cs=0 l=0).handle_connect_msg accept connect_seq 6 vs existing csq=5 existing_state=STATE_STANDBY
2018-04-05 06:34:43.595072 7f9fed471700 0 -- 10.8.130.104:6801/24477 >> 10.8.128.127:6805/109785 conn(0x55fd34d80800 :6801 s=STATE_ACCEPTING_WAIT_CONNECT_MSG_AUTH pgs=0 cs=0 l=0).handle_connect_msg accept connect_seq 3 vs existing csq=3 existing_state=STATE_STANDBY
2018-04-05 06:34:43.595282 7f9fed471700 0 -- 10.8.130.104:6801/24477 >> 10.8.128.127:6805/109785 conn(0x55fd34d80800 :6801 s=STATE_ACCEPTING_WAIT_CONNECT_MSG_AUTH pgs=0 cs=0 l=0).handle_connect_msg accept connect_seq 4 vs existing csq=3 existing_state=STATE_STANDBY
2018-04-05 06:34:43.651786 7f9fed471700 0 -- 10.8.130.104:6801/24477 >> 10.8.128.127:6825/110319 conn(0x55fd29cea000 :6801 s=STATE_ACCEPTING_WAIT_CONNECT_MSG_AUTH pgs=0 cs=0 l=0).handle_connect_msg accept connect_seq 11 vs existing csq=11 existing_state=STATE_STANDBY
2018-04-05 06:34:43.651999 7f9fed471700 0 -- 10.8.130.104:6801/24477 >> 10.8.128.127:6825/110319 conn(0x55fd29cea000 :6801 s=STATE_ACCEPTING_WAIT_CONNECT_MSG_AUTH pgs=0 cs=0 l=0).handle_connect_msg accept connect_seq 12 vs existing csq=11 existing_state=STATE_STANDBY
2018-04-05 06:34:43.678383 7f9fed471700 0 -- 10.8.130.104:6801/24477 >> 10.8.128.120:6805/32651 conn(0x55fd26f71800 :6801 s=STATE_ACCEPTING_WAIT_CONNECT_MSG_AUTH pgs=0 cs=0 l=0).handle_connect_msg accept connect_seq 5 vs existing csq=5 existing_state=STATE_STANDBY
2018-04-05 06:34:43.678550 7f9fed471700 0 -- 10.8.130.104:6801/24477 >> 10.8.128.120:6805/32651 conn(0x55fd26f71800 :6801 s=STATE_ACCEPTING_WAIT_CONNECT_MSG_AUTH pgs=0 cs=0 l=0).handle_connect_msg accept connect_seq 6 vs existing csq=5 existing_state=STATE_STANDBY
2018-04-05 06:34:44.557748 7f9fed471700 0 -- 10.8.130.104:6801/24477 >> 10.8.128.128:6813/1188523 conn(0x55fd4234d800 :6801 s=STATE_ACCEPTING_WAIT_CONNECT_MSG_AUTH pgs=0 cs=0 l=0).handle_connect_msg accept connect_seq 3 vs existing csq=3 existing_state=STATE_STANDBY
2018-04-05 06:34:44.558029 7f9fed471700 0 -- 10.8.130.104:6801/24477 >> 10.8.128.128:6813/1188523 conn(0x55fd4234d800 :6801 s=STATE_ACCEPTING_WAIT_CONNECT_MSG_AUTH pgs=0 cs=0 l=0).handle_connect_msg accept connect_seq 4 vs existing csq=3 existing_state=STATE_STANDBY
2018-04-05 06:52:27.362482 7f9fdfc95700 4 rocksdb: [/builddir/build/BUILD/ceph-12.2.4/src/rocksdb/db/db_impl_write.cc:684] reusing log 24 from recycle list

2018-04-05 06:52:27.362613 7f9fdfc95700 4 rocksdb: [/builddir/build/BUILD/ceph-12.2.4/src/rocksdb/db/db_impl_write.cc:725] [default] New memtable created with log file: #36. Immutable memtables: 0.

2018-04-05 06:52:27.365329 7f9fd0476700 4 rocksdb: (Original Log Time 2018/04/05-06:52:27.362664) [/builddir/build/BUILD/ceph-12.2.4/src/rocksdb/db/db_impl_compaction_flush.cc:1158] Calling FlushMemTableToOutputFile with column family [default], flush slots available 1, compaction slots allowed 1, compaction slots scheduled 1
2018-04-05 06:52:27.365359 7f9fd0476700 4 rocksdb: [/builddir/build/BUILD/ceph-12.2.4/src/rocksdb/db/flush_job.cc:264] [default] [JOB 14] Flushing memtable with next log file: 36

2018-04-05 06:52:27.365387 7f9fd0476700 4 rocksdb: EVENT_LOG_v1 {"time_micros": 1522911147365381, "job": 14, "event": "flush_started", "num_memtables": 1, "num_entries": 335937, "num_deletes": 229, "memory_usage": 260049112}
2018-04-05 06:52:27.365391 7f9fd0476700 4 rocksdb: [/builddir/build/BUILD/ceph-12.2.4/src/rocksdb/db/flush_job.cc:293] [default] [JOB 14] Level-0 flush table #37: started
2018-04-05 06:52:27.864729 7f9fd0476700 4 rocksdb: EVENT_LOG_v1 {"time_micros": 1522911147864716, "cf_name": "default", "job": 14, "event": "table_file_creation", "file_number": 37, "file_size": 115506355, "table_properties": {"data_size": 112978900, "index_size": 1705655, "filter_size": 820811, "raw_key_size": 13693562, "raw_average_key_size": 61, "raw_value_size": 104945165, "raw_average_value_size": 468, "num_data_blocks": 28913, "num_entries": 224208, "filter_policy_name": "rocksdb.BuiltinBloomFilter", "kDeletedKeys": "214", "kMergeOperands": "6470"}}
2018-04-05 06:52:27.864737 7f9fd0476700 4 rocksdb: [/builddir/build/BUILD/ceph-12.2.4/src/rocksdb/db/flush_job.cc:319] [default] [JOB 14] Level-0 flush table #37: 115506355 bytes OK
2018-04-05 06:52:27.864950 7f9fd0476700 4 rocksdb: [/builddir/build/BUILD/ceph-12.2.4/src/rocksdb/db/db_impl_files.cc:242] adding log 26 to recycle list

2018-04-05 06:52:27.864957 7f9fd0476700 4 rocksdb: (Original Log Time 2018/04/05-06:52:27.864743) [/builddir/build/BUILD/ceph-12.2.4/src/rocksdb/db/memtable_list.cc:360] [default] Level-0 commit table #37 started
2018-04-05 06:52:27.864959 7f9fd0476700 4 rocksdb: (Original Log Time 2018/04/05-06:52:27.864912) [/builddir/build/BUILD/ceph-12.2.4/src/rocksdb/db/memtable_list.cc:383] [default] Level-0 commit table #37: memtable #1 done
2018-04-05 06:52:27.864960 7f9fd0476700 4 rocksdb: (Original Log Time 2018/04/05-06:52:27.864923) EVENT_LOG_v1 {"time_micros": 1522911147864918, "job": 14, "event": "flush_finished", "lsm_state": [1, 4, 4, 0, 0, 0, 0], "immutable_memtables": 0}
2018-04-05 06:52:27.864978 7f9fd0476700 4 rocksdb: (Original Log Time 2018/04/05-06:52:27.864937) [/builddir/build/BUILD/ceph-12.2.4/src/rocksdb/db/db_impl_compaction_flush.cc:132] [default] Level summary: base level 1 max bytes base 268435456 files[1 4 4 0 0 0 0] max score 0.80

2018-04-05 06:52:27.864986 7f9fd0476700 4 rocksdb: [/builddir/build/BUILD/ceph-12.2.4/src/rocksdb/db/db_impl_files.cc:388] [JOB 14] Try to delete WAL files size 253765058, prev total WAL file size 253773125, number of live WAL files 2.

2018-04-05 06:54:58.670130 7f9fecc70700 0 -- 10.8.130.104:6801/24477 >> 10.8.128.124:6817/17559 conn(0x55fd47e31800 :6801 s=STATE_ACCEPTING_WAIT_CONNECT_MSG_AUTH pgs=0 cs=0 l=0).handle_connect_msg accept connect_seq 11 vs existing csq=11 existing_state=STATE_STANDBY
2018-04-05 06:54:58.670361 7f9fecc70700 0 -- 10.8.130.104:6801/24477 >> 10.8.128.124:6817/17559 conn(0x55fd47e31800 :6801 s=STATE_ACCEPTING_WAIT_CONNECT_MSG_AUTH pgs=0 cs=0 l=0).handle_connect_msg accept connect_seq 12 vs existing csq=11 existing_state=STATE_STANDBY
2018-04-05 07:41:57.274603 7f9fd9488700 1 osd.55 pg_epoch: 25703 pg[1.76( v 25588'702327 (25586'700827,25588'702327] local-lis/les=25603/25605 n=13083 ec=101/101 lis/c 25603/25603 les/c/f 25605/25702/25016 25603/25703/25402) [43,55] r=1 lpr=25703 pi=[25603,25703)/1 luod=0'0 crt=25588'702327 active] start_peering_interval up [43,55] -> [43,55], acting [43,27] -> [43,55], acting_primary 43 -> 43, up_primary 43 -> 43, role -1 -> 1, features acting 2305244844532236283 upacting 2305244844532236283
2018-04-05 07:41:57.274690 7f9fd9488700 1 osd.55 pg_epoch: 25703 pg[1.76( v 25588'702327 (25586'700827,25588'702327] local-lis/les=25603/25605 n=13083 ec=101/101 lis/c 25603/25603 les/c/f 25605/25702/25016 25603/25703/25402) [43,55] r=1 lpr=25703 pi=[25603,25703)/1 crt=25588'702327 unknown NOTIFY] state<Start>: transitioning to Stray
2018-04-05 08:08:47.638768 7f9fed471700 0 -- 10.8.130.104:6801/24477 >> 10.8.128.126:6817/1063831 conn(0x55fd47c09000 :6801 s=STATE_ACCEPTING_WAIT_CONNECT_MSG_AUTH pgs=0 cs=0 l=0).handle_connect_msg accept connect_seq 7 vs existing csq=7 existing_state=STATE_STANDBY
2018-04-05 08:08:47.639050 7f9fed471700 0 -- 10.8.130.104:6801/24477 >> 10.8.128.126:6817/1063831 conn(0x55fd47c09000 :6801 s=STATE_ACCEPTING_WAIT_CONNECT_MSG_AUTH pgs=0 cs=0 l=0).handle_connect_msg accept connect_seq 8 vs existing csq=7 existing_state=STATE_STANDBY
2018-04-05 08:08:47.998390 7f9fed471700 0 -- 10.8.130.104:6801/24477 >> 10.8.128.126:6809/63679 conn(0x55fd42ab2000 :6801 s=STATE_ACCEPTING_WAIT_CONNECT_MSG_AUTH pgs=0 cs=0 l=0).handle_connect_msg accept connect_seq 11 vs existing csq=11 existing_state=STATE_STANDBY
2018-04-05 08:08:47.998696 7f9fed471700 0 -- 10.8.130.104:6801/24477 >> 10.8.128.126:6809/63679 conn(0x55fd42ab2000 :6801 s=STATE_ACCEPTING_WAIT_CONNECT_MSG_AUTH pgs=0 cs=0 l=0).handle_connect_msg accept connect_seq 12 vs existing csq=11 existing_state=STATE_STANDBY
2018-04-05 08:50:33.101098 7f9fd9488700 1 osd.55 pg_epoch: 25705 pg[1.b7( v 25655'784294 (25586'782751,25655'784294] local-lis/les=25603/25607 n=12915 ec=101/101 lis/c 25603/25603 les/c/f 25607/25704/25016 25603/25705/25705) [55,43] r=0 lpr=25705 pi=[25603,25705)/1 luod=0'0 crt=25655'784294 mlcod 0'0 active] start_peering_interval up [55,43] -> [55,43], acting [9,37] -> [55,43], acting_primary 9 -> 55, up_primary 55 -> 55, role -1 -> 0, features acting 2305244844532236283 upacting 2305244844532236283
2018-04-05 08:50:33.101176 7f9fd9488700 1 osd.55 pg_epoch: 25705 pg[1.b7( v 25655'784294 (25586'782751,25655'784294] local-lis/les=25603/25607 n=12915 ec=101/101 lis/c 25603/25603 les/c/f 25607/25704/25016 25603/25705/25705) [55,43] r=0 lpr=25705 pi=[25603,25705)/1 crt=25655'784294 mlcod 0'0 unknown] state<Start>: transitioning to Primary
2018-04-05 08:51:09.289497 7f9fd8c87700 1 osd.55 pg_epoch: 25707 pg[3.ec( v 25586'259298 (25520'257798,25586'259298] local-lis/les=25603/25605 n=338 ec=106/106 lis/c 25603/25603 les/c/f 25605/25706/25016 25603/25707/25371) [38,0,55] r=2 lpr=25707 pi=[25603,25707)/1 luod=0'0 crt=25586'259298 active] start_peering_interval up [38,0,55] -> [38,0,55], acting [38,0,20] -> [38,0,55], acting_primary 38 -> 38, up_primary 38 -> 38, role -1 -> 2, features acting 2305244844532236283 upacting 2305244844532236283
2018-04-05 08:51:09.289591 7f9fd8c87700 1 osd.55 pg_epoch: 25707 pg[3.ec( v 25586'259298 (25520'257798,25586'259298] local-lis/les=25603/25605 n=338 ec=106/106 lis/c 25603/25603 les/c/f 25605/25706/25016 25603/25707/25371) [38,0,55] r=2 lpr=25707 pi=[25603,25707)/1 crt=25586'259298 unknown NOTIFY] state<Start>: transitioning to Stray
2018-04-05 09:00:19.012346 7f9fedc72700 0 -- 10.8.130.104:6801/24477 >> 10.8.128.124:6813/17398 conn(0x55fd1b2c9800 :6801 s=STATE_ACCEPTING_WAIT_CONNECT_MSG_AUTH pgs=0 cs=0 l=0).handle_connect_msg accept connect_seq 9 vs existing csq=9 existing_state=STATE_STANDBY
2018-04-05 09:00:19.012976 7f9fedc72700 0 -- 10.8.130.104:6801/24477 >> 10.8.128.124:6813/17398 conn(0x55fd1b2c9800 :6801 s=STATE_ACCEPTING_WAIT_CONNECT_MSG_AUTH pgs=0 cs=0 l=0).handle_connect_msg accept connect_seq 10 vs existing csq=9 existing_state=STATE_STANDBY
2018-04-05 09:00:19.019188 7f9fedc72700 0 -- 10.8.130.104:6801/24477 >> 10.8.128.125:6822/13441 conn(0x55fd31dfd800 :6801 s=STATE_ACCEPTING_WAIT_CONNECT_MSG_AUTH pgs=0 cs=0 l=0).handle_connect_msg accept connect_seq 7 vs existing csq=7 existing_state=STATE_STANDBY
2018-04-05 09:00:19.020419 7f9fedc72700 0 -- 10.8.130.104:6801/24477 >> 10.8.128.125:6822/13441 conn(0x55fd31dfd800 :6801 s=STATE_ACCEPTING_WAIT_CONNECT_MSG_AUTH pgs=0 cs=0 l=0).handle_connect_msg accept connect_seq 8 vs existing csq=7 existing_state=STATE_STANDBY
2018-04-05 09:00:19.032770 7f9fecc70700 0 -- 10.8.130.104:6801/24477 >> 10.8.128.124:6825/17908 conn(0x55fd34a9b800 :6801 s=STATE_ACCEPTING_WAIT_CONNECT_MSG_AUTH pgs=0 cs=0 l=0).handle_connect_msg accept connect_seq 11 vs existing csq=11 existing_state=STATE_STANDBY
2018-04-05 09:00:19.033115 7f9fecc70700 0 -- 10.8.130.104:6801/24477 >> 10.8.128.124:6825/17908 conn(0x55fd34a9b800 :6801 s=STATE_ACCEPTING_WAIT_CONNECT_MSG_AUTH pgs=0 cs=0 l=0).handle_connect_msg accept connect_seq 12 vs existing csq=11 existing_state=STATE_STANDBY
2018-04-05 09:00:19.088170 7f9fed471700 0 -- 10.8.130.104:6801/24477 >> 10.8.128.125:6806/12816 conn(0x55fd47e30000 :6801 s=STATE_ACCEPTING_WAIT_CONNECT_MSG_AUTH pgs=0 cs=0 l=0).handle_connect_msg accept connect_seq 1 vs existing csq=1 existing_state=STATE_STANDBY
2018-04-05 09:00:19.088395 7f9fed471700 0 -- 10.8.130.104:6801/24477 >> 10.8.128.125:6806/12816 conn(0x55fd47e30000 :6801 s=STATE_ACCEPTING_WAIT_CONNECT_MSG_AUTH pgs=0 cs=0 l=0).handle_connect_msg accept connect_seq 2 vs existing csq=1 existing_state=STATE_STANDBY
2018-04-05 09:19:08.524820 7f9fdfc95700 4 rocksdb: [/builddir/build/BUILD/ceph-12.2.4/src/rocksdb/db/db_impl_write.cc:684] reusing log 26 from recycle list

2018-04-05 09:19:08.525181 7f9fdfc95700 4 rocksdb: [/builddir/build/BUILD/ceph-12.2.4/src/rocksdb/db/db_impl_write.cc:725] [default] New memtable created with log file: #38. Immutable memtables: 0.

2018-04-05 09:19:08.526469 7f9fd0476700 4 rocksdb: (Original Log Time 2018/04/05-09:19:08.525207) [/builddir/build/BUILD/ceph-12.2.4/src/rocksdb/db/db_impl_compaction_flush.cc:1158] Calling FlushMemTableToOutputFile with column family [default], flush slots available 1, compaction slots allowed 1, compaction slots scheduled 1
2018-04-05 09:19:08.526479 7f9fd0476700 4 rocksdb: [/builddir/build/BUILD/ceph-12.2.4/src/rocksdb/db/flush_job.cc:264] [default] [JOB 15] Flushing memtable with next log file: 38

2018-04-05 09:19:08.526524 7f9fd0476700 4 rocksdb: EVENT_LOG_v1 {"time_micros": 1522919948526500, "job": 15, "event": "flush_started", "num_memtables": 1, "num_entries": 300140, "num_deletes": 9, "memory_usage": 260060608}
2018-04-05 09:19:08.526526 7f9fd0476700 4 rocksdb: [/builddir/build/BUILD/ceph-12.2.4/src/rocksdb/db/flush_job.cc:293] [default] [JOB 15] Level-0 flush table #39: started
2018-04-05 09:19:08.953873 7f9fd0476700 4 rocksdb: EVENT_LOG_v1 {"time_micros": 1522919948953859, "cf_name": "default", "job": 15, "event": "table_file_creation", "file_number": 39, "file_size": 96410730, "table_properties": {"data_size": 94147936, "index_size": 1611525, "filter_size": 650281, "raw_key_size": 11044549, "raw_average_key_size": 63, "raw_value_size": 88760606, "raw_average_value_size": 512, "num_data_blocks": 23989, "num_entries": 173090, "filter_policy_name": "rocksdb.BuiltinBloomFilter", "kDeletedKeys": "1", "kMergeOperands": "7923"}}
2018-04-05 09:19:08.953882 7f9fd0476700 4 rocksdb: [/builddir/build/BUILD/ceph-12.2.4/src/rocksdb/db/flush_job.cc:319] [default] [JOB 15] Level-0 flush table #39: 96410730 bytes OK
2018-04-05 09:19:08.954103 7f9fd0476700 4 rocksdb: [/builddir/build/BUILD/ceph-12.2.4/src/rocksdb/db/db_impl_files.cc:242] adding log 36 to recycle list

2018-04-05 09:19:08.954110 7f9fd0476700 4 rocksdb: (Original Log Time 2018/04/05-09:19:08.953905) [/builddir/build/BUILD/ceph-12.2.4/src/rocksdb/db/memtable_list.cc:360] [default] Level-0 commit table #39 started
2018-04-05 09:19:08.954113 7f9fd0476700 4 rocksdb: (Original Log Time 2018/04/05-09:19:08.954064) [/builddir/build/BUILD/ceph-12.2.4/src/rocksdb/db/memtable_list.cc:383] [default] Level-0 commit table #39: memtable #1 done
2018-04-05 09:19:08.954116 7f9fd0476700 4 rocksdb: (Original Log Time 2018/04/05-09:19:08.954079) EVENT_LOG_v1 {"time_micros": 1522919948954073, "job": 15, "event": "flush_finished", "lsm_state": [2, 4, 4, 0, 0, 0, 0], "immutable_memtables": 0}
2018-04-05 09:19:08.954119 7f9fd0476700 4 rocksdb: (Original Log Time 2018/04/05-09:19:08.954095) [/builddir/build/BUILD/ceph-12.2.4/src/rocksdb/db/db_impl_compaction_flush.cc:132] [default] Level summary: base level 1 max bytes base 268435456 files[2 4 4 0 0 0 0] max score 0.80

2018-04-05 09:19:08.954123 7f9fd0476700 4 rocksdb: [/builddir/build/BUILD/ceph-12.2.4/src/rocksdb/db/db_impl_files.cc:388] [JOB 15] Try to delete WAL files size 254560681, prev total WAL file size 254564451, number of live WAL files 2.

2018-04-05 09:42:58.077604 7f9fedc72700 0 -- 10.8.130.104:6801/24477 >> 10.8.128.127:6817/110074 conn(0x55fd5fc8d800 :6801 s=STATE_ACCEPTING_WAIT_CONNECT_MSG_AUTH pgs=0 cs=0 l=0).handle_connect_msg accept connect_seq 13 vs existing csq=13 existing_state=STATE_STANDBY
2018-04-05 09:42:58.077673 7f9fed471700 0 -- 10.8.130.104:6801/24477 >> 10.8.128.128:6817/1188678 conn(0x55fd259ac800 :6801 s=STATE_ACCEPTING_WAIT_CONNECT_MSG_AUTH pgs=0 cs=0 l=0).handle_connect_msg accept connect_seq 9 vs existing csq=9 existing_state=STATE_STANDBY
2018-04-05 09:42:58.077874 7f9fedc72700 0 -- 10.8.130.104:6801/24477 >> 10.8.128.127:6817/110074 conn(0x55fd5fc8d800 :6801 s=STATE_ACCEPTING_WAIT_CONNECT_MSG_AUTH pgs=0 cs=0 l=0).handle_connect_msg accept connect_seq 14 vs existing csq=13 existing_state=STATE_STANDBY
2018-04-05 09:42:58.078034 7f9fed471700 0 -- 10.8.130.104:6801/24477 >> 10.8.128.128:6817/1188678 conn(0x55fd259ac800 :6801 s=STATE_ACCEPTING_WAIT_CONNECT_MSG_AUTH pgs=0 cs=0 l=0).handle_connect_msg accept connect_seq 10 vs existing csq=9 existing_state=STATE_STANDBY
2018-04-05 09:57:41.885371 7f9fedc72700 0 -- 10.8.130.104:6801/24477 >> 10.8.128.124:6813/17398 conn(0x55fd42ab3800 :6801 s=STATE_ACCEPTING_WAIT_CONNECT_MSG_AUTH pgs=0 cs=0 l=0).handle_connect_msg accept connect_seq 11 vs existing csq=11 existing_state=STATE_STANDBY
2018-04-05 09:57:41.885563 7f9fedc72700 0 -- 10.8.130.104:6801/24477 >> 10.8.128.124:6813/17398 conn(0x55fd42ab3800 :6801 s=STATE_ACCEPTING_WAIT_CONNECT_MSG_AUTH pgs=0 cs=0 l=0).handle_connect_msg accept connect_seq 12 vs existing csq=11 existing_state=STATE_STANDBY
2018-04-05 09:58:46.429403 7f9fd9488700 1 osd.55 pg_epoch: 25710 pg[1.184( v 25586'1278779 (25586'1277279,25586'1278779] local-lis/les=25603/25605 n=13015 ec=101/101 lis/c 25603/25603 les/c/f 25605/25709/25016 25603/25710/25710) [55,13] r=0 lpr=25710 pi=[25603,25710)/1 luod=0'0 crt=25586'1278779 mlcod 0'0 active] start_peering_interval up [55,13] -> [55,13], acting [13,24] -> [55,13], acting_primary 13 -> 55, up_primary 55 -> 55, role -1 -> 0, features acting 2305244844532236283 upacting 2305244844532236283
2018-04-05 09:58:46.429479 7f9fd9488700 1 osd.55 pg_epoch: 25710 pg[1.184( v 25586'1278779 (25586'1277279,25586'1278779] local-lis/les=25603/25605 n=13015 ec=101/101 lis/c 25603/25603 les/c/f 25605/25709/25016 25603/25710/25710) [55,13] r=0 lpr=25710 pi=[25603,25710)/1 crt=25586'1278779 mlcod 0'0 unknown] state<Start>: transitioning to Primary
2018-04-05 09:59:29.159412 7f9fd8c87700 1 osd.55 pg_epoch: 25712 pg[3.f6( v 25586'254736 (25518'253236,25586'254736] local-lis/les=25603/25604 n=391 ec=106/106 lis/c 25603/25603 les/c/f 25604/25711/25016 25603/25712/25560) [40,30,55] r=2 lpr=25712 pi=[25603,25712)/1 luod=0'0 crt=25586'254736 active] start_peering_interval up [40,30,55] -> [40,30,55], acting [40,30,35] -> [40,30,55], acting_primary 40 -> 40, up_primary 40 -> 40, role -1 -> 2, features acting 2305244844532236283 upacting 2305244844532236283
2018-04-05 09:59:29.159483 7f9fd8c87700 1 osd.55 pg_epoch: 25712 pg[3.f6( v 25586'254736 (25518'253236,25586'254736] local-lis/les=25603/25604 n=391 ec=106/106 lis/c 25603/25603 les/c/f 25604/25711/25016 25603/25712/25560) [40,30,55] r=2 lpr=25712 pi=[25603,25712)/1 crt=25586'254736 unknown NOTIFY] state<Start>: transitioning to Stray
2018-04-05 10:00:06.181865 7f9fd8c87700 1 osd.55 pg_epoch: 25714 pg[3.1a( v 25586'226463 (25520'224963,25586'226463] local-lis/les=25604/25605 n=339 ec=106/106 lis/c 25604/25604 les/c/f 25605/25713/25016 25603/25714/25457) [50,37,55] r=2 lpr=25714 pi=[25604,25714)/1 luod=0'0 crt=25586'226463 active] start_peering_interval up [50,37,55] -> [50,37,55], acting [50,37,23] -> [50,37,55], acting_primary 50 -> 50, up_primary 50 -> 50, role -1 -> 2, features acting 2305244844532236283 upacting 2305244844532236283
2018-04-05 10:00:06.181935 7f9fd8c87700 1 osd.55 pg_epoch: 25714 pg[3.1a( v 25586'226463 (25520'224963,25586'226463] local-lis/les=25604/25605 n=339 ec=106/106 lis/c 25604/25604 les/c/f 25605/25713/25016 25603/25714/25457) [50,37,55] r=2 lpr=25714 pi=[25604,25714)/1 crt=25586'226463 unknown NOTIFY] state<Start>: transitioning to Stray
2018-04-05 11:06:15.073477 7f9fd8c87700 1 osd.55 pg_epoch: 25719 pg[1.3d( v 25590'1062162 (25586'1060662,25590'1062162] local-lis/les=25603/25604 n=12842 ec=101/101 lis/c 25603/25603 les/c/f 25604/25718/25016 25603/25719/25343) [33,55] r=1 lpr=25719 pi=[25603,25719)/1 luod=0'0 crt=25590'1062162 active] start_peering_interval up [33,55] -> [33,55], acting [33,48] -> [33,55], acting_primary 33 -> 33, up_primary 33 -> 33, role -1 -> 1, features acting 2305244844532236283 upacting 2305244844532236283
2018-04-05 11:06:15.073551 7f9fd8c87700 1 osd.55 pg_epoch: 25719 pg[1.3d( v 25590'1062162 (25586'1060662,25590'1062162] local-lis/les=25603/25604 n=12842 ec=101/101 lis/c 25603/25603 les/c/f 25604/25718/25016 25603/25719/25343) [33,55] r=1 lpr=25719 pi=[25603,25719)/1 crt=25590'1062162 unknown NOTIFY] state<Start>: transitioning to Stray
2018-04-05 11:23:38.399843 7f9fecc70700 0 -- 10.8.130.104:6801/24477 >> 10.8.128.121:6809/24658 conn(0x55fd2877c800 :6801 s=STATE_ACCEPTING_WAIT_CONNECT_MSG_AUTH pgs=0 cs=0 l=0).handle_connect_msg accept connect_seq 5 vs existing csq=5 existing_state=STATE_STANDBY
2018-04-05 11:23:38.400075 7f9fecc70700 0 -- 10.8.130.104:6801/24477 >> 10.8.128.121:6809/24658 conn(0x55fd2877c800 :6801 s=STATE_ACCEPTING_WAIT_CONNECT_MSG_AUTH pgs=0 cs=0 l=0).handle_connect_msg accept connect_seq 6 vs existing csq=5 existing_state=STATE_STANDBY
2018-04-05 11:41:56.313055 7f9fdfc95700 4 rocksdb: [/builddir/build/BUILD/ceph-12.2.4/src/rocksdb/db/db_impl_write.cc:684] reusing log 36 from recycle list

2018-04-05 11:41:56.313354 7f9fdfc95700 4 rocksdb: [/builddir/build/BUILD/ceph-12.2.4/src/rocksdb/db/db_impl_write.cc:725] [default] New memtable created with log file: #40. Immutable memtables: 0.

2018-04-05 11:41:56.314636 7f9fd0476700 4 rocksdb: (Original Log Time 2018/04/05-11:41:56.313427) [/builddir/build/BUILD/ceph-12.2.4/src/rocksdb/db/db_impl_compaction_flush.cc:1158] Calling FlushMemTableToOutputFile with column family [default], flush slots available 1, compaction slots allowed 1, compaction slots scheduled 1
2018-04-05 11:41:56.314646 7f9fd0476700 4 rocksdb: [/builddir/build/BUILD/ceph-12.2.4/src/rocksdb/db/flush_job.cc:264] [default] [JOB 16] Flushing memtable with next log file: 40

2018-04-05 11:41:56.314696 7f9fd0476700 4 rocksdb: EVENT_LOG_v1 {"time_micros": 1522928516314670, "job": 16, "event": "flush_started", "num_memtables": 1, "num_entries": 296547, "num_deletes": 129, "memory_usage": 260049336}
2018-04-05 11:41:56.314699 7f9fd0476700 4 rocksdb: [/builddir/build/BUILD/ceph-12.2.4/src/rocksdb/db/flush_job.cc:293] [default] [JOB 16] Level-0 flush table #41: started
2018-04-05 11:41:56.727665 7f9fd0476700 4 rocksdb: EVENT_LOG_v1 {"time_micros": 1522928516727651, "cf_name": "default", "job": 16, "event": "table_file_creation", "file_number": 41, "file_size": 94327631, "table_properties": {"data_size": 92119415, "index_size": 1569647, "filter_size": 637581, "raw_key_size": 10849845, "raw_average_key_size": 63, "raw_value_size": 86761790, "raw_average_value_size": 510, "num_data_blocks": 23472, "num_entries": 169864, "filter_policy_name": "rocksdb.BuiltinBloomFilter", "kDeletedKeys": "102", "kMergeOperands": "7745"}}
2018-04-05 11:41:56.727675 7f9fd0476700 4 rocksdb: [/builddir/build/BUILD/ceph-12.2.4/src/rocksdb/db/flush_job.cc:319] [default] [JOB 16] Level-0 flush table #41: 94327631 bytes OK
2018-04-05 11:41:56.727894 7f9fd0476700 4 rocksdb: [/builddir/build/BUILD/ceph-12.2.4/src/rocksdb/db/db_impl_files.cc:242] adding log 38 to recycle list

2018-04-05 11:41:56.727899 7f9fd0476700 4 rocksdb: (Original Log Time 2018/04/05-11:41:56.727699) [/builddir/build/BUILD/ceph-12.2.4/src/rocksdb/db/memtable_list.cc:360] [default] Level-0 commit table #41 started
2018-04-05 11:41:56.727902 7f9fd0476700 4 rocksdb: (Original Log Time 2018/04/05-11:41:56.727839) [/builddir/build/BUILD/ceph-12.2.4/src/rocksdb/db/memtable_list.cc:383] [default] Level-0 commit table #41: memtable #1 done
2018-04-05 11:41:56.727903 7f9fd0476700 4 rocksdb: (Original Log Time 2018/04/05-11:41:56.727850) EVENT_LOG_v1 {"time_micros": 1522928516727845, "job": 16, "event": "flush_finished", "lsm_state": [3, 4, 4, 0, 0, 0, 0], "immutable_memtables": 0}
2018-04-05 11:41:56.727905 7f9fd0476700 4 rocksdb: (Original Log Time 2018/04/05-11:41:56.727867) [/builddir/build/BUILD/ceph-12.2.4/src/rocksdb/db/db_impl_compaction_flush.cc:132] [default] Level summary: base level 1 max bytes base 268435456 files[3 4 4 0 0 0 0] max score 1.14

2018-04-05 11:41:56.727926 7f9fd0476700 4 rocksdb: [/builddir/build/BUILD/ceph-12.2.4/src/rocksdb/db/db_impl_files.cc:388] [JOB 16] Try to delete WAL files size 254565930, prev total WAL file size 254569621, number of live WAL files 2.

2018-04-05 11:41:56.728078 7f9fcfc75700 3 rocksdb: [/builddir/build/BUILD/ceph-12.2.4/src/rocksdb/db/db_impl.cc:447] ------- DUMPING STATS -------
2018-04-05 11:41:56.728084 7f9fcfc75700 3 rocksdb: [/builddir/build/BUILD/ceph-12.2.4/src/rocksdb/db/db_impl.cc:448]
** DB Stats **
Uptime(secs): 67459.8 total, 24872.1 interval
Cumulative writes: 803K writes, 2522K keys, 803K commit groups, 1.0 writes per commit group, ingest: 1.89 GB, 0.03 MB/s
Cumulative WAL: 803K writes, 353K syncs, 2.27 writes per sync, written: 1.89 GB, 0.03 MB/s
Cumulative stall: 00:00:0.000 H:M:S, 0.0 percent
Interval writes: 303K writes, 932K keys, 303K commit groups, 1.0 writes per commit group, ingest: 727.51 MB, 0.03 MB/s
Interval WAL: 303K writes, 136K syncs, 2.22 writes per sync, written: 0.71 MB, 0.03 MB/s
Interval stall: 00:00:0.000 H:M:S, 0.0 percent

** Compaction Stats [default] **
Level Files Size Score Read(GB) Rn(GB) Rnp1(GB) Write(GB) Wnew(GB) Moved(GB) W-Amp Rd(MB/s) Wr(MB/s) Comp(sec) Comp(cnt) Avg(sec) KeyIn KeyDrop
----------------------------------------------------------------------------------------------------------------------------------------------------------
L0 3/0 292.06 MB 1.1 0.0 0.0 0.0 0.7 0.7 0.0 1.0 0.0 214.5 4 9 0.394 0 0
L1 4/0 205.20 MB 0.8 0.6 0.5 0.2 0.6 0.5 0.0 1.4 158.5 158.3 4 2 2.091 1408K 2102
L2 4/0 262.23 MB 0.1 0.0 0.0 0.0 0.0 0.0 0.3 0.0 0.0 0.0 0 0 0.000 0 0
Sum 11/0 759.50 MB 0.0 0.6 0.5 0.2 1.4 1.2 0.3 1.9 85.8 184.1 8 11 0.702 1408K 2102
Int 0/0 0.00 KB 0.0 0.5 0.3 0.2 0.7 0.6 0.3 2.6 109.4 177.6 4 4 1.069 959K 178
Uptime(secs): 67459.8 total, 67459.8 interval
Flush(GB): cumulative 0.742, interval 0.285
AddFile(GB): cumulative 0.000, interval 0.000
AddFile(Total Files): cumulative 0, interval 0
AddFile(L0 Files): cumulative 0, interval 0
AddFile(Keys): cumulative 0, interval 0
Cumulative compaction: 1.39 GB write, 0.02 MB/s write, 0.65 GB read, 0.01 MB/s read, 7.7 seconds
Interval compaction: 0.74 GB write, 0.01 MB/s write, 0.46 GB read, 0.01 MB/s read, 4.3 seconds
Stalls(count): 0 level0_slowdown, 0 level0_slowdown_with_compaction, 0 level0_numfiles, 0 level0_numfiles_with_compaction, 0 stop for pending_compaction_bytes, 0 slowdown for pending_compaction_bytes, 0 memtable_compaction, 0 memtable_slowdown, interval 0 total count

** File Read Latency Histogram By Level [default] **

** Compaction Stats [default] **
Level Files Size Score Read(GB) Rn(GB) Rnp1(GB) Write(GB) Wnew(GB) Moved(GB) W-Amp Rd(MB/s) Wr(MB/s) Comp(sec) Comp(cnt) Avg(sec) KeyIn KeyDrop
----------------------------------------------------------------------------------------------------------------------------------------------------------
L0 3/0 292.06 MB 1.1 0.0 0.0 0.0 0.7 0.7 0.0 1.0 0.0 214.5 4 9 0.394 0 0
L1 4/0 205.20 MB 0.8 0.6 0.5 0.2 0.6 0.5 0.0 1.4 158.5 158.3 4 2 2.091 1408K 2102
L2 4/0 262.23 MB 0.1 0.0 0.0 0.0 0.0 0.0 0.3 0.0 0.0 0.0 0 0 0.000 0 0
Sum 11/0 759.50 MB 0.0 0.6 0.5 0.2 1.4 1.2 0.3 1.9 85.8 184.1 8 11 0.702 1408K 2102
Int 0/0 0.00 KB 0.0 0.0 0.0 0.0 0.0 0.0 0.0 0.0 0.0 0.0 0 0 0.000 0 0
Uptime(secs): 67459.8 total, 67459.8 interval
Flush(GB): cumulative 0.742, interval 0.000
AddFile(GB): cumulative 0.000, interval 0.000
AddFile(Total Files): cumulative 0, interval 0
AddFile(L0 Files): cumulative 0, interval 0
AddFile(Keys): cumulative 0, interval 0
Cumulative compaction: 1.39 GB write, 0.02 MB/s write, 0.65 GB read, 0.01 MB/s read, 7.7 seconds
Interval compaction: 0.00 GB write, 0.00 MB/s write, 0.00 GB read, 0.00 MB/s read, 0.0 seconds
Stalls(count): 0 level0_slowdown, 0 level0_slowdown_with_compaction, 0 level0_numfiles, 0 level0_numfiles_with_compaction, 0 stop for pending_compaction_bytes, 0 slowdown for pending_compaction_bytes, 0 memtable_compaction, 0 memtable_slowdown, interval 0 total count

** File Read Latency Histogram By Level [default] **

2018-04-05 11:41:56.728120 7f9fcfc75700 4 rocksdb: [/builddir/build/BUILD/ceph-12.2.4/src/rocksdb/db/compaction_job.cc:1403] [default] [JOB 17] Compacting 3@0 + 4@1 files to L1, score 1.14
2018-04-05 11:41:56.728128 7f9fcfc75700 4 rocksdb: [/builddir/build/BUILD/ceph-12.2.4/src/rocksdb/db/compaction_job.cc:1407] [default] Compaction start summary: Base version 16 Base level 0, inputs: [41(89MB) 39(91MB) 37(110MB)], [31(65MB) 33(65MB) 34(65MB) 35(8777KB)]

2018-04-05 11:41:56.728141 7f9fcfc75700 4 rocksdb: EVENT_LOG_v1 {"time_micros": 1522928516728131, "job": 17, "event": "compaction_started", "files_L0": [41, 39, 37], "files_L1": [31, 33, 34, 35], "score": 1.14085, "input_data_size": 521415410}
2018-04-05 11:41:57.154533 7f9fcfc75700 4 rocksdb: [/builddir/build/BUILD/ceph-12.2.4/src/rocksdb/db/compaction_job.cc:1116] [default] [JOB 17] Generated table #42: 144916 keys, 68508584 bytes
2018-04-05 11:41:57.154572 7f9fcfc75700 4 rocksdb: EVENT_LOG_v1 {"time_micros": 1522928517154544, "cf_name": "default", "job": 17, "event": "table_file_creation", "file_number": 42, "file_size": 68508584, "table_properties": {"data_size": 67112401, "index_size": 879082, "filter_size": 516113, "raw_key_size": 8368408, "raw_average_key_size": 57, "raw_value_size": 61496505, "raw_average_value_size": 424, "num_data_blocks": 17257, "num_entries": 144916, "filter_policy_name": "rocksdb.BuiltinBloomFilter", "kDeletedKeys": "312", "kMergeOperands": "0"}}
2018-04-05 11:41:57.559419 7f9fcfc75700 4 rocksdb: [/builddir/build/BUILD/ceph-12.2.4/src/rocksdb/db/compaction_job.cc:1116] [default] [JOB 17] Generated table #43: 116433 keys, 68729108 bytes
2018-04-05 11:41:57.559439 7f9fcfc75700 4 rocksdb: EVENT_LOG_v1 {"time_micros": 1522928517559428, "cf_name": "default", "job": 17, "event": "table_file_creation", "file_number": 43, "file_size": 68729108, "table_properties": {"data_size": 67112035, "index_size": 1169706, "filter_size": 446380, "raw_key_size": 7811639, "raw_average_key_size": 67, "raw_value_size": 63420053, "raw_average_value_size": 544, "num_data_blocks": 17101, "num_entries": 116433, "filter_policy_name": "rocksdb.BuiltinBloomFilter", "kDeletedKeys": "0", "kMergeOperands": "0"}}
2018-04-05 11:41:57.961925 7f9fcfc75700 4 rocksdb: [/builddir/build/BUILD/ceph-12.2.4/src/rocksdb/db/compaction_job.cc:1116] [default] [JOB 17] Generated table #44: 116467 keys, 68727781 bytes
2018-04-05 11:41:57.961946 7f9fcfc75700 4 rocksdb: EVENT_LOG_v1 {"time_micros": 1522928517961935, "cf_name": "default", "job": 17, "event": "table_file_creation", "file_number": 44, "file_size": 68727781, "table_properties": {"data_size": 67112215, "index_size": 1168080, "filter_size": 446499, "raw_key_size": 7813726, "raw_average_key_size": 67, "raw_value_size": 63419279, "raw_average_value_size": 544, "num_data_blocks": 17107, "num_entries": 116467, "filter_policy_name": "rocksdb.BuiltinBloomFilter", "kDeletedKeys": "0", "kMergeOperands": "0"}}
2018-04-05 11:41:58.371751 7f9fcfc75700 4 rocksdb: [/builddir/build/BUILD/ceph-12.2.4/src/rocksdb/db/compaction_job.cc:1116] [default] [JOB 17] Generated table #45: 116567 keys, 68728690 bytes
2018-04-05 11:41:58.371792 7f9fcfc75700 4 rocksdb: EVENT_LOG_v1 {"time_micros": 1522928518371780, "cf_name": "default", "job": 17, "event": "table_file_creation", "file_number": 45, "file_size": 68728690, "table_properties": {"data_size": 67109977, "index_size": 1170940, "filter_size": 446786, "raw_key_size": 7821356, "raw_average_key_size": 67, "raw_value_size": 63418566, "raw_average_value_size": 544, "num_data_blocks": 17117, "num_entries": 116567, "filter_policy_name": "rocksdb.BuiltinBloomFilter", "kDeletedKeys": "0", "kMergeOperands": "0"}}
2018-04-05 11:41:58.766472 7f9fcfc75700 4 rocksdb: [/builddir/build/BUILD/ceph-12.2.4/src/rocksdb/db/compaction_job.cc:1116] [default] [JOB 17] Generated table #46: 116471 keys, 68726240 bytes
2018-04-05 11:41:58.766515 7f9fcfc75700 4 rocksdb: EVENT_LOG_v1 {"time_micros": 1522928518766485, "cf_name": "default", "job": 17, "event": "table_file_creation", "file_number": 46, "file_size": 68726240, "table_properties": {"data_size": 67110143, "index_size": 1168599, "filter_size": 446511, "raw_key_size": 7814223, "raw_average_key_size": 67, "raw_value_size": 63418545, "raw_average_value_size": 544, "num_data_blocks": 17100, "num_entries": 116471, "filter_policy_name": "rocksdb.BuiltinBloomFilter", "kDeletedKeys": "0", "kMergeOperands": "0"}}
2018-04-05 11:41:59.158694 7f9fcfc75700 4 rocksdb: [/builddir/build/BUILD/ceph-12.2.4/src/rocksdb/db/compaction_job.cc:1116] [default] [JOB 17] Generated table #47: 116456 keys, 68727843 bytes
2018-04-05 11:41:59.158723 7f9fcfc75700 4 rocksdb: EVENT_LOG_v1 {"time_micros": 1522928519158709, "cf_name": "default", "job": 17, "event": "table_file_creation", "file_number": 47, "file_size": 68727843, "table_properties": {"data_size": 67109989, "index_size": 1170411, "filter_size": 446456, "raw_key_size": 7812918, "raw_average_key_size": 67, "raw_value_size": 63414678, "raw_average_value_size": 544, "num_data_blocks": 17110, "num_entries": 116456, "filter_policy_name": "rocksdb.BuiltinBloomFilter", "kDeletedKeys": "0", "kMergeOperands": "0"}}
2018-04-05 11:41:59.566818 7f9fcfc75700 4 rocksdb: [/builddir/build/BUILD/ceph-12.2.4/src/rocksdb/db/compaction_job.cc:1116] [default] [JOB 17] Generated table #48: 116309 keys, 68726647 bytes
2018-04-05 11:41:59.566856 7f9fcfc75700 4 rocksdb: EVENT_LOG_v1 {"time_micros": 1522928519566829, "cf_name": "default", "job": 17, "event": "table_file_creation", "file_number": 48, "file_size": 68726647, "table_properties": {"data_size": 67109884, "index_size": 1169691, "filter_size": 446085, "raw_key_size": 7802787, "raw_average_key_size": 67, "raw_value_size": 63416958, "raw_average_value_size": 545, "num_data_blocks": 17108, "num_entries": 116309, "filter_policy_name": "rocksdb.BuiltinBloomFilter", "kDeletedKeys": "0", "kMergeOperands": "0"}}
2018-04-05 11:41:59.828511 7f9fcfc75700 4 rocksdb: [/builddir/build/BUILD/ceph-12.2.4/src/rocksdb/db/compaction_job.cc:1116] [default] [JOB 17] Generated table #49: 124142 keys, 40457405 bytes
2018-04-05 11:41:59.828550 7f9fcfc75700 4 rocksdb: EVENT_LOG_v1 {"time_micros": 1522928519828521, "cf_name": "default", "job": 17, "event": "table_file_creation", "file_number": 49, "file_size": 40457405, "table_properties": {"data_size": 39436232, "index_size": 619104, "filter_size": 401081, "raw_key_size": 5303427, "raw_average_key_size": 42, "raw_value_size": 36282332, "raw_average_value_size": 292, "num_data_blocks": 9984, "num_entries": 124142, "filter_policy_name": "rocksdb.BuiltinBloomFilter", "kDeletedKeys": "0", "kMergeOperands": "22133"}}
2018-04-05 11:41:59.828594 7f9fcfc75700 4 rocksdb: [/builddir/build/BUILD/ceph-12.2.4/src/rocksdb/db/compaction_job.cc:1173] [default] [JOB 17] Compacted 3@0 + 4@1 files to L1 => 521332298 bytes
2018-04-05 11:41:59.828886 7f9fcfc75700 4 rocksdb: (Original Log Time 2018/04/05-11:41:59.828787) [/builddir/build/BUILD/ceph-12.2.4/src/rocksdb/db/compaction_job.cc:621] [default] compacted to: base level 1 max bytes base 268435456 files[0 8 4 0 0 0 0] max score 1.94, MB/sec: 168.2 rd, 168.1 wr, level 1, files in(3, 4) out(8) MB in(292.1, 205.2) out(497.2), read-write-amplify(3.4) write-amplify(1.7) OK, records in: 967832, records dropped: 62

2018-04-05 11:41:59.828893 7f9fcfc75700 4 rocksdb: (Original Log Time 2018/04/05-11:41:59.828806) EVENT_LOG_v1 {"time_micros": 1522928519828797, "job": 17, "event": "compaction_finished", "compaction_time_micros": 3100440, "output_level": 1, "num_output_files": 8, "total_output_size": 521332298, "num_input_records": 967823, "num_output_records": 967761, "num_subcompactions": 1, "num_single_delete_mismatches": 0, "num_single_delete_fallthrough": 0, "lsm_state": [0, 8, 4, 0, 0, 0, 0]}
2018-04-05 11:41:59.828923 7f9fcfc75700 4 rocksdb: EVENT_LOG_v1 {"time_micros": 1522928519828919, "job": 17, "event": "table_file_deletion", "file_number": 41}
2018-04-05 11:41:59.828934 7f9fcfc75700 4 rocksdb: EVENT_LOG_v1 {"time_micros": 1522928519828933, "job": 17, "event": "table_file_deletion", "file_number": 39}
