2018-04-04 16:57:44.953590 7f9fe2d3a700 1 osd.55 pg_epoch: 25606 pg[13.6a( empty local-lis/les=0/0 n=0 ec=13445/13445 lis/c 25599/25599 les/c/f 25601/25602/25016 25603/25603/25575) [52,55,32] r=1 lpr=25606 pi=[25599,25603)/1 crt=0'0 unknown] state<Start>: transitioning to Stray
2018-04-04 16:57:44.953795 7f9fe2d3a700 1 osd.55 pg_epoch: 25606 pg[14.79( empty local-lis/les=0/0 n=0 ec=13446/13446 lis/c 25509/25509 les/c/f 25510/25511/25016 25603/25603/25457) [50,55,29] r=1 lpr=25606 pi=[25509,25603)/2 crt=0'0 unknown] state<Start>: transitioning to Stray
2018-04-04 16:57:44.955226 7f9fe2d3a700 1 osd.55 pg_epoch: 25606 pg[5.d8( empty local-lis/les=0/0 n=0 ec=13437/13437 lis/c 25575/25575 les/c/f 25576/25576/25016 25603/25603/25575) [52,32,55] r=2 lpr=25606 pi=[25575,25603)/1 crt=0'0 unknown] state<Start>: transitioning to Stray
2018-04-04 16:57:44.955519 7f9fe2d3a700 1 osd.55 pg_epoch: 25606 pg[11.e9( empty local-lis/les=0/0 n=0 ec=13443/13443 lis/c 25509/25509 les/c/f 25510/25511/25016 25603/25603/25402) [43,32,55] r=2 lpr=25606 pi=[25509,25603)/2 crt=0'0 unknown] state<Start>: transitioning to Stray
2018-04-04 16:57:44.955692 7f9fe2d3a700 1 osd.55 pg_epoch: 25606 pg[10.6c( empty local-lis/les=0/0 n=0 ec=13442/13442 lis/c 25531/25531 les/c/f 25532/25532/25016 25603/25603/25531) [34,55,32] r=1 lpr=25606 pi=[25531,25603)/2 crt=0'0 unknown] state<Start>: transitioning to Stray
2018-04-04 16:57:44.977990 7f9fe2d3a700 1 osd.55 pg_epoch: 25606 pg[4.8c( empty local-lis/les=0/0 n=0 ec=13436/13436 lis/c 25599/25599 les/c/f 25600/25602/25016 25603/25603/25432) [46,33,55] r=2 lpr=25606 pi=[25599,25603)/1 crt=0'0 unknown] state<Start>: transitioning to Stray
2018-04-04 16:57:44.978748 7f9fe2d3a700 1 osd.55 pg_epoch: 25606 pg[6.79( empty local-lis/les=0/0 n=0 ec=13438/13438 lis/c 25599/25599 les/c/f 25600/25601/25016 25603/25603/25575) [52,9,55] r=2 lpr=25606 pi=[25599,25603)/1 crt=0'0 unknown] state<Start>: transitioning to Stray
2018-04-04 16:57:44.980221 7f9fe2d3a700 1 osd.55 pg_epoch: 25606 pg[4.d4( empty local-lis/les=0/0 n=0 ec=13436/13436 lis/c 25599/25524 les/c/f 25600/25526/25016 25603/25603/25471) [19,24,55] r=2 lpr=25606 pi=[25524,25603)/2 crt=0'0 unknown] state<Start>: transitioning to Stray
2018-04-04 16:57:44.988461 7f9fe2d3a700 1 osd.55 pg_epoch: 25606 pg[1.167( empty local-lis/les=0/0 n=0 ec=101/101 lis/c 25509/25509 les/c/f 25510/25511/25016 25603/25603/25602) [55,16]/[16,49] r=-1 lpr=25606 pi=[25509,25603)/1 crt=0'0 unknown] state<Start>: transitioning to Stray
2018-04-04 16:57:45.014665 7f9fe2d3a700 1 osd.55 pg_epoch: 25605 pg[15.4b( empty local-lis/les=0/0 n=0 ec=13447/13447 lis/c 25570/25570 les/c/f 25571/25571/25016 25603/25603/25457) [51,27,55] r=2 lpr=25605 pi=[25570,25603)/2 crt=0'0 unknown] state<Start>: transitioning to Stray
2018-04-04 16:57:45.016441 7f9fe2d3a700 1 osd.55 pg_epoch: 25605 pg[14.35( empty local-lis/les=0/0 n=0 ec=13446/13446 lis/c 25509/25509 les/c/f 25510/25510/25016 25603/25603/25457) [51,55,38] r=1 lpr=25605 pi=[25509,25603)/2 crt=0'0 unknown] state<Start>: transitioning to Stray
2018-04-04 16:57:45.016761 7f9fe2d3a700 1 osd.55 pg_epoch: 25605 pg[11.21( empty local-lis/les=0/0 n=0 ec=13443/13443 lis/c 25509/25509 les/c/f 25510/25510/25016 25603/25603/25457) [51,55,11] r=1 lpr=25605 pi=[25509,25603)/2 crt=0'0 unknown] state<Start>: transitioning to Stray
2018-04-04 16:57:45.017091 7f9fe2d3a700 1 osd.55 pg_epoch: 25605 pg[7.f6( empty local-lis/les=0/0 n=0 ec=13439/13439 lis/c 25509/25509 les/c/f 25510/25510/25016 25603/25603/25457) [51,46,55] r=2 lpr=25605 pi=[25509,25603)/1 crt=0'0 unknown] state<Start>: transitioning to Stray
2018-04-04 16:57:45.019987 7f9fe2d3a700 1 osd.55 pg_epoch: 25605 pg[13.ef( empty local-lis/les=0/0 n=0 ec=13445/13445 lis/c 25509/25509 les/c/f 25510/25510/25016 25603/25603/25457) [51,55,5] r=1 lpr=25605 pi=[25509,25603)/2 crt=0'0 unknown] state<Start>: transitioning to Stray
2018-04-04 16:57:45.020341 7f9fe2d3a700 1 osd.55 pg_epoch: 25605 pg[8.e2( empty local-lis/les=0/0 n=0 ec=13440/13440 lis/c 25531/25531 les/c/f 25532/25532/25016 25603/25603/25457) [51,55,43] r=1 lpr=25605 pi=[25531,25603)/2 crt=0'0 unknown] state<Start>: transitioning to Stray
2018-04-04 16:57:45.303679 7f9fd9488700 1 osd.55 pg_epoch: 25607 pg[16.80( empty local-lis/les=0/0 n=0 ec=13450/13450 lis/c 25599/25599 les/c/f 25600/25602/25016 25603/25607/25603) [55,33,16] r=0 lpr=25607 pi=[25599,25607)/2 crt=0'0 mlcod 0'0 unknown] start_peering_interval up [55,33,16] -> [55,33,16], acting [55,16,30] -> [55,33,16], acting_primary 55 -> 55, up_primary 55 -> 55, role 0 -> 0, features acting 2305244844532236283 upacting 2305244844532236283
2018-04-04 16:57:45.303758 7f9fd9488700 1 osd.55 pg_epoch: 25607 pg[16.80( empty local-lis/les=0/0 n=0 ec=13450/13450 lis/c 25599/25599 les/c/f 25600/25602/25016 25603/25607/25603) [55,33,16] r=0 lpr=25607 pi=[25599,25607)/2 crt=0'0 mlcod 0'0 unknown] state<Start>: transitioning to Primary
2018-04-04 16:57:45.304125 7f9fe2d3a700 1 osd.55 pg_epoch: 25607 pg[15.c7( empty local-lis/les=0/0 n=0 ec=13447/13447 lis/c 25599/25599 les/c/f 25600/25602/25016 25603/25606/25341) [5,55,38] r=1 lpr=25607 pi=[25599,25606)/2 crt=0'0 unknown] state<Start>: transitioning to Stray
2018-04-04 16:57:45.304389 7f9fd9488700 1 osd.55 pg_epoch: 25607 pg[4.34( empty local-lis/les=0/0 n=0 ec=13436/13436 lis/c 25599/25599 les/c/f 25600/25602/25016 25603/25607/25603) [55,43,37]/[55,43,9] r=0 lpr=25607 pi=[25599,25607)/2 crt=0'0 mlcod 0'0 remapped] start_peering_interval up [55,43,37] -> [55,43,37], acting [55,43,37] -> [55,43,9], acting_primary 55 -> 55, up_primary 55 -> 55, role 0 -> 0, features acting 2305244844532236283 upacting 2305244844532236283
2018-04-04 16:57:45.304448 7f9fd9488700 1 osd.55 pg_epoch: 25607 pg[4.34( empty local-lis/les=0/0 n=0 ec=13436/13436 lis/c 25599/25599 les/c/f 25600/25602/25016 25603/25607/25603) [55,43,37]/[55,43,9] r=0 lpr=25607 pi=[25599,25607)/2 crt=0'0 mlcod 0'0 remapped] state<Start>: transitioning to Primary
2018-04-04 16:57:45.304466 7f9fe2d3a700 1 osd.55 pg_epoch: 25607 pg[10.d4( empty local-lis/les=0/0 n=0 ec=13442/13442 lis/c 25599/25599 les/c/f 25600/25602/25016 25603/25606/25315) [30,55,37] r=1 lpr=25607 pi=[25599,25606)/2 crt=0'0 unknown] state<Start>: transitioning to Stray
2018-04-04 16:57:45.304681 7f9fd8c87700 1 osd.55 pg_epoch: 25607 pg[16.65( empty local-lis/les=0/0 n=0 ec=13450/13450 lis/c 25599/25599 les/c/f 25601/25602/25016 25603/25607/25603) [55,19,47]/[55,19,20] r=0 lpr=25607 pi=[25599,25607)/2 crt=0'0 mlcod 0'0 remapped] start_peering_interval up [55,19,47] -> [55,19,47], acting [55,19,47] -> [55,19,20], acting_primary 55 -> 55, up_primary 55 -> 55, role 0 -> 0, features acting 2305244844532236283 upacting 2305244844532236283
2018-04-04 16:57:45.304777 7f9fd8c87700 1 osd.55 pg_epoch: 25607 pg[16.65( empty local-lis/les=0/0 n=0 ec=13450/13450 lis/c 25599/25599 les/c/f 25601/25602/25016 25603/25607/25603) [55,19,47]/[55,19,20] r=0 lpr=25607 pi=[25599,25607)/2 crt=0'0 mlcod 0'0 remapped] state<Start>: transitioning to Primary
2018-04-04 16:57:45.304945 7f9fe2d3a700 1 osd.55 pg_epoch: 25607 pg[12.a3( empty local-lis/les=0/0 n=0 ec=13444/13444 lis/c 25599/25599 les/c/f 25600/25602/25016 25603/25606/25470) [20,55,52] r=1 lpr=25607 pi=[25599,25606)/2 crt=0'0 unknown] state<Start>: transitioning to Stray
2018-04-04 16:57:45.304960 7f9fd9488700 1 osd.55 pg_epoch: 25607 pg[15.e3( empty local-lis/les=0/0 n=0 ec=13447/13447 lis/c 25599/25599 les/c/f 25600/25601/25016 25603/25607/25603) [55,52,16] r=0 lpr=25607 pi=[25599,25607)/2 crt=0'0 mlcod 0'0 unknown] start_peering_interval up [55,52,16] -> [55,52,16], acting [55,16,0] -> [55,52,16], acting_primary 55 -> 55, up_primary 55 -> 55, role 0 -> 0, features acting 2305244844532236283 upacting 2305244844532236283
2018-04-04 16:57:45.305017 7f9fd9488700 1 osd.55 pg_epoch: 25607 pg[15.e3( empty local-lis/les=0/0 n=0 ec=13447/13447 lis/c 25599/25599 les/c/f 25600/25601/25016 25603/25607/25603) [55,52,16] r=0 lpr=25607 pi=[25599,25607)/2 crt=0'0 mlcod 0'0 unknown] state<Start>: transitioning to Primary
2018-04-04 16:57:45.305478 7f9fd9488700 1 osd.55 pg_epoch: 25607 pg[12.40( empty local-lis/les=0/0 n=0 ec=13444/13444 lis/c 25599/25599 les/c/f 25600/25602/25016 25603/25607/25603) [55,44,31] r=0 lpr=25607 pi=[25599,25607)/2 crt=0'0 mlcod 0'0 unknown] start_peering_interval up [55,44,31] -> [55,44,31], acting [55,44,16] -> [55,44,31], acting_primary 55 -> 55, up_primary 55 -> 55, role 0 -> 0, features acting 2305244844532236283 upacting 2305244844532236283
2018-04-04 16:57:45.305545 7f9fd9488700 1 osd.55 pg_epoch: 25607 pg[12.40( empty local-lis/les=0/0 n=0 ec=13444/13444 lis/c 25599/25599 les/c/f 25600/25602/25016 25603/25607/25603) [55,44,31] r=0 lpr=25607 pi=[25599,25607)/2 crt=0'0 mlcod 0'0 unknown] state<Start>: transitioning to Primary
2018-04-04 16:57:45.306324 7f9fd9488700 1 osd.55 pg_epoch: 25607 pg[6.8f( empty local-lis/les=0/0 n=0 ec=13438/13438 lis/c 25599/25599 les/c/f 25600/25602/25016 25603/25607/25603) [55,39,16] r=0 lpr=25607 pi=[25599,25607)/2 crt=0'0 mlcod 0'0 unknown] start_peering_interval up [55,39,16] -> [55,39,16], acting [55,16,7] -> [55,39,16], acting_primary 55 -> 55, up_primary 55 -> 55, role 0 -> 0, features acting 2305244844532236283 upacting 2305244844532236283
2018-04-04 16:57:45.306392 7f9fd9488700 1 osd.55 pg_epoch: 25607 pg[6.8f( empty local-lis/les=0/0 n=0 ec=13438/13438 lis/c 25599/25599 les/c/f 25600/25602/25016 25603/25607/25603) [55,39,16] r=0 lpr=25607 pi=[25599,25607)/2 crt=0'0 mlcod 0'0 unknown] state<Start>: transitioning to Primary
2018-04-04 16:57:45.306759 7f9fe2d3a700 1 osd.55 pg_epoch: 25607 pg[10.39( empty local-lis/les=0/0 n=0 ec=13442/13442 lis/c 25599/25599 les/c/f 25600/25602/25016 25603/25606/25343) [33,55,39] r=1 lpr=25607 pi=[25599,25606)/2 crt=0'0 unknown] state<Start>: transitioning to Stray
2018-04-04 16:57:45.309656 7f9fe2d3a700 1 osd.55 pg_epoch: 25607 pg[1.b7( empty local-lis/les=0/0 n=0 ec=101/101 lis/c 25524/25524 les/c/f 25525/25527/25016 25603/25603/25600) [55,43]/[9,37] r=-1 lpr=25607 pi=[25524,25603)/1 crt=0'0 unknown] state<Start>: transitioning to Stray
2018-04-04 16:57:45.312958 7f9fe2d3a700 1 osd.55 pg_epoch: 25607 pg[3.1a1( empty local-lis/les=0/0 n=0 ec=106/106 lis/c 25575/25575 les/c/f 25576/25576/25016 25603/25606/25575) [52,16,55]/[52,16,23] r=-1 lpr=25607 pi=[25575,25606)/2 crt=0'0 unknown] state<Start>: transitioning to Stray
2018-04-04 16:57:45.315226 7f9fe2d3a700 1 osd.55 pg_epoch: 25607 pg[3.ea( empty local-lis/les=0/0 n=0 ec=106/106 lis/c 25570/25570 les/c/f 25571/25571/25016 25603/25606/25318) [16,55,47]/[16,47,29] r=-1 lpr=25607 pi=[25570,25606)/1 crt=0'0 unknown] state<Start>: transitioning to Stray
2018-04-04 16:57:45.315627 7f9fe2d3a700 1 osd.55 pg_epoch: 25607 pg[3.96( empty local-lis/les=0/0 n=0 ec=106/106 lis/c 25575/25575 les/c/f 25576/25576/25016 25603/25606/25560) [40,55,16]/[40,30,52] r=-1 lpr=25607 pi=[25575,25606)/2 crt=0'0 unknown] state<Start>: transitioning to Stray
2018-04-04 16:57:45.331351 7f9fe2d3a700 1 osd.55 pg_epoch: 25607 pg[15.92( empty local-lis/les=0/0 n=0 ec=13447/13447 lis/c 25509/25509 les/c/f 25510/25511/25016 25603/25603/25402) [43,55,30] r=1 lpr=25607 pi=[25509,25603)/2 crt=0'0 unknown] state<Start>: transitioning to Stray
2018-04-04 16:57:45.515758 7f9fe2d3a700 1 osd.55 pg_epoch: 25607 pg[4.4e( empty local-lis/les=0/0 n=0 ec=13436/13436 lis/c 25531/25531 les/c/f 25532/25532/25016 25603/25603/25531) [34,55,39] r=1 lpr=25607 pi=[25531,25603)/2 crt=0'0 unknown] state<Start>: transitioning to Stray
2018-04-04 16:57:45.516024 7f9fe2d3a700 1 osd.55 pg_epoch: 25607 pg[8.60( empty local-lis/les=0/0 n=0 ec=13440/13440 lis/c 25560/25560 les/c/f 25561/25562/25016 25603/25603/25430) [45,55,40] r=1 lpr=25607 pi=[25560,25603)/2 crt=0'0 unknown] state<Start>: transitioning to Stray
2018-04-04 16:57:45.516222 7f9fe2d3a700 1 osd.55 pg_epoch: 25607 pg[7.f0( empty local-lis/les=0/0 n=0 ec=13439/13439 lis/c 25524/25524 les/c/f 25525/25525/25016 25603/25603/25426) [13,55,9] r=1 lpr=25607 pi=[25524,25603)/2 crt=0'0 unknown] state<Start>: transitioning to Stray
2018-04-04 16:57:45.518022 7f9fe2d3a700 1 osd.55 pg_epoch: 25607 pg[7.98( empty local-lis/les=0/0 n=0 ec=13439/13439 lis/c 25540/25540 les/c/f 25541/25541/25016 25603/25603/25430) [45,55,37] r=1 lpr=25607 pi=[25540,25603)/2 crt=0'0 unknown] state<Start>: transitioning to Stray
2018-04-04 16:57:45.518323 7f9fe2d3a700 1 osd.55 pg_epoch: 25607 pg[11.69( empty local-lis/les=0/0 n=0 ec=13443/13443 lis/c 25570/25570 les/c/f 25571/25571/25016 25603/25603/25570) [47,55,36] r=1 lpr=25607 pi=[25570,25603)/2 crt=0'0 unknown] state<Start>: transitioning to Stray
2018-04-04 16:57:45.518554 7f9fe2d3a700 1 osd.55 pg_epoch: 25607 pg[6.ee( empty local-lis/les=0/0 n=0 ec=13438/13438 lis/c 25575/25575 les/c/f 25576/25576/25016 25603/25603/25575) [52,55,5] r=1 lpr=25607 pi=[25575,25603)/2 crt=0'0 unknown] state<Start>: transitioning to Stray
2018-04-04 16:57:45.519410 7f9fe2d3a700 1 osd.55 pg_epoch: 25607 pg[15.57( empty local-lis/les=0/0 n=0 ec=13447/13447 lis/c 25509/25509 les/c/f 25510/25511/25016 25603/25603/25430) [48,55,33] r=1 lpr=25607 pi=[25509,25603)/2 crt=0'0 unknown] state<Start>: transitioning to Stray
2018-04-04 16:57:45.519717 7f9fe2d3a700 1 osd.55 pg_epoch: 25607 pg[11.b8( empty local-lis/les=0/0 n=0 ec=13443/13443 lis/c 25560/25560 les/c/f 25563/25563/25016 25603/25603/25402) [42,55,40] r=1 lpr=25607 pi=[25560,25603)/2 crt=0'0 unknown] state<Start>: transitioning to Stray
2018-04-04 16:57:45.520610 7f9fe2d3a700 1 osd.55 pg_epoch: 25607 pg[4.c7( empty local-lis/les=0/0 n=0 ec=13436/13436 lis/c 25540/25540 les/c/f 25541/25541/25016 25603/25603/25338) [3,55,44] r=1 lpr=25607 pi=[25540,25603)/2 crt=0'0 unknown] state<Start>: transitioning to Stray
2018-04-04 16:57:45.521269 7f9fe2d3a700 1 osd.55 pg_epoch: 25607 pg[3.f4( empty local-lis/les=0/0 n=0 ec=106/106 lis/c 25516/25516 les/c/f 25517/25517/25016 25603/25603/25601) [55,41,45]/[22,41,45] r=-1 lpr=25607 pi=[25516,25603)/2 crt=0'0 unknown] state<Start>: transitioning to Stray
2018-04-04 16:57:45.521567 7f9fe2d3a700 1 osd.55 pg_epoch: 25607 pg[0.7e( empty local-lis/les=0/0 n=0 ec=1/1 lis/c 25540/25540 les/c/f 25541/25541/25016 25603/25603/25456) [49,55,36] r=1 lpr=25607 pi=[25540,25603)/2 crt=0'0 unknown] state<Start>: transitioning to Stray
2018-04-04 16:57:45.769290 7f9fe2d3a700 1 osd.55 pg_epoch: 25607 pg[16.d4( empty local-lis/les=0/0 n=0 ec=13450/13450 lis/c 25540/25540 les/c/f 25541/25541/25016 25603/25603/25531) [34,43,55] r=2 lpr=25607 pi=[25540,25603)/1 crt=0'0 unknown] state<Start>: transitioning to Stray
2018-04-04 16:57:46.309256 7f9fd9488700 1 osd.55 pg_epoch: 25608 pg[4.34( empty local-lis/les=0/0 n=0 ec=13436/13436 lis/c 25599/25599 les/c/f 25600/25602/25016 25603/25608/25603) [55,43,37] r=0 lpr=25608 pi=[25599,25608)/2 crt=0'0 mlcod 0'0 unknown] start_peering_interval up [55,43,37] -> [55,43,37], acting [55,43,9] -> [55,43,37], acting_primary 55 -> 55, up_primary 55 -> 55, role 0 -> 0, features acting 2305244844532236283 upacting 2305244844532236283
2018-04-04 16:57:46.309347 7f9fd9488700 1 osd.55 pg_epoch: 25608 pg[4.34( empty local-lis/les=0/0 n=0 ec=13436/13436 lis/c 25599/25599 les/c/f 25600/25602/25016 25603/25608/25603) [55,43,37] r=0 lpr=25608 pi=[25599,25608)/2 crt=0'0 mlcod 0'0 unknown] state<Start>: transitioning to Primary
2018-04-04 16:57:46.310242 7f9fd9488700 1 osd.55 pg_epoch: 25608 pg[12.b1( empty local-lis/les=0/0 n=0 ec=13444/13444 lis/c 25599/25599 les/c/f 25600/25602/25016 25603/25608/25603) [55,36,47]/[55,36,12] r=0 lpr=25608 pi=[25599,25608)/2 crt=0'0 mlcod 0'0 remapped] start_peering_interval up [55,36,47] -> [55,36,47], acting [55,36,47] -> [55,36,12], acting_primary 55 -> 55, up_primary 55 -> 55, role 0 -> 0, features acting 2305244844532236283 upacting 2305244844532236283
2018-04-04 16:57:46.310321 7f9fd9488700 1 osd.55 pg_epoch: 25608 pg[12.b1( empty local-lis/les=0/0 n=0 ec=13444/13444 lis/c 25599/25599 les/c/f 25600/25602/25016 25603/25608/25603) [55,36,47]/[55,36,12] r=0 lpr=25608 pi=[25599,25608)/2 crt=0'0 mlcod 0'0 remapped] state<Start>: transitioning to Primary
2018-04-04 16:57:47.350127 7f9fd9488700 1 osd.55 pg_epoch: 25609 pg[16.65( empty local-lis/les=0/0 n=0 ec=13450/13450 lis/c 25599/25599 les/c/f 25601/25602/25016 25603/25609/25603) [55,19,47] r=0 lpr=25609 pi=[25599,25609)/3 crt=0'0 mlcod 0'0 unknown] start_peering_interval up [55,19,47] -> [55,19,47], acting [55,19,20] -> [55,19,47], acting_primary 55 -> 55, up_primary 55 -> 55, role 0 -> 0, features acting 2305244844532236283 upacting 2305244844532236283
2018-04-04 16:57:47.350192 7f9fd9488700 1 osd.55 pg_epoch: 25609 pg[16.65( empty local-lis/les=0/0 n=0 ec=13450/13450 lis/c 25599/25599 les/c/f 25601/25602/25016 25603/25609/25603) [55,19,47] r=0 lpr=25609 pi=[25599,25609)/3 crt=0'0 mlcod 0'0 unknown] state<Start>: transitioning to Primary
2018-04-04 16:57:49.301416 7f9fd9488700 1 osd.55 pg_epoch: 25611 pg[12.b1( empty local-lis/les=0/0 n=0 ec=13444/13444 lis/c 25599/25599 les/c/f 25600/25602/25016 25603/25611/25603) [55,36,47] r=0 lpr=25611 pi=[25599,25611)/3 crt=0'0 mlcod 0'0 unknown] start_peering_interval up [55,36,47] -> [55,36,47], acting [55,36,12] -> [55,36,47], acting_primary 55 -> 55, up_primary 55 -> 55, role 0 -> 0, features acting 2305244844532236283 upacting 2305244844532236283
2018-04-04 16:57:49.301470 7f9fd9488700 1 osd.55 pg_epoch: 25611 pg[12.b1( empty local-lis/les=0/0 n=0 ec=13444/13444 lis/c 25599/25599 les/c/f 25600/25602/25016 25603/25611/25603) [55,36,47] r=0 lpr=25611 pi=[25599,25611)/3 crt=0'0 mlcod 0'0 unknown] state<Start>: transitioning to Primary
2018-04-04 17:33:28.510615 7f9fed471700 0 -- 10.8.130.104:6801/24477 >> 10.8.128.127:6817/110074 conn(0x55fd231bb000 :6801 s=STATE_ACCEPTING_WAIT_CONNECT_MSG_AUTH pgs=0 cs=0 l=0).handle_connect_msg accept connect_seq 1 vs existing csq=1 existing_state=STATE_STANDBY
2018-04-04 17:33:28.510878 7f9fed471700 0 -- 10.8.130.104:6801/24477 >> 10.8.128.127:6817/110074 conn(0x55fd231bb000 :6801 s=STATE_ACCEPTING_WAIT_CONNECT_MSG_AUTH pgs=0 cs=0 l=0).handle_connect_msg accept connect_seq 2 vs existing csq=1 existing_state=STATE_STANDBY
2018-04-04 17:35:19.959175 7f9fecc70700 0 -- 10.8.130.104:6801/24477 >> 10.8.128.122:6805/36346 conn(0x55fd231b8000 :6801 s=STATE_ACCEPTING_WAIT_CONNECT_MSG_AUTH pgs=0 cs=0 l=0).handle_connect_msg accept connect_seq 1 vs existing csq=1 existing_state=STATE_STANDBY
2018-04-04 17:35:19.959377 7f9fecc70700 0 -- 10.8.130.104:6801/24477 >> 10.8.128.122:6805/36346 conn(0x55fd231b8000 :6801 s=STATE_ACCEPTING_WAIT_CONNECT_MSG_AUTH pgs=0 cs=0 l=0).handle_connect_msg accept connect_seq 2 vs existing csq=1 existing_state=STATE_STANDBY
2018-04-04 17:37:26.485387 7f9fedc72700 0 -- 10.8.130.104:6801/24477 >> 10.8.128.125:6818/13290 conn(0x55fd231b9800 :6801 s=STATE_ACCEPTING_WAIT_CONNECT_MSG_AUTH pgs=0 cs=0 l=0).handle_connect_msg accept connect_seq 1 vs existing csq=1 existing_state=STATE_STANDBY
2018-04-04 17:37:26.485581 7f9fedc72700 0 -- 10.8.130.104:6801/24477 >> 10.8.128.125:6818/13290 conn(0x55fd231b9800 :6801 s=STATE_ACCEPTING_WAIT_CONNECT_MSG_AUTH pgs=0 cs=0 l=0).handle_connect_msg accept connect_seq 2 vs existing csq=1 existing_state=STATE_STANDBY
2018-04-04 17:37:27.727873 7f9fed471700 0 -- 10.8.130.104:6801/24477 >> 10.8.128.124:6817/17559 conn(0x55fd259ac800 :6801 s=STATE_ACCEPTING_WAIT_CONNECT_MSG_AUTH pgs=0 cs=0 l=0).handle_connect_msg accept connect_seq 1 vs existing csq=1 existing_state=STATE_STANDBY
2018-04-04 17:37:27.728133 7f9fed471700 0 -- 10.8.130.104:6801/24477 >> 10.8.128.124:6817/17559 conn(0x55fd259ac800 :6801 s=STATE_ACCEPTING_WAIT_CONNECT_MSG_AUTH pgs=0 cs=0 l=0).handle_connect_msg accept connect_seq 2 vs existing csq=1 existing_state=STATE_STANDBY
2018-04-04 17:37:27.797086 7f9fed471700 0 -- 10.8.130.104:6801/24477 >> 10.8.128.128:6805/1188121 conn(0x55fd2c0fe000 :6801 s=STATE_ACCEPTING_WAIT_CONNECT_MSG_AUTH pgs=0 cs=0 l=0).handle_connect_msg accept connect_seq 1 vs existing csq=1 existing_state=STATE_STANDBY
2018-04-04 17:37:27.797364 7f9fed471700 0 -- 10.8.130.104:6801/24477 >> 10.8.128.128:6805/1188121 conn(0x55fd2c0fe000 :6801 s=STATE_ACCEPTING_WAIT_CONNECT_MSG_AUTH pgs=0 cs=0 l=0).handle_connect_msg accept connect_seq 2 vs existing csq=1 existing_state=STATE_STANDBY
2018-04-04 17:37:52.384111 7f9fed471700 0 -- 10.8.130.104:6801/24477 >> 10.8.128.125:6801/1013593 conn(0x55fd2c0ff800 :6801 s=STATE_ACCEPTING_WAIT_CONNECT_MSG_AUTH pgs=0 cs=0 l=0).handle_connect_msg accept connect_seq 1 vs existing csq=1 existing_state=STATE_STANDBY
2018-04-04 17:37:52.384328 7f9fed471700 0 -- 10.8.130.104:6801/24477 >> 10.8.128.125:6801/1013593 conn(0x55fd2c0ff800 :6801 s=STATE_ACCEPTING_WAIT_CONNECT_MSG_AUTH pgs=0 cs=0 l=0).handle_connect_msg accept connect_seq 2 vs existing csq=1 existing_state=STATE_STANDBY
2018-04-04 17:37:52.534918 7f9fecc70700 0 -- 10.8.130.104:6801/24477 >> 10.8.128.126:6801/1063983 conn(0x55fd2c101000 :6801 s=STATE_ACCEPTING_WAIT_CONNECT_MSG_AUTH pgs=0 cs=0 l=0).handle_connect_msg accept connect_seq 1 vs existing csq=1 existing_state=STATE_STANDBY
2018-04-04 17:37:52.535236 7f9fecc70700 0 -- 10.8.130.104:6801/24477 >> 10.8.128.126:6801/1063983 conn(0x55fd2c101000 :6801 s=STATE_ACCEPTING_WAIT_CONNECT_MSG_AUTH pgs=0 cs=0 l=0).handle_connect_msg accept connect_seq 2 vs existing csq=1 existing_state=STATE_STANDBY
2018-04-04 17:37:53.544050 7f9fed471700 0 -- 10.8.130.104:6801/24477 >> 10.8.128.127:6828/1109878 conn(0x55fd2c102800 :6801 s=STATE_ACCEPTING_WAIT_CONNECT_MSG_AUTH pgs=0 cs=0 l=0).handle_connect_msg accept connect_seq 1 vs existing csq=1 existing_state=STATE_STANDBY
2018-04-04 17:37:53.544334 7f9fed471700 0 -- 10.8.130.104:6801/24477 >> 10.8.128.127:6828/1109878 conn(0x55fd2c102800 :6801 s=STATE_ACCEPTING_WAIT_CONNECT_MSG_AUTH pgs=0 cs=0 l=0).handle_connect_msg accept connect_seq 2 vs existing csq=1 existing_state=STATE_STANDBY
2018-04-04 17:38:11.909564 7f9fedc72700 0 -- 10.8.130.104:6801/24477 >> 10.8.128.123:6813/30005 conn(0x55fd1b0aa000 :6801 s=STATE_ACCEPTING_WAIT_CONNECT_MSG_AUTH pgs=0 cs=0 l=0).handle_connect_msg accept connect_seq 1 vs existing csq=1 existing_state=STATE_STANDBY
2018-04-04 17:38:11.909770 7f9fedc72700 0 -- 10.8.130.104:6801/24477 >> 10.8.128.123:6813/30005 conn(0x55fd1b0aa000 :6801 s=STATE_ACCEPTING_WAIT_CONNECT_MSG_AUTH pgs=0 cs=0 l=0).handle_connect_msg accept connect_seq 2 vs existing csq=1 existing_state=STATE_STANDBY
2018-04-04 17:38:12.009308 7f9fecc70700 0 -- 10.8.130.104:6801/24477 >> 10.8.128.125:6814/13119 conn(0x55fd2877b000 :6801 s=STATE_ACCEPTING_WAIT_CONNECT_MSG_AUTH pgs=0 cs=0 l=0).handle_connect_msg accept connect_seq 1 vs existing csq=1 existing_state=STATE_STANDBY
2018-04-04 17:38:12.009503 7f9fecc70700 0 -- 10.8.130.104:6801/24477 >> 10.8.128.125:6814/13119 conn(0x55fd2877b000 :6801 s=STATE_ACCEPTING_WAIT_CONNECT_MSG_AUTH pgs=0 cs=0 l=0).handle_connect_msg accept connect_seq 2 vs existing csq=1 existing_state=STATE_STANDBY
2018-04-04 17:38:12.014931 7f9fecc70700 0 -- 10.8.130.104:6801/24477 >> 10.8.128.121:6805/24506 conn(0x55fd2877c800 :6801 s=STATE_ACCEPTING_WAIT_CONNECT_MSG_AUTH pgs=0 cs=0 l=0).handle_connect_msg accept connect_seq 1 vs existing csq=1 existing_state=STATE_STANDBY
2018-04-04 17:38:12.015116 7f9fecc70700 0 -- 10.8.130.104:6801/24477 >> 10.8.128.121:6805/24506 conn(0x55fd2877c800 :6801 s=STATE_ACCEPTING_WAIT_CONNECT_MSG_AUTH pgs=0 cs=0 l=0).handle_connect_msg accept connect_seq 2 vs existing csq=1 existing_state=STATE_STANDBY
2018-04-04 17:38:32.289356 7f9fedc72700 0 -- 10.8.130.104:6801/24477 >> 10.8.128.124:6805/17084 conn(0x55fd1b0aa000 :6801 s=STATE_ACCEPTING_WAIT_CONNECT_MSG_AUTH pgs=0 cs=0 l=0).handle_connect_msg accept connect_seq 1 vs existing csq=1 existing_state=STATE_STANDBY
2018-04-04 17:38:32.289602 7f9fedc72700 0 -- 10.8.130.104:6801/24477 >> 10.8.128.124:6805/17084 conn(0x55fd1b0aa000 :6801 s=STATE_ACCEPTING_WAIT_CONNECT_MSG_AUTH pgs=0 cs=0 l=0).handle_connect_msg accept connect_seq 2 vs existing csq=1 existing_state=STATE_STANDBY
2018-04-04 17:38:34.343119 7f9fecc70700 0 -- 10.8.130.104:6801/24477 >> 10.8.128.127:6825/110319 conn(0x55fd259ac800 :6801 s=STATE_ACCEPTING_WAIT_CONNECT_MSG_AUTH pgs=0 cs=0 l=0).handle_connect_msg accept connect_seq 1 vs existing csq=1 existing_state=STATE_STANDBY
2018-04-04 17:38:34.343374 7f9fecc70700 0 -- 10.8.130.104:6801/24477 >> 10.8.128.127:6825/110319 conn(0x55fd259ac800 :6801 s=STATE_ACCEPTING_WAIT_CONNECT_MSG_AUTH pgs=0 cs=0 l=0).handle_connect_msg accept connect_seq 2 vs existing csq=1 existing_state=STATE_STANDBY
2018-04-04 17:38:34.370844 7f9fed471700 0 -- 10.8.130.104:6801/24477 >> 10.8.128.123:6805/29703 conn(0x55fd231b8000 :6801 s=STATE_ACCEPTING_WAIT_CONNECT_MSG_AUTH pgs=0 cs=0 l=0).handle_connect_msg accept connect_seq 1 vs existing csq=1 existing_state=STATE_STANDBY
2018-04-04 17:38:34.371065 7f9fed471700 0 -- 10.8.130.104:6801/24477 >> 10.8.128.123:6805/29703 conn(0x55fd231b8000 :6801 s=STATE_ACCEPTING_WAIT_CONNECT_MSG_AUTH pgs=0 cs=0 l=0).handle_connect_msg accept connect_seq 2 vs existing csq=1 existing_state=STATE_STANDBY
2018-04-04 17:38:34.393238 7f9fecc70700 0 -- 10.8.130.104:6801/24477 >> 10.8.128.119:6805/26253 conn(0x55fd231b9800 :6801 s=STATE_ACCEPTING_WAIT_CONNECT_MSG_AUTH pgs=0 cs=0 l=0).handle_connect_msg accept connect_seq 1 vs existing csq=1 existing_state=STATE_STANDBY
2018-04-04 17:38:34.393449 7f9fecc70700 0 -- 10.8.130.104:6801/24477 >> 10.8.128.119:6805/26253 conn(0x55fd231b9800 :6801 s=STATE_ACCEPTING_WAIT_CONNECT_MSG_AUTH pgs=0 cs=0 l=0).handle_connect_msg accept connect_seq 2 vs existing csq=1 existing_state=STATE_STANDBY
2018-04-04 17:38:34.425557 7f9fecc70700 0 -- 10.8.130.104:6801/24477 >> 10.8.128.123:6821/2030328 conn(0x55fd231bb000 :6801 s=STATE_ACCEPTING_WAIT_CONNECT_MSG_AUTH pgs=0 cs=0 l=0).handle_connect_msg accept connect_seq 1 vs existing csq=1 existing_state=STATE_STANDBY
2018-04-04 17:38:34.425746 7f9fecc70700 0 -- 10.8.130.104:6801/24477 >> 10.8.128.123:6821/2030328 conn(0x55fd231bb000 :6801 s=STATE_ACCEPTING_WAIT_CONNECT_MSG_AUTH pgs=0 cs=0 l=0).handle_connect_msg accept connect_seq 2 vs existing csq=1 existing_state=STATE_STANDBY
2018-04-04 17:38:34.507599 7f9fed471700 0 -- 10.8.130.104:6801/24477 >> 10.8.128.124:6828/1017756 conn(0x55fd1e020000 :6801 s=STATE_ACCEPTING_WAIT_CONNECT_MSG_AUTH pgs=0 cs=0 l=0).handle_connect_msg accept connect_seq 1 vs existing csq=1 existing_state=STATE_STANDBY
2018-04-04 17:38:34.507786 7f9fed471700 0 -- 10.8.130.104:6801/24477 >> 10.8.128.124:6828/1017756 conn(0x55fd1e020000 :6801 s=STATE_ACCEPTING_WAIT_CONNECT_MSG_AUTH pgs=0 cs=0 l=0).handle_connect_msg accept connect_seq 2 vs existing csq=1 existing_state=STATE_STANDBY
2018-04-04 17:38:51.418064 7f9fed471700 0 -- 10.8.130.104:6801/24477 >> 10.8.128.127:6801/109673 conn(0x55fd2c0ee800 :6801 s=STATE_ACCEPTING_WAIT_CONNECT_MSG_AUTH pgs=0 cs=0 l=0).handle_connect_msg accept connect_seq 1 vs existing csq=1 existing_state=STATE_STANDBY
2018-04-04 17:38:51.418273 7f9fed471700 0 -- 10.8.130.104:6801/24477 >> 10.8.128.127:6801/109673 conn(0x55fd2c0ee800 :6801 s=STATE_ACCEPTING_WAIT_CONNECT_MSG_AUTH pgs=0 cs=0 l=0).handle_connect_msg accept connect_seq 2 vs existing csq=1 existing_state=STATE_STANDBY
2018-04-04 17:55:18.037714 7f9fed471700 0 -- 10.8.130.104:6801/24477 >> 10.8.128.128:6817/1188678 conn(0x55fd2c0ed000 :6801 s=STATE_ACCEPTING_WAIT_CONNECT_MSG_AUTH pgs=0 cs=0 l=0).handle_connect_msg accept connect_seq 1 vs existing csq=1 existing_state=STATE_STANDBY
2018-04-04 17:55:18.037984 7f9fed471700 0 -- 10.8.130.104:6801/24477 >> 10.8.128.128:6817/1188678 conn(0x55fd2c0ed000 :6801 s=STATE_ACCEPTING_WAIT_CONNECT_MSG_AUTH pgs=0 cs=0 l=0).handle_connect_msg accept connect_seq 2 vs existing csq=1 existing_state=STATE_STANDBY
2018-04-04 18:02:09.882101 7f9fd9488700 1 osd.55 pg_epoch: 25634 pg[1.61( v 25588'1308481 (25586'1306981,25588'1308481] local-lis/les=25603/25604 n=12813 ec=101/101 lis/c 25603/25603 les/c/f 25604/25633/25016 25603/25634/25560) [40,55] r=1 lpr=25634 pi=[25603,25634)/1 luod=0'0 crt=25588'1308481 active] start_peering_interval up [40,55] -> [40,55], acting [40,19] -> [40,55], acting_primary 40 -> 40, up_primary 40 -> 40, role -1 -> 1, features acting 2305244844532236283 upacting 2305244844532236283
2018-04-04 18:02:09.882706 7f9fd9488700 1 osd.55 pg_epoch: 25634 pg[1.61( v 25588'1308481 (25586'1306981,25588'1308481] local-lis/les=25603/25604 n=12813 ec=101/101 lis/c 25603/25603 les/c/f 25604/25633/25016 25603/25634/25560) [40,55] r=1 lpr=25634 pi=[25603,25634)/1 crt=25588'1308481 unknown NOTIFY] state<Start>: transitioning to Stray
2018-04-04 18:02:47.817144 7f9fedc72700 0 -- 10.8.130.104:6801/24477 >> 10.8.128.125:6829/1012966 conn(0x55fd1b2c9800 :6801 s=STATE_ACCEPTING_WAIT_CONNECT_MSG_AUTH pgs=0 cs=0 l=0).handle_connect_msg accept connect_seq 1 vs existing csq=1 existing_state=STATE_STANDBY
2018-04-04 18:02:47.817416 7f9fedc72700 0 -- 10.8.130.104:6801/24477 >> 10.8.128.125:6829/1012966 conn(0x55fd1b2c9800 :6801 s=STATE_ACCEPTING_WAIT_CONNECT_MSG_AUTH pgs=0 cs=0 l=0).handle_connect_msg accept connect_seq 2 vs existing csq=1 existing_state=STATE_STANDBY
2018-04-04 18:02:55.233466 7f9fd8c87700 1 osd.55 pg_epoch: 25638 pg[3.86( v 25586'248380 (25520'246880,25586'248380] local-lis/les=25603/25604 n=426 ec=106/106 lis/c 25603/25603 les/c/f 25604/25637/25016 25603/25638/25426) [12,30,55] r=2 lpr=25638 pi=[25603,25638)/1 luod=0'0 crt=25586'248380 active] start_peering_interval up [12,30,55] -> [12,30,55], acting [12,30,18] -> [12,30,55], acting_primary 12 -> 12, up_primary 12 -> 12, role -1 -> 2, features acting 2305244844532236283 upacting 2305244844532236283
2018-04-04 18:02:55.233535 7f9fd8c87700 1 osd.55 pg_epoch: 25638 pg[3.86( v 25586'248380 (25520'246880,25586'248380] local-lis/les=25603/25604 n=426 ec=106/106 lis/c 25603/25603 les/c/f 25604/25637/25016 25603/25638/25426) [12,30,55] r=2 lpr=25638 pi=[25603,25638)/1 crt=25586'248380 unknown NOTIFY] state<Start>: transitioning to Stray
2018-04-04 18:23:42.279623 7f9fedc72700 0 -- 10.8.130.104:6801/24477 >> 10.8.128.123:6825/30515 conn(0x55fd231b9800 :6801 s=STATE_ACCEPTING_WAIT_CONNECT_MSG_AUTH pgs=0 cs=0 l=0).handle_connect_msg accept connect_seq 1 vs existing csq=1 existing_state=STATE_STANDBY
2018-04-04 18:23:42.279863 7f9fedc72700 0 -- 10.8.130.104:6801/24477 >> 10.8.128.123:6825/30515 conn(0x55fd231b9800 :6801 s=STATE_ACCEPTING_WAIT_CONNECT_MSG_AUTH pgs=0 cs=0 l=0).handle_connect_msg accept connect_seq 2 vs existing csq=1 existing_state=STATE_STANDBY
2018-04-04 18:53:02.885440 7f9fedc72700 0 -- 10.8.130.104:6801/24477 >> 10.8.128.127:6817/110074 conn(0x55fd32860800 :6801 s=STATE_ACCEPTING_WAIT_CONNECT_MSG_AUTH pgs=0 cs=0 l=0).handle_connect_msg accept connect_seq 3 vs existing csq=3 existing_state=STATE_STANDBY
2018-04-04 18:53:02.885635 7f9fedc72700 0 -- 10.8.130.104:6801/24477 >> 10.8.128.127:6817/110074 conn(0x55fd32860800 :6801 s=STATE_ACCEPTING_WAIT_CONNECT_MSG_AUTH pgs=0 cs=0 l=0).handle_connect_msg accept connect_seq 4 vs existing csq=3 existing_state=STATE_STANDBY
2018-04-04 18:53:29.173126 7f9fed471700 0 -- 10.8.130.104:6801/24477 >> 10.8.128.126:6805/63527 conn(0x55fd30a5a000 :6801 s=STATE_ACCEPTING_WAIT_CONNECT_MSG_AUTH pgs=0 cs=0 l=0).handle_connect_msg accept connect_seq 3 vs existing csq=3 existing_state=STATE_STANDBY
2018-04-04 18:53:29.173386 7f9fed471700 0 -- 10.8.130.104:6801/24477 >> 10.8.128.126:6805/63527 conn(0x55fd30a5a000 :6801 s=STATE_ACCEPTING_WAIT_CONNECT_MSG_AUTH pgs=0 cs=0 l=0).handle_connect_msg accept connect_seq 4 vs existing csq=3 existing_state=STATE_STANDBY
2018-04-04 18:55:11.928663 7f9fed471700 0 -- 10.8.130.104:6801/24477 >> 10.8.128.128:6809/1188367 conn(0x55fd2c0eb800 :6801 s=STATE_ACCEPTING_WAIT_CONNECT_MSG_AUTH pgs=0 cs=0 l=0).handle_connect_msg accept connect_seq 1 vs existing csq=1 existing_state=STATE_STANDBY
2018-04-04 18:55:11.928896 7f9fed471700 0 -- 10.8.130.104:6801/24477 >> 10.8.128.128:6809/1188367 conn(0x55fd2c0eb800 :6801 s=STATE_ACCEPTING_WAIT_CONNECT_MSG_AUTH pgs=0 cs=0 l=0).handle_connect_msg accept connect_seq 2 vs existing csq=1 existing_state=STATE_STANDBY
2018-04-04 19:02:22.901158 7f9fdfc95700 4 rocksdb: [/builddir/build/BUILD/ceph-12.2.4/src/rocksdb/db/db_impl_write.cc:725] [default] New memtable created with log file: #15. Immutable memtables: 0.

2018-04-04 19:02:22.905172 7f9fd0476700 4 rocksdb: (Original Log Time 2018/04/04-19:02:22.902319) [/builddir/build/BUILD/ceph-12.2.4/src/rocksdb/db/db_impl_compaction_flush.cc:1158] Calling FlushMemTableToOutputFile with column family [default], flush slots available 1, compaction slots allowed 1, compaction slots scheduled 1
2018-04-04 19:02:22.905188 7f9fd0476700 4 rocksdb: [/builddir/build/BUILD/ceph-12.2.4/src/rocksdb/db/flush_job.cc:264] [default] [JOB 3] Flushing memtable with next log file: 15

2018-04-04 19:02:22.905210 7f9fd0476700 4 rocksdb: EVENT_LOG_v1 {"time_micros": 1522868542905200, "job": 3, "event": "flush_started", "num_memtables": 1, "num_entries": 378085, "num_deletes": 5, "memory_usage": 260049568}
2018-04-04 19:02:22.905213 7f9fd0476700 4 rocksdb: [/builddir/build/BUILD/ceph-12.2.4/src/rocksdb/db/flush_job.cc:293] [default] [JOB 3] Level-0 flush table #16: started
2018-04-04 19:02:23.413075 7f9fd0476700 4 rocksdb: EVENT_LOG_v1 {"time_micros": 1522868543413060, "cf_name": "default", "job": 3, "event": "table_file_creation", "file_number": 16, "file_size": 104108816, "table_properties": {"data_size": 101511063, "index_size": 1705208, "filter_size": 891557, "raw_key_size": 15202147, "raw_average_key_size": 57, "raw_value_size": 94788355, "raw_average_value_size": 360, "num_data_blocks": 25781, "num_entries": 263070, "filter_policy_name": "rocksdb.BuiltinBloomFilter", "kDeletedKeys": "5", "kMergeOperands": "6931"}}
2018-04-04 19:02:23.413088 7f9fd0476700 4 rocksdb: [/builddir/build/BUILD/ceph-12.2.4/src/rocksdb/db/flush_job.cc:319] [default] [JOB 3] Level-0 flush table #16: 104108816 bytes OK
2018-04-04 19:02:23.413336 7f9fd0476700 4 rocksdb: [/builddir/build/BUILD/ceph-12.2.4/src/rocksdb/db/db_impl_files.cc:242] adding log 12 to recycle list

2018-04-04 19:02:23.413342 7f9fd0476700 4 rocksdb: (Original Log Time 2018/04/04-19:02:23.413100) [/builddir/build/BUILD/ceph-12.2.4/src/rocksdb/db/memtable_list.cc:360] [default] Level-0 commit table #16 started
2018-04-04 19:02:23.413345 7f9fd0476700 4 rocksdb: (Original Log Time 2018/04/04-19:02:23.413258) [/builddir/build/BUILD/ceph-12.2.4/src/rocksdb/db/memtable_list.cc:383] [default] Level-0 commit table #16: memtable #1 done
2018-04-04 19:02:23.413347 7f9fd0476700 4 rocksdb: (Original Log Time 2018/04/04-19:02:23.413276) EVENT_LOG_v1 {"time_micros": 1522868543413265, "job": 3, "event": "flush_finished", "lsm_state": [3, 0, 0, 0, 0, 0, 0], "immutable_memtables": 0}
2018-04-04 19:02:23.413349 7f9fd0476700 4 rocksdb: (Original Log Time 2018/04/04-19:02:23.413310) [/builddir/build/BUILD/ceph-12.2.4/src/rocksdb/db/db_impl_compaction_flush.cc:132] [default] Level summary: base level 1 max bytes base 268435456 files[3 0 0 0 0 0 0] max score 0.75

2018-04-04 19:02:23.413352 7f9fd0476700 4 rocksdb: [/builddir/build/BUILD/ceph-12.2.4/src/rocksdb/db/db_impl_files.cc:388] [JOB 3] Try to delete WAL files size 252425614, prev total WAL file size 252427476, number of live WAL files 2.

2018-04-04 19:10:37.552334 7f9fd9488700 1 osd.55 pg_epoch: 25640 pg[1.18c( v 25588'1301891 (25586'1300391,25588'1301891] local-lis/les=25603/25604 n=13193 ec=101/101 lis/c 25603/25603 les/c/f 25604/25639/25016 25603/25640/25640) [55,48] r=0 lpr=25640 pi=[25603,25640)/1 luod=0'0 crt=25588'1301891 mlcod 0'0 active] start_peering_interval up [55,48] -> [55,48], acting [29,48] -> [55,48], acting_primary 29 -> 55, up_primary 55 -> 55, role -1 -> 0, features acting 2305244844532236283 upacting 2305244844532236283
2018-04-04 19:10:37.552405 7f9fd9488700 1 osd.55 pg_epoch: 25640 pg[1.18c( v 25588'1301891 (25586'1300391,25588'1301891] local-lis/les=25603/25604 n=13193 ec=101/101 lis/c 25603/25603 les/c/f 25604/25639/25016 25603/25640/25640) [55,48] r=0 lpr=25640 pi=[25603,25640)/1 crt=25588'1301891 mlcod 0'0 unknown] state<Start>: transitioning to Primary
2018-04-04 19:11:19.572274 7f9fd8c87700 1 osd.55 pg_epoch: 25642 pg[3.68( v 25588'275335 (25520'273835,25588'275335] local-lis/les=25603/25604 n=399 ec=106/106 lis/c 25603/25603 les/c/f 25604/25641/25016 25603/25642/25345) [37,11,55] r=2 lpr=25642 pi=[25603,25642)/1 luod=0'0 crt=25588'275335 active] start_peering_interval up [37,11,55] -> [37,11,55], acting [37,11,18] -> [37,11,55], acting_primary 37 -> 37, up_primary 37 -> 37, role -1 -> 2, features acting 2305244844532236283 upacting 2305244844532236283
2018-04-04 19:11:19.572384 7f9fd8c87700 1 osd.55 pg_epoch: 25642 pg[3.68( v 25588'275335 (25520'273835,25588'275335] local-lis/les=25603/25604 n=399 ec=106/106 lis/c 25603/25603 les/c/f 25604/25641/25016 25603/25642/25345) [37,11,55] r=2 lpr=25642 pi=[25603,25642)/1 crt=25588'275335 unknown NOTIFY] state<Start>: transitioning to Stray
2018-04-04 19:11:59.457966 7f9fd8c87700 1 osd.55 pg_epoch: 25644 pg[3.8( v 25639'265872 (25520'264372,25639'265872] local-lis/les=25603/25604 n=374 ec=106/106 lis/c 25603/25603 les/c/f 25604/25643/25016 25603/25644/25453) [53,37,55] r=2 lpr=25644 pi=[25603,25644)/1 luod=0'0 crt=25639'265872 active] start_peering_interval up [53,37,55] -> [53,37,55], acting [53,37,40] -> [53,37,55], acting_primary 53 -> 53, up_primary 53 -> 53, role -1 -> 2, features acting 2305244844532236283 upacting 2305244844532236283
2018-04-04 19:11:59.458062 7f9fd8c87700 1 osd.55 pg_epoch: 25644 pg[3.8( v 25639'265872 (25520'264372,25639'265872] local-lis/les=25603/25604 n=374 ec=106/106 lis/c 25603/25603 les/c/f 25604/25643/25016 25603/25644/25453) [53,37,55] r=2 lpr=25644 pi=[25603,25644)/1 crt=25639'265872 unknown NOTIFY] state<Start>: transitioning to Stray
2018-04-04 19:12:39.087183 7f9fed471700 0 -- 10.8.130.104:6801/24477 >> 10.8.128.127:6813/109970 conn(0x55fd34d7d800 :6801 s=STATE_ACCEPTING_WAIT_CONNECT_MSG_AUTH pgs=0 cs=0 l=0).handle_connect_msg accept connect_seq 1 vs existing csq=1 existing_state=STATE_STANDBY
2018-04-04 19:12:39.087417 7f9fed471700 0 -- 10.8.130.104:6801/24477 >> 10.8.128.127:6813/109970 conn(0x55fd34d7d800 :6801 s=STATE_ACCEPTING_WAIT_CONNECT_MSG_AUTH pgs=0 cs=0 l=0).handle_connect_msg accept connect_seq 2 vs existing csq=1 existing_state=STATE_STANDBY
2018-04-04 19:12:39.250873 7f9fd9488700 1 osd.55 pg_epoch: 25646 pg[3.1c5( v 25586'242056 (25582'240556,25586'242056] local-lis/les=25603/25604 n=376 ec=106/106 lis/c 25603/25603 les/c/f 25604/25645/25016 25603/25646/25646) [55,20,14] r=0 lpr=25646 pi=[25603,25646)/1 luod=0'0 crt=25586'242056 mlcod 0'0 active] start_peering_interval up [55,20,14] -> [55,20,14], acting [20,50,48] -> [55,20,14], acting_primary 20 -> 55, up_primary 55 -> 55, role -1 -> 0, features acting 2305244844532236283 upacting 2305244844532236283
2018-04-04 19:12:39.250945 7f9fd9488700 1 osd.55 pg_epoch: 25646 pg[3.1c5( v 25586'242056 (25582'240556,25586'242056] local-lis/les=25603/25604 n=376 ec=106/106 lis/c 25603/25603 les/c/f 25604/25645/25016 25603/25646/25646) [55,20,14] r=0 lpr=25646 pi=[25603,25646)/1 crt=25586'242056 mlcod 0'0 unknown] state<Start>: transitioning to Primary
2018-04-04 19:12:40.273414 7f9fed471700 0 -- 10.8.130.104:6801/24477 >> 10.8.128.127:6825/110319 conn(0x55fd3285c000 :6801 s=STATE_ACCEPTING_WAIT_CONNECT_MSG_AUTH pgs=0 cs=0 l=0).handle_connect_msg accept connect_seq 3 vs existing csq=3 existing_state=STATE_STANDBY
2018-04-04 19:12:40.273626 7f9fed471700 0 -- 10.8.130.104:6801/24477 >> 10.8.128.127:6825/110319 conn(0x55fd3285c000 :6801 s=STATE_ACCEPTING_WAIT_CONNECT_MSG_AUTH pgs=0 cs=0 l=0).handle_connect_msg accept connect_seq 4 vs existing csq=3 existing_state=STATE_STANDBY
2018-04-04 19:42:42.950589 7f9fecc70700 0 -- 10.8.130.104:6801/24477 >> 10.8.128.126:6809/63679 conn(0x55fd29cea000 :6801 s=STATE_ACCEPTING_WAIT_CONNECT_MSG_AUTH pgs=0 cs=0 l=0).handle_connect_msg accept connect_seq 1 vs existing csq=1 existing_state=STATE_STANDBY
2018-04-04 19:42:42.950793 7f9fecc70700 0 -- 10.8.130.104:6801/24477 >> 10.8.128.126:6809/63679 conn(0x55fd29cea000 :6801 s=STATE_ACCEPTING_WAIT_CONNECT_MSG_AUTH pgs=0 cs=0 l=0).handle_connect_msg accept connect_seq 2 vs existing csq=1 existing_state=STATE_STANDBY
2018-04-04 19:46:03.889145 7f9fedc72700 0 -- 10.8.130.104:6801/24477 >> 10.8.128.126:6805/63527 conn(0x55fd2877b000 :6801 s=STATE_ACCEPTING_WAIT_CONNECT_MSG_AUTH pgs=0 cs=0 l=0).handle_connect_msg accept connect_seq 5 vs existing csq=5 existing_state=STATE_STANDBY
2018-04-04 19:46:03.889394 7f9fedc72700 0 -- 10.8.130.104:6801/24477 >> 10.8.128.126:6805/63527 conn(0x55fd2877b000 :6801 s=STATE_ACCEPTING_WAIT_CONNECT_MSG_AUTH pgs=0 cs=0 l=0).handle_connect_msg accept connect_seq 6 vs existing csq=5 existing_state=STATE_STANDBY
2018-04-04 20:07:41.437262 7f9fed471700 0 -- 10.8.130.104:6801/24477 >> 10.8.128.126:6817/1063831 conn(0x55fd1b0aa000 :6801 s=STATE_ACCEPTING_WAIT_CONNECT_MSG_AUTH pgs=0 cs=0 l=0).handle_connect_msg accept connect_seq 1 vs existing csq=1 existing_state=STATE_STANDBY
2018-04-04 20:07:41.437465 7f9fed471700 0 -- 10.8.130.104:6801/24477 >> 10.8.128.126:6817/1063831 conn(0x55fd1b0aa000 :6801 s=STATE_ACCEPTING_WAIT_CONNECT_MSG_AUTH pgs=0 cs=0 l=0).handle_connect_msg accept connect_seq 2 vs existing csq=1 existing_state=STATE_STANDBY
2018-04-04 20:21:01.425341 7f9fd8c87700 1 osd.55 pg_epoch: 25648 pg[1.de( v 25639'1254600 (25586'1253100,25639'1254600] local-lis/les=25603/25604 n=13001 ec=101/101 lis/c 25603/25603 les/c/f 25604/25647/25016 25603/25648/25648) [55,40] r=0 lpr=25648 pi=[25603,25648)/1 luod=0'0 crt=25639'1254600 mlcod 0'0 active] start_peering_interval up [55,40] -> [55,40], acting [25,40] -> [55,40], acting_primary 25 -> 55, up_primary 55 -> 55, role -1 -> 0, features acting 2305244844532236283 upacting 2305244844532236283
2018-04-04 20:21:01.425451 7f9fd8c87700 1 osd.55 pg_epoch: 25648 pg[1.de( v 25639'1254600 (25586'1253100,25639'1254600] local-lis/les=25603/25604 n=13001 ec=101/101 lis/c 25603/25603 les/c/f 25604/25647/25016 25603/25648/25648) [55,40] r=0 lpr=25648 pi=[25603,25648)/1 crt=25639'1254600 mlcod 0'0 unknown] state<Start>: transitioning to Primary
2018-04-04 20:21:02.436446 7f9fecc70700 0 -- 10.8.130.104:6801/24477 >> 10.8.128.126:6828/1063376 conn(0x55fd2c0ff800 :6801 s=STATE_ACCEPTING_WAIT_CONNECT_MSG_AUTH pgs=0 cs=0 l=0).handle_connect_msg accept connect_seq 1 vs existing csq=1 existing_state=STATE_STANDBY
2018-04-04 20:21:02.436853 7f9fecc70700 0 -- 10.8.130.104:6801/24477 >> 10.8.128.126:6828/1063376 conn(0x55fd2c0ff800 :6801 s=STATE_ACCEPTING_WAIT_CONNECT_MSG_AUTH pgs=0 cs=0 l=0).handle_connect_msg accept connect_seq 2 vs existing csq=1 existing_state=STATE_STANDBY
2018-04-04 20:27:03.812783 7f9fed471700 0 -- 10.8.130.104:6801/24477 >> 10.8.128.126:6805/63527 conn(0x55fd259a9800 :6801 s=STATE_ACCEPTING_WAIT_CONNECT_MSG_AUTH pgs=0 cs=0 l=0).handle_connect_msg accept connect_seq 7 vs existing csq=7 existing_state=STATE_STANDBY
2018-04-04 20:27:03.812977 7f9fed471700 0 -- 10.8.130.104:6801/24477 >> 10.8.128.126:6805/63527 conn(0x55fd259a9800 :6801 s=STATE_ACCEPTING_WAIT_CONNECT_MSG_AUTH pgs=0 cs=0 l=0).handle_connect_msg accept connect_seq 8 vs existing csq=7 existing_state=STATE_STANDBY
2018-04-04 20:35:38.012946 7f9fedc72700 0 -- 10.8.130.104:6801/24477 >> 10.8.128.128:6817/1188678 conn(0x55fd25f11800 :6801 s=STATE_ACCEPTING_WAIT_CONNECT_MSG_AUTH pgs=0 cs=0 l=0).handle_connect_msg accept connect_seq 3 vs existing csq=3 existing_state=STATE_STANDBY
2018-04-04 20:35:38.013175 7f9fedc72700 0 -- 10.8.130.104:6801/24477 >> 10.8.128.128:6817/1188678 conn(0x55fd25f11800 :6801 s=STATE_ACCEPTING_WAIT_CONNECT_MSG_AUTH pgs=0 cs=0 l=0).handle_connect_msg accept connect_seq 4 vs existing csq=3 existing_state=STATE_STANDBY
2018-04-04 20:37:48.765442 7f9fed471700 0 -- 10.8.130.104:6801/24477 >> 10.8.128.126:6817/1063831 conn(0x55fd43e5e800 :6801 s=STATE_ACCEPTING_WAIT_CONNECT_MSG_AUTH pgs=0 cs=0 l=0).handle_connect_msg accept connect_seq 3 vs existing csq=3 existing_state=STATE_STANDBY
2018-04-04 20:37:48.765638 7f9fed471700 0 -- 10.8.130.104:6801/24477 >> 10.8.128.126:6817/1063831 conn(0x55fd43e5e800 :6801 s=STATE_ACCEPTING_WAIT_CONNECT_MSG_AUTH pgs=0 cs=0 l=0).handle_connect_msg accept connect_seq 4 vs existing csq=3 existing_state=STATE_STANDBY
2018-04-04 20:42:07.429740 7f9fed471700 0 -- 10.8.130.104:6801/24477 >> 10.8.128.128:6809/1188367 conn(0x55fd1b13c800 :6801 s=STATE_ACCEPTING_WAIT_CONNECT_MSG_AUTH pgs=0 cs=0 l=0).handle_connect_msg accept connect_seq 3 vs existing csq=3 existing_state=STATE_STANDBY
2018-04-04 20:42:07.429925 7f9fed471700 0 -- 10.8.130.104:6801/24477 >> 10.8.128.128:6809/1188367 conn(0x55fd1b13c800 :6801 s=STATE_ACCEPTING_WAIT_CONNECT_MSG_AUTH pgs=0 cs=0 l=0).handle_connect_msg accept connect_seq 4 vs existing csq=3 existing_state=STATE_STANDBY
2018-04-04 20:44:03.479174 7f9fed471700 0 -- 10.8.130.104:6801/24477 >> 10.8.128.126:6809/63679 conn(0x55fd25f13000 :6801 s=STATE_ACCEPTING_WAIT_CONNECT_MSG_AUTH pgs=0 cs=0 l=0).handle_connect_msg accept connect_seq 3 vs existing csq=3 existing_state=STATE_STANDBY
2018-04-04 20:44:03.479416 7f9fed471700 0 -- 10.8.130.104:6801/24477 >> 10.8.128.126:6809/63679 conn(0x55fd25f13000 :6801 s=STATE_ACCEPTING_WAIT_CONNECT_MSG_AUTH pgs=0 cs=0 l=0).handle_connect_msg accept connect_seq 4 vs existing csq=3 existing_state=STATE_STANDBY
2018-04-04 21:22:25.610656 7f9fedc72700 0 -- 10.8.130.104:6801/24477 >> 10.8.128.128:6809/1188367 conn(0x55fd44142000 :6801 s=STATE_ACCEPTING_WAIT_CONNECT_MSG_AUTH pgs=0 cs=0 l=0).handle_connect_msg accept connect_seq 5 vs existing csq=5 existing_state=STATE_STANDBY
2018-04-04 21:22:25.610843 7f9fedc72700 0 -- 10.8.130.104:6801/24477 >> 10.8.128.128:6809/1188367 conn(0x55fd44142000 :6801 s=STATE_ACCEPTING_WAIT_CONNECT_MSG_AUTH pgs=0 cs=0 l=0).handle_connect_msg accept connect_seq 6 vs existing csq=5 existing_state=STATE_STANDBY
2018-04-04 21:25:03.739183 7f9fdfc95700 4 rocksdb: [/builddir/build/BUILD/ceph-12.2.4/src/rocksdb/db/db_impl_write.cc:684] reusing log 12 from recycle list

2018-04-04 21:25:03.739315 7f9fdfc95700 4 rocksdb: [/builddir/build/BUILD/ceph-12.2.4/src/rocksdb/db/db_impl_write.cc:725] [default] New memtable created with log file: #17. Immutable memtables: 0.

2018-04-04 21:25:03.742135 7f9fd0476700 4 rocksdb: (Original Log Time 2018/04/04-21:25:03.739371) [/builddir/build/BUILD/ceph-12.2.4/src/rocksdb/db/db_impl_compaction_flush.cc:1158] Calling FlushMemTableToOutputFile with column family [default], flush slots available 1, compaction slots allowed 1, compaction slots scheduled 1
2018-04-04 21:25:03.742146 7f9fd0476700 4 rocksdb: [/builddir/build/BUILD/ceph-12.2.4/src/rocksdb/db/flush_job.cc:264] [default] [JOB 4] Flushing memtable with next log file: 17

2018-04-04 21:25:03.742161 7f9fd0476700 4 rocksdb: EVENT_LOG_v1 {"time_micros": 1522877103742153, "job": 4, "event": "flush_started", "num_memtables": 1, "num_entries": 310602, "num_deletes": 619, "memory_usage": 260050928}
2018-04-04 21:25:03.742164 7f9fd0476700 4 rocksdb: [/builddir/build/BUILD/ceph-12.2.4/src/rocksdb/db/flush_job.cc:293] [default] [JOB 4] Level-0 flush table #18: started
2018-04-04 21:25:04.163900 7f9fd0476700 4 rocksdb: EVENT_LOG_v1 {"time_micros": 1522877104163887, "cf_name": "default", "job": 4, "event": "table_file_creation", "file_number": 18, "file_size": 100458103, "table_properties": {"data_size": 98136779, "index_size": 1630106, "filter_size": 690229, "raw_key_size": 11731609, "raw_average_key_size": 63, "raw_value_size": 92096581, "raw_average_value_size": 496, "num_data_blocks": 25019, "num_entries": 185351, "filter_policy_name": "rocksdb.BuiltinBloomFilter", "kDeletedKeys": "599", "kMergeOperands": "7677"}}
2018-04-04 21:25:04.163908 7f9fd0476700 4 rocksdb: [/builddir/build/BUILD/ceph-12.2.4/src/rocksdb/db/flush_job.cc:319] [default] [JOB 4] Level-0 flush table #18: 100458103 bytes OK
2018-04-04 21:25:04.164539 7f9fd0476700 4 rocksdb: [/builddir/build/BUILD/ceph-12.2.4/src/rocksdb/db/db_impl_files.cc:242] adding log 15 to recycle list

2018-04-04 21:25:04.164545 7f9fd0476700 4 rocksdb: (Original Log Time 2018/04/04-21:25:04.163915) [/builddir/build/BUILD/ceph-12.2.4/src/rocksdb/db/memtable_list.cc:360] [default] Level-0 commit table #18 started
2018-04-04 21:25:04.164548 7f9fd0476700 4 rocksdb: (Original Log Time 2018/04/04-21:25:04.164107) [/builddir/build/BUILD/ceph-12.2.4/src/rocksdb/db/memtable_list.cc:383] [default] Level-0 commit table #18: memtable #1 done
2018-04-04 21:25:04.164549 7f9fd0476700 4 rocksdb: (Original Log Time 2018/04/04-21:25:04.164120) EVENT_LOG_v1 {"time_micros": 1522877104164115, "job": 4, "event": "flush_finished", "lsm_state": [4, 0, 0, 0, 0, 0, 0], "immutable_memtables": 0}
2018-04-04 21:25:04.164550 7f9fd0476700 4 rocksdb: (Original Log Time 2018/04/04-21:25:04.164532) [/builddir/build/BUILD/ceph-12.2.4/src/rocksdb/db/db_impl_compaction_flush.cc:132] [default] Level summary: base level 1 max bytes base 268435456 files[4 0 0 0 0 0 0] max score 1.00

2018-04-04 21:25:04.164570 7f9fd0476700 4 rocksdb: [/builddir/build/BUILD/ceph-12.2.4/src/rocksdb/db/db_impl_files.cc:388] [JOB 4] Try to delete WAL files size 254307557, prev total WAL file size 254343402, number of live WAL files 2.

2018-04-04 21:25:04.164692 7f9fcfc75700 3 rocksdb: [/builddir/build/BUILD/ceph-12.2.4/src/rocksdb/db/db_impl.cc:447] ------- DUMPING STATS -------
2018-04-04 21:25:04.164699 7f9fcfc75700 3 rocksdb: [/builddir/build/BUILD/ceph-12.2.4/src/rocksdb/db/db_impl.cc:448]
** DB Stats **
Uptime(secs): 16047.3 total, 16047.3 interval
Cumulative writes: 195K writes, 688K keys, 195K commit groups, 1.0 writes per commit group, ingest: 0.47 GB, 0.03 MB/s
Cumulative WAL: 195K writes, 85K syncs, 2.28 writes per sync, written: 0.47 GB, 0.03 MB/s
Cumulative stall: 00:00:0.000 H:M:S, 0.0 percent
Interval writes: 195K writes, 688K keys, 195K commit groups, 1.0 writes per commit group, ingest: 483.29 MB, 0.03 MB/s
