2013-08-09 15:01:12.024765 7f17f6e4d780 0 ceph version 0.61.7 (8f010aff684e820ecc837c25ac77c7a05d7191ff), process ceph-osd, pid 27254
2013-08-09 15:01:12.121407 7f17f6e4d780 0 filestore(/var/lib/ceph/osd/ceph-3) mount FIEMAP ioctl is supported and appears to work
2013-08-09 15:01:12.121593 7f17f6e4d780 0 filestore(/var/lib/ceph/osd/ceph-3) mount FIEMAP ioctl is disabled via 'filestore fiemap' config option
2013-08-09 15:01:12.122671 7f17f6e4d780 0 filestore(/var/lib/ceph/osd/ceph-3) mount did NOT detect btrfs
2013-08-09 15:01:12.212299 7f17f6e4d780 0 filestore(/var/lib/ceph/osd/ceph-3) mount syncfs(2) syscall fully supported (by glibc and kernel)
2013-08-09 15:01:12.212653 7f17f6e4d780 0 filestore(/var/lib/ceph/osd/ceph-3) mount found snaps <>
2013-08-09 15:01:12.486426 7f17f6e4d780 0 filestore(/var/lib/ceph/osd/ceph-3) mount: enabling WRITEAHEAD journal mode: btrfs not detected
2013-08-09 15:01:12.509308 7f17f6e4d780 -1 journal FileJournal::_open: disabling aio for non-block journal. Use journal_force_aio to force use of aio anyway
2013-08-09 15:01:12.509344 7f17f6e4d780 1 journal _open /var/lib/ceph/osd/ceph-3/journal fd 23: 1048576000 bytes, block size 4096 bytes, directio = 1, aio = 0
2013-08-09 15:01:12.528705 7f17f6e4d780 1 journal _open /var/lib/ceph/osd/ceph-3/journal fd 23: 1048576000 bytes, block size 4096 bytes, directio = 1, aio = 0
2013-08-09 15:01:12.529472 7f17f6e4d780 1 journal close /var/lib/ceph/osd/ceph-3/journal
2013-08-09 15:01:12.626766 7f17f6e4d780 0 filestore(/var/lib/ceph/osd/ceph-3) mount FIEMAP ioctl is supported and appears to work
2013-08-09 15:01:12.626890 7f17f6e4d780 0 filestore(/var/lib/ceph/osd/ceph-3) mount FIEMAP ioctl is disabled via 'filestore fiemap' config option
2013-08-09 15:01:12.627908 7f17f6e4d780 0 filestore(/var/lib/ceph/osd/ceph-3) mount did NOT detect btrfs
2013-08-09 15:01:12.818558 7f17f6e4d780 0 filestore(/var/lib/ceph/osd/ceph-3) mount syncfs(2) syscall fully supported (by glibc and kernel)
2013-08-09 15:01:12.818758 7f17f6e4d780 0 filestore(/var/lib/ceph/osd/ceph-3) mount found snaps <>
2013-08-09 15:01:13.576974 7f17f6e4d780 0 filestore(/var/lib/ceph/osd/ceph-3) mount: enabling WRITEAHEAD journal mode: btrfs not detected
2013-08-09 15:01:13.589443 7f17f6e4d780 -1 journal FileJournal::_open: disabling aio for non-block journal. Use journal_force_aio to force use of aio anyway
2013-08-09 15:01:13.589562 7f17f6e4d780 1 journal _open /var/lib/ceph/osd/ceph-3/journal fd 31: 1048576000 bytes, block size 4096 bytes, directio = 1, aio = 0
2013-08-09 15:01:13.589910 7f17f6e4d780 1 journal _open /var/lib/ceph/osd/ceph-3/journal fd 31: 1048576000 bytes, block size 4096 bytes, directio = 1, aio = 0
2013-08-09 15:01:14.503511 7f17e11b0700 0 -- 10.202.1.52:6806/27254 >> 10.202.1.51:6804/1488 pipe(0x2179780 sd=34 :43660 s=2 pgs=3727 cs=1 l=0).fault, initiating reconnect
2013-08-09 15:01:14.508803 7f17e0dac700 0 -- 10.202.1.52:6806/27254 >> 10.202.1.53:6801/1506 pipe(0x2179c80 sd=35 :54668 s=2 pgs=3542 cs=1 l=0).fault, initiating reconnect
2013-08-09 15:01:14.512699 7f17e0fae700 0 -- 10.202.1.52:6806/27254 >> 10.202.1.51:6801/1376 pipe(0x2179a00 sd=36 :33279 s=2 pgs=4430 cs=1 l=0).fault, initiating reconnect
2013-08-09 15:01:14.517368 7f17e0aa9700 0 -- 10.202.1.52:6806/27254 >> 10.202.1.51:6804/1488 pipe(0x2179780 sd=34 :43669 s=2 pgs=3730 cs=3 l=0).fault, initiating reconnect
2013-08-09 15:01:14.519264 7f17e0dac700 0 -- 10.202.1.52:6806/27254 >> 10.202.1.53:6801/1506 pipe(0x2179c80 sd=35 :54681 s=2 pgs=3545 cs=3 l=0).fault, initiating reconnect
2013-08-09 15:01:14.521466 7f17e0cab700 0 -- 10.202.1.52:6806/27254 >> 10.202.1.53:6804/1648 pipe(0x38df500 sd=37 :36417 s=2 pgs=3057 cs=1 l=0).fault, initiating reconnect
2013-08-09 15:01:14.521637 7f17e0ead700 0 -- 10.202.1.52:6806/27254 >> 10.202.1.53:6804/1648 pipe(0x38df500 sd=37 :36417 s=1 pgs=3057 cs=2 l=0).fault
2013-08-09 15:01:14.523219 7f17e0baa700 0 -- 10.202.1.52:6806/27254 >> 10.202.1.51:6801/1376 pipe(0x2179a00 sd=36 :33294 s=2 pgs=4432 cs=3 l=0).fault, initiating reconnect
2013-08-09 15:01:14.525075 7f17e0aa9700 0 -- 10.202.1.52:6806/27254 >> 10.202.1.51:6804/1488 pipe(0x2179780 sd=34 :43680 s=2 pgs=3732 cs=5 l=0).fault, initiating reconnect
2013-08-09 15:01:14.528333 7f17e0dac700 0 -- 10.202.1.52:6806/27254 >> 10.202.1.53:6801/1506 pipe(0x2179c80 sd=35 :54690 s=2 pgs=3548 cs=5 l=0).fault, initiating reconnect
2013-08-09 15:01:14.529619 7f17e0cab700 0 -- 10.202.1.52:6806/27254 >> 10.202.1.53:6804/1648 pipe(0x38df500 sd=37 :36437 s=2 pgs=3060 cs=3 l=0).fault, initiating reconnect
2013-08-09 15:01:14.532993 7f17e0fae700 0 -- 10.202.1.52:6806/27254 >> 10.202.1.51:6801/1376 pipe(0x2179a00 sd=36 :33302 s=2 pgs=4434 cs=5 l=0).fault, initiating reconnect
2013-08-09 15:01:14.535457 7f17e0aa9700 0 -- 10.202.1.52:6806/27254 >> 10.202.1.51:6804/1488 pipe(0x2179780 sd=34 :43689 s=2 pgs=3734 cs=7 l=0).fault, initiating reconnect
2013-08-09 15:01:14.538000 7f17e0cab700 0 -- 10.202.1.52:6806/27254 >> 10.202.1.53:6804/1648 pipe(0x38df500 sd=37 :36446 s=2 pgs=3062 cs=5 l=0).fault, initiating reconnect
2013-08-09 15:01:14.541899 7f17e11b0700 0 -- 10.202.1.52:6806/27254 >> 10.202.1.51:6804/1488 pipe(0x2179780 sd=34 :43697 s=2 pgs=3736 cs=9 l=0).fault, initiating reconnect
2013-08-09 15:01:14.543053 7f17e0fae700 0 -- 10.202.1.52:6806/27254 >> 10.202.1.51:6801/1376 pipe(0x2179a00 sd=36 :33311 s=2 pgs=4436 cs=7 l=0).fault, initiating reconnect
2013-08-09 15:01:14.549965 7f17e0fae700 0 -- 10.202.1.52:6806/27254 >> 10.202.1.51:6801/1376 pipe(0x2179a00 sd=36 :33317 s=2 pgs=4438 cs=9 l=0).fault, initiating reconnect
2013-08-09 15:01:14.550003 7f17e10af700 0 -- 10.202.1.52:6806/27254 >> 10.202.1.53:6801/1506 pipe(0x2179c80 sd=35 :54699 s=2 pgs=3550 cs=7 l=0).fault, initiating reconnect
2013-08-09 15:01:14.557549 7f17e0cab700 0 -- 10.202.1.52:6806/27254 >> 10.202.1.53:6804/1648 pipe(0x38df500 sd=37 :36453 s=2 pgs=3065 cs=7 l=0).fault, initiating reconnect
2013-08-09 15:01:14.558495 7f17e0fae700 0 -- 10.202.1.52:6806/27254 >> 10.202.1.51:6801/1376 pipe(0x2179a00 sd=36 :33323 s=2 pgs=4440 cs=11 l=0).fault, initiating reconnect
2013-08-09 15:01:14.563309 7f17e10af700 0 -- 10.202.1.52:6806/27254 >> 10.202.1.53:6801/1506 pipe(0x2179c80 sd=35 :54713 s=2 pgs=3553 cs=9 l=0).fault, initiating reconnect
2013-08-09 15:01:14.567722 7f17e0aa9700 0 -- 10.202.1.52:6806/27254 >> 10.202.1.51:6804/1488 pipe(0x2179780 sd=34 :43702 s=2 pgs=3737 cs=11 l=0).fault, initiating reconnect
2013-08-09 15:01:14.573274 7f17e10af700 0 -- 10.202.1.52:6806/27254 >> 10.202.1.53:6801/1506 pipe(0x2179c80 sd=35 :54723 s=2 pgs=3555 cs=11 l=0).fault, initiating reconnect
2013-08-09 15:01:14.573335 7f17e0cab700 0 -- 10.202.1.52:6806/27254 >> 10.202.1.53:6804/1648 pipe(0x38df500 sd=37 :36462 s=2 pgs=3068 cs=9 l=0).fault, initiating reconnect
2013-08-09 15:01:14.576314 7f17e0aa9700 0 -- 10.202.1.52:6806/27254 >> 10.202.1.51:6804/1488 pipe(0x2179780 sd=34 :43715 s=2 pgs=3739 cs=13 l=0).fault, initiating reconnect
2013-08-09 15:01:14.578153 7f17e0dac700 0 -- 10.202.1.52:6806/27254 >> 10.202.1.51:6801/1376 pipe(0x2179a00 sd=36 :33330 s=2 pgs=4443 cs=13 l=0).fault, initiating reconnect
2013-08-09 15:01:14.580949 7f17e0cab700 0 -- 10.202.1.52:6806/27254 >> 10.202.1.53:6804/1648 pipe(0x38df500 sd=37 :36474 s=2 pgs=3070 cs=11 l=0).fault, initiating reconnect
2013-08-09 15:01:14.587509 7f17e0baa700 0 -- 10.202.1.52:6806/27254 >> 10.202.1.53:6801/1506 pipe(0x2179c80 sd=35 :54731 s=2 pgs=3557 cs=13 l=0).fault, initiating reconnect
2013-08-09 15:01:14.587628 7f17e10af700 0 -- 10.202.1.52:6806/27254 >> 10.202.1.53:6801/1506 pipe(0x2179c80 sd=35 :54731 s=1 pgs=3557 cs=14 l=0).fault
2013-08-09 15:01:14.587636 7f17e0aa9700 0 -- 10.202.1.52:6806/27254 >> 10.202.1.51:6804/1488 pipe(0x2179780 sd=34 :43725 s=2 pgs=3742 cs=15 l=0).fault, initiating reconnect
2013-08-09 15:01:14.588507 7f17e0dac700 0 -- 10.202.1.52:6806/27254 >> 10.202.1.51:6801/1376 pipe(0x2179a00 sd=36 :33343 s=2 pgs=4446 cs=15 l=0).fault, initiating reconnect
2013-08-09 15:01:14.590198 7f17e0cab700 0 -- 10.202.1.52:6806/27254 >> 10.202.1.53:6804/1648 pipe(0x38df500 sd=37 :36482 s=2 pgs=3072 cs=13 l=0).fault, initiating reconnect
2013-08-09 15:01:14.595011 7f17e0baa700 0 -- 10.202.1.52:6806/27254 >> 10.202.1.53:6801/1506 pipe(0x2179c80 sd=35 :54741 s=2 pgs=3560 cs=15 l=0).fault, initiating reconnect
2013-08-09 15:01:14.598105 7f17e0aa9700 0 -- 10.202.1.52:6806/27254 >> 10.202.1.51:6804/1488 pipe(0x2179780 sd=34 :43735 s=2 pgs=3744 cs=17 l=0).fault, initiating reconnect
2013-08-09 15:01:14.599462 7f17e0dac700 0 -- 10.202.1.52:6806/27254 >> 10.202.1.51:6801/1376 pipe(0x2179a00 sd=36 :33352 s=2 pgs=4448 cs=17 l=0).fault, initiating reconnect
2013-08-09 15:01:14.601616 7f17e0cab700 0 -- 10.202.1.52:6806/27254 >> 10.202.1.53:6804/1648 pipe(0x38df500 sd=37 :36493 s=2 pgs=3075 cs=15 l=0).fault, initiating reconnect
2013-08-09 15:01:14.603340 7f17e0baa700 0 -- 10.202.1.52:6806/27254 >> 10.202.1.53:6801/1506 pipe(0x2179c80 sd=35 :54749 s=2 pgs=3562 cs=17 l=0).fault, initiating reconnect
2013-08-09 15:01:14.606898 7f17e0dac700 0 -- 10.202.1.52:6806/27254 >> 10.202.1.51:6801/1376 pipe(0x2179a00 sd=36 :33361 s=2 pgs=4450 cs=19 l=0).fault, initiating reconnect
2013-08-09 15:01:14.609527 7f17e0aa9700 0 -- 10.202.1.52:6806/27254 >> 10.202.1.51:6804/1488 pipe(0x2179780 sd=34 :43743 s=2 pgs=3746 cs=19 l=0).fault, initiating reconnect
2013-08-09 15:01:14.611806 7f17e0cab700 0 -- 10.202.1.52:6806/27254 >> 10.202.1.53:6804/1648 pipe(0x38df500 sd=37 :36501 s=2 pgs=3077 cs=17 l=0).fault, initiating reconnect
2013-08-09 15:01:14.614328 7f17e0baa700 0 -- 10.202.1.52:6806/27254 >> 10.202.1.53:6801/1506 pipe(0x2179c80 sd=35 :54756 s=2 pgs=3564 cs=19 l=0).fault, initiating reconnect
2013-08-09 15:01:14.615774 7f17e0dac700 0 -- 10.202.1.52:6806/27254 >> 10.202.1.51:6801/1376 pipe(0x2179a00 sd=36 :33367 s=2 pgs=4452 cs=21 l=0).fault, initiating reconnect
2013-08-09 15:01:14.618026 7f17e0aa9700 0 -- 10.202.1.52:6806/27254 >> 10.202.1.51:6804/1488 pipe(0x2179780 sd=34 :43754 s=2 pgs=3749 cs=21 l=0).fault, initiating reconnect
2013-08-09 15:01:14.619400 7f17e0cab700 0 -- 10.202.1.52:6806/27254 >> 10.202.1.53:6804/1648 pipe(0x38df500 sd=37 :36509 s=2 pgs=3079 cs=19 l=0).fault, initiating reconnect
2013-08-09 15:01:14.621511 7f17e10af700 0 -- 10.202.1.52:6806/27254 >> 10.202.1.53:6801/1506 pipe(0x2179c80 sd=35 :54764 s=2 pgs=3566 cs=21 l=0).fault, initiating reconnect
2013-08-09 15:01:14.621929 7f17e0fae700 0 -- 10.202.1.52:6806/27254 >> 10.202.1.51:6801/1376 pipe(0x2179a00 sd=36 :33376 s=2 pgs=4454 cs=23 l=0).fault, initiating reconnect
2013-08-09 15:01:14.623546 7f17e11b0700 0 -- 10.202.1.52:6806/27254 >> 10.202.1.51:6804/1488 pipe(0x2179780 sd=34 :43762 s=2 pgs=3751 cs=23 l=0).fault, initiating reconnect
2013-08-09 15:01:14.623831 7f17e0cab700 0 -- 10.202.1.52:6806/27254 >> 10.202.1.53:6804/1648 pipe(0x38df500 sd=37 :36517 s=2 pgs=3081 cs=21 l=0).fault, initiating reconnect
2013-08-09 15:01:14.627498 7f17e0aa9700 0 -- 10.202.1.52:6806/27254 >> 10.202.1.51:6801/1376 pipe(0x2179a00 sd=36 :33381 s=2 pgs=4455 cs=25 l=0).fault, initiating reconnect
2013-08-09 15:01:14.633736 7f17e0cab700 0 -- 10.202.1.52:6806/27254 >> 10.202.1.53:6804/1648 pipe(0x38df500 sd=37 :36520 s=2 pgs=3082 cs=23 l=0).fault, initiating reconnect
2013-08-09 15:01:14.633897 7f17e0dac700 0 -- 10.202.1.52:6806/27254 >> 10.202.1.51:6804/1488 pipe(0x2179780 sd=34 :43768 s=2 pgs=3752 cs=25 l=0).fault, initiating reconnect
2013-08-09 15:01:14.634364 7f17e0baa700 0 -- 10.202.1.52:6806/27254 >> 10.202.1.53:6801/1506 pipe(0x2179c80 sd=35 :54773 s=2 pgs=3567 cs=23 l=0).fault, initiating reconnect
2013-08-09 15:01:14.635862 7f17e0aa9700 0 -- 10.202.1.52:6806/27254 >> 10.202.1.51:6801/1376 pipe(0x2179a00 sd=36 :33387 s=2 pgs=4457 cs=27 l=0).fault, initiating reconnect
2013-08-09 15:01:14.640475 7f17e0dac700 0 -- 10.202.1.52:6806/27254 >> 10.202.1.51:6804/1488 pipe(0x2179780 sd=34 :43774 s=2 pgs=3755 cs=27 l=0).fault, initiating reconnect
2013-08-09 15:01:14.643192 7f17e0cab700 0 -- 10.202.1.52:6806/27254 >> 10.202.1.53:6804/1648 pipe(0x38df500 sd=37 :36526 s=2 pgs=3084 cs=25 l=0).fault, initiating reconnect
2013-08-09 15:01:14.643502 7f17e0aa9700 0 -- 10.202.1.52:6806/27254 >> 10.202.1.51:6801/1376 pipe(0x2179a00 sd=36 :33395 s=2 pgs=4459 cs=29 l=0).fault, initiating reconnect
2013-08-09 15:01:14.644052 7f17e0baa700 0 -- 10.202.1.52:6806/27254 >> 10.202.1.53:6801/1506 pipe(0x2179c80 sd=35 :54783 s=2 pgs=3570 cs=25 l=0).fault, initiating reconnect
2013-08-09 15:01:14.649946 7f17e0dac700 0 -- 10.202.1.52:6806/27254 >> 10.202.1.51:6804/1488 pipe(0x2179780 sd=34 :43781 s=2 pgs=3756 cs=29 l=0).fault, initiating reconnect
2013-08-09 15:01:14.651341 7f17e0aa9700 0 -- 10.202.1.52:6806/27254 >> 10.202.1.51:6801/1376 pipe(0x2179a00 sd=36 :33398 s=2 pgs=4460 cs=31 l=0).fault, initiating reconnect
2013-08-09 15:01:14.653459 7f17e0cab700 0 -- 10.202.1.52:6806/27254 >> 10.202.1.53:6804/1648 pipe(0x38df500 sd=37 :36536 s=2 pgs=3086 cs=27 l=0).fault, initiating reconnect
2013-08-09 15:01:14.653670 7f17e0baa700 0 -- 10.202.1.52:6806/27254 >> 10.202.1.53:6801/1506 pipe(0x2179c80 sd=35 :54793 s=2 pgs=3572 cs=27 l=0).fault, initiating reconnect
2013-08-09 15:01:14.657053 7f17e0dac700 0 -- 10.202.1.52:6806/27254 >> 10.202.1.51:6804/1488 pipe(0x2179780 sd=34 :43789 s=2 pgs=3758 cs=31 l=0).fault, initiating reconnect
2013-08-09 15:01:14.658597 7f17e0aa9700 0 -- 10.202.1.52:6806/27254 >> 10.202.1.51:6801/1376 pipe(0x2179a00 sd=36 :33406 s=2 pgs=4462 cs=33 l=0).fault, initiating reconnect
2013-08-09 15:01:14.664061 7f17e0baa700 0 -- 10.202.1.52:6806/27254 >> 10.202.1.53:6801/1506 pipe(0x2179c80 sd=35 :54801 s=2 pgs=3574 cs=29 l=0).fault, initiating reconnect
2013-08-09 15:01:14.664398 7f17e0cab700 0 -- 10.202.1.52:6806/27254 >> 10.202.1.53:6804/1648 pipe(0x38df500 sd=37 :36545 s=2 pgs=3089 cs=29 l=0).fault, initiating reconnect
2013-08-09 15:01:14.667641 7f17e0dac700 0 -- 10.202.1.52:6806/27254 >> 10.202.1.51:6804/1488 pipe(0x2179780 sd=34 :43796 s=2 pgs=3760 cs=33 l=0).fault, initiating reconnect
2013-08-09 15:01:14.669932 7f17e0aa9700 0 -- 10.202.1.52:6806/27254 >> 10.202.1.51:6801/1376 pipe(0x2179a00 sd=36 :33414 s=2 pgs=4464 cs=35 l=0).fault, initiating reconnect
2013-08-09 15:01:14.671559 7f17e0cab700 0 -- 10.202.1.52:6806/27254 >> 10.202.1.53:6804/1648 pipe(0x38df500 sd=37 :36555 s=2 pgs=3091 cs=31 l=0).fault, initiating reconnect
2013-08-09 15:01:14.674278 7f17e0baa700 0 -- 10.202.1.52:6806/27254 >> 10.202.1.53:6801/1506 pipe(0x2179c80 sd=35 :54810 s=2 pgs=3576 cs=31 l=0).fault, initiating reconnect
2013-08-09 15:01:14.674890 7f17e11b0700 0 -- 10.202.1.52:6806/27254 >> 10.202.1.51:6804/1488 pipe(0x2179780 sd=34 :43805 s=2 pgs=3762 cs=35 l=0).fault, initiating reconnect
2013-08-09 15:01:14.678365 7f17e0cab700 0 -- 10.202.1.52:6806/27254 >> 10.202.1.53:6804/1648 pipe(0x38df500 sd=37 :36562 s=2 pgs=3092 cs=33 l=0).fault, initiating reconnect
2013-08-09 15:01:14.678708 7f17e0aa9700 0 -- 10.202.1.52:6806/27254 >> 10.202.1.51:6801/1376 pipe(0x2179a00 sd=36 :33422 s=2 pgs=4466 cs=37 l=0).fault, initiating reconnect
2013-08-09 15:01:14.684457 7f17e0dac700 0 -- 10.202.1.52:6806/27254 >> 10.202.1.51:6804/1488 pipe(0x2179780 sd=34 :43812 s=2 pgs=3763 cs=37 l=0).fault, initiating reconnect
2013-08-09 15:01:14.684673 7f17e0baa700 0 -- 10.202.1.52:6806/27254 >> 10.202.1.53:6801/1506 pipe(0x2179c80 sd=35 :54818 s=2 pgs=3578 cs=33 l=0).fault, initiating reconnect
2013-08-09 15:01:14.686651 7f17e0cab700 0 -- 10.202.1.52:6806/27254 >> 10.202.1.53:6804/1648 pipe(0x38df500 sd=37 :36567 s=2 pgs=3094 cs=35 l=0).fault, initiating reconnect
2013-08-09 15:01:14.692016 7f17e11b0700 0 -- 10.202.1.52:6806/27254 >> 10.202.1.51:6804/1488 pipe(0x2179780 sd=34 :43819 s=2 pgs=3765 cs=39 l=0).fault, initiating reconnect
2013-08-09 15:01:14.694297 7f17e0aa9700 0 -- 10.202.1.52:6806/27254 >> 10.202.1.51:6801/1376 pipe(0x2179a00 sd=36 :33431 s=2 pgs=4468 cs=39 l=0).fault, initiating reconnect
2013-08-09 15:01:14.696570 7f17e0cab700 0 -- 10.202.1.52:6806/27254 >> 10.202.1.53:6804/1648 pipe(0x38df500 sd=37 :36575 s=2 pgs=3096 cs=37 l=0).fault, initiating reconnect
2013-08-09 15:01:14.696971 7f17e0baa700 0 -- 10.202.1.52:6806/27254 >> 10.202.1.53:6801/1506 pipe(0x2179c80 sd=35 :54827 s=2 pgs=3580 cs=35 l=0).fault, initiating reconnect
2013-08-09 15:01:14.701581 7f17e0aa9700 0 -- 10.202.1.52:6806/27254 >> 10.202.1.51:6801/1376 pipe(0x2179a00 sd=36 :33442 s=2 pgs=4470 cs=41 l=0).fault, initiating reconnect
2013-08-09 15:01:14.706088 7f17e0dac700 0 -- 10.202.1.52:6806/27254 >> 10.202.1.51:6804/1488 pipe(0x2179780 sd=34 :43828 s=2 pgs=3768 cs=41 l=0).fault, initiating reconnect
2013-08-09 15:01:14.706602 7f17e0cab700 0 -- 10.202.1.52:6806/27254 >> 10.202.1.53:6804/1648 pipe(0x38df500 sd=37 :36582 s=2 pgs=3098 cs=39 l=0).fault, initiating reconnect
2013-08-09 15:01:14.708443 7f17e0baa700 0 -- 10.202.1.52:6806/27254 >> 10.202.1.53:6801/1506 pipe(0x2179c80 sd=35 :54837 s=2 pgs=3582 cs=37 l=0).fault, initiating reconnect
2013-08-09 15:01:14.708779 7f17e0aa9700 0 -- 10.202.1.52:6806/27254 >> 10.202.1.51:6801/1376 pipe(0x2179a00 sd=36 :33450 s=2 pgs=4472 cs=43 l=0).fault, initiating reconnect
2013-08-09 15:01:14.715804 7f17e0cab700 0 -- 10.202.1.52:6806/27254 >> 10.202.1.53:6804/1648 pipe(0x38df500 sd=37 :36590 s=2 pgs=3100 cs=41 l=0).fault, initiating reconnect
2013-08-09 15:01:14.717226 7f17e0baa700 0 -- 10.202.1.52:6806/27254 >> 10.202.1.53:6801/1506 pipe(0x2179c80 sd=35 :54845 s=2 pgs=3584 cs=39 l=0).fault, initiating reconnect
2013-08-09 15:01:14.720892 7f17e0dac700 0 -- 10.202.1.52:6806/27254 >> 10.202.1.51:6804/1488 pipe(0x2179780 sd=34 :43836 s=2 pgs=3770 cs=43 l=0).fault, initiating reconnect
2013-08-09 15:01:14.723043 7f17e0aa9700 0 -- 10.202.1.52:6806/27254 >> 10.202.1.51:6801/1376 pipe(0x2179a00 sd=36 :33455 s=2 pgs=4474 cs=45 l=0).fault, initiating reconnect
2013-08-09 15:01:14.724799 7f17e0cab700 0 -- 10.202.1.52:6806/27254 >> 10.202.1.53:6804/1648 pipe(0x38df500 sd=37 :36598 s=2 pgs=3102 cs=43 l=0).fault, initiating reconnect
2013-08-09 15:01:14.728823 7f17e11b0700 0 -- 10.202.1.52:6806/27254 >> 10.202.1.51:6804/1488 pipe(0x2179780 sd=34 :43850 s=2 pgs=3772 cs=45 l=0).fault, initiating reconnect
2013-08-09 15:01:14.734357 7f17e0aa9700 0 -- 10.202.1.52:6806/27254 >> 10.202.1.51:6801/1376 pipe(0x2179a00 sd=36 :33467 s=2 pgs=4477 cs=47 l=0).fault, initiating reconnect
2013-08-09 15:01:14.734632 7f17e0baa700 0 -- 10.202.1.52:6806/27254 >> 10.202.1.53:6801/1506 pipe(0x2179c80 sd=35 :54853 s=2 pgs=3586 cs=41 l=0).fault, initiating reconnect
2013-08-09 15:01:14.737165 7f17e0cab700 0 -- 10.202.1.52:6806/27254 >> 10.202.1.53:6804/1648 pipe(0x38df500 sd=37 :36606 s=2 pgs=3105 cs=45 l=0).fault, initiating reconnect
2013-08-09 15:01:14.738245 7f17e0fae700 0 -- 10.202.1.52:6806/27254 >> 10.202.1.51:6801/1376 pipe(0x2179a00 sd=36 :33472 s=2 pgs=4480 cs=49 l=0).fault, initiating reconnect
2013-08-09 15:01:14.739512 7f17e11b0700 0 -- 10.202.1.52:6806/27254 >> 10.202.1.51:6804/1488 pipe(0x2179780 sd=34 :43857 s=2 pgs=3775 cs=47 l=0).fault, initiating reconnect
2013-08-09 15:01:14.741358 7f17e0cab700 0 -- 10.202.1.52:6806/27254 >> 10.202.1.53:6804/1648 pipe(0x38df500 sd=37 :36615 s=2 pgs=3106 cs=47 l=0).fault, initiating reconnect
2013-08-09 15:01:14.746571 7f17e0baa700 0 -- 10.202.1.52:6806/27254 >> 10.202.1.53:6801/1506 pipe(0x2179c80 sd=35 :54865 s=2 pgs=3589 cs=43 l=0).fault, initiating reconnect
2013-08-09 15:01:14.754758 7f17e0aa9700 0 -- 10.202.1.52:6806/27254 >> 10.202.1.51:6804/1488 pipe(0x2179780 sd=34 :43865 s=2 pgs=3777 cs=49 l=0).fault, initiating reconnect
2013-08-09 15:01:14.755152 7f17e0cab700 0 -- 10.202.1.52:6806/27254 >> 10.202.1.53:6804/1648 pipe(0x38df500 sd=37 :36616 s=2 pgs=3108 cs=49 l=0).fault, initiating reconnect
2013-08-09 15:01:14.755444 7f17e0dac700 0 -- 10.202.1.52:6806/27254 >> 10.202.1.51:6801/1376 pipe(0x2179a00 sd=36 :33483 s=2 pgs=4482 cs=51 l=0).fault, initiating reconnect
2013-08-09 15:01:14.760948 7f17e0baa700 0 -- 10.202.1.52:6806/27254 >> 10.202.1.53:6801/1506 pipe(0x2179c80 sd=35 :54876 s=2 pgs=3592 cs=45 l=0).fault, initiating reconnect
2013-08-09 15:01:14.763995 7f17e0cab700 0 -- 10.202.1.52:6806/27254 >> 10.202.1.53:6804/1648 pipe(0x38df500 sd=37 :36627 s=2 pgs=3110 cs=51 l=0).fault, initiating reconnect
2013-08-09 15:01:14.764225 7f17e0dac700 0 -- 10.202.1.52:6806/27254 >> 10.202.1.51:6801/1376 pipe(0x2179a00 sd=36 :33491 s=2 pgs=4483 cs=53 l=0).fault, initiating reconnect
2013-08-09 15:01:14.766561 7f17e0baa700 0 -- 10.202.1.52:6806/27254 >> 10.202.1.53:6801/1506 pipe(0x2179c80 sd=35 :54887 s=2 pgs=3594 cs=47 l=0).fault, initiating reconnect
2013-08-09 15:01:14.773227 7f17e0cab700 0 -- 10.202.1.52:6806/27254 >> 10.202.1.53:6804/1648 pipe(0x38df500 sd=37 :36635 s=2 pgs=3112 cs=53 l=0).fault, initiating reconnect
2013-08-09 15:01:14.774601 7f17e0dac700 0 -- 10.202.1.52:6806/27254 >> 10.202.1.51:6801/1376 pipe(0x2179a00 sd=36 :33499 s=2 pgs=4485 cs=55 l=0).fault, initiating reconnect
2013-08-09 15:01:14.776994 7f17e0baa700 0 -- 10.202.1.52:6806/27254 >> 10.202.1.53:6801/1506 pipe(0x2179c80 sd=35 :54891 s=2 pgs=3596 cs=49 l=0).fault, initiating reconnect
2013-08-09 15:01:14.781340 7f17e0dac700 0 -- 10.202.1.52:6806/27254 >> 10.202.1.51:6801/1376 pipe(0x2179a00 sd=36 :33505 s=2 pgs=4487 cs=57 l=0).fault, initiating reconnect
2013-08-09 15:01:14.782140 7f17e0cab700 0 -- 10.202.1.52:6806/27254 >> 10.202.1.53:6804/1648 pipe(0x38df500 sd=37 :36641 s=2 pgs=3114 cs=55 l=0).fault, initiating reconnect
2013-08-09 15:01:14.785061 7f17e0aa9700 0 -- 10.202.1.52:6806/27254 >> 10.202.1.51:6804/1488 pipe(0x2179780 sd=34 :43873 s=2 pgs=3779 cs=51 l=0).fault, initiating reconnect
2013-08-09 15:01:14.788127 7f17e0cab700 0 -- 10.202.1.52:6806/27254 >> 10.202.1.53:6804/1648 pipe(0x38df500 sd=37 :36646 s=2 pgs=3115 cs=57 l=0).fault, initiating reconnect
2013-08-09 15:01:14.788651 7f17e0fae700 0 -- 10.202.1.52:6806/27254 >> 10.202.1.51:6801/1376 pipe(0x2179a00 sd=36 :33510 s=2 pgs=4489 cs=59 l=0).fault, initiating reconnect
2013-08-09 15:01:14.797823 7f17e0cab700 0 -- 10.202.1.52:6806/27254 >> 10.202.1.53:6804/1648 pipe(0x38df500 sd=37 :36649 s=2 pgs=3116 cs=59 l=0).fault, initiating reconnect
2013-08-09 15:01:14.799875 7f17e0dac700 0 -- 10.202.1.52:6806/27254 >> 10.202.1.51:6801/1376 pipe(0x2179a00 sd=36 :33513 s=2 pgs=4490 cs=61 l=0).fault, initiating reconnect
2013-08-09 15:01:14.802707 7f17e0cab700 0 -- 10.202.1.52:6806/27254 >> 10.202.1.53:6804/1648 pipe(0x38df500 sd=37 :36651 s=2 pgs=3117 cs=61 l=0).fault, initiating reconnect
2013-08-09 15:01:14.804979 7f17e0fae700 0 -- 10.202.1.52:6806/27254 >> 10.202.1.51:6801/1376 pipe(0x2179a00 sd=36 :33515 s=2 pgs=4491 cs=63 l=0).fault, initiating reconnect
2013-08-09 15:01:14.806577 7f17e0cab700 0 -- 10.202.1.52:6806/27254 >> 10.202.1.53:6804/1648 pipe(0x38df500 sd=37 :36656 s=2 pgs=3119 cs=63 l=0).fault, initiating reconnect
2013-08-09 15:01:14.807831 7f17e0fae700 0 -- 10.202.1.52:6806/27254 >> 10.202.1.51:6801/1376 pipe(0x2179a00 sd=36 :33520 s=2 pgs=4492 cs=65 l=0).fault, initiating reconnect
2013-08-09 15:01:14.807930 7f17e0baa700 0 -- 10.202.1.52:6806/27254 >> 10.202.1.53:6801/1506 pipe(0x2179c80 sd=35 :54897 s=2 pgs=3598 cs=51 l=0).fault, initiating reconnect
2013-08-09 15:01:14.811152 7f17e0cab700 0 -- 10.202.1.52:6806/27254 >> 10.202.1.53:6804/1648 pipe(0x38df500 sd=37 :36658 s=2 pgs=3120 cs=65 l=0).fault, initiating reconnect
2013-08-09 15:01:14.812953 7f17e0fae700 0 -- 10.202.1.52:6806/27254 >> 10.202.1.51:6801/1376 pipe(0x2179a00 sd=36 :33524 s=2 pgs=4493 cs=67 l=0).fault, initiating reconnect
2013-08-09 15:01:14.817642 7f17e0cab700 0 -- 10.202.1.52:6806/27254 >> 10.202.1.53:6804/1648 pipe(0x38df500 sd=37 :36663 s=2 pgs=3122 cs=67 l=0).fault, initiating reconnect
2013-08-09 15:01:14.818552 7f17e0dac700 0 -- 10.202.1.52:6806/27254 >> 10.202.1.51:6801/1376 pipe(0x2179a00 sd=36 :33528 s=2 pgs=4495 cs=69 l=0).fault, initiating reconnect
2013-08-09 15:01:14.823400 7f17e0cab700 0 -- 10.202.1.52:6806/27254 >> 10.202.1.53:6804/1648 pipe(0x38df500 sd=37 :36668 s=2 pgs=3123 cs=69 l=0).fault, initiating reconnect
2013-08-09 15:01:14.823737 7f17e0dac700 0 -- 10.202.1.52:6806/27254 >> 10.202.1.51:6801/1376 pipe(0x2179a00 sd=36 :33532 s=2 pgs=4497 cs=71 l=0).fault, initiating reconnect
2013-08-09 15:01:14.828250 7f17e0fae700 0 -- 10.202.1.52:6806/27254 >> 10.202.1.51:6801/1376 pipe(0x2179a00 sd=36 :33533 s=2 pgs=4498 cs=73 l=0).fault, initiating reconnect
2013-08-09 15:01:14.828520 7f17e0baa700 0 -- 10.202.1.52:6806/27254 >> 10.202.1.53:6801/1506 pipe(0x2179c80 sd=35 :54913 s=2 pgs=3599 cs=53 l=0).fault, initiating reconnect
2013-08-09 15:01:14.828992 7f17e0cab700 0 -- 10.202.1.52:6806/27254 >> 10.202.1.53:6804/1648 pipe(0x38df500 sd=37 :36672 s=2 pgs=3125 cs=71 l=0).fault, initiating reconnect
2013-08-09 15:01:14.834220 7f17e0dac700 0 -- 10.202.1.52:6806/27254 >> 10.202.1.51:6801/1376 pipe(0x2179a00 sd=36 :33538 s=2 pgs=4500 cs=75 l=0).fault, initiating reconnect
2013-08-09 15:01:14.835235 7f17e0cab700 0 -- 10.202.1.52:6806/27254 >> 10.202.1.53:6804/1648 pipe(0x38df500 sd=37 :36674 s=2 pgs=3126 cs=73 l=0).fault, initiating reconnect
2013-08-09 15:01:14.846497 7f17e0dac700 0 -- 10.202.1.52:6806/27254 >> 10.202.1.51:6801/1376 pipe(0x2179a00 sd=36 :33540 s=2 pgs=4501 cs=77 l=0).fault, initiating reconnect
2013-08-09 15:01:14.849094 7f17e0baa700 0 -- 10.202.1.52:6806/27254 >> 10.202.1.53:6801/1506 pipe(0x2179c80 sd=35 :54927 s=2 pgs=3600 cs=55 l=0).fault, initiating reconnect
2013-08-09 15:01:14.849420 7f17e0cab700 0 -- 10.202.1.52:6806/27254 >> 10.202.1.53:6804/1648 pipe(0x38df500 sd=37 :36678 s=2 pgs=3128 cs=75 l=0).fault, initiating reconnect
2013-08-09 15:01:14.856867 7f17e10af700 0 -- 10.202.1.52:6806/27254 >> 10.202.1.53:6801/1506 pipe(0x2179c80 sd=35 :54935 s=2 pgs=3601 cs=57 l=0).fault, initiating reconnect
2013-08-09 15:01:14.858132 7f17e0cab700 0 -- 10.202.1.52:6806/27254 >> 10.202.1.53:6804/1648 pipe(0x38df500 sd=37 :36682 s=2 pgs=3129 cs=77 l=0).fault, initiating reconnect
2013-08-09 15:01:14.858445 7f17e0dac700 0 -- 10.202.1.52:6806/27254 >> 10.202.1.51:6801/1376 pipe(0x2179a00 sd=36 :33543 s=2 pgs=4503 cs=79 l=0).fault, initiating reconnect
2013-08-09 15:01:14.866311 7f17e10af700 0 -- 10.202.1.52:6806/27254 >> 10.202.1.53:6801/1506 pipe(0x2179c80 sd=35 :54938 s=2 pgs=3602 cs=59 l=0).fault, initiating reconnect
2013-08-09 15:01:14.867502 7f17e0fae700 0 -- 10.202.1.52:6806/27254 >> 10.202.1.51:6801/1376 pipe(0x2179a00 sd=36 :33549 s=2 pgs=4504 cs=81 l=0).fault, initiating reconnect
2013-08-09 15:01:14.868044 7f17e0cab700 0 -- 10.202.1.52:6806/27254 >> 10.202.1.53:6804/1648 pipe(0x38df500 sd=37 :36685 s=2 pgs=3131 cs=79 l=0).fault, initiating reconnect
2013-08-09 15:01:14.869658 7f17e10af700 0 -- 10.202.1.52:6806/27254 >> 10.202.1.53:6801/1506 pipe(0x2179c80 sd=35 :54941 s=2 pgs=3603 cs=61 l=0).fault, initiating reconnect
2013-08-09 15:01:14.870874 7f17e0baa700 0 -- 10.202.1.52:6806/27254 >> 10.202.1.51:6801/1376 pipe(0x2179a00 sd=36 :33551 s=2 pgs=4505 cs=83 l=0).fault, initiating reconnect
2013-08-09 15:01:14.877539 7f17e0baa700 0 -- 10.202.1.52:6806/27254 >> 10.202.1.51:6801/1376 pipe(0x2179a00 sd=36 :33555 s=2 pgs=4507 cs=85 l=0).fault, initiating reconnect
2013-08-09 15:01:14.878272 7f17e0cab700 0 -- 10.202.1.52:6806/27254 >> 10.202.1.53:6804/1648 pipe(0x38df500 sd=37 :36689 s=2 pgs=3132 cs=81 l=0).fault, initiating reconnect
2013-08-09 15:01:14.879848 7f17e10af700 0 -- 10.202.1.52:6806/27254 >> 10.202.1.53:6801/1506 pipe(0x2179c80 sd=35 :54947 s=2 pgs=3604 cs=63 l=0).fault, initiating reconnect
2013-08-09 15:01:14.883392 7f17e0baa700 0 -- 10.202.1.52:6806/27254 >> 10.202.1.51:6801/1376 pipe(0x2179a00 sd=36 :33558 s=2 pgs=4508 cs=87 l=0).fault, initiating reconnect
2013-08-09 15:01:14.883579 7f17e0cab700 0 -- 10.202.1.52:6806/27254 >> 10.202.1.53:6804/1648 pipe(0x38df500 sd=37 :36696 s=2 pgs=3135 cs=83 l=0).fault, initiating reconnect
2013-08-09 15:01:14.886257 7f17e0dac700 0 -- 10.202.1.52:6806/27254 >> 10.202.1.53:6801/1506 pipe(0x2179c80 sd=35 :54952 s=2 pgs=3605 cs=65 l=0).fault, initiating reconnect
2013-08-09 15:01:14.886460 7f17e10af700 0 -- 10.202.1.52:6806/27254 >> 10.202.1.53:6801/1506 pipe(0x2179c80 sd=35 :54952 s=1 pgs=3605 cs=66 l=0).fault
2013-08-09 15:01:14.890320 7f17e0cab700 0 -- 10.202.1.52:6806/27254 >> 10.202.1.53:6804/1648 pipe(0x38df500 sd=37 :36701 s=2 pgs=3137 cs=85 l=0).fault, initiating reconnect
2013-08-09 15:01:14.891588 7f17e0baa700 0 -- 10.202.1.52:6806/27254 >> 10.202.1.51:6801/1376 pipe(0x2179a00 sd=36 :33563 s=2 pgs=4511 cs=89 l=0).fault, initiating reconnect
2013-08-09 15:01:14.894632 7f17e0baa700 0 -- 10.202.1.52:6806/27254 >> 10.202.1.51:6801/1376 pipe(0x2179a00 sd=36 :33571 s=2 pgs=4513 cs=91 l=0).fault, initiating reconnect
2013-08-09 15:01:14.895219 7f17e0cab700 0 -- 10.202.1.52:6806/27254 >> 10.202.1.53:6804/1648 pipe(0x38df500 sd=37 :36706 s=2 pgs=3138 cs=87 l=0).fault, initiating reconnect
2013-08-09 15:01:14.895340 7f17e0dac700 0 -- 10.202.1.52:6806/27254 >> 10.202.1.53:6801/1506 pipe(0x2179c80 sd=35 :54957 s=2 pgs=3606 cs=67 l=0).fault, initiating reconnect
2013-08-09 15:01:14.895901 7f17e0ead700 0 -- 10.202.1.52:6806/27254 >> 10.202.1.53:6804/1648 pipe(0x38df500 sd=37 :36706 s=1 pgs=3138 cs=88 l=0).fault
2013-08-09 15:01:14.898941 7f17e0baa700 0 -- 10.202.1.52:6806/27254 >> 10.202.1.51:6801/1376 pipe(0x2179a00 sd=36 :33572 s=2 pgs=4515 cs=93 l=0).fault, initiating reconnect
2013-08-09 15:01:14.903534 7f17e0cab700 0 -- 10.202.1.52:6806/27254 >> 10.202.1.53:6804/1648 pipe(0x38df500 sd=37 :36712 s=2 pgs=3141 cs=89 l=0).fault, initiating reconnect
2013-08-09 15:01:14.905109 7f17e0fae700 0 -- 10.202.1.52:6806/27254 >> 10.202.1.51:6801/1376 pipe(0x2179a00 sd=36 :33577 s=2 pgs=4517 cs=95 l=0).fault, initiating reconnect
2013-08-09 15:01:14.909216 7f17e0fae700 0 -- 10.202.1.52:6806/27254 >> 10.202.1.51:6801/1376 pipe(0x2179a00 sd=36 :33580 s=2 pgs=4519 cs=97 l=0).fault, initiating reconnect
2013-08-09 15:01:14.909351 7f17e0dac700 0 -- 10.202.1.52:6806/27254 >> 10.202.1.53:6801/1506 pipe(0x2179c80 sd=35 :54964 s=2 pgs=3607 cs=69 l=0).fault, initiating reconnect
2013-08-09 15:01:14.921318 7f17e0ead700 0 -- 10.202.1.52:6806/27254 >> 10.202.1.53:6804/1648 pipe(0x38df500 sd=37 :36720 s=2 pgs=3143 cs=91 l=0).fault, initiating reconnect
2013-08-09 15:01:14.922387 7f17e0dac700 0 -- 10.202.1.52:6806/27254 >> 10.202.1.53:6801/1506 pipe(0x2179c80 sd=35 :54972 s=2 pgs=3608 cs=71 l=0).fault, initiating reconnect
2013-08-09 15:01:14.922917 7f17e0fae700 0 -- 10.202.1.52:6806/27254 >> 10.202.1.51:6801/1376 pipe(0x2179a00 sd=36 :33582 s=2 pgs=4520 cs=99 l=0).fault, initiating reconnect
2013-08-09 15:01:14.925996 7f17e0fae700 0 -- 10.202.1.52:6806/27254 >> 10.202.1.51:6801/1376 pipe(0x2179a00 sd=36 :33585 s=2 pgs=4521 cs=101 l=0).fault, initiating reconnect
2013-08-09 15:01:14.930412 7f17e0dac700 0 -- 10.202.1.52:6806/27254 >> 10.202.1.53:6801/1506 pipe(0x2179c80 sd=35 :54975 s=2 pgs=3609 cs=73 l=0).fault, initiating reconnect
2013-08-09 15:01:14.931520 7f17e0baa700 0 -- 10.202.1.52:6806/27254 >> 10.202.1.53:6804/1648 pipe(0x38df500 sd=37 :36723 s=2 pgs=3144 cs=93 l=0).fault, initiating reconnect
2013-08-09 15:01:14.932637 7f17e0cab700 0 -- 10.202.1.52:6806/27254 >> 10.202.1.51:6801/1376 pipe(0x2179a00 sd=36 :33587 s=2 pgs=4522 cs=103 l=0).fault, initiating reconnect
2013-08-09 15:01:14.934392 7f17e0baa700 0 -- 10.202.1.52:6806/27254 >> 10.202.1.53:6804/1648 pipe(0x38df500 sd=37 :36728 s=2 pgs=3146 cs=95 l=0).fault, initiating reconnect
2013-08-09 15:01:14.937616 7f17e0dac700 0 -- 10.202.1.52:6806/27254 >> 10.202.1.53:6801/1506 pipe(0x2179c80 sd=35 :54981 s=2 pgs=3610 cs=75 l=0).fault, initiating reconnect
2013-08-09 15:01:14.939784 7f17e0cab700 0 -- 10.202.1.52:6806/27254 >> 10.202.1.51:6801/1376 pipe(0x2179a00 sd=36 :33592 s=2 pgs=4524 cs=105 l=0).fault, initiating reconnect
2013-08-09 15:01:14.942677 7f17e0baa700 0 -- 10.202.1.52:6806/27254 >> 10.202.1.53:6804/1648 pipe(0x38df500 sd=37 :36732 s=2 pgs=3148 cs=97 l=0).fault, initiating reconnect
2013-08-09 15:01:14.947644 7f17e0dac700 0 -- 10.202.1.52:6806/27254 >> 10.202.1.53:6801/1506 pipe(0x2179c80 sd=35 :54987 s=2 pgs=3611 cs=77 l=0).fault, initiating reconnect
2013-08-09 15:01:14.948419 7f17e0cab700 0 -- 10.202.1.52:6806/27254 >> 10.202.1.51:6801/1376 pipe(0x2179a00 sd=36 :33599 s=2 pgs=4527 cs=107 l=0).fault, initiating reconnect
2013-08-09 15:01:14.952909 7f17e0baa700 0 -- 10.202.1.52:6806/27254 >> 10.202.1.53:6804/1648 pipe(0x38df500 sd=37 :36737 s=2 pgs=3150 cs=99 l=0).fault, initiating reconnect
2013-08-09 15:01:14.953183 7f17e0cab700 0 -- 10.202.1.52:6806/27254 >> 10.202.1.51:6801/1376 pipe(0x2179a00 sd=36 :33604 s=2 pgs=4529 cs=109 l=0).fault, initiating reconnect
2013-08-09 15:01:14.953416 7f17e0dac700 0 -- 10.202.1.52:6806/27254 >> 10.202.1.53:6801/1506 pipe(0x2179c80 sd=35 :54994 s=2 pgs=3612 cs=79 l=0).fault, initiating reconnect
2013-08-09 15:01:14.959027 7f17e0dac700 0 -- 10.202.1.52:6806/27254 >> 10.202.1.53:6801/1506 pipe(0x2179c80 sd=35 :54999 s=2 pgs=3613 cs=81 l=0).fault, initiating reconnect
2013-08-09 15:01:14.959278 7f17e10af700 0 -- 10.202.1.52:6806/27254 >> 10.202.1.53:6801/1506 pipe(0x2179c80 sd=35 :54999 s=1 pgs=3613 cs=82 l=0).fault
2013-08-09 15:01:14.960900 7f17e0baa700 0 -- 10.202.1.52:6806/27254 >> 10.202.1.53:6804/1648 pipe(0x38df500 sd=37 :36743 s=2 pgs=3153 cs=101 l=0).fault, initiating reconnect
2013-08-09 15:01:14.961022 7f17e0cab700 0 -- 10.202.1.52:6806/27254 >> 10.202.1.51:6801/1376 pipe(0x2179a00 sd=36 :33607 s=2 pgs=4531 cs=111 l=0).fault, initiating reconnect
2013-08-09 15:01:14.966400 7f17e0dac700 0 -- 10.202.1.52:6806/27254 >> 10.202.1.53:6801/1506 pipe(0x2179c80 sd=35 :55002 s=2 pgs=3614 cs=83 l=0).fault, initiating reconnect
2013-08-09 15:01:14.966585 7f17e0cab700 0 -- 10.202.1.52:6806/27254 >> 10.202.1.51:6801/1376 pipe(0x2179a00 sd=36 :33614 s=2 pgs=4533 cs=113 l=0).fault, initiating reconnect
2013-08-09 15:01:14.968496 7f17e0baa700 0 -- 10.202.1.52:6806/27254 >> 10.202.1.53:6804/1648 pipe(0x38df500 sd=37 :36750 s=2 pgs=3155 cs=103 l=0).fault, initiating reconnect
2013-08-09 15:01:14.972916 7f17e0aa9700 0 -- 10.202.1.52:6806/27254 >> 10.202.1.51:6804/1488 pipe(0x2179780 sd=34 :43895 s=2 pgs=3782 cs=53 l=0).fault, initiating reconnect
2013-08-09 15:01:14.974271 7f17e10af700 0 -- 10.202.1.52:6806/27254 >> 10.202.1.53:6801/1506 pipe(0x2179c80 sd=35 :55008 s=2 pgs=3615 cs=85 l=0).fault, initiating reconnect
2013-08-09 15:01:14.977149 7f17e10af700 0 -- 10.202.1.52:6806/27254 >> 10.202.1.53:6801/1506 pipe(0x2179c80 sd=35 :55012 s=2 pgs=3616 cs=87 l=0).fault, initiating reconnect
2013-08-09 15:01:14.980316 7f17e0fae700 0 -- 10.202.1.52:6806/27254 >> 10.202.1.51:6801/1376 pipe(0x2179a00 sd=36 :33618 s=2 pgs=4535 cs=115 l=0).fault, initiating reconnect
2013-08-09 15:01:14.981671 7f17e10af700 0 -- 10.202.1.52:6806/27254 >> 10.202.1.53:6801/1506 pipe(0x2179c80 sd=35 :55014 s=2 pgs=3617 cs=89 l=0).fault, initiating reconnect
2013-08-09 15:01:14.986180 7f17e0baa700 0 -- 10.202.1.52:6806/27254 >> 10.202.1.53:6804/1648 pipe(0x38df500 sd=37 :36756 s=2 pgs=3159 cs=105 l=0).fault, initiating reconnect
2013-08-09 15:01:14.991977 7f17e0aa9700 0 -- 10.202.1.52:6806/27254 >> 10.202.1.51:6804/1488 pipe(0x2179780 sd=34 :44004 s=2 pgs=3783 cs=55 l=0).fault, initiating reconnect
2013-08-09 15:01:14.992434 7f17e0cab700 0 -- 10.202.1.52:6806/27254 >> 10.202.1.53:6801/1506 pipe(0x2179c80 sd=35 :55016 s=2 pgs=3618 cs=91 l=0).fault, initiating reconnect
2013-08-09 15:01:14.992798 7f17e0baa700 0 -- 10.202.1.52:6806/27254 >> 10.202.1.53:6804/1648 pipe(0x38df500 sd=37 :36766 s=2 pgs=3161 cs=107 l=0).fault, initiating reconnect
2013-08-09 15:01:14.993314 7f17e0dac700 0 -- 10.202.1.52:6806/27254 >> 10.202.1.51:6801/1376 pipe(0x2179a00 sd=36 :33626 s=2 pgs=4537 cs=117 l=0).fault, initiating reconnect
2013-08-09 15:01:14.997023 7f17e10af700 0 -- 10.202.1.52:6806/27254 >> 10.202.1.53:6801/1506 pipe(0x2179c80 sd=35 :55023 s=2 pgs=3619 cs=93 l=0).fault, initiating reconnect
2013-08-09 15:01:15.001005 7f17e0aa9700 0 -- 10.202.1.52:6806/27254 >> 10.202.1.51:6804/1488 pipe(0x2179780 sd=34 :44015 s=2 pgs=3784 cs=57 l=0).fault, initiating reconnect
2013-08-09 15:01:15.001353 7f17e0dac700 0 -- 10.202.1.52:6806/27254 >> 10.202.1.51:6801/1376 pipe(0x2179a00 sd=36 :33635 s=2 pgs=4539 cs=119 l=0).fault, initiating reconnect
2013-08-09 15:01:15.002195 7f17e0baa700 0 -- 10.202.1.52:6806/27254 >> 10.202.1.53:6804/1648 pipe(0x38df500 sd=37 :36770 s=2 pgs=3163 cs=109 l=0).fault, initiating reconnect
2013-08-09 15:01:15.004347 7f17e10af700 0 -- 10.202.1.52:6806/27254 >> 10.202.1.53:6801/1506 pipe(0x2179c80 sd=35 :55027 s=2 pgs=3620 cs=95 l=0).fault, initiating reconnect
2013-08-09 15:01:15.008886 7f17e0dac700 0 -- 10.202.1.52:6806/27254 >> 10.202.1.51:6801/1376 pipe(0x2179a00 sd=36 :33640 s=2 pgs=4541 cs=121 l=0).fault, initiating reconnect
2013-08-09 15:01:15.009218 7f17e0baa700 0 -- 10.202.1.52:6806/27254 >> 10.202.1.53:6804/1648 pipe(0x38df500 sd=37 :36778 s=2 pgs=3165 cs=111 l=0).fault, initiating reconnect
2013-08-09 15:01:15.009707 7f17e0ead700 0 -- 10.202.1.52:6806/27254 >> 10.202.1.53:6804/1648 pipe(0x38df500 sd=37 :36778 s=1 pgs=3165 cs=112 l=0).fault
2013-08-09 15:01:15.009857 7f17e0cab700 0 -- 10.202.1.52:6806/27254 >> 10.202.1.53:6801/1506 pipe(0x2179c80 sd=35 :55033 s=2 pgs=3621 cs=97 l=0).fault, initiating reconnect
2013-08-09 15:01:15.012134 7f17e0aa9700 0 -- 10.202.1.52:6806/27254 >> 10.202.1.51:6804/1488 pipe(0x2179780 sd=34 :44023 s=2 pgs=3785 cs=59 l=0).fault, initiating reconnect
2013-08-09 15:01:15.020774 7f17e10af700 0 -- 10.202.1.52:6806/27254 >> 10.202.1.53:6801/1506 pipe(0x2179c80 sd=35 :55038 s=2 pgs=3622 cs=99 l=0).fault, initiating reconnect
2013-08-09 15:01:15.029445 7f17e0fae700 0 -- 10.202.1.52:6806/27254 >> 10.202.1.51:6801/1376 pipe(0x2179a00 sd=36 :33645 s=2 pgs=4543 cs=123 l=0).fault, initiating reconnect
2013-08-09 15:01:15.029749 7f17e0ead700 0 -- 10.202.1.52:6806/27254 >> 10.202.1.53:6804/1648 pipe(0x38df500 sd=37 :36783 s=2 pgs=3167 cs=113 l=0).fault, initiating reconnect
2013-08-09 15:01:15.030014 7f17e0aa9700 0 -- 10.202.1.52:6806/27254 >> 10.202.1.51:6804/1488 pipe(0x2179780 sd=34 :44032 s=2 pgs=3786 cs=61 l=0).fault, initiating reconnect
2013-08-09 15:01:15.037253 7f17e0ead700 0 -- 10.202.1.52:6806/27254 >> 10.202.1.53:6804/1648 pipe(0x38df500 sd=37 :36790 s=2 pgs=3169 cs=115 l=0).fault, initiating reconnect
2013-08-09 15:01:15.038278 7f17e10af700 0 -- 10.202.1.52:6806/27254 >> 10.202.1.53:6801/1506 pipe(0x2179c80 sd=35 :55043 s=2 pgs=3623 cs=101 l=0).fault, initiating reconnect
2013-08-09 15:01:15.038841 7f17e0fae700 0 -- 10.202.1.52:6806/27254 >> 10.202.1.51:6801/1376 pipe(0x2179a00 sd=36 :33654 s=2 pgs=4545 cs=125 l=0).fault, initiating reconnect
2013-08-09 15:01:15.045658 7f17e0aa9700 0 -- 10.202.1.52:6806/27254 >> 10.202.1.51:6804/1488 pipe(0x2179780 sd=34 :44035 s=2 pgs=3787 cs=63 l=0).fault, initiating reconnect
2013-08-09 15:01:15.046001 7f17e0baa700 0 -- 10.202.1.52:6806/27254 >> 10.202.1.53:6804/1648 pipe(0x38df500 sd=37 :36795 s=2 pgs=3172 cs=117 l=0).fault, initiating reconnect
2013-08-09 15:01:15.047107 7f17e11b0700 0 -- 10.202.1.52:6806/27254 >> 10.202.1.51:6804/1488 pipe(0x2179780 sd=34 :44035 s=1 pgs=3787 cs=64 l=0).fault
2013-08-09 15:01:15.047294 7f17e0dac700 0 -- 10.202.1.52:6806/27254 >> 10.202.1.51:6801/1376 pipe(0x2179a00 sd=36 :33657 s=2 pgs=4547 cs=127 l=0).fault, initiating reconnect
2013-08-09 15:01:15.050374 7f17e0cab700 0 -- 10.202.1.52:6806/27254 >> 10.202.1.53:6801/1506 pipe(0x2179c80 sd=35 :55052 s=2 pgs=3624 cs=103 l=0).fault, initiating reconnect
2013-08-09 15:01:15.054025 7f17e0baa700 0 -- 10.202.1.52:6806/27254 >> 10.202.1.53:6804/1648 pipe(0x38df500 sd=37 :36799 s=2 pgs=3173 cs=119 l=0).fault, initiating reconnect
2013-08-09 15:01:15.055233 7f17e0dac700 0 -- 10.202.1.52:6806/27254 >> 10.202.1.51:6801/1376 pipe(0x2179a00 sd=36 :33664 s=2 pgs=4550 cs=129 l=0).fault, initiating reconnect
2013-08-09 15:01:15.056684 7f17e0aa9700 0 -- 10.202.1.52:6806/27254 >> 10.202.1.51:6804/1488 pipe(0x2179780 sd=34 :44047 s=2 pgs=3788 cs=65 l=0).fault, initiating reconnect
2013-08-09 15:01:15.057396 7f17e0cab700 0 -- 10.202.1.52:6806/27254 >> 10.202.1.53:6801/1506 pipe(0x2179c80 sd=35 :55058 s=2 pgs=3625 cs=105 l=0).fault, initiating reconnect
2013-08-09 15:01:15.057504 7f17e10af700 0 -- 10.202.1.52:6806/27254 >> 10.202.1.53:6801/1506 pipe(0x2179c80 sd=35 :55058 s=1 pgs=3625 cs=106 l=0).fault
2013-08-09 15:01:15.064471 7f17e0dac700 0 -- 10.202.1.52:6806/27254 >> 10.202.1.51:6801/1376 pipe(0x2179a00 sd=36 :33669 s=2 pgs=4551 cs=131 l=0).fault, initiating reconnect
2013-08-09 15:01:15.064414 7f17e0baa700 0 -- 10.202.1.52:6806/27254 >> 10.202.1.53:6804/1648 pipe(0x38df500 sd=37 :36805 s=2 pgs=3175 cs=121 l=0).fault, initiating reconnect
2013-08-09 15:01:15.064973 7f17e0ead700 0 -- 10.202.1.52:6806/27254 >> 10.202.1.53:6804/1648 pipe(0x38df500 sd=37 :36805 s=1 pgs=3175 cs=122 l=0).fault
2013-08-09 15:01:15.065648 7f17e0cab700 0 -- 10.202.1.52:6806/27254 >> 10.202.1.53:6801/1506 pipe(0x2179c80 sd=35 :55063 s=2 pgs=3626 cs=107 l=0).fault, initiating reconnect
2013-08-09 15:01:15.066858 7f17e0aa9700 0 -- 10.202.1.52:6806/27254 >> 10.202.1.51:6804/1488 pipe(0x2179780 sd=34 :44055 s=2 pgs=3789 cs=67 l=0).fault, initiating reconnect
2013-08-09 15:01:15.073155 7f17e0fae700 0 -- 10.202.1.52:6806/27254 >> 10.202.1.51:6801/1376 pipe(0x2179a00 sd=36 :33674 s=2 pgs=4553 cs=133 l=0).fault, initiating reconnect
2013-08-09 15:01:15.073268 7f17e0ead700 0 -- 10.202.1.52:6806/27254 >> 10.202.1.53:6804/1648 pipe(0x38df500 sd=37 :36812 s=2 pgs=3177 cs=123 l=0).fault, initiating reconnect
2013-08-09 15:01:15.075967 7f17e0aa9700 0 -- 10.202.1.52:6806/27254 >> 10.202.1.51:6804/1488 pipe(0x2179780 sd=34 :44062 s=2 pgs=3790 cs=69 l=0).fault, initiating reconnect
2013-08-09 15:01:15.075973 7f17e0cab700 0 -- 10.202.1.52:6806/27254 >> 10.202.1.53:6801/1506 pipe(0x2179c80 sd=35 :55067 s=2 pgs=3627 cs=109 l=0).fault, initiating reconnect
2013-08-09 15:01:15.084579 7f17e10af700 0 -- 10.202.1.52:6806/27254 >> 10.202.1.53:6801/1506 pipe(0x2179c80 sd=35 :55074 s=2 pgs=3628 cs=111 l=0).fault, initiating reconnect
2013-08-09 15:01:15.086715 7f17e0baa700 0 -- 10.202.1.52:6806/27254 >> 10.202.1.51:6801/1376 pipe(0x2179a00 sd=36 :33680 s=2 pgs=4555 cs=135 l=0).fault, initiating reconnect
2013-08-09 15:01:15.087649 7f17e0aa9700 0 -- 10.202.1.52:6806/27254 >> 10.202.1.51:6804/1488 pipe(0x2179780 sd=34 :44066 s=2 pgs=3791 cs=71 l=0).fault, initiating reconnect
2013-08-09 15:01:15.088634 7f17e0cab700 0 -- 10.202.1.52:6806/27254 >> 10.202.1.53:6804/1648 pipe(0x38df500 sd=37 :36818 s=2 pgs=3179 cs=125 l=0).fault, initiating reconnect
2013-08-09 15:01:15.093523 7f17e0dac700 0 -- 10.202.1.52:6806/27254 >> 10.202.1.53:6801/1506 pipe(0x2179c80 sd=35 :55077 s=2 pgs=3629 cs=113 l=0).fault, initiating reconnect
2013-08-09 15:01:15.098420 7f17e0cab700 0 -- 10.202.1.52:6806/27254 >> 10.202.1.53:6804/1648 pipe(0x38df500 sd=37 :36827 s=2 pgs=3181 cs=127 l=0).fault, initiating reconnect
2013-08-09 15:01:15.098590 7f17e0ead700 0 -- 10.202.1.52:6806/27254 >> 10.202.1.53:6804/1648 pipe(0x38df500 sd=37 :36827 s=1 pgs=3181 cs=128 l=0).fault
2013-08-09 15:01:15.099974 7f17e0dac700 0 -- 10.202.1.52:6806/27254 >> 10.202.1.53:6801/1506 pipe(0x2179c80 sd=35 :55083 s=2 pgs=3630 cs=115 l=0).fault, initiating reconnect
2013-08-09 15:01:15.100543 7f17e0baa700 0 -- 10.202.1.52:6806/27254 >> 10.202.1.51:6801/1376 pipe(0x2179a00 sd=36 :33687 s=2 pgs=4557 cs=137 l=0).fault, initiating reconnect
2013-08-09 15:01:15.106080 7f17e0aa9700 0 -- 10.202.1.52:6806/27254 >> 10.202.1.51:6804/1488 pipe(0x2179780 sd=34 :44073 s=2 pgs=3792 cs=73 l=0).fault, initiating reconnect
2013-08-09 15:01:15.109559 7f17e0dac700 0 -- 10.202.1.52:6806/27254 >> 10.202.1.53:6801/1506 pipe(0x2179c80 sd=35 :55086 s=2 pgs=3631 cs=117 l=0).fault, initiating reconnect
2013-08-09 15:01:15.109771 7f17e10af700 0 -- 10.202.1.52:6806/27254 >> 10.202.1.53:6801/1506 pipe(0x2179c80 sd=35 :55086 s=1 pgs=3631 cs=118 l=0).fault
2013-08-09 15:01:15.109974 7f17e0cab700 0 -- 10.202.1.52:6806/27254 >> 10.202.1.53:6804/1648 pipe(0x38df500 sd=37 :36830 s=2 pgs=3184 cs=129 l=0).fault, initiating reconnect
2013-08-09 15:01:15.112325 7f17e0baa700 0 -- 10.202.1.52:6806/27254 >> 10.202.1.51:6801/1376 pipe(0x2179a00 sd=36 :33696 s=2 pgs=4560 cs=139 l=0).fault, initiating reconnect
2013-08-09 15:01:15.117252 7f17e0aa9700 0 -- 10.202.1.52:6806/27254 >> 10.202.1.51:6804/1488 pipe(0x2179780 sd=34 :44082 s=2 pgs=3793 cs=75 l=0).fault, initiating reconnect
2013-08-09 15:01:15.117413 7f17e0cab700 0 -- 10.202.1.52:6806/27254 >> 10.202.1.53:6804/1648 pipe(0x38df500 sd=37 :36839 s=2 pgs=3186 cs=131 l=0).fault, initiating reconnect
2013-08-09 15:01:15.118576 7f17e0dac700 0 -- 10.202.1.52:6806/27254 >> 10.202.1.53:6801/1506 pipe(0x2179c80 sd=35 :55092 s=2 pgs=3632 cs=119 l=0).fault, initiating reconnect
2013-08-09 15:01:15.119978 7f17e0baa700 0 -- 10.202.1.52:6806/27254 >> 10.202.1.51:6801/1376 pipe(0x2179a00 sd=36 :33703 s=2 pgs=4561 cs=141 l=0).fault, initiating reconnect
2013-08-09 15:01:15.125226 7f17e0dac700 0 -- 10.202.1.52:6806/27254 >> 10.202.1.53:6801/1506 pipe(0x2179c80 sd=35 :55098 s=2 pgs=3633 cs=121 l=0).fault, initiating reconnect
2013-08-09 15:01:15.125628 7f17e0baa700 0 -- 10.202.1.52:6806/27254 >> 10.202.1.51:6801/1376 pipe(0x2179a00 sd=36 :33709 s=2 pgs=4564 cs=143 l=0).fault, initiating reconnect
2013-08-09 15:01:15.126062 7f17e0aa9700 0 -- 10.202.1.52:6806/27254 >> 10.202.1.51:6804/1488 pipe(0x2179780 sd=34 :44089 s=2 pgs=3794 cs=77 l=0).fault, initiating reconnect
2013-08-09 15:01:15.129441 7f17e0cab700 0 -- 10.202.1.52:6806/27254 >> 10.202.1.53:6804/1648 pipe(0x38df500 sd=37 :36843 s=2 pgs=3188 cs=133 l=0).fault, initiating reconnect
2013-08-09 15:01:15.133735 7f17e0baa700 0 -- 10.202.1.52:6806/27254 >> 10.202.1.51:6801/1376 pipe(0x2179a00 sd=36 :33711 s=2 pgs=4566 cs=145 l=0).fault, initiating reconnect
2013-08-09 15:01:15.134981 7f17e0dac700 0 -- 10.202.1.52:6806/27254 >> 10.202.1.53:6801/1506 pipe(0x2179c80 sd=35 :55103 s=2 pgs=3634 cs=123 l=0).fault, initiating reconnect
2013-08-09 15:01:15.135118 7f17e10af700 0 -- 10.202.1.52:6806/27254 >> 10.202.1.53:6801/1506 pipe(0x2179c80 sd=35 :55103 s=1 pgs=3634 cs=124 l=0).fault
2013-08-09 15:01:15.135300 7f17e0cab700 0 -- 10.202.1.52:6806/27254 >> 10.202.1.53:6804/1648 pipe(0x38df500 sd=37 :36852 s=2 pgs=3190 cs=135 l=0).fault, initiating reconnect
2013-08-09 15:01:15.141979 7f17e11b0700 0 -- 10.202.1.52:6806/27254 >> 10.202.1.51:6804/1488 pipe(0x2179780 sd=34 :44097 s=2 pgs=3795 cs=79 l=0).fault, initiating reconnect
2013-08-09 15:01:15.147708 7f17e0cab700 0 -- 10.202.1.52:6806/27254 >> 10.202.1.53:6804/1648 pipe(0x38df500 sd=37 :36857 s=2 pgs=3192 cs=137 l=0).fault, initiating reconnect
2013-08-09 15:01:15.147858 7f17e0baa700 0 -- 10.202.1.52:6806/27254 >> 10.202.1.51:6801/1376 pipe(0x2179a00 sd=36 :33718 s=2 pgs=4568 cs=147 l=0).fault, initiating reconnect
2013-08-09 15:01:15.148730 7f17e0dac700 0 -- 10.202.1.52:6806/27254 >> 10.202.1.53:6801/1506 pipe(0x2179c80 sd=35 :55110 s=2 pgs=3635 cs=125 l=0).fault, initiating reconnect
2013-08-09 15:01:15.149274 7f17e0ead700 0 -- 10.202.1.52:6806/27254 >> 10.202.1.53:6804/1648 pipe(0x38df500 sd=37 :36857 s=1 pgs=3192 cs=138 l=0).fault
2013-08-09 15:01:15.153120 7f17e0aa9700 0 -- 10.202.1.52:6806/27254 >> 10.202.1.51:6804/1488 pipe(0x2179780 sd=34 :44105 s=2 pgs=3796 cs=81 l=0).fault, initiating reconnect
2013-08-09 15:01:15.156424 7f17e0fae700 0 -- 10.202.1.52:6806/27254 >> 10.202.1.51:6801/1376 pipe(0x2179a00 sd=36 :33722 s=2 pgs=4569 cs=149 l=0).fault, initiating reconnect
2013-08-09 15:01:15.159657 7f17e10af700 0 -- 10.202.1.52:6806/27254 >> 10.202.1.53:6801/1506 pipe(0x2179c80 sd=35 :55114 s=2 pgs=3636 cs=127 l=0).fault, initiating reconnect
2013-08-09 15:01:15.163209 7f17e0dac700 0 -- 10.202.1.52:6806/27254 >> 10.202.1.51:6801/1376 pipe(0x2179a00 sd=36 :33728 s=2 pgs=4571 cs=151 l=0).fault, initiating reconnect
2013-08-09 15:01:15.164669 7f17e0aa9700 0 -- 10.202.1.52:6806/27254 >> 10.202.1.51:6804/1488 pipe(0x2179780 sd=34 :44111 s=2 pgs=3797 cs=83 l=0).fault, initiating reconnect
2013-08-09 15:01:15.165028 7f17e0cab700 0 -- 10.202.1.52:6806/27254 >> 10.202.1.53:6804/1648 pipe(0x38df500 sd=37 :36861 s=2 pgs=3194 cs=139 l=0).fault, initiating reconnect
2013-08-09 15:01:15.168697 7f17e0baa700 0 -- 10.202.1.52:6806/27254 >> 10.202.1.53:6801/1506 pipe(0x2179c80 sd=35 :55122 s=2 pgs=3637 cs=129 l=0).fault, initiating reconnect
2013-08-09 15:01:15.174655 7f17e0dac700 0 -- 10.202.1.52:6806/27254 >> 10.202.1.51:6801/1376 pipe(0x2179a00 sd=36 :33732 s=2 pgs=4573 cs=153 l=0).fault, initiating reconnect
2013-08-09 15:01:15.175028 7f17e0ead700 0 -- 10.202.1.52:6806/27254 >> 10.202.1.53:6804/1648 pipe(0x38df500 sd=37 :36870 s=2 pgs=3196 cs=141 l=0).fault, initiating reconnect
2013-08-09 15:01:15.178379 7f17e0aa9700 0 -- 10.202.1.52:6806/27254 >> 10.202.1.51:6804/1488 pipe(0x2179780 sd=34 :44118 s=2 pgs=3798 cs=85 l=0).fault, initiating reconnect
2013-08-09 15:01:15.179232 7f17e0baa700 0 -- 10.202.1.52:6806/27254 >> 10.202.1.53:6801/1506 pipe(0x2179c80 sd=35 :55127 s=2 pgs=3638 cs=131 l=0).fault, initiating reconnect
2013-08-09 15:01:15.185272 7f17e0ead700 0 -- 10.202.1.52:6806/27254 >> 10.202.1.53:6804/1648 pipe(0x38df500 sd=37 :36877 s=2 pgs=3199 cs=143 l=0).fault, initiating reconnect
2013-08-09 15:01:15.189003 7f17e0aa9700 0 -- 10.202.1.52:6806/27254 >> 10.202.1.51:6804/1488 pipe(0x2179780 sd=34 :44126 s=2 pgs=3799 cs=87 l=0).fault, initiating reconnect
2013-08-09 15:01:15.189969 7f17e0dac700 0 -- 10.202.1.52:6806/27254 >> 10.202.1.51:6801/1376 pipe(0x2179a00 sd=36 :33738 s=2 pgs=4575 cs=155 l=0).fault, initiating reconnect
2013-08-09 15:01:15.194531 7f17e0baa700 0 -- 10.202.1.52:6806/27254 >> 10.202.1.53:6801/1506 pipe(0x2179c80 sd=35 :55134 s=2 pgs=3639 cs=133 l=0).fault, initiating reconnect
