2013-08-09 15:01:11.732287 7f27b31d6780 0 ceph version 0.61.7 (8f010aff684e820ecc837c25ac77c7a05d7191ff), process ceph-osd, pid 27138
2013-08-09 15:01:11.822670 7f27b31d6780 0 filestore(/var/lib/ceph/osd/ceph-2) mount FIEMAP ioctl is supported and appears to work
2013-08-09 15:01:11.822818 7f27b31d6780 0 filestore(/var/lib/ceph/osd/ceph-2) mount FIEMAP ioctl is disabled via 'filestore fiemap' config option
2013-08-09 15:01:11.823819 7f27b31d6780 0 filestore(/var/lib/ceph/osd/ceph-2) mount did NOT detect btrfs
2013-08-09 15:01:11.943782 7f27b31d6780 0 filestore(/var/lib/ceph/osd/ceph-2) mount syncfs(2) syscall fully supported (by glibc and kernel)
2013-08-09 15:01:11.944027 7f27b31d6780 0 filestore(/var/lib/ceph/osd/ceph-2) mount found snaps <>
2013-08-09 15:01:12.157937 7f27b31d6780 0 filestore(/var/lib/ceph/osd/ceph-2) mount: enabling WRITEAHEAD journal mode: btrfs not detected
2013-08-09 15:01:12.178673 7f27b31d6780 -1 journal FileJournal::_open: disabling aio for non-block journal. Use journal_force_aio to force use of aio anyway
2013-08-09 15:01:12.178832 7f27b31d6780 1 journal _open /var/lib/ceph/osd/ceph-2/journal fd 22: 1048576000 bytes, block size 4096 bytes, directio = 1, aio = 0
2013-08-09 15:01:12.196529 7f27b31d6780 1 journal _open /var/lib/ceph/osd/ceph-2/journal fd 22: 1048576000 bytes, block size 4096 bytes, directio = 1, aio = 0
2013-08-09 15:01:12.197502 7f27b31d6780 1 journal close /var/lib/ceph/osd/ceph-2/journal
2013-08-09 15:01:12.287441 7f27b31d6780 0 filestore(/var/lib/ceph/osd/ceph-2) mount FIEMAP ioctl is supported and appears to work
2013-08-09 15:01:12.287472 7f27b31d6780 0 filestore(/var/lib/ceph/osd/ceph-2) mount FIEMAP ioctl is disabled via 'filestore fiemap' config option
2013-08-09 15:01:12.288157 7f27b31d6780 0 filestore(/var/lib/ceph/osd/ceph-2) mount did NOT detect btrfs
2013-08-09 15:01:12.459077 7f27b31d6780 0 filestore(/var/lib/ceph/osd/ceph-2) mount syncfs(2) syscall fully supported (by glibc and kernel)
2013-08-09 15:01:12.459200 7f27b31d6780 0 filestore(/var/lib/ceph/osd/ceph-2) mount found snaps <>
2013-08-09 15:01:12.570661 7f27b31d6780 0 filestore(/var/lib/ceph/osd/ceph-2) mount: enabling WRITEAHEAD journal mode: btrfs not detected
2013-08-09 15:01:12.577597 7f27b31d6780 -1 journal FileJournal::_open: disabling aio for non-block journal. Use journal_force_aio to force use of aio anyway
2013-08-09 15:01:12.577625 7f27b31d6780 1 journal _open /var/lib/ceph/osd/ceph-2/journal fd 30: 1048576000 bytes, block size 4096 bytes, directio = 1, aio = 0
2013-08-09 15:01:12.577762 7f27b31d6780 1 journal _open /var/lib/ceph/osd/ceph-2/journal fd 30: 1048576000 bytes, block size 4096 bytes, directio = 1, aio = 0
2013-08-09 15:01:13.048043 7f279d236700 0 -- 10.202.1.52:6801/27138 >> 10.202.1.51:6801/1376 pipe(0x2783000 sd=34 :60536 s=2 pgs=4189 cs=1 l=0).fault, initiating reconnect
2013-08-09 15:01:13.048141 7f279d135700 0 -- 10.202.1.52:6801/27138 >> 10.202.1.51:6804/1488 pipe(0x15e5c80 sd=33 :42686 s=2 pgs=3485 cs=1 l=0).fault, initiating reconnect
2013-08-09 15:01:13.048544 7f279d337700 0 -- 10.202.1.52:6801/27138 >> 10.202.1.53:6804/1648 pipe(0x15e5a00 sd=37 :35442 s=2 pgs=2813 cs=1 l=0).fault, initiating reconnect
2013-08-09 15:01:13.050794 7f279d135700 0 -- 10.202.1.52:6801/27138 >> 10.202.1.51:6804/1488 pipe(0x15e5c80 sd=33 :42690 s=2 pgs=3486 cs=3 l=0).fault, initiating reconnect
2013-08-09 15:01:13.051022 7f279cf33700 0 -- 10.202.1.52:6801/27138 >> 10.202.1.53:6801/1506 pipe(0x15e5780 sd=35 :53695 s=2 pgs=3293 cs=1 l=0).fault, initiating reconnect
2013-08-09 15:01:13.053391 7f279d135700 0 -- 10.202.1.52:6801/27138 >> 10.202.1.51:6804/1488 pipe(0x15e5c80 sd=33 :42691 s=2 pgs=3487 cs=5 l=0).fault, initiating reconnect
2013-08-09 15:01:13.053537 7f279ce32700 0 -- 10.202.1.52:6801/27138 >> 10.202.1.51:6801/1376 pipe(0x2783000 sd=34 :60541 s=2 pgs=4190 cs=3 l=0).fault, initiating reconnect
2013-08-09 15:01:13.054852 7f279cf33700 0 -- 10.202.1.52:6801/27138 >> 10.202.1.53:6801/1506 pipe(0x15e5780 sd=35 :53701 s=2 pgs=3294 cs=3 l=0).fault, initiating reconnect
2013-08-09 15:01:13.055663 7f279ce32700 0 -- 10.202.1.52:6801/27138 >> 10.202.1.51:6801/1376 pipe(0x2783000 sd=34 :60544 s=2 pgs=4191 cs=5 l=0).fault, initiating reconnect
2013-08-09 15:01:13.055826 7f279d034700 0 -- 10.202.1.52:6801/27138 >> 10.202.1.53:6804/1648 pipe(0x15e5a00 sd=36 :35446 s=2 pgs=2814 cs=3 l=0).fault, initiating reconnect
2013-08-09 15:01:13.055930 7f279d135700 0 -- 10.202.1.52:6801/27138 >> 10.202.1.51:6804/1488 pipe(0x15e5c80 sd=33 :42696 s=2 pgs=3488 cs=7 l=0).fault, initiating reconnect
2013-08-09 15:01:13.058915 7f279d034700 0 -- 10.202.1.52:6801/27138 >> 10.202.1.53:6804/1648 pipe(0x15e5a00 sd=36 :35452 s=2 pgs=2815 cs=5 l=0).fault, initiating reconnect
2013-08-09 15:01:13.059043 7f279d135700 0 -- 10.202.1.52:6801/27138 >> 10.202.1.51:6804/1488 pipe(0x15e5c80 sd=33 :42700 s=2 pgs=3489 cs=9 l=0).fault, initiating reconnect
2013-08-09 15:01:13.059325 7f279ce32700 0 -- 10.202.1.52:6801/27138 >> 10.202.1.51:6801/1376 pipe(0x2783000 sd=34 :60547 s=2 pgs=4192 cs=7 l=0).fault, initiating reconnect
2013-08-09 15:01:13.059486 7f279cf33700 0 -- 10.202.1.52:6801/27138 >> 10.202.1.53:6801/1506 pipe(0x15e5780 sd=35 :53704 s=2 pgs=3295 cs=5 l=0).fault, initiating reconnect
2013-08-09 15:01:13.061329 7f279ce32700 0 -- 10.202.1.52:6801/27138 >> 10.202.1.51:6801/1376 pipe(0x2783000 sd=34 :60552 s=2 pgs=4193 cs=9 l=0).fault, initiating reconnect
2013-08-09 15:01:13.062008 7f279d034700 0 -- 10.202.1.52:6801/27138 >> 10.202.1.53:6804/1648 pipe(0x15e5a00 sd=36 :35454 s=2 pgs=2816 cs=7 l=0).fault, initiating reconnect
2013-08-09 15:01:13.062340 7f279d135700 0 -- 10.202.1.52:6801/27138 >> 10.202.1.51:6804/1488 pipe(0x15e5c80 sd=33 :42702 s=2 pgs=3490 cs=11 l=0).fault, initiating reconnect
2013-08-09 15:01:13.062729 7f279cf33700 0 -- 10.202.1.52:6801/27138 >> 10.202.1.53:6801/1506 pipe(0x15e5780 sd=35 :53711 s=2 pgs=3296 cs=7 l=0).fault, initiating reconnect
2013-08-09 15:01:13.064313 7f279ce32700 0 -- 10.202.1.52:6801/27138 >> 10.202.1.51:6801/1376 pipe(0x2783000 sd=34 :60554 s=2 pgs=4194 cs=11 l=0).fault, initiating reconnect
2013-08-09 15:01:13.065198 7f279d034700 0 -- 10.202.1.52:6801/27138 >> 10.202.1.53:6804/1648 pipe(0x15e5a00 sd=36 :35459 s=2 pgs=2817 cs=9 l=0).fault, initiating reconnect
2013-08-09 15:01:13.065683 7f279d135700 0 -- 10.202.1.52:6801/27138 >> 10.202.1.51:6804/1488 pipe(0x15e5c80 sd=33 :42707 s=2 pgs=3491 cs=13 l=0).fault, initiating reconnect
2013-08-09 15:01:13.066244 7f279ce32700 0 -- 10.202.1.52:6801/27138 >> 10.202.1.51:6801/1376 pipe(0x2783000 sd=34 :60558 s=2 pgs=4195 cs=13 l=0).fault, initiating reconnect
2013-08-09 15:01:13.068118 7f279d034700 0 -- 10.202.1.52:6801/27138 >> 10.202.1.53:6804/1648 pipe(0x15e5a00 sd=36 :35463 s=2 pgs=2818 cs=11 l=0).fault, initiating reconnect
2013-08-09 15:01:13.068478 7f279cf33700 0 -- 10.202.1.52:6801/27138 >> 10.202.1.53:6801/1506 pipe(0x15e5780 sd=35 :53715 s=2 pgs=3297 cs=9 l=0).fault, initiating reconnect
2013-08-09 15:01:13.068946 7f279d135700 0 -- 10.202.1.52:6801/27138 >> 10.202.1.51:6804/1488 pipe(0x15e5c80 sd=33 :42711 s=2 pgs=3492 cs=15 l=0).fault, initiating reconnect
2013-08-09 15:01:13.070959 7f279ce32700 0 -- 10.202.1.52:6801/27138 >> 10.202.1.51:6801/1376 pipe(0x2783000 sd=34 :60561 s=2 pgs=4196 cs=15 l=0).fault, initiating reconnect
2013-08-09 15:01:13.071278 7f279d034700 0 -- 10.202.1.52:6801/27138 >> 10.202.1.53:6804/1648 pipe(0x15e5a00 sd=36 :35466 s=2 pgs=2819 cs=13 l=0).fault, initiating reconnect
2013-08-09 15:01:13.072270 7f279d135700 0 -- 10.202.1.52:6801/27138 >> 10.202.1.51:6804/1488 pipe(0x15e5c80 sd=33 :42715 s=2 pgs=3493 cs=17 l=0).fault, initiating reconnect
2013-08-09 15:01:13.073781 7f279cf33700 0 -- 10.202.1.52:6801/27138 >> 10.202.1.53:6801/1506 pipe(0x15e5780 sd=35 :53721 s=2 pgs=3298 cs=11 l=0).fault, initiating reconnect
2013-08-09 15:01:13.074689 7f279d034700 0 -- 10.202.1.52:6801/27138 >> 10.202.1.53:6804/1648 pipe(0x15e5a00 sd=36 :35470 s=2 pgs=2820 cs=15 l=0).fault, initiating reconnect
2013-08-09 15:01:13.074767 7f279ce32700 0 -- 10.202.1.52:6801/27138 >> 10.202.1.51:6801/1376 pipe(0x2783000 sd=34 :60565 s=2 pgs=4197 cs=17 l=0).fault, initiating reconnect
2013-08-09 15:01:13.074922 7f279d135700 0 -- 10.202.1.52:6801/27138 >> 10.202.1.51:6804/1488 pipe(0x15e5c80 sd=33 :42718 s=2 pgs=3494 cs=19 l=0).fault, initiating reconnect
2013-08-09 15:01:13.077222 7f279d135700 0 -- 10.202.1.52:6801/27138 >> 10.202.1.51:6804/1488 pipe(0x15e5c80 sd=33 :42722 s=2 pgs=3495 cs=21 l=0).fault, initiating reconnect
2013-08-09 15:01:13.078038 7f279cf33700 0 -- 10.202.1.52:6801/27138 >> 10.202.1.53:6801/1506 pipe(0x15e5780 sd=35 :53726 s=2 pgs=3299 cs=13 l=0).fault, initiating reconnect
2013-08-09 15:01:13.078559 7f279ce32700 0 -- 10.202.1.52:6801/27138 >> 10.202.1.51:6801/1376 pipe(0x2783000 sd=34 :60570 s=2 pgs=4198 cs=19 l=0).fault, initiating reconnect
2013-08-09 15:01:13.079567 7f279d034700 0 -- 10.202.1.52:6801/27138 >> 10.202.1.53:6804/1648 pipe(0x15e5a00 sd=36 :35473 s=2 pgs=2821 cs=17 l=0).fault, initiating reconnect
2013-08-09 15:01:13.080049 7f279d135700 0 -- 10.202.1.52:6801/27138 >> 10.202.1.51:6804/1488 pipe(0x15e5c80 sd=33 :42723 s=2 pgs=3496 cs=23 l=0).fault, initiating reconnect
2013-08-09 15:01:13.081318 7f279ce32700 0 -- 10.202.1.52:6801/27138 >> 10.202.1.51:6801/1376 pipe(0x2783000 sd=34 :60574 s=2 pgs=4199 cs=21 l=0).fault, initiating reconnect
2013-08-09 15:01:13.081434 7f279cf33700 0 -- 10.202.1.52:6801/27138 >> 10.202.1.53:6801/1506 pipe(0x15e5780 sd=35 :53731 s=2 pgs=3300 cs=15 l=0).fault, initiating reconnect
2013-08-09 15:01:13.083252 7f279d135700 0 -- 10.202.1.52:6801/27138 >> 10.202.1.51:6804/1488 pipe(0x15e5c80 sd=33 :42727 s=2 pgs=3497 cs=25 l=0).fault, initiating reconnect
2013-08-09 15:01:13.084303 7f279d034700 0 -- 10.202.1.52:6801/27138 >> 10.202.1.53:6804/1648 pipe(0x15e5a00 sd=36 :35479 s=2 pgs=2822 cs=19 l=0).fault, initiating reconnect
2013-08-09 15:01:13.084502 7f279ce32700 0 -- 10.202.1.52:6801/27138 >> 10.202.1.51:6801/1376 pipe(0x2783000 sd=34 :60578 s=2 pgs=4200 cs=23 l=0).fault, initiating reconnect
2013-08-09 15:01:13.084618 7f279cf33700 0 -- 10.202.1.52:6801/27138 >> 10.202.1.53:6801/1506 pipe(0x15e5780 sd=35 :53735 s=2 pgs=3301 cs=17 l=0).fault, initiating reconnect
2013-08-09 15:01:13.086762 7f279d135700 0 -- 10.202.1.52:6801/27138 >> 10.202.1.51:6804/1488 pipe(0x15e5c80 sd=33 :42730 s=2 pgs=3498 cs=27 l=0).fault, initiating reconnect
2013-08-09 15:01:13.086889 7f279ce32700 0 -- 10.202.1.52:6801/27138 >> 10.202.1.51:6801/1376 pipe(0x2783000 sd=34 :60581 s=2 pgs=4201 cs=25 l=0).fault, initiating reconnect
2013-08-09 15:01:13.088083 7f279d034700 0 -- 10.202.1.52:6801/27138 >> 10.202.1.53:6804/1648 pipe(0x15e5a00 sd=36 :35484 s=2 pgs=2823 cs=21 l=0).fault, initiating reconnect
2013-08-09 15:01:13.088796 7f279cf33700 0 -- 10.202.1.52:6801/27138 >> 10.202.1.53:6801/1506 pipe(0x15e5780 sd=35 :53740 s=2 pgs=3302 cs=19 l=0).fault, initiating reconnect
2013-08-09 15:01:13.089055 7f279ce32700 0 -- 10.202.1.52:6801/27138 >> 10.202.1.51:6801/1376 pipe(0x2783000 sd=34 :60583 s=2 pgs=4202 cs=27 l=0).fault, initiating reconnect
2013-08-09 15:01:13.090229 7f279d135700 0 -- 10.202.1.52:6801/27138 >> 10.202.1.51:6804/1488 pipe(0x15e5c80 sd=33 :42735 s=2 pgs=3499 cs=29 l=0).fault, initiating reconnect
2013-08-09 15:01:13.090356 7f279d034700 0 -- 10.202.1.52:6801/27138 >> 10.202.1.53:6804/1648 pipe(0x15e5a00 sd=36 :35489 s=2 pgs=2824 cs=23 l=0).fault, initiating reconnect
2013-08-09 15:01:13.091932 7f279d236700 0 -- 10.202.1.52:6801/27138 >> 10.202.1.51:6801/1376 pipe(0x2783000 sd=34 :60587 s=2 pgs=4203 cs=29 l=0).fault, initiating reconnect
2013-08-09 15:01:13.092023 7f279cf33700 0 -- 10.202.1.52:6801/27138 >> 10.202.1.53:6801/1506 pipe(0x15e5780 sd=35 :53744 s=2 pgs=3303 cs=21 l=0).fault, initiating reconnect
2013-08-09 15:01:13.093056 7f279d034700 0 -- 10.202.1.52:6801/27138 >> 10.202.1.53:6804/1648 pipe(0x15e5a00 sd=36 :35493 s=2 pgs=2825 cs=25 l=0).fault, initiating reconnect
2013-08-09 15:01:13.093388 7f279d135700 0 -- 10.202.1.52:6801/27138 >> 10.202.1.51:6804/1488 pipe(0x15e5c80 sd=33 :42739 s=2 pgs=3500 cs=31 l=0).fault, initiating reconnect
2013-08-09 15:01:13.095128 7f279cf33700 0 -- 10.202.1.52:6801/27138 >> 10.202.1.53:6801/1506 pipe(0x15e5780 sd=35 :53748 s=2 pgs=3304 cs=23 l=0).fault, initiating reconnect
2013-08-09 15:01:13.095314 7f279d135700 0 -- 10.202.1.52:6801/27138 >> 10.202.1.51:6804/1488 pipe(0x15e5c80 sd=33 :42744 s=2 pgs=3501 cs=33 l=0).fault, initiating reconnect
2013-08-09 15:01:13.096509 7f279d034700 0 -- 10.202.1.52:6801/27138 >> 10.202.1.53:6804/1648 pipe(0x15e5a00 sd=36 :35496 s=2 pgs=2826 cs=27 l=0).fault, initiating reconnect
2013-08-09 15:01:13.096689 7f279ce32700 0 -- 10.202.1.52:6801/27138 >> 10.202.1.51:6801/1376 pipe(0x2783000 sd=34 :60591 s=2 pgs=4204 cs=31 l=0).fault, initiating reconnect
2013-08-09 15:01:13.099004 7f279cf33700 0 -- 10.202.1.52:6801/27138 >> 10.202.1.53:6801/1506 pipe(0x15e5780 sd=35 :53754 s=2 pgs=3305 cs=25 l=0).fault, initiating reconnect
2013-08-09 15:01:13.099653 7f279d135700 0 -- 10.202.1.52:6801/27138 >> 10.202.1.51:6804/1488 pipe(0x15e5c80 sd=33 :42745 s=2 pgs=3502 cs=35 l=0).fault, initiating reconnect
2013-08-09 15:01:13.099769 7f279ce32700 0 -- 10.202.1.52:6801/27138 >> 10.202.1.51:6801/1376 pipe(0x2783000 sd=34 :60597 s=2 pgs=4205 cs=33 l=0).fault, initiating reconnect
2013-08-09 15:01:13.099895 7f279d034700 0 -- 10.202.1.52:6801/27138 >> 10.202.1.53:6804/1648 pipe(0x15e5a00 sd=36 :35499 s=2 pgs=2827 cs=29 l=0).fault, initiating reconnect
2013-08-09 15:01:13.102196 7f279d539700 0 -- 10.202.1.52:6801/27138 >> 10.202.1.53:6801/1506 pipe(0x15e5780 sd=35 :53756 s=2 pgs=3306 cs=27 l=0).fault, initiating reconnect
2013-08-09 15:01:13.102386 7f279d034700 0 -- 10.202.1.52:6801/27138 >> 10.202.1.53:6804/1648 pipe(0x15e5a00 sd=36 :35505 s=2 pgs=2828 cs=31 l=0).fault, initiating reconnect
2013-08-09 15:01:13.103089 7f279ce32700 0 -- 10.202.1.52:6801/27138 >> 10.202.1.51:6801/1376 pipe(0x2783000 sd=34 :60600 s=2 pgs=4206 cs=35 l=0).fault, initiating reconnect
2013-08-09 15:01:13.104397 7f279d135700 0 -- 10.202.1.52:6801/27138 >> 10.202.1.51:6804/1488 pipe(0x15e5c80 sd=33 :42750 s=2 pgs=3503 cs=37 l=0).fault, initiating reconnect
2013-08-09 15:01:13.104704 7f279cf33700 0 -- 10.202.1.52:6801/27138 >> 10.202.1.53:6801/1506 pipe(0x15e5780 sd=35 :53760 s=2 pgs=3307 cs=29 l=0).fault, initiating reconnect
2013-08-09 15:01:13.106822 7f279ce32700 0 -- 10.202.1.52:6801/27138 >> 10.202.1.51:6801/1376 pipe(0x2783000 sd=34 :60603 s=2 pgs=4207 cs=37 l=0).fault, initiating reconnect
2013-08-09 15:01:13.106889 7f279d236700 0 -- 10.202.1.52:6801/27138 >> 10.202.1.51:6801/1376 pipe(0x2783000 sd=34 :60603 s=1 pgs=4207 cs=38 l=0).fault
2013-08-09 15:01:13.107363 7f279cf33700 0 -- 10.202.1.52:6801/27138 >> 10.202.1.53:6801/1506 pipe(0x15e5780 sd=35 :53764 s=2 pgs=3308 cs=31 l=0).fault, initiating reconnect
2013-08-09 15:01:13.107473 7f279d034700 0 -- 10.202.1.52:6801/27138 >> 10.202.1.53:6804/1648 pipe(0x15e5a00 sd=36 :35508 s=2 pgs=2829 cs=33 l=0).fault, initiating reconnect
2013-08-09 15:01:13.108070 7f279d135700 0 -- 10.202.1.52:6801/27138 >> 10.202.1.51:6804/1488 pipe(0x15e5c80 sd=33 :42756 s=2 pgs=3504 cs=39 l=0).fault, initiating reconnect
2013-08-09 15:01:13.109729 7f279ce32700 0 -- 10.202.1.52:6801/27138 >> 10.202.1.51:6801/1376 pipe(0x2783000 sd=34 :60607 s=2 pgs=4208 cs=39 l=0).fault, initiating reconnect
2013-08-09 15:01:13.110137 7f279d135700 0 -- 10.202.1.52:6801/27138 >> 10.202.1.51:6804/1488 pipe(0x15e5c80 sd=33 :42761 s=2 pgs=3505 cs=41 l=0).fault, initiating reconnect
2013-08-09 15:01:13.110263 7f279d337700 0 -- 10.202.1.52:6801/27138 >> 10.202.1.53:6804/1648 pipe(0x15e5a00 sd=36 :35513 s=2 pgs=2830 cs=35 l=0).fault, initiating reconnect
2013-08-09 15:01:13.111612 7f279cf33700 0 -- 10.202.1.52:6801/27138 >> 10.202.1.53:6801/1506 pipe(0x15e5780 sd=35 :53766 s=2 pgs=3309 cs=33 l=0).fault, initiating reconnect
2013-08-09 15:01:13.112154 7f279d135700 0 -- 10.202.1.52:6801/27138 >> 10.202.1.51:6804/1488 pipe(0x15e5c80 sd=33 :42763 s=2 pgs=3506 cs=43 l=0).fault, initiating reconnect
2013-08-09 15:01:13.113233 7f279d236700 0 -- 10.202.1.52:6801/27138 >> 10.202.1.51:6801/1376 pipe(0x2783000 sd=34 :60611 s=2 pgs=4209 cs=41 l=0).fault, initiating reconnect
2013-08-09 15:01:13.113328 7f279d034700 0 -- 10.202.1.52:6801/27138 >> 10.202.1.53:6804/1648 pipe(0x15e5a00 sd=36 :35517 s=2 pgs=2831 cs=37 l=0).fault, initiating reconnect
2013-08-09 15:01:13.115266 7f279d135700 0 -- 10.202.1.52:6801/27138 >> 10.202.1.51:6804/1488 pipe(0x15e5c80 sd=33 :42766 s=2 pgs=3507 cs=45 l=0).fault, initiating reconnect
2013-08-09 15:01:13.115390 7f279cf33700 0 -- 10.202.1.52:6801/27138 >> 10.202.1.53:6801/1506 pipe(0x15e5780 sd=35 :53772 s=2 pgs=3310 cs=35 l=0).fault, initiating reconnect
2013-08-09 15:01:13.115842 7f279d034700 0 -- 10.202.1.52:6801/27138 >> 10.202.1.53:6804/1648 pipe(0x15e5a00 sd=36 :35520 s=2 pgs=2832 cs=39 l=0).fault, initiating reconnect
2013-08-09 15:01:13.116228 7f279ce32700 0 -- 10.202.1.52:6801/27138 >> 10.202.1.51:6801/1376 pipe(0x2783000 sd=34 :60617 s=2 pgs=4210 cs=43 l=0).fault, initiating reconnect
2013-08-09 15:01:13.117922 7f279cf33700 0 -- 10.202.1.52:6801/27138 >> 10.202.1.53:6801/1506 pipe(0x15e5780 sd=35 :53776 s=2 pgs=3311 cs=37 l=0).fault, initiating reconnect
2013-08-09 15:01:13.118212 7f279d135700 0 -- 10.202.1.52:6801/27138 >> 10.202.1.51:6804/1488 pipe(0x15e5c80 sd=33 :42771 s=2 pgs=3508 cs=47 l=0).fault, initiating reconnect
2013-08-09 15:01:13.119067 7f279ce32700 0 -- 10.202.1.52:6801/27138 >> 10.202.1.51:6801/1376 pipe(0x2783000 sd=34 :60621 s=2 pgs=4211 cs=45 l=0).fault, initiating reconnect
2013-08-09 15:01:13.119145 7f279d034700 0 -- 10.202.1.52:6801/27138 >> 10.202.1.53:6804/1648 pipe(0x15e5a00 sd=36 :35523 s=2 pgs=2833 cs=41 l=0).fault, initiating reconnect
2013-08-09 15:01:13.120072 7f279cf33700 0 -- 10.202.1.52:6801/27138 >> 10.202.1.53:6801/1506 pipe(0x15e5780 sd=35 :53780 s=2 pgs=3312 cs=39 l=0).fault, initiating reconnect
2013-08-09 15:01:13.120558 7f279d135700 0 -- 10.202.1.52:6801/27138 >> 10.202.1.51:6804/1488 pipe(0x15e5c80 sd=33 :42774 s=2 pgs=3509 cs=49 l=0).fault, initiating reconnect
2013-08-09 15:01:13.121867 7f279d034700 0 -- 10.202.1.52:6801/27138 >> 10.202.1.53:6804/1648 pipe(0x15e5a00 sd=36 :35528 s=2 pgs=2834 cs=43 l=0).fault, initiating reconnect
2013-08-09 15:01:13.123728 7f279d135700 0 -- 10.202.1.52:6801/27138 >> 10.202.1.51:6804/1488 pipe(0x15e5c80 sd=33 :42778 s=2 pgs=3510 cs=51 l=0).fault, initiating reconnect
2013-08-09 15:01:13.123846 7f279cf33700 0 -- 10.202.1.52:6801/27138 >> 10.202.1.53:6801/1506 pipe(0x15e5780 sd=35 :53784 s=2 pgs=3313 cs=41 l=0).fault, initiating reconnect
2013-08-09 15:01:13.123978 7f279ce32700 0 -- 10.202.1.52:6801/27138 >> 10.202.1.51:6801/1376 pipe(0x2783000 sd=34 :60625 s=2 pgs=4212 cs=47 l=0).fault, initiating reconnect
2013-08-09 15:01:13.124186 7f279d034700 0 -- 10.202.1.52:6801/27138 >> 10.202.1.53:6804/1648 pipe(0x15e5a00 sd=36 :35532 s=2 pgs=2835 cs=45 l=0).fault, initiating reconnect
2013-08-09 15:01:13.126918 7f279cf33700 0 -- 10.202.1.52:6801/27138 >> 10.202.1.53:6801/1506 pipe(0x15e5780 sd=35 :53788 s=2 pgs=3314 cs=43 l=0).fault, initiating reconnect
2013-08-09 15:01:13.127187 7f279ce32700 0 -- 10.202.1.52:6801/27138 >> 10.202.1.51:6801/1376 pipe(0x2783000 sd=34 :60631 s=2 pgs=4213 cs=49 l=0).fault, initiating reconnect
2013-08-09 15:01:13.127182 7f279d135700 0 -- 10.202.1.52:6801/27138 >> 10.202.1.51:6804/1488 pipe(0x15e5c80 sd=33 :42780 s=2 pgs=3511 cs=53 l=0).fault, initiating reconnect
2013-08-09 15:01:13.127386 7f279d034700 0 -- 10.202.1.52:6801/27138 >> 10.202.1.53:6804/1648 pipe(0x15e5a00 sd=36 :35536 s=2 pgs=2836 cs=47 l=0).fault, initiating reconnect
2013-08-09 15:01:13.129343 7f279cf33700 0 -- 10.202.1.52:6801/27138 >> 10.202.1.53:6801/1506 pipe(0x15e5780 sd=35 :53791 s=2 pgs=3315 cs=45 l=0).fault, initiating reconnect
2013-08-09 15:01:13.129487 7f279d135700 0 -- 10.202.1.52:6801/27138 >> 10.202.1.51:6804/1488 pipe(0x15e5c80 sd=33 :42786 s=2 pgs=3512 cs=55 l=0).fault, initiating reconnect
2013-08-09 15:01:13.130439 7f279ce32700 0 -- 10.202.1.52:6801/27138 >> 10.202.1.51:6801/1376 pipe(0x2783000 sd=34 :60634 s=2 pgs=4214 cs=51 l=0).fault, initiating reconnect
2013-08-09 15:01:13.130942 7f279d034700 0 -- 10.202.1.52:6801/27138 >> 10.202.1.53:6804/1648 pipe(0x15e5a00 sd=36 :35540 s=2 pgs=2837 cs=49 l=0).fault, initiating reconnect
2013-08-09 15:01:13.132441 7f279cf33700 0 -- 10.202.1.52:6801/27138 >> 10.202.1.53:6801/1506 pipe(0x15e5780 sd=35 :53796 s=2 pgs=3316 cs=47 l=0).fault, initiating reconnect
2013-08-09 15:01:13.133680 7f279ce32700 0 -- 10.202.1.52:6801/27138 >> 10.202.1.51:6801/1376 pipe(0x2783000 sd=34 :60639 s=2 pgs=4215 cs=53 l=0).fault, initiating reconnect
2013-08-09 15:01:13.133616 7f279d135700 0 -- 10.202.1.52:6801/27138 >> 10.202.1.51:6804/1488 pipe(0x15e5c80 sd=33 :42788 s=2 pgs=3513 cs=57 l=0).fault, initiating reconnect
2013-08-09 15:01:13.133809 7f279d034700 0 -- 10.202.1.52:6801/27138 >> 10.202.1.53:6804/1648 pipe(0x15e5a00 sd=36 :35544 s=2 pgs=2838 cs=51 l=0).fault, initiating reconnect
2013-08-09 15:01:13.135835 7f279cf33700 0 -- 10.202.1.52:6801/27138 >> 10.202.1.53:6801/1506 pipe(0x15e5780 sd=35 :53799 s=2 pgs=3317 cs=49 l=0).fault, initiating reconnect
2013-08-09 15:01:13.135963 7f279ce32700 0 -- 10.202.1.52:6801/27138 >> 10.202.1.51:6801/1376 pipe(0x2783000 sd=34 :60642 s=2 pgs=4216 cs=55 l=0).fault, initiating reconnect
2013-08-09 15:01:13.136797 7f279d034700 0 -- 10.202.1.52:6801/27138 >> 10.202.1.53:6804/1648 pipe(0x15e5a00 sd=36 :35548 s=2 pgs=2839 cs=53 l=0).fault, initiating reconnect
2013-08-09 15:01:13.136912 7f279d135700 0 -- 10.202.1.52:6801/27138 >> 10.202.1.51:6804/1488 pipe(0x15e5c80 sd=33 :42794 s=2 pgs=3514 cs=59 l=0).fault, initiating reconnect
2013-08-09 15:01:13.138491 7f279d236700 0 -- 10.202.1.52:6801/27138 >> 10.202.1.51:6801/1376 pipe(0x2783000 sd=34 :60645 s=2 pgs=4217 cs=57 l=0).fault, initiating reconnect
2013-08-09 15:01:13.138729 7f279cf33700 0 -- 10.202.1.52:6801/27138 >> 10.202.1.53:6801/1506 pipe(0x15e5780 sd=35 :53804 s=2 pgs=3318 cs=51 l=0).fault, initiating reconnect
2013-08-09 15:01:13.139605 7f279d034700 0 -- 10.202.1.52:6801/27138 >> 10.202.1.53:6804/1648 pipe(0x15e5a00 sd=36 :35551 s=2 pgs=2840 cs=55 l=0).fault, initiating reconnect
2013-08-09 15:01:13.141116 7f279cf33700 0 -- 10.202.1.52:6801/27138 >> 10.202.1.53:6801/1506 pipe(0x15e5780 sd=35 :53807 s=2 pgs=3319 cs=53 l=0).fault, initiating reconnect
2013-08-09 15:01:13.141672 7f279d135700 0 -- 10.202.1.52:6801/27138 >> 10.202.1.51:6804/1488 pipe(0x15e5c80 sd=33 :42799 s=2 pgs=3515 cs=61 l=0).fault, initiating reconnect
2013-08-09 15:01:13.141993 7f279ce32700 0 -- 10.202.1.52:6801/27138 >> 10.202.1.51:6801/1376 pipe(0x2783000 sd=34 :60650 s=2 pgs=4218 cs=59 l=0).fault, initiating reconnect
2013-08-09 15:01:13.142914 7f279d337700 0 -- 10.202.1.52:6801/27138 >> 10.202.1.53:6804/1648 pipe(0x15e5a00 sd=36 :35555 s=2 pgs=2841 cs=57 l=0).fault, initiating reconnect
2013-08-09 15:01:13.144255 7f279ce32700 0 -- 10.202.1.52:6801/27138 >> 10.202.1.51:6801/1376 pipe(0x2783000 sd=34 :60654 s=2 pgs=4219 cs=61 l=0).fault, initiating reconnect
2013-08-09 15:01:13.144901 7f279cf33700 0 -- 10.202.1.52:6801/27138 >> 10.202.1.53:6801/1506 pipe(0x15e5780 sd=35 :53810 s=2 pgs=3320 cs=55 l=0).fault, initiating reconnect
2013-08-09 15:01:13.145531 7f279d135700 0 -- 10.202.1.52:6801/27138 >> 10.202.1.51:6804/1488 pipe(0x15e5c80 sd=33 :42804 s=2 pgs=3516 cs=63 l=0).fault, initiating reconnect
2013-08-09 15:01:13.145687 7f279d034700 0 -- 10.202.1.52:6801/27138 >> 10.202.1.53:6804/1648 pipe(0x15e5a00 sd=36 :35559 s=2 pgs=2842 cs=59 l=0).fault, initiating reconnect
2013-08-09 15:01:13.147164 7f279ce32700 0 -- 10.202.1.52:6801/27138 >> 10.202.1.51:6801/1376 pipe(0x2783000 sd=34 :60656 s=2 pgs=4220 cs=63 l=0).fault, initiating reconnect
2013-08-09 15:01:13.148278 7f279d135700 0 -- 10.202.1.52:6801/27138 >> 10.202.1.51:6804/1488 pipe(0x15e5c80 sd=33 :42809 s=2 pgs=3517 cs=65 l=0).fault, initiating reconnect
2013-08-09 15:01:13.148378 7f279d034700 0 -- 10.202.1.52:6801/27138 >> 10.202.1.53:6804/1648 pipe(0x15e5a00 sd=36 :35563 s=2 pgs=2843 cs=61 l=0).fault, initiating reconnect
2013-08-09 15:01:13.148477 7f279cf33700 0 -- 10.202.1.52:6801/27138 >> 10.202.1.53:6801/1506 pipe(0x15e5780 sd=35 :53815 s=2 pgs=3321 cs=57 l=0).fault, initiating reconnect
2013-08-09 15:01:13.150627 7f279d135700 0 -- 10.202.1.52:6801/27138 >> 10.202.1.51:6804/1488 pipe(0x15e5c80 sd=33 :42812 s=2 pgs=3518 cs=67 l=0).fault, initiating reconnect
2013-08-09 15:01:13.150857 7f279ce32700 0 -- 10.202.1.52:6801/27138 >> 10.202.1.51:6801/1376 pipe(0x2783000 sd=34 :60660 s=2 pgs=4221 cs=65 l=0).fault, initiating reconnect
2013-08-09 15:01:13.151874 7f279cf33700 0 -- 10.202.1.52:6801/27138 >> 10.202.1.53:6801/1506 pipe(0x15e5780 sd=35 :53821 s=2 pgs=3322 cs=59 l=0).fault, initiating reconnect
2013-08-09 15:01:13.151940 7f279d337700 0 -- 10.202.1.52:6801/27138 >> 10.202.1.53:6804/1648 pipe(0x15e5a00 sd=36 :35566 s=2 pgs=2844 cs=63 l=0).fault, initiating reconnect
2013-08-09 15:01:13.152921 7f279d135700 0 -- 10.202.1.52:6801/27138 >> 10.202.1.51:6804/1488 pipe(0x15e5c80 sd=33 :42815 s=2 pgs=3519 cs=69 l=0).fault, initiating reconnect
2013-08-09 15:01:13.153560 7f279ce32700 0 -- 10.202.1.52:6801/27138 >> 10.202.1.51:6801/1376 pipe(0x2783000 sd=34 :60665 s=2 pgs=4222 cs=67 l=0).fault, initiating reconnect
2013-08-09 15:01:13.154082 7f279d034700 0 -- 10.202.1.52:6801/27138 >> 10.202.1.53:6804/1648 pipe(0x15e5a00 sd=36 :35571 s=2 pgs=2845 cs=65 l=0).fault, initiating reconnect
2013-08-09 15:01:13.155084 7f279cf33700 0 -- 10.202.1.52:6801/27138 >> 10.202.1.53:6801/1506 pipe(0x15e5780 sd=35 :53824 s=2 pgs=3323 cs=61 l=0).fault, initiating reconnect
2013-08-09 15:01:13.155314 7f279d135700 0 -- 10.202.1.52:6801/27138 >> 10.202.1.51:6804/1488 pipe(0x15e5c80 sd=33 :42819 s=2 pgs=3520 cs=71 l=0).fault, initiating reconnect
2013-08-09 15:01:13.157127 7f279d034700 0 -- 10.202.1.52:6801/27138 >> 10.202.1.53:6804/1648 pipe(0x15e5a00 sd=36 :35574 s=2 pgs=2846 cs=67 l=0).fault, initiating reconnect
2013-08-09 15:01:13.157463 7f279d135700 0 -- 10.202.1.52:6801/27138 >> 10.202.1.51:6804/1488 pipe(0x15e5c80 sd=33 :42823 s=2 pgs=3521 cs=73 l=0).fault, initiating reconnect
2013-08-09 15:01:13.157803 7f279ce32700 0 -- 10.202.1.52:6801/27138 >> 10.202.1.51:6801/1376 pipe(0x2783000 sd=34 :60669 s=2 pgs=4223 cs=69 l=0).fault, initiating reconnect
2013-08-09 15:01:13.159085 7f279cf33700 0 -- 10.202.1.52:6801/27138 >> 10.202.1.53:6801/1506 pipe(0x15e5780 sd=35 :53829 s=2 pgs=3324 cs=63 l=0).fault, initiating reconnect
2013-08-09 15:01:13.160321 7f279d135700 0 -- 10.202.1.52:6801/27138 >> 10.202.1.51:6804/1488 pipe(0x15e5c80 sd=33 :42824 s=2 pgs=3522 cs=75 l=0).fault, initiating reconnect
2013-08-09 15:01:13.160632 7f279ce32700 0 -- 10.202.1.52:6801/27138 >> 10.202.1.51:6801/1376 pipe(0x2783000 sd=34 :60675 s=2 pgs=4224 cs=71 l=0).fault, initiating reconnect
2013-08-09 15:01:13.161621 7f279cf33700 0 -- 10.202.1.52:6801/27138 >> 10.202.1.53:6801/1506 pipe(0x15e5780 sd=35 :53834 s=2 pgs=3325 cs=65 l=0).fault, initiating reconnect
2013-08-09 15:01:13.161728 7f279d034700 0 -- 10.202.1.52:6801/27138 >> 10.202.1.53:6804/1648 pipe(0x15e5a00 sd=36 :35578 s=2 pgs=2847 cs=69 l=0).fault, initiating reconnect
2013-08-09 15:01:13.162836 7f279d135700 0 -- 10.202.1.52:6801/27138 >> 10.202.1.51:6804/1488 pipe(0x15e5c80 sd=33 :42828 s=2 pgs=3523 cs=77 l=0).fault, initiating reconnect
2013-08-09 15:01:13.163830 7f279ce32700 0 -- 10.202.1.52:6801/27138 >> 10.202.1.51:6801/1376 pipe(0x2783000 sd=34 :60678 s=2 pgs=4225 cs=73 l=0).fault, initiating reconnect
2013-08-09 15:01:13.163955 7f279d034700 0 -- 10.202.1.52:6801/27138 >> 10.202.1.53:6804/1648 pipe(0x15e5a00 sd=36 :35584 s=2 pgs=2848 cs=71 l=0).fault, initiating reconnect
2013-08-09 15:01:13.164917 7f279cf33700 0 -- 10.202.1.52:6801/27138 >> 10.202.1.53:6801/1506 pipe(0x15e5780 sd=35 :53837 s=2 pgs=3326 cs=67 l=0).fault, initiating reconnect
2013-08-09 15:01:13.165091 7f279d135700 0 -- 10.202.1.52:6801/27138 >> 10.202.1.51:6804/1488 pipe(0x15e5c80 sd=33 :42832 s=2 pgs=3524 cs=79 l=0).fault, initiating reconnect
2013-08-09 15:01:13.168506 7f279d236700 0 -- 10.202.1.52:6801/27138 >> 10.202.1.51:6801/1376 pipe(0x2783000 sd=34 :60682 s=2 pgs=4226 cs=75 l=0).fault, initiating reconnect
2013-08-09 15:01:13.169266 7f279d135700 0 -- 10.202.1.52:6801/27138 >> 10.202.1.51:6804/1488 pipe(0x15e5c80 sd=33 :42835 s=2 pgs=3525 cs=81 l=0).fault, initiating reconnect
2013-08-09 15:01:13.169644 7f279cf33700 0 -- 10.202.1.52:6801/27138 >> 10.202.1.53:6801/1506 pipe(0x15e5780 sd=35 :53843 s=2 pgs=3327 cs=69 l=0).fault, initiating reconnect
2013-08-09 15:01:13.169725 7f279d034700 0 -- 10.202.1.52:6801/27138 >> 10.202.1.53:6804/1648 pipe(0x15e5a00 sd=36 :35587 s=2 pgs=2849 cs=73 l=0).fault, initiating reconnect
2013-08-09 15:01:13.172262 7f279cf33700 0 -- 10.202.1.52:6801/27138 >> 10.202.1.53:6801/1506 pipe(0x15e5780 sd=35 :53846 s=2 pgs=3328 cs=71 l=0).fault, initiating reconnect
2013-08-09 15:01:13.172399 7f279d135700 0 -- 10.202.1.52:6801/27138 >> 10.202.1.51:6804/1488 pipe(0x15e5c80 sd=33 :42837 s=2 pgs=3526 cs=83 l=0).fault, initiating reconnect
2013-08-09 15:01:13.172403 7f279ce32700 0 -- 10.202.1.52:6801/27138 >> 10.202.1.51:6801/1376 pipe(0x2783000 sd=34 :60687 s=2 pgs=4227 cs=77 l=0).fault, initiating reconnect
2013-08-09 15:01:13.172945 7f279d034700 0 -- 10.202.1.52:6801/27138 >> 10.202.1.53:6804/1648 pipe(0x15e5a00 sd=36 :35593 s=2 pgs=2850 cs=75 l=0).fault, initiating reconnect
2013-08-09 15:01:13.175224 7f279d034700 0 -- 10.202.1.52:6801/27138 >> 10.202.1.53:6804/1648 pipe(0x15e5a00 sd=36 :35597 s=2 pgs=2851 cs=77 l=0).fault, initiating reconnect
2013-08-09 15:01:13.175732 7f279d135700 0 -- 10.202.1.52:6801/27138 >> 10.202.1.51:6804/1488 pipe(0x15e5c80 sd=33 :42842 s=2 pgs=3527 cs=85 l=0).fault, initiating reconnect
2013-08-09 15:01:13.176221 7f279ce32700 0 -- 10.202.1.52:6801/27138 >> 10.202.1.51:6801/1376 pipe(0x2783000 sd=34 :60692 s=2 pgs=4228 cs=79 l=0).fault, initiating reconnect
2013-08-09 15:01:13.176378 7f279cf33700 0 -- 10.202.1.52:6801/27138 >> 10.202.1.53:6801/1506 pipe(0x15e5780 sd=35 :53848 s=2 pgs=3329 cs=73 l=0).fault, initiating reconnect
2013-08-09 15:01:13.178390 7f279d034700 0 -- 10.202.1.52:6801/27138 >> 10.202.1.53:6804/1648 pipe(0x15e5a00 sd=36 :35598 s=2 pgs=2852 cs=79 l=0).fault, initiating reconnect
2013-08-09 15:01:13.178570 7f279cf33700 0 -- 10.202.1.52:6801/27138 >> 10.202.1.53:6801/1506 pipe(0x15e5780 sd=35 :53855 s=2 pgs=3330 cs=75 l=0).fault, initiating reconnect
2013-08-09 15:01:13.178899 7f279ce32700 0 -- 10.202.1.52:6801/27138 >> 10.202.1.51:6801/1376 pipe(0x2783000 sd=34 :60696 s=2 pgs=4229 cs=81 l=0).fault, initiating reconnect
2013-08-09 15:01:13.179062 7f279d135700 0 -- 10.202.1.52:6801/27138 >> 10.202.1.51:6804/1488 pipe(0x15e5c80 sd=33 :42846 s=2 pgs=3528 cs=87 l=0).fault, initiating reconnect
2013-08-09 15:01:13.181632 7f279d034700 0 -- 10.202.1.52:6801/27138 >> 10.202.1.53:6804/1648 pipe(0x15e5a00 sd=36 :35602 s=2 pgs=2853 cs=81 l=0).fault, initiating reconnect
2013-08-09 15:01:13.181907 7f279d135700 0 -- 10.202.1.52:6801/27138 >> 10.202.1.51:6804/1488 pipe(0x15e5c80 sd=33 :42852 s=2 pgs=3529 cs=89 l=0).fault, initiating reconnect
2013-08-09 15:01:13.182200 7f279cf33700 0 -- 10.202.1.52:6801/27138 >> 10.202.1.53:6801/1506 pipe(0x15e5780 sd=35 :53857 s=2 pgs=3331 cs=77 l=0).fault, initiating reconnect
2013-08-09 15:01:13.182401 7f279ce32700 0 -- 10.202.1.52:6801/27138 >> 10.202.1.51:6801/1376 pipe(0x2783000 sd=34 :60700 s=2 pgs=4230 cs=83 l=0).fault, initiating reconnect
2013-08-09 15:01:13.184189 7f279d135700 0 -- 10.202.1.52:6801/27138 >> 10.202.1.51:6804/1488 pipe(0x15e5c80 sd=33 :42854 s=2 pgs=3530 cs=91 l=0).fault, initiating reconnect
2013-08-09 15:01:13.184746 7f279cf33700 0 -- 10.202.1.52:6801/27138 >> 10.202.1.53:6801/1506 pipe(0x15e5780 sd=35 :53862 s=2 pgs=3332 cs=79 l=0).fault, initiating reconnect
2013-08-09 15:01:13.185452 7f279ce32700 0 -- 10.202.1.52:6801/27138 >> 10.202.1.51:6801/1376 pipe(0x2783000 sd=34 :60705 s=2 pgs=4231 cs=85 l=0).fault, initiating reconnect
2013-08-09 15:01:13.185697 7f279d034700 0 -- 10.202.1.52:6801/27138 >> 10.202.1.53:6804/1648 pipe(0x15e5a00 sd=36 :35606 s=2 pgs=2854 cs=83 l=0).fault, initiating reconnect
2013-08-09 15:01:13.186994 7f279cf33700 0 -- 10.202.1.52:6801/27138 >> 10.202.1.53:6801/1506 pipe(0x15e5780 sd=35 :53865 s=2 pgs=3333 cs=81 l=0).fault, initiating reconnect
2013-08-09 15:01:13.187591 7f279d135700 0 -- 10.202.1.52:6801/27138 >> 10.202.1.51:6804/1488 pipe(0x15e5c80 sd=33 :42857 s=2 pgs=3531 cs=93 l=0).fault, initiating reconnect
2013-08-09 15:01:13.187963 7f279ce32700 0 -- 10.202.1.52:6801/27138 >> 10.202.1.51:6801/1376 pipe(0x2783000 sd=34 :60708 s=2 pgs=4232 cs=87 l=0).fault, initiating reconnect
2013-08-09 15:01:13.189653 7f279cf33700 0 -- 10.202.1.52:6801/27138 >> 10.202.1.53:6801/1506 pipe(0x15e5780 sd=35 :53868 s=2 pgs=3334 cs=83 l=0).fault, initiating reconnect
2013-08-09 15:01:13.189830 7f279d034700 0 -- 10.202.1.52:6801/27138 >> 10.202.1.53:6804/1648 pipe(0x15e5a00 sd=36 :35613 s=2 pgs=2855 cs=85 l=0).fault, initiating reconnect
2013-08-09 15:01:13.190779 7f279d135700 0 -- 10.202.1.52:6801/27138 >> 10.202.1.51:6804/1488 pipe(0x15e5c80 sd=33 :42862 s=2 pgs=3532 cs=95 l=0).fault, initiating reconnect
2013-08-09 15:01:13.191971 7f279ce32700 0 -- 10.202.1.52:6801/27138 >> 10.202.1.51:6801/1376 pipe(0x2783000 sd=34 :60712 s=2 pgs=4233 cs=89 l=0).fault, initiating reconnect
2013-08-09 15:01:13.192091 7f279cf33700 0 -- 10.202.1.52:6801/27138 >> 10.202.1.53:6801/1506 pipe(0x15e5780 sd=35 :53871 s=2 pgs=3335 cs=85 l=0).fault, initiating reconnect
2013-08-09 15:01:13.192695 7f279d034700 0 -- 10.202.1.52:6801/27138 >> 10.202.1.53:6804/1648 pipe(0x15e5a00 sd=36 :35618 s=2 pgs=2856 cs=87 l=0).fault, initiating reconnect
2013-08-09 15:01:13.194637 7f279cf33700 0 -- 10.202.1.52:6801/27138 >> 10.202.1.53:6801/1506 pipe(0x15e5780 sd=35 :53874 s=2 pgs=3336 cs=87 l=0).fault, initiating reconnect
2013-08-09 15:01:13.194722 7f279ce32700 0 -- 10.202.1.52:6801/27138 >> 10.202.1.51:6801/1376 pipe(0x2783000 sd=34 :60717 s=2 pgs=4234 cs=91 l=0).fault, initiating reconnect
2013-08-09 15:01:13.195833 7f279d135700 0 -- 10.202.1.52:6801/27138 >> 10.202.1.51:6804/1488 pipe(0x15e5c80 sd=33 :42866 s=2 pgs=3533 cs=97 l=0).fault, initiating reconnect
2013-08-09 15:01:13.195977 7f279d034700 0 -- 10.202.1.52:6801/27138 >> 10.202.1.53:6804/1648 pipe(0x15e5a00 sd=36 :35622 s=2 pgs=2857 cs=89 l=0).fault, initiating reconnect
2013-08-09 15:01:13.198003 7f279d135700 0 -- 10.202.1.52:6801/27138 >> 10.202.1.51:6804/1488 pipe(0x15e5c80 sd=33 :42872 s=2 pgs=3534 cs=99 l=0).fault, initiating reconnect
2013-08-09 15:01:13.198116 7f279ce32700 0 -- 10.202.1.52:6801/27138 >> 10.202.1.51:6801/1376 pipe(0x2783000 sd=34 :60719 s=2 pgs=4235 cs=93 l=0).fault, initiating reconnect
2013-08-09 15:01:13.198449 7f279cf33700 0 -- 10.202.1.52:6801/27138 >> 10.202.1.53:6801/1506 pipe(0x15e5780 sd=35 :53878 s=2 pgs=3337 cs=89 l=0).fault, initiating reconnect
2013-08-09 15:01:13.199277 7f279d034700 0 -- 10.202.1.52:6801/27138 >> 10.202.1.53:6804/1648 pipe(0x15e5a00 sd=36 :35626 s=2 pgs=2858 cs=91 l=0).fault, initiating reconnect
2013-08-09 15:01:13.200265 7f279ce32700 0 -- 10.202.1.52:6801/27138 >> 10.202.1.51:6801/1376 pipe(0x2783000 sd=34 :60723 s=2 pgs=4236 cs=95 l=0).fault, initiating reconnect
2013-08-09 15:01:13.201400 7f279cf33700 0 -- 10.202.1.52:6801/27138 >> 10.202.1.53:6801/1506 pipe(0x15e5780 sd=35 :53882 s=2 pgs=3338 cs=91 l=0).fault, initiating reconnect
2013-08-09 15:01:13.201572 7f279d135700 0 -- 10.202.1.52:6801/27138 >> 10.202.1.51:6804/1488 pipe(0x15e5c80 sd=33 :42876 s=2 pgs=3535 cs=101 l=0).fault, initiating reconnect
2013-08-09 15:01:13.202516 7f279d034700 0 -- 10.202.1.52:6801/27138 >> 10.202.1.53:6804/1648 pipe(0x15e5a00 sd=36 :35630 s=2 pgs=2859 cs=93 l=0).fault, initiating reconnect
2013-08-09 15:01:13.203647 7f279ce32700 0 -- 10.202.1.52:6801/27138 >> 10.202.1.51:6801/1376 pipe(0x2783000 sd=34 :60727 s=2 pgs=4237 cs=97 l=0).fault, initiating reconnect
2013-08-09 15:01:13.204794 7f279cf33700 0 -- 10.202.1.52:6801/27138 >> 10.202.1.53:6801/1506 pipe(0x15e5780 sd=35 :53886 s=2 pgs=3339 cs=93 l=0).fault, initiating reconnect
2013-08-09 15:01:13.205074 7f279d135700 0 -- 10.202.1.52:6801/27138 >> 10.202.1.51:6804/1488 pipe(0x15e5c80 sd=33 :42880 s=2 pgs=3536 cs=103 l=0).fault, initiating reconnect
2013-08-09 15:01:13.205186 7f279d034700 0 -- 10.202.1.52:6801/27138 >> 10.202.1.53:6804/1648 pipe(0x15e5a00 sd=36 :35634 s=2 pgs=2860 cs=95 l=0).fault, initiating reconnect
2013-08-09 15:01:13.206696 7f279ce32700 0 -- 10.202.1.52:6801/27138 >> 10.202.1.51:6801/1376 pipe(0x2783000 sd=34 :60731 s=2 pgs=4238 cs=99 l=0).fault, initiating reconnect
2013-08-09 15:01:13.207084 7f279d135700 0 -- 10.202.1.52:6801/27138 >> 10.202.1.51:6804/1488 pipe(0x15e5c80 sd=33 :42884 s=2 pgs=3537 cs=105 l=0).fault, initiating reconnect
2013-08-09 15:01:13.207525 7f279cf33700 0 -- 10.202.1.52:6801/27138 >> 10.202.1.53:6801/1506 pipe(0x15e5780 sd=35 :53890 s=2 pgs=3340 cs=95 l=0).fault, initiating reconnect
2013-08-09 15:01:13.209065 7f279d034700 0 -- 10.202.1.52:6801/27138 >> 10.202.1.53:6804/1648 pipe(0x15e5a00 sd=36 :35638 s=2 pgs=2861 cs=97 l=0).fault, initiating reconnect
2013-08-09 15:01:13.210009 7f279cf33700 0 -- 10.202.1.52:6801/27138 >> 10.202.1.53:6801/1506 pipe(0x15e5780 sd=35 :53895 s=2 pgs=3341 cs=97 l=0).fault, initiating reconnect
2013-08-09 15:01:13.210470 7f279ce32700 0 -- 10.202.1.52:6801/27138 >> 10.202.1.51:6801/1376 pipe(0x2783000 sd=34 :60736 s=2 pgs=4239 cs=101 l=0).fault, initiating reconnect
2013-08-09 15:01:13.210639 7f279d135700 0 -- 10.202.1.52:6801/27138 >> 10.202.1.51:6804/1488 pipe(0x15e5c80 sd=33 :42886 s=2 pgs=3538 cs=107 l=0).fault, initiating reconnect
2013-08-09 15:01:13.211492 7f279d034700 0 -- 10.202.1.52:6801/27138 >> 10.202.1.53:6804/1648 pipe(0x15e5a00 sd=36 :35642 s=2 pgs=2862 cs=99 l=0).fault, initiating reconnect
2013-08-09 15:01:13.213215 7f279ce32700 0 -- 10.202.1.52:6801/27138 >> 10.202.1.51:6801/1376 pipe(0x2783000 sd=34 :60740 s=2 pgs=4240 cs=103 l=0).fault, initiating reconnect
2013-08-09 15:01:13.213381 7f279cf33700 0 -- 10.202.1.52:6801/27138 >> 10.202.1.53:6801/1506 pipe(0x15e5780 sd=35 :53897 s=2 pgs=3342 cs=99 l=0).fault, initiating reconnect
2013-08-09 15:01:13.213949 7f279d135700 0 -- 10.202.1.52:6801/27138 >> 10.202.1.51:6804/1488 pipe(0x15e5c80 sd=33 :42892 s=2 pgs=3539 cs=109 l=0).fault, initiating reconnect
2013-08-09 15:01:13.215887 7f279d034700 0 -- 10.202.1.52:6801/27138 >> 10.202.1.53:6804/1648 pipe(0x15e5a00 sd=36 :35646 s=2 pgs=2863 cs=101 l=0).fault, initiating reconnect
2013-08-09 15:01:13.216059 7f279cf33700 0 -- 10.202.1.52:6801/27138 >> 10.202.1.53:6801/1506 pipe(0x15e5780 sd=35 :53902 s=2 pgs=3343 cs=101 l=0).fault, initiating reconnect
2013-08-09 15:01:13.216632 7f279ce32700 0 -- 10.202.1.52:6801/27138 >> 10.202.1.51:6801/1376 pipe(0x2783000 sd=34 :60743 s=2 pgs=4241 cs=105 l=0).fault, initiating reconnect
2013-08-09 15:01:13.217157 7f279d135700 0 -- 10.202.1.52:6801/27138 >> 10.202.1.51:6804/1488 pipe(0x15e5c80 sd=33 :42896 s=2 pgs=3540 cs=111 l=0).fault, initiating reconnect
2013-08-09 15:01:13.219047 7f279d236700 0 -- 10.202.1.52:6801/27138 >> 10.202.1.51:6801/1376 pipe(0x2783000 sd=34 :60748 s=2 pgs=4242 cs=107 l=0).fault, initiating reconnect
2013-08-09 15:01:13.219330 7f279d034700 0 -- 10.202.1.52:6801/27138 >> 10.202.1.53:6804/1648 pipe(0x15e5a00 sd=36 :35650 s=2 pgs=2864 cs=103 l=0).fault, initiating reconnect
2013-08-09 15:01:13.220699 7f279d135700 0 -- 10.202.1.52:6801/27138 >> 10.202.1.51:6804/1488 pipe(0x15e5c80 sd=33 :42900 s=2 pgs=3541 cs=113 l=0).fault, initiating reconnect
2013-08-09 15:01:13.221353 7f279d236700 0 -- 10.202.1.52:6801/27138 >> 10.202.1.51:6801/1376 pipe(0x2783000 sd=34 :60750 s=2 pgs=4243 cs=109 l=0).fault, initiating reconnect
2013-08-09 15:01:13.221556 7f279cf33700 0 -- 10.202.1.52:6801/27138 >> 10.202.1.53:6801/1506 pipe(0x15e5780 sd=35 :53905 s=2 pgs=3344 cs=103 l=0).fault, initiating reconnect
2013-08-09 15:01:13.221667 7f279d034700 0 -- 10.202.1.52:6801/27138 >> 10.202.1.53:6804/1648 pipe(0x15e5a00 sd=36 :35655 s=2 pgs=2865 cs=105 l=0).fault, initiating reconnect
2013-08-09 15:01:13.223624 7f279d135700 0 -- 10.202.1.52:6801/27138 >> 10.202.1.51:6804/1488 pipe(0x15e5c80 sd=33 :42903 s=2 pgs=3542 cs=115 l=0).fault, initiating reconnect
2013-08-09 15:01:13.224021 7f279d034700 0 -- 10.202.1.52:6801/27138 >> 10.202.1.53:6804/1648 pipe(0x15e5a00 sd=36 :35659 s=2 pgs=2866 cs=107 l=0).fault, initiating reconnect
2013-08-09 15:01:13.224559 7f279ce32700 0 -- 10.202.1.52:6801/27138 >> 10.202.1.51:6801/1376 pipe(0x2783000 sd=34 :60754 s=2 pgs=4244 cs=111 l=0).fault, initiating reconnect
2013-08-09 15:01:13.224751 7f279cf33700 0 -- 10.202.1.52:6801/27138 >> 10.202.1.53:6801/1506 pipe(0x15e5780 sd=35 :53911 s=2 pgs=3345 cs=105 l=0).fault, initiating reconnect
2013-08-09 15:01:13.226884 7f279d135700 0 -- 10.202.1.52:6801/27138 >> 10.202.1.51:6804/1488 pipe(0x15e5c80 sd=33 :42907 s=2 pgs=3543 cs=117 l=0).fault, initiating reconnect
2013-08-09 15:01:13.228040 7f279d034700 0 -- 10.202.1.52:6801/27138 >> 10.202.1.53:6804/1648 pipe(0x15e5a00 sd=36 :35661 s=2 pgs=2867 cs=109 l=0).fault, initiating reconnect
2013-08-09 15:01:13.228186 7f279ce32700 0 -- 10.202.1.52:6801/27138 >> 10.202.1.51:6801/1376 pipe(0x2783000 sd=34 :60758 s=2 pgs=4245 cs=113 l=0).fault, initiating reconnect
2013-08-09 15:01:13.228377 7f279cf33700 0 -- 10.202.1.52:6801/27138 >> 10.202.1.53:6801/1506 pipe(0x15e5780 sd=35 :53917 s=2 pgs=3346 cs=107 l=0).fault, initiating reconnect
2013-08-09 15:01:13.230085 7f279d135700 0 -- 10.202.1.52:6801/27138 >> 10.202.1.51:6804/1488 pipe(0x15e5c80 sd=33 :42911 s=2 pgs=3544 cs=119 l=0).fault, initiating reconnect
2013-08-09 15:01:13.230261 7f279ce32700 0 -- 10.202.1.52:6801/27138 >> 10.202.1.51:6801/1376 pipe(0x2783000 sd=34 :60762 s=2 pgs=4246 cs=115 l=0).fault, initiating reconnect
2013-08-09 15:01:13.231257 7f279d034700 0 -- 10.202.1.52:6801/27138 >> 10.202.1.53:6804/1648 pipe(0x15e5a00 sd=36 :35665 s=2 pgs=2868 cs=111 l=0).fault, initiating reconnect
2013-08-09 15:01:13.231366 7f279cf33700 0 -- 10.202.1.52:6801/27138 >> 10.202.1.53:6801/1506 pipe(0x15e5780 sd=35 :53921 s=2 pgs=3347 cs=109 l=0).fault, initiating reconnect
2013-08-09 15:01:13.232574 7f279ce32700 0 -- 10.202.1.52:6801/27138 >> 10.202.1.51:6801/1376 pipe(0x2783000 sd=34 :60765 s=2 pgs=4247 cs=117 l=0).fault, initiating reconnect
2013-08-09 15:01:13.232700 7f279d135700 0 -- 10.202.1.52:6801/27138 >> 10.202.1.51:6804/1488 pipe(0x15e5c80 sd=33 :42915 s=2 pgs=3545 cs=121 l=0).fault, initiating reconnect
2013-08-09 15:01:13.234450 7f279d034700 0 -- 10.202.1.52:6801/27138 >> 10.202.1.53:6804/1648 pipe(0x15e5a00 sd=36 :35670 s=2 pgs=2869 cs=113 l=0).fault, initiating reconnect
2013-08-09 15:01:13.235139 7f279cf33700 0 -- 10.202.1.52:6801/27138 >> 10.202.1.53:6801/1506 pipe(0x15e5780 sd=35 :53925 s=2 pgs=3348 cs=111 l=0).fault, initiating reconnect
2013-08-09 15:01:13.235489 7f279d135700 0 -- 10.202.1.52:6801/27138 >> 10.202.1.51:6804/1488 pipe(0x15e5c80 sd=33 :42920 s=2 pgs=3546 cs=123 l=0).fault, initiating reconnect
2013-08-09 15:01:13.236833 7f279ce32700 0 -- 10.202.1.52:6801/27138 >> 10.202.1.51:6801/1376 pipe(0x2783000 sd=34 :60768 s=2 pgs=4248 cs=119 l=0).fault, initiating reconnect
2013-08-09 15:01:13.237780 7f279cf33700 0 -- 10.202.1.52:6801/27138 >> 10.202.1.53:6801/1506 pipe(0x15e5780 sd=35 :53929 s=2 pgs=3349 cs=113 l=0).fault, initiating reconnect
2013-08-09 15:01:13.238130 7f279d034700 0 -- 10.202.1.52:6801/27138 >> 10.202.1.53:6804/1648 pipe(0x15e5a00 sd=36 :35674 s=2 pgs=2870 cs=115 l=0).fault, initiating reconnect
2013-08-09 15:01:13.239037 7f279d135700 0 -- 10.202.1.52:6801/27138 >> 10.202.1.51:6804/1488 pipe(0x15e5c80 sd=33 :42923 s=2 pgs=3547 cs=125 l=0).fault, initiating reconnect
2013-08-09 15:01:13.240149 7f279d034700 0 -- 10.202.1.52:6801/27138 >> 10.202.1.53:6804/1648 pipe(0x15e5a00 sd=36 :35678 s=2 pgs=2871 cs=117 l=0).fault, initiating reconnect
2013-08-09 15:01:13.240892 7f279ce32700 0 -- 10.202.1.52:6801/27138 >> 10.202.1.51:6801/1376 pipe(0x2783000 sd=34 :60773 s=2 pgs=4249 cs=121 l=0).fault, initiating reconnect
2013-08-09 15:01:13.241046 7f279cf33700 0 -- 10.202.1.52:6801/27138 >> 10.202.1.53:6801/1506 pipe(0x15e5780 sd=35 :53933 s=2 pgs=3350 cs=115 l=0).fault, initiating reconnect
2013-08-09 15:01:13.242566 7f279d034700 0 -- 10.202.1.52:6801/27138 >> 10.202.1.53:6804/1648 pipe(0x15e5a00 sd=36 :35681 s=2 pgs=2872 cs=119 l=0).fault, initiating reconnect
2013-08-09 15:01:13.242775 7f279d135700 0 -- 10.202.1.52:6801/27138 >> 10.202.1.51:6804/1488 pipe(0x15e5c80 sd=33 :42927 s=2 pgs=3548 cs=127 l=0).fault, initiating reconnect
2013-08-09 15:01:13.243338 7f279cf33700 0 -- 10.202.1.52:6801/27138 >> 10.202.1.53:6801/1506 pipe(0x15e5780 sd=35 :53937 s=2 pgs=3351 cs=117 l=0).fault, initiating reconnect
2013-08-09 15:01:13.244771 7f279ce32700 0 -- 10.202.1.52:6801/27138 >> 10.202.1.51:6801/1376 pipe(0x2783000 sd=34 :60778 s=2 pgs=4250 cs=123 l=0).fault, initiating reconnect
2013-08-09 15:01:13.245340 7f279d135700 0 -- 10.202.1.52:6801/27138 >> 10.202.1.51:6804/1488 pipe(0x15e5c80 sd=33 :42932 s=2 pgs=3549 cs=129 l=0).fault, initiating reconnect
2013-08-09 15:01:13.245713 7f279d034700 0 -- 10.202.1.52:6801/27138 >> 10.202.1.53:6804/1648 pipe(0x15e5a00 sd=36 :35684 s=2 pgs=2873 cs=121 l=0).fault, initiating reconnect
2013-08-09 15:01:13.246893 7f279cf33700 0 -- 10.202.1.52:6801/27138 >> 10.202.1.53:6801/1506 pipe(0x15e5780 sd=35 :53940 s=2 pgs=3352 cs=119 l=0).fault, initiating reconnect
2013-08-09 15:01:13.247086 7f279ce32700 0 -- 10.202.1.52:6801/27138 >> 10.202.1.51:6801/1376 pipe(0x2783000 sd=34 :60783 s=2 pgs=4251 cs=125 l=0).fault, initiating reconnect
2013-08-09 15:01:13.248119 7f279d034700 0 -- 10.202.1.52:6801/27138 >> 10.202.1.53:6804/1648 pipe(0x15e5a00 sd=36 :35688 s=2 pgs=2874 cs=123 l=0).fault, initiating reconnect
2013-08-09 15:01:13.249134 7f279ce32700 0 -- 10.202.1.52:6801/27138 >> 10.202.1.51:6801/1376 pipe(0x2783000 sd=34 :60787 s=2 pgs=4252 cs=127 l=0).fault, initiating reconnect
2013-08-09 15:01:13.249552 7f279d135700 0 -- 10.202.1.52:6801/27138 >> 10.202.1.51:6804/1488 pipe(0x15e5c80 sd=33 :42936 s=2 pgs=3550 cs=131 l=0).fault, initiating reconnect
2013-08-09 15:01:13.250337 7f279cf33700 0 -- 10.202.1.52:6801/27138 >> 10.202.1.53:6801/1506 pipe(0x15e5780 sd=35 :53944 s=2 pgs=3353 cs=121 l=0).fault, initiating reconnect
2013-08-09 15:01:13.251409 7f279d034700 0 -- 10.202.1.52:6801/27138 >> 10.202.1.53:6804/1648 pipe(0x15e5a00 sd=36 :35692 s=2 pgs=2875 cs=125 l=0).fault, initiating reconnect
2013-08-09 15:01:13.252094 7f279ce32700 0 -- 10.202.1.52:6801/27138 >> 10.202.1.51:6801/1376 pipe(0x2783000 sd=34 :60789 s=2 pgs=4253 cs=129 l=0).fault, initiating reconnect
2013-08-09 15:01:13.252345 7f279d135700 0 -- 10.202.1.52:6801/27138 >> 10.202.1.51:6804/1488 pipe(0x15e5c80 sd=33 :42941 s=2 pgs=3551 cs=133 l=0).fault, initiating reconnect
2013-08-09 15:01:13.252625 7f279cf33700 0 -- 10.202.1.52:6801/27138 >> 10.202.1.53:6801/1506 pipe(0x15e5780 sd=35 :53949 s=2 pgs=3354 cs=123 l=0).fault, initiating reconnect
2013-08-09 15:01:13.255215 7f279d034700 0 -- 10.202.1.52:6801/27138 >> 10.202.1.53:6804/1648 pipe(0x15e5a00 sd=36 :35696 s=2 pgs=2876 cs=127 l=0).fault, initiating reconnect
2013-08-09 15:01:13.255346 7f279ce32700 0 -- 10.202.1.52:6801/27138 >> 10.202.1.51:6801/1376 pipe(0x2783000 sd=34 :60793 s=2 pgs=4254 cs=131 l=0).fault, initiating reconnect
2013-08-09 15:01:13.255462 7f279d135700 0 -- 10.202.1.52:6801/27138 >> 10.202.1.51:6804/1488 pipe(0x15e5c80 sd=33 :42945 s=2 pgs=3552 cs=135 l=0).fault, initiating reconnect
2013-08-09 15:01:13.255620 7f279cf33700 0 -- 10.202.1.52:6801/27138 >> 10.202.1.53:6801/1506 pipe(0x15e5780 sd=35 :53953 s=2 pgs=3355 cs=125 l=0).fault, initiating reconnect
2013-08-09 15:01:13.257618 7f279d135700 0 -- 10.202.1.52:6801/27138 >> 10.202.1.51:6804/1488 pipe(0x15e5c80 sd=33 :42949 s=2 pgs=3553 cs=137 l=0).fault, initiating reconnect
2013-08-09 15:01:13.258176 7f279cf33700 0 -- 10.202.1.52:6801/27138 >> 10.202.1.53:6801/1506 pipe(0x15e5780 sd=35 :53957 s=2 pgs=3356 cs=127 l=0).fault, initiating reconnect
2013-08-09 15:01:13.258725 7f279d034700 0 -- 10.202.1.52:6801/27138 >> 10.202.1.53:6804/1648 pipe(0x15e5a00 sd=36 :35700 s=2 pgs=2877 cs=129 l=0).fault, initiating reconnect
2013-08-09 15:01:13.259366 7f279ce32700 0 -- 10.202.1.52:6801/27138 >> 10.202.1.51:6801/1376 pipe(0x2783000 sd=34 :60797 s=2 pgs=4255 cs=133 l=0).fault, initiating reconnect
2013-08-09 15:01:13.260682 7f279cf33700 0 -- 10.202.1.52:6801/27138 >> 10.202.1.53:6801/1506 pipe(0x15e5780 sd=35 :53959 s=2 pgs=3357 cs=129 l=0).fault, initiating reconnect
2013-08-09 15:01:13.261176 7f279d034700 0 -- 10.202.1.52:6801/27138 >> 10.202.1.53:6804/1648 pipe(0x15e5a00 sd=36 :35706 s=2 pgs=2878 cs=131 l=0).fault, initiating reconnect
2013-08-09 15:01:13.261586 7f279d135700 0 -- 10.202.1.52:6801/27138 >> 10.202.1.51:6804/1488 pipe(0x15e5c80 sd=33 :42951 s=2 pgs=3554 cs=139 l=0).fault, initiating reconnect
2013-08-09 15:01:13.262858 7f279ce32700 0 -- 10.202.1.52:6801/27138 >> 10.202.1.51:6801/1376 pipe(0x2783000 sd=34 :60803 s=2 pgs=4256 cs=135 l=0).fault, initiating reconnect
2013-08-09 15:01:13.262984 7f279cf33700 0 -- 10.202.1.52:6801/27138 >> 10.202.1.53:6801/1506 pipe(0x15e5780 sd=35 :53962 s=2 pgs=3358 cs=131 l=0).fault, initiating reconnect
2013-08-09 15:01:13.263475 7f279d034700 0 -- 10.202.1.52:6801/27138 >> 10.202.1.53:6804/1648 pipe(0x15e5a00 sd=36 :35709 s=2 pgs=2879 cs=133 l=0).fault, initiating reconnect
2013-08-09 15:01:13.264877 7f279d135700 0 -- 10.202.1.52:6801/27138 >> 10.202.1.51:6804/1488 pipe(0x15e5c80 sd=33 :42957 s=2 pgs=3555 cs=141 l=0).fault, initiating reconnect
