2013-03-14 18:10:27.871463 7fb587fff700 10 librbd::AioCompletion: C_AioRead::finish() 0x7fb5a9314730 r = 0
2013-03-14 18:10:27.871466 7fb587fff700 10 librbd::AioCompletion: got {729600=512} for [0,512] bl 512
2013-03-14 18:10:27.871471 7fb587fff700 20 librbd::AioCompletion: AioCompletion::complete_request() 0x7fb5a9289bf0 complete_cb=0x7fb5a6fc7170 pending 1
2013-03-14 18:10:27.871475 7fb587fff700 20 librbd::AioCompletion: AioCompletion::finalize() 0x7fb5a9289bf0 rval 512 read_buf 0x7fb5a938b400 read_bl 0
2013-03-14 18:10:27.871478 7fb587fff700 20 librbd::AioCompletion: AioCompletion::finalize() copied resulting 512 bytes to 0x7fb5a938b400
2013-03-14 18:10:27.871737 7fb5876fd700 20 librbd: aio_read 0x7fb5a9162330 completion 0x7fb5a9289bf0 [730112,512]
2013-03-14 18:10:27.871747 7fb5876fd700 20 librbd: ictx_check 0x7fb5a9162330
2013-03-14 18:10:27.871754 7fb5876fd700 20 librbd: oid rb.0.1e1280.238e1f29.000000000000 730112~512 from [0,512]
2013-03-14 18:10:27.871759 7fb5876fd700 20 librbd::AioRequest: send 0x7fb5a938a4d0 rb.0.1e1280.238e1f29.000000000000 730112~512
2013-03-14 18:10:27.871774 7fb5876fd700 1 -- 172.16.156.135:0/1648258 --> 172.16.170.1:6800/1310 -- osd_op(client.2216705.0:324 rb.0.1e1280.238e1f29.000000000000 [sparse-read 730112~512] 2.dabde67b) v4 -- ?+0 0x7fb5a9392a00 con 0x7fb5a91668f0
2013-03-14 18:10:27.871790 7fb5876fd700 20 librbd::AioCompletion: AioCompletion::finish_adding_requests 0x7fb5a9289bf0 pending 1
2013-03-14 18:10:27.872791 7fb58ed64700 1 -- 172.16.156.135:0/1648258 <== osd.0 172.16.170.1:6800/1310 319 ==== osd_op_reply(324 rb.0.1e1280.238e1f29.000000000000 [sparse-read 730112~512] = 0) v4 ==== 132+0+536 (423416715 0 1072967780) 0x7fb5a9393010 con 0x7fb5a91668f0
2013-03-14 18:10:27.872890 7fb587fff700 20 librbd::AioRequest: should_complete 0x7fb5a938a4d0 rb.0.1e1280.238e1f29.000000000000 730112~512 r = 0
2013-03-14 18:10:27.872906 7fb587fff700 10 librbd::AioCompletion: C_AioRead::finish() 0x7fb5a92efdd0 r = 0
2013-03-14 18:10:27.872909 7fb587fff700 10 librbd::AioCompletion: got {730112=512} for [0,512] bl 512
2013-03-14 18:10:27.872917 7fb587fff700 20 librbd::AioCompletion: AioCompletion::complete_request() 0x7fb5a9289bf0 complete_cb=0x7fb5a6fc7170 pending 1
2013-03-14 18:10:27.872921 7fb587fff700 20 librbd::AioCompletion: AioCompletion::finalize() 0x7fb5a9289bf0 rval 512 read_buf 0x7fb5a9392400 read_bl 0
2013-03-14 18:10:27.872927 7fb587fff700 20 librbd::AioCompletion: AioCompletion::finalize() copied resulting 512 bytes to 0x7fb5a9392400
2013-03-14 18:10:27.873168 7fb5876fd700 20 librbd: aio_read 0x7fb5a9162330 completion 0x7fb5a9289bf0 [730624,512]
2013-03-14 18:10:27.873176 7fb5876fd700 20 librbd: ictx_check 0x7fb5a9162330
2013-03-14 18:10:27.873184 7fb5876fd700 20 librbd: oid rb.0.1e1280.238e1f29.000000000000 730624~512 from [0,512]
2013-03-14 18:10:27.873188 7fb5876fd700 20 librbd::AioRequest: send 0x7fb5a9392ad0 rb.0.1e1280.238e1f29.000000000000 730624~512
2013-03-14 18:10:27.873204 7fb5876fd700 1 -- 172.16.156.135:0/1648258 --> 172.16.170.1:6800/1310 -- osd_op(client.2216705.0:325 rb.0.1e1280.238e1f29.000000000000 [sparse-read 730624~512] 2.dabde67b) v4 -- ?+0 0x7fb5a93938c0 con 0x7fb5a91668f0
2013-03-14 18:10:27.873217 7fb5876fd700 20 librbd::AioCompletion: AioCompletion::finish_adding_requests 0x7fb5a9289bf0 pending 1
2013-03-14 18:10:27.874179 7fb58ed64700 1 -- 172.16.156.135:0/1648258 <== osd.0 172.16.170.1:6800/1310 320 ==== osd_op_reply(325 rb.0.1e1280.238e1f29.000000000000 [sparse-read 730624~512] = 0) v4 ==== 132+0+536 (1489031543 0 2942030062) 0x7fb5a938e090 con 0x7fb5a91668f0
2013-03-14 18:10:27.874270 7fb587fff700 20 librbd::AioRequest: should_complete 0x7fb5a9392ad0 rb.0.1e1280.238e1f29.000000000000 730624~512 r = 0
2013-03-14 18:10:27.874286 7fb587fff700 10 librbd::AioCompletion: C_AioRead::finish() 0x7fb5a931d4d0 r = 0
2013-03-14 18:10:27.874289 7fb587fff700 10 librbd::AioCompletion: got {730624=512} for [0,512] bl 512
2013-03-14 18:10:27.874296 7fb587fff700 20 librbd::AioCompletion: AioCompletion::complete_request() 0x7fb5a9289bf0 complete_cb=0x7fb5a6fc7170 pending 1
2013-03-14 18:10:27.874300 7fb587fff700 20 librbd::AioCompletion: AioCompletion::finalize() 0x7fb5a9289bf0 rval 512 read_buf 0x7fb5a9392400 read_bl 0
2013-03-14 18:10:27.874305 7fb587fff700 20 librbd::AioCompletion: AioCompletion::finalize() copied resulting 512 bytes to 0x7fb5a9392400
2013-03-14 18:10:27.874454 7fb5876fd700 20 librbd: aio_read 0x7fb5a9162330 completion 0x7fb5a9289bf0 [731136,512]
2013-03-14 18:10:27.874462 7fb5876fd700 20 librbd: ictx_check 0x7fb5a9162330
2013-03-14 18:10:27.874469 7fb5876fd700 20 librbd: oid rb.0.1e1280.238e1f29.000000000000 731136~512 from [0,512]
2013-03-14 18:10:27.874474 7fb5876fd700 20 librbd::AioRequest: send 0x7fb5a93938c0 rb.0.1e1280.238e1f29.000000000000 731136~512
2013-03-14 18:10:27.874490 7fb5876fd700 1 -- 172.16.156.135:0/1648258 --> 172.16.170.1:6800/1310 -- osd_op(client.2216705.0:326 rb.0.1e1280.238e1f29.000000000000 [sparse-read 731136~512] 2.dabde67b) v4 -- ?+0 0x7fb5a938e990 con 0x7fb5a91668f0
2013-03-14 18:10:27.874503 7fb5876fd700 20 librbd::AioCompletion: AioCompletion::finish_adding_requests 0x7fb5a9289bf0 pending 1
2013-03-14 18:10:27.875457 7fb58ed64700 1 -- 172.16.156.135:0/1648258 <== osd.0 172.16.170.1:6800/1310 321 ==== osd_op_reply(326 rb.0.1e1280.238e1f29.000000000000 [sparse-read 731136~512] = 0) v4 ==== 132+0+536 (2564336498 0 482213800) 0x7fb5a938efa0 con 0x7fb5a91668f0
2013-03-14 18:10:27.875541 7fb587fff700 20 librbd::AioRequest: should_complete 0x7fb5a93938c0 rb.0.1e1280.238e1f29.000000000000 731136~512 r = 0
2013-03-14 18:10:27.875557 7fb587fff700 10 librbd::AioCompletion: C_AioRead::finish() 0x7fb5a92edee0 r = 0
2013-03-14 18:10:27.875561 7fb587fff700 10 librbd::AioCompletion: got {731136=512} for [0,512] bl 512
2013-03-14 18:10:27.875568 7fb587fff700 20 librbd::AioCompletion: AioCompletion::complete_request() 0x7fb5a9289bf0 complete_cb=0x7fb5a6fc7170 pending 1
2013-03-14 18:10:27.875573 7fb587fff700 20 librbd::AioCompletion: AioCompletion::finalize() 0x7fb5a9289bf0 rval 512 read_buf 0x7fb5a938e600 read_bl 0
2013-03-14 18:10:27.875578 7fb587fff700 20 librbd::AioCompletion: AioCompletion::finalize() copied resulting 512 bytes to 0x7fb5a938e600
2013-03-14 18:10:27.875717 7fb5876fd700 20 librbd: aio_read 0x7fb5a9162330 completion 0x7fb5a9289bf0 [731648,512]
2013-03-14 18:10:27.875726 7fb5876fd700 20 librbd: ictx_check 0x7fb5a9162330
2013-03-14 18:10:27.875733 7fb5876fd700 20 librbd: oid rb.0.1e1280.238e1f29.000000000000 731648~512 from [0,512]
2013-03-14 18:10:27.875738 7fb5876fd700 20 librbd::AioRequest: send 0x7fb5a938be10 rb.0.1e1280.238e1f29.000000000000 731648~512
2013-03-14 18:10:27.875754 7fb5876fd700 1 -- 172.16.156.135:0/1648258 --> 172.16.170.1:6800/1310 -- osd_op(client.2216705.0:327 rb.0.1e1280.238e1f29.000000000000 [sparse-read 731648~512] 2.dabde67b) v4 -- ?+0 0x7fb5a938f990 con 0x7fb5a91668f0
2013-03-14 18:10:27.875768 7fb5876fd700 20 librbd::AioCompletion: AioCompletion::finish_adding_requests 0x7fb5a9289bf0 pending 1
2013-03-14 18:10:27.876723 7fb58ed64700 1 -- 172.16.156.135:0/1648258 <== osd.0 172.16.170.1:6800/1310 322 ==== osd_op_reply(327 rb.0.1e1280.238e1f29.000000000000 [sparse-read 731648~512] = 0) v4 ==== 132+0+536 (3643058574 0 2533121644) 0x7fb5a9398050 con 0x7fb5a91668f0
2013-03-14 18:10:27.876767 7fb587fff700 20 librbd::AioRequest: should_complete 0x7fb5a938be10 rb.0.1e1280.238e1f29.000000000000 731648~512 r = 0
2013-03-14 18:10:27.876782 7fb587fff700 10 librbd::AioCompletion: C_AioRead::finish() 0x7fb5a9371280 r = 0
2013-03-14 18:10:27.876785 7fb587fff700 10 librbd::AioCompletion: got {731648=512} for [0,512] bl 512
2013-03-14 18:10:27.876791 7fb587fff700 20 librbd::AioCompletion: AioCompletion::complete_request() 0x7fb5a9289bf0 complete_cb=0x7fb5a6fc7170 pending 1
2013-03-14 18:10:27.876794 7fb587fff700 20 librbd::AioCompletion: AioCompletion::finalize() 0x7fb5a9289bf0 rval 512 read_buf 0x7fb5a938f600 read_bl 0
2013-03-14 18:10:27.876798 7fb587fff700 20 librbd::AioCompletion: AioCompletion::finalize() copied resulting 512 bytes to 0x7fb5a938f600
2013-03-14 18:10:27.876969 7fb5876fd700 20 librbd: aio_read 0x7fb5a9162330 completion 0x7fb5a9289bf0 [732160,512]
2013-03-14 18:10:27.876977 7fb5876fd700 20 librbd: ictx_check 0x7fb5a9162330
2013-03-14 18:10:27.876984 7fb5876fd700 20 librbd: oid rb.0.1e1280.238e1f29.000000000000 732160~512 from [0,512]
2013-03-14 18:10:27.876989 7fb5876fd700 20 librbd::AioRequest: send 0x7fb5a9390460 rb.0.1e1280.238e1f29.000000000000 732160~512
2013-03-14 18:10:27.877005 7fb5876fd700 1 -- 172.16.156.135:0/1648258 --> 172.16.170.1:6800/1310 -- osd_op(client.2216705.0:328 rb.0.1e1280.238e1f29.000000000000 [sparse-read 732160~512] 2.dabde67b) v4 -- ?+0 0x7fb5a9390990 con 0x7fb5a91668f0
2013-03-14 18:10:27.877019 7fb5876fd700 20 librbd::AioCompletion: AioCompletion::finish_adding_requests 0x7fb5a9289bf0 pending 1
2013-03-14 18:10:27.878276 7fb58ed64700 1 -- 172.16.156.135:0/1648258 <== osd.0 172.16.170.1:6800/1310 323 ==== osd_op_reply(328 rb.0.1e1280.238e1f29.000000000000 [sparse-read 732160~512] = 0) v4 ==== 132+0+536 (455126666 0 3422045024) 0x7fb5a9390fa0 con 0x7fb5a91668f0
2013-03-14 18:10:27.878382 7fb587fff700 20 librbd::AioRequest: should_complete 0x7fb5a9390460 rb.0.1e1280.238e1f29.000000000000 732160~512 r = 0
2013-03-14 18:10:27.878395 7fb587fff700 10 librbd::AioCompletion: C_AioRead::finish() 0x7fb5a92a4e90 r = 0
2013-03-14 18:10:27.878400 7fb587fff700 10 librbd::AioCompletion: got {732160=512} for [0,512] bl 512
2013-03-14 18:10:27.878411 7fb587fff700 20 librbd::AioCompletion: AioCompletion::complete_request() 0x7fb5a9289bf0 complete_cb=0x7fb5a6fc7170 pending 1
2013-03-14 18:10:27.878458 7fb587fff700 20 librbd::AioCompletion: AioCompletion::finalize() 0x7fb5a9289bf0 rval 512 read_buf 0x7fb5a9390600 read_bl 0
2013-03-14 18:10:27.878468 7fb587fff700 20 librbd::AioCompletion: AioCompletion::finalize() copied resulting 512 bytes to 0x7fb5a9390600
2013-03-14 18:10:27.878607 7fb5876fd700 20 librbd: aio_read 0x7fb5a9162330 completion 0x7fb5a9289bf0 [732672,512]
2013-03-14 18:10:27.878616 7fb5876fd700 20 librbd: ictx_check 0x7fb5a9162330
2013-03-14 18:10:27.878623 7fb5876fd700 20 librbd: oid rb.0.1e1280.238e1f29.000000000000 732672~512 from [0,512]
2013-03-14 18:10:27.878627 7fb5876fd700 20 librbd::AioRequest: send 0x7fb5a938f570 rb.0.1e1280.238e1f29.000000000000 732672~512
2013-03-14 18:10:27.878643 7fb5876fd700 1 -- 172.16.156.135:0/1648258 --> 172.16.170.1:6800/1310 -- osd_op(client.2216705.0:329 rb.0.1e1280.238e1f29.000000000000 [sparse-read 732672~512] 2.dabde67b) v4 -- ?+0 0x7fb5a9391bb0 con 0x7fb5a91668f0
2013-03-14 18:10:27.878658 7fb5876fd700 20 librbd::AioCompletion: AioCompletion::finish_adding_requests 0x7fb5a9289bf0 pending 1
2013-03-14 18:10:27.879741 7fb58ed64700 1 -- 172.16.156.135:0/1648258 <== osd.0 172.16.170.1:6800/1310 324 ==== osd_op_reply(329 rb.0.1e1280.238e1f29.000000000000 [sparse-read 732672~512] = 0) v4 ==== 132+0+536 (1524411510 0 436244493) 0x7fb5a9394160 con 0x7fb5a91668f0
2013-03-14 18:10:27.879793 7fb587fff700 20 librbd::AioRequest: should_complete 0x7fb5a938f570 rb.0.1e1280.238e1f29.000000000000 732672~512 r = 0
2013-03-14 18:10:27.879810 7fb587fff700 10 librbd::AioCompletion: C_AioRead::finish() 0x7fb5a924df90 r = 0
2013-03-14 18:10:27.879813 7fb587fff700 10 librbd::AioCompletion: got {732672=512} for [0,512] bl 512
2013-03-14 18:10:27.879819 7fb587fff700 20 librbd::AioCompletion: AioCompletion::complete_request() 0x7fb5a9289bf0 complete_cb=0x7fb5a6fc7170 pending 1
2013-03-14 18:10:27.879822 7fb587fff700 20 librbd::AioCompletion: AioCompletion::finalize() 0x7fb5a9289bf0 rval 512 read_buf 0x7fb5a9391800 read_bl 0
2013-03-14 18:10:27.879826 7fb587fff700 20 librbd::AioCompletion: AioCompletion::finalize() copied resulting 512 bytes to 0x7fb5a9391800
2013-03-14 18:10:27.879990 7fb5876fd700 20 librbd: aio_read 0x7fb5a9162330 completion 0x7fb5a9289bf0 [733184,512]
2013-03-14 18:10:27.879999 7fb5876fd700 20 librbd: ictx_check 0x7fb5a9162330
2013-03-14 18:10:27.880007 7fb5876fd700 20 librbd: oid rb.0.1e1280.238e1f29.000000000000 733184~512 from [0,512]
2013-03-14 18:10:27.880011 7fb5876fd700 20 librbd::AioRequest: send 0x7fb5a9391790 rb.0.1e1280.238e1f29.000000000000 733184~512
2013-03-14 18:10:27.880027 7fb5876fd700 1 -- 172.16.156.135:0/1648258 --> 172.16.170.1:6800/1310 -- osd_op(client.2216705.0:330 rb.0.1e1280.238e1f29.000000000000 [sparse-read 733184~512] 2.dabde67b) v4 -- ?+0 0x7fb5a9398a80 con 0x7fb5a91668f0
2013-03-14 18:10:27.880042 7fb5876fd700 20 librbd::AioCompletion: AioCompletion::finish_adding_requests 0x7fb5a9289bf0 pending 1
2013-03-14 18:10:27.880959 7fb58ed64700 1 -- 172.16.156.135:0/1648258 <== osd.0 172.16.170.1:6800/1310 325 ==== osd_op_reply(330 rb.0.1e1280.238e1f29.000000000000 [sparse-read 733184~512] = 0) v4 ==== 132+0+536 (2667326577 0 2074219188) 0x7fb5a9399090 con 0x7fb5a91668f0
2013-03-14 18:10:27.881062 7fb587fff700 20 librbd::AioRequest: should_complete 0x7fb5a9391790 rb.0.1e1280.238e1f29.000000000000 733184~512 r = 0
2013-03-14 18:10:27.881078 7fb587fff700 10 librbd::AioCompletion: C_AioRead::finish() 0x7fb5a9278d40 r = 0
2013-03-14 18:10:27.881081 7fb587fff700 10 librbd::AioCompletion: got {733184=512} for [0,512] bl 512
2013-03-14 18:10:27.881088 7fb587fff700 20 librbd::AioCompletion: AioCompletion::complete_request() 0x7fb5a9289bf0 complete_cb=0x7fb5a6fc7170 pending 1
2013-03-14 18:10:27.881092 7fb587fff700 20 librbd::AioCompletion: AioCompletion::finalize() 0x7fb5a9289bf0 rval 512 read_buf 0x7fb5a9398600 read_bl 0
2013-03-14 18:10:27.881098 7fb587fff700 20 librbd::AioCompletion: AioCompletion::finalize() copied resulting 512 bytes to 0x7fb5a9398600
2013-03-14 18:10:27.881273 7fb5876fd700 20 librbd: aio_read 0x7fb5a9162330 completion 0x7fb5a9289bf0 [733696,512]
2013-03-14 18:10:27.881283 7fb5876fd700 20 librbd: ictx_check 0x7fb5a9162330
2013-03-14 18:10:27.881291 7fb5876fd700 20 librbd: oid rb.0.1e1280.238e1f29.000000000000 733696~512 from [0,512]
2013-03-14 18:10:27.881296 7fb5876fd700 20 librbd::AioRequest: send 0x7fb5a93986b0 rb.0.1e1280.238e1f29.000000000000 733696~512
2013-03-14 18:10:27.881312 7fb5876fd700 1 -- 172.16.156.135:0/1648258 --> 172.16.170.1:6800/1310 -- osd_op(client.2216705.0:331 rb.0.1e1280.238e1f29.000000000000 [sparse-read 733696~512] 2.dabde67b) v4 -- ?+0 0x7fb5a9399b90 con 0x7fb5a91668f0
2013-03-14 18:10:27.881326 7fb5876fd700 20 librbd::AioCompletion: AioCompletion::finish_adding_requests 0x7fb5a9289bf0 pending 1
2013-03-14 18:10:27.882247 7fb58ed64700 1 -- 172.16.156.135:0/1648258 <== osd.0 172.16.170.1:6800/1310 326 ==== osd_op_reply(331 rb.0.1e1280.238e1f29.000000000000 [sparse-read 733696~512] = 0) v4 ==== 132+0+536 (3741331085 0 2286730892) 0x7fb5a9394380 con 0x7fb5a91668f0
2013-03-14 18:10:27.882370 7fb587fff700 20 librbd::AioRequest: should_complete 0x7fb5a93986b0 rb.0.1e1280.238e1f29.000000000000 733696~512 r = 0
2013-03-14 18:10:27.882386 7fb587fff700 10 librbd::AioCompletion: C_AioRead::finish() 0x7fb5a92733e0 r = 0
2013-03-14 18:10:27.882389 7fb587fff700 10 librbd::AioCompletion: got {733696=512} for [0,512] bl 512
2013-03-14 18:10:27.882396 7fb587fff700 20 librbd::AioCompletion: AioCompletion::complete_request() 0x7fb5a9289bf0 complete_cb=0x7fb5a6fc7170 pending 1
2013-03-14 18:10:27.882399 7fb587fff700 20 librbd::AioCompletion: AioCompletion::finalize() 0x7fb5a9289bf0 rval 512 read_buf 0x7fb5a9399800 read_bl 0
2013-03-14 18:10:27.882404 7fb587fff700 20 librbd::AioCompletion: AioCompletion::finalize() copied resulting 512 bytes to 0x7fb5a9399800
2013-03-14 18:10:27.882582 7fb5876fd700 20 librbd: aio_read 0x7fb5a9162330 completion 0x7fb5a9289bf0 [734208,512]
2013-03-14 18:10:27.882590 7fb5876fd700 20 librbd: ictx_check 0x7fb5a9162330
2013-03-14 18:10:27.882598 7fb5876fd700 20 librbd: oid rb.0.1e1280.238e1f29.000000000000 734208~512 from [0,512]
2013-03-14 18:10:27.882603 7fb5876fd700 20 librbd::AioRequest: send 0x7fb5a93997b0 rb.0.1e1280.238e1f29.000000000000 734208~512
2013-03-14 18:10:27.882619 7fb5876fd700 1 -- 172.16.156.135:0/1648258 --> 172.16.170.1:6800/1310 -- osd_op(client.2216705.0:332 rb.0.1e1280.238e1f29.000000000000 [sparse-read 734208~512] 2.dabde67b) v4 -- ?+0 0x7fb5a9395000 con 0x7fb5a91668f0
2013-03-14 18:10:27.882632 7fb5876fd700 20 librbd::AioCompletion: AioCompletion::finish_adding_requests 0x7fb5a9289bf0 pending 1
2013-03-14 18:10:27.883634 7fb58ed64700 1 -- 172.16.156.135:0/1648258 <== osd.0 172.16.170.1:6800/1310 327 ==== osd_op_reply(332 rb.0.1e1280.238e1f29.000000000000 [sparse-read 734208~512] = 0) v4 ==== 132+0+536 (486812041 0 3123074006) 0x7fb5a939e050 con 0x7fb5a91668f0
2013-03-14 18:10:27.883699 7fb587fff700 20 librbd::AioRequest: should_complete 0x7fb5a93997b0 rb.0.1e1280.238e1f29.000000000000 734208~512 r = 0
2013-03-14 18:10:27.883708 7fb587fff700 10 librbd::AioCompletion: C_AioRead::finish() 0x7fb5a93949d0 r = 0
2013-03-14 18:10:27.883710 7fb587fff700 10 librbd::AioCompletion: got {734208=512} for [0,512] bl 512
2013-03-14 18:10:27.883718 7fb587fff700 20 librbd::AioCompletion: AioCompletion::complete_request() 0x7fb5a9289bf0 complete_cb=0x7fb5a6fc7170 pending 1
2013-03-14 18:10:27.883721 7fb587fff700 20 librbd::AioCompletion: AioCompletion::finalize() 0x7fb5a9289bf0 rval 512 read_buf 0x7fb5a9394a00 read_bl 0
2013-03-14 18:10:27.883725 7fb587fff700 20 librbd::AioCompletion: AioCompletion::finalize() copied resulting 512 bytes to 0x7fb5a9394a00
2013-03-14 18:10:27.883878 7fb5876fd700 20 librbd: aio_read 0x7fb5a9162330 completion 0x7fb5a9289bf0 [734720,512]
2013-03-14 18:10:27.883886 7fb5876fd700 20 librbd: ictx_check 0x7fb5a9162330
2013-03-14 18:10:27.883893 7fb5876fd700 20 librbd: oid rb.0.1e1280.238e1f29.000000000000 734720~512 from [0,512]
2013-03-14 18:10:27.883898 7fb5876fd700 20 librbd::AioRequest: send 0x7fb5a9394fb0 rb.0.1e1280.238e1f29.000000000000 734720~512
2013-03-14 18:10:27.883913 7fb5876fd700 1 -- 172.16.156.135:0/1648258 --> 172.16.170.1:6800/1310 -- osd_op(client.2216705.0:333 rb.0.1e1280.238e1f29.000000000000 [sparse-read 734720~512] 2.dabde67b) v4 -- ?+0 0x7fb5a9396110 con 0x7fb5a91668f0
2013-03-14 18:10:27.883929 7fb5876fd700 20 librbd::AioCompletion: AioCompletion::finish_adding_requests 0x7fb5a9289bf0 pending 1
2013-03-14 18:10:27.884921 7fb58ed64700 1 -- 172.16.156.135:0/1648258 <== osd.0 172.16.170.1:6800/1310 328 ==== osd_op_reply(333 rb.0.1e1280.238e1f29.000000000000 [sparse-read 734720~512] = 0) v4 ==== 132+0+536 (1559767925 0 2107050558) 0x7fb5a9396720 con 0x7fb5a91668f0
2013-03-14 18:10:27.885005 7fb587fff700 20 librbd::AioRequest: should_complete 0x7fb5a9394fb0 rb.0.1e1280.238e1f29.000000000000 734720~512 r = 0
2013-03-14 18:10:27.885012 7fb587fff700 10 librbd::AioCompletion: C_AioRead::finish() 0x7fb5a9339ad0 r = 0
2013-03-14 18:10:27.885014 7fb587fff700 10 librbd::AioCompletion: got {734720=512} for [0,512] bl 512
2013-03-14 18:10:27.885020 7fb587fff700 20 librbd::AioCompletion: AioCompletion::complete_request() 0x7fb5a9289bf0 complete_cb=0x7fb5a6fc7170 pending 1
2013-03-14 18:10:27.885024 7fb587fff700 20 librbd::AioCompletion: AioCompletion::finalize() 0x7fb5a9289bf0 rval 512 read_buf 0x7fb5a9395c00 read_bl 0
2013-03-14 18:10:27.885028 7fb587fff700 20 librbd::AioCompletion: AioCompletion::finalize() copied resulting 512 bytes to 0x7fb5a9395c00
2013-03-14 18:10:27.885201 7fb5876fd700 20 librbd: aio_read 0x7fb5a9162330 completion 0x7fb5a9289bf0 [735232,512]
2013-03-14 18:10:27.885209 7fb5876fd700 20 librbd: ictx_check 0x7fb5a9162330
2013-03-14 18:10:27.885216 7fb5876fd700 20 librbd: oid rb.0.1e1280.238e1f29.000000000000 735232~512 from [0,512]
2013-03-14 18:10:27.885221 7fb5876fd700 20 librbd::AioRequest: send 0x7fb5a9396130 rb.0.1e1280.238e1f29.000000000000 735232~512
2013-03-14 18:10:27.885236 7fb5876fd700 1 -- 172.16.156.135:0/1648258 --> 172.16.170.1:6800/1310 -- osd_op(client.2216705.0:334 rb.0.1e1280.238e1f29.000000000000 [sparse-read 735232~512] 2.dabde67b) v4 -- ?+0 0x7fb5a9397200 con 0x7fb5a91668f0
2013-03-14 18:10:27.885249 7fb5876fd700 20 librbd::AioCompletion: AioCompletion::finish_adding_requests 0x7fb5a9289bf0 pending 1
2013-03-14 18:10:27.886309 7fb58ed64700 1 -- 172.16.156.135:0/1648258 <== osd.0 172.16.170.1:6800/1310 329 ==== osd_op_reply(334 rb.0.1e1280.238e1f29.000000000000 [sparse-read 735232~512] = 0) v4 ==== 132+0+536 (2631946608 0 2252781201) 0x7fb5a9397810 con 0x7fb5a91668f0
2013-03-14 18:10:27.886343 7fb587fff700 20 librbd::AioRequest: should_complete 0x7fb5a9396130 rb.0.1e1280.238e1f29.000000000000 735232~512 r = 0
2013-03-14 18:10:27.886351 7fb587fff700 10 librbd::AioCompletion: C_AioRead::finish() 0x7fb5a92b6880 r = 0
2013-03-14 18:10:27.886353 7fb587fff700 10 librbd::AioCompletion: got {735232=512} for [0,512] bl 512
2013-03-14 18:10:27.886358 7fb587fff700 20 librbd::AioCompletion: AioCompletion::complete_request() 0x7fb5a9289bf0 complete_cb=0x7fb5a6fc7170 pending 1
2013-03-14 18:10:27.886360 7fb587fff700 20 librbd::AioCompletion: AioCompletion::finalize() 0x7fb5a9289bf0 rval 512 read_buf 0x7fb5a9396c00 read_bl 0
2013-03-14 18:10:27.886364 7fb587fff700 20 librbd::AioCompletion: AioCompletion::finalize() copied resulting 512 bytes to 0x7fb5a9396c00
2013-03-14 18:10:27.886470 7fb5876fd700 20 librbd: aio_read 0x7fb5a9162330 completion 0x7fb5a9289bf0 [735744,512]
2013-03-14 18:10:27.886479 7fb5876fd700 20 librbd: ictx_check 0x7fb5a9162330
2013-03-14 18:10:27.886486 7fb5876fd700 20 librbd: oid rb.0.1e1280.238e1f29.000000000000 735744~512 from [0,512]
2013-03-14 18:10:27.886490 7fb5876fd700 20 librbd::AioRequest: send 0x7fb5a9397200 rb.0.1e1280.238e1f29.000000000000 735744~512
2013-03-14 18:10:27.886505 7fb5876fd700 1 -- 172.16.156.135:0/1648258 --> 172.16.170.1:6800/1310 -- osd_op(client.2216705.0:335 rb.0.1e1280.238e1f29.000000000000 [sparse-read 735744~512] 2.dabde67b) v4 -- ?+0 0x7fb5a939a210 con 0x7fb5a91668f0
2013-03-14 18:10:27.886520 7fb5876fd700 20 librbd::AioCompletion: AioCompletion::finish_adding_requests 0x7fb5a9289bf0 pending 1
2013-03-14 18:10:27.887457 7fb58ed64700 1 -- 172.16.156.135:0/1648258 <== osd.0 172.16.170.1:6800/1310 330 ==== osd_op_reply(335 rb.0.1e1280.238e1f29.000000000000 [sparse-read 735744~512] = 0) v4 ==== 132+0+536 (3709621132 0 3527046044) 0x7fb5a939a820 con 0x7fb5a91668f0
2013-03-14 18:10:27.887515 7fb587fff700 20 librbd::AioRequest: should_complete 0x7fb5a9397200 rb.0.1e1280.238e1f29.000000000000 735744~512 r = 0
2013-03-14 18:10:27.887525 7fb587fff700 10 librbd::AioCompletion: C_AioRead::finish() 0x7fb5a937c950 r = 0
2013-03-14 18:10:27.887528 7fb587fff700 10 librbd::AioCompletion: got {735744=512} for [0,512] bl 512
2013-03-14 18:10:27.887534 7fb587fff700 20 librbd::AioCompletion: AioCompletion::complete_request() 0x7fb5a9289bf0 complete_cb=0x7fb5a6fc7170 pending 1
2013-03-14 18:10:27.887538 7fb587fff700 20 librbd::AioCompletion: AioCompletion::finalize() 0x7fb5a9289bf0 rval 512 read_buf 0x7fb5a9397c00 read_bl 0
2013-03-14 18:10:27.887543 7fb587fff700 20 librbd::AioCompletion: AioCompletion::finalize() copied resulting 512 bytes to 0x7fb5a9397c00
2013-03-14 18:10:27.887727 7fb5876fd700 20 librbd: aio_read 0x7fb5a9162330 completion 0x7fb5a9289bf0 [736256,512]
2013-03-14 18:10:27.887736 7fb5876fd700 20 librbd: ictx_check 0x7fb5a9162330
2013-03-14 18:10:27.887743 7fb5876fd700 20 librbd: oid rb.0.1e1280.238e1f29.000000000000 736256~512 from [0,512]
2013-03-14 18:10:27.887747 7fb5876fd700 20 librbd::AioRequest: send 0x7fb5a9397ee0 rb.0.1e1280.238e1f29.000000000000 736256~512
2013-03-14 18:10:27.887762 7fb5876fd700 1 -- 172.16.156.135:0/1648258 --> 172.16.170.1:6800/1310 -- osd_op(client.2216705.0:336 rb.0.1e1280.238e1f29.000000000000 [sparse-read 736256~512] 2.dabde67b) v4 -- ?+0 0x7fb5a939e900 con 0x7fb5a91668f0
2013-03-14 18:10:27.887775 7fb5876fd700 20 librbd::AioCompletion: AioCompletion::finish_adding_requests 0x7fb5a9289bf0 pending 1
2013-03-14 18:10:27.888787 7fb58ed64700 1 -- 172.16.156.135:0/1648258 <== osd.0 172.16.170.1:6800/1310 331 ==== osd_op_reply(336 rb.0.1e1280.238e1f29.000000000000 [sparse-read 736256~512] = 0) v4 ==== 132+0+536 (521688200 0 2449582134) 0x7fb5a939ef10 con 0x7fb5a91668f0
2013-03-14 18:10:27.888829 7fb587fff700 20 librbd::AioRequest: should_complete 0x7fb5a9397ee0 rb.0.1e1280.238e1f29.000000000000 736256~512 r = 0
2013-03-14 18:10:27.888835 7fb587fff700 10 librbd::AioCompletion: C_AioRead::finish() 0x7fb5a925fb00 r = 0
2013-03-14 18:10:27.888839 7fb587fff700 10 librbd::AioCompletion: got {736256=512} for [0,512] bl 512
2013-03-14 18:10:27.888849 7fb587fff700 20 librbd::AioCompletion: AioCompletion::complete_request() 0x7fb5a9289bf0 complete_cb=0x7fb5a6fc7170 pending 1
2013-03-14 18:10:27.888853 7fb587fff700 20 librbd::AioCompletion: AioCompletion::finalize() 0x7fb5a9289bf0 rval 512 read_buf 0x7fb5a9397c00 read_bl 0
2013-03-14 18:10:27.888857 7fb587fff700 20 librbd::AioCompletion: AioCompletion::finalize() copied resulting 512 bytes to 0x7fb5a9397c00
2013-03-14 18:10:27.888970 7fb5876fd700 20 librbd: aio_read 0x7fb5a9162330 completion 0x7fb5a9289bf0 [736768,512]
2013-03-14 18:10:27.888980 7fb5876fd700 20 librbd: ictx_check 0x7fb5a9162330
2013-03-14 18:10:27.888987 7fb5876fd700 20 librbd: oid rb.0.1e1280.238e1f29.000000000000 736768~512 from [0,512]
2013-03-14 18:10:27.888991 7fb5876fd700 20 librbd::AioRequest: send 0x7fb5a939a160 rb.0.1e1280.238e1f29.000000000000 736768~512
2013-03-14 18:10:27.889006 7fb5876fd700 1 -- 172.16.156.135:0/1648258 --> 172.16.170.1:6800/1310 -- osd_op(client.2216705.0:337 rb.0.1e1280.238e1f29.000000000000 [sparse-read 736768~512] 2.dabde67b) v4 -- ?+0 0x7fb5a939f9d0 con 0x7fb5a91668f0
2013-03-14 18:10:27.889019 7fb5876fd700 20 librbd::AioCompletion: AioCompletion::finish_adding_requests 0x7fb5a9289bf0 pending 1
2013-03-14 18:10:27.889963 7fb58ed64700 1 -- 172.16.156.135:0/1648258 <== osd.0 172.16.170.1:6800/1310 332 ==== osd_op_reply(337 rb.0.1e1280.238e1f29.000000000000 [sparse-read 736768~512] = 0) v4 ==== 132+0+536 (1592022644 0 1890743320) 0x7fb5a939a820 con 0x7fb5a91668f0
2013-03-14 18:10:27.890002 7fb587fff700 20 librbd::AioRequest: should_complete 0x7fb5a939a160 rb.0.1e1280.238e1f29.000000000000 736768~512 r = 0
2013-03-14 18:10:27.890008 7fb587fff700 10 librbd::AioCompletion: C_AioRead::finish() 0x7fb5a9368ad0 r = 0
2013-03-14 18:10:27.890011 7fb587fff700 10 librbd::AioCompletion: got {736768=512} for [0,512] bl 512
2013-03-14 18:10:27.890016 7fb587fff700 20 librbd::AioCompletion: AioCompletion::complete_request() 0x7fb5a9289bf0 complete_cb=0x7fb5a6fc7170 pending 1
2013-03-14 18:10:27.890020 7fb587fff700 20 librbd::AioCompletion: AioCompletion::finalize() 0x7fb5a9289bf0 rval 512 read_buf 0x7fb5a939f600 read_bl 0
2013-03-14 18:10:27.890025 7fb587fff700 20 librbd::AioCompletion: AioCompletion::finalize() copied resulting 512 bytes to 0x7fb5a939f600
2013-03-14 18:10:27.890137 7fb5876fd700 20 librbd: aio_read 0x7fb5a9162330 completion 0x7fb5a9289bf0 [737280,512]
2013-03-14 18:10:27.890146 7fb5876fd700 20 librbd: ictx_check 0x7fb5a9162330
2013-03-14 18:10:27.890153 7fb5876fd700 20 librbd: oid rb.0.1e1280.238e1f29.000000000000 737280~512 from [0,512]
2013-03-14 18:10:27.890157 7fb5876fd700 20 librbd::AioRequest: send 0x7fb5a939e900 rb.0.1e1280.238e1f29.000000000000 737280~512
2013-03-14 18:10:27.890173 7fb5876fd700 1 -- 172.16.156.135:0/1648258 --> 172.16.170.1:6800/1310 -- osd_op(client.2216705.0:338 rb.0.1e1280.238e1f29.000000000000 [sparse-read 737280~512] 2.dabde67b) v4 -- ?+0 0x7fb5a939b390 con 0x7fb5a91668f0
2013-03-14 18:10:27.890186 7fb5876fd700 20 librbd::AioCompletion: AioCompletion::finish_adding_requests 0x7fb5a9289bf0 pending 1
2013-03-14 18:10:27.891160 7fb58ed64700 1 -- 172.16.156.135:0/1648258 <== osd.0 172.16.170.1:6800/1310 333 ==== osd_op_reply(338 rb.0.1e1280.238e1f29.000000000000 [sparse-read 737280~512] = 0) v4 ==== 132+0+536 (2186726015 0 2381107090) 0x7fb5a93a4050 con 0x7fb5a91668f0
2013-03-14 18:10:27.891267 7fb587fff700 20 librbd::AioRequest: should_complete 0x7fb5a939e900 rb.0.1e1280.238e1f29.000000000000 737280~512 r = 0
2013-03-14 18:10:27.891273 7fb587fff700 10 librbd::AioCompletion: C_AioRead::finish() 0x7fb5a92a3750 r = 0
2013-03-14 18:10:27.891275 7fb587fff700 10 librbd::AioCompletion: got {737280=512} for [0,512] bl 512
2013-03-14 18:10:27.891279 7fb587fff700 20 librbd::AioCompletion: AioCompletion::complete_request() 0x7fb5a9289bf0 complete_cb=0x7fb5a6fc7170 pending 1
2013-03-14 18:10:27.891282 7fb587fff700 20 librbd::AioCompletion: AioCompletion::finalize() 0x7fb5a9289bf0 rval 512 read_buf 0x7fb5a939b000 read_bl 0
2013-03-14 18:10:27.891286 7fb587fff700 20 librbd::AioCompletion: AioCompletion::finalize() copied resulting 512 bytes to 0x7fb5a939b000
2013-03-14 18:10:27.891457 7fb5876fd700 20 librbd: aio_read 0x7fb5a9162330 completion 0x7fb5a9289bf0 [737792,512]
2013-03-14 18:10:27.891465 7fb5876fd700 20 librbd: ictx_check 0x7fb5a9162330
2013-03-14 18:10:27.891472 7fb5876fd700 20 librbd: oid rb.0.1e1280.238e1f29.000000000000 737792~512 from [0,512]
2013-03-14 18:10:27.891476 7fb5876fd700 20 librbd::AioRequest: send 0x7fb5a939be70 rb.0.1e1280.238e1f29.000000000000 737792~512
2013-03-14 18:10:27.891491 7fb5876fd700 1 -- 172.16.156.135:0/1648258 --> 172.16.170.1:6800/1310 -- osd_op(client.2216705.0:339 rb.0.1e1280.238e1f29.000000000000 [sparse-read 737792~512] 2.dabde67b) v4 -- ?+0 0x7fb5a939c390 con 0x7fb5a91668f0
2013-03-14 18:10:27.891504 7fb5876fd700 20 librbd::AioCompletion: AioCompletion::finish_adding_requests 0x7fb5a9289bf0 pending 1
2013-03-14 18:10:27.892493 7fb58ed64700 1 -- 172.16.156.135:0/1648258 <== osd.0 172.16.170.1:6800/1310 334 ==== osd_op_reply(339 rb.0.1e1280.238e1f29.000000000000 [sparse-read 737792~512] = 0) v4 ==== 132+0+536 (3282749571 0 3421256155) 0x7fb5a939c9a0 con 0x7fb5a91668f0
2013-03-14 18:10:27.892530 7fb587fff700 20 librbd::AioRequest: should_complete 0x7fb5a939be70 rb.0.1e1280.238e1f29.000000000000 737792~512 r = 0
2013-03-14 18:10:27.892537 7fb587fff700 10 librbd::AioCompletion: C_AioRead::finish() 0x7fb5a933fd30 r = 0
2013-03-14 18:10:27.892539 7fb587fff700 10 librbd::AioCompletion: got {737792=512} for [0,512] bl 512
2013-03-14 18:10:27.892543 7fb587fff700 20 librbd::AioCompletion: AioCompletion::complete_request() 0x7fb5a9289bf0 complete_cb=0x7fb5a6fc7170 pending 1
2013-03-14 18:10:27.892545 7fb587fff700 20 librbd::AioCompletion: AioCompletion::finalize() 0x7fb5a9289bf0 rval 512 read_buf 0x7fb5a939c000 read_bl 0
2013-03-14 18:10:27.892548 7fb587fff700 20 librbd::AioCompletion: AioCompletion::finalize() copied resulting 512 bytes to 0x7fb5a939c000
2013-03-14 18:10:27.892845 7fb5876fd700 20 librbd: aio_read 0x7fb5a9162330 completion 0x7fb5a9289bf0 [738304,512]
2013-03-14 18:10:27.892853 7fb5876fd700 20 librbd: ictx_check 0x7fb5a9162330
2013-03-14 18:10:27.892860 7fb5876fd700 20 librbd: oid rb.0.1e1280.238e1f29.000000000000 738304~512 from [0,512]
2013-03-14 18:10:27.892865 7fb5876fd700 20 librbd::AioRequest: send 0x7fb5a939c2e0 rb.0.1e1280.238e1f29.000000000000 738304~512
2013-03-14 18:10:27.892880 7fb5876fd700 1 -- 172.16.156.135:0/1648258 --> 172.16.170.1:6800/1310 -- osd_op(client.2216705.0:340 rb.0.1e1280.238e1f29.000000000000 [sparse-read 738304~512] 2.dabde67b) v4 -- ?+0 0x7fb5a939d480 con 0x7fb5a91668f0
2013-03-14 18:10:27.892893 7fb5876fd700 20 librbd::AioCompletion: AioCompletion::finish_adding_requests 0x7fb5a9289bf0 pending 1
2013-03-14 18:10:27.893833 7fb58ed64700 1 -- 172.16.156.135:0/1648258 <== osd.0 172.16.170.1:6800/1310 335 ==== osd_op_reply(340 rb.0.1e1280.238e1f29.000000000000 [sparse-read 738304~512] = 0) v4 ==== 132+0+536 (28233607 0 2259859464) 0x7fb5a939d9c0 con 0x7fb5a91668f0
2013-03-14 18:10:27.893867 7fb587fff700 20 librbd::AioRequest: should_complete 0x7fb5a939c2e0 rb.0.1e1280.238e1f29.000000000000 738304~512 r = 0
2013-03-14 18:10:27.893874 7fb587fff700 10 librbd::AioCompletion: C_AioRead::finish() 0x7fb5a92de6b0 r = 0
2013-03-14 18:10:27.893876 7fb587fff700 10 librbd::AioCompletion: got {738304=512} for [0,512] bl 512
2013-03-14 18:10:27.893880 7fb587fff700 20 librbd::AioCompletion: AioCompletion::complete_request() 0x7fb5a9289bf0 complete_cb=0x7fb5a6fc7170 pending 1
2013-03-14 18:10:27.893883 7fb587fff700 20 librbd::AioCompletion: AioCompletion::finalize() 0x7fb5a9289bf0 rval 512 read_buf 0x7fb5a939d000 read_bl 0
2013-03-14 18:10:27.893886 7fb587fff700 20 librbd::AioCompletion: AioCompletion::finalize() copied resulting 512 bytes to 0x7fb5a939d000
2013-03-14 18:10:27.894003 7fb5876fd700 20 librbd: aio_read 0x7fb5a9162330 completion 0x7fb5a9289bf0 [738816,512]
2013-03-14 18:10:27.894011 7fb5876fd700 20 librbd: ictx_check 0x7fb5a9162330
2013-03-14 18:10:27.894018 7fb5876fd700 20 librbd: oid rb.0.1e1280.238e1f29.000000000000 738816~512 from [0,512]
2013-03-14 18:10:27.894023 7fb5876fd700 20 librbd::AioRequest: send 0x7fb5a939d480 rb.0.1e1280.238e1f29.000000000000 738816~512
2013-03-14 18:10:27.894038 7fb5876fd700 1 -- 172.16.156.135:0/1648258 --> 172.16.170.1:6800/1310 -- osd_op(client.2216705.0:341 rb.0.1e1280.238e1f29.000000000000 [sparse-read 738816~512] 2.dabde67b) v4 -- ?+0 0x7fb5a93a0590 con 0x7fb5a91668f0
2013-03-14 18:10:27.894051 7fb5876fd700 20 librbd::AioCompletion: AioCompletion::finish_adding_requests 0x7fb5a9289bf0 pending 1
2013-03-14 18:10:27.895012 7fb58ed64700 1 -- 172.16.156.135:0/1648258 <== osd.0 172.16.170.1:6800/1310 336 ==== osd_op_reply(341 rb.0.1e1280.238e1f29.000000000000 [sparse-read 738816~512] = 0) v4 ==== 132+0+536 (1079168379 0 2285542311) 0x7fb5a93a0ba0 con 0x7fb5a91668f0
2013-03-14 18:10:27.895060 7fb587fff700 20 librbd::AioRequest: should_complete 0x7fb5a939d480 rb.0.1e1280.238e1f29.000000000000 738816~512 r = 0
2013-03-14 18:10:27.895070 7fb587fff700 10 librbd::AioCompletion: C_AioRead::finish() 0x7fb5a93662d0 r = 0
2013-03-14 18:10:27.895074 7fb587fff700 10 librbd::AioCompletion: got {738816=512} for [0,512] bl 512
2013-03-14 18:10:27.895081 7fb587fff700 20 librbd::AioCompletion: AioCompletion::complete_request() 0x7fb5a9289bf0 complete_cb=0x7fb5a6fc7170 pending 1
2013-03-14 18:10:27.895085 7fb587fff700 20 librbd::AioCompletion: AioCompletion::finalize() 0x7fb5a9289bf0 rval 512 read_buf 0x7fb5a93a0200 read_bl 0
2013-03-14 18:10:27.895089 7fb587fff700 20 librbd::AioCompletion: AioCompletion::finalize() copied resulting 512 bytes to 0x7fb5a93a0200
2013-03-14 18:10:27.895373 7fb5876fd700 20 librbd: aio_read 0x7fb5a9162330 completion 0x7fb5a9289bf0 [739328,512]
2013-03-14 18:10:27.895381 7fb5876fd700 20 librbd: ictx_check 0x7fb5a9162330
2013-03-14 18:10:27.895388 7fb5876fd700 20 librbd: oid rb.0.1e1280.238e1f29.000000000000 739328~512 from [0,512]
2013-03-14 18:10:27.895393 7fb5876fd700 20 librbd::AioRequest: send 0x7fb5a939c2e0 rb.0.1e1280.238e1f29.000000000000 739328~512
2013-03-14 18:10:27.895408 7fb5876fd700 1 -- 172.16.156.135:0/1648258 --> 172.16.170.1:6800/1310 -- osd_op(client.2216705.0:342 rb.0.1e1280.238e1f29.000000000000 [sparse-read 739328~512] 2.dabde67b) v4 -- ?+0 0x7fb5a93a4a80 con 0x7fb5a91668f0
2013-03-14 18:10:27.895428 7fb5876fd700 20 librbd::AioCompletion: AioCompletion::finish_adding_requests 0x7fb5a9289bf0 pending 1
2013-03-14 18:10:27.896390 7fb58ed64700 1 -- 172.16.156.135:0/1648258 <== osd.0 172.16.170.1:6800/1310 337 ==== osd_op_reply(342 rb.0.1e1280.238e1f29.000000000000 [sparse-read 739328~512] = 0) v4 ==== 132+0+536 (2152380286 0 25933863) 0x7fb5a93a5010 con 0x7fb5a91668f0
2013-03-14 18:10:27.896427 7fb587fff700 20 librbd::AioRequest: should_complete 0x7fb5a939c2e0 rb.0.1e1280.238e1f29.000000000000 739328~512 r = 0
2013-03-14 18:10:27.896434 7fb587fff700 10 librbd::AioCompletion: C_AioRead::finish() 0x7fb5a92c4370 r = 0
2013-03-14 18:10:27.896436 7fb587fff700 10 librbd::AioCompletion: got {739328=512} for [0,512] bl 512
2013-03-14 18:10:27.896442 7fb587fff700 20 librbd::AioCompletion: AioCompletion::complete_request() 0x7fb5a9289bf0 complete_cb=0x7fb5a6fc7170 pending 1
2013-03-14 18:10:27.896446 7fb587fff700 20 librbd::AioCompletion: AioCompletion::finalize() 0x7fb5a9289bf0 rval 512 read_buf 0x7fb5a93a4600 read_bl 0
2013-03-14 18:10:27.896451 7fb587fff700 20 librbd::AioCompletion: AioCompletion::finalize() copied resulting 512 bytes to 0x7fb5a93a4600
2013-03-14 18:10:27.896574 7fb5876fd700 20 librbd: aio_read 0x7fb5a9162330 completion 0x7fb5a9289bf0 [739840,512]
2013-03-14 18:10:27.896582 7fb5876fd700 20 librbd: ictx_check 0x7fb5a9162330
2013-03-14 18:10:27.896589 7fb5876fd700 20 librbd: oid rb.0.1e1280.238e1f29.000000000000 739840~512 from [0,512]
2013-03-14 18:10:27.896594 7fb5876fd700 20 librbd::AioRequest: send 0x7fb5a93a4600 rb.0.1e1280.238e1f29.000000000000 739840~512
2013-03-14 18:10:27.896609 7fb5876fd700 1 -- 172.16.156.135:0/1648258 --> 172.16.170.1:6800/1310 -- osd_op(client.2216705.0:343 rb.0.1e1280.238e1f29.000000000000 [sparse-read 739840~512] 2.dabde67b) v4 -- ?+0 0x7fb5a93a5a80 con 0x7fb5a91668f0
2013-03-14 18:10:27.896622 7fb5876fd700 20 librbd::AioCompletion: AioCompletion::finish_adding_requests 0x7fb5a9289bf0 pending 1
2013-03-14 18:10:27.897502 7fb58ed64700 1 -- 172.16.156.135:0/1648258 <== osd.0 172.16.170.1:6800/1310 338 ==== osd_op_reply(343 rb.0.1e1280.238e1f29.000000000000 [sparse-read 739840~512] = 0) v4 ==== 132+0+536 (3249976706 0 313490950) 0x7fb5a93a0c70 con 0x7fb5a91668f0
2013-03-14 18:10:27.897539 7fb587fff700 20 librbd::AioRequest: should_complete 0x7fb5a93a4600 rb.0.1e1280.238e1f29.000000000000 739840~512 r = 0
2013-03-14 18:10:27.897545 7fb587fff700 10 librbd::AioCompletion: C_AioRead::finish() 0x7fb5a9281680 r = 0
2013-03-14 18:10:27.897548 7fb587fff700 10 librbd::AioCompletion: got {739840=512} for [0,512] bl 512
2013-03-14 18:10:27.897553 7fb587fff700 20 librbd::AioCompletion: AioCompletion::complete_request() 0x7fb5a9289bf0 complete_cb=0x7fb5a6fc7170 pending 1
2013-03-14 18:10:27.897558 7fb587fff700 20 librbd::AioCompletion: AioCompletion::finalize() 0x7fb5a9289bf0 rval 512 read_buf 0x7fb5a93a5600 read_bl 0
2013-03-14 18:10:27.897563 7fb587fff700 20 librbd::AioCompletion: AioCompletion::finalize() copied resulting 512 bytes to 0x7fb5a93a5600
2013-03-14 18:10:27.897738 7fb5876fd700 20 librbd: aio_read 0x7fb5a9162330 completion 0x7fb5a9289bf0 [740352,512]
2013-03-14 18:10:27.897746 7fb5876fd700 20 librbd: ictx_check 0x7fb5a9162330
2013-03-14 18:10:27.897753 7fb5876fd700 20 librbd: oid rb.0.1e1280.238e1f29.000000000000 740352~512 from [0,512]
2013-03-14 18:10:27.897757 7fb5876fd700 20 librbd::AioRequest: send 0x7fb5a93a5a80 rb.0.1e1280.238e1f29.000000000000 740352~512
2013-03-14 18:10:27.897772 7fb5876fd700 1 -- 172.16.156.135:0/1648258 --> 172.16.170.1:6800/1310 -- osd_op(client.2216705.0:344 rb.0.1e1280.238e1f29.000000000000 [sparse-read 740352~512] 2.dabde67b) v4 -- ?+0 0x7fb5a93a1680 con 0x7fb5a91668f0
2013-03-14 18:10:27.897785 7fb5876fd700 20 librbd::AioCompletion: AioCompletion::finish_adding_requests 0x7fb5a9289bf0 pending 1
2013-03-14 18:10:27.898753 7fb58ed64700 1 -- 172.16.156.135:0/1648258 <== osd.0 172.16.170.1:6800/1310 339 ==== osd_op_reply(344 rb.0.1e1280.238e1f29.000000000000 [sparse-read 740352~512] = 0) v4 ==== 132+0+536 (62042758 0 1874116002) 0x7fb5a93aa050 con 0x7fb5a91668f0
2013-03-14 18:10:27.898792 7fb587fff700 20 librbd::AioRequest: should_complete 0x7fb5a93a5a80 rb.0.1e1280.238e1f29.000000000000 740352~512 r = 0
2013-03-14 18:10:27.898799 7fb587fff700 10 librbd::AioCompletion: C_AioRead::finish() 0x7fb5a9272510 r = 0
2013-03-14 18:10:27.898801 7fb587fff700 10 librbd::AioCompletion: got {740352=512} for [0,512] bl 512
2013-03-14 18:10:27.898807 7fb587fff700 20 librbd::AioCompletion: AioCompletion::complete_request() 0x7fb5a9289bf0 complete_cb=0x7fb5a6fc7170 pending 1
2013-03-14 18:10:27.898811 7fb587fff700 20 librbd::AioCompletion: AioCompletion::finalize() 0x7fb5a9289bf0 rval 512 read_buf 0x7fb5a93a1200 read_bl 0
2013-03-14 18:10:27.898816 7fb587fff700 20 librbd::AioCompletion: AioCompletion::finalize() copied resulting 512 bytes to 0x7fb5a93a1200
2013-03-14 18:10:27.898975 7fb5876fd700 20 librbd: aio_read 0x7fb5a9162330 completion 0x7fb5a9289bf0 [740864,512]
2013-03-14 18:10:27.898983 7fb5876fd700 20 librbd: ictx_check 0x7fb5a9162330
2013-03-14 18:10:27.898990 7fb5876fd700 20 librbd: oid rb.0.1e1280.238e1f29.000000000000 740864~512 from [0,512]
2013-03-14 18:10:27.898995 7fb5876fd700 20 librbd::AioRequest: send 0x7fb5a93a01e0 rb.0.1e1280.238e1f29.000000000000 740864~512
2013-03-14 18:10:27.899011 7fb5876fd700 1 -- 172.16.156.135:0/1648258 --> 172.16.170.1:6800/1310 -- osd_op(client.2216705.0:345 rb.0.1e1280.238e1f29.000000000000 [sparse-read 740864~512] 2.dabde67b) v4 -- ?+0 0x7fb5a93a2660 con 0x7fb5a91668f0
2013-03-14 18:10:27.899023 7fb5876fd700 20 librbd::AioCompletion: AioCompletion::finish_adding_requests 0x7fb5a9289bf0 pending 1
2013-03-14 18:10:27.899940 7fb58ed64700 1 -- 172.16.156.135:0/1648258 <== osd.0 172.16.170.1:6800/1310 340 ==== osd_op_reply(345 rb.0.1e1280.238e1f29.000000000000 [sparse-read 740864~512] = 0) v4 ==== 132+0+536 (1112453242 0 3018245648) 0x7fb5a93a2c70 con 0x7fb5a91668f0
2013-03-14 18:10:27.900079 7fb587fff700 20 librbd::AioRequest: should_complete 0x7fb5a93a01e0 rb.0.1e1280.238e1f29.000000000000 740864~512 r = 0
2013-03-14 18:10:27.900088 7fb587fff700 10 librbd::AioCompletion: C_AioRead::finish() 0x7fb5a9353cf0 r = 0
2013-03-14 18:10:27.900092 7fb587fff700 10 librbd::AioCompletion: got {740864=512} for [0,512] bl 512
2013-03-14 18:10:27.900100 7fb587fff700 20 librbd::AioCompletion: AioCompletion::complete_request() 0x7fb5a9289bf0 complete_cb=0x7fb5a6fc7170 pending 1
2013-03-14 18:10:27.900104 7fb587fff700 20 librbd::AioCompletion: AioCompletion::finalize() 0x7fb5a9289bf0 rval 512 read_buf 0x7fb5a93a2400 read_bl 0
2013-03-14 18:10:27.900109 7fb587fff700 20 librbd::AioCompletion: AioCompletion::finalize() copied resulting 512 bytes to 0x7fb5a93a2400
2013-03-14 18:10:27.900294 7fb5876fd700 20 librbd: aio_read 0x7fb5a9162330 completion 0x7fb5a9289bf0 [741376,512]
2013-03-14 18:10:27.900302 7fb5876fd700 20 librbd: ictx_check 0x7fb5a9162330
2013-03-14 18:10:27.900310 7fb5876fd700 20 librbd: oid rb.0.1e1280.238e1f29.000000000000 741376~512 from [0,512]
2013-03-14 18:10:27.900314 7fb5876fd700 20 librbd::AioRequest: send 0x7fb5a93a56b0 rb.0.1e1280.238e1f29.000000000000 741376~512
2013-03-14 18:10:27.900330 7fb5876fd700 1 -- 172.16.156.135:0/1648258 --> 172.16.170.1:6800/1310 -- osd_op(client.2216705.0:346 rb.0.1e1280.238e1f29.000000000000 [sparse-read 741376~512] 2.dabde67b) v4 -- ?+0 0x7fb5a93a35b0 con 0x7fb5a91668f0
2013-03-14 18:10:27.900343 7fb5876fd700 20 librbd::AioCompletion: AioCompletion::finish_adding_requests 0x7fb5a9289bf0 pending 1
2013-03-14 18:10:27.901290 7fb58ed64700 1 -- 172.16.156.135:0/1648258 <== osd.0 172.16.170.1:6800/1310 341 ==== osd_op_reply(346 rb.0.1e1280.238e1f29.000000000000 [sparse-read 741376~512] = 0) v4 ==== 132+0+536 (2255368317 0 3729875699) 0x7fb5a93a3bc0 con 0x7fb5a91668f0
2013-03-14 18:10:27.901335 7fb587fff700 20 librbd::AioRequest: should_complete 0x7fb5a93a56b0 rb.0.1e1280.238e1f29.000000000000 741376~512 r = 0
2013-03-14 18:10:27.901344 7fb587fff700 10 librbd::AioCompletion: C_AioRead::finish() 0x7fb5a9290c80 r = 0
2013-03-14 18:10:27.901346 7fb587fff700 10 librbd::AioCompletion: got {741376=512} for [0,512] bl 512
2013-03-14 18:10:27.901352 7fb587fff700 20 librbd::AioCompletion: AioCompletion::complete_request() 0x7fb5a9289bf0 complete_cb=0x7fb5a6fc7170 pending 1
2013-03-14 18:10:27.901355 7fb587fff700 20 librbd::AioCompletion: AioCompletion::finalize() 0x7fb5a9289bf0 rval 512 read_buf 0x7fb5a93a2400 read_bl 0
2013-03-14 18:10:27.901359 7fb587fff700 20 librbd::AioCompletion: AioCompletion::finalize() copied resulting 512 bytes to 0x7fb5a93a2400
2013-03-14 18:10:27.901481 7fb5876fd700 20 librbd: aio_read 0x7fb5a9162330 completion 0x7fb5a9289bf0 [741888,512]
2013-03-14 18:10:27.901490 7fb5876fd700 20 librbd: ictx_check 0x7fb5a9162330
2013-03-14 18:10:27.901497 7fb5876fd700 20 librbd: oid rb.0.1e1280.238e1f29.000000000000 741888~512 from [0,512]
2013-03-14 18:10:27.901501 7fb5876fd700 20 librbd::AioRequest: send 0x7fb5a93a35b0 rb.0.1e1280.238e1f29.000000000000 741888~512
2013-03-14 18:10:27.901516 7fb5876fd700 1 -- 172.16.156.135:0/1648258 --> 172.16.170.1:6800/1310 -- osd_op(client.2216705.0:347 rb.0.1e1280.238e1f29.000000000000 [sparse-read 741888~512] 2.dabde67b) v4 -- ?+0 0x7fb5a93a6800 con 0x7fb5a91668f0
2013-03-14 18:10:27.901529 7fb5876fd700 20 librbd::AioCompletion: AioCompletion::finish_adding_requests 0x7fb5a9289bf0 pending 1
2013-03-14 18:10:27.902521 7fb58ed64700 1 -- 172.16.156.135:0/1648258 <== osd.0 172.16.170.1:6800/1310 342 ==== osd_op_reply(347 rb.0.1e1280.238e1f29.000000000000 [sparse-read 741888~512] = 0) v4 ==== 132+0+536 (3348247169 0 36302921) 0x7fb5a93a6e10 con 0x7fb5a91668f0
2013-03-14 18:10:27.902561 7fb587fff700 20 librbd::AioRequest: should_complete 0x7fb5a93a35b0 rb.0.1e1280.238e1f29.000000000000 741888~512 r = 0
2013-03-14 18:10:27.902572 7fb587fff700 10 librbd::AioCompletion: C_AioRead::finish() 0x7fb5a920dca0 r = 0
2013-03-14 18:10:27.902575 7fb587fff700 10 librbd::AioCompletion: got {741888=512} for [0,512] bl 512
2013-03-14 18:10:27.902581 7fb587fff700 20 librbd::AioCompletion: AioCompletion::complete_request() 0x7fb5a9289bf0 complete_cb=0x7fb5a6fc7170 pending 1
2013-03-14 18:10:27.902584 7fb587fff700 20 librbd::AioCompletion: AioCompletion::finalize() 0x7fb5a9289bf0 rval 512 read_buf 0x7fb5a93a6200 read_bl 0
2013-03-14 18:10:27.902588 7fb587fff700 20 librbd::AioCompletion: AioCompletion::finalize() copied resulting 512 bytes to 0x7fb5a93a6200
2013-03-14 18:10:27.902721 7fb5876fd700 20 librbd: aio_read 0x7fb5a9162330 completion 0x7fb5a9289bf0 [742400,512]
2013-03-14 18:10:27.902729 7fb5876fd700 20 librbd: ictx_check 0x7fb5a9162330
2013-03-14 18:10:27.902736 7fb5876fd700 20 librbd: oid rb.0.1e1280.238e1f29.000000000000 742400~512 from [0,512]
2013-03-14 18:10:27.902741 7fb5876fd700 20 librbd::AioRequest: send 0x7fb5a93a6800 rb.0.1e1280.238e1f29.000000000000 742400~512
2013-03-14 18:10:27.902756 7fb5876fd700 1 -- 172.16.156.135:0/1648258 --> 172.16.170.1:6800/1310 -- osd_op(client.2216705.0:348 rb.0.1e1280.238e1f29.000000000000 [sparse-read 742400~512] 2.dabde67b) v4 -- ?+0 0x7fb5a93aba00 con 0x7fb5a91668f0
2013-03-14 18:10:27.902769 7fb5876fd700 20 librbd::AioCompletion: AioCompletion::finish_adding_requests 0x7fb5a9289bf0 pending 1
2013-03-14 18:10:27.903728 7fb58ed64700 1 -- 172.16.156.135:0/1648258 <== osd.0 172.16.170.1:6800/1310 343 ==== osd_op_reply(348 rb.0.1e1280.238e1f29.000000000000 [sparse-read 742400~512] = 0) v4 ==== 132+0+536 (93730181 0 3506336301) 0x7fb5a93a6e10 con 0x7fb5a91668f0
2013-03-14 18:10:27.903769 7fb587fff700 20 librbd::AioRequest: should_complete 0x7fb5a93a6800 rb.0.1e1280.238e1f29.000000000000 742400~512 r = 0
2013-03-14 18:10:27.903784 7fb587fff700 10 librbd::AioCompletion: C_AioRead::finish() 0x7fb5a936c1e0 r = 0
2013-03-14 18:10:27.903788 7fb587fff700 10 librbd::AioCompletion: got {742400=512} for [0,512] bl 512
2013-03-14 18:10:27.903795 7fb587fff700 20 librbd::AioCompletion: AioCompletion::complete_request() 0x7fb5a9289bf0 complete_cb=0x7fb5a6fc7170 pending 1
2013-03-14 18:10:27.903800 7fb587fff700 20 librbd::AioCompletion: AioCompletion::finalize() 0x7fb5a9289bf0 rval 512 read_buf 0x7fb5a93ab400 read_bl 0
2013-03-14 18:10:27.903806 7fb587fff700 20 librbd::AioCompletion: AioCompletion::finalize() copied resulting 512 bytes to 0x7fb5a93ab400
2013-03-14 18:10:27.903937 7fb5876fd700 20 librbd: aio_read 0x7fb5a9162330 completion 0x7fb5a9289bf0 [742912,512]
2013-03-14 18:10:27.903945 7fb5876fd700 20 librbd: ictx_check 0x7fb5a9162330
2013-03-14 18:10:27.903952 7fb5876fd700 20 librbd: oid rb.0.1e1280.238e1f29.000000000000 742912~512 from [0,512]
2013-03-14 18:10:27.903956 7fb5876fd700 20 librbd::AioRequest: send 0x7fb5a93aba00 rb.0.1e1280.238e1f29.000000000000 742912~512
2013-03-14 18:10:27.903971 7fb5876fd700 1 -- 172.16.156.135:0/1648258 --> 172.16.170.1:6800/1310 -- osd_op(client.2216705.0:349 rb.0.1e1280.238e1f29.000000000000 [sparse-read 742912~512] 2.dabde67b) v4 -- ?+0 0x7fb5a93a7590 con 0x7fb5a91668f0
2013-03-14 18:10:27.903985 7fb5876fd700 20 librbd::AioCompletion: AioCompletion::finish_adding_requests 0x7fb5a9289bf0 pending 1
2013-03-14 18:10:27.904919 7fb58ed64700 1 -- 172.16.156.135:0/1648258 <== osd.0 172.16.170.1:6800/1310 344 ==== osd_op_reply(349 rb.0.1e1280.238e1f29.000000000000 [sparse-read 742912~512] = 0) v4 ==== 132+0+536 (1147811705 0 3014134559) 0x7fb5a93a7ba0 con 0x7fb5a91668f0
2013-03-14 18:10:27.904997 7fb587fff700 20 librbd::AioRequest: should_complete 0x7fb5a93aba00 rb.0.1e1280.238e1f29.000000000000 742912~512 r = 0
2013-03-14 18:10:27.905012 7fb587fff700 10 librbd::AioCompletion: C_AioRead::finish() 0x7fb5a92493f0 r = 0
2013-03-14 18:10:27.905017 7fb587fff700 10 librbd::AioCompletion: got {742912=512} for [0,512] bl 512
2013-03-14 18:10:27.905024 7fb587fff700 20 librbd::AioCompletion: AioCompletion::complete_request() 0x7fb5a9289bf0 complete_cb=0x7fb5a6fc7170 pending 1
2013-03-14 18:10:27.905028 7fb587fff700 20 librbd::AioCompletion: AioCompletion::finalize() 0x7fb5a9289bf0 rval 512 read_buf 0x7fb5a93a7200 read_bl 0
2013-03-14 18:10:27.905033 7fb587fff700 20 librbd::AioCompletion: AioCompletion::finalize() copied resulting 512 bytes to 0x7fb5a93a7200
2013-03-14 18:10:27.905215 7fb5876fd700 20 librbd: aio_read 0x7fb5a9162330 completion 0x7fb5a9289bf0 [743424,512]
2013-03-14 18:10:27.905224 7fb5876fd700 20 librbd: ictx_check 0x7fb5a9162330
2013-03-14 18:10:27.905231 7fb5876fd700 20 librbd: oid rb.0.1e1280.238e1f29.000000000000 743424~512 from [0,512]
2013-03-14 18:10:27.905235 7fb5876fd700 20 librbd::AioRequest: send 0x7fb5a93ab3c0 rb.0.1e1280.238e1f29.000000000000 743424~512
2013-03-14 18:10:27.905251 7fb5876fd700 1 -- 172.16.156.135:0/1648258 --> 172.16.170.1:6800/1310 -- osd_op(client.2216705.0:350 rb.0.1e1280.238e1f29.000000000000 [sparse-read 743424~512] 2.dabde67b) v4 -- ?+0 0x7fb5a93a87b0 con 0x7fb5a91668f0
