2013-03-14 18:10:27.412721 7fb58ed64700 1 -- 172.16.156.135:0/1648258 <== osd.0 172.16.170.1:6800/1310 24 ==== osd_op_reply(29 rb.0.1e1280.238e1f29.000000000000 [sparse-read 597504~512] = 0) v4 ==== 132+0+536 (3515540016 0 3748276952) 0x7fb5a92626a0 con 0x7fb5a91668f0
2013-03-14 18:10:27.412760 7fb587fff700 20 librbd::AioRequest: should_complete 0x7fb5a9260090 rb.0.1e1280.238e1f29.000000000000 597504~512 r = 0
2013-03-14 18:10:27.412767 7fb587fff700 10 librbd::AioCompletion: C_AioRead::finish() 0x7fb5a924c9d0 r = 0
2013-03-14 18:10:27.412768 7fb587fff700 10 librbd::AioCompletion: got {597504=512} for [0,512] bl 512
2013-03-14 18:10:27.412772 7fb587fff700 20 librbd::AioCompletion: AioCompletion::complete_request() 0x7fb5a924a0d0 complete_cb=0x7fb5a6fc7170 pending 1
2013-03-14 18:10:27.412775 7fb587fff700 20 librbd::AioCompletion: AioCompletion::finalize() 0x7fb5a924a0d0 rval 512 read_buf 0x7fb5a9260a00 read_bl 0
2013-03-14 18:10:27.412778 7fb587fff700 20 librbd::AioCompletion: AioCompletion::finalize() copied resulting 512 bytes to 0x7fb5a9260a00
2013-03-14 18:10:27.412966 7fb5876fd700 20 librbd: aio_read 0x7fb5a9162330 completion 0x7fb5a924a0d0 [598016,512]
2013-03-14 18:10:27.412975 7fb5876fd700 20 librbd: ictx_check 0x7fb5a9162330
2013-03-14 18:10:27.412984 7fb5876fd700 20 librbd: oid rb.0.1e1280.238e1f29.000000000000 598016~512 from [0,512]
2013-03-14 18:10:27.412988 7fb5876fd700 20 librbd::AioRequest: send 0x7fb5a9262090 rb.0.1e1280.238e1f29.000000000000 598016~512
2013-03-14 18:10:27.413004 7fb5876fd700 1 -- 172.16.156.135:0/1648258 --> 172.16.170.1:6800/1310 -- osd_op(client.2216705.0:30 rb.0.1e1280.238e1f29.000000000000 [sparse-read 598016~512] 2.dabde67b) v4 -- ?+0 0x7fb5a92668e0 con 0x7fb5a91668f0
2013-03-14 18:10:27.413017 7fb5876fd700 20 librbd::AioCompletion: AioCompletion::finish_adding_requests 0x7fb5a924a0d0 pending 1
2013-03-14 18:10:27.414215 7fb58ed64700 1 -- 172.16.156.135:0/1648258 <== osd.0 172.16.170.1:6800/1310 25 ==== osd_op_reply(30 rb.0.1e1280.238e1f29.000000000000 [sparse-read 598016~512] = 0) v4 ==== 132+0+536 (500930099 0 2570276142) 0x7fb5a9266ef0 con 0x7fb5a91668f0
2013-03-14 18:10:27.414294 7fb587fff700 20 librbd::AioRequest: should_complete 0x7fb5a9262090 rb.0.1e1280.238e1f29.000000000000 598016~512 r = 0
2013-03-14 18:10:27.414300 7fb587fff700 10 librbd::AioCompletion: C_AioRead::finish() 0x7fb5a924ef60 r = 0
2013-03-14 18:10:27.414303 7fb587fff700 10 librbd::AioCompletion: got {598016=512} for [0,512] bl 512
2013-03-14 18:10:27.414308 7fb587fff700 20 librbd::AioCompletion: AioCompletion::complete_request() 0x7fb5a924a0d0 complete_cb=0x7fb5a6fc7170 pending 1
2013-03-14 18:10:27.414311 7fb587fff700 20 librbd::AioCompletion: AioCompletion::finalize() 0x7fb5a924a0d0 rval 512 read_buf 0x7fb5a9260a00 read_bl 0
2013-03-14 18:10:27.414318 7fb587fff700 20 librbd::AioCompletion: AioCompletion::finalize() copied resulting 512 bytes to 0x7fb5a9260a00
2013-03-14 18:10:27.414481 7fb5876fd700 20 librbd: aio_read 0x7fb5a9162330 completion 0x7fb5a924a0d0 [598528,512]
2013-03-14 18:10:27.414489 7fb5876fd700 20 librbd: ictx_check 0x7fb5a9162330
2013-03-14 18:10:27.414497 7fb5876fd700 20 librbd: oid rb.0.1e1280.238e1f29.000000000000 598528~512 from [0,512]
2013-03-14 18:10:27.414501 7fb5876fd700 20 librbd::AioRequest: send 0x7fb5a9266810 rb.0.1e1280.238e1f29.000000000000 598528~512
2013-03-14 18:10:27.414518 7fb5876fd700 1 -- 172.16.156.135:0/1648258 --> 172.16.170.1:6800/1310 -- osd_op(client.2216705.0:31 rb.0.1e1280.238e1f29.000000000000 [sparse-read 598528~512] 2.dabde67b) v4 -- ?+0 0x7fb5a9267880 con 0x7fb5a91668f0
2013-03-14 18:10:27.414534 7fb5876fd700 20 librbd::AioCompletion: AioCompletion::finish_adding_requests 0x7fb5a924a0d0 pending 1
2013-03-14 18:10:27.415500 7fb58ed64700 1 -- 172.16.156.135:0/1648258 <== osd.0 172.16.170.1:6800/1310 26 ==== osd_op_reply(31 rb.0.1e1280.238e1f29.000000000000 [sparse-read 598528~512] = 0) v4 ==== 132+0+536 (1546097871 0 3486418803) 0x7fb5a92626a0 con 0x7fb5a91668f0
2013-03-14 18:10:27.415535 7fb587fff700 20 librbd::AioRequest: should_complete 0x7fb5a9266810 rb.0.1e1280.238e1f29.000000000000 598528~512 r = 0
2013-03-14 18:10:27.415542 7fb587fff700 10 librbd::AioCompletion: C_AioRead::finish() 0x7fb5a92011a0 r = 0
2013-03-14 18:10:27.415544 7fb587fff700 10 librbd::AioCompletion: got {598528=512} for [0,512] bl 512
2013-03-14 18:10:27.415549 7fb587fff700 20 librbd::AioCompletion: AioCompletion::complete_request() 0x7fb5a924a0d0 complete_cb=0x7fb5a6fc7170 pending 1
2013-03-14 18:10:27.415551 7fb587fff700 20 librbd::AioCompletion: AioCompletion::finalize() 0x7fb5a924a0d0 rval 512 read_buf 0x7fb5a9267200 read_bl 0
2013-03-14 18:10:27.415554 7fb587fff700 20 librbd::AioCompletion: AioCompletion::finalize() copied resulting 512 bytes to 0x7fb5a9267200
2013-03-14 18:10:27.415716 7fb5876fd700 20 librbd: aio_read 0x7fb5a9162330 completion 0x7fb5a924a0d0 [599040,512]
2013-03-14 18:10:27.415725 7fb5876fd700 20 librbd: ictx_check 0x7fb5a9162330
2013-03-14 18:10:27.415732 7fb5876fd700 20 librbd: oid rb.0.1e1280.238e1f29.000000000000 599040~512 from [0,512]
2013-03-14 18:10:27.415736 7fb5876fd700 20 librbd::AioRequest: send 0x7fb5a92668e0 rb.0.1e1280.238e1f29.000000000000 599040~512
2013-03-14 18:10:27.415752 7fb5876fd700 1 -- 172.16.156.135:0/1648258 --> 172.16.170.1:6800/1310 -- osd_op(client.2216705.0:32 rb.0.1e1280.238e1f29.000000000000 [sparse-read 599040~512] 2.dabde67b) v4 -- ?+0 0x7fb5a9262c30 con 0x7fb5a91668f0
2013-03-14 18:10:27.415769 7fb5876fd700 20 librbd::AioCompletion: AioCompletion::finish_adding_requests 0x7fb5a924a0d0 pending 1
2013-03-14 18:10:27.417051 7fb58ed64700 1 -- 172.16.156.135:0/1648258 <== osd.0 172.16.170.1:6800/1310 27 ==== osd_op_reply(32 rb.0.1e1280.238e1f29.000000000000 [sparse-read 599040~512] = 0) v4 ==== 132+0+536 (2653131723 0 414320372) 0x7fb5a926c050 con 0x7fb5a91668f0
2013-03-14 18:10:27.417096 7fb587fff700 20 librbd::AioRequest: should_complete 0x7fb5a92668e0 rb.0.1e1280.238e1f29.000000000000 599040~512 r = 0
2013-03-14 18:10:27.417103 7fb587fff700 10 librbd::AioCompletion: C_AioRead::finish() 0x7fb5a924bdb0 r = 0
2013-03-14 18:10:27.417105 7fb587fff700 10 librbd::AioCompletion: got {599040=512} for [0,512] bl 512
2013-03-14 18:10:27.417111 7fb587fff700 20 librbd::AioCompletion: AioCompletion::complete_request() 0x7fb5a924a0d0 complete_cb=0x7fb5a6fc7170 pending 1
2013-03-14 18:10:27.417117 7fb587fff700 20 librbd::AioCompletion: AioCompletion::finalize() 0x7fb5a924a0d0 rval 512 read_buf 0x7fb5a9262a00 read_bl 0
2013-03-14 18:10:27.417123 7fb587fff700 20 librbd::AioCompletion: AioCompletion::finalize() copied resulting 512 bytes to 0x7fb5a9262a00
2013-03-14 18:10:27.417411 7fb5876fd700 20 librbd: aio_read 0x7fb5a9162330 completion 0x7fb5a924a0d0 [599552,512]
2013-03-14 18:10:27.417428 7fb5876fd700 20 librbd: ictx_check 0x7fb5a9162330
2013-03-14 18:10:27.417436 7fb5876fd700 20 librbd: oid rb.0.1e1280.238e1f29.000000000000 599552~512 from [0,512]
2013-03-14 18:10:27.417440 7fb5876fd700 20 librbd::AioRequest: send 0x7fb5a9262c10 rb.0.1e1280.238e1f29.000000000000 599552~512
2013-03-14 18:10:27.417457 7fb5876fd700 1 -- 172.16.156.135:0/1648258 --> 172.16.170.1:6800/1310 -- osd_op(client.2216705.0:33 rb.0.1e1280.238e1f29.000000000000 [sparse-read 599552~512] 2.dabde67b) v4 -- ?+0 0x7fb5a9263c00 con 0x7fb5a91668f0
2013-03-14 18:10:27.417471 7fb5876fd700 20 librbd::AioCompletion: AioCompletion::finish_adding_requests 0x7fb5a924a0d0 pending 1
2013-03-14 18:10:27.418487 7fb58ed64700 1 -- 172.16.156.135:0/1648258 <== osd.0 172.16.170.1:6800/1310 28 ==== osd_op_reply(33 rb.0.1e1280.238e1f29.000000000000 [sparse-read 599552~512] = 0) v4 ==== 132+0+536 (3755970871 0 2493686877) 0x7fb5a9264210 con 0x7fb5a91668f0
2013-03-14 18:10:27.418523 7fb587fff700 20 librbd::AioRequest: should_complete 0x7fb5a9262c10 rb.0.1e1280.238e1f29.000000000000 599552~512 r = 0
2013-03-14 18:10:27.418534 7fb587fff700 10 librbd::AioCompletion: C_AioRead::finish() 0x7fb5a9249930 r = 0
2013-03-14 18:10:27.418537 7fb587fff700 10 librbd::AioCompletion: got {599552=512} for [0,512] bl 512
2013-03-14 18:10:27.418541 7fb587fff700 20 librbd::AioCompletion: AioCompletion::complete_request() 0x7fb5a924a0d0 complete_cb=0x7fb5a6fc7170 pending 1
2013-03-14 18:10:27.418544 7fb587fff700 20 librbd::AioCompletion: AioCompletion::finalize() 0x7fb5a924a0d0 rval 512 read_buf 0x7fb5a9262a00 read_bl 0
2013-03-14 18:10:27.418548 7fb587fff700 20 librbd::AioCompletion: AioCompletion::finalize() copied resulting 512 bytes to 0x7fb5a9262a00
2013-03-14 18:10:27.418704 7fb5876fd700 20 librbd: aio_read 0x7fb5a9162330 completion 0x7fb5a924a0d0 [600064,512]
2013-03-14 18:10:27.418713 7fb5876fd700 20 librbd: ictx_check 0x7fb5a9162330
2013-03-14 18:10:27.418720 7fb5876fd700 20 librbd: oid rb.0.1e1280.238e1f29.000000000000 600064~512 from [0,512]
2013-03-14 18:10:27.418725 7fb5876fd700 20 librbd::AioRequest: send 0x7fb5a9263b70 rb.0.1e1280.238e1f29.000000000000 600064~512
2013-03-14 18:10:27.418740 7fb5876fd700 1 -- 172.16.156.135:0/1648258 --> 172.16.170.1:6800/1310 -- osd_op(client.2216705.0:34 rb.0.1e1280.238e1f29.000000000000 [sparse-read 600064~512] 2.dabde67b) v4 -- ?+0 0x7fb5a9264c40 con 0x7fb5a91668f0
2013-03-14 18:10:27.418755 7fb5876fd700 20 librbd::AioCompletion: AioCompletion::finish_adding_requests 0x7fb5a924a0d0 pending 1
2013-03-14 18:10:27.419783 7fb58ed64700 1 -- 172.16.156.135:0/1648258 <== osd.0 172.16.170.1:6800/1310 29 ==== osd_op_reply(34 rb.0.1e1280.238e1f29.000000000000 [sparse-read 600064~512] = 0) v4 ==== 132+0+536 (533195570 0 2992115836) 0x7fb5a9265250 con 0x7fb5a91668f0
2013-03-14 18:10:27.419818 7fb587fff700 20 librbd::AioRequest: should_complete 0x7fb5a9263b70 rb.0.1e1280.238e1f29.000000000000 600064~512 r = 0
2013-03-14 18:10:27.419831 7fb587fff700 10 librbd::AioCompletion: C_AioRead::finish() 0x7fb5a924d700 r = 0
2013-03-14 18:10:27.419834 7fb587fff700 10 librbd::AioCompletion: got {600064=512} for [0,512] bl 512
2013-03-14 18:10:27.419838 7fb587fff700 20 librbd::AioCompletion: AioCompletion::complete_request() 0x7fb5a924a0d0 complete_cb=0x7fb5a6fc7170 pending 1
2013-03-14 18:10:27.419841 7fb587fff700 20 librbd::AioCompletion: AioCompletion::finalize() 0x7fb5a924a0d0 rval 512 read_buf 0x7fb5a9264600 read_bl 0
2013-03-14 18:10:27.419844 7fb587fff700 20 librbd::AioCompletion: AioCompletion::finalize() copied resulting 512 bytes to 0x7fb5a9264600
2013-03-14 18:10:27.420000 7fb5876fd700 20 librbd: aio_read 0x7fb5a9162330 completion 0x7fb5a924a0d0 [600576,512]
2013-03-14 18:10:27.420009 7fb5876fd700 20 librbd: ictx_check 0x7fb5a9162330
2013-03-14 18:10:27.420017 7fb5876fd700 20 librbd: oid rb.0.1e1280.238e1f29.000000000000 600576~512 from [0,512]
2013-03-14 18:10:27.420021 7fb5876fd700 20 librbd::AioRequest: send 0x7fb5a9264c80 rb.0.1e1280.238e1f29.000000000000 600576~512
2013-03-14 18:10:27.420037 7fb5876fd700 1 -- 172.16.156.135:0/1648258 --> 172.16.170.1:6800/1310 -- osd_op(client.2216705.0:35 rb.0.1e1280.238e1f29.000000000000 [sparse-read 600576~512] 2.dabde67b) v4 -- ?+0 0x7fb5a9265a20 con 0x7fb5a91668f0
2013-03-14 18:10:27.420053 7fb5876fd700 20 librbd::AioCompletion: AioCompletion::finish_adding_requests 0x7fb5a924a0d0 pending 1
2013-03-14 18:10:27.421021 7fb58ed64700 1 -- 172.16.156.135:0/1648258 <== osd.0 172.16.170.1:6800/1310 30 ==== osd_op_reply(35 rb.0.1e1280.238e1f29.000000000000 [sparse-read 600576~512] = 0) v4 ==== 132+0+536 (1580984782 0 2809600295) 0x7fb5a9268090 con 0x7fb5a91668f0
2013-03-14 18:10:27.421056 7fb587fff700 20 librbd::AioRequest: should_complete 0x7fb5a9264c80 rb.0.1e1280.238e1f29.000000000000 600576~512 r = 0
2013-03-14 18:10:27.421062 7fb587fff700 10 librbd::AioCompletion: C_AioRead::finish() 0x7fb5a9250200 r = 0
2013-03-14 18:10:27.421065 7fb587fff700 10 librbd::AioCompletion: got {600576=512} for [0,512] bl 512
2013-03-14 18:10:27.421071 7fb587fff700 20 librbd::AioCompletion: AioCompletion::complete_request() 0x7fb5a924a0d0 complete_cb=0x7fb5a6fc7170 pending 1
2013-03-14 18:10:27.421073 7fb587fff700 20 librbd::AioCompletion: AioCompletion::finalize() 0x7fb5a924a0d0 rval 512 read_buf 0x7fb5a9265400 read_bl 0
2013-03-14 18:10:27.421077 7fb587fff700 20 librbd::AioCompletion: AioCompletion::finalize() copied resulting 512 bytes to 0x7fb5a9265400
2013-03-14 18:10:27.421191 7fb5876fd700 20 librbd: aio_read 0x7fb5a9162330 completion 0x7fb5a924a0d0 [601088,512]
2013-03-14 18:10:27.421200 7fb5876fd700 20 librbd: ictx_check 0x7fb5a9162330
2013-03-14 18:10:27.421207 7fb5876fd700 20 librbd: oid rb.0.1e1280.238e1f29.000000000000 601088~512 from [0,512]
2013-03-14 18:10:27.421211 7fb5876fd700 20 librbd::AioRequest: send 0x7fb5a9265a00 rb.0.1e1280.238e1f29.000000000000 601088~512
2013-03-14 18:10:27.421227 7fb5876fd700 1 -- 172.16.156.135:0/1648258 --> 172.16.170.1:6800/1310 -- osd_op(client.2216705.0:36 rb.0.1e1280.238e1f29.000000000000 [sparse-read 601088~512] 2.dabde67b) v4 -- ?+0 0x7fb5a926ca00 con 0x7fb5a91668f0
2013-03-14 18:10:27.421240 7fb5876fd700 20 librbd::AioCompletion: AioCompletion::finish_adding_requests 0x7fb5a924a0d0 pending 1
2013-03-14 18:10:27.422239 7fb58ed64700 1 -- 172.16.156.135:0/1648258 <== osd.0 172.16.170.1:6800/1310 31 ==== osd_op_reply(36 rb.0.1e1280.238e1f29.000000000000 [sparse-read 601088~512] = 0) v4 ==== 132+0+536 (2621435594 0 636400303) 0x7fb5a926d010 con 0x7fb5a91668f0
2013-03-14 18:10:27.422273 7fb587fff700 20 librbd::AioRequest: should_complete 0x7fb5a9265a00 rb.0.1e1280.238e1f29.000000000000 601088~512 r = 0
2013-03-14 18:10:27.422279 7fb587fff700 10 librbd::AioCompletion: C_AioRead::finish() 0x7fb5a9249830 r = 0
2013-03-14 18:10:27.422283 7fb587fff700 10 librbd::AioCompletion: got {601088=512} for [0,512] bl 512
2013-03-14 18:10:27.422289 7fb587fff700 20 librbd::AioCompletion: AioCompletion::complete_request() 0x7fb5a924a0d0 complete_cb=0x7fb5a6fc7170 pending 1
2013-03-14 18:10:27.422291 7fb587fff700 20 librbd::AioCompletion: AioCompletion::finalize() 0x7fb5a924a0d0 rval 512 read_buf 0x7fb5a926c400 read_bl 0
2013-03-14 18:10:27.422294 7fb587fff700 20 librbd::AioCompletion: AioCompletion::finalize() copied resulting 512 bytes to 0x7fb5a926c400
2013-03-14 18:10:27.422471 7fb5876fd700 20 librbd: aio_read 0x7fb5a9162330 completion 0x7fb5a924a0d0 [601600,512]
2013-03-14 18:10:27.422479 7fb5876fd700 20 librbd: ictx_check 0x7fb5a9162330
2013-03-14 18:10:27.422487 7fb5876fd700 20 librbd: oid rb.0.1e1280.238e1f29.000000000000 601600~512 from [0,512]
2013-03-14 18:10:27.422491 7fb5876fd700 20 librbd::AioRequest: send 0x7fb5a926ca80 rb.0.1e1280.238e1f29.000000000000 601600~512
2013-03-14 18:10:27.422506 7fb5876fd700 1 -- 172.16.156.135:0/1648258 --> 172.16.170.1:6800/1310 -- osd_op(client.2216705.0:37 rb.0.1e1280.238e1f29.000000000000 [sparse-read 601600~512] 2.dabde67b) v4 -- ?+0 0x7fb5a926d800 con 0x7fb5a91668f0
2013-03-14 18:10:27.422520 7fb5876fd700 20 librbd::AioCompletion: AioCompletion::finish_adding_requests 0x7fb5a924a0d0 pending 1
2013-03-14 18:10:27.423741 7fb58ed64700 1 -- 172.16.156.135:0/1648258 <== osd.0 172.16.170.1:6800/1310 32 ==== osd_op_reply(37 rb.0.1e1280.238e1f29.000000000000 [sparse-read 601600~512] = 0) v4 ==== 132+0+536 (3720604726 0 4222553919) 0x7fb5a926de10 con 0x7fb5a91668f0
2013-03-14 18:10:27.423779 7fb587fff700 20 librbd::AioRequest: should_complete 0x7fb5a926ca80 rb.0.1e1280.238e1f29.000000000000 601600~512 r = 0
2013-03-14 18:10:27.423785 7fb587fff700 10 librbd::AioCompletion: C_AioRead::finish() 0x7fb5a925d230 r = 0
2013-03-14 18:10:27.423787 7fb587fff700 10 librbd::AioCompletion: got {601600=512} for [0,512] bl 512
2013-03-14 18:10:27.423791 7fb587fff700 20 librbd::AioCompletion: AioCompletion::complete_request() 0x7fb5a924a0d0 complete_cb=0x7fb5a6fc7170 pending 1
2013-03-14 18:10:27.423793 7fb587fff700 20 librbd::AioCompletion: AioCompletion::finalize() 0x7fb5a924a0d0 rval 512 read_buf 0x7fb5a926d200 read_bl 0
2013-03-14 18:10:27.423796 7fb587fff700 20 librbd::AioCompletion: AioCompletion::finalize() copied resulting 512 bytes to 0x7fb5a926d200
2013-03-14 18:10:27.423921 7fb5876fd700 20 librbd: aio_read 0x7fb5a9162330 completion 0x7fb5a924a0d0 [602112,512]
2013-03-14 18:10:27.423931 7fb5876fd700 20 librbd: ictx_check 0x7fb5a9162330
2013-03-14 18:10:27.423941 7fb5876fd700 20 librbd: oid rb.0.1e1280.238e1f29.000000000000 602112~512 from [0,512]
2013-03-14 18:10:27.423946 7fb5876fd700 20 librbd::AioRequest: send 0x7fb5a926d7b0 rb.0.1e1280.238e1f29.000000000000 602112~512
2013-03-14 18:10:27.423963 7fb5876fd700 1 -- 172.16.156.135:0/1648258 --> 172.16.170.1:6800/1310 -- osd_op(client.2216705.0:38 rb.0.1e1280.238e1f29.000000000000 [sparse-read 602112~512] 2.dabde67b) v4 -- ?+0 0x7fb5a9268800 con 0x7fb5a91668f0
2013-03-14 18:10:27.423978 7fb5876fd700 20 librbd::AioCompletion: AioCompletion::finish_adding_requests 0x7fb5a924a0d0 pending 1
2013-03-14 18:10:27.425074 7fb58ed64700 1 -- 172.16.156.135:0/1648258 <== osd.0 172.16.170.1:6800/1310 33 ==== osd_op_reply(38 rb.0.1e1280.238e1f29.000000000000 [sparse-read 602112~512] = 0) v4 ==== 132+0+536 (434334769 0 606980188) 0x7fb5a9268e10 con 0x7fb5a91668f0
2013-03-14 18:10:27.425108 7fb587fff700 20 librbd::AioRequest: should_complete 0x7fb5a926d7b0 rb.0.1e1280.238e1f29.000000000000 602112~512 r = 0
2013-03-14 18:10:27.425114 7fb587fff700 10 librbd::AioCompletion: C_AioRead::finish() 0x7fb5a9262380 r = 0
2013-03-14 18:10:27.425116 7fb587fff700 10 librbd::AioCompletion: got {602112=512} for [0,512] bl 512
2013-03-14 18:10:27.425121 7fb587fff700 20 librbd::AioCompletion: AioCompletion::complete_request() 0x7fb5a924a0d0 complete_cb=0x7fb5a6fc7170 pending 1
2013-03-14 18:10:27.425123 7fb587fff700 20 librbd::AioCompletion: AioCompletion::finalize() 0x7fb5a924a0d0 rval 512 read_buf 0x7fb5a9268200 read_bl 0
2013-03-14 18:10:27.425126 7fb587fff700 20 librbd::AioCompletion: AioCompletion::finalize() copied resulting 512 bytes to 0x7fb5a9268200
2013-03-14 18:10:27.425251 7fb5876fd700 20 librbd: aio_read 0x7fb5a9162330 completion 0x7fb5a924a0d0 [602624,512]
2013-03-14 18:10:27.425260 7fb5876fd700 20 librbd: ictx_check 0x7fb5a9162330
2013-03-14 18:10:27.425268 7fb5876fd700 20 librbd: oid rb.0.1e1280.238e1f29.000000000000 602624~512 from [0,512]
2013-03-14 18:10:27.425273 7fb5876fd700 20 librbd::AioRequest: send 0x7fb5a9268880 rb.0.1e1280.238e1f29.000000000000 602624~512
2013-03-14 18:10:27.425289 7fb5876fd700 1 -- 172.16.156.135:0/1648258 --> 172.16.170.1:6800/1310 -- osd_op(client.2216705.0:39 rb.0.1e1280.238e1f29.000000000000 [sparse-read 602624~512] 2.dabde67b) v4 -- ?+0 0x7fb5a9269600 con 0x7fb5a91668f0
2013-03-14 18:10:27.425305 7fb5876fd700 20 librbd::AioCompletion: AioCompletion::finish_adding_requests 0x7fb5a924a0d0 pending 1
2013-03-14 18:10:27.426383 7fb58ed64700 1 -- 172.16.156.135:0/1648258 <== osd.0 172.16.170.1:6800/1310 34 ==== osd_op_reply(39 rb.0.1e1280.238e1f29.000000000000 [sparse-read 602624~512] = 0) v4 ==== 132+0+536 (1478454989 0 1977426631) 0x7fb5a9272050 con 0x7fb5a91668f0
2013-03-14 18:10:27.426466 7fb587fff700 20 librbd::AioRequest: should_complete 0x7fb5a9268880 rb.0.1e1280.238e1f29.000000000000 602624~512 r = 0
2013-03-14 18:10:27.426474 7fb587fff700 10 librbd::AioCompletion: C_AioRead::finish() 0x7fb5a9247fd0 r = 0
2013-03-14 18:10:27.426476 7fb587fff700 10 librbd::AioCompletion: got {602624=512} for [0,512] bl 512
2013-03-14 18:10:27.426481 7fb587fff700 20 librbd::AioCompletion: AioCompletion::complete_request() 0x7fb5a924a0d0 complete_cb=0x7fb5a6fc7170 pending 1
2013-03-14 18:10:27.426483 7fb587fff700 20 librbd::AioCompletion: AioCompletion::finalize() 0x7fb5a924a0d0 rval 512 read_buf 0x7fb5a9269000 read_bl 0
2013-03-14 18:10:27.426487 7fb587fff700 20 librbd::AioCompletion: AioCompletion::finalize() copied resulting 512 bytes to 0x7fb5a9269000
2013-03-14 18:10:27.426627 7fb5876fd700 20 librbd: aio_read 0x7fb5a9162330 completion 0x7fb5a924a0d0 [603136,512]
2013-03-14 18:10:27.426637 7fb5876fd700 20 librbd: ictx_check 0x7fb5a9162330
2013-03-14 18:10:27.426646 7fb5876fd700 20 librbd: oid rb.0.1e1280.238e1f29.000000000000 603136~512 from [0,512]
2013-03-14 18:10:27.426650 7fb5876fd700 20 librbd::AioRequest: send 0x7fb5a92695b0 rb.0.1e1280.238e1f29.000000000000 603136~512
2013-03-14 18:10:27.426666 7fb5876fd700 1 -- 172.16.156.135:0/1648258 --> 172.16.170.1:6800/1310 -- osd_op(client.2216705.0:40 rb.0.1e1280.238e1f29.000000000000 [sparse-read 603136~512] 2.dabde67b) v4 -- ?+0 0x7fb5a926a390 con 0x7fb5a91668f0
2013-03-14 18:10:27.426681 7fb5876fd700 20 librbd::AioCompletion: AioCompletion::finish_adding_requests 0x7fb5a924a0d0 pending 1
2013-03-14 18:10:27.427722 7fb58ed64700 1 -- 172.16.156.135:0/1648258 <== osd.0 172.16.170.1:6800/1310 35 ==== osd_op_reply(40 rb.0.1e1280.238e1f29.000000000000 [sparse-read 603136~512] = 0) v4 ==== 132+0+536 (2585487817 0 1899505194) 0x7fb5a926a920 con 0x7fb5a91668f0
2013-03-14 18:10:27.427928 7fb587fff700 20 librbd::AioRequest: should_complete 0x7fb5a92695b0 rb.0.1e1280.238e1f29.000000000000 603136~512 r = 0
2013-03-14 18:10:27.427953 7fb587fff700 10 librbd::AioCompletion: C_AioRead::finish() 0x7fb5a924ef60 r = 0
2013-03-14 18:10:27.427955 7fb587fff700 10 librbd::AioCompletion: got {603136=512} for [0,512] bl 512
2013-03-14 18:10:27.427964 7fb587fff700 20 librbd::AioCompletion: AioCompletion::complete_request() 0x7fb5a924a0d0 complete_cb=0x7fb5a6fc7170 pending 1
2013-03-14 18:10:27.427967 7fb587fff700 20 librbd::AioCompletion: AioCompletion::finalize() 0x7fb5a924a0d0 rval 512 read_buf 0x7fb5a926a000 read_bl 0
2013-03-14 18:10:27.427972 7fb587fff700 20 librbd::AioCompletion: AioCompletion::finalize() copied resulting 512 bytes to 0x7fb5a926a000
2013-03-14 18:10:27.428107 7fb5876fd700 20 librbd: aio_read 0x7fb5a9162330 completion 0x7fb5a924a0d0 [603648,512]
2013-03-14 18:10:27.428116 7fb5876fd700 20 librbd: ictx_check 0x7fb5a9162330
2013-03-14 18:10:27.428124 7fb5876fd700 20 librbd: oid rb.0.1e1280.238e1f29.000000000000 603648~512 from [0,512]
2013-03-14 18:10:27.428128 7fb5876fd700 20 librbd::AioRequest: send 0x7fb5a926a0d0 rb.0.1e1280.238e1f29.000000000000 603648~512
2013-03-14 18:10:27.428145 7fb5876fd700 1 -- 172.16.156.135:0/1648258 --> 172.16.170.1:6800/1310 -- osd_op(client.2216705.0:41 rb.0.1e1280.238e1f29.000000000000 [sparse-read 603648~512] 2.dabde67b) v4 -- ?+0 0x7fb5a926b190 con 0x7fb5a91668f0
2013-03-14 18:10:27.428162 7fb5876fd700 20 librbd::AioCompletion: AioCompletion::finish_adding_requests 0x7fb5a924a0d0 pending 1
2013-03-14 18:10:27.429145 7fb58ed64700 1 -- 172.16.156.135:0/1648258 <== osd.0 172.16.170.1:6800/1310 36 ==== osd_op_reply(41 rb.0.1e1280.238e1f29.000000000000 [sparse-read 603648~512] = 0) v4 ==== 132+0+536 (3689376565 0 21474811) 0x7fb5a926b7a0 con 0x7fb5a91668f0
2013-03-14 18:10:27.429252 7fb587fff700 20 librbd::AioRequest: should_complete 0x7fb5a926a0d0 rb.0.1e1280.238e1f29.000000000000 603648~512 r = 0
2013-03-14 18:10:27.429268 7fb587fff700 10 librbd::AioCompletion: C_AioRead::finish() 0x7fb5a9263650 r = 0
2013-03-14 18:10:27.429271 7fb587fff700 10 librbd::AioCompletion: got {603648=512} for [0,512] bl 512
2013-03-14 18:10:27.429278 7fb587fff700 20 librbd::AioCompletion: AioCompletion::complete_request() 0x7fb5a924a0d0 complete_cb=0x7fb5a6fc7170 pending 1
2013-03-14 18:10:27.429283 7fb587fff700 20 librbd::AioCompletion: AioCompletion::finalize() 0x7fb5a924a0d0 rval 512 read_buf 0x7fb5a926ae00 read_bl 0
2013-03-14 18:10:27.429288 7fb587fff700 20 librbd::AioCompletion: AioCompletion::finalize() copied resulting 512 bytes to 0x7fb5a926ae00
2013-03-14 18:10:27.429431 7fb5876fd700 20 librbd: aio_read 0x7fb5a9162330 completion 0x7fb5a924a0d0 [604160,512]
2013-03-14 18:10:27.429439 7fb5876fd700 20 librbd: ictx_check 0x7fb5a9162330
2013-03-14 18:10:27.429446 7fb5876fd700 20 librbd: oid rb.0.1e1280.238e1f29.000000000000 604160~512 from [0,512]
2013-03-14 18:10:27.429451 7fb5876fd700 20 librbd::AioRequest: send 0x7fb5a926a2e0 rb.0.1e1280.238e1f29.000000000000 604160~512
2013-03-14 18:10:27.429467 7fb5876fd700 1 -- 172.16.156.135:0/1648258 --> 172.16.170.1:6800/1310 -- osd_op(client.2216705.0:42 rb.0.1e1280.238e1f29.000000000000 [sparse-read 604160~512] 2.dabde67b) v4 -- ?+0 0x7fb5a926e090 con 0x7fb5a91668f0
2013-03-14 18:10:27.429482 7fb5876fd700 20 librbd::AioCompletion: AioCompletion::finish_adding_requests 0x7fb5a924a0d0 pending 1
2013-03-14 18:10:27.430648 7fb58ed64700 1 -- 172.16.156.135:0/1648258 <== osd.0 172.16.170.1:6800/1310 37 ==== osd_op_reply(42 rb.0.1e1280.238e1f29.000000000000 [sparse-read 604160~512] = 0) v4 ==== 132+0+536 (469700912 0 1223720542) 0x7fb5a926e6a0 con 0x7fb5a91668f0
2013-03-14 18:10:27.430700 7fb587fff700 20 librbd::AioRequest: should_complete 0x7fb5a926a2e0 rb.0.1e1280.238e1f29.000000000000 604160~512 r = 0
2013-03-14 18:10:27.430710 7fb587fff700 10 librbd::AioCompletion: C_AioRead::finish() 0x7fb5a92672e0 r = 0
2013-03-14 18:10:27.430713 7fb587fff700 10 librbd::AioCompletion: got {604160=512} for [0,512] bl 512
2013-03-14 18:10:27.430720 7fb587fff700 20 librbd::AioCompletion: AioCompletion::complete_request() 0x7fb5a924a0d0 complete_cb=0x7fb5a6fc7170 pending 1
2013-03-14 18:10:27.430724 7fb587fff700 20 librbd::AioCompletion: AioCompletion::finalize() 0x7fb5a924a0d0 rval 512 read_buf 0x7fb5a926bc00 read_bl 0
2013-03-14 18:10:27.430730 7fb587fff700 20 librbd::AioCompletion: AioCompletion::finalize() copied resulting 512 bytes to 0x7fb5a926bc00
2013-03-14 18:10:27.430936 7fb5876fd700 20 librbd: aio_read 0x7fb5a9162330 completion 0x7fb5a924a0d0 [604672,512]
2013-03-14 18:10:27.430945 7fb5876fd700 20 librbd: ictx_check 0x7fb5a9162330
2013-03-14 18:10:27.430953 7fb5876fd700 20 librbd: oid rb.0.1e1280.238e1f29.000000000000 604672~512 from [0,512]
2013-03-14 18:10:27.430958 7fb5876fd700 20 librbd::AioRequest: send 0x7fb5a926e090 rb.0.1e1280.238e1f29.000000000000 604672~512
2013-03-14 18:10:27.430975 7fb5876fd700 1 -- 172.16.156.135:0/1648258 --> 172.16.170.1:6800/1310 -- osd_op(client.2216705.0:43 rb.0.1e1280.238e1f29.000000000000 [sparse-read 604672~512] 2.dabde67b) v4 -- ?+0 0x7fb5a9272790 con 0x7fb5a91668f0
2013-03-14 18:10:27.430990 7fb5876fd700 20 librbd::AioCompletion: AioCompletion::finish_adding_requests 0x7fb5a924a0d0 pending 1
2013-03-14 18:10:27.432134 7fb58ed64700 1 -- 172.16.156.135:0/1648258 <== osd.0 172.16.170.1:6800/1310 38 ==== osd_op_reply(43 rb.0.1e1280.238e1f29.000000000000 [sparse-read 604672~512] = 0) v4 ==== 132+0+536 (1510151116 0 1502528338) 0x7fb5a9272da0 con 0x7fb5a91668f0
2013-03-14 18:10:27.432280 7fb587fff700 20 librbd::AioRequest: should_complete 0x7fb5a926e090 rb.0.1e1280.238e1f29.000000000000 604672~512 r = 0
2013-03-14 18:10:27.432294 7fb587fff700 10 librbd::AioCompletion: C_AioRead::finish() 0x7fb5a924bdb0 r = 0
2013-03-14 18:10:27.432297 7fb587fff700 10 librbd::AioCompletion: got {604672=512} for [0,512] bl 512
2013-03-14 18:10:27.432303 7fb587fff700 20 librbd::AioCompletion: AioCompletion::complete_request() 0x7fb5a924a0d0 complete_cb=0x7fb5a6fc7170 pending 1
2013-03-14 18:10:27.432306 7fb587fff700 20 librbd::AioCompletion: AioCompletion::finalize() 0x7fb5a924a0d0 rval 512 read_buf 0x7fb5a9272400 read_bl 0
2013-03-14 18:10:27.432311 7fb587fff700 20 librbd::AioCompletion: AioCompletion::finalize() copied resulting 512 bytes to 0x7fb5a9272400
2013-03-14 18:10:27.432538 7fb5876fd700 20 librbd: aio_read 0x7fb5a9162330 completion 0x7fb5a924a0d0 [605184,512]
2013-03-14 18:10:27.432547 7fb5876fd700 20 librbd: ictx_check 0x7fb5a9162330
2013-03-14 18:10:27.432555 7fb5876fd700 20 librbd: oid rb.0.1e1280.238e1f29.000000000000 605184~512 from [0,512]
2013-03-14 18:10:27.432560 7fb5876fd700 20 librbd::AioRequest: send 0x7fb5a926aeb0 rb.0.1e1280.238e1f29.000000000000 605184~512
2013-03-14 18:10:27.432577 7fb5876fd700 1 -- 172.16.156.135:0/1648258 --> 172.16.170.1:6800/1310 -- osd_op(client.2216705.0:44 rb.0.1e1280.238e1f29.000000000000 [sparse-read 605184~512] 2.dabde67b) v4 -- ?+0 0x7fb5a9273590 con 0x7fb5a91668f0
2013-03-14 18:10:27.432593 7fb5876fd700 20 librbd::AioCompletion: AioCompletion::finish_adding_requests 0x7fb5a924a0d0 pending 1
2013-03-14 18:10:27.433671 7fb58ed64700 1 -- 172.16.156.135:0/1648258 <== osd.0 172.16.170.1:6800/1310 39 ==== osd_op_reply(44 rb.0.1e1280.238e1f29.000000000000 [sparse-read 605184~512] = 0) v4 ==== 132+0+536 (2550600904 0 265035075) 0x7fb5a9273ba0 con 0x7fb5a91668f0
2013-03-14 18:10:27.433737 7fb587fff700 20 librbd::AioRequest: should_complete 0x7fb5a926aeb0 rb.0.1e1280.238e1f29.000000000000 605184~512 r = 0
2013-03-14 18:10:27.433753 7fb587fff700 10 librbd::AioCompletion: C_AioRead::finish() 0x7fb5a925c080 r = 0
2013-03-14 18:10:27.433756 7fb587fff700 10 librbd::AioCompletion: got {605184=512} for [0,512] bl 512
2013-03-14 18:10:27.433764 7fb587fff700 20 librbd::AioCompletion: AioCompletion::complete_request() 0x7fb5a924a0d0 complete_cb=0x7fb5a6fc7170 pending 1
2013-03-14 18:10:27.433768 7fb587fff700 20 librbd::AioCompletion: AioCompletion::finalize() 0x7fb5a924a0d0 rval 512 read_buf 0x7fb5a9273200 read_bl 0
2013-03-14 18:10:27.433777 7fb587fff700 20 librbd::AioCompletion: AioCompletion::finalize() copied resulting 512 bytes to 0x7fb5a9273200
2013-03-14 18:10:27.433939 7fb5876fd700 20 librbd: aio_read 0x7fb5a9162330 completion 0x7fb5a924a0d0 [605696,512]
2013-03-14 18:10:27.433949 7fb5876fd700 20 librbd: ictx_check 0x7fb5a9162330
2013-03-14 18:10:27.433958 7fb5876fd700 20 librbd: oid rb.0.1e1280.238e1f29.000000000000 605696~512 from [0,512]
2013-03-14 18:10:27.433963 7fb5876fd700 20 librbd::AioRequest: send 0x7fb5a9273190 rb.0.1e1280.238e1f29.000000000000 605696~512
2013-03-14 18:10:27.433979 7fb5876fd700 1 -- 172.16.156.135:0/1648258 --> 172.16.170.1:6800/1310 -- osd_op(client.2216705.0:45 rb.0.1e1280.238e1f29.000000000000 [sparse-read 605696~512] 2.dabde67b) v4 -- ?+0 0x7fb5a926ee80 con 0x7fb5a91668f0
2013-03-14 18:10:27.433997 7fb5876fd700 20 librbd::AioCompletion: AioCompletion::finish_adding_requests 0x7fb5a924a0d0 pending 1
2013-03-14 18:10:27.435044 7fb58ed64700 1 -- 172.16.156.135:0/1648258 <== osd.0 172.16.170.1:6800/1310 40 ==== osd_op_reply(45 rb.0.1e1280.238e1f29.000000000000 [sparse-read 605696~512] = 0) v4 ==== 132+0+536 (3657111092 0 2389129429) 0x7fb5a9278050 con 0x7fb5a91668f0
2013-03-14 18:10:27.435133 7fb587fff700 20 librbd::AioRequest: should_complete 0x7fb5a9273190 rb.0.1e1280.238e1f29.000000000000 605696~512 r = 0
2013-03-14 18:10:27.435152 7fb587fff700 10 librbd::AioCompletion: C_AioRead::finish() 0x7fb5a92522d0 r = 0
2013-03-14 18:10:27.435155 7fb587fff700 10 librbd::AioCompletion: got {605696=512} for [0,512] bl 512
2013-03-14 18:10:27.435163 7fb587fff700 20 librbd::AioCompletion: AioCompletion::complete_request() 0x7fb5a924a0d0 complete_cb=0x7fb5a6fc7170 pending 1
2013-03-14 18:10:27.435168 7fb587fff700 20 librbd::AioCompletion: AioCompletion::finalize() 0x7fb5a924a0d0 rval 512 read_buf 0x7fb5a926ea00 read_bl 0
2013-03-14 18:10:27.435173 7fb587fff700 20 librbd::AioCompletion: AioCompletion::finalize() copied resulting 512 bytes to 0x7fb5a926ea00
2013-03-14 18:10:27.435348 7fb5876fd700 20 librbd: aio_read 0x7fb5a9162330 completion 0x7fb5a924a0d0 [606208,512]
2013-03-14 18:10:27.435358 7fb5876fd700 20 librbd: ictx_check 0x7fb5a9162330
2013-03-14 18:10:27.435366 7fb5876fd700 20 librbd: oid rb.0.1e1280.238e1f29.000000000000 606208~512 from [0,512]
2013-03-14 18:10:27.435371 7fb5876fd700 20 librbd::AioRequest: send 0x7fb5a926ee30 rb.0.1e1280.238e1f29.000000000000 606208~512
2013-03-14 18:10:27.435387 7fb5876fd700 1 -- 172.16.156.135:0/1648258 --> 172.16.170.1:6800/1310 -- osd_op(client.2216705.0:46 rb.0.1e1280.238e1f29.000000000000 [sparse-read 606208~512] 2.dabde67b) v4 -- ?+0 0x7fb5a926ffe0 con 0x7fb5a91668f0
2013-03-14 18:10:27.435403 7fb5876fd700 20 librbd::AioCompletion: AioCompletion::finish_adding_requests 0x7fb5a924a0d0 pending 1
2013-03-14 18:10:27.436527 7fb58ed64700 1 -- 172.16.156.135:0/1648258 <== osd.0 172.16.170.1:6800/1310 41 ==== osd_op_reply(46 rb.0.1e1280.238e1f29.000000000000 [sparse-read 606208~512] = 0) v4 ==== 132+0+536 (88705599 0 2255575667) 0x7fb5a92705f0 con 0x7fb5a91668f0
2013-03-14 18:10:27.436727 7fb587fff700 20 librbd::AioRequest: should_complete 0x7fb5a926ee30 rb.0.1e1280.238e1f29.000000000000 606208~512 r = 0
2013-03-14 18:10:27.436737 7fb587fff700 10 librbd::AioCompletion: C_AioRead::finish() 0x7fb5a924dcc0 r = 0
2013-03-14 18:10:27.436739 7fb587fff700 10 librbd::AioCompletion: got {606208=512} for [0,512] bl 512
2013-03-14 18:10:27.436746 7fb587fff700 20 librbd::AioCompletion: AioCompletion::complete_request() 0x7fb5a924a0d0 complete_cb=0x7fb5a6fc7170 pending 1
2013-03-14 18:10:27.436748 7fb587fff700 20 librbd::AioCompletion: AioCompletion::finalize() 0x7fb5a924a0d0 rval 512 read_buf 0x7fb5a926fc00 read_bl 0
2013-03-14 18:10:27.436752 7fb587fff700 20 librbd::AioCompletion: AioCompletion::finalize() copied resulting 512 bytes to 0x7fb5a926fc00
2013-03-14 18:10:27.436878 7fb5876fd700 20 librbd: aio_read 0x7fb5a9162330 completion 0x7fb5a924a0d0 [606720,512]
2013-03-14 18:10:27.436887 7fb5876fd700 20 librbd: ictx_check 0x7fb5a9162330
2013-03-14 18:10:27.436895 7fb5876fd700 20 librbd: oid rb.0.1e1280.238e1f29.000000000000 606720~512 from [0,512]
2013-03-14 18:10:27.436900 7fb5876fd700 20 librbd::AioRequest: send 0x7fb5a9273190 rb.0.1e1280.238e1f29.000000000000 606720~512
2013-03-14 18:10:27.436915 7fb5876fd700 1 -- 172.16.156.135:0/1648258 --> 172.16.170.1:6800/1310 -- osd_op(client.2216705.0:47 rb.0.1e1280.238e1f29.000000000000 [sparse-read 606720~512] 2.dabde67b) v4 -- ?+0 0x7fb5a9270e70 con 0x7fb5a91668f0
2013-03-14 18:10:27.436930 7fb5876fd700 20 librbd::AioCompletion: AioCompletion::finish_adding_requests 0x7fb5a924a0d0 pending 1
2013-03-14 18:10:27.438073 7fb58ed64700 1 -- 172.16.156.135:0/1648258 <== osd.0 172.16.170.1:6800/1310 42 ==== osd_op_reply(47 rb.0.1e1280.238e1f29.000000000000 [sparse-read 606720~512] = 0) v4 ==== 132+0+536 (1152747715 0 2430682881) 0x7fb5a9271480 con 0x7fb5a91668f0
2013-03-14 18:10:27.438173 7fb587fff700 20 librbd::AioRequest: should_complete 0x7fb5a9273190 rb.0.1e1280.238e1f29.000000000000 606720~512 r = 0
2013-03-14 18:10:27.438191 7fb587fff700 10 librbd::AioCompletion: C_AioRead::finish() 0x7fb5a924f350 r = 0
2013-03-14 18:10:27.438195 7fb587fff700 10 librbd::AioCompletion: got {606720=512} for [0,512] bl 512
2013-03-14 18:10:27.438203 7fb587fff700 20 librbd::AioCompletion: AioCompletion::complete_request() 0x7fb5a924a0d0 complete_cb=0x7fb5a6fc7170 pending 1
2013-03-14 18:10:27.438208 7fb587fff700 20 librbd::AioCompletion: AioCompletion::finalize() 0x7fb5a924a0d0 rval 512 read_buf 0x7fb5a9270c00 read_bl 0
2013-03-14 18:10:27.438214 7fb587fff700 20 librbd::AioCompletion: AioCompletion::finalize() copied resulting 512 bytes to 0x7fb5a9270c00
2013-03-14 18:10:27.438417 7fb5876fd700 20 librbd: aio_read 0x7fb5a9162330 completion 0x7fb5a924a0d0 [607232,512]
2013-03-14 18:10:27.438436 7fb5876fd700 20 librbd: ictx_check 0x7fb5a9162330
2013-03-14 18:10:27.438445 7fb5876fd700 20 librbd: oid rb.0.1e1280.238e1f29.000000000000 607232~512 from [0,512]
2013-03-14 18:10:27.438449 7fb5876fd700 20 librbd::AioRequest: send 0x7fb5a926fd60 rb.0.1e1280.238e1f29.000000000000 607232~512
2013-03-14 18:10:27.438465 7fb5876fd700 1 -- 172.16.156.135:0/1648258 --> 172.16.170.1:6800/1310 -- osd_op(client.2216705.0:48 rb.0.1e1280.238e1f29.000000000000 [sparse-read 607232~512] 2.dabde67b) v4 -- ?+0 0x7fb5a9274090 con 0x7fb5a91668f0
2013-03-14 18:10:27.438481 7fb5876fd700 20 librbd::AioCompletion: AioCompletion::finish_adding_requests 0x7fb5a924a0d0 pending 1
2013-03-14 18:10:27.439541 7fb58ed64700 1 -- 172.16.156.135:0/1648258 <== osd.0 172.16.170.1:6800/1310 43 ==== osd_op_reply(48 rb.0.1e1280.238e1f29.000000000000 [sparse-read 607232~512] = 0) v4 ==== 132+0+536 (2259783623 0 126282378) 0x7fb5a92746a0 con 0x7fb5a91668f0
2013-03-14 18:10:27.439653 7fb587fff700 20 librbd::AioRequest: should_complete 0x7fb5a926fd60 rb.0.1e1280.238e1f29.000000000000 607232~512 r = 0
2013-03-14 18:10:27.439671 7fb587fff700 10 librbd::AioCompletion: C_AioRead::finish() 0x7fb5a9270bd0 r = 0
2013-03-14 18:10:27.439675 7fb587fff700 10 librbd::AioCompletion: got {607232=512} for [0,512] bl 512
2013-03-14 18:10:27.439683 7fb587fff700 20 librbd::AioCompletion: AioCompletion::complete_request() 0x7fb5a924a0d0 complete_cb=0x7fb5a6fc7170 pending 1
2013-03-14 18:10:27.439688 7fb587fff700 20 librbd::AioCompletion: AioCompletion::finalize() 0x7fb5a924a0d0 rval 512 read_buf 0x7fb5a9270c00 read_bl 0
2013-03-14 18:10:27.439693 7fb587fff700 20 librbd::AioCompletion: AioCompletion::finalize() copied resulting 512 bytes to 0x7fb5a9270c00
2013-03-14 18:10:27.439828 7fb5876fd700 20 librbd: aio_read 0x7fb5a9162330 completion 0x7fb5a924a0d0 [607744,512]
2013-03-14 18:10:27.439837 7fb5876fd700 20 librbd: ictx_check 0x7fb5a9162330
2013-03-14 18:10:27.439845 7fb5876fd700 20 librbd: oid rb.0.1e1280.238e1f29.000000000000 607744~512 from [0,512]
2013-03-14 18:10:27.439849 7fb5876fd700 20 librbd::AioRequest: send 0x7fb5a9274160 rb.0.1e1280.238e1f29.000000000000 607744~512
2013-03-14 18:10:27.439865 7fb5876fd700 1 -- 172.16.156.135:0/1648258 --> 172.16.170.1:6800/1310 -- osd_op(client.2216705.0:49 rb.0.1e1280.238e1f29.000000000000 [sparse-read 607744~512] 2.dabde67b) v4 -- ?+0 0x7fb5a9278a50 con 0x7fb5a91668f0
2013-03-14 18:10:27.439880 7fb5876fd700 20 librbd::AioCompletion: AioCompletion::finish_adding_requests 0x7fb5a924a0d0 pending 1
2013-03-14 18:10:27.440909 7fb58ed64700 1 -- 172.16.156.135:0/1648258 <== osd.0 172.16.170.1:6800/1310 44 ==== osd_op_reply(49 rb.0.1e1280.238e1f29.000000000000 [sparse-read 607744~512] = 0) v4 ==== 132+0+536 (3343748411 0 3094091991) 0x7fb5a9279060 con 0x7fb5a91668f0
2013-03-14 18:10:27.441060 7fb587fff700 20 librbd::AioRequest: should_complete 0x7fb5a9274160 rb.0.1e1280.238e1f29.000000000000 607744~512 r = 0
2013-03-14 18:10:27.441074 7fb587fff700 10 librbd::AioCompletion: C_AioRead::finish() 0x7fb5a9270bd0 r = 0
2013-03-14 18:10:27.441077 7fb587fff700 10 librbd::AioCompletion: got {607744=512} for [0,512] bl 512
2013-03-14 18:10:27.441084 7fb587fff700 20 librbd::AioCompletion: AioCompletion::complete_request() 0x7fb5a924a0d0 complete_cb=0x7fb5a6fc7170 pending 1
2013-03-14 18:10:27.441088 7fb587fff700 20 librbd::AioCompletion: AioCompletion::finalize() 0x7fb5a924a0d0 rval 512 read_buf 0x7fb5a9270c00 read_bl 0
2013-03-14 18:10:27.441092 7fb587fff700 20 librbd::AioCompletion: AioCompletion::finalize() copied resulting 512 bytes to 0x7fb5a9270c00
2013-03-14 18:10:27.441314 7fb5876fd700 20 librbd: aio_read 0x7fb5a9162330 completion 0x7fb5a924a0d0 [608256,512]
2013-03-14 18:10:27.441331 7fb5876fd700 20 librbd: ictx_check 0x7fb5a9162330
2013-03-14 18:10:27.441341 7fb5876fd700 20 librbd: oid rb.0.1e1280.238e1f29.000000000000 608256~512 from [0,512]
2013-03-14 18:10:27.441348 7fb5876fd700 20 librbd::AioRequest: send 0x7fb5a9270ee0 rb.0.1e1280.238e1f29.000000000000 608256~512
2013-03-14 18:10:27.441372 7fb5876fd700 1 -- 172.16.156.135:0/1648258 --> 172.16.170.1:6800/1310 -- osd_op(client.2216705.0:50 rb.0.1e1280.238e1f29.000000000000 [sparse-read 608256~512] 2.dabde67b) v4 -- ?+0 0x7fb5a9279aa0 con 0x7fb5a91668f0
2013-03-14 18:10:27.441388 7fb5876fd700 20 librbd::AioCompletion: AioCompletion::finish_adding_requests 0x7fb5a924a0d0 pending 1
2013-03-14 18:10:27.442466 7fb58ed64700 1 -- 172.16.156.135:0/1648258 <== osd.0 172.16.170.1:6800/1310 45 ==== osd_op_reply(50 rb.0.1e1280.238e1f29.000000000000 [sparse-read 608256~512] = 0) v4 ==== 132+0+536 (123074366 0 918420486) 0x7fb5a9274770 con 0x7fb5a91668f0
2013-03-14 18:10:27.442568 7fb587fff700 20 librbd::AioRequest: should_complete 0x7fb5a9270ee0 rb.0.1e1280.238e1f29.000000000000 608256~512 r = 0
2013-03-14 18:10:27.442582 7fb587fff700 10 librbd::AioCompletion: C_AioRead::finish() 0x7fb5a9270bd0 r = 0
2013-03-14 18:10:27.442585 7fb587fff700 10 librbd::AioCompletion: got {608256=512} for [0,512] bl 512
2013-03-14 18:10:27.442592 7fb587fff700 20 librbd::AioCompletion: AioCompletion::complete_request() 0x7fb5a924a0d0 complete_cb=0x7fb5a6fc7170 pending 1
2013-03-14 18:10:27.442595 7fb587fff700 20 librbd::AioCompletion: AioCompletion::finalize() 0x7fb5a924a0d0 rval 512 read_buf 0x7fb5a9270c00 read_bl 0
2013-03-14 18:10:27.442599 7fb587fff700 20 librbd::AioCompletion: AioCompletion::finalize() copied resulting 512 bytes to 0x7fb5a9270c00
2013-03-14 18:10:27.442799 7fb5876fd700 20 librbd: aio_read 0x7fb5a9162330 completion 0x7fb5a924a0d0 [608768,512]
2013-03-14 18:10:27.442810 7fb5876fd700 20 librbd: ictx_check 0x7fb5a9162330
2013-03-14 18:10:27.442821 7fb5876fd700 20 librbd: oid rb.0.1e1280.238e1f29.000000000000 608768~512 from [0,512]
2013-03-14 18:10:27.442829 7fb5876fd700 20 librbd::AioRequest: send 0x7fb5a9270bd0 rb.0.1e1280.238e1f29.000000000000 608768~512
2013-03-14 18:10:27.442850 7fb5876fd700 1 -- 172.16.156.135:0/1648258 --> 172.16.170.1:6800/1310 -- osd_op(client.2216705.0:51 rb.0.1e1280.238e1f29.000000000000 [sparse-read 608768~512] 2.dabde67b) v4 -- ?+0 0x7fb5a9275400 con 0x7fb5a91668f0
2013-03-14 18:10:27.442876 7fb5876fd700 20 librbd::AioCompletion: AioCompletion::finish_adding_requests 0x7fb5a924a0d0 pending 1
2013-03-14 18:10:27.443942 7fb58ed64700 1 -- 172.16.156.135:0/1648258 <== osd.0 172.16.170.1:6800/1310 46 ==== osd_op_reply(51 rb.0.1e1280.238e1f29.000000000000 [sparse-read 608768~512] = 0) v4 ==== 132+0+536 (1185543618 0 999739975) 0x7fb5a927e050 con 0x7fb5a91668f0
2013-03-14 18:10:27.444083 7fb587fff700 20 librbd::AioRequest: should_complete 0x7fb5a9270bd0 rb.0.1e1280.238e1f29.000000000000 608768~512 r = 0
2013-03-14 18:10:27.444099 7fb587fff700 10 librbd::AioCompletion: C_AioRead::finish() 0x7fb5a926e160 r = 0
2013-03-14 18:10:27.444101 7fb587fff700 10 librbd::AioCompletion: got {608768=512} for [0,512] bl 512
2013-03-14 18:10:27.444108 7fb587fff700 20 librbd::AioCompletion: AioCompletion::complete_request() 0x7fb5a924a0d0 complete_cb=0x7fb5a6fc7170 pending 1
2013-03-14 18:10:27.444111 7fb587fff700 20 librbd::AioCompletion: AioCompletion::finalize() 0x7fb5a924a0d0 rval 512 read_buf 0x7fb5a9274e00 read_bl 0
2013-03-14 18:10:27.444115 7fb587fff700 20 librbd::AioCompletion: AioCompletion::finalize() copied resulting 512 bytes to 0x7fb5a9274e00
2013-03-14 18:10:27.444292 7fb5876fd700 20 librbd: aio_read 0x7fb5a9162330 completion 0x7fb5a924a0d0 [609280,512]
2013-03-14 18:10:27.444301 7fb5876fd700 20 librbd: ictx_check 0x7fb5a9162330
2013-03-14 18:10:27.444309 7fb5876fd700 20 librbd: oid rb.0.1e1280.238e1f29.000000000000 609280~512 from [0,512]
2013-03-14 18:10:27.444314 7fb5876fd700 20 librbd::AioRequest: send 0x7fb5a92753b0 rb.0.1e1280.238e1f29.000000000000 609280~512
2013-03-14 18:10:27.444330 7fb5876fd700 1 -- 172.16.156.135:0/1648258 --> 172.16.170.1:6800/1310 -- osd_op(client.2216705.0:52 rb.0.1e1280.238e1f29.000000000000 [sparse-read 609280~512] 2.dabde67b) v4 -- ?+0 0x7fb5a9276600 con 0x7fb5a91668f0
2013-03-14 18:10:27.444345 7fb5876fd700 20 librbd::AioCompletion: AioCompletion::finish_adding_requests 0x7fb5a924a0d0 pending 1
2013-03-14 18:10:27.445494 7fb58ed64700 1 -- 172.16.156.135:0/1648258 <== osd.0 172.16.170.1:6800/1310 47 ==== osd_op_reply(52 rb.0.1e1280.238e1f29.000000000000 [sparse-read 609280~512] = 0) v4 ==== 132+0+536 (2225992390 0 1692922623) 0x7fb5a9276c10 con 0x7fb5a91668f0
2013-03-14 18:10:27.445625 7fb587fff700 20 librbd::AioRequest: should_complete 0x7fb5a92753b0 rb.0.1e1280.238e1f29.000000000000 609280~512 r = 0
2013-03-14 18:10:27.445638 7fb587fff700 10 librbd::AioCompletion: C_AioRead::finish() 0x7fb5a9274380 r = 0
2013-03-14 18:10:27.445642 7fb587fff700 10 librbd::AioCompletion: got {609280=512} for [0,512] bl 512
2013-03-14 18:10:27.445649 7fb587fff700 20 librbd::AioCompletion: AioCompletion::complete_request() 0x7fb5a924a0d0 complete_cb=0x7fb5a6fc7170 pending 1
2013-03-14 18:10:27.445654 7fb587fff700 20 librbd::AioCompletion: AioCompletion::finalize() 0x7fb5a924a0d0 rval 512 read_buf 0x7fb5a9276000 read_bl 0
2013-03-14 18:10:27.445660 7fb587fff700 20 librbd::AioCompletion: AioCompletion::finalize() copied resulting 512 bytes to 0x7fb5a9276000
2013-03-14 18:10:27.445822 7fb5876fd700 20 librbd: aio_read 0x7fb5a9162330 completion 0x7fb5a924a0d0 [609792,512]
2013-03-14 18:10:27.445830 7fb5876fd700 20 librbd: ictx_check 0x7fb5a9162330
2013-03-14 18:10:27.445838 7fb5876fd700 20 librbd: oid rb.0.1e1280.238e1f29.000000000000 609792~512 from [0,512]
2013-03-14 18:10:27.445843 7fb5876fd700 20 librbd::AioRequest: send 0x7fb5a9276600 rb.0.1e1280.238e1f29.000000000000 609792~512
2013-03-14 18:10:27.445859 7fb5876fd700 1 -- 172.16.156.135:0/1648258 --> 172.16.170.1:6800/1310 -- osd_op(client.2216705.0:53 rb.0.1e1280.238e1f29.000000000000 [sparse-read 609792~512] 2.dabde67b) v4 -- ?+0 0x7fb5a9277390 con 0x7fb5a91668f0
2013-03-14 18:10:27.445874 7fb5876fd700 20 librbd::AioCompletion: AioCompletion::finish_adding_requests 0x7fb5a924a0d0 pending 1
2013-03-14 18:10:27.446917 7fb58ed64700 1 -- 172.16.156.135:0/1648258 <== osd.0 172.16.170.1:6800/1310 48 ==== osd_op_reply(53 rb.0.1e1280.238e1f29.000000000000 [sparse-read 609792~512] = 0) v4 ==== 132+0+536 (3310481466 0 2018504681) 0x7fb5a92779a0 con 0x7fb5a91668f0
2013-03-14 18:10:27.447027 7fb587fff700 20 librbd::AioRequest: should_complete 0x7fb5a9276600 rb.0.1e1280.238e1f29.000000000000 609792~512 r = 0
2013-03-14 18:10:27.447045 7fb587fff700 10 librbd::AioCompletion: C_AioRead::finish() 0x7fb5a9269680 r = 0
2013-03-14 18:10:27.447048 7fb587fff700 10 librbd::AioCompletion: got {609792=512} for [0,512] bl 512
2013-03-14 18:10:27.447054 7fb587fff700 20 librbd::AioCompletion: AioCompletion::complete_request() 0x7fb5a924a0d0 complete_cb=0x7fb5a6fc7170 pending 1
2013-03-14 18:10:27.447057 7fb587fff700 20 librbd::AioCompletion: AioCompletion::finalize() 0x7fb5a924a0d0 rval 512 read_buf 0x7fb5a9277000 read_bl 0
2013-03-14 18:10:27.447061 7fb587fff700 20 librbd::AioCompletion: AioCompletion::finalize() copied resulting 512 bytes to 0x7fb5a9277000
2013-03-14 18:10:27.447262 7fb5876fd700 20 librbd: aio_read 0x7fb5a9162330 completion 0x7fb5a924a0d0 [610304,512]
2013-03-14 18:10:27.447271 7fb5876fd700 20 librbd: ictx_check 0x7fb5a9162330
2013-03-14 18:10:27.447279 7fb5876fd700 20 librbd: oid rb.0.1e1280.238e1f29.000000000000 610304~512 from [0,512]
2013-03-14 18:10:27.447284 7fb5876fd700 20 librbd::AioRequest: send 0x7fb5a92761f0 rb.0.1e1280.238e1f29.000000000000 610304~512
2013-03-14 18:10:27.447300 7fb5876fd700 1 -- 172.16.156.135:0/1648258 --> 172.16.170.1:6800/1310 -- osd_op(client.2216705.0:54 rb.0.1e1280.238e1f29.000000000000 [sparse-read 610304~512] 2.dabde67b) v4 -- ?+0 0x7fb5a927a680 con 0x7fb5a91668f0
2013-03-14 18:10:27.447315 7fb5876fd700 20 librbd::AioCompletion: AioCompletion::finish_adding_requests 0x7fb5a924a0d0 pending 1
2013-03-14 18:10:27.448307 7fb58ed64700 1 -- 172.16.156.135:0/1648258 <== osd.0 172.16.170.1:6800/1310 49 ==== osd_op_reply(54 rb.0.1e1280.238e1f29.000000000000 [sparse-read 610304~512] = 0) v4 ==== 132+0+536 (24211517 0 4137836104) 0x7fb5a927ac90 con 0x7fb5a91668f0
2013-03-14 18:10:27.448391 7fb587fff700 20 librbd::AioRequest: should_complete 0x7fb5a92761f0 rb.0.1e1280.238e1f29.000000000000 610304~512 r = 0
2013-03-14 18:10:27.448405 7fb587fff700 10 librbd::AioCompletion: C_AioRead::finish() 0x7fb5a921e390 r = 0
2013-03-14 18:10:27.448407 7fb587fff700 10 librbd::AioCompletion: got {610304=512} for [0,512] bl 512
2013-03-14 18:10:27.448414 7fb587fff700 20 librbd::AioCompletion: AioCompletion::complete_request() 0x7fb5a924a0d0 complete_cb=0x7fb5a6fc7170 pending 1
2013-03-14 18:10:27.448419 7fb587fff700 20 librbd::AioCompletion: AioCompletion::finalize() 0x7fb5a924a0d0 rval 512 read_buf 0x7fb5a927a200 read_bl 0
2013-03-14 18:10:27.448423 7fb587fff700 20 librbd::AioCompletion: AioCompletion::finalize() copied resulting 512 bytes to 0x7fb5a927a200
2013-03-14 18:10:27.448624 7fb5876fd700 20 librbd: aio_read 0x7fb5a9162330 completion 0x7fb5a924a0d0 [610816,512]
2013-03-14 18:10:27.448635 7fb5876fd700 20 librbd: ictx_check 0x7fb5a9162330
2013-03-14 18:10:27.448646 7fb5876fd700 20 librbd: oid rb.0.1e1280.238e1f29.000000000000 610816~512 from [0,512]
2013-03-14 18:10:27.448652 7fb5876fd700 20 librbd::AioRequest: send 0x7fb5a9277000 rb.0.1e1280.238e1f29.000000000000 610816~512
2013-03-14 18:10:27.448675 7fb5876fd700 1 -- 172.16.156.135:0/1648258 --> 172.16.170.1:6800/1310 -- osd_op(client.2216705.0:55 rb.0.1e1280.238e1f29.000000000000 [sparse-read 610816~512] 2.dabde67b) v4 -- ?+0 0x7fb5a927e990 con 0x7fb5a91668f0
2013-03-14 18:10:27.448695 7fb5876fd700 20 librbd::AioCompletion: AioCompletion::finish_adding_requests 0x7fb5a924a0d0 pending 1
2013-03-14 18:10:27.449676 7fb58ed64700 1 -- 172.16.156.135:0/1648258 <== osd.0 172.16.170.1:6800/1310 50 ==== osd_op_reply(55 rb.0.1e1280.238e1f29.000000000000 [sparse-read 610816~512] = 0) v4 ==== 132+0+536 (1083011777 0 866751421) 0x7fb5a927efa0 con 0x7fb5a91668f0
2013-03-14 18:10:27.449754 7fb587fff700 20 librbd::AioRequest: should_complete 0x7fb5a9277000 rb.0.1e1280.238e1f29.000000000000 610816~512 r = 0
2013-03-14 18:10:27.449765 7fb587fff700 10 librbd::AioCompletion: C_AioRead::finish() 0x7fb5a926c760 r = 0
2013-03-14 18:10:27.449768 7fb587fff700 10 librbd::AioCompletion: got {610816=512} for [0,512] bl 512
2013-03-14 18:10:27.449773 7fb587fff700 20 librbd::AioCompletion: AioCompletion::complete_request() 0x7fb5a924a0d0 complete_cb=0x7fb5a6fc7170 pending 1
2013-03-14 18:10:27.449777 7fb587fff700 20 librbd::AioCompletion: AioCompletion::finalize() 0x7fb5a924a0d0 rval 512 read_buf 0x7fb5a927e600 read_bl 0
2013-03-14 18:10:27.449780 7fb587fff700 20 librbd::AioCompletion: AioCompletion::finalize() copied resulting 512 bytes to 0x7fb5a927e600
2013-03-14 18:10:27.449917 7fb5876fd700 20 librbd: aio_read 0x7fb5a9162330 completion 0x7fb5a924a0d0 [611328,512]
2013-03-14 18:10:27.449925 7fb5876fd700 20 librbd: ictx_check 0x7fb5a9162330
2013-03-14 18:10:27.449934 7fb5876fd700 20 librbd: oid rb.0.1e1280.238e1f29.000000000000 611328~512 from [0,512]
2013-03-14 18:10:27.449939 7fb5876fd700 20 librbd::AioRequest: send 0x7fb5a927a160 rb.0.1e1280.238e1f29.000000000000 611328~512
