2013-03-14 18:10:28.349842 7fb587fff700 20 librbd::AioCompletion: AioCompletion::finalize() 0x7fb5a9289bf0 rval 512 read_buf 0x7fb5a950bc00 read_bl 0
2013-03-14 18:10:28.349863 7fb587fff700 20 librbd::AioCompletion: AioCompletion::finalize() copied resulting 512 bytes to 0x7fb5a950bc00
2013-03-14 18:10:28.350021 7fb5876fd700 20 librbd: aio_read 0x7fb5a9162330 completion 0x7fb5a9289bf0 [921600,512]
2013-03-14 18:10:28.350029 7fb5876fd700 20 librbd: ictx_check 0x7fb5a9162330
2013-03-14 18:10:28.350036 7fb5876fd700 20 librbd: oid rb.0.1e1280.238e1f29.000000000000 921600~512 from [0,512]
2013-03-14 18:10:28.350041 7fb5876fd700 20 librbd::AioRequest: send 0x7fb5a950e160 rb.0.1e1280.238e1f29.000000000000 921600~512
2013-03-14 18:10:28.350056 7fb5876fd700 1 -- 172.16.156.135:0/1648258 --> 172.16.170.1:6800/1310 -- osd_op(client.2216705.0:698 rb.0.1e1280.238e1f29.000000000000 [sparse-read 921600~512] 2.dabde67b) v4 -- ?+0 0x7fb5a95139d0 con 0x7fb5a91668f0
2013-03-14 18:10:28.350069 7fb5876fd700 20 librbd::AioCompletion: AioCompletion::finish_adding_requests 0x7fb5a9289bf0 pending 1
2013-03-14 18:10:28.351012 7fb58ed64700 1 -- 172.16.156.135:0/1648258 <== osd.0 172.16.170.1:6800/1310 693 ==== osd_op_reply(698 rb.0.1e1280.238e1f29.000000000000 [sparse-read 921600~512] = 0) v4 ==== 132+0+536 (3738209828 0 1955100132) 0x7fb5a950e820 con 0x7fb5a91668f0
2013-03-14 18:10:28.351055 7fb587fff700 20 librbd::AioRequest: should_complete 0x7fb5a950e160 rb.0.1e1280.238e1f29.000000000000 921600~512 r = 0
2013-03-14 18:10:28.351068 7fb587fff700 10 librbd::AioCompletion: C_AioRead::finish() 0x7fb5a92c96f0 r = 0
2013-03-14 18:10:28.351071 7fb587fff700 10 librbd::AioCompletion: got {921600=512} for [0,512] bl 512
2013-03-14 18:10:28.351077 7fb587fff700 20 librbd::AioCompletion: AioCompletion::complete_request() 0x7fb5a9289bf0 complete_cb=0x7fb5a6fc7170 pending 1
2013-03-14 18:10:28.351081 7fb587fff700 20 librbd::AioCompletion: AioCompletion::finalize() 0x7fb5a9289bf0 rval 512 read_buf 0x7fb5a9513600 read_bl 0
2013-03-14 18:10:28.351086 7fb587fff700 20 librbd::AioCompletion: AioCompletion::finalize() copied resulting 512 bytes to 0x7fb5a9513600
2013-03-14 18:10:28.351216 7fb5876fd700 20 librbd: aio_read 0x7fb5a9162330 completion 0x7fb5a9289bf0 [922112,512]
2013-03-14 18:10:28.351225 7fb5876fd700 20 librbd: ictx_check 0x7fb5a9162330
2013-03-14 18:10:28.351233 7fb5876fd700 20 librbd: oid rb.0.1e1280.238e1f29.000000000000 922112~512 from [0,512]
2013-03-14 18:10:28.351237 7fb5876fd700 20 librbd::AioRequest: send 0x7fb5a9512900 rb.0.1e1280.238e1f29.000000000000 922112~512
2013-03-14 18:10:28.351253 7fb5876fd700 1 -- 172.16.156.135:0/1648258 --> 172.16.170.1:6800/1310 -- osd_op(client.2216705.0:699 rb.0.1e1280.238e1f29.000000000000 [sparse-read 922112~512] 2.dabde67b) v4 -- ?+0 0x7fb5a950f390 con 0x7fb5a91668f0
2013-03-14 18:10:28.351266 7fb5876fd700 20 librbd::AioCompletion: AioCompletion::finish_adding_requests 0x7fb5a9289bf0 pending 1
2013-03-14 18:10:28.352224 7fb58ed64700 1 -- 172.16.156.135:0/1648258 <== osd.0 172.16.170.1:6800/1310 694 ==== osd_op_reply(699 rb.0.1e1280.238e1f29.000000000000 [sparse-read 922112~512] = 0) v4 ==== 132+0+536 (2670496984 0 2499977283) 0x7fb5a9518050 con 0x7fb5a91668f0
2013-03-14 18:10:28.352270 7fb587fff700 20 librbd::AioRequest: should_complete 0x7fb5a9512900 rb.0.1e1280.238e1f29.000000000000 922112~512 r = 0
2013-03-14 18:10:28.352283 7fb587fff700 10 librbd::AioCompletion: C_AioRead::finish() 0x7fb5a9442ef0 r = 0
2013-03-14 18:10:28.352287 7fb587fff700 10 librbd::AioCompletion: got {922112=512} for [0,512] bl 512
2013-03-14 18:10:28.352293 7fb587fff700 20 librbd::AioCompletion: AioCompletion::complete_request() 0x7fb5a9289bf0 complete_cb=0x7fb5a6fc7170 pending 1
2013-03-14 18:10:28.352297 7fb587fff700 20 librbd::AioCompletion: AioCompletion::finalize() 0x7fb5a9289bf0 rval 512 read_buf 0x7fb5a950f000 read_bl 0
2013-03-14 18:10:28.352302 7fb587fff700 20 librbd::AioCompletion: AioCompletion::finalize() copied resulting 512 bytes to 0x7fb5a950f000
2013-03-14 18:10:28.352429 7fb5876fd700 20 librbd: aio_read 0x7fb5a9162330 completion 0x7fb5a9289bf0 [922624,512]
2013-03-14 18:10:28.352438 7fb5876fd700 20 librbd: ictx_check 0x7fb5a9162330
2013-03-14 18:10:28.352445 7fb5876fd700 20 librbd: oid rb.0.1e1280.238e1f29.000000000000 922624~512 from [0,512]
2013-03-14 18:10:28.352450 7fb5876fd700 20 librbd::AioRequest: send 0x7fb5a9513920 rb.0.1e1280.238e1f29.000000000000 922624~512
2013-03-14 18:10:28.352465 7fb5876fd700 1 -- 172.16.156.135:0/1648258 --> 172.16.170.1:6800/1310 -- osd_op(client.2216705.0:700 rb.0.1e1280.238e1f29.000000000000 [sparse-read 922624~512] 2.dabde67b) v4 -- ?+0 0x7fb5a9510390 con 0x7fb5a91668f0
2013-03-14 18:10:28.352478 7fb5876fd700 20 librbd::AioCompletion: AioCompletion::finish_adding_requests 0x7fb5a9289bf0 pending 1
2013-03-14 18:10:28.353436 7fb58ed64700 1 -- 172.16.156.135:0/1648258 <== osd.0 172.16.170.1:6800/1310 695 ==== osd_op_reply(700 rb.0.1e1280.238e1f29.000000000000 [sparse-read 922624~512] = 0) v4 ==== 132+0+536 (1562938332 0 3195929713) 0x7fb5a9510920 con 0x7fb5a91668f0
2013-03-14 18:10:28.353513 7fb587fff700 20 librbd::AioRequest: should_complete 0x7fb5a9513920 rb.0.1e1280.238e1f29.000000000000 922624~512 r = 0
2013-03-14 18:10:28.353520 7fb587fff700 10 librbd::AioCompletion: C_AioRead::finish() 0x7fb5a94d4640 r = 0
2013-03-14 18:10:28.353523 7fb587fff700 10 librbd::AioCompletion: got {922624=512} for [0,512] bl 512
2013-03-14 18:10:28.353529 7fb587fff700 20 librbd::AioCompletion: AioCompletion::complete_request() 0x7fb5a9289bf0 complete_cb=0x7fb5a6fc7170 pending 1
2013-03-14 18:10:28.353533 7fb587fff700 20 librbd::AioCompletion: AioCompletion::finalize() 0x7fb5a9289bf0 rval 512 read_buf 0x7fb5a9510000 read_bl 0
2013-03-14 18:10:28.353538 7fb587fff700 20 librbd::AioCompletion: AioCompletion::finalize() copied resulting 512 bytes to 0x7fb5a9510000
2013-03-14 18:10:28.353743 7fb5876fd700 20 librbd: aio_read 0x7fb5a9162330 completion 0x7fb5a9289bf0 [923136,512]
2013-03-14 18:10:28.353752 7fb5876fd700 20 librbd: ictx_check 0x7fb5a9162330
2013-03-14 18:10:28.353759 7fb5876fd700 20 librbd: oid rb.0.1e1280.238e1f29.000000000000 923136~512 from [0,512]
2013-03-14 18:10:28.353764 7fb5876fd700 20 librbd::AioRequest: send 0x7fb5a950f2e0 rb.0.1e1280.238e1f29.000000000000 923136~512
2013-03-14 18:10:28.353779 7fb5876fd700 1 -- 172.16.156.135:0/1648258 --> 172.16.170.1:6800/1310 -- osd_op(client.2216705.0:701 rb.0.1e1280.238e1f29.000000000000 [sparse-read 923136~512] 2.dabde67b) v4 -- ?+0 0x7fb5a9511260 con 0x7fb5a91668f0
2013-03-14 18:10:28.353795 7fb5876fd700 20 librbd::AioCompletion: AioCompletion::finish_adding_requests 0x7fb5a9289bf0 pending 1
2013-03-14 18:10:28.354728 7fb58ed64700 1 -- 172.16.156.135:0/1648258 <== osd.0 172.16.170.1:6800/1310 696 ==== osd_op_reply(701 rb.0.1e1280.238e1f29.000000000000 [sparse-read 923136~512] = 0) v4 ==== 132+0+536 (483690784 0 277416063) 0x7fb5a9511870 con 0x7fb5a91668f0
2013-03-14 18:10:28.354776 7fb587fff700 20 librbd::AioRequest: should_complete 0x7fb5a950f2e0 rb.0.1e1280.238e1f29.000000000000 923136~512 r = 0
2013-03-14 18:10:28.354787 7fb587fff700 10 librbd::AioCompletion: C_AioRead::finish() 0x7fb5a93ad640 r = 0
2013-03-14 18:10:28.354791 7fb587fff700 10 librbd::AioCompletion: got {923136=512} for [0,512] bl 512
2013-03-14 18:10:28.354797 7fb587fff700 20 librbd::AioCompletion: AioCompletion::complete_request() 0x7fb5a9289bf0 complete_cb=0x7fb5a6fc7170 pending 1
2013-03-14 18:10:28.354800 7fb587fff700 20 librbd::AioCompletion: AioCompletion::finalize() 0x7fb5a9289bf0 rval 512 read_buf 0x7fb5a9511000 read_bl 0
2013-03-14 18:10:28.354805 7fb587fff700 20 librbd::AioCompletion: AioCompletion::finalize() copied resulting 512 bytes to 0x7fb5a9511000
2013-03-14 18:10:28.354977 7fb5876fd700 20 librbd: aio_read 0x7fb5a9162330 completion 0x7fb5a9289bf0 [923648,512]
2013-03-14 18:10:28.354986 7fb5876fd700 20 librbd: ictx_check 0x7fb5a9162330
2013-03-14 18:10:28.354994 7fb5876fd700 20 librbd: oid rb.0.1e1280.238e1f29.000000000000 923648~512 from [0,512]
2013-03-14 18:10:28.354998 7fb5876fd700 20 librbd::AioRequest: send 0x7fb5a9511210 rb.0.1e1280.238e1f29.000000000000 923648~512
2013-03-14 18:10:28.355013 7fb5876fd700 1 -- 172.16.156.135:0/1648258 --> 172.16.170.1:6800/1310 -- osd_op(client.2216705.0:702 rb.0.1e1280.238e1f29.000000000000 [sparse-read 923648~512] 2.dabde67b) v4 -- ?+0 0x7fb5a9514480 con 0x7fb5a91668f0
2013-03-14 18:10:28.355026 7fb5876fd700 20 librbd::AioCompletion: AioCompletion::finish_adding_requests 0x7fb5a9289bf0 pending 1
2013-03-14 18:10:28.356024 7fb58ed64700 1 -- 172.16.156.135:0/1648258 <== osd.0 172.16.170.1:6800/1310 697 ==== osd_op_reply(702 rb.0.1e1280.238e1f29.000000000000 [sparse-read 923648~512] = 0) v4 ==== 132+0+536 (3704419109 0 3610974419) 0x7fb5a9514a90 con 0x7fb5a91668f0
2013-03-14 18:10:28.356069 7fb587fff700 20 librbd::AioRequest: should_complete 0x7fb5a9511210 rb.0.1e1280.238e1f29.000000000000 923648~512 r = 0
2013-03-14 18:10:28.356081 7fb587fff700 10 librbd::AioCompletion: C_AioRead::finish() 0x7fb5a9442c80 r = 0
2013-03-14 18:10:28.356084 7fb587fff700 10 librbd::AioCompletion: got {923648=512} for [0,512] bl 512
2013-03-14 18:10:28.356091 7fb587fff700 20 librbd::AioCompletion: AioCompletion::complete_request() 0x7fb5a9289bf0 complete_cb=0x7fb5a6fc7170 pending 1
2013-03-14 18:10:28.356094 7fb587fff700 20 librbd::AioCompletion: AioCompletion::finalize() 0x7fb5a9289bf0 rval 512 read_buf 0x7fb5a9511000 read_bl 0
2013-03-14 18:10:28.356099 7fb587fff700 20 librbd::AioCompletion: AioCompletion::finalize() copied resulting 512 bytes to 0x7fb5a9511000
2013-03-14 18:10:28.356227 7fb5876fd700 20 librbd: aio_read 0x7fb5a9162330 completion 0x7fb5a9289bf0 [924160,512]
2013-03-14 18:10:28.356235 7fb5876fd700 20 librbd: ictx_check 0x7fb5a9162330
2013-03-14 18:10:28.356243 7fb5876fd700 20 librbd: oid rb.0.1e1280.238e1f29.000000000000 924160~512 from [0,512]
2013-03-14 18:10:28.356247 7fb5876fd700 20 librbd::AioRequest: send 0x7fb5a9514090 rb.0.1e1280.238e1f29.000000000000 924160~512
2013-03-14 18:10:28.356263 7fb5876fd700 1 -- 172.16.156.135:0/1648258 --> 172.16.170.1:6800/1310 -- osd_op(client.2216705.0:703 rb.0.1e1280.238e1f29.000000000000 [sparse-read 924160~512] 2.dabde67b) v4 -- ?+0 0x7fb5a9518a00 con 0x7fb5a91668f0
2013-03-14 18:10:28.356276 7fb5876fd700 20 librbd::AioCompletion: AioCompletion::finish_adding_requests 0x7fb5a9289bf0 pending 1
2013-03-14 18:10:28.357206 7fb58ed64700 1 -- 172.16.156.135:0/1648258 <== osd.0 172.16.170.1:6800/1310 698 ==== osd_op_reply(703 rb.0.1e1280.238e1f29.000000000000 [sparse-read 924160~512] = 0) v4 ==== 132+0+536 (2637230553 0 211034807) 0x7fb5a9519010 con 0x7fb5a91668f0
2013-03-14 18:10:28.357250 7fb587fff700 20 librbd::AioRequest: should_complete 0x7fb5a9514090 rb.0.1e1280.238e1f29.000000000000 924160~512 r = 0
2013-03-14 18:10:28.357262 7fb587fff700 10 librbd::AioCompletion: C_AioRead::finish() 0x7fb5a92ac440 r = 0
2013-03-14 18:10:28.357266 7fb587fff700 10 librbd::AioCompletion: got {924160=512} for [0,512] bl 512
2013-03-14 18:10:28.357272 7fb587fff700 20 librbd::AioCompletion: AioCompletion::complete_request() 0x7fb5a9289bf0 complete_cb=0x7fb5a6fc7170 pending 1
2013-03-14 18:10:28.357276 7fb587fff700 20 librbd::AioCompletion: AioCompletion::finalize() 0x7fb5a9289bf0 rval 512 read_buf 0x7fb5a9518600 read_bl 0
2013-03-14 18:10:28.357281 7fb587fff700 20 librbd::AioCompletion: AioCompletion::finalize() copied resulting 512 bytes to 0x7fb5a9518600
2013-03-14 18:10:28.357409 7fb5876fd700 20 librbd: aio_read 0x7fb5a9162330 completion 0x7fb5a9289bf0 [924672,512]
2013-03-14 18:10:28.357418 7fb5876fd700 20 librbd: ictx_check 0x7fb5a9162330
2013-03-14 18:10:28.357425 7fb5876fd700 20 librbd: oid rb.0.1e1280.238e1f29.000000000000 924672~512 from [0,512]
2013-03-14 18:10:28.357430 7fb5876fd700 20 librbd::AioRequest: send 0x7fb5a9514480 rb.0.1e1280.238e1f29.000000000000 924672~512
2013-03-14 18:10:28.357445 7fb5876fd700 1 -- 172.16.156.135:0/1648258 --> 172.16.170.1:6800/1310 -- osd_op(client.2216705.0:704 rb.0.1e1280.238e1f29.000000000000 [sparse-read 924672~512] 2.dabde67b) v4 -- ?+0 0x7fb5a9519990 con 0x7fb5a91668f0
2013-03-14 18:10:28.357459 7fb5876fd700 20 librbd::AioCompletion: AioCompletion::finish_adding_requests 0x7fb5a9289bf0 pending 1
2013-03-14 18:10:28.358408 7fb58ed64700 1 -- 172.16.156.135:0/1648258 <== osd.0 172.16.170.1:6800/1310 699 ==== osd_op_reply(704 rb.0.1e1280.238e1f29.000000000000 [sparse-read 924672~512] = 0) v4 ==== 132+0+536 (1597306589 0 150190842) 0x7fb5a9514a90 con 0x7fb5a91668f0
2013-03-14 18:10:28.358455 7fb587fff700 20 librbd::AioRequest: should_complete 0x7fb5a9514480 rb.0.1e1280.238e1f29.000000000000 924672~512 r = 0
2013-03-14 18:10:28.358468 7fb587fff700 10 librbd::AioCompletion: C_AioRead::finish() 0x7fb5a929aef0 r = 0
2013-03-14 18:10:28.358471 7fb587fff700 10 librbd::AioCompletion: got {924672=512} for [0,512] bl 512
2013-03-14 18:10:28.358478 7fb587fff700 20 librbd::AioCompletion: AioCompletion::complete_request() 0x7fb5a9289bf0 complete_cb=0x7fb5a6fc7170 pending 1
2013-03-14 18:10:28.358481 7fb587fff700 20 librbd::AioCompletion: AioCompletion::finalize() 0x7fb5a9289bf0 rval 512 read_buf 0x7fb5a9519600 read_bl 0
2013-03-14 18:10:28.358486 7fb587fff700 20 librbd::AioCompletion: AioCompletion::finalize() copied resulting 512 bytes to 0x7fb5a9519600
2013-03-14 18:10:28.358617 7fb5876fd700 20 librbd: aio_read 0x7fb5a9162330 completion 0x7fb5a9289bf0 [925184,512]
2013-03-14 18:10:28.358625 7fb5876fd700 20 librbd: ictx_check 0x7fb5a9162330
2013-03-14 18:10:28.358632 7fb5876fd700 20 librbd: oid rb.0.1e1280.238e1f29.000000000000 925184~512 from [0,512]
2013-03-14 18:10:28.358636 7fb5876fd700 20 librbd::AioRequest: send 0x7fb5a95185e0 rb.0.1e1280.238e1f29.000000000000 925184~512
2013-03-14 18:10:28.358652 7fb5876fd700 1 -- 172.16.156.135:0/1648258 --> 172.16.170.1:6800/1310 -- osd_op(client.2216705.0:705 rb.0.1e1280.238e1f29.000000000000 [sparse-read 925184~512] 2.dabde67b) v4 -- ?+0 0x7fb5a9515590 con 0x7fb5a91668f0
2013-03-14 18:10:28.358665 7fb5876fd700 20 librbd::AioCompletion: AioCompletion::finish_adding_requests 0x7fb5a9289bf0 pending 1
2013-03-14 18:10:28.359733 7fb58ed64700 1 -- 172.16.156.135:0/1648258 <== osd.0 172.16.170.1:6800/1310 700 ==== osd_op_reply(705 rb.0.1e1280.238e1f29.000000000000 [sparse-read 925184~512] = 0) v4 ==== 132+0+536 (516486177 0 1510309340) 0x7fb5a951e050 con 0x7fb5a91668f0
2013-03-14 18:10:28.359784 7fb587fff700 20 librbd::AioRequest: should_complete 0x7fb5a95185e0 rb.0.1e1280.238e1f29.000000000000 925184~512 r = 0
2013-03-14 18:10:28.359800 7fb587fff700 10 librbd::AioCompletion: C_AioRead::finish() 0x7fb5a9443ed0 r = 0
2013-03-14 18:10:28.359804 7fb587fff700 10 librbd::AioCompletion: got {925184=512} for [0,512] bl 512
2013-03-14 18:10:28.359811 7fb587fff700 20 librbd::AioCompletion: AioCompletion::complete_request() 0x7fb5a9289bf0 complete_cb=0x7fb5a6fc7170 pending 1
2013-03-14 18:10:28.359815 7fb587fff700 20 librbd::AioCompletion: AioCompletion::finalize() 0x7fb5a9289bf0 rval 512 read_buf 0x7fb5a9515200 read_bl 0
2013-03-14 18:10:28.359821 7fb587fff700 20 librbd::AioCompletion: AioCompletion::finalize() copied resulting 512 bytes to 0x7fb5a9515200
2013-03-14 18:10:28.359946 7fb5876fd700 20 librbd: aio_read 0x7fb5a9162330 completion 0x7fb5a9289bf0 [925696,512]
2013-03-14 18:10:28.359955 7fb5876fd700 20 librbd: ictx_check 0x7fb5a9162330
2013-03-14 18:10:28.359962 7fb5876fd700 20 librbd: oid rb.0.1e1280.238e1f29.000000000000 925696~512 from [0,512]
2013-03-14 18:10:28.359966 7fb5876fd700 20 librbd::AioRequest: send 0x7fb5a95196b0 rb.0.1e1280.238e1f29.000000000000 925696~512
2013-03-14 18:10:28.359982 7fb5876fd700 1 -- 172.16.156.135:0/1648258 --> 172.16.170.1:6800/1310 -- osd_op(client.2216705.0:706 rb.0.1e1280.238e1f29.000000000000 [sparse-read 925696~512] 2.dabde67b) v4 -- ?+0 0x7fb5a9516590 con 0x7fb5a91668f0
2013-03-14 18:10:28.359996 7fb5876fd700 20 librbd::AioCompletion: AioCompletion::finish_adding_requests 0x7fb5a9289bf0 pending 1
2013-03-14 18:10:28.360946 7fb58ed64700 1 -- 172.16.156.135:0/1648258 <== osd.0 172.16.170.1:6800/1310 701 ==== osd_op_reply(706 rb.0.1e1280.238e1f29.000000000000 [sparse-read 925696~512] = 0) v4 ==== 132+0+536 (3533275170 0 2488823661) 0x7fb5a9516ba0 con 0x7fb5a91668f0
2013-03-14 18:10:28.360993 7fb587fff700 20 librbd::AioRequest: should_complete 0x7fb5a95196b0 rb.0.1e1280.238e1f29.000000000000 925696~512 r = 0
2013-03-14 18:10:28.361005 7fb587fff700 10 librbd::AioCompletion: C_AioRead::finish() 0x7fb5a9446490 r = 0
2013-03-14 18:10:28.361009 7fb587fff700 10 librbd::AioCompletion: got {925696=512} for [0,512] bl 512
2013-03-14 18:10:28.361015 7fb587fff700 20 librbd::AioCompletion: AioCompletion::complete_request() 0x7fb5a9289bf0 complete_cb=0x7fb5a6fc7170 pending 1
2013-03-14 18:10:28.361018 7fb587fff700 20 librbd::AioCompletion: AioCompletion::finalize() 0x7fb5a9289bf0 rval 512 read_buf 0x7fb5a9516200 read_bl 0
2013-03-14 18:10:28.361024 7fb587fff700 20 librbd::AioCompletion: AioCompletion::finalize() copied resulting 512 bytes to 0x7fb5a9516200
2013-03-14 18:10:28.361149 7fb5876fd700 20 librbd: aio_read 0x7fb5a9162330 completion 0x7fb5a9289bf0 [926208,512]
2013-03-14 18:10:28.361158 7fb5876fd700 20 librbd: ictx_check 0x7fb5a9162330
2013-03-14 18:10:28.361165 7fb5876fd700 20 librbd: oid rb.0.1e1280.238e1f29.000000000000 926208~512 from [0,512]
2013-03-14 18:10:28.361169 7fb5876fd700 20 librbd::AioRequest: send 0x7fb5a95151b0 rb.0.1e1280.238e1f29.000000000000 926208~512
2013-03-14 18:10:28.361186 7fb5876fd700 1 -- 172.16.156.135:0/1648258 --> 172.16.170.1:6800/1310 -- osd_op(client.2216705.0:707 rb.0.1e1280.238e1f29.000000000000 [sparse-read 926208~512] 2.dabde67b) v4 -- ?+0 0x7fb5a9517630 con 0x7fb5a91668f0
2013-03-14 18:10:28.361199 7fb5876fd700 20 librbd::AioCompletion: AioCompletion::finish_adding_requests 0x7fb5a9289bf0 pending 1
2013-03-14 18:10:28.362095 7fb58ed64700 1 -- 172.16.156.135:0/1648258 <== osd.0 172.16.170.1:6800/1310 702 ==== osd_op_reply(707 rb.0.1e1280.238e1f29.000000000000 [sparse-read 926208~512] = 0) v4 ==== 132+0+536 (2472903390 0 2802530660) 0x7fb5a9517c40 con 0x7fb5a91668f0
2013-03-14 18:10:28.362174 7fb587fff700 20 librbd::AioRequest: should_complete 0x7fb5a95151b0 rb.0.1e1280.238e1f29.000000000000 926208~512 r = 0
2013-03-14 18:10:28.362187 7fb587fff700 10 librbd::AioCompletion: C_AioRead::finish() 0x7fb5a924ef60 r = 0
2013-03-14 18:10:28.362190 7fb587fff700 10 librbd::AioCompletion: got {926208=512} for [0,512] bl 512
2013-03-14 18:10:28.362197 7fb587fff700 20 librbd::AioCompletion: AioCompletion::complete_request() 0x7fb5a9289bf0 complete_cb=0x7fb5a6fc7170 pending 1
2013-03-14 18:10:28.362201 7fb587fff700 20 librbd::AioCompletion: AioCompletion::finalize() 0x7fb5a9289bf0 rval 512 read_buf 0x7fb5a9517400 read_bl 0
2013-03-14 18:10:28.362207 7fb587fff700 20 librbd::AioCompletion: AioCompletion::finalize() copied resulting 512 bytes to 0x7fb5a9517400
2013-03-14 18:10:28.362769 7fb5876fd700 20 librbd: aio_read 0x7fb5a9162330 completion 0x7fb5a9289bf0 [926720,512]
2013-03-14 18:10:28.362778 7fb5876fd700 20 librbd: ictx_check 0x7fb5a9162330
2013-03-14 18:10:28.362786 7fb5876fd700 20 librbd: oid rb.0.1e1280.238e1f29.000000000000 926720~512 from [0,512]
2013-03-14 18:10:28.362791 7fb5876fd700 20 librbd::AioRequest: send 0x7fb5a9517610 rb.0.1e1280.238e1f29.000000000000 926720~512
2013-03-14 18:10:28.362807 7fb5876fd700 1 -- 172.16.156.135:0/1648258 --> 172.16.170.1:6800/1310 -- osd_op(client.2216705.0:708 rb.0.1e1280.238e1f29.000000000000 [sparse-read 926720~512] 2.dabde67b) v4 -- ?+0 0x7fb5a951e9b0 con 0x7fb5a91668f0
2013-03-14 18:10:28.362822 7fb5876fd700 20 librbd::AioCompletion: AioCompletion::finish_adding_requests 0x7fb5a9289bf0 pending 1
2013-03-14 18:10:28.363819 7fb58ed64700 1 -- 172.16.156.135:0/1648258 <== osd.0 172.16.170.1:6800/1310 703 ==== osd_op_reply(708 rb.0.1e1280.238e1f29.000000000000 [sparse-read 926720~512] = 0) v4 ==== 132+0+536 (1365345754 0 3982866490) 0x7fb5a951efc0 con 0x7fb5a91668f0
2013-03-14 18:10:28.363863 7fb587fff700 20 librbd::AioRequest: should_complete 0x7fb5a9517610 rb.0.1e1280.238e1f29.000000000000 926720~512 r = 0
2013-03-14 18:10:28.363871 7fb587fff700 10 librbd::AioCompletion: C_AioRead::finish() 0x7fb5a94234d0 r = 0
2013-03-14 18:10:28.363873 7fb587fff700 10 librbd::AioCompletion: got {926720=512} for [0,512] bl 512
2013-03-14 18:10:28.363878 7fb587fff700 20 librbd::AioCompletion: AioCompletion::complete_request() 0x7fb5a9289bf0 complete_cb=0x7fb5a6fc7170 pending 1
2013-03-14 18:10:28.363880 7fb587fff700 20 librbd::AioCompletion: AioCompletion::finalize() 0x7fb5a9289bf0 rval 512 read_buf 0x7fb5a9517400 read_bl 0
2013-03-14 18:10:28.363884 7fb587fff700 20 librbd::AioCompletion: AioCompletion::finalize() copied resulting 512 bytes to 0x7fb5a9517400
2013-03-14 18:10:28.364013 7fb5876fd700 20 librbd: aio_read 0x7fb5a9162330 completion 0x7fb5a9289bf0 [927232,512]
2013-03-14 18:10:28.364022 7fb5876fd700 20 librbd: ictx_check 0x7fb5a9162330
2013-03-14 18:10:28.364030 7fb5876fd700 20 librbd: oid rb.0.1e1280.238e1f29.000000000000 927232~512 from [0,512]
2013-03-14 18:10:28.364034 7fb5876fd700 20 librbd::AioRequest: send 0x7fb5a951e960 rb.0.1e1280.238e1f29.000000000000 927232~512
2013-03-14 18:10:28.364049 7fb5876fd700 1 -- 172.16.156.135:0/1648258 --> 172.16.170.1:6800/1310 -- osd_op(client.2216705.0:709 rb.0.1e1280.238e1f29.000000000000 [sparse-read 927232~512] 2.dabde67b) v4 -- ?+0 0x7fb5a951fc00 con 0x7fb5a91668f0
2013-03-14 18:10:28.364065 7fb5876fd700 20 librbd::AioCompletion: AioCompletion::finish_adding_requests 0x7fb5a9289bf0 pending 1
2013-03-14 18:10:28.365040 7fb58ed64700 1 -- 172.16.156.135:0/1648258 <== osd.0 172.16.170.1:6800/1310 704 ==== osd_op_reply(709 rb.0.1e1280.238e1f29.000000000000 [sparse-read 927232~512] = 0) v4 ==== 132+0+536 (278759206 0 1003242205) 0x7fb5a951a1e0 con 0x7fb5a91668f0
2013-03-14 18:10:28.365082 7fb587fff700 20 librbd::AioRequest: should_complete 0x7fb5a951e960 rb.0.1e1280.238e1f29.000000000000 927232~512 r = 0
2013-03-14 18:10:28.365093 7fb587fff700 10 librbd::AioCompletion: C_AioRead::finish() 0x7fb5a94a8ef0 r = 0
2013-03-14 18:10:28.365095 7fb587fff700 10 librbd::AioCompletion: got {927232=512} for [0,512] bl 512
2013-03-14 18:10:28.365101 7fb587fff700 20 librbd::AioCompletion: AioCompletion::complete_request() 0x7fb5a9289bf0 complete_cb=0x7fb5a6fc7170 pending 1
2013-03-14 18:10:28.365103 7fb587fff700 20 librbd::AioCompletion: AioCompletion::finalize() 0x7fb5a9289bf0 rval 512 read_buf 0x7fb5a951f600 read_bl 0
2013-03-14 18:10:28.365106 7fb587fff700 20 librbd::AioCompletion: AioCompletion::finalize() copied resulting 512 bytes to 0x7fb5a951f600
2013-03-14 18:10:28.365230 7fb5876fd700 20 librbd: aio_read 0x7fb5a9162330 completion 0x7fb5a9289bf0 [927744,512]
2013-03-14 18:10:28.365240 7fb5876fd700 20 librbd: ictx_check 0x7fb5a9162330
2013-03-14 18:10:28.365248 7fb5876fd700 20 librbd: oid rb.0.1e1280.238e1f29.000000000000 927744~512 from [0,512]
2013-03-14 18:10:28.365252 7fb5876fd700 20 librbd::AioRequest: send 0x7fb5a951fbb0 rb.0.1e1280.238e1f29.000000000000 927744~512
2013-03-14 18:10:28.365268 7fb5876fd700 1 -- 172.16.156.135:0/1648258 --> 172.16.170.1:6800/1310 -- osd_op(client.2216705.0:710 rb.0.1e1280.238e1f29.000000000000 [sparse-read 927744~512] 2.dabde67b) v4 -- ?+0 0x7fb5a951aef0 con 0x7fb5a91668f0
2013-03-14 18:10:28.365281 7fb5876fd700 20 librbd::AioCompletion: AioCompletion::finish_adding_requests 0x7fb5a9289bf0 pending 1
2013-03-14 18:10:28.366157 7fb58ed64700 1 -- 172.16.156.135:0/1648258 <== osd.0 172.16.170.1:6800/1310 705 ==== osd_op_reply(710 rb.0.1e1280.238e1f29.000000000000 [sparse-read 927744~512] = 0) v4 ==== 132+0+536 (3498442019 0 3967744717) 0x7fb5a9524050 con 0x7fb5a91668f0
2013-03-14 18:10:28.366197 7fb587fff700 20 librbd::AioRequest: should_complete 0x7fb5a951fbb0 rb.0.1e1280.238e1f29.000000000000 927744~512 r = 0
2013-03-14 18:10:28.366207 7fb587fff700 10 librbd::AioCompletion: C_AioRead::finish() 0x7fb5a9423950 r = 0
2013-03-14 18:10:28.366209 7fb587fff700 10 librbd::AioCompletion: got {927744=512} for [0,512] bl 512
2013-03-14 18:10:28.366215 7fb587fff700 20 librbd::AioCompletion: AioCompletion::complete_request() 0x7fb5a9289bf0 complete_cb=0x7fb5a6fc7170 pending 1
2013-03-14 18:10:28.366217 7fb587fff700 20 librbd::AioCompletion: AioCompletion::finalize() 0x7fb5a9289bf0 rval 512 read_buf 0x7fb5a951f600 read_bl 0
2013-03-14 18:10:28.366221 7fb587fff700 20 librbd::AioCompletion: AioCompletion::finalize() copied resulting 512 bytes to 0x7fb5a951f600
2013-03-14 18:10:28.366344 7fb5876fd700 20 librbd: aio_read 0x7fb5a9162330 completion 0x7fb5a9289bf0 [928256,512]
2013-03-14 18:10:28.366353 7fb5876fd700 20 librbd: ictx_check 0x7fb5a9162330
2013-03-14 18:10:28.366370 7fb5876fd700 20 librbd: oid rb.0.1e1280.238e1f29.000000000000 928256~512 from [0,512]
2013-03-14 18:10:28.366374 7fb5876fd700 20 librbd::AioRequest: send 0x7fb5a951aea0 rb.0.1e1280.238e1f29.000000000000 928256~512
2013-03-14 18:10:28.366390 7fb5876fd700 1 -- 172.16.156.135:0/1648258 --> 172.16.170.1:6800/1310 -- osd_op(client.2216705.0:711 rb.0.1e1280.238e1f29.000000000000 [sparse-read 928256~512] 2.dabde67b) v4 -- ?+0 0x7fb5a951c000 con 0x7fb5a91668f0
2013-03-14 18:10:28.366404 7fb5876fd700 20 librbd::AioCompletion: AioCompletion::finish_adding_requests 0x7fb5a9289bf0 pending 1
2013-03-14 18:10:28.367389 7fb58ed64700 1 -- 172.16.156.135:0/1648258 <== osd.0 172.16.170.1:6800/1310 706 ==== osd_op_reply(711 rb.0.1e1280.238e1f29.000000000000 [sparse-read 928256~512] = 0) v4 ==== 132+0+536 (2440691679 0 159084052) 0x7fb5a951c610 con 0x7fb5a91668f0
2013-03-14 18:10:28.367428 7fb587fff700 20 librbd::AioRequest: should_complete 0x7fb5a951aea0 rb.0.1e1280.238e1f29.000000000000 928256~512 r = 0
2013-03-14 18:10:28.367438 7fb587fff700 10 librbd::AioCompletion: C_AioRead::finish() 0x7fb5a94e2410 r = 0
2013-03-14 18:10:28.367440 7fb587fff700 10 librbd::AioCompletion: got {928256=512} for [0,512] bl 512
2013-03-14 18:10:28.367445 7fb587fff700 20 librbd::AioCompletion: AioCompletion::complete_request() 0x7fb5a9289bf0 complete_cb=0x7fb5a6fc7170 pending 1
2013-03-14 18:10:28.367447 7fb587fff700 20 librbd::AioCompletion: AioCompletion::finalize() 0x7fb5a9289bf0 rval 512 read_buf 0x7fb5a951ba00 read_bl 0
2013-03-14 18:10:28.367451 7fb587fff700 20 librbd::AioCompletion: AioCompletion::finalize() copied resulting 512 bytes to 0x7fb5a951ba00
2013-03-14 18:10:28.367654 7fb5876fd700 20 librbd: aio_read 0x7fb5a9162330 completion 0x7fb5a9289bf0 [928768,512]
2013-03-14 18:10:28.367660 7fb5876fd700 20 librbd: ictx_check 0x7fb5a9162330
2013-03-14 18:10:28.367668 7fb5876fd700 20 librbd: oid rb.0.1e1280.238e1f29.000000000000 928768~512 from [0,512]
2013-03-14 18:10:28.367672 7fb5876fd700 20 librbd::AioRequest: send 0x7fb5a951c0d0 rb.0.1e1280.238e1f29.000000000000 928768~512
2013-03-14 18:10:28.367687 7fb5876fd700 1 -- 172.16.156.135:0/1648258 --> 172.16.170.1:6800/1310 -- osd_op(client.2216705.0:712 rb.0.1e1280.238e1f29.000000000000 [sparse-read 928768~512] 2.dabde67b) v4 -- ?+0 0x7fb5a951d000 con 0x7fb5a91668f0
2013-03-14 18:10:28.367703 7fb5876fd700 20 librbd::AioCompletion: AioCompletion::finish_adding_requests 0x7fb5a9289bf0 pending 1
2013-03-14 18:10:28.368744 7fb58ed64700 1 -- 172.16.156.135:0/1648258 <== osd.0 172.16.170.1:6800/1310 707 ==== osd_op_reply(712 rb.0.1e1280.238e1f29.000000000000 [sparse-read 928768~512] = 0) v4 ==== 132+0+536 (1400764635 0 3874338067) 0x7fb5a951d610 con 0x7fb5a91668f0
2013-03-14 18:10:28.368787 7fb587fff700 20 librbd::AioRequest: should_complete 0x7fb5a951c0d0 rb.0.1e1280.238e1f29.000000000000 928768~512 r = 0
2013-03-14 18:10:28.368799 7fb587fff700 10 librbd::AioCompletion: C_AioRead::finish() 0x7fb5a937c950 r = 0
2013-03-14 18:10:28.368801 7fb587fff700 10 librbd::AioCompletion: got {928768=512} for [0,512] bl 512
2013-03-14 18:10:28.368808 7fb587fff700 20 librbd::AioCompletion: AioCompletion::complete_request() 0x7fb5a9289bf0 complete_cb=0x7fb5a6fc7170 pending 1
2013-03-14 18:10:28.368811 7fb587fff700 20 librbd::AioCompletion: AioCompletion::finalize() 0x7fb5a9289bf0 rval 512 read_buf 0x7fb5a951ca00 read_bl 0
2013-03-14 18:10:28.368815 7fb587fff700 20 librbd::AioCompletion: AioCompletion::finalize() copied resulting 512 bytes to 0x7fb5a951ca00
2013-03-14 18:10:28.368935 7fb5876fd700 20 librbd: aio_read 0x7fb5a9162330 completion 0x7fb5a9289bf0 [929280,512]
2013-03-14 18:10:28.368943 7fb5876fd700 20 librbd: ictx_check 0x7fb5a9162330
2013-03-14 18:10:28.368973 7fb5876fd700 20 librbd: oid rb.0.1e1280.238e1f29.000000000000 929280~512 from [0,512]
2013-03-14 18:10:28.368978 7fb5876fd700 20 librbd::AioRequest: send 0x7fb5a951d0d0 rb.0.1e1280.238e1f29.000000000000 929280~512
2013-03-14 18:10:28.368994 7fb5876fd700 1 -- 172.16.156.135:0/1648258 --> 172.16.170.1:6800/1310 -- osd_op(client.2216705.0:713 rb.0.1e1280.238e1f29.000000000000 [sparse-read 929280~512] 2.dabde67b) v4 -- ?+0 0x7fb5a9520090 con 0x7fb5a91668f0
2013-03-14 18:10:28.369007 7fb5876fd700 20 librbd::AioCompletion: AioCompletion::finish_adding_requests 0x7fb5a9289bf0 pending 1
2013-03-14 18:10:28.369897 7fb58ed64700 1 -- 172.16.156.135:0/1648258 <== osd.0 172.16.170.1:6800/1310 708 ==== osd_op_reply(713 rb.0.1e1280.238e1f29.000000000000 [sparse-read 929280~512] = 0) v4 ==== 132+0+536 (310508071 0 2556181588) 0x7fb5a95206a0 con 0x7fb5a91668f0
2013-03-14 18:10:28.369938 7fb587fff700 20 librbd::AioRequest: should_complete 0x7fb5a951d0d0 rb.0.1e1280.238e1f29.000000000000 929280~512 r = 0
2013-03-14 18:10:28.369948 7fb587fff700 10 librbd::AioCompletion: C_AioRead::finish() 0x7fb5a92e0a20 r = 0
2013-03-14 18:10:28.369950 7fb587fff700 10 librbd::AioCompletion: got {929280=512} for [0,512] bl 512
2013-03-14 18:10:28.369955 7fb587fff700 20 librbd::AioCompletion: AioCompletion::complete_request() 0x7fb5a9289bf0 complete_cb=0x7fb5a6fc7170 pending 1
2013-03-14 18:10:28.369957 7fb587fff700 20 librbd::AioCompletion: AioCompletion::finalize() 0x7fb5a9289bf0 rval 512 read_buf 0x7fb5a951da00 read_bl 0
2013-03-14 18:10:28.369961 7fb587fff700 20 librbd::AioCompletion: AioCompletion::finalize() copied resulting 512 bytes to 0x7fb5a951da00
2013-03-14 18:10:28.370095 7fb5876fd700 20 librbd: aio_read 0x7fb5a9162330 completion 0x7fb5a9289bf0 [929792,512]
2013-03-14 18:10:28.370104 7fb5876fd700 20 librbd: ictx_check 0x7fb5a9162330
2013-03-14 18:10:28.370112 7fb5876fd700 20 librbd: oid rb.0.1e1280.238e1f29.000000000000 929792~512 from [0,512]
2013-03-14 18:10:28.370116 7fb5876fd700 20 librbd::AioRequest: send 0x7fb5a951ca00 rb.0.1e1280.238e1f29.000000000000 929792~512
2013-03-14 18:10:28.370132 7fb5876fd700 1 -- 172.16.156.135:0/1648258 --> 172.16.170.1:6800/1310 -- osd_op(client.2216705.0:714 rb.0.1e1280.238e1f29.000000000000 [sparse-read 929792~512] 2.dabde67b) v4 -- ?+0 0x7fb5a9524a00 con 0x7fb5a91668f0
2013-03-14 18:10:28.370145 7fb5876fd700 20 librbd::AioCompletion: AioCompletion::finish_adding_requests 0x7fb5a9289bf0 pending 1
2013-03-14 18:10:28.371026 7fb58ed64700 1 -- 172.16.156.135:0/1648258 <== osd.0 172.16.170.1:6800/1310 709 ==== osd_op_reply(714 rb.0.1e1280.238e1f29.000000000000 [sparse-read 929792~512] = 0) v4 ==== 132+0+536 (3600906784 0 499610323) 0x7fb5a9524f90 con 0x7fb5a91668f0
2013-03-14 18:10:28.371064 7fb587fff700 20 librbd::AioRequest: should_complete 0x7fb5a951ca00 rb.0.1e1280.238e1f29.000000000000 929792~512 r = 0
2013-03-14 18:10:28.371074 7fb587fff700 10 librbd::AioCompletion: C_AioRead::finish() 0x7fb5a9337cf0 r = 0
2013-03-14 18:10:28.371077 7fb587fff700 10 librbd::AioCompletion: got {929792=512} for [0,512] bl 512
2013-03-14 18:10:28.371081 7fb587fff700 20 librbd::AioCompletion: AioCompletion::complete_request() 0x7fb5a9289bf0 complete_cb=0x7fb5a6fc7170 pending 1
2013-03-14 18:10:28.371084 7fb587fff700 20 librbd::AioCompletion: AioCompletion::finalize() 0x7fb5a9289bf0 rval 512 read_buf 0x7fb5a9524600 read_bl 0
2013-03-14 18:10:28.371087 7fb587fff700 20 librbd::AioCompletion: AioCompletion::finalize() copied resulting 512 bytes to 0x7fb5a9524600
2013-03-14 18:10:28.371212 7fb5876fd700 20 librbd: aio_read 0x7fb5a9162330 completion 0x7fb5a9289bf0 [930304,512]
2013-03-14 18:10:28.371220 7fb5876fd700 20 librbd: ictx_check 0x7fb5a9162330
2013-03-14 18:10:28.371228 7fb5876fd700 20 librbd: oid rb.0.1e1280.238e1f29.000000000000 930304~512 from [0,512]
2013-03-14 18:10:28.371232 7fb5876fd700 20 librbd::AioRequest: send 0x7fb5a9520090 rb.0.1e1280.238e1f29.000000000000 930304~512
2013-03-14 18:10:28.371248 7fb5876fd700 1 -- 172.16.156.135:0/1648258 --> 172.16.170.1:6800/1310 -- osd_op(client.2216705.0:715 rb.0.1e1280.238e1f29.000000000000 [sparse-read 930304~512] 2.dabde67b) v4 -- ?+0 0x7fb5a9525990 con 0x7fb5a91668f0
2013-03-14 18:10:28.371261 7fb5876fd700 20 librbd::AioCompletion: AioCompletion::finish_adding_requests 0x7fb5a9289bf0 pending 1
2013-03-14 18:10:28.372142 7fb58ed64700 1 -- 172.16.156.135:0/1648258 <== osd.0 172.16.170.1:6800/1310 710 ==== osd_op_reply(715 rb.0.1e1280.238e1f29.000000000000 [sparse-read 930304~512] = 0) v4 ==== 132+0+536 (2539485404 0 3714281004) 0x7fb5a95206a0 con 0x7fb5a91668f0
2013-03-14 18:10:28.372186 7fb587fff700 20 librbd::AioRequest: should_complete 0x7fb5a9520090 rb.0.1e1280.238e1f29.000000000000 930304~512 r = 0
2013-03-14 18:10:28.372198 7fb587fff700 10 librbd::AioCompletion: C_AioRead::finish() 0x7fb5a94abcd0 r = 0
2013-03-14 18:10:28.372200 7fb587fff700 10 librbd::AioCompletion: got {930304=512} for [0,512] bl 512
2013-03-14 18:10:28.372205 7fb587fff700 20 librbd::AioCompletion: AioCompletion::complete_request() 0x7fb5a9289bf0 complete_cb=0x7fb5a6fc7170 pending 1
2013-03-14 18:10:28.372208 7fb587fff700 20 librbd::AioCompletion: AioCompletion::finalize() 0x7fb5a9289bf0 rval 512 read_buf 0x7fb5a9525600 read_bl 0
2013-03-14 18:10:28.372211 7fb587fff700 20 librbd::AioCompletion: AioCompletion::finalize() copied resulting 512 bytes to 0x7fb5a9525600
2013-03-14 18:10:28.372334 7fb5876fd700 20 librbd: aio_read 0x7fb5a9162330 completion 0x7fb5a9289bf0 [930816,512]
2013-03-14 18:10:28.372343 7fb5876fd700 20 librbd: ictx_check 0x7fb5a9162330
2013-03-14 18:10:28.372350 7fb5876fd700 20 librbd: oid rb.0.1e1280.238e1f29.000000000000 930816~512 from [0,512]
2013-03-14 18:10:28.372361 7fb5876fd700 20 librbd::AioRequest: send 0x7fb5a95245e0 rb.0.1e1280.238e1f29.000000000000 930816~512
2013-03-14 18:10:28.372377 7fb5876fd700 1 -- 172.16.156.135:0/1648258 --> 172.16.170.1:6800/1310 -- osd_op(client.2216705.0:716 rb.0.1e1280.238e1f29.000000000000 [sparse-read 930816~512] 2.dabde67b) v4 -- ?+0 0x7fb5a9521190 con 0x7fb5a91668f0
2013-03-14 18:10:28.372393 7fb5876fd700 20 librbd::AioCompletion: AioCompletion::finish_adding_requests 0x7fb5a9289bf0 pending 1
2013-03-14 18:10:28.373264 7fb58ed64700 1 -- 172.16.156.135:0/1648258 <== osd.0 172.16.170.1:6800/1310 711 ==== osd_op_reply(716 rb.0.1e1280.238e1f29.000000000000 [sparse-read 930816~512] = 0) v4 ==== 132+0+536 (1431928792 0 702548934) 0x7fb5a952a050 con 0x7fb5a91668f0
2013-03-14 18:10:28.373304 7fb587fff700 20 librbd::AioRequest: should_complete 0x7fb5a95245e0 rb.0.1e1280.238e1f29.000000000000 930816~512 r = 0
2013-03-14 18:10:28.373314 7fb587fff700 10 librbd::AioCompletion: C_AioRead::finish() 0x7fb5a9273e50 r = 0
2013-03-14 18:10:28.373317 7fb587fff700 10 librbd::AioCompletion: got {930816=512} for [0,512] bl 512
2013-03-14 18:10:28.373322 7fb587fff700 20 librbd::AioCompletion: AioCompletion::complete_request() 0x7fb5a9289bf0 complete_cb=0x7fb5a6fc7170 pending 1
2013-03-14 18:10:28.373324 7fb587fff700 20 librbd::AioCompletion: AioCompletion::finalize() 0x7fb5a9289bf0 rval 512 read_buf 0x7fb5a9520e00 read_bl 0
2013-03-14 18:10:28.373328 7fb587fff700 20 librbd::AioCompletion: AioCompletion::finalize() copied resulting 512 bytes to 0x7fb5a9520e00
2013-03-14 18:10:28.373464 7fb5876fd700 20 librbd: aio_read 0x7fb5a9162330 completion 0x7fb5a9289bf0 [931328,512]
2013-03-14 18:10:28.373473 7fb5876fd700 20 librbd: ictx_check 0x7fb5a9162330
2013-03-14 18:10:28.373480 7fb5876fd700 20 librbd: oid rb.0.1e1280.238e1f29.000000000000 931328~512 from [0,512]
2013-03-14 18:10:28.373484 7fb5876fd700 20 librbd::AioRequest: send 0x7fb5a9521c70 rb.0.1e1280.238e1f29.000000000000 931328~512
2013-03-14 18:10:28.373500 7fb5876fd700 1 -- 172.16.156.135:0/1648258 --> 172.16.170.1:6800/1310 -- osd_op(client.2216705.0:717 rb.0.1e1280.238e1f29.000000000000 [sparse-read 931328~512] 2.dabde67b) v4 -- ?+0 0x7fb5a9522190 con 0x7fb5a91668f0
2013-03-14 18:10:28.373514 7fb5876fd700 20 librbd::AioCompletion: AioCompletion::finish_adding_requests 0x7fb5a9289bf0 pending 1
2013-03-14 18:10:28.374379 7fb58ed64700 1 -- 172.16.156.135:0/1648258 <== osd.0 172.16.170.1:6800/1310 712 ==== osd_op_reply(717 rb.0.1e1280.238e1f29.000000000000 [sparse-read 931328~512] = 0) v4 ==== 132+0+536 (346389796 0 3792993828) 0x7fb5a95227a0 con 0x7fb5a91668f0
2013-03-14 18:10:28.374416 7fb587fff700 20 librbd::AioRequest: should_complete 0x7fb5a9521c70 rb.0.1e1280.238e1f29.000000000000 931328~512 r = 0
2013-03-14 18:10:28.374428 7fb587fff700 10 librbd::AioCompletion: C_AioRead::finish() 0x7fb5a939ffe0 r = 0
2013-03-14 18:10:28.374431 7fb587fff700 10 librbd::AioCompletion: got {931328=512} for [0,512] bl 512
2013-03-14 18:10:28.374437 7fb587fff700 20 librbd::AioCompletion: AioCompletion::complete_request() 0x7fb5a9289bf0 complete_cb=0x7fb5a6fc7170 pending 1
2013-03-14 18:10:28.374441 7fb587fff700 20 librbd::AioCompletion: AioCompletion::finalize() 0x7fb5a9289bf0 rval 512 read_buf 0x7fb5a9521e00 read_bl 0
2013-03-14 18:10:28.374484 7fb587fff700 20 librbd::AioCompletion: AioCompletion::finalize() copied resulting 512 bytes to 0x7fb5a9521e00
2013-03-14 18:10:28.374711 7fb5876fd700 20 librbd: aio_read 0x7fb5a9162330 completion 0x7fb5a9289bf0 [931840,512]
2013-03-14 18:10:28.374719 7fb5876fd700 20 librbd: ictx_check 0x7fb5a9162330
2013-03-14 18:10:28.374728 7fb5876fd700 20 librbd: oid rb.0.1e1280.238e1f29.000000000000 931840~512 from [0,512]
2013-03-14 18:10:28.374732 7fb5876fd700 20 librbd::AioRequest: send 0x7fb5a95220e0 rb.0.1e1280.238e1f29.000000000000 931840~512
2013-03-14 18:10:28.374749 7fb5876fd700 1 -- 172.16.156.135:0/1648258 --> 172.16.170.1:6800/1310 -- osd_op(client.2216705.0:718 rb.0.1e1280.238e1f29.000000000000 [sparse-read 931840~512] 2.dabde67b) v4 -- ?+0 0x7fb5a9523280 con 0x7fb5a91668f0
2013-03-14 18:10:28.374763 7fb5876fd700 20 librbd::AioCompletion: AioCompletion::finish_adding_requests 0x7fb5a9289bf0 pending 1
2013-03-14 18:10:28.375841 7fb58ed64700 1 -- 172.16.156.135:0/1648258 <== osd.0 172.16.170.1:6800/1310 713 ==== osd_op_reply(718 rb.0.1e1280.238e1f29.000000000000 [sparse-read 931840~512] = 0) v4 ==== 132+0+536 (3569157921 0 2165034681) 0x7fb5a95237c0 con 0x7fb5a91668f0
2013-03-14 18:10:28.375885 7fb587fff700 20 librbd::AioRequest: should_complete 0x7fb5a95220e0 rb.0.1e1280.238e1f29.000000000000 931840~512 r = 0
2013-03-14 18:10:28.375893 7fb587fff700 10 librbd::AioCompletion: C_AioRead::finish() 0x7fb5a93fb490 r = 0
2013-03-14 18:10:28.375895 7fb587fff700 10 librbd::AioCompletion: got {931840=512} for [0,512] bl 512
2013-03-14 18:10:28.375899 7fb587fff700 20 librbd::AioCompletion: AioCompletion::complete_request() 0x7fb5a9289bf0 complete_cb=0x7fb5a6fc7170 pending 1
2013-03-14 18:10:28.375902 7fb587fff700 20 librbd::AioCompletion: AioCompletion::finalize() 0x7fb5a9289bf0 rval 512 read_buf 0x7fb5a9522e00 read_bl 0
2013-03-14 18:10:28.375905 7fb587fff700 20 librbd::AioCompletion: AioCompletion::finalize() copied resulting 512 bytes to 0x7fb5a9522e00
2013-03-14 18:10:28.376032 7fb5876fd700 20 librbd: aio_read 0x7fb5a9162330 completion 0x7fb5a9289bf0 [932352,512]
2013-03-14 18:10:28.376041 7fb5876fd700 20 librbd: ictx_check 0x7fb5a9162330
2013-03-14 18:10:28.376048 7fb5876fd700 20 librbd: oid rb.0.1e1280.238e1f29.000000000000 932352~512 from [0,512]
2013-03-14 18:10:28.376053 7fb5876fd700 20 librbd::AioRequest: send 0x7fb5a9523350 rb.0.1e1280.238e1f29.000000000000 932352~512
2013-03-14 18:10:28.376068 7fb5876fd700 1 -- 172.16.156.135:0/1648258 --> 172.16.170.1:6800/1310 -- osd_op(client.2216705.0:719 rb.0.1e1280.238e1f29.000000000000 [sparse-read 932352~512] 2.dabde67b) v4 -- ?+0 0x7fb5a9526410 con 0x7fb5a91668f0
2013-03-14 18:10:28.376081 7fb5876fd700 20 librbd::AioCompletion: AioCompletion::finish_adding_requests 0x7fb5a9289bf0 pending 1
2013-03-14 18:10:28.377012 7fb58ed64700 1 -- 172.16.156.135:0/1648258 <== osd.0 172.16.170.1:6800/1310 714 ==== osd_op_reply(719 rb.0.1e1280.238e1f29.000000000000 [sparse-read 932352~512] = 0) v4 ==== 132+0+536 (2504066525 0 3748722152) 0x7fb5a9523e40 con 0x7fb5a91668f0
2013-03-14 18:10:28.377054 7fb587fff700 20 librbd::AioRequest: should_complete 0x7fb5a9523350 rb.0.1e1280.238e1f29.000000000000 932352~512 r = 0
2013-03-14 18:10:28.377065 7fb587fff700 10 librbd::AioCompletion: C_AioRead::finish() 0x7fb5a93d9de0 r = 0
2013-03-14 18:10:28.377068 7fb587fff700 10 librbd::AioCompletion: got {932352=512} for [0,512] bl 512
2013-03-14 18:10:28.377073 7fb587fff700 20 librbd::AioCompletion: AioCompletion::complete_request() 0x7fb5a9289bf0 complete_cb=0x7fb5a6fc7170 pending 1
2013-03-14 18:10:28.377075 7fb587fff700 20 librbd::AioCompletion: AioCompletion::finalize() 0x7fb5a9289bf0 rval 512 read_buf 0x7fb5a9526200 read_bl 0
2013-03-14 18:10:28.377078 7fb587fff700 20 librbd::AioCompletion: AioCompletion::finalize() copied resulting 512 bytes to 0x7fb5a9526200
2013-03-14 18:10:28.377200 7fb5876fd700 20 librbd: aio_read 0x7fb5a9162330 completion 0x7fb5a9289bf0 [932864,512]
2013-03-14 18:10:28.377208 7fb5876fd700 20 librbd: ictx_check 0x7fb5a9162330
2013-03-14 18:10:28.377216 7fb5876fd700 20 librbd: oid rb.0.1e1280.238e1f29.000000000000 932864~512 from [0,512]
2013-03-14 18:10:28.377220 7fb5876fd700 20 librbd::AioRequest: send 0x7fb5a9526410 rb.0.1e1280.238e1f29.000000000000 932864~512
2013-03-14 18:10:28.377235 7fb5876fd700 1 -- 172.16.156.135:0/1648258 --> 172.16.170.1:6800/1310 -- osd_op(client.2216705.0:720 rb.0.1e1280.238e1f29.000000000000 [sparse-read 932864~512] 2.dabde67b) v4 -- ?+0 0x7fb5a952a980 con 0x7fb5a91668f0
2013-03-14 18:10:28.377249 7fb5876fd700 20 librbd::AioCompletion: AioCompletion::finish_adding_requests 0x7fb5a9289bf0 pending 1
2013-03-14 18:10:28.378110 7fb58ed64700 1 -- 172.16.156.135:0/1648258 <== osd.0 172.16.170.1:6800/1310 715 ==== osd_op_reply(720 rb.0.1e1280.238e1f29.000000000000 [sparse-read 932864~512] = 0) v4 ==== 132+0+536 (1464140505 0 1882670871) 0x7fb5a952af90 con 0x7fb5a91668f0
2013-03-14 18:10:28.378160 7fb587fff700 20 librbd::AioRequest: should_complete 0x7fb5a9526410 rb.0.1e1280.238e1f29.000000000000 932864~512 r = 0
2013-03-14 18:10:28.378174 7fb587fff700 10 librbd::AioCompletion: C_AioRead::finish() 0x7fb5a94eecf0 r = 0
2013-03-14 18:10:28.378177 7fb587fff700 10 librbd::AioCompletion: got {932864=512} for [0,512] bl 512
2013-03-14 18:10:28.378184 7fb587fff700 20 librbd::AioCompletion: AioCompletion::complete_request() 0x7fb5a9289bf0 complete_cb=0x7fb5a6fc7170 pending 1
2013-03-14 18:10:28.378188 7fb587fff700 20 librbd::AioCompletion: AioCompletion::finalize() 0x7fb5a9289bf0 rval 512 read_buf 0x7fb5a9526200 read_bl 0
2013-03-14 18:10:28.378193 7fb587fff700 20 librbd::AioCompletion: AioCompletion::finalize() copied resulting 512 bytes to 0x7fb5a9526200
2013-03-14 18:10:28.378315 7fb5876fd700 20 librbd: aio_read 0x7fb5a9162330 completion 0x7fb5a9289bf0 [933376,512]
2013-03-14 18:10:28.378323 7fb5876fd700 20 librbd: ictx_check 0x7fb5a9162330
2013-03-14 18:10:28.378331 7fb5876fd700 20 librbd: oid rb.0.1e1280.238e1f29.000000000000 933376~512 from [0,512]
2013-03-14 18:10:28.378335 7fb5876fd700 20 librbd::AioRequest: send 0x7fb5a952aa50 rb.0.1e1280.238e1f29.000000000000 933376~512
2013-03-14 18:10:28.378351 7fb5876fd700 1 -- 172.16.156.135:0/1648258 --> 172.16.170.1:6800/1310 -- osd_op(client.2216705.0:721 rb.0.1e1280.238e1f29.000000000000 [sparse-read 933376~512] 2.dabde67b) v4 -- ?+0 0x7fb5a952ba00 con 0x7fb5a91668f0
2013-03-14 18:10:28.378371 7fb5876fd700 20 librbd::AioCompletion: AioCompletion::finish_adding_requests 0x7fb5a9289bf0 pending 1
2013-03-14 18:10:28.379306 7fb58ed64700 1 -- 172.16.156.135:0/1648258 <== osd.0 172.16.170.1:6800/1310 716 ==== osd_op_reply(721 rb.0.1e1280.238e1f29.000000000000 [sparse-read 933376~512] = 0) v4 ==== 132+0+536 (381222949 0 2424942146) 0x7fb5a9526a20 con 0x7fb5a91668f0
2013-03-14 18:10:28.379401 7fb587fff700 20 librbd::AioRequest: should_complete 0x7fb5a952aa50 rb.0.1e1280.238e1f29.000000000000 933376~512 r = 0
2013-03-14 18:10:28.379413 7fb587fff700 10 librbd::AioCompletion: C_AioRead::finish() 0x7fb5a92ded70 r = 0
2013-03-14 18:10:28.379416 7fb587fff700 10 librbd::AioCompletion: got {933376=512} for [0,512] bl 512
2013-03-14 18:10:28.379422 7fb587fff700 20 librbd::AioCompletion: AioCompletion::complete_request() 0x7fb5a9289bf0 complete_cb=0x7fb5a6fc7170 pending 1
2013-03-14 18:10:28.379426 7fb587fff700 20 librbd::AioCompletion: AioCompletion::finalize() 0x7fb5a9289bf0 rval 512 read_buf 0x7fb5a952b400 read_bl 0
2013-03-14 18:10:28.379430 7fb587fff700 20 librbd::AioCompletion: AioCompletion::finalize() copied resulting 512 bytes to 0x7fb5a952b400
2013-03-14 18:10:28.379641 7fb5876fd700 20 librbd: aio_read 0x7fb5a9162330 completion 0x7fb5a9289bf0 [933888,512]
2013-03-14 18:10:28.379649 7fb5876fd700 20 librbd: ictx_check 0x7fb5a9162330
2013-03-14 18:10:28.379657 7fb5876fd700 20 librbd: oid rb.0.1e1280.238e1f29.000000000000 933888~512 from [0,512]
2013-03-14 18:10:28.379661 7fb5876fd700 20 librbd::AioRequest: send 0x7fb5a95261e0 rb.0.1e1280.238e1f29.000000000000 933888~512
2013-03-14 18:10:28.379677 7fb5876fd700 1 -- 172.16.156.135:0/1648258 --> 172.16.170.1:6800/1310 -- osd_op(client.2216705.0:722 rb.0.1e1280.238e1f29.000000000000 [sparse-read 933888~512] 2.dabde67b) v4 -- ?+0 0x7fb5a95273d0 con 0x7fb5a91668f0
2013-03-14 18:10:28.379690 7fb5876fd700 20 librbd::AioCompletion: AioCompletion::finish_adding_requests 0x7fb5a9289bf0 pending 1
2013-03-14 18:10:28.380742 7fb58ed64700 1 -- 172.16.156.135:0/1648258 <== osd.0 172.16.170.1:6800/1310 717 ==== osd_op_reply(722 rb.0.1e1280.238e1f29.000000000000 [sparse-read 933888~512] = 0) v4 ==== 132+0+536 (3389758510 0 4234472675) 0x7fb5a9530050 con 0x7fb5a91668f0
2013-03-14 18:10:28.380789 7fb587fff700 20 librbd::AioRequest: should_complete 0x7fb5a95261e0 rb.0.1e1280.238e1f29.000000000000 933888~512 r = 0
2013-03-14 18:10:28.380800 7fb587fff700 10 librbd::AioCompletion: C_AioRead::finish() 0x7fb5a926cb50 r = 0
2013-03-14 18:10:28.380803 7fb587fff700 10 librbd::AioCompletion: got {933888=512} for [0,512] bl 512
2013-03-14 18:10:28.380807 7fb587fff700 20 librbd::AioCompletion: AioCompletion::complete_request() 0x7fb5a9289bf0 complete_cb=0x7fb5a6fc7170 pending 1
2013-03-14 18:10:28.380810 7fb587fff700 20 librbd::AioCompletion: AioCompletion::finalize() 0x7fb5a9289bf0 rval 512 read_buf 0x7fb5a9527000 read_bl 0
2013-03-14 18:10:28.380813 7fb587fff700 20 librbd::AioCompletion: AioCompletion::finalize() copied resulting 512 bytes to 0x7fb5a9527000
2013-03-14 18:10:28.380944 7fb5876fd700 20 librbd: aio_read 0x7fb5a9162330 completion 0x7fb5a9289bf0 [934400,512]
2013-03-14 18:10:28.380952 7fb5876fd700 20 librbd: ictx_check 0x7fb5a9162330
2013-03-14 18:10:28.380960 7fb5876fd700 20 librbd: oid rb.0.1e1280.238e1f29.000000000000 934400~512 from [0,512]
2013-03-14 18:10:28.380964 7fb5876fd700 20 librbd::AioRequest: send 0x7fb5a952bad0 rb.0.1e1280.238e1f29.000000000000 934400~512
2013-03-14 18:10:28.380979 7fb5876fd700 1 -- 172.16.156.135:0/1648258 --> 172.16.170.1:6800/1310 -- osd_op(client.2216705.0:723 rb.0.1e1280.238e1f29.000000000000 [sparse-read 934400~512] 2.dabde67b) v4 -- ?+0 0x7fb5a9528390 con 0x7fb5a91668f0
2013-03-14 18:10:28.380993 7fb5876fd700 20 librbd::AioCompletion: AioCompletion::finish_adding_requests 0x7fb5a9289bf0 pending 1
2013-03-14 18:10:28.381921 7fb58ed64700 1 -- 172.16.156.135:0/1648258 <== osd.0 172.16.170.1:6800/1310 718 ==== osd_op_reply(723 rb.0.1e1280.238e1f29.000000000000 [sparse-read 934400~512] = 0) v4 ==== 132+0+536 (2348261074 0 2298312703) 0x7fb5a95289a0 con 0x7fb5a91668f0
2013-03-14 18:10:28.382021 7fb587fff700 20 librbd::AioRequest: should_complete 0x7fb5a952bad0 rb.0.1e1280.238e1f29.000000000000 934400~512 r = 0
2013-03-14 18:10:28.382028 7fb587fff700 10 librbd::AioCompletion: C_AioRead::finish() 0x7fb5a94547d0 r = 0
2013-03-14 18:10:28.382030 7fb587fff700 10 librbd::AioCompletion: got {934400=512} for [0,512] bl 512
2013-03-14 18:10:28.382035 7fb587fff700 20 librbd::AioCompletion: AioCompletion::complete_request() 0x7fb5a9289bf0 complete_cb=0x7fb5a6fc7170 pending 1
2013-03-14 18:10:28.382038 7fb587fff700 20 librbd::AioCompletion: AioCompletion::finalize() 0x7fb5a9289bf0 rval 512 read_buf 0x7fb5a9528000 read_bl 0
2013-03-14 18:10:28.382041 7fb587fff700 20 librbd::AioCompletion: AioCompletion::finalize() copied resulting 512 bytes to 0x7fb5a9528000
2013-03-14 18:10:28.382480 7fb5876fd700 20 librbd: aio_read 0x7fb5a9162330 completion 0x7fb5a9289bf0 [934912,512]
2013-03-14 18:10:28.382489 7fb5876fd700 20 librbd: ictx_check 0x7fb5a9162330
2013-03-14 18:10:28.382497 7fb5876fd700 20 librbd: oid rb.0.1e1280.238e1f29.000000000000 934912~512 from [0,512]
2013-03-14 18:10:28.382501 7fb5876fd700 20 librbd::AioRequest: send 0x7fb5a9527320 rb.0.1e1280.238e1f29.000000000000 934912~512
2013-03-14 18:10:28.382517 7fb5876fd700 1 -- 172.16.156.135:0/1648258 --> 172.16.170.1:6800/1310 -- osd_op(client.2216705.0:724 rb.0.1e1280.238e1f29.000000000000 [sparse-read 934912~512] 2.dabde67b) v4 -- ?+0 0x7fb5a9529480 con 0x7fb5a91668f0
2013-03-14 18:10:28.382530 7fb5876fd700 20 librbd::AioCompletion: AioCompletion::finish_adding_requests 0x7fb5a9289bf0 pending 1
2013-03-14 18:10:28.383797 7fb58ed64700 1 -- 172.16.156.135:0/1648258 <== osd.0 172.16.170.1:6800/1310 719 ==== osd_op_reply(724 rb.0.1e1280.238e1f29.000000000000 [sparse-read 934912~512] = 0) v4 ==== 132+0+536 (1240701398 0 2550979060) 0x7fb5a9529a10 con 0x7fb5a91668f0
