2013-03-14 18:10:28.576973 7fb5876fd700 20 librbd::AioRequest: send 0x7fb5a95b2cd0 rb.0.1e1280.238e1f29.000000000000 1003520~512
2013-03-14 18:10:28.577030 7fb5876fd700 1 -- 172.16.156.135:0/1648258 --> 172.16.170.1:6800/1310 -- osd_op(client.2216705.0:858 rb.0.1e1280.238e1f29.000000000000 [sparse-read 1003520~512] 2.dabde67b) v4 -- ?+0 0x7fb5a95b3c00 con 0x7fb5a91668f0
2013-03-14 18:10:28.577049 7fb5876fd700 20 librbd::AioCompletion: AioCompletion::finish_adding_requests 0x7fb5a9289bf0 pending 1
2013-03-14 18:10:28.578355 7fb58ed64700 1 -- 172.16.156.135:0/1648258 <== osd.0 172.16.170.1:6800/1310 853 ==== osd_op_reply(858 rb.0.1e1280.238e1f29.000000000000 [sparse-read 1003520~512] = 0) v4 ==== 132+0+536 (2377958924 0 2880425104) 0x7fb5a95b6160 con 0x7fb5a91668f0
2013-03-14 18:10:28.578408 7fb587fff700 20 librbd::AioRequest: should_complete 0x7fb5a95b2cd0 rb.0.1e1280.238e1f29.000000000000 1003520~512 r = 0
2013-03-14 18:10:28.578417 7fb587fff700 10 librbd::AioCompletion: C_AioRead::finish() 0x7fb5a9403b70 r = 0
2013-03-14 18:10:28.578418 7fb587fff700 10 librbd::AioCompletion: got {1003520=512} for [0,512] bl 512
2013-03-14 18:10:28.578423 7fb587fff700 20 librbd::AioCompletion: AioCompletion::complete_request() 0x7fb5a9289bf0 complete_cb=0x7fb5a6fc7170 pending 1
2013-03-14 18:10:28.578425 7fb587fff700 20 librbd::AioCompletion: AioCompletion::finalize() 0x7fb5a9289bf0 rval 512 read_buf 0x7fb5a95b3600 read_bl 0
2013-03-14 18:10:28.578429 7fb587fff700 20 librbd::AioCompletion: AioCompletion::finalize() copied resulting 512 bytes to 0x7fb5a95b3600
2013-03-14 18:10:28.578569 7fb5876fd700 20 librbd: aio_read 0x7fb5a9162330 completion 0x7fb5a9289bf0 [1004032,512]
2013-03-14 18:10:28.578591 7fb5876fd700 20 librbd: ictx_check 0x7fb5a9162330
2013-03-14 18:10:28.578633 7fb5876fd700 20 librbd: oid rb.0.1e1280.238e1f29.000000000000 1004032~512 from [0,512]
2013-03-14 18:10:28.578639 7fb5876fd700 20 librbd::AioRequest: send 0x7fb5a95b3c00 rb.0.1e1280.238e1f29.000000000000 1004032~512
2013-03-14 18:10:28.578658 7fb5876fd700 1 -- 172.16.156.135:0/1648258 --> 172.16.170.1:6800/1310 -- osd_op(client.2216705.0:859 rb.0.1e1280.238e1f29.000000000000 [sparse-read 1004032~512] 2.dabde67b) v4 -- ?+0 0x7fb5a95bac00 con 0x7fb5a91668f0
2013-03-14 18:10:28.578679 7fb5876fd700 20 librbd::AioCompletion: AioCompletion::finish_adding_requests 0x7fb5a9289bf0 pending 1
2013-03-14 18:10:28.579902 7fb58ed64700 1 -- 172.16.156.135:0/1648258 <== osd.0 172.16.170.1:6800/1310 854 ==== osd_op_reply(859 rb.0.1e1280.238e1f29.000000000000 [sparse-read 1004032~512] = 0) v4 ==== 132+0+536 (3426796784 0 90904927) 0x7fb5a95bb210 con 0x7fb5a91668f0
2013-03-14 18:10:28.579943 7fb587fff700 20 librbd::AioRequest: should_complete 0x7fb5a95b3c00 rb.0.1e1280.238e1f29.000000000000 1004032~512 r = 0
2013-03-14 18:10:28.579954 7fb587fff700 10 librbd::AioCompletion: C_AioRead::finish() 0x7fb5a9267fe0 r = 0
2013-03-14 18:10:28.579957 7fb587fff700 10 librbd::AioCompletion: got {1004032=512} for [0,512] bl 512
2013-03-14 18:10:28.579962 7fb587fff700 20 librbd::AioCompletion: AioCompletion::complete_request() 0x7fb5a9289bf0 complete_cb=0x7fb5a6fc7170 pending 1
2013-03-14 18:10:28.579964 7fb587fff700 20 librbd::AioCompletion: AioCompletion::finalize() 0x7fb5a9289bf0 rval 512 read_buf 0x7fb5a95ba600 read_bl 0
2013-03-14 18:10:28.579967 7fb587fff700 20 librbd::AioCompletion: AioCompletion::finalize() copied resulting 512 bytes to 0x7fb5a95ba600
2013-03-14 18:10:28.580086 7fb5876fd700 20 librbd: aio_read 0x7fb5a9162330 completion 0x7fb5a9289bf0 [1004544,512]
2013-03-14 18:10:28.580096 7fb5876fd700 20 librbd: ictx_check 0x7fb5a9162330
2013-03-14 18:10:28.580105 7fb5876fd700 20 librbd: oid rb.0.1e1280.238e1f29.000000000000 1004544~512 from [0,512]
2013-03-14 18:10:28.580112 7fb5876fd700 20 librbd::AioRequest: send 0x7fb5a95bac00 rb.0.1e1280.238e1f29.000000000000 1004544~512
2013-03-14 18:10:28.580134 7fb5876fd700 1 -- 172.16.156.135:0/1648258 --> 172.16.170.1:6800/1310 -- osd_op(client.2216705.0:860 rb.0.1e1280.238e1f29.000000000000 [sparse-read 1004544~512] 2.dabde67b) v4 -- ?+0 0x7fb5a95bbc00 con 0x7fb5a91668f0
2013-03-14 18:10:28.580190 7fb5876fd700 20 librbd::AioCompletion: AioCompletion::finish_adding_requests 0x7fb5a9289bf0 pending 1
2013-03-14 18:10:28.581355 7fb58ed64700 1 -- 172.16.156.135:0/1648258 <== osd.0 172.16.170.1:6800/1310 855 ==== osd_op_reply(860 rb.0.1e1280.238e1f29.000000000000 [sparse-read 1004544~512] = 0) v4 ==== 132+0+536 (239387636 0 4090106367) 0x7fb5a95b6160 con 0x7fb5a91668f0
2013-03-14 18:10:28.581431 7fb587fff700 20 librbd::AioRequest: should_complete 0x7fb5a95bac00 rb.0.1e1280.238e1f29.000000000000 1004544~512 r = 0
2013-03-14 18:10:28.581442 7fb587fff700 10 librbd::AioCompletion: C_AioRead::finish() 0x7fb5a937e230 r = 0
2013-03-14 18:10:28.581445 7fb587fff700 10 librbd::AioCompletion: got {1004544=512} for [0,512] bl 512
2013-03-14 18:10:28.581450 7fb587fff700 20 librbd::AioCompletion: AioCompletion::complete_request() 0x7fb5a9289bf0 complete_cb=0x7fb5a6fc7170 pending 1
2013-03-14 18:10:28.581453 7fb587fff700 20 librbd::AioCompletion: AioCompletion::finalize() 0x7fb5a9289bf0 rval 512 read_buf 0x7fb5a95bb600 read_bl 0
2013-03-14 18:10:28.581457 7fb587fff700 20 librbd::AioCompletion: AioCompletion::finalize() copied resulting 512 bytes to 0x7fb5a95bb600
2013-03-14 18:10:28.581680 7fb5876fd700 20 librbd: aio_read 0x7fb5a9162330 completion 0x7fb5a9289bf0 [1005056,512]
2013-03-14 18:10:28.581690 7fb5876fd700 20 librbd: ictx_check 0x7fb5a9162330
2013-03-14 18:10:28.581700 7fb5876fd700 20 librbd: oid rb.0.1e1280.238e1f29.000000000000 1005056~512 from [0,512]
2013-03-14 18:10:28.581706 7fb5876fd700 20 librbd::AioRequest: send 0x7fb5a95bbc00 rb.0.1e1280.238e1f29.000000000000 1005056~512
2013-03-14 18:10:28.581729 7fb5876fd700 1 -- 172.16.156.135:0/1648258 --> 172.16.170.1:6800/1310 -- osd_op(client.2216705.0:861 rb.0.1e1280.238e1f29.000000000000 [sparse-read 1005056~512] 2.dabde67b) v4 -- ?+0 0x7fb5a95b6b90 con 0x7fb5a91668f0
2013-03-14 18:10:28.581752 7fb5876fd700 20 librbd::AioCompletion: AioCompletion::finish_adding_requests 0x7fb5a9289bf0 pending 1
2013-03-14 18:10:28.582903 7fb58ed64700 1 -- 172.16.156.135:0/1648258 <== osd.0 172.16.170.1:6800/1310 856 ==== osd_op_reply(861 rb.0.1e1280.238e1f29.000000000000 [sparse-read 1005056~512] = 0) v4 ==== 132+0+536 (1337508104 0 1561248816) 0x7fb5a95c0050 con 0x7fb5a91668f0
2013-03-14 18:10:28.582959 7fb587fff700 20 librbd::AioRequest: should_complete 0x7fb5a95bbc00 rb.0.1e1280.238e1f29.000000000000 1005056~512 r = 0
2013-03-14 18:10:28.582966 7fb587fff700 10 librbd::AioCompletion: C_AioRead::finish() 0x7fb5a9279800 r = 0
2013-03-14 18:10:28.582968 7fb587fff700 10 librbd::AioCompletion: got {1005056=512} for [0,512] bl 512
2013-03-14 18:10:28.582973 7fb587fff700 20 librbd::AioCompletion: AioCompletion::complete_request() 0x7fb5a9289bf0 complete_cb=0x7fb5a6fc7170 pending 1
2013-03-14 18:10:28.582976 7fb587fff700 20 librbd::AioCompletion: AioCompletion::finalize() 0x7fb5a9289bf0 rval 512 read_buf 0x7fb5a95b6800 read_bl 0
2013-03-14 18:10:28.582980 7fb587fff700 20 librbd::AioCompletion: AioCompletion::finalize() copied resulting 512 bytes to 0x7fb5a95b6800
2013-03-14 18:10:28.583109 7fb5876fd700 20 librbd: aio_read 0x7fb5a9162330 completion 0x7fb5a9289bf0 [1005568,512]
2013-03-14 18:10:28.583119 7fb5876fd700 20 librbd: ictx_check 0x7fb5a9162330
2013-03-14 18:10:28.583129 7fb5876fd700 20 librbd: oid rb.0.1e1280.238e1f29.000000000000 1005568~512 from [0,512]
2013-03-14 18:10:28.583136 7fb5876fd700 20 librbd::AioRequest: send 0x7fb5a95bb800 rb.0.1e1280.238e1f29.000000000000 1005568~512
2013-03-14 18:10:28.583159 7fb5876fd700 1 -- 172.16.156.135:0/1648258 --> 172.16.170.1:6800/1310 -- osd_op(client.2216705.0:862 rb.0.1e1280.238e1f29.000000000000 [sparse-read 1005568~512] 2.dabde67b) v4 -- ?+0 0x7fb5a95b7c80 con 0x7fb5a91668f0
2013-03-14 18:10:28.583183 7fb5876fd700 20 librbd::AioCompletion: AioCompletion::finish_adding_requests 0x7fb5a9289bf0 pending 1
2013-03-14 18:10:28.584257 7fb58ed64700 1 -- 172.16.156.135:0/1648258 <== osd.0 172.16.170.1:6800/1310 857 ==== osd_op_reply(862 rb.0.1e1280.238e1f29.000000000000 [sparse-read 1005568~512] = 0) v4 ==== 132+0+536 (2409675533 0 459568718) 0x7fb5a95b8290 con 0x7fb5a91668f0
2013-03-14 18:10:28.584337 7fb587fff700 20 librbd::AioRequest: should_complete 0x7fb5a95bb800 rb.0.1e1280.238e1f29.000000000000 1005568~512 r = 0
2013-03-14 18:10:28.584349 7fb587fff700 10 librbd::AioCompletion: C_AioRead::finish() 0x7fb5a92dc450 r = 0
2013-03-14 18:10:28.584351 7fb587fff700 10 librbd::AioCompletion: got {1005568=512} for [0,512] bl 512
2013-03-14 18:10:28.584357 7fb587fff700 20 librbd::AioCompletion: AioCompletion::complete_request() 0x7fb5a9289bf0 complete_cb=0x7fb5a6fc7170 pending 1
2013-03-14 18:10:28.584360 7fb587fff700 20 librbd::AioCompletion: AioCompletion::finalize() 0x7fb5a9289bf0 rval 512 read_buf 0x7fb5a95b7800 read_bl 0
2013-03-14 18:10:28.584364 7fb587fff700 20 librbd::AioCompletion: AioCompletion::finalize() copied resulting 512 bytes to 0x7fb5a95b7800
2013-03-14 18:10:28.584648 7fb5876fd700 20 librbd: aio_read 0x7fb5a9162330 completion 0x7fb5a9289bf0 [1006080,512]
2013-03-14 18:10:28.584658 7fb5876fd700 20 librbd: ictx_check 0x7fb5a9162330
2013-03-14 18:10:28.584667 7fb5876fd700 20 librbd: oid rb.0.1e1280.238e1f29.000000000000 1006080~512 from [0,512]
2013-03-14 18:10:28.584674 7fb5876fd700 20 librbd::AioRequest: send 0x7fb5a95b68d0 rb.0.1e1280.238e1f29.000000000000 1006080~512
2013-03-14 18:10:28.584693 7fb5876fd700 1 -- 172.16.156.135:0/1648258 --> 172.16.170.1:6800/1310 -- osd_op(client.2216705.0:863 rb.0.1e1280.238e1f29.000000000000 [sparse-read 1006080~512] 2.dabde67b) v4 -- ?+0 0x7fb5a95b8e00 con 0x7fb5a91668f0
2013-03-14 18:10:28.584712 7fb5876fd700 20 librbd::AioCompletion: AioCompletion::finish_adding_requests 0x7fb5a9289bf0 pending 1
2013-03-14 18:10:28.585887 7fb58ed64700 1 -- 172.16.156.135:0/1648258 <== osd.0 172.16.170.1:6800/1310 858 ==== osd_op_reply(863 rb.0.1e1280.238e1f29.000000000000 [sparse-read 1006080~512] = 0) v4 ==== 132+0+536 (3462183409 0 3047203713) 0x7fb5a95b9340 con 0x7fb5a91668f0
2013-03-14 18:10:28.585942 7fb587fff700 20 librbd::AioRequest: should_complete 0x7fb5a95b68d0 rb.0.1e1280.238e1f29.000000000000 1006080~512 r = 0
2013-03-14 18:10:28.585953 7fb587fff700 10 librbd::AioCompletion: C_AioRead::finish() 0x7fb5a93e6cf0 r = 0
2013-03-14 18:10:28.585956 7fb587fff700 10 librbd::AioCompletion: got {1006080=512} for [0,512] bl 512
2013-03-14 18:10:28.585961 7fb587fff700 20 librbd::AioCompletion: AioCompletion::complete_request() 0x7fb5a9289bf0 complete_cb=0x7fb5a6fc7170 pending 1
2013-03-14 18:10:28.585963 7fb587fff700 20 librbd::AioCompletion: AioCompletion::finalize() 0x7fb5a9289bf0 rval 512 read_buf 0x7fb5a95b8800 read_bl 0
2013-03-14 18:10:28.585967 7fb587fff700 20 librbd::AioCompletion: AioCompletion::finalize() copied resulting 512 bytes to 0x7fb5a95b8800
2013-03-14 18:10:28.586115 7fb5876fd700 20 librbd: aio_read 0x7fb5a9162330 completion 0x7fb5a9289bf0 [1006592,512]
2013-03-14 18:10:28.586125 7fb5876fd700 20 librbd: ictx_check 0x7fb5a9162330
2013-03-14 18:10:28.586135 7fb5876fd700 20 librbd: oid rb.0.1e1280.238e1f29.000000000000 1006592~512 from [0,512]
2013-03-14 18:10:28.586142 7fb5876fd700 20 librbd::AioRequest: send 0x7fb5a95b8db0 rb.0.1e1280.238e1f29.000000000000 1006592~512
2013-03-14 18:10:28.586164 7fb5876fd700 1 -- 172.16.156.135:0/1648258 --> 172.16.170.1:6800/1310 -- osd_op(client.2216705.0:864 rb.0.1e1280.238e1f29.000000000000 [sparse-read 1006592~512] 2.dabde67b) v4 -- ?+0 0x7fb5a95bc090 con 0x7fb5a91668f0
2013-03-14 18:10:28.586187 7fb5876fd700 20 librbd::AioCompletion: AioCompletion::finish_adding_requests 0x7fb5a9289bf0 pending 1
2013-03-14 18:10:28.587400 7fb58ed64700 1 -- 172.16.156.135:0/1648258 <== osd.0 172.16.170.1:6800/1310 859 ==== osd_op_reply(864 rb.0.1e1280.238e1f29.000000000000 [sparse-read 1006592~512] = 0) v4 ==== 132+0+536 (207142645 0 1124182817) 0x7fb5a95bc6a0 con 0x7fb5a91668f0
2013-03-14 18:10:28.587477 7fb587fff700 20 librbd::AioRequest: should_complete 0x7fb5a95b8db0 rb.0.1e1280.238e1f29.000000000000 1006592~512 r = 0
2013-03-14 18:10:28.587489 7fb587fff700 10 librbd::AioCompletion: C_AioRead::finish() 0x7fb5a92c5370 r = 0
2013-03-14 18:10:28.587492 7fb587fff700 10 librbd::AioCompletion: got {1006592=512} for [0,512] bl 512
2013-03-14 18:10:28.587499 7fb587fff700 20 librbd::AioCompletion: AioCompletion::complete_request() 0x7fb5a9289bf0 complete_cb=0x7fb5a6fc7170 pending 1
2013-03-14 18:10:28.587503 7fb587fff700 20 librbd::AioCompletion: AioCompletion::finalize() 0x7fb5a9289bf0 rval 512 read_buf 0x7fb5a95b9a00 read_bl 0
2013-03-14 18:10:28.587507 7fb587fff700 20 librbd::AioCompletion: AioCompletion::finalize() copied resulting 512 bytes to 0x7fb5a95b9a00
2013-03-14 18:10:28.587666 7fb5876fd700 20 librbd: aio_read 0x7fb5a9162330 completion 0x7fb5a9289bf0 [1007104,512]
2013-03-14 18:10:28.587672 7fb5876fd700 20 librbd: ictx_check 0x7fb5a9162330
2013-03-14 18:10:28.587681 7fb5876fd700 20 librbd: oid rb.0.1e1280.238e1f29.000000000000 1007104~512 from [0,512]
2013-03-14 18:10:28.587686 7fb5876fd700 20 librbd::AioRequest: send 0x7fb5a95bc090 rb.0.1e1280.238e1f29.000000000000 1007104~512
2013-03-14 18:10:28.587707 7fb5876fd700 1 -- 172.16.156.135:0/1648258 --> 172.16.170.1:6800/1310 -- osd_op(client.2216705.0:865 rb.0.1e1280.238e1f29.000000000000 [sparse-read 1007104~512] 2.dabde67b) v4 -- ?+0 0x7fb5a95c0a00 con 0x7fb5a91668f0
2013-03-14 18:10:28.587731 7fb5876fd700 20 librbd::AioCompletion: AioCompletion::finish_adding_requests 0x7fb5a9289bf0 pending 1
2013-03-14 18:10:28.588844 7fb58ed64700 1 -- 172.16.156.135:0/1648258 <== osd.0 172.16.170.1:6800/1310 860 ==== osd_op_reply(865 rb.0.1e1280.238e1f29.000000000000 [sparse-read 1007104~512] = 0) v4 ==== 132+0+536 (1302641673 0 3989143278) 0x7fb5a95c1010 con 0x7fb5a91668f0
2013-03-14 18:10:28.588883 7fb587fff700 20 librbd::AioRequest: should_complete 0x7fb5a95bc090 rb.0.1e1280.238e1f29.000000000000 1007104~512 r = 0
2013-03-14 18:10:28.588891 7fb587fff700 10 librbd::AioCompletion: C_AioRead::finish() 0x7fb5a93a1970 r = 0
2013-03-14 18:10:28.588894 7fb587fff700 10 librbd::AioCompletion: got {1007104=512} for [0,512] bl 512
2013-03-14 18:10:28.588898 7fb587fff700 20 librbd::AioCompletion: AioCompletion::complete_request() 0x7fb5a9289bf0 complete_cb=0x7fb5a6fc7170 pending 1
2013-03-14 18:10:28.588901 7fb587fff700 20 librbd::AioCompletion: AioCompletion::finalize() 0x7fb5a9289bf0 rval 512 read_buf 0x7fb5a95c0400 read_bl 0
2013-03-14 18:10:28.588904 7fb587fff700 20 librbd::AioCompletion: AioCompletion::finalize() copied resulting 512 bytes to 0x7fb5a95c0400
2013-03-14 18:10:28.589027 7fb5876fd700 20 librbd: aio_read 0x7fb5a9162330 completion 0x7fb5a9289bf0 [1007616,512]
2013-03-14 18:10:28.589037 7fb5876fd700 20 librbd: ictx_check 0x7fb5a9162330
2013-03-14 18:10:28.589047 7fb5876fd700 20 librbd: oid rb.0.1e1280.238e1f29.000000000000 1007616~512 from [0,512]
2013-03-14 18:10:28.589055 7fb5876fd700 20 librbd::AioRequest: send 0x7fb5a95c0a00 rb.0.1e1280.238e1f29.000000000000 1007616~512
2013-03-14 18:10:28.589081 7fb5876fd700 1 -- 172.16.156.135:0/1648258 --> 172.16.170.1:6800/1310 -- osd_op(client.2216705.0:866 rb.0.1e1280.238e1f29.000000000000 [sparse-read 1007616~512] 2.dabde67b) v4 -- ?+0 0x7fb5a95c1790 con 0x7fb5a91668f0
2013-03-14 18:10:28.589106 7fb5876fd700 20 librbd::AioCompletion: AioCompletion::finish_adding_requests 0x7fb5a9289bf0 pending 1
2013-03-14 18:10:28.590239 7fb58ed64700 1 -- 172.16.156.135:0/1648258 <== osd.0 172.16.170.1:6800/1310 861 ==== osd_op_reply(866 rb.0.1e1280.238e1f29.000000000000 [sparse-read 1007616~512] = 0) v4 ==== 132+0+536 (2180368394 0 119720263) 0x7fb5a95c1790 con 0x7fb5a91668f0
2013-03-14 18:10:28.590321 7fb587fff700 20 librbd::AioRequest: should_complete 0x7fb5a95c0a00 rb.0.1e1280.238e1f29.000000000000 1007616~512 r = 0
2013-03-14 18:10:28.590329 7fb587fff700 10 librbd::AioCompletion: C_AioRead::finish() 0x7fb5a92fc730 r = 0
2013-03-14 18:10:28.590331 7fb587fff700 10 librbd::AioCompletion: got {1007616=512} for [0,512] bl 512
2013-03-14 18:10:28.590337 7fb587fff700 20 librbd::AioCompletion: AioCompletion::complete_request() 0x7fb5a9289bf0 complete_cb=0x7fb5a6fc7170 pending 1
2013-03-14 18:10:28.590340 7fb587fff700 20 librbd::AioCompletion: AioCompletion::finalize() 0x7fb5a9289bf0 rval 512 read_buf 0x7fb5a95c1400 read_bl 0
2013-03-14 18:10:28.590343 7fb587fff700 20 librbd::AioCompletion: AioCompletion::finalize() copied resulting 512 bytes to 0x7fb5a95c1400
2013-03-14 18:10:28.590499 7fb5876fd700 20 librbd: aio_read 0x7fb5a9162330 completion 0x7fb5a9289bf0 [1008128,512]
2013-03-14 18:10:28.590509 7fb5876fd700 20 librbd: ictx_check 0x7fb5a9162330
2013-03-14 18:10:28.590519 7fb5876fd700 20 librbd: oid rb.0.1e1280.238e1f29.000000000000 1008128~512 from [0,512]
2013-03-14 18:10:28.590526 7fb5876fd700 20 librbd::AioRequest: send 0x7fb5a95c1400 rb.0.1e1280.238e1f29.000000000000 1008128~512
2013-03-14 18:10:28.590549 7fb5876fd700 1 -- 172.16.156.135:0/1648258 --> 172.16.170.1:6800/1310 -- osd_op(client.2216705.0:867 rb.0.1e1280.238e1f29.000000000000 [sparse-read 1008128~512] 2.dabde67b) v4 -- ?+0 0x7fb5a95bd000 con 0x7fb5a91668f0
2013-03-14 18:10:28.590584 7fb5876fd700 20 librbd::AioCompletion: AioCompletion::finish_adding_requests 0x7fb5a9289bf0 pending 1
2013-03-14 18:10:28.591835 7fb58ed64700 1 -- 172.16.156.135:0/1648258 <== osd.0 172.16.170.1:6800/1310 862 ==== osd_op_reply(867 rb.0.1e1280.238e1f29.000000000000 [sparse-read 1008128~512] = 0) v4 ==== 132+0+536 (3221867254 0 2850430088) 0x7fb5a95c6050 con 0x7fb5a91668f0
2013-03-14 18:10:28.591875 7fb587fff700 20 librbd::AioRequest: should_complete 0x7fb5a95c1400 rb.0.1e1280.238e1f29.000000000000 1008128~512 r = 0
2013-03-14 18:10:28.591883 7fb587fff700 10 librbd::AioCompletion: C_AioRead::finish() 0x7fb5a9353ad0 r = 0
2013-03-14 18:10:28.591885 7fb587fff700 10 librbd::AioCompletion: got {1008128=512} for [0,512] bl 512
2013-03-14 18:10:28.591890 7fb587fff700 20 librbd::AioCompletion: AioCompletion::complete_request() 0x7fb5a9289bf0 complete_cb=0x7fb5a6fc7170 pending 1
2013-03-14 18:10:28.591893 7fb587fff700 20 librbd::AioCompletion: AioCompletion::finalize() 0x7fb5a9289bf0 rval 512 read_buf 0x7fb5a95bca00 read_bl 0
2013-03-14 18:10:28.591896 7fb587fff700 20 librbd::AioCompletion: AioCompletion::finalize() copied resulting 512 bytes to 0x7fb5a95bca00
2013-03-14 18:10:28.592510 7fb5876fd700 20 librbd: aio_read 0x7fb5a9162330 completion 0x7fb58800e610 [1008640,512]
2013-03-14 18:10:28.592521 7fb5876fd700 20 librbd: ictx_check 0x7fb5a9162330
2013-03-14 18:10:28.592531 7fb5876fd700 20 librbd: oid rb.0.1e1280.238e1f29.000000000000 1008640~512 from [0,512]
2013-03-14 18:10:28.592537 7fb5876fd700 20 librbd::AioRequest: send 0x7fb58800ea80 rb.0.1e1280.238e1f29.000000000000 1008640~512
2013-03-14 18:10:28.592561 7fb5876fd700 1 -- 172.16.156.135:0/1648258 --> 172.16.170.1:6800/1310 -- osd_op(client.2216705.0:868 rb.0.1e1280.238e1f29.000000000000 [sparse-read 1008640~512] 2.dabde67b) v4 -- ?+0 0x7fb588007e50 con 0x7fb5a91668f0
2013-03-14 18:10:28.592601 7fb5876fd700 20 librbd::AioCompletion: AioCompletion::finish_adding_requests 0x7fb58800e610 pending 1
2013-03-14 18:10:28.593706 7fb58ed64700 1 -- 172.16.156.135:0/1648258 <== osd.0 172.16.170.1:6800/1310 863 ==== osd_op_reply(868 rb.0.1e1280.238e1f29.000000000000 [sparse-read 1008640~512] = 0) v4 ==== 132+0+536 (34459122 0 1598493736) 0x7fb5a95bd9c0 con 0x7fb5a91668f0
2013-03-14 18:10:28.593747 7fb587fff700 20 librbd::AioRequest: should_complete 0x7fb58800ea80 rb.0.1e1280.238e1f29.000000000000 1008640~512 r = 0
2013-03-14 18:10:28.593765 7fb587fff700 10 librbd::AioCompletion: C_AioRead::finish() 0x7fb5880008b0 r = 0
2013-03-14 18:10:28.593768 7fb587fff700 10 librbd::AioCompletion: got {1008640=512} for [0,512] bl 512
2013-03-14 18:10:28.593775 7fb587fff700 20 librbd::AioCompletion: AioCompletion::complete_request() 0x7fb58800e610 complete_cb=0x7fb5a6fc7170 pending 1
2013-03-14 18:10:28.593779 7fb587fff700 20 librbd::AioCompletion: AioCompletion::finalize() 0x7fb58800e610 rval 512 read_buf 0x7fb58800e400 read_bl 0
2013-03-14 18:10:28.593785 7fb587fff700 20 librbd::AioCompletion: AioCompletion::finalize() copied resulting 512 bytes to 0x7fb58800e400
2013-03-14 18:10:28.593914 7fb5876fd700 20 librbd: aio_read 0x7fb5a9162330 completion 0x7fb58800ee70 [1009152,512]
2013-03-14 18:10:28.593921 7fb5876fd700 20 librbd: ictx_check 0x7fb5a9162330
2013-03-14 18:10:28.593929 7fb5876fd700 20 librbd: oid rb.0.1e1280.238e1f29.000000000000 1009152~512 from [0,512]
2013-03-14 18:10:28.593934 7fb5876fd700 20 librbd::AioRequest: send 0x7fb58800eb50 rb.0.1e1280.238e1f29.000000000000 1009152~512
2013-03-14 18:10:28.593967 7fb5876fd700 1 -- 172.16.156.135:0/1648258 --> 172.16.170.1:6800/1310 -- osd_op(client.2216705.0:869 rb.0.1e1280.238e1f29.000000000000 [sparse-read 1009152~512] 2.dabde67b) v4 -- ?+0 0x7fb5880085c0 con 0x7fb5a91668f0
2013-03-14 18:10:28.593985 7fb5876fd700 20 librbd::AioCompletion: AioCompletion::finish_adding_requests 0x7fb58800ee70 pending 1
2013-03-14 18:10:28.595104 7fb58ed64700 1 -- 172.16.156.135:0/1648258 <== osd.0 172.16.170.1:6800/1310 864 ==== osd_op_reply(869 rb.0.1e1280.238e1f29.000000000000 [sparse-read 1009152~512] = 0) v4 ==== 132+0+536 (1139920654 0 4051943911) 0x7fb5a95c6050 con 0x7fb5a91668f0
2013-03-14 18:10:28.595147 7fb587fff700 20 librbd::AioRequest: should_complete 0x7fb58800eb50 rb.0.1e1280.238e1f29.000000000000 1009152~512 r = 0
2013-03-14 18:10:28.595157 7fb587fff700 10 librbd::AioCompletion: C_AioRead::finish() 0x7fb588007bd0 r = 0
2013-03-14 18:10:28.595160 7fb587fff700 10 librbd::AioCompletion: got {1009152=512} for [0,512] bl 512
2013-03-14 18:10:28.595167 7fb587fff700 20 librbd::AioCompletion: AioCompletion::complete_request() 0x7fb58800ee70 complete_cb=0x7fb5a6fc7170 pending 1
2013-03-14 18:10:28.595177 7fb587fff700 20 librbd::AioCompletion: AioCompletion::finalize() 0x7fb58800ee70 rval 512 read_buf 0x7fb588007c00 read_bl 0
2013-03-14 18:10:28.595185 7fb587fff700 20 librbd::AioCompletion: AioCompletion::finalize() copied resulting 512 bytes to 0x7fb588007c00
2013-03-14 18:10:28.595322 7fb5876fd700 20 librbd: aio_read 0x7fb5a9162330 completion 0x7fb58800e340 [1009664,512]
2013-03-14 18:10:28.595333 7fb5876fd700 20 librbd: ictx_check 0x7fb5a9162330
2013-03-14 18:10:28.595341 7fb5876fd700 20 librbd: oid rb.0.1e1280.238e1f29.000000000000 1009664~512 from [0,512]
2013-03-14 18:10:28.595346 7fb5876fd700 20 librbd::AioRequest: send 0x7fb588008c10 rb.0.1e1280.238e1f29.000000000000 1009664~512
2013-03-14 18:10:28.595405 7fb5876fd700 1 -- 172.16.156.135:0/1648258 --> 172.16.170.1:6800/1310 -- osd_op(client.2216705.0:870 rb.0.1e1280.238e1f29.000000000000 [sparse-read 1009664~512] 2.dabde67b) v4 -- ?+0 0x7fb588009050 con 0x7fb5a91668f0
2013-03-14 18:10:28.595426 7fb5876fd700 20 librbd::AioCompletion: AioCompletion::finish_adding_requests 0x7fb58800e340 pending 1
2013-03-14 18:10:28.596548 7fb58ed64700 1 -- 172.16.156.135:0/1648258 <== osd.0 172.16.170.1:6800/1310 865 ==== osd_op_reply(870 rb.0.1e1280.238e1f29.000000000000 [sparse-read 1009664~512] = 0) v4 ==== 132+0+536 (2213131531 0 3085530009) 0x7fb5a95be130 con 0x7fb5a91668f0
2013-03-14 18:10:28.596591 7fb587fff700 20 librbd::AioRequest: should_complete 0x7fb588008c10 rb.0.1e1280.238e1f29.000000000000 1009664~512 r = 0
2013-03-14 18:10:28.596608 7fb587fff700 10 librbd::AioCompletion: C_AioRead::finish() 0x7fb5880008b0 r = 0
2013-03-14 18:10:28.596611 7fb587fff700 10 librbd::AioCompletion: got {1009664=512} for [0,512] bl 512
2013-03-14 18:10:28.596625 7fb587fff700 20 librbd::AioCompletion: AioCompletion::complete_request() 0x7fb58800e340 complete_cb=0x7fb5a6fc7170 pending 1
2013-03-14 18:10:28.596630 7fb587fff700 20 librbd::AioCompletion: AioCompletion::finalize() 0x7fb58800e340 rval 512 read_buf 0x7fb588008e00 read_bl 0
2013-03-14 18:10:28.596636 7fb587fff700 20 librbd::AioCompletion: AioCompletion::finalize() copied resulting 512 bytes to 0x7fb588008e00
2013-03-14 18:10:28.596753 7fb5876fd700 20 librbd: aio_read 0x7fb5a9162330 completion 0x7fb588007e40 [1010176,512]
2013-03-14 18:10:28.596763 7fb5876fd700 20 librbd: ictx_check 0x7fb5a9162330
2013-03-14 18:10:28.596778 7fb5876fd700 20 librbd: oid rb.0.1e1280.238e1f29.000000000000 1010176~512 from [0,512]
2013-03-14 18:10:28.596785 7fb5876fd700 20 librbd::AioRequest: send 0x7fb5880085c0 rb.0.1e1280.238e1f29.000000000000 1010176~512
2013-03-14 18:10:28.596803 7fb5876fd700 1 -- 172.16.156.135:0/1648258 --> 172.16.170.1:6800/1310 -- osd_op(client.2216705.0:871 rb.0.1e1280.238e1f29.000000000000 [sparse-read 1010176~512] 2.dabde67b) v4 -- ?+0 0x7fb588009c50 con 0x7fb5a91668f0
2013-03-14 18:10:28.596823 7fb5876fd700 20 librbd::AioCompletion: AioCompletion::finish_adding_requests 0x7fb588007e40 pending 1
2013-03-14 18:10:28.597890 7fb58ed64700 1 -- 172.16.156.135:0/1648258 <== osd.0 172.16.170.1:6800/1310 866 ==== osd_op_reply(871 rb.0.1e1280.238e1f29.000000000000 [sparse-read 1010176~512] = 0) v4 ==== 132+0+536 (3256203255 0 422422102) 0x7fb5a95be130 con 0x7fb5a91668f0
2013-03-14 18:10:28.597990 7fb587fff700 20 librbd::AioRequest: should_complete 0x7fb5880085c0 rb.0.1e1280.238e1f29.000000000000 1010176~512 r = 0
2013-03-14 18:10:28.598006 7fb587fff700 10 librbd::AioCompletion: C_AioRead::finish() 0x7fb5880088b0 r = 0
2013-03-14 18:10:28.598009 7fb587fff700 10 librbd::AioCompletion: got {1010176=512} for [0,512] bl 512
2013-03-14 18:10:28.598017 7fb587fff700 20 librbd::AioCompletion: AioCompletion::complete_request() 0x7fb588007e40 complete_cb=0x7fb5a6fc7170 pending 1
2013-03-14 18:10:28.598021 7fb587fff700 20 librbd::AioCompletion: AioCompletion::finalize() 0x7fb588007e40 rval 512 read_buf 0x7fb588009800 read_bl 0
2013-03-14 18:10:28.598027 7fb587fff700 20 librbd::AioCompletion: AioCompletion::finalize() copied resulting 512 bytes to 0x7fb588009800
2013-03-14 18:10:28.598196 7fb5876fd700 20 librbd: aio_read 0x7fb5a9162330 completion 0x7fb588007e40 [1010688,512]
2013-03-14 18:10:28.598205 7fb5876fd700 20 librbd: ictx_check 0x7fb5a9162330
2013-03-14 18:10:28.598212 7fb5876fd700 20 librbd: oid rb.0.1e1280.238e1f29.000000000000 1010688~512 from [0,512]
2013-03-14 18:10:28.598217 7fb5876fd700 20 librbd::AioRequest: send 0x7fb588008de0 rb.0.1e1280.238e1f29.000000000000 1010688~512
2013-03-14 18:10:28.598235 7fb5876fd700 1 -- 172.16.156.135:0/1648258 --> 172.16.170.1:6800/1310 -- osd_op(client.2216705.0:872 rb.0.1e1280.238e1f29.000000000000 [sparse-read 1010688~512] 2.dabde67b) v4 -- ?+0 0x7fb58800ac80 con 0x7fb5a91668f0
2013-03-14 18:10:28.598251 7fb5876fd700 20 librbd::AioCompletion: AioCompletion::finish_adding_requests 0x7fb588007e40 pending 1
2013-03-14 18:10:28.599314 7fb58ed64700 1 -- 172.16.156.135:0/1648258 <== osd.0 172.16.170.1:6800/1310 867 ==== osd_op_reply(872 rb.0.1e1280.238e1f29.000000000000 [sparse-read 1010688~512] = 0) v4 ==== 132+0+536 (1159411 0 4018974454) 0x7fb5a95be130 con 0x7fb5a91668f0
2013-03-14 18:10:28.599442 7fb587fff700 20 librbd::AioRequest: should_complete 0x7fb588008de0 rb.0.1e1280.238e1f29.000000000000 1010688~512 r = 0
2013-03-14 18:10:28.599460 7fb587fff700 10 librbd::AioCompletion: C_AioRead::finish() 0x7fb58800ec20 r = 0
2013-03-14 18:10:28.599464 7fb587fff700 10 librbd::AioCompletion: got {1010688=512} for [0,512] bl 512
2013-03-14 18:10:28.599474 7fb587fff700 20 librbd::AioCompletion: AioCompletion::complete_request() 0x7fb588007e40 complete_cb=0x7fb5a6fc7170 pending 1
2013-03-14 18:10:28.599479 7fb587fff700 20 librbd::AioCompletion: AioCompletion::finalize() 0x7fb588007e40 rval 512 read_buf 0x7fb58800a600 read_bl 0
2013-03-14 18:10:28.599497 7fb587fff700 20 librbd::AioCompletion: AioCompletion::finalize() copied resulting 512 bytes to 0x7fb58800a600
2013-03-14 18:10:28.599630 7fb5876fd700 20 librbd: aio_read 0x7fb5a9162330 completion 0x7fb588007e40 [1011200,512]
2013-03-14 18:10:28.599642 7fb5876fd700 20 librbd: ictx_check 0x7fb5a9162330
2013-03-14 18:10:28.599651 7fb5876fd700 20 librbd: oid rb.0.1e1280.238e1f29.000000000000 1011200~512 from [0,512]
2013-03-14 18:10:28.599656 7fb5876fd700 20 librbd::AioRequest: send 0x7fb58800a5d0 rb.0.1e1280.238e1f29.000000000000 1011200~512
2013-03-14 18:10:28.599674 7fb5876fd700 1 -- 172.16.156.135:0/1648258 --> 172.16.170.1:6800/1310 -- osd_op(client.2216705.0:873 rb.0.1e1280.238e1f29.000000000000 [sparse-read 1011200~512] 2.dabde67b) v4 -- ?+0 0x7fb58800baa0 con 0x7fb5a91668f0
2013-03-14 18:10:28.599691 7fb5876fd700 20 librbd::AioCompletion: AioCompletion::finish_adding_requests 0x7fb588007e40 pending 1
2013-03-14 18:10:28.600815 7fb58ed64700 1 -- 172.16.156.135:0/1648258 <== osd.0 172.16.170.1:6800/1310 868 ==== osd_op_reply(873 rb.0.1e1280.238e1f29.000000000000 [sparse-read 1011200~512] = 0) v4 ==== 132+0+536 (1106096655 0 1095269177) 0x7fb5a95be130 con 0x7fb5a91668f0
2013-03-14 18:10:28.600878 7fb587fff700 20 librbd::AioRequest: should_complete 0x7fb58800a5d0 rb.0.1e1280.238e1f29.000000000000 1011200~512 r = 0
2013-03-14 18:10:28.600890 7fb587fff700 10 librbd::AioCompletion: C_AioRead::finish() 0x7fb5880088b0 r = 0
2013-03-14 18:10:28.600893 7fb587fff700 10 librbd::AioCompletion: got {1011200=512} for [0,512] bl 512
2013-03-14 18:10:28.600901 7fb587fff700 20 librbd::AioCompletion: AioCompletion::complete_request() 0x7fb588007e40 complete_cb=0x7fb5a6fc7170 pending 1
2013-03-14 18:10:28.600905 7fb587fff700 20 librbd::AioCompletion: AioCompletion::finalize() 0x7fb588007e40 rval 512 read_buf 0x7fb58800b400 read_bl 0
2013-03-14 18:10:28.600910 7fb587fff700 20 librbd::AioCompletion: AioCompletion::finalize() copied resulting 512 bytes to 0x7fb58800b400
2013-03-14 18:10:28.601039 7fb5876fd700 20 librbd: aio_read 0x7fb5a9162330 completion 0x7fb58800c0b0 [1011712,512]
2013-03-14 18:10:28.601050 7fb5876fd700 20 librbd: ictx_check 0x7fb5a9162330
2013-03-14 18:10:28.601059 7fb5876fd700 20 librbd: oid rb.0.1e1280.238e1f29.000000000000 1011712~512 from [0,512]
2013-03-14 18:10:28.601064 7fb5876fd700 20 librbd::AioRequest: send 0x7fb58800b3e0 rb.0.1e1280.238e1f29.000000000000 1011712~512
2013-03-14 18:10:28.601084 7fb5876fd700 1 -- 172.16.156.135:0/1648258 --> 172.16.170.1:6800/1310 -- osd_op(client.2216705.0:874 rb.0.1e1280.238e1f29.000000000000 [sparse-read 1011712~512] 2.dabde67b) v4 -- ?+0 0x7fb58800c880 con 0x7fb5a91668f0
2013-03-14 18:10:28.601106 7fb5876fd700 20 librbd::AioCompletion: AioCompletion::finish_adding_requests 0x7fb58800c0b0 pending 1
2013-03-14 18:10:28.602347 7fb58ed64700 1 -- 172.16.156.135:0/1648258 <== osd.0 172.16.170.1:6800/1310 869 ==== osd_op_reply(874 rb.0.1e1280.238e1f29.000000000000 [sparse-read 1011712~512] = 0) v4 ==== 132+0+536 (2244817416 0 1666828810) 0x7fb5a95be130 con 0x7fb5a91668f0
2013-03-14 18:10:28.602467 7fb587fff700 20 librbd::AioRequest: should_complete 0x7fb58800b3e0 rb.0.1e1280.238e1f29.000000000000 1011712~512 r = 0
2013-03-14 18:10:28.602496 7fb587fff700 10 librbd::AioCompletion: C_AioRead::finish() 0x7fb588008eb0 r = 0
2013-03-14 18:10:28.602504 7fb587fff700 10 librbd::AioCompletion: got {1011712=512} for [0,512] bl 512
2013-03-14 18:10:28.602510 7fb587fff700 20 librbd::AioCompletion: AioCompletion::complete_request() 0x7fb58800c0b0 complete_cb=0x7fb5a6fc7170 pending 1
2013-03-14 18:10:28.602514 7fb587fff700 20 librbd::AioCompletion: AioCompletion::finalize() 0x7fb58800c0b0 rval 512 read_buf 0x7fb58800c200 read_bl 0
2013-03-14 18:10:28.602518 7fb587fff700 20 librbd::AioCompletion: AioCompletion::finalize() copied resulting 512 bytes to 0x7fb58800c200
2013-03-14 18:10:28.602706 7fb5876fd700 20 librbd: aio_read 0x7fb5a9162330 completion 0x7fb58800c0b0 [1012224,512]
2013-03-14 18:10:28.602716 7fb5876fd700 20 librbd: ictx_check 0x7fb5a9162330
2013-03-14 18:10:28.602725 7fb5876fd700 20 librbd: oid rb.0.1e1280.238e1f29.000000000000 1012224~512 from [0,512]
2013-03-14 18:10:28.602730 7fb5876fd700 20 librbd::AioRequest: send 0x7fb58800f090 rb.0.1e1280.238e1f29.000000000000 1012224~512
2013-03-14 18:10:28.602748 7fb5876fd700 1 -- 172.16.156.135:0/1648258 --> 172.16.170.1:6800/1310 -- osd_op(client.2216705.0:875 rb.0.1e1280.238e1f29.000000000000 [sparse-read 1012224~512] 2.dabde67b) v4 -- ?+0 0x7fb58800f830 con 0x7fb5a91668f0
2013-03-14 18:10:28.602763 7fb5876fd700 20 librbd::AioCompletion: AioCompletion::finish_adding_requests 0x7fb58800c0b0 pending 1
2013-03-14 18:10:28.604256 7fb58ed64700 1 -- 172.16.156.135:0/1648258 <== osd.0 172.16.170.1:6800/1310 870 ==== osd_op_reply(875 rb.0.1e1280.238e1f29.000000000000 [sparse-read 1012224~512] = 0) v4 ==== 132+0+536 (3291558132 0 3449626565) 0x7fb5a95be130 con 0x7fb5a91668f0
2013-03-14 18:10:28.604318 7fb587fff700 20 librbd::AioRequest: should_complete 0x7fb58800f090 rb.0.1e1280.238e1f29.000000000000 1012224~512 r = 0
2013-03-14 18:10:28.604328 7fb587fff700 10 librbd::AioCompletion: C_AioRead::finish() 0x7fb588008eb0 r = 0
2013-03-14 18:10:28.604330 7fb587fff700 10 librbd::AioCompletion: got {1012224=512} for [0,512] bl 512
2013-03-14 18:10:28.604337 7fb587fff700 20 librbd::AioCompletion: AioCompletion::complete_request() 0x7fb58800c0b0 complete_cb=0x7fb5a6fc7170 pending 1
2013-03-14 18:10:28.604341 7fb587fff700 20 librbd::AioCompletion: AioCompletion::finalize() 0x7fb58800c0b0 rval 512 read_buf 0x7fb58800c200 read_bl 0
2013-03-14 18:10:28.604347 7fb587fff700 20 librbd::AioCompletion: AioCompletion::finalize() copied resulting 512 bytes to 0x7fb58800c200
2013-03-14 18:10:28.604479 7fb5876fd700 20 librbd: aio_read 0x7fb5a9162330 completion 0x7fb58800f3e0 [1012736,512]
2013-03-14 18:10:28.604490 7fb5876fd700 20 librbd: ictx_check 0x7fb5a9162330
2013-03-14 18:10:28.604497 7fb5876fd700 20 librbd: oid rb.0.1e1280.238e1f29.000000000000 1012736~512 from [0,512]
2013-03-14 18:10:28.604502 7fb5876fd700 20 librbd::AioRequest: send 0x7fb58800f160 rb.0.1e1280.238e1f29.000000000000 1012736~512
2013-03-14 18:10:28.604523 7fb5876fd700 1 -- 172.16.156.135:0/1648258 --> 172.16.170.1:6800/1310 -- osd_op(client.2216705.0:876 rb.0.1e1280.238e1f29.000000000000 [sparse-read 1012736~512] 2.dabde67b) v4 -- ?+0 0x7fb5880106b0 con 0x7fb5a91668f0
2013-03-14 18:10:28.604597 7fb5876fd700 20 librbd::AioCompletion: AioCompletion::finish_adding_requests 0x7fb58800f3e0 pending 1
2013-03-14 18:10:28.605843 7fb58ed64700 1 -- 172.16.156.135:0/1648258 <== osd.0 172.16.170.1:6800/1310 871 ==== osd_op_reply(876 rb.0.1e1280.238e1f29.000000000000 [sparse-read 1012736~512] = 0) v4 ==== 132+0+536 (104151024 0 993793893) 0x7fb5a95be130 con 0x7fb5a91668f0
2013-03-14 18:10:28.605903 7fb587fff700 20 librbd::AioRequest: should_complete 0x7fb58800f160 rb.0.1e1280.238e1f29.000000000000 1012736~512 r = 0
2013-03-14 18:10:28.605913 7fb587fff700 10 librbd::AioCompletion: C_AioRead::finish() 0x7fb588008eb0 r = 0
2013-03-14 18:10:28.605916 7fb587fff700 10 librbd::AioCompletion: got {1012736=512} for [0,512] bl 512
2013-03-14 18:10:28.605924 7fb587fff700 20 librbd::AioCompletion: AioCompletion::complete_request() 0x7fb58800f3e0 complete_cb=0x7fb5a6fc7170 pending 1
2013-03-14 18:10:28.605928 7fb587fff700 20 librbd::AioCompletion: AioCompletion::finalize() 0x7fb58800f3e0 rval 512 read_buf 0x7fb588010000 read_bl 0
2013-03-14 18:10:28.605933 7fb587fff700 20 librbd::AioCompletion: AioCompletion::finalize() copied resulting 512 bytes to 0x7fb588010000
2013-03-14 18:10:28.606096 7fb5876fd700 20 librbd: aio_read 0x7fb5a9162330 completion 0x7fb58800c0b0 [1013248,512]
2013-03-14 18:10:28.606108 7fb5876fd700 20 librbd: ictx_check 0x7fb5a9162330
2013-03-14 18:10:28.606117 7fb5876fd700 20 librbd: oid rb.0.1e1280.238e1f29.000000000000 1013248~512 from [0,512]
2013-03-14 18:10:28.606122 7fb5876fd700 20 librbd::AioRequest: send 0x7fb58800ffe0 rb.0.1e1280.238e1f29.000000000000 1013248~512
2013-03-14 18:10:28.606140 7fb5876fd700 1 -- 172.16.156.135:0/1648258 --> 172.16.170.1:6800/1310 -- osd_op(client.2216705.0:877 rb.0.1e1280.238e1f29.000000000000 [sparse-read 1013248~512] 2.dabde67b) v4 -- ?+0 0x7fb588016a60 con 0x7fb5a91668f0
2013-03-14 18:10:28.606156 7fb5876fd700 20 librbd::AioCompletion: AioCompletion::finish_adding_requests 0x7fb58800c0b0 pending 1
2013-03-14 18:10:28.607284 7fb58ed64700 1 -- 172.16.156.135:0/1648258 <== osd.0 172.16.170.1:6800/1310 872 ==== osd_op_reply(877 rb.0.1e1280.238e1f29.000000000000 [sparse-read 1013248~512] = 0) v4 ==== 132+0+536 (1204368652 0 2516107946) 0x7fb5a95be130 con 0x7fb5a91668f0
2013-03-14 18:10:28.607345 7fb587fff700 20 librbd::AioRequest: should_complete 0x7fb58800ffe0 rb.0.1e1280.238e1f29.000000000000 1013248~512 r = 0
2013-03-14 18:10:28.607355 7fb587fff700 10 librbd::AioCompletion: C_AioRead::finish() 0x7fb588008eb0 r = 0
2013-03-14 18:10:28.607357 7fb587fff700 10 librbd::AioCompletion: got {1013248=512} for [0,512] bl 512
2013-03-14 18:10:28.607364 7fb587fff700 20 librbd::AioCompletion: AioCompletion::complete_request() 0x7fb58800c0b0 complete_cb=0x7fb5a6fc7170 pending 1
2013-03-14 18:10:28.607367 7fb587fff700 20 librbd::AioCompletion: AioCompletion::finalize() 0x7fb58800c0b0 rval 512 read_buf 0x7fb588016400 read_bl 0
2013-03-14 18:10:28.607372 7fb587fff700 20 librbd::AioCompletion: AioCompletion::finalize() copied resulting 512 bytes to 0x7fb588016400
2013-03-14 18:10:28.607594 7fb5876fd700 20 librbd: aio_read 0x7fb5a9162330 completion 0x7fb58800c0b0 [1013760,512]
2013-03-14 18:10:28.607605 7fb5876fd700 20 librbd: ictx_check 0x7fb5a9162330
2013-03-14 18:10:28.607614 7fb5876fd700 20 librbd: oid rb.0.1e1280.238e1f29.000000000000 1013760~512 from [0,512]
2013-03-14 18:10:28.607620 7fb5876fd700 20 librbd::AioRequest: send 0x7fb5880100b0 rb.0.1e1280.238e1f29.000000000000 1013760~512
2013-03-14 18:10:28.607645 7fb5876fd700 1 -- 172.16.156.135:0/1648258 --> 172.16.170.1:6800/1310 -- osd_op(client.2216705.0:878 rb.0.1e1280.238e1f29.000000000000 [sparse-read 1013760~512] 2.dabde67b) v4 -- ?+0 0x7fb588011530 con 0x7fb5a91668f0
2013-03-14 18:10:28.607664 7fb5876fd700 20 librbd::AioCompletion: AioCompletion::finish_adding_requests 0x7fb58800c0b0 pending 1
2013-03-14 18:10:28.608803 7fb58ed64700 1 -- 172.16.156.135:0/1648258 <== osd.0 172.16.170.1:6800/1310 873 ==== osd_op_reply(878 rb.0.1e1280.238e1f29.000000000000 [sparse-read 1013760~512] = 0) v4 ==== 132+0+536 (2278641417 0 3549589716) 0x7fb5a95be130 con 0x7fb5a91668f0
2013-03-14 18:10:28.608868 7fb587fff700 20 librbd::AioRequest: should_complete 0x7fb5880100b0 rb.0.1e1280.238e1f29.000000000000 1013760~512 r = 0
2013-03-14 18:10:28.608880 7fb587fff700 10 librbd::AioCompletion: C_AioRead::finish() 0x7fb588016d50 r = 0
2013-03-14 18:10:28.608883 7fb587fff700 10 librbd::AioCompletion: got {1013760=512} for [0,512] bl 512
2013-03-14 18:10:28.608889 7fb587fff700 20 librbd::AioCompletion: AioCompletion::complete_request() 0x7fb58800c0b0 complete_cb=0x7fb5a6fc7170 pending 1
2013-03-14 18:10:28.608893 7fb587fff700 20 librbd::AioCompletion: AioCompletion::finalize() 0x7fb58800c0b0 rval 512 read_buf 0x7fb588016400 read_bl 0
2013-03-14 18:10:28.608897 7fb587fff700 20 librbd::AioCompletion: AioCompletion::finalize() copied resulting 512 bytes to 0x7fb588016400
2013-03-14 18:10:28.609091 7fb5876fd700 20 librbd: aio_read 0x7fb5a9162330 completion 0x7fb588010e10 [1014272,512]
2013-03-14 18:10:28.609103 7fb5876fd700 20 librbd: ictx_check 0x7fb5a9162330
2013-03-14 18:10:28.609111 7fb5876fd700 20 librbd: oid rb.0.1e1280.238e1f29.000000000000 1014272~512 from [0,512]
2013-03-14 18:10:28.609116 7fb5876fd700 20 librbd::AioRequest: send 0x7fb588016340 rb.0.1e1280.238e1f29.000000000000 1014272~512
2013-03-14 18:10:28.609135 7fb5876fd700 1 -- 172.16.156.135:0/1648258 --> 172.16.170.1:6800/1310 -- osd_op(client.2216705.0:879 rb.0.1e1280.238e1f29.000000000000 [sparse-read 1014272~512] 2.dabde67b) v4 -- ?+0 0x7fb588012460 con 0x7fb5a91668f0
2013-03-14 18:10:28.609151 7fb5876fd700 20 librbd::AioCompletion: AioCompletion::finish_adding_requests 0x7fb588010e10 pending 1
2013-03-14 18:10:28.610562 7fb58ed64700 1 -- 172.16.156.135:0/1648258 <== osd.0 172.16.170.1:6800/1310 874 ==== osd_op_reply(879 rb.0.1e1280.238e1f29.000000000000 [sparse-read 1014272~512] = 0) v4 ==== 132+0+536 (3324857845 0 2102830363) 0x7fb5a95be130 con 0x7fb5a91668f0
2013-03-14 18:10:28.610615 7fb587fff700 20 librbd::AioRequest: should_complete 0x7fb588016340 rb.0.1e1280.238e1f29.000000000000 1014272~512 r = 0
2013-03-14 18:10:28.610623 7fb587fff700 10 librbd::AioCompletion: C_AioRead::finish() 0x7fb588016d50 r = 0
2013-03-14 18:10:28.610625 7fb587fff700 10 librbd::AioCompletion: got {1014272=512} for [0,512] bl 512
2013-03-14 18:10:28.610630 7fb587fff700 20 librbd::AioCompletion: AioCompletion::complete_request() 0x7fb588010e10 complete_cb=0x7fb5a6fc7170 pending 1
2013-03-14 18:10:28.610633 7fb587fff700 20 librbd::AioCompletion: AioCompletion::finalize() 0x7fb588010e10 rval 512 read_buf 0x7fb588011e00 read_bl 0
2013-03-14 18:10:28.610636 7fb587fff700 20 librbd::AioCompletion: AioCompletion::finalize() copied resulting 512 bytes to 0x7fb588011e00
2013-03-14 18:10:28.610834 7fb5876fd700 20 librbd: aio_read 0x7fb5a9162330 completion 0x7fb588010e10 [1014784,512]
2013-03-14 18:10:28.610848 7fb5876fd700 20 librbd: ictx_check 0x7fb5a9162330
2013-03-14 18:10:28.610857 7fb5876fd700 20 librbd: oid rb.0.1e1280.238e1f29.000000000000 1014784~512 from [0,512]
2013-03-14 18:10:28.610862 7fb5876fd700 20 librbd::AioRequest: send 0x7fb588016340 rb.0.1e1280.238e1f29.000000000000 1014784~512
2013-03-14 18:10:28.610882 7fb5876fd700 1 -- 172.16.156.135:0/1648258 --> 172.16.170.1:6800/1310 -- osd_op(client.2216705.0:880 rb.0.1e1280.238e1f29.000000000000 [sparse-read 1014784~512] 2.dabde67b) v4 -- ?+0 0x7fb588013270 con 0x7fb5a91668f0
2013-03-14 18:10:28.610898 7fb5876fd700 20 librbd::AioCompletion: AioCompletion::finish_adding_requests 0x7fb588010e10 pending 1
2013-03-14 18:10:28.612152 7fb58ed64700 1 -- 172.16.156.135:0/1648258 <== osd.0 172.16.170.1:6800/1310 875 ==== osd_op_reply(880 rb.0.1e1280.238e1f29.000000000000 [sparse-read 1014784~512] = 0) v4 ==== 132+0+536 (69815025 0 2348264891) 0x7fb5a95be130 con 0x7fb5a91668f0
2013-03-14 18:10:28.612207 7fb587fff700 20 librbd::AioRequest: should_complete 0x7fb588016340 rb.0.1e1280.238e1f29.000000000000 1014784~512 r = 0
2013-03-14 18:10:28.612218 7fb587fff700 10 librbd::AioCompletion: C_AioRead::finish() 0x7fb588016d50 r = 0
2013-03-14 18:10:28.612221 7fb587fff700 10 librbd::AioCompletion: got {1014784=512} for [0,512] bl 512
2013-03-14 18:10:28.612228 7fb587fff700 20 librbd::AioCompletion: AioCompletion::complete_request() 0x7fb588010e10 complete_cb=0x7fb5a6fc7170 pending 1
2013-03-14 18:10:28.612232 7fb587fff700 20 librbd::AioCompletion: AioCompletion::finalize() 0x7fb588010e10 rval 512 read_buf 0x7fb588012e00 read_bl 0
2013-03-14 18:10:28.612238 7fb587fff700 20 librbd::AioCompletion: AioCompletion::finalize() copied resulting 512 bytes to 0x7fb588012e00
2013-03-14 18:10:28.612407 7fb5876fd700 20 librbd: aio_read 0x7fb5a9162330 completion 0x7fb5a95bf5f0 [1015296,512]
2013-03-14 18:10:28.612420 7fb5876fd700 20 librbd: ictx_check 0x7fb5a9162330
2013-03-14 18:10:28.612431 7fb5876fd700 20 librbd: oid rb.0.1e1280.238e1f29.000000000000 1015296~512 from [0,512]
2013-03-14 18:10:28.612438 7fb5876fd700 20 librbd::AioRequest: send 0x7fb5a95be130 rb.0.1e1280.238e1f29.000000000000 1015296~512
2013-03-14 18:10:28.612462 7fb5876fd700 1 -- 172.16.156.135:0/1648258 --> 172.16.170.1:6800/1310 -- osd_op(client.2216705.0:881 rb.0.1e1280.238e1f29.000000000000 [sparse-read 1015296~512] 2.dabde67b) v4 -- ?+0 0x7fb5a95c2090 con 0x7fb5a91668f0
2013-03-14 18:10:28.612481 7fb5876fd700 20 librbd::AioCompletion: AioCompletion::finish_adding_requests 0x7fb5a95bf5f0 pending 1
2013-03-14 18:10:28.613576 7fb58ed64700 1 -- 172.16.156.135:0/1648258 <== osd.0 172.16.170.1:6800/1310 876 ==== osd_op_reply(881 rb.0.1e1280.238e1f29.000000000000 [sparse-read 1015296~512] = 0) v4 ==== 132+0+536 (1171605517 0 624130164) 0x7fb5a95c2720 con 0x7fb5a91668f0
2013-03-14 18:10:28.613630 7fb587fff700 20 librbd::AioRequest: should_complete 0x7fb5a95be130 rb.0.1e1280.238e1f29.000000000000 1015296~512 r = 0
2013-03-14 18:10:28.613640 7fb587fff700 10 librbd::AioCompletion: C_AioRead::finish() 0x7fb5a92c8ee0 r = 0
2013-03-14 18:10:28.613643 7fb587fff700 10 librbd::AioCompletion: got {1015296=512} for [0,512] bl 512
2013-03-14 18:10:28.613650 7fb587fff700 20 librbd::AioCompletion: AioCompletion::complete_request() 0x7fb5a95bf5f0 complete_cb=0x7fb5a6fc7170 pending 1
2013-03-14 18:10:28.613654 7fb587fff700 20 librbd::AioCompletion: AioCompletion::finalize() 0x7fb5a95bf5f0 rval 512 read_buf 0x7fb5a95bf800 read_bl 0
2013-03-14 18:10:28.613660 7fb587fff700 20 librbd::AioCompletion: AioCompletion::finalize() copied resulting 512 bytes to 0x7fb5a95bf800
2013-03-14 18:10:28.613863 7fb5876fd700 20 librbd: aio_read 0x7fb5a9162330 completion 0x7fb5a95bf5f0 [1015808,512]
2013-03-14 18:10:28.613874 7fb5876fd700 20 librbd: ictx_check 0x7fb5a9162330
2013-03-14 18:10:28.613883 7fb5876fd700 20 librbd: oid rb.0.1e1280.238e1f29.000000000000 1015808~512 from [0,512]
2013-03-14 18:10:28.613888 7fb5876fd700 20 librbd::AioRequest: send 0x7fb5a95bf800 rb.0.1e1280.238e1f29.000000000000 1015808~512
2013-03-14 18:10:28.613907 7fb5876fd700 1 -- 172.16.156.135:0/1648258 --> 172.16.170.1:6800/1310 -- osd_op(client.2216705.0:882 rb.0.1e1280.238e1f29.000000000000 [sparse-read 1015808~512] 2.dabde67b) v4 -- ?+0 0x7fb5a95c2a10 con 0x7fb5a91668f0
2013-03-14 18:10:28.613924 7fb5876fd700 20 librbd::AioCompletion: AioCompletion::finish_adding_requests 0x7fb5a95bf5f0 pending 1
2013-03-14 18:10:28.615159 7fb58ed64700 1 -- 172.16.156.135:0/1648258 <== osd.0 172.16.170.1:6800/1310 877 ==== osd_op_reply(882 rb.0.1e1280.238e1f29.000000000000 [sparse-read 1015808~512] = 0) v4 ==== 132+0+536 (3097494550 0 1983395171) 0x7fb5a95c2e80 con 0x7fb5a91668f0
2013-03-14 18:10:28.615217 7fb587fff700 20 librbd::AioRequest: should_complete 0x7fb5a95bf800 rb.0.1e1280.238e1f29.000000000000 1015808~512 r = 0
2013-03-14 18:10:28.615225 7fb587fff700 10 librbd::AioCompletion: C_AioRead::finish() 0x7fb5a92cc690 r = 0
2013-03-14 18:10:28.615227 7fb587fff700 10 librbd::AioCompletion: got {1015808=512} for [0,512] bl 512
2013-03-14 18:10:28.615232 7fb587fff700 20 librbd::AioCompletion: AioCompletion::complete_request() 0x7fb5a95bf5f0 complete_cb=0x7fb5a6fc7170 pending 1
2013-03-14 18:10:28.615235 7fb587fff700 20 librbd::AioCompletion: AioCompletion::finalize() 0x7fb5a95bf5f0 rval 512 read_buf 0x7fb5a95c2800 read_bl 0
2013-03-14 18:10:28.615238 7fb587fff700 20 librbd::AioCompletion: AioCompletion::finalize() copied resulting 512 bytes to 0x7fb5a95c2800
2013-03-14 18:10:28.615399 7fb5876fd700 20 librbd: aio_read 0x7fb5a9162330 completion 0x7fb58801bc10 [1016320,512]
2013-03-14 18:10:28.615411 7fb5876fd700 20 librbd: ictx_check 0x7fb5a9162330
2013-03-14 18:10:28.615419 7fb5876fd700 20 librbd: oid rb.0.1e1280.238e1f29.000000000000 1016320~512 from [0,512]
2013-03-14 18:10:28.615426 7fb5876fd700 20 librbd::AioRequest: send 0x7fb58801bfc0 rb.0.1e1280.238e1f29.000000000000 1016320~512
2013-03-14 18:10:28.615450 7fb5876fd700 1 -- 172.16.156.135:0/1648258 --> 172.16.170.1:6800/1310 -- osd_op(client.2216705.0:883 rb.0.1e1280.238e1f29.000000000000 [sparse-read 1016320~512] 2.dabde67b) v4 -- ?+0 0x7fb58801c7e0 con 0x7fb5a91668f0
2013-03-14 18:10:28.615469 7fb5876fd700 20 librbd::AioCompletion: AioCompletion::finish_adding_requests 0x7fb58801bc10 pending 1
2013-03-14 18:10:28.616688 7fb58ed64700 1 -- 172.16.156.135:0/1648258 <== osd.0 172.16.170.1:6800/1310 878 ==== osd_op_reply(883 rb.0.1e1280.238e1f29.000000000000 [sparse-read 1016320~512] = 0) v4 ==== 132+0+536 (4183557866 0 3640451244) 0x7fb5a95c2770 con 0x7fb5a91668f0
2013-03-14 18:10:28.616791 7fb587fff700 20 librbd::AioRequest: should_complete 0x7fb58801bfc0 rb.0.1e1280.238e1f29.000000000000 1016320~512 r = 0
2013-03-14 18:10:28.616806 7fb587fff700 10 librbd::AioCompletion: C_AioRead::finish() 0x7fb588008eb0 r = 0
2013-03-14 18:10:28.616810 7fb587fff700 10 librbd::AioCompletion: got {1016320=512} for [0,512] bl 512
2013-03-14 18:10:28.616817 7fb587fff700 20 librbd::AioCompletion: AioCompletion::complete_request() 0x7fb58801bc10 complete_cb=0x7fb5a6fc7170 pending 1
2013-03-14 18:10:28.616822 7fb587fff700 20 librbd::AioCompletion: AioCompletion::finalize() 0x7fb58801bc10 rval 512 read_buf 0x7fb58801ba00 read_bl 0
2013-03-14 18:10:28.616827 7fb587fff700 20 librbd::AioCompletion: AioCompletion::finalize() copied resulting 512 bytes to 0x7fb58801ba00
2013-03-14 18:10:28.617505 7fb5876fd700 20 librbd: aio_read 0x7fb5a9162330 completion 0x7fb5a95c2a10 [1016832,512]
2013-03-14 18:10:28.617518 7fb5876fd700 20 librbd: ictx_check 0x7fb5a9162330
2013-03-14 18:10:28.617583 7fb5876fd700 20 librbd: oid rb.0.1e1280.238e1f29.000000000000 1016832~512 from [0,512]
2013-03-14 18:10:28.617590 7fb5876fd700 20 librbd::AioRequest: send 0x7fb5a95bfca0 rb.0.1e1280.238e1f29.000000000000 1016832~512
2013-03-14 18:10:28.617612 7fb5876fd700 1 -- 172.16.156.135:0/1648258 --> 172.16.170.1:6800/1310 -- osd_op(client.2216705.0:884 rb.0.1e1280.238e1f29.000000000000 [sparse-read 1016832~512] 2.dabde67b) v4 -- ?+0 0x7fb5a95c3540 con 0x7fb5a91668f0
2013-03-14 18:10:28.617633 7fb5876fd700 20 librbd::AioCompletion: AioCompletion::finish_adding_requests 0x7fb5a95c2a10 pending 1
2013-03-14 18:10:28.618759 7fb58ed64700 1 -- 172.16.156.135:0/1648258 <== osd.0 172.16.170.1:6800/1310 879 ==== osd_op_reply(884 rb.0.1e1280.238e1f29.000000000000 [sparse-read 1016832~512] = 0) v4 ==== 132+0+536 (995623406 0 777906188) 0x7fb5a95c3b50 con 0x7fb5a91668f0
2013-03-14 18:10:28.618911 7fb587fff700 20 librbd::AioRequest: should_complete 0x7fb5a95bfca0 rb.0.1e1280.238e1f29.000000000000 1016832~512 r = 0
2013-03-14 18:10:28.618925 7fb587fff700 10 librbd::AioCompletion: C_AioRead::finish() 0x7fb5a9308ee0 r = 0
2013-03-14 18:10:28.618929 7fb587fff700 10 librbd::AioCompletion: got {1016832=512} for [0,512] bl 512
