2013-03-14 18:10:28.214635 7fb587fff700 20 librbd::AioCompletion: AioCompletion::finalize() copied resulting 512 bytes to 0x7fb5a949e400
2013-03-14 18:10:28.214799 7fb5876fd700 20 librbd: aio_read 0x7fb5a9162330 completion 0x7fb5a9289bf0 [866816,512]
2013-03-14 18:10:28.214807 7fb5876fd700 20 librbd: ictx_check 0x7fb5a9162330
2013-03-14 18:10:28.214816 7fb5876fd700 20 librbd: oid rb.0.1e1280.238e1f29.000000000000 866816~512 from [0,512]
2013-03-14 18:10:28.214821 7fb5876fd700 20 librbd::AioRequest: send 0x7fb5a949d630 rb.0.1e1280.238e1f29.000000000000 866816~512
2013-03-14 18:10:28.214836 7fb5876fd700 1 -- 172.16.156.135:0/1648258 --> 172.16.170.1:6800/1310 -- osd_op(client.2216705.0:591 rb.0.1e1280.238e1f29.000000000000 [sparse-read 866816~512] 2.dabde67b) v4 -- ?+0 0x7fb5a949f670 con 0x7fb5a91668f0
2013-03-14 18:10:28.214850 7fb5876fd700 20 librbd::AioCompletion: AioCompletion::finish_adding_requests 0x7fb5a9289bf0 pending 1
2013-03-14 18:10:28.215736 7fb58ed64700 1 -- 172.16.156.135:0/1648258 <== osd.0 172.16.170.1:6800/1310 586 ==== osd_op_reply(591 rb.0.1e1280.238e1f29.000000000000 [sparse-read 866816~512] = 0) v4 ==== 132+0+536 (1372710333 0 3740682665) 0x7fb5a949fc80 con 0x7fb5a91668f0
2013-03-14 18:10:28.215779 7fb587fff700 20 librbd::AioRequest: should_complete 0x7fb5a949d630 rb.0.1e1280.238e1f29.000000000000 866816~512 r = 0
2013-03-14 18:10:28.215786 7fb587fff700 10 librbd::AioCompletion: C_AioRead::finish() 0x7fb5a924df90 r = 0
2013-03-14 18:10:28.215789 7fb587fff700 10 librbd::AioCompletion: got {866816=512} for [0,512] bl 512
2013-03-14 18:10:28.215794 7fb587fff700 20 librbd::AioCompletion: AioCompletion::complete_request() 0x7fb5a9289bf0 complete_cb=0x7fb5a6fc7170 pending 1
2013-03-14 18:10:28.215798 7fb587fff700 20 librbd::AioCompletion: AioCompletion::finalize() 0x7fb5a9289bf0 rval 512 read_buf 0x7fb5a949f400 read_bl 0
2013-03-14 18:10:28.215803 7fb587fff700 20 librbd::AioCompletion: AioCompletion::finalize() copied resulting 512 bytes to 0x7fb5a949f400
2013-03-14 18:10:28.215988 7fb5876fd700 20 librbd: aio_read 0x7fb5a9162330 completion 0x7fb5a9289bf0 [867328,512]
2013-03-14 18:10:28.215996 7fb5876fd700 20 librbd: ictx_check 0x7fb5a9162330
2013-03-14 18:10:28.216004 7fb5876fd700 20 librbd: oid rb.0.1e1280.238e1f29.000000000000 867328~512 from [0,512]
2013-03-14 18:10:28.216008 7fb5876fd700 20 librbd::AioRequest: send 0x7fb5a949e490 rb.0.1e1280.238e1f29.000000000000 867328~512
2013-03-14 18:10:28.216023 7fb5876fd700 1 -- 172.16.156.135:0/1648258 --> 172.16.170.1:6800/1310 -- osd_op(client.2216705.0:592 rb.0.1e1280.238e1f29.000000000000 [sparse-read 867328~512] 2.dabde67b) v4 -- ?+0 0x7fb5a94a6590 con 0x7fb5a91668f0
2013-03-14 18:10:28.216036 7fb5876fd700 20 librbd::AioCompletion: AioCompletion::finish_adding_requests 0x7fb5a9289bf0 pending 1
2013-03-14 18:10:28.217047 7fb58ed64700 1 -- 172.16.156.135:0/1648258 <== osd.0 172.16.170.1:6800/1310 587 ==== osd_op_reply(592 rb.0.1e1280.238e1f29.000000000000 [sparse-read 867328~512] = 0) v4 ==== 132+0+536 (2480267961 0 2988038613) 0x7fb5a94a6ba0 con 0x7fb5a91668f0
2013-03-14 18:10:28.217088 7fb587fff700 20 librbd::AioRequest: should_complete 0x7fb5a949e490 rb.0.1e1280.238e1f29.000000000000 867328~512 r = 0
2013-03-14 18:10:28.217096 7fb587fff700 10 librbd::AioCompletion: C_AioRead::finish() 0x7fb5a949f3d0 r = 0
2013-03-14 18:10:28.217098 7fb587fff700 10 librbd::AioCompletion: got {867328=512} for [0,512] bl 512
2013-03-14 18:10:28.217103 7fb587fff700 20 librbd::AioCompletion: AioCompletion::complete_request() 0x7fb5a9289bf0 complete_cb=0x7fb5a6fc7170 pending 1
2013-03-14 18:10:28.217105 7fb587fff700 20 librbd::AioCompletion: AioCompletion::finalize() 0x7fb5a9289bf0 rval 512 read_buf 0x7fb5a949f400 read_bl 0
2013-03-14 18:10:28.217108 7fb587fff700 20 librbd::AioCompletion: AioCompletion::finalize() copied resulting 512 bytes to 0x7fb5a949f400
2013-03-14 18:10:28.217223 7fb5876fd700 20 librbd: aio_read 0x7fb5a9162330 completion 0x7fb5a9289bf0 [867840,512]
2013-03-14 18:10:28.217232 7fb5876fd700 20 librbd: ictx_check 0x7fb5a9162330
2013-03-14 18:10:28.217239 7fb5876fd700 20 librbd: oid rb.0.1e1280.238e1f29.000000000000 867840~512 from [0,512]
2013-03-14 18:10:28.217244 7fb5876fd700 20 librbd::AioRequest: send 0x7fb5a94a6590 rb.0.1e1280.238e1f29.000000000000 867840~512
2013-03-14 18:10:28.217259 7fb5876fd700 1 -- 172.16.156.135:0/1648258 --> 172.16.170.1:6800/1310 -- osd_op(client.2216705.0:593 rb.0.1e1280.238e1f29.000000000000 [sparse-read 867840~512] 2.dabde67b) v4 -- ?+0 0x7fb5a94a7710 con 0x7fb5a91668f0
2013-03-14 18:10:28.217275 7fb5876fd700 20 librbd::AioCompletion: AioCompletion::finish_adding_requests 0x7fb5a9289bf0 pending 1
2013-03-14 18:10:28.218204 7fb58ed64700 1 -- 172.16.156.135:0/1648258 <== osd.0 172.16.170.1:6800/1310 588 ==== osd_op_reply(593 rb.0.1e1280.238e1f29.000000000000 [sparse-read 867840~512] = 0) v4 ==== 132+0+536 (3525959749 0 211646213) 0x7fb5a94a7710 con 0x7fb5a91668f0
2013-03-14 18:10:28.218245 7fb587fff700 20 librbd::AioRequest: should_complete 0x7fb5a94a6590 rb.0.1e1280.238e1f29.000000000000 867840~512 r = 0
2013-03-14 18:10:28.218251 7fb587fff700 10 librbd::AioCompletion: C_AioRead::finish() 0x7fb5a92c1820 r = 0
2013-03-14 18:10:28.218252 7fb587fff700 10 librbd::AioCompletion: got {867840=512} for [0,512] bl 512
2013-03-14 18:10:28.218256 7fb587fff700 20 librbd::AioCompletion: AioCompletion::complete_request() 0x7fb5a9289bf0 complete_cb=0x7fb5a6fc7170 pending 1
2013-03-14 18:10:28.218259 7fb587fff700 20 librbd::AioCompletion: AioCompletion::finalize() 0x7fb5a9289bf0 rval 512 read_buf 0x7fb5a94a7200 read_bl 0
2013-03-14 18:10:28.218262 7fb587fff700 20 librbd::AioCompletion: AioCompletion::finalize() copied resulting 512 bytes to 0x7fb5a94a7200
2013-03-14 18:10:28.218386 7fb5876fd700 20 librbd: aio_read 0x7fb5a9162330 completion 0x7fb5a9289bf0 [868352,512]
2013-03-14 18:10:28.218396 7fb5876fd700 20 librbd: ictx_check 0x7fb5a9162330
2013-03-14 18:10:28.218403 7fb5876fd700 20 librbd: oid rb.0.1e1280.238e1f29.000000000000 868352~512 from [0,512]
2013-03-14 18:10:28.218407 7fb5876fd700 20 librbd::AioRequest: send 0x7fb5a94a7df0 rb.0.1e1280.238e1f29.000000000000 868352~512
2013-03-14 18:10:28.218429 7fb5876fd700 1 -- 172.16.156.135:0/1648258 --> 172.16.170.1:6800/1310 -- osd_op(client.2216705.0:594 rb.0.1e1280.238e1f29.000000000000 [sparse-read 868352~512] 2.dabde67b) v4 -- ?+0 0x7fb5a94a2800 con 0x7fb5a91668f0
2013-03-14 18:10:28.218442 7fb5876fd700 20 librbd::AioCompletion: AioCompletion::finish_adding_requests 0x7fb5a9289bf0 pending 1
2013-03-14 18:10:28.219418 7fb58ed64700 1 -- 172.16.156.135:0/1648258 <== osd.0 172.16.170.1:6800/1310 589 ==== osd_op_reply(594 rb.0.1e1280.238e1f29.000000000000 [sparse-read 868352~512] = 0) v4 ==== 132+0+536 (245070926 0 617340941) 0x7fb5a94a2e10 con 0x7fb5a91668f0
2013-03-14 18:10:28.219454 7fb587fff700 20 librbd::AioRequest: should_complete 0x7fb5a94a7df0 rb.0.1e1280.238e1f29.000000000000 868352~512 r = 0
2013-03-14 18:10:28.219460 7fb587fff700 10 librbd::AioCompletion: C_AioRead::finish() 0x7fb5a927a780 r = 0
2013-03-14 18:10:28.219462 7fb587fff700 10 librbd::AioCompletion: got {868352=512} for [0,512] bl 512
2013-03-14 18:10:28.219465 7fb587fff700 20 librbd::AioCompletion: AioCompletion::complete_request() 0x7fb5a9289bf0 complete_cb=0x7fb5a6fc7170 pending 1
2013-03-14 18:10:28.219468 7fb587fff700 20 librbd::AioCompletion: AioCompletion::finalize() 0x7fb5a9289bf0 rval 512 read_buf 0x7fb5a94a2200 read_bl 0
2013-03-14 18:10:28.219471 7fb587fff700 20 librbd::AioCompletion: AioCompletion::finalize() copied resulting 512 bytes to 0x7fb5a94a2200
2013-03-14 18:10:28.219579 7fb5876fd700 20 librbd: aio_read 0x7fb5a9162330 completion 0x7fb5a9289bf0 [868864,512]
2013-03-14 18:10:28.219590 7fb5876fd700 20 librbd: ictx_check 0x7fb5a9162330
2013-03-14 18:10:28.219597 7fb5876fd700 20 librbd: oid rb.0.1e1280.238e1f29.000000000000 868864~512 from [0,512]
2013-03-14 18:10:28.219602 7fb5876fd700 20 librbd::AioRequest: send 0x7fb5a94a2800 rb.0.1e1280.238e1f29.000000000000 868864~512
2013-03-14 18:10:28.219617 7fb5876fd700 1 -- 172.16.156.135:0/1648258 --> 172.16.170.1:6800/1310 -- osd_op(client.2216705.0:595 rb.0.1e1280.238e1f29.000000000000 [sparse-read 868864~512] 2.dabde67b) v4 -- ?+0 0x7fb5a94a3a00 con 0x7fb5a91668f0
2013-03-14 18:10:28.219630 7fb5876fd700 20 librbd::AioCompletion: AioCompletion::finish_adding_requests 0x7fb5a9289bf0 pending 1
2013-03-14 18:10:28.220547 7fb58ed64700 1 -- 172.16.156.135:0/1648258 <== osd.0 172.16.170.1:6800/1310 590 ==== osd_op_reply(595 rb.0.1e1280.238e1f29.000000000000 [sparse-read 868864~512] = 0) v4 ==== 132+0+536 (1332182706 0 460779202) 0x7fb5a94ac050 con 0x7fb5a91668f0
2013-03-14 18:10:28.220587 7fb587fff700 20 librbd::AioRequest: should_complete 0x7fb5a94a2800 rb.0.1e1280.238e1f29.000000000000 868864~512 r = 0
2013-03-14 18:10:28.220593 7fb587fff700 10 librbd::AioCompletion: C_AioRead::finish() 0x7fb5a92ff8f0 r = 0
2013-03-14 18:10:28.220595 7fb587fff700 10 librbd::AioCompletion: got {868864=512} for [0,512] bl 512
2013-03-14 18:10:28.220600 7fb587fff700 20 librbd::AioCompletion: AioCompletion::complete_request() 0x7fb5a9289bf0 complete_cb=0x7fb5a6fc7170 pending 1
2013-03-14 18:10:28.220603 7fb587fff700 20 librbd::AioCompletion: AioCompletion::finalize() 0x7fb5a9289bf0 rval 512 read_buf 0x7fb5a94a3400 read_bl 0
2013-03-14 18:10:28.220606 7fb587fff700 20 librbd::AioCompletion: AioCompletion::finalize() copied resulting 512 bytes to 0x7fb5a94a3400
2013-03-14 18:10:28.221008 7fb5876fd700 20 librbd: aio_read 0x7fb5a9162330 completion 0x7fb5a9289bf0 [869376,512]
2013-03-14 18:10:28.221018 7fb5876fd700 20 librbd: ictx_check 0x7fb5a9162330
2013-03-14 18:10:28.221026 7fb5876fd700 20 librbd: oid rb.0.1e1280.238e1f29.000000000000 869376~512 from [0,512]
2013-03-14 18:10:28.221030 7fb5876fd700 20 librbd::AioRequest: send 0x7fb5a94a3a00 rb.0.1e1280.238e1f29.000000000000 869376~512
2013-03-14 18:10:28.221045 7fb5876fd700 1 -- 172.16.156.135:0/1648258 --> 172.16.170.1:6800/1310 -- osd_op(client.2216705.0:596 rb.0.1e1280.238e1f29.000000000000 [sparse-read 869376~512] 2.dabde67b) v4 -- ?+0 0x7fb5a94a4a00 con 0x7fb5a91668f0
2013-03-14 18:10:28.221058 7fb5876fd700 20 librbd::AioCompletion: AioCompletion::finish_adding_requests 0x7fb5a9289bf0 pending 1
2013-03-14 18:10:28.222045 7fb58ed64700 1 -- 172.16.156.135:0/1648258 <== osd.0 172.16.170.1:6800/1310 591 ==== osd_op_reply(596 rb.0.1e1280.238e1f29.000000000000 [sparse-read 869376~512] = 0) v4 ==== 132+0+536 (2372106678 0 1869198205) 0x7fb5a94a5010 con 0x7fb5a91668f0
2013-03-14 18:10:28.222082 7fb587fff700 20 librbd::AioRequest: should_complete 0x7fb5a94a3a00 rb.0.1e1280.238e1f29.000000000000 869376~512 r = 0
2013-03-14 18:10:28.222092 7fb587fff700 10 librbd::AioCompletion: C_AioRead::finish() 0x7fb5a927c6e0 r = 0
2013-03-14 18:10:28.222094 7fb587fff700 10 librbd::AioCompletion: got {869376=512} for [0,512] bl 512
2013-03-14 18:10:28.222098 7fb587fff700 20 librbd::AioCompletion: AioCompletion::complete_request() 0x7fb5a9289bf0 complete_cb=0x7fb5a6fc7170 pending 1
2013-03-14 18:10:28.222101 7fb587fff700 20 librbd::AioCompletion: AioCompletion::finalize() 0x7fb5a9289bf0 rval 512 read_buf 0x7fb5a94a4400 read_bl 0
2013-03-14 18:10:28.222104 7fb587fff700 20 librbd::AioCompletion: AioCompletion::finalize() copied resulting 512 bytes to 0x7fb5a94a4400
2013-03-14 18:10:28.222224 7fb5876fd700 20 librbd: aio_read 0x7fb5a9162330 completion 0x7fb5a9289bf0 [869888,512]
2013-03-14 18:10:28.222232 7fb5876fd700 20 librbd: ictx_check 0x7fb5a9162330
2013-03-14 18:10:28.222239 7fb5876fd700 20 librbd: oid rb.0.1e1280.238e1f29.000000000000 869888~512 from [0,512]
2013-03-14 18:10:28.222243 7fb5876fd700 20 librbd::AioRequest: send 0x7fb5a94a4a00 rb.0.1e1280.238e1f29.000000000000 869888~512
2013-03-14 18:10:28.222258 7fb5876fd700 1 -- 172.16.156.135:0/1648258 --> 172.16.170.1:6800/1310 -- osd_op(client.2216705.0:597 rb.0.1e1280.238e1f29.000000000000 [sparse-read 869888~512] 2.dabde67b) v4 -- ?+0 0x7fb5a94a5a00 con 0x7fb5a91668f0
2013-03-14 18:10:28.222273 7fb5876fd700 20 librbd::AioCompletion: AioCompletion::finish_adding_requests 0x7fb5a9289bf0 pending 1
2013-03-14 18:10:28.223172 7fb58ed64700 1 -- 172.16.156.135:0/1648258 <== osd.0 172.16.170.1:6800/1310 592 ==== osd_op_reply(597 rb.0.1e1280.238e1f29.000000000000 [sparse-read 869888~512] = 0) v4 ==== 132+0+536 (3433003850 0 3074140261) 0x7fb5a94a8090 con 0x7fb5a91668f0
2013-03-14 18:10:28.223208 7fb587fff700 20 librbd::AioRequest: should_complete 0x7fb5a94a4a00 rb.0.1e1280.238e1f29.000000000000 869888~512 r = 0
2013-03-14 18:10:28.223218 7fb587fff700 10 librbd::AioCompletion: C_AioRead::finish() 0x7fb5a941b9e0 r = 0
2013-03-14 18:10:28.223222 7fb587fff700 10 librbd::AioCompletion: got {869888=512} for [0,512] bl 512
2013-03-14 18:10:28.223226 7fb587fff700 20 librbd::AioCompletion: AioCompletion::complete_request() 0x7fb5a9289bf0 complete_cb=0x7fb5a6fc7170 pending 1
2013-03-14 18:10:28.223228 7fb587fff700 20 librbd::AioCompletion: AioCompletion::finalize() 0x7fb5a9289bf0 rval 512 read_buf 0x7fb5a94a5400 read_bl 0
2013-03-14 18:10:28.223232 7fb587fff700 20 librbd::AioCompletion: AioCompletion::finalize() copied resulting 512 bytes to 0x7fb5a94a5400
2013-03-14 18:10:28.223348 7fb5876fd700 20 librbd: aio_read 0x7fb5a9162330 completion 0x7fb5a9289bf0 [870400,512]
2013-03-14 18:10:28.223356 7fb5876fd700 20 librbd: ictx_check 0x7fb5a9162330
2013-03-14 18:10:28.223363 7fb5876fd700 20 librbd: oid rb.0.1e1280.238e1f29.000000000000 870400~512 from [0,512]
2013-03-14 18:10:28.223368 7fb5876fd700 20 librbd::AioRequest: send 0x7fb5a94a5a00 rb.0.1e1280.238e1f29.000000000000 870400~512
2013-03-14 18:10:28.223383 7fb5876fd700 1 -- 172.16.156.135:0/1648258 --> 172.16.170.1:6800/1310 -- osd_op(client.2216705.0:598 rb.0.1e1280.238e1f29.000000000000 [sparse-read 870400~512] 2.dabde67b) v4 -- ?+0 0x7fb5a94aca00 con 0x7fb5a91668f0
2013-03-14 18:10:28.223396 7fb5876fd700 20 librbd::AioCompletion: AioCompletion::finish_adding_requests 0x7fb5a9289bf0 pending 1
2013-03-14 18:10:28.224417 7fb58ed64700 1 -- 172.16.156.135:0/1648258 <== osd.0 172.16.170.1:6800/1310 593 ==== osd_op_reply(598 rb.0.1e1280.238e1f29.000000000000 [sparse-read 870400~512] = 0) v4 ==== 132+0+536 (210174287 0 1558558104) 0x7fb5a94ad010 con 0x7fb5a91668f0
2013-03-14 18:10:28.224453 7fb587fff700 20 librbd::AioRequest: should_complete 0x7fb5a94a5a00 rb.0.1e1280.238e1f29.000000000000 870400~512 r = 0
2013-03-14 18:10:28.224462 7fb587fff700 10 librbd::AioCompletion: C_AioRead::finish() 0x7fb5a92d92d0 r = 0
2013-03-14 18:10:28.224464 7fb587fff700 10 librbd::AioCompletion: got {870400=512} for [0,512] bl 512
2013-03-14 18:10:28.224468 7fb587fff700 20 librbd::AioCompletion: AioCompletion::complete_request() 0x7fb5a9289bf0 complete_cb=0x7fb5a6fc7170 pending 1
2013-03-14 18:10:28.224471 7fb587fff700 20 librbd::AioCompletion: AioCompletion::finalize() 0x7fb5a9289bf0 rval 512 read_buf 0x7fb5a94ac400 read_bl 0
2013-03-14 18:10:28.224474 7fb587fff700 20 librbd::AioCompletion: AioCompletion::finalize() copied resulting 512 bytes to 0x7fb5a94ac400
2013-03-14 18:10:28.224626 7fb5876fd700 20 librbd: aio_read 0x7fb5a9162330 completion 0x7fb5a9289bf0 [870912,512]
2013-03-14 18:10:28.224633 7fb5876fd700 20 librbd: ictx_check 0x7fb5a9162330
2013-03-14 18:10:28.224641 7fb5876fd700 20 librbd: oid rb.0.1e1280.238e1f29.000000000000 870912~512 from [0,512]
2013-03-14 18:10:28.224645 7fb5876fd700 20 librbd::AioRequest: send 0x7fb5a94acad0 rb.0.1e1280.238e1f29.000000000000 870912~512
2013-03-14 18:10:28.224660 7fb5876fd700 1 -- 172.16.156.135:0/1648258 --> 172.16.170.1:6800/1310 -- osd_op(client.2216705.0:599 rb.0.1e1280.238e1f29.000000000000 [sparse-read 870912~512] 2.dabde67b) v4 -- ?+0 0x7fb5a94ada00 con 0x7fb5a91668f0
2013-03-14 18:10:28.224673 7fb5876fd700 20 librbd::AioCompletion: AioCompletion::finish_adding_requests 0x7fb5a9289bf0 pending 1
2013-03-14 18:10:28.225650 7fb58ed64700 1 -- 172.16.156.135:0/1648258 <== osd.0 172.16.170.1:6800/1310 594 ==== osd_op_reply(599 rb.0.1e1280.238e1f29.000000000000 [sparse-read 870912~512] = 0) v4 ==== 132+0+536 (1299907507 0 4159177653) 0x7fb5a94a8090 con 0x7fb5a91668f0
2013-03-14 18:10:28.225686 7fb587fff700 20 librbd::AioRequest: should_complete 0x7fb5a94acad0 rb.0.1e1280.238e1f29.000000000000 870912~512 r = 0
2013-03-14 18:10:28.225692 7fb587fff700 10 librbd::AioCompletion: C_AioRead::finish() 0x7fb5a93279f0 r = 0
2013-03-14 18:10:28.225694 7fb587fff700 10 librbd::AioCompletion: got {870912=512} for [0,512] bl 512
2013-03-14 18:10:28.225698 7fb587fff700 20 librbd::AioCompletion: AioCompletion::complete_request() 0x7fb5a9289bf0 complete_cb=0x7fb5a6fc7170 pending 1
2013-03-14 18:10:28.225701 7fb587fff700 20 librbd::AioCompletion: AioCompletion::finalize() 0x7fb5a9289bf0 rval 512 read_buf 0x7fb5a94ad400 read_bl 0
2013-03-14 18:10:28.225704 7fb587fff700 20 librbd::AioCompletion: AioCompletion::finalize() copied resulting 512 bytes to 0x7fb5a94ad400
2013-03-14 18:10:28.225877 7fb5876fd700 20 librbd: aio_read 0x7fb5a9162330 completion 0x7fb5a9289bf0 [871424,512]
2013-03-14 18:10:28.225885 7fb5876fd700 20 librbd: ictx_check 0x7fb5a9162330
2013-03-14 18:10:28.225892 7fb5876fd700 20 librbd: oid rb.0.1e1280.238e1f29.000000000000 871424~512 from [0,512]
2013-03-14 18:10:28.225896 7fb5876fd700 20 librbd::AioRequest: send 0x7fb5a94ada00 rb.0.1e1280.238e1f29.000000000000 871424~512
2013-03-14 18:10:28.225912 7fb5876fd700 1 -- 172.16.156.135:0/1648258 --> 172.16.170.1:6800/1310 -- osd_op(client.2216705.0:600 rb.0.1e1280.238e1f29.000000000000 [sparse-read 871424~512] 2.dabde67b) v4 -- ?+0 0x7fb5a94a8c00 con 0x7fb5a91668f0
2013-03-14 18:10:28.225926 7fb5876fd700 20 librbd::AioCompletion: AioCompletion::finish_adding_requests 0x7fb5a9289bf0 pending 1
2013-03-14 18:10:28.226925 7fb58ed64700 1 -- 172.16.156.135:0/1648258 <== osd.0 172.16.170.1:6800/1310 595 ==== osd_op_reply(600 rb.0.1e1280.238e1f29.000000000000 [sparse-read 871424~512] = 0) v4 ==== 132+0+536 (2407466167 0 3809629818) 0x7fb5a94b2050 con 0x7fb5a91668f0
2013-03-14 18:10:28.226960 7fb587fff700 20 librbd::AioRequest: should_complete 0x7fb5a94ada00 rb.0.1e1280.238e1f29.000000000000 871424~512 r = 0
2013-03-14 18:10:28.226970 7fb587fff700 10 librbd::AioCompletion: C_AioRead::finish() 0x7fb5a930f400 r = 0
2013-03-14 18:10:28.226972 7fb587fff700 10 librbd::AioCompletion: got {871424=512} for [0,512] bl 512
2013-03-14 18:10:28.226976 7fb587fff700 20 librbd::AioCompletion: AioCompletion::complete_request() 0x7fb5a9289bf0 complete_cb=0x7fb5a6fc7170 pending 1
2013-03-14 18:10:28.226978 7fb587fff700 20 librbd::AioCompletion: AioCompletion::finalize() 0x7fb5a9289bf0 rval 512 read_buf 0x7fb5a94a8600 read_bl 0
2013-03-14 18:10:28.226982 7fb587fff700 20 librbd::AioCompletion: AioCompletion::finalize() copied resulting 512 bytes to 0x7fb5a94a8600
2013-03-14 18:10:28.227099 7fb5876fd700 20 librbd: aio_read 0x7fb5a9162330 completion 0x7fb5a9289bf0 [871936,512]
2013-03-14 18:10:28.227104 7fb5876fd700 20 librbd: ictx_check 0x7fb5a9162330
2013-03-14 18:10:28.227111 7fb5876fd700 20 librbd: oid rb.0.1e1280.238e1f29.000000000000 871936~512 from [0,512]
2013-03-14 18:10:28.227115 7fb5876fd700 20 librbd::AioRequest: send 0x7fb5a94a8c00 rb.0.1e1280.238e1f29.000000000000 871936~512
2013-03-14 18:10:28.227131 7fb5876fd700 1 -- 172.16.156.135:0/1648258 --> 172.16.170.1:6800/1310 -- osd_op(client.2216705.0:601 rb.0.1e1280.238e1f29.000000000000 [sparse-read 871936~512] 2.dabde67b) v4 -- ?+0 0x7fb5a94a9b70 con 0x7fb5a91668f0
2013-03-14 18:10:28.227144 7fb5876fd700 20 librbd::AioCompletion: AioCompletion::finish_adding_requests 0x7fb5a9289bf0 pending 1
2013-03-14 18:10:28.228043 7fb58ed64700 1 -- 172.16.156.135:0/1648258 <== osd.0 172.16.170.1:6800/1310 596 ==== osd_op_reply(601 rb.0.1e1280.238e1f29.000000000000 [sparse-read 871936~512] = 0) v4 ==== 132+0+536 (3464693323 0 3915773727) 0x7fb5a94aa180 con 0x7fb5a91668f0
2013-03-14 18:10:28.228080 7fb587fff700 20 librbd::AioRequest: should_complete 0x7fb5a94a8c00 rb.0.1e1280.238e1f29.000000000000 871936~512 r = 0
2013-03-14 18:10:28.228086 7fb587fff700 10 librbd::AioCompletion: C_AioRead::finish() 0x7fb5a94782b0 r = 0
2013-03-14 18:10:28.228088 7fb587fff700 10 librbd::AioCompletion: got {871936=512} for [0,512] bl 512
2013-03-14 18:10:28.228092 7fb587fff700 20 librbd::AioCompletion: AioCompletion::complete_request() 0x7fb5a9289bf0 complete_cb=0x7fb5a6fc7170 pending 1
2013-03-14 18:10:28.228094 7fb587fff700 20 librbd::AioCompletion: AioCompletion::finalize() 0x7fb5a9289bf0 rval 512 read_buf 0x7fb5a94a8600 read_bl 0
2013-03-14 18:10:28.228097 7fb587fff700 20 librbd::AioCompletion: AioCompletion::finalize() copied resulting 512 bytes to 0x7fb5a94a8600
2013-03-14 18:10:28.228215 7fb5876fd700 20 librbd: aio_read 0x7fb5a9162330 completion 0x7fb5a9289bf0 [872448,512]
2013-03-14 18:10:28.228223 7fb5876fd700 20 librbd: ictx_check 0x7fb5a9162330
2013-03-14 18:10:28.228231 7fb5876fd700 20 librbd: oid rb.0.1e1280.238e1f29.000000000000 872448~512 from [0,512]
2013-03-14 18:10:28.228235 7fb5876fd700 20 librbd::AioRequest: send 0x7fb5a94a9b70 rb.0.1e1280.238e1f29.000000000000 872448~512
2013-03-14 18:10:28.228250 7fb5876fd700 1 -- 172.16.156.135:0/1648258 --> 172.16.170.1:6800/1310 -- osd_op(client.2216705.0:602 rb.0.1e1280.238e1f29.000000000000 [sparse-read 872448~512] 2.dabde67b) v4 -- ?+0 0x7fb5a94aac00 con 0x7fb5a91668f0
2013-03-14 18:10:28.228265 7fb5876fd700 20 librbd::AioCompletion: AioCompletion::finish_adding_requests 0x7fb5a9289bf0 pending 1
2013-03-14 18:10:28.229178 7fb58ed64700 1 -- 172.16.156.135:0/1648258 <== osd.0 172.16.170.1:6800/1310 597 ==== osd_op_reply(602 rb.0.1e1280.238e1f29.000000000000 [sparse-read 872448~512] = 0) v4 ==== 132+0+536 (178488908 0 2360087284) 0x7fb5a94ab210 con 0x7fb5a91668f0
2013-03-14 18:10:28.229214 7fb587fff700 20 librbd::AioRequest: should_complete 0x7fb5a94a9b70 rb.0.1e1280.238e1f29.000000000000 872448~512 r = 0
2013-03-14 18:10:28.229221 7fb587fff700 10 librbd::AioCompletion: C_AioRead::finish() 0x7fb5a9360e80 r = 0
2013-03-14 18:10:28.229222 7fb587fff700 10 librbd::AioCompletion: got {872448=512} for [0,512] bl 512
2013-03-14 18:10:28.229226 7fb587fff700 20 librbd::AioCompletion: AioCompletion::complete_request() 0x7fb5a9289bf0 complete_cb=0x7fb5a6fc7170 pending 1
2013-03-14 18:10:28.229229 7fb587fff700 20 librbd::AioCompletion: AioCompletion::finalize() 0x7fb5a9289bf0 rval 512 read_buf 0x7fb5a94aa600 read_bl 0
2013-03-14 18:10:28.229232 7fb587fff700 20 librbd::AioCompletion: AioCompletion::finalize() copied resulting 512 bytes to 0x7fb5a94aa600
2013-03-14 18:10:28.229348 7fb5876fd700 20 librbd: aio_read 0x7fb5a9162330 completion 0x7fb5a9289bf0 [872960,512]
2013-03-14 18:10:28.229357 7fb5876fd700 20 librbd: ictx_check 0x7fb5a9162330
2013-03-14 18:10:28.229364 7fb5876fd700 20 librbd: oid rb.0.1e1280.238e1f29.000000000000 872960~512 from [0,512]
2013-03-14 18:10:28.229368 7fb5876fd700 20 librbd::AioRequest: send 0x7fb5a94aacd0 rb.0.1e1280.238e1f29.000000000000 872960~512
2013-03-14 18:10:28.229383 7fb5876fd700 1 -- 172.16.156.135:0/1648258 --> 172.16.170.1:6800/1310 -- osd_op(client.2216705.0:603 rb.0.1e1280.238e1f29.000000000000 [sparse-read 872960~512] 2.dabde67b) v4 -- ?+0 0x7fb5a94abc00 con 0x7fb5a91668f0
2013-03-14 18:10:28.229398 7fb5876fd700 20 librbd::AioCompletion: AioCompletion::finish_adding_requests 0x7fb5a9289bf0 pending 1
2013-03-14 18:10:28.230311 7fb58ed64700 1 -- 172.16.156.135:0/1648258 <== osd.0 172.16.170.1:6800/1310 598 ==== osd_op_reply(603 rb.0.1e1280.238e1f29.000000000000 [sparse-read 872960~512] = 0) v4 ==== 132+0+536 (1264551088 0 3017580407) 0x7fb5a94ae160 con 0x7fb5a91668f0
2013-03-14 18:10:28.230347 7fb587fff700 20 librbd::AioRequest: should_complete 0x7fb5a94aacd0 rb.0.1e1280.238e1f29.000000000000 872960~512 r = 0
2013-03-14 18:10:28.230367 7fb587fff700 10 librbd::AioCompletion: C_AioRead::finish() 0x7fb5a9272a80 r = 0
2013-03-14 18:10:28.230369 7fb587fff700 10 librbd::AioCompletion: got {872960=512} for [0,512] bl 512
2013-03-14 18:10:28.230373 7fb587fff700 20 librbd::AioCompletion: AioCompletion::complete_request() 0x7fb5a9289bf0 complete_cb=0x7fb5a6fc7170 pending 1
2013-03-14 18:10:28.230376 7fb587fff700 20 librbd::AioCompletion: AioCompletion::finalize() 0x7fb5a9289bf0 rval 512 read_buf 0x7fb5a94ab600 read_bl 0
2013-03-14 18:10:28.230379 7fb587fff700 20 librbd::AioCompletion: AioCompletion::finalize() copied resulting 512 bytes to 0x7fb5a94ab600
2013-03-14 18:10:28.230490 7fb5876fd700 20 librbd: aio_read 0x7fb5a9162330 completion 0x7fb5a9289bf0 [873472,512]
2013-03-14 18:10:28.230498 7fb5876fd700 20 librbd: ictx_check 0x7fb5a9162330
2013-03-14 18:10:28.230505 7fb5876fd700 20 librbd: oid rb.0.1e1280.238e1f29.000000000000 873472~512 from [0,512]
2013-03-14 18:10:28.230509 7fb5876fd700 20 librbd::AioRequest: send 0x7fb5a94abc00 rb.0.1e1280.238e1f29.000000000000 873472~512
2013-03-14 18:10:28.230524 7fb5876fd700 1 -- 172.16.156.135:0/1648258 --> 172.16.170.1:6800/1310 -- osd_op(client.2216705.0:604 rb.0.1e1280.238e1f29.000000000000 [sparse-read 873472~512] 2.dabde67b) v4 -- ?+0 0x7fb5a94b2c00 con 0x7fb5a91668f0
2013-03-14 18:10:28.230539 7fb5876fd700 20 librbd::AioCompletion: AioCompletion::finish_adding_requests 0x7fb5a9289bf0 pending 1
2013-03-14 18:10:28.231593 7fb58ed64700 1 -- 172.16.156.135:0/1648258 <== osd.0 172.16.170.1:6800/1310 599 ==== osd_op_reply(604 rb.0.1e1280.238e1f29.000000000000 [sparse-read 873472~512] = 0) v4 ==== 132+0+536 (2304476084 0 3833363544) 0x7fb5a94b3210 con 0x7fb5a91668f0
2013-03-14 18:10:28.231647 7fb587fff700 20 librbd::AioRequest: should_complete 0x7fb5a94abc00 rb.0.1e1280.238e1f29.000000000000 873472~512 r = 0
2013-03-14 18:10:28.231658 7fb587fff700 10 librbd::AioCompletion: C_AioRead::finish() 0x7fb5a93bdfe0 r = 0
2013-03-14 18:10:28.231663 7fb587fff700 10 librbd::AioCompletion: got {873472=512} for [0,512] bl 512
2013-03-14 18:10:28.231669 7fb587fff700 20 librbd::AioCompletion: AioCompletion::complete_request() 0x7fb5a9289bf0 complete_cb=0x7fb5a6fc7170 pending 1
2013-03-14 18:10:28.231673 7fb587fff700 20 librbd::AioCompletion: AioCompletion::finalize() 0x7fb5a9289bf0 rval 512 read_buf 0x7fb5a94b2600 read_bl 0
2013-03-14 18:10:28.231678 7fb587fff700 20 librbd::AioCompletion: AioCompletion::finalize() copied resulting 512 bytes to 0x7fb5a94b2600
2013-03-14 18:10:28.231815 7fb5876fd700 20 librbd: aio_read 0x7fb5a9162330 completion 0x7fb5a9289bf0 [873984,512]
2013-03-14 18:10:28.231823 7fb5876fd700 20 librbd: ictx_check 0x7fb5a9162330
2013-03-14 18:10:28.231830 7fb5876fd700 20 librbd: oid rb.0.1e1280.238e1f29.000000000000 873984~512 from [0,512]
2013-03-14 18:10:28.231834 7fb5876fd700 20 librbd::AioRequest: send 0x7fb5a94b2c00 rb.0.1e1280.238e1f29.000000000000 873984~512
2013-03-14 18:10:28.231849 7fb5876fd700 1 -- 172.16.156.135:0/1648258 --> 172.16.170.1:6800/1310 -- osd_op(client.2216705.0:605 rb.0.1e1280.238e1f29.000000000000 [sparse-read 873984~512] 2.dabde67b) v4 -- ?+0 0x7fb5a94b3c00 con 0x7fb5a91668f0
2013-03-14 18:10:28.231864 7fb5876fd700 20 librbd::AioCompletion: AioCompletion::finish_adding_requests 0x7fb5a9289bf0 pending 1
2013-03-14 18:10:28.232839 7fb58ed64700 1 -- 172.16.156.135:0/1648258 <== osd.0 172.16.170.1:6800/1310 600 ==== osd_op_reply(605 rb.0.1e1280.238e1f29.000000000000 [sparse-read 873984~512] = 0) v4 ==== 132+0+536 (3366420808 0 653298939) 0x7fb5a94ae160 con 0x7fb5a91668f0
2013-03-14 18:10:28.232875 7fb587fff700 20 librbd::AioRequest: should_complete 0x7fb5a94b2c00 rb.0.1e1280.238e1f29.000000000000 873984~512 r = 0
2013-03-14 18:10:28.232883 7fb587fff700 10 librbd::AioCompletion: C_AioRead::finish() 0x7fb5a93d83b0 r = 0
2013-03-14 18:10:28.232886 7fb587fff700 10 librbd::AioCompletion: got {873984=512} for [0,512] bl 512
2013-03-14 18:10:28.232892 7fb587fff700 20 librbd::AioCompletion: AioCompletion::complete_request() 0x7fb5a9289bf0 complete_cb=0x7fb5a6fc7170 pending 1
2013-03-14 18:10:28.232896 7fb587fff700 20 librbd::AioCompletion: AioCompletion::finalize() 0x7fb5a9289bf0 rval 512 read_buf 0x7fb5a94b3600 read_bl 0
2013-03-14 18:10:28.232901 7fb587fff700 20 librbd::AioCompletion: AioCompletion::finalize() copied resulting 512 bytes to 0x7fb5a94b3600
2013-03-14 18:10:28.233064 7fb5876fd700 20 librbd: aio_read 0x7fb5a9162330 completion 0x7fb5a9289bf0 [874496,512]
2013-03-14 18:10:28.233072 7fb5876fd700 20 librbd: ictx_check 0x7fb5a9162330
2013-03-14 18:10:28.233080 7fb5876fd700 20 librbd: oid rb.0.1e1280.238e1f29.000000000000 874496~512 from [0,512]
2013-03-14 18:10:28.233084 7fb5876fd700 20 librbd::AioRequest: send 0x7fb5a94b3c00 rb.0.1e1280.238e1f29.000000000000 874496~512
2013-03-14 18:10:28.233099 7fb5876fd700 1 -- 172.16.156.135:0/1648258 --> 172.16.170.1:6800/1310 -- osd_op(client.2216705.0:606 rb.0.1e1280.238e1f29.000000000000 [sparse-read 874496~512] 2.dabde67b) v4 -- ?+0 0x7fb5a94aeb90 con 0x7fb5a91668f0
2013-03-14 18:10:28.233115 7fb5876fd700 20 librbd::AioCompletion: AioCompletion::finish_adding_requests 0x7fb5a9289bf0 pending 1
2013-03-14 18:10:28.234139 7fb58ed64700 1 -- 172.16.156.135:0/1648258 <== osd.0 172.16.170.1:6800/1310 601 ==== osd_op_reply(606 rb.0.1e1280.238e1f29.000000000000 [sparse-read 874496~512] = 0) v4 ==== 132+0+536 (146799437 0 1372432907) 0x7fb5a94b8050 con 0x7fb5a91668f0
2013-03-14 18:10:28.234173 7fb587fff700 20 librbd::AioRequest: should_complete 0x7fb5a94b3c00 rb.0.1e1280.238e1f29.000000000000 874496~512 r = 0
2013-03-14 18:10:28.234181 7fb587fff700 10 librbd::AioCompletion: C_AioRead::finish() 0x7fb5a939ffe0 r = 0
2013-03-14 18:10:28.234184 7fb587fff700 10 librbd::AioCompletion: got {874496=512} for [0,512] bl 512
2013-03-14 18:10:28.234190 7fb587fff700 20 librbd::AioCompletion: AioCompletion::complete_request() 0x7fb5a9289bf0 complete_cb=0x7fb5a6fc7170 pending 1
2013-03-14 18:10:28.234194 7fb587fff700 20 librbd::AioCompletion: AioCompletion::finalize() 0x7fb5a9289bf0 rval 512 read_buf 0x7fb5a94ae800 read_bl 0
2013-03-14 18:10:28.234198 7fb587fff700 20 librbd::AioCompletion: AioCompletion::finalize() copied resulting 512 bytes to 0x7fb5a94ae800
2013-03-14 18:10:28.234395 7fb5876fd700 20 librbd: aio_read 0x7fb5a9162330 completion 0x7fb5a9289bf0 [875008,512]
2013-03-14 18:10:28.234403 7fb5876fd700 20 librbd: ictx_check 0x7fb5a9162330
2013-03-14 18:10:28.234410 7fb5876fd700 20 librbd: oid rb.0.1e1280.238e1f29.000000000000 875008~512 from [0,512]
2013-03-14 18:10:28.234415 7fb5876fd700 20 librbd::AioRequest: send 0x7fb5a94ae800 rb.0.1e1280.238e1f29.000000000000 875008~512
2013-03-14 18:10:28.234437 7fb5876fd700 1 -- 172.16.156.135:0/1648258 --> 172.16.170.1:6800/1310 -- osd_op(client.2216705.0:607 rb.0.1e1280.238e1f29.000000000000 [sparse-read 875008~512] 2.dabde67b) v4 -- ?+0 0x7fb5a94afe00 con 0x7fb5a91668f0
2013-03-14 18:10:28.234452 7fb5876fd700 20 librbd::AioCompletion: AioCompletion::finish_adding_requests 0x7fb5a9289bf0 pending 1
2013-03-14 18:10:28.235436 7fb58ed64700 1 -- 172.16.156.135:0/1648258 <== osd.0 172.16.170.1:6800/1310 602 ==== osd_op_reply(607 rb.0.1e1280.238e1f29.000000000000 [sparse-read 875008~512] = 0) v4 ==== 132+0+536 (1229191601 0 1717710484) 0x7fb5a94b0410 con 0x7fb5a91668f0
2013-03-14 18:10:28.235471 7fb587fff700 20 librbd::AioRequest: should_complete 0x7fb5a94ae800 rb.0.1e1280.238e1f29.000000000000 875008~512 r = 0
2013-03-14 18:10:28.235480 7fb587fff700 10 librbd::AioCompletion: C_AioRead::finish() 0x7fb5a9315cd0 r = 0
2013-03-14 18:10:28.235482 7fb587fff700 10 librbd::AioCompletion: got {875008=512} for [0,512] bl 512
2013-03-14 18:10:28.235487 7fb587fff700 20 librbd::AioCompletion: AioCompletion::complete_request() 0x7fb5a9289bf0 complete_cb=0x7fb5a6fc7170 pending 1
2013-03-14 18:10:28.235492 7fb587fff700 20 librbd::AioCompletion: AioCompletion::finalize() 0x7fb5a9289bf0 rval 512 read_buf 0x7fb5a94af800 read_bl 0
2013-03-14 18:10:28.235497 7fb587fff700 20 librbd::AioCompletion: AioCompletion::finalize() copied resulting 512 bytes to 0x7fb5a94af800
2013-03-14 18:10:28.235627 7fb5876fd700 20 librbd: aio_read 0x7fb5a9162330 completion 0x7fb5a9289bf0 [875520,512]
2013-03-14 18:10:28.235636 7fb5876fd700 20 librbd: ictx_check 0x7fb5a9162330
2013-03-14 18:10:28.235643 7fb5876fd700 20 librbd: oid rb.0.1e1280.238e1f29.000000000000 875520~512 from [0,512]
2013-03-14 18:10:28.235647 7fb5876fd700 20 librbd::AioRequest: send 0x7fb5a94afed0 rb.0.1e1280.238e1f29.000000000000 875520~512
2013-03-14 18:10:28.235662 7fb5876fd700 1 -- 172.16.156.135:0/1648258 --> 172.16.170.1:6800/1310 -- osd_op(client.2216705.0:608 rb.0.1e1280.238e1f29.000000000000 [sparse-read 875520~512] 2.dabde67b) v4 -- ?+0 0x7fb5a94b0e00 con 0x7fb5a91668f0
2013-03-14 18:10:28.235676 7fb5876fd700 20 librbd::AioCompletion: AioCompletion::finish_adding_requests 0x7fb5a9289bf0 pending 1
2013-03-14 18:10:28.236561 7fb58ed64700 1 -- 172.16.156.135:0/1648258 <== osd.0 172.16.170.1:6800/1310 603 ==== osd_op_reply(608 rb.0.1e1280.238e1f29.000000000000 [sparse-read 875520~512] = 0) v4 ==== 132+0+536 (2336751285 0 4237979962) 0x7fb5a94b1410 con 0x7fb5a91668f0
2013-03-14 18:10:28.236594 7fb587fff700 20 librbd::AioRequest: should_complete 0x7fb5a94afed0 rb.0.1e1280.238e1f29.000000000000 875520~512 r = 0
2013-03-14 18:10:28.236603 7fb587fff700 10 librbd::AioCompletion: C_AioRead::finish() 0x7fb5a934d700 r = 0
2013-03-14 18:10:28.236615 7fb587fff700 10 librbd::AioCompletion: got {875520=512} for [0,512] bl 512
2013-03-14 18:10:28.236621 7fb587fff700 20 librbd::AioCompletion: AioCompletion::complete_request() 0x7fb5a9289bf0 complete_cb=0x7fb5a6fc7170 pending 1
2013-03-14 18:10:28.236626 7fb587fff700 20 librbd::AioCompletion: AioCompletion::finalize() 0x7fb5a9289bf0 rval 512 read_buf 0x7fb5a94b0800 read_bl 0
2013-03-14 18:10:28.236631 7fb587fff700 20 librbd::AioCompletion: AioCompletion::finalize() copied resulting 512 bytes to 0x7fb5a94b0800
2013-03-14 18:10:28.236737 7fb5876fd700 20 librbd: aio_read 0x7fb5a9162330 completion 0x7fb5a9289bf0 [876032,512]
2013-03-14 18:10:28.236746 7fb5876fd700 20 librbd: ictx_check 0x7fb5a9162330
2013-03-14 18:10:28.236753 7fb5876fd700 20 librbd: oid rb.0.1e1280.238e1f29.000000000000 876032~512 from [0,512]
2013-03-14 18:10:28.236757 7fb5876fd700 20 librbd::AioRequest: send 0x7fb5a94b0ed0 rb.0.1e1280.238e1f29.000000000000 876032~512
2013-03-14 18:10:28.236772 7fb5876fd700 1 -- 172.16.156.135:0/1648258 --> 172.16.170.1:6800/1310 -- osd_op(client.2216705.0:609 rb.0.1e1280.238e1f29.000000000000 [sparse-read 876032~512] 2.dabde67b) v4 -- ?+0 0x7fb5a94b1e00 con 0x7fb5a91668f0
2013-03-14 18:10:28.236786 7fb5876fd700 20 librbd::AioCompletion: AioCompletion::finish_adding_requests 0x7fb5a9289bf0 pending 1
2013-03-14 18:10:28.237761 7fb58ed64700 1 -- 172.16.156.135:0/1648258 <== osd.0 172.16.170.1:6800/1310 604 ==== osd_op_reply(609 rb.0.1e1280.238e1f29.000000000000 [sparse-read 876032~512] = 0) v4 ==== 132+0+536 (3401317449 0 3170511062) 0x7fb5a94b4380 con 0x7fb5a91668f0
2013-03-14 18:10:28.237800 7fb587fff700 20 librbd::AioRequest: should_complete 0x7fb5a94b0ed0 rb.0.1e1280.238e1f29.000000000000 876032~512 r = 0
2013-03-14 18:10:28.237809 7fb587fff700 10 librbd::AioCompletion: C_AioRead::finish() 0x7fb5a92af630 r = 0
2013-03-14 18:10:28.237812 7fb587fff700 10 librbd::AioCompletion: got {876032=512} for [0,512] bl 512
2013-03-14 18:10:28.237819 7fb587fff700 20 librbd::AioCompletion: AioCompletion::complete_request() 0x7fb5a9289bf0 complete_cb=0x7fb5a6fc7170 pending 1
2013-03-14 18:10:28.237823 7fb587fff700 20 librbd::AioCompletion: AioCompletion::finalize() 0x7fb5a9289bf0 rval 512 read_buf 0x7fb5a94b1800 read_bl 0
2013-03-14 18:10:28.237828 7fb587fff700 20 librbd::AioCompletion: AioCompletion::finalize() copied resulting 512 bytes to 0x7fb5a94b1800
2013-03-14 18:10:28.237950 7fb5876fd700 20 librbd: aio_read 0x7fb5a9162330 completion 0x7fb5a9289bf0 [876544,512]
2013-03-14 18:10:28.237959 7fb5876fd700 20 librbd: ictx_check 0x7fb5a9162330
2013-03-14 18:10:28.237966 7fb5876fd700 20 librbd: oid rb.0.1e1280.238e1f29.000000000000 876544~512 from [0,512]
2013-03-14 18:10:28.237970 7fb5876fd700 20 librbd::AioRequest: send 0x7fb5a94b1e00 rb.0.1e1280.238e1f29.000000000000 876544~512
2013-03-14 18:10:28.237986 7fb5876fd700 1 -- 172.16.156.135:0/1648258 --> 172.16.170.1:6800/1310 -- osd_op(client.2216705.0:610 rb.0.1e1280.238e1f29.000000000000 [sparse-read 876544~512] 2.dabde67b) v4 -- ?+0 0x7fb5a94b8c00 con 0x7fb5a91668f0
2013-03-14 18:10:28.238000 7fb5876fd700 20 librbd::AioCompletion: AioCompletion::finish_adding_requests 0x7fb5a9289bf0 pending 1
2013-03-14 18:10:28.238908 7fb58ed64700 1 -- 172.16.156.135:0/1648258 <== osd.0 172.16.170.1:6800/1310 605 ==== osd_op_reply(610 rb.0.1e1280.238e1f29.000000000000 [sparse-read 876544~512] = 0) v4 ==== 132+0+536 (116033610 0 1451335420) 0x7fb5a94b9210 con 0x7fb5a91668f0
2013-03-14 18:10:28.238941 7fb587fff700 20 librbd::AioRequest: should_complete 0x7fb5a94b1e00 rb.0.1e1280.238e1f29.000000000000 876544~512 r = 0
2013-03-14 18:10:28.238948 7fb587fff700 10 librbd::AioCompletion: C_AioRead::finish() 0x7fb5a93d8c60 r = 0
2013-03-14 18:10:28.238951 7fb587fff700 10 librbd::AioCompletion: got {876544=512} for [0,512] bl 512
2013-03-14 18:10:28.238956 7fb587fff700 20 librbd::AioCompletion: AioCompletion::complete_request() 0x7fb5a9289bf0 complete_cb=0x7fb5a6fc7170 pending 1
2013-03-14 18:10:28.238960 7fb587fff700 20 librbd::AioCompletion: AioCompletion::finalize() 0x7fb5a9289bf0 rval 512 read_buf 0x7fb5a94b8600 read_bl 0
2013-03-14 18:10:28.238966 7fb587fff700 20 librbd::AioCompletion: AioCompletion::finalize() copied resulting 512 bytes to 0x7fb5a94b8600
2013-03-14 18:10:28.239111 7fb5876fd700 20 librbd: aio_read 0x7fb5a9162330 completion 0x7fb5a9289bf0 [877056,512]
2013-03-14 18:10:28.239120 7fb5876fd700 20 librbd: ictx_check 0x7fb5a9162330
2013-03-14 18:10:28.239127 7fb5876fd700 20 librbd: oid rb.0.1e1280.238e1f29.000000000000 877056~512 from [0,512]
2013-03-14 18:10:28.239131 7fb5876fd700 20 librbd::AioRequest: send 0x7fb5a94b8c00 rb.0.1e1280.238e1f29.000000000000 877056~512
2013-03-14 18:10:28.239146 7fb5876fd700 1 -- 172.16.156.135:0/1648258 --> 172.16.170.1:6800/1310 -- osd_op(client.2216705.0:611 rb.0.1e1280.238e1f29.000000000000 [sparse-read 877056~512] 2.dabde67b) v4 -- ?+0 0x7fb5a94b9c00 con 0x7fb5a91668f0
2013-03-14 18:10:28.239164 7fb5876fd700 20 librbd::AioCompletion: AioCompletion::finish_adding_requests 0x7fb5a9289bf0 pending 1
2013-03-14 18:10:28.240063 7fb58ed64700 1 -- 172.16.156.135:0/1648258 <== osd.0 172.16.170.1:6800/1310 606 ==== osd_op_reply(611 rb.0.1e1280.238e1f29.000000000000 [sparse-read 877056~512] = 0) v4 ==== 132+0+536 (1192659638 0 2232120645) 0x7fb5a94b4380 con 0x7fb5a91668f0
2013-03-14 18:10:28.240096 7fb587fff700 20 librbd::AioRequest: should_complete 0x7fb5a94b8c00 rb.0.1e1280.238e1f29.000000000000 877056~512 r = 0
2013-03-14 18:10:28.240103 7fb587fff700 10 librbd::AioCompletion: C_AioRead::finish() 0x7fb5a93dd680 r = 0
2013-03-14 18:10:28.240106 7fb587fff700 10 librbd::AioCompletion: got {877056=512} for [0,512] bl 512
2013-03-14 18:10:28.240112 7fb587fff700 20 librbd::AioCompletion: AioCompletion::complete_request() 0x7fb5a9289bf0 complete_cb=0x7fb5a6fc7170 pending 1
2013-03-14 18:10:28.240116 7fb587fff700 20 librbd::AioCompletion: AioCompletion::finalize() 0x7fb5a9289bf0 rval 512 read_buf 0x7fb5a94b9600 read_bl 0
2013-03-14 18:10:28.240121 7fb587fff700 20 librbd::AioCompletion: AioCompletion::finalize() copied resulting 512 bytes to 0x7fb5a94b9600
2013-03-14 18:10:28.240568 7fb5876fd700 20 librbd: aio_read 0x7fb5a9162330 completion 0x7fb5a9289bf0 [877568,512]
2013-03-14 18:10:28.240576 7fb5876fd700 20 librbd: ictx_check 0x7fb5a9162330
2013-03-14 18:10:28.240584 7fb5876fd700 20 librbd: oid rb.0.1e1280.238e1f29.000000000000 877568~512 from [0,512]
2013-03-14 18:10:28.240588 7fb5876fd700 20 librbd::AioRequest: send 0x7fb5a94b9c00 rb.0.1e1280.238e1f29.000000000000 877568~512
2013-03-14 18:10:28.240603 7fb5876fd700 1 -- 172.16.156.135:0/1648258 --> 172.16.170.1:6800/1310 -- osd_op(client.2216705.0:612 rb.0.1e1280.238e1f29.000000000000 [sparse-read 877568~512] 2.dabde67b) v4 -- ?+0 0x7fb5a94b5000 con 0x7fb5a91668f0
2013-03-14 18:10:28.240618 7fb5876fd700 20 librbd::AioCompletion: AioCompletion::finish_adding_requests 0x7fb5a9289bf0 pending 1
2013-03-14 18:10:28.241553 7fb58ed64700 1 -- 172.16.156.135:0/1648258 <== osd.0 172.16.170.1:6800/1310 607 ==== osd_op_reply(612 rb.0.1e1280.238e1f29.000000000000 [sparse-read 877568~512] = 0) v4 ==== 132+0+536 (2232585650 0 3778272180) 0x7fb5a94be050 con 0x7fb5a91668f0
2013-03-14 18:10:28.241587 7fb587fff700 20 librbd::AioRequest: should_complete 0x7fb5a94b9c00 rb.0.1e1280.238e1f29.000000000000 877568~512 r = 0
2013-03-14 18:10:28.241599 7fb587fff700 10 librbd::AioCompletion: C_AioRead::finish() 0x7fb5a924d700 r = 0
2013-03-14 18:10:28.241602 7fb587fff700 10 librbd::AioCompletion: got {877568=512} for [0,512] bl 512
2013-03-14 18:10:28.241621 7fb587fff700 20 librbd::AioCompletion: AioCompletion::complete_request() 0x7fb5a9289bf0 complete_cb=0x7fb5a6fc7170 pending 1
2013-03-14 18:10:28.241626 7fb587fff700 20 librbd::AioCompletion: AioCompletion::finalize() 0x7fb5a9289bf0 rval 512 read_buf 0x7fb5a94b4a00 read_bl 0
2013-03-14 18:10:28.241631 7fb587fff700 20 librbd::AioCompletion: AioCompletion::finalize() copied resulting 512 bytes to 0x7fb5a94b4a00
2013-03-14 18:10:28.241775 7fb5876fd700 20 librbd: aio_read 0x7fb5a9162330 completion 0x7fb5a9289bf0 [878080,512]
2013-03-14 18:10:28.241783 7fb5876fd700 20 librbd: ictx_check 0x7fb5a9162330
2013-03-14 18:10:28.241790 7fb5876fd700 20 librbd: oid rb.0.1e1280.238e1f29.000000000000 878080~512 from [0,512]
2013-03-14 18:10:28.241794 7fb5876fd700 20 librbd::AioRequest: send 0x7fb5a94b4fb0 rb.0.1e1280.238e1f29.000000000000 878080~512
2013-03-14 18:10:28.241809 7fb5876fd700 1 -- 172.16.156.135:0/1648258 --> 172.16.170.1:6800/1310 -- osd_op(client.2216705.0:613 rb.0.1e1280.238e1f29.000000000000 [sparse-read 878080~512] 2.dabde67b) v4 -- ?+0 0x7fb5a94b6190 con 0x7fb5a91668f0
2013-03-14 18:10:28.241824 7fb5876fd700 20 librbd::AioCompletion: AioCompletion::finish_adding_requests 0x7fb5a9289bf0 pending 1
2013-03-14 18:10:28.242784 7fb58ed64700 1 -- 172.16.156.135:0/1648258 <== osd.0 172.16.170.1:6800/1310 608 ==== osd_op_reply(613 rb.0.1e1280.238e1f29.000000000000 [sparse-read 878080~512] = 0) v4 ==== 132+0+536 (3303968590 0 709478271) 0x7fb5a94b67a0 con 0x7fb5a91668f0
2013-03-14 18:10:28.242817 7fb587fff700 20 librbd::AioRequest: should_complete 0x7fb5a94b4fb0 rb.0.1e1280.238e1f29.000000000000 878080~512 r = 0
2013-03-14 18:10:28.242824 7fb587fff700 10 librbd::AioCompletion: C_AioRead::finish() 0x7fb5a9427ba0 r = 0
2013-03-14 18:10:28.242826 7fb587fff700 10 librbd::AioCompletion: got {878080=512} for [0,512] bl 512
2013-03-14 18:10:28.242831 7fb587fff700 20 librbd::AioCompletion: AioCompletion::complete_request() 0x7fb5a9289bf0 complete_cb=0x7fb5a6fc7170 pending 1
2013-03-14 18:10:28.242836 7fb587fff700 20 librbd::AioCompletion: AioCompletion::finalize() 0x7fb5a9289bf0 rval 512 read_buf 0x7fb5a94b4a00 read_bl 0
2013-03-14 18:10:28.242840 7fb587fff700 20 librbd::AioCompletion: AioCompletion::finalize() copied resulting 512 bytes to 0x7fb5a94b4a00
2013-03-14 18:10:28.243010 7fb5876fd700 20 librbd: aio_read 0x7fb5a9162330 completion 0x7fb5a9289bf0 [878592,512]
2013-03-14 18:10:28.243018 7fb5876fd700 20 librbd: ictx_check 0x7fb5a9162330
2013-03-14 18:10:28.243025 7fb5876fd700 20 librbd: oid rb.0.1e1280.238e1f29.000000000000 878592~512 from [0,512]
2013-03-14 18:10:28.243030 7fb5876fd700 20 librbd::AioRequest: send 0x7fb5a94b6190 rb.0.1e1280.238e1f29.000000000000 878592~512
2013-03-14 18:10:28.243045 7fb5876fd700 1 -- 172.16.156.135:0/1648258 --> 172.16.170.1:6800/1310 -- osd_op(client.2216705.0:614 rb.0.1e1280.238e1f29.000000000000 [sparse-read 878592~512] 2.dabde67b) v4 -- ?+0 0x7fb5a94b7200 con 0x7fb5a91668f0
2013-03-14 18:10:28.243061 7fb5876fd700 20 librbd::AioCompletion: AioCompletion::finish_adding_requests 0x7fb5a9289bf0 pending 1
2013-03-14 18:10:28.244011 7fb58ed64700 1 -- 172.16.156.135:0/1648258 <== osd.0 172.16.170.1:6800/1310 609 ==== osd_op_reply(614 rb.0.1e1280.238e1f29.000000000000 [sparse-read 878592~512] = 0) v4 ==== 132+0+536 (83293515 0 361875460) 0x7fb5a94b7810 con 0x7fb5a91668f0
2013-03-14 18:10:28.244045 7fb587fff700 20 librbd::AioRequest: should_complete 0x7fb5a94b6190 rb.0.1e1280.238e1f29.000000000000 878592~512 r = 0
2013-03-14 18:10:28.244052 7fb587fff700 10 librbd::AioCompletion: C_AioRead::finish() 0x7fb5a92525a0 r = 0
2013-03-14 18:10:28.244055 7fb587fff700 10 librbd::AioCompletion: got {878592=512} for [0,512] bl 512
2013-03-14 18:10:28.244061 7fb587fff700 20 librbd::AioCompletion: AioCompletion::complete_request() 0x7fb5a9289bf0 complete_cb=0x7fb5a6fc7170 pending 1
2013-03-14 18:10:28.244064 7fb587fff700 20 librbd::AioCompletion: AioCompletion::finalize() 0x7fb5a9289bf0 rval 512 read_buf 0x7fb5a94b6c00 read_bl 0
2013-03-14 18:10:28.244069 7fb587fff700 20 librbd::AioCompletion: AioCompletion::finalize() copied resulting 512 bytes to 0x7fb5a94b6c00
2013-03-14 18:10:28.244187 7fb5876fd700 20 librbd: aio_read 0x7fb5a9162330 completion 0x7fb5a9289bf0 [879104,512]
2013-03-14 18:10:28.244195 7fb5876fd700 20 librbd: ictx_check 0x7fb5a9162330
2013-03-14 18:10:28.244202 7fb5876fd700 20 librbd: oid rb.0.1e1280.238e1f29.000000000000 879104~512 from [0,512]
2013-03-14 18:10:28.244206 7fb5876fd700 20 librbd::AioRequest: send 0x7fb5a94b72d0 rb.0.1e1280.238e1f29.000000000000 879104~512
2013-03-14 18:10:28.244221 7fb5876fd700 1 -- 172.16.156.135:0/1648258 --> 172.16.170.1:6800/1310 -- osd_op(client.2216705.0:615 rb.0.1e1280.238e1f29.000000000000 [sparse-read 879104~512] 2.dabde67b) v4 -- ?+0 0x7fb5a94ba210 con 0x7fb5a91668f0
2013-03-14 18:10:28.244235 7fb5876fd700 20 librbd::AioCompletion: AioCompletion::finish_adding_requests 0x7fb5a9289bf0 pending 1
2013-03-14 18:10:28.245221 7fb58ed64700 1 -- 172.16.156.135:0/1648258 <== osd.0 172.16.170.1:6800/1310 610 ==== osd_op_reply(615 rb.0.1e1280.238e1f29.000000000000 [sparse-read 879104~512] = 0) v4 ==== 132+0+536 (1158346679 0 2126562467) 0x7fb5a94ba820 con 0x7fb5a91668f0
2013-03-14 18:10:28.245257 7fb587fff700 20 librbd::AioRequest: should_complete 0x7fb5a94b72d0 rb.0.1e1280.238e1f29.000000000000 879104~512 r = 0
2013-03-14 18:10:28.245267 7fb587fff700 10 librbd::AioCompletion: C_AioRead::finish() 0x7fb5a93822b0 r = 0
2013-03-14 18:10:28.245270 7fb587fff700 10 librbd::AioCompletion: got {879104=512} for [0,512] bl 512
2013-03-14 18:10:28.245275 7fb587fff700 20 librbd::AioCompletion: AioCompletion::complete_request() 0x7fb5a9289bf0 complete_cb=0x7fb5a6fc7170 pending 1
2013-03-14 18:10:28.245279 7fb587fff700 20 librbd::AioCompletion: AioCompletion::finalize() 0x7fb5a9289bf0 rval 512 read_buf 0x7fb5a94b7c00 read_bl 0
2013-03-14 18:10:28.245284 7fb587fff700 20 librbd::AioCompletion: AioCompletion::finalize() copied resulting 512 bytes to 0x7fb5a94b7c00
2013-03-14 18:10:28.245508 7fb5876fd700 20 librbd: aio_read 0x7fb5a9162330 completion 0x7fb5a9289bf0 [879616,512]
2013-03-14 18:10:28.245516 7fb5876fd700 20 librbd: ictx_check 0x7fb5a9162330
2013-03-14 18:10:28.245523 7fb5876fd700 20 librbd: oid rb.0.1e1280.238e1f29.000000000000 879616~512 from [0,512]
2013-03-14 18:10:28.245527 7fb5876fd700 20 librbd::AioRequest: send 0x7fb5a94b7ee0 rb.0.1e1280.238e1f29.000000000000 879616~512
2013-03-14 18:10:28.245542 7fb5876fd700 1 -- 172.16.156.135:0/1648258 --> 172.16.170.1:6800/1310 -- osd_op(client.2216705.0:616 rb.0.1e1280.238e1f29.000000000000 [sparse-read 879616~512] 2.dabde67b) v4 -- ?+0 0x7fb5a94bea60 con 0x7fb5a91668f0
2013-03-14 18:10:28.245555 7fb5876fd700 20 librbd::AioCompletion: AioCompletion::finish_adding_requests 0x7fb5a9289bf0 pending 1
2013-03-14 18:10:28.246552 7fb58ed64700 1 -- 172.16.156.135:0/1648258 <== osd.0 172.16.170.1:6800/1310 611 ==== osd_op_reply(616 rb.0.1e1280.238e1f29.000000000000 [sparse-read 879616~512] = 0) v4 ==== 132+0+536 (2265903283 0 1454108963) 0x7fb5a94beff0 con 0x7fb5a91668f0
2013-03-14 18:10:28.246593 7fb587fff700 20 librbd::AioRequest: should_complete 0x7fb5a94b7ee0 rb.0.1e1280.238e1f29.000000000000 879616~512 r = 0
2013-03-14 18:10:28.246601 7fb587fff700 10 librbd::AioCompletion: C_AioRead::finish() 0x7fb5a9288020 r = 0
2013-03-14 18:10:28.246614 7fb587fff700 10 librbd::AioCompletion: got {879616=512} for [0,512] bl 512
2013-03-14 18:10:28.246623 7fb587fff700 20 librbd::AioCompletion: AioCompletion::complete_request() 0x7fb5a9289bf0 complete_cb=0x7fb5a6fc7170 pending 1
2013-03-14 18:10:28.246628 7fb587fff700 20 librbd::AioCompletion: AioCompletion::finalize() 0x7fb5a9289bf0 rval 512 read_buf 0x7fb5a94b7c00 read_bl 0
2013-03-14 18:10:28.246633 7fb587fff700 20 librbd::AioCompletion: AioCompletion::finalize() copied resulting 512 bytes to 0x7fb5a94b7c00
2013-03-14 18:10:28.246745 7fb5876fd700 20 librbd: aio_read 0x7fb5a9162330 completion 0x7fb5a9289bf0 [880128,512]
2013-03-14 18:10:28.246753 7fb5876fd700 20 librbd: ictx_check 0x7fb5a9162330
2013-03-14 18:10:28.246760 7fb5876fd700 20 librbd: oid rb.0.1e1280.238e1f29.000000000000 880128~512 from [0,512]
2013-03-14 18:10:28.246765 7fb5876fd700 20 librbd::AioRequest: send 0x7fb5a94be670 rb.0.1e1280.238e1f29.000000000000 880128~512
2013-03-14 18:10:28.246780 7fb5876fd700 1 -- 172.16.156.135:0/1648258 --> 172.16.170.1:6800/1310 -- osd_op(client.2216705.0:617 rb.0.1e1280.238e1f29.000000000000 [sparse-read 880128~512] 2.dabde67b) v4 -- ?+0 0x7fb5a94bfc00 con 0x7fb5a91668f0
2013-03-14 18:10:28.246793 7fb5876fd700 20 librbd::AioCompletion: AioCompletion::finish_adding_requests 0x7fb5a9289bf0 pending 1
2013-03-14 18:10:28.247751 7fb58ed64700 1 -- 172.16.156.135:0/1648258 <== osd.0 172.16.170.1:6800/1310 612 ==== osd_op_reply(617 rb.0.1e1280.238e1f29.000000000000 [sparse-read 880128~512] = 0) v4 ==== 132+0+536 (3337810511 0 2354883979) 0x7fb5a94ba8f0 con 0x7fb5a91668f0
2013-03-14 18:10:28.247789 7fb587fff700 20 librbd::AioRequest: should_complete 0x7fb5a94be670 rb.0.1e1280.238e1f29.000000000000 880128~512 r = 0
