2013-03-14 18:10:28.011082 7fb587fff700 20 librbd::AioRequest: should_complete 0x7fb5a93fecd0 rb.0.1e1280.238e1f29.000000000000 784384~512 r = 0
2013-03-14 18:10:28.011089 7fb587fff700 10 librbd::AioCompletion: C_AioRead::finish() 0x7fb5a93974f0 r = 0
2013-03-14 18:10:28.011091 7fb587fff700 10 librbd::AioCompletion: got {784384=512} for [0,512] bl 512
2013-03-14 18:10:28.011096 7fb587fff700 20 librbd::AioCompletion: AioCompletion::complete_request() 0x7fb5a9289bf0 complete_cb=0x7fb5a6fc7170 pending 1
2013-03-14 18:10:28.011098 7fb587fff700 20 librbd::AioCompletion: AioCompletion::finalize() 0x7fb5a9289bf0 rval 512 read_buf 0x7fb5a93ff600 read_bl 0
2013-03-14 18:10:28.011101 7fb587fff700 20 librbd::AioCompletion: AioCompletion::finalize() copied resulting 512 bytes to 0x7fb5a93ff600
2013-03-14 18:10:28.011275 7fb5876fd700 20 librbd: aio_read 0x7fb5a9162330 completion 0x7fb5a9289bf0 [784896,512]
2013-03-14 18:10:28.011282 7fb5876fd700 20 librbd: ictx_check 0x7fb5a9162330
2013-03-14 18:10:28.011289 7fb5876fd700 20 librbd: oid rb.0.1e1280.238e1f29.000000000000 784896~512 from [0,512]
2013-03-14 18:10:28.011293 7fb5876fd700 20 librbd::AioRequest: send 0x7fb5a93fe5e0 rb.0.1e1280.238e1f29.000000000000 784896~512
2013-03-14 18:10:28.011308 7fb5876fd700 1 -- 172.16.156.135:0/1648258 --> 172.16.170.1:6800/1310 -- osd_op(client.2216705.0:431 rb.0.1e1280.238e1f29.000000000000 [sparse-read 784896~512] 2.dabde67b) v4 -- ?+0 0x7fb5a93fb7e0 con 0x7fb5a91668f0
2013-03-14 18:10:28.011322 7fb5876fd700 20 librbd::AioCompletion: AioCompletion::finish_adding_requests 0x7fb5a9289bf0 pending 1
2013-03-14 18:10:28.012330 7fb58ed64700 1 -- 172.16.156.135:0/1648258 <== osd.0 172.16.170.1:6800/1310 426 ==== osd_op_reply(431 rb.0.1e1280.238e1f29.000000000000 [sparse-read 784896~512] = 0) v4 ==== 132+0+536 (3963120532 0 4266928533) 0x7fb5a9404050 con 0x7fb5a91668f0
2013-03-14 18:10:28.012368 7fb587fff700 20 librbd::AioRequest: should_complete 0x7fb5a93fe5e0 rb.0.1e1280.238e1f29.000000000000 784896~512 r = 0
2013-03-14 18:10:28.012377 7fb587fff700 10 librbd::AioCompletion: C_AioRead::finish() 0x7fb5a9337cf0 r = 0
2013-03-14 18:10:28.012379 7fb587fff700 10 librbd::AioCompletion: got {784896=512} for [0,512] bl 512
2013-03-14 18:10:28.012384 7fb587fff700 20 librbd::AioCompletion: AioCompletion::complete_request() 0x7fb5a9289bf0 complete_cb=0x7fb5a6fc7170 pending 1
2013-03-14 18:10:28.012392 7fb587fff700 20 librbd::AioCompletion: AioCompletion::finalize() 0x7fb5a9289bf0 rval 512 read_buf 0x7fb5a93fb400 read_bl 0
2013-03-14 18:10:28.012396 7fb587fff700 20 librbd::AioCompletion: AioCompletion::finalize() copied resulting 512 bytes to 0x7fb5a93fb400
2013-03-14 18:10:28.012543 7fb5876fd700 20 librbd: aio_read 0x7fb5a9162330 completion 0x7fb5a9289bf0 [785408,512]
2013-03-14 18:10:28.012551 7fb5876fd700 20 librbd: ictx_check 0x7fb5a9162330
2013-03-14 18:10:28.012558 7fb5876fd700 20 librbd: oid rb.0.1e1280.238e1f29.000000000000 785408~512 from [0,512]
2013-03-14 18:10:28.012562 7fb5876fd700 20 librbd::AioRequest: send 0x7fb5a93ffcd0 rb.0.1e1280.238e1f29.000000000000 785408~512
2013-03-14 18:10:28.012577 7fb5876fd700 1 -- 172.16.156.135:0/1648258 --> 172.16.170.1:6800/1310 -- osd_op(client.2216705.0:432 rb.0.1e1280.238e1f29.000000000000 [sparse-read 785408~512] 2.dabde67b) v4 -- ?+0 0x7fb5a93fc790 con 0x7fb5a91668f0
2013-03-14 18:10:28.012591 7fb5876fd700 20 librbd::AioCompletion: AioCompletion::finish_adding_requests 0x7fb5a9289bf0 pending 1
2013-03-14 18:10:28.013462 7fb58ed64700 1 -- 172.16.156.135:0/1648258 <== osd.0 172.16.170.1:6800/1310 427 ==== osd_op_reply(432 rb.0.1e1280.238e1f29.000000000000 [sparse-read 785408~512] = 0) v4 ==== 132+0+536 (775711888 0 2890511719) 0x7fb5a93fcda0 con 0x7fb5a91668f0
2013-03-14 18:10:28.013553 7fb587fff700 20 librbd::AioRequest: should_complete 0x7fb5a93ffcd0 rb.0.1e1280.238e1f29.000000000000 785408~512 r = 0
2013-03-14 18:10:28.013560 7fb587fff700 10 librbd::AioCompletion: C_AioRead::finish() 0x7fb5a934d970 r = 0
2013-03-14 18:10:28.013562 7fb587fff700 10 librbd::AioCompletion: got {785408=512} for [0,512] bl 512
2013-03-14 18:10:28.013567 7fb587fff700 20 librbd::AioCompletion: AioCompletion::complete_request() 0x7fb5a9289bf0 complete_cb=0x7fb5a6fc7170 pending 1
2013-03-14 18:10:28.013569 7fb587fff700 20 librbd::AioCompletion: AioCompletion::finalize() 0x7fb5a9289bf0 rval 512 read_buf 0x7fb5a93fc400 read_bl 0
2013-03-14 18:10:28.013573 7fb587fff700 20 librbd::AioCompletion: AioCompletion::finalize() copied resulting 512 bytes to 0x7fb5a93fc400
2013-03-14 18:10:28.013801 7fb5876fd700 20 librbd: aio_read 0x7fb5a9162330 completion 0x7fb5a9289bf0 [785920,512]
2013-03-14 18:10:28.013809 7fb5876fd700 20 librbd: ictx_check 0x7fb5a9162330
2013-03-14 18:10:28.013816 7fb5876fd700 20 librbd: oid rb.0.1e1280.238e1f29.000000000000 785920~512 from [0,512]
2013-03-14 18:10:28.013820 7fb5876fd700 20 librbd::AioRequest: send 0x7fb5a93fb3c0 rb.0.1e1280.238e1f29.000000000000 785920~512
2013-03-14 18:10:28.013835 7fb5876fd700 1 -- 172.16.156.135:0/1648258 --> 172.16.170.1:6800/1310 -- osd_op(client.2216705.0:433 rb.0.1e1280.238e1f29.000000000000 [sparse-read 785920~512] 2.dabde67b) v4 -- ?+0 0x7fb5a93fd830 con 0x7fb5a91668f0
2013-03-14 18:10:28.013850 7fb5876fd700 20 librbd::AioCompletion: AioCompletion::finish_adding_requests 0x7fb5a9289bf0 pending 1
2013-03-14 18:10:28.014778 7fb58ed64700 1 -- 172.16.156.135:0/1648258 <== osd.0 172.16.170.1:6800/1310 428 ==== osd_op_reply(433 rb.0.1e1280.238e1f29.000000000000 [sparse-read 785920~512] = 0) v4 ==== 132+0+536 (1874882156 0 3227126233) 0x7fb5a93fd830 con 0x7fb5a91668f0
2013-03-14 18:10:28.014816 7fb587fff700 20 librbd::AioRequest: should_complete 0x7fb5a93fb3c0 rb.0.1e1280.238e1f29.000000000000 785920~512 r = 0
2013-03-14 18:10:28.014824 7fb587fff700 10 librbd::AioCompletion: C_AioRead::finish() 0x7fb5a93bdcc0 r = 0
2013-03-14 18:10:28.014826 7fb587fff700 10 librbd::AioCompletion: got {785920=512} for [0,512] bl 512
2013-03-14 18:10:28.014830 7fb587fff700 20 librbd::AioCompletion: AioCompletion::complete_request() 0x7fb5a9289bf0 complete_cb=0x7fb5a6fc7170 pending 1
2013-03-14 18:10:28.014833 7fb587fff700 20 librbd::AioCompletion: AioCompletion::finalize() 0x7fb5a9289bf0 rval 512 read_buf 0x7fb5a93fd600 read_bl 0
2013-03-14 18:10:28.014836 7fb587fff700 20 librbd::AioCompletion: AioCompletion::finalize() copied resulting 512 bytes to 0x7fb5a93fd600
2013-03-14 18:10:28.014988 7fb5876fd700 20 librbd: aio_read 0x7fb5a9162330 completion 0x7fb5a9289bf0 [786432,512]
2013-03-14 18:10:28.014996 7fb5876fd700 20 librbd: ictx_check 0x7fb5a9162330
2013-03-14 18:10:28.015004 7fb5876fd700 20 librbd: oid rb.0.1e1280.238e1f29.000000000000 786432~512 from [0,512]
2013-03-14 18:10:28.015008 7fb5876fd700 20 librbd::AioRequest: send 0x7fb5a93fc460 rb.0.1e1280.238e1f29.000000000000 786432~512
2013-03-14 18:10:28.015023 7fb5876fd700 1 -- 172.16.156.135:0/1648258 --> 172.16.170.1:6800/1310 -- osd_op(client.2216705.0:434 rb.0.1e1280.238e1f29.000000000000 [sparse-read 786432~512] 2.dabde67b) v4 -- ?+0 0x7fb5a9404790 con 0x7fb5a91668f0
2013-03-14 18:10:28.015036 7fb5876fd700 20 librbd::AioCompletion: AioCompletion::finish_adding_requests 0x7fb5a9289bf0 pending 1
2013-03-14 18:10:28.015922 7fb58ed64700 1 -- 172.16.156.135:0/1648258 <== osd.0 172.16.170.1:6800/1310 429 ==== osd_op_reply(434 rb.0.1e1280.238e1f29.000000000000 [sparse-read 786432~512] = 0) v4 ==== 132+0+536 (1576481894 0 964226425) 0x7fb5a9404da0 con 0x7fb5a91668f0
2013-03-14 18:10:28.015997 7fb587fff700 20 librbd::AioRequest: should_complete 0x7fb5a93fc460 rb.0.1e1280.238e1f29.000000000000 786432~512 r = 0
2013-03-14 18:10:28.016006 7fb587fff700 10 librbd::AioCompletion: C_AioRead::finish() 0x7fb5a92f30f0 r = 0
2013-03-14 18:10:28.016008 7fb587fff700 10 librbd::AioCompletion: got {786432=512} for [0,512] bl 512
2013-03-14 18:10:28.016013 7fb587fff700 20 librbd::AioCompletion: AioCompletion::complete_request() 0x7fb5a9289bf0 complete_cb=0x7fb5a6fc7170 pending 1
2013-03-14 18:10:28.016015 7fb587fff700 20 librbd::AioCompletion: AioCompletion::finalize() 0x7fb5a9289bf0 rval 512 read_buf 0x7fb5a9404400 read_bl 0
2013-03-14 18:10:28.016019 7fb587fff700 20 librbd::AioCompletion: AioCompletion::finalize() copied resulting 512 bytes to 0x7fb5a9404400
2013-03-14 18:10:28.016175 7fb5876fd700 20 librbd: aio_read 0x7fb5a9162330 completion 0x7fb5a9289bf0 [786944,512]
2013-03-14 18:10:28.016184 7fb5876fd700 20 librbd: ictx_check 0x7fb5a9162330
2013-03-14 18:10:28.016191 7fb5876fd700 20 librbd: oid rb.0.1e1280.238e1f29.000000000000 786944~512 from [0,512]
2013-03-14 18:10:28.016195 7fb5876fd700 20 librbd::AioRequest: send 0x7fb5a93fd590 rb.0.1e1280.238e1f29.000000000000 786944~512
2013-03-14 18:10:28.016210 7fb5876fd700 1 -- 172.16.156.135:0/1648258 --> 172.16.170.1:6800/1310 -- osd_op(client.2216705.0:435 rb.0.1e1280.238e1f29.000000000000 [sparse-read 786944~512] 2.dabde67b) v4 -- ?+0 0x7fb5a9405830 con 0x7fb5a91668f0
2013-03-14 18:10:28.016224 7fb5876fd700 20 librbd::AioCompletion: AioCompletion::finish_adding_requests 0x7fb5a9289bf0 pending 1
2013-03-14 18:10:28.017116 7fb58ed64700 1 -- 172.16.156.135:0/1648258 <== osd.0 172.16.170.1:6800/1310 430 ==== osd_op_reply(435 rb.0.1e1280.238e1f29.000000000000 [sparse-read 786944~512] = 0) v4 ==== 132+0+536 (470496922 0 2539475071) 0x7fb5a9400090 con 0x7fb5a91668f0
2013-03-14 18:10:28.017187 7fb587fff700 20 librbd::AioRequest: should_complete 0x7fb5a93fd590 rb.0.1e1280.238e1f29.000000000000 786944~512 r = 0
2013-03-14 18:10:28.017195 7fb587fff700 10 librbd::AioCompletion: C_AioRead::finish() 0x7fb5a93d9de0 r = 0
2013-03-14 18:10:28.017197 7fb587fff700 10 librbd::AioCompletion: got {786944=512} for [0,512] bl 512
2013-03-14 18:10:28.017201 7fb587fff700 20 librbd::AioCompletion: AioCompletion::complete_request() 0x7fb5a9289bf0 complete_cb=0x7fb5a6fc7170 pending 1
2013-03-14 18:10:28.017204 7fb587fff700 20 librbd::AioCompletion: AioCompletion::finalize() 0x7fb5a9289bf0 rval 512 read_buf 0x7fb5a9405600 read_bl 0
2013-03-14 18:10:28.017207 7fb587fff700 20 librbd::AioCompletion: AioCompletion::finalize() copied resulting 512 bytes to 0x7fb5a9405600
2013-03-14 18:10:28.017528 7fb5876fd700 20 librbd: aio_read 0x7fb5a9162330 completion 0x7fb5a9289bf0 [787456,512]
2013-03-14 18:10:28.017537 7fb5876fd700 20 librbd: ictx_check 0x7fb5a9162330
2013-03-14 18:10:28.017544 7fb5876fd700 20 librbd: oid rb.0.1e1280.238e1f29.000000000000 787456~512 from [0,512]
2013-03-14 18:10:28.017548 7fb5876fd700 20 librbd::AioRequest: send 0x7fb5a9404460 rb.0.1e1280.238e1f29.000000000000 787456~512
2013-03-14 18:10:28.017563 7fb5876fd700 1 -- 172.16.156.135:0/1648258 --> 172.16.170.1:6800/1310 -- osd_op(client.2216705.0:436 rb.0.1e1280.238e1f29.000000000000 [sparse-read 787456~512] 2.dabde67b) v4 -- ?+0 0x7fb5a9400870 con 0x7fb5a91668f0
2013-03-14 18:10:28.017576 7fb5876fd700 20 librbd::AioCompletion: AioCompletion::finish_adding_requests 0x7fb5a9289bf0 pending 1
2013-03-14 18:10:28.018517 7fb58ed64700 1 -- 172.16.156.135:0/1648258 <== osd.0 172.16.170.1:6800/1310 431 ==== osd_op_reply(436 rb.0.1e1280.238e1f29.000000000000 [sparse-read 787456~512] = 0) v4 ==== 132+0+536 (3725537694 0 1488645228) 0x7fb5a9400e80 con 0x7fb5a91668f0
2013-03-14 18:10:28.018603 7fb587fff700 20 librbd::AioRequest: should_complete 0x7fb5a9404460 rb.0.1e1280.238e1f29.000000000000 787456~512 r = 0
2013-03-14 18:10:28.018614 7fb587fff700 10 librbd::AioCompletion: C_AioRead::finish() 0x7fb5a92ebd10 r = 0
2013-03-14 18:10:28.018616 7fb587fff700 10 librbd::AioCompletion: got {787456=512} for [0,512] bl 512
2013-03-14 18:10:28.018621 7fb587fff700 20 librbd::AioCompletion: AioCompletion::complete_request() 0x7fb5a9289bf0 complete_cb=0x7fb5a6fc7170 pending 1
2013-03-14 18:10:28.018623 7fb587fff700 20 librbd::AioCompletion: AioCompletion::finalize() 0x7fb5a9289bf0 rval 512 read_buf 0x7fb5a9405600 read_bl 0
2013-03-14 18:10:28.018627 7fb587fff700 20 librbd::AioCompletion: AioCompletion::finalize() copied resulting 512 bytes to 0x7fb5a9405600
2013-03-14 18:10:28.018784 7fb5876fd700 20 librbd: aio_read 0x7fb5a9162330 completion 0x7fb5a9289bf0 [787968,512]
2013-03-14 18:10:28.018792 7fb5876fd700 20 librbd: ictx_check 0x7fb5a9162330
2013-03-14 18:10:28.018799 7fb5876fd700 20 librbd: oid rb.0.1e1280.238e1f29.000000000000 787968~512 from [0,512]
2013-03-14 18:10:28.018804 7fb5876fd700 20 librbd::AioRequest: send 0x7fb5a9400870 rb.0.1e1280.238e1f29.000000000000 787968~512
2013-03-14 18:10:28.018818 7fb5876fd700 1 -- 172.16.156.135:0/1648258 --> 172.16.170.1:6800/1310 -- osd_op(client.2216705.0:437 rb.0.1e1280.238e1f29.000000000000 [sparse-read 787968~512] 2.dabde67b) v4 -- ?+0 0x7fb5a9401770 con 0x7fb5a91668f0
2013-03-14 18:10:28.018834 7fb5876fd700 20 librbd::AioCompletion: AioCompletion::finish_adding_requests 0x7fb5a9289bf0 pending 1
2013-03-14 18:10:28.019916 7fb58ed64700 1 -- 172.16.156.135:0/1648258 <== osd.0 172.16.170.1:6800/1310 432 ==== osd_op_reply(437 rb.0.1e1280.238e1f29.000000000000 [sparse-read 787968~512] = 0) v4 ==== 132+0+536 (2683515746 0 1679008857) 0x7fb5a940a050 con 0x7fb5a91668f0
2013-03-14 18:10:28.019970 7fb587fff700 20 librbd::AioRequest: should_complete 0x7fb5a9400870 rb.0.1e1280.238e1f29.000000000000 787968~512 r = 0
2013-03-14 18:10:28.019978 7fb587fff700 10 librbd::AioCompletion: C_AioRead::finish() 0x7fb5a93bb770 r = 0
2013-03-14 18:10:28.019980 7fb587fff700 10 librbd::AioCompletion: got {787968=512} for [0,512] bl 512
2013-03-14 18:10:28.019984 7fb587fff700 20 librbd::AioCompletion: AioCompletion::complete_request() 0x7fb5a9289bf0 complete_cb=0x7fb5a6fc7170 pending 1
2013-03-14 18:10:28.019986 7fb587fff700 20 librbd::AioCompletion: AioCompletion::finalize() 0x7fb5a9289bf0 rval 512 read_buf 0x7fb5a9405600 read_bl 0
2013-03-14 18:10:28.019989 7fb587fff700 20 librbd::AioCompletion: AioCompletion::finalize() copied resulting 512 bytes to 0x7fb5a9405600
2013-03-14 18:10:28.020145 7fb5876fd700 20 librbd: aio_read 0x7fb5a9162330 completion 0x7fb5a9289bf0 [788480,512]
2013-03-14 18:10:28.020153 7fb5876fd700 20 librbd: ictx_check 0x7fb5a9162330
2013-03-14 18:10:28.020160 7fb5876fd700 20 librbd: oid rb.0.1e1280.238e1f29.000000000000 788480~512 from [0,512]
2013-03-14 18:10:28.020164 7fb5876fd700 20 librbd::AioRequest: send 0x7fb5a94058e0 rb.0.1e1280.238e1f29.000000000000 788480~512
2013-03-14 18:10:28.020179 7fb5876fd700 1 -- 172.16.156.135:0/1648258 --> 172.16.170.1:6800/1310 -- osd_op(client.2216705.0:438 rb.0.1e1280.238e1f29.000000000000 [sparse-read 788480~512] 2.dabde67b) v4 -- ?+0 0x7fb5a9402790 con 0x7fb5a91668f0
2013-03-14 18:10:28.020192 7fb5876fd700 20 librbd::AioCompletion: AioCompletion::finish_adding_requests 0x7fb5a9289bf0 pending 1
2013-03-14 18:10:28.021298 7fb58ed64700 1 -- 172.16.156.135:0/1648258 <== osd.0 172.16.170.1:6800/1310 433 ==== osd_op_reply(438 rb.0.1e1280.238e1f29.000000000000 [sparse-read 788480~512] = 0) v4 ==== 132+0+536 (1609255271 0 1232862879) 0x7fb5a9402da0 con 0x7fb5a91668f0
2013-03-14 18:10:28.021378 7fb587fff700 20 librbd::AioRequest: should_complete 0x7fb5a94058e0 rb.0.1e1280.238e1f29.000000000000 788480~512 r = 0
2013-03-14 18:10:28.021399 7fb587fff700 10 librbd::AioCompletion: C_AioRead::finish() 0x7fb5a9295c80 r = 0
2013-03-14 18:10:28.021402 7fb587fff700 10 librbd::AioCompletion: got {788480=512} for [0,512] bl 512
2013-03-14 18:10:28.021408 7fb587fff700 20 librbd::AioCompletion: AioCompletion::complete_request() 0x7fb5a9289bf0 complete_cb=0x7fb5a6fc7170 pending 1
2013-03-14 18:10:28.021411 7fb587fff700 20 librbd::AioCompletion: AioCompletion::finalize() 0x7fb5a9289bf0 rval 512 read_buf 0x7fb5a9405600 read_bl 0
2013-03-14 18:10:28.021415 7fb587fff700 20 librbd::AioCompletion: AioCompletion::finalize() copied resulting 512 bytes to 0x7fb5a9405600
2013-03-14 18:10:28.021566 7fb5876fd700 20 librbd: aio_read 0x7fb5a9162330 completion 0x7fb5a9289bf0 [788992,512]
2013-03-14 18:10:28.021574 7fb5876fd700 20 librbd: ictx_check 0x7fb5a9162330
2013-03-14 18:10:28.021581 7fb5876fd700 20 librbd: oid rb.0.1e1280.238e1f29.000000000000 788992~512 from [0,512]
2013-03-14 18:10:28.021585 7fb5876fd700 20 librbd::AioRequest: send 0x7fb5a94023a0 rb.0.1e1280.238e1f29.000000000000 788992~512
2013-03-14 18:10:28.021600 7fb5876fd700 1 -- 172.16.156.135:0/1648258 --> 172.16.170.1:6800/1310 -- osd_op(client.2216705.0:439 rb.0.1e1280.238e1f29.000000000000 [sparse-read 788992~512] 2.dabde67b) v4 -- ?+0 0x7fb5a9403880 con 0x7fb5a91668f0
2013-03-14 18:10:28.021613 7fb5876fd700 20 librbd::AioCompletion: AioCompletion::finish_adding_requests 0x7fb5a9289bf0 pending 1
2013-03-14 18:10:28.022556 7fb58ed64700 1 -- 172.16.156.135:0/1648258 <== osd.0 172.16.170.1:6800/1310 434 ==== osd_op_reply(439 rb.0.1e1280.238e1f29.000000000000 [sparse-read 788992~512] = 0) v4 ==== 132+0+536 (504843163 0 1250162294) 0x7fb5a9406090 con 0x7fb5a91668f0
2013-03-14 18:10:28.022703 7fb587fff700 20 librbd::AioRequest: should_complete 0x7fb5a94023a0 rb.0.1e1280.238e1f29.000000000000 788992~512 r = 0
2013-03-14 18:10:28.022710 7fb587fff700 10 librbd::AioCompletion: C_AioRead::finish() 0x7fb5a92bab80 r = 0
2013-03-14 18:10:28.022712 7fb587fff700 10 librbd::AioCompletion: got {788992=512} for [0,512] bl 512
2013-03-14 18:10:28.022716 7fb587fff700 20 librbd::AioCompletion: AioCompletion::complete_request() 0x7fb5a9289bf0 complete_cb=0x7fb5a6fc7170 pending 1
2013-03-14 18:10:28.022718 7fb587fff700 20 librbd::AioCompletion: AioCompletion::finalize() 0x7fb5a9289bf0 rval 512 read_buf 0x7fb5a9403400 read_bl 0
2013-03-14 18:10:28.022722 7fb587fff700 20 librbd::AioCompletion: AioCompletion::finalize() copied resulting 512 bytes to 0x7fb5a9403400
2013-03-14 18:10:28.022862 7fb5876fd700 20 librbd: aio_read 0x7fb5a9162330 completion 0x7fb5a9289bf0 [789504,512]
2013-03-14 18:10:28.022870 7fb5876fd700 20 librbd: ictx_check 0x7fb5a9162330
2013-03-14 18:10:28.022877 7fb5876fd700 20 librbd: oid rb.0.1e1280.238e1f29.000000000000 789504~512 from [0,512]
2013-03-14 18:10:28.022881 7fb5876fd700 20 librbd::AioRequest: send 0x7fb5a9405660 rb.0.1e1280.238e1f29.000000000000 789504~512
2013-03-14 18:10:28.022896 7fb5876fd700 1 -- 172.16.156.135:0/1648258 --> 172.16.170.1:6800/1310 -- osd_op(client.2216705.0:440 rb.0.1e1280.238e1f29.000000000000 [sparse-read 789504~512] 2.dabde67b) v4 -- ?+0 0x7fb5a940aa00 con 0x7fb5a91668f0
2013-03-14 18:10:28.022910 7fb5876fd700 20 librbd::AioCompletion: AioCompletion::finish_adding_requests 0x7fb5a9289bf0 pending 1
2013-03-14 18:10:28.023837 7fb58ed64700 1 -- 172.16.156.135:0/1648258 <== osd.0 172.16.170.1:6800/1310 435 ==== osd_op_reply(440 rb.0.1e1280.238e1f29.000000000000 [sparse-read 789504~512] = 0) v4 ==== 132+0+536 (3692252319 0 471771904) 0x7fb5a940b010 con 0x7fb5a91668f0
2013-03-14 18:10:28.023911 7fb587fff700 20 librbd::AioRequest: should_complete 0x7fb5a9405660 rb.0.1e1280.238e1f29.000000000000 789504~512 r = 0
2013-03-14 18:10:28.023922 7fb587fff700 10 librbd::AioCompletion: C_AioRead::finish() 0x7fb5a93df550 r = 0
2013-03-14 18:10:28.023924 7fb587fff700 10 librbd::AioCompletion: got {789504=512} for [0,512] bl 512
2013-03-14 18:10:28.023930 7fb587fff700 20 librbd::AioCompletion: AioCompletion::complete_request() 0x7fb5a9289bf0 complete_cb=0x7fb5a6fc7170 pending 1
2013-03-14 18:10:28.023934 7fb587fff700 20 librbd::AioCompletion: AioCompletion::finalize() 0x7fb5a9289bf0 rval 512 read_buf 0x7fb5a940a400 read_bl 0
2013-03-14 18:10:28.023937 7fb587fff700 20 librbd::AioCompletion: AioCompletion::finalize() copied resulting 512 bytes to 0x7fb5a940a400
2013-03-14 18:10:28.024057 7fb5876fd700 20 librbd: aio_read 0x7fb5a9162330 completion 0x7fb5a9289bf0 [790016,512]
2013-03-14 18:10:28.024062 7fb5876fd700 20 librbd: ictx_check 0x7fb5a9162330
2013-03-14 18:10:28.024069 7fb5876fd700 20 librbd: oid rb.0.1e1280.238e1f29.000000000000 790016~512 from [0,512]
2013-03-14 18:10:28.024073 7fb5876fd700 20 librbd::AioRequest: send 0x7fb5a9403950 rb.0.1e1280.238e1f29.000000000000 790016~512
2013-03-14 18:10:28.024088 7fb5876fd700 1 -- 172.16.156.135:0/1648258 --> 172.16.170.1:6800/1310 -- osd_op(client.2216705.0:441 rb.0.1e1280.238e1f29.000000000000 [sparse-read 790016~512] 2.dabde67b) v4 -- ?+0 0x7fb5a940b790 con 0x7fb5a91668f0
2013-03-14 18:10:28.024102 7fb5876fd700 20 librbd::AioCompletion: AioCompletion::finish_adding_requests 0x7fb5a9289bf0 pending 1
2013-03-14 18:10:28.025113 7fb58ed64700 1 -- 172.16.156.135:0/1648258 <== osd.0 172.16.170.1:6800/1310 436 ==== osd_op_reply(441 rb.0.1e1280.238e1f29.000000000000 [sparse-read 790016~512] = 0) v4 ==== 132+0+536 (2649706083 0 492558041) 0x7fb5a940b790 con 0x7fb5a91668f0
2013-03-14 18:10:28.025194 7fb587fff700 20 librbd::AioRequest: should_complete 0x7fb5a9403950 rb.0.1e1280.238e1f29.000000000000 790016~512 r = 0
2013-03-14 18:10:28.025206 7fb587fff700 10 librbd::AioCompletion: C_AioRead::finish() 0x7fb5a931a740 r = 0
2013-03-14 18:10:28.025210 7fb587fff700 10 librbd::AioCompletion: got {790016=512} for [0,512] bl 512
2013-03-14 18:10:28.025215 7fb587fff700 20 librbd::AioCompletion: AioCompletion::complete_request() 0x7fb5a9289bf0 complete_cb=0x7fb5a6fc7170 pending 1
2013-03-14 18:10:28.025218 7fb587fff700 20 librbd::AioCompletion: AioCompletion::finalize() 0x7fb5a9289bf0 rval 512 read_buf 0x7fb5a940b400 read_bl 0
2013-03-14 18:10:28.025222 7fb587fff700 20 librbd::AioCompletion: AioCompletion::finalize() copied resulting 512 bytes to 0x7fb5a940b400
2013-03-14 18:10:28.025345 7fb5876fd700 20 librbd: aio_read 0x7fb5a9162330 completion 0x7fb5a9289bf0 [790528,512]
2013-03-14 18:10:28.025353 7fb5876fd700 20 librbd: ictx_check 0x7fb5a9162330
2013-03-14 18:10:28.025360 7fb5876fd700 20 librbd: oid rb.0.1e1280.238e1f29.000000000000 790528~512 from [0,512]
2013-03-14 18:10:28.025364 7fb5876fd700 20 librbd::AioRequest: send 0x7fb5a940b400 rb.0.1e1280.238e1f29.000000000000 790528~512
2013-03-14 18:10:28.025379 7fb5876fd700 1 -- 172.16.156.135:0/1648258 --> 172.16.170.1:6800/1310 -- osd_op(client.2216705.0:442 rb.0.1e1280.238e1f29.000000000000 [sparse-read 790528~512] 2.dabde67b) v4 -- ?+0 0x7fb5a9406a00 con 0x7fb5a91668f0
2013-03-14 18:10:28.025392 7fb5876fd700 20 librbd::AioCompletion: AioCompletion::finish_adding_requests 0x7fb5a9289bf0 pending 1
2013-03-14 18:10:28.026413 7fb58ed64700 1 -- 172.16.156.135:0/1648258 <== osd.0 172.16.170.1:6800/1310 437 ==== osd_op_reply(442 rb.0.1e1280.238e1f29.000000000000 [sparse-read 790528~512] = 0) v4 ==== 132+0+536 (1506791012 0 3312800327) 0x7fb5a9406f90 con 0x7fb5a91668f0
2013-03-14 18:10:28.026495 7fb587fff700 20 librbd::AioRequest: should_complete 0x7fb5a940b400 rb.0.1e1280.238e1f29.000000000000 790528~512 r = 0
2013-03-14 18:10:28.026506 7fb587fff700 10 librbd::AioCompletion: C_AioRead::finish() 0x7fb5a931bc80 r = 0
2013-03-14 18:10:28.026508 7fb587fff700 10 librbd::AioCompletion: got {790528=512} for [0,512] bl 512
2013-03-14 18:10:28.026513 7fb587fff700 20 librbd::AioCompletion: AioCompletion::complete_request() 0x7fb5a9289bf0 complete_cb=0x7fb5a6fc7170 pending 1
2013-03-14 18:10:28.026517 7fb587fff700 20 librbd::AioCompletion: AioCompletion::finalize() 0x7fb5a9289bf0 rval 512 read_buf 0x7fb5a9406400 read_bl 0
2013-03-14 18:10:28.026521 7fb587fff700 20 librbd::AioCompletion: AioCompletion::finalize() copied resulting 512 bytes to 0x7fb5a9406400
2013-03-14 18:10:28.026714 7fb5876fd700 20 librbd: aio_read 0x7fb5a9162330 completion 0x7fb5a9289bf0 [791040,512]
2013-03-14 18:10:28.026722 7fb5876fd700 20 librbd: ictx_check 0x7fb5a9162330
2013-03-14 18:10:28.026729 7fb5876fd700 20 librbd: oid rb.0.1e1280.238e1f29.000000000000 791040~512 from [0,512]
2013-03-14 18:10:28.026733 7fb5876fd700 20 librbd::AioRequest: send 0x7fb5a9406ad0 rb.0.1e1280.238e1f29.000000000000 791040~512
2013-03-14 18:10:28.026748 7fb5876fd700 1 -- 172.16.156.135:0/1648258 --> 172.16.170.1:6800/1310 -- osd_op(client.2216705.0:443 rb.0.1e1280.238e1f29.000000000000 [sparse-read 791040~512] 2.dabde67b) v4 -- ?+0 0x7fb5a9407a00 con 0x7fb5a91668f0
2013-03-14 18:10:28.026761 7fb5876fd700 20 librbd::AioCompletion: AioCompletion::finish_adding_requests 0x7fb5a9289bf0 pending 1
2013-03-14 18:10:28.027790 7fb58ed64700 1 -- 172.16.156.135:0/1648258 <== osd.0 172.16.170.1:6800/1310 438 ==== osd_op_reply(443 rb.0.1e1280.238e1f29.000000000000 [sparse-read 791040~512] = 0) v4 ==== 132+0+536 (406047896 0 4277934607) 0x7fb5a9410050 con 0x7fb5a91668f0
2013-03-14 18:10:28.027855 7fb587fff700 20 librbd::AioRequest: should_complete 0x7fb5a9406ad0 rb.0.1e1280.238e1f29.000000000000 791040~512 r = 0
2013-03-14 18:10:28.027867 7fb587fff700 10 librbd::AioCompletion: C_AioRead::finish() 0x7fb5a92b4bf0 r = 0
2013-03-14 18:10:28.027869 7fb587fff700 10 librbd::AioCompletion: got {791040=512} for [0,512] bl 512
2013-03-14 18:10:28.027874 7fb587fff700 20 librbd::AioCompletion: AioCompletion::complete_request() 0x7fb5a9289bf0 complete_cb=0x7fb5a6fc7170 pending 1
2013-03-14 18:10:28.027878 7fb587fff700 20 librbd::AioCompletion: AioCompletion::finalize() 0x7fb5a9289bf0 rval 512 read_buf 0x7fb5a9407400 read_bl 0
2013-03-14 18:10:28.027881 7fb587fff700 20 librbd::AioCompletion: AioCompletion::finalize() copied resulting 512 bytes to 0x7fb5a9407400
2013-03-14 18:10:28.027991 7fb5876fd700 20 librbd: aio_read 0x7fb5a9162330 completion 0x7fb5a9289bf0 [791552,512]
2013-03-14 18:10:28.028000 7fb5876fd700 20 librbd: ictx_check 0x7fb5a9162330
2013-03-14 18:10:28.028007 7fb5876fd700 20 librbd: oid rb.0.1e1280.238e1f29.000000000000 791552~512 from [0,512]
2013-03-14 18:10:28.028011 7fb5876fd700 20 librbd::AioRequest: send 0x7fb5a94079b0 rb.0.1e1280.238e1f29.000000000000 791552~512
2013-03-14 18:10:28.028027 7fb5876fd700 1 -- 172.16.156.135:0/1648258 --> 172.16.170.1:6800/1310 -- osd_op(client.2216705.0:444 rb.0.1e1280.238e1f29.000000000000 [sparse-read 791552~512] 2.dabde67b) v4 -- ?+0 0x7fb5a9408c00 con 0x7fb5a91668f0
2013-03-14 18:10:28.028040 7fb5876fd700 20 librbd::AioCompletion: AioCompletion::finish_adding_requests 0x7fb5a9289bf0 pending 1
2013-03-14 18:10:28.028938 7fb58ed64700 1 -- 172.16.156.135:0/1648258 <== osd.0 172.16.170.1:6800/1310 439 ==== osd_op_reply(444 rb.0.1e1280.238e1f29.000000000000 [sparse-read 791552~512] = 0) v4 ==== 132+0+536 (3661089692 0 1366991252) 0x7fb5a9409210 con 0x7fb5a91668f0
2013-03-14 18:10:28.029052 7fb587fff700 20 librbd::AioRequest: should_complete 0x7fb5a94079b0 rb.0.1e1280.238e1f29.000000000000 791552~512 r = 0
2013-03-14 18:10:28.029064 7fb587fff700 10 librbd::AioCompletion: C_AioRead::finish() 0x7fb5a92db0f0 r = 0
2013-03-14 18:10:28.029067 7fb587fff700 10 librbd::AioCompletion: got {791552=512} for [0,512] bl 512
2013-03-14 18:10:28.029072 7fb587fff700 20 librbd::AioCompletion: AioCompletion::complete_request() 0x7fb5a9289bf0 complete_cb=0x7fb5a6fc7170 pending 1
2013-03-14 18:10:28.029075 7fb587fff700 20 librbd::AioCompletion: AioCompletion::finalize() 0x7fb5a9289bf0 rval 512 read_buf 0x7fb5a9408600 read_bl 0
2013-03-14 18:10:28.029079 7fb587fff700 20 librbd::AioCompletion: AioCompletion::finalize() copied resulting 512 bytes to 0x7fb5a9408600
2013-03-14 18:10:28.029193 7fb5876fd700 20 librbd: aio_read 0x7fb5a9162330 completion 0x7fb5a9289bf0 [792064,512]
2013-03-14 18:10:28.029201 7fb5876fd700 20 librbd: ictx_check 0x7fb5a9162330
2013-03-14 18:10:28.029208 7fb5876fd700 20 librbd: oid rb.0.1e1280.238e1f29.000000000000 792064~512 from [0,512]
2013-03-14 18:10:28.029212 7fb5876fd700 20 librbd::AioRequest: send 0x7fb5a9408c00 rb.0.1e1280.238e1f29.000000000000 792064~512
2013-03-14 18:10:28.029227 7fb5876fd700 1 -- 172.16.156.135:0/1648258 --> 172.16.170.1:6800/1310 -- osd_op(client.2216705.0:445 rb.0.1e1280.238e1f29.000000000000 [sparse-read 792064~512] 2.dabde67b) v4 -- ?+0 0x7fb5a9409990 con 0x7fb5a91668f0
2013-03-14 18:10:28.029242 7fb5876fd700 20 librbd::AioCompletion: AioCompletion::finish_adding_requests 0x7fb5a9289bf0 pending 1
2013-03-14 18:10:28.030191 7fb58ed64700 1 -- 172.16.156.135:0/1648258 <== osd.0 172.16.170.1:6800/1310 440 ==== osd_op_reply(445 rb.0.1e1280.238e1f29.000000000000 [sparse-read 792064~512] = 0) v4 ==== 132+0+536 (2613823840 0 2428878046) 0x7fb5a940c090 con 0x7fb5a91668f0
2013-03-14 18:10:28.030229 7fb587fff700 20 librbd::AioRequest: should_complete 0x7fb5a9408c00 rb.0.1e1280.238e1f29.000000000000 792064~512 r = 0
2013-03-14 18:10:28.030238 7fb587fff700 10 librbd::AioCompletion: C_AioRead::finish() 0x7fb5a933b8d0 r = 0
2013-03-14 18:10:28.030239 7fb587fff700 10 librbd::AioCompletion: got {792064=512} for [0,512] bl 512
2013-03-14 18:10:28.030244 7fb587fff700 20 librbd::AioCompletion: AioCompletion::complete_request() 0x7fb5a9289bf0 complete_cb=0x7fb5a6fc7170 pending 1
2013-03-14 18:10:28.030248 7fb587fff700 20 librbd::AioCompletion: AioCompletion::finalize() 0x7fb5a9289bf0 rval 512 read_buf 0x7fb5a9409600 read_bl 0
2013-03-14 18:10:28.030251 7fb587fff700 20 librbd::AioCompletion: AioCompletion::finalize() copied resulting 512 bytes to 0x7fb5a9409600
2013-03-14 18:10:28.030433 7fb5876fd700 20 librbd: aio_read 0x7fb5a9162330 completion 0x7fb5a9289bf0 [792576,512]
2013-03-14 18:10:28.030441 7fb5876fd700 20 librbd: ictx_check 0x7fb5a9162330
2013-03-14 18:10:28.030449 7fb5876fd700 20 librbd: oid rb.0.1e1280.238e1f29.000000000000 792576~512 from [0,512]
2013-03-14 18:10:28.030453 7fb5876fd700 20 librbd::AioRequest: send 0x7fb5a9409600 rb.0.1e1280.238e1f29.000000000000 792576~512
2013-03-14 18:10:28.030468 7fb5876fd700 1 -- 172.16.156.135:0/1648258 --> 172.16.170.1:6800/1310 -- osd_op(client.2216705.0:446 rb.0.1e1280.238e1f29.000000000000 [sparse-read 792576~512] 2.dabde67b) v4 -- ?+0 0x7fb5a9410c00 con 0x7fb5a91668f0
2013-03-14 18:10:28.030481 7fb5876fd700 20 librbd::AioCompletion: AioCompletion::finish_adding_requests 0x7fb5a9289bf0 pending 1
2013-03-14 18:10:28.031416 7fb58ed64700 1 -- 172.16.156.135:0/1648258 <== osd.0 172.16.170.1:6800/1310 441 ==== osd_op_reply(446 rb.0.1e1280.238e1f29.000000000000 [sparse-read 792576~512] = 0) v4 ==== 132+0+536 (1540600677 0 2876093174) 0x7fb5a9411140 con 0x7fb5a91668f0
2013-03-14 18:10:28.031459 7fb587fff700 20 librbd::AioRequest: should_complete 0x7fb5a9409600 rb.0.1e1280.238e1f29.000000000000 792576~512 r = 0
2013-03-14 18:10:28.031467 7fb587fff700 10 librbd::AioCompletion: C_AioRead::finish() 0x7fb5a936d550 r = 0
2013-03-14 18:10:28.031468 7fb587fff700 10 librbd::AioCompletion: got {792576=512} for [0,512] bl 512
2013-03-14 18:10:28.031474 7fb587fff700 20 librbd::AioCompletion: AioCompletion::complete_request() 0x7fb5a9289bf0 complete_cb=0x7fb5a6fc7170 pending 1
2013-03-14 18:10:28.031476 7fb587fff700 20 librbd::AioCompletion: AioCompletion::finalize() 0x7fb5a9289bf0 rval 512 read_buf 0x7fb5a9410600 read_bl 0
2013-03-14 18:10:28.031479 7fb587fff700 20 librbd::AioCompletion: AioCompletion::finalize() copied resulting 512 bytes to 0x7fb5a9410600
2013-03-14 18:10:28.031635 7fb5876fd700 20 librbd: aio_read 0x7fb5a9162330 completion 0x7fb5a9289bf0 [793088,512]
2013-03-14 18:10:28.031643 7fb5876fd700 20 librbd: ictx_check 0x7fb5a9162330
2013-03-14 18:10:28.031650 7fb5876fd700 20 librbd: oid rb.0.1e1280.238e1f29.000000000000 793088~512 from [0,512]
2013-03-14 18:10:28.031654 7fb5876fd700 20 librbd::AioRequest: send 0x7fb5a9410c00 rb.0.1e1280.238e1f29.000000000000 793088~512
2013-03-14 18:10:28.031669 7fb5876fd700 1 -- 172.16.156.135:0/1648258 --> 172.16.170.1:6800/1310 -- osd_op(client.2216705.0:447 rb.0.1e1280.238e1f29.000000000000 [sparse-read 793088~512] 2.dabde67b) v4 -- ?+0 0x7fb5a9411c00 con 0x7fb5a91668f0
2013-03-14 18:10:28.031683 7fb5876fd700 20 librbd::AioCompletion: AioCompletion::finish_adding_requests 0x7fb5a9289bf0 pending 1
2013-03-14 18:10:28.032569 7fb58ed64700 1 -- 172.16.156.135:0/1648258 <== osd.0 172.16.170.1:6800/1310 442 ==== osd_op_reply(447 rb.0.1e1280.238e1f29.000000000000 [sparse-read 793088~512] = 0) v4 ==== 132+0+536 (439333273 0 1884414179) 0x7fb5a940c090 con 0x7fb5a91668f0
2013-03-14 18:10:28.032662 7fb587fff700 20 librbd::AioRequest: should_complete 0x7fb5a9410c00 rb.0.1e1280.238e1f29.000000000000 793088~512 r = 0
2013-03-14 18:10:28.032673 7fb587fff700 10 librbd::AioCompletion: C_AioRead::finish() 0x7fb5a93a6af0 r = 0
2013-03-14 18:10:28.032675 7fb587fff700 10 librbd::AioCompletion: got {793088=512} for [0,512] bl 512
2013-03-14 18:10:28.032681 7fb587fff700 20 librbd::AioCompletion: AioCompletion::complete_request() 0x7fb5a9289bf0 complete_cb=0x7fb5a6fc7170 pending 1
2013-03-14 18:10:28.032684 7fb587fff700 20 librbd::AioCompletion: AioCompletion::finalize() 0x7fb5a9289bf0 rval 512 read_buf 0x7fb5a9411600 read_bl 0
2013-03-14 18:10:28.032688 7fb587fff700 20 librbd::AioCompletion: AioCompletion::finalize() copied resulting 512 bytes to 0x7fb5a9411600
2013-03-14 18:10:28.032880 7fb5876fd700 20 librbd: aio_read 0x7fb5a9162330 completion 0x7fb5a9289bf0 [793600,512]
2013-03-14 18:10:28.032888 7fb5876fd700 20 librbd: ictx_check 0x7fb5a9162330
2013-03-14 18:10:28.032895 7fb5876fd700 20 librbd: oid rb.0.1e1280.238e1f29.000000000000 793600~512 from [0,512]
2013-03-14 18:10:28.032899 7fb5876fd700 20 librbd::AioRequest: send 0x7fb5a9411cd0 rb.0.1e1280.238e1f29.000000000000 793600~512
2013-03-14 18:10:28.032914 7fb5876fd700 1 -- 172.16.156.135:0/1648258 --> 172.16.170.1:6800/1310 -- osd_op(client.2216705.0:448 rb.0.1e1280.238e1f29.000000000000 [sparse-read 793600~512] 2.dabde67b) v4 -- ?+0 0x7fb5a940cc00 con 0x7fb5a91668f0
2013-03-14 18:10:28.032929 7fb5876fd700 20 librbd::AioCompletion: AioCompletion::finish_adding_requests 0x7fb5a9289bf0 pending 1
2013-03-14 18:10:28.033800 7fb58ed64700 1 -- 172.16.156.135:0/1648258 <== osd.0 172.16.170.1:6800/1310 443 ==== osd_op_reply(448 rb.0.1e1280.238e1f29.000000000000 [sparse-read 793600~512] = 0) v4 ==== 132+0+536 (3626743453 0 2814507359) 0x7fb5a9416050 con 0x7fb5a91668f0
2013-03-14 18:10:28.033841 7fb587fff700 20 librbd::AioRequest: should_complete 0x7fb5a9411cd0 rb.0.1e1280.238e1f29.000000000000 793600~512 r = 0
2013-03-14 18:10:28.033848 7fb587fff700 10 librbd::AioCompletion: C_AioRead::finish() 0x7fb5a9262f20 r = 0
2013-03-14 18:10:28.033850 7fb587fff700 10 librbd::AioCompletion: got {793600=512} for [0,512] bl 512
2013-03-14 18:10:28.033856 7fb587fff700 20 librbd::AioCompletion: AioCompletion::complete_request() 0x7fb5a9289bf0 complete_cb=0x7fb5a6fc7170 pending 1
2013-03-14 18:10:28.033858 7fb587fff700 20 librbd::AioCompletion: AioCompletion::finalize() 0x7fb5a9289bf0 rval 512 read_buf 0x7fb5a940c600 read_bl 0
2013-03-14 18:10:28.033861 7fb587fff700 20 librbd::AioCompletion: AioCompletion::finalize() copied resulting 512 bytes to 0x7fb5a940c600
2013-03-14 18:10:28.034017 7fb5876fd700 20 librbd: aio_read 0x7fb5a9162330 completion 0x7fb5a9289bf0 [794112,512]
2013-03-14 18:10:28.034025 7fb5876fd700 20 librbd: ictx_check 0x7fb5a9162330
2013-03-14 18:10:28.034032 7fb5876fd700 20 librbd: oid rb.0.1e1280.238e1f29.000000000000 794112~512 from [0,512]
2013-03-14 18:10:28.034036 7fb5876fd700 20 librbd::AioRequest: send 0x7fb5a940cc00 rb.0.1e1280.238e1f29.000000000000 794112~512
2013-03-14 18:10:28.034051 7fb5876fd700 1 -- 172.16.156.135:0/1648258 --> 172.16.170.1:6800/1310 -- osd_op(client.2216705.0:449 rb.0.1e1280.238e1f29.000000000000 [sparse-read 794112~512] 2.dabde67b) v4 -- ?+0 0x7fb5a940db90 con 0x7fb5a91668f0
2013-03-14 18:10:28.034064 7fb5876fd700 20 librbd::AioCompletion: AioCompletion::finish_adding_requests 0x7fb5a9289bf0 pending 1
2013-03-14 18:10:28.035041 7fb58ed64700 1 -- 172.16.156.135:0/1648258 <== osd.0 172.16.170.1:6800/1310 444 ==== osd_op_reply(449 rb.0.1e1280.238e1f29.000000000000 [sparse-read 794112~512] = 0) v4 ==== 132+0+536 (2581050465 0 2616875571) 0x7fb5a940e1a0 con 0x7fb5a91668f0
2013-03-14 18:10:28.035077 7fb587fff700 20 librbd::AioRequest: should_complete 0x7fb5a940cc00 rb.0.1e1280.238e1f29.000000000000 794112~512 r = 0
2013-03-14 18:10:28.035085 7fb587fff700 10 librbd::AioCompletion: C_AioRead::finish() 0x7fb5a92aebf0 r = 0
2013-03-14 18:10:28.035086 7fb587fff700 10 librbd::AioCompletion: got {794112=512} for [0,512] bl 512
2013-03-14 18:10:28.035091 7fb587fff700 20 librbd::AioCompletion: AioCompletion::complete_request() 0x7fb5a9289bf0 complete_cb=0x7fb5a6fc7170 pending 1
2013-03-14 18:10:28.035093 7fb587fff700 20 librbd::AioCompletion: AioCompletion::finalize() 0x7fb5a9289bf0 rval 512 read_buf 0x7fb5a940d800 read_bl 0
2013-03-14 18:10:28.035097 7fb587fff700 20 librbd::AioCompletion: AioCompletion::finalize() copied resulting 512 bytes to 0x7fb5a940d800
2013-03-14 18:10:28.035282 7fb5876fd700 20 librbd: aio_read 0x7fb5a9162330 completion 0x7fb5a9289bf0 [794624,512]
2013-03-14 18:10:28.035290 7fb5876fd700 20 librbd: ictx_check 0x7fb5a9162330
2013-03-14 18:10:28.035297 7fb5876fd700 20 librbd: oid rb.0.1e1280.238e1f29.000000000000 794624~512 from [0,512]
2013-03-14 18:10:28.035301 7fb5876fd700 20 librbd::AioRequest: send 0x7fb5a940c590 rb.0.1e1280.238e1f29.000000000000 794624~512
2013-03-14 18:10:28.035316 7fb5876fd700 1 -- 172.16.156.135:0/1648258 --> 172.16.170.1:6800/1310 -- osd_op(client.2216705.0:450 rb.0.1e1280.238e1f29.000000000000 [sparse-read 794624~512] 2.dabde67b) v4 -- ?+0 0x7fb5a940ec30 con 0x7fb5a91668f0
2013-03-14 18:10:28.035330 7fb5876fd700 20 librbd::AioCompletion: AioCompletion::finish_adding_requests 0x7fb5a9289bf0 pending 1
2013-03-14 18:10:28.036242 7fb58ed64700 1 -- 172.16.156.135:0/1648258 <== osd.0 172.16.170.1:6800/1310 445 ==== osd_op_reply(450 rb.0.1e1280.238e1f29.000000000000 [sparse-read 794624~512] = 0) v4 ==== 132+0+536 (1434894434 0 1503199973) 0x7fb5a940f240 con 0x7fb5a91668f0
2013-03-14 18:10:28.036280 7fb587fff700 20 librbd::AioRequest: should_complete 0x7fb5a940c590 rb.0.1e1280.238e1f29.000000000000 794624~512 r = 0
2013-03-14 18:10:28.036289 7fb587fff700 10 librbd::AioCompletion: C_AioRead::finish() 0x7fb5a9389a80 r = 0
2013-03-14 18:10:28.036291 7fb587fff700 10 librbd::AioCompletion: got {794624=512} for [0,512] bl 512
2013-03-14 18:10:28.036296 7fb587fff700 20 librbd::AioCompletion: AioCompletion::complete_request() 0x7fb5a9289bf0 complete_cb=0x7fb5a6fc7170 pending 1
2013-03-14 18:10:28.036298 7fb587fff700 20 librbd::AioCompletion: AioCompletion::finalize() 0x7fb5a9289bf0 rval 512 read_buf 0x7fb5a940ea00 read_bl 0
2013-03-14 18:10:28.036302 7fb587fff700 20 librbd::AioCompletion: AioCompletion::finalize() copied resulting 512 bytes to 0x7fb5a940ea00
2013-03-14 18:10:28.036437 7fb5876fd700 20 librbd: aio_read 0x7fb5a9162330 completion 0x7fb5a9289bf0 [795136,512]
2013-03-14 18:10:28.036445 7fb5876fd700 20 librbd: ictx_check 0x7fb5a9162330
2013-03-14 18:10:28.036453 7fb5876fd700 20 librbd: oid rb.0.1e1280.238e1f29.000000000000 795136~512 from [0,512]
2013-03-14 18:10:28.036457 7fb5876fd700 20 librbd::AioRequest: send 0x7fb5a940c7e0 rb.0.1e1280.238e1f29.000000000000 795136~512
2013-03-14 18:10:28.036473 7fb5876fd700 1 -- 172.16.156.135:0/1648258 --> 172.16.170.1:6800/1310 -- osd_op(client.2216705.0:451 rb.0.1e1280.238e1f29.000000000000 [sparse-read 795136~512] 2.dabde67b) v4 -- ?+0 0x7fb5a940fc80 con 0x7fb5a91668f0
2013-03-14 18:10:28.036489 7fb5876fd700 20 librbd::AioCompletion: AioCompletion::finish_adding_requests 0x7fb5a9289bf0 pending 1
2013-03-14 18:10:28.037411 7fb58ed64700 1 -- 172.16.156.135:0/1648258 <== osd.0 172.16.170.1:6800/1310 446 ==== osd_op_reply(451 rb.0.1e1280.238e1f29.000000000000 [sparse-read 795136~512] = 0) v4 ==== 132+0+536 (343589534 0 3300233772) 0x7fb5a9412380 con 0x7fb5a91668f0
2013-03-14 18:10:28.037447 7fb587fff700 20 librbd::AioRequest: should_complete 0x7fb5a940c7e0 rb.0.1e1280.238e1f29.000000000000 795136~512 r = 0
2013-03-14 18:10:28.037455 7fb587fff700 10 librbd::AioCompletion: C_AioRead::finish() 0x7fb5a929faf0 r = 0
2013-03-14 18:10:28.037457 7fb587fff700 10 librbd::AioCompletion: got {795136=512} for [0,512] bl 512
2013-03-14 18:10:28.037462 7fb587fff700 20 librbd::AioCompletion: AioCompletion::complete_request() 0x7fb5a9289bf0 complete_cb=0x7fb5a6fc7170 pending 1
2013-03-14 18:10:28.037464 7fb587fff700 20 librbd::AioCompletion: AioCompletion::finalize() 0x7fb5a9289bf0 rval 512 read_buf 0x7fb5a940ea00 read_bl 0
2013-03-14 18:10:28.037467 7fb587fff700 20 librbd::AioCompletion: AioCompletion::finalize() copied resulting 512 bytes to 0x7fb5a940ea00
2013-03-14 18:10:28.037826 7fb5876fd700 20 librbd: aio_read 0x7fb5a9162330 completion 0x7fb5a9289bf0 [795648,512]
2013-03-14 18:10:28.037835 7fb5876fd700 20 librbd: ictx_check 0x7fb5a9162330
2013-03-14 18:10:28.037843 7fb5876fd700 20 librbd: oid rb.0.1e1280.238e1f29.000000000000 795648~512 from [0,512]
2013-03-14 18:10:28.037847 7fb5876fd700 20 librbd::AioRequest: send 0x7fb5a940fc80 rb.0.1e1280.238e1f29.000000000000 795648~512
2013-03-14 18:10:28.037862 7fb5876fd700 1 -- 172.16.156.135:0/1648258 --> 172.16.170.1:6800/1310 -- osd_op(client.2216705.0:452 rb.0.1e1280.238e1f29.000000000000 [sparse-read 795648~512] 2.dabde67b) v4 -- ?+0 0x7fb5a9416830 con 0x7fb5a91668f0
2013-03-14 18:10:28.037878 7fb5876fd700 20 librbd::AioCompletion: AioCompletion::finish_adding_requests 0x7fb5a9289bf0 pending 1
2013-03-14 18:10:28.038777 7fb58ed64700 1 -- 172.16.156.135:0/1648258 <== osd.0 172.16.170.1:6800/1310 447 ==== osd_op_reply(452 rb.0.1e1280.238e1f29.000000000000 [sparse-read 795648~512] = 0) v4 ==== 132+0+536 (3598632346 0 1942215952) 0x7fb5a9416e40 con 0x7fb5a91668f0
2013-03-14 18:10:28.038812 7fb587fff700 20 librbd::AioRequest: should_complete 0x7fb5a940fc80 rb.0.1e1280.238e1f29.000000000000 795648~512 r = 0
2013-03-14 18:10:28.038820 7fb587fff700 10 librbd::AioCompletion: C_AioRead::finish() 0x7fb5a935d550 r = 0
2013-03-14 18:10:28.038822 7fb587fff700 10 librbd::AioCompletion: got {795648=512} for [0,512] bl 512
2013-03-14 18:10:28.038827 7fb587fff700 20 librbd::AioCompletion: AioCompletion::complete_request() 0x7fb5a9289bf0 complete_cb=0x7fb5a6fc7170 pending 1
2013-03-14 18:10:28.038829 7fb587fff700 20 librbd::AioCompletion: AioCompletion::finalize() 0x7fb5a9289bf0 rval 512 read_buf 0x7fb5a940ea00 read_bl 0
2013-03-14 18:10:28.038832 7fb587fff700 20 librbd::AioCompletion: AioCompletion::finalize() copied resulting 512 bytes to 0x7fb5a940ea00
2013-03-14 18:10:28.038993 7fb5876fd700 20 librbd: aio_read 0x7fb5a9162330 completion 0x7fb5a9289bf0 [796160,512]
2013-03-14 18:10:28.039001 7fb5876fd700 20 librbd: ictx_check 0x7fb5a9162330
2013-03-14 18:10:28.039008 7fb5876fd700 20 librbd: oid rb.0.1e1280.238e1f29.000000000000 796160~512 from [0,512]
2013-03-14 18:10:28.039013 7fb5876fd700 20 librbd::AioRequest: send 0x7fb5a9416900 rb.0.1e1280.238e1f29.000000000000 796160~512
2013-03-14 18:10:28.039028 7fb5876fd700 1 -- 172.16.156.135:0/1648258 --> 172.16.170.1:6800/1310 -- osd_op(client.2216705.0:453 rb.0.1e1280.238e1f29.000000000000 [sparse-read 796160~512] 2.dabde67b) v4 -- ?+0 0x7fb5a9417880 con 0x7fb5a91668f0
2013-03-14 18:10:28.039042 7fb5876fd700 20 librbd::AioCompletion: AioCompletion::finish_adding_requests 0x7fb5a9289bf0 pending 1
2013-03-14 18:10:28.039934 7fb58ed64700 1 -- 172.16.156.135:0/1648258 <== osd.0 172.16.170.1:6800/1310 448 ==== osd_op_reply(453 rb.0.1e1280.238e1f29.000000000000 [sparse-read 796160~512] = 0) v4 ==== 132+0+536 (2541930342 0 1365510857) 0x7fb5a9412380 con 0x7fb5a91668f0
2013-03-14 18:10:28.040004 7fb587fff700 20 librbd::AioRequest: should_complete 0x7fb5a9416900 rb.0.1e1280.238e1f29.000000000000 796160~512 r = 0
2013-03-14 18:10:28.040012 7fb587fff700 10 librbd::AioCompletion: C_AioRead::finish() 0x7fb5a93ee380 r = 0
2013-03-14 18:10:28.040014 7fb587fff700 10 librbd::AioCompletion: got {796160=512} for [0,512] bl 512
2013-03-14 18:10:28.040019 7fb587fff700 20 librbd::AioCompletion: AioCompletion::complete_request() 0x7fb5a9289bf0 complete_cb=0x7fb5a6fc7170 pending 1
2013-03-14 18:10:28.040021 7fb587fff700 20 librbd::AioCompletion: AioCompletion::finalize() 0x7fb5a9289bf0 rval 512 read_buf 0x7fb5a940ea00 read_bl 0
2013-03-14 18:10:28.040025 7fb587fff700 20 librbd::AioCompletion: AioCompletion::finalize() copied resulting 512 bytes to 0x7fb5a940ea00
2013-03-14 18:10:28.040178 7fb5876fd700 20 librbd: aio_read 0x7fb5a9162330 completion 0x7fb5a9289bf0 [796672,512]
2013-03-14 18:10:28.040186 7fb5876fd700 20 librbd: ictx_check 0x7fb5a9162330
2013-03-14 18:10:28.040194 7fb5876fd700 20 librbd: oid rb.0.1e1280.238e1f29.000000000000 796672~512 from [0,512]
2013-03-14 18:10:28.040198 7fb5876fd700 20 librbd::AioRequest: send 0x7fb5a9417950 rb.0.1e1280.238e1f29.000000000000 796672~512
2013-03-14 18:10:28.040213 7fb5876fd700 1 -- 172.16.156.135:0/1648258 --> 172.16.170.1:6800/1310 -- osd_op(client.2216705.0:454 rb.0.1e1280.238e1f29.000000000000 [sparse-read 796672~512] 2.dabde67b) v4 -- ?+0 0x7fb5a9412c30 con 0x7fb5a91668f0
2013-03-14 18:10:28.040228 7fb5876fd700 20 librbd::AioCompletion: AioCompletion::finish_adding_requests 0x7fb5a9289bf0 pending 1
2013-03-14 18:10:28.041117 7fb58ed64700 1 -- 172.16.156.135:0/1648258 <== osd.0 172.16.170.1:6800/1310 449 ==== osd_op_reply(454 rb.0.1e1280.238e1f29.000000000000 [sparse-read 796672~512] = 0) v4 ==== 132+0+536 (1469758819 0 1729059087) 0x7fb5a941c050 con 0x7fb5a91668f0
2013-03-14 18:10:28.041152 7fb587fff700 20 librbd::AioRequest: should_complete 0x7fb5a9417950 rb.0.1e1280.238e1f29.000000000000 796672~512 r = 0
2013-03-14 18:10:28.041159 7fb587fff700 10 librbd::AioCompletion: C_AioRead::finish() 0x7fb5a9332740 r = 0
2013-03-14 18:10:28.041161 7fb587fff700 10 librbd::AioCompletion: got {796672=512} for [0,512] bl 512
2013-03-14 18:10:28.041166 7fb587fff700 20 librbd::AioCompletion: AioCompletion::complete_request() 0x7fb5a9289bf0 complete_cb=0x7fb5a6fc7170 pending 1
2013-03-14 18:10:28.041168 7fb587fff700 20 librbd::AioCompletion: AioCompletion::finalize() 0x7fb5a9289bf0 rval 512 read_buf 0x7fb5a940ea00 read_bl 0
2013-03-14 18:10:28.041171 7fb587fff700 20 librbd::AioCompletion: AioCompletion::finalize() copied resulting 512 bytes to 0x7fb5a940ea00
2013-03-14 18:10:28.041332 7fb5876fd700 20 librbd: aio_read 0x7fb5a9162330 completion 0x7fb5a9289bf0 [797184,512]
2013-03-14 18:10:28.041340 7fb5876fd700 20 librbd: ictx_check 0x7fb5a9162330
2013-03-14 18:10:28.041348 7fb5876fd700 20 librbd: oid rb.0.1e1280.238e1f29.000000000000 797184~512 from [0,512]
2013-03-14 18:10:28.041352 7fb5876fd700 20 librbd::AioRequest: send 0x7fb5a9412d00 rb.0.1e1280.238e1f29.000000000000 797184~512
2013-03-14 18:10:28.041367 7fb5876fd700 1 -- 172.16.156.135:0/1648258 --> 172.16.170.1:6800/1310 -- osd_op(client.2216705.0:455 rb.0.1e1280.238e1f29.000000000000 [sparse-read 797184~512] 2.dabde67b) v4 -- ?+0 0x7fb5a9413bc0 con 0x7fb5a91668f0
2013-03-14 18:10:28.041384 7fb5876fd700 20 librbd::AioCompletion: AioCompletion::finish_adding_requests 0x7fb5a9289bf0 pending 1
2013-03-14 18:10:28.042285 7fb58ed64700 1 -- 172.16.156.135:0/1648258 <== osd.0 172.16.170.1:6800/1310 450 ==== osd_op_reply(455 rb.0.1e1280.238e1f29.000000000000 [sparse-read 797184~512] = 0) v4 ==== 132+0+536 (375832479 0 902198874) 0x7fb5a94141d0 con 0x7fb5a91668f0
2013-03-14 18:10:28.042324 7fb587fff700 20 librbd::AioRequest: should_complete 0x7fb5a9412d00 rb.0.1e1280.238e1f29.000000000000 797184~512 r = 0
2013-03-14 18:10:28.042332 7fb587fff700 10 librbd::AioCompletion: C_AioRead::finish() 0x7fb5a92e4cf0 r = 0
2013-03-14 18:10:28.042333 7fb587fff700 10 librbd::AioCompletion: got {797184=512} for [0,512] bl 512
2013-03-14 18:10:28.042338 7fb587fff700 20 librbd::AioCompletion: AioCompletion::complete_request() 0x7fb5a9289bf0 complete_cb=0x7fb5a6fc7170 pending 1
2013-03-14 18:10:28.042340 7fb587fff700 20 librbd::AioCompletion: AioCompletion::finalize() 0x7fb5a9289bf0 rval 512 read_buf 0x7fb5a940ea00 read_bl 0
2013-03-14 18:10:28.042343 7fb587fff700 20 librbd::AioCompletion: AioCompletion::finalize() copied resulting 512 bytes to 0x7fb5a940ea00
2013-03-14 18:10:28.042506 7fb5876fd700 20 librbd: aio_read 0x7fb5a9162330 completion 0x7fb5a9289bf0 [797696,512]
2013-03-14 18:10:28.042514 7fb5876fd700 20 librbd: ictx_check 0x7fb5a9162330
2013-03-14 18:10:28.042521 7fb5876fd700 20 librbd: oid rb.0.1e1280.238e1f29.000000000000 797696~512 from [0,512]
2013-03-14 18:10:28.042525 7fb5876fd700 20 librbd::AioRequest: send 0x7fb5a9413c90 rb.0.1e1280.238e1f29.000000000000 797696~512
2013-03-14 18:10:28.042540 7fb5876fd700 1 -- 172.16.156.135:0/1648258 --> 172.16.170.1:6800/1310 -- osd_op(client.2216705.0:456 rb.0.1e1280.238e1f29.000000000000 [sparse-read 797696~512] 2.dabde67b) v4 -- ?+0 0x7fb5a9414b90 con 0x7fb5a91668f0
2013-03-14 18:10:28.042553 7fb5876fd700 20 librbd::AioCompletion: AioCompletion::finish_adding_requests 0x7fb5a9289bf0 pending 1
2013-03-14 18:10:28.043510 7fb58ed64700 1 -- 172.16.156.135:0/1648258 <== osd.0 172.16.170.1:6800/1310 451 ==== osd_op_reply(456 rb.0.1e1280.238e1f29.000000000000 [sparse-read 797696~512] = 0) v4 ==== 132+0+536 (3563239579 0 3130711855) 0x7fb5a94151a0 con 0x7fb5a91668f0
2013-03-14 18:10:28.043546 7fb587fff700 20 librbd::AioRequest: should_complete 0x7fb5a9413c90 rb.0.1e1280.238e1f29.000000000000 797696~512 r = 0
2013-03-14 18:10:28.043555 7fb587fff700 10 librbd::AioCompletion: C_AioRead::finish() 0x7fb5a93cbe80 r = 0
2013-03-14 18:10:28.043557 7fb587fff700 10 librbd::AioCompletion: got {797696=512} for [0,512] bl 512
2013-03-14 18:10:28.043561 7fb587fff700 20 librbd::AioCompletion: AioCompletion::complete_request() 0x7fb5a9289bf0 complete_cb=0x7fb5a6fc7170 pending 1
2013-03-14 18:10:28.043564 7fb587fff700 20 librbd::AioCompletion: AioCompletion::finalize() 0x7fb5a9289bf0 rval 512 read_buf 0x7fb5a940ea00 read_bl 0
2013-03-14 18:10:28.043567 7fb587fff700 20 librbd::AioCompletion: AioCompletion::finalize() copied resulting 512 bytes to 0x7fb5a940ea00
2013-03-14 18:10:28.043704 7fb5876fd700 20 librbd: aio_read 0x7fb5a9162330 completion 0x7fb5a9289bf0 [798208,512]
2013-03-14 18:10:28.043712 7fb5876fd700 20 librbd: ictx_check 0x7fb5a9162330
2013-03-14 18:10:28.043719 7fb5876fd700 20 librbd: oid rb.0.1e1280.238e1f29.000000000000 798208~512 from [0,512]
2013-03-14 18:10:28.043724 7fb5876fd700 20 librbd::AioRequest: send 0x7fb5a9414c60 rb.0.1e1280.238e1f29.000000000000 798208~512
