2013-03-14 18:10:27.797103 7fb5876fd700 20 librbd::AioRequest: send 0x7fb5a9353a00 rb.0.1e1280.238e1f29.000000000000 702464~512
2013-03-14 18:10:27.797121 7fb5876fd700 1 -- 172.16.156.135:0/1648258 --> 172.16.170.1:6800/1310 -- osd_op(client.2216705.0:270 rb.0.1e1280.238e1f29.000000000000 [sparse-read 702464~512] 2.dabde67b) v4 -- ?+0 0x7fb5a9354a00 con 0x7fb5a91668f0
2013-03-14 18:10:27.797135 7fb5876fd700 20 librbd::AioCompletion: AioCompletion::finish_adding_requests 0x7fb5a9289bf0 pending 1
2013-03-14 18:10:27.798195 7fb58ed64700 1 -- 172.16.156.135:0/1648258 <== osd.0 172.16.170.1:6800/1310 265 ==== osd_op_reply(270 rb.0.1e1280.238e1f29.000000000000 [sparse-read 702464~512] = 0) v4 ==== 132+0+536 (4272431424 0 2555192844) 0x7fb5a9355010 con 0x7fb5a91668f0
2013-03-14 18:10:27.798242 7fb587fff700 20 librbd::AioRequest: should_complete 0x7fb5a9353a00 rb.0.1e1280.238e1f29.000000000000 702464~512 r = 0
2013-03-14 18:10:27.798251 7fb587fff700 10 librbd::AioCompletion: C_AioRead::finish() 0x7fb5a932a480 r = 0
2013-03-14 18:10:27.798253 7fb587fff700 10 librbd::AioCompletion: got {702464=512} for [0,512] bl 512
2013-03-14 18:10:27.798259 7fb587fff700 20 librbd::AioCompletion: AioCompletion::complete_request() 0x7fb5a9289bf0 complete_cb=0x7fb5a6fc7170 pending 1
2013-03-14 18:10:27.798263 7fb587fff700 20 librbd::AioCompletion: AioCompletion::finalize() 0x7fb5a9289bf0 rval 512 read_buf 0x7fb5a9354400 read_bl 0
2013-03-14 18:10:27.798267 7fb587fff700 20 librbd::AioCompletion: AioCompletion::finalize() copied resulting 512 bytes to 0x7fb5a9354400
2013-03-14 18:10:27.798409 7fb5876fd700 20 librbd: aio_read 0x7fb5a9162330 completion 0x7fb5a9289bf0 [702976,512]
2013-03-14 18:10:27.798471 7fb5876fd700 20 librbd: ictx_check 0x7fb5a9162330
2013-03-14 18:10:27.798479 7fb5876fd700 20 librbd: oid rb.0.1e1280.238e1f29.000000000000 702976~512 from [0,512]
2013-03-14 18:10:27.798485 7fb5876fd700 20 librbd::AioRequest: send 0x7fb5a9354a00 rb.0.1e1280.238e1f29.000000000000 702976~512
2013-03-14 18:10:27.798503 7fb5876fd700 1 -- 172.16.156.135:0/1648258 --> 172.16.170.1:6800/1310 -- osd_op(client.2216705.0:271 rb.0.1e1280.238e1f29.000000000000 [sparse-read 702976~512] 2.dabde67b) v4 -- ?+0 0x7fb5a9355a00 con 0x7fb5a91668f0
2013-03-14 18:10:27.798521 7fb5876fd700 20 librbd::AioCompletion: AioCompletion::finish_adding_requests 0x7fb5a9289bf0 pending 1
2013-03-14 18:10:27.799568 7fb58ed64700 1 -- 172.16.156.135:0/1648258 <== osd.0 172.16.170.1:6800/1310 266 ==== osd_op_reply(271 rb.0.1e1280.238e1f29.000000000000 [sparse-read 702976~512] = 0) v4 ==== 132+0+536 (3209962428 0 2661835033) 0x7fb5a9358090 con 0x7fb5a91668f0
2013-03-14 18:10:27.799613 7fb587fff700 20 librbd::AioRequest: should_complete 0x7fb5a9354a00 rb.0.1e1280.238e1f29.000000000000 702976~512 r = 0
2013-03-14 18:10:27.799621 7fb587fff700 10 librbd::AioCompletion: C_AioRead::finish() 0x7fb5a927d670 r = 0
2013-03-14 18:10:27.799623 7fb587fff700 10 librbd::AioCompletion: got {702976=512} for [0,512] bl 512
2013-03-14 18:10:27.799628 7fb587fff700 20 librbd::AioCompletion: AioCompletion::complete_request() 0x7fb5a9289bf0 complete_cb=0x7fb5a6fc7170 pending 1
2013-03-14 18:10:27.799632 7fb587fff700 20 librbd::AioCompletion: AioCompletion::finalize() 0x7fb5a9289bf0 rval 512 read_buf 0x7fb5a9355400 read_bl 0
2013-03-14 18:10:27.799636 7fb587fff700 20 librbd::AioCompletion: AioCompletion::finalize() copied resulting 512 bytes to 0x7fb5a9355400
2013-03-14 18:10:27.799844 7fb5876fd700 20 librbd: aio_read 0x7fb5a9162330 completion 0x7fb5a9289bf0 [703488,512]
2013-03-14 18:10:27.799854 7fb5876fd700 20 librbd: ictx_check 0x7fb5a9162330
2013-03-14 18:10:27.799861 7fb5876fd700 20 librbd: oid rb.0.1e1280.238e1f29.000000000000 703488~512 from [0,512]
2013-03-14 18:10:27.799866 7fb5876fd700 20 librbd::AioRequest: send 0x7fb5a9355a00 rb.0.1e1280.238e1f29.000000000000 703488~512
2013-03-14 18:10:27.799883 7fb5876fd700 1 -- 172.16.156.135:0/1648258 --> 172.16.170.1:6800/1310 -- osd_op(client.2216705.0:272 rb.0.1e1280.238e1f29.000000000000 [sparse-read 703488~512] 2.dabde67b) v4 -- ?+0 0x7fb5a935ca00 con 0x7fb5a91668f0
2013-03-14 18:10:27.799896 7fb5876fd700 20 librbd::AioCompletion: AioCompletion::finish_adding_requests 0x7fb5a9289bf0 pending 1
2013-03-14 18:10:27.800895 7fb58ed64700 1 -- 172.16.156.135:0/1648258 <== osd.0 172.16.170.1:6800/1310 267 ==== osd_op_reply(272 rb.0.1e1280.238e1f29.000000000000 [sparse-read 703488~512] = 0) v4 ==== 132+0+536 (2102404280 0 1202816794) 0x7fb5a935d010 con 0x7fb5a91668f0
2013-03-14 18:10:27.800938 7fb587fff700 20 librbd::AioRequest: should_complete 0x7fb5a9355a00 rb.0.1e1280.238e1f29.000000000000 703488~512 r = 0
2013-03-14 18:10:27.800946 7fb587fff700 10 librbd::AioCompletion: C_AioRead::finish() 0x7fb5a92bbb80 r = 0
2013-03-14 18:10:27.800948 7fb587fff700 10 librbd::AioCompletion: got {703488=512} for [0,512] bl 512
2013-03-14 18:10:27.800953 7fb587fff700 20 librbd::AioCompletion: AioCompletion::complete_request() 0x7fb5a9289bf0 complete_cb=0x7fb5a6fc7170 pending 1
2013-03-14 18:10:27.800956 7fb587fff700 20 librbd::AioCompletion: AioCompletion::finalize() 0x7fb5a9289bf0 rval 512 read_buf 0x7fb5a935c400 read_bl 0
2013-03-14 18:10:27.800960 7fb587fff700 20 librbd::AioCompletion: AioCompletion::finalize() copied resulting 512 bytes to 0x7fb5a935c400
2013-03-14 18:10:27.801175 7fb5876fd700 20 librbd: aio_read 0x7fb5a9162330 completion 0x7fb5a9289bf0 [704000,512]
2013-03-14 18:10:27.801185 7fb5876fd700 20 librbd: ictx_check 0x7fb5a9162330
2013-03-14 18:10:27.801192 7fb5876fd700 20 librbd: oid rb.0.1e1280.238e1f29.000000000000 704000~512 from [0,512]
2013-03-14 18:10:27.801196 7fb5876fd700 20 librbd::AioRequest: send 0x7fb5a935cad0 rb.0.1e1280.238e1f29.000000000000 704000~512
2013-03-14 18:10:27.801213 7fb5876fd700 1 -- 172.16.156.135:0/1648258 --> 172.16.170.1:6800/1310 -- osd_op(client.2216705.0:273 rb.0.1e1280.238e1f29.000000000000 [sparse-read 704000~512] 2.dabde67b) v4 -- ?+0 0x7fb5a935da00 con 0x7fb5a91668f0
2013-03-14 18:10:27.801227 7fb5876fd700 20 librbd::AioCompletion: AioCompletion::finish_adding_requests 0x7fb5a9289bf0 pending 1
2013-03-14 18:10:27.802141 7fb58ed64700 1 -- 172.16.156.135:0/1648258 <== osd.0 172.16.170.1:6800/1310 268 ==== osd_op_reply(273 rb.0.1e1280.238e1f29.000000000000 [sparse-read 704000~512] = 0) v4 ==== 132+0+536 (1017914948 0 738930812) 0x7fb5a9358090 con 0x7fb5a91668f0
2013-03-14 18:10:27.802186 7fb587fff700 20 librbd::AioRequest: should_complete 0x7fb5a935cad0 rb.0.1e1280.238e1f29.000000000000 704000~512 r = 0
2013-03-14 18:10:27.802194 7fb587fff700 10 librbd::AioCompletion: C_AioRead::finish() 0x7fb5a92f9ef0 r = 0
2013-03-14 18:10:27.802196 7fb587fff700 10 librbd::AioCompletion: got {704000=512} for [0,512] bl 512
2013-03-14 18:10:27.802202 7fb587fff700 20 librbd::AioCompletion: AioCompletion::complete_request() 0x7fb5a9289bf0 complete_cb=0x7fb5a6fc7170 pending 1
2013-03-14 18:10:27.802205 7fb587fff700 20 librbd::AioCompletion: AioCompletion::finalize() 0x7fb5a9289bf0 rval 512 read_buf 0x7fb5a935d400 read_bl 0
2013-03-14 18:10:27.802209 7fb587fff700 20 librbd::AioCompletion: AioCompletion::finalize() copied resulting 512 bytes to 0x7fb5a935d400
2013-03-14 18:10:27.802384 7fb5876fd700 20 librbd: aio_read 0x7fb5a9162330 completion 0x7fb5a9289bf0 [704512,512]
2013-03-14 18:10:27.802394 7fb5876fd700 20 librbd: ictx_check 0x7fb5a9162330
2013-03-14 18:10:27.802402 7fb5876fd700 20 librbd: oid rb.0.1e1280.238e1f29.000000000000 704512~512 from [0,512]
2013-03-14 18:10:27.802407 7fb5876fd700 20 librbd::AioRequest: send 0x7fb5a935da00 rb.0.1e1280.238e1f29.000000000000 704512~512
2013-03-14 18:10:27.802430 7fb5876fd700 1 -- 172.16.156.135:0/1648258 --> 172.16.170.1:6800/1310 -- osd_op(client.2216705.0:274 rb.0.1e1280.238e1f29.000000000000 [sparse-read 704512~512] 2.dabde67b) v4 -- ?+0 0x7fb5a9358c00 con 0x7fb5a91668f0
2013-03-14 18:10:27.802444 7fb5876fd700 20 librbd::AioCompletion: AioCompletion::finish_adding_requests 0x7fb5a9289bf0 pending 1
2013-03-14 18:10:27.803541 7fb58ed64700 1 -- 172.16.156.135:0/1648258 <== osd.0 172.16.170.1:6800/1310 269 ==== osd_op_reply(274 rb.0.1e1280.238e1f29.000000000000 [sparse-read 704512~512] = 0) v4 ==== 132+0+536 (3760110159 0 1438467804) 0x7fb5a9362050 con 0x7fb5a91668f0
2013-03-14 18:10:27.803617 7fb587fff700 20 librbd::AioRequest: should_complete 0x7fb5a935da00 rb.0.1e1280.238e1f29.000000000000 704512~512 r = 0
2013-03-14 18:10:27.803625 7fb587fff700 10 librbd::AioCompletion: C_AioRead::finish() 0x7fb5a9269130 r = 0
2013-03-14 18:10:27.803627 7fb587fff700 10 librbd::AioCompletion: got {704512=512} for [0,512] bl 512
2013-03-14 18:10:27.803632 7fb587fff700 20 librbd::AioCompletion: AioCompletion::complete_request() 0x7fb5a9289bf0 complete_cb=0x7fb5a6fc7170 pending 1
2013-03-14 18:10:27.803636 7fb587fff700 20 librbd::AioCompletion: AioCompletion::finalize() 0x7fb5a9289bf0 rval 512 read_buf 0x7fb5a9358600 read_bl 0
2013-03-14 18:10:27.803640 7fb587fff700 20 librbd::AioCompletion: AioCompletion::finalize() copied resulting 512 bytes to 0x7fb5a9358600
2013-03-14 18:10:27.803798 7fb5876fd700 20 librbd: aio_read 0x7fb5a9162330 completion 0x7fb5a9289bf0 [705024,512]
2013-03-14 18:10:27.803808 7fb5876fd700 20 librbd: ictx_check 0x7fb5a9162330
2013-03-14 18:10:27.803815 7fb5876fd700 20 librbd: oid rb.0.1e1280.238e1f29.000000000000 705024~512 from [0,512]
2013-03-14 18:10:27.803820 7fb5876fd700 20 librbd::AioRequest: send 0x7fb5a9358c00 rb.0.1e1280.238e1f29.000000000000 705024~512
2013-03-14 18:10:27.803837 7fb5876fd700 1 -- 172.16.156.135:0/1648258 --> 172.16.170.1:6800/1310 -- osd_op(client.2216705.0:275 rb.0.1e1280.238e1f29.000000000000 [sparse-read 705024~512] 2.dabde67b) v4 -- ?+0 0x7fb5a9359b70 con 0x7fb5a91668f0
2013-03-14 18:10:27.803851 7fb5876fd700 20 librbd::AioCompletion: AioCompletion::finish_adding_requests 0x7fb5a9289bf0 pending 1
2013-03-14 18:10:27.804923 7fb58ed64700 1 -- 172.16.156.135:0/1648258 <== osd.0 172.16.170.1:6800/1310 270 ==== osd_op_reply(275 rb.0.1e1280.238e1f29.000000000000 [sparse-read 705024~512] = 0) v4 ==== 132+0+536 (2715990195 0 586132731) 0x7fb5a935a180 con 0x7fb5a91668f0
2013-03-14 18:10:27.804979 7fb587fff700 20 librbd::AioRequest: should_complete 0x7fb5a9358c00 rb.0.1e1280.238e1f29.000000000000 705024~512 r = 0
2013-03-14 18:10:27.804991 7fb587fff700 10 librbd::AioCompletion: C_AioRead::finish() 0x7fb5a92a7cd0 r = 0
2013-03-14 18:10:27.804992 7fb587fff700 10 librbd::AioCompletion: got {705024=512} for [0,512] bl 512
2013-03-14 18:10:27.804997 7fb587fff700 20 librbd::AioCompletion: AioCompletion::complete_request() 0x7fb5a9289bf0 complete_cb=0x7fb5a6fc7170 pending 1
2013-03-14 18:10:27.804999 7fb587fff700 20 librbd::AioCompletion: AioCompletion::finalize() 0x7fb5a9289bf0 rval 512 read_buf 0x7fb5a9358600 read_bl 0
2013-03-14 18:10:27.805003 7fb587fff700 20 librbd::AioCompletion: AioCompletion::finalize() copied resulting 512 bytes to 0x7fb5a9358600
2013-03-14 18:10:27.805286 7fb5876fd700 20 librbd: aio_read 0x7fb5a9162330 completion 0x7fb5a9289bf0 [705536,512]
2013-03-14 18:10:27.805296 7fb5876fd700 20 librbd: ictx_check 0x7fb5a9162330
2013-03-14 18:10:27.805304 7fb5876fd700 20 librbd: oid rb.0.1e1280.238e1f29.000000000000 705536~512 from [0,512]
2013-03-14 18:10:27.805309 7fb5876fd700 20 librbd::AioRequest: send 0x7fb5a9359b70 rb.0.1e1280.238e1f29.000000000000 705536~512
2013-03-14 18:10:27.805325 7fb5876fd700 1 -- 172.16.156.135:0/1648258 --> 172.16.170.1:6800/1310 -- osd_op(client.2216705.0:276 rb.0.1e1280.238e1f29.000000000000 [sparse-read 705536~512] 2.dabde67b) v4 -- ?+0 0x7fb5a935ac00 con 0x7fb5a91668f0
2013-03-14 18:10:27.805339 7fb5876fd700 20 librbd::AioCompletion: AioCompletion::finish_adding_requests 0x7fb5a9289bf0 pending 1
2013-03-14 18:10:27.806324 7fb58ed64700 1 -- 172.16.156.135:0/1648258 <== osd.0 172.16.170.1:6800/1310 271 ==== osd_op_reply(276 rb.0.1e1280.238e1f29.000000000000 [sparse-read 705536~512] = 0) v4 ==== 132+0+536 (1676066743 0 689949714) 0x7fb5a935b210 con 0x7fb5a91668f0
2013-03-14 18:10:27.806383 7fb587fff700 20 librbd::AioRequest: should_complete 0x7fb5a9359b70 rb.0.1e1280.238e1f29.000000000000 705536~512 r = 0
2013-03-14 18:10:27.806393 7fb587fff700 10 librbd::AioCompletion: C_AioRead::finish() 0x7fb5a92e9aa0 r = 0
2013-03-14 18:10:27.806395 7fb587fff700 10 librbd::AioCompletion: got {705536=512} for [0,512] bl 512
2013-03-14 18:10:27.806401 7fb587fff700 20 librbd::AioCompletion: AioCompletion::complete_request() 0x7fb5a9289bf0 complete_cb=0x7fb5a6fc7170 pending 1
2013-03-14 18:10:27.806405 7fb587fff700 20 librbd::AioCompletion: AioCompletion::finalize() 0x7fb5a9289bf0 rval 512 read_buf 0x7fb5a935a600 read_bl 0
2013-03-14 18:10:27.806409 7fb587fff700 20 librbd::AioCompletion: AioCompletion::finalize() copied resulting 512 bytes to 0x7fb5a935a600
2013-03-14 18:10:27.806566 7fb5876fd700 20 librbd: aio_read 0x7fb5a9162330 completion 0x7fb5a9289bf0 [706048,512]
2013-03-14 18:10:27.806579 7fb5876fd700 20 librbd: ictx_check 0x7fb5a9162330
2013-03-14 18:10:27.806586 7fb5876fd700 20 librbd: oid rb.0.1e1280.238e1f29.000000000000 706048~512 from [0,512]
2013-03-14 18:10:27.806591 7fb5876fd700 20 librbd::AioRequest: send 0x7fb5a935acd0 rb.0.1e1280.238e1f29.000000000000 706048~512
2013-03-14 18:10:27.806608 7fb5876fd700 1 -- 172.16.156.135:0/1648258 --> 172.16.170.1:6800/1310 -- osd_op(client.2216705.0:277 rb.0.1e1280.238e1f29.000000000000 [sparse-read 706048~512] 2.dabde67b) v4 -- ?+0 0x7fb5a935bc00 con 0x7fb5a91668f0
2013-03-14 18:10:27.806622 7fb5876fd700 20 librbd::AioCompletion: AioCompletion::finish_adding_requests 0x7fb5a9289bf0 pending 1
2013-03-14 18:10:27.807789 7fb58ed64700 1 -- 172.16.156.135:0/1648258 <== osd.0 172.16.170.1:6800/1310 272 ==== osd_op_reply(277 rb.0.1e1280.238e1f29.000000000000 [sparse-read 706048~512] = 0) v4 ==== 132+0+536 (572177739 0 2680548913) 0x7fb5a935e160 con 0x7fb5a91668f0
2013-03-14 18:10:27.807839 7fb587fff700 20 librbd::AioRequest: should_complete 0x7fb5a935acd0 rb.0.1e1280.238e1f29.000000000000 706048~512 r = 0
2013-03-14 18:10:27.807850 7fb587fff700 10 librbd::AioCompletion: C_AioRead::finish() 0x7fb5a92921e0 r = 0
2013-03-14 18:10:27.807852 7fb587fff700 10 librbd::AioCompletion: got {706048=512} for [0,512] bl 512
2013-03-14 18:10:27.807859 7fb587fff700 20 librbd::AioCompletion: AioCompletion::complete_request() 0x7fb5a9289bf0 complete_cb=0x7fb5a6fc7170 pending 1
2013-03-14 18:10:27.807864 7fb587fff700 20 librbd::AioCompletion: AioCompletion::finalize() 0x7fb5a9289bf0 rval 512 read_buf 0x7fb5a935b600 read_bl 0
2013-03-14 18:10:27.807869 7fb587fff700 20 librbd::AioCompletion: AioCompletion::finalize() copied resulting 512 bytes to 0x7fb5a935b600
2013-03-14 18:10:27.808014 7fb5876fd700 20 librbd: aio_read 0x7fb5a9162330 completion 0x7fb5a9289bf0 [706560,512]
2013-03-14 18:10:27.808026 7fb5876fd700 20 librbd: ictx_check 0x7fb5a9162330
2013-03-14 18:10:27.808034 7fb5876fd700 20 librbd: oid rb.0.1e1280.238e1f29.000000000000 706560~512 from [0,512]
2013-03-14 18:10:27.808039 7fb5876fd700 20 librbd::AioRequest: send 0x7fb5a935bc00 rb.0.1e1280.238e1f29.000000000000 706560~512
2013-03-14 18:10:27.808056 7fb5876fd700 1 -- 172.16.156.135:0/1648258 --> 172.16.170.1:6800/1310 -- osd_op(client.2216705.0:278 rb.0.1e1280.238e1f29.000000000000 [sparse-read 706560~512] 2.dabde67b) v4 -- ?+0 0x7fb5a9362c00 con 0x7fb5a91668f0
2013-03-14 18:10:27.808070 7fb5876fd700 20 librbd::AioCompletion: AioCompletion::finish_adding_requests 0x7fb5a9289bf0 pending 1
2013-03-14 18:10:27.809114 7fb58ed64700 1 -- 172.16.156.135:0/1648258 <== osd.0 172.16.170.1:6800/1310 273 ==== osd_op_reply(278 rb.0.1e1280.238e1f29.000000000000 [sparse-read 706560~512] = 0) v4 ==== 132+0+536 (3791832910 0 1560522456) 0x7fb5a9363210 con 0x7fb5a91668f0
2013-03-14 18:10:27.809173 7fb587fff700 20 librbd::AioRequest: should_complete 0x7fb5a935bc00 rb.0.1e1280.238e1f29.000000000000 706560~512 r = 0
2013-03-14 18:10:27.809184 7fb587fff700 10 librbd::AioCompletion: C_AioRead::finish() 0x7fb5a927d0e0 r = 0
2013-03-14 18:10:27.809186 7fb587fff700 10 librbd::AioCompletion: got {706560=512} for [0,512] bl 512
2013-03-14 18:10:27.809192 7fb587fff700 20 librbd::AioCompletion: AioCompletion::complete_request() 0x7fb5a9289bf0 complete_cb=0x7fb5a6fc7170 pending 1
2013-03-14 18:10:27.809195 7fb587fff700 20 librbd::AioCompletion: AioCompletion::finalize() 0x7fb5a9289bf0 rval 512 read_buf 0x7fb5a9362600 read_bl 0
2013-03-14 18:10:27.809200 7fb587fff700 20 librbd::AioCompletion: AioCompletion::finalize() copied resulting 512 bytes to 0x7fb5a9362600
2013-03-14 18:10:27.809362 7fb5876fd700 20 librbd: aio_read 0x7fb5a9162330 completion 0x7fb5a9289bf0 [707072,512]
2013-03-14 18:10:27.809372 7fb5876fd700 20 librbd: ictx_check 0x7fb5a9162330
2013-03-14 18:10:27.809379 7fb5876fd700 20 librbd: oid rb.0.1e1280.238e1f29.000000000000 707072~512 from [0,512]
2013-03-14 18:10:27.809384 7fb5876fd700 20 librbd::AioRequest: send 0x7fb5a9362c00 rb.0.1e1280.238e1f29.000000000000 707072~512
2013-03-14 18:10:27.809401 7fb5876fd700 1 -- 172.16.156.135:0/1648258 --> 172.16.170.1:6800/1310 -- osd_op(client.2216705.0:279 rb.0.1e1280.238e1f29.000000000000 [sparse-read 707072~512] 2.dabde67b) v4 -- ?+0 0x7fb5a9363c00 con 0x7fb5a91668f0
2013-03-14 18:10:27.809415 7fb5876fd700 20 librbd::AioCompletion: AioCompletion::finish_adding_requests 0x7fb5a9289bf0 pending 1
2013-03-14 18:10:27.810564 7fb58ed64700 1 -- 172.16.156.135:0/1648258 <== osd.0 172.16.170.1:6800/1310 274 ==== osd_op_reply(279 rb.0.1e1280.238e1f29.000000000000 [sparse-read 707072~512] = 0) v4 ==== 132+0+536 (2751382962 0 1124483457) 0x7fb5a935e160 con 0x7fb5a91668f0
2013-03-14 18:10:27.810621 7fb587fff700 20 librbd::AioRequest: should_complete 0x7fb5a9362c00 rb.0.1e1280.238e1f29.000000000000 707072~512 r = 0
2013-03-14 18:10:27.810632 7fb587fff700 10 librbd::AioCompletion: C_AioRead::finish() 0x7fb5a925d620 r = 0
2013-03-14 18:10:27.810634 7fb587fff700 10 librbd::AioCompletion: got {707072=512} for [0,512] bl 512
2013-03-14 18:10:27.810640 7fb587fff700 20 librbd::AioCompletion: AioCompletion::complete_request() 0x7fb5a9289bf0 complete_cb=0x7fb5a6fc7170 pending 1
2013-03-14 18:10:27.810645 7fb587fff700 20 librbd::AioCompletion: AioCompletion::finalize() 0x7fb5a9289bf0 rval 512 read_buf 0x7fb5a9363600 read_bl 0
2013-03-14 18:10:27.810650 7fb587fff700 20 librbd::AioCompletion: AioCompletion::finalize() copied resulting 512 bytes to 0x7fb5a9363600
2013-03-14 18:10:27.810795 7fb5876fd700 20 librbd: aio_read 0x7fb5a9162330 completion 0x7fb5a9289bf0 [707584,512]
2013-03-14 18:10:27.810805 7fb5876fd700 20 librbd: ictx_check 0x7fb5a9162330
2013-03-14 18:10:27.810813 7fb5876fd700 20 librbd: oid rb.0.1e1280.238e1f29.000000000000 707584~512 from [0,512]
2013-03-14 18:10:27.810818 7fb5876fd700 20 librbd::AioRequest: send 0x7fb5a9363c00 rb.0.1e1280.238e1f29.000000000000 707584~512
2013-03-14 18:10:27.810835 7fb5876fd700 1 -- 172.16.156.135:0/1648258 --> 172.16.170.1:6800/1310 -- osd_op(client.2216705.0:280 rb.0.1e1280.238e1f29.000000000000 [sparse-read 707584~512] 2.dabde67b) v4 -- ?+0 0x7fb5a935eb90 con 0x7fb5a91668f0
2013-03-14 18:10:27.810850 7fb5876fd700 20 librbd::AioCompletion: AioCompletion::finish_adding_requests 0x7fb5a9289bf0 pending 1
2013-03-14 18:10:27.811893 7fb58ed64700 1 -- 172.16.156.135:0/1648258 <== osd.0 172.16.170.1:6800/1310 275 ==== osd_op_reply(280 rb.0.1e1280.238e1f29.000000000000 [sparse-read 707584~512] = 0) v4 ==== 132+0+536 (1643823798 0 3625397772) 0x7fb5a9368050 con 0x7fb5a91668f0
2013-03-14 18:10:27.811956 7fb587fff700 20 librbd::AioRequest: should_complete 0x7fb5a9363c00 rb.0.1e1280.238e1f29.000000000000 707584~512 r = 0
2013-03-14 18:10:27.811967 7fb587fff700 10 librbd::AioCompletion: C_AioRead::finish() 0x7fb5a92733e0 r = 0
2013-03-14 18:10:27.811972 7fb587fff700 10 librbd::AioCompletion: got {707584=512} for [0,512] bl 512
2013-03-14 18:10:27.811981 7fb587fff700 20 librbd::AioCompletion: AioCompletion::complete_request() 0x7fb5a9289bf0 complete_cb=0x7fb5a6fc7170 pending 1
2013-03-14 18:10:27.811987 7fb587fff700 20 librbd::AioCompletion: AioCompletion::finalize() 0x7fb5a9289bf0 rval 512 read_buf 0x7fb5a935e800 read_bl 0
2013-03-14 18:10:27.811994 7fb587fff700 20 librbd::AioCompletion: AioCompletion::finalize() copied resulting 512 bytes to 0x7fb5a935e800
2013-03-14 18:10:27.812136 7fb5876fd700 20 librbd: aio_read 0x7fb5a9162330 completion 0x7fb5a9289bf0 [708096,512]
2013-03-14 18:10:27.812145 7fb5876fd700 20 librbd: ictx_check 0x7fb5a9162330
2013-03-14 18:10:27.812152 7fb5876fd700 20 librbd: oid rb.0.1e1280.238e1f29.000000000000 708096~512 from [0,512]
2013-03-14 18:10:27.812158 7fb5876fd700 20 librbd::AioRequest: send 0x7fb5a9363800 rb.0.1e1280.238e1f29.000000000000 708096~512
2013-03-14 18:10:27.812175 7fb5876fd700 1 -- 172.16.156.135:0/1648258 --> 172.16.170.1:6800/1310 -- osd_op(client.2216705.0:281 rb.0.1e1280.238e1f29.000000000000 [sparse-read 708096~512] 2.dabde67b) v4 -- ?+0 0x7fb5a935fc80 con 0x7fb5a91668f0
2013-03-14 18:10:27.812188 7fb5876fd700 20 librbd::AioCompletion: AioCompletion::finish_adding_requests 0x7fb5a9289bf0 pending 1
2013-03-14 18:10:27.813207 7fb58ed64700 1 -- 172.16.156.135:0/1648258 <== osd.0 172.16.170.1:6800/1310 276 ==== osd_op_reply(281 rb.0.1e1280.238e1f29.000000000000 [sparse-read 708096~512] = 0) v4 ==== 132+0+536 (537313354 0 907318262) 0x7fb5a9360290 con 0x7fb5a91668f0
2013-03-14 18:10:27.813267 7fb587fff700 20 librbd::AioRequest: should_complete 0x7fb5a9363800 rb.0.1e1280.238e1f29.000000000000 708096~512 r = 0
2013-03-14 18:10:27.813277 7fb587fff700 10 librbd::AioCompletion: C_AioRead::finish() 0x7fb5a929aef0 r = 0
2013-03-14 18:10:27.813280 7fb587fff700 10 librbd::AioCompletion: got {708096=512} for [0,512] bl 512
2013-03-14 18:10:27.813286 7fb587fff700 20 librbd::AioCompletion: AioCompletion::complete_request() 0x7fb5a9289bf0 complete_cb=0x7fb5a6fc7170 pending 1
2013-03-14 18:10:27.813289 7fb587fff700 20 librbd::AioCompletion: AioCompletion::finalize() 0x7fb5a9289bf0 rval 512 read_buf 0x7fb5a935f800 read_bl 0
2013-03-14 18:10:27.813294 7fb587fff700 20 librbd::AioCompletion: AioCompletion::finalize() copied resulting 512 bytes to 0x7fb5a935f800
2013-03-14 18:10:27.813444 7fb5876fd700 20 librbd: aio_read 0x7fb5a9162330 completion 0x7fb5a9289bf0 [708608,512]
2013-03-14 18:10:27.813454 7fb5876fd700 20 librbd: ictx_check 0x7fb5a9162330
2013-03-14 18:10:27.813462 7fb5876fd700 20 librbd: oid rb.0.1e1280.238e1f29.000000000000 708608~512 from [0,512]
2013-03-14 18:10:27.813466 7fb5876fd700 20 librbd::AioRequest: send 0x7fb5a935e8d0 rb.0.1e1280.238e1f29.000000000000 708608~512
2013-03-14 18:10:27.813483 7fb5876fd700 1 -- 172.16.156.135:0/1648258 --> 172.16.170.1:6800/1310 -- osd_op(client.2216705.0:282 rb.0.1e1280.238e1f29.000000000000 [sparse-read 708608~512] 2.dabde67b) v4 -- ?+0 0x7fb5a9360e00 con 0x7fb5a91668f0
2013-03-14 18:10:27.813497 7fb5876fd700 20 librbd::AioCompletion: AioCompletion::finish_adding_requests 0x7fb5a9289bf0 pending 1
2013-03-14 18:10:27.814459 7fb58ed64700 1 -- 172.16.156.135:0/1648258 <== osd.0 172.16.170.1:6800/1310 277 ==== osd_op_reply(282 rb.0.1e1280.238e1f29.000000000000 [sparse-read 708608~512] = 0) v4 ==== 132+0+536 (3827712077 0 2667737708) 0x7fb5a9361340 con 0x7fb5a91668f0
2013-03-14 18:10:27.814528 7fb587fff700 20 librbd::AioRequest: should_complete 0x7fb5a935e8d0 rb.0.1e1280.238e1f29.000000000000 708608~512 r = 0
2013-03-14 18:10:27.814539 7fb587fff700 10 librbd::AioCompletion: C_AioRead::finish() 0x7fb5a925c080 r = 0
2013-03-14 18:10:27.814541 7fb587fff700 10 librbd::AioCompletion: got {708608=512} for [0,512] bl 512
2013-03-14 18:10:27.814547 7fb587fff700 20 librbd::AioCompletion: AioCompletion::complete_request() 0x7fb5a9289bf0 complete_cb=0x7fb5a6fc7170 pending 1
2013-03-14 18:10:27.814550 7fb587fff700 20 librbd::AioCompletion: AioCompletion::finalize() 0x7fb5a9289bf0 rval 512 read_buf 0x7fb5a9360800 read_bl 0
2013-03-14 18:10:27.814554 7fb587fff700 20 librbd::AioCompletion: AioCompletion::finalize() copied resulting 512 bytes to 0x7fb5a9360800
2013-03-14 18:10:27.814692 7fb5876fd700 20 librbd: aio_read 0x7fb5a9162330 completion 0x7fb5a9289bf0 [709120,512]
2013-03-14 18:10:27.814697 7fb5876fd700 20 librbd: ictx_check 0x7fb5a9162330
2013-03-14 18:10:27.814705 7fb5876fd700 20 librbd: oid rb.0.1e1280.238e1f29.000000000000 709120~512 from [0,512]
2013-03-14 18:10:27.814712 7fb5876fd700 20 librbd::AioRequest: send 0x7fb5a9360db0 rb.0.1e1280.238e1f29.000000000000 709120~512
2013-03-14 18:10:27.814729 7fb5876fd700 1 -- 172.16.156.135:0/1648258 --> 172.16.170.1:6800/1310 -- osd_op(client.2216705.0:283 rb.0.1e1280.238e1f29.000000000000 [sparse-read 709120~512] 2.dabde67b) v4 -- ?+0 0x7fb5a9364090 con 0x7fb5a91668f0
2013-03-14 18:10:27.814744 7fb5876fd700 20 librbd::AioCompletion: AioCompletion::finish_adding_requests 0x7fb5a9289bf0 pending 1
2013-03-14 18:10:27.815705 7fb58ed64700 1 -- 172.16.156.135:0/1648258 <== osd.0 172.16.170.1:6800/1310 278 ==== osd_op_reply(283 rb.0.1e1280.238e1f29.000000000000 [sparse-read 709120~512] = 0) v4 ==== 132+0+536 (2782544561 0 1285521696) 0x7fb5a93646a0 con 0x7fb5a91668f0
2013-03-14 18:10:27.815757 7fb587fff700 20 librbd::AioRequest: should_complete 0x7fb5a9360db0 rb.0.1e1280.238e1f29.000000000000 709120~512 r = 0
2013-03-14 18:10:27.815764 7fb587fff700 10 librbd::AioCompletion: C_AioRead::finish() 0x7fb5a924ef60 r = 0
2013-03-14 18:10:27.815765 7fb587fff700 10 librbd::AioCompletion: got {709120=512} for [0,512] bl 512
2013-03-14 18:10:27.815770 7fb587fff700 20 librbd::AioCompletion: AioCompletion::complete_request() 0x7fb5a9289bf0 complete_cb=0x7fb5a6fc7170 pending 1
2013-03-14 18:10:27.815772 7fb587fff700 20 librbd::AioCompletion: AioCompletion::finalize() 0x7fb5a9289bf0 rval 512 read_buf 0x7fb5a9361a00 read_bl 0
2013-03-14 18:10:27.815776 7fb587fff700 20 librbd::AioCompletion: AioCompletion::finalize() copied resulting 512 bytes to 0x7fb5a9361a00
2013-03-14 18:10:27.815905 7fb5876fd700 20 librbd: aio_read 0x7fb5a9162330 completion 0x7fb5a9289bf0 [709632,512]
2013-03-14 18:10:27.815911 7fb5876fd700 20 librbd: ictx_check 0x7fb5a9162330
2013-03-14 18:10:27.815919 7fb5876fd700 20 librbd: oid rb.0.1e1280.238e1f29.000000000000 709632~512 from [0,512]
2013-03-14 18:10:27.815924 7fb5876fd700 20 librbd::AioRequest: send 0x7fb5a9364090 rb.0.1e1280.238e1f29.000000000000 709632~512
2013-03-14 18:10:27.815940 7fb5876fd700 1 -- 172.16.156.135:0/1648258 --> 172.16.170.1:6800/1310 -- osd_op(client.2216705.0:284 rb.0.1e1280.238e1f29.000000000000 [sparse-read 709632~512] 2.dabde67b) v4 -- ?+0 0x7fb5a9368a00 con 0x7fb5a91668f0
2013-03-14 18:10:27.815955 7fb5876fd700 20 librbd::AioCompletion: AioCompletion::finish_adding_requests 0x7fb5a9289bf0 pending 1
2013-03-14 18:10:27.816937 7fb58ed64700 1 -- 172.16.156.135:0/1648258 <== osd.0 172.16.170.1:6800/1310 279 ==== osd_op_reply(284 rb.0.1e1280.238e1f29.000000000000 [sparse-read 709632~512] = 0) v4 ==== 132+0+536 (1742620085 0 3253715112) 0x7fb5a9369010 con 0x7fb5a91668f0
2013-03-14 18:10:27.816994 7fb587fff700 20 librbd::AioRequest: should_complete 0x7fb5a9364090 rb.0.1e1280.238e1f29.000000000000 709632~512 r = 0
2013-03-14 18:10:27.817007 7fb587fff700 10 librbd::AioCompletion: C_AioRead::finish() 0x7fb5a9272a80 r = 0
2013-03-14 18:10:27.817009 7fb587fff700 10 librbd::AioCompletion: got {709632=512} for [0,512] bl 512
2013-03-14 18:10:27.817013 7fb587fff700 20 librbd::AioCompletion: AioCompletion::complete_request() 0x7fb5a9289bf0 complete_cb=0x7fb5a6fc7170 pending 1
2013-03-14 18:10:27.817016 7fb587fff700 20 librbd::AioCompletion: AioCompletion::finalize() 0x7fb5a9289bf0 rval 512 read_buf 0x7fb5a9368400 read_bl 0
2013-03-14 18:10:27.817020 7fb587fff700 20 librbd::AioCompletion: AioCompletion::finalize() copied resulting 512 bytes to 0x7fb5a9368400
2013-03-14 18:10:27.817148 7fb5876fd700 20 librbd: aio_read 0x7fb5a9162330 completion 0x7fb5a9289bf0 [710144,512]
2013-03-14 18:10:27.817158 7fb5876fd700 20 librbd: ictx_check 0x7fb5a9162330
2013-03-14 18:10:27.817165 7fb5876fd700 20 librbd: oid rb.0.1e1280.238e1f29.000000000000 710144~512 from [0,512]
2013-03-14 18:10:27.817171 7fb5876fd700 20 librbd::AioRequest: send 0x7fb5a9368a00 rb.0.1e1280.238e1f29.000000000000 710144~512
2013-03-14 18:10:27.817188 7fb5876fd700 1 -- 172.16.156.135:0/1648258 --> 172.16.170.1:6800/1310 -- osd_op(client.2216705.0:285 rb.0.1e1280.238e1f29.000000000000 [sparse-read 710144~512] 2.dabde67b) v4 -- ?+0 0x7fb5a9369790 con 0x7fb5a91668f0
2013-03-14 18:10:27.817202 7fb5876fd700 20 librbd::AioCompletion: AioCompletion::finish_adding_requests 0x7fb5a9289bf0 pending 1
2013-03-14 18:10:27.818215 7fb58ed64700 1 -- 172.16.156.135:0/1648258 <== osd.0 172.16.170.1:6800/1310 280 ==== osd_op_reply(285 rb.0.1e1280.238e1f29.000000000000 [sparse-read 710144~512] = 0) v4 ==== 132+0+536 (639780681 0 1544202214) 0x7fb5a9369790 con 0x7fb5a91668f0
2013-03-14 18:10:27.818256 7fb587fff700 20 librbd::AioRequest: should_complete 0x7fb5a9368a00 rb.0.1e1280.238e1f29.000000000000 710144~512 r = 0
2013-03-14 18:10:27.818263 7fb587fff700 10 librbd::AioCompletion: C_AioRead::finish() 0x7fb5a92d59b0 r = 0
2013-03-14 18:10:27.818265 7fb587fff700 10 librbd::AioCompletion: got {710144=512} for [0,512] bl 512
2013-03-14 18:10:27.818269 7fb587fff700 20 librbd::AioCompletion: AioCompletion::complete_request() 0x7fb5a9289bf0 complete_cb=0x7fb5a6fc7170 pending 1
2013-03-14 18:10:27.818272 7fb587fff700 20 librbd::AioCompletion: AioCompletion::finalize() 0x7fb5a9289bf0 rval 512 read_buf 0x7fb5a9369400 read_bl 0
2013-03-14 18:10:27.818275 7fb587fff700 20 librbd::AioCompletion: AioCompletion::finalize() copied resulting 512 bytes to 0x7fb5a9369400
2013-03-14 18:10:27.818394 7fb5876fd700 20 librbd: aio_read 0x7fb5a9162330 completion 0x7fb5a9289bf0 [710656,512]
2013-03-14 18:10:27.818406 7fb5876fd700 20 librbd: ictx_check 0x7fb5a9162330
2013-03-14 18:10:27.818413 7fb5876fd700 20 librbd: oid rb.0.1e1280.238e1f29.000000000000 710656~512 from [0,512]
2013-03-14 18:10:27.818424 7fb5876fd700 20 librbd::AioRequest: send 0x7fb5a9369400 rb.0.1e1280.238e1f29.000000000000 710656~512
2013-03-14 18:10:27.818442 7fb5876fd700 1 -- 172.16.156.135:0/1648258 --> 172.16.170.1:6800/1310 -- osd_op(client.2216705.0:286 rb.0.1e1280.238e1f29.000000000000 [sparse-read 710656~512] 2.dabde67b) v4 -- ?+0 0x7fb5a9365000 con 0x7fb5a91668f0
2013-03-14 18:10:27.818455 7fb5876fd700 20 librbd::AioCompletion: AioCompletion::finish_adding_requests 0x7fb5a9289bf0 pending 1
2013-03-14 18:10:27.819497 7fb58ed64700 1 -- 172.16.156.135:0/1648258 <== osd.0 172.16.170.1:6800/1310 281 ==== osd_op_reply(286 rb.0.1e1280.238e1f29.000000000000 [sparse-read 710656~512] = 0) v4 ==== 132+0+536 (3862576460 0 2827857748) 0x7fb5a936e050 con 0x7fb5a91668f0
2013-03-14 18:10:27.819553 7fb587fff700 20 librbd::AioRequest: should_complete 0x7fb5a9369400 rb.0.1e1280.238e1f29.000000000000 710656~512 r = 0
2013-03-14 18:10:27.819564 7fb587fff700 10 librbd::AioCompletion: C_AioRead::finish() 0x7fb5a9322c80 r = 0
2013-03-14 18:10:27.819567 7fb587fff700 10 librbd::AioCompletion: got {710656=512} for [0,512] bl 512
2013-03-14 18:10:27.819574 7fb587fff700 20 librbd::AioCompletion: AioCompletion::complete_request() 0x7fb5a9289bf0 complete_cb=0x7fb5a6fc7170 pending 1
2013-03-14 18:10:27.819577 7fb587fff700 20 librbd::AioCompletion: AioCompletion::finalize() 0x7fb5a9289bf0 rval 512 read_buf 0x7fb5a9364a00 read_bl 0
2013-03-14 18:10:27.819582 7fb587fff700 20 librbd::AioCompletion: AioCompletion::finalize() copied resulting 512 bytes to 0x7fb5a9364a00
2013-03-14 18:10:27.819757 7fb5876fd700 20 librbd: aio_read 0x7fb5a9162330 completion 0x7fb5a9289bf0 [711168,512]
2013-03-14 18:10:27.819767 7fb5876fd700 20 librbd: ictx_check 0x7fb5a9162330
2013-03-14 18:10:27.819775 7fb5876fd700 20 librbd: oid rb.0.1e1280.238e1f29.000000000000 711168~512 from [0,512]
2013-03-14 18:10:27.819779 7fb5876fd700 20 librbd::AioRequest: send 0x7fb5a9365080 rb.0.1e1280.238e1f29.000000000000 711168~512
2013-03-14 18:10:27.819796 7fb5876fd700 1 -- 172.16.156.135:0/1648258 --> 172.16.170.1:6800/1310 -- osd_op(client.2216705.0:287 rb.0.1e1280.238e1f29.000000000000 [sparse-read 711168~512] 2.dabde67b) v4 -- ?+0 0x7fb5a9366200 con 0x7fb5a91668f0
2013-03-14 18:10:27.819810 7fb5876fd700 20 librbd::AioCompletion: AioCompletion::finish_adding_requests 0x7fb5a9289bf0 pending 1
2013-03-14 18:10:27.820816 7fb58ed64700 1 -- 172.16.156.135:0/1648258 <== osd.0 172.16.170.1:6800/1310 282 ==== osd_op_reply(287 rb.0.1e1280.238e1f29.000000000000 [sparse-read 711168~512] = 0) v4 ==== 132+0+536 (2814787504 0 1578024197) 0x7fb5a9366810 con 0x7fb5a91668f0
2013-03-14 18:10:27.820867 7fb587fff700 20 librbd::AioRequest: should_complete 0x7fb5a9365080 rb.0.1e1280.238e1f29.000000000000 711168~512 r = 0
2013-03-14 18:10:27.820875 7fb587fff700 10 librbd::AioCompletion: C_AioRead::finish() 0x7fb5a93000d0 r = 0
2013-03-14 18:10:27.820877 7fb587fff700 10 librbd::AioCompletion: got {711168=512} for [0,512] bl 512
2013-03-14 18:10:27.820883 7fb587fff700 20 librbd::AioCompletion: AioCompletion::complete_request() 0x7fb5a9289bf0 complete_cb=0x7fb5a6fc7170 pending 1
2013-03-14 18:10:27.820886 7fb587fff700 20 librbd::AioCompletion: AioCompletion::finalize() 0x7fb5a9289bf0 rval 512 read_buf 0x7fb5a9365c00 read_bl 0
2013-03-14 18:10:27.820890 7fb587fff700 20 librbd::AioCompletion: AioCompletion::finalize() copied resulting 512 bytes to 0x7fb5a9365c00
2013-03-14 18:10:27.821035 7fb5876fd700 20 librbd: aio_read 0x7fb5a9162330 completion 0x7fb5a9289bf0 [711680,512]
2013-03-14 18:10:27.821045 7fb5876fd700 20 librbd: ictx_check 0x7fb5a9162330
2013-03-14 18:10:27.821052 7fb5876fd700 20 librbd: oid rb.0.1e1280.238e1f29.000000000000 711680~512 from [0,512]
2013-03-14 18:10:27.821057 7fb5876fd700 20 librbd::AioRequest: send 0x7fb5a9366200 rb.0.1e1280.238e1f29.000000000000 711680~512
2013-03-14 18:10:27.821074 7fb5876fd700 1 -- 172.16.156.135:0/1648258 --> 172.16.170.1:6800/1310 -- osd_op(client.2216705.0:288 rb.0.1e1280.238e1f29.000000000000 [sparse-read 711680~512] 2.dabde67b) v4 -- ?+0 0x7fb5a9367200 con 0x7fb5a91668f0
2013-03-14 18:10:27.821087 7fb5876fd700 20 librbd::AioCompletion: AioCompletion::finish_adding_requests 0x7fb5a9289bf0 pending 1
2013-03-14 18:10:27.822059 7fb58ed64700 1 -- 172.16.156.135:0/1648258 <== osd.0 172.16.170.1:6800/1310 283 ==== osd_op_reply(288 rb.0.1e1280.238e1f29.000000000000 [sparse-read 711680~512] = 0) v4 ==== 132+0+536 (1707227316 0 2125960453) 0x7fb5a9367810 con 0x7fb5a91668f0
2013-03-14 18:10:27.822106 7fb587fff700 20 librbd::AioRequest: should_complete 0x7fb5a9366200 rb.0.1e1280.238e1f29.000000000000 711680~512 r = 0
2013-03-14 18:10:27.822114 7fb587fff700 10 librbd::AioCompletion: C_AioRead::finish() 0x7fb5a929ccf0 r = 0
2013-03-14 18:10:27.822116 7fb587fff700 10 librbd::AioCompletion: got {711680=512} for [0,512] bl 512
2013-03-14 18:10:27.822121 7fb587fff700 20 librbd::AioCompletion: AioCompletion::complete_request() 0x7fb5a9289bf0 complete_cb=0x7fb5a6fc7170 pending 1
2013-03-14 18:10:27.822125 7fb587fff700 20 librbd::AioCompletion: AioCompletion::finalize() 0x7fb5a9289bf0 rval 512 read_buf 0x7fb5a9366c00 read_bl 0
2013-03-14 18:10:27.822129 7fb587fff700 20 librbd::AioCompletion: AioCompletion::finalize() copied resulting 512 bytes to 0x7fb5a9366c00
2013-03-14 18:10:27.822284 7fb5876fd700 20 librbd: aio_read 0x7fb5a9162330 completion 0x7fb5a9289bf0 [712192,512]
2013-03-14 18:10:27.822294 7fb5876fd700 20 librbd: ictx_check 0x7fb5a9162330
2013-03-14 18:10:27.822301 7fb5876fd700 20 librbd: oid rb.0.1e1280.238e1f29.000000000000 712192~512 from [0,512]
2013-03-14 18:10:27.822306 7fb5876fd700 20 librbd::AioRequest: send 0x7fb5a9367200 rb.0.1e1280.238e1f29.000000000000 712192~512
2013-03-14 18:10:27.822323 7fb5876fd700 1 -- 172.16.156.135:0/1648258 --> 172.16.170.1:6800/1310 -- osd_op(client.2216705.0:289 rb.0.1e1280.238e1f29.000000000000 [sparse-read 712192~512] 2.dabde67b) v4 -- ?+0 0x7fb5a936a210 con 0x7fb5a91668f0
2013-03-14 18:10:27.822336 7fb5876fd700 20 librbd::AioCompletion: AioCompletion::finish_adding_requests 0x7fb5a9289bf0 pending 1
2013-03-14 18:10:27.823440 7fb58ed64700 1 -- 172.16.156.135:0/1648258 <== osd.0 172.16.170.1:6800/1310 284 ==== osd_op_reply(289 rb.0.1e1280.238e1f29.000000000000 [sparse-read 712192~512] = 0) v4 ==== 132+0+536 (608057928 0 3102041594) 0x7fb5a936a820 con 0x7fb5a91668f0
2013-03-14 18:10:27.823508 7fb587fff700 20 librbd::AioRequest: should_complete 0x7fb5a9367200 rb.0.1e1280.238e1f29.000000000000 712192~512 r = 0
2013-03-14 18:10:27.823518 7fb587fff700 10 librbd::AioCompletion: C_AioRead::finish() 0x7fb5a932cef0 r = 0
2013-03-14 18:10:27.823520 7fb587fff700 10 librbd::AioCompletion: got {712192=512} for [0,512] bl 512
2013-03-14 18:10:27.823528 7fb587fff700 20 librbd::AioCompletion: AioCompletion::complete_request() 0x7fb5a9289bf0 complete_cb=0x7fb5a6fc7170 pending 1
2013-03-14 18:10:27.823532 7fb587fff700 20 librbd::AioCompletion: AioCompletion::finalize() 0x7fb5a9289bf0 rval 512 read_buf 0x7fb5a9367c00 read_bl 0
2013-03-14 18:10:27.823536 7fb587fff700 20 librbd::AioCompletion: AioCompletion::finalize() copied resulting 512 bytes to 0x7fb5a9367c00
2013-03-14 18:10:27.823673 7fb5876fd700 20 librbd: aio_read 0x7fb5a9162330 completion 0x7fb5a9289bf0 [712704,512]
2013-03-14 18:10:27.823678 7fb5876fd700 20 librbd: ictx_check 0x7fb5a9162330
2013-03-14 18:10:27.823685 7fb5876fd700 20 librbd: oid rb.0.1e1280.238e1f29.000000000000 712704~512 from [0,512]
2013-03-14 18:10:27.823690 7fb5876fd700 20 librbd::AioRequest: send 0x7fb5a9367ee0 rb.0.1e1280.238e1f29.000000000000 712704~512
2013-03-14 18:10:27.823707 7fb5876fd700 1 -- 172.16.156.135:0/1648258 --> 172.16.170.1:6800/1310 -- osd_op(client.2216705.0:290 rb.0.1e1280.238e1f29.000000000000 [sparse-read 712704~512] 2.dabde67b) v4 -- ?+0 0x7fb5a936e900 con 0x7fb5a91668f0
2013-03-14 18:10:27.823725 7fb5876fd700 20 librbd::AioCompletion: AioCompletion::finish_adding_requests 0x7fb5a9289bf0 pending 1
2013-03-14 18:10:27.824821 7fb58ed64700 1 -- 172.16.156.135:0/1648258 <== osd.0 172.16.170.1:6800/1310 285 ==== osd_op_reply(290 rb.0.1e1280.238e1f29.000000000000 [sparse-read 712704~512] = 0) v4 ==== 132+0+536 (3899608651 0 710492585) 0x7fb5a936ef10 con 0x7fb5a91668f0
2013-03-14 18:10:27.824877 7fb587fff700 20 librbd::AioRequest: should_complete 0x7fb5a9367ee0 rb.0.1e1280.238e1f29.000000000000 712704~512 r = 0
2013-03-14 18:10:27.824888 7fb587fff700 10 librbd::AioCompletion: C_AioRead::finish() 0x7fb5a92c82b0 r = 0
2013-03-14 18:10:27.824890 7fb587fff700 10 librbd::AioCompletion: got {712704=512} for [0,512] bl 512
2013-03-14 18:10:27.824897 7fb587fff700 20 librbd::AioCompletion: AioCompletion::complete_request() 0x7fb5a9289bf0 complete_cb=0x7fb5a6fc7170 pending 1
2013-03-14 18:10:27.824900 7fb587fff700 20 librbd::AioCompletion: AioCompletion::finalize() 0x7fb5a9289bf0 rval 512 read_buf 0x7fb5a9367c00 read_bl 0
2013-03-14 18:10:27.824904 7fb587fff700 20 librbd::AioCompletion: AioCompletion::finalize() copied resulting 512 bytes to 0x7fb5a9367c00
2013-03-14 18:10:27.825039 7fb5876fd700 20 librbd: aio_read 0x7fb5a9162330 completion 0x7fb5a9289bf0 [713216,512]
2013-03-14 18:10:27.825049 7fb5876fd700 20 librbd: ictx_check 0x7fb5a9162330
2013-03-14 18:10:27.825056 7fb5876fd700 20 librbd: oid rb.0.1e1280.238e1f29.000000000000 713216~512 from [0,512]
2013-03-14 18:10:27.825061 7fb5876fd700 20 librbd::AioRequest: send 0x7fb5a936a160 rb.0.1e1280.238e1f29.000000000000 713216~512
2013-03-14 18:10:27.825078 7fb5876fd700 1 -- 172.16.156.135:0/1648258 --> 172.16.170.1:6800/1310 -- osd_op(client.2216705.0:291 rb.0.1e1280.238e1f29.000000000000 [sparse-read 713216~512] 2.dabde67b) v4 -- ?+0 0x7fb5a936f9d0 con 0x7fb5a91668f0
2013-03-14 18:10:27.825092 7fb5876fd700 20 librbd::AioCompletion: AioCompletion::finish_adding_requests 0x7fb5a9289bf0 pending 1
2013-03-14 18:10:27.826124 7fb58ed64700 1 -- 172.16.156.135:0/1648258 <== osd.0 172.16.170.1:6800/1310 286 ==== osd_op_reply(291 rb.0.1e1280.238e1f29.000000000000 [sparse-read 713216~512] = 0) v4 ==== 132+0+536 (2845002935 0 3569038620) 0x7fb5a936a820 con 0x7fb5a91668f0
2013-03-14 18:10:27.826258 7fb587fff700 20 librbd::AioRequest: should_complete 0x7fb5a936a160 rb.0.1e1280.238e1f29.000000000000 713216~512 r = 0
2013-03-14 18:10:27.826268 7fb587fff700 10 librbd::AioCompletion: C_AioRead::finish() 0x7fb5a9349230 r = 0
2013-03-14 18:10:27.826271 7fb587fff700 10 librbd::AioCompletion: got {713216=512} for [0,512] bl 512
2013-03-14 18:10:27.826278 7fb587fff700 20 librbd::AioCompletion: AioCompletion::complete_request() 0x7fb5a9289bf0 complete_cb=0x7fb5a6fc7170 pending 1
2013-03-14 18:10:27.826282 7fb587fff700 20 librbd::AioCompletion: AioCompletion::finalize() 0x7fb5a9289bf0 rval 512 read_buf 0x7fb5a936f600 read_bl 0
2013-03-14 18:10:27.826287 7fb587fff700 20 librbd::AioCompletion: AioCompletion::finalize() copied resulting 512 bytes to 0x7fb5a936f600
2013-03-14 18:10:27.826552 7fb5876fd700 20 librbd: aio_read 0x7fb5a9162330 completion 0x7fb5a9289bf0 [713728,512]
2013-03-14 18:10:27.826562 7fb5876fd700 20 librbd: ictx_check 0x7fb5a9162330
2013-03-14 18:10:27.826570 7fb5876fd700 20 librbd: oid rb.0.1e1280.238e1f29.000000000000 713728~512 from [0,512]
2013-03-14 18:10:27.826575 7fb5876fd700 20 librbd::AioRequest: send 0x7fb5a936e900 rb.0.1e1280.238e1f29.000000000000 713728~512
2013-03-14 18:10:27.826593 7fb5876fd700 1 -- 172.16.156.135:0/1648258 --> 172.16.170.1:6800/1310 -- osd_op(client.2216705.0:292 rb.0.1e1280.238e1f29.000000000000 [sparse-read 713728~512] 2.dabde67b) v4 -- ?+0 0x7fb5a936b390 con 0x7fb5a91668f0
2013-03-14 18:10:27.826606 7fb5876fd700 20 librbd::AioCompletion: AioCompletion::finish_adding_requests 0x7fb5a9289bf0 pending 1
2013-03-14 18:10:27.827826 7fb58ed64700 1 -- 172.16.156.135:0/1648258 <== osd.0 172.16.170.1:6800/1310 287 ==== osd_op_reply(292 rb.0.1e1280.238e1f29.000000000000 [sparse-read 713728~512] = 0) v4 ==== 132+0+536 (1805077427 0 2229242691) 0x7fb5a9374050 con 0x7fb5a91668f0
2013-03-14 18:10:27.827872 7fb587fff700 20 librbd::AioRequest: should_complete 0x7fb5a936e900 rb.0.1e1280.238e1f29.000000000000 713728~512 r = 0
2013-03-14 18:10:27.827884 7fb587fff700 10 librbd::AioCompletion: C_AioRead::finish() 0x7fb5a9309ad0 r = 0
2013-03-14 18:10:27.827886 7fb587fff700 10 librbd::AioCompletion: got {713728=512} for [0,512] bl 512
2013-03-14 18:10:27.827891 7fb587fff700 20 librbd::AioCompletion: AioCompletion::complete_request() 0x7fb5a9289bf0 complete_cb=0x7fb5a6fc7170 pending 1
2013-03-14 18:10:27.827893 7fb587fff700 20 librbd::AioCompletion: AioCompletion::finalize() 0x7fb5a9289bf0 rval 512 read_buf 0x7fb5a936b000 read_bl 0
2013-03-14 18:10:27.827897 7fb587fff700 20 librbd::AioCompletion: AioCompletion::finalize() copied resulting 512 bytes to 0x7fb5a936b000
2013-03-14 18:10:27.828039 7fb5876fd700 20 librbd: aio_read 0x7fb5a9162330 completion 0x7fb5a9289bf0 [714240,512]
2013-03-14 18:10:27.828049 7fb5876fd700 20 librbd: ictx_check 0x7fb5a9162330
2013-03-14 18:10:27.828056 7fb5876fd700 20 librbd: oid rb.0.1e1280.238e1f29.000000000000 714240~512 from [0,512]
2013-03-14 18:10:27.828061 7fb5876fd700 20 librbd::AioRequest: send 0x7fb5a936f920 rb.0.1e1280.238e1f29.000000000000 714240~512
2013-03-14 18:10:27.828078 7fb5876fd700 1 -- 172.16.156.135:0/1648258 --> 172.16.170.1:6800/1310 -- osd_op(client.2216705.0:293 rb.0.1e1280.238e1f29.000000000000 [sparse-read 714240~512] 2.dabde67b) v4 -- ?+0 0x7fb5a936c390 con 0x7fb5a91668f0
2013-03-14 18:10:27.828092 7fb5876fd700 20 librbd::AioCompletion: AioCompletion::finish_adding_requests 0x7fb5a9289bf0 pending 1
2013-03-14 18:10:27.829331 7fb58ed64700 1 -- 172.16.156.135:0/1648258 <== osd.0 172.16.170.1:6800/1310 288 ==== osd_op_reply(293 rb.0.1e1280.238e1f29.000000000000 [sparse-read 714240~512] = 0) v4 ==== 132+0+536 (711674191 0 759318324) 0x7fb5a936c920 con 0x7fb5a91668f0
2013-03-14 18:10:27.829446 7fb587fff700 20 librbd::AioRequest: should_complete 0x7fb5a936f920 rb.0.1e1280.238e1f29.000000000000 714240~512 r = 0
2013-03-14 18:10:27.829466 7fb587fff700 10 librbd::AioCompletion: C_AioRead::finish() 0x7fb5a92998d0 r = 0
2013-03-14 18:10:27.829470 7fb587fff700 10 librbd::AioCompletion: got {714240=512} for [0,512] bl 512
2013-03-14 18:10:27.829475 7fb587fff700 20 librbd::AioCompletion: AioCompletion::complete_request() 0x7fb5a9289bf0 complete_cb=0x7fb5a6fc7170 pending 1
2013-03-14 18:10:27.829478 7fb587fff700 20 librbd::AioCompletion: AioCompletion::finalize() 0x7fb5a9289bf0 rval 512 read_buf 0x7fb5a936c000 read_bl 0
2013-03-14 18:10:27.829483 7fb587fff700 20 librbd::AioCompletion: AioCompletion::finalize() copied resulting 512 bytes to 0x7fb5a936c000
2013-03-14 18:10:27.829622 7fb5876fd700 20 librbd: aio_read 0x7fb5a9162330 completion 0x7fb5a9289bf0 [714752,512]
2013-03-14 18:10:27.829632 7fb5876fd700 20 librbd: ictx_check 0x7fb5a9162330
2013-03-14 18:10:27.829639 7fb5876fd700 20 librbd: oid rb.0.1e1280.238e1f29.000000000000 714752~512 from [0,512]
2013-03-14 18:10:27.829644 7fb5876fd700 20 librbd::AioRequest: send 0x7fb5a936b2e0 rb.0.1e1280.238e1f29.000000000000 714752~512
2013-03-14 18:10:27.829662 7fb5876fd700 1 -- 172.16.156.135:0/1648258 --> 172.16.170.1:6800/1310 -- osd_op(client.2216705.0:294 rb.0.1e1280.238e1f29.000000000000 [sparse-read 714752~512] 2.dabde67b) v4 -- ?+0 0x7fb5a936d260 con 0x7fb5a91668f0
2013-03-14 18:10:27.829676 7fb5876fd700 20 librbd::AioCompletion: AioCompletion::finish_adding_requests 0x7fb5a9289bf0 pending 1
2013-03-14 18:10:27.830672 7fb58ed64700 1 -- 172.16.156.135:0/1648258 <== osd.0 172.16.170.1:6800/1310 289 ==== osd_op_reply(294 rb.0.1e1280.238e1f29.000000000000 [sparse-read 714752~512] = 0) v4 ==== 132+0+536 (3933418314 0 2790300356) 0x7fb5a936d870 con 0x7fb5a91668f0
2013-03-14 18:10:27.830759 7fb587fff700 20 librbd::AioRequest: should_complete 0x7fb5a936b2e0 rb.0.1e1280.238e1f29.000000000000 714752~512 r = 0
2013-03-14 18:10:27.830773 7fb587fff700 10 librbd::AioCompletion: C_AioRead::finish() 0x7fb5a92aa5f0 r = 0
2013-03-14 18:10:27.830777 7fb587fff700 10 librbd::AioCompletion: got {714752=512} for [0,512] bl 512
2013-03-14 18:10:27.830784 7fb587fff700 20 librbd::AioCompletion: AioCompletion::complete_request() 0x7fb5a9289bf0 complete_cb=0x7fb5a6fc7170 pending 1
2013-03-14 18:10:27.830788 7fb587fff700 20 librbd::AioCompletion: AioCompletion::finalize() 0x7fb5a9289bf0 rval 512 read_buf 0x7fb5a936d000 read_bl 0
2013-03-14 18:10:27.830793 7fb587fff700 20 librbd::AioCompletion: AioCompletion::finalize() copied resulting 512 bytes to 0x7fb5a936d000
2013-03-14 18:10:27.830931 7fb5876fd700 20 librbd: aio_read 0x7fb5a9162330 completion 0x7fb5a9289bf0 [715264,512]
2013-03-14 18:10:27.830940 7fb5876fd700 20 librbd: ictx_check 0x7fb5a9162330
2013-03-14 18:10:27.830948 7fb5876fd700 20 librbd: oid rb.0.1e1280.238e1f29.000000000000 715264~512 from [0,512]
2013-03-14 18:10:27.830953 7fb5876fd700 20 librbd::AioRequest: send 0x7fb5a936d210 rb.0.1e1280.238e1f29.000000000000 715264~512
2013-03-14 18:10:27.830970 7fb5876fd700 1 -- 172.16.156.135:0/1648258 --> 172.16.170.1:6800/1310 -- osd_op(client.2216705.0:295 rb.0.1e1280.238e1f29.000000000000 [sparse-read 715264~512] 2.dabde67b) v4 -- ?+0 0x7fb5a9370480 con 0x7fb5a91668f0
2013-03-14 18:10:27.830983 7fb5876fd700 20 librbd::AioCompletion: AioCompletion::finish_adding_requests 0x7fb5a9289bf0 pending 1
2013-03-14 18:10:27.832265 7fb58ed64700 1 -- 172.16.156.135:0/1648258 <== osd.0 172.16.170.1:6800/1310 290 ==== osd_op_reply(295 rb.0.1e1280.238e1f29.000000000000 [sparse-read 715264~512] = 0) v4 ==== 132+0+536 (2878288310 0 4182289882) 0x7fb5a9370a90 con 0x7fb5a91668f0
2013-03-14 18:10:27.832356 7fb587fff700 20 librbd::AioRequest: should_complete 0x7fb5a936d210 rb.0.1e1280.238e1f29.000000000000 715264~512 r = 0
2013-03-14 18:10:27.832368 7fb587fff700 10 librbd::AioCompletion: C_AioRead::finish() 0x7fb5a92c2cd0 r = 0
2013-03-14 18:10:27.832373 7fb587fff700 10 librbd::AioCompletion: got {715264=512} for [0,512] bl 512
2013-03-14 18:10:27.832382 7fb587fff700 20 librbd::AioCompletion: AioCompletion::complete_request() 0x7fb5a9289bf0 complete_cb=0x7fb5a6fc7170 pending 1
2013-03-14 18:10:27.832390 7fb587fff700 20 librbd::AioCompletion: AioCompletion::finalize() 0x7fb5a9289bf0 rval 512 read_buf 0x7fb5a936d000 read_bl 0
2013-03-14 18:10:27.832398 7fb587fff700 20 librbd::AioCompletion: AioCompletion::finalize() copied resulting 512 bytes to 0x7fb5a936d000
2013-03-14 18:10:27.832582 7fb5876fd700 20 librbd: aio_read 0x7fb5a9162330 completion 0x7fb5a9289bf0 [715776,512]
2013-03-14 18:10:27.832592 7fb5876fd700 20 librbd: ictx_check 0x7fb5a9162330
2013-03-14 18:10:27.832599 7fb5876fd700 20 librbd: oid rb.0.1e1280.238e1f29.000000000000 715776~512 from [0,512]
2013-03-14 18:10:27.832604 7fb5876fd700 20 librbd::AioRequest: send 0x7fb5a9370090 rb.0.1e1280.238e1f29.000000000000 715776~512
2013-03-14 18:10:27.832621 7fb5876fd700 1 -- 172.16.156.135:0/1648258 --> 172.16.170.1:6800/1310 -- osd_op(client.2216705.0:296 rb.0.1e1280.238e1f29.000000000000 [sparse-read 715776~512] 2.dabde67b) v4 -- ?+0 0x7fb5a9374a00 con 0x7fb5a91668f0
2013-03-14 18:10:27.832636 7fb5876fd700 20 librbd::AioCompletion: AioCompletion::finish_adding_requests 0x7fb5a9289bf0 pending 1
2013-03-14 18:10:27.833752 7fb58ed64700 1 -- 172.16.156.135:0/1648258 <== osd.0 172.16.170.1:6800/1310 291 ==== osd_op_reply(296 rb.0.1e1280.238e1f29.000000000000 [sparse-read 715776~512] = 0) v4 ==== 132+0+536 (1770731186 0 2628763086) 0x7fb5a9375010 con 0x7fb5a91668f0
2013-03-14 18:10:27.833861 7fb587fff700 20 librbd::AioRequest: should_complete 0x7fb5a9370090 rb.0.1e1280.238e1f29.000000000000 715776~512 r = 0
2013-03-14 18:10:27.833872 7fb587fff700 10 librbd::AioCompletion: C_AioRead::finish() 0x7fb5a92d3550 r = 0
2013-03-14 18:10:27.833877 7fb587fff700 10 librbd::AioCompletion: got {715776=512} for [0,512] bl 512
2013-03-14 18:10:27.833887 7fb587fff700 20 librbd::AioCompletion: AioCompletion::complete_request() 0x7fb5a9289bf0 complete_cb=0x7fb5a6fc7170 pending 1
2013-03-14 18:10:27.833895 7fb587fff700 20 librbd::AioCompletion: AioCompletion::finalize() 0x7fb5a9289bf0 rval 512 read_buf 0x7fb5a9374600 read_bl 0
