2013-03-14 18:10:27.905266 7fb5876fd700 20 librbd::AioCompletion: AioCompletion::finish_adding_requests 0x7fb5a9289bf0 pending 1
2013-03-14 18:10:27.906264 7fb58ed64700 1 -- 172.16.156.135:0/1648258 <== osd.0 172.16.170.1:6800/1310 345 ==== osd_op_reply(350 rb.0.1e1280.238e1f29.000000000000 [sparse-read 743424~512] = 0) v4 ==== 132+0+536 (2222083452 0 3590772747) 0x7fb5a93b0050 con 0x7fb5a91668f0
2013-03-14 18:10:27.906343 7fb587fff700 20 librbd::AioRequest: should_complete 0x7fb5a93ab3c0 rb.0.1e1280.238e1f29.000000000000 743424~512 r = 0
2013-03-14 18:10:27.906409 7fb587fff700 10 librbd::AioCompletion: C_AioRead::finish() 0x7fb5a930fc60 r = 0
2013-03-14 18:10:27.906414 7fb587fff700 10 librbd::AioCompletion: got {743424=512} for [0,512] bl 512
2013-03-14 18:10:27.906421 7fb587fff700 20 librbd::AioCompletion: AioCompletion::complete_request() 0x7fb5a9289bf0 complete_cb=0x7fb5a6fc7170 pending 1
2013-03-14 18:10:27.906425 7fb587fff700 20 librbd::AioCompletion: AioCompletion::finalize() 0x7fb5a9289bf0 rval 512 read_buf 0x7fb5a93a8400 read_bl 0
2013-03-14 18:10:27.906430 7fb587fff700 20 librbd::AioCompletion: AioCompletion::finalize() copied resulting 512 bytes to 0x7fb5a93a8400
2013-03-14 18:10:27.906611 7fb5876fd700 20 librbd: aio_read 0x7fb5a9162330 completion 0x7fb5a9289bf0 [743936,512]
2013-03-14 18:10:27.906619 7fb5876fd700 20 librbd: ictx_check 0x7fb5a9162330
2013-03-14 18:10:27.906627 7fb5876fd700 20 librbd: oid rb.0.1e1280.238e1f29.000000000000 743936~512 from [0,512]
2013-03-14 18:10:27.906631 7fb5876fd700 20 librbd::AioRequest: send 0x7fb5a93a9280 rb.0.1e1280.238e1f29.000000000000 743936~512
2013-03-14 18:10:27.906647 7fb5876fd700 1 -- 172.16.156.135:0/1648258 --> 172.16.170.1:6800/1310 -- osd_op(client.2216705.0:351 rb.0.1e1280.238e1f29.000000000000 [sparse-read 743936~512] 2.dabde67b) v4 -- ?+0 0x7fb5a93a9790 con 0x7fb5a91668f0
2013-03-14 18:10:27.906661 7fb5876fd700 20 librbd::AioCompletion: AioCompletion::finish_adding_requests 0x7fb5a9289bf0 pending 1
2013-03-14 18:10:27.907732 7fb58ed64700 1 -- 172.16.156.135:0/1648258 <== osd.0 172.16.170.1:6800/1310 346 ==== osd_op_reply(351 rb.0.1e1280.238e1f29.000000000000 [sparse-read 743936~512] = 0) v4 ==== 132+0+536 (3314438016 0 294234447) 0x7fb5a93a9da0 con 0x7fb5a91668f0
2013-03-14 18:10:27.907773 7fb587fff700 20 librbd::AioRequest: should_complete 0x7fb5a93a9280 rb.0.1e1280.238e1f29.000000000000 743936~512 r = 0
2013-03-14 18:10:27.907787 7fb587fff700 10 librbd::AioCompletion: C_AioRead::finish() 0x7fb5a926e160 r = 0
2013-03-14 18:10:27.907790 7fb587fff700 10 librbd::AioCompletion: got {743936=512} for [0,512] bl 512
2013-03-14 18:10:27.907797 7fb587fff700 20 librbd::AioCompletion: AioCompletion::complete_request() 0x7fb5a9289bf0 complete_cb=0x7fb5a6fc7170 pending 1
2013-03-14 18:10:27.907802 7fb587fff700 20 librbd::AioCompletion: AioCompletion::finalize() 0x7fb5a9289bf0 rval 512 read_buf 0x7fb5a93a9400 read_bl 0
2013-03-14 18:10:27.907807 7fb587fff700 20 librbd::AioCompletion: AioCompletion::finalize() copied resulting 512 bytes to 0x7fb5a93a9400
2013-03-14 18:10:27.908006 7fb5876fd700 20 librbd: aio_read 0x7fb5a9162330 completion 0x7fb5a9289bf0 [744448,512]
2013-03-14 18:10:27.908015 7fb5876fd700 20 librbd: ictx_check 0x7fb5a9162330
2013-03-14 18:10:27.908023 7fb5876fd700 20 librbd: oid rb.0.1e1280.238e1f29.000000000000 744448~512 from [0,512]
2013-03-14 18:10:27.908027 7fb5876fd700 20 librbd::AioRequest: send 0x7fb5a93a8700 rb.0.1e1280.238e1f29.000000000000 744448~512
2013-03-14 18:10:27.908042 7fb5876fd700 1 -- 172.16.156.135:0/1648258 --> 172.16.170.1:6800/1310 -- osd_op(client.2216705.0:352 rb.0.1e1280.238e1f29.000000000000 [sparse-read 744448~512] 2.dabde67b) v4 -- ?+0 0x7fb5a93aa880 con 0x7fb5a91668f0
2013-03-14 18:10:27.908057 7fb5876fd700 20 librbd::AioCompletion: AioCompletion::finish_adding_requests 0x7fb5a9289bf0 pending 1
2013-03-14 18:10:27.909050 7fb58ed64700 1 -- 172.16.156.135:0/1648258 <== osd.0 172.16.170.1:6800/1310 347 ==== osd_op_reply(352 rb.0.1e1280.238e1f29.000000000000 [sparse-read 744448~512] = 0) v4 ==== 132+0+536 (126503044 0 922416877) 0x7fb5a93aa880 con 0x7fb5a91668f0
2013-03-14 18:10:27.909084 7fb587fff700 20 librbd::AioRequest: should_complete 0x7fb5a93a8700 rb.0.1e1280.238e1f29.000000000000 744448~512 r = 0
2013-03-14 18:10:27.909092 7fb587fff700 10 librbd::AioCompletion: C_AioRead::finish() 0x7fb5a935dad0 r = 0
2013-03-14 18:10:27.909094 7fb587fff700 10 librbd::AioCompletion: got {744448=512} for [0,512] bl 512
2013-03-14 18:10:27.909100 7fb587fff700 20 librbd::AioCompletion: AioCompletion::complete_request() 0x7fb5a9289bf0 complete_cb=0x7fb5a6fc7170 pending 1
2013-03-14 18:10:27.909103 7fb587fff700 20 librbd::AioCompletion: AioCompletion::finalize() 0x7fb5a9289bf0 rval 512 read_buf 0x7fb5a93aa400 read_bl 0
2013-03-14 18:10:27.909107 7fb587fff700 20 librbd::AioCompletion: AioCompletion::finalize() copied resulting 512 bytes to 0x7fb5a93aa400
2013-03-14 18:10:27.909261 7fb5876fd700 20 librbd: aio_read 0x7fb5a9162330 completion 0x7fb5a9289bf0 [744960,512]
2013-03-14 18:10:27.909269 7fb5876fd700 20 librbd: ictx_check 0x7fb5a9162330
2013-03-14 18:10:27.909277 7fb5876fd700 20 librbd: oid rb.0.1e1280.238e1f29.000000000000 744960~512 from [0,512]
2013-03-14 18:10:27.909281 7fb5876fd700 20 librbd::AioRequest: send 0x7fb5a93a94d0 rb.0.1e1280.238e1f29.000000000000 744960~512
2013-03-14 18:10:27.909296 7fb5876fd700 1 -- 172.16.156.135:0/1648258 --> 172.16.170.1:6800/1310 -- osd_op(client.2216705.0:353 rb.0.1e1280.238e1f29.000000000000 [sparse-read 744960~512] 2.dabde67b) v4 -- ?+0 0x7fb5a93b0a00 con 0x7fb5a91668f0
2013-03-14 18:10:27.909309 7fb5876fd700 20 librbd::AioCompletion: AioCompletion::finish_adding_requests 0x7fb5a9289bf0 pending 1
2013-03-14 18:10:27.910296 7fb58ed64700 1 -- 172.16.156.135:0/1648258 <== osd.0 172.16.170.1:6800/1310 348 ==== osd_op_reply(353 rb.0.1e1280.238e1f29.000000000000 [sparse-read 744960~512] = 0) v4 ==== 132+0+536 (1182157432 0 4111046127) 0x7fb5a93b1010 con 0x7fb5a91668f0
2013-03-14 18:10:27.910338 7fb587fff700 20 librbd::AioRequest: should_complete 0x7fb5a93a94d0 rb.0.1e1280.238e1f29.000000000000 744960~512 r = 0
2013-03-14 18:10:27.910347 7fb587fff700 10 librbd::AioCompletion: C_AioRead::finish() 0x7fb5a9292550 r = 0
2013-03-14 18:10:27.910349 7fb587fff700 10 librbd::AioCompletion: got {744960=512} for [0,512] bl 512
2013-03-14 18:10:27.910354 7fb587fff700 20 librbd::AioCompletion: AioCompletion::complete_request() 0x7fb5a9289bf0 complete_cb=0x7fb5a6fc7170 pending 1
2013-03-14 18:10:27.910358 7fb587fff700 20 librbd::AioCompletion: AioCompletion::finalize() 0x7fb5a9289bf0 rval 512 read_buf 0x7fb5a93b0400 read_bl 0
2013-03-14 18:10:27.910362 7fb587fff700 20 librbd::AioCompletion: AioCompletion::finalize() copied resulting 512 bytes to 0x7fb5a93b0400
2013-03-14 18:10:27.910534 7fb5876fd700 20 librbd: aio_read 0x7fb5a9162330 completion 0x7fb5a9289bf0 [745472,512]
2013-03-14 18:10:27.910546 7fb5876fd700 20 librbd: ictx_check 0x7fb5a9162330
2013-03-14 18:10:27.910556 7fb5876fd700 20 librbd: oid rb.0.1e1280.238e1f29.000000000000 745472~512 from [0,512]
2013-03-14 18:10:27.910560 7fb5876fd700 20 librbd::AioRequest: send 0x7fb5a93b0ad0 rb.0.1e1280.238e1f29.000000000000 745472~512
2013-03-14 18:10:27.910575 7fb5876fd700 1 -- 172.16.156.135:0/1648258 --> 172.16.170.1:6800/1310 -- osd_op(client.2216705.0:354 rb.0.1e1280.238e1f29.000000000000 [sparse-read 745472~512] 2.dabde67b) v4 -- ?+0 0x7fb5a93b18c0 con 0x7fb5a91668f0
2013-03-14 18:10:27.910588 7fb5876fd700 20 librbd::AioCompletion: AioCompletion::finish_adding_requests 0x7fb5a9289bf0 pending 1
2013-03-14 18:10:27.911747 7fb58ed64700 1 -- 172.16.156.135:0/1648258 <== osd.0 172.16.170.1:6800/1310 349 ==== osd_op_reply(354 rb.0.1e1280.238e1f29.000000000000 [sparse-read 745472~512] = 0) v4 ==== 132+0+536 (2317827707 0 1708669606) 0x7fb5a93ac090 con 0x7fb5a91668f0
2013-03-14 18:10:27.911787 7fb587fff700 20 librbd::AioRequest: should_complete 0x7fb5a93b0ad0 rb.0.1e1280.238e1f29.000000000000 745472~512 r = 0
2013-03-14 18:10:27.911799 7fb587fff700 10 librbd::AioCompletion: C_AioRead::finish() 0x7fb5a9252950 r = 0
2013-03-14 18:10:27.911802 7fb587fff700 10 librbd::AioCompletion: got {745472=512} for [0,512] bl 512
2013-03-14 18:10:27.911807 7fb587fff700 20 librbd::AioCompletion: AioCompletion::complete_request() 0x7fb5a9289bf0 complete_cb=0x7fb5a6fc7170 pending 1
2013-03-14 18:10:27.911811 7fb587fff700 20 librbd::AioCompletion: AioCompletion::finalize() 0x7fb5a9289bf0 rval 512 read_buf 0x7fb5a93b0400 read_bl 0
2013-03-14 18:10:27.911814 7fb587fff700 20 librbd::AioCompletion: AioCompletion::finalize() copied resulting 512 bytes to 0x7fb5a93b0400
2013-03-14 18:10:27.912050 7fb5876fd700 20 librbd: aio_read 0x7fb5a9162330 completion 0x7fb5a9289bf0 [745984,512]
2013-03-14 18:10:27.912058 7fb5876fd700 20 librbd: ictx_check 0x7fb5a9162330
2013-03-14 18:10:27.912066 7fb5876fd700 20 librbd: oid rb.0.1e1280.238e1f29.000000000000 745984~512 from [0,512]
2013-03-14 18:10:27.912070 7fb5876fd700 20 librbd::AioRequest: send 0x7fb5a93b18c0 rb.0.1e1280.238e1f29.000000000000 745984~512
2013-03-14 18:10:27.912086 7fb5876fd700 1 -- 172.16.156.135:0/1648258 --> 172.16.170.1:6800/1310 -- osd_op(client.2216705.0:355 rb.0.1e1280.238e1f29.000000000000 [sparse-read 745984~512] 2.dabde67b) v4 -- ?+0 0x7fb5a93ac990 con 0x7fb5a91668f0
2013-03-14 18:10:27.912099 7fb5876fd700 20 librbd::AioCompletion: AioCompletion::finish_adding_requests 0x7fb5a9289bf0 pending 1
2013-03-14 18:10:27.913295 7fb58ed64700 1 -- 172.16.156.135:0/1648258 <== osd.0 172.16.170.1:6800/1310 350 ==== osd_op_reply(355 rb.0.1e1280.238e1f29.000000000000 [sparse-read 745984~512] = 0) v4 ==== 132+0+536 (3420142727 0 568001399) 0x7fb5a93acfa0 con 0x7fb5a91668f0
2013-03-14 18:10:27.913340 7fb587fff700 20 librbd::AioRequest: should_complete 0x7fb5a93b18c0 rb.0.1e1280.238e1f29.000000000000 745984~512 r = 0
2013-03-14 18:10:27.913348 7fb587fff700 10 librbd::AioCompletion: C_AioRead::finish() 0x7fb5a93318f0 r = 0
2013-03-14 18:10:27.913350 7fb587fff700 10 librbd::AioCompletion: got {745984=512} for [0,512] bl 512
2013-03-14 18:10:27.913364 7fb587fff700 20 librbd::AioCompletion: AioCompletion::complete_request() 0x7fb5a9289bf0 complete_cb=0x7fb5a6fc7170 pending 1
2013-03-14 18:10:27.913369 7fb587fff700 20 librbd::AioCompletion: AioCompletion::finalize() 0x7fb5a9289bf0 rval 512 read_buf 0x7fb5a93ac600 read_bl 0
2013-03-14 18:10:27.913373 7fb587fff700 20 librbd::AioCompletion: AioCompletion::finalize() copied resulting 512 bytes to 0x7fb5a93ac600
2013-03-14 18:10:27.913725 7fb5876fd700 20 librbd: aio_read 0x7fb5a9162330 completion 0x7fb5a9289bf0 [746496,512]
2013-03-14 18:10:27.913734 7fb5876fd700 20 librbd: ictx_check 0x7fb5a9162330
2013-03-14 18:10:27.913741 7fb5876fd700 20 librbd: oid rb.0.1e1280.238e1f29.000000000000 746496~512 from [0,512]
2013-03-14 18:10:27.913746 7fb5876fd700 20 librbd::AioRequest: send 0x7fb5a93aae10 rb.0.1e1280.238e1f29.000000000000 746496~512
2013-03-14 18:10:27.913761 7fb5876fd700 1 -- 172.16.156.135:0/1648258 --> 172.16.170.1:6800/1310 -- osd_op(client.2216705.0:356 rb.0.1e1280.238e1f29.000000000000 [sparse-read 746496~512] 2.dabde67b) v4 -- ?+0 0x7fb5a93ad990 con 0x7fb5a91668f0
2013-03-14 18:10:27.913774 7fb5876fd700 20 librbd::AioCompletion: AioCompletion::finish_adding_requests 0x7fb5a9289bf0 pending 1
2013-03-14 18:10:27.914785 7fb58ed64700 1 -- 172.16.156.135:0/1648258 <== osd.0 172.16.170.1:6800/1310 351 ==== osd_op_reply(356 rb.0.1e1280.238e1f29.000000000000 [sparse-read 746496~512] = 0) v4 ==== 132+0+536 (165624707 0 3572866568) 0x7fb5a93b6050 con 0x7fb5a91668f0
2013-03-14 18:10:27.914824 7fb587fff700 20 librbd::AioRequest: should_complete 0x7fb5a93aae10 rb.0.1e1280.238e1f29.000000000000 746496~512 r = 0
2013-03-14 18:10:27.914837 7fb587fff700 10 librbd::AioCompletion: C_AioRead::finish() 0x7fb5a92e5b50 r = 0
2013-03-14 18:10:27.914839 7fb587fff700 10 librbd::AioCompletion: got {746496=512} for [0,512] bl 512
2013-03-14 18:10:27.914845 7fb587fff700 20 librbd::AioCompletion: AioCompletion::complete_request() 0x7fb5a9289bf0 complete_cb=0x7fb5a6fc7170 pending 1
2013-03-14 18:10:27.914848 7fb587fff700 20 librbd::AioCompletion: AioCompletion::finalize() 0x7fb5a9289bf0 rval 512 read_buf 0x7fb5a93ad600 read_bl 0
2013-03-14 18:10:27.914852 7fb587fff700 20 librbd::AioCompletion: AioCompletion::finalize() copied resulting 512 bytes to 0x7fb5a93ad600
2013-03-14 18:10:27.915053 7fb5876fd700 20 librbd: aio_read 0x7fb5a9162330 completion 0x7fb5a9289bf0 [747008,512]
2013-03-14 18:10:27.915061 7fb5876fd700 20 librbd: ictx_check 0x7fb5a9162330
2013-03-14 18:10:27.915069 7fb5876fd700 20 librbd: oid rb.0.1e1280.238e1f29.000000000000 747008~512 from [0,512]
2013-03-14 18:10:27.915074 7fb5876fd700 20 librbd::AioRequest: send 0x7fb5a93ae460 rb.0.1e1280.238e1f29.000000000000 747008~512
2013-03-14 18:10:27.915089 7fb5876fd700 1 -- 172.16.156.135:0/1648258 --> 172.16.170.1:6800/1310 -- osd_op(client.2216705.0:357 rb.0.1e1280.238e1f29.000000000000 [sparse-read 747008~512] 2.dabde67b) v4 -- ?+0 0x7fb5a93ae990 con 0x7fb5a91668f0
2013-03-14 18:10:27.915102 7fb5876fd700 20 librbd::AioCompletion: AioCompletion::finish_adding_requests 0x7fb5a9289bf0 pending 1
2013-03-14 18:10:27.916019 7fb58ed64700 1 -- 172.16.156.135:0/1648258 <== osd.0 172.16.170.1:6800/1310 352 ==== osd_op_reply(357 rb.0.1e1280.238e1f29.000000000000 [sparse-read 747008~512] = 0) v4 ==== 132+0+536 (1210268031 0 1344534281) 0x7fb5a93aefa0 con 0x7fb5a91668f0
2013-03-14 18:10:27.916068 7fb587fff700 20 librbd::AioRequest: should_complete 0x7fb5a93ae460 rb.0.1e1280.238e1f29.000000000000 747008~512 r = 0
2013-03-14 18:10:27.916076 7fb587fff700 10 librbd::AioCompletion: C_AioRead::finish() 0x7fb5a9299c40 r = 0
2013-03-14 18:10:27.916078 7fb587fff700 10 librbd::AioCompletion: got {747008=512} for [0,512] bl 512
2013-03-14 18:10:27.916084 7fb587fff700 20 librbd::AioCompletion: AioCompletion::complete_request() 0x7fb5a9289bf0 complete_cb=0x7fb5a6fc7170 pending 1
2013-03-14 18:10:27.916087 7fb587fff700 20 librbd::AioCompletion: AioCompletion::finalize() 0x7fb5a9289bf0 rval 512 read_buf 0x7fb5a93ae600 read_bl 0
2013-03-14 18:10:27.916091 7fb587fff700 20 librbd::AioCompletion: AioCompletion::finalize() copied resulting 512 bytes to 0x7fb5a93ae600
2013-03-14 18:10:27.916335 7fb5876fd700 20 librbd: aio_read 0x7fb5a9162330 completion 0x7fb5a9289bf0 [747520,512]
2013-03-14 18:10:27.916344 7fb5876fd700 20 librbd: ictx_check 0x7fb5a9162330
2013-03-14 18:10:27.916352 7fb5876fd700 20 librbd: oid rb.0.1e1280.238e1f29.000000000000 747520~512 from [0,512]
2013-03-14 18:10:27.916356 7fb5876fd700 20 librbd::AioRequest: send 0x7fb5a93ad570 rb.0.1e1280.238e1f29.000000000000 747520~512
2013-03-14 18:10:27.916371 7fb5876fd700 1 -- 172.16.156.135:0/1648258 --> 172.16.170.1:6800/1310 -- osd_op(client.2216705.0:358 rb.0.1e1280.238e1f29.000000000000 [sparse-read 747520~512] 2.dabde67b) v4 -- ?+0 0x7fb5a93afbb0 con 0x7fb5a91668f0
2013-03-14 18:10:27.916385 7fb5876fd700 20 librbd::AioCompletion: AioCompletion::finish_adding_requests 0x7fb5a9289bf0 pending 1
2013-03-14 18:10:27.917464 7fb58ed64700 1 -- 172.16.156.135:0/1648258 <== osd.0 172.16.170.1:6800/1310 353 ==== osd_op_reply(358 rb.0.1e1280.238e1f29.000000000000 [sparse-read 747520~512] = 0) v4 ==== 132+0+536 (2285585274 0 440791431) 0x7fb5a93b2160 con 0x7fb5a91668f0
2013-03-14 18:10:27.917503 7fb587fff700 20 librbd::AioRequest: should_complete 0x7fb5a93ad570 rb.0.1e1280.238e1f29.000000000000 747520~512 r = 0
2013-03-14 18:10:27.917511 7fb587fff700 10 librbd::AioCompletion: C_AioRead::finish() 0x7fb5a92ff0e0 r = 0
2013-03-14 18:10:27.917513 7fb587fff700 10 librbd::AioCompletion: got {747520=512} for [0,512] bl 512
2013-03-14 18:10:27.917518 7fb587fff700 20 librbd::AioCompletion: AioCompletion::complete_request() 0x7fb5a9289bf0 complete_cb=0x7fb5a6fc7170 pending 1
2013-03-14 18:10:27.917521 7fb587fff700 20 librbd::AioCompletion: AioCompletion::finalize() 0x7fb5a9289bf0 rval 512 read_buf 0x7fb5a93af800 read_bl 0
2013-03-14 18:10:27.917524 7fb587fff700 20 librbd::AioCompletion: AioCompletion::finalize() copied resulting 512 bytes to 0x7fb5a93af800
2013-03-14 18:10:27.917672 7fb5876fd700 20 librbd: aio_read 0x7fb5a9162330 completion 0x7fb5a9289bf0 [748032,512]
2013-03-14 18:10:27.917680 7fb5876fd700 20 librbd: ictx_check 0x7fb5a9162330
2013-03-14 18:10:27.917687 7fb5876fd700 20 librbd: oid rb.0.1e1280.238e1f29.000000000000 748032~512 from [0,512]
2013-03-14 18:10:27.917691 7fb5876fd700 20 librbd::AioRequest: send 0x7fb5a93af790 rb.0.1e1280.238e1f29.000000000000 748032~512
2013-03-14 18:10:27.917707 7fb5876fd700 1 -- 172.16.156.135:0/1648258 --> 172.16.170.1:6800/1310 -- osd_op(client.2216705.0:359 rb.0.1e1280.238e1f29.000000000000 [sparse-read 748032~512] 2.dabde67b) v4 -- ?+0 0x7fb5a93b6a80 con 0x7fb5a91668f0
2013-03-14 18:10:27.917720 7fb5876fd700 20 librbd::AioCompletion: AioCompletion::finish_adding_requests 0x7fb5a9289bf0 pending 1
2013-03-14 18:10:27.918616 7fb58ed64700 1 -- 172.16.156.135:0/1648258 <== osd.0 172.16.170.1:6800/1310 354 ==== osd_op_reply(359 rb.0.1e1280.238e1f29.000000000000 [sparse-read 748032~512] = 0) v4 ==== 132+0+536 (3385278854 0 658245118) 0x7fb5a93b7090 con 0x7fb5a91668f0
2013-03-14 18:10:27.918658 7fb587fff700 20 librbd::AioRequest: should_complete 0x7fb5a93af790 rb.0.1e1280.238e1f29.000000000000 748032~512 r = 0
2013-03-14 18:10:27.918669 7fb587fff700 10 librbd::AioCompletion: C_AioRead::finish() 0x7fb5a9278d40 r = 0
2013-03-14 18:10:27.918673 7fb587fff700 10 librbd::AioCompletion: got {748032=512} for [0,512] bl 512
2013-03-14 18:10:27.918681 7fb587fff700 20 librbd::AioCompletion: AioCompletion::complete_request() 0x7fb5a9289bf0 complete_cb=0x7fb5a6fc7170 pending 1
2013-03-14 18:10:27.918686 7fb587fff700 20 librbd::AioCompletion: AioCompletion::finalize() 0x7fb5a9289bf0 rval 512 read_buf 0x7fb5a93b6600 read_bl 0
2013-03-14 18:10:27.918694 7fb587fff700 20 librbd::AioCompletion: AioCompletion::finalize() copied resulting 512 bytes to 0x7fb5a93b6600
2013-03-14 18:10:27.918889 7fb5876fd700 20 librbd: aio_read 0x7fb5a9162330 completion 0x7fb5a9289bf0 [748544,512]
2013-03-14 18:10:27.918897 7fb5876fd700 20 librbd: ictx_check 0x7fb5a9162330
2013-03-14 18:10:27.918904 7fb5876fd700 20 librbd: oid rb.0.1e1280.238e1f29.000000000000 748544~512 from [0,512]
2013-03-14 18:10:27.918908 7fb5876fd700 20 librbd::AioRequest: send 0x7fb5a93b66b0 rb.0.1e1280.238e1f29.000000000000 748544~512
2013-03-14 18:10:27.918924 7fb5876fd700 1 -- 172.16.156.135:0/1648258 --> 172.16.170.1:6800/1310 -- osd_op(client.2216705.0:360 rb.0.1e1280.238e1f29.000000000000 [sparse-read 748544~512] 2.dabde67b) v4 -- ?+0 0x7fb5a93b7b90 con 0x7fb5a91668f0
2013-03-14 18:10:27.918938 7fb5876fd700 20 librbd::AioCompletion: AioCompletion::finish_adding_requests 0x7fb5a9289bf0 pending 1
2013-03-14 18:10:27.919876 7fb58ed64700 1 -- 172.16.156.135:0/1648258 <== osd.0 172.16.170.1:6800/1310 355 ==== osd_op_reply(360 rb.0.1e1280.238e1f29.000000000000 [sparse-read 748544~512] = 0) v4 ==== 132+0+536 (197346946 0 1854393236) 0x7fb5a93b2380 con 0x7fb5a91668f0
2013-03-14 18:10:27.919915 7fb587fff700 20 librbd::AioRequest: should_complete 0x7fb5a93b66b0 rb.0.1e1280.238e1f29.000000000000 748544~512 r = 0
2013-03-14 18:10:27.919926 7fb587fff700 10 librbd::AioCompletion: C_AioRead::finish() 0x7fb5a92bded0 r = 0
2013-03-14 18:10:27.919929 7fb587fff700 10 librbd::AioCompletion: got {748544=512} for [0,512] bl 512
2013-03-14 18:10:27.919935 7fb587fff700 20 librbd::AioCompletion: AioCompletion::complete_request() 0x7fb5a9289bf0 complete_cb=0x7fb5a6fc7170 pending 1
2013-03-14 18:10:27.919939 7fb587fff700 20 librbd::AioCompletion: AioCompletion::finalize() 0x7fb5a9289bf0 rval 512 read_buf 0x7fb5a93b7800 read_bl 0
2013-03-14 18:10:27.919943 7fb587fff700 20 librbd::AioCompletion: AioCompletion::finalize() copied resulting 512 bytes to 0x7fb5a93b7800
2013-03-14 18:10:27.920102 7fb5876fd700 20 librbd: aio_read 0x7fb5a9162330 completion 0x7fb5a9289bf0 [749056,512]
2013-03-14 18:10:27.920110 7fb5876fd700 20 librbd: ictx_check 0x7fb5a9162330
2013-03-14 18:10:27.920117 7fb5876fd700 20 librbd: oid rb.0.1e1280.238e1f29.000000000000 749056~512 from [0,512]
2013-03-14 18:10:27.920122 7fb5876fd700 20 librbd::AioRequest: send 0x7fb5a93b77b0 rb.0.1e1280.238e1f29.000000000000 749056~512
2013-03-14 18:10:27.920137 7fb5876fd700 1 -- 172.16.156.135:0/1648258 --> 172.16.170.1:6800/1310 -- osd_op(client.2216705.0:361 rb.0.1e1280.238e1f29.000000000000 [sparse-read 749056~512] 2.dabde67b) v4 -- ?+0 0x7fb5a93b3000 con 0x7fb5a91668f0
2013-03-14 18:10:27.920150 7fb5876fd700 20 librbd::AioCompletion: AioCompletion::finish_adding_requests 0x7fb5a9289bf0 pending 1
2013-03-14 18:10:27.921075 7fb58ed64700 1 -- 172.16.156.135:0/1648258 <== osd.0 172.16.170.1:6800/1310 356 ==== osd_op_reply(361 rb.0.1e1280.238e1f29.000000000000 [sparse-read 749056~512] = 0) v4 ==== 132+0+536 (1245660286 0 2399896717) 0x7fb5a93bc050 con 0x7fb5a91668f0
2013-03-14 18:10:27.921112 7fb587fff700 20 librbd::AioRequest: should_complete 0x7fb5a93b77b0 rb.0.1e1280.238e1f29.000000000000 749056~512 r = 0
2013-03-14 18:10:27.921121 7fb587fff700 10 librbd::AioCompletion: C_AioRead::finish() 0x7fb5a93b29d0 r = 0
2013-03-14 18:10:27.921123 7fb587fff700 10 librbd::AioCompletion: got {749056=512} for [0,512] bl 512
2013-03-14 18:10:27.921129 7fb587fff700 20 librbd::AioCompletion: AioCompletion::complete_request() 0x7fb5a9289bf0 complete_cb=0x7fb5a6fc7170 pending 1
2013-03-14 18:10:27.921132 7fb587fff700 20 librbd::AioCompletion: AioCompletion::finalize() 0x7fb5a9289bf0 rval 512 read_buf 0x7fb5a93b2a00 read_bl 0
2013-03-14 18:10:27.921136 7fb587fff700 20 librbd::AioCompletion: AioCompletion::finalize() copied resulting 512 bytes to 0x7fb5a93b2a00
2013-03-14 18:10:27.921389 7fb5876fd700 20 librbd: aio_read 0x7fb5a9162330 completion 0x7fb5a9289bf0 [749568,512]
2013-03-14 18:10:27.921400 7fb5876fd700 20 librbd: ictx_check 0x7fb5a9162330
2013-03-14 18:10:27.921412 7fb5876fd700 20 librbd: oid rb.0.1e1280.238e1f29.000000000000 749568~512 from [0,512]
2013-03-14 18:10:27.921417 7fb5876fd700 20 librbd::AioRequest: send 0x7fb5a93b2fb0 rb.0.1e1280.238e1f29.000000000000 749568~512
2013-03-14 18:10:27.921439 7fb5876fd700 1 -- 172.16.156.135:0/1648258 --> 172.16.170.1:6800/1310 -- osd_op(client.2216705.0:362 rb.0.1e1280.238e1f29.000000000000 [sparse-read 749568~512] 2.dabde67b) v4 -- ?+0 0x7fb5a93b4110 con 0x7fb5a91668f0
2013-03-14 18:10:27.921452 7fb5876fd700 20 librbd::AioCompletion: AioCompletion::finish_adding_requests 0x7fb5a9289bf0 pending 1
2013-03-14 18:10:27.922416 7fb58ed64700 1 -- 172.16.156.135:0/1648258 <== osd.0 172.16.170.1:6800/1310 357 ==== osd_op_reply(362 rb.0.1e1280.238e1f29.000000000000 [sparse-read 749568~512] = 0) v4 ==== 132+0+536 (2384446585 0 1775681277) 0x7fb5a93b4720 con 0x7fb5a91668f0
2013-03-14 18:10:27.922456 7fb587fff700 20 librbd::AioRequest: should_complete 0x7fb5a93b2fb0 rb.0.1e1280.238e1f29.000000000000 749568~512 r = 0
2013-03-14 18:10:27.922466 7fb587fff700 10 librbd::AioCompletion: C_AioRead::finish() 0x7fb5a92488b0 r = 0
2013-03-14 18:10:27.922469 7fb587fff700 10 librbd::AioCompletion: got {749568=512} for [0,512] bl 512
2013-03-14 18:10:27.922476 7fb587fff700 20 librbd::AioCompletion: AioCompletion::complete_request() 0x7fb5a9289bf0 complete_cb=0x7fb5a6fc7170 pending 1
2013-03-14 18:10:27.922479 7fb587fff700 20 librbd::AioCompletion: AioCompletion::finalize() 0x7fb5a9289bf0 rval 512 read_buf 0x7fb5a93b3c00 read_bl 0
2013-03-14 18:10:27.922482 7fb587fff700 20 librbd::AioCompletion: AioCompletion::finalize() copied resulting 512 bytes to 0x7fb5a93b3c00
2013-03-14 18:10:27.922682 7fb5876fd700 20 librbd: aio_read 0x7fb5a9162330 completion 0x7fb5a9289bf0 [750080,512]
2013-03-14 18:10:27.922691 7fb5876fd700 20 librbd: ictx_check 0x7fb5a9162330
2013-03-14 18:10:27.922698 7fb5876fd700 20 librbd: oid rb.0.1e1280.238e1f29.000000000000 750080~512 from [0,512]
2013-03-14 18:10:27.922703 7fb5876fd700 20 librbd::AioRequest: send 0x7fb5a93b4130 rb.0.1e1280.238e1f29.000000000000 750080~512
2013-03-14 18:10:27.922718 7fb5876fd700 1 -- 172.16.156.135:0/1648258 --> 172.16.170.1:6800/1310 -- osd_op(client.2216705.0:363 rb.0.1e1280.238e1f29.000000000000 [sparse-read 750080~512] 2.dabde67b) v4 -- ?+0 0x7fb5a93b5200 con 0x7fb5a91668f0
2013-03-14 18:10:27.922732 7fb5876fd700 20 librbd::AioCompletion: AioCompletion::finish_adding_requests 0x7fb5a9289bf0 pending 1
2013-03-14 18:10:27.923672 7fb58ed64700 1 -- 172.16.156.135:0/1648258 <== osd.0 172.16.170.1:6800/1310 358 ==== osd_op_reply(363 rb.0.1e1280.238e1f29.000000000000 [sparse-read 750080~512] = 0) v4 ==== 132+0+536 (3487811205 0 3110056634) 0x7fb5a93b5810 con 0x7fb5a91668f0
2013-03-14 18:10:27.923768 7fb587fff700 20 librbd::AioRequest: should_complete 0x7fb5a93b4130 rb.0.1e1280.238e1f29.000000000000 750080~512 r = 0
2013-03-14 18:10:27.923781 7fb587fff700 10 librbd::AioCompletion: C_AioRead::finish() 0x7fb5a92d4900 r = 0
2013-03-14 18:10:27.923784 7fb587fff700 10 librbd::AioCompletion: got {750080=512} for [0,512] bl 512
2013-03-14 18:10:27.923789 7fb587fff700 20 librbd::AioCompletion: AioCompletion::complete_request() 0x7fb5a9289bf0 complete_cb=0x7fb5a6fc7170 pending 1
2013-03-14 18:10:27.923793 7fb587fff700 20 librbd::AioCompletion: AioCompletion::finalize() 0x7fb5a9289bf0 rval 512 read_buf 0x7fb5a93b4c00 read_bl 0
2013-03-14 18:10:27.923797 7fb587fff700 20 librbd::AioCompletion: AioCompletion::finalize() copied resulting 512 bytes to 0x7fb5a93b4c00
2013-03-14 18:10:27.924002 7fb5876fd700 20 librbd: aio_read 0x7fb5a9162330 completion 0x7fb5a9289bf0 [750592,512]
2013-03-14 18:10:27.924011 7fb5876fd700 20 librbd: ictx_check 0x7fb5a9162330
2013-03-14 18:10:27.924018 7fb5876fd700 20 librbd: oid rb.0.1e1280.238e1f29.000000000000 750592~512 from [0,512]
2013-03-14 18:10:27.924022 7fb5876fd700 20 librbd::AioRequest: send 0x7fb5a93b5200 rb.0.1e1280.238e1f29.000000000000 750592~512
2013-03-14 18:10:27.924038 7fb5876fd700 1 -- 172.16.156.135:0/1648258 --> 172.16.170.1:6800/1310 -- osd_op(client.2216705.0:364 rb.0.1e1280.238e1f29.000000000000 [sparse-read 750592~512] 2.dabde67b) v4 -- ?+0 0x7fb5a93b8210 con 0x7fb5a91668f0
2013-03-14 18:10:27.924052 7fb5876fd700 20 librbd::AioCompletion: AioCompletion::finish_adding_requests 0x7fb5a9289bf0 pending 1
2013-03-14 18:10:27.924993 7fb58ed64700 1 -- 172.16.156.135:0/1648258 <== osd.0 172.16.170.1:6800/1310 359 ==== osd_op_reply(364 rb.0.1e1280.238e1f29.000000000000 [sparse-read 750592~512] = 0) v4 ==== 132+0+536 (233292161 0 1797535870) 0x7fb5a93b8820 con 0x7fb5a91668f0
2013-03-14 18:10:27.925071 7fb587fff700 20 librbd::AioRequest: should_complete 0x7fb5a93b5200 rb.0.1e1280.238e1f29.000000000000 750592~512 r = 0
2013-03-14 18:10:27.925079 7fb587fff700 10 librbd::AioCompletion: C_AioRead::finish() 0x7fb5a9273780 r = 0
2013-03-14 18:10:27.925082 7fb587fff700 10 librbd::AioCompletion: got {750592=512} for [0,512] bl 512
2013-03-14 18:10:27.925088 7fb587fff700 20 librbd::AioCompletion: AioCompletion::complete_request() 0x7fb5a9289bf0 complete_cb=0x7fb5a6fc7170 pending 1
2013-03-14 18:10:27.925091 7fb587fff700 20 librbd::AioCompletion: AioCompletion::finalize() 0x7fb5a9289bf0 rval 512 read_buf 0x7fb5a93b5c00 read_bl 0
2013-03-14 18:10:27.925094 7fb587fff700 20 librbd::AioCompletion: AioCompletion::finalize() copied resulting 512 bytes to 0x7fb5a93b5c00
2013-03-14 18:10:27.925271 7fb5876fd700 20 librbd: aio_read 0x7fb5a9162330 completion 0x7fb5a9289bf0 [751104,512]
2013-03-14 18:10:27.925280 7fb5876fd700 20 librbd: ictx_check 0x7fb5a9162330
2013-03-14 18:10:27.925287 7fb5876fd700 20 librbd: oid rb.0.1e1280.238e1f29.000000000000 751104~512 from [0,512]
2013-03-14 18:10:27.925291 7fb5876fd700 20 librbd::AioRequest: send 0x7fb5a93b5ee0 rb.0.1e1280.238e1f29.000000000000 751104~512
2013-03-14 18:10:27.925306 7fb5876fd700 1 -- 172.16.156.135:0/1648258 --> 172.16.170.1:6800/1310 -- osd_op(client.2216705.0:365 rb.0.1e1280.238e1f29.000000000000 [sparse-read 751104~512] 2.dabde67b) v4 -- ?+0 0x7fb5a93bc900 con 0x7fb5a91668f0
2013-03-14 18:10:27.925319 7fb5876fd700 20 librbd::AioCompletion: AioCompletion::finish_adding_requests 0x7fb5a9289bf0 pending 1
2013-03-14 18:10:27.926427 7fb58ed64700 1 -- 172.16.156.135:0/1648258 <== osd.0 172.16.170.1:6800/1310 360 ==== osd_op_reply(365 rb.0.1e1280.238e1f29.000000000000 [sparse-read 751104~512] = 0) v4 ==== 132+0+536 (1276887933 0 3981846288) 0x7fb5a93bcf10 con 0x7fb5a91668f0
2013-03-14 18:10:27.926464 7fb587fff700 20 librbd::AioRequest: should_complete 0x7fb5a93b5ee0 rb.0.1e1280.238e1f29.000000000000 751104~512 r = 0
2013-03-14 18:10:27.926471 7fb587fff700 10 librbd::AioCompletion: C_AioRead::finish() 0x7fb5a9269680 r = 0
2013-03-14 18:10:27.926473 7fb587fff700 10 librbd::AioCompletion: got {751104=512} for [0,512] bl 512
2013-03-14 18:10:27.926477 7fb587fff700 20 librbd::AioCompletion: AioCompletion::complete_request() 0x7fb5a9289bf0 complete_cb=0x7fb5a6fc7170 pending 1
2013-03-14 18:10:27.926480 7fb587fff700 20 librbd::AioCompletion: AioCompletion::finalize() 0x7fb5a9289bf0 rval 512 read_buf 0x7fb5a93b5c00 read_bl 0
2013-03-14 18:10:27.926483 7fb587fff700 20 librbd::AioCompletion: AioCompletion::finalize() copied resulting 512 bytes to 0x7fb5a93b5c00
2013-03-14 18:10:27.926634 7fb5876fd700 20 librbd: aio_read 0x7fb5a9162330 completion 0x7fb5a9289bf0 [751616,512]
2013-03-14 18:10:27.926642 7fb5876fd700 20 librbd: ictx_check 0x7fb5a9162330
2013-03-14 18:10:27.926649 7fb5876fd700 20 librbd: oid rb.0.1e1280.238e1f29.000000000000 751616~512 from [0,512]
2013-03-14 18:10:27.926653 7fb5876fd700 20 librbd::AioRequest: send 0x7fb5a93b8160 rb.0.1e1280.238e1f29.000000000000 751616~512
2013-03-14 18:10:27.926670 7fb5876fd700 1 -- 172.16.156.135:0/1648258 --> 172.16.170.1:6800/1310 -- osd_op(client.2216705.0:366 rb.0.1e1280.238e1f29.000000000000 [sparse-read 751616~512] 2.dabde67b) v4 -- ?+0 0x7fb5a93bd9d0 con 0x7fb5a91668f0
2013-03-14 18:10:27.926684 7fb5876fd700 20 librbd::AioCompletion: AioCompletion::finish_adding_requests 0x7fb5a9289bf0 pending 1
2013-03-14 18:10:27.927730 7fb58ed64700 1 -- 172.16.156.135:0/1648258 <== osd.0 172.16.170.1:6800/1310 361 ==== osd_op_reply(366 rb.0.1e1280.238e1f29.000000000000 [sparse-read 751616~512] = 0) v4 ==== 132+0+536 (2349054328 0 4071919307) 0x7fb5a93b8820 con 0x7fb5a91668f0
2013-03-14 18:10:27.927770 7fb587fff700 20 librbd::AioRequest: should_complete 0x7fb5a93b8160 rb.0.1e1280.238e1f29.000000000000 751616~512 r = 0
2013-03-14 18:10:27.927777 7fb587fff700 10 librbd::AioCompletion: C_AioRead::finish() 0x7fb5a939ffe0 r = 0
2013-03-14 18:10:27.927779 7fb587fff700 10 librbd::AioCompletion: got {751616=512} for [0,512] bl 512
2013-03-14 18:10:27.927785 7fb587fff700 20 librbd::AioCompletion: AioCompletion::complete_request() 0x7fb5a9289bf0 complete_cb=0x7fb5a6fc7170 pending 1
2013-03-14 18:10:27.927788 7fb587fff700 20 librbd::AioCompletion: AioCompletion::finalize() 0x7fb5a9289bf0 rval 512 read_buf 0x7fb5a93bd600 read_bl 0
2013-03-14 18:10:27.927791 7fb587fff700 20 librbd::AioCompletion: AioCompletion::finalize() copied resulting 512 bytes to 0x7fb5a93bd600
2013-03-14 18:10:27.927949 7fb5876fd700 20 librbd: aio_read 0x7fb5a9162330 completion 0x7fb5a9289bf0 [752128,512]
2013-03-14 18:10:27.927958 7fb5876fd700 20 librbd: ictx_check 0x7fb5a9162330
2013-03-14 18:10:27.927965 7fb5876fd700 20 librbd: oid rb.0.1e1280.238e1f29.000000000000 752128~512 from [0,512]
2013-03-14 18:10:27.927969 7fb5876fd700 20 librbd::AioRequest: send 0x7fb5a93bc900 rb.0.1e1280.238e1f29.000000000000 752128~512
2013-03-14 18:10:27.927984 7fb5876fd700 1 -- 172.16.156.135:0/1648258 --> 172.16.170.1:6800/1310 -- osd_op(client.2216705.0:367 rb.0.1e1280.238e1f29.000000000000 [sparse-read 752128~512] 2.dabde67b) v4 -- ?+0 0x7fb5a93b9390 con 0x7fb5a91668f0
2013-03-14 18:10:27.927998 7fb5876fd700 20 librbd::AioCompletion: AioCompletion::finish_adding_requests 0x7fb5a9289bf0 pending 1
2013-03-14 18:10:27.928876 7fb58ed64700 1 -- 172.16.156.135:0/1648258 <== osd.0 172.16.170.1:6800/1310 362 ==== osd_op_reply(367 rb.0.1e1280.238e1f29.000000000000 [sparse-read 752128~512] = 0) v4 ==== 132+0+536 (3456088964 0 2101460611) 0x7fb5a93c2050 con 0x7fb5a91668f0
2013-03-14 18:10:27.928966 7fb587fff700 20 librbd::AioRequest: should_complete 0x7fb5a93bc900 rb.0.1e1280.238e1f29.000000000000 752128~512 r = 0
2013-03-14 18:10:27.928973 7fb587fff700 10 librbd::AioCompletion: C_AioRead::finish() 0x7fb5a92f5930 r = 0
2013-03-14 18:10:27.928975 7fb587fff700 10 librbd::AioCompletion: got {752128=512} for [0,512] bl 512
2013-03-14 18:10:27.928980 7fb587fff700 20 librbd::AioCompletion: AioCompletion::complete_request() 0x7fb5a9289bf0 complete_cb=0x7fb5a6fc7170 pending 1
2013-03-14 18:10:27.928982 7fb587fff700 20 librbd::AioCompletion: AioCompletion::finalize() 0x7fb5a9289bf0 rval 512 read_buf 0x7fb5a93b9000 read_bl 0
2013-03-14 18:10:27.928985 7fb587fff700 20 librbd::AioCompletion: AioCompletion::finalize() copied resulting 512 bytes to 0x7fb5a93b9000
2013-03-14 18:10:27.929163 7fb5876fd700 20 librbd: aio_read 0x7fb5a9162330 completion 0x7fb5a9289bf0 [752640,512]
2013-03-14 18:10:27.929172 7fb5876fd700 20 librbd: ictx_check 0x7fb5a9162330
2013-03-14 18:10:27.929179 7fb5876fd700 20 librbd: oid rb.0.1e1280.238e1f29.000000000000 752640~512 from [0,512]
2013-03-14 18:10:27.929183 7fb5876fd700 20 librbd::AioRequest: send 0x7fb5a93b9e70 rb.0.1e1280.238e1f29.000000000000 752640~512
2013-03-14 18:10:27.929198 7fb5876fd700 1 -- 172.16.156.135:0/1648258 --> 172.16.170.1:6800/1310 -- osd_op(client.2216705.0:368 rb.0.1e1280.238e1f29.000000000000 [sparse-read 752640~512] 2.dabde67b) v4 -- ?+0 0x7fb5a93ba390 con 0x7fb5a91668f0
2013-03-14 18:10:27.929211 7fb5876fd700 20 librbd::AioCompletion: AioCompletion::finish_adding_requests 0x7fb5a9289bf0 pending 1
2013-03-14 18:10:27.930285 7fb58ed64700 1 -- 172.16.156.135:0/1648258 <== osd.0 172.16.170.1:6800/1310 363 ==== osd_op_reply(368 rb.0.1e1280.238e1f29.000000000000 [sparse-read 752640~512] = 0) v4 ==== 132+0+536 (268156032 0 1283151427) 0x7fb5a93ba9a0 con 0x7fb5a91668f0
2013-03-14 18:10:27.930320 7fb587fff700 20 librbd::AioRequest: should_complete 0x7fb5a93b9e70 rb.0.1e1280.238e1f29.000000000000 752640~512 r = 0
2013-03-14 18:10:27.930327 7fb587fff700 10 librbd::AioCompletion: C_AioRead::finish() 0x7fb5a927a970 r = 0
2013-03-14 18:10:27.930330 7fb587fff700 10 librbd::AioCompletion: got {752640=512} for [0,512] bl 512
2013-03-14 18:10:27.930337 7fb587fff700 20 librbd::AioCompletion: AioCompletion::complete_request() 0x7fb5a9289bf0 complete_cb=0x7fb5a6fc7170 pending 1
2013-03-14 18:10:27.930377 7fb587fff700 20 librbd::AioCompletion: AioCompletion::finalize() 0x7fb5a9289bf0 rval 512 read_buf 0x7fb5a93ba000 read_bl 0
2013-03-14 18:10:27.930381 7fb587fff700 20 librbd::AioCompletion: AioCompletion::finalize() copied resulting 512 bytes to 0x7fb5a93ba000
2013-03-14 18:10:27.930567 7fb5876fd700 20 librbd: aio_read 0x7fb5a9162330 completion 0x7fb5a9289bf0 [753152,512]
2013-03-14 18:10:27.930575 7fb5876fd700 20 librbd: ictx_check 0x7fb5a9162330
2013-03-14 18:10:27.930582 7fb5876fd700 20 librbd: oid rb.0.1e1280.238e1f29.000000000000 753152~512 from [0,512]
2013-03-14 18:10:27.930586 7fb5876fd700 20 librbd::AioRequest: send 0x7fb5a93ba2e0 rb.0.1e1280.238e1f29.000000000000 753152~512
2013-03-14 18:10:27.930602 7fb5876fd700 1 -- 172.16.156.135:0/1648258 --> 172.16.170.1:6800/1310 -- osd_op(client.2216705.0:369 rb.0.1e1280.238e1f29.000000000000 [sparse-read 753152~512] 2.dabde67b) v4 -- ?+0 0x7fb5a93bb480 con 0x7fb5a91668f0
2013-03-14 18:10:27.930615 7fb5876fd700 20 librbd::AioCompletion: AioCompletion::finish_adding_requests 0x7fb5a9289bf0 pending 1
2013-03-14 18:10:27.931552 7fb58ed64700 1 -- 172.16.156.135:0/1648258 <== osd.0 172.16.170.1:6800/1310 364 ==== osd_op_reply(369 rb.0.1e1280.238e1f29.000000000000 [sparse-read 753152~512] = 0) v4 ==== 132+0+536 (1309130364 0 865177162) 0x7fb5a93bb9c0 con 0x7fb5a91668f0
2013-03-14 18:10:27.931601 7fb587fff700 20 librbd::AioRequest: should_complete 0x7fb5a93ba2e0 rb.0.1e1280.238e1f29.000000000000 753152~512 r = 0
2013-03-14 18:10:27.931608 7fb587fff700 10 librbd::AioCompletion: C_AioRead::finish() 0x7fb5a926ccf0 r = 0
2013-03-14 18:10:27.931610 7fb587fff700 10 librbd::AioCompletion: got {753152=512} for [0,512] bl 512
2013-03-14 18:10:27.931614 7fb587fff700 20 librbd::AioCompletion: AioCompletion::complete_request() 0x7fb5a9289bf0 complete_cb=0x7fb5a6fc7170 pending 1
2013-03-14 18:10:27.931617 7fb587fff700 20 librbd::AioCompletion: AioCompletion::finalize() 0x7fb5a9289bf0 rval 512 read_buf 0x7fb5a93bb000 read_bl 0
2013-03-14 18:10:27.931620 7fb587fff700 20 librbd::AioCompletion: AioCompletion::finalize() copied resulting 512 bytes to 0x7fb5a93bb000
2013-03-14 18:10:27.931802 7fb5876fd700 20 librbd: aio_read 0x7fb5a9162330 completion 0x7fb5a9289bf0 [753664,512]
2013-03-14 18:10:27.931810 7fb5876fd700 20 librbd: ictx_check 0x7fb5a9162330
2013-03-14 18:10:27.931817 7fb5876fd700 20 librbd: oid rb.0.1e1280.238e1f29.000000000000 753664~512 from [0,512]
2013-03-14 18:10:27.931821 7fb5876fd700 20 librbd::AioRequest: send 0x7fb5a93bb480 rb.0.1e1280.238e1f29.000000000000 753664~512
2013-03-14 18:10:27.931837 7fb5876fd700 1 -- 172.16.156.135:0/1648258 --> 172.16.170.1:6800/1310 -- osd_op(client.2216705.0:370 rb.0.1e1280.238e1f29.000000000000 [sparse-read 753664~512] 2.dabde67b) v4 -- ?+0 0x7fb5a93be590 con 0x7fb5a91668f0
2013-03-14 18:10:27.931850 7fb5876fd700 20 librbd::AioCompletion: AioCompletion::finish_adding_requests 0x7fb5a9289bf0 pending 1
2013-03-14 18:10:27.932846 7fb58ed64700 1 -- 172.16.156.135:0/1648258 <== osd.0 172.16.170.1:6800/1310 365 ==== osd_op_reply(370 rb.0.1e1280.238e1f29.000000000000 [sparse-read 753664~512] = 0) v4 ==== 132+0+536 (3010654823 0 1414246703) 0x7fb5a93beba0 con 0x7fb5a91668f0
2013-03-14 18:10:27.932883 7fb587fff700 20 librbd::AioRequest: should_complete 0x7fb5a93bb480 rb.0.1e1280.238e1f29.000000000000 753664~512 r = 0
2013-03-14 18:10:27.932890 7fb587fff700 10 librbd::AioCompletion: C_AioRead::finish() 0x7fb5a9356880 r = 0
2013-03-14 18:10:27.932892 7fb587fff700 10 librbd::AioCompletion: got {753664=512} for [0,512] bl 512
2013-03-14 18:10:27.932896 7fb587fff700 20 librbd::AioCompletion: AioCompletion::complete_request() 0x7fb5a9289bf0 complete_cb=0x7fb5a6fc7170 pending 1
2013-03-14 18:10:27.932898 7fb587fff700 20 librbd::AioCompletion: AioCompletion::finalize() 0x7fb5a9289bf0 rval 512 read_buf 0x7fb5a93be200 read_bl 0
2013-03-14 18:10:27.932901 7fb587fff700 20 librbd::AioCompletion: AioCompletion::finalize() copied resulting 512 bytes to 0x7fb5a93be200
2013-03-14 18:10:27.933095 7fb5876fd700 20 librbd: aio_read 0x7fb5a9162330 completion 0x7fb5a9289bf0 [754176,512]
2013-03-14 18:10:27.933103 7fb5876fd700 20 librbd: ictx_check 0x7fb5a9162330
2013-03-14 18:10:27.933110 7fb5876fd700 20 librbd: oid rb.0.1e1280.238e1f29.000000000000 754176~512 from [0,512]
2013-03-14 18:10:27.933115 7fb5876fd700 20 librbd::AioRequest: send 0x7fb5a93ba2e0 rb.0.1e1280.238e1f29.000000000000 754176~512
2013-03-14 18:10:27.933130 7fb5876fd700 1 -- 172.16.156.135:0/1648258 --> 172.16.170.1:6800/1310 -- osd_op(client.2216705.0:371 rb.0.1e1280.238e1f29.000000000000 [sparse-read 754176~512] 2.dabde67b) v4 -- ?+0 0x7fb5a93c2a80 con 0x7fb5a91668f0
2013-03-14 18:10:27.933144 7fb5876fd700 20 librbd::AioCompletion: AioCompletion::finish_adding_requests 0x7fb5a9289bf0 pending 1
2013-03-14 18:10:27.934086 7fb58ed64700 1 -- 172.16.156.135:0/1648258 <== osd.0 172.16.170.1:6800/1310 366 ==== osd_op_reply(371 rb.0.1e1280.238e1f29.000000000000 [sparse-read 754176~512] = 0) v4 ==== 132+0+536 (4069453979 0 3313782968) 0x7fb5a93c3010 con 0x7fb5a91668f0
2013-03-14 18:10:27.934127 7fb587fff700 20 librbd::AioRequest: should_complete 0x7fb5a93ba2e0 rb.0.1e1280.238e1f29.000000000000 754176~512 r = 0
2013-03-14 18:10:27.934134 7fb587fff700 10 librbd::AioCompletion: C_AioRead::finish() 0x7fb5a92fe2b0 r = 0
2013-03-14 18:10:27.934135 7fb587fff700 10 librbd::AioCompletion: got {754176=512} for [0,512] bl 512
2013-03-14 18:10:27.934146 7fb587fff700 20 librbd::AioCompletion: AioCompletion::complete_request() 0x7fb5a9289bf0 complete_cb=0x7fb5a6fc7170 pending 1
2013-03-14 18:10:27.934149 7fb587fff700 20 librbd::AioCompletion: AioCompletion::finalize() 0x7fb5a9289bf0 rval 512 read_buf 0x7fb5a93c2600 read_bl 0
2013-03-14 18:10:27.934153 7fb587fff700 20 librbd::AioCompletion: AioCompletion::finalize() copied resulting 512 bytes to 0x7fb5a93c2600
2013-03-14 18:10:27.934505 7fb5876fd700 20 librbd: aio_read 0x7fb5a9162330 completion 0x7fb5a9289bf0 [754688,512]
2013-03-14 18:10:27.934514 7fb5876fd700 20 librbd: ictx_check 0x7fb5a9162330
2013-03-14 18:10:27.934521 7fb5876fd700 20 librbd: oid rb.0.1e1280.238e1f29.000000000000 754688~512 from [0,512]
2013-03-14 18:10:27.934525 7fb5876fd700 20 librbd::AioRequest: send 0x7fb5a93c2600 rb.0.1e1280.238e1f29.000000000000 754688~512
2013-03-14 18:10:27.934541 7fb5876fd700 1 -- 172.16.156.135:0/1648258 --> 172.16.170.1:6800/1310 -- osd_op(client.2216705.0:372 rb.0.1e1280.238e1f29.000000000000 [sparse-read 754688~512] 2.dabde67b) v4 -- ?+0 0x7fb5a93c3a80 con 0x7fb5a91668f0
2013-03-14 18:10:27.934554 7fb5876fd700 20 librbd::AioCompletion: AioCompletion::finish_adding_requests 0x7fb5a9289bf0 pending 1
2013-03-14 18:10:27.935517 7fb58ed64700 1 -- 172.16.156.135:0/1648258 <== osd.0 172.16.170.1:6800/1310 367 ==== osd_op_reply(372 rb.0.1e1280.238e1f29.000000000000 [sparse-read 754688~512] = 0) v4 ==== 132+0+536 (814413727 0 4157519980) 0x7fb5a93bec70 con 0x7fb5a91668f0
2013-03-14 18:10:27.935598 7fb587fff700 20 librbd::AioRequest: should_complete 0x7fb5a93c2600 rb.0.1e1280.238e1f29.000000000000 754688~512 r = 0
2013-03-14 18:10:27.935608 7fb587fff700 10 librbd::AioCompletion: C_AioRead::finish() 0x7fb5a92a9b50 r = 0
2013-03-14 18:10:27.935610 7fb587fff700 10 librbd::AioCompletion: got {754688=512} for [0,512] bl 512
2013-03-14 18:10:27.935614 7fb587fff700 20 librbd::AioCompletion: AioCompletion::complete_request() 0x7fb5a9289bf0 complete_cb=0x7fb5a6fc7170 pending 1
2013-03-14 18:10:27.935625 7fb587fff700 20 librbd::AioCompletion: AioCompletion::finalize() 0x7fb5a9289bf0 rval 512 read_buf 0x7fb5a93c3600 read_bl 0
2013-03-14 18:10:27.935631 7fb587fff700 20 librbd::AioCompletion: AioCompletion::finalize() copied resulting 512 bytes to 0x7fb5a93c3600
2013-03-14 18:10:27.935858 7fb5876fd700 20 librbd: aio_read 0x7fb5a9162330 completion 0x7fb5a9289bf0 [755200,512]
2013-03-14 18:10:27.935866 7fb5876fd700 20 librbd: ictx_check 0x7fb5a9162330
2013-03-14 18:10:27.935873 7fb5876fd700 20 librbd: oid rb.0.1e1280.238e1f29.000000000000 755200~512 from [0,512]
2013-03-14 18:10:27.935877 7fb5876fd700 20 librbd::AioRequest: send 0x7fb5a93c3a80 rb.0.1e1280.238e1f29.000000000000 755200~512
2013-03-14 18:10:27.935893 7fb5876fd700 1 -- 172.16.156.135:0/1648258 --> 172.16.170.1:6800/1310 -- osd_op(client.2216705.0:373 rb.0.1e1280.238e1f29.000000000000 [sparse-read 755200~512] 2.dabde67b) v4 -- ?+0 0x7fb5a93bf680 con 0x7fb5a91668f0
2013-03-14 18:10:27.935949 7fb5876fd700 20 librbd::AioCompletion: AioCompletion::finish_adding_requests 0x7fb5a9289bf0 pending 1
2013-03-14 18:10:27.936854 7fb58ed64700 1 -- 172.16.156.135:0/1648258 <== osd.0 172.16.170.1:6800/1310 368 ==== osd_op_reply(373 rb.0.1e1280.238e1f29.000000000000 [sparse-read 755200~512] = 0) v4 ==== 132+0+536 (1903621475 0 4044921691) 0x7fb5a93c8050 con 0x7fb5a91668f0
2013-03-14 18:10:27.936892 7fb587fff700 20 librbd::AioRequest: should_complete 0x7fb5a93c3a80 rb.0.1e1280.238e1f29.000000000000 755200~512 r = 0
2013-03-14 18:10:27.936899 7fb587fff700 10 librbd::AioCompletion: C_AioRead::finish() 0x7fb5a9298ef0 r = 0
2013-03-14 18:10:27.936900 7fb587fff700 10 librbd::AioCompletion: got {755200=512} for [0,512] bl 512
2013-03-14 18:10:27.936906 7fb587fff700 20 librbd::AioCompletion: AioCompletion::complete_request() 0x7fb5a9289bf0 complete_cb=0x7fb5a6fc7170 pending 1
2013-03-14 18:10:27.936912 7fb587fff700 20 librbd::AioCompletion: AioCompletion::finalize() 0x7fb5a9289bf0 rval 512 read_buf 0x7fb5a93bf200 read_bl 0
2013-03-14 18:10:27.936917 7fb587fff700 20 librbd::AioCompletion: AioCompletion::finalize() copied resulting 512 bytes to 0x7fb5a93bf200
2013-03-14 18:10:27.937097 7fb5876fd700 20 librbd: aio_read 0x7fb5a9162330 completion 0x7fb5a9289bf0 [755712,512]
2013-03-14 18:10:27.937105 7fb5876fd700 20 librbd: ictx_check 0x7fb5a9162330
2013-03-14 18:10:27.937114 7fb5876fd700 20 librbd: oid rb.0.1e1280.238e1f29.000000000000 755712~512 from [0,512]
2013-03-14 18:10:27.937118 7fb5876fd700 20 librbd::AioRequest: send 0x7fb5a93be1e0 rb.0.1e1280.238e1f29.000000000000 755712~512
2013-03-14 18:10:27.937133 7fb5876fd700 1 -- 172.16.156.135:0/1648258 --> 172.16.170.1:6800/1310 -- osd_op(client.2216705.0:374 rb.0.1e1280.238e1f29.000000000000 [sparse-read 755712~512] 2.dabde67b) v4 -- ?+0 0x7fb5a93c0660 con 0x7fb5a91668f0
2013-03-14 18:10:27.937146 7fb5876fd700 20 librbd::AioCompletion: AioCompletion::finish_adding_requests 0x7fb5a9289bf0 pending 1
2013-03-14 18:10:27.938098 7fb58ed64700 1 -- 172.16.156.135:0/1648258 <== osd.0 172.16.170.1:6800/1310 369 ==== osd_op_reply(374 rb.0.1e1280.238e1f29.000000000000 [sparse-read 755712~512] = 0) v4 ==== 132+0+536 (2976812902 0 1951610694) 0x7fb5a93c0c70 con 0x7fb5a91668f0
2013-03-14 18:10:27.938137 7fb587fff700 20 librbd::AioRequest: should_complete 0x7fb5a93be1e0 rb.0.1e1280.238e1f29.000000000000 755712~512 r = 0
2013-03-14 18:10:27.938145 7fb587fff700 10 librbd::AioCompletion: C_AioRead::finish() 0x7fb5a92b5cf0 r = 0
2013-03-14 18:10:27.938156 7fb587fff700 10 librbd::AioCompletion: got {755712=512} for [0,512] bl 512
2013-03-14 18:10:27.938162 7fb587fff700 20 librbd::AioCompletion: AioCompletion::complete_request() 0x7fb5a9289bf0 complete_cb=0x7fb5a6fc7170 pending 1
2013-03-14 18:10:27.938165 7fb587fff700 20 librbd::AioCompletion: AioCompletion::finalize() 0x7fb5a9289bf0 rval 512 read_buf 0x7fb5a93c0400 read_bl 0
2013-03-14 18:10:27.938171 7fb587fff700 20 librbd::AioCompletion: AioCompletion::finalize() copied resulting 512 bytes to 0x7fb5a93c0400
2013-03-14 18:10:27.938393 7fb5876fd700 20 librbd: aio_read 0x7fb5a9162330 completion 0x7fb5a9289bf0 [756224,512]
2013-03-14 18:10:27.938401 7fb5876fd700 20 librbd: ictx_check 0x7fb5a9162330
2013-03-14 18:10:27.938408 7fb5876fd700 20 librbd: oid rb.0.1e1280.238e1f29.000000000000 756224~512 from [0,512]
2013-03-14 18:10:27.938412 7fb5876fd700 20 librbd::AioRequest: send 0x7fb5a93c36b0 rb.0.1e1280.238e1f29.000000000000 756224~512
2013-03-14 18:10:27.938434 7fb5876fd700 1 -- 172.16.156.135:0/1648258 --> 172.16.170.1:6800/1310 -- osd_op(client.2216705.0:375 rb.0.1e1280.238e1f29.000000000000 [sparse-read 756224~512] 2.dabde67b) v4 -- ?+0 0x7fb5a93c15b0 con 0x7fb5a91668f0
2013-03-14 18:10:27.938448 7fb5876fd700 20 librbd::AioCompletion: AioCompletion::finish_adding_requests 0x7fb5a9289bf0 pending 1
2013-03-14 18:10:27.939424 7fb58ed64700 1 -- 172.16.156.135:0/1648258 <== osd.0 172.16.170.1:6800/1310 370 ==== osd_op_reply(375 rb.0.1e1280.238e1f29.000000000000 [sparse-read 756224~512] = 0) v4 ==== 132+0+536 (4036136346 0 3127758015) 0x7fb5a93c1bc0 con 0x7fb5a91668f0
2013-03-14 18:10:27.939461 7fb587fff700 20 librbd::AioRequest: should_complete 0x7fb5a93c36b0 rb.0.1e1280.238e1f29.000000000000 756224~512 r = 0
2013-03-14 18:10:27.939467 7fb587fff700 10 librbd::AioCompletion: C_AioRead::finish() 0x7fb5a92db0f0 r = 0
2013-03-14 18:10:27.939469 7fb587fff700 10 librbd::AioCompletion: got {756224=512} for [0,512] bl 512
2013-03-14 18:10:27.939474 7fb587fff700 20 librbd::AioCompletion: AioCompletion::complete_request() 0x7fb5a9289bf0 complete_cb=0x7fb5a6fc7170 pending 1
2013-03-14 18:10:27.939476 7fb587fff700 20 librbd::AioCompletion: AioCompletion::finalize() 0x7fb5a9289bf0 rval 512 read_buf 0x7fb5a93c0400 read_bl 0
2013-03-14 18:10:27.939479 7fb587fff700 20 librbd::AioCompletion: AioCompletion::finalize() copied resulting 512 bytes to 0x7fb5a93c0400
2013-03-14 18:10:27.939651 7fb5876fd700 20 librbd: aio_read 0x7fb5a9162330 completion 0x7fb5a9289bf0 [756736,512]
2013-03-14 18:10:27.939659 7fb5876fd700 20 librbd: ictx_check 0x7fb5a9162330
2013-03-14 18:10:27.939666 7fb5876fd700 20 librbd: oid rb.0.1e1280.238e1f29.000000000000 756736~512 from [0,512]
2013-03-14 18:10:27.939670 7fb5876fd700 20 librbd::AioRequest: send 0x7fb5a93c15b0 rb.0.1e1280.238e1f29.000000000000 756736~512
2013-03-14 18:10:27.939685 7fb5876fd700 1 -- 172.16.156.135:0/1648258 --> 172.16.170.1:6800/1310 -- osd_op(client.2216705.0:376 rb.0.1e1280.238e1f29.000000000000 [sparse-read 756736~512] 2.dabde67b) v4 -- ?+0 0x7fb5a93c4800 con 0x7fb5a91668f0
2013-03-14 18:10:27.939698 7fb5876fd700 20 librbd::AioCompletion: AioCompletion::finish_adding_requests 0x7fb5a9289bf0 pending 1
2013-03-14 18:10:27.940658 7fb58ed64700 1 -- 172.16.156.135:0/1648258 <== osd.0 172.16.170.1:6800/1310 371 ==== osd_op_reply(376 rb.0.1e1280.238e1f29.000000000000 [sparse-read 756736~512] = 0) v4 ==== 132+0+536 (848726686 0 496813735) 0x7fb5a93c4e10 con 0x7fb5a91668f0
2013-03-14 18:10:27.940704 7fb587fff700 20 librbd::AioRequest: should_complete 0x7fb5a93c15b0 rb.0.1e1280.238e1f29.000000000000 756736~512 r = 0
2013-03-14 18:10:27.940711 7fb587fff700 10 librbd::AioCompletion: C_AioRead::finish() 0x7fb5a9260160 r = 0
2013-03-14 18:10:27.940713 7fb587fff700 10 librbd::AioCompletion: got {756736=512} for [0,512] bl 512
2013-03-14 18:10:27.940717 7fb587fff700 20 librbd::AioCompletion: AioCompletion::complete_request() 0x7fb5a9289bf0 complete_cb=0x7fb5a6fc7170 pending 1
2013-03-14 18:10:27.940719 7fb587fff700 20 librbd::AioCompletion: AioCompletion::finalize() 0x7fb5a9289bf0 rval 512 read_buf 0x7fb5a93c4200 read_bl 0
2013-03-14 18:10:27.940722 7fb587fff700 20 librbd::AioCompletion: AioCompletion::finalize() copied resulting 512 bytes to 0x7fb5a93c4200
2013-03-14 18:10:27.940892 7fb5876fd700 20 librbd: aio_read 0x7fb5a9162330 completion 0x7fb5a9289bf0 [757248,512]
2013-03-14 18:10:27.940900 7fb5876fd700 20 librbd: ictx_check 0x7fb5a9162330
