2013-03-14 18:10:28.111431 7fb587fff700 20 librbd::AioCompletion: AioCompletion::complete_request() 0x7fb5a9289bf0 complete_cb=0x7fb5a6fc7170 pending 1
2013-03-14 18:10:28.111435 7fb587fff700 20 librbd::AioCompletion: AioCompletion::finalize() 0x7fb5a9289bf0 rval 512 read_buf 0x7fb5a944bc00 read_bl 0
2013-03-14 18:10:28.111440 7fb587fff700 20 librbd::AioCompletion: AioCompletion::finalize() copied resulting 512 bytes to 0x7fb5a944bc00
2013-03-14 18:10:28.111559 7fb5876fd700 20 librbd: aio_read 0x7fb5a9162330 completion 0x7fb5a9289bf0 [825856,512]
2013-03-14 18:10:28.111567 7fb5876fd700 20 librbd: ictx_check 0x7fb5a9162330
2013-03-14 18:10:28.111575 7fb5876fd700 20 librbd: oid rb.0.1e1280.238e1f29.000000000000 825856~512 from [0,512]
2013-03-14 18:10:28.111580 7fb5876fd700 20 librbd::AioRequest: send 0x7fb5a944bee0 rb.0.1e1280.238e1f29.000000000000 825856~512
2013-03-14 18:10:28.111595 7fb5876fd700 1 -- 172.16.156.135:0/1648258 --> 172.16.170.1:6800/1310 -- osd_op(client.2216705.0:511 rb.0.1e1280.238e1f29.000000000000 [sparse-read 825856~512] 2.dabde67b) v4 -- ?+0 0x7fb5a94529d0 con 0x7fb5a91668f0
2013-03-14 18:10:28.111608 7fb5876fd700 20 librbd::AioCompletion: AioCompletion::finish_adding_requests 0x7fb5a9289bf0 pending 1
2013-03-14 18:10:28.112456 7fb58ed64700 1 -- 172.16.156.135:0/1648258 <== osd.0 172.16.170.1:6800/1310 506 ==== osd_op_reply(511 rb.0.1e1280.238e1f29.000000000000 [sparse-read 825856~512] = 0) v4 ==== 132+0+536 (1005085065 0 1404454918) 0x7fb5a9452f60 con 0x7fb5a91668f0
2013-03-14 18:10:28.112492 7fb587fff700 20 librbd::AioRequest: should_complete 0x7fb5a944bee0 rb.0.1e1280.238e1f29.000000000000 825856~512 r = 0
2013-03-14 18:10:28.112498 7fb587fff700 10 librbd::AioCompletion: C_AioRead::finish() 0x7fb5a9337cf0 r = 0
2013-03-14 18:10:28.112501 7fb587fff700 10 librbd::AioCompletion: got {825856=512} for [0,512] bl 512
2013-03-14 18:10:28.112506 7fb587fff700 20 librbd::AioCompletion: AioCompletion::complete_request() 0x7fb5a9289bf0 complete_cb=0x7fb5a6fc7170 pending 1
2013-03-14 18:10:28.112510 7fb587fff700 20 librbd::AioCompletion: AioCompletion::finalize() 0x7fb5a9289bf0 rval 512 read_buf 0x7fb5a944bc00 read_bl 0
2013-03-14 18:10:28.112515 7fb587fff700 20 librbd::AioCompletion: AioCompletion::finalize() copied resulting 512 bytes to 0x7fb5a944bc00
2013-03-14 18:10:28.112632 7fb5876fd700 20 librbd: aio_read 0x7fb5a9162330 completion 0x7fb5a9289bf0 [826368,512]
2013-03-14 18:10:28.112640 7fb5876fd700 20 librbd: ictx_check 0x7fb5a9162330
2013-03-14 18:10:28.112648 7fb5876fd700 20 librbd: oid rb.0.1e1280.238e1f29.000000000000 826368~512 from [0,512]
2013-03-14 18:10:28.112652 7fb5876fd700 20 librbd::AioRequest: send 0x7fb5a9453460 rb.0.1e1280.238e1f29.000000000000 826368~512
2013-03-14 18:10:28.112668 7fb5876fd700 1 -- 172.16.156.135:0/1648258 --> 172.16.170.1:6800/1310 -- osd_op(client.2216705.0:512 rb.0.1e1280.238e1f29.000000000000 [sparse-read 826368~512] 2.dabde67b) v4 -- ?+0 0x7fb5a9453c00 con 0x7fb5a91668f0
2013-03-14 18:10:28.112683 7fb5876fd700 20 librbd::AioCompletion: AioCompletion::finish_adding_requests 0x7fb5a9289bf0 pending 1
2013-03-14 18:10:28.113553 7fb58ed64700 1 -- 172.16.156.135:0/1648258 <== osd.0 172.16.170.1:6800/1310 507 ==== osd_op_reply(512 rb.0.1e1280.238e1f29.000000000000 [sparse-read 826368~512] = 0) v4 ==== 132+0+536 (4193019533 0 1841776285) 0x7fb5a944e9c0 con 0x7fb5a91668f0
2013-03-14 18:10:28.113675 7fb587fff700 20 librbd::AioRequest: should_complete 0x7fb5a9453460 rb.0.1e1280.238e1f29.000000000000 826368~512 r = 0
2013-03-14 18:10:28.113681 7fb587fff700 10 librbd::AioCompletion: C_AioRead::finish() 0x7fb5a9336880 r = 0
2013-03-14 18:10:28.113684 7fb587fff700 10 librbd::AioCompletion: got {826368=512} for [0,512] bl 512
2013-03-14 18:10:28.113691 7fb587fff700 20 librbd::AioCompletion: AioCompletion::complete_request() 0x7fb5a9289bf0 complete_cb=0x7fb5a6fc7170 pending 1
2013-03-14 18:10:28.113695 7fb587fff700 20 librbd::AioCompletion: AioCompletion::finalize() 0x7fb5a9289bf0 rval 512 read_buf 0x7fb5a9453600 read_bl 0
2013-03-14 18:10:28.113700 7fb587fff700 20 librbd::AioCompletion: AioCompletion::finalize() copied resulting 512 bytes to 0x7fb5a9453600
2013-03-14 18:10:28.113815 7fb5876fd700 20 librbd: aio_read 0x7fb5a9162330 completion 0x7fb5a9289bf0 [826880,512]
2013-03-14 18:10:28.113825 7fb5876fd700 20 librbd: ictx_check 0x7fb5a9162330
2013-03-14 18:10:28.113833 7fb5876fd700 20 librbd: oid rb.0.1e1280.238e1f29.000000000000 826880~512 from [0,512]
2013-03-14 18:10:28.113838 7fb5876fd700 20 librbd::AioRequest: send 0x7fb5a944bc00 rb.0.1e1280.238e1f29.000000000000 826880~512
2013-03-14 18:10:28.113853 7fb5876fd700 1 -- 172.16.156.135:0/1648258 --> 172.16.170.1:6800/1310 -- osd_op(client.2216705.0:513 rb.0.1e1280.238e1f29.000000000000 [sparse-read 826880~512] 2.dabde67b) v4 -- ?+0 0x7fb5a944f400 con 0x7fb5a91668f0
2013-03-14 18:10:28.113867 7fb5876fd700 20 librbd::AioCompletion: AioCompletion::finish_adding_requests 0x7fb5a9289bf0 pending 1
2013-03-14 18:10:28.114807 7fb58ed64700 1 -- 172.16.156.135:0/1648258 <== osd.0 172.16.170.1:6800/1310 508 ==== osd_op_reply(513 rb.0.1e1280.238e1f29.000000000000 [sparse-read 826880~512] = 0) v4 ==== 132+0+536 (3088082033 0 4265518366) 0x7fb5a9458050 con 0x7fb5a91668f0
2013-03-14 18:10:28.114844 7fb587fff700 20 librbd::AioRequest: should_complete 0x7fb5a944bc00 rb.0.1e1280.238e1f29.000000000000 826880~512 r = 0
2013-03-14 18:10:28.114850 7fb587fff700 10 librbd::AioCompletion: C_AioRead::finish() 0x7fb5a92f05e0 r = 0
2013-03-14 18:10:28.114852 7fb587fff700 10 librbd::AioCompletion: got {826880=512} for [0,512] bl 512
2013-03-14 18:10:28.114858 7fb587fff700 20 librbd::AioCompletion: AioCompletion::complete_request() 0x7fb5a9289bf0 complete_cb=0x7fb5a6fc7170 pending 1
2013-03-14 18:10:28.114866 7fb587fff700 20 librbd::AioCompletion: AioCompletion::finalize() 0x7fb5a9289bf0 rval 512 read_buf 0x7fb5a9453600 read_bl 0
2013-03-14 18:10:28.114900 7fb587fff700 20 librbd::AioCompletion: AioCompletion::finalize() copied resulting 512 bytes to 0x7fb5a9453600
2013-03-14 18:10:28.115027 7fb5876fd700 20 librbd: aio_read 0x7fb5a9162330 completion 0x7fb5a9289bf0 [827392,512]
2013-03-14 18:10:28.115036 7fb5876fd700 20 librbd: ictx_check 0x7fb5a9162330
2013-03-14 18:10:28.115043 7fb5876fd700 20 librbd: oid rb.0.1e1280.238e1f29.000000000000 827392~512 from [0,512]
2013-03-14 18:10:28.115047 7fb5876fd700 20 librbd::AioRequest: send 0x7fb5a9453600 rb.0.1e1280.238e1f29.000000000000 827392~512
2013-03-14 18:10:28.115062 7fb5876fd700 1 -- 172.16.156.135:0/1648258 --> 172.16.170.1:6800/1310 -- osd_op(client.2216705.0:514 rb.0.1e1280.238e1f29.000000000000 [sparse-read 827392~512] 2.dabde67b) v4 -- ?+0 0x7fb5a9450400 con 0x7fb5a91668f0
2013-03-14 18:10:28.115077 7fb5876fd700 20 librbd::AioCompletion: AioCompletion::finish_adding_requests 0x7fb5a9289bf0 pending 1
2013-03-14 18:10:28.116100 7fb58ed64700 1 -- 172.16.156.135:0/1648258 <== osd.0 172.16.170.1:6800/1310 509 ==== osd_op_reply(514 rb.0.1e1280.238e1f29.000000000000 [sparse-read 827392~512] = 0) v4 ==== 132+0+536 (1950421106 0 3121193041) 0x7fb5a9450a10 con 0x7fb5a91668f0
2013-03-14 18:10:28.116160 7fb587fff700 20 librbd::AioRequest: should_complete 0x7fb5a9453600 rb.0.1e1280.238e1f29.000000000000 827392~512 r = 0
2013-03-14 18:10:28.116167 7fb587fff700 10 librbd::AioCompletion: C_AioRead::finish() 0x7fb5a937f570 r = 0
2013-03-14 18:10:28.116170 7fb587fff700 10 librbd::AioCompletion: got {827392=512} for [0,512] bl 512
2013-03-14 18:10:28.116176 7fb587fff700 20 librbd::AioCompletion: AioCompletion::complete_request() 0x7fb5a9289bf0 complete_cb=0x7fb5a6fc7170 pending 1
2013-03-14 18:10:28.116180 7fb587fff700 20 librbd::AioCompletion: AioCompletion::finalize() 0x7fb5a9289bf0 rval 512 read_buf 0x7fb5a944fe00 read_bl 0
2013-03-14 18:10:28.116184 7fb587fff700 20 librbd::AioCompletion: AioCompletion::finalize() copied resulting 512 bytes to 0x7fb5a944fe00
2013-03-14 18:10:28.116349 7fb5876fd700 20 librbd: aio_read 0x7fb5a9162330 completion 0x7fb5a9289bf0 [827904,512]
2013-03-14 18:10:28.116365 7fb5876fd700 20 librbd: ictx_check 0x7fb5a9162330
2013-03-14 18:10:28.116372 7fb5876fd700 20 librbd: oid rb.0.1e1280.238e1f29.000000000000 827904~512 from [0,512]
2013-03-14 18:10:28.116376 7fb5876fd700 20 librbd::AioRequest: send 0x7fb5a944f4d0 rb.0.1e1280.238e1f29.000000000000 827904~512
2013-03-14 18:10:28.116391 7fb5876fd700 1 -- 172.16.156.135:0/1648258 --> 172.16.170.1:6800/1310 -- osd_op(client.2216705.0:515 rb.0.1e1280.238e1f29.000000000000 [sparse-read 827904~512] 2.dabde67b) v4 -- ?+0 0x7fb5a9451480 con 0x7fb5a91668f0
2013-03-14 18:10:28.116407 7fb5876fd700 20 librbd::AioCompletion: AioCompletion::finish_adding_requests 0x7fb5a9289bf0 pending 1
2013-03-14 18:10:28.117304 7fb58ed64700 1 -- 172.16.156.135:0/1648258 <== osd.0 172.16.170.1:6800/1310 510 ==== osd_op_reply(515 rb.0.1e1280.238e1f29.000000000000 [sparse-read 827904~512] = 0) v4 ==== 132+0+536 (901583502 0 3216354945) 0x7fb5a9451a90 con 0x7fb5a91668f0
2013-03-14 18:10:28.117340 7fb587fff700 20 librbd::AioRequest: should_complete 0x7fb5a944f4d0 rb.0.1e1280.238e1f29.000000000000 827904~512 r = 0
2013-03-14 18:10:28.117347 7fb587fff700 10 librbd::AioCompletion: C_AioRead::finish() 0x7fb5a9298960 r = 0
2013-03-14 18:10:28.117350 7fb587fff700 10 librbd::AioCompletion: got {827904=512} for [0,512] bl 512
2013-03-14 18:10:28.117356 7fb587fff700 20 librbd::AioCompletion: AioCompletion::complete_request() 0x7fb5a9289bf0 complete_cb=0x7fb5a6fc7170 pending 1
2013-03-14 18:10:28.117360 7fb587fff700 20 librbd::AioCompletion: AioCompletion::finalize() 0x7fb5a9289bf0 rval 512 read_buf 0x7fb5a9451000 read_bl 0
2013-03-14 18:10:28.117364 7fb587fff700 20 librbd::AioCompletion: AioCompletion::finalize() copied resulting 512 bytes to 0x7fb5a9451000
2013-03-14 18:10:28.117693 7fb5876fd700 20 librbd: aio_read 0x7fb5a9162330 completion 0x7fb5a9289bf0 [828416,512]
2013-03-14 18:10:28.117701 7fb5876fd700 20 librbd: ictx_check 0x7fb5a9162330
2013-03-14 18:10:28.117709 7fb5876fd700 20 librbd: oid rb.0.1e1280.238e1f29.000000000000 828416~512 from [0,512]
2013-03-14 18:10:28.117714 7fb5876fd700 20 librbd::AioRequest: send 0x7fb5a9450fe0 rb.0.1e1280.238e1f29.000000000000 828416~512
2013-03-14 18:10:28.117729 7fb5876fd700 1 -- 172.16.156.135:0/1648258 --> 172.16.170.1:6800/1310 -- osd_op(client.2216705.0:516 rb.0.1e1280.238e1f29.000000000000 [sparse-read 828416~512] 2.dabde67b) v4 -- ?+0 0x7fb5a9454680 con 0x7fb5a91668f0
2013-03-14 18:10:28.117743 7fb5876fd700 20 librbd::AioCompletion: AioCompletion::finish_adding_requests 0x7fb5a9289bf0 pending 1
2013-03-14 18:10:28.118721 7fb58ed64700 1 -- 172.16.156.135:0/1648258 <== osd.0 172.16.170.1:6800/1310 511 ==== osd_op_reply(516 rb.0.1e1280.238e1f29.000000000000 [sparse-read 828416~512] = 0) v4 ==== 132+0+536 (4156102026 0 3647083846) 0x7fb5a9454c90 con 0x7fb5a91668f0
2013-03-14 18:10:28.118764 7fb587fff700 20 librbd::AioRequest: should_complete 0x7fb5a9450fe0 rb.0.1e1280.238e1f29.000000000000 828416~512 r = 0
2013-03-14 18:10:28.118773 7fb587fff700 10 librbd::AioCompletion: C_AioRead::finish() 0x7fb5a93ba680 r = 0
2013-03-14 18:10:28.118776 7fb587fff700 10 librbd::AioCompletion: got {828416=512} for [0,512] bl 512
2013-03-14 18:10:28.118783 7fb587fff700 20 librbd::AioCompletion: AioCompletion::complete_request() 0x7fb5a9289bf0 complete_cb=0x7fb5a6fc7170 pending 1
2013-03-14 18:10:28.118787 7fb587fff700 20 librbd::AioCompletion: AioCompletion::finalize() 0x7fb5a9289bf0 rval 512 read_buf 0x7fb5a9454200 read_bl 0
2013-03-14 18:10:28.118792 7fb587fff700 20 librbd::AioCompletion: AioCompletion::finalize() copied resulting 512 bytes to 0x7fb5a9454200
2013-03-14 18:10:28.118909 7fb5876fd700 20 librbd: aio_read 0x7fb5a9162330 completion 0x7fb5a9289bf0 [828928,512]
2013-03-14 18:10:28.118917 7fb5876fd700 20 librbd: ictx_check 0x7fb5a9162330
2013-03-14 18:10:28.118924 7fb5876fd700 20 librbd: oid rb.0.1e1280.238e1f29.000000000000 828928~512 from [0,512]
2013-03-14 18:10:28.118928 7fb5876fd700 20 librbd::AioRequest: send 0x7fb5a9451440 rb.0.1e1280.238e1f29.000000000000 828928~512
2013-03-14 18:10:28.118944 7fb5876fd700 1 -- 172.16.156.135:0/1648258 --> 172.16.170.1:6800/1310 -- osd_op(client.2216705.0:517 rb.0.1e1280.238e1f29.000000000000 [sparse-read 828928~512] 2.dabde67b) v4 -- ?+0 0x7fb5a9458a00 con 0x7fb5a91668f0
2013-03-14 18:10:28.118957 7fb5876fd700 20 librbd::AioCompletion: AioCompletion::finish_adding_requests 0x7fb5a9289bf0 pending 1
2013-03-14 18:10:28.119905 7fb58ed64700 1 -- 172.16.156.135:0/1648258 <== osd.0 172.16.170.1:6800/1310 512 ==== osd_op_reply(517 rb.0.1e1280.238e1f29.000000000000 [sparse-read 828928~512] = 0) v4 ==== 132+0+536 (3057981302 0 684859322) 0x7fb5a9459010 con 0x7fb5a91668f0
2013-03-14 18:10:28.119984 7fb587fff700 20 librbd::AioRequest: should_complete 0x7fb5a9451440 rb.0.1e1280.238e1f29.000000000000 828928~512 r = 0
2013-03-14 18:10:28.119989 7fb587fff700 10 librbd::AioCompletion: C_AioRead::finish() 0x7fb5a93276d0 r = 0
2013-03-14 18:10:28.119991 7fb587fff700 10 librbd::AioCompletion: got {828928=512} for [0,512] bl 512
2013-03-14 18:10:28.119995 7fb587fff700 20 librbd::AioCompletion: AioCompletion::complete_request() 0x7fb5a9289bf0 complete_cb=0x7fb5a6fc7170 pending 1
2013-03-14 18:10:28.119999 7fb587fff700 20 librbd::AioCompletion: AioCompletion::finalize() 0x7fb5a9289bf0 rval 512 read_buf 0x7fb5a9458600 read_bl 0
2013-03-14 18:10:28.120002 7fb587fff700 20 librbd::AioCompletion: AioCompletion::finalize() copied resulting 512 bytes to 0x7fb5a9458600
2013-03-14 18:10:28.120119 7fb5876fd700 20 librbd: aio_read 0x7fb5a9162330 completion 0x7fb5a9289bf0 [829440,512]
2013-03-14 18:10:28.120127 7fb5876fd700 20 librbd: ictx_check 0x7fb5a9162330
2013-03-14 18:10:28.120134 7fb5876fd700 20 librbd: oid rb.0.1e1280.238e1f29.000000000000 829440~512 from [0,512]
2013-03-14 18:10:28.120138 7fb5876fd700 20 librbd::AioRequest: send 0x7fb5a94585e0 rb.0.1e1280.238e1f29.000000000000 829440~512
2013-03-14 18:10:28.120153 7fb5876fd700 1 -- 172.16.156.135:0/1648258 --> 172.16.170.1:6800/1310 -- osd_op(client.2216705.0:518 rb.0.1e1280.238e1f29.000000000000 [sparse-read 829440~512] 2.dabde67b) v4 -- ?+0 0x7fb5a9459990 con 0x7fb5a91668f0
2013-03-14 18:10:28.120168 7fb5876fd700 20 librbd::AioCompletion: AioCompletion::finish_adding_requests 0x7fb5a9289bf0 pending 1
2013-03-14 18:10:28.121172 7fb58ed64700 1 -- 172.16.156.135:0/1648258 <== osd.0 172.16.170.1:6800/1310 513 ==== osd_op_reply(518 rb.0.1e1280.238e1f29.000000000000 [sparse-read 829440~512] = 0) v4 ==== 132+0+536 (1985834355 0 1594836300) 0x7fb5a9454c90 con 0x7fb5a91668f0
2013-03-14 18:10:28.121211 7fb587fff700 20 librbd::AioRequest: should_complete 0x7fb5a94585e0 rb.0.1e1280.238e1f29.000000000000 829440~512 r = 0
2013-03-14 18:10:28.121218 7fb587fff700 10 librbd::AioCompletion: C_AioRead::finish() 0x7fb5a925c3a0 r = 0
2013-03-14 18:10:28.121220 7fb587fff700 10 librbd::AioCompletion: got {829440=512} for [0,512] bl 512
2013-03-14 18:10:28.121226 7fb587fff700 20 librbd::AioCompletion: AioCompletion::complete_request() 0x7fb5a9289bf0 complete_cb=0x7fb5a6fc7170 pending 1
2013-03-14 18:10:28.121230 7fb587fff700 20 librbd::AioCompletion: AioCompletion::finalize() 0x7fb5a9289bf0 rval 512 read_buf 0x7fb5a9459600 read_bl 0
2013-03-14 18:10:28.121234 7fb587fff700 20 librbd::AioCompletion: AioCompletion::finalize() copied resulting 512 bytes to 0x7fb5a9459600
2013-03-14 18:10:28.121345 7fb5876fd700 20 librbd: aio_read 0x7fb5a9162330 completion 0x7fb5a9289bf0 [829952,512]
2013-03-14 18:10:28.121353 7fb5876fd700 20 librbd: ictx_check 0x7fb5a9162330
2013-03-14 18:10:28.121360 7fb5876fd700 20 librbd: oid rb.0.1e1280.238e1f29.000000000000 829952~512 from [0,512]
2013-03-14 18:10:28.121364 7fb5876fd700 20 librbd::AioRequest: send 0x7fb5a94595e0 rb.0.1e1280.238e1f29.000000000000 829952~512
2013-03-14 18:10:28.121379 7fb5876fd700 1 -- 172.16.156.135:0/1648258 --> 172.16.170.1:6800/1310 -- osd_op(client.2216705.0:519 rb.0.1e1280.238e1f29.000000000000 [sparse-read 829952~512] 2.dabde67b) v4 -- ?+0 0x7fb5a9455790 con 0x7fb5a91668f0
2013-03-14 18:10:28.121393 7fb5876fd700 20 librbd::AioCompletion: AioCompletion::finish_adding_requests 0x7fb5a9289bf0 pending 1
2013-03-14 18:10:28.122326 7fb58ed64700 1 -- 172.16.156.135:0/1648258 <== osd.0 172.16.170.1:6800/1310 514 ==== osd_op_reply(519 rb.0.1e1280.238e1f29.000000000000 [sparse-read 829952~512] = 0) v4 ==== 132+0+536 (933326735 0 4020222019) 0x7fb5a945e050 con 0x7fb5a91668f0
2013-03-14 18:10:28.122427 7fb587fff700 20 librbd::AioRequest: should_complete 0x7fb5a94595e0 rb.0.1e1280.238e1f29.000000000000 829952~512 r = 0
2013-03-14 18:10:28.122437 7fb587fff700 10 librbd::AioCompletion: C_AioRead::finish() 0x7fb5a92d3cf0 r = 0
2013-03-14 18:10:28.122441 7fb587fff700 10 librbd::AioCompletion: got {829952=512} for [0,512] bl 512
2013-03-14 18:10:28.122447 7fb587fff700 20 librbd::AioCompletion: AioCompletion::complete_request() 0x7fb5a9289bf0 complete_cb=0x7fb5a6fc7170 pending 1
2013-03-14 18:10:28.122451 7fb587fff700 20 librbd::AioCompletion: AioCompletion::finalize() 0x7fb5a9289bf0 rval 512 read_buf 0x7fb5a9455400 read_bl 0
2013-03-14 18:10:28.122456 7fb587fff700 20 librbd::AioCompletion: AioCompletion::finalize() copied resulting 512 bytes to 0x7fb5a9455400
2013-03-14 18:10:28.122617 7fb5876fd700 20 librbd: aio_read 0x7fb5a9162330 completion 0x7fb5a9289bf0 [830464,512]
2013-03-14 18:10:28.122625 7fb5876fd700 20 librbd: ictx_check 0x7fb5a9162330
2013-03-14 18:10:28.122632 7fb5876fd700 20 librbd: oid rb.0.1e1280.238e1f29.000000000000 830464~512 from [0,512]
2013-03-14 18:10:28.122636 7fb5876fd700 20 librbd::AioRequest: send 0x7fb5a9450020 rb.0.1e1280.238e1f29.000000000000 830464~512
2013-03-14 18:10:28.122653 7fb5876fd700 1 -- 172.16.156.135:0/1648258 --> 172.16.170.1:6800/1310 -- osd_op(client.2216705.0:520 rb.0.1e1280.238e1f29.000000000000 [sparse-read 830464~512] 2.dabde67b) v4 -- ?+0 0x7fb5a9456790 con 0x7fb5a91668f0
2013-03-14 18:10:28.122665 7fb5876fd700 20 librbd::AioCompletion: AioCompletion::finish_adding_requests 0x7fb5a9289bf0 pending 1
2013-03-14 18:10:28.123835 7fb58ed64700 1 -- 172.16.156.135:0/1648258 <== osd.0 172.16.170.1:6800/1310 515 ==== osd_op_reply(520 rb.0.1e1280.238e1f29.000000000000 [sparse-read 830464~512] = 0) v4 ==== 132+0+536 (4121258123 0 953521573) 0x7fb5a9456da0 con 0x7fb5a91668f0
2013-03-14 18:10:28.123899 7fb587fff700 20 librbd::AioRequest: should_complete 0x7fb5a9450020 rb.0.1e1280.238e1f29.000000000000 830464~512 r = 0
2013-03-14 18:10:28.123911 7fb587fff700 10 librbd::AioCompletion: C_AioRead::finish() 0x7fb5a92c78e0 r = 0
2013-03-14 18:10:28.123913 7fb587fff700 10 librbd::AioCompletion: got {830464=512} for [0,512] bl 512
2013-03-14 18:10:28.123918 7fb587fff700 20 librbd::AioCompletion: AioCompletion::complete_request() 0x7fb5a9289bf0 complete_cb=0x7fb5a6fc7170 pending 1
2013-03-14 18:10:28.123921 7fb587fff700 20 librbd::AioCompletion: AioCompletion::finalize() 0x7fb5a9289bf0 rval 512 read_buf 0x7fb5a9456400 read_bl 0
2013-03-14 18:10:28.123924 7fb587fff700 20 librbd::AioCompletion: AioCompletion::finalize() copied resulting 512 bytes to 0x7fb5a9456400
2013-03-14 18:10:28.124035 7fb5876fd700 20 librbd: aio_read 0x7fb5a9162330 completion 0x7fb5a9289bf0 [830976,512]
2013-03-14 18:10:28.124043 7fb5876fd700 20 librbd: ictx_check 0x7fb5a9162330
2013-03-14 18:10:28.124050 7fb5876fd700 20 librbd: oid rb.0.1e1280.238e1f29.000000000000 830976~512 from [0,512]
2013-03-14 18:10:28.124055 7fb5876fd700 20 librbd::AioRequest: send 0x7fb5a94553b0 rb.0.1e1280.238e1f29.000000000000 830976~512
2013-03-14 18:10:28.124072 7fb5876fd700 1 -- 172.16.156.135:0/1648258 --> 172.16.170.1:6800/1310 -- osd_op(client.2216705.0:521 rb.0.1e1280.238e1f29.000000000000 [sparse-read 830976~512] 2.dabde67b) v4 -- ?+0 0x7fb5a9457830 con 0x7fb5a91668f0
2013-03-14 18:10:28.124088 7fb5876fd700 20 librbd::AioCompletion: AioCompletion::finish_adding_requests 0x7fb5a9289bf0 pending 1
2013-03-14 18:10:28.125054 7fb58ed64700 1 -- 172.16.156.135:0/1648258 <== osd.0 172.16.170.1:6800/1310 516 ==== osd_op_reply(521 rb.0.1e1280.238e1f29.000000000000 [sparse-read 830976~512] = 0) v4 ==== 132+0+536 (3025758839 0 3417759024) 0x7fb5a9457e40 con 0x7fb5a91668f0
2013-03-14 18:10:28.125110 7fb587fff700 20 librbd::AioRequest: should_complete 0x7fb5a94553b0 rb.0.1e1280.238e1f29.000000000000 830976~512 r = 0
2013-03-14 18:10:28.125124 7fb587fff700 10 librbd::AioCompletion: C_AioRead::finish() 0x7fb5a933f720 r = 0
2013-03-14 18:10:28.125127 7fb587fff700 10 librbd::AioCompletion: got {830976=512} for [0,512] bl 512
2013-03-14 18:10:28.125132 7fb587fff700 20 librbd::AioCompletion: AioCompletion::complete_request() 0x7fb5a9289bf0 complete_cb=0x7fb5a6fc7170 pending 1
2013-03-14 18:10:28.125135 7fb587fff700 20 librbd::AioCompletion: AioCompletion::finalize() 0x7fb5a9289bf0 rval 512 read_buf 0x7fb5a9457600 read_bl 0
2013-03-14 18:10:28.125139 7fb587fff700 20 librbd::AioCompletion: AioCompletion::finalize() copied resulting 512 bytes to 0x7fb5a9457600
2013-03-14 18:10:28.125255 7fb5876fd700 20 librbd: aio_read 0x7fb5a9162330 completion 0x7fb5a9289bf0 [831488,512]
2013-03-14 18:10:28.125263 7fb5876fd700 20 librbd: ictx_check 0x7fb5a9162330
2013-03-14 18:10:28.125270 7fb5876fd700 20 librbd: oid rb.0.1e1280.238e1f29.000000000000 831488~512 from [0,512]
2013-03-14 18:10:28.125275 7fb5876fd700 20 librbd::AioRequest: send 0x7fb5a9457810 rb.0.1e1280.238e1f29.000000000000 831488~512
2013-03-14 18:10:28.125293 7fb5876fd700 1 -- 172.16.156.135:0/1648258 --> 172.16.170.1:6800/1310 -- osd_op(client.2216705.0:522 rb.0.1e1280.238e1f29.000000000000 [sparse-read 831488~512] 2.dabde67b) v4 -- ?+0 0x7fb5a945ea00 con 0x7fb5a91668f0
2013-03-14 18:10:28.125309 7fb5876fd700 20 librbd::AioCompletion: AioCompletion::finish_adding_requests 0x7fb5a9289bf0 pending 1
2013-03-14 18:10:28.126286 7fb58ed64700 1 -- 172.16.156.135:0/1648258 <== osd.0 172.16.170.1:6800/1310 517 ==== osd_op_reply(522 rb.0.1e1280.238e1f29.000000000000 [sparse-read 831488~512] = 0) v4 ==== 132+0+536 (1887038064 0 3178663337) 0x7fb5a945f010 con 0x7fb5a91668f0
2013-03-14 18:10:28.126397 7fb587fff700 20 librbd::AioRequest: should_complete 0x7fb5a9457810 rb.0.1e1280.238e1f29.000000000000 831488~512 r = 0
2013-03-14 18:10:28.126409 7fb587fff700 10 librbd::AioCompletion: C_AioRead::finish() 0x7fb5a932ccd0 r = 0
2013-03-14 18:10:28.126412 7fb587fff700 10 librbd::AioCompletion: got {831488=512} for [0,512] bl 512
2013-03-14 18:10:28.126419 7fb587fff700 20 librbd::AioCompletion: AioCompletion::complete_request() 0x7fb5a9289bf0 complete_cb=0x7fb5a6fc7170 pending 1
2013-03-14 18:10:28.126424 7fb587fff700 20 librbd::AioCompletion: AioCompletion::finalize() 0x7fb5a9289bf0 rval 512 read_buf 0x7fb5a9457600 read_bl 0
2013-03-14 18:10:28.126429 7fb587fff700 20 librbd::AioCompletion: AioCompletion::finalize() copied resulting 512 bytes to 0x7fb5a9457600
2013-03-14 18:10:28.126540 7fb5876fd700 20 librbd: aio_read 0x7fb5a9162330 completion 0x7fb5a9289bf0 [832000,512]
2013-03-14 18:10:28.126548 7fb5876fd700 20 librbd: ictx_check 0x7fb5a9162330
2013-03-14 18:10:28.126556 7fb5876fd700 20 librbd: oid rb.0.1e1280.238e1f29.000000000000 832000~512 from [0,512]
2013-03-14 18:10:28.126560 7fb5876fd700 20 librbd::AioRequest: send 0x7fb5a945ead0 rb.0.1e1280.238e1f29.000000000000 832000~512
2013-03-14 18:10:28.126576 7fb5876fd700 1 -- 172.16.156.135:0/1648258 --> 172.16.170.1:6800/1310 -- osd_op(client.2216705.0:523 rb.0.1e1280.238e1f29.000000000000 [sparse-read 832000~512] 2.dabde67b) v4 -- ?+0 0x7fb5a945fa00 con 0x7fb5a91668f0
2013-03-14 18:10:28.126590 7fb5876fd700 20 librbd::AioCompletion: AioCompletion::finish_adding_requests 0x7fb5a9289bf0 pending 1
2013-03-14 18:10:28.127623 7fb58ed64700 1 -- 172.16.156.135:0/1648258 <== osd.0 172.16.170.1:6800/1310 518 ==== osd_op_reply(523 rb.0.1e1280.238e1f29.000000000000 [sparse-read 832000~512] = 0) v4 ==== 132+0+536 (830859404 0 2679078525) 0x7fb5a945a090 con 0x7fb5a91668f0
2013-03-14 18:10:28.127721 7fb587fff700 20 librbd::AioRequest: should_complete 0x7fb5a945ead0 rb.0.1e1280.238e1f29.000000000000 832000~512 r = 0
2013-03-14 18:10:28.127731 7fb587fff700 10 librbd::AioCompletion: C_AioRead::finish() 0x7fb5a9385770 r = 0
2013-03-14 18:10:28.127733 7fb587fff700 10 librbd::AioCompletion: got {832000=512} for [0,512] bl 512
2013-03-14 18:10:28.127740 7fb587fff700 20 librbd::AioCompletion: AioCompletion::complete_request() 0x7fb5a9289bf0 complete_cb=0x7fb5a6fc7170 pending 1
2013-03-14 18:10:28.127744 7fb587fff700 20 librbd::AioCompletion: AioCompletion::finalize() 0x7fb5a9289bf0 rval 512 read_buf 0x7fb5a945f400 read_bl 0
2013-03-14 18:10:28.127750 7fb587fff700 20 librbd::AioCompletion: AioCompletion::finalize() copied resulting 512 bytes to 0x7fb5a945f400
2013-03-14 18:10:28.127912 7fb5876fd700 20 librbd: aio_read 0x7fb5a9162330 completion 0x7fb5a9289bf0 [832512,512]
2013-03-14 18:10:28.127920 7fb5876fd700 20 librbd: ictx_check 0x7fb5a9162330
2013-03-14 18:10:28.127927 7fb5876fd700 20 librbd: oid rb.0.1e1280.238e1f29.000000000000 832512~512 from [0,512]
2013-03-14 18:10:28.127932 7fb5876fd700 20 librbd::AioRequest: send 0x7fb5a945fad0 rb.0.1e1280.238e1f29.000000000000 832512~512
2013-03-14 18:10:28.127948 7fb5876fd700 1 -- 172.16.156.135:0/1648258 --> 172.16.170.1:6800/1310 -- osd_op(client.2216705.0:524 rb.0.1e1280.238e1f29.000000000000 [sparse-read 832512~512] 2.dabde67b) v4 -- ?+0 0x7fb5a945ac00 con 0x7fb5a91668f0
2013-03-14 18:10:28.127961 7fb5876fd700 20 librbd::AioCompletion: AioCompletion::finish_adding_requests 0x7fb5a9289bf0 pending 1
2013-03-14 18:10:28.128996 7fb58ed64700 1 -- 172.16.156.135:0/1648258 <== osd.0 172.16.170.1:6800/1310 519 ==== osd_op_reply(524 rb.0.1e1280.238e1f29.000000000000 [sparse-read 832512~512] = 0) v4 ==== 132+0+536 (4085378952 0 2868044963) 0x7fb5a9464050 con 0x7fb5a91668f0
2013-03-14 18:10:28.129074 7fb587fff700 20 librbd::AioRequest: should_complete 0x7fb5a945fad0 rb.0.1e1280.238e1f29.000000000000 832512~512 r = 0
2013-03-14 18:10:28.129087 7fb587fff700 10 librbd::AioCompletion: C_AioRead::finish() 0x7fb5a9298ef0 r = 0
2013-03-14 18:10:28.129091 7fb587fff700 10 librbd::AioCompletion: got {832512=512} for [0,512] bl 512
2013-03-14 18:10:28.129099 7fb587fff700 20 librbd::AioCompletion: AioCompletion::complete_request() 0x7fb5a9289bf0 complete_cb=0x7fb5a6fc7170 pending 1
2013-03-14 18:10:28.129105 7fb587fff700 20 librbd::AioCompletion: AioCompletion::finalize() 0x7fb5a9289bf0 rval 512 read_buf 0x7fb5a945a600 read_bl 0
2013-03-14 18:10:28.129113 7fb587fff700 20 librbd::AioCompletion: AioCompletion::finalize() copied resulting 512 bytes to 0x7fb5a945a600
2013-03-14 18:10:28.129244 7fb5876fd700 20 librbd: aio_read 0x7fb5a9162330 completion 0x7fb5a9289bf0 [833024,512]
2013-03-14 18:10:28.129252 7fb5876fd700 20 librbd: ictx_check 0x7fb5a9162330
2013-03-14 18:10:28.129259 7fb5876fd700 20 librbd: oid rb.0.1e1280.238e1f29.000000000000 833024~512 from [0,512]
2013-03-14 18:10:28.129263 7fb5876fd700 20 librbd::AioRequest: send 0x7fb5a945abb0 rb.0.1e1280.238e1f29.000000000000 833024~512
2013-03-14 18:10:28.129280 7fb5876fd700 1 -- 172.16.156.135:0/1648258 --> 172.16.170.1:6800/1310 -- osd_op(client.2216705.0:525 rb.0.1e1280.238e1f29.000000000000 [sparse-read 833024~512] 2.dabde67b) v4 -- ?+0 0x7fb5a945bb90 con 0x7fb5a91668f0
2013-03-14 18:10:28.129293 7fb5876fd700 20 librbd::AioCompletion: AioCompletion::finish_adding_requests 0x7fb5a9289bf0 pending 1
2013-03-14 18:10:28.130224 7fb58ed64700 1 -- 172.16.156.135:0/1648258 <== osd.0 172.16.170.1:6800/1310 520 ==== osd_op_reply(525 rb.0.1e1280.238e1f29.000000000000 [sparse-read 833024~512] = 0) v4 ==== 132+0+536 (2994597236 0 213684693) 0x7fb5a945c120 con 0x7fb5a91668f0
2013-03-14 18:10:28.130313 7fb587fff700 20 librbd::AioRequest: should_complete 0x7fb5a945abb0 rb.0.1e1280.238e1f29.000000000000 833024~512 r = 0
2013-03-14 18:10:28.130325 7fb587fff700 10 librbd::AioCompletion: C_AioRead::finish() 0x7fb5a93e7c80 r = 0
2013-03-14 18:10:28.130329 7fb587fff700 10 librbd::AioCompletion: got {833024=512} for [0,512] bl 512
2013-03-14 18:10:28.130337 7fb587fff700 20 librbd::AioCompletion: AioCompletion::complete_request() 0x7fb5a9289bf0 complete_cb=0x7fb5a6fc7170 pending 1
2013-03-14 18:10:28.130343 7fb587fff700 20 librbd::AioCompletion: AioCompletion::finalize() 0x7fb5a9289bf0 rval 512 read_buf 0x7fb5a945b800 read_bl 0
2013-03-14 18:10:28.130350 7fb587fff700 20 librbd::AioCompletion: AioCompletion::finalize() copied resulting 512 bytes to 0x7fb5a945b800
2013-03-14 18:10:28.130475 7fb5876fd700 20 librbd: aio_read 0x7fb5a9162330 completion 0x7fb5a9289bf0 [833536,512]
2013-03-14 18:10:28.130483 7fb5876fd700 20 librbd: ictx_check 0x7fb5a9162330
2013-03-14 18:10:28.130490 7fb5876fd700 20 librbd: oid rb.0.1e1280.238e1f29.000000000000 833536~512 from [0,512]
2013-03-14 18:10:28.130494 7fb5876fd700 20 librbd::AioRequest: send 0x7fb5a945b7a0 rb.0.1e1280.238e1f29.000000000000 833536~512
2013-03-14 18:10:28.130511 7fb5876fd700 1 -- 172.16.156.135:0/1648258 --> 172.16.170.1:6800/1310 -- osd_op(client.2216705.0:526 rb.0.1e1280.238e1f29.000000000000 [sparse-read 833536~512] 2.dabde67b) v4 -- ?+0 0x7fb5a945ce00 con 0x7fb5a91668f0
2013-03-14 18:10:28.130525 7fb5876fd700 20 librbd::AioCompletion: AioCompletion::finish_adding_requests 0x7fb5a9289bf0 pending 1
2013-03-14 18:10:28.131577 7fb58ed64700 1 -- 172.16.156.135:0/1648258 <== osd.0 172.16.170.1:6800/1310 521 ==== osd_op_reply(526 rb.0.1e1280.238e1f29.000000000000 [sparse-read 833536~512] = 0) v4 ==== 132+0+536 (1919260529 0 2311747792) 0x7fb5a945d410 con 0x7fb5a91668f0
2013-03-14 18:10:28.131641 7fb587fff700 20 librbd::AioRequest: should_complete 0x7fb5a945b7a0 rb.0.1e1280.238e1f29.000000000000 833536~512 r = 0
2013-03-14 18:10:28.131654 7fb587fff700 10 librbd::AioCompletion: C_AioRead::finish() 0x7fb5a93a02b0 r = 0
2013-03-14 18:10:28.131658 7fb587fff700 10 librbd::AioCompletion: got {833536=512} for [0,512] bl 512
2013-03-14 18:10:28.131665 7fb587fff700 20 librbd::AioCompletion: AioCompletion::complete_request() 0x7fb5a9289bf0 complete_cb=0x7fb5a6fc7170 pending 1
2013-03-14 18:10:28.131670 7fb587fff700 20 librbd::AioCompletion: AioCompletion::finalize() 0x7fb5a9289bf0 rval 512 read_buf 0x7fb5a945c800 read_bl 0
2013-03-14 18:10:28.131676 7fb587fff700 20 librbd::AioCompletion: AioCompletion::finalize() copied resulting 512 bytes to 0x7fb5a945c800
2013-03-14 18:10:28.131791 7fb5876fd700 20 librbd: aio_read 0x7fb5a9162330 completion 0x7fb5a9289bf0 [834048,512]
2013-03-14 18:10:28.131799 7fb5876fd700 20 librbd: ictx_check 0x7fb5a9162330
2013-03-14 18:10:28.131806 7fb5876fd700 20 librbd: oid rb.0.1e1280.238e1f29.000000000000 834048~512 from [0,512]
2013-03-14 18:10:28.131811 7fb5876fd700 20 librbd::AioRequest: send 0x7fb5a945ce00 rb.0.1e1280.238e1f29.000000000000 834048~512
2013-03-14 18:10:28.131827 7fb5876fd700 1 -- 172.16.156.135:0/1648258 --> 172.16.170.1:6800/1310 -- osd_op(client.2216705.0:527 rb.0.1e1280.238e1f29.000000000000 [sparse-read 834048~512] 2.dabde67b) v4 -- ?+0 0x7fb5a945de00 con 0x7fb5a91668f0
2013-03-14 18:10:28.131840 7fb5876fd700 20 librbd::AioCompletion: AioCompletion::finish_adding_requests 0x7fb5a9289bf0 pending 1
2013-03-14 18:10:28.132842 7fb58ed64700 1 -- 172.16.156.135:0/1648258 <== osd.0 172.16.170.1:6800/1310 522 ==== osd_op_reply(527 rb.0.1e1280.238e1f29.000000000000 [sparse-read 834048~512] = 0) v4 ==== 132+0+536 (865703309 0 1508207409) 0x7fb5a94602b0 con 0x7fb5a91668f0
2013-03-14 18:10:28.132913 7fb587fff700 20 librbd::AioRequest: should_complete 0x7fb5a945ce00 rb.0.1e1280.238e1f29.000000000000 834048~512 r = 0
2013-03-14 18:10:28.132924 7fb587fff700 10 librbd::AioCompletion: C_AioRead::finish() 0x7fb5a929c760 r = 0
2013-03-14 18:10:28.132927 7fb587fff700 10 librbd::AioCompletion: got {834048=512} for [0,512] bl 512
2013-03-14 18:10:28.132934 7fb587fff700 20 librbd::AioCompletion: AioCompletion::complete_request() 0x7fb5a9289bf0 complete_cb=0x7fb5a6fc7170 pending 1
2013-03-14 18:10:28.132939 7fb587fff700 20 librbd::AioCompletion: AioCompletion::finalize() 0x7fb5a9289bf0 rval 512 read_buf 0x7fb5a945d800 read_bl 0
2013-03-14 18:10:28.132944 7fb587fff700 20 librbd::AioCompletion: AioCompletion::finalize() copied resulting 512 bytes to 0x7fb5a945d800
2013-03-14 18:10:28.133094 7fb5876fd700 20 librbd: aio_read 0x7fb5a9162330 completion 0x7fb5a9289bf0 [834560,512]
2013-03-14 18:10:28.133102 7fb5876fd700 20 librbd: ictx_check 0x7fb5a9162330
2013-03-14 18:10:28.133109 7fb5876fd700 20 librbd: oid rb.0.1e1280.238e1f29.000000000000 834560~512 from [0,512]
2013-03-14 18:10:28.133113 7fb5876fd700 20 librbd::AioRequest: send 0x7fb5a945de00 rb.0.1e1280.238e1f29.000000000000 834560~512
2013-03-14 18:10:28.133130 7fb5876fd700 1 -- 172.16.156.135:0/1648258 --> 172.16.170.1:6800/1310 -- osd_op(client.2216705.0:528 rb.0.1e1280.238e1f29.000000000000 [sparse-read 834560~512] 2.dabde67b) v4 -- ?+0 0x7fb5a9464c00 con 0x7fb5a91668f0
2013-03-14 18:10:28.133143 7fb5876fd700 20 librbd::AioCompletion: AioCompletion::finish_adding_requests 0x7fb5a9289bf0 pending 1
2013-03-14 18:10:28.134141 7fb58ed64700 1 -- 172.16.156.135:0/1648258 <== osd.0 172.16.170.1:6800/1310 523 ==== osd_op_reply(528 rb.0.1e1280.238e1f29.000000000000 [sparse-read 834560~512] = 0) v4 ==== 132+0+536 (4053635721 0 817065220) 0x7fb5a9465210 con 0x7fb5a91668f0
2013-03-14 18:10:28.134200 7fb587fff700 20 librbd::AioRequest: should_complete 0x7fb5a945de00 rb.0.1e1280.238e1f29.000000000000 834560~512 r = 0
2013-03-14 18:10:28.134212 7fb587fff700 10 librbd::AioCompletion: C_AioRead::finish() 0x7fb5a92998d0 r = 0
2013-03-14 18:10:28.134216 7fb587fff700 10 librbd::AioCompletion: got {834560=512} for [0,512] bl 512
2013-03-14 18:10:28.134224 7fb587fff700 20 librbd::AioCompletion: AioCompletion::complete_request() 0x7fb5a9289bf0 complete_cb=0x7fb5a6fc7170 pending 1
2013-03-14 18:10:28.134230 7fb587fff700 20 librbd::AioCompletion: AioCompletion::finalize() 0x7fb5a9289bf0 rval 512 read_buf 0x7fb5a9464600 read_bl 0
2013-03-14 18:10:28.134237 7fb587fff700 20 librbd::AioCompletion: AioCompletion::finalize() copied resulting 512 bytes to 0x7fb5a9464600
2013-03-14 18:10:28.134353 7fb5876fd700 20 librbd: aio_read 0x7fb5a9162330 completion 0x7fb5a9289bf0 [835072,512]
2013-03-14 18:10:28.134361 7fb5876fd700 20 librbd: ictx_check 0x7fb5a9162330
2013-03-14 18:10:28.134369 7fb5876fd700 20 librbd: oid rb.0.1e1280.238e1f29.000000000000 835072~512 from [0,512]
2013-03-14 18:10:28.134374 7fb5876fd700 20 librbd::AioRequest: send 0x7fb5a9464cd0 rb.0.1e1280.238e1f29.000000000000 835072~512
2013-03-14 18:10:28.134391 7fb5876fd700 1 -- 172.16.156.135:0/1648258 --> 172.16.170.1:6800/1310 -- osd_op(client.2216705.0:529 rb.0.1e1280.238e1f29.000000000000 [sparse-read 835072~512] 2.dabde67b) v4 -- ?+0 0x7fb5a9465c00 con 0x7fb5a91668f0
2013-03-14 18:10:28.134404 7fb5876fd700 20 librbd::AioCompletion: AioCompletion::finish_adding_requests 0x7fb5a9289bf0 pending 1
2013-03-14 18:10:28.135403 7fb58ed64700 1 -- 172.16.156.135:0/1648258 <== osd.0 172.16.170.1:6800/1310 524 ==== osd_op_reply(529 rb.0.1e1280.238e1f29.000000000000 [sparse-read 835072~512] = 0) v4 ==== 132+0+536 (2959183989 0 1336093553) 0x7fb5a9460400 con 0x7fb5a91668f0
2013-03-14 18:10:28.135451 7fb587fff700 20 librbd::AioRequest: should_complete 0x7fb5a9464cd0 rb.0.1e1280.238e1f29.000000000000 835072~512 r = 0
2013-03-14 18:10:28.135463 7fb587fff700 10 librbd::AioCompletion: C_AioRead::finish() 0x7fb5a92a6e80 r = 0
2013-03-14 18:10:28.135467 7fb587fff700 10 librbd::AioCompletion: got {835072=512} for [0,512] bl 512
2013-03-14 18:10:28.135474 7fb587fff700 20 librbd::AioCompletion: AioCompletion::complete_request() 0x7fb5a9289bf0 complete_cb=0x7fb5a6fc7170 pending 1
2013-03-14 18:10:28.135479 7fb587fff700 20 librbd::AioCompletion: AioCompletion::finalize() 0x7fb5a9289bf0 rval 512 read_buf 0x7fb5a9465600 read_bl 0
2013-03-14 18:10:28.135484 7fb587fff700 20 librbd::AioCompletion: AioCompletion::finalize() copied resulting 512 bytes to 0x7fb5a9465600
2013-03-14 18:10:28.135604 7fb5876fd700 20 librbd: aio_read 0x7fb5a9162330 completion 0x7fb5a9289bf0 [835584,512]
2013-03-14 18:10:28.135612 7fb5876fd700 20 librbd: ictx_check 0x7fb5a9162330
2013-03-14 18:10:28.135619 7fb5876fd700 20 librbd: oid rb.0.1e1280.238e1f29.000000000000 835584~512 from [0,512]
2013-03-14 18:10:28.135623 7fb5876fd700 20 librbd::AioRequest: send 0x7fb5a94645e0 rb.0.1e1280.238e1f29.000000000000 835584~512
2013-03-14 18:10:28.135640 7fb5876fd700 1 -- 172.16.156.135:0/1648258 --> 172.16.170.1:6800/1310 -- osd_op(client.2216705.0:530 rb.0.1e1280.238e1f29.000000000000 [sparse-read 835584~512] 2.dabde67b) v4 -- ?+0 0x7fb5a9461010 con 0x7fb5a91668f0
2013-03-14 18:10:28.135653 7fb5876fd700 20 librbd::AioCompletion: AioCompletion::finish_adding_requests 0x7fb5a9289bf0 pending 1
2013-03-14 18:10:28.136656 7fb58ed64700 1 -- 172.16.156.135:0/1648258 <== osd.0 172.16.170.1:6800/1310 525 ==== osd_op_reply(530 rb.0.1e1280.238e1f29.000000000000 [sparse-read 835584~512] = 0) v4 ==== 132+0+536 (1825770622 0 3292162008) 0x7fb5a946a050 con 0x7fb5a91668f0
2013-03-14 18:10:28.136733 7fb587fff700 20 librbd::AioRequest: should_complete 0x7fb5a94645e0 rb.0.1e1280.238e1f29.000000000000 835584~512 r = 0
2013-03-14 18:10:28.136747 7fb587fff700 10 librbd::AioCompletion: C_AioRead::finish() 0x7fb5a92c8ee0 r = 0
2013-03-14 18:10:28.136752 7fb587fff700 10 librbd::AioCompletion: got {835584=512} for [0,512] bl 512
2013-03-14 18:10:28.136761 7fb587fff700 20 librbd::AioCompletion: AioCompletion::complete_request() 0x7fb5a9289bf0 complete_cb=0x7fb5a6fc7170 pending 1
2013-03-14 18:10:28.136766 7fb587fff700 20 librbd::AioCompletion: AioCompletion::finalize() 0x7fb5a9289bf0 rval 512 read_buf 0x7fb5a9460c00 read_bl 0
2013-03-14 18:10:28.136772 7fb587fff700 20 librbd::AioCompletion: AioCompletion::finalize() copied resulting 512 bytes to 0x7fb5a9460c00
2013-03-14 18:10:28.136890 7fb5876fd700 20 librbd: aio_read 0x7fb5a9162330 completion 0x7fb5a9289bf0 [836096,512]
2013-03-14 18:10:28.136899 7fb5876fd700 20 librbd: ictx_check 0x7fb5a9162330
2013-03-14 18:10:28.136906 7fb5876fd700 20 librbd: oid rb.0.1e1280.238e1f29.000000000000 836096~512 from [0,512]
2013-03-14 18:10:28.136911 7fb5876fd700 20 librbd::AioRequest: send 0x7fb5a9461a60 rb.0.1e1280.238e1f29.000000000000 836096~512
2013-03-14 18:10:28.136930 7fb5876fd700 1 -- 172.16.156.135:0/1648258 --> 172.16.170.1:6800/1310 -- osd_op(client.2216705.0:531 rb.0.1e1280.238e1f29.000000000000 [sparse-read 836096~512] 2.dabde67b) v4 -- ?+0 0x7fb5a9462080 con 0x7fb5a91668f0
2013-03-14 18:10:28.136944 7fb5876fd700 20 librbd::AioCompletion: AioCompletion::finish_adding_requests 0x7fb5a9289bf0 pending 1
2013-03-14 18:10:28.137895 7fb58ed64700 1 -- 172.16.156.135:0/1648258 <== osd.0 172.16.170.1:6800/1310 526 ==== osd_op_reply(531 rb.0.1e1280.238e1f29.000000000000 [sparse-read 836096~512] = 0) v4 ==== 132+0+536 (758058626 0 2220633211) 0x7fb5a9462690 con 0x7fb5a91668f0
2013-03-14 18:10:28.137959 7fb587fff700 20 librbd::AioRequest: should_complete 0x7fb5a9461a60 rb.0.1e1280.238e1f29.000000000000 836096~512 r = 0
2013-03-14 18:10:28.137970 7fb587fff700 10 librbd::AioCompletion: C_AioRead::finish() 0x7fb5a93c9490 r = 0
2013-03-14 18:10:28.137973 7fb587fff700 10 librbd::AioCompletion: got {836096=512} for [0,512] bl 512
2013-03-14 18:10:28.137980 7fb587fff700 20 librbd::AioCompletion: AioCompletion::complete_request() 0x7fb5a9289bf0 complete_cb=0x7fb5a6fc7170 pending 1
2013-03-14 18:10:28.137984 7fb587fff700 20 librbd::AioCompletion: AioCompletion::finalize() 0x7fb5a9289bf0 rval 512 read_buf 0x7fb5a9461c00 read_bl 0
2013-03-14 18:10:28.137989 7fb587fff700 20 librbd::AioCompletion: AioCompletion::finalize() copied resulting 512 bytes to 0x7fb5a9461c00
2013-03-14 18:10:28.138345 7fb5876fd700 20 librbd: aio_read 0x7fb5a9162330 completion 0x7fb5a9289bf0 [836608,512]
2013-03-14 18:10:28.138353 7fb5876fd700 20 librbd: ictx_check 0x7fb5a9162330
2013-03-14 18:10:28.138360 7fb5876fd700 20 librbd: oid rb.0.1e1280.238e1f29.000000000000 836608~512 from [0,512]
2013-03-14 18:10:28.138365 7fb5876fd700 20 librbd::AioRequest: send 0x7fb5a9462080 rb.0.1e1280.238e1f29.000000000000 836608~512
2013-03-14 18:10:28.138380 7fb5876fd700 1 -- 172.16.156.135:0/1648258 --> 172.16.170.1:6800/1310 -- osd_op(client.2216705.0:532 rb.0.1e1280.238e1f29.000000000000 [sparse-read 836608~512] 2.dabde67b) v4 -- ?+0 0x7fb5a9463200 con 0x7fb5a91668f0
2013-03-14 18:10:28.138393 7fb5876fd700 20 librbd::AioCompletion: AioCompletion::finish_adding_requests 0x7fb5a9289bf0 pending 1
2013-03-14 18:10:28.139466 7fb58ed64700 1 -- 172.16.156.135:0/1648258 <== osd.0 172.16.170.1:6800/1310 527 ==== osd_op_reply(532 rb.0.1e1280.238e1f29.000000000000 [sparse-read 836608~512] = 0) v4 ==== 132+0+536 (4012575110 0 2139984300) 0x7fb5a9463810 con 0x7fb5a91668f0
2013-03-14 18:10:28.139541 7fb587fff700 20 librbd::AioRequest: should_complete 0x7fb5a9462080 rb.0.1e1280.238e1f29.000000000000 836608~512 r = 0
2013-03-14 18:10:28.139553 7fb587fff700 10 librbd::AioCompletion: C_AioRead::finish() 0x7fb5a9273260 r = 0
2013-03-14 18:10:28.139556 7fb587fff700 10 librbd::AioCompletion: got {836608=512} for [0,512] bl 512
2013-03-14 18:10:28.139569 7fb587fff700 20 librbd::AioCompletion: AioCompletion::complete_request() 0x7fb5a9289bf0 complete_cb=0x7fb5a6fc7170 pending 1
2013-03-14 18:10:28.139574 7fb587fff700 20 librbd::AioCompletion: AioCompletion::finalize() 0x7fb5a9289bf0 rval 512 read_buf 0x7fb5a9462c00 read_bl 0
2013-03-14 18:10:28.139579 7fb587fff700 20 librbd::AioCompletion: AioCompletion::finalize() copied resulting 512 bytes to 0x7fb5a9462c00
2013-03-14 18:10:28.139737 7fb5876fd700 20 librbd: aio_read 0x7fb5a9162330 completion 0x7fb5a9289bf0 [837120,512]
2013-03-14 18:10:28.139745 7fb5876fd700 20 librbd: ictx_check 0x7fb5a9162330
2013-03-14 18:10:28.139753 7fb5876fd700 20 librbd: oid rb.0.1e1280.238e1f29.000000000000 837120~512 from [0,512]
2013-03-14 18:10:28.139757 7fb5876fd700 20 librbd::AioRequest: send 0x7fb5a9463200 rb.0.1e1280.238e1f29.000000000000 837120~512
2013-03-14 18:10:28.139773 7fb5876fd700 1 -- 172.16.156.135:0/1648258 --> 172.16.170.1:6800/1310 -- osd_op(client.2216705.0:533 rb.0.1e1280.238e1f29.000000000000 [sparse-read 837120~512] 2.dabde67b) v4 -- ?+0 0x7fb5a9466090 con 0x7fb5a91668f0
2013-03-14 18:10:28.139786 7fb5876fd700 20 librbd::AioCompletion: AioCompletion::finish_adding_requests 0x7fb5a9289bf0 pending 1
2013-03-14 18:10:28.140898 7fb58ed64700 1 -- 172.16.156.135:0/1648258 <== osd.0 172.16.170.1:6800/1310 528 ==== osd_op_reply(533 rb.0.1e1280.238e1f29.000000000000 [sparse-read 837120~512] = 0) v4 ==== 132+0+536 (2933328762 0 2690707289) 0x7fb5a94666a0 con 0x7fb5a91668f0
2013-03-14 18:10:28.140950 7fb587fff700 20 librbd::AioRequest: should_complete 0x7fb5a9463200 rb.0.1e1280.238e1f29.000000000000 837120~512 r = 0
2013-03-14 18:10:28.140958 7fb587fff700 10 librbd::AioCompletion: C_AioRead::finish() 0x7fb5a926b480 r = 0
2013-03-14 18:10:28.140961 7fb587fff700 10 librbd::AioCompletion: got {837120=512} for [0,512] bl 512
2013-03-14 18:10:28.140966 7fb587fff700 20 librbd::AioCompletion: AioCompletion::complete_request() 0x7fb5a9289bf0 complete_cb=0x7fb5a6fc7170 pending 1
2013-03-14 18:10:28.140971 7fb587fff700 20 librbd::AioCompletion: AioCompletion::finalize() 0x7fb5a9289bf0 rval 512 read_buf 0x7fb5a9463c00 read_bl 0
2013-03-14 18:10:28.140975 7fb587fff700 20 librbd::AioCompletion: AioCompletion::finalize() copied resulting 512 bytes to 0x7fb5a9463c00
2013-03-14 18:10:28.141098 7fb5876fd700 20 librbd: aio_read 0x7fb5a9162330 completion 0x7fb5a9289bf0 [837632,512]
2013-03-14 18:10:28.141106 7fb5876fd700 20 librbd: ictx_check 0x7fb5a9162330
2013-03-14 18:10:28.141113 7fb5876fd700 20 librbd: oid rb.0.1e1280.238e1f29.000000000000 837632~512 from [0,512]
2013-03-14 18:10:28.141117 7fb5876fd700 20 librbd::AioRequest: send 0x7fb5a9466160 rb.0.1e1280.238e1f29.000000000000 837632~512
2013-03-14 18:10:28.141132 7fb5876fd700 1 -- 172.16.156.135:0/1648258 --> 172.16.170.1:6800/1310 -- osd_op(client.2216705.0:534 rb.0.1e1280.238e1f29.000000000000 [sparse-read 837632~512] 2.dabde67b) v4 -- ?+0 0x7fb5a946aa50 con 0x7fb5a91668f0
2013-03-14 18:10:28.141147 7fb5876fd700 20 librbd::AioCompletion: AioCompletion::finish_adding_requests 0x7fb5a9289bf0 pending 1
2013-03-14 18:10:28.142092 7fb58ed64700 1 -- 172.16.156.135:0/1648258 <== osd.0 172.16.170.1:6800/1310 529 ==== osd_op_reply(534 rb.0.1e1280.238e1f29.000000000000 [sparse-read 837632~512] = 0) v4 ==== 132+0+536 (1859088767 0 1332446733) 0x7fb5a946b060 con 0x7fb5a91668f0
2013-03-14 18:10:28.142160 7fb587fff700 20 librbd::AioRequest: should_complete 0x7fb5a9466160 rb.0.1e1280.238e1f29.000000000000 837632~512 r = 0
2013-03-14 18:10:28.142173 7fb587fff700 10 librbd::AioCompletion: C_AioRead::finish() 0x7fb5a936d2e0 r = 0
2013-03-14 18:10:28.142177 7fb587fff700 10 librbd::AioCompletion: got {837632=512} for [0,512] bl 512
2013-03-14 18:10:28.142184 7fb587fff700 20 librbd::AioCompletion: AioCompletion::complete_request() 0x7fb5a9289bf0 complete_cb=0x7fb5a6fc7170 pending 1
2013-03-14 18:10:28.142189 7fb587fff700 20 librbd::AioCompletion: AioCompletion::finalize() 0x7fb5a9289bf0 rval 512 read_buf 0x7fb5a9463c00 read_bl 0
2013-03-14 18:10:28.142193 7fb587fff700 20 librbd::AioCompletion: AioCompletion::finalize() copied resulting 512 bytes to 0x7fb5a9463c00
2013-03-14 18:10:28.142304 7fb5876fd700 20 librbd: aio_read 0x7fb5a9162330 completion 0x7fb5a9289bf0 [838144,512]
2013-03-14 18:10:28.142312 7fb5876fd700 20 librbd: ictx_check 0x7fb5a9162330
2013-03-14 18:10:28.142320 7fb5876fd700 20 librbd: oid rb.0.1e1280.238e1f29.000000000000 838144~512 from [0,512]
2013-03-14 18:10:28.142325 7fb5876fd700 20 librbd::AioRequest: send 0x7fb5a946ab20 rb.0.1e1280.238e1f29.000000000000 838144~512
2013-03-14 18:10:28.142340 7fb5876fd700 1 -- 172.16.156.135:0/1648258 --> 172.16.170.1:6800/1310 -- osd_op(client.2216705.0:535 rb.0.1e1280.238e1f29.000000000000 [sparse-read 838144~512] 2.dabde67b) v4 -- ?+0 0x7fb5a946ba20 con 0x7fb5a91668f0
2013-03-14 18:10:28.142352 7fb5876fd700 20 librbd::AioCompletion: AioCompletion::finish_adding_requests 0x7fb5a9289bf0 pending 1
2013-03-14 18:10:28.143433 7fb58ed64700 1 -- 172.16.156.135:0/1648258 <== osd.0 172.16.170.1:6800/1310 530 ==== osd_op_reply(535 rb.0.1e1280.238e1f29.000000000000 [sparse-read 838144~512] = 0) v4 ==== 132+0+536 (791901059 0 2855089910) 0x7fb5a9466770 con 0x7fb5a91668f0
2013-03-14 18:10:28.143494 7fb587fff700 20 librbd::AioRequest: should_complete 0x7fb5a946ab20 rb.0.1e1280.238e1f29.000000000000 838144~512 r = 0
2013-03-14 18:10:28.143505 7fb587fff700 10 librbd::AioCompletion: C_AioRead::finish() 0x7fb5a93c67d0 r = 0
2013-03-14 18:10:28.143508 7fb587fff700 10 librbd::AioCompletion: got {838144=512} for [0,512] bl 512
2013-03-14 18:10:28.143514 7fb587fff700 20 librbd::AioCompletion: AioCompletion::complete_request() 0x7fb5a9289bf0 complete_cb=0x7fb5a6fc7170 pending 1
2013-03-14 18:10:28.143519 7fb587fff700 20 librbd::AioCompletion: AioCompletion::finalize() 0x7fb5a9289bf0 rval 512 read_buf 0x7fb5a9463c00 read_bl 0
2013-03-14 18:10:28.143524 7fb587fff700 20 librbd::AioCompletion: AioCompletion::finalize() copied resulting 512 bytes to 0x7fb5a9463c00
2013-03-14 18:10:28.143630 7fb5876fd700 20 librbd: aio_read 0x7fb5a9162330 completion 0x7fb5a9289bf0 [838656,512]
2013-03-14 18:10:28.143638 7fb5876fd700 20 librbd: ictx_check 0x7fb5a9162330
2013-03-14 18:10:28.143645 7fb5876fd700 20 librbd: oid rb.0.1e1280.238e1f29.000000000000 838656~512 from [0,512]
2013-03-14 18:10:28.143649 7fb5876fd700 20 librbd::AioRequest: send 0x7fb5a946baf0 rb.0.1e1280.238e1f29.000000000000 838656~512
2013-03-14 18:10:28.143664 7fb5876fd700 1 -- 172.16.156.135:0/1648258 --> 172.16.170.1:6800/1310 -- osd_op(client.2216705.0:536 rb.0.1e1280.238e1f29.000000000000 [sparse-read 838656~512] 2.dabde67b) v4 -- ?+0 0x7fb5a9467130 con 0x7fb5a91668f0
2013-03-14 18:10:28.143677 7fb5876fd700 20 librbd::AioCompletion: AioCompletion::finish_adding_requests 0x7fb5a9289bf0 pending 1
2013-03-14 18:10:28.144723 7fb58ed64700 1 -- 172.16.156.135:0/1648258 <== osd.0 172.16.170.1:6800/1310 531 ==== osd_op_reply(536 rb.0.1e1280.238e1f29.000000000000 [sparse-read 838656~512] = 0) v4 ==== 132+0+536 (3979834503 0 2409026276) 0x7fb5a9470050 con 0x7fb5a91668f0
2013-03-14 18:10:28.144784 7fb587fff700 20 librbd::AioRequest: should_complete 0x7fb5a946baf0 rb.0.1e1280.238e1f29.000000000000 838656~512 r = 0
2013-03-14 18:10:28.144796 7fb587fff700 10 librbd::AioCompletion: C_AioRead::finish() 0x7fb5a92bb5c0 r = 0
2013-03-14 18:10:28.144801 7fb587fff700 10 librbd::AioCompletion: got {838656=512} for [0,512] bl 512
2013-03-14 18:10:28.144807 7fb587fff700 20 librbd::AioCompletion: AioCompletion::complete_request() 0x7fb5a9289bf0 complete_cb=0x7fb5a6fc7170 pending 1
2013-03-14 18:10:28.144812 7fb587fff700 20 librbd::AioCompletion: AioCompletion::finalize() 0x7fb5a9289bf0 rval 512 read_buf 0x7fb5a9463c00 read_bl 0
2013-03-14 18:10:28.144817 7fb587fff700 20 librbd::AioCompletion: AioCompletion::finalize() copied resulting 512 bytes to 0x7fb5a9463c00
2013-03-14 18:10:28.144967 7fb5876fd700 20 librbd: aio_read 0x7fb5a9162330 completion 0x7fb5a9289bf0 [839168,512]
2013-03-14 18:10:28.144975 7fb5876fd700 20 librbd: ictx_check 0x7fb5a9162330
2013-03-14 18:10:28.144982 7fb5876fd700 20 librbd: oid rb.0.1e1280.238e1f29.000000000000 839168~512 from [0,512]
2013-03-14 18:10:28.144986 7fb5876fd700 20 librbd::AioRequest: send 0x7fb5a9467200 rb.0.1e1280.238e1f29.000000000000 839168~512
2013-03-14 18:10:28.145001 7fb5876fd700 1 -- 172.16.156.135:0/1648258 --> 172.16.170.1:6800/1310 -- osd_op(client.2216705.0:537 rb.0.1e1280.238e1f29.000000000000 [sparse-read 839168~512] 2.dabde67b) v4 -- ?+0 0x7fb5a94680c0 con 0x7fb5a91668f0
2013-03-14 18:10:28.145014 7fb5876fd700 20 librbd::AioCompletion: AioCompletion::finish_adding_requests 0x7fb5a9289bf0 pending 1
