2013-03-14 18:10:28.280324 7fb5876fd700 20 librbd::AioCompletion: AioCompletion::finish_adding_requests 0x7fb5a9289bf0 pending 1
2013-03-14 18:10:28.281747 7fb58ed64700 1 -- 172.16.156.135:0/1648258 <== osd.0 172.16.170.1:6800/1310 639 ==== osd_op_reply(644 rb.0.1e1280.238e1f29.000000000000 [sparse-read 893952~512] = 0) v4 ==== 132+0+536 (3023484330 0 1283903462) 0x7fb5a94d8e10 con 0x7fb5a91668f0
2013-03-14 18:10:28.281784 7fb587fff700 20 librbd::AioRequest: should_complete 0x7fb5a94d5600 rb.0.1e1280.238e1f29.000000000000 893952~512 r = 0
2013-03-14 18:10:28.281793 7fb587fff700 10 librbd::AioCompletion: C_AioRead::finish() 0x7fb5a93316d0 r = 0
2013-03-14 18:10:28.281796 7fb587fff700 10 librbd::AioCompletion: got {893952=512} for [0,512] bl 512
2013-03-14 18:10:28.281800 7fb587fff700 20 librbd::AioCompletion: AioCompletion::complete_request() 0x7fb5a9289bf0 complete_cb=0x7fb5a6fc7170 pending 1
2013-03-14 18:10:28.281803 7fb587fff700 20 librbd::AioCompletion: AioCompletion::finalize() 0x7fb5a9289bf0 rval 512 read_buf 0x7fb5a94d8200 read_bl 0
2013-03-14 18:10:28.281806 7fb587fff700 20 librbd::AioCompletion: AioCompletion::finalize() copied resulting 512 bytes to 0x7fb5a94d8200
2013-03-14 18:10:28.281934 7fb5876fd700 20 librbd: aio_read 0x7fb5a9162330 completion 0x7fb5a9289bf0 [894464,512]
2013-03-14 18:10:28.281942 7fb5876fd700 20 librbd: ictx_check 0x7fb5a9162330
2013-03-14 18:10:28.281949 7fb5876fd700 20 librbd: oid rb.0.1e1280.238e1f29.000000000000 894464~512 from [0,512]
2013-03-14 18:10:28.281954 7fb5876fd700 20 librbd::AioRequest: send 0x7fb5a94d8800 rb.0.1e1280.238e1f29.000000000000 894464~512
2013-03-14 18:10:28.281969 7fb5876fd700 1 -- 172.16.156.135:0/1648258 --> 172.16.170.1:6800/1310 -- osd_op(client.2216705.0:645 rb.0.1e1280.238e1f29.000000000000 [sparse-read 894464~512] 2.dabde67b) v4 -- ?+0 0x7fb5a94dda00 con 0x7fb5a91668f0
2013-03-14 18:10:28.281982 7fb5876fd700 20 librbd::AioCompletion: AioCompletion::finish_adding_requests 0x7fb5a9289bf0 pending 1
2013-03-14 18:10:28.283053 7fb58ed64700 1 -- 172.16.156.135:0/1648258 <== osd.0 172.16.170.1:6800/1310 640 ==== osd_op_reply(645 rb.0.1e1280.238e1f29.000000000000 [sparse-read 894464~512] = 0) v4 ==== 132+0+536 (4123703126 0 1971914032) 0x7fb5a94d8e10 con 0x7fb5a91668f0
2013-03-14 18:10:28.283093 7fb587fff700 20 librbd::AioRequest: should_complete 0x7fb5a94d8800 rb.0.1e1280.238e1f29.000000000000 894464~512 r = 0
2013-03-14 18:10:28.283105 7fb587fff700 10 librbd::AioCompletion: C_AioRead::finish() 0x7fb5a9303cf0 r = 0
2013-03-14 18:10:28.283108 7fb587fff700 10 librbd::AioCompletion: got {894464=512} for [0,512] bl 512
2013-03-14 18:10:28.283113 7fb587fff700 20 librbd::AioCompletion: AioCompletion::complete_request() 0x7fb5a9289bf0 complete_cb=0x7fb5a6fc7170 pending 1
2013-03-14 18:10:28.283117 7fb587fff700 20 librbd::AioCompletion: AioCompletion::finalize() 0x7fb5a9289bf0 rval 512 read_buf 0x7fb5a94dd400 read_bl 0
2013-03-14 18:10:28.283120 7fb587fff700 20 librbd::AioCompletion: AioCompletion::finalize() copied resulting 512 bytes to 0x7fb5a94dd400
2013-03-14 18:10:28.283243 7fb5876fd700 20 librbd: aio_read 0x7fb5a9162330 completion 0x7fb5a9289bf0 [894976,512]
2013-03-14 18:10:28.283251 7fb5876fd700 20 librbd: ictx_check 0x7fb5a9162330
2013-03-14 18:10:28.283258 7fb5876fd700 20 librbd: oid rb.0.1e1280.238e1f29.000000000000 894976~512 from [0,512]
2013-03-14 18:10:28.283262 7fb5876fd700 20 librbd::AioRequest: send 0x7fb5a94dda00 rb.0.1e1280.238e1f29.000000000000 894976~512
2013-03-14 18:10:28.283277 7fb5876fd700 1 -- 172.16.156.135:0/1648258 --> 172.16.170.1:6800/1310 -- osd_op(client.2216705.0:646 rb.0.1e1280.238e1f29.000000000000 [sparse-read 894976~512] 2.dabde67b) v4 -- ?+0 0x7fb5a94d9770 con 0x7fb5a91668f0
2013-03-14 18:10:28.283292 7fb5876fd700 20 librbd::AioCompletion: AioCompletion::finish_adding_requests 0x7fb5a9289bf0 pending 1
2013-03-14 18:10:28.284226 7fb58ed64700 1 -- 172.16.156.135:0/1648258 <== osd.0 172.16.170.1:6800/1310 641 ==== osd_op_reply(646 rb.0.1e1280.238e1f29.000000000000 [sparse-read 894976~512] = 0) v4 ==== 132+0+536 (903007571 0 3068192608) 0x7fb5a94d9d80 con 0x7fb5a91668f0
2013-03-14 18:10:28.284267 7fb587fff700 20 librbd::AioRequest: should_complete 0x7fb5a94dda00 rb.0.1e1280.238e1f29.000000000000 894976~512 r = 0
2013-03-14 18:10:28.284278 7fb587fff700 10 librbd::AioCompletion: C_AioRead::finish() 0x7fb5a9296020 r = 0
2013-03-14 18:10:28.284281 7fb587fff700 10 librbd::AioCompletion: got {894976=512} for [0,512] bl 512
2013-03-14 18:10:28.284286 7fb587fff700 20 librbd::AioCompletion: AioCompletion::complete_request() 0x7fb5a9289bf0 complete_cb=0x7fb5a6fc7170 pending 1
2013-03-14 18:10:28.284290 7fb587fff700 20 librbd::AioCompletion: AioCompletion::finalize() 0x7fb5a9289bf0 rval 512 read_buf 0x7fb5a94dd400 read_bl 0
2013-03-14 18:10:28.284293 7fb587fff700 20 librbd::AioCompletion: AioCompletion::finalize() copied resulting 512 bytes to 0x7fb5a94dd400
2013-03-14 18:10:28.284425 7fb5876fd700 20 librbd: aio_read 0x7fb5a9162330 completion 0x7fb5a9289bf0 [895488,512]
2013-03-14 18:10:28.284433 7fb5876fd700 20 librbd: ictx_check 0x7fb5a9162330
2013-03-14 18:10:28.284440 7fb5876fd700 20 librbd: oid rb.0.1e1280.238e1f29.000000000000 895488~512 from [0,512]
2013-03-14 18:10:28.284444 7fb5876fd700 20 librbd::AioRequest: send 0x7fb5a94d9770 rb.0.1e1280.238e1f29.000000000000 895488~512
2013-03-14 18:10:28.284459 7fb5876fd700 1 -- 172.16.156.135:0/1648258 --> 172.16.170.1:6800/1310 -- osd_op(client.2216705.0:647 rb.0.1e1280.238e1f29.000000000000 [sparse-read 895488~512] 2.dabde67b) v4 -- ?+0 0x7fb5a94da800 con 0x7fb5a91668f0
2013-03-14 18:10:28.284473 7fb5876fd700 20 librbd::AioCompletion: AioCompletion::finish_adding_requests 0x7fb5a9289bf0 pending 1
2013-03-14 18:10:28.285428 7fb58ed64700 1 -- 172.16.156.135:0/1648258 <== osd.0 172.16.170.1:6800/1310 642 ==== osd_op_reply(647 rb.0.1e1280.238e1f29.000000000000 [sparse-read 895488~512] = 0) v4 ==== 132+0+536 (1949224879 0 2090345910) 0x7fb5a94e2050 con 0x7fb5a91668f0
2013-03-14 18:10:28.285470 7fb587fff700 20 librbd::AioRequest: should_complete 0x7fb5a94d9770 rb.0.1e1280.238e1f29.000000000000 895488~512 r = 0
2013-03-14 18:10:28.285478 7fb587fff700 10 librbd::AioCompletion: C_AioRead::finish() 0x7fb5a93f56c0 r = 0
2013-03-14 18:10:28.285481 7fb587fff700 10 librbd::AioCompletion: got {895488=512} for [0,512] bl 512
2013-03-14 18:10:28.285486 7fb587fff700 20 librbd::AioCompletion: AioCompletion::complete_request() 0x7fb5a9289bf0 complete_cb=0x7fb5a6fc7170 pending 1
2013-03-14 18:10:28.285489 7fb587fff700 20 librbd::AioCompletion: AioCompletion::finalize() 0x7fb5a9289bf0 rval 512 read_buf 0x7fb5a94da200 read_bl 0
2013-03-14 18:10:28.285493 7fb587fff700 20 librbd::AioCompletion: AioCompletion::finalize() copied resulting 512 bytes to 0x7fb5a94da200
2013-03-14 18:10:28.285620 7fb5876fd700 20 librbd: aio_read 0x7fb5a9162330 completion 0x7fb5a9289bf0 [896000,512]
2013-03-14 18:10:28.285628 7fb5876fd700 20 librbd: ictx_check 0x7fb5a9162330
2013-03-14 18:10:28.285635 7fb5876fd700 20 librbd: oid rb.0.1e1280.238e1f29.000000000000 896000~512 from [0,512]
2013-03-14 18:10:28.285639 7fb5876fd700 20 librbd::AioRequest: send 0x7fb5a94da7b0 rb.0.1e1280.238e1f29.000000000000 896000~512
2013-03-14 18:10:28.285654 7fb5876fd700 1 -- 172.16.156.135:0/1648258 --> 172.16.170.1:6800/1310 -- osd_op(client.2216705.0:648 rb.0.1e1280.238e1f29.000000000000 [sparse-read 896000~512] 2.dabde67b) v4 -- ?+0 0x7fb5a94dba00 con 0x7fb5a91668f0
2013-03-14 18:10:28.285667 7fb5876fd700 20 librbd::AioCompletion: AioCompletion::finish_adding_requests 0x7fb5a9289bf0 pending 1
2013-03-14 18:10:28.286814 7fb58ed64700 1 -- 172.16.156.135:0/1648258 <== osd.0 172.16.170.1:6800/1310 643 ==== osd_op_reply(648 rb.0.1e1280.238e1f29.000000000000 [sparse-read 896000~512] = 0) v4 ==== 132+0+536 (3056257195 0 110761276) 0x7fb5a94dc010 con 0x7fb5a91668f0
2013-03-14 18:10:28.286856 7fb587fff700 20 librbd::AioRequest: should_complete 0x7fb5a94da7b0 rb.0.1e1280.238e1f29.000000000000 896000~512 r = 0
2013-03-14 18:10:28.286864 7fb587fff700 10 librbd::AioCompletion: C_AioRead::finish() 0x7fb5a941a8d0 r = 0
2013-03-14 18:10:28.286866 7fb587fff700 10 librbd::AioCompletion: got {896000=512} for [0,512] bl 512
2013-03-14 18:10:28.286871 7fb587fff700 20 librbd::AioCompletion: AioCompletion::complete_request() 0x7fb5a9289bf0 complete_cb=0x7fb5a6fc7170 pending 1
2013-03-14 18:10:28.286874 7fb587fff700 20 librbd::AioCompletion: AioCompletion::finalize() 0x7fb5a9289bf0 rval 512 read_buf 0x7fb5a94db400 read_bl 0
2013-03-14 18:10:28.286878 7fb587fff700 20 librbd::AioCompletion: AioCompletion::finalize() copied resulting 512 bytes to 0x7fb5a94db400
2013-03-14 18:10:28.287010 7fb5876fd700 20 librbd: aio_read 0x7fb5a9162330 completion 0x7fb5a9289bf0 [896512,512]
2013-03-14 18:10:28.287018 7fb5876fd700 20 librbd: ictx_check 0x7fb5a9162330
2013-03-14 18:10:28.287026 7fb5876fd700 20 librbd: oid rb.0.1e1280.238e1f29.000000000000 896512~512 from [0,512]
2013-03-14 18:10:28.287030 7fb5876fd700 20 librbd::AioRequest: send 0x7fb5a94dc300 rb.0.1e1280.238e1f29.000000000000 896512~512
2013-03-14 18:10:28.287045 7fb5876fd700 1 -- 172.16.156.135:0/1648258 --> 172.16.170.1:6800/1310 -- osd_op(client.2216705.0:649 rb.0.1e1280.238e1f29.000000000000 [sparse-read 896512~512] 2.dabde67b) v4 -- ?+0 0x7fb5a94dc7f0 con 0x7fb5a91668f0
2013-03-14 18:10:28.287060 7fb5876fd700 20 librbd::AioCompletion: AioCompletion::finish_adding_requests 0x7fb5a9289bf0 pending 1
2013-03-14 18:10:28.287973 7fb58ed64700 1 -- 172.16.156.135:0/1648258 <== osd.0 172.16.170.1:6800/1310 644 ==== osd_op_reply(649 rb.0.1e1280.238e1f29.000000000000 [sparse-read 896512~512] = 0) v4 ==== 132+0+536 (4158048855 0 3439204073) 0x7fb5a94dc7f0 con 0x7fb5a91668f0
2013-03-14 18:10:28.288050 7fb587fff700 20 librbd::AioRequest: should_complete 0x7fb5a94dc300 rb.0.1e1280.238e1f29.000000000000 896512~512 r = 0
2013-03-14 18:10:28.288058 7fb587fff700 10 librbd::AioCompletion: C_AioRead::finish() 0x7fb5a941b9e0 r = 0
2013-03-14 18:10:28.288060 7fb587fff700 10 librbd::AioCompletion: got {896512=512} for [0,512] bl 512
2013-03-14 18:10:28.288065 7fb587fff700 20 librbd::AioCompletion: AioCompletion::complete_request() 0x7fb5a9289bf0 complete_cb=0x7fb5a6fc7170 pending 1
2013-03-14 18:10:28.288069 7fb587fff700 20 librbd::AioCompletion: AioCompletion::finalize() 0x7fb5a9289bf0 rval 512 read_buf 0x7fb5a94dc400 read_bl 0
2013-03-14 18:10:28.288073 7fb587fff700 20 librbd::AioCompletion: AioCompletion::finalize() copied resulting 512 bytes to 0x7fb5a94dc400
2013-03-14 18:10:28.288191 7fb5876fd700 20 librbd: aio_read 0x7fb5a9162330 completion 0x7fb5a9289bf0 [897024,512]
2013-03-14 18:10:28.288200 7fb5876fd700 20 librbd: ictx_check 0x7fb5a9162330
2013-03-14 18:10:28.288207 7fb5876fd700 20 librbd: oid rb.0.1e1280.238e1f29.000000000000 897024~512 from [0,512]
2013-03-14 18:10:28.288211 7fb5876fd700 20 librbd::AioRequest: send 0x7fb5a94dce00 rb.0.1e1280.238e1f29.000000000000 897024~512
2013-03-14 18:10:28.288226 7fb5876fd700 1 -- 172.16.156.135:0/1648258 --> 172.16.170.1:6800/1310 -- osd_op(client.2216705.0:650 rb.0.1e1280.238e1f29.000000000000 [sparse-read 897024~512] 2.dabde67b) v4 -- ?+0 0x7fb5a94e2a00 con 0x7fb5a91668f0
2013-03-14 18:10:28.288240 7fb5876fd700 20 librbd::AioCompletion: AioCompletion::finish_adding_requests 0x7fb5a9289bf0 pending 1
2013-03-14 18:10:28.289233 7fb58ed64700 1 -- 172.16.156.135:0/1648258 <== osd.0 172.16.170.1:6800/1310 645 ==== osd_op_reply(650 rb.0.1e1280.238e1f29.000000000000 [sparse-read 897024~512] = 0) v4 ==== 132+0+536 (871778896 0 2031203466) 0x7fb5a94e3010 con 0x7fb5a91668f0
2013-03-14 18:10:28.289273 7fb587fff700 20 librbd::AioRequest: should_complete 0x7fb5a94dce00 rb.0.1e1280.238e1f29.000000000000 897024~512 r = 0
2013-03-14 18:10:28.289285 7fb587fff700 10 librbd::AioCompletion: C_AioRead::finish() 0x7fb5a94accf0 r = 0
2013-03-14 18:10:28.289287 7fb587fff700 10 librbd::AioCompletion: got {897024=512} for [0,512] bl 512
2013-03-14 18:10:28.289292 7fb587fff700 20 librbd::AioCompletion: AioCompletion::complete_request() 0x7fb5a9289bf0 complete_cb=0x7fb5a6fc7170 pending 1
2013-03-14 18:10:28.289296 7fb587fff700 20 librbd::AioCompletion: AioCompletion::finalize() 0x7fb5a9289bf0 rval 512 read_buf 0x7fb5a94e2400 read_bl 0
2013-03-14 18:10:28.289299 7fb587fff700 20 librbd::AioCompletion: AioCompletion::finalize() copied resulting 512 bytes to 0x7fb5a94e2400
2013-03-14 18:10:28.289542 7fb5876fd700 20 librbd: aio_read 0x7fb5a9162330 completion 0x7fb5a9289bf0 [897536,512]
2013-03-14 18:10:28.289552 7fb5876fd700 20 librbd: ictx_check 0x7fb5a9162330
2013-03-14 18:10:28.289560 7fb5876fd700 20 librbd: oid rb.0.1e1280.238e1f29.000000000000 897536~512 from [0,512]
2013-03-14 18:10:28.289565 7fb5876fd700 20 librbd::AioRequest: send 0x7fb5a94e2a00 rb.0.1e1280.238e1f29.000000000000 897536~512
2013-03-14 18:10:28.289582 7fb5876fd700 1 -- 172.16.156.135:0/1648258 --> 172.16.170.1:6800/1310 -- osd_op(client.2216705.0:651 rb.0.1e1280.238e1f29.000000000000 [sparse-read 897536~512] 2.dabde67b) v4 -- ?+0 0x7fb5a94e3a40 con 0x7fb5a91668f0
2013-03-14 18:10:28.289596 7fb5876fd700 20 librbd::AioCompletion: AioCompletion::finish_adding_requests 0x7fb5a9289bf0 pending 1
2013-03-14 18:10:28.290631 7fb58ed64700 1 -- 172.16.156.135:0/1648258 <== osd.0 172.16.170.1:6800/1310 646 ==== osd_op_reply(651 rb.0.1e1280.238e1f29.000000000000 [sparse-read 897536~512] = 0) v4 ==== 132+0+536 (1913276588 0 1075370844) 0x7fb5a94de090 con 0x7fb5a91668f0
2013-03-14 18:10:28.290680 7fb587fff700 20 librbd::AioRequest: should_complete 0x7fb5a94e2a00 rb.0.1e1280.238e1f29.000000000000 897536~512 r = 0
2013-03-14 18:10:28.290685 7fb587fff700 10 librbd::AioCompletion: C_AioRead::finish() 0x7fb5a9399880 r = 0
2013-03-14 18:10:28.290688 7fb587fff700 10 librbd::AioCompletion: got {897536=512} for [0,512] bl 512
2013-03-14 18:10:28.290693 7fb587fff700 20 librbd::AioCompletion: AioCompletion::complete_request() 0x7fb5a9289bf0 complete_cb=0x7fb5a6fc7170 pending 1
2013-03-14 18:10:28.290697 7fb587fff700 20 librbd::AioCompletion: AioCompletion::finalize() 0x7fb5a9289bf0 rval 512 read_buf 0x7fb5a94e2400 read_bl 0
2013-03-14 18:10:28.290701 7fb587fff700 20 librbd::AioCompletion: AioCompletion::finalize() copied resulting 512 bytes to 0x7fb5a94e2400
2013-03-14 18:10:28.290911 7fb5876fd700 20 librbd: aio_read 0x7fb5a9162330 completion 0x7fb5a9289bf0 [898048,512]
2013-03-14 18:10:28.290921 7fb5876fd700 20 librbd: ictx_check 0x7fb5a9162330
2013-03-14 18:10:28.290928 7fb5876fd700 20 librbd: oid rb.0.1e1280.238e1f29.000000000000 898048~512 from [0,512]
2013-03-14 18:10:28.290932 7fb5876fd700 20 librbd::AioRequest: send 0x7fb5a94e3650 rb.0.1e1280.238e1f29.000000000000 898048~512
2013-03-14 18:10:28.290948 7fb5876fd700 1 -- 172.16.156.135:0/1648258 --> 172.16.170.1:6800/1310 -- osd_op(client.2216705.0:652 rb.0.1e1280.238e1f29.000000000000 [sparse-read 898048~512] 2.dabde67b) v4 -- ?+0 0x7fb5a94deb90 con 0x7fb5a91668f0
2013-03-14 18:10:28.290964 7fb5876fd700 20 librbd::AioCompletion: AioCompletion::finish_adding_requests 0x7fb5a9289bf0 pending 1
2013-03-14 18:10:28.291985 7fb58ed64700 1 -- 172.16.156.135:0/1648258 <== osd.0 172.16.170.1:6800/1310 647 ==== osd_op_reply(652 rb.0.1e1280.238e1f29.000000000000 [sparse-read 898048~512] = 0) v4 ==== 132+0+536 (2953727912 0 331433682) 0x7fb5a94e8050 con 0x7fb5a91668f0
2013-03-14 18:10:28.292026 7fb587fff700 20 librbd::AioRequest: should_complete 0x7fb5a94e3650 rb.0.1e1280.238e1f29.000000000000 898048~512 r = 0
2013-03-14 18:10:28.292034 7fb587fff700 10 librbd::AioCompletion: C_AioRead::finish() 0x7fb5a9289280 r = 0
2013-03-14 18:10:28.292038 7fb587fff700 10 librbd::AioCompletion: got {898048=512} for [0,512] bl 512
2013-03-14 18:10:28.292043 7fb587fff700 20 librbd::AioCompletion: AioCompletion::complete_request() 0x7fb5a9289bf0 complete_cb=0x7fb5a6fc7170 pending 1
2013-03-14 18:10:28.292047 7fb587fff700 20 librbd::AioCompletion: AioCompletion::finalize() 0x7fb5a9289bf0 rval 512 read_buf 0x7fb5a94de800 read_bl 0
2013-03-14 18:10:28.292052 7fb587fff700 20 librbd::AioCompletion: AioCompletion::finalize() copied resulting 512 bytes to 0x7fb5a94de800
2013-03-14 18:10:28.292222 7fb5876fd700 20 librbd: aio_read 0x7fb5a9162330 completion 0x7fb5a9289bf0 [898560,512]
2013-03-14 18:10:28.292232 7fb5876fd700 20 librbd: ictx_check 0x7fb5a9162330
2013-03-14 18:10:28.292239 7fb5876fd700 20 librbd: oid rb.0.1e1280.238e1f29.000000000000 898560~512 from [0,512]
2013-03-14 18:10:28.292243 7fb5876fd700 20 librbd::AioRequest: send 0x7fb5a94e2340 rb.0.1e1280.238e1f29.000000000000 898560~512
2013-03-14 18:10:28.292259 7fb5876fd700 1 -- 172.16.156.135:0/1648258 --> 172.16.170.1:6800/1310 -- osd_op(client.2216705.0:653 rb.0.1e1280.238e1f29.000000000000 [sparse-read 898560~512] 2.dabde67b) v4 -- ?+0 0x7fb5a94dfb90 con 0x7fb5a91668f0
2013-03-14 18:10:28.292275 7fb5876fd700 20 librbd::AioCompletion: AioCompletion::finish_adding_requests 0x7fb5a9289bf0 pending 1
2013-03-14 18:10:28.293242 7fb58ed64700 1 -- 172.16.156.135:0/1648258 <== osd.0 172.16.170.1:6800/1310 648 ==== osd_op_reply(653 rb.0.1e1280.238e1f29.000000000000 [sparse-read 898560~512] = 0) v4 ==== 132+0+536 (4059188564 0 2118111325) 0x7fb5a94e01a0 con 0x7fb5a91668f0
2013-03-14 18:10:28.293286 7fb587fff700 20 librbd::AioRequest: should_complete 0x7fb5a94e2340 rb.0.1e1280.238e1f29.000000000000 898560~512 r = 0
2013-03-14 18:10:28.293294 7fb587fff700 10 librbd::AioCompletion: C_AioRead::finish() 0x7fb5a944b4f0 r = 0
2013-03-14 18:10:28.293298 7fb587fff700 10 librbd::AioCompletion: got {898560=512} for [0,512] bl 512
2013-03-14 18:10:28.293303 7fb587fff700 20 librbd::AioCompletion: AioCompletion::complete_request() 0x7fb5a9289bf0 complete_cb=0x7fb5a6fc7170 pending 1
2013-03-14 18:10:28.293307 7fb587fff700 20 librbd::AioCompletion: AioCompletion::finalize() 0x7fb5a9289bf0 rval 512 read_buf 0x7fb5a94df800 read_bl 0
2013-03-14 18:10:28.293312 7fb587fff700 20 librbd::AioCompletion: AioCompletion::finalize() copied resulting 512 bytes to 0x7fb5a94df800
2013-03-14 18:10:28.293514 7fb5876fd700 20 librbd: aio_read 0x7fb5a9162330 completion 0x7fb5a9289bf0 [899072,512]
2013-03-14 18:10:28.293524 7fb5876fd700 20 librbd: ictx_check 0x7fb5a9162330
2013-03-14 18:10:28.293532 7fb5876fd700 20 librbd: oid rb.0.1e1280.238e1f29.000000000000 899072~512 from [0,512]
2013-03-14 18:10:28.293537 7fb5876fd700 20 librbd::AioRequest: send 0x7fb5a94deae0 rb.0.1e1280.238e1f29.000000000000 899072~512
2013-03-14 18:10:28.293553 7fb5876fd700 1 -- 172.16.156.135:0/1648258 --> 172.16.170.1:6800/1310 -- osd_op(client.2216705.0:654 rb.0.1e1280.238e1f29.000000000000 [sparse-read 899072~512] 2.dabde67b) v4 -- ?+0 0x7fb5a94e0c80 con 0x7fb5a91668f0
2013-03-14 18:10:28.293569 7fb5876fd700 20 librbd::AioCompletion: AioCompletion::finish_adding_requests 0x7fb5a9289bf0 pending 1
2013-03-14 18:10:28.294567 7fb58ed64700 1 -- 172.16.156.135:0/1648258 <== osd.0 172.16.170.1:6800/1310 649 ==== osd_op_reply(654 rb.0.1e1280.238e1f29.000000000000 [sparse-read 899072~512] = 0) v4 ==== 132+0+536 (837433169 0 1505257213) 0x7fb5a94e1210 con 0x7fb5a91668f0
2013-03-14 18:10:28.294618 7fb587fff700 20 librbd::AioRequest: should_complete 0x7fb5a94deae0 rb.0.1e1280.238e1f29.000000000000 899072~512 r = 0
2013-03-14 18:10:28.294624 7fb587fff700 10 librbd::AioCompletion: C_AioRead::finish() 0x7fb5a94a8cd0 r = 0
2013-03-14 18:10:28.294626 7fb587fff700 10 librbd::AioCompletion: got {899072=512} for [0,512] bl 512
2013-03-14 18:10:28.294632 7fb587fff700 20 librbd::AioCompletion: AioCompletion::complete_request() 0x7fb5a9289bf0 complete_cb=0x7fb5a6fc7170 pending 1
2013-03-14 18:10:28.294636 7fb587fff700 20 librbd::AioCompletion: AioCompletion::finalize() 0x7fb5a9289bf0 rval 512 read_buf 0x7fb5a94e0800 read_bl 0
2013-03-14 18:10:28.294641 7fb587fff700 20 librbd::AioCompletion: AioCompletion::finalize() copied resulting 512 bytes to 0x7fb5a94e0800
2013-03-14 18:10:28.294756 7fb5876fd700 20 librbd: aio_read 0x7fb5a9162330 completion 0x7fb5a9289bf0 [899584,512]
2013-03-14 18:10:28.294765 7fb5876fd700 20 librbd: ictx_check 0x7fb5a9162330
2013-03-14 18:10:28.294772 7fb5876fd700 20 librbd: oid rb.0.1e1280.238e1f29.000000000000 899584~512 from [0,512]
2013-03-14 18:10:28.294777 7fb5876fd700 20 librbd::AioRequest: send 0x7fb5a94df800 rb.0.1e1280.238e1f29.000000000000 899584~512
2013-03-14 18:10:28.294792 7fb5876fd700 1 -- 172.16.156.135:0/1648258 --> 172.16.170.1:6800/1310 -- osd_op(client.2216705.0:655 rb.0.1e1280.238e1f29.000000000000 [sparse-read 899584~512] 2.dabde67b) v4 -- ?+0 0x7fb5a94e1d90 con 0x7fb5a91668f0
2013-03-14 18:10:28.294806 7fb5876fd700 20 librbd::AioCompletion: AioCompletion::finish_adding_requests 0x7fb5a9289bf0 pending 1
2013-03-14 18:10:28.295791 7fb58ed64700 1 -- 172.16.156.135:0/1648258 <== osd.0 172.16.170.1:6800/1310 650 ==== osd_op_reply(655 rb.0.1e1280.238e1f29.000000000000 [sparse-read 899584~512] = 0) v4 ==== 132+0+536 (1880503725 0 1355947006) 0x7fb5a94e4380 con 0x7fb5a91668f0
2013-03-14 18:10:28.295833 7fb587fff700 20 librbd::AioRequest: should_complete 0x7fb5a94df800 rb.0.1e1280.238e1f29.000000000000 899584~512 r = 0
2013-03-14 18:10:28.295838 7fb587fff700 10 librbd::AioCompletion: C_AioRead::finish() 0x7fb5a9396300 r = 0
2013-03-14 18:10:28.295841 7fb587fff700 10 librbd::AioCompletion: got {899584=512} for [0,512] bl 512
2013-03-14 18:10:28.295846 7fb587fff700 20 librbd::AioCompletion: AioCompletion::complete_request() 0x7fb5a9289bf0 complete_cb=0x7fb5a6fc7170 pending 1
2013-03-14 18:10:28.295850 7fb587fff700 20 librbd::AioCompletion: AioCompletion::finalize() 0x7fb5a9289bf0 rval 512 read_buf 0x7fb5a94e1a00 read_bl 0
2013-03-14 18:10:28.295855 7fb587fff700 20 librbd::AioCompletion: AioCompletion::finalize() copied resulting 512 bytes to 0x7fb5a94e1a00
2013-03-14 18:10:28.295974 7fb5876fd700 20 librbd: aio_read 0x7fb5a9162330 completion 0x7fb5a9289bf0 [900096,512]
2013-03-14 18:10:28.295983 7fb5876fd700 20 librbd: ictx_check 0x7fb5a9162330
2013-03-14 18:10:28.295990 7fb5876fd700 20 librbd: oid rb.0.1e1280.238e1f29.000000000000 900096~512 from [0,512]
2013-03-14 18:10:28.295995 7fb5876fd700 20 librbd::AioRequest: send 0x7fb5a94e1a00 rb.0.1e1280.238e1f29.000000000000 900096~512
2013-03-14 18:10:28.296011 7fb5876fd700 1 -- 172.16.156.135:0/1648258 --> 172.16.170.1:6800/1310 -- osd_op(client.2216705.0:656 rb.0.1e1280.238e1f29.000000000000 [sparse-read 900096~512] 2.dabde67b) v4 -- ?+0 0x7fb5a94e8c00 con 0x7fb5a91668f0
2013-03-14 18:10:28.296025 7fb5876fd700 20 librbd::AioCompletion: AioCompletion::finish_adding_requests 0x7fb5a9289bf0 pending 1
2013-03-14 18:10:28.297012 7fb58ed64700 1 -- 172.16.156.135:0/1648258 <== osd.0 172.16.170.1:6800/1310 651 ==== osd_op_reply(656 rb.0.1e1280.238e1f29.000000000000 [sparse-read 900096~512] = 0) v4 ==== 132+0+536 (2987537065 0 2548377737) 0x7fb5a94e9210 con 0x7fb5a91668f0
2013-03-14 18:10:28.297054 7fb587fff700 20 librbd::AioRequest: should_complete 0x7fb5a94e1a00 rb.0.1e1280.238e1f29.000000000000 900096~512 r = 0
2013-03-14 18:10:28.297060 7fb587fff700 10 librbd::AioCompletion: C_AioRead::finish() 0x7fb5a92f7bc0 r = 0
2013-03-14 18:10:28.297063 7fb587fff700 10 librbd::AioCompletion: got {900096=512} for [0,512] bl 512
2013-03-14 18:10:28.297069 7fb587fff700 20 librbd::AioCompletion: AioCompletion::complete_request() 0x7fb5a9289bf0 complete_cb=0x7fb5a6fc7170 pending 1
2013-03-14 18:10:28.297073 7fb587fff700 20 librbd::AioCompletion: AioCompletion::finalize() 0x7fb5a9289bf0 rval 512 read_buf 0x7fb5a94e8600 read_bl 0
2013-03-14 18:10:28.297077 7fb587fff700 20 librbd::AioCompletion: AioCompletion::finalize() copied resulting 512 bytes to 0x7fb5a94e8600
2013-03-14 18:10:28.297188 7fb5876fd700 20 librbd: aio_read 0x7fb5a9162330 completion 0x7fb5a9289bf0 [900608,512]
2013-03-14 18:10:28.297197 7fb5876fd700 20 librbd: ictx_check 0x7fb5a9162330
2013-03-14 18:10:28.297204 7fb5876fd700 20 librbd: oid rb.0.1e1280.238e1f29.000000000000 900608~512 from [0,512]
2013-03-14 18:10:28.297208 7fb5876fd700 20 librbd::AioRequest: send 0x7fb5a94e8cd0 rb.0.1e1280.238e1f29.000000000000 900608~512
2013-03-14 18:10:28.297224 7fb5876fd700 1 -- 172.16.156.135:0/1648258 --> 172.16.170.1:6800/1310 -- osd_op(client.2216705.0:657 rb.0.1e1280.238e1f29.000000000000 [sparse-read 900608~512] 2.dabde67b) v4 -- ?+0 0x7fb5a94e9c00 con 0x7fb5a91668f0
2013-03-14 18:10:28.297238 7fb5876fd700 20 librbd::AioCompletion: AioCompletion::finish_adding_requests 0x7fb5a9289bf0 pending 1
2013-03-14 18:10:28.298108 7fb58ed64700 1 -- 172.16.156.135:0/1648258 <== osd.0 172.16.170.1:6800/1310 652 ==== osd_op_reply(657 rb.0.1e1280.238e1f29.000000000000 [sparse-read 900608~512] = 0) v4 ==== 132+0+536 (4092473429 0 370794952) 0x7fb5a94e44d0 con 0x7fb5a91668f0
2013-03-14 18:10:28.298149 7fb587fff700 20 librbd::AioRequest: should_complete 0x7fb5a94e8cd0 rb.0.1e1280.238e1f29.000000000000 900608~512 r = 0
2013-03-14 18:10:28.298158 7fb587fff700 10 librbd::AioCompletion: C_AioRead::finish() 0x7fb5a9428ef0 r = 0
2013-03-14 18:10:28.298162 7fb587fff700 10 librbd::AioCompletion: got {900608=512} for [0,512] bl 512
2013-03-14 18:10:28.298167 7fb587fff700 20 librbd::AioCompletion: AioCompletion::complete_request() 0x7fb5a9289bf0 complete_cb=0x7fb5a6fc7170 pending 1
2013-03-14 18:10:28.298171 7fb587fff700 20 librbd::AioCompletion: AioCompletion::finalize() 0x7fb5a9289bf0 rval 512 read_buf 0x7fb5a94e9600 read_bl 0
2013-03-14 18:10:28.298176 7fb587fff700 20 librbd::AioCompletion: AioCompletion::finalize() copied resulting 512 bytes to 0x7fb5a94e9600
2013-03-14 18:10:28.298284 7fb5876fd700 20 librbd: aio_read 0x7fb5a9162330 completion 0x7fb5a9289bf0 [901120,512]
2013-03-14 18:10:28.298293 7fb5876fd700 20 librbd: ictx_check 0x7fb5a9162330
2013-03-14 18:10:28.298300 7fb5876fd700 20 librbd: oid rb.0.1e1280.238e1f29.000000000000 901120~512 from [0,512]
2013-03-14 18:10:28.298304 7fb5876fd700 20 librbd::AioRequest: send 0x7fb5a94e9cd0 rb.0.1e1280.238e1f29.000000000000 901120~512
2013-03-14 18:10:28.298320 7fb5876fd700 1 -- 172.16.156.135:0/1648258 --> 172.16.170.1:6800/1310 -- osd_op(client.2216705.0:658 rb.0.1e1280.238e1f29.000000000000 [sparse-read 901120~512] 2.dabde67b) v4 -- ?+0 0x7fb5a94e5000 con 0x7fb5a91668f0
2013-03-14 18:10:28.298334 7fb5876fd700 20 librbd::AioCompletion: AioCompletion::finish_adding_requests 0x7fb5a9289bf0 pending 1
2013-03-14 18:10:28.299287 7fb58ed64700 1 -- 172.16.156.135:0/1648258 <== osd.0 172.16.170.1:6800/1310 653 ==== osd_op_reply(658 rb.0.1e1280.238e1f29.000000000000 [sparse-read 901120~512] = 0) v4 ==== 132+0+536 (794602590 0 1795735306) 0x7fb5a94ee050 con 0x7fb5a91668f0
2013-03-14 18:10:28.299329 7fb587fff700 20 librbd::AioRequest: should_complete 0x7fb5a94e9cd0 rb.0.1e1280.238e1f29.000000000000 901120~512 r = 0
2013-03-14 18:10:28.299335 7fb587fff700 10 librbd::AioCompletion: C_AioRead::finish() 0x7fb5a94e49d0 r = 0
2013-03-14 18:10:28.299338 7fb587fff700 10 librbd::AioCompletion: got {901120=512} for [0,512] bl 512
2013-03-14 18:10:28.299344 7fb587fff700 20 librbd::AioCompletion: AioCompletion::complete_request() 0x7fb5a9289bf0 complete_cb=0x7fb5a6fc7170 pending 1
2013-03-14 18:10:28.299347 7fb587fff700 20 librbd::AioCompletion: AioCompletion::finalize() 0x7fb5a9289bf0 rval 512 read_buf 0x7fb5a94e4a00 read_bl 0
2013-03-14 18:10:28.299352 7fb587fff700 20 librbd::AioCompletion: AioCompletion::finalize() copied resulting 512 bytes to 0x7fb5a94e4a00
2013-03-14 18:10:28.299462 7fb5876fd700 20 librbd: aio_read 0x7fb5a9162330 completion 0x7fb5a9289bf0 [901632,512]
2013-03-14 18:10:28.299470 7fb5876fd700 20 librbd: ictx_check 0x7fb5a9162330
2013-03-14 18:10:28.299477 7fb5876fd700 20 librbd: oid rb.0.1e1280.238e1f29.000000000000 901632~512 from [0,512]
2013-03-14 18:10:28.299482 7fb5876fd700 20 librbd::AioRequest: send 0x7fb5a94e50d0 rb.0.1e1280.238e1f29.000000000000 901632~512
2013-03-14 18:10:28.299498 7fb5876fd700 1 -- 172.16.156.135:0/1648258 --> 172.16.170.1:6800/1310 -- osd_op(client.2216705.0:659 rb.0.1e1280.238e1f29.000000000000 [sparse-read 901632~512] 2.dabde67b) v4 -- ?+0 0x7fb5a94e6000 con 0x7fb5a91668f0
2013-03-14 18:10:28.299512 7fb5876fd700 20 librbd::AioCompletion: AioCompletion::finish_adding_requests 0x7fb5a9289bf0 pending 1
2013-03-14 18:10:28.300416 7fb58ed64700 1 -- 172.16.156.135:0/1648258 <== osd.0 172.16.170.1:6800/1310 654 ==== osd_op_reply(659 rb.0.1e1280.238e1f29.000000000000 [sparse-read 901632~512] = 0) v4 ==== 132+0+536 (1856024226 0 2028449678) 0x7fb5a94e6610 con 0x7fb5a91668f0
2013-03-14 18:10:28.300460 7fb587fff700 20 librbd::AioRequest: should_complete 0x7fb5a94e50d0 rb.0.1e1280.238e1f29.000000000000 901632~512 r = 0
2013-03-14 18:10:28.300466 7fb587fff700 10 librbd::AioCompletion: C_AioRead::finish() 0x7fb5a94aee80 r = 0
2013-03-14 18:10:28.300468 7fb587fff700 10 librbd::AioCompletion: got {901632=512} for [0,512] bl 512
2013-03-14 18:10:28.300474 7fb587fff700 20 librbd::AioCompletion: AioCompletion::complete_request() 0x7fb5a9289bf0 complete_cb=0x7fb5a6fc7170 pending 1
2013-03-14 18:10:28.300478 7fb587fff700 20 librbd::AioCompletion: AioCompletion::finalize() 0x7fb5a9289bf0 rval 512 read_buf 0x7fb5a94e5a00 read_bl 0
2013-03-14 18:10:28.300482 7fb587fff700 20 librbd::AioCompletion: AioCompletion::finalize() copied resulting 512 bytes to 0x7fb5a94e5a00
2013-03-14 18:10:28.300873 7fb5876fd700 20 librbd: aio_read 0x7fb5a9162330 completion 0x7fb5a9289bf0 [902144,512]
2013-03-14 18:10:28.300882 7fb5876fd700 20 librbd: ictx_check 0x7fb5a9162330
2013-03-14 18:10:28.300891 7fb5876fd700 20 librbd: oid rb.0.1e1280.238e1f29.000000000000 902144~512 from [0,512]
2013-03-14 18:10:28.300895 7fb5876fd700 20 librbd::AioRequest: send 0x7fb5a94e60d0 rb.0.1e1280.238e1f29.000000000000 902144~512
2013-03-14 18:10:28.300910 7fb5876fd700 1 -- 172.16.156.135:0/1648258 --> 172.16.170.1:6800/1310 -- osd_op(client.2216705.0:660 rb.0.1e1280.238e1f29.000000000000 [sparse-read 902144~512] 2.dabde67b) v4 -- ?+0 0x7fb5a94e7000 con 0x7fb5a91668f0
2013-03-14 18:10:28.300925 7fb5876fd700 20 librbd::AioCompletion: AioCompletion::finish_adding_requests 0x7fb5a9289bf0 pending 1
2013-03-14 18:10:28.301913 7fb58ed64700 1 -- 172.16.156.135:0/1648258 <== osd.0 172.16.170.1:6800/1310 655 ==== osd_op_reply(660 rb.0.1e1280.238e1f29.000000000000 [sparse-read 902144~512] = 0) v4 ==== 132+0+536 (2896472486 0 381516776) 0x7fb5a94e7610 con 0x7fb5a91668f0
2013-03-14 18:10:28.301955 7fb587fff700 20 librbd::AioRequest: should_complete 0x7fb5a94e60d0 rb.0.1e1280.238e1f29.000000000000 902144~512 r = 0
2013-03-14 18:10:28.301961 7fb587fff700 10 librbd::AioCompletion: C_AioRead::finish() 0x7fb5a94536d0 r = 0
2013-03-14 18:10:28.301965 7fb587fff700 10 librbd::AioCompletion: got {902144=512} for [0,512] bl 512
2013-03-14 18:10:28.301971 7fb587fff700 20 librbd::AioCompletion: AioCompletion::complete_request() 0x7fb5a9289bf0 complete_cb=0x7fb5a6fc7170 pending 1
2013-03-14 18:10:28.301976 7fb587fff700 20 librbd::AioCompletion: AioCompletion::finalize() 0x7fb5a9289bf0 rval 512 read_buf 0x7fb5a94e6a00 read_bl 0
2013-03-14 18:10:28.301980 7fb587fff700 20 librbd::AioCompletion: AioCompletion::finalize() copied resulting 512 bytes to 0x7fb5a94e6a00
2013-03-14 18:10:28.302141 7fb5876fd700 20 librbd: aio_read 0x7fb5a9162330 completion 0x7fb5a9289bf0 [902656,512]
2013-03-14 18:10:28.302151 7fb5876fd700 20 librbd: ictx_check 0x7fb5a9162330
2013-03-14 18:10:28.302158 7fb5876fd700 20 librbd: oid rb.0.1e1280.238e1f29.000000000000 902656~512 from [0,512]
2013-03-14 18:10:28.302162 7fb5876fd700 20 librbd::AioRequest: send 0x7fb5a94e70d0 rb.0.1e1280.238e1f29.000000000000 902656~512
2013-03-14 18:10:28.302178 7fb5876fd700 1 -- 172.16.156.135:0/1648258 --> 172.16.170.1:6800/1310 -- osd_op(client.2216705.0:661 rb.0.1e1280.238e1f29.000000000000 [sparse-read 902656~512] 2.dabde67b) v4 -- ?+0 0x7fb5a94ea090 con 0x7fb5a91668f0
2013-03-14 18:10:28.302194 7fb5876fd700 20 librbd::AioCompletion: AioCompletion::finish_adding_requests 0x7fb5a9289bf0 pending 1
2013-03-14 18:10:28.303351 7fb58ed64700 1 -- 172.16.156.135:0/1648258 <== osd.0 172.16.170.1:6800/1310 656 ==== osd_op_reply(661 rb.0.1e1280.238e1f29.000000000000 [sparse-read 902656~512] = 0) v4 ==== 132+0+536 (3982011226 0 329945765) 0x7fb5a94ea6a0 con 0x7fb5a91668f0
2013-03-14 18:10:28.303392 7fb587fff700 20 librbd::AioRequest: should_complete 0x7fb5a94e70d0 rb.0.1e1280.238e1f29.000000000000 902656~512 r = 0
2013-03-14 18:10:28.303397 7fb587fff700 10 librbd::AioCompletion: C_AioRead::finish() 0x7fb5a92a3750 r = 0
2013-03-14 18:10:28.303401 7fb587fff700 10 librbd::AioCompletion: got {902656=512} for [0,512] bl 512
2013-03-14 18:10:28.303406 7fb587fff700 20 librbd::AioCompletion: AioCompletion::complete_request() 0x7fb5a9289bf0 complete_cb=0x7fb5a6fc7170 pending 1
2013-03-14 18:10:28.303411 7fb587fff700 20 librbd::AioCompletion: AioCompletion::finalize() 0x7fb5a9289bf0 rval 512 read_buf 0x7fb5a94e7a00 read_bl 0
2013-03-14 18:10:28.303415 7fb587fff700 20 librbd::AioCompletion: AioCompletion::finalize() copied resulting 512 bytes to 0x7fb5a94e7a00
2013-03-14 18:10:28.303570 7fb5876fd700 20 librbd: aio_read 0x7fb5a9162330 completion 0x7fb5a9289bf0 [903168,512]
2013-03-14 18:10:28.303578 7fb5876fd700 20 librbd: ictx_check 0x7fb5a9162330
2013-03-14 18:10:28.303586 7fb5876fd700 20 librbd: oid rb.0.1e1280.238e1f29.000000000000 903168~512 from [0,512]
2013-03-14 18:10:28.303590 7fb5876fd700 20 librbd::AioRequest: send 0x7fb5a94e6a00 rb.0.1e1280.238e1f29.000000000000 903168~512
2013-03-14 18:10:28.303606 7fb5876fd700 1 -- 172.16.156.135:0/1648258 --> 172.16.170.1:6800/1310 -- osd_op(client.2216705.0:662 rb.0.1e1280.238e1f29.000000000000 [sparse-read 903168~512] 2.dabde67b) v4 -- ?+0 0x7fb5a94eea00 con 0x7fb5a91668f0
2013-03-14 18:10:28.303619 7fb5876fd700 20 librbd::AioCompletion: AioCompletion::finish_adding_requests 0x7fb5a9289bf0 pending 1
2013-03-14 18:10:28.304895 7fb58ed64700 1 -- 172.16.156.135:0/1648258 <== osd.0 172.16.170.1:6800/1310 657 ==== osd_op_reply(662 rb.0.1e1280.238e1f29.000000000000 [sparse-read 903168~512] = 0) v4 ==== 132+0+536 (759222623 0 2468787946) 0x7fb5a94eef90 con 0x7fb5a91668f0
2013-03-14 18:10:28.304938 7fb587fff700 20 librbd::AioRequest: should_complete 0x7fb5a94e6a00 rb.0.1e1280.238e1f29.000000000000 903168~512 r = 0
2013-03-14 18:10:28.304943 7fb587fff700 10 librbd::AioCompletion: C_AioRead::finish() 0x7fb5a93ec440 r = 0
2013-03-14 18:10:28.304946 7fb587fff700 10 librbd::AioCompletion: got {903168=512} for [0,512] bl 512
2013-03-14 18:10:28.304952 7fb587fff700 20 librbd::AioCompletion: AioCompletion::complete_request() 0x7fb5a9289bf0 complete_cb=0x7fb5a6fc7170 pending 1
2013-03-14 18:10:28.304956 7fb587fff700 20 librbd::AioCompletion: AioCompletion::finalize() 0x7fb5a9289bf0 rval 512 read_buf 0x7fb5a94ee600 read_bl 0
2013-03-14 18:10:28.304961 7fb587fff700 20 librbd::AioCompletion: AioCompletion::finalize() copied resulting 512 bytes to 0x7fb5a94ee600
2013-03-14 18:10:28.305117 7fb5876fd700 20 librbd: aio_read 0x7fb5a9162330 completion 0x7fb5a9289bf0 [903680,512]
2013-03-14 18:10:28.305125 7fb5876fd700 20 librbd: ictx_check 0x7fb5a9162330
2013-03-14 18:10:28.305133 7fb5876fd700 20 librbd: oid rb.0.1e1280.238e1f29.000000000000 903680~512 from [0,512]
2013-03-14 18:10:28.305137 7fb5876fd700 20 librbd::AioRequest: send 0x7fb5a94e7ad0 rb.0.1e1280.238e1f29.000000000000 903680~512
2013-03-14 18:10:28.305153 7fb5876fd700 1 -- 172.16.156.135:0/1648258 --> 172.16.170.1:6800/1310 -- osd_op(client.2216705.0:663 rb.0.1e1280.238e1f29.000000000000 [sparse-read 903680~512] 2.dabde67b) v4 -- ?+0 0x7fb5a94efa80 con 0x7fb5a91668f0
2013-03-14 18:10:28.305166 7fb5876fd700 20 librbd::AioCompletion: AioCompletion::finish_adding_requests 0x7fb5a9289bf0 pending 1
2013-03-14 18:10:28.306153 7fb58ed64700 1 -- 172.16.156.135:0/1648258 <== osd.0 172.16.170.1:6800/1310 658 ==== osd_op_reply(663 rb.0.1e1280.238e1f29.000000000000 [sparse-read 903680~512] = 0) v4 ==== 132+0+536 (1824314275 0 886224697) 0x7fb5a94ea770 con 0x7fb5a91668f0
2013-03-14 18:10:28.306195 7fb587fff700 20 librbd::AioRequest: should_complete 0x7fb5a94e7ad0 rb.0.1e1280.238e1f29.000000000000 903680~512 r = 0
2013-03-14 18:10:28.306203 7fb587fff700 10 librbd::AioCompletion: C_AioRead::finish() 0x7fb5a9283650 r = 0
2013-03-14 18:10:28.306207 7fb587fff700 10 librbd::AioCompletion: got {903680=512} for [0,512] bl 512
2013-03-14 18:10:28.306212 7fb587fff700 20 librbd::AioCompletion: AioCompletion::complete_request() 0x7fb5a9289bf0 complete_cb=0x7fb5a6fc7170 pending 1
2013-03-14 18:10:28.306216 7fb587fff700 20 librbd::AioCompletion: AioCompletion::finalize() 0x7fb5a9289bf0 rval 512 read_buf 0x7fb5a94ef600 read_bl 0
2013-03-14 18:10:28.306221 7fb587fff700 20 librbd::AioCompletion: AioCompletion::finalize() copied resulting 512 bytes to 0x7fb5a94ef600
2013-03-14 18:10:28.306386 7fb5876fd700 20 librbd: aio_read 0x7fb5a9162330 completion 0x7fb5a9289bf0 [904192,512]
2013-03-14 18:10:28.306395 7fb5876fd700 20 librbd: ictx_check 0x7fb5a9162330
2013-03-14 18:10:28.306402 7fb5876fd700 20 librbd: oid rb.0.1e1280.238e1f29.000000000000 904192~512 from [0,512]
2013-03-14 18:10:28.306406 7fb5876fd700 20 librbd::AioRequest: send 0x7fb5a94efa80 rb.0.1e1280.238e1f29.000000000000 904192~512
2013-03-14 18:10:28.306422 7fb5876fd700 1 -- 172.16.156.135:0/1648258 --> 172.16.170.1:6800/1310 -- osd_op(client.2216705.0:664 rb.0.1e1280.238e1f29.000000000000 [sparse-read 904192~512] 2.dabde67b) v4 -- ?+0 0x7fb5a94eb190 con 0x7fb5a91668f0
2013-03-14 18:10:28.306436 7fb5876fd700 20 librbd::AioCompletion: AioCompletion::finish_adding_requests 0x7fb5a9289bf0 pending 1
2013-03-14 18:10:28.307679 7fb58ed64700 1 -- 172.16.156.135:0/1648258 <== osd.0 172.16.170.1:6800/1310 659 ==== osd_op_reply(664 rb.0.1e1280.238e1f29.000000000000 [sparse-read 904192~512] = 0) v4 ==== 132+0+536 (2931348647 0 4138277329) 0x7fb5a94f4050 con 0x7fb5a91668f0
2013-03-14 18:10:28.307723 7fb587fff700 20 librbd::AioRequest: should_complete 0x7fb5a94efa80 rb.0.1e1280.238e1f29.000000000000 904192~512 r = 0
2013-03-14 18:10:28.307732 7fb587fff700 10 librbd::AioCompletion: C_AioRead::finish() 0x7fb5a94510b0 r = 0
2013-03-14 18:10:28.307735 7fb587fff700 10 librbd::AioCompletion: got {904192=512} for [0,512] bl 512
2013-03-14 18:10:28.307741 7fb587fff700 20 librbd::AioCompletion: AioCompletion::complete_request() 0x7fb5a9289bf0 complete_cb=0x7fb5a6fc7170 pending 1
2013-03-14 18:10:28.307744 7fb587fff700 20 librbd::AioCompletion: AioCompletion::finalize() 0x7fb5a9289bf0 rval 512 read_buf 0x7fb5a94eae00 read_bl 0
2013-03-14 18:10:28.307750 7fb587fff700 20 librbd::AioCompletion: AioCompletion::finalize() copied resulting 512 bytes to 0x7fb5a94eae00
2013-03-14 18:10:28.307900 7fb5876fd700 20 librbd: aio_read 0x7fb5a9162330 completion 0x7fb5a9289bf0 [904704,512]
2013-03-14 18:10:28.307909 7fb5876fd700 20 librbd: ictx_check 0x7fb5a9162330
2013-03-14 18:10:28.307916 7fb5876fd700 20 librbd: oid rb.0.1e1280.238e1f29.000000000000 904704~512 from [0,512]
2013-03-14 18:10:28.307920 7fb5876fd700 20 librbd::AioRequest: send 0x7fb5a94ef6b0 rb.0.1e1280.238e1f29.000000000000 904704~512
2013-03-14 18:10:28.307956 7fb5876fd700 1 -- 172.16.156.135:0/1648258 --> 172.16.170.1:6800/1310 -- osd_op(client.2216705.0:665 rb.0.1e1280.238e1f29.000000000000 [sparse-read 904704~512] 2.dabde67b) v4 -- ?+0 0x7fb5a94ec190 con 0x7fb5a91668f0
2013-03-14 18:10:28.307969 7fb5876fd700 20 librbd::AioCompletion: AioCompletion::finish_adding_requests 0x7fb5a9289bf0 pending 1
2013-03-14 18:10:28.308846 7fb58ed64700 1 -- 172.16.156.135:0/1648258 <== osd.0 172.16.170.1:6800/1310 660 ==== osd_op_reply(665 rb.0.1e1280.238e1f29.000000000000 [sparse-read 904704~512] = 0) v4 ==== 132+0+536 (4014265947 0 3189167837) 0x7fb5a94ec7a0 con 0x7fb5a91668f0
2013-03-14 18:10:28.308888 7fb587fff700 20 librbd::AioRequest: should_complete 0x7fb5a94ef6b0 rb.0.1e1280.238e1f29.000000000000 904704~512 r = 0
2013-03-14 18:10:28.308895 7fb587fff700 10 librbd::AioCompletion: C_AioRead::finish() 0x7fb5a9400940 r = 0
2013-03-14 18:10:28.308898 7fb587fff700 10 librbd::AioCompletion: got {904704=512} for [0,512] bl 512
2013-03-14 18:10:28.308903 7fb587fff700 20 librbd::AioCompletion: AioCompletion::complete_request() 0x7fb5a9289bf0 complete_cb=0x7fb5a6fc7170 pending 1
2013-03-14 18:10:28.308908 7fb587fff700 20 librbd::AioCompletion: AioCompletion::finalize() 0x7fb5a9289bf0 rval 512 read_buf 0x7fb5a94ebe00 read_bl 0
2013-03-14 18:10:28.308912 7fb587fff700 20 librbd::AioCompletion: AioCompletion::finalize() copied resulting 512 bytes to 0x7fb5a94ebe00
2013-03-14 18:10:28.309103 7fb5876fd700 20 librbd: aio_read 0x7fb5a9162330 completion 0x7fb5a9289bf0 [905216,512]
2013-03-14 18:10:28.309111 7fb5876fd700 20 librbd: ictx_check 0x7fb5a9162330
2013-03-14 18:10:28.309119 7fb5876fd700 20 librbd: oid rb.0.1e1280.238e1f29.000000000000 905216~512 from [0,512]
2013-03-14 18:10:28.309123 7fb5876fd700 20 librbd::AioRequest: send 0x7fb5a94ead40 rb.0.1e1280.238e1f29.000000000000 905216~512
2013-03-14 18:10:28.309139 7fb5876fd700 1 -- 172.16.156.135:0/1648258 --> 172.16.170.1:6800/1310 -- osd_op(client.2216705.0:666 rb.0.1e1280.238e1f29.000000000000 [sparse-read 905216~512] 2.dabde67b) v4 -- ?+0 0x7fb5a94ed190 con 0x7fb5a91668f0
2013-03-14 18:10:28.309154 7fb5876fd700 20 librbd::AioCompletion: AioCompletion::finish_adding_requests 0x7fb5a9289bf0 pending 1
2013-03-14 18:10:28.310139 7fb58ed64700 1 -- 172.16.156.135:0/1648258 <== osd.0 172.16.170.1:6800/1310 661 ==== osd_op_reply(666 rb.0.1e1280.238e1f29.000000000000 [sparse-read 905216~512] = 0) v4 ==== 132+0+536 (727995996 0 1032932159) 0x7fb5a94ed7a0 con 0x7fb5a91668f0
2013-03-14 18:10:28.310181 7fb587fff700 20 librbd::AioRequest: should_complete 0x7fb5a94ead40 rb.0.1e1280.238e1f29.000000000000 905216~512 r = 0
2013-03-14 18:10:28.310189 7fb587fff700 10 librbd::AioCompletion: C_AioRead::finish() 0x7fb5a9296e70 r = 0
2013-03-14 18:10:28.310192 7fb587fff700 10 librbd::AioCompletion: got {905216=512} for [0,512] bl 512
2013-03-14 18:10:28.310197 7fb587fff700 20 librbd::AioCompletion: AioCompletion::complete_request() 0x7fb5a9289bf0 complete_cb=0x7fb5a6fc7170 pending 1
2013-03-14 18:10:28.310201 7fb587fff700 20 librbd::AioCompletion: AioCompletion::finalize() 0x7fb5a9289bf0 rval 512 read_buf 0x7fb5a94ece00 read_bl 0
2013-03-14 18:10:28.310207 7fb587fff700 20 librbd::AioCompletion: AioCompletion::finalize() copied resulting 512 bytes to 0x7fb5a94ece00
2013-03-14 18:10:28.310386 7fb5876fd700 20 librbd: aio_read 0x7fb5a9162330 completion 0x7fb5a9289bf0 [905728,512]
2013-03-14 18:10:28.310395 7fb5876fd700 20 librbd: ictx_check 0x7fb5a9162330
2013-03-14 18:10:28.310402 7fb5876fd700 20 librbd: oid rb.0.1e1280.238e1f29.000000000000 905728~512 from [0,512]
2013-03-14 18:10:28.310406 7fb5876fd700 20 librbd::AioRequest: send 0x7fb5a94ec0e0 rb.0.1e1280.238e1f29.000000000000 905728~512
2013-03-14 18:10:28.310422 7fb5876fd700 1 -- 172.16.156.135:0/1648258 --> 172.16.170.1:6800/1310 -- osd_op(client.2216705.0:667 rb.0.1e1280.238e1f29.000000000000 [sparse-read 905728~512] 2.dabde67b) v4 -- ?+0 0x7fb5a94f0410 con 0x7fb5a91668f0
2013-03-14 18:10:28.310436 7fb5876fd700 20 librbd::AioCompletion: AioCompletion::finish_adding_requests 0x7fb5a9289bf0 pending 1
2013-03-14 18:10:28.311298 7fb58ed64700 1 -- 172.16.156.135:0/1648258 <== osd.0 172.16.170.1:6800/1310 662 ==== osd_op_reply(667 rb.0.1e1280.238e1f29.000000000000 [sparse-read 905728~512] = 0) v4 ==== 132+0+536 (1788368032 0 1187746140) 0x7fb5a94f0a20 con 0x7fb5a91668f0
2013-03-14 18:10:28.311340 7fb587fff700 20 librbd::AioRequest: should_complete 0x7fb5a94ec0e0 rb.0.1e1280.238e1f29.000000000000 905728~512 r = 0
2013-03-14 18:10:28.311346 7fb587fff700 10 librbd::AioCompletion: C_AioRead::finish() 0x7fb5a933ae80 r = 0
2013-03-14 18:10:28.311348 7fb587fff700 10 librbd::AioCompletion: got {905728=512} for [0,512] bl 512
2013-03-14 18:10:28.311355 7fb587fff700 20 librbd::AioCompletion: AioCompletion::complete_request() 0x7fb5a9289bf0 complete_cb=0x7fb5a6fc7170 pending 1
2013-03-14 18:10:28.311361 7fb587fff700 20 librbd::AioCompletion: AioCompletion::finalize() 0x7fb5a9289bf0 rval 512 read_buf 0x7fb5a94f0200 read_bl 0
2013-03-14 18:10:28.311366 7fb587fff700 20 librbd::AioCompletion: AioCompletion::finalize() copied resulting 512 bytes to 0x7fb5a94f0200
2013-03-14 18:10:28.311500 7fb5876fd700 20 librbd: aio_read 0x7fb5a9162330 completion 0x7fb5a9289bf0 [906240,512]
2013-03-14 18:10:28.311509 7fb5876fd700 20 librbd: ictx_check 0x7fb5a9162330
2013-03-14 18:10:28.311516 7fb5876fd700 20 librbd: oid rb.0.1e1280.238e1f29.000000000000 906240~512 from [0,512]
2013-03-14 18:10:28.311521 7fb5876fd700 20 librbd::AioRequest: send 0x7fb5a94f0410 rb.0.1e1280.238e1f29.000000000000 906240~512
2013-03-14 18:10:28.311536 7fb5876fd700 1 -- 172.16.156.135:0/1648258 --> 172.16.170.1:6800/1310 -- osd_op(client.2216705.0:668 rb.0.1e1280.238e1f29.000000000000 [sparse-read 906240~512] 2.dabde67b) v4 -- ?+0 0x7fb5a94f4bd0 con 0x7fb5a91668f0
2013-03-14 18:10:28.311550 7fb5876fd700 20 librbd::AioCompletion: AioCompletion::finish_adding_requests 0x7fb5a9289bf0 pending 1
2013-03-14 18:10:28.312618 7fb58ed64700 1 -- 172.16.156.135:0/1648258 <== osd.0 172.16.170.1:6800/1310 663 ==== osd_op_reply(668 rb.0.1e1280.238e1f29.000000000000 [sparse-read 906240~512] = 0) v4 ==== 132+0+536 (2828817316 0 601346061) 0x7fb5a94f51e0 con 0x7fb5a91668f0
2013-03-14 18:10:28.312660 7fb587fff700 20 librbd::AioRequest: should_complete 0x7fb5a94f0410 rb.0.1e1280.238e1f29.000000000000 906240~512 r = 0
2013-03-14 18:10:28.312666 7fb587fff700 10 librbd::AioCompletion: C_AioRead::finish() 0x7fb5a92d7b80 r = 0
2013-03-14 18:10:28.312669 7fb587fff700 10 librbd::AioCompletion: got {906240=512} for [0,512] bl 512
2013-03-14 18:10:28.312675 7fb587fff700 20 librbd::AioCompletion: AioCompletion::complete_request() 0x7fb5a9289bf0 complete_cb=0x7fb5a6fc7170 pending 1
2013-03-14 18:10:28.312679 7fb587fff700 20 librbd::AioCompletion: AioCompletion::finalize() 0x7fb5a9289bf0 rval 512 read_buf 0x7fb5a94f0200 read_bl 0
2013-03-14 18:10:28.312684 7fb587fff700 20 librbd::AioCompletion: AioCompletion::finalize() copied resulting 512 bytes to 0x7fb5a94f0200
2013-03-14 18:10:28.312810 7fb5876fd700 20 librbd: aio_read 0x7fb5a9162330 completion 0x7fb5a9289bf0 [906752,512]
2013-03-14 18:10:28.312818 7fb5876fd700 20 librbd: ictx_check 0x7fb5a9162330
2013-03-14 18:10:28.312826 7fb5876fd700 20 librbd: oid rb.0.1e1280.238e1f29.000000000000 906752~512 from [0,512]
2013-03-14 18:10:28.312830 7fb5876fd700 20 librbd::AioRequest: send 0x7fb5a94f4b80 rb.0.1e1280.238e1f29.000000000000 906752~512
2013-03-14 18:10:28.312846 7fb5876fd700 1 -- 172.16.156.135:0/1648258 --> 172.16.170.1:6800/1310 -- osd_op(client.2216705.0:669 rb.0.1e1280.238e1f29.000000000000 [sparse-read 906752~512] 2.dabde67b) v4 -- ?+0 0x7fb5a94f0a20 con 0x7fb5a91668f0
2013-03-14 18:10:28.312860 7fb5876fd700 20 librbd::AioCompletion: AioCompletion::finish_adding_requests 0x7fb5a9289bf0 pending 1
2013-03-14 18:10:28.313783 7fb58ed64700 1 -- 172.16.156.135:0/1648258 <== osd.0 172.16.170.1:6800/1310 664 ==== osd_op_reply(669 rb.0.1e1280.238e1f29.000000000000 [sparse-read 906752~512] = 0) v4 ==== 132+0+536 (3915403608 0 2132282888) 0x7fb5a94f5e00 con 0x7fb5a91668f0
2013-03-14 18:10:28.313824 7fb587fff700 20 librbd::AioRequest: should_complete 0x7fb5a94f4b80 rb.0.1e1280.238e1f29.000000000000 906752~512 r = 0
2013-03-14 18:10:28.313834 7fb587fff700 10 librbd::AioCompletion: C_AioRead::finish() 0x7fb5a9279800 r = 0
2013-03-14 18:10:28.313837 7fb587fff700 10 librbd::AioCompletion: got {906752=512} for [0,512] bl 512
2013-03-14 18:10:28.313843 7fb587fff700 20 librbd::AioCompletion: AioCompletion::complete_request() 0x7fb5a9289bf0 complete_cb=0x7fb5a6fc7170 pending 1
2013-03-14 18:10:28.313846 7fb587fff700 20 librbd::AioCompletion: AioCompletion::finalize() 0x7fb5a9289bf0 rval 512 read_buf 0x7fb5a94f5800 read_bl 0
2013-03-14 18:10:28.313851 7fb587fff700 20 librbd::AioCompletion: AioCompletion::finalize() copied resulting 512 bytes to 0x7fb5a94f5800
2013-03-14 18:10:28.313973 7fb5876fd700 20 librbd: aio_read 0x7fb5a9162330 completion 0x7fb5a9289bf0 [907264,512]
2013-03-14 18:10:28.313982 7fb5876fd700 20 librbd: ictx_check 0x7fb5a9162330
2013-03-14 18:10:28.313989 7fb5876fd700 20 librbd: oid rb.0.1e1280.238e1f29.000000000000 907264~512 from [0,512]
2013-03-14 18:10:28.313994 7fb5876fd700 20 librbd::AioRequest: send 0x7fb5a94f0af0 rb.0.1e1280.238e1f29.000000000000 907264~512
2013-03-14 18:10:28.314009 7fb5876fd700 1 -- 172.16.156.135:0/1648258 --> 172.16.170.1:6800/1310 -- osd_op(client.2216705.0:670 rb.0.1e1280.238e1f29.000000000000 [sparse-read 907264~512] 2.dabde67b) v4 -- ?+0 0x7fb5a94f1680 con 0x7fb5a91668f0
2013-03-14 18:10:28.314023 7fb5876fd700 20 librbd::AioCompletion: AioCompletion::finish_adding_requests 0x7fb5a9289bf0 pending 1
2013-03-14 18:10:28.314948 7fb58ed64700 1 -- 172.16.156.135:0/1648258 <== osd.0 172.16.170.1:6800/1310 665 ==== osd_op_reply(670 rb.0.1e1280.238e1f29.000000000000 [sparse-read 907264~512] = 0) v4 ==== 132+0+536 (695741277 0 2209747302) 0x7fb5a94fa050 con 0x7fb5a91668f0
2013-03-14 18:10:28.314991 7fb587fff700 20 librbd::AioRequest: should_complete 0x7fb5a94f0af0 rb.0.1e1280.238e1f29.000000000000 907264~512 r = 0
2013-03-14 18:10:28.314998 7fb587fff700 10 librbd::AioCompletion: C_AioRead::finish() 0x7fb5a94bed50 r = 0
2013-03-14 18:10:28.315001 7fb587fff700 10 librbd::AioCompletion: got {907264=512} for [0,512] bl 512
2013-03-14 18:10:28.315006 7fb587fff700 20 librbd::AioCompletion: AioCompletion::complete_request() 0x7fb5a9289bf0 complete_cb=0x7fb5a6fc7170 pending 1
2013-03-14 18:10:28.315010 7fb587fff700 20 librbd::AioCompletion: AioCompletion::finalize() 0x7fb5a9289bf0 rval 512 read_buf 0x7fb5a94f1200 read_bl 0
2013-03-14 18:10:28.315015 7fb587fff700 20 librbd::AioCompletion: AioCompletion::finalize() copied resulting 512 bytes to 0x7fb5a94f1200
2013-03-14 18:10:28.315147 7fb5876fd700 20 librbd: aio_read 0x7fb5a9162330 completion 0x7fb5a9289bf0 [907776,512]
2013-03-14 18:10:28.315155 7fb5876fd700 20 librbd: ictx_check 0x7fb5a9162330
