2013-03-14 18:10:27.595479 7fb587fff700 20 librbd::AioRequest: should_complete 0x7fb5a92c94d0 rb.0.1e1280.238e1f29.000000000000 633856~512 r = 0
2013-03-14 18:10:27.595491 7fb587fff700 10 librbd::AioCompletion: C_AioRead::finish() 0x7fb5a9278d40 r = 0
2013-03-14 18:10:27.595495 7fb587fff700 10 librbd::AioCompletion: got {633856=512} for [0,512] bl 512
2013-03-14 18:10:27.595505 7fb587fff700 20 librbd::AioCompletion: AioCompletion::complete_request() 0x7fb5a9289bf0 complete_cb=0x7fb5a6fc7170 pending 1
2013-03-14 18:10:27.595513 7fb587fff700 20 librbd::AioCompletion: AioCompletion::finalize() 0x7fb5a9289bf0 rval 512 read_buf 0x7fb5a92c9e00 read_bl 0
2013-03-14 18:10:27.595520 7fb587fff700 20 librbd::AioCompletion: AioCompletion::finalize() copied resulting 512 bytes to 0x7fb5a92c9e00
2013-03-14 18:10:27.595648 7fb5876fd700 20 librbd: aio_read 0x7fb5a9162330 completion 0x7fb5a9289bf0 [634368,512]
2013-03-14 18:10:27.595659 7fb5876fd700 20 librbd: ictx_check 0x7fb5a9162330
2013-03-14 18:10:27.595667 7fb5876fd700 20 librbd: oid rb.0.1e1280.238e1f29.000000000000 634368~512 from [0,512]
2013-03-14 18:10:27.595672 7fb5876fd700 20 librbd::AioRequest: send 0x7fb5a92ca4d0 rb.0.1e1280.238e1f29.000000000000 634368~512
2013-03-14 18:10:27.595689 7fb5876fd700 1 -- 172.16.156.135:0/1648258 --> 172.16.170.1:6800/1310 -- osd_op(client.2216705.0:137 rb.0.1e1280.238e1f29.000000000000 [sparse-read 634368~512] 2.dabde67b) v4 -- ?+0 0x7fb5a92cb400 con 0x7fb5a91668f0
2013-03-14 18:10:27.595703 7fb5876fd700 20 librbd::AioCompletion: AioCompletion::finish_adding_requests 0x7fb5a9289bf0 pending 1
2013-03-14 18:10:27.596757 7fb58ed64700 1 -- 172.16.156.135:0/1648258 <== osd.0 172.16.170.1:6800/1310 132 ==== osd_op_reply(137 rb.0.1e1280.238e1f29.000000000000 [sparse-read 634368~512] = 0) v4 ==== 132+0+536 (4228135974 0 2724965028) 0x7fb5a92cba10 con 0x7fb5a91668f0
2013-03-14 18:10:27.596815 7fb587fff700 20 librbd::AioRequest: should_complete 0x7fb5a92ca4d0 rb.0.1e1280.238e1f29.000000000000 634368~512 r = 0
2013-03-14 18:10:27.596822 7fb587fff700 10 librbd::AioCompletion: C_AioRead::finish() 0x7fb5a92ae660 r = 0
2013-03-14 18:10:27.596824 7fb587fff700 10 librbd::AioCompletion: got {634368=512} for [0,512] bl 512
2013-03-14 18:10:27.596830 7fb587fff700 20 librbd::AioCompletion: AioCompletion::complete_request() 0x7fb5a9289bf0 complete_cb=0x7fb5a6fc7170 pending 1
2013-03-14 18:10:27.596833 7fb587fff700 20 librbd::AioCompletion: AioCompletion::finalize() 0x7fb5a9289bf0 rval 512 read_buf 0x7fb5a92cae00 read_bl 0
2013-03-14 18:10:27.596838 7fb587fff700 20 librbd::AioCompletion: AioCompletion::finalize() copied resulting 512 bytes to 0x7fb5a92cae00
2013-03-14 18:10:27.596990 7fb5876fd700 20 librbd: aio_read 0x7fb5a9162330 completion 0x7fb5a9289bf0 [634880,512]
2013-03-14 18:10:27.597003 7fb5876fd700 20 librbd: ictx_check 0x7fb5a9162330
2013-03-14 18:10:27.597014 7fb5876fd700 20 librbd: oid rb.0.1e1280.238e1f29.000000000000 634880~512 from [0,512]
2013-03-14 18:10:27.597023 7fb5876fd700 20 librbd::AioRequest: send 0x7fb5a92cb400 rb.0.1e1280.238e1f29.000000000000 634880~512
2013-03-14 18:10:27.597045 7fb5876fd700 1 -- 172.16.156.135:0/1648258 --> 172.16.170.1:6800/1310 -- osd_op(client.2216705.0:138 rb.0.1e1280.238e1f29.000000000000 [sparse-read 634880~512] 2.dabde67b) v4 -- ?+0 0x7fb5a92ce590 con 0x7fb5a91668f0
2013-03-14 18:10:27.597066 7fb5876fd700 20 librbd::AioCompletion: AioCompletion::finish_adding_requests 0x7fb5a9289bf0 pending 1
2013-03-14 18:10:27.598366 7fb58ed64700 1 -- 172.16.156.135:0/1648258 <== osd.0 172.16.170.1:6800/1310 133 ==== osd_op_reply(138 rb.0.1e1280.238e1f29.000000000000 [sparse-read 634880~512] = 0) v4 ==== 132+0+536 (941931553 0 3613074541) 0x7fb5a92ceba0 con 0x7fb5a91668f0
2013-03-14 18:10:27.598431 7fb587fff700 20 librbd::AioRequest: should_complete 0x7fb5a92cb400 rb.0.1e1280.238e1f29.000000000000 634880~512 r = 0
2013-03-14 18:10:27.598441 7fb587fff700 10 librbd::AioCompletion: C_AioRead::finish() 0x7fb5a92aaf20 r = 0
2013-03-14 18:10:27.598444 7fb587fff700 10 librbd::AioCompletion: got {634880=512} for [0,512] bl 512
2013-03-14 18:10:27.598452 7fb587fff700 20 librbd::AioCompletion: AioCompletion::complete_request() 0x7fb5a9289bf0 complete_cb=0x7fb5a6fc7170 pending 1
2013-03-14 18:10:27.598458 7fb587fff700 20 librbd::AioCompletion: AioCompletion::finalize() 0x7fb5a9289bf0 rval 512 read_buf 0x7fb5a92ce200 read_bl 0
2013-03-14 18:10:27.598464 7fb587fff700 20 librbd::AioCompletion: AioCompletion::finalize() copied resulting 512 bytes to 0x7fb5a92ce200
2013-03-14 18:10:27.598665 7fb5876fd700 20 librbd: aio_read 0x7fb5a9162330 completion 0x7fb5a9289bf0 [635392,512]
2013-03-14 18:10:27.598676 7fb5876fd700 20 librbd: ictx_check 0x7fb5a9162330
2013-03-14 18:10:27.598686 7fb5876fd700 20 librbd: oid rb.0.1e1280.238e1f29.000000000000 635392~512 from [0,512]
2013-03-14 18:10:27.598692 7fb5876fd700 20 librbd::AioRequest: send 0x7fb5a92cbe00 rb.0.1e1280.238e1f29.000000000000 635392~512
2013-03-14 18:10:27.598715 7fb5876fd700 1 -- 172.16.156.135:0/1648258 --> 172.16.170.1:6800/1310 -- osd_op(client.2216705.0:139 rb.0.1e1280.238e1f29.000000000000 [sparse-read 635392~512] 2.dabde67b) v4 -- ?+0 0x7fb5a92d2a00 con 0x7fb5a91668f0
2013-03-14 18:10:27.598738 7fb5876fd700 20 librbd::AioCompletion: AioCompletion::finish_adding_requests 0x7fb5a9289bf0 pending 1
2013-03-14 18:10:27.601916 7fb58ed64700 1 -- 172.16.156.135:0/1648258 <== osd.0 172.16.170.1:6800/1310 134 ==== osd_op_reply(139 rb.0.1e1280.238e1f29.000000000000 [sparse-read 635392~512] = 0) v4 ==== 132+0+536 (2044247773 0 2631468940) 0x7fb5a92d3010 con 0x7fb5a91668f0
2013-03-14 18:10:27.602023 7fb587fff700 20 librbd::AioRequest: should_complete 0x7fb5a92cbe00 rb.0.1e1280.238e1f29.000000000000 635392~512 r = 0
2013-03-14 18:10:27.602032 7fb587fff700 10 librbd::AioCompletion: C_AioRead::finish() 0x7fb5a925def0 r = 0
2013-03-14 18:10:27.602035 7fb587fff700 10 librbd::AioCompletion: got {635392=512} for [0,512] bl 512
2013-03-14 18:10:27.602039 7fb587fff700 20 librbd::AioCompletion: AioCompletion::complete_request() 0x7fb5a9289bf0 complete_cb=0x7fb5a6fc7170 pending 1
2013-03-14 18:10:27.602042 7fb587fff700 20 librbd::AioCompletion: AioCompletion::finalize() 0x7fb5a9289bf0 rval 512 read_buf 0x7fb5a92d2600 read_bl 0
2013-03-14 18:10:27.602045 7fb587fff700 20 librbd::AioCompletion: AioCompletion::finalize() copied resulting 512 bytes to 0x7fb5a92d2600
2013-03-14 18:10:27.602205 7fb5876fd700 20 librbd: aio_read 0x7fb5a9162330 completion 0x7fb5a9289bf0 [635904,512]
2013-03-14 18:10:27.602219 7fb5876fd700 20 librbd: ictx_check 0x7fb5a9162330
2013-03-14 18:10:27.602232 7fb5876fd700 20 librbd: oid rb.0.1e1280.238e1f29.000000000000 635904~512 from [0,512]
2013-03-14 18:10:27.602238 7fb5876fd700 20 librbd::AioRequest: send 0x7fb5a92d25e0 rb.0.1e1280.238e1f29.000000000000 635904~512
2013-03-14 18:10:27.602262 7fb5876fd700 1 -- 172.16.156.135:0/1648258 --> 172.16.170.1:6800/1310 -- osd_op(client.2216705.0:140 rb.0.1e1280.238e1f29.000000000000 [sparse-read 635904~512] 2.dabde67b) v4 -- ?+0 0x7fb5a92d3a00 con 0x7fb5a91668f0
2013-03-14 18:10:27.602279 7fb5876fd700 20 librbd::AioCompletion: AioCompletion::finish_adding_requests 0x7fb5a9289bf0 pending 1
2013-03-14 18:10:27.607317 7fb58ed64700 1 -- 172.16.156.135:0/1648258 <== osd.0 172.16.170.1:6800/1310 135 ==== osd_op_reply(140 rb.0.1e1280.238e1f29.000000000000 [sparse-read 635904~512] = 0) v4 ==== 132+0+536 (3151804889 0 608443565) 0x7fb5a92ceba0 con 0x7fb5a91668f0
2013-03-14 18:10:27.607372 7fb587fff700 20 librbd::AioRequest: should_complete 0x7fb5a92d25e0 rb.0.1e1280.238e1f29.000000000000 635904~512 r = 0
2013-03-14 18:10:27.607381 7fb587fff700 10 librbd::AioCompletion: C_AioRead::finish() 0x7fb5a925d230 r = 0
2013-03-14 18:10:27.607383 7fb587fff700 10 librbd::AioCompletion: got {635904=512} for [0,512] bl 512
2013-03-14 18:10:27.607389 7fb587fff700 20 librbd::AioCompletion: AioCompletion::complete_request() 0x7fb5a9289bf0 complete_cb=0x7fb5a6fc7170 pending 1
2013-03-14 18:10:27.607392 7fb587fff700 20 librbd::AioCompletion: AioCompletion::finalize() 0x7fb5a9289bf0 rval 512 read_buf 0x7fb5a92d3400 read_bl 0
2013-03-14 18:10:27.607396 7fb587fff700 20 librbd::AioCompletion: AioCompletion::finalize() copied resulting 512 bytes to 0x7fb5a92d3400
2013-03-14 18:10:27.607587 7fb5876fd700 20 librbd: aio_read 0x7fb5a9162330 completion 0x7fb5a9289bf0 [636416,512]
2013-03-14 18:10:27.607604 7fb5876fd700 20 librbd: ictx_check 0x7fb5a9162330
2013-03-14 18:10:27.607619 7fb5876fd700 20 librbd: oid rb.0.1e1280.238e1f29.000000000000 636416~512 from [0,512]
2013-03-14 18:10:27.607629 7fb5876fd700 20 librbd::AioRequest: send 0x7fb5a92d39b0 rb.0.1e1280.238e1f29.000000000000 636416~512
2013-03-14 18:10:27.607661 7fb5876fd700 1 -- 172.16.156.135:0/1648258 --> 172.16.170.1:6800/1310 -- osd_op(client.2216705.0:141 rb.0.1e1280.238e1f29.000000000000 [sparse-read 636416~512] 2.dabde67b) v4 -- ?+0 0x7fb5a92cf590 con 0x7fb5a91668f0
2013-03-14 18:10:27.607686 7fb5876fd700 20 librbd::AioCompletion: AioCompletion::finish_adding_requests 0x7fb5a9289bf0 pending 1
2013-03-14 18:10:27.609433 7fb58ed64700 1 -- 172.16.156.135:0/1648258 <== osd.0 172.16.170.1:6800/1310 136 ==== osd_op_reply(141 rb.0.1e1280.238e1f29.000000000000 [sparse-read 636416~512] = 0) v4 ==== 132+0+536 (4196449061 0 1309929339) 0x7fb5a92d8050 con 0x7fb5a91668f0
2013-03-14 18:10:27.609486 7fb587fff700 20 librbd::AioRequest: should_complete 0x7fb5a92d39b0 rb.0.1e1280.238e1f29.000000000000 636416~512 r = 0
2013-03-14 18:10:27.609499 7fb587fff700 10 librbd::AioCompletion: C_AioRead::finish() 0x7fb5a92756f0 r = 0
2013-03-14 18:10:27.609502 7fb587fff700 10 librbd::AioCompletion: got {636416=512} for [0,512] bl 512
2013-03-14 18:10:27.609508 7fb587fff700 20 librbd::AioCompletion: AioCompletion::complete_request() 0x7fb5a9289bf0 complete_cb=0x7fb5a6fc7170 pending 1
2013-03-14 18:10:27.609511 7fb587fff700 20 librbd::AioCompletion: AioCompletion::finalize() 0x7fb5a9289bf0 rval 512 read_buf 0x7fb5a92cf200 read_bl 0
2013-03-14 18:10:27.609516 7fb587fff700 20 librbd::AioCompletion: AioCompletion::finalize() copied resulting 512 bytes to 0x7fb5a92cf200
2013-03-14 18:10:27.609670 7fb5876fd700 20 librbd: aio_read 0x7fb5a9162330 completion 0x7fb5a9289bf0 [636928,512]
2013-03-14 18:10:27.609683 7fb5876fd700 20 librbd: ictx_check 0x7fb5a9162330
2013-03-14 18:10:27.609694 7fb5876fd700 20 librbd: oid rb.0.1e1280.238e1f29.000000000000 636928~512 from [0,512]
2013-03-14 18:10:27.609702 7fb5876fd700 20 librbd::AioRequest: send 0x7fb5a92d3600 rb.0.1e1280.238e1f29.000000000000 636928~512
2013-03-14 18:10:27.609726 7fb5876fd700 1 -- 172.16.156.135:0/1648258 --> 172.16.170.1:6800/1310 -- osd_op(client.2216705.0:142 rb.0.1e1280.238e1f29.000000000000 [sparse-read 636928~512] 2.dabde67b) v4 -- ?+0 0x7fb5a92d0680 con 0x7fb5a91668f0
2013-03-14 18:10:27.609749 7fb5876fd700 20 librbd::AioCompletion: AioCompletion::finish_adding_requests 0x7fb5a9289bf0 pending 1
2013-03-14 18:10:27.611649 7fb58ed64700 1 -- 172.16.156.135:0/1648258 <== osd.0 172.16.170.1:6800/1310 137 ==== osd_op_reply(142 rb.0.1e1280.238e1f29.000000000000 [sparse-read 636928~512] = 0) v4 ==== 132+0+536 (976797984 0 694941177) 0x7fb5a92d0c10 con 0x7fb5a91668f0
2013-03-14 18:10:27.611745 7fb587fff700 20 librbd::AioRequest: should_complete 0x7fb5a92d3600 rb.0.1e1280.238e1f29.000000000000 636928~512 r = 0
2013-03-14 18:10:27.611756 7fb587fff700 10 librbd::AioCompletion: C_AioRead::finish() 0x7fb5a92a5ed0 r = 0
2013-03-14 18:10:27.611758 7fb587fff700 10 librbd::AioCompletion: got {636928=512} for [0,512] bl 512
2013-03-14 18:10:27.611776 7fb587fff700 20 librbd::AioCompletion: AioCompletion::complete_request() 0x7fb5a9289bf0 complete_cb=0x7fb5a6fc7170 pending 1
2013-03-14 18:10:27.611780 7fb587fff700 20 librbd::AioCompletion: AioCompletion::finalize() 0x7fb5a9289bf0 rval 512 read_buf 0x7fb5a92d0200 read_bl 0
2013-03-14 18:10:27.611784 7fb587fff700 20 librbd::AioCompletion: AioCompletion::finalize() copied resulting 512 bytes to 0x7fb5a92d0200
2013-03-14 18:10:27.612075 7fb5876fd700 20 librbd: aio_read 0x7fb5a9162330 completion 0x7fb5a9289bf0 [637440,512]
2013-03-14 18:10:27.612093 7fb5876fd700 20 librbd: ictx_check 0x7fb5a9162330
2013-03-14 18:10:27.612110 7fb5876fd700 20 librbd: oid rb.0.1e1280.238e1f29.000000000000 637440~512 from [0,512]
2013-03-14 18:10:27.612119 7fb5876fd700 20 librbd::AioRequest: send 0x7fb5a92cf200 rb.0.1e1280.238e1f29.000000000000 637440~512
2013-03-14 18:10:27.612144 7fb5876fd700 1 -- 172.16.156.135:0/1648258 --> 172.16.170.1:6800/1310 -- osd_op(client.2216705.0:143 rb.0.1e1280.238e1f29.000000000000 [sparse-read 637440~512] 2.dabde67b) v4 -- ?+0 0x7fb5a92d1680 con 0x7fb5a91668f0
2013-03-14 18:10:27.612177 7fb5876fd700 20 librbd::AioCompletion: AioCompletion::finish_adding_requests 0x7fb5a9289bf0 pending 1
2013-03-14 18:10:27.613785 7fb58ed64700 1 -- 172.16.156.135:0/1648258 <== osd.0 172.16.170.1:6800/1310 138 ==== osd_op_reply(143 rb.0.1e1280.238e1f29.000000000000 [sparse-read 637440~512] = 0) v4 ==== 132+0+536 (2076492764 0 524369466) 0x7fb5a92d1c90 con 0x7fb5a91668f0
2013-03-14 18:10:27.613845 7fb587fff700 20 librbd::AioRequest: should_complete 0x7fb5a92cf200 rb.0.1e1280.238e1f29.000000000000 637440~512 r = 0
2013-03-14 18:10:27.613853 7fb587fff700 10 librbd::AioCompletion: C_AioRead::finish() 0x7fb5a927d450 r = 0
2013-03-14 18:10:27.613855 7fb587fff700 10 librbd::AioCompletion: got {637440=512} for [0,512] bl 512
2013-03-14 18:10:27.613861 7fb587fff700 20 librbd::AioCompletion: AioCompletion::complete_request() 0x7fb5a9289bf0 complete_cb=0x7fb5a6fc7170 pending 1
2013-03-14 18:10:27.613864 7fb587fff700 20 librbd::AioCompletion: AioCompletion::finalize() 0x7fb5a9289bf0 rval 512 read_buf 0x7fb5a92d1200 read_bl 0
2013-03-14 18:10:27.613868 7fb587fff700 20 librbd::AioCompletion: AioCompletion::finalize() copied resulting 512 bytes to 0x7fb5a92d1200
2013-03-14 18:10:27.614051 7fb5876fd700 20 librbd: aio_read 0x7fb5a9162330 completion 0x7fb5a9289bf0 [637952,512]
2013-03-14 18:10:27.614062 7fb5876fd700 20 librbd: ictx_check 0x7fb5a9162330
2013-03-14 18:10:27.614071 7fb5876fd700 20 librbd: oid rb.0.1e1280.238e1f29.000000000000 637952~512 from [0,512]
2013-03-14 18:10:27.614076 7fb5876fd700 20 librbd::AioRequest: send 0x7fb5a92d02d0 rb.0.1e1280.238e1f29.000000000000 637952~512
2013-03-14 18:10:27.614094 7fb5876fd700 1 -- 172.16.156.135:0/1648258 --> 172.16.170.1:6800/1310 -- osd_op(client.2216705.0:144 rb.0.1e1280.238e1f29.000000000000 [sparse-read 637952~512] 2.dabde67b) v4 -- ?+0 0x7fb5a92d8800 con 0x7fb5a91668f0
2013-03-14 18:10:27.614108 7fb5876fd700 20 librbd::AioCompletion: AioCompletion::finish_adding_requests 0x7fb5a9289bf0 pending 1
2013-03-14 18:10:27.616138 7fb58ed64700 1 -- 172.16.156.135:0/1648258 <== osd.0 172.16.170.1:6800/1310 139 ==== osd_op_reply(144 rb.0.1e1280.238e1f29.000000000000 [sparse-read 637952~512] = 0) v4 ==== 132+0+536 (3116418264 0 3877637068) 0x7fb5a92d8e10 con 0x7fb5a91668f0
2013-03-14 18:10:27.616197 7fb587fff700 20 librbd::AioRequest: should_complete 0x7fb5a92d02d0 rb.0.1e1280.238e1f29.000000000000 637952~512 r = 0
2013-03-14 18:10:27.616208 7fb587fff700 10 librbd::AioCompletion: C_AioRead::finish() 0x7fb5a9268af0 r = 0
2013-03-14 18:10:27.616210 7fb587fff700 10 librbd::AioCompletion: got {637952=512} for [0,512] bl 512
2013-03-14 18:10:27.616217 7fb587fff700 20 librbd::AioCompletion: AioCompletion::complete_request() 0x7fb5a9289bf0 complete_cb=0x7fb5a6fc7170 pending 1
2013-03-14 18:10:27.616220 7fb587fff700 20 librbd::AioCompletion: AioCompletion::finalize() 0x7fb5a9289bf0 rval 512 read_buf 0x7fb5a92d8200 read_bl 0
2013-03-14 18:10:27.616225 7fb587fff700 20 librbd::AioCompletion: AioCompletion::finalize() copied resulting 512 bytes to 0x7fb5a92d8200
2013-03-14 18:10:27.616428 7fb5876fd700 20 librbd: aio_read 0x7fb5a9162330 completion 0x7fb5a9289bf0 [638464,512]
2013-03-14 18:10:27.616440 7fb5876fd700 20 librbd: ictx_check 0x7fb5a9162330
2013-03-14 18:10:27.616448 7fb5876fd700 20 librbd: oid rb.0.1e1280.238e1f29.000000000000 638464~512 from [0,512]
2013-03-14 18:10:27.616453 7fb5876fd700 20 librbd::AioRequest: send 0x7fb5a92d8800 rb.0.1e1280.238e1f29.000000000000 638464~512
2013-03-14 18:10:27.616472 7fb5876fd700 1 -- 172.16.156.135:0/1648258 --> 172.16.170.1:6800/1310 -- osd_op(client.2216705.0:145 rb.0.1e1280.238e1f29.000000000000 [sparse-read 638464~512] 2.dabde67b) v4 -- ?+0 0x7fb5a92d9590 con 0x7fb5a91668f0
2013-03-14 18:10:27.616486 7fb5876fd700 20 librbd::AioCompletion: AioCompletion::finish_adding_requests 0x7fb5a9289bf0 pending 1
2013-03-14 18:10:27.617722 7fb58ed64700 1 -- 172.16.156.135:0/1648258 <== osd.0 172.16.170.1:6800/1310 140 ==== osd_op_reply(145 rb.0.1e1280.238e1f29.000000000000 [sparse-read 638464~512] = 0) v4 ==== 132+0+536 (4164732452 0 64457991) 0x7fb5a92d9ba0 con 0x7fb5a91668f0
2013-03-14 18:10:27.617780 7fb587fff700 20 librbd::AioRequest: should_complete 0x7fb5a92d8800 rb.0.1e1280.238e1f29.000000000000 638464~512 r = 0
2013-03-14 18:10:27.617791 7fb587fff700 10 librbd::AioCompletion: C_AioRead::finish() 0x7fb5a9298cd0 r = 0
2013-03-14 18:10:27.617793 7fb587fff700 10 librbd::AioCompletion: got {638464=512} for [0,512] bl 512
2013-03-14 18:10:27.617800 7fb587fff700 20 librbd::AioCompletion: AioCompletion::complete_request() 0x7fb5a9289bf0 complete_cb=0x7fb5a6fc7170 pending 1
2013-03-14 18:10:27.617803 7fb587fff700 20 librbd::AioCompletion: AioCompletion::finalize() 0x7fb5a9289bf0 rval 512 read_buf 0x7fb5a92d9200 read_bl 0
2013-03-14 18:10:27.617808 7fb587fff700 20 librbd::AioCompletion: AioCompletion::finalize() copied resulting 512 bytes to 0x7fb5a92d9200
2013-03-14 18:10:27.617977 7fb5876fd700 20 librbd: aio_read 0x7fb5a9162330 completion 0x7fb5a9289bf0 [638976,512]
2013-03-14 18:10:27.617990 7fb5876fd700 20 librbd: ictx_check 0x7fb5a9162330
2013-03-14 18:10:27.618001 7fb5876fd700 20 librbd: oid rb.0.1e1280.238e1f29.000000000000 638976~512 from [0,512]
2013-03-14 18:10:27.618009 7fb5876fd700 20 librbd::AioRequest: send 0x7fb5a92d83f0 rb.0.1e1280.238e1f29.000000000000 638976~512
2013-03-14 18:10:27.618033 7fb5876fd700 1 -- 172.16.156.135:0/1648258 --> 172.16.170.1:6800/1310 -- osd_op(client.2216705.0:146 rb.0.1e1280.238e1f29.000000000000 [sparse-read 638976~512] 2.dabde67b) v4 -- ?+0 0x7fb5a92d4880 con 0x7fb5a91668f0
2013-03-14 18:10:27.618072 7fb5876fd700 20 librbd::AioCompletion: AioCompletion::finish_adding_requests 0x7fb5a9289bf0 pending 1
2013-03-14 18:10:27.619688 7fb58ed64700 1 -- 172.16.156.135:0/1648258 <== osd.0 172.16.170.1:6800/1310 141 ==== osd_op_reply(146 rb.0.1e1280.238e1f29.000000000000 [sparse-read 638976~512] = 0) v4 ==== 132+0+536 (613308975 0 2392397585) 0x7fb5a92d4e90 con 0x7fb5a91668f0
2013-03-14 18:10:27.619743 7fb587fff700 20 librbd::AioRequest: should_complete 0x7fb5a92d83f0 rb.0.1e1280.238e1f29.000000000000 638976~512 r = 0
2013-03-14 18:10:27.619750 7fb587fff700 10 librbd::AioCompletion: C_AioRead::finish() 0x7fb5a92ab4b0 r = 0
2013-03-14 18:10:27.619751 7fb587fff700 10 librbd::AioCompletion: got {638976=512} for [0,512] bl 512
2013-03-14 18:10:27.619756 7fb587fff700 20 librbd::AioCompletion: AioCompletion::complete_request() 0x7fb5a9289bf0 complete_cb=0x7fb5a6fc7170 pending 1
2013-03-14 18:10:27.619758 7fb587fff700 20 librbd::AioCompletion: AioCompletion::finalize() 0x7fb5a9289bf0 rval 512 read_buf 0x7fb5a92d4400 read_bl 0
2013-03-14 18:10:27.619770 7fb587fff700 20 librbd::AioCompletion: AioCompletion::finalize() copied resulting 512 bytes to 0x7fb5a92d4400
2013-03-14 18:10:27.619895 7fb5876fd700 20 librbd: aio_read 0x7fb5a9162330 completion 0x7fb5a9289bf0 [639488,512]
2013-03-14 18:10:27.619906 7fb5876fd700 20 librbd: ictx_check 0x7fb5a9162330
2013-03-14 18:10:27.619914 7fb5876fd700 20 librbd: oid rb.0.1e1280.238e1f29.000000000000 639488~512 from [0,512]
2013-03-14 18:10:27.619920 7fb5876fd700 20 librbd::AioRequest: send 0x7fb5a92d9200 rb.0.1e1280.238e1f29.000000000000 639488~512
2013-03-14 18:10:27.619980 7fb5876fd700 1 -- 172.16.156.135:0/1648258 --> 172.16.170.1:6800/1310 -- osd_op(client.2216705.0:147 rb.0.1e1280.238e1f29.000000000000 [sparse-read 639488~512] 2.dabde67b) v4 -- ?+0 0x7fb5a92d5990 con 0x7fb5a91668f0
2013-03-14 18:10:27.620006 7fb5876fd700 20 librbd::AioCompletion: AioCompletion::finish_adding_requests 0x7fb5a9289bf0 pending 1
2013-03-14 18:10:27.621416 7fb58ed64700 1 -- 172.16.156.135:0/1648258 <== osd.0 172.16.170.1:6800/1310 142 ==== osd_op_reply(147 rb.0.1e1280.238e1f29.000000000000 [sparse-read 639488~512] = 0) v4 ==== 132+0+536 (1701992659 0 68526864) 0x7fb5a92de050 con 0x7fb5a91668f0
2013-03-14 18:10:27.621457 7fb587fff700 20 librbd::AioRequest: should_complete 0x7fb5a92d9200 rb.0.1e1280.238e1f29.000000000000 639488~512 r = 0
2013-03-14 18:10:27.621464 7fb587fff700 10 librbd::AioCompletion: C_AioRead::finish() 0x7fb5a926f170 r = 0
2013-03-14 18:10:27.621466 7fb587fff700 10 librbd::AioCompletion: got {639488=512} for [0,512] bl 512
2013-03-14 18:10:27.621472 7fb587fff700 20 librbd::AioCompletion: AioCompletion::complete_request() 0x7fb5a9289bf0 complete_cb=0x7fb5a6fc7170 pending 1
2013-03-14 18:10:27.621474 7fb587fff700 20 librbd::AioCompletion: AioCompletion::finalize() 0x7fb5a9289bf0 rval 512 read_buf 0x7fb5a92d5600 read_bl 0
2013-03-14 18:10:27.621477 7fb587fff700 20 librbd::AioCompletion: AioCompletion::finalize() copied resulting 512 bytes to 0x7fb5a92d5600
2013-03-14 18:10:27.621717 7fb5876fd700 20 librbd: aio_read 0x7fb5a9162330 completion 0x7fb5a9289bf0 [640000,512]
2013-03-14 18:10:27.621728 7fb5876fd700 20 librbd: ictx_check 0x7fb5a9162330
2013-03-14 18:10:27.621736 7fb5876fd700 20 librbd: oid rb.0.1e1280.238e1f29.000000000000 640000~512 from [0,512]
2013-03-14 18:10:27.621742 7fb5876fd700 20 librbd::AioRequest: send 0x7fb5a92d4830 rb.0.1e1280.238e1f29.000000000000 640000~512
2013-03-14 18:10:27.621760 7fb5876fd700 1 -- 172.16.156.135:0/1648258 --> 172.16.170.1:6800/1310 -- osd_op(client.2216705.0:148 rb.0.1e1280.238e1f29.000000000000 [sparse-read 640000~512] 2.dabde67b) v4 -- ?+0 0x7fb5a92d6990 con 0x7fb5a91668f0
2013-03-14 18:10:27.621774 7fb5876fd700 20 librbd::AioCompletion: AioCompletion::finish_adding_requests 0x7fb5a9289bf0 pending 1
2013-03-14 18:10:27.623027 7fb58ed64700 1 -- 172.16.156.135:0/1648258 <== osd.0 172.16.170.1:6800/1310 143 ==== osd_op_reply(148 rb.0.1e1280.238e1f29.000000000000 [sparse-read 640000~512] = 0) v4 ==== 132+0+536 (2809552855 0 3294325988) 0x7fb5a92d6fa0 con 0x7fb5a91668f0
2013-03-14 18:10:27.623086 7fb587fff700 20 librbd::AioRequest: should_complete 0x7fb5a92d4830 rb.0.1e1280.238e1f29.000000000000 640000~512 r = 0
2013-03-14 18:10:27.623102 7fb587fff700 10 librbd::AioCompletion: C_AioRead::finish() 0x7fb5a9263c40 r = 0
2013-03-14 18:10:27.623104 7fb587fff700 10 librbd::AioCompletion: got {640000=512} for [0,512] bl 512
2013-03-14 18:10:27.623109 7fb587fff700 20 librbd::AioCompletion: AioCompletion::complete_request() 0x7fb5a9289bf0 complete_cb=0x7fb5a6fc7170 pending 1
2013-03-14 18:10:27.623112 7fb587fff700 20 librbd::AioCompletion: AioCompletion::finalize() 0x7fb5a9289bf0 rval 512 read_buf 0x7fb5a92d6600 read_bl 0
2013-03-14 18:10:27.623116 7fb587fff700 20 librbd::AioCompletion: AioCompletion::finalize() copied resulting 512 bytes to 0x7fb5a92d6600
2013-03-14 18:10:27.623283 7fb5876fd700 20 librbd: aio_read 0x7fb5a9162330 completion 0x7fb5a9289bf0 [640512,512]
2013-03-14 18:10:27.623294 7fb5876fd700 20 librbd: ictx_check 0x7fb5a9162330
2013-03-14 18:10:27.623302 7fb5876fd700 20 librbd: oid rb.0.1e1280.238e1f29.000000000000 640512~512 from [0,512]
2013-03-14 18:10:27.623307 7fb5876fd700 20 librbd::AioRequest: send 0x7fb5a92d58e0 rb.0.1e1280.238e1f29.000000000000 640512~512
2013-03-14 18:10:27.623325 7fb5876fd700 1 -- 172.16.156.135:0/1648258 --> 172.16.170.1:6800/1310 -- osd_op(client.2216705.0:149 rb.0.1e1280.238e1f29.000000000000 [sparse-read 640512~512] 2.dabde67b) v4 -- ?+0 0x7fb5a92d7990 con 0x7fb5a91668f0
2013-03-14 18:10:27.623339 7fb5876fd700 20 librbd::AioCompletion: AioCompletion::finish_adding_requests 0x7fb5a9289bf0 pending 1
2013-03-14 18:10:27.624466 7fb58ed64700 1 -- 172.16.156.135:0/1648258 <== osd.0 172.16.170.1:6800/1310 144 ==== osd_op_reply(149 rb.0.1e1280.238e1f29.000000000000 [sparse-read 640512~512] = 0) v4 ==== 132+0+536 (3867827499 0 3500083951) 0x7fb5a92da090 con 0x7fb5a91668f0
2013-03-14 18:10:27.624525 7fb587fff700 20 librbd::AioRequest: should_complete 0x7fb5a92d58e0 rb.0.1e1280.238e1f29.000000000000 640512~512 r = 0
2013-03-14 18:10:27.624537 7fb587fff700 10 librbd::AioCompletion: C_AioRead::finish() 0x7fb5a9269680 r = 0
2013-03-14 18:10:27.624540 7fb587fff700 10 librbd::AioCompletion: got {640512=512} for [0,512] bl 512
2013-03-14 18:10:27.624549 7fb587fff700 20 librbd::AioCompletion: AioCompletion::complete_request() 0x7fb5a9289bf0 complete_cb=0x7fb5a6fc7170 pending 1
2013-03-14 18:10:27.624552 7fb587fff700 20 librbd::AioCompletion: AioCompletion::finalize() 0x7fb5a9289bf0 rval 512 read_buf 0x7fb5a92d7600 read_bl 0
2013-03-14 18:10:27.624557 7fb587fff700 20 librbd::AioCompletion: AioCompletion::finalize() copied resulting 512 bytes to 0x7fb5a92d7600
2013-03-14 18:10:27.624824 7fb5876fd700 20 librbd: aio_read 0x7fb5a9162330 completion 0x7fb5a9289bf0 [641024,512]
2013-03-14 18:10:27.624835 7fb5876fd700 20 librbd: ictx_check 0x7fb5a9162330
2013-03-14 18:10:27.624843 7fb5876fd700 20 librbd: oid rb.0.1e1280.238e1f29.000000000000 641024~512 from [0,512]
2013-03-14 18:10:27.624848 7fb5876fd700 20 librbd::AioRequest: send 0x7fb5a92d7570 rb.0.1e1280.238e1f29.000000000000 641024~512
2013-03-14 18:10:27.624866 7fb5876fd700 1 -- 172.16.156.135:0/1648258 --> 172.16.170.1:6800/1310 -- osd_op(client.2216705.0:150 rb.0.1e1280.238e1f29.000000000000 [sparse-read 641024~512] 2.dabde67b) v4 -- ?+0 0x7fb5a92dea80 con 0x7fb5a91668f0
2013-03-14 18:10:27.624881 7fb5876fd700 20 librbd::AioCompletion: AioCompletion::finish_adding_requests 0x7fb5a9289bf0 pending 1
2013-03-14 18:10:27.625899 7fb58ed64700 1 -- 172.16.156.135:0/1648258 <== osd.0 172.16.170.1:6800/1310 145 ==== osd_op_reply(150 rb.0.1e1280.238e1f29.000000000000 [sparse-read 641024~512] = 0) v4 ==== 132+0+536 (647112494 0 2973782655) 0x7fb5a92df090 con 0x7fb5a91668f0
2013-03-14 18:10:27.625955 7fb587fff700 20 librbd::AioRequest: should_complete 0x7fb5a92d7570 rb.0.1e1280.238e1f29.000000000000 641024~512 r = 0
2013-03-14 18:10:27.625966 7fb587fff700 10 librbd::AioCompletion: C_AioRead::finish() 0x7fb5a926daf0 r = 0
2013-03-14 18:10:27.625968 7fb587fff700 10 librbd::AioCompletion: got {641024=512} for [0,512] bl 512
2013-03-14 18:10:27.625974 7fb587fff700 20 librbd::AioCompletion: AioCompletion::complete_request() 0x7fb5a9289bf0 complete_cb=0x7fb5a6fc7170 pending 1
2013-03-14 18:10:27.625977 7fb587fff700 20 librbd::AioCompletion: AioCompletion::finalize() 0x7fb5a9289bf0 rval 512 read_buf 0x7fb5a92de600 read_bl 0
2013-03-14 18:10:27.625982 7fb587fff700 20 librbd::AioCompletion: AioCompletion::finalize() copied resulting 512 bytes to 0x7fb5a92de600
2013-03-14 18:10:27.626120 7fb5876fd700 20 librbd: aio_read 0x7fb5a9162330 completion 0x7fb5a9289bf0 [641536,512]
2013-03-14 18:10:27.626132 7fb5876fd700 20 librbd: ictx_check 0x7fb5a9162330
2013-03-14 18:10:27.626140 7fb5876fd700 20 librbd: oid rb.0.1e1280.238e1f29.000000000000 641536~512 from [0,512]
2013-03-14 18:10:27.626146 7fb5876fd700 20 librbd::AioRequest: send 0x7fb5a92de5e0 rb.0.1e1280.238e1f29.000000000000 641536~512
2013-03-14 18:10:27.626165 7fb5876fd700 1 -- 172.16.156.135:0/1648258 --> 172.16.170.1:6800/1310 -- osd_op(client.2216705.0:151 rb.0.1e1280.238e1f29.000000000000 [sparse-read 641536~512] 2.dabde67b) v4 -- ?+0 0x7fb5a92dfc00 con 0x7fb5a91668f0
2013-03-14 18:10:27.626180 7fb5876fd700 20 librbd::AioCompletion: AioCompletion::finish_adding_requests 0x7fb5a9289bf0 pending 1
2013-03-14 18:10:27.627290 7fb58ed64700 1 -- 172.16.156.135:0/1648258 <== osd.0 172.16.170.1:6800/1310 146 ==== osd_op_reply(151 rb.0.1e1280.238e1f29.000000000000 [sparse-read 641536~512] = 0) v4 ==== 132+0+536 (1735271890 0 2487890967) 0x7fb5a92da1e0 con 0x7fb5a91668f0
2013-03-14 18:10:27.627348 7fb587fff700 20 librbd::AioRequest: should_complete 0x7fb5a92de5e0 rb.0.1e1280.238e1f29.000000000000 641536~512 r = 0
2013-03-14 18:10:27.627360 7fb587fff700 10 librbd::AioCompletion: C_AioRead::finish() 0x7fb5a92c7ea0 r = 0
2013-03-14 18:10:27.627362 7fb587fff700 10 librbd::AioCompletion: got {641536=512} for [0,512] bl 512
2013-03-14 18:10:27.627368 7fb587fff700 20 librbd::AioCompletion: AioCompletion::complete_request() 0x7fb5a9289bf0 complete_cb=0x7fb5a6fc7170 pending 1
2013-03-14 18:10:27.627371 7fb587fff700 20 librbd::AioCompletion: AioCompletion::finalize() 0x7fb5a9289bf0 rval 512 read_buf 0x7fb5a92df600 read_bl 0
2013-03-14 18:10:27.627375 7fb587fff700 20 librbd::AioCompletion: AioCompletion::finalize() copied resulting 512 bytes to 0x7fb5a92df600
2013-03-14 18:10:27.627570 7fb5876fd700 20 librbd: aio_read 0x7fb5a9162330 completion 0x7fb5a9289bf0 [642048,512]
2013-03-14 18:10:27.627583 7fb5876fd700 20 librbd: ictx_check 0x7fb5a9162330
2013-03-14 18:10:27.627591 7fb5876fd700 20 librbd: oid rb.0.1e1280.238e1f29.000000000000 642048~512 from [0,512]
2013-03-14 18:10:27.627614 7fb5876fd700 20 librbd::AioRequest: send 0x7fb5a92dfc00 rb.0.1e1280.238e1f29.000000000000 642048~512
2013-03-14 18:10:27.627632 7fb5876fd700 1 -- 172.16.156.135:0/1648258 --> 172.16.170.1:6800/1310 -- osd_op(client.2216705.0:152 rb.0.1e1280.238e1f29.000000000000 [sparse-read 642048~512] 2.dabde67b) v4 -- ?+0 0x7fb5a92dae00 con 0x7fb5a91668f0
2013-03-14 18:10:27.627646 7fb5876fd700 20 librbd::AioCompletion: AioCompletion::finish_adding_requests 0x7fb5a9289bf0 pending 1
2013-03-14 18:10:27.628685 7fb58ed64700 1 -- 172.16.156.135:0/1648258 <== osd.0 172.16.170.1:6800/1310 147 ==== osd_op_reply(152 rb.0.1e1280.238e1f29.000000000000 [sparse-read 642048~512] = 0) v4 ==== 132+0+536 (2775196374 0 935817793) 0x7fb5a92e4050 con 0x7fb5a91668f0
2013-03-14 18:10:27.628743 7fb587fff700 20 librbd::AioRequest: should_complete 0x7fb5a92dfc00 rb.0.1e1280.238e1f29.000000000000 642048~512 r = 0
2013-03-14 18:10:27.628756 7fb587fff700 10 librbd::AioCompletion: C_AioRead::finish() 0x7fb5a9273880 r = 0
2013-03-14 18:10:27.628759 7fb587fff700 10 librbd::AioCompletion: got {642048=512} for [0,512] bl 512
2013-03-14 18:10:27.628777 7fb587fff700 20 librbd::AioCompletion: AioCompletion::complete_request() 0x7fb5a9289bf0 complete_cb=0x7fb5a6fc7170 pending 1
2013-03-14 18:10:27.628783 7fb587fff700 20 librbd::AioCompletion: AioCompletion::finalize() 0x7fb5a9289bf0 rval 512 read_buf 0x7fb5a92da800 read_bl 0
2013-03-14 18:10:27.628788 7fb587fff700 20 librbd::AioCompletion: AioCompletion::finalize() copied resulting 512 bytes to 0x7fb5a92da800
2013-03-14 18:10:27.629015 7fb5876fd700 20 librbd: aio_read 0x7fb5a9162330 completion 0x7fb5a9289bf0 [642560,512]
2013-03-14 18:10:27.629026 7fb5876fd700 20 librbd: ictx_check 0x7fb5a9162330
2013-03-14 18:10:27.629034 7fb5876fd700 20 librbd: oid rb.0.1e1280.238e1f29.000000000000 642560~512 from [0,512]
2013-03-14 18:10:27.629039 7fb5876fd700 20 librbd::AioRequest: send 0x7fb5a92dae00 rb.0.1e1280.238e1f29.000000000000 642560~512
2013-03-14 18:10:27.629058 7fb5876fd700 1 -- 172.16.156.135:0/1648258 --> 172.16.170.1:6800/1310 -- osd_op(client.2216705.0:153 rb.0.1e1280.238e1f29.000000000000 [sparse-read 642560~512] 2.dabde67b) v4 -- ?+0 0x7fb5a92dbb90 con 0x7fb5a91668f0
2013-03-14 18:10:27.629072 7fb5876fd700 20 librbd::AioCompletion: AioCompletion::finish_adding_requests 0x7fb5a9289bf0 pending 1
2013-03-14 18:10:27.630095 7fb58ed64700 1 -- 172.16.156.135:0/1648258 <== osd.0 172.16.170.1:6800/1310 148 ==== osd_op_reply(153 rb.0.1e1280.238e1f29.000000000000 [sparse-read 642560~512] = 0) v4 ==== 132+0+536 (3835043882 0 3824621750) 0x7fb5a92dc1a0 con 0x7fb5a91668f0
2013-03-14 18:10:27.630157 7fb587fff700 20 librbd::AioRequest: should_complete 0x7fb5a92dae00 rb.0.1e1280.238e1f29.000000000000 642560~512 r = 0
2013-03-14 18:10:27.630168 7fb587fff700 10 librbd::AioCompletion: C_AioRead::finish() 0x7fb5a9279ba0 r = 0
2013-03-14 18:10:27.630170 7fb587fff700 10 librbd::AioCompletion: got {642560=512} for [0,512] bl 512
2013-03-14 18:10:27.630177 7fb587fff700 20 librbd::AioCompletion: AioCompletion::complete_request() 0x7fb5a9289bf0 complete_cb=0x7fb5a6fc7170 pending 1
2013-03-14 18:10:27.630180 7fb587fff700 20 librbd::AioCompletion: AioCompletion::finalize() 0x7fb5a9289bf0 rval 512 read_buf 0x7fb5a92db800 read_bl 0
2013-03-14 18:10:27.630185 7fb587fff700 20 librbd::AioCompletion: AioCompletion::finalize() copied resulting 512 bytes to 0x7fb5a92db800
2013-03-14 18:10:27.630345 7fb5876fd700 20 librbd: aio_read 0x7fb5a9162330 completion 0x7fb5a9289bf0 [643072,512]
2013-03-14 18:10:27.630355 7fb5876fd700 20 librbd: ictx_check 0x7fb5a9162330
2013-03-14 18:10:27.630363 7fb5876fd700 20 librbd: oid rb.0.1e1280.238e1f29.000000000000 643072~512 from [0,512]
2013-03-14 18:10:27.630368 7fb5876fd700 20 librbd::AioRequest: send 0x7fb5a92da7b0 rb.0.1e1280.238e1f29.000000000000 643072~512
2013-03-14 18:10:27.630393 7fb5876fd700 1 -- 172.16.156.135:0/1648258 --> 172.16.170.1:6800/1310 -- osd_op(client.2216705.0:154 rb.0.1e1280.238e1f29.000000000000 [sparse-read 643072~512] 2.dabde67b) v4 -- ?+0 0x7fb5a92dcdb0 con 0x7fb5a91668f0
2013-03-14 18:10:27.630408 7fb5876fd700 20 librbd::AioCompletion: AioCompletion::finish_adding_requests 0x7fb5a9289bf0 pending 1
2013-03-14 18:10:27.631524 7fb58ed64700 1 -- 172.16.156.135:0/1648258 <== osd.0 172.16.170.1:6800/1310 149 ==== osd_op_reply(154 rb.0.1e1280.238e1f29.000000000000 [sparse-read 643072~512] = 0) v4 ==== 132+0+536 (548839469 0 1894759129) 0x7fb5a92dd3c0 con 0x7fb5a91668f0
2013-03-14 18:10:27.631567 7fb587fff700 20 librbd::AioRequest: should_complete 0x7fb5a92da7b0 rb.0.1e1280.238e1f29.000000000000 643072~512 r = 0
2013-03-14 18:10:27.631578 7fb587fff700 10 librbd::AioCompletion: C_AioRead::finish() 0x7fb5a924b020 r = 0
2013-03-14 18:10:27.631580 7fb587fff700 10 librbd::AioCompletion: got {643072=512} for [0,512] bl 512
2013-03-14 18:10:27.631585 7fb587fff700 20 librbd::AioCompletion: AioCompletion::complete_request() 0x7fb5a9289bf0 complete_cb=0x7fb5a6fc7170 pending 1
2013-03-14 18:10:27.631587 7fb587fff700 20 librbd::AioCompletion: AioCompletion::finalize() 0x7fb5a9289bf0 rval 512 read_buf 0x7fb5a92dca00 read_bl 0
2013-03-14 18:10:27.631590 7fb587fff700 20 librbd::AioCompletion: AioCompletion::finalize() copied resulting 512 bytes to 0x7fb5a92dca00
2013-03-14 18:10:27.631770 7fb5876fd700 20 librbd: aio_read 0x7fb5a9162330 completion 0x7fb5a9289bf0 [643584,512]
2013-03-14 18:10:27.631780 7fb5876fd700 20 librbd: ictx_check 0x7fb5a9162330
2013-03-14 18:10:27.631788 7fb5876fd700 20 librbd: oid rb.0.1e1280.238e1f29.000000000000 643584~512 from [0,512]
2013-03-14 18:10:27.631792 7fb5876fd700 20 librbd::AioRequest: send 0x7fb5a92dc990 rb.0.1e1280.238e1f29.000000000000 643584~512
2013-03-14 18:10:27.631810 7fb5876fd700 1 -- 172.16.156.135:0/1648258 --> 172.16.170.1:6800/1310 -- osd_op(client.2216705.0:155 rb.0.1e1280.238e1f29.000000000000 [sparse-read 643584~512] 2.dabde67b) v4 -- ?+0 0x7fb5a92ddc80 con 0x7fb5a91668f0
2013-03-14 18:10:27.631825 7fb5876fd700 20 librbd::AioCompletion: AioCompletion::finish_adding_requests 0x7fb5a9289bf0 pending 1
2013-03-14 18:10:27.632863 7fb58ed64700 1 -- 172.16.156.135:0/1648258 <== osd.0 172.16.170.1:6800/1310 150 ==== osd_op_reply(155 rb.0.1e1280.238e1f29.000000000000 [sparse-read 643584~512] = 0) v4 ==== 132+0+536 (1632281297 0 4292101120) 0x7fb5a92e0380 con 0x7fb5a91668f0
2013-03-14 18:10:27.632922 7fb587fff700 20 librbd::AioRequest: should_complete 0x7fb5a92dc990 rb.0.1e1280.238e1f29.000000000000 643584~512 r = 0
2013-03-14 18:10:27.632933 7fb587fff700 10 librbd::AioCompletion: C_AioRead::finish() 0x7fb5a92c1db0 r = 0
2013-03-14 18:10:27.632935 7fb587fff700 10 librbd::AioCompletion: got {643584=512} for [0,512] bl 512
2013-03-14 18:10:27.632943 7fb587fff700 20 librbd::AioCompletion: AioCompletion::complete_request() 0x7fb5a9289bf0 complete_cb=0x7fb5a6fc7170 pending 1
2013-03-14 18:10:27.632948 7fb587fff700 20 librbd::AioCompletion: AioCompletion::finalize() 0x7fb5a9289bf0 rval 512 read_buf 0x7fb5a92dd800 read_bl 0
2013-03-14 18:10:27.632952 7fb587fff700 20 librbd::AioCompletion: AioCompletion::finalize() copied resulting 512 bytes to 0x7fb5a92dd800
2013-03-14 18:10:27.633098 7fb5876fd700 20 librbd: aio_read 0x7fb5a9162330 completion 0x7fb5a9289bf0 [644096,512]
2013-03-14 18:10:27.633109 7fb5876fd700 20 librbd: ictx_check 0x7fb5a9162330
2013-03-14 18:10:27.633117 7fb5876fd700 20 librbd: oid rb.0.1e1280.238e1f29.000000000000 644096~512 from [0,512]
2013-03-14 18:10:27.633123 7fb5876fd700 20 librbd::AioRequest: send 0x7fb5a92dd800 rb.0.1e1280.238e1f29.000000000000 644096~512
2013-03-14 18:10:27.633143 7fb5876fd700 1 -- 172.16.156.135:0/1648258 --> 172.16.170.1:6800/1310 -- osd_op(client.2216705.0:156 rb.0.1e1280.238e1f29.000000000000 [sparse-read 644096~512] 2.dabde67b) v4 -- ?+0 0x7fb5a92e4a00 con 0x7fb5a91668f0
2013-03-14 18:10:27.633157 7fb5876fd700 20 librbd::AioCompletion: AioCompletion::finish_adding_requests 0x7fb5a9289bf0 pending 1
2013-03-14 18:10:27.634468 7fb58ed64700 1 -- 172.16.156.135:0/1648258 <== osd.0 172.16.170.1:6800/1310 151 ==== osd_op_reply(156 rb.0.1e1280.238e1f29.000000000000 [sparse-read 644096~512] = 0) v4 ==== 132+0+536 (2739840469 0 1841712529) 0x7fb5a92e5010 con 0x7fb5a91668f0
2013-03-14 18:10:27.634521 7fb587fff700 20 librbd::AioRequest: should_complete 0x7fb5a92dd800 rb.0.1e1280.238e1f29.000000000000 644096~512 r = 0
2013-03-14 18:10:27.634531 7fb587fff700 10 librbd::AioCompletion: C_AioRead::finish() 0x7fb5a92760f0 r = 0
2013-03-14 18:10:27.634536 7fb587fff700 10 librbd::AioCompletion: got {644096=512} for [0,512] bl 512
2013-03-14 18:10:27.634545 7fb587fff700 20 librbd::AioCompletion: AioCompletion::complete_request() 0x7fb5a9289bf0 complete_cb=0x7fb5a6fc7170 pending 1
2013-03-14 18:10:27.634548 7fb587fff700 20 librbd::AioCompletion: AioCompletion::finalize() 0x7fb5a9289bf0 rval 512 read_buf 0x7fb5a92e4600 read_bl 0
2013-03-14 18:10:27.634553 7fb587fff700 20 librbd::AioCompletion: AioCompletion::finalize() copied resulting 512 bytes to 0x7fb5a92e4600
2013-03-14 18:10:27.634736 7fb5876fd700 20 librbd: aio_read 0x7fb5a9162330 completion 0x7fb5a9289bf0 [644608,512]
2013-03-14 18:10:27.634750 7fb5876fd700 20 librbd: ictx_check 0x7fb5a9162330
2013-03-14 18:10:27.634757 7fb5876fd700 20 librbd: oid rb.0.1e1280.238e1f29.000000000000 644608~512 from [0,512]
2013-03-14 18:10:27.634762 7fb5876fd700 20 librbd::AioRequest: send 0x7fb5a92dc990 rb.0.1e1280.238e1f29.000000000000 644608~512
2013-03-14 18:10:27.634780 7fb5876fd700 1 -- 172.16.156.135:0/1648258 --> 172.16.170.1:6800/1310 -- osd_op(client.2216705.0:157 rb.0.1e1280.238e1f29.000000000000 [sparse-read 644608~512] 2.dabde67b) v4 -- ?+0 0x7fb5a92e5a80 con 0x7fb5a91668f0
2013-03-14 18:10:27.634794 7fb5876fd700 20 librbd::AioCompletion: AioCompletion::finish_adding_requests 0x7fb5a9289bf0 pending 1
2013-03-14 18:10:27.635811 7fb58ed64700 1 -- 172.16.156.135:0/1648258 <== osd.0 172.16.170.1:6800/1310 152 ==== osd_op_reply(157 rb.0.1e1280.238e1f29.000000000000 [sparse-read 644608~512] = 0) v4 ==== 132+0+536 (3803359017 0 475474226) 0x7fb5a92e0450 con 0x7fb5a91668f0
2013-03-14 18:10:27.635859 7fb587fff700 20 librbd::AioRequest: should_complete 0x7fb5a92dc990 rb.0.1e1280.238e1f29.000000000000 644608~512 r = 0
2013-03-14 18:10:27.635866 7fb587fff700 10 librbd::AioCompletion: C_AioRead::finish() 0x7fb5a928bfe0 r = 0
2013-03-14 18:10:27.635868 7fb587fff700 10 librbd::AioCompletion: got {644608=512} for [0,512] bl 512
2013-03-14 18:10:27.635874 7fb587fff700 20 librbd::AioCompletion: AioCompletion::complete_request() 0x7fb5a9289bf0 complete_cb=0x7fb5a6fc7170 pending 1
2013-03-14 18:10:27.635878 7fb587fff700 20 librbd::AioCompletion: AioCompletion::finalize() 0x7fb5a9289bf0 rval 512 read_buf 0x7fb5a92e5600 read_bl 0
2013-03-14 18:10:27.635883 7fb587fff700 20 librbd::AioCompletion: AioCompletion::finalize() copied resulting 512 bytes to 0x7fb5a92e5600
2013-03-14 18:10:27.636016 7fb5876fd700 20 librbd: aio_read 0x7fb5a9162330 completion 0x7fb5a9289bf0 [645120,512]
2013-03-14 18:10:27.636026 7fb5876fd700 20 librbd: ictx_check 0x7fb5a9162330
2013-03-14 18:10:27.636034 7fb5876fd700 20 librbd: oid rb.0.1e1280.238e1f29.000000000000 645120~512 from [0,512]
2013-03-14 18:10:27.636039 7fb5876fd700 20 librbd::AioRequest: send 0x7fb5a92e5a80 rb.0.1e1280.238e1f29.000000000000 645120~512
2013-03-14 18:10:27.636057 7fb5876fd700 1 -- 172.16.156.135:0/1648258 --> 172.16.170.1:6800/1310 -- osd_op(client.2216705.0:158 rb.0.1e1280.238e1f29.000000000000 [sparse-read 645120~512] 2.dabde67b) v4 -- ?+0 0x7fb5a92e0e80 con 0x7fb5a91668f0
2013-03-14 18:10:27.636071 7fb5876fd700 20 librbd::AioCompletion: AioCompletion::finish_adding_requests 0x7fb5a9289bf0 pending 1
2013-03-14 18:10:27.637064 7fb58ed64700 1 -- 172.16.156.135:0/1648258 <== osd.0 172.16.170.1:6800/1310 153 ==== osd_op_reply(158 rb.0.1e1280.238e1f29.000000000000 [sparse-read 645120~512] = 0) v4 ==== 132+0+536 (581623084 0 3594981856) 0x7fb5a92ea050 con 0x7fb5a91668f0
2013-03-14 18:10:27.637110 7fb587fff700 20 librbd::AioRequest: should_complete 0x7fb5a92e5a80 rb.0.1e1280.238e1f29.000000000000 645120~512 r = 0
2013-03-14 18:10:27.637119 7fb587fff700 10 librbd::AioCompletion: C_AioRead::finish() 0x7fb5a92906b0 r = 0
2013-03-14 18:10:27.637121 7fb587fff700 10 librbd::AioCompletion: got {645120=512} for [0,512] bl 512
2013-03-14 18:10:27.637127 7fb587fff700 20 librbd::AioCompletion: AioCompletion::complete_request() 0x7fb5a9289bf0 complete_cb=0x7fb5a6fc7170 pending 1
2013-03-14 18:10:27.637131 7fb587fff700 20 librbd::AioCompletion: AioCompletion::finalize() 0x7fb5a9289bf0 rval 512 read_buf 0x7fb5a92e0a00 read_bl 0
2013-03-14 18:10:27.637135 7fb587fff700 20 librbd::AioCompletion: AioCompletion::finalize() copied resulting 512 bytes to 0x7fb5a92e0a00
2013-03-14 18:10:27.637305 7fb5876fd700 20 librbd: aio_read 0x7fb5a9162330 completion 0x7fb5a9289bf0 [645632,512]
2013-03-14 18:10:27.637316 7fb5876fd700 20 librbd: ictx_check 0x7fb5a9162330
2013-03-14 18:10:27.637324 7fb5876fd700 20 librbd: oid rb.0.1e1280.238e1f29.000000000000 645632~512 from [0,512]
2013-03-14 18:10:27.637329 7fb5876fd700 20 librbd::AioRequest: send 0x7fb5a92e45e0 rb.0.1e1280.238e1f29.000000000000 645632~512
2013-03-14 18:10:27.637347 7fb5876fd700 1 -- 172.16.156.135:0/1648258 --> 172.16.170.1:6800/1310 -- osd_op(client.2216705.0:159 rb.0.1e1280.238e1f29.000000000000 [sparse-read 645632~512] 2.dabde67b) v4 -- ?+0 0x7fb5a92e1d90 con 0x7fb5a91668f0
2013-03-14 18:10:27.637360 7fb5876fd700 20 librbd::AioCompletion: AioCompletion::finish_adding_requests 0x7fb5a9289bf0 pending 1
2013-03-14 18:10:27.638416 7fb58ed64700 1 -- 172.16.156.135:0/1648258 <== osd.0 172.16.170.1:6800/1310 154 ==== osd_op_reply(159 rb.0.1e1280.238e1f29.000000000000 [sparse-read 645632~512] = 0) v4 ==== 132+0+536 (1666637776 0 3344805259) 0x7fb5a92e23a0 con 0x7fb5a91668f0
2013-03-14 18:10:27.638476 7fb587fff700 20 librbd::AioRequest: should_complete 0x7fb5a92e45e0 rb.0.1e1280.238e1f29.000000000000 645632~512 r = 0
2013-03-14 18:10:27.638487 7fb587fff700 10 librbd::AioCompletion: C_AioRead::finish() 0x7fb5a92702d0 r = 0
2013-03-14 18:10:27.638490 7fb587fff700 10 librbd::AioCompletion: got {645632=512} for [0,512] bl 512
2013-03-14 18:10:27.638496 7fb587fff700 20 librbd::AioCompletion: AioCompletion::complete_request() 0x7fb5a9289bf0 complete_cb=0x7fb5a6fc7170 pending 1
2013-03-14 18:10:27.638499 7fb587fff700 20 librbd::AioCompletion: AioCompletion::finalize() 0x7fb5a9289bf0 rval 512 read_buf 0x7fb5a92e1a00 read_bl 0
2013-03-14 18:10:27.638504 7fb587fff700 20 librbd::AioCompletion: AioCompletion::finalize() copied resulting 512 bytes to 0x7fb5a92e1a00
2013-03-14 18:10:27.638648 7fb5876fd700 20 librbd: aio_read 0x7fb5a9162330 completion 0x7fb5a9289bf0 [646144,512]
2013-03-14 18:10:27.638660 7fb5876fd700 20 librbd: ictx_check 0x7fb5a9162330
2013-03-14 18:10:27.638667 7fb5876fd700 20 librbd: oid rb.0.1e1280.238e1f29.000000000000 646144~512 from [0,512]
2013-03-14 18:10:27.638673 7fb5876fd700 20 librbd::AioRequest: send 0x7fb5a92e0950 rb.0.1e1280.238e1f29.000000000000 646144~512
2013-03-14 18:10:27.638691 7fb5876fd700 1 -- 172.16.156.135:0/1648258 --> 172.16.170.1:6800/1310 -- osd_op(client.2216705.0:160 rb.0.1e1280.238e1f29.000000000000 [sparse-read 646144~512] 2.dabde67b) v4 -- ?+0 0x7fb5a92e2e30 con 0x7fb5a91668f0
2013-03-14 18:10:27.638705 7fb5876fd700 20 librbd::AioCompletion: AioCompletion::finish_adding_requests 0x7fb5a9289bf0 pending 1
2013-03-14 18:10:27.639728 7fb58ed64700 1 -- 172.16.156.135:0/1648258 <== osd.0 172.16.170.1:6800/1310 155 ==== osd_op_reply(160 rb.0.1e1280.238e1f29.000000000000 [sparse-read 646144~512] = 0) v4 ==== 132+0+536 (2706561236 0 1142319306) 0x7fb5a92e3440 con 0x7fb5a91668f0
2013-03-14 18:10:27.639777 7fb587fff700 20 librbd::AioRequest: should_complete 0x7fb5a92e0950 rb.0.1e1280.238e1f29.000000000000 646144~512 r = 0
2013-03-14 18:10:27.639789 7fb587fff700 10 librbd::AioCompletion: C_AioRead::finish() 0x7fb5a92a0ad0 r = 0
2013-03-14 18:10:27.639791 7fb587fff700 10 librbd::AioCompletion: got {646144=512} for [0,512] bl 512
2013-03-14 18:10:27.639797 7fb587fff700 20 librbd::AioCompletion: AioCompletion::complete_request() 0x7fb5a9289bf0 complete_cb=0x7fb5a6fc7170 pending 1
2013-03-14 18:10:27.639800 7fb587fff700 20 librbd::AioCompletion: AioCompletion::finalize() 0x7fb5a9289bf0 rval 512 read_buf 0x7fb5a92e2c00 read_bl 0
2013-03-14 18:10:27.639804 7fb587fff700 20 librbd::AioCompletion: AioCompletion::finalize() copied resulting 512 bytes to 0x7fb5a92e2c00
2013-03-14 18:10:27.640014 7fb5876fd700 20 librbd: aio_read 0x7fb5a9162330 completion 0x7fb5a9289bf0 [646656,512]
2013-03-14 18:10:27.640025 7fb5876fd700 20 librbd: ictx_check 0x7fb5a9162330
2013-03-14 18:10:27.640033 7fb5876fd700 20 librbd: oid rb.0.1e1280.238e1f29.000000000000 646656~512 from [0,512]
2013-03-14 18:10:27.640038 7fb5876fd700 20 librbd::AioRequest: send 0x7fb5a92e55e0 rb.0.1e1280.238e1f29.000000000000 646656~512
2013-03-14 18:10:27.640055 7fb5876fd700 1 -- 172.16.156.135:0/1648258 --> 172.16.170.1:6800/1310 -- osd_op(client.2216705.0:161 rb.0.1e1280.238e1f29.000000000000 [sparse-read 646656~512] 2.dabde67b) v4 -- ?+0 0x7fb5a92e3d30 con 0x7fb5a91668f0
2013-03-14 18:10:27.640069 7fb5876fd700 20 librbd::AioCompletion: AioCompletion::finish_adding_requests 0x7fb5a9289bf0 pending 1
2013-03-14 18:10:27.641039 7fb58ed64700 1 -- 172.16.156.135:0/1648258 <== osd.0 172.16.170.1:6800/1310 156 ==== osd_op_reply(161 rb.0.1e1280.238e1f29.000000000000 [sparse-read 646656~512] = 0) v4 ==== 132+0+536 (3769555496 0 1382320621) 0x7fb5a92e6380 con 0x7fb5a91668f0
2013-03-14 18:10:27.641082 7fb587fff700 20 librbd::AioRequest: should_complete 0x7fb5a92e55e0 rb.0.1e1280.238e1f29.000000000000 646656~512 r = 0
2013-03-14 18:10:27.641090 7fb587fff700 10 librbd::AioCompletion: C_AioRead::finish() 0x7fb5a92b2ed0 r = 0
2013-03-14 18:10:27.641092 7fb587fff700 10 librbd::AioCompletion: got {646656=512} for [0,512] bl 512
2013-03-14 18:10:27.641098 7fb587fff700 20 librbd::AioCompletion: AioCompletion::complete_request() 0x7fb5a9289bf0 complete_cb=0x7fb5a6fc7170 pending 1
2013-03-14 18:10:27.641100 7fb587fff700 20 librbd::AioCompletion: AioCompletion::finalize() 0x7fb5a9289bf0 rval 512 read_buf 0x7fb5a92e2c00 read_bl 0
2013-03-14 18:10:27.641104 7fb587fff700 20 librbd::AioCompletion: AioCompletion::finalize() copied resulting 512 bytes to 0x7fb5a92e2c00
2013-03-14 18:10:27.641316 7fb5876fd700 20 librbd: aio_read 0x7fb5a9162330 completion 0x7fb5a9289bf0 [647168,512]
2013-03-14 18:10:27.641328 7fb5876fd700 20 librbd: ictx_check 0x7fb5a9162330
2013-03-14 18:10:27.641337 7fb5876fd700 20 librbd: oid rb.0.1e1280.238e1f29.000000000000 647168~512 from [0,512]
2013-03-14 18:10:27.641342 7fb5876fd700 20 librbd::AioRequest: send 0x7fb5a92e3e00 rb.0.1e1280.238e1f29.000000000000 647168~512
2013-03-14 18:10:27.641358 7fb5876fd700 1 -- 172.16.156.135:0/1648258 --> 172.16.170.1:6800/1310 -- osd_op(client.2216705.0:162 rb.0.1e1280.238e1f29.000000000000 [sparse-read 647168~512] 2.dabde67b) v4 -- ?+0 0x7fb5a92eaa50 con 0x7fb5a91668f0
2013-03-14 18:10:27.641372 7fb5876fd700 20 librbd::AioCompletion: AioCompletion::finish_adding_requests 0x7fb5a9289bf0 pending 1
2013-03-14 18:10:27.642346 7fb58ed64700 1 -- 172.16.156.135:0/1648258 <== osd.0 172.16.170.1:6800/1310 157 ==== osd_op_reply(162 rb.0.1e1280.238e1f29.000000000000 [sparse-read 647168~512] = 0) v4 ==== 132+0+536 (754953771 0 2557873537) 0x7fb5a92eb060 con 0x7fb5a91668f0
2013-03-14 18:10:27.642442 7fb587fff700 20 librbd::AioRequest: should_complete 0x7fb5a92e3e00 rb.0.1e1280.238e1f29.000000000000 647168~512 r = 0
2013-03-14 18:10:27.642454 7fb587fff700 10 librbd::AioCompletion: C_AioRead::finish() 0x7fb5a92bac80 r = 0
2013-03-14 18:10:27.642457 7fb587fff700 10 librbd::AioCompletion: got {647168=512} for [0,512] bl 512
2013-03-14 18:10:27.642464 7fb587fff700 20 librbd::AioCompletion: AioCompletion::complete_request() 0x7fb5a9289bf0 complete_cb=0x7fb5a6fc7170 pending 1
2013-03-14 18:10:27.642469 7fb587fff700 20 librbd::AioCompletion: AioCompletion::finalize() 0x7fb5a9289bf0 rval 512 read_buf 0x7fb5a92e2c00 read_bl 0
2013-03-14 18:10:27.642474 7fb587fff700 20 librbd::AioCompletion: AioCompletion::finalize() copied resulting 512 bytes to 0x7fb5a92e2c00
2013-03-14 18:10:27.642652 7fb5876fd700 20 librbd: aio_read 0x7fb5a9162330 completion 0x7fb5a9289bf0 [647680,512]
2013-03-14 18:10:27.642668 7fb5876fd700 20 librbd: ictx_check 0x7fb5a9162330
2013-03-14 18:10:27.642676 7fb5876fd700 20 librbd: oid rb.0.1e1280.238e1f29.000000000000 647680~512 from [0,512]
2013-03-14 18:10:27.642681 7fb5876fd700 20 librbd::AioRequest: send 0x7fb5a92eab20 rb.0.1e1280.238e1f29.000000000000 647680~512
