2013-03-14 18:10:27.721258 7fb587fff700 20 librbd::AioCompletion: AioCompletion::complete_request() 0x7fb5a9289bf0 complete_cb=0x7fb5a6fc7170 pending 1
2013-03-14 18:10:27.721263 7fb587fff700 20 librbd::AioCompletion: AioCompletion::finalize() 0x7fb5a9289bf0 rval 512 read_buf 0x7fb5a9321400 read_bl 0
2013-03-14 18:10:27.721268 7fb587fff700 20 librbd::AioCompletion: AioCompletion::finalize() copied resulting 512 bytes to 0x7fb5a9321400
2013-03-14 18:10:27.721473 7fb5876fd700 20 librbd: aio_read 0x7fb5a9162330 completion 0x7fb5a9289bf0 [675328,512]
2013-03-14 18:10:27.721483 7fb5876fd700 20 librbd: ictx_check 0x7fb5a9162330
2013-03-14 18:10:27.721492 7fb5876fd700 20 librbd: oid rb.0.1e1280.238e1f29.000000000000 675328~512 from [0,512]
2013-03-14 18:10:27.721496 7fb5876fd700 20 librbd::AioRequest: send 0x7fb5a931d770 rb.0.1e1280.238e1f29.000000000000 675328~512
2013-03-14 18:10:27.721512 7fb5876fd700 1 -- 172.16.156.135:0/1648258 --> 172.16.170.1:6800/1310 -- osd_op(client.2216705.0:217 rb.0.1e1280.238e1f29.000000000000 [sparse-read 675328~512] 2.dabde67b) v4 -- ?+0 0x7fb5a931e800 con 0x7fb5a91668f0
2013-03-14 18:10:27.721527 7fb5876fd700 20 librbd::AioCompletion: AioCompletion::finish_adding_requests 0x7fb5a9289bf0 pending 1
2013-03-14 18:10:27.722584 7fb58ed64700 1 -- 172.16.156.135:0/1648258 <== osd.0 172.16.170.1:6800/1310 212 ==== osd_op_reply(217 rb.0.1e1280.238e1f29.000000000000 [sparse-read 675328~512] = 0) v4 ==== 132+0+536 (29429850 0 3837307409) 0x7fb5a9326050 con 0x7fb5a91668f0
2013-03-14 18:10:27.722692 7fb587fff700 20 librbd::AioRequest: should_complete 0x7fb5a931d770 rb.0.1e1280.238e1f29.000000000000 675328~512 r = 0
2013-03-14 18:10:27.722709 7fb587fff700 10 librbd::AioCompletion: C_AioRead::finish() 0x7fb5a92921e0 r = 0
2013-03-14 18:10:27.722712 7fb587fff700 10 librbd::AioCompletion: got {675328=512} for [0,512] bl 512
2013-03-14 18:10:27.722720 7fb587fff700 20 librbd::AioCompletion: AioCompletion::complete_request() 0x7fb5a9289bf0 complete_cb=0x7fb5a6fc7170 pending 1
2013-03-14 18:10:27.722725 7fb587fff700 20 librbd::AioCompletion: AioCompletion::finalize() 0x7fb5a9289bf0 rval 512 read_buf 0x7fb5a931e200 read_bl 0
2013-03-14 18:10:27.722730 7fb587fff700 20 librbd::AioCompletion: AioCompletion::finalize() copied resulting 512 bytes to 0x7fb5a931e200
2013-03-14 18:10:27.722910 7fb5876fd700 20 librbd: aio_read 0x7fb5a9162330 completion 0x7fb5a9289bf0 [675840,512]
2013-03-14 18:10:27.722924 7fb5876fd700 20 librbd: ictx_check 0x7fb5a9162330
2013-03-14 18:10:27.722932 7fb5876fd700 20 librbd: oid rb.0.1e1280.238e1f29.000000000000 675840~512 from [0,512]
2013-03-14 18:10:27.722938 7fb5876fd700 20 librbd::AioRequest: send 0x7fb5a931e8d0 rb.0.1e1280.238e1f29.000000000000 675840~512
2013-03-14 18:10:27.722959 7fb5876fd700 1 -- 172.16.156.135:0/1648258 --> 172.16.170.1:6800/1310 -- osd_op(client.2216705.0:218 rb.0.1e1280.238e1f29.000000000000 [sparse-read 675840~512] 2.dabde67b) v4 -- ?+0 0x7fb5a931f800 con 0x7fb5a91668f0
2013-03-14 18:10:27.722982 7fb5876fd700 20 librbd::AioCompletion: AioCompletion::finish_adding_requests 0x7fb5a9289bf0 pending 1
2013-03-14 18:10:27.723962 7fb58ed64700 1 -- 172.16.156.135:0/1648258 <== osd.0 172.16.170.1:6800/1310 213 ==== osd_op_reply(218 rb.0.1e1280.238e1f29.000000000000 [sparse-read 675840~512] = 0) v4 ==== 132+0+536 (3319894109 0 2194231513) 0x7fb5a931fe10 con 0x7fb5a91668f0
2013-03-14 18:10:27.724102 7fb587fff700 20 librbd::AioRequest: should_complete 0x7fb5a931e8d0 rb.0.1e1280.238e1f29.000000000000 675840~512 r = 0
2013-03-14 18:10:27.724118 7fb587fff700 10 librbd::AioCompletion: C_AioRead::finish() 0x7fb5a9298cd0 r = 0
2013-03-14 18:10:27.724121 7fb587fff700 10 librbd::AioCompletion: got {675840=512} for [0,512] bl 512
2013-03-14 18:10:27.724128 7fb587fff700 20 librbd::AioCompletion: AioCompletion::complete_request() 0x7fb5a9289bf0 complete_cb=0x7fb5a6fc7170 pending 1
2013-03-14 18:10:27.724132 7fb587fff700 20 librbd::AioCompletion: AioCompletion::finalize() 0x7fb5a9289bf0 rval 512 read_buf 0x7fb5a931f200 read_bl 0
2013-03-14 18:10:27.724137 7fb587fff700 20 librbd::AioCompletion: AioCompletion::finalize() copied resulting 512 bytes to 0x7fb5a931f200
2013-03-14 18:10:27.724340 7fb5876fd700 20 librbd: aio_read 0x7fb5a9162330 completion 0x7fb5a9289bf0 [676352,512]
2013-03-14 18:10:27.724349 7fb5876fd700 20 librbd: ictx_check 0x7fb5a9162330
2013-03-14 18:10:27.724358 7fb5876fd700 20 librbd: oid rb.0.1e1280.238e1f29.000000000000 676352~512 from [0,512]
2013-03-14 18:10:27.724363 7fb5876fd700 20 librbd::AioRequest: send 0x7fb5a931f8d0 rb.0.1e1280.238e1f29.000000000000 676352~512
2013-03-14 18:10:27.724378 7fb5876fd700 1 -- 172.16.156.135:0/1648258 --> 172.16.170.1:6800/1310 -- osd_op(client.2216705.0:219 rb.0.1e1280.238e1f29.000000000000 [sparse-read 676352~512] 2.dabde67b) v4 -- ?+0 0x7fb5a9320800 con 0x7fb5a91668f0
2013-03-14 18:10:27.724400 7fb5876fd700 20 librbd::AioCompletion: AioCompletion::finish_adding_requests 0x7fb5a9289bf0 pending 1
2013-03-14 18:10:27.725369 7fb58ed64700 1 -- 172.16.156.135:0/1648258 <== osd.0 172.16.170.1:6800/1310 214 ==== osd_op_reply(219 rb.0.1e1280.238e1f29.000000000000 [sparse-read 676352~512] = 0) v4 ==== 132+0+536 (2216530593 0 2915198166) 0x7fb5a9320800 con 0x7fb5a91668f0
2013-03-14 18:10:27.725467 7fb587fff700 20 librbd::AioRequest: should_complete 0x7fb5a931f8d0 rb.0.1e1280.238e1f29.000000000000 676352~512 r = 0
2013-03-14 18:10:27.725478 7fb587fff700 10 librbd::AioCompletion: C_AioRead::finish() 0x7fb5a92e2650 r = 0
2013-03-14 18:10:27.725518 7fb587fff700 10 librbd::AioCompletion: got {676352=512} for [0,512] bl 512
2013-03-14 18:10:27.725525 7fb587fff700 20 librbd::AioCompletion: AioCompletion::complete_request() 0x7fb5a9289bf0 complete_cb=0x7fb5a6fc7170 pending 1
2013-03-14 18:10:27.725529 7fb587fff700 20 librbd::AioCompletion: AioCompletion::finalize() 0x7fb5a9289bf0 rval 512 read_buf 0x7fb5a9320200 read_bl 0
2013-03-14 18:10:27.725534 7fb587fff700 20 librbd::AioCompletion: AioCompletion::finalize() copied resulting 512 bytes to 0x7fb5a9320200
2013-03-14 18:10:27.725690 7fb5876fd700 20 librbd: aio_read 0x7fb5a9162330 completion 0x7fb5a9289bf0 [676864,512]
2013-03-14 18:10:27.725700 7fb5876fd700 20 librbd: ictx_check 0x7fb5a9162330
2013-03-14 18:10:27.725708 7fb5876fd700 20 librbd: oid rb.0.1e1280.238e1f29.000000000000 676864~512 from [0,512]
2013-03-14 18:10:27.725713 7fb5876fd700 20 librbd::AioRequest: send 0x7fb5a9320d90 rb.0.1e1280.238e1f29.000000000000 676864~512
2013-03-14 18:10:27.725729 7fb5876fd700 1 -- 172.16.156.135:0/1648258 --> 172.16.170.1:6800/1310 -- osd_op(client.2216705.0:220 rb.0.1e1280.238e1f29.000000000000 [sparse-read 676864~512] 2.dabde67b) v4 -- ?+0 0x7fb5a9326a00 con 0x7fb5a91668f0
2013-03-14 18:10:27.725743 7fb5876fd700 20 librbd::AioCompletion: AioCompletion::finish_adding_requests 0x7fb5a9289bf0 pending 1
2013-03-14 18:10:27.726823 7fb58ed64700 1 -- 172.16.156.135:0/1648258 <== osd.0 172.16.170.1:6800/1310 215 ==== osd_op_reply(220 rb.0.1e1280.238e1f29.000000000000 [sparse-read 676864~512] = 0) v4 ==== 132+0+536 (1176081829 0 3169426812) 0x7fb5a9327010 con 0x7fb5a91668f0
2013-03-14 18:10:27.726913 7fb587fff700 20 librbd::AioRequest: should_complete 0x7fb5a9320d90 rb.0.1e1280.238e1f29.000000000000 676864~512 r = 0
2013-03-14 18:10:27.726930 7fb587fff700 10 librbd::AioCompletion: C_AioRead::finish() 0x7fb5a9296730 r = 0
2013-03-14 18:10:27.726933 7fb587fff700 10 librbd::AioCompletion: got {676864=512} for [0,512] bl 512
2013-03-14 18:10:27.726941 7fb587fff700 20 librbd::AioCompletion: AioCompletion::complete_request() 0x7fb5a9289bf0 complete_cb=0x7fb5a6fc7170 pending 1
2013-03-14 18:10:27.726945 7fb587fff700 20 librbd::AioCompletion: AioCompletion::finalize() 0x7fb5a9289bf0 rval 512 read_buf 0x7fb5a9326400 read_bl 0
2013-03-14 18:10:27.726951 7fb587fff700 20 librbd::AioCompletion: AioCompletion::finalize() copied resulting 512 bytes to 0x7fb5a9326400
2013-03-14 18:10:27.727147 7fb5876fd700 20 librbd: aio_read 0x7fb5a9162330 completion 0x7fb5a9289bf0 [677376,512]
2013-03-14 18:10:27.727165 7fb5876fd700 20 librbd: ictx_check 0x7fb5a9162330
2013-03-14 18:10:27.727173 7fb5876fd700 20 librbd: oid rb.0.1e1280.238e1f29.000000000000 677376~512 from [0,512]
2013-03-14 18:10:27.727178 7fb5876fd700 20 librbd::AioRequest: send 0x7fb5a9326a00 rb.0.1e1280.238e1f29.000000000000 677376~512
2013-03-14 18:10:27.727194 7fb5876fd700 1 -- 172.16.156.135:0/1648258 --> 172.16.170.1:6800/1310 -- osd_op(client.2216705.0:221 rb.0.1e1280.238e1f29.000000000000 [sparse-read 677376~512] 2.dabde67b) v4 -- ?+0 0x7fb5a9327970 con 0x7fb5a91668f0
2013-03-14 18:10:27.727209 7fb5876fd700 20 librbd::AioCompletion: AioCompletion::finish_adding_requests 0x7fb5a9289bf0 pending 1
2013-03-14 18:10:27.728271 7fb58ed64700 1 -- 172.16.156.135:0/1648258 <== osd.0 172.16.170.1:6800/1310 216 ==== osd_op_reply(221 rb.0.1e1280.238e1f29.000000000000 [sparse-read 677376~512] = 0) v4 ==== 132+0+536 (132487001 0 3427936993) 0x7fb5a9322090 con 0x7fb5a91668f0
2013-03-14 18:10:27.728317 7fb587fff700 20 librbd::AioRequest: should_complete 0x7fb5a9326a00 rb.0.1e1280.238e1f29.000000000000 677376~512 r = 0
2013-03-14 18:10:27.728328 7fb587fff700 10 librbd::AioCompletion: C_AioRead::finish() 0x7fb5a9252ad0 r = 0
2013-03-14 18:10:27.728330 7fb587fff700 10 librbd::AioCompletion: got {677376=512} for [0,512] bl 512
2013-03-14 18:10:27.728346 7fb587fff700 20 librbd::AioCompletion: AioCompletion::complete_request() 0x7fb5a9289bf0 complete_cb=0x7fb5a6fc7170 pending 1
2013-03-14 18:10:27.728352 7fb587fff700 20 librbd::AioCompletion: AioCompletion::finalize() 0x7fb5a9289bf0 rval 512 read_buf 0x7fb5a9326400 read_bl 0
2013-03-14 18:10:27.728358 7fb587fff700 20 librbd::AioCompletion: AioCompletion::finalize() copied resulting 512 bytes to 0x7fb5a9326400
2013-03-14 18:10:27.728557 7fb5876fd700 20 librbd: aio_read 0x7fb5a9162330 completion 0x7fb5a9289bf0 [677888,512]
2013-03-14 18:10:27.728566 7fb5876fd700 20 librbd: ictx_check 0x7fb5a9162330
2013-03-14 18:10:27.728574 7fb5876fd700 20 librbd: oid rb.0.1e1280.238e1f29.000000000000 677888~512 from [0,512]
2013-03-14 18:10:27.728579 7fb5876fd700 20 librbd::AioRequest: send 0x7fb5a9327920 rb.0.1e1280.238e1f29.000000000000 677888~512
2013-03-14 18:10:27.728595 7fb5876fd700 1 -- 172.16.156.135:0/1648258 --> 172.16.170.1:6800/1310 -- osd_op(client.2216705.0:222 rb.0.1e1280.238e1f29.000000000000 [sparse-read 677888~512] 2.dabde67b) v4 -- ?+0 0x7fb5a9322c00 con 0x7fb5a91668f0
2013-03-14 18:10:27.728609 7fb5876fd700 20 librbd::AioCompletion: AioCompletion::finish_adding_requests 0x7fb5a9289bf0 pending 1
2013-03-14 18:10:27.729712 7fb58ed64700 1 -- 172.16.156.135:0/1648258 <== osd.0 172.16.170.1:6800/1310 217 ==== osd_op_reply(222 rb.0.1e1280.238e1f29.000000000000 [sparse-read 677888~512] = 0) v4 ==== 132+0+536 (3355307356 0 1990533215) 0x7fb5a932c050 con 0x7fb5a91668f0
2013-03-14 18:10:27.729757 7fb587fff700 20 librbd::AioRequest: should_complete 0x7fb5a9327920 rb.0.1e1280.238e1f29.000000000000 677888~512 r = 0
2013-03-14 18:10:27.729766 7fb587fff700 10 librbd::AioCompletion: C_AioRead::finish() 0x7fb5a9262160 r = 0
2013-03-14 18:10:27.729768 7fb587fff700 10 librbd::AioCompletion: got {677888=512} for [0,512] bl 512
2013-03-14 18:10:27.729775 7fb587fff700 20 librbd::AioCompletion: AioCompletion::complete_request() 0x7fb5a9289bf0 complete_cb=0x7fb5a6fc7170 pending 1
2013-03-14 18:10:27.729778 7fb587fff700 20 librbd::AioCompletion: AioCompletion::finalize() 0x7fb5a9289bf0 rval 512 read_buf 0x7fb5a9322600 read_bl 0
2013-03-14 18:10:27.729782 7fb587fff700 20 librbd::AioCompletion: AioCompletion::finalize() copied resulting 512 bytes to 0x7fb5a9322600
2013-03-14 18:10:27.729921 7fb5876fd700 20 librbd: aio_read 0x7fb5a9162330 completion 0x7fb5a9289bf0 [678400,512]
2013-03-14 18:10:27.729931 7fb5876fd700 20 librbd: ictx_check 0x7fb5a9162330
2013-03-14 18:10:27.729939 7fb5876fd700 20 librbd: oid rb.0.1e1280.238e1f29.000000000000 678400~512 from [0,512]
2013-03-14 18:10:27.729943 7fb5876fd700 20 librbd::AioRequest: send 0x7fb5a9322bb0 rb.0.1e1280.238e1f29.000000000000 678400~512
2013-03-14 18:10:27.729960 7fb5876fd700 1 -- 172.16.156.135:0/1648258 --> 172.16.170.1:6800/1310 -- osd_op(client.2216705.0:223 rb.0.1e1280.238e1f29.000000000000 [sparse-read 678400~512] 2.dabde67b) v4 -- ?+0 0x7fb5a9323d90 con 0x7fb5a91668f0
2013-03-14 18:10:27.729973 7fb5876fd700 20 librbd::AioCompletion: AioCompletion::finish_adding_requests 0x7fb5a9289bf0 pending 1
2013-03-14 18:10:27.731076 7fb58ed64700 1 -- 172.16.156.135:0/1648258 <== osd.0 172.16.170.1:6800/1310 218 ==== osd_op_reply(223 rb.0.1e1280.238e1f29.000000000000 [sparse-read 678400~512] = 0) v4 ==== 132+0+536 (2248273824 0 3198174138) 0x7fb5a93243a0 con 0x7fb5a91668f0
2013-03-14 18:10:27.731215 7fb587fff700 20 librbd::AioRequest: should_complete 0x7fb5a9322bb0 rb.0.1e1280.238e1f29.000000000000 678400~512 r = 0
2013-03-14 18:10:27.731231 7fb587fff700 10 librbd::AioCompletion: C_AioRead::finish() 0x7fb5a92766d0 r = 0
2013-03-14 18:10:27.731233 7fb587fff700 10 librbd::AioCompletion: got {678400=512} for [0,512] bl 512
2013-03-14 18:10:27.731240 7fb587fff700 20 librbd::AioCompletion: AioCompletion::complete_request() 0x7fb5a9289bf0 complete_cb=0x7fb5a6fc7170 pending 1
2013-03-14 18:10:27.731244 7fb587fff700 20 librbd::AioCompletion: AioCompletion::finalize() 0x7fb5a9289bf0 rval 512 read_buf 0x7fb5a9322600 read_bl 0
2013-03-14 18:10:27.731249 7fb587fff700 20 librbd::AioCompletion: AioCompletion::finalize() copied resulting 512 bytes to 0x7fb5a9322600
2013-03-14 18:10:27.731425 7fb5876fd700 20 librbd: aio_read 0x7fb5a9162330 completion 0x7fb5a9289bf0 [678912,512]
2013-03-14 18:10:27.731434 7fb5876fd700 20 librbd: ictx_check 0x7fb5a9162330
2013-03-14 18:10:27.731442 7fb5876fd700 20 librbd: oid rb.0.1e1280.238e1f29.000000000000 678912~512 from [0,512]
2013-03-14 18:10:27.731447 7fb5876fd700 20 librbd::AioRequest: send 0x7fb5a9323d90 rb.0.1e1280.238e1f29.000000000000 678912~512
2013-03-14 18:10:27.731463 7fb5876fd700 1 -- 172.16.156.135:0/1648258 --> 172.16.170.1:6800/1310 -- osd_op(client.2216705.0:224 rb.0.1e1280.238e1f29.000000000000 [sparse-read 678912~512] 2.dabde67b) v4 -- ?+0 0x7fb5a9324e00 con 0x7fb5a91668f0
2013-03-14 18:10:27.731476 7fb5876fd700 20 librbd::AioCompletion: AioCompletion::finish_adding_requests 0x7fb5a9289bf0 pending 1
2013-03-14 18:10:27.732480 7fb58ed64700 1 -- 172.16.156.135:0/1648258 <== osd.0 172.16.170.1:6800/1310 219 ==== osd_op_reply(224 rb.0.1e1280.238e1f29.000000000000 [sparse-read 678912~512] = 0) v4 ==== 132+0+536 (1141237924 0 3235834609) 0x7fb5a9325410 con 0x7fb5a91668f0
2013-03-14 18:10:27.732566 7fb587fff700 20 librbd::AioRequest: should_complete 0x7fb5a9323d90 rb.0.1e1280.238e1f29.000000000000 678912~512 r = 0
2013-03-14 18:10:27.732584 7fb587fff700 10 librbd::AioCompletion: C_AioRead::finish() 0x7fb5a92f7bc0 r = 0
2013-03-14 18:10:27.732587 7fb587fff700 10 librbd::AioCompletion: got {678912=512} for [0,512] bl 512
2013-03-14 18:10:27.732595 7fb587fff700 20 librbd::AioCompletion: AioCompletion::complete_request() 0x7fb5a9289bf0 complete_cb=0x7fb5a6fc7170 pending 1
2013-03-14 18:10:27.732600 7fb587fff700 20 librbd::AioCompletion: AioCompletion::finalize() 0x7fb5a9289bf0 rval 512 read_buf 0x7fb5a9324800 read_bl 0
2013-03-14 18:10:27.732605 7fb587fff700 20 librbd::AioCompletion: AioCompletion::finalize() copied resulting 512 bytes to 0x7fb5a9324800
2013-03-14 18:10:27.732801 7fb5876fd700 20 librbd: aio_read 0x7fb5a9162330 completion 0x7fb5a9289bf0 [679424,512]
2013-03-14 18:10:27.732811 7fb5876fd700 20 librbd: ictx_check 0x7fb5a9162330
2013-03-14 18:10:27.732820 7fb5876fd700 20 librbd: oid rb.0.1e1280.238e1f29.000000000000 679424~512 from [0,512]
2013-03-14 18:10:27.732827 7fb5876fd700 20 librbd::AioRequest: send 0x7fb5a9324ed0 rb.0.1e1280.238e1f29.000000000000 679424~512
2013-03-14 18:10:27.732848 7fb5876fd700 1 -- 172.16.156.135:0/1648258 --> 172.16.170.1:6800/1310 -- osd_op(client.2216705.0:225 rb.0.1e1280.238e1f29.000000000000 [sparse-read 679424~512] 2.dabde67b) v4 -- ?+0 0x7fb5a9325e00 con 0x7fb5a91668f0
2013-03-14 18:10:27.732868 7fb5876fd700 20 librbd::AioCompletion: AioCompletion::finish_adding_requests 0x7fb5a9289bf0 pending 1
2013-03-14 18:10:27.733864 7fb58ed64700 1 -- 172.16.156.135:0/1648258 <== osd.0 172.16.170.1:6800/1310 220 ==== osd_op_reply(225 rb.0.1e1280.238e1f29.000000000000 [sparse-read 679424~512] = 0) v4 ==== 132+0+536 (100264536 0 544530937) 0x7fb5a9328380 con 0x7fb5a91668f0
2013-03-14 18:10:27.733953 7fb587fff700 20 librbd::AioRequest: should_complete 0x7fb5a9324ed0 rb.0.1e1280.238e1f29.000000000000 679424~512 r = 0
2013-03-14 18:10:27.733965 7fb587fff700 10 librbd::AioCompletion: C_AioRead::finish() 0x7fb5a92ace80 r = 0
2013-03-14 18:10:27.733967 7fb587fff700 10 librbd::AioCompletion: got {679424=512} for [0,512] bl 512
2013-03-14 18:10:27.733974 7fb587fff700 20 librbd::AioCompletion: AioCompletion::complete_request() 0x7fb5a9289bf0 complete_cb=0x7fb5a6fc7170 pending 1
2013-03-14 18:10:27.733978 7fb587fff700 20 librbd::AioCompletion: AioCompletion::finalize() 0x7fb5a9289bf0 rval 512 read_buf 0x7fb5a9325800 read_bl 0
2013-03-14 18:10:27.733984 7fb587fff700 20 librbd::AioCompletion: AioCompletion::finalize() copied resulting 512 bytes to 0x7fb5a9325800
2013-03-14 18:10:27.734111 7fb5876fd700 20 librbd: aio_read 0x7fb5a9162330 completion 0x7fb5a9289bf0 [679936,512]
2013-03-14 18:10:27.734119 7fb5876fd700 20 librbd: ictx_check 0x7fb5a9162330
2013-03-14 18:10:27.734127 7fb5876fd700 20 librbd: oid rb.0.1e1280.238e1f29.000000000000 679936~512 from [0,512]
2013-03-14 18:10:27.734132 7fb5876fd700 20 librbd::AioRequest: send 0x7fb5a9325e00 rb.0.1e1280.238e1f29.000000000000 679936~512
2013-03-14 18:10:27.734148 7fb5876fd700 1 -- 172.16.156.135:0/1648258 --> 172.16.170.1:6800/1310 -- osd_op(client.2216705.0:226 rb.0.1e1280.238e1f29.000000000000 [sparse-read 679936~512] 2.dabde67b) v4 -- ?+0 0x7fb5a932cc00 con 0x7fb5a91668f0
2013-03-14 18:10:27.734162 7fb5876fd700 20 librbd::AioCompletion: AioCompletion::finish_adding_requests 0x7fb5a9289bf0 pending 1
2013-03-14 18:10:27.735414 7fb58ed64700 1 -- 172.16.156.135:0/1648258 <== osd.0 172.16.170.1:6800/1310 221 ==== osd_op_reply(226 rb.0.1e1280.238e1f29.000000000000 [sparse-read 679936~512] = 0) v4 ==== 132+0+536 (3383271003 0 1239359257) 0x7fb5a932d210 con 0x7fb5a91668f0
2013-03-14 18:10:27.735501 7fb587fff700 20 librbd::AioRequest: should_complete 0x7fb5a9325e00 rb.0.1e1280.238e1f29.000000000000 679936~512 r = 0
2013-03-14 18:10:27.735528 7fb587fff700 10 librbd::AioCompletion: C_AioRead::finish() 0x7fb5a9316500 r = 0
2013-03-14 18:10:27.735532 7fb587fff700 10 librbd::AioCompletion: got {679936=512} for [0,512] bl 512
2013-03-14 18:10:27.735539 7fb587fff700 20 librbd::AioCompletion: AioCompletion::complete_request() 0x7fb5a9289bf0 complete_cb=0x7fb5a6fc7170 pending 1
2013-03-14 18:10:27.735544 7fb587fff700 20 librbd::AioCompletion: AioCompletion::finalize() 0x7fb5a9289bf0 rval 512 read_buf 0x7fb5a932c600 read_bl 0
2013-03-14 18:10:27.735549 7fb587fff700 20 librbd::AioCompletion: AioCompletion::finalize() copied resulting 512 bytes to 0x7fb5a932c600
2013-03-14 18:10:27.735798 7fb5876fd700 20 librbd: aio_read 0x7fb5a9162330 completion 0x7fb5a9289bf0 [680448,512]
2013-03-14 18:10:27.735809 7fb5876fd700 20 librbd: ictx_check 0x7fb5a9162330
2013-03-14 18:10:27.735817 7fb5876fd700 20 librbd: oid rb.0.1e1280.238e1f29.000000000000 680448~512 from [0,512]
2013-03-14 18:10:27.735823 7fb5876fd700 20 librbd::AioRequest: send 0x7fb5a932cc00 rb.0.1e1280.238e1f29.000000000000 680448~512
2013-03-14 18:10:27.735839 7fb5876fd700 1 -- 172.16.156.135:0/1648258 --> 172.16.170.1:6800/1310 -- osd_op(client.2216705.0:227 rb.0.1e1280.238e1f29.000000000000 [sparse-read 680448~512] 2.dabde67b) v4 -- ?+0 0x7fb5a932dc00 con 0x7fb5a91668f0
2013-03-14 18:10:27.735853 7fb5876fd700 20 librbd::AioCompletion: AioCompletion::finish_adding_requests 0x7fb5a9289bf0 pending 1
2013-03-14 18:10:27.736881 7fb58ed64700 1 -- 172.16.156.135:0/1648258 <== osd.0 172.16.170.1:6800/1310 222 ==== osd_op_reply(227 rb.0.1e1280.238e1f29.000000000000 [sparse-read 680448~512] = 0) v4 ==== 132+0+536 (2287246503 0 1680592388) 0x7fb5a9328380 con 0x7fb5a91668f0
2013-03-14 18:10:27.736971 7fb587fff700 20 librbd::AioRequest: should_complete 0x7fb5a932cc00 rb.0.1e1280.238e1f29.000000000000 680448~512 r = 0
2013-03-14 18:10:27.736988 7fb587fff700 10 librbd::AioCompletion: C_AioRead::finish() 0x7fb5a92b4bf0 r = 0
2013-03-14 18:10:27.736991 7fb587fff700 10 librbd::AioCompletion: got {680448=512} for [0,512] bl 512
2013-03-14 18:10:27.736998 7fb587fff700 20 librbd::AioCompletion: AioCompletion::complete_request() 0x7fb5a9289bf0 complete_cb=0x7fb5a6fc7170 pending 1
2013-03-14 18:10:27.737003 7fb587fff700 20 librbd::AioCompletion: AioCompletion::finalize() 0x7fb5a9289bf0 rval 512 read_buf 0x7fb5a932d600 read_bl 0
2013-03-14 18:10:27.737008 7fb587fff700 20 librbd::AioCompletion: AioCompletion::finalize() copied resulting 512 bytes to 0x7fb5a932d600
2013-03-14 18:10:27.737216 7fb5876fd700 20 librbd: aio_read 0x7fb5a9162330 completion 0x7fb5a9289bf0 [680960,512]
2013-03-14 18:10:27.737226 7fb5876fd700 20 librbd: ictx_check 0x7fb5a9162330
2013-03-14 18:10:27.737234 7fb5876fd700 20 librbd: oid rb.0.1e1280.238e1f29.000000000000 680960~512 from [0,512]
2013-03-14 18:10:27.737239 7fb5876fd700 20 librbd::AioRequest: send 0x7fb5a932dc00 rb.0.1e1280.238e1f29.000000000000 680960~512
2013-03-14 18:10:27.737255 7fb5876fd700 1 -- 172.16.156.135:0/1648258 --> 172.16.170.1:6800/1310 -- osd_op(client.2216705.0:228 rb.0.1e1280.238e1f29.000000000000 [sparse-read 680960~512] 2.dabde67b) v4 -- ?+0 0x7fb5a9329000 con 0x7fb5a91668f0
2013-03-14 18:10:27.737269 7fb5876fd700 20 librbd::AioCompletion: AioCompletion::finish_adding_requests 0x7fb5a9289bf0 pending 1
2013-03-14 18:10:27.738280 7fb58ed64700 1 -- 172.16.156.135:0/1648258 <== osd.0 172.16.170.1:6800/1310 223 ==== osd_op_reply(228 rb.0.1e1280.238e1f29.000000000000 [sparse-read 680960~512] = 0) v4 ==== 132+0+536 (1246796707 0 3503659798) 0x7fb5a9332050 con 0x7fb5a91668f0
2013-03-14 18:10:27.738337 7fb587fff700 20 librbd::AioRequest: should_complete 0x7fb5a932dc00 rb.0.1e1280.238e1f29.000000000000 680960~512 r = 0
2013-03-14 18:10:27.738345 7fb587fff700 10 librbd::AioCompletion: C_AioRead::finish() 0x7fb5a9306aa0 r = 0
2013-03-14 18:10:27.738348 7fb587fff700 10 librbd::AioCompletion: got {680960=512} for [0,512] bl 512
2013-03-14 18:10:27.738354 7fb587fff700 20 librbd::AioCompletion: AioCompletion::complete_request() 0x7fb5a9289bf0 complete_cb=0x7fb5a6fc7170 pending 1
2013-03-14 18:10:27.738357 7fb587fff700 20 librbd::AioCompletion: AioCompletion::finalize() 0x7fb5a9289bf0 rval 512 read_buf 0x7fb5a9328a00 read_bl 0
2013-03-14 18:10:27.738360 7fb587fff700 20 librbd::AioCompletion: AioCompletion::finalize() copied resulting 512 bytes to 0x7fb5a9328a00
2013-03-14 18:10:27.738530 7fb5876fd700 20 librbd: aio_read 0x7fb5a9162330 completion 0x7fb5a9289bf0 [681472,512]
2013-03-14 18:10:27.738538 7fb5876fd700 20 librbd: ictx_check 0x7fb5a9162330
2013-03-14 18:10:27.738546 7fb5876fd700 20 librbd: oid rb.0.1e1280.238e1f29.000000000000 681472~512 from [0,512]
2013-03-14 18:10:27.738550 7fb5876fd700 20 librbd::AioRequest: send 0x7fb5a9328fb0 rb.0.1e1280.238e1f29.000000000000 681472~512
2013-03-14 18:10:27.738566 7fb5876fd700 1 -- 172.16.156.135:0/1648258 --> 172.16.170.1:6800/1310 -- osd_op(client.2216705.0:229 rb.0.1e1280.238e1f29.000000000000 [sparse-read 681472~512] 2.dabde67b) v4 -- ?+0 0x7fb5a932a190 con 0x7fb5a91668f0
2013-03-14 18:10:27.738580 7fb5876fd700 20 librbd::AioCompletion: AioCompletion::finish_adding_requests 0x7fb5a9289bf0 pending 1
2013-03-14 18:10:27.739858 7fb58ed64700 1 -- 172.16.156.135:0/1648258 <== osd.0 172.16.170.1:6800/1310 224 ==== osd_op_reply(229 rb.0.1e1280.238e1f29.000000000000 [sparse-read 681472~512] = 0) v4 ==== 132+0+536 (195860831 0 2174844191) 0x7fb5a932a7a0 con 0x7fb5a91668f0
2013-03-14 18:10:27.739901 7fb587fff700 20 librbd::AioRequest: should_complete 0x7fb5a9328fb0 rb.0.1e1280.238e1f29.000000000000 681472~512 r = 0
2013-03-14 18:10:27.739910 7fb587fff700 10 librbd::AioCompletion: C_AioRead::finish() 0x7fb5a9279d90 r = 0
2013-03-14 18:10:27.739913 7fb587fff700 10 librbd::AioCompletion: got {681472=512} for [0,512] bl 512
2013-03-14 18:10:27.739919 7fb587fff700 20 librbd::AioCompletion: AioCompletion::complete_request() 0x7fb5a9289bf0 complete_cb=0x7fb5a6fc7170 pending 1
2013-03-14 18:10:27.739923 7fb587fff700 20 librbd::AioCompletion: AioCompletion::finalize() 0x7fb5a9289bf0 rval 512 read_buf 0x7fb5a9328a00 read_bl 0
2013-03-14 18:10:27.739928 7fb587fff700 20 librbd::AioCompletion: AioCompletion::finalize() copied resulting 512 bytes to 0x7fb5a9328a00
2013-03-14 18:10:27.740081 7fb5876fd700 20 librbd: aio_read 0x7fb5a9162330 completion 0x7fb5a9289bf0 [681984,512]
2013-03-14 18:10:27.740090 7fb5876fd700 20 librbd: ictx_check 0x7fb5a9162330
2013-03-14 18:10:27.740098 7fb5876fd700 20 librbd: oid rb.0.1e1280.238e1f29.000000000000 681984~512 from [0,512]
2013-03-14 18:10:27.740102 7fb5876fd700 20 librbd::AioRequest: send 0x7fb5a932a190 rb.0.1e1280.238e1f29.000000000000 681984~512
2013-03-14 18:10:27.740118 7fb5876fd700 1 -- 172.16.156.135:0/1648258 --> 172.16.170.1:6800/1310 -- osd_op(client.2216705.0:230 rb.0.1e1280.238e1f29.000000000000 [sparse-read 681984~512] 2.dabde67b) v4 -- ?+0 0x7fb5a932b200 con 0x7fb5a91668f0
2013-03-14 18:10:27.740132 7fb5876fd700 20 librbd::AioCompletion: AioCompletion::finish_adding_requests 0x7fb5a9289bf0 pending 1
2013-03-14 18:10:27.741246 7fb58ed64700 1 -- 172.16.156.135:0/1648258 <== osd.0 172.16.170.1:6800/1310 225 ==== osd_op_reply(230 rb.0.1e1280.238e1f29.000000000000 [sparse-read 681984~512] = 0) v4 ==== 132+0+536 (3417629530 0 1381030291) 0x7fb5a932b810 con 0x7fb5a91668f0
2013-03-14 18:10:27.741287 7fb587fff700 20 librbd::AioRequest: should_complete 0x7fb5a932a190 rb.0.1e1280.238e1f29.000000000000 681984~512 r = 0
2013-03-14 18:10:27.741294 7fb587fff700 10 librbd::AioCompletion: C_AioRead::finish() 0x7fb5a9249830 r = 0
2013-03-14 18:10:27.741295 7fb587fff700 10 librbd::AioCompletion: got {681984=512} for [0,512] bl 512
2013-03-14 18:10:27.741300 7fb587fff700 20 librbd::AioCompletion: AioCompletion::complete_request() 0x7fb5a9289bf0 complete_cb=0x7fb5a6fc7170 pending 1
2013-03-14 18:10:27.741302 7fb587fff700 20 librbd::AioCompletion: AioCompletion::finalize() 0x7fb5a9289bf0 rval 512 read_buf 0x7fb5a932ac00 read_bl 0
2013-03-14 18:10:27.741305 7fb587fff700 20 librbd::AioCompletion: AioCompletion::finalize() copied resulting 512 bytes to 0x7fb5a932ac00
2013-03-14 18:10:27.741506 7fb5876fd700 20 librbd: aio_read 0x7fb5a9162330 completion 0x7fb5a9289bf0 [682496,512]
2013-03-14 18:10:27.741514 7fb5876fd700 20 librbd: ictx_check 0x7fb5a9162330
2013-03-14 18:10:27.741522 7fb5876fd700 20 librbd: oid rb.0.1e1280.238e1f29.000000000000 682496~512 from [0,512]
2013-03-14 18:10:27.741526 7fb5876fd700 20 librbd::AioRequest: send 0x7fb5a932b2d0 rb.0.1e1280.238e1f29.000000000000 682496~512
2013-03-14 18:10:27.741542 7fb5876fd700 1 -- 172.16.156.135:0/1648258 --> 172.16.170.1:6800/1310 -- osd_op(client.2216705.0:231 rb.0.1e1280.238e1f29.000000000000 [sparse-read 682496~512] 2.dabde67b) v4 -- ?+0 0x7fb5a932e210 con 0x7fb5a91668f0
2013-03-14 18:10:27.741556 7fb5876fd700 20 librbd::AioCompletion: AioCompletion::finish_adding_requests 0x7fb5a9289bf0 pending 1
2013-03-14 18:10:27.742730 7fb58ed64700 1 -- 172.16.156.135:0/1648258 <== osd.0 172.16.170.1:6800/1310 226 ==== osd_op_reply(231 rb.0.1e1280.238e1f29.000000000000 [sparse-read 682496~512] = 0) v4 ==== 132+0+536 (2320032166 0 287995448) 0x7fb5a932e820 con 0x7fb5a91668f0
2013-03-14 18:10:27.742772 7fb587fff700 20 librbd::AioRequest: should_complete 0x7fb5a932b2d0 rb.0.1e1280.238e1f29.000000000000 682496~512 r = 0
2013-03-14 18:10:27.742779 7fb587fff700 10 librbd::AioCompletion: C_AioRead::finish() 0x7fb5a92cc690 r = 0
2013-03-14 18:10:27.742781 7fb587fff700 10 librbd::AioCompletion: got {682496=512} for [0,512] bl 512
2013-03-14 18:10:27.742785 7fb587fff700 20 librbd::AioCompletion: AioCompletion::complete_request() 0x7fb5a9289bf0 complete_cb=0x7fb5a6fc7170 pending 1
2013-03-14 18:10:27.742788 7fb587fff700 20 librbd::AioCompletion: AioCompletion::finalize() 0x7fb5a9289bf0 rval 512 read_buf 0x7fb5a932bc00 read_bl 0
2013-03-14 18:10:27.742790 7fb587fff700 20 librbd::AioCompletion: AioCompletion::finalize() copied resulting 512 bytes to 0x7fb5a932bc00
2013-03-14 18:10:27.742958 7fb5876fd700 20 librbd: aio_read 0x7fb5a9162330 completion 0x7fb5a9289bf0 [683008,512]
2013-03-14 18:10:27.742969 7fb5876fd700 20 librbd: ictx_check 0x7fb5a9162330
2013-03-14 18:10:27.742980 7fb5876fd700 20 librbd: oid rb.0.1e1280.238e1f29.000000000000 683008~512 from [0,512]
2013-03-14 18:10:27.742987 7fb5876fd700 20 librbd::AioRequest: send 0x7fb5a932bee0 rb.0.1e1280.238e1f29.000000000000 683008~512
2013-03-14 18:10:27.743008 7fb5876fd700 1 -- 172.16.156.135:0/1648258 --> 172.16.170.1:6800/1310 -- osd_op(client.2216705.0:232 rb.0.1e1280.238e1f29.000000000000 [sparse-read 683008~512] 2.dabde67b) v4 -- ?+0 0x7fb5a9332a60 con 0x7fb5a91668f0
2013-03-14 18:10:27.743025 7fb5876fd700 20 librbd::AioCompletion: AioCompletion::finish_adding_requests 0x7fb5a9289bf0 pending 1
2013-03-14 18:10:27.744028 7fb58ed64700 1 -- 172.16.156.135:0/1648258 <== osd.0 172.16.170.1:6800/1310 227 ==== osd_op_reply(232 rb.0.1e1280.238e1f29.000000000000 [sparse-read 683008~512] = 0) v4 ==== 132+0+536 (1212999330 0 360424118) 0x7fb5a9332ff0 con 0x7fb5a91668f0
2013-03-14 18:10:27.744156 7fb587fff700 20 librbd::AioRequest: should_complete 0x7fb5a932bee0 rb.0.1e1280.238e1f29.000000000000 683008~512 r = 0
2013-03-14 18:10:27.744165 7fb587fff700 10 librbd::AioCompletion: C_AioRead::finish() 0x7fb5a92aebf0 r = 0
2013-03-14 18:10:27.744167 7fb587fff700 10 librbd::AioCompletion: got {683008=512} for [0,512] bl 512
2013-03-14 18:10:27.744174 7fb587fff700 20 librbd::AioCompletion: AioCompletion::complete_request() 0x7fb5a9289bf0 complete_cb=0x7fb5a6fc7170 pending 1
2013-03-14 18:10:27.744178 7fb587fff700 20 librbd::AioCompletion: AioCompletion::finalize() 0x7fb5a9289bf0 rval 512 read_buf 0x7fb5a932bc00 read_bl 0
2013-03-14 18:10:27.744183 7fb587fff700 20 librbd::AioCompletion: AioCompletion::finalize() copied resulting 512 bytes to 0x7fb5a932bc00
2013-03-14 18:10:27.744349 7fb5876fd700 20 librbd: aio_read 0x7fb5a9162330 completion 0x7fb5a9289bf0 [683520,512]
2013-03-14 18:10:27.744360 7fb5876fd700 20 librbd: ictx_check 0x7fb5a9162330
2013-03-14 18:10:27.744368 7fb5876fd700 20 librbd: oid rb.0.1e1280.238e1f29.000000000000 683520~512 from [0,512]
2013-03-14 18:10:27.744374 7fb5876fd700 20 librbd::AioRequest: send 0x7fb5a9332670 rb.0.1e1280.238e1f29.000000000000 683520~512
2013-03-14 18:10:27.744391 7fb5876fd700 1 -- 172.16.156.135:0/1648258 --> 172.16.170.1:6800/1310 -- osd_op(client.2216705.0:233 rb.0.1e1280.238e1f29.000000000000 [sparse-read 683520~512] 2.dabde67b) v4 -- ?+0 0x7fb5a9333c00 con 0x7fb5a91668f0
2013-03-14 18:10:27.744407 7fb5876fd700 20 librbd::AioCompletion: AioCompletion::finish_adding_requests 0x7fb5a9289bf0 pending 1
2013-03-14 18:10:27.745460 7fb58ed64700 1 -- 172.16.156.135:0/1648258 <== osd.0 172.16.170.1:6800/1310 228 ==== osd_op_reply(233 rb.0.1e1280.238e1f29.000000000000 [sparse-read 683520~512] = 0) v4 ==== 132+0+536 (162587742 0 3273479929) 0x7fb5a932e8f0 con 0x7fb5a91668f0
2013-03-14 18:10:27.745523 7fb587fff700 20 librbd::AioRequest: should_complete 0x7fb5a9332670 rb.0.1e1280.238e1f29.000000000000 683520~512 r = 0
2013-03-14 18:10:27.745533 7fb587fff700 10 librbd::AioCompletion: C_AioRead::finish() 0x7fb5a92fdc80 r = 0
2013-03-14 18:10:27.745535 7fb587fff700 10 librbd::AioCompletion: got {683520=512} for [0,512] bl 512
2013-03-14 18:10:27.745540 7fb587fff700 20 librbd::AioCompletion: AioCompletion::complete_request() 0x7fb5a9289bf0 complete_cb=0x7fb5a6fc7170 pending 1
2013-03-14 18:10:27.745543 7fb587fff700 20 librbd::AioCompletion: AioCompletion::finalize() 0x7fb5a9289bf0 rval 512 read_buf 0x7fb5a9333600 read_bl 0
2013-03-14 18:10:27.745546 7fb587fff700 20 librbd::AioCompletion: AioCompletion::finalize() copied resulting 512 bytes to 0x7fb5a9333600
2013-03-14 18:10:27.745719 7fb5876fd700 20 librbd: aio_read 0x7fb5a9162330 completion 0x7fb5a9289bf0 [684032,512]
2013-03-14 18:10:27.745728 7fb5876fd700 20 librbd: ictx_check 0x7fb5a9162330
2013-03-14 18:10:27.745736 7fb5876fd700 20 librbd: oid rb.0.1e1280.238e1f29.000000000000 684032~512 from [0,512]
2013-03-14 18:10:27.745740 7fb5876fd700 20 librbd::AioRequest: send 0x7fb5a9333bb0 rb.0.1e1280.238e1f29.000000000000 684032~512
2013-03-14 18:10:27.745756 7fb5876fd700 1 -- 172.16.156.135:0/1648258 --> 172.16.170.1:6800/1310 -- osd_op(client.2216705.0:234 rb.0.1e1280.238e1f29.000000000000 [sparse-read 684032~512] 2.dabde67b) v4 -- ?+0 0x7fb5a932f600 con 0x7fb5a91668f0
2013-03-14 18:10:27.745771 7fb5876fd700 20 librbd::AioCompletion: AioCompletion::finish_adding_requests 0x7fb5a9289bf0 pending 1
2013-03-14 18:10:27.746739 7fb58ed64700 1 -- 172.16.156.135:0/1648258 <== osd.0 172.16.170.1:6800/1310 229 ==== osd_op_reply(234 rb.0.1e1280.238e1f29.000000000000 [sparse-read 684032~512] = 0) v4 ==== 132+0+536 (3448792153 0 2973456580) 0x7fb5a9338050 con 0x7fb5a91668f0
2013-03-14 18:10:27.746775 7fb587fff700 20 librbd::AioRequest: should_complete 0x7fb5a9333bb0 rb.0.1e1280.238e1f29.000000000000 684032~512 r = 0
2013-03-14 18:10:27.746783 7fb587fff700 10 librbd::AioCompletion: C_AioRead::finish() 0x7fb5a92b0ed0 r = 0
2013-03-14 18:10:27.746785 7fb587fff700 10 librbd::AioCompletion: got {684032=512} for [0,512] bl 512
2013-03-14 18:10:27.746789 7fb587fff700 20 librbd::AioCompletion: AioCompletion::complete_request() 0x7fb5a9289bf0 complete_cb=0x7fb5a6fc7170 pending 1
2013-03-14 18:10:27.746792 7fb587fff700 20 librbd::AioCompletion: AioCompletion::finalize() 0x7fb5a9289bf0 rval 512 read_buf 0x7fb5a932f000 read_bl 0
2013-03-14 18:10:27.746795 7fb587fff700 20 librbd::AioCompletion: AioCompletion::finalize() copied resulting 512 bytes to 0x7fb5a932f000
2013-03-14 18:10:27.747131 7fb5876fd700 20 librbd: aio_read 0x7fb5a9162330 completion 0x7fb5a9289bf0 [684544,512]
2013-03-14 18:10:27.747140 7fb5876fd700 20 librbd: ictx_check 0x7fb5a9162330
2013-03-14 18:10:27.747148 7fb5876fd700 20 librbd: oid rb.0.1e1280.238e1f29.000000000000 684544~512 from [0,512]
2013-03-14 18:10:27.747153 7fb5876fd700 20 librbd::AioRequest: send 0x7fb5a932f600 rb.0.1e1280.238e1f29.000000000000 684544~512
2013-03-14 18:10:27.747168 7fb5876fd700 1 -- 172.16.156.135:0/1648258 --> 172.16.170.1:6800/1310 -- osd_op(client.2216705.0:235 rb.0.1e1280.238e1f29.000000000000 [sparse-read 684544~512] 2.dabde67b) v4 -- ?+0 0x7fb5a9330570 con 0x7fb5a91668f0
2013-03-14 18:10:27.747183 7fb5876fd700 20 librbd::AioCompletion: AioCompletion::finish_adding_requests 0x7fb5a9289bf0 pending 1
2013-03-14 18:10:27.748264 7fb58ed64700 1 -- 172.16.156.135:0/1648258 <== osd.0 172.16.170.1:6800/1310 230 ==== osd_op_reply(235 rb.0.1e1280.238e1f29.000000000000 [sparse-read 684544~512] = 0) v4 ==== 132+0+536 (2355914405 0 2965180883) 0x7fb5a9330b80 con 0x7fb5a91668f0
2013-03-14 18:10:27.748302 7fb587fff700 20 librbd::AioRequest: should_complete 0x7fb5a932f600 rb.0.1e1280.238e1f29.000000000000 684544~512 r = 0
2013-03-14 18:10:27.748309 7fb587fff700 10 librbd::AioCompletion: C_AioRead::finish() 0x7fb5a9292be0 r = 0
2013-03-14 18:10:27.748311 7fb587fff700 10 librbd::AioCompletion: got {684544=512} for [0,512] bl 512
2013-03-14 18:10:27.748316 7fb587fff700 20 librbd::AioCompletion: AioCompletion::complete_request() 0x7fb5a9289bf0 complete_cb=0x7fb5a6fc7170 pending 1
2013-03-14 18:10:27.748318 7fb587fff700 20 librbd::AioCompletion: AioCompletion::finalize() 0x7fb5a9289bf0 rval 512 read_buf 0x7fb5a932f000 read_bl 0
2013-03-14 18:10:27.748321 7fb587fff700 20 librbd::AioCompletion: AioCompletion::finalize() copied resulting 512 bytes to 0x7fb5a932f000
2013-03-14 18:10:27.748453 7fb5876fd700 20 librbd: aio_read 0x7fb5a9162330 completion 0x7fb5a9289bf0 [685056,512]
2013-03-14 18:10:27.748461 7fb5876fd700 20 librbd: ictx_check 0x7fb5a9162330
2013-03-14 18:10:27.748469 7fb5876fd700 20 librbd: oid rb.0.1e1280.238e1f29.000000000000 685056~512 from [0,512]
2013-03-14 18:10:27.748474 7fb5876fd700 20 librbd::AioRequest: send 0x7fb5a9330570 rb.0.1e1280.238e1f29.000000000000 685056~512
2013-03-14 18:10:27.748489 7fb5876fd700 1 -- 172.16.156.135:0/1648258 --> 172.16.170.1:6800/1310 -- osd_op(client.2216705.0:236 rb.0.1e1280.238e1f29.000000000000 [sparse-read 685056~512] 2.dabde67b) v4 -- ?+0 0x7fb5a9331600 con 0x7fb5a91668f0
2013-03-14 18:10:27.748503 7fb5876fd700 20 librbd::AioCompletion: AioCompletion::finish_adding_requests 0x7fb5a9289bf0 pending 1
2013-03-14 18:10:27.749450 7fb58ed64700 1 -- 172.16.156.135:0/1648258 <== osd.0 172.16.170.1:6800/1310 231 ==== osd_op_reply(236 rb.0.1e1280.238e1f29.000000000000 [sparse-read 685056~512] = 0) v4 ==== 132+0+536 (1315463585 0 3962401375) 0x7fb5a9331c10 con 0x7fb5a91668f0
2013-03-14 18:10:27.749487 7fb587fff700 20 librbd::AioRequest: should_complete 0x7fb5a9330570 rb.0.1e1280.238e1f29.000000000000 685056~512 r = 0
2013-03-14 18:10:27.749494 7fb587fff700 10 librbd::AioCompletion: C_AioRead::finish() 0x7fb5a92bcc80 r = 0
2013-03-14 18:10:27.749496 7fb587fff700 10 librbd::AioCompletion: got {685056=512} for [0,512] bl 512
2013-03-14 18:10:27.749501 7fb587fff700 20 librbd::AioCompletion: AioCompletion::complete_request() 0x7fb5a9289bf0 complete_cb=0x7fb5a6fc7170 pending 1
2013-03-14 18:10:27.749503 7fb587fff700 20 librbd::AioCompletion: AioCompletion::finalize() 0x7fb5a9289bf0 rval 512 read_buf 0x7fb5a9331000 read_bl 0
2013-03-14 18:10:27.749507 7fb587fff700 20 librbd::AioCompletion: AioCompletion::finalize() copied resulting 512 bytes to 0x7fb5a9331000
2013-03-14 18:10:27.749655 7fb5876fd700 20 librbd: aio_read 0x7fb5a9162330 completion 0x7fb5a9289bf0 [685568,512]
2013-03-14 18:10:27.749663 7fb5876fd700 20 librbd: ictx_check 0x7fb5a9162330
2013-03-14 18:10:27.749670 7fb5876fd700 20 librbd: oid rb.0.1e1280.238e1f29.000000000000 685568~512 from [0,512]
2013-03-14 18:10:27.749674 7fb5876fd700 20 librbd::AioRequest: send 0x7fb5a9331600 rb.0.1e1280.238e1f29.000000000000 685568~512
2013-03-14 18:10:27.749690 7fb5876fd700 1 -- 172.16.156.135:0/1648258 --> 172.16.170.1:6800/1310 -- osd_op(client.2216705.0:237 rb.0.1e1280.238e1f29.000000000000 [sparse-read 685568~512] 2.dabde67b) v4 -- ?+0 0x7fb5a9334800 con 0x7fb5a91668f0
2013-03-14 18:10:27.749702 7fb5876fd700 20 librbd::AioCompletion: AioCompletion::finish_adding_requests 0x7fb5a9289bf0 pending 1
2013-03-14 18:10:27.750744 7fb58ed64700 1 -- 172.16.156.135:0/1648258 <== osd.0 172.16.170.1:6800/1310 232 ==== osd_op_reply(237 rb.0.1e1280.238e1f29.000000000000 [sparse-read 685568~512] = 0) v4 ==== 132+0+536 (261383005 0 1724771718) 0x7fb5a9334e10 con 0x7fb5a91668f0
2013-03-14 18:10:27.750779 7fb587fff700 20 librbd::AioRequest: should_complete 0x7fb5a9331600 rb.0.1e1280.238e1f29.000000000000 685568~512 r = 0
2013-03-14 18:10:27.750786 7fb587fff700 10 librbd::AioCompletion: C_AioRead::finish() 0x7fb5a9298cd0 r = 0
2013-03-14 18:10:27.750788 7fb587fff700 10 librbd::AioCompletion: got {685568=512} for [0,512] bl 512
2013-03-14 18:10:27.750792 7fb587fff700 20 librbd::AioCompletion: AioCompletion::complete_request() 0x7fb5a9289bf0 complete_cb=0x7fb5a6fc7170 pending 1
2013-03-14 18:10:27.750795 7fb587fff700 20 librbd::AioCompletion: AioCompletion::finalize() 0x7fb5a9289bf0 rval 512 read_buf 0x7fb5a9334200 read_bl 0
2013-03-14 18:10:27.750798 7fb587fff700 20 librbd::AioCompletion: AioCompletion::finalize() copied resulting 512 bytes to 0x7fb5a9334200
2013-03-14 18:10:27.750999 7fb5876fd700 20 librbd: aio_read 0x7fb5a9162330 completion 0x7fb5a9289bf0 [686080,512]
2013-03-14 18:10:27.751008 7fb5876fd700 20 librbd: ictx_check 0x7fb5a9162330
2013-03-14 18:10:27.751017 7fb5876fd700 20 librbd: oid rb.0.1e1280.238e1f29.000000000000 686080~512 from [0,512]
2013-03-14 18:10:27.751021 7fb5876fd700 20 librbd::AioRequest: send 0x7fb5a9334800 rb.0.1e1280.238e1f29.000000000000 686080~512
2013-03-14 18:10:27.751037 7fb5876fd700 1 -- 172.16.156.135:0/1648258 --> 172.16.170.1:6800/1310 -- osd_op(client.2216705.0:238 rb.0.1e1280.238e1f29.000000000000 [sparse-read 686080~512] 2.dabde67b) v4 -- ?+0 0x7fb5a9339a00 con 0x7fb5a91668f0
2013-03-14 18:10:27.751050 7fb5876fd700 20 librbd::AioCompletion: AioCompletion::finish_adding_requests 0x7fb5a9289bf0 pending 1
2013-03-14 18:10:27.752161 7fb58ed64700 1 -- 172.16.156.135:0/1648258 <== osd.0 172.16.170.1:6800/1310 233 ==== osd_op_reply(238 rb.0.1e1280.238e1f29.000000000000 [sparse-read 686080~512] = 0) v4 ==== 132+0+536 (3482065240 0 3432642459) 0x7fb5a9334e10 con 0x7fb5a91668f0
2013-03-14 18:10:27.752205 7fb587fff700 20 librbd::AioRequest: should_complete 0x7fb5a9334800 rb.0.1e1280.238e1f29.000000000000 686080~512 r = 0
2013-03-14 18:10:27.752213 7fb587fff700 10 librbd::AioCompletion: C_AioRead::finish() 0x7fb5a92e2080 r = 0
2013-03-14 18:10:27.752215 7fb587fff700 10 librbd::AioCompletion: got {686080=512} for [0,512] bl 512
2013-03-14 18:10:27.752219 7fb587fff700 20 librbd::AioCompletion: AioCompletion::complete_request() 0x7fb5a9289bf0 complete_cb=0x7fb5a6fc7170 pending 1
2013-03-14 18:10:27.752222 7fb587fff700 20 librbd::AioCompletion: AioCompletion::finalize() 0x7fb5a9289bf0 rval 512 read_buf 0x7fb5a9339400 read_bl 0
2013-03-14 18:10:27.752225 7fb587fff700 20 librbd::AioCompletion: AioCompletion::finalize() copied resulting 512 bytes to 0x7fb5a9339400
2013-03-14 18:10:27.752380 7fb5876fd700 20 librbd: aio_read 0x7fb5a9162330 completion 0x7fb5a9289bf0 [686592,512]
2013-03-14 18:10:27.752389 7fb5876fd700 20 librbd: ictx_check 0x7fb5a9162330
2013-03-14 18:10:27.752397 7fb5876fd700 20 librbd: oid rb.0.1e1280.238e1f29.000000000000 686592~512 from [0,512]
2013-03-14 18:10:27.752402 7fb5876fd700 20 librbd::AioRequest: send 0x7fb5a9339a00 rb.0.1e1280.238e1f29.000000000000 686592~512
2013-03-14 18:10:27.752424 7fb5876fd700 1 -- 172.16.156.135:0/1648258 --> 172.16.170.1:6800/1310 -- osd_op(client.2216705.0:239 rb.0.1e1280.238e1f29.000000000000 [sparse-read 686592~512] 2.dabde67b) v4 -- ?+0 0x7fb5a9335770 con 0x7fb5a91668f0
2013-03-14 18:10:27.752438 7fb5876fd700 20 librbd::AioCompletion: AioCompletion::finish_adding_requests 0x7fb5a9289bf0 pending 1
2013-03-14 18:10:27.753581 7fb58ed64700 1 -- 172.16.156.135:0/1648258 <== osd.0 172.16.170.1:6800/1310 234 ==== osd_op_reply(239 rb.0.1e1280.238e1f29.000000000000 [sparse-read 686592~512] = 0) v4 ==== 132+0+536 (2389711780 0 3266809785) 0x7fb5a9335d80 con 0x7fb5a91668f0
2013-03-14 18:10:27.753627 7fb587fff700 20 librbd::AioRequest: should_complete 0x7fb5a9339a00 rb.0.1e1280.238e1f29.000000000000 686592~512 r = 0
2013-03-14 18:10:27.753640 7fb587fff700 10 librbd::AioCompletion: C_AioRead::finish() 0x7fb5a9326cf0 r = 0
2013-03-14 18:10:27.753643 7fb587fff700 10 librbd::AioCompletion: got {686592=512} for [0,512] bl 512
2013-03-14 18:10:27.753647 7fb587fff700 20 librbd::AioCompletion: AioCompletion::complete_request() 0x7fb5a9289bf0 complete_cb=0x7fb5a6fc7170 pending 1
2013-03-14 18:10:27.753650 7fb587fff700 20 librbd::AioCompletion: AioCompletion::finalize() 0x7fb5a9289bf0 rval 512 read_buf 0x7fb5a9339400 read_bl 0
2013-03-14 18:10:27.753653 7fb587fff700 20 librbd::AioCompletion: AioCompletion::finalize() copied resulting 512 bytes to 0x7fb5a9339400
2013-03-14 18:10:27.753846 7fb5876fd700 20 librbd: aio_read 0x7fb5a9162330 completion 0x7fb5a9289bf0 [687104,512]
2013-03-14 18:10:27.753855 7fb5876fd700 20 librbd: ictx_check 0x7fb5a9162330
2013-03-14 18:10:27.753863 7fb5876fd700 20 librbd: oid rb.0.1e1280.238e1f29.000000000000 687104~512 from [0,512]
2013-03-14 18:10:27.753868 7fb5876fd700 20 librbd::AioRequest: send 0x7fb5a9335770 rb.0.1e1280.238e1f29.000000000000 687104~512
2013-03-14 18:10:27.753883 7fb5876fd700 1 -- 172.16.156.135:0/1648258 --> 172.16.170.1:6800/1310 -- osd_op(client.2216705.0:240 rb.0.1e1280.238e1f29.000000000000 [sparse-read 687104~512] 2.dabde67b) v4 -- ?+0 0x7fb5a9336800 con 0x7fb5a91668f0
2013-03-14 18:10:27.753897 7fb5876fd700 20 librbd::AioCompletion: AioCompletion::finish_adding_requests 0x7fb5a9289bf0 pending 1
2013-03-14 18:10:27.755016 7fb58ed64700 1 -- 172.16.156.135:0/1648258 <== osd.0 172.16.170.1:6800/1310 235 ==== osd_op_reply(240 rb.0.1e1280.238e1f29.000000000000 [sparse-read 687104~512] = 0) v4 ==== 132+0+536 (1282677920 0 3089252967) 0x7fb5a933e050 con 0x7fb5a91668f0
2013-03-14 18:10:27.755097 7fb587fff700 20 librbd::AioRequest: should_complete 0x7fb5a9335770 rb.0.1e1280.238e1f29.000000000000 687104~512 r = 0
2013-03-14 18:10:27.755141 7fb587fff700 10 librbd::AioCompletion: C_AioRead::finish() 0x7fb5a92665c0 r = 0
2013-03-14 18:10:27.755144 7fb587fff700 10 librbd::AioCompletion: got {687104=512} for [0,512] bl 512
2013-03-14 18:10:27.755150 7fb587fff700 20 librbd::AioCompletion: AioCompletion::complete_request() 0x7fb5a9289bf0 complete_cb=0x7fb5a6fc7170 pending 1
2013-03-14 18:10:27.755154 7fb587fff700 20 librbd::AioCompletion: AioCompletion::finalize() 0x7fb5a9289bf0 rval 512 read_buf 0x7fb5a9336200 read_bl 0
2013-03-14 18:10:27.755159 7fb587fff700 20 librbd::AioCompletion: AioCompletion::finalize() copied resulting 512 bytes to 0x7fb5a9336200
2013-03-14 18:10:27.755318 7fb5876fd700 20 librbd: aio_read 0x7fb5a9162330 completion 0x7fb5a9289bf0 [687616,512]
2013-03-14 18:10:27.755330 7fb5876fd700 20 librbd: ictx_check 0x7fb5a9162330
2013-03-14 18:10:27.755365 7fb5876fd700 20 librbd: oid rb.0.1e1280.238e1f29.000000000000 687616~512 from [0,512]
2013-03-14 18:10:27.755372 7fb5876fd700 20 librbd::AioRequest: send 0x7fb5a93367b0 rb.0.1e1280.238e1f29.000000000000 687616~512
2013-03-14 18:10:27.755393 7fb5876fd700 1 -- 172.16.156.135:0/1648258 --> 172.16.170.1:6800/1310 -- osd_op(client.2216705.0:241 rb.0.1e1280.238e1f29.000000000000 [sparse-read 687616~512] 2.dabde67b) v4 -- ?+0 0x7fb5a9337a00 con 0x7fb5a91668f0
2013-03-14 18:10:27.755412 7fb5876fd700 20 librbd::AioCompletion: AioCompletion::finish_adding_requests 0x7fb5a9289bf0 pending 1
2013-03-14 18:10:27.756547 7fb58ed64700 1 -- 172.16.156.135:0/1648258 <== osd.0 172.16.170.1:6800/1310 236 ==== osd_op_reply(241 rb.0.1e1280.238e1f29.000000000000 [sparse-read 687616~512] = 0) v4 ==== 132+0+536 (227024476 0 783742931) 0x7fb5a9338010 con 0x7fb5a91668f0
2013-03-14 18:10:27.756685 7fb587fff700 20 librbd::AioRequest: should_complete 0x7fb5a93367b0 rb.0.1e1280.238e1f29.000000000000 687616~512 r = 0
2013-03-14 18:10:27.756693 7fb587fff700 10 librbd::AioCompletion: C_AioRead::finish() 0x7fb5a92cb6f0 r = 0
2013-03-14 18:10:27.756696 7fb587fff700 10 librbd::AioCompletion: got {687616=512} for [0,512] bl 512
2013-03-14 18:10:27.756701 7fb587fff700 20 librbd::AioCompletion: AioCompletion::complete_request() 0x7fb5a9289bf0 complete_cb=0x7fb5a6fc7170 pending 1
2013-03-14 18:10:27.756705 7fb587fff700 20 librbd::AioCompletion: AioCompletion::finalize() 0x7fb5a9289bf0 rval 512 read_buf 0x7fb5a9337400 read_bl 0
2013-03-14 18:10:27.756710 7fb587fff700 20 librbd::AioCompletion: AioCompletion::finalize() copied resulting 512 bytes to 0x7fb5a9337400
2013-03-14 18:10:27.756865 7fb5876fd700 20 librbd: aio_read 0x7fb5a9162330 completion 0x7fb5a9289bf0 [688128,512]
2013-03-14 18:10:27.756874 7fb5876fd700 20 librbd: ictx_check 0x7fb5a9162330
2013-03-14 18:10:27.756882 7fb5876fd700 20 librbd: oid rb.0.1e1280.238e1f29.000000000000 688128~512 from [0,512]
2013-03-14 18:10:27.756887 7fb5876fd700 20 librbd::AioRequest: send 0x7fb5a9338300 rb.0.1e1280.238e1f29.000000000000 688128~512
2013-03-14 18:10:27.756903 7fb5876fd700 1 -- 172.16.156.135:0/1648258 --> 172.16.170.1:6800/1310 -- osd_op(client.2216705.0:242 rb.0.1e1280.238e1f29.000000000000 [sparse-read 688128~512] 2.dabde67b) v4 -- ?+0 0x7fb5a93387f0 con 0x7fb5a91668f0
2013-03-14 18:10:27.756917 7fb5876fd700 20 librbd::AioCompletion: AioCompletion::finish_adding_requests 0x7fb5a9289bf0 pending 1
2013-03-14 18:10:27.757854 7fb58ed64700 1 -- 172.16.156.135:0/1648258 <== osd.0 172.16.170.1:6800/1310 237 ==== osd_op_reply(242 rb.0.1e1280.238e1f29.000000000000 [sparse-read 688128~512] = 0) v4 ==== 132+0+536 (4043133511 0 3856783388) 0x7fb5a93387f0 con 0x7fb5a91668f0
2013-03-14 18:10:27.757895 7fb587fff700 20 librbd::AioRequest: should_complete 0x7fb5a9338300 rb.0.1e1280.238e1f29.000000000000 688128~512 r = 0
2013-03-14 18:10:27.757908 7fb587fff700 10 librbd::AioCompletion: C_AioRead::finish() 0x7fb5a92d07d0 r = 0
2013-03-14 18:10:27.757911 7fb587fff700 10 librbd::AioCompletion: got {688128=512} for [0,512] bl 512
2013-03-14 18:10:27.757917 7fb587fff700 20 librbd::AioCompletion: AioCompletion::complete_request() 0x7fb5a9289bf0 complete_cb=0x7fb5a6fc7170 pending 1
2013-03-14 18:10:27.757921 7fb587fff700 20 librbd::AioCompletion: AioCompletion::finalize() 0x7fb5a9289bf0 rval 512 read_buf 0x7fb5a9338400 read_bl 0
2013-03-14 18:10:27.757925 7fb587fff700 20 librbd::AioCompletion: AioCompletion::finalize() copied resulting 512 bytes to 0x7fb5a9338400
2013-03-14 18:10:27.758134 7fb5876fd700 20 librbd: aio_read 0x7fb5a9162330 completion 0x7fb5a9289bf0 [688640,512]
2013-03-14 18:10:27.758142 7fb5876fd700 20 librbd: ictx_check 0x7fb5a9162330
2013-03-14 18:10:27.758149 7fb5876fd700 20 librbd: oid rb.0.1e1280.238e1f29.000000000000 688640~512 from [0,512]
2013-03-14 18:10:27.758153 7fb5876fd700 20 librbd::AioRequest: send 0x7fb5a9338e00 rb.0.1e1280.238e1f29.000000000000 688640~512
2013-03-14 18:10:27.758168 7fb5876fd700 1 -- 172.16.156.135:0/1648258 --> 172.16.170.1:6800/1310 -- osd_op(client.2216705.0:243 rb.0.1e1280.238e1f29.000000000000 [sparse-read 688640~512] 2.dabde67b) v4 -- ?+0 0x7fb5a933ea00 con 0x7fb5a91668f0
2013-03-14 18:10:27.758181 7fb5876fd700 20 librbd::AioCompletion: AioCompletion::finish_adding_requests 0x7fb5a9289bf0 pending 1
