2013-03-14 18:10:27.681130 7fb5876fd700 20 librbd: aio_read 0x7fb5a9162330 completion 0x7fb5a9289bf0 [661504,512]
2013-03-14 18:10:27.681141 7fb5876fd700 20 librbd: ictx_check 0x7fb5a9162330
2013-03-14 18:10:27.681149 7fb5876fd700 20 librbd: oid rb.0.1e1280.238e1f29.000000000000 661504~512 from [0,512]
2013-03-14 18:10:27.681154 7fb5876fd700 20 librbd::AioRequest: send 0x7fb5a9300000 rb.0.1e1280.238e1f29.000000000000 661504~512
2013-03-14 18:10:27.681171 7fb5876fd700 1 -- 172.16.156.135:0/1648258 --> 172.16.170.1:6800/1310 -- osd_op(client.2216705.0:190 rb.0.1e1280.238e1f29.000000000000 [sparse-read 661504~512] 2.dabde67b) v4 -- ?+0 0x7fb5a9301600 con 0x7fb5a91668f0
2013-03-14 18:10:27.681184 7fb5876fd700 20 librbd::AioCompletion: AioCompletion::finish_adding_requests 0x7fb5a9289bf0 pending 1
2013-03-14 18:10:27.682298 7fb58ed64700 1 -- 172.16.156.135:0/1648258 <== osd.0 172.16.170.1:6800/1310 185 ==== osd_op_reply(190 rb.0.1e1280.238e1f29.000000000000 [sparse-read 661504~512] = 0) v4 ==== 132+0+536 (3609068884 0 142463584) 0x7fb5a9301c10 con 0x7fb5a91668f0
2013-03-14 18:10:27.682401 7fb587fff700 20 librbd::AioRequest: should_complete 0x7fb5a9300000 rb.0.1e1280.238e1f29.000000000000 661504~512 r = 0
2013-03-14 18:10:27.682412 7fb587fff700 10 librbd::AioCompletion: C_AioRead::finish() 0x7fb5a92d59b0 r = 0
2013-03-14 18:10:27.682415 7fb587fff700 10 librbd::AioCompletion: got {661504=512} for [0,512] bl 512
2013-03-14 18:10:27.682422 7fb587fff700 20 librbd::AioCompletion: AioCompletion::complete_request() 0x7fb5a9289bf0 complete_cb=0x7fb5a6fc7170 pending 1
2013-03-14 18:10:27.682426 7fb587fff700 20 librbd::AioCompletion: AioCompletion::finalize() 0x7fb5a9289bf0 rval 512 read_buf 0x7fb5a9301000 read_bl 0
2013-03-14 18:10:27.682431 7fb587fff700 20 librbd::AioCompletion: AioCompletion::finalize() copied resulting 512 bytes to 0x7fb5a9301000
2013-03-14 18:10:27.682692 7fb5876fd700 20 librbd: aio_read 0x7fb5a9162330 completion 0x7fb5a9289bf0 [662016,512]
2013-03-14 18:10:27.682703 7fb5876fd700 20 librbd: ictx_check 0x7fb5a9162330
2013-03-14 18:10:27.682711 7fb5876fd700 20 librbd: oid rb.0.1e1280.238e1f29.000000000000 662016~512 from [0,512]
2013-03-14 18:10:27.682716 7fb5876fd700 20 librbd::AioRequest: send 0x7fb5a9301600 rb.0.1e1280.238e1f29.000000000000 662016~512
2013-03-14 18:10:27.682732 7fb5876fd700 1 -- 172.16.156.135:0/1648258 --> 172.16.170.1:6800/1310 -- osd_op(client.2216705.0:191 rb.0.1e1280.238e1f29.000000000000 [sparse-read 662016~512] 2.dabde67b) v4 -- ?+0 0x7fb5a9304800 con 0x7fb5a91668f0
2013-03-14 18:10:27.682745 7fb5876fd700 20 librbd::AioCompletion: AioCompletion::finish_adding_requests 0x7fb5a9289bf0 pending 1
2013-03-14 18:10:27.684321 7fb58ed64700 1 -- 172.16.156.135:0/1648258 <== osd.0 172.16.170.1:6800/1310 186 ==== osd_op_reply(191 rb.0.1e1280.238e1f29.000000000000 [sparse-read 662016~512] = 0) v4 ==== 132+0+536 (2531395496 0 533043416) 0x7fb5a9304e10 con 0x7fb5a91668f0
2013-03-14 18:10:27.684449 7fb587fff700 20 librbd::AioRequest: should_complete 0x7fb5a9301600 rb.0.1e1280.238e1f29.000000000000 662016~512 r = 0
2013-03-14 18:10:27.684465 7fb587fff700 10 librbd::AioCompletion: C_AioRead::finish() 0x7fb5a927f7e0 r = 0
2013-03-14 18:10:27.684469 7fb587fff700 10 librbd::AioCompletion: got {662016=512} for [0,512] bl 512
2013-03-14 18:10:27.684476 7fb587fff700 20 librbd::AioCompletion: AioCompletion::complete_request() 0x7fb5a9289bf0 complete_cb=0x7fb5a6fc7170 pending 1
2013-03-14 18:10:27.684480 7fb587fff700 20 librbd::AioCompletion: AioCompletion::finalize() 0x7fb5a9289bf0 rval 512 read_buf 0x7fb5a9304200 read_bl 0
2013-03-14 18:10:27.684486 7fb587fff700 20 librbd::AioCompletion: AioCompletion::finalize() copied resulting 512 bytes to 0x7fb5a9304200
2013-03-14 18:10:27.684654 7fb5876fd700 20 librbd: aio_read 0x7fb5a9162330 completion 0x7fb5a9289bf0 [662528,512]
2013-03-14 18:10:27.684664 7fb5876fd700 20 librbd: ictx_check 0x7fb5a9162330
2013-03-14 18:10:27.684672 7fb5876fd700 20 librbd: oid rb.0.1e1280.238e1f29.000000000000 662528~512 from [0,512]
2013-03-14 18:10:27.684680 7fb5876fd700 20 librbd::AioRequest: send 0x7fb5a9304800 rb.0.1e1280.238e1f29.000000000000 662528~512
2013-03-14 18:10:27.684697 7fb5876fd700 1 -- 172.16.156.135:0/1648258 --> 172.16.170.1:6800/1310 -- osd_op(client.2216705.0:192 rb.0.1e1280.238e1f29.000000000000 [sparse-read 662528~512] 2.dabde67b) v4 -- ?+0 0x7fb5a9309a00 con 0x7fb5a91668f0
2013-03-14 18:10:27.684711 7fb5876fd700 20 librbd::AioCompletion: AioCompletion::finish_adding_requests 0x7fb5a9289bf0 pending 1
2013-03-14 18:10:27.686059 7fb58ed64700 1 -- 172.16.156.135:0/1648258 <== osd.0 172.16.170.1:6800/1310 187 ==== osd_op_reply(192 rb.0.1e1280.238e1f29.000000000000 [sparse-read 662528~512] = 0) v4 ==== 132+0+536 (1424359596 0 2295910930) 0x7fb5a9304e10 con 0x7fb5a91668f0
2013-03-14 18:10:27.686159 7fb587fff700 20 librbd::AioRequest: should_complete 0x7fb5a9304800 rb.0.1e1280.238e1f29.000000000000 662528~512 r = 0
2013-03-14 18:10:27.686175 7fb587fff700 10 librbd::AioCompletion: C_AioRead::finish() 0x7fb5a92d6a30 r = 0
2013-03-14 18:10:27.686179 7fb587fff700 10 librbd::AioCompletion: got {662528=512} for [0,512] bl 512
2013-03-14 18:10:27.686186 7fb587fff700 20 librbd::AioCompletion: AioCompletion::complete_request() 0x7fb5a9289bf0 complete_cb=0x7fb5a6fc7170 pending 1
2013-03-14 18:10:27.686190 7fb587fff700 20 librbd::AioCompletion: AioCompletion::finalize() 0x7fb5a9289bf0 rval 512 read_buf 0x7fb5a9309400 read_bl 0
2013-03-14 18:10:27.686196 7fb587fff700 20 librbd::AioCompletion: AioCompletion::finalize() copied resulting 512 bytes to 0x7fb5a9309400
2013-03-14 18:10:27.686321 7fb5876fd700 20 librbd: aio_read 0x7fb5a9162330 completion 0x7fb5a9289bf0 [663040,512]
2013-03-14 18:10:27.686332 7fb5876fd700 20 librbd: ictx_check 0x7fb5a9162330
2013-03-14 18:10:27.686340 7fb5876fd700 20 librbd: oid rb.0.1e1280.238e1f29.000000000000 663040~512 from [0,512]
2013-03-14 18:10:27.686345 7fb5876fd700 20 librbd::AioRequest: send 0x7fb5a9309a00 rb.0.1e1280.238e1f29.000000000000 663040~512
2013-03-14 18:10:27.686363 7fb5876fd700 1 -- 172.16.156.135:0/1648258 --> 172.16.170.1:6800/1310 -- osd_op(client.2216705.0:193 rb.0.1e1280.238e1f29.000000000000 [sparse-read 663040~512] 2.dabde67b) v4 -- ?+0 0x7fb5a9305590 con 0x7fb5a91668f0
2013-03-14 18:10:27.686377 7fb5876fd700 20 librbd::AioCompletion: AioCompletion::finish_adding_requests 0x7fb5a9289bf0 pending 1
2013-03-14 18:10:27.687448 7fb58ed64700 1 -- 172.16.156.135:0/1648258 <== osd.0 172.16.170.1:6800/1310 188 ==== osd_op_reply(193 rb.0.1e1280.238e1f29.000000000000 [sparse-read 663040~512] = 0) v4 ==== 132+0+536 (354026064 0 3428592620) 0x7fb5a9305ba0 con 0x7fb5a91668f0
2013-03-14 18:10:27.687575 7fb587fff700 20 librbd::AioRequest: should_complete 0x7fb5a9309a00 rb.0.1e1280.238e1f29.000000000000 663040~512 r = 0
2013-03-14 18:10:27.687586 7fb587fff700 10 librbd::AioCompletion: C_AioRead::finish() 0x7fb5a92c7ea0 r = 0
2013-03-14 18:10:27.687588 7fb587fff700 10 librbd::AioCompletion: got {663040=512} for [0,512] bl 512
2013-03-14 18:10:27.687596 7fb587fff700 20 librbd::AioCompletion: AioCompletion::complete_request() 0x7fb5a9289bf0 complete_cb=0x7fb5a6fc7170 pending 1
2013-03-14 18:10:27.687602 7fb587fff700 20 librbd::AioCompletion: AioCompletion::finalize() 0x7fb5a9289bf0 rval 512 read_buf 0x7fb5a9305200 read_bl 0
2013-03-14 18:10:27.687609 7fb587fff700 20 librbd::AioCompletion: AioCompletion::finalize() copied resulting 512 bytes to 0x7fb5a9305200
2013-03-14 18:10:27.687796 7fb5876fd700 20 librbd: aio_read 0x7fb5a9162330 completion 0x7fb5a9289bf0 [663552,512]
2013-03-14 18:10:27.687807 7fb5876fd700 20 librbd: ictx_check 0x7fb5a9162330
2013-03-14 18:10:27.687815 7fb5876fd700 20 librbd: oid rb.0.1e1280.238e1f29.000000000000 663552~512 from [0,512]
2013-03-14 18:10:27.687820 7fb5876fd700 20 librbd::AioRequest: send 0x7fb5a93093c0 rb.0.1e1280.238e1f29.000000000000 663552~512
2013-03-14 18:10:27.687839 7fb5876fd700 1 -- 172.16.156.135:0/1648258 --> 172.16.170.1:6800/1310 -- osd_op(client.2216705.0:194 rb.0.1e1280.238e1f29.000000000000 [sparse-read 663552~512] 2.dabde67b) v4 -- ?+0 0x7fb5a93067b0 con 0x7fb5a91668f0
2013-03-14 18:10:27.687853 7fb5876fd700 20 librbd::AioCompletion: AioCompletion::finish_adding_requests 0x7fb5a9289bf0 pending 1
2013-03-14 18:10:27.689299 7fb58ed64700 1 -- 172.16.156.135:0/1648258 <== osd.0 172.16.170.1:6800/1310 189 ==== osd_op_reply(194 rb.0.1e1280.238e1f29.000000000000 [sparse-read 663552~512] = 0) v4 ==== 132+0+536 (3645601363 0 2944659183) 0x7fb5a930e050 con 0x7fb5a91668f0
2013-03-14 18:10:27.689397 7fb587fff700 20 librbd::AioRequest: should_complete 0x7fb5a93093c0 rb.0.1e1280.238e1f29.000000000000 663552~512 r = 0
2013-03-14 18:10:27.689408 7fb587fff700 10 librbd::AioCompletion: C_AioRead::finish() 0x7fb5a92e8090 r = 0
2013-03-14 18:10:27.689411 7fb587fff700 10 librbd::AioCompletion: got {663552=512} for [0,512] bl 512
2013-03-14 18:10:27.689419 7fb587fff700 20 librbd::AioCompletion: AioCompletion::complete_request() 0x7fb5a9289bf0 complete_cb=0x7fb5a6fc7170 pending 1
2013-03-14 18:10:27.689422 7fb587fff700 20 librbd::AioCompletion: AioCompletion::finalize() 0x7fb5a9289bf0 rval 512 read_buf 0x7fb5a9306400 read_bl 0
2013-03-14 18:10:27.689430 7fb587fff700 20 librbd::AioCompletion: AioCompletion::finalize() copied resulting 512 bytes to 0x7fb5a9306400
2013-03-14 18:10:27.689656 7fb5876fd700 20 librbd: aio_read 0x7fb5a9162330 completion 0x7fb5a9289bf0 [664064,512]
2013-03-14 18:10:27.689667 7fb5876fd700 20 librbd: ictx_check 0x7fb5a9162330
2013-03-14 18:10:27.689675 7fb5876fd700 20 librbd: oid rb.0.1e1280.238e1f29.000000000000 664064~512 from [0,512]
2013-03-14 18:10:27.689681 7fb5876fd700 20 librbd::AioRequest: send 0x7fb5a9306390 rb.0.1e1280.238e1f29.000000000000 664064~512
2013-03-14 18:10:27.689698 7fb5876fd700 1 -- 172.16.156.135:0/1648258 --> 172.16.170.1:6800/1310 -- osd_op(client.2216705.0:195 rb.0.1e1280.238e1f29.000000000000 [sparse-read 664064~512] 2.dabde67b) v4 -- ?+0 0x7fb5a9307680 con 0x7fb5a91668f0
2013-03-14 18:10:27.689712 7fb5876fd700 20 librbd::AioCompletion: AioCompletion::finish_adding_requests 0x7fb5a9289bf0 pending 1
2013-03-14 18:10:27.690867 7fb58ed64700 1 -- 172.16.156.135:0/1648258 <== osd.0 172.16.170.1:6800/1310 190 ==== osd_op_reply(195 rb.0.1e1280.238e1f29.000000000000 [sparse-read 664064~512] = 0) v4 ==== 132+0+536 (2562159791 0 2212469626) 0x7fb5a9307c90 con 0x7fb5a91668f0
2013-03-14 18:10:27.690974 7fb587fff700 20 librbd::AioRequest: should_complete 0x7fb5a9306390 rb.0.1e1280.238e1f29.000000000000 664064~512 r = 0
2013-03-14 18:10:27.690989 7fb587fff700 10 librbd::AioCompletion: C_AioRead::finish() 0x7fb5a92756f0 r = 0
2013-03-14 18:10:27.690993 7fb587fff700 10 librbd::AioCompletion: got {664064=512} for [0,512] bl 512
2013-03-14 18:10:27.691000 7fb587fff700 20 librbd::AioCompletion: AioCompletion::complete_request() 0x7fb5a9289bf0 complete_cb=0x7fb5a6fc7170 pending 1
2013-03-14 18:10:27.691004 7fb587fff700 20 librbd::AioCompletion: AioCompletion::finalize() 0x7fb5a9289bf0 rval 512 read_buf 0x7fb5a9307200 read_bl 0
2013-03-14 18:10:27.691011 7fb587fff700 20 librbd::AioCompletion: AioCompletion::finalize() copied resulting 512 bytes to 0x7fb5a9307200
2013-03-14 18:10:27.691296 7fb5876fd700 20 librbd: aio_read 0x7fb5a9162330 completion 0x7fb5a9289bf0 [664576,512]
2013-03-14 18:10:27.691306 7fb5876fd700 20 librbd: ictx_check 0x7fb5a9162330
2013-03-14 18:10:27.691314 7fb5876fd700 20 librbd: oid rb.0.1e1280.238e1f29.000000000000 664576~512 from [0,512]
2013-03-14 18:10:27.691319 7fb5876fd700 20 librbd::AioRequest: send 0x7fb5a9307680 rb.0.1e1280.238e1f29.000000000000 664576~512
2013-03-14 18:10:27.691335 7fb5876fd700 1 -- 172.16.156.135:0/1648258 --> 172.16.170.1:6800/1310 -- osd_op(client.2216705.0:196 rb.0.1e1280.238e1f29.000000000000 [sparse-read 664576~512] 2.dabde67b) v4 -- ?+0 0x7fb5a9308800 con 0x7fb5a91668f0
2013-03-14 18:10:27.691349 7fb5876fd700 20 librbd::AioCompletion: AioCompletion::finish_adding_requests 0x7fb5a9289bf0 pending 1
2013-03-14 18:10:27.692441 7fb58ed64700 1 -- 172.16.156.135:0/1648258 <== osd.0 172.16.170.1:6800/1310 191 ==== osd_op_reply(196 rb.0.1e1280.238e1f29.000000000000 [sparse-read 664576~512] = 0) v4 ==== 132+0+536 (1521709995 0 310894751) 0x7fb5a9308800 con 0x7fb5a91668f0
2013-03-14 18:10:27.692554 7fb587fff700 20 librbd::AioRequest: should_complete 0x7fb5a9307680 rb.0.1e1280.238e1f29.000000000000 664576~512 r = 0
2013-03-14 18:10:27.692565 7fb587fff700 10 librbd::AioCompletion: C_AioRead::finish() 0x7fb5a92654f0 r = 0
2013-03-14 18:10:27.692568 7fb587fff700 10 librbd::AioCompletion: got {664576=512} for [0,512] bl 512
2013-03-14 18:10:27.692575 7fb587fff700 20 librbd::AioCompletion: AioCompletion::complete_request() 0x7fb5a9289bf0 complete_cb=0x7fb5a6fc7170 pending 1
2013-03-14 18:10:27.692579 7fb587fff700 20 librbd::AioCompletion: AioCompletion::finalize() 0x7fb5a9289bf0 rval 512 read_buf 0x7fb5a9308200 read_bl 0
2013-03-14 18:10:27.692584 7fb587fff700 20 librbd::AioCompletion: AioCompletion::finalize() copied resulting 512 bytes to 0x7fb5a9308200
2013-03-14 18:10:27.692766 7fb5876fd700 20 librbd: aio_read 0x7fb5a9162330 completion 0x7fb5a9289bf0 [665088,512]
2013-03-14 18:10:27.692777 7fb5876fd700 20 librbd: ictx_check 0x7fb5a9162330
2013-03-14 18:10:27.692785 7fb5876fd700 20 librbd: oid rb.0.1e1280.238e1f29.000000000000 665088~512 from [0,512]
2013-03-14 18:10:27.692790 7fb5876fd700 20 librbd::AioRequest: send 0x7fb5a9308e10 rb.0.1e1280.238e1f29.000000000000 665088~512
2013-03-14 18:10:27.692806 7fb5876fd700 1 -- 172.16.156.135:0/1648258 --> 172.16.170.1:6800/1310 -- osd_op(client.2216705.0:197 rb.0.1e1280.238e1f29.000000000000 [sparse-read 665088~512] 2.dabde67b) v4 -- ?+0 0x7fb5a930ea00 con 0x7fb5a91668f0
2013-03-14 18:10:27.692820 7fb5876fd700 20 librbd::AioCompletion: AioCompletion::finish_adding_requests 0x7fb5a9289bf0 pending 1
2013-03-14 18:10:27.694127 7fb58ed64700 1 -- 172.16.156.135:0/1648258 <== osd.0 172.16.170.1:6800/1310 192 ==== osd_op_reply(197 rb.0.1e1280.238e1f29.000000000000 [sparse-read 665088~512] = 0) v4 ==== 132+0+536 (458191191 0 160987874) 0x7fb5a930f010 con 0x7fb5a91668f0
2013-03-14 18:10:27.694238 7fb587fff700 20 librbd::AioRequest: should_complete 0x7fb5a9308e10 rb.0.1e1280.238e1f29.000000000000 665088~512 r = 0
2013-03-14 18:10:27.694249 7fb587fff700 10 librbd::AioCompletion: C_AioRead::finish() 0x7fb5a926b480 r = 0
2013-03-14 18:10:27.694251 7fb587fff700 10 librbd::AioCompletion: got {665088=512} for [0,512] bl 512
2013-03-14 18:10:27.694258 7fb587fff700 20 librbd::AioCompletion: AioCompletion::complete_request() 0x7fb5a9289bf0 complete_cb=0x7fb5a6fc7170 pending 1
2013-03-14 18:10:27.694263 7fb587fff700 20 librbd::AioCompletion: AioCompletion::finalize() 0x7fb5a9289bf0 rval 512 read_buf 0x7fb5a930e400 read_bl 0
2013-03-14 18:10:27.694268 7fb587fff700 20 librbd::AioCompletion: AioCompletion::finalize() copied resulting 512 bytes to 0x7fb5a930e400
2013-03-14 18:10:27.694431 7fb5876fd700 20 librbd: aio_read 0x7fb5a9162330 completion 0x7fb5a9289bf0 [665600,512]
2013-03-14 18:10:27.694442 7fb5876fd700 20 librbd: ictx_check 0x7fb5a9162330
2013-03-14 18:10:27.694450 7fb5876fd700 20 librbd: oid rb.0.1e1280.238e1f29.000000000000 665600~512 from [0,512]
2013-03-14 18:10:27.694455 7fb5876fd700 20 librbd::AioRequest: send 0x7fb5a930ea00 rb.0.1e1280.238e1f29.000000000000 665600~512
2013-03-14 18:10:27.694471 7fb5876fd700 1 -- 172.16.156.135:0/1648258 --> 172.16.170.1:6800/1310 -- osd_op(client.2216705.0:198 rb.0.1e1280.238e1f29.000000000000 [sparse-read 665600~512] 2.dabde67b) v4 -- ?+0 0x7fb5a930f970 con 0x7fb5a91668f0
2013-03-14 18:10:27.694484 7fb5876fd700 20 librbd::AioCompletion: AioCompletion::finish_adding_requests 0x7fb5a9289bf0 pending 1
2013-03-14 18:10:27.695560 7fb58ed64700 1 -- 172.16.156.135:0/1648258 <== osd.0 172.16.170.1:6800/1310 193 ==== osd_op_reply(198 rb.0.1e1280.238e1f29.000000000000 [sparse-read 665600~512] = 0) v4 ==== 132+0+536 (3679914834 0 2429927978) 0x7fb5a930a090 con 0x7fb5a91668f0
2013-03-14 18:10:27.695659 7fb587fff700 20 librbd::AioRequest: should_complete 0x7fb5a930ea00 rb.0.1e1280.238e1f29.000000000000 665600~512 r = 0
2013-03-14 18:10:27.695676 7fb587fff700 10 librbd::AioCompletion: C_AioRead::finish() 0x7fb5a9292550 r = 0
2013-03-14 18:10:27.695679 7fb587fff700 10 librbd::AioCompletion: got {665600=512} for [0,512] bl 512
2013-03-14 18:10:27.695687 7fb587fff700 20 librbd::AioCompletion: AioCompletion::complete_request() 0x7fb5a9289bf0 complete_cb=0x7fb5a6fc7170 pending 1
2013-03-14 18:10:27.695692 7fb587fff700 20 librbd::AioCompletion: AioCompletion::finalize() 0x7fb5a9289bf0 rval 512 read_buf 0x7fb5a930e400 read_bl 0
2013-03-14 18:10:27.695697 7fb587fff700 20 librbd::AioCompletion: AioCompletion::finalize() copied resulting 512 bytes to 0x7fb5a930e400
2013-03-14 18:10:27.695912 7fb5876fd700 20 librbd: aio_read 0x7fb5a9162330 completion 0x7fb5a9289bf0 [666112,512]
2013-03-14 18:10:27.695922 7fb5876fd700 20 librbd: ictx_check 0x7fb5a9162330
2013-03-14 18:10:27.695932 7fb5876fd700 20 librbd: oid rb.0.1e1280.238e1f29.000000000000 666112~512 from [0,512]
2013-03-14 18:10:27.695939 7fb5876fd700 20 librbd::AioRequest: send 0x7fb5a930f920 rb.0.1e1280.238e1f29.000000000000 666112~512
2013-03-14 18:10:27.695961 7fb5876fd700 1 -- 172.16.156.135:0/1648258 --> 172.16.170.1:6800/1310 -- osd_op(client.2216705.0:199 rb.0.1e1280.238e1f29.000000000000 [sparse-read 666112~512] 2.dabde67b) v4 -- ?+0 0x7fb5a930ac00 con 0x7fb5a91668f0
2013-03-14 18:10:27.695989 7fb5876fd700 20 librbd::AioCompletion: AioCompletion::finish_adding_requests 0x7fb5a9289bf0 pending 1
2013-03-14 18:10:27.697200 7fb58ed64700 1 -- 172.16.156.135:0/1648258 <== osd.0 172.16.170.1:6800/1310 194 ==== osd_op_reply(199 rb.0.1e1280.238e1f29.000000000000 [sparse-read 666112~512] = 0) v4 ==== 132+0+536 (2594900398 0 3246682796) 0x7fb5a9314050 con 0x7fb5a91668f0
2013-03-14 18:10:27.697245 7fb587fff700 20 librbd::AioRequest: should_complete 0x7fb5a930f920 rb.0.1e1280.238e1f29.000000000000 666112~512 r = 0
2013-03-14 18:10:27.697253 7fb587fff700 10 librbd::AioCompletion: C_AioRead::finish() 0x7fb5a925d720 r = 0
2013-03-14 18:10:27.697256 7fb587fff700 10 librbd::AioCompletion: got {666112=512} for [0,512] bl 512
2013-03-14 18:10:27.697261 7fb587fff700 20 librbd::AioCompletion: AioCompletion::complete_request() 0x7fb5a9289bf0 complete_cb=0x7fb5a6fc7170 pending 1
2013-03-14 18:10:27.697264 7fb587fff700 20 librbd::AioCompletion: AioCompletion::finalize() 0x7fb5a9289bf0 rval 512 read_buf 0x7fb5a930a600 read_bl 0
2013-03-14 18:10:27.697268 7fb587fff700 20 librbd::AioCompletion: AioCompletion::finalize() copied resulting 512 bytes to 0x7fb5a930a600
2013-03-14 18:10:27.697408 7fb5876fd700 20 librbd: aio_read 0x7fb5a9162330 completion 0x7fb5a9289bf0 [666624,512]
2013-03-14 18:10:27.697419 7fb5876fd700 20 librbd: ictx_check 0x7fb5a9162330
2013-03-14 18:10:27.697426 7fb5876fd700 20 librbd: oid rb.0.1e1280.238e1f29.000000000000 666624~512 from [0,512]
2013-03-14 18:10:27.697431 7fb5876fd700 20 librbd::AioRequest: send 0x7fb5a930abb0 rb.0.1e1280.238e1f29.000000000000 666624~512
2013-03-14 18:10:27.697448 7fb5876fd700 1 -- 172.16.156.135:0/1648258 --> 172.16.170.1:6800/1310 -- osd_op(client.2216705.0:200 rb.0.1e1280.238e1f29.000000000000 [sparse-read 666624~512] 2.dabde67b) v4 -- ?+0 0x7fb5a930bd90 con 0x7fb5a91668f0
2013-03-14 18:10:27.697462 7fb5876fd700 20 librbd::AioCompletion: AioCompletion::finish_adding_requests 0x7fb5a9289bf0 pending 1
2013-03-14 18:10:27.698595 7fb58ed64700 1 -- 172.16.156.135:0/1648258 <== osd.0 172.16.170.1:6800/1310 195 ==== osd_op_reply(200 rb.0.1e1280.238e1f29.000000000000 [sparse-read 666624~512] = 0) v4 ==== 132+0+536 (1487867562 0 3479311498) 0x7fb5a930c3a0 con 0x7fb5a91668f0
2013-03-14 18:10:27.698655 7fb587fff700 20 librbd::AioRequest: should_complete 0x7fb5a930abb0 rb.0.1e1280.238e1f29.000000000000 666624~512 r = 0
2013-03-14 18:10:27.698668 7fb587fff700 10 librbd::AioCompletion: C_AioRead::finish() 0x7fb5a9282c50 r = 0
2013-03-14 18:10:27.698670 7fb587fff700 10 librbd::AioCompletion: got {666624=512} for [0,512] bl 512
2013-03-14 18:10:27.698674 7fb587fff700 20 librbd::AioCompletion: AioCompletion::complete_request() 0x7fb5a9289bf0 complete_cb=0x7fb5a6fc7170 pending 1
2013-03-14 18:10:27.698677 7fb587fff700 20 librbd::AioCompletion: AioCompletion::finalize() 0x7fb5a9289bf0 rval 512 read_buf 0x7fb5a930a600 read_bl 0
2013-03-14 18:10:27.698680 7fb587fff700 20 librbd::AioCompletion: AioCompletion::finalize() copied resulting 512 bytes to 0x7fb5a930a600
2013-03-14 18:10:27.698874 7fb5876fd700 20 librbd: aio_read 0x7fb5a9162330 completion 0x7fb5a9289bf0 [667136,512]
2013-03-14 18:10:27.698886 7fb5876fd700 20 librbd: ictx_check 0x7fb5a9162330
2013-03-14 18:10:27.698893 7fb5876fd700 20 librbd: oid rb.0.1e1280.238e1f29.000000000000 667136~512 from [0,512]
2013-03-14 18:10:27.698898 7fb5876fd700 20 librbd::AioRequest: send 0x7fb5a930bd90 rb.0.1e1280.238e1f29.000000000000 667136~512
2013-03-14 18:10:27.698916 7fb5876fd700 1 -- 172.16.156.135:0/1648258 --> 172.16.170.1:6800/1310 -- osd_op(client.2216705.0:201 rb.0.1e1280.238e1f29.000000000000 [sparse-read 667136~512] 2.dabde67b) v4 -- ?+0 0x7fb5a930ce00 con 0x7fb5a91668f0
2013-03-14 18:10:27.698930 7fb5876fd700 20 librbd::AioCompletion: AioCompletion::finish_adding_requests 0x7fb5a9289bf0 pending 1
2013-03-14 18:10:27.700010 7fb58ed64700 1 -- 172.16.156.135:0/1648258 <== osd.0 172.16.170.1:6800/1310 196 ==== osd_op_reply(201 rb.0.1e1280.238e1f29.000000000000 [sparse-read 667136~512] = 0) v4 ==== 132+0+536 (424873046 0 3137505393) 0x7fb5a930d410 con 0x7fb5a91668f0
2013-03-14 18:10:27.700069 7fb587fff700 20 librbd::AioRequest: should_complete 0x7fb5a930bd90 rb.0.1e1280.238e1f29.000000000000 667136~512 r = 0
2013-03-14 18:10:27.700077 7fb587fff700 10 librbd::AioCompletion: C_AioRead::finish() 0x7fb5a926c510 r = 0
2013-03-14 18:10:27.700079 7fb587fff700 10 librbd::AioCompletion: got {667136=512} for [0,512] bl 512
2013-03-14 18:10:27.700084 7fb587fff700 20 librbd::AioCompletion: AioCompletion::complete_request() 0x7fb5a9289bf0 complete_cb=0x7fb5a6fc7170 pending 1
2013-03-14 18:10:27.700086 7fb587fff700 20 librbd::AioCompletion: AioCompletion::finalize() 0x7fb5a9289bf0 rval 512 read_buf 0x7fb5a930c800 read_bl 0
2013-03-14 18:10:27.700089 7fb587fff700 20 librbd::AioCompletion: AioCompletion::finalize() copied resulting 512 bytes to 0x7fb5a930c800
2013-03-14 18:10:27.700326 7fb5876fd700 20 librbd: aio_read 0x7fb5a9162330 completion 0x7fb5a9289bf0 [667648,512]
2013-03-14 18:10:27.700338 7fb5876fd700 20 librbd: ictx_check 0x7fb5a9162330
2013-03-14 18:10:27.700347 7fb5876fd700 20 librbd: oid rb.0.1e1280.238e1f29.000000000000 667648~512 from [0,512]
2013-03-14 18:10:27.700352 7fb5876fd700 20 librbd::AioRequest: send 0x7fb5a930ced0 rb.0.1e1280.238e1f29.000000000000 667648~512
2013-03-14 18:10:27.700370 7fb5876fd700 1 -- 172.16.156.135:0/1648258 --> 172.16.170.1:6800/1310 -- osd_op(client.2216705.0:202 rb.0.1e1280.238e1f29.000000000000 [sparse-read 667648~512] 2.dabde67b) v4 -- ?+0 0x7fb5a930de00 con 0x7fb5a91668f0
2013-03-14 18:10:27.700385 7fb5876fd700 20 librbd::AioCompletion: AioCompletion::finish_adding_requests 0x7fb5a9289bf0 pending 1
2013-03-14 18:10:27.701534 7fb58ed64700 1 -- 172.16.156.135:0/1648258 <== osd.0 172.16.170.1:6800/1310 197 ==== osd_op_reply(202 rb.0.1e1280.238e1f29.000000000000 [sparse-read 667648~512] = 0) v4 ==== 132+0+536 (3715337297 0 2213726554) 0x7fb5a9310380 con 0x7fb5a91668f0
2013-03-14 18:10:27.701610 7fb587fff700 20 librbd::AioRequest: should_complete 0x7fb5a930ced0 rb.0.1e1280.238e1f29.000000000000 667648~512 r = 0
2013-03-14 18:10:27.701620 7fb587fff700 10 librbd::AioCompletion: C_AioRead::finish() 0x7fb5a9299e60 r = 0
2013-03-14 18:10:27.701622 7fb587fff700 10 librbd::AioCompletion: got {667648=512} for [0,512] bl 512
2013-03-14 18:10:27.701629 7fb587fff700 20 librbd::AioCompletion: AioCompletion::complete_request() 0x7fb5a9289bf0 complete_cb=0x7fb5a6fc7170 pending 1
2013-03-14 18:10:27.701634 7fb587fff700 20 librbd::AioCompletion: AioCompletion::finalize() 0x7fb5a9289bf0 rval 512 read_buf 0x7fb5a930d800 read_bl 0
2013-03-14 18:10:27.701639 7fb587fff700 20 librbd::AioCompletion: AioCompletion::finalize() copied resulting 512 bytes to 0x7fb5a930d800
2013-03-14 18:10:27.701801 7fb5876fd700 20 librbd: aio_read 0x7fb5a9162330 completion 0x7fb5a9289bf0 [668160,512]
2013-03-14 18:10:27.701812 7fb5876fd700 20 librbd: ictx_check 0x7fb5a9162330
2013-03-14 18:10:27.701820 7fb5876fd700 20 librbd: oid rb.0.1e1280.238e1f29.000000000000 668160~512 from [0,512]
2013-03-14 18:10:27.701825 7fb5876fd700 20 librbd::AioRequest: send 0x7fb5a930de00 rb.0.1e1280.238e1f29.000000000000 668160~512
2013-03-14 18:10:27.701842 7fb5876fd700 1 -- 172.16.156.135:0/1648258 --> 172.16.170.1:6800/1310 -- osd_op(client.2216705.0:203 rb.0.1e1280.238e1f29.000000000000 [sparse-read 668160~512] 2.dabde67b) v4 -- ?+0 0x7fb5a9314c00 con 0x7fb5a91668f0
2013-03-14 18:10:27.701856 7fb5876fd700 20 librbd::AioCompletion: AioCompletion::finish_adding_requests 0x7fb5a9289bf0 pending 1
2013-03-14 18:10:27.702962 7fb58ed64700 1 -- 172.16.156.135:0/1648258 <== osd.0 172.16.170.1:6800/1310 198 ==== osd_op_reply(203 rb.0.1e1280.238e1f29.000000000000 [sparse-read 668160~512] = 0) v4 ==== 132+0+536 (2626653869 0 2960553207) 0x7fb5a9315210 con 0x7fb5a91668f0
2013-03-14 18:10:27.703009 7fb587fff700 20 librbd::AioRequest: should_complete 0x7fb5a930de00 rb.0.1e1280.238e1f29.000000000000 668160~512 r = 0
2013-03-14 18:10:27.703018 7fb587fff700 10 librbd::AioCompletion: C_AioRead::finish() 0x7fb5a92cdad0 r = 0
2013-03-14 18:10:27.703020 7fb587fff700 10 librbd::AioCompletion: got {668160=512} for [0,512] bl 512
2013-03-14 18:10:27.703026 7fb587fff700 20 librbd::AioCompletion: AioCompletion::complete_request() 0x7fb5a9289bf0 complete_cb=0x7fb5a6fc7170 pending 1
2013-03-14 18:10:27.703029 7fb587fff700 20 librbd::AioCompletion: AioCompletion::finalize() 0x7fb5a9289bf0 rval 512 read_buf 0x7fb5a9314600 read_bl 0
2013-03-14 18:10:27.703033 7fb587fff700 20 librbd::AioCompletion: AioCompletion::finalize() copied resulting 512 bytes to 0x7fb5a9314600
2013-03-14 18:10:27.703163 7fb5876fd700 20 librbd: aio_read 0x7fb5a9162330 completion 0x7fb5a9289bf0 [668672,512]
2013-03-14 18:10:27.703177 7fb5876fd700 20 librbd: ictx_check 0x7fb5a9162330
2013-03-14 18:10:27.703190 7fb5876fd700 20 librbd: oid rb.0.1e1280.238e1f29.000000000000 668672~512 from [0,512]
2013-03-14 18:10:27.703198 7fb5876fd700 20 librbd::AioRequest: send 0x7fb5a9314c00 rb.0.1e1280.238e1f29.000000000000 668672~512
2013-03-14 18:10:27.703220 7fb5876fd700 1 -- 172.16.156.135:0/1648258 --> 172.16.170.1:6800/1310 -- osd_op(client.2216705.0:204 rb.0.1e1280.238e1f29.000000000000 [sparse-read 668672~512] 2.dabde67b) v4 -- ?+0 0x7fb5a9315c00 con 0x7fb5a91668f0
2013-03-14 18:10:27.703247 7fb5876fd700 20 librbd::AioCompletion: AioCompletion::finish_adding_requests 0x7fb5a9289bf0 pending 1
2013-03-14 18:10:27.704309 7fb58ed64700 1 -- 172.16.156.135:0/1648258 <== osd.0 172.16.170.1:6800/1310 199 ==== osd_op_reply(204 rb.0.1e1280.238e1f29.000000000000 [sparse-read 668672~512] = 0) v4 ==== 132+0+536 (1586203049 0 1377245815) 0x7fb5a9310380 con 0x7fb5a91668f0
2013-03-14 18:10:27.704364 7fb587fff700 20 librbd::AioRequest: should_complete 0x7fb5a9314c00 rb.0.1e1280.238e1f29.000000000000 668672~512 r = 0
2013-03-14 18:10:27.704373 7fb587fff700 10 librbd::AioCompletion: C_AioRead::finish() 0x7fb5a9293630 r = 0
2013-03-14 18:10:27.704375 7fb587fff700 10 librbd::AioCompletion: got {668672=512} for [0,512] bl 512
2013-03-14 18:10:27.704381 7fb587fff700 20 librbd::AioCompletion: AioCompletion::complete_request() 0x7fb5a9289bf0 complete_cb=0x7fb5a6fc7170 pending 1
2013-03-14 18:10:27.704385 7fb587fff700 20 librbd::AioCompletion: AioCompletion::finalize() 0x7fb5a9289bf0 rval 512 read_buf 0x7fb5a9315600 read_bl 0
2013-03-14 18:10:27.704388 7fb587fff700 20 librbd::AioCompletion: AioCompletion::finalize() copied resulting 512 bytes to 0x7fb5a9315600
2013-03-14 18:10:27.704541 7fb5876fd700 20 librbd: aio_read 0x7fb5a9162330 completion 0x7fb5a9289bf0 [669184,512]
2013-03-14 18:10:27.704552 7fb5876fd700 20 librbd: ictx_check 0x7fb5a9162330
2013-03-14 18:10:27.704561 7fb5876fd700 20 librbd: oid rb.0.1e1280.238e1f29.000000000000 669184~512 from [0,512]
2013-03-14 18:10:27.704566 7fb5876fd700 20 librbd::AioRequest: send 0x7fb5a9315c00 rb.0.1e1280.238e1f29.000000000000 669184~512
2013-03-14 18:10:27.704584 7fb5876fd700 1 -- 172.16.156.135:0/1648258 --> 172.16.170.1:6800/1310 -- osd_op(client.2216705.0:205 rb.0.1e1280.238e1f29.000000000000 [sparse-read 669184~512] 2.dabde67b) v4 -- ?+0 0x7fb5a9311000 con 0x7fb5a91668f0
2013-03-14 18:10:27.704600 7fb5876fd700 20 librbd::AioCompletion: AioCompletion::finish_adding_requests 0x7fb5a9289bf0 pending 1
2013-03-14 18:10:27.705658 7fb58ed64700 1 -- 172.16.156.135:0/1648258 <== osd.0 172.16.170.1:6800/1310 200 ==== osd_op_reply(205 rb.0.1e1280.238e1f29.000000000000 [sparse-read 669184~512] = 0) v4 ==== 132+0+536 (527928149 0 349723826) 0x7fb5a931a050 con 0x7fb5a91668f0
2013-03-14 18:10:27.705726 7fb587fff700 20 librbd::AioRequest: should_complete 0x7fb5a9315c00 rb.0.1e1280.238e1f29.000000000000 669184~512 r = 0
2013-03-14 18:10:27.705744 7fb587fff700 10 librbd::AioCompletion: C_AioRead::finish() 0x7fb5a92b2ed0 r = 0
2013-03-14 18:10:27.705748 7fb587fff700 10 librbd::AioCompletion: got {669184=512} for [0,512] bl 512
2013-03-14 18:10:27.705755 7fb587fff700 20 librbd::AioCompletion: AioCompletion::complete_request() 0x7fb5a9289bf0 complete_cb=0x7fb5a6fc7170 pending 1
2013-03-14 18:10:27.705758 7fb587fff700 20 librbd::AioCompletion: AioCompletion::finalize() 0x7fb5a9289bf0 rval 512 read_buf 0x7fb5a9310a00 read_bl 0
2013-03-14 18:10:27.705777 7fb587fff700 20 librbd::AioCompletion: AioCompletion::finalize() copied resulting 512 bytes to 0x7fb5a9310a00
2013-03-14 18:10:27.705960 7fb5876fd700 20 librbd: aio_read 0x7fb5a9162330 completion 0x7fb5a9289bf0 [669696,512]
2013-03-14 18:10:27.705972 7fb5876fd700 20 librbd: ictx_check 0x7fb5a9162330
2013-03-14 18:10:27.705983 7fb5876fd700 20 librbd: oid rb.0.1e1280.238e1f29.000000000000 669696~512 from [0,512]
2013-03-14 18:10:27.705990 7fb5876fd700 20 librbd::AioRequest: send 0x7fb5a9310fb0 rb.0.1e1280.238e1f29.000000000000 669696~512
2013-03-14 18:10:27.706012 7fb5876fd700 1 -- 172.16.156.135:0/1648258 --> 172.16.170.1:6800/1310 -- osd_op(client.2216705.0:206 rb.0.1e1280.238e1f29.000000000000 [sparse-read 669696~512] 2.dabde67b) v4 -- ?+0 0x7fb5a9312190 con 0x7fb5a91668f0
2013-03-14 18:10:27.706032 7fb5876fd700 20 librbd::AioCompletion: AioCompletion::finish_adding_requests 0x7fb5a9289bf0 pending 1
2013-03-14 18:10:27.707038 7fb58ed64700 1 -- 172.16.156.135:0/1648258 <== osd.0 172.16.170.1:6800/1310 201 ==== osd_op_reply(206 rb.0.1e1280.238e1f29.000000000000 [sparse-read 669696~512] = 0) v4 ==== 132+0+536 (3748655440 0 2349262941) 0x7fb5a93127a0 con 0x7fb5a91668f0
2013-03-14 18:10:27.707094 7fb587fff700 20 librbd::AioRequest: should_complete 0x7fb5a9310fb0 rb.0.1e1280.238e1f29.000000000000 669696~512 r = 0
2013-03-14 18:10:27.707110 7fb587fff700 10 librbd::AioCompletion: C_AioRead::finish() 0x7fb5a928f550 r = 0
2013-03-14 18:10:27.707112 7fb587fff700 10 librbd::AioCompletion: got {669696=512} for [0,512] bl 512
2013-03-14 18:10:27.707116 7fb587fff700 20 librbd::AioCompletion: AioCompletion::complete_request() 0x7fb5a9289bf0 complete_cb=0x7fb5a6fc7170 pending 1
2013-03-14 18:10:27.707119 7fb587fff700 20 librbd::AioCompletion: AioCompletion::finalize() 0x7fb5a9289bf0 rval 512 read_buf 0x7fb5a9310a00 read_bl 0
2013-03-14 18:10:27.707122 7fb587fff700 20 librbd::AioCompletion: AioCompletion::finalize() copied resulting 512 bytes to 0x7fb5a9310a00
2013-03-14 18:10:27.707298 7fb5876fd700 20 librbd: aio_read 0x7fb5a9162330 completion 0x7fb5a9289bf0 [670208,512]
2013-03-14 18:10:27.707308 7fb5876fd700 20 librbd: ictx_check 0x7fb5a9162330
2013-03-14 18:10:27.707315 7fb5876fd700 20 librbd: oid rb.0.1e1280.238e1f29.000000000000 670208~512 from [0,512]
2013-03-14 18:10:27.707320 7fb5876fd700 20 librbd::AioRequest: send 0x7fb5a9312190 rb.0.1e1280.238e1f29.000000000000 670208~512
2013-03-14 18:10:27.707338 7fb5876fd700 1 -- 172.16.156.135:0/1648258 --> 172.16.170.1:6800/1310 -- osd_op(client.2216705.0:207 rb.0.1e1280.238e1f29.000000000000 [sparse-read 670208~512] 2.dabde67b) v4 -- ?+0 0x7fb5a9313200 con 0x7fb5a91668f0
2013-03-14 18:10:27.707352 7fb5876fd700 20 librbd::AioCompletion: AioCompletion::finish_adding_requests 0x7fb5a9289bf0 pending 1
2013-03-14 18:10:27.708342 7fb58ed64700 1 -- 172.16.156.135:0/1648258 <== osd.0 172.16.170.1:6800/1310 202 ==== osd_op_reply(207 rb.0.1e1280.238e1f29.000000000000 [sparse-read 670208~512] = 0) v4 ==== 132+0+536 (2660496300 0 2970641552) 0x7fb5a9313810 con 0x7fb5a91668f0
2013-03-14 18:10:27.708400 7fb587fff700 20 librbd::AioRequest: should_complete 0x7fb5a9312190 rb.0.1e1280.238e1f29.000000000000 670208~512 r = 0
2013-03-14 18:10:27.708413 7fb587fff700 10 librbd::AioCompletion: C_AioRead::finish() 0x7fb5a92ace80 r = 0
2013-03-14 18:10:27.708415 7fb587fff700 10 librbd::AioCompletion: got {670208=512} for [0,512] bl 512
2013-03-14 18:10:27.708419 7fb587fff700 20 librbd::AioCompletion: AioCompletion::complete_request() 0x7fb5a9289bf0 complete_cb=0x7fb5a6fc7170 pending 1
2013-03-14 18:10:27.708422 7fb587fff700 20 librbd::AioCompletion: AioCompletion::finalize() 0x7fb5a9289bf0 rval 512 read_buf 0x7fb5a9312c00 read_bl 0
2013-03-14 18:10:27.708425 7fb587fff700 20 librbd::AioCompletion: AioCompletion::finalize() copied resulting 512 bytes to 0x7fb5a9312c00
2013-03-14 18:10:27.708639 7fb5876fd700 20 librbd: aio_read 0x7fb5a9162330 completion 0x7fb5a9289bf0 [670720,512]
2013-03-14 18:10:27.708651 7fb5876fd700 20 librbd: ictx_check 0x7fb5a9162330
2013-03-14 18:10:27.708663 7fb5876fd700 20 librbd: oid rb.0.1e1280.238e1f29.000000000000 670720~512 from [0,512]
2013-03-14 18:10:27.708668 7fb5876fd700 20 librbd::AioRequest: send 0x7fb5a93132d0 rb.0.1e1280.238e1f29.000000000000 670720~512
2013-03-14 18:10:27.708686 7fb5876fd700 1 -- 172.16.156.135:0/1648258 --> 172.16.170.1:6800/1310 -- osd_op(client.2216705.0:208 rb.0.1e1280.238e1f29.000000000000 [sparse-read 670720~512] 2.dabde67b) v4 -- ?+0 0x7fb5a9316210 con 0x7fb5a91668f0
2013-03-14 18:10:27.708700 7fb5876fd700 20 librbd::AioCompletion: AioCompletion::finish_adding_requests 0x7fb5a9289bf0 pending 1
2013-03-14 18:10:27.709763 7fb58ed64700 1 -- 172.16.156.135:0/1648258 <== osd.0 172.16.170.1:6800/1310 203 ==== osd_op_reply(208 rb.0.1e1280.238e1f29.000000000000 [sparse-read 670720~512] = 0) v4 ==== 132+0+536 (1553462440 0 1237172254) 0x7fb5a9316820 con 0x7fb5a91668f0
2013-03-14 18:10:27.709816 7fb587fff700 20 librbd::AioRequest: should_complete 0x7fb5a93132d0 rb.0.1e1280.238e1f29.000000000000 670720~512 r = 0
2013-03-14 18:10:27.709827 7fb587fff700 10 librbd::AioCompletion: C_AioRead::finish() 0x7fb5a92f3f00 r = 0
2013-03-14 18:10:27.709829 7fb587fff700 10 librbd::AioCompletion: got {670720=512} for [0,512] bl 512
2013-03-14 18:10:27.709835 7fb587fff700 20 librbd::AioCompletion: AioCompletion::complete_request() 0x7fb5a9289bf0 complete_cb=0x7fb5a6fc7170 pending 1
2013-03-14 18:10:27.709839 7fb587fff700 20 librbd::AioCompletion: AioCompletion::finalize() 0x7fb5a9289bf0 rval 512 read_buf 0x7fb5a9313c00 read_bl 0
2013-03-14 18:10:27.709843 7fb587fff700 20 librbd::AioCompletion: AioCompletion::finalize() copied resulting 512 bytes to 0x7fb5a9313c00
2013-03-14 18:10:27.709998 7fb5876fd700 20 librbd: aio_read 0x7fb5a9162330 completion 0x7fb5a9289bf0 [671232,512]
2013-03-14 18:10:27.710008 7fb5876fd700 20 librbd: ictx_check 0x7fb5a9162330
2013-03-14 18:10:27.710015 7fb5876fd700 20 librbd: oid rb.0.1e1280.238e1f29.000000000000 671232~512 from [0,512]
2013-03-14 18:10:27.710020 7fb5876fd700 20 librbd::AioRequest: send 0x7fb5a9313ee0 rb.0.1e1280.238e1f29.000000000000 671232~512
2013-03-14 18:10:27.710038 7fb5876fd700 1 -- 172.16.156.135:0/1648258 --> 172.16.170.1:6800/1310 -- osd_op(client.2216705.0:209 rb.0.1e1280.238e1f29.000000000000 [sparse-read 671232~512] 2.dabde67b) v4 -- ?+0 0x7fb5a931aa60 con 0x7fb5a91668f0
2013-03-14 18:10:27.710053 7fb5876fd700 20 librbd::AioCompletion: AioCompletion::finish_adding_requests 0x7fb5a9289bf0 pending 1
2013-03-14 18:10:27.711111 7fb58ed64700 1 -- 172.16.156.135:0/1648258 <== osd.0 172.16.170.1:6800/1310 204 ==== osd_op_reply(209 rb.0.1e1280.238e1f29.000000000000 [sparse-read 671232~512] = 0) v4 ==== 132+0+536 (493614676 0 585669863) 0x7fb5a931aff0 con 0x7fb5a91668f0
2013-03-14 18:10:27.711164 7fb587fff700 20 librbd::AioRequest: should_complete 0x7fb5a9313ee0 rb.0.1e1280.238e1f29.000000000000 671232~512 r = 0
2013-03-14 18:10:27.711177 7fb587fff700 10 librbd::AioCompletion: C_AioRead::finish() 0x7fb5a9279800 r = 0
2013-03-14 18:10:27.711180 7fb587fff700 10 librbd::AioCompletion: got {671232=512} for [0,512] bl 512
2013-03-14 18:10:27.711189 7fb587fff700 20 librbd::AioCompletion: AioCompletion::complete_request() 0x7fb5a9289bf0 complete_cb=0x7fb5a6fc7170 pending 1
2013-03-14 18:10:27.711196 7fb587fff700 20 librbd::AioCompletion: AioCompletion::finalize() 0x7fb5a9289bf0 rval 512 read_buf 0x7fb5a9313c00 read_bl 0
2013-03-14 18:10:27.711203 7fb587fff700 20 librbd::AioCompletion: AioCompletion::finalize() copied resulting 512 bytes to 0x7fb5a9313c00
2013-03-14 18:10:27.711367 7fb5876fd700 20 librbd: aio_read 0x7fb5a9162330 completion 0x7fb5a9289bf0 [671744,512]
2013-03-14 18:10:27.711377 7fb5876fd700 20 librbd: ictx_check 0x7fb5a9162330
2013-03-14 18:10:27.711385 7fb5876fd700 20 librbd: oid rb.0.1e1280.238e1f29.000000000000 671744~512 from [0,512]
2013-03-14 18:10:27.711397 7fb5876fd700 20 librbd::AioRequest: send 0x7fb5a931a670 rb.0.1e1280.238e1f29.000000000000 671744~512
2013-03-14 18:10:27.711413 7fb5876fd700 1 -- 172.16.156.135:0/1648258 --> 172.16.170.1:6800/1310 -- osd_op(client.2216705.0:210 rb.0.1e1280.238e1f29.000000000000 [sparse-read 671744~512] 2.dabde67b) v4 -- ?+0 0x7fb5a931bc00 con 0x7fb5a91668f0
2013-03-14 18:10:27.711429 7fb5876fd700 20 librbd::AioCompletion: AioCompletion::finish_adding_requests 0x7fb5a9289bf0 pending 1
2013-03-14 18:10:27.712537 7fb58ed64700 1 -- 172.16.156.135:0/1648258 <== osd.0 172.16.170.1:6800/1310 205 ==== osd_op_reply(210 rb.0.1e1280.238e1f29.000000000000 [sparse-read 671744~512] = 0) v4 ==== 132+0+536 (3252251231 0 2909328449) 0x7fb5a93168f0 con 0x7fb5a91668f0
2013-03-14 18:10:27.712632 7fb587fff700 20 librbd::AioRequest: should_complete 0x7fb5a931a670 rb.0.1e1280.238e1f29.000000000000 671744~512 r = 0
2013-03-14 18:10:27.712648 7fb587fff700 10 librbd::AioCompletion: C_AioRead::finish() 0x7fb5a925def0 r = 0
2013-03-14 18:10:27.712651 7fb587fff700 10 librbd::AioCompletion: got {671744=512} for [0,512] bl 512
2013-03-14 18:10:27.712659 7fb587fff700 20 librbd::AioCompletion: AioCompletion::complete_request() 0x7fb5a9289bf0 complete_cb=0x7fb5a6fc7170 pending 1
2013-03-14 18:10:27.712663 7fb587fff700 20 librbd::AioCompletion: AioCompletion::finalize() 0x7fb5a9289bf0 rval 512 read_buf 0x7fb5a931b600 read_bl 0
2013-03-14 18:10:27.712669 7fb587fff700 20 librbd::AioCompletion: AioCompletion::finalize() copied resulting 512 bytes to 0x7fb5a931b600
2013-03-14 18:10:27.712822 7fb5876fd700 20 librbd: aio_read 0x7fb5a9162330 completion 0x7fb5a9289bf0 [672256,512]
2013-03-14 18:10:27.712832 7fb5876fd700 20 librbd: ictx_check 0x7fb5a9162330
2013-03-14 18:10:27.712840 7fb5876fd700 20 librbd: oid rb.0.1e1280.238e1f29.000000000000 672256~512 from [0,512]
2013-03-14 18:10:27.712845 7fb5876fd700 20 librbd::AioRequest: send 0x7fb5a931bbb0 rb.0.1e1280.238e1f29.000000000000 672256~512
2013-03-14 18:10:27.712861 7fb5876fd700 1 -- 172.16.156.135:0/1648258 --> 172.16.170.1:6800/1310 -- osd_op(client.2216705.0:211 rb.0.1e1280.238e1f29.000000000000 [sparse-read 672256~512] 2.dabde67b) v4 -- ?+0 0x7fb5a9317600 con 0x7fb5a91668f0
2013-03-14 18:10:27.712874 7fb5876fd700 20 librbd::AioCompletion: AioCompletion::finish_adding_requests 0x7fb5a9289bf0 pending 1
2013-03-14 18:10:27.713799 7fb58ed64700 1 -- 172.16.156.135:0/1648258 <== osd.0 172.16.170.1:6800/1310 206 ==== osd_op_reply(211 rb.0.1e1280.238e1f29.000000000000 [sparse-read 672256~512] = 0) v4 ==== 132+0+536 (2149935267 0 2035586437) 0x7fb5a9320050 con 0x7fb5a91668f0
2013-03-14 18:10:27.713889 7fb587fff700 20 librbd::AioRequest: should_complete 0x7fb5a931bbb0 rb.0.1e1280.238e1f29.000000000000 672256~512 r = 0
2013-03-14 18:10:27.713908 7fb587fff700 10 librbd::AioCompletion: C_AioRead::finish() 0x7fb5a92db0f0 r = 0
2013-03-14 18:10:27.713912 7fb587fff700 10 librbd::AioCompletion: got {672256=512} for [0,512] bl 512
2013-03-14 18:10:27.713920 7fb587fff700 20 librbd::AioCompletion: AioCompletion::complete_request() 0x7fb5a9289bf0 complete_cb=0x7fb5a6fc7170 pending 1
2013-03-14 18:10:27.713925 7fb587fff700 20 librbd::AioCompletion: AioCompletion::finalize() 0x7fb5a9289bf0 rval 512 read_buf 0x7fb5a9317000 read_bl 0
2013-03-14 18:10:27.713930 7fb587fff700 20 librbd::AioCompletion: AioCompletion::finalize() copied resulting 512 bytes to 0x7fb5a9317000
2013-03-14 18:10:27.714158 7fb5876fd700 20 librbd: aio_read 0x7fb5a9162330 completion 0x7fb5a9289bf0 [672768,512]
2013-03-14 18:10:27.714168 7fb5876fd700 20 librbd: ictx_check 0x7fb5a9162330
2013-03-14 18:10:27.714176 7fb5876fd700 20 librbd: oid rb.0.1e1280.238e1f29.000000000000 672768~512 from [0,512]
2013-03-14 18:10:27.714181 7fb5876fd700 20 librbd::AioRequest: send 0x7fb5a9317600 rb.0.1e1280.238e1f29.000000000000 672768~512
2013-03-14 18:10:27.714197 7fb5876fd700 1 -- 172.16.156.135:0/1648258 --> 172.16.170.1:6800/1310 -- osd_op(client.2216705.0:212 rb.0.1e1280.238e1f29.000000000000 [sparse-read 672768~512] 2.dabde67b) v4 -- ?+0 0x7fb5a9318570 con 0x7fb5a91668f0
2013-03-14 18:10:27.714211 7fb5876fd700 20 librbd::AioCompletion: AioCompletion::finish_adding_requests 0x7fb5a9289bf0 pending 1
2013-03-14 18:10:27.715353 7fb58ed64700 1 -- 172.16.156.135:0/1648258 <== osd.0 172.16.170.1:6800/1310 207 ==== osd_op_reply(212 rb.0.1e1280.238e1f29.000000000000 [sparse-read 672768~512] = 0) v4 ==== 132+0+536 (1109487527 0 2134757465) 0x7fb5a9318b80 con 0x7fb5a91668f0
2013-03-14 18:10:27.715453 7fb587fff700 20 librbd::AioRequest: should_complete 0x7fb5a9317600 rb.0.1e1280.238e1f29.000000000000 672768~512 r = 0
2013-03-14 18:10:27.715470 7fb587fff700 10 librbd::AioCompletion: C_AioRead::finish() 0x7fb5a92bbb80 r = 0
2013-03-14 18:10:27.715473 7fb587fff700 10 librbd::AioCompletion: got {672768=512} for [0,512] bl 512
2013-03-14 18:10:27.715480 7fb587fff700 20 librbd::AioCompletion: AioCompletion::complete_request() 0x7fb5a9289bf0 complete_cb=0x7fb5a6fc7170 pending 1
2013-03-14 18:10:27.715485 7fb587fff700 20 librbd::AioCompletion: AioCompletion::finalize() 0x7fb5a9289bf0 rval 512 read_buf 0x7fb5a9317000 read_bl 0
2013-03-14 18:10:27.715490 7fb587fff700 20 librbd::AioCompletion: AioCompletion::finalize() copied resulting 512 bytes to 0x7fb5a9317000
2013-03-14 18:10:27.715829 7fb5876fd700 20 librbd: aio_read 0x7fb5a9162330 completion 0x7fb5a9289bf0 [673280,512]
2013-03-14 18:10:27.715839 7fb5876fd700 20 librbd: ictx_check 0x7fb5a9162330
2013-03-14 18:10:27.715847 7fb5876fd700 20 librbd: oid rb.0.1e1280.238e1f29.000000000000 673280~512 from [0,512]
2013-03-14 18:10:27.715852 7fb5876fd700 20 librbd::AioRequest: send 0x7fb5a9318570 rb.0.1e1280.238e1f29.000000000000 673280~512
2013-03-14 18:10:27.715868 7fb5876fd700 1 -- 172.16.156.135:0/1648258 --> 172.16.170.1:6800/1310 -- osd_op(client.2216705.0:213 rb.0.1e1280.238e1f29.000000000000 [sparse-read 673280~512] 2.dabde67b) v4 -- ?+0 0x7fb5a9319600 con 0x7fb5a91668f0
2013-03-14 18:10:27.715881 7fb5876fd700 20 librbd::AioCompletion: AioCompletion::finish_adding_requests 0x7fb5a9289bf0 pending 1
2013-03-14 18:10:27.716903 7fb58ed64700 1 -- 172.16.156.135:0/1648258 <== osd.0 172.16.170.1:6800/1310 208 ==== osd_op_reply(213 rb.0.1e1280.238e1f29.000000000000 [sparse-read 673280~512] = 0) v4 ==== 132+0+536 (64843099 0 2275910181) 0x7fb5a9319c10 con 0x7fb5a91668f0
2013-03-14 18:10:27.716954 7fb587fff700 20 librbd::AioRequest: should_complete 0x7fb5a9318570 rb.0.1e1280.238e1f29.000000000000 673280~512 r = 0
2013-03-14 18:10:27.716970 7fb587fff700 10 librbd::AioCompletion: C_AioRead::finish() 0x7fb5a9261a00 r = 0
2013-03-14 18:10:27.716974 7fb587fff700 10 librbd::AioCompletion: got {673280=512} for [0,512] bl 512
2013-03-14 18:10:27.716983 7fb587fff700 20 librbd::AioCompletion: AioCompletion::complete_request() 0x7fb5a9289bf0 complete_cb=0x7fb5a6fc7170 pending 1
2013-03-14 18:10:27.716990 7fb587fff700 20 librbd::AioCompletion: AioCompletion::finalize() 0x7fb5a9289bf0 rval 512 read_buf 0x7fb5a9319000 read_bl 0
2013-03-14 18:10:27.716997 7fb587fff700 20 librbd::AioCompletion: AioCompletion::finalize() copied resulting 512 bytes to 0x7fb5a9319000
2013-03-14 18:10:27.717210 7fb5876fd700 20 librbd: aio_read 0x7fb5a9162330 completion 0x7fb5a9289bf0 [673792,512]
2013-03-14 18:10:27.717220 7fb5876fd700 20 librbd: ictx_check 0x7fb5a9162330
2013-03-14 18:10:27.717228 7fb5876fd700 20 librbd: oid rb.0.1e1280.238e1f29.000000000000 673792~512 from [0,512]
2013-03-14 18:10:27.717234 7fb5876fd700 20 librbd::AioRequest: send 0x7fb5a9319600 rb.0.1e1280.238e1f29.000000000000 673792~512
2013-03-14 18:10:27.717254 7fb5876fd700 1 -- 172.16.156.135:0/1648258 --> 172.16.170.1:6800/1310 -- osd_op(client.2216705.0:214 rb.0.1e1280.238e1f29.000000000000 [sparse-read 673792~512] 2.dabde67b) v4 -- ?+0 0x7fb5a931c800 con 0x7fb5a91668f0
2013-03-14 18:10:27.717278 7fb5876fd700 20 librbd::AioCompletion: AioCompletion::finish_adding_requests 0x7fb5a9289bf0 pending 1
2013-03-14 18:10:27.718322 7fb58ed64700 1 -- 172.16.156.135:0/1648258 <== osd.0 172.16.170.1:6800/1310 209 ==== osd_op_reply(214 rb.0.1e1280.238e1f29.000000000000 [sparse-read 673792~512] = 0) v4 ==== 132+0+536 (3284473694 0 1254625491) 0x7fb5a931ce10 con 0x7fb5a91668f0
2013-03-14 18:10:27.718425 7fb587fff700 20 librbd::AioRequest: should_complete 0x7fb5a9319600 rb.0.1e1280.238e1f29.000000000000 673792~512 r = 0
2013-03-14 18:10:27.718442 7fb587fff700 10 librbd::AioCompletion: C_AioRead::finish() 0x7fb5a92fccd0 r = 0
2013-03-14 18:10:27.718446 7fb587fff700 10 librbd::AioCompletion: got {673792=512} for [0,512] bl 512
2013-03-14 18:10:27.718453 7fb587fff700 20 librbd::AioCompletion: AioCompletion::complete_request() 0x7fb5a9289bf0 complete_cb=0x7fb5a6fc7170 pending 1
2013-03-14 18:10:27.718467 7fb587fff700 20 librbd::AioCompletion: AioCompletion::finalize() 0x7fb5a9289bf0 rval 512 read_buf 0x7fb5a931c200 read_bl 0
2013-03-14 18:10:27.718476 7fb587fff700 20 librbd::AioCompletion: AioCompletion::finalize() copied resulting 512 bytes to 0x7fb5a931c200
2013-03-14 18:10:27.718706 7fb5876fd700 20 librbd: aio_read 0x7fb5a9162330 completion 0x7fb5a9289bf0 [674304,512]
2013-03-14 18:10:27.718716 7fb5876fd700 20 librbd: ictx_check 0x7fb5a9162330
2013-03-14 18:10:27.718724 7fb5876fd700 20 librbd: oid rb.0.1e1280.238e1f29.000000000000 674304~512 from [0,512]
2013-03-14 18:10:27.718729 7fb5876fd700 20 librbd::AioRequest: send 0x7fb5a931c800 rb.0.1e1280.238e1f29.000000000000 674304~512
2013-03-14 18:10:27.718745 7fb5876fd700 1 -- 172.16.156.135:0/1648258 --> 172.16.170.1:6800/1310 -- osd_op(client.2216705.0:215 rb.0.1e1280.238e1f29.000000000000 [sparse-read 674304~512] 2.dabde67b) v4 -- ?+0 0x7fb5a9321a00 con 0x7fb5a91668f0
2013-03-14 18:10:27.718759 7fb5876fd700 20 librbd::AioCompletion: AioCompletion::finish_adding_requests 0x7fb5a9289bf0 pending 1
2013-03-14 18:10:27.719814 7fb58ed64700 1 -- 172.16.156.135:0/1648258 <== osd.0 172.16.170.1:6800/1310 210 ==== osd_op_reply(215 rb.0.1e1280.238e1f29.000000000000 [sparse-read 674304~512] = 0) v4 ==== 132+0+536 (2184779170 0 2233975767) 0x7fb5a931ce10 con 0x7fb5a91668f0
2013-03-14 18:10:27.719909 7fb587fff700 20 librbd::AioRequest: should_complete 0x7fb5a931c800 rb.0.1e1280.238e1f29.000000000000 674304~512 r = 0
2013-03-14 18:10:27.719926 7fb587fff700 10 librbd::AioCompletion: C_AioRead::finish() 0x7fb5a92760f0 r = 0
2013-03-14 18:10:27.719930 7fb587fff700 10 librbd::AioCompletion: got {674304=512} for [0,512] bl 512
2013-03-14 18:10:27.719938 7fb587fff700 20 librbd::AioCompletion: AioCompletion::complete_request() 0x7fb5a9289bf0 complete_cb=0x7fb5a6fc7170 pending 1
2013-03-14 18:10:27.719943 7fb587fff700 20 librbd::AioCompletion: AioCompletion::finalize() 0x7fb5a9289bf0 rval 512 read_buf 0x7fb5a9321400 read_bl 0
2013-03-14 18:10:27.719949 7fb587fff700 20 librbd::AioCompletion: AioCompletion::finalize() copied resulting 512 bytes to 0x7fb5a9321400
2013-03-14 18:10:27.720114 7fb5876fd700 20 librbd: aio_read 0x7fb5a9162330 completion 0x7fb5a9289bf0 [674816,512]
2013-03-14 18:10:27.720124 7fb5876fd700 20 librbd: ictx_check 0x7fb5a9162330
2013-03-14 18:10:27.720132 7fb5876fd700 20 librbd: oid rb.0.1e1280.238e1f29.000000000000 674816~512 from [0,512]
2013-03-14 18:10:27.720137 7fb5876fd700 20 librbd::AioRequest: send 0x7fb5a9321a00 rb.0.1e1280.238e1f29.000000000000 674816~512
2013-03-14 18:10:27.720154 7fb5876fd700 1 -- 172.16.156.135:0/1648258 --> 172.16.170.1:6800/1310 -- osd_op(client.2216705.0:216 rb.0.1e1280.238e1f29.000000000000 [sparse-read 674816~512] 2.dabde67b) v4 -- ?+0 0x7fb5a931d770 con 0x7fb5a91668f0
2013-03-14 18:10:27.720168 7fb5876fd700 20 librbd::AioCompletion: AioCompletion::finish_adding_requests 0x7fb5a9289bf0 pending 1
2013-03-14 18:10:27.721085 7fb58ed64700 1 -- 172.16.156.135:0/1648258 <== osd.0 172.16.170.1:6800/1310 211 ==== osd_op_reply(216 rb.0.1e1280.238e1f29.000000000000 [sparse-read 674816~512] = 0) v4 ==== 132+0+536 (1077744294 0 984322583) 0x7fb5a931dd80 con 0x7fb5a91668f0
2013-03-14 18:10:27.721222 7fb587fff700 20 librbd::AioRequest: should_complete 0x7fb5a9321a00 rb.0.1e1280.238e1f29.000000000000 674816~512 r = 0
2013-03-14 18:10:27.721242 7fb587fff700 10 librbd::AioCompletion: C_AioRead::finish() 0x7fb5a92e5d70 r = 0
2013-03-14 18:10:27.721246 7fb587fff700 10 librbd::AioCompletion: got {674816=512} for [0,512] bl 512
