2013-03-14 18:10:27.759328 7fb58ed64700 1 -- 172.16.156.135:0/1648258 <== osd.0 172.16.170.1:6800/1310 238 ==== osd_op_reply(243 rb.0.1e1280.238e1f29.000000000000 [sparse-read 688640~512] = 0) v4 ==== 132+0+536 (2969653435 0 1834217729) 0x7fb5a933f010 con 0x7fb5a91668f0
2013-03-14 18:10:27.759367 7fb587fff700 20 librbd::AioRequest: should_complete 0x7fb5a9338e00 rb.0.1e1280.238e1f29.000000000000 688640~512 r = 0
2013-03-14 18:10:27.759375 7fb587fff700 10 librbd::AioCompletion: C_AioRead::finish() 0x7fb5a929bef0 r = 0
2013-03-14 18:10:27.759377 7fb587fff700 10 librbd::AioCompletion: got {688640=512} for [0,512] bl 512
2013-03-14 18:10:27.759385 7fb587fff700 20 librbd::AioCompletion: AioCompletion::complete_request() 0x7fb5a9289bf0 complete_cb=0x7fb5a6fc7170 pending 1
2013-03-14 18:10:27.759390 7fb587fff700 20 librbd::AioCompletion: AioCompletion::finalize() 0x7fb5a9289bf0 rval 512 read_buf 0x7fb5a933e400 read_bl 0
2013-03-14 18:10:27.759395 7fb587fff700 20 librbd::AioCompletion: AioCompletion::finalize() copied resulting 512 bytes to 0x7fb5a933e400
2013-03-14 18:10:27.759656 7fb5876fd700 20 librbd: aio_read 0x7fb5a9162330 completion 0x7fb5a9289bf0 [689152,512]
2013-03-14 18:10:27.759664 7fb5876fd700 20 librbd: ictx_check 0x7fb5a9162330
2013-03-14 18:10:27.759672 7fb5876fd700 20 librbd: oid rb.0.1e1280.238e1f29.000000000000 689152~512 from [0,512]
2013-03-14 18:10:27.759676 7fb5876fd700 20 librbd::AioRequest: send 0x7fb5a933ea00 rb.0.1e1280.238e1f29.000000000000 689152~512
2013-03-14 18:10:27.759691 7fb5876fd700 1 -- 172.16.156.135:0/1648258 --> 172.16.170.1:6800/1310 -- osd_op(client.2216705.0:244 rb.0.1e1280.238e1f29.000000000000 [sparse-read 689152~512] 2.dabde67b) v4 -- ?+0 0x7fb5a933fa40 con 0x7fb5a91668f0
2013-03-14 18:10:27.759705 7fb5876fd700 20 librbd::AioCompletion: AioCompletion::finish_adding_requests 0x7fb5a9289bf0 pending 1
2013-03-14 18:10:27.760793 7fb58ed64700 1 -- 172.16.156.135:0/1648258 <== osd.0 172.16.170.1:6800/1310 239 ==== osd_op_reply(244 rb.0.1e1280.238e1f29.000000000000 [sparse-read 689152~512] = 0) v4 ==== 132+0+536 (1929729983 0 408877698) 0x7fb5a933a090 con 0x7fb5a91668f0
2013-03-14 18:10:27.760834 7fb587fff700 20 librbd::AioRequest: should_complete 0x7fb5a933ea00 rb.0.1e1280.238e1f29.000000000000 689152~512 r = 0
2013-03-14 18:10:27.760846 7fb587fff700 10 librbd::AioCompletion: C_AioRead::finish() 0x7fb5a92b0500 r = 0
2013-03-14 18:10:27.760849 7fb587fff700 10 librbd::AioCompletion: got {689152=512} for [0,512] bl 512
2013-03-14 18:10:27.760855 7fb587fff700 20 librbd::AioCompletion: AioCompletion::complete_request() 0x7fb5a9289bf0 complete_cb=0x7fb5a6fc7170 pending 1
2013-03-14 18:10:27.760859 7fb587fff700 20 librbd::AioCompletion: AioCompletion::finalize() 0x7fb5a9289bf0 rval 512 read_buf 0x7fb5a933e400 read_bl 0
2013-03-14 18:10:27.760863 7fb587fff700 20 librbd::AioCompletion: AioCompletion::finalize() copied resulting 512 bytes to 0x7fb5a933e400
2013-03-14 18:10:27.761063 7fb5876fd700 20 librbd: aio_read 0x7fb5a9162330 completion 0x7fb5a9289bf0 [689664,512]
2013-03-14 18:10:27.761071 7fb5876fd700 20 librbd: ictx_check 0x7fb5a9162330
2013-03-14 18:10:27.761078 7fb5876fd700 20 librbd: oid rb.0.1e1280.238e1f29.000000000000 689664~512 from [0,512]
2013-03-14 18:10:27.761082 7fb5876fd700 20 librbd::AioRequest: send 0x7fb5a933f650 rb.0.1e1280.238e1f29.000000000000 689664~512
2013-03-14 18:10:27.761098 7fb5876fd700 1 -- 172.16.156.135:0/1648258 --> 172.16.170.1:6800/1310 -- osd_op(client.2216705.0:245 rb.0.1e1280.238e1f29.000000000000 [sparse-read 689664~512] 2.dabde67b) v4 -- ?+0 0x7fb5a933ab90 con 0x7fb5a91668f0
2013-03-14 18:10:27.761111 7fb5876fd700 20 librbd::AioCompletion: AioCompletion::finish_adding_requests 0x7fb5a9289bf0 pending 1
2013-03-14 18:10:27.762250 7fb58ed64700 1 -- 172.16.156.135:0/1648258 <== osd.0 172.16.170.1:6800/1310 240 ==== osd_op_reply(245 rb.0.1e1280.238e1f29.000000000000 [sparse-read 689664~512] = 0) v4 ==== 132+0+536 (855201091 0 706438031) 0x7fb5a9344050 con 0x7fb5a91668f0
2013-03-14 18:10:27.762310 7fb587fff700 20 librbd::AioRequest: should_complete 0x7fb5a933f650 rb.0.1e1280.238e1f29.000000000000 689664~512 r = 0
2013-03-14 18:10:27.762322 7fb587fff700 10 librbd::AioCompletion: C_AioRead::finish() 0x7fb5a92d6a30 r = 0
2013-03-14 18:10:27.762326 7fb587fff700 10 librbd::AioCompletion: got {689664=512} for [0,512] bl 512
2013-03-14 18:10:27.762332 7fb587fff700 20 librbd::AioCompletion: AioCompletion::complete_request() 0x7fb5a9289bf0 complete_cb=0x7fb5a6fc7170 pending 1
2013-03-14 18:10:27.762372 7fb587fff700 20 librbd::AioCompletion: AioCompletion::finalize() 0x7fb5a9289bf0 rval 512 read_buf 0x7fb5a933a800 read_bl 0
2013-03-14 18:10:27.762378 7fb587fff700 20 librbd::AioCompletion: AioCompletion::finalize() copied resulting 512 bytes to 0x7fb5a933a800
2013-03-14 18:10:27.762530 7fb5876fd700 20 librbd: aio_read 0x7fb5a9162330 completion 0x7fb5a9289bf0 [690176,512]
2013-03-14 18:10:27.762538 7fb5876fd700 20 librbd: ictx_check 0x7fb5a9162330
2013-03-14 18:10:27.762546 7fb5876fd700 20 librbd: oid rb.0.1e1280.238e1f29.000000000000 690176~512 from [0,512]
2013-03-14 18:10:27.762550 7fb5876fd700 20 librbd::AioRequest: send 0x7fb5a933e340 rb.0.1e1280.238e1f29.000000000000 690176~512
2013-03-14 18:10:27.762566 7fb5876fd700 1 -- 172.16.156.135:0/1648258 --> 172.16.170.1:6800/1310 -- osd_op(client.2216705.0:246 rb.0.1e1280.238e1f29.000000000000 [sparse-read 690176~512] 2.dabde67b) v4 -- ?+0 0x7fb5a933bb90 con 0x7fb5a91668f0
2013-03-14 18:10:27.762581 7fb5876fd700 20 librbd::AioCompletion: AioCompletion::finish_adding_requests 0x7fb5a9289bf0 pending 1
2013-03-14 18:10:27.763655 7fb58ed64700 1 -- 172.16.156.135:0/1648258 <== osd.0 172.16.170.1:6800/1310 241 ==== osd_op_reply(246 rb.0.1e1280.238e1f29.000000000000 [sparse-read 690176~512] = 0) v4 ==== 132+0+536 (4074843974 0 3802022470) 0x7fb5a933c1a0 con 0x7fb5a91668f0
2013-03-14 18:10:27.763745 7fb587fff700 20 librbd::AioRequest: should_complete 0x7fb5a933e340 rb.0.1e1280.238e1f29.000000000000 690176~512 r = 0
2013-03-14 18:10:27.763754 7fb587fff700 10 librbd::AioCompletion: C_AioRead::finish() 0x7fb5a9288020 r = 0
2013-03-14 18:10:27.763757 7fb587fff700 10 librbd::AioCompletion: got {690176=512} for [0,512] bl 512
2013-03-14 18:10:27.763764 7fb587fff700 20 librbd::AioCompletion: AioCompletion::complete_request() 0x7fb5a9289bf0 complete_cb=0x7fb5a6fc7170 pending 1
2013-03-14 18:10:27.763780 7fb587fff700 20 librbd::AioCompletion: AioCompletion::finalize() 0x7fb5a9289bf0 rval 512 read_buf 0x7fb5a933b800 read_bl 0
2013-03-14 18:10:27.763785 7fb587fff700 20 librbd::AioCompletion: AioCompletion::finalize() copied resulting 512 bytes to 0x7fb5a933b800
2013-03-14 18:10:27.763913 7fb5876fd700 20 librbd: aio_read 0x7fb5a9162330 completion 0x7fb5a9289bf0 [690688,512]
2013-03-14 18:10:27.763921 7fb5876fd700 20 librbd: ictx_check 0x7fb5a9162330
2013-03-14 18:10:27.763928 7fb5876fd700 20 librbd: oid rb.0.1e1280.238e1f29.000000000000 690688~512 from [0,512]
2013-03-14 18:10:27.763932 7fb5876fd700 20 librbd::AioRequest: send 0x7fb5a933aae0 rb.0.1e1280.238e1f29.000000000000 690688~512
2013-03-14 18:10:27.763949 7fb5876fd700 1 -- 172.16.156.135:0/1648258 --> 172.16.170.1:6800/1310 -- osd_op(client.2216705.0:247 rb.0.1e1280.238e1f29.000000000000 [sparse-read 690688~512] 2.dabde67b) v4 -- ?+0 0x7fb5a933cc80 con 0x7fb5a91668f0
2013-03-14 18:10:27.763964 7fb5876fd700 20 librbd::AioCompletion: AioCompletion::finish_adding_requests 0x7fb5a9289bf0 pending 1
2013-03-14 18:10:27.765334 7fb58ed64700 1 -- 172.16.156.135:0/1648258 <== osd.0 172.16.170.1:6800/1310 242 ==== osd_op_reply(247 rb.0.1e1280.238e1f29.000000000000 [sparse-read 690688~512] = 0) v4 ==== 132+0+536 (3005033914 0 2773618892) 0x7fb5a933d210 con 0x7fb5a91668f0
2013-03-14 18:10:27.765462 7fb587fff700 20 librbd::AioRequest: should_complete 0x7fb5a933aae0 rb.0.1e1280.238e1f29.000000000000 690688~512 r = 0
2013-03-14 18:10:27.765479 7fb587fff700 10 librbd::AioCompletion: C_AioRead::finish() 0x7fb5a92521d0 r = 0
2013-03-14 18:10:27.765501 7fb587fff700 10 librbd::AioCompletion: got {690688=512} for [0,512] bl 512
2013-03-14 18:10:27.765511 7fb587fff700 20 librbd::AioCompletion: AioCompletion::complete_request() 0x7fb5a9289bf0 complete_cb=0x7fb5a6fc7170 pending 1
2013-03-14 18:10:27.765515 7fb587fff700 20 librbd::AioCompletion: AioCompletion::finalize() 0x7fb5a9289bf0 rval 512 read_buf 0x7fb5a933c800 read_bl 0
2013-03-14 18:10:27.765521 7fb587fff700 20 librbd::AioCompletion: AioCompletion::finalize() copied resulting 512 bytes to 0x7fb5a933c800
2013-03-14 18:10:27.765663 7fb5876fd700 20 librbd: aio_read 0x7fb5a9162330 completion 0x7fb5a9289bf0 [691200,512]
2013-03-14 18:10:27.765674 7fb5876fd700 20 librbd: ictx_check 0x7fb5a9162330
2013-03-14 18:10:27.765681 7fb5876fd700 20 librbd: oid rb.0.1e1280.238e1f29.000000000000 691200~512 from [0,512]
2013-03-14 18:10:27.765686 7fb5876fd700 20 librbd::AioRequest: send 0x7fb5a933b800 rb.0.1e1280.238e1f29.000000000000 691200~512
2013-03-14 18:10:27.765703 7fb5876fd700 1 -- 172.16.156.135:0/1648258 --> 172.16.170.1:6800/1310 -- osd_op(client.2216705.0:248 rb.0.1e1280.238e1f29.000000000000 [sparse-read 691200~512] 2.dabde67b) v4 -- ?+0 0x7fb5a933dd90 con 0x7fb5a91668f0
2013-03-14 18:10:27.765717 7fb5876fd700 20 librbd::AioCompletion: AioCompletion::finish_adding_requests 0x7fb5a9289bf0 pending 1
2013-03-14 18:10:27.766939 7fb58ed64700 1 -- 172.16.156.135:0/1648258 <== osd.0 172.16.170.1:6800/1310 243 ==== osd_op_reply(248 rb.0.1e1280.238e1f29.000000000000 [sparse-read 691200~512] = 0) v4 ==== 132+0+536 (1897474750 0 687187192) 0x7fb5a9340380 con 0x7fb5a91668f0
2013-03-14 18:10:27.767076 7fb587fff700 20 librbd::AioRequest: should_complete 0x7fb5a933b800 rb.0.1e1280.238e1f29.000000000000 691200~512 r = 0
2013-03-14 18:10:27.767091 7fb587fff700 10 librbd::AioCompletion: C_AioRead::finish() 0x7fb5a92956d0 r = 0
2013-03-14 18:10:27.767095 7fb587fff700 10 librbd::AioCompletion: got {691200=512} for [0,512] bl 512
2013-03-14 18:10:27.767103 7fb587fff700 20 librbd::AioCompletion: AioCompletion::complete_request() 0x7fb5a9289bf0 complete_cb=0x7fb5a6fc7170 pending 1
2013-03-14 18:10:27.767108 7fb587fff700 20 librbd::AioCompletion: AioCompletion::finalize() 0x7fb5a9289bf0 rval 512 read_buf 0x7fb5a933da00 read_bl 0
2013-03-14 18:10:27.767115 7fb587fff700 20 librbd::AioCompletion: AioCompletion::finalize() copied resulting 512 bytes to 0x7fb5a933da00
2013-03-14 18:10:27.767292 7fb5876fd700 20 librbd: aio_read 0x7fb5a9162330 completion 0x7fb5a9289bf0 [691712,512]
2013-03-14 18:10:27.767301 7fb5876fd700 20 librbd: ictx_check 0x7fb5a9162330
2013-03-14 18:10:27.767309 7fb5876fd700 20 librbd: oid rb.0.1e1280.238e1f29.000000000000 691712~512 from [0,512]
2013-03-14 18:10:27.767314 7fb5876fd700 20 librbd::AioRequest: send 0x7fb5a933da00 rb.0.1e1280.238e1f29.000000000000 691712~512
2013-03-14 18:10:27.767330 7fb5876fd700 1 -- 172.16.156.135:0/1648258 --> 172.16.170.1:6800/1310 -- osd_op(client.2216705.0:249 rb.0.1e1280.238e1f29.000000000000 [sparse-read 691712~512] 2.dabde67b) v4 -- ?+0 0x7fb5a9344c00 con 0x7fb5a91668f0
2013-03-14 18:10:27.767344 7fb5876fd700 20 librbd::AioCompletion: AioCompletion::finish_adding_requests 0x7fb5a9289bf0 pending 1
2013-03-14 18:10:27.768409 7fb58ed64700 1 -- 172.16.156.135:0/1648258 <== osd.0 172.16.170.1:6800/1310 244 ==== osd_op_reply(249 rb.0.1e1280.238e1f29.000000000000 [sparse-read 691712~512] = 0) v4 ==== 132+0+536 (820324418 0 663651426) 0x7fb5a9345210 con 0x7fb5a91668f0
2013-03-14 18:10:27.768505 7fb587fff700 20 librbd::AioRequest: should_complete 0x7fb5a933da00 rb.0.1e1280.238e1f29.000000000000 691712~512 r = 0
2013-03-14 18:10:27.768515 7fb587fff700 10 librbd::AioCompletion: C_AioRead::finish() 0x7fb5a92a2cd0 r = 0
2013-03-14 18:10:27.768518 7fb587fff700 10 librbd::AioCompletion: got {691712=512} for [0,512] bl 512
2013-03-14 18:10:27.768525 7fb587fff700 20 librbd::AioCompletion: AioCompletion::complete_request() 0x7fb5a9289bf0 complete_cb=0x7fb5a6fc7170 pending 1
2013-03-14 18:10:27.768530 7fb587fff700 20 librbd::AioCompletion: AioCompletion::finalize() 0x7fb5a9289bf0 rval 512 read_buf 0x7fb5a9344600 read_bl 0
2013-03-14 18:10:27.768535 7fb587fff700 20 librbd::AioCompletion: AioCompletion::finalize() copied resulting 512 bytes to 0x7fb5a9344600
2013-03-14 18:10:27.768710 7fb5876fd700 20 librbd: aio_read 0x7fb5a9162330 completion 0x7fb5a9289bf0 [692224,512]
2013-03-14 18:10:27.768719 7fb5876fd700 20 librbd: ictx_check 0x7fb5a9162330
2013-03-14 18:10:27.768727 7fb5876fd700 20 librbd: oid rb.0.1e1280.238e1f29.000000000000 692224~512 from [0,512]
2013-03-14 18:10:27.768732 7fb5876fd700 20 librbd::AioRequest: send 0x7fb5a9344cd0 rb.0.1e1280.238e1f29.000000000000 692224~512
2013-03-14 18:10:27.768750 7fb5876fd700 1 -- 172.16.156.135:0/1648258 --> 172.16.170.1:6800/1310 -- osd_op(client.2216705.0:250 rb.0.1e1280.238e1f29.000000000000 [sparse-read 692224~512] 2.dabde67b) v4 -- ?+0 0x7fb5a9345c00 con 0x7fb5a91668f0
2013-03-14 18:10:27.768765 7fb5876fd700 20 librbd::AioCompletion: AioCompletion::finish_adding_requests 0x7fb5a9289bf0 pending 1
2013-03-14 18:10:27.769861 7fb58ed64700 1 -- 172.16.156.135:0/1648258 <== osd.0 172.16.170.1:6800/1310 245 ==== osd_op_reply(250 rb.0.1e1280.238e1f29.000000000000 [sparse-read 692224~512] = 0) v4 ==== 132+0+536 (4106594373 0 2696303980) 0x7fb5a93404d0 con 0x7fb5a91668f0
2013-03-14 18:10:27.770035 7fb587fff700 20 librbd::AioRequest: should_complete 0x7fb5a9344cd0 rb.0.1e1280.238e1f29.000000000000 692224~512 r = 0
2013-03-14 18:10:27.770051 7fb587fff700 10 librbd::AioCompletion: C_AioRead::finish() 0x7fb5a92daed0 r = 0
2013-03-14 18:10:27.770054 7fb587fff700 10 librbd::AioCompletion: got {692224=512} for [0,512] bl 512
2013-03-14 18:10:27.770066 7fb587fff700 20 librbd::AioCompletion: AioCompletion::complete_request() 0x7fb5a9289bf0 complete_cb=0x7fb5a6fc7170 pending 1
2013-03-14 18:10:27.770069 7fb587fff700 20 librbd::AioCompletion: AioCompletion::finalize() 0x7fb5a9289bf0 rval 512 read_buf 0x7fb5a9345600 read_bl 0
2013-03-14 18:10:27.770072 7fb587fff700 20 librbd::AioCompletion: AioCompletion::finalize() copied resulting 512 bytes to 0x7fb5a9345600
2013-03-14 18:10:27.770206 7fb5876fd700 20 librbd: aio_read 0x7fb5a9162330 completion 0x7fb5a9289bf0 [692736,512]
2013-03-14 18:10:27.770216 7fb5876fd700 20 librbd: ictx_check 0x7fb5a9162330
2013-03-14 18:10:27.770223 7fb5876fd700 20 librbd: oid rb.0.1e1280.238e1f29.000000000000 692736~512 from [0,512]
2013-03-14 18:10:27.770230 7fb5876fd700 20 librbd::AioRequest: send 0x7fb5a9345cd0 rb.0.1e1280.238e1f29.000000000000 692736~512
2013-03-14 18:10:27.770247 7fb5876fd700 1 -- 172.16.156.135:0/1648258 --> 172.16.170.1:6800/1310 -- osd_op(client.2216705.0:251 rb.0.1e1280.238e1f29.000000000000 [sparse-read 692736~512] 2.dabde67b) v4 -- ?+0 0x7fb5a9341000 con 0x7fb5a91668f0
2013-03-14 18:10:27.770260 7fb5876fd700 20 librbd::AioCompletion: AioCompletion::finish_adding_requests 0x7fb5a9289bf0 pending 1
2013-03-14 18:10:27.771492 7fb58ed64700 1 -- 172.16.156.135:0/1648258 <== osd.0 172.16.170.1:6800/1310 246 ==== osd_op_reply(251 rb.0.1e1280.238e1f29.000000000000 [sparse-read 692736~512] = 0) v4 ==== 132+0+536 (3040455353 0 1195427280) 0x7fb5a934a050 con 0x7fb5a91668f0
2013-03-14 18:10:27.771541 7fb587fff700 20 librbd::AioRequest: should_complete 0x7fb5a9345cd0 rb.0.1e1280.238e1f29.000000000000 692736~512 r = 0
2013-03-14 18:10:27.771551 7fb587fff700 10 librbd::AioCompletion: C_AioRead::finish() 0x7fb5a93409d0 r = 0
2013-03-14 18:10:27.771553 7fb587fff700 10 librbd::AioCompletion: got {692736=512} for [0,512] bl 512
2013-03-14 18:10:27.771558 7fb587fff700 20 librbd::AioCompletion: AioCompletion::complete_request() 0x7fb5a9289bf0 complete_cb=0x7fb5a6fc7170 pending 1
2013-03-14 18:10:27.771562 7fb587fff700 20 librbd::AioCompletion: AioCompletion::finalize() 0x7fb5a9289bf0 rval 512 read_buf 0x7fb5a9340a00 read_bl 0
2013-03-14 18:10:27.771566 7fb587fff700 20 librbd::AioCompletion: AioCompletion::finalize() copied resulting 512 bytes to 0x7fb5a9340a00
2013-03-14 18:10:27.771695 7fb5876fd700 20 librbd: aio_read 0x7fb5a9162330 completion 0x7fb5a9289bf0 [693248,512]
2013-03-14 18:10:27.771706 7fb5876fd700 20 librbd: ictx_check 0x7fb5a9162330
2013-03-14 18:10:27.771713 7fb5876fd700 20 librbd: oid rb.0.1e1280.238e1f29.000000000000 693248~512 from [0,512]
2013-03-14 18:10:27.771718 7fb5876fd700 20 librbd::AioRequest: send 0x7fb5a93410d0 rb.0.1e1280.238e1f29.000000000000 693248~512
2013-03-14 18:10:27.771735 7fb5876fd700 1 -- 172.16.156.135:0/1648258 --> 172.16.170.1:6800/1310 -- osd_op(client.2216705.0:252 rb.0.1e1280.238e1f29.000000000000 [sparse-read 693248~512] 2.dabde67b) v4 -- ?+0 0x7fb5a9342000 con 0x7fb5a91668f0
2013-03-14 18:10:27.771748 7fb5876fd700 20 librbd::AioCompletion: AioCompletion::finish_adding_requests 0x7fb5a9289bf0 pending 1
2013-03-14 18:10:27.772797 7fb58ed64700 1 -- 172.16.156.135:0/1648258 <== osd.0 172.16.170.1:6800/1310 247 ==== osd_op_reply(252 rb.0.1e1280.238e1f29.000000000000 [sparse-read 693248~512] = 0) v4 ==== 132+0+536 (2000530877 0 3817300901) 0x7fb5a9342610 con 0x7fb5a91668f0
2013-03-14 18:10:27.772844 7fb587fff700 20 librbd::AioRequest: should_complete 0x7fb5a93410d0 rb.0.1e1280.238e1f29.000000000000 693248~512 r = 0
2013-03-14 18:10:27.772856 7fb587fff700 10 librbd::AioCompletion: C_AioRead::finish() 0x7fb5a926e160 r = 0
2013-03-14 18:10:27.772858 7fb587fff700 10 librbd::AioCompletion: got {693248=512} for [0,512] bl 512
2013-03-14 18:10:27.772863 7fb587fff700 20 librbd::AioCompletion: AioCompletion::complete_request() 0x7fb5a9289bf0 complete_cb=0x7fb5a6fc7170 pending 1
2013-03-14 18:10:27.772867 7fb587fff700 20 librbd::AioCompletion: AioCompletion::finalize() 0x7fb5a9289bf0 rval 512 read_buf 0x7fb5a9341a00 read_bl 0
2013-03-14 18:10:27.772871 7fb587fff700 20 librbd::AioCompletion: AioCompletion::finalize() copied resulting 512 bytes to 0x7fb5a9341a00
2013-03-14 18:10:27.773022 7fb5876fd700 20 librbd: aio_read 0x7fb5a9162330 completion 0x7fb5a9289bf0 [693760,512]
2013-03-14 18:10:27.773032 7fb5876fd700 20 librbd: ictx_check 0x7fb5a9162330
2013-03-14 18:10:27.773040 7fb5876fd700 20 librbd: oid rb.0.1e1280.238e1f29.000000000000 693760~512 from [0,512]
2013-03-14 18:10:27.773045 7fb5876fd700 20 librbd::AioRequest: send 0x7fb5a93420d0 rb.0.1e1280.238e1f29.000000000000 693760~512
2013-03-14 18:10:27.773063 7fb5876fd700 1 -- 172.16.156.135:0/1648258 --> 172.16.170.1:6800/1310 -- osd_op(client.2216705.0:253 rb.0.1e1280.238e1f29.000000000000 [sparse-read 693760~512] 2.dabde67b) v4 -- ?+0 0x7fb5a9343000 con 0x7fb5a91668f0
2013-03-14 18:10:27.773078 7fb5876fd700 20 librbd::AioCompletion: AioCompletion::finish_adding_requests 0x7fb5a9289bf0 pending 1
2013-03-14 18:10:27.774261 7fb58ed64700 1 -- 172.16.156.135:0/1648258 <== osd.0 172.16.170.1:6800/1310 248 ==== osd_op_reply(253 rb.0.1e1280.238e1f29.000000000000 [sparse-read 693760~512] = 0) v4 ==== 132+0+536 (918662977 0 3403635856) 0x7fb5a9343610 con 0x7fb5a91668f0
2013-03-14 18:10:27.774308 7fb587fff700 20 librbd::AioRequest: should_complete 0x7fb5a93420d0 rb.0.1e1280.238e1f29.000000000000 693760~512 r = 0
2013-03-14 18:10:27.774320 7fb587fff700 10 librbd::AioCompletion: C_AioRead::finish() 0x7fb5a92a7cd0 r = 0
2013-03-14 18:10:27.774323 7fb587fff700 10 librbd::AioCompletion: got {693760=512} for [0,512] bl 512
2013-03-14 18:10:27.774328 7fb587fff700 20 librbd::AioCompletion: AioCompletion::complete_request() 0x7fb5a9289bf0 complete_cb=0x7fb5a6fc7170 pending 1
2013-03-14 18:10:27.774332 7fb587fff700 20 librbd::AioCompletion: AioCompletion::finalize() 0x7fb5a9289bf0 rval 512 read_buf 0x7fb5a9342a00 read_bl 0
2013-03-14 18:10:27.774335 7fb587fff700 20 librbd::AioCompletion: AioCompletion::finalize() copied resulting 512 bytes to 0x7fb5a9342a00
2013-03-14 18:10:27.774475 7fb5876fd700 20 librbd: aio_read 0x7fb5a9162330 completion 0x7fb5a9289bf0 [694272,512]
2013-03-14 18:10:27.774486 7fb5876fd700 20 librbd: ictx_check 0x7fb5a9162330
2013-03-14 18:10:27.774495 7fb5876fd700 20 librbd: oid rb.0.1e1280.238e1f29.000000000000 694272~512 from [0,512]
2013-03-14 18:10:27.774500 7fb5876fd700 20 librbd::AioRequest: send 0x7fb5a93430d0 rb.0.1e1280.238e1f29.000000000000 694272~512
2013-03-14 18:10:27.774520 7fb5876fd700 1 -- 172.16.156.135:0/1648258 --> 172.16.170.1:6800/1310 -- osd_op(client.2216705.0:254 rb.0.1e1280.238e1f29.000000000000 [sparse-read 694272~512] 2.dabde67b) v4 -- ?+0 0x7fb5a9346090 con 0x7fb5a91668f0
2013-03-14 18:10:27.774534 7fb5876fd700 20 librbd::AioCompletion: AioCompletion::finish_adding_requests 0x7fb5a9289bf0 pending 1
2013-03-14 18:10:27.775586 7fb58ed64700 1 -- 172.16.156.135:0/1648258 <== osd.0 172.16.170.1:6800/1310 249 ==== osd_op_reply(254 rb.0.1e1280.238e1f29.000000000000 [sparse-read 694272~512] = 0) v4 ==== 132+0+536 (4141471044 0 3922901524) 0x7fb5a93466a0 con 0x7fb5a91668f0
2013-03-14 18:10:27.775633 7fb587fff700 20 librbd::AioRequest: should_complete 0x7fb5a93430d0 rb.0.1e1280.238e1f29.000000000000 694272~512 r = 0
2013-03-14 18:10:27.775642 7fb587fff700 10 librbd::AioCompletion: C_AioRead::finish() 0x7fb5a92d8af0 r = 0
2013-03-14 18:10:27.775645 7fb587fff700 10 librbd::AioCompletion: got {694272=512} for [0,512] bl 512
2013-03-14 18:10:27.775653 7fb587fff700 20 librbd::AioCompletion: AioCompletion::complete_request() 0x7fb5a9289bf0 complete_cb=0x7fb5a6fc7170 pending 1
2013-03-14 18:10:27.775657 7fb587fff700 20 librbd::AioCompletion: AioCompletion::finalize() 0x7fb5a9289bf0 rval 512 read_buf 0x7fb5a9343a00 read_bl 0
2013-03-14 18:10:27.775661 7fb587fff700 20 librbd::AioCompletion: AioCompletion::finalize() copied resulting 512 bytes to 0x7fb5a9343a00
2013-03-14 18:10:27.775795 7fb5876fd700 20 librbd: aio_read 0x7fb5a9162330 completion 0x7fb5a9289bf0 [694784,512]
2013-03-14 18:10:27.775806 7fb5876fd700 20 librbd: ictx_check 0x7fb5a9162330
2013-03-14 18:10:27.775813 7fb5876fd700 20 librbd: oid rb.0.1e1280.238e1f29.000000000000 694784~512 from [0,512]
2013-03-14 18:10:27.775818 7fb5876fd700 20 librbd::AioRequest: send 0x7fb5a9342a00 rb.0.1e1280.238e1f29.000000000000 694784~512
2013-03-14 18:10:27.775836 7fb5876fd700 1 -- 172.16.156.135:0/1648258 --> 172.16.170.1:6800/1310 -- osd_op(client.2216705.0:255 rb.0.1e1280.238e1f29.000000000000 [sparse-read 694784~512] 2.dabde67b) v4 -- ?+0 0x7fb5a934aa00 con 0x7fb5a91668f0
2013-03-14 18:10:27.775850 7fb5876fd700 20 librbd::AioCompletion: AioCompletion::finish_adding_requests 0x7fb5a9289bf0 pending 1
2013-03-14 18:10:27.776930 7fb58ed64700 1 -- 172.16.156.135:0/1648258 <== osd.0 172.16.170.1:6800/1310 250 ==== osd_op_reply(255 rb.0.1e1280.238e1f29.000000000000 [sparse-read 694784~512] = 0) v4 ==== 132+0+536 (3072710584 0 1898908080) 0x7fb5a934af90 con 0x7fb5a91668f0
2013-03-14 18:10:27.776977 7fb587fff700 20 librbd::AioRequest: should_complete 0x7fb5a9342a00 rb.0.1e1280.238e1f29.000000000000 694784~512 r = 0
2013-03-14 18:10:27.776985 7fb587fff700 10 librbd::AioCompletion: C_AioRead::finish() 0x7fb5a927a230 r = 0
2013-03-14 18:10:27.776987 7fb587fff700 10 librbd::AioCompletion: got {694784=512} for [0,512] bl 512
2013-03-14 18:10:27.776992 7fb587fff700 20 librbd::AioCompletion: AioCompletion::complete_request() 0x7fb5a9289bf0 complete_cb=0x7fb5a6fc7170 pending 1
2013-03-14 18:10:27.776995 7fb587fff700 20 librbd::AioCompletion: AioCompletion::finalize() 0x7fb5a9289bf0 rval 512 read_buf 0x7fb5a934a600 read_bl 0
2013-03-14 18:10:27.776999 7fb587fff700 20 librbd::AioCompletion: AioCompletion::finalize() copied resulting 512 bytes to 0x7fb5a934a600
2013-03-14 18:10:27.777176 7fb5876fd700 20 librbd: aio_read 0x7fb5a9162330 completion 0x7fb5a9289bf0 [695296,512]
2013-03-14 18:10:27.777186 7fb5876fd700 20 librbd: ictx_check 0x7fb5a9162330
2013-03-14 18:10:27.777194 7fb5876fd700 20 librbd: oid rb.0.1e1280.238e1f29.000000000000 695296~512 from [0,512]
2013-03-14 18:10:27.777199 7fb5876fd700 20 librbd::AioRequest: send 0x7fb5a9343ad0 rb.0.1e1280.238e1f29.000000000000 695296~512
2013-03-14 18:10:27.777218 7fb5876fd700 1 -- 172.16.156.135:0/1648258 --> 172.16.170.1:6800/1310 -- osd_op(client.2216705.0:256 rb.0.1e1280.238e1f29.000000000000 [sparse-read 695296~512] 2.dabde67b) v4 -- ?+0 0x7fb5a934ba80 con 0x7fb5a91668f0
2013-03-14 18:10:27.777232 7fb5876fd700 20 librbd::AioCompletion: AioCompletion::finish_adding_requests 0x7fb5a9289bf0 pending 1
2013-03-14 18:10:27.778216 7fb58ed64700 1 -- 172.16.156.135:0/1648258 <== osd.0 172.16.170.1:6800/1310 251 ==== osd_op_reply(256 rb.0.1e1280.238e1f29.000000000000 [sparse-read 695296~512] = 0) v4 ==== 132+0+536 (1965150396 0 3585050264) 0x7fb5a9346770 con 0x7fb5a91668f0
2013-03-14 18:10:27.778275 7fb587fff700 20 librbd::AioRequest: should_complete 0x7fb5a9343ad0 rb.0.1e1280.238e1f29.000000000000 695296~512 r = 0
2013-03-14 18:10:27.778286 7fb587fff700 10 librbd::AioCompletion: C_AioRead::finish() 0x7fb5a932f6d0 r = 0
2013-03-14 18:10:27.778289 7fb587fff700 10 librbd::AioCompletion: got {695296=512} for [0,512] bl 512
2013-03-14 18:10:27.778295 7fb587fff700 20 librbd::AioCompletion: AioCompletion::complete_request() 0x7fb5a9289bf0 complete_cb=0x7fb5a6fc7170 pending 1
2013-03-14 18:10:27.778298 7fb587fff700 20 librbd::AioCompletion: AioCompletion::finalize() 0x7fb5a9289bf0 rval 512 read_buf 0x7fb5a934b600 read_bl 0
2013-03-14 18:10:27.778303 7fb587fff700 20 librbd::AioCompletion: AioCompletion::finalize() copied resulting 512 bytes to 0x7fb5a934b600
2013-03-14 18:10:27.778508 7fb5876fd700 20 librbd: aio_read 0x7fb5a9162330 completion 0x7fb5a9289bf0 [695808,512]
2013-03-14 18:10:27.778518 7fb5876fd700 20 librbd: ictx_check 0x7fb5a9162330
2013-03-14 18:10:27.778525 7fb5876fd700 20 librbd: oid rb.0.1e1280.238e1f29.000000000000 695808~512 from [0,512]
2013-03-14 18:10:27.778531 7fb5876fd700 20 librbd::AioRequest: send 0x7fb5a934ba80 rb.0.1e1280.238e1f29.000000000000 695808~512
2013-03-14 18:10:27.778550 7fb5876fd700 1 -- 172.16.156.135:0/1648258 --> 172.16.170.1:6800/1310 -- osd_op(client.2216705.0:257 rb.0.1e1280.238e1f29.000000000000 [sparse-read 695808~512] 2.dabde67b) v4 -- ?+0 0x7fb5a9347190 con 0x7fb5a91668f0
2013-03-14 18:10:27.778566 7fb5876fd700 20 librbd::AioCompletion: AioCompletion::finish_adding_requests 0x7fb5a9289bf0 pending 1
2013-03-14 18:10:27.779702 7fb58ed64700 1 -- 172.16.156.135:0/1648258 <== osd.0 172.16.170.1:6800/1310 252 ==== osd_op_reply(257 rb.0.1e1280.238e1f29.000000000000 [sparse-read 695808~512] = 0) v4 ==== 132+0+536 (886952512 0 3019124844) 0x7fb5a9350050 con 0x7fb5a91668f0
2013-03-14 18:10:27.779748 7fb587fff700 20 librbd::AioRequest: should_complete 0x7fb5a934ba80 rb.0.1e1280.238e1f29.000000000000 695808~512 r = 0
2013-03-14 18:10:27.779756 7fb587fff700 10 librbd::AioCompletion: C_AioRead::finish() 0x7fb5a9278d40 r = 0
2013-03-14 18:10:27.779757 7fb587fff700 10 librbd::AioCompletion: got {695808=512} for [0,512] bl 512
2013-03-14 18:10:27.779762 7fb587fff700 20 librbd::AioCompletion: AioCompletion::complete_request() 0x7fb5a9289bf0 complete_cb=0x7fb5a6fc7170 pending 1
2013-03-14 18:10:27.779765 7fb587fff700 20 librbd::AioCompletion: AioCompletion::finalize() 0x7fb5a9289bf0 rval 512 read_buf 0x7fb5a9346e00 read_bl 0
2013-03-14 18:10:27.779768 7fb587fff700 20 librbd::AioCompletion: AioCompletion::finalize() copied resulting 512 bytes to 0x7fb5a9346e00
2013-03-14 18:10:27.779896 7fb5876fd700 20 librbd: aio_read 0x7fb5a9162330 completion 0x7fb5a9289bf0 [696320,512]
2013-03-14 18:10:27.779906 7fb5876fd700 20 librbd: ictx_check 0x7fb5a9162330
2013-03-14 18:10:27.779914 7fb5876fd700 20 librbd: oid rb.0.1e1280.238e1f29.000000000000 696320~512 from [0,512]
2013-03-14 18:10:27.779918 7fb5876fd700 20 librbd::AioRequest: send 0x7fb5a934b6b0 rb.0.1e1280.238e1f29.000000000000 696320~512
2013-03-14 18:10:27.779938 7fb5876fd700 1 -- 172.16.156.135:0/1648258 --> 172.16.170.1:6800/1310 -- osd_op(client.2216705.0:258 rb.0.1e1280.238e1f29.000000000000 [sparse-read 696320~512] 2.dabde67b) v4 -- ?+0 0x7fb5a9348190 con 0x7fb5a91668f0
2013-03-14 18:10:27.779952 7fb5876fd700 20 librbd::AioCompletion: AioCompletion::finish_adding_requests 0x7fb5a9289bf0 pending 1
2013-03-14 18:10:27.781023 7fb58ed64700 1 -- 172.16.156.135:0/1648258 <== osd.0 172.16.170.1:6800/1310 253 ==== osd_op_reply(258 rb.0.1e1280.238e1f29.000000000000 [sparse-read 696320~512] = 0) v4 ==== 132+0+536 (4169967171 0 2648463717) 0x7fb5a93487a0 con 0x7fb5a91668f0
2013-03-14 18:10:27.781080 7fb587fff700 20 librbd::AioRequest: should_complete 0x7fb5a934b6b0 rb.0.1e1280.238e1f29.000000000000 696320~512 r = 0
2013-03-14 18:10:27.781091 7fb587fff700 10 librbd::AioCompletion: C_AioRead::finish() 0x7fb5a92faed0 r = 0
2013-03-14 18:10:27.781093 7fb587fff700 10 librbd::AioCompletion: got {696320=512} for [0,512] bl 512
2013-03-14 18:10:27.781099 7fb587fff700 20 librbd::AioCompletion: AioCompletion::complete_request() 0x7fb5a9289bf0 complete_cb=0x7fb5a6fc7170 pending 1
2013-03-14 18:10:27.781102 7fb587fff700 20 librbd::AioCompletion: AioCompletion::finalize() 0x7fb5a9289bf0 rval 512 read_buf 0x7fb5a9347e00 read_bl 0
2013-03-14 18:10:27.781107 7fb587fff700 20 librbd::AioCompletion: AioCompletion::finalize() copied resulting 512 bytes to 0x7fb5a9347e00
2013-03-14 18:10:27.781326 7fb5876fd700 20 librbd: aio_read 0x7fb5a9162330 completion 0x7fb5a9289bf0 [696832,512]
2013-03-14 18:10:27.781336 7fb5876fd700 20 librbd: ictx_check 0x7fb5a9162330
2013-03-14 18:10:27.781344 7fb5876fd700 20 librbd: oid rb.0.1e1280.238e1f29.000000000000 696832~512 from [0,512]
2013-03-14 18:10:27.781349 7fb5876fd700 20 librbd::AioRequest: send 0x7fb5a9346d40 rb.0.1e1280.238e1f29.000000000000 696832~512
2013-03-14 18:10:27.781366 7fb5876fd700 1 -- 172.16.156.135:0/1648258 --> 172.16.170.1:6800/1310 -- osd_op(client.2216705.0:259 rb.0.1e1280.238e1f29.000000000000 [sparse-read 696832~512] 2.dabde67b) v4 -- ?+0 0x7fb5a9349190 con 0x7fb5a91668f0
2013-03-14 18:10:27.781380 7fb5876fd700 20 librbd::AioCompletion: AioCompletion::finish_adding_requests 0x7fb5a9289bf0 pending 1
2013-03-14 18:10:27.782456 7fb58ed64700 1 -- 172.16.156.135:0/1648258 <== osd.0 172.16.170.1:6800/1310 254 ==== osd_op_reply(259 rb.0.1e1280.238e1f29.000000000000 [sparse-read 696832~512] = 0) v4 ==== 132+0+536 (3111167167 0 625012796) 0x7fb5a93497a0 con 0x7fb5a91668f0
2013-03-14 18:10:27.782528 7fb587fff700 20 librbd::AioRequest: should_complete 0x7fb5a9346d40 rb.0.1e1280.238e1f29.000000000000 696832~512 r = 0
2013-03-14 18:10:27.782539 7fb587fff700 10 librbd::AioCompletion: C_AioRead::finish() 0x7fb5a92d6c80 r = 0
2013-03-14 18:10:27.782541 7fb587fff700 10 librbd::AioCompletion: got {696832=512} for [0,512] bl 512
2013-03-14 18:10:27.782550 7fb587fff700 20 librbd::AioCompletion: AioCompletion::complete_request() 0x7fb5a9289bf0 complete_cb=0x7fb5a6fc7170 pending 1
2013-03-14 18:10:27.782553 7fb587fff700 20 librbd::AioCompletion: AioCompletion::finalize() 0x7fb5a9289bf0 rval 512 read_buf 0x7fb5a9348e00 read_bl 0
2013-03-14 18:10:27.782556 7fb587fff700 20 librbd::AioCompletion: AioCompletion::finalize() copied resulting 512 bytes to 0x7fb5a9348e00
2013-03-14 18:10:27.782899 7fb5876fd700 20 librbd: aio_read 0x7fb5a9162330 completion 0x7fb5a9289bf0 [697344,512]
2013-03-14 18:10:27.782909 7fb5876fd700 20 librbd: ictx_check 0x7fb5a9162330
2013-03-14 18:10:27.782917 7fb5876fd700 20 librbd: oid rb.0.1e1280.238e1f29.000000000000 697344~512 from [0,512]
2013-03-14 18:10:27.782921 7fb5876fd700 20 librbd::AioRequest: send 0x7fb5a93480e0 rb.0.1e1280.238e1f29.000000000000 697344~512
2013-03-14 18:10:27.782940 7fb5876fd700 1 -- 172.16.156.135:0/1648258 --> 172.16.170.1:6800/1310 -- osd_op(client.2216705.0:260 rb.0.1e1280.238e1f29.000000000000 [sparse-read 697344~512] 2.dabde67b) v4 -- ?+0 0x7fb5a934c410 con 0x7fb5a91668f0
2013-03-14 18:10:27.782954 7fb5876fd700 20 librbd::AioCompletion: AioCompletion::finish_adding_requests 0x7fb5a9289bf0 pending 1
2013-03-14 18:10:27.783968 7fb58ed64700 1 -- 172.16.156.135:0/1648258 <== osd.0 172.16.170.1:6800/1310 255 ==== osd_op_reply(260 rb.0.1e1280.238e1f29.000000000000 [sparse-read 697344~512] = 0) v4 ==== 132+0+536 (2071241659 0 3738588971) 0x7fb5a934ca20 con 0x7fb5a91668f0
2013-03-14 18:10:27.784026 7fb587fff700 20 librbd::AioRequest: should_complete 0x7fb5a93480e0 rb.0.1e1280.238e1f29.000000000000 697344~512 r = 0
2013-03-14 18:10:27.784036 7fb587fff700 10 librbd::AioCompletion: C_AioRead::finish() 0x7fb5a9291b80 r = 0
2013-03-14 18:10:27.784038 7fb587fff700 10 librbd::AioCompletion: got {697344=512} for [0,512] bl 512
2013-03-14 18:10:27.784045 7fb587fff700 20 librbd::AioCompletion: AioCompletion::complete_request() 0x7fb5a9289bf0 complete_cb=0x7fb5a6fc7170 pending 1
2013-03-14 18:10:27.784048 7fb587fff700 20 librbd::AioCompletion: AioCompletion::finalize() 0x7fb5a9289bf0 rval 512 read_buf 0x7fb5a934c200 read_bl 0
2013-03-14 18:10:27.784052 7fb587fff700 20 librbd::AioCompletion: AioCompletion::finalize() copied resulting 512 bytes to 0x7fb5a934c200
2013-03-14 18:10:27.784286 7fb5876fd700 20 librbd: aio_read 0x7fb5a9162330 completion 0x7fb5a9289bf0 [697856,512]
2013-03-14 18:10:27.784295 7fb5876fd700 20 librbd: ictx_check 0x7fb5a9162330
2013-03-14 18:10:27.784303 7fb5876fd700 20 librbd: oid rb.0.1e1280.238e1f29.000000000000 697856~512 from [0,512]
2013-03-14 18:10:27.784308 7fb5876fd700 20 librbd::AioRequest: send 0x7fb5a934c410 rb.0.1e1280.238e1f29.000000000000 697856~512
2013-03-14 18:10:27.784325 7fb5876fd700 1 -- 172.16.156.135:0/1648258 --> 172.16.170.1:6800/1310 -- osd_op(client.2216705.0:261 rb.0.1e1280.238e1f29.000000000000 [sparse-read 697856~512] 2.dabde67b) v4 -- ?+0 0x7fb5a9350bd0 con 0x7fb5a91668f0
2013-03-14 18:10:27.784339 7fb5876fd700 20 librbd::AioCompletion: AioCompletion::finish_adding_requests 0x7fb5a9289bf0 pending 1
2013-03-14 18:10:27.785503 7fb58ed64700 1 -- 172.16.156.135:0/1648258 <== osd.0 172.16.170.1:6800/1310 256 ==== osd_op_reply(261 rb.0.1e1280.238e1f29.000000000000 [sparse-read 697856~512] = 0) v4 ==== 132+0+536 (982032711 0 2377461137) 0x7fb5a93511e0 con 0x7fb5a91668f0
2013-03-14 18:10:27.785557 7fb587fff700 20 librbd::AioRequest: should_complete 0x7fb5a934c410 rb.0.1e1280.238e1f29.000000000000 697856~512 r = 0
2013-03-14 18:10:27.785567 7fb587fff700 10 librbd::AioCompletion: C_AioRead::finish() 0x7fb5a928aef0 r = 0
2013-03-14 18:10:27.785570 7fb587fff700 10 librbd::AioCompletion: got {697856=512} for [0,512] bl 512
2013-03-14 18:10:27.785576 7fb587fff700 20 librbd::AioCompletion: AioCompletion::complete_request() 0x7fb5a9289bf0 complete_cb=0x7fb5a6fc7170 pending 1
2013-03-14 18:10:27.785579 7fb587fff700 20 librbd::AioCompletion: AioCompletion::finalize() 0x7fb5a9289bf0 rval 512 read_buf 0x7fb5a934c200 read_bl 0
2013-03-14 18:10:27.785583 7fb587fff700 20 librbd::AioCompletion: AioCompletion::finalize() copied resulting 512 bytes to 0x7fb5a934c200
2013-03-14 18:10:27.785758 7fb5876fd700 20 librbd: aio_read 0x7fb5a9162330 completion 0x7fb5a9289bf0 [698368,512]
2013-03-14 18:10:27.785768 7fb5876fd700 20 librbd: ictx_check 0x7fb5a9162330
2013-03-14 18:10:27.785776 7fb5876fd700 20 librbd: oid rb.0.1e1280.238e1f29.000000000000 698368~512 from [0,512]
2013-03-14 18:10:27.785781 7fb5876fd700 20 librbd::AioRequest: send 0x7fb5a9350b80 rb.0.1e1280.238e1f29.000000000000 698368~512
2013-03-14 18:10:27.785799 7fb5876fd700 1 -- 172.16.156.135:0/1648258 --> 172.16.170.1:6800/1310 -- osd_op(client.2216705.0:262 rb.0.1e1280.238e1f29.000000000000 [sparse-read 698368~512] 2.dabde67b) v4 -- ?+0 0x7fb5a934ca20 con 0x7fb5a91668f0
2013-03-14 18:10:27.785815 7fb5876fd700 20 librbd::AioCompletion: AioCompletion::finish_adding_requests 0x7fb5a9289bf0 pending 1
2013-03-14 18:10:27.786874 7fb58ed64700 1 -- 172.16.156.135:0/1648258 <== osd.0 172.16.170.1:6800/1310 257 ==== osd_op_reply(262 rb.0.1e1280.238e1f29.000000000000 [sparse-read 698368~512] = 0) v4 ==== 132+0+536 (4203797314 0 116876485) 0x7fb5a9351e00 con 0x7fb5a91668f0
2013-03-14 18:10:27.786929 7fb587fff700 20 librbd::AioRequest: should_complete 0x7fb5a9350b80 rb.0.1e1280.238e1f29.000000000000 698368~512 r = 0
2013-03-14 18:10:27.786940 7fb587fff700 10 librbd::AioCompletion: C_AioRead::finish() 0x7fb5a9337cf0 r = 0
2013-03-14 18:10:27.786942 7fb587fff700 10 librbd::AioCompletion: got {698368=512} for [0,512] bl 512
2013-03-14 18:10:27.786948 7fb587fff700 20 librbd::AioCompletion: AioCompletion::complete_request() 0x7fb5a9289bf0 complete_cb=0x7fb5a6fc7170 pending 1
2013-03-14 18:10:27.786951 7fb587fff700 20 librbd::AioCompletion: AioCompletion::finalize() 0x7fb5a9289bf0 rval 512 read_buf 0x7fb5a9351800 read_bl 0
2013-03-14 18:10:27.786955 7fb587fff700 20 librbd::AioCompletion: AioCompletion::finalize() copied resulting 512 bytes to 0x7fb5a9351800
2013-03-14 18:10:27.787156 7fb5876fd700 20 librbd: aio_read 0x7fb5a9162330 completion 0x7fb5a9289bf0 [698880,512]
2013-03-14 18:10:27.787165 7fb5876fd700 20 librbd: ictx_check 0x7fb5a9162330
2013-03-14 18:10:27.787173 7fb5876fd700 20 librbd: oid rb.0.1e1280.238e1f29.000000000000 698880~512 from [0,512]
2013-03-14 18:10:27.787177 7fb5876fd700 20 librbd::AioRequest: send 0x7fb5a934caf0 rb.0.1e1280.238e1f29.000000000000 698880~512
2013-03-14 18:10:27.787195 7fb5876fd700 1 -- 172.16.156.135:0/1648258 --> 172.16.170.1:6800/1310 -- osd_op(client.2216705.0:263 rb.0.1e1280.238e1f29.000000000000 [sparse-read 698880~512] 2.dabde67b) v4 -- ?+0 0x7fb5a934d680 con 0x7fb5a91668f0
2013-03-14 18:10:27.787208 7fb5876fd700 20 librbd::AioCompletion: AioCompletion::finish_adding_requests 0x7fb5a9289bf0 pending 1
2013-03-14 18:10:27.788340 7fb58ed64700 1 -- 172.16.156.135:0/1648258 <== osd.0 172.16.170.1:6800/1310 258 ==== osd_op_reply(263 rb.0.1e1280.238e1f29.000000000000 [sparse-read 698880~512] = 0) v4 ==== 132+0+536 (3144473022 0 3149812242) 0x7fb5a9356050 con 0x7fb5a91668f0
2013-03-14 18:10:27.788386 7fb587fff700 20 librbd::AioRequest: should_complete 0x7fb5a934caf0 rb.0.1e1280.238e1f29.000000000000 698880~512 r = 0
2013-03-14 18:10:27.788395 7fb587fff700 10 librbd::AioCompletion: C_AioRead::finish() 0x7fb5a92f05e0 r = 0
2013-03-14 18:10:27.788398 7fb587fff700 10 librbd::AioCompletion: got {698880=512} for [0,512] bl 512
2013-03-14 18:10:27.788403 7fb587fff700 20 librbd::AioCompletion: AioCompletion::complete_request() 0x7fb5a9289bf0 complete_cb=0x7fb5a6fc7170 pending 1
2013-03-14 18:10:27.788407 7fb587fff700 20 librbd::AioCompletion: AioCompletion::finalize() 0x7fb5a9289bf0 rval 512 read_buf 0x7fb5a934d200 read_bl 0
2013-03-14 18:10:27.788410 7fb587fff700 20 librbd::AioCompletion: AioCompletion::finalize() copied resulting 512 bytes to 0x7fb5a934d200
2013-03-14 18:10:27.788542 7fb5876fd700 20 librbd: aio_read 0x7fb5a9162330 completion 0x7fb5a9289bf0 [699392,512]
2013-03-14 18:10:27.788547 7fb5876fd700 20 librbd: ictx_check 0x7fb5a9162330
2013-03-14 18:10:27.788555 7fb5876fd700 20 librbd: oid rb.0.1e1280.238e1f29.000000000000 699392~512 from [0,512]
2013-03-14 18:10:27.788561 7fb5876fd700 20 librbd::AioRequest: send 0x7fb5a9351770 rb.0.1e1280.238e1f29.000000000000 699392~512
2013-03-14 18:10:27.788580 7fb5876fd700 1 -- 172.16.156.135:0/1648258 --> 172.16.170.1:6800/1310 -- osd_op(client.2216705.0:264 rb.0.1e1280.238e1f29.000000000000 [sparse-read 699392~512] 2.dabde67b) v4 -- ?+0 0x7fb5a934e7e0 con 0x7fb5a91668f0
2013-03-14 18:10:27.788594 7fb5876fd700 20 librbd::AioCompletion: AioCompletion::finish_adding_requests 0x7fb5a9289bf0 pending 1
2013-03-14 18:10:27.789817 7fb58ed64700 1 -- 172.16.156.135:0/1648258 <== osd.0 172.16.170.1:6800/1310 259 ==== osd_op_reply(264 rb.0.1e1280.238e1f29.000000000000 [sparse-read 699392~512] = 0) v4 ==== 132+0+536 (2036915898 0 3190235338) 0x7fb5a934ed70 con 0x7fb5a91668f0
2013-03-14 18:10:27.789861 7fb587fff700 20 librbd::AioRequest: should_complete 0x7fb5a9351770 rb.0.1e1280.238e1f29.000000000000 699392~512 r = 0
2013-03-14 18:10:27.789869 7fb587fff700 10 librbd::AioCompletion: C_AioRead::finish() 0x7fb5a9273e50 r = 0
2013-03-14 18:10:27.789871 7fb587fff700 10 librbd::AioCompletion: got {699392=512} for [0,512] bl 512
2013-03-14 18:10:27.789876 7fb587fff700 20 librbd::AioCompletion: AioCompletion::complete_request() 0x7fb5a9289bf0 complete_cb=0x7fb5a6fc7170 pending 1
2013-03-14 18:10:27.789879 7fb587fff700 20 librbd::AioCompletion: AioCompletion::finalize() 0x7fb5a9289bf0 rval 512 read_buf 0x7fb5a934e400 read_bl 0
2013-03-14 18:10:27.789883 7fb587fff700 20 librbd::AioCompletion: AioCompletion::finalize() copied resulting 512 bytes to 0x7fb5a934e400
2013-03-14 18:10:27.790056 7fb5876fd700 20 librbd: aio_read 0x7fb5a9162330 completion 0x7fb5a9289bf0 [699904,512]
2013-03-14 18:10:27.790066 7fb5876fd700 20 librbd: ictx_check 0x7fb5a9162330
2013-03-14 18:10:27.790074 7fb5876fd700 20 librbd: oid rb.0.1e1280.238e1f29.000000000000 699904~512 from [0,512]
2013-03-14 18:10:27.790079 7fb5876fd700 20 librbd::AioRequest: send 0x7fb5a934d630 rb.0.1e1280.238e1f29.000000000000 699904~512
2013-03-14 18:10:27.790098 7fb5876fd700 1 -- 172.16.156.135:0/1648258 --> 172.16.170.1:6800/1310 -- osd_op(client.2216705.0:265 rb.0.1e1280.238e1f29.000000000000 [sparse-read 699904~512] 2.dabde67b) v4 -- ?+0 0x7fb5a934f670 con 0x7fb5a91668f0
2013-03-14 18:10:27.790113 7fb5876fd700 20 librbd::AioCompletion: AioCompletion::finish_adding_requests 0x7fb5a9289bf0 pending 1
2013-03-14 18:10:27.791192 7fb58ed64700 1 -- 172.16.156.135:0/1648258 <== osd.0 172.16.170.1:6800/1310 260 ==== osd_op_reply(265 rb.0.1e1280.238e1f29.000000000000 [sparse-read 699904~512] = 0) v4 ==== 132+0+536 (949279814 0 3035723076) 0x7fb5a934fc80 con 0x7fb5a91668f0
2013-03-14 18:10:27.791236 7fb587fff700 20 librbd::AioRequest: should_complete 0x7fb5a934d630 rb.0.1e1280.238e1f29.000000000000 699904~512 r = 0
2013-03-14 18:10:27.791244 7fb587fff700 10 librbd::AioCompletion: C_AioRead::finish() 0x7fb5a926ccf0 r = 0
2013-03-14 18:10:27.791247 7fb587fff700 10 librbd::AioCompletion: got {699904=512} for [0,512] bl 512
2013-03-14 18:10:27.791252 7fb587fff700 20 librbd::AioCompletion: AioCompletion::complete_request() 0x7fb5a9289bf0 complete_cb=0x7fb5a6fc7170 pending 1
2013-03-14 18:10:27.791255 7fb587fff700 20 librbd::AioCompletion: AioCompletion::finalize() 0x7fb5a9289bf0 rval 512 read_buf 0x7fb5a934f400 read_bl 0
2013-03-14 18:10:27.791259 7fb587fff700 20 librbd::AioCompletion: AioCompletion::finalize() copied resulting 512 bytes to 0x7fb5a934f400
2013-03-14 18:10:27.791408 7fb5876fd700 20 librbd: aio_read 0x7fb5a9162330 completion 0x7fb5a9289bf0 [700416,512]
2013-03-14 18:10:27.791425 7fb5876fd700 20 librbd: ictx_check 0x7fb5a9162330
2013-03-14 18:10:27.791434 7fb5876fd700 20 librbd: oid rb.0.1e1280.238e1f29.000000000000 700416~512 from [0,512]
2013-03-14 18:10:27.791439 7fb5876fd700 20 librbd::AioRequest: send 0x7fb5a934e490 rb.0.1e1280.238e1f29.000000000000 700416~512
2013-03-14 18:10:27.791457 7fb5876fd700 1 -- 172.16.156.135:0/1648258 --> 172.16.170.1:6800/1310 -- osd_op(client.2216705.0:266 rb.0.1e1280.238e1f29.000000000000 [sparse-read 700416~512] 2.dabde67b) v4 -- ?+0 0x7fb5a9356590 con 0x7fb5a91668f0
2013-03-14 18:10:27.791471 7fb5876fd700 20 librbd::AioCompletion: AioCompletion::finish_adding_requests 0x7fb5a9289bf0 pending 1
2013-03-14 18:10:27.792513 7fb58ed64700 1 -- 172.16.156.135:0/1648258 <== osd.0 172.16.170.1:6800/1310 261 ==== osd_op_reply(266 rb.0.1e1280.238e1f29.000000000000 [sparse-read 700416~512] = 0) v4 ==== 132+0+536 (4239678529 0 2336299927) 0x7fb5a9356ba0 con 0x7fb5a91668f0
2013-03-14 18:10:27.792560 7fb587fff700 20 librbd::AioRequest: should_complete 0x7fb5a934e490 rb.0.1e1280.238e1f29.000000000000 700416~512 r = 0
2013-03-14 18:10:27.792572 7fb587fff700 10 librbd::AioCompletion: C_AioRead::finish() 0x7fb5a934f3d0 r = 0
2013-03-14 18:10:27.792575 7fb587fff700 10 librbd::AioCompletion: got {700416=512} for [0,512] bl 512
2013-03-14 18:10:27.792580 7fb587fff700 20 librbd::AioCompletion: AioCompletion::complete_request() 0x7fb5a9289bf0 complete_cb=0x7fb5a6fc7170 pending 1
2013-03-14 18:10:27.792584 7fb587fff700 20 librbd::AioCompletion: AioCompletion::finalize() 0x7fb5a9289bf0 rval 512 read_buf 0x7fb5a934f400 read_bl 0
2013-03-14 18:10:27.792588 7fb587fff700 20 librbd::AioCompletion: AioCompletion::finalize() copied resulting 512 bytes to 0x7fb5a934f400
2013-03-14 18:10:27.792747 7fb5876fd700 20 librbd: aio_read 0x7fb5a9162330 completion 0x7fb5a9289bf0 [700928,512]
2013-03-14 18:10:27.792756 7fb5876fd700 20 librbd: ictx_check 0x7fb5a9162330
2013-03-14 18:10:27.792764 7fb5876fd700 20 librbd: oid rb.0.1e1280.238e1f29.000000000000 700928~512 from [0,512]
2013-03-14 18:10:27.792770 7fb5876fd700 20 librbd::AioRequest: send 0x7fb5a9356590 rb.0.1e1280.238e1f29.000000000000 700928~512
2013-03-14 18:10:27.792787 7fb5876fd700 1 -- 172.16.156.135:0/1648258 --> 172.16.170.1:6800/1310 -- osd_op(client.2216705.0:267 rb.0.1e1280.238e1f29.000000000000 [sparse-read 700928~512] 2.dabde67b) v4 -- ?+0 0x7fb5a9357710 con 0x7fb5a91668f0
2013-03-14 18:10:27.792801 7fb5876fd700 20 librbd::AioCompletion: AioCompletion::finish_adding_requests 0x7fb5a9289bf0 pending 1
2013-03-14 18:10:27.794025 7fb58ed64700 1 -- 172.16.156.135:0/1648258 <== osd.0 172.16.170.1:6800/1310 262 ==== osd_op_reply(267 rb.0.1e1280.238e1f29.000000000000 [sparse-read 700928~512] = 0) v4 ==== 132+0+536 (3175636669 0 3281650585) 0x7fb5a9357710 con 0x7fb5a91668f0
2013-03-14 18:10:27.794070 7fb587fff700 20 librbd::AioRequest: should_complete 0x7fb5a9356590 rb.0.1e1280.238e1f29.000000000000 700928~512 r = 0
2013-03-14 18:10:27.794078 7fb587fff700 10 librbd::AioCompletion: C_AioRead::finish() 0x7fb5a933f720 r = 0
2013-03-14 18:10:27.794080 7fb587fff700 10 librbd::AioCompletion: got {700928=512} for [0,512] bl 512
2013-03-14 18:10:27.794086 7fb587fff700 20 librbd::AioCompletion: AioCompletion::complete_request() 0x7fb5a9289bf0 complete_cb=0x7fb5a6fc7170 pending 1
2013-03-14 18:10:27.794089 7fb587fff700 20 librbd::AioCompletion: AioCompletion::finalize() 0x7fb5a9289bf0 rval 512 read_buf 0x7fb5a9357200 read_bl 0
2013-03-14 18:10:27.794093 7fb587fff700 20 librbd::AioCompletion: AioCompletion::finalize() copied resulting 512 bytes to 0x7fb5a9357200
2013-03-14 18:10:27.794221 7fb5876fd700 20 librbd: aio_read 0x7fb5a9162330 completion 0x7fb5a9289bf0 [701440,512]
2013-03-14 18:10:27.794231 7fb5876fd700 20 librbd: ictx_check 0x7fb5a9162330
2013-03-14 18:10:27.794238 7fb5876fd700 20 librbd: oid rb.0.1e1280.238e1f29.000000000000 701440~512 from [0,512]
2013-03-14 18:10:27.794243 7fb5876fd700 20 librbd::AioRequest: send 0x7fb5a9357df0 rb.0.1e1280.238e1f29.000000000000 701440~512
2013-03-14 18:10:27.794260 7fb5876fd700 1 -- 172.16.156.135:0/1648258 --> 172.16.170.1:6800/1310 -- osd_op(client.2216705.0:268 rb.0.1e1280.238e1f29.000000000000 [sparse-read 701440~512] 2.dabde67b) v4 -- ?+0 0x7fb5a9352800 con 0x7fb5a91668f0
2013-03-14 18:10:27.794273 7fb5876fd700 20 librbd::AioCompletion: AioCompletion::finish_adding_requests 0x7fb5a9289bf0 pending 1
2013-03-14 18:10:27.795421 7fb58ed64700 1 -- 172.16.156.135:0/1648258 <== osd.0 172.16.170.1:6800/1310 263 ==== osd_op_reply(268 rb.0.1e1280.238e1f29.000000000000 [sparse-read 701440~512] = 0) v4 ==== 132+0+536 (2135710137 0 33109057) 0x7fb5a9352e10 con 0x7fb5a91668f0
2013-03-14 18:10:27.795466 7fb587fff700 20 librbd::AioRequest: should_complete 0x7fb5a9357df0 rb.0.1e1280.238e1f29.000000000000 701440~512 r = 0
2013-03-14 18:10:27.795473 7fb587fff700 10 librbd::AioCompletion: C_AioRead::finish() 0x7fb5a92b4bf0 r = 0
2013-03-14 18:10:27.795475 7fb587fff700 10 librbd::AioCompletion: got {701440=512} for [0,512] bl 512
2013-03-14 18:10:27.795481 7fb587fff700 20 librbd::AioCompletion: AioCompletion::complete_request() 0x7fb5a9289bf0 complete_cb=0x7fb5a6fc7170 pending 1
2013-03-14 18:10:27.795485 7fb587fff700 20 librbd::AioCompletion: AioCompletion::finalize() 0x7fb5a9289bf0 rval 512 read_buf 0x7fb5a9352200 read_bl 0
2013-03-14 18:10:27.795490 7fb587fff700 20 librbd::AioCompletion: AioCompletion::finalize() copied resulting 512 bytes to 0x7fb5a9352200
2013-03-14 18:10:27.795652 7fb5876fd700 20 librbd: aio_read 0x7fb5a9162330 completion 0x7fb5a9289bf0 [701952,512]
2013-03-14 18:10:27.795662 7fb5876fd700 20 librbd: ictx_check 0x7fb5a9162330
2013-03-14 18:10:27.795671 7fb5876fd700 20 librbd: oid rb.0.1e1280.238e1f29.000000000000 701952~512 from [0,512]
2013-03-14 18:10:27.795676 7fb5876fd700 20 librbd::AioRequest: send 0x7fb5a9352800 rb.0.1e1280.238e1f29.000000000000 701952~512
2013-03-14 18:10:27.795695 7fb5876fd700 1 -- 172.16.156.135:0/1648258 --> 172.16.170.1:6800/1310 -- osd_op(client.2216705.0:269 rb.0.1e1280.238e1f29.000000000000 [sparse-read 701952~512] 2.dabde67b) v4 -- ?+0 0x7fb5a9353a00 con 0x7fb5a91668f0
2013-03-14 18:10:27.795713 7fb5876fd700 20 librbd::AioCompletion: AioCompletion::finish_adding_requests 0x7fb5a9289bf0 pending 1
2013-03-14 18:10:27.796819 7fb58ed64700 1 -- 172.16.156.135:0/1648258 <== osd.0 172.16.170.1:6800/1310 264 ==== osd_op_reply(269 rb.0.1e1280.238e1f29.000000000000 [sparse-read 701952~512] = 0) v4 ==== 132+0+536 (1051745093 0 3881468106) 0x7fb5a935c050 con 0x7fb5a91668f0
2013-03-14 18:10:27.796865 7fb587fff700 20 librbd::AioRequest: should_complete 0x7fb5a9352800 rb.0.1e1280.238e1f29.000000000000 701952~512 r = 0
2013-03-14 18:10:27.796874 7fb587fff700 10 librbd::AioCompletion: C_AioRead::finish() 0x7fb5a92a96b0 r = 0
2013-03-14 18:10:27.796877 7fb587fff700 10 librbd::AioCompletion: got {701952=512} for [0,512] bl 512
2013-03-14 18:10:27.796882 7fb587fff700 20 librbd::AioCompletion: AioCompletion::complete_request() 0x7fb5a9289bf0 complete_cb=0x7fb5a6fc7170 pending 1
2013-03-14 18:10:27.796886 7fb587fff700 20 librbd::AioCompletion: AioCompletion::finalize() 0x7fb5a9289bf0 rval 512 read_buf 0x7fb5a9353400 read_bl 0
2013-03-14 18:10:27.796890 7fb587fff700 20 librbd::AioCompletion: AioCompletion::finalize() copied resulting 512 bytes to 0x7fb5a9353400
2013-03-14 18:10:27.797080 7fb5876fd700 20 librbd: aio_read 0x7fb5a9162330 completion 0x7fb5a9289bf0 [702464,512]
2013-03-14 18:10:27.797090 7fb5876fd700 20 librbd: ictx_check 0x7fb5a9162330
2013-03-14 18:10:27.797098 7fb5876fd700 20 librbd: oid rb.0.1e1280.238e1f29.000000000000 702464~512 from [0,512]
