2013-03-14 18:10:28.618936 7fb587fff700 20 librbd::AioCompletion: AioCompletion::complete_request() 0x7fb5a95c2a10 complete_cb=0x7fb5a6fc7170 pending 1
2013-03-14 18:10:28.618940 7fb587fff700 20 librbd::AioCompletion: AioCompletion::finalize() 0x7fb5a95c2a10 rval 512 read_buf 0x7fb5a95c2800 read_bl 0
2013-03-14 18:10:28.618945 7fb587fff700 20 librbd::AioCompletion: AioCompletion::finalize() copied resulting 512 bytes to 0x7fb5a95c2800
2013-03-14 18:10:28.619105 7fb5876fd700 20 librbd: aio_read 0x7fb5a9162330 completion 0x7fb5a95c2e80 [1017344,512]
2013-03-14 18:10:28.619115 7fb5876fd700 20 librbd: ictx_check 0x7fb5a9162330
2013-03-14 18:10:28.619125 7fb5876fd700 20 librbd: oid rb.0.1e1280.238e1f29.000000000000 1017344~512 from [0,512]
2013-03-14 18:10:28.619132 7fb5876fd700 20 librbd::AioRequest: send 0x7fb5a95c35b0 rb.0.1e1280.238e1f29.000000000000 1017344~512
2013-03-14 18:10:28.619154 7fb5876fd700 1 -- 172.16.156.135:0/1648258 --> 172.16.170.1:6800/1310 -- osd_op(client.2216705.0:885 rb.0.1e1280.238e1f29.000000000000 [sparse-read 1017344~512] 2.dabde67b) v4 -- ?+0 0x7fb5a95c3dc0 con 0x7fb5a91668f0
2013-03-14 18:10:28.619181 7fb5876fd700 20 librbd::AioCompletion: AioCompletion::finish_adding_requests 0x7fb5a95c2e80 pending 1
2013-03-14 18:10:28.620204 7fb58ed64700 1 -- 172.16.156.135:0/1648258 <== osd.0 172.16.170.1:6800/1310 880 ==== osd_op_reply(885 rb.0.1e1280.238e1f29.000000000000 [sparse-read 1017344~512] = 0) v4 ==== 132+0+536 (2057569042 0 2157526467) 0x7fb5a95cc050 con 0x7fb5a91668f0
2013-03-14 18:10:28.620296 7fb587fff700 20 librbd::AioRequest: should_complete 0x7fb5a95c35b0 rb.0.1e1280.238e1f29.000000000000 1017344~512 r = 0
2013-03-14 18:10:28.620306 7fb587fff700 10 librbd::AioCompletion: C_AioRead::finish() 0x7fb5a93edc80 r = 0
2013-03-14 18:10:28.620308 7fb587fff700 10 librbd::AioCompletion: got {1017344=512} for [0,512] bl 512
2013-03-14 18:10:28.620315 7fb587fff700 20 librbd::AioCompletion: AioCompletion::complete_request() 0x7fb5a95c2e80 complete_cb=0x7fb5a6fc7170 pending 1
2013-03-14 18:10:28.620320 7fb587fff700 20 librbd::AioCompletion: AioCompletion::finalize() 0x7fb5a95c2e80 rval 512 read_buf 0x7fb5a95c3200 read_bl 0
2013-03-14 18:10:28.620329 7fb587fff700 20 librbd::AioCompletion: AioCompletion::finalize() copied resulting 512 bytes to 0x7fb5a95c3200
2013-03-14 18:10:28.620505 7fb5876fd700 20 librbd: aio_read 0x7fb5a9162330 completion 0x7fb5a95c44a0 [1017856,512]
2013-03-14 18:10:28.620518 7fb5876fd700 20 librbd: ictx_check 0x7fb5a9162330
2013-03-14 18:10:28.620531 7fb5876fd700 20 librbd: oid rb.0.1e1280.238e1f29.000000000000 1017856~512 from [0,512]
2013-03-14 18:10:28.620538 7fb5876fd700 20 librbd::AioRequest: send 0x7fb5a95c35b0 rb.0.1e1280.238e1f29.000000000000 1017856~512
2013-03-14 18:10:28.620562 7fb5876fd700 1 -- 172.16.156.135:0/1648258 --> 172.16.170.1:6800/1310 -- osd_op(client.2216705.0:886 rb.0.1e1280.238e1f29.000000000000 [sparse-read 1017856~512] 2.dabde67b) v4 -- ?+0 0x7fb5a95c4990 con 0x7fb5a91668f0
2013-03-14 18:10:28.620672 7fb5876fd700 20 librbd::AioCompletion: AioCompletion::finish_adding_requests 0x7fb5a95c44a0 pending 1
2013-03-14 18:10:28.621736 7fb58ed64700 1 -- 172.16.156.135:0/1648258 <== osd.0 172.16.170.1:6800/1310 881 ==== osd_op_reply(886 rb.0.1e1280.238e1f29.000000000000 [sparse-read 1017856~512] = 0) v4 ==== 132+0+536 (3132913943 0 3337850813) 0x7fb5a95cc050 con 0x7fb5a91668f0
2013-03-14 18:10:28.621842 7fb587fff700 20 librbd::AioRequest: should_complete 0x7fb5a95c35b0 rb.0.1e1280.238e1f29.000000000000 1017856~512 r = 0
2013-03-14 18:10:28.621855 7fb587fff700 10 librbd::AioCompletion: C_AioRead::finish() 0x7fb5a942dcd0 r = 0
2013-03-14 18:10:28.621858 7fb587fff700 10 librbd::AioCompletion: got {1017856=512} for [0,512] bl 512
2013-03-14 18:10:28.621866 7fb587fff700 20 librbd::AioCompletion: AioCompletion::complete_request() 0x7fb5a95c44a0 complete_cb=0x7fb5a6fc7170 pending 1
2013-03-14 18:10:28.621870 7fb587fff700 20 librbd::AioCompletion: AioCompletion::finalize() 0x7fb5a95c44a0 rval 512 read_buf 0x7fb5a95c4600 read_bl 0
2013-03-14 18:10:28.621875 7fb587fff700 20 librbd::AioCompletion: AioCompletion::finalize() copied resulting 512 bytes to 0x7fb5a95c4600
2013-03-14 18:10:28.622064 7fb5876fd700 20 librbd: aio_read 0x7fb5a9162330 completion 0x7fb5a95c3150 [1018368,512]
2013-03-14 18:10:28.622076 7fb5876fd700 20 librbd: ictx_check 0x7fb5a9162330
2013-03-14 18:10:28.622088 7fb5876fd700 20 librbd: oid rb.0.1e1280.238e1f29.000000000000 1018368~512 from [0,512]
2013-03-14 18:10:28.622094 7fb5876fd700 20 librbd::AioRequest: send 0x7fb5a95c48e0 rb.0.1e1280.238e1f29.000000000000 1018368~512
2013-03-14 18:10:28.622112 7fb5876fd700 1 -- 172.16.156.135:0/1648258 --> 172.16.170.1:6800/1310 -- osd_op(client.2216705.0:887 rb.0.1e1280.238e1f29.000000000000 [sparse-read 1018368~512] 2.dabde67b) v4 -- ?+0 0x7fb5a95c5990 con 0x7fb5a91668f0
2013-03-14 18:10:28.622128 7fb5876fd700 20 librbd::AioCompletion: AioCompletion::finish_adding_requests 0x7fb5a95c3150 pending 1
2013-03-14 18:10:28.623159 7fb58ed64700 1 -- 172.16.156.135:0/1648258 <== osd.0 172.16.170.1:6800/1310 882 ==== osd_op_reply(887 rb.0.1e1280.238e1f29.000000000000 [sparse-read 1018368~512] = 0) v4 ==== 132+0+536 (4215307243 0 1748458098) 0x7fb5a95cc050 con 0x7fb5a91668f0
2013-03-14 18:10:28.623212 7fb587fff700 20 librbd::AioRequest: should_complete 0x7fb5a95c48e0 rb.0.1e1280.238e1f29.000000000000 1018368~512 r = 0
2013-03-14 18:10:28.623226 7fb587fff700 10 librbd::AioCompletion: C_AioRead::finish() 0x7fb5a9506ef0 r = 0
2013-03-14 18:10:28.623229 7fb587fff700 10 librbd::AioCompletion: got {1018368=512} for [0,512] bl 512
2013-03-14 18:10:28.623237 7fb587fff700 20 librbd::AioCompletion: AioCompletion::complete_request() 0x7fb5a95c3150 complete_cb=0x7fb5a6fc7170 pending 1
2013-03-14 18:10:28.623241 7fb587fff700 20 librbd::AioCompletion: AioCompletion::finalize() 0x7fb5a95c3150 rval 512 read_buf 0x7fb5a95c5600 read_bl 0
2013-03-14 18:10:28.623246 7fb587fff700 20 librbd::AioCompletion: AioCompletion::finalize() copied resulting 512 bytes to 0x7fb5a95c5600
2013-03-14 18:10:28.623400 7fb5876fd700 20 librbd: aio_read 0x7fb5a9162330 completion 0x7fb5a95c3150 [1018880,512]
2013-03-14 18:10:28.623412 7fb5876fd700 20 librbd: ictx_check 0x7fb5a9162330
2013-03-14 18:10:28.623420 7fb5876fd700 20 librbd: oid rb.0.1e1280.238e1f29.000000000000 1018880~512 from [0,512]
2013-03-14 18:10:28.623425 7fb5876fd700 20 librbd::AioRequest: send 0x7fb5a95c5690 rb.0.1e1280.238e1f29.000000000000 1018880~512
2013-03-14 18:10:28.623443 7fb5876fd700 1 -- 172.16.156.135:0/1648258 --> 172.16.170.1:6800/1310 -- osd_op(client.2216705.0:888 rb.0.1e1280.238e1f29.000000000000 [sparse-read 1018880~512] 2.dabde67b) v4 -- ?+0 0x7fb5a95c6990 con 0x7fb5a91668f0
2013-03-14 18:10:28.623460 7fb5876fd700 20 librbd::AioCompletion: AioCompletion::finish_adding_requests 0x7fb5a95c3150 pending 1
2013-03-14 18:10:28.624563 7fb58ed64700 1 -- 172.16.156.135:0/1648258 <== osd.0 172.16.170.1:6800/1310 883 ==== osd_op_reply(888 rb.0.1e1280.238e1f29.000000000000 [sparse-read 1018880~512] = 0) v4 ==== 132+0+536 (960789743 0 2660651730) 0x7fb5a95c6f20 con 0x7fb5a91668f0
2013-03-14 18:10:28.624722 7fb587fff700 20 librbd::AioRequest: should_complete 0x7fb5a95c5690 rb.0.1e1280.238e1f29.000000000000 1018880~512 r = 0
2013-03-14 18:10:28.624736 7fb587fff700 10 librbd::AioCompletion: C_AioRead::finish() 0x7fb5a9436ed0 r = 0
2013-03-14 18:10:28.624741 7fb587fff700 10 librbd::AioCompletion: got {1018880=512} for [0,512] bl 512
2013-03-14 18:10:28.624751 7fb587fff700 20 librbd::AioCompletion: AioCompletion::complete_request() 0x7fb5a95c3150 complete_cb=0x7fb5a6fc7170 pending 1
2013-03-14 18:10:28.624759 7fb587fff700 20 librbd::AioCompletion: AioCompletion::finalize() 0x7fb5a95c3150 rval 512 read_buf 0x7fb5a95c6600 read_bl 0
2013-03-14 18:10:28.624771 7fb587fff700 20 librbd::AioCompletion: AioCompletion::finalize() copied resulting 512 bytes to 0x7fb5a95c6600
2013-03-14 18:10:28.624914 7fb5876fd700 20 librbd: aio_read 0x7fb5a9162330 completion 0x7fb5a95c7420 [1019392,512]
2013-03-14 18:10:28.624925 7fb5876fd700 20 librbd: ictx_check 0x7fb5a9162330
2013-03-14 18:10:28.624933 7fb5876fd700 20 librbd: oid rb.0.1e1280.238e1f29.000000000000 1019392~512 from [0,512]
2013-03-14 18:10:28.624938 7fb5876fd700 20 librbd::AioRequest: send 0x7fb5a95c58e0 rb.0.1e1280.238e1f29.000000000000 1019392~512
2013-03-14 18:10:28.624956 7fb5876fd700 1 -- 172.16.156.135:0/1648258 --> 172.16.170.1:6800/1310 -- osd_op(client.2216705.0:889 rb.0.1e1280.238e1f29.000000000000 [sparse-read 1019392~512] 2.dabde67b) v4 -- ?+0 0x7fb5a95c79e0 con 0x7fb5a91668f0
2013-03-14 18:10:28.624972 7fb5876fd700 20 librbd::AioCompletion: AioCompletion::finish_adding_requests 0x7fb5a95c7420 pending 1
2013-03-14 18:10:28.626051 7fb58ed64700 1 -- 172.16.156.135:0/1648258 <== osd.0 172.16.170.1:6800/1310 884 ==== osd_op_reply(889 rb.0.1e1280.238e1f29.000000000000 [sparse-read 1019392~512] = 0) v4 ==== 132+0+536 (2025356819 0 810714909) 0x7fb5a95c8090 con 0x7fb5a91668f0
2013-03-14 18:10:28.626152 7fb587fff700 20 librbd::AioRequest: should_complete 0x7fb5a95c58e0 rb.0.1e1280.238e1f29.000000000000 1019392~512 r = 0
2013-03-14 18:10:28.626160 7fb587fff700 10 librbd::AioCompletion: C_AioRead::finish() 0x7fb5a937b6a0 r = 0
2013-03-14 18:10:28.626162 7fb587fff700 10 librbd::AioCompletion: got {1019392=512} for [0,512] bl 512
2013-03-14 18:10:28.626172 7fb587fff700 20 librbd::AioCompletion: AioCompletion::complete_request() 0x7fb5a95c7420 complete_cb=0x7fb5a6fc7170 pending 1
2013-03-14 18:10:28.626177 7fb587fff700 20 librbd::AioCompletion: AioCompletion::finalize() 0x7fb5a95c7420 rval 512 read_buf 0x7fb5a95c7600 read_bl 0
2013-03-14 18:10:28.626182 7fb587fff700 20 librbd::AioCompletion: AioCompletion::finalize() copied resulting 512 bytes to 0x7fb5a95c7600
2013-03-14 18:10:28.626321 7fb5876fd700 20 librbd: aio_read 0x7fb5a9162330 completion 0x7fb5a95c7420 [1019904,512]
2013-03-14 18:10:28.626332 7fb5876fd700 20 librbd: ictx_check 0x7fb5a9162330
2013-03-14 18:10:28.626341 7fb5876fd700 20 librbd: oid rb.0.1e1280.238e1f29.000000000000 1019904~512 from [0,512]
2013-03-14 18:10:28.626346 7fb5876fd700 20 librbd::AioRequest: send 0x7fb5a95c75e0 rb.0.1e1280.238e1f29.000000000000 1019904~512
2013-03-14 18:10:28.626363 7fb5876fd700 1 -- 172.16.156.135:0/1648258 --> 172.16.170.1:6800/1310 -- osd_op(client.2216705.0:890 rb.0.1e1280.238e1f29.000000000000 [sparse-read 1019904~512] 2.dabde67b) v4 -- ?+0 0x7fb5a95cca80 con 0x7fb5a91668f0
2013-03-14 18:10:28.626379 7fb5876fd700 20 librbd::AioCompletion: AioCompletion::finish_adding_requests 0x7fb5a95c7420 pending 1
2013-03-14 18:10:28.627441 7fb58ed64700 1 -- 172.16.156.135:0/1648258 <== osd.0 172.16.170.1:6800/1310 885 ==== osd_op_reply(890 rb.0.1e1280.238e1f29.000000000000 [sparse-read 1019904~512] = 0) v4 ==== 132+0+536 (3164143124 0 306394670) 0x7fb5a95cd090 con 0x7fb5a91668f0
2013-03-14 18:10:28.627531 7fb587fff700 20 librbd::AioRequest: should_complete 0x7fb5a95c75e0 rb.0.1e1280.238e1f29.000000000000 1019904~512 r = 0
2013-03-14 18:10:28.627540 7fb587fff700 10 librbd::AioCompletion: C_AioRead::finish() 0x7fb5a92c0ad0 r = 0
2013-03-14 18:10:28.627542 7fb587fff700 10 librbd::AioCompletion: got {1019904=512} for [0,512] bl 512
2013-03-14 18:10:28.627547 7fb587fff700 20 librbd::AioCompletion: AioCompletion::complete_request() 0x7fb5a95c7420 complete_cb=0x7fb5a6fc7170 pending 1
2013-03-14 18:10:28.627551 7fb587fff700 20 librbd::AioCompletion: AioCompletion::finalize() 0x7fb5a95c7420 rval 512 read_buf 0x7fb5a95cc600 read_bl 0
2013-03-14 18:10:28.627555 7fb587fff700 20 librbd::AioCompletion: AioCompletion::finalize() copied resulting 512 bytes to 0x7fb5a95cc600
2013-03-14 18:10:28.627718 7fb5876fd700 20 librbd: aio_read 0x7fb5a9162330 completion 0x7fb5a95c7420 [1020416,512]
2013-03-14 18:10:28.627730 7fb5876fd700 20 librbd: ictx_check 0x7fb5a9162330
2013-03-14 18:10:28.627738 7fb5876fd700 20 librbd: oid rb.0.1e1280.238e1f29.000000000000 1020416~512 from [0,512]
2013-03-14 18:10:28.627743 7fb5876fd700 20 librbd::AioRequest: send 0x7fb5a95cc5e0 rb.0.1e1280.238e1f29.000000000000 1020416~512
2013-03-14 18:10:28.627761 7fb5876fd700 1 -- 172.16.156.135:0/1648258 --> 172.16.170.1:6800/1310 -- osd_op(client.2216705.0:891 rb.0.1e1280.238e1f29.000000000000 [sparse-read 1020416~512] 2.dabde67b) v4 -- ?+0 0x7fb5a95cdc00 con 0x7fb5a91668f0
2013-03-14 18:10:28.627777 7fb5876fd700 20 librbd::AioCompletion: AioCompletion::finish_adding_requests 0x7fb5a95c7420 pending 1
2013-03-14 18:10:28.628869 7fb58ed64700 1 -- 172.16.156.135:0/1648258 <== osd.0 172.16.170.1:6800/1310 886 ==== osd_op_reply(891 rb.0.1e1280.238e1f29.000000000000 [sparse-read 1020416~512] = 0) v4 ==== 132+0+536 (4251253992 0 3163022305) 0x7fb5a95c81e0 con 0x7fb5a91668f0
2013-03-14 18:10:28.628964 7fb587fff700 20 librbd::AioRequest: should_complete 0x7fb5a95cc5e0 rb.0.1e1280.238e1f29.000000000000 1020416~512 r = 0
2013-03-14 18:10:28.628974 7fb587fff700 10 librbd::AioCompletion: C_AioRead::finish() 0x7fb5a9392cf0 r = 0
2013-03-14 18:10:28.628977 7fb587fff700 10 librbd::AioCompletion: got {1020416=512} for [0,512] bl 512
2013-03-14 18:10:28.628984 7fb587fff700 20 librbd::AioCompletion: AioCompletion::complete_request() 0x7fb5a95c7420 complete_cb=0x7fb5a6fc7170 pending 1
2013-03-14 18:10:28.628988 7fb587fff700 20 librbd::AioCompletion: AioCompletion::finalize() 0x7fb5a95c7420 rval 512 read_buf 0x7fb5a95cd600 read_bl 0
2013-03-14 18:10:28.628993 7fb587fff700 20 librbd::AioCompletion: AioCompletion::finalize() copied resulting 512 bytes to 0x7fb5a95cd600
2013-03-14 18:10:28.629147 7fb5876fd700 20 librbd: aio_read 0x7fb5a9162330 completion 0x7fb5a95c7420 [1020928,512]
2013-03-14 18:10:28.629158 7fb5876fd700 20 librbd: ictx_check 0x7fb5a9162330
2013-03-14 18:10:28.629166 7fb5876fd700 20 librbd: oid rb.0.1e1280.238e1f29.000000000000 1020928~512 from [0,512]
2013-03-14 18:10:28.629171 7fb5876fd700 20 librbd::AioRequest: send 0x7fb5a95cdc00 rb.0.1e1280.238e1f29.000000000000 1020928~512
2013-03-14 18:10:28.629189 7fb5876fd700 1 -- 172.16.156.135:0/1648258 --> 172.16.170.1:6800/1310 -- osd_op(client.2216705.0:892 rb.0.1e1280.238e1f29.000000000000 [sparse-read 1020928~512] 2.dabde67b) v4 -- ?+0 0x7fb5a95c8e00 con 0x7fb5a91668f0
2013-03-14 18:10:28.629204 7fb5876fd700 20 librbd::AioCompletion: AioCompletion::finish_adding_requests 0x7fb5a95c7420 pending 1
2013-03-14 18:10:28.630245 7fb58ed64700 1 -- 172.16.156.135:0/1648258 <== osd.0 172.16.170.1:6800/1310 887 ==== osd_op_reply(892 rb.0.1e1280.238e1f29.000000000000 [sparse-read 1020928~512] = 0) v4 ==== 132+0+536 (1063320556 0 1244064577) 0x7fb5a95d2050 con 0x7fb5a91668f0
2013-03-14 18:10:28.630330 7fb587fff700 20 librbd::AioRequest: should_complete 0x7fb5a95cdc00 rb.0.1e1280.238e1f29.000000000000 1020928~512 r = 0
2013-03-14 18:10:28.630348 7fb587fff700 10 librbd::AioCompletion: C_AioRead::finish() 0x7fb5a95878f0 r = 0
2013-03-14 18:10:28.630351 7fb587fff700 10 librbd::AioCompletion: got {1020928=512} for [0,512] bl 512
2013-03-14 18:10:28.630359 7fb587fff700 20 librbd::AioCompletion: AioCompletion::complete_request() 0x7fb5a95c7420 complete_cb=0x7fb5a6fc7170 pending 1
2013-03-14 18:10:28.630364 7fb587fff700 20 librbd::AioCompletion: AioCompletion::finalize() 0x7fb5a95c7420 rval 512 read_buf 0x7fb5a95c8800 read_bl 0
2013-03-14 18:10:28.630370 7fb587fff700 20 librbd::AioCompletion: AioCompletion::finalize() copied resulting 512 bytes to 0x7fb5a95c8800
2013-03-14 18:10:28.630511 7fb5876fd700 20 librbd: aio_read 0x7fb5a9162330 completion 0x7fb5a95c7420 [1021440,512]
2013-03-14 18:10:28.630523 7fb5876fd700 20 librbd: ictx_check 0x7fb5a9162330
2013-03-14 18:10:28.630531 7fb5876fd700 20 librbd: oid rb.0.1e1280.238e1f29.000000000000 1021440~512 from [0,512]
2013-03-14 18:10:28.630537 7fb5876fd700 20 librbd::AioRequest: send 0x7fb5a95c8e00 rb.0.1e1280.238e1f29.000000000000 1021440~512
2013-03-14 18:10:28.630554 7fb5876fd700 1 -- 172.16.156.135:0/1648258 --> 172.16.170.1:6800/1310 -- osd_op(client.2216705.0:893 rb.0.1e1280.238e1f29.000000000000 [sparse-read 1021440~512] 2.dabde67b) v4 -- ?+0 0x7fb5a95c9b90 con 0x7fb5a91668f0
2013-03-14 18:10:28.630571 7fb5876fd700 20 librbd::AioCompletion: AioCompletion::finish_adding_requests 0x7fb5a95c7420 pending 1
2013-03-14 18:10:28.631783 7fb58ed64700 1 -- 172.16.156.135:0/1648258 <== osd.0 172.16.170.1:6800/1310 888 ==== osd_op_reply(893 rb.0.1e1280.238e1f29.000000000000 [sparse-read 1021440~512] = 0) v4 ==== 132+0+536 (2124216592 0 3840032398) 0x7fb5a95ca1a0 con 0x7fb5a91668f0
2013-03-14 18:10:28.631874 7fb587fff700 20 librbd::AioRequest: should_complete 0x7fb5a95c8e00 rb.0.1e1280.238e1f29.000000000000 1021440~512 r = 0
2013-03-14 18:10:28.631886 7fb587fff700 10 librbd::AioCompletion: C_AioRead::finish() 0x7fb5a9504e80 r = 0
2013-03-14 18:10:28.631889 7fb587fff700 10 librbd::AioCompletion: got {1021440=512} for [0,512] bl 512
2013-03-14 18:10:28.631895 7fb587fff700 20 librbd::AioCompletion: AioCompletion::complete_request() 0x7fb5a95c7420 complete_cb=0x7fb5a6fc7170 pending 1
2013-03-14 18:10:28.631898 7fb587fff700 20 librbd::AioCompletion: AioCompletion::finalize() 0x7fb5a95c7420 rval 512 read_buf 0x7fb5a95c9800 read_bl 0
2013-03-14 18:10:28.631902 7fb587fff700 20 librbd::AioCompletion: AioCompletion::finalize() copied resulting 512 bytes to 0x7fb5a95c9800
2013-03-14 18:10:28.632060 7fb5876fd700 20 librbd: aio_read 0x7fb5a9162330 completion 0x7fb5a95c7420 [1021952,512]
2013-03-14 18:10:28.632071 7fb5876fd700 20 librbd: ictx_check 0x7fb5a9162330
2013-03-14 18:10:28.632081 7fb5876fd700 20 librbd: oid rb.0.1e1280.238e1f29.000000000000 1021952~512 from [0,512]
2013-03-14 18:10:28.632090 7fb5876fd700 20 librbd::AioRequest: send 0x7fb5a95c87b0 rb.0.1e1280.238e1f29.000000000000 1021952~512
2013-03-14 18:10:28.632111 7fb5876fd700 1 -- 172.16.156.135:0/1648258 --> 172.16.170.1:6800/1310 -- osd_op(client.2216705.0:894 rb.0.1e1280.238e1f29.000000000000 [sparse-read 1021952~512] 2.dabde67b) v4 -- ?+0 0x7fb5a95cadb0 con 0x7fb5a91668f0
2013-03-14 18:10:28.632175 7fb5876fd700 20 librbd::AioCompletion: AioCompletion::finish_adding_requests 0x7fb5a95c7420 pending 1
2013-03-14 18:10:28.633203 7fb58ed64700 1 -- 172.16.156.135:0/1648258 <== osd.0 172.16.170.1:6800/1310 889 ==== osd_op_reply(894 rb.0.1e1280.238e1f29.000000000000 [sparse-read 1021952~512] = 0) v4 ==== 132+0+536 (3196355349 0 2726857968) 0x7fb5a95cb3c0 con 0x7fb5a91668f0
2013-03-14 18:10:28.633302 7fb587fff700 20 librbd::AioRequest: should_complete 0x7fb5a95c87b0 rb.0.1e1280.238e1f29.000000000000 1021952~512 r = 0
2013-03-14 18:10:28.633321 7fb587fff700 10 librbd::AioCompletion: C_AioRead::finish() 0x7fb5a9315750 r = 0
2013-03-14 18:10:28.633327 7fb587fff700 10 librbd::AioCompletion: got {1021952=512} for [0,512] bl 512
2013-03-14 18:10:28.633338 7fb587fff700 20 librbd::AioCompletion: AioCompletion::complete_request() 0x7fb5a95c7420 complete_cb=0x7fb5a6fc7170 pending 1
2013-03-14 18:10:28.633346 7fb587fff700 20 librbd::AioCompletion: AioCompletion::finalize() 0x7fb5a95c7420 rval 512 read_buf 0x7fb5a95caa00 read_bl 0
2013-03-14 18:10:28.633354 7fb587fff700 20 librbd::AioCompletion: AioCompletion::finalize() copied resulting 512 bytes to 0x7fb5a95caa00
2013-03-14 18:10:28.633514 7fb5876fd700 20 librbd: aio_read 0x7fb5a9162330 completion 0x7fb5a95c7420 [1022464,512]
2013-03-14 18:10:28.633525 7fb5876fd700 20 librbd: ictx_check 0x7fb5a9162330
2013-03-14 18:10:28.633534 7fb5876fd700 20 librbd: oid rb.0.1e1280.238e1f29.000000000000 1022464~512 from [0,512]
2013-03-14 18:10:28.633539 7fb5876fd700 20 librbd::AioRequest: send 0x7fb5a95ca990 rb.0.1e1280.238e1f29.000000000000 1022464~512
2013-03-14 18:10:28.633557 7fb5876fd700 1 -- 172.16.156.135:0/1648258 --> 172.16.170.1:6800/1310 -- osd_op(client.2216705.0:895 rb.0.1e1280.238e1f29.000000000000 [sparse-read 1022464~512] 2.dabde67b) v4 -- ?+0 0x7fb5a95cbc80 con 0x7fb5a91668f0
2013-03-14 18:10:28.633573 7fb5876fd700 20 librbd::AioCompletion: AioCompletion::finish_adding_requests 0x7fb5a95c7420 pending 1
2013-03-14 18:10:28.634551 7fb58ed64700 1 -- 172.16.156.135:0/1648258 <== osd.0 172.16.170.1:6800/1310 890 ==== osd_op_reply(895 rb.0.1e1280.238e1f29.000000000000 [sparse-read 1022464~512] = 0) v4 ==== 132+0+536 (4286087657 0 206330175) 0x7fb5a95ce380 con 0x7fb5a91668f0
2013-03-14 18:10:28.634644 7fb587fff700 20 librbd::AioRequest: should_complete 0x7fb5a95ca990 rb.0.1e1280.238e1f29.000000000000 1022464~512 r = 0
2013-03-14 18:10:28.634657 7fb587fff700 10 librbd::AioCompletion: C_AioRead::finish() 0x7fb5a9297fe0 r = 0
2013-03-14 18:10:28.634659 7fb587fff700 10 librbd::AioCompletion: got {1022464=512} for [0,512] bl 512
2013-03-14 18:10:28.634666 7fb587fff700 20 librbd::AioCompletion: AioCompletion::complete_request() 0x7fb5a95c7420 complete_cb=0x7fb5a6fc7170 pending 1
2013-03-14 18:10:28.634673 7fb587fff700 20 librbd::AioCompletion: AioCompletion::finalize() 0x7fb5a95c7420 rval 512 read_buf 0x7fb5a95cb800 read_bl 0
2013-03-14 18:10:28.634676 7fb587fff700 20 librbd::AioCompletion: AioCompletion::finalize() copied resulting 512 bytes to 0x7fb5a95cb800
2013-03-14 18:10:28.634813 7fb5876fd700 20 librbd: aio_read 0x7fb5a9162330 completion 0x7fb5a95c7420 [1022976,512]
2013-03-14 18:10:28.634824 7fb5876fd700 20 librbd: ictx_check 0x7fb5a9162330
2013-03-14 18:10:28.634833 7fb5876fd700 20 librbd: oid rb.0.1e1280.238e1f29.000000000000 1022976~512 from [0,512]
2013-03-14 18:10:28.634843 7fb5876fd700 20 librbd::AioRequest: send 0x7fb5a95cb800 rb.0.1e1280.238e1f29.000000000000 1022976~512
2013-03-14 18:10:28.634862 7fb5876fd700 1 -- 172.16.156.135:0/1648258 --> 172.16.170.1:6800/1310 -- osd_op(client.2216705.0:896 rb.0.1e1280.238e1f29.000000000000 [sparse-read 1022976~512] 2.dabde67b) v4 -- ?+0 0x7fb5a95d2a00 con 0x7fb5a91668f0
2013-03-14 18:10:28.634879 7fb5876fd700 20 librbd::AioCompletion: AioCompletion::finish_adding_requests 0x7fb5a95c7420 pending 1
2013-03-14 18:10:28.635858 7fb58ed64700 1 -- 172.16.156.135:0/1648258 <== osd.0 172.16.170.1:6800/1310 891 ==== osd_op_reply(896 rb.0.1e1280.238e1f29.000000000000 [sparse-read 1022976~512] = 0) v4 ==== 132+0+536 (1031571181 0 4209856927) 0x7fb5a95d3010 con 0x7fb5a91668f0
2013-03-14 18:10:28.635941 7fb587fff700 20 librbd::AioRequest: should_complete 0x7fb5a95cb800 rb.0.1e1280.238e1f29.000000000000 1022976~512 r = 0
2013-03-14 18:10:28.635953 7fb587fff700 10 librbd::AioCompletion: C_AioRead::finish() 0x7fb5a9333960 r = 0
2013-03-14 18:10:28.635955 7fb587fff700 10 librbd::AioCompletion: got {1022976=512} for [0,512] bl 512
2013-03-14 18:10:28.635961 7fb587fff700 20 librbd::AioCompletion: AioCompletion::complete_request() 0x7fb5a95c7420 complete_cb=0x7fb5a6fc7170 pending 1
2013-03-14 18:10:28.635964 7fb587fff700 20 librbd::AioCompletion: AioCompletion::finalize() 0x7fb5a95c7420 rval 512 read_buf 0x7fb5a95d2600 read_bl 0
2013-03-14 18:10:28.635968 7fb587fff700 20 librbd::AioCompletion: AioCompletion::finalize() copied resulting 512 bytes to 0x7fb5a95d2600
2013-03-14 18:10:28.636104 7fb5876fd700 20 librbd: aio_read 0x7fb5a9162330 completion 0x7fb5a95c7420 [1023488,512]
2013-03-14 18:10:28.636117 7fb5876fd700 20 librbd: ictx_check 0x7fb5a9162330
2013-03-14 18:10:28.636126 7fb5876fd700 20 librbd: oid rb.0.1e1280.238e1f29.000000000000 1023488~512 from [0,512]
2013-03-14 18:10:28.636131 7fb5876fd700 20 librbd::AioRequest: send 0x7fb5a95cbc80 rb.0.1e1280.238e1f29.000000000000 1023488~512
2013-03-14 18:10:28.636149 7fb5876fd700 1 -- 172.16.156.135:0/1648258 --> 172.16.170.1:6800/1310 -- osd_op(client.2216705.0:897 rb.0.1e1280.238e1f29.000000000000 [sparse-read 1023488~512] 2.dabde67b) v4 -- ?+0 0x7fb5a95d3990 con 0x7fb5a91668f0
2013-03-14 18:10:28.636166 7fb5876fd700 20 librbd::AioCompletion: AioCompletion::finish_adding_requests 0x7fb5a95c7420 pending 1
2013-03-14 18:10:28.637130 7fb58ed64700 1 -- 172.16.156.135:0/1648258 <== osd.0 172.16.170.1:6800/1310 892 ==== osd_op_reply(897 rb.0.1e1280.238e1f29.000000000000 [sparse-read 1023488~512] = 0) v4 ==== 132+0+536 (2088797201 0 1412006992) 0x7fb5a95ce380 con 0x7fb5a91668f0
2013-03-14 18:10:28.637215 7fb587fff700 20 librbd::AioRequest: should_complete 0x7fb5a95cbc80 rb.0.1e1280.238e1f29.000000000000 1023488~512 r = 0
2013-03-14 18:10:28.637224 7fb587fff700 10 librbd::AioCompletion: C_AioRead::finish() 0x7fb5a92d8af0 r = 0
2013-03-14 18:10:28.637226 7fb587fff700 10 librbd::AioCompletion: got {1023488=512} for [0,512] bl 512
2013-03-14 18:10:28.637232 7fb587fff700 20 librbd::AioCompletion: AioCompletion::complete_request() 0x7fb5a95c7420 complete_cb=0x7fb5a6fc7170 pending 1
2013-03-14 18:10:28.637234 7fb587fff700 20 librbd::AioCompletion: AioCompletion::finalize() 0x7fb5a95c7420 rval 512 read_buf 0x7fb5a95d3600 read_bl 0
2013-03-14 18:10:28.637238 7fb587fff700 20 librbd::AioCompletion: AioCompletion::finalize() copied resulting 512 bytes to 0x7fb5a95d3600
2013-03-14 18:10:28.637374 7fb5876fd700 20 librbd: aio_read 0x7fb5a9162330 completion 0x7fb5a95c7420 [1024000,512]
2013-03-14 18:10:28.637387 7fb5876fd700 20 librbd: ictx_check 0x7fb5a9162330
2013-03-14 18:10:28.637398 7fb5876fd700 20 librbd: oid rb.0.1e1280.238e1f29.000000000000 1024000~512 from [0,512]
2013-03-14 18:10:28.637404 7fb5876fd700 20 librbd::AioRequest: send 0x7fb5a95d26b0 rb.0.1e1280.238e1f29.000000000000 1024000~512
2013-03-14 18:10:28.637422 7fb5876fd700 1 -- 172.16.156.135:0/1648258 --> 172.16.170.1:6800/1310 -- osd_op(client.2216705.0:898 rb.0.1e1280.238e1f29.000000000000 [sparse-read 1024000~512] 2.dabde67b) v4 -- ?+0 0x7fb5a95cee80 con 0x7fb5a91668f0
2013-03-14 18:10:28.637437 7fb5876fd700 20 librbd::AioCompletion: AioCompletion::finish_adding_requests 0x7fb5a95c7420 pending 1
2013-03-14 18:10:28.638735 7fb58ed64700 1 -- 172.16.156.135:0/1648258 <== osd.0 172.16.170.1:6800/1310 893 ==== osd_op_reply(898 rb.0.1e1280.238e1f29.000000000000 [sparse-read 1024000~512] = 0) v4 ==== 132+0+536 (2966548498 0 3201184761) 0x7fb5a95d8050 con 0x7fb5a91668f0
2013-03-14 18:10:28.638785 7fb587fff700 20 librbd::AioRequest: should_complete 0x7fb5a95d26b0 rb.0.1e1280.238e1f29.000000000000 1024000~512 r = 0
2013-03-14 18:10:28.638797 7fb587fff700 10 librbd::AioCompletion: C_AioRead::finish() 0x7fb5a95ce9d0 r = 0
2013-03-14 18:10:28.638799 7fb587fff700 10 librbd::AioCompletion: got {1024000=512} for [0,512] bl 512
2013-03-14 18:10:28.638805 7fb587fff700 20 librbd::AioCompletion: AioCompletion::complete_request() 0x7fb5a95c7420 complete_cb=0x7fb5a6fc7170 pending 1
2013-03-14 18:10:28.638808 7fb587fff700 20 librbd::AioCompletion: AioCompletion::finalize() 0x7fb5a95c7420 rval 512 read_buf 0x7fb5a95cea00 read_bl 0
2013-03-14 18:10:28.638812 7fb587fff700 20 librbd::AioCompletion: AioCompletion::finalize() copied resulting 512 bytes to 0x7fb5a95cea00
2013-03-14 18:10:28.638991 7fb5876fd700 20 librbd: aio_read 0x7fb5a9162330 completion 0x7fb5a95c7420 [1024512,512]
2013-03-14 18:10:28.639002 7fb5876fd700 20 librbd: ictx_check 0x7fb5a9162330
2013-03-14 18:10:28.639011 7fb5876fd700 20 librbd: oid rb.0.1e1280.238e1f29.000000000000 1024512~512 from [0,512]
2013-03-14 18:10:28.639016 7fb5876fd700 20 librbd::AioRequest: send 0x7fb5a95cef50 rb.0.1e1280.238e1f29.000000000000 1024512~512
2013-03-14 18:10:28.639034 7fb5876fd700 1 -- 172.16.156.135:0/1648258 --> 172.16.170.1:6800/1310 -- osd_op(client.2216705.0:899 rb.0.1e1280.238e1f29.000000000000 [sparse-read 1024512~512] 2.dabde67b) v4 -- ?+0 0x7fb5a95cff10 con 0x7fb5a91668f0
2013-03-14 18:10:28.639049 7fb5876fd700 20 librbd::AioCompletion: AioCompletion::finish_adding_requests 0x7fb5a95c7420 pending 1
2013-03-14 18:10:28.640067 7fb58ed64700 1 -- 172.16.156.135:0/1648258 <== osd.0 172.16.170.1:6800/1310 894 ==== osd_op_reply(899 rb.0.1e1280.238e1f29.000000000000 [sparse-read 1024512~512] = 0) v4 ==== 132+0+536 (4046320366 0 269149750) 0x7fb5a95d0520 con 0x7fb5a91668f0
2013-03-14 18:10:28.640220 7fb587fff700 20 librbd::AioRequest: should_complete 0x7fb5a95cef50 rb.0.1e1280.238e1f29.000000000000 1024512~512 r = 0
2013-03-14 18:10:28.640237 7fb587fff700 10 librbd::AioCompletion: C_AioRead::finish() 0x7fb5a9280880 r = 0
2013-03-14 18:10:28.640240 7fb587fff700 10 librbd::AioCompletion: got {1024512=512} for [0,512] bl 512
2013-03-14 18:10:28.640248 7fb587fff700 20 librbd::AioCompletion: AioCompletion::complete_request() 0x7fb5a95c7420 complete_cb=0x7fb5a6fc7170 pending 1
2013-03-14 18:10:28.640252 7fb587fff700 20 librbd::AioCompletion: AioCompletion::finalize() 0x7fb5a95c7420 rval 512 read_buf 0x7fb5a95cfa00 read_bl 0
2013-03-14 18:10:28.640257 7fb587fff700 20 librbd::AioCompletion: AioCompletion::finalize() copied resulting 512 bytes to 0x7fb5a95cfa00
2013-03-14 18:10:28.641021 7fb5876fd700 20 librbd: aio_read 0x7fb5a9162330 completion 0x7fb5a95c7420 [1025024,512]
2013-03-14 18:10:28.641034 7fb5876fd700 20 librbd: ictx_check 0x7fb5a9162330
2013-03-14 18:10:28.641042 7fb5876fd700 20 librbd: oid rb.0.1e1280.238e1f29.000000000000 1025024~512 from [0,512]
2013-03-14 18:10:28.641048 7fb5876fd700 20 librbd::AioRequest: send 0x7fb5a95d36b0 rb.0.1e1280.238e1f29.000000000000 1025024~512
2013-03-14 18:10:28.641066 7fb5876fd700 1 -- 172.16.156.135:0/1648258 --> 172.16.170.1:6800/1310 -- osd_op(client.2216705.0:900 rb.0.1e1280.238e1f29.000000000000 [sparse-read 1025024~512] 2.dabde67b) v4 -- ?+0 0x7fb5a95d0f60 con 0x7fb5a91668f0
2013-03-14 18:10:28.641081 7fb5876fd700 20 librbd::AioCompletion: AioCompletion::finish_adding_requests 0x7fb5a95c7420 pending 1
2013-03-14 18:10:28.642141 7fb58ed64700 1 -- 172.16.156.135:0/1648258 <== osd.0 172.16.170.1:6800/1310 895 ==== osd_op_reply(900 rb.0.1e1280.238e1f29.000000000000 [sparse-read 1025024~512] = 0) v4 ==== 132+0+536 (858387946 0 3870027414) 0x7fb5a95d14f0 con 0x7fb5a91668f0
2013-03-14 18:10:28.642203 7fb587fff700 20 librbd::AioRequest: should_complete 0x7fb5a95d36b0 rb.0.1e1280.238e1f29.000000000000 1025024~512 r = 0
2013-03-14 18:10:28.642212 7fb587fff700 10 librbd::AioCompletion: C_AioRead::finish() 0x7fb5a93cced0 r = 0
2013-03-14 18:10:28.642214 7fb587fff700 10 librbd::AioCompletion: got {1025024=512} for [0,512] bl 512
2013-03-14 18:10:28.642222 7fb587fff700 20 librbd::AioCompletion: AioCompletion::complete_request() 0x7fb5a95c7420 complete_cb=0x7fb5a6fc7170 pending 1
2013-03-14 18:10:28.642226 7fb587fff700 20 librbd::AioCompletion: AioCompletion::finalize() 0x7fb5a95c7420 rval 512 read_buf 0x7fb5a95cfa00 read_bl 0
2013-03-14 18:10:28.642231 7fb587fff700 20 librbd::AioCompletion: AioCompletion::finalize() copied resulting 512 bytes to 0x7fb5a95cfa00
2013-03-14 18:10:28.642394 7fb5876fd700 20 librbd: aio_read 0x7fb5a9162330 completion 0x7fb5a95c7420 [1025536,512]
2013-03-14 18:10:28.642406 7fb5876fd700 20 librbd: ictx_check 0x7fb5a9162330
2013-03-14 18:10:28.642420 7fb5876fd700 20 librbd: oid rb.0.1e1280.238e1f29.000000000000 1025536~512 from [0,512]
2013-03-14 18:10:28.642427 7fb5876fd700 20 librbd::AioRequest: send 0x7fb5a95d1e10 rb.0.1e1280.238e1f29.000000000000 1025536~512
2013-03-14 18:10:28.642482 7fb5876fd700 1 -- 172.16.156.135:0/1648258 --> 172.16.170.1:6800/1310 -- osd_op(client.2216705.0:901 rb.0.1e1280.238e1f29.000000000000 [sparse-read 1025536~512] 2.dabde67b) v4 -- ?+0 0x7fb5a95d4210 con 0x7fb5a91668f0
2013-03-14 18:10:28.642501 7fb5876fd700 20 librbd::AioCompletion: AioCompletion::finish_adding_requests 0x7fb5a95c7420 pending 1
2013-03-14 18:10:28.643465 7fb58ed64700 1 -- 172.16.156.135:0/1648258 <== osd.0 172.16.170.1:6800/1310 896 ==== osd_op_reply(901 rb.0.1e1280.238e1f29.000000000000 [sparse-read 1025536~512] = 0) v4 ==== 132+0+536 (1926625046 0 1215249241) 0x7fb5a95d4820 con 0x7fb5a91668f0
2013-03-14 18:10:28.643551 7fb587fff700 20 librbd::AioRequest: should_complete 0x7fb5a95d1e10 rb.0.1e1280.238e1f29.000000000000 1025536~512 r = 0
2013-03-14 18:10:28.643558 7fb587fff700 10 librbd::AioCompletion: C_AioRead::finish() 0x7fb5a9282680 r = 0
2013-03-14 18:10:28.643560 7fb587fff700 10 librbd::AioCompletion: got {1025536=512} for [0,512] bl 512
2013-03-14 18:10:28.643565 7fb587fff700 20 librbd::AioCompletion: AioCompletion::complete_request() 0x7fb5a95c7420 complete_cb=0x7fb5a6fc7170 pending 1
2013-03-14 18:10:28.643567 7fb587fff700 20 librbd::AioCompletion: AioCompletion::finalize() 0x7fb5a95c7420 rval 512 read_buf 0x7fb5a95d1c00 read_bl 0
2013-03-14 18:10:28.643571 7fb587fff700 20 librbd::AioCompletion: AioCompletion::finalize() copied resulting 512 bytes to 0x7fb5a95d1c00
2013-03-14 18:10:28.643847 7fb5876fd700 20 librbd: aio_read 0x7fb5a9162330 completion 0x7fb5a95c7420 [1026048,512]
2013-03-14 18:10:28.643858 7fb5876fd700 20 librbd: ictx_check 0x7fb5a9162330
2013-03-14 18:10:28.643866 7fb5876fd700 20 librbd: oid rb.0.1e1280.238e1f29.000000000000 1026048~512 from [0,512]
2013-03-14 18:10:28.643871 7fb5876fd700 20 librbd::AioRequest: send 0x7fb5a95d4160 rb.0.1e1280.238e1f29.000000000000 1026048~512
2013-03-14 18:10:28.643888 7fb5876fd700 1 -- 172.16.156.135:0/1648258 --> 172.16.170.1:6800/1310 -- osd_op(client.2216705.0:902 rb.0.1e1280.238e1f29.000000000000 [sparse-read 1026048~512] 2.dabde67b) v4 -- ?+0 0x7fb5a95d8990 con 0x7fb5a91668f0
2013-03-14 18:10:28.643902 7fb5876fd700 20 librbd::AioCompletion: AioCompletion::finish_adding_requests 0x7fb5a95c7420 pending 1
2013-03-14 18:10:28.644871 7fb58ed64700 1 -- 172.16.156.135:0/1648258 <== osd.0 172.16.170.1:6800/1310 897 ==== osd_op_reply(902 rb.0.1e1280.238e1f29.000000000000 [sparse-read 1026048~512] = 0) v4 ==== 132+0+536 (2999815443 0 235243815) 0x7fb5a95d8fa0 con 0x7fb5a91668f0
2013-03-14 18:10:28.644957 7fb587fff700 20 librbd::AioRequest: should_complete 0x7fb5a95d4160 rb.0.1e1280.238e1f29.000000000000 1026048~512 r = 0
2013-03-14 18:10:28.644970 7fb587fff700 10 librbd::AioCompletion: C_AioRead::finish() 0x7fb5a94d7960 r = 0
2013-03-14 18:10:28.644973 7fb587fff700 10 librbd::AioCompletion: got {1026048=512} for [0,512] bl 512
2013-03-14 18:10:28.644980 7fb587fff700 20 librbd::AioCompletion: AioCompletion::complete_request() 0x7fb5a95c7420 complete_cb=0x7fb5a6fc7170 pending 1
2013-03-14 18:10:28.644984 7fb587fff700 20 librbd::AioCompletion: AioCompletion::finalize() 0x7fb5a95c7420 rval 512 read_buf 0x7fb5a95d8600 read_bl 0
2013-03-14 18:10:28.644988 7fb587fff700 20 librbd::AioCompletion: AioCompletion::finalize() copied resulting 512 bytes to 0x7fb5a95d8600
2013-03-14 18:10:28.645238 7fb5876fd700 20 librbd: aio_read 0x7fb5a9162330 completion 0x7fb5a95c7420 [1026560,512]
2013-03-14 18:10:28.645249 7fb5876fd700 20 librbd: ictx_check 0x7fb5a9162330
2013-03-14 18:10:28.645257 7fb5876fd700 20 librbd: oid rb.0.1e1280.238e1f29.000000000000 1026560~512 from [0,512]
2013-03-14 18:10:28.645263 7fb5876fd700 20 librbd::AioRequest: send 0x7fb5a95d85e0 rb.0.1e1280.238e1f29.000000000000 1026560~512
2013-03-14 18:10:28.645280 7fb5876fd700 1 -- 172.16.156.135:0/1648258 --> 172.16.170.1:6800/1310 -- osd_op(client.2216705.0:903 rb.0.1e1280.238e1f29.000000000000 [sparse-read 1026560~512] 2.dabde67b) v4 -- ?+0 0x7fb5a95d9bb0 con 0x7fb5a91668f0
2013-03-14 18:10:28.645295 7fb5876fd700 20 librbd::AioCompletion: AioCompletion::finish_adding_requests 0x7fb5a95c7420 pending 1
2013-03-14 18:10:28.646183 7fb58ed64700 1 -- 172.16.156.135:0/1648258 <== osd.0 172.16.170.1:6800/1310 898 ==== osd_op_reply(903 rb.0.1e1280.238e1f29.000000000000 [sparse-read 1026560~512] = 0) v4 ==== 132+0+536 (4080111599 0 2697026792) 0x7fb5a95d4970 con 0x7fb5a91668f0
2013-03-14 18:10:28.646231 7fb587fff700 20 librbd::AioRequest: should_complete 0x7fb5a95d85e0 rb.0.1e1280.238e1f29.000000000000 1026560~512 r = 0
2013-03-14 18:10:28.646239 7fb587fff700 10 librbd::AioCompletion: C_AioRead::finish() 0x7fb5a92eccd0 r = 0
2013-03-14 18:10:28.646241 7fb587fff700 10 librbd::AioCompletion: got {1026560=512} for [0,512] bl 512
2013-03-14 18:10:28.646246 7fb587fff700 20 librbd::AioCompletion: AioCompletion::complete_request() 0x7fb5a95c7420 complete_cb=0x7fb5a6fc7170 pending 1
2013-03-14 18:10:28.646249 7fb587fff700 20 librbd::AioCompletion: AioCompletion::finalize() 0x7fb5a95c7420 rval 512 read_buf 0x7fb5a95d9800 read_bl 0
2013-03-14 18:10:28.646253 7fb587fff700 20 librbd::AioCompletion: AioCompletion::finalize() copied resulting 512 bytes to 0x7fb5a95d9800
2013-03-14 18:10:28.646436 7fb5876fd700 20 librbd: aio_read 0x7fb5a9162330 completion 0x7fb5a95c7420 [1027072,512]
2013-03-14 18:10:28.646447 7fb5876fd700 20 librbd: ictx_check 0x7fb5a9162330
2013-03-14 18:10:28.646456 7fb5876fd700 20 librbd: oid rb.0.1e1280.238e1f29.000000000000 1027072~512 from [0,512]
2013-03-14 18:10:28.646502 7fb5876fd700 20 librbd::AioRequest: send 0x7fb5a95d4e70 rb.0.1e1280.238e1f29.000000000000 1027072~512
2013-03-14 18:10:28.646521 7fb5876fd700 1 -- 172.16.156.135:0/1648258 --> 172.16.170.1:6800/1310 -- osd_op(client.2216705.0:904 rb.0.1e1280.238e1f29.000000000000 [sparse-read 1027072~512] 2.dabde67b) v4 -- ?+0 0x7fb5a95d5390 con 0x7fb5a91668f0
2013-03-14 18:10:28.646541 7fb5876fd700 20 librbd::AioCompletion: AioCompletion::finish_adding_requests 0x7fb5a95c7420 pending 1
2013-03-14 18:10:28.647588 7fb58ed64700 1 -- 172.16.156.135:0/1648258 <== osd.0 172.16.170.1:6800/1310 899 ==== osd_op_reply(904 rb.0.1e1280.238e1f29.000000000000 [sparse-read 1027072~512] = 0) v4 ==== 132+0+536 (825592043 0 1449153608) 0x7fb5a95de050 con 0x7fb5a91668f0
2013-03-14 18:10:28.647779 7fb587fff700 20 librbd::AioRequest: should_complete 0x7fb5a95d4e70 rb.0.1e1280.238e1f29.000000000000 1027072~512 r = 0
2013-03-14 18:10:28.647792 7fb587fff700 10 librbd::AioCompletion: C_AioRead::finish() 0x7fb5a9362ef0 r = 0
2013-03-14 18:10:28.647795 7fb587fff700 10 librbd::AioCompletion: got {1027072=512} for [0,512] bl 512
2013-03-14 18:10:28.647804 7fb587fff700 20 librbd::AioCompletion: AioCompletion::complete_request() 0x7fb5a95c7420 complete_cb=0x7fb5a6fc7170 pending 1
2013-03-14 18:10:28.647807 7fb587fff700 20 librbd::AioCompletion: AioCompletion::finalize() 0x7fb5a95c7420 rval 512 read_buf 0x7fb5a95d5000 read_bl 0
2013-03-14 18:10:28.647812 7fb587fff700 20 librbd::AioCompletion: AioCompletion::finalize() copied resulting 512 bytes to 0x7fb5a95d5000
2013-03-14 18:10:28.647983 7fb5876fd700 20 librbd: aio_read 0x7fb5a9162330 completion 0x7fb5a95c7420 [1027584,512]
2013-03-14 18:10:28.647994 7fb5876fd700 20 librbd: ictx_check 0x7fb5a9162330
2013-03-14 18:10:28.648002 7fb5876fd700 20 librbd: oid rb.0.1e1280.238e1f29.000000000000 1027584~512 from [0,512]
2013-03-14 18:10:28.648007 7fb5876fd700 20 librbd::AioRequest: send 0x7fb5a95d52e0 rb.0.1e1280.238e1f29.000000000000 1027584~512
2013-03-14 18:10:28.648024 7fb5876fd700 1 -- 172.16.156.135:0/1648258 --> 172.16.170.1:6800/1310 -- osd_op(client.2216705.0:905 rb.0.1e1280.238e1f29.000000000000 [sparse-read 1027584~512] 2.dabde67b) v4 -- ?+0 0x7fb5a95d6390 con 0x7fb5a91668f0
2013-03-14 18:10:28.648038 7fb5876fd700 20 librbd::AioCompletion: AioCompletion::finish_adding_requests 0x7fb5a95c7420 pending 1
2013-03-14 18:10:28.649044 7fb58ed64700 1 -- 172.16.156.135:0/1648258 <== osd.0 172.16.170.1:6800/1310 900 ==== osd_op_reply(905 rb.0.1e1280.238e1f29.000000000000 [sparse-read 1027584~512] = 0) v4 ==== 132+0+536 (1892256279 0 4171530631) 0x7fb5a95d69a0 con 0x7fb5a91668f0
2013-03-14 18:10:28.649095 7fb587fff700 20 librbd::AioRequest: should_complete 0x7fb5a95d52e0 rb.0.1e1280.238e1f29.000000000000 1027584~512 r = 0
2013-03-14 18:10:28.649112 7fb587fff700 10 librbd::AioCompletion: C_AioRead::finish() 0x7fb5a937aa30 r = 0
2013-03-14 18:10:28.649116 7fb587fff700 10 librbd::AioCompletion: got {1027584=512} for [0,512] bl 512
2013-03-14 18:10:28.649123 7fb587fff700 20 librbd::AioCompletion: AioCompletion::complete_request() 0x7fb5a95c7420 complete_cb=0x7fb5a6fc7170 pending 1
2013-03-14 18:10:28.649127 7fb587fff700 20 librbd::AioCompletion: AioCompletion::finalize() 0x7fb5a95c7420 rval 512 read_buf 0x7fb5a95d6000 read_bl 0
2013-03-14 18:10:28.649133 7fb587fff700 20 librbd::AioCompletion: AioCompletion::finalize() copied resulting 512 bytes to 0x7fb5a95d6000
2013-03-14 18:10:28.649272 7fb5876fd700 20 librbd: aio_read 0x7fb5a9162330 completion 0x7fb5a95c7420 [1028096,512]
2013-03-14 18:10:28.649282 7fb5876fd700 20 librbd: ictx_check 0x7fb5a9162330
2013-03-14 18:10:28.649290 7fb5876fd700 20 librbd: oid rb.0.1e1280.238e1f29.000000000000 1028096~512 from [0,512]
2013-03-14 18:10:28.649295 7fb5876fd700 20 librbd::AioRequest: send 0x7fb5a95d6000 rb.0.1e1280.238e1f29.000000000000 1028096~512
2013-03-14 18:10:28.649312 7fb5876fd700 1 -- 172.16.156.135:0/1648258 --> 172.16.170.1:6800/1310 -- osd_op(client.2216705.0:906 rb.0.1e1280.238e1f29.000000000000 [sparse-read 1028096~512] 2.dabde67b) v4 -- ?+0 0x7fb5a95d75b0 con 0x7fb5a91668f0
2013-03-14 18:10:28.649327 7fb5876fd700 20 librbd::AioCompletion: AioCompletion::finish_adding_requests 0x7fb5a95c7420 pending 1
2013-03-14 18:10:28.650313 7fb58ed64700 1 -- 172.16.156.135:0/1648258 <== osd.0 172.16.170.1:6800/1310 901 ==== osd_op_reply(906 rb.0.1e1280.238e1f29.000000000000 [sparse-read 1028096~512] = 0) v4 ==== 132+0+536 (3035171344 0 3669307572) 0x7fb5a95d7bc0 con 0x7fb5a91668f0
2013-03-14 18:10:28.650373 7fb587fff700 20 librbd::AioRequest: should_complete 0x7fb5a95d6000 rb.0.1e1280.238e1f29.000000000000 1028096~512 r = 0
2013-03-14 18:10:28.650382 7fb587fff700 10 librbd::AioCompletion: C_AioRead::finish() 0x7fb5a92eef70 r = 0
2013-03-14 18:10:28.650384 7fb587fff700 10 librbd::AioCompletion: got {1028096=512} for [0,512] bl 512
2013-03-14 18:10:28.650391 7fb587fff700 20 librbd::AioCompletion: AioCompletion::complete_request() 0x7fb5a95c7420 complete_cb=0x7fb5a6fc7170 pending 1
2013-03-14 18:10:28.650396 7fb587fff700 20 librbd::AioCompletion: AioCompletion::finalize() 0x7fb5a95c7420 rval 512 read_buf 0x7fb5a95d7200 read_bl 0
2013-03-14 18:10:28.650401 7fb587fff700 20 librbd::AioCompletion: AioCompletion::finalize() copied resulting 512 bytes to 0x7fb5a95d7200
2013-03-14 18:10:28.650597 7fb5876fd700 20 librbd: aio_read 0x7fb5a9162330 completion 0x7fb5a95c7420 [1028608,512]
2013-03-14 18:10:28.650608 7fb5876fd700 20 librbd: ictx_check 0x7fb5a9162330
2013-03-14 18:10:28.650617 7fb5876fd700 20 librbd: oid rb.0.1e1280.238e1f29.000000000000 1028608~512 from [0,512]
2013-03-14 18:10:28.650624 7fb5876fd700 20 librbd::AioRequest: send 0x7fb5a95d62e0 rb.0.1e1280.238e1f29.000000000000 1028608~512
2013-03-14 18:10:28.650643 7fb5876fd700 1 -- 172.16.156.135:0/1648258 --> 172.16.170.1:6800/1310 -- osd_op(client.2216705.0:907 rb.0.1e1280.238e1f29.000000000000 [sparse-read 1028608~512] 2.dabde67b) v4 -- ?+0 0x7fb5a95da590 con 0x7fb5a91668f0
2013-03-14 18:10:28.650662 7fb5876fd700 20 librbd::AioCompletion: AioCompletion::finish_adding_requests 0x7fb5a95c7420 pending 1
2013-03-14 18:10:28.651762 7fb58ed64700 1 -- 172.16.156.135:0/1648258 <== osd.0 172.16.170.1:6800/1310 902 ==== osd_op_reply(907 rb.0.1e1280.238e1f29.000000000000 [sparse-read 1028608~512] = 0) v4 ==== 132+0+536 (4111796460 0 1953621371) 0x7fb5a95daba0 con 0x7fb5a91668f0
2013-03-14 18:10:28.651810 7fb587fff700 20 librbd::AioRequest: should_complete 0x7fb5a95d62e0 rb.0.1e1280.238e1f29.000000000000 1028608~512 r = 0
2013-03-14 18:10:28.651827 7fb587fff700 10 librbd::AioCompletion: C_AioRead::finish() 0x7fb5a92733e0 r = 0
2013-03-14 18:10:28.651830 7fb587fff700 10 librbd::AioCompletion: got {1028608=512} for [0,512] bl 512
2013-03-14 18:10:28.651837 7fb587fff700 20 librbd::AioCompletion: AioCompletion::complete_request() 0x7fb5a95c7420 complete_cb=0x7fb5a6fc7170 pending 1
2013-03-14 18:10:28.651842 7fb587fff700 20 librbd::AioCompletion: AioCompletion::finalize() 0x7fb5a95c7420 rval 512 read_buf 0x7fb5a95da200 read_bl 0
2013-03-14 18:10:28.651846 7fb587fff700 20 librbd::AioCompletion: AioCompletion::finalize() copied resulting 512 bytes to 0x7fb5a95da200
2013-03-14 18:10:28.652060 7fb5876fd700 20 librbd: aio_read 0x7fb5a9162330 completion 0x7fb5a95c7420 [1029120,512]
2013-03-14 18:10:28.652071 7fb5876fd700 20 librbd: ictx_check 0x7fb5a9162330
2013-03-14 18:10:28.652080 7fb5876fd700 20 librbd: oid rb.0.1e1280.238e1f29.000000000000 1029120~512 from [0,512]
2013-03-14 18:10:28.652085 7fb5876fd700 20 librbd::AioRequest: send 0x7fb5a95da1e0 rb.0.1e1280.238e1f29.000000000000 1029120~512
2013-03-14 18:10:28.652103 7fb5876fd700 1 -- 172.16.156.135:0/1648258 --> 172.16.170.1:6800/1310 -- osd_op(client.2216705.0:908 rb.0.1e1280.238e1f29.000000000000 [sparse-read 1029120~512] 2.dabde67b) v4 -- ?+0 0x7fb5a95dec00 con 0x7fb5a91668f0
2013-03-14 18:10:28.652119 7fb5876fd700 20 librbd::AioCompletion: AioCompletion::finish_adding_requests 0x7fb5a95c7420 pending 1
2013-03-14 18:10:28.653058 7fb58ed64700 1 -- 172.16.156.135:0/1648258 <== osd.0 172.16.170.1:6800/1310 903 ==== osd_op_reply(908 rb.0.1e1280.238e1f29.000000000000 [sparse-read 1029120~512] = 0) v4 ==== 132+0+536 (923865064 0 2194730459) 0x7fb5a95df210 con 0x7fb5a91668f0
2013-03-14 18:10:28.653122 7fb587fff700 20 librbd::AioRequest: should_complete 0x7fb5a95da1e0 rb.0.1e1280.238e1f29.000000000000 1029120~512 r = 0
2013-03-14 18:10:28.653135 7fb587fff700 10 librbd::AioCompletion: C_AioRead::finish() 0x7fb5a93ada30 r = 0
2013-03-14 18:10:28.653138 7fb587fff700 10 librbd::AioCompletion: got {1029120=512} for [0,512] bl 512
2013-03-14 18:10:28.653143 7fb587fff700 20 librbd::AioCompletion: AioCompletion::complete_request() 0x7fb5a95c7420 complete_cb=0x7fb5a6fc7170 pending 1
2013-03-14 18:10:28.653146 7fb587fff700 20 librbd::AioCompletion: AioCompletion::finalize() 0x7fb5a95c7420 rval 512 read_buf 0x7fb5a95de600 read_bl 0
2013-03-14 18:10:28.653149 7fb587fff700 20 librbd::AioCompletion: AioCompletion::finalize() copied resulting 512 bytes to 0x7fb5a95de600
2013-03-14 18:10:28.653288 7fb5876fd700 20 librbd: aio_read 0x7fb5a9162330 completion 0x7fb5a95c7420 [1029632,512]
2013-03-14 18:10:28.653300 7fb5876fd700 20 librbd: ictx_check 0x7fb5a9162330
2013-03-14 18:10:28.653308 7fb5876fd700 20 librbd: oid rb.0.1e1280.238e1f29.000000000000 1029632~512 from [0,512]
2013-03-14 18:10:28.653313 7fb5876fd700 20 librbd::AioRequest: send 0x7fb5a95decd0 rb.0.1e1280.238e1f29.000000000000 1029632~512
2013-03-14 18:10:28.653330 7fb5876fd700 1 -- 172.16.156.135:0/1648258 --> 172.16.170.1:6800/1310 -- osd_op(client.2216705.0:909 rb.0.1e1280.238e1f29.000000000000 [sparse-read 1029632~512] 2.dabde67b) v4 -- ?+0 0x7fb5a95dfc00 con 0x7fb5a91668f0
2013-03-14 18:10:28.653348 7fb5876fd700 20 librbd::AioCompletion: AioCompletion::finish_adding_requests 0x7fb5a95c7420 pending 1
2013-03-14 18:10:28.654507 7fb58ed64700 1 -- 172.16.156.135:0/1648258 <== osd.0 172.16.170.1:6800/1310 904 ==== osd_op_reply(909 rb.0.1e1280.238e1f29.000000000000 [sparse-read 1029632~512] = 0) v4 ==== 132+0+536 (1995246868 0 739522580) 0x7fb5a95dacf0 con 0x7fb5a91668f0
2013-03-14 18:10:28.654554 7fb587fff700 20 librbd::AioRequest: should_complete 0x7fb5a95decd0 rb.0.1e1280.238e1f29.000000000000 1029632~512 r = 0
2013-03-14 18:10:28.654562 7fb587fff700 10 librbd::AioCompletion: C_AioRead::finish() 0x7fb5a95530b0 r = 0
2013-03-14 18:10:28.654565 7fb587fff700 10 librbd::AioCompletion: got {1029632=512} for [0,512] bl 512
2013-03-14 18:10:28.654570 7fb587fff700 20 librbd::AioCompletion: AioCompletion::complete_request() 0x7fb5a95c7420 complete_cb=0x7fb5a6fc7170 pending 1
2013-03-14 18:10:28.654573 7fb587fff700 20 librbd::AioCompletion: AioCompletion::finalize() 0x7fb5a95c7420 rval 512 read_buf 0x7fb5a95df600 read_bl 0
2013-03-14 18:10:28.654577 7fb587fff700 20 librbd::AioCompletion: AioCompletion::finalize() copied resulting 512 bytes to 0x7fb5a95df600
2013-03-14 18:10:28.654728 7fb5876fd700 20 librbd: aio_read 0x7fb5a9162330 completion 0x7fb5a95c7420 [1030144,512]
2013-03-14 18:10:28.654739 7fb5876fd700 20 librbd: ictx_check 0x7fb5a9162330
2013-03-14 18:10:28.654748 7fb5876fd700 20 librbd: oid rb.0.1e1280.238e1f29.000000000000 1030144~512 from [0,512]
2013-03-14 18:10:28.654752 7fb5876fd700 20 librbd::AioRequest: send 0x7fb5a95de5e0 rb.0.1e1280.238e1f29.000000000000 1030144~512
2013-03-14 18:10:28.654769 7fb5876fd700 1 -- 172.16.156.135:0/1648258 --> 172.16.170.1:6800/1310 -- osd_op(client.2216705.0:910 rb.0.1e1280.238e1f29.000000000000 [sparse-read 1030144~512] 2.dabde67b) v4 -- ?+0 0x7fb5a95db7e0 con 0x7fb5a91668f0
2013-03-14 18:10:28.654784 7fb5876fd700 20 librbd::AioCompletion: AioCompletion::finish_adding_requests 0x7fb5a95c7420 pending 1
2013-03-14 18:10:28.655797 7fb58ed64700 1 -- 172.16.156.135:0/1648258 <== osd.0 172.16.170.1:6800/1310 905 ==== osd_op_reply(910 rb.0.1e1280.238e1f29.000000000000 [sparse-read 1030144~512] = 0) v4 ==== 132+0+536 (3069540113 0 1786677866) 0x7fb5a95e4050 con 0x7fb5a91668f0
2013-03-14 18:10:28.655922 7fb587fff700 20 librbd::AioRequest: should_complete 0x7fb5a95de5e0 rb.0.1e1280.238e1f29.000000000000 1030144~512 r = 0
2013-03-14 18:10:28.655935 7fb587fff700 10 librbd::AioCompletion: C_AioRead::finish() 0x7fb5a9442c80 r = 0
2013-03-14 18:10:28.655937 7fb587fff700 10 librbd::AioCompletion: got {1030144=512} for [0,512] bl 512
2013-03-14 18:10:28.655941 7fb587fff700 20 librbd::AioCompletion: AioCompletion::complete_request() 0x7fb5a95c7420 complete_cb=0x7fb5a6fc7170 pending 1
2013-03-14 18:10:28.655944 7fb587fff700 20 librbd::AioCompletion: AioCompletion::finalize() 0x7fb5a95c7420 rval 512 read_buf 0x7fb5a95db400 read_bl 0
2013-03-14 18:10:28.655947 7fb587fff700 20 librbd::AioCompletion: AioCompletion::finalize() copied resulting 512 bytes to 0x7fb5a95db400
2013-03-14 18:10:28.656137 7fb5876fd700 20 librbd: aio_read 0x7fb5a9162330 completion 0x7fb5a95c7420 [1030656,512]
2013-03-14 18:10:28.656148 7fb5876fd700 20 librbd: ictx_check 0x7fb5a9162330
2013-03-14 18:10:28.656156 7fb5876fd700 20 librbd: oid rb.0.1e1280.238e1f29.000000000000 1030656~512 from [0,512]
2013-03-14 18:10:28.656161 7fb5876fd700 20 librbd::AioRequest: send 0x7fb5a95dfcd0 rb.0.1e1280.238e1f29.000000000000 1030656~512
2013-03-14 18:10:28.656179 7fb5876fd700 1 -- 172.16.156.135:0/1648258 --> 172.16.170.1:6800/1310 -- osd_op(client.2216705.0:911 rb.0.1e1280.238e1f29.000000000000 [sparse-read 1030656~512] 2.dabde67b) v4 -- ?+0 0x7fb5a95dc790 con 0x7fb5a91668f0
2013-03-14 18:10:28.656204 7fb5876fd700 20 librbd::AioCompletion: AioCompletion::finish_adding_requests 0x7fb5a95c7420 pending 1
