2013-03-14 18:10:27.520036 7fb5876fd700 20 librbd: ictx_check 0x7fb5a9162330
2013-03-14 18:10:27.520043 7fb5876fd700 20 librbd: oid rb.0.1e1280.238e1f29.000000000000 485888~512 from [0,512]
2013-03-14 18:10:27.520047 7fb5876fd700 20 librbd::AioRequest: send 0x7fb5a9292a90 rb.0.1e1280.238e1f29.000000000000 485888~512
2013-03-14 18:10:27.520062 7fb5876fd700 1 -- 172.16.156.135:0/1648258 --> 172.16.170.1:6800/1310 -- osd_op(client.2216705.0:83 rb.0.1e1280.238e1f29.000000000000 [sparse-read 485888~512] 2.dabde67b) v4 -- ?+0 0x7fb5a9297660 con 0x7fb5a91668f0
2013-03-14 18:10:27.520076 7fb5876fd700 20 librbd::AioCompletion: AioCompletion::finish_adding_requests 0x7fb5a9289bf0 pending 1
2013-03-14 18:10:27.521137 7fb58ed64700 1 -- 172.16.156.135:0/1648258 <== osd.0 172.16.170.1:6800/1310 78 ==== osd_op_reply(83 rb.0.1e1280.238e1f29.000000000000 [sparse-read 485888~512] = 0) v4 ==== 132+0+536 (3585104661 0 628712707) 0x7fb5a92941b0 con 0x7fb5a91668f0
2013-03-14 18:10:27.521244 7fb587fff700 20 librbd::AioRequest: should_complete 0x7fb5a9292a90 rb.0.1e1280.238e1f29.000000000000 485888~512 r = 0
2013-03-14 18:10:27.521258 7fb587fff700 10 librbd::AioCompletion: C_AioRead::finish() 0x7fb5a927a230 r = 0
2013-03-14 18:10:27.521261 7fb587fff700 10 librbd::AioCompletion: got {485888=512} for [0,512] bl 512
2013-03-14 18:10:27.521269 7fb587fff700 20 librbd::AioCompletion: AioCompletion::complete_request() 0x7fb5a9289bf0 complete_cb=0x7fb5a6fc7170 pending 1
2013-03-14 18:10:27.521273 7fb587fff700 20 librbd::AioCompletion: AioCompletion::finalize() 0x7fb5a9289bf0 rval 512 read_buf 0x7fb5a9293e00 read_bl 0
2013-03-14 18:10:27.521278 7fb587fff700 20 librbd::AioCompletion: AioCompletion::finalize() copied resulting 512 bytes to 0x7fb5a9293e00
2013-03-14 18:10:27.521447 7fb5876fd700 20 librbd: aio_read 0x7fb5a9162330 completion 0x7fb5a9289bf0 [486400,512]
2013-03-14 18:10:27.521454 7fb5876fd700 20 librbd: ictx_check 0x7fb5a9162330
2013-03-14 18:10:27.521461 7fb5876fd700 20 librbd: oid rb.0.1e1280.238e1f29.000000000000 486400~512 from [0,512]
2013-03-14 18:10:27.521465 7fb5876fd700 20 librbd::AioRequest: send 0x7fb5a9293b70 rb.0.1e1280.238e1f29.000000000000 486400~512
2013-03-14 18:10:27.521481 7fb5876fd700 1 -- 172.16.156.135:0/1648258 --> 172.16.170.1:6800/1310 -- osd_op(client.2216705.0:84 rb.0.1e1280.238e1f29.000000000000 [sparse-read 486400~512] 2.dabde67b) v4 -- ?+0 0x7fb5a9294990 con 0x7fb5a91668f0
2013-03-14 18:10:27.521496 7fb5876fd700 20 librbd::AioCompletion: AioCompletion::finish_adding_requests 0x7fb5a9289bf0 pending 1
2013-03-14 18:10:27.522373 7fb58ed64700 1 -- 172.16.156.135:0/1648258 <== osd.0 172.16.170.1:6800/1310 79 ==== osd_op_reply(84 rb.0.1e1280.238e1f29.000000000000 [sparse-read 486400~512] = 0) v4 ==== 132+0+536 (397696017 0 3167782832) 0x7fb5a9294fa0 con 0x7fb5a91668f0
2013-03-14 18:10:27.522562 7fb587fff700 20 librbd::AioRequest: should_complete 0x7fb5a9293b70 rb.0.1e1280.238e1f29.000000000000 486400~512 r = 0
2013-03-14 18:10:27.522572 7fb587fff700 10 librbd::AioCompletion: C_AioRead::finish() 0x7fb5a925eca0 r = 0
2013-03-14 18:10:27.522575 7fb587fff700 10 librbd::AioCompletion: got {486400=512} for [0,512] bl 512
2013-03-14 18:10:27.522581 7fb587fff700 20 librbd::AioCompletion: AioCompletion::complete_request() 0x7fb5a9289bf0 complete_cb=0x7fb5a6fc7170 pending 1
2013-03-14 18:10:27.522583 7fb587fff700 20 librbd::AioCompletion: AioCompletion::finalize() 0x7fb5a9289bf0 rval 512 read_buf 0x7fb5a9294600 read_bl 0
2013-03-14 18:10:27.522587 7fb587fff700 20 librbd::AioCompletion: AioCompletion::finalize() copied resulting 512 bytes to 0x7fb5a9294600
2013-03-14 18:10:27.522731 7fb5876fd700 20 librbd: aio_read 0x7fb5a9162330 completion 0x7fb5a9289bf0 [607744,512]
2013-03-14 18:10:27.522740 7fb5876fd700 20 librbd: ictx_check 0x7fb5a9162330
2013-03-14 18:10:27.522747 7fb5876fd700 20 librbd: oid rb.0.1e1280.238e1f29.000000000000 607744~512 from [0,512]
2013-03-14 18:10:27.522751 7fb5876fd700 20 librbd::AioRequest: send 0x7fb5a9293e00 rb.0.1e1280.238e1f29.000000000000 607744~512
2013-03-14 18:10:27.522766 7fb5876fd700 1 -- 172.16.156.135:0/1648258 --> 172.16.170.1:6800/1310 -- osd_op(client.2216705.0:85 rb.0.1e1280.238e1f29.000000000000 [sparse-read 607744~512] 2.dabde67b) v4 -- ?+0 0x7fb5a9295990 con 0x7fb5a91668f0
2013-03-14 18:10:27.522780 7fb5876fd700 20 librbd::AioCompletion: AioCompletion::finish_adding_requests 0x7fb5a9289bf0 pending 1
2013-03-14 18:10:27.523793 7fb58ed64700 1 -- 172.16.156.135:0/1648258 <== osd.0 172.16.170.1:6800/1310 80 ==== osd_op_reply(85 rb.0.1e1280.238e1f29.000000000000 [sparse-read 607744~512] = 0) v4 ==== 132+0+536 (3343748411 0 3094091991) 0x7fb5a9298090 con 0x7fb5a91668f0
2013-03-14 18:10:27.523876 7fb587fff700 20 librbd::AioRequest: should_complete 0x7fb5a9293e00 rb.0.1e1280.238e1f29.000000000000 607744~512 r = 0
2013-03-14 18:10:27.523890 7fb587fff700 10 librbd::AioCompletion: C_AioRead::finish() 0x7fb5a928f550 r = 0
2013-03-14 18:10:27.523893 7fb587fff700 10 librbd::AioCompletion: got {607744=512} for [0,512] bl 512
2013-03-14 18:10:27.523900 7fb587fff700 20 librbd::AioCompletion: AioCompletion::complete_request() 0x7fb5a9289bf0 complete_cb=0x7fb5a6fc7170 pending 1
2013-03-14 18:10:27.523905 7fb587fff700 20 librbd::AioCompletion: AioCompletion::finalize() 0x7fb5a9289bf0 rval 512 read_buf 0x7fb5a9295600 read_bl 0
2013-03-14 18:10:27.523913 7fb587fff700 20 librbd::AioCompletion: AioCompletion::finalize() copied resulting 512 bytes to 0x7fb5a9295600
2013-03-14 18:10:27.524085 7fb5876fd700 20 librbd: aio_read 0x7fb5a9162330 completion 0x7fb5a9289bf0 [608256,512]
2013-03-14 18:10:27.524095 7fb5876fd700 20 librbd: ictx_check 0x7fb5a9162330
2013-03-14 18:10:27.524103 7fb5876fd700 20 librbd: oid rb.0.1e1280.238e1f29.000000000000 608256~512 from [0,512]
2013-03-14 18:10:27.524108 7fb5876fd700 20 librbd::AioRequest: send 0x7fb5a9295600 rb.0.1e1280.238e1f29.000000000000 608256~512
2013-03-14 18:10:27.524123 7fb5876fd700 1 -- 172.16.156.135:0/1648258 --> 172.16.170.1:6800/1310 -- osd_op(client.2216705.0:86 rb.0.1e1280.238e1f29.000000000000 [sparse-read 608256~512] 2.dabde67b) v4 -- ?+0 0x7fb5a929ca00 con 0x7fb5a91668f0
2013-03-14 18:10:27.524137 7fb5876fd700 20 librbd::AioCompletion: AioCompletion::finish_adding_requests 0x7fb5a9289bf0 pending 1
2013-03-14 18:10:27.525007 7fb58ed64700 1 -- 172.16.156.135:0/1648258 <== osd.0 172.16.170.1:6800/1310 81 ==== osd_op_reply(86 rb.0.1e1280.238e1f29.000000000000 [sparse-read 608256~512] = 0) v4 ==== 132+0+536 (123074366 0 918420486) 0x7fb5a929d010 con 0x7fb5a91668f0
2013-03-14 18:10:27.525072 7fb587fff700 20 librbd::AioRequest: should_complete 0x7fb5a9295600 rb.0.1e1280.238e1f29.000000000000 608256~512 r = 0
2013-03-14 18:10:27.525081 7fb587fff700 10 librbd::AioCompletion: C_AioRead::finish() 0x7fb5a9281f30 r = 0
2013-03-14 18:10:27.525083 7fb587fff700 10 librbd::AioCompletion: got {608256=512} for [0,512] bl 512
2013-03-14 18:10:27.525093 7fb587fff700 20 librbd::AioCompletion: AioCompletion::complete_request() 0x7fb5a9289bf0 complete_cb=0x7fb5a6fc7170 pending 1
2013-03-14 18:10:27.525096 7fb587fff700 20 librbd::AioCompletion: AioCompletion::finalize() 0x7fb5a9289bf0 rval 512 read_buf 0x7fb5a929c400 read_bl 0
2013-03-14 18:10:27.525101 7fb587fff700 20 librbd::AioCompletion: AioCompletion::finalize() copied resulting 512 bytes to 0x7fb5a929c400
2013-03-14 18:10:27.525243 7fb5876fd700 20 librbd: aio_read 0x7fb5a9162330 completion 0x7fb5a9289bf0 [608768,512]
2013-03-14 18:10:27.525252 7fb5876fd700 20 librbd: ictx_check 0x7fb5a9162330
2013-03-14 18:10:27.525259 7fb5876fd700 20 librbd: oid rb.0.1e1280.238e1f29.000000000000 608768~512 from [0,512]
2013-03-14 18:10:27.525264 7fb5876fd700 20 librbd::AioRequest: send 0x7fb5a929cad0 rb.0.1e1280.238e1f29.000000000000 608768~512
2013-03-14 18:10:27.525278 7fb5876fd700 1 -- 172.16.156.135:0/1648258 --> 172.16.170.1:6800/1310 -- osd_op(client.2216705.0:87 rb.0.1e1280.238e1f29.000000000000 [sparse-read 608768~512] 2.dabde67b) v4 -- ?+0 0x7fb5a929da00 con 0x7fb5a91668f0
2013-03-14 18:10:27.525291 7fb5876fd700 20 librbd::AioCompletion: AioCompletion::finish_adding_requests 0x7fb5a9289bf0 pending 1
2013-03-14 18:10:27.526233 7fb58ed64700 1 -- 172.16.156.135:0/1648258 <== osd.0 172.16.170.1:6800/1310 82 ==== osd_op_reply(87 rb.0.1e1280.238e1f29.000000000000 [sparse-read 608768~512] = 0) v4 ==== 132+0+536 (1185543618 0 999739975) 0x7fb5a9298090 con 0x7fb5a91668f0
2013-03-14 18:10:27.526319 7fb587fff700 20 librbd::AioRequest: should_complete 0x7fb5a929cad0 rb.0.1e1280.238e1f29.000000000000 608768~512 r = 0
2013-03-14 18:10:27.526333 7fb587fff700 10 librbd::AioCompletion: C_AioRead::finish() 0x7fb5a9262380 r = 0
2013-03-14 18:10:27.526336 7fb587fff700 10 librbd::AioCompletion: got {608768=512} for [0,512] bl 512
2013-03-14 18:10:27.526343 7fb587fff700 20 librbd::AioCompletion: AioCompletion::complete_request() 0x7fb5a9289bf0 complete_cb=0x7fb5a6fc7170 pending 1
2013-03-14 18:10:27.526347 7fb587fff700 20 librbd::AioCompletion: AioCompletion::finalize() 0x7fb5a9289bf0 rval 512 read_buf 0x7fb5a929d400 read_bl 0
2013-03-14 18:10:27.526353 7fb587fff700 20 librbd::AioCompletion: AioCompletion::finalize() copied resulting 512 bytes to 0x7fb5a929d400
2013-03-14 18:10:27.526492 7fb5876fd700 20 librbd: aio_read 0x7fb5a9162330 completion 0x7fb5a9289bf0 [609280,512]
2013-03-14 18:10:27.526500 7fb5876fd700 20 librbd: ictx_check 0x7fb5a9162330
2013-03-14 18:10:27.526507 7fb5876fd700 20 librbd: oid rb.0.1e1280.238e1f29.000000000000 609280~512 from [0,512]
2013-03-14 18:10:27.526512 7fb5876fd700 20 librbd::AioRequest: send 0x7fb5a929da00 rb.0.1e1280.238e1f29.000000000000 609280~512
2013-03-14 18:10:27.526527 7fb5876fd700 1 -- 172.16.156.135:0/1648258 --> 172.16.170.1:6800/1310 -- osd_op(client.2216705.0:88 rb.0.1e1280.238e1f29.000000000000 [sparse-read 609280~512] 2.dabde67b) v4 -- ?+0 0x7fb5a9298c00 con 0x7fb5a91668f0
2013-03-14 18:10:27.526540 7fb5876fd700 20 librbd::AioCompletion: AioCompletion::finish_adding_requests 0x7fb5a9289bf0 pending 1
2013-03-14 18:10:27.527522 7fb58ed64700 1 -- 172.16.156.135:0/1648258 <== osd.0 172.16.170.1:6800/1310 83 ==== osd_op_reply(88 rb.0.1e1280.238e1f29.000000000000 [sparse-read 609280~512] = 0) v4 ==== 132+0+536 (2225992390 0 1692922623) 0x7fb5a92a2050 con 0x7fb5a91668f0
2013-03-14 18:10:27.527605 7fb587fff700 20 librbd::AioRequest: should_complete 0x7fb5a929da00 rb.0.1e1280.238e1f29.000000000000 609280~512 r = 0
2013-03-14 18:10:27.527615 7fb587fff700 10 librbd::AioCompletion: C_AioRead::finish() 0x7fb5a92787b0 r = 0
2013-03-14 18:10:27.527617 7fb587fff700 10 librbd::AioCompletion: got {609280=512} for [0,512] bl 512
2013-03-14 18:10:27.527622 7fb587fff700 20 librbd::AioCompletion: AioCompletion::complete_request() 0x7fb5a9289bf0 complete_cb=0x7fb5a6fc7170 pending 1
2013-03-14 18:10:27.527625 7fb587fff700 20 librbd::AioCompletion: AioCompletion::finalize() 0x7fb5a9289bf0 rval 512 read_buf 0x7fb5a9298600 read_bl 0
2013-03-14 18:10:27.527629 7fb587fff700 20 librbd::AioCompletion: AioCompletion::finalize() copied resulting 512 bytes to 0x7fb5a9298600
2013-03-14 18:10:27.527765 7fb5876fd700 20 librbd: aio_read 0x7fb5a9162330 completion 0x7fb5a9289bf0 [609792,512]
2013-03-14 18:10:27.527775 7fb5876fd700 20 librbd: ictx_check 0x7fb5a9162330
2013-03-14 18:10:27.527783 7fb5876fd700 20 librbd: oid rb.0.1e1280.238e1f29.000000000000 609792~512 from [0,512]
2013-03-14 18:10:27.527788 7fb5876fd700 20 librbd::AioRequest: send 0x7fb5a9298c00 rb.0.1e1280.238e1f29.000000000000 609792~512
2013-03-14 18:10:27.527804 7fb5876fd700 1 -- 172.16.156.135:0/1648258 --> 172.16.170.1:6800/1310 -- osd_op(client.2216705.0:89 rb.0.1e1280.238e1f29.000000000000 [sparse-read 609792~512] 2.dabde67b) v4 -- ?+0 0x7fb5a9299b70 con 0x7fb5a91668f0
2013-03-14 18:10:27.527819 7fb5876fd700 20 librbd::AioCompletion: AioCompletion::finish_adding_requests 0x7fb5a9289bf0 pending 1
2013-03-14 18:10:27.528848 7fb58ed64700 1 -- 172.16.156.135:0/1648258 <== osd.0 172.16.170.1:6800/1310 84 ==== osd_op_reply(89 rb.0.1e1280.238e1f29.000000000000 [sparse-read 609792~512] = 0) v4 ==== 132+0+536 (3310481466 0 2018504681) 0x7fb5a929a180 con 0x7fb5a91668f0
2013-03-14 18:10:27.528924 7fb587fff700 20 librbd::AioRequest: should_complete 0x7fb5a9298c00 rb.0.1e1280.238e1f29.000000000000 609792~512 r = 0
2013-03-14 18:10:27.528934 7fb587fff700 10 librbd::AioCompletion: C_AioRead::finish() 0x7fb5a924a4b0 r = 0
2013-03-14 18:10:27.528936 7fb587fff700 10 librbd::AioCompletion: got {609792=512} for [0,512] bl 512
2013-03-14 18:10:27.528942 7fb587fff700 20 librbd::AioCompletion: AioCompletion::complete_request() 0x7fb5a9289bf0 complete_cb=0x7fb5a6fc7170 pending 1
2013-03-14 18:10:27.528947 7fb587fff700 20 librbd::AioCompletion: AioCompletion::finalize() 0x7fb5a9289bf0 rval 512 read_buf 0x7fb5a9298600 read_bl 0
2013-03-14 18:10:27.528952 7fb587fff700 20 librbd::AioCompletion: AioCompletion::finalize() copied resulting 512 bytes to 0x7fb5a9298600
2013-03-14 18:10:27.529137 7fb5876fd700 20 librbd: aio_read 0x7fb5a9162330 completion 0x7fb5a9289bf0 [610304,512]
2013-03-14 18:10:27.529147 7fb5876fd700 20 librbd: ictx_check 0x7fb5a9162330
2013-03-14 18:10:27.529155 7fb5876fd700 20 librbd: oid rb.0.1e1280.238e1f29.000000000000 610304~512 from [0,512]
2013-03-14 18:10:27.529159 7fb5876fd700 20 librbd::AioRequest: send 0x7fb5a9299b70 rb.0.1e1280.238e1f29.000000000000 610304~512
2013-03-14 18:10:27.529197 7fb5876fd700 1 -- 172.16.156.135:0/1648258 --> 172.16.170.1:6800/1310 -- osd_op(client.2216705.0:90 rb.0.1e1280.238e1f29.000000000000 [sparse-read 610304~512] 2.dabde67b) v4 -- ?+0 0x7fb5a929ac00 con 0x7fb5a91668f0
2013-03-14 18:10:27.529210 7fb5876fd700 20 librbd::AioCompletion: AioCompletion::finish_adding_requests 0x7fb5a9289bf0 pending 1
2013-03-14 18:10:27.530253 7fb58ed64700 1 -- 172.16.156.135:0/1648258 <== osd.0 172.16.170.1:6800/1310 85 ==== osd_op_reply(90 rb.0.1e1280.238e1f29.000000000000 [sparse-read 610304~512] = 0) v4 ==== 132+0+536 (24211517 0 4137836104) 0x7fb5a929b210 con 0x7fb5a91668f0
2013-03-14 18:10:27.530361 7fb587fff700 20 librbd::AioRequest: should_complete 0x7fb5a9299b70 rb.0.1e1280.238e1f29.000000000000 610304~512 r = 0
2013-03-14 18:10:27.530376 7fb587fff700 10 librbd::AioCompletion: C_AioRead::finish() 0x7fb5a924fce0 r = 0
2013-03-14 18:10:27.530379 7fb587fff700 10 librbd::AioCompletion: got {610304=512} for [0,512] bl 512
2013-03-14 18:10:27.530386 7fb587fff700 20 librbd::AioCompletion: AioCompletion::complete_request() 0x7fb5a9289bf0 complete_cb=0x7fb5a6fc7170 pending 1
2013-03-14 18:10:27.530390 7fb587fff700 20 librbd::AioCompletion: AioCompletion::finalize() 0x7fb5a9289bf0 rval 512 read_buf 0x7fb5a929a600 read_bl 0
2013-03-14 18:10:27.530395 7fb587fff700 20 librbd::AioCompletion: AioCompletion::finalize() copied resulting 512 bytes to 0x7fb5a929a600
2013-03-14 18:10:27.530555 7fb5876fd700 20 librbd: aio_read 0x7fb5a9162330 completion 0x7fb5a9289bf0 [610816,512]
2013-03-14 18:10:27.530563 7fb5876fd700 20 librbd: ictx_check 0x7fb5a9162330
2013-03-14 18:10:27.530570 7fb5876fd700 20 librbd: oid rb.0.1e1280.238e1f29.000000000000 610816~512 from [0,512]
2013-03-14 18:10:27.530575 7fb5876fd700 20 librbd::AioRequest: send 0x7fb5a929acd0 rb.0.1e1280.238e1f29.000000000000 610816~512
2013-03-14 18:10:27.530590 7fb5876fd700 1 -- 172.16.156.135:0/1648258 --> 172.16.170.1:6800/1310 -- osd_op(client.2216705.0:91 rb.0.1e1280.238e1f29.000000000000 [sparse-read 610816~512] 2.dabde67b) v4 -- ?+0 0x7fb5a929bc00 con 0x7fb5a91668f0
2013-03-14 18:10:27.530603 7fb5876fd700 20 librbd::AioCompletion: AioCompletion::finish_adding_requests 0x7fb5a9289bf0 pending 1
2013-03-14 18:10:27.531548 7fb58ed64700 1 -- 172.16.156.135:0/1648258 <== osd.0 172.16.170.1:6800/1310 86 ==== osd_op_reply(91 rb.0.1e1280.238e1f29.000000000000 [sparse-read 610816~512] = 0) v4 ==== 132+0+536 (1083011777 0 866751421) 0x7fb5a929e230 con 0x7fb5a91668f0
2013-03-14 18:10:27.531604 7fb587fff700 20 librbd::AioRequest: should_complete 0x7fb5a929acd0 rb.0.1e1280.238e1f29.000000000000 610816~512 r = 0
2013-03-14 18:10:27.531613 7fb587fff700 10 librbd::AioCompletion: C_AioRead::finish() 0x7fb5a924df90 r = 0
2013-03-14 18:10:27.531615 7fb587fff700 10 librbd::AioCompletion: got {610816=512} for [0,512] bl 512
2013-03-14 18:10:27.531620 7fb587fff700 20 librbd::AioCompletion: AioCompletion::complete_request() 0x7fb5a9289bf0 complete_cb=0x7fb5a6fc7170 pending 1
2013-03-14 18:10:27.531622 7fb587fff700 20 librbd::AioCompletion: AioCompletion::finalize() 0x7fb5a9289bf0 rval 512 read_buf 0x7fb5a929b600 read_bl 0
2013-03-14 18:10:27.531626 7fb587fff700 20 librbd::AioCompletion: AioCompletion::finalize() copied resulting 512 bytes to 0x7fb5a929b600
2013-03-14 18:10:27.531870 7fb5876fd700 20 librbd: aio_read 0x7fb5a9162330 completion 0x7fb5a9289bf0 [611328,512]
2013-03-14 18:10:27.531881 7fb5876fd700 20 librbd: ictx_check 0x7fb5a9162330
2013-03-14 18:10:27.531891 7fb5876fd700 20 librbd: oid rb.0.1e1280.238e1f29.000000000000 611328~512 from [0,512]
2013-03-14 18:10:27.531897 7fb5876fd700 20 librbd::AioRequest: send 0x7fb5a929bc00 rb.0.1e1280.238e1f29.000000000000 611328~512
2013-03-14 18:10:27.531918 7fb5876fd700 1 -- 172.16.156.135:0/1648258 --> 172.16.170.1:6800/1310 -- osd_op(client.2216705.0:92 rb.0.1e1280.238e1f29.000000000000 [sparse-read 611328~512] 2.dabde67b) v4 -- ?+0 0x7fb5a92a2c00 con 0x7fb5a91668f0
2013-03-14 18:10:27.531936 7fb5876fd700 20 librbd::AioCompletion: AioCompletion::finish_adding_requests 0x7fb5a9289bf0 pending 1
2013-03-14 18:10:27.532953 7fb58ed64700 1 -- 172.16.156.135:0/1648258 <== osd.0 172.16.170.1:6800/1310 87 ==== osd_op_reply(92 rb.0.1e1280.238e1f29.000000000000 [sparse-read 611328~512] = 0) v4 ==== 132+0+536 (2190046661 0 662034506) 0x7fb5a92a3210 con 0x7fb5a91668f0
2013-03-14 18:10:27.533076 7fb587fff700 20 librbd::AioRequest: should_complete 0x7fb5a929bc00 rb.0.1e1280.238e1f29.000000000000 611328~512 r = 0
2013-03-14 18:10:27.533092 7fb587fff700 10 librbd::AioCompletion: C_AioRead::finish() 0x7fb5a9281030 r = 0
2013-03-14 18:10:27.533095 7fb587fff700 10 librbd::AioCompletion: got {611328=512} for [0,512] bl 512
2013-03-14 18:10:27.533102 7fb587fff700 20 librbd::AioCompletion: AioCompletion::complete_request() 0x7fb5a9289bf0 complete_cb=0x7fb5a6fc7170 pending 1
2013-03-14 18:10:27.533107 7fb587fff700 20 librbd::AioCompletion: AioCompletion::finalize() 0x7fb5a9289bf0 rval 512 read_buf 0x7fb5a92a2600 read_bl 0
2013-03-14 18:10:27.533112 7fb587fff700 20 librbd::AioCompletion: AioCompletion::finalize() copied resulting 512 bytes to 0x7fb5a92a2600
2013-03-14 18:10:27.533315 7fb5876fd700 20 librbd: aio_read 0x7fb5a9162330 completion 0x7fb5a9289bf0 [611840,512]
2013-03-14 18:10:27.533329 7fb5876fd700 20 librbd: ictx_check 0x7fb5a9162330
2013-03-14 18:10:27.533336 7fb5876fd700 20 librbd: oid rb.0.1e1280.238e1f29.000000000000 611840~512 from [0,512]
2013-03-14 18:10:27.533341 7fb5876fd700 20 librbd::AioRequest: send 0x7fb5a92a2c00 rb.0.1e1280.238e1f29.000000000000 611840~512
2013-03-14 18:10:27.533357 7fb5876fd700 1 -- 172.16.156.135:0/1648258 --> 172.16.170.1:6800/1310 -- osd_op(client.2216705.0:93 rb.0.1e1280.238e1f29.000000000000 [sparse-read 611840~512] 2.dabde67b) v4 -- ?+0 0x7fb5a92a3c00 con 0x7fb5a91668f0
2013-03-14 18:10:27.533370 7fb5876fd700 20 librbd::AioCompletion: AioCompletion::finish_adding_requests 0x7fb5a9289bf0 pending 1
2013-03-14 18:10:27.534316 7fb58ed64700 1 -- 172.16.156.135:0/1648258 <== osd.0 172.16.170.1:6800/1310 88 ==== osd_op_reply(93 rb.0.1e1280.238e1f29.000000000000 [sparse-read 611840~512] = 0) v4 ==== 132+0+536 (3279255353 0 1886905699) 0x7fb5a929e230 con 0x7fb5a91668f0
2013-03-14 18:10:27.534398 7fb587fff700 20 librbd::AioRequest: should_complete 0x7fb5a92a2c00 rb.0.1e1280.238e1f29.000000000000 611840~512 r = 0
2013-03-14 18:10:27.534413 7fb587fff700 10 librbd::AioCompletion: C_AioRead::finish() 0x7fb5a921ec30 r = 0
2013-03-14 18:10:27.534416 7fb587fff700 10 librbd::AioCompletion: got {611840=512} for [0,512] bl 512
2013-03-14 18:10:27.534423 7fb587fff700 20 librbd::AioCompletion: AioCompletion::complete_request() 0x7fb5a9289bf0 complete_cb=0x7fb5a6fc7170 pending 1
2013-03-14 18:10:27.534427 7fb587fff700 20 librbd::AioCompletion: AioCompletion::finalize() 0x7fb5a9289bf0 rval 512 read_buf 0x7fb5a92a3600 read_bl 0
2013-03-14 18:10:27.534433 7fb587fff700 20 librbd::AioCompletion: AioCompletion::finalize() copied resulting 512 bytes to 0x7fb5a92a3600
2013-03-14 18:10:27.534628 7fb5876fd700 20 librbd: aio_read 0x7fb5a9162330 completion 0x7fb5a9289bf0 [612352,512]
2013-03-14 18:10:27.534643 7fb5876fd700 20 librbd: ictx_check 0x7fb5a9162330
2013-03-14 18:10:27.534650 7fb5876fd700 20 librbd: oid rb.0.1e1280.238e1f29.000000000000 612352~512 from [0,512]
2013-03-14 18:10:27.534655 7fb5876fd700 20 librbd::AioRequest: send 0x7fb5a92a3c00 rb.0.1e1280.238e1f29.000000000000 612352~512
2013-03-14 18:10:27.534670 7fb5876fd700 1 -- 172.16.156.135:0/1648258 --> 172.16.170.1:6800/1310 -- osd_op(client.2216705.0:94 rb.0.1e1280.238e1f29.000000000000 [sparse-read 612352~512] 2.dabde67b) v4 -- ?+0 0x7fb5a929ee00 con 0x7fb5a91668f0
2013-03-14 18:10:27.534685 7fb5876fd700 20 librbd::AioCompletion: AioCompletion::finish_adding_requests 0x7fb5a9289bf0 pending 1
2013-03-14 18:10:27.535641 7fb58ed64700 1 -- 172.16.156.135:0/1648258 <== osd.0 172.16.170.1:6800/1310 89 ==== osd_op_reply(94 rb.0.1e1280.238e1f29.000000000000 [sparse-read 612352~512] = 0) v4 ==== 132+0+536 (57478460 0 1342407494) 0x7fb5a92a8050 con 0x7fb5a91668f0
2013-03-14 18:10:27.535710 7fb587fff700 20 librbd::AioRequest: should_complete 0x7fb5a92a3c00 rb.0.1e1280.238e1f29.000000000000 612352~512 r = 0
2013-03-14 18:10:27.535729 7fb587fff700 10 librbd::AioCompletion: C_AioRead::finish() 0x7fb5a92956d0 r = 0
2013-03-14 18:10:27.535733 7fb587fff700 10 librbd::AioCompletion: got {612352=512} for [0,512] bl 512
2013-03-14 18:10:27.535741 7fb587fff700 20 librbd::AioCompletion: AioCompletion::complete_request() 0x7fb5a9289bf0 complete_cb=0x7fb5a6fc7170 pending 1
2013-03-14 18:10:27.535747 7fb587fff700 20 librbd::AioCompletion: AioCompletion::finalize() 0x7fb5a9289bf0 rval 512 read_buf 0x7fb5a929e800 read_bl 0
2013-03-14 18:10:27.535752 7fb587fff700 20 librbd::AioCompletion: AioCompletion::finalize() copied resulting 512 bytes to 0x7fb5a929e800
2013-03-14 18:10:27.535923 7fb5876fd700 20 librbd: aio_read 0x7fb5a9162330 completion 0x7fb5a9289bf0 [612864,512]
2013-03-14 18:10:27.535932 7fb5876fd700 20 librbd: ictx_check 0x7fb5a9162330
2013-03-14 18:10:27.535939 7fb5876fd700 20 librbd: oid rb.0.1e1280.238e1f29.000000000000 612864~512 from [0,512]
2013-03-14 18:10:27.535944 7fb5876fd700 20 librbd::AioRequest: send 0x7fb5a929edb0 rb.0.1e1280.238e1f29.000000000000 612864~512
2013-03-14 18:10:27.535960 7fb5876fd700 1 -- 172.16.156.135:0/1648258 --> 172.16.170.1:6800/1310 -- osd_op(client.2216705.0:95 rb.0.1e1280.238e1f29.000000000000 [sparse-read 612864~512] 2.dabde67b) v4 -- ?+0 0x7fb5a92a0000 con 0x7fb5a91668f0
2013-03-14 18:10:27.535975 7fb5876fd700 20 librbd::AioCompletion: AioCompletion::finish_adding_requests 0x7fb5a9289bf0 pending 1
2013-03-14 18:10:27.536906 7fb58ed64700 1 -- 172.16.156.135:0/1648258 <== osd.0 172.16.170.1:6800/1310 90 ==== osd_op_reply(95 rb.0.1e1280.238e1f29.000000000000 [sparse-read 612864~512] = 0) v4 ==== 132+0+536 (1116803008 0 2686493626) 0x7fb5a92a0610 con 0x7fb5a91668f0
2013-03-14 18:10:27.536990 7fb587fff700 20 librbd::AioRequest: should_complete 0x7fb5a929edb0 rb.0.1e1280.238e1f29.000000000000 612864~512 r = 0
2013-03-14 18:10:27.537005 7fb587fff700 10 librbd::AioCompletion: C_AioRead::finish() 0x7fb5a924d330 r = 0
2013-03-14 18:10:27.537008 7fb587fff700 10 librbd::AioCompletion: got {612864=512} for [0,512] bl 512
2013-03-14 18:10:27.537016 7fb587fff700 20 librbd::AioCompletion: AioCompletion::complete_request() 0x7fb5a9289bf0 complete_cb=0x7fb5a6fc7170 pending 1
2013-03-14 18:10:27.537020 7fb587fff700 20 librbd::AioCompletion: AioCompletion::finalize() 0x7fb5a9289bf0 rval 512 read_buf 0x7fb5a929fa00 read_bl 0
2013-03-14 18:10:27.537026 7fb587fff700 20 librbd::AioCompletion: AioCompletion::finalize() copied resulting 512 bytes to 0x7fb5a929fa00
2013-03-14 18:10:27.537239 7fb5876fd700 20 librbd: aio_read 0x7fb5a9162330 completion 0x7fb5a9289bf0 [613376,512]
2013-03-14 18:10:27.537249 7fb5876fd700 20 librbd: ictx_check 0x7fb5a9162330
2013-03-14 18:10:27.537256 7fb5876fd700 20 librbd: oid rb.0.1e1280.238e1f29.000000000000 613376~512 from [0,512]
2013-03-14 18:10:27.537260 7fb5876fd700 20 librbd::AioRequest: send 0x7fb5a92a00d0 rb.0.1e1280.238e1f29.000000000000 613376~512
2013-03-14 18:10:27.537276 7fb5876fd700 1 -- 172.16.156.135:0/1648258 --> 172.16.170.1:6800/1310 -- osd_op(client.2216705.0:96 rb.0.1e1280.238e1f29.000000000000 [sparse-read 613376~512] 2.dabde67b) v4 -- ?+0 0x7fb5a92a1000 con 0x7fb5a91668f0
2013-03-14 18:10:27.537290 7fb5876fd700 20 librbd::AioCompletion: AioCompletion::finish_adding_requests 0x7fb5a9289bf0 pending 1
2013-03-14 18:10:27.538246 7fb58ed64700 1 -- 172.16.156.135:0/1648258 <== osd.0 172.16.170.1:6800/1310 91 ==== osd_op_reply(96 rb.0.1e1280.238e1f29.000000000000 [sparse-read 613376~512] = 0) v4 ==== 132+0+536 (2157250756 0 1617781918) 0x7fb5a92a1610 con 0x7fb5a91668f0
2013-03-14 18:10:27.538344 7fb587fff700 20 librbd::AioRequest: should_complete 0x7fb5a92a00d0 rb.0.1e1280.238e1f29.000000000000 613376~512 r = 0
2013-03-14 18:10:27.538360 7fb587fff700 10 librbd::AioCompletion: C_AioRead::finish() 0x7fb5a9284730 r = 0
2013-03-14 18:10:27.538363 7fb587fff700 10 librbd::AioCompletion: got {613376=512} for [0,512] bl 512
2013-03-14 18:10:27.538371 7fb587fff700 20 librbd::AioCompletion: AioCompletion::complete_request() 0x7fb5a9289bf0 complete_cb=0x7fb5a6fc7170 pending 1
2013-03-14 18:10:27.538375 7fb587fff700 20 librbd::AioCompletion: AioCompletion::finalize() 0x7fb5a9289bf0 rval 512 read_buf 0x7fb5a92a0a00 read_bl 0
2013-03-14 18:10:27.538381 7fb587fff700 20 librbd::AioCompletion: AioCompletion::finalize() copied resulting 512 bytes to 0x7fb5a92a0a00
2013-03-14 18:10:27.538623 7fb5876fd700 20 librbd: aio_read 0x7fb5a9162330 completion 0x7fb5a9289bf0 [613888,512]
2013-03-14 18:10:27.538635 7fb5876fd700 20 librbd: ictx_check 0x7fb5a9162330
2013-03-14 18:10:27.538646 7fb5876fd700 20 librbd: oid rb.0.1e1280.238e1f29.000000000000 613888~512 from [0,512]
2013-03-14 18:10:27.538651 7fb5876fd700 20 librbd::AioRequest: send 0x7fb5a92a10d0 rb.0.1e1280.238e1f29.000000000000 613888~512
2013-03-14 18:10:27.538666 7fb5876fd700 1 -- 172.16.156.135:0/1648258 --> 172.16.170.1:6800/1310 -- osd_op(client.2216705.0:97 rb.0.1e1280.238e1f29.000000000000 [sparse-read 613888~512] 2.dabde67b) v4 -- ?+0 0x7fb5a92a4090 con 0x7fb5a91668f0
2013-03-14 18:10:27.538681 7fb5876fd700 20 librbd::AioCompletion: AioCompletion::finish_adding_requests 0x7fb5a9289bf0 pending 1
2013-03-14 18:10:27.539632 7fb58ed64700 1 -- 172.16.156.135:0/1648258 <== osd.0 172.16.170.1:6800/1310 92 ==== osd_op_reply(97 rb.0.1e1280.238e1f29.000000000000 [sparse-read 613888~512] = 0) v4 ==== 132+0+536 (3244886584 0 3438784317) 0x7fb5a92a46a0 con 0x7fb5a91668f0
2013-03-14 18:10:27.539719 7fb587fff700 20 librbd::AioRequest: should_complete 0x7fb5a92a10d0 rb.0.1e1280.238e1f29.000000000000 613888~512 r = 0
2013-03-14 18:10:27.539736 7fb587fff700 10 librbd::AioCompletion: C_AioRead::finish() 0x7fb5a9270ca0 r = 0
2013-03-14 18:10:27.539739 7fb587fff700 10 librbd::AioCompletion: got {613888=512} for [0,512] bl 512
2013-03-14 18:10:27.539746 7fb587fff700 20 librbd::AioCompletion: AioCompletion::complete_request() 0x7fb5a9289bf0 complete_cb=0x7fb5a6fc7170 pending 1
2013-03-14 18:10:27.539750 7fb587fff700 20 librbd::AioCompletion: AioCompletion::finalize() 0x7fb5a9289bf0 rval 512 read_buf 0x7fb5a92a1a00 read_bl 0
2013-03-14 18:10:27.539756 7fb587fff700 20 librbd::AioCompletion: AioCompletion::finalize() copied resulting 512 bytes to 0x7fb5a92a1a00
2013-03-14 18:10:27.539966 7fb5876fd700 20 librbd: aio_read 0x7fb5a9162330 completion 0x7fb5a9289bf0 [614400,512]
2013-03-14 18:10:27.539975 7fb5876fd700 20 librbd: ictx_check 0x7fb5a9162330
2013-03-14 18:10:27.539982 7fb5876fd700 20 librbd: oid rb.0.1e1280.238e1f29.000000000000 614400~512 from [0,512]
2013-03-14 18:10:27.539987 7fb5876fd700 20 librbd::AioRequest: send 0x7fb5a92a0a00 rb.0.1e1280.238e1f29.000000000000 614400~512
2013-03-14 18:10:27.540003 7fb5876fd700 1 -- 172.16.156.135:0/1648258 --> 172.16.170.1:6800/1310 -- osd_op(client.2216705.0:98 rb.0.1e1280.238e1f29.000000000000 [sparse-read 614400~512] 2.dabde67b) v4 -- ?+0 0x7fb5a92a8a00 con 0x7fb5a91668f0
2013-03-14 18:10:27.540018 7fb5876fd700 20 librbd::AioCompletion: AioCompletion::finish_adding_requests 0x7fb5a9289bf0 pending 1
2013-03-14 18:10:27.540882 7fb58ed64700 1 -- 172.16.156.135:0/1648258 <== osd.0 172.16.170.1:6800/1310 93 ==== osd_op_reply(98 rb.0.1e1280.238e1f29.000000000000 [sparse-read 614400~512] = 0) v4 ==== 132+0+536 (221806139 0 3323419343) 0x7fb5a92a8f90 con 0x7fb5a91668f0
2013-03-14 18:10:27.540975 7fb587fff700 20 librbd::AioRequest: should_complete 0x7fb5a92a0a00 rb.0.1e1280.238e1f29.000000000000 614400~512 r = 0
2013-03-14 18:10:27.540992 7fb587fff700 10 librbd::AioCompletion: C_AioRead::finish() 0x7fb5a924fce0 r = 0
2013-03-14 18:10:27.540995 7fb587fff700 10 librbd::AioCompletion: got {614400=512} for [0,512] bl 512
2013-03-14 18:10:27.541003 7fb587fff700 20 librbd::AioCompletion: AioCompletion::complete_request() 0x7fb5a9289bf0 complete_cb=0x7fb5a6fc7170 pending 1
2013-03-14 18:10:27.541007 7fb587fff700 20 librbd::AioCompletion: AioCompletion::finalize() 0x7fb5a9289bf0 rval 512 read_buf 0x7fb5a92a8600 read_bl 0
2013-03-14 18:10:27.541012 7fb587fff700 20 librbd::AioCompletion: AioCompletion::finalize() copied resulting 512 bytes to 0x7fb5a92a8600
2013-03-14 18:10:27.541216 7fb5876fd700 20 librbd: aio_read 0x7fb5a9162330 completion 0x7fb5a9289bf0 [614912,512]
2013-03-14 18:10:27.541225 7fb5876fd700 20 librbd: ictx_check 0x7fb5a9162330
2013-03-14 18:10:27.541232 7fb5876fd700 20 librbd: oid rb.0.1e1280.238e1f29.000000000000 614912~512 from [0,512]
2013-03-14 18:10:27.541237 7fb5876fd700 20 librbd::AioRequest: send 0x7fb5a92a1ad0 rb.0.1e1280.238e1f29.000000000000 614912~512
2013-03-14 18:10:27.541252 7fb5876fd700 1 -- 172.16.156.135:0/1648258 --> 172.16.170.1:6800/1310 -- osd_op(client.2216705.0:99 rb.0.1e1280.238e1f29.000000000000 [sparse-read 614912~512] 2.dabde67b) v4 -- ?+0 0x7fb5a92a9a80 con 0x7fb5a91668f0
2013-03-14 18:10:27.541265 7fb5876fd700 20 librbd::AioCompletion: AioCompletion::finish_adding_requests 0x7fb5a9289bf0 pending 1
2013-03-14 18:10:27.542481 7fb58ed64700 1 -- 172.16.156.135:0/1648258 <== osd.0 172.16.170.1:6800/1310 94 ==== osd_op_reply(99 rb.0.1e1280.238e1f29.000000000000 [sparse-read 614912~512] = 0) v4 ==== 132+0+536 (1287945415 0 2740620123) 0x7fb5a92a4770 con 0x7fb5a91668f0
2013-03-14 18:10:27.542583 7fb587fff700 20 librbd::AioRequest: should_complete 0x7fb5a92a1ad0 rb.0.1e1280.238e1f29.000000000000 614912~512 r = 0
2013-03-14 18:10:27.542600 7fb587fff700 10 librbd::AioCompletion: C_AioRead::finish() 0x7fb5a9273780 r = 0
2013-03-14 18:10:27.542603 7fb587fff700 10 librbd::AioCompletion: got {614912=512} for [0,512] bl 512
2013-03-14 18:10:27.542610 7fb587fff700 20 librbd::AioCompletion: AioCompletion::complete_request() 0x7fb5a9289bf0 complete_cb=0x7fb5a6fc7170 pending 1
2013-03-14 18:10:27.542614 7fb587fff700 20 librbd::AioCompletion: AioCompletion::finalize() 0x7fb5a9289bf0 rval 512 read_buf 0x7fb5a92a9600 read_bl 0
2013-03-14 18:10:27.542620 7fb587fff700 20 librbd::AioCompletion: AioCompletion::finalize() copied resulting 512 bytes to 0x7fb5a92a9600
2013-03-14 18:10:27.543155 7fb5876fd700 20 librbd: aio_read 0x7fb5a9162330 completion 0x7fb5a9289bf0 [615424,512]
2013-03-14 18:10:27.543166 7fb5876fd700 20 librbd: ictx_check 0x7fb5a9162330
2013-03-14 18:10:27.543173 7fb5876fd700 20 librbd: oid rb.0.1e1280.238e1f29.000000000000 615424~512 from [0,512]
2013-03-14 18:10:27.543179 7fb5876fd700 20 librbd::AioRequest: send 0x7fb5a92a9a80 rb.0.1e1280.238e1f29.000000000000 615424~512
2013-03-14 18:10:27.543195 7fb5876fd700 1 -- 172.16.156.135:0/1648258 --> 172.16.170.1:6800/1310 -- osd_op(client.2216705.0:100 rb.0.1e1280.238e1f29.000000000000 [sparse-read 615424~512] 2.dabde67b) v4 -- ?+0 0x7fb5a92a5190 con 0x7fb5a91668f0
2013-03-14 18:10:27.543211 7fb5876fd700 20 librbd::AioCompletion: AioCompletion::finish_adding_requests 0x7fb5a9289bf0 pending 1
2013-03-14 18:10:27.544540 7fb58ed64700 1 -- 172.16.156.135:0/1648258 <== osd.0 172.16.170.1:6800/1310 95 ==== osd_op_reply(100 rb.0.1e1280.238e1f29.000000000000 [sparse-read 615424~512] = 0) v4 ==== 132+0+536 (2394979267 0 1507826724) 0x7fb5a92ae050 con 0x7fb5a91668f0
2013-03-14 18:10:27.544639 7fb587fff700 20 librbd::AioRequest: should_complete 0x7fb5a92a9a80 rb.0.1e1280.238e1f29.000000000000 615424~512 r = 0
2013-03-14 18:10:27.544655 7fb587fff700 10 librbd::AioCompletion: C_AioRead::finish() 0x7fb5a928f550 r = 0
2013-03-14 18:10:27.544659 7fb587fff700 10 librbd::AioCompletion: got {615424=512} for [0,512] bl 512
2013-03-14 18:10:27.544666 7fb587fff700 20 librbd::AioCompletion: AioCompletion::complete_request() 0x7fb5a9289bf0 complete_cb=0x7fb5a6fc7170 pending 1
2013-03-14 18:10:27.544670 7fb587fff700 20 librbd::AioCompletion: AioCompletion::finalize() 0x7fb5a9289bf0 rval 512 read_buf 0x7fb5a92a4e00 read_bl 0
2013-03-14 18:10:27.544676 7fb587fff700 20 librbd::AioCompletion: AioCompletion::finalize() copied resulting 512 bytes to 0x7fb5a92a4e00
2013-03-14 18:10:27.544932 7fb5876fd700 20 librbd: aio_read 0x7fb5a9162330 completion 0x7fb5a9289bf0 [615936,512]
2013-03-14 18:10:27.544941 7fb5876fd700 20 librbd: ictx_check 0x7fb5a9162330
2013-03-14 18:10:27.544949 7fb5876fd700 20 librbd: oid rb.0.1e1280.238e1f29.000000000000 615936~512 from [0,512]
2013-03-14 18:10:27.544954 7fb5876fd700 20 librbd::AioRequest: send 0x7fb5a92a95e0 rb.0.1e1280.238e1f29.000000000000 615936~512
2013-03-14 18:10:27.544971 7fb5876fd700 1 -- 172.16.156.135:0/1648258 --> 172.16.170.1:6800/1310 -- osd_op(client.2216705.0:101 rb.0.1e1280.238e1f29.000000000000 [sparse-read 615936~512] 2.dabde67b) v4 -- ?+0 0x7fb5a92a6190 con 0x7fb5a91668f0
2013-03-14 18:10:27.544987 7fb5876fd700 20 librbd::AioCompletion: AioCompletion::finish_adding_requests 0x7fb5a9289bf0 pending 1
2013-03-14 18:10:27.546346 7fb58ed64700 1 -- 172.16.156.135:0/1648258 <== osd.0 172.16.170.1:6800/1310 96 ==== osd_op_reply(101 rb.0.1e1280.238e1f29.000000000000 [sparse-read 615936~512] = 0) v4 ==== 132+0+536 (3476846911 0 3649413479) 0x7fb5a92a67a0 con 0x7fb5a91668f0
2013-03-14 18:10:27.546430 7fb587fff700 20 librbd::AioRequest: should_complete 0x7fb5a92a95e0 rb.0.1e1280.238e1f29.000000000000 615936~512 r = 0
2013-03-14 18:10:27.546443 7fb587fff700 10 librbd::AioCompletion: C_AioRead::finish() 0x7fb5a9272510 r = 0
2013-03-14 18:10:27.546446 7fb587fff700 10 librbd::AioCompletion: got {615936=512} for [0,512] bl 512
2013-03-14 18:10:27.546454 7fb587fff700 20 librbd::AioCompletion: AioCompletion::complete_request() 0x7fb5a9289bf0 complete_cb=0x7fb5a6fc7170 pending 1
2013-03-14 18:10:27.546458 7fb587fff700 20 librbd::AioCompletion: AioCompletion::finalize() 0x7fb5a9289bf0 rval 512 read_buf 0x7fb5a92a5e00 read_bl 0
2013-03-14 18:10:27.546464 7fb587fff700 20 librbd::AioCompletion: AioCompletion::finalize() copied resulting 512 bytes to 0x7fb5a92a5e00
2013-03-14 18:10:27.546673 7fb5876fd700 20 librbd: aio_read 0x7fb5a9162330 completion 0x7fb5a9289bf0 [616448,512]
2013-03-14 18:10:27.546681 7fb5876fd700 20 librbd: ictx_check 0x7fb5a9162330
2013-03-14 18:10:27.546688 7fb5876fd700 20 librbd: oid rb.0.1e1280.238e1f29.000000000000 616448~512 from [0,512]
2013-03-14 18:10:27.546693 7fb5876fd700 20 librbd::AioRequest: send 0x7fb5a92a5e00 rb.0.1e1280.238e1f29.000000000000 616448~512
2013-03-14 18:10:27.546708 7fb5876fd700 1 -- 172.16.156.135:0/1648258 --> 172.16.170.1:6800/1310 -- osd_op(client.2216705.0:102 rb.0.1e1280.238e1f29.000000000000 [sparse-read 616448~512] 2.dabde67b) v4 -- ?+0 0x7fb5a92a7200 con 0x7fb5a91668f0
2013-03-14 18:10:27.546721 7fb5876fd700 20 librbd::AioCompletion: AioCompletion::finish_adding_requests 0x7fb5a9289bf0 pending 1
2013-03-14 18:10:27.547923 7fb58ed64700 1 -- 172.16.156.135:0/1648258 <== osd.0 172.16.170.1:6800/1310 97 ==== osd_op_reply(102 rb.0.1e1280.238e1f29.000000000000 [sparse-read 616448~512] = 0) v4 ==== 132+0+536 (254018362 0 43058919) 0x7fb5a92a7810 con 0x7fb5a91668f0
2013-03-14 18:10:27.548074 7fb587fff700 20 librbd::AioRequest: should_complete 0x7fb5a92a5e00 rb.0.1e1280.238e1f29.000000000000 616448~512 r = 0
2013-03-14 18:10:27.548090 7fb587fff700 10 librbd::AioCompletion: C_AioRead::finish() 0x7fb5a9251d50 r = 0
2013-03-14 18:10:27.548094 7fb587fff700 10 librbd::AioCompletion: got {616448=512} for [0,512] bl 512
2013-03-14 18:10:27.548100 7fb587fff700 20 librbd::AioCompletion: AioCompletion::complete_request() 0x7fb5a9289bf0 complete_cb=0x7fb5a6fc7170 pending 1
2013-03-14 18:10:27.548104 7fb587fff700 20 librbd::AioCompletion: AioCompletion::finalize() 0x7fb5a9289bf0 rval 512 read_buf 0x7fb5a92a6c00 read_bl 0
2013-03-14 18:10:27.548109 7fb587fff700 20 librbd::AioCompletion: AioCompletion::finalize() copied resulting 512 bytes to 0x7fb5a92a6c00
2013-03-14 18:10:27.548319 7fb5876fd700 20 librbd: aio_read 0x7fb5a9162330 completion 0x7fb5a9289bf0 [616960,512]
2013-03-14 18:10:27.548328 7fb5876fd700 20 librbd: ictx_check 0x7fb5a9162330
2013-03-14 18:10:27.548335 7fb5876fd700 20 librbd: oid rb.0.1e1280.238e1f29.000000000000 616960~512 from [0,512]
2013-03-14 18:10:27.548340 7fb5876fd700 20 librbd::AioRequest: send 0x7fb5a92a72d0 rb.0.1e1280.238e1f29.000000000000 616960~512
2013-03-14 18:10:27.548356 7fb5876fd700 1 -- 172.16.156.135:0/1648258 --> 172.16.170.1:6800/1310 -- osd_op(client.2216705.0:103 rb.0.1e1280.238e1f29.000000000000 [sparse-read 616960~512] 2.dabde67b) v4 -- ?+0 0x7fb5a92aa300 con 0x7fb5a91668f0
2013-03-14 18:10:27.548369 7fb5876fd700 20 librbd::AioCompletion: AioCompletion::finish_adding_requests 0x7fb5a9289bf0 pending 1
2013-03-14 18:10:27.549489 7fb58ed64700 1 -- 172.16.156.135:0/1648258 <== osd.0 172.16.170.1:6800/1310 98 ==== osd_op_reply(103 rb.0.1e1280.238e1f29.000000000000 [sparse-read 616960~512] = 0) v4 ==== 132+0+536 (1322779078 0 2697956074) 0x7fb5a92aa910 con 0x7fb5a91668f0
2013-03-14 18:10:27.549581 7fb587fff700 20 librbd::AioRequest: should_complete 0x7fb5a92a72d0 rb.0.1e1280.238e1f29.000000000000 616960~512 r = 0
2013-03-14 18:10:27.549597 7fb587fff700 10 librbd::AioCompletion: C_AioRead::finish() 0x7fb5a929dcf0 r = 0
2013-03-14 18:10:27.549601 7fb587fff700 10 librbd::AioCompletion: got {616960=512} for [0,512] bl 512
2013-03-14 18:10:27.549608 7fb587fff700 20 librbd::AioCompletion: AioCompletion::complete_request() 0x7fb5a9289bf0 complete_cb=0x7fb5a6fc7170 pending 1
2013-03-14 18:10:27.549613 7fb587fff700 20 librbd::AioCompletion: AioCompletion::finalize() 0x7fb5a9289bf0 rval 512 read_buf 0x7fb5a92a7c00 read_bl 0
2013-03-14 18:10:27.549618 7fb587fff700 20 librbd::AioCompletion: AioCompletion::finalize() copied resulting 512 bytes to 0x7fb5a92a7c00
2013-03-14 18:10:27.549855 7fb5876fd700 20 librbd: aio_read 0x7fb5a9162330 completion 0x7fb5a9289bf0 [617472,512]
2013-03-14 18:10:27.549864 7fb5876fd700 20 librbd: ictx_check 0x7fb5a9162330
2013-03-14 18:10:27.549872 7fb5876fd700 20 librbd: oid rb.0.1e1280.238e1f29.000000000000 617472~512 from [0,512]
2013-03-14 18:10:27.549876 7fb5876fd700 20 librbd::AioRequest: send 0x7fb5a92aa3d0 rb.0.1e1280.238e1f29.000000000000 617472~512
2013-03-14 18:10:27.549891 7fb5876fd700 1 -- 172.16.156.135:0/1648258 --> 172.16.170.1:6800/1310 -- osd_op(client.2216705.0:104 rb.0.1e1280.238e1f29.000000000000 [sparse-read 617472~512] 2.dabde67b) v4 -- ?+0 0x7fb5a92ae900 con 0x7fb5a91668f0
2013-03-14 18:10:27.549906 7fb5876fd700 20 librbd::AioCompletion: AioCompletion::finish_adding_requests 0x7fb5a9289bf0 pending 1
2013-03-14 18:10:27.551153 7fb58ed64700 1 -- 172.16.156.135:0/1648258 <== osd.0 172.16.170.1:6800/1310 99 ==== osd_op_reply(104 rb.0.1e1280.238e1f29.000000000000 [sparse-read 617472~512] = 0) v4 ==== 132+0+536 (2363229890 0 1513291280) 0x7fb5a92aef10 con 0x7fb5a91668f0
2013-03-14 18:10:27.551260 7fb587fff700 20 librbd::AioRequest: should_complete 0x7fb5a92aa3d0 rb.0.1e1280.238e1f29.000000000000 617472~512 r = 0
2013-03-14 18:10:27.551276 7fb587fff700 10 librbd::AioCompletion: C_AioRead::finish() 0x7fb5a924f350 r = 0
2013-03-14 18:10:27.551279 7fb587fff700 10 librbd::AioCompletion: got {617472=512} for [0,512] bl 512
2013-03-14 18:10:27.551286 7fb587fff700 20 librbd::AioCompletion: AioCompletion::complete_request() 0x7fb5a9289bf0 complete_cb=0x7fb5a6fc7170 pending 1
2013-03-14 18:10:27.551291 7fb587fff700 20 librbd::AioCompletion: AioCompletion::finalize() 0x7fb5a9289bf0 rval 512 read_buf 0x7fb5a92a7c00 read_bl 0
2013-03-14 18:10:27.551296 7fb587fff700 20 librbd::AioCompletion: AioCompletion::finalize() copied resulting 512 bytes to 0x7fb5a92a7c00
2013-03-14 18:10:27.551569 7fb5876fd700 20 librbd: aio_read 0x7fb5a9162330 completion 0x7fb5a9289bf0 [617984,512]
2013-03-14 18:10:27.551578 7fb5876fd700 20 librbd: ictx_check 0x7fb5a9162330
2013-03-14 18:10:27.551585 7fb5876fd700 20 librbd: oid rb.0.1e1280.238e1f29.000000000000 617984~512 from [0,512]
2013-03-14 18:10:27.551590 7fb5876fd700 20 librbd::AioRequest: send 0x7fb5a92ae9d0 rb.0.1e1280.238e1f29.000000000000 617984~512
2013-03-14 18:10:27.551605 7fb5876fd700 1 -- 172.16.156.135:0/1648258 --> 172.16.170.1:6800/1310 -- osd_op(client.2216705.0:105 rb.0.1e1280.238e1f29.000000000000 [sparse-read 617984~512] 2.dabde67b) v4 -- ?+0 0x7fb5a92af8d0 con 0x7fb5a91668f0
2013-03-14 18:10:27.551620 7fb5876fd700 20 librbd::AioCompletion: AioCompletion::finish_adding_requests 0x7fb5a9289bf0 pending 1
2013-03-14 18:10:27.552745 7fb58ed64700 1 -- 172.16.156.135:0/1648258 <== osd.0 172.16.170.1:6800/1310 100 ==== osd_op_reply(105 rb.0.1e1280.238e1f29.000000000000 [sparse-read 617984~512] = 0) v4 ==== 132+0+536 (3441427518 0 878236654) 0x7fb5a92aa910 con 0x7fb5a91668f0
2013-03-14 18:10:27.552829 7fb587fff700 20 librbd::AioRequest: should_complete 0x7fb5a92ae9d0 rb.0.1e1280.238e1f29.000000000000 617984~512 r = 0
2013-03-14 18:10:27.552846 7fb587fff700 10 librbd::AioCompletion: C_AioRead::finish() 0x7fb5a9282c50 r = 0
2013-03-14 18:10:27.552849 7fb587fff700 10 librbd::AioCompletion: got {617984=512} for [0,512] bl 512
2013-03-14 18:10:27.552856 7fb587fff700 20 librbd::AioCompletion: AioCompletion::complete_request() 0x7fb5a9289bf0 complete_cb=0x7fb5a6fc7170 pending 1
2013-03-14 18:10:27.552860 7fb587fff700 20 librbd::AioCompletion: AioCompletion::finalize() 0x7fb5a9289bf0 rval 512 read_buf 0x7fb5a92a7c00 read_bl 0
2013-03-14 18:10:27.552868 7fb587fff700 20 librbd::AioCompletion: AioCompletion::finalize() copied resulting 512 bytes to 0x7fb5a92a7c00
2013-03-14 18:10:27.553052 7fb5876fd700 20 librbd: aio_read 0x7fb5a9162330 completion 0x7fb5a9289bf0 [618496,512]
2013-03-14 18:10:27.553062 7fb5876fd700 20 librbd: ictx_check 0x7fb5a9162330
2013-03-14 18:10:27.553069 7fb5876fd700 20 librbd: oid rb.0.1e1280.238e1f29.000000000000 618496~512 from [0,512]
2013-03-14 18:10:27.553073 7fb5876fd700 20 librbd::AioRequest: send 0x7fb5a92af9a0 rb.0.1e1280.238e1f29.000000000000 618496~512
2013-03-14 18:10:27.553089 7fb5876fd700 1 -- 172.16.156.135:0/1648258 --> 172.16.170.1:6800/1310 -- osd_op(client.2216705.0:106 rb.0.1e1280.238e1f29.000000000000 [sparse-read 618496~512] 2.dabde67b) v4 -- ?+0 0x7fb5a92ab1c0 con 0x7fb5a91668f0
2013-03-14 18:10:27.553106 7fb5876fd700 20 librbd::AioCompletion: AioCompletion::finish_adding_requests 0x7fb5a9289bf0 pending 1
2013-03-14 18:10:27.554233 7fb58ed64700 1 -- 172.16.156.135:0/1648258 <== osd.0 172.16.170.1:6800/1310 101 ==== osd_op_reply(106 rb.0.1e1280.238e1f29.000000000000 [sparse-read 618496~512] = 0) v4 ==== 132+0+536 (151028793 0 1636906906) 0x7fb5a92b4050 con 0x7fb5a91668f0
2013-03-14 18:10:27.554282 7fb587fff700 20 librbd::AioRequest: should_complete 0x7fb5a92af9a0 rb.0.1e1280.238e1f29.000000000000 618496~512 r = 0
2013-03-14 18:10:27.554295 7fb587fff700 10 librbd::AioCompletion: C_AioRead::finish() 0x7fb5a926f170 r = 0
2013-03-14 18:10:27.554297 7fb587fff700 10 librbd::AioCompletion: got {618496=512} for [0,512] bl 512
2013-03-14 18:10:27.554303 7fb587fff700 20 librbd::AioCompletion: AioCompletion::complete_request() 0x7fb5a9289bf0 complete_cb=0x7fb5a6fc7170 pending 1
2013-03-14 18:10:27.554306 7fb587fff700 20 librbd::AioCompletion: AioCompletion::finalize() 0x7fb5a9289bf0 rval 512 read_buf 0x7fb5a92a7c00 read_bl 0
2013-03-14 18:10:27.554314 7fb587fff700 20 librbd::AioCompletion: AioCompletion::finalize() copied resulting 512 bytes to 0x7fb5a92a7c00
2013-03-14 18:10:27.554489 7fb5876fd700 20 librbd: aio_read 0x7fb5a9162330 completion 0x7fb5a9289bf0 [619008,512]
2013-03-14 18:10:27.554498 7fb5876fd700 20 librbd: ictx_check 0x7fb5a9162330
2013-03-14 18:10:27.554505 7fb5876fd700 20 librbd: oid rb.0.1e1280.238e1f29.000000000000 619008~512 from [0,512]
2013-03-14 18:10:27.554509 7fb5876fd700 20 librbd::AioRequest: send 0x7fb5a92ab290 rb.0.1e1280.238e1f29.000000000000 619008~512
2013-03-14 18:10:27.554524 7fb5876fd700 1 -- 172.16.156.135:0/1648258 --> 172.16.170.1:6800/1310 -- osd_op(client.2216705.0:107 rb.0.1e1280.238e1f29.000000000000 [sparse-read 619008~512] 2.dabde67b) v4 -- ?+0 0x7fb5a92ac150 con 0x7fb5a91668f0
2013-03-14 18:10:27.554539 7fb5876fd700 20 librbd::AioCompletion: AioCompletion::finish_adding_requests 0x7fb5a9289bf0 pending 1
2013-03-14 18:10:27.555604 7fb58ed64700 1 -- 172.16.156.135:0/1648258 <== osd.0 172.16.170.1:6800/1310 102 ==== osd_op_reply(107 rb.0.1e1280.238e1f29.000000000000 [sparse-read 619008~512] = 0) v4 ==== 132+0+536 (1224509125 0 3874208622) 0x7fb5a92ac760 con 0x7fb5a91668f0
2013-03-14 18:10:27.555713 7fb587fff700 20 librbd::AioRequest: should_complete 0x7fb5a92ab290 rb.0.1e1280.238e1f29.000000000000 619008~512 r = 0
2013-03-14 18:10:27.555729 7fb587fff700 10 librbd::AioCompletion: C_AioRead::finish() 0x7fb5a925fb00 r = 0
2013-03-14 18:10:27.555732 7fb587fff700 10 librbd::AioCompletion: got {619008=512} for [0,512] bl 512
2013-03-14 18:10:27.555739 7fb587fff700 20 librbd::AioCompletion: AioCompletion::complete_request() 0x7fb5a9289bf0 complete_cb=0x7fb5a6fc7170 pending 1
2013-03-14 18:10:27.555744 7fb587fff700 20 librbd::AioCompletion: AioCompletion::finalize() 0x7fb5a9289bf0 rval 512 read_buf 0x7fb5a92a7c00 read_bl 0
2013-03-14 18:10:27.555749 7fb587fff700 20 librbd::AioCompletion: AioCompletion::finalize() copied resulting 512 bytes to 0x7fb5a92a7c00
2013-03-14 18:10:27.555958 7fb5876fd700 20 librbd: aio_read 0x7fb5a9162330 completion 0x7fb5a9289bf0 [619520,512]
2013-03-14 18:10:27.555968 7fb5876fd700 20 librbd: ictx_check 0x7fb5a9162330
2013-03-14 18:10:27.555975 7fb5876fd700 20 librbd: oid rb.0.1e1280.238e1f29.000000000000 619520~512 from [0,512]
2013-03-14 18:10:27.555979 7fb5876fd700 20 librbd::AioRequest: send 0x7fb5a92ac220 rb.0.1e1280.238e1f29.000000000000 619520~512
2013-03-14 18:10:27.555995 7fb5876fd700 1 -- 172.16.156.135:0/1648258 --> 172.16.170.1:6800/1310 -- osd_op(client.2216705.0:108 rb.0.1e1280.238e1f29.000000000000 [sparse-read 619520~512] 2.dabde67b) v4 -- ?+0 0x7fb5a92ad120 con 0x7fb5a91668f0
2013-03-14 18:10:27.556008 7fb5876fd700 20 librbd::AioCompletion: AioCompletion::finish_adding_requests 0x7fb5a9289bf0 pending 1
2013-03-14 18:10:27.557182 7fb58ed64700 1 -- 172.16.156.135:0/1648258 <== osd.0 172.16.170.1:6800/1310 103 ==== osd_op_reply(108 rb.0.1e1280.238e1f29.000000000000 [sparse-read 619520~512] = 0) v4 ==== 132+0+536 (2331541953 0 3933070638) 0x7fb5a92ad730 con 0x7fb5a91668f0
2013-03-14 18:10:27.557279 7fb587fff700 20 librbd::AioRequest: should_complete 0x7fb5a92ac220 rb.0.1e1280.238e1f29.000000000000 619520~512 r = 0
2013-03-14 18:10:27.557286 7fb587fff700 10 librbd::AioCompletion: C_AioRead::finish() 0x7fb5a928e680 r = 0
2013-03-14 18:10:27.557289 7fb587fff700 10 librbd::AioCompletion: got {619520=512} for [0,512] bl 512
2013-03-14 18:10:27.557294 7fb587fff700 20 librbd::AioCompletion: AioCompletion::complete_request() 0x7fb5a9289bf0 complete_cb=0x7fb5a6fc7170 pending 1
2013-03-14 18:10:27.557297 7fb587fff700 20 librbd::AioCompletion: AioCompletion::finalize() 0x7fb5a9289bf0 rval 512 read_buf 0x7fb5a92a7c00 read_bl 0
2013-03-14 18:10:27.557301 7fb587fff700 20 librbd::AioCompletion: AioCompletion::finalize() copied resulting 512 bytes to 0x7fb5a92a7c00
2013-03-14 18:10:27.557498 7fb5876fd700 20 librbd: aio_read 0x7fb5a9162330 completion 0x7fb5a9289bf0 [620032,512]
2013-03-14 18:10:27.557511 7fb5876fd700 20 librbd: ictx_check 0x7fb5a9162330
2013-03-14 18:10:27.557521 7fb5876fd700 20 librbd: oid rb.0.1e1280.238e1f29.000000000000 620032~512 from [0,512]
2013-03-14 18:10:27.557528 7fb5876fd700 20 librbd::AioRequest: send 0x7fb5a92ad1f0 rb.0.1e1280.238e1f29.000000000000 620032~512
2013-03-14 18:10:27.557553 7fb5876fd700 1 -- 172.16.156.135:0/1648258 --> 172.16.170.1:6800/1310 -- osd_op(client.2216705.0:109 rb.0.1e1280.238e1f29.000000000000 [sparse-read 620032~512] 2.dabde67b) v4 -- ?+0 0x7fb5a92b0210 con 0x7fb5a91668f0
2013-03-14 18:10:27.557567 7fb5876fd700 20 librbd::AioCompletion: AioCompletion::finish_adding_requests 0x7fb5a9289bf0 pending 1
2013-03-14 18:10:27.558529 7fb58ed64700 1 -- 172.16.156.135:0/1648258 <== osd.0 172.16.170.1:6800/1310 104 ==== osd_op_reply(109 rb.0.1e1280.238e1f29.000000000000 [sparse-read 620032~512] = 0) v4 ==== 132+0+536 (3406070589 0 1254838389) 0x7fb5a92b0820 con 0x7fb5a91668f0
2013-03-14 18:10:27.558614 7fb587fff700 20 librbd::AioRequest: should_complete 0x7fb5a92ad1f0 rb.0.1e1280.238e1f29.000000000000 620032~512 r = 0
2013-03-14 18:10:27.558625 7fb587fff700 10 librbd::AioCompletion: C_AioRead::finish() 0x7fb5a9273e50 r = 0
2013-03-14 18:10:27.558628 7fb587fff700 10 librbd::AioCompletion: got {620032=512} for [0,512] bl 512
2013-03-14 18:10:27.558633 7fb587fff700 20 librbd::AioCompletion: AioCompletion::complete_request() 0x7fb5a9289bf0 complete_cb=0x7fb5a6fc7170 pending 1
