2013-03-14 18:10:27.975879 7fb587fff700 20 librbd::AioCompletion: AioCompletion::finalize() 0x7fb5a9289bf0 rval 512 read_buf 0x7fb5a93de000 read_bl 0
2013-03-14 18:10:27.975883 7fb587fff700 20 librbd::AioCompletion: AioCompletion::finalize() copied resulting 512 bytes to 0x7fb5a93de000
2013-03-14 18:10:27.976213 7fb5876fd700 20 librbd: aio_read 0x7fb5a9162330 completion 0x7fb5a9289bf0 [771072,512]
2013-03-14 18:10:27.976222 7fb5876fd700 20 librbd: ictx_check 0x7fb5a9162330
2013-03-14 18:10:27.976229 7fb5876fd700 20 librbd: oid rb.0.1e1280.238e1f29.000000000000 771072~512 from [0,512]
2013-03-14 18:10:27.976233 7fb5876fd700 20 librbd::AioRequest: send 0x7fb5a93dd2e0 rb.0.1e1280.238e1f29.000000000000 771072~512
2013-03-14 18:10:27.976249 7fb5876fd700 1 -- 172.16.156.135:0/1648258 --> 172.16.170.1:6800/1310 -- osd_op(client.2216705.0:404 rb.0.1e1280.238e1f29.000000000000 [sparse-read 771072~512] 2.dabde67b) v4 -- ?+0 0x7fb5a93df260 con 0x7fb5a91668f0
2013-03-14 18:10:27.976262 7fb5876fd700 20 librbd::AioCompletion: AioCompletion::finish_adding_requests 0x7fb5a9289bf0 pending 1
2013-03-14 18:10:27.977249 7fb58ed64700 1 -- 172.16.156.135:0/1648258 <== osd.0 172.16.170.1:6800/1310 399 ==== osd_op_reply(404 rb.0.1e1280.238e1f29.000000000000 [sparse-read 771072~512] = 0) v4 ==== 132+0+536 (543760279 0 2823990350) 0x7fb5a93df870 con 0x7fb5a91668f0
2013-03-14 18:10:27.977331 7fb587fff700 20 librbd::AioRequest: should_complete 0x7fb5a93dd2e0 rb.0.1e1280.238e1f29.000000000000 771072~512 r = 0
2013-03-14 18:10:27.977337 7fb587fff700 10 librbd::AioCompletion: C_AioRead::finish() 0x7fb5a926a680 r = 0
2013-03-14 18:10:27.977340 7fb587fff700 10 librbd::AioCompletion: got {771072=512} for [0,512] bl 512
2013-03-14 18:10:27.977345 7fb587fff700 20 librbd::AioCompletion: AioCompletion::complete_request() 0x7fb5a9289bf0 complete_cb=0x7fb5a6fc7170 pending 1
2013-03-14 18:10:27.977349 7fb587fff700 20 librbd::AioCompletion: AioCompletion::finalize() 0x7fb5a9289bf0 rval 512 read_buf 0x7fb5a93df000 read_bl 0
2013-03-14 18:10:27.977354 7fb587fff700 20 librbd::AioCompletion: AioCompletion::finalize() copied resulting 512 bytes to 0x7fb5a93df000
2013-03-14 18:10:27.977544 7fb5876fd700 20 librbd: aio_read 0x7fb5a9162330 completion 0x7fb5a9289bf0 [771584,512]
2013-03-14 18:10:27.977553 7fb5876fd700 20 librbd: ictx_check 0x7fb5a9162330
2013-03-14 18:10:27.977560 7fb5876fd700 20 librbd: oid rb.0.1e1280.238e1f29.000000000000 771584~512 from [0,512]
2013-03-14 18:10:27.977565 7fb5876fd700 20 librbd::AioRequest: send 0x7fb5a93df210 rb.0.1e1280.238e1f29.000000000000 771584~512
2013-03-14 18:10:27.977580 7fb5876fd700 1 -- 172.16.156.135:0/1648258 --> 172.16.170.1:6800/1310 -- osd_op(client.2216705.0:405 rb.0.1e1280.238e1f29.000000000000 [sparse-read 771584~512] 2.dabde67b) v4 -- ?+0 0x7fb5a93e2480 con 0x7fb5a91668f0
2013-03-14 18:10:27.977593 7fb5876fd700 20 librbd::AioCompletion: AioCompletion::finish_adding_requests 0x7fb5a9289bf0 pending 1
2013-03-14 18:10:27.978550 7fb58ed64700 1 -- 172.16.156.135:0/1648258 <== osd.0 172.16.170.1:6800/1310 400 ==== osd_op_reply(405 rb.0.1e1280.238e1f29.000000000000 [sparse-read 771584~512] = 0) v4 ==== 132+0+536 (1637162347 0 2736694819) 0x7fb5a93e2a90 con 0x7fb5a91668f0
2013-03-14 18:10:27.978682 7fb587fff700 20 librbd::AioRequest: should_complete 0x7fb5a93df210 rb.0.1e1280.238e1f29.000000000000 771584~512 r = 0
2013-03-14 18:10:27.978741 7fb587fff700 10 librbd::AioCompletion: C_AioRead::finish() 0x7fb5a9279800 r = 0
2013-03-14 18:10:27.978746 7fb587fff700 10 librbd::AioCompletion: got {771584=512} for [0,512] bl 512
2013-03-14 18:10:27.978752 7fb587fff700 20 librbd::AioCompletion: AioCompletion::complete_request() 0x7fb5a9289bf0 complete_cb=0x7fb5a6fc7170 pending 1
2013-03-14 18:10:27.978756 7fb587fff700 20 librbd::AioCompletion: AioCompletion::finalize() 0x7fb5a9289bf0 rval 512 read_buf 0x7fb5a93df000 read_bl 0
2013-03-14 18:10:27.978761 7fb587fff700 20 librbd::AioCompletion: AioCompletion::finalize() copied resulting 512 bytes to 0x7fb5a93df000
2013-03-14 18:10:27.978982 7fb5876fd700 20 librbd: aio_read 0x7fb5a9162330 completion 0x7fb5a9289bf0 [772096,512]
2013-03-14 18:10:27.978991 7fb5876fd700 20 librbd: ictx_check 0x7fb5a9162330
2013-03-14 18:10:27.978998 7fb5876fd700 20 librbd: oid rb.0.1e1280.238e1f29.000000000000 772096~512 from [0,512]
2013-03-14 18:10:27.979002 7fb5876fd700 20 librbd::AioRequest: send 0x7fb5a93e2090 rb.0.1e1280.238e1f29.000000000000 772096~512
2013-03-14 18:10:27.979017 7fb5876fd700 1 -- 172.16.156.135:0/1648258 --> 172.16.170.1:6800/1310 -- osd_op(client.2216705.0:406 rb.0.1e1280.238e1f29.000000000000 [sparse-read 772096~512] 2.dabde67b) v4 -- ?+0 0x7fb5a93e6a00 con 0x7fb5a91668f0
2013-03-14 18:10:27.979033 7fb5876fd700 20 librbd::AioCompletion: AioCompletion::finish_adding_requests 0x7fb5a9289bf0 pending 1
2013-03-14 18:10:27.979954 7fb58ed64700 1 -- 172.16.156.135:0/1648258 <== osd.0 172.16.170.1:6800/1310 401 ==== osd_op_reply(406 rb.0.1e1280.238e1f29.000000000000 [sparse-read 772096~512] = 0) v4 ==== 132+0+536 (2710398830 0 630494067) 0x7fb5a93e7010 con 0x7fb5a91668f0
2013-03-14 18:10:27.980047 7fb587fff700 20 librbd::AioRequest: should_complete 0x7fb5a93e2090 rb.0.1e1280.238e1f29.000000000000 772096~512 r = 0
2013-03-14 18:10:27.980056 7fb587fff700 10 librbd::AioCompletion: C_AioRead::finish() 0x7fb5a936fcc0 r = 0
2013-03-14 18:10:27.980060 7fb587fff700 10 librbd::AioCompletion: got {772096=512} for [0,512] bl 512
2013-03-14 18:10:27.980066 7fb587fff700 20 librbd::AioCompletion: AioCompletion::complete_request() 0x7fb5a9289bf0 complete_cb=0x7fb5a6fc7170 pending 1
2013-03-14 18:10:27.980069 7fb587fff700 20 librbd::AioCompletion: AioCompletion::finalize() 0x7fb5a9289bf0 rval 512 read_buf 0x7fb5a93e6600 read_bl 0
2013-03-14 18:10:27.980074 7fb587fff700 20 librbd::AioCompletion: AioCompletion::finalize() copied resulting 512 bytes to 0x7fb5a93e6600
2013-03-14 18:10:27.980265 7fb5876fd700 20 librbd: aio_read 0x7fb5a9162330 completion 0x7fb5a9289bf0 [772608,512]
2013-03-14 18:10:27.980274 7fb5876fd700 20 librbd: ictx_check 0x7fb5a9162330
2013-03-14 18:10:27.980281 7fb5876fd700 20 librbd: oid rb.0.1e1280.238e1f29.000000000000 772608~512 from [0,512]
2013-03-14 18:10:27.980286 7fb5876fd700 20 librbd::AioRequest: send 0x7fb5a93e2480 rb.0.1e1280.238e1f29.000000000000 772608~512
2013-03-14 18:10:27.980302 7fb5876fd700 1 -- 172.16.156.135:0/1648258 --> 172.16.170.1:6800/1310 -- osd_op(client.2216705.0:407 rb.0.1e1280.238e1f29.000000000000 [sparse-read 772608~512] 2.dabde67b) v4 -- ?+0 0x7fb5a93e7990 con 0x7fb5a91668f0
2013-03-14 18:10:27.980315 7fb5876fd700 20 librbd::AioCompletion: AioCompletion::finish_adding_requests 0x7fb5a9289bf0 pending 1
2013-03-14 18:10:27.981430 7fb58ed64700 1 -- 172.16.156.135:0/1648258 <== osd.0 172.16.170.1:6800/1310 402 ==== osd_op_reply(407 rb.0.1e1280.238e1f29.000000000000 [sparse-read 772608~512] = 0) v4 ==== 132+0+536 (3765527954 0 4292729651) 0x7fb5a93e2a90 con 0x7fb5a91668f0
2013-03-14 18:10:27.981465 7fb587fff700 20 librbd::AioRequest: should_complete 0x7fb5a93e2480 rb.0.1e1280.238e1f29.000000000000 772608~512 r = 0
2013-03-14 18:10:27.981475 7fb587fff700 10 librbd::AioCompletion: C_AioRead::finish() 0x7fb5a93833f0 r = 0
2013-03-14 18:10:27.981477 7fb587fff700 10 librbd::AioCompletion: got {772608=512} for [0,512] bl 512
2013-03-14 18:10:27.981482 7fb587fff700 20 librbd::AioCompletion: AioCompletion::complete_request() 0x7fb5a9289bf0 complete_cb=0x7fb5a6fc7170 pending 1
2013-03-14 18:10:27.981484 7fb587fff700 20 librbd::AioCompletion: AioCompletion::finalize() 0x7fb5a9289bf0 rval 512 read_buf 0x7fb5a93e7600 read_bl 0
2013-03-14 18:10:27.981487 7fb587fff700 20 librbd::AioCompletion: AioCompletion::finalize() copied resulting 512 bytes to 0x7fb5a93e7600
2013-03-14 18:10:27.981685 7fb5876fd700 20 librbd: aio_read 0x7fb5a9162330 completion 0x7fb5a9289bf0 [773120,512]
2013-03-14 18:10:27.981693 7fb5876fd700 20 librbd: ictx_check 0x7fb5a9162330
2013-03-14 18:10:27.981700 7fb5876fd700 20 librbd: oid rb.0.1e1280.238e1f29.000000000000 773120~512 from [0,512]
2013-03-14 18:10:27.981705 7fb5876fd700 20 librbd::AioRequest: send 0x7fb5a93e65e0 rb.0.1e1280.238e1f29.000000000000 773120~512
2013-03-14 18:10:27.981720 7fb5876fd700 1 -- 172.16.156.135:0/1648258 --> 172.16.170.1:6800/1310 -- osd_op(client.2216705.0:408 rb.0.1e1280.238e1f29.000000000000 [sparse-read 773120~512] 2.dabde67b) v4 -- ?+0 0x7fb5a93e3590 con 0x7fb5a91668f0
2013-03-14 18:10:27.981733 7fb5876fd700 20 librbd::AioCompletion: AioCompletion::finish_adding_requests 0x7fb5a9289bf0 pending 1
2013-03-14 18:10:27.982724 7fb58ed64700 1 -- 172.16.156.135:0/1648258 <== osd.0 172.16.170.1:6800/1310 403 ==== osd_op_reply(408 rb.0.1e1280.238e1f29.000000000000 [sparse-read 773120~512] = 0) v4 ==== 132+0+536 (578118294 0 339884901) 0x7fb5a93ec050 con 0x7fb5a91668f0
2013-03-14 18:10:27.982771 7fb587fff700 20 librbd::AioRequest: should_complete 0x7fb5a93e65e0 rb.0.1e1280.238e1f29.000000000000 773120~512 r = 0
2013-03-14 18:10:27.982778 7fb587fff700 10 librbd::AioCompletion: C_AioRead::finish() 0x7fb5a933abb0 r = 0
2013-03-14 18:10:27.982780 7fb587fff700 10 librbd::AioCompletion: got {773120=512} for [0,512] bl 512
2013-03-14 18:10:27.982785 7fb587fff700 20 librbd::AioCompletion: AioCompletion::complete_request() 0x7fb5a9289bf0 complete_cb=0x7fb5a6fc7170 pending 1
2013-03-14 18:10:27.982788 7fb587fff700 20 librbd::AioCompletion: AioCompletion::finalize() 0x7fb5a9289bf0 rval 512 read_buf 0x7fb5a93e3200 read_bl 0
2013-03-14 18:10:27.982791 7fb587fff700 20 librbd::AioCompletion: AioCompletion::finalize() copied resulting 512 bytes to 0x7fb5a93e3200
2013-03-14 18:10:27.982997 7fb5876fd700 20 librbd: aio_read 0x7fb5a9162330 completion 0x7fb5a9289bf0 [773632,512]
2013-03-14 18:10:27.983005 7fb5876fd700 20 librbd: ictx_check 0x7fb5a9162330
2013-03-14 18:10:27.983012 7fb5876fd700 20 librbd: oid rb.0.1e1280.238e1f29.000000000000 773632~512 from [0,512]
2013-03-14 18:10:27.983017 7fb5876fd700 20 librbd::AioRequest: send 0x7fb5a93e76b0 rb.0.1e1280.238e1f29.000000000000 773632~512
2013-03-14 18:10:27.983033 7fb5876fd700 1 -- 172.16.156.135:0/1648258 --> 172.16.170.1:6800/1310 -- osd_op(client.2216705.0:409 rb.0.1e1280.238e1f29.000000000000 [sparse-read 773632~512] 2.dabde67b) v4 -- ?+0 0x7fb5a93e4590 con 0x7fb5a91668f0
2013-03-14 18:10:27.983045 7fb5876fd700 20 librbd::AioCompletion: AioCompletion::finish_adding_requests 0x7fb5a9289bf0 pending 1
2013-03-14 18:10:27.984108 7fb58ed64700 1 -- 172.16.156.135:0/1648258 <== osd.0 172.16.170.1:6800/1310 404 ==== osd_op_reply(409 rb.0.1e1280.238e1f29.000000000000 [sparse-read 773632~512] = 0) v4 ==== 132+0+536 (1669947498 0 126395309) 0x7fb5a93e4ba0 con 0x7fb5a91668f0
2013-03-14 18:10:27.984149 7fb587fff700 20 librbd::AioRequest: should_complete 0x7fb5a93e76b0 rb.0.1e1280.238e1f29.000000000000 773632~512 r = 0
2013-03-14 18:10:27.984158 7fb587fff700 10 librbd::AioCompletion: C_AioRead::finish() 0x7fb5a92854e0 r = 0
2013-03-14 18:10:27.984160 7fb587fff700 10 librbd::AioCompletion: got {773632=512} for [0,512] bl 512
2013-03-14 18:10:27.984165 7fb587fff700 20 librbd::AioCompletion: AioCompletion::complete_request() 0x7fb5a9289bf0 complete_cb=0x7fb5a6fc7170 pending 1
2013-03-14 18:10:27.984167 7fb587fff700 20 librbd::AioCompletion: AioCompletion::finalize() 0x7fb5a9289bf0 rval 512 read_buf 0x7fb5a93e4200 read_bl 0
2013-03-14 18:10:27.984170 7fb587fff700 20 librbd::AioCompletion: AioCompletion::finalize() copied resulting 512 bytes to 0x7fb5a93e4200
2013-03-14 18:10:27.984370 7fb5876fd700 20 librbd: aio_read 0x7fb5a9162330 completion 0x7fb5a9289bf0 [774144,512]
2013-03-14 18:10:27.984378 7fb5876fd700 20 librbd: ictx_check 0x7fb5a9162330
2013-03-14 18:10:27.984387 7fb5876fd700 20 librbd: oid rb.0.1e1280.238e1f29.000000000000 774144~512 from [0,512]
2013-03-14 18:10:27.984391 7fb5876fd700 20 librbd::AioRequest: send 0x7fb5a93e31b0 rb.0.1e1280.238e1f29.000000000000 774144~512
2013-03-14 18:10:27.984408 7fb5876fd700 1 -- 172.16.156.135:0/1648258 --> 172.16.170.1:6800/1310 -- osd_op(client.2216705.0:410 rb.0.1e1280.238e1f29.000000000000 [sparse-read 774144~512] 2.dabde67b) v4 -- ?+0 0x7fb5a93e5630 con 0x7fb5a91668f0
2013-03-14 18:10:27.984428 7fb5876fd700 20 librbd::AioCompletion: AioCompletion::finish_adding_requests 0x7fb5a9289bf0 pending 1
2013-03-14 18:10:27.985458 7fb58ed64700 1 -- 172.16.156.135:0/1648258 <== osd.0 172.16.170.1:6800/1310 405 ==== osd_op_reply(410 rb.0.1e1280.238e1f29.000000000000 [sparse-read 774144~512] = 0) v4 ==== 132+0+536 (2812928109 0 2796431515) 0x7fb5a93e5c40 con 0x7fb5a91668f0
2013-03-14 18:10:27.985495 7fb587fff700 20 librbd::AioRequest: should_complete 0x7fb5a93e31b0 rb.0.1e1280.238e1f29.000000000000 774144~512 r = 0
2013-03-14 18:10:27.985502 7fb587fff700 10 librbd::AioCompletion: C_AioRead::finish() 0x7fb5a93c1680 r = 0
2013-03-14 18:10:27.985504 7fb587fff700 10 librbd::AioCompletion: got {774144=512} for [0,512] bl 512
2013-03-14 18:10:27.985508 7fb587fff700 20 librbd::AioCompletion: AioCompletion::complete_request() 0x7fb5a9289bf0 complete_cb=0x7fb5a6fc7170 pending 1
2013-03-14 18:10:27.985511 7fb587fff700 20 librbd::AioCompletion: AioCompletion::finalize() 0x7fb5a9289bf0 rval 512 read_buf 0x7fb5a93e5400 read_bl 0
2013-03-14 18:10:27.985514 7fb587fff700 20 librbd::AioCompletion: AioCompletion::finalize() copied resulting 512 bytes to 0x7fb5a93e5400
2013-03-14 18:10:27.985667 7fb5876fd700 20 librbd: aio_read 0x7fb5a9162330 completion 0x7fb5a9289bf0 [774656,512]
2013-03-14 18:10:27.985675 7fb5876fd700 20 librbd: ictx_check 0x7fb5a9162330
2013-03-14 18:10:27.985682 7fb5876fd700 20 librbd: oid rb.0.1e1280.238e1f29.000000000000 774656~512 from [0,512]
2013-03-14 18:10:27.985686 7fb5876fd700 20 librbd::AioRequest: send 0x7fb5a93e5610 rb.0.1e1280.238e1f29.000000000000 774656~512
2013-03-14 18:10:27.985701 7fb5876fd700 1 -- 172.16.156.135:0/1648258 --> 172.16.170.1:6800/1310 -- osd_op(client.2216705.0:411 rb.0.1e1280.238e1f29.000000000000 [sparse-read 774656~512] 2.dabde67b) v4 -- ?+0 0x7fb5a93ec9b0 con 0x7fb5a91668f0
2013-03-14 18:10:27.985715 7fb5876fd700 20 librbd::AioCompletion: AioCompletion::finish_adding_requests 0x7fb5a9289bf0 pending 1
2013-03-14 18:10:27.986783 7fb58ed64700 1 -- 172.16.156.135:0/1648258 <== osd.0 172.16.170.1:6800/1310 406 ==== osd_op_reply(411 rb.0.1e1280.238e1f29.000000000000 [sparse-read 774656~512] = 0) v4 ==== 132+0+536 (3864388241 0 1634595195) 0x7fb5a93ecfc0 con 0x7fb5a91668f0
2013-03-14 18:10:27.986912 7fb587fff700 20 librbd::AioRequest: should_complete 0x7fb5a93e5610 rb.0.1e1280.238e1f29.000000000000 774656~512 r = 0
2013-03-14 18:10:27.986921 7fb587fff700 10 librbd::AioCompletion: C_AioRead::finish() 0x7fb5a92b6630 r = 0
2013-03-14 18:10:27.986923 7fb587fff700 10 librbd::AioCompletion: got {774656=512} for [0,512] bl 512
2013-03-14 18:10:27.986928 7fb587fff700 20 librbd::AioCompletion: AioCompletion::complete_request() 0x7fb5a9289bf0 complete_cb=0x7fb5a6fc7170 pending 1
2013-03-14 18:10:27.986930 7fb587fff700 20 librbd::AioCompletion: AioCompletion::finalize() 0x7fb5a9289bf0 rval 512 read_buf 0x7fb5a93e5400 read_bl 0
2013-03-14 18:10:27.986933 7fb587fff700 20 librbd::AioCompletion: AioCompletion::finalize() copied resulting 512 bytes to 0x7fb5a93e5400
2013-03-14 18:10:27.987095 7fb5876fd700 20 librbd: aio_read 0x7fb5a9162330 completion 0x7fb5a9289bf0 [775168,512]
2013-03-14 18:10:27.987103 7fb5876fd700 20 librbd: ictx_check 0x7fb5a9162330
2013-03-14 18:10:27.987110 7fb5876fd700 20 librbd: oid rb.0.1e1280.238e1f29.000000000000 775168~512 from [0,512]
2013-03-14 18:10:27.987115 7fb5876fd700 20 librbd::AioRequest: send 0x7fb5a93ec960 rb.0.1e1280.238e1f29.000000000000 775168~512
2013-03-14 18:10:27.987130 7fb5876fd700 1 -- 172.16.156.135:0/1648258 --> 172.16.170.1:6800/1310 -- osd_op(client.2216705.0:412 rb.0.1e1280.238e1f29.000000000000 [sparse-read 775168~512] 2.dabde67b) v4 -- ?+0 0x7fb5a93edc00 con 0x7fb5a91668f0
2013-03-14 18:10:27.987144 7fb5876fd700 20 librbd::AioCompletion: AioCompletion::finish_adding_requests 0x7fb5a9289bf0 pending 1
2013-03-14 18:10:27.988131 7fb58ed64700 1 -- 172.16.156.135:0/1648258 <== osd.0 172.16.170.1:6800/1310 407 ==== osd_op_reply(412 rb.0.1e1280.238e1f29.000000000000 [sparse-read 775168~512] = 0) v4 ==== 132+0+536 (609346965 0 1722697080) 0x7fb5a93e81e0 con 0x7fb5a91668f0
2013-03-14 18:10:27.988168 7fb587fff700 20 librbd::AioRequest: should_complete 0x7fb5a93ec960 rb.0.1e1280.238e1f29.000000000000 775168~512 r = 0
2013-03-14 18:10:27.988175 7fb587fff700 10 librbd::AioCompletion: C_AioRead::finish() 0x7fb5a92daed0 r = 0
2013-03-14 18:10:27.988177 7fb587fff700 10 librbd::AioCompletion: got {775168=512} for [0,512] bl 512
2013-03-14 18:10:27.988182 7fb587fff700 20 librbd::AioCompletion: AioCompletion::complete_request() 0x7fb5a9289bf0 complete_cb=0x7fb5a6fc7170 pending 1
2013-03-14 18:10:27.988185 7fb587fff700 20 librbd::AioCompletion: AioCompletion::finalize() 0x7fb5a9289bf0 rval 512 read_buf 0x7fb5a93ed600 read_bl 0
2013-03-14 18:10:27.988189 7fb587fff700 20 librbd::AioCompletion: AioCompletion::finalize() copied resulting 512 bytes to 0x7fb5a93ed600
2013-03-14 18:10:27.988346 7fb5876fd700 20 librbd: aio_read 0x7fb5a9162330 completion 0x7fb5a9289bf0 [775680,512]
2013-03-14 18:10:27.988355 7fb5876fd700 20 librbd: ictx_check 0x7fb5a9162330
2013-03-14 18:10:27.988362 7fb5876fd700 20 librbd: oid rb.0.1e1280.238e1f29.000000000000 775680~512 from [0,512]
2013-03-14 18:10:27.988366 7fb5876fd700 20 librbd::AioRequest: send 0x7fb5a93edbb0 rb.0.1e1280.238e1f29.000000000000 775680~512
2013-03-14 18:10:27.988381 7fb5876fd700 1 -- 172.16.156.135:0/1648258 --> 172.16.170.1:6800/1310 -- osd_op(client.2216705.0:413 rb.0.1e1280.238e1f29.000000000000 [sparse-read 775680~512] 2.dabde67b) v4 -- ?+0 0x7fb5a93e8ef0 con 0x7fb5a91668f0
2013-03-14 18:10:27.988396 7fb5876fd700 20 librbd::AioCompletion: AioCompletion::finish_adding_requests 0x7fb5a9289bf0 pending 1
2013-03-14 18:10:27.989363 7fb58ed64700 1 -- 172.16.156.135:0/1648258 <== osd.0 172.16.170.1:6800/1310 408 ==== osd_op_reply(413 rb.0.1e1280.238e1f29.000000000000 [sparse-read 775680~512] = 0) v4 ==== 132+0+536 (1705895785 0 1058720822) 0x7fb5a93f2050 con 0x7fb5a91668f0
2013-03-14 18:10:27.989400 7fb587fff700 20 librbd::AioRequest: should_complete 0x7fb5a93edbb0 rb.0.1e1280.238e1f29.000000000000 775680~512 r = 0
2013-03-14 18:10:27.989407 7fb587fff700 10 librbd::AioCompletion: C_AioRead::finish() 0x7fb5a9275480 r = 0
2013-03-14 18:10:27.989409 7fb587fff700 10 librbd::AioCompletion: got {775680=512} for [0,512] bl 512
2013-03-14 18:10:27.989413 7fb587fff700 20 librbd::AioCompletion: AioCompletion::complete_request() 0x7fb5a9289bf0 complete_cb=0x7fb5a6fc7170 pending 1
2013-03-14 18:10:27.989416 7fb587fff700 20 librbd::AioCompletion: AioCompletion::finalize() 0x7fb5a9289bf0 rval 512 read_buf 0x7fb5a93ed600 read_bl 0
2013-03-14 18:10:27.989420 7fb587fff700 20 librbd::AioCompletion: AioCompletion::finalize() copied resulting 512 bytes to 0x7fb5a93ed600
2013-03-14 18:10:27.989604 7fb5876fd700 20 librbd: aio_read 0x7fb5a9162330 completion 0x7fb5a9289bf0 [776192,512]
2013-03-14 18:10:27.989614 7fb5876fd700 20 librbd: ictx_check 0x7fb5a9162330
2013-03-14 18:10:27.989623 7fb5876fd700 20 librbd: oid rb.0.1e1280.238e1f29.000000000000 776192~512 from [0,512]
2013-03-14 18:10:27.989632 7fb5876fd700 20 librbd::AioRequest: send 0x7fb5a93e8ea0 rb.0.1e1280.238e1f29.000000000000 776192~512
2013-03-14 18:10:27.989648 7fb5876fd700 1 -- 172.16.156.135:0/1648258 --> 172.16.170.1:6800/1310 -- osd_op(client.2216705.0:414 rb.0.1e1280.238e1f29.000000000000 [sparse-read 776192~512] 2.dabde67b) v4 -- ?+0 0x7fb5a93ea000 con 0x7fb5a91668f0
2013-03-14 18:10:27.989662 7fb5876fd700 20 librbd::AioCompletion: AioCompletion::finish_adding_requests 0x7fb5a9289bf0 pending 1
2013-03-14 18:10:27.990630 7fb58ed64700 1 -- 172.16.156.135:0/1648258 <== osd.0 172.16.170.1:6800/1310 409 ==== osd_op_reply(414 rb.0.1e1280.238e1f29.000000000000 [sparse-read 776192~512] = 0) v4 ==== 132+0+536 (2780142956 0 2954188149) 0x7fb5a93ea610 con 0x7fb5a91668f0
2013-03-14 18:10:27.990666 7fb587fff700 20 librbd::AioRequest: should_complete 0x7fb5a93e8ea0 rb.0.1e1280.238e1f29.000000000000 776192~512 r = 0
2013-03-14 18:10:27.990719 7fb587fff700 10 librbd::AioCompletion: C_AioRead::finish() 0x7fb5a926b480 r = 0
2013-03-14 18:10:27.990729 7fb587fff700 10 librbd::AioCompletion: got {776192=512} for [0,512] bl 512
2013-03-14 18:10:27.990735 7fb587fff700 20 librbd::AioCompletion: AioCompletion::complete_request() 0x7fb5a9289bf0 complete_cb=0x7fb5a6fc7170 pending 1
2013-03-14 18:10:27.990740 7fb587fff700 20 librbd::AioCompletion: AioCompletion::finalize() 0x7fb5a9289bf0 rval 512 read_buf 0x7fb5a93e9a00 read_bl 0
2013-03-14 18:10:27.990744 7fb587fff700 20 librbd::AioCompletion: AioCompletion::finalize() copied resulting 512 bytes to 0x7fb5a93e9a00
2013-03-14 18:10:27.990912 7fb5876fd700 20 librbd: aio_read 0x7fb5a9162330 completion 0x7fb5a9289bf0 [776704,512]
2013-03-14 18:10:27.990920 7fb5876fd700 20 librbd: ictx_check 0x7fb5a9162330
2013-03-14 18:10:27.990927 7fb5876fd700 20 librbd: oid rb.0.1e1280.238e1f29.000000000000 776704~512 from [0,512]
2013-03-14 18:10:27.990932 7fb5876fd700 20 librbd::AioRequest: send 0x7fb5a93ea0d0 rb.0.1e1280.238e1f29.000000000000 776704~512
2013-03-14 18:10:27.990947 7fb5876fd700 1 -- 172.16.156.135:0/1648258 --> 172.16.170.1:6800/1310 -- osd_op(client.2216705.0:415 rb.0.1e1280.238e1f29.000000000000 [sparse-read 776704~512] 2.dabde67b) v4 -- ?+0 0x7fb5a93eb000 con 0x7fb5a91668f0
2013-03-14 18:10:27.990961 7fb5876fd700 20 librbd::AioCompletion: AioCompletion::finish_adding_requests 0x7fb5a9289bf0 pending 1
2013-03-14 18:10:27.991907 7fb58ed64700 1 -- 172.16.156.135:0/1648258 <== osd.0 172.16.170.1:6800/1310 410 ==== osd_op_reply(415 rb.0.1e1280.238e1f29.000000000000 [sparse-read 776704~512] = 0) v4 ==== 132+0+536 (3830030224 0 1004077323) 0x7fb5a93eb610 con 0x7fb5a91668f0
2013-03-14 18:10:27.992012 7fb587fff700 20 librbd::AioRequest: should_complete 0x7fb5a93ea0d0 rb.0.1e1280.238e1f29.000000000000 776704~512 r = 0
2013-03-14 18:10:27.992018 7fb587fff700 10 librbd::AioCompletion: C_AioRead::finish() 0x7fb5a9269130 r = 0
2013-03-14 18:10:27.992020 7fb587fff700 10 librbd::AioCompletion: got {776704=512} for [0,512] bl 512
2013-03-14 18:10:27.992024 7fb587fff700 20 librbd::AioCompletion: AioCompletion::complete_request() 0x7fb5a9289bf0 complete_cb=0x7fb5a6fc7170 pending 1
2013-03-14 18:10:27.992027 7fb587fff700 20 librbd::AioCompletion: AioCompletion::finalize() 0x7fb5a9289bf0 rval 512 read_buf 0x7fb5a93eaa00 read_bl 0
2013-03-14 18:10:27.992030 7fb587fff700 20 librbd::AioCompletion: AioCompletion::finalize() copied resulting 512 bytes to 0x7fb5a93eaa00
2013-03-14 18:10:27.992220 7fb5876fd700 20 librbd: aio_read 0x7fb5a9162330 completion 0x7fb5a9289bf0 [777216,512]
2013-03-14 18:10:27.992228 7fb5876fd700 20 librbd: ictx_check 0x7fb5a9162330
2013-03-14 18:10:27.992237 7fb5876fd700 20 librbd: oid rb.0.1e1280.238e1f29.000000000000 777216~512 from [0,512]
2013-03-14 18:10:27.992241 7fb5876fd700 20 librbd::AioRequest: send 0x7fb5a93eb0d0 rb.0.1e1280.238e1f29.000000000000 777216~512
2013-03-14 18:10:27.992257 7fb5876fd700 1 -- 172.16.156.135:0/1648258 --> 172.16.170.1:6800/1310 -- osd_op(client.2216705.0:416 rb.0.1e1280.238e1f29.000000000000 [sparse-read 777216~512] 2.dabde67b) v4 -- ?+0 0x7fb5a93ee090 con 0x7fb5a91668f0
2013-03-14 18:10:27.992271 7fb5876fd700 20 librbd::AioCompletion: AioCompletion::finish_adding_requests 0x7fb5a9289bf0 pending 1
2013-03-14 18:10:27.993301 7fb58ed64700 1 -- 172.16.156.135:0/1648258 <== osd.0 172.16.170.1:6800/1310 411 ==== osd_op_reply(416 rb.0.1e1280.238e1f29.000000000000 [sparse-read 777216~512] = 0) v4 ==== 132+0+536 (642619540 0 2870866078) 0x7fb5a93ee6a0 con 0x7fb5a91668f0
2013-03-14 18:10:27.993409 7fb587fff700 20 librbd::AioRequest: should_complete 0x7fb5a93eb0d0 rb.0.1e1280.238e1f29.000000000000 777216~512 r = 0
2013-03-14 18:10:27.993415 7fb587fff700 10 librbd::AioCompletion: C_AioRead::finish() 0x7fb5a93cec00 r = 0
2013-03-14 18:10:27.993417 7fb587fff700 10 librbd::AioCompletion: got {777216=512} for [0,512] bl 512
2013-03-14 18:10:27.993422 7fb587fff700 20 librbd::AioCompletion: AioCompletion::complete_request() 0x7fb5a9289bf0 complete_cb=0x7fb5a6fc7170 pending 1
2013-03-14 18:10:27.993425 7fb587fff700 20 librbd::AioCompletion: AioCompletion::finalize() 0x7fb5a9289bf0 rval 512 read_buf 0x7fb5a93eba00 read_bl 0
2013-03-14 18:10:27.993428 7fb587fff700 20 librbd::AioCompletion: AioCompletion::finalize() copied resulting 512 bytes to 0x7fb5a93eba00
2013-03-14 18:10:27.993611 7fb5876fd700 20 librbd: aio_read 0x7fb5a9162330 completion 0x7fb5a9289bf0 [777728,512]
2013-03-14 18:10:27.993619 7fb5876fd700 20 librbd: ictx_check 0x7fb5a9162330
2013-03-14 18:10:27.993627 7fb5876fd700 20 librbd: oid rb.0.1e1280.238e1f29.000000000000 777728~512 from [0,512]
2013-03-14 18:10:27.993631 7fb5876fd700 20 librbd::AioRequest: send 0x7fb5a93eaa00 rb.0.1e1280.238e1f29.000000000000 777728~512
2013-03-14 18:10:27.993648 7fb5876fd700 1 -- 172.16.156.135:0/1648258 --> 172.16.170.1:6800/1310 -- osd_op(client.2216705.0:417 rb.0.1e1280.238e1f29.000000000000 [sparse-read 777728~512] 2.dabde67b) v4 -- ?+0 0x7fb5a93f2a00 con 0x7fb5a91668f0
2013-03-14 18:10:27.993662 7fb5876fd700 20 librbd::AioCompletion: AioCompletion::finish_adding_requests 0x7fb5a9289bf0 pending 1
2013-03-14 18:10:27.994782 7fb58ed64700 1 -- 172.16.156.135:0/1648258 <== osd.0 172.16.170.1:6800/1310 412 ==== osd_op_reply(417 rb.0.1e1280.238e1f29.000000000000 [sparse-read 777728~512] = 0) v4 ==== 132+0+536 (1739692648 0 891914558) 0x7fb5a93f2f90 con 0x7fb5a91668f0
2013-03-14 18:10:27.994819 7fb587fff700 20 librbd::AioRequest: should_complete 0x7fb5a93eaa00 rb.0.1e1280.238e1f29.000000000000 777728~512 r = 0
2013-03-14 18:10:27.994826 7fb587fff700 10 librbd::AioCompletion: C_AioRead::finish() 0x7fb5a9264750 r = 0
2013-03-14 18:10:27.994827 7fb587fff700 10 librbd::AioCompletion: got {777728=512} for [0,512] bl 512
2013-03-14 18:10:27.994832 7fb587fff700 20 librbd::AioCompletion: AioCompletion::complete_request() 0x7fb5a9289bf0 complete_cb=0x7fb5a6fc7170 pending 1
2013-03-14 18:10:27.994834 7fb587fff700 20 librbd::AioCompletion: AioCompletion::finalize() 0x7fb5a9289bf0 rval 512 read_buf 0x7fb5a93f2600 read_bl 0
2013-03-14 18:10:27.994837 7fb587fff700 20 librbd::AioCompletion: AioCompletion::finalize() copied resulting 512 bytes to 0x7fb5a93f2600
2013-03-14 18:10:27.994977 7fb5876fd700 20 librbd: aio_read 0x7fb5a9162330 completion 0x7fb5a9289bf0 [778240,512]
2013-03-14 18:10:27.994985 7fb5876fd700 20 librbd: ictx_check 0x7fb5a9162330
2013-03-14 18:10:27.994993 7fb5876fd700 20 librbd: oid rb.0.1e1280.238e1f29.000000000000 778240~512 from [0,512]
2013-03-14 18:10:27.994999 7fb5876fd700 20 librbd::AioRequest: send 0x7fb5a93ee090 rb.0.1e1280.238e1f29.000000000000 778240~512
2013-03-14 18:10:27.995015 7fb5876fd700 1 -- 172.16.156.135:0/1648258 --> 172.16.170.1:6800/1310 -- osd_op(client.2216705.0:418 rb.0.1e1280.238e1f29.000000000000 [sparse-read 778240~512] 2.dabde67b) v4 -- ?+0 0x7fb5a93f3990 con 0x7fb5a91668f0
2013-03-14 18:10:27.995030 7fb5876fd700 20 librbd::AioCompletion: AioCompletion::finish_adding_requests 0x7fb5a9289bf0 pending 1
2013-03-14 18:10:27.995947 7fb58ed64700 1 -- 172.16.156.135:0/1648258 <== osd.0 172.16.170.1:6800/1310 413 ==== osd_op_reply(418 rb.0.1e1280.238e1f29.000000000000 [sparse-read 778240~512] = 0) v4 ==== 132+0+536 (2883645035 0 11048405) 0x7fb5a93ee6a0 con 0x7fb5a91668f0
2013-03-14 18:10:27.995983 7fb587fff700 20 librbd::AioRequest: should_complete 0x7fb5a93ee090 rb.0.1e1280.238e1f29.000000000000 778240~512 r = 0
2013-03-14 18:10:27.995989 7fb587fff700 10 librbd::AioCompletion: C_AioRead::finish() 0x7fb5a930d0f0 r = 0
2013-03-14 18:10:27.995991 7fb587fff700 10 librbd::AioCompletion: got {778240=512} for [0,512] bl 512
2013-03-14 18:10:27.995996 7fb587fff700 20 librbd::AioCompletion: AioCompletion::complete_request() 0x7fb5a9289bf0 complete_cb=0x7fb5a6fc7170 pending 1
2013-03-14 18:10:27.995998 7fb587fff700 20 librbd::AioCompletion: AioCompletion::finalize() 0x7fb5a9289bf0 rval 512 read_buf 0x7fb5a93f3600 read_bl 0
2013-03-14 18:10:27.996001 7fb587fff700 20 librbd::AioCompletion: AioCompletion::finalize() copied resulting 512 bytes to 0x7fb5a93f3600
2013-03-14 18:10:27.996141 7fb5876fd700 20 librbd: aio_read 0x7fb5a9162330 completion 0x7fb5a9289bf0 [778752,512]
2013-03-14 18:10:27.996149 7fb5876fd700 20 librbd: ictx_check 0x7fb5a9162330
2013-03-14 18:10:27.996156 7fb5876fd700 20 librbd: oid rb.0.1e1280.238e1f29.000000000000 778752~512 from [0,512]
2013-03-14 18:10:27.996161 7fb5876fd700 20 librbd::AioRequest: send 0x7fb5a93f25e0 rb.0.1e1280.238e1f29.000000000000 778752~512
2013-03-14 18:10:27.996177 7fb5876fd700 1 -- 172.16.156.135:0/1648258 --> 172.16.170.1:6800/1310 -- osd_op(client.2216705.0:419 rb.0.1e1280.238e1f29.000000000000 [sparse-read 778752~512] 2.dabde67b) v4 -- ?+0 0x7fb5a93ef190 con 0x7fb5a91668f0
2013-03-14 18:10:27.996192 7fb5876fd700 20 librbd::AioCompletion: AioCompletion::finish_adding_requests 0x7fb5a9289bf0 pending 1
2013-03-14 18:10:27.997097 7fb58ed64700 1 -- 172.16.156.135:0/1648258 <== osd.0 172.16.170.1:6800/1310 414 ==== osd_op_reply(419 rb.0.1e1280.238e1f29.000000000000 [sparse-read 778752~512] = 0) v4 ==== 132+0+536 (3927764119 0 1265969422) 0x7fb5a93f8050 con 0x7fb5a91668f0
2013-03-14 18:10:27.997133 7fb587fff700 20 librbd::AioRequest: should_complete 0x7fb5a93f25e0 rb.0.1e1280.238e1f29.000000000000 778752~512 r = 0
2013-03-14 18:10:27.997140 7fb587fff700 10 librbd::AioCompletion: C_AioRead::finish() 0x7fb5a9294690 r = 0
2013-03-14 18:10:27.997142 7fb587fff700 10 librbd::AioCompletion: got {778752=512} for [0,512] bl 512
2013-03-14 18:10:27.997147 7fb587fff700 20 librbd::AioCompletion: AioCompletion::complete_request() 0x7fb5a9289bf0 complete_cb=0x7fb5a6fc7170 pending 1
2013-03-14 18:10:27.997151 7fb587fff700 20 librbd::AioCompletion: AioCompletion::finalize() 0x7fb5a9289bf0 rval 512 read_buf 0x7fb5a93eee00 read_bl 0
2013-03-14 18:10:27.997198 7fb587fff700 20 librbd::AioCompletion: AioCompletion::finalize() copied resulting 512 bytes to 0x7fb5a93eee00
2013-03-14 18:10:27.997544 7fb5876fd700 20 librbd: aio_read 0x7fb5a9162330 completion 0x7fb5a9289bf0 [779264,512]
2013-03-14 18:10:27.997551 7fb5876fd700 20 librbd: ictx_check 0x7fb5a9162330
2013-03-14 18:10:27.997558 7fb5876fd700 20 librbd: oid rb.0.1e1280.238e1f29.000000000000 779264~512 from [0,512]
2013-03-14 18:10:27.997563 7fb5876fd700 20 librbd::AioRequest: send 0x7fb5a93efc70 rb.0.1e1280.238e1f29.000000000000 779264~512
2013-03-14 18:10:27.997578 7fb5876fd700 1 -- 172.16.156.135:0/1648258 --> 172.16.170.1:6800/1310 -- osd_op(client.2216705.0:420 rb.0.1e1280.238e1f29.000000000000 [sparse-read 779264~512] 2.dabde67b) v4 -- ?+0 0x7fb5a93f0190 con 0x7fb5a91668f0
2013-03-14 18:10:27.997591 7fb5876fd700 20 librbd::AioCompletion: AioCompletion::finish_adding_requests 0x7fb5a9289bf0 pending 1
2013-03-14 18:10:27.998475 7fb58ed64700 1 -- 172.16.156.135:0/1648258 <== osd.0 172.16.170.1:6800/1310 415 ==== osd_op_reply(420 rb.0.1e1280.238e1f29.000000000000 [sparse-read 779264~512] = 0) v4 ==== 132+0+536 (672721811 0 3624902423) 0x7fb5a93f07a0 con 0x7fb5a91668f0
2013-03-14 18:10:27.998511 7fb587fff700 20 librbd::AioRequest: should_complete 0x7fb5a93efc70 rb.0.1e1280.238e1f29.000000000000 779264~512 r = 0
2013-03-14 18:10:27.998517 7fb587fff700 10 librbd::AioCompletion: C_AioRead::finish() 0x7fb5a932c730 r = 0
2013-03-14 18:10:27.998519 7fb587fff700 10 librbd::AioCompletion: got {779264=512} for [0,512] bl 512
2013-03-14 18:10:27.998523 7fb587fff700 20 librbd::AioCompletion: AioCompletion::complete_request() 0x7fb5a9289bf0 complete_cb=0x7fb5a6fc7170 pending 1
2013-03-14 18:10:27.998525 7fb587fff700 20 librbd::AioCompletion: AioCompletion::finalize() 0x7fb5a9289bf0 rval 512 read_buf 0x7fb5a93efe00 read_bl 0
2013-03-14 18:10:27.998568 7fb587fff700 20 librbd::AioCompletion: AioCompletion::finalize() copied resulting 512 bytes to 0x7fb5a93efe00
2013-03-14 18:10:27.998798 7fb5876fd700 20 librbd: aio_read 0x7fb5a9162330 completion 0x7fb5a9289bf0 [779776,512]
2013-03-14 18:10:27.998805 7fb5876fd700 20 librbd: ictx_check 0x7fb5a9162330
2013-03-14 18:10:27.998812 7fb5876fd700 20 librbd: oid rb.0.1e1280.238e1f29.000000000000 779776~512 from [0,512]
2013-03-14 18:10:27.998816 7fb5876fd700 20 librbd::AioRequest: send 0x7fb5a93f00e0 rb.0.1e1280.238e1f29.000000000000 779776~512
2013-03-14 18:10:27.998832 7fb5876fd700 1 -- 172.16.156.135:0/1648258 --> 172.16.170.1:6800/1310 -- osd_op(client.2216705.0:421 rb.0.1e1280.238e1f29.000000000000 [sparse-read 779776~512] 2.dabde67b) v4 -- ?+0 0x7fb5a93f1280 con 0x7fb5a91668f0
2013-03-14 18:10:27.998845 7fb5876fd700 20 librbd::AioCompletion: AioCompletion::finish_adding_requests 0x7fb5a9289bf0 pending 1
2013-03-14 18:10:27.999876 7fb58ed64700 1 -- 172.16.156.135:0/1648258 <== osd.0 172.16.170.1:6800/1310 416 ==== osd_op_reply(421 rb.0.1e1280.238e1f29.000000000000 [sparse-read 779776~512] = 0) v4 ==== 132+0+536 (1776609647 0 4047188276) 0x7fb5a93f17c0 con 0x7fb5a91668f0
2013-03-14 18:10:27.999952 7fb587fff700 20 librbd::AioRequest: should_complete 0x7fb5a93f00e0 rb.0.1e1280.238e1f29.000000000000 779776~512 r = 0
2013-03-14 18:10:27.999958 7fb587fff700 10 librbd::AioCompletion: C_AioRead::finish() 0x7fb5a93ca880 r = 0
2013-03-14 18:10:27.999959 7fb587fff700 10 librbd::AioCompletion: got {779776=512} for [0,512] bl 512
2013-03-14 18:10:27.999963 7fb587fff700 20 librbd::AioCompletion: AioCompletion::complete_request() 0x7fb5a9289bf0 complete_cb=0x7fb5a6fc7170 pending 1
2013-03-14 18:10:27.999966 7fb587fff700 20 librbd::AioCompletion: AioCompletion::finalize() 0x7fb5a9289bf0 rval 512 read_buf 0x7fb5a93f0e00 read_bl 0
2013-03-14 18:10:27.999969 7fb587fff700 20 librbd::AioCompletion: AioCompletion::finalize() copied resulting 512 bytes to 0x7fb5a93f0e00
2013-03-14 18:10:28.000109 7fb5876fd700 20 librbd: aio_read 0x7fb5a9162330 completion 0x7fb5a9289bf0 [780288,512]
2013-03-14 18:10:28.000117 7fb5876fd700 20 librbd: ictx_check 0x7fb5a9162330
2013-03-14 18:10:28.000124 7fb5876fd700 20 librbd: oid rb.0.1e1280.238e1f29.000000000000 780288~512 from [0,512]
2013-03-14 18:10:28.000129 7fb5876fd700 20 librbd::AioRequest: send 0x7fb5a93f1350 rb.0.1e1280.238e1f29.000000000000 780288~512
2013-03-14 18:10:28.000144 7fb5876fd700 1 -- 172.16.156.135:0/1648258 --> 172.16.170.1:6800/1310 -- osd_op(client.2216705.0:422 rb.0.1e1280.238e1f29.000000000000 [sparse-read 780288~512] 2.dabde67b) v4 -- ?+0 0x7fb5a93f4410 con 0x7fb5a91668f0
2013-03-14 18:10:28.000158 7fb5876fd700 20 librbd::AioCompletion: AioCompletion::finish_adding_requests 0x7fb5a9289bf0 pending 1
2013-03-14 18:10:28.001040 7fb58ed64700 1 -- 172.16.156.135:0/1648258 <== osd.0 172.16.170.1:6800/1310 417 ==== osd_op_reply(422 rb.0.1e1280.238e1f29.000000000000 [sparse-read 780288~512] = 0) v4 ==== 132+0+536 (2851902314 0 2727489189) 0x7fb5a93f1e40 con 0x7fb5a91668f0
2013-03-14 18:10:28.001091 7fb587fff700 20 librbd::AioRequest: should_complete 0x7fb5a93f1350 rb.0.1e1280.238e1f29.000000000000 780288~512 r = 0
2013-03-14 18:10:28.001105 7fb587fff700 10 librbd::AioCompletion: C_AioRead::finish() 0x7fb5a92986a0 r = 0
2013-03-14 18:10:28.001111 7fb587fff700 10 librbd::AioCompletion: got {780288=512} for [0,512] bl 512
2013-03-14 18:10:28.001118 7fb587fff700 20 librbd::AioCompletion: AioCompletion::complete_request() 0x7fb5a9289bf0 complete_cb=0x7fb5a6fc7170 pending 1
2013-03-14 18:10:28.001122 7fb587fff700 20 librbd::AioCompletion: AioCompletion::finalize() 0x7fb5a9289bf0 rval 512 read_buf 0x7fb5a93f4200 read_bl 0
2013-03-14 18:10:28.001127 7fb587fff700 20 librbd::AioCompletion: AioCompletion::finalize() copied resulting 512 bytes to 0x7fb5a93f4200
2013-03-14 18:10:28.001233 7fb5876fd700 20 librbd: aio_read 0x7fb5a9162330 completion 0x7fb5a9289bf0 [780800,512]
2013-03-14 18:10:28.001241 7fb5876fd700 20 librbd: ictx_check 0x7fb5a9162330
2013-03-14 18:10:28.001249 7fb5876fd700 20 librbd: oid rb.0.1e1280.238e1f29.000000000000 780800~512 from [0,512]
2013-03-14 18:10:28.001253 7fb5876fd700 20 librbd::AioRequest: send 0x7fb5a93f4410 rb.0.1e1280.238e1f29.000000000000 780800~512
2013-03-14 18:10:28.001268 7fb5876fd700 1 -- 172.16.156.135:0/1648258 --> 172.16.170.1:6800/1310 -- osd_op(client.2216705.0:423 rb.0.1e1280.238e1f29.000000000000 [sparse-read 780800~512] 2.dabde67b) v4 -- ?+0 0x7fb5a93f8980 con 0x7fb5a91668f0
2013-03-14 18:10:28.001281 7fb5876fd700 20 librbd::AioCompletion: AioCompletion::finish_adding_requests 0x7fb5a9289bf0 pending 1
2013-03-14 18:10:28.002187 7fb58ed64700 1 -- 172.16.156.135:0/1648258 <== osd.0 172.16.170.1:6800/1310 418 ==== osd_op_reply(423 rb.0.1e1280.238e1f29.000000000000 [sparse-read 780800~512] = 0) v4 ==== 132+0+536 (3892351382 0 2496552654) 0x7fb5a93f8f90 con 0x7fb5a91668f0
2013-03-14 18:10:28.002249 7fb587fff700 20 librbd::AioRequest: should_complete 0x7fb5a93f4410 rb.0.1e1280.238e1f29.000000000000 780800~512 r = 0
2013-03-14 18:10:28.002260 7fb587fff700 10 librbd::AioCompletion: C_AioRead::finish() 0x7fb5a934bd70 r = 0
2013-03-14 18:10:28.002263 7fb587fff700 10 librbd::AioCompletion: got {780800=512} for [0,512] bl 512
2013-03-14 18:10:28.002268 7fb587fff700 20 librbd::AioCompletion: AioCompletion::complete_request() 0x7fb5a9289bf0 complete_cb=0x7fb5a6fc7170 pending 1
2013-03-14 18:10:28.002272 7fb587fff700 20 librbd::AioCompletion: AioCompletion::finalize() 0x7fb5a9289bf0 rval 512 read_buf 0x7fb5a93f4200 read_bl 0
2013-03-14 18:10:28.002275 7fb587fff700 20 librbd::AioCompletion: AioCompletion::finalize() copied resulting 512 bytes to 0x7fb5a93f4200
2013-03-14 18:10:28.002392 7fb5876fd700 20 librbd: aio_read 0x7fb5a9162330 completion 0x7fb5a9289bf0 [781312,512]
2013-03-14 18:10:28.002400 7fb5876fd700 20 librbd: ictx_check 0x7fb5a9162330
2013-03-14 18:10:28.002408 7fb5876fd700 20 librbd: oid rb.0.1e1280.238e1f29.000000000000 781312~512 from [0,512]
2013-03-14 18:10:28.002412 7fb5876fd700 20 librbd::AioRequest: send 0x7fb5a93f8a50 rb.0.1e1280.238e1f29.000000000000 781312~512
2013-03-14 18:10:28.002434 7fb5876fd700 1 -- 172.16.156.135:0/1648258 --> 172.16.170.1:6800/1310 -- osd_op(client.2216705.0:424 rb.0.1e1280.238e1f29.000000000000 [sparse-read 781312~512] 2.dabde67b) v4 -- ?+0 0x7fb5a93f9a00 con 0x7fb5a91668f0
2013-03-14 18:10:28.002449 7fb5876fd700 20 librbd::AioCompletion: AioCompletion::finish_adding_requests 0x7fb5a9289bf0 pending 1
2013-03-14 18:10:28.003406 7fb58ed64700 1 -- 172.16.156.135:0/1648258 <== osd.0 172.16.170.1:6800/1310 419 ==== osd_op_reply(424 rb.0.1e1280.238e1f29.000000000000 [sparse-read 781312~512] = 0) v4 ==== 132+0+536 (704943762 0 3289405202) 0x7fb5a93f4a20 con 0x7fb5a91668f0
2013-03-14 18:10:28.003486 7fb587fff700 20 librbd::AioRequest: should_complete 0x7fb5a93f8a50 rb.0.1e1280.238e1f29.000000000000 781312~512 r = 0
2013-03-14 18:10:28.003498 7fb587fff700 10 librbd::AioCompletion: C_AioRead::finish() 0x7fb5a93771e0 r = 0
2013-03-14 18:10:28.003500 7fb587fff700 10 librbd::AioCompletion: got {781312=512} for [0,512] bl 512
2013-03-14 18:10:28.003505 7fb587fff700 20 librbd::AioCompletion: AioCompletion::complete_request() 0x7fb5a9289bf0 complete_cb=0x7fb5a6fc7170 pending 1
2013-03-14 18:10:28.003509 7fb587fff700 20 librbd::AioCompletion: AioCompletion::finalize() 0x7fb5a9289bf0 rval 512 read_buf 0x7fb5a93f9400 read_bl 0
2013-03-14 18:10:28.003513 7fb587fff700 20 librbd::AioCompletion: AioCompletion::finalize() copied resulting 512 bytes to 0x7fb5a93f9400
2013-03-14 18:10:28.003627 7fb5876fd700 20 librbd: aio_read 0x7fb5a9162330 completion 0x7fb5a9289bf0 [781824,512]
2013-03-14 18:10:28.003635 7fb5876fd700 20 librbd: ictx_check 0x7fb5a9162330
2013-03-14 18:10:28.003642 7fb5876fd700 20 librbd: oid rb.0.1e1280.238e1f29.000000000000 781824~512 from [0,512]
2013-03-14 18:10:28.003646 7fb5876fd700 20 librbd::AioRequest: send 0x7fb5a93f41e0 rb.0.1e1280.238e1f29.000000000000 781824~512
2013-03-14 18:10:28.003661 7fb5876fd700 1 -- 172.16.156.135:0/1648258 --> 172.16.170.1:6800/1310 -- osd_op(client.2216705.0:425 rb.0.1e1280.238e1f29.000000000000 [sparse-read 781824~512] 2.dabde67b) v4 -- ?+0 0x7fb5a93f53d0 con 0x7fb5a91668f0
2013-03-14 18:10:28.003674 7fb5876fd700 20 librbd::AioCompletion: AioCompletion::finish_adding_requests 0x7fb5a9289bf0 pending 1
2013-03-14 18:10:28.004744 7fb58ed64700 1 -- 172.16.156.135:0/1648258 <== osd.0 172.16.170.1:6800/1310 420 ==== osd_op_reply(425 rb.0.1e1280.238e1f29.000000000000 [sparse-read 781824~512] = 0) v4 ==== 132+0+536 (1811453038 0 2918675649) 0x7fb5a93fe050 con 0x7fb5a91668f0
2013-03-14 18:10:28.004796 7fb587fff700 20 librbd::AioRequest: should_complete 0x7fb5a93f41e0 rb.0.1e1280.238e1f29.000000000000 781824~512 r = 0
2013-03-14 18:10:28.004808 7fb587fff700 10 librbd::AioCompletion: C_AioRead::finish() 0x7fb5a93782f0 r = 0
2013-03-14 18:10:28.004811 7fb587fff700 10 librbd::AioCompletion: got {781824=512} for [0,512] bl 512
2013-03-14 18:10:28.004816 7fb587fff700 20 librbd::AioCompletion: AioCompletion::complete_request() 0x7fb5a9289bf0 complete_cb=0x7fb5a6fc7170 pending 1
2013-03-14 18:10:28.004820 7fb587fff700 20 librbd::AioCompletion: AioCompletion::finalize() 0x7fb5a9289bf0 rval 512 read_buf 0x7fb5a93f5000 read_bl 0
2013-03-14 18:10:28.004824 7fb587fff700 20 librbd::AioCompletion: AioCompletion::finalize() copied resulting 512 bytes to 0x7fb5a93f5000
2013-03-14 18:10:28.004968 7fb5876fd700 20 librbd: aio_read 0x7fb5a9162330 completion 0x7fb5a9289bf0 [782336,512]
2013-03-14 18:10:28.004976 7fb5876fd700 20 librbd: ictx_check 0x7fb5a9162330
2013-03-14 18:10:28.004983 7fb5876fd700 20 librbd: oid rb.0.1e1280.238e1f29.000000000000 782336~512 from [0,512]
2013-03-14 18:10:28.004987 7fb5876fd700 20 librbd::AioRequest: send 0x7fb5a93f94d0 rb.0.1e1280.238e1f29.000000000000 782336~512
2013-03-14 18:10:28.005003 7fb5876fd700 1 -- 172.16.156.135:0/1648258 --> 172.16.170.1:6800/1310 -- osd_op(client.2216705.0:426 rb.0.1e1280.238e1f29.000000000000 [sparse-read 782336~512] 2.dabde67b) v4 -- ?+0 0x7fb5a93f6390 con 0x7fb5a91668f0
2013-03-14 18:10:28.005016 7fb5876fd700 20 librbd::AioCompletion: AioCompletion::finish_adding_requests 0x7fb5a9289bf0 pending 1
2013-03-14 18:10:28.005901 7fb58ed64700 1 -- 172.16.156.135:0/1648258 <== osd.0 172.16.170.1:6800/1310 421 ==== osd_op_reply(426 rb.0.1e1280.238e1f29.000000000000 [sparse-read 782336~512] = 0) v4 ==== 132+0+536 (2950173801 0 3301496923) 0x7fb5a93f69a0 con 0x7fb5a91668f0
2013-03-14 18:10:28.005969 7fb587fff700 20 librbd::AioRequest: should_complete 0x7fb5a93f94d0 rb.0.1e1280.238e1f29.000000000000 782336~512 r = 0
2013-03-14 18:10:28.005977 7fb587fff700 10 librbd::AioCompletion: C_AioRead::finish() 0x7fb5a9362cd0 r = 0
2013-03-14 18:10:28.005979 7fb587fff700 10 librbd::AioCompletion: got {782336=512} for [0,512] bl 512
2013-03-14 18:10:28.005983 7fb587fff700 20 librbd::AioCompletion: AioCompletion::complete_request() 0x7fb5a9289bf0 complete_cb=0x7fb5a6fc7170 pending 1
2013-03-14 18:10:28.005986 7fb587fff700 20 librbd::AioCompletion: AioCompletion::finalize() 0x7fb5a9289bf0 rval 512 read_buf 0x7fb5a93f6000 read_bl 0
2013-03-14 18:10:28.005989 7fb587fff700 20 librbd::AioCompletion: AioCompletion::finalize() copied resulting 512 bytes to 0x7fb5a93f6000
2013-03-14 18:10:28.006100 7fb5876fd700 20 librbd: aio_read 0x7fb5a9162330 completion 0x7fb5a9289bf0 [782848,512]
2013-03-14 18:10:28.006108 7fb5876fd700 20 librbd: ictx_check 0x7fb5a9162330
2013-03-14 18:10:28.006115 7fb5876fd700 20 librbd: oid rb.0.1e1280.238e1f29.000000000000 782848~512 from [0,512]
2013-03-14 18:10:28.006119 7fb5876fd700 20 librbd::AioRequest: send 0x7fb5a93f5320 rb.0.1e1280.238e1f29.000000000000 782848~512
2013-03-14 18:10:28.006134 7fb5876fd700 1 -- 172.16.156.135:0/1648258 --> 172.16.170.1:6800/1310 -- osd_op(client.2216705.0:427 rb.0.1e1280.238e1f29.000000000000 [sparse-read 782848~512] 2.dabde67b) v4 -- ?+0 0x7fb5a93f7390 con 0x7fb5a91668f0
2013-03-14 18:10:28.006148 7fb5876fd700 20 librbd::AioCompletion: AioCompletion::finish_adding_requests 0x7fb5a9289bf0 pending 1
2013-03-14 18:10:28.007351 7fb58ed64700 1 -- 172.16.156.135:0/1648258 <== osd.0 172.16.170.1:6800/1310 422 ==== osd_op_reply(427 rb.0.1e1280.238e1f29.000000000000 [sparse-read 782848~512] = 0) v4 ==== 132+0+536 (3995342485 0 3308563755) 0x7fb5a93f79a0 con 0x7fb5a91668f0
2013-03-14 18:10:28.007396 7fb587fff700 20 librbd::AioRequest: should_complete 0x7fb5a93f5320 rb.0.1e1280.238e1f29.000000000000 782848~512 r = 0
2013-03-14 18:10:28.007410 7fb587fff700 10 librbd::AioCompletion: C_AioRead::finish() 0x7fb5a92ae660 r = 0
2013-03-14 18:10:28.007414 7fb587fff700 10 librbd::AioCompletion: got {782848=512} for [0,512] bl 512
2013-03-14 18:10:28.007421 7fb587fff700 20 librbd::AioCompletion: AioCompletion::complete_request() 0x7fb5a9289bf0 complete_cb=0x7fb5a6fc7170 pending 1
2013-03-14 18:10:28.007425 7fb587fff700 20 librbd::AioCompletion: AioCompletion::finalize() 0x7fb5a9289bf0 rval 512 read_buf 0x7fb5a93f7000 read_bl 0
2013-03-14 18:10:28.007430 7fb587fff700 20 librbd::AioCompletion: AioCompletion::finalize() copied resulting 512 bytes to 0x7fb5a93f7000
2013-03-14 18:10:28.007546 7fb5876fd700 20 librbd: aio_read 0x7fb5a9162330 completion 0x7fb5a9289bf0 [783360,512]
2013-03-14 18:10:28.007554 7fb5876fd700 20 librbd: ictx_check 0x7fb5a9162330
2013-03-14 18:10:28.007561 7fb5876fd700 20 librbd: oid rb.0.1e1280.238e1f29.000000000000 783360~512 from [0,512]
2013-03-14 18:10:28.007565 7fb5876fd700 20 librbd::AioRequest: send 0x7fb5a93f62e0 rb.0.1e1280.238e1f29.000000000000 783360~512
2013-03-14 18:10:28.007580 7fb5876fd700 1 -- 172.16.156.135:0/1648258 --> 172.16.170.1:6800/1310 -- osd_op(client.2216705.0:428 rb.0.1e1280.238e1f29.000000000000 [sparse-read 783360~512] 2.dabde67b) v4 -- ?+0 0x7fb5a93fa590 con 0x7fb5a91668f0
2013-03-14 18:10:28.007594 7fb5876fd700 20 librbd::AioCompletion: AioCompletion::finish_adding_requests 0x7fb5a9289bf0 pending 1
2013-03-14 18:10:28.008503 7fb58ed64700 1 -- 172.16.156.135:0/1648258 <== osd.0 172.16.170.1:6800/1310 423 ==== osd_op_reply(428 rb.0.1e1280.238e1f29.000000000000 [sparse-read 783360~512] = 0) v4 ==== 132+0+536 (740299153 0 3518452195) 0x7fb5a93faba0 con 0x7fb5a91668f0
2013-03-14 18:10:28.008580 7fb587fff700 20 librbd::AioRequest: should_complete 0x7fb5a93f62e0 rb.0.1e1280.238e1f29.000000000000 783360~512 r = 0
2013-03-14 18:10:28.008588 7fb587fff700 10 librbd::AioCompletion: C_AioRead::finish() 0x7fb5a9399880 r = 0
2013-03-14 18:10:28.008590 7fb587fff700 10 librbd::AioCompletion: got {783360=512} for [0,512] bl 512
2013-03-14 18:10:28.008595 7fb587fff700 20 librbd::AioCompletion: AioCompletion::complete_request() 0x7fb5a9289bf0 complete_cb=0x7fb5a6fc7170 pending 1
2013-03-14 18:10:28.008598 7fb587fff700 20 librbd::AioCompletion: AioCompletion::finalize() 0x7fb5a9289bf0 rval 512 read_buf 0x7fb5a93fa200 read_bl 0
2013-03-14 18:10:28.008601 7fb587fff700 20 librbd::AioCompletion: AioCompletion::finalize() copied resulting 512 bytes to 0x7fb5a93fa200
2013-03-14 18:10:28.008763 7fb5876fd700 20 librbd: aio_read 0x7fb5a9162330 completion 0x7fb5a9289bf0 [783872,512]
2013-03-14 18:10:28.008772 7fb5876fd700 20 librbd: ictx_check 0x7fb5a9162330
2013-03-14 18:10:28.008779 7fb5876fd700 20 librbd: oid rb.0.1e1280.238e1f29.000000000000 783872~512 from [0,512]
2013-03-14 18:10:28.008783 7fb5876fd700 20 librbd::AioRequest: send 0x7fb5a93fa1e0 rb.0.1e1280.238e1f29.000000000000 783872~512
2013-03-14 18:10:28.008798 7fb5876fd700 1 -- 172.16.156.135:0/1648258 --> 172.16.170.1:6800/1310 -- osd_op(client.2216705.0:429 rb.0.1e1280.238e1f29.000000000000 [sparse-read 783872~512] 2.dabde67b) v4 -- ?+0 0x7fb5a93fec00 con 0x7fb5a91668f0
2013-03-14 18:10:28.008811 7fb5876fd700 20 librbd::AioCompletion: AioCompletion::finish_adding_requests 0x7fb5a9289bf0 pending 1
2013-03-14 18:10:28.009831 7fb58ed64700 1 -- 172.16.156.135:0/1648258 <== osd.0 172.16.170.1:6800/1310 424 ==== osd_op_reply(429 rb.0.1e1280.238e1f29.000000000000 [sparse-read 783872~512] = 0) v4 ==== 132+0+536 (1843139437 0 2989872095) 0x7fb5a93ff210 con 0x7fb5a91668f0
2013-03-14 18:10:28.009868 7fb587fff700 20 librbd::AioRequest: should_complete 0x7fb5a93fa1e0 rb.0.1e1280.238e1f29.000000000000 783872~512 r = 0
2013-03-14 18:10:28.009876 7fb587fff700 10 librbd::AioCompletion: C_AioRead::finish() 0x7fb5a9275160 r = 0
2013-03-14 18:10:28.009877 7fb587fff700 10 librbd::AioCompletion: got {783872=512} for [0,512] bl 512
2013-03-14 18:10:28.009882 7fb587fff700 20 librbd::AioCompletion: AioCompletion::complete_request() 0x7fb5a9289bf0 complete_cb=0x7fb5a6fc7170 pending 1
2013-03-14 18:10:28.009884 7fb587fff700 20 librbd::AioCompletion: AioCompletion::finalize() 0x7fb5a9289bf0 rval 512 read_buf 0x7fb5a93fe600 read_bl 0
2013-03-14 18:10:28.009888 7fb587fff700 20 librbd::AioCompletion: AioCompletion::finalize() copied resulting 512 bytes to 0x7fb5a93fe600
2013-03-14 18:10:28.010043 7fb5876fd700 20 librbd: aio_read 0x7fb5a9162330 completion 0x7fb5a9289bf0 [784384,512]
2013-03-14 18:10:28.010051 7fb5876fd700 20 librbd: ictx_check 0x7fb5a9162330
2013-03-14 18:10:28.010058 7fb5876fd700 20 librbd: oid rb.0.1e1280.238e1f29.000000000000 784384~512 from [0,512]
2013-03-14 18:10:28.010062 7fb5876fd700 20 librbd::AioRequest: send 0x7fb5a93fecd0 rb.0.1e1280.238e1f29.000000000000 784384~512
2013-03-14 18:10:28.010077 7fb5876fd700 1 -- 172.16.156.135:0/1648258 --> 172.16.170.1:6800/1310 -- osd_op(client.2216705.0:430 rb.0.1e1280.238e1f29.000000000000 [sparse-read 784384~512] 2.dabde67b) v4 -- ?+0 0x7fb5a93ffc00 con 0x7fb5a91668f0
2013-03-14 18:10:28.010091 7fb5876fd700 20 librbd::AioCompletion: AioCompletion::finish_adding_requests 0x7fb5a9289bf0 pending 1
2013-03-14 18:10:28.011046 7fb58ed64700 1 -- 172.16.156.135:0/1648258 <== osd.0 172.16.170.1:6800/1310 425 ==== osd_op_reply(430 rb.0.1e1280.238e1f29.000000000000 [sparse-read 784384~512] = 0) v4 ==== 132+0+536 (2915330408 0 1672222556) 0x7fb5a93facf0 con 0x7fb5a91668f0
