2013-03-14 18:10:28.782364 7fb58ed64700 1 -- 172.16.156.135:0/1648258 <== osd.0 172.16.170.1:6800/1310 986 ==== osd_op_reply(991 rb.0.1e1280.238e1f29.000000000000 [sparse-read 1071616~512] = 0) v4 ==== 132+0+536 (972069574 0 1235132853) 0x7fb5a962e380 con 0x7fb5a91668f0
2013-03-14 18:10:28.782456 7fb587fff700 20 librbd::AioRequest: should_complete 0x7fb5a9632c00 rb.0.1e1280.238e1f29.000000000000 1071616~512 r = 0
2013-03-14 18:10:28.782467 7fb587fff700 10 librbd::AioCompletion: C_AioRead::finish() 0x7fb5a92b3570 r = 0
2013-03-14 18:10:28.782470 7fb587fff700 10 librbd::AioCompletion: got {1071616=512} for [0,512] bl 512
2013-03-14 18:10:28.782477 7fb587fff700 20 librbd::AioCompletion: AioCompletion::complete_request() 0x7fb5a95c7420 complete_cb=0x7fb5a6fc7170 pending 1
2013-03-14 18:10:28.782481 7fb587fff700 20 librbd::AioCompletion: AioCompletion::finalize() 0x7fb5a95c7420 rval 512 read_buf 0x7fb5a9633600 read_bl 0
2013-03-14 18:10:28.782486 7fb587fff700 20 librbd::AioCompletion: AioCompletion::finalize() copied resulting 512 bytes to 0x7fb5a9633600
2013-03-14 18:10:28.782648 7fb5876fd700 20 librbd: aio_read 0x7fb5a9162330 completion 0x7fb5a95c7420 [1072128,512]
2013-03-14 18:10:28.782660 7fb5876fd700 20 librbd: ictx_check 0x7fb5a9162330
2013-03-14 18:10:28.782668 7fb5876fd700 20 librbd: oid rb.0.1e1280.238e1f29.000000000000 1072128~512 from [0,512]
2013-03-14 18:10:28.782673 7fb5876fd700 20 librbd::AioRequest: send 0x7fb5a9633c00 rb.0.1e1280.238e1f29.000000000000 1072128~512
2013-03-14 18:10:28.782690 7fb5876fd700 1 -- 172.16.156.135:0/1648258 --> 172.16.170.1:6800/1310 -- osd_op(client.2216705.0:992 rb.0.1e1280.238e1f29.000000000000 [sparse-read 1072128~512] 2.dabde67b) v4 -- ?+0 0x7fb5a962f000 con 0x7fb5a91668f0
2013-03-14 18:10:28.782706 7fb5876fd700 20 librbd::AioCompletion: AioCompletion::finish_adding_requests 0x7fb5a95c7420 pending 1
2013-03-14 18:10:28.783863 7fb58ed64700 1 -- 172.16.156.135:0/1648258 <== osd.0 172.16.170.1:6800/1310 987 ==== osd_op_reply(992 rb.0.1e1280.238e1f29.000000000000 [sparse-read 1072128~512] = 0) v4 ==== 132+0+536 (4227112386 0 3208620309) 0x7fb5a9638050 con 0x7fb5a91668f0
2013-03-14 18:10:28.783908 7fb587fff700 20 librbd::AioRequest: should_complete 0x7fb5a9633c00 rb.0.1e1280.238e1f29.000000000000 1072128~512 r = 0
2013-03-14 18:10:28.783918 7fb587fff700 10 librbd::AioCompletion: C_AioRead::finish() 0x7fb5a93b32f0 r = 0
2013-03-14 18:10:28.783921 7fb587fff700 10 librbd::AioCompletion: got {1072128=512} for [0,512] bl 512
2013-03-14 18:10:28.783927 7fb587fff700 20 librbd::AioCompletion: AioCompletion::complete_request() 0x7fb5a95c7420 complete_cb=0x7fb5a6fc7170 pending 1
2013-03-14 18:10:28.783931 7fb587fff700 20 librbd::AioCompletion: AioCompletion::finalize() 0x7fb5a95c7420 rval 512 read_buf 0x7fb5a962ea00 read_bl 0
2013-03-14 18:10:28.783936 7fb587fff700 20 librbd::AioCompletion: AioCompletion::finalize() copied resulting 512 bytes to 0x7fb5a962ea00
2013-03-14 18:10:28.784099 7fb5876fd700 20 librbd: aio_read 0x7fb5a9162330 completion 0x7fb5a95c7420 [1072640,512]
2013-03-14 18:10:28.784110 7fb5876fd700 20 librbd: ictx_check 0x7fb5a9162330
2013-03-14 18:10:28.784118 7fb5876fd700 20 librbd: oid rb.0.1e1280.238e1f29.000000000000 1072640~512 from [0,512]
2013-03-14 18:10:28.784123 7fb5876fd700 20 librbd::AioRequest: send 0x7fb5a962f000 rb.0.1e1280.238e1f29.000000000000 1072640~512
2013-03-14 18:10:28.784140 7fb5876fd700 1 -- 172.16.156.135:0/1648258 --> 172.16.170.1:6800/1310 -- osd_op(client.2216705.0:993 rb.0.1e1280.238e1f29.000000000000 [sparse-read 1072640~512] 2.dabde67b) v4 -- ?+0 0x7fb5a96300c0 con 0x7fb5a91668f0
2013-03-14 18:10:28.784155 7fb5876fd700 20 librbd::AioCompletion: AioCompletion::finish_adding_requests 0x7fb5a95c7420 pending 1
2013-03-14 18:10:28.785247 7fb58ed64700 1 -- 172.16.156.135:0/1648258 <== osd.0 172.16.170.1:6800/1310 988 ==== osd_op_reply(993 rb.0.1e1280.238e1f29.000000000000 [sparse-read 1072640~512] = 0) v4 ==== 132+0+536 (3121127230 0 301694170) 0x7fb5a96306d0 con 0x7fb5a91668f0
2013-03-14 18:10:28.785331 7fb587fff700 20 librbd::AioRequest: should_complete 0x7fb5a962f000 rb.0.1e1280.238e1f29.000000000000 1072640~512 r = 0
2013-03-14 18:10:28.785342 7fb587fff700 10 librbd::AioCompletion: C_AioRead::finish() 0x7fb5a9350ec0 r = 0
2013-03-14 18:10:28.785345 7fb587fff700 10 librbd::AioCompletion: got {1072640=512} for [0,512] bl 512
2013-03-14 18:10:28.785351 7fb587fff700 20 librbd::AioCompletion: AioCompletion::complete_request() 0x7fb5a95c7420 complete_cb=0x7fb5a6fc7170 pending 1
2013-03-14 18:10:28.785356 7fb587fff700 20 librbd::AioCompletion: AioCompletion::finalize() 0x7fb5a95c7420 rval 512 read_buf 0x7fb5a962ea00 read_bl 0
2013-03-14 18:10:28.785361 7fb587fff700 20 librbd::AioCompletion: AioCompletion::finalize() copied resulting 512 bytes to 0x7fb5a962ea00
2013-03-14 18:10:28.785534 7fb5876fd700 20 librbd: aio_read 0x7fb5a9162330 completion 0x7fb5a95c7420 [1073152,512]
2013-03-14 18:10:28.785545 7fb5876fd700 20 librbd: ictx_check 0x7fb5a9162330
2013-03-14 18:10:28.785553 7fb5876fd700 20 librbd: oid rb.0.1e1280.238e1f29.000000000000 1073152~512 from [0,512]
2013-03-14 18:10:28.785558 7fb5876fd700 20 librbd::AioRequest: send 0x7fb5a962fcd0 rb.0.1e1280.238e1f29.000000000000 1073152~512
2013-03-14 18:10:28.785582 7fb5876fd700 1 -- 172.16.156.135:0/1648258 --> 172.16.170.1:6800/1310 -- osd_op(client.2216705.0:994 rb.0.1e1280.238e1f29.000000000000 [sparse-read 1073152~512] 2.dabde67b) v4 -- ?+0 0x7fb5a9631080 con 0x7fb5a91668f0
2013-03-14 18:10:28.785597 7fb5876fd700 20 librbd::AioCompletion: AioCompletion::finish_adding_requests 0x7fb5a95c7420 pending 1
2013-03-14 18:10:28.786588 7fb58ed64700 1 -- 172.16.156.135:0/1648258 <== osd.0 172.16.170.1:6800/1310 989 ==== osd_op_reply(994 rb.0.1e1280.238e1f29.000000000000 [sparse-read 1073152~512] = 0) v4 ==== 132+0+536 (1985604413 0 4212968307) 0x7fb5a9631690 con 0x7fb5a91668f0
2013-03-14 18:10:28.786689 7fb587fff700 20 librbd::AioRequest: should_complete 0x7fb5a962fcd0 rb.0.1e1280.238e1f29.000000000000 1073152~512 r = 0
2013-03-14 18:10:28.786702 7fb587fff700 10 librbd::AioCompletion: C_AioRead::finish() 0x7fb5a95e5b20 r = 0
2013-03-14 18:10:28.786706 7fb587fff700 10 librbd::AioCompletion: got {1073152=512} for [0,512] bl 512
2013-03-14 18:10:28.786717 7fb587fff700 20 librbd::AioCompletion: AioCompletion::complete_request() 0x7fb5a95c7420 complete_cb=0x7fb5a6fc7170 pending 1
2013-03-14 18:10:28.786724 7fb587fff700 20 librbd::AioCompletion: AioCompletion::finalize() 0x7fb5a95c7420 rval 512 read_buf 0x7fb5a9630c00 read_bl 0
2013-03-14 18:10:28.786748 7fb587fff700 20 librbd::AioCompletion: AioCompletion::finalize() copied resulting 512 bytes to 0x7fb5a9630c00
2013-03-14 18:10:28.786896 7fb5876fd700 20 librbd: aio_read 0x7fb5a9162330 completion 0x7fb5a95c7420 [1073664,512]
2013-03-14 18:10:28.786907 7fb5876fd700 20 librbd: ictx_check 0x7fb5a9162330
2013-03-14 18:10:28.786915 7fb5876fd700 20 librbd: oid rb.0.1e1280.238e1f29.000000000000 1073664~512 from [0,512]
2013-03-14 18:10:28.786920 7fb5876fd700 20 librbd::AioRequest: send 0x7fb5a962eaf0 rb.0.1e1280.238e1f29.000000000000 1073664~512
2013-03-14 18:10:28.786939 7fb5876fd700 1 -- 172.16.156.135:0/1648258 --> 172.16.170.1:6800/1310 -- osd_op(client.2216705.0:995 rb.0.1e1280.238e1f29.000000000000 [sparse-read 1073664~512] 2.dabde67b) v4 -- ?+0 0x7fb5a9634210 con 0x7fb5a91668f0
2013-03-14 18:10:28.786984 7fb5876fd700 20 librbd::AioCompletion: AioCompletion::finish_adding_requests 0x7fb5a95c7420 pending 1
2013-03-14 18:10:28.788012 7fb58ed64700 1 -- 172.16.156.135:0/1648258 <== osd.0 172.16.170.1:6800/1310 990 ==== osd_op_reply(995 rb.0.1e1280.238e1f29.000000000000 [sparse-read 1073664~512] = 0) v4 ==== 132+0+536 (933620161 0 1440227004) 0x7fb5a9634820 con 0x7fb5a91668f0
2013-03-14 18:10:28.788099 7fb587fff700 20 librbd::AioRequest: should_complete 0x7fb5a962eaf0 rb.0.1e1280.238e1f29.000000000000 1073664~512 r = 0
2013-03-14 18:10:28.788111 7fb587fff700 10 librbd::AioCompletion: C_AioRead::finish() 0x7fb5a943a660 r = 0
2013-03-14 18:10:28.788114 7fb587fff700 10 librbd::AioCompletion: got {1073664=512} for [0,512] bl 512
2013-03-14 18:10:28.788122 7fb587fff700 20 librbd::AioCompletion: AioCompletion::complete_request() 0x7fb5a95c7420 complete_cb=0x7fb5a6fc7170 pending 1
2013-03-14 18:10:28.788125 7fb587fff700 20 librbd::AioCompletion: AioCompletion::finalize() 0x7fb5a95c7420 rval 512 read_buf 0x7fb5a9631c00 read_bl 0
2013-03-14 18:10:28.788130 7fb587fff700 20 librbd::AioCompletion: AioCompletion::finalize() copied resulting 512 bytes to 0x7fb5a9631c00
2013-03-14 18:10:28.789027 7fb5876fd700 20 librbd: aio_read 0x7fb5a9162330 completion 0x7fb5a95c7420 [1074176,512]
2013-03-14 18:10:28.789038 7fb5876fd700 20 librbd: ictx_check 0x7fb5a9162330
2013-03-14 18:10:28.789046 7fb5876fd700 20 librbd: oid rb.0.1e1280.238e1f29.000000000000 1074176~512 from [0,512]
2013-03-14 18:10:28.789051 7fb5876fd700 20 librbd::AioRequest: send 0x7fb5a9630b90 rb.0.1e1280.238e1f29.000000000000 1074176~512
2013-03-14 18:10:28.789067 7fb5876fd700 1 -- 172.16.156.135:0/1648258 --> 172.16.170.1:6800/1310 -- osd_op(client.2216705.0:996 rb.0.1e1280.238e1f29.000000000000 [sparse-read 1074176~512] 2.dabde67b) v4 -- ?+0 0x7fb5a9638990 con 0x7fb5a91668f0
2013-03-14 18:10:28.789128 7fb5876fd700 20 librbd::AioCompletion: AioCompletion::finish_adding_requests 0x7fb5a95c7420 pending 1
2013-03-14 18:10:28.790430 7fb58ed64700 1 -- 172.16.156.135:0/1648258 <== osd.0 172.16.170.1:6800/1310 991 ==== osd_op_reply(996 rb.0.1e1280.238e1f29.000000000000 [sparse-read 1074176~512] = 0) v4 ==== 132+0+536 (4121030341 0 2742621724) 0x7fb5a9638fa0 con 0x7fb5a91668f0
2013-03-14 18:10:28.790539 7fb587fff700 20 librbd::AioRequest: should_complete 0x7fb5a9630b90 rb.0.1e1280.238e1f29.000000000000 1074176~512 r = 0
2013-03-14 18:10:28.790560 7fb587fff700 10 librbd::AioCompletion: C_AioRead::finish() 0x7fb5a93ed6a0 r = 0
2013-03-14 18:10:28.790566 7fb587fff700 10 librbd::AioCompletion: got {1074176=512} for [0,512] bl 512
2013-03-14 18:10:28.790576 7fb587fff700 20 librbd::AioCompletion: AioCompletion::complete_request() 0x7fb5a95c7420 complete_cb=0x7fb5a6fc7170 pending 1
2013-03-14 18:10:28.790584 7fb587fff700 20 librbd::AioCompletion: AioCompletion::finalize() 0x7fb5a95c7420 rval 512 read_buf 0x7fb5a9638600 read_bl 0
2013-03-14 18:10:28.790593 7fb587fff700 20 librbd::AioCompletion: AioCompletion::finalize() copied resulting 512 bytes to 0x7fb5a9638600
2013-03-14 18:10:28.790823 7fb5876fd700 20 librbd: aio_read 0x7fb5a9162330 completion 0x7fb5a95c7420 [1074688,512]
2013-03-14 18:10:28.790834 7fb5876fd700 20 librbd: ictx_check 0x7fb5a9162330
2013-03-14 18:10:28.790842 7fb5876fd700 20 librbd: oid rb.0.1e1280.238e1f29.000000000000 1074688~512 from [0,512]
2013-03-14 18:10:28.790847 7fb5876fd700 20 librbd::AioRequest: send 0x7fb5a9634160 rb.0.1e1280.238e1f29.000000000000 1074688~512
2013-03-14 18:10:28.790864 7fb5876fd700 1 -- 172.16.156.135:0/1648258 --> 172.16.170.1:6800/1310 -- osd_op(client.2216705.0:997 rb.0.1e1280.238e1f29.000000000000 [sparse-read 1074688~512] 2.dabde67b) v4 -- ?+0 0x7fb5a9639a80 con 0x7fb5a91668f0
2013-03-14 18:10:28.790879 7fb5876fd700 20 librbd::AioCompletion: AioCompletion::finish_adding_requests 0x7fb5a95c7420 pending 1
2013-03-14 18:10:28.792100 7fb58ed64700 1 -- 172.16.156.135:0/1648258 <== osd.0 172.16.170.1:6800/1310 992 ==== osd_op_reply(997 rb.0.1e1280.238e1f29.000000000000 [sparse-read 1074688~512] = 0) v4 ==== 132+0+536 (3026054201 0 230540243) 0x7fb5a9634820 con 0x7fb5a91668f0
2013-03-14 18:10:28.792139 7fb587fff700 20 librbd::AioRequest: should_complete 0x7fb5a9634160 rb.0.1e1280.238e1f29.000000000000 1074688~512 r = 0
2013-03-14 18:10:28.792148 7fb587fff700 10 librbd::AioCompletion: C_AioRead::finish() 0x7fb5a9399880 r = 0
2013-03-14 18:10:28.792151 7fb587fff700 10 librbd::AioCompletion: got {1074688=512} for [0,512] bl 512
2013-03-14 18:10:28.792158 7fb587fff700 20 librbd::AioCompletion: AioCompletion::complete_request() 0x7fb5a95c7420 complete_cb=0x7fb5a6fc7170 pending 1
2013-03-14 18:10:28.792162 7fb587fff700 20 librbd::AioCompletion: AioCompletion::finalize() 0x7fb5a95c7420 rval 512 read_buf 0x7fb5a9639600 read_bl 0
2013-03-14 18:10:28.792167 7fb587fff700 20 librbd::AioCompletion: AioCompletion::finalize() copied resulting 512 bytes to 0x7fb5a9639600
2013-03-14 18:10:28.792377 7fb5876fd700 20 librbd: aio_read 0x7fb5a9162330 completion 0x7fb5a95c7420 [1075200,512]
2013-03-14 18:10:28.792387 7fb5876fd700 20 librbd: ictx_check 0x7fb5a9162330
2013-03-14 18:10:28.792395 7fb5876fd700 20 librbd: oid rb.0.1e1280.238e1f29.000000000000 1075200~512 from [0,512]
2013-03-14 18:10:28.792400 7fb5876fd700 20 librbd::AioRequest: send 0x7fb5a96385e0 rb.0.1e1280.238e1f29.000000000000 1075200~512
2013-03-14 18:10:28.792416 7fb5876fd700 1 -- 172.16.156.135:0/1648258 --> 172.16.170.1:6800/1310 -- osd_op(client.2216705.0:998 rb.0.1e1280.238e1f29.000000000000 [sparse-read 1075200~512] 2.dabde67b) v4 -- ?+0 0x7fb5a9635390 con 0x7fb5a91668f0
2013-03-14 18:10:28.792431 7fb5876fd700 20 librbd::AioCompletion: AioCompletion::finish_adding_requests 0x7fb5a95c7420 pending 1
2013-03-14 18:10:28.793494 7fb58ed64700 1 -- 172.16.156.135:0/1648258 <== osd.0 172.16.170.1:6800/1310 993 ==== osd_op_reply(998 rb.0.1e1280.238e1f29.000000000000 [sparse-read 1075200~512] = 0) v4 ==== 132+0+536 (1950717500 0 1272410541) 0x7fb5a963e050 con 0x7fb5a91668f0
2013-03-14 18:10:28.793528 7fb587fff700 20 librbd::AioRequest: should_complete 0x7fb5a96385e0 rb.0.1e1280.238e1f29.000000000000 1075200~512 r = 0
2013-03-14 18:10:28.793538 7fb587fff700 10 librbd::AioCompletion: C_AioRead::finish() 0x7fb5a928aef0 r = 0
2013-03-14 18:10:28.793540 7fb587fff700 10 librbd::AioCompletion: got {1075200=512} for [0,512] bl 512
2013-03-14 18:10:28.793547 7fb587fff700 20 librbd::AioCompletion: AioCompletion::complete_request() 0x7fb5a95c7420 complete_cb=0x7fb5a6fc7170 pending 1
2013-03-14 18:10:28.793550 7fb587fff700 20 librbd::AioCompletion: AioCompletion::finalize() 0x7fb5a95c7420 rval 512 read_buf 0x7fb5a9635000 read_bl 0
2013-03-14 18:10:28.793555 7fb587fff700 20 librbd::AioCompletion: AioCompletion::finalize() copied resulting 512 bytes to 0x7fb5a9635000
2013-03-14 18:10:28.793777 7fb5876fd700 20 librbd: aio_read 0x7fb5a9162330 completion 0x7fb5a95c7420 [1075712,512]
2013-03-14 18:10:28.793787 7fb5876fd700 20 librbd: ictx_check 0x7fb5a9162330
2013-03-14 18:10:28.793795 7fb5876fd700 20 librbd: oid rb.0.1e1280.238e1f29.000000000000 1075712~512 from [0,512]
2013-03-14 18:10:28.793800 7fb5876fd700 20 librbd::AioRequest: send 0x7fb5a9639570 rb.0.1e1280.238e1f29.000000000000 1075712~512
2013-03-14 18:10:28.793816 7fb5876fd700 1 -- 172.16.156.135:0/1648258 --> 172.16.170.1:6800/1310 -- osd_op(client.2216705.0:999 rb.0.1e1280.238e1f29.000000000000 [sparse-read 1075712~512] 2.dabde67b) v4 -- ?+0 0x7fb5a9636390 con 0x7fb5a91668f0
2013-03-14 18:10:28.793831 7fb5876fd700 20 librbd::AioCompletion: AioCompletion::finish_adding_requests 0x7fb5a95c7420 pending 1
2013-03-14 18:10:28.795010 7fb58ed64700 1 -- 172.16.156.135:0/1648258 <== osd.0 172.16.170.1:6800/1310 994 ==== osd_op_reply(999 rb.0.1e1280.238e1f29.000000000000 [sparse-read 1075712~512] = 0) v4 ==== 132+0+536 (901354688 0 3843269730) 0x7fb5a9636920 con 0x7fb5a91668f0
2013-03-14 18:10:28.795104 7fb587fff700 20 librbd::AioRequest: should_complete 0x7fb5a9639570 rb.0.1e1280.238e1f29.000000000000 1075712~512 r = 0
2013-03-14 18:10:28.795117 7fb587fff700 10 librbd::AioCompletion: C_AioRead::finish() 0x7fb5a928e680 r = 0
2013-03-14 18:10:28.795120 7fb587fff700 10 librbd::AioCompletion: got {1075712=512} for [0,512] bl 512
2013-03-14 18:10:28.795125 7fb587fff700 20 librbd::AioCompletion: AioCompletion::complete_request() 0x7fb5a95c7420 complete_cb=0x7fb5a6fc7170 pending 1
2013-03-14 18:10:28.795129 7fb587fff700 20 librbd::AioCompletion: AioCompletion::finalize() 0x7fb5a95c7420 rval 512 read_buf 0x7fb5a9636000 read_bl 0
2013-03-14 18:10:28.795138 7fb587fff700 20 librbd::AioCompletion: AioCompletion::finalize() copied resulting 512 bytes to 0x7fb5a9636000
2013-03-14 18:10:28.795292 7fb5876fd700 20 librbd: aio_read 0x7fb5a9162330 completion 0x7fb5a95c7420 [1076224,512]
2013-03-14 18:10:28.795303 7fb5876fd700 20 librbd: ictx_check 0x7fb5a9162330
2013-03-14 18:10:28.795311 7fb5876fd700 20 librbd: oid rb.0.1e1280.238e1f29.000000000000 1076224~512 from [0,512]
2013-03-14 18:10:28.795316 7fb5876fd700 20 librbd::AioRequest: send 0x7fb5a96352e0 rb.0.1e1280.238e1f29.000000000000 1076224~512
2013-03-14 18:10:28.795333 7fb5876fd700 1 -- 172.16.156.135:0/1648258 --> 172.16.170.1:6800/1310 -- osd_op(client.2216705.0:1000 rb.0.1e1280.238e1f29.000000000000 [sparse-read 1076224~512] 2.dabde67b) v4 -- ?+0 0x7fb5a9637260 con 0x7fb5a91668f0
2013-03-14 18:10:28.795350 7fb5876fd700 20 librbd::AioCompletion: AioCompletion::finish_adding_requests 0x7fb5a95c7420 pending 1
2013-03-14 18:10:28.796384 7fb58ed64700 1 -- 172.16.156.135:0/1648258 <== osd.0 172.16.170.1:6800/1310 995 ==== osd_op_reply(1000 rb.0.1e1280.238e1f29.000000000000 [sparse-read 1076224~512] = 0) v4 ==== 132+0+536 (4156396484 0 330476738) 0x7fb5a9637870 con 0x7fb5a91668f0
2013-03-14 18:10:28.796470 7fb587fff700 20 librbd::AioRequest: should_complete 0x7fb5a96352e0 rb.0.1e1280.238e1f29.000000000000 1076224~512 r = 0
2013-03-14 18:10:28.796478 7fb587fff700 10 librbd::AioCompletion: C_AioRead::finish() 0x7fb5a92bc6e0 r = 0
2013-03-14 18:10:28.796480 7fb587fff700 10 librbd::AioCompletion: got {1076224=512} for [0,512] bl 512
2013-03-14 18:10:28.796486 7fb587fff700 20 librbd::AioCompletion: AioCompletion::complete_request() 0x7fb5a95c7420 complete_cb=0x7fb5a6fc7170 pending 1
2013-03-14 18:10:28.796489 7fb587fff700 20 librbd::AioCompletion: AioCompletion::finalize() 0x7fb5a95c7420 rval 512 read_buf 0x7fb5a9637000 read_bl 0
2013-03-14 18:10:28.796492 7fb587fff700 20 librbd::AioCompletion: AioCompletion::finalize() copied resulting 512 bytes to 0x7fb5a9637000
2013-03-14 18:10:28.796633 7fb5876fd700 20 librbd: aio_read 0x7fb5a9162330 completion 0x7fb5a95c7420 [1076736,512]
2013-03-14 18:10:28.796644 7fb5876fd700 20 librbd: ictx_check 0x7fb5a9162330
2013-03-14 18:10:28.796653 7fb5876fd700 20 librbd: oid rb.0.1e1280.238e1f29.000000000000 1076736~512 from [0,512]
2013-03-14 18:10:28.796658 7fb5876fd700 20 librbd::AioRequest: send 0x7fb5a9637210 rb.0.1e1280.238e1f29.000000000000 1076736~512
2013-03-14 18:10:28.796675 7fb5876fd700 1 -- 172.16.156.135:0/1648258 --> 172.16.170.1:6800/1310 -- osd_op(client.2216705.0:1001 rb.0.1e1280.238e1f29.000000000000 [sparse-read 1076736~512] 2.dabde67b) v4 -- ?+0 0x7fb5a963a480 con 0x7fb5a91668f0
2013-03-14 18:10:28.796691 7fb5876fd700 20 librbd::AioCompletion: AioCompletion::finish_adding_requests 0x7fb5a95c7420 pending 1
2013-03-14 18:10:28.797790 7fb58ed64700 1 -- 172.16.156.135:0/1648258 <== osd.0 172.16.170.1:6800/1310 996 ==== osd_op_reply(1001 rb.0.1e1280.238e1f29.000000000000 [sparse-read 1076736~512] = 0) v4 ==== 132+0+536 (3057750328 0 3178658061) 0x7fb5a963aa90 con 0x7fb5a91668f0
2013-03-14 18:10:28.797864 7fb587fff700 20 librbd::AioRequest: should_complete 0x7fb5a9637210 rb.0.1e1280.238e1f29.000000000000 1076736~512 r = 0
2013-03-14 18:10:28.797872 7fb587fff700 10 librbd::AioCompletion: C_AioRead::finish() 0x7fb5a937c160 r = 0
2013-03-14 18:10:28.797874 7fb587fff700 10 librbd::AioCompletion: got {1076736=512} for [0,512] bl 512
2013-03-14 18:10:28.797879 7fb587fff700 20 librbd::AioCompletion: AioCompletion::complete_request() 0x7fb5a95c7420 complete_cb=0x7fb5a6fc7170 pending 1
2013-03-14 18:10:28.797883 7fb587fff700 20 librbd::AioCompletion: AioCompletion::finalize() 0x7fb5a95c7420 rval 512 read_buf 0x7fb5a9637000 read_bl 0
2013-03-14 18:10:28.797887 7fb587fff700 20 librbd::AioCompletion: AioCompletion::finalize() copied resulting 512 bytes to 0x7fb5a9637000
2013-03-14 18:10:28.798060 7fb5876fd700 20 librbd: aio_read 0x7fb5a9162330 completion 0x7fb5a95c7420 [1077248,512]
2013-03-14 18:10:28.798072 7fb5876fd700 20 librbd: ictx_check 0x7fb5a9162330
2013-03-14 18:10:28.798080 7fb5876fd700 20 librbd: oid rb.0.1e1280.238e1f29.000000000000 1077248~512 from [0,512]
2013-03-14 18:10:28.798085 7fb5876fd700 20 librbd::AioRequest: send 0x7fb5a963a090 rb.0.1e1280.238e1f29.000000000000 1077248~512
2013-03-14 18:10:28.798101 7fb5876fd700 1 -- 172.16.156.135:0/1648258 --> 172.16.170.1:6800/1310 -- osd_op(client.2216705.0:1002 rb.0.1e1280.238e1f29.000000000000 [sparse-read 1077248~512] 2.dabde67b) v4 -- ?+0 0x7fb5a963ea00 con 0x7fb5a91668f0
2013-03-14 18:10:28.798116 7fb5876fd700 20 librbd::AioCompletion: AioCompletion::finish_adding_requests 0x7fb5a95c7420 pending 1
2013-03-14 18:10:28.799245 7fb58ed64700 1 -- 172.16.156.135:0/1648258 <== osd.0 172.16.170.1:6800/1310 997 ==== osd_op_reply(1002 rb.0.1e1280.238e1f29.000000000000 [sparse-read 1077248~512] = 0) v4 ==== 132+0+536 (1918964031 0 2674378814) 0x7fb5a963f010 con 0x7fb5a91668f0
2013-03-14 18:10:28.799325 7fb587fff700 20 librbd::AioRequest: should_complete 0x7fb5a963a090 rb.0.1e1280.238e1f29.000000000000 1077248~512 r = 0
2013-03-14 18:10:28.799334 7fb587fff700 10 librbd::AioCompletion: C_AioRead::finish() 0x7fb5a93250f0 r = 0
2013-03-14 18:10:28.799336 7fb587fff700 10 librbd::AioCompletion: got {1077248=512} for [0,512] bl 512
2013-03-14 18:10:28.799341 7fb587fff700 20 librbd::AioCompletion: AioCompletion::complete_request() 0x7fb5a95c7420 complete_cb=0x7fb5a6fc7170 pending 1
2013-03-14 18:10:28.799345 7fb587fff700 20 librbd::AioCompletion: AioCompletion::finalize() 0x7fb5a95c7420 rval 512 read_buf 0x7fb5a963e600 read_bl 0
2013-03-14 18:10:28.799348 7fb587fff700 20 librbd::AioCompletion: AioCompletion::finalize() copied resulting 512 bytes to 0x7fb5a963e600
2013-03-14 18:10:28.799531 7fb5876fd700 20 librbd: aio_read 0x7fb5a9162330 completion 0x7fb5a95c7420 [1077760,512]
2013-03-14 18:10:28.799542 7fb5876fd700 20 librbd: ictx_check 0x7fb5a9162330
2013-03-14 18:10:28.799550 7fb5876fd700 20 librbd: oid rb.0.1e1280.238e1f29.000000000000 1077760~512 from [0,512]
2013-03-14 18:10:28.799554 7fb5876fd700 20 librbd::AioRequest: send 0x7fb5a963a480 rb.0.1e1280.238e1f29.000000000000 1077760~512
2013-03-14 18:10:28.799571 7fb5876fd700 1 -- 172.16.156.135:0/1648258 --> 172.16.170.1:6800/1310 -- osd_op(client.2216705.0:1003 rb.0.1e1280.238e1f29.000000000000 [sparse-read 1077760~512] 2.dabde67b) v4 -- ?+0 0x7fb5a963f990 con 0x7fb5a91668f0
2013-03-14 18:10:28.799594 7fb5876fd700 20 librbd::AioCompletion: AioCompletion::finish_adding_requests 0x7fb5a95c7420 pending 1
2013-03-14 18:10:28.800689 7fb58ed64700 1 -- 172.16.156.135:0/1648258 <== osd.0 172.16.170.1:6800/1310 998 ==== osd_op_reply(1003 rb.0.1e1280.238e1f29.000000000000 [sparse-read 1077760~512] = 0) v4 ==== 132+0+536 (865932227 0 832773617) 0x7fb5a963aa90 con 0x7fb5a91668f0
2013-03-14 18:10:28.800751 7fb587fff700 20 librbd::AioRequest: should_complete 0x7fb5a963a480 rb.0.1e1280.238e1f29.000000000000 1077760~512 r = 0
2013-03-14 18:10:28.800759 7fb587fff700 10 librbd::AioCompletion: C_AioRead::finish() 0x7fb5a9272a80 r = 0
2013-03-14 18:10:28.800761 7fb587fff700 10 librbd::AioCompletion: got {1077760=512} for [0,512] bl 512
2013-03-14 18:10:28.800766 7fb587fff700 20 librbd::AioCompletion: AioCompletion::complete_request() 0x7fb5a95c7420 complete_cb=0x7fb5a6fc7170 pending 1
2013-03-14 18:10:28.800769 7fb587fff700 20 librbd::AioCompletion: AioCompletion::finalize() 0x7fb5a95c7420 rval 512 read_buf 0x7fb5a963f600 read_bl 0
2013-03-14 18:10:28.800773 7fb587fff700 20 librbd::AioCompletion: AioCompletion::finalize() copied resulting 512 bytes to 0x7fb5a963f600
2013-03-14 18:10:28.800910 7fb5876fd700 20 librbd: aio_read 0x7fb5a9162330 completion 0x7fb5a95c7420 [1078272,512]
2013-03-14 18:10:28.800921 7fb5876fd700 20 librbd: ictx_check 0x7fb5a9162330
2013-03-14 18:10:28.800929 7fb5876fd700 20 librbd: oid rb.0.1e1280.238e1f29.000000000000 1078272~512 from [0,512]
2013-03-14 18:10:28.800934 7fb5876fd700 20 librbd::AioRequest: send 0x7fb5a963e5e0 rb.0.1e1280.238e1f29.000000000000 1078272~512
2013-03-14 18:10:28.800967 7fb5876fd700 1 -- 172.16.156.135:0/1648258 --> 172.16.170.1:6800/1310 -- osd_op(client.2216705.0:1004 rb.0.1e1280.238e1f29.000000000000 [sparse-read 1078272~512] 2.dabde67b) v4 -- ?+0 0x7fb5a963b590 con 0x7fb5a91668f0
2013-03-14 18:10:28.800985 7fb5876fd700 20 librbd::AioCompletion: AioCompletion::finish_adding_requests 0x7fb5a95c7420 pending 1
2013-03-14 18:10:28.801978 7fb58ed64700 1 -- 172.16.156.135:0/1648258 <== osd.0 172.16.170.1:6800/1310 999 ==== osd_op_reply(1004 rb.0.1e1280.238e1f29.000000000000 [sparse-read 1078272~512] = 0) v4 ==== 132+0+536 (4053341383 0 3338802513) 0x7fb5a9644050 con 0x7fb5a91668f0
2013-03-14 18:10:28.802016 7fb587fff700 20 librbd::AioRequest: should_complete 0x7fb5a963e5e0 rb.0.1e1280.238e1f29.000000000000 1078272~512 r = 0
2013-03-14 18:10:28.802026 7fb587fff700 10 librbd::AioCompletion: C_AioRead::finish() 0x7fb5a937a440 r = 0
2013-03-14 18:10:28.802028 7fb587fff700 10 librbd::AioCompletion: got {1078272=512} for [0,512] bl 512
2013-03-14 18:10:28.802033 7fb587fff700 20 librbd::AioCompletion: AioCompletion::complete_request() 0x7fb5a95c7420 complete_cb=0x7fb5a6fc7170 pending 1
2013-03-14 18:10:28.802036 7fb587fff700 20 librbd::AioCompletion: AioCompletion::finalize() 0x7fb5a95c7420 rval 512 read_buf 0x7fb5a963b200 read_bl 0
2013-03-14 18:10:28.802040 7fb587fff700 20 librbd::AioCompletion: AioCompletion::finalize() copied resulting 512 bytes to 0x7fb5a963b200
2013-03-14 18:10:28.802202 7fb5876fd700 20 librbd: aio_read 0x7fb5a9162330 completion 0x7fb5a95c7420 [1078784,512]
2013-03-14 18:10:28.802213 7fb5876fd700 20 librbd: ictx_check 0x7fb5a9162330
2013-03-14 18:10:28.802221 7fb5876fd700 20 librbd: oid rb.0.1e1280.238e1f29.000000000000 1078784~512 from [0,512]
2013-03-14 18:10:28.802226 7fb5876fd700 20 librbd::AioRequest: send 0x7fb5a963f6b0 rb.0.1e1280.238e1f29.000000000000 1078784~512
2013-03-14 18:10:28.802242 7fb5876fd700 1 -- 172.16.156.135:0/1648258 --> 172.16.170.1:6800/1310 -- osd_op(client.2216705.0:1005 rb.0.1e1280.238e1f29.000000000000 [sparse-read 1078784~512] 2.dabde67b) v4 -- ?+0 0x7fb5a963c590 con 0x7fb5a91668f0
2013-03-14 18:10:28.802257 7fb5876fd700 20 librbd::AioCompletion: AioCompletion::finish_adding_requests 0x7fb5a95c7420 pending 1
2013-03-14 18:10:28.803370 7fb58ed64700 1 -- 172.16.156.135:0/1648258 <== osd.0 172.16.170.1:6800/1310 1000 ==== osd_op_reply(1005 rb.0.1e1280.238e1f29.000000000000 [sparse-read 1078784~512] = 0) v4 ==== 132+0+536 (2959414843 0 1774633118) 0x7fb5a963cba0 con 0x7fb5a91668f0
2013-03-14 18:10:28.803414 7fb587fff700 20 librbd::AioRequest: should_complete 0x7fb5a963f6b0 rb.0.1e1280.238e1f29.000000000000 1078784~512 r = 0
2013-03-14 18:10:28.803423 7fb587fff700 10 librbd::AioCompletion: C_AioRead::finish() 0x7fb5a93d70d0 r = 0
2013-03-14 18:10:28.803425 7fb587fff700 10 librbd::AioCompletion: got {1078784=512} for [0,512] bl 512
2013-03-14 18:10:28.803430 7fb587fff700 20 librbd::AioCompletion: AioCompletion::complete_request() 0x7fb5a95c7420 complete_cb=0x7fb5a6fc7170 pending 1
2013-03-14 18:10:28.803433 7fb587fff700 20 librbd::AioCompletion: AioCompletion::finalize() 0x7fb5a95c7420 rval 512 read_buf 0x7fb5a963c200 read_bl 0
2013-03-14 18:10:28.803437 7fb587fff700 20 librbd::AioCompletion: AioCompletion::finalize() copied resulting 512 bytes to 0x7fb5a963c200
2013-03-14 18:10:28.803560 7fb5876fd700 20 librbd: aio_read 0x7fb5a9162330 completion 0x7fb5a95c7420 [1079296,512]
2013-03-14 18:10:28.803571 7fb5876fd700 20 librbd: ictx_check 0x7fb5a9162330
2013-03-14 18:10:28.803588 7fb5876fd700 20 librbd: oid rb.0.1e1280.238e1f29.000000000000 1079296~512 from [0,512]
2013-03-14 18:10:28.803595 7fb5876fd700 20 librbd::AioRequest: send 0x7fb5a963b1b0 rb.0.1e1280.238e1f29.000000000000 1079296~512
2013-03-14 18:10:28.803611 7fb5876fd700 1 -- 172.16.156.135:0/1648258 --> 172.16.170.1:6800/1310 -- osd_op(client.2216705.0:1006 rb.0.1e1280.238e1f29.000000000000 [sparse-read 1079296~512] 2.dabde67b) v4 -- ?+0 0x7fb5a963d630 con 0x7fb5a91668f0
2013-03-14 18:10:28.803672 7fb5876fd700 20 librbd::AioCompletion: AioCompletion::finish_adding_requests 0x7fb5a95c7420 pending 1
2013-03-14 18:10:28.804819 7fb58ed64700 1 -- 172.16.156.135:0/1648258 <== osd.0 172.16.170.1:6800/1310 1001 ==== osd_op_reply(1006 rb.0.1e1280.238e1f29.000000000000 [sparse-read 1079296~512] = 0) v4 ==== 132+0+536 (1887267902 0 799830752) 0x7fb5a963dc40 con 0x7fb5a91668f0
2013-03-14 18:10:28.804862 7fb587fff700 20 librbd::AioRequest: should_complete 0x7fb5a963b1b0 rb.0.1e1280.238e1f29.000000000000 1079296~512 r = 0
2013-03-14 18:10:28.804870 7fb587fff700 10 librbd::AioCompletion: C_AioRead::finish() 0x7fb5a9532a30 r = 0
2013-03-14 18:10:28.804871 7fb587fff700 10 librbd::AioCompletion: got {1079296=512} for [0,512] bl 512
2013-03-14 18:10:28.804876 7fb587fff700 20 librbd::AioCompletion: AioCompletion::complete_request() 0x7fb5a95c7420 complete_cb=0x7fb5a6fc7170 pending 1
2013-03-14 18:10:28.804879 7fb587fff700 20 librbd::AioCompletion: AioCompletion::finalize() 0x7fb5a95c7420 rval 512 read_buf 0x7fb5a963d400 read_bl 0
2013-03-14 18:10:28.804882 7fb587fff700 20 librbd::AioCompletion: AioCompletion::finalize() copied resulting 512 bytes to 0x7fb5a963d400
2013-03-14 18:10:28.805051 7fb5876fd700 20 librbd: aio_read 0x7fb5a9162330 completion 0x7fb5a95c7420 [1079808,512]
2013-03-14 18:10:28.805063 7fb5876fd700 20 librbd: ictx_check 0x7fb5a9162330
2013-03-14 18:10:28.805071 7fb5876fd700 20 librbd: oid rb.0.1e1280.238e1f29.000000000000 1079808~512 from [0,512]
2013-03-14 18:10:28.805076 7fb5876fd700 20 librbd::AioRequest: send 0x7fb5a963d610 rb.0.1e1280.238e1f29.000000000000 1079808~512
2013-03-14 18:10:28.805151 7fb5876fd700 1 -- 172.16.156.135:0/1648258 --> 172.16.170.1:6800/1310 -- osd_op(client.2216705.0:1007 rb.0.1e1280.238e1f29.000000000000 [sparse-read 1079808~512] 2.dabde67b) v4 -- ?+0 0x7fb5a96449b0 con 0x7fb5a91668f0
2013-03-14 18:10:28.805172 7fb5876fd700 20 librbd::AioCompletion: AioCompletion::finish_adding_requests 0x7fb5a95c7420 pending 1
2013-03-14 18:10:28.806210 7fb58ed64700 1 -- 172.16.156.135:0/1648258 <== osd.0 172.16.170.1:6800/1310 1002 ==== osd_op_reply(1007 rb.0.1e1280.238e1f29.000000000000 [sparse-read 1079808~512] = 0) v4 ==== 132+0+536 (830566082 0 2171119407) 0x7fb5a9644fc0 con 0x7fb5a91668f0
2013-03-14 18:10:28.806254 7fb587fff700 20 librbd::AioRequest: should_complete 0x7fb5a963d610 rb.0.1e1280.238e1f29.000000000000 1079808~512 r = 0
2013-03-14 18:10:28.806263 7fb587fff700 10 librbd::AioCompletion: C_AioRead::finish() 0x7fb5a93cbc30 r = 0
2013-03-14 18:10:28.806264 7fb587fff700 10 librbd::AioCompletion: got {1079808=512} for [0,512] bl 512
2013-03-14 18:10:28.806270 7fb587fff700 20 librbd::AioCompletion: AioCompletion::complete_request() 0x7fb5a95c7420 complete_cb=0x7fb5a6fc7170 pending 1
2013-03-14 18:10:28.806273 7fb587fff700 20 librbd::AioCompletion: AioCompletion::finalize() 0x7fb5a95c7420 rval 512 read_buf 0x7fb5a963d400 read_bl 0
2013-03-14 18:10:28.806276 7fb587fff700 20 librbd::AioCompletion: AioCompletion::finalize() copied resulting 512 bytes to 0x7fb5a963d400
2013-03-14 18:10:28.806508 7fb5876fd700 20 librbd: aio_read 0x7fb5a9162330 completion 0x7fb5a95c7420 [1080320,512]
2013-03-14 18:10:28.806519 7fb5876fd700 20 librbd: ictx_check 0x7fb5a9162330
2013-03-14 18:10:28.806527 7fb5876fd700 20 librbd: oid rb.0.1e1280.238e1f29.000000000000 1080320~512 from [0,512]
2013-03-14 18:10:28.806532 7fb5876fd700 20 librbd::AioRequest: send 0x7fb5a9644960 rb.0.1e1280.238e1f29.000000000000 1080320~512
2013-03-14 18:10:28.806550 7fb5876fd700 1 -- 172.16.156.135:0/1648258 --> 172.16.170.1:6800/1310 -- osd_op(client.2216705.0:1008 rb.0.1e1280.238e1f29.000000000000 [sparse-read 1080320~512] 2.dabde67b) v4 -- ?+0 0x7fb5a9645c00 con 0x7fb5a91668f0
2013-03-14 18:10:28.806565 7fb5876fd700 20 librbd::AioCompletion: AioCompletion::finish_adding_requests 0x7fb5a95c7420 pending 1
2013-03-14 18:10:28.807724 7fb58ed64700 1 -- 172.16.156.135:0/1648258 <== osd.0 172.16.170.1:6800/1310 1003 ==== osd_op_reply(1008 rb.0.1e1280.238e1f29.000000000000 [sparse-read 1080320~512] = 0) v4 ==== 132+0+536 (4085606854 0 2009706383) 0x7fb5a96401e0 con 0x7fb5a91668f0
2013-03-14 18:10:28.807769 7fb587fff700 20 librbd::AioRequest: should_complete 0x7fb5a9644960 rb.0.1e1280.238e1f29.000000000000 1080320~512 r = 0
2013-03-14 18:10:28.807777 7fb587fff700 10 librbd::AioCompletion: C_AioRead::finish() 0x7fb5a92d2cf0 r = 0
2013-03-14 18:10:28.807779 7fb587fff700 10 librbd::AioCompletion: got {1080320=512} for [0,512] bl 512
2013-03-14 18:10:28.807785 7fb587fff700 20 librbd::AioCompletion: AioCompletion::complete_request() 0x7fb5a95c7420 complete_cb=0x7fb5a6fc7170 pending 1
2013-03-14 18:10:28.807788 7fb587fff700 20 librbd::AioCompletion: AioCompletion::finalize() 0x7fb5a95c7420 rval 512 read_buf 0x7fb5a9645600 read_bl 0
2013-03-14 18:10:28.807792 7fb587fff700 20 librbd::AioCompletion: AioCompletion::finalize() copied resulting 512 bytes to 0x7fb5a9645600
2013-03-14 18:10:28.807925 7fb5876fd700 20 librbd: aio_read 0x7fb5a9162330 completion 0x7fb5a95c7420 [1080832,512]
2013-03-14 18:10:28.807937 7fb5876fd700 20 librbd: ictx_check 0x7fb5a9162330
2013-03-14 18:10:28.807945 7fb5876fd700 20 librbd: oid rb.0.1e1280.238e1f29.000000000000 1080832~512 from [0,512]
2013-03-14 18:10:28.807950 7fb5876fd700 20 librbd::AioRequest: send 0x7fb5a9645bb0 rb.0.1e1280.238e1f29.000000000000 1080832~512
2013-03-14 18:10:28.807969 7fb5876fd700 1 -- 172.16.156.135:0/1648258 --> 172.16.170.1:6800/1310 -- osd_op(client.2216705.0:1009 rb.0.1e1280.238e1f29.000000000000 [sparse-read 1080832~512] 2.dabde67b) v4 -- ?+0 0x7fb5a9640da0 con 0x7fb5a91668f0
2013-03-14 18:10:28.807985 7fb5876fd700 20 librbd::AioCompletion: AioCompletion::finish_adding_requests 0x7fb5a95c7420 pending 1
2013-03-14 18:10:28.809018 7fb58ed64700 1 -- 172.16.156.135:0/1648258 <== osd.0 172.16.170.1:6800/1310 1004 ==== osd_op_reply(1009 rb.0.1e1280.238e1f29.000000000000 [sparse-read 1080832~512] = 0) v4 ==== 132+0+536 (2994301754 0 3641539136) 0x7fb5a964a050 con 0x7fb5a91668f0
2013-03-14 18:10:28.809089 7fb587fff700 20 librbd::AioRequest: should_complete 0x7fb5a9645bb0 rb.0.1e1280.238e1f29.000000000000 1080832~512 r = 0
2013-03-14 18:10:28.809099 7fb587fff700 10 librbd::AioCompletion: C_AioRead::finish() 0x7fb5a934d700 r = 0
2013-03-14 18:10:28.809101 7fb587fff700 10 librbd::AioCompletion: got {1080832=512} for [0,512] bl 512
2013-03-14 18:10:28.809107 7fb587fff700 20 librbd::AioCompletion: AioCompletion::complete_request() 0x7fb5a95c7420 complete_cb=0x7fb5a6fc7170 pending 1
2013-03-14 18:10:28.809109 7fb587fff700 20 librbd::AioCompletion: AioCompletion::finalize() 0x7fb5a95c7420 rval 512 read_buf 0x7fb5a9645600 read_bl 0
2013-03-14 18:10:28.809113 7fb587fff700 20 librbd::AioCompletion: AioCompletion::finalize() copied resulting 512 bytes to 0x7fb5a9645600
2013-03-14 18:10:28.809249 7fb5876fd700 20 librbd: aio_read 0x7fb5a9162330 completion 0x7fb5a95c7420 [1081344,512]
2013-03-14 18:10:28.809261 7fb5876fd700 20 librbd: ictx_check 0x7fb5a9162330
2013-03-14 18:10:28.809269 7fb5876fd700 20 librbd: oid rb.0.1e1280.238e1f29.000000000000 1081344~512 from [0,512]
2013-03-14 18:10:28.809274 7fb5876fd700 20 librbd::AioRequest: send 0x7fb5a9641870 rb.0.1e1280.238e1f29.000000000000 1081344~512
2013-03-14 18:10:28.809295 7fb5876fd700 1 -- 172.16.156.135:0/1648258 --> 172.16.170.1:6800/1310 -- osd_op(client.2216705.0:1010 rb.0.1e1280.238e1f29.000000000000 [sparse-read 1081344~512] 2.dabde67b) v4 -- ?+0 0x7fb5a9641d90 con 0x7fb5a91668f0
2013-03-14 18:10:28.809311 7fb5876fd700 20 librbd::AioCompletion: AioCompletion::finish_adding_requests 0x7fb5a95c7420 pending 1
2013-03-14 18:10:28.810412 7fb58ed64700 1 -- 172.16.156.135:0/1648258 <== osd.0 172.16.170.1:6800/1310 1005 ==== osd_op_reply(1010 rb.0.1e1280.238e1f29.000000000000 [sparse-read 1081344~512] = 0) v4 ==== 132+0+536 (1326196513 0 2315663191) 0x7fb5a96423a0 con 0x7fb5a91668f0
2013-03-14 18:10:28.810466 7fb587fff700 20 librbd::AioRequest: should_complete 0x7fb5a9641870 rb.0.1e1280.238e1f29.000000000000 1081344~512 r = 0
2013-03-14 18:10:28.810473 7fb587fff700 10 librbd::AioCompletion: C_AioRead::finish() 0x7fb5a932f360 r = 0
2013-03-14 18:10:28.810475 7fb587fff700 10 librbd::AioCompletion: got {1081344=512} for [0,512] bl 512
2013-03-14 18:10:28.810481 7fb587fff700 20 librbd::AioCompletion: AioCompletion::complete_request() 0x7fb5a95c7420 complete_cb=0x7fb5a6fc7170 pending 1
2013-03-14 18:10:28.810484 7fb587fff700 20 librbd::AioCompletion: AioCompletion::finalize() 0x7fb5a95c7420 rval 512 read_buf 0x7fb5a9641a00 read_bl 0
2013-03-14 18:10:28.810488 7fb587fff700 20 librbd::AioCompletion: AioCompletion::finalize() copied resulting 512 bytes to 0x7fb5a9641a00
2013-03-14 18:10:28.810685 7fb5876fd700 20 librbd: aio_read 0x7fb5a9162330 completion 0x7fb5a95c7420 [1081856,512]
2013-03-14 18:10:28.810730 7fb5876fd700 20 librbd: ictx_check 0x7fb5a9162330
2013-03-14 18:10:28.810740 7fb5876fd700 20 librbd: oid rb.0.1e1280.238e1f29.000000000000 1081856~512 from [0,512]
2013-03-14 18:10:28.810746 7fb5876fd700 20 librbd::AioRequest: send 0x7fb5a9645550 rb.0.1e1280.238e1f29.000000000000 1081856~512
2013-03-14 18:10:28.810770 7fb5876fd700 1 -- 172.16.156.135:0/1648258 --> 172.16.170.1:6800/1310 -- osd_op(client.2216705.0:1011 rb.0.1e1280.238e1f29.000000000000 [sparse-read 1081856~512] 2.dabde67b) v4 -- ?+0 0x7fb5a9642fb0 con 0x7fb5a91668f0
2013-03-14 18:10:28.810787 7fb5876fd700 20 librbd::AioCompletion: AioCompletion::finish_adding_requests 0x7fb5a95c7420 pending 1
2013-03-14 18:10:28.812090 7fb58ed64700 1 -- 172.16.156.135:0/1648258 <== osd.0 172.16.170.1:6800/1310 1006 ==== osd_op_reply(1011 rb.0.1e1280.238e1f29.000000000000 [sparse-read 1081856~512] = 0) v4 ==== 132+0+536 (250619357 0 616751768) 0x7fb5a9643540 con 0x7fb5a91668f0
2013-03-14 18:10:28.812135 7fb587fff700 20 librbd::AioRequest: should_complete 0x7fb5a9645550 rb.0.1e1280.238e1f29.000000000000 1081856~512 r = 0
2013-03-14 18:10:28.812142 7fb587fff700 10 librbd::AioCompletion: C_AioRead::finish() 0x7fb5a9563ec0 r = 0
2013-03-14 18:10:28.812145 7fb587fff700 10 librbd::AioCompletion: got {1081856=512} for [0,512] bl 512
2013-03-14 18:10:28.812151 7fb587fff700 20 librbd::AioCompletion: AioCompletion::complete_request() 0x7fb5a95c7420 complete_cb=0x7fb5a6fc7170 pending 1
2013-03-14 18:10:28.812153 7fb587fff700 20 librbd::AioCompletion: AioCompletion::finalize() 0x7fb5a95c7420 rval 512 read_buf 0x7fb5a9642c00 read_bl 0
2013-03-14 18:10:28.812157 7fb587fff700 20 librbd::AioCompletion: AioCompletion::finalize() copied resulting 512 bytes to 0x7fb5a9642c00
2013-03-14 18:10:28.812922 7fb5876fd700 20 librbd: aio_read 0x7fb5a9162330 completion 0x7fb5a95c7420 [1082368,512]
2013-03-14 18:10:28.812934 7fb5876fd700 20 librbd: ictx_check 0x7fb5a9162330
2013-03-14 18:10:28.812947 7fb5876fd700 20 librbd: oid rb.0.1e1280.238e1f29.000000000000 1082368~512 from [0,512]
2013-03-14 18:10:28.812953 7fb5876fd700 20 librbd::AioRequest: send 0x7fb5a9641870 rb.0.1e1280.238e1f29.000000000000 1082368~512
2013-03-14 18:10:28.812980 7fb5876fd700 1 -- 172.16.156.135:0/1648258 --> 172.16.170.1:6800/1310 -- osd_op(client.2216705.0:1012 rb.0.1e1280.238e1f29.000000000000 [sparse-read 1082368~512] 2.dabde67b) v4 -- ?+0 0x7fb5a9646090 con 0x7fb5a91668f0
2013-03-14 18:10:28.813001 7fb5876fd700 20 librbd::AioCompletion: AioCompletion::finish_adding_requests 0x7fb5a95c7420 pending 1
2013-03-14 18:10:28.814210 7fb58ed64700 1 -- 172.16.156.135:0/1648258 <== osd.0 172.16.170.1:6800/1310 1007 ==== osd_op_reply(1012 rb.0.1e1280.238e1f29.000000000000 [sparse-read 1082368~512] = 0) v4 ==== 132+0+536 (3438551769 0 3529763384) 0x7fb5a96466a0 con 0x7fb5a91668f0
2013-03-14 18:10:28.814256 7fb587fff700 20 librbd::AioRequest: should_complete 0x7fb5a9641870 rb.0.1e1280.238e1f29.000000000000 1082368~512 r = 0
2013-03-14 18:10:28.814262 7fb587fff700 10 librbd::AioCompletion: C_AioRead::finish() 0x7fb5a921ec30 r = 0
2013-03-14 18:10:28.814264 7fb587fff700 10 librbd::AioCompletion: got {1082368=512} for [0,512] bl 512
2013-03-14 18:10:28.814269 7fb587fff700 20 librbd::AioCompletion: AioCompletion::complete_request() 0x7fb5a95c7420 complete_cb=0x7fb5a6fc7170 pending 1
2013-03-14 18:10:28.814272 7fb587fff700 20 librbd::AioCompletion: AioCompletion::finalize() 0x7fb5a95c7420 rval 512 read_buf 0x7fb5a9643c00 read_bl 0
2013-03-14 18:10:28.814276 7fb587fff700 20 librbd::AioCompletion: AioCompletion::finalize() copied resulting 512 bytes to 0x7fb5a9643c00
2013-03-14 18:10:28.814469 7fb5876fd700 20 librbd: aio_read 0x7fb5a9162330 completion 0x7fb5a95c7420 [1082880,512]
2013-03-14 18:10:28.814480 7fb5876fd700 20 librbd: ictx_check 0x7fb5a9162330
2013-03-14 18:10:28.814489 7fb5876fd700 20 librbd: oid rb.0.1e1280.238e1f29.000000000000 1082880~512 from [0,512]
2013-03-14 18:10:28.814494 7fb5876fd700 20 librbd::AioRequest: send 0x7fb5a9646090 rb.0.1e1280.238e1f29.000000000000 1082880~512
2013-03-14 18:10:28.814513 7fb5876fd700 1 -- 172.16.156.135:0/1648258 --> 172.16.170.1:6800/1310 -- osd_op(client.2216705.0:1013 rb.0.1e1280.238e1f29.000000000000 [sparse-read 1082880~512] 2.dabde67b) v4 -- ?+0 0x7fb5a964a900 con 0x7fb5a91668f0
2013-03-14 18:10:28.814529 7fb5876fd700 20 librbd::AioCompletion: AioCompletion::finish_adding_requests 0x7fb5a95c7420 pending 1
2013-03-14 18:10:28.815591 7fb58ed64700 1 -- 172.16.156.135:0/1648258 <== osd.0 172.16.170.1:6800/1310 1008 ==== osd_op_reply(1013 rb.0.1e1280.238e1f29.000000000000 [sparse-read 1082880~512] = 0) v4 ==== 132+0+536 (2366119973 0 2091335671) 0x7fb5a964af10 con 0x7fb5a91668f0
2013-03-14 18:10:28.815639 7fb587fff700 20 librbd::AioRequest: should_complete 0x7fb5a9646090 rb.0.1e1280.238e1f29.000000000000 1082880~512 r = 0
2013-03-14 18:10:28.815647 7fb587fff700 10 librbd::AioCompletion: C_AioRead::finish() 0x7fb5a95adcf0 r = 0
2013-03-14 18:10:28.815648 7fb587fff700 10 librbd::AioCompletion: got {1082880=512} for [0,512] bl 512
2013-03-14 18:10:28.815653 7fb587fff700 20 librbd::AioCompletion: AioCompletion::complete_request() 0x7fb5a95c7420 complete_cb=0x7fb5a6fc7170 pending 1
2013-03-14 18:10:28.815655 7fb587fff700 20 librbd::AioCompletion: AioCompletion::finalize() 0x7fb5a95c7420 rval 512 read_buf 0x7fb5a9643c00 read_bl 0
2013-03-14 18:10:28.815659 7fb587fff700 20 librbd::AioCompletion: AioCompletion::finalize() copied resulting 512 bytes to 0x7fb5a9643c00
2013-03-14 18:10:28.815854 7fb5876fd700 20 librbd: aio_read 0x7fb5a9162330 completion 0x7fb5a95c7420 [1083392,512]
2013-03-14 18:10:28.815866 7fb5876fd700 20 librbd: ictx_check 0x7fb5a9162330
2013-03-14 18:10:28.815875 7fb5876fd700 20 librbd: oid rb.0.1e1280.238e1f29.000000000000 1083392~512 from [0,512]
2013-03-14 18:10:28.815880 7fb5876fd700 20 librbd::AioRequest: send 0x7fb5a964a9d0 rb.0.1e1280.238e1f29.000000000000 1083392~512
2013-03-14 18:10:28.815900 7fb5876fd700 1 -- 172.16.156.135:0/1648258 --> 172.16.170.1:6800/1310 -- osd_op(client.2216705.0:1014 rb.0.1e1280.238e1f29.000000000000 [sparse-read 1083392~512] 2.dabde67b) v4 -- ?+0 0x7fb5a964b950 con 0x7fb5a91668f0
2013-03-14 18:10:28.815915 7fb5876fd700 20 librbd::AioCompletion: AioCompletion::finish_adding_requests 0x7fb5a95c7420 pending 1
2013-03-14 18:10:28.817078 7fb58ed64700 1 -- 172.16.156.135:0/1648258 <== osd.0 172.16.170.1:6800/1310 1009 ==== osd_op_reply(1014 rb.0.1e1280.238e1f29.000000000000 [sparse-read 1083392~512] = 0) v4 ==== 132+0+536 (1292917280 0 986549641) 0x7fb5a96466a0 con 0x7fb5a91668f0
2013-03-14 18:10:28.817124 7fb587fff700 20 librbd::AioRequest: should_complete 0x7fb5a964a9d0 rb.0.1e1280.238e1f29.000000000000 1083392~512 r = 0
2013-03-14 18:10:28.817132 7fb587fff700 10 librbd::AioCompletion: C_AioRead::finish() 0x7fb5a93276d0 r = 0
2013-03-14 18:10:28.817136 7fb587fff700 10 librbd::AioCompletion: got {1083392=512} for [0,512] bl 512
2013-03-14 18:10:28.817142 7fb587fff700 20 librbd::AioCompletion: AioCompletion::complete_request() 0x7fb5a95c7420 complete_cb=0x7fb5a6fc7170 pending 1
2013-03-14 18:10:28.817146 7fb587fff700 20 librbd::AioCompletion: AioCompletion::finalize() 0x7fb5a95c7420 rval 512 read_buf 0x7fb5a9643c00 read_bl 0
2013-03-14 18:10:28.817150 7fb587fff700 20 librbd::AioCompletion: AioCompletion::finalize() copied resulting 512 bytes to 0x7fb5a9643c00
2013-03-14 18:10:28.817416 7fb5876fd700 20 librbd: aio_read 0x7fb5a9162330 completion 0x7fb5a95c7420 [1083904,512]
2013-03-14 18:10:28.817427 7fb5876fd700 20 librbd: ictx_check 0x7fb5a9162330
2013-03-14 18:10:28.817436 7fb5876fd700 20 librbd: oid rb.0.1e1280.238e1f29.000000000000 1083904~512 from [0,512]
2013-03-14 18:10:28.817441 7fb5876fd700 20 librbd::AioRequest: send 0x7fb5a964ba20 rb.0.1e1280.238e1f29.000000000000 1083904~512
2013-03-14 18:10:28.817460 7fb5876fd700 1 -- 172.16.156.135:0/1648258 --> 172.16.170.1:6800/1310 -- osd_op(client.2216705.0:1015 rb.0.1e1280.238e1f29.000000000000 [sparse-read 1083904~512] 2.dabde67b) v4 -- ?+0 0x7fb5a9647060 con 0x7fb5a91668f0
2013-03-14 18:10:28.817475 7fb5876fd700 20 librbd::AioCompletion: AioCompletion::finish_adding_requests 0x7fb5a95c7420 pending 1
2013-03-14 18:10:28.818535 7fb58ed64700 1 -- 172.16.156.135:0/1648258 <== osd.0 172.16.170.1:6800/1310 1010 ==== osd_op_reply(1015 rb.0.1e1280.238e1f29.000000000000 [sparse-read 1083904~512] = 0) v4 ==== 132+0+536 (216815836 0 2483640390) 0x7fb5a9650050 con 0x7fb5a91668f0
2013-03-14 18:10:28.818585 7fb587fff700 20 librbd::AioRequest: should_complete 0x7fb5a964ba20 rb.0.1e1280.238e1f29.000000000000 1083904~512 r = 0
2013-03-14 18:10:28.818593 7fb587fff700 10 librbd::AioCompletion: C_AioRead::finish() 0x7fb5a957a410 r = 0
2013-03-14 18:10:28.818595 7fb587fff700 10 librbd::AioCompletion: got {1083904=512} for [0,512] bl 512
2013-03-14 18:10:28.818600 7fb587fff700 20 librbd::AioCompletion: AioCompletion::complete_request() 0x7fb5a95c7420 complete_cb=0x7fb5a6fc7170 pending 1
2013-03-14 18:10:28.818604 7fb587fff700 20 librbd::AioCompletion: AioCompletion::finalize() 0x7fb5a95c7420 rval 512 read_buf 0x7fb5a9643c00 read_bl 0
2013-03-14 18:10:28.818620 7fb587fff700 20 librbd::AioCompletion: AioCompletion::finalize() copied resulting 512 bytes to 0x7fb5a9643c00
2013-03-14 18:10:28.818810 7fb5876fd700 20 librbd: aio_read 0x7fb5a9162330 completion 0x7fb5a95c7420 [1084416,512]
2013-03-14 18:10:28.818820 7fb5876fd700 20 librbd: ictx_check 0x7fb5a9162330
2013-03-14 18:10:28.818829 7fb5876fd700 20 librbd: oid rb.0.1e1280.238e1f29.000000000000 1084416~512 from [0,512]
2013-03-14 18:10:28.818837 7fb5876fd700 20 librbd::AioRequest: send 0x7fb5a9647130 rb.0.1e1280.238e1f29.000000000000 1084416~512
2013-03-14 18:10:28.818858 7fb5876fd700 1 -- 172.16.156.135:0/1648258 --> 172.16.170.1:6800/1310 -- osd_op(client.2216705.0:1016 rb.0.1e1280.238e1f29.000000000000 [sparse-read 1084416~512] 2.dabde67b) v4 -- ?+0 0x7fb5a9647ff0 con 0x7fb5a91668f0
2013-03-14 18:10:28.818874 7fb5876fd700 20 librbd::AioCompletion: AioCompletion::finish_adding_requests 0x7fb5a95c7420 pending 1
2013-03-14 18:10:28.820162 7fb58ed64700 1 -- 172.16.156.135:0/1648258 <== osd.0 172.16.170.1:6800/1310 1011 ==== osd_op_reply(1016 rb.0.1e1280.238e1f29.000000000000 [sparse-read 1084416~512] = 0) v4 ==== 132+0+536 (3471335384 0 1655197926) 0x7fb5a9648600 con 0x7fb5a91668f0
2013-03-14 18:10:28.820212 7fb587fff700 20 librbd::AioRequest: should_complete 0x7fb5a9647130 rb.0.1e1280.238e1f29.000000000000 1084416~512 r = 0
2013-03-14 18:10:28.820220 7fb587fff700 10 librbd::AioCompletion: C_AioRead::finish() 0x7fb5a956dea0 r = 0
2013-03-14 18:10:28.820222 7fb587fff700 10 librbd::AioCompletion: got {1084416=512} for [0,512] bl 512
2013-03-14 18:10:28.820228 7fb587fff700 20 librbd::AioCompletion: AioCompletion::complete_request() 0x7fb5a95c7420 complete_cb=0x7fb5a6fc7170 pending 1
2013-03-14 18:10:28.820231 7fb587fff700 20 librbd::AioCompletion: AioCompletion::finalize() 0x7fb5a95c7420 rval 512 read_buf 0x7fb5a9643c00 read_bl 0
2013-03-14 18:10:28.820235 7fb587fff700 20 librbd::AioCompletion: AioCompletion::finalize() copied resulting 512 bytes to 0x7fb5a9643c00
2013-03-14 18:10:28.820405 7fb5876fd700 20 librbd: aio_read 0x7fb5a9162330 completion 0x7fb5a95c7420 [1084928,512]
2013-03-14 18:10:28.820416 7fb5876fd700 20 librbd: ictx_check 0x7fb5a9162330
2013-03-14 18:10:28.820425 7fb5876fd700 20 librbd: oid rb.0.1e1280.238e1f29.000000000000 1084928~512 from [0,512]
2013-03-14 18:10:28.820431 7fb5876fd700 20 librbd::AioRequest: send 0x7fb5a96480c0 rb.0.1e1280.238e1f29.000000000000 1084928~512
2013-03-14 18:10:28.820485 7fb5876fd700 1 -- 172.16.156.135:0/1648258 --> 172.16.170.1:6800/1310 -- osd_op(client.2216705.0:1017 rb.0.1e1280.238e1f29.000000000000 [sparse-read 1084928~512] 2.dabde67b) v4 -- ?+0 0x7fb5a9648fc0 con 0x7fb5a91668f0
2013-03-14 18:10:28.820502 7fb5876fd700 20 librbd::AioCompletion: AioCompletion::finish_adding_requests 0x7fb5a95c7420 pending 1
2013-03-14 18:10:28.821822 7fb58ed64700 1 -- 172.16.156.135:0/1648258 <== osd.0 172.16.170.1:6800/1310 1012 ==== osd_op_reply(1017 rb.0.1e1280.238e1f29.000000000000 [sparse-read 1084928~512] = 0) v4 ==== 132+0+536 (2400476452 0 3429664041) 0x7fb5a96495d0 con 0x7fb5a91668f0
2013-03-14 18:10:28.821866 7fb587fff700 20 librbd::AioRequest: should_complete 0x7fb5a96480c0 rb.0.1e1280.238e1f29.000000000000 1084928~512 r = 0
2013-03-14 18:10:28.821874 7fb587fff700 10 librbd::AioCompletion: C_AioRead::finish() 0x7fb5a925c3a0 r = 0
2013-03-14 18:10:28.821875 7fb587fff700 10 librbd::AioCompletion: got {1084928=512} for [0,512] bl 512
2013-03-14 18:10:28.821881 7fb587fff700 20 librbd::AioCompletion: AioCompletion::complete_request() 0x7fb5a95c7420 complete_cb=0x7fb5a6fc7170 pending 1
2013-03-14 18:10:28.821884 7fb587fff700 20 librbd::AioCompletion: AioCompletion::finalize() 0x7fb5a95c7420 rval 512 read_buf 0x7fb5a9643c00 read_bl 0
2013-03-14 18:10:28.821888 7fb587fff700 20 librbd::AioCompletion: AioCompletion::finalize() copied resulting 512 bytes to 0x7fb5a9643c00
2013-03-14 18:10:28.822204 7fb5876fd700 20 librbd: aio_read 0x7fb5a9162330 completion 0x7fb5a95c7420 [1085440,512]
