2013-03-14 18:10:28.315163 7fb5876fd700 20 librbd: oid rb.0.1e1280.238e1f29.000000000000 907776~512 from [0,512]
2013-03-14 18:10:28.315168 7fb5876fd700 20 librbd::AioRequest: send 0x7fb5a94f5770 rb.0.1e1280.238e1f29.000000000000 907776~512
2013-03-14 18:10:28.315184 7fb5876fd700 1 -- 172.16.156.135:0/1648258 --> 172.16.170.1:6800/1310 -- osd_op(client.2216705.0:671 rb.0.1e1280.238e1f29.000000000000 [sparse-read 907776~512] 2.dabde67b) v4 -- ?+0 0x7fb5a94f27e0 con 0x7fb5a91668f0
2013-03-14 18:10:28.315198 7fb5876fd700 20 librbd::AioCompletion: AioCompletion::finish_adding_requests 0x7fb5a9289bf0 pending 1
2013-03-14 18:10:28.316102 7fb58ed64700 1 -- 172.16.156.135:0/1648258 <== osd.0 172.16.170.1:6800/1310 666 ==== osd_op_reply(671 rb.0.1e1280.238e1f29.000000000000 [sparse-read 907776~512] = 0) v4 ==== 132+0+536 (1753491873 0 600376085) 0x7fb5a94f2d70 con 0x7fb5a91668f0
2013-03-14 18:10:28.316143 7fb587fff700 20 librbd::AioRequest: should_complete 0x7fb5a94f5770 rb.0.1e1280.238e1f29.000000000000 907776~512 r = 0
2013-03-14 18:10:28.316153 7fb587fff700 10 librbd::AioCompletion: C_AioRead::finish() 0x7fb5a94bfef0 r = 0
2013-03-14 18:10:28.316156 7fb587fff700 10 librbd::AioCompletion: got {907776=512} for [0,512] bl 512
2013-03-14 18:10:28.316161 7fb587fff700 20 librbd::AioCompletion: AioCompletion::complete_request() 0x7fb5a9289bf0 complete_cb=0x7fb5a6fc7170 pending 1
2013-03-14 18:10:28.316165 7fb587fff700 20 librbd::AioCompletion: AioCompletion::finalize() 0x7fb5a9289bf0 rval 512 read_buf 0x7fb5a94f2400 read_bl 0
2013-03-14 18:10:28.316170 7fb587fff700 20 librbd::AioCompletion: AioCompletion::finalize() copied resulting 512 bytes to 0x7fb5a94f2400
2013-03-14 18:10:28.316291 7fb5876fd700 20 librbd: aio_read 0x7fb5a9162330 completion 0x7fb5a9289bf0 [908288,512]
2013-03-14 18:10:28.316300 7fb5876fd700 20 librbd: ictx_check 0x7fb5a9162330
2013-03-14 18:10:28.316307 7fb5876fd700 20 librbd: oid rb.0.1e1280.238e1f29.000000000000 908288~512 from [0,512]
2013-03-14 18:10:28.316311 7fb5876fd700 20 librbd::AioRequest: send 0x7fb5a94f1630 rb.0.1e1280.238e1f29.000000000000 908288~512
2013-03-14 18:10:28.316327 7fb5876fd700 1 -- 172.16.156.135:0/1648258 --> 172.16.170.1:6800/1310 -- osd_op(client.2216705.0:672 rb.0.1e1280.238e1f29.000000000000 [sparse-read 908288~512] 2.dabde67b) v4 -- ?+0 0x7fb5a94f3670 con 0x7fb5a91668f0
2013-03-14 18:10:28.316341 7fb5876fd700 20 librbd::AioCompletion: AioCompletion::finish_adding_requests 0x7fb5a9289bf0 pending 1
2013-03-14 18:10:28.317305 7fb58ed64700 1 -- 172.16.156.135:0/1648258 <== osd.0 172.16.170.1:6800/1310 667 ==== osd_op_reply(672 rb.0.1e1280.238e1f29.000000000000 [sparse-read 908288~512] = 0) v4 ==== 132+0+536 (2860527269 0 3782693504) 0x7fb5a94f3c80 con 0x7fb5a91668f0
2013-03-14 18:10:28.317346 7fb587fff700 20 librbd::AioRequest: should_complete 0x7fb5a94f1630 rb.0.1e1280.238e1f29.000000000000 908288~512 r = 0
2013-03-14 18:10:28.317352 7fb587fff700 10 librbd::AioCompletion: C_AioRead::finish() 0x7fb5a92c5370 r = 0
2013-03-14 18:10:28.317354 7fb587fff700 10 librbd::AioCompletion: got {908288=512} for [0,512] bl 512
2013-03-14 18:10:28.317359 7fb587fff700 20 librbd::AioCompletion: AioCompletion::complete_request() 0x7fb5a9289bf0 complete_cb=0x7fb5a6fc7170 pending 1
2013-03-14 18:10:28.317363 7fb587fff700 20 librbd::AioCompletion: AioCompletion::finalize() 0x7fb5a9289bf0 rval 512 read_buf 0x7fb5a94f3400 read_bl 0
2013-03-14 18:10:28.317368 7fb587fff700 20 librbd::AioCompletion: AioCompletion::finalize() copied resulting 512 bytes to 0x7fb5a94f3400
2013-03-14 18:10:28.317572 7fb5876fd700 20 librbd: aio_read 0x7fb5a9162330 completion 0x7fb5a9289bf0 [908800,512]
2013-03-14 18:10:28.317580 7fb5876fd700 20 librbd: ictx_check 0x7fb5a9162330
2013-03-14 18:10:28.317588 7fb5876fd700 20 librbd: oid rb.0.1e1280.238e1f29.000000000000 908800~512 from [0,512]
2013-03-14 18:10:28.317592 7fb5876fd700 20 librbd::AioRequest: send 0x7fb5a94f2490 rb.0.1e1280.238e1f29.000000000000 908800~512
2013-03-14 18:10:28.317607 7fb5876fd700 1 -- 172.16.156.135:0/1648258 --> 172.16.170.1:6800/1310 -- osd_op(client.2216705.0:673 rb.0.1e1280.238e1f29.000000000000 [sparse-read 908800~512] 2.dabde67b) v4 -- ?+0 0x7fb5a94fa590 con 0x7fb5a91668f0
2013-03-14 18:10:28.317621 7fb5876fd700 20 librbd::AioCompletion: AioCompletion::finish_adding_requests 0x7fb5a9289bf0 pending 1
2013-03-14 18:10:28.318735 7fb58ed64700 1 -- 172.16.156.135:0/1648258 <== osd.0 172.16.170.1:6800/1310 668 ==== osd_op_reply(673 rb.0.1e1280.238e1f29.000000000000 [sparse-read 908800~512] = 0) v4 ==== 132+0+536 (3950783577 0 2628555618) 0x7fb5a94faba0 con 0x7fb5a91668f0
2013-03-14 18:10:28.318777 7fb587fff700 20 librbd::AioRequest: should_complete 0x7fb5a94f2490 rb.0.1e1280.238e1f29.000000000000 908800~512 r = 0
2013-03-14 18:10:28.318785 7fb587fff700 10 librbd::AioCompletion: C_AioRead::finish() 0x7fb5a94f33d0 r = 0
2013-03-14 18:10:28.318788 7fb587fff700 10 librbd::AioCompletion: got {908800=512} for [0,512] bl 512
2013-03-14 18:10:28.318793 7fb587fff700 20 librbd::AioCompletion: AioCompletion::complete_request() 0x7fb5a9289bf0 complete_cb=0x7fb5a6fc7170 pending 1
2013-03-14 18:10:28.318798 7fb587fff700 20 librbd::AioCompletion: AioCompletion::finalize() 0x7fb5a9289bf0 rval 512 read_buf 0x7fb5a94f3400 read_bl 0
2013-03-14 18:10:28.318803 7fb587fff700 20 librbd::AioCompletion: AioCompletion::finalize() copied resulting 512 bytes to 0x7fb5a94f3400
2013-03-14 18:10:28.319029 7fb5876fd700 20 librbd: aio_read 0x7fb5a9162330 completion 0x7fb5a9289bf0 [909312,512]
2013-03-14 18:10:28.319037 7fb5876fd700 20 librbd: ictx_check 0x7fb5a9162330
2013-03-14 18:10:28.319045 7fb5876fd700 20 librbd: oid rb.0.1e1280.238e1f29.000000000000 909312~512 from [0,512]
2013-03-14 18:10:28.319049 7fb5876fd700 20 librbd::AioRequest: send 0x7fb5a94fa590 rb.0.1e1280.238e1f29.000000000000 909312~512
2013-03-14 18:10:28.319065 7fb5876fd700 1 -- 172.16.156.135:0/1648258 --> 172.16.170.1:6800/1310 -- osd_op(client.2216705.0:674 rb.0.1e1280.238e1f29.000000000000 [sparse-read 909312~512] 2.dabde67b) v4 -- ?+0 0x7fb5a94fb710 con 0x7fb5a91668f0
2013-03-14 18:10:28.319079 7fb5876fd700 20 librbd::AioCompletion: AioCompletion::finish_adding_requests 0x7fb5a9289bf0 pending 1
2013-03-14 18:10:28.320099 7fb58ed64700 1 -- 172.16.156.135:0/1648258 <== osd.0 172.16.170.1:6800/1310 669 ==== osd_op_reply(674 rb.0.1e1280.238e1f29.000000000000 [sparse-read 909312~512] = 0) v4 ==== 132+0+536 (657283162 0 401141927) 0x7fb5a94fb710 con 0x7fb5a91668f0
2013-03-14 18:10:28.320141 7fb587fff700 20 librbd::AioRequest: should_complete 0x7fb5a94fa590 rb.0.1e1280.238e1f29.000000000000 909312~512 r = 0
2013-03-14 18:10:28.320150 7fb587fff700 10 librbd::AioCompletion: C_AioRead::finish() 0x7fb5a9353ad0 r = 0
2013-03-14 18:10:28.320153 7fb587fff700 10 librbd::AioCompletion: got {909312=512} for [0,512] bl 512
2013-03-14 18:10:28.320158 7fb587fff700 20 librbd::AioCompletion: AioCompletion::complete_request() 0x7fb5a9289bf0 complete_cb=0x7fb5a6fc7170 pending 1
2013-03-14 18:10:28.320162 7fb587fff700 20 librbd::AioCompletion: AioCompletion::finalize() 0x7fb5a9289bf0 rval 512 read_buf 0x7fb5a94fb200 read_bl 0
2013-03-14 18:10:28.320167 7fb587fff700 20 librbd::AioCompletion: AioCompletion::finalize() copied resulting 512 bytes to 0x7fb5a94fb200
2013-03-14 18:10:28.320299 7fb5876fd700 20 librbd: aio_read 0x7fb5a9162330 completion 0x7fb5a9289bf0 [909824,512]
2013-03-14 18:10:28.320307 7fb5876fd700 20 librbd: ictx_check 0x7fb5a9162330
2013-03-14 18:10:28.320315 7fb5876fd700 20 librbd: oid rb.0.1e1280.238e1f29.000000000000 909824~512 from [0,512]
2013-03-14 18:10:28.320319 7fb5876fd700 20 librbd::AioRequest: send 0x7fb5a94fbdf0 rb.0.1e1280.238e1f29.000000000000 909824~512
2013-03-14 18:10:28.320335 7fb5876fd700 1 -- 172.16.156.135:0/1648258 --> 172.16.170.1:6800/1310 -- osd_op(client.2216705.0:675 rb.0.1e1280.238e1f29.000000000000 [sparse-read 909824~512] 2.dabde67b) v4 -- ?+0 0x7fb5a94f6800 con 0x7fb5a91668f0
2013-03-14 18:10:28.320348 7fb5876fd700 20 librbd::AioCompletion: AioCompletion::finish_adding_requests 0x7fb5a9289bf0 pending 1
2013-03-14 18:10:28.321270 7fb58ed64700 1 -- 172.16.156.135:0/1648258 <== osd.0 172.16.170.1:6800/1310 670 ==== osd_op_reply(675 rb.0.1e1280.238e1f29.000000000000 [sparse-read 909824~512] = 0) v4 ==== 132+0+536 (1724996262 0 154415405) 0x7fb5a94f6e10 con 0x7fb5a91668f0
2013-03-14 18:10:28.321311 7fb587fff700 20 librbd::AioRequest: should_complete 0x7fb5a94fbdf0 rb.0.1e1280.238e1f29.000000000000 909824~512 r = 0
2013-03-14 18:10:28.321320 7fb587fff700 10 librbd::AioCompletion: C_AioRead::finish() 0x7fb5a945ac80 r = 0
2013-03-14 18:10:28.321325 7fb587fff700 10 librbd::AioCompletion: got {909824=512} for [0,512] bl 512
2013-03-14 18:10:28.321331 7fb587fff700 20 librbd::AioCompletion: AioCompletion::complete_request() 0x7fb5a9289bf0 complete_cb=0x7fb5a6fc7170 pending 1
2013-03-14 18:10:28.321335 7fb587fff700 20 librbd::AioCompletion: AioCompletion::finalize() 0x7fb5a9289bf0 rval 512 read_buf 0x7fb5a94f6200 read_bl 0
2013-03-14 18:10:28.321340 7fb587fff700 20 librbd::AioCompletion: AioCompletion::finalize() copied resulting 512 bytes to 0x7fb5a94f6200
2013-03-14 18:10:28.321751 7fb5876fd700 20 librbd: aio_read 0x7fb5a9162330 completion 0x7fb5a9289bf0 [910336,512]
2013-03-14 18:10:28.321760 7fb5876fd700 20 librbd: ictx_check 0x7fb5a9162330
2013-03-14 18:10:28.321767 7fb5876fd700 20 librbd: oid rb.0.1e1280.238e1f29.000000000000 910336~512 from [0,512]
2013-03-14 18:10:28.321772 7fb5876fd700 20 librbd::AioRequest: send 0x7fb5a94f6800 rb.0.1e1280.238e1f29.000000000000 910336~512
2013-03-14 18:10:28.321787 7fb5876fd700 1 -- 172.16.156.135:0/1648258 --> 172.16.170.1:6800/1310 -- osd_op(client.2216705.0:676 rb.0.1e1280.238e1f29.000000000000 [sparse-read 910336~512] 2.dabde67b) v4 -- ?+0 0x7fb5a94f7a00 con 0x7fb5a91668f0
2013-03-14 18:10:28.321801 7fb5876fd700 20 librbd::AioCompletion: AioCompletion::finish_adding_requests 0x7fb5a9289bf0 pending 1
2013-03-14 18:10:28.322774 7fb58ed64700 1 -- 172.16.156.135:0/1648258 <== osd.0 172.16.170.1:6800/1310 671 ==== osd_op_reply(676 rb.0.1e1280.238e1f29.000000000000 [sparse-read 910336~512] = 0) v4 ==== 132+0+536 (2765446562 0 1024766513) 0x7fb5a9500050 con 0x7fb5a91668f0
2013-03-14 18:10:28.322817 7fb587fff700 20 librbd::AioRequest: should_complete 0x7fb5a94f6800 rb.0.1e1280.238e1f29.000000000000 910336~512 r = 0
2013-03-14 18:10:28.322825 7fb587fff700 10 librbd::AioCompletion: C_AioRead::finish() 0x7fb5a933abb0 r = 0
2013-03-14 18:10:28.322829 7fb587fff700 10 librbd::AioCompletion: got {910336=512} for [0,512] bl 512
2013-03-14 18:10:28.322834 7fb587fff700 20 librbd::AioCompletion: AioCompletion::complete_request() 0x7fb5a9289bf0 complete_cb=0x7fb5a6fc7170 pending 1
2013-03-14 18:10:28.322838 7fb587fff700 20 librbd::AioCompletion: AioCompletion::finalize() 0x7fb5a9289bf0 rval 512 read_buf 0x7fb5a94f7400 read_bl 0
2013-03-14 18:10:28.322843 7fb587fff700 20 librbd::AioCompletion: AioCompletion::finalize() copied resulting 512 bytes to 0x7fb5a94f7400
2013-03-14 18:10:28.323077 7fb5876fd700 20 librbd: aio_read 0x7fb5a9162330 completion 0x7fb5a9289bf0 [910848,512]
2013-03-14 18:10:28.323086 7fb5876fd700 20 librbd: ictx_check 0x7fb5a9162330
2013-03-14 18:10:28.323093 7fb5876fd700 20 librbd: oid rb.0.1e1280.238e1f29.000000000000 910848~512 from [0,512]
2013-03-14 18:10:28.323097 7fb5876fd700 20 librbd::AioRequest: send 0x7fb5a94f7a00 rb.0.1e1280.238e1f29.000000000000 910848~512
2013-03-14 18:10:28.323113 7fb5876fd700 1 -- 172.16.156.135:0/1648258 --> 172.16.170.1:6800/1310 -- osd_op(client.2216705.0:677 rb.0.1e1280.238e1f29.000000000000 [sparse-read 910848~512] 2.dabde67b) v4 -- ?+0 0x7fb5a94f8a00 con 0x7fb5a91668f0
2013-03-14 18:10:28.323129 7fb5876fd700 20 librbd::AioCompletion: AioCompletion::finish_adding_requests 0x7fb5a9289bf0 pending 1
2013-03-14 18:10:28.324225 7fb58ed64700 1 -- 172.16.156.135:0/1648258 <== osd.0 172.16.170.1:6800/1310 672 ==== osd_op_reply(677 rb.0.1e1280.238e1f29.000000000000 [sparse-read 910848~512] = 0) v4 ==== 132+0+536 (3844693854 0 559213233) 0x7fb5a94f9010 con 0x7fb5a91668f0
2013-03-14 18:10:28.324265 7fb587fff700 20 librbd::AioRequest: should_complete 0x7fb5a94f7a00 rb.0.1e1280.238e1f29.000000000000 910848~512 r = 0
2013-03-14 18:10:28.324270 7fb587fff700 10 librbd::AioCompletion: C_AioRead::finish() 0x7fb5a948ce80 r = 0
2013-03-14 18:10:28.324273 7fb587fff700 10 librbd::AioCompletion: got {910848=512} for [0,512] bl 512
2013-03-14 18:10:28.324278 7fb587fff700 20 librbd::AioCompletion: AioCompletion::complete_request() 0x7fb5a9289bf0 complete_cb=0x7fb5a6fc7170 pending 1
2013-03-14 18:10:28.324282 7fb587fff700 20 librbd::AioCompletion: AioCompletion::finalize() 0x7fb5a9289bf0 rval 512 read_buf 0x7fb5a94f8400 read_bl 0
2013-03-14 18:10:28.324287 7fb587fff700 20 librbd::AioCompletion: AioCompletion::finalize() copied resulting 512 bytes to 0x7fb5a94f8400
2013-03-14 18:10:28.324440 7fb5876fd700 20 librbd: aio_read 0x7fb5a9162330 completion 0x7fb5a9289bf0 [911360,512]
2013-03-14 18:10:28.324449 7fb5876fd700 20 librbd: ictx_check 0x7fb5a9162330
2013-03-14 18:10:28.324456 7fb5876fd700 20 librbd: oid rb.0.1e1280.238e1f29.000000000000 911360~512 from [0,512]
2013-03-14 18:10:28.324460 7fb5876fd700 20 librbd::AioRequest: send 0x7fb5a94f8a00 rb.0.1e1280.238e1f29.000000000000 911360~512
2013-03-14 18:10:28.324476 7fb5876fd700 1 -- 172.16.156.135:0/1648258 --> 172.16.170.1:6800/1310 -- osd_op(client.2216705.0:678 rb.0.1e1280.238e1f29.000000000000 [sparse-read 911360~512] 2.dabde67b) v4 -- ?+0 0x7fb5a94f9a00 con 0x7fb5a91668f0
2013-03-14 18:10:28.324491 7fb5876fd700 20 librbd::AioCompletion: AioCompletion::finish_adding_requests 0x7fb5a9289bf0 pending 1
2013-03-14 18:10:28.325467 7fb58ed64700 1 -- 172.16.156.135:0/1648258 <== osd.0 172.16.170.1:6800/1310 673 ==== osd_op_reply(678 rb.0.1e1280.238e1f29.000000000000 [sparse-read 911360~512] = 0) v4 ==== 132+0+536 (623977819 0 1209982127) 0x7fb5a94fc090 con 0x7fb5a91668f0
2013-03-14 18:10:28.325508 7fb587fff700 20 librbd::AioRequest: should_complete 0x7fb5a94f8a00 rb.0.1e1280.238e1f29.000000000000 911360~512 r = 0
2013-03-14 18:10:28.325517 7fb587fff700 10 librbd::AioCompletion: C_AioRead::finish() 0x7fb5a93c1680 r = 0
2013-03-14 18:10:28.325520 7fb587fff700 10 librbd::AioCompletion: got {911360=512} for [0,512] bl 512
2013-03-14 18:10:28.325526 7fb587fff700 20 librbd::AioCompletion: AioCompletion::complete_request() 0x7fb5a9289bf0 complete_cb=0x7fb5a6fc7170 pending 1
2013-03-14 18:10:28.325531 7fb587fff700 20 librbd::AioCompletion: AioCompletion::finalize() 0x7fb5a9289bf0 rval 512 read_buf 0x7fb5a94f9400 read_bl 0
2013-03-14 18:10:28.325536 7fb587fff700 20 librbd::AioCompletion: AioCompletion::finalize() copied resulting 512 bytes to 0x7fb5a94f9400
2013-03-14 18:10:28.325668 7fb5876fd700 20 librbd: aio_read 0x7fb5a9162330 completion 0x7fb5a9289bf0 [911872,512]
2013-03-14 18:10:28.325677 7fb5876fd700 20 librbd: ictx_check 0x7fb5a9162330
2013-03-14 18:10:28.325685 7fb5876fd700 20 librbd: oid rb.0.1e1280.238e1f29.000000000000 911872~512 from [0,512]
2013-03-14 18:10:28.325689 7fb5876fd700 20 librbd::AioRequest: send 0x7fb5a94f9a00 rb.0.1e1280.238e1f29.000000000000 911872~512
2013-03-14 18:10:28.325705 7fb5876fd700 1 -- 172.16.156.135:0/1648258 --> 172.16.170.1:6800/1310 -- osd_op(client.2216705.0:679 rb.0.1e1280.238e1f29.000000000000 [sparse-read 911872~512] 2.dabde67b) v4 -- ?+0 0x7fb5a9500a00 con 0x7fb5a91668f0
2013-03-14 18:10:28.325718 7fb5876fd700 20 librbd::AioCompletion: AioCompletion::finish_adding_requests 0x7fb5a9289bf0 pending 1
2013-03-14 18:10:28.326632 7fb58ed64700 1 -- 172.16.156.135:0/1648258 <== osd.0 172.16.170.1:6800/1310 674 ==== osd_op_reply(679 rb.0.1e1280.238e1f29.000000000000 [sparse-read 911872~512] = 0) v4 ==== 132+0+536 (1691166631 0 2955164671) 0x7fb5a9501010 con 0x7fb5a91668f0
2013-03-14 18:10:28.326675 7fb587fff700 20 librbd::AioRequest: should_complete 0x7fb5a94f9a00 rb.0.1e1280.238e1f29.000000000000 911872~512 r = 0
2013-03-14 18:10:28.326680 7fb587fff700 10 librbd::AioCompletion: C_AioRead::finish() 0x7fb5a9260160 r = 0
2013-03-14 18:10:28.326683 7fb587fff700 10 librbd::AioCompletion: got {911872=512} for [0,512] bl 512
2013-03-14 18:10:28.326688 7fb587fff700 20 librbd::AioCompletion: AioCompletion::complete_request() 0x7fb5a9289bf0 complete_cb=0x7fb5a6fc7170 pending 1
2013-03-14 18:10:28.326693 7fb587fff700 20 librbd::AioCompletion: AioCompletion::finalize() 0x7fb5a9289bf0 rval 512 read_buf 0x7fb5a9500400 read_bl 0
2013-03-14 18:10:28.326698 7fb587fff700 20 librbd::AioCompletion: AioCompletion::finalize() copied resulting 512 bytes to 0x7fb5a9500400
2013-03-14 18:10:28.326824 7fb5876fd700 20 librbd: aio_read 0x7fb5a9162330 completion 0x7fb5a9289bf0 [912384,512]
2013-03-14 18:10:28.326833 7fb5876fd700 20 librbd: ictx_check 0x7fb5a9162330
2013-03-14 18:10:28.326840 7fb5876fd700 20 librbd: oid rb.0.1e1280.238e1f29.000000000000 912384~512 from [0,512]
2013-03-14 18:10:28.326845 7fb5876fd700 20 librbd::AioRequest: send 0x7fb5a9500ad0 rb.0.1e1280.238e1f29.000000000000 912384~512
2013-03-14 18:10:28.326860 7fb5876fd700 1 -- 172.16.156.135:0/1648258 --> 172.16.170.1:6800/1310 -- osd_op(client.2216705.0:680 rb.0.1e1280.238e1f29.000000000000 [sparse-read 912384~512] 2.dabde67b) v4 -- ?+0 0x7fb5a9501a00 con 0x7fb5a91668f0
2013-03-14 18:10:28.326874 7fb5876fd700 20 librbd::AioCompletion: AioCompletion::finish_adding_requests 0x7fb5a9289bf0 pending 1
2013-03-14 18:10:28.327729 7fb58ed64700 1 -- 172.16.156.135:0/1648258 <== osd.0 172.16.170.1:6800/1310 675 ==== osd_op_reply(680 rb.0.1e1280.238e1f29.000000000000 [sparse-read 912384~512] = 0) v4 ==== 132+0+536 (2798198947 0 4225006557) 0x7fb5a94fc090 con 0x7fb5a91668f0
2013-03-14 18:10:28.327771 7fb587fff700 20 librbd::AioRequest: should_complete 0x7fb5a9500ad0 rb.0.1e1280.238e1f29.000000000000 912384~512 r = 0
2013-03-14 18:10:28.327780 7fb587fff700 10 librbd::AioCompletion: C_AioRead::finish() 0x7fb5a92b74b0 r = 0
2013-03-14 18:10:28.327783 7fb587fff700 10 librbd::AioCompletion: got {912384=512} for [0,512] bl 512
2013-03-14 18:10:28.327788 7fb587fff700 20 librbd::AioCompletion: AioCompletion::complete_request() 0x7fb5a9289bf0 complete_cb=0x7fb5a6fc7170 pending 1
2013-03-14 18:10:28.327793 7fb587fff700 20 librbd::AioCompletion: AioCompletion::finalize() 0x7fb5a9289bf0 rval 512 read_buf 0x7fb5a9501400 read_bl 0
2013-03-14 18:10:28.327797 7fb587fff700 20 librbd::AioCompletion: AioCompletion::finalize() copied resulting 512 bytes to 0x7fb5a9501400
2013-03-14 18:10:28.327917 7fb5876fd700 20 librbd: aio_read 0x7fb5a9162330 completion 0x7fb5a9289bf0 [912896,512]
2013-03-14 18:10:28.327926 7fb5876fd700 20 librbd: ictx_check 0x7fb5a9162330
2013-03-14 18:10:28.327933 7fb5876fd700 20 librbd: oid rb.0.1e1280.238e1f29.000000000000 912896~512 from [0,512]
2013-03-14 18:10:28.327938 7fb5876fd700 20 librbd::AioRequest: send 0x7fb5a9501a00 rb.0.1e1280.238e1f29.000000000000 912896~512
2013-03-14 18:10:28.327953 7fb5876fd700 1 -- 172.16.156.135:0/1648258 --> 172.16.170.1:6800/1310 -- osd_op(client.2216705.0:681 rb.0.1e1280.238e1f29.000000000000 [sparse-read 912896~512] 2.dabde67b) v4 -- ?+0 0x7fb5a94fcc00 con 0x7fb5a91668f0
2013-03-14 18:10:28.327967 7fb5876fd700 20 librbd::AioCompletion: AioCompletion::finish_adding_requests 0x7fb5a9289bf0 pending 1
2013-03-14 18:10:28.328882 7fb58ed64700 1 -- 172.16.156.135:0/1648258 <== osd.0 172.16.170.1:6800/1310 676 ==== osd_op_reply(681 rb.0.1e1280.238e1f29.000000000000 [sparse-read 912896~512] = 0) v4 ==== 132+0+536 (3879019103 0 2608308956) 0x7fb5a9506050 con 0x7fb5a91668f0
2013-03-14 18:10:28.328926 7fb587fff700 20 librbd::AioRequest: should_complete 0x7fb5a9501a00 rb.0.1e1280.238e1f29.000000000000 912896~512 r = 0
2013-03-14 18:10:28.328934 7fb587fff700 10 librbd::AioCompletion: C_AioRead::finish() 0x7fb5a924b020 r = 0
2013-03-14 18:10:28.328937 7fb587fff700 10 librbd::AioCompletion: got {912896=512} for [0,512] bl 512
2013-03-14 18:10:28.328943 7fb587fff700 20 librbd::AioCompletion: AioCompletion::complete_request() 0x7fb5a9289bf0 complete_cb=0x7fb5a6fc7170 pending 1
2013-03-14 18:10:28.328946 7fb587fff700 20 librbd::AioCompletion: AioCompletion::finalize() 0x7fb5a9289bf0 rval 512 read_buf 0x7fb5a94fc600 read_bl 0
2013-03-14 18:10:28.328952 7fb587fff700 20 librbd::AioCompletion: AioCompletion::finalize() copied resulting 512 bytes to 0x7fb5a94fc600
2013-03-14 18:10:28.329098 7fb5876fd700 20 librbd: aio_read 0x7fb5a9162330 completion 0x7fb5a9289bf0 [913408,512]
2013-03-14 18:10:28.329107 7fb5876fd700 20 librbd: ictx_check 0x7fb5a9162330
2013-03-14 18:10:28.329115 7fb5876fd700 20 librbd: oid rb.0.1e1280.238e1f29.000000000000 913408~512 from [0,512]
2013-03-14 18:10:28.329119 7fb5876fd700 20 librbd::AioRequest: send 0x7fb5a94fcc00 rb.0.1e1280.238e1f29.000000000000 913408~512
2013-03-14 18:10:28.329134 7fb5876fd700 1 -- 172.16.156.135:0/1648258 --> 172.16.170.1:6800/1310 -- osd_op(client.2216705.0:682 rb.0.1e1280.238e1f29.000000000000 [sparse-read 913408~512] 2.dabde67b) v4 -- ?+0 0x7fb5a94fdb70 con 0x7fb5a91668f0
2013-03-14 18:10:28.329148 7fb5876fd700 20 librbd::AioCompletion: AioCompletion::finish_adding_requests 0x7fb5a9289bf0 pending 1
2013-03-14 18:10:28.330080 7fb58ed64700 1 -- 172.16.156.135:0/1648258 <== osd.0 172.16.170.1:6800/1310 677 ==== osd_op_reply(682 rb.0.1e1280.238e1f29.000000000000 [sparse-read 913408~512] = 0) v4 ==== 132+0+536 (588620376 0 814666986) 0x7fb5a94fe180 con 0x7fb5a91668f0
2013-03-14 18:10:28.330125 7fb587fff700 20 librbd::AioRequest: should_complete 0x7fb5a94fcc00 rb.0.1e1280.238e1f29.000000000000 913408~512 r = 0
2013-03-14 18:10:28.330136 7fb587fff700 10 librbd::AioCompletion: C_AioRead::finish() 0x7fb5a94cacf0 r = 0
2013-03-14 18:10:28.330139 7fb587fff700 10 librbd::AioCompletion: got {913408=512} for [0,512] bl 512
2013-03-14 18:10:28.330144 7fb587fff700 20 librbd::AioCompletion: AioCompletion::complete_request() 0x7fb5a9289bf0 complete_cb=0x7fb5a6fc7170 pending 1
2013-03-14 18:10:28.330148 7fb587fff700 20 librbd::AioCompletion: AioCompletion::finalize() 0x7fb5a9289bf0 rval 512 read_buf 0x7fb5a94fc600 read_bl 0
2013-03-14 18:10:28.330151 7fb587fff700 20 librbd::AioCompletion: AioCompletion::finalize() copied resulting 512 bytes to 0x7fb5a94fc600
2013-03-14 18:10:28.330300 7fb5876fd700 20 librbd: aio_read 0x7fb5a9162330 completion 0x7fb5a9289bf0 [913920,512]
2013-03-14 18:10:28.330308 7fb5876fd700 20 librbd: ictx_check 0x7fb5a9162330
2013-03-14 18:10:28.330316 7fb5876fd700 20 librbd: oid rb.0.1e1280.238e1f29.000000000000 913920~512 from [0,512]
2013-03-14 18:10:28.330320 7fb5876fd700 20 librbd::AioRequest: send 0x7fb5a94fdb70 rb.0.1e1280.238e1f29.000000000000 913920~512
2013-03-14 18:10:28.330335 7fb5876fd700 1 -- 172.16.156.135:0/1648258 --> 172.16.170.1:6800/1310 -- osd_op(client.2216705.0:683 rb.0.1e1280.238e1f29.000000000000 [sparse-read 913920~512] 2.dabde67b) v4 -- ?+0 0x7fb5a94fec00 con 0x7fb5a91668f0
2013-03-14 18:10:28.330349 7fb5876fd700 20 librbd::AioCompletion: AioCompletion::finish_adding_requests 0x7fb5a9289bf0 pending 1
2013-03-14 18:10:28.331312 7fb58ed64700 1 -- 172.16.156.135:0/1648258 <== osd.0 172.16.170.1:6800/1310 678 ==== osd_op_reply(683 rb.0.1e1280.238e1f29.000000000000 [sparse-read 913920~512] = 0) v4 ==== 132+0+536 (1659478180 0 2745471783) 0x7fb5a94ff210 con 0x7fb5a91668f0
2013-03-14 18:10:28.331408 7fb587fff700 20 librbd::AioRequest: should_complete 0x7fb5a94fdb70 rb.0.1e1280.238e1f29.000000000000 913920~512 r = 0
2013-03-14 18:10:28.331420 7fb587fff700 10 librbd::AioCompletion: C_AioRead::finish() 0x7fb5a93897b0 r = 0
2013-03-14 18:10:28.331423 7fb587fff700 10 librbd::AioCompletion: got {913920=512} for [0,512] bl 512
2013-03-14 18:10:28.331429 7fb587fff700 20 librbd::AioCompletion: AioCompletion::complete_request() 0x7fb5a9289bf0 complete_cb=0x7fb5a6fc7170 pending 1
2013-03-14 18:10:28.331432 7fb587fff700 20 librbd::AioCompletion: AioCompletion::finalize() 0x7fb5a9289bf0 rval 512 read_buf 0x7fb5a94fe600 read_bl 0
2013-03-14 18:10:28.331437 7fb587fff700 20 librbd::AioCompletion: AioCompletion::finalize() copied resulting 512 bytes to 0x7fb5a94fe600
2013-03-14 18:10:28.331611 7fb5876fd700 20 librbd: aio_read 0x7fb5a9162330 completion 0x7fb5a9289bf0 [914432,512]
2013-03-14 18:10:28.331619 7fb5876fd700 20 librbd: ictx_check 0x7fb5a9162330
2013-03-14 18:10:28.331627 7fb5876fd700 20 librbd: oid rb.0.1e1280.238e1f29.000000000000 914432~512 from [0,512]
2013-03-14 18:10:28.331631 7fb5876fd700 20 librbd::AioRequest: send 0x7fb5a94fecd0 rb.0.1e1280.238e1f29.000000000000 914432~512
2013-03-14 18:10:28.331647 7fb5876fd700 1 -- 172.16.156.135:0/1648258 --> 172.16.170.1:6800/1310 -- osd_op(client.2216705.0:684 rb.0.1e1280.238e1f29.000000000000 [sparse-read 914432~512] 2.dabde67b) v4 -- ?+0 0x7fb5a94ffc00 con 0x7fb5a91668f0
2013-03-14 18:10:28.331661 7fb5876fd700 20 librbd::AioCompletion: AioCompletion::finish_adding_requests 0x7fb5a9289bf0 pending 1
2013-03-14 18:10:28.332762 7fb58ed64700 1 -- 172.16.156.135:0/1648258 <== osd.0 172.16.170.1:6800/1310 679 ==== osd_op_reply(684 rb.0.1e1280.238e1f29.000000000000 [sparse-read 914432~512] = 0) v4 ==== 132+0+536 (2699929504 0 1758696400) 0x7fb5a9502160 con 0x7fb5a91668f0
2013-03-14 18:10:28.332804 7fb587fff700 20 librbd::AioRequest: should_complete 0x7fb5a94fecd0 rb.0.1e1280.238e1f29.000000000000 914432~512 r = 0
2013-03-14 18:10:28.332814 7fb587fff700 10 librbd::AioCompletion: C_AioRead::finish() 0x7fb5a92832e0 r = 0
2013-03-14 18:10:28.332817 7fb587fff700 10 librbd::AioCompletion: got {914432=512} for [0,512] bl 512
2013-03-14 18:10:28.332823 7fb587fff700 20 librbd::AioCompletion: AioCompletion::complete_request() 0x7fb5a9289bf0 complete_cb=0x7fb5a6fc7170 pending 1
2013-03-14 18:10:28.332826 7fb587fff700 20 librbd::AioCompletion: AioCompletion::finalize() 0x7fb5a9289bf0 rval 512 read_buf 0x7fb5a94ff600 read_bl 0
2013-03-14 18:10:28.332829 7fb587fff700 20 librbd::AioCompletion: AioCompletion::finalize() copied resulting 512 bytes to 0x7fb5a94ff600
2013-03-14 18:10:28.332962 7fb5876fd700 20 librbd: aio_read 0x7fb5a9162330 completion 0x7fb5a9289bf0 [914944,512]
2013-03-14 18:10:28.332971 7fb5876fd700 20 librbd: ictx_check 0x7fb5a9162330
2013-03-14 18:10:28.332978 7fb5876fd700 20 librbd: oid rb.0.1e1280.238e1f29.000000000000 914944~512 from [0,512]
2013-03-14 18:10:28.332983 7fb5876fd700 20 librbd::AioRequest: send 0x7fb5a94ffc00 rb.0.1e1280.238e1f29.000000000000 914944~512
2013-03-14 18:10:28.332998 7fb5876fd700 1 -- 172.16.156.135:0/1648258 --> 172.16.170.1:6800/1310 -- osd_op(client.2216705.0:685 rb.0.1e1280.238e1f29.000000000000 [sparse-read 914944~512] 2.dabde67b) v4 -- ?+0 0x7fb5a9506c00 con 0x7fb5a91668f0
2013-03-14 18:10:28.333011 7fb5876fd700 20 librbd::AioCompletion: AioCompletion::finish_adding_requests 0x7fb5a9289bf0 pending 1
2013-03-14 18:10:28.333971 7fb58ed64700 1 -- 172.16.156.135:0/1648258 <== osd.0 172.16.170.1:6800/1310 680 ==== osd_op_reply(685 rb.0.1e1280.238e1f29.000000000000 [sparse-read 914944~512] = 0) v4 ==== 132+0+536 (3776030044 0 3719700918) 0x7fb5a9507210 con 0x7fb5a91668f0
2013-03-14 18:10:28.334044 7fb587fff700 20 librbd::AioRequest: should_complete 0x7fb5a94ffc00 rb.0.1e1280.238e1f29.000000000000 914944~512 r = 0
2013-03-14 18:10:28.334052 7fb587fff700 10 librbd::AioCompletion: C_AioRead::finish() 0x7fb5a9296d70 r = 0
2013-03-14 18:10:28.334054 7fb587fff700 10 librbd::AioCompletion: got {914944=512} for [0,512] bl 512
2013-03-14 18:10:28.334059 7fb587fff700 20 librbd::AioCompletion: AioCompletion::complete_request() 0x7fb5a9289bf0 complete_cb=0x7fb5a6fc7170 pending 1
2013-03-14 18:10:28.334063 7fb587fff700 20 librbd::AioCompletion: AioCompletion::finalize() 0x7fb5a9289bf0 rval 512 read_buf 0x7fb5a9506600 read_bl 0
2013-03-14 18:10:28.334066 7fb587fff700 20 librbd::AioCompletion: AioCompletion::finalize() copied resulting 512 bytes to 0x7fb5a9506600
2013-03-14 18:10:28.334246 7fb5876fd700 20 librbd: aio_read 0x7fb5a9162330 completion 0x7fb5a9289bf0 [915456,512]
2013-03-14 18:10:28.334255 7fb5876fd700 20 librbd: ictx_check 0x7fb5a9162330
2013-03-14 18:10:28.334262 7fb5876fd700 20 librbd: oid rb.0.1e1280.238e1f29.000000000000 915456~512 from [0,512]
2013-03-14 18:10:28.334266 7fb5876fd700 20 librbd::AioRequest: send 0x7fb5a9506c00 rb.0.1e1280.238e1f29.000000000000 915456~512
2013-03-14 18:10:28.334281 7fb5876fd700 1 -- 172.16.156.135:0/1648258 --> 172.16.170.1:6800/1310 -- osd_op(client.2216705.0:686 rb.0.1e1280.238e1f29.000000000000 [sparse-read 915456~512] 2.dabde67b) v4 -- ?+0 0x7fb5a9507c00 con 0x7fb5a91668f0
2013-03-14 18:10:28.334295 7fb5876fd700 20 librbd::AioCompletion: AioCompletion::finish_adding_requests 0x7fb5a9289bf0 pending 1
2013-03-14 18:10:28.335351 7fb58ed64700 1 -- 172.16.156.135:0/1648258 <== osd.0 172.16.170.1:6800/1310 681 ==== osd_op_reply(686 rb.0.1e1280.238e1f29.000000000000 [sparse-read 915456~512] = 0) v4 ==== 132+0+536 (554295129 0 323133925) 0x7fb5a9502160 con 0x7fb5a91668f0
2013-03-14 18:10:28.335438 7fb587fff700 20 librbd::AioRequest: should_complete 0x7fb5a9506c00 rb.0.1e1280.238e1f29.000000000000 915456~512 r = 0
2013-03-14 18:10:28.335451 7fb587fff700 10 librbd::AioCompletion: C_AioRead::finish() 0x7fb5a938aa80 r = 0
2013-03-14 18:10:28.335454 7fb587fff700 10 librbd::AioCompletion: got {915456=512} for [0,512] bl 512
2013-03-14 18:10:28.335459 7fb587fff700 20 librbd::AioCompletion: AioCompletion::complete_request() 0x7fb5a9289bf0 complete_cb=0x7fb5a6fc7170 pending 1
2013-03-14 18:10:28.335462 7fb587fff700 20 librbd::AioCompletion: AioCompletion::finalize() 0x7fb5a9289bf0 rval 512 read_buf 0x7fb5a9507600 read_bl 0
2013-03-14 18:10:28.335466 7fb587fff700 20 librbd::AioCompletion: AioCompletion::finalize() copied resulting 512 bytes to 0x7fb5a9507600
2013-03-14 18:10:28.335642 7fb5876fd700 20 librbd: aio_read 0x7fb5a9162330 completion 0x7fb5a9289bf0 [915968,512]
2013-03-14 18:10:28.335650 7fb5876fd700 20 librbd: ictx_check 0x7fb5a9162330
2013-03-14 18:10:28.335658 7fb5876fd700 20 librbd: oid rb.0.1e1280.238e1f29.000000000000 915968~512 from [0,512]
2013-03-14 18:10:28.335662 7fb5876fd700 20 librbd::AioRequest: send 0x7fb5a9507c00 rb.0.1e1280.238e1f29.000000000000 915968~512
2013-03-14 18:10:28.335677 7fb5876fd700 1 -- 172.16.156.135:0/1648258 --> 172.16.170.1:6800/1310 -- osd_op(client.2216705.0:687 rb.0.1e1280.238e1f29.000000000000 [sparse-read 915968~512] 2.dabde67b) v4 -- ?+0 0x7fb5a9502b90 con 0x7fb5a91668f0
2013-03-14 18:10:28.335691 7fb5876fd700 20 librbd::AioCompletion: AioCompletion::finish_adding_requests 0x7fb5a9289bf0 pending 1
2013-03-14 18:10:28.336665 7fb58ed64700 1 -- 172.16.156.135:0/1648258 <== osd.0 172.16.170.1:6800/1310 682 ==== osd_op_reply(687 rb.0.1e1280.238e1f29.000000000000 [sparse-read 915968~512] = 0) v4 ==== 132+0+536 (1626725797 0 113343479) 0x7fb5a950c050 con 0x7fb5a91668f0
2013-03-14 18:10:28.336710 7fb587fff700 20 librbd::AioRequest: should_complete 0x7fb5a9507c00 rb.0.1e1280.238e1f29.000000000000 915968~512 r = 0
2013-03-14 18:10:28.336721 7fb587fff700 10 librbd::AioCompletion: C_AioRead::finish() 0x7fb5a94c7e60 r = 0
2013-03-14 18:10:28.336723 7fb587fff700 10 librbd::AioCompletion: got {915968=512} for [0,512] bl 512
2013-03-14 18:10:28.336728 7fb587fff700 20 librbd::AioCompletion: AioCompletion::complete_request() 0x7fb5a9289bf0 complete_cb=0x7fb5a6fc7170 pending 1
2013-03-14 18:10:28.336731 7fb587fff700 20 librbd::AioCompletion: AioCompletion::finalize() 0x7fb5a9289bf0 rval 512 read_buf 0x7fb5a9502800 read_bl 0
2013-03-14 18:10:28.336734 7fb587fff700 20 librbd::AioCompletion: AioCompletion::finalize() copied resulting 512 bytes to 0x7fb5a9502800
2013-03-14 18:10:28.336863 7fb5876fd700 20 librbd: aio_read 0x7fb5a9162330 completion 0x7fb5a9289bf0 [916480,512]
2013-03-14 18:10:28.336872 7fb5876fd700 20 librbd: ictx_check 0x7fb5a9162330
2013-03-14 18:10:28.336880 7fb5876fd700 20 librbd: oid rb.0.1e1280.238e1f29.000000000000 916480~512 from [0,512]
2013-03-14 18:10:28.336884 7fb5876fd700 20 librbd::AioRequest: send 0x7fb5a9507800 rb.0.1e1280.238e1f29.000000000000 916480~512
2013-03-14 18:10:28.336900 7fb5876fd700 1 -- 172.16.156.135:0/1648258 --> 172.16.170.1:6800/1310 -- osd_op(client.2216705.0:688 rb.0.1e1280.238e1f29.000000000000 [sparse-read 916480~512] 2.dabde67b) v4 -- ?+0 0x7fb5a9503c80 con 0x7fb5a91668f0
2013-03-14 18:10:28.336914 7fb5876fd700 20 librbd::AioCompletion: AioCompletion::finish_adding_requests 0x7fb5a9289bf0 pending 1
2013-03-14 18:10:28.337833 7fb58ed64700 1 -- 172.16.156.135:0/1648258 <== osd.0 172.16.170.1:6800/1310 683 ==== osd_op_reply(688 rb.0.1e1280.238e1f29.000000000000 [sparse-read 916480~512] = 0) v4 ==== 132+0+536 (2733759137 0 3962537350) 0x7fb5a9504290 con 0x7fb5a91668f0
2013-03-14 18:10:28.337873 7fb587fff700 20 librbd::AioRequest: should_complete 0x7fb5a9507800 rb.0.1e1280.238e1f29.000000000000 916480~512 r = 0
2013-03-14 18:10:28.337892 7fb587fff700 10 librbd::AioCompletion: C_AioRead::finish() 0x7fb5a9332d50 r = 0
2013-03-14 18:10:28.337895 7fb587fff700 10 librbd::AioCompletion: got {916480=512} for [0,512] bl 512
2013-03-14 18:10:28.337929 7fb587fff700 20 librbd::AioCompletion: AioCompletion::complete_request() 0x7fb5a9289bf0 complete_cb=0x7fb5a6fc7170 pending 1
2013-03-14 18:10:28.337940 7fb587fff700 20 librbd::AioCompletion: AioCompletion::finalize() 0x7fb5a9289bf0 rval 512 read_buf 0x7fb5a9503800 read_bl 0
2013-03-14 18:10:28.337947 7fb587fff700 20 librbd::AioCompletion: AioCompletion::finalize() copied resulting 512 bytes to 0x7fb5a9503800
2013-03-14 18:10:28.338131 7fb5876fd700 20 librbd: aio_read 0x7fb5a9162330 completion 0x7fb5a9289bf0 [916992,512]
2013-03-14 18:10:28.338140 7fb5876fd700 20 librbd: ictx_check 0x7fb5a9162330
2013-03-14 18:10:28.338147 7fb5876fd700 20 librbd: oid rb.0.1e1280.238e1f29.000000000000 916992~512 from [0,512]
2013-03-14 18:10:28.338151 7fb5876fd700 20 librbd::AioRequest: send 0x7fb5a95028d0 rb.0.1e1280.238e1f29.000000000000 916992~512
2013-03-14 18:10:28.338167 7fb5876fd700 1 -- 172.16.156.135:0/1648258 --> 172.16.170.1:6800/1310 -- osd_op(client.2216705.0:689 rb.0.1e1280.238e1f29.000000000000 [sparse-read 916992~512] 2.dabde67b) v4 -- ?+0 0x7fb5a9504e00 con 0x7fb5a91668f0
2013-03-14 18:10:28.338180 7fb5876fd700 20 librbd::AioCompletion: AioCompletion::finish_adding_requests 0x7fb5a9289bf0 pending 1
2013-03-14 18:10:28.339084 7fb58ed64700 1 -- 172.16.156.135:0/1648258 <== osd.0 172.16.170.1:6800/1310 684 ==== osd_op_reply(689 rb.0.1e1280.238e1f29.000000000000 [sparse-read 916992~512] = 0) v4 ==== 132+0+536 (3809335389 0 348417925) 0x7fb5a9505340 con 0x7fb5a91668f0
2013-03-14 18:10:28.339167 7fb587fff700 20 librbd::AioRequest: should_complete 0x7fb5a95028d0 rb.0.1e1280.238e1f29.000000000000 916992~512 r = 0
2013-03-14 18:10:28.339180 7fb587fff700 10 librbd::AioCompletion: C_AioRead::finish() 0x7fb5a931da60 r = 0
2013-03-14 18:10:28.339183 7fb587fff700 10 librbd::AioCompletion: got {916992=512} for [0,512] bl 512
2013-03-14 18:10:28.339189 7fb587fff700 20 librbd::AioCompletion: AioCompletion::complete_request() 0x7fb5a9289bf0 complete_cb=0x7fb5a6fc7170 pending 1
2013-03-14 18:10:28.339192 7fb587fff700 20 librbd::AioCompletion: AioCompletion::finalize() 0x7fb5a9289bf0 rval 512 read_buf 0x7fb5a9504800 read_bl 0
2013-03-14 18:10:28.339196 7fb587fff700 20 librbd::AioCompletion: AioCompletion::finalize() copied resulting 512 bytes to 0x7fb5a9504800
2013-03-14 18:10:28.339322 7fb5876fd700 20 librbd: aio_read 0x7fb5a9162330 completion 0x7fb5a9289bf0 [917504,512]
2013-03-14 18:10:28.339331 7fb5876fd700 20 librbd: ictx_check 0x7fb5a9162330
2013-03-14 18:10:28.339339 7fb5876fd700 20 librbd: oid rb.0.1e1280.238e1f29.000000000000 917504~512 from [0,512]
2013-03-14 18:10:28.339343 7fb5876fd700 20 librbd::AioRequest: send 0x7fb5a9504db0 rb.0.1e1280.238e1f29.000000000000 917504~512
2013-03-14 18:10:28.339365 7fb5876fd700 1 -- 172.16.156.135:0/1648258 --> 172.16.170.1:6800/1310 -- osd_op(client.2216705.0:690 rb.0.1e1280.238e1f29.000000000000 [sparse-read 917504~512] 2.dabde67b) v4 -- ?+0 0x7fb5a9508090 con 0x7fb5a91668f0
2013-03-14 18:10:28.339379 7fb5876fd700 20 librbd::AioCompletion: AioCompletion::finish_adding_requests 0x7fb5a9289bf0 pending 1
2013-03-14 18:10:28.340381 7fb58ed64700 1 -- 172.16.156.135:0/1648258 <== osd.0 172.16.170.1:6800/1310 685 ==== osd_op_reply(690 rb.0.1e1280.238e1f29.000000000000 [sparse-read 917504~512] = 0) v4 ==== 132+0+536 (3672667174 0 430570820) 0x7fb5a95086a0 con 0x7fb5a91668f0
2013-03-14 18:10:28.340422 7fb587fff700 20 librbd::AioRequest: should_complete 0x7fb5a9504db0 rb.0.1e1280.238e1f29.000000000000 917504~512 r = 0
2013-03-14 18:10:28.340432 7fb587fff700 10 librbd::AioCompletion: C_AioRead::finish() 0x7fb5a9342ad0 r = 0
2013-03-14 18:10:28.340435 7fb587fff700 10 librbd::AioCompletion: got {917504=512} for [0,512] bl 512
2013-03-14 18:10:28.340439 7fb587fff700 20 librbd::AioCompletion: AioCompletion::complete_request() 0x7fb5a9289bf0 complete_cb=0x7fb5a6fc7170 pending 1
2013-03-14 18:10:28.340442 7fb587fff700 20 librbd::AioCompletion: AioCompletion::finalize() 0x7fb5a9289bf0 rval 512 read_buf 0x7fb5a9505a00 read_bl 0
2013-03-14 18:10:28.340446 7fb587fff700 20 librbd::AioCompletion: AioCompletion::finalize() copied resulting 512 bytes to 0x7fb5a9505a00
2013-03-14 18:10:28.340689 7fb5876fd700 20 librbd: aio_read 0x7fb5a9162330 completion 0x7fb5a9289bf0 [918016,512]
2013-03-14 18:10:28.340698 7fb5876fd700 20 librbd: ictx_check 0x7fb5a9162330
2013-03-14 18:10:28.340705 7fb5876fd700 20 librbd: oid rb.0.1e1280.238e1f29.000000000000 918016~512 from [0,512]
2013-03-14 18:10:28.340709 7fb5876fd700 20 librbd::AioRequest: send 0x7fb5a9508090 rb.0.1e1280.238e1f29.000000000000 918016~512
2013-03-14 18:10:28.340725 7fb5876fd700 1 -- 172.16.156.135:0/1648258 --> 172.16.170.1:6800/1310 -- osd_op(client.2216705.0:691 rb.0.1e1280.238e1f29.000000000000 [sparse-read 918016~512] 2.dabde67b) v4 -- ?+0 0x7fb5a950ca00 con 0x7fb5a91668f0
2013-03-14 18:10:28.340738 7fb5876fd700 20 librbd::AioCompletion: AioCompletion::finish_adding_requests 0x7fb5a9289bf0 pending 1
2013-03-14 18:10:28.341790 7fb58ed64700 1 -- 172.16.156.135:0/1648258 <== osd.0 172.16.170.1:6800/1310 686 ==== osd_op_reply(691 rb.0.1e1280.238e1f29.000000000000 [sparse-read 918016~512] = 0) v4 ==== 132+0+536 (2601809626 0 3634552729) 0x7fb5a950d010 con 0x7fb5a91668f0
2013-03-14 18:10:28.341831 7fb587fff700 20 librbd::AioRequest: should_complete 0x7fb5a9508090 rb.0.1e1280.238e1f29.000000000000 918016~512 r = 0
2013-03-14 18:10:28.341842 7fb587fff700 10 librbd::AioCompletion: C_AioRead::finish() 0x7fb5a927c470 r = 0
2013-03-14 18:10:28.341846 7fb587fff700 10 librbd::AioCompletion: got {918016=512} for [0,512] bl 512
2013-03-14 18:10:28.341850 7fb587fff700 20 librbd::AioCompletion: AioCompletion::complete_request() 0x7fb5a9289bf0 complete_cb=0x7fb5a6fc7170 pending 1
2013-03-14 18:10:28.341853 7fb587fff700 20 librbd::AioCompletion: AioCompletion::finalize() 0x7fb5a9289bf0 rval 512 read_buf 0x7fb5a950c400 read_bl 0
2013-03-14 18:10:28.341856 7fb587fff700 20 librbd::AioCompletion: AioCompletion::finalize() copied resulting 512 bytes to 0x7fb5a950c400
2013-03-14 18:10:28.342275 7fb5876fd700 20 librbd: aio_read 0x7fb5a9162330 completion 0x7fb5a9289bf0 [918528,512]
2013-03-14 18:10:28.342284 7fb5876fd700 20 librbd: ictx_check 0x7fb5a9162330
2013-03-14 18:10:28.342291 7fb5876fd700 20 librbd: oid rb.0.1e1280.238e1f29.000000000000 918528~512 from [0,512]
2013-03-14 18:10:28.342295 7fb5876fd700 20 librbd::AioRequest: send 0x7fb5a950ca00 rb.0.1e1280.238e1f29.000000000000 918528~512
2013-03-14 18:10:28.342311 7fb5876fd700 1 -- 172.16.156.135:0/1648258 --> 172.16.170.1:6800/1310 -- osd_op(client.2216705.0:692 rb.0.1e1280.238e1f29.000000000000 [sparse-read 918528~512] 2.dabde67b) v4 -- ?+0 0x7fb5a950d790 con 0x7fb5a91668f0
2013-03-14 18:10:28.342325 7fb5876fd700 20 librbd::AioCompletion: AioCompletion::finish_adding_requests 0x7fb5a9289bf0 pending 1
2013-03-14 18:10:28.343336 7fb58ed64700 1 -- 172.16.156.135:0/1648258 <== osd.0 172.16.170.1:6800/1310 687 ==== osd_op_reply(692 rb.0.1e1280.238e1f29.000000000000 [sparse-read 918528~512] = 0) v4 ==== 132+0+536 (1494249950 0 1568876737) 0x7fb5a950d790 con 0x7fb5a91668f0
2013-03-14 18:10:28.343390 7fb587fff700 20 librbd::AioRequest: should_complete 0x7fb5a950ca00 rb.0.1e1280.238e1f29.000000000000 918528~512 r = 0
2013-03-14 18:10:28.343406 7fb587fff700 10 librbd::AioCompletion: C_AioRead::finish() 0x7fb5a940a020 r = 0
2013-03-14 18:10:28.343409 7fb587fff700 10 librbd::AioCompletion: got {918528=512} for [0,512] bl 512
2013-03-14 18:10:28.343416 7fb587fff700 20 librbd::AioCompletion: AioCompletion::complete_request() 0x7fb5a9289bf0 complete_cb=0x7fb5a6fc7170 pending 1
2013-03-14 18:10:28.343420 7fb587fff700 20 librbd::AioCompletion: AioCompletion::finalize() 0x7fb5a9289bf0 rval 512 read_buf 0x7fb5a950d400 read_bl 0
2013-03-14 18:10:28.343425 7fb587fff700 20 librbd::AioCompletion: AioCompletion::finalize() copied resulting 512 bytes to 0x7fb5a950d400
2013-03-14 18:10:28.343590 7fb5876fd700 20 librbd: aio_read 0x7fb5a9162330 completion 0x7fb5a9289bf0 [919040,512]
2013-03-14 18:10:28.343598 7fb5876fd700 20 librbd: ictx_check 0x7fb5a9162330
2013-03-14 18:10:28.343606 7fb5876fd700 20 librbd: oid rb.0.1e1280.238e1f29.000000000000 919040~512 from [0,512]
2013-03-14 18:10:28.343610 7fb5876fd700 20 librbd::AioRequest: send 0x7fb5a950d400 rb.0.1e1280.238e1f29.000000000000 919040~512
2013-03-14 18:10:28.343626 7fb5876fd700 1 -- 172.16.156.135:0/1648258 --> 172.16.170.1:6800/1310 -- osd_op(client.2216705.0:693 rb.0.1e1280.238e1f29.000000000000 [sparse-read 919040~512] 2.dabde67b) v4 -- ?+0 0x7fb5a9509000 con 0x7fb5a91668f0
2013-03-14 18:10:28.343639 7fb5876fd700 20 librbd::AioCompletion: AioCompletion::finish_adding_requests 0x7fb5a9289bf0 pending 1
2013-03-14 18:10:28.344685 7fb58ed64700 1 -- 172.16.156.135:0/1648258 <== osd.0 172.16.170.1:6800/1310 688 ==== osd_op_reply(693 rb.0.1e1280.238e1f29.000000000000 [sparse-read 919040~512] = 0) v4 ==== 132+0+536 (418149154 0 3254445609) 0x7fb5a9512050 con 0x7fb5a91668f0
2013-03-14 18:10:28.344736 7fb587fff700 20 librbd::AioRequest: should_complete 0x7fb5a950d400 rb.0.1e1280.238e1f29.000000000000 919040~512 r = 0
2013-03-14 18:10:28.344748 7fb587fff700 10 librbd::AioCompletion: C_AioRead::finish() 0x7fb5a949c700 r = 0
2013-03-14 18:10:28.344752 7fb587fff700 10 librbd::AioCompletion: got {919040=512} for [0,512] bl 512
2013-03-14 18:10:28.344758 7fb587fff700 20 librbd::AioCompletion: AioCompletion::complete_request() 0x7fb5a9289bf0 complete_cb=0x7fb5a6fc7170 pending 1
2013-03-14 18:10:28.344762 7fb587fff700 20 librbd::AioCompletion: AioCompletion::finalize() 0x7fb5a9289bf0 rval 512 read_buf 0x7fb5a9508a00 read_bl 0
2013-03-14 18:10:28.344766 7fb587fff700 20 librbd::AioCompletion: AioCompletion::finalize() copied resulting 512 bytes to 0x7fb5a9508a00
2013-03-14 18:10:28.344907 7fb5876fd700 20 librbd: aio_read 0x7fb5a9162330 completion 0x7fb5a9289bf0 [919552,512]
2013-03-14 18:10:28.344916 7fb5876fd700 20 librbd: ictx_check 0x7fb5a9162330
2013-03-14 18:10:28.344923 7fb5876fd700 20 librbd: oid rb.0.1e1280.238e1f29.000000000000 919552~512 from [0,512]
2013-03-14 18:10:28.344927 7fb5876fd700 20 librbd::AioRequest: send 0x7fb5a9509080 rb.0.1e1280.238e1f29.000000000000 919552~512
2013-03-14 18:10:28.344943 7fb5876fd700 1 -- 172.16.156.135:0/1648258 --> 172.16.170.1:6800/1310 -- osd_op(client.2216705.0:694 rb.0.1e1280.238e1f29.000000000000 [sparse-read 919552~512] 2.dabde67b) v4 -- ?+0 0x7fb5a950a200 con 0x7fb5a91668f0
2013-03-14 18:10:28.344956 7fb5876fd700 20 librbd::AioCompletion: AioCompletion::finish_adding_requests 0x7fb5a9289bf0 pending 1
2013-03-14 18:10:28.345866 7fb58ed64700 1 -- 172.16.156.135:0/1648258 <== osd.0 172.16.170.1:6800/1310 689 ==== osd_op_reply(694 rb.0.1e1280.238e1f29.000000000000 [sparse-read 919552~512] = 0) v4 ==== 132+0+536 (3639871783 0 440481195) 0x7fb5a950a810 con 0x7fb5a91668f0
2013-03-14 18:10:28.345925 7fb587fff700 20 librbd::AioRequest: should_complete 0x7fb5a9509080 rb.0.1e1280.238e1f29.000000000000 919552~512 r = 0
2013-03-14 18:10:28.345934 7fb587fff700 10 librbd::AioCompletion: C_AioRead::finish() 0x7fb5a92d9780 r = 0
2013-03-14 18:10:28.345937 7fb587fff700 10 librbd::AioCompletion: got {919552=512} for [0,512] bl 512
2013-03-14 18:10:28.345943 7fb587fff700 20 librbd::AioCompletion: AioCompletion::complete_request() 0x7fb5a9289bf0 complete_cb=0x7fb5a6fc7170 pending 1
2013-03-14 18:10:28.345948 7fb587fff700 20 librbd::AioCompletion: AioCompletion::finalize() 0x7fb5a9289bf0 rval 512 read_buf 0x7fb5a9509c00 read_bl 0
2013-03-14 18:10:28.345953 7fb587fff700 20 librbd::AioCompletion: AioCompletion::finalize() copied resulting 512 bytes to 0x7fb5a9509c00
2013-03-14 18:10:28.346124 7fb5876fd700 20 librbd: aio_read 0x7fb5a9162330 completion 0x7fb5a9289bf0 [920064,512]
2013-03-14 18:10:28.346132 7fb5876fd700 20 librbd: ictx_check 0x7fb5a9162330
2013-03-14 18:10:28.346140 7fb5876fd700 20 librbd: oid rb.0.1e1280.238e1f29.000000000000 920064~512 from [0,512]
2013-03-14 18:10:28.346145 7fb5876fd700 20 librbd::AioRequest: send 0x7fb5a950a200 rb.0.1e1280.238e1f29.000000000000 920064~512
2013-03-14 18:10:28.346160 7fb5876fd700 1 -- 172.16.156.135:0/1648258 --> 172.16.170.1:6800/1310 -- osd_op(client.2216705.0:695 rb.0.1e1280.238e1f29.000000000000 [sparse-read 920064~512] 2.dabde67b) v4 -- ?+0 0x7fb5a950b200 con 0x7fb5a91668f0
2013-03-14 18:10:28.346173 7fb5876fd700 20 librbd::AioCompletion: AioCompletion::finish_adding_requests 0x7fb5a9289bf0 pending 1
2013-03-14 18:10:28.347177 7fb58ed64700 1 -- 172.16.156.135:0/1648258 <== osd.0 172.16.170.1:6800/1310 690 ==== osd_op_reply(695 rb.0.1e1280.238e1f29.000000000000 [sparse-read 920064~512] = 0) v4 ==== 132+0+536 (2567441371 0 1447777594) 0x7fb5a950b810 con 0x7fb5a91668f0
2013-03-14 18:10:28.347223 7fb587fff700 20 librbd::AioRequest: should_complete 0x7fb5a950a200 rb.0.1e1280.238e1f29.000000000000 920064~512 r = 0
2013-03-14 18:10:28.347236 7fb587fff700 10 librbd::AioCompletion: C_AioRead::finish() 0x7fb5a9359c40 r = 0
2013-03-14 18:10:28.347239 7fb587fff700 10 librbd::AioCompletion: got {920064=512} for [0,512] bl 512
2013-03-14 18:10:28.347246 7fb587fff700 20 librbd::AioCompletion: AioCompletion::complete_request() 0x7fb5a9289bf0 complete_cb=0x7fb5a6fc7170 pending 1
2013-03-14 18:10:28.347250 7fb587fff700 20 librbd::AioCompletion: AioCompletion::finalize() 0x7fb5a9289bf0 rval 512 read_buf 0x7fb5a950ac00 read_bl 0
2013-03-14 18:10:28.347255 7fb587fff700 20 librbd::AioCompletion: AioCompletion::finalize() copied resulting 512 bytes to 0x7fb5a950ac00
2013-03-14 18:10:28.347389 7fb5876fd700 20 librbd: aio_read 0x7fb5a9162330 completion 0x7fb5a9289bf0 [920576,512]
2013-03-14 18:10:28.347398 7fb5876fd700 20 librbd: ictx_check 0x7fb5a9162330
2013-03-14 18:10:28.347405 7fb5876fd700 20 librbd: oid rb.0.1e1280.238e1f29.000000000000 920576~512 from [0,512]
2013-03-14 18:10:28.347409 7fb5876fd700 20 librbd::AioRequest: send 0x7fb5a950b200 rb.0.1e1280.238e1f29.000000000000 920576~512
2013-03-14 18:10:28.347425 7fb5876fd700 1 -- 172.16.156.135:0/1648258 --> 172.16.170.1:6800/1310 -- osd_op(client.2216705.0:696 rb.0.1e1280.238e1f29.000000000000 [sparse-read 920576~512] 2.dabde67b) v4 -- ?+0 0x7fb5a950e210 con 0x7fb5a91668f0
2013-03-14 18:10:28.347438 7fb5876fd700 20 librbd::AioCompletion: AioCompletion::finish_adding_requests 0x7fb5a9289bf0 pending 1
2013-03-14 18:10:28.348389 7fb58ed64700 1 -- 172.16.156.135:0/1648258 <== osd.0 172.16.170.1:6800/1310 691 ==== osd_op_reply(696 rb.0.1e1280.238e1f29.000000000000 [sparse-read 920576~512] = 0) v4 ==== 132+0+536 (1527516383 0 337824757) 0x7fb5a950e820 con 0x7fb5a91668f0
2013-03-14 18:10:28.348435 7fb587fff700 20 librbd::AioRequest: should_complete 0x7fb5a950b200 rb.0.1e1280.238e1f29.000000000000 920576~512 r = 0
2013-03-14 18:10:28.348541 7fb587fff700 10 librbd::AioCompletion: C_AioRead::finish() 0x7fb5a9302c80 r = 0
2013-03-14 18:10:28.348544 7fb587fff700 10 librbd::AioCompletion: got {920576=512} for [0,512] bl 512
2013-03-14 18:10:28.348551 7fb587fff700 20 librbd::AioCompletion: AioCompletion::complete_request() 0x7fb5a9289bf0 complete_cb=0x7fb5a6fc7170 pending 1
2013-03-14 18:10:28.348555 7fb587fff700 20 librbd::AioCompletion: AioCompletion::finalize() 0x7fb5a9289bf0 rval 512 read_buf 0x7fb5a950bc00 read_bl 0
2013-03-14 18:10:28.348560 7fb587fff700 20 librbd::AioCompletion: AioCompletion::finalize() copied resulting 512 bytes to 0x7fb5a950bc00
2013-03-14 18:10:28.348760 7fb5876fd700 20 librbd: aio_read 0x7fb5a9162330 completion 0x7fb5a9289bf0 [921088,512]
2013-03-14 18:10:28.348768 7fb5876fd700 20 librbd: ictx_check 0x7fb5a9162330
2013-03-14 18:10:28.348775 7fb5876fd700 20 librbd: oid rb.0.1e1280.238e1f29.000000000000 921088~512 from [0,512]
2013-03-14 18:10:28.348779 7fb5876fd700 20 librbd::AioRequest: send 0x7fb5a950bee0 rb.0.1e1280.238e1f29.000000000000 921088~512
2013-03-14 18:10:28.348795 7fb5876fd700 1 -- 172.16.156.135:0/1648258 --> 172.16.170.1:6800/1310 -- osd_op(client.2216705.0:697 rb.0.1e1280.238e1f29.000000000000 [sparse-read 921088~512] 2.dabde67b) v4 -- ?+0 0x7fb5a9512900 con 0x7fb5a91668f0
2013-03-14 18:10:28.348809 7fb5876fd700 20 librbd::AioCompletion: AioCompletion::finish_adding_requests 0x7fb5a9289bf0 pending 1
2013-03-14 18:10:28.349761 7fb58ed64700 1 -- 172.16.156.135:0/1648258 <== osd.0 172.16.170.1:6800/1310 692 ==== osd_op_reply(697 rb.0.1e1280.238e1f29.000000000000 [sparse-read 921088~512] = 0) v4 ==== 132+0+536 (451939875 0 133972637) 0x7fb5a9512f10 con 0x7fb5a91668f0
2013-03-14 18:10:28.349807 7fb587fff700 20 librbd::AioRequest: should_complete 0x7fb5a950bee0 rb.0.1e1280.238e1f29.000000000000 921088~512 r = 0
2013-03-14 18:10:28.349820 7fb587fff700 10 librbd::AioCompletion: C_AioRead::finish() 0x7fb5a925eca0 r = 0
2013-03-14 18:10:28.349823 7fb587fff700 10 librbd::AioCompletion: got {921088=512} for [0,512] bl 512
2013-03-14 18:10:28.349837 7fb587fff700 20 librbd::AioCompletion: AioCompletion::complete_request() 0x7fb5a9289bf0 complete_cb=0x7fb5a6fc7170 pending 1
