2013-03-14 18:10:24.485615 7fb5a6f00760 1 -- :/0 messenger.start
2013-03-14 18:10:24.486734 7fb5a6f00760 1 -- :/1648258 --> 172.16.170.3:6789/0 -- auth(proto 0 30 bytes epoch 0) v1 -- ?+0 0x7fb5a91609e0 con 0x7fb5a9160630
2013-03-14 18:10:24.487192 7fb5a6eff700 1 -- 172.16.156.135:0/1648258 learned my addr 172.16.156.135:0/1648258
2013-03-14 18:10:24.488194 7fb58ed64700 1 -- 172.16.156.135:0/1648258 <== mon.2 172.16.170.3:6789/0 1 ==== mon_map v1 ==== 473+0+0 (3119109304 0 0) 0x7fb5a9160bd0 con 0x7fb5a9160630
2013-03-14 18:10:24.488344 7fb58ed64700 1 -- 172.16.156.135:0/1648258 <== mon.2 172.16.170.3:6789/0 2 ==== auth_reply(proto 2 0 Success) v1 ==== 33+0+0 (818154820 0 0) 0x7fb5a9160ed0 con 0x7fb5a9160630
2013-03-14 18:10:24.488594 7fb58ed64700 1 -- 172.16.156.135:0/1648258 --> 172.16.170.3:6789/0 -- auth(proto 2 32 bytes epoch 0) v1 -- ?+0 0x7fb5a9160b80 con 0x7fb5a9160630
2013-03-14 18:10:24.489244 7fb58ed64700 1 -- 172.16.156.135:0/1648258 <== mon.2 172.16.170.3:6789/0 3 ==== auth_reply(proto 2 0 Success) v1 ==== 206+0+0 (981574827 0 0) 0x7fb5a9160ed0 con 0x7fb5a9160630
2013-03-14 18:10:24.489361 7fb58ed64700 1 -- 172.16.156.135:0/1648258 --> 172.16.170.3:6789/0 -- auth(proto 2 165 bytes epoch 0) v1 -- ?+0 0x7fb5a9161b30 con 0x7fb5a9160630
2013-03-14 18:10:24.490209 7fb58ed64700 1 -- 172.16.156.135:0/1648258 <== mon.2 172.16.170.3:6789/0 4 ==== auth_reply(proto 2 0 Success) v1 ==== 393+0+0 (1975301040 0 0) 0x7fb5a9161b30 con 0x7fb5a9160630
2013-03-14 18:10:24.490295 7fb58ed64700 1 -- 172.16.156.135:0/1648258 --> 172.16.170.3:6789/0 -- mon_subscribe({monmap=0+}) v2 -- ?+0 0x7fb5a915c900 con 0x7fb5a9160630
2013-03-14 18:10:24.490489 7fb5a6f00760 1 -- 172.16.156.135:0/1648258 --> 172.16.170.3:6789/0 -- mon_subscribe({monmap=2+,osdmap=0}) v2 -- ?+0 0x7fb5a915f270 con 0x7fb5a9160630
2013-03-14 18:10:24.490509 7fb5a6f00760 1 -- 172.16.156.135:0/1648258 --> 172.16.170.3:6789/0 -- mon_subscribe({monmap=2+,osdmap=0}) v2 -- ?+0 0x7fb5a915f800 con 0x7fb5a9160630
2013-03-14 18:10:24.490740 7fb58ed64700 1 -- 172.16.156.135:0/1648258 <== mon.2 172.16.170.3:6789/0 5 ==== mon_map v1 ==== 473+0+0 (3119109304 0 0) 0x7fb5a915f270 con 0x7fb5a9160630
2013-03-14 18:10:24.490788 7fb58ed64700 1 -- 172.16.156.135:0/1648258 <== mon.2 172.16.170.3:6789/0 6 ==== mon_subscribe_ack(300s) v1 ==== 20+0+0 (1982998293 0 0) 0x7fb5a915f830 con 0x7fb5a9160630
2013-03-14 18:10:24.491350 7fb58ed64700 1 -- 172.16.156.135:0/1648258 <== mon.2 172.16.170.3:6789/0 7 ==== osd_map(1930..1930 src has 1430..1930) v3 ==== 10157+0+0 (2387363088 0 0) 0x7fb5a915f830 con 0x7fb5a9160630
2013-03-14 18:10:24.491592 7fb58ed64700 1 -- 172.16.156.135:0/1648258 <== mon.2 172.16.170.3:6789/0 8 ==== mon_subscribe_ack(300s) v1 ==== 20+0+0 (1982998293 0 0) 0x7fb5a915d900 con 0x7fb5a9160630
2013-03-14 18:10:24.491619 7fb58ed64700 1 -- 172.16.156.135:0/1648258 <== mon.2 172.16.170.3:6789/0 9 ==== osd_map(1930..1930 src has 1430..1930) v3 ==== 10157+0+0 (2387363088 0 0) 0x7fb5880008e0 con 0x7fb5a9160630
2013-03-14 18:10:24.491732 7fb58ed64700 1 -- 172.16.156.135:0/1648258 <== mon.2 172.16.170.3:6789/0 10 ==== mon_subscribe_ack(300s) v1 ==== 20+0+0 (1982998293 0 0) 0x7fb588000f50 con 0x7fb5a9160630
2013-03-14 18:10:24.491797 7fb5a6f00760 20 librbd: open_image: ictx = 0x7fb5a9162330 name = 'vm-157-disk-1' id = '' snap_name = ''
2013-03-14 18:10:24.491926 7fb5a6f00760 1 -- 172.16.156.135:0/1648258 --> 172.16.170.3:6802/14445 -- osd_op(client.2216705.0:1 vm-157-disk-1.rbd [stat] 2.3fd87e21) v4 -- ?+0 0x7fb5a9163800 con 0x7fb5a9163480
2013-03-14 18:10:24.494269 7fb58ed64700 1 -- 172.16.156.135:0/1648258 <== osd.7 172.16.170.3:6802/14445 1 ==== osd_op_reply(1 vm-157-disk-1.rbd [stat] = 0) v4 ==== 116+0+16 (4082039655 0 2607884713) 0x7fb5a9163800 con 0x7fb5a9163480
2013-03-14 18:10:24.494338 7fb5a6f00760 20 librbd: detect format of vm-157-disk-1 : old
2013-03-14 18:10:24.494403 7fb5a6f00760 1 -- 172.16.156.135:0/1648258 --> 172.16.170.3:6802/14445 -- osd_op(client.2216705.0:2 vm-157-disk-1.rbd [watch 1~0] 2.3fd87e21) v4 -- ?+0 0x7fb5a9163d40 con 0x7fb5a9163480
2013-03-14 18:10:24.518820 7fb58ed64700 1 -- 172.16.156.135:0/1648258 <== osd.7 172.16.170.3:6802/14445 2 ==== osd_op_reply(2 vm-157-disk-1.rbd [watch 1~0] ondisk = 0) v4 ==== 116+0+0 (3457516647 0 0) 0x7fb5a9163d40 con 0x7fb5a9163480
2013-03-14 18:10:24.518919 7fb5a6f00760 20 librbd: ictx_refresh 0x7fb5a9162330
2013-03-14 18:10:24.518954 7fb5a6f00760 1 -- 172.16.156.135:0/1648258 --> 172.16.170.3:6802/14445 -- osd_op(client.2216705.0:3 vm-157-disk-1.rbd [read 0~4096] 2.3fd87e21) v4 -- ?+0 0x7fb5a916bd80 con 0x7fb5a9163480
2013-03-14 18:10:24.530866 7fb58ed64700 1 -- 172.16.156.135:0/1648258 <== osd.7 172.16.170.3:6802/14445 3 ==== osd_op_reply(3 vm-157-disk-1.rbd [read 0~112] = 0) v4 ==== 116+0+112 (1138655924 0 382567958) 0x7fb5a91638f0 con 0x7fb5a9163480
2013-03-14 18:10:24.530961 7fb5a6f00760 1 -- 172.16.156.135:0/1648258 --> 172.16.170.3:6802/14445 -- osd_op(client.2216705.0:4 vm-157-disk-1.rbd [call rbd.snap_list] 2.3fd87e21) v4 -- ?+0 0x7fb5a9163800 con 0x7fb5a9163480
2013-03-14 18:10:24.563289 7fb58ed64700 1 -- 172.16.156.135:0/1648258 <== osd.7 172.16.170.3:6802/14445 4 ==== osd_op_reply(4 vm-157-disk-1.rbd [call] = 0) v4 ==== 116+0+12 (1550921174 0 0) 0x7fb5a9163800 con 0x7fb5a9163480
2013-03-14 18:10:24.563456 7fb5a6f00760 1 -- 172.16.156.135:0/1648258 --> 172.16.170.3:6802/14445 -- osd_op(client.2216705.0:5 vm-157-disk-1.rbd [call lock.get_info] 2.3fd87e21) v4 -- ?+0 0x7fb5a9163800 con 0x7fb5a9163480
2013-03-14 18:10:24.575634 7fb58ed64700 1 -- 172.16.156.135:0/1648258 <== osd.7 172.16.170.3:6802/14445 5 ==== osd_op_reply(5 vm-157-disk-1.rbd [call] = 0) v4 ==== 116+0+15 (1224335196 0 2149983739) 0x7fb5a9163800 con 0x7fb5a9163480
2013-03-14 18:10:24.575751 7fb5a6f00760 10 librbd::ImageCtx: init_layout stripe_unit 4194304 stripe_count 1 object_size 4194304 prefix rb.0.1e1280.238e1f29 format rb.0.1e1280.238e1f29.%012llx
2013-03-14 18:10:24.575824 7fb5a6f00760 20 librbd: info 0x7fb5a9162330
2013-03-14 18:10:24.575836 7fb5a6f00760 20 librbd: ictx_check 0x7fb5a9162330
2013-03-14 18:10:24.575842 7fb5a6f00760 20 librbd: info 0x7fb5a9162330
2013-03-14 18:10:24.575844 7fb5a6f00760 20 librbd: ictx_check 0x7fb5a9162330
2013-03-14 18:10:24.575957 7fb5a6f00760 20 librbd: aio_read 0x7fb5a9162330 completion 0x7fb5a9165170 [0,2048]
2013-03-14 18:10:24.575965 7fb5a6f00760 20 librbd: ictx_check 0x7fb5a9162330
2013-03-14 18:10:24.575991 7fb5a6f00760 20 librbd: oid rb.0.1e1280.238e1f29.000000000000 0~2048 from [0,2048]
2013-03-14 18:10:24.575999 7fb5a6f00760 20 librbd::AioRequest: send 0x7fb5a9164930 rb.0.1e1280.238e1f29.000000000000 0~2048
2013-03-14 18:10:24.576059 7fb5a6f00760 1 -- 172.16.156.135:0/1648258 --> 172.16.170.1:6800/1310 -- osd_op(client.2216705.0:6 rb.0.1e1280.238e1f29.000000000000 [sparse-read 0~2048] 2.dabde67b) v4 -- ?+0 0x7fb5a9166c70 con 0x7fb5a91668f0
2013-03-14 18:10:24.576088 7fb5a6f00760 20 librbd::AioCompletion: AioCompletion::finish_adding_requests 0x7fb5a9165170 pending 1
2013-03-14 18:10:24.592504 7fb58ed64700 1 -- 172.16.156.135:0/1648258 <== osd.0 172.16.170.1:6800/1310 1 ==== osd_op_reply(6 rb.0.1e1280.238e1f29.000000000000 [sparse-read 0~2048] = 0) v4 ==== 132+0+2072 (4243622955 0 3144434057) 0x7fb5a9166c70 con 0x7fb5a91668f0
2013-03-14 18:10:24.592613 7fb587fff700 20 librbd::AioRequest: should_complete 0x7fb5a9164930 rb.0.1e1280.238e1f29.000000000000 0~2048 r = 0
2013-03-14 18:10:24.592629 7fb587fff700 10 librbd::AioCompletion: C_AioRead::finish() 0x7fb5a915b6d0 r = 0
2013-03-14 18:10:24.592633 7fb587fff700 10 librbd::AioCompletion: got {0=2048} for [0,2048] bl 2048
2013-03-14 18:10:24.592655 7fb587fff700 20 librbd::AioCompletion: AioCompletion::complete_request() 0x7fb5a9165170 complete_cb=0x7fb5a6fc7170 pending 1
2013-03-14 18:10:24.592661 7fb587fff700 20 librbd::AioCompletion: AioCompletion::finalize() 0x7fb5a9165170 rval 2048 read_buf 0x7fb5a9165c00 read_bl 0
2013-03-14 18:10:24.592683 7fb587fff700 20 librbd::AioCompletion: AioCompletion::finalize() copied resulting 2048 bytes to 0x7fb5a9165c00
2013-03-14 18:10:24.592790 7fb5a6f00760 20 librbd: info 0x7fb5a9162330
2013-03-14 18:10:24.592797 7fb5a6f00760 20 librbd: ictx_check 0x7fb5a9162330
2013-03-14 18:10:24.621834 7fb5a6f00760 20 librbd: aio_read 0x7fb5a9162330 completion 0x7fb5a9206e10 [0,512]
2013-03-14 18:10:24.621850 7fb5a6f00760 20 librbd: ictx_check 0x7fb5a9162330
2013-03-14 18:10:24.621862 7fb5a6f00760 20 librbd: oid rb.0.1e1280.238e1f29.000000000000 0~512 from [0,512]
2013-03-14 18:10:24.621869 7fb5a6f00760 20 librbd::AioRequest: send 0x7fb5a9206b00 rb.0.1e1280.238e1f29.000000000000 0~512
2013-03-14 18:10:24.621904 7fb5a6f00760 1 -- 172.16.156.135:0/1648258 --> 172.16.170.1:6800/1310 -- osd_op(client.2216705.0:7 rb.0.1e1280.238e1f29.000000000000 [sparse-read 0~512] 2.dabde67b) v4 -- ?+0 0x7fb5a9207ad0 con 0x7fb5a91668f0
2013-03-14 18:10:24.621926 7fb5a6f00760 20 librbd::AioCompletion: AioCompletion::finish_adding_requests 0x7fb5a9206e10 pending 1
2013-03-14 18:10:24.623515 7fb58ed64700 1 -- 172.16.156.135:0/1648258 <== osd.0 172.16.170.1:6800/1310 2 ==== osd_op_reply(7 rb.0.1e1280.238e1f29.000000000000 [sparse-read 0~512] = 0) v4 ==== 132+0+536 (1098919669 0 2573050126) 0x7fb5a9224050 con 0x7fb5a91668f0
2013-03-14 18:10:24.623599 7fb587fff700 20 librbd::AioRequest: should_complete 0x7fb5a9206b00 rb.0.1e1280.238e1f29.000000000000 0~512 r = 0
2013-03-14 18:10:24.623610 7fb587fff700 10 librbd::AioCompletion: C_AioRead::finish() 0x7fb5a92072f0 r = 0
2013-03-14 18:10:24.623612 7fb587fff700 10 librbd::AioCompletion: got {0=512} for [0,512] bl 512
2013-03-14 18:10:24.623619 7fb587fff700 20 librbd::AioCompletion: AioCompletion::complete_request() 0x7fb5a9206e10 complete_cb=0x7fb5a6fc7170 pending 1
2013-03-14 18:10:24.623622 7fb587fff700 20 librbd::AioCompletion: AioCompletion::finalize() 0x7fb5a9206e10 rval 512 read_buf 0x7fb5a9206c00 read_bl 0
2013-03-14 18:10:24.623626 7fb587fff700 20 librbd::AioCompletion: AioCompletion::finalize() copied resulting 512 bytes to 0x7fb5a9206c00
2013-03-14 18:10:27.368480 7fb5876fd700 20 librbd: aio_read 0x7fb5a9162330 completion 0x7fb5a920da80 [0,512]
2013-03-14 18:10:27.368501 7fb5876fd700 20 librbd: ictx_check 0x7fb5a9162330
2013-03-14 18:10:27.368518 7fb5876fd700 20 librbd: oid rb.0.1e1280.238e1f29.000000000000 0~512 from [0,512]
2013-03-14 18:10:27.368526 7fb5876fd700 20 librbd::AioRequest: send 0x7fb5a921fbd0 rb.0.1e1280.238e1f29.000000000000 0~512
2013-03-14 18:10:27.368554 7fb5876fd700 1 -- 172.16.156.135:0/1648258 --> 172.16.170.1:6800/1310 -- osd_op(client.2216705.0:8 rb.0.1e1280.238e1f29.000000000000 [sparse-read 0~512] 2.dabde67b) v4 -- ?+0 0x7fb5a925b860 con 0x7fb5a91668f0
2013-03-14 18:10:27.368577 7fb5876fd700 20 librbd::AioCompletion: AioCompletion::finish_adding_requests 0x7fb5a920da80 pending 1
2013-03-14 18:10:27.370199 7fb58ed64700 1 -- 172.16.156.135:0/1648258 <== osd.0 172.16.170.1:6800/1310 3 ==== osd_op_reply(8 rb.0.1e1280.238e1f29.000000000000 [sparse-read 0~512] = 0) v4 ==== 132+0+536 (1098919669 0 2573050126) 0x7fb5a925b860 con 0x7fb5a91668f0
2013-03-14 18:10:27.370297 7fb587fff700 20 librbd::AioRequest: should_complete 0x7fb5a921fbd0 rb.0.1e1280.238e1f29.000000000000 0~512 r = 0
2013-03-14 18:10:27.370314 7fb587fff700 10 librbd::AioCompletion: C_AioRead::finish() 0x7fb5a920dee0 r = 0
2013-03-14 18:10:27.370321 7fb587fff700 10 librbd::AioCompletion: got {0=512} for [0,512] bl 512
2013-03-14 18:10:27.370331 7fb587fff700 20 librbd::AioCompletion: AioCompletion::complete_request() 0x7fb5a920da80 complete_cb=0x7fb5a6fc7170 pending 1
2013-03-14 18:10:27.370338 7fb587fff700 20 librbd::AioCompletion: AioCompletion::finalize() 0x7fb5a920da80 rval 512 read_buf 0x7fb5a920dc00 read_bl 0
2013-03-14 18:10:27.370345 7fb587fff700 20 librbd::AioCompletion: AioCompletion::finalize() copied resulting 512 bytes to 0x7fb5a920dc00
2013-03-14 18:10:27.373540 7fb5876fd700 20 librbd: aio_read 0x7fb5a9162330 completion 0x7fb5a920c6e0 [483840,512]
2013-03-14 18:10:27.373550 7fb5876fd700 20 librbd: ictx_check 0x7fb5a9162330
2013-03-14 18:10:27.373558 7fb5876fd700 20 librbd: oid rb.0.1e1280.238e1f29.000000000000 483840~512 from [0,512]
2013-03-14 18:10:27.373563 7fb5876fd700 20 librbd::AioRequest: send 0x7fb5a925c2d0 rb.0.1e1280.238e1f29.000000000000 483840~512
2013-03-14 18:10:27.373580 7fb5876fd700 1 -- 172.16.156.135:0/1648258 --> 172.16.170.1:6800/1310 -- osd_op(client.2216705.0:9 rb.0.1e1280.238e1f29.000000000000 [sparse-read 483840~512] 2.dabde67b) v4 -- ?+0 0x7fb5a921e170 con 0x7fb5a91668f0
2013-03-14 18:10:27.373595 7fb5876fd700 20 librbd::AioCompletion: AioCompletion::finish_adding_requests 0x7fb5a920c6e0 pending 1
2013-03-14 18:10:27.375162 7fb58ed64700 1 -- 172.16.156.135:0/1648258 <== osd.0 172.16.170.1:6800/1310 4 ==== osd_op_reply(9 rb.0.1e1280.238e1f29.000000000000 [sparse-read 483840~512] = 0) v4 ==== 132+0+536 (3618383380 0 3601069127) 0x7fb5a924c7a0 con 0x7fb5a91668f0
2013-03-14 18:10:27.375212 7fb587fff700 20 librbd::AioRequest: should_complete 0x7fb5a925c2d0 rb.0.1e1280.238e1f29.000000000000 483840~512 r = 0
2013-03-14 18:10:27.375220 7fb587fff700 10 librbd::AioCompletion: C_AioRead::finish() 0x7fb5a925c080 r = 0
2013-03-14 18:10:27.375223 7fb587fff700 10 librbd::AioCompletion: got {483840=512} for [0,512] bl 512
2013-03-14 18:10:27.375230 7fb587fff700 20 librbd::AioCompletion: AioCompletion::complete_request() 0x7fb5a920c6e0 complete_cb=0x7fb5a6fc7170 pending 1
2013-03-14 18:10:27.375234 7fb587fff700 20 librbd::AioCompletion: AioCompletion::finalize() 0x7fb5a920c6e0 rval 512 read_buf 0x7fb5a925c400 read_bl 0
2013-03-14 18:10:27.375240 7fb587fff700 20 librbd::AioCompletion: AioCompletion::finalize() copied resulting 512 bytes to 0x7fb5a925c400
2013-03-14 18:10:27.376738 7fb5876fd700 20 librbd: aio_read 0x7fb5a9162330 completion 0x7fb5a920c6e0 [587776,512]
2013-03-14 18:10:27.376748 7fb5876fd700 20 librbd: ictx_check 0x7fb5a9162330
2013-03-14 18:10:27.376756 7fb5876fd700 20 librbd: oid rb.0.1e1280.238e1f29.000000000000 587776~512 from [0,512]
2013-03-14 18:10:27.376760 7fb5876fd700 20 librbd::AioRequest: send 0x7fb5a925c2d0 rb.0.1e1280.238e1f29.000000000000 587776~512
2013-03-14 18:10:27.376778 7fb5876fd700 1 -- 172.16.156.135:0/1648258 --> 172.16.170.1:6800/1310 -- osd_op(client.2216705.0:10 rb.0.1e1280.238e1f29.000000000000 [sparse-read 587776~512] 2.dabde67b) v4 -- ?+0 0x7fb5a921ec50 con 0x7fb5a91668f0
2013-03-14 18:10:27.376793 7fb5876fd700 20 librbd::AioCompletion: AioCompletion::finish_adding_requests 0x7fb5a920c6e0 pending 1
2013-03-14 18:10:27.387014 7fb58ed64700 1 -- 172.16.156.135:0/1648258 <== osd.0 172.16.170.1:6800/1310 5 ==== osd_op_reply(10 rb.0.1e1280.238e1f29.000000000000 [sparse-read 587776~512] = 0) v4 ==== 132+0+536 (1767147784 0 4000310973) 0x7fb5a924cb40 con 0x7fb5a91668f0
2013-03-14 18:10:27.387060 7fb587fff700 20 librbd::AioRequest: should_complete 0x7fb5a925c2d0 rb.0.1e1280.238e1f29.000000000000 587776~512 r = 0
2013-03-14 18:10:27.387069 7fb587fff700 10 librbd::AioCompletion: C_AioRead::finish() 0x7fb5a925c080 r = 0
2013-03-14 18:10:27.387072 7fb587fff700 10 librbd::AioCompletion: got {587776=512} for [0,512] bl 512
2013-03-14 18:10:27.387079 7fb587fff700 20 librbd::AioCompletion: AioCompletion::complete_request() 0x7fb5a920c6e0 complete_cb=0x7fb5a6fc7170 pending 1
2013-03-14 18:10:27.387083 7fb587fff700 20 librbd::AioCompletion: AioCompletion::finalize() 0x7fb5a920c6e0 rval 512 read_buf 0x7fb5a921e800 read_bl 0
2013-03-14 18:10:27.387088 7fb587fff700 20 librbd::AioCompletion: AioCompletion::finalize() copied resulting 512 bytes to 0x7fb5a921e800
2013-03-14 18:10:27.387332 7fb5876fd700 20 librbd: aio_read 0x7fb5a9162330 completion 0x7fb5a924b440 [588288,512]
2013-03-14 18:10:27.387342 7fb5876fd700 20 librbd: ictx_check 0x7fb5a9162330
2013-03-14 18:10:27.387350 7fb5876fd700 20 librbd: oid rb.0.1e1280.238e1f29.000000000000 588288~512 from [0,512]
2013-03-14 18:10:27.387355 7fb5876fd700 20 librbd::AioRequest: send 0x7fb5a92010d0 rb.0.1e1280.238e1f29.000000000000 588288~512
2013-03-14 18:10:27.387371 7fb5876fd700 1 -- 172.16.156.135:0/1648258 --> 172.16.170.1:6800/1310 -- osd_op(client.2216705.0:11 rb.0.1e1280.238e1f29.000000000000 [sparse-read 588288~512] 2.dabde67b) v4 -- ?+0 0x7fb5a924bac0 con 0x7fb5a91668f0
2013-03-14 18:10:27.387385 7fb5876fd700 20 librbd::AioCompletion: AioCompletion::finish_adding_requests 0x7fb5a924b440 pending 1
2013-03-14 18:10:27.388463 7fb58ed64700 1 -- 172.16.156.135:0/1648258 <== osd.0 172.16.170.1:6800/1310 6 ==== osd_op_reply(11 rb.0.1e1280.238e1f29.000000000000 [sparse-read 588288~512] = 0) v4 ==== 132+0+536 (682134516 0 20221435) 0x7fb5a924c040 con 0x7fb5a91668f0
2013-03-14 18:10:27.388514 7fb587fff700 20 librbd::AioRequest: should_complete 0x7fb5a92010d0 rb.0.1e1280.238e1f29.000000000000 588288~512 r = 0
2013-03-14 18:10:27.388522 7fb587fff700 10 librbd::AioCompletion: C_AioRead::finish() 0x7fb5a921ef40 r = 0
2013-03-14 18:10:27.388525 7fb587fff700 10 librbd::AioCompletion: got {588288=512} for [0,512] bl 512
2013-03-14 18:10:27.388532 7fb587fff700 20 librbd::AioCompletion: AioCompletion::complete_request() 0x7fb5a924b440 complete_cb=0x7fb5a6fc7170 pending 1
2013-03-14 18:10:27.388536 7fb587fff700 20 librbd::AioCompletion: AioCompletion::finalize() 0x7fb5a924b440 rval 512 read_buf 0x7fb5a924b600 read_bl 0
2013-03-14 18:10:27.388541 7fb587fff700 20 librbd::AioCompletion: AioCompletion::finalize() copied resulting 512 bytes to 0x7fb5a924b600
2013-03-14 18:10:27.388664 7fb5876fd700 20 librbd: aio_read 0x7fb5a9162330 completion 0x7fb5a924b440 [588800,512]
2013-03-14 18:10:27.388674 7fb5876fd700 20 librbd: ictx_check 0x7fb5a9162330
2013-03-14 18:10:27.388682 7fb5876fd700 20 librbd: oid rb.0.1e1280.238e1f29.000000000000 588800~512 from [0,512]
2013-03-14 18:10:27.388687 7fb5876fd700 20 librbd::AioRequest: send 0x7fb5a925c2d0 rb.0.1e1280.238e1f29.000000000000 588800~512
2013-03-14 18:10:27.388703 7fb5876fd700 1 -- 172.16.156.135:0/1648258 --> 172.16.170.1:6800/1310 -- osd_op(client.2216705.0:12 rb.0.1e1280.238e1f29.000000000000 [sparse-read 588800~512] 2.dabde67b) v4 -- ?+0 0x7fb5a924c940 con 0x7fb5a91668f0
2013-03-14 18:10:27.388718 7fb5876fd700 20 librbd::AioCompletion: AioCompletion::finish_adding_requests 0x7fb5a924b440 pending 1
2013-03-14 18:10:27.389825 7fb58ed64700 1 -- 172.16.156.135:0/1648258 <== osd.0 172.16.170.1:6800/1310 7 ==== osd_op_reply(12 rb.0.1e1280.238e1f29.000000000000 [sparse-read 588800~512] = 0) v4 ==== 132+0+536 (3937176816 0 3334119863) 0x7fb5a9248000 con 0x7fb5a91668f0
2013-03-14 18:10:27.389873 7fb587fff700 20 librbd::AioRequest: should_complete 0x7fb5a925c2d0 rb.0.1e1280.238e1f29.000000000000 588800~512 r = 0
2013-03-14 18:10:27.389886 7fb587fff700 10 librbd::AioCompletion: C_AioRead::finish() 0x7fb5a924bdb0 r = 0
2013-03-14 18:10:27.389889 7fb587fff700 10 librbd::AioCompletion: got {588800=512} for [0,512] bl 512
2013-03-14 18:10:27.389907 7fb587fff700 20 librbd::AioCompletion: AioCompletion::complete_request() 0x7fb5a924b440 complete_cb=0x7fb5a6fc7170 pending 1
2013-03-14 18:10:27.389913 7fb587fff700 20 librbd::AioCompletion: AioCompletion::finalize() 0x7fb5a924b440 rval 512 read_buf 0x7fb5a924c400 read_bl 0
2013-03-14 18:10:27.389920 7fb587fff700 20 librbd::AioCompletion: AioCompletion::finalize() copied resulting 512 bytes to 0x7fb5a924c400
2013-03-14 18:10:27.390067 7fb5876fd700 20 librbd: aio_read 0x7fb5a9162330 completion 0x7fb5a924b440 [589312,512]
2013-03-14 18:10:27.390076 7fb5876fd700 20 librbd: ictx_check 0x7fb5a9162330
2013-03-14 18:10:27.390084 7fb5876fd700 20 librbd: oid rb.0.1e1280.238e1f29.000000000000 589312~512 from [0,512]
2013-03-14 18:10:27.390088 7fb5876fd700 20 librbd::AioRequest: send 0x7fb5a924b600 rb.0.1e1280.238e1f29.000000000000 589312~512
2013-03-14 18:10:27.390105 7fb5876fd700 1 -- 172.16.156.135:0/1648258 --> 172.16.170.1:6800/1310 -- osd_op(client.2216705.0:13 rb.0.1e1280.238e1f29.000000000000 [sparse-read 589312~512] 2.dabde67b) v4 -- ?+0 0x7fb5a9248850 con 0x7fb5a91668f0
2013-03-14 18:10:27.390120 7fb5876fd700 20 librbd::AioCompletion: AioCompletion::finish_adding_requests 0x7fb5a924b440 pending 1
2013-03-14 18:10:27.391315 7fb58ed64700 1 -- 172.16.156.135:0/1648258 <== osd.0 172.16.170.1:6800/1310 8 ==== osd_op_reply(13 rb.0.1e1280.238e1f29.000000000000 [sparse-read 589312~512] = 0) v4 ==== 132+0+536 (2874183180 0 3583825897) 0x7fb5a9248e60 con 0x7fb5a91668f0
2013-03-14 18:10:27.391369 7fb587fff700 20 librbd::AioRequest: should_complete 0x7fb5a924b600 rb.0.1e1280.238e1f29.000000000000 589312~512 r = 0
2013-03-14 18:10:27.391378 7fb587fff700 10 librbd::AioCompletion: C_AioRead::finish() 0x7fb5a921ef40 r = 0
2013-03-14 18:10:27.391380 7fb587fff700 10 librbd::AioCompletion: got {589312=512} for [0,512] bl 512
2013-03-14 18:10:27.391387 7fb587fff700 20 librbd::AioCompletion: AioCompletion::complete_request() 0x7fb5a924b440 complete_cb=0x7fb5a6fc7170 pending 1
2013-03-14 18:10:27.391392 7fb587fff700 20 librbd::AioCompletion: AioCompletion::finalize() 0x7fb5a924b440 rval 512 read_buf 0x7fb5a9248400 read_bl 0
2013-03-14 18:10:27.391397 7fb587fff700 20 librbd::AioCompletion: AioCompletion::finalize() copied resulting 512 bytes to 0x7fb5a9248400
2013-03-14 18:10:27.391544 7fb5876fd700 20 librbd: aio_read 0x7fb5a9162330 completion 0x7fb5a924b440 [589824,512]
2013-03-14 18:10:27.391554 7fb5876fd700 20 librbd: ictx_check 0x7fb5a9162330
2013-03-14 18:10:27.391562 7fb5876fd700 20 librbd: oid rb.0.1e1280.238e1f29.000000000000 589824~512 from [0,512]
2013-03-14 18:10:27.391567 7fb5876fd700 20 librbd::AioRequest: send 0x7fb5880025e0 rb.0.1e1280.238e1f29.000000000000 589824~512
2013-03-14 18:10:27.391583 7fb5876fd700 1 -- 172.16.156.135:0/1648258 --> 172.16.170.1:6800/1310 -- osd_op(client.2216705.0:14 rb.0.1e1280.238e1f29.000000000000 [sparse-read 589824~512] 2.dabde67b) v4 -- ?+0 0x7fb588002e00 con 0x7fb5a91668f0
2013-03-14 18:10:27.391597 7fb5876fd700 20 librbd::AioCompletion: AioCompletion::finish_adding_requests 0x7fb5a924b440 pending 1
2013-03-14 18:10:27.393344 7fb58ed64700 1 -- 172.16.156.135:0/1648258 <== osd.0 172.16.170.1:6800/1310 9 ==== osd_op_reply(14 rb.0.1e1280.238e1f29.000000000000 [sparse-read 589824~512] = 0) v4 ==== 132+0+536 (363487799 0 1488753957) 0x7fb5a9248400 con 0x7fb5a91668f0
2013-03-14 18:10:27.393395 7fb587fff700 20 librbd::AioRequest: should_complete 0x7fb5880025e0 rb.0.1e1280.238e1f29.000000000000 589824~512 r = 0
2013-03-14 18:10:27.393404 7fb587fff700 10 librbd::AioCompletion: C_AioRead::finish() 0x7fb588001100 r = 0
2013-03-14 18:10:27.393407 7fb587fff700 10 librbd::AioCompletion: got {589824=512} for [0,512] bl 512
2013-03-14 18:10:27.393415 7fb587fff700 20 librbd::AioCompletion: AioCompletion::complete_request() 0x7fb5a924b440 complete_cb=0x7fb5a6fc7170 pending 1
2013-03-14 18:10:27.393419 7fb587fff700 20 librbd::AioCompletion: AioCompletion::finalize() 0x7fb5a924b440 rval 512 read_buf 0x7fb5a9249000 read_bl 0
2013-03-14 18:10:27.393423 7fb587fff700 20 librbd::AioCompletion: AioCompletion::finalize() copied resulting 512 bytes to 0x7fb5a9249000
2013-03-14 18:10:27.393618 7fb5876fd700 20 librbd: aio_read 0x7fb5a9162330 completion 0x7fb588002c10 [590336,512]
2013-03-14 18:10:27.393628 7fb5876fd700 20 librbd: ictx_check 0x7fb5a9162330
2013-03-14 18:10:27.393635 7fb5876fd700 20 librbd: oid rb.0.1e1280.238e1f29.000000000000 590336~512 from [0,512]
2013-03-14 18:10:27.393640 7fb5876fd700 20 librbd::AioRequest: send 0x7fb588002e90 rb.0.1e1280.238e1f29.000000000000 590336~512
2013-03-14 18:10:27.393657 7fb5876fd700 1 -- 172.16.156.135:0/1648258 --> 172.16.170.1:6800/1310 -- osd_op(client.2216705.0:15 rb.0.1e1280.238e1f29.000000000000 [sparse-read 590336~512] 2.dabde67b) v4 -- ?+0 0x7fb5a9251230 con 0x7fb5a91668f0
2013-03-14 18:10:27.393672 7fb5876fd700 20 librbd::AioCompletion: AioCompletion::finish_adding_requests 0x7fb588002c10 pending 1
2013-03-14 18:10:27.394693 7fb58ed64700 1 -- 172.16.156.135:0/1648258 <== osd.0 172.16.170.1:6800/1310 10 ==== osd_op_reply(15 rb.0.1e1280.238e1f29.000000000000 [sparse-read 590336~512] = 0) v4 ==== 132+0+536 (1414947019 0 351138683) 0x7fb5a9251840 con 0x7fb5a91668f0
2013-03-14 18:10:27.394734 7fb587fff700 20 librbd::AioRequest: should_complete 0x7fb588002e90 rb.0.1e1280.238e1f29.000000000000 590336~512 r = 0
2013-03-14 18:10:27.394745 7fb587fff700 10 librbd::AioCompletion: C_AioRead::finish() 0x7fb5880024e0 r = 0
2013-03-14 18:10:27.394749 7fb587fff700 10 librbd::AioCompletion: got {590336=512} for [0,512] bl 512
2013-03-14 18:10:27.394756 7fb587fff700 20 librbd::AioCompletion: AioCompletion::complete_request() 0x7fb588002c10 complete_cb=0x7fb5a6fc7170 pending 1
2013-03-14 18:10:27.394761 7fb587fff700 20 librbd::AioCompletion: AioCompletion::finalize() 0x7fb588002c10 rval 512 read_buf 0x7fb588002a00 read_bl 0
2013-03-14 18:10:27.394766 7fb587fff700 20 librbd::AioCompletion: AioCompletion::finalize() copied resulting 512 bytes to 0x7fb588002a00
2013-03-14 18:10:27.394881 7fb5876fd700 20 librbd: aio_read 0x7fb5a9162330 completion 0x7fb5a9248760 [590848,512]
2013-03-14 18:10:27.394889 7fb5876fd700 20 librbd: ictx_check 0x7fb5a9162330
2013-03-14 18:10:27.394899 7fb5876fd700 20 librbd: oid rb.0.1e1280.238e1f29.000000000000 590848~512 from [0,512]
2013-03-14 18:10:27.394903 7fb5876fd700 20 librbd::AioRequest: send 0x7fb5a9252080 rb.0.1e1280.238e1f29.000000000000 590848~512
2013-03-14 18:10:27.394919 7fb5876fd700 1 -- 172.16.156.135:0/1648258 --> 172.16.170.1:6800/1310 -- osd_op(client.2216705.0:16 rb.0.1e1280.238e1f29.000000000000 [sparse-read 590848~512] 2.dabde67b) v4 -- ?+0 0x7fb5a9252920 con 0x7fb5a91668f0
2013-03-14 18:10:27.394932 7fb5876fd700 20 librbd::AioCompletion: AioCompletion::finish_adding_requests 0x7fb5a9248760 pending 1
2013-03-14 18:10:27.395897 7fb58ed64700 1 -- 172.16.156.135:0/1648258 <== osd.0 172.16.170.1:6800/1310 11 ==== osd_op_reply(16 rb.0.1e1280.238e1f29.000000000000 [sparse-read 590848~512] = 0) v4 ==== 132+0+536 (2521982927 0 2789365625) 0x7fb5a9251050 con 0x7fb5a91668f0
2013-03-14 18:10:27.395943 7fb587fff700 20 librbd::AioRequest: should_complete 0x7fb5a9252080 rb.0.1e1280.238e1f29.000000000000 590848~512 r = 0
2013-03-14 18:10:27.395955 7fb587fff700 10 librbd::AioCompletion: C_AioRead::finish() 0x7fb5a924bdb0 r = 0
2013-03-14 18:10:27.395959 7fb587fff700 10 librbd::AioCompletion: got {590848=512} for [0,512] bl 512
2013-03-14 18:10:27.395965 7fb587fff700 20 librbd::AioCompletion: AioCompletion::complete_request() 0x7fb5a9248760 complete_cb=0x7fb5a6fc7170 pending 1
2013-03-14 18:10:27.395969 7fb587fff700 20 librbd::AioCompletion: AioCompletion::finalize() 0x7fb5a9248760 rval 512 read_buf 0x7fb5a9251c00 read_bl 0
2013-03-14 18:10:27.395974 7fb587fff700 20 librbd::AioCompletion: AioCompletion::finalize() copied resulting 512 bytes to 0x7fb5a9251c00
2013-03-14 18:10:27.396125 7fb5876fd700 20 librbd: aio_read 0x7fb5a9162330 completion 0x7fb5a92492a0 [591360,512]
2013-03-14 18:10:27.396133 7fb5876fd700 20 librbd: ictx_check 0x7fb5a9162330
2013-03-14 18:10:27.396141 7fb5876fd700 20 librbd: oid rb.0.1e1280.238e1f29.000000000000 591360~512 from [0,512]
2013-03-14 18:10:27.396145 7fb5876fd700 20 librbd::AioRequest: send 0x7fb5a9251c80 rb.0.1e1280.238e1f29.000000000000 591360~512
2013-03-14 18:10:27.396161 7fb5876fd700 1 -- 172.16.156.135:0/1648258 --> 172.16.170.1:6800/1310 -- osd_op(client.2216705.0:17 rb.0.1e1280.238e1f29.000000000000 [sparse-read 591360~512] 2.dabde67b) v4 -- ?+0 0x7fb5a9249850 con 0x7fb5a91668f0
2013-03-14 18:10:27.396174 7fb5876fd700 20 librbd::AioCompletion: AioCompletion::finish_adding_requests 0x7fb5a92492a0 pending 1
2013-03-14 18:10:27.397275 7fb58ed64700 1 -- 172.16.156.135:0/1648258 <== osd.0 172.16.170.1:6800/1310 12 ==== osd_op_reply(17 rb.0.1e1280.238e1f29.000000000000 [sparse-read 591360~512] = 0) v4 ==== 132+0+536 (3618530611 0 715447959) 0x7fb5a9249e60 con 0x7fb5a91668f0
2013-03-14 18:10:27.397317 7fb587fff700 20 librbd::AioRequest: should_complete 0x7fb5a9251c80 rb.0.1e1280.238e1f29.000000000000 591360~512 r = 0
2013-03-14 18:10:27.397326 7fb587fff700 10 librbd::AioCompletion: C_AioRead::finish() 0x7fb5a920c830 r = 0
2013-03-14 18:10:27.397328 7fb587fff700 10 librbd::AioCompletion: got {591360=512} for [0,512] bl 512
2013-03-14 18:10:27.397334 7fb587fff700 20 librbd::AioCompletion: AioCompletion::complete_request() 0x7fb5a92492a0 complete_cb=0x7fb5a6fc7170 pending 1
2013-03-14 18:10:27.397338 7fb587fff700 20 librbd::AioCompletion: AioCompletion::finalize() 0x7fb5a92492a0 rval 512 read_buf 0x7fb5a9249400 read_bl 0
2013-03-14 18:10:27.397342 7fb587fff700 20 librbd::AioCompletion: AioCompletion::finalize() copied resulting 512 bytes to 0x7fb5a9249400
2013-03-14 18:10:27.397469 7fb5876fd700 20 librbd: aio_read 0x7fb5a9162330 completion 0x7fb5a9252080 [591872,512]
2013-03-14 18:10:27.397478 7fb5876fd700 20 librbd: ictx_check 0x7fb5a9162330
2013-03-14 18:10:27.397486 7fb5876fd700 20 librbd: oid rb.0.1e1280.238e1f29.000000000000 591872~512 from [0,512]
2013-03-14 18:10:27.397490 7fb5876fd700 20 librbd::AioRequest: send 0x7fb5a92496e0 rb.0.1e1280.238e1f29.000000000000 591872~512
2013-03-14 18:10:27.397506 7fb5876fd700 1 -- 172.16.156.135:0/1648258 --> 172.16.170.1:6800/1310 -- osd_op(client.2216705.0:18 rb.0.1e1280.238e1f29.000000000000 [sparse-read 591872~512] 2.dabde67b) v4 -- ?+0 0x7fb5a924a450 con 0x7fb5a91668f0
2013-03-14 18:10:27.397520 7fb5876fd700 20 librbd::AioCompletion: AioCompletion::finish_adding_requests 0x7fb5a9252080 pending 1
2013-03-14 18:10:27.398519 7fb58ed64700 1 -- 172.16.156.135:0/1648258 <== osd.0 172.16.170.1:6800/1310 13 ==== osd_op_reply(18 rb.0.1e1280.238e1f29.000000000000 [sparse-read 591872~512] = 0) v4 ==== 132+0+536 (397811510 0 3270091519) 0x7fb5a924aa60 con 0x7fb5a91668f0
2013-03-14 18:10:27.398607 7fb587fff700 20 librbd::AioRequest: should_complete 0x7fb5a92496e0 rb.0.1e1280.238e1f29.000000000000 591872~512 r = 0
2013-03-14 18:10:27.398621 7fb587fff700 10 librbd::AioCompletion: C_AioRead::finish() 0x7fb5a924bbd0 r = 0
2013-03-14 18:10:27.398625 7fb587fff700 10 librbd::AioCompletion: got {591872=512} for [0,512] bl 512
2013-03-14 18:10:27.398633 7fb587fff700 20 librbd::AioCompletion: AioCompletion::complete_request() 0x7fb5a9252080 complete_cb=0x7fb5a6fc7170 pending 1
2013-03-14 18:10:27.398640 7fb587fff700 20 librbd::AioCompletion: AioCompletion::finalize() 0x7fb5a9252080 rval 512 read_buf 0x7fb5a924a000 read_bl 0
2013-03-14 18:10:27.398647 7fb587fff700 20 librbd::AioCompletion: AioCompletion::finalize() copied resulting 512 bytes to 0x7fb5a924a000
2013-03-14 18:10:27.398820 7fb5876fd700 20 librbd: aio_read 0x7fb5a9162330 completion 0x7fb5a924d090 [592384,512]
2013-03-14 18:10:27.398828 7fb5876fd700 20 librbd: ictx_check 0x7fb5a9162330
2013-03-14 18:10:27.398836 7fb5876fd700 20 librbd: oid rb.0.1e1280.238e1f29.000000000000 592384~512 from [0,512]
2013-03-14 18:10:27.398840 7fb5876fd700 20 librbd::AioRequest: send 0x7fb5a924a0d0 rb.0.1e1280.238e1f29.000000000000 592384~512
2013-03-14 18:10:27.398872 7fb5876fd700 1 -- 172.16.156.135:0/1648258 --> 172.16.170.1:6800/1310 -- osd_op(client.2216705.0:19 rb.0.1e1280.238e1f29.000000000000 [sparse-read 592384~512] 2.dabde67b) v4 -- ?+0 0x7fb5a924d410 con 0x7fb5a91668f0
2013-03-14 18:10:27.398886 7fb5876fd700 20 librbd::AioCompletion: AioCompletion::finish_adding_requests 0x7fb5a924d090 pending 1
2013-03-14 18:10:27.399885 7fb58ed64700 1 -- 172.16.156.135:0/1648258 <== osd.0 172.16.170.1:6800/1310 14 ==== osd_op_reply(19 rb.0.1e1280.238e1f29.000000000000 [sparse-read 592384~512] = 0) v4 ==== 132+0+536 (1447697866 0 80310111) 0x7fb5a924da20 con 0x7fb5a91668f0
2013-03-14 18:10:27.399969 7fb587fff700 20 librbd::AioRequest: should_complete 0x7fb5a924a0d0 rb.0.1e1280.238e1f29.000000000000 592384~512 r = 0
2013-03-14 18:10:27.399980 7fb587fff700 10 librbd::AioCompletion: C_AioRead::finish() 0x7fb5a921ef40 r = 0
2013-03-14 18:10:27.399984 7fb587fff700 10 librbd::AioCompletion: got {592384=512} for [0,512] bl 512
2013-03-14 18:10:27.399991 7fb587fff700 20 librbd::AioCompletion: AioCompletion::complete_request() 0x7fb5a924d090 complete_cb=0x7fb5a6fc7170 pending 1
2013-03-14 18:10:27.399995 7fb587fff700 20 librbd::AioCompletion: AioCompletion::finalize() 0x7fb5a924d090 rval 512 read_buf 0x7fb5a924d200 read_bl 0
2013-03-14 18:10:27.400001 7fb587fff700 20 librbd::AioCompletion: AioCompletion::finalize() copied resulting 512 bytes to 0x7fb5a924d200
2013-03-14 18:10:27.400134 7fb5876fd700 20 librbd: aio_read 0x7fb5a9162330 completion 0x7fb5a924a0d0 [592896,512]
2013-03-14 18:10:27.400142 7fb5876fd700 20 librbd: ictx_check 0x7fb5a9162330
2013-03-14 18:10:27.400149 7fb5876fd700 20 librbd: oid rb.0.1e1280.238e1f29.000000000000 592896~512 from [0,512]
2013-03-14 18:10:27.400154 7fb5876fd700 20 librbd::AioRequest: send 0x7fb5a924d410 rb.0.1e1280.238e1f29.000000000000 592896~512
2013-03-14 18:10:27.400169 7fb5876fd700 1 -- 172.16.156.135:0/1648258 --> 172.16.170.1:6800/1310 -- osd_op(client.2216705.0:20 rb.0.1e1280.238e1f29.000000000000 [sparse-read 592896~512] 2.dabde67b) v4 -- ?+0 0x7fb5a924e310 con 0x7fb5a91668f0
2013-03-14 18:10:27.400182 7fb5876fd700 20 librbd::AioCompletion: AioCompletion::finish_adding_requests 0x7fb5a924a0d0 pending 1
2013-03-14 18:10:27.401199 7fb58ed64700 1 -- 172.16.156.135:0/1648258 <== osd.0 172.16.170.1:6800/1310 15 ==== osd_op_reply(20 rb.0.1e1280.238e1f29.000000000000 [sparse-read 592896~512] = 0) v4 ==== 132+0+536 (2488146638 0 739442875) 0x7fb5a9260050 con 0x7fb5a91668f0
2013-03-14 18:10:27.401233 7fb587fff700 20 librbd::AioRequest: should_complete 0x7fb5a924d410 rb.0.1e1280.238e1f29.000000000000 592896~512 r = 0
2013-03-14 18:10:27.401242 7fb587fff700 10 librbd::AioCompletion: C_AioRead::finish() 0x7fb5a925c080 r = 0
2013-03-14 18:10:27.401244 7fb587fff700 10 librbd::AioCompletion: got {592896=512} for [0,512] bl 512
2013-03-14 18:10:27.401249 7fb587fff700 20 librbd::AioCompletion: AioCompletion::complete_request() 0x7fb5a924a0d0 complete_cb=0x7fb5a6fc7170 pending 1
2013-03-14 18:10:27.401253 7fb587fff700 20 librbd::AioCompletion: AioCompletion::finalize() 0x7fb5a924a0d0 rval 512 read_buf 0x7fb5a924d200 read_bl 0
2013-03-14 18:10:27.401258 7fb587fff700 20 librbd::AioCompletion: AioCompletion::finalize() copied resulting 512 bytes to 0x7fb5a924d200
2013-03-14 18:10:27.401398 7fb5876fd700 20 librbd: aio_read 0x7fb5a9162330 completion 0x7fb5a924a0d0 [593408,512]
2013-03-14 18:10:27.401407 7fb5876fd700 20 librbd: ictx_check 0x7fb5a9162330
2013-03-14 18:10:27.401415 7fb5876fd700 20 librbd: oid rb.0.1e1280.238e1f29.000000000000 593408~512 from [0,512]
2013-03-14 18:10:27.401429 7fb5876fd700 20 librbd::AioRequest: send 0x7fb5a924e340 rb.0.1e1280.238e1f29.000000000000 593408~512
2013-03-14 18:10:27.401451 7fb5876fd700 1 -- 172.16.156.135:0/1648258 --> 172.16.170.1:6800/1310 -- osd_op(client.2216705.0:21 rb.0.1e1280.238e1f29.000000000000 [sparse-read 593408~512] 2.dabde67b) v4 -- ?+0 0x7fb5a924f2e0 con 0x7fb5a91668f0
2013-03-14 18:10:27.401478 7fb5876fd700 20 librbd::AioCompletion: AioCompletion::finish_adding_requests 0x7fb5a924a0d0 pending 1
2013-03-14 18:10:27.402447 7fb58ed64700 1 -- 172.16.156.135:0/1648258 <== osd.0 172.16.170.1:6800/1310 16 ==== osd_op_reply(21 rb.0.1e1280.238e1f29.000000000000 [sparse-read 593408~512] = 0) v4 ==== 132+0+536 (3585218610 0 1785170265) 0x7fb5a924f8f0 con 0x7fb5a91668f0
2013-03-14 18:10:27.402483 7fb587fff700 20 librbd::AioRequest: should_complete 0x7fb5a924e340 rb.0.1e1280.238e1f29.000000000000 593408~512 r = 0
2013-03-14 18:10:27.402492 7fb587fff700 10 librbd::AioCompletion: C_AioRead::finish() 0x7fb5a925c3a0 r = 0
2013-03-14 18:10:27.402494 7fb587fff700 10 librbd::AioCompletion: got {593408=512} for [0,512] bl 512
2013-03-14 18:10:27.402499 7fb587fff700 20 librbd::AioCompletion: AioCompletion::complete_request() 0x7fb5a924a0d0 complete_cb=0x7fb5a6fc7170 pending 1
2013-03-14 18:10:27.402503 7fb587fff700 20 librbd::AioCompletion: AioCompletion::finalize() 0x7fb5a924a0d0 rval 512 read_buf 0x7fb5a924ec00 read_bl 0
2013-03-14 18:10:27.402508 7fb587fff700 20 librbd::AioCompletion: AioCompletion::finalize() copied resulting 512 bytes to 0x7fb5a924ec00
2013-03-14 18:10:27.402648 7fb5876fd700 20 librbd: aio_read 0x7fb5a9162330 completion 0x7fb5a924a0d0 [593920,512]
2013-03-14 18:10:27.402656 7fb5876fd700 20 librbd: ictx_check 0x7fb5a9162330
2013-03-14 18:10:27.402664 7fb5876fd700 20 librbd: oid rb.0.1e1280.238e1f29.000000000000 593920~512 from [0,512]
2013-03-14 18:10:27.402668 7fb5876fd700 20 librbd::AioRequest: send 0x7fb5a924f200 rb.0.1e1280.238e1f29.000000000000 593920~512
2013-03-14 18:10:27.402684 7fb5876fd700 1 -- 172.16.156.135:0/1648258 --> 172.16.170.1:6800/1310 -- osd_op(client.2216705.0:22 rb.0.1e1280.238e1f29.000000000000 [sparse-read 593920~512] 2.dabde67b) v4 -- ?+0 0x7fb5a9250140 con 0x7fb5a91668f0
2013-03-14 18:10:27.402700 7fb5876fd700 20 librbd::AioCompletion: AioCompletion::finish_adding_requests 0x7fb5a924a0d0 pending 1
2013-03-14 18:10:27.403714 7fb58ed64700 1 -- 172.16.156.135:0/1648258 <== osd.0 172.16.170.1:6800/1310 17 ==== osd_op_reply(22 rb.0.1e1280.238e1f29.000000000000 [sparse-read 593920~512] = 0) v4 ==== 132+0+536 (294819893 0 1232932404) 0x7fb5a9250750 con 0x7fb5a91668f0
2013-03-14 18:10:27.403749 7fb587fff700 20 librbd::AioRequest: should_complete 0x7fb5a924f200 rb.0.1e1280.238e1f29.000000000000 593920~512 r = 0
2013-03-14 18:10:27.403756 7fb587fff700 10 librbd::AioCompletion: C_AioRead::finish() 0x7fb5a924b6d0 r = 0
2013-03-14 18:10:27.403758 7fb587fff700 10 librbd::AioCompletion: got {593920=512} for [0,512] bl 512
2013-03-14 18:10:27.403763 7fb587fff700 20 librbd::AioCompletion: AioCompletion::complete_request() 0x7fb5a924a0d0 complete_cb=0x7fb5a6fc7170 pending 1
2013-03-14 18:10:27.403765 7fb587fff700 20 librbd::AioCompletion: AioCompletion::finalize() 0x7fb5a924a0d0 rval 512 read_buf 0x7fb5a924fc00 read_bl 0
2013-03-14 18:10:27.403769 7fb587fff700 20 librbd::AioCompletion: AioCompletion::finalize() copied resulting 512 bytes to 0x7fb5a924fc00
2013-03-14 18:10:27.403887 7fb5876fd700 20 librbd: aio_read 0x7fb5a9162330 completion 0x7fb5a924a0d0 [594432,512]
2013-03-14 18:10:27.403897 7fb5876fd700 20 librbd: ictx_check 0x7fb5a9162330
2013-03-14 18:10:27.403904 7fb5876fd700 20 librbd: oid rb.0.1e1280.238e1f29.000000000000 594432~512 from [0,512]
2013-03-14 18:10:27.403908 7fb5876fd700 20 librbd::AioRequest: send 0x7fb5a9250e30 rb.0.1e1280.238e1f29.000000000000 594432~512
2013-03-14 18:10:27.403925 7fb5876fd700 1 -- 172.16.156.135:0/1648258 --> 172.16.170.1:6800/1310 -- osd_op(client.2216705.0:23 rb.0.1e1280.238e1f29.000000000000 [sparse-read 594432~512] 2.dabde67b) v4 -- ?+0 0x7fb5a925c7d0 con 0x7fb5a91668f0
2013-03-14 18:10:27.403939 7fb5876fd700 20 librbd::AioCompletion: AioCompletion::finish_adding_requests 0x7fb5a924a0d0 pending 1
2013-03-14 18:10:27.404998 7fb58ed64700 1 -- 172.16.156.135:0/1648258 <== osd.0 172.16.170.1:6800/1310 18 ==== osd_op_reply(23 rb.0.1e1280.238e1f29.000000000000 [sparse-read 594432~512] = 0) v4 ==== 132+0+536 (1349425865 0 483130213) 0x7fb5a925d090 con 0x7fb5a91668f0
2013-03-14 18:10:27.405033 7fb587fff700 20 librbd::AioRequest: should_complete 0x7fb5a9250e30 rb.0.1e1280.238e1f29.000000000000 594432~512 r = 0
2013-03-14 18:10:27.405043 7fb587fff700 10 librbd::AioCompletion: C_AioRead::finish() 0x7fb5a925c3a0 r = 0
2013-03-14 18:10:27.405091 7fb587fff700 10 librbd::AioCompletion: got {594432=512} for [0,512] bl 512
2013-03-14 18:10:27.405096 7fb587fff700 20 librbd::AioCompletion: AioCompletion::complete_request() 0x7fb5a924a0d0 complete_cb=0x7fb5a6fc7170 pending 1
2013-03-14 18:10:27.405098 7fb587fff700 20 librbd::AioCompletion: AioCompletion::finalize() 0x7fb5a924a0d0 rval 512 read_buf 0x7fb5a9250c00 read_bl 0
2013-03-14 18:10:27.405102 7fb587fff700 20 librbd::AioCompletion: AioCompletion::finalize() copied resulting 512 bytes to 0x7fb5a9250c00
2013-03-14 18:10:27.405226 7fb5876fd700 20 librbd: aio_read 0x7fb5a9162330 completion 0x7fb5a924a0d0 [594944,512]
2013-03-14 18:10:27.405234 7fb5876fd700 20 librbd: ictx_check 0x7fb5a9162330
2013-03-14 18:10:27.405242 7fb5876fd700 20 librbd: oid rb.0.1e1280.238e1f29.000000000000 594944~512 from [0,512]
2013-03-14 18:10:27.405246 7fb5876fd700 20 librbd::AioRequest: send 0x7fb5a9250c60 rb.0.1e1280.238e1f29.000000000000 594944~512
2013-03-14 18:10:27.405261 7fb5876fd700 1 -- 172.16.156.135:0/1648258 --> 172.16.170.1:6800/1310 -- osd_op(client.2216705.0:24 rb.0.1e1280.238e1f29.000000000000 [sparse-read 594944~512] 2.dabde67b) v4 -- ?+0 0x7fb5a925d570 con 0x7fb5a91668f0
2013-03-14 18:10:27.405275 7fb5876fd700 20 librbd::AioCompletion: AioCompletion::finish_adding_requests 0x7fb5a924a0d0 pending 1
2013-03-14 18:10:27.406296 7fb58ed64700 1 -- 172.16.156.135:0/1648258 <== osd.0 172.16.170.1:6800/1310 19 ==== osd_op_reply(24 rb.0.1e1280.238e1f29.000000000000 [sparse-read 594944~512] = 0) v4 ==== 132+0+536 (2456460749 0 3552178818) 0x7fb5a925db80 con 0x7fb5a91668f0
2013-03-14 18:10:27.406333 7fb587fff700 20 librbd::AioRequest: should_complete 0x7fb5a9250c60 rb.0.1e1280.238e1f29.000000000000 594944~512 r = 0
2013-03-14 18:10:27.406339 7fb587fff700 10 librbd::AioCompletion: C_AioRead::finish() 0x7fb5a921ef40 r = 0
2013-03-14 18:10:27.406341 7fb587fff700 10 librbd::AioCompletion: got {594944=512} for [0,512] bl 512
2013-03-14 18:10:27.406345 7fb587fff700 20 librbd::AioCompletion: AioCompletion::complete_request() 0x7fb5a924a0d0 complete_cb=0x7fb5a6fc7170 pending 1
2013-03-14 18:10:27.406348 7fb587fff700 20 librbd::AioCompletion: AioCompletion::finalize() 0x7fb5a924a0d0 rval 512 read_buf 0x7fb5a925ce00 read_bl 0
2013-03-14 18:10:27.406351 7fb587fff700 20 librbd::AioCompletion: AioCompletion::finalize() copied resulting 512 bytes to 0x7fb5a925ce00
2013-03-14 18:10:27.406478 7fb5876fd700 20 librbd: aio_read 0x7fb5a9162330 completion 0x7fb5a924a0d0 [595456,512]
2013-03-14 18:10:27.406487 7fb5876fd700 20 librbd: ictx_check 0x7fb5a9162330
2013-03-14 18:10:27.406495 7fb5876fd700 20 librbd: oid rb.0.1e1280.238e1f29.000000000000 595456~512 from [0,512]
2013-03-14 18:10:27.406499 7fb5876fd700 20 librbd::AioRequest: send 0x7fb5a925ceb0 rb.0.1e1280.238e1f29.000000000000 595456~512
2013-03-14 18:10:27.406516 7fb5876fd700 1 -- 172.16.156.135:0/1648258 --> 172.16.170.1:6800/1310 -- osd_op(client.2216705.0:25 rb.0.1e1280.238e1f29.000000000000 [sparse-read 595456~512] 2.dabde67b) v4 -- ?+0 0x7fb5a9261850 con 0x7fb5a91668f0
2013-03-14 18:10:27.406531 7fb5876fd700 20 librbd::AioCompletion: AioCompletion::finish_adding_requests 0x7fb5a924a0d0 pending 1
2013-03-14 18:10:27.407568 7fb58ed64700 1 -- 172.16.156.135:0/1648258 <== osd.0 172.16.170.1:6800/1310 20 ==== osd_op_reply(25 rb.0.1e1280.238e1f29.000000000000 [sparse-read 595456~512] = 0) v4 ==== 132+0+536 (3549863729 0 2350987428) 0x7fb5a925db80 con 0x7fb5a91668f0
2013-03-14 18:10:27.407670 7fb587fff700 20 librbd::AioRequest: should_complete 0x7fb5a925ceb0 rb.0.1e1280.238e1f29.000000000000 595456~512 r = 0
2013-03-14 18:10:27.407679 7fb587fff700 10 librbd::AioCompletion: C_AioRead::finish() 0x7fb5a9251d50 r = 0
2013-03-14 18:10:27.407681 7fb587fff700 10 librbd::AioCompletion: got {595456=512} for [0,512] bl 512
2013-03-14 18:10:27.407686 7fb587fff700 20 librbd::AioCompletion: AioCompletion::complete_request() 0x7fb5a924a0d0 complete_cb=0x7fb5a6fc7170 pending 1
2013-03-14 18:10:27.407688 7fb587fff700 20 librbd::AioCompletion: AioCompletion::finalize() 0x7fb5a924a0d0 rval 512 read_buf 0x7fb5a9261400 read_bl 0
2013-03-14 18:10:27.407692 7fb587fff700 20 librbd::AioCompletion: AioCompletion::finalize() copied resulting 512 bytes to 0x7fb5a9261400
2013-03-14 18:10:27.407814 7fb5876fd700 20 librbd: aio_read 0x7fb5a9162330 completion 0x7fb5a924a0d0 [595968,512]
2013-03-14 18:10:27.407822 7fb5876fd700 20 librbd: ictx_check 0x7fb5a9162330
2013-03-14 18:10:27.407830 7fb5876fd700 20 librbd: oid rb.0.1e1280.238e1f29.000000000000 595968~512 from [0,512]
2013-03-14 18:10:27.407834 7fb5876fd700 20 librbd::AioRequest: send 0x7fb5a9250c60 rb.0.1e1280.238e1f29.000000000000 595968~512
2013-03-14 18:10:27.407850 7fb5876fd700 1 -- 172.16.156.135:0/1648258 --> 172.16.170.1:6800/1310 -- osd_op(client.2216705.0:26 rb.0.1e1280.238e1f29.000000000000 [sparse-read 595968~512] 2.dabde67b) v4 -- ?+0 0x7fb5a925e250 con 0x7fb5a91668f0
2013-03-14 18:10:27.407865 7fb5876fd700 20 librbd::AioCompletion: AioCompletion::finish_adding_requests 0x7fb5a924a0d0 pending 1
2013-03-14 18:10:27.408819 7fb58ed64700 1 -- 172.16.156.135:0/1648258 <== osd.0 172.16.170.1:6800/1310 21 ==== osd_op_reply(26 rb.0.1e1280.238e1f29.000000000000 [sparse-read 595968~512] = 0) v4 ==== 132+0+536 (328131892 0 3343388148) 0x7fb5a9266050 con 0x7fb5a91668f0
2013-03-14 18:10:27.408855 7fb587fff700 20 librbd::AioRequest: should_complete 0x7fb5a9250c60 rb.0.1e1280.238e1f29.000000000000 595968~512 r = 0
2013-03-14 18:10:27.408864 7fb587fff700 10 librbd::AioCompletion: C_AioRead::finish() 0x7fb5a924d330 r = 0
2013-03-14 18:10:27.408866 7fb587fff700 10 librbd::AioCompletion: got {595968=512} for [0,512] bl 512
2013-03-14 18:10:27.408970 7fb587fff700 20 librbd::AioCompletion: AioCompletion::complete_request() 0x7fb5a924a0d0 complete_cb=0x7fb5a6fc7170 pending 1
2013-03-14 18:10:27.408978 7fb587fff700 20 librbd::AioCompletion: AioCompletion::finalize() 0x7fb5a924a0d0 rval 512 read_buf 0x7fb5a925de00 read_bl 0
2013-03-14 18:10:27.408983 7fb587fff700 20 librbd::AioCompletion: AioCompletion::finalize() copied resulting 512 bytes to 0x7fb5a925de00
2013-03-14 18:10:27.409096 7fb5876fd700 20 librbd: aio_read 0x7fb5a9162330 completion 0x7fb5a924a0d0 [596480,512]
2013-03-14 18:10:27.409104 7fb5876fd700 20 librbd: ictx_check 0x7fb5a9162330
2013-03-14 18:10:27.409112 7fb5876fd700 20 librbd: oid rb.0.1e1280.238e1f29.000000000000 596480~512 from [0,512]
2013-03-14 18:10:27.409116 7fb5876fd700 20 librbd::AioRequest: send 0x7fb5a92616e0 rb.0.1e1280.238e1f29.000000000000 596480~512
2013-03-14 18:10:27.409131 7fb5876fd700 1 -- 172.16.156.135:0/1648258 --> 172.16.170.1:6800/1310 -- osd_op(client.2216705.0:27 rb.0.1e1280.238e1f29.000000000000 [sparse-read 596480~512] 2.dabde67b) v4 -- ?+0 0x7fb5a925f030 con 0x7fb5a91668f0
2013-03-14 18:10:27.409145 7fb5876fd700 20 librbd::AioCompletion: AioCompletion::finish_adding_requests 0x7fb5a924a0d0 pending 1
2013-03-14 18:10:27.410122 7fb58ed64700 1 -- 172.16.156.135:0/1648258 <== osd.0 172.16.170.1:6800/1310 22 ==== osd_op_reply(27 rb.0.1e1280.238e1f29.000000000000 [sparse-read 596480~512] = 0) v4 ==== 132+0+536 (1383262152 0 1042774153) 0x7fb5a925f640 con 0x7fb5a91668f0
2013-03-14 18:10:27.410197 7fb587fff700 20 librbd::AioRequest: should_complete 0x7fb5a92616e0 rb.0.1e1280.238e1f29.000000000000 596480~512 r = 0
2013-03-14 18:10:27.410204 7fb587fff700 10 librbd::AioCompletion: C_AioRead::finish() 0x7fb5a925c080 r = 0
2013-03-14 18:10:27.410206 7fb587fff700 10 librbd::AioCompletion: got {596480=512} for [0,512] bl 512
2013-03-14 18:10:27.410212 7fb587fff700 20 librbd::AioCompletion: AioCompletion::complete_request() 0x7fb5a924a0d0 complete_cb=0x7fb5a6fc7170 pending 1
2013-03-14 18:10:27.410217 7fb587fff700 20 librbd::AioCompletion: AioCompletion::finalize() 0x7fb5a924a0d0 rval 512 read_buf 0x7fb5a925ec00 read_bl 0
2013-03-14 18:10:27.410221 7fb587fff700 20 librbd::AioCompletion: AioCompletion::finalize() copied resulting 512 bytes to 0x7fb5a925ec00
2013-03-14 18:10:27.410326 7fb5876fd700 20 librbd: aio_read 0x7fb5a9162330 completion 0x7fb5a924a0d0 [596992,512]
2013-03-14 18:10:27.410334 7fb5876fd700 20 librbd: ictx_check 0x7fb5a9162330
2013-03-14 18:10:27.410342 7fb5876fd700 20 librbd: oid rb.0.1e1280.238e1f29.000000000000 596992~512 from [0,512]
2013-03-14 18:10:27.410346 7fb5876fd700 20 librbd::AioRequest: send 0x7fb5a925ebd0 rb.0.1e1280.238e1f29.000000000000 596992~512
2013-03-14 18:10:27.410365 7fb5876fd700 1 -- 172.16.156.135:0/1648258 --> 172.16.170.1:6800/1310 -- osd_op(client.2216705.0:28 rb.0.1e1280.238e1f29.000000000000 [sparse-read 596992~512] 2.dabde67b) v4 -- ?+0 0x7fb5a92600a0 con 0x7fb5a91668f0
2013-03-14 18:10:27.410379 7fb5876fd700 20 librbd::AioCompletion: AioCompletion::finish_adding_requests 0x7fb5a924a0d0 pending 1
2013-03-14 18:10:27.411432 7fb58ed64700 1 -- 172.16.156.135:0/1648258 <== osd.0 172.16.170.1:6800/1310 23 ==== osd_op_reply(28 rb.0.1e1280.238e1f29.000000000000 [sparse-read 596992~512] = 0) v4 ==== 132+0+536 (2423709900 0 3226800297) 0x7fb5a92606b0 con 0x7fb5a91668f0
2013-03-14 18:10:27.411467 7fb587fff700 20 librbd::AioRequest: should_complete 0x7fb5a925ebd0 rb.0.1e1280.238e1f29.000000000000 596992~512 r = 0
2013-03-14 18:10:27.411473 7fb587fff700 10 librbd::AioCompletion: C_AioRead::finish() 0x7fb5a925bb50 r = 0
2013-03-14 18:10:27.411475 7fb587fff700 10 librbd::AioCompletion: got {596992=512} for [0,512] bl 512
2013-03-14 18:10:27.411479 7fb587fff700 20 librbd::AioCompletion: AioCompletion::complete_request() 0x7fb5a924a0d0 complete_cb=0x7fb5a6fc7170 pending 1
2013-03-14 18:10:27.411481 7fb587fff700 20 librbd::AioCompletion: AioCompletion::finalize() 0x7fb5a924a0d0 rval 512 read_buf 0x7fb5a925fa00 read_bl 0
2013-03-14 18:10:27.411485 7fb587fff700 20 librbd::AioCompletion: AioCompletion::finalize() copied resulting 512 bytes to 0x7fb5a925fa00
2013-03-14 18:10:27.411595 7fb5876fd700 20 librbd: aio_read 0x7fb5a9162330 completion 0x7fb5a924a0d0 [597504,512]
2013-03-14 18:10:27.411604 7fb5876fd700 20 librbd: ictx_check 0x7fb5a9162330
2013-03-14 18:10:27.411612 7fb5876fd700 20 librbd: oid rb.0.1e1280.238e1f29.000000000000 597504~512 from [0,512]
2013-03-14 18:10:27.411616 7fb5876fd700 20 librbd::AioRequest: send 0x7fb5a9260090 rb.0.1e1280.238e1f29.000000000000 597504~512
2013-03-14 18:10:27.411632 7fb5876fd700 1 -- 172.16.156.135:0/1648258 --> 172.16.170.1:6800/1310 -- osd_op(client.2216705.0:29 rb.0.1e1280.238e1f29.000000000000 [sparse-read 597504~512] 2.dabde67b) v4 -- ?+0 0x7fb5a9262090 con 0x7fb5a91668f0
2013-03-14 18:10:27.411646 7fb5876fd700 20 librbd::AioCompletion: AioCompletion::finish_adding_requests 0x7fb5a924a0d0 pending 1
