2013-01-22 10:25:33.532188 7fdfae9b0780 0 store(/mnt/data/mon.a) created monfs at /mnt/data/mon.a for a
2013-01-22 10:26:40.015287 7f9a0eeca780 1 mon.a@-1(probing) e0 init fsid 85cedb8f-338f-47eb-9f5c-2b0b9d366f50
2013-01-22 10:26:40.016618 7f9a0eeca780 0 mon.a@-1(probing) e0 my rank is now 0 (was -1)
2013-01-22 10:26:40.016704 7f9a0eeca780 1 mon.a@0(probing) e0 win_standalone_election
2013-01-22 10:26:40.016770 7f9a0eeca780 0 log [INF] : mon.a@0 won leader election with quorum 0
2013-01-22 10:26:40.163635 7f9a0eeca780 0 log [INF] : pgmap v1: 0 pgs: ; 0 bytes data, 0 KB used, 0 KB / 0 KB avail
2013-01-22 10:26:40.296975 7f9a0eeca780 0 log [INF] : mdsmap e1: 0/0/1 up
2013-01-22 10:26:40.472322 7f9a0eeca780 1 mon.a@0(leader).osd e1 e1: 0 osds: 0 up, 0 in
2013-01-22 10:26:41.054706 7f9a0eeca780 0 log [INF] : pgmap v2: 3072 pgs: 3072 creating; 0 bytes data, 0 KB used, 0 KB / 0 KB avail
2013-01-22 10:26:41.452379 7f9a0eeca780 0 log [INF] : osdmap e1: 0 osds: 0 up, 0 in
2013-01-22 10:26:41.730414 7f9a0eeca780 1 mon.a@0(probing) e1 win_standalone_election
2013-01-22 10:26:41.730442 7f9a0eeca780 0 log [INF] : mon.a@0 won leader election with quorum 0
2013-01-22 10:26:41.730487 7f9a0eeca780 0 log [INF] : pgmap v2: 3072 pgs: 3072 creating; 0 bytes data, 0 KB used, 0 KB / 0 KB avail
2013-01-22 10:26:41.730512 7f9a0eeca780 0 log [INF] : mdsmap e1: 0/0/1 up
2013-01-22 10:26:41.730533 7f9a0eeca780 0 log [INF] : osdmap e1: 0 osds: 0 up, 0 in
2013-01-22 10:26:41.755358 7f9a0eeca780 0 log [INF] : monmap e1: 1 mons at {a=10.1.1.100:6789/0}
2013-01-22 10:26:41.888806 7f9a0eeca780 0 log [INF] : monmap e1: 1 mons at {a=10.1.1.100:6789/0}
2013-01-22 10:26:42.113666 7f9a0917f700 1 mon.a@0(leader).mds e2 adding standby 10.1.1.100:6800/12751 as mds.0
2013-01-22 10:26:42.188676 7f9a0917f700 0 log [INF] : mdsmap e3: 1/1/1 up {0=a=up:creating}
2013-01-22 10:26:42.188715 7f9a0917f700 0 log [INF] : mdsmap e3: 1/1/1 up {0=a=up:creating}
2013-01-22 10:26:42.188733 7f9a0917f700 0 log [INF] : mds.? 10.1.1.100:6800/12751 up:boot
2013-01-22 10:26:43.622038 7f9a0917f700 1 mon.a@0(leader).osd e2 e2: 1 osds: 1 up, 1 in
2013-01-22 10:26:43.955786 7f9a0917f700 0 log [INF] : pgmap v3: 3072 pgs: 3072 creating; 0 bytes data, 0 KB used, 0 KB / 0 KB avail
2013-01-22 10:26:44.147163 7f9a0917f700 0 log [INF] : osdmap e2: 1 osds: 1 up, 1 in
2013-01-22 10:26:44.147217 7f9a0917f700 0 log [INF] : osd.0 10.1.1.1:6800/2263 boot
2013-01-22 10:26:44.638758 7f9a0897e700 1 mon.a@0(leader).osd e3 e3: 1 osds: 1 up, 1 in
2013-01-22 10:26:44.974332 7f9a0897e700 0 log [INF] : pgmap v4: 3072 pgs: 3072 creating; 0 bytes data, 0 KB used, 0 KB / 0 KB avail
2013-01-22 10:26:45.035692 7f9a07e7a700 0 -- 10.1.1.100:6789/0 >> 10.1.1.215:0/4029604127 pipe(0x16f5c00 sd=19 pgs=0 cs=0 l=0).accept peer addr is really 10.1.1.215:0/4029604127 (socket is 10.1.1.215:40748/0)
2013-01-22 10:26:45.163939 7f9a0897e700 0 log [INF] : osdmap e3: 1 osds: 1 up, 1 in
2013-01-22 10:26:45.322452 7f9a0917f700 0 cephx server client.admin: unexpected key: req.key=61d592ae76814434 expected_key=23f87458575d3ce2
2013-01-22 10:26:46.013802 7f9a0897e700 1 mon.a@0(leader).osd e4 e4: 2 osds: 2 up, 2 in
2013-01-22 10:26:46.341403 7f9a0897e700 0 log [INF] : pgmap v5: 3072 pgs: 3072 creating; 0 bytes data, 0 KB used, 0 KB / 0 KB avail
2013-01-22 10:26:46.529735 7f9a0897e700 0 log [INF] : osdmap e4: 2 osds: 2 up, 2 in
2013-01-22 10:26:46.529754 7f9a0897e700 0 log [INF] : osd.1 10.1.1.1:6803/3130 boot
2013-01-22 10:26:48.163809 7f9a0897e700 1 mon.a@0(leader).osd e5 e5: 3 osds: 3 up, 3 in
2013-01-22 10:26:48.356726 7f9a0897e700 0 log [INF] : pgmap v6: 3072 pgs: 3072 creating; 0 bytes data, 0 KB used, 0 KB / 0 KB avail
2013-01-22 10:26:48.400228 7f9a0897e700 0 log [INF] : osdmap e5: 3 osds: 3 up, 3 in
2013-01-22 10:26:48.400244 7f9a0897e700 0 log [INF] : osd.10 10.1.1.101:6800/1943 boot
2013-01-22 10:26:49.197212 7f9a0897e700 1 mon.a@0(leader).osd e6 e6: 3 osds: 3 up, 3 in
2013-01-22 10:26:49.363115 7f9a0897e700 0 log [INF] : pgmap v7: 3072 pgs: 3072 creating; 0 bytes data, 0 KB used, 0 KB / 0 KB avail
2013-01-22 10:26:49.406479 7f9a0897e700 0 log [INF] : osdmap e6: 3 osds: 3 up, 3 in
2013-01-22 10:26:50.363863 7f9a0897e700 1 mon.a@0(leader).osd e7 e7: 3 osds: 3 up, 3 in
2013-01-22 10:26:50.551503 7f9a0897e700 0 log [INF] : pgmap v8: 3072 pgs: 2251 creating, 821 peering; 84 bytes data, 5016 MB used, 1856 GB / 1863 GB avail
2013-01-22 10:26:50.583776 7f9a0897e700 0 log [INF] : osdmap e7: 3 osds: 3 up, 3 in
2013-01-22 10:26:51.388941 7f9a0897e700 1 mon.a@0(leader).osd e8 e8: 4 osds: 4 up, 4 in
2013-01-22 10:26:51.549761 7f9a0897e700 0 log [INF] : pgmap v9: 3072 pgs: 2251 creating, 821 peering; 84 bytes data, 5016 MB used, 1856 GB / 1863 GB avail
2013-01-22 10:26:51.580726 7f9a0897e700 0 log [INF] : osdmap e8: 4 osds: 4 up, 4 in
2013-01-22 10:26:51.580745 7f9a0897e700 0 log [INF] : osd.11 10.1.1.101:6803/2813 boot
2013-01-22 10:26:52.438957 7f9a0897e700 1 mon.a@0(leader).osd e9 e9: 4 osds: 4 up, 4 in
2013-01-22 10:26:52.616321 7f9a0897e700 0 log [INF] : pgmap v10: 3072 pgs: 1567 creating, 467 active, 217 active+clean, 821 peering; 84 bytes data, 10030 MB used, 3712 GB / 3726 GB avail
2013-01-22 10:26:52.637507 7f9a0897e700 0 log [INF] : osdmap e9: 4 osds: 4 up, 4 in
2013-01-22 10:26:53.472276 7f9a0897e700 1 mon.a@0(leader).osd e10 e10: 5 osds: 5 up, 5 in
2013-01-22 10:26:53.613443 7f9a0897e700 0 log [INF] : pgmap v11: 3072 pgs: 1567 creating, 467 active, 217 active+clean, 821 peering; 84 bytes data, 10030 MB used, 3712 GB / 3726 GB avail
2013-01-22 10:26:53.622872 7f9a0897e700 0 log [INF] : osdmap e10: 5 osds: 5 up, 5 in
2013-01-22 10:26:53.622887 7f9a0897e700 0 log [INF] : osd.12 10.1.1.102:6800/2825 boot
2013-01-22 10:26:54.522273 7f9a0897e700 1 mon.a@0(leader).osd e11 e11: 5 osds: 5 up, 5 in
2013-01-22 10:26:54.670205 7f9a0897e700 0 log [INF] : pgmap v12: 3072 pgs: 1567 creating, 467 active, 217 active+clean, 821 peering; 84 bytes data, 10030 MB used, 3712 GB / 3726 GB avail
2013-01-22 10:26:54.679553 7f9a0897e700 0 log [INF] : osdmap e11: 5 osds: 5 up, 5 in
2013-01-22 10:26:55.051646 7f9a07e7a700 0 -- 10.1.1.100:6789/0 >> 10.1.1.215:0/4029604127 pipe(0x1937c00 sd=19 pgs=0 cs=0 l=0).accept peer addr is really 10.1.1.215:0/4029604127 (socket is 10.1.1.215:40749/0)
2013-01-22 10:26:55.052716 7f9a0917f700 0 cephx server client.admin: unexpected key: req.key=8a9fab6c34bb5b9b expected_key=f90c08280f98e524
2013-01-22 10:26:55.555656 7f9a0897e700 1 mon.a@0(leader).osd e12 e12: 6 osds: 6 up, 6 in
2013-01-22 10:26:55.697836 7f9a0897e700 0 log [INF] : pgmap v13: 3072 pgs: 836 creating, 806 active, 609 active+clean, 821 peering; 84 bytes data, 15045 MB used, 5568 GB / 5589 GB avail
2013-01-22 10:26:55.704131 7f9a0897e700 0 log [INF] : osdmap e12: 6 osds: 6 up, 6 in
2013-01-22 10:26:55.704253 7f9a0897e700 0 log [INF] : osd.13 10.1.1.102:6803/3692 boot
2013-01-22 10:26:56.605725 7f9a0897e700 1 mon.a@0(leader).osd e13 e13: 6 osds: 6 up, 6 in
2013-01-22 10:26:56.739302 7f9a0897e700 0 log [INF] : pgmap v14: 3072 pgs: 836 creating, 806 active, 609 active+clean, 821 peering; 84 bytes data, 15045 MB used, 5568 GB / 5589 GB avail
2013-01-22 10:26:56.746143 7f9a0897e700 0 log [INF] : osdmap e13: 6 osds: 6 up, 6 in
2013-01-22 10:26:57.630707 7f9a0897e700 1 mon.a@0(leader).osd e14 e14: 7 osds: 7 up, 7 in
2013-01-22 10:26:57.751037 7f9a0897e700 0 log [INF] : pgmap v15: 3072 pgs: 277 creating, 945 active, 918 active+clean, 932 peering; 84 bytes data, 20056 MB used, 7424 GB / 7452 GB avail
2013-01-22 10:26:57.753353 7f9a0897e700 0 log [INF] : osdmap e14: 7 osds: 7 up, 7 in
2013-01-22 10:26:57.753369 7f9a0897e700 0 log [INF] : osd.14 10.1.1.102:6806/4447 boot
2013-01-22 10:26:58.680688 7f9a0897e700 1 mon.a@0(leader).osd e15 e15: 7 osds: 7 up, 7 in
2013-01-22 10:26:58.808617 7f9a0897e700 0 log [INF] : pgmap v16: 3072 pgs: 277 creating, 945 active, 918 active+clean, 932 peering; 84 bytes data, 20056 MB used, 7424 GB / 7452 GB avail
2013-01-22 10:26:58.810330 7f9a0897e700 0 log [INF] : osdmap e15: 7 osds: 7 up, 7 in
2013-01-22 10:26:59.722462 7f9a0897e700 1 mon.a@0(leader).osd e16 e16: 8 osds: 8 up, 8 in
2013-01-22 10:26:59.857968 7f9a0897e700 0 log [INF] : pgmap v17: 3072 pgs: 148 creating, 999 active, 1131 active+clean, 794 peering; 699 bytes data, 25068 MB used, 9280 GB / 9315 GB avail
2013-01-22 10:26:59.859660 7f9a0897e700 0 log [INF] : osdmap e16: 8 osds: 8 up, 8 in
2013-01-22 10:26:59.859760 7f9a0897e700 0 log [INF] : osd.15 10.1.1.102:6809/5218 boot
2013-01-22 10:27:00.780830 7f9a0897e700 1 mon.a@0(leader).osd e17 e17: 9 osds: 9 up, 9 in
2013-01-22 10:27:00.916026 7f9a0897e700 0 log [INF] : pgmap v18: 3072 pgs: 148 creating, 999 active, 1131 active+clean, 794 peering; 699 bytes data, 25068 MB used, 9280 GB / 9315 GB avail
2013-01-22 10:27:00.917522 7f9a0897e700 0 log [INF] : osdmap e17: 9 osds: 9 up, 9 in
2013-01-22 10:27:00.917924 7f9a0897e700 0 log [INF] : osd.2 10.1.1.1:6806/3946 boot
2013-01-22 10:27:01.805756 7f9a0897e700 1 mon.a@0(leader).osd e18 e18: 9 osds: 9 up, 9 in
2013-01-22 10:27:01.940755 7f9a0897e700 0 log [INF] : pgmap v19: 3072 pgs: 96 creating, 914 active, 1358 active+clean, 704 peering; 1256 bytes data, 30073 MB used, 11136 GB / 11178 GB avail
2013-01-22 10:27:01.942167 7f9a0897e700 0 log [INF] : osdmap e18: 9 osds: 9 up, 9 in
2013-01-22 10:27:03.198421 7f9a0897e700 0 log [INF] : pgmap v20: 3072 pgs: 36 creating, 814 active, 1555 active+clean, 665 peering, 2 active+recovering; 1490 bytes data, 35077 MB used, 12992 GB / 13041 GB avail; 4/14 degraded (28.571%)
2013-01-22 10:27:03.272562 7f9a0897e700 1 mon.a@0(leader).osd e19 e19: 10 osds: 10 up, 10 in
2013-01-22 10:27:03.390052 7f9a0897e700 0 log [INF] : pgmap v21: 3072 pgs: 36 creating, 814 active, 1555 active+clean, 665 peering, 2 active+recovering; 1490 bytes data, 35077 MB used, 12992 GB / 13041 GB avail; 4/14 degraded (28.571%)
2013-01-22 10:27:03.390489 7f9a0897e700 0 log [INF] : osdmap e19: 10 osds: 10 up, 10 in
2013-01-22 10:27:03.390509 7f9a0897e700 0 log [INF] : osd.3 10.1.1.1:6809/4749 boot
2013-01-22 10:27:04.314183 7f9a0897e700 1 mon.a@0(leader).osd e20 e20: 10 osds: 10 up, 10 in
2013-01-22 10:27:04.465068 7f9a0897e700 0 log [INF] : pgmap v22: 3072 pgs: 36 creating, 814 active, 1555 active+clean, 665 peering, 2 active+recovering; 1490 bytes data, 35077 MB used, 12992 GB / 13041 GB avail; 4/14 degraded (28.571%)
2013-01-22 10:27:04.465517 7f9a0897e700 0 log [INF] : osdmap e20: 10 osds: 10 up, 10 in
2013-01-22 10:27:05.067467 7f9a07e7a700 0 -- 10.1.1.100:6789/0 >> 10.1.1.215:0/4029604127 pipe(0x1925c00 sd=19 pgs=0 cs=0 l=0).accept peer addr is really 10.1.1.215:0/4029604127 (socket is 10.1.1.215:40750/0)
2013-01-22 10:27:05.068457 7f9a0917f700 0 cephx server client.admin: unexpected key: req.key=b05a6ae7f0372586 expected_key=eb3a3c210dffcfa4
2013-01-22 10:27:05.339267 7f9a0897e700 1 mon.a@0(leader).osd e21 e21: 11 osds: 11 up, 11 in
2013-01-22 10:27:05.448333 7f9a0897e700 0 log [INF] : pgmap v23: 3072 pgs: 623 active, 2077 active+clean, 366 peering, 6 active+recovering; 2727 bytes data, 40116 MB used, 14848 GB / 14904 GB avail; 11/22 degraded (50.000%)
2013-01-22 10:27:05.448762 7f9a0897e700 0 log [INF] : osdmap e21: 11 osds: 11 up, 11 in
2013-01-22 10:27:05.448785 7f9a0897e700 0 log [INF] : osd.4 10.1.1.2:6800/2552 boot
2013-01-22 10:27:06.397639 7f9a0897e700 1 mon.a@0(leader).osd e22 e22: 11 osds: 11 up, 11 in
2013-01-22 10:27:06.531490 7f9a0897e700 0 log [INF] : pgmap v24: 3072 pgs: 623 active, 2077 active+clean, 366 peering, 6 active+recovering; 2727 bytes data, 40116 MB used, 14848 GB / 14904 GB avail; 11/22 degraded (50.000%)
2013-01-22 10:27:06.531636 7f9a0897e700 0 log [INF] : osdmap e22: 11 osds: 11 up, 11 in
2013-01-22 10:27:07.573175 7f9a0897e700 0 log [INF] : pgmap v25: 3072 pgs: 630 active, 2162 active+clean, 273 peering, 7 active+recovering; 2727 bytes data, 45120 MB used, 16704 GB / 16767 GB avail; 14/22 degraded (63.636%); 1/11 unfound (9.091%)
2013-01-22 10:27:07.789342 7f9a0897e700 1 mon.a@0(leader).osd e23 e23: 12 osds: 12 up, 12 in
2013-01-22 10:27:07.923187 7f9a0897e700 0 log [INF] : pgmap v26: 3072 pgs: 630 active, 2162 active+clean, 273 peering, 7 active+recovering; 2727 bytes data, 45120 MB used, 16704 GB / 16767 GB avail; 14/22 degraded (63.636%); 1/11 unfound (9.091%)
2013-01-22 10:27:07.923351 7f9a0897e700 0 log [INF] : osdmap e23: 12 osds: 12 up, 12 in
2013-01-22 10:27:07.923379 7f9a0897e700 0 log [INF] : osd.5 10.1.1.2:6803/3482 boot
2013-01-22 10:27:08.814342 7f9a0897e700 1 mon.a@0(leader).osd e24 e24: 12 osds: 12 up, 12 in
2013-01-22 10:27:08.931449 7f9a0897e700 0 log [INF] : pgmap v27: 3072 pgs: 630 active, 2162 active+clean, 273 peering, 7 active+recovering; 2727 bytes data, 45120 MB used, 16704 GB / 16767 GB avail; 14/22 degraded (63.636%); 1/11 unfound (9.091%)
2013-01-22 10:27:08.931673 7f9a0897e700 0 log [INF] : osdmap e24: 12 osds: 12 up, 12 in
2013-01-22 10:27:09.872715 7f9a0897e700 1 mon.a@0(leader).osd e25 e25: 13 osds: 13 up, 13 in
2013-01-22 10:27:10.006640 7f9a0897e700 0 log [INF] : pgmap v28: 3072 pgs: 580 active, 2310 active+clean, 174 peering, 8 active+recovering; 2932 bytes data, 50125 MB used, 18561 GB / 18630 GB avail; 15/24 degraded (62.500%); 1/12 unfound (8.333%)
2013-01-22 10:27:10.006867 7f9a0897e700 0 log [INF] : osdmap e25: 13 osds: 13 up, 13 in
2013-01-22 10:27:10.006897 7f9a0897e700 0 log [INF] : osd.6 10.1.1.2:6806/4254 boot
2013-01-22 10:27:10.881077 7f9a0897e700 1 mon.a@0(leader).osd e26 e26: 13 osds: 13 up, 13 in
2013-01-22 10:27:10.989849 7f9a0897e700 0 log [INF] : pgmap v29: 3072 pgs: 580 active, 2310 active+clean, 174 peering, 8 active+recovering; 2932 bytes data, 50125 MB used, 18561 GB / 18630 GB avail; 15/24 degraded (62.500%); 1/12 unfound (8.333%)
2013-01-22 10:27:10.989957 7f9a0897e700 0 log [INF] : osdmap e26: 13 osds: 13 up, 13 in
2013-01-22 10:27:11.922769 7f9a0897e700 1 mon.a@0(leader).osd e27 e27: 14 osds: 14 up, 14 in
2013-01-22 10:27:12.040009 7f9a0897e700 0 log [INF] : pgmap v30: 3072 pgs: 528 active, 2390 active+clean, 144 peering, 10 active+recovering; 3178 bytes data, 55134 MB used, 20417 GB / 20493 GB avail; 16/28 degraded (57.143%); 1/14 unfound (7.143%)
2013-01-22 10:27:12.040267 7f9a0897e700 0 log [INF] : osdmap e27: 14 osds: 14 up, 14 in
2013-01-22 10:27:12.040291 7f9a0897e700 0 log [INF] : osd.7 10.1.1.2:6809/5064 boot
2013-01-22 10:27:12.256207 7f9a0917f700 0 log [INF] : mdsmap e4: 1/1/1 up {0=a=up:active}
2013-01-22 10:27:12.256237 7f9a0917f700 0 log [INF] : mds.0 10.1.1.100:6800/12751 up:active
2013-01-22 10:27:12.981083 7f9a0897e700 1 mon.a@0(leader).osd e28 e28: 14 osds: 14 up, 14 in
2013-01-22 10:27:13.106647 7f9a0897e700 0 log [INF] : pgmap v31: 3072 pgs: 528 active, 2390 active+clean, 144 peering, 10 active+recovering; 3178 bytes data, 55134 MB used, 20417 GB / 20493 GB avail; 16/28 degraded (57.143%); 1/14 unfound (7.143%)
2013-01-22 10:27:13.106753 7f9a0897e700 0 log [INF] : osdmap e28: 14 osds: 14 up, 14 in
2013-01-22 10:27:14.064410 7f9a0897e700 1 mon.a@0(leader).osd e29 e29: 15 osds: 15 up, 15 in
2013-01-22 10:27:14.198355 7f9a0897e700 0 log [INF] : pgmap v32: 3072 pgs: 494 active, 2448 active+clean, 117 peering, 13 active+recovering; 3514 bytes data, 60139 MB used, 22273 GB / 22356 GB avail; 24/32 degraded (75.000%); 1/16 unfound (6.250%)
2013-01-22 10:27:14.198597 7f9a0897e700 0 log [INF] : osdmap e29: 15 osds: 15 up, 15 in
2013-01-22 10:27:14.198625 7f9a0897e700 0 log [INF] : osd.8 10.1.1.101:6806/3702 boot
2013-01-22 10:27:15.083394 7f9a07e7a700 0 -- 10.1.1.100:6789/0 >> 10.1.1.215:0/4029604127 pipe(0x1d9ca00 sd=19 pgs=0 cs=0 l=0).accept peer addr is really 10.1.1.215:0/4029604127 (socket is 10.1.1.215:40751/0)
2013-01-22 10:27:15.397841 7f9a0897e700 1 mon.a@0(leader).osd e30 e30: 15 osds: 15 up, 15 in
2013-01-22 10:27:15.523344 7f9a0897e700 0 log [INF] : pgmap v33: 3072 pgs: 494 active, 2448 active+clean, 117 peering, 13 active+recovering; 3514 bytes data, 60139 MB used, 22273 GB / 22356 GB avail; 24/32 degraded (75.000%); 1/16 unfound (6.250%)
2013-01-22 10:27:15.523512 7f9a0897e700 0 log [INF] : osdmap e30: 15 osds: 15 up, 15 in
2013-01-22 10:27:15.525725 7f9a0917f700 0 cephx server client.admin: unexpected key: req.key=b8ffbabeb404f260 expected_key=13af16bb0b171aa8
2013-01-22 10:27:16.131186 7f9a0897e700 1 mon.a@0(leader).osd e31 e31: 16 osds: 16 up, 16 in
2013-01-22 10:27:16.281757 7f9a0897e700 0 log [INF] : pgmap v34: 3072 pgs: 455 active, 2486 active+clean, 117 peering, 14 active+recovering; 3719 bytes data, 65143 MB used, 24129 GB / 24219 GB avail; 27/34 degraded (79.412%); 1/17 unfound (5.882%)
2013-01-22 10:27:16.282161 7f9a0897e700 0 log [INF] : osdmap e31: 16 osds: 16 up, 16 in
2013-01-22 10:27:16.282186 7f9a0897e700 0 log [INF] : osd.9 10.1.1.101:6809/4440 boot
2013-01-22 10:27:17.172880 7f9a0897e700 1 mon.a@0(leader).osd e32 e32: 16 osds: 16 up, 16 in
2013-01-22 10:27:17.306728 7f9a0897e700 0 log [INF] : pgmap v35: 3072 pgs: 455 active, 2486 active+clean, 117 peering, 14 active+recovering; 3719 bytes data, 65143 MB used, 24129 GB / 24219 GB avail; 27/34 degraded (79.412%); 1/17 unfound (5.882%)
2013-01-22 10:27:17.306830 7f9a0897e700 0 log [INF] : osdmap e32: 16 osds: 16 up, 16 in
2013-01-22 10:27:18.348549 7f9a0897e700 0 log [INF] : pgmap v36: 3072 pgs: 272 active, 2692 active+clean, 93 peering, 15 active+recovering; 3748 bytes data, 70162 MB used, 25985 GB / 26082 GB avail; 29/36 degraded (80.556%); 1/18 unfound (5.556%)
2013-01-22 10:27:19.556793 7f9a0897e700 0 log [INF] : pgmap v37: 3072 pgs: 217 active, 2767 active+clean, 72 peering, 16 active+recovering; 3953 bytes data, 75165 MB used, 27841 GB / 27945 GB avail; 31/38 degraded (81.579%); 1/19 unfound (5.263%)
2013-01-22 10:27:21.506882 7f9a0897e700 0 log [INF] : pgmap v38: 3072 pgs: 217 active, 2791 active+clean, 48 peering, 16 active+recovering; 3953 bytes data, 75167 MB used, 27841 GB / 27945 GB avail; 31/38 degraded (81.579%); 1/19 unfound (5.263%)
2013-01-22 10:27:22.573917 7f9a0897e700 0 log [INF] : pgmap v39: 3072 pgs: 3054 active+clean, 18 active+recovering; 8730 bytes data, 80158 MB used, 29697 GB / 29808 GB avail; 31/42 degraded (73.810%)
2013-01-22 10:27:25.099287 7f9a07e7a700 0 -- 10.1.1.100:6789/0 >> 10.1.1.215:0/4029604127 pipe(0x1917c00 sd=19 pgs=0 cs=0 l=0).accept peer addr is really 10.1.1.215:0/4029604127 (socket is 10.1.1.215:40753/0)
2013-01-22 10:27:25.100323 7f9a0917f700 0 cephx server client.admin: unexpected key: req.key=4b80ffde1b7afb05 expected_key=3bc2fd2ee009c037
2013-01-22 10:27:26.756954 7f9a0897e700 0 log [INF] : pgmap v40: 3072 pgs: 3055 active+clean, 17 active+recovering; 8730 bytes data, 80155 MB used, 29697 GB / 29808 GB avail; 30/42 degraded (71.429%)
2013-01-22 10:27:27.806965 7f9a0897e700 0 log [INF] : pgmap v41: 3072 pgs: 3061 active+clean, 11 active+recovering; 8730 bytes data, 80141 MB used, 29697 GB / 29808 GB avail; 22/42 degraded (52.381%)
2013-01-22 10:27:31.482072 7f9a0897e700 0 log [INF] : pgmap v42: 3072 pgs: 3063 active+clean, 9 active+recovering; 8730 bytes data, 80139 MB used, 29697 GB / 29808 GB avail; 17/42 degraded (40.476%)
2013-01-22 10:27:32.532012 7f9a0897e700 0 log [INF] : pgmap v43: 3072 pgs: 3064 active+clean, 8 active+recovering; 8730 bytes data, 80139 MB used, 29697 GB / 29808 GB avail; 16/42 degraded (38.095%)
2013-01-22 10:27:33.582126 7f9a0897e700 0 log [INF] : pgmap v44: 3072 pgs: 3065 active+clean, 7 active+recovering; 8730 bytes data, 80122 MB used, 29697 GB / 29808 GB avail; 14/42 degraded (33.333%)
2013-01-22 10:27:34.615479 7f9a0897e700 0 log [INF] : pgmap v45: 3072 pgs: 3066 active+clean, 6 active+recovering; 8730 bytes data, 80123 MB used, 29697 GB / 29808 GB avail; 12/42 degraded (28.571%)
2013-01-22 10:27:35.115163 7f9a07e7a700 0 -- 10.1.1.100:6789/0 >> 10.1.1.215:0/4029604127 pipe(0x1917000 sd=19 pgs=0 cs=0 l=0).accept peer addr is really 10.1.1.215:0/4029604127 (socket is 10.1.1.215:40754/0)
2013-01-22 10:27:35.116195 7f9a0917f700 0 cephx server client.admin: unexpected key: req.key=ccf825c105a00a3a expected_key=ff30c7812767904c
2013-01-22 10:27:35.796213 7f9a0917f700 0 mon.a@0(leader) e1 handle_command mon_command(health v 0) v1
2013-01-22 10:27:36.698870 7f9a0897e700 0 log [INF] : pgmap v46: 3072 pgs: 3068 active+clean, 4 active+recovering; 8730 bytes data, 80122 MB used, 29697 GB / 29808 GB avail; 9/42 degraded (21.429%)
2013-01-22 10:27:37.740517 7f9a0897e700 0 log [INF] : pgmap v47: 3072 pgs: 3072 active+clean; 8730 bytes data, 80118 MB used, 29697 GB / 29808 GB avail
2013-01-22 10:27:39.842483 7f9a0917f700 0 mon.a@0(leader) e1 handle_command mon_command(health v 0) v1
2013-01-22 10:27:44.970904 7f9a0917f700 0 mon.a@0(leader) e1 handle_command mon_command(status v 0) v1
2013-01-22 10:27:45.131033 7f9a07e7a700 0 -- 10.1.1.100:6789/0 >> 10.1.1.215:0/4029604127 pipe(0x1700c00 sd=19 pgs=0 cs=0 l=0).accept peer addr is really 10.1.1.215:0/4029604127 (socket is 10.1.1.215:40755/0)
2013-01-22 10:27:45.131991 7f9a0917f700 0 cephx server client.admin: unexpected key: req.key=a7434f70a9fe82ce expected_key=936c57f7b45544a
2013-01-22 10:27:55.146929 7f9a07e7a700 0 -- 10.1.1.100:6789/0 >> 10.1.1.215:0/4029604127 pipe(0x1925e00 sd=34 pgs=0 cs=0 l=0).accept peer addr is really 10.1.1.215:0/4029604127 (socket is 10.1.1.215:40756/0)
2013-01-22 10:27:55.147971 7f9a0917f700 0 cephx server client.admin: unexpected key: req.key=44e4030919c7685b expected_key=4c9f11a7863b6699
2013-01-22 10:28:05.162797 7f9a07e7a700 0 -- 10.1.1.100:6789/0 >> 10.1.1.215:0/4029604127 pipe(0x17e1800 sd=19 pgs=0 cs=0 l=0).accept peer addr is really 10.1.1.215:0/4029604127 (socket is 10.1.1.215:40757/0)
2013-01-22 10:28:05.163810 7f9a0917f700 0 cephx server client.admin: unexpected key: req.key=ee0c12118cb1ecb9 expected_key=e7cbca0bff4d1b26
2013-01-22 10:28:15.178665 7f9a07e7a700 0 -- 10.1.1.100:6789/0 >> 10.1.1.215:0/4029604127 pipe(0x1d23e00 sd=19 pgs=0 cs=0 l=0).accept peer addr is really 10.1.1.215:0/4029604127 (socket is 10.1.1.215:40758/0)
2013-01-22 10:28:15.179663 7f9a0917f700 0 cephx server client.admin: unexpected key: req.key=c94bba24a32f5db6 expected_key=299d55befc538199
2013-01-22 10:28:22.637724 7f9a05e5a700 0 -- 10.1.1.100:6789/0 >> 10.1.1.215:0/1561998448 pipe(0x1d23a00 sd=34 pgs=0 cs=0 l=0).accept peer addr is really 10.1.1.215:0/1561998448 (socket is 10.1.1.215:40759/0)
2013-01-22 10:28:25.194504 7f9a07e7a700 0 -- 10.1.1.100:6789/0 >> 10.1.1.215:0/4029604127 pipe(0x1d36600 sd=19 pgs=0 cs=0 l=0).accept peer addr is really 10.1.1.215:0/4029604127 (socket is 10.1.1.215:40761/0)
2013-01-22 10:28:25.195536 7f9a0917f700 0 cephx server client.admin: unexpected key: req.key=cd79515625cdc84d expected_key=dc4660a578cf6709
2013-01-22 10:28:26.683356 7f9a0897e700 0 log [INF] : pgmap v48: 3072 pgs: 3072 active+clean; 8730 bytes data, 80118 MB used, 29697 GB / 29808 GB avail
2013-01-22 10:28:27.700074 7f9a0897e700 0 log [INF] : pgmap v49: 3072 pgs: 3072 active+clean; 8913 bytes data, 80101 MB used, 29697 GB / 29808 GB avail
2013-01-22 10:28:28.725102 7f9a0897e700 0 log [INF] : pgmap v50: 3072 pgs: 3072 active+clean; 8913 bytes data, 80098 MB used, 29697 GB / 29808 GB avail
2013-01-22 10:28:29.758447 7f9a0897e700 0 log [INF] : pgmap v51: 3072 pgs: 3072 active+clean; 8913 bytes data, 80097 MB used, 29697 GB / 29808 GB avail
2013-01-22 10:28:31.708522 7f9a0897e700 0 log [INF] : pgmap v52: 3072 pgs: 3072 active+clean; 8913 bytes data, 80097 MB used, 29697 GB / 29808 GB avail
2013-01-22 10:28:32.758469 7f9a0897e700 0 log [INF] : pgmap v53: 3072 pgs: 3072 active+clean; 8913 bytes data, 80097 MB used, 29697 GB / 29808 GB avail
2013-01-22 10:28:33.791879 7f9a0897e700 0 log [INF] : pgmap v54: 3072 pgs: 3072 active+clean; 8913 bytes data, 80097 MB used, 29697 GB / 29808 GB avail
2013-01-22 10:28:34.833577 7f9a0897e700 0 log [INF] : pgmap v55: 3072 pgs: 3072 active+clean; 8913 bytes data, 80097 MB used, 29697 GB / 29808 GB avail
2013-01-22 10:28:35.210583 7f9a07e7a700 0 -- 10.1.1.100:6789/0 >> 10.1.1.215:0/4029604127 pipe(0x17c1800 sd=19 pgs=0 cs=0 l=0).accept peer addr is really 10.1.1.215:0/4029604127 (socket is 10.1.1.215:40762/0)
2013-01-22 10:28:35.212101 7f9a0917f700 0 cephx server client.admin: unexpected key: req.key=6d1596b001f15e0b expected_key=95e1ac645c9c04b8
2013-01-22 10:28:36.691925 7f9a0897e700 0 log [INF] : pgmap v56: 3072 pgs: 3072 active+clean; 8913 bytes data, 80097 MB used, 29697 GB / 29808 GB avail
2013-01-22 10:28:37.716976 7f9a0897e700 0 log [INF] : pgmap v57: 3072 pgs: 3072 active+clean; 10403 bytes data, 80098 MB used, 29697 GB / 29808 GB avail
2013-01-22 10:28:38.733703 7f9a0897e700 0 log [INF] : pgmap v58: 3072 pgs: 3072 active+clean; 10403 bytes data, 80098 MB used, 29697 GB / 29808 GB avail
2013-01-22 10:28:39.758689 7f9a0897e700 0 log [INF] : pgmap v59: 3072 pgs: 3072 active+clean; 10403 bytes data, 80098 MB used, 29697 GB / 29808 GB avail
2013-01-22 10:28:41.692074 7f9a0897e700 0 log [INF] : pgmap v60: 3072 pgs: 3072 active+clean; 10403 bytes data, 80098 MB used, 29697 GB / 29808 GB avail
2013-01-22 10:28:42.742089 7f9a0897e700 0 log [INF] : pgmap v61: 3072 pgs: 3072 active+clean; 10403 bytes data, 80077 MB used, 29697 GB / 29808 GB avail
2013-01-22 10:28:43.783801 7f9a0897e700 0 log [INF] : pgmap v62: 3072 pgs: 3072 active+clean; 10403 bytes data, 80077 MB used, 29697 GB / 29808 GB avail
2013-01-22 10:28:44.833771 7f9a0897e700 0 log [INF] : pgmap v63: 3072 pgs: 3072 active+clean; 10403 bytes data, 80077 MB used, 29697 GB / 29808 GB avail
2013-01-22 10:28:45.226268 7f9a07e7a700 0 -- 10.1.1.100:6789/0 >> 10.1.1.215:0/4029604127 pipe(0x17d6a00 sd=19 pgs=0 cs=0 l=0).accept peer addr is really 10.1.1.215:0/4029604127 (socket is 10.1.1.215:40763/0)
2013-01-22 10:28:45.227349 7f9a0917f700 0 cephx server client.admin: unexpected key: req.key=d69161c19c557c4 expected_key=9f7e7325fa7b3166
2013-01-22 10:28:47.100476 7f9a0897e700 0 log [INF] : pgmap v64: 3072 pgs: 3072 active+clean; 10403 bytes data, 80073 MB used, 29697 GB / 29808 GB avail
2013-01-22 10:28:48.142249 7f9a0897e700 0 log [INF] : pgmap v65: 3072 pgs: 3072 active+clean; 10403 bytes data, 80068 MB used, 29697 GB / 29808 GB avail
2013-01-22 10:28:49.533923 7f9a0897e700 0 log [INF] : pgmap v66: 3072 pgs: 3072 active+clean; 10403 bytes data, 80068 MB used, 29697 GB / 29808 GB avail
2013-01-22 10:28:51.692330 7f9a0897e700 0 log [INF] : pgmap v67: 3072 pgs: 3072 active+clean; 10403 bytes data, 80068 MB used, 29697 GB / 29808 GB avail
2013-01-22 10:28:52.717350 7f9a0897e700 0 log [INF] : pgmap v68: 3072 pgs: 3072 active+clean; 10403 bytes data, 80068 MB used, 29697 GB / 29808 GB avail
2013-01-22 10:28:53.750699 7f9a0897e700 0 log [INF] : pgmap v69: 3072 pgs: 3072 active+clean; 10403 bytes data, 80068 MB used, 29697 GB / 29808 GB avail
2013-01-22 10:28:54.775729 7f9a0897e700 0 log [INF] : pgmap v70: 3072 pgs: 3072 active+clean; 10403 bytes data, 80068 MB used, 29697 GB / 29808 GB avail
2013-01-22 10:28:55.242154 7f9a07e7a700 0 -- 10.1.1.100:6789/0 >> 10.1.1.215:0/4029604127 pipe(0x1700c00 sd=19 pgs=0 cs=0 l=0).accept peer addr is really 10.1.1.215:0/4029604127 (socket is 10.1.1.215:40764/0)
2013-01-22 10:28:55.243407 7f9a0917f700 0 cephx server client.admin: unexpected key: req.key=f9fabe57a2a51c9 expected_key=7e4b21e6b170fcaa
2013-01-22 10:28:56.700765 7f9a0897e700 0 log [INF] : pgmap v71: 3072 pgs: 3072 active+clean; 10403 bytes data, 80068 MB used, 29697 GB / 29808 GB avail
2013-01-22 10:28:57.717463 7f9a0897e700 0 log [INF] : pgmap v72: 3072 pgs: 3072 active+clean; 10403 bytes data, 80066 MB used, 29697 GB / 29808 GB avail
2013-01-22 10:28:58.750834 7f9a0897e700 0 log [INF] : pgmap v73: 3072 pgs: 3072 active+clean; 10403 bytes data, 80066 MB used, 29697 GB / 29808 GB avail
2013-01-22 10:28:59.767479 7f9a0897e700 0 log [INF] : pgmap v74: 3072 pgs: 3072 active+clean; 10403 bytes data, 80066 MB used, 29697 GB / 29808 GB avail
2013-01-22 10:29:01.684140 7f9a0897e700 0 log [INF] : pgmap v75: 3072 pgs: 3072 active+clean; 4130 KB data, 80065 MB used, 29697 GB / 29808 GB avail
2013-01-22 10:29:02.717699 7f9a0897e700 0 log [INF] : pgmap v76: 3072 pgs: 3072 active+clean; 61474 KB data, 80085 MB used, 29697 GB / 29808 GB avail
2013-01-22 10:29:03.750940 7f9a0897e700 0 log [INF] : pgmap v77: 3072 pgs: 3072 active+clean; 69666 KB data, 80085 MB used, 29697 GB / 29808 GB avail
2013-01-22 10:29:04.775960 7f9a0897e700 0 log [INF] : pgmap v78: 3072 pgs: 3072 active+clean; 86050 KB data, 80085 MB used, 29697 GB / 29808 GB avail
2013-01-22 10:29:05.271157 7f9a07e7a700 0 -- 10.1.1.100:6789/0 >> 10.1.1.215:0/4029604127 pipe(0x1925e00 sd=19 pgs=0 cs=0 l=0).accept peer addr is really 10.1.1.215:0/4029604127 (socket is 10.1.1.215:40781/0)
2013-01-22 10:29:05.290895 7f9a0917f700 0 cephx server client.admin: unexpected key: req.key=453c20afa8ba98e3 expected_key=79358daf69e3890d
2013-01-22 10:29:06.509341 7f9a0897e700 0 log [INF] : pgmap v79: 3072 pgs: 3072 active+clean; 108 MB data, 80129 MB used, 29697 GB / 29808 GB avail
2013-01-22 10:29:07.551066 7f9a0897e700 0 log [INF] : pgmap v80: 3072 pgs: 3072 active+clean; 424 MB data, 80685 MB used, 29697 GB / 29808 GB avail
2013-01-22 10:29:08.601067 7f9a0897e700 0 log [INF] : pgmap v81: 3072 pgs: 3072 active+clean; 432 MB data, 80721 MB used, 29697 GB / 29808 GB avail
2013-01-22 10:29:09.634430 7f9a0897e700 0 log [INF] : pgmap v82: 3072 pgs: 3072 active+clean; 452 MB data, 80782 MB used, 29696 GB / 29808 GB avail
2013-01-22 10:29:11.484455 7f9a0897e700 0 log [INF] : pgmap v83: 3072 pgs: 3072 active+clean; 476 MB data, 80814 MB used, 29696 GB / 29808 GB avail
2013-01-22 10:29:12.501174 7f9a0897e700 0 log [INF] : pgmap v84: 3072 pgs: 3072 active+clean; 756 MB data, 81233 MB used, 29696 GB / 29808 GB avail
2013-01-22 10:29:13.526139 7f9a0897e700 0 log [INF] : pgmap v85: 3072 pgs: 3072 active+clean; 788 MB data, 81246 MB used, 29696 GB / 29808 GB avail
2013-01-22 10:29:14.576230 7f9a0897e700 0 log [INF] : pgmap v86: 3072 pgs: 3072 active+clean; 832 MB data, 81290 MB used, 29696 GB / 29808 GB avail
2013-01-22 10:29:15.282648 7f9a07e7a700 0 -- 10.1.1.100:6789/0 >> 10.1.1.215:0/4029604127 pipe(0x17e1800 sd=19 pgs=0 cs=0 l=0).accept peer addr is really 10.1.1.215:0/4029604127 (socket is 10.1.1.215:40782/0)
2013-01-22 10:29:15.309943 7f9a0917f700 0 cephx server client.admin: unexpected key: req.key=1e483e55f28fd8af expected_key=25ea8de57fd91642
2013-01-22 10:29:16.501161 7f9a0897e700 0 log [INF] : pgmap v87: 3072 pgs: 3072 active+clean; 844 MB data, 81334 MB used, 29696 GB / 29808 GB avail
2013-01-22 10:29:17.534631 7f9a0897e700 0 log [INF] : pgmap v88: 3072 pgs: 3072 active+clean; 1164 MB data, 82096 MB used, 29695 GB / 29808 GB avail
2013-01-22 10:29:18.559630 7f9a0897e700 0 log [INF] : pgmap v89: 3072 pgs: 3072 active+clean; 1168 MB data, 82136 MB used, 29695 GB / 29808 GB avail
2013-01-22 10:29:19.884668 7f9a0897e700 0 log [INF] : pgmap v90: 3072 pgs: 3072 active+clean; 1196 MB data, 82196 MB used, 29695 GB / 29808 GB avail
2013-01-22 10:29:21.501346 7f9a0897e700 0 log [INF] : pgmap v91: 3072 pgs: 3072 active+clean; 1220 MB data, 82245 MB used, 29695 GB / 29808 GB avail
2013-01-22 10:29:22.559708 7f9a0897e700 0 log [INF] : pgmap v92: 3072 pgs: 3072 active+clean; 1524 MB data, 82849 MB used, 29694 GB / 29808 GB avail
2013-01-22 10:29:23.576434 7f9a0897e700 0 log [INF] : pgmap v93: 3072 pgs: 3072 active+clean; 1560 MB data, 82929 MB used, 29694 GB / 29808 GB avail
2013-01-22 10:29:24.618108 7f9a0897e700 0 log [INF] : pgmap v94: 3072 pgs: 3072 active+clean; 1588 MB data, 83034 MB used, 29694 GB / 29808 GB avail
2013-01-22 10:29:25.300737 7f9a07e7a700 0 -- 10.1.1.100:6789/0 >> 10.1.1.215:0/4029604127 pipe(0x1daa200 sd=19 pgs=0 cs=0 l=0).accept peer addr is really 10.1.1.215:0/4029604127 (socket is 10.1.1.215:40783/0)
2013-01-22 10:29:25.319944 7f9a0917f700 0 cephx server client.admin: unexpected key: req.key=483998b8955a7461 expected_key=d0780b12dada747
2013-01-22 10:29:26.509821 7f9a0897e700 0 log [INF] : pgmap v95: 3072 pgs: 3072 active+clean; 1616 MB data, 83034 MB used, 29694 GB / 29808 GB avail
2013-01-22 10:29:27.559959 7f9a0897e700 0 log [INF] : pgmap v96: 3072 pgs: 3072 active+clean; 1912 MB data, 83557 MB used, 29694 GB / 29808 GB avail
2013-01-22 10:29:28.609783 7f9a0897e700 0 log [INF] : pgmap v97: 3072 pgs: 3072 active+clean; 1924 MB data, 83593 MB used, 29694 GB / 29808 GB avail
2013-01-22 10:29:29.634866 7f9a0897e700 0 log [INF] : pgmap v98: 3072 pgs: 3072 active+clean; 1940 MB data, 83613 MB used, 29694 GB / 29808 GB avail
2013-01-22 10:29:31.493186 7f9a0897e700 0 log [INF] : pgmap v99: 3072 pgs: 3072 active+clean; 1964 MB data, 83686 MB used, 29694 GB / 29808 GB avail
2013-01-22 10:29:32.534885 7f9a0897e700 0 log [INF] : pgmap v100: 3072 pgs: 3072 active+clean; 2300 MB data, 84291 MB used, 29693 GB / 29808 GB avail
2013-01-22 10:29:33.584980 7f9a0897e700 0 log [INF] : pgmap v101: 3072 pgs: 3072 active+clean; 2320 MB data, 84291 MB used, 29693 GB / 29808 GB avail
2013-01-22 10:29:34.643266 7f9a0897e700 0 log [INF] : pgmap v102: 3072 pgs: 3072 active+clean; 2348 MB data, 84343 MB used, 29693 GB / 29808 GB avail
2013-01-22 10:29:35.313373 7f9a07e7a700 0 -- 10.1.1.100:6789/0 >> 10.1.1.215:0/4029604127 pipe(0x1daac00 sd=19 pgs=0 cs=0 l=0).accept peer addr is really 10.1.1.215:0/4029604127 (socket is 10.1.1.215:40784/0)
2013-01-22 10:29:35.325639 7f9a0917f700 0 cephx server client.admin: unexpected key: req.key=7e0d215635a52b9 expected_key=d1a073af98c06dd9
2013-01-22 10:29:36.518393 7f9a0897e700 0 log [INF] : pgmap v103: 3072 pgs: 3072 active+clean; 2380 MB data, 84428 MB used, 29693 GB / 29808 GB avail
2013-01-22 10:29:37.560147 7f9a0897e700 0 log [INF] : pgmap v104: 3072 pgs: 3072 active+clean; 2656 MB data, 85053 MB used, 29692 GB / 29808 GB avail
2013-01-22 10:29:38.601773 7f9a0897e700 0 log [INF] : pgmap v105: 3072 pgs: 3072 active+clean; 2676 MB data, 85110 MB used, 29692 GB / 29808 GB avail
2013-01-22 10:29:39.643381 7f9a0897e700 0 log [INF] : pgmap v106: 3072 pgs: 3072 active+clean; 2716 MB data, 85174 MB used, 29692 GB / 29808 GB avail
2013-01-22 10:29:41.518519 7f9a0897e700 0 log [INF] : pgmap v107: 3072 pgs: 3072 active+clean; 2740 MB data, 85194 MB used, 29692 GB / 29808 GB avail
2013-01-22 10:29:42.543518 7f9a0897e700 0 log [INF] : pgmap v108: 3072 pgs: 3072 active+clean; 3056 MB data, 85964 MB used, 29691 GB / 29808 GB avail
2013-01-22 10:29:43.576887 7f9a0897e700 0 log [INF] : pgmap v109: 3072 pgs: 3072 active+clean; 3068 MB data, 85996 MB used, 29691 GB / 29808 GB avail
2013-01-22 10:29:44.626834 7f9a0897e700 0 log [INF] : pgmap v110: 3072 pgs: 3072 active+clean; 3100 MB data, 86040 MB used, 29691 GB / 29808 GB avail
2013-01-22 10:29:45.321441 7f9a07e7a700 0 -- 10.1.1.100:6789/0 >> 10.1.1.215:0/4029604127 pipe(0x1d7b600 sd=36 pgs=0 cs=0 l=0).accept peer addr is really 10.1.1.215:0/4029604127 (socket is 10.1.1.215:40785/0)
2013-01-22 10:29:45.322594 7f9a0917f700 0 cephx server client.admin: unexpected key: req.key=572d899dc47dbfa9 expected_key=b940ab15a1802ada
2013-01-22 10:29:46.510316 7f9a0897e700 0 log [INF] : pgmap v111: 3072 pgs: 3072 active+clean; 3143 MB data, 86086 MB used, 29691 GB / 29808 GB avail
2013-01-22 10:29:47.560403 7f9a0897e700 0 log [INF] : pgmap v112: 3072 pgs: 3072 active+clean; 3447 MB data, 86472 MB used, 29691 GB / 29808 GB avail
2013-01-22 10:29:48.610370 7f9a0897e700 0 log [INF] : pgmap v113: 3072 pgs: 3072 active+clean; 3463 MB data, 86532 MB used, 29691 GB / 29808 GB avail
2013-01-22 10:29:49.643651 7f9a0897e700 0 log [INF] : pgmap v114: 3072 pgs: 3072 active+clean; 3475 MB data, 86613 MB used, 29691 GB / 29808 GB avail
2013-01-22 10:29:51.510371 7f9a0897e700 0 log [INF] : pgmap v115: 3072 pgs: 3072 active+clean; 3499 MB data, 86677 MB used, 29691 GB / 29808 GB avail
2013-01-22 10:29:52.543827 7f9a0897e700 0 log [INF] : pgmap v116: 3072 pgs: 3072 active+clean; 3831 MB data, 87308 MB used, 29690 GB / 29808 GB avail
2013-01-22 10:29:53.585467 7f9a0897e700 0 log [INF] : pgmap v117: 3072 pgs: 3072 active+clean; 3855 MB data, 87308 MB used, 29690 GB / 29808 GB avail
2013-01-22 10:29:54.618828 7f9a0897e700 0 log [INF] : pgmap v118: 3072 pgs: 3072 active+clean; 3883 MB data, 87308 MB used, 29690 GB / 29808 GB avail
2013-01-22 10:29:55.349685 7f9a07e7a700 0 -- 10.1.1.100:6789/0 >> 10.1.1.215:0/4029604127 pipe(0x1d7bc00 sd=19 pgs=0 cs=0 l=0).accept peer addr is really 10.1.1.215:0/4029604127 (socket is 10.1.1.215:40786/0)
2013-01-22 10:29:55.366967 7f9a0917f700 0 cephx server client.admin: unexpected key: req.key=d5d9327f9a63347b expected_key=5a427cd6483c6d81
2013-01-22 10:29:56.518899 7f9a0897e700 0 log [INF] : pgmap v119: 3072 pgs: 3072 active+clean; 3931 MB data, 87384 MB used, 29690 GB / 29808 GB avail
2013-01-22 10:29:57.577284 7f9a0897e700 0 log [INF] : pgmap v120: 3072 pgs: 3072 active+clean; 4211 MB data, 88154 MB used, 29689 GB / 29808 GB avail
2013-01-22 10:29:58.618925 7f9a0897e700 0 log [INF] : pgmap v121: 3072 pgs: 3072 active+clean; 4219 MB data, 88194 MB used, 29689 GB / 29808 GB avail
2013-01-22 10:29:59.660452 7f9a0897e700 0 log [INF] : pgmap v122: 3072 pgs: 3072 active+clean; 4235 MB data, 88306 MB used, 29689 GB / 29808 GB avail
2013-01-22 10:30:01.518934 7f9a0897e700 0 log [INF] : pgmap v123: 3072 pgs: 3072 active+clean; 4255 MB data, 88362 MB used, 29689 GB / 29808 GB avail
2013-01-22 10:30:02.552268 7f9a0897e700 0 log [INF] : pgmap v124: 3072 pgs: 3072 active+clean; 4584 MB data, 88977 MB used, 29689 GB / 29808 GB avail
2013-01-22 10:30:03.602286 7f9a0897e700 0 log [INF] : pgmap v125: 3072 pgs: 3072 active+clean; 4600 MB data, 89014 MB used, 29689 GB / 29808 GB avail
2013-01-22 10:30:04.652332 7f9a0897e700 0 log [INF] : pgmap v126: 3072 pgs: 3072 active+clean; 4624 MB data, 89014 MB used, 29689 GB / 29808 GB avail
2013-01-22 10:30:05.363229 7f9a07e7a700 0 -- 10.1.1.100:6789/0 >> 10.1.1.215:0/4029604127 pipe(0x1d9c000 sd=19 pgs=0 cs=0 l=0).accept peer addr is really 10.1.1.215:0/4029604127 (socket is 10.1.1.215:40787/0)
2013-01-22 10:30:05.377650 7f9a0917f700 0 cephx server client.admin: unexpected key: req.key=132ae1e052ce2a8e expected_key=5ab6dadc338bdbc
2013-01-22 10:30:06.519106 7f9a0897e700 0 log [INF] : pgmap v127: 3072 pgs: 3072 active+clean; 4652 MB data, 89062 MB used, 29688 GB / 29808 GB avail
2013-01-22 10:30:07.543921 7f9a0897e700 0 log [INF] : pgmap v128: 3072 pgs: 3072 active+clean; 4957 MB data, 89714 MB used, 29688 GB / 29808 GB avail
2013-01-22 10:30:08.594176 7f9a0897e700 0 log [INF] : pgmap v129: 3072 pgs: 3072 active+clean; 4977 MB data, 89750 MB used, 29688 GB / 29808 GB avail
2013-01-22 10:30:09.635854 7f9a0897e700 0 log [INF] : pgmap v130: 3072 pgs: 3072 active+clean; 4997 MB data, 89786 MB used, 29688 GB / 29808 GB avail
2013-01-22 10:30:11.510808 7f9a0897e700 0 log [INF] : pgmap v131: 3072 pgs: 3072 active+clean; 5033 MB data, 89846 MB used, 29688 GB / 29808 GB avail
2013-01-22 10:30:12.560849 7f9a0897e700 0 log [INF] : pgmap v132: 3072 pgs: 3072 active+clean; 5340 MB data, 90477 MB used, 29687 GB / 29808 GB avail
2013-01-22 10:30:13.577576 7f9a0897e700 0 log [INF] : pgmap v133: 3072 pgs: 3072 active+clean; 5372 MB data, 90517 MB used, 29687 GB / 29808 GB avail
2013-01-22 10:30:14.644298 7f9a0897e700 0 log [INF] : pgmap v134: 3072 pgs: 3072 active+clean; 5392 MB data, 90549 MB used, 29687 GB / 29808 GB avail
2013-01-22 10:30:15.378015 7f9a07e7a700 0 -- 10.1.1.100:6789/0 >> 10.1.1.215:0/4029604127 pipe(0x1d9ce00 sd=19 pgs=0 cs=0 l=0).accept peer addr is really 10.1.1.215:0/4029604127 (socket is 10.1.1.215:40788/0)
2013-01-22 10:30:15.392159 7f9a0917f700 0 cephx server client.admin: unexpected key: req.key=ad3ae49b81a22789 expected_key=5061dab980da09ed
2013-01-22 10:30:16.519340 7f9a0897e700 0 log [INF] : pgmap v135: 3072 pgs: 3072 active+clean; 5424 MB data, 90598 MB used, 29687 GB / 29808 GB avail
2013-01-22 10:30:17.569403 7f9a0897e700 0 log [INF] : pgmap v136: 3072 pgs: 3072 active+clean; 5740 MB data, 91209 MB used, 29686 GB / 29808 GB avail
2013-01-22 10:30:18.611038 7f9a0897e700 0 log [INF] : pgmap v137: 3072 pgs: 3072 active+clean; 5760 MB data, 91269 MB used, 29686 GB / 29808 GB avail
2013-01-22 10:30:19.652687 7f9a0897e700 0 log [INF] : pgmap v138: 3072 pgs: 3072 active+clean; 5788 MB data, 91350 MB used, 29686 GB / 29808 GB avail
2013-01-22 10:30:21.519435 7f9a0897e700 0 log [INF] : pgmap v139: 3072 pgs: 3072 active+clean; 5808 MB data, 91366 MB used, 29686 GB / 29808 GB avail
2013-01-22 10:30:22.552860 7f9a0897e700 0 log [INF] : pgmap v140: 3072 pgs: 3072 active+clean; 6108 MB data, 91879 MB used, 29686 GB / 29808 GB avail
2013-01-22 10:30:23.594535 7f9a0897e700 0 log [INF] : pgmap v141: 3072 pgs: 3072 active+clean; 6124 MB data, 91907 MB used, 29686 GB / 29808 GB avail
2013-01-22 10:30:24.636196 7f9a0897e700 0 log [INF] : pgmap v142: 3072 pgs: 3072 active+clean; 6152 MB data, 91951 MB used, 29686 GB / 29808 GB avail
2013-01-22 10:30:25.393223 7f9a07e7a700 0 -- 10.1.1.100:6789/0 >> 10.1.1.215:0/4029604127 pipe(0x16b5e00 sd=19 pgs=0 cs=0 l=0).accept peer addr is really 10.1.1.215:0/4029604127 (socket is 10.1.1.215:40789/0)
2013-01-22 10:30:25.405220 7f9a0917f700 0 cephx server client.admin: unexpected key: req.key=6ba27cb06733a40e expected_key=9953f40c73af1355
2013-01-22 10:30:26.511184 7f9a0897e700 0 log [INF] : pgmap v143: 3072 pgs: 3072 active+clean; 6192 MB data, 92036 MB used, 29686 GB / 29808 GB avail
2013-01-22 10:30:27.569560 7f9a0897e700 0 log [INF] : pgmap v144: 3072 pgs: 3072 active+clean; 6487 MB data, 92787 MB used, 29685 GB / 29808 GB avail
2013-01-22 10:30:28.619600 7f9a0897e700 0 log [INF] : pgmap v145: 3072 pgs: 3072 active+clean; 6499 MB data, 92835 MB used, 29685 GB / 29808 GB avail
2013-01-22 10:30:29.827984 7f9a0897e700 0 log [INF] : pgmap v146: 3072 pgs: 3072 active+clean; 6511 MB data, 92879 MB used, 29685 GB / 29808 GB avail
2013-01-22 10:30:31.511356 7f9a0897e700 0 log [INF] : pgmap v147: 3072 pgs: 3072 active+clean; 6543 MB data, 92931 MB used, 29685 GB / 29808 GB avail
2013-01-22 10:30:32.553109 7f9a0897e700 0 log [INF] : pgmap v148: 3072 pgs: 3072 active+clean; 6883 MB data, 93475 MB used, 29684 GB / 29808 GB avail
2013-01-22 10:30:33.603096 7f9a0897e700 0 log [INF] : pgmap v149: 3072 pgs: 3072 active+clean; 6891 MB data, 93491 MB used, 29684 GB / 29808 GB avail
2013-01-22 10:30:34.644804 7f9a0897e700 0 log [INF] : pgmap v150: 3072 pgs: 3072 active+clean; 6911 MB data, 93526 MB used, 29684 GB / 29808 GB avail
2013-01-22 10:30:35.406838 7f9a07e7a700 0 -- 10.1.1.100:6789/0 >> 10.1.1.215:0/4029604127 pipe(0x1700c00 sd=19 pgs=0 cs=0 l=0).accept peer addr is really 10.1.1.215:0/4029604127 (socket is 10.1.1.215:40790/0)
2013-01-22 10:30:35.416804 7f9a0917f700 0 cephx server client.admin: unexpected key: req.key=bf0a1d399a86b2c9 expected_key=464130678b53fa7b
2013-01-22 10:30:36.528190 7f9a0897e700 0 log [INF] : pgmap v151: 3072 pgs: 3072 active+clean; 6951 MB data, 93635 MB used, 29684 GB / 29808 GB avail
2013-01-22 10:30:37.561537 7f9a0897e700 0 log [INF] : pgmap v152: 3072 pgs: 3072 active+clean; 7271 MB data, 94361 MB used, 29683 GB / 29808 GB avail
2013-01-22 10:30:38.619892 7f9a0897e700 0 log [INF] : pgmap v153: 3072 pgs: 3072 active+clean; 7287 MB data, 94413 MB used, 29683 GB / 29808 GB avail
2013-01-22 10:30:39.653298 7f9a0897e700 0 log [INF] : pgmap v154: 3072 pgs: 3072 active+clean; 7311 MB data, 94457 MB used, 29683 GB / 29808 GB avail
2013-01-22 10:30:41.519913 7f9a0897e700 0 log [INF] : pgmap v155: 3072 pgs: 3072 active+clean; 7347 MB data, 94506 MB used, 29683 GB / 29808 GB avail
2013-01-22 10:30:42.561677 7f9a0897e700 0 log [INF] : pgmap v156: 3072 pgs: 3072 active+clean; 7643 MB data, 95036 MB used, 29683 GB / 29808 GB avail
2013-01-22 10:30:43.595015 7f9a0897e700 0 log [INF] : pgmap v157: 3072 pgs: 3072 active+clean; 7663 MB data, 95036 MB used, 29683 GB / 29808 GB avail
2013-01-22 10:30:44.645040 7f9a0897e700 0 log [INF] : pgmap v158: 3072 pgs: 3072 active+clean; 7683 MB data, 95072 MB used, 29683 GB / 29808 GB avail
2013-01-22 10:30:45.427626 7f9a07e7a700 0 -- 10.1.1.100:6789/0 >> 10.1.1.215:0/4029604127 pipe(0x1925200 sd=19 pgs=0 cs=0 l=0).accept peer addr is really 10.1.1.215:0/4029604127 (socket is 10.1.1.215:40791/0)
2013-01-22 10:30:45.443234 7f9a0917f700 0 cephx server client.admin: unexpected key: req.key=4e1afdc6cffcfc99 expected_key=980d427692bde6b6
2013-01-22 10:30:46.528431 7f9a0897e700 0 log [INF] : pgmap v159: 3072 pgs: 3072 active+clean; 7695 MB data, 95112 MB used, 29683 GB / 29808 GB avail
2013-01-22 10:30:47.578593 7f9a0897e700 0 log [INF] : pgmap v160: 3072 pgs: 3072 active+clean; 8011 MB data, 95823 MB used, 29682 GB / 29808 GB avail
2013-01-22 10:30:48.620176 7f9a0897e700 0 log [INF] : pgmap v161: 3072 pgs: 3072 active+clean; 8027 MB data, 95883 MB used, 29682 GB / 29808 GB avail
2013-01-22 10:30:49.653398 7f9a0897e700 0 log [INF] : pgmap v162: 3072 pgs: 3072 active+clean; 8043 MB data, 95943 MB used, 29682 GB / 29808 GB avail
2013-01-22 10:30:51.520237 7f9a0897e700 0 log [INF] : pgmap v163: 3072 pgs: 3072 active+clean; 8075 MB data, 95999 MB used, 29682 GB / 29808 GB avail
2013-01-22 10:30:52.553574 7f9a0897e700 0 log [INF] : pgmap v164: 3072 pgs: 3072 active+clean; 8387 MB data, 96602 MB used, 29681 GB / 29808 GB avail
2013-01-22 10:30:53.595215 7f9a0897e700 0 log [INF] : pgmap v165: 3072 pgs: 3072 active+clean; 8415 MB data, 96630 MB used, 29681 GB / 29808 GB avail
2013-01-22 10:30:54.620210 7f9a0897e700 0 log [INF] : pgmap v166: 3072 pgs: 3072 active+clean; 8431 MB data, 96630 MB used, 29681 GB / 29808 GB avail
2013-01-22 10:30:55.440365 7f9a07e7a700 0 -- 10.1.1.100:6789/0 >> 10.1.1.215:0/4029604127 pipe(0x1925600 sd=19 pgs=0 cs=0 l=0).accept peer addr is really 10.1.1.215:0/4029604127 (socket is 10.1.1.215:40792/0)
2013-01-22 10:30:55.449412 7f9a0917f700 0 cephx server client.admin: unexpected key: req.key=1311f6240f9c694d expected_key=6bf35059054703b1
2013-01-22 10:30:56.528661 7f9a0897e700 0 log [INF] : pgmap v167: 3072 pgs: 3072 active+clean; 8451 MB data, 96674 MB used, 29681 GB / 29808 GB avail
2013-01-22 10:30:57.586973 7f9a0897e700 0 log [INF] : pgmap v168: 3072 pgs: 3072 active+clean; 8783 MB data, 97194 MB used, 29681 GB / 29808 GB avail
2013-01-22 10:30:58.620305 7f9a0897e700 0 log [INF] : pgmap v169: 3072 pgs: 3072 active+clean; 8795 MB data, 97270 MB used, 29680 GB / 29808 GB avail
2013-01-22 10:30:59.662067 7f9a0897e700 0 log [INF] : pgmap v170: 3072 pgs: 3072 active+clean; 8815 MB data, 97347 MB used, 29680 GB / 29808 GB avail
2013-01-22 10:31:01.512137 7f9a0897e700 0 log [INF] : pgmap v171: 3072 pgs: 3072 active+clean; 8835 MB data, 97391 MB used, 29680 GB / 29808 GB avail
2013-01-22 10:31:02.553807 7f9a0897e700 0 log [INF] : pgmap v172: 3072 pgs: 3072 active+clean; 9172 MB data, 98107 MB used, 29680 GB / 29808 GB avail
2013-01-22 10:31:03.587131 7f9a0897e700 0 log [INF] : pgmap v173: 3072 pgs: 3072 active+clean; 9184 MB data, 98107 MB used, 29680 GB / 29808 GB avail
2013-01-22 10:31:04.637085 7f9a0897e700 0 log [INF] : pgmap v174: 3072 pgs: 3072 active+clean; 9216 MB data, 98139 MB used, 29680 GB / 29808 GB avail
2013-01-22 10:31:05.448589 7f9a07e7a700 0 -- 10.1.1.100:6789/0 >> 10.1.1.215:0/4029604127 pipe(0x1925e00 sd=19 pgs=0 cs=0 l=0).accept peer addr is really 10.1.1.215:0/4029604127 (socket is 10.1.1.215:40793/0)
2013-01-22 10:31:05.449694 7f9a0917f700 0 cephx server client.admin: unexpected key: req.key=b987de1c173c13b9 expected_key=52c3292bb7f485e7
2013-01-22 10:31:06.520574 7f9a0897e700 0 log [INF] : pgmap v175: 3072 pgs: 3072 active+clean; 9240 MB data, 98167 MB used, 29680 GB / 29808 GB avail
2013-01-22 10:31:07.578941 7f9a0897e700 0 log [INF] : pgmap v176: 3072 pgs: 3072 active+clean; 9560 MB data, 98904 MB used, 29679 GB / 29808 GB avail
2013-01-22 10:31:08.612294 7f9a0897e700 0 log [INF] : pgmap v177: 3072 pgs: 3072 active+clean; 9580 MB data, 98977 MB used, 29679 GB / 29808 GB avail
2013-01-22 10:31:09.662208 7f9a0897e700 0 log [INF] : pgmap v178: 3072 pgs: 3072 active+clean; 9596 MB data, 99029 MB used, 29679 GB / 29808 GB avail
2013-01-22 10:31:11.520676 7f9a0897e700 0 log [INF] : pgmap v179: 3072 pgs: 3072 active+clean; 9604 MB data, 99077 MB used, 29679 GB / 29808 GB avail
2013-01-22 10:31:12.570729 7f9a0897e700 0 log [INF] : pgmap v180: 3072 pgs: 3072 active+clean; 9912 MB data, 99789 MB used, 29678 GB / 29808 GB avail
2013-01-22 10:31:13.587457 7f9a0897e700 0 log [INF] : pgmap v181: 3072 pgs: 3072 active+clean; 9952 MB data, 99865 MB used, 29678 GB / 29808 GB avail
2013-01-22 10:31:14.654013 7f9a0897e700 0 log [INF] : pgmap v182: 3072 pgs: 3072 active+clean; 9976 MB data, 99897 MB used, 29678 GB / 29808 GB avail
2013-01-22 10:31:15.464232 7f9a07e7a700 0 -- 10.1.1.100:6789/0 >> 10.1.1.215:0/4029604127 pipe(0x1daae00 sd=19 pgs=0 cs=0 l=0).accept peer addr is really 10.1.1.215:0/4029604127 (socket is 10.1.1.215:40794/0)
2013-01-22 10:31:15.465062 7f9a0917f700 0 cephx server client.admin: unexpected key: req.key=cc649c576896c025 expected_key=41e0885b82ad866e
2013-01-22 10:31:16.529154 7f9a0897e700 0 log [INF] : pgmap v183: 3072 pgs: 3072 active+clean; 9996 MB data, 99917 MB used, 29678 GB / 29808 GB avail
2013-01-22 10:31:17.579182 7f9a0897e700 0 log [INF] : pgmap v184: 3072 pgs: 3072 active+clean; 10276 MB data, 100383 MB used, 29677 GB / 29808 GB avail
2013-01-22 10:31:18.629182 7f9a0897e700 0 log [INF] : pgmap v185: 3072 pgs: 3072 active+clean; 10300 MB data, 100411 MB used, 29677 GB / 29808 GB avail
2013-01-22 10:31:19.654114 7f9a0897e700 0 log [INF] : pgmap v186: 3072 pgs: 3072 active+clean; 10316 MB data, 100456 MB used, 29677 GB / 29808 GB avail
2013-01-22 10:31:21.512602 7f9a0897e700 0 log [INF] : pgmap v187: 3072 pgs: 3072 active+clean; 10356 MB data, 100556 MB used, 29677 GB / 29808 GB avail
2013-01-22 10:31:22.554301 7f9a0897e700 0 log [INF] : pgmap v188: 3072 pgs: 3072 active+clean; 10658 MB data, 101046 MB used, 29677 GB / 29808 GB avail
2013-01-22 10:31:23.587661 7f9a0897e700 0 log [INF] : pgmap v189: 3072 pgs: 3072 active+clean; 10690 MB data, 101082 MB used, 29677 GB / 29808 GB avail
