2021-09-27T20:02:37.566+0000 7fc38c869700 1 -- 172.20.5.206:0/689151199 --> [v2:172.20.5.206:6802/2451743310,v1:172.20.5.206:6803/2451743310] -- osd_op(unknown.0.0:40 113.f 113:f0000000::::head [pgnls start_epoch 10239742 in=39b] snapc 0=[] ondisk+read+ignore_overlay+known_if_redirected e10239742) v8 -- 0x7fc380047080 con 0x5579686ffef0
2021-09-27T20:02:37.567+0000 7fc39506a700 1 -- 172.20.5.206:0/689151199 <== osd.1 v2:172.20.5.206:6802/2451743310 3 ==== osd_op_reply(40 [pgnls start_epoch 10239742 out=80b] v10239734'28 uv28 ondisk = 1) v8 ==== 144+0+80 (crc 0 0 0) 0x7fc388012040 con 0x5579686ffef0
2021-09-27T20:02:37.567+0000 7fc39506a700 1 -- 172.20.5.206:0/689151199 --> [v2:172.20.5.206:6804/2964801198,v1:172.20.5.206:6806/2964801198] -- osd_op(unknown.0.0:41 113.1f 113:f8000000::::head [pgnls start_epoch 10239742 in=39b] snapc 0=[] ondisk+read+ignore_overlay+known_if_redirected e10239742) v8 -- 0x7fc380047080 con 0x7fc390028070
2021-09-27T20:02:37.567+0000 7fc39506a700 1 -- 172.20.5.206:0/689151199 <== osd.0 v2:172.20.5.206:6804/2964801198 5 ==== osd_op_reply(41 [pgnls start_epoch 10239742 out=49b] v0'0 uv0 ondisk = 1) v8 ==== 144+0+49 (crc 0 0 0) 0x7fc388012040 con 0x7fc390028070
2021-09-27T20:02:37.567+0000 7fc3a8cf7340 20 RGWRados::pool_iterate: got period_config.b0b0afe2-1669-4815-bbd9-ebab94a24e6c
2021-09-27T20:02:37.567+0000 7fc3a8cf7340 20 RGWRados::pool_iterate: got period_config.4c8507d1-4ad8-4e3b-a9b9-4bc1d153991b
2021-09-27T20:02:37.567+0000 7fc3a8cf7340 20 RGWRados::pool_iterate: got realms.b0b0afe2-1669-4815-bbd9-ebab94a24e6c.control
2021-09-27T20:02:37.567+0000 7fc3a8cf7340 20 RGWRados::pool_iterate: got default.zone.b0b0afe2-1669-4815-bbd9-ebab94a24e6c
2021-09-27T20:02:37.567+0000 7fc3a8cf7340 20 RGWRados::pool_iterate: got realms_names.testrealm
2021-09-27T20:02:37.567+0000 7fc3a8cf7340 20 RGWRados::pool_iterate: got default.realm
2021-09-27T20:02:37.567+0000 7fc3a8cf7340 20 RGWRados::pool_iterate: got default.zone.4c8507d1-4ad8-4e3b-a9b9-4bc1d153991b
2021-09-27T20:02:37.567+0000 7fc3a8cf7340 20 RGWRados::pool_iterate: got periods.1e202ad3-fcaf-47d4-8c87-18413418b0a7.1
2021-09-27T20:02:37.567+0000 7fc3a8cf7340 20 RGWRados::pool_iterate: got zonegroups_names.testzonegroup
2021-09-27T20:02:37.567+0000 7fc3a8cf7340 20 RGWRados::pool_iterate: got zone_info.ce459788-fd63-4a50-a52f-3563b517a4ab
2021-09-27T20:02:37.567+0000 7fc3a8cf7340 20 RGWRados::pool_iterate: got default.zonegroup.b0b0afe2-1669-4815-bbd9-ebab94a24e6c
2021-09-27T20:02:37.567+0000 7fc3a8cf7340 20 RGWRados::pool_iterate: got period_config.5cf6367d-3796-4452-9c21-e001c81da564
2021-09-27T20:02:37.567+0000 7fc3a8cf7340 20 RGWRados::pool_iterate: got realms.b0b0afe2-1669-4815-bbd9-ebab94a24e6c
2021-09-27T20:02:37.567+0000 7fc3a8cf7340 20 RGWRados::pool_iterate: got periods.1e202ad3-fcaf-47d4-8c87-18413418b0a7.latest_epoch
2021-09-27T20:02:37.567+0000 7fc3a8cf7340 20 RGWRados::pool_iterate: got zonegroup_info.6f512d0c-e22f-407e-83b6-19b5884a4c78
2021-09-27T20:02:37.567+0000 7fc3a8cf7340 20 RGWRados::pool_iterate: got zone_names.testzone
2021-09-27T20:02:37.567+0000 7fc3a8cf7340 20 rados->read ofs=0 len=0
2021-09-27T20:02:37.567+0000 7fc3a8cf7340 1 -- 172.20.5.206:0/689151199 --> [v2:172.20.5.206:6802/2451743310,v1:172.20.5.206:6803/2451743310] -- osd_op(unknown.0.0:42 113.f 113:f43b6ece:::zone_names.default:head [read 0~0] snapc 0=[] ondisk+read+known_if_redirected e10239742) v8 -- 0x557968707790 con 0x5579686ffef0
2021-09-27T20:02:37.567+0000 7fc39506a700 1 -- 172.20.5.206:0/689151199 <== osd.1 v2:172.20.5.206:6802/2451743310 4 ==== osd_op_reply(42 zone_names.default [read 0~0] v0'0 uv0 ondisk = -2 ((2) No such file or directory)) v8 ==== 162+0+0 (crc 0 0 0) 0x7fc388012040 con 0x5579686ffef0
2021-09-27T20:02:37.567+0000 7fc3a8cf7340 20 rados_obj.operate() r=-2 bl.length=0
2021-09-27T20:02:37.567+0000 7fc3a8cf7340 20 rados->read ofs=0 len=0
2021-09-27T20:02:37.567+0000 7fc3a8cf7340 1 -- 172.20.5.206:0/689151199 --> [v2:172.20.5.206:6802/2451743310,v1:172.20.5.206:6803/2451743310] -- osd_op(unknown.0.0:43 113.f 113:f4c53578:::zonegroups_names.default:head [read 0~0] snapc 0=[] ondisk+read+known_if_redirected e10239742) v8 -- 0x557968707790 con 0x5579686ffef0
2021-09-27T20:02:37.567+0000 7fc39506a700 1 -- 172.20.5.206:0/689151199 <== osd.1 v2:172.20.5.206:6802/2451743310 5 ==== osd_op_reply(43 zonegroups_names.default [read 0~0] v0'0 uv0 ondisk = -2 ((2) No such file or directory)) v8 ==== 168+0+0 (crc 0 0 0) 0x7fc388012040 con 0x5579686ffef0
2021-09-27T20:02:37.567+0000 7fc3a8cf7340 20 rados_obj.operate() r=-2 bl.length=0
2021-09-27T20:02:37.567+0000 7fc3a8cf7340 20 rados->read ofs=0 len=0
2021-09-27T20:02:37.567+0000 7fc3a8cf7340 1 -- 172.20.5.206:0/689151199 --> [v2:172.20.5.207:6810/2386632775,v1:172.20.5.207:6811/2386632775] -- osd_op(unknown.0.0:44 113.3 113:c0ad8cbd:::region_map:head [read 0~0] snapc 0=[] ondisk+read+known_if_redirected e10239742) v8 -- 0x557968707790 con 0x7fc380039920
2021-09-27T20:02:37.568+0000 7fc39506a700 1 -- 172.20.5.206:0/689151199 <== osd.5 v2:172.20.5.207:6810/2386632775 4 ==== osd_op_reply(44 region_map [read 0~0] v0'0 uv0 ondisk = -2 ((2) No such file or directory)) v8 ==== 154+0+0 (crc 0 0 0) 0x7fc388012040 con 0x7fc380039920
2021-09-27T20:02:37.568+0000 7fc3a8cf7340 20 rados_obj.operate() r=-2 bl.length=0
2021-09-27T20:02:37.568+0000 7fc3a8cf7340 20 rados->read ofs=0 len=0
2021-09-27T20:02:37.568+0000 7fc3a8cf7340 1 -- 172.20.5.206:0/689151199 --> [v2:172.20.5.208:6810/2779989345,v1:172.20.5.208:6811/2779989345] -- osd_op(unknown.0.0:45 113.12 113:49953fa1:::default.realm:head [read 0~0] snapc 0=[] ondisk+read+known_if_redirected e10239742) v8 -- 0x557968707790 con 0x5579686f21b0
2021-09-27T20:02:37.568+0000 7fc38c869700 1 -- 172.20.5.206:0/689151199 <== osd.8 v2:172.20.5.208:6810/2779989345 5 ==== osd_op_reply(45 default.realm [read 0~46 out=46b] v0'0 uv40 ondisk = 0) v8 ==== 157+0+46 (crc 0 0 0) 0x7fc380043040 con 0x5579686f21b0
2021-09-27T20:02:37.568+0000 7fc3a8cf7340 20 rados_obj.operate() r=0 bl.length=46
2021-09-27T20:02:37.568+0000 7fc3a8cf7340 20 rados->read ofs=0 len=0
2021-09-27T20:02:37.568+0000 7fc3a8cf7340 1 -- 172.20.5.206:0/689151199 --> [v2:172.20.5.210:6809/2441443141,v1:172.20.5.210:6811/2441443141] -- osd_op(unknown.0.0:46 113.5 113:a5c7b007:::realms.b0b0afe2-1669-4815-bbd9-ebab94a24e6c:head [read 0~0] snapc 0=[] ondisk+read+known_if_redirected e10239742) v8 -- 0x557968706d40 con 0x5579686f5990
2021-09-27T20:02:37.569+0000 7fc39506a700 1 -- 172.20.5.206:0/689151199 <== osd.12 v2:172.20.5.210:6809/2441443141 8 ==== osd_op_reply(46 realms.b0b0afe2-1669-4815-bbd9-ebab94a24e6c [read 0~109 out=109b] v0'0 uv37 ondisk = 0) v8 ==== 187+0+109 (crc 0 0 0) 0x7fc388012040 con 0x5579686f5990
2021-09-27T20:02:37.569+0000 7fc3a8cf7340 20 rados_obj.operate() r=0 bl.length=109
2021-09-27T20:02:37.569+0000 7fc3a8cf7340 20 rados->read ofs=0 len=0
2021-09-27T20:02:37.569+0000 7fc3a8cf7340 1 -- 172.20.5.206:0/689151199 --> [v2:172.20.5.210:6809/2441443141,v1:172.20.5.210:6811/2441443141] -- osd_op(unknown.0.0:47 113.1e 113:7d69acba:::default.zonegroup.b0b0afe2-1669-4815-bbd9-ebab94a24e6c:head [read 0~0] snapc 0=[] ondisk+read+known_if_redirected e10239742) v8 -- 0x557968706d40 con 0x5579686f5990
2021-09-27T20:02:37.570+0000 7fc39506a700 1 -- 172.20.5.206:0/689151199 <== osd.12 v2:172.20.5.210:6809/2441443141 9 ==== osd_op_reply(47 default.zonegroup.b0b0afe2-1669-4815-bbd9-ebab94a24e6c [read 0~46 out=46b] v0'0 uv3 ondisk = 0) v8 ==== 198+0+46 (crc 0 0 0) 0x7fc388012040 con 0x5579686f5990
2021-09-27T20:02:37.570+0000 7fc3a8cf7340 20 rados_obj.operate() r=0 bl.length=46
2021-09-27T20:02:37.570+0000 7fc3a8cf7340 20 rados->read ofs=0 len=0
2021-09-27T20:02:37.570+0000 7fc3a8cf7340 1 -- 172.20.5.206:0/689151199 --> [v2:172.20.5.211:6801/1333896417,v1:172.20.5.211:6805/1333896417] -- osd_op(unknown.0.0:48 113.17 113:eb9221e2:::zonegroup_info.6f512d0c-e22f-407e-83b6-19b5884a4c78:head [read 0~0] snapc 0=[] ondisk+read+known_if_redirected e10239742) v8 -- 0x557968707190 con 0x7fc3880533f0
2021-09-27T20:02:37.570+0000 7fc38c869700 1 -- 172.20.5.206:0/689151199 <== osd.15 v2:172.20.5.211:6801/1333896417 2 ==== osd_op_reply(48 zonegroup_info.6f512d0c-e22f-407e-83b6-19b5884a4c78 [read 0~465 out=465b] v0'0 uv11 ondisk = 0) v8 ==== 195+0+465 (crc 0 0 0) 0x7fc380043040 con 0x7fc3880533f0
2021-09-27T20:02:37.570+0000 7fc3a8cf7340 20 rados_obj.operate() r=0 bl.length=465
2021-09-27T20:02:37.570+0000 7fc3a8cf7340 20 period zonegroup init ret 0
2021-09-27T20:02:37.570+0000 7fc3a8cf7340 20 period zonegroup name testzonegroup
2021-09-27T20:02:37.570+0000 7fc3a8cf7340 10 Cannot find current period zone using local zone
2021-09-27T20:02:37.570+0000 7fc3a8cf7340 20 rados->read ofs=0 len=0
2021-09-27T20:02:37.570+0000 7fc3a8cf7340 1 -- 172.20.5.206:0/689151199 --> [v2:172.20.5.208:6810/2779989345,v1:172.20.5.208:6811/2779989345] -- osd_op(unknown.0.0:49 113.12 113:49953fa1:::default.realm:head [read 0~0] snapc 0=[] ondisk+read+known_if_redirected e10239742) v8 -- 0x557968706d40 con 0x5579686f21b0
2021-09-27T20:02:37.571+0000 7fc38c869700 1 -- 172.20.5.206:0/689151199 <== osd.8 v2:172.20.5.208:6810/2779989345 6 ==== osd_op_reply(49 default.realm [read 0~46 out=46b] v0'0 uv40 ondisk = 0) v8 ==== 157+0+46 (crc 0 0 0) 0x7fc380043040 con 0x5579686f21b0
2021-09-27T20:02:37.571+0000 7fc3a8cf7340 20 rados_obj.operate() r=0 bl.length=46
2021-09-27T20:02:37.571+0000 7fc3a8cf7340 20 rados->read ofs=0 len=0
2021-09-27T20:02:37.571+0000 7fc3a8cf7340 1 -- 172.20.5.206:0/689151199 --> [v2:172.20.5.210:6809/2441443141,v1:172.20.5.210:6811/2441443141] -- osd_op(unknown.0.0:50 113.5 113:a5c7b007:::realms.b0b0afe2-1669-4815-bbd9-ebab94a24e6c:head [read 0~0] snapc 0=[] ondisk+read+known_if_redirected e10239742) v8 -- 0x55796870b4b0 con 0x5579686f5990
2021-09-27T20:02:37.571+0000 7fc39506a700 1 -- 172.20.5.206:0/689151199 <== osd.12 v2:172.20.5.210:6809/2441443141 10 ==== osd_op_reply(50 realms.b0b0afe2-1669-4815-bbd9-ebab94a24e6c [read 0~109 out=109b] v0'0 uv37 ondisk = 0) v8 ==== 187+0+109 (crc 0 0 0) 0x7fc388012040 con 0x5579686f5990
2021-09-27T20:02:37.571+0000 7fc3a8cf7340 20 rados_obj.operate() r=0 bl.length=109
2021-09-27T20:02:37.571+0000 7fc3a8cf7340 20 rados->read ofs=0 len=0
2021-09-27T20:02:37.571+0000 7fc3a8cf7340 1 -- 172.20.5.206:0/689151199 --> [v2:172.20.5.206:6804/2964801198,v1:172.20.5.206:6806/2964801198] -- osd_op(unknown.0.0:51 113.1c 113:3c4c3c02:::default.zone.b0b0afe2-1669-4815-bbd9-ebab94a24e6c:head [read 0~0] snapc 0=[] ondisk+read+known_if_redirected e10239742) v8 -- 0x55796870b4b0 con 0x7fc390028070
2021-09-27T20:02:37.571+0000 7fc39506a700 1 -- 172.20.5.206:0/689151199 <== osd.0 v2:172.20.5.206:6804/2964801198 6 ==== osd_op_reply(51 default.zone.b0b0afe2-1669-4815-bbd9-ebab94a24e6c [read 0~46 out=46b] v0'0 uv11 ondisk = 0) v8 ==== 193+0+46 (crc 0 0 0) 0x7fc388012040 con 0x7fc390028070
2021-09-27T20:02:37.571+0000 7fc3a8cf7340 20 rados_obj.operate() r=0 bl.length=46
2021-09-27T20:02:37.571+0000 7fc3a8cf7340 20 rados->read ofs=0 len=0
2021-09-27T20:02:37.571+0000 7fc3a8cf7340 1 -- 172.20.5.206:0/689151199 --> [v2:172.20.5.207:6818/1412066196,v1:172.20.5.207:6819/1412066196] -- osd_op(unknown.0.0:52 113.e 113:7224dcee:::zone_info.ce459788-fd63-4a50-a52f-3563b517a4ab:head [read 0~0] snapc 0=[] ondisk+read+known_if_redirected e10239742) v8 -- 0x55796870b4b0 con 0x7fc38802c400
2021-09-27T20:02:37.572+0000 7fc38c869700 1 -- 172.20.5.206:0/689151199 <== osd.3 v2:172.20.5.207:6818/1412066196 2 ==== osd_op_reply(52 zone_info.ce459788-fd63-4a50-a52f-3563b517a4ab [read 0~930 out=930b] v0'0 uv5 ondisk = 0) v8 ==== 190+0+930 (crc 0 0 0) 0x7fc380043040 con 0x7fc38802c400
2021-09-27T20:02:37.572+0000 7fc3a8cf7340 20 rados_obj.operate() r=0 bl.length=930
2021-09-27T20:02:37.572+0000 7fc3a8cf7340 20 zone testzone found
2021-09-27T20:02:37.572+0000 7fc3a8cf7340 20 rados->read ofs=0 len=0
2021-09-27T20:02:37.572+0000 7fc3a8cf7340 1 -- 172.20.5.206:0/689151199 --> [v2:172.20.5.208:6818/549835457,v1:172.20.5.208:6819/549835457] -- osd_op(unknown.0.0:53 130.2 130:4347d321:::bucket.sync-source-hints.:head [call version.read in=11b,read 0~0] snapc 0=[] ondisk+read+known_if_redirected e10239742) v8 -- 0x7fc38005a000 con 0x7fc380008040
2021-09-27T20:02:37.572+0000 7fc38c869700 1 -- 172.20.5.206:0/689151199 <== osd.6 v2:172.20.5.208:6818/549835457 2 ==== osd_op_reply(53 bucket.sync-source-hints. [call,read 0~0] v0'0 uv0 ondisk = -2 ((2) No such file or directory)) v8 ==== 211+0+0 (crc 0 0 0) 0x7fc380043040 con 0x7fc380008040
2021-09-27T20:02:37.572+0000 7fc3a8cf7340 20 rados_obj.operate() r=-2 bl.length=0
2021-09-27T20:02:37.572+0000 7fc3a8cf7340 20 rados->read ofs=0 len=0
2021-09-27T20:02:37.572+0000 7fc3a8cf7340 1 -- 172.20.5.206:0/689151199 --> [v2:172.20.5.209:6802/135607544,v1:172.20.5.209:6803/135607544] -- osd_op(unknown.0.0:54 130.b 130:d467b91b:::bucket.sync-target-hints.:head [call version.read in=11b,read 0~0] snapc 0=[] ondisk+read+known_if_redirected e10239742) v8 -- 0x55796870d3d0 con 0x7fc380035400
2021-09-27T20:02:37.573+0000 7fc39586b700 1 -- 172.20.5.206:0/689151199 <== osd.10 v2:172.20.5.209:6802/135607544 3 ==== osd_op_reply(54 bucket.sync-target-hints. [call,read 0~0] v0'0 uv0 ondisk = -2 ((2) No such file or directory)) v8 ==== 211+0+0 (crc 0 0 0) 0x7fc39002e020 con 0x7fc380035400
2021-09-27T20:02:37.573+0000 7fc3a8cf7340 20 rados_obj.operate() r=-2 bl.length=0
2021-09-27T20:02:37.573+0000 7fc3a8cf7340 20 started sync module instance, tier type =
2021-09-27T20:02:37.573+0000 7fc3a8cf7340 20 started zone id=ce459788-fd63-4a50-a52f-3563b517a4ab (name=testzone) with tier type =
2021-09-27T20:02:37.573+0000 7fc3a8cf7340 1 -- 172.20.5.206:0/689151199 --> [v2:172.20.5.211:6803/632375035,v1:172.20.5.211:6806/632375035] -- osd_op(unknown.0.0:55 131.1f 131:f95f44c2:::notify.0:head [create] snapc 0=[] ondisk+write+known_if_redirected e10239742) v8 -- 0x55796870cb50 con 0x7fc388038900
2021-09-27T20:02:37.575+0000 7fc39586b700 1 -- 172.20.5.206:0/689151199 <== osd.17 v2:172.20.5.211:6803/632375035 2 ==== osd_op_reply(55 notify.0 [create] v10239742'40 uv40 ondisk = 0) v8 ==== 152+0+0 (crc 0 0 0) 0x7fc39002e020 con 0x7fc388038900
2021-09-27T20:02:37.575+0000 7fc3a8cf7340 1 -- 172.20.5.206:0/689151199 --> [v2:172.20.5.211:6803/632375035,v1:172.20.5.211:6806/632375035] -- osd_op(unknown.0.0:56 131.1f 131:f95f44c2:::notify.0:head [watch watch cookie 93979931625056] snapc 0=[] ondisk+write+known_if_redirected e10239742) v8 -- 0x55796870dcc0 con 0x7fc388038900
2021-09-27T20:02:37.575+0000 7fc3a8cf7340 1 -- 172.20.5.206:0/689151199 --> [v2:172.20.5.211:6801/1333896417,v1:172.20.5.211:6805/1333896417] -- osd_op(unknown.0.0:57 131.0 131:05bf5b68:::notify.1:head [create] snapc 0=[] ondisk+write+known_if_redirected e10239742) v8 -- 0x55796870e6d0 con 0x7fc3880533f0
2021-09-27T20:02:37.577+0000 7fc39586b700 1 -- 172.20.5.206:0/689151199 <== osd.17 v2:172.20.5.211:6803/632375035 3 ==== osd_op_reply(56 notify.0 [watch watch cookie 93979931625056] v10239742'41 uv40 ondisk = 0) v8 ==== 152+0+0 (crc 0 0 0) 0x7fc39002e020 con 0x7fc388038900
2021-09-27T20:02:37.577+0000 7fc38c869700 1 -- 172.20.5.206:0/689151199 <== osd.15 v2:172.20.5.211:6801/1333896417 3 ==== osd_op_reply(57 notify.1 [create] v10239742'40 uv40 ondisk = 0) v8 ==== 152+0+0 (crc 0 0 0) 0x7fc380043040 con 0x7fc3880533f0
2021-09-27T20:02:37.578+0000 7fc3a8cf7340 1 -- 172.20.5.206:0/689151199 --> [v2:172.20.5.211:6801/1333896417,v1:172.20.5.211:6805/1333896417] -- osd_op(unknown.0.0:58 131.0 131:05bf5b68:::notify.1:head [watch watch cookie 93979931632096] snapc 0=[] ondisk+write+known_if_redirected e10239742) v8 -- 0x55796870e630 con 0x7fc3880533f0
2021-09-27T20:02:37.578+0000 7fc3a8cf7340 1 -- 172.20.5.206:0/689151199 --> [v2:172.20.5.210:6809/2441443141,v1:172.20.5.210:6811/2441443141] -- osd_op(unknown.0.0:59 131.15 131:a93a5511:::notify.2:head [create] snapc 0=[] ondisk+write+known_if_redirected e10239742) v8 -- 0x55796870e630 con 0x5579686f5990
2021-09-27T20:02:37.580+0000 7fc39506a700 1 -- 172.20.5.206:0/689151199 <== osd.12 v2:172.20.5.210:6809/2441443141 11 ==== osd_op_reply(59 notify.2 [create] v10239742'40 uv40 ondisk = 0) v8 ==== 152+0+0 (crc 0 0 0) 0x7fc388012040 con 0x5579686f5990
2021-09-27T20:02:37.580+0000 7fc38c869700 1 -- 172.20.5.206:0/689151199 <== osd.15 v2:172.20.5.211:6801/1333896417 4 ==== osd_op_reply(58 notify.1 [watch watch cookie 93979931632096] v10239742'41 uv40 ondisk = 0) v8 ==== 152+0+0 (crc 0 0 0) 0x7fc380043040 con 0x7fc3880533f0
2021-09-27T20:02:37.580+0000 7fc3a8cf7340 1 -- 172.20.5.206:0/689151199 --> [v2:172.20.5.210:6809/2441443141,v1:172.20.5.210:6811/2441443141] -- osd_op(unknown.0.0:60 131.15 131:a93a5511:::notify.2:head [watch watch cookie 93979931634384] snapc 0=[] ondisk+write+known_if_redirected e10239742) v8 -- 0x55796870f410 con 0x5579686f5990
2021-09-27T20:02:37.580+0000 7fc3a8cf7340 1 -- 172.20.5.206:0/689151199 --> [v2:172.20.5.209:6818/1648769461,v1:172.20.5.209:6819/1648769461] -- osd_op(unknown.0.0:61 131.e 131:7759931f:::notify.3:head [create] snapc 0=[] ondisk+write+known_if_redirected e10239742) v8 -- 0x55796870fe20 con 0x5579686f9410
2021-09-27T20:02:37.582+0000 7fc38c869700 1 -- 172.20.5.206:0/689151199 <== osd.11 v2:172.20.5.209:6818/1648769461 5 ==== osd_op_reply(61 notify.3 [create] v10239742'40 uv40 ondisk = 0) v8 ==== 152+0+0 (crc 0 0 0) 0x7fc380043040 con 0x5579686f9410
2021-09-27T20:02:37.582+0000 7fc39506a700 1 -- 172.20.5.206:0/689151199 <== osd.12 v2:172.20.5.210:6809/2441443141 12 ==== osd_op_reply(60 notify.2 [watch watch cookie 93979931634384] v10239742'41 uv40 ondisk = 0) v8 ==== 152+0+0 (crc 0 0 0) 0x7fc388012040 con 0x5579686f5990
2021-09-27T20:02:37.582+0000 7fc3a8cf7340 1 -- 172.20.5.206:0/689151199 --> [v2:172.20.5.209:6818/1648769461,v1:172.20.5.209:6819/1648769461] -- osd_op(unknown.0.0:62 131.e 131:7759931f:::notify.3:head [watch watch cookie 93979931635776] snapc 0=[] ondisk+write+known_if_redirected e10239742) v8 -- 0x55796870fe20 con 0x5579686f9410
2021-09-27T20:02:37.582+0000 7fc3a8cf7340 1 -- 172.20.5.206:0/689151199 --> [v2:172.20.5.206:6804/2964801198,v1:172.20.5.206:6806/2964801198] -- osd_op(unknown.0.0:63 131.d 131:b4812045:::notify.4:head [create] snapc 0=[] ondisk+write+known_if_redirected e10239742) v8 -- 0x557968710880 con 0x7fc390028070
2021-09-27T20:02:37.584+0000 7fc39506a700 1 -- 172.20.5.206:0/689151199 <== osd.0 v2:172.20.5.206:6804/2964801198 7 ==== osd_op_reply(63 notify.4 [create] v10239742'40 uv40 ondisk = 0) v8 ==== 152+0+0 (crc 0 0 0) 0x7fc388012040 con 0x7fc390028070
2021-09-27T20:02:37.584+0000 7fc38c869700 1 -- 172.20.5.206:0/689151199 <== osd.11 v2:172.20.5.209:6818/1648769461 6 ==== osd_op_reply(62 notify.3 [watch watch cookie 93979931635776] v10239742'41 uv40 ondisk = 0) v8 ==== 152+0+0 (crc 0 0 0) 0x7fc380043040 con 0x5579686f9410
2021-09-27T20:02:37.584+0000 7fc3a8cf7340 1 -- 172.20.5.206:0/689151199 --> [v2:172.20.5.206:6804/2964801198,v1:172.20.5.206:6806/2964801198] -- osd_op(unknown.0.0:64 131.d 131:b4812045:::notify.4:head [watch watch cookie 93979931640720] snapc 0=[] ondisk+write+known_if_redirected e10239742) v8 -- 0x5579687107e0 con 0x7fc390028070
2021-09-27T20:02:37.584+0000 7fc3a8cf7340 1 -- 172.20.5.206:0/689151199 --> [v2:172.20.5.207:6810/2386632775,v1:172.20.5.207:6811/2386632775] -- osd_op(unknown.0.0:65 131.3 131:c609908c:::notify.5:head [create] snapc 0=[] ondisk+write+known_if_redirected e10239742) v8 -- 0x5579687111f0 con 0x7fc380039920
2021-09-27T20:02:37.586+0000 7fc39506a700 1 -- 172.20.5.206:0/689151199 <== osd.0 v2:172.20.5.206:6804/2964801198 8 ==== osd_op_reply(64 notify.4 [watch watch cookie 93979931640720] v10239742'41 uv40 ondisk = 0) v8 ==== 152+0+0 (crc 0 0 0) 0x7fc388012040 con 0x7fc390028070
2021-09-27T20:02:37.586+0000 7fc39506a700 1 -- 172.20.5.206:0/689151199 <== osd.5 v2:172.20.5.207:6810/2386632775 5 ==== osd_op_reply(65 notify.5 [create] v10239742'40 uv40 ondisk = 0) v8 ==== 152+0+0 (crc 0 0 0) 0x7fc388012040 con 0x7fc380039920
2021-09-27T20:02:37.586+0000 7fc3a8cf7340 1 -- 172.20.5.206:0/689151199 --> [v2:172.20.5.207:6810/2386632775,v1:172.20.5.207:6811/2386632775] -- osd_op(unknown.0.0:66 131.3 131:c609908c:::notify.5:head [watch watch cookie 93979931638064] snapc 0=[] ondisk+write+known_if_redirected e10239742) v8 -- 0x5579687111f0 con 0x7fc380039920
2021-09-27T20:02:37.587+0000 7fc3a8cf7340 1 -- 172.20.5.206:0/689151199 --> [v2:172.20.5.209:6818/1648769461,v1:172.20.5.209:6819/1648769461] -- osd_op(unknown.0.0:67 131.14 131:2b04a3e9:::notify.6:head [create] snapc 0=[] ondisk+write+known_if_redirected e10239742) v8 -- 0x557968711a90 con 0x5579686f9410
2021-09-27T20:02:37.588+0000 7fc39506a700 1 -- 172.20.5.206:0/689151199 <== osd.5 v2:172.20.5.207:6810/2386632775 6 ==== osd_op_reply(66 notify.5 [watch watch cookie 93979931638064] v10239742'41 uv40 ondisk = 0) v8 ==== 152+0+0 (crc 0 0 0) 0x7fc388012040 con 0x7fc380039920
2021-09-27T20:02:37.588+0000 7fc38c869700 1 -- 172.20.5.206:0/689151199 <== osd.11 v2:172.20.5.209:6818/1648769461 7 ==== osd_op_reply(67 notify.6 [create] v10239742'40 uv40 ondisk = 0) v8 ==== 152+0+0 (crc 0 0 0) 0x7fc380043040 con 0x5579686f9410
2021-09-27T20:02:37.589+0000 7fc3a8cf7340 1 -- 172.20.5.206:0/689151199 --> [v2:172.20.5.209:6818/1648769461,v1:172.20.5.209:6819/1648769461] -- osd_op(unknown.0.0:68 131.14 131:2b04a3e9:::notify.6:head [watch watch cookie 93979931643696] snapc 0=[] ondisk+write+known_if_redirected e10239742) v8 -- 0x557968711870 con 0x5579686f9410
2021-09-27T20:02:37.589+0000 7fc3a8cf7340 1 -- 172.20.5.206:0/689151199 --> [v2:172.20.5.209:6804/2116853274,v1:172.20.5.209:6805/2116853274] -- osd_op(unknown.0.0:69 131.9 131:93e5b521:::notify.7:head [create] snapc 0=[] ondisk+write+known_if_redirected e10239742) v8 -- 0x5579687124f0 con 0x557968703f70
2021-09-27T20:02:37.591+0000 7fc38c869700 1 -- 172.20.5.206:0/689151199 <== osd.9 v2:172.20.5.209:6804/2116853274 4 ==== osd_op_reply(69 notify.7 [create] v10239742'40 uv40 ondisk = 0) v8 ==== 152+0+0 (crc 0 0 0) 0x7fc380043040 con 0x557968703f70
2021-09-27T20:02:37.591+0000 7fc38c869700 1 -- 172.20.5.206:0/689151199 <== osd.11 v2:172.20.5.209:6818/1648769461 8 ==== osd_op_reply(68 notify.6 [watch watch cookie 93979931643696] v10239742'41 uv40 ondisk = 0) v8 ==== 152+0+0 (crc 0 0 0) 0x7fc380043040 con 0x5579686f9410
2021-09-27T20:02:37.591+0000 7fc3a8cf7340 1 -- 172.20.5.206:0/689151199 --> [v2:172.20.5.209:6804/2116853274,v1:172.20.5.209:6805/2116853274] -- osd_op(unknown.0.0:70 131.9 131:93e5b521:::notify.7:head [watch watch cookie 93979931645360] snapc 0=[] ondisk+write+known_if_redirected e10239742) v8 -- 0x5579687124f0 con 0x557968703f70
2021-09-27T20:02:37.591+0000 7fc3a8cf7340 20 add_watcher() i=0
2021-09-27T20:02:37.591+0000 7fc3a8cf7340 20 add_watcher() i=1
2021-09-27T20:02:37.591+0000 7fc3a8cf7340 20 add_watcher() i=2
2021-09-27T20:02:37.591+0000 7fc3a8cf7340 20 add_watcher() i=3
2021-09-27T20:02:37.591+0000 7fc3a8cf7340 20 add_watcher() i=4
2021-09-27T20:02:37.591+0000 7fc3a8cf7340 20 add_watcher() i=5
2021-09-27T20:02:37.591+0000 7fc3a8cf7340 20 add_watcher() i=6
2021-09-27T20:02:37.593+0000 7fc38c869700 1 -- 172.20.5.206:0/689151199 <== osd.9 v2:172.20.5.209:6804/2116853274 5 ==== osd_op_reply(70 notify.7 [watch watch cookie 93979931645360] v10239742'41 uv40 ondisk = 0) v8 ==== 152+0+0 (crc 0 0 0) 0x7fc380043040 con 0x557968703f70
2021-09-27T20:02:37.593+0000 7fc3a8cf7340 20 add_watcher() i=7
2021-09-27T20:02:37.593+0000 7fc3a8cf7340 2 all 8 watchers are set, enabling cache
2021-09-27T20:02:37.593+0000 7fc3a8cf7340 1 --2- 172.20.5.206:0/689151199 >> [v2:172.20.5.207:6802/2782741247,v1:172.20.5.207:6803/2782741247] conn(0x557968715d30 0x5579687181b0 unknown :-1 s=NONE pgs=0 cs=0 l=1 rev1=0 rx=0 tx=0).connect
2021-09-27T20:02:37.593+0000 7fc3a8cf7340 1 -- 172.20.5.206:0/689151199 --> [v2:172.20.5.207:6802/2782741247,v1:172.20.5.207:6803/2782741247] -- osd_op(unknown.0.0:71 130.4 130:22d26bf9:::data_loggenerations_metadata:head [call version.check_conds in=74b,call version.read in=11b,read 0~0] snapc 0=[] ondisk+read+known_if_redirected e10239742) v8 -- 0x557968718830 con 0x557968715d30
2021-09-27T20:02:37.594+0000 7fc39586b700 1 --2- 172.20.5.206:0/689151199 >> [v2:172.20.5.207:6802/2782741247,v1:172.20.5.207:6803/2782741247] conn(0x557968715d30 0x5579687181b0 unknown :-1 s=BANNER_CONNECTING pgs=0 cs=0 l=1 rev1=0 rx=0 tx=0)._handle_peer_banner_payload supported=1 required=0
2021-09-27T20:02:37.594+0000 7fc39586b700 1 --2- 172.20.5.206:0/689151199 >> [v2:172.20.5.207:6802/2782741247,v1:172.20.5.207:6803/2782741247] conn(0x557968715d30 0x5579687181b0 crc :-1 s=READY pgs=606 cs=0 l=1 rev1=1 rx=0 tx=0).ready entity=osd.4 client_cookie=0 server_cookie=0 in_seq=0 out_seq=0
2021-09-27T20:02:37.594+0000 7fc39586b700 1 -- 172.20.5.206:0/689151199 <== osd.4 v2:172.20.5.207:6802/2782741247 1 ==== osd_op_reply(71 data_loggenerations_metadata [call,call out=48b,read 0~28 out=28b] v0'0 uv1 ondisk = 0) v8 ==== 256+0+76 (crc 0 0 0) 0x7fc39002e020 con 0x557968715d30
2021-09-27T20:02:37.595+0000 7fc3a8cf7340 1 -- 172.20.5.206:0/689151199 --> [v2:172.20.5.207:6802/2782741247,v1:172.20.5.207:6803/2782741247] -- osd_op(unknown.0.0:72 130.4 130:22d26bf9:::data_loggenerations_metadata:head [watch watch cookie 93979931648368] snapc 0=[] ondisk+write+known_if_redirected e10239742) v8 -- 0x557968712c70 con 0x557968715d30
2021-09-27T20:02:37.596+0000 7fc39586b700 1 -- 172.20.5.206:0/689151199 <== osd.4 v2:172.20.5.207:6802/2782741247 2 ==== osd_op_reply(72 data_loggenerations_metadata [watch watch cookie 93979931648368] v10239742'67 uv1 ondisk = 0) v8 ==== 172+0+0 (crc 0 0 0) 0x7fc39002e020 con 0x557968715d30
2021-09-27T20:02:37.596+0000 7fc36afe5700 2 rgw data changes log: RGWDataChangesLog::ChangesRenewThread: start
2021-09-27T20:02:37.597+0000 7fc3a8cf7340 20 check_secure_mon_conn(): auth registy supported: methods=[2,1] modes=[2,1]
2021-09-27T20:02:37.597+0000 7fc3a8cf7340 20 check_secure_mon_conn(): method 1 is insecure
2021-09-27T20:02:37.597+0000 7fc3a8cf7340 1 Processor -- start
2021-09-27T20:02:37.597+0000 7fc3a8cf7340 1 -- start start
2021-09-27T20:02:37.597+0000 7fc3a8cf7340 1 --2- >> [v2:172.20.5.206:3300/0,v1:172.20.5.206:6789/0] conn(0x557968728b80 0x557968728f60 unknown :-1 s=NONE pgs=0 cs=0 l=0 rev1=0 rx=0 tx=0).connect
2021-09-27T20:02:37.597+0000 7fc3a8cf7340 1 --2- >> [v2:172.20.5.207:3300/0,v1:172.20.5.207:6789/0] conn(0x557968729450 0x5579687224d0 unknown :-1 s=NONE pgs=0 cs=0 l=0 rev1=0 rx=0 tx=0).connect
2021-09-27T20:02:37.597+0000 7fc3a8cf7340 1 --2- >> [v2:172.20.5.208:3300/0,v1:172.20.5.208:6789/0] conn(0x557968722bb0 0x55796872f950 unknown :-1 s=NONE pgs=0 cs=0 l=0 rev1=0 rx=0 tx=0).connect
2021-09-27T20:02:37.598+0000 7fc3a8cf7340 1 -- --> [v2:172.20.5.206:3300/0,v1:172.20.5.206:6789/0] -- mon_getmap magic: 0 v1 -- 0x557968723260 con 0x557968728b80
2021-09-27T20:02:37.598+0000 7fc3a8cf7340 1 -- --> [v2:172.20.5.207:3300/0,v1:172.20.5.207:6789/0] -- mon_getmap magic: 0 v1 -- 0x55796872fe40 con 0x557968729450
2021-09-27T20:02:37.598+0000 7fc3a8cf7340 1 -- --> [v2:172.20.5.208:3300/0,v1:172.20.5.208:6789/0] -- mon_getmap magic: 0 v1 -- 0x55796872ff80 con 0x557968722bb0
2021-09-27T20:02:37.598+0000 7fc38c869700 1 --2- >> [v2:172.20.5.206:3300/0,v1:172.20.5.206:6789/0] conn(0x557968728b80 0x557968728f60 unknown :-1 s=BANNER_CONNECTING pgs=0 cs=0 l=0 rev1=0 rx=0 tx=0)._handle_peer_banner_payload supported=1 required=0
2021-09-27T20:02:37.598+0000 7fc38c869700 1 --2- >> [v2:172.20.5.206:3300/0,v1:172.20.5.206:6789/0] conn(0x557968728b80 0x557968728f60 unknown :-1 s=HELLO_CONNECTING pgs=0 cs=0 l=0 rev1=1 rx=0 tx=0).handle_hello peer v2:172.20.5.206:3300/0 says I am v2:172.20.5.206:33658/0 (socket says 172.20.5.206:33658)
2021-09-27T20:02:37.598+0000 7fc38c869700 1 -- 172.20.5.206:0/2540503117 learned_addr learned my addr 172.20.5.206:0/2540503117 (peer_addr_for_me v2:172.20.5.206:0/0)
2021-09-27T20:02:37.598+0000 7fc39586b700 1 --2- 172.20.5.206:0/2540503117 >> [v2:172.20.5.207:3300/0,v1:172.20.5.207:6789/0] conn(0x557968729450 0x5579687224d0 unknown :-1 s=BANNER_CONNECTING pgs=0 cs=0 l=0 rev1=0 rx=0 tx=0)._handle_peer_banner_payload supported=1 required=0
2021-09-27T20:02:37.598+0000 7fc39506a700 1 --2- 172.20.5.206:0/2540503117 >> [v2:172.20.5.208:3300/0,v1:172.20.5.208:6789/0] conn(0x557968722bb0 0x55796872f950 unknown :-1 s=BANNER_CONNECTING pgs=0 cs=0 l=0 rev1=0 rx=0 tx=0)._handle_peer_banner_payload supported=1 required=0
2021-09-27T20:02:37.598+0000 7fc39586b700 1 -- 172.20.5.206:0/2540503117 >> [v2:172.20.5.208:3300/0,v1:172.20.5.208:6789/0] conn(0x557968722bb0 msgr2=0x55796872f950 unknown :-1 s=STATE_CONNECTION_ESTABLISHED l=0).mark_down
2021-09-27T20:02:37.598+0000 7fc39586b700 1 --2- 172.20.5.206:0/2540503117 >> [v2:172.20.5.208:3300/0,v1:172.20.5.208:6789/0] conn(0x557968722bb0 0x55796872f950 unknown :-1 s=AUTH_CONNECTING pgs=0 cs=0 l=0 rev1=1 rx=0 tx=0).stop
2021-09-27T20:02:37.598+0000 7fc39586b700 1 -- 172.20.5.206:0/2540503117 >> [v2:172.20.5.206:3300/0,v1:172.20.5.206:6789/0] conn(0x557968728b80 msgr2=0x557968728f60 unknown :-1 s=STATE_CONNECTION_ESTABLISHED l=0).mark_down
2021-09-27T20:02:37.598+0000 7fc39586b700 1 --2- 172.20.5.206:0/2540503117 >> [v2:172.20.5.206:3300/0,v1:172.20.5.206:6789/0] conn(0x557968728b80 0x557968728f60 unknown :-1 s=AUTH_CONNECTING pgs=0 cs=0 l=0 rev1=1 rx=0 tx=0).stop
2021-09-27T20:02:37.598+0000 7fc39586b700 1 -- 172.20.5.206:0/2540503117 --> [v2:172.20.5.207:3300/0,v1:172.20.5.207:6789/0] -- mon_subscribe({config=0+,monmap=0+}) v3 -- 0x5579687300c0 con 0x557968729450
2021-09-27T20:02:37.598+0000 7fc38c869700 1 --2- 172.20.5.206:0/2540503117 >> [v2:172.20.5.206:3300/0,v1:172.20.5.206:6789/0] conn(0x557968728b80 0x557968728f60 unknown :-1 s=CLOSED pgs=0 cs=0 l=0 rev1=1 rx=0 tx=0).handle_auth_done state changed!
2021-09-27T20:02:37.598+0000 7fc39506a700 1 --2- 172.20.5.206:0/2540503117 >> [v2:172.20.5.208:3300/0,v1:172.20.5.208:6789/0] conn(0x557968722bb0 0x55796872f950 unknown :-1 s=CLOSED pgs=0 cs=0 l=0 rev1=1 rx=0 tx=0).handle_auth_reply_more state changed!
2021-09-27T20:02:37.598+0000 7fc39586b700 1 --2- 172.20.5.206:0/2540503117 >> [v2:172.20.5.207:3300/0,v1:172.20.5.207:6789/0] conn(0x557968729450 0x5579687224d0 secure :-1 s=READY pgs=779 cs=0 l=1 rev1=1 rx=0x55796870d3a0 tx=0x7fc390058040).ready entity=mon.1 client_cookie=68a0673ad33279f9 server_cookie=0 in_seq=0 out_seq=0
2021-09-27T20:02:37.599+0000 7fc36a7e4700 1 -- 172.20.5.206:0/2540503117 <== mon.1 v2:172.20.5.207:3300/0 1 ==== mon_map magic: 0 v1 ==== 484+0+0 (secure 0 0 0) 0x7fc390051e90 con 0x557968729450
2021-09-27T20:02:37.599+0000 7fc36a7e4700 1 -- 172.20.5.206:0/2540503117 <== mon.1 v2:172.20.5.207:3300/0 2 ==== config(6 keys) v1 ==== 313+0+0 (secure 0 0 0) 0x7fc390033ae0 con 0x557968729450
2021-09-27T20:02:37.599+0000 7fc36a7e4700 1 -- 172.20.5.206:0/2540503117 <== mon.1 v2:172.20.5.207:3300/0 3 ==== mon_map magic: 0 v1 ==== 484+0+0 (secure 0 0 0) 0x7fc39004e120 con 0x557968729450
2021-09-27T20:02:37.600+0000 7fc3a8cf7340 1 -- 172.20.5.206:0/2540503117 >> [v2:172.20.5.207:3300/0,v1:172.20.5.207:6789/0] conn(0x557968729450 msgr2=0x5579687224d0 secure :-1 s=STATE_CONNECTION_ESTABLISHED l=1).mark_down
2021-09-27T20:02:37.600+0000 7fc3a8cf7340 1 --2- 172.20.5.206:0/2540503117 >> [v2:172.20.5.207:3300/0,v1:172.20.5.207:6789/0] conn(0x557968729450 0x5579687224d0 secure :-1 s=READY pgs=779 cs=0 l=1 rev1=1 rx=0x55796870d3a0 tx=0x7fc390058040).stop
2021-09-27T20:02:37.600+0000 7fc3a8cf7340 1 -- 172.20.5.206:0/2540503117 shutdown_connections
2021-09-27T20:02:37.600+0000 7fc3a8cf7340 1 --2- 172.20.5.206:0/2540503117 >> [v2:172.20.5.206:3300/0,v1:172.20.5.206:6789/0] conn(0x557968728b80 0x557968728f60 unknown :-1 s=CLOSED pgs=0 cs=0 l=0 rev1=1 rx=0 tx=0).stop
2021-09-27T20:02:37.600+0000 7fc3a8cf7340 1 --2- 172.20.5.206:0/2540503117 >> [v2:172.20.5.208:3300/0,v1:172.20.5.208:6789/0] conn(0x557968722bb0 0x55796872f950 unknown :-1 s=CLOSED pgs=0 cs=0 l=0 rev1=1 rx=0 tx=0).stop
2021-09-27T20:02:37.600+0000 7fc3a8cf7340 1 --2- 172.20.5.206:0/2540503117 >> [v2:172.20.5.207:3300/0,v1:172.20.5.207:6789/0] conn(0x557968729450 0x5579687224d0 unknown :-1 s=CLOSED pgs=779 cs=0 l=1 rev1=1 rx=0 tx=0).stop
2021-09-27T20:02:37.600+0000 7fc3a8cf7340 1 -- 172.20.5.206:0/2540503117 >> 172.20.5.206:0/2540503117 conn(0x55796871dea0 msgr2=0x5579687235d0 unknown :-1 s=STATE_NONE l=0).mark_down
2021-09-27T20:02:37.600+0000 7fc3a8cf7340 1 -- 172.20.5.206:0/2540503117 shutdown_connections
2021-09-27T20:02:37.600+0000 7fc3a8cf7340 1 -- 172.20.5.206:0/2540503117 wait complete.
2021-09-27T20:02:37.601+0000 7fc3a8cf7340 1 Processor -- start
2021-09-27T20:02:37.601+0000 7fc3a8cf7340 1 -- start start
2021-09-27T20:02:37.601+0000 7fc3a8cf7340 1 --2- >> [v2:172.20.5.206:3300/0,v1:172.20.5.206:6789/0] conn(0x557968722bb0 0x557968729ff0 unknown :-1 s=NONE pgs=0 cs=0 l=1 rev1=0 rx=0 tx=0).connect
2021-09-27T20:02:37.601+0000 7fc3a8cf7340 1 --2- >> [v2:172.20.5.207:3300/0,v1:172.20.5.207:6789/0] conn(0x557968728b80 0x55796872a4e0 unknown :-1 s=NONE pgs=0 cs=0 l=1 rev1=0 rx=0 tx=0).connect
2021-09-27T20:02:37.601+0000 7fc3a8cf7340 1 --2- >> [v2:172.20.5.208:3300/0,v1:172.20.5.208:6789/0] conn(0x557968729450 0x55796872a9d0 unknown :-1 s=NONE pgs=0 cs=0 l=1 rev1=0 rx=0 tx=0).connect
2021-09-27T20:02:37.601+0000 7fc3a8cf7340 1 -- --> [v2:172.20.5.206:3300/0,v1:172.20.5.206:6789/0] -- mon_getmap magic: 0 v1 -- 0x5579687362e0 con 0x557968722bb0
2021-09-27T20:02:37.601+0000 7fc3a8cf7340 1 -- --> [v2:172.20.5.207:3300/0,v1:172.20.5.207:6789/0] -- mon_getmap magic: 0 v1 -- 0x557968736450 con 0x557968728b80
2021-09-27T20:02:37.601+0000 7fc3a8cf7340 1 -- --> [v2:172.20.5.208:3300/0,v1:172.20.5.208:6789/0] -- mon_getmap magic: 0 v1 -- 0x557968736610 con 0x557968729450
2021-09-27T20:02:37.601+0000 7fc38c869700 1 --2- >> [v2:172.20.5.206:3300/0,v1:172.20.5.206:6789/0] conn(0x557968722bb0 0x557968729ff0 unknown :-1 s=BANNER_CONNECTING pgs=0 cs=0 l=1 rev1=0 rx=0 tx=0)._handle_peer_banner_payload supported=1 required=0
2021-09-27T20:02:37.601+0000 7fc38c869700 1 --2- >> [v2:172.20.5.206:3300/0,v1:172.20.5.206:6789/0] conn(0x557968722bb0 0x557968729ff0 unknown :-1 s=HELLO_CONNECTING pgs=0 cs=0 l=1 rev1=1 rx=0 tx=0).handle_hello peer v2:172.20.5.206:3300/0 says I am v2:172.20.5.206:33664/0 (socket says 172.20.5.206:33664)
2021-09-27T20:02:37.601+0000 7fc38c869700 1 -- 172.20.5.206:0/181444103 learned_addr learned my addr 172.20.5.206:0/181444103 (peer_addr_for_me v2:172.20.5.206:0/0)
2021-09-27T20:02:37.602+0000 7fc39586b700 1 --2- 172.20.5.206:0/181444103 >> [v2:172.20.5.207:3300/0,v1:172.20.5.207:6789/0] conn(0x557968728b80 0x55796872a4e0 unknown :-1 s=BANNER_CONNECTING pgs=0 cs=0 l=1 rev1=0 rx=0 tx=0)._handle_peer_banner_payload supported=1 required=0
2021-09-27T20:02:37.602+0000 7fc39506a700 1 --2- 172.20.5.206:0/181444103 >> [v2:172.20.5.208:3300/0,v1:172.20.5.208:6789/0] conn(0x557968729450 0x55796872a9d0 unknown :-1 s=BANNER_CONNECTING pgs=0 cs=0 l=1 rev1=0 rx=0 tx=0)._handle_peer_banner_payload supported=1 required=0
2021-09-27T20:02:37.602+0000 7fc38c869700 1 -- 172.20.5.206:0/181444103 >> [v2:172.20.5.208:3300/0,v1:172.20.5.208:6789/0] conn(0x557968729450 msgr2=0x55796872a9d0 unknown :-1 s=STATE_CONNECTION_ESTABLISHED l=1).mark_down
2021-09-27T20:02:37.602+0000 7fc38c869700 1 --2- 172.20.5.206:0/181444103 >> [v2:172.20.5.208:3300/0,v1:172.20.5.208:6789/0] conn(0x557968729450 0x55796872a9d0 unknown :-1 s=AUTH_CONNECTING pgs=0 cs=0 l=1 rev1=1 rx=0 tx=0).stop
2021-09-27T20:02:37.602+0000 7fc38c869700 1 -- 172.20.5.206:0/181444103 >> [v2:172.20.5.207:3300/0,v1:172.20.5.207:6789/0] conn(0x557968728b80 msgr2=0x55796872a4e0 unknown :-1 s=STATE_CONNECTION_ESTABLISHED l=1).mark_down
2021-09-27T20:02:37.602+0000 7fc38c869700 1 --2- 172.20.5.206:0/181444103 >> [v2:172.20.5.207:3300/0,v1:172.20.5.207:6789/0] conn(0x557968728b80 0x55796872a4e0 unknown :-1 s=AUTH_CONNECTING pgs=0 cs=0 l=1 rev1=1 rx=0 tx=0).stop
2021-09-27T20:02:37.602+0000 7fc38c869700 1 -- 172.20.5.206:0/181444103 --> [v2:172.20.5.206:3300/0,v1:172.20.5.206:6789/0] -- mon_subscribe({config=0+,monmap=0+}) v3 -- 0x7fc380038a70 con 0x557968722bb0
2021-09-27T20:02:37.602+0000 7fc38c869700 1 --2- 172.20.5.206:0/181444103 >> [v2:172.20.5.206:3300/0,v1:172.20.5.206:6789/0] conn(0x557968722bb0 0x557968729ff0 secure :-1 s=READY pgs=11303 cs=0 l=1 rev1=1 rx=0x7fc380038c40 tx=0x7fc38000c040).ready entity=mon.0 client_cookie=0 server_cookie=0 in_seq=0 out_seq=0
2021-09-27T20:02:37.602+0000 7fc368fe1700 1 -- 172.20.5.206:0/181444103 <== mon.0 v2:172.20.5.206:3300/0 1 ==== mon_map magic: 0 v1 ==== 484+0+0 (secure 0 0 0) 0x7fc380061040 con 0x557968722bb0
2021-09-27T20:02:37.602+0000 7fc368fe1700 1 -- 172.20.5.206:0/181444103 <== mon.0 v2:172.20.5.206:3300/0 2 ==== config(6 keys) v1 ==== 313+0+0 (secure 0 0 0) 0x7fc380066430 con 0x557968722bb0
2021-09-27T20:02:37.602+0000 7fc3a8cf7340 1 -- 172.20.5.206:0/181444103 --> [v2:172.20.5.206:3300/0,v1:172.20.5.206:6789/0] -- mon_subscribe({mgrmap=0+}) v3 -- 0x5579685a4f30 con 0x557968722bb0
2021-09-27T20:02:37.602+0000 7fc368fe1700 1 -- 172.20.5.206:0/181444103 <== mon.0 v2:172.20.5.206:3300/0 3 ==== mon_map magic: 0 v1 ==== 484+0+0 (secure 0 0 0) 0x7fc38000f040 con 0x557968722bb0
2021-09-27T20:02:37.602+0000 7fc3a8cf7340 1 -- 172.20.5.206:0/181444103 --> [v2:172.20.5.206:3300/0,v1:172.20.5.206:6789/0] -- mon_subscribe({osdmap=0}) v3 -- 0x557968736c30 con 0x557968722bb0
2021-09-27T20:02:37.605+0000 7fc368fe1700 1 -- 172.20.5.206:0/181444103 <== mon.0 v2:172.20.5.206:3300/0 4 ==== mgrmap(e 723) v1 ==== 74665+0+0 (secure 0 0 0) 0x7fc3800665a0 con 0x557968722bb0
2021-09-27T20:02:37.605+0000 7fc368fe1700 1 --2- 172.20.5.206:0/181444103 >> [v2:172.20.5.208:6800/1980530765,v1:172.20.5.208:6801/1980530765] conn(0x7fc2e005d550 0x7fc2e005fa10 unknown :-1 s=NONE pgs=0 cs=0 l=1 rev1=0 rx=0 tx=0).connect
2021-09-27T20:02:37.605+0000 7fc368fe1700 1 -- 172.20.5.206:0/181444103 <== mon.0 v2:172.20.5.206:3300/0 5 ==== osd_map(10239742..10239742 src has 10239153..10239742) v4 ==== 17435+0+0 (secure 0 0 0) 0x7fc380040040 con 0x557968722bb0
2021-09-27T20:02:37.606+0000 7fc3a8cf7340 5 note: GC not initialized
2021-09-27T20:02:37.606+0000 7fc39586b700 1 --2- 172.20.5.206:0/181444103 >> [v2:172.20.5.208:6800/1980530765,v1:172.20.5.208:6801/1980530765] conn(0x7fc2e005d550 0x7fc2e005fa10 unknown :-1 s=BANNER_CONNECTING pgs=0 cs=0 l=1 rev1=0 rx=0 tx=0)._handle_peer_banner_payload supported=1 required=0
2021-09-27T20:02:37.606+0000 7fc39586b700 1 --2- 172.20.5.206:0/181444103 >> [v2:172.20.5.208:6800/1980530765,v1:172.20.5.208:6801/1980530765] conn(0x7fc2e005d550 0x7fc2e005fa10 secure :-1 s=READY pgs=3175 cs=0 l=1 rev1=1 rx=0x55796871f180 tx=0x7fc390058040).ready entity=mgr.68517206 client_cookie=0 server_cookie=0 in_seq=0 out_seq=0
2021-09-27T20:02:37.606+0000 7fc2d9ffb700 20 reqs_thread_entry: start
2021-09-27T20:02:37.607+0000 7fc2cb7fe700 20 reqs_thread_entry: start
2021-09-27T20:02:37.607+0000 7fc3a8cf7340 20 init_complete bucket index max shards: 11
2021-09-27T20:02:37.607+0000 7fc3a8cf7340 10 rgw notify: Started notification manager with: 1 workers
2021-09-27T20:02:37.607+0000 7fc2c9ffb700 20 rgw notify: INFO: next queues processing will happen at: Mon Sep 27 20:03:08 2021
2021-09-27T20:02:37.607+0000 7fc2c97fa700 20 reqs_thread_entry: start
2021-09-27T20:02:37.607+0000 7fc3a8cf7340 10 cache get: name=.rgw.root++default.realm : miss
2021-09-27T20:02:37.607+0000 7fc3a8cf7340 20 rados->read ofs=0 len=0
2021-09-27T20:02:37.607+0000 7fc3a8cf7340 1 -- 172.20.5.206:0/689151199 --> [v2:172.20.5.208:6810/2779989345,v1:172.20.5.208:6811/2779989345] -- osd_op(unknown.0.0:73 113.12 113:49953fa1:::default.realm:head [read 0~0] snapc 0=[] ondisk+read+known_if_redirected e10239742) v8 -- 0x55796877fed0 con 0x5579686f21b0
2021-09-27T20:02:37.608+0000 7fc38c869700 1 -- 172.20.5.206:0/689151199 <== osd.8 v2:172.20.5.208:6810/2779989345 7 ==== osd_op_reply(73 default.realm [read 0~46 out=46b] v0'0 uv40 ondisk = 0) v8 ==== 157+0+46 (crc 0 0 0) 0x7fc380043040 con 0x5579686f21b0
2021-09-27T20:02:37.608+0000 7fc3a8cf7340 20 rados_obj.operate() r=0 bl.length=46
2021-09-27T20:02:37.608+0000 7fc3a8cf7340 10 cache put: name=.rgw.root++default.realm info.flags=0x1
2021-09-27T20:02:37.608+0000 7fc3a8cf7340 10 adding .rgw.root++default.realm to cache LRU end
2021-09-27T20:02:37.608+0000 7fc3a8cf7340 10 cache get: name=.rgw.root++realms.b0b0afe2-1669-4815-bbd9-ebab94a24e6c : miss
2021-09-27T20:02:37.608+0000 7fc3a8cf7340 20 rados->read ofs=0 len=0
2021-09-27T20:02:37.608+0000 7fc3a8cf7340 1 -- 172.20.5.206:0/689151199 --> [v2:172.20.5.210:6809/2441443141,v1:172.20.5.210:6811/2441443141] -- osd_op(unknown.0.0:74 113.5 113:a5c7b007:::realms.b0b0afe2-1669-4815-bbd9-ebab94a24e6c:head [read 0~0] snapc 0=[] ondisk+read+known_if_redirected e10239742) v8 -- 0x557968780ee0 con 0x5579686f5990
2021-09-27T20:02:37.608+0000 7fc39506a700 1 -- 172.20.5.206:0/689151199 <== osd.12 v2:172.20.5.210:6809/2441443141 13 ==== osd_op_reply(74 realms.b0b0afe2-1669-4815-bbd9-ebab94a24e6c [read 0~109 out=109b] v0'0 uv37 ondisk = 0) v8 ==== 187+0+109 (crc 0 0 0) 0x7fc388012040 con 0x5579686f5990
2021-09-27T20:02:37.608+0000 7fc3a8cf7340 20 rados_obj.operate() r=0 bl.length=109
2021-09-27T20:02:37.608+0000 7fc3a8cf7340 10 cache put: name=.rgw.root++realms.b0b0afe2-1669-4815-bbd9-ebab94a24e6c info.flags=0x1
2021-09-27T20:02:37.608+0000 7fc3a8cf7340 10 adding .rgw.root++realms.b0b0afe2-1669-4815-bbd9-ebab94a24e6c to cache LRU end
2021-09-27T20:02:37.608+0000 7fc3a8cf7340 10 cache get: name=.rgw.root++realms.b0b0afe2-1669-4815-bbd9-ebab94a24e6c : hit (requested=0x1, cached=0x1)
2021-09-27T20:02:37.608+0000 7fc3a8cf7340 10 cache get: name=.rgw.root++periods.1e202ad3-fcaf-47d4-8c87-18413418b0a7.latest_epoch : miss
2021-09-27T20:02:37.608+0000 7fc3a8cf7340 20 rados->read ofs=0 len=0
2021-09-27T20:02:37.608+0000 7fc3a8cf7340 1 -- 172.20.5.206:0/689151199 --> [v2:172.20.5.209:6818/1648769461,v1:172.20.5.209:6819/1648769461] -- osd_op(unknown.0.0:75 113.15 113:ad6c57ee:::periods.1e202ad3-fcaf-47d4-8c87-18413418b0a7.latest_epoch:head [read 0~0] snapc 0=[] ondisk+read+known_if_redirected e10239742) v8 -- 0x557968781ef0 con 0x5579686f9410
2021-09-27T20:02:37.609+0000 7fc38c869700 1 -- 172.20.5.206:0/689151199 <== osd.11 v2:172.20.5.209:6818/1648769461 9 ==== osd_op_reply(75 periods.1e202ad3-fcaf-47d4-8c87-18413418b0a7.latest_epoch [read 0~10 out=10b] v0'0 uv3 ondisk = 0) v8 ==== 201+0+10 (crc 0 0 0) 0x7fc380043040 con 0x5579686f9410
2021-09-27T20:02:37.609+0000 7fc3a8cf7340 20 rados_obj.operate() r=0 bl.length=10
2021-09-27T20:02:37.609+0000 7fc3a8cf7340 10 cache put: name=.rgw.root++periods.1e202ad3-fcaf-47d4-8c87-18413418b0a7.latest_epoch info.flags=0x1
2021-09-27T20:02:37.609+0000 7fc3a8cf7340 10 adding .rgw.root++periods.1e202ad3-fcaf-47d4-8c87-18413418b0a7.latest_epoch to cache LRU end
2021-09-27T20:02:37.609+0000 7fc3a8cf7340 10 cache get: name=.rgw.root++periods.1e202ad3-fcaf-47d4-8c87-18413418b0a7.1 : miss
2021-09-27T20:02:37.609+0000 7fc3a8cf7340 20 rados->read ofs=0 len=0
2021-09-27T20:02:37.609+0000 7fc3a8cf7340 1 -- 172.20.5.206:0/689151199 --> [v2:172.20.5.210:6800/1349188196,v1:172.20.5.210:6801/1349188196] -- osd_op(unknown.0.0:76 113.1a 113:5cec02ab:::periods.1e202ad3-fcaf-47d4-8c87-18413418b0a7.1:head [read 0~0] snapc 0=[] ondisk+read+known_if_redirected e10239742) v8 -- 0x557968782f00 con 0x5579686fcc60
2021-09-27T20:02:37.610+0000 7fc39586b700 1 -- 172.20.5.206:0/689151199 <== osd.13 v2:172.20.5.210:6800/1349188196 3 ==== osd_op_reply(76 periods.1e202ad3-fcaf-47d4-8c87-18413418b0a7.1 [read 0~251 out=251b] v0'0 uv5 ondisk = 0) v8 ==== 190+0+251 (crc 0 0 0) 0x7fc39002e020 con 0x5579686fcc60
2021-09-27T20:02:37.610+0000 7fc3a8cf7340 20 rados_obj.operate() r=0 bl.length=251
2021-09-27T20:02:37.610+0000 7fc3a8cf7340 10 cache put: name=.rgw.root++periods.1e202ad3-fcaf-47d4-8c87-18413418b0a7.1 info.flags=0x1
2021-09-27T20:02:37.610+0000 7fc3a8cf7340 10 adding .rgw.root++periods.1e202ad3-fcaf-47d4-8c87-18413418b0a7.1 to cache LRU end
2021-09-27T20:02:37.610+0000 7fc3a8cf7340 20 fork realm b0b0afe2-1669-4815-bbd9-ebab94a24e6c period 1e202ad3-fcaf-47d4-8c87-18413418b0a7
2021-09-27T20:02:37.610+0000 7fc3a8cf7340 20 update realm b0b0afe2-1669-4815-bbd9-ebab94a24e6c period b0b0afe2-1669-4815-bbd9-ebab94a24e6c:staging
2021-09-27T20:02:37.610+0000 7fc3a8cf7340 1 -- 172.20.5.206:0/689151199 --> [v2:172.20.5.210:6802/2818076271,v1:172.20.5.210:6803/2818076271] -- osd_op(unknown.0.0:77 113.0 113:00000000::::head [pgnls start_epoch 10239742 in=39b] snapc 0=[] ondisk+read+ignore_overlay+known_if_redirected e10239742) v8 -- 0x5579687852d0 con 0x557968708750
2021-09-27T20:02:37.610+0000 7fc39586b700 1 -- 172.20.5.206:0/689151199 <== osd.14 v2:172.20.5.210:6802/2818076271 4 ==== osd_op_reply(77 [pgnls start_epoch 10239742 out=49b] v10239712'15 uv15 ondisk = 1) v8 ==== 144+0+49 (crc 0 0 0) 0x7fc39008c040 con 0x557968708750
2021-09-27T20:02:37.610+0000 7fc39586b700 1 -- 172.20.5.206:0/689151199 --> [v2:172.20.5.206:6804/2964801198,v1:172.20.5.206:6806/2964801198] -- osd_op(unknown.0.0:78 113.10 113:08000000::::head [pgnls start_epoch 10239742 in=39b] snapc 0=[] ondisk+read+ignore_overlay+known_if_redirected e10239742) v8 -- 0x557968782f00 con 0x7fc390028070
2021-09-27T20:02:37.611+0000 7fc39506a700 1 -- 172.20.5.206:0/689151199 <== osd.0 v2:172.20.5.206:6804/2964801198 9 ==== osd_op_reply(78 [pgnls start_epoch 10239742 out=49b] v10239712'16 uv15 ondisk = 1) v8 ==== 144+0+49 (crc 0 0 0) 0x7fc388012040 con 0x7fc390028070
2021-09-27T20:02:37.611+0000 7fc39506a700 1 -- 172.20.5.206:0/689151199 --> [v2:172.20.5.209:6804/2116853274,v1:172.20.5.209:6805/2116853274] -- osd_op(unknown.0.0:79 113.8 113:10000000::::head [pgnls start_epoch 10239742 in=39b] snapc 0=[] ondisk+read+ignore_overlay+known_if_redirected e10239742) v8 -- 0x7fc380047080 con 0x557968703f70
2021-09-27T20:02:37.611+0000 7fc38c869700 1 -- 172.20.5.206:0/689151199 <== osd.9 v2:172.20.5.209:6804/2116853274 6 ==== osd_op_reply(79 [pgnls start_epoch 10239742 out=111b] v10239712'8 uv8 ondisk = 1) v8 ==== 144+0+111 (crc 0 0 0) 0x7fc380043040 con 0x557968703f70
2021-09-27T20:02:37.611+0000 7fc38c869700 1 -- 172.20.5.206:0/689151199 --> [v2:172.20.5.208:6818/549835457,v1:172.20.5.208:6819/549835457] -- osd_op(unknown.0.0:80 113.18 113:18000000::::head [pgnls start_epoch 10239742 in=39b] snapc 0=[] ondisk+read+ignore_overlay+known_if_redirected e10239742) v8 -- 0x557968707790 con 0x7fc380008040
2021-09-27T20:02:37.612+0000 7fc38c869700 1 -- 172.20.5.206:0/689151199 <== osd.6 v2:172.20.5.208:6818/549835457 3 ==== osd_op_reply(80 [pgnls start_epoch 10239742 out=49b] v10239712'12 uv12 ondisk = 1) v8 ==== 144+0+49 (crc 0 0 0) 0x7fc380043040 con 0x7fc380008040
2021-09-27T20:02:37.612+0000 7fc38c869700 1 -- 172.20.5.206:0/689151199 --> [v2:172.20.5.208:6810/2779989345,v1:172.20.5.208:6811/2779989345] -- osd_op(unknown.0.0:81 113.4 113:20000000::::head [pgnls start_epoch 10239742 in=39b] snapc 0=[] ondisk+read+ignore_overlay+known_if_redirected e10239742) v8 -- 0x557968707790 con 0x5579686f21b0
2021-09-27T20:02:37.612+0000 7fc38c869700 1 -- 172.20.5.206:0/689151199 <== osd.8 v2:172.20.5.208:6810/2779989345 8 ==== osd_op_reply(81 [pgnls start_epoch 10239742 out=174b] v10239712'5 uv5 ondisk = 1) v8 ==== 144+0+174 (crc 0 0 0) 0x7fc380043040 con 0x5579686f21b0
2021-09-27T20:02:37.612+0000 7fc38c869700 1 -- 172.20.5.206:0/689151199 --> [v2:172.20.5.209:6802/135607544,v1:172.20.5.209:6803/135607544] -- osd_op(unknown.0.0:82 113.14 113:28000000::::head [pgnls start_epoch 10239742 in=39b] snapc 0=[] ondisk+read+ignore_overlay+known_if_redirected e10239742) v8 -- 0x557968707790 con 0x7fc380035400
2021-09-27T20:02:37.613+0000 7fc39586b700 1 -- 172.20.5.206:0/689151199 <== osd.10 v2:172.20.5.209:6802/135607544 4 ==== osd_op_reply(82 [pgnls start_epoch 10239742 out=49b] v10239731'11 uv11 ondisk = 1) v8 ==== 144+0+49 (crc 0 0 0) 0x7fc39008c040 con 0x7fc380035400
2021-09-27T20:02:37.613+0000 7fc39586b700 1 -- 172.20.5.206:0/689151199 --> [v2:172.20.5.209:6804/2116853274,v1:172.20.5.209:6805/2116853274] -- osd_op(unknown.0.0:83 113.c 113:30000000::::head [pgnls start_epoch 10239742 in=39b] snapc 0=[] ondisk+read+ignore_overlay+known_if_redirected e10239742) v8 -- 0x557968707790 con 0x557968703f70
2021-09-27T20:02:37.613+0000 7fc38c869700 1 -- 172.20.5.206:0/689151199 <== osd.9 v2:172.20.5.209:6804/2116853274 7 ==== osd_op_reply(83 [pgnls start_epoch 10239742 out=49b] v10239712'2 uv2 ondisk = 1) v8 ==== 144+0+49 (crc 0 0 0) 0x7fc380043040 con 0x557968703f70
2021-09-27T20:02:37.613+0000 7fc38c869700 1 -- 172.20.5.206:0/689151199 --> [v2:172.20.5.206:6804/2964801198,v1:172.20.5.206:6806/2964801198] -- osd_op(unknown.0.0:84 113.1c 113:38000000::::head [pgnls start_epoch 10239742 in=39b] snapc 0=[] ondisk+read+ignore_overlay+known_if_redirected e10239742) v8 -- 0x557968707790 con 0x7fc390028070
2021-09-27T20:02:37.614+0000 7fc39506a700 1 -- 172.20.5.206:0/689151199 <== osd.0 v2:172.20.5.206:6804/2964801198 10 ==== osd_op_reply(84 [pgnls start_epoch 10239742 out=144b] v10239723'11 uv11 ondisk = 1) v8 ==== 144+0+144 (crc 0 0 0) 0x7fc388012040 con 0x7fc390028070
2021-09-27T20:02:37.614+0000 7fc39506a700 1 -- 172.20.5.206:0/689151199 --> [v2:172.20.5.210:6802/2818076271,v1:172.20.5.210:6803/2818076271] -- osd_op(unknown.0.0:85 113.2 113:40000000::::head [pgnls start_epoch 10239742 in=39b] snapc 0=[] ondisk+read+ignore_overlay+known_if_redirected e10239742) v8 -- 0x557968707790 con 0x557968708750
2021-09-27T20:02:37.614+0000 7fc39586b700 1 -- 172.20.5.206:0/689151199 <== osd.14 v2:172.20.5.210:6802/2818076271 5 ==== osd_op_reply(85 [pgnls start_epoch 10239742 out=49b] v10239712'1 uv0 ondisk = 1) v8 ==== 144+0+49 (crc 0 0 0) 0x7fc39008c040 con 0x557968708750
