2021-09-27T20:02:37.554+0000 7fc38c869700 1 --2- 172.20.5.206:0/689151199 >> [v2:172.20.5.207:6818/1412066196,v1:172.20.5.207:6819/1412066196] conn(0x7fc38802c400 0x7fc38802c840 crc :-1 s=READY pgs=652 cs=0 l=1 rev1=1 rx=0 tx=0).ready entity=osd.3 client_cookie=0 server_cookie=0 in_seq=0 out_seq=0 -570>
2021-09-27T20:02:37.555+0000 7fc38c869700 1 -- 172.20.5.206:0/689151199 <== osd.3 v2:172.20.5.207:6818/1412066196 1 ==== osd_op_reply(24 [pgnls start_epoch 10239742 out=107b] v10239723'5 uv5 ondisk = 1) v8 ==== 144+0+107 (crc 0 0 0) 0x7fc380043040 con 0x7fc38802c400 -569>
2021-09-27T20:02:37.555+0000 7fc38c869700 1 -- 172.20.5.206:0/689151199 --> [v2:172.20.5.210:6809/2441443141,v1:172.20.5.210:6811/2441443141] -- osd_op(unknown.0.0:25 113.1e 113:78000000::::head [pgnls start_epoch 10239742 in=39b] snapc 0=[] ondisk+read+ignore_overlay+known_if_redirected e10239742) v8 -- 0x7fc380047080 con 0x5579686f5990 -568>
2021-09-27T20:02:37.555+0000 7fc39506a700 1 -- 172.20.5.206:0/689151199 <== osd.12 v2:172.20.5.210:6809/2441443141 5 ==== osd_op_reply(25 [pgnls start_epoch 10239742 out=115b] v10239720'3 uv3 ondisk = 1) v8 ==== 144+0+115 (crc 0 0 0) 0x7fc388012040 con 0x5579686f5990 -567>
2021-09-27T20:02:37.555+0000 7fc39506a700 1 --2- 172.20.5.206:0/689151199 >> [v2:172.20.5.211:6803/632375035,v1:172.20.5.211:6806/632375035] conn(0x7fc388038900 0x7fc3880203c0 unknown :-1 s=NONE pgs=0 cs=0 l=1 rev1=0 rx=0 tx=0).connect -566>
2021-09-27T20:02:37.555+0000 7fc39506a700 1 -- 172.20.5.206:0/689151199 --> [v2:172.20.5.211:6803/632375035,v1:172.20.5.211:6806/632375035] -- osd_op(unknown.0.0:26 113.1 113:80000000::::head [pgnls start_epoch 10239742 in=39b] snapc 0=[] ondisk+read+ignore_overlay+known_if_redirected e10239742) v8 -- 0x7fc380047080 con 0x7fc388038900 -565>
2021-09-27T20:02:37.556+0000 7fc39586b700 1 --2- 172.20.5.206:0/689151199 >> [v2:172.20.5.211:6803/632375035,v1:172.20.5.211:6806/632375035] conn(0x7fc388038900 0x7fc3880203c0 unknown :-1 s=BANNER_CONNECTING pgs=0 cs=0 l=1 rev1=0 rx=0 tx=0)._handle_peer_banner_payload supported=1 required=0 -564>
2021-09-27T20:02:37.556+0000 7fc39586b700 10 monclient: get_auth_request con 0x7fc388038900 auth_method 0 -563>
2021-09-27T20:02:37.556+0000 7fc39586b700 1 --2- 172.20.5.206:0/689151199 >> [v2:172.20.5.211:6803/632375035,v1:172.20.5.211:6806/632375035] conn(0x7fc388038900 0x7fc3880203c0 crc :-1 s=READY pgs=537 cs=0 l=1 rev1=1 rx=0 tx=0).ready entity=osd.17 client_cookie=0 server_cookie=0 in_seq=0 out_seq=0 -562>
2021-09-27T20:02:37.557+0000 7fc39586b700 1 -- 172.20.5.206:0/689151199 <== osd.17 v2:172.20.5.211:6803/632375035 1 ==== osd_op_reply(26 [pgnls start_epoch 10239742 out=49b] v0'0 uv0 ondisk = 1) v8 ==== 144+0+49 (crc 0 0 0) 0x7fc39002e020 con 0x7fc388038900 -561>
2021-09-27T20:02:37.557+0000 7fc39586b700 1 -- 172.20.5.206:0/689151199 --> [v2:172.20.5.209:6802/135607544,v1:172.20.5.209:6803/135607544] -- osd_op(unknown.0.0:27 113.11 113:88000000::::head [pgnls start_epoch 10239742 in=39b] snapc 0=[] ondisk+read+ignore_overlay+known_if_redirected e10239742) v8 -- 0x7fc380047080 con 0x7fc380035400 -560>
2021-09-27T20:02:37.557+0000 7fc39586b700 1 -- 172.20.5.206:0/689151199 <== osd.10 v2:172.20.5.209:6802/135607544 2 ==== osd_op_reply(27 [pgnls start_epoch 10239742 out=49b] v10239712'19 uv15 ondisk = 1) v8 ==== 144+0+49 (crc 0 0 0) 0x7fc39002e020 con 0x7fc380035400 -559>
2021-09-27T20:02:37.557+0000 7fc39586b700 1 -- 172.20.5.206:0/689151199 --> [v2:172.20.5.206:6804/2964801198,v1:172.20.5.206:6806/2964801198] -- osd_op(unknown.0.0:28 113.9 113:90000000::::head [pgnls start_epoch 10239742 in=39b] snapc 0=[] ondisk+read+ignore_overlay+known_if_redirected e10239742) v8 -- 0x7fc380047080 con 0x7fc390028070 -558>
2021-09-27T20:02:37.558+0000 7fc39506a700 1 -- 172.20.5.206:0/689151199 <== osd.0 v2:172.20.5.206:6804/2964801198 4 ==== osd_op_reply(28 [pgnls start_epoch 10239742 out=49b] v10239712'8 uv6 ondisk = 1) v8 ==== 144+0+49 (crc 0 0 0) 0x7fc388012040 con 0x7fc390028070 -557>
2021-09-27T20:02:37.558+0000 7fc39506a700 1 -- 172.20.5.206:0/689151199 --> [v2:172.20.5.209:6818/1648769461,v1:172.20.5.209:6819/1648769461] -- osd_op(unknown.0.0:29 113.19 113:98000000::::head [pgnls start_epoch 10239742 in=39b] snapc 0=[] ondisk+read+ignore_overlay+known_if_redirected e10239742) v8 -- 0x7fc380047080 con 0x5579686f9410 -556>
2021-09-27T20:02:37.558+0000 7fc38c869700 1 -- 172.20.5.206:0/689151199 <== osd.11 v2:172.20.5.209:6818/1648769461 2 ==== osd_op_reply(29 [pgnls start_epoch 10239742 out=49b] v0'0 uv0 ondisk = 1) v8 ==== 144+0+49 (crc 0 0 0) 0x7fc380043040 con 0x5579686f9410 -555>
2021-09-27T20:02:37.558+0000 7fc38c869700 1 -- 172.20.5.206:0/689151199 --> [v2:172.20.5.210:6809/2441443141,v1:172.20.5.210:6811/2441443141] -- osd_op(unknown.0.0:30 113.5 113:a0000000::::head [pgnls start_epoch 10239742 in=39b] snapc 0=[] ondisk+read+ignore_overlay+known_if_redirected e10239742) v8 -- 0x7fc380047080 con 0x5579686f5990 -554>
2021-09-27T20:02:37.559+0000 7fc39506a700 1 -- 172.20.5.206:0/689151199 <== osd.12 v2:172.20.5.210:6809/2441443141 6 ==== osd_op_reply(30 [pgnls start_epoch 10239742 out=166b] v10239712'37 uv37 ondisk = 1) v8 ==== 144+0+166 (crc 0 0 0) 0x7fc388012040 con 0x5579686f5990 -553>
2021-09-27T20:02:37.559+0000 7fc39506a700 1 -- 172.20.5.206:0/689151199 --> [v2:172.20.5.209:6818/1648769461,v1:172.20.5.209:6819/1648769461] -- osd_op(unknown.0.0:31 113.15 113:a8000000::::head [pgnls start_epoch 10239742 in=39b] snapc 0=[] ondisk+read+ignore_overlay+known_if_redirected e10239742) v8 -- 0x7fc380047080 con 0x5579686f9410 -552>
2021-09-27T20:02:37.560+0000 7fc38c869700 1 -- 172.20.5.206:0/689151199 <== osd.11 v2:172.20.5.209:6818/1648769461 3 ==== osd_op_reply(31 [pgnls start_epoch 10239742 out=118b] v10239712'3 uv3 ondisk = 1) v8 ==== 144+0+118 (crc 0 0 0) 0x7fc380043040 con 0x5579686f9410 -551>
2021-09-27T20:02:37.560+0000 7fc38c869700 1 -- 172.20.5.206:0/689151199 --> [v2:172.20.5.210:6809/2441443141,v1:172.20.5.210:6811/2441443141] -- osd_op(unknown.0.0:32 113.d 113:b0000000::::head [pgnls start_epoch 10239742 in=39b] snapc 0=[] ondisk+read+ignore_overlay+known_if_redirected e10239742) v8 -- 0x7fc380047080 con 0x5579686f5990 -550>
2021-09-27T20:02:37.560+0000 7fc39506a700 1 -- 172.20.5.206:0/689151199 <== osd.12 v2:172.20.5.210:6809/2441443141 7 ==== osd_op_reply(32 [pgnls start_epoch 10239742 out=49b] v10239712'8 uv8 ondisk = 1) v8 ==== 144+0+49 (crc 0 0 0) 0x7fc388012040 con 0x5579686f5990 -549>
2021-09-27T20:02:37.560+0000 7fc39506a700 1 --2- 172.20.5.206:0/689151199 >> [v2:172.20.5.208:6802/2404441758,v1:172.20.5.208:6803/2404441758] conn(0x7fc388047460 0x7fc3880478a0 unknown :-1 s=NONE pgs=0 cs=0 l=1 rev1=0 rx=0 tx=0).connect -548>
2021-09-27T20:02:37.560+0000 7fc39506a700 1 -- 172.20.5.206:0/689151199 --> [v2:172.20.5.208:6802/2404441758,v1:172.20.5.208:6803/2404441758] -- osd_op(unknown.0.0:33 113.1d 113:b8000000::::head [pgnls start_epoch 10239742 in=39b] snapc 0=[] ondisk+read+ignore_overlay+known_if_redirected e10239742) v8 -- 0x7fc380047080 con 0x7fc388047460 -547>
2021-09-27T20:02:37.561+0000 7fc39506a700 1 --2- 172.20.5.206:0/689151199 >> [v2:172.20.5.208:6802/2404441758,v1:172.20.5.208:6803/2404441758] conn(0x7fc388047460 0x7fc3880478a0 unknown :-1 s=BANNER_CONNECTING pgs=0 cs=0 l=1 rev1=0 rx=0 tx=0)._handle_peer_banner_payload supported=1 required=0 -546>
2021-09-27T20:02:37.561+0000 7fc39506a700 10 monclient: get_auth_request con 0x7fc388047460 auth_method 0 -545>
2021-09-27T20:02:37.561+0000 7fc39506a700 1 --2- 172.20.5.206:0/689151199 >> [v2:172.20.5.208:6802/2404441758,v1:172.20.5.208:6803/2404441758] conn(0x7fc388047460 0x7fc3880478a0 crc :-1 s=READY pgs=560 cs=0 l=1 rev1=1 rx=0 tx=0).ready entity=osd.7 client_cookie=0 server_cookie=0 in_seq=0 out_seq=0 -544>
2021-09-27T20:02:37.562+0000 7fc39506a700 1 -- 172.20.5.206:0/689151199 <== osd.7 v2:172.20.5.208:6802/2404441758 1 ==== osd_op_reply(33 [pgnls start_epoch 10239742 out=49b] v10239712'6 uv4 ondisk = 1) v8 ==== 144+0+49 (crc 0 0 0) 0x7fc388012040 con 0x7fc388047460 -543>
2021-09-27T20:02:37.562+0000 7fc39506a700 1 -- 172.20.5.206:0/689151199 --> [v2:172.20.5.207:6810/2386632775,v1:172.20.5.207:6811/2386632775] -- osd_op(unknown.0.0:34 113.3 113:c0000000::::head [pgnls start_epoch 10239742 in=39b] snapc 0=[] ondisk+read+ignore_overlay+known_if_redirected e10239742) v8 -- 0x7fc380047080 con 0x7fc380039920 -542>
2021-09-27T20:02:37.563+0000 7fc39506a700 1 -- 172.20.5.206:0/689151199 <== osd.5 v2:172.20.5.207:6810/2386632775 2 ==== osd_op_reply(34 [pgnls start_epoch 10239742 out=49b] v0'0 uv0 ondisk = 1) v8 ==== 144+0+49 (crc 0 0 0) 0x7fc388012040 con 0x7fc380039920 -541>
2021-09-27T20:02:37.563+0000 7fc39506a700 1 -- 172.20.5.206:0/689151199 --> [v2:172.20.5.206:6802/2451743310,v1:172.20.5.206:6803/2451743310] -- osd_op(unknown.0.0:35 113.13 113:c8000000::::head [pgnls start_epoch 10239742 in=39b] snapc 0=[] ondisk+read+ignore_overlay+known_if_redirected e10239742) v8 -- 0x7fc380047080 con 0x5579686ffef0 -540>
2021-09-27T20:02:37.563+0000 7fc39506a700 1 -- 172.20.5.206:0/689151199 <== osd.1 v2:172.20.5.206:6802/2451743310 2 ==== osd_op_reply(35 [pgnls start_epoch 10239742 out=49b] v10239712'2 uv2 ondisk = 1) v8 ==== 144+0+49 (crc 0 0 0) 0x7fc388012040 con 0x5579686ffef0 -539>
2021-09-27T20:02:37.563+0000 7fc39506a700 1 -- 172.20.5.206:0/689151199 --> [v2:172.20.5.209:6818/1648769461,v1:172.20.5.209:6819/1648769461] -- osd_op(unknown.0.0:36 113.b 113:d0000000::::head [pgnls start_epoch 10239742 in=39b] snapc 0=[] ondisk+read+ignore_overlay+known_if_redirected e10239742) v8 -- 0x7fc380047080 con 0x5579686f9410 -538>
2021-09-27T20:02:37.563+0000 7fc38c869700 1 -- 172.20.5.206:0/689151199 <== osd.11 v2:172.20.5.209:6818/1648769461 4 ==== osd_op_reply(36 [pgnls start_epoch 10239742 out=49b] v10239712'2 uv0 ondisk = 1) v8 ==== 144+0+49 (crc 0 0 0) 0x7fc380043040 con 0x5579686f9410 -537>
2021-09-27T20:02:37.563+0000 7fc38c869700 1 -- 172.20.5.206:0/689151199 --> [v2:172.20.5.210:6802/2818076271,v1:172.20.5.210:6803/2818076271] -- osd_op(unknown.0.0:37 113.1b 113:d8000000::::head [pgnls start_epoch 10239742 in=39b] snapc 0=[] ondisk+read+ignore_overlay+known_if_redirected e10239742) v8 -- 0x7fc380047080 con 0x557968708750 -536>
2021-09-27T20:02:37.564+0000 7fc39586b700 1 -- 172.20.5.206:0/689151199 <== osd.14 v2:172.20.5.210:6802/2818076271 3 ==== osd_op_reply(37 [pgnls start_epoch 10239742 out=49b] v10239712'4 uv4 ondisk = 1) v8 ==== 144+0+49 (crc 0 0 0) 0x7fc39002e020 con 0x557968708750 -535>
2021-09-27T20:02:37.564+0000 7fc39586b700 1 -- 172.20.5.206:0/689151199 --> [v2:172.20.5.207:6810/2386632775,v1:172.20.5.207:6811/2386632775] -- osd_op(unknown.0.0:38 113.7 113:e0000000::::head [pgnls start_epoch 10239742 in=39b] snapc 0=[] ondisk+read+ignore_overlay+known_if_redirected e10239742) v8 -- 0x7fc380047080 con 0x7fc380039920 -534>
2021-09-27T20:02:37.564+0000 7fc39506a700 1 -- 172.20.5.206:0/689151199 <== osd.5 v2:172.20.5.207:6810/2386632775 3 ==== osd_op_reply(38 [pgnls start_epoch 10239742 out=49b] v0'0 uv0 ondisk = 1) v8 ==== 144+0+49 (crc 0 0 0) 0x7fc388012040 con 0x7fc380039920 -533>
2021-09-27T20:02:37.565+0000 7fc39506a700 1 --2- 172.20.5.206:0/689151199 >> [v2:172.20.5.211:6801/1333896417,v1:172.20.5.211:6805/1333896417] conn(0x7fc3880533f0 0x7fc388053830 unknown :-1 s=NONE pgs=0 cs=0 l=1 rev1=0 rx=0 tx=0).connect -532>
2021-09-27T20:02:37.565+0000 7fc39506a700 1 -- 172.20.5.206:0/689151199 --> [v2:172.20.5.211:6801/1333896417,v1:172.20.5.211:6805/1333896417] -- osd_op(unknown.0.0:39 113.17 113:e8000000::::head [pgnls start_epoch 10239742 in=39b] snapc 0=[] ondisk+read+ignore_overlay+known_if_redirected e10239742) v8 -- 0x7fc380047080 con 0x7fc3880533f0 -531>
2021-09-27T20:02:37.565+0000 7fc38c869700 1 --2- 172.20.5.206:0/689151199 >> [v2:172.20.5.211:6801/1333896417,v1:172.20.5.211:6805/1333896417] conn(0x7fc3880533f0 0x7fc388053830 unknown :-1 s=BANNER_CONNECTING pgs=0 cs=0 l=1 rev1=0 rx=0 tx=0)._handle_peer_banner_payload supported=1 required=0 -530>
2021-09-27T20:02:37.565+0000 7fc38c869700 10 monclient: get_auth_request con 0x7fc3880533f0 auth_method 0 -529>
2021-09-27T20:02:37.566+0000 7fc38c869700 1 --2- 172.20.5.206:0/689151199 >> [v2:172.20.5.211:6801/1333896417,v1:172.20.5.211:6805/1333896417] conn(0x7fc3880533f0 0x7fc388053830 crc :-1 s=READY pgs=426 cs=0 l=1 rev1=1 rx=0 tx=0).ready entity=osd.15 client_cookie=0 server_cookie=0 in_seq=0 out_seq=0 -528>
2021-09-27T20:02:37.566+0000 7fc38c869700 1 -- 172.20.5.206:0/689151199 <== osd.15 v2:172.20.5.211:6801/1333896417 1 ==== osd_op_reply(39 [pgnls start_epoch 10239742 out=112b] v10239723'11 uv11 ondisk = 1) v8 ==== 144+0+112 (crc 0 0 0) 0x7fc380043040 con 0x7fc3880533f0 -527>
2021-09-27T20:02:37.566+0000 7fc38c869700 1 -- 172.20.5.206:0/689151199 --> [v2:172.20.5.206:6802/2451743310,v1:172.20.5.206:6803/2451743310] -- osd_op(unknown.0.0:40 113.f 113:f0000000::::head [pgnls start_epoch 10239742 in=39b] snapc 0=[] ondisk+read+ignore_overlay+known_if_redirected e10239742) v8 -- 0x7fc380047080 con 0x5579686ffef0 -526>
2021-09-27T20:02:37.567+0000 7fc39506a700 1 -- 172.20.5.206:0/689151199 <== osd.1 v2:172.20.5.206:6802/2451743310 3 ==== osd_op_reply(40 [pgnls start_epoch 10239742 out=80b] v10239734'28 uv28 ondisk = 1) v8 ==== 144+0+80 (crc 0 0 0) 0x7fc388012040 con 0x5579686ffef0 -525>
2021-09-27T20:02:37.567+0000 7fc39506a700 1 -- 172.20.5.206:0/689151199 --> [v2:172.20.5.206:6804/2964801198,v1:172.20.5.206:6806/2964801198] -- osd_op(unknown.0.0:41 113.1f 113:f8000000::::head [pgnls start_epoch 10239742 in=39b] snapc 0=[] ondisk+read+ignore_overlay+known_if_redirected e10239742) v8 -- 0x7fc380047080 con 0x7fc390028070 -524>
2021-09-27T20:02:37.567+0000 7fc39506a700 1 -- 172.20.5.206:0/689151199 <== osd.0 v2:172.20.5.206:6804/2964801198 5 ==== osd_op_reply(41 [pgnls start_epoch 10239742 out=49b] v0'0 uv0 ondisk = 1) v8 ==== 144+0+49 (crc 0 0 0) 0x7fc388012040 con 0x7fc390028070 -523>
2021-09-27T20:02:37.567+0000 7fc3a8cf7340 20 RGWRados::pool_iterate: got period_config.b0b0afe2-1669-4815-bbd9-ebab94a24e6c -522>
2021-09-27T20:02:37.567+0000 7fc3a8cf7340 20 RGWRados::pool_iterate: got period_config.4c8507d1-4ad8-4e3b-a9b9-4bc1d153991b -521>
2021-09-27T20:02:37.567+0000 7fc3a8cf7340 20 RGWRados::pool_iterate: got realms.b0b0afe2-1669-4815-bbd9-ebab94a24e6c.control -520>
2021-09-27T20:02:37.567+0000 7fc3a8cf7340 20 RGWRados::pool_iterate: got default.zone.b0b0afe2-1669-4815-bbd9-ebab94a24e6c -519>
2021-09-27T20:02:37.567+0000 7fc3a8cf7340 20 RGWRados::pool_iterate: got realms_names.testrealm -518>
2021-09-27T20:02:37.567+0000 7fc3a8cf7340 20 RGWRados::pool_iterate: got default.realm -517>
2021-09-27T20:02:37.567+0000 7fc3a8cf7340 20 RGWRados::pool_iterate: got default.zone.4c8507d1-4ad8-4e3b-a9b9-4bc1d153991b -516>
2021-09-27T20:02:37.567+0000 7fc3a8cf7340 20 RGWRados::pool_iterate: got periods.1e202ad3-fcaf-47d4-8c87-18413418b0a7.1 -515>
2021-09-27T20:02:37.567+0000 7fc3a8cf7340 20 RGWRados::pool_iterate: got zonegroups_names.testzonegroup -514>
2021-09-27T20:02:37.567+0000 7fc3a8cf7340 20 RGWRados::pool_iterate: got zone_info.ce459788-fd63-4a50-a52f-3563b517a4ab -513>
2021-09-27T20:02:37.567+0000 7fc3a8cf7340 20 RGWRados::pool_iterate: got default.zonegroup.b0b0afe2-1669-4815-bbd9-ebab94a24e6c -512>
2021-09-27T20:02:37.567+0000 7fc3a8cf7340 20 RGWRados::pool_iterate: got period_config.5cf6367d-3796-4452-9c21-e001c81da564 -511>
2021-09-27T20:02:37.567+0000 7fc3a8cf7340 20 RGWRados::pool_iterate: got realms.b0b0afe2-1669-4815-bbd9-ebab94a24e6c -510>
2021-09-27T20:02:37.567+0000 7fc3a8cf7340 20 RGWRados::pool_iterate: got periods.1e202ad3-fcaf-47d4-8c87-18413418b0a7.latest_epoch -509>
2021-09-27T20:02:37.567+0000 7fc3a8cf7340 20 RGWRados::pool_iterate: got zonegroup_info.6f512d0c-e22f-407e-83b6-19b5884a4c78 -508>
2021-09-27T20:02:37.567+0000 7fc3a8cf7340 20 RGWRados::pool_iterate: got zone_names.testzone -507>
2021-09-27T20:02:37.567+0000 7fc3a8cf7340 20 rados->read ofs=0 len=0 -506>
2021-09-27T20:02:37.567+0000 7fc3a8cf7340 1 -- 172.20.5.206:0/689151199 --> [v2:172.20.5.206:6802/2451743310,v1:172.20.5.206:6803/2451743310] -- osd_op(unknown.0.0:42 113.f 113:f43b6ece:::zone_names.default:head [read 0~0] snapc 0=[] ondisk+read+known_if_redirected e10239742) v8 -- 0x557968707790 con 0x5579686ffef0 -505>
2021-09-27T20:02:37.567+0000 7fc39506a700 1 -- 172.20.5.206:0/689151199 <== osd.1 v2:172.20.5.206:6802/2451743310 4 ==== osd_op_reply(42 zone_names.default [read 0~0] v0'0 uv0 ondisk = -2 ((2) No such file or directory)) v8 ==== 162+0+0 (crc 0 0 0) 0x7fc388012040 con 0x5579686ffef0 -504>
2021-09-27T20:02:37.567+0000 7fc3a8cf7340 20 rados_obj.operate() r=-2 bl.length=0 -503>
2021-09-27T20:02:37.567+0000 7fc3a8cf7340 20 rados->read ofs=0 len=0 -502>
2021-09-27T20:02:37.567+0000 7fc3a8cf7340 1 -- 172.20.5.206:0/689151199 --> [v2:172.20.5.206:6802/2451743310,v1:172.20.5.206:6803/2451743310] -- osd_op(unknown.0.0:43 113.f 113:f4c53578:::zonegroups_names.default:head [read 0~0] snapc 0=[] ondisk+read+known_if_redirected e10239742) v8 -- 0x557968707790 con 0x5579686ffef0 -501>
2021-09-27T20:02:37.567+0000 7fc39506a700 1 -- 172.20.5.206:0/689151199 <== osd.1 v2:172.20.5.206:6802/2451743310 5 ==== osd_op_reply(43 zonegroups_names.default [read 0~0] v0'0 uv0 ondisk = -2 ((2) No such file or directory)) v8 ==== 168+0+0 (crc 0 0 0) 0x7fc388012040 con 0x5579686ffef0 -500>
2021-09-27T20:02:37.567+0000 7fc3a8cf7340 20 rados_obj.operate() r=-2 bl.length=0 -499>
2021-09-27T20:02:37.567+0000 7fc3a8cf7340 20 rados->read ofs=0 len=0 -498>
2021-09-27T20:02:37.567+0000 7fc3a8cf7340 1 -- 172.20.5.206:0/689151199 --> [v2:172.20.5.207:6810/2386632775,v1:172.20.5.207:6811/2386632775] -- osd_op(unknown.0.0:44 113.3 113:c0ad8cbd:::region_map:head [read 0~0] snapc 0=[] ondisk+read+known_if_redirected e10239742) v8 -- 0x557968707790 con 0x7fc380039920 -497>
2021-09-27T20:02:37.568+0000 7fc39506a700 1 -- 172.20.5.206:0/689151199 <== osd.5 v2:172.20.5.207:6810/2386632775 4 ==== osd_op_reply(44 region_map [read 0~0] v0'0 uv0 ondisk = -2 ((2) No such file or directory)) v8 ==== 154+0+0 (crc 0 0 0) 0x7fc388012040 con 0x7fc380039920 -496>
2021-09-27T20:02:37.568+0000 7fc3a8cf7340 20 rados_obj.operate() r=-2 bl.length=0 -495>
2021-09-27T20:02:37.568+0000 7fc3a8cf7340 20 rados->read ofs=0 len=0 -494>
2021-09-27T20:02:37.568+0000 7fc3a8cf7340 1 -- 172.20.5.206:0/689151199 --> [v2:172.20.5.208:6810/2779989345,v1:172.20.5.208:6811/2779989345] -- osd_op(unknown.0.0:45 113.12 113:49953fa1:::default.realm:head [read 0~0] snapc 0=[] ondisk+read+known_if_redirected e10239742) v8 -- 0x557968707790 con 0x5579686f21b0 -493>
2021-09-27T20:02:37.568+0000 7fc38c869700 1 -- 172.20.5.206:0/689151199 <== osd.8 v2:172.20.5.208:6810/2779989345 5 ==== osd_op_reply(45 default.realm [read 0~46 out=46b] v0'0 uv40 ondisk = 0) v8 ==== 157+0+46 (crc 0 0 0) 0x7fc380043040 con 0x5579686f21b0 -492>
2021-09-27T20:02:37.568+0000 7fc3a8cf7340 20 rados_obj.operate() r=0 bl.length=46 -491>
2021-09-27T20:02:37.568+0000 7fc3a8cf7340 20 rados->read ofs=0 len=0 -490>
2021-09-27T20:02:37.568+0000 7fc3a8cf7340 1 -- 172.20.5.206:0/689151199 --> [v2:172.20.5.210:6809/2441443141,v1:172.20.5.210:6811/2441443141] -- osd_op(unknown.0.0:46 113.5 113:a5c7b007:::realms.b0b0afe2-1669-4815-bbd9-ebab94a24e6c:head [read 0~0] snapc 0=[] ondisk+read+known_if_redirected e10239742) v8 -- 0x557968706d40 con 0x5579686f5990 -489>
2021-09-27T20:02:37.569+0000 7fc39506a700 1 -- 172.20.5.206:0/689151199 <== osd.12 v2:172.20.5.210:6809/2441443141 8 ==== osd_op_reply(46 realms.b0b0afe2-1669-4815-bbd9-ebab94a24e6c [read 0~109 out=109b] v0'0 uv37 ondisk = 0) v8 ==== 187+0+109 (crc 0 0 0) 0x7fc388012040 con 0x5579686f5990 -488>
2021-09-27T20:02:37.569+0000 7fc3a8cf7340 20 rados_obj.operate() r=0 bl.length=109 -487>
2021-09-27T20:02:37.569+0000 7fc3a8cf7340 20 rados->read ofs=0 len=0 -486>
2021-09-27T20:02:37.569+0000 7fc3a8cf7340 1 -- 172.20.5.206:0/689151199 --> [v2:172.20.5.210:6809/2441443141,v1:172.20.5.210:6811/2441443141] -- osd_op(unknown.0.0:47 113.1e 113:7d69acba:::default.zonegroup.b0b0afe2-1669-4815-bbd9-ebab94a24e6c:head [read 0~0] snapc 0=[] ondisk+read+known_if_redirected e10239742) v8 -- 0x557968706d40 con 0x5579686f5990 -485>
2021-09-27T20:02:37.570+0000 7fc39506a700 1 -- 172.20.5.206:0/689151199 <== osd.12 v2:172.20.5.210:6809/2441443141 9 ==== osd_op_reply(47 default.zonegroup.b0b0afe2-1669-4815-bbd9-ebab94a24e6c [read 0~46 out=46b] v0'0 uv3 ondisk = 0) v8 ==== 198+0+46 (crc 0 0 0) 0x7fc388012040 con 0x5579686f5990 -484>
2021-09-27T20:02:37.570+0000 7fc3a8cf7340 20 rados_obj.operate() r=0 bl.length=46 -483>
2021-09-27T20:02:37.570+0000 7fc3a8cf7340 20 rados->read ofs=0 len=0 -482>
2021-09-27T20:02:37.570+0000 7fc3a8cf7340 1 -- 172.20.5.206:0/689151199 --> [v2:172.20.5.211:6801/1333896417,v1:172.20.5.211:6805/1333896417] -- osd_op(unknown.0.0:48 113.17 113:eb9221e2:::zonegroup_info.6f512d0c-e22f-407e-83b6-19b5884a4c78:head [read 0~0] snapc 0=[] ondisk+read+known_if_redirected e10239742) v8 -- 0x557968707190 con 0x7fc3880533f0 -481>
2021-09-27T20:02:37.570+0000 7fc38c869700 1 -- 172.20.5.206:0/689151199 <== osd.15 v2:172.20.5.211:6801/1333896417 2 ==== osd_op_reply(48 zonegroup_info.6f512d0c-e22f-407e-83b6-19b5884a4c78 [read 0~465 out=465b] v0'0 uv11 ondisk = 0) v8 ==== 195+0+465 (crc 0 0 0) 0x7fc380043040 con 0x7fc3880533f0 -480>
2021-09-27T20:02:37.570+0000 7fc3a8cf7340 20 rados_obj.operate() r=0 bl.length=465 -479>
2021-09-27T20:02:37.570+0000 7fc3a8cf7340 20 period zonegroup init ret 0 -478>
2021-09-27T20:02:37.570+0000 7fc3a8cf7340 20 period zonegroup name testzonegroup -477>
2021-09-27T20:02:37.570+0000 7fc3a8cf7340 10 Cannot find current period zone using local zone -476>
2021-09-27T20:02:37.570+0000 7fc3a8cf7340 20 rados->read ofs=0 len=0 -475>
2021-09-27T20:02:37.570+0000 7fc3a8cf7340 1 -- 172.20.5.206:0/689151199 --> [v2:172.20.5.208:6810/2779989345,v1:172.20.5.208:6811/2779989345] -- osd_op(unknown.0.0:49 113.12 113:49953fa1:::default.realm:head [read 0~0] snapc 0=[] ondisk+read+known_if_redirected e10239742) v8 -- 0x557968706d40 con 0x5579686f21b0 -474>
2021-09-27T20:02:37.571+0000 7fc38c869700 1 -- 172.20.5.206:0/689151199 <== osd.8 v2:172.20.5.208:6810/2779989345 6 ==== osd_op_reply(49 default.realm [read 0~46 out=46b] v0'0 uv40 ondisk = 0) v8 ==== 157+0+46 (crc 0 0 0) 0x7fc380043040 con 0x5579686f21b0 -473>
2021-09-27T20:02:37.571+0000 7fc3a8cf7340 20 rados_obj.operate() r=0 bl.length=46 -472>
2021-09-27T20:02:37.571+0000 7fc3a8cf7340 20 rados->read ofs=0 len=0 -471>
2021-09-27T20:02:37.571+0000 7fc3a8cf7340 1 -- 172.20.5.206:0/689151199 --> [v2:172.20.5.210:6809/2441443141,v1:172.20.5.210:6811/2441443141] -- osd_op(unknown.0.0:50 113.5 113:a5c7b007:::realms.b0b0afe2-1669-4815-bbd9-ebab94a24e6c:head [read 0~0] snapc 0=[] ondisk+read+known_if_redirected e10239742) v8 -- 0x55796870b4b0 con 0x5579686f5990 -470>
2021-09-27T20:02:37.571+0000 7fc39506a700 1 -- 172.20.5.206:0/689151199 <== osd.12 v2:172.20.5.210:6809/2441443141 10 ==== osd_op_reply(50 realms.b0b0afe2-1669-4815-bbd9-ebab94a24e6c [read 0~109 out=109b] v0'0 uv37 ondisk = 0) v8 ==== 187+0+109 (crc 0 0 0) 0x7fc388012040 con 0x5579686f5990 -469>
2021-09-27T20:02:37.571+0000 7fc3a8cf7340 20 rados_obj.operate() r=0 bl.length=109 -468>
2021-09-27T20:02:37.571+0000 7fc3a8cf7340 20 rados->read ofs=0 len=0 -467>
2021-09-27T20:02:37.571+0000 7fc3a8cf7340 1 -- 172.20.5.206:0/689151199 --> [v2:172.20.5.206:6804/2964801198,v1:172.20.5.206:6806/2964801198] -- osd_op(unknown.0.0:51 113.1c 113:3c4c3c02:::default.zone.b0b0afe2-1669-4815-bbd9-ebab94a24e6c:head [read 0~0] snapc 0=[] ondisk+read+known_if_redirected e10239742) v8 -- 0x55796870b4b0 con 0x7fc390028070 -466>
2021-09-27T20:02:37.571+0000 7fc39506a700 1 -- 172.20.5.206:0/689151199 <== osd.0 v2:172.20.5.206:6804/2964801198 6 ==== osd_op_reply(51 default.zone.b0b0afe2-1669-4815-bbd9-ebab94a24e6c [read 0~46 out=46b] v0'0 uv11 ondisk = 0) v8 ==== 193+0+46 (crc 0 0 0) 0x7fc388012040 con 0x7fc390028070 -465>
2021-09-27T20:02:37.571+0000 7fc3a8cf7340 20 rados_obj.operate() r=0 bl.length=46 -464>
2021-09-27T20:02:37.571+0000 7fc3a8cf7340 20 rados->read ofs=0 len=0 -463>
2021-09-27T20:02:37.571+0000 7fc3a8cf7340 1 -- 172.20.5.206:0/689151199 --> [v2:172.20.5.207:6818/1412066196,v1:172.20.5.207:6819/1412066196] -- osd_op(unknown.0.0:52 113.e 113:7224dcee:::zone_info.ce459788-fd63-4a50-a52f-3563b517a4ab:head [read 0~0] snapc 0=[] ondisk+read+known_if_redirected e10239742) v8 -- 0x55796870b4b0 con 0x7fc38802c400 -462>
2021-09-27T20:02:37.572+0000 7fc38c869700 1 -- 172.20.5.206:0/689151199 <== osd.3 v2:172.20.5.207:6818/1412066196 2 ==== osd_op_reply(52 zone_info.ce459788-fd63-4a50-a52f-3563b517a4ab [read 0~930 out=930b] v0'0 uv5 ondisk = 0) v8 ==== 190+0+930 (crc 0 0 0) 0x7fc380043040 con 0x7fc38802c400 -461>
2021-09-27T20:02:37.572+0000 7fc3a8cf7340 20 rados_obj.operate() r=0 bl.length=930 -460>
2021-09-27T20:02:37.572+0000 7fc3a8cf7340 20 zone testzone found -459>
2021-09-27T20:02:37.572+0000 7fc3a8cf7340 20 rados->read ofs=0 len=0 -458>
2021-09-27T20:02:37.572+0000 7fc3a8cf7340 1 -- 172.20.5.206:0/689151199 --> [v2:172.20.5.208:6818/549835457,v1:172.20.5.208:6819/549835457] -- osd_op(unknown.0.0:53 130.2 130:4347d321:::bucket.sync-source-hints.:head [call version.read in=11b,read 0~0] snapc 0=[] ondisk+read+known_if_redirected e10239742) v8 -- 0x7fc38005a000 con 0x7fc380008040 -457>
2021-09-27T20:02:37.572+0000 7fc38c869700 1 -- 172.20.5.206:0/689151199 <== osd.6 v2:172.20.5.208:6818/549835457 2 ==== osd_op_reply(53 bucket.sync-source-hints. [call,read 0~0] v0'0 uv0 ondisk = -2 ((2) No such file or directory)) v8 ==== 211+0+0 (crc 0 0 0) 0x7fc380043040 con 0x7fc380008040 -456>
2021-09-27T20:02:37.572+0000 7fc3a8cf7340 20 rados_obj.operate() r=-2 bl.length=0 -455>
2021-09-27T20:02:37.572+0000 7fc3a8cf7340 20 rados->read ofs=0 len=0 -454>
2021-09-27T20:02:37.572+0000 7fc3a8cf7340 1 -- 172.20.5.206:0/689151199 --> [v2:172.20.5.209:6802/135607544,v1:172.20.5.209:6803/135607544] -- osd_op(unknown.0.0:54 130.b 130:d467b91b:::bucket.sync-target-hints.:head [call version.read in=11b,read 0~0] snapc 0=[] ondisk+read+known_if_redirected e10239742) v8 -- 0x55796870d3d0 con 0x7fc380035400 -453>
2021-09-27T20:02:37.573+0000 7fc39586b700 1 -- 172.20.5.206:0/689151199 <== osd.10 v2:172.20.5.209:6802/135607544 3 ==== osd_op_reply(54 bucket.sync-target-hints. [call,read 0~0] v0'0 uv0 ondisk = -2 ((2) No such file or directory)) v8 ==== 211+0+0 (crc 0 0 0) 0x7fc39002e020 con 0x7fc380035400 -452>
2021-09-27T20:02:37.573+0000 7fc3a8cf7340 20 rados_obj.operate() r=-2 bl.length=0 -451>
2021-09-27T20:02:37.573+0000 7fc3a8cf7340 20 started sync module instance, tier type = -450>
2021-09-27T20:02:37.573+0000 7fc3a8cf7340 20 started zone id=ce459788-fd63-4a50-a52f-3563b517a4ab (name=testzone) with tier type = -449>
2021-09-27T20:02:37.573+0000 7fc3a8cf7340 1 -- 172.20.5.206:0/689151199 --> [v2:172.20.5.211:6803/632375035,v1:172.20.5.211:6806/632375035] -- osd_op(unknown.0.0:55 131.1f 131:f95f44c2:::notify.0:head [create] snapc 0=[] ondisk+write+known_if_redirected e10239742) v8 -- 0x55796870cb50 con 0x7fc388038900 -448>
2021-09-27T20:02:37.575+0000 7fc39586b700 1 -- 172.20.5.206:0/689151199 <== osd.17 v2:172.20.5.211:6803/632375035 2 ==== osd_op_reply(55 notify.0 [create] v10239742'40 uv40 ondisk = 0) v8 ==== 152+0+0 (crc 0 0 0) 0x7fc39002e020 con 0x7fc388038900 -447>
2021-09-27T20:02:37.575+0000 7fc3a8cf7340 1 -- 172.20.5.206:0/689151199 --> [v2:172.20.5.211:6803/632375035,v1:172.20.5.211:6806/632375035] -- osd_op(unknown.0.0:56 131.1f 131:f95f44c2:::notify.0:head [watch watch cookie 93979931625056] snapc 0=[] ondisk+write+known_if_redirected e10239742) v8 -- 0x55796870dcc0 con 0x7fc388038900 -446>
2021-09-27T20:02:37.575+0000 7fc3a8cf7340 1 -- 172.20.5.206:0/689151199 --> [v2:172.20.5.211:6801/1333896417,v1:172.20.5.211:6805/1333896417] -- osd_op(unknown.0.0:57 131.0 131:05bf5b68:::notify.1:head [create] snapc 0=[] ondisk+write+known_if_redirected e10239742) v8 -- 0x55796870e6d0 con 0x7fc3880533f0 -445>
2021-09-27T20:02:37.577+0000 7fc39586b700 1 -- 172.20.5.206:0/689151199 <== osd.17 v2:172.20.5.211:6803/632375035 3 ==== osd_op_reply(56 notify.0 [watch watch cookie 93979931625056] v10239742'41 uv40 ondisk = 0) v8 ==== 152+0+0 (crc 0 0 0) 0x7fc39002e020 con 0x7fc388038900 -444>
2021-09-27T20:02:37.577+0000 7fc38c869700 1 -- 172.20.5.206:0/689151199 <== osd.15 v2:172.20.5.211:6801/1333896417 3 ==== osd_op_reply(57 notify.1 [create] v10239742'40 uv40 ondisk = 0) v8 ==== 152+0+0 (crc 0 0 0) 0x7fc380043040 con 0x7fc3880533f0 -443>
2021-09-27T20:02:37.578+0000 7fc3a8cf7340 1 -- 172.20.5.206:0/689151199 --> [v2:172.20.5.211:6801/1333896417,v1:172.20.5.211:6805/1333896417] -- osd_op(unknown.0.0:58 131.0 131:05bf5b68:::notify.1:head [watch watch cookie 93979931632096] snapc 0=[] ondisk+write+known_if_redirected e10239742) v8 -- 0x55796870e630 con 0x7fc3880533f0 -442>
2021-09-27T20:02:37.578+0000 7fc3a8cf7340 1 -- 172.20.5.206:0/689151199 --> [v2:172.20.5.210:6809/2441443141,v1:172.20.5.210:6811/2441443141] -- osd_op(unknown.0.0:59 131.15 131:a93a5511:::notify.2:head [create] snapc 0=[] ondisk+write+known_if_redirected e10239742) v8 -- 0x55796870e630 con 0x5579686f5990 -441>
2021-09-27T20:02:37.580+0000 7fc39506a700 1 -- 172.20.5.206:0/689151199 <== osd.12 v2:172.20.5.210:6809/2441443141 11 ==== osd_op_reply(59 notify.2 [create] v10239742'40 uv40 ondisk = 0) v8 ==== 152+0+0 (crc 0 0 0) 0x7fc388012040 con 0x5579686f5990 -440>
2021-09-27T20:02:37.580+0000 7fc38c869700 1 -- 172.20.5.206:0/689151199 <== osd.15 v2:172.20.5.211:6801/1333896417 4 ==== osd_op_reply(58 notify.1 [watch watch cookie 93979931632096] v10239742'41 uv40 ondisk = 0) v8 ==== 152+0+0 (crc 0 0 0) 0x7fc380043040 con 0x7fc3880533f0 -439>
2021-09-27T20:02:37.580+0000 7fc3a8cf7340 1 -- 172.20.5.206:0/689151199 --> [v2:172.20.5.210:6809/2441443141,v1:172.20.5.210:6811/2441443141] -- osd_op(unknown.0.0:60 131.15 131:a93a5511:::notify.2:head [watch watch cookie 93979931634384] snapc 0=[] ondisk+write+known_if_redirected e10239742) v8 -- 0x55796870f410 con 0x5579686f5990 -438>
2021-09-27T20:02:37.580+0000 7fc3a8cf7340 1 -- 172.20.5.206:0/689151199 --> [v2:172.20.5.209:6818/1648769461,v1:172.20.5.209:6819/1648769461] -- osd_op(unknown.0.0:61 131.e 131:7759931f:::notify.3:head [create] snapc 0=[] ondisk+write+known_if_redirected e10239742) v8 -- 0x55796870fe20 con 0x5579686f9410 -437>
2021-09-27T20:02:37.582+0000 7fc38c869700 1 -- 172.20.5.206:0/689151199 <== osd.11 v2:172.20.5.209:6818/1648769461 5 ==== osd_op_reply(61 notify.3 [create] v10239742'40 uv40 ondisk = 0) v8 ==== 152+0+0 (crc 0 0 0) 0x7fc380043040 con 0x5579686f9410 -436>
2021-09-27T20:02:37.582+0000 7fc39506a700 1 -- 172.20.5.206:0/689151199 <== osd.12 v2:172.20.5.210:6809/2441443141 12 ==== osd_op_reply(60 notify.2 [watch watch cookie 93979931634384] v10239742'41 uv40 ondisk = 0) v8 ==== 152+0+0 (crc 0 0 0) 0x7fc388012040 con 0x5579686f5990 -435>
2021-09-27T20:02:37.582+0000 7fc3a8cf7340 1 -- 172.20.5.206:0/689151199 --> [v2:172.20.5.209:6818/1648769461,v1:172.20.5.209:6819/1648769461] -- osd_op(unknown.0.0:62 131.e 131:7759931f:::notify.3:head [watch watch cookie 93979931635776] snapc 0=[] ondisk+write+known_if_redirected e10239742) v8 -- 0x55796870fe20 con 0x5579686f9410 -434>
2021-09-27T20:02:37.582+0000 7fc3a8cf7340 1 -- 172.20.5.206:0/689151199 --> [v2:172.20.5.206:6804/2964801198,v1:172.20.5.206:6806/2964801198] -- osd_op(unknown.0.0:63 131.d 131:b4812045:::notify.4:head [create] snapc 0=[] ondisk+write+known_if_redirected e10239742) v8 -- 0x557968710880 con 0x7fc390028070 -433>
2021-09-27T20:02:37.584+0000 7fc39506a700 1 -- 172.20.5.206:0/689151199 <== osd.0 v2:172.20.5.206:6804/2964801198 7 ==== osd_op_reply(63 notify.4 [create] v10239742'40 uv40 ondisk = 0) v8 ==== 152+0+0 (crc 0 0 0) 0x7fc388012040 con 0x7fc390028070 -432>
2021-09-27T20:02:37.584+0000 7fc38c869700 1 -- 172.20.5.206:0/689151199 <== osd.11 v2:172.20.5.209:6818/1648769461 6 ==== osd_op_reply(62 notify.3 [watch watch cookie 93979931635776] v10239742'41 uv40 ondisk = 0) v8 ==== 152+0+0 (crc 0 0 0) 0x7fc380043040 con 0x5579686f9410 -431>
2021-09-27T20:02:37.584+0000 7fc3a8cf7340 1 -- 172.20.5.206:0/689151199 --> [v2:172.20.5.206:6804/2964801198,v1:172.20.5.206:6806/2964801198] -- osd_op(unknown.0.0:64 131.d 131:b4812045:::notify.4:head [watch watch cookie 93979931640720] snapc 0=[] ondisk+write+known_if_redirected e10239742) v8 -- 0x5579687107e0 con 0x7fc390028070 -430>
2021-09-27T20:02:37.584+0000 7fc3a8cf7340 1 -- 172.20.5.206:0/689151199 --> [v2:172.20.5.207:6810/2386632775,v1:172.20.5.207:6811/2386632775] -- osd_op(unknown.0.0:65 131.3 131:c609908c:::notify.5:head [create] snapc 0=[] ondisk+write+known_if_redirected e10239742) v8 -- 0x5579687111f0 con 0x7fc380039920 -429>
2021-09-27T20:02:37.586+0000 7fc39506a700 1 -- 172.20.5.206:0/689151199 <== osd.0 v2:172.20.5.206:6804/2964801198 8 ==== osd_op_reply(64 notify.4 [watch watch cookie 93979931640720] v10239742'41 uv40 ondisk = 0) v8 ==== 152+0+0 (crc 0 0 0) 0x7fc388012040 con 0x7fc390028070 -428>
2021-09-27T20:02:37.586+0000 7fc39506a700 1 -- 172.20.5.206:0/689151199 <== osd.5 v2:172.20.5.207:6810/2386632775 5 ==== osd_op_reply(65 notify.5 [create] v10239742'40 uv40 ondisk = 0) v8 ==== 152+0+0 (crc 0 0 0) 0x7fc388012040 con 0x7fc380039920 -427>
2021-09-27T20:02:37.586+0000 7fc3a8cf7340 1 -- 172.20.5.206:0/689151199 --> [v2:172.20.5.207:6810/2386632775,v1:172.20.5.207:6811/2386632775] -- osd_op(unknown.0.0:66 131.3 131:c609908c:::notify.5:head [watch watch cookie 93979931638064] snapc 0=[] ondisk+write+known_if_redirected e10239742) v8 -- 0x5579687111f0 con 0x7fc380039920 -426>
2021-09-27T20:02:37.587+0000 7fc3a8cf7340 1 -- 172.20.5.206:0/689151199 --> [v2:172.20.5.209:6818/1648769461,v1:172.20.5.209:6819/1648769461] -- osd_op(unknown.0.0:67 131.14 131:2b04a3e9:::notify.6:head [create] snapc 0=[] ondisk+write+known_if_redirected e10239742) v8 -- 0x557968711a90 con 0x5579686f9410 -425>
2021-09-27T20:02:37.588+0000 7fc39506a700 1 -- 172.20.5.206:0/689151199 <== osd.5 v2:172.20.5.207:6810/2386632775 6 ==== osd_op_reply(66 notify.5 [watch watch cookie 93979931638064] v10239742'41 uv40 ondisk = 0) v8 ==== 152+0+0 (crc 0 0 0) 0x7fc388012040 con 0x7fc380039920 -424>
2021-09-27T20:02:37.588+0000 7fc38c869700 1 -- 172.20.5.206:0/689151199 <== osd.11 v2:172.20.5.209:6818/1648769461 7 ==== osd_op_reply(67 notify.6 [create] v10239742'40 uv40 ondisk = 0) v8 ==== 152+0+0 (crc 0 0 0) 0x7fc380043040 con 0x5579686f9410 -423>
2021-09-27T20:02:37.589+0000 7fc3a8cf7340 1 -- 172.20.5.206:0/689151199 --> [v2:172.20.5.209:6818/1648769461,v1:172.20.5.209:6819/1648769461] -- osd_op(unknown.0.0:68 131.14 131:2b04a3e9:::notify.6:head [watch watch cookie 93979931643696] snapc 0=[] ondisk+write+known_if_redirected e10239742) v8 -- 0x557968711870 con 0x5579686f9410 -422>
2021-09-27T20:02:37.589+0000 7fc3a8cf7340 1 -- 172.20.5.206:0/689151199 --> [v2:172.20.5.209:6804/2116853274,v1:172.20.5.209:6805/2116853274] -- osd_op(unknown.0.0:69 131.9 131:93e5b521:::notify.7:head [create] snapc 0=[] ondisk+write+known_if_redirected e10239742) v8 -- 0x5579687124f0 con 0x557968703f70 -421>
2021-09-27T20:02:37.591+0000 7fc38c869700 1 -- 172.20.5.206:0/689151199 <== osd.9 v2:172.20.5.209:6804/2116853274 4 ==== osd_op_reply(69 notify.7 [create] v10239742'40 uv40 ondisk = 0) v8 ==== 152+0+0 (crc 0 0 0) 0x7fc380043040 con 0x557968703f70 -420>
2021-09-27T20:02:37.591+0000 7fc38c869700 1 -- 172.20.5.206:0/689151199 <== osd.11 v2:172.20.5.209:6818/1648769461 8 ==== osd_op_reply(68 notify.6 [watch watch cookie 93979931643696] v10239742'41 uv40 ondisk = 0) v8 ==== 152+0+0 (crc 0 0 0) 0x7fc380043040 con 0x5579686f9410 -419>
2021-09-27T20:02:37.591+0000 7fc3a8cf7340 1 -- 172.20.5.206:0/689151199 --> [v2:172.20.5.209:6804/2116853274,v1:172.20.5.209:6805/2116853274] -- osd_op(unknown.0.0:70 131.9 131:93e5b521:::notify.7:head [watch watch cookie 93979931645360] snapc 0=[] ondisk+write+known_if_redirected e10239742) v8 -- 0x5579687124f0 con 0x557968703f70 -418>
2021-09-27T20:02:37.591+0000 7fc3a8cf7340 20 add_watcher() i=0 -417>
2021-09-27T20:02:37.591+0000 7fc3a8cf7340 20 add_watcher() i=1 -416>
2021-09-27T20:02:37.591+0000 7fc3a8cf7340 20 add_watcher() i=2 -415>
2021-09-27T20:02:37.591+0000 7fc3a8cf7340 20 add_watcher() i=3 -414>
2021-09-27T20:02:37.591+0000 7fc3a8cf7340 20 add_watcher() i=4 -413>
2021-09-27T20:02:37.591+0000 7fc3a8cf7340 20 add_watcher() i=5 -412>
2021-09-27T20:02:37.591+0000 7fc3a8cf7340 20 add_watcher() i=6 -411>
2021-09-27T20:02:37.593+0000 7fc38c869700 1 -- 172.20.5.206:0/689151199 <== osd.9 v2:172.20.5.209:6804/2116853274 5 ==== osd_op_reply(70 notify.7 [watch watch cookie 93979931645360] v10239742'41 uv40 ondisk = 0) v8 ==== 152+0+0 (crc 0 0 0) 0x7fc380043040 con 0x557968703f70 -410>
2021-09-27T20:02:37.593+0000 7fc3a8cf7340 20 add_watcher() i=7 -409>
2021-09-27T20:02:37.593+0000 7fc3a8cf7340 2 all 8 watchers are set, enabling cache -408>
2021-09-27T20:02:37.593+0000 7fc3a8cf7340 1 --2- 172.20.5.206:0/689151199 >> [v2:172.20.5.207:6802/2782741247,v1:172.20.5.207:6803/2782741247] conn(0x557968715d30 0x5579687181b0 unknown :-1 s=NONE pgs=0 cs=0 l=1 rev1=0 rx=0 tx=0).connect -407>
2021-09-27T20:02:37.593+0000 7fc3a8cf7340 1 -- 172.20.5.206:0/689151199 --> [v2:172.20.5.207:6802/2782741247,v1:172.20.5.207:6803/2782741247] -- osd_op(unknown.0.0:71 130.4 130:22d26bf9:::data_loggenerations_metadata:head [call version.check_conds in=74b,call version.read in=11b,read 0~0] snapc 0=[] ondisk+read+known_if_redirected e10239742) v8 -- 0x557968718830 con 0x557968715d30 -406>
2021-09-27T20:02:37.594+0000 7fc39586b700 1 --2- 172.20.5.206:0/689151199 >> [v2:172.20.5.207:6802/2782741247,v1:172.20.5.207:6803/2782741247] conn(0x557968715d30 0x5579687181b0 unknown :-1 s=BANNER_CONNECTING pgs=0 cs=0 l=1 rev1=0 rx=0 tx=0)._handle_peer_banner_payload supported=1 required=0 -405>
2021-09-27T20:02:37.594+0000 7fc39586b700 10 monclient: get_auth_request con 0x557968715d30 auth_method 0 -404>
2021-09-27T20:02:37.594+0000 7fc39586b700 1 --2- 172.20.5.206:0/689151199 >> [v2:172.20.5.207:6802/2782741247,v1:172.20.5.207:6803/2782741247] conn(0x557968715d30 0x5579687181b0 crc :-1 s=READY pgs=606 cs=0 l=1 rev1=1 rx=0 tx=0).ready entity=osd.4 client_cookie=0 server_cookie=0 in_seq=0 out_seq=0 -403>
2021-09-27T20:02:37.594+0000 7fc39586b700 1 -- 172.20.5.206:0/689151199 <== osd.4 v2:172.20.5.207:6802/2782741247 1 ==== osd_op_reply(71 data_loggenerations_metadata [call,call out=48b,read 0~28 out=28b] v0'0 uv1 ondisk = 0) v8 ==== 256+0+76 (crc 0 0 0) 0x7fc39002e020 con 0x557968715d30 -402>
2021-09-27T20:02:37.595+0000 7fc3a8cf7340 1 -- 172.20.5.206:0/689151199 --> [v2:172.20.5.207:6802/2782741247,v1:172.20.5.207:6803/2782741247] -- osd_op(unknown.0.0:72 130.4 130:22d26bf9:::data_loggenerations_metadata:head [watch watch cookie 93979931648368] snapc 0=[] ondisk+write+known_if_redirected e10239742) v8 -- 0x557968712c70 con 0x557968715d30 -401>
2021-09-27T20:02:37.596+0000 7fc39586b700 1 -- 172.20.5.206:0/689151199 <== osd.4 v2:172.20.5.207:6802/2782741247 2 ==== osd_op_reply(72 data_loggenerations_metadata [watch watch cookie 93979931648368] v10239742'67 uv1 ondisk = 0) v8 ==== 172+0+0 (crc 0 0 0) 0x7fc39002e020 con 0x557968715d30 -400>
2021-09-27T20:02:37.596+0000 7fc3a8cf7340 5 AuthRegistry(0x7fff6d1f9370) adding auth protocol: cephx -399>
2021-09-27T20:02:37.596+0000 7fc3a8cf7340 5 AuthRegistry(0x7fff6d1f9370) adding auth protocol: cephx -398>
2021-09-27T20:02:37.596+0000 7fc3a8cf7340 5 AuthRegistry(0x7fff6d1f9370) adding auth protocol: cephx -397>
2021-09-27T20:02:37.596+0000 7fc3a8cf7340 5 AuthRegistry(0x7fff6d1f9370) adding auth protocol: none -396>
2021-09-27T20:02:37.596+0000 7fc3a8cf7340 5 AuthRegistry(0x7fff6d1f9370) adding con mode: secure -395>
2021-09-27T20:02:37.596+0000 7fc3a8cf7340 5 AuthRegistry(0x7fff6d1f9370) adding con mode: crc -394>
2021-09-27T20:02:37.596+0000 7fc3a8cf7340 5 AuthRegistry(0x7fff6d1f9370) adding con mode: secure -393>
2021-09-27T20:02:37.596+0000 7fc3a8cf7340 5 AuthRegistry(0x7fff6d1f9370) adding con mode: crc -392>
2021-09-27T20:02:37.596+0000 7fc3a8cf7340 5 AuthRegistry(0x7fff6d1f9370) adding con mode: secure -391>
2021-09-27T20:02:37.596+0000 7fc3a8cf7340 5 AuthRegistry(0x7fff6d1f9370) adding con mode: crc -390>
2021-09-27T20:02:37.596+0000 7fc3a8cf7340 5 AuthRegistry(0x7fff6d1f9370) adding con mode: crc -389>
2021-09-27T20:02:37.596+0000 7fc3a8cf7340 5 AuthRegistry(0x7fff6d1f9370) adding con mode: secure -388>
2021-09-27T20:02:37.596+0000 7fc3a8cf7340 5 AuthRegistry(0x7fff6d1f9370) adding con mode: crc -387>
2021-09-27T20:02:37.596+0000 7fc3a8cf7340 5 AuthRegistry(0x7fff6d1f9370) adding con mode: secure -386>
2021-09-27T20:02:37.596+0000 7fc3a8cf7340 5 AuthRegistry(0x7fff6d1f9370) adding con mode: crc -385>
2021-09-27T20:02:37.596+0000 7fc3a8cf7340 5 AuthRegistry(0x7fff6d1f9370) adding con mode: secure -384>
2021-09-27T20:02:37.596+0000 7fc36afe5700 2 rgw data changes log: RGWDataChangesLog::ChangesRenewThread: start -383>
2021-09-27T20:02:37.597+0000 7fc3a8cf7340 2 auth: KeyRing::load: loaded key file /etc/ceph/ceph.keyring -382>
2021-09-27T20:02:37.597+0000 7fc3a8cf7340 20 check_secure_mon_conn(): auth registy supported: methods=[2,1] modes=[2,1] -381>
2021-09-27T20:02:37.597+0000 7fc3a8cf7340 20 check_secure_mon_conn(): method 1 is insecure -380>
2021-09-27T20:02:37.597+0000 7fc3a8cf7340 5 asok(0x5579685a9a00) register_command cache list hook 0x557968624300 -379>
2021-09-27T20:02:37.597+0000 7fc3a8cf7340 5 asok(0x5579685a9a00) register_command cache inspect hook 0x557968624300 -378>
2021-09-27T20:02:37.597+0000 7fc3a8cf7340 5 asok(0x5579685a9a00) register_command cache erase hook 0x557968624300 -377>
2021-09-27T20:02:37.597+0000 7fc3a8cf7340 5 asok(0x5579685a9a00) register_command cache zap hook 0x557968624300 -376>
2021-09-27T20:02:37.597+0000 7fc3a8cf7340 10 monclient: get_monmap_and_config -375>
2021-09-27T20:02:37.597+0000 7fc3a8cf7340 10 monclient: build_initial_monmap -374>
2021-09-27T20:02:37.597+0000 7fc3a8cf7340 10 monclient: monmap: epoch 0 fsid 00000000-0000-0000-0000-000000000000 last_changed 0.000000 created 0.000000 min_mon_release 0 (unknown) election_strategy: 1 0: [v2:172.20.5.206:3300/0,v1:172.20.5.206:6789/0] mon.noname-a 1: [v2:172.20.5.207:3300/0,v1:172.20.5.207:6789/0] mon.noname-b 2: [v2:172.20.5.208:3300/0,v1:172.20.5.208:6789/0] mon.noname-c -373>
2021-09-27T20:02:37.597+0000 7fc3a8cf7340 5 AuthRegistry(0x55796871c840) adding auth protocol: cephx -372>
2021-09-27T20:02:37.597+0000 7fc3a8cf7340 5 AuthRegistry(0x55796871c840) adding auth protocol: cephx -371>
2021-09-27T20:02:37.597+0000 7fc3a8cf7340 5 AuthRegistry(0x55796871c840) adding auth protocol: cephx -370>
2021-09-27T20:02:37.597+0000 7fc3a8cf7340 5 AuthRegistry(0x55796871c840) adding auth protocol: none -369>
2021-09-27T20:02:37.597+0000 7fc3a8cf7340 5 AuthRegistry(0x55796871c840) adding con mode: secure -368>
2021-09-27T20:02:37.597+0000 7fc3a8cf7340 5 AuthRegistry(0x55796871c840) adding con mode: crc -367>
2021-09-27T20:02:37.597+0000 7fc3a8cf7340 5 AuthRegistry(0x55796871c840) adding con mode: secure -366>
2021-09-27T20:02:37.597+0000 7fc3a8cf7340 5 AuthRegistry(0x55796871c840) adding con mode: crc -365>
2021-09-27T20:02:37.597+0000 7fc3a8cf7340 5 AuthRegistry(0x55796871c840) adding con mode: secure -364>
2021-09-27T20:02:37.597+0000 7fc3a8cf7340 5 AuthRegistry(0x55796871c840) adding con mode: crc -363>
2021-09-27T20:02:37.597+0000 7fc3a8cf7340 5 AuthRegistry(0x55796871c840) adding con mode: crc -362>
2021-09-27T20:02:37.597+0000 7fc3a8cf7340 5 AuthRegistry(0x55796871c840) adding con mode: secure -361>
2021-09-27T20:02:37.597+0000 7fc3a8cf7340 5 AuthRegistry(0x55796871c840) adding con mode: crc -360>
2021-09-27T20:02:37.597+0000 7fc3a8cf7340 5 AuthRegistry(0x55796871c840) adding con mode: secure -359>
2021-09-27T20:02:37.597+0000 7fc3a8cf7340 5 AuthRegistry(0x55796871c840) adding con mode: crc -358>
2021-09-27T20:02:37.597+0000 7fc3a8cf7340 5 AuthRegistry(0x55796871c840) adding con mode: secure -357>
2021-09-27T20:02:37.597+0000 7fc3a8cf7340 2 auth: KeyRing::load: loaded key file /etc/ceph/ceph.keyring -356>
2021-09-27T20:02:37.597+0000 7fc3a8cf7340 1 Processor -- start -355>
2021-09-27T20:02:37.597+0000 7fc3a8cf7340 1 -- start start -354>
2021-09-27T20:02:37.597+0000 7fc3a8cf7340 10 monclient: init -353>
2021-09-27T20:02:37.597+0000 7fc3a8cf7340 5 AuthRegistry(0x7fff6d1f8ef0) adding auth protocol: cephx -352>
2021-09-27T20:02:37.597+0000 7fc3a8cf7340 5 AuthRegistry(0x7fff6d1f8ef0) adding auth protocol: cephx -351>
2021-09-27T20:02:37.597+0000 7fc3a8cf7340 5 AuthRegistry(0x7fff6d1f8ef0) adding auth protocol: cephx -350>
2021-09-27T20:02:37.597+0000 7fc3a8cf7340 5 AuthRegistry(0x7fff6d1f8ef0) adding auth protocol: none -349>
2021-09-27T20:02:37.597+0000 7fc3a8cf7340 5 AuthRegistry(0x7fff6d1f8ef0) adding con mode: secure -348>
2021-09-27T20:02:37.597+0000 7fc3a8cf7340 5 AuthRegistry(0x7fff6d1f8ef0) adding con mode: crc -347>
2021-09-27T20:02:37.597+0000 7fc3a8cf7340 5 AuthRegistry(0x7fff6d1f8ef0) adding con mode: secure -346>
2021-09-27T20:02:37.597+0000 7fc3a8cf7340 5 AuthRegistry(0x7fff6d1f8ef0) adding con mode: crc -345>
2021-09-27T20:02:37.597+0000 7fc3a8cf7340 5 AuthRegistry(0x7fff6d1f8ef0) adding con mode: secure -344>
2021-09-27T20:02:37.597+0000 7fc3a8cf7340 5 AuthRegistry(0x7fff6d1f8ef0) adding con mode: crc -343>
2021-09-27T20:02:37.597+0000 7fc3a8cf7340 5 AuthRegistry(0x7fff6d1f8ef0) adding con mode: crc -342>
2021-09-27T20:02:37.597+0000 7fc3a8cf7340 5 AuthRegistry(0x7fff6d1f8ef0) adding con mode: secure -341>
2021-09-27T20:02:37.597+0000 7fc3a8cf7340 5 AuthRegistry(0x7fff6d1f8ef0) adding con mode: crc -340>
2021-09-27T20:02:37.597+0000 7fc3a8cf7340 5 AuthRegistry(0x7fff6d1f8ef0) adding con mode: secure -339>
2021-09-27T20:02:37.597+0000 7fc3a8cf7340 5 AuthRegistry(0x7fff6d1f8ef0) adding con mode: crc -338>
2021-09-27T20:02:37.597+0000 7fc3a8cf7340 5 AuthRegistry(0x7fff6d1f8ef0) adding con mode: secure -337>
2021-09-27T20:02:37.597+0000 7fc3a8cf7340 2 auth: KeyRing::load: loaded key file /etc/ceph/ceph.keyring -336>
2021-09-27T20:02:37.597+0000 7fc3a8cf7340 2 auth: KeyRing::load: loaded key file /etc/ceph/ceph.keyring -335>
2021-09-27T20:02:37.597+0000 7fc3a8cf7340 10 monclient: _reopen_session rank -1 -334>
2021-09-27T20:02:37.597+0000 7fc3a8cf7340 10 monclient: _add_conns ranks=[0,1,2] -333>
2021-09-27T20:02:37.597+0000 7fc3a8cf7340 1 --2- >> [v2:172.20.5.206:3300/0,v1:172.20.5.206:6789/0] conn(0x557968728b80 0x557968728f60 unknown :-1 s=NONE pgs=0 cs=0 l=0 rev1=0 rx=0 tx=0).connect -332>
2021-09-27T20:02:37.597+0000 7fc3a8cf7340 10 monclient(hunting): picked mon.noname-a con 0x557968728b80 addr [v2:172.20.5.206:3300/0,v1:172.20.5.206:6789/0] -331>
2021-09-27T20:02:37.597+0000 7fc3a8cf7340 1 --2- >> [v2:172.20.5.207:3300/0,v1:172.20.5.207:6789/0] conn(0x557968729450 0x5579687224d0 unknown :-1 s=NONE pgs=0 cs=0 l=0 rev1=0 rx=0 tx=0).connect -330>
2021-09-27T20:02:37.597+0000 7fc3a8cf7340 10 monclient(hunting): picked mon.noname-b con 0x557968729450 addr [v2:172.20.5.207:3300/0,v1:172.20.5.207:6789/0] -329>
2021-09-27T20:02:37.597+0000 7fc3a8cf7340 1 --2- >> [v2:172.20.5.208:3300/0,v1:172.20.5.208:6789/0] conn(0x557968722bb0 0x55796872f950 unknown :-1 s=NONE pgs=0 cs=0 l=0 rev1=0 rx=0 tx=0).connect -328>
2021-09-27T20:02:37.598+0000 7fc3a8cf7340 10 monclient(hunting): picked mon.noname-c con 0x557968722bb0 addr [v2:172.20.5.208:3300/0,v1:172.20.5.208:6789/0] -327>
2021-09-27T20:02:37.598+0000 7fc3a8cf7340 10 monclient(hunting): start opening mon connection -326>
2021-09-27T20:02:37.598+0000 7fc3a8cf7340 1 -- --> [v2:172.20.5.206:3300/0,v1:172.20.5.206:6789/0] -- mon_getmap magic: 0 v1 -- 0x557968723260 con 0x557968728b80 -325>
2021-09-27T20:02:37.598+0000 7fc3a8cf7340 10 monclient(hunting): start opening mon connection -324>
2021-09-27T20:02:37.598+0000 7fc3a8cf7340 1 -- --> [v2:172.20.5.207:3300/0,v1:172.20.5.207:6789/0] -- mon_getmap magic: 0 v1 -- 0x55796872fe40 con 0x557968729450 -323>
2021-09-27T20:02:37.598+0000 7fc3a8cf7340 10 monclient(hunting): start opening mon connection -322>
2021-09-27T20:02:37.598+0000 7fc3a8cf7340 1 -- --> [v2:172.20.5.208:3300/0,v1:172.20.5.208:6789/0] -- mon_getmap magic: 0 v1 -- 0x55796872ff80 con 0x557968722bb0 -321>
2021-09-27T20:02:37.598+0000 7fc3a8cf7340 10 monclient(hunting): _renew_subs -320>
2021-09-27T20:02:37.598+0000 7fc3a8cf7340 10 monclient(hunting): authenticate will time out at
2021-09-27T20:07:37.598777+0000 -319>
2021-09-27T20:02:37.598+0000 7fc38c869700 1 --2- >> [v2:172.20.5.206:3300/0,v1:172.20.5.206:6789/0] conn(0x557968728b80 0x557968728f60 unknown :-1 s=BANNER_CONNECTING pgs=0 cs=0 l=0 rev1=0 rx=0 tx=0)._handle_peer_banner_payload supported=1 required=0 -318>
2021-09-27T20:02:37.598+0000 7fc38c869700 1 --2- >> [v2:172.20.5.206:3300/0,v1:172.20.5.206:6789/0] conn(0x557968728b80 0x557968728f60 unknown :-1 s=HELLO_CONNECTING pgs=0 cs=0 l=0 rev1=1 rx=0 tx=0).handle_hello peer v2:172.20.5.206:3300/0 says I am v2:172.20.5.206:33658/0 (socket says 172.20.5.206:33658) -317>
2021-09-27T20:02:37.598+0000 7fc38c869700 1 -- 172.20.5.206:0/2540503117 learned_addr learned my addr 172.20.5.206:0/2540503117 (peer_addr_for_me v2:172.20.5.206:0/0) -316>
2021-09-27T20:02:37.598+0000 7fc38c869700 10 monclient(hunting): get_auth_request con 0x557968728b80 auth_method 0 -315>
2021-09-27T20:02:37.598+0000 7fc38c869700 10 monclient(hunting): get_auth_request method 2 preferred_modes [2,1] -314>
2021-09-27T20:02:37.598+0000 7fc38c869700 10 monclient(hunting): _init_auth method 2 -313>
2021-09-27T20:02:37.598+0000 7fc38c869700 10 monclient(hunting): _init_auth creating new auth -312>
2021-09-27T20:02:37.598+0000 7fc39586b700 1 --2- 172.20.5.206:0/2540503117 >> [v2:172.20.5.207:3300/0,v1:172.20.5.207:6789/0] conn(0x557968729450 0x5579687224d0 unknown :-1 s=BANNER_CONNECTING pgs=0 cs=0 l=0 rev1=0 rx=0 tx=0)._handle_peer_banner_payload supported=1 required=0 -311>
