2021-09-27T20:02:37.598+0000 7fc39586b700 10 monclient(hunting): get_auth_request con 0x557968729450 auth_method 0 -310>
2021-09-27T20:02:37.598+0000 7fc39586b700 10 monclient(hunting): get_auth_request method 2 preferred_modes [2,1] -309>
2021-09-27T20:02:37.598+0000 7fc39586b700 10 monclient(hunting): _init_auth method 2 -308>
2021-09-27T20:02:37.598+0000 7fc39586b700 10 monclient(hunting): _init_auth creating new auth -307>
2021-09-27T20:02:37.598+0000 7fc38c869700 10 monclient(hunting): handle_auth_reply_more payload 9 -306>
2021-09-27T20:02:37.598+0000 7fc38c869700 10 monclient(hunting): handle_auth_reply_more payload_len 9 -305>
2021-09-27T20:02:37.598+0000 7fc38c869700 10 monclient(hunting): handle_auth_reply_more responding with 36 bytes -304>
2021-09-27T20:02:37.598+0000 7fc39506a700 1 --2- 172.20.5.206:0/2540503117 >> [v2:172.20.5.208:3300/0,v1:172.20.5.208:6789/0] conn(0x557968722bb0 0x55796872f950 unknown :-1 s=BANNER_CONNECTING pgs=0 cs=0 l=0 rev1=0 rx=0 tx=0)._handle_peer_banner_payload supported=1 required=0 -303>
2021-09-27T20:02:37.598+0000 7fc39586b700 10 monclient(hunting): handle_auth_reply_more payload 9 -302>
2021-09-27T20:02:37.598+0000 7fc39586b700 10 monclient(hunting): handle_auth_reply_more payload_len 9 -301>
2021-09-27T20:02:37.598+0000 7fc39586b700 10 monclient(hunting): handle_auth_reply_more responding with 36 bytes -300>
2021-09-27T20:02:37.598+0000 7fc39506a700 10 monclient(hunting): get_auth_request con 0x557968722bb0 auth_method 0 -299>
2021-09-27T20:02:37.598+0000 7fc39506a700 10 monclient(hunting): get_auth_request method 2 preferred_modes [2,1] -298>
2021-09-27T20:02:37.598+0000 7fc39506a700 10 monclient(hunting): _init_auth method 2 -297>
2021-09-27T20:02:37.598+0000 7fc39506a700 10 monclient(hunting): _init_auth creating new auth -296>
2021-09-27T20:02:37.598+0000 7fc39586b700 10 monclient(hunting): handle_auth_done global_id 68739433 payload 274 -295>
2021-09-27T20:02:37.598+0000 7fc39586b700 1 -- 172.20.5.206:0/2540503117 >> [v2:172.20.5.208:3300/0,v1:172.20.5.208:6789/0] conn(0x557968722bb0 msgr2=0x55796872f950 unknown :-1 s=STATE_CONNECTION_ESTABLISHED l=0).mark_down -294>
2021-09-27T20:02:37.598+0000 7fc39586b700 1 --2- 172.20.5.206:0/2540503117 >> [v2:172.20.5.208:3300/0,v1:172.20.5.208:6789/0] conn(0x557968722bb0 0x55796872f950 unknown :-1 s=AUTH_CONNECTING pgs=0 cs=0 l=0 rev1=1 rx=0 tx=0).stop -293>
2021-09-27T20:02:37.598+0000 7fc39586b700 1 -- 172.20.5.206:0/2540503117 >> [v2:172.20.5.206:3300/0,v1:172.20.5.206:6789/0] conn(0x557968728b80 msgr2=0x557968728f60 unknown :-1 s=STATE_CONNECTION_ESTABLISHED l=0).mark_down -292>
2021-09-27T20:02:37.598+0000 7fc39586b700 1 --2- 172.20.5.206:0/2540503117 >> [v2:172.20.5.206:3300/0,v1:172.20.5.206:6789/0] conn(0x557968728b80 0x557968728f60 unknown :-1 s=AUTH_CONNECTING pgs=0 cs=0 l=0 rev1=1 rx=0 tx=0).stop -291>
2021-09-27T20:02:37.598+0000 7fc39586b700 10 monclient: _finish_hunting 0 -290>
2021-09-27T20:02:37.598+0000 7fc39586b700 1 monclient: found mon.noname-b -289>
2021-09-27T20:02:37.598+0000 7fc39586b700 10 monclient: _send_mon_message to mon.noname-b at v2:172.20.5.207:3300/0 -288>
2021-09-27T20:02:37.598+0000 7fc39586b700 1 -- 172.20.5.206:0/2540503117 --> [v2:172.20.5.207:3300/0,v1:172.20.5.207:6789/0] -- mon_subscribe({config=0+,monmap=0+}) v3 -- 0x5579687300c0 con 0x557968729450 -287>
2021-09-27T20:02:37.598+0000 7fc38c869700 1 --2- 172.20.5.206:0/2540503117 >> [v2:172.20.5.206:3300/0,v1:172.20.5.206:6789/0] conn(0x557968728b80 0x557968728f60 unknown :-1 s=CLOSED pgs=0 cs=0 l=0 rev1=1 rx=0 tx=0).handle_auth_done state changed! -286>
2021-09-27T20:02:37.598+0000 7fc39506a700 1 --2- 172.20.5.206:0/2540503117 >> [v2:172.20.5.208:3300/0,v1:172.20.5.208:6789/0] conn(0x557968722bb0 0x55796872f950 unknown :-1 s=CLOSED pgs=0 cs=0 l=0 rev1=1 rx=0 tx=0).handle_auth_reply_more state changed! -285>
2021-09-27T20:02:37.598+0000 7fc39586b700 1 --2- 172.20.5.206:0/2540503117 >> [v2:172.20.5.207:3300/0,v1:172.20.5.207:6789/0] conn(0x557968729450 0x5579687224d0 secure :-1 s=READY pgs=779 cs=0 l=1 rev1=1 rx=0x55796870d3a0 tx=0x7fc390058040).ready entity=mon.1 client_cookie=68a0673ad33279f9 server_cookie=0 in_seq=0 out_seq=0 -284>
2021-09-27T20:02:37.599+0000 7fc36a7e4700 1 -- 172.20.5.206:0/2540503117 <== mon.1 v2:172.20.5.207:3300/0 1 ==== mon_map magic: 0 v1 ==== 484+0+0 (secure 0 0 0) 0x7fc390051e90 con 0x557968729450 -283>
2021-09-27T20:02:37.599+0000 7fc36a7e4700 10 monclient: handle_monmap mon_map magic: 0 v1 -282>
2021-09-27T20:02:37.599+0000 7fc36a7e4700 10 monclient: got monmap 21 from mon.noname-b (according to old e21) -281>
2021-09-27T20:02:37.599+0000 7fc36a7e4700 10 monclient: dump: epoch 21 fsid 83e9ad50-10ee-46eb-bd75-e53450de55ac last_changed
2021-07-09T07:53:53.195515+0000 created
2018-03-19T14:57:02.863693+0000 min_mon_release 16 (pacific) election_strategy: 1 0: [v2:172.20.5.206:3300/0,v1:172.20.5.206:6789/0] mon.d5cln206 1: [v2:172.20.5.207:3300/0,v1:172.20.5.207:6789/0] mon.d5cln207 2: [v2:172.20.5.208:3300/0,v1:172.20.5.208:6789/0] mon.d5cln208 -280>
2021-09-27T20:02:37.599+0000 7fc36a7e4700 10 monclient: _finish_auth 0 -279>
2021-09-27T20:02:37.599+0000 7fc36a7e4700 1 -- 172.20.5.206:0/2540503117 <== mon.1 v2:172.20.5.207:3300/0 2 ==== config(6 keys) v1 ==== 313+0+0 (secure 0 0 0) 0x7fc390033ae0 con 0x557968729450 -278>
2021-09-27T20:02:37.599+0000 7fc3a8cf7340 5 monclient: authenticate success, global_id 68739433 -277>
2021-09-27T20:02:37.599+0000 7fc36a7e4700 10 monclient: handle_config config(6 keys) v1 -276>
2021-09-27T20:02:37.599+0000 7fc3a8cf7340 10 monclient: get_monmap_and_config success -275>
2021-09-27T20:02:37.599+0000 7fc36a7e4700 1 -- 172.20.5.206:0/2540503117 <== mon.1 v2:172.20.5.207:3300/0 3 ==== mon_map magic: 0 v1 ==== 484+0+0 (secure 0 0 0) 0x7fc39004e120 con 0x557968729450 -274>
2021-09-27T20:02:37.599+0000 7fc36a7e4700 10 monclient: handle_monmap mon_map magic: 0 v1 -273>
2021-09-27T20:02:37.599+0000 7fc3a8cf7340 4 set_mon_vals no callback set -272>
2021-09-27T20:02:37.599+0000 7fc36a7e4700 10 monclient: got monmap 21 from mon.d5cln207 (according to old e21) -271>
2021-09-27T20:02:37.599+0000 7fc36a7e4700 10 monclient: dump: epoch 21 fsid 83e9ad50-10ee-46eb-bd75-e53450de55ac last_changed
2021-07-09T07:53:53.195515+0000 created
2018-03-19T14:57:02.863693+0000 min_mon_release 16 (pacific) election_strategy: 1 0: [v2:172.20.5.206:3300/0,v1:172.20.5.206:6789/0] mon.d5cln206 1: [v2:172.20.5.207:3300/0,v1:172.20.5.207:6789/0] mon.d5cln207 2: [v2:172.20.5.208:3300/0,v1:172.20.5.208:6789/0] mon.d5cln208 -270>
2021-09-27T20:02:37.600+0000 7fc3a8cf7340 10 monclient: shutdown -269>
2021-09-27T20:02:37.600+0000 7fc3a8cf7340 1 -- 172.20.5.206:0/2540503117 >> [v2:172.20.5.207:3300/0,v1:172.20.5.207:6789/0] conn(0x557968729450 msgr2=0x5579687224d0 secure :-1 s=STATE_CONNECTION_ESTABLISHED l=1).mark_down -268>
2021-09-27T20:02:37.600+0000 7fc3a8cf7340 1 --2- 172.20.5.206:0/2540503117 >> [v2:172.20.5.207:3300/0,v1:172.20.5.207:6789/0] conn(0x557968729450 0x5579687224d0 secure :-1 s=READY pgs=779 cs=0 l=1 rev1=1 rx=0x55796870d3a0 tx=0x7fc390058040).stop -267>
2021-09-27T20:02:37.600+0000 7fc3a8cf7340 1 -- 172.20.5.206:0/2540503117 shutdown_connections -266>
2021-09-27T20:02:37.600+0000 7fc3a8cf7340 1 --2- 172.20.5.206:0/2540503117 >> [v2:172.20.5.206:3300/0,v1:172.20.5.206:6789/0] conn(0x557968728b80 0x557968728f60 unknown :-1 s=CLOSED pgs=0 cs=0 l=0 rev1=1 rx=0 tx=0).stop -265>
2021-09-27T20:02:37.600+0000 7fc3a8cf7340 1 --2- 172.20.5.206:0/2540503117 >> [v2:172.20.5.208:3300/0,v1:172.20.5.208:6789/0] conn(0x557968722bb0 0x55796872f950 unknown :-1 s=CLOSED pgs=0 cs=0 l=0 rev1=1 rx=0 tx=0).stop -264>
2021-09-27T20:02:37.600+0000 7fc3a8cf7340 1 --2- 172.20.5.206:0/2540503117 >> [v2:172.20.5.207:3300/0,v1:172.20.5.207:6789/0] conn(0x557968729450 0x5579687224d0 unknown :-1 s=CLOSED pgs=779 cs=0 l=1 rev1=1 rx=0 tx=0).stop -263>
2021-09-27T20:02:37.600+0000 7fc3a8cf7340 1 -- 172.20.5.206:0/2540503117 >> 172.20.5.206:0/2540503117 conn(0x55796871dea0 msgr2=0x5579687235d0 unknown :-1 s=STATE_NONE l=0).mark_down -262>
2021-09-27T20:02:37.600+0000 7fc3a8cf7340 1 -- 172.20.5.206:0/2540503117 shutdown_connections -261>
2021-09-27T20:02:37.600+0000 7fc3a8cf7340 1 -- 172.20.5.206:0/2540503117 wait complete. -260>
2021-09-27T20:02:37.600+0000 7fc3a8cf7340 10 monclient: build_initial_monmap -259>
2021-09-27T20:02:37.600+0000 7fc3a8cf7340 10 monclient: monmap: epoch 0 fsid 00000000-0000-0000-0000-000000000000 last_changed 0.000000 created 0.000000 min_mon_release 0 (unknown) election_strategy: 1 0: [v2:172.20.5.206:3300/0,v1:172.20.5.206:6789/0] mon.noname-a 1: [v2:172.20.5.207:3300/0,v1:172.20.5.207:6789/0] mon.noname-b 2: [v2:172.20.5.208:3300/0,v1:172.20.5.208:6789/0] mon.noname-c -258>
2021-09-27T20:02:37.600+0000 7fc3a8cf7340 5 AuthRegistry(0x55796871c710) adding auth protocol: cephx -257>
2021-09-27T20:02:37.600+0000 7fc3a8cf7340 5 AuthRegistry(0x55796871c710) adding auth protocol: cephx -256>
2021-09-27T20:02:37.600+0000 7fc3a8cf7340 5 AuthRegistry(0x55796871c710) adding auth protocol: cephx -255>
2021-09-27T20:02:37.600+0000 7fc3a8cf7340 5 AuthRegistry(0x55796871c710) adding auth protocol: none -254>
2021-09-27T20:02:37.600+0000 7fc3a8cf7340 5 AuthRegistry(0x55796871c710) adding con mode: secure -253>
2021-09-27T20:02:37.600+0000 7fc3a8cf7340 5 AuthRegistry(0x55796871c710) adding con mode: crc -252>
2021-09-27T20:02:37.600+0000 7fc3a8cf7340 5 AuthRegistry(0x55796871c710) adding con mode: secure -251>
2021-09-27T20:02:37.600+0000 7fc3a8cf7340 5 AuthRegistry(0x55796871c710) adding con mode: crc -250>
2021-09-27T20:02:37.600+0000 7fc3a8cf7340 5 AuthRegistry(0x55796871c710) adding con mode: secure -249>
2021-09-27T20:02:37.600+0000 7fc3a8cf7340 5 AuthRegistry(0x55796871c710) adding con mode: crc -248>
2021-09-27T20:02:37.600+0000 7fc3a8cf7340 5 AuthRegistry(0x55796871c710) adding con mode: crc -247>
2021-09-27T20:02:37.600+0000 7fc3a8cf7340 5 AuthRegistry(0x55796871c710) adding con mode: secure -246>
2021-09-27T20:02:37.600+0000 7fc3a8cf7340 5 AuthRegistry(0x55796871c710) adding con mode: crc -245>
2021-09-27T20:02:37.600+0000 7fc3a8cf7340 5 AuthRegistry(0x55796871c710) adding con mode: secure -244>
2021-09-27T20:02:37.600+0000 7fc3a8cf7340 5 AuthRegistry(0x55796871c710) adding con mode: crc -243>
2021-09-27T20:02:37.600+0000 7fc3a8cf7340 5 AuthRegistry(0x55796871c710) adding con mode: secure -242>
2021-09-27T20:02:37.601+0000 7fc3a8cf7340 2 auth: KeyRing::load: loaded key file /etc/ceph/ceph.keyring -241>
2021-09-27T20:02:37.601+0000 7fc3a8cf7340 1 librados: starting msgr at -240>
2021-09-27T20:02:37.601+0000 7fc3a8cf7340 1 librados: starting objecter -239>
2021-09-27T20:02:37.601+0000 7fc3a8cf7340 5 asok(0x5579685a9a00) register_command objecter_requests cmddesc objecter_requests hook 0x5579687229a0 EEXIST -238>
2021-09-27T20:02:37.601+0000 7fc3a8cf7340 1 Processor -- start -237>
2021-09-27T20:02:37.601+0000 7fc3a8cf7340 1 -- start start -236>
2021-09-27T20:02:37.601+0000 7fc3a8cf7340 1 librados: setting wanted keys -235>
2021-09-27T20:02:37.601+0000 7fc3a8cf7340 1 librados: calling monclient init -234>
2021-09-27T20:02:37.601+0000 7fc3a8cf7340 10 monclient: init -233>
2021-09-27T20:02:37.601+0000 7fc3a8cf7340 5 AuthRegistry(0x557968713988) adding auth protocol: cephx -232>
2021-09-27T20:02:37.601+0000 7fc3a8cf7340 5 AuthRegistry(0x557968713988) adding auth protocol: cephx -231>
2021-09-27T20:02:37.601+0000 7fc3a8cf7340 5 AuthRegistry(0x557968713988) adding auth protocol: cephx -230>
2021-09-27T20:02:37.601+0000 7fc3a8cf7340 5 AuthRegistry(0x557968713988) adding auth protocol: none -229>
2021-09-27T20:02:37.601+0000 7fc3a8cf7340 5 AuthRegistry(0x557968713988) adding con mode: secure -228>
2021-09-27T20:02:37.601+0000 7fc3a8cf7340 5 AuthRegistry(0x557968713988) adding con mode: crc -227>
2021-09-27T20:02:37.601+0000 7fc3a8cf7340 5 AuthRegistry(0x557968713988) adding con mode: secure -226>
2021-09-27T20:02:37.601+0000 7fc3a8cf7340 5 AuthRegistry(0x557968713988) adding con mode: crc -225>
2021-09-27T20:02:37.601+0000 7fc3a8cf7340 5 AuthRegistry(0x557968713988) adding con mode: secure -224>
2021-09-27T20:02:37.601+0000 7fc3a8cf7340 5 AuthRegistry(0x557968713988) adding con mode: crc -223>
2021-09-27T20:02:37.601+0000 7fc3a8cf7340 5 AuthRegistry(0x557968713988) adding con mode: crc -222>
2021-09-27T20:02:37.601+0000 7fc3a8cf7340 5 AuthRegistry(0x557968713988) adding con mode: secure -221>
2021-09-27T20:02:37.601+0000 7fc3a8cf7340 5 AuthRegistry(0x557968713988) adding con mode: crc -220>
2021-09-27T20:02:37.601+0000 7fc3a8cf7340 5 AuthRegistry(0x557968713988) adding con mode: secure -219>
2021-09-27T20:02:37.601+0000 7fc3a8cf7340 5 AuthRegistry(0x557968713988) adding con mode: crc -218>
2021-09-27T20:02:37.601+0000 7fc3a8cf7340 5 AuthRegistry(0x557968713988) adding con mode: secure -217>
2021-09-27T20:02:37.601+0000 7fc3a8cf7340 2 auth: KeyRing::load: loaded key file /etc/ceph/ceph.keyring -216>
2021-09-27T20:02:37.601+0000 7fc3a8cf7340 2 auth: KeyRing::load: loaded key file /etc/ceph/ceph.keyring -215>
2021-09-27T20:02:37.601+0000 7fc3a8cf7340 10 monclient: _reopen_session rank -1 -214>
2021-09-27T20:02:37.601+0000 7fc3a8cf7340 10 monclient: _add_conns ranks=[0,1,2] -213>
2021-09-27T20:02:37.601+0000 7fc3a8cf7340 1 --2- >> [v2:172.20.5.206:3300/0,v1:172.20.5.206:6789/0] conn(0x557968722bb0 0x557968729ff0 unknown :-1 s=NONE pgs=0 cs=0 l=1 rev1=0 rx=0 tx=0).connect -212>
2021-09-27T20:02:37.601+0000 7fc3a8cf7340 10 monclient(hunting): picked mon.noname-a con 0x557968722bb0 addr [v2:172.20.5.206:3300/0,v1:172.20.5.206:6789/0] -211>
2021-09-27T20:02:37.601+0000 7fc3a8cf7340 1 --2- >> [v2:172.20.5.207:3300/0,v1:172.20.5.207:6789/0] conn(0x557968728b80 0x55796872a4e0 unknown :-1 s=NONE pgs=0 cs=0 l=1 rev1=0 rx=0 tx=0).connect -210>
2021-09-27T20:02:37.601+0000 7fc3a8cf7340 10 monclient(hunting): picked mon.noname-b con 0x557968728b80 addr [v2:172.20.5.207:3300/0,v1:172.20.5.207:6789/0] -209>
2021-09-27T20:02:37.601+0000 7fc3a8cf7340 1 --2- >> [v2:172.20.5.208:3300/0,v1:172.20.5.208:6789/0] conn(0x557968729450 0x55796872a9d0 unknown :-1 s=NONE pgs=0 cs=0 l=1 rev1=0 rx=0 tx=0).connect -208>
2021-09-27T20:02:37.601+0000 7fc3a8cf7340 10 monclient(hunting): picked mon.noname-c con 0x557968729450 addr [v2:172.20.5.208:3300/0,v1:172.20.5.208:6789/0] -207>
2021-09-27T20:02:37.601+0000 7fc3a8cf7340 10 monclient(hunting): start opening mon connection -206>
2021-09-27T20:02:37.601+0000 7fc3a8cf7340 1 -- --> [v2:172.20.5.206:3300/0,v1:172.20.5.206:6789/0] -- mon_getmap magic: 0 v1 -- 0x5579687362e0 con 0x557968722bb0 -205>
2021-09-27T20:02:37.601+0000 7fc3a8cf7340 10 monclient(hunting): start opening mon connection -204>
2021-09-27T20:02:37.601+0000 7fc3a8cf7340 1 -- --> [v2:172.20.5.207:3300/0,v1:172.20.5.207:6789/0] -- mon_getmap magic: 0 v1 -- 0x557968736450 con 0x557968728b80 -203>
2021-09-27T20:02:37.601+0000 7fc3a8cf7340 10 monclient(hunting): start opening mon connection -202>
2021-09-27T20:02:37.601+0000 7fc3a8cf7340 1 -- --> [v2:172.20.5.208:3300/0,v1:172.20.5.208:6789/0] -- mon_getmap magic: 0 v1 -- 0x557968736610 con 0x557968729450 -201>
2021-09-27T20:02:37.601+0000 7fc3a8cf7340 10 monclient(hunting): _renew_subs -200>
2021-09-27T20:02:37.601+0000 7fc3a8cf7340 10 monclient(hunting): authenticate will time out at
2021-09-27T20:07:37.602496+0000 -199>
2021-09-27T20:02:37.601+0000 7fc38c869700 1 --2- >> [v2:172.20.5.206:3300/0,v1:172.20.5.206:6789/0] conn(0x557968722bb0 0x557968729ff0 unknown :-1 s=BANNER_CONNECTING pgs=0 cs=0 l=1 rev1=0 rx=0 tx=0)._handle_peer_banner_payload supported=1 required=0 -198>
2021-09-27T20:02:37.601+0000 7fc38c869700 1 --2- >> [v2:172.20.5.206:3300/0,v1:172.20.5.206:6789/0] conn(0x557968722bb0 0x557968729ff0 unknown :-1 s=HELLO_CONNECTING pgs=0 cs=0 l=1 rev1=1 rx=0 tx=0).handle_hello peer v2:172.20.5.206:3300/0 says I am v2:172.20.5.206:33664/0 (socket says 172.20.5.206:33664) -197>
2021-09-27T20:02:37.601+0000 7fc38c869700 1 -- 172.20.5.206:0/181444103 learned_addr learned my addr 172.20.5.206:0/181444103 (peer_addr_for_me v2:172.20.5.206:0/0) -196>
2021-09-27T20:02:37.601+0000 7fc38c869700 10 monclient(hunting): get_auth_request con 0x557968722bb0 auth_method 0 -195>
2021-09-27T20:02:37.601+0000 7fc38c869700 10 monclient(hunting): get_auth_request method 2 preferred_modes [2,1] -194>
2021-09-27T20:02:37.601+0000 7fc38c869700 10 monclient(hunting): _init_auth method 2 -193>
2021-09-27T20:02:37.601+0000 7fc38c869700 10 monclient(hunting): _init_auth creating new auth -192>
2021-09-27T20:02:37.602+0000 7fc38c869700 10 monclient(hunting): handle_auth_reply_more payload 9 -191>
2021-09-27T20:02:37.602+0000 7fc38c869700 10 monclient(hunting): handle_auth_reply_more payload_len 9 -190>
2021-09-27T20:02:37.602+0000 7fc38c869700 10 monclient(hunting): handle_auth_reply_more responding with 36 bytes -189>
2021-09-27T20:02:37.602+0000 7fc39586b700 1 --2- 172.20.5.206:0/181444103 >> [v2:172.20.5.207:3300/0,v1:172.20.5.207:6789/0] conn(0x557968728b80 0x55796872a4e0 unknown :-1 s=BANNER_CONNECTING pgs=0 cs=0 l=1 rev1=0 rx=0 tx=0)._handle_peer_banner_payload supported=1 required=0 -188>
2021-09-27T20:02:37.602+0000 7fc39586b700 10 monclient(hunting): get_auth_request con 0x557968728b80 auth_method 0 -187>
2021-09-27T20:02:37.602+0000 7fc39586b700 10 monclient(hunting): get_auth_request method 2 preferred_modes [2,1] -186>
2021-09-27T20:02:37.602+0000 7fc39586b700 10 monclient(hunting): _init_auth method 2 -185>
2021-09-27T20:02:37.602+0000 7fc39586b700 10 monclient(hunting): _init_auth creating new auth -184>
2021-09-27T20:02:37.602+0000 7fc39506a700 1 --2- 172.20.5.206:0/181444103 >> [v2:172.20.5.208:3300/0,v1:172.20.5.208:6789/0] conn(0x557968729450 0x55796872a9d0 unknown :-1 s=BANNER_CONNECTING pgs=0 cs=0 l=1 rev1=0 rx=0 tx=0)._handle_peer_banner_payload supported=1 required=0 -183>
2021-09-27T20:02:37.602+0000 7fc39586b700 10 monclient(hunting): handle_auth_reply_more payload 9 -182>
2021-09-27T20:02:37.602+0000 7fc39586b700 10 monclient(hunting): handle_auth_reply_more payload_len 9 -181>
2021-09-27T20:02:37.602+0000 7fc39586b700 10 monclient(hunting): handle_auth_reply_more responding with 36 bytes -180>
2021-09-27T20:02:37.602+0000 7fc39506a700 10 monclient(hunting): get_auth_request con 0x557968729450 auth_method 0 -179>
2021-09-27T20:02:37.602+0000 7fc39506a700 10 monclient(hunting): get_auth_request method 2 preferred_modes [2,1] -178>
2021-09-27T20:02:37.602+0000 7fc39506a700 10 monclient(hunting): _init_auth method 2 -177>
2021-09-27T20:02:37.602+0000 7fc39506a700 10 monclient(hunting): _init_auth creating new auth -176>
2021-09-27T20:02:37.602+0000 7fc38c869700 10 monclient(hunting): handle_auth_done global_id 68732559 payload 824 -175>
2021-09-27T20:02:37.602+0000 7fc38c869700 1 -- 172.20.5.206:0/181444103 >> [v2:172.20.5.208:3300/0,v1:172.20.5.208:6789/0] conn(0x557968729450 msgr2=0x55796872a9d0 unknown :-1 s=STATE_CONNECTION_ESTABLISHED l=1).mark_down -174>
2021-09-27T20:02:37.602+0000 7fc38c869700 1 --2- 172.20.5.206:0/181444103 >> [v2:172.20.5.208:3300/0,v1:172.20.5.208:6789/0] conn(0x557968729450 0x55796872a9d0 unknown :-1 s=AUTH_CONNECTING pgs=0 cs=0 l=1 rev1=1 rx=0 tx=0).stop -173>
2021-09-27T20:02:37.602+0000 7fc38c869700 1 -- 172.20.5.206:0/181444103 >> [v2:172.20.5.207:3300/0,v1:172.20.5.207:6789/0] conn(0x557968728b80 msgr2=0x55796872a4e0 unknown :-1 s=STATE_CONNECTION_ESTABLISHED l=1).mark_down -172>
2021-09-27T20:02:37.602+0000 7fc38c869700 1 --2- 172.20.5.206:0/181444103 >> [v2:172.20.5.207:3300/0,v1:172.20.5.207:6789/0] conn(0x557968728b80 0x55796872a4e0 unknown :-1 s=AUTH_CONNECTING pgs=0 cs=0 l=1 rev1=1 rx=0 tx=0).stop -171>
2021-09-27T20:02:37.602+0000 7fc38c869700 10 monclient: _finish_hunting 0 -170>
2021-09-27T20:02:37.602+0000 7fc38c869700 1 monclient: found mon.noname-a -169>
2021-09-27T20:02:37.602+0000 7fc38c869700 10 monclient: _send_mon_message to mon.noname-a at v2:172.20.5.206:3300/0 -168>
2021-09-27T20:02:37.602+0000 7fc38c869700 1 -- 172.20.5.206:0/181444103 --> [v2:172.20.5.206:3300/0,v1:172.20.5.206:6789/0] -- mon_subscribe({config=0+,monmap=0+}) v3 -- 0x7fc380038a70 con 0x557968722bb0 -167>
2021-09-27T20:02:37.602+0000 7fc38c869700 1 --2- 172.20.5.206:0/181444103 >> [v2:172.20.5.206:3300/0,v1:172.20.5.206:6789/0] conn(0x557968722bb0 0x557968729ff0 secure :-1 s=READY pgs=11303 cs=0 l=1 rev1=1 rx=0x7fc380038c40 tx=0x7fc38000c040).ready entity=mon.0 client_cookie=0 server_cookie=0 in_seq=0 out_seq=0 -166>
2021-09-27T20:02:37.602+0000 7fc368fe1700 1 -- 172.20.5.206:0/181444103 <== mon.0 v2:172.20.5.206:3300/0 1 ==== mon_map magic: 0 v1 ==== 484+0+0 (secure 0 0 0) 0x7fc380061040 con 0x557968722bb0 -165>
2021-09-27T20:02:37.602+0000 7fc368fe1700 10 monclient: handle_monmap mon_map magic: 0 v1 -164>
2021-09-27T20:02:37.602+0000 7fc368fe1700 10 monclient: got monmap 21 from mon.noname-a (according to old e21) -163>
2021-09-27T20:02:37.602+0000 7fc368fe1700 10 monclient: dump: epoch 21 fsid 83e9ad50-10ee-46eb-bd75-e53450de55ac last_changed
2021-07-09T07:53:53.195515+0000 created
2018-03-19T14:57:02.863693+0000 min_mon_release 16 (pacific) election_strategy: 1 0: [v2:172.20.5.206:3300/0,v1:172.20.5.206:6789/0] mon.d5cln206 1: [v2:172.20.5.207:3300/0,v1:172.20.5.207:6789/0] mon.d5cln207 2: [v2:172.20.5.208:3300/0,v1:172.20.5.208:6789/0] mon.d5cln208 -162>
2021-09-27T20:02:37.602+0000 7fc368fe1700 10 monclient: _finish_auth 0 -161>
2021-09-27T20:02:37.602+0000 7fc3a8cf7340 5 monclient: authenticate success, global_id 68732559 -160>
2021-09-27T20:02:37.602+0000 7fc368fe1700 1 -- 172.20.5.206:0/181444103 <== mon.0 v2:172.20.5.206:3300/0 2 ==== config(6 keys) v1 ==== 313+0+0 (secure 0 0 0) 0x7fc380066430 con 0x557968722bb0 -159>
2021-09-27T20:02:37.602+0000 7fc3a8cf7340 10 monclient: _renew_subs -158>
2021-09-27T20:02:37.602+0000 7fc3a8cf7340 10 monclient: _send_mon_message to mon.d5cln206 at v2:172.20.5.206:3300/0 -157>
2021-09-27T20:02:37.602+0000 7fc3a8cf7340 1 -- 172.20.5.206:0/181444103 --> [v2:172.20.5.206:3300/0,v1:172.20.5.206:6789/0] -- mon_subscribe({mgrmap=0+}) v3 -- 0x5579685a4f30 con 0x557968722bb0 -156>
2021-09-27T20:02:37.602+0000 7fc368fe1700 10 monclient: handle_config config(6 keys) v1 -155>
2021-09-27T20:02:37.602+0000 7fc368fe1700 1 -- 172.20.5.206:0/181444103 <== mon.0 v2:172.20.5.206:3300/0 3 ==== mon_map magic: 0 v1 ==== 484+0+0 (secure 0 0 0) 0x7fc38000f040 con 0x557968722bb0 -154>
2021-09-27T20:02:37.602+0000 7fc368fe1700 10 monclient: handle_monmap mon_map magic: 0 v1 -153>
2021-09-27T20:02:37.602+0000 7fc368fe1700 10 monclient: got monmap 21 from mon.d5cln206 (according to old e21) -152>
2021-09-27T20:02:37.602+0000 7fc368fe1700 10 monclient: dump: epoch 21 fsid 83e9ad50-10ee-46eb-bd75-e53450de55ac last_changed
2021-07-09T07:53:53.195515+0000 created
2018-03-19T14:57:02.863693+0000 min_mon_release 16 (pacific) election_strategy: 1 0: [v2:172.20.5.206:3300/0,v1:172.20.5.206:6789/0] mon.d5cln206 1: [v2:172.20.5.207:3300/0,v1:172.20.5.207:6789/0] mon.d5cln207 2: [v2:172.20.5.208:3300/0,v1:172.20.5.208:6789/0] mon.d5cln208 -151>
2021-09-27T20:02:37.602+0000 7fc36a7e4700 4 set_mon_vals no callback set -150>
2021-09-27T20:02:37.602+0000 7fc3a8cf7340 10 monclient: _renew_subs -149>
2021-09-27T20:02:37.602+0000 7fc3a8cf7340 10 monclient: _send_mon_message to mon.d5cln206 at v2:172.20.5.206:3300/0 -148>
2021-09-27T20:02:37.602+0000 7fc3a8cf7340 1 -- 172.20.5.206:0/181444103 --> [v2:172.20.5.206:3300/0,v1:172.20.5.206:6789/0] -- mon_subscribe({osdmap=0}) v3 -- 0x557968736c30 con 0x557968722bb0 -147>
2021-09-27T20:02:37.602+0000 7fc3a8cf7340 1 librados: init done -146>
2021-09-27T20:02:37.602+0000 7fc3a8cf7340 5 asok(0x5579685a9a00) register_command cr dump hook 0x557968729f48 -145>
2021-09-27T20:02:37.605+0000 7fc368fe1700 1 -- 172.20.5.206:0/181444103 <== mon.0 v2:172.20.5.206:3300/0 4 ==== mgrmap(e 723) v1 ==== 74665+0+0 (secure 0 0 0) 0x7fc3800665a0 con 0x557968722bb0 -144>
2021-09-27T20:02:37.605+0000 7fc368fe1700 4 mgrc handle_mgr_map Got map version 723 -143>
2021-09-27T20:02:37.605+0000 7fc368fe1700 4 mgrc handle_mgr_map Active mgr is now [v2:172.20.5.208:6800/1980530765,v1:172.20.5.208:6801/1980530765] -142>
2021-09-27T20:02:37.605+0000 7fc368fe1700 4 mgrc reconnect Starting new session with [v2:172.20.5.208:6800/1980530765,v1:172.20.5.208:6801/1980530765] -141>
2021-09-27T20:02:37.605+0000 7fc368fe1700 1 --2- 172.20.5.206:0/181444103 >> [v2:172.20.5.208:6800/1980530765,v1:172.20.5.208:6801/1980530765] conn(0x7fc2e005d550 0x7fc2e005fa10 unknown :-1 s=NONE pgs=0 cs=0 l=1 rev1=0 rx=0 tx=0).connect -140>
2021-09-27T20:02:37.605+0000 7fc368fe1700 1 -- 172.20.5.206:0/181444103 <== mon.0 v2:172.20.5.206:3300/0 5 ==== osd_map(10239742..10239742 src has 10239153..10239742) v4 ==== 17435+0+0 (secure 0 0 0) 0x7fc380040040 con 0x557968722bb0 -139>
2021-09-27T20:02:37.606+0000 7fc3a8cf7340 5 note: GC not initialized -138>
2021-09-27T20:02:37.606+0000 7fc39586b700 1 --2- 172.20.5.206:0/181444103 >> [v2:172.20.5.208:6800/1980530765,v1:172.20.5.208:6801/1980530765] conn(0x7fc2e005d550 0x7fc2e005fa10 unknown :-1 s=BANNER_CONNECTING pgs=0 cs=0 l=1 rev1=0 rx=0 tx=0)._handle_peer_banner_payload supported=1 required=0 -137>
2021-09-27T20:02:37.606+0000 7fc39586b700 10 monclient: get_auth_request con 0x7fc2e005d550 auth_method 0 -136>
2021-09-27T20:02:37.606+0000 7fc39586b700 1 --2- 172.20.5.206:0/181444103 >> [v2:172.20.5.208:6800/1980530765,v1:172.20.5.208:6801/1980530765] conn(0x7fc2e005d550 0x7fc2e005fa10 secure :-1 s=READY pgs=3175 cs=0 l=1 rev1=1 rx=0x55796871f180 tx=0x7fc390058040).ready entity=mgr.68517206 client_cookie=0 server_cookie=0 in_seq=0 out_seq=0 -135>
2021-09-27T20:02:37.606+0000 7fc2d9ffb700 20 reqs_thread_entry: start -134>
2021-09-27T20:02:37.606+0000 7fc3a8cf7340 5 asok(0x5579685a9a00) register_command sync trace show hook 0x7fc380005550 -133>
2021-09-27T20:02:37.606+0000 7fc3a8cf7340 5 asok(0x5579685a9a00) register_command sync trace history hook 0x7fc380005550 -132>
2021-09-27T20:02:37.606+0000 7fc3a8cf7340 5 asok(0x5579685a9a00) register_command sync trace active hook 0x7fc380005550 -131>
2021-09-27T20:02:37.606+0000 7fc3a8cf7340 5 asok(0x5579685a9a00) register_command sync trace active_short hook 0x7fc380005550 -130>
2021-09-27T20:02:37.607+0000 7fc2cb7fe700 20 reqs_thread_entry: start -129>
2021-09-27T20:02:37.607+0000 7fc3a8cf7340 20 init_complete bucket index max shards: 11 -128>
2021-09-27T20:02:37.607+0000 7fc3a8cf7340 10 rgw notify: Started notification manager with: 1 workers -127>
2021-09-27T20:02:37.607+0000 7fc2c9ffb700 20 rgw notify: INFO: next queues processing will happen at: Mon Sep 27 20:03:08 2021 -126>
2021-09-27T20:02:37.607+0000 7fc2c97fa700 20 reqs_thread_entry: start -125>
2021-09-27T20:02:37.607+0000 7fc3a8cf7340 10 cache get: name=.rgw.root++default.realm : miss -124>
2021-09-27T20:02:37.607+0000 7fc3a8cf7340 20 rados->read ofs=0 len=0 -123>
2021-09-27T20:02:37.607+0000 7fc3a8cf7340 1 -- 172.20.5.206:0/689151199 --> [v2:172.20.5.208:6810/2779989345,v1:172.20.5.208:6811/2779989345] -- osd_op(unknown.0.0:73 113.12 113:49953fa1:::default.realm:head [read 0~0] snapc 0=[] ondisk+read+known_if_redirected e10239742) v8 -- 0x55796877fed0 con 0x5579686f21b0 -122>
2021-09-27T20:02:37.608+0000 7fc38c869700 1 -- 172.20.5.206:0/689151199 <== osd.8 v2:172.20.5.208:6810/2779989345 7 ==== osd_op_reply(73 default.realm [read 0~46 out=46b] v0'0 uv40 ondisk = 0) v8 ==== 157+0+46 (crc 0 0 0) 0x7fc380043040 con 0x5579686f21b0 -121>
2021-09-27T20:02:37.608+0000 7fc3a8cf7340 20 rados_obj.operate() r=0 bl.length=46 -120>
2021-09-27T20:02:37.608+0000 7fc3a8cf7340 10 cache put: name=.rgw.root++default.realm info.flags=0x1 -119>
2021-09-27T20:02:37.608+0000 7fc3a8cf7340 10 adding .rgw.root++default.realm to cache LRU end -118>
2021-09-27T20:02:37.608+0000 7fc3a8cf7340 10 cache get: name=.rgw.root++realms.b0b0afe2-1669-4815-bbd9-ebab94a24e6c : miss -117>
2021-09-27T20:02:37.608+0000 7fc3a8cf7340 20 rados->read ofs=0 len=0 -116>
2021-09-27T20:02:37.608+0000 7fc3a8cf7340 1 -- 172.20.5.206:0/689151199 --> [v2:172.20.5.210:6809/2441443141,v1:172.20.5.210:6811/2441443141] -- osd_op(unknown.0.0:74 113.5 113:a5c7b007:::realms.b0b0afe2-1669-4815-bbd9-ebab94a24e6c:head [read 0~0] snapc 0=[] ondisk+read+known_if_redirected e10239742) v8 -- 0x557968780ee0 con 0x5579686f5990 -115>
2021-09-27T20:02:37.608+0000 7fc39506a700 1 -- 172.20.5.206:0/689151199 <== osd.12 v2:172.20.5.210:6809/2441443141 13 ==== osd_op_reply(74 realms.b0b0afe2-1669-4815-bbd9-ebab94a24e6c [read 0~109 out=109b] v0'0 uv37 ondisk = 0) v8 ==== 187+0+109 (crc 0 0 0) 0x7fc388012040 con 0x5579686f5990 -114>
2021-09-27T20:02:37.608+0000 7fc3a8cf7340 20 rados_obj.operate() r=0 bl.length=109 -113>
2021-09-27T20:02:37.608+0000 7fc3a8cf7340 10 cache put: name=.rgw.root++realms.b0b0afe2-1669-4815-bbd9-ebab94a24e6c info.flags=0x1 -112>
2021-09-27T20:02:37.608+0000 7fc3a8cf7340 10 adding .rgw.root++realms.b0b0afe2-1669-4815-bbd9-ebab94a24e6c to cache LRU end -111>
2021-09-27T20:02:37.608+0000 7fc3a8cf7340 10 cache get: name=.rgw.root++realms.b0b0afe2-1669-4815-bbd9-ebab94a24e6c : hit (requested=0x1, cached=0x1) -110>
2021-09-27T20:02:37.608+0000 7fc3a8cf7340 10 cache get: name=.rgw.root++periods.1e202ad3-fcaf-47d4-8c87-18413418b0a7.latest_epoch : miss -109>
2021-09-27T20:02:37.608+0000 7fc3a8cf7340 20 rados->read ofs=0 len=0 -108>
2021-09-27T20:02:37.608+0000 7fc3a8cf7340 1 -- 172.20.5.206:0/689151199 --> [v2:172.20.5.209:6818/1648769461,v1:172.20.5.209:6819/1648769461] -- osd_op(unknown.0.0:75 113.15 113:ad6c57ee:::periods.1e202ad3-fcaf-47d4-8c87-18413418b0a7.latest_epoch:head [read 0~0] snapc 0=[] ondisk+read+known_if_redirected e10239742) v8 -- 0x557968781ef0 con 0x5579686f9410 -107>
2021-09-27T20:02:37.609+0000 7fc38c869700 1 -- 172.20.5.206:0/689151199 <== osd.11 v2:172.20.5.209:6818/1648769461 9 ==== osd_op_reply(75 periods.1e202ad3-fcaf-47d4-8c87-18413418b0a7.latest_epoch [read 0~10 out=10b] v0'0 uv3 ondisk = 0) v8 ==== 201+0+10 (crc 0 0 0) 0x7fc380043040 con 0x5579686f9410 -106>
2021-09-27T20:02:37.609+0000 7fc3a8cf7340 20 rados_obj.operate() r=0 bl.length=10 -105>
2021-09-27T20:02:37.609+0000 7fc3a8cf7340 10 cache put: name=.rgw.root++periods.1e202ad3-fcaf-47d4-8c87-18413418b0a7.latest_epoch info.flags=0x1 -104>
2021-09-27T20:02:37.609+0000 7fc3a8cf7340 10 adding .rgw.root++periods.1e202ad3-fcaf-47d4-8c87-18413418b0a7.latest_epoch to cache LRU end -103>
2021-09-27T20:02:37.609+0000 7fc3a8cf7340 10 cache get: name=.rgw.root++periods.1e202ad3-fcaf-47d4-8c87-18413418b0a7.1 : miss -102>
2021-09-27T20:02:37.609+0000 7fc3a8cf7340 20 rados->read ofs=0 len=0 -101>
2021-09-27T20:02:37.609+0000 7fc3a8cf7340 1 -- 172.20.5.206:0/689151199 --> [v2:172.20.5.210:6800/1349188196,v1:172.20.5.210:6801/1349188196] -- osd_op(unknown.0.0:76 113.1a 113:5cec02ab:::periods.1e202ad3-fcaf-47d4-8c87-18413418b0a7.1:head [read 0~0] snapc 0=[] ondisk+read+known_if_redirected e10239742) v8 -- 0x557968782f00 con 0x5579686fcc60 -100>
2021-09-27T20:02:37.610+0000 7fc39586b700 1 -- 172.20.5.206:0/689151199 <== osd.13 v2:172.20.5.210:6800/1349188196 3 ==== osd_op_reply(76 periods.1e202ad3-fcaf-47d4-8c87-18413418b0a7.1 [read 0~251 out=251b] v0'0 uv5 ondisk = 0) v8 ==== 190+0+251 (crc 0 0 0) 0x7fc39002e020 con 0x5579686fcc60 -99>
2021-09-27T20:02:37.610+0000 7fc3a8cf7340 20 rados_obj.operate() r=0 bl.length=251 -98>
2021-09-27T20:02:37.610+0000 7fc3a8cf7340 10 cache put: name=.rgw.root++periods.1e202ad3-fcaf-47d4-8c87-18413418b0a7.1 info.flags=0x1 -97>
2021-09-27T20:02:37.610+0000 7fc3a8cf7340 10 adding .rgw.root++periods.1e202ad3-fcaf-47d4-8c87-18413418b0a7.1 to cache LRU end -96>
2021-09-27T20:02:37.610+0000 7fc3a8cf7340 20 fork realm b0b0afe2-1669-4815-bbd9-ebab94a24e6c period 1e202ad3-fcaf-47d4-8c87-18413418b0a7 -95>
2021-09-27T20:02:37.610+0000 7fc3a8cf7340 20 update realm b0b0afe2-1669-4815-bbd9-ebab94a24e6c period b0b0afe2-1669-4815-bbd9-ebab94a24e6c:staging -94>
2021-09-27T20:02:37.610+0000 7fc3a8cf7340 1 -- 172.20.5.206:0/689151199 --> [v2:172.20.5.210:6802/2818076271,v1:172.20.5.210:6803/2818076271] -- osd_op(unknown.0.0:77 113.0 113:00000000::::head [pgnls start_epoch 10239742 in=39b] snapc 0=[] ondisk+read+ignore_overlay+known_if_redirected e10239742) v8 -- 0x5579687852d0 con 0x557968708750 -93>
2021-09-27T20:02:37.610+0000 7fc39586b700 1 -- 172.20.5.206:0/689151199 <== osd.14 v2:172.20.5.210:6802/2818076271 4 ==== osd_op_reply(77 [pgnls start_epoch 10239742 out=49b] v10239712'15 uv15 ondisk = 1) v8 ==== 144+0+49 (crc 0 0 0) 0x7fc39008c040 con 0x557968708750 -92>
2021-09-27T20:02:37.610+0000 7fc39586b700 1 -- 172.20.5.206:0/689151199 --> [v2:172.20.5.206:6804/2964801198,v1:172.20.5.206:6806/2964801198] -- osd_op(unknown.0.0:78 113.10 113:08000000::::head [pgnls start_epoch 10239742 in=39b] snapc 0=[] ondisk+read+ignore_overlay+known_if_redirected e10239742) v8 -- 0x557968782f00 con 0x7fc390028070 -91>
2021-09-27T20:02:37.611+0000 7fc39506a700 1 -- 172.20.5.206:0/689151199 <== osd.0 v2:172.20.5.206:6804/2964801198 9 ==== osd_op_reply(78 [pgnls start_epoch 10239742 out=49b] v10239712'16 uv15 ondisk = 1) v8 ==== 144+0+49 (crc 0 0 0) 0x7fc388012040 con 0x7fc390028070 -90>
2021-09-27T20:02:37.611+0000 7fc39506a700 1 -- 172.20.5.206:0/689151199 --> [v2:172.20.5.209:6804/2116853274,v1:172.20.5.209:6805/2116853274] -- osd_op(unknown.0.0:79 113.8 113:10000000::::head [pgnls start_epoch 10239742 in=39b] snapc 0=[] ondisk+read+ignore_overlay+known_if_redirected e10239742) v8 -- 0x7fc380047080 con 0x557968703f70 -89>
2021-09-27T20:02:37.611+0000 7fc38c869700 1 -- 172.20.5.206:0/689151199 <== osd.9 v2:172.20.5.209:6804/2116853274 6 ==== osd_op_reply(79 [pgnls start_epoch 10239742 out=111b] v10239712'8 uv8 ondisk = 1) v8 ==== 144+0+111 (crc 0 0 0) 0x7fc380043040 con 0x557968703f70 -88>
2021-09-27T20:02:37.611+0000 7fc38c869700 1 -- 172.20.5.206:0/689151199 --> [v2:172.20.5.208:6818/549835457,v1:172.20.5.208:6819/549835457] -- osd_op(unknown.0.0:80 113.18 113:18000000::::head [pgnls start_epoch 10239742 in=39b] snapc 0=[] ondisk+read+ignore_overlay+known_if_redirected e10239742) v8 -- 0x557968707790 con 0x7fc380008040 -87>
2021-09-27T20:02:37.612+0000 7fc38c869700 1 -- 172.20.5.206:0/689151199 <== osd.6 v2:172.20.5.208:6818/549835457 3 ==== osd_op_reply(80 [pgnls start_epoch 10239742 out=49b] v10239712'12 uv12 ondisk = 1) v8 ==== 144+0+49 (crc 0 0 0) 0x7fc380043040 con 0x7fc380008040 -86>
2021-09-27T20:02:37.612+0000 7fc38c869700 1 -- 172.20.5.206:0/689151199 --> [v2:172.20.5.208:6810/2779989345,v1:172.20.5.208:6811/2779989345] -- osd_op(unknown.0.0:81 113.4 113:20000000::::head [pgnls start_epoch 10239742 in=39b] snapc 0=[] ondisk+read+ignore_overlay+known_if_redirected e10239742) v8 -- 0x557968707790 con 0x5579686f21b0 -85>
2021-09-27T20:02:37.612+0000 7fc38c869700 1 -- 172.20.5.206:0/689151199 <== osd.8 v2:172.20.5.208:6810/2779989345 8 ==== osd_op_reply(81 [pgnls start_epoch 10239742 out=174b] v10239712'5 uv5 ondisk = 1) v8 ==== 144+0+174 (crc 0 0 0) 0x7fc380043040 con 0x5579686f21b0 -84>
2021-09-27T20:02:37.612+0000 7fc38c869700 1 -- 172.20.5.206:0/689151199 --> [v2:172.20.5.209:6802/135607544,v1:172.20.5.209:6803/135607544] -- osd_op(unknown.0.0:82 113.14 113:28000000::::head [pgnls start_epoch 10239742 in=39b] snapc 0=[] ondisk+read+ignore_overlay+known_if_redirected e10239742) v8 -- 0x557968707790 con 0x7fc380035400 -83>
2021-09-27T20:02:37.613+0000 7fc39586b700 1 -- 172.20.5.206:0/689151199 <== osd.10 v2:172.20.5.209:6802/135607544 4 ==== osd_op_reply(82 [pgnls start_epoch 10239742 out=49b] v10239731'11 uv11 ondisk = 1) v8 ==== 144+0+49 (crc 0 0 0) 0x7fc39008c040 con 0x7fc380035400 -82>
2021-09-27T20:02:37.613+0000 7fc39586b700 1 -- 172.20.5.206:0/689151199 --> [v2:172.20.5.209:6804/2116853274,v1:172.20.5.209:6805/2116853274] -- osd_op(unknown.0.0:83 113.c 113:30000000::::head [pgnls start_epoch 10239742 in=39b] snapc 0=[] ondisk+read+ignore_overlay+known_if_redirected e10239742) v8 -- 0x557968707790 con 0x557968703f70 -81>
2021-09-27T20:02:37.613+0000 7fc38c869700 1 -- 172.20.5.206:0/689151199 <== osd.9 v2:172.20.5.209:6804/2116853274 7 ==== osd_op_reply(83 [pgnls start_epoch 10239742 out=49b] v10239712'2 uv2 ondisk = 1) v8 ==== 144+0+49 (crc 0 0 0) 0x7fc380043040 con 0x557968703f70 -80>
2021-09-27T20:02:37.613+0000 7fc38c869700 1 -- 172.20.5.206:0/689151199 --> [v2:172.20.5.206:6804/2964801198,v1:172.20.5.206:6806/2964801198] -- osd_op(unknown.0.0:84 113.1c 113:38000000::::head [pgnls start_epoch 10239742 in=39b] snapc 0=[] ondisk+read+ignore_overlay+known_if_redirected e10239742) v8 -- 0x557968707790 con 0x7fc390028070 -79>
2021-09-27T20:02:37.614+0000 7fc39506a700 1 -- 172.20.5.206:0/689151199 <== osd.0 v2:172.20.5.206:6804/2964801198 10 ==== osd_op_reply(84 [pgnls start_epoch 10239742 out=144b] v10239723'11 uv11 ondisk = 1) v8 ==== 144+0+144 (crc 0 0 0) 0x7fc388012040 con 0x7fc390028070 -78>
2021-09-27T20:02:37.614+0000 7fc39506a700 1 -- 172.20.5.206:0/689151199 --> [v2:172.20.5.210:6802/2818076271,v1:172.20.5.210:6803/2818076271] -- osd_op(unknown.0.0:85 113.2 113:40000000::::head [pgnls start_epoch 10239742 in=39b] snapc 0=[] ondisk+read+ignore_overlay+known_if_redirected e10239742) v8 -- 0x557968707790 con 0x557968708750 -77>
2021-09-27T20:02:37.614+0000 7fc39586b700 1 -- 172.20.5.206:0/689151199 <== osd.14 v2:172.20.5.210:6802/2818076271 5 ==== osd_op_reply(85 [pgnls start_epoch 10239742 out=49b] v10239712'1 uv0 ondisk = 1) v8 ==== 144+0+49 (crc 0 0 0) 0x7fc39008c040 con 0x557968708750 -76>
2021-09-27T20:02:37.614+0000 7fc39586b700 1 -- 172.20.5.206:0/689151199 --> [v2:172.20.5.208:6810/2779989345,v1:172.20.5.208:6811/2779989345] -- osd_op(unknown.0.0:86 113.12 113:48000000::::head [pgnls start_epoch 10239742 in=39b] snapc 0=[] ondisk+read+ignore_overlay+known_if_redirected e10239742) v8 -- 0x557968707790 con 0x5579686f21b0 -75>
2021-09-27T20:02:37.615+0000 7fc38c869700 1 -- 172.20.5.206:0/689151199 <== osd.8 v2:172.20.5.208:6810/2779989345 9 ==== osd_op_reply(86 [pgnls start_epoch 10239742 out=135b] v10239712'40 uv40 ondisk = 1) v8 ==== 144+0+135 (crc 0 0 0) 0x7fc380043040 con 0x5579686f21b0 -74>
2021-09-27T20:02:37.615+0000 7fc38c869700 1 -- 172.20.5.206:0/689151199 --> [v2:172.20.5.207:6810/2386632775,v1:172.20.5.207:6811/2386632775] -- osd_op(unknown.0.0:87 113.a 113:50000000::::head [pgnls start_epoch 10239742 in=39b] snapc 0=[] ondisk+read+ignore_overlay+known_if_redirected e10239742) v8 -- 0x557968707790 con 0x7fc380039920 -73>
2021-09-27T20:02:37.615+0000 7fc39506a700 1 -- 172.20.5.206:0/689151199 <== osd.5 v2:172.20.5.207:6810/2386632775 7 ==== osd_op_reply(87 [pgnls start_epoch 10239742 out=49b] v10239447'3 uv3 ondisk = 1) v8 ==== 144+0+49 (crc 0 0 0) 0x7fc388012040 con 0x7fc380039920 -72>
2021-09-27T20:02:37.615+0000 7fc39506a700 1 -- 172.20.5.206:0/689151199 --> [v2:172.20.5.210:6800/1349188196,v1:172.20.5.210:6801/1349188196] -- osd_op(unknown.0.0:88 113.1a 113:58000000::::head [pgnls start_epoch 10239742 in=39b] snapc 0=[] ondisk+read+ignore_overlay+known_if_redirected e10239742) v8 -- 0x557968707790 con 0x5579686fcc60 -71>
2021-09-27T20:02:37.616+0000 7fc39586b700 1 -- 172.20.5.206:0/689151199 <== osd.13 v2:172.20.5.210:6800/1349188196 4 ==== osd_op_reply(88 [pgnls start_epoch 10239742 out=107b] v10239712'5 uv5 ondisk = 1) v8 ==== 144+0+107 (crc 0 0 0) 0x7fc39008c040 con 0x5579686fcc60 -70>
2021-09-27T20:02:37.616+0000 7fc39586b700 1 -- 172.20.5.206:0/689151199 --> [v2:172.20.5.210:6809/2441443141,v1:172.20.5.210:6811/2441443141] -- osd_op(unknown.0.0:89 113.6 113:60000000::::head [pgnls start_epoch 10239742 in=39b] snapc 0=[] ondisk+read+ignore_overlay+known_if_redirected e10239742) v8 -- 0x557968707790 con 0x5579686f5990 -69>
2021-09-27T20:02:37.617+0000 7fc39506a700 1 -- 172.20.5.206:0/689151199 <== osd.12 v2:172.20.5.210:6809/2441443141 14 ==== osd_op_reply(89 [pgnls start_epoch 10239742 out=91b] v10239734'9 uv9 ondisk = 1) v8 ==== 144+0+91 (crc 0 0 0) 0x7fc388012040 con 0x5579686f5990 -68>
2021-09-27T20:02:37.617+0000 7fc39506a700 1 -- 172.20.5.206:0/689151199 --> [v2:172.20.5.206:6804/2964801198,v1:172.20.5.206:6806/2964801198] -- osd_op(unknown.0.0:90 113.16 113:68000000::::head [pgnls start_epoch 10239742 in=39b] snapc 0=[] ondisk+read+ignore_overlay+known_if_redirected e10239742) v8 -- 0x557968707790 con 0x7fc390028070 -67>
2021-09-27T20:02:37.617+0000 7fc39506a700 1 -- 172.20.5.206:0/689151199 <== osd.0 v2:172.20.5.206:6804/2964801198 11 ==== osd_op_reply(90 [pgnls start_epoch 10239742 out=49b] v0'0 uv0 ondisk = 1) v8 ==== 144+0+49 (crc 0 0 0) 0x7fc388012040 con 0x7fc390028070 -66>
2021-09-27T20:02:37.617+0000 7fc39506a700 1 -- 172.20.5.206:0/689151199 --> [v2:172.20.5.207:6818/1412066196,v1:172.20.5.207:6819/1412066196] -- osd_op(unknown.0.0:91 113.e 113:70000000::::head [pgnls start_epoch 10239742 in=39b] snapc 0=[] ondisk+read+ignore_overlay+known_if_redirected e10239742) v8 -- 0x557968707790 con 0x7fc38802c400 -65>
2021-09-27T20:02:37.617+0000 7fc38c869700 1 -- 172.20.5.206:0/689151199 <== osd.3 v2:172.20.5.207:6818/1412066196 3 ==== osd_op_reply(91 [pgnls start_epoch 10239742 out=107b] v10239723'5 uv5 ondisk = 1) v8 ==== 144+0+107 (crc 0 0 0) 0x7fc380043040 con 0x7fc38802c400 -64>
2021-09-27T20:02:37.618+0000 7fc38c869700 1 -- 172.20.5.206:0/689151199 --> [v2:172.20.5.210:6809/2441443141,v1:172.20.5.210:6811/2441443141] -- osd_op(unknown.0.0:92 113.1e 113:78000000::::head [pgnls start_epoch 10239742 in=39b] snapc 0=[] ondisk+read+ignore_overlay+known_if_redirected e10239742) v8 -- 0x557968707790 con 0x5579686f5990 -63>
2021-09-27T20:02:37.618+0000 7fc39506a700 1 -- 172.20.5.206:0/689151199 <== osd.12 v2:172.20.5.210:6809/2441443141 15 ==== osd_op_reply(92 [pgnls start_epoch 10239742 out=115b] v10239720'3 uv3 ondisk = 1) v8 ==== 144+0+115 (crc 0 0 0) 0x7fc388012040 con 0x5579686f5990 -62>
2021-09-27T20:02:37.618+0000 7fc39506a700 1 -- 172.20.5.206:0/689151199 --> [v2:172.20.5.211:6803/632375035,v1:172.20.5.211:6806/632375035] -- osd_op(unknown.0.0:93 113.1 113:80000000::::head [pgnls start_epoch 10239742 in=39b] snapc 0=[] ondisk+read+ignore_overlay+known_if_redirected e10239742) v8 -- 0x557968707790 con 0x7fc388038900 -61>
2021-09-27T20:02:37.619+0000 7fc39586b700 1 -- 172.20.5.206:0/689151199 <== osd.17 v2:172.20.5.211:6803/632375035 4 ==== osd_op_reply(93 [pgnls start_epoch 10239742 out=49b] v0'0 uv0 ondisk = 1) v8 ==== 144+0+49 (crc 0 0 0) 0x7fc39008c040 con 0x7fc388038900 -60>
2021-09-27T20:02:37.619+0000 7fc39586b700 1 -- 172.20.5.206:0/689151199 --> [v2:172.20.5.209:6802/135607544,v1:172.20.5.209:6803/135607544] -- osd_op(unknown.0.0:94 113.11 113:88000000::::head [pgnls start_epoch 10239742 in=39b] snapc 0=[] ondisk+read+ignore_overlay+known_if_redirected e10239742) v8 -- 0x557968707790 con 0x7fc380035400 -59>
2021-09-27T20:02:37.619+0000 7fc39586b700 1 -- 172.20.5.206:0/689151199 <== osd.10 v2:172.20.5.209:6802/135607544 5 ==== osd_op_reply(94 [pgnls start_epoch 10239742 out=49b] v10239712'19 uv15 ondisk = 1) v8 ==== 144+0+49 (crc 0 0 0) 0x7fc39008c040 con 0x7fc380035400 -58>
2021-09-27T20:02:37.619+0000 7fc39586b700 1 -- 172.20.5.206:0/689151199 --> [v2:172.20.5.206:6804/2964801198,v1:172.20.5.206:6806/2964801198] -- osd_op(unknown.0.0:95 113.9 113:90000000::::head [pgnls start_epoch 10239742 in=39b] snapc 0=[] ondisk+read+ignore_overlay+known_if_redirected e10239742) v8 -- 0x557968707790 con 0x7fc390028070 -57>
2021-09-27T20:02:37.620+0000 7fc39506a700 1 -- 172.20.5.206:0/689151199 <== osd.0 v2:172.20.5.206:6804/2964801198 12 ==== osd_op_reply(95 [pgnls start_epoch 10239742 out=49b] v10239712'8 uv6 ondisk = 1) v8 ==== 144+0+49 (crc 0 0 0) 0x7fc388012040 con 0x7fc390028070 -56>
2021-09-27T20:02:37.620+0000 7fc39506a700 1 -- 172.20.5.206:0/689151199 --> [v2:172.20.5.209:6818/1648769461,v1:172.20.5.209:6819/1648769461] -- osd_op(unknown.0.0:96 113.19 113:98000000::::head [pgnls start_epoch 10239742 in=39b] snapc 0=[] ondisk+read+ignore_overlay+known_if_redirected e10239742) v8 -- 0x557968707790 con 0x5579686f9410 -55>
2021-09-27T20:02:37.620+0000 7fc38c869700 1 -- 172.20.5.206:0/689151199 <== osd.11 v2:172.20.5.209:6818/1648769461 10 ==== osd_op_reply(96 [pgnls start_epoch 10239742 out=49b] v0'0 uv0 ondisk = 1) v8 ==== 144+0+49 (crc 0 0 0) 0x7fc38007e040 con 0x5579686f9410 -54>
2021-09-27T20:02:37.620+0000 7fc38c869700 1 -- 172.20.5.206:0/689151199 --> [v2:172.20.5.210:6809/2441443141,v1:172.20.5.210:6811/2441443141] -- osd_op(unknown.0.0:97 113.5 113:a0000000::::head [pgnls start_epoch 10239742 in=39b] snapc 0=[] ondisk+read+ignore_overlay+known_if_redirected e10239742) v8 -- 0x557968707790 con 0x5579686f5990 -53>
2021-09-27T20:02:37.621+0000 7fc39506a700 1 -- 172.20.5.206:0/689151199 <== osd.12 v2:172.20.5.210:6809/2441443141 16 ==== osd_op_reply(97 [pgnls start_epoch 10239742 out=166b] v10239712'37 uv37 ondisk = 1) v8 ==== 144+0+166 (crc 0 0 0) 0x7fc388012040 con 0x5579686f5990 -52>
2021-09-27T20:02:37.621+0000 7fc39506a700 1 -- 172.20.5.206:0/689151199 --> [v2:172.20.5.209:6818/1648769461,v1:172.20.5.209:6819/1648769461] -- osd_op(unknown.0.0:98 113.15 113:a8000000::::head [pgnls start_epoch 10239742 in=39b] snapc 0=[] ondisk+read+ignore_overlay+known_if_redirected e10239742) v8 -- 0x557968707790 con 0x5579686f9410 -51>
2021-09-27T20:02:37.621+0000 7fc38c869700 1 -- 172.20.5.206:0/689151199 <== osd.11 v2:172.20.5.209:6818/1648769461 11 ==== osd_op_reply(98 [pgnls start_epoch 10239742 out=118b] v10239712'3 uv3 ondisk = 1) v8 ==== 144+0+118 (crc 0 0 0) 0x7fc38007e040 con 0x5579686f9410 -50>
2021-09-27T20:02:37.621+0000 7fc38c869700 1 -- 172.20.5.206:0/689151199 --> [v2:172.20.5.210:6809/2441443141,v1:172.20.5.210:6811/2441443141] -- osd_op(unknown.0.0:99 113.d 113:b0000000::::head [pgnls start_epoch 10239742 in=39b] snapc 0=[] ondisk+read+ignore_overlay+known_if_redirected e10239742) v8 -- 0x557968707790 con 0x5579686f5990 -49>
2021-09-27T20:02:37.622+0000 7fc39506a700 1 -- 172.20.5.206:0/689151199 <== osd.12 v2:172.20.5.210:6809/2441443141 17 ==== osd_op_reply(99 [pgnls start_epoch 10239742 out=49b] v10239712'8 uv8 ondisk = 1) v8 ==== 144+0+49 (crc 0 0 0) 0x7fc388012040 con 0x5579686f5990 -48>
2021-09-27T20:02:37.622+0000 7fc39506a700 1 -- 172.20.5.206:0/689151199 --> [v2:172.20.5.208:6802/2404441758,v1:172.20.5.208:6803/2404441758] -- osd_op(unknown.0.0:100 113.1d 113:b8000000::::head [pgnls start_epoch 10239742 in=39b] snapc 0=[] ondisk+read+ignore_overlay+known_if_redirected e10239742) v8 -- 0x557968707790 con 0x7fc388047460 -47>
2021-09-27T20:02:37.622+0000 7fc39506a700 1 -- 172.20.5.206:0/689151199 <== osd.7 v2:172.20.5.208:6802/2404441758 2 ==== osd_op_reply(100 [pgnls start_epoch 10239742 out=49b] v10239712'6 uv4 ondisk = 1) v8 ==== 144+0+49 (crc 0 0 0) 0x7fc388012040 con 0x7fc388047460 -46>
2021-09-27T20:02:37.623+0000 7fc39506a700 1 -- 172.20.5.206:0/689151199 --> [v2:172.20.5.207:6810/2386632775,v1:172.20.5.207:6811/2386632775] -- osd_op(unknown.0.0:101 113.3 113:c0000000::::head [pgnls start_epoch 10239742 in=39b] snapc 0=[] ondisk+read+ignore_overlay+known_if_redirected e10239742) v8 -- 0x557968707790 con 0x7fc380039920 -45>
2021-09-27T20:02:37.623+0000 7fc39506a700 1 -- 172.20.5.206:0/689151199 <== osd.5 v2:172.20.5.207:6810/2386632775 8 ==== osd_op_reply(101 [pgnls start_epoch 10239742 out=49b] v0'0 uv0 ondisk = 1) v8 ==== 144+0+49 (crc 0 0 0) 0x7fc388012040 con 0x7fc380039920 -44>
2021-09-27T20:02:37.623+0000 7fc39506a700 1 -- 172.20.5.206:0/689151199 --> [v2:172.20.5.206:6802/2451743310,v1:172.20.5.206:6803/2451743310] -- osd_op(unknown.0.0:102 113.13 113:c8000000::::head [pgnls start_epoch 10239742 in=39b] snapc 0=[] ondisk+read+ignore_overlay+known_if_redirected e10239742) v8 -- 0x557968707790 con 0x5579686ffef0 -43>
2021-09-27T20:02:37.624+0000 7fc39506a700 1 -- 172.20.5.206:0/689151199 <== osd.1 v2:172.20.5.206:6802/2451743310 6 ==== osd_op_reply(102 [pgnls start_epoch 10239742 out=49b] v10239712'2 uv2 ondisk = 1) v8 ==== 144+0+49 (crc 0 0 0) 0x7fc388012040 con 0x5579686ffef0 -42>
2021-09-27T20:02:37.624+0000 7fc39506a700 1 -- 172.20.5.206:0/689151199 --> [v2:172.20.5.209:6818/1648769461,v1:172.20.5.209:6819/1648769461] -- osd_op(unknown.0.0:103 113.b 113:d0000000::::head [pgnls start_epoch 10239742 in=39b] snapc 0=[] ondisk+read+ignore_overlay+known_if_redirected e10239742) v8 -- 0x557968707790 con 0x5579686f9410 -41>
2021-09-27T20:02:37.624+0000 7fc38c869700 1 -- 172.20.5.206:0/689151199 <== osd.11 v2:172.20.5.209:6818/1648769461 12 ==== osd_op_reply(103 [pgnls start_epoch 10239742 out=49b] v10239712'2 uv0 ondisk = 1) v8 ==== 144+0+49 (crc 0 0 0) 0x7fc38007e040 con 0x5579686f9410 -40>
2021-09-27T20:02:37.624+0000 7fc38c869700 1 -- 172.20.5.206:0/689151199 --> [v2:172.20.5.210:6802/2818076271,v1:172.20.5.210:6803/2818076271] -- osd_op(unknown.0.0:104 113.1b 113:d8000000::::head [pgnls start_epoch 10239742 in=39b] snapc 0=[] ondisk+read+ignore_overlay+known_if_redirected e10239742) v8 -- 0x557968707790 con 0x557968708750 -39>
2021-09-27T20:02:37.625+0000 7fc39586b700 1 -- 172.20.5.206:0/689151199 <== osd.14 v2:172.20.5.210:6802/2818076271 6 ==== osd_op_reply(104 [pgnls start_epoch 10239742 out=49b] v10239712'4 uv4 ondisk = 1) v8 ==== 144+0+49 (crc 0 0 0) 0x7fc39008c040 con 0x557968708750 -38>
2021-09-27T20:02:37.625+0000 7fc39586b700 1 -- 172.20.5.206:0/689151199 --> [v2:172.20.5.207:6810/2386632775,v1:172.20.5.207:6811/2386632775] -- osd_op(unknown.0.0:105 113.7 113:e0000000::::head [pgnls start_epoch 10239742 in=39b] snapc 0=[] ondisk+read+ignore_overlay+known_if_redirected e10239742) v8 -- 0x557968707790 con 0x7fc380039920 -37>
2021-09-27T20:02:37.625+0000 7fc39506a700 1 -- 172.20.5.206:0/689151199 <== osd.5 v2:172.20.5.207:6810/2386632775 9 ==== osd_op_reply(105 [pgnls start_epoch 10239742 out=49b] v0'0 uv0 ondisk = 1) v8 ==== 144+0+49 (crc 0 0 0) 0x7fc388012040 con 0x7fc380039920 -36>
