[root@d5cln206 ~]# radosgw-admin period update --commit --debug-ms=1 --debug-rgw=20
2021-09-27T20:02:37.522+0000 7fc3a8cf7340 1 Processor -- start
2021-09-27T20:02:37.522+0000 7fc3a8cf7340 1 -- start start
2021-09-27T20:02:37.522+0000 7fc3a8cf7340 1 --2- >> [v2:172.20.5.208:3300/0,v1:172.20.5.208:6789/0] conn(0x5579686b8110 0x5579686d7aa0 unknown :-1 s=NONE pgs=0 cs=0 l=0 rev1=0 rx=0 tx=0).connect
2021-09-27T20:02:37.522+0000 7fc3a8cf7340 1 --2- >> [v2:172.20.5.206:3300/0,v1:172.20.5.206:6789/0] conn(0x5579686bdad0 0x5579686d7f90 unknown :-1 s=NONE pgs=0 cs=0 l=0 rev1=0 rx=0 tx=0).connect
2021-09-27T20:02:37.522+0000 7fc3a8cf7340 1 --2- >> [v2:172.20.5.207:3300/0,v1:172.20.5.207:6789/0] conn(0x5579686be3a0 0x557968621f50 unknown :-1 s=NONE pgs=0 cs=0 l=0 rev1=0 rx=0 tx=0).connect
2021-09-27T20:02:37.522+0000 7fc3a8cf7340 1 -- --> [v2:172.20.5.206:3300/0,v1:172.20.5.206:6789/0] -- mon_getmap magic: 0 v1 -- 0x5579686226d0 con 0x5579686bdad0
2021-09-27T20:02:37.522+0000 7fc3a8cf7340 1 -- --> [v2:172.20.5.207:3300/0,v1:172.20.5.207:6789/0] -- mon_getmap magic: 0 v1 -- 0x557968622840 con 0x5579686be3a0
2021-09-27T20:02:37.522+0000 7fc3a8cf7340 1 -- --> [v2:172.20.5.208:3300/0,v1:172.20.5.208:6789/0] -- mon_getmap magic: 0 v1 -- 0x557968622a00 con 0x5579686b8110
2021-09-27T20:02:37.522+0000 7fc39586b700 1 --2- >> [v2:172.20.5.207:3300/0,v1:172.20.5.207:6789/0] conn(0x5579686be3a0 0x557968621f50 unknown :-1 s=BANNER_CONNECTING pgs=0 cs=0 l=0 rev1=0 rx=0 tx=0)._handle_peer_banner_payload supported=1 required=0
2021-09-27T20:02:37.522+0000 7fc39586b700 1 --2- >> [v2:172.20.5.207:3300/0,v1:172.20.5.207:6789/0] conn(0x5579686be3a0 0x557968621f50 unknown :-1 s=HELLO_CONNECTING pgs=0 cs=0 l=0 rev1=1 rx=0 tx=0).handle_hello peer v2:172.20.5.207:3300/0 says I am v2:172.20.5.206:50298/0 (socket says 172.20.5.206:50298)
2021-09-27T20:02:37.522+0000 7fc38c869700 1 --2- >> [v2:172.20.5.206:3300/0,v1:172.20.5.206:6789/0] conn(0x5579686bdad0 0x5579686d7f90 unknown :-1 s=BANNER_CONNECTING pgs=0 cs=0 l=0 rev1=0 rx=0 tx=0)._handle_peer_banner_payload supported=1 required=0
2021-09-27T20:02:37.522+0000 7fc39586b700 1 -- 172.20.5.206:0/2035501955 learned_addr learned my addr 172.20.5.206:0/2035501955 (peer_addr_for_me v2:172.20.5.206:0/0)
2021-09-27T20:02:37.522+0000 7fc39506a700 1 --2- 172.20.5.206:0/2035501955 >> [v2:172.20.5.208:3300/0,v1:172.20.5.208:6789/0] conn(0x5579686b8110 0x5579686d7aa0 unknown :-1 s=BANNER_CONNECTING pgs=0 cs=0 l=0 rev1=0 rx=0 tx=0)._handle_peer_banner_payload supported=1 required=0
2021-09-27T20:02:37.523+0000 7fc39586b700 1 -- 172.20.5.206:0/2035501955 >> [v2:172.20.5.208:3300/0,v1:172.20.5.208:6789/0] conn(0x5579686b8110 msgr2=0x5579686d7aa0 unknown :-1 s=STATE_CONNECTION_ESTABLISHED l=0).mark_down
2021-09-27T20:02:37.523+0000 7fc39586b700 1 --2- 172.20.5.206:0/2035501955 >> [v2:172.20.5.208:3300/0,v1:172.20.5.208:6789/0] conn(0x5579686b8110 0x5579686d7aa0 unknown :-1 s=AUTH_CONNECTING pgs=0 cs=0 l=0 rev1=1 rx=0 tx=0).stop
2021-09-27T20:02:37.523+0000 7fc39586b700 1 -- 172.20.5.206:0/2035501955 >> [v2:172.20.5.206:3300/0,v1:172.20.5.206:6789/0] conn(0x5579686bdad0 msgr2=0x5579686d7f90 unknown :-1 s=STATE_CONNECTION_ESTABLISHED l=0).mark_down
2021-09-27T20:02:37.523+0000 7fc39586b700 1 --2- 172.20.5.206:0/2035501955 >> [v2:172.20.5.206:3300/0,v1:172.20.5.206:6789/0] conn(0x5579686bdad0 0x5579686d7f90 unknown :-1 s=AUTH_CONNECTING pgs=0 cs=0 l=0 rev1=1 rx=0 tx=0).stop
2021-09-27T20:02:37.523+0000 7fc39586b700 1 -- 172.20.5.206:0/2035501955 --> [v2:172.20.5.207:3300/0,v1:172.20.5.207:6789/0] -- mon_subscribe({config=0+,monmap=0+}) v3 -- 0x7fc39000a180 con 0x5579686be3a0
2021-09-27T20:02:37.523+0000 7fc39586b700 1 --2- 172.20.5.206:0/2035501955 >> [v2:172.20.5.207:3300/0,v1:172.20.5.207:6789/0] conn(0x5579686be3a0 0x557968621f50 secure :-1 s=READY pgs=778 cs=0 l=1 rev1=1 rx=0x7fc390006fd0 tx=0x7fc390005e00).ready entity=mon.1 client_cookie=baeaef1e4048873d server_cookie=0 in_seq=0 out_seq=0
2021-09-27T20:02:37.523+0000 7fc38ffff700 1 -- 172.20.5.206:0/2035501955 <== mon.1 v2:172.20.5.207:3300/0 1 ==== mon_map magic: 0 v1 ==== 484+0+0 (secure 0 0 0) 0x7fc390005710 con 0x5579686be3a0
2021-09-27T20:02:37.523+0000 7fc38ffff700 1 -- 172.20.5.206:0/2035501955 <== mon.1 v2:172.20.5.207:3300/0 2 ==== config(6 keys) v1 ==== 313+0+0 (secure 0 0 0) 0x7fc39000c4a0 con 0x5579686be3a0
2021-09-27T20:02:37.523+0000 7fc38ffff700 1 -- 172.20.5.206:0/2035501955 <== mon.1 v2:172.20.5.207:3300/0 3 ==== mon_map magic: 0 v1 ==== 484+0+0 (secure 0 0 0) 0x7fc39001c730 con 0x5579686be3a0
2021-09-27T20:02:37.524+0000 7fc3a8cf7340 1 -- 172.20.5.206:0/2035501955 >> [v2:172.20.5.207:3300/0,v1:172.20.5.207:6789/0] conn(0x5579686be3a0 msgr2=0x557968621f50 secure :-1 s=STATE_CONNECTION_ESTABLISHED l=1).mark_down
2021-09-27T20:02:37.524+0000 7fc3a8cf7340 1 --2- 172.20.5.206:0/2035501955 >> [v2:172.20.5.207:3300/0,v1:172.20.5.207:6789/0] conn(0x5579686be3a0 0x557968621f50 secure :-1 s=READY pgs=778 cs=0 l=1 rev1=1 rx=0x7fc390006fd0 tx=0x7fc390005e00).stop
2021-09-27T20:02:37.524+0000 7fc3a8cf7340 1 -- 172.20.5.206:0/2035501955 shutdown_connections
2021-09-27T20:02:37.524+0000 7fc3a8cf7340 1 --2- 172.20.5.206:0/2035501955 >> [v2:172.20.5.207:3300/0,v1:172.20.5.207:6789/0] conn(0x5579686be3a0 0x557968621f50 unknown :-1 s=CLOSED pgs=778 cs=0 l=1 rev1=1 rx=0 tx=0).stop
2021-09-27T20:02:37.524+0000 7fc3a8cf7340 1 --2- 172.20.5.206:0/2035501955 >> [v2:172.20.5.208:3300/0,v1:172.20.5.208:6789/0] conn(0x5579686b8110 0x5579686d7aa0 unknown :-1 s=CLOSED pgs=0 cs=0 l=0 rev1=1 rx=0 tx=0).stop
2021-09-27T20:02:37.524+0000 7fc3a8cf7340 1 --2- 172.20.5.206:0/2035501955 >> [v2:172.20.5.206:3300/0,v1:172.20.5.206:6789/0] conn(0x5579686bdad0 0x5579686d7f90 unknown :-1 s=CLOSED pgs=0 cs=0 l=0 rev1=1 rx=0 tx=0).stop
2021-09-27T20:02:37.524+0000 7fc3a8cf7340 1 -- 172.20.5.206:0/2035501955 >> 172.20.5.206:0/2035501955 conn(0x5579686b3670 msgr2=0x5579686d2fb0 unknown :-1 s=STATE_NONE l=0).mark_down
2021-09-27T20:02:37.524+0000 7fc3a8cf7340 1 -- 172.20.5.206:0/2035501955 shutdown_connections
2021-09-27T20:02:37.524+0000 7fc3a8cf7340 1 -- 172.20.5.206:0/2035501955 wait complete.
2021-09-27T20:02:37.525+0000 7fc3a8cf7340 1 Processor -- start
2021-09-27T20:02:37.525+0000 7fc3a8cf7340 1 -- start start
2021-09-27T20:02:37.525+0000 7fc3a8cf7340 1 --2- >> [v2:172.20.5.208:3300/0,v1:172.20.5.208:6789/0] conn(0x5579686b8110 0x5579686e40e0 unknown :-1 s=NONE pgs=0 cs=0 l=1 rev1=0 rx=0 tx=0).connect
2021-09-27T20:02:37.525+0000 7fc3a8cf7340 1 --2- >> [v2:172.20.5.207:3300/0,v1:172.20.5.207:6789/0] conn(0x5579686bdad0 0x5579686df470 unknown :-1 s=NONE pgs=0 cs=0 l=1 rev1=0 rx=0 tx=0).connect
2021-09-27T20:02:37.525+0000 7fc3a8cf7340 1 --2- >> [v2:172.20.5.206:3300/0,v1:172.20.5.206:6789/0] conn(0x5579686be3a0 0x5579686df960 unknown :-1 s=NONE pgs=0 cs=0 l=1 rev1=0 rx=0 tx=0).connect
2021-09-27T20:02:37.525+0000 7fc3a8cf7340 1 -- --> [v2:172.20.5.206:3300/0,v1:172.20.5.206:6789/0] -- mon_getmap magic: 0 v1 -- 0x5579686dff10 con 0x5579686be3a0
2021-09-27T20:02:37.525+0000 7fc3a8cf7340 1 -- --> [v2:172.20.5.207:3300/0,v1:172.20.5.207:6789/0] -- mon_getmap magic: 0 v1 -- 0x5579686e0080 con 0x5579686bdad0
2021-09-27T20:02:37.525+0000 7fc3a8cf7340 1 -- --> [v2:172.20.5.208:3300/0,v1:172.20.5.208:6789/0] -- mon_getmap magic: 0 v1 -- 0x5579686e0240 con 0x5579686b8110
2021-09-27T20:02:37.525+0000 7fc39586b700 1 --2- >> [v2:172.20.5.206:3300/0,v1:172.20.5.206:6789/0] conn(0x5579686be3a0 0x5579686df960 unknown :-1 s=BANNER_CONNECTING pgs=0 cs=0 l=1 rev1=0 rx=0 tx=0)._handle_peer_banner_payload supported=1 required=0
2021-09-27T20:02:37.525+0000 7fc38c869700 1 --2- >> [v2:172.20.5.207:3300/0,v1:172.20.5.207:6789/0] conn(0x5579686bdad0 0x5579686df470 unknown :-1 s=BANNER_CONNECTING pgs=0 cs=0 l=1 rev1=0 rx=0 tx=0)._handle_peer_banner_payload supported=1 required=0
2021-09-27T20:02:37.525+0000 7fc39586b700 1 --2- >> [v2:172.20.5.206:3300/0,v1:172.20.5.206:6789/0] conn(0x5579686be3a0 0x5579686df960 unknown :-1 s=HELLO_CONNECTING pgs=0 cs=0 l=1 rev1=1 rx=0 tx=0).handle_hello peer v2:172.20.5.206:3300/0 says I am v2:172.20.5.206:33620/0 (socket says 172.20.5.206:33620)
2021-09-27T20:02:37.525+0000 7fc39586b700 1 -- 172.20.5.206:0/689151199 learned_addr learned my addr 172.20.5.206:0/689151199 (peer_addr_for_me v2:172.20.5.206:0/0)
2021-09-27T20:02:37.525+0000 7fc39506a700 1 --2- 172.20.5.206:0/689151199 >> [v2:172.20.5.208:3300/0,v1:172.20.5.208:6789/0] conn(0x5579686b8110 0x5579686e40e0 unknown :-1 s=BANNER_CONNECTING pgs=0 cs=0 l=1 rev1=0 rx=0 tx=0)._handle_peer_banner_payload supported=1 required=0
2021-09-27T20:02:37.526+0000 7fc39586b700 1 -- 172.20.5.206:0/689151199 >> [v2:172.20.5.208:3300/0,v1:172.20.5.208:6789/0] conn(0x5579686b8110 msgr2=0x5579686e40e0 unknown :-1 s=STATE_CONNECTION_ESTABLISHED l=1).mark_down
2021-09-27T20:02:37.526+0000 7fc39586b700 1 --2- 172.20.5.206:0/689151199 >> [v2:172.20.5.208:3300/0,v1:172.20.5.208:6789/0] conn(0x5579686b8110 0x5579686e40e0 unknown :-1 s=AUTH_CONNECTING pgs=0 cs=0 l=1 rev1=1 rx=0 tx=0).stop
2021-09-27T20:02:37.526+0000 7fc39586b700 1 -- 172.20.5.206:0/689151199 >> [v2:172.20.5.207:3300/0,v1:172.20.5.207:6789/0] conn(0x5579686bdad0 msgr2=0x5579686df470 unknown :-1 s=STATE_CONNECTION_ESTABLISHED l=1).mark_down
2021-09-27T20:02:37.526+0000 7fc39586b700 1 --2- 172.20.5.206:0/689151199 >> [v2:172.20.5.207:3300/0,v1:172.20.5.207:6789/0] conn(0x5579686bdad0 0x5579686df470 unknown :-1 s=AUTH_CONNECTING pgs=0 cs=0 l=1 rev1=1 rx=0 tx=0).stop
2021-09-27T20:02:37.526+0000 7fc39586b700 1 -- 172.20.5.206:0/689151199 --> [v2:172.20.5.206:3300/0,v1:172.20.5.206:6789/0] -- mon_subscribe({config=0+,monmap=0+}) v3 -- 0x5579685cde10 con 0x5579686be3a0
2021-09-27T20:02:37.526+0000 7fc39586b700 1 --2- 172.20.5.206:0/689151199 >> [v2:172.20.5.206:3300/0,v1:172.20.5.206:6789/0] conn(0x5579686be3a0 0x5579686df960 secure :-1 s=READY pgs=11302 cs=0 l=1 rev1=1 rx=0x7fc39000b010 tx=0x7fc390005e00).ready entity=mon.0 client_cookie=0 server_cookie=0 in_seq=0 out_seq=0
2021-09-27T20:02:37.526+0000 7fc38e7fc700 1 -- 172.20.5.206:0/689151199 <== mon.0 v2:172.20.5.206:3300/0 1 ==== mon_map magic: 0 v1 ==== 484+0+0 (secure 0 0 0) 0x7fc39001ce30 con 0x5579686be3a0
2021-09-27T20:02:37.526+0000 7fc38e7fc700 1 -- 172.20.5.206:0/689151199 <== mon.0 v2:172.20.5.206:3300/0 2 ==== config(6 keys) v1 ==== 313+0+0 (secure 0 0 0) 0x7fc39000cb80 con 0x5579686be3a0
2021-09-27T20:02:37.526+0000 7fc3a8cf7340 1 -- 172.20.5.206:0/689151199 --> [v2:172.20.5.206:3300/0,v1:172.20.5.206:6789/0] -- mon_subscribe({mgrmap=0+}) v3 -- 0x5579685c9590 con 0x5579686be3a0
2021-09-27T20:02:37.526+0000 7fc38e7fc700 1 -- 172.20.5.206:0/689151199 <== mon.0 v2:172.20.5.206:3300/0 3 ==== mon_map magic: 0 v1 ==== 484+0+0 (secure 0 0 0) 0x7fc3900286f0 con 0x5579686be3a0
2021-09-27T20:02:37.526+0000 7fc3a8cf7340 1 -- 172.20.5.206:0/689151199 --> [v2:172.20.5.206:3300/0,v1:172.20.5.206:6789/0] -- mon_subscribe({osdmap=0}) v3 -- 0x5579685a4f30 con 0x5579686be3a0
2021-09-27T20:02:37.527+0000 7fc3a8cf7340 20 rados->read ofs=0 len=0
2021-09-27T20:02:37.529+0000 7fc38e7fc700 1 -- 172.20.5.206:0/689151199 <== mon.0 v2:172.20.5.206:3300/0 4 ==== mgrmap(e 723) v1 ==== 74665+0+0 (secure 0 0 0) 0x7fc390019040 con 0x5579686be3a0
2021-09-27T20:02:37.529+0000 7fc38e7fc700 1 --2- 172.20.5.206:0/689151199 >> [v2:172.20.5.208:6800/1980530765,v1:172.20.5.208:6801/1980530765] conn(0x7fc38405d5a0 0x7fc38405fa60 unknown :-1 s=NONE pgs=0 cs=0 l=1 rev1=0 rx=0 tx=0).connect
2021-09-27T20:02:37.529+0000 7fc38e7fc700 1 -- 172.20.5.206:0/689151199 <== mon.0 v2:172.20.5.206:3300/0 5 ==== osd_map(10239742..10239742 src has 10239153..10239742) v4 ==== 17435+0+0 (secure 0 0 0) 0x7fc39007ea70 con 0x5579686be3a0
2021-09-27T20:02:37.530+0000 7fc3a8cf7340 1 --2- 172.20.5.206:0/689151199 >> [v2:172.20.5.208:6810/2779989345,v1:172.20.5.208:6811/2779989345] conn(0x5579686f21b0 0x5579686f45a0 unknown :-1 s=NONE pgs=0 cs=0 l=1 rev1=0 rx=0 tx=0).connect
2021-09-27T20:02:37.530+0000 7fc39506a700 1 --2- 172.20.5.206:0/689151199 >> [v2:172.20.5.208:6800/1980530765,v1:172.20.5.208:6801/1980530765] conn(0x7fc38405d5a0 0x7fc38405fa60 unknown :-1 s=BANNER_CONNECTING pgs=0 cs=0 l=1 rev1=0 rx=0 tx=0)._handle_peer_banner_payload supported=1 required=0
2021-09-27T20:02:37.530+0000 7fc3a8cf7340 1 -- 172.20.5.206:0/689151199 --> [v2:172.20.5.208:6810/2779989345,v1:172.20.5.208:6811/2779989345] -- osd_op(unknown.0.0:1 113.12 113:49953fa1:::default.realm:head [read 0~0] snapc 0=[] ondisk+read+known_if_redirected e10239742) v8 -- 0x5579686f4bb0 con 0x5579686f21b0
2021-09-27T20:02:37.530+0000 7fc38c869700 1 --2- 172.20.5.206:0/689151199 >> [v2:172.20.5.208:6810/2779989345,v1:172.20.5.208:6811/2779989345] conn(0x5579686f21b0 0x5579686f45a0 unknown :-1 s=BANNER_CONNECTING pgs=0 cs=0 l=1 rev1=0 rx=0 tx=0)._handle_peer_banner_payload supported=1 required=0
2021-09-27T20:02:37.531+0000 7fc39506a700 1 --2- 172.20.5.206:0/689151199 >> [v2:172.20.5.208:6800/1980530765,v1:172.20.5.208:6801/1980530765] conn(0x7fc38405d5a0 0x7fc38405fa60 secure :-1 s=READY pgs=3174 cs=0 l=1 rev1=1 rx=0x7fc388005fd0 tx=0x7fc38800c040).ready entity=mgr.68517206 client_cookie=0 server_cookie=0 in_seq=0 out_seq=0
2021-09-27T20:02:37.531+0000 7fc38c869700 1 --2- 172.20.5.206:0/689151199 >> [v2:172.20.5.208:6810/2779989345,v1:172.20.5.208:6811/2779989345] conn(0x5579686f21b0 0x5579686f45a0 crc :-1 s=READY pgs=602 cs=0 l=1 rev1=1 rx=0 tx=0).ready entity=osd.8 client_cookie=0 server_cookie=0 in_seq=0 out_seq=0
2021-09-27T20:02:37.532+0000 7fc38c869700 1 -- 172.20.5.206:0/689151199 <== osd.8 v2:172.20.5.208:6810/2779989345 1 ==== osd_op_reply(1 default.realm [read 0~46 out=46b] v0'0 uv40 ondisk = 0) v8 ==== 157+0+46 (crc 0 0 0) 0x7fc380012040 con 0x5579686f21b0
2021-09-27T20:02:37.532+0000 7fc3a8cf7340 20 rados_obj.operate() r=0 bl.length=46
2021-09-27T20:02:37.532+0000 7fc3a8cf7340 20 rados->read ofs=0 len=0
2021-09-27T20:02:37.532+0000 7fc3a8cf7340 1 --2- 172.20.5.206:0/689151199 >> [v2:172.20.5.210:6809/2441443141,v1:172.20.5.210:6811/2441443141] conn(0x5579686f5990 0x5579686f7d80 unknown :-1 s=NONE pgs=0 cs=0 l=1 rev1=0 rx=0 tx=0).connect
2021-09-27T20:02:37.532+0000 7fc3a8cf7340 1 -- 172.20.5.206:0/689151199 --> [v2:172.20.5.210:6809/2441443141,v1:172.20.5.210:6811/2441443141] -- osd_op(unknown.0.0:2 113.5 113:a5c7b007:::realms.b0b0afe2-1669-4815-bbd9-ebab94a24e6c:head [read 0~0] snapc 0=[] ondisk+read+known_if_redirected e10239742) v8 -- 0x5579686f82b0 con 0x5579686f5990
2021-09-27T20:02:37.532+0000 7fc39506a700 1 --2- 172.20.5.206:0/689151199 >> [v2:172.20.5.210:6809/2441443141,v1:172.20.5.210:6811/2441443141] conn(0x5579686f5990 0x5579686f7d80 unknown :-1 s=BANNER_CONNECTING pgs=0 cs=0 l=1 rev1=0 rx=0 tx=0)._handle_peer_banner_payload supported=1 required=0
2021-09-27T20:02:37.533+0000 7fc39506a700 1 --2- 172.20.5.206:0/689151199 >> [v2:172.20.5.210:6809/2441443141,v1:172.20.5.210:6811/2441443141] conn(0x5579686f5990 0x5579686f7d80 crc :-1 s=READY pgs=663 cs=0 l=1 rev1=1 rx=0 tx=0).ready entity=osd.12 client_cookie=0 server_cookie=0 in_seq=0 out_seq=0
2021-09-27T20:02:37.533+0000 7fc39506a700 1 -- 172.20.5.206:0/689151199 <== osd.12 v2:172.20.5.210:6809/2441443141 1 ==== osd_op_reply(2 realms.b0b0afe2-1669-4815-bbd9-ebab94a24e6c [read 0~109 out=109b] v0'0 uv37 ondisk = 0) v8 ==== 187+0+109 (crc 0 0 0) 0x7fc388012040 con 0x5579686f5990
2021-09-27T20:02:37.533+0000 7fc3a8cf7340 20 rados_obj.operate() r=0 bl.length=109
2021-09-27T20:02:37.533+0000 7fc3a8cf7340 20 realm testrealm b0b0afe2-1669-4815-bbd9-ebab94a24e6c
2021-09-27T20:02:37.533+0000 7fc3a8cf7340 20 rados->read ofs=0 len=0
2021-09-27T20:02:37.533+0000 7fc3a8cf7340 1 -- 172.20.5.206:0/689151199 --> [v2:172.20.5.210:6809/2441443141,v1:172.20.5.210:6811/2441443141] -- osd_op(unknown.0.0:3 113.5 113:a5c7b007:::realms.b0b0afe2-1669-4815-bbd9-ebab94a24e6c:head [read 0~0] snapc 0=[] ondisk+read+known_if_redirected e10239742) v8 -- 0x5579686f8b50 con 0x5579686f5990
2021-09-27T20:02:37.534+0000 7fc39506a700 1 -- 172.20.5.206:0/689151199 <== osd.12 v2:172.20.5.210:6809/2441443141 2 ==== osd_op_reply(3 realms.b0b0afe2-1669-4815-bbd9-ebab94a24e6c [read 0~109 out=109b] v0'0 uv37 ondisk = 0) v8 ==== 187+0+109 (crc 0 0 0) 0x7fc388012040 con 0x5579686f5990
2021-09-27T20:02:37.534+0000 7fc3a8cf7340 20 rados_obj.operate() r=0 bl.length=109
2021-09-27T20:02:37.534+0000 7fc3a8cf7340 20 rados->read ofs=0 len=0
2021-09-27T20:02:37.534+0000 7fc3a8cf7340 1 --2- 172.20.5.206:0/689151199 >> [v2:172.20.5.209:6818/1648769461,v1:172.20.5.209:6819/1648769461] conn(0x5579686f9410 0x5579686fb800 unknown :-1 s=NONE pgs=0 cs=0 l=1 rev1=0 rx=0 tx=0).connect
2021-09-27T20:02:37.534+0000 7fc3a8cf7340 1 -- 172.20.5.206:0/689151199 --> [v2:172.20.5.209:6818/1648769461,v1:172.20.5.209:6819/1648769461] -- osd_op(unknown.0.0:4 113.15 113:ad6c57ee:::periods.1e202ad3-fcaf-47d4-8c87-18413418b0a7.latest_epoch:head [read 0~0] snapc 0=[] ondisk+read+known_if_redirected e10239742) v8 -- 0x5579686fbe80 con 0x5579686f9410
2021-09-27T20:02:37.535+0000 7fc38c869700 1 --2- 172.20.5.206:0/689151199 >> [v2:172.20.5.209:6818/1648769461,v1:172.20.5.209:6819/1648769461] conn(0x5579686f9410 0x5579686fb800 unknown :-1 s=BANNER_CONNECTING pgs=0 cs=0 l=1 rev1=0 rx=0 tx=0)._handle_peer_banner_payload supported=1 required=0
2021-09-27T20:02:37.535+0000 7fc38c869700 1 --2- 172.20.5.206:0/689151199 >> [v2:172.20.5.209:6818/1648769461,v1:172.20.5.209:6819/1648769461] conn(0x5579686f9410 0x5579686fb800 crc :-1 s=READY pgs=714 cs=0 l=1 rev1=1 rx=0 tx=0).ready entity=osd.11 client_cookie=0 server_cookie=0 in_seq=0 out_seq=0
2021-09-27T20:02:37.536+0000 7fc38c869700 1 -- 172.20.5.206:0/689151199 <== osd.11 v2:172.20.5.209:6818/1648769461 1 ==== osd_op_reply(4 periods.1e202ad3-fcaf-47d4-8c87-18413418b0a7.latest_epoch [read 0~10 out=10b] v0'0 uv3 ondisk = 0) v8 ==== 201+0+10 (crc 0 0 0) 0x7fc380012040 con 0x5579686f9410
2021-09-27T20:02:37.536+0000 7fc3a8cf7340 20 rados_obj.operate() r=0 bl.length=10
2021-09-27T20:02:37.536+0000 7fc3a8cf7340 20 rados->read ofs=0 len=0
2021-09-27T20:02:37.536+0000 7fc3a8cf7340 1 --2- 172.20.5.206:0/689151199 >> [v2:172.20.5.210:6800/1349188196,v1:172.20.5.210:6801/1349188196] conn(0x5579686fcc60 0x5579686ff050 unknown :-1 s=NONE pgs=0 cs=0 l=1 rev1=0 rx=0 tx=0).connect
2021-09-27T20:02:37.536+0000 7fc3a8cf7340 1 -- 172.20.5.206:0/689151199 --> [v2:172.20.5.210:6800/1349188196,v1:172.20.5.210:6801/1349188196] -- osd_op(unknown.0.0:5 113.1a 113:5cec02ab:::periods.1e202ad3-fcaf-47d4-8c87-18413418b0a7.1:head [read 0~0] snapc 0=[] ondisk+read+known_if_redirected e10239742) v8 -- 0x5579686ff5c0 con 0x5579686fcc60
2021-09-27T20:02:37.536+0000 7fc39586b700 1 --2- 172.20.5.206:0/689151199 >> [v2:172.20.5.210:6800/1349188196,v1:172.20.5.210:6801/1349188196] conn(0x5579686fcc60 0x5579686ff050 unknown :-1 s=BANNER_CONNECTING pgs=0 cs=0 l=1 rev1=0 rx=0 tx=0)._handle_peer_banner_payload supported=1 required=0
2021-09-27T20:02:37.536+0000 7fc39586b700 1 --2- 172.20.5.206:0/689151199 >> [v2:172.20.5.210:6800/1349188196,v1:172.20.5.210:6801/1349188196] conn(0x5579686fcc60 0x5579686ff050 crc :-1 s=READY pgs=760 cs=0 l=1 rev1=1 rx=0 tx=0).ready entity=osd.13 client_cookie=0 server_cookie=0 in_seq=0 out_seq=0
2021-09-27T20:02:37.537+0000 7fc39586b700 1 -- 172.20.5.206:0/689151199 <== osd.13 v2:172.20.5.210:6800/1349188196 1 ==== osd_op_reply(5 periods.1e202ad3-fcaf-47d4-8c87-18413418b0a7.1 [read 0~251 out=251b] v0'0 uv5 ondisk = 0) v8 ==== 190+0+251 (crc 0 0 0) 0x7fc39002e020 con 0x5579686fcc60
2021-09-27T20:02:37.537+0000 7fc3a8cf7340 20 rados_obj.operate() r=0 bl.length=251
2021-09-27T20:02:37.537+0000 7fc3a8cf7340 20 current period 1e202ad3-fcaf-47d4-8c87-18413418b0a7
2021-09-27T20:02:37.537+0000 7fc3a8cf7340 20 rados->read ofs=0 len=0
2021-09-27T20:02:37.537+0000 7fc3a8cf7340 1 --2- 172.20.5.206:0/689151199 >> [v2:172.20.5.206:6802/2451743310,v1:172.20.5.206:6803/2451743310] conn(0x5579686ffef0 0x557968702370 unknown :-1 s=NONE pgs=0 cs=0 l=1 rev1=0 rx=0 tx=0).connect
2021-09-27T20:02:37.537+0000 7fc3a8cf7340 1 -- 172.20.5.206:0/689151199 --> [v2:172.20.5.206:6802/2451743310,v1:172.20.5.206:6803/2451743310] -- osd_op(unknown.0.0:6 113.13 113:cbbf6c60:::converted:head [read 0~0] snapc 0=[] ondisk+read+known_if_redirected e10239742) v8 -- 0x5579687029a0 con 0x5579686ffef0
2021-09-27T20:02:37.537+0000 7fc39506a700 1 --2- 172.20.5.206:0/689151199 >> [v2:172.20.5.206:6802/2451743310,v1:172.20.5.206:6803/2451743310] conn(0x5579686ffef0 0x557968702370 unknown :-1 s=BANNER_CONNECTING pgs=0 cs=0 l=1 rev1=0 rx=0 tx=0)._handle_peer_banner_payload supported=1 required=0
2021-09-27T20:02:37.538+0000 7fc39506a700 1 --2- 172.20.5.206:0/689151199 >> [v2:172.20.5.206:6802/2451743310,v1:172.20.5.206:6803/2451743310] conn(0x5579686ffef0 0x557968702370 crc :-1 s=READY pgs=662 cs=0 l=1 rev1=1 rx=0 tx=0).ready entity=osd.1 client_cookie=0 server_cookie=0 in_seq=0 out_seq=0
2021-09-27T20:02:37.538+0000 7fc39506a700 1 -- 172.20.5.206:0/689151199 <== osd.1 v2:172.20.5.206:6802/2451743310 1 ==== osd_op_reply(6 converted [read 0~0] v0'0 uv0 ondisk = -2 ((2) No such file or directory)) v8 ==== 153+0+0 (crc 0 0 0) 0x7fc388012040 con 0x5579686ffef0
2021-09-27T20:02:37.538+0000 7fc3a8cf7340 20 rados_obj.operate() r=-2 bl.length=0
2021-09-27T20:02:37.538+0000 7fc3a8cf7340 20 rados->read ofs=0 len=0
2021-09-27T20:02:37.538+0000 7fc3a8cf7340 1 -- 172.20.5.206:0/689151199 --> [v2:172.20.5.208:6810/2779989345,v1:172.20.5.208:6811/2779989345] -- osd_op(unknown.0.0:7 113.12 113:49953fa1:::default.realm:head [read 0~0] snapc 0=[] ondisk+read+known_if_redirected e10239742) v8 -- 0x5579686fc320 con 0x5579686f21b0
2021-09-27T20:02:37.539+0000 7fc38c869700 1 -- 172.20.5.206:0/689151199 <== osd.8 v2:172.20.5.208:6810/2779989345 2 ==== osd_op_reply(7 default.realm [read 0~46 out=46b] v0'0 uv40 ondisk = 0) v8 ==== 157+0+46 (crc 0 0 0) 0x7fc380012040 con 0x5579686f21b0
2021-09-27T20:02:37.539+0000 7fc3a8cf7340 20 rados_obj.operate() r=0 bl.length=46
2021-09-27T20:02:37.539+0000 7fc3a8cf7340 20 rados->read ofs=0 len=0
2021-09-27T20:02:37.539+0000 7fc3a8cf7340 1 -- 172.20.5.206:0/689151199 --> [v2:172.20.5.210:6809/2441443141,v1:172.20.5.210:6811/2441443141] -- osd_op(unknown.0.0:8 113.5 113:a5c7b007:::realms.b0b0afe2-1669-4815-bbd9-ebab94a24e6c:head [read 0~0] snapc 0=[] ondisk+read+known_if_redirected e10239742) v8 -- 0x5579687034f0 con 0x5579686f5990
2021-09-27T20:02:37.539+0000 7fc39506a700 1 -- 172.20.5.206:0/689151199 <== osd.12 v2:172.20.5.210:6809/2441443141 3 ==== osd_op_reply(8 realms.b0b0afe2-1669-4815-bbd9-ebab94a24e6c [read 0~109 out=109b] v0'0 uv37 ondisk = 0) v8 ==== 187+0+109 (crc 0 0 0) 0x7fc388012040 con 0x5579686f5990
2021-09-27T20:02:37.539+0000 7fc3a8cf7340 20 rados_obj.operate() r=0 bl.length=109
2021-09-27T20:02:37.539+0000 7fc3a8cf7340 20 rados->read ofs=0 len=0
2021-09-27T20:02:37.539+0000 7fc3a8cf7340 1 --2- 172.20.5.206:0/689151199 >> [v2:172.20.5.209:6804/2116853274,v1:172.20.5.209:6805/2116853274] conn(0x557968703f70 0x557968706380 unknown :-1 s=NONE pgs=0 cs=0 l=1 rev1=0 rx=0 tx=0).connect
2021-09-27T20:02:37.540+0000 7fc3a8cf7340 1 -- 172.20.5.206:0/689151199 --> [v2:172.20.5.209:6804/2116853274,v1:172.20.5.209:6805/2116853274] -- osd_op(unknown.0.0:9 113.8 113:10166a59:::default.region:head [read 0~0] snapc 0=[] ondisk+read+known_if_redirected e10239742) v8 -- 0x557968706960 con 0x557968703f70
2021-09-27T20:02:37.540+0000 7fc38c869700 1 --2- 172.20.5.206:0/689151199 >> [v2:172.20.5.209:6804/2116853274,v1:172.20.5.209:6805/2116853274] conn(0x557968703f70 0x557968706380 unknown :-1 s=BANNER_CONNECTING pgs=0 cs=0 l=1 rev1=0 rx=0 tx=0)._handle_peer_banner_payload supported=1 required=0
2021-09-27T20:02:37.541+0000 7fc38c869700 1 --2- 172.20.5.206:0/689151199 >> [v2:172.20.5.209:6804/2116853274,v1:172.20.5.209:6805/2116853274] conn(0x557968703f70 0x557968706380 crc :-1 s=READY pgs=631 cs=0 l=1 rev1=1 rx=0 tx=0).ready entity=osd.9 client_cookie=0 server_cookie=0 in_seq=0 out_seq=0
2021-09-27T20:02:37.541+0000 7fc38c869700 1 -- 172.20.5.206:0/689151199 <== osd.9 v2:172.20.5.209:6804/2116853274 1 ==== osd_op_reply(9 default.region [read 0~0] v0'0 uv0 ondisk = -2 ((2) No such file or directory)) v8 ==== 158+0+0 (crc 0 0 0) 0x7fc380012040 con 0x557968703f70
2021-09-27T20:02:37.541+0000 7fc3a8cf7340 20 rados_obj.operate() r=-2 bl.length=0
2021-09-27T20:02:37.541+0000 7fc3a8cf7340 1 --2- 172.20.5.206:0/689151199 >> [v2:172.20.5.210:6802/2818076271,v1:172.20.5.210:6803/2818076271] conn(0x557968708750 0x55796870ab40 unknown :-1 s=NONE pgs=0 cs=0 l=1 rev1=0 rx=0 tx=0).connect
2021-09-27T20:02:37.541+0000 7fc3a8cf7340 1 -- 172.20.5.206:0/689151199 --> [v2:172.20.5.210:6802/2818076271,v1:172.20.5.210:6803/2818076271] -- osd_op(unknown.0.0:10 113.0 113:00000000::::head [pgnls start_epoch 10239742 in=39b] snapc 0=[] ondisk+read+ignore_overlay+known_if_redirected e10239742) v8 -- 0x55796870b080 con 0x557968708750
2021-09-27T20:02:37.542+0000 7fc39586b700 1 --2- 172.20.5.206:0/689151199 >> [v2:172.20.5.210:6802/2818076271,v1:172.20.5.210:6803/2818076271] conn(0x557968708750 0x55796870ab40 unknown :-1 s=BANNER_CONNECTING pgs=0 cs=0 l=1 rev1=0 rx=0 tx=0)._handle_peer_banner_payload supported=1 required=0
2021-09-27T20:02:37.542+0000 7fc39586b700 1 --2- 172.20.5.206:0/689151199 >> [v2:172.20.5.210:6802/2818076271,v1:172.20.5.210:6803/2818076271] conn(0x557968708750 0x55796870ab40 crc :-1 s=READY pgs=694 cs=0 l=1 rev1=1 rx=0 tx=0).ready entity=osd.14 client_cookie=0 server_cookie=0 in_seq=0 out_seq=0
2021-09-27T20:02:37.543+0000 7fc39586b700 1 -- 172.20.5.206:0/689151199 <== osd.14 v2:172.20.5.210:6802/2818076271 1 ==== osd_op_reply(10 [pgnls start_epoch 10239742 out=49b] v10239712'15 uv15 ondisk = 1) v8 ==== 144+0+49 (crc 0 0 0) 0x7fc39002e020 con 0x557968708750
2021-09-27T20:02:37.543+0000 7fc39586b700 1 --2- 172.20.5.206:0/689151199 >> [v2:172.20.5.206:6804/2964801198,v1:172.20.5.206:6806/2964801198] conn(0x7fc390028070 0x7fc3900514f0 unknown :-1 s=NONE pgs=0 cs=0 l=1 rev1=0 rx=0 tx=0).connect
2021-09-27T20:02:37.543+0000 7fc39586b700 1 -- 172.20.5.206:0/689151199 --> [v2:172.20.5.206:6804/2964801198,v1:172.20.5.206:6806/2964801198] -- osd_op(unknown.0.0:11 113.10 113:08000000::::head [pgnls start_epoch 10239742 in=39b] snapc 0=[] ondisk+read+ignore_overlay+known_if_redirected e10239742) v8 -- 0x55796870b080 con 0x7fc390028070
2021-09-27T20:02:37.543+0000 7fc39506a700 1 --2- 172.20.5.206:0/689151199 >> [v2:172.20.5.206:6804/2964801198,v1:172.20.5.206:6806/2964801198] conn(0x7fc390028070 0x7fc3900514f0 unknown :-1 s=BANNER_CONNECTING pgs=0 cs=0 l=1 rev1=0 rx=0 tx=0)._handle_peer_banner_payload supported=1 required=0
2021-09-27T20:02:37.543+0000 7fc39506a700 1 --2- 172.20.5.206:0/689151199 >> [v2:172.20.5.206:6804/2964801198,v1:172.20.5.206:6806/2964801198] conn(0x7fc390028070 0x7fc3900514f0 crc :-1 s=READY pgs=639 cs=0 l=1 rev1=1 rx=0 tx=0).ready entity=osd.0 client_cookie=0 server_cookie=0 in_seq=0 out_seq=0
2021-09-27T20:02:37.544+0000 7fc39506a700 1 -- 172.20.5.206:0/689151199 <== osd.0 v2:172.20.5.206:6804/2964801198 1 ==== osd_op_reply(11 [pgnls start_epoch 10239742 out=49b] v10239712'16 uv15 ondisk = 1) v8 ==== 144+0+49 (crc 0 0 0) 0x7fc388012040 con 0x7fc390028070
2021-09-27T20:02:37.544+0000 7fc39506a700 1 -- 172.20.5.206:0/689151199 --> [v2:172.20.5.209:6804/2116853274,v1:172.20.5.209:6805/2116853274] -- osd_op(unknown.0.0:12 113.8 113:10000000::::head [pgnls start_epoch 10239742 in=39b] snapc 0=[] ondisk+read+ignore_overlay+known_if_redirected e10239742) v8 -- 0x55796870b080 con 0x557968703f70
2021-09-27T20:02:37.544+0000 7fc38c869700 1 -- 172.20.5.206:0/689151199 <== osd.9 v2:172.20.5.209:6804/2116853274 2 ==== osd_op_reply(12 [pgnls start_epoch 10239742 out=111b] v10239712'8 uv8 ondisk = 1) v8 ==== 144+0+111 (crc 0 0 0) 0x7fc380012040 con 0x557968703f70
2021-09-27T20:02:37.544+0000 7fc38c869700 1 --2- 172.20.5.206:0/689151199 >> [v2:172.20.5.208:6818/549835457,v1:172.20.5.208:6819/549835457] conn(0x7fc380008040 0x7fc3800163f0 unknown :-1 s=NONE pgs=0 cs=0 l=1 rev1=0 rx=0 tx=0).connect
2021-09-27T20:02:37.544+0000 7fc38c869700 1 -- 172.20.5.206:0/689151199 --> [v2:172.20.5.208:6818/549835457,v1:172.20.5.208:6819/549835457] -- osd_op(unknown.0.0:13 113.18 113:18000000::::head [pgnls start_epoch 10239742 in=39b] snapc 0=[] ondisk+read+ignore_overlay+known_if_redirected e10239742) v8 -- 0x55796870b080 con 0x7fc380008040
2021-09-27T20:02:37.545+0000 7fc38c869700 1 --2- 172.20.5.206:0/689151199 >> [v2:172.20.5.208:6818/549835457,v1:172.20.5.208:6819/549835457] conn(0x7fc380008040 0x7fc3800163f0 unknown :-1 s=BANNER_CONNECTING pgs=0 cs=0 l=1 rev1=0 rx=0 tx=0)._handle_peer_banner_payload supported=1 required=0
2021-09-27T20:02:37.545+0000 7fc38c869700 1 --2- 172.20.5.206:0/689151199 >> [v2:172.20.5.208:6818/549835457,v1:172.20.5.208:6819/549835457] conn(0x7fc380008040 0x7fc3800163f0 crc :-1 s=READY pgs=580 cs=0 l=1 rev1=1 rx=0 tx=0).ready entity=osd.6 client_cookie=0 server_cookie=0 in_seq=0 out_seq=0
2021-09-27T20:02:37.546+0000 7fc38c869700 1 -- 172.20.5.206:0/689151199 <== osd.6 v2:172.20.5.208:6818/549835457 1 ==== osd_op_reply(13 [pgnls start_epoch 10239742 out=49b] v10239712'12 uv12 ondisk = 1) v8 ==== 144+0+49 (crc 0 0 0) 0x7fc380012040 con 0x7fc380008040
2021-09-27T20:02:37.546+0000 7fc38c869700 1 -- 172.20.5.206:0/689151199 --> [v2:172.20.5.208:6810/2779989345,v1:172.20.5.208:6811/2779989345] -- osd_op(unknown.0.0:14 113.4 113:20000000::::head [pgnls start_epoch 10239742 in=39b] snapc 0=[] ondisk+read+ignore_overlay+known_if_redirected e10239742) v8 -- 0x55796870b080 con 0x5579686f21b0
2021-09-27T20:02:37.546+0000 7fc38c869700 1 -- 172.20.5.206:0/689151199 <== osd.8 v2:172.20.5.208:6810/2779989345 3 ==== osd_op_reply(14 [pgnls start_epoch 10239742 out=174b] v10239712'5 uv5 ondisk = 1) v8 ==== 144+0+174 (crc 0 0 0) 0x7fc380012040 con 0x5579686f21b0
2021-09-27T20:02:37.546+0000 7fc38c869700 1 --2- 172.20.5.206:0/689151199 >> [v2:172.20.5.209:6802/135607544,v1:172.20.5.209:6803/135607544] conn(0x7fc380035400 0x7fc380035820 unknown :-1 s=NONE pgs=0 cs=0 l=1 rev1=0 rx=0 tx=0).connect
2021-09-27T20:02:37.546+0000 7fc38c869700 1 -- 172.20.5.206:0/689151199 --> [v2:172.20.5.209:6802/135607544,v1:172.20.5.209:6803/135607544] -- osd_op(unknown.0.0:15 113.14 113:28000000::::head [pgnls start_epoch 10239742 in=39b] snapc 0=[] ondisk+read+ignore_overlay+known_if_redirected e10239742) v8 -- 0x55796870b080 con 0x7fc380035400
2021-09-27T20:02:37.547+0000 7fc39586b700 1 --2- 172.20.5.206:0/689151199 >> [v2:172.20.5.209:6802/135607544,v1:172.20.5.209:6803/135607544] conn(0x7fc380035400 0x7fc380035820 unknown :-1 s=BANNER_CONNECTING pgs=0 cs=0 l=1 rev1=0 rx=0 tx=0)._handle_peer_banner_payload supported=1 required=0
2021-09-27T20:02:37.547+0000 7fc39586b700 1 --2- 172.20.5.206:0/689151199 >> [v2:172.20.5.209:6802/135607544,v1:172.20.5.209:6803/135607544] conn(0x7fc380035400 0x7fc380035820 crc :-1 s=READY pgs=549 cs=0 l=1 rev1=1 rx=0 tx=0).ready entity=osd.10 client_cookie=0 server_cookie=0 in_seq=0 out_seq=0
2021-09-27T20:02:37.548+0000 7fc39586b700 1 -- 172.20.5.206:0/689151199 <== osd.10 v2:172.20.5.209:6802/135607544 1 ==== osd_op_reply(15 [pgnls start_epoch 10239742 out=49b] v10239731'11 uv11 ondisk = 1) v8 ==== 144+0+49 (crc 0 0 0) 0x7fc39002e020 con 0x7fc380035400
2021-09-27T20:02:37.548+0000 7fc39586b700 1 -- 172.20.5.206:0/689151199 --> [v2:172.20.5.209:6804/2116853274,v1:172.20.5.209:6805/2116853274] -- osd_op(unknown.0.0:16 113.c 113:30000000::::head [pgnls start_epoch 10239742 in=39b] snapc 0=[] ondisk+read+ignore_overlay+known_if_redirected e10239742) v8 -- 0x55796870b080 con 0x557968703f70
2021-09-27T20:02:37.548+0000 7fc38c869700 1 -- 172.20.5.206:0/689151199 <== osd.9 v2:172.20.5.209:6804/2116853274 3 ==== osd_op_reply(16 [pgnls start_epoch 10239742 out=49b] v10239712'2 uv2 ondisk = 1) v8 ==== 144+0+49 (crc 0 0 0) 0x7fc380012040 con 0x557968703f70
2021-09-27T20:02:37.548+0000 7fc38c869700 1 -- 172.20.5.206:0/689151199 --> [v2:172.20.5.206:6804/2964801198,v1:172.20.5.206:6806/2964801198] -- osd_op(unknown.0.0:17 113.1c 113:38000000::::head [pgnls start_epoch 10239742 in=39b] snapc 0=[] ondisk+read+ignore_overlay+known_if_redirected e10239742) v8 -- 0x55796870b080 con 0x7fc390028070
2021-09-27T20:02:37.549+0000 7fc39506a700 1 -- 172.20.5.206:0/689151199 <== osd.0 v2:172.20.5.206:6804/2964801198 2 ==== osd_op_reply(17 [pgnls start_epoch 10239742 out=144b] v10239723'11 uv11 ondisk = 1) v8 ==== 144+0+144 (crc 0 0 0) 0x7fc388012040 con 0x7fc390028070
2021-09-27T20:02:37.549+0000 7fc39506a700 1 -- 172.20.5.206:0/689151199 --> [v2:172.20.5.210:6802/2818076271,v1:172.20.5.210:6803/2818076271] -- osd_op(unknown.0.0:18 113.2 113:40000000::::head [pgnls start_epoch 10239742 in=39b] snapc 0=[] ondisk+read+ignore_overlay+known_if_redirected e10239742) v8 -- 0x55796870b080 con 0x557968708750
2021-09-27T20:02:37.549+0000 7fc39586b700 1 -- 172.20.5.206:0/689151199 <== osd.14 v2:172.20.5.210:6802/2818076271 2 ==== osd_op_reply(18 [pgnls start_epoch 10239742 out=49b] v10239712'1 uv0 ondisk = 1) v8 ==== 144+0+49 (crc 0 0 0) 0x7fc39002e020 con 0x557968708750
2021-09-27T20:02:37.549+0000 7fc39586b700 1 -- 172.20.5.206:0/689151199 --> [v2:172.20.5.208:6810/2779989345,v1:172.20.5.208:6811/2779989345] -- osd_op(unknown.0.0:19 113.12 113:48000000::::head [pgnls start_epoch 10239742 in=39b] snapc 0=[] ondisk+read+ignore_overlay+known_if_redirected e10239742) v8 -- 0x55796870b080 con 0x5579686f21b0
2021-09-27T20:02:37.550+0000 7fc38c869700 1 -- 172.20.5.206:0/689151199 <== osd.8 v2:172.20.5.208:6810/2779989345 4 ==== osd_op_reply(19 [pgnls start_epoch 10239742 out=135b] v10239712'40 uv40 ondisk = 1) v8 ==== 144+0+135 (crc 0 0 0) 0x7fc380012040 con 0x5579686f21b0
2021-09-27T20:02:37.550+0000 7fc38c869700 1 --2- 172.20.5.206:0/689151199 >> [v2:172.20.5.207:6810/2386632775,v1:172.20.5.207:6811/2386632775] conn(0x7fc380039920 0x7fc3800383a0 unknown :-1 s=NONE pgs=0 cs=0 l=1 rev1=0 rx=0 tx=0).connect
2021-09-27T20:02:37.550+0000 7fc38c869700 1 -- 172.20.5.206:0/689151199 --> [v2:172.20.5.207:6810/2386632775,v1:172.20.5.207:6811/2386632775] -- osd_op(unknown.0.0:20 113.a 113:50000000::::head [pgnls start_epoch 10239742 in=39b] snapc 0=[] ondisk+read+ignore_overlay+known_if_redirected e10239742) v8 -- 0x55796870b080 con 0x7fc380039920
2021-09-27T20:02:37.551+0000 7fc39506a700 1 --2- 172.20.5.206:0/689151199 >> [v2:172.20.5.207:6810/2386632775,v1:172.20.5.207:6811/2386632775] conn(0x7fc380039920 0x7fc3800383a0 unknown :-1 s=BANNER_CONNECTING pgs=0 cs=0 l=1 rev1=0 rx=0 tx=0)._handle_peer_banner_payload supported=1 required=0
2021-09-27T20:02:37.551+0000 7fc39506a700 1 --2- 172.20.5.206:0/689151199 >> [v2:172.20.5.207:6810/2386632775,v1:172.20.5.207:6811/2386632775] conn(0x7fc380039920 0x7fc3800383a0 crc :-1 s=READY pgs=581 cs=0 l=1 rev1=1 rx=0 tx=0).ready entity=osd.5 client_cookie=0 server_cookie=0 in_seq=0 out_seq=0
2021-09-27T20:02:37.552+0000 7fc39506a700 1 -- 172.20.5.206:0/689151199 <== osd.5 v2:172.20.5.207:6810/2386632775 1 ==== osd_op_reply(20 [pgnls start_epoch 10239742 out=49b] v10239447'3 uv3 ondisk = 1) v8 ==== 144+0+49 (crc 0 0 0) 0x7fc388012040 con 0x7fc380039920
2021-09-27T20:02:37.552+0000 7fc39506a700 1 -- 172.20.5.206:0/689151199 --> [v2:172.20.5.210:6800/1349188196,v1:172.20.5.210:6801/1349188196] -- osd_op(unknown.0.0:21 113.1a 113:58000000::::head [pgnls start_epoch 10239742 in=39b] snapc 0=[] ondisk+read+ignore_overlay+known_if_redirected e10239742) v8 -- 0x55796870b080 con 0x5579686fcc60
2021-09-27T20:02:37.552+0000 7fc39586b700 1 -- 172.20.5.206:0/689151199 <== osd.13 v2:172.20.5.210:6800/1349188196 2 ==== osd_op_reply(21 [pgnls start_epoch 10239742 out=107b] v10239712'5 uv5 ondisk = 1) v8 ==== 144+0+107 (crc 0 0 0) 0x7fc39002e020 con 0x5579686fcc60
2021-09-27T20:02:37.552+0000 7fc39586b700 1 -- 172.20.5.206:0/689151199 --> [v2:172.20.5.210:6809/2441443141,v1:172.20.5.210:6811/2441443141] -- osd_op(unknown.0.0:22 113.6 113:60000000::::head [pgnls start_epoch 10239742 in=39b] snapc 0=[] ondisk+read+ignore_overlay+known_if_redirected e10239742) v8 -- 0x55796870b080 con 0x5579686f5990
2021-09-27T20:02:37.553+0000 7fc39506a700 1 -- 172.20.5.206:0/689151199 <== osd.12 v2:172.20.5.210:6809/2441443141 4 ==== osd_op_reply(22 [pgnls start_epoch 10239742 out=91b] v10239734'9 uv9 ondisk = 1) v8 ==== 144+0+91 (crc 0 0 0) 0x7fc388012040 con 0x5579686f5990
2021-09-27T20:02:37.553+0000 7fc39506a700 1 -- 172.20.5.206:0/689151199 --> [v2:172.20.5.206:6804/2964801198,v1:172.20.5.206:6806/2964801198] -- osd_op(unknown.0.0:23 113.16 113:68000000::::head [pgnls start_epoch 10239742 in=39b] snapc 0=[] ondisk+read+ignore_overlay+known_if_redirected e10239742) v8 -- 0x55796870b080 con 0x7fc390028070
2021-09-27T20:02:37.553+0000 7fc39506a700 1 -- 172.20.5.206:0/689151199 <== osd.0 v2:172.20.5.206:6804/2964801198 3 ==== osd_op_reply(23 [pgnls start_epoch 10239742 out=49b] v0'0 uv0 ondisk = 1) v8 ==== 144+0+49 (crc 0 0 0) 0x7fc388012040 con 0x7fc390028070
2021-09-27T20:02:37.553+0000 7fc39506a700 1 --2- 172.20.5.206:0/689151199 >> [v2:172.20.5.207:6818/1412066196,v1:172.20.5.207:6819/1412066196] conn(0x7fc38802c400 0x7fc38802c840 unknown :-1 s=NONE pgs=0 cs=0 l=1 rev1=0 rx=0 tx=0).connect
2021-09-27T20:02:37.553+0000 7fc39506a700 1 -- 172.20.5.206:0/689151199 --> [v2:172.20.5.207:6818/1412066196,v1:172.20.5.207:6819/1412066196] -- osd_op(unknown.0.0:24 113.e 113:70000000::::head [pgnls start_epoch 10239742 in=39b] snapc 0=[] ondisk+read+ignore_overlay+known_if_redirected e10239742) v8 -- 0x55796870b080 con 0x7fc38802c400
2021-09-27T20:02:37.554+0000 7fc38c869700 1 --2- 172.20.5.206:0/689151199 >> [v2:172.20.5.207:6818/1412066196,v1:172.20.5.207:6819/1412066196] conn(0x7fc38802c400 0x7fc38802c840 unknown :-1 s=BANNER_CONNECTING pgs=0 cs=0 l=1 rev1=0 rx=0 tx=0)._handle_peer_banner_payload supported=1 required=0
2021-09-27T20:02:37.554+0000 7fc38c869700 1 --2- 172.20.5.206:0/689151199 >> [v2:172.20.5.207:6818/1412066196,v1:172.20.5.207:6819/1412066196] conn(0x7fc38802c400 0x7fc38802c840 crc :-1 s=READY pgs=652 cs=0 l=1 rev1=1 rx=0 tx=0).ready entity=osd.3 client_cookie=0 server_cookie=0 in_seq=0 out_seq=0
2021-09-27T20:02:37.555+0000 7fc38c869700 1 -- 172.20.5.206:0/689151199 <== osd.3 v2:172.20.5.207:6818/1412066196 1 ==== osd_op_reply(24 [pgnls start_epoch 10239742 out=107b] v10239723'5 uv5 ondisk = 1) v8 ==== 144+0+107 (crc 0 0 0) 0x7fc380043040 con 0x7fc38802c400
2021-09-27T20:02:37.555+0000 7fc38c869700 1 -- 172.20.5.206:0/689151199 --> [v2:172.20.5.210:6809/2441443141,v1:172.20.5.210:6811/2441443141] -- osd_op(unknown.0.0:25 113.1e 113:78000000::::head [pgnls start_epoch 10239742 in=39b] snapc 0=[] ondisk+read+ignore_overlay+known_if_redirected e10239742) v8 -- 0x7fc380047080 con 0x5579686f5990
2021-09-27T20:02:37.555+0000 7fc39506a700 1 -- 172.20.5.206:0/689151199 <== osd.12 v2:172.20.5.210:6809/2441443141 5 ==== osd_op_reply(25 [pgnls start_epoch 10239742 out=115b] v10239720'3 uv3 ondisk = 1) v8 ==== 144+0+115 (crc 0 0 0) 0x7fc388012040 con 0x5579686f5990
2021-09-27T20:02:37.555+0000 7fc39506a700 1 --2- 172.20.5.206:0/689151199 >> [v2:172.20.5.211:6803/632375035,v1:172.20.5.211:6806/632375035] conn(0x7fc388038900 0x7fc3880203c0 unknown :-1 s=NONE pgs=0 cs=0 l=1 rev1=0 rx=0 tx=0).connect
2021-09-27T20:02:37.555+0000 7fc39506a700 1 -- 172.20.5.206:0/689151199 --> [v2:172.20.5.211:6803/632375035,v1:172.20.5.211:6806/632375035] -- osd_op(unknown.0.0:26 113.1 113:80000000::::head [pgnls start_epoch 10239742 in=39b] snapc 0=[] ondisk+read+ignore_overlay+known_if_redirected e10239742) v8 -- 0x7fc380047080 con 0x7fc388038900
2021-09-27T20:02:37.556+0000 7fc39586b700 1 --2- 172.20.5.206:0/689151199 >> [v2:172.20.5.211:6803/632375035,v1:172.20.5.211:6806/632375035] conn(0x7fc388038900 0x7fc3880203c0 unknown :-1 s=BANNER_CONNECTING pgs=0 cs=0 l=1 rev1=0 rx=0 tx=0)._handle_peer_banner_payload supported=1 required=0
2021-09-27T20:02:37.556+0000 7fc39586b700 1 --2- 172.20.5.206:0/689151199 >> [v2:172.20.5.211:6803/632375035,v1:172.20.5.211:6806/632375035] conn(0x7fc388038900 0x7fc3880203c0 crc :-1 s=READY pgs=537 cs=0 l=1 rev1=1 rx=0 tx=0).ready entity=osd.17 client_cookie=0 server_cookie=0 in_seq=0 out_seq=0
2021-09-27T20:02:37.557+0000 7fc39586b700 1 -- 172.20.5.206:0/689151199 <== osd.17 v2:172.20.5.211:6803/632375035 1 ==== osd_op_reply(26 [pgnls start_epoch 10239742 out=49b] v0'0 uv0 ondisk = 1) v8 ==== 144+0+49 (crc 0 0 0) 0x7fc39002e020 con 0x7fc388038900
2021-09-27T20:02:37.557+0000 7fc39586b700 1 -- 172.20.5.206:0/689151199 --> [v2:172.20.5.209:6802/135607544,v1:172.20.5.209:6803/135607544] -- osd_op(unknown.0.0:27 113.11 113:88000000::::head [pgnls start_epoch 10239742 in=39b] snapc 0=[] ondisk+read+ignore_overlay+known_if_redirected e10239742) v8 -- 0x7fc380047080 con 0x7fc380035400
2021-09-27T20:02:37.557+0000 7fc39586b700 1 -- 172.20.5.206:0/689151199 <== osd.10 v2:172.20.5.209:6802/135607544 2 ==== osd_op_reply(27 [pgnls start_epoch 10239742 out=49b] v10239712'19 uv15 ondisk = 1) v8 ==== 144+0+49 (crc 0 0 0) 0x7fc39002e020 con 0x7fc380035400
2021-09-27T20:02:37.557+0000 7fc39586b700 1 -- 172.20.5.206:0/689151199 --> [v2:172.20.5.206:6804/2964801198,v1:172.20.5.206:6806/2964801198] -- osd_op(unknown.0.0:28 113.9 113:90000000::::head [pgnls start_epoch 10239742 in=39b] snapc 0=[] ondisk+read+ignore_overlay+known_if_redirected e10239742) v8 -- 0x7fc380047080 con 0x7fc390028070
2021-09-27T20:02:37.558+0000 7fc39506a700 1 -- 172.20.5.206:0/689151199 <== osd.0 v2:172.20.5.206:6804/2964801198 4 ==== osd_op_reply(28 [pgnls start_epoch 10239742 out=49b] v10239712'8 uv6 ondisk = 1) v8 ==== 144+0+49 (crc 0 0 0) 0x7fc388012040 con 0x7fc390028070
2021-09-27T20:02:37.558+0000 7fc39506a700 1 -- 172.20.5.206:0/689151199 --> [v2:172.20.5.209:6818/1648769461,v1:172.20.5.209:6819/1648769461] -- osd_op(unknown.0.0:29 113.19 113:98000000::::head [pgnls start_epoch 10239742 in=39b] snapc 0=[] ondisk+read+ignore_overlay+known_if_redirected e10239742) v8 -- 0x7fc380047080 con 0x5579686f9410
2021-09-27T20:02:37.558+0000 7fc38c869700 1 -- 172.20.5.206:0/689151199 <== osd.11 v2:172.20.5.209:6818/1648769461 2 ==== osd_op_reply(29 [pgnls start_epoch 10239742 out=49b] v0'0 uv0 ondisk = 1) v8 ==== 144+0+49 (crc 0 0 0) 0x7fc380043040 con 0x5579686f9410
2021-09-27T20:02:37.558+0000 7fc38c869700 1 -- 172.20.5.206:0/689151199 --> [v2:172.20.5.210:6809/2441443141,v1:172.20.5.210:6811/2441443141] -- osd_op(unknown.0.0:30 113.5 113:a0000000::::head [pgnls start_epoch 10239742 in=39b] snapc 0=[] ondisk+read+ignore_overlay+known_if_redirected e10239742) v8 -- 0x7fc380047080 con 0x5579686f5990
2021-09-27T20:02:37.559+0000 7fc39506a700 1 -- 172.20.5.206:0/689151199 <== osd.12 v2:172.20.5.210:6809/2441443141 6 ==== osd_op_reply(30 [pgnls start_epoch 10239742 out=166b] v10239712'37 uv37 ondisk = 1) v8 ==== 144+0+166 (crc 0 0 0) 0x7fc388012040 con 0x5579686f5990
2021-09-27T20:02:37.559+0000 7fc39506a700 1 -- 172.20.5.206:0/689151199 --> [v2:172.20.5.209:6818/1648769461,v1:172.20.5.209:6819/1648769461] -- osd_op(unknown.0.0:31 113.15 113:a8000000::::head [pgnls start_epoch 10239742 in=39b] snapc 0=[] ondisk+read+ignore_overlay+known_if_redirected e10239742) v8 -- 0x7fc380047080 con 0x5579686f9410
2021-09-27T20:02:37.560+0000 7fc38c869700 1 -- 172.20.5.206:0/689151199 <== osd.11 v2:172.20.5.209:6818/1648769461 3 ==== osd_op_reply(31 [pgnls start_epoch 10239742 out=118b] v10239712'3 uv3 ondisk = 1) v8 ==== 144+0+118 (crc 0 0 0) 0x7fc380043040 con 0x5579686f9410
2021-09-27T20:02:37.560+0000 7fc38c869700 1 -- 172.20.5.206:0/689151199 --> [v2:172.20.5.210:6809/2441443141,v1:172.20.5.210:6811/2441443141] -- osd_op(unknown.0.0:32 113.d 113:b0000000::::head [pgnls start_epoch 10239742 in=39b] snapc 0=[] ondisk+read+ignore_overlay+known_if_redirected e10239742) v8 -- 0x7fc380047080 con 0x5579686f5990
2021-09-27T20:02:37.560+0000 7fc39506a700 1 -- 172.20.5.206:0/689151199 <== osd.12 v2:172.20.5.210:6809/2441443141 7 ==== osd_op_reply(32 [pgnls start_epoch 10239742 out=49b] v10239712'8 uv8 ondisk = 1) v8 ==== 144+0+49 (crc 0 0 0) 0x7fc388012040 con 0x5579686f5990
2021-09-27T20:02:37.560+0000 7fc39506a700 1 --2- 172.20.5.206:0/689151199 >> [v2:172.20.5.208:6802/2404441758,v1:172.20.5.208:6803/2404441758] conn(0x7fc388047460 0x7fc3880478a0 unknown :-1 s=NONE pgs=0 cs=0 l=1 rev1=0 rx=0 tx=0).connect
2021-09-27T20:02:37.560+0000 7fc39506a700 1 -- 172.20.5.206:0/689151199 --> [v2:172.20.5.208:6802/2404441758,v1:172.20.5.208:6803/2404441758] -- osd_op(unknown.0.0:33 113.1d 113:b8000000::::head [pgnls start_epoch 10239742 in=39b] snapc 0=[] ondisk+read+ignore_overlay+known_if_redirected e10239742) v8 -- 0x7fc380047080 con 0x7fc388047460
2021-09-27T20:02:37.561+0000 7fc39506a700 1 --2- 172.20.5.206:0/689151199 >> [v2:172.20.5.208:6802/2404441758,v1:172.20.5.208:6803/2404441758] conn(0x7fc388047460 0x7fc3880478a0 unknown :-1 s=BANNER_CONNECTING pgs=0 cs=0 l=1 rev1=0 rx=0 tx=0)._handle_peer_banner_payload supported=1 required=0
2021-09-27T20:02:37.561+0000 7fc39506a700 1 --2- 172.20.5.206:0/689151199 >> [v2:172.20.5.208:6802/2404441758,v1:172.20.5.208:6803/2404441758] conn(0x7fc388047460 0x7fc3880478a0 crc :-1 s=READY pgs=560 cs=0 l=1 rev1=1 rx=0 tx=0).ready entity=osd.7 client_cookie=0 server_cookie=0 in_seq=0 out_seq=0
2021-09-27T20:02:37.562+0000 7fc39506a700 1 -- 172.20.5.206:0/689151199 <== osd.7 v2:172.20.5.208:6802/2404441758 1 ==== osd_op_reply(33 [pgnls start_epoch 10239742 out=49b] v10239712'6 uv4 ondisk = 1) v8 ==== 144+0+49 (crc 0 0 0) 0x7fc388012040 con 0x7fc388047460
2021-09-27T20:02:37.562+0000 7fc39506a700 1 -- 172.20.5.206:0/689151199 --> [v2:172.20.5.207:6810/2386632775,v1:172.20.5.207:6811/2386632775] -- osd_op(unknown.0.0:34 113.3 113:c0000000::::head [pgnls start_epoch 10239742 in=39b] snapc 0=[] ondisk+read+ignore_overlay+known_if_redirected e10239742) v8 -- 0x7fc380047080 con 0x7fc380039920
2021-09-27T20:02:37.563+0000 7fc39506a700 1 -- 172.20.5.206:0/689151199 <== osd.5 v2:172.20.5.207:6810/2386632775 2 ==== osd_op_reply(34 [pgnls start_epoch 10239742 out=49b] v0'0 uv0 ondisk = 1) v8 ==== 144+0+49 (crc 0 0 0) 0x7fc388012040 con 0x7fc380039920
2021-09-27T20:02:37.563+0000 7fc39506a700 1 -- 172.20.5.206:0/689151199 --> [v2:172.20.5.206:6802/2451743310,v1:172.20.5.206:6803/2451743310] -- osd_op(unknown.0.0:35 113.13 113:c8000000::::head [pgnls start_epoch 10239742 in=39b] snapc 0=[] ondisk+read+ignore_overlay+known_if_redirected e10239742) v8 -- 0x7fc380047080 con 0x5579686ffef0
2021-09-27T20:02:37.563+0000 7fc39506a700 1 -- 172.20.5.206:0/689151199 <== osd.1 v2:172.20.5.206:6802/2451743310 2 ==== osd_op_reply(35 [pgnls start_epoch 10239742 out=49b] v10239712'2 uv2 ondisk = 1) v8 ==== 144+0+49 (crc 0 0 0) 0x7fc388012040 con 0x5579686ffef0
2021-09-27T20:02:37.563+0000 7fc39506a700 1 -- 172.20.5.206:0/689151199 --> [v2:172.20.5.209:6818/1648769461,v1:172.20.5.209:6819/1648769461] -- osd_op(unknown.0.0:36 113.b 113:d0000000::::head [pgnls start_epoch 10239742 in=39b] snapc 0=[] ondisk+read+ignore_overlay+known_if_redirected e10239742) v8 -- 0x7fc380047080 con 0x5579686f9410
2021-09-27T20:02:37.563+0000 7fc38c869700 1 -- 172.20.5.206:0/689151199 <== osd.11 v2:172.20.5.209:6818/1648769461 4 ==== osd_op_reply(36 [pgnls start_epoch 10239742 out=49b] v10239712'2 uv0 ondisk = 1) v8 ==== 144+0+49 (crc 0 0 0) 0x7fc380043040 con 0x5579686f9410
2021-09-27T20:02:37.563+0000 7fc38c869700 1 -- 172.20.5.206:0/689151199 --> [v2:172.20.5.210:6802/2818076271,v1:172.20.5.210:6803/2818076271] -- osd_op(unknown.0.0:37 113.1b 113:d8000000::::head [pgnls start_epoch 10239742 in=39b] snapc 0=[] ondisk+read+ignore_overlay+known_if_redirected e10239742) v8 -- 0x7fc380047080 con 0x557968708750
2021-09-27T20:02:37.564+0000 7fc39586b700 1 -- 172.20.5.206:0/689151199 <== osd.14 v2:172.20.5.210:6802/2818076271 3 ==== osd_op_reply(37 [pgnls start_epoch 10239742 out=49b] v10239712'4 uv4 ondisk = 1) v8 ==== 144+0+49 (crc 0 0 0) 0x7fc39002e020 con 0x557968708750
2021-09-27T20:02:37.564+0000 7fc39586b700 1 -- 172.20.5.206:0/689151199 --> [v2:172.20.5.207:6810/2386632775,v1:172.20.5.207:6811/2386632775] -- osd_op(unknown.0.0:38 113.7 113:e0000000::::head [pgnls start_epoch 10239742 in=39b] snapc 0=[] ondisk+read+ignore_overlay+known_if_redirected e10239742) v8 -- 0x7fc380047080 con 0x7fc380039920
2021-09-27T20:02:37.564+0000 7fc39506a700 1 -- 172.20.5.206:0/689151199 <== osd.5 v2:172.20.5.207:6810/2386632775 3 ==== osd_op_reply(38 [pgnls start_epoch 10239742 out=49b] v0'0 uv0 ondisk = 1) v8 ==== 144+0+49 (crc 0 0 0) 0x7fc388012040 con 0x7fc380039920
2021-09-27T20:02:37.565+0000 7fc39506a700 1 --2- 172.20.5.206:0/689151199 >> [v2:172.20.5.211:6801/1333896417,v1:172.20.5.211:6805/1333896417] conn(0x7fc3880533f0 0x7fc388053830 unknown :-1 s=NONE pgs=0 cs=0 l=1 rev1=0 rx=0 tx=0).connect
2021-09-27T20:02:37.565+0000 7fc39506a700 1 -- 172.20.5.206:0/689151199 --> [v2:172.20.5.211:6801/1333896417,v1:172.20.5.211:6805/1333896417] -- osd_op(unknown.0.0:39 113.17 113:e8000000::::head [pgnls start_epoch 10239742 in=39b] snapc 0=[] ondisk+read+ignore_overlay+known_if_redirected e10239742) v8 -- 0x7fc380047080 con 0x7fc3880533f0
2021-09-27T20:02:37.565+0000 7fc38c869700 1 --2- 172.20.5.206:0/689151199 >> [v2:172.20.5.211:6801/1333896417,v1:172.20.5.211:6805/1333896417] conn(0x7fc3880533f0 0x7fc388053830 unknown :-1 s=BANNER_CONNECTING pgs=0 cs=0 l=1 rev1=0 rx=0 tx=0)._handle_peer_banner_payload supported=1 required=0
2021-09-27T20:02:37.566+0000 7fc38c869700 1 --2- 172.20.5.206:0/689151199 >> [v2:172.20.5.211:6801/1333896417,v1:172.20.5.211:6805/1333896417] conn(0x7fc3880533f0 0x7fc388053830 crc :-1 s=READY pgs=426 cs=0 l=1 rev1=1 rx=0 tx=0).ready entity=osd.15 client_cookie=0 server_cookie=0 in_seq=0 out_seq=0
2021-09-27T20:02:37.566+0000 7fc38c869700 1 -- 172.20.5.206:0/689151199 <== osd.15 v2:172.20.5.211:6801/1333896417 1 ==== osd_op_reply(39 [pgnls start_epoch 10239742 out=112b] v10239723'11 uv11 ondisk = 1) v8 ==== 144+0+112 (crc 0 0 0) 0x7fc380043040 con 0x7fc3880533f0
