2021-02-22 09:29:35.857431 7f36fd700240 0 ceph version 12.2.11 (26dc3775efc7bb286a1d6d66faee0ba30ea23eee) luminous (stable), process ceph-mds, pid 6
2021-02-22 09:29:35.862532 7f36fd700240 0 pidfile_write: ignore empty --pid-file
2021-02-22 09:29:35.893597 7f36f681e700 1 mds.ccreal1-hdd-01.ceph Updating MDS map to version 22357 from mon.4
2021-02-22 09:29:40.307514 7f36f681e700 1 mds.ccreal1-hdd-01.ceph Updating MDS map to version 22358 from mon.4
2021-02-22 09:29:40.307547 7f36f681e700 1 mds.ccreal1-hdd-01.ceph Map has assigned me to become a standby
2021-02-22 09:29:40.314299 7f36f681e700 1 mds.ccreal1-hdd-01.ceph Updating MDS map to version 22359 from mon.4
2021-02-22 09:29:40.315097 7f36f681e700 1 mds.0.0 handle_mds_map i am now mds.191000664.0 replaying mds.0.0
2021-02-22 09:29:40.315108 7f36f681e700 1 mds.0.0 handle_mds_map state change up:boot --> up:standby-replay
2021-02-22 09:29:40.315118 7f36f681e700 1 mds.0.0 replay_start
2021-02-22 09:29:40.315125 7f36f681e700 1 mds.0.0 recovery set is 1
2021-02-22 09:29:40.335320 7f36f0812700 0 mds.0.cache creating system inode with ino:0x100
2021-02-22 09:29:40.335457 7f36f0812700 0 mds.0.cache creating system inode with ino:0x1
2021-02-22 09:29:42.978315 7f36ef00f700 -1 /home/jenkins-build/build/workspace/ceph-build/ARCH/x86_64/AVAILABLE_ARCH/x86_64/AVAILABLE_DIST/centos7/DIST/centos7/MACHINE_SIZE/huge/release/12.2.11/rpm/el7/BUILD/ceph-12.2.11/src/mds/journal.cc: In function 'void EMetaBlob::replay(MDSRank*, LogSegment*, MDSlaveUpdate*)' thread 7f36ef00f700 time
2021-02-22 09:29:42.976641 /home/jenkins-build/build/workspace/ceph-build/ARCH/x86_64/AVAILABLE_ARCH/x86_64/AVAILABLE_DIST/centos7/DIST/centos7/MACHINE_SIZE/huge/release/12.2.11/rpm/el7/BUILD/ceph-12.2.11/src/mds/journal.cc: 1579: FAILED assert(i == used_preallocated_ino) ceph version 12.2.11 (26dc3775efc7bb286a1d6d66faee0ba30ea23eee) luminous (stable) 1: (ceph::__ceph_assert_fail(char const*, char const*, int, char const*)+0x110) [0x55de69c67cd0] 2: (EMetaBlob::replay(MDSRank*, LogSegment*, MDSlaveUpdate*)+0x4b8e) [0x55de69c0d7ae] 3: (EUpdate::replay(MDSRank*)+0x39) [0x55de69c0eac9] 4: (MDLog::_replay_thread()+0x5f2) [0x55de69bc3682] 5: (MDLog::ReplayThread::entry()+0xd) [0x55de69941fad] 6: (()+0x7e65) [0x7f36fb65ce65] 7: (clone()+0x6d) [0x7f36fa73788d] NOTE: a copy of the executable, or `objdump -rdS ` is needed to interpret this. --- begin dump of recent events --- -618>
2021-02-22 09:29:35.852586 7f36fd700240 5 asok(0x55de72ea81c0) register_command perfcounters_dump hook 0x55de72e8a030 -617>
2021-02-22 09:29:35.852603 7f36fd700240 5 asok(0x55de72ea81c0) register_command 1 hook 0x55de72e8a030 -616>
2021-02-22 09:29:35.852609 7f36fd700240 5 asok(0x55de72ea81c0) register_command perf dump hook 0x55de72e8a030 -615>
2021-02-22 09:29:35.852612 7f36fd700240 5 asok(0x55de72ea81c0) register_command perfcounters_schema hook 0x55de72e8a030 -614>
2021-02-22 09:29:35.852617 7f36fd700240 5 asok(0x55de72ea81c0) register_command perf histogram dump hook 0x55de72e8a030 -613>
2021-02-22 09:29:35.852620 7f36fd700240 5 asok(0x55de72ea81c0) register_command 2 hook 0x55de72e8a030 -612>
2021-02-22 09:29:35.852624 7f36fd700240 5 asok(0x55de72ea81c0) register_command perf schema hook 0x55de72e8a030 -611>
2021-02-22 09:29:35.852626 7f36fd700240 5 asok(0x55de72ea81c0) register_command perf histogram schema hook 0x55de72e8a030 -610>
2021-02-22 09:29:35.852631 7f36fd700240 5 asok(0x55de72ea81c0) register_command perf reset hook 0x55de72e8a030 -609>
2021-02-22 09:29:35.852635 7f36fd700240 5 asok(0x55de72ea81c0) register_command config show hook 0x55de72e8a030 -608>
2021-02-22 09:29:35.852640 7f36fd700240 5 asok(0x55de72ea81c0) register_command config help hook 0x55de72e8a030 -607>
2021-02-22 09:29:35.852643 7f36fd700240 5 asok(0x55de72ea81c0) register_command config set hook 0x55de72e8a030 -606>
2021-02-22 09:29:35.852648 7f36fd700240 5 asok(0x55de72ea81c0) register_command config get hook 0x55de72e8a030 -605>
2021-02-22 09:29:35.852657 7f36fd700240 5 asok(0x55de72ea81c0) register_command config diff hook 0x55de72e8a030 -604>
2021-02-22 09:29:35.852661 7f36fd700240 5 asok(0x55de72ea81c0) register_command config diff get hook 0x55de72e8a030 -603>
2021-02-22 09:29:35.852664 7f36fd700240 5 asok(0x55de72ea81c0) register_command log flush hook 0x55de72e8a030 -602>
2021-02-22 09:29:35.852668 7f36fd700240 5 asok(0x55de72ea81c0) register_command log dump hook 0x55de72e8a030 -601>
2021-02-22 09:29:35.852671 7f36fd700240 5 asok(0x55de72ea81c0) register_command log reopen hook 0x55de72e8a030 -600>
2021-02-22 09:29:35.852683 7f36fd700240 5 asok(0x55de72ea81c0) register_command dump_mempools hook 0x55de72e8f8f8 -599>
2021-02-22 09:29:35.857431 7f36fd700240 0 ceph version 12.2.11 (26dc3775efc7bb286a1d6d66faee0ba30ea23eee) luminous (stable), process ceph-mds, pid 6 -598>
2021-02-22 09:29:35.859612 7f36f97a4700 2 Event(0x55de72ea2880 nevent=5000 time_id=1).set_owner idx=0 owner=139874090501888 -597>
2021-02-22 09:29:35.859647 7f36f8fa3700 2 Event(0x55de72ea2c80 nevent=5000 time_id=1).set_owner idx=1 owner=139874082109184 -596>
2021-02-22 09:29:35.859691 7f36f87a2700 2 Event(0x55de72ea3080 nevent=5000 time_id=1).set_owner idx=2 owner=139874073716480 -595>
2021-02-22 09:29:35.862510 7f36fd700240 1 -- 10.116.179.9:0/0 learned_addr learned my addr 10.116.179.9:0/0 -594>
2021-02-22 09:29:35.862524 7f36fd700240 1 -- 10.116.179.9:6824/2538418522 _finish_bind bind my_inst.addr is 10.116.179.9:6824/2538418522 -593>
2021-02-22 09:29:35.862532 7f36fd700240 0 pidfile_write: ignore empty --pid-file -592>
2021-02-22 09:29:35.890114 7f36fd700240 5 asok(0x55de72ea81c0) init /var/run/ceph/ceph-mds.ccreal1-hdd-01.ceph.asok -591>
2021-02-22 09:29:35.890138 7f36fd700240 5 asok(0x55de72ea81c0) bind_and_listen /var/run/ceph/ceph-mds.ccreal1-hdd-01.ceph.asok -590>
2021-02-22 09:29:35.890346 7f36fd700240 5 asok(0x55de72ea81c0) register_command 0 hook 0x55de72e88148 -589>
2021-02-22 09:29:35.890359 7f36fd700240 5 asok(0x55de72ea81c0) register_command version hook 0x55de72e88148 -588>
2021-02-22 09:29:35.890365 7f36fd700240 5 asok(0x55de72ea81c0) register_command git_version hook 0x55de72e88148 -587>
2021-02-22 09:29:35.890373 7f36fd700240 5 asok(0x55de72ea81c0) register_command help hook 0x55de72e8a1c0 -586>
2021-02-22 09:29:35.890380 7f36fd700240 5 asok(0x55de72ea81c0) register_command get_command_descriptions hook 0x55de72e8a1d0 -585>
2021-02-22 09:29:35.890446 7f36f701f700 5 asok(0x55de72ea81c0) entry start -584>
2021-02-22 09:29:35.890456 7f36fd700240 10 monclient: build_initial_monmap -583>
2021-02-22 09:29:35.890485 7f36fd700240 1 -- 10.116.179.9:6824/2538418522 start start -582>
2021-02-22 09:29:35.890504 7f36fd700240 5 adding auth protocol: cephx -581>
2021-02-22 09:29:35.890509 7f36fd700240 5 adding auth protocol: cephx -580>
2021-02-22 09:29:35.890516 7f36fd700240 1 Processor -- start -579>
2021-02-22 09:29:35.890632 7f36fd700240 10 monclient: init -578>
2021-02-22 09:29:35.890638 7f36fd700240 5 adding auth protocol: cephx -577>
2021-02-22 09:29:35.890639 7f36fd700240 10 monclient: auth_supported 2 method cephx -576>
2021-02-22 09:29:35.890743 7f36fd700240 2 auth: KeyRing::load: loaded key file /var/lib/ceph/mds/ceph-ccreal1-hdd-01.ceph/keyring -575>
2021-02-22 09:29:35.890835 7f36fd700240 10 monclient: _reopen_session rank -1 -574>
2021-02-22 09:29:35.890867 7f36fd700240 10 monclient(hunting): picked mon.noname-e con 0x55de730b5000 addr 10.116.179.13:6789/0 -573>
2021-02-22 09:29:35.890889 7f36fd700240 10 monclient(hunting): picked mon.noname-a con 0x55de730b6800 addr 10.116.179.9:6789/0 -572>
2021-02-22 09:29:35.890902 7f36fd700240 1 -- 10.116.179.9:6824/2538418522 --> 10.116.179.9:6789/0 -- auth(proto 0 44 bytes epoch 0) v1 -- 0x55de72e8c900 con 0 -571>
2021-02-22 09:29:35.890925 7f36fd700240 1 -- 10.116.179.9:6824/2538418522 --> 10.116.179.13:6789/0 -- auth(proto 0 44 bytes epoch 0) v1 -- 0x55de72e8cd80 con 0 -570>
2021-02-22 09:29:35.890931 7f36fd700240 10 monclient(hunting): _renew_subs -569>
2021-02-22 09:29:35.891129 7f36f87a2700 2 -- 10.116.179.9:6824/2538418522 >> 10.116.179.9:6789/0 conn(0x55de730b6800 :-1 s=STATE_CONNECTING_WAIT_ACK_SEQ pgs=0 cs=0 l=1)._process_connection got newly_acked_seq 0 vs out_seq 0 -568>
2021-02-22 09:29:35.891297 7f36f8fa3700 2 -- 10.116.179.9:6824/2538418522 >> 10.116.179.13:6789/0 conn(0x55de730b5000 :-1 s=STATE_CONNECTING_WAIT_ACK_SEQ pgs=0 cs=0 l=1)._process_connection got newly_acked_seq 0 vs out_seq 0 -567>
2021-02-22 09:29:35.891400 7f36f87a2700 5 -- 10.116.179.9:6824/2538418522 >> 10.116.179.9:6789/0 conn(0x55de730b6800 :-1 s=STATE_OPEN_MESSAGE_READ_FOOTER_AND_DISPATCH pgs=28145615 cs=1 l=1). rx mon.0 seq 1 0x55de72e8c900 mon_map magic: 0 v1 -566>
2021-02-22 09:29:35.891430 7f36f681e700 1 -- 10.116.179.9:6824/2538418522 <== mon.0 10.116.179.9:6789/0 1 ==== mon_map magic: 0 v1 ==== 817+0+0 (3627730588 0 0) 0x55de72e8c900 con 0x55de730b6800 -565>
2021-02-22 09:29:35.891448 7f36f681e700 10 monclient(hunting): handle_monmap mon_map magic: 0 v1 -564>
2021-02-22 09:29:35.891446 7f36f87a2700 5 -- 10.116.179.9:6824/2538418522 >> 10.116.179.9:6789/0 conn(0x55de730b6800 :-1 s=STATE_OPEN_MESSAGE_READ_FOOTER_AND_DISPATCH pgs=28145615 cs=1 l=1). rx mon.0 seq 2 0x55de72e8d200 auth_reply(proto 2 0 (0) Success) v1 -563>
2021-02-22 09:29:35.891475 7f36f681e700 10 monclient(hunting): got monmap 14, mon.noname-a is now rank -1 -562>
2021-02-22 09:29:35.891479 7f36f681e700 10 monclient(hunting): dump: epoch 14 fsid 94f167af-fcb2-439e-8a87-b364d8cc1997 last_changed
2019-10-17 17:20:49.430490 created
2018-12-06 15:47:07.756172 0: 10.116.179.9:6789/0 mon.ccreal1-hdd-01.ceph 1: 10.116.179.10:6789/0 mon.ccreal1-hdd-02.ceph 2: 10.116.179.11:6789/0 mon.ccreal1-hdd-03.ceph 3: 10.116.179.12:6789/0 mon.ccreal1-hdd-04.ceph 4: 10.116.179.13:6789/0 mon.ccreal1-hdd-05.ceph -561>
2021-02-22 09:29:35.891508 7f36f681e700 1 -- 10.116.179.9:6824/2538418522 <== mon.0 10.116.179.9:6789/0 2 ==== auth_reply(proto 2 0 (0) Success) v1 ==== 33+0+0 (239047269 0 0) 0x55de72e8d200 con 0x55de730b6800 -560>
2021-02-22 09:29:35.891532 7f36f681e700 10 monclient(hunting): my global_id is 190898940 -559>
2021-02-22 09:29:35.891552 7f36f8fa3700 5 -- 10.116.179.9:6824/2538418522 >> 10.116.179.13:6789/0 conn(0x55de730b5000 :-1 s=STATE_OPEN_MESSAGE_READ_FOOTER_AND_DISPATCH pgs=33071291 cs=1 l=1). rx mon.4 seq 1 0x55de72e8cd80 mon_map magic: 0 v1 -558>
2021-02-22 09:29:35.891582 7f36f681e700 1 -- 10.116.179.9:6824/2538418522 --> 10.116.179.9:6789/0 -- auth(proto 2 32 bytes epoch 0) v1 -- 0x55de72e8c900 con 0 -557>
2021-02-22 09:29:35.891594 7f36f8fa3700 5 -- 10.116.179.9:6824/2538418522 >> 10.116.179.13:6789/0 conn(0x55de730b5000 :-1 s=STATE_OPEN_MESSAGE_READ_FOOTER_AND_DISPATCH pgs=33071291 cs=1 l=1). rx mon.4 seq 2 0x55de72e8d8c0 auth_reply(proto 2 0 (0) Success) v1 -556>
2021-02-22 09:29:35.891601 7f36f681e700 1 -- 10.116.179.9:6824/2538418522 <== mon.4 10.116.179.13:6789/0 1 ==== mon_map magic: 0 v1 ==== 817+0+0 (3627730588 0 0) 0x55de72e8cd80 con 0x55de730b5000 -555>
2021-02-22 09:29:35.891607 7f36f681e700 10 monclient(hunting): handle_monmap mon_map magic: 0 v1 -554>
2021-02-22 09:29:35.891623 7f36f681e700 10 monclient(hunting): got monmap 14, mon.ccreal1-hdd-05.ceph is now rank 4 -553>
2021-02-22 09:29:35.891627 7f36f681e700 10 monclient(hunting): dump: epoch 14 fsid 94f167af-fcb2-439e-8a87-b364d8cc1997 last_changed
2019-10-17 17:20:49.430490 created
2018-12-06 15:47:07.756172 0: 10.116.179.9:6789/0 mon.ccreal1-hdd-01.ceph 1: 10.116.179.10:6789/0 mon.ccreal1-hdd-02.ceph 2: 10.116.179.11:6789/0 mon.ccreal1-hdd-03.ceph 3: 10.116.179.12:6789/0 mon.ccreal1-hdd-04.ceph 4: 10.116.179.13:6789/0 mon.ccreal1-hdd-05.ceph -552>
2021-02-22 09:29:35.891647 7f36f681e700 1 -- 10.116.179.9:6824/2538418522 <== mon.4 10.116.179.13:6789/0 2 ==== auth_reply(proto 2 0 (0) Success) v1 ==== 33+0+0 (1274153459 0 0) 0x55de72e8d8c0 con 0x55de730b5000 -551>
2021-02-22 09:29:35.891659 7f36f681e700 10 monclient(hunting): my global_id is 191000664 -550>
2021-02-22 09:29:35.891683 7f36f681e700 1 -- 10.116.179.9:6824/2538418522 --> 10.116.179.13:6789/0 -- auth(proto 2 32 bytes epoch 0) v1 -- 0x55de72e8cd80 con 0 -549>
2021-02-22 09:29:35.891988 7f36f87a2700 5 -- 10.116.179.9:6824/2538418522 >> 10.116.179.9:6789/0 conn(0x55de730b6800 :-1 s=STATE_OPEN_MESSAGE_READ_FOOTER_AND_DISPATCH pgs=28145615 cs=1 l=1). rx mon.0 seq 3 0x55de72e8c900 auth_reply(proto 2 0 (0) Success) v1 -548>
2021-02-22 09:29:35.891995 7f36f8fa3700 5 -- 10.116.179.9:6824/2538418522 >> 10.116.179.13:6789/0 conn(0x55de730b5000 :-1 s=STATE_OPEN_MESSAGE_READ_FOOTER_AND_DISPATCH pgs=33071291 cs=1 l=1). rx mon.4 seq 3 0x55de72e8cd80 auth_reply(proto 2 0 (0) Success) v1 -547>
2021-02-22 09:29:35.892020 7f36f681e700 1 -- 10.116.179.9:6824/2538418522 <== mon.0 10.116.179.9:6789/0 3 ==== auth_reply(proto 2 0 (0) Success) v1 ==== 222+0+0 (4271353967 0 0) 0x55de72e8c900 con 0x55de730b6800 -546>
2021-02-22 09:29:35.892095 7f36f681e700 1 -- 10.116.179.9:6824/2538418522 --> 10.116.179.9:6789/0 -- auth(proto 2 181 bytes epoch 0) v1 -- 0x55de72e8d8c0 con 0 -545>
2021-02-22 09:29:35.892113 7f36f681e700 1 -- 10.116.179.9:6824/2538418522 <== mon.4 10.116.179.13:6789/0 3 ==== auth_reply(proto 2 0 (0) Success) v1 ==== 222+0+0 (154989438 0 0) 0x55de72e8cd80 con 0x55de730b5000 -544>
2021-02-22 09:29:35.892157 7f36f681e700 1 -- 10.116.179.9:6824/2538418522 --> 10.116.179.13:6789/0 -- auth(proto 2 181 bytes epoch 0) v1 -- 0x55de72e8c900 con 0 -543>
2021-02-22 09:29:35.892509 7f36f8fa3700 5 -- 10.116.179.9:6824/2538418522 >> 10.116.179.13:6789/0 conn(0x55de730b5000 :-1 s=STATE_OPEN_MESSAGE_READ_FOOTER_AND_DISPATCH pgs=33071291 cs=1 l=1). rx mon.4 seq 4 0x55de72e8c900 auth_reply(proto 2 0 (0) Success) v1 -542>
2021-02-22 09:29:35.892516 7f36f87a2700 5 -- 10.116.179.9:6824/2538418522 >> 10.116.179.9:6789/0 conn(0x55de730b6800 :-1 s=STATE_OPEN_MESSAGE_READ_FOOTER_AND_DISPATCH pgs=28145615 cs=1 l=1). rx mon.0 seq 4 0x55de72e8d8c0 auth_reply(proto 2 0 (0) Success) v1 -541>
2021-02-22 09:29:35.892530 7f36f681e700 1 -- 10.116.179.9:6824/2538418522 <== mon.4 10.116.179.13:6789/0 4 ==== auth_reply(proto 2 0 (0) Success) v1 ==== 815+0+0 (3959144294 0 0) 0x55de72e8c900 con 0x55de730b5000 -540>
2021-02-22 09:29:35.892615 7f36f681e700 1 -- 10.116.179.9:6824/2538418522 >> 10.116.179.9:6789/0 conn(0x55de730b6800 :-1 s=STATE_OPEN pgs=28145615 cs=1 l=1).mark_down -539>
2021-02-22 09:29:35.892626 7f36f681e700 2 -- 10.116.179.9:6824/2538418522 >> 10.116.179.9:6789/0 conn(0x55de730b6800 :-1 s=STATE_OPEN pgs=28145615 cs=1 l=1)._stop -538>
2021-02-22 09:29:35.892652 7f36f681e700 1 monclient: found mon.ccreal1-hdd-05.ceph -537>
2021-02-22 09:29:35.892663 7f36f681e700 10 monclient: _send_mon_message to mon.ccreal1-hdd-05.ceph at 10.116.179.13:6789/0 -536>
2021-02-22 09:29:35.892668 7f36f681e700 1 -- 10.116.179.9:6824/2538418522 --> 10.116.179.13:6789/0 -- mon_subscribe({monmap=0+}) v2 -- 0x55de730cf800 con 0 -535>
2021-02-22 09:29:35.892686 7f36f681e700 10 monclient: _check_auth_rotating renewing rotating keys (they expired before
2021-02-22 09:29:05.892686) -534>
2021-02-22 09:29:35.892696 7f36f681e700 10 monclient: _send_mon_message to mon.ccreal1-hdd-05.ceph at 10.116.179.13:6789/0 -533>
2021-02-22 09:29:35.892701 7f36f681e700 1 -- 10.116.179.9:6824/2538418522 --> 10.116.179.13:6789/0 -- auth(proto 2 2 bytes epoch 0) v1 -- 0x55de72e8cd80 con 0 -532>
2021-02-22 09:29:35.892720 7f36fd700240 5 monclient: authenticate success, global_id 191000664 -531>
2021-02-22 09:29:35.892727 7f36fd700240 10 monclient: wait_auth_rotating waiting (until
2021-02-22 09:30:05.892726) -530>
2021-02-22 09:29:35.892832 7f36f8fa3700 5 -- 10.116.179.9:6824/2538418522 >> 10.116.179.13:6789/0 conn(0x55de730b5000 :-1 s=STATE_OPEN_MESSAGE_READ_FOOTER_AND_DISPATCH pgs=33071291 cs=1 l=1). rx mon.4 seq 5 0x55de72e8cd80 mon_map magic: 0 v1 -529>
2021-02-22 09:29:35.892850 7f36f681e700 1 -- 10.116.179.9:6824/2538418522 <== mon.4 10.116.179.13:6789/0 5 ==== mon_map magic: 0 v1 ==== 817+0+0 (3627730588 0 0) 0x55de72e8cd80 con 0x55de730b5000 -528>
2021-02-22 09:29:35.892859 7f36f681e700 10 monclient: handle_monmap mon_map magic: 0 v1 -527>
2021-02-22 09:29:35.892875 7f36f681e700 10 monclient: got monmap 14, mon.ccreal1-hdd-05.ceph is now rank 4 -526>
2021-02-22 09:29:35.892878 7f36f681e700 10 monclient: dump: epoch 14 fsid 94f167af-fcb2-439e-8a87-b364d8cc1997 last_changed
2019-10-17 17:20:49.430490 created
2018-12-06 15:47:07.756172 0: 10.116.179.9:6789/0 mon.ccreal1-hdd-01.ceph 1: 10.116.179.10:6789/0 mon.ccreal1-hdd-02.ceph 2: 10.116.179.11:6789/0 mon.ccreal1-hdd-03.ceph 3: 10.116.179.12:6789/0 mon.ccreal1-hdd-04.ceph 4: 10.116.179.13:6789/0 mon.ccreal1-hdd-05.ceph -525>
2021-02-22 09:29:35.892893 7f36f8fa3700 5 -- 10.116.179.9:6824/2538418522 >> 10.116.179.13:6789/0 conn(0x55de730b5000 :-1 s=STATE_OPEN_MESSAGE_READ_FOOTER_AND_DISPATCH pgs=33071291 cs=1 l=1). rx mon.4 seq 6 0x55de72e8db00 auth_reply(proto 2 0 (0) Success) v1 -524>
2021-02-22 09:29:35.892911 7f36f681e700 1 -- 10.116.179.9:6824/2538418522 <== mon.4 10.116.179.13:6789/0 6 ==== auth_reply(proto 2 0 (0) Success) v1 ==== 194+0+0 (1417735039 0 0) 0x55de72e8db00 con 0x55de730b5000 -523>
2021-02-22 09:29:35.892959 7f36f681e700 10 monclient: _check_auth_rotating have uptodate secrets (they expire after
2021-02-22 09:29:05.892959) -522>
2021-02-22 09:29:35.892972 7f36fd700240 10 monclient: wait_auth_rotating done -521>
2021-02-22 09:29:35.893027 7f36fd700240 10 monclient: _renew_subs -520>
2021-02-22 09:29:35.893031 7f36fd700240 10 monclient: _send_mon_message to mon.ccreal1-hdd-05.ceph at 10.116.179.13:6789/0 -519>
2021-02-22 09:29:35.893037 7f36fd700240 1 -- 10.116.179.9:6824/2538418522 --> 10.116.179.13:6789/0 -- mon_subscribe({mdsmap=0+,mgrmap=0+}) v2 -- 0x55de730c9800 con 0 -518>
2021-02-22 09:29:35.893049 7f36fd700240 5 asok(0x55de72ea81c0) register_command status hook 0x55de72e8a290 -517>
2021-02-22 09:29:35.893055 7f36fd700240 5 asok(0x55de72ea81c0) register_command dump_ops_in_flight hook 0x55de72e8a290 -516>
2021-02-22 09:29:35.893061 7f36fd700240 5 asok(0x55de72ea81c0) register_command ops hook 0x55de72e8a290 -515>
2021-02-22 09:29:35.893066 7f36fd700240 5 asok(0x55de72ea81c0) register_command dump_blocked_ops hook 0x55de72e8a290 -514>
2021-02-22 09:29:35.893069 7f36fd700240 5 asok(0x55de72ea81c0) register_command dump_historic_ops hook 0x55de72e8a290 -513>
2021-02-22 09:29:35.893074 7f36fd700240 5 asok(0x55de72ea81c0) register_command dump_historic_ops_by_duration hook 0x55de72e8a290 -512>
2021-02-22 09:29:35.893079 7f36fd700240 5 asok(0x55de72ea81c0) register_command scrub_path hook 0x55de72e8a290 -511>
2021-02-22 09:29:35.893083 7f36fd700240 5 asok(0x55de72ea81c0) register_command tag path hook 0x55de72e8a290 -510>
2021-02-22 09:29:35.893085 7f36fd700240 5 asok(0x55de72ea81c0) register_command flush_path hook 0x55de72e8a290 -509>
2021-02-22 09:29:35.893091 7f36fd700240 5 asok(0x55de72ea81c0) register_command export dir hook 0x55de72e8a290 -508>
2021-02-22 09:29:35.893094 7f36fd700240 5 asok(0x55de72ea81c0) register_command dump cache hook 0x55de72e8a290 -507>
2021-02-22 09:29:35.893098 7f36fd700240 5 asok(0x55de72ea81c0) register_command cache status hook 0x55de72e8a290 -506>
2021-02-22 09:29:35.893100 7f36fd700240 5 asok(0x55de72ea81c0) register_command cache drop hook 0x55de72e8a290 -505>
2021-02-22 09:29:35.893105 7f36fd700240 5 asok(0x55de72ea81c0) register_command dump tree hook 0x55de72e8a290 -504>
2021-02-22 09:29:35.893109 7f36fd700240 5 asok(0x55de72ea81c0) register_command dump loads hook 0x55de72e8a290 -503>
2021-02-22 09:29:35.893113 7f36fd700240 5 asok(0x55de72ea81c0) register_command session evict hook 0x55de72e8a290 -502>
2021-02-22 09:29:35.893116 7f36fd700240 5 asok(0x55de72ea81c0) register_command osdmap barrier hook 0x55de72e8a290 -501>
2021-02-22 09:29:35.893121 7f36fd700240 5 asok(0x55de72ea81c0) register_command session ls hook 0x55de72e8a290 -500>
2021-02-22 09:29:35.893125 7f36fd700240 5 asok(0x55de72ea81c0) register_command flush journal hook 0x55de72e8a290 -499>
2021-02-22 09:29:35.893130 7f36fd700240 5 asok(0x55de72ea81c0) register_command force_readonly hook 0x55de72e8a290 -498>
2021-02-22 09:29:35.893139 7f36fd700240 5 asok(0x55de72ea81c0) register_command get subtrees hook 0x55de72e8a290 -497>
2021-02-22 09:29:35.893144 7f36fd700240 5 asok(0x55de72ea81c0) register_command dirfrag split hook 0x55de72e8a290 -496>
2021-02-22 09:29:35.893149 7f36fd700240 5 asok(0x55de72ea81c0) register_command dirfrag merge hook 0x55de72e8a290 -495>
2021-02-22 09:29:35.893153 7f36fd700240 5 asok(0x55de72ea81c0) register_command dirfrag ls hook 0x55de72e8a290 -494>
2021-02-22 09:29:35.893211 7f36f8fa3700 5 -- 10.116.179.9:6824/2538418522 >> 10.116.179.13:6789/0 conn(0x55de730b5000 :-1 s=STATE_OPEN_MESSAGE_READ_FOOTER_AND_DISPATCH pgs=33071291 cs=1 l=1). rx mon.4 seq 7 0x55de7314c000 mdsmap(e 22357) v1 -493>
2021-02-22 09:29:35.893229 7f36f681e700 1 -- 10.116.179.9:6824/2538418522 <== mon.4 10.116.179.13:6789/0 7 ==== mdsmap(e 22357) v1 ==== 464+0+0 (3675507770 0 0) 0x55de7314c000 con 0x55de730b5000 -492>
2021-02-22 09:29:35.893252 7f36f8fa3700 5 -- 10.116.179.9:6824/2538418522 >> 10.116.179.13:6789/0 conn(0x55de730b5000 :-1 s=STATE_OPEN_MESSAGE_READ_FOOTER_AND_DISPATCH pgs=33071291 cs=1 l=1). rx mon.4 seq 8 0x55de7314e000 mgrmap(e 405) v1 -491>
2021-02-22 09:29:35.893265 7f36f3818700 5 mds.beacon.ccreal1-hdd-01.ceph Sending beacon up:boot seq 1 -490>
2021-02-22 09:29:35.893549 7f36f3818700 10 monclient: _send_mon_message to mon.ccreal1-hdd-05.ceph at 10.116.179.13:6789/0 -489>
2021-02-22 09:29:35.893556 7f36f3818700 1 -- 10.116.179.9:6824/2538418522 --> 10.116.179.13:6789/0 -- mdsbeacon(191000664/ccreal1-hdd-01.ceph up:boot seq 1 v0) v7 -- 0x55de73110a80 con 0 -488>
2021-02-22 09:29:35.893597 7f36f681e700 1 mds.ccreal1-hdd-01.ceph Updating MDS map to version 22357 from mon.4 -487>
2021-02-22 09:29:35.893643 7f36f681e700 1 -- 10.116.179.9:6824/2538418522 <== mon.4 10.116.179.13:6789/0 8 ==== mgrmap(e 405) v1 ==== 443+0+0 (1957026650 0 0) 0x55de7314e000 con 0x55de730b5000 -486>
2021-02-22 09:29:35.893655 7f36f681e700 4 mgrc handle_mgr_map Got map version 405 -485>
2021-02-22 09:29:35.893658 7f36f681e700 4 mgrc handle_mgr_map Active mgr is now 10.116.179.10:6825/7 -484>
2021-02-22 09:29:35.893661 7f36f681e700 4 mgrc reconnect Starting new session with 10.116.179.10:6825/7 -483>
2021-02-22 09:29:35.893690 7f36f681e700 1 -- 10.116.179.9:6824/2538418522 --> 10.116.179.10:6825/7 -- mgropen(unknown.ccreal1-hdd-01.ceph) v2 -- 0x55de7314c000 con 0 -482>
2021-02-22 09:29:35.894301 7f36f87a2700 2 -- 10.116.179.9:6824/2538418522 >> 10.116.179.10:6825/7 conn(0x55de73156000 :-1 s=STATE_CONNECTING_WAIT_ACK_SEQ pgs=0 cs=0 l=1)._process_connection got newly_acked_seq 0 vs out_seq 0 -481>
2021-02-22 09:29:35.894528 7f36f87a2700 5 -- 10.116.179.9:6824/2538418522 >> 10.116.179.10:6825/7 conn(0x55de73156000 :-1 s=STATE_OPEN_MESSAGE_READ_FOOTER_AND_DISPATCH pgs=125267 cs=1 l=1). rx mgr.190751249 seq 1 0x55de72eaa5a0 mgrconfigure(period=5, threshold=5) v2 -480>
2021-02-22 09:29:35.894548 7f36f681e700 1 -- 10.116.179.9:6824/2538418522 <== mgr.190751249 10.116.179.10:6825/7 1 ==== mgrconfigure(period=5, threshold=5) v2 ==== 8+0+0 (3460719617 0 0) 0x55de72eaa5a0 con 0x55de73156000 -479>
2021-02-22 09:29:35.894556 7f36f681e700 4 mgrc handle_mgr_configure stats_period=5 -478>
2021-02-22 09:29:35.894558 7f36f681e700 4 mgrc handle_mgr_configure updated stats threshold: 5 -477>
2021-02-22 09:29:35.894567 7f36f681e700 1 -- 10.116.179.9:6824/2538418522 --> 10.116.179.10:6825/7 -- mgrreport(unknown.ccreal1-hdd-01.ceph +0-0 packed 6) v5 -- 0x55de7314e000 con 0 -476>
2021-02-22 09:29:35.894845 7f36f87a2700 1 -- 10.116.179.9:6824/2538418522 >> 10.116.179.10:6825/7 conn(0x55de73156000 :-1 s=STATE_OPEN pgs=125267 cs=1 l=1).read_bulk peer close file descriptor 20 -475>
2021-02-22 09:29:35.894855 7f36f87a2700 1 -- 10.116.179.9:6824/2538418522 >> 10.116.179.10:6825/7 conn(0x55de73156000 :-1 s=STATE_OPEN pgs=125267 cs=1 l=1).read_until read failed -474>
2021-02-22 09:29:35.894868 7f36f87a2700 1 -- 10.116.179.9:6824/2538418522 >> 10.116.179.10:6825/7 conn(0x55de73156000 :-1 s=STATE_OPEN pgs=125267 cs=1 l=1).process read tag failed -473>
2021-02-22 09:29:35.894874 7f36f87a2700 1 -- 10.116.179.9:6824/2538418522 >> 10.116.179.10:6825/7 conn(0x55de73156000 :-1 s=STATE_OPEN pgs=125267 cs=1 l=1).fault on lossy channel, failing -472>
2021-02-22 09:29:35.894884 7f36f87a2700 2 -- 10.116.179.9:6824/2538418522 >> 10.116.179.10:6825/7 conn(0x55de73156000 :-1 s=STATE_OPEN pgs=125267 cs=1 l=1)._stop -471>
2021-02-22 09:29:35.894898 7f36f681e700 4 mgrc ms_handle_reset ms_handle_reset con 0x55de73156000 -470>
2021-02-22 09:29:35.894903 7f36f681e700 4 mgrc reconnect Terminating session with 10.116.179.10:6825/7 -469>
2021-02-22 09:29:35.894909 7f36f681e700 1 -- 10.116.179.9:6824/2538418522 >> 10.116.179.10:6825/7 conn(0x55de73156000 :-1 s=STATE_CLOSED pgs=125267 cs=1 l=1).mark_down -468>
2021-02-22 09:29:35.894926 7f36f681e700 4 mgrc reconnect waiting to retry connect until
2021-02-22 09:29:36.893666 -467>
2021-02-22 09:29:36.893760 7f36f481a700 4 mgrc reconnect Starting new session with 10.116.179.10:6825/7 -466>
2021-02-22 09:29:36.893814 7f36f481a700 1 -- 10.116.179.9:6824/2538418522 --> 10.116.179.10:6825/7 -- mgropen(unknown.ccreal1-hdd-01.ceph) v2 -- 0x55de72e8d8c0 con 0 -465>
2021-02-22 09:29:36.894522 7f36f87a2700 2 -- 10.116.179.9:6824/2538418522 >> 10.116.179.10:6825/7 conn(0x55de73156000 :-1 s=STATE_CONNECTING_WAIT_ACK_SEQ pgs=0 cs=0 l=1)._process_connection got newly_acked_seq 0 vs out_seq 0 -464>
2021-02-22 09:29:36.894775 7f36f87a2700 5 -- 10.116.179.9:6824/2538418522 >> 10.116.179.10:6825/7 conn(0x55de73156000 :-1 s=STATE_OPEN_MESSAGE_READ_FOOTER_AND_DISPATCH pgs=125272 cs=1 l=1). rx mgr.190751249 seq 1 0x55de72eaa780 mgrconfigure(period=5, threshold=5) v2 -463>
2021-02-22 09:29:36.894799 7f36f681e700 1 -- 10.116.179.9:6824/2538418522 <== mgr.190751249 10.116.179.10:6825/7 1 ==== mgrconfigure(period=5, threshold=5) v2 ==== 8+0+0 (3460719617 0 0) 0x55de72eaa780 con 0x55de73156000 -462>
2021-02-22 09:29:36.894814 7f36f681e700 4 mgrc handle_mgr_configure stats_period=5 -461>
2021-02-22 09:29:36.894839 7f36f681e700 1 -- 10.116.179.9:6824/2538418522 --> 10.116.179.10:6825/7 -- mgrreport(unknown.ccreal1-hdd-01.ceph +0-0 packed 6) v5 -- 0x55de7314e2c0 con 0 -460>
2021-02-22 09:29:36.895099 7f36f87a2700 1 -- 10.116.179.9:6824/2538418522 >> 10.116.179.10:6825/7 conn(0x55de73156000 :-1 s=STATE_OPEN pgs=125272 cs=1 l=1).read_bulk peer close file descriptor 20 -459>
2021-02-22 09:29:36.895108 7f36f87a2700 1 -- 10.116.179.9:6824/2538418522 >> 10.116.179.10:6825/7 conn(0x55de73156000 :-1 s=STATE_OPEN pgs=125272 cs=1 l=1).read_until read failed -458>
2021-02-22 09:29:36.895114 7f36f87a2700 1 -- 10.116.179.9:6824/2538418522 >> 10.116.179.10:6825/7 conn(0x55de73156000 :-1 s=STATE_OPEN pgs=125272 cs=1 l=1).process read tag failed -457>
2021-02-22 09:29:36.895120 7f36f87a2700 1 -- 10.116.179.9:6824/2538418522 >> 10.116.179.10:6825/7 conn(0x55de73156000 :-1 s=STATE_OPEN pgs=125272 cs=1 l=1).fault on lossy channel, failing -456>
2021-02-22 09:29:36.895124 7f36f87a2700 2 -- 10.116.179.9:6824/2538418522 >> 10.116.179.10:6825/7 conn(0x55de73156000 :-1 s=STATE_OPEN pgs=125272 cs=1 l=1)._stop -455>
2021-02-22 09:29:36.895139 7f36f681e700 4 mgrc ms_handle_reset ms_handle_reset con 0x55de73156000 -454>
2021-02-22 09:29:36.895143 7f36f681e700 4 mgrc reconnect Terminating session with 10.116.179.10:6825/7 -453>
2021-02-22 09:29:36.895148 7f36f681e700 1 -- 10.116.179.9:6824/2538418522 >> 10.116.179.10:6825/7 conn(0x55de73156000 :-1 s=STATE_CLOSED pgs=125272 cs=1 l=1).mark_down -452>
2021-02-22 09:29:36.895172 7f36f681e700 4 mgrc reconnect waiting to retry connect until
2021-02-22 09:29:37.893781 -451>
2021-02-22 09:29:37.893861 7f36f481a700 4 mgrc reconnect Starting new session with 10.116.179.10:6825/7 -450>
2021-02-22 09:29:37.893906 7f36f481a700 1 -- 10.116.179.9:6824/2538418522 --> 10.116.179.10:6825/7 -- mgropen(unknown.ccreal1-hdd-01.ceph) v2 -- 0x55de72e8d680 con 0 -449>
2021-02-22 09:29:37.894757 7f36f87a2700 2 -- 10.116.179.9:6824/2538418522 >> 10.116.179.10:6825/7 conn(0x55de73156000 :-1 s=STATE_CONNECTING_WAIT_ACK_SEQ pgs=0 cs=0 l=1)._process_connection got newly_acked_seq 0 vs out_seq 0 -448>
2021-02-22 09:29:37.895061 7f36f87a2700 5 -- 10.116.179.9:6824/2538418522 >> 10.116.179.10:6825/7 conn(0x55de73156000 :-1 s=STATE_OPEN_MESSAGE_READ_FOOTER_AND_DISPATCH pgs=125274 cs=1 l=1). rx mgr.190751249 seq 1 0x55de72eaa960 mgrconfigure(period=5, threshold=5) v2 -447>
2021-02-22 09:29:37.895091 7f36f681e700 1 -- 10.116.179.9:6824/2538418522 <== mgr.190751249 10.116.179.10:6825/7 1 ==== mgrconfigure(period=5, threshold=5) v2 ==== 8+0+0 (3460719617 0 0) 0x55de72eaa960 con 0x55de73156000 -446>
2021-02-22 09:29:37.895106 7f36f681e700 4 mgrc handle_mgr_configure stats_period=5 -445>
2021-02-22 09:29:37.895119 7f36f681e700 1 -- 10.116.179.9:6824/2538418522 --> 10.116.179.10:6825/7 -- mgrreport(unknown.ccreal1-hdd-01.ceph +0-0 packed 6) v5 -- 0x55de7314e000 con 0 -444>
2021-02-22 09:29:37.895531 7f36f87a2700 1 -- 10.116.179.9:6824/2538418522 >> 10.116.179.10:6825/7 conn(0x55de73156000 :-1 s=STATE_OPEN pgs=125274 cs=1 l=1).read_bulk peer close file descriptor 20 -443>
2021-02-22 09:29:37.895543 7f36f87a2700 1 -- 10.116.179.9:6824/2538418522 >> 10.116.179.10:6825/7 conn(0x55de73156000 :-1 s=STATE_OPEN pgs=125274 cs=1 l=1).read_until read failed -442>
2021-02-22 09:29:37.895549 7f36f87a2700 1 -- 10.116.179.9:6824/2538418522 >> 10.116.179.10:6825/7 conn(0x55de73156000 :-1 s=STATE_OPEN pgs=125274 cs=1 l=1).process read tag failed -441>
2021-02-22 09:29:37.895553 7f36f87a2700 1 -- 10.116.179.9:6824/2538418522 >> 10.116.179.10:6825/7 conn(0x55de73156000 :-1 s=STATE_OPEN pgs=125274 cs=1 l=1).fault on lossy channel, failing -440>
2021-02-22 09:29:37.895558 7f36f87a2700 2 -- 10.116.179.9:6824/2538418522 >> 10.116.179.10:6825/7 conn(0x55de73156000 :-1 s=STATE_OPEN pgs=125274 cs=1 l=1)._stop -439>
2021-02-22 09:29:37.895574 7f36f681e700 4 mgrc ms_handle_reset ms_handle_reset con 0x55de73156000 -438>
2021-02-22 09:29:37.895578 7f36f681e700 4 mgrc reconnect Terminating session with 10.116.179.10:6825/7 -437>
2021-02-22 09:29:37.895584 7f36f681e700 1 -- 10.116.179.9:6824/2538418522 >> 10.116.179.10:6825/7 conn(0x55de73156000 :-1 s=STATE_CLOSED pgs=125274 cs=1 l=1).mark_down -436>
2021-02-22 09:29:37.895602 7f36f681e700 4 mgrc reconnect waiting to retry connect until
2021-02-22 09:29:38.893879 -435>
2021-02-22 09:29:38.893956 7f36f481a700 4 mgrc reconnect Starting new session with 10.116.179.10:6825/7 -434>
2021-02-22 09:29:38.894003 7f36f481a700 1 -- 10.116.179.9:6824/2538418522 --> 10.116.179.10:6825/7 -- mgropen(unknown.ccreal1-hdd-01.ceph) v2 -- 0x55de72e8d440 con 0 -433>
2021-02-22 09:29:38.894915 7f36f87a2700 2 -- 10.116.179.9:6824/2538418522 >> 10.116.179.10:6825/7 conn(0x55de73156000 :-1 s=STATE_CONNECTING_WAIT_ACK_SEQ pgs=0 cs=0 l=1)._process_connection got newly_acked_seq 0 vs out_seq 0 -432>
2021-02-22 09:29:38.895176 7f36f87a2700 5 -- 10.116.179.9:6824/2538418522 >> 10.116.179.10:6825/7 conn(0x55de73156000 :-1 s=STATE_OPEN_MESSAGE_READ_FOOTER_AND_DISPATCH pgs=125277 cs=1 l=1). rx mgr.190751249 seq 1 0x55de72eaa5a0 mgrconfigure(period=5, threshold=5) v2 -431>
2021-02-22 09:29:38.895205 7f36f681e700 1 -- 10.116.179.9:6824/2538418522 <== mgr.190751249 10.116.179.10:6825/7 1 ==== mgrconfigure(period=5, threshold=5) v2 ==== 8+0+0 (3460719617 0 0) 0x55de72eaa5a0 con 0x55de73156000 -430>
2021-02-22 09:29:38.895220 7f36f681e700 4 mgrc handle_mgr_configure stats_period=5 -429>
2021-02-22 09:29:38.895231 7f36f681e700 1 -- 10.116.179.9:6824/2538418522 --> 10.116.179.10:6825/7 -- mgrreport(unknown.ccreal1-hdd-01.ceph +0-0 packed 6) v5 -- 0x55de7314e2c0 con 0 -428>
2021-02-22 09:29:38.895468 7f36f87a2700 1 -- 10.116.179.9:6824/2538418522 >> 10.116.179.10:6825/7 conn(0x55de73156000 :-1 s=STATE_OPEN pgs=125277 cs=1 l=1).read_bulk peer close file descriptor 20 -427>
2021-02-22 09:29:38.895479 7f36f87a2700 1 -- 10.116.179.9:6824/2538418522 >> 10.116.179.10:6825/7 conn(0x55de73156000 :-1 s=STATE_OPEN pgs=125277 cs=1 l=1).read_until read failed -426>
2021-02-22 09:29:38.895486 7f36f87a2700 1 -- 10.116.179.9:6824/2538418522 >> 10.116.179.10:6825/7 conn(0x55de73156000 :-1 s=STATE_OPEN pgs=125277 cs=1 l=1).process read tag failed -425>
2021-02-22 09:29:38.895492 7f36f87a2700 1 -- 10.116.179.9:6824/2538418522 >> 10.116.179.10:6825/7 conn(0x55de73156000 :-1 s=STATE_OPEN pgs=125277 cs=1 l=1).fault on lossy channel, failing -424>
2021-02-22 09:29:38.895496 7f36f87a2700 2 -- 10.116.179.9:6824/2538418522 >> 10.116.179.10:6825/7 conn(0x55de73156000 :-1 s=STATE_OPEN pgs=125277 cs=1 l=1)._stop -423>
2021-02-22 09:29:38.895514 7f36f681e700 4 mgrc ms_handle_reset ms_handle_reset con 0x55de73156000 -422>
2021-02-22 09:29:38.895518 7f36f681e700 4 mgrc reconnect Terminating session with 10.116.179.10:6825/7 -421>
2021-02-22 09:29:38.895524 7f36f681e700 1 -- 10.116.179.9:6824/2538418522 >> 10.116.179.10:6825/7 conn(0x55de73156000 :-1 s=STATE_CLOSED pgs=125277 cs=1 l=1).mark_down -420>
2021-02-22 09:29:38.895543 7f36f681e700 4 mgrc reconnect waiting to retry connect until
2021-02-22 09:29:39.893973 -419>
2021-02-22 09:29:39.893659 7f36f3818700 5 mds.beacon.ccreal1-hdd-01.ceph Sending beacon up:boot seq 2 -418>
2021-02-22 09:29:39.894046 7f36f481a700 4 mgrc reconnect Starting new session with 10.116.179.10:6825/7 -417>
2021-02-22 09:29:39.894082 7f36f481a700 1 -- 10.116.179.9:6824/2538418522 --> 10.116.179.10:6825/7 -- mgropen(unknown.ccreal1-hdd-01.ceph) v2 -- 0x55de7314c000 con 0 -416>
2021-02-22 09:29:39.894745 7f36f87a2700 2 -- 10.116.179.9:6824/2538418522 >> 10.116.179.10:6825/7 conn(0x55de73156000 :-1 s=STATE_CONNECTING_WAIT_ACK_SEQ pgs=0 cs=0 l=1)._process_connection got newly_acked_seq 0 vs out_seq 0 -415>
2021-02-22 09:29:39.894984 7f36f87a2700 5 -- 10.116.179.9:6824/2538418522 >> 10.116.179.10:6825/7 conn(0x55de73156000 :-1 s=STATE_OPEN_MESSAGE_READ_FOOTER_AND_DISPATCH pgs=125281 cs=1 l=1). rx mgr.190751249 seq 1 0x55de72eaa780 mgrconfigure(period=5, threshold=5) v2 -414>
2021-02-22 09:29:39.895013 7f36f681e700 1 -- 10.116.179.9:6824/2538418522 <== mgr.190751249 10.116.179.10:6825/7 1 ==== mgrconfigure(period=5, threshold=5) v2 ==== 8+0+0 (3460719617 0 0) 0x55de72eaa780 con 0x55de73156000 -413>
2021-02-22 09:29:39.895029 7f36f681e700 4 mgrc handle_mgr_configure stats_period=5 -412>
2021-02-22 09:29:39.895044 7f36f681e700 1 -- 10.116.179.9:6824/2538418522 --> 10.116.179.10:6825/7 -- mgrreport(unknown.ccreal1-hdd-01.ceph +0-0 packed 6) v5 -- 0x55de7314e580 con 0 -411>
2021-02-22 09:29:39.895324 7f36f87a2700 1 -- 10.116.179.9:6824/2538418522 >> 10.116.179.10:6825/7 conn(0x55de73156000 :-1 s=STATE_OPEN pgs=125281 cs=1 l=1).read_bulk peer close file descriptor 27 -410>
2021-02-22 09:29:39.895336 7f36f87a2700 1 -- 10.116.179.9:6824/2538418522 >> 10.116.179.10:6825/7 conn(0x55de73156000 :-1 s=STATE_OPEN pgs=125281 cs=1 l=1).read_until read failed -409>
2021-02-22 09:29:39.895342 7f36f87a2700 1 -- 10.116.179.9:6824/2538418522 >> 10.116.179.10:6825/7 conn(0x55de73156000 :-1 s=STATE_OPEN pgs=125281 cs=1 l=1).process read tag failed -408>
2021-02-22 09:29:39.895358 7f36f87a2700 1 -- 10.116.179.9:6824/2538418522 >> 10.116.179.10:6825/7 conn(0x55de73156000 :-1 s=STATE_OPEN pgs=125281 cs=1 l=1).fault on lossy channel, failing -407>
2021-02-22 09:29:39.895363 7f36f87a2700 2 -- 10.116.179.9:6824/2538418522 >> 10.116.179.10:6825/7 conn(0x55de73156000 :-1 s=STATE_OPEN pgs=125281 cs=1 l=1)._stop -406>
2021-02-22 09:29:39.895386 7f36f681e700 4 mgrc ms_handle_reset ms_handle_reset con 0x55de73156000 -405>
2021-02-22 09:29:39.895392 7f36f681e700 4 mgrc reconnect Terminating session with 10.116.179.10:6825/7 -404>
2021-02-22 09:29:39.895399 7f36f681e700 1 -- 10.116.179.9:6824/2538418522 >> 10.116.179.10:6825/7 conn(0x55de73156000 :-1 s=STATE_CLOSED pgs=125281 cs=1 l=1).mark_down -403>
2021-02-22 09:29:39.895419 7f36f681e700 4 mgrc reconnect waiting to retry connect until
2021-02-22 09:29:40.894056 -402>
2021-02-22 09:29:39.906279 7f36f3818700 10 monclient: _send_mon_message to mon.ccreal1-hdd-05.ceph at 10.116.179.13:6789/0 -401>
2021-02-22 09:29:39.906289 7f36f3818700 1 -- 10.116.179.9:6824/2538418522 --> 10.116.179.13:6789/0 -- mdsbeacon(191000664/ccreal1-hdd-01.ceph up:boot seq 2 v22357) v7 -- 0x55de73110e00 con 0 -400>
2021-02-22 09:29:40.307452 7f36f8fa3700 5 -- 10.116.179.9:6824/2538418522 >> 10.116.179.13:6789/0 conn(0x55de730b5000 :-1 s=STATE_OPEN_MESSAGE_READ_FOOTER_AND_DISPATCH pgs=33071291 cs=1 l=1). rx mon.4 seq 9 0x55de7314c480 mdsmap(e 22358) v1 -399>
2021-02-22 09:29:40.307497 7f36f681e700 1 -- 10.116.179.9:6824/2538418522 <== mon.4 10.116.179.13:6789/0 9 ==== mdsmap(e 22358) v1 ==== 597+0+0 (3495171951 0 0) 0x55de7314c480 con 0x55de730b5000 -398>
2021-02-22 09:29:40.307514 7f36f681e700 1 mds.ccreal1-hdd-01.ceph Updating MDS map to version 22358 from mon.4 -397>
2021-02-22 09:29:40.307545 7f36f681e700 5 mds.beacon.ccreal1-hdd-01.ceph set_want_state: up:boot -> up:standby -396>
2021-02-22 09:29:40.307547 7f36f681e700 1 mds.ccreal1-hdd-01.ceph Map has assigned me to become a standby -395>
2021-02-22 09:29:40.307948 7f36f8fa3700 5 -- 10.116.179.9:6824/2538418522 >> 10.116.179.13:6789/0 conn(0x55de730b5000 :-1 s=STATE_OPEN_MESSAGE_READ_FOOTER_AND_DISPATCH pgs=33071291 cs=1 l=1). rx mon.4 seq 10 0x55de73110a80 mdsbeacon(191000664/ccreal1-hdd-01.ceph up:boot seq 2 v22358) v7 -394>
2021-02-22 09:29:40.307960 7f36f8fa3700 1 -- 10.116.179.9:6824/2538418522 <== mon.4 10.116.179.13:6789/0 10 ==== mdsbeacon(191000664/ccreal1-hdd-01.ceph up:boot seq 2 v22358) v7 ==== 148+0+0 (1005708504 0 0) 0x55de73110a80 con 0x55de730b5000 -393>
2021-02-22 09:29:40.307970 7f36f8fa3700 5 mds.beacon.ccreal1-hdd-01.ceph received beacon reply up:boot seq 2 rtt 0.414013 -392>
2021-02-22 09:29:40.314251 7f36f8fa3700 5 -- 10.116.179.9:6824/2538418522 >> 10.116.179.13:6789/0 conn(0x55de730b5000 :-1 s=STATE_OPEN_MESSAGE_READ_FOOTER_AND_DISPATCH pgs=33071291 cs=1 l=1). rx mon.4 seq 11 0x55de7314c900 mdsmap(e 22359) v1 -391>
2021-02-22 09:29:40.314282 7f36f681e700 1 -- 10.116.179.9:6824/2538418522 <== mon.4 10.116.179.13:6789/0 11 ==== mdsmap(e 22359) v1 ==== 1048+0+0 (2607728956 0 0) 0x55de7314c900 con 0x55de730b5000 -390>
2021-02-22 09:29:40.314299 7f36f681e700 1 mds.ccreal1-hdd-01.ceph Updating MDS map to version 22359 from mon.4 -389>
2021-02-22 09:29:40.314500 7f36f681e700 4 mds.0.purge_queue operator(): data pool 1 not found in OSDMap -388>
2021-02-22 09:29:40.314660 7f36f681e700 5 asok(0x55de72ea81c0) register_command objecter_requests hook 0x55de72e8a3b0 -387>
2021-02-22 09:29:40.314689 7f36f681e700 10 monclient: _renew_subs -386>
2021-02-22 09:29:40.314698 7f36f681e700 10 monclient: _send_mon_message to mon.ccreal1-hdd-05.ceph at 10.116.179.13:6789/0 -385>
2021-02-22 09:29:40.314708 7f36f681e700 1 -- 10.116.179.9:6824/2538418522 --> 10.116.179.13:6789/0 -- mon_subscribe({osdmap=0}) v2 -- 0x55de7317c000 con 0 -384>
2021-02-22 09:29:40.314799 7f36f681e700 10 log_channel(cluster) update_config to_monitors: true to_syslog: false syslog_facility: daemon prio: info to_graylog: false graylog_host: 127.0.0.1 graylog_port: 12201) -383>
2021-02-22 09:29:40.314977 7f36f681e700 4 mds.0.purge_queue operator(): data pool 1 not found in OSDMap -382>
2021-02-22 09:29:40.314983 7f36f681e700 4 mds.0.0 handle_osd_map epoch 0, 0 new blacklist entries -381>
2021-02-22 09:29:40.315097 7f36f681e700 1 mds.0.0 handle_mds_map i am now mds.191000664.0 replaying mds.0.0 -380>
2021-02-22 09:29:40.315108 7f36f681e700 1 mds.0.0 handle_mds_map state change up:boot --> up:standby-replay -379>
2021-02-22 09:29:40.315117 7f36f681e700 5 mds.beacon.ccreal1-hdd-01.ceph set_want_state: up:standby -> up:standby-replay -378>
2021-02-22 09:29:40.315118 7f36f681e700 1 mds.0.0 replay_start -377>
2021-02-22 09:29:40.315125 7f36f681e700 1 mds.0.0 recovery set is 1 -376>
2021-02-22 09:29:40.315132 7f36f681e700 2 mds.0.0 boot_start 0: opening inotable -375>
2021-02-22 09:29:40.315159 7f36f681e700 10 monclient: get_version osdmap req 0x55de7312e960 -374>
2021-02-22 09:29:40.315165 7f36f681e700 10 monclient: _send_mon_message to mon.ccreal1-hdd-05.ceph at 10.116.179.13:6789/0 -373>
2021-02-22 09:29:40.315181 7f36f681e700 1 -- 10.116.179.9:6824/2538418522 --> 10.116.179.13:6789/0 -- mon_get_version(what=osdmap handle=1) v1 -- 0x55de72eaa960 con 0 -372>
2021-02-22 09:29:40.315197 7f36f681e700 2 mds.0.0 boot_start 0: opening sessionmap -371>
2021-02-22 09:29:40.315211 7f36f681e700 10 monclient: get_version osdmap req 0x55de7312ea60 -370>
2021-02-22 09:29:40.315237 7f36f681e700 10 monclient: _send_mon_message to mon.ccreal1-hdd-05.ceph at 10.116.179.13:6789/0 -369>
2021-02-22 09:29:40.315241 7f36f681e700 1 -- 10.116.179.9:6824/2538418522 --> 10.116.179.13:6789/0 -- mon_get_version(what=osdmap handle=2) v1 -- 0x55de72eaa5a0 con 0 -368>
2021-02-22 09:29:40.315253 7f36f681e700 2 mds.0.0 boot_start 0: opening mds log -367>
2021-02-22 09:29:40.315258 7f36f681e700 5 mds.0.log open discovering log bounds -366>
2021-02-22 09:29:40.315343 7f36f0011700 4 mds.191000664.journalpointer Reading journal pointer '400.00000000' -365>
2021-02-22 09:29:40.315346 7f36f681e700 2 mds.0.0 boot_start 0: opening snap table -364>
2021-02-22 09:29:40.315362 7f36f0011700 10 monclient: get_version osdmap req 0x55de7312eca0 -363>
2021-02-22 09:29:40.315368 7f36f0011700 10 monclient: _send_mon_message to mon.ccreal1-hdd-05.ceph at 10.116.179.13:6789/0 -362>
2021-02-22 09:29:40.315377 7f36f0011700 1 -- 10.116.179.9:6824/2538418522 --> 10.116.179.13:6789/0 -- mon_get_version(what=osdmap handle=3) v1 -- 0x55de72eaad20 con 0 -361>
2021-02-22 09:29:40.315409 7f36f681e700 10 monclient: get_version osdmap req 0x55de7312ecc0 -360>
2021-02-22 09:29:40.315417 7f36f681e700 10 monclient: _send_mon_message to mon.ccreal1-hdd-05.ceph at 10.116.179.13:6789/0 -359>
2021-02-22 09:29:40.315425 7f36f681e700 1 -- 10.116.179.9:6824/2538418522 --> 10.116.179.13:6789/0 -- mon_get_version(what=osdmap handle=4) v1 -- 0x55de72eaa780 con 0 -358>
2021-02-22 09:29:40.315440 7f36f681e700 4 mds.0.purge_queue operator(): data pool 1 not found in OSDMap -357>
2021-02-22 09:29:40.315593 7f36f8fa3700 5 -- 10.116.179.9:6824/2538418522 >> 10.116.179.13:6789/0 conn(0x55de730b5000 :-1 s=STATE_OPEN_MESSAGE_READ_FOOTER_AND_DISPATCH pgs=33071291 cs=1 l=1). rx mon.4 seq 12 0x55de7314cb40 osd_map(1053263..1053263 src has 1052722..1053263) v3 -356>
2021-02-22 09:29:40.315647 7f36f8fa3700 5 -- 10.116.179.9:6824/2538418522 >> 10.116.179.13:6789/0 conn(0x55de730b5000 :-1 s=STATE_OPEN_MESSAGE_READ_FOOTER_AND_DISPATCH pgs=33071291 cs=1 l=1). rx mon.4 seq 13 0x55de72eaa780 mon_get_version_reply(handle=1 version=1053263) v2 -355>
2021-02-22 09:29:40.315649 7f36f681e700 1 -- 10.116.179.9:6824/2538418522 <== mon.4 10.116.179.13:6789/0 12 ==== osd_map(1053263..1053263 src has 1052722..1053263) v3 ==== 234915+0+0 (814779615 0 0) 0x55de7314cb40 con 0x55de730b5000 -354>
2021-02-22 09:29:40.315658 7f36f8fa3700 5 -- 10.116.179.9:6824/2538418522 >> 10.116.179.13:6789/0 conn(0x55de730b5000 :-1 s=STATE_OPEN_MESSAGE_READ_FOOTER_AND_DISPATCH pgs=33071291 cs=1 l=1). rx mon.4 seq 14 0x55de72eaad20 mon_get_version_reply(handle=2 version=1053263) v2 -353>
2021-02-22 09:29:40.315666 7f36f8fa3700 5 -- 10.116.179.9:6824/2538418522 >> 10.116.179.13:6789/0 conn(0x55de730b5000 :-1 s=STATE_OPEN_MESSAGE_READ_FOOTER_AND_DISPATCH pgs=33071291 cs=1 l=1). rx mon.4 seq 15 0x55de72eaa960 mon_get_version_reply(handle=3 version=1053263) v2 -352>
2021-02-22 09:29:40.315680 7f36f8fa3700 5 -- 10.116.179.9:6824/2538418522 >> 10.116.179.13:6789/0 conn(0x55de730b5000 :-1 s=STATE_OPEN_MESSAGE_READ_FOOTER_AND_DISPATCH pgs=33071291 cs=1 l=1). rx mon.4 seq 16 0x55de72eaa5a0 mon_get_version_reply(handle=4 version=1053263) v2 -351>
2021-02-22 09:29:40.317033 7f36f681e700 1 -- 10.116.179.9:6824/2538418522 --> 10.172.25.82:6816/126730 -- osd_op(unknown.0.0:1 2.13 2:c91d4a1d:::mds0_inotable:head [read 0~0] snapc 0=[] ondisk+read+known_if_redirected+full_force e1053263) v8 -- 0x55de7314e840 con 0 -350>
2021-02-22 09:29:40.317084 7f36f681e700 1 -- 10.116.179.9:6824/2538418522 --> 10.172.25.17:6816/131243 -- osd_op(unknown.0.0:2 2.b 2:d0630e4c:::mds0_sessionmap:head [omap-get-header,omap-get-vals] snapc 0=[] ondisk+read+known_if_redirected+full_force e1053263) v8 -- 0x55de7314eb00 con 0 -349>
2021-02-22 09:29:40.317128 7f36f681e700 1 -- 10.116.179.9:6824/2538418522 --> 10.172.25.144:6822/136686 -- osd_op(unknown.0.0:3 2.f 2:f1f69726:::400.00000000:head [read 0~0] snapc 0=[] ondisk+read+known_if_redirected+full_force e1053263) v8 -- 0x55de7314e580 con 0 -348>
2021-02-22 09:29:40.317179 7f36f681e700 1 -- 10.116.179.9:6824/2538418522 --> 10.172.25.13:6806/128260 -- osd_op(unknown.0.0:4 2.2d 2:b50e409b:::mds_snaptable:head [read 0~0] snapc 0=[] ondisk+read+known_if_redirected+full_force e1053263) v8 -- 0x55de7314edc0 con 0 -347>
2021-02-22 09:29:40.317201 7f36f681e700 4 mds.0.0 handle_osd_map epoch 1053263, 0 new blacklist entries -346>
2021-02-22 09:29:40.317206 7f36f681e700 10 monclient: _renew_subs -345>
2021-02-22 09:29:40.317209 7f36f681e700 10 monclient: _send_mon_message to mon.ccreal1-hdd-05.ceph at 10.116.179.13:6789/0 -344>
2021-02-22 09:29:40.317214 7f36f681e700 1 -- 10.116.179.9:6824/2538418522 --> 10.116.179.13:6789/0 -- mon_subscribe({osdmap=1053264}) v2 -- 0x55de7317c400 con 0 -343>
2021-02-22 09:29:40.317236 7f36f681e700 1 -- 10.116.179.9:6824/2538418522 <== mon.4 10.116.179.13:6789/0 13 ==== mon_get_version_reply(handle=1 version=1053263) v2 ==== 24+0+0 (2374359 0 0) 0x55de72eaa780 con 0x55de730b5000 -342>
2021-02-22 09:29:40.317245 7f36f681e700 10 monclient: handle_get_version_reply finishing 0x55de7312e960 version 1053263 -341>
2021-02-22 09:29:40.317253 7f36f681e700 1 -- 10.116.179.9:6824/2538418522 <== mon.4 10.116.179.13:6789/0 14 ==== mon_get_version_reply(handle=2 version=1053263) v2 ==== 24+0+0 (3407350708 0 0) 0x55de72eaad20 con 0x55de730b5000 -340>
2021-02-22 09:29:40.317260 7f36f681e700 10 monclient: handle_get_version_reply finishing 0x55de7312ea60 version 1053263 -339>
2021-02-22 09:29:40.317265 7f36f681e700 1 -- 10.116.179.9:6824/2538418522 <== mon.4 10.116.179.13:6789/0 15 ==== mon_get_version_reply(handle=3 version=1053263) v2 ==== 24+0+0 (1901578554 0 0) 0x55de72eaa960 con 0x55de730b5000 -338>
2021-02-22 09:29:40.317277 7f36f681e700 10 monclient: handle_get_version_reply finishing 0x55de7312eca0 version 1053263 -337>
2021-02-22 09:29:40.317283 7f36f681e700 1 -- 10.116.179.9:6824/2538418522 <== mon.4 10.116.179.13:6789/0 16 ==== mon_get_version_reply(handle=4 version=1053263) v2 ==== 24+0+0 (1485578115 0 0) 0x55de72eaa5a0 con 0x55de730b5000 -336>
2021-02-22 09:29:40.317289 7f36f681e700 10 monclient: handle_get_version_reply finishing 0x55de7312ecc0 version 1053263 -335>
2021-02-22 09:29:40.317969 7f36f87a2700 2 -- 10.116.179.9:6824/2538418522 >> 10.172.25.13:6806/128260 conn(0x55de73254000 :-1 s=STATE_CONNECTING_WAIT_ACK_SEQ pgs=0 cs=0 l=1)._process_connection got newly_acked_seq 0 vs out_seq 0 -334>
2021-02-22 09:29:40.317990 7f36f97a4700 2 -- 10.116.179.9:6824/2538418522 >> 10.172.25.17:6816/131243 conn(0x55de73159000 :-1 s=STATE_CONNECTING_WAIT_ACK_SEQ pgs=0 cs=0 l=1)._process_connection got newly_acked_seq 0 vs out_seq 0 -333>
2021-02-22 09:29:40.318060 7f36f87a2700 2 -- 10.116.179.9:6824/2538418522 >> 10.172.25.82:6816/126730 conn(0x55de73157800 :-1 s=STATE_CONNECTING_WAIT_ACK_SEQ pgs=0 cs=0 l=1)._process_connection got newly_acked_seq 0 vs out_seq 0 -332>
2021-02-22 09:29:40.318151 7f36f8fa3700 2 -- 10.116.179.9:6824/2538418522 >> 10.172.25.144:6822/136686 conn(0x55de7315a800 :-1 s=STATE_CONNECTING_WAIT_ACK_SEQ pgs=0 cs=0 l=1)._process_connection got newly_acked_seq 0 vs out_seq 0 -331>
2021-02-22 09:29:40.319010 7f36f8fa3700 5 -- 10.116.179.9:6824/2538418522 >> 10.172.25.144:6822/136686 conn(0x55de7315a800 :-1 s=STATE_OPEN_MESSAGE_READ_FOOTER_AND_DISPATCH pgs=15508585 cs=1 l=1). rx osd.569 seq 1 0x55de7314e580 osd_op_reply(3 400.00000000 [read 0~22] v0'0 uv1 ondisk = 0) v8 -330>
2021-02-22 09:29:40.319027 7f36f8fa3700 1 -- 10.116.179.9:6824/2538418522 <== osd.569 10.172.25.144:6822/136686 1 ==== osd_op_reply(3 400.00000000 [read 0~22] v0'0 uv1 ondisk = 0) v8 ==== 156+0+22 (2175293412 0 3825830296) 0x55de7314e580 con 0x55de7315a800 -329>
2021-02-22 09:29:40.319086 7f36f0011700 1 mds.191000664.journaler.mdlog(ro) recover start -328>
2021-02-22 09:29:40.319091 7f36f0011700 1 mds.191000664.journaler.mdlog(ro) read_head -327>
2021-02-22 09:29:40.319138 7f36f0011700 1 -- 10.116.179.9:6824/2538418522 --> 10.116.179.16:6806/113476 -- osd_op(unknown.0.0:5 2.14 2:292cf221:::200.00000000:head [read 0~0] snapc 0=[] ondisk+read+known_if_redirected+full_force e1053263) v8 -- 0x55de7314f340 con 0 -326>
2021-02-22 09:29:40.319155 7f36f0011700 4 mds.0.log Waiting for journal 0x200 to recover... -325>
2021-02-22 09:29:40.319260 7f36f87a2700 5 -- 10.116.179.9:6824/2538418522 >> 10.172.25.13:6806/128260 conn(0x55de73254000 :-1 s=STATE_OPEN_MESSAGE_READ_FOOTER_AND_DISPATCH pgs=13967166 cs=1 l=1). rx osd.336 seq 1 0x55de7314e840 osd_op_reply(4 mds_snaptable [read 0~46] v0'0 uv1 ondisk = 0) v8 -324>
2021-02-22 09:29:40.319275 7f36f87a2700 1 -- 10.116.179.9:6824/2538418522 <== osd.336 10.172.25.13:6806/128260 1 ==== osd_op_reply(4 mds_snaptable [read 0~46] v0'0 uv1 ondisk = 0) v8 ==== 157+0+46 (3010972717 0 2603725198) 0x55de7314e840 con 0x55de73254000 -323>
2021-02-22 09:29:40.319828 7f36f97a4700 2 -- 10.116.179.9:6824/2538418522 >> 10.116.179.16:6806/113476 conn(0x55de73257000 :-1 s=STATE_CONNECTING_WAIT_ACK_SEQ pgs=0 cs=0 l=1)._process_connection got newly_acked_seq 0 vs out_seq 0 -322>
