2021-02-22 09:29:40.320487 7f36f97a4700 5 -- 10.116.179.9:6824/2538418522 >> 10.116.179.16:6806/113476 conn(0x55de73257000 :-1 s=STATE_OPEN_MESSAGE_READ_FOOTER_AND_DISPATCH pgs=15736853 cs=1 l=1). rx osd.52 seq 1 0x55de7314eb00 osd_op_reply(5 200.00000000 [read 0~90] v0'0 uv2536499 ondisk = 0) v8 -321>
2021-02-22 09:29:40.320503 7f36f97a4700 1 -- 10.116.179.9:6824/2538418522 <== osd.52 10.116.179.16:6806/113476 1 ==== osd_op_reply(5 200.00000000 [read 0~90] v0'0 uv2536499 ondisk = 0) v8 ==== 156+0+90 (2348380835 0 1193384554) 0x55de7314eb00 con 0x55de73257000 -320>
2021-02-22 09:29:40.320536 7f36f0812700 1 mds.191000664.journaler.mdlog(ro) _finish_read_head loghead(trim 1383176601600, expire 1383176626173, write 1383632668716, stream_format 1). probing for end of log (from 1383632668716)... -319>
2021-02-22 09:29:40.320546 7f36f0812700 1 mds.191000664.journaler.mdlog(ro) probing for end of the log -318>
2021-02-22 09:29:40.320611 7f36f0812700 1 -- 10.116.179.9:6824/2538418522 --> 10.172.25.83:6810/105286 -- osd_op(unknown.0.0:6 2.3b 2:dca72185:::200.0005089b:head [stat] snapc 0=[] ondisk+read+rwordered+known_if_redirected+full_force e1053263) v8 -- 0x55de7314f080 con 0 -317>
2021-02-22 09:29:40.320678 7f36f0812700 1 -- 10.116.179.9:6824/2538418522 --> 10.172.25.82:6806/124847 -- osd_op(unknown.0.0:7 2.77 2:eefb80dc:::200.0005089c:head [stat] snapc 0=[] ondisk+read+rwordered+known_if_redirected+full_force e1053263) v8 -- 0x55de7314f600 con 0 -316>
2021-02-22 09:29:40.321356 7f36f8fa3700 2 -- 10.116.179.9:6824/2538418522 >> 10.172.25.83:6810/105286 conn(0x55de73255800 :-1 s=STATE_CONNECTING_WAIT_ACK_SEQ pgs=0 cs=0 l=1)._process_connection got newly_acked_seq 0 vs out_seq 0 -315>
2021-02-22 09:29:40.321450 7f36f87a2700 2 -- 10.116.179.9:6824/2538418522 >> 10.172.25.82:6806/124847 conn(0x55de73272000 :-1 s=STATE_CONNECTING_WAIT_ACK_SEQ pgs=0 cs=0 l=1)._process_connection got newly_acked_seq 0 vs out_seq 0 -314>
2021-02-22 09:29:40.321713 7f36f8fa3700 5 -- 10.116.179.9:6824/2538418522 >> 10.172.25.83:6810/105286 conn(0x55de73255800 :-1 s=STATE_OPEN_MESSAGE_READ_FOOTER_AND_DISPATCH pgs=6816254 cs=1 l=1). rx osd.448 seq 1 0x55de7314f080 osd_op_reply(6 200.0005089b [stat] v0'0 uv588477 ondisk = 0) v8 -313>
2021-02-22 09:29:40.321727 7f36f8fa3700 1 -- 10.116.179.9:6824/2538418522 <== osd.448 10.172.25.83:6810/105286 1 ==== osd_op_reply(6 200.0005089b [stat] v0'0 uv588477 ondisk = 0) v8 ==== 156+0+16 (4069798684 0 854413314) 0x55de7314f080 con 0x55de73255800 -312>
2021-02-22 09:29:40.321854 7f36f87a2700 5 -- 10.116.179.9:6824/2538418522 >> 10.172.25.82:6806/124847 conn(0x55de73272000 :-1 s=STATE_OPEN_MESSAGE_READ_FOOTER_AND_DISPATCH pgs=14240786 cs=1 l=1). rx osd.429 seq 1 0x55de7314f600 osd_op_reply(7 200.0005089c [stat] v0'0 uv0 ondisk = -2 ((2) No such file or directory)) v8 -311>
2021-02-22 09:29:40.321873 7f36f87a2700 1 -- 10.116.179.9:6824/2538418522 <== osd.429 10.172.25.82:6806/124847 1 ==== osd_op_reply(7 200.0005089c [stat] v0'0 uv0 ondisk = -2 ((2) No such file or directory)) v8 ==== 156+0+0 (1174472622 0 0) 0x55de7314f600 con 0x55de73272000 -310>
2021-02-22 09:29:40.321900 7f36f0812700 1 mds.191000664.journaler.mdlog(ro) _finish_probe_end write_pos = 1383632685517 (header had 1383632668716). recovered. -309>
2021-02-22 09:29:40.321913 7f36f0011700 4 mds.0.log Journal 0x200 recovered. -308>
2021-02-22 09:29:40.321918 7f36f0011700 4 mds.0.log Recovered journal 0x200 in format 1 -307>
2021-02-22 09:29:40.325266 7f36f87a2700 5 -- 10.116.179.9:6824/2538418522 >> 10.172.25.82:6816/126730 conn(0x55de73157800 :-1 s=STATE_OPEN_MESSAGE_READ_FOOTER_AND_DISPATCH pgs=15493651 cs=1 l=1). rx osd.469 seq 1 0x55de7314f600 osd_op_reply(1 mds0_inotable [read 0~34] v0'0 uv538289 ondisk = 0) v8 -306>
2021-02-22 09:29:40.325280 7f36f87a2700 1 -- 10.116.179.9:6824/2538418522 <== osd.469 10.172.25.82:6816/126730 1 ==== osd_op_reply(1 mds0_inotable [read 0~34] v0'0 uv538289 ondisk = 0) v8 ==== 157+0+34 (230512109 0 857848890) 0x55de7314f600 con 0x55de73157800 -305>
2021-02-22 09:29:40.327965 7f36f97a4700 5 -- 10.116.179.9:6824/2538418522 >> 10.172.25.17:6816/131243 conn(0x55de73159000 :-1 s=STATE_OPEN_MESSAGE_READ_FOOTER_AND_DISPATCH pgs=15764978 cs=1 l=1). rx osd.379 seq 1 0x55de7314eb00 osd_op_reply(2 mds0_sessionmap [omap-get-header,omap-get-vals] v0'0 uv581763 ondisk = 0) v8 -304>
2021-02-22 09:29:40.327986 7f36f97a4700 1 -- 10.116.179.9:6824/2538418522 <== osd.379 10.172.25.17:6816/131243 1 ==== osd_op_reply(2 mds0_sessionmap [omap-get-header,omap-get-vals] v0'0 uv581763 ondisk = 0) v8 ==== 201+0+557589 (2368734132 0 1474961793) 0x55de7314eb00 con 0x55de73159000 -303>
2021-02-22 09:29:40.334136 7f36f0812700 1 -- 10.116.179.9:6824/2538418522 --> 10.172.25.17:6816/131243 -- osd_op(unknown.0.0:8 2.b 2:d0630e4c:::mds0_sessionmap:head [omap-get-vals] snapc 0=[] ondisk+read+known_if_redirected+full_force e1053263) v8 -- 0x55de7314f8c0 con 0 -302>
2021-02-22 09:29:40.335074 7f36f97a4700 5 -- 10.116.179.9:6824/2538418522 >> 10.172.25.17:6816/131243 conn(0x55de73159000 :-1 s=STATE_OPEN_MESSAGE_READ_FOOTER_AND_DISPATCH pgs=15764978 cs=1 l=1). rx osd.379 seq 2 0x55de7314f8c0 osd_op_reply(8 mds0_sessionmap [omap-get-vals] v0'0 uv581763 ondisk = 0) v8 -301>
2021-02-22 09:29:40.335092 7f36f97a4700 1 -- 10.116.179.9:6824/2538418522 <== osd.379 10.172.25.17:6816/131243 2 ==== osd_op_reply(8 mds0_sessionmap [omap-get-vals] v0'0 uv581763 ondisk = 0) v8 ==== 159+0+14479 (4281418867 0 556466764) 0x55de7314f8c0 con 0x55de73159000 -300>
2021-02-22 09:29:40.335307 7f36f0812700 2 mds.0.0 boot_start 1: loading/discovering base inodes -299>
2021-02-22 09:29:40.335320 7f36f0812700 0 mds.0.cache creating system inode with ino:0x100 -298>
2021-02-22 09:29:40.335391 7f36f0812700 1 -- 10.116.179.9:6824/2538418522 --> 10.172.25.16:6812/131846 -- osd_op(unknown.0.0:9 2.33 2:cd5a64a3:::100.00000000:head [getxattr inode] snapc 0=[] ondisk+read+known_if_redirected+full_force e1053263) v8 -- 0x55de7314fb80 con 0 -297>
2021-02-22 09:29:40.335442 7f36f0812700 1 -- 10.116.179.9:6824/2538418522 --> 10.172.25.13:6800/127124 -- osd_op(unknown.0.0:10 2.7f 2:fe07bba1:::100.00000000.inode:head [read 0~0] snapc 0=[] ondisk+read+known_if_redirected+full_force e1053263) v8 -- 0x55de7328e000 con 0 -296>
2021-02-22 09:29:40.335457 7f36f0812700 0 mds.0.cache creating system inode with ino:0x1 -295>
2021-02-22 09:29:40.335480 7f36f0812700 1 -- 10.116.179.9:6824/2538418522 --> 10.172.25.13:6800/127124 -- osd_op(unknown.0.0:11 2.7f 2:ff5b34d6:::1.00000000:head [getxattr inode] snapc 0=[] ondisk+read+known_if_redirected+full_force e1053263) v8 -- 0x55de7328e2c0 con 0 -294>
2021-02-22 09:29:40.335506 7f36f0812700 1 -- 10.116.179.9:6824/2538418522 --> 10.116.179.16:6806/113476 -- osd_op(unknown.0.0:12 2.14 2:287034c4:::1.00000000.inode:head [read 0~0] snapc 0=[] ondisk+read+known_if_redirected+full_force e1053263) v8 -- 0x55de7328e580 con 0 -293>
2021-02-22 09:29:40.336204 7f36f8fa3700 2 -- 10.116.179.9:6824/2538418522 >> 10.172.25.13:6800/127124 conn(0x55de73275000 :-1 s=STATE_CONNECTING_WAIT_ACK_SEQ pgs=0 cs=0 l=1)._process_connection got newly_acked_seq 0 vs out_seq 0 -292>
2021-02-22 09:29:40.336508 7f36f97a4700 2 -- 10.116.179.9:6824/2538418522 >> 10.172.25.16:6812/131846 conn(0x55de73273800 :-1 s=STATE_CONNECTING_WAIT_ACK_SEQ pgs=0 cs=0 l=1)._process_connection got newly_acked_seq 0 vs out_seq 0 -291>
2021-02-22 09:29:40.337069 7f36f97a4700 5 -- 10.116.179.9:6824/2538418522 >> 10.172.25.16:6812/131846 conn(0x55de73273800 :-1 s=STATE_OPEN_MESSAGE_READ_FOOTER_AND_DISPATCH pgs=15132720 cs=1 l=1). rx osd.361 seq 1 0x55de7314fb80 osd_op_reply(9 100.00000000 [getxattr] v0'0 uv0 ondisk = -61 ((61) No data available)) v8 -290>
2021-02-22 09:29:40.337086 7f36f97a4700 1 -- 10.116.179.9:6824/2538418522 <== osd.361 10.172.25.16:6812/131846 1 ==== osd_op_reply(9 100.00000000 [getxattr] v0'0 uv0 ondisk = -61 ((61) No data available)) v8 ==== 156+0+0 (2303013994 0 0) 0x55de7314fb80 con 0x55de73273800 -289>
2021-02-22 09:29:40.340756 7f36f8fa3700 5 -- 10.116.179.9:6824/2538418522 >> 10.172.25.13:6800/127124 conn(0x55de73275000 :-1 s=STATE_OPEN_MESSAGE_READ_FOOTER_AND_DISPATCH pgs=11739867 cs=1 l=1). rx osd.312 seq 1 0x55de7328e2c0 osd_op_reply(10 100.00000000.inode [read 0~536] v0'0 uv529807 ondisk = 0) v8 -288>
2021-02-22 09:29:40.340775 7f36f8fa3700 1 -- 10.116.179.9:6824/2538418522 <== osd.312 10.172.25.13:6800/127124 1 ==== osd_op_reply(10 100.00000000.inode [read 0~536] v0'0 uv529807 ondisk = 0) v8 ==== 162+0+536 (1225968736 0 1437957554) 0x55de7328e2c0 con 0x55de73275000 -287>
2021-02-22 09:29:40.340939 7f36f8fa3700 5 -- 10.116.179.9:6824/2538418522 >> 10.172.25.13:6800/127124 conn(0x55de73275000 :-1 s=STATE_OPEN_MESSAGE_READ_FOOTER_AND_DISPATCH pgs=11739867 cs=1 l=1). rx osd.312 seq 2 0x55de7328e2c0 osd_op_reply(11 1.00000000 [getxattr] v0'0 uv0 ondisk = -61 ((61) No data available)) v8 -286>
2021-02-22 09:29:40.340954 7f36f8fa3700 1 -- 10.116.179.9:6824/2538418522 <== osd.312 10.172.25.13:6800/127124 2 ==== osd_op_reply(11 1.00000000 [getxattr] v0'0 uv0 ondisk = -61 ((61) No data available)) v8 ==== 154+0+0 (101863499 0 0) 0x55de7328e2c0 con 0x55de73275000 -285>
2021-02-22 09:29:40.346915 7f36f97a4700 5 -- 10.116.179.9:6824/2538418522 >> 10.116.179.16:6806/113476 conn(0x55de73257000 :-1 s=STATE_OPEN_MESSAGE_READ_FOOTER_AND_DISPATCH pgs=15736853 cs=1 l=1). rx osd.52 seq 2 0x55de7314fb80 osd_op_reply(12 1.00000000.inode [read 0~536] v0'0 uv2475673 ondisk = 0) v8 -284>
2021-02-22 09:29:40.346935 7f36f97a4700 1 -- 10.116.179.9:6824/2538418522 <== osd.52 10.116.179.16:6806/113476 2 ==== osd_op_reply(12 1.00000000.inode [read 0~536] v0'0 uv2475673 ondisk = 0) v8 ==== 160+0+536 (1002993321 0 859266259) 0x55de7314fb80 con 0x55de73257000 -283>
2021-02-22 09:29:40.346978 7f36f0812700 2 mds.0.0 boot_start 2: replaying mds log -282>
2021-02-22 09:29:40.347173 7f36ef00f700 1 -- 10.116.179.9:6824/2538418522 --> 10.172.25.144:6812/134800 -- osd_op(unknown.0.0:13 2.29 2:95f8d464:::200.0005082f:head [read 24573~4169731 [fadvise_dontneed]] snapc 0=[] ondisk+read+known_if_redirected+full_force e1053263) v8 -- 0x55de7314e2c0 con 0 -281>
2021-02-22 09:29:40.347236 7f36ef00f700 1 -- 10.116.179.9:6824/2538418522 --> 10.172.25.15:6808/130681 -- osd_op(unknown.0.0:14 2.5d 2:bb17d982:::200.00050830:head [read 0~4194304 [fadvise_dontneed]] snapc 0=[] ondisk+read+known_if_redirected+full_force e1053263) v8 -- 0x55de7314e580 con 0 -280>
2021-02-22 09:29:40.347276 7f36ef00f700 1 -- 10.116.179.9:6824/2538418522 --> 10.172.25.83:6808/104909 -- osd_op(unknown.0.0:15 2.12 2:495bbd05:::200.00050831:head [read 0~4194304 [fadvise_dontneed]] snapc 0=[] ondisk+read+known_if_redirected+full_force e1053263) v8 -- 0x55de7314f080 con 0 -279>
2021-02-22 09:29:40.347316 7f36ef00f700 1 -- 10.116.179.9:6824/2538418522 --> 10.116.179.10:6820/162482 -- osd_op(unknown.0.0:16 2.68 2:177c5ed8:::200.00050832:head [read 0~4194304 [fadvise_dontneed]] snapc 0=[] ondisk+read+known_if_redirected+full_force e1053263) v8 -- 0x55de7314f340 con 0 -278>
2021-02-22 09:29:40.347356 7f36ef00f700 1 -- 10.116.179.9:6824/2538418522 --> 10.116.179.16:6808/112036 -- osd_op(unknown.0.0:17 2.3a 2:5cf43e0a:::200.00050833:head [read 0~4194304 [fadvise_dontneed]] snapc 0=[] ondisk+read+known_if_redirected+full_force e1053263) v8 -- 0x55de7314eb00 con 0 -277>
2021-02-22 09:29:40.347395 7f36ef00f700 1 -- 10.116.179.9:6824/2538418522 --> 10.172.25.78:6800/123375 -- osd_op(unknown.0.0:18 2.4b 2:d3f0b88d:::200.00050834:head [read 0~4194304 [fadvise_dontneed]] snapc 0=[] ondisk+read+known_if_redirected+full_force e1053263) v8 -- 0x55de7314f8c0 con 0 -276>
2021-02-22 09:29:40.347433 7f36ef00f700 1 -- 10.116.179.9:6824/2538418522 --> 10.172.25.141:6802/125224 -- osd_op(unknown.0.0:19 2.2 2:40f94ae5:::200.00050835:head [read 0~4194304 [fadvise_dontneed]] snapc 0=[] ondisk+read+known_if_redirected+full_force e1053263) v8 -- 0x55de7328e000 con 0 -275>
2021-02-22 09:29:40.347466 7f36ef00f700 1 -- 10.116.179.9:6824/2538418522 --> 10.172.25.144:6818/135929 -- osd_op(unknown.0.0:20 2.67 2:e7475642:::200.00050836:head [read 0~4194304 [fadvise_dontneed]] snapc 0=[] ondisk+read+known_if_redirected+full_force e1053263) v8 -- 0x55de7328e580 con 0 -274>
2021-02-22 09:29:40.347503 7f36ef00f700 1 -- 10.116.179.9:6824/2538418522 --> 10.172.25.143:6810/134384 -- osd_op(unknown.0.0:21 2.26 2:646ba131:::200.00050837:head [read 0~4194304 [fadvise_dontneed]] snapc 0=[] ondisk+read+known_if_redirected+full_force e1053263) v8 -- 0x55de7328eb00 con 0 -273>
2021-02-22 09:29:40.347537 7f36ef00f700 1 -- 10.116.179.9:6824/2538418522 --> 10.172.25.79:6816/132731 -- osd_op(unknown.0.0:22 2.28 2:14065c82:::200.00050838:head [read 0~4194304 [fadvise_dontneed]] snapc 0=[] ondisk+read+known_if_redirected+full_force e1053263) v8 -- 0x55de7328edc0 con 0 -272>
2021-02-22 09:29:40.347573 7f36ef00f700 1 -- 10.116.179.9:6824/2538418522 --> 10.172.25.83:6820/107173 -- osd_op(unknown.0.0:23 2.c 2:3151b24a:::200.00050839:head [read 0~4194304 [fadvise_dontneed]] snapc 0=[] ondisk+read+known_if_redirected+full_force e1053263) v8 -- 0x55de7328f080 con 0 -271>
2021-02-22 09:29:40.347989 7f36f87a2700 2 -- 10.116.179.9:6824/2538418522 >> 10.116.179.10:6820/162482 conn(0x55de73298800 :-1 s=STATE_CONNECTING_WAIT_ACK_SEQ pgs=0 cs=0 l=1)._process_connection got newly_acked_seq 0 vs out_seq 0 -270>
2021-02-22 09:29:40.348064 7f36f97a4700 2 -- 10.116.179.9:6824/2538418522 >> 10.116.179.16:6808/112036 conn(0x55de732a8000 :-1 s=STATE_CONNECTING_WAIT_ACK_SEQ pgs=0 cs=0 l=1)._process_connection got newly_acked_seq 0 vs out_seq 0 -269>
2021-02-22 09:29:40.348071 7f36f87a2700 2 -- 10.116.179.9:6824/2538418522 >> 10.172.25.144:6812/134800 conn(0x55de73294000 :-1 s=STATE_CONNECTING_WAIT_ACK_SEQ pgs=0 cs=0 l=1)._process_connection got newly_acked_seq 0 vs out_seq 0 -268>
2021-02-22 09:29:40.348136 7f36f97a4700 2 -- 10.116.179.9:6824/2538418522 >> 10.172.25.15:6808/130681 conn(0x55de73295800 :-1 s=STATE_CONNECTING_WAIT_ACK_SEQ pgs=0 cs=0 l=1)._process_connection got newly_acked_seq 0 vs out_seq 0 -267>
2021-02-22 09:29:40.348140 7f36f8fa3700 2 -- 10.116.179.9:6824/2538418522 >> 10.172.25.83:6808/104909 conn(0x55de73297000 :-1 s=STATE_CONNECTING_WAIT_ACK_SEQ pgs=0 cs=0 l=1)._process_connection got newly_acked_seq 0 vs out_seq 0 -266>
2021-02-22 09:29:40.348239 7f36f8fa3700 2 -- 10.116.179.9:6824/2538418522 >> 10.172.25.78:6800/123375 conn(0x55de732a9800 :-1 s=STATE_CONNECTING_WAIT_ACK_SEQ pgs=0 cs=0 l=1)._process_connection got newly_acked_seq 0 vs out_seq 0 -265>
2021-02-22 09:29:40.348356 7f36f87a2700 2 -- 10.116.179.9:6824/2538418522 >> 10.172.25.141:6802/125224 conn(0x55de732ab000 :-1 s=STATE_CONNECTING_WAIT_ACK_SEQ pgs=0 cs=0 l=1)._process_connection got newly_acked_seq 0 vs out_seq 0 -264>
2021-02-22 09:29:40.348466 7f36f97a4700 2 -- 10.116.179.9:6824/2538418522 >> 10.172.25.144:6818/135929 conn(0x55de732ac800 :-1 s=STATE_CONNECTING_WAIT_ACK_SEQ pgs=0 cs=0 l=1)._process_connection got newly_acked_seq 0 vs out_seq 0 -263>
2021-02-22 09:29:40.348556 7f36f8fa3700 2 -- 10.116.179.9:6824/2538418522 >> 10.172.25.143:6810/134384 conn(0x55de732c0000 :-1 s=STATE_CONNECTING_WAIT_ACK_SEQ pgs=0 cs=0 l=1)._process_connection got newly_acked_seq 0 vs out_seq 0 -262>
2021-02-22 09:29:40.348649 7f36f87a2700 2 -- 10.116.179.9:6824/2538418522 >> 10.172.25.79:6816/132731 conn(0x55de732c1800 :-1 s=STATE_CONNECTING_WAIT_ACK_SEQ pgs=0 cs=0 l=1)._process_connection got newly_acked_seq 0 vs out_seq 0 -261>
2021-02-22 09:29:40.348719 7f36f97a4700 2 -- 10.116.179.9:6824/2538418522 >> 10.172.25.83:6820/107173 conn(0x55de732c3000 :-1 s=STATE_CONNECTING_WAIT_ACK_SEQ pgs=0 cs=0 l=1)._process_connection got newly_acked_seq 0 vs out_seq 0 -260>
2021-02-22 09:29:40.370252 7f36f87a2700 5 -- 10.116.179.9:6824/2538418522 >> 10.116.179.10:6820/162482 conn(0x55de73298800 :-1 s=STATE_OPEN_MESSAGE_READ_FOOTER_AND_DISPATCH pgs=13846581 cs=1 l=1). rx osd.26 seq 1 0x55de7328edc0 osd_op_reply(16 200.00050832 [read 0~4194304 [fadvise_dontneed]] v0'0 uv532190 ondisk = 0) v8 -259>
2021-02-22 09:29:40.370315 7f36f87a2700 1 -- 10.116.179.9:6824/2538418522 <== osd.26 10.116.179.10:6820/162482 1 ==== osd_op_reply(16 200.00050832 [read 0~4194304 [fadvise_dontneed]] v0'0 uv532190 ondisk = 0) v8 ==== 156+0+4194304 (2183079396 0 3211141862) 0x55de7328edc0 con 0x55de73298800 -258>
2021-02-22 09:29:40.370869 7f36f8fa3700 5 -- 10.116.179.9:6824/2538418522 >> 10.172.25.143:6810/134384 conn(0x55de732c0000 :-1 s=STATE_OPEN_MESSAGE_READ_FOOTER_AND_DISPATCH pgs=15521935 cs=1 l=1). rx osd.531 seq 1 0x55de7328eb00 osd_op_reply(21 200.00050837 [read 0~4194304 [fadvise_dontneed]] v0'0 uv505860 ondisk = 0) v8 -257>
2021-02-22 09:29:40.370893 7f36f8fa3700 1 -- 10.116.179.9:6824/2538418522 <== osd.531 10.172.25.143:6810/134384 1 ==== osd_op_reply(21 200.00050837 [read 0~4194304 [fadvise_dontneed]] v0'0 uv505860 ondisk = 0) v8 ==== 156+0+4194304 (3654345233 0 3949550040) 0x55de7328eb00 con 0x55de732c0000 -256>
2021-02-22 09:29:40.372593 7f36f8fa3700 5 -- 10.116.179.9:6824/2538418522 >> 10.172.25.78:6800/123375 conn(0x55de732a9800 :-1 s=STATE_OPEN_MESSAGE_READ_FOOTER_AND_DISPATCH pgs=15587080 cs=1 l=1). rx osd.410 seq 1 0x55de7328eb00 osd_op_reply(18 200.00050834 [read 0~4194304 [fadvise_dontneed]] v0'0 uv468127 ondisk = 0) v8 -255>
2021-02-22 09:29:40.372613 7f36f8fa3700 1 -- 10.116.179.9:6824/2538418522 <== osd.410 10.172.25.78:6800/123375 1 ==== osd_op_reply(18 200.00050834 [read 0~4194304 [fadvise_dontneed]] v0'0 uv468127 ondisk = 0) v8 ==== 156+0+4194304 (2212000351 0 826077645) 0x55de7328eb00 con 0x55de732a9800 -254>
2021-02-22 09:29:40.374934 7f36f97a4700 5 -- 10.116.179.9:6824/2538418522 >> 10.172.25.144:6818/135929 conn(0x55de732ac800 :-1 s=STATE_OPEN_MESSAGE_READ_FOOTER_AND_DISPATCH pgs=15532174 cs=1 l=1). rx osd.561 seq 1 0x55de7314fb80 osd_op_reply(20 200.00050836 [read 0~4194304 [fadvise_dontneed]] v0'0 uv519368 ondisk = 0) v8 -253>
2021-02-22 09:29:40.374954 7f36f97a4700 1 -- 10.116.179.9:6824/2538418522 <== osd.561 10.172.25.144:6818/135929 1 ==== osd_op_reply(20 200.00050836 [read 0~4194304 [fadvise_dontneed]] v0'0 uv519368 ondisk = 0) v8 ==== 156+0+4194304 (1128871551 0 3538193488) 0x55de7314fb80 con 0x55de732ac800 -252>
2021-02-22 09:29:40.383610 7f36f87a2700 5 -- 10.116.179.9:6824/2538418522 >> 10.172.25.79:6816/132731 conn(0x55de732c1800 :-1 s=STATE_OPEN_MESSAGE_READ_FOOTER_AND_DISPATCH pgs=14821296 cs=1 l=1). rx osd.466 seq 1 0x55de7328edc0 osd_op_reply(22 200.00050838 [read 0~4194304 [fadvise_dontneed]] v0'0 uv490683 ondisk = 0) v8 -251>
2021-02-22 09:29:40.383645 7f36f87a2700 1 -- 10.116.179.9:6824/2538418522 <== osd.466 10.172.25.79:6816/132731 1 ==== osd_op_reply(22 200.00050838 [read 0~4194304 [fadvise_dontneed]] v0'0 uv490683 ondisk = 0) v8 ==== 156+0+4194304 (3917539886 0 1351444070) 0x55de7328edc0 con 0x55de732c1800 -250>
2021-02-22 09:29:40.387348 7f36f97a4700 5 -- 10.116.179.9:6824/2538418522 >> 10.172.25.15:6808/130681 conn(0x55de73295800 :-1 s=STATE_OPEN_MESSAGE_READ_FOOTER_AND_DISPATCH pgs=14262479 cs=1 l=1). rx osd.346 seq 1 0x55de7314fb80 osd_op_reply(14 200.00050830 [read 0~4194304 [fadvise_dontneed]] v0'0 uv519901 ondisk = 0) v8 -249>
2021-02-22 09:29:40.387372 7f36f97a4700 1 -- 10.116.179.9:6824/2538418522 <== osd.346 10.172.25.15:6808/130681 1 ==== osd_op_reply(14 200.00050830 [read 0~4194304 [fadvise_dontneed]] v0'0 uv519901 ondisk = 0) v8 ==== 156+0+4194304 (1794261645 0 3725500903) 0x55de7314fb80 con 0x55de73295800 -248>
2021-02-22 09:29:40.389265 7f36f87a2700 5 -- 10.116.179.9:6824/2538418522 >> 10.172.25.144:6812/134800 conn(0x55de73294000 :-1 s=STATE_OPEN_MESSAGE_READ_FOOTER_AND_DISPATCH pgs=15546465 cs=1 l=1). rx osd.538 seq 1 0x55de7328edc0 osd_op_reply(13 200.0005082f [read 24573~4169731 [fadvise_dontneed]] v0'0 uv556861 ondisk = 0) v8 -247>
2021-02-22 09:29:40.389285 7f36f87a2700 1 -- 10.116.179.9:6824/2538418522 <== osd.538 10.172.25.144:6812/134800 1 ==== osd_op_reply(13 200.0005082f [read 24573~4169731 [fadvise_dontneed]] v0'0 uv556861 ondisk = 0) v8 ==== 156+0+4169731 (854195975 0 3066265604) 0x55de7328edc0 con 0x55de73294000 -246>
2021-02-22 09:29:40.390565 7f36f8fa3700 5 -- 10.116.179.9:6824/2538418522 >> 10.172.25.83:6808/104909 conn(0x55de73297000 :-1 s=STATE_OPEN_MESSAGE_READ_FOOTER_AND_DISPATCH pgs=13458029 cs=1 l=1). rx osd.439 seq 1 0x55de7328eb00 osd_op_reply(15 200.00050831 [read 0~4194304 [fadvise_dontneed]] v0'0 uv496369 ondisk = 0) v8 -245>
2021-02-22 09:29:40.390586 7f36f8fa3700 1 -- 10.116.179.9:6824/2538418522 <== osd.439 10.172.25.83:6808/104909 1 ==== osd_op_reply(15 200.00050831 [read 0~4194304 [fadvise_dontneed]] v0'0 uv496369 ondisk = 0) v8 ==== 156+0+4194304 (3599070187 0 1091602888) 0x55de7328eb00 con 0x55de73297000 -244>
2021-02-22 09:29:40.392252 7f36f97a4700 5 -- 10.116.179.9:6824/2538418522 >> 10.172.25.83:6820/107173 conn(0x55de732c3000 :-1 s=STATE_OPEN_MESSAGE_READ_FOOTER_AND_DISPATCH pgs=14284287 cs=1 l=1). rx osd.483 seq 1 0x55de7314fb80 osd_op_reply(23 200.00050839 [read 0~4194304 [fadvise_dontneed]] v0'0 uv496853 ondisk = 0) v8 -243>
2021-02-22 09:29:40.392272 7f36f97a4700 1 -- 10.116.179.9:6824/2538418522 <== osd.483 10.172.25.83:6820/107173 1 ==== osd_op_reply(23 200.00050839 [read 0~4194304 [fadvise_dontneed]] v0'0 uv496853 ondisk = 0) v8 ==== 156+0+4194304 (97058939 0 3059034108) 0x55de7314fb80 con 0x55de732c3000 -242>
2021-02-22 09:29:40.393808 7f36f87a2700 5 -- 10.116.179.9:6824/2538418522 >> 10.172.25.141:6802/125224 conn(0x55de732ab000 :-1 s=STATE_OPEN_MESSAGE_READ_FOOTER_AND_DISPATCH pgs=14439076 cs=1 l=1). rx osd.501 seq 1 0x55de7328edc0 osd_op_reply(19 200.00050835 [read 0~4194304 [fadvise_dontneed]] v0'0 uv513746 ondisk = 0) v8 -241>
2021-02-22 09:29:40.393826 7f36f87a2700 1 -- 10.116.179.9:6824/2538418522 <== osd.501 10.172.25.141:6802/125224 1 ==== osd_op_reply(19 200.00050835 [read 0~4194304 [fadvise_dontneed]] v0'0 uv513746 ondisk = 0) v8 ==== 156+0+4194304 (2327149161 0 520838889) 0x55de7328edc0 con 0x55de732ab000 -240>
2021-02-22 09:29:40.394999 7f36f97a4700 5 -- 10.116.179.9:6824/2538418522 >> 10.116.179.16:6808/112036 conn(0x55de732a8000 :-1 s=STATE_OPEN_MESSAGE_READ_FOOTER_AND_DISPATCH pgs=8465838 cs=1 l=1). rx osd.49 seq 1 0x55de7314fb80 osd_op_reply(17 200.00050833 [read 0~4194304 [fadvise_dontneed]] v0'0 uv503103 ondisk = 0) v8 -239>
2021-02-22 09:29:40.395018 7f36f97a4700 1 -- 10.116.179.9:6824/2538418522 <== osd.49 10.116.179.16:6808/112036 1 ==== osd_op_reply(17 200.00050833 [read 0~4194304 [fadvise_dontneed]] v0'0 uv503103 ondisk = 0) v8 ==== 156+0+4194304 (1557630331 0 2939723575) 0x55de7314fb80 con 0x55de732a8000 -238>
2021-02-22 09:29:40.894129 7f36f481a700 4 mgrc reconnect Starting new session with 10.116.179.10:6825/7 -237>
2021-02-22 09:29:40.894180 7f36f481a700 1 -- 10.116.179.9:6824/2538418522 --> 10.116.179.10:6825/7 -- mgropen(unknown.ccreal1-hdd-01.ceph) v2 -- 0x55de72e8db00 con 0 -236>
2021-02-22 09:29:40.895037 7f36f8fa3700 2 -- 10.116.179.9:6824/2538418522 >> 10.116.179.10:6825/7 conn(0x55de73156000 :-1 s=STATE_CONNECTING_WAIT_ACK_SEQ pgs=0 cs=0 l=1)._process_connection got newly_acked_seq 0 vs out_seq 0 -235>
2021-02-22 09:29:40.895425 7f36f8fa3700 5 -- 10.116.179.9:6824/2538418522 >> 10.116.179.10:6825/7 conn(0x55de73156000 :-1 s=STATE_OPEN_MESSAGE_READ_FOOTER_AND_DISPATCH pgs=125284 cs=1 l=1). rx mgr.190751249 seq 1 0x55de76c6a000 mgrconfigure(period=5, threshold=5) v2 -234>
2021-02-22 09:29:40.895458 7f36f681e700 1 -- 10.116.179.9:6824/2538418522 <== mgr.190751249 10.116.179.10:6825/7 1 ==== mgrconfigure(period=5, threshold=5) v2 ==== 8+0+0 (3460719617 0 0) 0x55de76c6a000 con 0x55de73156000 -233>
2021-02-22 09:29:40.895479 7f36f681e700 4 mgrc handle_mgr_configure stats_period=5 -232>
2021-02-22 09:29:40.895756 7f36f681e700 1 -- 10.116.179.9:6824/2538418522 --> 10.116.179.10:6825/7 -- mgrreport(unknown.ccreal1-hdd-01.ceph +110-0 packed 1366) v5 -- 0x55de767e1340 con 0 -231>
2021-02-22 09:29:41.722826 7f36ef00f700 1 -- 10.116.179.9:6824/2538418522 --> 10.172.25.17:6804/128977 -- osd_op(unknown.0.0:24 2.7d 2:bea4dc55:::200.0005083a:head [read 0~4194304 [fadvise_dontneed]] snapc 0=[] ondisk+read+known_if_redirected+full_force e1053263) v8 -- 0x55de7328f340 con 0 -230>
2021-02-22 09:29:41.724154 7f36f87a2700 2 -- 10.116.179.9:6824/2538418522 >> 10.172.25.17:6804/128977 conn(0x55de732c4800 :-1 s=STATE_CONNECTING_WAIT_ACK_SEQ pgs=0 cs=0 l=1)._process_connection got newly_acked_seq 0 vs out_seq 0 -229>
2021-02-22 09:29:41.741718 7f36ef00f700 1 -- 10.116.179.9:6824/2538418522 --> 10.172.25.83:6810/105286 -- osd_op(unknown.0.0:25 2.3b 2:ddafb44a:::200.0005083b:head [read 0~4194304 [fadvise_dontneed]] snapc 0=[] ondisk+read+known_if_redirected+full_force e1053263) v8 -- 0x55de76516580 con 0 -228>
2021-02-22 09:29:41.741948 7f36f87a2700 5 -- 10.116.179.9:6824/2538418522 >> 10.172.25.17:6804/128977 conn(0x55de732c4800 :-1 s=STATE_OPEN_MESSAGE_READ_FOOTER_AND_DISPATCH pgs=7408029 cs=1 l=1). rx osd.333 seq 1 0x55de7328f340 osd_op_reply(24 200.0005083a [read 0~4194304 [fadvise_dontneed]] v0'0 uv528568 ondisk = 0) v8 -227>
2021-02-22 09:29:41.741986 7f36f87a2700 1 -- 10.116.179.9:6824/2538418522 <== osd.333 10.172.25.17:6804/128977 1 ==== osd_op_reply(24 200.0005083a [read 0~4194304 [fadvise_dontneed]] v0'0 uv528568 ondisk = 0) v8 ==== 156+0+4194304 (2518117538 0 2536577055) 0x55de7328f340 con 0x55de732c4800 -226>
2021-02-22 09:29:41.760015 7f36f8fa3700 5 -- 10.116.179.9:6824/2538418522 >> 10.172.25.83:6810/105286 conn(0x55de73255800 :-1 s=STATE_OPEN_MESSAGE_READ_FOOTER_AND_DISPATCH pgs=6816254 cs=1 l=1). rx osd.448 seq 2 0x55de76516580 osd_op_reply(25 200.0005083b [read 0~4194304 [fadvise_dontneed]] v0'0 uv586543 ondisk = 0) v8 -225>
2021-02-22 09:29:41.760047 7f36f8fa3700 1 -- 10.116.179.9:6824/2538418522 <== osd.448 10.172.25.83:6810/105286 2 ==== osd_op_reply(25 200.0005083b [read 0~4194304 [fadvise_dontneed]] v0'0 uv586543 ondisk = 0) v8 ==== 156+0+4194304 (2130555353 0 3597480692) 0x55de76516580 con 0x55de73255800 -224>
2021-02-22 09:29:41.776662 7f36ef00f700 1 -- 10.116.179.9:6824/2538418522 --> 10.116.179.11:6820/59834 -- osd_op(unknown.0.0:26 2.35 2:ad48203a:::200.0005083c:head [read 0~4194304 [fadvise_dontneed]] snapc 0=[] ondisk+read+known_if_redirected+full_force e1053263) v8 -- 0x55de76766580 con 0 -223>
2021-02-22 09:29:41.777466 7f36f97a4700 2 -- 10.116.179.9:6824/2538418522 >> 10.116.179.11:6820/59834 conn(0x55de763a0000 :-1 s=STATE_CONNECTING_WAIT_ACK_SEQ pgs=0 cs=0 l=1)._process_connection got newly_acked_seq 0 vs out_seq 0 -222>
2021-02-22 09:29:41.788965 7f36f97a4700 5 -- 10.116.179.9:6824/2538418522 >> 10.116.179.11:6820/59834 conn(0x55de763a0000 :-1 s=STATE_OPEN_MESSAGE_READ_FOOTER_AND_DISPATCH pgs=15408344 cs=1 l=1). rx osd.105 seq 1 0x55de76766580 osd_op_reply(26 200.0005083c [read 0~4194304 [fadvise_dontneed]] v0'0 uv494977 ondisk = 0) v8 -221>
2021-02-22 09:29:41.788999 7f36f97a4700 1 -- 10.116.179.9:6824/2538418522 <== osd.105 10.116.179.11:6820/59834 1 ==== osd_op_reply(26 200.0005083c [read 0~4194304 [fadvise_dontneed]] v0'0 uv494977 ondisk = 0) v8 ==== 156+0+4194304 (3103741304 0 3913538807) 0x55de76766580 con 0x55de763a0000 -220>
2021-02-22 09:29:41.799949 7f36ef00f700 1 -- 10.116.179.9:6824/2538418522 --> 10.172.25.19:6810/125123 -- osd_op(unknown.0.0:27 2.5e 2:7ba98f3f:::200.0005083d:head [read 0~4194304 [fadvise_dontneed]] snapc 0=[] ondisk+read+known_if_redirected+full_force e1053263) v8 -- 0x55de765158c0 con 0 -219>
2021-02-22 09:29:41.800906 7f36f8fa3700 2 -- 10.116.179.9:6824/2538418522 >> 10.172.25.19:6810/125123 conn(0x55de763a1800 :-1 s=STATE_CONNECTING_WAIT_ACK_SEQ pgs=0 cs=0 l=1)._process_connection got newly_acked_seq 0 vs out_seq 0 -218>
2021-02-22 09:29:41.814151 7f36f8fa3700 5 -- 10.116.179.9:6824/2538418522 >> 10.172.25.19:6810/125123 conn(0x55de763a1800 :-1 s=STATE_OPEN_MESSAGE_READ_FOOTER_AND_DISPATCH pgs=15310900 cs=1 l=1). rx osd.352 seq 1 0x55de765158c0 osd_op_reply(27 200.0005083d [read 0~4194304 [fadvise_dontneed]] v0'0 uv512218 ondisk = 0) v8 -217>
2021-02-22 09:29:41.814191 7f36f8fa3700 1 -- 10.116.179.9:6824/2538418522 <== osd.352 10.172.25.19:6810/125123 1 ==== osd_op_reply(27 200.0005083d [read 0~4194304 [fadvise_dontneed]] v0'0 uv512218 ondisk = 0) v8 ==== 156+0+4194304 (2704415604 0 2541164800) 0x55de765158c0 con 0x55de763a1800 -216>
2021-02-22 09:29:41.823601 7f36ef00f700 1 -- 10.116.179.9:6824/2538418522 --> 10.116.179.12:6801/68528 -- osd_op(unknown.0.0:28 2.5f 2:fa00c6a7:::200.0005083e:head [read 0~4194304 [fadvise_dontneed]] snapc 0=[] ondisk+read+known_if_redirected+full_force e1053263) v8 -- 0x55de76767600 con 0 -215>
2021-02-22 09:29:41.824320 7f36f87a2700 2 -- 10.116.179.9:6824/2538418522 >> 10.116.179.12:6801/68528 conn(0x55de763a3000 :-1 s=STATE_CONNECTING_WAIT_ACK_SEQ pgs=0 cs=0 l=1)._process_connection got newly_acked_seq 0 vs out_seq 0 -214>
2021-02-22 09:29:41.833669 7f36f87a2700 5 -- 10.116.179.9:6824/2538418522 >> 10.116.179.12:6801/68528 conn(0x55de763a3000 :-1 s=STATE_OPEN_MESSAGE_READ_FOOTER_AND_DISPATCH pgs=6856944 cs=1 l=1). rx osd.71 seq 1 0x55de76514000 osd_op_reply(28 200.0005083e [read 0~4194304 [fadvise_dontneed]] v0'0 uv494862 ondisk = 0) v8 -213>
2021-02-22 09:29:41.833697 7f36f87a2700 1 -- 10.116.179.9:6824/2538418522 <== osd.71 10.116.179.12:6801/68528 1 ==== osd_op_reply(28 200.0005083e [read 0~4194304 [fadvise_dontneed]] v0'0 uv494862 ondisk = 0) v8 ==== 156+0+4194304 (1329187443 0 3208582037) 0x55de76514000 con 0x55de763a3000 -212>
2021-02-22 09:29:41.847384 7f36ef00f700 1 -- 10.116.179.9:6824/2538418522 --> 10.172.25.17:6812/130490 -- osd_op(unknown.0.0:29 2.63 2:c63cffa6:::200.0005083f:head [read 0~4194304 [fadvise_dontneed]] snapc 0=[] ondisk+read+known_if_redirected+full_force e1053263) v8 -- 0x55de76515080 con 0 -211>
2021-02-22 09:29:41.848248 7f36f97a4700 2 -- 10.116.179.9:6824/2538418522 >> 10.172.25.17:6812/130490 conn(0x55de763a4800 :-1 s=STATE_CONNECTING_WAIT_ACK_SEQ pgs=0 cs=0 l=1)._process_connection got newly_acked_seq 0 vs out_seq 0 -210>
2021-02-22 09:29:41.858356 7f36f97a4700 5 -- 10.116.179.9:6824/2538418522 >> 10.172.25.17:6812/130490 conn(0x55de763a4800 :-1 s=STATE_OPEN_MESSAGE_READ_FOOTER_AND_DISPATCH pgs=8079152 cs=1 l=1). rx osd.365 seq 1 0x55de76516840 osd_op_reply(29 200.0005083f [read 0~4194304 [fadvise_dontneed]] v0'0 uv551757 ondisk = 0) v8 -209>
2021-02-22 09:29:41.858384 7f36f97a4700 1 -- 10.116.179.9:6824/2538418522 <== osd.365 10.172.25.17:6812/130490 1 ==== osd_op_reply(29 200.0005083f [read 0~4194304 [fadvise_dontneed]] v0'0 uv551757 ondisk = 0) v8 ==== 156+0+4194304 (2993726135 0 2010337479) 0x55de76516840 con 0x55de763a4800 -208>
2021-02-22 09:29:41.870734 7f36ef00f700 1 -- 10.116.179.9:6824/2538418522 --> 10.172.25.14:6808/124440 -- osd_op(unknown.0.0:30 2.24 2:254187a2:::200.00050840:head [read 0~4194304 [fadvise_dontneed]] snapc 0=[] ondisk+read+known_if_redirected+full_force e1053263) v8 -- 0x55de76515600 con 0 -207>
2021-02-22 09:29:41.871621 7f36f8fa3700 2 -- 10.116.179.9:6824/2538418522 >> 10.172.25.14:6808/124440 conn(0x55de763b6000 :-1 s=STATE_CONNECTING_WAIT_ACK_SEQ pgs=0 cs=0 l=1)._process_connection got newly_acked_seq 0 vs out_seq 0 -206>
2021-02-22 09:29:41.881396 7f36f8fa3700 5 -- 10.116.179.9:6824/2538418522 >> 10.172.25.14:6808/124440 conn(0x55de763b6000 :-1 s=STATE_OPEN_MESSAGE_READ_FOOTER_AND_DISPATCH pgs=8955066 cs=1 l=1). rx osd.347 seq 1 0x55de76515600 osd_op_reply(30 200.00050840 [read 0~4194304 [fadvise_dontneed]] v0'0 uv492923 ondisk = 0) v8 -205>
2021-02-22 09:29:41.881422 7f36f8fa3700 1 -- 10.116.179.9:6824/2538418522 <== osd.347 10.172.25.14:6808/124440 1 ==== osd_op_reply(30 200.00050840 [read 0~4194304 [fadvise_dontneed]] v0'0 uv492923 ondisk = 0) v8 ==== 156+0+4194304 (3365308857 0 3691927834) 0x55de76515600 con 0x55de763b6000 -204>
2021-02-22 09:29:41.894597 7f36ef00f700 1 -- 10.116.179.9:6824/2538418522 --> 10.172.25.142:6812/126677 -- osd_op(unknown.0.0:31 2.39 2:9d1618c5:::200.00050841:head [read 0~4194304 [fadvise_dontneed]] snapc 0=[] ondisk+read+known_if_redirected+full_force e1053263) v8 -- 0x55de765162c0 con 0 -203>
2021-02-22 09:29:41.895656 7f36f87a2700 2 -- 10.116.179.9:6824/2538418522 >> 10.172.25.142:6812/126677 conn(0x55de763b7800 :-1 s=STATE_CONNECTING_WAIT_ACK_SEQ pgs=0 cs=0 l=1)._process_connection got newly_acked_seq 0 vs out_seq 0 -202>
2021-02-22 09:29:41.909715 7f36f87a2700 5 -- 10.116.179.9:6824/2538418522 >> 10.172.25.142:6812/126677 conn(0x55de763b7800 :-1 s=STATE_OPEN_MESSAGE_READ_FOOTER_AND_DISPATCH pgs=15007633 cs=1 l=1). rx osd.534 seq 1 0x55de765162c0 osd_op_reply(31 200.00050841 [read 0~4194304 [fadvise_dontneed]] v0'0 uv517626 ondisk = 0) v8 -201>
2021-02-22 09:29:41.909746 7f36f87a2700 1 -- 10.116.179.9:6824/2538418522 <== osd.534 10.172.25.142:6812/126677 1 ==== osd_op_reply(31 200.00050841 [read 0~4194304 [fadvise_dontneed]] v0'0 uv517626 ondisk = 0) v8 ==== 156+0+4194304 (3694479646 0 3637105311) 0x55de765162c0 con 0x55de763b7800 -200>
2021-02-22 09:29:41.917788 7f36ef00f700 1 -- 10.116.179.9:6824/2538418522 --> 10.172.25.78:6800/123375 -- osd_op(unknown.0.0:32 2.65 2:a6da51d0:::200.00050842:head [read 0~4194304 [fadvise_dontneed]] snapc 0=[] ondisk+read+known_if_redirected+full_force e1053263) v8 -- 0x55de76766dc0 con 0 -199>
2021-02-22 09:29:41.934127 7f36f8fa3700 5 -- 10.116.179.9:6824/2538418522 >> 10.172.25.78:6800/123375 conn(0x55de732a9800 :-1 s=STATE_OPEN_MESSAGE_READ_FOOTER_AND_DISPATCH pgs=15587080 cs=1 l=1). rx osd.410 seq 2 0x55de76766dc0 osd_op_reply(32 200.00050842 [read 0~4194304 [fadvise_dontneed]] v0'0 uv530889 ondisk = 0) v8 -198>
2021-02-22 09:29:41.934166 7f36f8fa3700 1 -- 10.116.179.9:6824/2538418522 <== osd.410 10.172.25.78:6800/123375 2 ==== osd_op_reply(32 200.00050842 [read 0~4194304 [fadvise_dontneed]] v0'0 uv530889 ondisk = 0) v8 ==== 156+0+4194304 (3339953682 0 1430276408) 0x55de76766dc0 con 0x55de732a9800 -197>
2021-02-22 09:29:41.940879 7f36ef00f700 1 -- 10.116.179.9:6824/2538418522 --> 10.172.25.82:6818/127107 -- osd_op(unknown.0.0:33 2.5c 2:3bb5ad75:::200.00050843:head [read 0~4194304 [fadvise_dontneed]] snapc 0=[] ondisk+read+known_if_redirected+full_force e1053263) v8 -- 0x55de767662c0 con 0 -196>
2021-02-22 09:29:41.941749 7f36f97a4700 2 -- 10.116.179.9:6824/2538418522 >> 10.172.25.82:6818/127107 conn(0x55de763b9000 :-1 s=STATE_CONNECTING_WAIT_ACK_SEQ pgs=0 cs=0 l=1)._process_connection got newly_acked_seq 0 vs out_seq 0 -195>
2021-02-22 09:29:41.952520 7f36f97a4700 5 -- 10.116.179.9:6824/2538418522 >> 10.172.25.82:6818/127107 conn(0x55de763b9000 :-1 s=STATE_OPEN_MESSAGE_READ_FOOTER_AND_DISPATCH pgs=14490565 cs=1 l=1). rx osd.474 seq 1 0x55de767662c0 osd_op_reply(33 200.00050843 [read 0~4194304 [fadvise_dontneed]] v0'0 uv505826 ondisk = 0) v8 -194>
2021-02-22 09:29:41.952554 7f36f97a4700 1 -- 10.116.179.9:6824/2538418522 <== osd.474 10.172.25.82:6818/127107 1 ==== osd_op_reply(33 200.00050843 [read 0~4194304 [fadvise_dontneed]] v0'0 uv505826 ondisk = 0) v8 ==== 156+0+4194304 (526511895 0 3786206003) 0x55de767662c0 con 0x55de763b9000 -193>
2021-02-22 09:29:41.964212 7f36ef00f700 1 -- 10.116.179.9:6824/2538418522 --> 10.172.25.18:6802/124633 -- osd_op(unknown.0.0:34 2.6c 2:363d6385:::200.00050844:head [read 0~4194304 [fadvise_dontneed]] snapc 0=[] ondisk+read+known_if_redirected+full_force e1053263) v8 -- 0x55de76515b80 con 0 -192>
2021-02-22 09:29:41.965137 7f36f8fa3700 2 -- 10.116.179.9:6824/2538418522 >> 10.172.25.18:6802/124633 conn(0x55de763ba800 :-1 s=STATE_CONNECTING_WAIT_ACK_SEQ pgs=0 cs=0 l=1)._process_connection got newly_acked_seq 0 vs out_seq 0 -191>
2021-02-22 09:29:41.981990 7f36ef00f700 1 -- 10.116.179.9:6824/2538418522 --> 10.172.25.17:6822/132373 -- osd_op(unknown.0.0:35 2.3e 2:7c35a93a:::200.00050845:head [read 0~4194304 [fadvise_dontneed]] snapc 0=[] ondisk+read+known_if_redirected+full_force e1053263) v8 -- 0x55de76764b00 con 0 -190>
2021-02-22 09:29:41.982776 7f36f87a2700 2 -- 10.116.179.9:6824/2538418522 >> 10.172.25.17:6822/132373 conn(0x55de7679a000 :-1 s=STATE_CONNECTING_WAIT_ACK_SEQ pgs=0 cs=0 l=1)._process_connection got newly_acked_seq 0 vs out_seq 0 -189>
2021-02-22 09:29:41.985863 7f36f8fa3700 5 -- 10.116.179.9:6824/2538418522 >> 10.172.25.18:6802/124633 conn(0x55de763ba800 :-1 s=STATE_OPEN_MESSAGE_READ_FOOTER_AND_DISPATCH pgs=7467435 cs=1 l=1). rx osd.327 seq 1 0x55de76515b80 osd_op_reply(34 200.00050844 [read 0~4194304 [fadvise_dontneed]] v0'0 uv588842 ondisk = 0) v8 -188>
2021-02-22 09:29:41.985887 7f36f8fa3700 1 -- 10.116.179.9:6824/2538418522 <== osd.327 10.172.25.18:6802/124633 1 ==== osd_op_reply(34 200.00050844 [read 0~4194304 [fadvise_dontneed]] v0'0 uv588842 ondisk = 0) v8 ==== 156+0+4194304 (4256315905 0 3552553079) 0x55de76515b80 con 0x55de763ba800 -187>
2021-02-22 09:29:41.998032 7f36f87a2700 5 -- 10.116.179.9:6824/2538418522 >> 10.172.25.17:6822/132373 conn(0x55de7679a000 :-1 s=STATE_OPEN_MESSAGE_READ_FOOTER_AND_DISPATCH pgs=16076919 cs=1 l=1). rx osd.404 seq 1 0x55de765162c0 osd_op_reply(35 200.00050845 [read 0~4194304 [fadvise_dontneed]] v0'0 uv524133 ondisk = 0) v8 -186>
2021-02-22 09:29:41.998062 7f36f87a2700 1 -- 10.116.179.9:6824/2538418522 <== osd.404 10.172.25.17:6822/132373 1 ==== osd_op_reply(35 200.00050845 [read 0~4194304 [fadvise_dontneed]] v0'0 uv524133 ondisk = 0) v8 ==== 156+0+4194304 (2239754264 0 2183512826) 0x55de765162c0 con 0x55de7679a000 -185>
2021-02-22 09:29:41.999775 7f36ef00f700 1 -- 10.116.179.9:6824/2538418522 --> 10.172.25.19:6806/124367 -- osd_op(unknown.0.0:36 2.4e 2:72fe5a46:::200.00050846:head [read 0~4194304 [fadvise_dontneed]] snapc 0=[] ondisk+read+known_if_redirected+full_force e1053263) v8 -- 0x55de76515340 con 0 -184>
2021-02-22 09:29:42.000583 7f36f97a4700 2 -- 10.116.179.9:6824/2538418522 >> 10.172.25.19:6806/124367 conn(0x55de7679b800 :-1 s=STATE_CONNECTING_WAIT_ACK_SEQ pgs=0 cs=0 l=1)._process_connection got newly_acked_seq 0 vs out_seq 0 -183>
2021-02-22 09:29:42.017254 7f36ef00f700 1 -- 10.116.179.9:6824/2538418522 --> 10.116.179.12:6801/68528 -- osd_op(unknown.0.0:37 2.5f 2:fa7dc941:::200.00050847:head [read 0~4194304 [fadvise_dontneed]] snapc 0=[] ondisk+read+known_if_redirected+full_force e1053263) v8 -- 0x55de76767080 con 0 -182>
2021-02-22 09:29:42.018319 7f36f97a4700 5 -- 10.116.179.9:6824/2538418522 >> 10.172.25.19:6806/124367 conn(0x55de7679b800 :-1 s=STATE_OPEN_MESSAGE_READ_FOOTER_AND_DISPATCH pgs=15383398 cs=1 l=1). rx osd.341 seq 1 0x55de76516dc0 osd_op_reply(36 200.00050846 [read 0~4194304 [fadvise_dontneed]] v0'0 uv519666 ondisk = 0) v8 -181>
2021-02-22 09:29:42.018357 7f36f97a4700 1 -- 10.116.179.9:6824/2538418522 <== osd.341 10.172.25.19:6806/124367 1 ==== osd_op_reply(36 200.00050846 [read 0~4194304 [fadvise_dontneed]] v0'0 uv519666 ondisk = 0) v8 ==== 156+0+4194304 (2581689128 0 300785004) 0x55de76516dc0 con 0x55de7679b800 -180>
2021-02-22 09:29:42.028751 7f36f87a2700 5 -- 10.116.179.9:6824/2538418522 >> 10.116.179.12:6801/68528 conn(0x55de763a3000 :-1 s=STATE_OPEN_MESSAGE_READ_FOOTER_AND_DISPATCH pgs=6856944 cs=1 l=1). rx osd.71 seq 2 0x55de76767080 osd_op_reply(37 200.00050847 [read 0~4194304 [fadvise_dontneed]] v0'0 uv496157 ondisk = 0) v8 -179>
2021-02-22 09:29:42.028781 7f36f87a2700 1 -- 10.116.179.9:6824/2538418522 <== osd.71 10.116.179.12:6801/68528 2 ==== osd_op_reply(37 200.00050847 [read 0~4194304 [fadvise_dontneed]] v0'0 uv496157 ondisk = 0) v8 ==== 156+0+4194304 (2562402969 0 2999208682) 0x55de76767080 con 0x55de763a3000 -178>
2021-02-22 09:29:42.034840 7f36ef00f700 1 -- 10.116.179.9:6824/2538418522 --> 10.172.25.80:6809/23772 -- osd_op(unknown.0.0:38 2.44 2:23e61f8c:::200.00050848:head [read 0~4194304 [fadvise_dontneed]] snapc 0=[] ondisk+read+known_if_redirected+full_force e1053263) v8 -- 0x55de76766b00 con 0 -177>
2021-02-22 09:29:42.035695 7f36f8fa3700 2 -- 10.116.179.9:6824/2538418522 >> 10.172.25.80:6809/23772 conn(0x55de7679d000 :-1 s=STATE_CONNECTING_WAIT_ACK_SEQ pgs=0 cs=0 l=1)._process_connection got newly_acked_seq 0 vs out_seq 0 -176>
2021-02-22 09:29:42.043516 7f36f8fa3700 5 -- 10.116.179.9:6824/2538418522 >> 10.172.25.80:6809/23772 conn(0x55de7679d000 :-1 s=STATE_OPEN_MESSAGE_READ_FOOTER_AND_DISPATCH pgs=7522586 cs=1 l=1). rx osd.433 seq 1 0x55de76516580 osd_op_reply(38 200.00050848 [read 0~4194304 [fadvise_dontneed]] v0'0 uv540043 ondisk = 0) v8 -175>
2021-02-22 09:29:42.043538 7f36f8fa3700 1 -- 10.116.179.9:6824/2538418522 <== osd.433 10.172.25.80:6809/23772 1 ==== osd_op_reply(38 200.00050848 [read 0~4194304 [fadvise_dontneed]] v0'0 uv540043 ondisk = 0) v8 ==== 156+0+4194304 (710786519 0 258436386) 0x55de76516580 con 0x55de7679d000 -174>
2021-02-22 09:29:42.052949 7f36ef00f700 1 -- 10.116.179.9:6824/2538418522 --> 10.116.179.16:6818/98075 -- osd_op(unknown.0.0:39 2.61 2:864973c4:::200.00050849:head [read 0~4194304 [fadvise_dontneed]] snapc 0=[] ondisk+read+known_if_redirected+full_force e1053263) v8 -- 0x55de76767340 con 0 -173>
2021-02-22 09:29:42.053596 7f36f87a2700 2 -- 10.116.179.9:6824/2538418522 >> 10.116.179.16:6818/98075 conn(0x55de7679e800 :-1 s=STATE_CONNECTING_WAIT_ACK_SEQ pgs=0 cs=0 l=1)._process_connection got newly_acked_seq 0 vs out_seq 0 -172>
2021-02-22 09:29:42.062437 7f36f87a2700 5 -- 10.116.179.9:6824/2538418522 >> 10.116.179.16:6818/98075 conn(0x55de7679e800 :-1 s=STATE_OPEN_MESSAGE_READ_FOOTER_AND_DISPATCH pgs=8415160 cs=1 l=1). rx osd.22 seq 1 0x55de765162c0 osd_op_reply(39 200.00050849 [read 0~4194304 [fadvise_dontneed]] v0'0 uv509145 ondisk = 0) v8 -171>
2021-02-22 09:29:42.062461 7f36f87a2700 1 -- 10.116.179.9:6824/2538418522 <== osd.22 10.116.179.16:6818/98075 1 ==== osd_op_reply(39 200.00050849 [read 0~4194304 [fadvise_dontneed]] v0'0 uv509145 ondisk = 0) v8 ==== 156+0+4194304 (3547501133 0 3601463919) 0x55de765162c0 con 0x55de7679e800 -170>
2021-02-22 09:29:42.071188 7f36ef00f700 1 -- 10.116.179.9:6824/2538418522 --> 10.172.25.16:6812/131846 -- osd_op(unknown.0.0:40 2.33 2:cc643e26:::200.0005084a:head [read 0~4194304 [fadvise_dontneed]] snapc 0=[] ondisk+read+known_if_redirected+full_force e1053263) v8 -- 0x55de76763600 con 0 -169>
2021-02-22 09:29:42.084082 7f36f97a4700 5 -- 10.116.179.9:6824/2538418522 >> 10.172.25.16:6812/131846 conn(0x55de73273800 :-1 s=STATE_OPEN_MESSAGE_READ_FOOTER_AND_DISPATCH pgs=15132720 cs=1 l=1). rx osd.361 seq 2 0x55de76763600 osd_op_reply(40 200.0005084a [read 0~4194304 [fadvise_dontneed]] v0'0 uv552398 ondisk = 0) v8 -168>
2021-02-22 09:29:42.084116 7f36f97a4700 1 -- 10.116.179.9:6824/2538418522 <== osd.361 10.172.25.16:6812/131846 2 ==== osd_op_reply(40 200.0005084a [read 0~4194304 [fadvise_dontneed]] v0'0 uv552398 ondisk = 0) v8 ==== 156+0+4194304 (1565071894 0 4291462532) 0x55de76763600 con 0x55de73273800 -167>
2021-02-22 09:29:42.088929 7f36ef00f700 1 -- 10.116.179.9:6824/2538418522 --> 10.172.25.82:6812/125977 -- osd_op(unknown.0.0:41 2.0 2:00637698:::200.0005084b:head [read 0~4194304 [fadvise_dontneed]] snapc 0=[] ondisk+read+known_if_redirected+full_force e1053263) v8 -- 0x55de76765600 con 0 -166>
2021-02-22 09:29:42.089942 7f36f97a4700 2 -- 10.116.179.9:6824/2538418522 >> 10.172.25.82:6812/125977 conn(0x55de763e0000 :-1 s=STATE_CONNECTING_WAIT_ACK_SEQ pgs=0 cs=0 l=1)._process_connection got newly_acked_seq 0 vs out_seq 0 -165>
2021-02-22 09:29:42.101366 7f36f97a4700 5 -- 10.116.179.9:6824/2538418522 >> 10.172.25.82:6812/125977 conn(0x55de763e0000 :-1 s=STATE_OPEN_MESSAGE_READ_FOOTER_AND_DISPATCH pgs=6859200 cs=1 l=1). rx osd.455 seq 1 0x55de76516840 osd_op_reply(41 200.0005084b [read 0~4194304 [fadvise_dontneed]] v0'0 uv516210 ondisk = 0) v8 -164>
2021-02-22 09:29:42.101400 7f36f97a4700 1 -- 10.116.179.9:6824/2538418522 <== osd.455 10.172.25.82:6812/125977 1 ==== osd_op_reply(41 200.0005084b [read 0~4194304 [fadvise_dontneed]] v0'0 uv516210 ondisk = 0) v8 ==== 156+0+4194304 (1877022648 0 3412330210) 0x55de76516840 con 0x55de763e0000 -163>
2021-02-22 09:29:42.106668 7f36ef00f700 1 -- 10.116.179.9:6824/2538418522 --> 10.172.25.77:6802/128362 -- osd_op(unknown.0.0:42 2.62 2:4754fa85:::200.0005084c:head [read 0~4194304 [fadvise_dontneed]] snapc 0=[] ondisk+read+known_if_redirected+full_force e1053263) v8 -- 0x55de76765b80 con 0 -162>
2021-02-22 09:29:42.107555 7f36f8fa3700 2 -- 10.116.179.9:6824/2538418522 >> 10.172.25.77:6802/128362 conn(0x55de763e1800 :-1 s=STATE_CONNECTING_WAIT_ACK_SEQ pgs=0 cs=0 l=1)._process_connection got newly_acked_seq 0 vs out_seq 0 -161>
2021-02-22 09:29:42.122937 7f36f8fa3700 5 -- 10.116.179.9:6824/2538418522 >> 10.172.25.77:6802/128362 conn(0x55de763e1800 :-1 s=STATE_OPEN_MESSAGE_READ_FOOTER_AND_DISPATCH pgs=14756780 cs=1 l=1). rx osd.421 seq 1 0x55de76765b80 osd_op_reply(42 200.0005084c [read 0~4194304 [fadvise_dontneed]] v0'0 uv504477 ondisk = 0) v8 -160>
2021-02-22 09:29:42.122976 7f36f8fa3700 1 -- 10.116.179.9:6824/2538418522 <== osd.421 10.172.25.77:6802/128362 1 ==== osd_op_reply(42 200.0005084c [read 0~4194304 [fadvise_dontneed]] v0'0 uv504477 ondisk = 0) v8 ==== 156+0+4194304 (2583548270 0 1347492730) 0x55de76765b80 con 0x55de763e1800 -159>
2021-02-22 09:29:42.124200 7f36ef00f700 1 -- 10.116.179.9:6824/2538418522 --> 10.116.179.11:6810/73619 -- osd_op(unknown.0.0:43 2.73 2:cfbb2b96:::200.0005084d:head [read 0~4194304 [fadvise_dontneed]] snapc 0=[] ondisk+read+known_if_redirected+full_force e1053263) v8 -- 0x55de76766000 con 0 -158>
2021-02-22 09:29:42.124861 7f36f87a2700 2 -- 10.116.179.9:6824/2538418522 >> 10.116.179.11:6810/73619 conn(0x55de763e3000 :-1 s=STATE_CONNECTING_WAIT_ACK_SEQ pgs=0 cs=0 l=1)._process_connection got newly_acked_seq 0 vs out_seq 0 -157>
2021-02-22 09:29:42.139405 7f36f87a2700 5 -- 10.116.179.9:6824/2538418522 >> 10.116.179.11:6810/73619 conn(0x55de763e3000 :-1 s=STATE_OPEN_MESSAGE_READ_FOOTER_AND_DISPATCH pgs=6259583 cs=1 l=1). rx osd.76 seq 1 0x55de76766000 osd_op_reply(43 200.0005084d [read 0~4194304 [fadvise_dontneed]] v0'0 uv536861 ondisk = 0) v8 -156>
2021-02-22 09:29:42.139438 7f36f87a2700 1 -- 10.116.179.9:6824/2538418522 <== osd.76 10.116.179.11:6810/73619 1 ==== osd_op_reply(43 200.0005084d [read 0~4194304 [fadvise_dontneed]] v0'0 uv536861 ondisk = 0) v8 ==== 156+0+4194304 (354934522 0 2203176576) 0x55de76766000 con 0x55de763e3000 -155>
2021-02-22 09:29:42.141820 7f36ef00f700 1 -- 10.116.179.9:6824/2538418522 --> 10.172.25.81:6806/125591 -- osd_op(unknown.0.0:44 2.59 2:9b16dc50:::200.0005084e:head [read 0~4194304 [fadvise_dontneed]] snapc 0=[] ondisk+read+known_if_redirected+full_force e1053263) v8 -- 0x55de76764840 con 0 -154>
2021-02-22 09:29:42.142677 7f36f97a4700 2 -- 10.116.179.9:6824/2538418522 >> 10.172.25.81:6806/125591 conn(0x55de763e4800 :-1 s=STATE_CONNECTING_WAIT_ACK_SEQ pgs=0 cs=0 l=1)._process_connection got newly_acked_seq 0 vs out_seq 0 -153>
2021-02-22 09:29:42.159269 7f36ef00f700 1 -- 10.116.179.9:6824/2538418522 --> 10.172.25.80:6809/23772 -- osd_op(unknown.0.0:45 2.44 2:22fc895a:::200.0005084f:head [read 0~4194304 [fadvise_dontneed]] snapc 0=[] ondisk+read+known_if_redirected+full_force e1053263) v8 -- 0x55de767638c0 con 0 -152>
2021-02-22 09:29:42.173216 7f36f8fa3700 5 -- 10.116.179.9:6824/2538418522 >> 10.172.25.80:6809/23772 conn(0x55de7679d000 :-1 s=STATE_OPEN_MESSAGE_READ_FOOTER_AND_DISPATCH pgs=7522586 cs=1 l=1). rx osd.433 seq 2 0x55de76516580 osd_op_reply(45 200.0005084f [read 0~4194304 [fadvise_dontneed]] v0'0 uv541311 ondisk = 0) v8 -151>
2021-02-22 09:29:42.173249 7f36f8fa3700 1 -- 10.116.179.9:6824/2538418522 <== osd.433 10.172.25.80:6809/23772 2 ==== osd_op_reply(45 200.0005084f [read 0~4194304 [fadvise_dontneed]] v0'0 uv541311 ondisk = 0) v8 ==== 156+0+4194304 (2141899048 0 4001213055) 0x55de76516580 con 0x55de7679d000 -150>
2021-02-22 09:29:42.176151 7f36f97a4700 5 -- 10.116.179.9:6824/2538418522 >> 10.172.25.81:6806/125591 conn(0x55de763e4800 :-1 s=STATE_OPEN_MESSAGE_READ_FOOTER_AND_DISPATCH pgs=14253032 cs=1 l=1). rx osd.432 seq 1 0x55de76764840 osd_op_reply(44 200.0005084e [read 0~4194304 [fadvise_dontneed]] v0'0 uv545223 ondisk = 0) v8 -149>
2021-02-22 09:29:42.176182 7f36f97a4700 1 -- 10.116.179.9:6824/2538418522 <== osd.432 10.172.25.81:6806/125591 1 ==== osd_op_reply(44 200.0005084e [read 0~4194304 [fadvise_dontneed]] v0'0 uv545223 ondisk = 0) v8 ==== 156+0+4194304 (1786902284 0 1832970550) 0x55de76764840 con 0x55de763e4800 -148>
2021-02-22 09:29:42.177129 7f36ef00f700 1 -- 10.116.179.9:6824/2538418522 --> 10.172.25.79:6804/130466 -- osd_op(unknown.0.0:46 2.30 2:0caacf43:::200.00050850:head [read 0~4194304 [fadvise_dontneed]] snapc 0=[] ondisk+read+known_if_redirected+full_force e1053263) v8 -- 0x55de76764dc0 con 0 -147>
2021-02-22 09:29:42.178476 7f36f8fa3700 2 -- 10.116.179.9:6824/2538418522 >> 10.172.25.79:6804/130466 conn(0x55de76d60000 :-1 s=STATE_CONNECTING_WAIT_ACK_SEQ pgs=0 cs=0 l=1)._process_connection got newly_acked_seq 0 vs out_seq 0 -146>
2021-02-22 09:29:42.193101 7f36f8fa3700 5 -- 10.116.179.9:6824/2538418522 >> 10.172.25.79:6804/130466 conn(0x55de76d60000 :-1 s=STATE_OPEN_MESSAGE_READ_FOOTER_AND_DISPATCH pgs=14905792 cs=1 l=1). rx osd.426 seq 1 0x55de76764dc0 osd_op_reply(46 200.00050850 [read 0~4194304 [fadvise_dontneed]] v0'0 uv484317 ondisk = 0) v8 -145>
2021-02-22 09:29:42.193127 7f36f8fa3700 1 -- 10.116.179.9:6824/2538418522 <== osd.426 10.172.25.79:6804/130466 1 ==== osd_op_reply(46 200.00050850 [read 0~4194304 [fadvise_dontneed]] v0'0 uv484317 ondisk = 0) v8 ==== 156+0+4194304 (2342128960 0 551318870) 0x55de76764dc0 con 0x55de76d60000 -144>
2021-02-22 09:29:42.195191 7f36ef00f700 1 -- 10.116.179.9:6824/2538418522 --> 10.172.25.17:6804/128977 -- osd_op(unknown.0.0:47 2.7d 2:beebec60:::200.00050851:head [read 0~4194304 [fadvise_dontneed]] snapc 0=[] ondisk+read+known_if_redirected+full_force e1053263) v8 -- 0x55de76763b80 con 0 -143>
2021-02-22 09:29:42.205512 7f36f87a2700 5 -- 10.116.179.9:6824/2538418522 >> 10.172.25.17:6804/128977 conn(0x55de732c4800 :-1 s=STATE_OPEN_MESSAGE_READ_FOOTER_AND_DISPATCH pgs=7408029 cs=1 l=1). rx osd.333 seq 2 0x55de765162c0 osd_op_reply(47 200.00050851 [read 0~4194304 [fadvise_dontneed]] v0'0 uv530131 ondisk = 0) v8 -142>
