2020-06-01 13:48:59.487583 7f4a52e28700 5 -- 100.97.140.48:6821/2734156667 >> 10.220.189.35:0/2590977827 conn(0x7f4a61650000 :6821 s=STATE_OPEN_MESSAGE_READ_FOOTER_AND_DISPATCH pgs=3575 cs=1 l=0). rx client.12471083 seq 12625 0x7f4a652ad180 client_session(request_renewcaps seq 19273) v1 -1067>
2020-06-01 13:48:59.487627 7f4a4fead700 1 -- 100.97.140.48:6821/2734156667 <== client.12471083 10.220.189.35:0/2590977827 12625 ==== client_session(request_renewcaps seq 19273) v1 ==== 28+0+0 (3444324289 0 0) 0x7f4a652ad180 con 0x7f4a61650000 -1066>
2020-06-01 13:48:59.487651 7f4a4fead700 3 mds.4.server handle_client_session client_session(request_renewcaps seq 19273) v1 from client.12471083 -1065>
2020-06-01 13:48:59.487659 7f4a4fead700 1 -- 100.97.140.48:6821/2734156667 --> 10.220.189.35:0/2590977827 -- client_session(renewcaps seq 19273) v2 -- 0x7f4a672a8240 con 0 -1064>
2020-06-01 13:48:59.658523 7f4a52e28700 5 -- 100.97.140.48:6821/2734156667 >> 10.220.189.28:0/2694720995 conn(0x7f4a616e5800 :6821 s=STATE_OPEN_MESSAGE_READ_FOOTER_AND_DISPATCH pgs=9 cs=1 l=0). rx client.12531173 seq 12614 0x7f4a672a8240 client_session(request_renewcaps seq 12613) v1 -1063>
2020-06-01 13:48:59.658563 7f4a4fead700 1 -- 100.97.140.48:6821/2734156667 <== client.12531173 10.220.189.28:0/2694720995 12614 ==== client_session(request_renewcaps seq 12613) v1 ==== 28+0+0 (2119118249 0 0) 0x7f4a672a8240 con 0x7f4a616e5800 -1062>
2020-06-01 13:48:59.658587 7f4a4fead700 3 mds.4.server handle_client_session client_session(request_renewcaps seq 12613) v1 from client.12531173 -1061>
2020-06-01 13:48:59.658595 7f4a4fead700 1 -- 100.97.140.48:6821/2734156667 --> 10.220.189.28:0/2694720995 -- client_session(renewcaps seq 12613) v2 -- 0x7f4a652ad180 con 0 -1060>
2020-06-01 13:48:59.668049 7f4a51e26700 5 -- 100.97.140.48:6821/2734156667 >> 10.220.189.34:0/3659665848 conn(0x7f4a615a8800 :6821 s=STATE_OPEN_MESSAGE_READ_FOOTER_AND_DISPATCH pgs=329930 cs=1 l=0). rx client.11726916 seq 12624 0x7f4a672a8480 client_session(request_renewcaps seq 103144) v1 -1059>
2020-06-01 13:48:59.668074 7f4a4fead700 1 -- 100.97.140.48:6821/2734156667 <== client.11726916 10.220.189.34:0/3659665848 12624 ==== client_session(request_renewcaps seq 103144) v1 ==== 28+0+0 (3079190699 0 0) 0x7f4a672a8480 con 0x7f4a615a8800 -1058>
2020-06-01 13:48:59.668091 7f4a4fead700 3 mds.4.server handle_client_session client_session(request_renewcaps seq 103144) v1 from client.11726916 -1057>
2020-06-01 13:48:59.668097 7f4a4fead700 1 -- 100.97.140.48:6821/2734156667 --> 10.220.189.34:0/3659665848 -- client_session(renewcaps seq 103144) v2 -- 0x7f4a672a8240 con 0 -1056>
2020-06-01 13:48:59.805684 7f4a51e26700 5 -- 100.97.140.48:6821/2734156667 >> 10.220.189.50:0/3250596838 conn(0x7f4a60da9800 :6821 s=STATE_OPEN_MESSAGE_READ_FOOTER_AND_DISPATCH pgs=30823 cs=1 l=0). rx client.12461030 seq 12627 0x7f4a672a8240 client_session(request_renewcaps seq 21324) v1 -1055>
2020-06-01 13:48:59.805712 7f4a4fead700 1 -- 100.97.140.48:6821/2734156667 <== client.12461030 10.220.189.50:0/3250596838 12627 ==== client_session(request_renewcaps seq 21324) v1 ==== 28+0+0 (1911900945 0 0) 0x7f4a672a8240 con 0x7f4a60da9800 -1054>
2020-06-01 13:48:59.805731 7f4a4fead700 3 mds.4.server handle_client_session client_session(request_renewcaps seq 21324) v1 from client.12461030 -1053>
2020-06-01 13:48:59.805737 7f4a4fead700 1 -- 100.97.140.48:6821/2734156667 --> 10.220.189.50:0/3250596838 -- client_session(renewcaps seq 21324) v2 -- 0x7f4a672a8480 con 0 -1052>
2020-06-01 13:48:59.823232 7f4a52627700 5 -- 100.97.140.48:6821/2734156667 >> 10.220.189.19:0/1525703016 conn(0x7f4a60cfa000 :6821 s=STATE_OPEN_MESSAGE_READ_FOOTER_AND_DISPATCH pgs=776 cs=1 l=0). rx client.10655005 seq 12624 0x7f4a672a8b40 client_session(request_renewcaps seq 225371) v1 -1051>
2020-06-01 13:48:59.823257 7f4a4fead700 1 -- 100.97.140.48:6821/2734156667 <== client.10655005 10.220.189.19:0/1525703016 12624 ==== client_session(request_renewcaps seq 225371) v1 ==== 28+0+0 (784022761 0 0) 0x7f4a672a8b40 con 0x7f4a60cfa000 -1050>
2020-06-01 13:48:59.823269 7f4a4fead700 3 mds.4.server handle_client_session client_session(request_renewcaps seq 225371) v1 from client.10655005 -1049>
2020-06-01 13:48:59.823274 7f4a4fead700 1 -- 100.97.140.48:6821/2734156667 --> 10.220.189.19:0/1525703016 -- client_session(renewcaps seq 225371) v2 -- 0x7f4a672a8240 con 0 -1048>
2020-06-01 13:49:00.060242 7f4a51e26700 5 -- 100.97.140.48:6821/2734156667 >> 10.220.189.22:0/655036121 conn(0x7f4a60de3800 :6821 s=STATE_OPEN_MESSAGE_READ_FOOTER_AND_DISPATCH pgs=170 cs=1 l=0). rx client.12488918 seq 12624 0x7f4a672a8480 client_session(request_renewcaps seq 17255) v1 -1047>
2020-06-01 13:49:00.060293 7f4a4fead700 1 -- 100.97.140.48:6821/2734156667 <== client.12488918 10.220.189.22:0/655036121 12624 ==== client_session(request_renewcaps seq 17255) v1 ==== 28+0+0 (820706919 0 0) 0x7f4a672a8480 con 0x7f4a60de3800 -1046>
2020-06-01 13:49:00.060320 7f4a4fead700 3 mds.4.server handle_client_session client_session(request_renewcaps seq 17255) v1 from client.12488918 -1045>
2020-06-01 13:49:00.060330 7f4a4fead700 1 -- 100.97.140.48:6821/2734156667 --> 10.220.189.22:0/655036121 -- client_session(renewcaps seq 17255) v2 -- 0x7f4a672a8b40 con 0 -1044>
2020-06-01 13:49:00.097393 7f4a4d6a8700 2 mds.4.cache check_memory_usage total 509144, rss 128824, heap 16888, baseline 16888, buffers 0, 0 / 39 inodes have caps, 0 caps, 0 caps per inode -1043>
2020-06-01 13:49:00.101000 7f4a52627700 5 -- 100.97.140.48:6821/2734156667 >> 10.220.189.34:0/1207735840 conn(0x7f4a615a7000 :6821 s=STATE_OPEN_MESSAGE_READ_FOOTER_AND_DISPATCH pgs=178 cs=1 l=0). rx client.12474845 seq 12624 0x7f4a672a8240 client_session(request_renewcaps seq 19689) v1 -1042>
2020-06-01 13:49:00.101038 7f4a4fead700 1 -- 100.97.140.48:6821/2734156667 <== client.12474845 10.220.189.34:0/1207735840 12624 ==== client_session(request_renewcaps seq 19689) v1 ==== 28+0+0 (3049789315 0 0) 0x7f4a672a8240 con 0x7f4a615a7000 -1041>
2020-06-01 13:49:00.101061 7f4a4fead700 3 mds.4.server handle_client_session client_session(request_renewcaps seq 19689) v1 from client.12474845 -1040>
2020-06-01 13:49:00.101069 7f4a4fead700 1 -- 100.97.140.48:6821/2734156667 --> 10.220.189.34:0/1207735840 -- client_session(renewcaps seq 19689) v2 -- 0x7f4a672a8480 con 0 -1039>
2020-06-01 13:49:00.164986 7f4a51e26700 5 -- 100.97.140.48:6821/2734156667 >> 10.220.189.38:0/3860369133 conn(0x7f4a60dba000 :6821 s=STATE_OPEN_MESSAGE_READ_FOOTER_AND_DISPATCH pgs=58500 cs=1 l=0). rx client.12113891 seq 12624 0x7f4a672a8b40 client_session(request_renewcaps seq 59382) v1 -1038>
2020-06-01 13:49:00.165016 7f4a4fead700 1 -- 100.97.140.48:6821/2734156667 <== client.12113891 10.220.189.38:0/3860369133 12624 ==== client_session(request_renewcaps seq 59382) v1 ==== 28+0+0 (1077544811 0 0) 0x7f4a672a8b40 con 0x7f4a60dba000 -1037>
2020-06-01 13:49:00.165036 7f4a4fead700 3 mds.4.server handle_client_session client_session(request_renewcaps seq 59382) v1 from client.12113891 -1036>
2020-06-01 13:49:00.165044 7f4a4fead700 1 -- 100.97.140.48:6821/2734156667 --> 10.220.189.38:0/3860369133 -- client_session(renewcaps seq 59382) v2 -- 0x7f4a672a8240 con 0 -1035>
2020-06-01 13:49:00.341424 7f4a4dea9700 1 -- 100.97.140.48:6821/2734156667 --> 100.97.140.48:6820/2345 -- mgrreport(unknown.TX-97-140-48 +0-0 packed 214) v5 -- 0x7f4a60ec0100 con 0 -1034>
2020-06-01 13:49:00.376138 7f4a52e28700 5 -- 100.97.140.48:6821/2734156667 >> 10.220.87.186:0/958821009 conn(0x7f4a60b17000 :6821 s=STATE_OPEN_MESSAGE_READ_FOOTER_AND_DISPATCH pgs=71 cs=1 l=0). rx client.3881288 seq 12624 0x7f4a652ad180 client_session(request_renewcaps seq 1014678) v1 -1033>
2020-06-01 13:49:00.376176 7f4a4fead700 1 -- 100.97.140.48:6821/2734156667 <== client.3881288 10.220.87.186:0/958821009 12624 ==== client_session(request_renewcaps seq 1014678) v1 ==== 28+0+0 (834599442 0 0) 0x7f4a652ad180 con 0x7f4a60b17000 -1032>
2020-06-01 13:49:00.376200 7f4a4fead700 3 mds.4.server handle_client_session client_session(request_renewcaps seq 1014678) v1 from client.3881288 -1031>
2020-06-01 13:49:00.376208 7f4a4fead700 1 -- 100.97.140.48:6821/2734156667 --> 10.220.87.186:0/958821009 -- client_session(renewcaps seq 1014678) v2 -- 0x7f4a672a8b40 con 0 -1030>
2020-06-01 13:49:00.528682 7f4a506ae700 5 asok(0x7f4a608301c0) AdminSocket: request 'get_command_descriptions' '' to 0x7f4a607fc210 returned 4711 bytes -1029>
2020-06-01 13:49:00.535620 7f4a52627700 5 -- 100.97.140.48:6821/2734156667 >> 10.241.131.179:0/4188842678 conn(0x7f4a61435800 :6821 s=STATE_OPEN_MESSAGE_READ_FOOTER_AND_DISPATCH pgs=17523 cs=1 l=0). rx client.4947536 seq 12623 0x7f4a672a8480 client_session(request_renewcaps seq 811293) v1 -1028>
2020-06-01 13:49:00.535650 7f4a4fead700 1 -- 100.97.140.48:6821/2734156667 <== client.4947536 10.241.131.179:0/4188842678 12623 ==== client_session(request_renewcaps seq 811293) v1 ==== 28+0+0 (3955228672 0 0) 0x7f4a672a8480 con 0x7f4a61435800 -1027>
2020-06-01 13:49:00.535672 7f4a4fead700 3 mds.4.server handle_client_session client_session(request_renewcaps seq 811293) v1 from client.4947536 -1026>
2020-06-01 13:49:00.535680 7f4a4fead700 1 -- 100.97.140.48:6821/2734156667 --> 10.241.131.179:0/4188842678 -- client_session(renewcaps seq 811293) v2 -- 0x7f4a652ad180 con 0 -1025>
2020-06-01 13:49:00.552092 7f4a506ae700 1 do_command 'perf dump' ' -1024>
2020-06-01 13:49:00.552297 7f4a506ae700 1 do_command 'perf dump' 'result is 9143 bytes -1023>
2020-06-01 13:49:00.552302 7f4a506ae700 5 asok(0x7f4a608301c0) AdminSocket: request 'perf dump' '' to 0x7f4a607fc040 returned 9143 bytes -1022>
2020-06-01 13:49:00.598196 7f4a52e28700 5 -- 100.97.140.48:6821/2734156667 >> 10.220.189.15:0/4039280895 conn(0x7f4a616c6800 :6821 s=STATE_OPEN_MESSAGE_READ_FOOTER_AND_DISPATCH pgs=168 cs=1 l=0). rx client.12496245 seq 12624 0x7f4a672a8b40 client_session(request_renewcaps seq 17255) v1 -1021>
2020-06-01 13:49:00.598223 7f4a4fead700 1 -- 100.97.140.48:6821/2734156667 <== client.12496245 10.220.189.15:0/4039280895 12624 ==== client_session(request_renewcaps seq 17255) v1 ==== 28+0+0 (820706919 0 0) 0x7f4a672a8b40 con 0x7f4a616c6800 -1020>
2020-06-01 13:49:00.598242 7f4a4fead700 3 mds.4.server handle_client_session client_session(request_renewcaps seq 17255) v1 from client.12496245 -1019>
2020-06-01 13:49:00.598249 7f4a4fead700 1 -- 100.97.140.48:6821/2734156667 --> 10.220.189.15:0/4039280895 -- client_session(renewcaps seq 17255) v2 -- 0x7f4a672a8480 con 0 -1018>
2020-06-01 13:49:00.674767 7f4a52e28700 5 -- 100.97.140.48:6821/2734156667 >> 10.220.189.48:0/3527203165 conn(0x7f4a60dbb800 :6821 s=STATE_OPEN_MESSAGE_READ_FOOTER_AND_DISPATCH pgs=222914 cs=1 l=0). rx client.12005044 seq 12624 0x7f4a672a8480 client_session(request_renewcaps seq 73132) v1 -1017>
2020-06-01 13:49:00.674798 7f4a4fead700 1 -- 100.97.140.48:6821/2734156667 <== client.12005044 10.220.189.48:0/3527203165 12624 ==== client_session(request_renewcaps seq 73132) v1 ==== 28+0+0 (2322458799 0 0) 0x7f4a672a8480 con 0x7f4a60dbb800 -1016>
2020-06-01 13:49:00.674817 7f4a4fead700 3 mds.4.server handle_client_session client_session(request_renewcaps seq 73132) v1 from client.12005044 -1015>
2020-06-01 13:49:00.674823 7f4a4fead700 1 -- 100.97.140.48:6821/2734156667 --> 10.220.189.48:0/3527203165 -- client_session(renewcaps seq 73132) v2 -- 0x7f4a672a8b40 con 0 -1014>
2020-06-01 13:49:00.928209 7f4a52e28700 5 -- 100.97.140.48:6821/2734156667 >> 10.220.189.46:0/2616982466 conn(0x7f4a6160d000 :6821 s=STATE_OPEN_MESSAGE_READ_FOOTER_AND_DISPATCH pgs=222742 cs=1 l=0). rx client.11994638 seq 12624 0x7f4a672a8b40 client_session(request_renewcaps seq 73062) v1 -1013>
2020-06-01 13:49:00.928254 7f4a4fead700 1 -- 100.97.140.48:6821/2734156667 <== client.11994638 10.220.189.46:0/2616982466 12624 ==== client_session(request_renewcaps seq 73062) v1 ==== 28+0+0 (480290325 0 0) 0x7f4a672a8b40 con 0x7f4a6160d000 -1012>
2020-06-01 13:49:00.928280 7f4a4fead700 3 mds.4.server handle_client_session client_session(request_renewcaps seq 73062) v1 from client.11994638 -1011>
2020-06-01 13:49:00.928289 7f4a4fead700 1 -- 100.97.140.48:6821/2734156667 --> 10.220.189.46:0/2616982466 -- client_session(renewcaps seq 73062) v2 -- 0x7f4a672a8480 con 0 -1010>
2020-06-01 13:49:00.965711 7f4a52627700 5 -- 100.97.140.48:6821/2734156667 >> 10.220.189.36:0/1539785209 conn(0x7f4a6168a800 :6821 s=STATE_OPEN_MESSAGE_READ_FOOTER_AND_DISPATCH pgs=22 cs=1 l=0). rx client.12460988 seq 12624 0x7f4a652ad180 client_session(request_renewcaps seq 20446) v1 -1009>
2020-06-01 13:49:00.965738 7f4a4fead700 1 -- 100.97.140.48:6821/2734156667 <== client.12460988 10.220.189.36:0/1539785209 12624 ==== client_session(request_renewcaps seq 20446) v1 ==== 28+0+0 (2306255630 0 0) 0x7f4a652ad180 con 0x7f4a6168a800 -1008>
2020-06-01 13:49:00.965756 7f4a4fead700 3 mds.4.server handle_client_session client_session(request_renewcaps seq 20446) v1 from client.12460988 -1007>
2020-06-01 13:49:00.965764 7f4a4fead700 1 -- 100.97.140.48:6821/2734156667 --> 10.220.189.36:0/1539785209 -- client_session(renewcaps seq 20446) v2 -- 0x7f4a672a8b40 con 0 -1006>
2020-06-01 13:49:01.048988 7f4a52627700 5 -- 100.97.140.48:6821/2734156667 >> 10.220.189.36:0/792111471 conn(0x7f4a60e11800 :6821 s=STATE_OPEN_MESSAGE_READ_FOOTER_AND_DISPATCH pgs=22 cs=1 l=0). rx client.12459786 seq 12624 0x7f4a672a8b40 client_session(request_renewcaps seq 20446) v1 -1005>
2020-06-01 13:49:01.049018 7f4a4fead700 1 -- 100.97.140.48:6821/2734156667 <== client.12459786 10.220.189.36:0/792111471 12624 ==== client_session(request_renewcaps seq 20446) v1 ==== 28+0+0 (2306255630 0 0) 0x7f4a672a8b40 con 0x7f4a60e11800 -1004>
2020-06-01 13:49:01.049039 7f4a4fead700 3 mds.4.server handle_client_session client_session(request_renewcaps seq 20446) v1 from client.12459786 -1003>
2020-06-01 13:49:01.049046 7f4a4fead700 1 -- 100.97.140.48:6821/2734156667 --> 10.220.189.36:0/792111471 -- client_session(renewcaps seq 20446) v2 -- 0x7f4a652ad180 con 0 -1002>
2020-06-01 13:49:01.064736 7f4a52627700 5 -- 100.97.140.48:6821/2734156667 >> 10.220.189.20:0/3712218173 conn(0x7f4a60c9d800 :6821 s=STATE_OPEN_MESSAGE_READ_FOOTER_AND_DISPATCH pgs=820202 cs=1 l=0). rx client.10392460 seq 12624 0x7f4a652ad180 client_session(request_renewcaps seq 255130) v1 -1001>
2020-06-01 13:49:01.064762 7f4a4fead700 1 -- 100.97.140.48:6821/2734156667 <== client.10392460 10.220.189.20:0/3712218173 12624 ==== client_session(request_renewcaps seq 255130) v1 ==== 28+0+0 (192608361 0 0) 0x7f4a652ad180 con 0x7f4a60c9d800 -1000>
2020-06-01 13:49:01.064779 7f4a4fead700 3 mds.4.server handle_client_session client_session(request_renewcaps seq 255130) v1 from client.10392460 -999>
2020-06-01 13:49:01.064785 7f4a4fead700 1 -- 100.97.140.48:6821/2734156667 --> 10.220.189.20:0/3712218173 -- client_session(renewcaps seq 255130) v2 -- 0x7f4a672a8b40 con 0 -998>
2020-06-01 13:49:01.158480 7f4a51e26700 5 -- 100.97.140.48:6821/2734156667 >> 10.220.189.42:0/3020235086 conn(0x7f4a613fe000 :6821 s=STATE_OPEN_MESSAGE_READ_FOOTER_AND_DISPATCH pgs=3978 cs=1 l=0). rx client.12144910 seq 12624 0x7f4a672a8240 client_session(request_renewcaps seq 56997) v1 -997>
2020-06-01 13:49:01.158526 7f4a4fead700 1 -- 100.97.140.48:6821/2734156667 <== client.12144910 10.220.189.42:0/3020235086 12624 ==== client_session(request_renewcaps seq 56997) v1 ==== 28+0+0 (191881583 0 0) 0x7f4a672a8240 con 0x7f4a613fe000 -996>
2020-06-01 13:49:01.158550 7f4a4fead700 3 mds.4.server handle_client_session client_session(request_renewcaps seq 56997) v1 from client.12144910 -995>
2020-06-01 13:49:01.158559 7f4a4fead700 1 -- 100.97.140.48:6821/2734156667 --> 10.220.189.42:0/3020235086 -- client_session(renewcaps seq 56997) v2 -- 0x7f4a652ad180 con 0 -994>
2020-06-01 13:49:01.178938 7f4a52627700 5 -- 100.97.140.48:6821/2734156667 >> 10.220.189.36:0/293706961 conn(0x7f4a60e22000 :6821 s=STATE_OPEN_MESSAGE_READ_FOOTER_AND_DISPATCH pgs=22 cs=1 l=0). rx client.12470484 seq 12624 0x7f4a672a8b40 client_session(request_renewcaps seq 20446) v1 -993>
2020-06-01 13:49:01.178964 7f4a4fead700 1 -- 100.97.140.48:6821/2734156667 <== client.12470484 10.220.189.36:0/293706961 12624 ==== client_session(request_renewcaps seq 20446) v1 ==== 28+0+0 (2306255630 0 0) 0x7f4a672a8b40 con 0x7f4a60e22000 -992>
2020-06-01 13:49:01.178976 7f4a4fead700 3 mds.4.server handle_client_session client_session(request_renewcaps seq 20446) v1 from client.12470484 -991>
2020-06-01 13:49:01.178981 7f4a4fead700 1 -- 100.97.140.48:6821/2734156667 --> 10.220.189.36:0/293706961 -- client_session(renewcaps seq 20446) v2 -- 0x7f4a672a8240 con 0 -990>
2020-06-01 13:49:01.203951 7f4a52627700 5 -- 100.97.140.48:6821/2734156667 >> 10.220.87.188:0/2980238520 conn(0x7f4a60cfe800 :6821 s=STATE_OPEN_MESSAGE_READ_FOOTER_AND_DISPATCH pgs=70 cs=1 l=0). rx client.3891255 seq 12624 0x7f4a672a8240 client_session(request_renewcaps seq 1014677) v1 -989>
2020-06-01 13:49:01.203977 7f4a4fead700 1 -- 100.97.140.48:6821/2734156667 <== client.3891255 10.220.87.188:0/2980238520 12624 ==== client_session(request_renewcaps seq 1014677) v1 ==== 28+0+0 (4202875761 0 0) 0x7f4a672a8240 con 0x7f4a60cfe800 -988>
2020-06-01 13:49:01.203994 7f4a4fead700 3 mds.4.server handle_client_session client_session(request_renewcaps seq 1014677) v1 from client.3891255 -987>
2020-06-01 13:49:01.204000 7f4a4fead700 1 -- 100.97.140.48:6821/2734156667 --> 10.220.87.188:0/2980238520 -- client_session(renewcaps seq 1014677) v2 -- 0x7f4a672a8b40 con 0 -986>
2020-06-01 13:49:01.234845 7f4a51e26700 5 -- 100.97.140.48:6821/2734156667 >> 10.220.87.163:0/1744015183 conn(0x7f4a60bbc800 :6821 s=STATE_OPEN_MESSAGE_READ_FOOTER_AND_DISPATCH pgs=3463398 cs=1 l=0). rx client.3912983 seq 12624 0x7f4a652ad180 client_session(request_renewcaps seq 1009914) v1 -985>
2020-06-01 13:49:01.234870 7f4a4fead700 1 -- 100.97.140.48:6821/2734156667 <== client.3912983 10.220.87.163:0/1744015183 12624 ==== client_session(request_renewcaps seq 1009914) v1 ==== 28+0+0 (3665458587 0 0) 0x7f4a652ad180 con 0x7f4a60bbc800 -984>
2020-06-01 13:49:01.234883 7f4a4fead700 3 mds.4.server handle_client_session client_session(request_renewcaps seq 1009914) v1 from client.3912983 -983>
2020-06-01 13:49:01.234888 7f4a4fead700 1 -- 100.97.140.48:6821/2734156667 --> 10.220.87.163:0/1744015183 -- client_session(renewcaps seq 1009914) v2 -- 0x7f4a672a8240 con 0 -982>
2020-06-01 13:49:01.236096 7f4a52627700 5 -- 100.97.140.48:6821/2734156667 >> 10.220.189.33:0/2792620878 conn(0x7f4a615c8000 :6821 s=STATE_OPEN_MESSAGE_READ_FOOTER_AND_DISPATCH pgs=191400 cs=1 l=0). rx client.11724708 seq 12624 0x7f4a672a8b40 client_session(request_renewcaps seq 103483) v1 -981>
2020-06-01 13:49:01.236120 7f4a4fead700 1 -- 100.97.140.48:6821/2734156667 <== client.11724708 10.220.189.33:0/2792620878 12624 ==== client_session(request_renewcaps seq 103483) v1 ==== 28+0+0 (3884376000 0 0) 0x7f4a672a8b40 con 0x7f4a615c8000 -980>
2020-06-01 13:49:01.236130 7f4a4fead700 3 mds.4.server handle_client_session client_session(request_renewcaps seq 103483) v1 from client.11724708 -979>
2020-06-01 13:49:01.236134 7f4a4fead700 1 -- 100.97.140.48:6821/2734156667 --> 10.220.189.33:0/2792620878 -- client_session(renewcaps seq 103483) v2 -- 0x7f4a652ad180 con 0 -978>
2020-06-01 13:49:01.260227 7f4a51e26700 5 -- 100.97.140.48:6821/2734156667 >> 100.97.140.32:6820/1879232263 conn(0x7f4a60cec800 :6821 s=STATE_OPEN_MESSAGE_READ_FOOTER_AND_DISPATCH pgs=3423089 cs=1 l=0). rx mds.0 seq 321079 0x7f4a6252a300 lock(a=lock inest 0x10000000002.head) v1 -977>
2020-06-01 13:49:01.260256 7f4a4fead700 1 -- 100.97.140.48:6821/2734156667 <== mds.0 100.97.140.32:6820/1879232263 321079 ==== lock(a=lock inest 0x10000000002.head) v1 ==== 69+0+0 (1201847954 0 0) 0x7f4a6252a300 con 0x7f4a60cec800 -976>
2020-06-01 13:49:01.260289 7f4a4fead700 1 -- 100.97.140.48:6821/2734156667 _send_message--> mds.0 100.97.140.32:6820/1879232263 -- lock(a=lockack inest 0x10000000002.head) v1 -- ?+0 0x7f4a611a1c00 -975>
2020-06-01 13:49:01.260301 7f4a4fead700 1 -- 100.97.140.48:6821/2734156667 --> 100.97.140.32:6820/1879232263 -- lock(a=lockack inest 0x10000000002.head) v1 -- 0x7f4a611a1c00 con 0 -974>
2020-06-01 13:49:01.260401 7f4a51e26700 5 -- 100.97.140.48:6821/2734156667 >> 100.97.140.32:6820/1879232263 conn(0x7f4a60cec800 :6821 s=STATE_OPEN_MESSAGE_READ_FOOTER_AND_DISPATCH pgs=3423089 cs=1 l=0). rx mds.0 seq 321080 0x7f4a62452080 lock(a=lock inest 0x100000007d3.head) v1 -973>
2020-06-01 13:49:01.260438 7f4a4fead700 1 -- 100.97.140.48:6821/2734156667 <== mds.0 100.97.140.32:6820/1879232263 321080 ==== lock(a=lock inest 0x100000007d3.head) v1 ==== 69+0+0 (4197004337 0 0) 0x7f4a62452080 con 0x7f4a60cec800 -972>
2020-06-01 13:49:01.260453 7f4a4fead700 1 -- 100.97.140.48:6821/2734156667 _send_message--> mds.0 100.97.140.32:6820/1879232263 -- lock(a=lockack inest 0x100000007d3.head) v1 -- ?+0 0x7f4a6252a300 -971>
2020-06-01 13:49:01.260461 7f4a4fead700 1 -- 100.97.140.48:6821/2734156667 --> 100.97.140.32:6820/1879232263 -- lock(a=lockack inest 0x100000007d3.head) v1 -- 0x7f4a6252a300 con 0 -970>
2020-06-01 13:49:01.260985 7f4a51e26700 5 -- 100.97.140.48:6821/2734156667 >> 100.97.140.32:6820/1879232263 conn(0x7f4a60cec800 :6821 s=STATE_OPEN_MESSAGE_READ_FOOTER_AND_DISPATCH pgs=3423089 cs=1 l=0). rx mds.0 seq 321081 0x7f4a624e5900 lock(a=lock inest 0x10000000000.head) v1 -969>
2020-06-01 13:49:01.261009 7f4a4fead700 1 -- 100.97.140.48:6821/2734156667 <== mds.0 100.97.140.32:6820/1879232263 321081 ==== lock(a=lock inest 0x10000000000.head) v1 ==== 69+0+0 (540789226 0 0) 0x7f4a624e5900 con 0x7f4a60cec800 -968>
2020-06-01 13:49:01.261016 7f4a51e26700 5 -- 100.97.140.48:6821/2734156667 >> 100.97.140.32:6820/1879232263 conn(0x7f4a60cec800 :6821 s=STATE_OPEN_MESSAGE_READ_FOOTER_AND_DISPATCH pgs=3423089 cs=1 l=0). rx mds.0 seq 321082 0x7f4a62529180 lock(a=lock inest 0x100000007d4.head) v1 -967>
2020-06-01 13:49:01.261023 7f4a4fead700 1 -- 100.97.140.48:6821/2734156667 _send_message--> mds.0 100.97.140.32:6820/1879232263 -- lock(a=lockack inest 0x10000000000.head) v1 -- ?+0 0x7f4a62452080 -966>
2020-06-01 13:49:01.261031 7f4a4fead700 1 -- 100.97.140.48:6821/2734156667 --> 100.97.140.32:6820/1879232263 -- lock(a=lockack inest 0x10000000000.head) v1 -- 0x7f4a62452080 con 0 -965>
2020-06-01 13:49:01.261035 7f4a51e26700 5 -- 100.97.140.48:6821/2734156667 >> 100.97.140.32:6820/1879232263 conn(0x7f4a60cec800 :6821 s=STATE_OPEN_MESSAGE_READ_FOOTER_AND_DISPATCH pgs=3423089 cs=1 l=0). rx mds.0 seq 321083 0x7f4a6249b980 lock(a=lock inest 0x10002a2db42.head) v1 -964>
2020-06-01 13:49:01.261044 7f4a4fead700 1 -- 100.97.140.48:6821/2734156667 <== mds.0 100.97.140.32:6820/1879232263 321082 ==== lock(a=lock inest 0x100000007d4.head) v1 ==== 69+0+0 (1632507397 0 0) 0x7f4a62529180 con 0x7f4a60cec800 -963>
2020-06-01 13:49:01.261057 7f4a4fead700 1 -- 100.97.140.48:6821/2734156667 _send_message--> mds.0 100.97.140.32:6820/1879232263 -- lock(a=lockack inest 0x100000007d4.head) v1 -- ?+0 0x7f4a624e5900 -962>
2020-06-01 13:49:01.261065 7f4a4fead700 1 -- 100.97.140.48:6821/2734156667 --> 100.97.140.32:6820/1879232263 -- lock(a=lockack inest 0x100000007d4.head) v1 -- 0x7f4a624e5900 con 0 -961>
2020-06-01 13:49:01.261077 7f4a4fead700 1 -- 100.97.140.48:6821/2734156667 <== mds.0 100.97.140.32:6820/1879232263 321083 ==== lock(a=lock inest 0x10002a2db42.head) v1 ==== 69+0+0 (523299892 0 0) 0x7f4a6249b980 con 0x7f4a60cec800 -960>
2020-06-01 13:49:01.261089 7f4a4fead700 1 -- 100.97.140.48:6821/2734156667 _send_message--> mds.0 100.97.140.32:6820/1879232263 -- lock(a=lockack inest 0x10002a2db42.head) v1 -- ?+0 0x7f4a62529180 -959>
2020-06-01 13:49:01.261096 7f4a4fead700 1 -- 100.97.140.48:6821/2734156667 --> 100.97.140.32:6820/1879232263 -- lock(a=lockack inest 0x10002a2db42.head) v1 -- 0x7f4a62529180 con 0 -958>
2020-06-01 13:49:01.261835 7f4a51e26700 5 -- 100.97.140.48:6821/2734156667 >> 100.97.140.32:6820/1879232263 conn(0x7f4a60cec800 :6821 s=STATE_OPEN_MESSAGE_READ_FOOTER_AND_DISPATCH pgs=3423089 cs=1 l=0). rx mds.0 seq 321084 0x7f4a6296eb40 gather_caps(0x10002a2cf74) v1 -957>
2020-06-01 13:49:01.261856 7f4a4fead700 1 -- 100.97.140.48:6821/2734156667 <== mds.0 100.97.140.32:6820/1879232263 321084 ==== gather_caps(0x10002a2cf74) v1 ==== 8+0+0 (4184419736 0 0) 0x7f4a6296eb40 con 0x7f4a60cec800 -956>
2020-06-01 13:49:01.263133 7f4a51e26700 5 -- 100.97.140.48:6821/2734156667 >> 100.97.140.32:6820/1879232263 conn(0x7f4a60cec800 :6821 s=STATE_OPEN_MESSAGE_READ_FOOTER_AND_DISPATCH pgs=3423089 cs=1 l=0). rx mds.0 seq 321085 0x7f4a62529180 lock(a=lockflushed inest 0x10000000002.head) v1 -955>
2020-06-01 13:49:01.263152 7f4a4fead700 1 -- 100.97.140.48:6821/2734156667 <== mds.0 100.97.140.32:6820/1879232263 321085 ==== lock(a=lockflushed inest 0x10000000002.head) v1 ==== 69+0+0 (2800599178 0 0) 0x7f4a62529180 con 0x7f4a60cec800 -954>
2020-06-01 13:49:01.263310 7f4a51e26700 5 -- 100.97.140.48:6821/2734156667 >> 100.97.140.32:6820/1879232263 conn(0x7f4a60cec800 :6821 s=STATE_OPEN_MESSAGE_READ_FOOTER_AND_DISPATCH pgs=3423089 cs=1 l=0). rx mds.0 seq 321086 0x7f4a624e5900 lock(a=mix inest 0x10000000002.head) v1 -953>
2020-06-01 13:49:01.263328 7f4a4fead700 1 -- 100.97.140.48:6821/2734156667 <== mds.0 100.97.140.32:6820/1879232263 321086 ==== lock(a=mix inest 0x10000000002.head) v1 ==== 291+0+0 (1793341358 0 0) 0x7f4a624e5900 con 0x7f4a60cec800 -952>
2020-06-01 13:49:01.263447 7f4a51e26700 5 -- 100.97.140.48:6821/2734156667 >> 100.97.140.32:6820/1879232263 conn(0x7f4a60cec800 :6821 s=STATE_OPEN_MESSAGE_READ_FOOTER_AND_DISPATCH pgs=3423089 cs=1 l=0). rx mds.0 seq 321087 0x7f4a62452080 lock(a=lockflushed inest 0x100000007d3.head) v1 -951>
2020-06-01 13:49:01.263470 7f4a4fead700 1 -- 100.97.140.48:6821/2734156667 <== mds.0 100.97.140.32:6820/1879232263 321087 ==== lock(a=lockflushed inest 0x100000007d3.head) v1 ==== 69+0+0 (459688489 0 0) 0x7f4a62452080 con 0x7f4a60cec800 -950>
2020-06-01 13:49:01.263655 7f4a51e26700 5 -- 100.97.140.48:6821/2734156667 >> 100.97.140.32:6820/1879232263 conn(0x7f4a60cec800 :6821 s=STATE_OPEN_MESSAGE_READ_FOOTER_AND_DISPATCH pgs=3423089 cs=1 l=0). rx mds.0 seq 321088 0x7f4a6252a300 lock(a=mix inest 0x100000007d3.head) v1 -949>
2020-06-01 13:49:01.263674 7f4a4fead700 1 -- 100.97.140.48:6821/2734156667 <== mds.0 100.97.140.32:6820/1879232263 321088 ==== lock(a=mix inest 0x100000007d3.head) v1 ==== 291+0+0 (4128000989 0 0) 0x7f4a6252a300 con 0x7f4a60cec800 -948>
2020-06-01 13:49:01.263696 7f4a51e26700 5 -- 100.97.140.48:6821/2734156667 >> 100.97.140.32:6820/1879232263 conn(0x7f4a60cec800 :6821 s=STATE_OPEN_MESSAGE_READ_FOOTER_AND_DISPATCH pgs=3423089 cs=1 l=0). rx mds.0 seq 321089 0x7f4a611a1c00 lock(a=lockflushed inest 0x10000000000.head) v1 -947>
2020-06-01 13:49:01.263713 7f4a4fead700 1 -- 100.97.140.48:6821/2734156667 <== mds.0 100.97.140.32:6820/1879232263 321089 ==== lock(a=lockflushed inest 0x10000000000.head) v1 ==== 69+0+0 (3245651954 0 0) 0x7f4a611a1c00 con 0x7f4a60cec800 -946>
2020-06-01 13:49:01.263911 7f4a51e26700 5 -- 100.97.140.48:6821/2734156667 >> 100.97.140.32:6820/1879232263 conn(0x7f4a60cec800 :6821 s=STATE_OPEN_MESSAGE_READ_FOOTER_AND_DISPATCH pgs=3423089 cs=1 l=0). rx mds.0 seq 321090 0x7f4a61777c00 lock(a=mix inest 0x10000000000.head) v1 -945>
2020-06-01 13:49:01.263929 7f4a4fead700 1 -- 100.97.140.48:6821/2734156667 <== mds.0 100.97.140.32:6820/1879232263 321090 ==== lock(a=mix inest 0x10000000000.head) v1 ==== 291+0+0 (2913427985 0 0) 0x7f4a61777c00 con 0x7f4a60cec800 -944>
2020-06-01 13:49:01.263934 7f4a51e26700 5 -- 100.97.140.48:6821/2734156667 >> 100.97.140.32:6820/1879232263 conn(0x7f4a60cec800 :6821 s=STATE_OPEN_MESSAGE_READ_FOOTER_AND_DISPATCH pgs=3423089 cs=1 l=0). rx mds.0 seq 321091 0x7f4a611eb400 lock(a=lockflushed inest 0x100000007d4.head) v1 -943>
2020-06-01 13:49:01.263949 7f4a4fead700 1 -- 100.97.140.48:6821/2734156667 <== mds.0 100.97.140.32:6820/1879232263 321091 ==== lock(a=lockflushed inest 0x100000007d4.head) v1 ==== 69+0+0 (2147575837 0 0) 0x7f4a611eb400 con 0x7f4a60cec800 -942>
2020-06-01 13:49:01.264070 7f4a51e26700 5 -- 100.97.140.48:6821/2734156667 >> 100.97.140.32:6820/1879232263 conn(0x7f4a60cec800 :6821 s=STATE_OPEN_MESSAGE_READ_FOOTER_AND_DISPATCH pgs=3423089 cs=1 l=0). rx mds.0 seq 321092 0x7f4a611ea500 lock(a=mix inest 0x100000007d4.head) v1 -941>
2020-06-01 13:49:01.264088 7f4a4fead700 1 -- 100.97.140.48:6821/2734156667 <== mds.0 100.97.140.32:6820/1879232263 321092 ==== lock(a=mix inest 0x100000007d4.head) v1 ==== 291+0+0 (4176076825 0 0) 0x7f4a611ea500 con 0x7f4a60cec800 -940>
2020-06-01 13:49:01.264172 7f4a51e26700 5 -- 100.97.140.48:6821/2734156667 >> 100.97.140.32:6820/1879232263 conn(0x7f4a60cec800 :6821 s=STATE_OPEN_MESSAGE_READ_FOOTER_AND_DISPATCH pgs=3423089 cs=1 l=0). rx mds.0 seq 321093 0x7f4a624e6080 lock(a=lockflushed inest 0x10002a2db42.head) v1 -939>
2020-06-01 13:49:01.264189 7f4a4fead700 1 -- 100.97.140.48:6821/2734156667 <== mds.0 100.97.140.32:6820/1879232263 321093 ==== lock(a=lockflushed inest 0x10002a2db42.head) v1 ==== 69+0+0 (4269773356 0 0) 0x7f4a624e6080 con 0x7f4a60cec800 -938>
2020-06-01 13:49:01.264315 7f4a51e26700 5 -- 100.97.140.48:6821/2734156667 >> 100.97.140.32:6820/1879232263 conn(0x7f4a60cec800 :6821 s=STATE_OPEN_MESSAGE_READ_FOOTER_AND_DISPATCH pgs=3423089 cs=1 l=0). rx mds.0 seq 321094 0x7f4a6122c580 lock(a=mix inest 0x10002a2db42.head) v1 -937>
2020-06-01 13:49:01.264333 7f4a4fead700 1 -- 100.97.140.48:6821/2734156667 <== mds.0 100.97.140.32:6820/1879232263 321094 ==== lock(a=mix inest 0x10002a2db42.head) v1 ==== 291+0+0 (120436267 0 0) 0x7f4a6122c580 con 0x7f4a60cec800 -936>
2020-06-01 13:49:01.397080 7f4a51e26700 5 -- 100.97.140.48:6821/2734156667 >> 10.220.189.36:0/3216571563 conn(0x7f4a61568800 :6821 s=STATE_OPEN_MESSAGE_READ_FOOTER_AND_DISPATCH pgs=22 cs=1 l=0). rx client.12468430 seq 12624 0x7f4a672a8240 client_session(request_renewcaps seq 20446) v1 -935>
2020-06-01 13:49:01.397106 7f4a4fead700 1 -- 100.97.140.48:6821/2734156667 <== client.12468430 10.220.189.36:0/3216571563 12624 ==== client_session(request_renewcaps seq 20446) v1 ==== 28+0+0 (2306255630 0 0) 0x7f4a672a8240 con 0x7f4a61568800 -934>
2020-06-01 13:49:01.397125 7f4a4fead700 3 mds.4.server handle_client_session client_session(request_renewcaps seq 20446) v1 from client.12468430 -933>
2020-06-01 13:49:01.397131 7f4a4fead700 1 -- 100.97.140.48:6821/2734156667 --> 10.220.189.36:0/3216571563 -- client_session(renewcaps seq 20446) v2 -- 0x7f4a672a8b40 con 0 -932>
2020-06-01 13:49:01.509225 7f4a52627700 5 -- 100.97.140.48:6821/2734156667 >> 10.220.189.45:0/133398410 conn(0x7f4a616c5000 :6821 s=STATE_OPEN_MESSAGE_READ_FOOTER_AND_DISPATCH pgs=222915 cs=1 l=0). rx client.12005049 seq 12624 0x7f4a652ad180 client_session(request_renewcaps seq 73132) v1 -931>
2020-06-01 13:49:01.509263 7f4a4fead700 1 -- 100.97.140.48:6821/2734156667 <== client.12005049 10.220.189.45:0/133398410 12624 ==== client_session(request_renewcaps seq 73132) v1 ==== 28+0+0 (2322458799 0 0) 0x7f4a652ad180 con 0x7f4a616c5000 -930>
2020-06-01 13:49:01.509281 7f4a4fead700 3 mds.4.server handle_client_session client_session(request_renewcaps seq 73132) v1 from client.12005049 -929>
2020-06-01 13:49:01.509288 7f4a4fead700 1 -- 100.97.140.48:6821/2734156667 --> 10.220.189.45:0/133398410 -- client_session(renewcaps seq 73132) v2 -- 0x7f4a672a8240 con 0 -928>
2020-06-01 13:49:01.511764 7f4a52627700 5 -- 100.97.140.48:6821/2734156667 >> 10.220.189.18:0/3998647570 conn(0x7f4a616ad800 :6821 s=STATE_OPEN_MESSAGE_READ_FOOTER_AND_DISPATCH pgs=48784 cs=1 l=0). rx client.12377092 seq 12625 0x7f4a672a8240 client_session(request_renewcaps seq 29704) v1 -927>
2020-06-01 13:49:01.511790 7f4a4fead700 1 -- 100.97.140.48:6821/2734156667 <== client.12377092 10.220.189.18:0/3998647570 12625 ==== client_session(request_renewcaps seq 29704) v1 ==== 28+0+0 (1271230514 0 0) 0x7f4a672a8240 con 0x7f4a616ad800 -926>
2020-06-01 13:49:01.511807 7f4a4fead700 3 mds.4.server handle_client_session client_session(request_renewcaps seq 29704) v1 from client.12377092 -925>
2020-06-01 13:49:01.511812 7f4a4fead700 1 -- 100.97.140.48:6821/2734156667 --> 10.220.189.18:0/3998647570 -- client_session(renewcaps seq 29704) v2 -- 0x7f4a652ad180 con 0 -924>
2020-06-01 13:49:01.570048 7f4a52627700 5 -- 100.97.140.48:6821/2734156667 >> 10.220.189.55:0/1692501852 conn(0x7f4a63951000 :6821 s=STATE_OPEN_MESSAGE_READ_FOOTER_AND_DISPATCH pgs=8 cs=1 l=0). rx client.12641758 seq 17 0x7f4a652ad180 client_session(request_renewcaps seq 16) v1 -923>
2020-06-01 13:49:01.570085 7f4a4fead700 1 -- 100.97.140.48:6821/2734156667 <== client.12641758 10.220.189.55:0/1692501852 17 ==== client_session(request_renewcaps seq 16) v1 ==== 28+0+0 (103138633 0 0) 0x7f4a652ad180 con 0x7f4a63951000 -922>
2020-06-01 13:49:01.570107 7f4a4fead700 3 mds.4.server handle_client_session client_session(request_renewcaps seq 16) v1 from client.12641758 -921>
2020-06-01 13:49:01.570114 7f4a4fead700 1 -- 100.97.140.48:6821/2734156667 --> 10.220.189.55:0/1692501852 -- client_session(renewcaps seq 16) v2 -- 0x7f4a672a8240 con 0 -920>
2020-06-01 13:49:01.570716 7f4a52e28700 5 -- 100.97.140.48:6821/2734156667 >> 10.220.189.55:0/974430418 conn(0x7f4a65ed7000 :6821 s=STATE_OPEN_MESSAGE_READ_FOOTER_AND_DISPATCH pgs=9 cs=1 l=0). rx client.12642387 seq 17 0x7f4a672a8480 client_session(request_renewcaps seq 16) v1 -919>
2020-06-01 13:49:01.570739 7f4a4fead700 1 -- 100.97.140.48:6821/2734156667 <== client.12642387 10.220.189.55:0/974430418 17 ==== client_session(request_renewcaps seq 16) v1 ==== 28+0+0 (103138633 0 0) 0x7f4a672a8480 con 0x7f4a65ed7000 -918>
2020-06-01 13:49:01.570749 7f4a4fead700 3 mds.4.server handle_client_session client_session(request_renewcaps seq 16) v1 from client.12642387 -917>
2020-06-01 13:49:01.570753 7f4a4fead700 1 -- 100.97.140.48:6821/2734156667 --> 10.220.189.55:0/974430418 -- client_session(renewcaps seq 16) v2 -- 0x7f4a652ad180 con 0 -916>
2020-06-01 13:49:01.627599 7f4a52e28700 5 -- 100.97.140.48:6821/2734156667 >> 10.220.189.36:0/3273763026 conn(0x7f4a60e35800 :6821 s=STATE_OPEN_MESSAGE_READ_FOOTER_AND_DISPATCH pgs=195 cs=1 l=0). rx client.12470489 seq 12624 0x7f4a652ad180 client_session(request_renewcaps seq 20446) v1 -915>
2020-06-01 13:49:01.627634 7f4a4fead700 1 -- 100.97.140.48:6821/2734156667 <== client.12470489 10.220.189.36:0/3273763026 12624 ==== client_session(request_renewcaps seq 20446) v1 ==== 28+0+0 (2306255630 0 0) 0x7f4a652ad180 con 0x7f4a60e35800 -914>
2020-06-01 13:49:01.627656 7f4a4fead700 3 mds.4.server handle_client_session client_session(request_renewcaps seq 20446) v1 from client.12470489 -913>
2020-06-01 13:49:01.627663 7f4a4fead700 1 -- 100.97.140.48:6821/2734156667 --> 10.220.189.36:0/3273763026 -- client_session(renewcaps seq 20446) v2 -- 0x7f4a672a8480 con 0 -912>
2020-06-01 13:49:01.857878 7f4a52627700 5 -- 100.97.140.48:6821/2734156667 >> 10.220.189.44:0/551508142 conn(0x7f4a61532800 :6821 s=STATE_OPEN_MESSAGE_READ_FOOTER_AND_DISPATCH pgs=464436 cs=1 l=0). rx client.10012177 seq 12624 0x7f4a672a8240 client_session(request_renewcaps seq 297364) v1 -911>
2020-06-01 13:49:01.857927 7f4a4fead700 1 -- 100.97.140.48:6821/2734156667 <== client.10012177 10.220.189.44:0/551508142 12624 ==== client_session(request_renewcaps seq 297364) v1 ==== 28+0+0 (1356991263 0 0) 0x7f4a672a8240 con 0x7f4a61532800 -910>
2020-06-01 13:49:01.857953 7f4a4fead700 3 mds.4.server handle_client_session client_session(request_renewcaps seq 297364) v1 from client.10012177 -909>
2020-06-01 13:49:01.857962 7f4a4fead700 1 -- 100.97.140.48:6821/2734156667 --> 10.220.189.44:0/551508142 -- client_session(renewcaps seq 297364) v2 -- 0x7f4a652ad180 con 0 -908>
2020-06-01 13:49:01.862622 7f4a51e26700 5 -- 100.97.140.48:6821/2734156667 >> 10.220.189.31:0/768711405 conn(0x7f4a60e38800 :6821 s=STATE_OPEN_MESSAGE_READ_FOOTER_AND_DISPATCH pgs=335 cs=1 l=0). rx client.12466526 seq 12624 0x7f4a672a8b40 client_session(request_renewcaps seq 19689) v1 -907>
2020-06-01 13:49:01.862647 7f4a4fead700 1 -- 100.97.140.48:6821/2734156667 <== client.12466526 10.220.189.31:0/768711405 12624 ==== client_session(request_renewcaps seq 19689) v1 ==== 28+0+0 (3049789315 0 0) 0x7f4a672a8b40 con 0x7f4a60e38800 -906>
2020-06-01 13:49:01.862659 7f4a4fead700 3 mds.4.server handle_client_session client_session(request_renewcaps seq 19689) v1 from client.12466526 -905>
2020-06-01 13:49:01.862664 7f4a4fead700 1 -- 100.97.140.48:6821/2734156667 --> 10.220.189.31:0/768711405 -- client_session(renewcaps seq 19689) v2 -- 0x7f4a672a8240 con 0 -904>
2020-06-01 13:49:02.054072 7f4a52e28700 5 -- 100.97.140.48:6821/2734156667 >> 10.221.11.161:0/533875537 conn(0x7f4a61434000 :6821 s=STATE_OPEN_MESSAGE_READ_FOOTER_AND_DISPATCH pgs=3456142 cs=1 l=0). rx client.3883476 seq 12623 0x7f4a672a8480 client_session(request_renewcaps seq 1014668) v1 -903>
2020-06-01 13:49:02.054113 7f4a4fead700 1 -- 100.97.140.48:6821/2734156667 <== client.3883476 10.221.11.161:0/533875537 12623 ==== client_session(request_renewcaps seq 1014668) v1 ==== 28+0+0 (88454337 0 0) 0x7f4a672a8480 con 0x7f4a61434000 -902>
2020-06-01 13:49:02.054136 7f4a4fead700 3 mds.4.server handle_client_session client_session(request_renewcaps seq 1014668) v1 from client.3883476 -901>
2020-06-01 13:49:02.054143 7f4a4fead700 1 -- 100.97.140.48:6821/2734156667 --> 10.221.11.161:0/533875537 -- client_session(renewcaps seq 1014668) v2 -- 0x7f4a672a8b40 con 0 -900>
2020-06-01 13:49:02.184393 7f4a52e28700 5 -- 100.97.140.48:6821/2734156667 >> 10.220.189.16:0/2327457644 conn(0x7f4a61408000 :6821 s=STATE_OPEN_MESSAGE_READ_FOOTER_AND_DISPATCH pgs=442743 cs=1 l=0). rx client.11393922 seq 12624 0x7f4a672a8b40 client_session(request_renewcaps seq 140690) v1 -899>
2020-06-01 13:49:02.184443 7f4a4fead700 1 -- 100.97.140.48:6821/2734156667 <== client.11393922 10.220.189.16:0/2327457644 12624 ==== client_session(request_renewcaps seq 140690) v1 ==== 28+0+0 (3683701591 0 0) 0x7f4a672a8b40 con 0x7f4a61408000 -898>
2020-06-01 13:49:02.184469 7f4a4fead700 3 mds.4.server handle_client_session client_session(request_renewcaps seq 140690) v1 from client.11393922 -897>
2020-06-01 13:49:02.184477 7f4a4fead700 1 -- 100.97.140.48:6821/2734156667 --> 10.220.189.16:0/2327457644 -- client_session(renewcaps seq 140690) v2 -- 0x7f4a672a8480 con 0 -896>
2020-06-01 13:49:02.321801 7f4a52e28700 5 -- 100.97.140.48:6821/2734156667 >> 10.220.189.50:0/1445953529 conn(0x7f4a6140c800 :6821 s=STATE_OPEN_MESSAGE_READ_FOOTER_AND_DISPATCH pgs=1384999 cs=1 l=0). rx client.9162393 seq 12624 0x7f4a672a8480 client_session(request_renewcaps seq 393595) v1 -895>
2020-06-01 13:49:02.321850 7f4a4fead700 1 -- 100.97.140.48:6821/2734156667 <== client.9162393 10.220.189.50:0/1445953529 12624 ==== client_session(request_renewcaps seq 393595) v1 ==== 28+0+0 (2797022743 0 0) 0x7f4a672a8480 con 0x7f4a6140c800 -894>
2020-06-01 13:49:02.321875 7f4a4fead700 3 mds.4.server handle_client_session client_session(request_renewcaps seq 393595) v1 from client.9162393 -893>
2020-06-01 13:49:02.321884 7f4a4fead700 1 -- 100.97.140.48:6821/2734156667 --> 10.220.189.50:0/1445953529 -- client_session(renewcaps seq 393595) v2 -- 0x7f4a672a8b40 con 0 -892>
2020-06-01 13:49:02.346894 7f4a4cea7700 10 monclient: _send_mon_message to mon.TX-97-140-59 at 100.97.140.59:6789/0 -891>
2020-06-01 13:49:02.346908 7f4a4cea7700 1 -- 100.97.140.48:6821/2734156667 --> 100.97.140.59:6789/0 -- mdsbeacon(12541229/TX-97-140-48 up:active seq 63115 v415) v7 -- 0x7f4a67302700 con 0 -890>
2020-06-01 13:49:02.347820 7f4a52627700 5 -- 100.97.140.48:6821/2734156667 >> 100.97.140.59:6789/0 conn(0x7f4a60a43000 :-1 s=STATE_OPEN_MESSAGE_READ_FOOTER_AND_DISPATCH pgs=2504874 cs=1 l=1). rx mon.4 seq 63316 0x7f4a67302700 mdsbeacon(12541229/TX-97-140-48 up:active seq 63115 v415) v7 -889>
2020-06-01 13:49:02.347847 7f4a4fead700 1 -- 100.97.140.48:6821/2734156667 <== mon.4 100.97.140.59:6789/0 63316 ==== mdsbeacon(12541229/TX-97-140-48 up:active seq 63115 v415) v7 ==== 137+0+0 (536259976 0 0) 0x7f4a67302700 con 0x7f4a60a43000 -888>
2020-06-01 13:49:02.393218 7f4a52e28700 5 -- 100.97.140.48:6821/2734156667 >> 10.220.189.44:0/2145716203 conn(0x7f4a61565800 :6821 s=STATE_OPEN_MESSAGE_READ_FOOTER_AND_DISPATCH pgs=570212 cs=1 l=0). rx client.11155423 seq 12624 0x7f4a672a8b40 client_session(request_renewcaps seq 168023) v1 -887>
2020-06-01 13:49:02.393246 7f4a4fead700 1 -- 100.97.140.48:6821/2734156667 <== client.11155423 10.220.189.44:0/2145716203 12624 ==== client_session(request_renewcaps seq 168023) v1 ==== 28+0+0 (3759244955 0 0) 0x7f4a672a8b40 con 0x7f4a61565800 -886>
2020-06-01 13:49:02.393265 7f4a4fead700 3 mds.4.server handle_client_session client_session(request_renewcaps seq 168023) v1 from client.11155423 -885>
2020-06-01 13:49:02.393272 7f4a4fead700 1 -- 100.97.140.48:6821/2734156667 --> 10.220.189.44:0/2145716203 -- client_session(renewcaps seq 168023) v2 -- 0x7f4a672a8480 con 0 -884>
2020-06-01 13:49:02.691671 7f4a51e26700 5 -- 100.97.140.48:6821/2734156667 >> 10.220.189.56:0/307203688 conn(0x7f4a6141c000 :6821 s=STATE_OPEN_MESSAGE_READ_FOOTER_AND_DISPATCH pgs=1385837 cs=1 l=0). rx client.9162398 seq 12624 0x7f4a672a8240 client_session(request_renewcaps seq 393591) v1 -883>
2020-06-01 13:49:02.691708 7f4a4fead700 1 -- 100.97.140.48:6821/2734156667 <== client.9162398 10.220.189.56:0/307203688 12624 ==== client_session(request_renewcaps seq 393591) v1 ==== 28+0+0 (2222157960 0 0) 0x7f4a672a8240 con 0x7f4a6141c000 -882>
2020-06-01 13:49:02.691729 7f4a4fead700 3 mds.4.server handle_client_session client_session(request_renewcaps seq 393591) v1 from client.9162398 -881>
2020-06-01 13:49:02.691736 7f4a4fead700 1 -- 100.97.140.48:6821/2734156667 --> 10.220.189.56:0/307203688 -- client_session(renewcaps seq 393591) v2 -- 0x7f4a672a8b40 con 0 -880>
2020-06-01 13:49:02.878286 7f4a52627700 5 -- 100.97.140.48:6821/2734156667 >> 10.220.189.39:0/3806988067 conn(0x7f4a61401000 :6821 s=STATE_OPEN_MESSAGE_READ_FOOTER_AND_DISPATCH pgs=378160 cs=1 l=0). rx client.9169378 seq 12624 0x7f4a652ad180 client_session(request_renewcaps seq 392800) v1 -879>
2020-06-01 13:49:02.878334 7f4a4fead700 1 -- 100.97.140.48:6821/2734156667 <== client.9169378 10.220.189.39:0/3806988067 12624 ==== client_session(request_renewcaps seq 392800) v1 ==== 28+0+0 (3565184018 0 0) 0x7f4a652ad180 con 0x7f4a61401000 -878>
2020-06-01 13:49:02.878357 7f4a4fead700 3 mds.4.server handle_client_session client_session(request_renewcaps seq 392800) v1 from client.9169378 -877>
2020-06-01 13:49:02.878366 7f4a4fead700 1 -- 100.97.140.48:6821/2734156667 --> 10.220.189.39:0/3806988067 -- client_session(renewcaps seq 392800) v2 -- 0x7f4a672a8240 con 0 -876>
2020-06-01 13:49:02.946370 7f4a51e26700 5 -- 100.97.140.48:6821/2734156667 >> 10.220.189.19:0/1805309661 conn(0x7f4a60dfe000 :6821 s=STATE_OPEN_MESSAGE_READ_FOOTER_AND_DISPATCH pgs=41278 cs=1 l=0). rx client.12429099 seq 12625 0x7f4a672a8b40 client_session(request_renewcaps seq 25094) v1 -875>
2020-06-01 13:49:02.946402 7f4a4fead700 1 -- 100.97.140.48:6821/2734156667 <== client.12429099 10.220.189.19:0/1805309661 12625 ==== client_session(request_renewcaps seq 25094) v1 ==== 28+0+0 (1707919478 0 0) 0x7f4a672a8b40 con 0x7f4a60dfe000 -874>
2020-06-01 13:49:02.946420 7f4a4fead700 3 mds.4.server handle_client_session client_session(request_renewcaps seq 25094) v1 from client.12429099 -873>
2020-06-01 13:49:02.946426 7f4a4fead700 1 -- 100.97.140.48:6821/2734156667 --> 10.220.189.19:0/1805309661 -- client_session(renewcaps seq 25094) v2 -- 0x7f4a652ad180 con 0 -872>
2020-06-01 13:49:03.036057 7f4a51e26700 5 -- 100.97.140.48:6821/2734156667 >> 10.220.189.44:0/2725550367 conn(0x7f4a61577800 :6821 s=STATE_OPEN_MESSAGE_READ_FOOTER_AND_DISPATCH pgs=235991 cs=1 l=0). rx client.10355245 seq 12624 0x7f4a652ad180 client_session(request_renewcaps seq 259428) v1 -871>
2020-06-01 13:49:03.036087 7f4a4fead700 1 -- 100.97.140.48:6821/2734156667 <== client.10355245 10.220.189.44:0/2725550367 12624 ==== client_session(request_renewcaps seq 259428) v1 ==== 28+0+0 (3307771930 0 0) 0x7f4a652ad180 con 0x7f4a61577800 -870>
2020-06-01 13:49:03.036106 7f4a4fead700 3 mds.4.server handle_client_session client_session(request_renewcaps seq 259428) v1 from client.10355245 -869>
2020-06-01 13:49:03.036112 7f4a4fead700 1 -- 100.97.140.48:6821/2734156667 --> 10.220.189.44:0/2725550367 -- client_session(renewcaps seq 259428) v2 -- 0x7f4a672a8b40 con 0 -868>
2020-06-01 13:49:03.279652 7f4a51e26700 5 -- 100.97.140.48:6821/2734156667 >> 100.97.140.32:6820/1879232263 conn(0x7f4a60cec800 :6821 s=STATE_OPEN_MESSAGE_READ_FOOTER_AND_DISPATCH pgs=3423089 cs=1 l=0). rx mds.0 seq 321095 0x7f4a629bd2a0 gather_caps(0x10002a2cf74) v1 -867>
2020-06-01 13:49:03.279698 7f4a4fead700 1 -- 100.97.140.48:6821/2734156667 <== mds.0 100.97.140.32:6820/1879232263 321095 ==== gather_caps(0x10002a2cf74) v1 ==== 8+0+0 (4184419736 0 0) 0x7f4a629bd2a0 con 0x7f4a60cec800 -866>
2020-06-01 13:49:03.494836 7f4a52e28700 5 -- 100.97.140.48:6821/2734156667 >> 10.220.189.26:0/1338026786 conn(0x7f4a60bf1000 :6821 s=STATE_OPEN_MESSAGE_READ_FOOTER_AND_DISPATCH pgs=28 cs=1 l=0). rx client.10625920 seq 12624 0x7f4a672a8480 client_session(request_renewcaps seq 228689) v1 -865>
2020-06-01 13:49:03.494881 7f4a4fead700 1 -- 100.97.140.48:6821/2734156667 <== client.10625920 10.220.189.26:0/1338026786 12624 ==== client_session(request_renewcaps seq 228689) v1 ==== 28+0+0 (2553293499 0 0) 0x7f4a672a8480 con 0x7f4a60bf1000 -864>
2020-06-01 13:49:03.494908 7f4a4fead700 3 mds.4.server handle_client_session client_session(request_renewcaps seq 228689) v1 from client.10625920 -863>
2020-06-01 13:49:03.494917 7f4a4fead700 1 -- 100.97.140.48:6821/2734156667 --> 10.220.189.26:0/1338026786 -- client_session(renewcaps seq 228689) v2 -- 0x7f4a652ad180 con 0 -862>
2020-06-01 13:49:03.509286 7f4a52627700 5 -- 100.97.140.48:6821/2734156667 >> 10.220.189.45:0/3046312250 conn(0x7f4a61579000 :6821 s=STATE_OPEN_MESSAGE_READ_FOOTER_AND_DISPATCH pgs=222915 cs=1 l=0). rx client.12005004 seq 12624 0x7f4a672a8240 client_session(request_renewcaps seq 73136) v1 -861>
2020-06-01 13:49:03.509311 7f4a4fead700 1 -- 100.97.140.48:6821/2734156667 <== client.12005004 10.220.189.45:0/3046312250 12624 ==== client_session(request_renewcaps seq 73136) v1 ==== 28+0+0 (755151435 0 0) 0x7f4a672a8240 con 0x7f4a61579000 -860>
2020-06-01 13:49:03.509322 7f4a4fead700 3 mds.4.server handle_client_session client_session(request_renewcaps seq 73136) v1 from client.12005004 -859>
2020-06-01 13:49:03.509327 7f4a4fead700 1 -- 100.97.140.48:6821/2734156667 --> 10.220.189.45:0/3046312250 -- client_session(renewcaps seq 73136) v2 -- 0x7f4a672a8480 con 0 -858>
2020-06-01 13:49:03.511030 7f4a52e28700 5 -- 100.97.140.48:6821/2734156667 >> 10.220.189.15:0/390352979 conn(0x7f4a60d96000 :6821 s=STATE_OPEN_MESSAGE_READ_FOOTER_AND_DISPATCH pgs=275595 cs=1 l=0). rx client.11850909 seq 12629 0x7f4a652ad180 client_session(request_renewcaps seq 90271) v1 -857>
2020-06-01 13:49:03.511053 7f4a4fead700 1 -- 100.97.140.48:6821/2734156667 <== client.11850909 10.220.189.15:0/390352979 12629 ==== client_session(request_renewcaps seq 90271) v1 ==== 28+0+0 (391135518 0 0) 0x7f4a652ad180 con 0x7f4a60d96000 -856>
2020-06-01 13:49:03.511062 7f4a4fead700 3 mds.4.server handle_client_session client_session(request_renewcaps seq 90271) v1 from client.11850909 -855>
2020-06-01 13:49:03.511067 7f4a4fead700 1 -- 100.97.140.48:6821/2734156667 --> 10.220.189.15:0/390352979 -- client_session(renewcaps seq 90271) v2 -- 0x7f4a672a8240 con 0 -854>
2020-06-01 13:49:03.513673 7f4a52e28700 5 -- 100.97.140.48:6821/2734156667 >> 10.220.189.18:0/490149428 conn(0x7f4a616ac000 :6821 s=STATE_OPEN_MESSAGE_READ_FOOTER_AND_DISPATCH pgs=46266 cs=1 l=0). rx client.12377847 seq 12626 0x7f4a672a8240 client_session(request_renewcaps seq 29621) v1 -853>
2020-06-01 13:49:03.513697 7f4a4fead700 1 -- 100.97.140.48:6821/2734156667 <== client.12377847 10.220.189.18:0/490149428 12626 ==== client_session(request_renewcaps seq 29621) v1 ==== 28+0+0 (778160154 0 0) 0x7f4a672a8240 con 0x7f4a616ac000 -852>
2020-06-01 13:49:03.513707 7f4a4fead700 3 mds.4.server handle_client_session client_session(request_renewcaps seq 29621) v1 from client.12377847 -851>
2020-06-01 13:49:03.513712 7f4a4fead700 1 -- 100.97.140.48:6821/2734156667 --> 10.220.189.18:0/490149428 -- client_session(renewcaps seq 29621) v2 -- 0x7f4a652ad180 con 0 -850>
2020-06-01 13:49:04.316203 7f4a52627700 5 -- 100.97.140.48:6821/2734156667 >> 10.220.87.171:0/844521640 conn(0x7f4a61409800 :6821 s=STATE_OPEN_MESSAGE_READ_FOOTER_AND_DISPATCH pgs=3445020 cs=1 l=0). rx client.3881273 seq 12624 0x7f4a672a8480 client_session(request_renewcaps seq 1014674) v1 -849>
2020-06-01 13:49:04.316251 7f4a4fead700 1 -- 100.97.140.48:6821/2734156667 <== client.3881273 10.220.87.171:0/844521640 12624 ==== client_session(request_renewcaps seq 1014674) v1 ==== 28+0+0 (3545832904 0 0) 0x7f4a672a8480 con 0x7f4a61409800 -848>
2020-06-01 13:49:04.316277 7f4a4fead700 3 mds.4.server handle_client_session client_session(request_renewcaps seq 1014674) v1 from client.3881273 -847>
2020-06-01 13:49:04.316286 7f4a4fead700 1 -- 100.97.140.48:6821/2734156667 --> 10.220.87.171:0/844521640 -- client_session(renewcaps seq 1014674) v2 -- 0x7f4a672a8240 con 0 -846>
2020-06-01 13:49:04.322404 7f4a51e26700 5 -- 100.97.140.48:6821/2734156667 >> 10.220.189.26:0/4240916421 conn(0x7f4a615f9800 :6821 s=STATE_OPEN_MESSAGE_READ_FOOTER_AND_DISPATCH pgs=16 cs=1 l=0). rx client.12535760 seq 12624 0x7f4a672a8b40 client_session(request_renewcaps seq 12898) v1 -845>
2020-06-01 13:49:04.322434 7f4a4fead700 1 -- 100.97.140.48:6821/2734156667 <== client.12535760 10.220.189.26:0/4240916421 12624 ==== client_session(request_renewcaps seq 12898) v1 ==== 28+0+0 (3344602463 0 0) 0x7f4a672a8b40 con 0x7f4a615f9800 -844>
2020-06-01 13:49:04.322450 7f4a4fead700 3 mds.4.server handle_client_session client_session(request_renewcaps seq 12898) v1 from client.12535760 -843>
