2020-06-01 13:48:53.851228 7f4a4fead700 1 -- 100.97.140.48:6821/2734156667 <== client.12373337 10.220.189.50:0/3574753305 12632 ==== client_session(request_renewcaps seq 30116) v1 ==== 28+0+0 (679565454 0 0) 0x7f4a652ad180 con 0x7f4a60d9a800 -1302>
2020-06-01 13:48:53.851248 7f4a4fead700 3 mds.4.server handle_client_session client_session(request_renewcaps seq 30116) v1 from client.12373337 -1301>
2020-06-01 13:48:53.851254 7f4a4fead700 1 -- 100.97.140.48:6821/2734156667 --> 10.220.189.50:0/3574753305 -- client_session(renewcaps seq 30116) v2 -- 0x7f4a672a8480 con 0 -1300>
2020-06-01 13:48:53.883864 7f4a51e26700 5 -- 100.97.140.48:6821/2734156667 >> 10.220.189.50:0/771346637 conn(0x7f4a60d99000 :6821 s=STATE_OPEN_MESSAGE_READ_FOOTER_AND_DISPATCH pgs=28 cs=1 l=0). rx client.11036311 seq 12623 0x7f4a672a8240 client_session(request_renewcaps seq 181292) v1 -1299>
2020-06-01 13:48:53.883892 7f4a4fead700 1 -- 100.97.140.48:6821/2734156667 <== client.11036311 10.220.189.50:0/771346637 12623 ==== client_session(request_renewcaps seq 181292) v1 ==== 28+0+0 (4235658788 0 0) 0x7f4a672a8240 con 0x7f4a60d99000 -1298>
2020-06-01 13:48:53.883915 7f4a4fead700 3 mds.4.server handle_client_session client_session(request_renewcaps seq 181292) v1 from client.11036311 -1297>
2020-06-01 13:48:53.883922 7f4a4fead700 1 -- 100.97.140.48:6821/2734156667 --> 10.220.189.50:0/771346637 -- client_session(renewcaps seq 181292) v2 -- 0x7f4a652ad180 con 0 -1296>
2020-06-01 13:48:53.992863 7f4a52627700 5 -- 100.97.140.48:6821/2734156667 >> 10.220.199.8:0/295837554 conn(0x7f4a615fb000 :6821 s=STATE_OPEN_MESSAGE_READ_FOOTER_AND_DISPATCH pgs=6 cs=1 l=0). rx client.12050814 seq 15253 0x7f4a672a8b40 client_session(request_renewcaps seq 82152) -1295>
2020-06-01 13:48:53.992890 7f4a4fead700 1 -- 100.97.140.48:6821/2734156667 <== client.12050814 10.220.199.8:0/295837554 15253 ==== client_session(request_renewcaps seq 82152) ==== 28+0+0 (4266877039 0 0) 0x7f4a672a8b40 con 0x7f4a615fb000 -1294>
2020-06-01 13:48:53.992907 7f4a4fead700 3 mds.4.server handle_client_session client_session(request_renewcaps seq 82152) from client.12050814 -1293>
2020-06-01 13:48:53.992913 7f4a4fead700 1 -- 100.97.140.48:6821/2734156667 --> 10.220.199.8:0/295837554 -- client_session(renewcaps seq 82152) v2 -- 0x7f4a672a8240 con 0 -1292>
2020-06-01 13:48:54.073254 7f4a51e26700 5 -- 100.97.140.48:6821/2734156667 >> 10.220.189.44:0/1371835329 conn(0x7f4a61564000 :6821 s=STATE_OPEN_MESSAGE_READ_FOOTER_AND_DISPATCH pgs=113403 cs=1 l=0). rx client.10616278 seq 12623 0x7f4a652ad180 client_session(request_renewcaps seq 229225) v1 -1291>
2020-06-01 13:48:54.073284 7f4a4fead700 1 -- 100.97.140.48:6821/2734156667 <== client.10616278 10.220.189.44:0/1371835329 12623 ==== client_session(request_renewcaps seq 229225) v1 ==== 28+0+0 (950340082 0 0) 0x7f4a652ad180 con 0x7f4a61564000 -1290>
2020-06-01 13:48:54.073303 7f4a4fead700 3 mds.4.server handle_client_session client_session(request_renewcaps seq 229225) v1 from client.10616278 -1289>
2020-06-01 13:48:54.073309 7f4a4fead700 1 -- 100.97.140.48:6821/2734156667 --> 10.220.189.44:0/1371835329 -- client_session(renewcaps seq 229225) v2 -- 0x7f4a672a8b40 con 0 -1288>
2020-06-01 13:48:54.346740 7f4a4cea7700 10 monclient: _send_mon_message to mon.TX-97-140-59 at 100.97.140.59:6789/0 -1287>
2020-06-01 13:48:54.346762 7f4a4cea7700 1 -- 100.97.140.48:6821/2734156667 --> 100.97.140.59:6789/0 -- mdsbeacon(12541229/TX-97-140-48 up:active seq 63113 v415) v7 -- 0x7f4a67302080 con 0 -1286>
2020-06-01 13:48:54.347775 7f4a52627700 5 -- 100.97.140.48:6821/2734156667 >> 100.97.140.59:6789/0 conn(0x7f4a60a43000 :-1 s=STATE_OPEN_MESSAGE_READ_FOOTER_AND_DISPATCH pgs=2504874 cs=1 l=1). rx mon.4 seq 63314 0x7f4a67302080 mdsbeacon(12541229/TX-97-140-48 up:active seq 63113 v415) v7 -1285>
2020-06-01 13:48:54.347808 7f4a4fead700 1 -- 100.97.140.48:6821/2734156667 <== mon.4 100.97.140.59:6789/0 63314 ==== mdsbeacon(12541229/TX-97-140-48 up:active seq 63113 v415) v7 ==== 137+0+0 (176708415 0 0) 0x7f4a67302080 con 0x7f4a60a43000 -1284>
2020-06-01 13:48:54.444808 7f4a52627700 5 -- 100.97.140.48:6821/2734156667 >> 10.220.87.172:0/874770633 conn(0x7f4a60cda800 :6821 s=STATE_OPEN_MESSAGE_READ_FOOTER_AND_DISPATCH pgs=3081854 cs=1 l=0). rx client.3881278 seq 12623 0x7f4a672a8240 client_session(request_renewcaps seq 1014673) v1 -1283>
2020-06-01 13:48:54.444854 7f4a4fead700 1 -- 100.97.140.48:6821/2734156667 <== client.3881278 10.220.87.172:0/874770633 12623 ==== client_session(request_renewcaps seq 1014673) v1 ==== 28+0+0 (409283755 0 0) 0x7f4a672a8240 con 0x7f4a60cda800 -1282>
2020-06-01 13:48:54.444879 7f4a4fead700 3 mds.4.server handle_client_session client_session(request_renewcaps seq 1014673) v1 from client.3881278 -1281>
2020-06-01 13:48:54.444888 7f4a4fead700 1 -- 100.97.140.48:6821/2734156667 --> 10.220.87.172:0/874770633 -- client_session(renewcaps seq 1014673) v2 -- 0x7f4a652ad180 con 0 -1280>
2020-06-01 13:48:54.895190 7f4a51e26700 5 -- 100.97.140.48:6821/2734156667 >> 10.220.87.174:0/2214825075 conn(0x7f4a60c16000 :6821 s=STATE_OPEN_MESSAGE_READ_FOOTER_AND_DISPATCH pgs=71 cs=1 l=0). rx client.3891245 seq 12623 0x7f4a672a8b40 client_session(request_renewcaps seq 1014678) v1 -1279>
2020-06-01 13:48:54.895236 7f4a4fead700 1 -- 100.97.140.48:6821/2734156667 <== client.3891245 10.220.87.174:0/2214825075 12623 ==== client_session(request_renewcaps seq 1014678) v1 ==== 28+0+0 (834599442 0 0) 0x7f4a672a8b40 con 0x7f4a60c16000 -1278>
2020-06-01 13:48:54.895261 7f4a4fead700 3 mds.4.server handle_client_session client_session(request_renewcaps seq 1014678) v1 from client.3891245 -1277>
2020-06-01 13:48:54.895270 7f4a4fead700 1 -- 100.97.140.48:6821/2734156667 --> 10.220.87.174:0/2214825075 -- client_session(renewcaps seq 1014678) v2 -- 0x7f4a672a8240 con 0 -1276>
2020-06-01 13:48:54.918922 7f4a52627700 5 -- 100.97.140.48:6821/2734156667 >> 172.25.166.241:0/784962940 conn(0x7f4a60e9c800 :6821 s=STATE_OPEN_MESSAGE_READ_FOOTER_AND_DISPATCH pgs=17524 cs=1 l=0). rx client.4947546 seq 12623 0x7f4a652ad180 client_session(request_renewcaps seq 811293) v1 -1275>
2020-06-01 13:48:54.918950 7f4a4fead700 1 -- 100.97.140.48:6821/2734156667 <== client.4947546 172.25.166.241:0/784962940 12623 ==== client_session(request_renewcaps seq 811293) v1 ==== 28+0+0 (3955228672 0 0) 0x7f4a652ad180 con 0x7f4a60e9c800 -1274>
2020-06-01 13:48:54.918964 7f4a4fead700 3 mds.4.server handle_client_session client_session(request_renewcaps seq 811293) v1 from client.4947546 -1273>
2020-06-01 13:48:54.918970 7f4a4fead700 1 -- 100.97.140.48:6821/2734156667 --> 172.25.166.241:0/784962940 -- client_session(renewcaps seq 811293) v2 -- 0x7f4a672a8b40 con 0 -1272>
2020-06-01 13:48:54.973303 7f4a51e26700 5 -- 100.97.140.48:6821/2734156667 >> 10.220.189.36:0/244635839 conn(0x7f4a61671000 :6821 s=STATE_OPEN_MESSAGE_READ_FOOTER_AND_DISPATCH pgs=2555 cs=1 l=0). rx client.12458086 seq 12633 0x7f4a672a8240 client_session(request_renewcaps seq 20637) v1 -1271>
2020-06-01 13:48:54.973348 7f4a4fead700 1 -- 100.97.140.48:6821/2734156667 <== client.12458086 10.220.189.36:0/244635839 12633 ==== client_session(request_renewcaps seq 20637) v1 ==== 28+0+0 (4160264638 0 0) 0x7f4a672a8240 con 0x7f4a61671000 -1270>
2020-06-01 13:48:54.973364 7f4a4fead700 3 mds.4.server handle_client_session client_session(request_renewcaps seq 20637) v1 from client.12458086 -1269>
2020-06-01 13:48:54.973370 7f4a4fead700 1 -- 100.97.140.48:6821/2734156667 --> 10.220.189.36:0/244635839 -- client_session(renewcaps seq 20637) v2 -- 0x7f4a652ad180 con 0 -1268>
2020-06-01 13:48:54.974111 7f4a52627700 5 -- 100.97.140.48:6821/2734156667 >> 10.220.189.50:0/1206594167 conn(0x7f4a61412000 :6821 s=STATE_OPEN_MESSAGE_READ_FOOTER_AND_DISPATCH pgs=891086 cs=1 l=0). rx client.10319637 seq 12631 0x7f4a672a8b40 client_session(request_renewcaps seq 262505) v1 -1267>
2020-06-01 13:48:54.974136 7f4a4fead700 1 -- 100.97.140.48:6821/2734156667 <== client.10319637 10.220.189.50:0/1206594167 12631 ==== client_session(request_renewcaps seq 262505) v1 ==== 28+0+0 (3930326249 0 0) 0x7f4a672a8b40 con 0x7f4a61412000 -1266>
2020-06-01 13:48:54.974147 7f4a4fead700 3 mds.4.server handle_client_session client_session(request_renewcaps seq 262505) v1 from client.10319637 -1265>
2020-06-01 13:48:54.974152 7f4a4fead700 1 -- 100.97.140.48:6821/2734156667 --> 10.220.189.50:0/1206594167 -- client_session(renewcaps seq 262505) v2 -- 0x7f4a672a8240 con 0 -1264>
2020-06-01 13:48:55.085531 7f4a52627700 5 -- 100.97.140.48:6821/2734156667 >> 10.220.189.28:0/497003585 conn(0x7f4a6163f800 :6821 s=STATE_OPEN_MESSAGE_READ_FOOTER_AND_DISPATCH pgs=28 cs=1 l=0). rx client.12370856 seq 12623 0x7f4a672a8240 client_session(request_renewcaps seq 30347) v1 -1263>
2020-06-01 13:48:55.085577 7f4a4fead700 1 -- 100.97.140.48:6821/2734156667 <== client.12370856 10.220.189.28:0/497003585 12623 ==== client_session(request_renewcaps seq 30347) v1 ==== 28+0+0 (1370970429 0 0) 0x7f4a672a8240 con 0x7f4a6163f800 -1262>
2020-06-01 13:48:55.085602 7f4a4fead700 3 mds.4.server handle_client_session client_session(request_renewcaps seq 30347) v1 from client.12370856 -1261>
2020-06-01 13:48:55.085611 7f4a4fead700 1 -- 100.97.140.48:6821/2734156667 --> 10.220.189.28:0/497003585 -- client_session(renewcaps seq 30347) v2 -- 0x7f4a672a8b40 con 0 -1260>
2020-06-01 13:48:55.096742 7f4a4eeab700 10 monclient: tick -1259>
2020-06-01 13:48:55.096759 7f4a4eeab700 10 monclient: _check_auth_rotating have uptodate secrets (they expire after
2020-06-01 13:48:25.096757) -1258>
2020-06-01 13:48:55.097279 7f4a4d6a8700 2 mds.4.cache check_memory_usage total 509144, rss 128824, heap 16888, baseline 16888, buffers 0, 0 / 39 inodes have caps, 0 caps, 0 caps per inode -1257>
2020-06-01 13:48:55.111043 7f4a51e26700 5 -- 100.97.140.48:6821/2734156667 >> 10.220.189.33:0/4233527606 conn(0x7f4a625cb000 :6821 s=STATE_OPEN_MESSAGE_READ_FOOTER_AND_DISPATCH pgs=9 cs=1 l=0). rx client.12650240 seq 66 0x7f4a652ad180 client_session(request_renewcaps seq 65) v1 -1256>
2020-06-01 13:48:55.111071 7f4a4fead700 1 -- 100.97.140.48:6821/2734156667 <== client.12650240 10.220.189.33:0/4233527606 66 ==== client_session(request_renewcaps seq 65) v1 ==== 28+0+0 (615907250 0 0) 0x7f4a652ad180 con 0x7f4a625cb000 -1255>
2020-06-01 13:48:55.111091 7f4a4fead700 3 mds.4.server handle_client_session client_session(request_renewcaps seq 65) v1 from client.12650240 -1254>
2020-06-01 13:48:55.111098 7f4a4fead700 1 -- 100.97.140.48:6821/2734156667 --> 10.220.189.33:0/4233527606 -- client_session(renewcaps seq 65) v2 -- 0x7f4a672a8240 con 0 -1253>
2020-06-01 13:48:55.161716 7f4a52e28700 5 -- 100.97.140.48:6821/2734156667 >> 10.220.189.42:0/2972389730 conn(0x7f4a615c9800 :6821 s=STATE_OPEN_MESSAGE_READ_FOOTER_AND_DISPATCH pgs=16978 cs=1 l=0). rx client.11915358 seq 12623 0x7f4a672a8480 client_session(request_renewcaps seq 81958) v1 -1252>
2020-06-01 13:48:55.161744 7f4a4fead700 1 -- 100.97.140.48:6821/2734156667 <== client.11915358 10.220.189.42:0/2972389730 12623 ==== client_session(request_renewcaps seq 81958) v1 ==== 28+0+0 (1437613595 0 0) 0x7f4a672a8480 con 0x7f4a615c9800 -1251>
2020-06-01 13:48:55.161761 7f4a4fead700 3 mds.4.server handle_client_session client_session(request_renewcaps seq 81958) v1 from client.11915358 -1250>
2020-06-01 13:48:55.161767 7f4a4fead700 1 -- 100.97.140.48:6821/2734156667 --> 10.220.189.42:0/2972389730 -- client_session(renewcaps seq 81958) v2 -- 0x7f4a652ad180 con 0 -1249>
2020-06-01 13:48:55.223782 7f4a52627700 5 -- 100.97.140.48:6821/2734156667 >> 10.220.189.48:0/3503841068 conn(0x7f4a6152f800 :6821 s=STATE_OPEN_MESSAGE_READ_FOOTER_AND_DISPATCH pgs=15473 cs=1 l=0). rx client.10592959 seq 15290 0x7f4a672a8b40 client_session(request_renewcaps seq 281991) -1248>
2020-06-01 13:48:55.223809 7f4a4fead700 1 -- 100.97.140.48:6821/2734156667 <== client.10592959 10.220.189.48:0/3503841068 15290 ==== client_session(request_renewcaps seq 281991) ==== 28+0+0 (3574815634 0 0) 0x7f4a672a8b40 con 0x7f4a6152f800 -1247>
2020-06-01 13:48:55.223824 7f4a4fead700 3 mds.4.server handle_client_session client_session(request_renewcaps seq 281991) from client.10592959 -1246>
2020-06-01 13:48:55.223830 7f4a4fead700 1 -- 100.97.140.48:6821/2734156667 --> 10.220.189.48:0/3503841068 -- client_session(renewcaps seq 281991) v2 -- 0x7f4a672a8480 con 0 -1245>
2020-06-01 13:48:55.341254 7f4a4dea9700 1 -- 100.97.140.48:6821/2734156667 --> 100.97.140.48:6820/2345 -- mgrreport(unknown.TX-97-140-48 +0-0 packed 214) v5 -- 0x7f4a60ec03c0 con 0 -1244>
2020-06-01 13:48:55.507629 7f4a52627700 5 -- 100.97.140.48:6821/2734156667 >> 10.220.189.33:0/498732301 conn(0x7f4a61ca4000 :6821 s=STATE_OPEN_MESSAGE_READ_FOOTER_AND_DISPATCH pgs=9 cs=1 l=0). rx client.12652289 seq 66 0x7f4a672a8480 client_session(request_renewcaps seq 65) v1 -1243>
2020-06-01 13:48:55.507671 7f4a4fead700 1 -- 100.97.140.48:6821/2734156667 <== client.12652289 10.220.189.33:0/498732301 66 ==== client_session(request_renewcaps seq 65) v1 ==== 28+0+0 (615907250 0 0) 0x7f4a672a8480 con 0x7f4a61ca4000 -1242>
2020-06-01 13:48:55.507694 7f4a4fead700 3 mds.4.server handle_client_session client_session(request_renewcaps seq 65) v1 from client.12652289 -1241>
2020-06-01 13:48:55.507702 7f4a4fead700 1 -- 100.97.140.48:6821/2734156667 --> 10.220.189.33:0/498732301 -- client_session(renewcaps seq 65) v2 -- 0x7f4a672a8b40 con 0 -1240>
2020-06-01 13:48:55.512110 7f4a52e28700 5 -- 100.97.140.48:6821/2734156667 >> 10.220.189.37:0/1313480165 conn(0x7f4a6166f800 :6821 s=STATE_OPEN_MESSAGE_READ_FOOTER_AND_DISPATCH pgs=147011 cs=1 l=0). rx client.12147066 seq 12623 0x7f4a652ad180 client_session(request_renewcaps seq 55632) v1 -1239>
2020-06-01 13:48:55.512135 7f4a4fead700 1 -- 100.97.140.48:6821/2734156667 <== client.12147066 10.220.189.37:0/1313480165 12623 ==== client_session(request_renewcaps seq 55632) v1 ==== 28+0+0 (3013352460 0 0) 0x7f4a652ad180 con 0x7f4a6166f800 -1238>
2020-06-01 13:48:55.512146 7f4a4fead700 3 mds.4.server handle_client_session client_session(request_renewcaps seq 55632) v1 from client.12147066 -1237>
2020-06-01 13:48:55.512151 7f4a4fead700 1 -- 100.97.140.48:6821/2734156667 --> 10.220.189.37:0/1313480165 -- client_session(renewcaps seq 55632) v2 -- 0x7f4a672a8480 con 0 -1236>
2020-06-01 13:48:55.637384 7f4a52627700 5 -- 100.97.140.48:6821/2734156667 >> 10.220.87.173:0/1976465387 conn(0x7f4a60e98000 :6821 s=STATE_OPEN_MESSAGE_READ_FOOTER_AND_DISPATCH pgs=70 cs=1 l=0). rx client.3891240 seq 12623 0x7f4a672a8b40 client_session(request_renewcaps seq 1014672) v1 -1235>
2020-06-01 13:48:55.637422 7f4a4fead700 1 -- 100.97.140.48:6821/2734156667 <== client.3891240 10.220.87.173:0/1976465387 12623 ==== client_session(request_renewcaps seq 1014672) v1 ==== 28+0+0 (2720722469 0 0) 0x7f4a672a8b40 con 0x7f4a60e98000 -1234>
2020-06-01 13:48:55.637444 7f4a4fead700 3 mds.4.server handle_client_session client_session(request_renewcaps seq 1014672) v1 from client.3891240 -1233>
2020-06-01 13:48:55.637451 7f4a4fead700 1 -- 100.97.140.48:6821/2734156667 --> 10.220.87.173:0/1976465387 -- client_session(renewcaps seq 1014672) v2 -- 0x7f4a652ad180 con 0 -1232>
2020-06-01 13:48:55.641955 7f4a51e26700 5 -- 100.97.140.48:6821/2734156667 >> 10.220.189.21:0/9082651 conn(0x7f4a61413800 :6821 s=STATE_OPEN_MESSAGE_READ_FOOTER_AND_DISPATCH pgs=356358 cs=1 l=0). rx client.11658819 seq 12625 0x7f4a672a8240 client_session(request_renewcaps seq 111820) v1 -1231>
2020-06-01 13:48:55.641982 7f4a4fead700 1 -- 100.97.140.48:6821/2734156667 <== client.11658819 10.220.189.21:0/9082651 12625 ==== client_session(request_renewcaps seq 111820) v1 ==== 28+0+0 (3953521081 0 0) 0x7f4a672a8240 con 0x7f4a61413800 -1230>
2020-06-01 13:48:55.641998 7f4a4fead700 3 mds.4.server handle_client_session client_session(request_renewcaps seq 111820) v1 from client.11658819 -1229>
2020-06-01 13:48:55.642003 7f4a4fead700 1 -- 100.97.140.48:6821/2734156667 --> 10.220.189.21:0/9082651 -- client_session(renewcaps seq 111820) v2 -- 0x7f4a672a8b40 con 0 -1228>
2020-06-01 13:48:55.724771 7f4a51e26700 5 -- 100.97.140.48:6821/2734156667 >> 10.220.189.16:0/2732063253 conn(0x7f4a616c3800 :6821 s=STATE_OPEN_MESSAGE_READ_FOOTER_AND_DISPATCH pgs=13980 cs=1 l=0). rx client.12484082 seq 12624 0x7f4a672a8b40 client_session(request_renewcaps seq 17768) v1 -1227>
2020-06-01 13:48:55.724799 7f4a4fead700 1 -- 100.97.140.48:6821/2734156667 <== client.12484082 10.220.189.16:0/2732063253 12624 ==== client_session(request_renewcaps seq 17768) v1 ==== 28+0+0 (3759589370 0 0) 0x7f4a672a8b40 con 0x7f4a616c3800 -1226>
2020-06-01 13:48:55.724817 7f4a4fead700 3 mds.4.server handle_client_session client_session(request_renewcaps seq 17768) v1 from client.12484082 -1225>
2020-06-01 13:48:55.724822 7f4a4fead700 1 -- 100.97.140.48:6821/2734156667 --> 10.220.189.16:0/2732063253 -- client_session(renewcaps seq 17768) v2 -- 0x7f4a672a8240 con 0 -1224>
2020-06-01 13:48:55.866223 7f4a51e26700 5 -- 100.97.140.48:6821/2734156667 >> 100.97.140.32:6820/1879232263 conn(0x7f4a60cec800 :6821 s=STATE_OPEN_MESSAGE_READ_FOOTER_AND_DISPATCH pgs=3423089 cs=1 l=0). rx mds.0 seq 321074 0x7f4a629a4580 gather_caps(0x10002a2cf74) v1 -1223>
2020-06-01 13:48:55.866252 7f4a4fead700 1 -- 100.97.140.48:6821/2734156667 <== mds.0 100.97.140.32:6820/1879232263 321074 ==== gather_caps(0x10002a2cf74) v1 ==== 8+0+0 (4184419736 0 0) 0x7f4a629a4580 con 0x7f4a60cec800 -1222>
2020-06-01 13:48:55.905989 7f4a52627700 5 -- 100.97.140.48:6821/2734156667 >> 10.220.189.44:0/1289426604 conn(0x7f4a60b05000 :6821 s=STATE_OPEN_MESSAGE_READ_FOOTER_AND_DISPATCH pgs=4839 cs=1 l=0). rx client.10613067 seq 12624 0x7f4a652ad180 client_session(request_renewcaps seq 229226) v1 -1221>
2020-06-01 13:48:55.906016 7f4a4fead700 1 -- 100.97.140.48:6821/2734156667 <== client.10613067 10.220.189.44:0/1289426604 12624 ==== client_session(request_renewcaps seq 229226) v1 ==== 28+0+0 (4086904977 0 0) 0x7f4a652ad180 con 0x7f4a60b05000 -1220>
2020-06-01 13:48:55.906035 7f4a4fead700 3 mds.4.server handle_client_session client_session(request_renewcaps seq 229226) v1 from client.10613067 -1219>
2020-06-01 13:48:55.906041 7f4a4fead700 1 -- 100.97.140.48:6821/2734156667 --> 10.220.189.44:0/1289426604 -- client_session(renewcaps seq 229226) v2 -- 0x7f4a672a8b40 con 0 -1218>
2020-06-01 13:48:55.906854 7f4a52e28700 5 -- 100.97.140.48:6821/2734156667 >> 10.220.189.33:0/1588989574 conn(0x7f4a64910800 :6821 s=STATE_OPEN_MESSAGE_READ_FOOTER_AND_DISPATCH pgs=9 cs=1 l=0). rx client.12652294 seq 66 0x7f4a672a8480 client_session(request_renewcaps seq 65) v1 -1217>
2020-06-01 13:48:55.906879 7f4a4fead700 1 -- 100.97.140.48:6821/2734156667 <== client.12652294 10.220.189.33:0/1588989574 66 ==== client_session(request_renewcaps seq 65) v1 ==== 28+0+0 (615907250 0 0) 0x7f4a672a8480 con 0x7f4a64910800 -1216>
2020-06-01 13:48:55.906889 7f4a4fead700 3 mds.4.server handle_client_session client_session(request_renewcaps seq 65) v1 from client.12652294 -1215>
2020-06-01 13:48:55.906893 7f4a4fead700 1 -- 100.97.140.48:6821/2734156667 --> 10.220.189.33:0/1588989574 -- client_session(renewcaps seq 65) v2 -- 0x7f4a652ad180 con 0 -1214>
2020-06-01 13:48:55.972047 7f4a52e28700 5 -- 100.97.140.48:6821/2734156667 >> 10.220.189.36:0/2829820449 conn(0x7f4a61672800 :6821 s=STATE_OPEN_MESSAGE_READ_FOOTER_AND_DISPATCH pgs=3496 cs=1 l=0). rx client.12454761 seq 12625 0x7f4a652ad180 client_session(request_renewcaps seq 21015) v1 -1213>
2020-06-01 13:48:55.972081 7f4a4fead700 1 -- 100.97.140.48:6821/2734156667 <== client.12454761 10.220.189.36:0/2829820449 12625 ==== client_session(request_renewcaps seq 21015) v1 ==== 28+0+0 (2548484986 0 0) 0x7f4a652ad180 con 0x7f4a61672800 -1212>
2020-06-01 13:48:55.972102 7f4a4fead700 3 mds.4.server handle_client_session client_session(request_renewcaps seq 21015) v1 from client.12454761 -1211>
2020-06-01 13:48:55.972109 7f4a4fead700 1 -- 100.97.140.48:6821/2734156667 --> 10.220.189.36:0/2829820449 -- client_session(renewcaps seq 21015) v2 -- 0x7f4a672a8480 con 0 -1210>
2020-06-01 13:48:56.022004 7f4a52627700 5 -- 100.97.140.48:6821/2734156667 >> 10.220.189.53:0/519524080 conn(0x7f4a615ba000 :6821 s=STATE_OPEN_MESSAGE_READ_FOOTER_AND_DISPATCH pgs=222742 cs=1 l=0). rx client.11993772 seq 12624 0x7f4a672a8b40 client_session(request_renewcaps seq 73064) v1 -1209>
2020-06-01 13:48:56.022037 7f4a4fead700 1 -- 100.97.140.48:6821/2734156667 <== client.11993772 10.220.189.53:0/519524080 12624 ==== client_session(request_renewcaps seq 73064) v1 ==== 28+0+0 (1326910311 0 0) 0x7f4a672a8b40 con 0x7f4a615ba000 -1208>
2020-06-01 13:48:56.022059 7f4a4fead700 3 mds.4.server handle_client_session client_session(request_renewcaps seq 73064) v1 from client.11993772 -1207>
2020-06-01 13:48:56.022066 7f4a4fead700 1 -- 100.97.140.48:6821/2734156667 --> 10.220.189.53:0/519524080 -- client_session(renewcaps seq 73064) v2 -- 0x7f4a652ad180 con 0 -1206>
2020-06-01 13:48:56.034899 7f4a52e28700 5 -- 100.97.140.48:6821/2734156667 >> 10.220.189.3:0/12355986 conn(0x7f4a60c8e800 :6821 s=STATE_OPEN_MESSAGE_READ_FOOTER_AND_DISPATCH pgs=1796843 cs=1 l=0). rx client.8022104 seq 12624 0x7f4a672a8480 client_session(request_renewcaps seq 509528) v1 -1205>
2020-06-01 13:48:56.034930 7f4a4fead700 1 -- 100.97.140.48:6821/2734156667 <== client.8022104 10.220.189.3:0/12355986 12624 ==== client_session(request_renewcaps seq 509528) v1 ==== 28+0+0 (1258071401 0 0) 0x7f4a672a8480 con 0x7f4a60c8e800 -1204>
2020-06-01 13:48:56.034949 7f4a4fead700 3 mds.4.server handle_client_session client_session(request_renewcaps seq 509528) v1 from client.8022104 -1203>
2020-06-01 13:48:56.034957 7f4a4fead700 1 -- 100.97.140.48:6821/2734156667 --> 10.220.189.3:0/12355986 -- client_session(renewcaps seq 509528) v2 -- 0x7f4a672a8b40 con 0 -1202>
2020-06-01 13:48:56.122294 7f4a51e26700 5 -- 100.97.140.48:6821/2734156667 >> 10.220.189.44:0/2047143258 conn(0x7f4a60ceb000 :6821 s=STATE_OPEN_MESSAGE_READ_FOOTER_AND_DISPATCH pgs=120715 cs=1 l=0). rx client.10775890 seq 12624 0x7f4a672a8240 client_session(request_renewcaps seq 211601) v1 -1201>
2020-06-01 13:48:56.122335 7f4a4fead700 1 -- 100.97.140.48:6821/2734156667 <== client.10775890 10.220.189.44:0/2047143258 12624 ==== client_session(request_renewcaps seq 211601) v1 ==== 28+0+0 (3833590621 0 0) 0x7f4a672a8240 con 0x7f4a60ceb000 -1200>
2020-06-01 13:48:56.122359 7f4a4fead700 3 mds.4.server handle_client_session client_session(request_renewcaps seq 211601) v1 from client.10775890 -1199>
2020-06-01 13:48:56.122368 7f4a4fead700 1 -- 100.97.140.48:6821/2734156667 --> 10.220.189.44:0/2047143258 -- client_session(renewcaps seq 211601) v2 -- 0x7f4a672a8480 con 0 -1198>
2020-06-01 13:48:56.258293 7f4a52627700 5 -- 100.97.140.48:6821/2734156667 >> 10.220.189.27:0/1959308610 conn(0x7f4a61416800 :6821 s=STATE_OPEN_MESSAGE_READ_FOOTER_AND_DISPATCH pgs=30 cs=1 l=0). rx client.11962761 seq 12624 0x7f4a652ad180 client_session(request_renewcaps seq 76459) v1 -1197>
2020-06-01 13:48:56.258341 7f4a4fead700 1 -- 100.97.140.48:6821/2734156667 <== client.11962761 10.220.189.27:0/1959308610 12624 ==== client_session(request_renewcaps seq 76459) v1 ==== 28+0+0 (581918134 0 0) 0x7f4a652ad180 con 0x7f4a61416800 -1196>
2020-06-01 13:48:56.258366 7f4a4fead700 3 mds.4.server handle_client_session client_session(request_renewcaps seq 76459) v1 from client.11962761 -1195>
2020-06-01 13:48:56.258375 7f4a4fead700 1 -- 100.97.140.48:6821/2734156667 --> 10.220.189.27:0/1959308610 -- client_session(renewcaps seq 76459) v2 -- 0x7f4a672a8240 con 0 -1194>
2020-06-01 13:48:56.259400 7f4a51e26700 5 -- 100.97.140.48:6821/2734156667 >> 100.97.140.32:6820/1879232263 conn(0x7f4a60cec800 :6821 s=STATE_OPEN_MESSAGE_READ_FOOTER_AND_DISPATCH pgs=3423089 cs=1 l=0). rx mds.0 seq 321075 0x7f4a6249af80 HB magic: 0 v1 -1193>
2020-06-01 13:48:56.259425 7f4a4fead700 1 -- 100.97.140.48:6821/2734156667 <== mds.0 100.97.140.32:6820/1879232263 321075 ==== HB magic: 0 v1 ==== 358+0+0 (3291191920 0 0) 0x7f4a6249af80 con 0x7f4a60cec800 -1192>
2020-06-01 13:48:56.259514 7f4a4fead700 5 mds.4.bal mds.4 epoch 2811842 load mdsload<[0,0 0]/[0,0 0], req 0, hr 0, qlen 0, cpu 0.6> -1191>
2020-06-01 13:48:56.259537 7f4a4fead700 1 -- 100.97.140.48:6821/2734156667 _send_message--> mds.0 100.97.140.32:6820/1879232263 -- HB magic: 0 v1 -- ?+0 0x7f4a624e5900 -1190>
2020-06-01 13:48:56.259547 7f4a4fead700 1 -- 100.97.140.48:6821/2734156667 --> 100.97.140.32:6820/1879232263 -- HB magic: 0 v1 -- 0x7f4a624e5900 con 0 -1189>
2020-06-01 13:48:56.259560 7f4a4fead700 1 -- 100.97.140.48:6821/2734156667 _send_message--> mds.1 100.97.140.52:6820/390676609 -- HB magic: 0 v1 -- ?+0 0x7f4a6255e800 -1188>
2020-06-01 13:48:56.259568 7f4a4fead700 1 -- 100.97.140.48:6821/2734156667 --> 100.97.140.52:6820/390676609 -- HB magic: 0 v1 -- 0x7f4a6255e800 con 0 -1187>
2020-06-01 13:48:56.259579 7f4a4fead700 1 -- 100.97.140.48:6821/2734156667 _send_message--> mds.2 100.97.140.61:6820/557565904 -- HB magic: 0 v1 -- ?+0 0x7f4a62452080 -1186>
2020-06-01 13:48:56.259586 7f4a4fead700 1 -- 100.97.140.48:6821/2734156667 --> 100.97.140.61:6820/557565904 -- HB magic: 0 v1 -- 0x7f4a62452080 con 0 -1185>
2020-06-01 13:48:56.259597 7f4a4fead700 1 -- 100.97.140.48:6821/2734156667 _send_message--> mds.3 100.97.140.31:6820/2617382067 -- HB magic: 0 v1 -- ?+0 0x7f4a611a1c00 -1184>
2020-06-01 13:48:56.259604 7f4a4fead700 1 -- 100.97.140.48:6821/2734156667 --> 100.97.140.31:6820/2617382067 -- HB magic: 0 v1 -- 0x7f4a611a1c00 con 0 -1183>
2020-06-01 13:48:56.259615 7f4a4fead700 1 -- 100.97.140.48:6821/2734156667 _send_message--> mds.5 100.97.140.57:6820/168678367 -- HB magic: 0 v1 -- ?+0 0x7f4a624e6300 -1182>
2020-06-01 13:48:56.259622 7f4a4fead700 1 -- 100.97.140.48:6821/2734156667 --> 100.97.140.57:6820/168678367 -- HB magic: 0 v1 -- 0x7f4a624e6300 con 0 -1181>
2020-06-01 13:48:56.259621 7f4a52627700 5 -- 100.97.140.48:6821/2734156667 >> 100.97.140.52:6820/390676609 conn(0x7f4a60b06800 :-1 s=STATE_OPEN_MESSAGE_READ_FOOTER_AND_DISPATCH pgs=1387905 cs=1 l=0). rx mds.1 seq 25251 0x7f4a6252b700 HB magic: 0 v1 -1180>
2020-06-01 13:48:56.259631 7f4a4fead700 1 -- 100.97.140.48:6821/2734156667 _send_message--> mds.6 100.97.140.56:6820/1897498247 -- HB magic: 0 v1 -- ?+0 0x7f4a6252a300 -1179>
2020-06-01 13:48:56.259622 7f4a52e28700 5 -- 100.97.140.48:6821/2734156667 >> 100.97.140.31:6820/2617382067 conn(0x7f4a60ad3000 :-1 s=STATE_OPEN_MESSAGE_READ_FOOTER_AND_DISPATCH pgs=1752386 cs=1 l=0). rx mds.3 seq 25246 0x7f4a62454c80 HB magic: 0 v1 -1178>
2020-06-01 13:48:56.259654 7f4a4fead700 1 -- 100.97.140.48:6821/2734156667 --> 100.97.140.56:6820/1897498247 -- HB magic: 0 v1 -- 0x7f4a6252a300 con 0 -1177>
2020-06-01 13:48:56.259662 7f4a4fead700 1 -- 100.97.140.48:6821/2734156667 _send_message--> mds.7 100.97.140.50:6820/2234244794 -- HB magic: 0 v1 -- ?+0 0x7f4a62f49180 -1176>
2020-06-01 13:48:56.259669 7f4a4fead700 1 -- 100.97.140.48:6821/2734156667 --> 100.97.140.50:6820/2234244794 -- HB magic: 0 v1 -- 0x7f4a62f49180 con 0 -1175>
2020-06-01 13:48:56.259680 7f4a51e26700 5 -- 100.97.140.48:6821/2734156667 >> 100.97.140.56:6820/1897498247 conn(0x7f4a60bef800 :-1 s=STATE_OPEN_MESSAGE_READ_FOOTER_AND_DISPATCH pgs=208465 cs=1 l=0). rx mds.6 seq 25246 0x7f4a62457200 HB magic: 0 v1 -1174>
2020-06-01 13:48:56.259685 7f4a4fead700 1 -- 100.97.140.48:6821/2734156667 <== mds.1 100.97.140.52:6820/390676609 25251 ==== HB magic: 0 v1 ==== 366+0+0 (1968425835 0 0) 0x7f4a6252b700 con 0x7f4a60b06800 -1173>
2020-06-01 13:48:56.259705 7f4a4fead700 1 -- 100.97.140.48:6821/2734156667 <== mds.3 100.97.140.31:6820/2617382067 25246 ==== HB magic: 0 v1 ==== 366+0+0 (1809736841 0 0) 0x7f4a62454c80 con 0x7f4a60ad3000 -1172>
2020-06-01 13:48:56.259717 7f4a4fead700 1 -- 100.97.140.48:6821/2734156667 <== mds.6 100.97.140.56:6820/1897498247 25246 ==== HB magic: 0 v1 ==== 358+0+0 (3592712934 0 0) 0x7f4a62457200 con 0x7f4a60bef800 -1171>
2020-06-01 13:48:56.259775 7f4a51e26700 5 -- 100.97.140.48:6821/2734156667 >> 100.97.140.61:6820/557565904 conn(0x7f4a60ad1800 :-1 s=STATE_OPEN_MESSAGE_READ_FOOTER_AND_DISPATCH pgs=1620 cs=1 l=0). rx mds.2 seq 25245 0x7f4a611a0580 HB magic: 0 v1 -1170>
2020-06-01 13:48:56.259795 7f4a4fead700 1 -- 100.97.140.48:6821/2734156667 <== mds.2 100.97.140.61:6820/557565904 25245 ==== HB magic: 0 v1 ==== 366+0+0 (2005432906 0 0) 0x7f4a611a0580 con 0x7f4a60ad1800 -1169>
2020-06-01 13:48:56.259855 7f4a52627700 5 -- 100.97.140.48:6821/2734156667 >> 100.97.140.57:6820/168678367 conn(0x7f4a60ad4800 :-1 s=STATE_OPEN_MESSAGE_READ_FOOTER_AND_DISPATCH pgs=4866 cs=1 l=0). rx mds.5 seq 25246 0x7f4a624d2800 HB magic: 0 v1 -1168>
2020-06-01 13:48:56.259892 7f4a4fead700 1 -- 100.97.140.48:6821/2734156667 <== mds.5 100.97.140.57:6820/168678367 25246 ==== HB magic: 0 v1 ==== 366+0+0 (3618484808 0 0) 0x7f4a624d2800 con 0x7f4a60ad4800 -1167>
2020-06-01 13:48:56.259948 7f4a52e28700 5 -- 100.97.140.48:6821/2734156667 >> 100.97.140.50:6820/2234244794 conn(0x7f4a60bee000 :-1 s=STATE_OPEN_MESSAGE_READ_FOOTER_AND_DISPATCH pgs=300173 cs=1 l=0). rx mds.7 seq 25246 0x7f4a611a1c00 HB magic: 0 v1 -1166>
2020-06-01 13:48:56.259971 7f4a4fead700 1 -- 100.97.140.48:6821/2734156667 <== mds.7 100.97.140.50:6820/2234244794 25246 ==== HB magic: 0 v1 ==== 358+0+0 (2529233153 0 0) 0x7f4a611a1c00 con 0x7f4a60bee000 -1165>
2020-06-01 13:48:56.259984 7f4a4fead700 5 mds.4.bal prep_rebalance: cluster loads are -1164>
2020-06-01 13:48:56.259994 7f4a4fead700 5 mds.4.bal prep_rebalance: my load 0 target 3.20764e+08 total 2.56611e+09 -1163>
2020-06-01 13:48:56.260004 7f4a4fead700 5 mds.4.bal i am underloaded or barely overloaded, doing nothing. -1162>
2020-06-01 13:48:56.308128 7f4a51e26700 5 -- 100.97.140.48:6821/2734156667 >> 10.220.189.33:0/680730710 conn(0x7f4a6534d800 :6821 s=STATE_OPEN_MESSAGE_READ_FOOTER_AND_DISPATCH pgs=9 cs=1 l=0). rx client.12650245 seq 66 0x7f4a672a8480 client_session(request_renewcaps seq 65) v1 -1161>
2020-06-01 13:48:56.308156 7f4a4fead700 1 -- 100.97.140.48:6821/2734156667 <== client.12650245 10.220.189.33:0/680730710 66 ==== client_session(request_renewcaps seq 65) v1 ==== 28+0+0 (615907250 0 0) 0x7f4a672a8480 con 0x7f4a6534d800 -1160>
2020-06-01 13:48:56.308174 7f4a4fead700 3 mds.4.server handle_client_session client_session(request_renewcaps seq 65) v1 from client.12650245 -1159>
2020-06-01 13:48:56.308180 7f4a4fead700 1 -- 100.97.140.48:6821/2734156667 --> 10.220.189.33:0/680730710 -- client_session(renewcaps seq 65) v2 -- 0x7f4a652ad180 con 0 -1158>
2020-06-01 13:48:56.532582 7f4a506ae700 5 asok(0x7f4a608301c0) AdminSocket: request 'get_command_descriptions' '' to 0x7f4a607fc210 returned 4711 bytes -1157>
2020-06-01 13:48:56.556946 7f4a506ae700 1 do_command 'perf dump' ' -1156>
2020-06-01 13:48:56.557147 7f4a506ae700 1 do_command 'perf dump' 'result is 9143 bytes -1155>
2020-06-01 13:48:56.557152 7f4a506ae700 5 asok(0x7f4a608301c0) AdminSocket: request 'perf dump' '' to 0x7f4a607fc040 returned 9143 bytes -1154>
2020-06-01 13:48:56.561858 7f4a51e26700 5 -- 100.97.140.48:6821/2734156667 >> 10.220.87.187:0/749863392 conn(0x7f4a60cd9000 :6821 s=STATE_OPEN_MESSAGE_READ_FOOTER_AND_DISPATCH pgs=71 cs=1 l=0). rx client.3890804 seq 12623 0x7f4a652ad180 client_session(request_renewcaps seq 1014673) v1 -1153>
2020-06-01 13:48:56.561894 7f4a4fead700 1 -- 100.97.140.48:6821/2734156667 <== client.3890804 10.220.87.187:0/749863392 12623 ==== client_session(request_renewcaps seq 1014673) v1 ==== 28+0+0 (409283755 0 0) 0x7f4a652ad180 con 0x7f4a60cd9000 -1152>
2020-06-01 13:48:56.561921 7f4a4fead700 3 mds.4.server handle_client_session client_session(request_renewcaps seq 1014673) v1 from client.3890804 -1151>
2020-06-01 13:48:56.561929 7f4a4fead700 1 -- 100.97.140.48:6821/2734156667 --> 10.220.87.187:0/749863392 -- client_session(renewcaps seq 1014673) v2 -- 0x7f4a672a8480 con 0 -1150>
2020-06-01 13:48:56.983032 7f4a51e26700 5 -- 100.97.140.48:6821/2734156667 >> 100.97.140.32:6820/1879232263 conn(0x7f4a60cec800 :6821 s=STATE_OPEN_MESSAGE_READ_FOOTER_AND_DISPATCH pgs=3423089 cs=1 l=0). rx mds.0 seq 321076 0x7f4a629bd660 gather_caps(0x10002a2cf74) v1 -1149>
2020-06-01 13:48:56.983078 7f4a4fead700 1 -- 100.97.140.48:6821/2734156667 <== mds.0 100.97.140.32:6820/1879232263 321076 ==== gather_caps(0x10002a2cf74) v1 ==== 8+0+0 (4184419736 0 0) 0x7f4a629bd660 con 0x7f4a60cec800 -1148>
2020-06-01 13:48:57.083845 7f4a52627700 5 -- 100.97.140.48:6821/2734156667 >> 10.220.189.41:0/2212963091 conn(0x7f4a60dac800 :6821 s=STATE_OPEN_MESSAGE_READ_FOOTER_AND_DISPATCH pgs=84894 cs=1 l=0). rx client.12234932 seq 12624 0x7f4a672a8240 client_session(request_renewcaps seq 45795) v1 -1147>
2020-06-01 13:48:57.083881 7f4a4fead700 1 -- 100.97.140.48:6821/2734156667 <== client.12234932 10.220.189.41:0/2212963091 12624 ==== client_session(request_renewcaps seq 45795) v1 ==== 28+0+0 (1777752215 0 0) 0x7f4a672a8240 con 0x7f4a60dac800 -1146>
2020-06-01 13:48:57.083907 7f4a4fead700 3 mds.4.server handle_client_session client_session(request_renewcaps seq 45795) v1 from client.12234932 -1145>
2020-06-01 13:48:57.083916 7f4a4fead700 1 -- 100.97.140.48:6821/2734156667 --> 10.220.189.41:0/2212963091 -- client_session(renewcaps seq 45795) v2 -- 0x7f4a652ad180 con 0 -1144>
2020-06-01 13:48:57.295544 7f4a52e28700 5 -- 100.97.140.48:6821/2734156667 >> 10.220.189.41:0/3458674878 conn(0x7f4a60bce800 :6821 s=STATE_OPEN_MESSAGE_READ_FOOTER_AND_DISPATCH pgs=9 cs=1 l=0). rx client.12541649 seq 12580 0x7f4a672a8b40 client_session(request_renewcaps seq 12579) v1 -1143>
2020-06-01 13:48:57.295592 7f4a4fead700 1 -- 100.97.140.48:6821/2734156667 <== client.12541649 10.220.189.41:0/3458674878 12580 ==== client_session(request_renewcaps seq 12579) v1 ==== 28+0+0 (4262837143 0 0) 0x7f4a672a8b40 con 0x7f4a60bce800 -1142>
2020-06-01 13:48:57.295617 7f4a4fead700 3 mds.4.server handle_client_session client_session(request_renewcaps seq 12579) v1 from client.12541649 -1141>
2020-06-01 13:48:57.295626 7f4a4fead700 1 -- 100.97.140.48:6821/2734156667 --> 10.220.189.41:0/3458674878 -- client_session(renewcaps seq 12579) v2 -- 0x7f4a672a8240 con 0 -1140>
2020-06-01 13:48:57.515181 7f4a52627700 5 -- 100.97.140.48:6821/2734156667 >> 10.220.189.33:0/880360577 conn(0x7f4a616e7000 :6821 s=STATE_OPEN_MESSAGE_READ_FOOTER_AND_DISPATCH pgs=9 cs=1 l=0). rx client.12650250 seq 66 0x7f4a652ad180 client_session(request_renewcaps seq 65) v1 -1139>
2020-06-01 13:48:57.515227 7f4a4fead700 1 -- 100.97.140.48:6821/2734156667 <== client.12650250 10.220.189.33:0/880360577 66 ==== client_session(request_renewcaps seq 65) v1 ==== 28+0+0 (615907250 0 0) 0x7f4a652ad180 con 0x7f4a616e7000 -1138>
2020-06-01 13:48:57.515252 7f4a4fead700 3 mds.4.server handle_client_session client_session(request_renewcaps seq 65) v1 from client.12650250 -1137>
2020-06-01 13:48:57.515261 7f4a4fead700 1 -- 100.97.140.48:6821/2734156667 --> 10.220.189.33:0/880360577 -- client_session(renewcaps seq 65) v2 -- 0x7f4a672a8b40 con 0 -1136>
2020-06-01 13:48:57.532352 7f4a52e28700 5 -- 100.97.140.48:6821/2734156667 >> 10.220.189.52:0/1535170925 conn(0x7f4a60dab000 :6821 s=STATE_OPEN_MESSAGE_READ_FOOTER_AND_DISPATCH pgs=223879 cs=1 l=0). rx client.11991456 seq 12624 0x7f4a672a8240 client_session(request_renewcaps seq 73200) v1 -1135>
2020-06-01 13:48:57.532383 7f4a4fead700 1 -- 100.97.140.48:6821/2734156667 <== client.11991456 10.220.189.52:0/1535170925 12624 ==== client_session(request_renewcaps seq 73200) v1 ==== 28+0+0 (813059653 0 0) 0x7f4a672a8240 con 0x7f4a60dab000 -1134>
2020-06-01 13:48:57.532402 7f4a4fead700 3 mds.4.server handle_client_session client_session(request_renewcaps seq 73200) v1 from client.11991456 -1133>
2020-06-01 13:48:57.532408 7f4a4fead700 1 -- 100.97.140.48:6821/2734156667 --> 10.220.189.52:0/1535170925 -- client_session(renewcaps seq 73200) v2 -- 0x7f4a652ad180 con 0 -1132>
2020-06-01 13:48:57.580785 7f4a52627700 5 -- 100.97.140.48:6821/2734156667 >> 10.220.189.56:0/1810888978 conn(0x7f4a616d5000 :6821 s=STATE_OPEN_MESSAGE_READ_FOOTER_AND_DISPATCH pgs=44439 cs=1 l=0). rx client.12423189 seq 12624 0x7f4a672a8b40 client_session(request_renewcaps seq 25736) v1 -1131>
2020-06-01 13:48:57.580830 7f4a4fead700 1 -- 100.97.140.48:6821/2734156667 <== client.12423189 10.220.189.56:0/1810888978 12624 ==== client_session(request_renewcaps seq 25736) v1 ==== 28+0+0 (899074937 0 0) 0x7f4a672a8b40 con 0x7f4a616d5000 -1130>
2020-06-01 13:48:57.580855 7f4a4fead700 3 mds.4.server handle_client_session client_session(request_renewcaps seq 25736) v1 from client.12423189 -1129>
2020-06-01 13:48:57.580863 7f4a4fead700 1 -- 100.97.140.48:6821/2734156667 --> 10.220.189.56:0/1810888978 -- client_session(renewcaps seq 25736) v2 -- 0x7f4a672a8240 con 0 -1128>
2020-06-01 13:48:57.671876 7f4a51e26700 5 -- 100.97.140.48:6821/2734156667 >> 10.220.189.30:0/2353390659 conn(0x7f4a60e34000 :6821 s=STATE_OPEN_MESSAGE_READ_FOOTER_AND_DISPATCH pgs=28 cs=1 l=0). rx client.12451909 seq 12624 0x7f4a672a8480 client_session(request_renewcaps seq 22557) v1 -1127>
2020-06-01 13:48:57.671914 7f4a4fead700 1 -- 100.97.140.48:6821/2734156667 <== client.12451909 10.220.189.30:0/2353390659 12624 ==== client_session(request_renewcaps seq 22557) v1 ==== 28+0+0 (1840937841 0 0) 0x7f4a672a8480 con 0x7f4a60e34000 -1126>
2020-06-01 13:48:57.671937 7f4a4fead700 3 mds.4.server handle_client_session client_session(request_renewcaps seq 22557) v1 from client.12451909 -1125>
2020-06-01 13:48:57.671946 7f4a4fead700 1 -- 100.97.140.48:6821/2734156667 --> 10.220.189.30:0/2353390659 -- client_session(renewcaps seq 22557) v2 -- 0x7f4a672a8b40 con 0 -1124>
2020-06-01 13:48:57.735268 7f4a52627700 5 -- 100.97.140.48:6821/2734156667 >> 10.240.14.161:0/1635338698 conn(0x7f4a615df000 :6821 s=STATE_OPEN_MESSAGE_READ_FOOTER_AND_DISPATCH pgs=1940588 cs=1 l=0). rx client.4629808 seq 12623 0x7f4a672a8240 client_session(request_renewcaps seq 860253) v1 -1123>
2020-06-01 13:48:57.735296 7f4a4fead700 1 -- 100.97.140.48:6821/2734156667 <== client.4629808 10.240.14.161:0/1635338698 12623 ==== client_session(request_renewcaps seq 860253) v1 ==== 28+0+0 (3363281199 0 0) 0x7f4a672a8240 con 0x7f4a615df000 -1122>
2020-06-01 13:48:57.735315 7f4a4fead700 3 mds.4.server handle_client_session client_session(request_renewcaps seq 860253) v1 from client.4629808 -1121>
2020-06-01 13:48:57.735321 7f4a4fead700 1 -- 100.97.140.48:6821/2734156667 --> 10.240.14.161:0/1635338698 -- client_session(renewcaps seq 860253) v2 -- 0x7f4a672a8480 con 0 -1120>
2020-06-01 13:48:57.907270 7f4a52e28700 5 -- 100.97.140.48:6821/2734156667 >> 10.220.189.33:0/3366529666 conn(0x7f4a61a88800 :6821 s=STATE_OPEN_MESSAGE_READ_FOOTER_AND_DISPATCH pgs=9 cs=1 l=0). rx client.12641308 seq 66 0x7f4a652ad180 client_session(request_renewcaps seq 65) v1 -1119>
2020-06-01 13:48:57.907299 7f4a4fead700 1 -- 100.97.140.48:6821/2734156667 <== client.12641308 10.220.189.33:0/3366529666 66 ==== client_session(request_renewcaps seq 65) v1 ==== 28+0+0 (615907250 0 0) 0x7f4a652ad180 con 0x7f4a61a88800 -1118>
2020-06-01 13:48:57.907318 7f4a4fead700 3 mds.4.server handle_client_session client_session(request_renewcaps seq 65) v1 from client.12641308 -1117>
2020-06-01 13:48:57.907324 7f4a4fead700 1 -- 100.97.140.48:6821/2734156667 --> 10.220.189.33:0/3366529666 -- client_session(renewcaps seq 65) v2 -- 0x7f4a672a8240 con 0 -1116>
2020-06-01 13:48:58.229352 7f4a52627700 5 -- 100.97.140.48:6821/2734156667 >> 10.220.189.55:0/762977251 conn(0x7f4a618fa800 :6821 s=STATE_OPEN_MESSAGE_READ_FOOTER_AND_DISPATCH pgs=9 cs=1 l=0). rx client.12539555 seq 12508 0x7f4a672a8480 client_session(request_renewcaps seq 12507) v1 -1115>
2020-06-01 13:48:58.229392 7f4a4fead700 1 -- 100.97.140.48:6821/2734156667 <== client.12539555 10.220.189.55:0/762977251 12508 ==== client_session(request_renewcaps seq 12507) v1 ==== 28+0+0 (3882454148 0 0) 0x7f4a672a8480 con 0x7f4a618fa800 -1114>
2020-06-01 13:48:58.229415 7f4a4fead700 3 mds.4.server handle_client_session client_session(request_renewcaps seq 12507) v1 from client.12539555 -1113>
2020-06-01 13:48:58.229422 7f4a4fead700 1 -- 100.97.140.48:6821/2734156667 --> 10.220.189.55:0/762977251 -- client_session(renewcaps seq 12507) v2 -- 0x7f4a652ad180 con 0 -1112>
2020-06-01 13:48:58.279210 7f4a51e26700 5 -- 100.97.140.48:6821/2734156667 >> 100.97.140.32:6820/1879232263 conn(0x7f4a60cec800 :6821 s=STATE_OPEN_MESSAGE_READ_FOOTER_AND_DISPATCH pgs=3423089 cs=1 l=0). rx mds.0 seq 321077 0x7f4a629e01c0 gather_caps(0x10002a2cf74) v1 -1111>
2020-06-01 13:48:58.279238 7f4a4fead700 1 -- 100.97.140.48:6821/2734156667 <== mds.0 100.97.140.32:6820/1879232263 321077 ==== gather_caps(0x10002a2cf74) v1 ==== 8+0+0 (4184419736 0 0) 0x7f4a629e01c0 con 0x7f4a60cec800 -1110>
2020-06-01 13:48:58.307257 7f4a52e28700 5 -- 100.97.140.48:6821/2734156667 >> 10.220.189.42:0/2282882605 conn(0x7f4a60ae1000 :6821 s=STATE_OPEN_MESSAGE_READ_FOOTER_AND_DISPATCH pgs=14388 cs=1 l=0). rx client.12244555 seq 12624 0x7f4a672a8240 client_session(request_renewcaps seq 45795) v1 -1109>
2020-06-01 13:48:58.307284 7f4a4fead700 1 -- 100.97.140.48:6821/2734156667 <== client.12244555 10.220.189.42:0/2282882605 12624 ==== client_session(request_renewcaps seq 45795) v1 ==== 28+0+0 (1777752215 0 0) 0x7f4a672a8240 con 0x7f4a60ae1000 -1108>
2020-06-01 13:48:58.307301 7f4a4fead700 3 mds.4.server handle_client_session client_session(request_renewcaps seq 45795) v1 from client.12244555 -1107>
2020-06-01 13:48:58.307308 7f4a4fead700 1 -- 100.97.140.48:6821/2734156667 --> 10.220.189.42:0/2282882605 -- client_session(renewcaps seq 45795) v2 -- 0x7f4a672a8480 con 0 -1106>
2020-06-01 13:48:58.346801 7f4a4cea7700 10 monclient: _send_mon_message to mon.TX-97-140-59 at 100.97.140.59:6789/0 -1105>
2020-06-01 13:48:58.346814 7f4a4cea7700 1 -- 100.97.140.48:6821/2734156667 --> 100.97.140.59:6789/0 -- mdsbeacon(12541229/TX-97-140-48 up:active seq 63114 v415) v7 -- 0x7f4a673023c0 con 0 -1104>
2020-06-01 13:48:58.347819 7f4a52627700 5 -- 100.97.140.48:6821/2734156667 >> 100.97.140.59:6789/0 conn(0x7f4a60a43000 :-1 s=STATE_OPEN_MESSAGE_READ_FOOTER_AND_DISPATCH pgs=2504874 cs=1 l=1). rx mon.4 seq 63315 0x7f4a673023c0 mdsbeacon(12541229/TX-97-140-48 up:active seq 63114 v415) v7 -1103>
2020-06-01 13:48:58.347846 7f4a4fead700 1 -- 100.97.140.48:6821/2734156667 <== mon.4 100.97.140.59:6789/0 63315 ==== mdsbeacon(12541229/TX-97-140-48 up:active seq 63114 v415) v7 ==== 137+0+0 (2545937835 0 0) 0x7f4a673023c0 con 0x7f4a60a43000 -1102>
2020-06-01 13:48:58.398243 7f4a52e28700 5 -- 100.97.140.48:6821/2734156667 >> 10.220.189.23:0/3481415903 conn(0x7f4a61623000 :6821 s=STATE_OPEN_MESSAGE_READ_FOOTER_AND_DISPATCH pgs=28 cs=1 l=0). rx client.12280331 seq 12624 0x7f4a672a8480 client_session(request_renewcaps seq 40622) v1 -1101>
2020-06-01 13:48:58.398270 7f4a4fead700 1 -- 100.97.140.48:6821/2734156667 <== client.12280331 10.220.189.23:0/3481415903 12624 ==== client_session(request_renewcaps seq 40622) v1 ==== 28+0+0 (393548516 0 0) 0x7f4a672a8480 con 0x7f4a61623000 -1100>
2020-06-01 13:48:58.398288 7f4a4fead700 3 mds.4.server handle_client_session client_session(request_renewcaps seq 40622) v1 from client.12280331 -1099>
2020-06-01 13:48:58.398294 7f4a4fead700 1 -- 100.97.140.48:6821/2734156667 --> 10.220.189.23:0/3481415903 -- client_session(renewcaps seq 40622) v2 -- 0x7f4a672a8240 con 0 -1098>
2020-06-01 13:48:58.727490 7f4a51e26700 5 -- 100.97.140.48:6821/2734156667 >> 10.220.189.53:0/2611141928 conn(0x7f4a61697000 :6821 s=STATE_OPEN_MESSAGE_READ_FOOTER_AND_DISPATCH pgs=222747 cs=1 l=0). rx client.12005389 seq 12624 0x7f4a672a8b40 client_session(request_renewcaps seq 73097) v1 -1097>
2020-06-01 13:48:58.727546 7f4a4fead700 1 -- 100.97.140.48:6821/2734156667 <== client.12005389 10.220.189.53:0/2611141928 12624 ==== client_session(request_renewcaps seq 73097) v1 ==== 28+0+0 (3699356668 0 0) 0x7f4a672a8b40 con 0x7f4a61697000 -1096>
2020-06-01 13:48:58.727574 7f4a4fead700 3 mds.4.server handle_client_session client_session(request_renewcaps seq 73097) v1 from client.12005389 -1095>
2020-06-01 13:48:58.727582 7f4a4fead700 1 -- 100.97.140.48:6821/2734156667 --> 10.220.189.53:0/2611141928 -- client_session(renewcaps seq 73097) v2 -- 0x7f4a672a8480 con 0 -1094>
2020-06-01 13:48:58.822633 7f4a52627700 5 -- 100.97.140.48:6821/2734156667 >> 10.220.189.15:0/1574477193 conn(0x7f4a60d97800 :6821 s=STATE_OPEN_MESSAGE_READ_FOOTER_AND_DISPATCH pgs=405 cs=1 l=0). rx client.12386830 seq 12624 0x7f4a652ad180 client_session(request_renewcaps seq 29619) v1 -1093>
2020-06-01 13:48:58.822682 7f4a4fead700 1 -- 100.97.140.48:6821/2734156667 <== client.12386830 10.220.189.15:0/1574477193 12624 ==== client_session(request_renewcaps seq 29619) v1 ==== 28+0+0 (3187006509 0 0) 0x7f4a652ad180 con 0x7f4a60d97800 -1092>
2020-06-01 13:48:58.822707 7f4a4fead700 3 mds.4.server handle_client_session client_session(request_renewcaps seq 29619) v1 from client.12386830 -1091>
2020-06-01 13:48:58.822716 7f4a4fead700 1 -- 100.97.140.48:6821/2734156667 --> 10.220.189.15:0/1574477193 -- client_session(renewcaps seq 29619) v2 -- 0x7f4a672a8b40 con 0 -1090>
2020-06-01 13:48:58.879389 7f4a52e28700 5 -- 100.97.140.48:6821/2734156667 >> 10.220.189.47:0/1952431803 conn(0x7f4a60dd0000 :6821 s=STATE_OPEN_MESSAGE_READ_FOOTER_AND_DISPATCH pgs=222746 cs=1 l=0). rx client.11994288 seq 12624 0x7f4a672a8240 client_session(request_renewcaps seq 73097) v1 -1089>
2020-06-01 13:48:58.879419 7f4a4fead700 1 -- 100.97.140.48:6821/2734156667 <== client.11994288 10.220.189.47:0/1952431803 12624 ==== client_session(request_renewcaps seq 73097) v1 ==== 28+0+0 (3699356668 0 0) 0x7f4a672a8240 con 0x7f4a60dd0000 -1088>
2020-06-01 13:48:58.879439 7f4a4fead700 3 mds.4.server handle_client_session client_session(request_renewcaps seq 73097) v1 from client.11994288 -1087>
2020-06-01 13:48:58.879447 7f4a4fead700 1 -- 100.97.140.48:6821/2734156667 --> 10.220.189.47:0/1952431803 -- client_session(renewcaps seq 73097) v2 -- 0x7f4a652ad180 con 0 -1086>
2020-06-01 13:48:59.102689 7f4a52627700 5 -- 100.97.140.48:6821/2734156667 >> 10.220.87.189:0/3734841503 conn(0x7f4a60c17800 :6821 s=STATE_OPEN_MESSAGE_READ_FOOTER_AND_DISPATCH pgs=70 cs=1 l=0). rx client.3891260 seq 12624 0x7f4a672a8b40 client_session(request_renewcaps seq 1014671) v1 -1085>
2020-06-01 13:48:59.102737 7f4a4fead700 1 -- 100.97.140.48:6821/2734156667 <== client.3891260 10.220.87.189:0/3734841503 12624 ==== client_session(request_renewcaps seq 1014671) v1 ==== 28+0+0 (3464070562 0 0) 0x7f4a672a8b40 con 0x7f4a60c17800 -1084>
2020-06-01 13:48:59.102764 7f4a4fead700 3 mds.4.server handle_client_session client_session(request_renewcaps seq 1014671) v1 from client.3891260 -1083>
2020-06-01 13:48:59.102773 7f4a4fead700 1 -- 100.97.140.48:6821/2734156667 --> 10.220.87.189:0/3734841503 -- client_session(renewcaps seq 1014671) v2 -- 0x7f4a672a8240 con 0 -1082>
2020-06-01 13:48:59.281317 7f4a51e26700 5 -- 100.97.140.48:6821/2734156667 >> 100.97.140.32:6820/1879232263 conn(0x7f4a60cec800 :6821 s=STATE_OPEN_MESSAGE_READ_FOOTER_AND_DISPATCH pgs=3423089 cs=1 l=0). rx mds.0 seq 321078 0x7f4a629deb40 gather_caps(0x10002a2cf74) v1 -1081>
2020-06-01 13:48:59.281347 7f4a4fead700 1 -- 100.97.140.48:6821/2734156667 <== mds.0 100.97.140.32:6820/1879232263 321078 ==== gather_caps(0x10002a2cf74) v1 ==== 8+0+0 (4184419736 0 0) 0x7f4a629deb40 con 0x7f4a60cec800 -1080>
2020-06-01 13:48:59.290785 7f4a51e26700 5 -- 100.97.140.48:6821/2734156667 >> 10.220.189.16:0/1978851395 conn(0x7f4a61402800 :6821 s=STATE_OPEN_MESSAGE_READ_FOOTER_AND_DISPATCH pgs=6362 cs=1 l=0). rx client.10874486 seq 12624 0x7f4a672a8480 client_session(request_renewcaps seq 199706) v1 -1079>
2020-06-01 13:48:59.290810 7f4a4fead700 1 -- 100.97.140.48:6821/2734156667 <== client.10874486 10.220.189.16:0/1978851395 12624 ==== client_session(request_renewcaps seq 199706) v1 ==== 28+0+0 (558043391 0 0) 0x7f4a672a8480 con 0x7f4a61402800 -1078>
2020-06-01 13:48:59.290826 7f4a4fead700 3 mds.4.server handle_client_session client_session(request_renewcaps seq 199706) v1 from client.10874486 -1077>
2020-06-01 13:48:59.290833 7f4a4fead700 1 -- 100.97.140.48:6821/2734156667 --> 10.220.189.16:0/1978851395 -- client_session(renewcaps seq 199706) v2 -- 0x7f4a672a8b40 con 0 -1076>
2020-06-01 13:48:59.308274 7f4a51e26700 5 -- 100.97.140.48:6821/2734156667 >> 10.220.189.33:0/2045564522 conn(0x7f4a61a84000 :6821 s=STATE_OPEN_MESSAGE_READ_FOOTER_AND_DISPATCH pgs=9 cs=1 l=0). rx client.12652299 seq 66 0x7f4a672a8b40 client_session(request_renewcaps seq 65) v1 -1075>
2020-06-01 13:48:59.308323 7f4a4fead700 1 -- 100.97.140.48:6821/2734156667 <== client.12652299 10.220.189.33:0/2045564522 66 ==== client_session(request_renewcaps seq 65) v1 ==== 28+0+0 (615907250 0 0) 0x7f4a672a8b40 con 0x7f4a61a84000 -1074>
2020-06-01 13:48:59.308340 7f4a4fead700 3 mds.4.server handle_client_session client_session(request_renewcaps seq 65) v1 from client.12652299 -1073>
2020-06-01 13:48:59.308346 7f4a4fead700 1 -- 100.97.140.48:6821/2734156667 --> 10.220.189.33:0/2045564522 -- client_session(renewcaps seq 65) v2 -- 0x7f4a672a8480 con 0 -1072>
2020-06-01 13:48:59.335096 7f4a52627700 5 -- 100.97.140.48:6821/2734156667 >> 10.220.189.13:0/3156528024 conn(0x7f4a6160a000 :6821 s=STATE_OPEN_MESSAGE_READ_FOOTER_AND_DISPATCH pgs=170 cs=1 l=0). rx client.12496250 seq 12624 0x7f4a672a8240 client_session(request_renewcaps seq 17255) v1 -1071>
2020-06-01 13:48:59.335122 7f4a4fead700 1 -- 100.97.140.48:6821/2734156667 <== client.12496250 10.220.189.13:0/3156528024 12624 ==== client_session(request_renewcaps seq 17255) v1 ==== 28+0+0 (820706919 0 0) 0x7f4a672a8240 con 0x7f4a6160a000 -1070>
2020-06-01 13:48:59.335137 7f4a4fead700 3 mds.4.server handle_client_session client_session(request_renewcaps seq 17255) v1 from client.12496250 -1069>
2020-06-01 13:48:59.335142 7f4a4fead700 1 -- 100.97.140.48:6821/2734156667 --> 10.220.189.13:0/3156528024 -- client_session(renewcaps seq 17255) v2 -- 0x7f4a672a8b40 con 0 -1068>
