2020-06-01 13:49:14.974691 7f4a4fead700 1 -- 100.97.140.48:6821/2734156667 <== client.12458086 10.220.189.36:0/244635839 12634 ==== client_session(request_renewcaps seq 20638) v1 ==== 28+0+0 (1019521245 0 0) 0x7f4a672a8b40 con 0x7f4a61671000 -378>
2020-06-01 13:49:14.974717 7f4a4fead700 3 mds.4.server handle_client_session client_session(request_renewcaps seq 20638) v1 from client.12458086 -377>
2020-06-01 13:49:14.974726 7f4a4fead700 1 -- 100.97.140.48:6821/2734156667 --> 10.220.189.36:0/244635839 -- client_session(renewcaps seq 20638) v2 -- 0x7f4a672a8480 con 0 -376>
2020-06-01 13:49:14.975474 7f4a52627700 5 -- 100.97.140.48:6821/2734156667 >> 10.220.189.50:0/1206594167 conn(0x7f4a61412000 :6821 s=STATE_OPEN_MESSAGE_READ_FOOTER_AND_DISPATCH pgs=891086 cs=1 l=0). rx client.10319637 seq 12632 0x7f4a672a1f80 client_session(request_renewcaps seq 262506) v1 -375>
2020-06-01 13:49:14.975504 7f4a4fead700 1 -- 100.97.140.48:6821/2734156667 <== client.10319637 10.220.189.50:0/1206594167 12632 ==== client_session(request_renewcaps seq 262506) v1 ==== 28+0+0 (561526154 0 0) 0x7f4a672a1f80 con 0x7f4a61412000 -374>
2020-06-01 13:49:14.975514 7f4a4fead700 3 mds.4.server handle_client_session client_session(request_renewcaps seq 262506) v1 from client.10319637 -373>
2020-06-01 13:49:14.975519 7f4a4fead700 1 -- 100.97.140.48:6821/2734156667 --> 10.220.189.50:0/1206594167 -- client_session(renewcaps seq 262506) v2 -- 0x7f4a672a8b40 con 0 -372>
2020-06-01 13:49:15.086853 7f4a52627700 5 -- 100.97.140.48:6821/2734156667 >> 10.220.189.28:0/497003585 conn(0x7f4a6163f800 :6821 s=STATE_OPEN_MESSAGE_READ_FOOTER_AND_DISPATCH pgs=28 cs=1 l=0). rx client.12370856 seq 12624 0x7f4a672a8b40 client_session(request_renewcaps seq 30348) v1 -371>
2020-06-01 13:49:15.086893 7f4a4fead700 1 -- 100.97.140.48:6821/2734156667 <== client.12370856 10.220.189.28:0/497003585 12624 ==== client_session(request_renewcaps seq 30348) v1 ==== 28+0+0 (2020380548 0 0) 0x7f4a672a8b40 con 0x7f4a6163f800 -370>
2020-06-01 13:49:15.086917 7f4a4fead700 3 mds.4.server handle_client_session client_session(request_renewcaps seq 30348) v1 from client.12370856 -369>
2020-06-01 13:49:15.086926 7f4a4fead700 1 -- 100.97.140.48:6821/2734156667 --> 10.220.189.28:0/497003585 -- client_session(renewcaps seq 30348) v2 -- 0x7f4a672a1f80 con 0 -368>
2020-06-01 13:49:15.097140 7f4a4eeab700 10 monclient: tick -367>
2020-06-01 13:49:15.097158 7f4a4eeab700 10 monclient: _check_auth_rotating have uptodate secrets (they expire after
2020-06-01 13:48:45.097155) -366>
2020-06-01 13:49:15.097679 7f4a4d6a8700 2 mds.4.cache check_memory_usage total 509144, rss 128824, heap 16888, baseline 16888, buffers 0, 0 / 39 inodes have caps, 0 caps, 0 caps per inode -365>
2020-06-01 13:49:15.112534 7f4a51e26700 5 -- 100.97.140.48:6821/2734156667 >> 10.220.189.33:0/4233527606 conn(0x7f4a625cb000 :6821 s=STATE_OPEN_MESSAGE_READ_FOOTER_AND_DISPATCH pgs=9 cs=1 l=0). rx client.12650240 seq 67 0x7f4a672a8480 client_session(request_renewcaps seq 66) v1 -364>
2020-06-01 13:49:15.112559 7f4a4fead700 1 -- 100.97.140.48:6821/2734156667 <== client.12650240 10.220.189.33:0/4233527606 67 ==== client_session(request_renewcaps seq 66) v1 ==== 28+0+0 (4018786001 0 0) 0x7f4a672a8480 con 0x7f4a625cb000 -363>
2020-06-01 13:49:15.112576 7f4a4fead700 3 mds.4.server handle_client_session client_session(request_renewcaps seq 66) v1 from client.12650240 -362>
2020-06-01 13:49:15.112582 7f4a4fead700 1 -- 100.97.140.48:6821/2734156667 --> 10.220.189.33:0/4233527606 -- client_session(renewcaps seq 66) v2 -- 0x7f4a672a8b40 con 0 -361>
2020-06-01 13:49:15.163016 7f4a52e28700 5 -- 100.97.140.48:6821/2734156667 >> 10.220.189.42:0/2972389730 conn(0x7f4a615c9800 :6821 s=STATE_OPEN_MESSAGE_READ_FOOTER_AND_DISPATCH pgs=16978 cs=1 l=0). rx client.11915358 seq 12624 0x7f4a652ad180 client_session(request_renewcaps seq 81959) v1 -360>
2020-06-01 13:49:15.163043 7f4a4fead700 1 -- 100.97.140.48:6821/2734156667 <== client.11915358 10.220.189.42:0/2972389730 12624 ==== client_session(request_renewcaps seq 81959) v1 ==== 28+0+0 (4026530965 0 0) 0x7f4a652ad180 con 0x7f4a615c9800 -359>
2020-06-01 13:49:15.163059 7f4a4fead700 3 mds.4.server handle_client_session client_session(request_renewcaps seq 81959) v1 from client.11915358 -358>
2020-06-01 13:49:15.163065 7f4a4fead700 1 -- 100.97.140.48:6821/2734156667 --> 10.220.189.42:0/2972389730 -- client_session(renewcaps seq 81959) v2 -- 0x7f4a672a8480 con 0 -357>
2020-06-01 13:49:15.342139 7f4a4dea9700 1 -- 100.97.140.48:6821/2734156667 --> 100.97.140.48:6820/2345 -- mgrreport(unknown.TX-97-140-48 +0-0 packed 214) v5 -- 0x7f4a60ebe2c0 con 0 -356>
2020-06-01 13:49:15.508984 7f4a52627700 5 -- 100.97.140.48:6821/2734156667 >> 10.220.189.33:0/498732301 conn(0x7f4a61ca4000 :6821 s=STATE_OPEN_MESSAGE_READ_FOOTER_AND_DISPATCH pgs=9 cs=1 l=0). rx client.12652289 seq 67 0x7f4a672a1f80 client_session(request_renewcaps seq 66) v1 -355>
2020-06-01 13:49:15.509033 7f4a4fead700 1 -- 100.97.140.48:6821/2734156667 <== client.12652289 10.220.189.33:0/498732301 67 ==== client_session(request_renewcaps seq 66) v1 ==== 28+0+0 (4018786001 0 0) 0x7f4a672a1f80 con 0x7f4a61ca4000 -354>
2020-06-01 13:49:15.509061 7f4a4fead700 3 mds.4.server handle_client_session client_session(request_renewcaps seq 66) v1 from client.12652289 -353>
2020-06-01 13:49:15.509070 7f4a4fead700 1 -- 100.97.140.48:6821/2734156667 --> 10.220.189.33:0/498732301 -- client_session(renewcaps seq 66) v2 -- 0x7f4a652ad180 con 0 -352>
2020-06-01 13:49:15.513817 7f4a52e28700 5 -- 100.97.140.48:6821/2734156667 >> 10.220.189.37:0/1313480165 conn(0x7f4a6166f800 :6821 s=STATE_OPEN_MESSAGE_READ_FOOTER_AND_DISPATCH pgs=147011 cs=1 l=0). rx client.12147066 seq 12624 0x7f4a672a8480 client_session(request_renewcaps seq 55633) v1 -351>
2020-06-01 13:49:15.513843 7f4a4fead700 1 -- 100.97.140.48:6821/2734156667 <== client.12147066 10.220.189.37:0/1313480165 12624 ==== client_session(request_renewcaps seq 55633) v1 ==== 28+0+0 (164880002 0 0) 0x7f4a672a8480 con 0x7f4a6166f800 -350>
2020-06-01 13:49:15.513853 7f4a4fead700 3 mds.4.server handle_client_session client_session(request_renewcaps seq 55633) v1 from client.12147066 -349>
2020-06-01 13:49:15.513857 7f4a4fead700 1 -- 100.97.140.48:6821/2734156667 --> 10.220.189.37:0/1313480165 -- client_session(renewcaps seq 55633) v2 -- 0x7f4a672a1f80 con 0 -348>
2020-06-01 13:49:15.639482 7f4a52627700 5 -- 100.97.140.48:6821/2734156667 >> 10.220.87.173:0/1976465387 conn(0x7f4a60e98000 :6821 s=STATE_OPEN_MESSAGE_READ_FOOTER_AND_DISPATCH pgs=70 cs=1 l=0). rx client.3891240 seq 12624 0x7f4a652ad180 client_session(request_renewcaps seq 1014673) v1 -347>
2020-06-01 13:49:15.639537 7f4a4fead700 1 -- 100.97.140.48:6821/2734156667 <== client.3891240 10.220.87.173:0/1976465387 12624 ==== client_session(request_renewcaps seq 1014673) v1 ==== 28+0+0 (409283755 0 0) 0x7f4a652ad180 con 0x7f4a60e98000 -346>
2020-06-01 13:49:15.639563 7f4a4fead700 3 mds.4.server handle_client_session client_session(request_renewcaps seq 1014673) v1 from client.3891240 -345>
2020-06-01 13:49:15.639571 7f4a4fead700 1 -- 100.97.140.48:6821/2734156667 --> 10.220.87.173:0/1976465387 -- client_session(renewcaps seq 1014673) v2 -- 0x7f4a672a8480 con 0 -344>
2020-06-01 13:49:15.643255 7f4a51e26700 5 -- 100.97.140.48:6821/2734156667 >> 10.220.189.21:0/9082651 conn(0x7f4a61413800 :6821 s=STATE_OPEN_MESSAGE_READ_FOOTER_AND_DISPATCH pgs=356358 cs=1 l=0). rx client.11658819 seq 12626 0x7f4a672a8b40 client_session(request_renewcaps seq 111821) v1 -343>
2020-06-01 13:49:15.643280 7f4a4fead700 1 -- 100.97.140.48:6821/2734156667 <== client.11658819 10.220.189.21:0/9082651 12626 ==== client_session(request_renewcaps seq 111821) v1 ==== 28+0+0 (1374303031 0 0) 0x7f4a672a8b40 con 0x7f4a61413800 -342>
2020-06-01 13:49:15.643290 7f4a4fead700 3 mds.4.server handle_client_session client_session(request_renewcaps seq 111821) v1 from client.11658819 -341>
2020-06-01 13:49:15.643295 7f4a4fead700 1 -- 100.97.140.48:6821/2734156667 --> 10.220.189.21:0/9082651 -- client_session(renewcaps seq 111821) v2 -- 0x7f4a652ad180 con 0 -340>
2020-06-01 13:49:15.726057 7f4a51e26700 5 -- 100.97.140.48:6821/2734156667 >> 10.220.189.16:0/2732063253 conn(0x7f4a616c3800 :6821 s=STATE_OPEN_MESSAGE_READ_FOOTER_AND_DISPATCH pgs=13980 cs=1 l=0). rx client.12484082 seq 12625 0x7f4a652ad180 client_session(request_renewcaps seq 17769) v1 -339>
2020-06-01 13:49:15.726086 7f4a4fead700 1 -- 100.97.140.48:6821/2734156667 <== client.12484082 10.220.189.16:0/2732063253 12625 ==== client_session(request_renewcaps seq 17769) v1 ==== 28+0+0 (1515783540 0 0) 0x7f4a652ad180 con 0x7f4a616c3800 -338>
2020-06-01 13:49:15.726105 7f4a4fead700 3 mds.4.server handle_client_session client_session(request_renewcaps seq 17769) v1 from client.12484082 -337>
2020-06-01 13:49:15.726111 7f4a4fead700 1 -- 100.97.140.48:6821/2734156667 --> 10.220.189.16:0/2732063253 -- client_session(renewcaps seq 17769) v2 -- 0x7f4a672a8b40 con 0 -336>
2020-06-01 13:49:15.907201 7f4a52627700 5 -- 100.97.140.48:6821/2734156667 >> 10.220.189.44:0/1289426604 conn(0x7f4a60b05000 :6821 s=STATE_OPEN_MESSAGE_READ_FOOTER_AND_DISPATCH pgs=4839 cs=1 l=0). rx client.10613067 seq 12625 0x7f4a672a8480 client_session(request_renewcaps seq 229227) v1 -335>
2020-06-01 13:49:15.907231 7f4a4fead700 1 -- 100.97.140.48:6821/2734156667 <== client.10613067 10.220.189.44:0/1289426604 12625 ==== client_session(request_renewcaps seq 229227) v1 ==== 28+0+0 (1238825503 0 0) 0x7f4a672a8480 con 0x7f4a60b05000 -334>
2020-06-01 13:49:15.907250 7f4a4fead700 3 mds.4.server handle_client_session client_session(request_renewcaps seq 229227) v1 from client.10613067 -333>
2020-06-01 13:49:15.907256 7f4a4fead700 1 -- 100.97.140.48:6821/2734156667 --> 10.220.189.44:0/1289426604 -- client_session(renewcaps seq 229227) v2 -- 0x7f4a652ad180 con 0 -332>
2020-06-01 13:49:15.908004 7f4a52e28700 5 -- 100.97.140.48:6821/2734156667 >> 10.220.189.33:0/1588989574 conn(0x7f4a64910800 :6821 s=STATE_OPEN_MESSAGE_READ_FOOTER_AND_DISPATCH pgs=9 cs=1 l=0). rx client.12652294 seq 67 0x7f4a672a1f80 client_session(request_renewcaps seq 66) v1 -331>
2020-06-01 13:49:15.908030 7f4a4fead700 1 -- 100.97.140.48:6821/2734156667 <== client.12652294 10.220.189.33:0/1588989574 67 ==== client_session(request_renewcaps seq 66) v1 ==== 28+0+0 (4018786001 0 0) 0x7f4a672a1f80 con 0x7f4a64910800 -330>
2020-06-01 13:49:15.908045 7f4a4fead700 3 mds.4.server handle_client_session client_session(request_renewcaps seq 66) v1 from client.12652294 -329>
2020-06-01 13:49:15.908050 7f4a4fead700 1 -- 100.97.140.48:6821/2734156667 --> 10.220.189.33:0/1588989574 -- client_session(renewcaps seq 66) v2 -- 0x7f4a672a8480 con 0 -328>
2020-06-01 13:49:15.973397 7f4a52e28700 5 -- 100.97.140.48:6821/2734156667 >> 10.220.189.36:0/2829820449 conn(0x7f4a61672800 :6821 s=STATE_OPEN_MESSAGE_READ_FOOTER_AND_DISPATCH pgs=3496 cs=1 l=0). rx client.12454761 seq 12626 0x7f4a672a8480 client_session(request_renewcaps seq 21016) v1 -327>
2020-06-01 13:49:15.973431 7f4a4fead700 1 -- 100.97.140.48:6821/2734156667 <== client.12454761 10.220.189.36:0/2829820449 12626 ==== client_session(request_renewcaps seq 21016) v1 ==== 28+0+0 (2115937414 0 0) 0x7f4a672a8480 con 0x7f4a61672800 -326>
2020-06-01 13:49:15.973450 7f4a4fead700 3 mds.4.server handle_client_session client_session(request_renewcaps seq 21016) v1 from client.12454761 -325>
2020-06-01 13:49:15.973457 7f4a4fead700 1 -- 100.97.140.48:6821/2734156667 --> 10.220.189.36:0/2829820449 -- client_session(renewcaps seq 21016) v2 -- 0x7f4a672a1f80 con 0 -324>
2020-06-01 13:49:16.023354 7f4a52627700 5 -- 100.97.140.48:6821/2734156667 >> 10.220.189.53:0/519524080 conn(0x7f4a615ba000 :6821 s=STATE_OPEN_MESSAGE_READ_FOOTER_AND_DISPATCH pgs=222742 cs=1 l=0). rx client.11993772 seq 12625 0x7f4a652ad180 client_session(request_renewcaps seq 73065) v1 -323>
2020-06-01 13:49:16.023383 7f4a4fead700 1 -- 100.97.140.48:6821/2734156667 <== client.11993772 10.220.189.53:0/519524080 12625 ==== client_session(request_renewcaps seq 73065) v1 ==== 28+0+0 (4116236777 0 0) 0x7f4a652ad180 con 0x7f4a615ba000 -322>
2020-06-01 13:49:16.023401 7f4a4fead700 3 mds.4.server handle_client_session client_session(request_renewcaps seq 73065) v1 from client.11993772 -321>
2020-06-01 13:49:16.023408 7f4a4fead700 1 -- 100.97.140.48:6821/2734156667 --> 10.220.189.53:0/519524080 -- client_session(renewcaps seq 73065) v2 -- 0x7f4a672a8480 con 0 -320>
2020-06-01 13:49:16.036253 7f4a52e28700 5 -- 100.97.140.48:6821/2734156667 >> 10.220.189.3:0/12355986 conn(0x7f4a60c8e800 :6821 s=STATE_OPEN_MESSAGE_READ_FOOTER_AND_DISPATCH pgs=1796843 cs=1 l=0). rx client.8022104 seq 12625 0x7f4a672a1f80 client_session(request_renewcaps seq 509529) v1 -319>
2020-06-01 13:49:16.036281 7f4a4fead700 1 -- 100.97.140.48:6821/2734156667 <== client.8022104 10.220.189.3:0/12355986 12625 ==== client_session(request_renewcaps seq 509529) v1 ==== 28+0+0 (4038289383 0 0) 0x7f4a672a1f80 con 0x7f4a60c8e800 -318>
2020-06-01 13:49:16.036300 7f4a4fead700 3 mds.4.server handle_client_session client_session(request_renewcaps seq 509529) v1 from client.8022104 -317>
2020-06-01 13:49:16.036306 7f4a4fead700 1 -- 100.97.140.48:6821/2734156667 --> 10.220.189.3:0/12355986 -- client_session(renewcaps seq 509529) v2 -- 0x7f4a652ad180 con 0 -316>
2020-06-01 13:49:16.123574 7f4a51e26700 5 -- 100.97.140.48:6821/2734156667 >> 10.220.189.44:0/2047143258 conn(0x7f4a60ceb000 :6821 s=STATE_OPEN_MESSAGE_READ_FOOTER_AND_DISPATCH pgs=120715 cs=1 l=0). rx client.10775890 seq 12625 0x7f4a672a8b40 client_session(request_renewcaps seq 211602) v1 -315>
2020-06-01 13:49:16.123616 7f4a4fead700 1 -- 100.97.140.48:6821/2734156667 <== client.10775890 10.220.189.44:0/2047143258 12625 ==== client_session(request_renewcaps seq 211602) v1 ==== 28+0+0 (792969790 0 0) 0x7f4a672a8b40 con 0x7f4a60ceb000 -314>
2020-06-01 13:49:16.123639 7f4a4fead700 3 mds.4.server handle_client_session client_session(request_renewcaps seq 211602) v1 from client.10775890 -313>
2020-06-01 13:49:16.123646 7f4a4fead700 1 -- 100.97.140.48:6821/2734156667 --> 10.220.189.44:0/2047143258 -- client_session(renewcaps seq 211602) v2 -- 0x7f4a672a1f80 con 0 -312>
2020-06-01 13:49:16.259579 7f4a51e26700 5 -- 100.97.140.48:6821/2734156667 >> 100.97.140.32:6820/1879232263 conn(0x7f4a60cec800 :6821 s=STATE_OPEN_MESSAGE_READ_FOOTER_AND_DISPATCH pgs=3423089 cs=1 l=0). rx mds.0 seq 321116 0x7f4a6122d480 HB magic: 0 v1 -311>
2020-06-01 13:49:16.259598 7f4a52627700 5 -- 100.97.140.48:6821/2734156667 >> 10.220.189.27:0/1959308610 conn(0x7f4a61416800 :6821 s=STATE_OPEN_MESSAGE_READ_FOOTER_AND_DISPATCH pgs=30 cs=1 l=0). rx client.11962761 seq 12625 0x7f4a672a8480 client_session(request_renewcaps seq 76460) v1 -310>
2020-06-01 13:49:16.259623 7f4a4fead700 1 -- 100.97.140.48:6821/2734156667 <== mds.0 100.97.140.32:6820/1879232263 321116 ==== HB magic: 0 v1 ==== 358+0+0 (3844257577 0 0) 0x7f4a6122d480 con 0x7f4a60cec800 -309>
2020-06-01 13:49:16.259700 7f4a4fead700 5 mds.4.bal mds.4 epoch 2811844 load mdsload<[0,0 0]/[0,0 0], req 0, hr 0, qlen 1, cpu 0.5> -308>
2020-06-01 13:49:16.259724 7f4a4fead700 1 -- 100.97.140.48:6821/2734156667 _send_message--> mds.0 100.97.140.32:6820/1879232263 -- HB magic: 0 v1 -- ?+0 0x7f4a6122aa00 -307>
2020-06-01 13:49:16.259734 7f4a4fead700 1 -- 100.97.140.48:6821/2734156667 --> 100.97.140.32:6820/1879232263 -- HB magic: 0 v1 -- 0x7f4a6122aa00 con 0 -306>
2020-06-01 13:49:16.259751 7f4a4fead700 1 -- 100.97.140.48:6821/2734156667 _send_message--> mds.1 100.97.140.52:6820/390676609 -- HB magic: 0 v1 -- ?+0 0x7f4a624f2800 -305>
2020-06-01 13:49:16.259758 7f4a4fead700 1 -- 100.97.140.48:6821/2734156667 --> 100.97.140.52:6820/390676609 -- HB magic: 0 v1 -- 0x7f4a624f2800 con 0 -304>
2020-06-01 13:49:16.259771 7f4a4fead700 1 -- 100.97.140.48:6821/2734156667 _send_message--> mds.2 100.97.140.61:6820/557565904 -- HB magic: 0 v1 -- ?+0 0x7f4a61b08580 -303>
2020-06-01 13:49:16.259778 7f4a4fead700 1 -- 100.97.140.48:6821/2734156667 --> 100.97.140.61:6820/557565904 -- HB magic: 0 v1 -- 0x7f4a61b08580 con 0 -302>
2020-06-01 13:49:16.259788 7f4a4fead700 1 -- 100.97.140.48:6821/2734156667 _send_message--> mds.3 100.97.140.31:6820/2617382067 -- HB magic: 0 v1 -- ?+0 0x7f4a62456580 -301>
2020-06-01 13:49:16.259795 7f4a4fead700 1 -- 100.97.140.48:6821/2734156667 --> 100.97.140.31:6820/2617382067 -- HB magic: 0 v1 -- 0x7f4a62456580 con 0 -300>
2020-06-01 13:49:16.259809 7f4a4fead700 1 -- 100.97.140.48:6821/2734156667 _send_message--> mds.5 100.97.140.57:6820/168678367 -- HB magic: 0 v1 -- ?+0 0x7f4a61776a80 -299>
2020-06-01 13:49:16.259816 7f4a4fead700 1 -- 100.97.140.48:6821/2734156667 --> 100.97.140.57:6820/168678367 -- HB magic: 0 v1 -- 0x7f4a61776a80 con 0 -298>
2020-06-01 13:49:16.259828 7f4a4fead700 1 -- 100.97.140.48:6821/2734156667 _send_message--> mds.6 100.97.140.56:6820/1897498247 -- HB magic: 0 v1 -- ?+0 0x7f4a624e6080 -297>
2020-06-01 13:49:16.259835 7f4a4fead700 1 -- 100.97.140.48:6821/2734156667 --> 100.97.140.56:6820/1897498247 -- HB magic: 0 v1 -- 0x7f4a624e6080 con 0 -296>
2020-06-01 13:49:16.259845 7f4a4fead700 1 -- 100.97.140.48:6821/2734156667 _send_message--> mds.7 100.97.140.50:6820/2234244794 -- HB magic: 0 v1 -- ?+0 0x7f4a6122c580 -295>
2020-06-01 13:49:16.259852 7f4a4fead700 1 -- 100.97.140.48:6821/2734156667 --> 100.97.140.50:6820/2234244794 -- HB magic: 0 v1 -- 0x7f4a6122c580 con 0 -294>
2020-06-01 13:49:16.259872 7f4a4fead700 1 -- 100.97.140.48:6821/2734156667 <== client.11962761 10.220.189.27:0/1959308610 12625 ==== client_session(request_renewcaps seq 76460) v1 ==== 28+0+0 (192187151 0 0) 0x7f4a672a8480 con 0x7f4a61416800 -293>
2020-06-01 13:49:16.259884 7f4a4fead700 3 mds.4.server handle_client_session client_session(request_renewcaps seq 76460) v1 from client.11962761 -292>
2020-06-01 13:49:16.259893 7f4a4fead700 1 -- 100.97.140.48:6821/2734156667 --> 10.220.189.27:0/1959308610 -- client_session(renewcaps seq 76460) v2 -- 0x7f4a672a8b40 con 0 -291>
2020-06-01 13:49:16.259901 7f4a52e28700 5 -- 100.97.140.48:6821/2734156667 >> 100.97.140.31:6820/2617382067 conn(0x7f4a60ad3000 :-1 s=STATE_OPEN_MESSAGE_READ_FOOTER_AND_DISPATCH pgs=1752386 cs=1 l=0). rx mds.3 seq 25248 0x7f4a611eb400 HB magic: 0 v1 -290>
2020-06-01 13:49:16.259925 7f4a4fead700 1 -- 100.97.140.48:6821/2734156667 <== mds.3 100.97.140.31:6820/2617382067 25248 ==== HB magic: 0 v1 ==== 366+0+0 (302043266 0 0) 0x7f4a611eb400 con 0x7f4a60ad3000 -289>
2020-06-01 13:49:16.259918 7f4a52627700 5 -- 100.97.140.48:6821/2734156667 >> 100.97.140.52:6820/390676609 conn(0x7f4a60b06800 :-1 s=STATE_OPEN_MESSAGE_READ_FOOTER_AND_DISPATCH pgs=1387905 cs=1 l=0). rx mds.1 seq 25253 0x7f4a61777c00 HB magic: 0 v1 -288>
2020-06-01 13:49:16.259939 7f4a4fead700 1 -- 100.97.140.48:6821/2734156667 <== mds.1 100.97.140.52:6820/390676609 25253 ==== HB magic: 0 v1 ==== 366+0+0 (2068034845 0 0) 0x7f4a61777c00 con 0x7f4a60b06800 -287>
2020-06-01 13:49:16.259961 7f4a51e26700 5 -- 100.97.140.48:6821/2734156667 >> 100.97.140.61:6820/557565904 conn(0x7f4a60ad1800 :-1 s=STATE_OPEN_MESSAGE_READ_FOOTER_AND_DISPATCH pgs=1620 cs=1 l=0). rx mds.2 seq 25247 0x7f4a6122aa00 HB magic: 0 v1 -286>
2020-06-01 13:49:16.259981 7f4a4fead700 1 -- 100.97.140.48:6821/2734156667 <== mds.2 100.97.140.61:6820/557565904 25247 ==== HB magic: 0 v1 ==== 366+0+0 (3520202888 0 0) 0x7f4a6122aa00 con 0x7f4a60ad1800 -285>
2020-06-01 13:49:16.260081 7f4a51e26700 5 -- 100.97.140.48:6821/2734156667 >> 100.97.140.56:6820/1897498247 conn(0x7f4a60bef800 :-1 s=STATE_OPEN_MESSAGE_READ_FOOTER_AND_DISPATCH pgs=208465 cs=1 l=0). rx mds.6 seq 25248 0x7f4a6249aa80 HB magic: 0 v1 -284>
2020-06-01 13:49:16.260099 7f4a4fead700 1 -- 100.97.140.48:6821/2734156667 <== mds.6 100.97.140.56:6820/1897498247 25248 ==== HB magic: 0 v1 ==== 358+0+0 (3704302671 0 0) 0x7f4a6249aa80 con 0x7f4a60bef800 -283>
2020-06-01 13:49:16.260094 7f4a52627700 5 -- 100.97.140.48:6821/2734156667 >> 100.97.140.57:6820/168678367 conn(0x7f4a60ad4800 :-1 s=STATE_OPEN_MESSAGE_READ_FOOTER_AND_DISPATCH pgs=4866 cs=1 l=0). rx mds.5 seq 25248 0x7f4a624f2800 HB magic: 0 v1 -282>
2020-06-01 13:49:16.260112 7f4a4fead700 1 -- 100.97.140.48:6821/2734156667 <== mds.5 100.97.140.57:6820/168678367 25248 ==== HB magic: 0 v1 ==== 366+0+0 (2230647365 0 0) 0x7f4a624f2800 con 0x7f4a60ad4800 -281>
2020-06-01 13:49:16.260185 7f4a52e28700 5 -- 100.97.140.48:6821/2734156667 >> 100.97.140.50:6820/2234244794 conn(0x7f4a60bee000 :-1 s=STATE_OPEN_MESSAGE_READ_FOOTER_AND_DISPATCH pgs=300173 cs=1 l=0). rx mds.7 seq 25248 0x7f4a62456580 HB magic: 0 v1 -280>
2020-06-01 13:49:16.260209 7f4a4fead700 1 -- 100.97.140.48:6821/2734156667 <== mds.7 100.97.140.50:6820/2234244794 25248 ==== HB magic: 0 v1 ==== 358+0+0 (1702005371 0 0) 0x7f4a62456580 con 0x7f4a60bee000 -279>
2020-06-01 13:49:16.260219 7f4a4fead700 5 mds.4.bal prep_rebalance: cluster loads are -278>
2020-06-01 13:49:16.260228 7f4a4fead700 5 mds.4.bal prep_rebalance: my load 0 target 0 total 0 -277>
2020-06-01 13:49:16.260235 7f4a4fead700 5 mds.4.bal i am overloaded, but only for 1 epochs -276>
2020-06-01 13:49:16.309435 7f4a51e26700 5 -- 100.97.140.48:6821/2734156667 >> 10.220.189.33:0/680730710 conn(0x7f4a6534d800 :6821 s=STATE_OPEN_MESSAGE_READ_FOOTER_AND_DISPATCH pgs=9 cs=1 l=0). rx client.12650245 seq 67 0x7f4a672a1f80 client_session(request_renewcaps seq 66) v1 -275>
2020-06-01 13:49:16.309463 7f4a4fead700 1 -- 100.97.140.48:6821/2734156667 <== client.12650245 10.220.189.33:0/680730710 67 ==== client_session(request_renewcaps seq 66) v1 ==== 28+0+0 (4018786001 0 0) 0x7f4a672a1f80 con 0x7f4a6534d800 -274>
2020-06-01 13:49:16.309482 7f4a4fead700 3 mds.4.server handle_client_session client_session(request_renewcaps seq 66) v1 from client.12650245 -273>
2020-06-01 13:49:16.309489 7f4a4fead700 1 -- 100.97.140.48:6821/2734156667 --> 10.220.189.33:0/680730710 -- client_session(renewcaps seq 66) v2 -- 0x7f4a672a8480 con 0 -272>
2020-06-01 13:49:16.530627 7f4a506ae700 5 asok(0x7f4a608301c0) AdminSocket: request 'get_command_descriptions' '' to 0x7f4a607fc210 returned 4711 bytes -271>
2020-06-01 13:49:16.553983 7f4a506ae700 1 do_command 'perf dump' ' -270>
2020-06-01 13:49:16.554189 7f4a506ae700 1 do_command 'perf dump' 'result is 9143 bytes -269>
2020-06-01 13:49:16.554193 7f4a506ae700 5 asok(0x7f4a608301c0) AdminSocket: request 'perf dump' '' to 0x7f4a607fc040 returned 9143 bytes -268>
2020-06-01 13:49:16.563435 7f4a51e26700 5 -- 100.97.140.48:6821/2734156667 >> 10.220.87.187:0/749863392 conn(0x7f4a60cd9000 :6821 s=STATE_OPEN_MESSAGE_READ_FOOTER_AND_DISPATCH pgs=71 cs=1 l=0). rx client.3890804 seq 12624 0x7f4a672a8480 client_session(request_renewcaps seq 1014674) v1 -267>
2020-06-01 13:49:16.563475 7f4a4fead700 1 -- 100.97.140.48:6821/2734156667 <== client.3890804 10.220.87.187:0/749863392 12624 ==== client_session(request_renewcaps seq 1014674) v1 ==== 28+0+0 (3545832904 0 0) 0x7f4a672a8480 con 0x7f4a60cd9000 -266>
2020-06-01 13:49:16.563504 7f4a4fead700 3 mds.4.server handle_client_session client_session(request_renewcaps seq 1014674) v1 from client.3890804 -265>
2020-06-01 13:49:16.563514 7f4a4fead700 1 -- 100.97.140.48:6821/2734156667 --> 10.220.87.187:0/749863392 -- client_session(renewcaps seq 1014674) v2 -- 0x7f4a672a1f80 con 0 -264>
2020-06-01 13:49:17.085239 7f4a52627700 5 -- 100.97.140.48:6821/2734156667 >> 10.220.189.41:0/2212963091 conn(0x7f4a60dac800 :6821 s=STATE_OPEN_MESSAGE_READ_FOOTER_AND_DISPATCH pgs=84894 cs=1 l=0). rx client.12234932 seq 12625 0x7f4a672a8b40 client_session(request_renewcaps seq 45796) v1 -263>
2020-06-01 13:49:17.085287 7f4a4fead700 1 -- 100.97.140.48:6821/2734156667 <== client.12234932 10.220.189.41:0/2212963091 12625 ==== client_session(request_renewcaps seq 45796) v1 ==== 28+0+0 (1076727342 0 0) 0x7f4a672a8b40 con 0x7f4a60dac800 -262>
2020-06-01 13:49:17.085312 7f4a4fead700 3 mds.4.server handle_client_session client_session(request_renewcaps seq 45796) v1 from client.12234932 -261>
2020-06-01 13:49:17.085322 7f4a4fead700 1 -- 100.97.140.48:6821/2734156667 --> 10.220.189.41:0/2212963091 -- client_session(renewcaps seq 45796) v2 -- 0x7f4a672a8480 con 0 -260>
2020-06-01 13:49:17.296781 7f4a52e28700 5 -- 100.97.140.48:6821/2734156667 >> 10.220.189.41:0/3458674878 conn(0x7f4a60bce800 :6821 s=STATE_OPEN_MESSAGE_READ_FOOTER_AND_DISPATCH pgs=9 cs=1 l=0). rx client.12541649 seq 12581 0x7f4a652ad180 client_session(request_renewcaps seq 12580) v1 -259>
2020-06-01 13:49:17.296827 7f4a4fead700 1 -- 100.97.140.48:6821/2734156667 <== client.12541649 10.220.189.41:0/3458674878 12581 ==== client_session(request_renewcaps seq 12580) v1 ==== 28+0+0 (3620629806 0 0) 0x7f4a652ad180 con 0x7f4a60bce800 -258>
2020-06-01 13:49:17.296855 7f4a4fead700 3 mds.4.server handle_client_session client_session(request_renewcaps seq 12580) v1 from client.12541649 -257>
2020-06-01 13:49:17.296866 7f4a4fead700 1 -- 100.97.140.48:6821/2734156667 --> 10.220.189.41:0/3458674878 -- client_session(renewcaps seq 12580) v2 -- 0x7f4a672a8b40 con 0 -256>
2020-06-01 13:49:17.516687 7f4a52627700 5 -- 100.97.140.48:6821/2734156667 >> 10.220.189.33:0/880360577 conn(0x7f4a616e7000 :6821 s=STATE_OPEN_MESSAGE_READ_FOOTER_AND_DISPATCH pgs=9 cs=1 l=0). rx client.12650250 seq 67 0x7f4a672a8480 client_session(request_renewcaps seq 66) v1 -255>
2020-06-01 13:49:17.516735 7f4a4fead700 1 -- 100.97.140.48:6821/2734156667 <== client.12650250 10.220.189.33:0/880360577 67 ==== client_session(request_renewcaps seq 66) v1 ==== 28+0+0 (4018786001 0 0) 0x7f4a672a8480 con 0x7f4a616e7000 -254>
2020-06-01 13:49:17.516759 7f4a4fead700 3 mds.4.server handle_client_session client_session(request_renewcaps seq 66) v1 from client.12650250 -253>
2020-06-01 13:49:17.516766 7f4a4fead700 1 -- 100.97.140.48:6821/2734156667 --> 10.220.189.33:0/880360577 -- client_session(renewcaps seq 66) v2 -- 0x7f4a652ad180 con 0 -252>
2020-06-01 13:49:17.533663 7f4a52e28700 5 -- 100.97.140.48:6821/2734156667 >> 10.220.189.52:0/1535170925 conn(0x7f4a60dab000 :6821 s=STATE_OPEN_MESSAGE_READ_FOOTER_AND_DISPATCH pgs=223879 cs=1 l=0). rx client.11991456 seq 12625 0x7f4a672a8b40 client_session(request_renewcaps seq 73201) v1 -251>
2020-06-01 13:49:17.533694 7f4a4fead700 1 -- 100.97.140.48:6821/2734156667 <== client.11991456 10.220.189.52:0/1535170925 12625 ==== client_session(request_renewcaps seq 73201) v1 ==== 28+0+0 (2319027403 0 0) 0x7f4a672a8b40 con 0x7f4a60dab000 -250>
2020-06-01 13:49:17.533714 7f4a4fead700 3 mds.4.server handle_client_session client_session(request_renewcaps seq 73201) v1 from client.11991456 -249>
2020-06-01 13:49:17.533720 7f4a4fead700 1 -- 100.97.140.48:6821/2734156667 --> 10.220.189.52:0/1535170925 -- client_session(renewcaps seq 73201) v2 -- 0x7f4a672a8480 con 0 -248>
2020-06-01 13:49:17.582062 7f4a52627700 5 -- 100.97.140.48:6821/2734156667 >> 10.220.189.56:0/1810888978 conn(0x7f4a616d5000 :6821 s=STATE_OPEN_MESSAGE_READ_FOOTER_AND_DISPATCH pgs=44439 cs=1 l=0). rx client.12423189 seq 12625 0x7f4a652ad180 client_session(request_renewcaps seq 25737) v1 -247>
2020-06-01 13:49:17.582090 7f4a4fead700 1 -- 100.97.140.48:6821/2734156667 <== client.12423189 10.220.189.56:0/1810888978 12625 ==== client_session(request_renewcaps seq 25737) v1 ==== 28+0+0 (2413365751 0 0) 0x7f4a652ad180 con 0x7f4a616d5000 -246>
2020-06-01 13:49:17.582107 7f4a4fead700 3 mds.4.server handle_client_session client_session(request_renewcaps seq 25737) v1 from client.12423189 -245>
2020-06-01 13:49:17.582114 7f4a4fead700 1 -- 100.97.140.48:6821/2734156667 --> 10.220.189.56:0/1810888978 -- client_session(renewcaps seq 25737) v2 -- 0x7f4a672a8b40 con 0 -244>
2020-06-01 13:49:17.673271 7f4a51e26700 5 -- 100.97.140.48:6821/2734156667 >> 10.220.189.30:0/2353390659 conn(0x7f4a60e34000 :6821 s=STATE_OPEN_MESSAGE_READ_FOOTER_AND_DISPATCH pgs=28 cs=1 l=0). rx client.12451909 seq 12625 0x7f4a672a1f80 client_session(request_renewcaps seq 22558) v1 -243>
2020-06-01 13:49:17.673311 7f4a4fead700 1 -- 100.97.140.48:6821/2734156667 <== client.12451909 10.220.189.30:0/2353390659 12625 ==== client_session(request_renewcaps seq 22558) v1 ==== 28+0+0 (2793818642 0 0) 0x7f4a672a1f80 con 0x7f4a60e34000 -242>
2020-06-01 13:49:17.673336 7f4a4fead700 3 mds.4.server handle_client_session client_session(request_renewcaps seq 22558) v1 from client.12451909 -241>
2020-06-01 13:49:17.673345 7f4a4fead700 1 -- 100.97.140.48:6821/2734156667 --> 10.220.189.30:0/2353390659 -- client_session(renewcaps seq 22558) v2 -- 0x7f4a652ad180 con 0 -240>
2020-06-01 13:49:17.737034 7f4a52627700 5 -- 100.97.140.48:6821/2734156667 >> 10.240.14.161:0/1635338698 conn(0x7f4a615df000 :6821 s=STATE_OPEN_MESSAGE_READ_FOOTER_AND_DISPATCH pgs=1940588 cs=1 l=0). rx client.4629808 seq 12624 0x7f4a672a8b40 client_session(request_renewcaps seq 860254) v1 -239>
2020-06-01 13:49:17.737064 7f4a4fead700 1 -- 100.97.140.48:6821/2734156667 <== client.4629808 10.240.14.161:0/1635338698 12624 ==== client_session(request_renewcaps seq 860254) v1 ==== 28+0+0 (55289932 0 0) 0x7f4a672a8b40 con 0x7f4a615df000 -238>
2020-06-01 13:49:17.737085 7f4a4fead700 3 mds.4.server handle_client_session client_session(request_renewcaps seq 860254) v1 from client.4629808 -237>
2020-06-01 13:49:17.737092 7f4a4fead700 1 -- 100.97.140.48:6821/2734156667 --> 10.240.14.161:0/1635338698 -- client_session(renewcaps seq 860254) v2 -- 0x7f4a672a1f80 con 0 -236>
2020-06-01 13:49:17.908521 7f4a52e28700 5 -- 100.97.140.48:6821/2734156667 >> 10.220.189.33:0/3366529666 conn(0x7f4a61a88800 :6821 s=STATE_OPEN_MESSAGE_READ_FOOTER_AND_DISPATCH pgs=9 cs=1 l=0). rx client.12641308 seq 67 0x7f4a672a8480 client_session(request_renewcaps seq 66) v1 -235>
2020-06-01 13:49:17.908568 7f4a4fead700 1 -- 100.97.140.48:6821/2734156667 <== client.12641308 10.220.189.33:0/3366529666 67 ==== client_session(request_renewcaps seq 66) v1 ==== 28+0+0 (4018786001 0 0) 0x7f4a672a8480 con 0x7f4a61a88800 -234>
2020-06-01 13:49:17.908593 7f4a4fead700 3 mds.4.server handle_client_session client_session(request_renewcaps seq 66) v1 from client.12641308 -233>
2020-06-01 13:49:17.908601 7f4a4fead700 1 -- 100.97.140.48:6821/2734156667 --> 10.220.189.33:0/3366529666 -- client_session(renewcaps seq 66) v2 -- 0x7f4a672a8b40 con 0 -232>
2020-06-01 13:49:18.230905 7f4a52627700 5 -- 100.97.140.48:6821/2734156667 >> 10.220.189.55:0/762977251 conn(0x7f4a618fa800 :6821 s=STATE_OPEN_MESSAGE_READ_FOOTER_AND_DISPATCH pgs=9 cs=1 l=0). rx client.12539555 seq 12509 0x7f4a672a1f80 client_session(request_renewcaps seq 12508) v1 -231>
2020-06-01 13:49:18.230953 7f4a4fead700 1 -- 100.97.140.48:6821/2734156667 <== client.12539555 10.220.189.55:0/762977251 12509 ==== client_session(request_renewcaps seq 12508) v1 ==== 28+0+0 (3467795005 0 0) 0x7f4a672a1f80 con 0x7f4a618fa800 -230>
2020-06-01 13:49:18.230979 7f4a4fead700 3 mds.4.server handle_client_session client_session(request_renewcaps seq 12508) v1 from client.12539555 -229>
2020-06-01 13:49:18.230988 7f4a4fead700 1 -- 100.97.140.48:6821/2734156667 --> 10.220.189.55:0/762977251 -- client_session(renewcaps seq 12508) v2 -- 0x7f4a672a8480 con 0 -228>
2020-06-01 13:49:18.308637 7f4a52e28700 5 -- 100.97.140.48:6821/2734156667 >> 10.220.189.42:0/2282882605 conn(0x7f4a60ae1000 :6821 s=STATE_OPEN_MESSAGE_READ_FOOTER_AND_DISPATCH pgs=14388 cs=1 l=0). rx client.12244555 seq 12625 0x7f4a672a8b40 client_session(request_renewcaps seq 45796) v1 -227>
2020-06-01 13:49:18.308680 7f4a4fead700 1 -- 100.97.140.48:6821/2734156667 <== client.12244555 10.220.189.42:0/2282882605 12625 ==== client_session(request_renewcaps seq 45796) v1 ==== 28+0+0 (1076727342 0 0) 0x7f4a672a8b40 con 0x7f4a60ae1000 -226>
2020-06-01 13:49:18.308704 7f4a4fead700 3 mds.4.server handle_client_session client_session(request_renewcaps seq 45796) v1 from client.12244555 -225>
2020-06-01 13:49:18.308713 7f4a4fead700 1 -- 100.97.140.48:6821/2734156667 --> 10.220.189.42:0/2282882605 -- client_session(renewcaps seq 45796) v2 -- 0x7f4a672a1f80 con 0 -224>
2020-06-01 13:49:18.347220 7f4a4cea7700 10 monclient: _send_mon_message to mon.TX-97-140-59 at 100.97.140.59:6789/0 -223>
2020-06-01 13:49:18.347233 7f4a4cea7700 1 -- 100.97.140.48:6821/2734156667 --> 100.97.140.59:6789/0 -- mdsbeacon(12541229/TX-97-140-48 up:active seq 63119 v415) v7 -- 0x7f4a67303400 con 0 -222>
2020-06-01 13:49:18.348247 7f4a52627700 5 -- 100.97.140.48:6821/2734156667 >> 100.97.140.59:6789/0 conn(0x7f4a60a43000 :-1 s=STATE_OPEN_MESSAGE_READ_FOOTER_AND_DISPATCH pgs=2504874 cs=1 l=1). rx mon.4 seq 63320 0x7f4a67303400 mdsbeacon(12541229/TX-97-140-48 up:active seq 63119 v415) v7 -221>
2020-06-01 13:49:18.348274 7f4a4fead700 1 -- 100.97.140.48:6821/2734156667 <== mon.4 100.97.140.59:6789/0 63320 ==== mdsbeacon(12541229/TX-97-140-48 up:active seq 63119 v415) v7 ==== 137+0+0 (889929958 0 0) 0x7f4a67303400 con 0x7f4a60a43000 -220>
2020-06-01 13:49:18.399537 7f4a52e28700 5 -- 100.97.140.48:6821/2734156667 >> 10.220.189.23:0/3481415903 conn(0x7f4a61623000 :6821 s=STATE_OPEN_MESSAGE_READ_FOOTER_AND_DISPATCH pgs=28 cs=1 l=0). rx client.12280331 seq 12625 0x7f4a672a1f80 client_session(request_renewcaps seq 40623) v1 -219>
2020-06-01 13:49:18.399572 7f4a4fead700 1 -- 100.97.140.48:6821/2734156667 <== client.12280331 10.220.189.23:0/3481415903 12625 ==== client_session(request_renewcaps seq 40623) v1 ==== 28+0+0 (2906312810 0 0) 0x7f4a672a1f80 con 0x7f4a61623000 -218>
2020-06-01 13:49:18.399595 7f4a4fead700 3 mds.4.server handle_client_session client_session(request_renewcaps seq 40623) v1 from client.12280331 -217>
2020-06-01 13:49:18.399604 7f4a4fead700 1 -- 100.97.140.48:6821/2734156667 --> 10.220.189.23:0/3481415903 -- client_session(renewcaps seq 40623) v2 -- 0x7f4a672a8b40 con 0 -216>
2020-06-01 13:49:18.728753 7f4a51e26700 5 -- 100.97.140.48:6821/2734156667 >> 10.220.189.53:0/2611141928 conn(0x7f4a61697000 :6821 s=STATE_OPEN_MESSAGE_READ_FOOTER_AND_DISPATCH pgs=222747 cs=1 l=0). rx client.12005389 seq 12625 0x7f4a652ad180 client_session(request_renewcaps seq 73098) v1 -215>
2020-06-01 13:49:18.728805 7f4a4fead700 1 -- 100.97.140.48:6821/2734156667 <== client.12005389 10.220.189.53:0/2611141928 12625 ==== client_session(request_renewcaps seq 73098) v1 ==== 28+0+0 (390300319 0 0) 0x7f4a652ad180 con 0x7f4a61697000 -214>
2020-06-01 13:49:18.728831 7f4a4fead700 3 mds.4.server handle_client_session client_session(request_renewcaps seq 73098) v1 from client.12005389 -213>
2020-06-01 13:49:18.728840 7f4a4fead700 1 -- 100.97.140.48:6821/2734156667 --> 10.220.189.53:0/2611141928 -- client_session(renewcaps seq 73098) v2 -- 0x7f4a672a1f80 con 0 -212>
2020-06-01 13:49:18.823926 7f4a52627700 5 -- 100.97.140.48:6821/2734156667 >> 10.220.189.15:0/1574477193 conn(0x7f4a60d97800 :6821 s=STATE_OPEN_MESSAGE_READ_FOOTER_AND_DISPATCH pgs=405 cs=1 l=0). rx client.12386830 seq 12625 0x7f4a672a8480 client_session(request_renewcaps seq 29620) v1 -211>
2020-06-01 13:49:18.823969 7f4a4fead700 1 -- 100.97.140.48:6821/2734156667 <== client.12386830 10.220.189.15:0/1574477193 12625 ==== client_session(request_renewcaps seq 29620) v1 ==== 28+0+0 (2486045332 0 0) 0x7f4a672a8480 con 0x7f4a60d97800 -210>
2020-06-01 13:49:18.823993 7f4a4fead700 3 mds.4.server handle_client_session client_session(request_renewcaps seq 29620) v1 from client.12386830 -209>
2020-06-01 13:49:18.824001 7f4a4fead700 1 -- 100.97.140.48:6821/2734156667 --> 10.220.189.15:0/1574477193 -- client_session(renewcaps seq 29620) v2 -- 0x7f4a652ad180 con 0 -208>
2020-06-01 13:49:18.880593 7f4a52e28700 5 -- 100.97.140.48:6821/2734156667 >> 10.220.189.47:0/1952431803 conn(0x7f4a60dd0000 :6821 s=STATE_OPEN_MESSAGE_READ_FOOTER_AND_DISPATCH pgs=222746 cs=1 l=0). rx client.11994288 seq 12625 0x7f4a672a8b40 client_session(request_renewcaps seq 73098) v1 -207>
2020-06-01 13:49:18.880621 7f4a4fead700 1 -- 100.97.140.48:6821/2734156667 <== client.11994288 10.220.189.47:0/1952431803 12625 ==== client_session(request_renewcaps seq 73098) v1 ==== 28+0+0 (390300319 0 0) 0x7f4a672a8b40 con 0x7f4a60dd0000 -206>
2020-06-01 13:49:18.880640 7f4a4fead700 3 mds.4.server handle_client_session client_session(request_renewcaps seq 73098) v1 from client.11994288 -205>
2020-06-01 13:49:18.880647 7f4a4fead700 1 -- 100.97.140.48:6821/2734156667 --> 10.220.189.47:0/1952431803 -- client_session(renewcaps seq 73098) v2 -- 0x7f4a672a8480 con 0 -204>
2020-06-01 13:49:19.104234 7f4a52627700 5 -- 100.97.140.48:6821/2734156667 >> 10.220.87.189:0/3734841503 conn(0x7f4a60c17800 :6821 s=STATE_OPEN_MESSAGE_READ_FOOTER_AND_DISPATCH pgs=70 cs=1 l=0). rx client.3891260 seq 12625 0x7f4a652ad180 client_session(request_renewcaps seq 1014672) v1 -203>
2020-06-01 13:49:19.104279 7f4a4fead700 1 -- 100.97.140.48:6821/2734156667 <== client.3891260 10.220.87.189:0/3734841503 12625 ==== client_session(request_renewcaps seq 1014672) v1 ==== 28+0+0 (2720722469 0 0) 0x7f4a652ad180 con 0x7f4a60c17800 -202>
2020-06-01 13:49:19.104305 7f4a4fead700 3 mds.4.server handle_client_session client_session(request_renewcaps seq 1014672) v1 from client.3891260 -201>
2020-06-01 13:49:19.104313 7f4a4fead700 1 -- 100.97.140.48:6821/2734156667 --> 10.220.87.189:0/3734841503 -- client_session(renewcaps seq 1014672) v2 -- 0x7f4a672a8b40 con 0 -200>
2020-06-01 13:49:19.292149 7f4a51e26700 5 -- 100.97.140.48:6821/2734156667 >> 10.220.189.16:0/1978851395 conn(0x7f4a61402800 :6821 s=STATE_OPEN_MESSAGE_READ_FOOTER_AND_DISPATCH pgs=6362 cs=1 l=0). rx client.10874486 seq 12625 0x7f4a672a1f80 client_session(request_renewcaps seq 199707) v1 -199>
2020-06-01 13:49:19.292195 7f4a4fead700 1 -- 100.97.140.48:6821/2734156667 <== client.10874486 10.220.189.16:0/1978851395 12625 ==== client_session(request_renewcaps seq 199707) v1 ==== 28+0+0 (2601308785 0 0) 0x7f4a672a1f80 con 0x7f4a61402800 -198>
2020-06-01 13:49:19.292221 7f4a4fead700 3 mds.4.server handle_client_session client_session(request_renewcaps seq 199707) v1 from client.10874486 -197>
2020-06-01 13:49:19.292229 7f4a4fead700 1 -- 100.97.140.48:6821/2734156667 --> 10.220.189.16:0/1978851395 -- client_session(renewcaps seq 199707) v2 -- 0x7f4a652ad180 con 0 -196>
2020-06-01 13:49:19.309650 7f4a51e26700 5 -- 100.97.140.48:6821/2734156667 >> 10.220.189.33:0/2045564522 conn(0x7f4a61a84000 :6821 s=STATE_OPEN_MESSAGE_READ_FOOTER_AND_DISPATCH pgs=9 cs=1 l=0). rx client.12652299 seq 67 0x7f4a652ad180 client_session(request_renewcaps seq 66) v1 -195>
2020-06-01 13:49:19.309676 7f4a4fead700 1 -- 100.97.140.48:6821/2734156667 <== client.12652299 10.220.189.33:0/2045564522 67 ==== client_session(request_renewcaps seq 66) v1 ==== 28+0+0 (4018786001 0 0) 0x7f4a652ad180 con 0x7f4a61a84000 -194>
2020-06-01 13:49:19.309694 7f4a4fead700 3 mds.4.server handle_client_session client_session(request_renewcaps seq 66) v1 from client.12652299 -193>
2020-06-01 13:49:19.309700 7f4a4fead700 1 -- 100.97.140.48:6821/2734156667 --> 10.220.189.33:0/2045564522 -- client_session(renewcaps seq 66) v2 -- 0x7f4a672a1f80 con 0 -192>
2020-06-01 13:49:19.336282 7f4a52627700 5 -- 100.97.140.48:6821/2734156667 >> 10.220.189.13:0/3156528024 conn(0x7f4a6160a000 :6821 s=STATE_OPEN_MESSAGE_READ_FOOTER_AND_DISPATCH pgs=170 cs=1 l=0). rx client.12496250 seq 12625 0x7f4a672a8b40 client_session(request_renewcaps seq 17256) v1 -191>
2020-06-01 13:49:19.336307 7f4a4fead700 1 -- 100.97.140.48:6821/2734156667 <== client.12496250 10.220.189.13:0/3156528024 12625 ==== client_session(request_renewcaps seq 17256) v1 ==== 28+0+0 (3641872795 0 0) 0x7f4a672a8b40 con 0x7f4a6160a000 -190>
2020-06-01 13:49:19.336324 7f4a4fead700 3 mds.4.server handle_client_session client_session(request_renewcaps seq 17256) v1 from client.12496250 -189>
2020-06-01 13:49:19.336330 7f4a4fead700 1 -- 100.97.140.48:6821/2734156667 --> 10.220.189.13:0/3156528024 -- client_session(renewcaps seq 17256) v2 -- 0x7f4a652ad180 con 0 -188>
2020-06-01 13:49:19.488892 7f4a52e28700 5 -- 100.97.140.48:6821/2734156667 >> 10.220.189.35:0/2590977827 conn(0x7f4a61650000 :6821 s=STATE_OPEN_MESSAGE_READ_FOOTER_AND_DISPATCH pgs=3575 cs=1 l=0). rx client.12471083 seq 12626 0x7f4a672a8480 client_session(request_renewcaps seq 19274) v1 -187>
2020-06-01 13:49:19.488920 7f4a4fead700 1 -- 100.97.140.48:6821/2734156667 <== client.12471083 10.220.189.35:0/2590977827 12626 ==== client_session(request_renewcaps seq 19274) v1 ==== 28+0+0 (108005026 0 0) 0x7f4a672a8480 con 0x7f4a61650000 -186>
2020-06-01 13:49:19.488938 7f4a4fead700 3 mds.4.server handle_client_session client_session(request_renewcaps seq 19274) v1 from client.12471083 -185>
2020-06-01 13:49:19.488944 7f4a4fead700 1 -- 100.97.140.48:6821/2734156667 --> 10.220.189.35:0/2590977827 -- client_session(renewcaps seq 19274) v2 -- 0x7f4a672a8b40 con 0 -184>
2020-06-01 13:49:19.628110 7f4a51e26700 5 -- 100.97.140.48:6821/2734156667 >> 100.97.140.32:6820/1879232263 conn(0x7f4a60cec800 :6821 s=STATE_OPEN_MESSAGE_READ_FOOTER_AND_DISPATCH pgs=3423089 cs=1 l=0). rx mds.0 seq 321117 0x7f4a629ed0c0 gather_caps(0x10002a2cf74) v1 -183>
2020-06-01 13:49:19.628145 7f4a4fead700 1 -- 100.97.140.48:6821/2734156667 <== mds.0 100.97.140.32:6820/1879232263 321117 ==== gather_caps(0x10002a2cf74) v1 ==== 8+0+0 (4184419736 0 0) 0x7f4a629ed0c0 con 0x7f4a60cec800 -182>
2020-06-01 13:49:19.659889 7f4a52e28700 5 -- 100.97.140.48:6821/2734156667 >> 10.220.189.28:0/2694720995 conn(0x7f4a616e5800 :6821 s=STATE_OPEN_MESSAGE_READ_FOOTER_AND_DISPATCH pgs=9 cs=1 l=0). rx client.12531173 seq 12615 0x7f4a672a8b40 client_session(request_renewcaps seq 12614) v1 -181>
2020-06-01 13:49:19.659923 7f4a4fead700 1 -- 100.97.140.48:6821/2734156667 <== client.12531173 10.220.189.28:0/2694720995 12615 ==== client_session(request_renewcaps seq 12614) v1 ==== 28+0+0 (3044220106 0 0) 0x7f4a672a8b40 con 0x7f4a616e5800 -180>
2020-06-01 13:49:19.659945 7f4a4fead700 3 mds.4.server handle_client_session client_session(request_renewcaps seq 12614) v1 from client.12531173 -179>
2020-06-01 13:49:19.659953 7f4a4fead700 1 -- 100.97.140.48:6821/2734156667 --> 10.220.189.28:0/2694720995 -- client_session(renewcaps seq 12614) v2 -- 0x7f4a672a8480 con 0 -178>
2020-06-01 13:49:19.669385 7f4a51e26700 5 -- 100.97.140.48:6821/2734156667 >> 10.220.189.34:0/3659665848 conn(0x7f4a615a8800 :6821 s=STATE_OPEN_MESSAGE_READ_FOOTER_AND_DISPATCH pgs=329930 cs=1 l=0). rx client.11726916 seq 12625 0x7f4a672a1f80 client_session(request_renewcaps seq 103145) v1 -177>
2020-06-01 13:49:19.669409 7f4a4fead700 1 -- 100.97.140.48:6821/2734156667 <== client.11726916 10.220.189.34:0/3659665848 12625 ==== client_session(request_renewcaps seq 103145) v1 ==== 28+0+0 (231176741 0 0) 0x7f4a672a1f80 con 0x7f4a615a8800 -176>
2020-06-01 13:49:19.669425 7f4a4fead700 3 mds.4.server handle_client_session client_session(request_renewcaps seq 103145) v1 from client.11726916 -175>
2020-06-01 13:49:19.669432 7f4a4fead700 1 -- 100.97.140.48:6821/2734156667 --> 10.220.189.34:0/3659665848 -- client_session(renewcaps seq 103145) v2 -- 0x7f4a672a8b40 con 0 -174>
2020-06-01 13:49:19.806991 7f4a51e26700 5 -- 100.97.140.48:6821/2734156667 >> 10.220.189.50:0/3250596838 conn(0x7f4a60da9800 :6821 s=STATE_OPEN_MESSAGE_READ_FOOTER_AND_DISPATCH pgs=30823 cs=1 l=0). rx client.12461030 seq 12628 0x7f4a672a8b40 client_session(request_renewcaps seq 21325) v1 -173>
2020-06-01 13:49:19.807027 7f4a4fead700 1 -- 100.97.140.48:6821/2734156667 <== client.12461030 10.220.189.50:0/3250596838 12628 ==== client_session(request_renewcaps seq 21325) v1 ==== 28+0+0 (3417999775 0 0) 0x7f4a672a8b40 con 0x7f4a60da9800 -172>
2020-06-01 13:49:19.807047 7f4a4fead700 3 mds.4.server handle_client_session client_session(request_renewcaps seq 21325) v1 from client.12461030 -171>
2020-06-01 13:49:19.807055 7f4a4fead700 1 -- 100.97.140.48:6821/2734156667 --> 10.220.189.50:0/3250596838 -- client_session(renewcaps seq 21325) v2 -- 0x7f4a672a1f80 con 0 -170>
2020-06-01 13:49:19.824553 7f4a52627700 5 -- 100.97.140.48:6821/2734156667 >> 10.220.189.19:0/1525703016 conn(0x7f4a60cfa000 :6821 s=STATE_OPEN_MESSAGE_READ_FOOTER_AND_DISPATCH pgs=776 cs=1 l=0). rx client.10655005 seq 12625 0x7f4a652ad180 client_session(request_renewcaps seq 225372) v1 -169>
2020-06-01 13:49:19.824579 7f4a4fead700 1 -- 100.97.140.48:6821/2734156667 <== client.10655005 10.220.189.19:0/1525703016 12625 ==== client_session(request_renewcaps seq 225372) v1 ==== 28+0+0 (123791952 0 0) 0x7f4a652ad180 con 0x7f4a60cfa000 -168>
2020-06-01 13:49:19.824595 7f4a4fead700 3 mds.4.server handle_client_session client_session(request_renewcaps seq 225372) v1 from client.10655005 -167>
2020-06-01 13:49:19.824600 7f4a4fead700 1 -- 100.97.140.48:6821/2734156667 --> 10.220.189.19:0/1525703016 -- client_session(renewcaps seq 225372) v2 -- 0x7f4a672a8b40 con 0 -166>
2020-06-01 13:49:20.061476 7f4a51e26700 5 -- 100.97.140.48:6821/2734156667 >> 10.220.189.22:0/655036121 conn(0x7f4a60de3800 :6821 s=STATE_OPEN_MESSAGE_READ_FOOTER_AND_DISPATCH pgs=170 cs=1 l=0). rx client.12488918 seq 12625 0x7f4a672a1f80 client_session(request_renewcaps seq 17256) v1 -165>
2020-06-01 13:49:20.061523 7f4a4fead700 1 -- 100.97.140.48:6821/2734156667 <== client.12488918 10.220.189.22:0/655036121 12625 ==== client_session(request_renewcaps seq 17256) v1 ==== 28+0+0 (3641872795 0 0) 0x7f4a672a1f80 con 0x7f4a60de3800 -164>
2020-06-01 13:49:20.061546 7f4a4fead700 3 mds.4.server handle_client_session client_session(request_renewcaps seq 17256) v1 from client.12488918 -163>
2020-06-01 13:49:20.061554 7f4a4fead700 1 -- 100.97.140.48:6821/2734156667 --> 10.220.189.22:0/655036121 -- client_session(renewcaps seq 17256) v2 -- 0x7f4a652ad180 con 0 -162>
2020-06-01 13:49:20.097763 7f4a4d6a8700 2 mds.4.cache check_memory_usage total 509144, rss 128824, heap 16888, baseline 16888, buffers 0, 0 / 39 inodes have caps, 0 caps, 0 caps per inode -161>
2020-06-01 13:49:20.102254 7f4a52627700 5 -- 100.97.140.48:6821/2734156667 >> 10.220.189.34:0/1207735840 conn(0x7f4a615a7000 :6821 s=STATE_OPEN_MESSAGE_READ_FOOTER_AND_DISPATCH pgs=178 cs=1 l=0). rx client.12474845 seq 12625 0x7f4a672a8b40 client_session(request_renewcaps seq 19690) v1 -160>
2020-06-01 13:49:20.102285 7f4a4fead700 1 -- 100.97.140.48:6821/2734156667 <== client.12474845 10.220.189.34:0/1207735840 12625 ==== client_session(request_renewcaps seq 19690) v1 ==== 28+0+0 (2129929952 0 0) 0x7f4a672a8b40 con 0x7f4a615a7000 -159>
2020-06-01 13:49:20.102306 7f4a4fead700 3 mds.4.server handle_client_session client_session(request_renewcaps seq 19690) v1 from client.12474845 -158>
2020-06-01 13:49:20.102313 7f4a4fead700 1 -- 100.97.140.48:6821/2734156667 --> 10.220.189.34:0/1207735840 -- client_session(renewcaps seq 19690) v2 -- 0x7f4a672a1f80 con 0 -157>
2020-06-01 13:49:20.166272 7f4a51e26700 5 -- 100.97.140.48:6821/2734156667 >> 10.220.189.38:0/3860369133 conn(0x7f4a60dba000 :6821 s=STATE_OPEN_MESSAGE_READ_FOOTER_AND_DISPATCH pgs=58500 cs=1 l=0). rx client.12113891 seq 12625 0x7f4a652ad180 client_session(request_renewcaps seq 59383) v1 -156>
2020-06-01 13:49:20.166300 7f4a4fead700 1 -- 100.97.140.48:6821/2734156667 <== client.12113891 10.220.189.38:0/3860369133 12625 ==== client_session(request_renewcaps seq 59383) v1 ==== 28+0+0 (4202022373 0 0) 0x7f4a652ad180 con 0x7f4a60dba000 -155>
2020-06-01 13:49:20.166318 7f4a4fead700 3 mds.4.server handle_client_session client_session(request_renewcaps seq 59383) v1 from client.12113891 -154>
2020-06-01 13:49:20.166325 7f4a4fead700 1 -- 100.97.140.48:6821/2734156667 --> 10.220.189.38:0/3860369133 -- client_session(renewcaps seq 59383) v2 -- 0x7f4a672a8b40 con 0 -153>
2020-06-01 13:49:20.342339 7f4a4dea9700 1 -- 100.97.140.48:6821/2734156667 --> 100.97.140.48:6820/2345 -- mgrreport(unknown.TX-97-140-48 +0-0 packed 214) v5 -- 0x7f4a60ebe000 con 0 -152>
2020-06-01 13:49:20.377644 7f4a52e28700 5 -- 100.97.140.48:6821/2734156667 >> 10.220.87.186:0/958821009 conn(0x7f4a60b17000 :6821 s=STATE_OPEN_MESSAGE_READ_FOOTER_AND_DISPATCH pgs=71 cs=1 l=0). rx client.3881288 seq 12625 0x7f4a672a8480 client_session(request_renewcaps seq 1014679) v1 -151>
2020-06-01 13:49:20.377680 7f4a4fead700 1 -- 100.97.140.48:6821/2734156667 <== client.3881288 10.220.87.186:0/958821009 12625 ==== client_session(request_renewcaps seq 1014679) v1 ==== 28+0+0 (2347841692 0 0) 0x7f4a672a8480 con 0x7f4a60b17000 -150>
2020-06-01 13:49:20.377702 7f4a4fead700 3 mds.4.server handle_client_session client_session(request_renewcaps seq 1014679) v1 from client.3881288 -149>
2020-06-01 13:49:20.377709 7f4a4fead700 1 -- 100.97.140.48:6821/2734156667 --> 10.220.87.186:0/958821009 -- client_session(renewcaps seq 1014679) v2 -- 0x7f4a652ad180 con 0 -148>
2020-06-01 13:49:20.530146 7f4a506ae700 5 asok(0x7f4a608301c0) AdminSocket: request 'get_command_descriptions' '' to 0x7f4a607fc210 returned 4711 bytes -147>
2020-06-01 13:49:20.537519 7f4a52627700 5 -- 100.97.140.48:6821/2734156667 >> 10.241.131.179:0/4188842678 conn(0x7f4a61435800 :6821 s=STATE_OPEN_MESSAGE_READ_FOOTER_AND_DISPATCH pgs=17523 cs=1 l=0). rx client.4947536 seq 12624 0x7f4a672a1f80 client_session(request_renewcaps seq 811294) v1 -146>
2020-06-01 13:49:20.537561 7f4a4fead700 1 -- 100.97.140.48:6821/2734156667 <== client.4947536 10.241.131.179:0/4188842678 12624 ==== client_session(request_renewcaps seq 811294) v1 ==== 28+0+0 (553398627 0 0) 0x7f4a672a1f80 con 0x7f4a61435800 -145>
2020-06-01 13:49:20.537588 7f4a4fead700 3 mds.4.server handle_client_session client_session(request_renewcaps seq 811294) v1 from client.4947536 -144>
2020-06-01 13:49:20.537598 7f4a4fead700 1 -- 100.97.140.48:6821/2734156667 --> 10.241.131.179:0/4188842678 -- client_session(renewcaps seq 811294) v2 -- 0x7f4a672a8480 con 0 -143>
2020-06-01 13:49:20.553379 7f4a506ae700 1 do_command 'perf dump' ' -142>
2020-06-01 13:49:20.553595 7f4a506ae700 1 do_command 'perf dump' 'result is 9143 bytes -141>
2020-06-01 13:49:20.553600 7f4a506ae700 5 asok(0x7f4a608301c0) AdminSocket: request 'perf dump' '' to 0x7f4a607fc040 returned 9143 bytes -140>
