2020-06-01 13:48:08.457186 7f4a4fead700 1 -- 100.97.140.48:6821/2734156667 <== client.10629349 10.220.189.26:0/1493129413 12621 ==== client_session(request_renewcaps seq 228686) v1 ==== 28+0+0 (4100145468 0 0) 0x7f4a672a8480 con 0x7f4a615a5800 -3374>
2020-06-01 13:48:08.457199 7f4a4fead700 3 mds.4.server handle_client_session client_session(request_renewcaps seq 228686) v1 from client.10629349 -3373>
2020-06-01 13:48:08.457204 7f4a4fead700 1 -- 100.97.140.48:6821/2734156667 --> 10.220.189.26:0/1493129413 -- client_session(renewcaps seq 228686) v2 -- 0x7f4a672a2400 con 0 -3372>
2020-06-01 13:48:08.592147 7f4a506ae700 5 asok(0x7f4a608301c0) AdminSocket: request 'get_command_descriptions' '' to 0x7f4a607fc210 returned 4711 bytes -3371>
2020-06-01 13:48:08.616589 7f4a506ae700 1 do_command 'perf dump' ' -3370>
2020-06-01 13:48:08.616804 7f4a506ae700 1 do_command 'perf dump' 'result is 9143 bytes -3369>
2020-06-01 13:48:08.616809 7f4a506ae700 5 asok(0x7f4a608301c0) AdminSocket: request 'perf dump' '' to 0x7f4a607fc040 returned 9143 bytes -3368>
2020-06-01 13:48:08.844309 7f4a51e26700 5 -- 100.97.140.48:6821/2734156667 >> 10.220.189.47:0/2312635046 conn(0x7f4a60dd3000 :6821 s=STATE_OPEN_MESSAGE_READ_FOOTER_AND_DISPATCH pgs=222912 cs=1 l=0). rx client.12005234 seq 12621 0x7f4a672a2400 client_session(request_renewcaps seq 73112) v1 -3367>
2020-06-01 13:48:08.844356 7f4a4fead700 1 -- 100.97.140.48:6821/2734156667 <== client.12005234 10.220.189.47:0/2312635046 12621 ==== client_session(request_renewcaps seq 73112) v1 ==== 28+0+0 (3818616073 0 0) 0x7f4a672a2400 con 0x7f4a60dd3000 -3366>
2020-06-01 13:48:08.844383 7f4a4fead700 3 mds.4.server handle_client_session client_session(request_renewcaps seq 73112) v1 from client.12005234 -3365>
2020-06-01 13:48:08.844392 7f4a4fead700 1 -- 100.97.140.48:6821/2734156667 --> 10.220.189.47:0/2312635046 -- client_session(renewcaps seq 73112) v2 -- 0x7f4a672a8480 con 0 -3364>
2020-06-01 13:48:08.870625 7f4a52627700 5 -- 100.97.140.48:6821/2734156667 >> 10.220.189.21:0/3373068911 conn(0x7f4a60ade000 :6821 s=STATE_OPEN_MESSAGE_READ_FOOTER_AND_DISPATCH pgs=1727442 cs=1 l=0). rx client.6491590 seq 12621 0x7f4a652ad180 client_session(request_renewcaps seq 634894) v1 -3363>
2020-06-01 13:48:08.870652 7f4a4fead700 1 -- 100.97.140.48:6821/2734156667 <== client.6491590 10.220.189.21:0/3373068911 12621 ==== client_session(request_renewcaps seq 634894) v1 ==== 28+0+0 (2225022997 0 0) 0x7f4a652ad180 con 0x7f4a60ade000 -3362>
2020-06-01 13:48:08.870671 7f4a4fead700 3 mds.4.server handle_client_session client_session(request_renewcaps seq 634894) v1 from client.6491590 -3361>
2020-06-01 13:48:08.870677 7f4a4fead700 1 -- 100.97.140.48:6821/2734156667 --> 10.220.189.21:0/3373068911 -- client_session(renewcaps seq 634894) v2 -- 0x7f4a672a2400 con 0 -3360>
2020-06-01 13:48:08.944827 7f4a52e28700 5 -- 100.97.140.48:6821/2734156667 >> 10.220.189.38:0/3164433327 conn(0x7f4a61efc000 :6821 s=STATE_OPEN_MESSAGE_READ_FOOTER_AND_DISPATCH pgs=9 cs=1 l=0). rx client.12641937 seq 64 0x7f4a672a2640 client_session(request_renewcaps seq 63) v1 -3359>
2020-06-01 13:48:08.944859 7f4a4fead700 1 -- 100.97.140.48:6821/2734156667 <== client.12641937 10.220.189.38:0/3164433327 64 ==== client_session(request_renewcaps seq 63) v1 ==== 28+0+0 (3781678258 0 0) 0x7f4a672a2640 con 0x7f4a61efc000 -3358>
2020-06-01 13:48:08.944880 7f4a4fead700 3 mds.4.server handle_client_session client_session(request_renewcaps seq 63) v1 from client.12641937 -3357>
2020-06-01 13:48:08.944887 7f4a4fead700 1 -- 100.97.140.48:6821/2734156667 --> 10.220.189.38:0/3164433327 -- client_session(renewcaps seq 63) v2 -- 0x7f4a652ad180 con 0 -3356>
2020-06-01 13:48:09.096440 7f4a52627700 5 -- 100.97.140.48:6821/2734156667 >> 10.220.189.29:0/3430848826 conn(0x7f4a6166e000 :6821 s=STATE_OPEN_MESSAGE_READ_FOOTER_AND_DISPATCH pgs=28 cs=1 l=0). rx client.12423314 seq 12621 0x7f4a672a2400 client_session(request_renewcaps seq 25716) v1 -3355>
2020-06-01 13:48:09.096487 7f4a4fead700 1 -- 100.97.140.48:6821/2734156667 <== client.12423314 10.220.189.29:0/3430848826 12621 ==== client_session(request_renewcaps seq 25716) v1 ==== 28+0+0 (3151948680 0 0) 0x7f4a672a2400 con 0x7f4a6166e000 -3354>
2020-06-01 13:48:09.096517 7f4a4fead700 3 mds.4.server handle_client_session client_session(request_renewcaps seq 25716) v1 from client.12423314 -3353>
2020-06-01 13:48:09.096526 7f4a4fead700 1 -- 100.97.140.48:6821/2734156667 --> 10.220.189.29:0/3430848826 -- client_session(renewcaps seq 25716) v2 -- 0x7f4a672a2640 con 0 -3352>
2020-06-01 13:48:09.244585 7f4a52627700 5 -- 100.97.140.48:6821/2734156667 >> 10.220.189.28:0/1874466359 conn(0x7f4a61651800 :6821 s=STATE_OPEN_MESSAGE_READ_FOOTER_AND_DISPATCH pgs=22 cs=1 l=0). rx client.12484318 seq 12621 0x7f4a672a2640 client_session(request_renewcaps seq 17762) v1 -3351>
2020-06-01 13:48:09.244633 7f4a4fead700 1 -- 100.97.140.48:6821/2734156667 <== client.12484318 10.220.189.28:0/1874466359 12621 ==== client_session(request_renewcaps seq 17762) v1 ==== 28+0+0 (1363578194 0 0) 0x7f4a672a2640 con 0x7f4a61651800 -3350>
2020-06-01 13:48:09.244659 7f4a4fead700 3 mds.4.server handle_client_session client_session(request_renewcaps seq 17762) v1 from client.12484318 -3349>
2020-06-01 13:48:09.244668 7f4a4fead700 1 -- 100.97.140.48:6821/2734156667 --> 10.220.189.28:0/1874466359 -- client_session(renewcaps seq 17762) v2 -- 0x7f4a672a2400 con 0 -3348>
2020-06-01 13:48:09.344697 7f4a52e28700 5 -- 100.97.140.48:6821/2734156667 >> 10.220.189.38:0/3011368656 conn(0x7f4a60f25000 :6821 s=STATE_OPEN_MESSAGE_READ_FOOTER_AND_DISPATCH pgs=9 cs=1 l=0). rx client.12641942 seq 64 0x7f4a652ad180 client_session(request_renewcaps seq 63) v1 -3347>
2020-06-01 13:48:09.344734 7f4a4fead700 1 -- 100.97.140.48:6821/2734156667 <== client.12641942 10.220.189.38:0/3011368656 64 ==== client_session(request_renewcaps seq 63) v1 ==== 28+0+0 (3781678258 0 0) 0x7f4a652ad180 con 0x7f4a60f25000 -3346>
2020-06-01 13:48:09.344758 7f4a4fead700 3 mds.4.server handle_client_session client_session(request_renewcaps seq 63) v1 from client.12641942 -3345>
2020-06-01 13:48:09.344766 7f4a4fead700 1 -- 100.97.140.48:6821/2734156667 --> 10.220.189.38:0/3011368656 -- client_session(renewcaps seq 63) v2 -- 0x7f4a672a2640 con 0 -3344>
2020-06-01 13:48:09.355228 7f4a51e26700 5 -- 100.97.140.48:6821/2734156667 >> 100.97.140.32:6820/1879232263 conn(0x7f4a60cec800 :6821 s=STATE_OPEN_MESSAGE_READ_FOOTER_AND_DISPATCH pgs=3423089 cs=1 l=0). rx mds.0 seq 320974 0x7f4a62954940 gather_caps(0x10002a2cf74) v1 -3343>
2020-06-01 13:48:09.355253 7f4a4fead700 1 -- 100.97.140.48:6821/2734156667 <== mds.0 100.97.140.32:6820/1879232263 320974 ==== gather_caps(0x10002a2cf74) v1 ==== 8+0+0 (4184419736 0 0) 0x7f4a62954940 con 0x7f4a60cec800 -3342>
2020-06-01 13:48:09.437899 7f4a52e28700 5 -- 100.97.140.48:6821/2734156667 >> 10.220.189.28:0/3409478430 conn(0x7f4a6163e000 :6821 s=STATE_OPEN_MESSAGE_READ_FOOTER_AND_DISPATCH pgs=582 cs=1 l=0). rx client.12420827 seq 12621 0x7f4a672a2640 client_session(request_renewcaps seq 24606) v1 -3341>
2020-06-01 13:48:09.437926 7f4a4fead700 1 -- 100.97.140.48:6821/2734156667 <== client.12420827 10.220.189.28:0/3409478430 12621 ==== client_session(request_renewcaps seq 24606) v1 ==== 28+0+0 (3420689720 0 0) 0x7f4a672a2640 con 0x7f4a6163e000 -3340>
2020-06-01 13:48:09.437943 7f4a4fead700 3 mds.4.server handle_client_session client_session(request_renewcaps seq 24606) v1 from client.12420827 -3339>
2020-06-01 13:48:09.437949 7f4a4fead700 1 -- 100.97.140.48:6821/2734156667 --> 10.220.189.28:0/3409478430 -- client_session(renewcaps seq 24606) v2 -- 0x7f4a652ad180 con 0 -3338>
2020-06-01 13:48:09.523854 7f4a52627700 5 -- 100.97.140.48:6821/2734156667 >> 10.220.189.52:0/2138431180 conn(0x7f4a60da8000 :6821 s=STATE_OPEN_MESSAGE_READ_FOOTER_AND_DISPATCH pgs=222745 cs=1 l=0). rx client.11994443 seq 12621 0x7f4a672a2400 client_session(request_renewcaps seq 73077) v1 -3337>
2020-06-01 13:48:09.523880 7f4a4fead700 1 -- 100.97.140.48:6821/2734156667 <== client.11994443 10.220.189.52:0/2138431180 12621 ==== client_session(request_renewcaps seq 73077) v1 ==== 28+0+0 (1379373837 0 0) 0x7f4a672a2400 con 0x7f4a60da8000 -3336>
2020-06-01 13:48:09.523899 7f4a4fead700 3 mds.4.server handle_client_session client_session(request_renewcaps seq 73077) v1 from client.11994443 -3335>
2020-06-01 13:48:09.523905 7f4a4fead700 1 -- 100.97.140.48:6821/2734156667 --> 10.220.189.52:0/2138431180 -- client_session(renewcaps seq 73077) v2 -- 0x7f4a672a2640 con 0 -3334>
2020-06-01 13:48:09.750431 7f4a52e28700 5 -- 100.97.140.48:6821/2734156667 >> 10.220.189.38:0/3072558154 conn(0x7f4a60e25000 :6821 s=STATE_OPEN_MESSAGE_READ_FOOTER_AND_DISPATCH pgs=9 cs=1 l=0). rx client.12650220 seq 64 0x7f4a652ad180 client_session(request_renewcaps seq 63) v1 -3333>
2020-06-01 13:48:09.750478 7f4a4fead700 1 -- 100.97.140.48:6821/2734156667 <== client.12650220 10.220.189.38:0/3072558154 64 ==== client_session(request_renewcaps seq 63) v1 ==== 28+0+0 (3781678258 0 0) 0x7f4a652ad180 con 0x7f4a60e25000 -3332>
2020-06-01 13:48:09.750507 7f4a4fead700 3 mds.4.server handle_client_session client_session(request_renewcaps seq 63) v1 from client.12650220 -3331>
2020-06-01 13:48:09.750516 7f4a4fead700 1 -- 100.97.140.48:6821/2734156667 --> 10.220.189.38:0/3072558154 -- client_session(renewcaps seq 63) v2 -- 0x7f4a672a2400 con 0 -3330>
2020-06-01 13:48:09.837814 7f4a51e26700 5 -- 100.97.140.48:6821/2734156667 >> 10.220.189.42:0/3445632698 conn(0x7f4a616d3800 :6821 s=STATE_OPEN_MESSAGE_READ_FOOTER_AND_DISPATCH pgs=20380 cs=1 l=0). rx client.12458502 seq 12621 0x7f4a672a8480 client_session(request_renewcaps seq 20690) v1 -3329>
2020-06-01 13:48:09.837861 7f4a4fead700 1 -- 100.97.140.48:6821/2734156667 <== client.12458502 10.220.189.42:0/3445632698 12621 ==== client_session(request_renewcaps seq 20690) v1 ==== 28+0+0 (57936460 0 0) 0x7f4a672a8480 con 0x7f4a616d3800 -3328>
2020-06-01 13:48:09.837888 7f4a4fead700 3 mds.4.server handle_client_session client_session(request_renewcaps seq 20690) v1 from client.12458502 -3327>
2020-06-01 13:48:09.837896 7f4a4fead700 1 -- 100.97.140.48:6821/2734156667 --> 10.220.189.42:0/3445632698 -- client_session(renewcaps seq 20690) v2 -- 0x7f4a652ad180 con 0 -3326>
2020-06-01 13:48:09.962913 7f4a52e28700 5 -- 100.97.140.48:6821/2734156667 >> 10.220.189.44:0/2191475462 conn(0x7f4a60ce9800 :6821 s=STATE_OPEN_MESSAGE_READ_FOOTER_AND_DISPATCH pgs=648303 cs=1 l=0). rx client.10864980 seq 12621 0x7f4a672a2400 client_session(request_renewcaps seq 201447) v1 -3325>
2020-06-01 13:48:09.962942 7f4a4fead700 1 -- 100.97.140.48:6821/2734156667 <== client.10864980 10.220.189.44:0/2191475462 12621 ==== client_session(request_renewcaps seq 201447) v1 ==== 28+0+0 (3360816485 0 0) 0x7f4a672a2400 con 0x7f4a60ce9800 -3324>
2020-06-01 13:48:09.962962 7f4a4fead700 3 mds.4.server handle_client_session client_session(request_renewcaps seq 201447) v1 from client.10864980 -3323>
2020-06-01 13:48:09.962968 7f4a4fead700 1 -- 100.97.140.48:6821/2734156667 --> 10.220.189.44:0/2191475462 -- client_session(renewcaps seq 201447) v2 -- 0x7f4a672a8480 con 0 -3322>
2020-06-01 13:48:09.985287 7f4a51e26700 5 -- 100.97.140.48:6821/2734156667 >> 10.220.189.18:0/32452983 conn(0x7f4a60e59800 :6821 s=STATE_OPEN_MESSAGE_READ_FOOTER_AND_DISPATCH pgs=169 cs=1 l=0). rx client.12488331 seq 12621 0x7f4a652ad180 client_session(request_renewcaps seq 17254) v1 -3321>
2020-06-01 13:48:09.985312 7f4a4fead700 1 -- 100.97.140.48:6821/2734156667 <== client.12488331 10.220.189.18:0/32452983 12621 ==== client_session(request_renewcaps seq 17254) v1 ==== 28+0+0 (2326084841 0 0) 0x7f4a652ad180 con 0x7f4a60e59800 -3320>
2020-06-01 13:48:09.985324 7f4a4fead700 3 mds.4.server handle_client_session client_session(request_renewcaps seq 17254) v1 from client.12488331 -3319>
2020-06-01 13:48:09.985329 7f4a4fead700 1 -- 100.97.140.48:6821/2734156667 --> 10.220.189.18:0/32452983 -- client_session(renewcaps seq 17254) v2 -- 0x7f4a672a2400 con 0 -3318>
2020-06-01 13:48:10.096344 7f4a4d6a8700 2 mds.4.cache check_memory_usage total 509144, rss 128824, heap 16888, baseline 16888, buffers 0, 0 / 39 inodes have caps, 0 caps, 0 caps per inode -3317>
2020-06-01 13:48:10.141783 7f4a52e28700 5 -- 100.97.140.48:6821/2734156667 >> 10.220.189.38:0/1995212458 conn(0x7f4a60e23800 :6821 s=STATE_OPEN_MESSAGE_READ_FOOTER_AND_DISPATCH pgs=9 cs=1 l=0). rx client.12641947 seq 64 0x7f4a672a8480 client_session(request_renewcaps seq 63) v1 -3316>
2020-06-01 13:48:10.141810 7f4a4fead700 1 -- 100.97.140.48:6821/2734156667 <== client.12641947 10.220.189.38:0/1995212458 64 ==== client_session(request_renewcaps seq 63) v1 ==== 28+0+0 (3781678258 0 0) 0x7f4a672a8480 con 0x7f4a60e23800 -3315>
2020-06-01 13:48:10.141829 7f4a4fead700 3 mds.4.server handle_client_session client_session(request_renewcaps seq 63) v1 from client.12641947 -3314>
2020-06-01 13:48:10.141835 7f4a4fead700 1 -- 100.97.140.48:6821/2734156667 --> 10.220.189.38:0/1995212458 -- client_session(renewcaps seq 63) v2 -- 0x7f4a652ad180 con 0 -3313>
2020-06-01 13:48:10.238793 7f4a51e26700 5 -- 100.97.140.48:6821/2734156667 >> 10.220.189.27:0/403993526 conn(0x7f4a60e74800 :6821 s=STATE_OPEN_MESSAGE_READ_FOOTER_AND_DISPATCH pgs=9 cs=1 l=0). rx client.12532372 seq 12439 0x7f4a672a2400 client_session(request_renewcaps seq 12438) v1 -3312>
2020-06-01 13:48:10.238821 7f4a4fead700 1 -- 100.97.140.48:6821/2734156667 <== client.12532372 10.220.189.27:0/403993526 12439 ==== client_session(request_renewcaps seq 12438) v1 ==== 28+0+0 (1654058139 0 0) 0x7f4a672a2400 con 0x7f4a60e74800 -3311>
2020-06-01 13:48:10.238840 7f4a4fead700 3 mds.4.server handle_client_session client_session(request_renewcaps seq 12438) v1 from client.12532372 -3310>
2020-06-01 13:48:10.238846 7f4a4fead700 1 -- 100.97.140.48:6821/2734156667 --> 10.220.189.27:0/403993526 -- client_session(renewcaps seq 12438) v2 -- 0x7f4a672a8480 con 0 -3309>
2020-06-01 13:48:10.275522 7f4a52e28700 5 -- 100.97.140.48:6821/2734156667 >> 10.220.189.27:0/2025515446 conn(0x7f4a60c66800 :6821 s=STATE_OPEN_MESSAGE_READ_FOOTER_AND_DISPATCH pgs=8 cs=1 l=0). rx client.12532806 seq 12439 0x7f4a652ad180 client_session(request_renewcaps seq 12438) v1 -3308>
2020-06-01 13:48:10.275548 7f4a4fead700 1 -- 100.97.140.48:6821/2734156667 <== client.12532806 10.220.189.27:0/2025515446 12439 ==== client_session(request_renewcaps seq 12438) v1 ==== 28+0+0 (1654058139 0 0) 0x7f4a652ad180 con 0x7f4a60c66800 -3307>
2020-06-01 13:48:10.275565 7f4a4fead700 3 mds.4.server handle_client_session client_session(request_renewcaps seq 12438) v1 from client.12532806 -3306>
2020-06-01 13:48:10.275571 7f4a4fead700 1 -- 100.97.140.48:6821/2734156667 --> 10.220.189.27:0/2025515446 -- client_session(renewcaps seq 12438) v2 -- 0x7f4a672a2400 con 0 -3305>
2020-06-01 13:48:10.297421 7f4a52e28700 5 -- 100.97.140.48:6821/2734156667 >> 10.220.189.49:0/3408371812 conn(0x7f4a61694000 :6821 s=STATE_OPEN_MESSAGE_READ_FOOTER_AND_DISPATCH pgs=222742 cs=1 l=0). rx client.12005754 seq 12621 0x7f4a672a2400 client_session(request_renewcaps seq 73064) v1 -3304>
2020-06-01 13:48:10.297448 7f4a4fead700 1 -- 100.97.140.48:6821/2734156667 <== client.12005754 10.220.189.49:0/3408371812 12621 ==== client_session(request_renewcaps seq 73064) v1 ==== 28+0+0 (1326910311 0 0) 0x7f4a672a2400 con 0x7f4a61694000 -3303>
2020-06-01 13:48:10.297461 7f4a4fead700 3 mds.4.server handle_client_session client_session(request_renewcaps seq 73064) v1 from client.12005754 -3302>
2020-06-01 13:48:10.297467 7f4a4fead700 1 -- 100.97.140.48:6821/2734156667 --> 10.220.189.49:0/3408371812 -- client_session(renewcaps seq 73064) v2 -- 0x7f4a652ad180 con 0 -3301>
2020-06-01 13:48:10.339314 7f4a4dea9700 1 -- 100.97.140.48:6821/2734156667 --> 100.97.140.48:6820/2345 -- mgrreport(unknown.TX-97-140-48 +0-0 packed 214) v5 -- 0x7f4a624ac580 con 0 -3300>
2020-06-01 13:48:10.345826 7f4a4cea7700 10 monclient: _send_mon_message to mon.TX-97-140-59 at 100.97.140.59:6789/0 -3299>
2020-06-01 13:48:10.345838 7f4a4cea7700 1 -- 100.97.140.48:6821/2734156667 --> 100.97.140.59:6789/0 -- mdsbeacon(12541229/TX-97-140-48 up:active seq 63102 v415) v7 -- 0x7f4a672ffa80 con 0 -3298>
2020-06-01 13:48:10.346827 7f4a52627700 5 -- 100.97.140.48:6821/2734156667 >> 100.97.140.59:6789/0 conn(0x7f4a60a43000 :-1 s=STATE_OPEN_MESSAGE_READ_FOOTER_AND_DISPATCH pgs=2504874 cs=1 l=1). rx mon.4 seq 63303 0x7f4a672ffa80 mdsbeacon(12541229/TX-97-140-48 up:active seq 63102 v415) v7 -3297>
2020-06-01 13:48:10.346855 7f4a4fead700 1 -- 100.97.140.48:6821/2734156667 <== mon.4 100.97.140.59:6789/0 63303 ==== mdsbeacon(12541229/TX-97-140-48 up:active seq 63102 v415) v7 ==== 137+0+0 (2907738891 0 0) 0x7f4a672ffa80 con 0x7f4a60a43000 -3296>
2020-06-01 13:48:10.408008 7f4a51e26700 5 -- 100.97.140.48:6821/2734156667 >> 10.220.189.56:0/655183920 conn(0x7f4a60dbe800 :6821 s=STATE_OPEN_MESSAGE_READ_FOOTER_AND_DISPATCH pgs=170 cs=1 l=0). rx client.12496225 seq 12621 0x7f4a672a8480 client_session(request_renewcaps seq 17254) v1 -3295>
2020-06-01 13:48:10.408273 7f4a4fead700 1 -- 100.97.140.48:6821/2734156667 <== client.12496225 10.220.189.56:0/655183920 12621 ==== client_session(request_renewcaps seq 17254) v1 ==== 28+0+0 (2326084841 0 0) 0x7f4a672a8480 con 0x7f4a60dbe800 -3294>
2020-06-01 13:48:10.408293 7f4a4fead700 3 mds.4.server handle_client_session client_session(request_renewcaps seq 17254) v1 from client.12496225 -3293>
2020-06-01 13:48:10.408300 7f4a4fead700 1 -- 100.97.140.48:6821/2734156667 --> 10.220.189.56:0/655183920 -- client_session(renewcaps seq 17254) v2 -- 0x7f4a672a2400 con 0 -3292>
2020-06-01 13:48:10.463203 7f4a51e26700 5 -- 100.97.140.48:6821/2734156667 >> 10.221.36.203:0/794674780 conn(0x7f4a60eae800 :6821 s=STATE_OPEN_MESSAGE_READ_FOOTER_AND_DISPATCH pgs=3517688 cs=1 l=0). rx client.3883471 seq 12621 0x7f4a672a2400 client_session(request_renewcaps seq 1014668) v1 -3291>
2020-06-01 13:48:10.463235 7f4a4fead700 1 -- 100.97.140.48:6821/2734156667 <== client.3883471 10.221.36.203:0/794674780 12621 ==== client_session(request_renewcaps seq 1014668) v1 ==== 28+0+0 (88454337 0 0) 0x7f4a672a2400 con 0x7f4a60eae800 -3290>
2020-06-01 13:48:10.463256 7f4a4fead700 3 mds.4.server handle_client_session client_session(request_renewcaps seq 1014668) v1 from client.3883471 -3289>
2020-06-01 13:48:10.463263 7f4a4fead700 1 -- 100.97.140.48:6821/2734156667 --> 10.221.36.203:0/794674780 -- client_session(renewcaps seq 1014668) v2 -- 0x7f4a672a8480 con 0 -3288>
2020-06-01 13:48:10.598230 7f4a51e26700 5 -- 100.97.140.48:6821/2734156667 >> 100.97.140.32:6820/1879232263 conn(0x7f4a60cec800 :6821 s=STATE_OPEN_MESSAGE_READ_FOOTER_AND_DISPATCH pgs=3423089 cs=1 l=0). rx mds.0 seq 320975 0x7f4a62822ee0 gather_caps(0x10002a2cf74) v1 -3287>
2020-06-01 13:48:10.598268 7f4a4fead700 1 -- 100.97.140.48:6821/2734156667 <== mds.0 100.97.140.32:6820/1879232263 320975 ==== gather_caps(0x10002a2cf74) v1 ==== 8+0+0 (4184419736 0 0) 0x7f4a62822ee0 con 0x7f4a60cec800 -3286>
2020-06-01 13:48:10.605248 7f4a51e26700 5 -- 100.97.140.48:6821/2734156667 >> 10.240.219.146:0/589250504 conn(0x7f4a615cc800 :6821 s=STATE_OPEN_MESSAGE_READ_FOOTER_AND_DISPATCH pgs=3009661 cs=1 l=0). rx client.4630841 seq 12621 0x7f4a672a8480 client_session(request_renewcaps seq 860268) v1 -3285>
2020-06-01 13:48:10.605278 7f4a4fead700 1 -- 100.97.140.48:6821/2734156667 <== client.4630841 10.240.219.146:0/589250504 12621 ==== client_session(request_renewcaps seq 860268) v1 ==== 28+0+0 (4180222429 0 0) 0x7f4a672a8480 con 0x7f4a615cc800 -3284>
2020-06-01 13:48:10.605298 7f4a4fead700 3 mds.4.server handle_client_session client_session(request_renewcaps seq 860268) v1 from client.4630841 -3283>
2020-06-01 13:48:10.605307 7f4a4fead700 1 -- 100.97.140.48:6821/2734156667 --> 10.240.219.146:0/589250504 -- client_session(renewcaps seq 860268) v2 -- 0x7f4a672a2400 con 0 -3282>
2020-06-01 13:48:10.861755 7f4a51e26700 5 -- 100.97.140.48:6821/2734156667 >> 10.220.189.15:0/431168319 conn(0x7f4a60c2b000 :6821 s=STATE_OPEN_MESSAGE_READ_FOOTER_AND_DISPATCH pgs=31 cs=1 l=0). rx client.9013872 seq 12621 0x7f4a672a2400 client_session(request_renewcaps seq 410774) v1 -3281>
2020-06-01 13:48:10.861803 7f4a4fead700 1 -- 100.97.140.48:6821/2734156667 <== client.9013872 10.220.189.15:0/431168319 12621 ==== client_session(request_renewcaps seq 410774) v1 ==== 28+0+0 (2809066903 0 0) 0x7f4a672a2400 con 0x7f4a60c2b000 -3280>
2020-06-01 13:48:10.861829 7f4a4fead700 3 mds.4.server handle_client_session client_session(request_renewcaps seq 410774) v1 from client.9013872 -3279>
2020-06-01 13:48:10.861837 7f4a4fead700 1 -- 100.97.140.48:6821/2734156667 --> 10.220.189.15:0/431168319 -- client_session(renewcaps seq 410774) v2 -- 0x7f4a672a8480 con 0 -3278>
2020-06-01 13:48:10.939459 7f4a51e26700 5 -- 100.97.140.48:6821/2734156667 >> 10.221.30.201:0/1459187673 conn(0x7f4a61437000 :6821 s=STATE_OPEN_MESSAGE_READ_FOOTER_AND_DISPATCH pgs=17529 cs=1 l=0). rx client.4948872 seq 12621 0x7f4a672a8480 client_session(request_renewcaps seq 811298) v1 -3277>
2020-06-01 13:48:10.939507 7f4a4fead700 1 -- 100.97.140.48:6821/2734156667 <== client.4948872 10.221.30.201:0/1459187673 12621 ==== client_session(request_renewcaps seq 811298) v1 ==== 28+0+0 (2301171072 0 0) 0x7f4a672a8480 con 0x7f4a61437000 -3276>
2020-06-01 13:48:10.939530 7f4a4fead700 3 mds.4.server handle_client_session client_session(request_renewcaps seq 811298) v1 from client.4948872 -3275>
2020-06-01 13:48:10.939539 7f4a4fead700 1 -- 100.97.140.48:6821/2734156667 --> 10.221.30.201:0/1459187673 -- client_session(renewcaps seq 811298) v2 -- 0x7f4a672a2400 con 0 -3274>
2020-06-01 13:48:10.944888 7f4a51e26700 5 -- 100.97.140.48:6821/2734156667 >> 10.220.189.38:0/3477759274 conn(0x7f4a60e13000 :6821 s=STATE_OPEN_MESSAGE_READ_FOOTER_AND_DISPATCH pgs=9 cs=1 l=0). rx client.12643251 seq 64 0x7f4a672a2400 client_session(request_renewcaps seq 63) v1 -3273>
2020-06-01 13:48:10.944914 7f4a4fead700 1 -- 100.97.140.48:6821/2734156667 <== client.12643251 10.220.189.38:0/3477759274 64 ==== client_session(request_renewcaps seq 63) v1 ==== 28+0+0 (3781678258 0 0) 0x7f4a672a2400 con 0x7f4a60e13000 -3272>
2020-06-01 13:48:10.944932 7f4a4fead700 3 mds.4.server handle_client_session client_session(request_renewcaps seq 63) v1 from client.12643251 -3271>
2020-06-01 13:48:10.944938 7f4a4fead700 1 -- 100.97.140.48:6821/2734156667 --> 10.220.189.38:0/3477759274 -- client_session(renewcaps seq 63) v2 -- 0x7f4a672a8480 con 0 -3270>
2020-06-01 13:48:11.136875 7f4a52627700 5 -- 100.97.140.48:6821/2734156667 >> 10.220.189.38:0/1438414178 conn(0x7f4a60de5000 :6821 s=STATE_OPEN_MESSAGE_READ_FOOTER_AND_DISPATCH pgs=9 cs=1 l=0). rx client.12643256 seq 64 0x7f4a672a2640 client_session(request_renewcaps seq 63) v1 -3269>
2020-06-01 13:48:11.136917 7f4a4fead700 1 -- 100.97.140.48:6821/2734156667 <== client.12643256 10.220.189.38:0/1438414178 64 ==== client_session(request_renewcaps seq 63) v1 ==== 28+0+0 (3781678258 0 0) 0x7f4a672a2640 con 0x7f4a60de5000 -3268>
2020-06-01 13:48:11.136942 7f4a4fead700 3 mds.4.server handle_client_session client_session(request_renewcaps seq 63) v1 from client.12643256 -3267>
2020-06-01 13:48:11.136951 7f4a4fead700 1 -- 100.97.140.48:6821/2734156667 --> 10.220.189.38:0/1438414178 -- client_session(renewcaps seq 63) v2 -- 0x7f4a672a2400 con 0 -3266>
2020-06-01 13:48:11.214853 7f4a51e26700 5 -- 100.97.140.48:6821/2734156667 >> 172.25.166.37:0/4084066274 conn(0x7f4a60e99800 :6821 s=STATE_OPEN_MESSAGE_READ_FOOTER_AND_DISPATCH pgs=17524 cs=1 l=0). rx client.4945768 seq 12621 0x7f4a672a8480 client_session(request_renewcaps seq 811298) v1 -3265>
2020-06-01 13:48:11.214882 7f4a4fead700 1 -- 100.97.140.48:6821/2734156667 <== client.4945768 172.25.166.37:0/4084066274 12621 ==== client_session(request_renewcaps seq 811298) v1 ==== 28+0+0 (2301171072 0 0) 0x7f4a672a8480 con 0x7f4a60e99800 -3264>
2020-06-01 13:48:11.214900 7f4a4fead700 3 mds.4.server handle_client_session client_session(request_renewcaps seq 811298) v1 from client.4945768 -3263>
2020-06-01 13:48:11.214907 7f4a4fead700 1 -- 100.97.140.48:6821/2734156667 --> 172.25.166.37:0/4084066274 -- client_session(renewcaps seq 811298) v2 -- 0x7f4a672a2640 con 0 -3262>
2020-06-01 13:48:11.257942 7f4a51e26700 5 -- 100.97.140.48:6821/2734156667 >> 100.97.140.32:6820/1879232263 conn(0x7f4a60cec800 :6821 s=STATE_OPEN_MESSAGE_READ_FOOTER_AND_DISPATCH pgs=3423089 cs=1 l=0). rx mds.0 seq 320976 0x7f4a611ed700 lock(a=lock inest 0x1.head) v1 -3261>
2020-06-01 13:48:11.257971 7f4a4fead700 1 -- 100.97.140.48:6821/2734156667 <== mds.0 100.97.140.32:6820/1879232263 320976 ==== lock(a=lock inest 0x1.head) v1 ==== 69+0+0 (1800409819 0 0) 0x7f4a611ed700 con 0x7f4a60cec800 -3260>
2020-06-01 13:48:11.258005 7f4a4fead700 1 -- 100.97.140.48:6821/2734156667 _send_message--> mds.0 100.97.140.32:6820/1879232263 -- lock(a=lockack inest 0x1.head) v1 -- ?+0 0x7f4a624e7c00 -3259>
2020-06-01 13:48:11.258017 7f4a4fead700 1 -- 100.97.140.48:6821/2734156667 --> 100.97.140.32:6820/1879232263 -- lock(a=lockack inest 0x1.head) v1 -- 0x7f4a624e7c00 con 0 -3258>
2020-06-01 13:48:11.258057 7f4a51e26700 5 -- 100.97.140.48:6821/2734156667 >> 100.97.140.32:6820/1879232263 conn(0x7f4a60cec800 :6821 s=STATE_OPEN_MESSAGE_READ_FOOTER_AND_DISPATCH pgs=3423089 cs=1 l=0). rx mds.0 seq 320977 0x7f4a6247bc00 lock(a=lock inest 0x10000000002.head) v1 -3257>
2020-06-01 13:48:11.258076 7f4a4fead700 1 -- 100.97.140.48:6821/2734156667 <== mds.0 100.97.140.32:6820/1879232263 320977 ==== lock(a=lock inest 0x10000000002.head) v1 ==== 69+0+0 (1201847954 0 0) 0x7f4a6247bc00 con 0x7f4a60cec800 -3256>
2020-06-01 13:48:11.258091 7f4a4fead700 1 -- 100.97.140.48:6821/2734156667 _send_message--> mds.0 100.97.140.32:6820/1879232263 -- lock(a=lockack inest 0x10000000002.head) v1 -- ?+0 0x7f4a611ed700 -3255>
2020-06-01 13:48:11.258099 7f4a4fead700 1 -- 100.97.140.48:6821/2734156667 --> 100.97.140.32:6820/1879232263 -- lock(a=lockack inest 0x10000000002.head) v1 -- 0x7f4a611ed700 con 0 -3254>
2020-06-01 13:48:11.258506 7f4a51e26700 5 -- 100.97.140.48:6821/2734156667 >> 100.97.140.32:6820/1879232263 conn(0x7f4a60cec800 :6821 s=STATE_OPEN_MESSAGE_READ_FOOTER_AND_DISPATCH pgs=3423089 cs=1 l=0). rx mds.0 seq 320978 0x7f4a6255f980 lock(a=lock inest 0x100000007d3.head) v1 -3253>
2020-06-01 13:48:11.258526 7f4a4fead700 1 -- 100.97.140.48:6821/2734156667 <== mds.0 100.97.140.32:6820/1879232263 320978 ==== lock(a=lock inest 0x100000007d3.head) v1 ==== 69+0+0 (4197004337 0 0) 0x7f4a6255f980 con 0x7f4a60cec800 -3252>
2020-06-01 13:48:11.258532 7f4a51e26700 5 -- 100.97.140.48:6821/2734156667 >> 100.97.140.32:6820/1879232263 conn(0x7f4a60cec800 :6821 s=STATE_OPEN_MESSAGE_READ_FOOTER_AND_DISPATCH pgs=3423089 cs=1 l=0). rx mds.0 seq 320979 0x7f4a6247a800 lock(a=lock inest 0x100000007d4.head) v1 -3251>
2020-06-01 13:48:11.258539 7f4a4fead700 1 -- 100.97.140.48:6821/2734156667 _send_message--> mds.0 100.97.140.32:6820/1879232263 -- lock(a=lockack inest 0x100000007d3.head) v1 -- ?+0 0x7f4a6247bc00 -3250>
2020-06-01 13:48:11.258547 7f4a4fead700 1 -- 100.97.140.48:6821/2734156667 --> 100.97.140.32:6820/1879232263 -- lock(a=lockack inest 0x100000007d3.head) v1 -- 0x7f4a6247bc00 con 0 -3249>
2020-06-01 13:48:11.258597 7f4a4fead700 1 -- 100.97.140.48:6821/2734156667 <== mds.0 100.97.140.32:6820/1879232263 320979 ==== lock(a=lock inest 0x100000007d4.head) v1 ==== 69+0+0 (1632507397 0 0) 0x7f4a6247a800 con 0x7f4a60cec800 -3248>
2020-06-01 13:48:11.258610 7f4a4fead700 1 -- 100.97.140.48:6821/2734156667 _send_message--> mds.0 100.97.140.32:6820/1879232263 -- lock(a=lockack inest 0x100000007d4.head) v1 -- ?+0 0x7f4a6255f980 -3247>
2020-06-01 13:48:11.258618 7f4a4fead700 1 -- 100.97.140.48:6821/2734156667 --> 100.97.140.32:6820/1879232263 -- lock(a=lockack inest 0x100000007d4.head) v1 -- 0x7f4a6255f980 con 0 -3246>
2020-06-01 13:48:11.261169 7f4a51e26700 5 -- 100.97.140.48:6821/2734156667 >> 100.97.140.32:6820/1879232263 conn(0x7f4a60cec800 :6821 s=STATE_OPEN_MESSAGE_READ_FOOTER_AND_DISPATCH pgs=3423089 cs=1 l=0). rx mds.0 seq 320980 0x7f4a6255f980 lock(a=lockflushed inest 0x1.head) v1 -3245>
2020-06-01 13:48:11.261189 7f4a4fead700 1 -- 100.97.140.48:6821/2734156667 <== mds.0 100.97.140.32:6820/1879232263 320980 ==== lock(a=lockflushed inest 0x1.head) v1 ==== 69+0+0 (2317315267 0 0) 0x7f4a6255f980 con 0x7f4a60cec800 -3244>
2020-06-01 13:48:11.261399 7f4a51e26700 5 -- 100.97.140.48:6821/2734156667 >> 100.97.140.32:6820/1879232263 conn(0x7f4a60cec800 :6821 s=STATE_OPEN_MESSAGE_READ_FOOTER_AND_DISPATCH pgs=3423089 cs=1 l=0). rx mds.0 seq 320981 0x7f4a6247bc00 lock(a=mix inest 0x1.head) v1 -3243>
2020-06-01 13:48:11.261431 7f4a4fead700 1 -- 100.97.140.48:6821/2734156667 <== mds.0 100.97.140.32:6820/1879232263 320981 ==== lock(a=mix inest 0x1.head) v1 ==== 291+0+0 (922624006 0 0) 0x7f4a6247bc00 con 0x7f4a60cec800 -3242>
2020-06-01 13:48:11.261452 7f4a51e26700 5 -- 100.97.140.48:6821/2734156667 >> 100.97.140.32:6820/1879232263 conn(0x7f4a60cec800 :6821 s=STATE_OPEN_MESSAGE_READ_FOOTER_AND_DISPATCH pgs=3423089 cs=1 l=0). rx mds.0 seq 320982 0x7f4a611ed700 lock(a=lockflushed inest 0x10000000002.head) v1 -3241>
2020-06-01 13:48:11.261469 7f4a4fead700 1 -- 100.97.140.48:6821/2734156667 <== mds.0 100.97.140.32:6820/1879232263 320982 ==== lock(a=lockflushed inest 0x10000000002.head) v1 ==== 69+0+0 (2800599178 0 0) 0x7f4a611ed700 con 0x7f4a60cec800 -3240>
2020-06-01 13:48:11.261609 7f4a51e26700 5 -- 100.97.140.48:6821/2734156667 >> 100.97.140.32:6820/1879232263 conn(0x7f4a60cec800 :6821 s=STATE_OPEN_MESSAGE_READ_FOOTER_AND_DISPATCH pgs=3423089 cs=1 l=0). rx mds.0 seq 320983 0x7f4a624e7c00 lock(a=mix inest 0x10000000002.head) v1 -3239>
2020-06-01 13:48:11.261627 7f4a4fead700 1 -- 100.97.140.48:6821/2734156667 <== mds.0 100.97.140.32:6820/1879232263 320983 ==== lock(a=mix inest 0x10000000002.head) v1 ==== 291+0+0 (1972595623 0 0) 0x7f4a624e7c00 con 0x7f4a60cec800 -3238>
2020-06-01 13:48:11.261741 7f4a51e26700 5 -- 100.97.140.48:6821/2734156667 >> 100.97.140.32:6820/1879232263 conn(0x7f4a60cec800 :6821 s=STATE_OPEN_MESSAGE_READ_FOOTER_AND_DISPATCH pgs=3423089 cs=1 l=0). rx mds.0 seq 320984 0x7f4a624f0280 lock(a=lockflushed inest 0x100000007d3.head) v1 -3237>
2020-06-01 13:48:11.261759 7f4a4fead700 1 -- 100.97.140.48:6821/2734156667 <== mds.0 100.97.140.32:6820/1879232263 320984 ==== lock(a=lockflushed inest 0x100000007d3.head) v1 ==== 69+0+0 (459688489 0 0) 0x7f4a624f0280 con 0x7f4a60cec800 -3236>
2020-06-01 13:48:11.261863 7f4a51e26700 5 -- 100.97.140.48:6821/2734156667 >> 100.97.140.32:6820/1879232263 conn(0x7f4a60cec800 :6821 s=STATE_OPEN_MESSAGE_READ_FOOTER_AND_DISPATCH pgs=3423089 cs=1 l=0). rx mds.0 seq 320985 0x7f4a62456300 lock(a=mix inest 0x100000007d3.head) v1 -3235>
2020-06-01 13:48:11.261881 7f4a4fead700 1 -- 100.97.140.48:6821/2734156667 <== mds.0 100.97.140.32:6820/1879232263 320985 ==== lock(a=mix inest 0x100000007d3.head) v1 ==== 291+0+0 (3741449773 0 0) 0x7f4a62456300 con 0x7f4a60cec800 -3234>
2020-06-01 13:48:11.261980 7f4a51e26700 5 -- 100.97.140.48:6821/2734156667 >> 100.97.140.32:6820/1879232263 conn(0x7f4a60cec800 :6821 s=STATE_OPEN_MESSAGE_READ_FOOTER_AND_DISPATCH pgs=3423089 cs=1 l=0). rx mds.0 seq 320986 0x7f4a6122cd00 lock(a=lockflushed inest 0x100000007d4.head) v1 -3233>
2020-06-01 13:48:11.261997 7f4a4fead700 1 -- 100.97.140.48:6821/2734156667 <== mds.0 100.97.140.32:6820/1879232263 320986 ==== lock(a=lockflushed inest 0x100000007d4.head) v1 ==== 69+0+0 (2147575837 0 0) 0x7f4a6122cd00 con 0x7f4a60cec800 -3232>
2020-06-01 13:48:11.262129 7f4a51e26700 5 -- 100.97.140.48:6821/2734156667 >> 100.97.140.32:6820/1879232263 conn(0x7f4a60cec800 :6821 s=STATE_OPEN_MESSAGE_READ_FOOTER_AND_DISPATCH pgs=3423089 cs=1 l=0). rx mds.0 seq 320987 0x7f4a6122a280 lock(a=mix inest 0x100000007d4.head) v1 -3231>
2020-06-01 13:48:11.262147 7f4a4fead700 1 -- 100.97.140.48:6821/2734156667 <== mds.0 100.97.140.32:6820/1879232263 320987 ==== lock(a=mix inest 0x100000007d4.head) v1 ==== 291+0+0 (1236477062 0 0) 0x7f4a6122a280 con 0x7f4a60cec800 -3230>
2020-06-01 13:48:11.334691 7f4a51e26700 5 -- 100.97.140.48:6821/2734156667 >> 10.240.90.205:0/1343117931 conn(0x7f4a615dd800 :6821 s=STATE_OPEN_MESSAGE_READ_FOOTER_AND_DISPATCH pgs=63 cs=1 l=0). rx client.4630927 seq 12621 0x7f4a672a2640 client_session(request_renewcaps seq 860283) v1 -3229>
2020-06-01 13:48:11.334725 7f4a4fead700 1 -- 100.97.140.48:6821/2734156667 <== client.4630927 10.240.90.205:0/1343117931 12621 ==== client_session(request_renewcaps seq 860283) v1 ==== 28+0+0 (1431958303 0 0) 0x7f4a672a2640 con 0x7f4a615dd800 -3228>
2020-06-01 13:48:11.334747 7f4a4fead700 3 mds.4.server handle_client_session client_session(request_renewcaps seq 860283) v1 from client.4630927 -3227>
2020-06-01 13:48:11.334755 7f4a4fead700 1 -- 100.97.140.48:6821/2734156667 --> 10.240.90.205:0/1343117931 -- client_session(renewcaps seq 860283) v2 -- 0x7f4a672a8480 con 0 -3226>
2020-06-01 13:48:11.387904 7f4a52e28700 5 -- 100.97.140.48:6821/2734156667 >> 10.220.189.49:0/2756687055 conn(0x7f4a613ff800 :6821 s=STATE_OPEN_MESSAGE_READ_FOOTER_AND_DISPATCH pgs=222893 cs=1 l=0). rx client.12001830 seq 12621 0x7f4a652ad180 client_session(request_renewcaps seq 73076) v1 -3225>
2020-06-01 13:48:11.387942 7f4a4fead700 1 -- 100.97.140.48:6821/2734156667 <== client.12001830 10.220.189.49:0/2756687055 12621 ==== client_session(request_renewcaps seq 73076) v1 ==== 28+0+0 (3900199299 0 0) 0x7f4a652ad180 con 0x7f4a613ff800 -3224>
2020-06-01 13:48:11.387965 7f4a4fead700 3 mds.4.server handle_client_session client_session(request_renewcaps seq 73076) v1 from client.12001830 -3223>
2020-06-01 13:48:11.387972 7f4a4fead700 1 -- 100.97.140.48:6821/2734156667 --> 10.220.189.49:0/2756687055 -- client_session(renewcaps seq 73076) v2 -- 0x7f4a672a2640 con 0 -3222>
2020-06-01 13:48:11.565590 7f4a52627700 5 -- 100.97.140.48:6821/2734156667 >> 10.220.189.16:0/311730536 conn(0x7f4a60e01000 :6821 s=STATE_OPEN_MESSAGE_READ_FOOTER_AND_DISPATCH pgs=28239 cs=1 l=0). rx client.12466179 seq 12623 0x7f4a672a2400 client_session(request_renewcaps seq 20911) v1 -3221>
2020-06-01 13:48:11.565635 7f4a4fead700 1 -- 100.97.140.48:6821/2734156667 <== client.12466179 10.220.189.16:0/311730536 12623 ==== client_session(request_renewcaps seq 20911) v1 ==== 28+0+0 (2018107415 0 0) 0x7f4a672a2400 con 0x7f4a60e01000 -3220>
2020-06-01 13:48:11.565660 7f4a4fead700 3 mds.4.server handle_client_session client_session(request_renewcaps seq 20911) v1 from client.12466179 -3219>
2020-06-01 13:48:11.565668 7f4a4fead700 1 -- 100.97.140.48:6821/2734156667 --> 10.220.189.16:0/311730536 -- client_session(renewcaps seq 20911) v2 -- 0x7f4a652ad180 con 0 -3218>
2020-06-01 13:48:11.743499 7f4a52e28700 5 -- 100.97.140.48:6821/2734156667 >> 10.220.189.38:0/3339982019 conn(0x7f4a65392000 :6821 s=STATE_OPEN_MESSAGE_READ_FOOTER_AND_DISPATCH pgs=9 cs=1 l=0). rx client.12650235 seq 64 0x7f4a672a2640 client_session(request_renewcaps seq 63) v1 -3217>
2020-06-01 13:48:11.743546 7f4a4fead700 1 -- 100.97.140.48:6821/2734156667 <== client.12650235 10.220.189.38:0/3339982019 64 ==== client_session(request_renewcaps seq 63) v1 ==== 28+0+0 (3781678258 0 0) 0x7f4a672a2640 con 0x7f4a65392000 -3216>
2020-06-01 13:48:11.743569 7f4a4fead700 3 mds.4.server handle_client_session client_session(request_renewcaps seq 63) v1 from client.12650235 -3215>
2020-06-01 13:48:11.743578 7f4a4fead700 1 -- 100.97.140.48:6821/2734156667 --> 10.220.189.38:0/3339982019 -- client_session(renewcaps seq 63) v2 -- 0x7f4a672a2400 con 0 -3214>
2020-06-01 13:48:11.786450 7f4a52627700 5 -- 100.97.140.48:6821/2734156667 >> 10.220.87.185:0/1242522617 conn(0x7f4a60c01800 :6821 s=STATE_OPEN_MESSAGE_READ_FOOTER_AND_DISPATCH pgs=71 cs=1 l=0). rx client.3883616 seq 12621 0x7f4a652ad180 client_session(request_renewcaps seq 1014670) v1 -3213>
2020-06-01 13:48:11.786487 7f4a4fead700 1 -- 100.97.140.48:6821/2734156667 <== client.3883616 10.220.87.185:0/1242522617 12621 ==== client_session(request_renewcaps seq 1014670) v1 ==== 28+0+0 (1949714220 0 0) 0x7f4a652ad180 con 0x7f4a60c01800 -3212>
2020-06-01 13:48:11.786514 7f4a4fead700 3 mds.4.server handle_client_session client_session(request_renewcaps seq 1014670) v1 from client.3883616 -3211>
2020-06-01 13:48:11.786523 7f4a4fead700 1 -- 100.97.140.48:6821/2734156667 --> 10.220.87.185:0/1242522617 -- client_session(renewcaps seq 1014670) v2 -- 0x7f4a672a2640 con 0 -3210>
2020-06-01 13:48:11.801073 7f4a52627700 5 -- 100.97.140.48:6821/2734156667 >> 10.220.87.176:0/1709518094 conn(0x7f4a60c8b800 :6821 s=STATE_OPEN_MESSAGE_READ_FOOTER_AND_DISPATCH pgs=71 cs=1 l=0). rx client.3887672 seq 12621 0x7f4a672a2640 client_session(request_renewcaps seq 1014673) v1 -3209>
2020-06-01 13:48:11.801100 7f4a4fead700 1 -- 100.97.140.48:6821/2734156667 <== client.3887672 10.220.87.176:0/1709518094 12621 ==== client_session(request_renewcaps seq 1014673) v1 ==== 28+0+0 (409283755 0 0) 0x7f4a672a2640 con 0x7f4a60c8b800 -3208>
2020-06-01 13:48:11.801119 7f4a4fead700 3 mds.4.server handle_client_session client_session(request_renewcaps seq 1014673) v1 from client.3887672 -3207>
2020-06-01 13:48:11.801125 7f4a4fead700 1 -- 100.97.140.48:6821/2734156667 --> 10.220.87.176:0/1709518094 -- client_session(renewcaps seq 1014673) v2 -- 0x7f4a652ad180 con 0 -3206>
2020-06-01 13:48:11.802891 7f4a52e28700 5 -- 100.97.140.48:6821/2734156667 >> 10.220.189.25:0/1011392620 conn(0x7f4a6157a800 :6821 s=STATE_OPEN_MESSAGE_READ_FOOTER_AND_DISPATCH pgs=107131 cs=1 l=0). rx client.11723821 seq 12621 0x7f4a672a2400 client_session(request_renewcaps seq 103480) v1 -3205>
2020-06-01 13:48:11.802919 7f4a4fead700 1 -- 100.97.140.48:6821/2734156667 <== client.11723821 10.220.189.25:0/1011392620 12621 ==== client_session(request_renewcaps seq 103480) v1 ==== 28+0+0 (750448291 0 0) 0x7f4a672a2400 con 0x7f4a6157a800 -3204>
2020-06-01 13:48:11.802937 7f4a4fead700 3 mds.4.server handle_client_session client_session(request_renewcaps seq 103480) v1 from client.11723821 -3203>
2020-06-01 13:48:11.802943 7f4a4fead700 1 -- 100.97.140.48:6821/2734156667 --> 10.220.189.25:0/1011392620 -- client_session(renewcaps seq 103480) v2 -- 0x7f4a672a2640 con 0 -3202>
2020-06-01 13:48:11.853301 7f4a52627700 5 -- 100.97.140.48:6821/2734156667 >> 10.220.189.31:0/1792764322 conn(0x7f4a60cae000 :6821 s=STATE_OPEN_MESSAGE_READ_FOOTER_AND_DISPATCH pgs=293454 cs=1 l=0). rx client.10927552 seq 12621 0x7f4a652ad180 client_session(request_renewcaps seq 193629) v1 -3201>
2020-06-01 13:48:11.853331 7f4a4fead700 1 -- 100.97.140.48:6821/2734156667 <== client.10927552 10.220.189.31:0/1792764322 12621 ==== client_session(request_renewcaps seq 193629) v1 ==== 28+0+0 (496207649 0 0) 0x7f4a652ad180 con 0x7f4a60cae000 -3200>
2020-06-01 13:48:11.853349 7f4a4fead700 3 mds.4.server handle_client_session client_session(request_renewcaps seq 193629) v1 from client.10927552 -3199>
2020-06-01 13:48:11.853355 7f4a4fead700 1 -- 100.97.140.48:6821/2734156667 --> 10.220.189.31:0/1792764322 -- client_session(renewcaps seq 193629) v2 -- 0x7f4a672a2400 con 0 -3198>
2020-06-01 13:48:11.887579 7f4a51e26700 5 -- 100.97.140.48:6821/2734156667 >> 10.220.189.33:0/1241347125 conn(0x7f4a60ae2800 :6821 s=STATE_OPEN_MESSAGE_READ_FOOTER_AND_DISPATCH pgs=28 cs=1 l=0). rx client.10344972 seq 12621 0x7f4a672a8480 client_session(request_renewcaps seq 259655) v1 -3197>
2020-06-01 13:48:11.887606 7f4a4fead700 1 -- 100.97.140.48:6821/2734156667 <== client.10344972 10.220.189.33:0/1241347125 12621 ==== client_session(request_renewcaps seq 259655) v1 ==== 28+0+0 (2665137974 0 0) 0x7f4a672a8480 con 0x7f4a60ae2800 -3196>
2020-06-01 13:48:11.887624 7f4a4fead700 3 mds.4.server handle_client_session client_session(request_renewcaps seq 259655) v1 from client.10344972 -3195>
2020-06-01 13:48:11.887630 7f4a4fead700 1 -- 100.97.140.48:6821/2734156667 --> 10.220.189.33:0/1241347125 -- client_session(renewcaps seq 259655) v2 -- 0x7f4a652ad180 con 0 -3194>
2020-06-01 13:48:11.971616 7f4a52e28700 5 -- 100.97.140.48:6821/2734156667 >> 10.220.189.27:0/2712278580 conn(0x7f4a60c28000 :6821 s=STATE_OPEN_MESSAGE_READ_FOOTER_AND_DISPATCH pgs=168748 cs=1 l=0). rx client.11873220 seq 12621 0x7f4a672a2640 client_session(request_renewcaps seq 87433) v1 -3193>
2020-06-01 13:48:11.971651 7f4a4fead700 1 -- 100.97.140.48:6821/2734156667 <== client.11873220 10.220.189.27:0/2712278580 12621 ==== client_session(request_renewcaps seq 87433) v1 ==== 28+0+0 (1808913026 0 0) 0x7f4a672a2640 con 0x7f4a60c28000 -3192>
2020-06-01 13:48:11.971672 7f4a4fead700 3 mds.4.server handle_client_session client_session(request_renewcaps seq 87433) v1 from client.11873220 -3191>
2020-06-01 13:48:11.971679 7f4a4fead700 1 -- 100.97.140.48:6821/2734156667 --> 10.220.189.27:0/2712278580 -- client_session(renewcaps seq 87433) v2 -- 0x7f4a672a8480 con 0 -3190>
2020-06-01 13:48:12.026534 7f4a51e26700 5 -- 100.97.140.48:6821/2734156667 >> 10.220.189.48:0/3519480120 conn(0x7f4a615be800 :6821 s=STATE_OPEN_MESSAGE_READ_FOOTER_AND_DISPATCH pgs=222911 cs=1 l=0). rx client.11993282 seq 12621 0x7f4a652ad180 client_session(request_renewcaps seq 73111) v1 -3189>
2020-06-01 13:48:12.026577 7f4a4fead700 1 -- 100.97.140.48:6821/2734156667 <== client.11993282 10.220.189.48:0/3519480120 12621 ==== client_session(request_renewcaps seq 73111) v1 ==== 28+0+0 (174267125 0 0) 0x7f4a652ad180 con 0x7f4a615be800 -3188>
2020-06-01 13:48:12.026601 7f4a4fead700 3 mds.4.server handle_client_session client_session(request_renewcaps seq 73111) v1 from client.11993282 -3187>
2020-06-01 13:48:12.026609 7f4a4fead700 1 -- 100.97.140.48:6821/2734156667 --> 10.220.189.48:0/3519480120 -- client_session(renewcaps seq 73111) v2 -- 0x7f4a672a2640 con 0 -3186>
2020-06-01 13:48:12.198639 7f4a51e26700 5 -- 100.97.140.48:6821/2734156667 >> 10.220.189.13:0/865039835 conn(0x7f4a6160e800 :6821 s=STATE_OPEN_MESSAGE_READ_FOOTER_AND_DISPATCH pgs=28 cs=1 l=0). rx client.12163694 seq 12621 0x7f4a672a2640 client_session(request_renewcaps seq 55261) v1 -3185>
2020-06-01 13:48:12.198786 7f4a4fead700 1 -- 100.97.140.48:6821/2734156667 <== client.12163694 10.220.189.13:0/865039835 12621 ==== client_session(request_renewcaps seq 55261) v1 ==== 28+0+0 (2287023283 0 0) 0x7f4a672a2640 con 0x7f4a6160e800 -3184>
2020-06-01 13:48:12.198810 7f4a4fead700 3 mds.4.server handle_client_session client_session(request_renewcaps seq 55261) v1 from client.12163694 -3183>
2020-06-01 13:48:12.198819 7f4a4fead700 1 -- 100.97.140.48:6821/2734156667 --> 10.220.189.13:0/865039835 -- client_session(renewcaps seq 55261) v2 -- 0x7f4a652ad180 con 0 -3182>
2020-06-01 13:48:12.221909 7f4a52627700 5 -- 100.97.140.48:6821/2734156667 >> 10.221.83.226:0/1533166538 conn(0x7f4a60ead000 :6821 s=STATE_OPEN_MESSAGE_READ_FOOTER_AND_DISPATCH pgs=17246 cs=1 l=0). rx client.4947541 seq 12621 0x7f4a672a2400 client_session(request_renewcaps seq 811308) v1 -3181>
2020-06-01 13:48:12.221951 7f4a4fead700 1 -- 100.97.140.48:6821/2734156667 <== client.4947541 10.221.83.226:0/1533166538 12621 ==== client_session(request_renewcaps seq 811308) v1 ==== 28+0+0 (3667835122 0 0) 0x7f4a672a2400 con 0x7f4a60ead000 -3180>
2020-06-01 13:48:12.221975 7f4a4fead700 3 mds.4.server handle_client_session client_session(request_renewcaps seq 811308) v1 from client.4947541 -3179>
2020-06-01 13:48:12.221983 7f4a4fead700 1 -- 100.97.140.48:6821/2734156667 --> 10.221.83.226:0/1533166538 -- client_session(renewcaps seq 811308) v2 -- 0x7f4a672a2640 con 0 -3178>
2020-06-01 13:48:12.223889 7f4a52627700 5 -- 100.97.140.48:6821/2734156667 >> 10.220.189.40:0/2959448533 conn(0x7f4a60e5b000 :6821 s=STATE_OPEN_MESSAGE_READ_FOOTER_AND_DISPATCH pgs=9 cs=1 l=0). rx client.12532533 seq 12482 0x7f4a672a2640 client_session(request_renewcaps seq 12481) v1 -3177>
2020-06-01 13:48:12.223913 7f4a4fead700 1 -- 100.97.140.48:6821/2734156667 <== client.12532533 10.220.189.40:0/2959448533 12482 ==== client_session(request_renewcaps seq 12481) v1 ==== 28+0+0 (3549610583 0 0) 0x7f4a672a2640 con 0x7f4a60e5b000 -3176>
2020-06-01 13:48:12.223923 7f4a4fead700 3 mds.4.server handle_client_session client_session(request_renewcaps seq 12481) v1 from client.12532533 -3175>
2020-06-01 13:48:12.223928 7f4a4fead700 1 -- 100.97.140.48:6821/2734156667 --> 10.220.189.40:0/2959448533 -- client_session(renewcaps seq 12481) v2 -- 0x7f4a672a2400 con 0 -3174>
2020-06-01 13:48:12.250871 7f4a52627700 5 -- 100.97.140.48:6821/2734156667 >> 10.220.189.33:0/3289364450 conn(0x7f4a60de6800 :6821 s=STATE_OPEN_MESSAGE_READ_FOOTER_AND_DISPATCH pgs=22 cs=1 l=0). rx client.12459796 seq 12621 0x7f4a672a2400 client_session(request_renewcaps seq 20442) v1 -3173>
2020-06-01 13:48:12.250900 7f4a4fead700 1 -- 100.97.140.48:6821/2734156667 <== client.12459796 10.220.189.33:0/3289364450 12621 ==== client_session(request_renewcaps seq 20442) v1 ==== 28+0+0 (1804684500 0 0) 0x7f4a672a2400 con 0x7f4a60de6800 -3172>
2020-06-01 13:48:12.250919 7f4a4fead700 3 mds.4.server handle_client_session client_session(request_renewcaps seq 20442) v1 from client.12459796 -3171>
2020-06-01 13:48:12.250925 7f4a4fead700 1 -- 100.97.140.48:6821/2734156667 --> 10.220.189.33:0/3289364450 -- client_session(renewcaps seq 20442) v2 -- 0x7f4a672a2640 con 0 -3170>
2020-06-01 13:48:12.474492 7f4a52627700 5 -- 100.97.140.48:6821/2734156667 >> 10.220.189.33:0/779277436 conn(0x7f4a6141f000 :6821 s=STATE_OPEN_MESSAGE_READ_FOOTER_AND_DISPATCH pgs=10928 cs=1 l=0). rx client.10358938 seq 12621 0x7f4a672a2640 client_session(request_renewcaps seq 258235) v1 -3169>
2020-06-01 13:48:12.474547 7f4a4fead700 1 -- 100.97.140.48:6821/2734156667 <== client.10358938 10.220.189.33:0/779277436 12621 ==== client_session(request_renewcaps seq 258235) v1 ==== 28+0+0 (697741734 0 0) 0x7f4a672a2640 con 0x7f4a6141f000 -3168>
2020-06-01 13:48:12.474572 7f4a4fead700 3 mds.4.server handle_client_session client_session(request_renewcaps seq 258235) v1 from client.10358938 -3167>
2020-06-01 13:48:12.474580 7f4a4fead700 1 -- 100.97.140.48:6821/2734156667 --> 10.220.189.33:0/779277436 -- client_session(renewcaps seq 258235) v2 -- 0x7f4a672a2400 con 0 -3166>
2020-06-01 13:48:12.529816 7f4a506ae700 5 asok(0x7f4a608301c0) AdminSocket: request 'get_command_descriptions' '' to 0x7f4a607fc210 returned 4711 bytes -3165>
2020-06-01 13:48:12.553108 7f4a506ae700 1 do_command 'perf dump' ' -3164>
2020-06-01 13:48:12.553309 7f4a506ae700 1 do_command 'perf dump' 'result is 9143 bytes -3163>
2020-06-01 13:48:12.553313 7f4a506ae700 5 asok(0x7f4a608301c0) AdminSocket: request 'perf dump' '' to 0x7f4a607fc040 returned 9143 bytes -3162>
2020-06-01 13:48:12.785322 7f4a52e28700 5 -- 100.97.140.48:6821/2734156667 >> 10.220.87.206:0/2567815884 conn(0x7f4a60af4000 :6821 s=STATE_OPEN_MESSAGE_READ_FOOTER_AND_DISPATCH pgs=65 cs=1 l=0). rx client.4175265 seq 12621 0x7f4a672a8480 client_session(request_renewcaps seq 933738) v1 -3161>
2020-06-01 13:48:12.785370 7f4a4fead700 1 -- 100.97.140.48:6821/2734156667 <== client.4175265 10.220.87.206:0/2567815884 12621 ==== client_session(request_renewcaps seq 933738) v1 ==== 28+0+0 (642120171 0 0) 0x7f4a672a8480 con 0x7f4a60af4000 -3160>
2020-06-01 13:48:12.785395 7f4a4fead700 3 mds.4.server handle_client_session client_session(request_renewcaps seq 933738) v1 from client.4175265 -3159>
2020-06-01 13:48:12.785404 7f4a4fead700 1 -- 100.97.140.48:6821/2734156667 --> 10.220.87.206:0/2567815884 -- client_session(renewcaps seq 933738) v2 -- 0x7f4a672a2640 con 0 -3158>
2020-06-01 13:48:12.886877 7f4a51e26700 5 -- 100.97.140.48:6821/2734156667 >> 10.220.189.33:0/3272808245 conn(0x7f4a60e49000 :6821 s=STATE_OPEN_MESSAGE_READ_FOOTER_AND_DISPATCH pgs=22 cs=1 l=0). rx client.12459801 seq 12621 0x7f4a652ad180 client_session(request_renewcaps seq 20442) v1 -3157>
2020-06-01 13:48:12.886912 7f4a4fead700 1 -- 100.97.140.48:6821/2734156667 <== client.12459801 10.220.189.33:0/3272808245 12621 ==== client_session(request_renewcaps seq 20442) v1 ==== 28+0+0 (1804684500 0 0) 0x7f4a652ad180 con 0x7f4a60e49000 -3156>
2020-06-01 13:48:12.886935 7f4a4fead700 3 mds.4.server handle_client_session client_session(request_renewcaps seq 20442) v1 from client.12459801 -3155>
2020-06-01 13:48:12.886943 7f4a4fead700 1 -- 100.97.140.48:6821/2734156667 --> 10.220.189.33:0/3272808245 -- client_session(renewcaps seq 20442) v2 -- 0x7f4a672a8480 con 0 -3154>
2020-06-01 13:48:12.904901 7f4a52e28700 5 -- 100.97.140.48:6821/2734156667 >> 10.220.189.23:0/4136029670 conn(0x7f4a60e46000 :6821 s=STATE_OPEN_MESSAGE_READ_FOOTER_AND_DISPATCH pgs=22 cs=1 l=0). rx client.12483301 seq 12621 0x7f4a672a2640 client_session(request_renewcaps seq 17794) v1 -3153>
2020-06-01 13:48:12.904927 7f4a4fead700 1 -- 100.97.140.48:6821/2734156667 <== client.12483301 10.220.189.23:0/4136029670 12621 ==== client_session(request_renewcaps seq 17794) v1 ==== 28+0+0 (2019686215 0 0) 0x7f4a672a2640 con 0x7f4a60e46000 -3152>
2020-06-01 13:48:12.904945 7f4a4fead700 3 mds.4.server handle_client_session client_session(request_renewcaps seq 17794) v1 from client.12483301 -3151>
2020-06-01 13:48:12.904951 7f4a4fead700 1 -- 100.97.140.48:6821/2734156667 --> 10.220.189.23:0/4136029670 -- client_session(renewcaps seq 17794) v2 -- 0x7f4a652ad180 con 0 -3150>
2020-06-01 13:48:13.011474 7f4a52e28700 5 -- 100.97.140.48:6821/2734156667 >> 10.220.189.13:0/1931206989 conn(0x7f4a615fc800 :6821 s=STATE_OPEN_MESSAGE_READ_FOOTER_AND_DISPATCH pgs=33263 cs=1 l=0). rx client.12373562 seq 12621 0x7f4a652ad180 client_session(request_renewcaps seq 30093) v1 -3149>
2020-06-01 13:48:13.011530 7f4a4fead700 1 -- 100.97.140.48:6821/2734156667 <== client.12373562 10.220.189.13:0/1931206989 12621 ==== client_session(request_renewcaps seq 30093) v1 ==== 28+0+0 (1549229378 0 0) 0x7f4a652ad180 con 0x7f4a615fc800 -3148>
2020-06-01 13:48:13.011555 7f4a4fead700 3 mds.4.server handle_client_session client_session(request_renewcaps seq 30093) v1 from client.12373562 -3147>
2020-06-01 13:48:13.011565 7f4a4fead700 1 -- 100.97.140.48:6821/2734156667 --> 10.220.189.13:0/1931206989 -- client_session(renewcaps seq 30093) v2 -- 0x7f4a672a2640 con 0 -3146>
