2020-06-01 13:48:43.034697 7f4a51e26700 5 -- 100.97.140.48:6821/2734156667 >> 10.220.189.44:0/2725550367 conn(0x7f4a61577800 :6821 s=STATE_OPEN_MESSAGE_READ_FOOTER_AND_DISPATCH pgs=235991 cs=1 l=0). rx client.10355245 seq 12623 0x7f4a672a2400 client_session(request_renewcaps seq 259427) v1 -1763>
2020-06-01 13:48:43.034731 7f4a4fead700 1 -- 100.97.140.48:6821/2734156667 <== client.10355245 10.220.189.44:0/2725550367 12623 ==== client_session(request_renewcaps seq 259427) v1 ==== 28+0+0 (3975368355 0 0) 0x7f4a672a2400 con 0x7f4a61577800 -1762>
2020-06-01 13:48:43.034753 7f4a4fead700 3 mds.4.server handle_client_session client_session(request_renewcaps seq 259427) v1 from client.10355245 -1761>
2020-06-01 13:48:43.034761 7f4a4fead700 1 -- 100.97.140.48:6821/2734156667 --> 10.220.189.44:0/2725550367 -- client_session(renewcaps seq 259427) v2 -- 0x7f4a672a8b40 con 0 -1760>
2020-06-01 13:48:43.493609 7f4a52e28700 5 -- 100.97.140.48:6821/2734156667 >> 10.220.189.26:0/1338026786 conn(0x7f4a60bf1000 :6821 s=STATE_OPEN_MESSAGE_READ_FOOTER_AND_DISPATCH pgs=28 cs=1 l=0). rx client.10625920 seq 12623 0x7f4a672a8480 client_session(request_renewcaps seq 228688) v1 -1759>
2020-06-01 13:48:43.493657 7f4a4fead700 1 -- 100.97.140.48:6821/2734156667 <== client.10625920 10.220.189.26:0/1338026786 12623 ==== client_session(request_renewcaps seq 228688) v1 ==== 28+0+0 (578807861 0 0) 0x7f4a672a8480 con 0x7f4a60bf1000 -1758>
2020-06-01 13:48:43.493682 7f4a4fead700 3 mds.4.server handle_client_session client_session(request_renewcaps seq 228688) v1 from client.10625920 -1757>
2020-06-01 13:48:43.493691 7f4a4fead700 1 -- 100.97.140.48:6821/2734156667 --> 10.220.189.26:0/1338026786 -- client_session(renewcaps seq 228688) v2 -- 0x7f4a672a2400 con 0 -1756>
2020-06-01 13:48:43.508017 7f4a52627700 5 -- 100.97.140.48:6821/2734156667 >> 10.220.189.45:0/3046312250 conn(0x7f4a61579000 :6821 s=STATE_OPEN_MESSAGE_READ_FOOTER_AND_DISPATCH pgs=222915 cs=1 l=0). rx client.12005004 seq 12623 0x7f4a652ad180 client_session(request_renewcaps seq 73135) v1 -1755>
2020-06-01 13:48:43.508057 7f4a4fead700 1 -- 100.97.140.48:6821/2734156667 <== client.12005004 10.220.189.45:0/3046312250 12623 ==== client_session(request_renewcaps seq 73135) v1 ==== 28+0+0 (1095883212 0 0) 0x7f4a652ad180 con 0x7f4a61579000 -1754>
2020-06-01 13:48:43.508080 7f4a4fead700 3 mds.4.server handle_client_session client_session(request_renewcaps seq 73135) v1 from client.12005004 -1753>
2020-06-01 13:48:43.508088 7f4a4fead700 1 -- 100.97.140.48:6821/2734156667 --> 10.220.189.45:0/3046312250 -- client_session(renewcaps seq 73135) v2 -- 0x7f4a672a8480 con 0 -1752>
2020-06-01 13:48:43.509787 7f4a52e28700 5 -- 100.97.140.48:6821/2734156667 >> 10.220.189.15:0/390352979 conn(0x7f4a60d96000 :6821 s=STATE_OPEN_MESSAGE_READ_FOOTER_AND_DISPATCH pgs=275595 cs=1 l=0). rx client.11850909 seq 12628 0x7f4a672a2400 client_session(request_renewcaps seq 90270) v1 -1751>
2020-06-01 13:48:43.509813 7f4a4fead700 1 -- 100.97.140.48:6821/2734156667 <== client.11850909 10.220.189.15:0/390352979 12628 ==== client_session(request_renewcaps seq 90270) v1 ==== 28+0+0 (2904523664 0 0) 0x7f4a672a2400 con 0x7f4a60d96000 -1750>
2020-06-01 13:48:43.509822 7f4a4fead700 3 mds.4.server handle_client_session client_session(request_renewcaps seq 90270) v1 from client.11850909 -1749>
2020-06-01 13:48:43.509828 7f4a4fead700 1 -- 100.97.140.48:6821/2734156667 --> 10.220.189.15:0/390352979 -- client_session(renewcaps seq 90270) v2 -- 0x7f4a652ad180 con 0 -1748>
2020-06-01 13:48:43.512331 7f4a52e28700 5 -- 100.97.140.48:6821/2734156667 >> 10.220.189.18:0/490149428 conn(0x7f4a616ac000 :6821 s=STATE_OPEN_MESSAGE_READ_FOOTER_AND_DISPATCH pgs=46266 cs=1 l=0). rx client.12377847 seq 12625 0x7f4a652ad180 client_session(request_renewcaps seq 29620) v1 -1747>
2020-06-01 13:48:43.512355 7f4a4fead700 1 -- 100.97.140.48:6821/2734156667 <== client.12377847 10.220.189.18:0/490149428 12625 ==== client_session(request_renewcaps seq 29620) v1 ==== 28+0+0 (2486045332 0 0) 0x7f4a652ad180 con 0x7f4a616ac000 -1746>
2020-06-01 13:48:43.512368 7f4a4fead700 3 mds.4.server handle_client_session client_session(request_renewcaps seq 29620) v1 from client.12377847 -1745>
2020-06-01 13:48:43.512374 7f4a4fead700 1 -- 100.97.140.48:6821/2734156667 --> 10.220.189.18:0/490149428 -- client_session(renewcaps seq 29620) v2 -- 0x7f4a672a2400 con 0 -1744>
2020-06-01 13:48:44.315253 7f4a52627700 5 -- 100.97.140.48:6821/2734156667 >> 10.220.87.171:0/844521640 conn(0x7f4a61409800 :6821 s=STATE_OPEN_MESSAGE_READ_FOOTER_AND_DISPATCH pgs=3445020 cs=1 l=0). rx client.3881273 seq 12623 0x7f4a672a8480 client_session(request_renewcaps seq 1014673) v1 -1743>
2020-06-01 13:48:44.315300 7f4a4fead700 1 -- 100.97.140.48:6821/2734156667 <== client.3881273 10.220.87.171:0/844521640 12623 ==== client_session(request_renewcaps seq 1014673) v1 ==== 28+0+0 (409283755 0 0) 0x7f4a672a8480 con 0x7f4a61409800 -1742>
2020-06-01 13:48:44.315325 7f4a4fead700 3 mds.4.server handle_client_session client_session(request_renewcaps seq 1014673) v1 from client.3881273 -1741>
2020-06-01 13:48:44.315334 7f4a4fead700 1 -- 100.97.140.48:6821/2734156667 --> 10.220.87.171:0/844521640 -- client_session(renewcaps seq 1014673) v2 -- 0x7f4a652ad180 con 0 -1740>
2020-06-01 13:48:44.321147 7f4a51e26700 5 -- 100.97.140.48:6821/2734156667 >> 10.220.189.26:0/4240916421 conn(0x7f4a615f9800 :6821 s=STATE_OPEN_MESSAGE_READ_FOOTER_AND_DISPATCH pgs=16 cs=1 l=0). rx client.12535760 seq 12623 0x7f4a672a8b40 client_session(request_renewcaps seq 12897) v1 -1739>
2020-06-01 13:48:44.321173 7f4a4fead700 1 -- 100.97.140.48:6821/2734156667 <== client.12535760 10.220.189.26:0/4240916421 12623 ==== client_session(request_renewcaps seq 12897) v1 ==== 28+0+0 (208053308 0 0) 0x7f4a672a8b40 con 0x7f4a615f9800 -1738>
2020-06-01 13:48:44.321189 7f4a4fead700 3 mds.4.server handle_client_session client_session(request_renewcaps seq 12897) v1 from client.12535760 -1737>
2020-06-01 13:48:44.321195 7f4a4fead700 1 -- 100.97.140.48:6821/2734156667 --> 10.220.189.26:0/4240916421 -- client_session(renewcaps seq 12897) v2 -- 0x7f4a672a8480 con 0 -1736>
2020-06-01 13:48:44.533526 7f4a506ae700 5 asok(0x7f4a608301c0) AdminSocket: request 'get_command_descriptions' '' to 0x7f4a607fc210 returned 4711 bytes -1735>
2020-06-01 13:48:44.557391 7f4a506ae700 1 do_command 'perf dump' ' -1734>
2020-06-01 13:48:44.557606 7f4a506ae700 1 do_command 'perf dump' 'result is 9143 bytes -1733>
2020-06-01 13:48:44.557610 7f4a506ae700 5 asok(0x7f4a608301c0) AdminSocket: request 'perf dump' '' to 0x7f4a607fc040 returned 9143 bytes -1732>
2020-06-01 13:48:44.695895 7f4a52627700 5 -- 100.97.140.48:6821/2734156667 >> 10.220.189.17:0/3263787529 conn(0x7f4a60dd1800 :6821 s=STATE_OPEN_MESSAGE_READ_FOOTER_AND_DISPATCH pgs=168 cs=1 l=0). rx client.12496260 seq 12623 0x7f4a652ad180 client_session(request_renewcaps seq 17254) v1 -1731>
2020-06-01 13:48:44.695938 7f4a4fead700 1 -- 100.97.140.48:6821/2734156667 <== client.12496260 10.220.189.17:0/3263787529 12623 ==== client_session(request_renewcaps seq 17254) v1 ==== 28+0+0 (2326084841 0 0) 0x7f4a652ad180 con 0x7f4a60dd1800 -1730>
2020-06-01 13:48:44.695964 7f4a4fead700 3 mds.4.server handle_client_session client_session(request_renewcaps seq 17254) v1 from client.12496260 -1729>
2020-06-01 13:48:44.695973 7f4a4fead700 1 -- 100.97.140.48:6821/2734156667 --> 10.220.189.17:0/3263787529 -- client_session(renewcaps seq 17254) v2 -- 0x7f4a672a8b40 con 0 -1728>
2020-06-01 13:48:45.096541 7f4a4eeab700 10 monclient: tick -1727>
2020-06-01 13:48:45.096561 7f4a4eeab700 10 monclient: _check_auth_rotating have uptodate secrets (they expire after
2020-06-01 13:48:15.096558) -1726>
2020-06-01 13:48:45.097092 7f4a4d6a8700 2 mds.4.cache check_memory_usage total 509144, rss 128824, heap 16888, baseline 16888, buffers 0, 0 / 39 inodes have caps, 0 caps, 0 caps per inode -1725>
2020-06-01 13:48:45.098865 7f4a51e26700 5 -- 100.97.140.48:6821/2734156667 >> 10.220.189.29:0/3971196822 conn(0x7f4a61653000 :6821 s=STATE_OPEN_MESSAGE_READ_FOOTER_AND_DISPATCH pgs=163128 cs=1 l=0). rx client.12119051 seq 12623 0x7f4a672a8480 client_session(request_renewcaps seq 58807) v1 -1724>
2020-06-01 13:48:45.098904 7f4a4fead700 1 -- 100.97.140.48:6821/2734156667 <== client.12119051 10.220.189.29:0/3971196822 12623 ==== client_session(request_renewcaps seq 58807) v1 ==== 28+0+0 (212261275 0 0) 0x7f4a672a8480 con 0x7f4a61653000 -1723>
2020-06-01 13:48:45.098929 7f4a4fead700 3 mds.4.server handle_client_session client_session(request_renewcaps seq 58807) v1 from client.12119051 -1722>
2020-06-01 13:48:45.098937 7f4a4fead700 1 -- 100.97.140.48:6821/2734156667 --> 10.220.189.29:0/3971196822 -- client_session(renewcaps seq 58807) v2 -- 0x7f4a652ad180 con 0 -1721>
2020-06-01 13:48:45.338511 7f4a52627700 5 -- 100.97.140.48:6821/2734156667 >> 10.240.90.205:0/637664608 conn(0x7f4a615dc000 :6821 s=STATE_OPEN_MESSAGE_READ_FOOTER_AND_DISPATCH pgs=3032211 cs=1 l=0). rx client.4629798 seq 12623 0x7f4a672a8b40 client_session(request_renewcaps seq 860282) v1 -1720>
2020-06-01 13:48:45.338552 7f4a4fead700 1 -- 100.97.140.48:6821/2734156667 <== client.4629798 10.240.90.205:0/637664608 12623 ==== client_session(request_renewcaps seq 860282) v1 ==== 28+0+0 (4011209105 0 0) 0x7f4a672a8b40 con 0x7f4a615dc000 -1719>
2020-06-01 13:48:45.338575 7f4a4fead700 3 mds.4.server handle_client_session client_session(request_renewcaps seq 860282) v1 from client.4629798 -1718>
2020-06-01 13:48:45.338584 7f4a4fead700 1 -- 100.97.140.48:6821/2734156667 --> 10.240.90.205:0/637664608 -- client_session(renewcaps seq 860282) v2 -- 0x7f4a672a8480 con 0 -1717>
2020-06-01 13:48:45.340796 7f4a4dea9700 1 -- 100.97.140.48:6821/2734156667 --> 100.97.140.48:6820/2345 -- mgrreport(unknown.TX-97-140-48 +0-0 packed 214) v5 -- 0x7f4a60ebfe40 con 0 -1716>
2020-06-01 13:48:45.404962 7f4a51e26700 5 -- 100.97.140.48:6821/2734156667 >> 10.220.189.14:0/2939900705 conn(0x7f4a60e70000 :6821 s=STATE_OPEN_MESSAGE_READ_FOOTER_AND_DISPATCH pgs=170 cs=1 l=0). rx client.12488361 seq 12623 0x7f4a652ad180 client_session(request_renewcaps seq 17254) v1 -1715>
2020-06-01 13:48:45.405007 7f4a4fead700 1 -- 100.97.140.48:6821/2734156667 <== client.12488361 10.220.189.14:0/2939900705 12623 ==== client_session(request_renewcaps seq 17254) v1 ==== 28+0+0 (2326084841 0 0) 0x7f4a652ad180 con 0x7f4a60e70000 -1714>
2020-06-01 13:48:45.405031 7f4a4fead700 3 mds.4.server handle_client_session client_session(request_renewcaps seq 17254) v1 from client.12488361 -1713>
2020-06-01 13:48:45.405040 7f4a4fead700 1 -- 100.97.140.48:6821/2734156667 --> 10.220.189.14:0/2939900705 -- client_session(renewcaps seq 17254) v2 -- 0x7f4a672a8b40 con 0 -1712>
2020-06-01 13:48:45.457082 7f4a52e28700 5 -- 100.97.140.48:6821/2734156667 >> 10.240.105.171:0/2093041080 conn(0x7f4a60e8a800 :6821 s=STATE_OPEN_MESSAGE_READ_FOOTER_AND_DISPATCH pgs=507408 cs=1 l=0). rx client.10539328 seq 12623 0x7f4a672a2400 client_session(request_renewcaps seq 237895) v1 -1711>
2020-06-01 13:48:45.457112 7f4a4fead700 1 -- 100.97.140.48:6821/2734156667 <== client.10539328 10.240.105.171:0/2093041080 12623 ==== client_session(request_renewcaps seq 237895) v1 ==== 28+0+0 (2175949205 0 0) 0x7f4a672a2400 con 0x7f4a60e8a800 -1710>
2020-06-01 13:48:45.457129 7f4a4fead700 3 mds.4.server handle_client_session client_session(request_renewcaps seq 237895) v1 from client.10539328 -1709>
2020-06-01 13:48:45.457135 7f4a4fead700 1 -- 100.97.140.48:6821/2734156667 --> 10.240.105.171:0/2093041080 -- client_session(renewcaps seq 237895) v2 -- 0x7f4a652ad180 con 0 -1708>
2020-06-01 13:48:45.896625 7f4a52627700 5 -- 100.97.140.48:6821/2734156667 >> 10.220.189.46:0/103757562 conn(0x7f4a60dbd000 :6821 s=STATE_OPEN_MESSAGE_READ_FOOTER_AND_DISPATCH pgs=222915 cs=1 l=0). rx client.12005009 seq 12623 0x7f4a672a8480 client_session(request_renewcaps seq 73135) v1 -1707>
2020-06-01 13:48:45.896673 7f4a4fead700 1 -- 100.97.140.48:6821/2734156667 <== client.12005009 10.220.189.46:0/103757562 12623 ==== client_session(request_renewcaps seq 73135) v1 ==== 28+0+0 (1095883212 0 0) 0x7f4a672a8480 con 0x7f4a60dbd000 -1706>
2020-06-01 13:48:45.896697 7f4a4fead700 3 mds.4.server handle_client_session client_session(request_renewcaps seq 73135) v1 from client.12005009 -1705>
2020-06-01 13:48:45.896706 7f4a4fead700 1 -- 100.97.140.48:6821/2734156667 --> 10.220.189.46:0/103757562 -- client_session(renewcaps seq 73135) v2 -- 0x7f4a672a2400 con 0 -1704>
2020-06-01 13:48:46.259041 7f4a51e26700 5 -- 100.97.140.48:6821/2734156667 >> 100.97.140.32:6820/1879232263 conn(0x7f4a60cec800 :6821 s=STATE_OPEN_MESSAGE_READ_FOOTER_AND_DISPATCH pgs=3423089 cs=1 l=0). rx mds.0 seq 321052 0x7f4a6252a300 lock(a=lock inest 0x10002a2db42.head) v1 -1703>
2020-06-01 13:48:46.259090 7f4a4fead700 1 -- 100.97.140.48:6821/2734156667 <== mds.0 100.97.140.32:6820/1879232263 321052 ==== lock(a=lock inest 0x10002a2db42.head) v1 ==== 69+0+0 (523299892 0 0) 0x7f4a6252a300 con 0x7f4a60cec800 -1702>
2020-06-01 13:48:46.259131 7f4a4fead700 1 -- 100.97.140.48:6821/2734156667 _send_message--> mds.0 100.97.140.32:6820/1879232263 -- lock(a=lockack inest 0x10002a2db42.head) v1 -- ?+0 0x7f4a62479e00 -1701>
2020-06-01 13:48:46.259144 7f4a4fead700 1 -- 100.97.140.48:6821/2734156667 --> 100.97.140.32:6820/1879232263 -- lock(a=lockack inest 0x10002a2db42.head) v1 -- 0x7f4a62479e00 con 0 -1700>
2020-06-01 13:48:46.259544 7f4a51e26700 5 -- 100.97.140.48:6821/2734156667 >> 100.97.140.32:6820/1879232263 conn(0x7f4a60cec800 :6821 s=STATE_OPEN_MESSAGE_READ_FOOTER_AND_DISPATCH pgs=3423089 cs=1 l=0). rx mds.0 seq 321053 0x7f4a6255c780 HB magic: 0 v1 -1699>
2020-06-01 13:48:46.259565 7f4a4fead700 1 -- 100.97.140.48:6821/2734156667 <== mds.0 100.97.140.32:6820/1879232263 321053 ==== HB magic: 0 v1 ==== 358+0+0 (2502079955 0 0) 0x7f4a6255c780 con 0x7f4a60cec800 -1698>
2020-06-01 13:48:46.259628 7f4a4fead700 5 mds.4.bal mds.4 epoch 2811841 load mdsload<[0,0 0]/[0,0 0], req 0, hr 0, qlen 0, cpu 0.61> -1697>
2020-06-01 13:48:46.259650 7f4a4fead700 1 -- 100.97.140.48:6821/2734156667 _send_message--> mds.0 100.97.140.32:6820/1879232263 -- HB magic: 0 v1 -- ?+0 0x7f4a6252a300 -1696>
2020-06-01 13:48:46.259658 7f4a4fead700 1 -- 100.97.140.48:6821/2734156667 --> 100.97.140.32:6820/1879232263 -- HB magic: 0 v1 -- 0x7f4a6252a300 con 0 -1695>
2020-06-01 13:48:46.259671 7f4a4fead700 1 -- 100.97.140.48:6821/2734156667 _send_message--> mds.1 100.97.140.52:6820/390676609 -- HB magic: 0 v1 -- ?+0 0x7f4a61776080 -1694>
2020-06-01 13:48:46.259678 7f4a4fead700 1 -- 100.97.140.48:6821/2734156667 --> 100.97.140.52:6820/390676609 -- HB magic: 0 v1 -- 0x7f4a61776080 con 0 -1693>
2020-06-01 13:48:46.259692 7f4a4fead700 1 -- 100.97.140.48:6821/2734156667 _send_message--> mds.2 100.97.140.61:6820/557565904 -- HB magic: 0 v1 -- ?+0 0x7f4a611ed980 -1692>
2020-06-01 13:48:46.259699 7f4a4fead700 1 -- 100.97.140.48:6821/2734156667 --> 100.97.140.61:6820/557565904 -- HB magic: 0 v1 -- 0x7f4a611ed980 con 0 -1691>
2020-06-01 13:48:46.259710 7f4a4fead700 1 -- 100.97.140.48:6821/2734156667 _send_message--> mds.3 100.97.140.31:6820/2617382067 -- HB magic: 0 v1 -- ?+0 0x7f4a6247af80 -1690>
2020-06-01 13:48:46.259718 7f4a4fead700 1 -- 100.97.140.48:6821/2734156667 --> 100.97.140.31:6820/2617382067 -- HB magic: 0 v1 -- 0x7f4a6247af80 con 0 -1689>
2020-06-01 13:48:46.259733 7f4a4fead700 1 -- 100.97.140.48:6821/2734156667 _send_message--> mds.5 100.97.140.57:6820/168678367 -- HB magic: 0 v1 -- ?+0 0x7f4a6252b700 -1688>
2020-06-01 13:48:46.259741 7f4a4fead700 1 -- 100.97.140.48:6821/2734156667 --> 100.97.140.57:6820/168678367 -- HB magic: 0 v1 -- 0x7f4a6252b700 con 0 -1687>
2020-06-01 13:48:46.259751 7f4a4fead700 1 -- 100.97.140.48:6821/2734156667 _send_message--> mds.6 100.97.140.56:6820/1897498247 -- HB magic: 0 v1 -- ?+0 0x7f4a624f1400 -1686>
2020-06-01 13:48:46.259759 7f4a4fead700 1 -- 100.97.140.48:6821/2734156667 --> 100.97.140.56:6820/1897498247 -- HB magic: 0 v1 -- 0x7f4a624f1400 con 0 -1685>
2020-06-01 13:48:46.259770 7f4a4fead700 1 -- 100.97.140.48:6821/2734156667 _send_message--> mds.7 100.97.140.50:6820/2234244794 -- HB magic: 0 v1 -- ?+0 0x7f4a62454c80 -1684>
2020-06-01 13:48:46.259778 7f4a4fead700 1 -- 100.97.140.48:6821/2734156667 --> 100.97.140.50:6820/2234244794 -- HB magic: 0 v1 -- 0x7f4a62454c80 con 0 -1683>
2020-06-01 13:48:46.259866 7f4a52627700 5 -- 100.97.140.48:6821/2734156667 >> 100.97.140.52:6820/390676609 conn(0x7f4a60b06800 :-1 s=STATE_OPEN_MESSAGE_READ_FOOTER_AND_DISPATCH pgs=1387905 cs=1 l=0). rx mds.1 seq 25250 0x7f4a61776f80 HB magic: 0 v1 -1682>
2020-06-01 13:48:46.259889 7f4a4fead700 1 -- 100.97.140.48:6821/2734156667 <== mds.1 100.97.140.52:6820/390676609 25250 ==== HB magic: 0 v1 ==== 366+0+0 (465321206 0 0) 0x7f4a61776f80 con 0x7f4a60b06800 -1681>
2020-06-01 13:48:46.259887 7f4a52e28700 5 -- 100.97.140.48:6821/2734156667 >> 100.97.140.31:6820/2617382067 conn(0x7f4a60ad3000 :-1 s=STATE_OPEN_MESSAGE_READ_FOOTER_AND_DISPATCH pgs=1752386 cs=1 l=0). rx mds.3 seq 25245 0x7f4a611a0080 HB magic: 0 v1 -1680>
2020-06-01 13:48:46.259911 7f4a4fead700 1 -- 100.97.140.48:6821/2734156667 <== mds.3 100.97.140.31:6820/2617382067 25245 ==== HB magic: 0 v1 ==== 366+0+0 (3360602082 0 0) 0x7f4a611a0080 con 0x7f4a60ad3000 -1679>
2020-06-01 13:48:46.259909 7f4a51e26700 5 -- 100.97.140.48:6821/2734156667 >> 100.97.140.56:6820/1897498247 conn(0x7f4a60bef800 :-1 s=STATE_OPEN_MESSAGE_READ_FOOTER_AND_DISPATCH pgs=208465 cs=1 l=0). rx mds.6 seq 25245 0x7f4a62479e00 HB magic: 0 v1 -1678>
2020-06-01 13:48:46.259933 7f4a4fead700 1 -- 100.97.140.48:6821/2734156667 <== mds.6 100.97.140.56:6820/1897498247 25245 ==== HB magic: 0 v1 ==== 358+0+0 (224458127 0 0) 0x7f4a62479e00 con 0x7f4a60bef800 -1677>
2020-06-01 13:48:46.259983 7f4a51e26700 5 -- 100.97.140.48:6821/2734156667 >> 100.97.140.32:6820/1879232263 conn(0x7f4a60cec800 :6821 s=STATE_OPEN_MESSAGE_READ_FOOTER_AND_DISPATCH pgs=3423089 cs=1 l=0). rx mds.0 seq 321054 0x7f4a6282b840 gather_caps(0x10002a2cf74) v1 -1676>
2020-06-01 13:48:46.260001 7f4a4fead700 1 -- 100.97.140.48:6821/2734156667 <== mds.0 100.97.140.32:6820/1879232263 321054 ==== gather_caps(0x10002a2cf74) v1 ==== 8+0+0 (4184419736 0 0) 0x7f4a6282b840 con 0x7f4a60cec800 -1675>
2020-06-01 13:48:46.260050 7f4a51e26700 5 -- 100.97.140.48:6821/2734156667 >> 100.97.140.61:6820/557565904 conn(0x7f4a60ad1800 :-1 s=STATE_OPEN_MESSAGE_READ_FOOTER_AND_DISPATCH pgs=1620 cs=1 l=0). rx mds.2 seq 25244 0x7f4a624f1400 HB magic: 0 v1 -1674>
2020-06-01 13:48:46.260067 7f4a4fead700 1 -- 100.97.140.48:6821/2734156667 <== mds.2 100.97.140.61:6820/557565904 25244 ==== HB magic: 0 v1 ==== 366+0+0 (3856312733 0 0) 0x7f4a624f1400 con 0x7f4a60ad1800 -1673>
2020-06-01 13:48:46.260107 7f4a52627700 5 -- 100.97.140.48:6821/2734156667 >> 100.97.140.57:6820/168678367 conn(0x7f4a60ad4800 :-1 s=STATE_OPEN_MESSAGE_READ_FOOTER_AND_DISPATCH pgs=4866 cs=1 l=0). rx mds.5 seq 25245 0x7f4a61776080 HB magic: 0 v1 -1672>
2020-06-01 13:48:46.260130 7f4a4fead700 1 -- 100.97.140.48:6821/2734156667 <== mds.5 100.97.140.57:6820/168678367 25245 ==== HB magic: 0 v1 ==== 366+0+0 (201458963 0 0) 0x7f4a61776080 con 0x7f4a60ad4800 -1671>
2020-06-01 13:48:46.260147 7f4a52e28700 5 -- 100.97.140.48:6821/2734156667 >> 100.97.140.50:6820/2234244794 conn(0x7f4a60bee000 :-1 s=STATE_OPEN_MESSAGE_READ_FOOTER_AND_DISPATCH pgs=300173 cs=1 l=0). rx mds.7 seq 25245 0x7f4a6247af80 HB magic: 0 v1 -1670>
2020-06-01 13:48:46.260171 7f4a4fead700 1 -- 100.97.140.48:6821/2734156667 <== mds.7 100.97.140.50:6820/2234244794 25245 ==== HB magic: 0 v1 ==== 358+0+0 (1065455051 0 0) 0x7f4a6247af80 con 0x7f4a60bee000 -1669>
2020-06-01 13:48:46.260182 7f4a4fead700 5 mds.4.bal prep_rebalance: cluster loads are -1668>
2020-06-01 13:48:46.260207 7f4a4fead700 5 mds.4.bal prep_rebalance: my load 0 target 3.20764e+08 total 2.56611e+09 -1667>
2020-06-01 13:48:46.260217 7f4a4fead700 5 mds.4.bal i am underloaded or barely overloaded, doing nothing. -1666>
2020-06-01 13:48:46.261409 7f4a51e26700 5 -- 100.97.140.48:6821/2734156667 >> 100.97.140.32:6820/1879232263 conn(0x7f4a60cec800 :6821 s=STATE_OPEN_MESSAGE_READ_FOOTER_AND_DISPATCH pgs=3423089 cs=1 l=0). rx mds.0 seq 321055 0x7f4a611ed980 lock(a=lockflushed inest 0x10002a2db42.head) v1 -1665>
2020-06-01 13:48:46.261430 7f4a4fead700 1 -- 100.97.140.48:6821/2734156667 <== mds.0 100.97.140.32:6820/1879232263 321055 ==== lock(a=lockflushed inest 0x10002a2db42.head) v1 ==== 69+0+0 (4269773356 0 0) 0x7f4a611ed980 con 0x7f4a60cec800 -1664>
2020-06-01 13:48:46.261592 7f4a51e26700 5 -- 100.97.140.48:6821/2734156667 >> 100.97.140.32:6820/1879232263 conn(0x7f4a60cec800 :6821 s=STATE_OPEN_MESSAGE_READ_FOOTER_AND_DISPATCH pgs=3423089 cs=1 l=0). rx mds.0 seq 321056 0x7f4a6252a300 lock(a=mix inest 0x10002a2db42.head) v1 -1663>
2020-06-01 13:48:46.261610 7f4a4fead700 1 -- 100.97.140.48:6821/2734156667 <== mds.0 100.97.140.32:6820/1879232263 321056 ==== lock(a=mix inest 0x10002a2db42.head) v1 ==== 291+0+0 (3678397489 0 0) 0x7f4a6252a300 con 0x7f4a60cec800 -1662>
2020-06-01 13:48:46.346569 7f4a4cea7700 10 monclient: _send_mon_message to mon.TX-97-140-59 at 100.97.140.59:6789/0 -1661>
2020-06-01 13:48:46.346585 7f4a4cea7700 1 -- 100.97.140.48:6821/2734156667 --> 100.97.140.59:6789/0 -- mdsbeacon(12541229/TX-97-140-48 up:active seq 63111 v415) v7 -- 0x7f4a67301a00 con 0 -1660>
2020-06-01 13:48:46.347571 7f4a52627700 5 -- 100.97.140.48:6821/2734156667 >> 100.97.140.59:6789/0 conn(0x7f4a60a43000 :-1 s=STATE_OPEN_MESSAGE_READ_FOOTER_AND_DISPATCH pgs=2504874 cs=1 l=1). rx mon.4 seq 63312 0x7f4a67301a00 mdsbeacon(12541229/TX-97-140-48 up:active seq 63111 v415) v7 -1659>
2020-06-01 13:48:46.347599 7f4a4fead700 1 -- 100.97.140.48:6821/2734156667 <== mon.4 100.97.140.59:6789/0 63312 ==== mdsbeacon(12541229/TX-97-140-48 up:active seq 63111 v415) v7 ==== 137+0+0 (1626380858 0 0) 0x7f4a67301a00 con 0x7f4a60a43000 -1658>
2020-06-01 13:48:46.360019 7f4a52e28700 5 -- 100.97.140.48:6821/2734156667 >> 10.220.189.56:0/1009371684 conn(0x7f4a60e71800 :6821 s=STATE_OPEN_MESSAGE_READ_FOOTER_AND_DISPATCH pgs=2038 cs=1 l=0). rx client.12488371 seq 12623 0x7f4a652ad180 client_session(request_renewcaps seq 17254) v1 -1657>
2020-06-01 13:48:46.360045 7f4a4fead700 1 -- 100.97.140.48:6821/2734156667 <== client.12488371 10.220.189.56:0/1009371684 12623 ==== client_session(request_renewcaps seq 17254) v1 ==== 28+0+0 (2326084841 0 0) 0x7f4a652ad180 con 0x7f4a60e71800 -1656>
2020-06-01 13:48:46.360057 7f4a4fead700 3 mds.4.server handle_client_session client_session(request_renewcaps seq 17254) v1 from client.12488371 -1655>
2020-06-01 13:48:46.360065 7f4a4fead700 1 -- 100.97.140.48:6821/2734156667 --> 10.220.189.56:0/1009371684 -- client_session(renewcaps seq 17254) v2 -- 0x7f4a672a8480 con 0 -1654>
2020-06-01 13:48:46.467746 7f4a51e26700 5 -- 100.97.140.48:6821/2734156667 >> 10.220.189.43:0/3730083321 conn(0x7f4a60caf800 :6821 s=STATE_OPEN_MESSAGE_READ_FOOTER_AND_DISPATCH pgs=61 cs=1 l=0). rx client.6380056 seq 12623 0x7f4a672a8b40 client_session(request_renewcaps seq 647726) v1 -1653>
2020-06-01 13:48:46.467795 7f4a4fead700 1 -- 100.97.140.48:6821/2734156667 <== client.6380056 10.220.189.43:0/3730083321 12623 ==== client_session(request_renewcaps seq 647726) v1 ==== 28+0+0 (842895000 0 0) 0x7f4a672a8b40 con 0x7f4a60caf800 -1652>
2020-06-01 13:48:46.467821 7f4a4fead700 3 mds.4.server handle_client_session client_session(request_renewcaps seq 647726) v1 from client.6380056 -1651>
2020-06-01 13:48:46.467830 7f4a4fead700 1 -- 100.97.140.48:6821/2734156667 --> 10.220.189.43:0/3730083321 -- client_session(renewcaps seq 647726) v2 -- 0x7f4a652ad180 con 0 -1650>
2020-06-01 13:48:46.921329 7f4a52627700 5 -- 100.97.140.48:6821/2734156667 >> 10.240.7.24:0/2549208329 conn(0x7f4a60de2000 :6821 s=STATE_OPEN_MESSAGE_READ_FOOTER_AND_DISPATCH pgs=3540948 cs=1 l=0). rx client.3891150 seq 12623 0x7f4a672a2400 client_session(request_renewcaps seq 1014670) v1 -1649>
2020-06-01 13:48:46.921378 7f4a4fead700 1 -- 100.97.140.48:6821/2734156667 <== client.3891150 10.240.7.24:0/2549208329 12623 ==== client_session(request_renewcaps seq 1014670) v1 ==== 28+0+0 (1949714220 0 0) 0x7f4a672a2400 con 0x7f4a60de2000 -1648>
2020-06-01 13:48:46.921403 7f4a4fead700 3 mds.4.server handle_client_session client_session(request_renewcaps seq 1014670) v1 from client.3891150 -1647>
2020-06-01 13:48:46.921412 7f4a4fead700 1 -- 100.97.140.48:6821/2734156667 --> 10.240.7.24:0/2549208329 -- client_session(renewcaps seq 1014670) v2 -- 0x7f4a672a8b40 con 0 -1646>
2020-06-01 13:48:47.006172 7f4a51e26700 5 -- 100.97.140.48:6821/2734156667 >> 10.220.189.2:0/2619389564 conn(0x7f4a61420800 :6821 s=STATE_OPEN_MESSAGE_READ_FOOTER_AND_DISPATCH pgs=104024 cs=1 l=0). rx client.12261165 seq 12623 0x7f4a652ad180 client_session(request_renewcaps seq 43908) v1 -1645>
2020-06-01 13:48:47.006205 7f4a4fead700 1 -- 100.97.140.48:6821/2734156667 <== client.12261165 10.220.189.2:0/2619389564 12623 ==== client_session(request_renewcaps seq 43908) v1 ==== 28+0+0 (3256984987 0 0) 0x7f4a652ad180 con 0x7f4a61420800 -1644>
2020-06-01 13:48:47.006226 7f4a4fead700 3 mds.4.server handle_client_session client_session(request_renewcaps seq 43908) v1 from client.12261165 -1643>
2020-06-01 13:48:47.006234 7f4a4fead700 1 -- 100.97.140.48:6821/2734156667 --> 10.220.189.2:0/2619389564 -- client_session(renewcaps seq 43908) v2 -- 0x7f4a672a2400 con 0 -1642>
2020-06-01 13:48:47.365701 7f4a52e28700 5 -- 100.97.140.48:6821/2734156667 >> 10.220.87.197:0/2146303333 conn(0x7f4a60cfb800 :6821 s=STATE_OPEN_MESSAGE_READ_FOOTER_AND_DISPATCH pgs=71 cs=1 l=0). rx client.3887687 seq 12623 0x7f4a672a8480 client_session(request_renewcaps seq 1014672) v1 -1641>
2020-06-01 13:48:47.365746 7f4a4fead700 1 -- 100.97.140.48:6821/2734156667 <== client.3887687 10.220.87.197:0/2146303333 12623 ==== client_session(request_renewcaps seq 1014672) v1 ==== 28+0+0 (2720722469 0 0) 0x7f4a672a8480 con 0x7f4a60cfb800 -1640>
2020-06-01 13:48:47.365771 7f4a4fead700 3 mds.4.server handle_client_session client_session(request_renewcaps seq 1014672) v1 from client.3887687 -1639>
2020-06-01 13:48:47.365780 7f4a4fead700 1 -- 100.97.140.48:6821/2734156667 --> 10.220.87.197:0/2146303333 -- client_session(renewcaps seq 1014672) v2 -- 0x7f4a652ad180 con 0 -1638>
2020-06-01 13:48:47.453747 7f4a52627700 5 -- 100.97.140.48:6821/2734156667 >> 10.220.189.44:0/1865944452 conn(0x7f4a61576000 :6821 s=STATE_OPEN_MESSAGE_READ_FOOTER_AND_DISPATCH pgs=190655 cs=1 l=0). rx client.11925639 seq 12623 0x7f4a672a8b40 client_session(request_renewcaps seq 81959) v1 -1637>
2020-06-01 13:48:47.453778 7f4a4fead700 1 -- 100.97.140.48:6821/2734156667 <== client.11925639 10.220.189.44:0/1865944452 12623 ==== client_session(request_renewcaps seq 81959) v1 ==== 28+0+0 (4026530965 0 0) 0x7f4a672a8b40 con 0x7f4a61576000 -1636>
2020-06-01 13:48:47.453797 7f4a4fead700 3 mds.4.server handle_client_session client_session(request_renewcaps seq 81959) v1 from client.11925639 -1635>
2020-06-01 13:48:47.453804 7f4a4fead700 1 -- 100.97.140.48:6821/2734156667 --> 10.220.189.44:0/1865944452 -- client_session(renewcaps seq 81959) v2 -- 0x7f4a672a8480 con 0 -1634>
2020-06-01 13:48:47.469669 7f4a52e28700 5 -- 100.97.140.48:6821/2734156667 >> 10.240.219.240:0/3083912231 conn(0x7f4a615e0800 :6821 s=STATE_OPEN_MESSAGE_READ_FOOTER_AND_DISPATCH pgs=1838864 cs=1 l=0). rx client.4636259 seq 12623 0x7f4a652ad180 client_session(request_renewcaps seq 860259) v1 -1633>
2020-06-01 13:48:47.469694 7f4a4fead700 1 -- 100.97.140.48:6821/2734156667 <== client.4636259 10.240.219.240:0/3083912231 12623 ==== client_session(request_renewcaps seq 860259) v1 ==== 28+0+0 (282152481 0 0) 0x7f4a652ad180 con 0x7f4a615e0800 -1632>
2020-06-01 13:48:47.469710 7f4a4fead700 3 mds.4.server handle_client_session client_session(request_renewcaps seq 860259) v1 from client.4636259 -1631>
2020-06-01 13:48:47.469715 7f4a4fead700 1 -- 100.97.140.48:6821/2734156667 --> 10.240.219.240:0/3083912231 -- client_session(renewcaps seq 860259) v2 -- 0x7f4a672a8b40 con 0 -1630>
2020-06-01 13:48:47.580264 7f4a52627700 5 -- 100.97.140.48:6821/2734156667 >> 10.220.189.56:0/1073224370 conn(0x7f4a60e58000 :6821 s=STATE_OPEN_MESSAGE_READ_FOOTER_AND_DISPATCH pgs=146 cs=1 l=0). rx client.12487861 seq 12623 0x7f4a672a8480 client_session(request_renewcaps seq 17295) v1 -1629>
2020-06-01 13:48:47.580310 7f4a4fead700 1 -- 100.97.140.48:6821/2734156667 <== client.12487861 10.220.189.56:0/1073224370 12623 ==== client_session(request_renewcaps seq 17295) v1 ==== 28+0+0 (3656269111 0 0) 0x7f4a672a8480 con 0x7f4a60e58000 -1628>
2020-06-01 13:48:47.580335 7f4a4fead700 3 mds.4.server handle_client_session client_session(request_renewcaps seq 17295) v1 from client.12487861 -1627>
2020-06-01 13:48:47.580344 7f4a4fead700 1 -- 100.97.140.48:6821/2734156667 --> 10.220.189.56:0/1073224370 -- client_session(renewcaps seq 17295) v2 -- 0x7f4a652ad180 con 0 -1626>
2020-06-01 13:48:48.005524 7f4a51e26700 5 -- 100.97.140.48:6821/2734156667 >> 10.220.87.196:0/2262904259 conn(0x7f4a60b03800 :6821 s=STATE_OPEN_MESSAGE_READ_FOOTER_AND_DISPATCH pgs=70 cs=1 l=0). rx client.3891265 seq 12623 0x7f4a672a2400 client_session(request_renewcaps seq 1014670) v1 -1625>
2020-06-01 13:48:48.005570 7f4a4fead700 1 -- 100.97.140.48:6821/2734156667 <== client.3891265 10.220.87.196:0/2262904259 12623 ==== client_session(request_renewcaps seq 1014670) v1 ==== 28+0+0 (1949714220 0 0) 0x7f4a672a2400 con 0x7f4a60b03800 -1624>
2020-06-01 13:48:48.005596 7f4a4fead700 3 mds.4.server handle_client_session client_session(request_renewcaps seq 1014670) v1 from client.3891265 -1623>
2020-06-01 13:48:48.005605 7f4a4fead700 1 -- 100.97.140.48:6821/2734156667 --> 10.220.87.196:0/2262904259 -- client_session(renewcaps seq 1014670) v2 -- 0x7f4a672a8480 con 0 -1622>
2020-06-01 13:48:48.063956 7f4a52e28700 5 -- 100.97.140.48:6821/2734156667 >> 10.220.189.20:0/3075858096 conn(0x7f4a616b0800 :6821 s=STATE_OPEN_MESSAGE_READ_FOOTER_AND_DISPATCH pgs=169 cs=1 l=0). rx client.12496265 seq 12623 0x7f4a672a8b40 client_session(request_renewcaps seq 17254) v1 -1621>
2020-06-01 13:48:48.063984 7f4a4fead700 1 -- 100.97.140.48:6821/2734156667 <== client.12496265 10.220.189.20:0/3075858096 12623 ==== client_session(request_renewcaps seq 17254) v1 ==== 28+0+0 (2326084841 0 0) 0x7f4a672a8b40 con 0x7f4a616b0800 -1620>
2020-06-01 13:48:48.064001 7f4a4fead700 3 mds.4.server handle_client_session client_session(request_renewcaps seq 17254) v1 from client.12496265 -1619>
2020-06-01 13:48:48.064007 7f4a4fead700 1 -- 100.97.140.48:6821/2734156667 --> 10.220.189.20:0/3075858096 -- client_session(renewcaps seq 17254) v2 -- 0x7f4a672a2400 con 0 -1618>
2020-06-01 13:48:48.204535 7f4a51e26700 5 -- 100.97.140.48:6821/2734156667 >> 10.220.189.22:0/852108787 conn(0x7f4a61689000 :6821 s=STATE_OPEN_MESSAGE_READ_FOOTER_AND_DISPATCH pgs=7190 cs=1 l=0). rx client.10874481 seq 12623 0x7f4a672a8480 client_session(request_renewcaps seq 199706) v1 -1617>
2020-06-01 13:48:48.204569 7f4a4fead700 1 -- 100.97.140.48:6821/2734156667 <== client.10874481 10.220.189.22:0/852108787 12623 ==== client_session(request_renewcaps seq 199706) v1 ==== 28+0+0 (558043391 0 0) 0x7f4a672a8480 con 0x7f4a61689000 -1616>
2020-06-01 13:48:48.204590 7f4a4fead700 3 mds.4.server handle_client_session client_session(request_renewcaps seq 199706) v1 from client.10874481 -1615>
2020-06-01 13:48:48.204597 7f4a4fead700 1 -- 100.97.140.48:6821/2734156667 --> 10.220.189.22:0/852108787 -- client_session(renewcaps seq 199706) v2 -- 0x7f4a672a8b40 con 0 -1614>
2020-06-01 13:48:48.206253 7f4a51e26700 5 -- 100.97.140.48:6821/2734156667 >> 10.220.189.55:0/3434164293 conn(0x7f4a61767800 :6821 s=STATE_OPEN_MESSAGE_READ_FOOTER_AND_DISPATCH pgs=8 cs=1 l=0). rx client.12531582 seq 12507 0x7f4a672a8b40 client_session(request_renewcaps seq 12506) v1 -1613>
2020-06-01 13:48:48.206276 7f4a4fead700 1 -- 100.97.140.48:6821/2734156667 <== client.12531582 10.220.189.55:0/3434164293 12507 ==== client_session(request_renewcaps seq 12506) v1 ==== 28+0+0 (1562791434 0 0) 0x7f4a672a8b40 con 0x7f4a61767800 -1612>
2020-06-01 13:48:48.206286 7f4a4fead700 3 mds.4.server handle_client_session client_session(request_renewcaps seq 12506) v1 from client.12531582 -1611>
2020-06-01 13:48:48.206289 7f4a4fead700 1 -- 100.97.140.48:6821/2734156667 --> 10.220.189.55:0/3434164293 -- client_session(renewcaps seq 12506) v2 -- 0x7f4a672a8480 con 0 -1610>
2020-06-01 13:48:48.298326 7f4a52627700 5 -- 100.97.140.48:6821/2734156667 >> 10.220.87.162:0/1422558278 conn(0x7f4a60cfd000 :6821 s=STATE_OPEN_MESSAGE_READ_FOOTER_AND_DISPATCH pgs=2644495 cs=1 l=0). rx client.4716459 seq 12623 0x7f4a652ad180 client_session(request_renewcaps seq 840299) v1 -1609>
2020-06-01 13:48:48.298368 7f4a4fead700 1 -- 100.97.140.48:6821/2734156667 <== client.4716459 10.220.87.162:0/1422558278 12623 ==== client_session(request_renewcaps seq 840299) v1 ==== 28+0+0 (2474750126 0 0) 0x7f4a652ad180 con 0x7f4a60cfd000 -1608>
2020-06-01 13:48:48.298393 7f4a4fead700 3 mds.4.server handle_client_session client_session(request_renewcaps seq 840299) v1 from client.4716459 -1607>
2020-06-01 13:48:48.298401 7f4a4fead700 1 -- 100.97.140.48:6821/2734156667 --> 10.220.87.162:0/1422558278 -- client_session(renewcaps seq 840299) v2 -- 0x7f4a672a8b40 con 0 -1606>
2020-06-01 13:48:48.324353 7f4a52e28700 5 -- 100.97.140.48:6821/2734156667 >> 172.25.173.35:0/36664501 conn(0x7f4a60e9b000 :6821 s=STATE_OPEN_MESSAGE_READ_FOOTER_AND_DISPATCH pgs=17529 cs=1 l=0). rx client.4948887 seq 12623 0x7f4a672a2400 client_session(request_renewcaps seq 811293) v1 -1605>
2020-06-01 13:48:48.324386 7f4a4fead700 1 -- 100.97.140.48:6821/2734156667 <== client.4948887 172.25.173.35:0/36664501 12623 ==== client_session(request_renewcaps seq 811293) v1 ==== 28+0+0 (3955228672 0 0) 0x7f4a672a2400 con 0x7f4a60e9b000 -1604>
2020-06-01 13:48:48.324403 7f4a4fead700 3 mds.4.server handle_client_session client_session(request_renewcaps seq 811293) v1 from client.4948887 -1603>
2020-06-01 13:48:48.324411 7f4a4fead700 1 -- 100.97.140.48:6821/2734156667 --> 172.25.173.35:0/36664501 -- client_session(renewcaps seq 811293) v2 -- 0x7f4a652ad180 con 0 -1602>
2020-06-01 13:48:48.451441 7f4a52e28700 5 -- 100.97.140.48:6821/2734156667 >> 10.220.189.32:0/3641406242 conn(0x7f4a6141d800 :6821 s=STATE_OPEN_MESSAGE_READ_FOOTER_AND_DISPATCH pgs=332876 cs=1 l=0). rx client.11155622 seq 12623 0x7f4a652ad180 client_session(request_renewcaps seq 167760) v1 -1601>
2020-06-01 13:48:48.451490 7f4a4fead700 1 -- 100.97.140.48:6821/2734156667 <== client.11155622 10.220.189.32:0/3641406242 12623 ==== client_session(request_renewcaps seq 167760) v1 ==== 28+0+0 (1628221439 0 0) 0x7f4a652ad180 con 0x7f4a6141d800 -1600>
2020-06-01 13:48:48.451519 7f4a4fead700 3 mds.4.server handle_client_session client_session(request_renewcaps seq 167760) v1 from client.11155622 -1599>
2020-06-01 13:48:48.451528 7f4a4fead700 1 -- 100.97.140.48:6821/2734156667 --> 10.220.189.32:0/3641406242 -- client_session(renewcaps seq 167760) v2 -- 0x7f4a672a2400 con 0 -1598>
2020-06-01 13:48:48.459687 7f4a51e26700 5 -- 100.97.140.48:6821/2734156667 >> 10.220.189.26:0/1493129413 conn(0x7f4a615a5800 :6821 s=STATE_OPEN_MESSAGE_READ_FOOTER_AND_DISPATCH pgs=727410 cs=1 l=0). rx client.10629349 seq 12623 0x7f4a672a8480 client_session(request_renewcaps seq 228688) v1 -1597>
2020-06-01 13:48:48.459713 7f4a4fead700 1 -- 100.97.140.48:6821/2734156667 <== client.10629349 10.220.189.26:0/1493129413 12623 ==== client_session(request_renewcaps seq 228688) v1 ==== 28+0+0 (578807861 0 0) 0x7f4a672a8480 con 0x7f4a615a5800 -1596>
2020-06-01 13:48:48.459730 7f4a4fead700 3 mds.4.server handle_client_session client_session(request_renewcaps seq 228688) v1 from client.10629349 -1595>
2020-06-01 13:48:48.459736 7f4a4fead700 1 -- 100.97.140.48:6821/2734156667 --> 10.220.189.26:0/1493129413 -- client_session(renewcaps seq 228688) v2 -- 0x7f4a652ad180 con 0 -1594>
2020-06-01 13:48:48.531738 7f4a506ae700 5 asok(0x7f4a608301c0) AdminSocket: request 'get_command_descriptions' '' to 0x7f4a607fc210 returned 4711 bytes -1593>
2020-06-01 13:48:48.554981 7f4a506ae700 1 do_command 'perf dump' ' -1592>
2020-06-01 13:48:48.555192 7f4a506ae700 1 do_command 'perf dump' 'result is 9143 bytes -1591>
2020-06-01 13:48:48.555197 7f4a506ae700 5 asok(0x7f4a608301c0) AdminSocket: request 'perf dump' '' to 0x7f4a607fc040 returned 9143 bytes -1590>
2020-06-01 13:48:48.846754 7f4a51e26700 5 -- 100.97.140.48:6821/2734156667 >> 10.220.189.47:0/2312635046 conn(0x7f4a60dd3000 :6821 s=STATE_OPEN_MESSAGE_READ_FOOTER_AND_DISPATCH pgs=222912 cs=1 l=0). rx client.12005234 seq 12623 0x7f4a652ad180 client_session(request_renewcaps seq 73114) v1 -1589>
2020-06-01 13:48:48.846803 7f4a4fead700 1 -- 100.97.140.48:6821/2734156667 <== client.12005234 10.220.189.47:0/2312635046 12623 ==== client_session(request_renewcaps seq 73114) v1 ==== 28+0+0 (2464712420 0 0) 0x7f4a652ad180 con 0x7f4a60dd3000 -1588>
2020-06-01 13:48:48.846827 7f4a4fead700 3 mds.4.server handle_client_session client_session(request_renewcaps seq 73114) v1 from client.12005234 -1587>
2020-06-01 13:48:48.846851 7f4a4fead700 1 -- 100.97.140.48:6821/2734156667 --> 10.220.189.47:0/2312635046 -- client_session(renewcaps seq 73114) v2 -- 0x7f4a672a8480 con 0 -1586>
2020-06-01 13:48:48.873097 7f4a52627700 5 -- 100.97.140.48:6821/2734156667 >> 10.220.189.21:0/3373068911 conn(0x7f4a60ade000 :6821 s=STATE_OPEN_MESSAGE_READ_FOOTER_AND_DISPATCH pgs=1727442 cs=1 l=0). rx client.6491590 seq 12623 0x7f4a672a8b40 client_session(request_renewcaps seq 634896) v1 -1585>
2020-06-01 13:48:48.873131 7f4a4fead700 1 -- 100.97.140.48:6821/2734156667 <== client.6491590 10.220.189.21:0/3373068911 12623 ==== client_session(request_renewcaps seq 634896) v1 ==== 28+0+0 (1384349980 0 0) 0x7f4a672a8b40 con 0x7f4a60ade000 -1584>
2020-06-01 13:48:48.873155 7f4a4fead700 3 mds.4.server handle_client_session client_session(request_renewcaps seq 634896) v1 from client.6491590 -1583>
2020-06-01 13:48:48.873163 7f4a4fead700 1 -- 100.97.140.48:6821/2734156667 --> 10.220.189.21:0/3373068911 -- client_session(renewcaps seq 634896) v2 -- 0x7f4a652ad180 con 0 -1582>
2020-06-01 13:48:48.947230 7f4a52e28700 5 -- 100.97.140.48:6821/2734156667 >> 10.220.189.38:0/3164433327 conn(0x7f4a61efc000 :6821 s=STATE_OPEN_MESSAGE_READ_FOOTER_AND_DISPATCH pgs=9 cs=1 l=0). rx client.12641937 seq 66 0x7f4a672a2400 client_session(request_renewcaps seq 65) v1 -1581>
2020-06-01 13:48:48.947263 7f4a4fead700 1 -- 100.97.140.48:6821/2734156667 <== client.12641937 10.220.189.38:0/3164433327 66 ==== client_session(request_renewcaps seq 65) v1 ==== 28+0+0 (615907250 0 0) 0x7f4a672a2400 con 0x7f4a61efc000 -1580>
2020-06-01 13:48:48.947286 7f4a4fead700 3 mds.4.server handle_client_session client_session(request_renewcaps seq 65) v1 from client.12641937 -1579>
2020-06-01 13:48:48.947292 7f4a4fead700 1 -- 100.97.140.48:6821/2734156667 --> 10.220.189.38:0/3164433327 -- client_session(renewcaps seq 65) v2 -- 0x7f4a672a8b40 con 0 -1578>
2020-06-01 13:48:49.098969 7f4a52627700 5 -- 100.97.140.48:6821/2734156667 >> 10.220.189.29:0/3430848826 conn(0x7f4a6166e000 :6821 s=STATE_OPEN_MESSAGE_READ_FOOTER_AND_DISPATCH pgs=28 cs=1 l=0). rx client.12423314 seq 12623 0x7f4a652ad180 client_session(request_renewcaps seq 25718) v1 -1577>
2020-06-01 13:48:49.099015 7f4a4fead700 1 -- 100.97.140.48:6821/2734156667 <== client.12423314 10.220.189.29:0/3430848826 12623 ==== client_session(request_renewcaps seq 25718) v1 ==== 28+0+0 (3400341605 0 0) 0x7f4a652ad180 con 0x7f4a6166e000 -1576>
2020-06-01 13:48:49.099039 7f4a4fead700 3 mds.4.server handle_client_session client_session(request_renewcaps seq 25718) v1 from client.12423314 -1575>
2020-06-01 13:48:49.099048 7f4a4fead700 1 -- 100.97.140.48:6821/2734156667 --> 10.220.189.29:0/3430848826 -- client_session(renewcaps seq 25718) v2 -- 0x7f4a672a2400 con 0 -1574>
2020-06-01 13:48:49.247145 7f4a52627700 5 -- 100.97.140.48:6821/2734156667 >> 10.220.189.28:0/1874466359 conn(0x7f4a61651800 :6821 s=STATE_OPEN_MESSAGE_READ_FOOTER_AND_DISPATCH pgs=22 cs=1 l=0). rx client.12484318 seq 12623 0x7f4a672a2400 client_session(request_renewcaps seq 17764) v1 -1573>
2020-06-01 13:48:49.247175 7f4a4fead700 1 -- 100.97.140.48:6821/2734156667 <== client.12484318 10.220.189.28:0/1874466359 12623 ==== client_session(request_renewcaps seq 17764) v1 ==== 28+0+0 (3268581733 0 0) 0x7f4a672a2400 con 0x7f4a61651800 -1572>
2020-06-01 13:48:49.247195 7f4a4fead700 3 mds.4.server handle_client_session client_session(request_renewcaps seq 17764) v1 from client.12484318 -1571>
2020-06-01 13:48:49.247202 7f4a4fead700 1 -- 100.97.140.48:6821/2734156667 --> 10.220.189.28:0/1874466359 -- client_session(renewcaps seq 17764) v2 -- 0x7f4a652ad180 con 0 -1570>
2020-06-01 13:48:49.347138 7f4a52e28700 5 -- 100.97.140.48:6821/2734156667 >> 10.220.189.38:0/3011368656 conn(0x7f4a60f25000 :6821 s=STATE_OPEN_MESSAGE_READ_FOOTER_AND_DISPATCH pgs=9 cs=1 l=0). rx client.12641942 seq 66 0x7f4a672a8b40 client_session(request_renewcaps seq 65) v1 -1569>
2020-06-01 13:48:49.347185 7f4a4fead700 1 -- 100.97.140.48:6821/2734156667 <== client.12641942 10.220.189.38:0/3011368656 66 ==== client_session(request_renewcaps seq 65) v1 ==== 28+0+0 (615907250 0 0) 0x7f4a672a8b40 con 0x7f4a60f25000 -1568>
2020-06-01 13:48:49.347209 7f4a4fead700 3 mds.4.server handle_client_session client_session(request_renewcaps seq 65) v1 from client.12641942 -1567>
2020-06-01 13:48:49.347218 7f4a4fead700 1 -- 100.97.140.48:6821/2734156667 --> 10.220.189.38:0/3011368656 -- client_session(renewcaps seq 65) v2 -- 0x7f4a672a2400 con 0 -1566>
2020-06-01 13:48:49.440447 7f4a52e28700 5 -- 100.97.140.48:6821/2734156667 >> 10.220.189.28:0/3409478430 conn(0x7f4a6163e000 :6821 s=STATE_OPEN_MESSAGE_READ_FOOTER_AND_DISPATCH pgs=582 cs=1 l=0). rx client.12420827 seq 12623 0x7f4a672a2400 client_session(request_renewcaps seq 24608) v1 -1565>
2020-06-01 13:48:49.440481 7f4a4fead700 1 -- 100.97.140.48:6821/2734156667 <== client.12420827 10.220.189.28:0/3409478430 12623 ==== client_session(request_renewcaps seq 24608) v1 ==== 28+0+0 (323306038 0 0) 0x7f4a672a2400 con 0x7f4a6163e000 -1564>
2020-06-01 13:48:49.440509 7f4a4fead700 3 mds.4.server handle_client_session client_session(request_renewcaps seq 24608) v1 from client.12420827 -1563>
2020-06-01 13:48:49.440517 7f4a4fead700 1 -- 100.97.140.48:6821/2734156667 --> 10.220.189.28:0/3409478430 -- client_session(renewcaps seq 24608) v2 -- 0x7f4a672a8b40 con 0 -1562>
2020-06-01 13:48:49.526359 7f4a52627700 5 -- 100.97.140.48:6821/2734156667 >> 10.220.189.52:0/2138431180 conn(0x7f4a60da8000 :6821 s=STATE_OPEN_MESSAGE_READ_FOOTER_AND_DISPATCH pgs=222745 cs=1 l=0). rx client.11994443 seq 12623 0x7f4a652ad180 client_session(request_renewcaps seq 73079) v1 -1561>
2020-06-01 13:48:49.526386 7f4a4fead700 1 -- 100.97.140.48:6821/2734156667 <== client.11994443 10.220.189.52:0/2138431180 12623 ==== client_session(request_renewcaps seq 73079) v1 ==== 28+0+0 (591683808 0 0) 0x7f4a652ad180 con 0x7f4a60da8000 -1560>
2020-06-01 13:48:49.526405 7f4a4fead700 3 mds.4.server handle_client_session client_session(request_renewcaps seq 73079) v1 from client.11994443 -1559>
2020-06-01 13:48:49.526411 7f4a4fead700 1 -- 100.97.140.48:6821/2734156667 --> 10.220.189.52:0/2138431180 -- client_session(renewcaps seq 73079) v2 -- 0x7f4a672a2400 con 0 -1558>
2020-06-01 13:48:49.752875 7f4a52e28700 5 -- 100.97.140.48:6821/2734156667 >> 10.220.189.38:0/3072558154 conn(0x7f4a60e25000 :6821 s=STATE_OPEN_MESSAGE_READ_FOOTER_AND_DISPATCH pgs=9 cs=1 l=0). rx client.12650220 seq 66 0x7f4a672a8b40 client_session(request_renewcaps seq 65) v1 -1557>
2020-06-01 13:48:49.752908 7f4a4fead700 1 -- 100.97.140.48:6821/2734156667 <== client.12650220 10.220.189.38:0/3072558154 66 ==== client_session(request_renewcaps seq 65) v1 ==== 28+0+0 (615907250 0 0) 0x7f4a672a8b40 con 0x7f4a60e25000 -1556>
2020-06-01 13:48:49.752928 7f4a4fead700 3 mds.4.server handle_client_session client_session(request_renewcaps seq 65) v1 from client.12650220 -1555>
2020-06-01 13:48:49.752935 7f4a4fead700 1 -- 100.97.140.48:6821/2734156667 --> 10.220.189.38:0/3072558154 -- client_session(renewcaps seq 65) v2 -- 0x7f4a652ad180 con 0 -1554>
2020-06-01 13:48:49.840480 7f4a51e26700 5 -- 100.97.140.48:6821/2734156667 >> 10.220.189.42:0/3445632698 conn(0x7f4a616d3800 :6821 s=STATE_OPEN_MESSAGE_READ_FOOTER_AND_DISPATCH pgs=20380 cs=1 l=0). rx client.12458502 seq 12623 0x7f4a672a8480 client_session(request_renewcaps seq 20692) v1 -1553>
2020-06-01 13:48:49.840517 7f4a4fead700 1 -- 100.97.140.48:6821/2734156667 <== client.12458502 10.220.189.42:0/3445632698 12623 ==== client_session(request_renewcaps seq 20692) v1 ==== 28+0+0 (2430606971 0 0) 0x7f4a672a8480 con 0x7f4a616d3800 -1552>
2020-06-01 13:48:49.840538 7f4a4fead700 3 mds.4.server handle_client_session client_session(request_renewcaps seq 20692) v1 from client.12458502 -1551>
2020-06-01 13:48:49.840545 7f4a4fead700 1 -- 100.97.140.48:6821/2734156667 --> 10.220.189.42:0/3445632698 -- client_session(renewcaps seq 20692) v2 -- 0x7f4a672a8b40 con 0 -1550>
2020-06-01 13:48:49.965306 7f4a52e28700 5 -- 100.97.140.48:6821/2734156667 >> 10.220.189.44:0/2191475462 conn(0x7f4a60ce9800 :6821 s=STATE_OPEN_MESSAGE_READ_FOOTER_AND_DISPATCH pgs=648303 cs=1 l=0). rx client.10864980 seq 12623 0x7f4a652ad180 client_session(request_renewcaps seq 201449) v1 -1549>
2020-06-01 13:48:49.965335 7f4a4fead700 1 -- 100.97.140.48:6821/2734156667 <== client.10864980 10.220.189.44:0/2191475462 12623 ==== client_session(request_renewcaps seq 201449) v1 ==== 28+0+0 (2615562263 0 0) 0x7f4a652ad180 con 0x7f4a60ce9800 -1548>
2020-06-01 13:48:49.965354 7f4a4fead700 3 mds.4.server handle_client_session client_session(request_renewcaps seq 201449) v1 from client.10864980 -1547>
2020-06-01 13:48:49.965361 7f4a4fead700 1 -- 100.97.140.48:6821/2734156667 --> 10.220.189.44:0/2191475462 -- client_session(renewcaps seq 201449) v2 -- 0x7f4a672a8480 con 0 -1546>
2020-06-01 13:48:49.988200 7f4a51e26700 5 -- 100.97.140.48:6821/2734156667 >> 10.220.189.18:0/32452983 conn(0x7f4a60e59800 :6821 s=STATE_OPEN_MESSAGE_READ_FOOTER_AND_DISPATCH pgs=169 cs=1 l=0). rx client.12488331 seq 12623 0x7f4a672a8b40 client_session(request_renewcaps seq 17256) v1 -1545>
2020-06-01 13:48:49.988226 7f4a4fead700 1 -- 100.97.140.48:6821/2734156667 <== client.12488331 10.220.189.18:0/32452983 12623 ==== client_session(request_renewcaps seq 17256) v1 ==== 28+0+0 (3641872795 0 0) 0x7f4a672a8b40 con 0x7f4a60e59800 -1544>
2020-06-01 13:48:49.988243 7f4a4fead700 3 mds.4.server handle_client_session client_session(request_renewcaps seq 17256) v1 from client.12488331 -1543>
2020-06-01 13:48:49.988248 7f4a4fead700 1 -- 100.97.140.48:6821/2734156667 --> 10.220.189.18:0/32452983 -- client_session(renewcaps seq 17256) v2 -- 0x7f4a652ad180 con 0 -1542>
2020-06-01 13:48:50.097156 7f4a4d6a8700 2 mds.4.cache check_memory_usage total 509144, rss 128824, heap 16888, baseline 16888, buffers 0, 0 / 39 inodes have caps, 0 caps, 0 caps per inode -1541>
2020-06-01 13:48:50.144167 7f4a52e28700 5 -- 100.97.140.48:6821/2734156667 >> 10.220.189.38:0/1995212458 conn(0x7f4a60e23800 :6821 s=STATE_OPEN_MESSAGE_READ_FOOTER_AND_DISPATCH pgs=9 cs=1 l=0). rx client.12641947 seq 66 0x7f4a672a8480 client_session(request_renewcaps seq 65) v1 -1540>
2020-06-01 13:48:50.144318 7f4a4fead700 1 -- 100.97.140.48:6821/2734156667 <== client.12641947 10.220.189.38:0/1995212458 66 ==== client_session(request_renewcaps seq 65) v1 ==== 28+0+0 (615907250 0 0) 0x7f4a672a8480 con 0x7f4a60e23800 -1539>
2020-06-01 13:48:50.144337 7f4a4fead700 3 mds.4.server handle_client_session client_session(request_renewcaps seq 65) v1 from client.12641947 -1538>
2020-06-01 13:48:50.144344 7f4a4fead700 1 -- 100.97.140.48:6821/2734156667 --> 10.220.189.38:0/1995212458 -- client_session(renewcaps seq 65) v2 -- 0x7f4a672a8b40 con 0 -1537>
2020-06-01 13:48:50.241753 7f4a51e26700 5 -- 100.97.140.48:6821/2734156667 >> 10.220.189.27:0/403993526 conn(0x7f4a60e74800 :6821 s=STATE_OPEN_MESSAGE_READ_FOOTER_AND_DISPATCH pgs=9 cs=1 l=0). rx client.12532372 seq 12441 0x7f4a652ad180 client_session(request_renewcaps seq 12440) v1 -1536>
2020-06-01 13:48:50.241780 7f4a4fead700 1 -- 100.97.140.48:6821/2734156667 <== client.12532372 10.220.189.27:0/403993526 12441 ==== client_session(request_renewcaps seq 12440) v1 ==== 28+0+0 (824263145 0 0) 0x7f4a652ad180 con 0x7f4a60e74800 -1535>
2020-06-01 13:48:50.241798 7f4a4fead700 3 mds.4.server handle_client_session client_session(request_renewcaps seq 12440) v1 from client.12532372 -1534>
2020-06-01 13:48:50.241804 7f4a4fead700 1 -- 100.97.140.48:6821/2734156667 --> 10.220.189.27:0/403993526 -- client_session(renewcaps seq 12440) v2 -- 0x7f4a672a8480 con 0 -1533>
2020-06-01 13:48:50.278318 7f4a52e28700 5 -- 100.97.140.48:6821/2734156667 >> 10.220.189.27:0/2025515446 conn(0x7f4a60c66800 :6821 s=STATE_OPEN_MESSAGE_READ_FOOTER_AND_DISPATCH pgs=8 cs=1 l=0). rx client.12532806 seq 12441 0x7f4a672a8b40 client_session(request_renewcaps seq 12440) v1 -1532>
2020-06-01 13:48:50.278343 7f4a4fead700 1 -- 100.97.140.48:6821/2734156667 <== client.12532806 10.220.189.27:0/2025515446 12441 ==== client_session(request_renewcaps seq 12440) v1 ==== 28+0+0 (824263145 0 0) 0x7f4a672a8b40 con 0x7f4a60c66800 -1531>
2020-06-01 13:48:50.278354 7f4a4fead700 3 mds.4.server handle_client_session client_session(request_renewcaps seq 12440) v1 from client.12532806 -1530>
2020-06-01 13:48:50.278359 7f4a4fead700 1 -- 100.97.140.48:6821/2734156667 --> 10.220.189.27:0/2025515446 -- client_session(renewcaps seq 12440) v2 -- 0x7f4a652ad180 con 0 -1529>
2020-06-01 13:48:50.300008 7f4a52e28700 5 -- 100.97.140.48:6821/2734156667 >> 10.220.189.49:0/3408371812 conn(0x7f4a61694000 :6821 s=STATE_OPEN_MESSAGE_READ_FOOTER_AND_DISPATCH pgs=222742 cs=1 l=0). rx client.12005754 seq 12623 0x7f4a652ad180 client_session(request_renewcaps seq 73066) v1 -1528>
