2020-06-01 13:49:10.945529 7f4a51e26700 5 -- 100.97.140.48:6821/2734156667 >> 10.221.30.201:0/1459187673 conn(0x7f4a61437000 :6821 s=STATE_OPEN_MESSAGE_READ_FOOTER_AND_DISPATCH pgs=17529 cs=1 l=0). rx client.4948872 seq 12624 0x7f4a672a8b40 client_session(request_renewcaps seq 811301) v1 -603>
2020-06-01 13:49:10.945556 7f4a4fead700 1 -- 100.97.140.48:6821/2734156667 <== client.4948872 10.221.30.201:0/1459187673 12624 ==== client_session(request_renewcaps seq 811301) v1 ==== 28+0+0 (2700264249 0 0) 0x7f4a672a8b40 con 0x7f4a61437000 -602>
2020-06-01 13:49:10.945574 7f4a4fead700 3 mds.4.server handle_client_session client_session(request_renewcaps seq 811301) v1 from client.4948872 -601>
2020-06-01 13:49:10.945580 7f4a4fead700 1 -- 100.97.140.48:6821/2734156667 --> 10.221.30.201:0/1459187673 -- client_session(renewcaps seq 811301) v2 -- 0x7f4a672a8480 con 0 -600>
2020-06-01 13:49:10.948587 7f4a51e26700 5 -- 100.97.140.48:6821/2734156667 >> 10.220.189.38:0/3477759274 conn(0x7f4a60e13000 :6821 s=STATE_OPEN_MESSAGE_READ_FOOTER_AND_DISPATCH pgs=9 cs=1 l=0). rx client.12643251 seq 67 0x7f4a672a8480 client_session(request_renewcaps seq 66) v1 -599>
2020-06-01 13:49:10.948611 7f4a4fead700 1 -- 100.97.140.48:6821/2734156667 <== client.12643251 10.220.189.38:0/3477759274 67 ==== client_session(request_renewcaps seq 66) v1 ==== 28+0+0 (4018786001 0 0) 0x7f4a672a8480 con 0x7f4a60e13000 -598>
2020-06-01 13:49:10.948632 7f4a4fead700 3 mds.4.server handle_client_session client_session(request_renewcaps seq 66) v1 from client.12643251 -597>
2020-06-01 13:49:10.948638 7f4a4fead700 1 -- 100.97.140.48:6821/2734156667 --> 10.220.189.38:0/3477759274 -- client_session(renewcaps seq 66) v2 -- 0x7f4a672a8b40 con 0 -596>
2020-06-01 13:49:11.095817 7f4a52627700 5 -- 100.97.140.48:6821/2734156667 >> 10.220.189.48:0/3503841068 conn(0x7f4a6152f800 :6821 s=STATE_OPEN_MESSAGE_READ_FOOTER_AND_DISPATCH pgs=15473 cs=1 l=0). rx client.10592959 seq 15291 0x7f4a672a1f80 client_session(request_renewcaps seq 281992) -595>
2020-06-01 13:49:11.095865 7f4a4fead700 1 -- 100.97.140.48:6821/2734156667 <== client.10592959 10.220.189.48:0/3503841068 15291 ==== client_session(request_renewcaps seq 281992) ==== 28+0+0 (1154378722 0 0) 0x7f4a672a1f80 con 0x7f4a6152f800 -594>
2020-06-01 13:49:11.095893 7f4a4fead700 3 mds.4.server handle_client_session client_session(request_renewcaps seq 281992) from client.10592959 -593>
2020-06-01 13:49:11.095902 7f4a4fead700 1 -- 100.97.140.48:6821/2734156667 --> 10.220.189.48:0/3503841068 -- client_session(renewcaps seq 281992) v2 -- 0x7f4a672a8480 con 0 -592>
2020-06-01 13:49:11.140582 7f4a52627700 5 -- 100.97.140.48:6821/2734156667 >> 10.220.189.38:0/1438414178 conn(0x7f4a60de5000 :6821 s=STATE_OPEN_MESSAGE_READ_FOOTER_AND_DISPATCH pgs=9 cs=1 l=0). rx client.12643256 seq 67 0x7f4a672a8240 client_session(request_renewcaps seq 66) v1 -591>
2020-06-01 13:49:11.140610 7f4a4fead700 1 -- 100.97.140.48:6821/2734156667 <== client.12643256 10.220.189.38:0/1438414178 67 ==== client_session(request_renewcaps seq 66) v1 ==== 28+0+0 (4018786001 0 0) 0x7f4a672a8240 con 0x7f4a60de5000 -590>
2020-06-01 13:49:11.140629 7f4a4fead700 3 mds.4.server handle_client_session client_session(request_renewcaps seq 66) v1 from client.12643256 -589>
2020-06-01 13:49:11.140636 7f4a4fead700 1 -- 100.97.140.48:6821/2734156667 --> 10.220.189.38:0/1438414178 -- client_session(renewcaps seq 66) v2 -- 0x7f4a672a1f80 con 0 -588>
2020-06-01 13:49:11.220746 7f4a51e26700 5 -- 100.97.140.48:6821/2734156667 >> 172.25.166.37:0/4084066274 conn(0x7f4a60e99800 :6821 s=STATE_OPEN_MESSAGE_READ_FOOTER_AND_DISPATCH pgs=17524 cs=1 l=0). rx client.4945768 seq 12624 0x7f4a672a8b40 client_session(request_renewcaps seq 811301) v1 -587>
2020-06-01 13:49:11.220787 7f4a4fead700 1 -- 100.97.140.48:6821/2734156667 <== client.4945768 172.25.166.37:0/4084066274 12624 ==== client_session(request_renewcaps seq 811301) v1 ==== 28+0+0 (2700264249 0 0) 0x7f4a672a8b40 con 0x7f4a60e99800 -586>
2020-06-01 13:49:11.220809 7f4a4fead700 3 mds.4.server handle_client_session client_session(request_renewcaps seq 811301) v1 from client.4945768 -585>
2020-06-01 13:49:11.220817 7f4a4fead700 1 -- 100.97.140.48:6821/2734156667 --> 172.25.166.37:0/4084066274 -- client_session(renewcaps seq 811301) v2 -- 0x7f4a672a8240 con 0 -584>
2020-06-01 13:49:11.259170 7f4a51e26700 5 -- 100.97.140.48:6821/2734156667 >> 100.97.140.32:6820/1879232263 conn(0x7f4a60cec800 :6821 s=STATE_OPEN_MESSAGE_READ_FOOTER_AND_DISPATCH pgs=3423089 cs=1 l=0). rx mds.0 seq 321099 0x7f4a6122c580 lock(a=lock inest 0x10000000002.head) v1 -583>
2020-06-01 13:49:11.259202 7f4a4fead700 1 -- 100.97.140.48:6821/2734156667 <== mds.0 100.97.140.32:6820/1879232263 321099 ==== lock(a=lock inest 0x10000000002.head) v1 ==== 69+0+0 (1201847954 0 0) 0x7f4a6122c580 con 0x7f4a60cec800 -582>
2020-06-01 13:49:11.259236 7f4a4fead700 1 -- 100.97.140.48:6821/2734156667 _send_message--> mds.0 100.97.140.32:6820/1879232263 -- lock(a=lockack inest 0x10000000002.head) v1 -- ?+0 0x7f4a624e6080 -581>
2020-06-01 13:49:11.259247 7f4a4fead700 1 -- 100.97.140.48:6821/2734156667 --> 100.97.140.32:6820/1879232263 -- lock(a=lockack inest 0x10000000002.head) v1 -- 0x7f4a624e6080 con 0 -580>
2020-06-01 13:49:11.259246 7f4a51e26700 5 -- 100.97.140.48:6821/2734156667 >> 100.97.140.32:6820/1879232263 conn(0x7f4a60cec800 :6821 s=STATE_OPEN_MESSAGE_READ_FOOTER_AND_DISPATCH pgs=3423089 cs=1 l=0). rx mds.0 seq 321100 0x7f4a611a1c00 lock(a=lock inest 0x100000007d3.head) v1 -579>
2020-06-01 13:49:11.259267 7f4a4fead700 1 -- 100.97.140.48:6821/2734156667 <== mds.0 100.97.140.32:6820/1879232263 321100 ==== lock(a=lock inest 0x100000007d3.head) v1 ==== 69+0+0 (4197004337 0 0) 0x7f4a611a1c00 con 0x7f4a60cec800 -578>
2020-06-01 13:49:11.259281 7f4a4fead700 1 -- 100.97.140.48:6821/2734156667 _send_message--> mds.0 100.97.140.32:6820/1879232263 -- lock(a=lockack inest 0x100000007d3.head) v1 -- ?+0 0x7f4a6122c580 -577>
2020-06-01 13:49:11.259289 7f4a4fead700 1 -- 100.97.140.48:6821/2734156667 --> 100.97.140.32:6820/1879232263 -- lock(a=lockack inest 0x100000007d3.head) v1 -- 0x7f4a6122c580 con 0 -576>
2020-06-01 13:49:11.259391 7f4a51e26700 5 -- 100.97.140.48:6821/2734156667 >> 100.97.140.32:6820/1879232263 conn(0x7f4a60cec800 :6821 s=STATE_OPEN_MESSAGE_READ_FOOTER_AND_DISPATCH pgs=3423089 cs=1 l=0). rx mds.0 seq 321101 0x7f4a611ea500 lock(a=lock inest 0x100000007d4.head) v1 -575>
2020-06-01 13:49:11.259410 7f4a4fead700 1 -- 100.97.140.48:6821/2734156667 <== mds.0 100.97.140.32:6820/1879232263 321101 ==== lock(a=lock inest 0x100000007d4.head) v1 ==== 69+0+0 (1632507397 0 0) 0x7f4a611ea500 con 0x7f4a60cec800 -574>
2020-06-01 13:49:11.259425 7f4a4fead700 1 -- 100.97.140.48:6821/2734156667 _send_message--> mds.0 100.97.140.32:6820/1879232263 -- lock(a=lockack inest 0x100000007d4.head) v1 -- ?+0 0x7f4a611a1c00 -573>
2020-06-01 13:49:11.259433 7f4a4fead700 1 -- 100.97.140.48:6821/2734156667 --> 100.97.140.32:6820/1879232263 -- lock(a=lockack inest 0x100000007d4.head) v1 -- 0x7f4a611a1c00 con 0 -572>
2020-06-01 13:49:11.259675 7f4a51e26700 5 -- 100.97.140.48:6821/2734156667 >> 100.97.140.32:6820/1879232263 conn(0x7f4a60cec800 :6821 s=STATE_OPEN_MESSAGE_READ_FOOTER_AND_DISPATCH pgs=3423089 cs=1 l=0). rx mds.0 seq 321102 0x7f4a62f48c80 lock(a=lock inest 0x10000000003.head) v1 -571>
2020-06-01 13:49:11.259694 7f4a4fead700 1 -- 100.97.140.48:6821/2734156667 <== mds.0 100.97.140.32:6820/1879232263 321102 ==== lock(a=lock inest 0x10000000003.head) v1 ==== 69+0+0 (1953367342 0 0) 0x7f4a62f48c80 con 0x7f4a60cec800 -570>
2020-06-01 13:49:11.259707 7f4a4fead700 1 -- 100.97.140.48:6821/2734156667 _send_message--> mds.0 100.97.140.32:6820/1879232263 -- lock(a=lockack inest 0x10000000003.head) v1 -- ?+0 0x7f4a611ea500 -569>
2020-06-01 13:49:11.259715 7f4a4fead700 1 -- 100.97.140.48:6821/2734156667 --> 100.97.140.32:6820/1879232263 -- lock(a=lockack inest 0x10000000003.head) v1 -- 0x7f4a611ea500 con 0 -568>
2020-06-01 13:49:11.259714 7f4a51e26700 5 -- 100.97.140.48:6821/2734156667 >> 100.97.140.32:6820/1879232263 conn(0x7f4a60cec800 :6821 s=STATE_OPEN_MESSAGE_READ_FOOTER_AND_DISPATCH pgs=3423089 cs=1 l=0). rx mds.0 seq 321103 0x7f4a62529b80 lock(a=lock inest 0x10002a2db42.head) v1 -567>
2020-06-01 13:49:11.259727 7f4a4fead700 1 -- 100.97.140.48:6821/2734156667 <== mds.0 100.97.140.32:6820/1879232263 321103 ==== lock(a=lock inest 0x10002a2db42.head) v1 ==== 69+0+0 (523299892 0 0) 0x7f4a62529b80 con 0x7f4a60cec800 -566>
2020-06-01 13:49:11.259740 7f4a4fead700 1 -- 100.97.140.48:6821/2734156667 _send_message--> mds.0 100.97.140.32:6820/1879232263 -- lock(a=lockack inest 0x10002a2db42.head) v1 -- ?+0 0x7f4a62f48c80 -565>
2020-06-01 13:49:11.259748 7f4a4fead700 1 -- 100.97.140.48:6821/2734156667 --> 100.97.140.32:6820/1879232263 -- lock(a=lockack inest 0x10002a2db42.head) v1 -- 0x7f4a62f48c80 con 0 -564>
2020-06-01 13:49:11.260638 7f4a51e26700 5 -- 100.97.140.48:6821/2734156667 >> 100.97.140.32:6820/1879232263 conn(0x7f4a60cec800 :6821 s=STATE_OPEN_MESSAGE_READ_FOOTER_AND_DISPATCH pgs=3423089 cs=1 l=0). rx mds.0 seq 321104 0x7f4a6296fa40 gather_caps(0x10002a2cf74) v1 -563>
2020-06-01 13:49:11.260657 7f4a4fead700 1 -- 100.97.140.48:6821/2734156667 <== mds.0 100.97.140.32:6820/1879232263 321104 ==== gather_caps(0x10002a2cf74) v1 ==== 8+0+0 (4184419736 0 0) 0x7f4a6296fa40 con 0x7f4a60cec800 -562>
2020-06-01 13:49:11.261823 7f4a51e26700 5 -- 100.97.140.48:6821/2734156667 >> 100.97.140.32:6820/1879232263 conn(0x7f4a60cec800 :6821 s=STATE_OPEN_MESSAGE_READ_FOOTER_AND_DISPATCH pgs=3423089 cs=1 l=0). rx mds.0 seq 321105 0x7f4a62f48c80 lock(a=lockflushed inest 0x10000000002.head) v1 -561>
2020-06-01 13:49:11.261842 7f4a4fead700 1 -- 100.97.140.48:6821/2734156667 <== mds.0 100.97.140.32:6820/1879232263 321105 ==== lock(a=lockflushed inest 0x10000000002.head) v1 ==== 69+0+0 (2800599178 0 0) 0x7f4a62f48c80 con 0x7f4a60cec800 -560>
2020-06-01 13:49:11.261967 7f4a51e26700 5 -- 100.97.140.48:6821/2734156667 >> 100.97.140.32:6820/1879232263 conn(0x7f4a60cec800 :6821 s=STATE_OPEN_MESSAGE_READ_FOOTER_AND_DISPATCH pgs=3423089 cs=1 l=0). rx mds.0 seq 321106 0x7f4a611ea500 lock(a=mix inest 0x10000000002.head) v1 -559>
2020-06-01 13:49:11.261985 7f4a4fead700 1 -- 100.97.140.48:6821/2734156667 <== mds.0 100.97.140.32:6820/1879232263 321106 ==== lock(a=mix inest 0x10000000002.head) v1 ==== 291+0+0 (891252417 0 0) 0x7f4a611ea500 con 0x7f4a60cec800 -558>
2020-06-01 13:49:11.262459 7f4a51e26700 5 -- 100.97.140.48:6821/2734156667 >> 100.97.140.32:6820/1879232263 conn(0x7f4a60cec800 :6821 s=STATE_OPEN_MESSAGE_READ_FOOTER_AND_DISPATCH pgs=3423089 cs=1 l=0). rx mds.0 seq 321107 0x7f4a611a1c00 lock(a=lockflushed inest 0x100000007d3.head) v1 -557>
2020-06-01 13:49:11.262477 7f4a4fead700 1 -- 100.97.140.48:6821/2734156667 <== mds.0 100.97.140.32:6820/1879232263 321107 ==== lock(a=lockflushed inest 0x100000007d3.head) v1 ==== 69+0+0 (459688489 0 0) 0x7f4a611a1c00 con 0x7f4a60cec800 -556>
2020-06-01 13:49:11.262650 7f4a51e26700 5 -- 100.97.140.48:6821/2734156667 >> 100.97.140.32:6820/1879232263 conn(0x7f4a60cec800 :6821 s=STATE_OPEN_MESSAGE_READ_FOOTER_AND_DISPATCH pgs=3423089 cs=1 l=0). rx mds.0 seq 321108 0x7f4a6122c580 lock(a=mix inest 0x100000007d3.head) v1 -555>
2020-06-01 13:49:11.262668 7f4a4fead700 1 -- 100.97.140.48:6821/2734156667 <== mds.0 100.97.140.32:6820/1879232263 321108 ==== lock(a=mix inest 0x100000007d3.head) v1 ==== 291+0+0 (3295402105 0 0) 0x7f4a6122c580 con 0x7f4a60cec800 -554>
2020-06-01 13:49:11.262732 7f4a51e26700 5 -- 100.97.140.48:6821/2734156667 >> 100.97.140.32:6820/1879232263 conn(0x7f4a60cec800 :6821 s=STATE_OPEN_MESSAGE_READ_FOOTER_AND_DISPATCH pgs=3423089 cs=1 l=0). rx mds.0 seq 321109 0x7f4a624e6080 lock(a=lockflushed inest 0x100000007d4.head) v1 -553>
2020-06-01 13:49:11.262750 7f4a4fead700 1 -- 100.97.140.48:6821/2734156667 <== mds.0 100.97.140.32:6820/1879232263 321109 ==== lock(a=lockflushed inest 0x100000007d4.head) v1 ==== 69+0+0 (2147575837 0 0) 0x7f4a624e6080 con 0x7f4a60cec800 -552>
2020-06-01 13:49:11.262910 7f4a51e26700 5 -- 100.97.140.48:6821/2734156667 >> 100.97.140.32:6820/1879232263 conn(0x7f4a60cec800 :6821 s=STATE_OPEN_MESSAGE_READ_FOOTER_AND_DISPATCH pgs=3423089 cs=1 l=0). rx mds.0 seq 321110 0x7f4a61776a80 lock(a=mix inest 0x100000007d4.head) v1 -551>
2020-06-01 13:49:11.262928 7f4a4fead700 1 -- 100.97.140.48:6821/2734156667 <== mds.0 100.97.140.32:6820/1879232263 321110 ==== lock(a=mix inest 0x100000007d4.head) v1 ==== 291+0+0 (3764255011 0 0) 0x7f4a61776a80 con 0x7f4a60cec800 -550>
2020-06-01 13:49:11.262999 7f4a51e26700 5 -- 100.97.140.48:6821/2734156667 >> 100.97.140.32:6820/1879232263 conn(0x7f4a60cec800 :6821 s=STATE_OPEN_MESSAGE_READ_FOOTER_AND_DISPATCH pgs=3423089 cs=1 l=0). rx mds.0 seq 321111 0x7f4a62456580 lock(a=lockflushed inest 0x10000000003.head) v1 -549>
2020-06-01 13:49:11.263016 7f4a4fead700 1 -- 100.97.140.48:6821/2734156667 <== mds.0 100.97.140.32:6820/1879232263 321111 ==== lock(a=lockflushed inest 0x10000000003.head) v1 ==== 69+0+0 (2501999414 0 0) 0x7f4a62456580 con 0x7f4a60cec800 -548>
2020-06-01 13:49:11.263105 7f4a51e26700 5 -- 100.97.140.48:6821/2734156667 >> 100.97.140.32:6820/1879232263 conn(0x7f4a60cec800 :6821 s=STATE_OPEN_MESSAGE_READ_FOOTER_AND_DISPATCH pgs=3423089 cs=1 l=0). rx mds.0 seq 321112 0x7f4a61b08580 lock(a=mix inest 0x10000000003.head) v1 -547>
2020-06-01 13:49:11.263125 7f4a4fead700 1 -- 100.97.140.48:6821/2734156667 <== mds.0 100.97.140.32:6820/1879232263 321112 ==== lock(a=mix inest 0x10000000003.head) v1 ==== 291+0+0 (1697763047 0 0) 0x7f4a61b08580 con 0x7f4a60cec800 -546>
2020-06-01 13:49:11.263252 7f4a51e26700 5 -- 100.97.140.48:6821/2734156667 >> 100.97.140.32:6820/1879232263 conn(0x7f4a60cec800 :6821 s=STATE_OPEN_MESSAGE_READ_FOOTER_AND_DISPATCH pgs=3423089 cs=1 l=0). rx mds.0 seq 321113 0x7f4a624f2800 lock(a=lockflushed inest 0x10002a2db42.head) v1 -545>
2020-06-01 13:49:11.263270 7f4a4fead700 1 -- 100.97.140.48:6821/2734156667 <== mds.0 100.97.140.32:6820/1879232263 321113 ==== lock(a=lockflushed inest 0x10002a2db42.head) v1 ==== 69+0+0 (4269773356 0 0) 0x7f4a624f2800 con 0x7f4a60cec800 -544>
2020-06-01 13:49:11.263377 7f4a51e26700 5 -- 100.97.140.48:6821/2734156667 >> 100.97.140.32:6820/1879232263 conn(0x7f4a60cec800 :6821 s=STATE_OPEN_MESSAGE_READ_FOOTER_AND_DISPATCH pgs=3423089 cs=1 l=0). rx mds.0 seq 321114 0x7f4a6122aa00 lock(a=mix inest 0x10002a2db42.head) v1 -543>
2020-06-01 13:49:11.263394 7f4a4fead700 1 -- 100.97.140.48:6821/2734156667 <== mds.0 100.97.140.32:6820/1879232263 321114 ==== lock(a=mix inest 0x10002a2db42.head) v1 ==== 291+0+0 (3463258592 0 0) 0x7f4a6122aa00 con 0x7f4a60cec800 -542>
2020-06-01 13:49:11.340375 7f4a51e26700 5 -- 100.97.140.48:6821/2734156667 >> 10.240.90.205:0/1343117931 conn(0x7f4a615dd800 :6821 s=STATE_OPEN_MESSAGE_READ_FOOTER_AND_DISPATCH pgs=63 cs=1 l=0). rx client.4630927 seq 12624 0x7f4a672a8240 client_session(request_renewcaps seq 860286) v1 -541>
2020-06-01 13:49:11.340408 7f4a4fead700 1 -- 100.97.140.48:6821/2734156667 <== client.4630927 10.240.90.205:0/1343117931 12624 ==== client_session(request_renewcaps seq 860286) v1 ==== 28+0+0 (233952843 0 0) 0x7f4a672a8240 con 0x7f4a615dd800 -540>
2020-06-01 13:49:11.340430 7f4a4fead700 3 mds.4.server handle_client_session client_session(request_renewcaps seq 860286) v1 from client.4630927 -539>
2020-06-01 13:49:11.340438 7f4a4fead700 1 -- 100.97.140.48:6821/2734156667 --> 10.240.90.205:0/1343117931 -- client_session(renewcaps seq 860286) v2 -- 0x7f4a672a8b40 con 0 -538>
2020-06-01 13:49:11.391775 7f4a52e28700 5 -- 100.97.140.48:6821/2734156667 >> 10.220.189.49:0/2756687055 conn(0x7f4a613ff800 :6821 s=STATE_OPEN_MESSAGE_READ_FOOTER_AND_DISPATCH pgs=222893 cs=1 l=0). rx client.12001830 seq 12624 0x7f4a652ad180 client_session(request_renewcaps seq 73079) v1 -537>
2020-06-01 13:49:11.391804 7f4a4fead700 1 -- 100.97.140.48:6821/2734156667 <== client.12001830 10.220.189.49:0/2756687055 12624 ==== client_session(request_renewcaps seq 73079) v1 ==== 28+0+0 (591683808 0 0) 0x7f4a652ad180 con 0x7f4a613ff800 -536>
2020-06-01 13:49:11.391821 7f4a4fead700 3 mds.4.server handle_client_session client_session(request_renewcaps seq 73079) v1 from client.12001830 -535>
2020-06-01 13:49:11.391827 7f4a4fead700 1 -- 100.97.140.48:6821/2734156667 --> 10.220.189.49:0/2756687055 -- client_session(renewcaps seq 73079) v2 -- 0x7f4a672a8240 con 0 -534>
2020-06-01 13:49:11.569517 7f4a52627700 5 -- 100.97.140.48:6821/2734156667 >> 10.220.189.16:0/311730536 conn(0x7f4a60e01000 :6821 s=STATE_OPEN_MESSAGE_READ_FOOTER_AND_DISPATCH pgs=28239 cs=1 l=0). rx client.12466179 seq 12626 0x7f4a672a8480 client_session(request_renewcaps seq 20914) v1 -533>
2020-06-01 13:49:11.569558 7f4a4fead700 1 -- 100.97.140.48:6821/2734156667 <== client.12466179 10.220.189.16:0/311730536 12626 ==== client_session(request_renewcaps seq 20914) v1 ==== 28+0+0 (1701410941 0 0) 0x7f4a672a8480 con 0x7f4a60e01000 -532>
2020-06-01 13:49:11.569581 7f4a4fead700 3 mds.4.server handle_client_session client_session(request_renewcaps seq 20914) v1 from client.12466179 -531>
2020-06-01 13:49:11.569590 7f4a4fead700 1 -- 100.97.140.48:6821/2734156667 --> 10.220.189.16:0/311730536 -- client_session(renewcaps seq 20914) v2 -- 0x7f4a652ad180 con 0 -530>
2020-06-01 13:49:11.748944 7f4a52e28700 5 -- 100.97.140.48:6821/2734156667 >> 10.220.189.38:0/3339982019 conn(0x7f4a65392000 :6821 s=STATE_OPEN_MESSAGE_READ_FOOTER_AND_DISPATCH pgs=9 cs=1 l=0). rx client.12650235 seq 67 0x7f4a672a8240 client_session(request_renewcaps seq 66) v1 -529>
2020-06-01 13:49:11.748989 7f4a4fead700 1 -- 100.97.140.48:6821/2734156667 <== client.12650235 10.220.189.38:0/3339982019 67 ==== client_session(request_renewcaps seq 66) v1 ==== 28+0+0 (4018786001 0 0) 0x7f4a672a8240 con 0x7f4a65392000 -528>
2020-06-01 13:49:11.749015 7f4a4fead700 3 mds.4.server handle_client_session client_session(request_renewcaps seq 66) v1 from client.12650235 -527>
2020-06-01 13:49:11.749024 7f4a4fead700 1 -- 100.97.140.48:6821/2734156667 --> 10.220.189.38:0/3339982019 -- client_session(renewcaps seq 66) v2 -- 0x7f4a672a8480 con 0 -526>
2020-06-01 13:49:11.791142 7f4a52627700 5 -- 100.97.140.48:6821/2734156667 >> 10.220.87.185:0/1242522617 conn(0x7f4a60c01800 :6821 s=STATE_OPEN_MESSAGE_READ_FOOTER_AND_DISPATCH pgs=71 cs=1 l=0). rx client.3883616 seq 12624 0x7f4a652ad180 client_session(request_renewcaps seq 1014673) v1 -525>
2020-06-01 13:49:11.791190 7f4a4fead700 1 -- 100.97.140.48:6821/2734156667 <== client.3883616 10.220.87.185:0/1242522617 12624 ==== client_session(request_renewcaps seq 1014673) v1 ==== 28+0+0 (409283755 0 0) 0x7f4a652ad180 con 0x7f4a60c01800 -524>
2020-06-01 13:49:11.791216 7f4a4fead700 3 mds.4.server handle_client_session client_session(request_renewcaps seq 1014673) v1 from client.3883616 -523>
2020-06-01 13:49:11.791225 7f4a4fead700 1 -- 100.97.140.48:6821/2734156667 --> 10.220.87.185:0/1242522617 -- client_session(renewcaps seq 1014673) v2 -- 0x7f4a672a8240 con 0 -522>
2020-06-01 13:49:11.806362 7f4a52627700 5 -- 100.97.140.48:6821/2734156667 >> 10.220.87.176:0/1709518094 conn(0x7f4a60c8b800 :6821 s=STATE_OPEN_MESSAGE_READ_FOOTER_AND_DISPATCH pgs=71 cs=1 l=0). rx client.3887672 seq 12624 0x7f4a672a8240 client_session(request_renewcaps seq 1014676) v1 -521>
2020-06-01 13:49:11.806391 7f4a4fead700 1 -- 100.97.140.48:6821/2734156667 <== client.3887672 10.220.87.176:0/1709518094 12624 ==== client_session(request_renewcaps seq 1014676) v1 ==== 28+0+0 (1087179263 0 0) 0x7f4a672a8240 con 0x7f4a60c8b800 -520>
2020-06-01 13:49:11.806411 7f4a4fead700 3 mds.4.server handle_client_session client_session(request_renewcaps seq 1014676) v1 from client.3887672 -519>
2020-06-01 13:49:11.806419 7f4a4fead700 1 -- 100.97.140.48:6821/2734156667 --> 10.220.87.176:0/1709518094 -- client_session(renewcaps seq 1014676) v2 -- 0x7f4a652ad180 con 0 -518>
2020-06-01 13:49:11.806670 7f4a52e28700 5 -- 100.97.140.48:6821/2734156667 >> 10.220.189.25:0/1011392620 conn(0x7f4a6157a800 :6821 s=STATE_OPEN_MESSAGE_READ_FOOTER_AND_DISPATCH pgs=107131 cs=1 l=0). rx client.11723821 seq 12624 0x7f4a672a8480 client_session(request_renewcaps seq 103483) v1 -517>
2020-06-01 13:49:11.806697 7f4a4fead700 1 -- 100.97.140.48:6821/2734156667 <== client.11723821 10.220.189.25:0/1011392620 12624 ==== client_session(request_renewcaps seq 103483) v1 ==== 28+0+0 (3884376000 0 0) 0x7f4a672a8480 con 0x7f4a6157a800 -516>
2020-06-01 13:49:11.806708 7f4a4fead700 3 mds.4.server handle_client_session client_session(request_renewcaps seq 103483) v1 from client.11723821 -515>
2020-06-01 13:49:11.806713 7f4a4fead700 1 -- 100.97.140.48:6821/2734156667 --> 10.220.189.25:0/1011392620 -- client_session(renewcaps seq 103483) v2 -- 0x7f4a672a8240 con 0 -514>
2020-06-01 13:49:11.857275 7f4a52627700 5 -- 100.97.140.48:6821/2734156667 >> 10.220.189.31:0/1792764322 conn(0x7f4a60cae000 :6821 s=STATE_OPEN_MESSAGE_READ_FOOTER_AND_DISPATCH pgs=293454 cs=1 l=0). rx client.10927552 seq 12624 0x7f4a652ad180 client_session(request_renewcaps seq 193632) v1 -513>
2020-06-01 13:49:11.857302 7f4a4fead700 1 -- 100.97.140.48:6821/2734156667 <== client.10927552 10.220.189.31:0/1792764322 12624 ==== client_session(request_renewcaps seq 193632) v1 ==== 28+0+0 (235495756 0 0) 0x7f4a652ad180 con 0x7f4a60cae000 -512>
2020-06-01 13:49:11.857320 7f4a4fead700 3 mds.4.server handle_client_session client_session(request_renewcaps seq 193632) v1 from client.10927552 -511>
2020-06-01 13:49:11.857326 7f4a4fead700 1 -- 100.97.140.48:6821/2734156667 --> 10.220.189.31:0/1792764322 -- client_session(renewcaps seq 193632) v2 -- 0x7f4a672a8480 con 0 -510>
2020-06-01 13:49:11.891733 7f4a51e26700 5 -- 100.97.140.48:6821/2734156667 >> 10.220.189.33:0/1241347125 conn(0x7f4a60ae2800 :6821 s=STATE_OPEN_MESSAGE_READ_FOOTER_AND_DISPATCH pgs=28 cs=1 l=0). rx client.10344972 seq 12624 0x7f4a672a8b40 client_session(request_renewcaps seq 259658) v1 -509>
2020-06-01 13:49:11.891797 7f4a4fead700 1 -- 100.97.140.48:6821/2734156667 <== client.10344972 10.220.189.33:0/1241347125 12624 ==== client_session(request_renewcaps seq 259658) v1 ==== 28+0+0 (105995047 0 0) 0x7f4a672a8b40 con 0x7f4a60ae2800 -508>
2020-06-01 13:49:11.891815 7f4a4fead700 3 mds.4.server handle_client_session client_session(request_renewcaps seq 259658) v1 from client.10344972 -507>
2020-06-01 13:49:11.891821 7f4a4fead700 1 -- 100.97.140.48:6821/2734156667 --> 10.220.189.33:0/1241347125 -- client_session(renewcaps seq 259658) v2 -- 0x7f4a652ad180 con 0 -506>
2020-06-01 13:49:11.975825 7f4a52e28700 5 -- 100.97.140.48:6821/2734156667 >> 10.220.189.27:0/2712278580 conn(0x7f4a60c28000 :6821 s=STATE_OPEN_MESSAGE_READ_FOOTER_AND_DISPATCH pgs=168748 cs=1 l=0). rx client.11873220 seq 12624 0x7f4a672a8240 client_session(request_renewcaps seq 87436) v1 -505>
2020-06-01 13:49:11.975859 7f4a4fead700 1 -- 100.97.140.48:6821/2734156667 <== client.11873220 10.220.189.27:0/2712278580 12624 ==== client_session(request_renewcaps seq 87436) v1 ==== 28+0+0 (863631318 0 0) 0x7f4a672a8240 con 0x7f4a60c28000 -504>
2020-06-01 13:49:11.975879 7f4a4fead700 3 mds.4.server handle_client_session client_session(request_renewcaps seq 87436) v1 from client.11873220 -503>
2020-06-01 13:49:11.975885 7f4a4fead700 1 -- 100.97.140.48:6821/2734156667 --> 10.220.189.27:0/2712278580 -- client_session(renewcaps seq 87436) v2 -- 0x7f4a672a8b40 con 0 -502>
2020-06-01 13:49:12.030424 7f4a51e26700 5 -- 100.97.140.48:6821/2734156667 >> 10.220.189.48:0/3519480120 conn(0x7f4a615be800 :6821 s=STATE_OPEN_MESSAGE_READ_FOOTER_AND_DISPATCH pgs=222911 cs=1 l=0). rx client.11993282 seq 12624 0x7f4a652ad180 client_session(request_renewcaps seq 73114) v1 -501>
2020-06-01 13:49:12.030453 7f4a4fead700 1 -- 100.97.140.48:6821/2734156667 <== client.11993282 10.220.189.48:0/3519480120 12624 ==== client_session(request_renewcaps seq 73114) v1 ==== 28+0+0 (2464712420 0 0) 0x7f4a652ad180 con 0x7f4a615be800 -500>
2020-06-01 13:49:12.030470 7f4a4fead700 3 mds.4.server handle_client_session client_session(request_renewcaps seq 73114) v1 from client.11993282 -499>
2020-06-01 13:49:12.030476 7f4a4fead700 1 -- 100.97.140.48:6821/2734156667 --> 10.220.189.48:0/3519480120 -- client_session(renewcaps seq 73114) v2 -- 0x7f4a672a8240 con 0 -498>
2020-06-01 13:49:12.202244 7f4a51e26700 5 -- 100.97.140.48:6821/2734156667 >> 10.220.189.13:0/865039835 conn(0x7f4a6160e800 :6821 s=STATE_OPEN_MESSAGE_READ_FOOTER_AND_DISPATCH pgs=28 cs=1 l=0). rx client.12163694 seq 12624 0x7f4a672a8240 client_session(request_renewcaps seq 55264) v1 -497>
2020-06-01 13:49:12.202291 7f4a4fead700 1 -- 100.97.140.48:6821/2734156667 <== client.12163694 10.220.189.13:0/865039835 12624 ==== client_session(request_renewcaps seq 55264) v1 ==== 28+0+0 (2613826270 0 0) 0x7f4a672a8240 con 0x7f4a6160e800 -496>
2020-06-01 13:49:12.202316 7f4a4fead700 3 mds.4.server handle_client_session client_session(request_renewcaps seq 55264) v1 from client.12163694 -495>
2020-06-01 13:49:12.202324 7f4a4fead700 1 -- 100.97.140.48:6821/2734156667 --> 10.220.189.13:0/865039835 -- client_session(renewcaps seq 55264) v2 -- 0x7f4a652ad180 con 0 -494>
2020-06-01 13:49:12.226955 7f4a52627700 5 -- 100.97.140.48:6821/2734156667 >> 10.221.83.226:0/1533166538 conn(0x7f4a60ead000 :6821 s=STATE_OPEN_MESSAGE_READ_FOOTER_AND_DISPATCH pgs=17246 cs=1 l=0). rx client.4947541 seq 12624 0x7f4a672a8480 client_session(request_renewcaps seq 811311) v1 -493>
2020-06-01 13:49:12.226982 7f4a4fead700 1 -- 100.97.140.48:6821/2734156667 <== client.4947541 10.221.83.226:0/1533166538 12624 ==== client_session(request_renewcaps seq 811311) v1 ==== 28+0+0 (295864721 0 0) 0x7f4a672a8480 con 0x7f4a60ead000 -492>
2020-06-01 13:49:12.226999 7f4a4fead700 3 mds.4.server handle_client_session client_session(request_renewcaps seq 811311) v1 from client.4947541 -491>
2020-06-01 13:49:12.227005 7f4a4fead700 1 -- 100.97.140.48:6821/2734156667 --> 10.221.83.226:0/1533166538 -- client_session(renewcaps seq 811311) v2 -- 0x7f4a672a8240 con 0 -490>
2020-06-01 13:49:12.228527 7f4a52627700 5 -- 100.97.140.48:6821/2734156667 >> 10.220.189.40:0/2959448533 conn(0x7f4a60e5b000 :6821 s=STATE_OPEN_MESSAGE_READ_FOOTER_AND_DISPATCH pgs=9 cs=1 l=0). rx client.12532533 seq 12485 0x7f4a672a1f80 client_session(request_renewcaps seq 12484) v1 -489>
2020-06-01 13:49:12.228551 7f4a4fead700 1 -- 100.97.140.48:6821/2734156667 <== client.12532533 10.220.189.40:0/2959448533 12485 ==== client_session(request_renewcaps seq 12484) v1 ==== 28+0+0 (2335893251 0 0) 0x7f4a672a1f80 con 0x7f4a60e5b000 -488>
2020-06-01 13:49:12.228561 7f4a4fead700 3 mds.4.server handle_client_session client_session(request_renewcaps seq 12484) v1 from client.12532533 -487>
2020-06-01 13:49:12.228566 7f4a4fead700 1 -- 100.97.140.48:6821/2734156667 --> 10.220.189.40:0/2959448533 -- client_session(renewcaps seq 12484) v2 -- 0x7f4a672a8480 con 0 -486>
2020-06-01 13:49:12.254941 7f4a52627700 5 -- 100.97.140.48:6821/2734156667 >> 10.220.189.33:0/3289364450 conn(0x7f4a60de6800 :6821 s=STATE_OPEN_MESSAGE_READ_FOOTER_AND_DISPATCH pgs=22 cs=1 l=0). rx client.12459796 seq 12624 0x7f4a672a8480 client_session(request_renewcaps seq 20445) v1 -485>
2020-06-01 13:49:12.254969 7f4a4fead700 1 -- 100.97.140.48:6821/2734156667 <== client.12459796 10.220.189.33:0/3289364450 12624 ==== client_session(request_renewcaps seq 20445) v1 ==== 28+0+0 (1112185453 0 0) 0x7f4a672a8480 con 0x7f4a60de6800 -484>
2020-06-01 13:49:12.254986 7f4a4fead700 3 mds.4.server handle_client_session client_session(request_renewcaps seq 20445) v1 from client.12459796 -483>
2020-06-01 13:49:12.254992 7f4a4fead700 1 -- 100.97.140.48:6821/2734156667 --> 10.220.189.33:0/3289364450 -- client_session(renewcaps seq 20445) v2 -- 0x7f4a672a1f80 con 0 -482>
2020-06-01 13:49:12.280148 7f4a51e26700 5 -- 100.97.140.48:6821/2734156667 >> 100.97.140.32:6820/1879232263 conn(0x7f4a60cec800 :6821 s=STATE_OPEN_MESSAGE_READ_FOOTER_AND_DISPATCH pgs=3423089 cs=1 l=0). rx mds.0 seq 321115 0x7f4a62970760 gather_caps(0x10002a2cf74) v1 -481>
2020-06-01 13:49:12.280175 7f4a4fead700 1 -- 100.97.140.48:6821/2734156667 <== mds.0 100.97.140.32:6820/1879232263 321115 ==== gather_caps(0x10002a2cf74) v1 ==== 8+0+0 (4184419736 0 0) 0x7f4a62970760 con 0x7f4a60cec800 -480>
2020-06-01 13:49:12.478884 7f4a52627700 5 -- 100.97.140.48:6821/2734156667 >> 10.220.189.33:0/779277436 conn(0x7f4a6141f000 :6821 s=STATE_OPEN_MESSAGE_READ_FOOTER_AND_DISPATCH pgs=10928 cs=1 l=0). rx client.10358938 seq 12624 0x7f4a672a1f80 client_session(request_renewcaps seq 258238) v1 -479>
2020-06-01 13:49:12.478932 7f4a4fead700 1 -- 100.97.140.48:6821/2734156667 <== client.10358938 10.220.189.33:0/779277436 12624 ==== client_session(request_renewcaps seq 258238) v1 ==== 28+0+0 (1899926770 0 0) 0x7f4a672a1f80 con 0x7f4a6141f000 -478>
2020-06-01 13:49:12.478957 7f4a4fead700 3 mds.4.server handle_client_session client_session(request_renewcaps seq 258238) v1 from client.10358938 -477>
2020-06-01 13:49:12.478966 7f4a4fead700 1 -- 100.97.140.48:6821/2734156667 --> 10.220.189.33:0/779277436 -- client_session(renewcaps seq 258238) v2 -- 0x7f4a672a8480 con 0 -476>
2020-06-01 13:49:12.530079 7f4a506ae700 5 asok(0x7f4a608301c0) AdminSocket: request 'get_command_descriptions' '' to 0x7f4a607fc210 returned 4711 bytes -475>
2020-06-01 13:49:12.553426 7f4a506ae700 1 do_command 'perf dump' ' -474>
2020-06-01 13:49:12.553637 7f4a506ae700 1 do_command 'perf dump' 'result is 9143 bytes -473>
2020-06-01 13:49:12.553642 7f4a506ae700 5 asok(0x7f4a608301c0) AdminSocket: request 'perf dump' '' to 0x7f4a607fc040 returned 9143 bytes -472>
2020-06-01 13:49:12.790040 7f4a52e28700 5 -- 100.97.140.48:6821/2734156667 >> 10.220.87.206:0/2567815884 conn(0x7f4a60af4000 :6821 s=STATE_OPEN_MESSAGE_READ_FOOTER_AND_DISPATCH pgs=65 cs=1 l=0). rx client.4175265 seq 12624 0x7f4a672a8b40 client_session(request_renewcaps seq 933741) v1 -471>
2020-06-01 13:49:12.790086 7f4a4fead700 1 -- 100.97.140.48:6821/2734156667 <== client.4175265 10.220.87.206:0/2567815884 12624 ==== client_session(request_renewcaps seq 933741) v1 ==== 28+0+0 (262025042 0 0) 0x7f4a672a8b40 con 0x7f4a60af4000 -470>
2020-06-01 13:49:12.790111 7f4a4fead700 3 mds.4.server handle_client_session client_session(request_renewcaps seq 933741) v1 from client.4175265 -469>
2020-06-01 13:49:12.790120 7f4a4fead700 1 -- 100.97.140.48:6821/2734156667 --> 10.220.87.206:0/2567815884 -- client_session(renewcaps seq 933741) v2 -- 0x7f4a672a1f80 con 0 -468>
2020-06-01 13:49:12.891996 7f4a51e26700 5 -- 100.97.140.48:6821/2734156667 >> 10.220.189.33:0/3272808245 conn(0x7f4a60e49000 :6821 s=STATE_OPEN_MESSAGE_READ_FOOTER_AND_DISPATCH pgs=22 cs=1 l=0). rx client.12459801 seq 12624 0x7f4a652ad180 client_session(request_renewcaps seq 20445) v1 -467>
2020-06-01 13:49:12.892045 7f4a4fead700 1 -- 100.97.140.48:6821/2734156667 <== client.12459801 10.220.189.33:0/3272808245 12624 ==== client_session(request_renewcaps seq 20445) v1 ==== 28+0+0 (1112185453 0 0) 0x7f4a652ad180 con 0x7f4a60e49000 -466>
2020-06-01 13:49:12.892071 7f4a4fead700 3 mds.4.server handle_client_session client_session(request_renewcaps seq 20445) v1 from client.12459801 -465>
2020-06-01 13:49:12.892080 7f4a4fead700 1 -- 100.97.140.48:6821/2734156667 --> 10.220.189.33:0/3272808245 -- client_session(renewcaps seq 20445) v2 -- 0x7f4a672a8b40 con 0 -464>
2020-06-01 13:49:12.908604 7f4a52e28700 5 -- 100.97.140.48:6821/2734156667 >> 10.220.189.23:0/4136029670 conn(0x7f4a60e46000 :6821 s=STATE_OPEN_MESSAGE_READ_FOOTER_AND_DISPATCH pgs=22 cs=1 l=0). rx client.12483301 seq 12624 0x7f4a672a1f80 client_session(request_renewcaps seq 17797) v1 -463>
2020-06-01 13:49:12.908633 7f4a4fead700 1 -- 100.97.140.48:6821/2734156667 <== client.12483301 10.220.189.23:0/4136029670 12624 ==== client_session(request_renewcaps seq 17797) v1 ==== 28+0+0 (1371152894 0 0) 0x7f4a672a1f80 con 0x7f4a60e46000 -462>
2020-06-01 13:49:12.908649 7f4a4fead700 3 mds.4.server handle_client_session client_session(request_renewcaps seq 17797) v1 from client.12483301 -461>
2020-06-01 13:49:12.908655 7f4a4fead700 1 -- 100.97.140.48:6821/2734156667 --> 10.220.189.23:0/4136029670 -- client_session(renewcaps seq 17797) v2 -- 0x7f4a652ad180 con 0 -460>
2020-06-01 13:49:13.015127 7f4a52e28700 5 -- 100.97.140.48:6821/2734156667 >> 10.220.189.13:0/1931206989 conn(0x7f4a615fc800 :6821 s=STATE_OPEN_MESSAGE_READ_FOOTER_AND_DISPATCH pgs=33263 cs=1 l=0). rx client.12373562 seq 12624 0x7f4a652ad180 client_session(request_renewcaps seq 30096) v1 -459>
2020-06-01 13:49:13.015157 7f4a4fead700 1 -- 100.97.140.48:6821/2734156667 <== client.12373562 10.220.189.13:0/1931206989 12624 ==== client_session(request_renewcaps seq 30096) v1 ==== 28+0+0 (1098368296 0 0) 0x7f4a652ad180 con 0x7f4a615fc800 -458>
2020-06-01 13:49:13.015177 7f4a4fead700 3 mds.4.server handle_client_session client_session(request_renewcaps seq 30096) v1 from client.12373562 -457>
2020-06-01 13:49:13.015183 7f4a4fead700 1 -- 100.97.140.48:6821/2734156667 --> 10.220.189.13:0/1931206989 -- client_session(renewcaps seq 30096) v2 -- 0x7f4a672a1f80 con 0 -456>
2020-06-01 13:49:13.177708 7f4a52e28700 5 -- 100.97.140.48:6821/2734156667 >> 10.220.189.38:0/3794051847 conn(0x7f4a616d6800 :6821 s=STATE_OPEN_MESSAGE_READ_FOOTER_AND_DISPATCH pgs=162186 cs=1 l=0). rx client.12138776 seq 12624 0x7f4a672a1f80 client_session(request_renewcaps seq 56553) v1 -455>
2020-06-01 13:49:13.177751 7f4a4fead700 1 -- 100.97.140.48:6821/2734156667 <== client.12138776 10.220.189.38:0/3794051847 12624 ==== client_session(request_renewcaps seq 56553) v1 ==== 28+0+0 (3749225358 0 0) 0x7f4a672a1f80 con 0x7f4a616d6800 -454>
2020-06-01 13:49:13.177778 7f4a4fead700 3 mds.4.server handle_client_session client_session(request_renewcaps seq 56553) v1 from client.12138776 -453>
2020-06-01 13:49:13.177787 7f4a4fead700 1 -- 100.97.140.48:6821/2734156667 --> 10.220.189.38:0/3794051847 -- client_session(renewcaps seq 56553) v2 -- 0x7f4a652ad180 con 0 -452>
2020-06-01 13:49:13.271782 7f4a52e28700 5 -- 100.97.140.48:6821/2734156667 >> 10.220.189.33:0/733033996 conn(0x7f4a615bb800 :6821 s=STATE_OPEN_MESSAGE_READ_FOOTER_AND_DISPATCH pgs=22 cs=1 l=0). rx client.12468440 seq 12624 0x7f4a652ad180 client_session(request_renewcaps seq 20445) v1 -451>
2020-06-01 13:49:13.271813 7f4a4fead700 1 -- 100.97.140.48:6821/2734156667 <== client.12468440 10.220.189.33:0/733033996 12624 ==== client_session(request_renewcaps seq 20445) v1 ==== 28+0+0 (1112185453 0 0) 0x7f4a652ad180 con 0x7f4a615bb800 -450>
2020-06-01 13:49:13.271832 7f4a4fead700 3 mds.4.server handle_client_session client_session(request_renewcaps seq 20445) v1 from client.12468440 -449>
2020-06-01 13:49:13.271840 7f4a4fead700 1 -- 100.97.140.48:6821/2734156667 --> 10.220.189.33:0/733033996 -- client_session(renewcaps seq 20445) v2 -- 0x7f4a672a1f80 con 0 -448>
2020-06-01 13:49:13.303538 7f4a52627700 5 -- 100.97.140.48:6821/2734156667 >> 10.220.189.33:0/4095676917 conn(0x7f4a60e37000 :6821 s=STATE_OPEN_MESSAGE_READ_FOOTER_AND_DISPATCH pgs=22 cs=1 l=0). rx client.12470494 seq 12624 0x7f4a672a8480 client_session(request_renewcaps seq 20445) v1 -447>
2020-06-01 13:49:13.303561 7f4a4fead700 1 -- 100.97.140.48:6821/2734156667 <== client.12470494 10.220.189.33:0/4095676917 12624 ==== client_session(request_renewcaps seq 20445) v1 ==== 28+0+0 (1112185453 0 0) 0x7f4a672a8480 con 0x7f4a60e37000 -446>
2020-06-01 13:49:13.303576 7f4a4fead700 3 mds.4.server handle_client_session client_session(request_renewcaps seq 20445) v1 from client.12470494 -445>
2020-06-01 13:49:13.303581 7f4a4fead700 1 -- 100.97.140.48:6821/2734156667 --> 10.220.189.33:0/4095676917 -- client_session(renewcaps seq 20445) v2 -- 0x7f4a652ad180 con 0 -444>
2020-06-01 13:49:13.478556 7f4a52627700 5 -- 100.97.140.48:6821/2734156667 >> 10.220.189.43:0/3917229239 conn(0x7f4a60cb2800 :6821 s=STATE_OPEN_MESSAGE_READ_FOOTER_AND_DISPATCH pgs=13601 cs=1 l=0). rx client.6377568 seq 12624 0x7f4a652ad180 client_session(request_renewcaps seq 647726) v1 -443>
2020-06-01 13:49:13.478597 7f4a4fead700 1 -- 100.97.140.48:6821/2734156667 <== client.6377568 10.220.189.43:0/3917229239 12624 ==== client_session(request_renewcaps seq 647726) v1 ==== 28+0+0 (842895000 0 0) 0x7f4a652ad180 con 0x7f4a60cb2800 -442>
2020-06-01 13:49:13.478621 7f4a4fead700 3 mds.4.server handle_client_session client_session(request_renewcaps seq 647726) v1 from client.6377568 -441>
2020-06-01 13:49:13.478629 7f4a4fead700 1 -- 100.97.140.48:6821/2734156667 --> 10.220.189.43:0/3917229239 -- client_session(renewcaps seq 647726) v2 -- 0x7f4a672a8480 con 0 -440>
2020-06-01 13:49:13.546714 7f4a52e28700 5 -- 100.97.140.48:6821/2734156667 >> 10.220.189.43:0/3717029869 conn(0x7f4a65350800 :6821 s=STATE_OPEN_MESSAGE_READ_FOOTER_AND_DISPATCH pgs=9 cs=1 l=0). rx client.12638456 seq 596 0x7f4a672a1f80 client_session(request_renewcaps seq 595) v1 -439>
2020-06-01 13:49:13.546744 7f4a4fead700 1 -- 100.97.140.48:6821/2734156667 <== client.12638456 10.220.189.43:0/3717029869 596 ==== client_session(request_renewcaps seq 595) v1 ==== 28+0+0 (1003153492 0 0) 0x7f4a672a1f80 con 0x7f4a65350800 -438>
2020-06-01 13:49:13.546762 7f4a4fead700 3 mds.4.server handle_client_session client_session(request_renewcaps seq 595) v1 from client.12638456 -437>
2020-06-01 13:49:13.546768 7f4a4fead700 1 -- 100.97.140.48:6821/2734156667 --> 10.220.189.43:0/3717029869 -- client_session(renewcaps seq 595) v2 -- 0x7f4a652ad180 con 0 -436>
2020-06-01 13:49:13.547907 7f4a52627700 5 -- 100.97.140.48:6821/2734156667 >> 10.220.189.40:0/2937386682 conn(0x7f4a60e47800 :6821 s=STATE_OPEN_MESSAGE_READ_FOOTER_AND_DISPATCH pgs=127 cs=1 l=0). rx client.12489468 seq 12624 0x7f4a672a8480 client_session(request_renewcaps seq 17194) v1 -435>
2020-06-01 13:49:13.547931 7f4a4fead700 1 -- 100.97.140.48:6821/2734156667 <== client.12489468 10.220.189.40:0/2937386682 12624 ==== client_session(request_renewcaps seq 17194) v1 ==== 28+0+0 (3038092920 0 0) 0x7f4a672a8480 con 0x7f4a60e47800 -434>
2020-06-01 13:49:13.547941 7f4a4fead700 3 mds.4.server handle_client_session client_session(request_renewcaps seq 17194) v1 from client.12489468 -433>
2020-06-01 13:49:13.547946 7f4a4fead700 1 -- 100.97.140.48:6821/2734156667 --> 10.220.189.40:0/2937386682 -- client_session(renewcaps seq 17194) v2 -- 0x7f4a672a1f80 con 0 -432>
2020-06-01 13:49:13.588311 7f4a52e28700 5 -- 100.97.140.48:6821/2734156667 >> 10.220.189.34:0/3970794472 conn(0x7f4a60cd7800 :6821 s=STATE_OPEN_MESSAGE_READ_FOOTER_AND_DISPATCH pgs=142093 cs=1 l=0). rx client.11730130 seq 12624 0x7f4a652ad180 client_session(request_renewcaps seq 103477) v1 -431>
2020-06-01 13:49:13.588338 7f4a4fead700 1 -- 100.97.140.48:6821/2734156667 <== client.11730130 10.220.189.34:0/3970794472 12624 ==== client_session(request_renewcaps seq 103477) v1 ==== 28+0+0 (3023139506 0 0) 0x7f4a652ad180 con 0x7f4a60cd7800 -430>
2020-06-01 13:49:13.588356 7f4a4fead700 3 mds.4.server handle_client_session client_session(request_renewcaps seq 103477) v1 from client.11730130 -429>
2020-06-01 13:49:13.588362 7f4a4fead700 1 -- 100.97.140.48:6821/2734156667 --> 10.220.189.34:0/3970794472 -- client_session(renewcaps seq 103477) v2 -- 0x7f4a672a8480 con 0 -428>
2020-06-01 13:49:13.656776 7f4a52627700 5 -- 100.97.140.48:6821/2734156667 >> 10.220.189.18:0/2820150793 conn(0x7f4a61698800 :6821 s=STATE_OPEN_MESSAGE_READ_FOOTER_AND_DISPATCH pgs=29424 cs=1 l=0). rx client.12455832 seq 12627 0x7f4a672a1f80 client_session(request_renewcaps seq 21003) v1 -427>
2020-06-01 13:49:13.656816 7f4a4fead700 1 -- 100.97.140.48:6821/2734156667 <== client.12455832 10.220.189.18:0/2820150793 12627 ==== client_session(request_renewcaps seq 21003) v1 ==== 28+0+0 (814322078 0 0) 0x7f4a672a1f80 con 0x7f4a61698800 -426>
2020-06-01 13:49:13.656838 7f4a4fead700 3 mds.4.server handle_client_session client_session(request_renewcaps seq 21003) v1 from client.12455832 -425>
2020-06-01 13:49:13.656846 7f4a4fead700 1 -- 100.97.140.48:6821/2734156667 --> 10.220.189.18:0/2820150793 -- client_session(renewcaps seq 21003) v2 -- 0x7f4a652ad180 con 0 -424>
2020-06-01 13:49:13.734846 7f4a52e28700 5 -- 100.97.140.48:6821/2734156667 >> 10.221.20.205:0/2027507166 conn(0x7f4a60eab800 :6821 s=STATE_OPEN_MESSAGE_READ_FOOTER_AND_DISPATCH pgs=17528 cs=1 l=0). rx client.4947526 seq 12624 0x7f4a672a8480 client_session(request_renewcaps seq 811310) v1 -423>
2020-06-01 13:49:13.734893 7f4a4fead700 1 -- 100.97.140.48:6821/2734156667 <== client.4947526 10.221.20.205:0/2027507166 12624 ==== client_session(request_renewcaps seq 811310) v1 ==== 28+0+0 (2884455199 0 0) 0x7f4a672a8480 con 0x7f4a60eab800 -422>
2020-06-01 13:49:13.734918 7f4a4fead700 3 mds.4.server handle_client_session client_session(request_renewcaps seq 811310) v1 from client.4947526 -421>
2020-06-01 13:49:13.734927 7f4a4fead700 1 -- 100.97.140.48:6821/2734156667 --> 10.221.20.205:0/2027507166 -- client_session(renewcaps seq 811310) v2 -- 0x7f4a672a1f80 con 0 -420>
2020-06-01 13:49:13.746966 7f4a52e28700 5 -- 100.97.140.48:6821/2734156667 >> 10.220.189.34:0/28811655 conn(0x7f4a61415000 :6821 s=STATE_OPEN_MESSAGE_READ_FOOTER_AND_DISPATCH pgs=111749 cs=1 l=0). rx client.11733499 seq 12624 0x7f4a672a1f80 client_session(request_renewcaps seq 103490) v1 -419>
2020-06-01 13:49:13.746992 7f4a4fead700 1 -- 100.97.140.48:6821/2734156667 <== client.11733499 10.220.189.34:0/28811655 12624 ==== client_session(request_renewcaps seq 103490) v1 ==== 28+0+0 (193929849 0 0) 0x7f4a672a1f80 con 0x7f4a61415000 -418>
2020-06-01 13:49:13.747006 7f4a4fead700 3 mds.4.server handle_client_session client_session(request_renewcaps seq 103490) v1 from client.11733499 -417>
2020-06-01 13:49:13.747011 7f4a4fead700 1 -- 100.97.140.48:6821/2734156667 --> 10.220.189.34:0/28811655 -- client_session(renewcaps seq 103490) v2 -- 0x7f4a672a8480 con 0 -416>
2020-06-01 13:49:13.777623 7f4a51e26700 5 -- 100.97.140.48:6821/2734156667 >> 10.220.189.42:0/103415202 conn(0x7f4a6140b000 :6821 s=STATE_OPEN_MESSAGE_READ_FOOTER_AND_DISPATCH pgs=37361 cs=1 l=0). rx client.9384631 seq 12624 0x7f4a672a8b40 client_session(request_renewcaps seq 369035) v1 -415>
2020-06-01 13:49:13.777648 7f4a4fead700 1 -- 100.97.140.48:6821/2734156667 <== client.9384631 10.220.189.42:0/103415202 12624 ==== client_session(request_renewcaps seq 369035) v1 ==== 28+0+0 (1232802385 0 0) 0x7f4a672a8b40 con 0x7f4a6140b000 -414>
2020-06-01 13:49:13.777660 7f4a4fead700 3 mds.4.server handle_client_session client_session(request_renewcaps seq 369035) v1 from client.9384631 -413>
2020-06-01 13:49:13.777665 7f4a4fead700 1 -- 100.97.140.48:6821/2734156667 --> 10.220.189.42:0/103415202 -- client_session(renewcaps seq 369035) v2 -- 0x7f4a672a1f80 con 0 -412>
2020-06-01 13:49:13.790979 7f4a52627700 5 -- 100.97.140.48:6821/2734156667 >> 10.220.189.33:0/3383926769 conn(0x7f4a61624800 :6821 s=STATE_OPEN_MESSAGE_READ_FOOTER_AND_DISPATCH pgs=22 cs=1 l=0). rx client.12461008 seq 12624 0x7f4a652ad180 client_session(request_renewcaps seq 20445) v1 -411>
2020-06-01 13:49:13.791005 7f4a4fead700 1 -- 100.97.140.48:6821/2734156667 <== client.12461008 10.220.189.33:0/3383926769 12624 ==== client_session(request_renewcaps seq 20445) v1 ==== 28+0+0 (1112185453 0 0) 0x7f4a652ad180 con 0x7f4a61624800 -410>
2020-06-01 13:49:13.791020 7f4a4fead700 3 mds.4.server handle_client_session client_session(request_renewcaps seq 20445) v1 from client.12461008 -409>
2020-06-01 13:49:13.791026 7f4a4fead700 1 -- 100.97.140.48:6821/2734156667 --> 10.220.189.33:0/3383926769 -- client_session(renewcaps seq 20445) v2 -- 0x7f4a672a8b40 con 0 -408>
2020-06-01 13:49:13.852447 7f4a52e28700 5 -- 100.97.140.48:6821/2734156667 >> 10.220.189.50:0/3574753305 conn(0x7f4a60d9a800 :6821 s=STATE_OPEN_MESSAGE_READ_FOOTER_AND_DISPATCH pgs=60290 cs=1 l=0). rx client.12373337 seq 12633 0x7f4a672a8480 client_session(request_renewcaps seq 30117) v1 -407>
2020-06-01 13:49:13.852491 7f4a4fead700 1 -- 100.97.140.48:6821/2734156667 <== client.12373337 10.220.189.50:0/3574753305 12633 ==== client_session(request_renewcaps seq 30117) v1 ==== 28+0+0 (2463013376 0 0) 0x7f4a672a8480 con 0x7f4a60d9a800 -406>
2020-06-01 13:49:13.852514 7f4a4fead700 3 mds.4.server handle_client_session client_session(request_renewcaps seq 30117) v1 from client.12373337 -405>
2020-06-01 13:49:13.852520 7f4a4fead700 1 -- 100.97.140.48:6821/2734156667 --> 10.220.189.50:0/3574753305 -- client_session(renewcaps seq 30117) v2 -- 0x7f4a652ad180 con 0 -404>
2020-06-01 13:49:13.885249 7f4a51e26700 5 -- 100.97.140.48:6821/2734156667 >> 10.220.189.50:0/771346637 conn(0x7f4a60d99000 :6821 s=STATE_OPEN_MESSAGE_READ_FOOTER_AND_DISPATCH pgs=28 cs=1 l=0). rx client.11036311 seq 12624 0x7f4a672a1f80 client_session(request_renewcaps seq 181293) v1 -403>
2020-06-01 13:49:13.885275 7f4a4fead700 1 -- 100.97.140.48:6821/2734156667 <== client.11036311 10.220.189.50:0/771346637 12624 ==== client_session(request_renewcaps seq 181293) v1 ==== 28+0+0 (1178125482 0 0) 0x7f4a672a1f80 con 0x7f4a60d99000 -402>
2020-06-01 13:49:13.885291 7f4a4fead700 3 mds.4.server handle_client_session client_session(request_renewcaps seq 181293) v1 from client.11036311 -401>
2020-06-01 13:49:13.885296 7f4a4fead700 1 -- 100.97.140.48:6821/2734156667 --> 10.220.189.50:0/771346637 -- client_session(renewcaps seq 181293) v2 -- 0x7f4a672a8480 con 0 -400>
2020-06-01 13:49:14.074623 7f4a51e26700 5 -- 100.97.140.48:6821/2734156667 >> 10.220.189.44:0/1371835329 conn(0x7f4a61564000 :6821 s=STATE_OPEN_MESSAGE_READ_FOOTER_AND_DISPATCH pgs=113403 cs=1 l=0). rx client.10616278 seq 12624 0x7f4a672a8480 client_session(request_renewcaps seq 229226) v1 -399>
2020-06-01 13:49:14.074671 7f4a4fead700 1 -- 100.97.140.48:6821/2734156667 <== client.10616278 10.220.189.44:0/1371835329 12624 ==== client_session(request_renewcaps seq 229226) v1 ==== 28+0+0 (4086904977 0 0) 0x7f4a672a8480 con 0x7f4a61564000 -398>
2020-06-01 13:49:14.074696 7f4a4fead700 3 mds.4.server handle_client_session client_session(request_renewcaps seq 229226) v1 from client.10616278 -397>
2020-06-01 13:49:14.074704 7f4a4fead700 1 -- 100.97.140.48:6821/2734156667 --> 10.220.189.44:0/1371835329 -- client_session(renewcaps seq 229226) v2 -- 0x7f4a672a1f80 con 0 -396>
2020-06-01 13:49:14.347148 7f4a4cea7700 10 monclient: _send_mon_message to mon.TX-97-140-59 at 100.97.140.59:6789/0 -395>
2020-06-01 13:49:14.347173 7f4a4cea7700 1 -- 100.97.140.48:6821/2734156667 --> 100.97.140.59:6789/0 -- mdsbeacon(12541229/TX-97-140-48 up:active seq 63118 v415) v7 -- 0x7f4a673030c0 con 0 -394>
2020-06-01 13:49:14.348171 7f4a52627700 5 -- 100.97.140.48:6821/2734156667 >> 100.97.140.59:6789/0 conn(0x7f4a60a43000 :-1 s=STATE_OPEN_MESSAGE_READ_FOOTER_AND_DISPATCH pgs=2504874 cs=1 l=1). rx mon.4 seq 63319 0x7f4a673030c0 mdsbeacon(12541229/TX-97-140-48 up:active seq 63118 v415) v7 -393>
2020-06-01 13:49:14.348209 7f4a4fead700 1 -- 100.97.140.48:6821/2734156667 <== mon.4 100.97.140.59:6789/0 63319 ==== mdsbeacon(12541229/TX-97-140-48 up:active seq 63118 v415) v7 ==== 137+0+0 (3175219397 0 0) 0x7f4a673030c0 con 0x7f4a60a43000 -392>
2020-06-01 13:49:14.446198 7f4a52627700 5 -- 100.97.140.48:6821/2734156667 >> 10.220.87.172:0/874770633 conn(0x7f4a60cda800 :6821 s=STATE_OPEN_MESSAGE_READ_FOOTER_AND_DISPATCH pgs=3081854 cs=1 l=0). rx client.3881278 seq 12624 0x7f4a672a8b40 client_session(request_renewcaps seq 1014674) v1 -391>
2020-06-01 13:49:14.446246 7f4a4fead700 1 -- 100.97.140.48:6821/2734156667 <== client.3881278 10.220.87.172:0/874770633 12624 ==== client_session(request_renewcaps seq 1014674) v1 ==== 28+0+0 (3545832904 0 0) 0x7f4a672a8b40 con 0x7f4a60cda800 -390>
2020-06-01 13:49:14.446270 7f4a4fead700 3 mds.4.server handle_client_session client_session(request_renewcaps seq 1014674) v1 from client.3881278 -389>
2020-06-01 13:49:14.446279 7f4a4fead700 1 -- 100.97.140.48:6821/2734156667 --> 10.220.87.172:0/874770633 -- client_session(renewcaps seq 1014674) v2 -- 0x7f4a672a8480 con 0 -388>
2020-06-01 13:49:14.896750 7f4a51e26700 5 -- 100.97.140.48:6821/2734156667 >> 10.220.87.174:0/2214825075 conn(0x7f4a60c16000 :6821 s=STATE_OPEN_MESSAGE_READ_FOOTER_AND_DISPATCH pgs=71 cs=1 l=0). rx client.3891245 seq 12624 0x7f4a672a1f80 client_session(request_renewcaps seq 1014679) v1 -387>
2020-06-01 13:49:14.896798 7f4a4fead700 1 -- 100.97.140.48:6821/2734156667 <== client.3891245 10.220.87.174:0/2214825075 12624 ==== client_session(request_renewcaps seq 1014679) v1 ==== 28+0+0 (2347841692 0 0) 0x7f4a672a1f80 con 0x7f4a60c16000 -386>
2020-06-01 13:49:14.896823 7f4a4fead700 3 mds.4.server handle_client_session client_session(request_renewcaps seq 1014679) v1 from client.3891245 -385>
2020-06-01 13:49:14.896832 7f4a4fead700 1 -- 100.97.140.48:6821/2734156667 --> 10.220.87.174:0/2214825075 -- client_session(renewcaps seq 1014679) v2 -- 0x7f4a672a8b40 con 0 -384>
2020-06-01 13:49:14.921288 7f4a52627700 5 -- 100.97.140.48:6821/2734156667 >> 172.25.166.241:0/784962940 conn(0x7f4a60e9c800 :6821 s=STATE_OPEN_MESSAGE_READ_FOOTER_AND_DISPATCH pgs=17524 cs=1 l=0). rx client.4947546 seq 12624 0x7f4a672a8480 client_session(request_renewcaps seq 811294) v1 -383>
2020-06-01 13:49:14.921319 7f4a4fead700 1 -- 100.97.140.48:6821/2734156667 <== client.4947546 172.25.166.241:0/784962940 12624 ==== client_session(request_renewcaps seq 811294) v1 ==== 28+0+0 (553398627 0 0) 0x7f4a672a8480 con 0x7f4a60e9c800 -382>
2020-06-01 13:49:14.921338 7f4a4fead700 3 mds.4.server handle_client_session client_session(request_renewcaps seq 811294) v1 from client.4947546 -381>
2020-06-01 13:49:14.921344 7f4a4fead700 1 -- 100.97.140.48:6821/2734156667 --> 172.25.166.241:0/784962940 -- client_session(renewcaps seq 811294) v2 -- 0x7f4a672a1f80 con 0 -380>
2020-06-01 13:49:14.974630 7f4a51e26700 5 -- 100.97.140.48:6821/2734156667 >> 10.220.189.36:0/244635839 conn(0x7f4a61671000 :6821 s=STATE_OPEN_MESSAGE_READ_FOOTER_AND_DISPATCH pgs=2555 cs=1 l=0). rx client.12458086 seq 12634 0x7f4a672a8b40 client_session(request_renewcaps seq 20638) v1 -379>
