2020-06-01 13:48:50.300036 7f4a4fead700 1 -- 100.97.140.48:6821/2734156667 <== client.12005754 10.220.189.49:0/3408371812 12623 ==== client_session(request_renewcaps seq 73066) v1 ==== 28+0+0 (1046804618 0 0) 0x7f4a652ad180 con 0x7f4a61694000 -1527>
2020-06-01 13:48:50.300052 7f4a4fead700 3 mds.4.server handle_client_session client_session(request_renewcaps seq 73066) v1 from client.12005754 -1526>
2020-06-01 13:48:50.300057 7f4a4fead700 1 -- 100.97.140.48:6821/2734156667 --> 10.220.189.49:0/3408371812 -- client_session(renewcaps seq 73066) v2 -- 0x7f4a672a8b40 con 0 -1525>
2020-06-01 13:48:50.341008 7f4a4dea9700 1 -- 100.97.140.48:6821/2734156667 --> 100.97.140.48:6820/2345 -- mgrreport(unknown.TX-97-140-48 +0-0 packed 214) v5 -- 0x7f4a60ec0c00 con 0 -1524>
2020-06-01 13:48:50.346633 7f4a4cea7700 10 monclient: _send_mon_message to mon.TX-97-140-59 at 100.97.140.59:6789/0 -1523>
2020-06-01 13:48:50.346646 7f4a4cea7700 1 -- 100.97.140.48:6821/2734156667 --> 100.97.140.59:6789/0 -- mdsbeacon(12541229/TX-97-140-48 up:active seq 63112 v415) v7 -- 0x7f4a67301d40 con 0 -1522>
2020-06-01 13:48:50.347617 7f4a52627700 5 -- 100.97.140.48:6821/2734156667 >> 100.97.140.59:6789/0 conn(0x7f4a60a43000 :-1 s=STATE_OPEN_MESSAGE_READ_FOOTER_AND_DISPATCH pgs=2504874 cs=1 l=1). rx mon.4 seq 63313 0x7f4a67301d40 mdsbeacon(12541229/TX-97-140-48 up:active seq 63112 v415) v7 -1521>
2020-06-01 13:48:50.347644 7f4a4fead700 1 -- 100.97.140.48:6821/2734156667 <== mon.4 100.97.140.59:6789/0 63313 ==== mdsbeacon(12541229/TX-97-140-48 up:active seq 63112 v415) v7 ==== 137+0+0 (2193693468 0 0) 0x7f4a67301d40 con 0x7f4a60a43000 -1520>
2020-06-01 13:48:50.410511 7f4a51e26700 5 -- 100.97.140.48:6821/2734156667 >> 10.220.189.56:0/655183920 conn(0x7f4a60dbe800 :6821 s=STATE_OPEN_MESSAGE_READ_FOOTER_AND_DISPATCH pgs=170 cs=1 l=0). rx client.12496225 seq 12623 0x7f4a672a8480 client_session(request_renewcaps seq 17256) v1 -1519>
2020-06-01 13:48:50.410557 7f4a4fead700 1 -- 100.97.140.48:6821/2734156667 <== client.12496225 10.220.189.56:0/655183920 12623 ==== client_session(request_renewcaps seq 17256) v1 ==== 28+0+0 (3641872795 0 0) 0x7f4a672a8480 con 0x7f4a60dbe800 -1518>
2020-06-01 13:48:50.410580 7f4a4fead700 3 mds.4.server handle_client_session client_session(request_renewcaps seq 17256) v1 from client.12496225 -1517>
2020-06-01 13:48:50.410588 7f4a4fead700 1 -- 100.97.140.48:6821/2734156667 --> 10.220.189.56:0/655183920 -- client_session(renewcaps seq 17256) v2 -- 0x7f4a652ad180 con 0 -1516>
2020-06-01 13:48:50.467248 7f4a51e26700 5 -- 100.97.140.48:6821/2734156667 >> 10.221.36.203:0/794674780 conn(0x7f4a60eae800 :6821 s=STATE_OPEN_MESSAGE_READ_FOOTER_AND_DISPATCH pgs=3517688 cs=1 l=0). rx client.3883471 seq 12623 0x7f4a652ad180 client_session(request_renewcaps seq 1014670) v1 -1515>
2020-06-01 13:48:50.467277 7f4a4fead700 1 -- 100.97.140.48:6821/2734156667 <== client.3883471 10.221.36.203:0/794674780 12623 ==== client_session(request_renewcaps seq 1014670) v1 ==== 28+0+0 (1949714220 0 0) 0x7f4a652ad180 con 0x7f4a60eae800 -1514>
2020-06-01 13:48:50.467295 7f4a4fead700 3 mds.4.server handle_client_session client_session(request_renewcaps seq 1014670) v1 from client.3883471 -1513>
2020-06-01 13:48:50.467301 7f4a4fead700 1 -- 100.97.140.48:6821/2734156667 --> 10.221.36.203:0/794674780 -- client_session(renewcaps seq 1014670) v2 -- 0x7f4a672a8480 con 0 -1512>
2020-06-01 13:48:50.609447 7f4a51e26700 5 -- 100.97.140.48:6821/2734156667 >> 10.240.219.146:0/589250504 conn(0x7f4a615cc800 :6821 s=STATE_OPEN_MESSAGE_READ_FOOTER_AND_DISPATCH pgs=3009661 cs=1 l=0). rx client.4630841 seq 12623 0x7f4a672a8480 client_session(request_renewcaps seq 860270) v1 -1511>
2020-06-01 13:48:50.609501 7f4a4fead700 1 -- 100.97.140.48:6821/2734156667 <== client.4630841 10.240.219.146:0/589250504 12623 ==== client_session(request_renewcaps seq 860270) v1 ==== 28+0+0 (2287653424 0 0) 0x7f4a672a8480 con 0x7f4a615cc800 -1510>
2020-06-01 13:48:50.609527 7f4a4fead700 3 mds.4.server handle_client_session client_session(request_renewcaps seq 860270) v1 from client.4630841 -1509>
2020-06-01 13:48:50.609536 7f4a4fead700 1 -- 100.97.140.48:6821/2734156667 --> 10.240.219.146:0/589250504 -- client_session(renewcaps seq 860270) v2 -- 0x7f4a652ad180 con 0 -1508>
2020-06-01 13:48:50.864394 7f4a51e26700 5 -- 100.97.140.48:6821/2734156667 >> 10.220.189.15:0/431168319 conn(0x7f4a60c2b000 :6821 s=STATE_OPEN_MESSAGE_READ_FOOTER_AND_DISPATCH pgs=31 cs=1 l=0). rx client.9013872 seq 12623 0x7f4a652ad180 client_session(request_renewcaps seq 410776) v1 -1507>
2020-06-01 13:48:50.864439 7f4a4fead700 1 -- 100.97.140.48:6821/2734156667 <== client.9013872 10.220.189.15:0/431168319 12623 ==== client_session(request_renewcaps seq 410776) v1 ==== 28+0+0 (4107884773 0 0) 0x7f4a652ad180 con 0x7f4a60c2b000 -1506>
2020-06-01 13:48:50.864465 7f4a4fead700 3 mds.4.server handle_client_session client_session(request_renewcaps seq 410776) v1 from client.9013872 -1505>
2020-06-01 13:48:50.864473 7f4a4fead700 1 -- 100.97.140.48:6821/2734156667 --> 10.220.189.15:0/431168319 -- client_session(renewcaps seq 410776) v2 -- 0x7f4a672a8480 con 0 -1504>
2020-06-01 13:48:50.943550 7f4a51e26700 5 -- 100.97.140.48:6821/2734156667 >> 10.221.30.201:0/1459187673 conn(0x7f4a61437000 :6821 s=STATE_OPEN_MESSAGE_READ_FOOTER_AND_DISPATCH pgs=17529 cs=1 l=0). rx client.4948872 seq 12623 0x7f4a672a8480 client_session(request_renewcaps seq 811300) v1 -1503>
2020-06-01 13:48:50.943581 7f4a4fead700 1 -- 100.97.140.48:6821/2734156667 <== client.4948872 10.221.30.201:0/1459187673 12623 ==== client_session(request_renewcaps seq 811300) v1 ==== 28+0+0 (448594359 0 0) 0x7f4a672a8480 con 0x7f4a61437000 -1502>
2020-06-01 13:48:50.943603 7f4a4fead700 3 mds.4.server handle_client_session client_session(request_renewcaps seq 811300) v1 from client.4948872 -1501>
2020-06-01 13:48:50.943610 7f4a4fead700 1 -- 100.97.140.48:6821/2734156667 --> 10.221.30.201:0/1459187673 -- client_session(renewcaps seq 811300) v2 -- 0x7f4a652ad180 con 0 -1500>
2020-06-01 13:48:50.947388 7f4a51e26700 5 -- 100.97.140.48:6821/2734156667 >> 10.220.189.38:0/3477759274 conn(0x7f4a60e13000 :6821 s=STATE_OPEN_MESSAGE_READ_FOOTER_AND_DISPATCH pgs=9 cs=1 l=0). rx client.12643251 seq 66 0x7f4a652ad180 client_session(request_renewcaps seq 65) v1 -1499>
2020-06-01 13:48:50.947412 7f4a4fead700 1 -- 100.97.140.48:6821/2734156667 <== client.12643251 10.220.189.38:0/3477759274 66 ==== client_session(request_renewcaps seq 65) v1 ==== 28+0+0 (615907250 0 0) 0x7f4a652ad180 con 0x7f4a60e13000 -1498>
2020-06-01 13:48:50.947422 7f4a4fead700 3 mds.4.server handle_client_session client_session(request_renewcaps seq 65) v1 from client.12643251 -1497>
2020-06-01 13:48:50.947427 7f4a4fead700 1 -- 100.97.140.48:6821/2734156667 --> 10.220.189.38:0/3477759274 -- client_session(renewcaps seq 65) v2 -- 0x7f4a672a8480 con 0 -1496>
2020-06-01 13:48:51.139381 7f4a52627700 5 -- 100.97.140.48:6821/2734156667 >> 10.220.189.38:0/1438414178 conn(0x7f4a60de5000 :6821 s=STATE_OPEN_MESSAGE_READ_FOOTER_AND_DISPATCH pgs=9 cs=1 l=0). rx client.12643256 seq 66 0x7f4a672a2400 client_session(request_renewcaps seq 65) v1 -1495>
2020-06-01 13:48:51.139428 7f4a4fead700 1 -- 100.97.140.48:6821/2734156667 <== client.12643256 10.220.189.38:0/1438414178 66 ==== client_session(request_renewcaps seq 65) v1 ==== 28+0+0 (615907250 0 0) 0x7f4a672a2400 con 0x7f4a60de5000 -1494>
2020-06-01 13:48:51.139452 7f4a4fead700 3 mds.4.server handle_client_session client_session(request_renewcaps seq 65) v1 from client.12643256 -1493>
2020-06-01 13:48:51.139461 7f4a4fead700 1 -- 100.97.140.48:6821/2734156667 --> 10.220.189.38:0/1438414178 -- client_session(renewcaps seq 65) v2 -- 0x7f4a652ad180 con 0 -1492>
2020-06-01 13:48:51.218745 7f4a51e26700 5 -- 100.97.140.48:6821/2734156667 >> 172.25.166.37:0/4084066274 conn(0x7f4a60e99800 :6821 s=STATE_OPEN_MESSAGE_READ_FOOTER_AND_DISPATCH pgs=17524 cs=1 l=0). rx client.4945768 seq 12623 0x7f4a672a8480 client_session(request_renewcaps seq 811300) v1 -1491>
2020-06-01 13:48:51.218789 7f4a4fead700 1 -- 100.97.140.48:6821/2734156667 <== client.4945768 172.25.166.37:0/4084066274 12623 ==== client_session(request_renewcaps seq 811300) v1 ==== 28+0+0 (448594359 0 0) 0x7f4a672a8480 con 0x7f4a60e99800 -1490>
2020-06-01 13:48:51.218813 7f4a4fead700 3 mds.4.server handle_client_session client_session(request_renewcaps seq 811300) v1 from client.4945768 -1489>
2020-06-01 13:48:51.218822 7f4a4fead700 1 -- 100.97.140.48:6821/2734156667 --> 172.25.166.37:0/4084066274 -- client_session(renewcaps seq 811300) v2 -- 0x7f4a672a2400 con 0 -1488>
2020-06-01 13:48:51.259106 7f4a51e26700 5 -- 100.97.140.48:6821/2734156667 >> 100.97.140.32:6820/1879232263 conn(0x7f4a60cec800 :6821 s=STATE_OPEN_MESSAGE_READ_FOOTER_AND_DISPATCH pgs=3423089 cs=1 l=0). rx mds.0 seq 321057 0x7f4a62f49180 lock(a=lock inest 0x10000000002.head) v1 -1487>
2020-06-01 13:48:51.259140 7f4a4fead700 1 -- 100.97.140.48:6821/2734156667 <== mds.0 100.97.140.32:6820/1879232263 321057 ==== lock(a=lock inest 0x10000000002.head) v1 ==== 69+0+0 (1201847954 0 0) 0x7f4a62f49180 con 0x7f4a60cec800 -1486>
2020-06-01 13:48:51.259178 7f4a4fead700 1 -- 100.97.140.48:6821/2734156667 _send_message--> mds.0 100.97.140.32:6820/1879232263 -- lock(a=lockack inest 0x10000000002.head) v1 -- ?+0 0x7f4a6252a300 -1485>
2020-06-01 13:48:51.259181 7f4a51e26700 5 -- 100.97.140.48:6821/2734156667 >> 100.97.140.32:6820/1879232263 conn(0x7f4a60cec800 :6821 s=STATE_OPEN_MESSAGE_READ_FOOTER_AND_DISPATCH pgs=3423089 cs=1 l=0). rx mds.0 seq 321058 0x7f4a61776800 lock(a=lock inest 0x1.head) v1 -1484>
2020-06-01 13:48:51.259190 7f4a4fead700 1 -- 100.97.140.48:6821/2734156667 --> 100.97.140.32:6820/1879232263 -- lock(a=lockack inest 0x10000000002.head) v1 -- 0x7f4a6252a300 con 0 -1483>
2020-06-01 13:48:51.259216 7f4a4fead700 1 -- 100.97.140.48:6821/2734156667 <== mds.0 100.97.140.32:6820/1879232263 321058 ==== lock(a=lock inest 0x1.head) v1 ==== 69+0+0 (1800409819 0 0) 0x7f4a61776800 con 0x7f4a60cec800 -1482>
2020-06-01 13:48:51.259231 7f4a4fead700 1 -- 100.97.140.48:6821/2734156667 _send_message--> mds.0 100.97.140.32:6820/1879232263 -- lock(a=lockack inest 0x1.head) v1 -- ?+0 0x7f4a62f49180 -1481>
2020-06-01 13:48:51.259238 7f4a4fead700 1 -- 100.97.140.48:6821/2734156667 --> 100.97.140.32:6820/1879232263 -- lock(a=lockack inest 0x1.head) v1 -- 0x7f4a62f49180 con 0 -1480>
2020-06-01 13:48:51.259359 7f4a51e26700 5 -- 100.97.140.48:6821/2734156667 >> 100.97.140.32:6820/1879232263 conn(0x7f4a60cec800 :6821 s=STATE_OPEN_MESSAGE_READ_FOOTER_AND_DISPATCH pgs=3423089 cs=1 l=0). rx mds.0 seq 321059 0x7f4a62455400 lock(a=lock inest 0x100000007d3.head) v1 -1479>
2020-06-01 13:48:51.259382 7f4a4fead700 1 -- 100.97.140.48:6821/2734156667 <== mds.0 100.97.140.32:6820/1879232263 321059 ==== lock(a=lock inest 0x100000007d3.head) v1 ==== 69+0+0 (4197004337 0 0) 0x7f4a62455400 con 0x7f4a60cec800 -1478>
2020-06-01 13:48:51.259398 7f4a4fead700 1 -- 100.97.140.48:6821/2734156667 _send_message--> mds.0 100.97.140.32:6820/1879232263 -- lock(a=lockack inest 0x100000007d3.head) v1 -- ?+0 0x7f4a61776800 -1477>
2020-06-01 13:48:51.259407 7f4a4fead700 1 -- 100.97.140.48:6821/2734156667 --> 100.97.140.32:6820/1879232263 -- lock(a=lockack inest 0x100000007d3.head) v1 -- 0x7f4a61776800 con 0 -1476>
2020-06-01 13:48:51.259658 7f4a51e26700 5 -- 100.97.140.48:6821/2734156667 >> 100.97.140.32:6820/1879232263 conn(0x7f4a60cec800 :6821 s=STATE_OPEN_MESSAGE_READ_FOOTER_AND_DISPATCH pgs=3423089 cs=1 l=0). rx mds.0 seq 321060 0x7f4a62f48280 lock(a=lock inest 0x10000000003.head) v1 -1475>
2020-06-01 13:48:51.259690 7f4a4fead700 1 -- 100.97.140.48:6821/2734156667 <== mds.0 100.97.140.32:6820/1879232263 321060 ==== lock(a=lock inest 0x10000000003.head) v1 ==== 69+0+0 (1953367342 0 0) 0x7f4a62f48280 con 0x7f4a60cec800 -1474>
2020-06-01 13:48:51.259698 7f4a51e26700 5 -- 100.97.140.48:6821/2734156667 >> 100.97.140.32:6820/1879232263 conn(0x7f4a60cec800 :6821 s=STATE_OPEN_MESSAGE_READ_FOOTER_AND_DISPATCH pgs=3423089 cs=1 l=0). rx mds.0 seq 321061 0x7f4a6149f200 lock(a=lock inest 0x100000007d4.head) v1 -1473>
2020-06-01 13:48:51.259705 7f4a4fead700 1 -- 100.97.140.48:6821/2734156667 _send_message--> mds.0 100.97.140.32:6820/1879232263 -- lock(a=lockack inest 0x10000000003.head) v1 -- ?+0 0x7f4a62455400 -1472>
2020-06-01 13:48:51.259714 7f4a4fead700 1 -- 100.97.140.48:6821/2734156667 --> 100.97.140.32:6820/1879232263 -- lock(a=lockack inest 0x10000000003.head) v1 -- 0x7f4a62455400 con 0 -1471>
2020-06-01 13:48:51.259767 7f4a4fead700 1 -- 100.97.140.48:6821/2734156667 <== mds.0 100.97.140.32:6820/1879232263 321061 ==== lock(a=lock inest 0x100000007d4.head) v1 ==== 69+0+0 (1632507397 0 0) 0x7f4a6149f200 con 0x7f4a60cec800 -1470>
2020-06-01 13:48:51.259782 7f4a4fead700 1 -- 100.97.140.48:6821/2734156667 _send_message--> mds.0 100.97.140.32:6820/1879232263 -- lock(a=lockack inest 0x100000007d4.head) v1 -- ?+0 0x7f4a62f48280 -1469>
2020-06-01 13:48:51.259790 7f4a4fead700 1 -- 100.97.140.48:6821/2734156667 --> 100.97.140.32:6820/1879232263 -- lock(a=lockack inest 0x100000007d4.head) v1 -- 0x7f4a62f48280 con 0 -1468>
2020-06-01 13:48:51.262267 7f4a51e26700 5 -- 100.97.140.48:6821/2734156667 >> 100.97.140.32:6820/1879232263 conn(0x7f4a60cec800 :6821 s=STATE_OPEN_MESSAGE_READ_FOOTER_AND_DISPATCH pgs=3423089 cs=1 l=0). rx mds.0 seq 321062 0x7f4a62f48280 lock(a=lockflushed inest 0x10000000002.head) v1 -1467>
2020-06-01 13:48:51.262288 7f4a4fead700 1 -- 100.97.140.48:6821/2734156667 <== mds.0 100.97.140.32:6820/1879232263 321062 ==== lock(a=lockflushed inest 0x10000000002.head) v1 ==== 69+0+0 (2800599178 0 0) 0x7f4a62f48280 con 0x7f4a60cec800 -1466>
2020-06-01 13:48:51.262398 7f4a51e26700 5 -- 100.97.140.48:6821/2734156667 >> 100.97.140.32:6820/1879232263 conn(0x7f4a60cec800 :6821 s=STATE_OPEN_MESSAGE_READ_FOOTER_AND_DISPATCH pgs=3423089 cs=1 l=0). rx mds.0 seq 321063 0x7f4a62455400 lock(a=mix inest 0x10000000002.head) v1 -1465>
2020-06-01 13:48:51.262416 7f4a4fead700 1 -- 100.97.140.48:6821/2734156667 <== mds.0 100.97.140.32:6820/1879232263 321063 ==== lock(a=mix inest 0x10000000002.head) v1 ==== 291+0+0 (387838981 0 0) 0x7f4a62455400 con 0x7f4a60cec800 -1464>
2020-06-01 13:48:51.262533 7f4a51e26700 5 -- 100.97.140.48:6821/2734156667 >> 100.97.140.32:6820/1879232263 conn(0x7f4a60cec800 :6821 s=STATE_OPEN_MESSAGE_READ_FOOTER_AND_DISPATCH pgs=3423089 cs=1 l=0). rx mds.0 seq 321064 0x7f4a61776800 lock(a=lockflushed inest 0x1.head) v1 -1463>
2020-06-01 13:48:51.262551 7f4a4fead700 1 -- 100.97.140.48:6821/2734156667 <== mds.0 100.97.140.32:6820/1879232263 321064 ==== lock(a=lockflushed inest 0x1.head) v1 ==== 69+0+0 (2317315267 0 0) 0x7f4a61776800 con 0x7f4a60cec800 -1462>
2020-06-01 13:48:51.262669 7f4a51e26700 5 -- 100.97.140.48:6821/2734156667 >> 100.97.140.32:6820/1879232263 conn(0x7f4a60cec800 :6821 s=STATE_OPEN_MESSAGE_READ_FOOTER_AND_DISPATCH pgs=3423089 cs=1 l=0). rx mds.0 seq 321065 0x7f4a62f49180 lock(a=mix inest 0x1.head) v1 -1461>
2020-06-01 13:48:51.262687 7f4a4fead700 1 -- 100.97.140.48:6821/2734156667 <== mds.0 100.97.140.32:6820/1879232263 321065 ==== lock(a=mix inest 0x1.head) v1 ==== 291+0+0 (251111029 0 0) 0x7f4a62f49180 con 0x7f4a60cec800 -1460>
2020-06-01 13:48:51.262794 7f4a51e26700 5 -- 100.97.140.48:6821/2734156667 >> 100.97.140.32:6820/1879232263 conn(0x7f4a60cec800 :6821 s=STATE_OPEN_MESSAGE_READ_FOOTER_AND_DISPATCH pgs=3423089 cs=1 l=0). rx mds.0 seq 321066 0x7f4a6252a300 lock(a=lockflushed inest 0x100000007d3.head) v1 -1459>
2020-06-01 13:48:51.262811 7f4a4fead700 1 -- 100.97.140.48:6821/2734156667 <== mds.0 100.97.140.32:6820/1879232263 321066 ==== lock(a=lockflushed inest 0x100000007d3.head) v1 ==== 69+0+0 (459688489 0 0) 0x7f4a6252a300 con 0x7f4a60cec800 -1458>
2020-06-01 13:48:51.262976 7f4a51e26700 5 -- 100.97.140.48:6821/2734156667 >> 100.97.140.32:6820/1879232263 conn(0x7f4a60cec800 :6821 s=STATE_OPEN_MESSAGE_READ_FOOTER_AND_DISPATCH pgs=3423089 cs=1 l=0). rx mds.0 seq 321067 0x7f4a624e6300 lock(a=mix inest 0x100000007d3.head) v1 -1457>
2020-06-01 13:48:51.262993 7f4a4fead700 1 -- 100.97.140.48:6821/2734156667 <== mds.0 100.97.140.32:6820/1879232263 321067 ==== lock(a=mix inest 0x100000007d3.head) v1 ==== 291+0+0 (3387467280 0 0) 0x7f4a624e6300 con 0x7f4a60cec800 -1456>
2020-06-01 13:48:51.263108 7f4a51e26700 5 -- 100.97.140.48:6821/2734156667 >> 100.97.140.32:6820/1879232263 conn(0x7f4a60cec800 :6821 s=STATE_OPEN_MESSAGE_READ_FOOTER_AND_DISPATCH pgs=3423089 cs=1 l=0). rx mds.0 seq 321068 0x7f4a611a1c00 lock(a=lockflushed inest 0x10000000003.head) v1 -1455>
2020-06-01 13:48:51.263126 7f4a4fead700 1 -- 100.97.140.48:6821/2734156667 <== mds.0 100.97.140.32:6820/1879232263 321068 ==== lock(a=lockflushed inest 0x10000000003.head) v1 ==== 69+0+0 (2501999414 0 0) 0x7f4a611a1c00 con 0x7f4a60cec800 -1454>
2020-06-01 13:48:51.263294 7f4a51e26700 5 -- 100.97.140.48:6821/2734156667 >> 100.97.140.32:6820/1879232263 conn(0x7f4a60cec800 :6821 s=STATE_OPEN_MESSAGE_READ_FOOTER_AND_DISPATCH pgs=3423089 cs=1 l=0). rx mds.0 seq 321069 0x7f4a62452080 lock(a=mix inest 0x10000000003.head) v1 -1453>
2020-06-01 13:48:51.263312 7f4a4fead700 1 -- 100.97.140.48:6821/2734156667 <== mds.0 100.97.140.32:6820/1879232263 321069 ==== lock(a=mix inest 0x10000000003.head) v1 ==== 291+0+0 (4172217241 0 0) 0x7f4a62452080 con 0x7f4a60cec800 -1452>
2020-06-01 13:48:51.263388 7f4a51e26700 5 -- 100.97.140.48:6821/2734156667 >> 100.97.140.32:6820/1879232263 conn(0x7f4a60cec800 :6821 s=STATE_OPEN_MESSAGE_READ_FOOTER_AND_DISPATCH pgs=3423089 cs=1 l=0). rx mds.0 seq 321070 0x7f4a6255e800 lock(a=lockflushed inest 0x100000007d4.head) v1 -1451>
2020-06-01 13:48:51.263407 7f4a4fead700 1 -- 100.97.140.48:6821/2734156667 <== mds.0 100.97.140.32:6820/1879232263 321070 ==== lock(a=lockflushed inest 0x100000007d4.head) v1 ==== 69+0+0 (2147575837 0 0) 0x7f4a6255e800 con 0x7f4a60cec800 -1450>
2020-06-01 13:48:51.263517 7f4a51e26700 5 -- 100.97.140.48:6821/2734156667 >> 100.97.140.32:6820/1879232263 conn(0x7f4a60cec800 :6821 s=STATE_OPEN_MESSAGE_READ_FOOTER_AND_DISPATCH pgs=3423089 cs=1 l=0). rx mds.0 seq 321071 0x7f4a624e5900 lock(a=mix inest 0x100000007d4.head) v1 -1449>
2020-06-01 13:48:51.263536 7f4a4fead700 1 -- 100.97.140.48:6821/2734156667 <== mds.0 100.97.140.32:6820/1879232263 321071 ==== lock(a=mix inest 0x100000007d4.head) v1 ==== 291+0+0 (3456231247 0 0) 0x7f4a624e5900 con 0x7f4a60cec800 -1448>
2020-06-01 13:48:51.338514 7f4a51e26700 5 -- 100.97.140.48:6821/2734156667 >> 10.240.90.205:0/1343117931 conn(0x7f4a615dd800 :6821 s=STATE_OPEN_MESSAGE_READ_FOOTER_AND_DISPATCH pgs=63 cs=1 l=0). rx client.4630927 seq 12623 0x7f4a672a2400 client_session(request_renewcaps seq 860285) v1 -1447>
2020-06-01 13:48:51.338542 7f4a4fead700 1 -- 100.97.140.48:6821/2734156667 <== client.4630927 10.240.90.205:0/1343117931 12623 ==== client_session(request_renewcaps seq 860285) v1 ==== 28+0+0 (3335382824 0 0) 0x7f4a672a2400 con 0x7f4a615dd800 -1446>
2020-06-01 13:48:51.338563 7f4a4fead700 3 mds.4.server handle_client_session client_session(request_renewcaps seq 860285) v1 from client.4630927 -1445>
2020-06-01 13:48:51.338571 7f4a4fead700 1 -- 100.97.140.48:6821/2734156667 --> 10.240.90.205:0/1343117931 -- client_session(renewcaps seq 860285) v2 -- 0x7f4a672a8480 con 0 -1444>
2020-06-01 13:48:51.390512 7f4a52e28700 5 -- 100.97.140.48:6821/2734156667 >> 10.220.189.49:0/2756687055 conn(0x7f4a613ff800 :6821 s=STATE_OPEN_MESSAGE_READ_FOOTER_AND_DISPATCH pgs=222893 cs=1 l=0). rx client.12001830 seq 12623 0x7f4a672a8b40 client_session(request_renewcaps seq 73078) v1 -1443>
2020-06-01 13:48:51.390541 7f4a4fead700 1 -- 100.97.140.48:6821/2734156667 <== client.12001830 10.220.189.49:0/2756687055 12623 ==== client_session(request_renewcaps seq 73078) v1 ==== 28+0+0 (2567676526 0 0) 0x7f4a672a8b40 con 0x7f4a613ff800 -1442>
2020-06-01 13:48:51.390559 7f4a4fead700 3 mds.4.server handle_client_session client_session(request_renewcaps seq 73078) v1 from client.12001830 -1441>
2020-06-01 13:48:51.390566 7f4a4fead700 1 -- 100.97.140.48:6821/2734156667 --> 10.220.189.49:0/2756687055 -- client_session(renewcaps seq 73078) v2 -- 0x7f4a672a2400 con 0 -1440>
2020-06-01 13:48:51.568194 7f4a52627700 5 -- 100.97.140.48:6821/2734156667 >> 10.220.189.16:0/311730536 conn(0x7f4a60e01000 :6821 s=STATE_OPEN_MESSAGE_READ_FOOTER_AND_DISPATCH pgs=28239 cs=1 l=0). rx client.12466179 seq 12625 0x7f4a652ad180 client_session(request_renewcaps seq 20913) v1 -1439>
2020-06-01 13:48:51.568225 7f4a4fead700 1 -- 100.97.140.48:6821/2734156667 <== client.12466179 10.220.189.16:0/311730536 12625 ==== client_session(request_renewcaps seq 20913) v1 ==== 28+0+0 (2924824862 0 0) 0x7f4a652ad180 con 0x7f4a60e01000 -1438>
2020-06-01 13:48:51.568245 7f4a4fead700 3 mds.4.server handle_client_session client_session(request_renewcaps seq 20913) v1 from client.12466179 -1437>
2020-06-01 13:48:51.568252 7f4a4fead700 1 -- 100.97.140.48:6821/2734156667 --> 10.220.189.16:0/311730536 -- client_session(renewcaps seq 20913) v2 -- 0x7f4a672a8b40 con 0 -1436>
2020-06-01 13:48:51.747654 7f4a52e28700 5 -- 100.97.140.48:6821/2734156667 >> 10.220.189.38:0/3339982019 conn(0x7f4a65392000 :6821 s=STATE_OPEN_MESSAGE_READ_FOOTER_AND_DISPATCH pgs=9 cs=1 l=0). rx client.12650235 seq 66 0x7f4a672a2400 client_session(request_renewcaps seq 65) v1 -1435>
2020-06-01 13:48:51.747697 7f4a4fead700 1 -- 100.97.140.48:6821/2734156667 <== client.12650235 10.220.189.38:0/3339982019 66 ==== client_session(request_renewcaps seq 65) v1 ==== 28+0+0 (615907250 0 0) 0x7f4a672a2400 con 0x7f4a65392000 -1434>
2020-06-01 13:48:51.747720 7f4a4fead700 3 mds.4.server handle_client_session client_session(request_renewcaps seq 65) v1 from client.12650235 -1433>
2020-06-01 13:48:51.747729 7f4a4fead700 1 -- 100.97.140.48:6821/2734156667 --> 10.220.189.38:0/3339982019 -- client_session(renewcaps seq 65) v2 -- 0x7f4a652ad180 con 0 -1432>
2020-06-01 13:48:51.789525 7f4a52627700 5 -- 100.97.140.48:6821/2734156667 >> 10.220.87.185:0/1242522617 conn(0x7f4a60c01800 :6821 s=STATE_OPEN_MESSAGE_READ_FOOTER_AND_DISPATCH pgs=71 cs=1 l=0). rx client.3883616 seq 12623 0x7f4a672a8b40 client_session(request_renewcaps seq 1014672) v1 -1431>
2020-06-01 13:48:51.789551 7f4a4fead700 1 -- 100.97.140.48:6821/2734156667 <== client.3883616 10.220.87.185:0/1242522617 12623 ==== client_session(request_renewcaps seq 1014672) v1 ==== 28+0+0 (2720722469 0 0) 0x7f4a672a8b40 con 0x7f4a60c01800 -1430>
2020-06-01 13:48:51.789565 7f4a4fead700 3 mds.4.server handle_client_session client_session(request_renewcaps seq 1014672) v1 from client.3883616 -1429>
2020-06-01 13:48:51.789571 7f4a4fead700 1 -- 100.97.140.48:6821/2734156667 --> 10.220.87.185:0/1242522617 -- client_session(renewcaps seq 1014672) v2 -- 0x7f4a672a2400 con 0 -1428>
2020-06-01 13:48:51.804141 7f4a52627700 5 -- 100.97.140.48:6821/2734156667 >> 10.220.87.176:0/1709518094 conn(0x7f4a60c8b800 :6821 s=STATE_OPEN_MESSAGE_READ_FOOTER_AND_DISPATCH pgs=71 cs=1 l=0). rx client.3887672 seq 12623 0x7f4a672a2400 client_session(request_renewcaps seq 1014675) v1 -1427>
2020-06-01 13:48:51.804166 7f4a4fead700 1 -- 100.97.140.48:6821/2734156667 <== client.3887672 10.220.87.176:0/1709518094 12623 ==== client_session(request_renewcaps seq 1014675) v1 ==== 28+0+0 (1763106630 0 0) 0x7f4a672a2400 con 0x7f4a60c8b800 -1426>
2020-06-01 13:48:51.804183 7f4a4fead700 3 mds.4.server handle_client_session client_session(request_renewcaps seq 1014675) v1 from client.3887672 -1425>
2020-06-01 13:48:51.804189 7f4a4fead700 1 -- 100.97.140.48:6821/2734156667 --> 10.220.87.176:0/1709518094 -- client_session(renewcaps seq 1014675) v2 -- 0x7f4a672a8b40 con 0 -1424>
2020-06-01 13:48:51.805419 7f4a52e28700 5 -- 100.97.140.48:6821/2734156667 >> 10.220.189.25:0/1011392620 conn(0x7f4a6157a800 :6821 s=STATE_OPEN_MESSAGE_READ_FOOTER_AND_DISPATCH pgs=107131 cs=1 l=0). rx client.11723821 seq 12623 0x7f4a652ad180 client_session(request_renewcaps seq 103482) v1 -1423>
2020-06-01 13:48:51.805447 7f4a4fead700 1 -- 100.97.140.48:6821/2734156667 <== client.11723821 10.220.189.25:0/1011392620 12623 ==== client_session(request_renewcaps seq 103482) v1 ==== 28+0+0 (1573461326 0 0) 0x7f4a652ad180 con 0x7f4a6157a800 -1422>
2020-06-01 13:48:51.805456 7f4a4fead700 3 mds.4.server handle_client_session client_session(request_renewcaps seq 103482) v1 from client.11723821 -1421>
2020-06-01 13:48:51.805461 7f4a4fead700 1 -- 100.97.140.48:6821/2734156667 --> 10.220.189.25:0/1011392620 -- client_session(renewcaps seq 103482) v2 -- 0x7f4a672a2400 con 0 -1420>
2020-06-01 13:48:51.855979 7f4a52627700 5 -- 100.97.140.48:6821/2734156667 >> 10.220.189.31:0/1792764322 conn(0x7f4a60cae000 :6821 s=STATE_OPEN_MESSAGE_READ_FOOTER_AND_DISPATCH pgs=293454 cs=1 l=0). rx client.10927552 seq 12623 0x7f4a672a8b40 client_session(request_renewcaps seq 193631) v1 -1419>
2020-06-01 13:48:51.856012 7f4a4fead700 1 -- 100.97.140.48:6821/2734156667 <== client.10927552 10.220.189.31:0/1792764322 12623 ==== client_session(request_renewcaps seq 193631) v1 ==== 28+0+0 (1826649292 0 0) 0x7f4a672a8b40 con 0x7f4a60cae000 -1418>
2020-06-01 13:48:51.856033 7f4a4fead700 3 mds.4.server handle_client_session client_session(request_renewcaps seq 193631) v1 from client.10927552 -1417>
2020-06-01 13:48:51.856039 7f4a4fead700 1 -- 100.97.140.48:6821/2734156667 --> 10.220.189.31:0/1792764322 -- client_session(renewcaps seq 193631) v2 -- 0x7f4a652ad180 con 0 -1416>
2020-06-01 13:48:51.870052 7f4a51e26700 5 -- 100.97.140.48:6821/2734156667 >> 100.97.140.32:6820/1879232263 conn(0x7f4a60cec800 :6821 s=STATE_OPEN_MESSAGE_READ_FOOTER_AND_DISPATCH pgs=3423089 cs=1 l=0). rx mds.0 seq 321072 0x7f4a629bc940 gather_caps(0x10002a2cf74) v1 -1415>
2020-06-01 13:48:51.870078 7f4a4fead700 1 -- 100.97.140.48:6821/2734156667 <== mds.0 100.97.140.32:6820/1879232263 321072 ==== gather_caps(0x10002a2cf74) v1 ==== 8+0+0 (4184419736 0 0) 0x7f4a629bc940 con 0x7f4a60cec800 -1414>
2020-06-01 13:48:51.890272 7f4a51e26700 5 -- 100.97.140.48:6821/2734156667 >> 10.220.189.33:0/1241347125 conn(0x7f4a60ae2800 :6821 s=STATE_OPEN_MESSAGE_READ_FOOTER_AND_DISPATCH pgs=28 cs=1 l=0). rx client.10344972 seq 12623 0x7f4a672a8480 client_session(request_renewcaps seq 259657) v1 -1413>
2020-06-01 13:48:51.890297 7f4a4fead700 1 -- 100.97.140.48:6821/2734156667 <== client.10344972 10.220.189.33:0/1241347125 12623 ==== client_session(request_renewcaps seq 259657) v1 ==== 28+0+0 (3446499908 0 0) 0x7f4a672a8480 con 0x7f4a60ae2800 -1412>
2020-06-01 13:48:51.890314 7f4a4fead700 3 mds.4.server handle_client_session client_session(request_renewcaps seq 259657) v1 from client.10344972 -1411>
2020-06-01 13:48:51.890320 7f4a4fead700 1 -- 100.97.140.48:6821/2734156667 --> 10.220.189.33:0/1241347125 -- client_session(renewcaps seq 259657) v2 -- 0x7f4a672a8b40 con 0 -1410>
2020-06-01 13:48:51.974407 7f4a52e28700 5 -- 100.97.140.48:6821/2734156667 >> 10.220.189.27:0/2712278580 conn(0x7f4a60c28000 :6821 s=STATE_OPEN_MESSAGE_READ_FOOTER_AND_DISPATCH pgs=168748 cs=1 l=0). rx client.11873220 seq 12623 0x7f4a672a2400 client_session(request_renewcaps seq 87435) v1 -1409>
2020-06-01 13:48:51.974436 7f4a4fead700 1 -- 100.97.140.48:6821/2734156667 <== client.11873220 10.220.189.27:0/2712278580 12623 ==== client_session(request_renewcaps seq 87435) v1 ==== 28+0+0 (446833007 0 0) 0x7f4a672a2400 con 0x7f4a60c28000 -1408>
2020-06-01 13:48:51.974454 7f4a4fead700 3 mds.4.server handle_client_session client_session(request_renewcaps seq 87435) v1 from client.11873220 -1407>
2020-06-01 13:48:51.974460 7f4a4fead700 1 -- 100.97.140.48:6821/2734156667 --> 10.220.189.27:0/2712278580 -- client_session(renewcaps seq 87435) v2 -- 0x7f4a672a8480 con 0 -1406>
2020-06-01 13:48:52.029148 7f4a51e26700 5 -- 100.97.140.48:6821/2734156667 >> 10.220.189.48:0/3519480120 conn(0x7f4a615be800 :6821 s=STATE_OPEN_MESSAGE_READ_FOOTER_AND_DISPATCH pgs=222911 cs=1 l=0). rx client.11993282 seq 12623 0x7f4a672a8b40 client_session(request_renewcaps seq 73113) v1 -1405>
2020-06-01 13:48:52.029197 7f4a4fead700 1 -- 100.97.140.48:6821/2734156667 <== client.11993282 10.220.189.48:0/3519480120 12623 ==== client_session(request_renewcaps seq 73113) v1 ==== 28+0+0 (1507112839 0 0) 0x7f4a672a8b40 con 0x7f4a615be800 -1404>
2020-06-01 13:48:52.029223 7f4a4fead700 3 mds.4.server handle_client_session client_session(request_renewcaps seq 73113) v1 from client.11993282 -1403>
2020-06-01 13:48:52.029232 7f4a4fead700 1 -- 100.97.140.48:6821/2734156667 --> 10.220.189.48:0/3519480120 -- client_session(renewcaps seq 73113) v2 -- 0x7f4a672a2400 con 0 -1402>
2020-06-01 13:48:52.151851 7f4a52e28700 5 -- 100.97.140.48:6821/2734156667 >> 10.220.189.48:0/556421320 conn(0x7f4a60e86000 :6821 s=STATE_OPEN_MESSAGE_READ_FOOTER_AND_DISPATCH pgs=28514 cs=1 l=0). rx client.10630401 seq 15253 0x7f4a672a8480 client_session(request_renewcaps seq 275029) -1401>
2020-06-01 13:48:52.151899 7f4a4fead700 1 -- 100.97.140.48:6821/2734156667 <== client.10630401 10.220.189.48:0/556421320 15253 ==== client_session(request_renewcaps seq 275029) ==== 28+0+0 (1550492585 0 0) 0x7f4a672a8480 con 0x7f4a60e86000 -1400>
2020-06-01 13:48:52.151925 7f4a4fead700 3 mds.4.server handle_client_session client_session(request_renewcaps seq 275029) from client.10630401 -1399>
2020-06-01 13:48:52.151934 7f4a4fead700 1 -- 100.97.140.48:6821/2734156667 --> 10.220.189.48:0/556421320 -- client_session(renewcaps seq 275029) v2 -- 0x7f4a672a8b40 con 0 -1398>
2020-06-01 13:48:52.152901 7f4a51e26700 5 -- 100.97.140.48:6821/2734156667 >> 10.220.189.48:0/3968320038 conn(0x7f4a61531000 :6821 s=STATE_OPEN_MESSAGE_READ_FOOTER_AND_DISPATCH pgs=2107100 cs=1 l=0). rx client.10630391 seq 15253 0x7f4a672a2400 client_session(request_renewcaps seq 275029) -1397>
2020-06-01 13:48:52.152927 7f4a4fead700 1 -- 100.97.140.48:6821/2734156667 <== client.10630391 10.220.189.48:0/3968320038 15253 ==== client_session(request_renewcaps seq 275029) ==== 28+0+0 (2923315142 0 0) 0x7f4a672a2400 con 0x7f4a61531000 -1396>
2020-06-01 13:48:52.152938 7f4a4fead700 3 mds.4.server handle_client_session client_session(request_renewcaps seq 275029) from client.10630391 -1395>
2020-06-01 13:48:52.152943 7f4a4fead700 1 -- 100.97.140.48:6821/2734156667 --> 10.220.189.48:0/3968320038 -- client_session(renewcaps seq 275029) v2 -- 0x7f4a672a8480 con 0 -1394>
2020-06-01 13:48:52.200979 7f4a51e26700 5 -- 100.97.140.48:6821/2734156667 >> 10.220.189.13:0/865039835 conn(0x7f4a6160e800 :6821 s=STATE_OPEN_MESSAGE_READ_FOOTER_AND_DISPATCH pgs=28 cs=1 l=0). rx client.12163694 seq 12623 0x7f4a672a8240 client_session(request_renewcaps seq 55263) v1 -1393>
2020-06-01 13:48:52.201006 7f4a4fead700 1 -- 100.97.140.48:6821/2734156667 <== client.12163694 10.220.189.13:0/865039835 12623 ==== client_session(request_renewcaps seq 55263) v1 ==== 28+0+0 (4179806046 0 0) 0x7f4a672a8240 con 0x7f4a6160e800 -1392>
2020-06-01 13:48:52.201026 7f4a4fead700 3 mds.4.server handle_client_session client_session(request_renewcaps seq 55263) v1 from client.12163694 -1391>
2020-06-01 13:48:52.201033 7f4a4fead700 1 -- 100.97.140.48:6821/2734156667 --> 10.220.189.13:0/865039835 -- client_session(renewcaps seq 55263) v2 -- 0x7f4a672a2400 con 0 -1390>
2020-06-01 13:48:52.225199 7f4a52627700 5 -- 100.97.140.48:6821/2734156667 >> 10.221.83.226:0/1533166538 conn(0x7f4a60ead000 :6821 s=STATE_OPEN_MESSAGE_READ_FOOTER_AND_DISPATCH pgs=17246 cs=1 l=0). rx client.4947541 seq 12623 0x7f4a652ad180 client_session(request_renewcaps seq 811310) v1 -1389>
2020-06-01 13:48:52.225228 7f4a4fead700 1 -- 100.97.140.48:6821/2734156667 <== client.4947541 10.221.83.226:0/1533166538 12623 ==== client_session(request_renewcaps seq 811310) v1 ==== 28+0+0 (2884455199 0 0) 0x7f4a652ad180 con 0x7f4a60ead000 -1388>
2020-06-01 13:48:52.225255 7f4a4fead700 3 mds.4.server handle_client_session client_session(request_renewcaps seq 811310) v1 from client.4947541 -1387>
2020-06-01 13:48:52.225262 7f4a4fead700 1 -- 100.97.140.48:6821/2734156667 --> 10.221.83.226:0/1533166538 -- client_session(renewcaps seq 811310) v2 -- 0x7f4a672a8240 con 0 -1386>
2020-06-01 13:48:52.226979 7f4a52627700 5 -- 100.97.140.48:6821/2734156667 >> 10.220.189.40:0/2959448533 conn(0x7f4a60e5b000 :6821 s=STATE_OPEN_MESSAGE_READ_FOOTER_AND_DISPATCH pgs=9 cs=1 l=0). rx client.12532533 seq 12484 0x7f4a672a8240 client_session(request_renewcaps seq 12483) v1 -1385>
2020-06-01 13:48:52.227001 7f4a4fead700 1 -- 100.97.140.48:6821/2734156667 <== client.12532533 10.220.189.40:0/2959448533 12484 ==== client_session(request_renewcaps seq 12483) v1 ==== 28+0+0 (2732667322 0 0) 0x7f4a672a8240 con 0x7f4a60e5b000 -1384>
2020-06-01 13:48:52.227020 7f4a4fead700 3 mds.4.server handle_client_session client_session(request_renewcaps seq 12483) v1 from client.12532533 -1383>
2020-06-01 13:48:52.227026 7f4a4fead700 1 -- 100.97.140.48:6821/2734156667 --> 10.220.189.40:0/2959448533 -- client_session(renewcaps seq 12483) v2 -- 0x7f4a652ad180 con 0 -1382>
2020-06-01 13:48:52.253566 7f4a52627700 5 -- 100.97.140.48:6821/2734156667 >> 10.220.189.33:0/3289364450 conn(0x7f4a60de6800 :6821 s=STATE_OPEN_MESSAGE_READ_FOOTER_AND_DISPATCH pgs=22 cs=1 l=0). rx client.12459796 seq 12623 0x7f4a652ad180 client_session(request_renewcaps seq 20444) v1 -1381>
2020-06-01 13:48:52.253593 7f4a4fead700 1 -- 100.97.140.48:6821/2734156667 <== client.12459796 10.220.189.33:0/3289364450 12623 ==== client_session(request_renewcaps seq 20444) v1 ==== 28+0+0 (4161100003 0 0) 0x7f4a652ad180 con 0x7f4a60de6800 -1380>
2020-06-01 13:48:52.253611 7f4a4fead700 3 mds.4.server handle_client_session client_session(request_renewcaps seq 20444) v1 from client.12459796 -1379>
2020-06-01 13:48:52.253617 7f4a4fead700 1 -- 100.97.140.48:6821/2734156667 --> 10.220.189.33:0/3289364450 -- client_session(renewcaps seq 20444) v2 -- 0x7f4a672a8240 con 0 -1378>
2020-06-01 13:48:52.477444 7f4a52627700 5 -- 100.97.140.48:6821/2734156667 >> 10.220.189.33:0/779277436 conn(0x7f4a6141f000 :6821 s=STATE_OPEN_MESSAGE_READ_FOOTER_AND_DISPATCH pgs=10928 cs=1 l=0). rx client.10358938 seq 12623 0x7f4a672a8240 client_session(request_renewcaps seq 258237) v1 -1377>
2020-06-01 13:48:52.477490 7f4a4fead700 1 -- 100.97.140.48:6821/2734156667 <== client.10358938 10.220.189.33:0/779277436 12623 ==== client_session(request_renewcaps seq 258237) v1 ==== 28+0+0 (3120735633 0 0) 0x7f4a672a8240 con 0x7f4a6141f000 -1376>
2020-06-01 13:48:52.477520 7f4a4fead700 3 mds.4.server handle_client_session client_session(request_renewcaps seq 258237) v1 from client.10358938 -1375>
2020-06-01 13:48:52.477529 7f4a4fead700 1 -- 100.97.140.48:6821/2734156667 --> 10.220.189.33:0/779277436 -- client_session(renewcaps seq 258237) v2 -- 0x7f4a652ad180 con 0 -1374>
2020-06-01 13:48:52.535280 7f4a506ae700 5 asok(0x7f4a608301c0) AdminSocket: request 'get_command_descriptions' '' to 0x7f4a607fc210 returned 4711 bytes -1373>
2020-06-01 13:48:52.559253 7f4a506ae700 1 do_command 'perf dump' ' -1372>
2020-06-01 13:48:52.559460 7f4a506ae700 1 do_command 'perf dump' 'result is 9143 bytes -1371>
2020-06-01 13:48:52.559464 7f4a506ae700 5 asok(0x7f4a608301c0) AdminSocket: request 'perf dump' '' to 0x7f4a607fc040 returned 9143 bytes -1370>
2020-06-01 13:48:52.788479 7f4a52e28700 5 -- 100.97.140.48:6821/2734156667 >> 10.220.87.206:0/2567815884 conn(0x7f4a60af4000 :6821 s=STATE_OPEN_MESSAGE_READ_FOOTER_AND_DISPATCH pgs=65 cs=1 l=0). rx client.4175265 seq 12623 0x7f4a672a8b40 client_session(request_renewcaps seq 933740) v1 -1369>
2020-06-01 13:48:52.788537 7f4a4fead700 1 -- 100.97.140.48:6821/2734156667 <== client.4175265 10.220.87.206:0/2567815884 12623 ==== client_session(request_renewcaps seq 933740) v1 ==== 28+0+0 (3050434012 0 0) 0x7f4a672a8b40 con 0x7f4a60af4000 -1368>
2020-06-01 13:48:52.788563 7f4a4fead700 3 mds.4.server handle_client_session client_session(request_renewcaps seq 933740) v1 from client.4175265 -1367>
2020-06-01 13:48:52.788572 7f4a4fead700 1 -- 100.97.140.48:6821/2734156667 --> 10.220.87.206:0/2567815884 -- client_session(renewcaps seq 933740) v2 -- 0x7f4a672a8240 con 0 -1366>
2020-06-01 13:48:52.889694 7f4a51e26700 5 -- 100.97.140.48:6821/2734156667 >> 10.220.189.33:0/3272808245 conn(0x7f4a60e49000 :6821 s=STATE_OPEN_MESSAGE_READ_FOOTER_AND_DISPATCH pgs=22 cs=1 l=0). rx client.12459801 seq 12623 0x7f4a672a8480 client_session(request_renewcaps seq 20444) v1 -1365>
2020-06-01 13:48:52.889732 7f4a4fead700 1 -- 100.97.140.48:6821/2734156667 <== client.12459801 10.220.189.33:0/3272808245 12623 ==== client_session(request_renewcaps seq 20444) v1 ==== 28+0+0 (4161100003 0 0) 0x7f4a672a8480 con 0x7f4a60e49000 -1364>
2020-06-01 13:48:52.889757 7f4a4fead700 3 mds.4.server handle_client_session client_session(request_renewcaps seq 20444) v1 from client.12459801 -1363>
2020-06-01 13:48:52.889765 7f4a4fead700 1 -- 100.97.140.48:6821/2734156667 --> 10.220.189.33:0/3272808245 -- client_session(renewcaps seq 20444) v2 -- 0x7f4a672a8b40 con 0 -1362>
2020-06-01 13:48:52.907362 7f4a52e28700 5 -- 100.97.140.48:6821/2734156667 >> 10.220.189.23:0/4136029670 conn(0x7f4a60e46000 :6821 s=STATE_OPEN_MESSAGE_READ_FOOTER_AND_DISPATCH pgs=22 cs=1 l=0). rx client.12483301 seq 12623 0x7f4a672a8240 client_session(request_renewcaps seq 17796) v1 -1361>
2020-06-01 13:48:52.907388 7f4a4fead700 1 -- 100.97.140.48:6821/2734156667 <== client.12483301 10.220.189.23:0/4136029670 12623 ==== client_session(request_renewcaps seq 17796) v1 ==== 28+0+0 (3958760304 0 0) 0x7f4a672a8240 con 0x7f4a60e46000 -1360>
2020-06-01 13:48:52.907405 7f4a4fead700 3 mds.4.server handle_client_session client_session(request_renewcaps seq 17796) v1 from client.12483301 -1359>
2020-06-01 13:48:52.907410 7f4a4fead700 1 -- 100.97.140.48:6821/2734156667 --> 10.220.189.23:0/4136029670 -- client_session(renewcaps seq 17796) v2 -- 0x7f4a672a8480 con 0 -1358>
2020-06-01 13:48:52.977270 7f4a51e26700 5 -- 100.97.140.48:6821/2734156667 >> 100.97.140.32:6820/1879232263 conn(0x7f4a60cec800 :6821 s=STATE_OPEN_MESSAGE_READ_FOOTER_AND_DISPATCH pgs=3423089 cs=1 l=0). rx mds.0 seq 321073 0x7f4a629e12a0 gather_caps(0x10002a2cf74) v1 -1357>
2020-06-01 13:48:52.977305 7f4a4fead700 1 -- 100.97.140.48:6821/2734156667 <== mds.0 100.97.140.32:6820/1879232263 321073 ==== gather_caps(0x10002a2cf74) v1 ==== 8+0+0 (4184419736 0 0) 0x7f4a629e12a0 con 0x7f4a60cec800 -1356>
2020-06-01 13:48:53.013909 7f4a52e28700 5 -- 100.97.140.48:6821/2734156667 >> 10.220.189.13:0/1931206989 conn(0x7f4a615fc800 :6821 s=STATE_OPEN_MESSAGE_READ_FOOTER_AND_DISPATCH pgs=33263 cs=1 l=0). rx client.12373562 seq 12623 0x7f4a672a8480 client_session(request_renewcaps seq 30095) v1 -1355>
2020-06-01 13:48:53.013938 7f4a4fead700 1 -- 100.97.140.48:6821/2734156667 <== client.12373562 10.220.189.13:0/1931206989 12623 ==== client_session(request_renewcaps seq 30095) v1 ==== 28+0+0 (757378735 0 0) 0x7f4a672a8480 con 0x7f4a615fc800 -1354>
2020-06-01 13:48:53.013957 7f4a4fead700 3 mds.4.server handle_client_session client_session(request_renewcaps seq 30095) v1 from client.12373562 -1353>
2020-06-01 13:48:53.013965 7f4a4fead700 1 -- 100.97.140.48:6821/2734156667 --> 10.220.189.13:0/1931206989 -- client_session(renewcaps seq 30095) v2 -- 0x7f4a672a8240 con 0 -1352>
2020-06-01 13:48:53.176454 7f4a52e28700 5 -- 100.97.140.48:6821/2734156667 >> 10.220.189.38:0/3794051847 conn(0x7f4a616d6800 :6821 s=STATE_OPEN_MESSAGE_READ_FOOTER_AND_DISPATCH pgs=162186 cs=1 l=0). rx client.12138776 seq 12623 0x7f4a672a8240 client_session(request_renewcaps seq 56552) v1 -1351>
2020-06-01 13:48:53.176484 7f4a4fead700 1 -- 100.97.140.48:6821/2734156667 <== client.12138776 10.220.189.38:0/3794051847 12623 ==== client_session(request_renewcaps seq 56552) v1 ==== 28+0+0 (1698128128 0 0) 0x7f4a672a8240 con 0x7f4a616d6800 -1350>
2020-06-01 13:48:53.176511 7f4a4fead700 3 mds.4.server handle_client_session client_session(request_renewcaps seq 56552) v1 from client.12138776 -1349>
2020-06-01 13:48:53.176519 7f4a4fead700 1 -- 100.97.140.48:6821/2734156667 --> 10.220.189.38:0/3794051847 -- client_session(renewcaps seq 56552) v2 -- 0x7f4a672a8480 con 0 -1348>
2020-06-01 13:48:53.270445 7f4a52e28700 5 -- 100.97.140.48:6821/2734156667 >> 10.220.189.33:0/733033996 conn(0x7f4a615bb800 :6821 s=STATE_OPEN_MESSAGE_READ_FOOTER_AND_DISPATCH pgs=22 cs=1 l=0). rx client.12468440 seq 12623 0x7f4a672a8480 client_session(request_renewcaps seq 20444) v1 -1347>
2020-06-01 13:48:53.270488 7f4a4fead700 1 -- 100.97.140.48:6821/2734156667 <== client.12468440 10.220.189.33:0/733033996 12623 ==== client_session(request_renewcaps seq 20444) v1 ==== 28+0+0 (4161100003 0 0) 0x7f4a672a8480 con 0x7f4a615bb800 -1346>
2020-06-01 13:48:53.270515 7f4a4fead700 3 mds.4.server handle_client_session client_session(request_renewcaps seq 20444) v1 from client.12468440 -1345>
2020-06-01 13:48:53.270524 7f4a4fead700 1 -- 100.97.140.48:6821/2734156667 --> 10.220.189.33:0/733033996 -- client_session(renewcaps seq 20444) v2 -- 0x7f4a672a8240 con 0 -1344>
2020-06-01 13:48:53.302135 7f4a52627700 5 -- 100.97.140.48:6821/2734156667 >> 10.220.189.33:0/4095676917 conn(0x7f4a60e37000 :6821 s=STATE_OPEN_MESSAGE_READ_FOOTER_AND_DISPATCH pgs=22 cs=1 l=0). rx client.12470494 seq 12623 0x7f4a652ad180 client_session(request_renewcaps seq 20444) v1 -1343>
2020-06-01 13:48:53.302165 7f4a4fead700 1 -- 100.97.140.48:6821/2734156667 <== client.12470494 10.220.189.33:0/4095676917 12623 ==== client_session(request_renewcaps seq 20444) v1 ==== 28+0+0 (4161100003 0 0) 0x7f4a652ad180 con 0x7f4a60e37000 -1342>
2020-06-01 13:48:53.302184 7f4a4fead700 3 mds.4.server handle_client_session client_session(request_renewcaps seq 20444) v1 from client.12470494 -1341>
2020-06-01 13:48:53.302191 7f4a4fead700 1 -- 100.97.140.48:6821/2734156667 --> 10.220.189.33:0/4095676917 -- client_session(renewcaps seq 20444) v2 -- 0x7f4a672a8480 con 0 -1340>
2020-06-01 13:48:53.477331 7f4a52627700 5 -- 100.97.140.48:6821/2734156667 >> 10.220.189.43:0/3917229239 conn(0x7f4a60cb2800 :6821 s=STATE_OPEN_MESSAGE_READ_FOOTER_AND_DISPATCH pgs=13601 cs=1 l=0). rx client.6377568 seq 12623 0x7f4a672a8480 client_session(request_renewcaps seq 647725) v1 -1339>
2020-06-01 13:48:53.477379 7f4a4fead700 1 -- 100.97.140.48:6821/2734156667 <== client.6377568 10.220.189.43:0/3917229239 12623 ==== client_session(request_renewcaps seq 647725) v1 ==== 28+0+0 (4177641467 0 0) 0x7f4a672a8480 con 0x7f4a60cb2800 -1338>
2020-06-01 13:48:53.477407 7f4a4fead700 3 mds.4.server handle_client_session client_session(request_renewcaps seq 647725) v1 from client.6377568 -1337>
2020-06-01 13:48:53.477416 7f4a4fead700 1 -- 100.97.140.48:6821/2734156667 --> 10.220.189.43:0/3917229239 -- client_session(renewcaps seq 647725) v2 -- 0x7f4a652ad180 con 0 -1336>
2020-06-01 13:48:53.545472 7f4a52e28700 5 -- 100.97.140.48:6821/2734156667 >> 10.220.189.43:0/3717029869 conn(0x7f4a65350800 :6821 s=STATE_OPEN_MESSAGE_READ_FOOTER_AND_DISPATCH pgs=9 cs=1 l=0). rx client.12638456 seq 595 0x7f4a672a8240 client_session(request_renewcaps seq 594) v1 -1335>
2020-06-01 13:48:53.545519 7f4a4fead700 1 -- 100.97.140.48:6821/2734156667 <== client.12638456 10.220.189.43:0/3717029869 595 ==== client_session(request_renewcaps seq 594) v1 ==== 28+0+0 (2172988122 0 0) 0x7f4a672a8240 con 0x7f4a65350800 -1334>
2020-06-01 13:48:53.545545 7f4a4fead700 3 mds.4.server handle_client_session client_session(request_renewcaps seq 594) v1 from client.12638456 -1333>
2020-06-01 13:48:53.545554 7f4a4fead700 1 -- 100.97.140.48:6821/2734156667 --> 10.220.189.43:0/3717029869 -- client_session(renewcaps seq 594) v2 -- 0x7f4a672a8480 con 0 -1332>
2020-06-01 13:48:53.546324 7f4a52627700 5 -- 100.97.140.48:6821/2734156667 >> 10.220.189.40:0/2937386682 conn(0x7f4a60e47800 :6821 s=STATE_OPEN_MESSAGE_READ_FOOTER_AND_DISPATCH pgs=127 cs=1 l=0). rx client.12489468 seq 12623 0x7f4a652ad180 client_session(request_renewcaps seq 17193) v1 -1331>
2020-06-01 13:48:53.546348 7f4a4fead700 1 -- 100.97.140.48:6821/2734156667 <== client.12489468 10.220.189.40:0/2937386682 12623 ==== client_session(request_renewcaps seq 17193) v1 ==== 28+0+0 (2116661019 0 0) 0x7f4a652ad180 con 0x7f4a60e47800 -1330>
2020-06-01 13:48:53.546360 7f4a4fead700 3 mds.4.server handle_client_session client_session(request_renewcaps seq 17193) v1 from client.12489468 -1329>
2020-06-01 13:48:53.546366 7f4a4fead700 1 -- 100.97.140.48:6821/2734156667 --> 10.220.189.40:0/2937386682 -- client_session(renewcaps seq 17193) v2 -- 0x7f4a672a8240 con 0 -1328>
2020-06-01 13:48:53.587096 7f4a52e28700 5 -- 100.97.140.48:6821/2734156667 >> 10.220.189.34:0/3970794472 conn(0x7f4a60cd7800 :6821 s=STATE_OPEN_MESSAGE_READ_FOOTER_AND_DISPATCH pgs=142093 cs=1 l=0). rx client.11730130 seq 12623 0x7f4a672a8480 client_session(request_renewcaps seq 103476) v1 -1327>
2020-06-01 13:48:53.587122 7f4a4fead700 1 -- 100.97.140.48:6821/2734156667 <== client.11730130 10.220.189.34:0/3970794472 12623 ==== client_session(request_renewcaps seq 103476) v1 ==== 28+0+0 (243183676 0 0) 0x7f4a672a8480 con 0x7f4a60cd7800 -1326>
2020-06-01 13:48:53.587140 7f4a4fead700 3 mds.4.server handle_client_session client_session(request_renewcaps seq 103476) v1 from client.11730130 -1325>
2020-06-01 13:48:53.587146 7f4a4fead700 1 -- 100.97.140.48:6821/2734156667 --> 10.220.189.34:0/3970794472 -- client_session(renewcaps seq 103476) v2 -- 0x7f4a652ad180 con 0 -1324>
2020-06-01 13:48:53.655141 7f4a52627700 5 -- 100.97.140.48:6821/2734156667 >> 10.220.189.18:0/2820150793 conn(0x7f4a61698800 :6821 s=STATE_OPEN_MESSAGE_READ_FOOTER_AND_DISPATCH pgs=29424 cs=1 l=0). rx client.12455832 seq 12626 0x7f4a672a8240 client_session(request_renewcaps seq 21002) v1 -1323>
2020-06-01 13:48:53.655167 7f4a4fead700 1 -- 100.97.140.48:6821/2734156667 <== client.12455832 10.220.189.18:0/2820150793 12626 ==== client_session(request_renewcaps seq 21002) v1 ==== 28+0+0 (2328253200 0 0) 0x7f4a672a8240 con 0x7f4a61698800 -1322>
2020-06-01 13:48:53.655185 7f4a4fead700 3 mds.4.server handle_client_session client_session(request_renewcaps seq 21002) v1 from client.12455832 -1321>
2020-06-01 13:48:53.655191 7f4a4fead700 1 -- 100.97.140.48:6821/2734156667 --> 10.220.189.18:0/2820150793 -- client_session(renewcaps seq 21002) v2 -- 0x7f4a672a8480 con 0 -1320>
2020-06-01 13:48:53.733110 7f4a52e28700 5 -- 100.97.140.48:6821/2734156667 >> 10.221.20.205:0/2027507166 conn(0x7f4a60eab800 :6821 s=STATE_OPEN_MESSAGE_READ_FOOTER_AND_DISPATCH pgs=17528 cs=1 l=0). rx client.4947526 seq 12623 0x7f4a652ad180 client_session(request_renewcaps seq 811309) v1 -1319>
2020-06-01 13:48:53.733141 7f4a4fead700 1 -- 100.97.140.48:6821/2734156667 <== client.4947526 10.221.20.205:0/2027507166 12623 ==== client_session(request_renewcaps seq 811309) v1 ==== 28+0+0 (1624341116 0 0) 0x7f4a652ad180 con 0x7f4a60eab800 -1318>
2020-06-01 13:48:53.733161 7f4a4fead700 3 mds.4.server handle_client_session client_session(request_renewcaps seq 811309) v1 from client.4947526 -1317>
2020-06-01 13:48:53.733168 7f4a4fead700 1 -- 100.97.140.48:6821/2734156667 --> 10.221.20.205:0/2027507166 -- client_session(renewcaps seq 811309) v2 -- 0x7f4a672a8240 con 0 -1316>
2020-06-01 13:48:53.745708 7f4a52e28700 5 -- 100.97.140.48:6821/2734156667 >> 10.220.189.34:0/28811655 conn(0x7f4a61415000 :6821 s=STATE_OPEN_MESSAGE_READ_FOOTER_AND_DISPATCH pgs=111749 cs=1 l=0). rx client.11733499 seq 12623 0x7f4a672a8240 client_session(request_renewcaps seq 103489) v1 -1315>
2020-06-01 13:48:53.745734 7f4a4fead700 1 -- 100.97.140.48:6821/2734156667 <== client.11733499 10.220.189.34:0/28811655 12623 ==== client_session(request_renewcaps seq 103489) v1 ==== 28+0+0 (3232961306 0 0) 0x7f4a672a8240 con 0x7f4a61415000 -1314>
2020-06-01 13:48:53.745750 7f4a4fead700 3 mds.4.server handle_client_session client_session(request_renewcaps seq 103489) v1 from client.11733499 -1313>
2020-06-01 13:48:53.745756 7f4a4fead700 1 -- 100.97.140.48:6821/2734156667 --> 10.220.189.34:0/28811655 -- client_session(renewcaps seq 103489) v2 -- 0x7f4a652ad180 con 0 -1312>
2020-06-01 13:48:53.776261 7f4a51e26700 5 -- 100.97.140.48:6821/2734156667 >> 10.220.189.42:0/103415202 conn(0x7f4a6140b000 :6821 s=STATE_OPEN_MESSAGE_READ_FOOTER_AND_DISPATCH pgs=37361 cs=1 l=0). rx client.9384631 seq 12623 0x7f4a672a8b40 client_session(request_renewcaps seq 369034) v1 -1311>
2020-06-01 13:48:53.776288 7f4a4fead700 1 -- 100.97.140.48:6821/2734156667 <== client.9384631 10.220.189.42:0/103415202 12623 ==== client_session(request_renewcaps seq 369034) v1 ==== 28+0+0 (4080324831 0 0) 0x7f4a672a8b40 con 0x7f4a6140b000 -1310>
2020-06-01 13:48:53.776305 7f4a4fead700 3 mds.4.server handle_client_session client_session(request_renewcaps seq 369034) v1 from client.9384631 -1309>
2020-06-01 13:48:53.776312 7f4a4fead700 1 -- 100.97.140.48:6821/2734156667 --> 10.220.189.42:0/103415202 -- client_session(renewcaps seq 369034) v2 -- 0x7f4a672a8240 con 0 -1308>
2020-06-01 13:48:53.789536 7f4a52627700 5 -- 100.97.140.48:6821/2734156667 >> 10.220.189.33:0/3383926769 conn(0x7f4a61624800 :6821 s=STATE_OPEN_MESSAGE_READ_FOOTER_AND_DISPATCH pgs=22 cs=1 l=0). rx client.12461008 seq 12623 0x7f4a672a8480 client_session(request_renewcaps seq 20444) v1 -1307>
2020-06-01 13:48:53.789561 7f4a4fead700 1 -- 100.97.140.48:6821/2734156667 <== client.12461008 10.220.189.33:0/3383926769 12623 ==== client_session(request_renewcaps seq 20444) v1 ==== 28+0+0 (4161100003 0 0) 0x7f4a672a8480 con 0x7f4a61624800 -1306>
2020-06-01 13:48:53.789579 7f4a4fead700 3 mds.4.server handle_client_session client_session(request_renewcaps seq 20444) v1 from client.12461008 -1305>
2020-06-01 13:48:53.789585 7f4a4fead700 1 -- 100.97.140.48:6821/2734156667 --> 10.220.189.33:0/3383926769 -- client_session(renewcaps seq 20444) v2 -- 0x7f4a672a8b40 con 0 -1304>
2020-06-01 13:48:53.851198 7f4a52e28700 5 -- 100.97.140.48:6821/2734156667 >> 10.220.189.50:0/3574753305 conn(0x7f4a60d9a800 :6821 s=STATE_OPEN_MESSAGE_READ_FOOTER_AND_DISPATCH pgs=60290 cs=1 l=0). rx client.12373337 seq 12632 0x7f4a652ad180 client_session(request_renewcaps seq 30116) v1 -1303>
