2020-06-01 13:49:04.322457 7f4a4fead700 1 -- 100.97.140.48:6821/2734156667 --> 10.220.189.26:0/4240916421 -- client_session(renewcaps seq 12898) v2 -- 0x7f4a672a8480 con 0 -842>
2020-06-01 13:49:04.530583 7f4a506ae700 5 asok(0x7f4a608301c0) AdminSocket: request 'get_command_descriptions' '' to 0x7f4a607fc210 returned 4711 bytes -841>
2020-06-01 13:49:04.553770 7f4a506ae700 1 do_command 'perf dump' ' -840>
2020-06-01 13:49:04.553975 7f4a506ae700 1 do_command 'perf dump' 'result is 9143 bytes -839>
2020-06-01 13:49:04.553979 7f4a506ae700 5 asok(0x7f4a608301c0) AdminSocket: request 'perf dump' '' to 0x7f4a607fc040 returned 9143 bytes -838>
2020-06-01 13:49:04.697049 7f4a52627700 5 -- 100.97.140.48:6821/2734156667 >> 10.220.189.17:0/3263787529 conn(0x7f4a60dd1800 :6821 s=STATE_OPEN_MESSAGE_READ_FOOTER_AND_DISPATCH pgs=168 cs=1 l=0). rx client.12496260 seq 12624 0x7f4a672a8240 client_session(request_renewcaps seq 17255) v1 -837>
2020-06-01 13:49:04.697095 7f4a4fead700 1 -- 100.97.140.48:6821/2734156667 <== client.12496260 10.220.189.17:0/3263787529 12624 ==== client_session(request_renewcaps seq 17255) v1 ==== 28+0+0 (820706919 0 0) 0x7f4a672a8240 con 0x7f4a60dd1800 -836>
2020-06-01 13:49:04.697120 7f4a4fead700 3 mds.4.server handle_client_session client_session(request_renewcaps seq 17255) v1 from client.12496260 -835>
2020-06-01 13:49:04.697129 7f4a4fead700 1 -- 100.97.140.48:6821/2734156667 --> 10.220.189.17:0/3263787529 -- client_session(renewcaps seq 17255) v2 -- 0x7f4a672a8b40 con 0 -834>
2020-06-01 13:49:04.899098 7f4a51e26700 5 -- 100.97.140.48:6821/2734156667 >> 100.97.140.32:6820/1879232263 conn(0x7f4a60cec800 :6821 s=STATE_OPEN_MESSAGE_READ_FOOTER_AND_DISPATCH pgs=3423089 cs=1 l=0). rx mds.0 seq 321096 0x7f4a6282a1c0 gather_caps(0x10002a2cf74) v1 -833>
2020-06-01 13:49:04.899144 7f4a4fead700 1 -- 100.97.140.48:6821/2734156667 <== mds.0 100.97.140.32:6820/1879232263 321096 ==== gather_caps(0x10002a2cf74) v1 ==== 8+0+0 (4184419736 0 0) 0x7f4a6282a1c0 con 0x7f4a60cec800 -832>
2020-06-01 13:49:05.096941 7f4a4eeab700 10 monclient: tick -831>
2020-06-01 13:49:05.096956 7f4a4eeab700 10 monclient: _check_auth_rotating have uptodate secrets (they expire after
2020-06-01 13:48:35.096954) -830>
2020-06-01 13:49:05.097504 7f4a4d6a8700 2 mds.4.cache check_memory_usage total 509144, rss 128824, heap 16888, baseline 16888, buffers 0, 0 / 39 inodes have caps, 0 caps, 0 caps per inode -829>
2020-06-01 13:49:05.100043 7f4a51e26700 5 -- 100.97.140.48:6821/2734156667 >> 10.220.189.29:0/3971196822 conn(0x7f4a61653000 :6821 s=STATE_OPEN_MESSAGE_READ_FOOTER_AND_DISPATCH pgs=163128 cs=1 l=0). rx client.12119051 seq 12624 0x7f4a672a8480 client_session(request_renewcaps seq 58808) v1 -828>
2020-06-01 13:49:05.100079 7f4a4fead700 1 -- 100.97.140.48:6821/2734156667 <== client.12119051 10.220.189.29:0/3971196822 12624 ==== client_session(request_renewcaps seq 58808) v1 ==== 28+0+0 (3848189543 0 0) 0x7f4a672a8480 con 0x7f4a61653000 -827>
2020-06-01 13:49:05.100104 7f4a4fead700 3 mds.4.server handle_client_session client_session(request_renewcaps seq 58808) v1 from client.12119051 -826>
2020-06-01 13:49:05.100113 7f4a4fead700 1 -- 100.97.140.48:6821/2734156667 --> 10.220.189.29:0/3971196822 -- client_session(renewcaps seq 58808) v2 -- 0x7f4a672a8240 con 0 -825>
2020-06-01 13:49:05.340369 7f4a52627700 5 -- 100.97.140.48:6821/2734156667 >> 10.240.90.205:0/637664608 conn(0x7f4a615dc000 :6821 s=STATE_OPEN_MESSAGE_READ_FOOTER_AND_DISPATCH pgs=3032211 cs=1 l=0). rx client.4629798 seq 12624 0x7f4a672a8b40 client_session(request_renewcaps seq 860283) v1 -824>
2020-06-01 13:49:05.340417 7f4a4fead700 1 -- 100.97.140.48:6821/2734156667 <== client.4629798 10.240.90.205:0/637664608 12624 ==== client_session(request_renewcaps seq 860283) v1 ==== 28+0+0 (1431958303 0 0) 0x7f4a672a8b40 con 0x7f4a615dc000 -823>
2020-06-01 13:49:05.340443 7f4a4fead700 3 mds.4.server handle_client_session client_session(request_renewcaps seq 860283) v1 from client.4629798 -822>
2020-06-01 13:49:05.340451 7f4a4fead700 1 -- 100.97.140.48:6821/2734156667 --> 10.240.90.205:0/637664608 -- client_session(renewcaps seq 860283) v2 -- 0x7f4a672a8480 con 0 -821>
2020-06-01 13:49:05.341653 7f4a4dea9700 1 -- 100.97.140.48:6821/2734156667 --> 100.97.140.48:6820/2345 -- mgrreport(unknown.TX-97-140-48 +0-0 packed 214) v5 -- 0x7f4a60ec1440 con 0 -820>
2020-06-01 13:49:05.406223 7f4a51e26700 5 -- 100.97.140.48:6821/2734156667 >> 10.220.189.14:0/2939900705 conn(0x7f4a60e70000 :6821 s=STATE_OPEN_MESSAGE_READ_FOOTER_AND_DISPATCH pgs=170 cs=1 l=0). rx client.12488361 seq 12624 0x7f4a672a8240 client_session(request_renewcaps seq 17255) v1 -819>
2020-06-01 13:49:05.406272 7f4a4fead700 1 -- 100.97.140.48:6821/2734156667 <== client.12488361 10.220.189.14:0/2939900705 12624 ==== client_session(request_renewcaps seq 17255) v1 ==== 28+0+0 (820706919 0 0) 0x7f4a672a8240 con 0x7f4a60e70000 -818>
2020-06-01 13:49:05.406297 7f4a4fead700 3 mds.4.server handle_client_session client_session(request_renewcaps seq 17255) v1 from client.12488361 -817>
2020-06-01 13:49:05.406306 7f4a4fead700 1 -- 100.97.140.48:6821/2734156667 --> 10.220.189.14:0/2939900705 -- client_session(renewcaps seq 17255) v2 -- 0x7f4a672a8b40 con 0 -816>
2020-06-01 13:49:05.458813 7f4a52e28700 5 -- 100.97.140.48:6821/2734156667 >> 10.240.105.171:0/2093041080 conn(0x7f4a60e8a800 :6821 s=STATE_OPEN_MESSAGE_READ_FOOTER_AND_DISPATCH pgs=507408 cs=1 l=0). rx client.10539328 seq 12624 0x7f4a652ad180 client_session(request_renewcaps seq 237896) v1 -815>
2020-06-01 13:49:05.458854 7f4a4fead700 1 -- 100.97.140.48:6821/2734156667 <== client.10539328 10.240.105.171:0/2093041080 12624 ==== client_session(request_renewcaps seq 237896) v1 ==== 28+0+0 (1749694057 0 0) 0x7f4a652ad180 con 0x7f4a60e8a800 -814>
2020-06-01 13:49:05.458878 7f4a4fead700 3 mds.4.server handle_client_session client_session(request_renewcaps seq 237896) v1 from client.10539328 -813>
2020-06-01 13:49:05.458887 7f4a4fead700 1 -- 100.97.140.48:6821/2734156667 --> 10.240.105.171:0/2093041080 -- client_session(renewcaps seq 237896) v2 -- 0x7f4a672a8240 con 0 -812>
2020-06-01 13:49:05.897890 7f4a52627700 5 -- 100.97.140.48:6821/2734156667 >> 10.220.189.46:0/103757562 conn(0x7f4a60dbd000 :6821 s=STATE_OPEN_MESSAGE_READ_FOOTER_AND_DISPATCH pgs=222915 cs=1 l=0). rx client.12005009 seq 12624 0x7f4a672a8480 client_session(request_renewcaps seq 73136) v1 -811>
2020-06-01 13:49:05.897938 7f4a4fead700 1 -- 100.97.140.48:6821/2734156667 <== client.12005009 10.220.189.46:0/103757562 12624 ==== client_session(request_renewcaps seq 73136) v1 ==== 28+0+0 (755151435 0 0) 0x7f4a672a8480 con 0x7f4a60dbd000 -810>
2020-06-01 13:49:05.897964 7f4a4fead700 3 mds.4.server handle_client_session client_session(request_renewcaps seq 73136) v1 from client.12005009 -809>
2020-06-01 13:49:05.897973 7f4a4fead700 1 -- 100.97.140.48:6821/2734156667 --> 10.220.189.46:0/103757562 -- client_session(renewcaps seq 73136) v2 -- 0x7f4a652ad180 con 0 -808>
2020-06-01 13:49:06.041043 7f4a51e26700 5 -- 100.97.140.48:6821/2734156667 >> 100.97.140.32:6820/1879232263 conn(0x7f4a60cec800 :6821 s=STATE_OPEN_MESSAGE_READ_FOOTER_AND_DISPATCH pgs=3423089 cs=1 l=0). rx mds.0 seq 321097 0x7f4a629ba780 gather_caps(0x10002a2cf74) v1 -807>
2020-06-01 13:49:06.041087 7f4a4fead700 1 -- 100.97.140.48:6821/2734156667 <== mds.0 100.97.140.32:6820/1879232263 321097 ==== gather_caps(0x10002a2cf74) v1 ==== 8+0+0 (4184419736 0 0) 0x7f4a629ba780 con 0x7f4a60cec800 -806>
2020-06-01 13:49:06.259798 7f4a51e26700 5 -- 100.97.140.48:6821/2734156667 >> 100.97.140.32:6820/1879232263 conn(0x7f4a60cec800 :6821 s=STATE_OPEN_MESSAGE_READ_FOOTER_AND_DISPATCH pgs=3423089 cs=1 l=0). rx mds.0 seq 321098 0x7f4a611a1480 HB magic: 0 v1 -805>
2020-06-01 13:49:06.259843 7f4a4fead700 1 -- 100.97.140.48:6821/2734156667 <== mds.0 100.97.140.32:6820/1879232263 321098 ==== HB magic: 0 v1 ==== 358+0+0 (3749533836 0 0) 0x7f4a611a1480 con 0x7f4a60cec800 -804>
2020-06-01 13:49:06.259937 7f4a4fead700 5 mds.4.bal mds.4 epoch 2811843 load mdsload<[0,0 0]/[0,0 0], req 0, hr 0, qlen 0, cpu 0.5> -803>
2020-06-01 13:49:06.259962 7f4a4fead700 1 -- 100.97.140.48:6821/2734156667 _send_message--> mds.0 100.97.140.32:6820/1879232263 -- HB magic: 0 v1 -- ?+0 0x7f4a6122c580 -802>
2020-06-01 13:49:06.259974 7f4a4fead700 1 -- 100.97.140.48:6821/2734156667 --> 100.97.140.32:6820/1879232263 -- HB magic: 0 v1 -- 0x7f4a6122c580 con 0 -801>
2020-06-01 13:49:06.259992 7f4a4fead700 1 -- 100.97.140.48:6821/2734156667 _send_message--> mds.1 100.97.140.52:6820/390676609 -- HB magic: 0 v1 -- ?+0 0x7f4a624e6080 -800>
2020-06-01 13:49:06.260000 7f4a4fead700 1 -- 100.97.140.48:6821/2734156667 --> 100.97.140.52:6820/390676609 -- HB magic: 0 v1 -- 0x7f4a624e6080 con 0 -799>
2020-06-01 13:49:06.260012 7f4a4fead700 1 -- 100.97.140.48:6821/2734156667 _send_message--> mds.2 100.97.140.61:6820/557565904 -- HB magic: 0 v1 -- ?+0 0x7f4a611ea500 -798>
2020-06-01 13:49:06.260021 7f4a4fead700 1 -- 100.97.140.48:6821/2734156667 --> 100.97.140.61:6820/557565904 -- HB magic: 0 v1 -- 0x7f4a611ea500 con 0 -797>
2020-06-01 13:49:06.260032 7f4a4fead700 1 -- 100.97.140.48:6821/2734156667 _send_message--> mds.3 100.97.140.31:6820/2617382067 -- HB magic: 0 v1 -- ?+0 0x7f4a611eb400 -796>
2020-06-01 13:49:06.260040 7f4a4fead700 1 -- 100.97.140.48:6821/2734156667 --> 100.97.140.31:6820/2617382067 -- HB magic: 0 v1 -- 0x7f4a611eb400 con 0 -795>
2020-06-01 13:49:06.260041 7f4a52627700 5 -- 100.97.140.48:6821/2734156667 >> 100.97.140.52:6820/390676609 conn(0x7f4a60b06800 :-1 s=STATE_OPEN_MESSAGE_READ_FOOTER_AND_DISPATCH pgs=1387905 cs=1 l=0). rx mds.1 seq 25252 0x7f4a6255e800 HB magic: 0 v1 -794>
2020-06-01 13:49:06.260054 7f4a4fead700 1 -- 100.97.140.48:6821/2734156667 _send_message--> mds.5 100.97.140.57:6820/168678367 -- HB magic: 0 v1 -- ?+0 0x7f4a61777c00 -793>
2020-06-01 13:49:06.260053 7f4a52e28700 5 -- 100.97.140.48:6821/2734156667 >> 100.97.140.31:6820/2617382067 conn(0x7f4a60ad3000 :-1 s=STATE_OPEN_MESSAGE_READ_FOOTER_AND_DISPATCH pgs=1752386 cs=1 l=0). rx mds.3 seq 25247 0x7f4a62f49180 HB magic: 0 v1 -792>
2020-06-01 13:49:06.260062 7f4a4fead700 1 -- 100.97.140.48:6821/2734156667 --> 100.97.140.57:6820/168678367 -- HB magic: 0 v1 -- 0x7f4a61777c00 con 0 -791>
2020-06-01 13:49:06.260078 7f4a4fead700 1 -- 100.97.140.48:6821/2734156667 _send_message--> mds.6 100.97.140.56:6820/1897498247 -- HB magic: 0 v1 -- ?+0 0x7f4a611a1c00 -790>
2020-06-01 13:49:06.260086 7f4a4fead700 1 -- 100.97.140.48:6821/2734156667 --> 100.97.140.56:6820/1897498247 -- HB magic: 0 v1 -- 0x7f4a611a1c00 con 0 -789>
2020-06-01 13:49:06.260098 7f4a4fead700 1 -- 100.97.140.48:6821/2734156667 _send_message--> mds.7 100.97.140.50:6820/2234244794 -- HB magic: 0 v1 -- ?+0 0x7f4a6252a300 -788>
2020-06-01 13:49:06.260106 7f4a4fead700 1 -- 100.97.140.48:6821/2734156667 --> 100.97.140.50:6820/2234244794 -- HB magic: 0 v1 -- 0x7f4a6252a300 con 0 -787>
2020-06-01 13:49:06.260128 7f4a4fead700 1 -- 100.97.140.48:6821/2734156667 <== mds.1 100.97.140.52:6820/390676609 25252 ==== HB magic: 0 v1 ==== 366+0+0 (2777410316 0 0) 0x7f4a6255e800 con 0x7f4a60b06800 -786>
2020-06-01 13:49:06.260144 7f4a4fead700 1 -- 100.97.140.48:6821/2734156667 <== mds.3 100.97.140.31:6820/2617382067 25247 ==== HB magic: 0 v1 ==== 366+0+0 (1634855321 0 0) 0x7f4a62f49180 con 0x7f4a60ad3000 -785>
2020-06-01 13:49:06.260175 7f4a51e26700 5 -- 100.97.140.48:6821/2734156667 >> 100.97.140.61:6820/557565904 conn(0x7f4a60ad1800 :-1 s=STATE_OPEN_MESSAGE_READ_FOOTER_AND_DISPATCH pgs=1620 cs=1 l=0). rx mds.2 seq 25246 0x7f4a62455680 HB magic: 0 v1 -784>
2020-06-01 13:49:06.260195 7f4a4fead700 1 -- 100.97.140.48:6821/2734156667 <== mds.2 100.97.140.61:6820/557565904 25246 ==== HB magic: 0 v1 ==== 366+0+0 (2539368105 0 0) 0x7f4a62455680 con 0x7f4a60ad1800 -783>
2020-06-01 13:49:06.260206 7f4a51e26700 5 -- 100.97.140.48:6821/2734156667 >> 100.97.140.56:6820/1897498247 conn(0x7f4a60bef800 :-1 s=STATE_OPEN_MESSAGE_READ_FOOTER_AND_DISPATCH pgs=208465 cs=1 l=0). rx mds.6 seq 25247 0x7f4a6252b980 HB magic: 0 v1 -782>
2020-06-01 13:49:06.260222 7f4a4fead700 1 -- 100.97.140.48:6821/2734156667 <== mds.6 100.97.140.56:6820/1897498247 25247 ==== HB magic: 0 v1 ==== 358+0+0 (2156884104 0 0) 0x7f4a6252b980 con 0x7f4a60bef800 -781>
2020-06-01 13:49:06.260250 7f4a52e28700 5 -- 100.97.140.48:6821/2734156667 >> 100.97.140.50:6820/2234244794 conn(0x7f4a60bee000 :-1 s=STATE_OPEN_MESSAGE_READ_FOOTER_AND_DISPATCH pgs=300173 cs=1 l=0). rx mds.7 seq 25247 0x7f4a624d0500 HB magic: 0 v1 -780>
2020-06-01 13:49:06.260273 7f4a4fead700 1 -- 100.97.140.48:6821/2734156667 <== mds.7 100.97.140.50:6820/2234244794 25247 ==== HB magic: 0 v1 ==== 358+0+0 (2008869140 0 0) 0x7f4a624d0500 con 0x7f4a60bee000 -779>
2020-06-01 13:49:06.260347 7f4a52627700 5 -- 100.97.140.48:6821/2734156667 >> 100.97.140.57:6820/168678367 conn(0x7f4a60ad4800 :-1 s=STATE_OPEN_MESSAGE_READ_FOOTER_AND_DISPATCH pgs=4866 cs=1 l=0). rx mds.5 seq 25247 0x7f4a624e6080 HB magic: 0 v1 -778>
2020-06-01 13:49:06.260370 7f4a4fead700 1 -- 100.97.140.48:6821/2734156667 <== mds.5 100.97.140.57:6820/168678367 25247 ==== HB magic: 0 v1 ==== 366+0+0 (1444919735 0 0) 0x7f4a624e6080 con 0x7f4a60ad4800 -777>
2020-06-01 13:49:06.260381 7f4a4fead700 5 mds.4.bal prep_rebalance: cluster loads are -776>
2020-06-01 13:49:06.260390 7f4a4fead700 5 mds.4.bal prep_rebalance: my load 0 target 3.20764e+08 total 2.56611e+09 -775>
2020-06-01 13:49:06.260401 7f4a4fead700 5 mds.4.bal i am underloaded or barely overloaded, doing nothing. -774>
2020-06-01 13:49:06.346976 7f4a4cea7700 10 monclient: _send_mon_message to mon.TX-97-140-59 at 100.97.140.59:6789/0 -773>
2020-06-01 13:49:06.346992 7f4a4cea7700 1 -- 100.97.140.48:6821/2734156667 --> 100.97.140.59:6789/0 -- mdsbeacon(12541229/TX-97-140-48 up:active seq 63116 v415) v7 -- 0x7f4a67302a40 con 0 -772>
2020-06-01 13:49:06.347961 7f4a52627700 5 -- 100.97.140.48:6821/2734156667 >> 100.97.140.59:6789/0 conn(0x7f4a60a43000 :-1 s=STATE_OPEN_MESSAGE_READ_FOOTER_AND_DISPATCH pgs=2504874 cs=1 l=1). rx mon.4 seq 63317 0x7f4a67302a40 mdsbeacon(12541229/TX-97-140-48 up:active seq 63116 v415) v7 -771>
2020-06-01 13:49:06.347992 7f4a4fead700 1 -- 100.97.140.48:6821/2734156667 <== mon.4 100.97.140.59:6789/0 63317 ==== mdsbeacon(12541229/TX-97-140-48 up:active seq 63116 v415) v7 ==== 137+0+0 (2822567538 0 0) 0x7f4a67302a40 con 0x7f4a60a43000 -770>
2020-06-01 13:49:06.361177 7f4a52e28700 5 -- 100.97.140.48:6821/2734156667 >> 10.220.189.56:0/1009371684 conn(0x7f4a60e71800 :6821 s=STATE_OPEN_MESSAGE_READ_FOOTER_AND_DISPATCH pgs=2038 cs=1 l=0). rx client.12488371 seq 12624 0x7f4a672a8240 client_session(request_renewcaps seq 17255) v1 -769>
2020-06-01 13:49:06.361204 7f4a4fead700 1 -- 100.97.140.48:6821/2734156667 <== client.12488371 10.220.189.56:0/1009371684 12624 ==== client_session(request_renewcaps seq 17255) v1 ==== 28+0+0 (820706919 0 0) 0x7f4a672a8240 con 0x7f4a60e71800 -768>
2020-06-01 13:49:06.361222 7f4a4fead700 3 mds.4.server handle_client_session client_session(request_renewcaps seq 17255) v1 from client.12488371 -767>
2020-06-01 13:49:06.361230 7f4a4fead700 1 -- 100.97.140.48:6821/2734156667 --> 10.220.189.56:0/1009371684 -- client_session(renewcaps seq 17255) v2 -- 0x7f4a672a8480 con 0 -766>
2020-06-01 13:49:06.468976 7f4a51e26700 5 -- 100.97.140.48:6821/2734156667 >> 10.220.189.43:0/3730083321 conn(0x7f4a60caf800 :6821 s=STATE_OPEN_MESSAGE_READ_FOOTER_AND_DISPATCH pgs=61 cs=1 l=0). rx client.6380056 seq 12624 0x7f4a672a8b40 client_session(request_renewcaps seq 647727) v1 -765>
2020-06-01 13:49:06.469014 7f4a4fead700 1 -- 100.97.140.48:6821/2734156667 <== client.6380056 10.220.189.43:0/3730083321 12624 ==== client_session(request_renewcaps seq 647727) v1 ==== 28+0+0 (2289191958 0 0) 0x7f4a672a8b40 con 0x7f4a60caf800 -764>
2020-06-01 13:49:06.469036 7f4a4fead700 3 mds.4.server handle_client_session client_session(request_renewcaps seq 647727) v1 from client.6380056 -763>
2020-06-01 13:49:06.469046 7f4a4fead700 1 -- 100.97.140.48:6821/2734156667 --> 10.220.189.43:0/3730083321 -- client_session(renewcaps seq 647727) v2 -- 0x7f4a672a8240 con 0 -762>
2020-06-01 13:49:06.923007 7f4a52627700 5 -- 100.97.140.48:6821/2734156667 >> 10.240.7.24:0/2549208329 conn(0x7f4a60de2000 :6821 s=STATE_OPEN_MESSAGE_READ_FOOTER_AND_DISPATCH pgs=3540948 cs=1 l=0). rx client.3891150 seq 12624 0x7f4a652ad180 client_session(request_renewcaps seq 1014671) v1 -761>
2020-06-01 13:49:06.923054 7f4a4fead700 1 -- 100.97.140.48:6821/2734156667 <== client.3891150 10.240.7.24:0/2549208329 12624 ==== client_session(request_renewcaps seq 1014671) v1 ==== 28+0+0 (3464070562 0 0) 0x7f4a652ad180 con 0x7f4a60de2000 -760>
2020-06-01 13:49:06.923080 7f4a4fead700 3 mds.4.server handle_client_session client_session(request_renewcaps seq 1014671) v1 from client.3891150 -759>
2020-06-01 13:49:06.923089 7f4a4fead700 1 -- 100.97.140.48:6821/2734156667 --> 10.240.7.24:0/2549208329 -- client_session(renewcaps seq 1014671) v2 -- 0x7f4a672a8b40 con 0 -758>
2020-06-01 13:49:07.007650 7f4a51e26700 5 -- 100.97.140.48:6821/2734156667 >> 10.220.189.2:0/2619389564 conn(0x7f4a61420800 :6821 s=STATE_OPEN_MESSAGE_READ_FOOTER_AND_DISPATCH pgs=104024 cs=1 l=0). rx client.12261165 seq 12624 0x7f4a672a8240 client_session(request_renewcaps seq 43909) v1 -757>
2020-06-01 13:49:07.007689 7f4a4fead700 1 -- 100.97.140.48:6821/2734156667 <== client.12261165 10.220.189.2:0/2619389564 12624 ==== client_session(request_renewcaps seq 43909) v1 ==== 28+0+0 (2020501269 0 0) 0x7f4a672a8240 con 0x7f4a61420800 -756>
2020-06-01 13:49:07.007714 7f4a4fead700 3 mds.4.server handle_client_session client_session(request_renewcaps seq 43909) v1 from client.12261165 -755>
2020-06-01 13:49:07.007723 7f4a4fead700 1 -- 100.97.140.48:6821/2734156667 --> 10.220.189.2:0/2619389564 -- client_session(renewcaps seq 43909) v2 -- 0x7f4a652ad180 con 0 -754>
2020-06-01 13:49:07.367064 7f4a52e28700 5 -- 100.97.140.48:6821/2734156667 >> 10.220.87.197:0/2146303333 conn(0x7f4a60cfb800 :6821 s=STATE_OPEN_MESSAGE_READ_FOOTER_AND_DISPATCH pgs=71 cs=1 l=0). rx client.3887687 seq 12624 0x7f4a672a8480 client_session(request_renewcaps seq 1014673) v1 -753>
2020-06-01 13:49:07.367113 7f4a4fead700 1 -- 100.97.140.48:6821/2734156667 <== client.3887687 10.220.87.197:0/2146303333 12624 ==== client_session(request_renewcaps seq 1014673) v1 ==== 28+0+0 (409283755 0 0) 0x7f4a672a8480 con 0x7f4a60cfb800 -752>
2020-06-01 13:49:07.367138 7f4a4fead700 3 mds.4.server handle_client_session client_session(request_renewcaps seq 1014673) v1 from client.3887687 -751>
2020-06-01 13:49:07.367147 7f4a4fead700 1 -- 100.97.140.48:6821/2734156667 --> 10.220.87.197:0/2146303333 -- client_session(renewcaps seq 1014673) v2 -- 0x7f4a672a8240 con 0 -750>
2020-06-01 13:49:07.455023 7f4a52627700 5 -- 100.97.140.48:6821/2734156667 >> 10.220.189.44:0/1865944452 conn(0x7f4a61576000 :6821 s=STATE_OPEN_MESSAGE_READ_FOOTER_AND_DISPATCH pgs=190655 cs=1 l=0). rx client.11925639 seq 12624 0x7f4a672a8b40 client_session(request_renewcaps seq 81960) v1 -749>
2020-06-01 13:49:07.455059 7f4a4fead700 1 -- 100.97.140.48:6821/2734156667 <== client.11925639 10.220.189.44:0/1865944452 12624 ==== client_session(request_renewcaps seq 81960) v1 ==== 28+0+0 (101159785 0 0) 0x7f4a672a8b40 con 0x7f4a61576000 -748>
2020-06-01 13:49:07.455078 7f4a4fead700 3 mds.4.server handle_client_session client_session(request_renewcaps seq 81960) v1 from client.11925639 -747>
2020-06-01 13:49:07.455085 7f4a4fead700 1 -- 100.97.140.48:6821/2734156667 --> 10.220.189.44:0/1865944452 -- client_session(renewcaps seq 81960) v2 -- 0x7f4a672a8480 con 0 -746>
2020-06-01 13:49:07.472051 7f4a52e28700 5 -- 100.97.140.48:6821/2734156667 >> 10.240.219.240:0/3083912231 conn(0x7f4a615e0800 :6821 s=STATE_OPEN_MESSAGE_READ_FOOTER_AND_DISPATCH pgs=1838864 cs=1 l=0). rx client.4636259 seq 12624 0x7f4a672a8240 client_session(request_renewcaps seq 860260) v1 -745>
2020-06-01 13:49:07.472079 7f4a4fead700 1 -- 100.97.140.48:6821/2734156667 <== client.4636259 10.240.219.240:0/3083912231 12624 ==== client_session(request_renewcaps seq 860260) v1 ==== 28+0+0 (956995736 0 0) 0x7f4a672a8240 con 0x7f4a615e0800 -744>
2020-06-01 13:49:07.472096 7f4a4fead700 3 mds.4.server handle_client_session client_session(request_renewcaps seq 860260) v1 from client.4636259 -743>
2020-06-01 13:49:07.472102 7f4a4fead700 1 -- 100.97.140.48:6821/2734156667 --> 10.240.219.240:0/3083912231 -- client_session(renewcaps seq 860260) v2 -- 0x7f4a672a8b40 con 0 -742>
2020-06-01 13:49:07.581592 7f4a52627700 5 -- 100.97.140.48:6821/2734156667 >> 10.220.189.56:0/1073224370 conn(0x7f4a60e58000 :6821 s=STATE_OPEN_MESSAGE_READ_FOOTER_AND_DISPATCH pgs=146 cs=1 l=0). rx client.12487861 seq 12624 0x7f4a672a8480 client_session(request_renewcaps seq 17296) v1 -741>
2020-06-01 13:49:07.581638 7f4a4fead700 1 -- 100.97.140.48:6821/2734156667 <== client.12487861 10.220.189.56:0/1073224370 12624 ==== client_session(request_renewcaps seq 17296) v1 ==== 28+0+0 (3049084592 0 0) 0x7f4a672a8480 con 0x7f4a60e58000 -740>
2020-06-01 13:49:07.581664 7f4a4fead700 3 mds.4.server handle_client_session client_session(request_renewcaps seq 17296) v1 from client.12487861 -739>
2020-06-01 13:49:07.581673 7f4a4fead700 1 -- 100.97.140.48:6821/2734156667 --> 10.220.189.56:0/1073224370 -- client_session(renewcaps seq 17296) v2 -- 0x7f4a672a8240 con 0 -738>
2020-06-01 13:49:08.007933 7f4a51e26700 5 -- 100.97.140.48:6821/2734156667 >> 10.220.87.196:0/2262904259 conn(0x7f4a60b03800 :6821 s=STATE_OPEN_MESSAGE_READ_FOOTER_AND_DISPATCH pgs=70 cs=1 l=0). rx client.3891265 seq 12624 0x7f4a652ad180 client_session(request_renewcaps seq 1014671) v1 -737>
2020-06-01 13:49:08.007979 7f4a4fead700 1 -- 100.97.140.48:6821/2734156667 <== client.3891265 10.220.87.196:0/2262904259 12624 ==== client_session(request_renewcaps seq 1014671) v1 ==== 28+0+0 (3464070562 0 0) 0x7f4a652ad180 con 0x7f4a60b03800 -736>
2020-06-01 13:49:08.008004 7f4a4fead700 3 mds.4.server handle_client_session client_session(request_renewcaps seq 1014671) v1 from client.3891265 -735>
2020-06-01 13:49:08.008013 7f4a4fead700 1 -- 100.97.140.48:6821/2734156667 --> 10.220.87.196:0/2262904259 -- client_session(renewcaps seq 1014671) v2 -- 0x7f4a672a8480 con 0 -734>
2020-06-01 13:49:08.065231 7f4a52e28700 5 -- 100.97.140.48:6821/2734156667 >> 10.220.189.20:0/3075858096 conn(0x7f4a616b0800 :6821 s=STATE_OPEN_MESSAGE_READ_FOOTER_AND_DISPATCH pgs=169 cs=1 l=0). rx client.12496265 seq 12624 0x7f4a672a8b40 client_session(request_renewcaps seq 17255) v1 -733>
2020-06-01 13:49:08.065259 7f4a4fead700 1 -- 100.97.140.48:6821/2734156667 <== client.12496265 10.220.189.20:0/3075858096 12624 ==== client_session(request_renewcaps seq 17255) v1 ==== 28+0+0 (820706919 0 0) 0x7f4a672a8b40 con 0x7f4a616b0800 -732>
2020-06-01 13:49:08.065279 7f4a4fead700 3 mds.4.server handle_client_session client_session(request_renewcaps seq 17255) v1 from client.12496265 -731>
2020-06-01 13:49:08.065285 7f4a4fead700 1 -- 100.97.140.48:6821/2734156667 --> 10.220.189.20:0/3075858096 -- client_session(renewcaps seq 17255) v2 -- 0x7f4a652ad180 con 0 -730>
2020-06-01 13:49:08.205781 7f4a51e26700 5 -- 100.97.140.48:6821/2734156667 >> 10.220.189.22:0/852108787 conn(0x7f4a61689000 :6821 s=STATE_OPEN_MESSAGE_READ_FOOTER_AND_DISPATCH pgs=7190 cs=1 l=0). rx client.10874481 seq 12624 0x7f4a672a8480 client_session(request_renewcaps seq 199707) v1 -729>
2020-06-01 13:49:08.205808 7f4a4fead700 1 -- 100.97.140.48:6821/2734156667 <== client.10874481 10.220.189.22:0/852108787 12624 ==== client_session(request_renewcaps seq 199707) v1 ==== 28+0+0 (2601308785 0 0) 0x7f4a672a8480 con 0x7f4a61689000 -728>
2020-06-01 13:49:08.205826 7f4a4fead700 3 mds.4.server handle_client_session client_session(request_renewcaps seq 199707) v1 from client.10874481 -727>
2020-06-01 13:49:08.205832 7f4a4fead700 1 -- 100.97.140.48:6821/2734156667 --> 10.220.189.22:0/852108787 -- client_session(renewcaps seq 199707) v2 -- 0x7f4a672a8b40 con 0 -726>
2020-06-01 13:49:08.207917 7f4a51e26700 5 -- 100.97.140.48:6821/2734156667 >> 10.220.189.55:0/3434164293 conn(0x7f4a61767800 :6821 s=STATE_OPEN_MESSAGE_READ_FOOTER_AND_DISPATCH pgs=8 cs=1 l=0). rx client.12531582 seq 12508 0x7f4a672a8b40 client_session(request_renewcaps seq 12507) v1 -725>
2020-06-01 13:49:08.207940 7f4a4fead700 1 -- 100.97.140.48:6821/2734156667 <== client.12531582 10.220.189.55:0/3434164293 12508 ==== client_session(request_renewcaps seq 12507) v1 ==== 28+0+0 (3882454148 0 0) 0x7f4a672a8b40 con 0x7f4a61767800 -724>
2020-06-01 13:49:08.207952 7f4a4fead700 3 mds.4.server handle_client_session client_session(request_renewcaps seq 12507) v1 from client.12531582 -723>
2020-06-01 13:49:08.207957 7f4a4fead700 1 -- 100.97.140.48:6821/2734156667 --> 10.220.189.55:0/3434164293 -- client_session(renewcaps seq 12507) v2 -- 0x7f4a672a8480 con 0 -722>
2020-06-01 13:49:08.299493 7f4a52627700 5 -- 100.97.140.48:6821/2734156667 >> 10.220.87.162:0/1422558278 conn(0x7f4a60cfd000 :6821 s=STATE_OPEN_MESSAGE_READ_FOOTER_AND_DISPATCH pgs=2644495 cs=1 l=0). rx client.4716459 seq 12624 0x7f4a672a8240 client_session(request_renewcaps seq 840300) v1 -721>
2020-06-01 13:49:08.299536 7f4a4fead700 1 -- 100.97.140.48:6821/2734156667 <== client.4716459 10.220.87.162:0/1422558278 12624 ==== client_session(request_renewcaps seq 840300) v1 ==== 28+0+0 (3126486551 0 0) 0x7f4a672a8240 con 0x7f4a60cfd000 -720>
2020-06-01 13:49:08.299555 7f4a4fead700 3 mds.4.server handle_client_session client_session(request_renewcaps seq 840300) v1 from client.4716459 -719>
2020-06-01 13:49:08.299562 7f4a4fead700 1 -- 100.97.140.48:6821/2734156667 --> 10.220.87.162:0/1422558278 -- client_session(renewcaps seq 840300) v2 -- 0x7f4a672a8b40 con 0 -718>
2020-06-01 13:49:08.326827 7f4a52e28700 5 -- 100.97.140.48:6821/2734156667 >> 172.25.173.35:0/36664501 conn(0x7f4a60e9b000 :6821 s=STATE_OPEN_MESSAGE_READ_FOOTER_AND_DISPATCH pgs=17529 cs=1 l=0). rx client.4948887 seq 12624 0x7f4a652ad180 client_session(request_renewcaps seq 811294) v1 -717>
2020-06-01 13:49:08.326856 7f4a4fead700 1 -- 100.97.140.48:6821/2734156667 <== client.4948887 172.25.173.35:0/36664501 12624 ==== client_session(request_renewcaps seq 811294) v1 ==== 28+0+0 (553398627 0 0) 0x7f4a652ad180 con 0x7f4a60e9b000 -716>
2020-06-01 13:49:08.326874 7f4a4fead700 3 mds.4.server handle_client_session client_session(request_renewcaps seq 811294) v1 from client.4948887 -715>
2020-06-01 13:49:08.326880 7f4a4fead700 1 -- 100.97.140.48:6821/2734156667 --> 172.25.173.35:0/36664501 -- client_session(renewcaps seq 811294) v2 -- 0x7f4a672a8240 con 0 -714>
2020-06-01 13:49:08.452695 7f4a52e28700 5 -- 100.97.140.48:6821/2734156667 >> 10.220.189.32:0/3641406242 conn(0x7f4a6141d800 :6821 s=STATE_OPEN_MESSAGE_READ_FOOTER_AND_DISPATCH pgs=332876 cs=1 l=0). rx client.11155622 seq 12624 0x7f4a672a8240 client_session(request_renewcaps seq 167761) v1 -713>
2020-06-01 13:49:08.452737 7f4a4fead700 1 -- 100.97.140.48:6821/2734156667 <== client.11155622 10.220.189.32:0/3641406242 12624 ==== client_session(request_renewcaps seq 167761) v1 ==== 28+0+0 (3678629233 0 0) 0x7f4a672a8240 con 0x7f4a6141d800 -712>
2020-06-01 13:49:08.452761 7f4a4fead700 3 mds.4.server handle_client_session client_session(request_renewcaps seq 167761) v1 from client.11155622 -711>
2020-06-01 13:49:08.452769 7f4a4fead700 1 -- 100.97.140.48:6821/2734156667 --> 10.220.189.32:0/3641406242 -- client_session(renewcaps seq 167761) v2 -- 0x7f4a652ad180 con 0 -710>
2020-06-01 13:49:08.461048 7f4a51e26700 5 -- 100.97.140.48:6821/2734156667 >> 10.220.189.26:0/1493129413 conn(0x7f4a615a5800 :6821 s=STATE_OPEN_MESSAGE_READ_FOOTER_AND_DISPATCH pgs=727410 cs=1 l=0). rx client.10629349 seq 12624 0x7f4a672a8480 client_session(request_renewcaps seq 228689) v1 -709>
2020-06-01 13:49:08.461074 7f4a4fead700 1 -- 100.97.140.48:6821/2734156667 <== client.10629349 10.220.189.26:0/1493129413 12624 ==== client_session(request_renewcaps seq 228689) v1 ==== 28+0+0 (2553293499 0 0) 0x7f4a672a8480 con 0x7f4a615a5800 -708>
2020-06-01 13:49:08.461086 7f4a4fead700 3 mds.4.server handle_client_session client_session(request_renewcaps seq 228689) v1 from client.10629349 -707>
2020-06-01 13:49:08.461092 7f4a4fead700 1 -- 100.97.140.48:6821/2734156667 --> 10.220.189.26:0/1493129413 -- client_session(renewcaps seq 228689) v2 -- 0x7f4a672a8240 con 0 -706>
2020-06-01 13:49:08.529836 7f4a506ae700 5 asok(0x7f4a608301c0) AdminSocket: request 'get_command_descriptions' '' to 0x7f4a607fc210 returned 4711 bytes -705>
2020-06-01 13:49:08.553115 7f4a506ae700 1 do_command 'perf dump' ' -704>
2020-06-01 13:49:08.553317 7f4a506ae700 1 do_command 'perf dump' 'result is 9143 bytes -703>
2020-06-01 13:49:08.553322 7f4a506ae700 5 asok(0x7f4a608301c0) AdminSocket: request 'perf dump' '' to 0x7f4a607fc040 returned 9143 bytes -702>
2020-06-01 13:49:08.848046 7f4a51e26700 5 -- 100.97.140.48:6821/2734156667 >> 10.220.189.47:0/2312635046 conn(0x7f4a60dd3000 :6821 s=STATE_OPEN_MESSAGE_READ_FOOTER_AND_DISPATCH pgs=222912 cs=1 l=0). rx client.12005234 seq 12624 0x7f4a672a8240 client_session(request_renewcaps seq 73115) v1 -701>
2020-06-01 13:49:08.848097 7f4a4fead700 1 -- 100.97.140.48:6821/2734156667 <== client.12005234 10.220.189.47:0/2312635046 12624 ==== client_session(request_renewcaps seq 73115) v1 ==== 28+0+0 (682050666 0 0) 0x7f4a672a8240 con 0x7f4a60dd3000 -700>
2020-06-01 13:49:08.848124 7f4a4fead700 3 mds.4.server handle_client_session client_session(request_renewcaps seq 73115) v1 from client.12005234 -699>
2020-06-01 13:49:08.848135 7f4a4fead700 1 -- 100.97.140.48:6821/2734156667 --> 10.220.189.47:0/2312635046 -- client_session(renewcaps seq 73115) v2 -- 0x7f4a672a8480 con 0 -698>
2020-06-01 13:49:08.874329 7f4a52627700 5 -- 100.97.140.48:6821/2734156667 >> 10.220.189.21:0/3373068911 conn(0x7f4a60ade000 :6821 s=STATE_OPEN_MESSAGE_READ_FOOTER_AND_DISPATCH pgs=1727442 cs=1 l=0). rx client.6491590 seq 12624 0x7f4a672a8b40 client_session(request_renewcaps seq 634897) v1 -697>
2020-06-01 13:49:08.874358 7f4a4fead700 1 -- 100.97.140.48:6821/2734156667 <== client.6491590 10.220.189.21:0/3373068911 12624 ==== client_session(request_renewcaps seq 634897) v1 ==== 28+0+0 (3905700754 0 0) 0x7f4a672a8b40 con 0x7f4a60ade000 -696>
2020-06-01 13:49:08.874376 7f4a4fead700 3 mds.4.server handle_client_session client_session(request_renewcaps seq 634897) v1 from client.6491590 -695>
2020-06-01 13:49:08.874383 7f4a4fead700 1 -- 100.97.140.48:6821/2734156667 --> 10.220.189.21:0/3373068911 -- client_session(renewcaps seq 634897) v2 -- 0x7f4a672a8240 con 0 -694>
2020-06-01 13:49:08.948511 7f4a52e28700 5 -- 100.97.140.48:6821/2734156667 >> 10.220.189.38:0/3164433327 conn(0x7f4a61efc000 :6821 s=STATE_OPEN_MESSAGE_READ_FOOTER_AND_DISPATCH pgs=9 cs=1 l=0). rx client.12641937 seq 67 0x7f4a652ad180 client_session(request_renewcaps seq 66) v1 -693>
2020-06-01 13:49:08.948541 7f4a4fead700 1 -- 100.97.140.48:6821/2734156667 <== client.12641937 10.220.189.38:0/3164433327 67 ==== client_session(request_renewcaps seq 66) v1 ==== 28+0+0 (4018786001 0 0) 0x7f4a652ad180 con 0x7f4a61efc000 -692>
2020-06-01 13:49:08.948559 7f4a4fead700 3 mds.4.server handle_client_session client_session(request_renewcaps seq 66) v1 from client.12641937 -691>
2020-06-01 13:49:08.948565 7f4a4fead700 1 -- 100.97.140.48:6821/2734156667 --> 10.220.189.38:0/3164433327 -- client_session(renewcaps seq 66) v2 -- 0x7f4a672a8b40 con 0 -690>
2020-06-01 13:49:09.047843 7f4a52e28700 5 -- 100.97.140.48:6821/2734156667 >> 10.220.189.48:0/556421320 conn(0x7f4a60e86000 :6821 s=STATE_OPEN_MESSAGE_READ_FOOTER_AND_DISPATCH pgs=28514 cs=1 l=0). rx client.10630401 seq 15254 0x7f4a672a8b40 client_session(request_renewcaps seq 275030) -689>
2020-06-01 13:49:09.047887 7f4a4fead700 1 -- 100.97.140.48:6821/2734156667 <== client.10630401 10.220.189.48:0/556421320 15254 ==== client_session(request_renewcaps seq 275030) ==== 28+0+0 (3675768024 0 0) 0x7f4a672a8b40 con 0x7f4a60e86000 -688>
2020-06-01 13:49:09.047911 7f4a4fead700 3 mds.4.server handle_client_session client_session(request_renewcaps seq 275030) from client.10630401 -687>
2020-06-01 13:49:09.047919 7f4a4fead700 1 -- 100.97.140.48:6821/2734156667 --> 10.220.189.48:0/556421320 -- client_session(renewcaps seq 275030) v2 -- 0x7f4a652ad180 con 0 -686>
2020-06-01 13:49:09.048888 7f4a51e26700 5 -- 100.97.140.48:6821/2734156667 >> 10.220.189.48:0/3968320038 conn(0x7f4a61531000 :6821 s=STATE_OPEN_MESSAGE_READ_FOOTER_AND_DISPATCH pgs=2107100 cs=1 l=0). rx client.10630391 seq 15254 0x7f4a672a8480 client_session(request_renewcaps seq 275030) -685>
2020-06-01 13:49:09.048912 7f4a4fead700 1 -- 100.97.140.48:6821/2734156667 <== client.10630391 10.220.189.48:0/3968320038 15254 ==== client_session(request_renewcaps seq 275030) ==== 28+0+0 (3568046377 0 0) 0x7f4a672a8480 con 0x7f4a61531000 -684>
2020-06-01 13:49:09.048922 7f4a4fead700 3 mds.4.server handle_client_session client_session(request_renewcaps seq 275030) from client.10630391 -683>
2020-06-01 13:49:09.048927 7f4a4fead700 1 -- 100.97.140.48:6821/2734156667 --> 10.220.189.48:0/3968320038 -- client_session(renewcaps seq 275030) v2 -- 0x7f4a672a8b40 con 0 -682>
2020-06-01 13:49:09.100178 7f4a52627700 5 -- 100.97.140.48:6821/2734156667 >> 10.220.189.29:0/3430848826 conn(0x7f4a6166e000 :6821 s=STATE_OPEN_MESSAGE_READ_FOOTER_AND_DISPATCH pgs=28 cs=1 l=0). rx client.12423314 seq 12624 0x7f4a672a8240 client_session(request_renewcaps seq 25719) v1 -681>
2020-06-01 13:49:09.100204 7f4a4fead700 1 -- 100.97.140.48:6821/2734156667 <== client.12423314 10.220.189.29:0/3430848826 12624 ==== client_session(request_renewcaps seq 25719) v1 ==== 28+0+0 (1893915371 0 0) 0x7f4a672a8240 con 0x7f4a6166e000 -680>
2020-06-01 13:49:09.100220 7f4a4fead700 3 mds.4.server handle_client_session client_session(request_renewcaps seq 25719) v1 from client.12423314 -679>
2020-06-01 13:49:09.100226 7f4a4fead700 1 -- 100.97.140.48:6821/2734156667 --> 10.220.189.29:0/3430848826 -- client_session(renewcaps seq 25719) v2 -- 0x7f4a672a8480 con 0 -678>
2020-06-01 13:49:09.248507 7f4a52627700 5 -- 100.97.140.48:6821/2734156667 >> 10.220.189.28:0/1874466359 conn(0x7f4a61651800 :6821 s=STATE_OPEN_MESSAGE_READ_FOOTER_AND_DISPATCH pgs=22 cs=1 l=0). rx client.12484318 seq 12624 0x7f4a672a8480 client_session(request_renewcaps seq 17765) v1 -677>
2020-06-01 13:49:09.248539 7f4a4fead700 1 -- 100.97.140.48:6821/2734156667 <== client.12484318 10.220.189.28:0/1874466359 12624 ==== client_session(request_renewcaps seq 17765) v1 ==== 28+0+0 (2023578603 0 0) 0x7f4a672a8480 con 0x7f4a61651800 -676>
2020-06-01 13:49:09.248559 7f4a4fead700 3 mds.4.server handle_client_session client_session(request_renewcaps seq 17765) v1 from client.12484318 -675>
2020-06-01 13:49:09.248566 7f4a4fead700 1 -- 100.97.140.48:6821/2734156667 --> 10.220.189.28:0/1874466359 -- client_session(renewcaps seq 17765) v2 -- 0x7f4a672a8240 con 0 -674>
2020-06-01 13:49:09.348339 7f4a52e28700 5 -- 100.97.140.48:6821/2734156667 >> 10.220.189.38:0/3011368656 conn(0x7f4a60f25000 :6821 s=STATE_OPEN_MESSAGE_READ_FOOTER_AND_DISPATCH pgs=9 cs=1 l=0). rx client.12641942 seq 67 0x7f4a652ad180 client_session(request_renewcaps seq 66) v1 -673>
2020-06-01 13:49:09.348379 7f4a4fead700 1 -- 100.97.140.48:6821/2734156667 <== client.12641942 10.220.189.38:0/3011368656 67 ==== client_session(request_renewcaps seq 66) v1 ==== 28+0+0 (4018786001 0 0) 0x7f4a652ad180 con 0x7f4a60f25000 -672>
2020-06-01 13:49:09.348402 7f4a4fead700 3 mds.4.server handle_client_session client_session(request_renewcaps seq 66) v1 from client.12641942 -671>
2020-06-01 13:49:09.348411 7f4a4fead700 1 -- 100.97.140.48:6821/2734156667 --> 10.220.189.38:0/3011368656 -- client_session(renewcaps seq 66) v2 -- 0x7f4a672a8480 con 0 -670>
2020-06-01 13:49:09.441804 7f4a52e28700 5 -- 100.97.140.48:6821/2734156667 >> 10.220.189.28:0/3409478430 conn(0x7f4a6163e000 :6821 s=STATE_OPEN_MESSAGE_READ_FOOTER_AND_DISPATCH pgs=582 cs=1 l=0). rx client.12420827 seq 12624 0x7f4a672a8480 client_session(request_renewcaps seq 24609) v1 -669>
2020-06-01 13:49:09.441834 7f4a4fead700 1 -- 100.97.140.48:6821/2734156667 <== client.12420827 10.220.189.28:0/3409478430 12624 ==== client_session(request_renewcaps seq 24609) v1 ==== 28+0+0 (2836037816 0 0) 0x7f4a672a8480 con 0x7f4a6163e000 -668>
2020-06-01 13:49:09.441856 7f4a4fead700 3 mds.4.server handle_client_session client_session(request_renewcaps seq 24609) v1 from client.12420827 -667>
2020-06-01 13:49:09.441863 7f4a4fead700 1 -- 100.97.140.48:6821/2734156667 --> 10.220.189.28:0/3409478430 -- client_session(renewcaps seq 24609) v2 -- 0x7f4a652ad180 con 0 -666>
2020-06-01 13:49:09.527566 7f4a52627700 5 -- 100.97.140.48:6821/2734156667 >> 10.220.189.52:0/2138431180 conn(0x7f4a60da8000 :6821 s=STATE_OPEN_MESSAGE_READ_FOOTER_AND_DISPATCH pgs=222745 cs=1 l=0). rx client.11994443 seq 12624 0x7f4a672a8240 client_session(request_renewcaps seq 73080) v1 -665>
2020-06-01 13:49:09.527612 7f4a4fead700 1 -- 100.97.140.48:6821/2734156667 <== client.11994443 10.220.189.52:0/2138431180 12624 ==== client_session(request_renewcaps seq 73080) v1 ==== 28+0+0 (3401322268 0 0) 0x7f4a672a8240 con 0x7f4a60da8000 -664>
2020-06-01 13:49:09.527636 7f4a4fead700 3 mds.4.server handle_client_session client_session(request_renewcaps seq 73080) v1 from client.11994443 -663>
2020-06-01 13:49:09.527645 7f4a4fead700 1 -- 100.97.140.48:6821/2734156667 --> 10.220.189.52:0/2138431180 -- client_session(renewcaps seq 73080) v2 -- 0x7f4a672a8480 con 0 -662>
2020-06-01 13:49:09.754162 7f4a52e28700 5 -- 100.97.140.48:6821/2734156667 >> 10.220.189.38:0/3072558154 conn(0x7f4a60e25000 :6821 s=STATE_OPEN_MESSAGE_READ_FOOTER_AND_DISPATCH pgs=9 cs=1 l=0). rx client.12650220 seq 67 0x7f4a652ad180 client_session(request_renewcaps seq 66) v1 -661>
2020-06-01 13:49:09.754210 7f4a4fead700 1 -- 100.97.140.48:6821/2734156667 <== client.12650220 10.220.189.38:0/3072558154 67 ==== client_session(request_renewcaps seq 66) v1 ==== 28+0+0 (4018786001 0 0) 0x7f4a652ad180 con 0x7f4a60e25000 -660>
2020-06-01 13:49:09.754235 7f4a4fead700 3 mds.4.server handle_client_session client_session(request_renewcaps seq 66) v1 from client.12650220 -659>
2020-06-01 13:49:09.754244 7f4a4fead700 1 -- 100.97.140.48:6821/2734156667 --> 10.220.189.38:0/3072558154 -- client_session(renewcaps seq 66) v2 -- 0x7f4a672a8240 con 0 -658>
2020-06-01 13:49:09.841839 7f4a51e26700 5 -- 100.97.140.48:6821/2734156667 >> 10.220.189.42:0/3445632698 conn(0x7f4a616d3800 :6821 s=STATE_OPEN_MESSAGE_READ_FOOTER_AND_DISPATCH pgs=20380 cs=1 l=0). rx client.12458502 seq 12624 0x7f4a672a8b40 client_session(request_renewcaps seq 20693) v1 -657>
2020-06-01 13:49:09.841869 7f4a4fead700 1 -- 100.97.140.48:6821/2734156667 <== client.12458502 10.220.189.42:0/3445632698 12624 ==== client_session(request_renewcaps seq 20693) v1 ==== 28+0+0 (716168437 0 0) 0x7f4a672a8b40 con 0x7f4a616d3800 -656>
2020-06-01 13:49:09.841887 7f4a4fead700 3 mds.4.server handle_client_session client_session(request_renewcaps seq 20693) v1 from client.12458502 -655>
2020-06-01 13:49:09.841892 7f4a4fead700 1 -- 100.97.140.48:6821/2734156667 --> 10.220.189.42:0/3445632698 -- client_session(renewcaps seq 20693) v2 -- 0x7f4a652ad180 con 0 -654>
2020-06-01 13:49:09.966606 7f4a52e28700 5 -- 100.97.140.48:6821/2734156667 >> 10.220.189.44:0/2191475462 conn(0x7f4a60ce9800 :6821 s=STATE_OPEN_MESSAGE_READ_FOOTER_AND_DISPATCH pgs=648303 cs=1 l=0). rx client.10864980 seq 12624 0x7f4a672a8240 client_session(request_renewcaps seq 201450) v1 -653>
2020-06-01 13:49:09.966634 7f4a4fead700 1 -- 100.97.140.48:6821/2734156667 <== client.10864980 10.220.189.44:0/2191475462 12624 ==== client_session(request_renewcaps seq 201450) v1 ==== 28+0+0 (1356489076 0 0) 0x7f4a672a8240 con 0x7f4a60ce9800 -652>
2020-06-01 13:49:09.966653 7f4a4fead700 3 mds.4.server handle_client_session client_session(request_renewcaps seq 201450) v1 from client.10864980 -651>
2020-06-01 13:49:09.966659 7f4a4fead700 1 -- 100.97.140.48:6821/2734156667 --> 10.220.189.44:0/2191475462 -- client_session(renewcaps seq 201450) v2 -- 0x7f4a672a8b40 con 0 -650>
2020-06-01 13:49:09.989701 7f4a51e26700 5 -- 100.97.140.48:6821/2734156667 >> 10.220.189.18:0/32452983 conn(0x7f4a60e59800 :6821 s=STATE_OPEN_MESSAGE_READ_FOOTER_AND_DISPATCH pgs=169 cs=1 l=0). rx client.12488331 seq 12624 0x7f4a652ad180 client_session(request_renewcaps seq 17257) v1 -649>
2020-06-01 13:49:09.989729 7f4a4fead700 1 -- 100.97.140.48:6821/2734156667 <== client.12488331 10.220.189.18:0/32452983 12624 ==== client_session(request_renewcaps seq 17257) v1 ==== 28+0+0 (1667060501 0 0) 0x7f4a652ad180 con 0x7f4a60e59800 -648>
2020-06-01 13:49:09.989746 7f4a4fead700 3 mds.4.server handle_client_session client_session(request_renewcaps seq 17257) v1 from client.12488331 -647>
2020-06-01 13:49:09.989752 7f4a4fead700 1 -- 100.97.140.48:6821/2734156667 --> 10.220.189.18:0/32452983 -- client_session(renewcaps seq 17257) v2 -- 0x7f4a672a8240 con 0 -646>
2020-06-01 13:49:10.097610 7f4a4d6a8700 2 mds.4.cache check_memory_usage total 509144, rss 128824, heap 16888, baseline 16888, buffers 0, 0 / 39 inodes have caps, 0 caps, 0 caps per inode -645>
2020-06-01 13:49:10.145397 7f4a52e28700 5 -- 100.97.140.48:6821/2734156667 >> 10.220.189.38:0/1995212458 conn(0x7f4a60e23800 :6821 s=STATE_OPEN_MESSAGE_READ_FOOTER_AND_DISPATCH pgs=9 cs=1 l=0). rx client.12641947 seq 67 0x7f4a672a8b40 client_session(request_renewcaps seq 66) v1 -644>
2020-06-01 13:49:10.145437 7f4a4fead700 1 -- 100.97.140.48:6821/2734156667 <== client.12641947 10.220.189.38:0/1995212458 67 ==== client_session(request_renewcaps seq 66) v1 ==== 28+0+0 (4018786001 0 0) 0x7f4a672a8b40 con 0x7f4a60e23800 -643>
2020-06-01 13:49:10.145460 7f4a4fead700 3 mds.4.server handle_client_session client_session(request_renewcaps seq 66) v1 from client.12641947 -642>
2020-06-01 13:49:10.145468 7f4a4fead700 1 -- 100.97.140.48:6821/2734156667 --> 10.220.189.38:0/1995212458 -- client_session(renewcaps seq 66) v2 -- 0x7f4a652ad180 con 0 -641>
2020-06-01 13:49:10.243087 7f4a51e26700 5 -- 100.97.140.48:6821/2734156667 >> 10.220.189.27:0/403993526 conn(0x7f4a60e74800 :6821 s=STATE_OPEN_MESSAGE_READ_FOOTER_AND_DISPATCH pgs=9 cs=1 l=0). rx client.12532372 seq 12442 0x7f4a672a8240 client_session(request_renewcaps seq 12441) v1 -640>
2020-06-01 13:49:10.243120 7f4a4fead700 1 -- 100.97.140.48:6821/2734156667 <== client.12532372 10.220.189.27:0/403993526 12442 ==== client_session(request_renewcaps seq 12441) v1 ==== 28+0+0 (2339275623 0 0) 0x7f4a672a8240 con 0x7f4a60e74800 -639>
2020-06-01 13:49:10.243141 7f4a4fead700 3 mds.4.server handle_client_session client_session(request_renewcaps seq 12441) v1 from client.12532372 -638>
2020-06-01 13:49:10.243148 7f4a4fead700 1 -- 100.97.140.48:6821/2734156667 --> 10.220.189.27:0/403993526 -- client_session(renewcaps seq 12441) v2 -- 0x7f4a672a8b40 con 0 -637>
2020-06-01 13:49:10.279699 7f4a52e28700 5 -- 100.97.140.48:6821/2734156667 >> 10.220.189.27:0/2025515446 conn(0x7f4a60c66800 :6821 s=STATE_OPEN_MESSAGE_READ_FOOTER_AND_DISPATCH pgs=8 cs=1 l=0). rx client.12532806 seq 12442 0x7f4a652ad180 client_session(request_renewcaps seq 12441) v1 -636>
2020-06-01 13:49:10.279725 7f4a4fead700 1 -- 100.97.140.48:6821/2734156667 <== client.12532806 10.220.189.27:0/2025515446 12442 ==== client_session(request_renewcaps seq 12441) v1 ==== 28+0+0 (2339275623 0 0) 0x7f4a652ad180 con 0x7f4a60c66800 -635>
2020-06-01 13:49:10.279743 7f4a4fead700 3 mds.4.server handle_client_session client_session(request_renewcaps seq 12441) v1 from client.12532806 -634>
2020-06-01 13:49:10.279749 7f4a4fead700 1 -- 100.97.140.48:6821/2734156667 --> 10.220.189.27:0/2025515446 -- client_session(renewcaps seq 12441) v2 -- 0x7f4a672a8240 con 0 -633>
2020-06-01 13:49:10.301154 7f4a52e28700 5 -- 100.97.140.48:6821/2734156667 >> 10.220.189.49:0/3408371812 conn(0x7f4a61694000 :6821 s=STATE_OPEN_MESSAGE_READ_FOOTER_AND_DISPATCH pgs=222742 cs=1 l=0). rx client.12005754 seq 12624 0x7f4a672a8240 client_session(request_renewcaps seq 73067) v1 -632>
2020-06-01 13:49:10.301183 7f4a4fead700 1 -- 100.97.140.48:6821/2734156667 <== client.12005754 10.220.189.49:0/3408371812 12624 ==== client_session(request_renewcaps seq 73067) v1 ==== 28+0+0 (2217425412 0 0) 0x7f4a672a8240 con 0x7f4a61694000 -631>
2020-06-01 13:49:10.301200 7f4a4fead700 3 mds.4.server handle_client_session client_session(request_renewcaps seq 73067) v1 from client.12005754 -630>
2020-06-01 13:49:10.301206 7f4a4fead700 1 -- 100.97.140.48:6821/2734156667 --> 10.220.189.49:0/3408371812 -- client_session(renewcaps seq 73067) v2 -- 0x7f4a652ad180 con 0 -629>
2020-06-01 13:49:10.341933 7f4a4dea9700 1 -- 100.97.140.48:6821/2734156667 --> 100.97.140.48:6820/2345 -- mgrreport(unknown.TX-97-140-48 +0-0 packed 214) v5 -- 0x7f4a60ebe580 con 0 -628>
2020-06-01 13:49:10.347047 7f4a4cea7700 10 monclient: _send_mon_message to mon.TX-97-140-59 at 100.97.140.59:6789/0 -627>
2020-06-01 13:49:10.347061 7f4a4cea7700 1 -- 100.97.140.48:6821/2734156667 --> 100.97.140.59:6789/0 -- mdsbeacon(12541229/TX-97-140-48 up:active seq 63117 v415) v7 -- 0x7f4a67302d80 con 0 -626>
2020-06-01 13:49:10.348001 7f4a52627700 5 -- 100.97.140.48:6821/2734156667 >> 100.97.140.59:6789/0 conn(0x7f4a60a43000 :-1 s=STATE_OPEN_MESSAGE_READ_FOOTER_AND_DISPATCH pgs=2504874 cs=1 l=1). rx mon.4 seq 63318 0x7f4a67302d80 mdsbeacon(12541229/TX-97-140-48 up:active seq 63117 v415) v7 -625>
2020-06-01 13:49:10.348027 7f4a4fead700 1 -- 100.97.140.48:6821/2734156667 <== mon.4 100.97.140.59:6789/0 63318 ==== mdsbeacon(12541229/TX-97-140-48 up:active seq 63117 v415) v7 ==== 137+0+0 (544585297 0 0) 0x7f4a67302d80 con 0x7f4a60a43000 -624>
2020-06-01 13:49:10.411821 7f4a51e26700 5 -- 100.97.140.48:6821/2734156667 >> 10.220.189.56:0/655183920 conn(0x7f4a60dbe800 :6821 s=STATE_OPEN_MESSAGE_READ_FOOTER_AND_DISPATCH pgs=170 cs=1 l=0). rx client.12496225 seq 12624 0x7f4a672a8b40 client_session(request_renewcaps seq 17257) v1 -623>
2020-06-01 13:49:10.411848 7f4a4fead700 1 -- 100.97.140.48:6821/2734156667 <== client.12496225 10.220.189.56:0/655183920 12624 ==== client_session(request_renewcaps seq 17257) v1 ==== 28+0+0 (1667060501 0 0) 0x7f4a672a8b40 con 0x7f4a60dbe800 -622>
2020-06-01 13:49:10.411866 7f4a4fead700 3 mds.4.server handle_client_session client_session(request_renewcaps seq 17257) v1 from client.12496225 -621>
2020-06-01 13:49:10.411873 7f4a4fead700 1 -- 100.97.140.48:6821/2734156667 --> 10.220.189.56:0/655183920 -- client_session(renewcaps seq 17257) v2 -- 0x7f4a672a8240 con 0 -620>
2020-06-01 13:49:10.469284 7f4a51e26700 5 -- 100.97.140.48:6821/2734156667 >> 10.221.36.203:0/794674780 conn(0x7f4a60eae800 :6821 s=STATE_OPEN_MESSAGE_READ_FOOTER_AND_DISPATCH pgs=3517688 cs=1 l=0). rx client.3883471 seq 12624 0x7f4a672a8240 client_session(request_renewcaps seq 1014671) v1 -619>
2020-06-01 13:49:10.469310 7f4a4fead700 1 -- 100.97.140.48:6821/2734156667 <== client.3883471 10.221.36.203:0/794674780 12624 ==== client_session(request_renewcaps seq 1014671) v1 ==== 28+0+0 (3464070562 0 0) 0x7f4a672a8240 con 0x7f4a60eae800 -618>
2020-06-01 13:49:10.469326 7f4a4fead700 3 mds.4.server handle_client_session client_session(request_renewcaps seq 1014671) v1 from client.3883471 -617>
2020-06-01 13:49:10.469332 7f4a4fead700 1 -- 100.97.140.48:6821/2734156667 --> 10.221.36.203:0/794674780 -- client_session(renewcaps seq 1014671) v2 -- 0x7f4a672a8b40 con 0 -616>
2020-06-01 13:49:10.611248 7f4a51e26700 5 -- 100.97.140.48:6821/2734156667 >> 10.240.219.146:0/589250504 conn(0x7f4a615cc800 :6821 s=STATE_OPEN_MESSAGE_READ_FOOTER_AND_DISPATCH pgs=3009661 cs=1 l=0). rx client.4630841 seq 12624 0x7f4a672a8b40 client_session(request_renewcaps seq 860271) v1 -615>
2020-06-01 13:49:10.611294 7f4a4fead700 1 -- 100.97.140.48:6821/2734156667 <== client.4630841 10.240.219.146:0/589250504 12624 ==== client_session(request_renewcaps seq 860271) v1 ==== 28+0+0 (840241342 0 0) 0x7f4a672a8b40 con 0x7f4a615cc800 -614>
2020-06-01 13:49:10.611320 7f4a4fead700 3 mds.4.server handle_client_session client_session(request_renewcaps seq 860271) v1 from client.4630841 -613>
2020-06-01 13:49:10.611329 7f4a4fead700 1 -- 100.97.140.48:6821/2734156667 --> 10.240.219.146:0/589250504 -- client_session(renewcaps seq 860271) v2 -- 0x7f4a672a8240 con 0 -612>
2020-06-01 13:49:10.865779 7f4a51e26700 5 -- 100.97.140.48:6821/2734156667 >> 10.220.189.15:0/431168319 conn(0x7f4a60c2b000 :6821 s=STATE_OPEN_MESSAGE_READ_FOOTER_AND_DISPATCH pgs=31 cs=1 l=0). rx client.9013872 seq 12624 0x7f4a672a8240 client_session(request_renewcaps seq 410777) v1 -611>
2020-06-01 13:49:10.865828 7f4a4fead700 1 -- 100.97.140.48:6821/2734156667 <== client.9013872 10.220.189.15:0/431168319 12624 ==== client_session(request_renewcaps seq 410777) v1 ==== 28+0+0 (1318492779 0 0) 0x7f4a672a8240 con 0x7f4a60c2b000 -610>
2020-06-01 13:49:10.865854 7f4a4fead700 3 mds.4.server handle_client_session client_session(request_renewcaps seq 410777) v1 from client.9013872 -609>
2020-06-01 13:49:10.865863 7f4a4fead700 1 -- 100.97.140.48:6821/2734156667 --> 10.220.189.15:0/431168319 -- client_session(renewcaps seq 410777) v2 -- 0x7f4a672a8b40 con 0 -608>
2020-06-01 13:49:10.888860 7f4a52627700 5 -- 100.97.140.48:6821/2734156667 >> 10.220.199.8:0/295837554 conn(0x7f4a615fb000 :6821 s=STATE_OPEN_MESSAGE_READ_FOOTER_AND_DISPATCH pgs=6 cs=1 l=0). rx client.12050814 seq 15254 0x7f4a672a8480 client_session(request_renewcaps seq 82153) -607>
2020-06-01 13:49:10.888891 7f4a4fead700 1 -- 100.97.140.48:6821/2734156667 <== client.12050814 10.220.199.8:0/295837554 15254 ==== client_session(request_renewcaps seq 82153) ==== 28+0+0 (2614449653 0 0) 0x7f4a672a8480 con 0x7f4a615fb000 -606>
2020-06-01 13:49:10.888922 7f4a4fead700 3 mds.4.server handle_client_session client_session(request_renewcaps seq 82153) from client.12050814 -605>
2020-06-01 13:49:10.888930 7f4a4fead700 1 -- 100.97.140.48:6821/2734156667 --> 10.220.199.8:0/295837554 -- client_session(renewcaps seq 82153) v2 -- 0x7f4a672a8240 con 0 -604>
