2020-06-01 13:48:13.173930 7f4a52e28700 5 -- 100.97.140.48:6821/2734156667 >> 10.220.189.38:0/3794051847 conn(0x7f4a616d6800 :6821 s=STATE_OPEN_MESSAGE_READ_FOOTER_AND_DISPATCH pgs=162186 cs=1 l=0). rx client.12138776 seq 12621 0x7f4a672a2640 client_session(request_renewcaps seq 56550) v1 -3145>
2020-06-01 13:48:13.173967 7f4a4fead700 1 -- 100.97.140.48:6821/2734156667 <== client.12138776 10.220.189.38:0/3794051847 12621 ==== client_session(request_renewcaps seq 56550) v1 ==== 28+0+0 (914410610 0 0) 0x7f4a672a2640 con 0x7f4a616d6800 -3144>
2020-06-01 13:48:13.173991 7f4a4fead700 3 mds.4.server handle_client_session client_session(request_renewcaps seq 56550) v1 from client.12138776 -3143>
2020-06-01 13:48:13.173998 7f4a4fead700 1 -- 100.97.140.48:6821/2734156667 --> 10.220.189.38:0/3794051847 -- client_session(renewcaps seq 56550) v2 -- 0x7f4a652ad180 con 0 -3142>
2020-06-01 13:48:13.267631 7f4a52e28700 5 -- 100.97.140.48:6821/2734156667 >> 10.220.189.33:0/733033996 conn(0x7f4a615bb800 :6821 s=STATE_OPEN_MESSAGE_READ_FOOTER_AND_DISPATCH pgs=22 cs=1 l=0). rx client.12468440 seq 12621 0x7f4a652ad180 client_session(request_renewcaps seq 20442) v1 -3141>
2020-06-01 13:48:13.267659 7f4a4fead700 1 -- 100.97.140.48:6821/2734156667 <== client.12468440 10.220.189.33:0/733033996 12621 ==== client_session(request_renewcaps seq 20442) v1 ==== 28+0+0 (1804684500 0 0) 0x7f4a652ad180 con 0x7f4a615bb800 -3140>
2020-06-01 13:48:13.267677 7f4a4fead700 3 mds.4.server handle_client_session client_session(request_renewcaps seq 20442) v1 from client.12468440 -3139>
2020-06-01 13:48:13.267684 7f4a4fead700 1 -- 100.97.140.48:6821/2734156667 --> 10.220.189.33:0/733033996 -- client_session(renewcaps seq 20442) v2 -- 0x7f4a672a2640 con 0 -3138>
2020-06-01 13:48:13.276014 7f4a51e26700 5 -- 100.97.140.48:6821/2734156667 >> 100.97.140.32:6820/1879232263 conn(0x7f4a60cec800 :6821 s=STATE_OPEN_MESSAGE_READ_FOOTER_AND_DISPATCH pgs=3423089 cs=1 l=0). rx mds.0 seq 320988 0x7f4a628c9fe0 gather_caps(0x10002a2cf74) v1 -3137>
2020-06-01 13:48:13.276040 7f4a4fead700 1 -- 100.97.140.48:6821/2734156667 <== mds.0 100.97.140.32:6820/1879232263 320988 ==== gather_caps(0x10002a2cf74) v1 ==== 8+0+0 (4184419736 0 0) 0x7f4a628c9fe0 con 0x7f4a60cec800 -3136>
2020-06-01 13:48:13.299326 7f4a52627700 5 -- 100.97.140.48:6821/2734156667 >> 10.220.189.33:0/4095676917 conn(0x7f4a60e37000 :6821 s=STATE_OPEN_MESSAGE_READ_FOOTER_AND_DISPATCH pgs=22 cs=1 l=0). rx client.12470494 seq 12621 0x7f4a672a2400 client_session(request_renewcaps seq 20442) v1 -3135>
2020-06-01 13:48:13.299357 7f4a4fead700 1 -- 100.97.140.48:6821/2734156667 <== client.12470494 10.220.189.33:0/4095676917 12621 ==== client_session(request_renewcaps seq 20442) v1 ==== 28+0+0 (1804684500 0 0) 0x7f4a672a2400 con 0x7f4a60e37000 -3134>
2020-06-01 13:48:13.299377 7f4a4fead700 3 mds.4.server handle_client_session client_session(request_renewcaps seq 20442) v1 from client.12470494 -3133>
2020-06-01 13:48:13.299383 7f4a4fead700 1 -- 100.97.140.48:6821/2734156667 --> 10.220.189.33:0/4095676917 -- client_session(renewcaps seq 20442) v2 -- 0x7f4a652ad180 con 0 -3132>
2020-06-01 13:48:13.474956 7f4a52627700 5 -- 100.97.140.48:6821/2734156667 >> 10.220.189.43:0/3917229239 conn(0x7f4a60cb2800 :6821 s=STATE_OPEN_MESSAGE_READ_FOOTER_AND_DISPATCH pgs=13601 cs=1 l=0). rx client.6377568 seq 12621 0x7f4a652ad180 client_session(request_renewcaps seq 647723) v1 -3131>
2020-06-01 13:48:13.475001 7f4a4fead700 1 -- 100.97.140.48:6821/2734156667 <== client.6377568 10.220.189.43:0/3917229239 12621 ==== client_session(request_renewcaps seq 647723) v1 ==== 28+0+0 (1788193740 0 0) 0x7f4a652ad180 con 0x7f4a60cb2800 -3130>
2020-06-01 13:48:13.475025 7f4a4fead700 3 mds.4.server handle_client_session client_session(request_renewcaps seq 647723) v1 from client.6377568 -3129>
2020-06-01 13:48:13.475034 7f4a4fead700 1 -- 100.97.140.48:6821/2734156667 --> 10.220.189.43:0/3917229239 -- client_session(renewcaps seq 647723) v2 -- 0x7f4a672a2400 con 0 -3128>
2020-06-01 13:48:13.542957 7f4a52e28700 5 -- 100.97.140.48:6821/2734156667 >> 10.220.189.43:0/3717029869 conn(0x7f4a65350800 :6821 s=STATE_OPEN_MESSAGE_READ_FOOTER_AND_DISPATCH pgs=9 cs=1 l=0). rx client.12638456 seq 593 0x7f4a672a2640 client_session(request_renewcaps seq 592) v1 -3127>
2020-06-01 13:48:13.542984 7f4a4fead700 1 -- 100.97.140.48:6821/2734156667 <== client.12638456 10.220.189.43:0/3717029869 593 ==== client_session(request_renewcaps seq 592) v1 ==== 28+0+0 (4042709303 0 0) 0x7f4a672a2640 con 0x7f4a65350800 -3126>
2020-06-01 13:48:13.543002 7f4a4fead700 3 mds.4.server handle_client_session client_session(request_renewcaps seq 592) v1 from client.12638456 -3125>
2020-06-01 13:48:13.543010 7f4a4fead700 1 -- 100.97.140.48:6821/2734156667 --> 10.220.189.43:0/3717029869 -- client_session(renewcaps seq 592) v2 -- 0x7f4a652ad180 con 0 -3124>
2020-06-01 13:48:13.543180 7f4a52627700 5 -- 100.97.140.48:6821/2734156667 >> 10.220.189.40:0/2937386682 conn(0x7f4a60e47800 :6821 s=STATE_OPEN_MESSAGE_READ_FOOTER_AND_DISPATCH pgs=127 cs=1 l=0). rx client.12489468 seq 12621 0x7f4a672a2400 client_session(request_renewcaps seq 17191) v1 -3123>
2020-06-01 13:48:13.543206 7f4a4fead700 1 -- 100.97.140.48:6821/2734156667 <== client.12489468 10.220.189.40:0/2937386682 12621 ==== client_session(request_renewcaps seq 17191) v1 ==== 28+0+0 (765330025 0 0) 0x7f4a672a2400 con 0x7f4a60e47800 -3122>
2020-06-01 13:48:13.543218 7f4a4fead700 3 mds.4.server handle_client_session client_session(request_renewcaps seq 17191) v1 from client.12489468 -3121>
2020-06-01 13:48:13.543223 7f4a4fead700 1 -- 100.97.140.48:6821/2734156667 --> 10.220.189.40:0/2937386682 -- client_session(renewcaps seq 17191) v2 -- 0x7f4a672a2640 con 0 -3120>
2020-06-01 13:48:13.584374 7f4a52e28700 5 -- 100.97.140.48:6821/2734156667 >> 10.220.189.34:0/3970794472 conn(0x7f4a60cd7800 :6821 s=STATE_OPEN_MESSAGE_READ_FOOTER_AND_DISPATCH pgs=142093 cs=1 l=0). rx client.11730130 seq 12621 0x7f4a652ad180 client_session(request_renewcaps seq 103474) v1 -3119>
2020-06-01 13:48:13.584410 7f4a4fead700 1 -- 100.97.140.48:6821/2734156667 <== client.11730130 10.220.189.34:0/3970794472 12621 ==== client_session(request_renewcaps seq 103474) v1 ==== 28+0+0 (2649400331 0 0) 0x7f4a652ad180 con 0x7f4a60cd7800 -3118>
2020-06-01 13:48:13.584432 7f4a4fead700 3 mds.4.server handle_client_session client_session(request_renewcaps seq 103474) v1 from client.11730130 -3117>
2020-06-01 13:48:13.584439 7f4a4fead700 1 -- 100.97.140.48:6821/2734156667 --> 10.220.189.34:0/3970794472 -- client_session(renewcaps seq 103474) v2 -- 0x7f4a672a2400 con 0 -3116>
2020-06-01 13:48:13.652373 7f4a52627700 5 -- 100.97.140.48:6821/2734156667 >> 10.220.189.18:0/2820150793 conn(0x7f4a61698800 :6821 s=STATE_OPEN_MESSAGE_READ_FOOTER_AND_DISPATCH pgs=29424 cs=1 l=0). rx client.12455832 seq 12624 0x7f4a672a2640 client_session(request_renewcaps seq 21000) v1 -3115>
2020-06-01 13:48:13.652412 7f4a4fead700 1 -- 100.97.140.48:6821/2734156667 <== client.12455832 10.220.189.18:0/2820150793 12624 ==== client_session(request_renewcaps seq 21000) v1 ==== 28+0+0 (4222984445 0 0) 0x7f4a672a2640 con 0x7f4a61698800 -3114>
2020-06-01 13:48:13.652435 7f4a4fead700 3 mds.4.server handle_client_session client_session(request_renewcaps seq 21000) v1 from client.12455832 -3113>
2020-06-01 13:48:13.652443 7f4a4fead700 1 -- 100.97.140.48:6821/2734156667 --> 10.220.189.18:0/2820150793 -- client_session(renewcaps seq 21000) v2 -- 0x7f4a652ad180 con 0 -3112>
2020-06-01 13:48:13.729615 7f4a52e28700 5 -- 100.97.140.48:6821/2734156667 >> 10.221.20.205:0/2027507166 conn(0x7f4a60eab800 :6821 s=STATE_OPEN_MESSAGE_READ_FOOTER_AND_DISPATCH pgs=17528 cs=1 l=0). rx client.4947526 seq 12621 0x7f4a672a2400 client_session(request_renewcaps seq 811307) v1 -3111>
2020-06-01 13:48:13.729659 7f4a4fead700 1 -- 100.97.140.48:6821/2734156667 <== client.4947526 10.221.20.205:0/2027507166 12621 ==== client_session(request_renewcaps seq 811307) v1 ==== 28+0+0 (4081413707 0 0) 0x7f4a672a2400 con 0x7f4a60eab800 -3110>
2020-06-01 13:48:13.729683 7f4a4fead700 3 mds.4.server handle_client_session client_session(request_renewcaps seq 811307) v1 from client.4947526 -3109>
2020-06-01 13:48:13.729691 7f4a4fead700 1 -- 100.97.140.48:6821/2734156667 --> 10.221.20.205:0/2027507166 -- client_session(renewcaps seq 811307) v2 -- 0x7f4a672a2640 con 0 -3108>
2020-06-01 13:48:13.743135 7f4a52e28700 5 -- 100.97.140.48:6821/2734156667 >> 10.220.189.34:0/28811655 conn(0x7f4a61415000 :6821 s=STATE_OPEN_MESSAGE_READ_FOOTER_AND_DISPATCH pgs=111749 cs=1 l=0). rx client.11733499 seq 12621 0x7f4a672a2640 client_session(request_renewcaps seq 103487) v1 -3107>
2020-06-01 13:48:13.743162 7f4a4fead700 1 -- 100.97.140.48:6821/2734156667 <== client.11733499 10.220.189.34:0/28811655 12621 ==== client_session(request_renewcaps seq 103487) v1 ==== 28+0+0 (90257434 0 0) 0x7f4a672a2640 con 0x7f4a61415000 -3106>
2020-06-01 13:48:13.743179 7f4a4fead700 3 mds.4.server handle_client_session client_session(request_renewcaps seq 103487) v1 from client.11733499 -3105>
2020-06-01 13:48:13.743185 7f4a4fead700 1 -- 100.97.140.48:6821/2734156667 --> 10.220.189.34:0/28811655 -- client_session(renewcaps seq 103487) v2 -- 0x7f4a672a2400 con 0 -3104>
2020-06-01 13:48:13.773633 7f4a51e26700 5 -- 100.97.140.48:6821/2734156667 >> 10.220.189.42:0/103415202 conn(0x7f4a6140b000 :6821 s=STATE_OPEN_MESSAGE_READ_FOOTER_AND_DISPATCH pgs=37361 cs=1 l=0). rx client.9384631 seq 12621 0x7f4a672a8480 client_session(request_renewcaps seq 369032) v1 -3103>
2020-06-01 13:48:13.773663 7f4a4fead700 1 -- 100.97.140.48:6821/2734156667 <== client.9384631 10.220.189.42:0/103415202 12621 ==== client_session(request_renewcaps seq 369032) v1 ==== 28+0+0 (2185700146 0 0) 0x7f4a672a8480 con 0x7f4a6140b000 -3102>
2020-06-01 13:48:13.773682 7f4a4fead700 3 mds.4.server handle_client_session client_session(request_renewcaps seq 369032) v1 from client.9384631 -3101>
2020-06-01 13:48:13.773688 7f4a4fead700 1 -- 100.97.140.48:6821/2734156667 --> 10.220.189.42:0/103415202 -- client_session(renewcaps seq 369032) v2 -- 0x7f4a672a2640 con 0 -3100>
2020-06-01 13:48:13.786782 7f4a52627700 5 -- 100.97.140.48:6821/2734156667 >> 10.220.189.33:0/3383926769 conn(0x7f4a61624800 :6821 s=STATE_OPEN_MESSAGE_READ_FOOTER_AND_DISPATCH pgs=22 cs=1 l=0). rx client.12461008 seq 12621 0x7f4a652ad180 client_session(request_renewcaps seq 20442) v1 -3099>
2020-06-01 13:48:13.786810 7f4a4fead700 1 -- 100.97.140.48:6821/2734156667 <== client.12461008 10.220.189.33:0/3383926769 12621 ==== client_session(request_renewcaps seq 20442) v1 ==== 28+0+0 (1804684500 0 0) 0x7f4a652ad180 con 0x7f4a61624800 -3098>
2020-06-01 13:48:13.786828 7f4a4fead700 3 mds.4.server handle_client_session client_session(request_renewcaps seq 20442) v1 from client.12461008 -3097>
2020-06-01 13:48:13.786834 7f4a4fead700 1 -- 100.97.140.48:6821/2734156667 --> 10.220.189.33:0/3383926769 -- client_session(renewcaps seq 20442) v2 -- 0x7f4a672a8480 con 0 -3096>
2020-06-01 13:48:13.848691 7f4a52e28700 5 -- 100.97.140.48:6821/2734156667 >> 10.220.189.50:0/3574753305 conn(0x7f4a60d9a800 :6821 s=STATE_OPEN_MESSAGE_READ_FOOTER_AND_DISPATCH pgs=60290 cs=1 l=0). rx client.12373337 seq 12630 0x7f4a672a2400 client_session(request_renewcaps seq 30114) v1 -3095>
2020-06-01 13:48:13.848736 7f4a4fead700 1 -- 100.97.140.48:6821/2734156667 <== client.12373337 10.220.189.50:0/3574753305 12630 ==== client_session(request_renewcaps seq 30114) v1 ==== 28+0+0 (3138735289 0 0) 0x7f4a672a2400 con 0x7f4a60d9a800 -3094>
2020-06-01 13:48:13.848759 7f4a4fead700 3 mds.4.server handle_client_session client_session(request_renewcaps seq 30114) v1 from client.12373337 -3093>
2020-06-01 13:48:13.848767 7f4a4fead700 1 -- 100.97.140.48:6821/2734156667 --> 10.220.189.50:0/3574753305 -- client_session(renewcaps seq 30114) v2 -- 0x7f4a652ad180 con 0 -3092>
2020-06-01 13:48:13.881002 7f4a51e26700 5 -- 100.97.140.48:6821/2734156667 >> 10.220.189.50:0/771346637 conn(0x7f4a60d99000 :6821 s=STATE_OPEN_MESSAGE_READ_FOOTER_AND_DISPATCH pgs=28 cs=1 l=0). rx client.11036311 seq 12621 0x7f4a672a2640 client_session(request_renewcaps seq 181290) v1 -3091>
2020-06-01 13:48:13.881035 7f4a4fead700 1 -- 100.97.140.48:6821/2734156667 <== client.11036311 10.220.189.50:0/771346637 12621 ==== client_session(request_renewcaps seq 181290) v1 ==== 28+0+0 (1877152275 0 0) 0x7f4a672a2640 con 0x7f4a60d99000 -3090>
2020-06-01 13:48:13.881057 7f4a4fead700 3 mds.4.server handle_client_session client_session(request_renewcaps seq 181290) v1 from client.11036311 -3089>
2020-06-01 13:48:13.881065 7f4a4fead700 1 -- 100.97.140.48:6821/2734156667 --> 10.220.189.50:0/771346637 -- client_session(renewcaps seq 181290) v2 -- 0x7f4a672a2400 con 0 -3088>
2020-06-01 13:48:14.070582 7f4a51e26700 5 -- 100.97.140.48:6821/2734156667 >> 10.220.189.44:0/1371835329 conn(0x7f4a61564000 :6821 s=STATE_OPEN_MESSAGE_READ_FOOTER_AND_DISPATCH pgs=113403 cs=1 l=0). rx client.10616278 seq 12621 0x7f4a672a2400 client_session(request_renewcaps seq 229223) v1 -3087>
2020-06-01 13:48:14.070614 7f4a4fead700 1 -- 100.97.140.48:6821/2734156667 <== client.10616278 10.220.189.44:0/1371835329 12621 ==== client_session(request_renewcaps seq 229223) v1 ==== 28+0+0 (1796383872 0 0) 0x7f4a672a2400 con 0x7f4a61564000 -3086>
2020-06-01 13:48:14.070637 7f4a4fead700 3 mds.4.server handle_client_session client_session(request_renewcaps seq 229223) v1 from client.10616278 -3085>
2020-06-01 13:48:14.070644 7f4a4fead700 1 -- 100.97.140.48:6821/2734156667 --> 10.220.189.44:0/1371835329 -- client_session(renewcaps seq 229223) v2 -- 0x7f4a672a2640 con 0 -3084>
2020-06-01 13:48:14.345945 7f4a4cea7700 10 monclient: _send_mon_message to mon.TX-97-140-59 at 100.97.140.59:6789/0 -3083>
2020-06-01 13:48:14.345970 7f4a4cea7700 1 -- 100.97.140.48:6821/2734156667 --> 100.97.140.59:6789/0 -- mdsbeacon(12541229/TX-97-140-48 up:active seq 63103 v415) v7 -- 0x7f4a67300000 con 0 -3082>
2020-06-01 13:48:14.346986 7f4a52627700 5 -- 100.97.140.48:6821/2734156667 >> 100.97.140.59:6789/0 conn(0x7f4a60a43000 :-1 s=STATE_OPEN_MESSAGE_READ_FOOTER_AND_DISPATCH pgs=2504874 cs=1 l=1). rx mon.4 seq 63304 0x7f4a67300000 mdsbeacon(12541229/TX-97-140-48 up:active seq 63103 v415) v7 -3081>
2020-06-01 13:48:14.347022 7f4a4fead700 1 -- 100.97.140.48:6821/2734156667 <== mon.4 100.97.140.59:6789/0 63304 ==== mdsbeacon(12541229/TX-97-140-48 up:active seq 63103 v415) v7 ==== 137+0+0 (622449448 0 0) 0x7f4a67300000 con 0x7f4a60a43000 -3080>
2020-06-01 13:48:14.441864 7f4a52627700 5 -- 100.97.140.48:6821/2734156667 >> 10.220.87.172:0/874770633 conn(0x7f4a60cda800 :6821 s=STATE_OPEN_MESSAGE_READ_FOOTER_AND_DISPATCH pgs=3081854 cs=1 l=0). rx client.3881278 seq 12621 0x7f4a672a8480 client_session(request_renewcaps seq 1014671) v1 -3079>
2020-06-01 13:48:14.441892 7f4a4fead700 1 -- 100.97.140.48:6821/2734156667 <== client.3881278 10.220.87.172:0/874770633 12621 ==== client_session(request_renewcaps seq 1014671) v1 ==== 28+0+0 (3464070562 0 0) 0x7f4a672a8480 con 0x7f4a60cda800 -3078>
2020-06-01 13:48:14.441913 7f4a4fead700 3 mds.4.server handle_client_session client_session(request_renewcaps seq 1014671) v1 from client.3881278 -3077>
2020-06-01 13:48:14.441921 7f4a4fead700 1 -- 100.97.140.48:6821/2734156667 --> 10.220.87.172:0/874770633 -- client_session(renewcaps seq 1014671) v2 -- 0x7f4a672a2400 con 0 -3076>
2020-06-01 13:48:14.892252 7f4a51e26700 5 -- 100.97.140.48:6821/2734156667 >> 10.220.87.174:0/2214825075 conn(0x7f4a60c16000 :6821 s=STATE_OPEN_MESSAGE_READ_FOOTER_AND_DISPATCH pgs=71 cs=1 l=0). rx client.3891245 seq 12621 0x7f4a672a2640 client_session(request_renewcaps seq 1014676) v1 -3075>
2020-06-01 13:48:14.892299 7f4a4fead700 1 -- 100.97.140.48:6821/2734156667 <== client.3891245 10.220.87.174:0/2214825075 12621 ==== client_session(request_renewcaps seq 1014676) v1 ==== 28+0+0 (1087179263 0 0) 0x7f4a672a2640 con 0x7f4a60c16000 -3074>
2020-06-01 13:48:14.892324 7f4a4fead700 3 mds.4.server handle_client_session client_session(request_renewcaps seq 1014676) v1 from client.3891245 -3073>
2020-06-01 13:48:14.892333 7f4a4fead700 1 -- 100.97.140.48:6821/2734156667 --> 10.220.87.174:0/2214825075 -- client_session(renewcaps seq 1014676) v2 -- 0x7f4a672a8480 con 0 -3072>
2020-06-01 13:48:14.914075 7f4a52627700 5 -- 100.97.140.48:6821/2734156667 >> 172.25.166.241:0/784962940 conn(0x7f4a60e9c800 :6821 s=STATE_OPEN_MESSAGE_READ_FOOTER_AND_DISPATCH pgs=17524 cs=1 l=0). rx client.4947546 seq 12621 0x7f4a672a2400 client_session(request_renewcaps seq 811291) v1 -3071>
2020-06-01 13:48:14.914107 7f4a4fead700 1 -- 100.97.140.48:6821/2734156667 <== client.4947546 172.25.166.241:0/784962940 12621 ==== client_session(request_renewcaps seq 811291) v1 ==== 28+0+0 (2018776119 0 0) 0x7f4a672a2400 con 0x7f4a60e9c800 -3070>
2020-06-01 13:48:14.914126 7f4a4fead700 3 mds.4.server handle_client_session client_session(request_renewcaps seq 811291) v1 from client.4947546 -3069>
2020-06-01 13:48:14.914134 7f4a4fead700 1 -- 100.97.140.48:6821/2734156667 --> 172.25.166.241:0/784962940 -- client_session(renewcaps seq 811291) v2 -- 0x7f4a672a2640 con 0 -3068>
2020-06-01 13:48:14.970999 7f4a51e26700 5 -- 100.97.140.48:6821/2734156667 >> 10.220.189.36:0/244635839 conn(0x7f4a61671000 :6821 s=STATE_OPEN_MESSAGE_READ_FOOTER_AND_DISPATCH pgs=2555 cs=1 l=0). rx client.12458086 seq 12631 0x7f4a672a8480 client_session(request_renewcaps seq 20635) v1 -3067>
2020-06-01 13:48:14.971035 7f4a4fead700 1 -- 100.97.140.48:6821/2734156667 <== client.12458086 10.220.189.36:0/244635839 12631 ==== client_session(request_renewcaps seq 20635) v1 ==== 28+0+0 (1684835721 0 0) 0x7f4a672a8480 con 0x7f4a61671000 -3066>
2020-06-01 13:48:14.971056 7f4a4fead700 3 mds.4.server handle_client_session client_session(request_renewcaps seq 20635) v1 from client.12458086 -3065>
2020-06-01 13:48:14.971064 7f4a4fead700 1 -- 100.97.140.48:6821/2734156667 --> 10.220.189.36:0/244635839 -- client_session(renewcaps seq 20635) v2 -- 0x7f4a672a2400 con 0 -3064>
2020-06-01 13:48:14.971422 7f4a52627700 5 -- 100.97.140.48:6821/2734156667 >> 10.220.189.50:0/1206594167 conn(0x7f4a61412000 :6821 s=STATE_OPEN_MESSAGE_READ_FOOTER_AND_DISPATCH pgs=891086 cs=1 l=0). rx client.10319637 seq 12629 0x7f4a672a2640 client_session(request_renewcaps seq 262503) v1 -3063>
2020-06-01 13:48:14.971447 7f4a4fead700 1 -- 100.97.140.48:6821/2734156667 <== client.10319637 10.220.189.50:0/1206594167 12629 ==== client_session(request_renewcaps seq 262503) v1 ==== 28+0+0 (3119753627 0 0) 0x7f4a672a2640 con 0x7f4a61412000 -3062>
2020-06-01 13:48:14.971460 7f4a4fead700 3 mds.4.server handle_client_session client_session(request_renewcaps seq 262503) v1 from client.10319637 -3061>
2020-06-01 13:48:14.971465 7f4a4fead700 1 -- 100.97.140.48:6821/2734156667 --> 10.220.189.50:0/1206594167 -- client_session(renewcaps seq 262503) v2 -- 0x7f4a672a8480 con 0 -3060>
2020-06-01 13:48:15.082861 7f4a52627700 5 -- 100.97.140.48:6821/2734156667 >> 10.220.189.28:0/497003585 conn(0x7f4a6163f800 :6821 s=STATE_OPEN_MESSAGE_READ_FOOTER_AND_DISPATCH pgs=28 cs=1 l=0). rx client.12370856 seq 12621 0x7f4a672a8480 client_session(request_renewcaps seq 30345) v1 -3059>
2020-06-01 13:48:15.082887 7f4a4fead700 1 -- 100.97.140.48:6821/2734156667 <== client.12370856 10.220.189.28:0/497003585 12621 ==== client_session(request_renewcaps seq 30345) v1 ==== 28+0+0 (549759696 0 0) 0x7f4a672a8480 con 0x7f4a6163f800 -3058>
2020-06-01 13:48:15.082905 7f4a4fead700 3 mds.4.server handle_client_session client_session(request_renewcaps seq 30345) v1 from client.12370856 -3057>
2020-06-01 13:48:15.082912 7f4a4fead700 1 -- 100.97.140.48:6821/2734156667 --> 10.220.189.28:0/497003585 -- client_session(renewcaps seq 30345) v2 -- 0x7f4a672a2640 con 0 -3056>
2020-06-01 13:48:15.095917 7f4a4eeab700 10 monclient: tick -3055>
2020-06-01 13:48:15.095933 7f4a4eeab700 10 monclient: _check_auth_rotating have uptodate secrets (they expire after
2020-06-01 13:47:45.095930) -3054>
2020-06-01 13:48:15.096435 7f4a4d6a8700 2 mds.4.cache check_memory_usage total 509144, rss 128824, heap 16888, baseline 16888, buffers 0, 0 / 39 inodes have caps, 0 caps, 0 caps per inode -3053>
2020-06-01 13:48:15.108224 7f4a51e26700 5 -- 100.97.140.48:6821/2734156667 >> 10.220.189.33:0/4233527606 conn(0x7f4a625cb000 :6821 s=STATE_OPEN_MESSAGE_READ_FOOTER_AND_DISPATCH pgs=9 cs=1 l=0). rx client.12650240 seq 64 0x7f4a672a2400 client_session(request_renewcaps seq 63) v1 -3052>
2020-06-01 13:48:15.108251 7f4a4fead700 1 -- 100.97.140.48:6821/2734156667 <== client.12650240 10.220.189.33:0/4233527606 64 ==== client_session(request_renewcaps seq 63) v1 ==== 28+0+0 (3781678258 0 0) 0x7f4a672a2400 con 0x7f4a625cb000 -3051>
2020-06-01 13:48:15.108270 7f4a4fead700 3 mds.4.server handle_client_session client_session(request_renewcaps seq 63) v1 from client.12650240 -3050>
2020-06-01 13:48:15.108276 7f4a4fead700 1 -- 100.97.140.48:6821/2734156667 --> 10.220.189.33:0/4233527606 -- client_session(renewcaps seq 63) v2 -- 0x7f4a672a8480 con 0 -3049>
2020-06-01 13:48:15.159060 7f4a52e28700 5 -- 100.97.140.48:6821/2734156667 >> 10.220.189.42:0/2972389730 conn(0x7f4a615c9800 :6821 s=STATE_OPEN_MESSAGE_READ_FOOTER_AND_DISPATCH pgs=16978 cs=1 l=0). rx client.11915358 seq 12621 0x7f4a652ad180 client_session(request_renewcaps seq 81956) v1 -3048>
2020-06-01 13:48:15.159089 7f4a4fead700 1 -- 100.97.140.48:6821/2734156667 <== client.11915358 10.220.189.42:0/2972389730 12621 ==== client_session(request_renewcaps seq 81956) v1 ==== 28+0+0 (616812022 0 0) 0x7f4a652ad180 con 0x7f4a615c9800 -3047>
2020-06-01 13:48:15.159107 7f4a4fead700 3 mds.4.server handle_client_session client_session(request_renewcaps seq 81956) v1 from client.11915358 -3046>
2020-06-01 13:48:15.159113 7f4a4fead700 1 -- 100.97.140.48:6821/2734156667 --> 10.220.189.42:0/2972389730 -- client_session(renewcaps seq 81956) v2 -- 0x7f4a672a2400 con 0 -3045>
2020-06-01 13:48:15.339522 7f4a4dea9700 1 -- 100.97.140.48:6821/2734156667 --> 100.97.140.48:6820/2345 -- mgrreport(unknown.TX-97-140-48 +0-0 packed 214) v5 -- 0x7f4a624ac2c0 con 0 -3044>
2020-06-01 13:48:15.505050 7f4a52627700 5 -- 100.97.140.48:6821/2734156667 >> 10.220.189.33:0/498732301 conn(0x7f4a61ca4000 :6821 s=STATE_OPEN_MESSAGE_READ_FOOTER_AND_DISPATCH pgs=9 cs=1 l=0). rx client.12652289 seq 64 0x7f4a672a2640 client_session(request_renewcaps seq 63) v1 -3043>
2020-06-01 13:48:15.505096 7f4a4fead700 1 -- 100.97.140.48:6821/2734156667 <== client.12652289 10.220.189.33:0/498732301 64 ==== client_session(request_renewcaps seq 63) v1 ==== 28+0+0 (3781678258 0 0) 0x7f4a672a2640 con 0x7f4a61ca4000 -3042>
2020-06-01 13:48:15.505122 7f4a4fead700 3 mds.4.server handle_client_session client_session(request_renewcaps seq 63) v1 from client.12652289 -3041>
2020-06-01 13:48:15.505131 7f4a4fead700 1 -- 100.97.140.48:6821/2734156667 --> 10.220.189.33:0/498732301 -- client_session(renewcaps seq 63) v2 -- 0x7f4a652ad180 con 0 -3040>
2020-06-01 13:48:15.509323 7f4a52e28700 5 -- 100.97.140.48:6821/2734156667 >> 10.220.189.37:0/1313480165 conn(0x7f4a6166f800 :6821 s=STATE_OPEN_MESSAGE_READ_FOOTER_AND_DISPATCH pgs=147011 cs=1 l=0). rx client.12147066 seq 12621 0x7f4a672a2400 client_session(request_renewcaps seq 55630) v1 -3039>
2020-06-01 13:48:15.509348 7f4a4fead700 1 -- 100.97.140.48:6821/2734156667 <== client.12147066 10.220.189.37:0/1313480165 12621 ==== client_session(request_renewcaps seq 55630) v1 ==== 28+0+0 (1702933765 0 0) 0x7f4a672a2400 con 0x7f4a6166f800 -3038>
2020-06-01 13:48:15.509358 7f4a4fead700 3 mds.4.server handle_client_session client_session(request_renewcaps seq 55630) v1 from client.12147066 -3037>
2020-06-01 13:48:15.509363 7f4a4fead700 1 -- 100.97.140.48:6821/2734156667 --> 10.220.189.37:0/1313480165 -- client_session(renewcaps seq 55630) v2 -- 0x7f4a672a2640 con 0 -3036>
2020-06-01 13:48:15.634291 7f4a52627700 5 -- 100.97.140.48:6821/2734156667 >> 10.220.87.173:0/1976465387 conn(0x7f4a60e98000 :6821 s=STATE_OPEN_MESSAGE_READ_FOOTER_AND_DISPATCH pgs=70 cs=1 l=0). rx client.3891240 seq 12621 0x7f4a652ad180 client_session(request_renewcaps seq 1014670) v1 -3035>
2020-06-01 13:48:15.634318 7f4a4fead700 1 -- 100.97.140.48:6821/2734156667 <== client.3891240 10.220.87.173:0/1976465387 12621 ==== client_session(request_renewcaps seq 1014670) v1 ==== 28+0+0 (1949714220 0 0) 0x7f4a652ad180 con 0x7f4a60e98000 -3034>
2020-06-01 13:48:15.634335 7f4a4fead700 3 mds.4.server handle_client_session client_session(request_renewcaps seq 1014670) v1 from client.3891240 -3033>
2020-06-01 13:48:15.634341 7f4a4fead700 1 -- 100.97.140.48:6821/2734156667 --> 10.220.87.173:0/1976465387 -- client_session(renewcaps seq 1014670) v2 -- 0x7f4a672a2400 con 0 -3032>
2020-06-01 13:48:15.639525 7f4a51e26700 5 -- 100.97.140.48:6821/2734156667 >> 10.220.189.21:0/9082651 conn(0x7f4a61413800 :6821 s=STATE_OPEN_MESSAGE_READ_FOOTER_AND_DISPATCH pgs=356358 cs=1 l=0). rx client.11658819 seq 12623 0x7f4a672a8480 client_session(request_renewcaps seq 111818) v1 -3031>
2020-06-01 13:48:15.639552 7f4a4fead700 1 -- 100.97.140.48:6821/2734156667 <== client.11658819 10.220.189.21:0/9082651 12623 ==== client_session(request_renewcaps seq 111818) v1 ==== 28+0+0 (2016535950 0 0) 0x7f4a672a8480 con 0x7f4a61413800 -3030>
2020-06-01 13:48:15.639562 7f4a4fead700 3 mds.4.server handle_client_session client_session(request_renewcaps seq 111818) v1 from client.11658819 -3029>
2020-06-01 13:48:15.639567 7f4a4fead700 1 -- 100.97.140.48:6821/2734156667 --> 10.220.189.21:0/9082651 -- client_session(renewcaps seq 111818) v2 -- 0x7f4a652ad180 con 0 -3028>
2020-06-01 13:48:15.722048 7f4a51e26700 5 -- 100.97.140.48:6821/2734156667 >> 10.220.189.16:0/2732063253 conn(0x7f4a616c3800 :6821 s=STATE_OPEN_MESSAGE_READ_FOOTER_AND_DISPATCH pgs=13980 cs=1 l=0). rx client.12484082 seq 12622 0x7f4a652ad180 client_session(request_renewcaps seq 17766) v1 -3027>
2020-06-01 13:48:15.722076 7f4a4fead700 1 -- 100.97.140.48:6821/2734156667 <== client.12484082 10.220.189.16:0/2732063253 12622 ==== client_session(request_renewcaps seq 17766) v1 ==== 28+0+0 (3013700232 0 0) 0x7f4a652ad180 con 0x7f4a616c3800 -3026>
2020-06-01 13:48:15.722095 7f4a4fead700 3 mds.4.server handle_client_session client_session(request_renewcaps seq 17766) v1 from client.12484082 -3025>
2020-06-01 13:48:15.722104 7f4a4fead700 1 -- 100.97.140.48:6821/2734156667 --> 10.220.189.16:0/2732063253 -- client_session(renewcaps seq 17766) v2 -- 0x7f4a672a8480 con 0 -3024>
2020-06-01 13:48:15.903447 7f4a52627700 5 -- 100.97.140.48:6821/2734156667 >> 10.220.189.44:0/1289426604 conn(0x7f4a60b05000 :6821 s=STATE_OPEN_MESSAGE_READ_FOOTER_AND_DISPATCH pgs=4839 cs=1 l=0). rx client.10613067 seq 12622 0x7f4a672a2400 client_session(request_renewcaps seq 229224) v1 -3023>
2020-06-01 13:48:15.903499 7f4a4fead700 1 -- 100.97.140.48:6821/2734156667 <== client.10613067 10.220.189.44:0/1289426604 12622 ==== client_session(request_renewcaps seq 229224) v1 ==== 28+0+0 (2196425596 0 0) 0x7f4a672a2400 con 0x7f4a60b05000 -3022>
2020-06-01 13:48:15.903524 7f4a4fead700 3 mds.4.server handle_client_session client_session(request_renewcaps seq 229224) v1 from client.10613067 -3021>
2020-06-01 13:48:15.903533 7f4a4fead700 1 -- 100.97.140.48:6821/2734156667 --> 10.220.189.44:0/1289426604 -- client_session(renewcaps seq 229224) v2 -- 0x7f4a652ad180 con 0 -3020>
2020-06-01 13:48:15.904100 7f4a52e28700 5 -- 100.97.140.48:6821/2734156667 >> 10.220.189.33:0/1588989574 conn(0x7f4a64910800 :6821 s=STATE_OPEN_MESSAGE_READ_FOOTER_AND_DISPATCH pgs=9 cs=1 l=0). rx client.12652294 seq 64 0x7f4a672a2640 client_session(request_renewcaps seq 63) v1 -3019>
2020-06-01 13:48:15.904124 7f4a4fead700 1 -- 100.97.140.48:6821/2734156667 <== client.12652294 10.220.189.33:0/1588989574 64 ==== client_session(request_renewcaps seq 63) v1 ==== 28+0+0 (3781678258 0 0) 0x7f4a672a2640 con 0x7f4a64910800 -3018>
2020-06-01 13:48:15.904137 7f4a4fead700 3 mds.4.server handle_client_session client_session(request_renewcaps seq 63) v1 from client.12652294 -3017>
2020-06-01 13:48:15.904142 7f4a4fead700 1 -- 100.97.140.48:6821/2734156667 --> 10.220.189.33:0/1588989574 -- client_session(renewcaps seq 63) v2 -- 0x7f4a672a2400 con 0 -3016>
2020-06-01 13:48:15.969394 7f4a52e28700 5 -- 100.97.140.48:6821/2734156667 >> 10.220.189.36:0/2829820449 conn(0x7f4a61672800 :6821 s=STATE_OPEN_MESSAGE_READ_FOOTER_AND_DISPATCH pgs=3496 cs=1 l=0). rx client.12454761 seq 12623 0x7f4a672a2400 client_session(request_renewcaps seq 21013) v1 -3015>
2020-06-01 13:48:15.969423 7f4a4fead700 1 -- 100.97.140.48:6821/2734156667 <== client.12454761 10.220.189.36:0/2829820449 12623 ==== client_session(request_renewcaps seq 21013) v1 ==== 28+0+0 (3868539031 0 0) 0x7f4a672a2400 con 0x7f4a61672800 -3014>
2020-06-01 13:48:15.969445 7f4a4fead700 3 mds.4.server handle_client_session client_session(request_renewcaps seq 21013) v1 from client.12454761 -3013>
2020-06-01 13:48:15.969452 7f4a4fead700 1 -- 100.97.140.48:6821/2734156667 --> 10.220.189.36:0/2829820449 -- client_session(renewcaps seq 21013) v2 -- 0x7f4a672a2640 con 0 -3012>
2020-06-01 13:48:16.019256 7f4a52627700 5 -- 100.97.140.48:6821/2734156667 >> 10.220.189.53:0/519524080 conn(0x7f4a615ba000 :6821 s=STATE_OPEN_MESSAGE_READ_FOOTER_AND_DISPATCH pgs=222742 cs=1 l=0). rx client.11993772 seq 12622 0x7f4a652ad180 client_session(request_renewcaps seq 73062) v1 -3011>
2020-06-01 13:48:16.019285 7f4a4fead700 1 -- 100.97.140.48:6821/2734156667 <== client.11993772 10.220.189.53:0/519524080 12622 ==== client_session(request_renewcaps seq 73062) v1 ==== 28+0+0 (480290325 0 0) 0x7f4a652ad180 con 0x7f4a615ba000 -3010>
2020-06-01 13:48:16.019301 7f4a4fead700 3 mds.4.server handle_client_session client_session(request_renewcaps seq 73062) v1 from client.11993772 -3009>
2020-06-01 13:48:16.019307 7f4a4fead700 1 -- 100.97.140.48:6821/2734156667 --> 10.220.189.53:0/519524080 -- client_session(renewcaps seq 73062) v2 -- 0x7f4a672a2400 con 0 -3008>
2020-06-01 13:48:16.032265 7f4a52e28700 5 -- 100.97.140.48:6821/2734156667 >> 10.220.189.3:0/12355986 conn(0x7f4a60c8e800 :6821 s=STATE_OPEN_MESSAGE_READ_FOOTER_AND_DISPATCH pgs=1796843 cs=1 l=0). rx client.8022104 seq 12622 0x7f4a672a2640 client_session(request_renewcaps seq 509526) v1 -3007>
2020-06-01 13:48:16.032292 7f4a4fead700 1 -- 100.97.140.48:6821/2734156667 <== client.8022104 10.220.189.3:0/12355986 12622 ==== client_session(request_renewcaps seq 509526) v1 ==== 28+0+0 (424347675 0 0) 0x7f4a672a2640 con 0x7f4a60c8e800 -3006>
2020-06-01 13:48:16.032309 7f4a4fead700 3 mds.4.server handle_client_session client_session(request_renewcaps seq 509526) v1 from client.8022104 -3005>
2020-06-01 13:48:16.032314 7f4a4fead700 1 -- 100.97.140.48:6821/2734156667 --> 10.220.189.3:0/12355986 -- client_session(renewcaps seq 509526) v2 -- 0x7f4a652ad180 con 0 -3004>
2020-06-01 13:48:16.119776 7f4a51e26700 5 -- 100.97.140.48:6821/2734156667 >> 10.220.189.44:0/2047143258 conn(0x7f4a60ceb000 :6821 s=STATE_OPEN_MESSAGE_READ_FOOTER_AND_DISPATCH pgs=120715 cs=1 l=0). rx client.10775890 seq 12622 0x7f4a672a8480 client_session(request_renewcaps seq 211599) v1 -3003>
2020-06-01 13:48:16.119814 7f4a4fead700 1 -- 100.97.140.48:6821/2734156667 <== client.10775890 10.220.189.44:0/2047143258 12622 ==== client_session(request_renewcaps seq 211599) v1 ==== 28+0+0 (845371988 0 0) 0x7f4a672a8480 con 0x7f4a60ceb000 -3002>
2020-06-01 13:48:16.119836 7f4a4fead700 3 mds.4.server handle_client_session client_session(request_renewcaps seq 211599) v1 from client.10775890 -3001>
2020-06-01 13:48:16.119844 7f4a4fead700 1 -- 100.97.140.48:6821/2734156667 --> 10.220.189.44:0/2047143258 -- client_session(renewcaps seq 211599) v2 -- 0x7f4a672a2640 con 0 -3000>
2020-06-01 13:48:16.255638 7f4a52627700 5 -- 100.97.140.48:6821/2734156667 >> 10.220.189.27:0/1959308610 conn(0x7f4a61416800 :6821 s=STATE_OPEN_MESSAGE_READ_FOOTER_AND_DISPATCH pgs=30 cs=1 l=0). rx client.11962761 seq 12622 0x7f4a672a2400 client_session(request_renewcaps seq 76457) v1 -2999>
2020-06-01 13:48:16.255687 7f4a4fead700 1 -- 100.97.140.48:6821/2734156667 <== client.11962761 10.220.189.27:0/1959308610 12622 ==== client_session(request_renewcaps seq 76457) v1 ==== 28+0+0 (1406971483 0 0) 0x7f4a672a2400 con 0x7f4a61416800 -2998>
2020-06-01 13:48:16.255713 7f4a4fead700 3 mds.4.server handle_client_session client_session(request_renewcaps seq 76457) v1 from client.11962761 -2997>
2020-06-01 13:48:16.255721 7f4a4fead700 1 -- 100.97.140.48:6821/2734156667 --> 10.220.189.27:0/1959308610 -- client_session(renewcaps seq 76457) v2 -- 0x7f4a672a8480 con 0 -2996>
2020-06-01 13:48:16.258434 7f4a51e26700 5 -- 100.97.140.48:6821/2734156667 >> 100.97.140.32:6820/1879232263 conn(0x7f4a60cec800 :6821 s=STATE_OPEN_MESSAGE_READ_FOOTER_AND_DISPATCH pgs=3423089 cs=1 l=0). rx mds.0 seq 320989 0x7f4a62454280 lock(a=lock inest 0x10002a2db42.head) v1 -2995>
2020-06-01 13:48:16.258461 7f4a4fead700 1 -- 100.97.140.48:6821/2734156667 <== mds.0 100.97.140.32:6820/1879232263 320989 ==== lock(a=lock inest 0x10002a2db42.head) v1 ==== 69+0+0 (523299892 0 0) 0x7f4a62454280 con 0x7f4a60cec800 -2994>
2020-06-01 13:48:16.258490 7f4a4fead700 1 -- 100.97.140.48:6821/2734156667 _send_message--> mds.0 100.97.140.32:6820/1879232263 -- lock(a=lockack inest 0x10002a2db42.head) v1 -- ?+0 0x7f4a6122a280 -2993>
2020-06-01 13:48:16.258507 7f4a4fead700 1 -- 100.97.140.48:6821/2734156667 --> 100.97.140.32:6820/1879232263 -- lock(a=lockack inest 0x10002a2db42.head) v1 -- 0x7f4a6122a280 con 0 -2992>
2020-06-01 13:48:16.258662 7f4a51e26700 5 -- 100.97.140.48:6821/2734156667 >> 100.97.140.32:6820/1879232263 conn(0x7f4a60cec800 :6821 s=STATE_OPEN_MESSAGE_READ_FOOTER_AND_DISPATCH pgs=3423089 cs=1 l=0). rx mds.0 seq 320990 0x7f4a6122d200 HB magic: 0 v1 -2991>
2020-06-01 13:48:16.258683 7f4a4fead700 1 -- 100.97.140.48:6821/2734156667 <== mds.0 100.97.140.32:6820/1879232263 320990 ==== HB magic: 0 v1 ==== 358+0+0 (1317922365 0 0) 0x7f4a6122d200 con 0x7f4a60cec800 -2990>
2020-06-01 13:48:16.258765 7f4a4fead700 5 mds.4.bal mds.4 epoch 2811838 load mdsload<[0,0 0]/[0,0 0], req 0, hr 0, qlen 0, cpu 0.52> -2989>
2020-06-01 13:48:16.258785 7f4a4fead700 1 -- 100.97.140.48:6821/2734156667 _send_message--> mds.0 100.97.140.32:6820/1879232263 -- HB magic: 0 v1 -- ?+0 0x7f4a62454280 -2988>
2020-06-01 13:48:16.258793 7f4a4fead700 1 -- 100.97.140.48:6821/2734156667 --> 100.97.140.32:6820/1879232263 -- HB magic: 0 v1 -- 0x7f4a62454280 con 0 -2987>
2020-06-01 13:48:16.258805 7f4a4fead700 1 -- 100.97.140.48:6821/2734156667 _send_message--> mds.1 100.97.140.52:6820/390676609 -- HB magic: 0 v1 -- ?+0 0x7f4a6122cd00 -2986>
2020-06-01 13:48:16.258813 7f4a4fead700 1 -- 100.97.140.48:6821/2734156667 --> 100.97.140.52:6820/390676609 -- HB magic: 0 v1 -- 0x7f4a6122cd00 con 0 -2985>
2020-06-01 13:48:16.258823 7f4a4fead700 1 -- 100.97.140.48:6821/2734156667 _send_message--> mds.2 100.97.140.61:6820/557565904 -- HB magic: 0 v1 -- ?+0 0x7f4a62456300 -2984>
2020-06-01 13:48:16.258828 7f4a4fead700 1 -- 100.97.140.48:6821/2734156667 --> 100.97.140.61:6820/557565904 -- HB magic: 0 v1 -- 0x7f4a62456300 con 0 -2983>
2020-06-01 13:48:16.258835 7f4a4fead700 1 -- 100.97.140.48:6821/2734156667 _send_message--> mds.3 100.97.140.31:6820/2617382067 -- HB magic: 0 v1 -- ?+0 0x7f4a624f0280 -2982>
2020-06-01 13:48:16.258842 7f4a4fead700 1 -- 100.97.140.48:6821/2734156667 --> 100.97.140.31:6820/2617382067 -- HB magic: 0 v1 -- 0x7f4a624f0280 con 0 -2981>
2020-06-01 13:48:16.258856 7f4a4fead700 1 -- 100.97.140.48:6821/2734156667 _send_message--> mds.5 100.97.140.57:6820/168678367 -- HB magic: 0 v1 -- ?+0 0x7f4a624e7c00 -2980>
2020-06-01 13:48:16.258864 7f4a4fead700 1 -- 100.97.140.48:6821/2734156667 --> 100.97.140.57:6820/168678367 -- HB magic: 0 v1 -- 0x7f4a624e7c00 con 0 -2979>
2020-06-01 13:48:16.258874 7f4a4fead700 1 -- 100.97.140.48:6821/2734156667 _send_message--> mds.6 100.97.140.56:6820/1897498247 -- HB magic: 0 v1 -- ?+0 0x7f4a611ed700 -2978>
2020-06-01 13:48:16.258882 7f4a4fead700 1 -- 100.97.140.48:6821/2734156667 --> 100.97.140.56:6820/1897498247 -- HB magic: 0 v1 -- 0x7f4a611ed700 con 0 -2977>
2020-06-01 13:48:16.258892 7f4a4fead700 1 -- 100.97.140.48:6821/2734156667 _send_message--> mds.7 100.97.140.50:6820/2234244794 -- HB magic: 0 v1 -- ?+0 0x7f4a6247bc00 -2976>
2020-06-01 13:48:16.258898 7f4a4fead700 1 -- 100.97.140.48:6821/2734156667 --> 100.97.140.50:6820/2234244794 -- HB magic: 0 v1 -- 0x7f4a6247bc00 con 0 -2975>
2020-06-01 13:48:16.258926 7f4a52627700 5 -- 100.97.140.48:6821/2734156667 >> 100.97.140.52:6820/390676609 conn(0x7f4a60b06800 :-1 s=STATE_OPEN_MESSAGE_READ_FOOTER_AND_DISPATCH pgs=1387905 cs=1 l=0). rx mds.1 seq 25247 0x7f4a61775e00 HB magic: 0 v1 -2974>
2020-06-01 13:48:16.258967 7f4a4fead700 1 -- 100.97.140.48:6821/2734156667 <== mds.1 100.97.140.52:6820/390676609 25247 ==== HB magic: 0 v1 ==== 366+0+0 (801012217 0 0) 0x7f4a61775e00 con 0x7f4a60b06800 -2973>
2020-06-01 13:48:16.258970 7f4a52e28700 5 -- 100.97.140.48:6821/2734156667 >> 100.97.140.31:6820/2617382067 conn(0x7f4a60ad3000 :-1 s=STATE_OPEN_MESSAGE_READ_FOOTER_AND_DISPATCH pgs=1752386 cs=1 l=0). rx mds.3 seq 25242 0x7f4a62455e00 HB magic: 0 v1 -2972>
2020-06-01 13:48:16.258994 7f4a4fead700 1 -- 100.97.140.48:6821/2734156667 <== mds.3 100.97.140.31:6820/2617382067 25242 ==== HB magic: 0 v1 ==== 366+0+0 (3027007845 0 0) 0x7f4a62455e00 con 0x7f4a60ad3000 -2971>
2020-06-01 13:48:16.259036 7f4a51e26700 5 -- 100.97.140.48:6821/2734156667 >> 100.97.140.56:6820/1897498247 conn(0x7f4a60bef800 :-1 s=STATE_OPEN_MESSAGE_READ_FOOTER_AND_DISPATCH pgs=208465 cs=1 l=0). rx mds.6 seq 25242 0x7f4a62454280 HB magic: 0 v1 -2970>
2020-06-01 13:48:16.259058 7f4a4fead700 1 -- 100.97.140.48:6821/2734156667 <== mds.6 100.97.140.56:6820/1897498247 25242 ==== HB magic: 0 v1 ==== 358+0+0 (2812445609 0 0) 0x7f4a62454280 con 0x7f4a60bef800 -2969>
2020-06-01 13:48:16.259086 7f4a52627700 5 -- 100.97.140.48:6821/2734156667 >> 100.97.140.57:6820/168678367 conn(0x7f4a60ad4800 :-1 s=STATE_OPEN_MESSAGE_READ_FOOTER_AND_DISPATCH pgs=4866 cs=1 l=0). rx mds.5 seq 25242 0x7f4a6122cf80 HB magic: 0 v1 -2968>
2020-06-01 13:48:16.259074 7f4a51e26700 5 -- 100.97.140.48:6821/2734156667 >> 100.97.140.61:6820/557565904 conn(0x7f4a60ad1800 :-1 s=STATE_OPEN_MESSAGE_READ_FOOTER_AND_DISPATCH pgs=1620 cs=1 l=0). rx mds.2 seq 25241 0x7f4a6122a280 HB magic: 0 v1 -2967>
2020-06-01 13:48:16.259125 7f4a4fead700 1 -- 100.97.140.48:6821/2734156667 <== mds.5 100.97.140.57:6820/168678367 25242 ==== HB magic: 0 v1 ==== 366+0+0 (783532597 0 0) 0x7f4a6122cf80 con 0x7f4a60ad4800 -2966>
2020-06-01 13:48:16.259138 7f4a4fead700 1 -- 100.97.140.48:6821/2734156667 <== mds.2 100.97.140.61:6820/557565904 25241 ==== HB magic: 0 v1 ==== 366+0+0 (1032805262 0 0) 0x7f4a6122a280 con 0x7f4a60ad1800 -2965>
2020-06-01 13:48:16.259183 7f4a51e26700 5 -- 100.97.140.48:6821/2734156667 >> 100.97.140.32:6820/1879232263 conn(0x7f4a60cec800 :6821 s=STATE_OPEN_MESSAGE_READ_FOOTER_AND_DISPATCH pgs=3423089 cs=1 l=0). rx mds.0 seq 320991 0x7f4a62a2da20 gather_caps(0x10002a2cf74) v1 -2964>
2020-06-01 13:48:16.259201 7f4a4fead700 1 -- 100.97.140.48:6821/2734156667 <== mds.0 100.97.140.32:6820/1879232263 320991 ==== gather_caps(0x10002a2cf74) v1 ==== 8+0+0 (4184419736 0 0) 0x7f4a62a2da20 con 0x7f4a60cec800 -2963>
2020-06-01 13:48:16.259268 7f4a52e28700 5 -- 100.97.140.48:6821/2734156667 >> 100.97.140.50:6820/2234244794 conn(0x7f4a60bee000 :-1 s=STATE_OPEN_MESSAGE_READ_FOOTER_AND_DISPATCH pgs=300173 cs=1 l=0). rx mds.7 seq 25242 0x7f4a624f0280 HB magic: 0 v1 -2962>
2020-06-01 13:48:16.259291 7f4a4fead700 1 -- 100.97.140.48:6821/2734156667 <== mds.7 100.97.140.50:6820/2234244794 25242 ==== HB magic: 0 v1 ==== 358+0+0 (2282380949 0 0) 0x7f4a624f0280 con 0x7f4a60bee000 -2961>
2020-06-01 13:48:16.259302 7f4a4fead700 5 mds.4.bal prep_rebalance: cluster loads are -2960>
2020-06-01 13:48:16.259311 7f4a4fead700 5 mds.4.bal prep_rebalance: my load 0 target 3.20764e+08 total 2.56611e+09 -2959>
2020-06-01 13:48:16.259320 7f4a4fead700 5 mds.4.bal i am underloaded or barely overloaded, doing nothing. -2958>
2020-06-01 13:48:16.260614 7f4a51e26700 5 -- 100.97.140.48:6821/2734156667 >> 100.97.140.32:6820/1879232263 conn(0x7f4a60cec800 :6821 s=STATE_OPEN_MESSAGE_READ_FOOTER_AND_DISPATCH pgs=3423089 cs=1 l=0). rx mds.0 seq 320992 0x7f4a611ed700 lock(a=lockflushed inest 0x10002a2db42.head) v1 -2957>
2020-06-01 13:48:16.260634 7f4a4fead700 1 -- 100.97.140.48:6821/2734156667 <== mds.0 100.97.140.32:6820/1879232263 320992 ==== lock(a=lockflushed inest 0x10002a2db42.head) v1 ==== 69+0+0 (4269773356 0 0) 0x7f4a611ed700 con 0x7f4a60cec800 -2956>
2020-06-01 13:48:16.260771 7f4a51e26700 5 -- 100.97.140.48:6821/2734156667 >> 100.97.140.32:6820/1879232263 conn(0x7f4a60cec800 :6821 s=STATE_OPEN_MESSAGE_READ_FOOTER_AND_DISPATCH pgs=3423089 cs=1 l=0). rx mds.0 seq 320993 0x7f4a62456300 lock(a=mix inest 0x10002a2db42.head) v1 -2955>
2020-06-01 13:48:16.260789 7f4a4fead700 1 -- 100.97.140.48:6821/2734156667 <== mds.0 100.97.140.32:6820/1879232263 320993 ==== lock(a=mix inest 0x10002a2db42.head) v1 ==== 291+0+0 (3835415460 0 0) 0x7f4a62456300 con 0x7f4a60cec800 -2954>
2020-06-01 13:48:16.305333 7f4a51e26700 5 -- 100.97.140.48:6821/2734156667 >> 10.220.189.33:0/680730710 conn(0x7f4a6534d800 :6821 s=STATE_OPEN_MESSAGE_READ_FOOTER_AND_DISPATCH pgs=9 cs=1 l=0). rx client.12650245 seq 64 0x7f4a672a2640 client_session(request_renewcaps seq 63) v1 -2953>
2020-06-01 13:48:16.305359 7f4a4fead700 1 -- 100.97.140.48:6821/2734156667 <== client.12650245 10.220.189.33:0/680730710 64 ==== client_session(request_renewcaps seq 63) v1 ==== 28+0+0 (3781678258 0 0) 0x7f4a672a2640 con 0x7f4a6534d800 -2952>
2020-06-01 13:48:16.305378 7f4a4fead700 3 mds.4.server handle_client_session client_session(request_renewcaps seq 63) v1 from client.12650245 -2951>
2020-06-01 13:48:16.305384 7f4a4fead700 1 -- 100.97.140.48:6821/2734156667 --> 10.220.189.33:0/680730710 -- client_session(renewcaps seq 63) v2 -- 0x7f4a672a2400 con 0 -2950>
2020-06-01 13:48:16.531254 7f4a506ae700 5 asok(0x7f4a608301c0) AdminSocket: request 'get_command_descriptions' '' to 0x7f4a607fc210 returned 4711 bytes -2949>
2020-06-01 13:48:16.554597 7f4a506ae700 1 do_command 'perf dump' ' -2948>
2020-06-01 13:48:16.554806 7f4a506ae700 1 do_command 'perf dump' 'result is 9143 bytes -2947>
2020-06-01 13:48:16.554811 7f4a506ae700 5 asok(0x7f4a608301c0) AdminSocket: request 'perf dump' '' to 0x7f4a607fc040 returned 9143 bytes -2946>
2020-06-01 13:48:16.558805 7f4a51e26700 5 -- 100.97.140.48:6821/2734156667 >> 10.220.87.187:0/749863392 conn(0x7f4a60cd9000 :6821 s=STATE_OPEN_MESSAGE_READ_FOOTER_AND_DISPATCH pgs=71 cs=1 l=0). rx client.3890804 seq 12621 0x7f4a672a2400 client_session(request_renewcaps seq 1014671) v1 -2945>
2020-06-01 13:48:16.558849 7f4a4fead700 1 -- 100.97.140.48:6821/2734156667 <== client.3890804 10.220.87.187:0/749863392 12621 ==== client_session(request_renewcaps seq 1014671) v1 ==== 28+0+0 (3464070562 0 0) 0x7f4a672a2400 con 0x7f4a60cd9000 -2944>
2020-06-01 13:48:16.558875 7f4a4fead700 3 mds.4.server handle_client_session client_session(request_renewcaps seq 1014671) v1 from client.3890804 -2943>
2020-06-01 13:48:16.558884 7f4a4fead700 1 -- 100.97.140.48:6821/2734156667 --> 10.220.87.187:0/749863392 -- client_session(renewcaps seq 1014671) v2 -- 0x7f4a672a2640 con 0 -2942>
2020-06-01 13:48:17.081220 7f4a52627700 5 -- 100.97.140.48:6821/2734156667 >> 10.220.189.41:0/2212963091 conn(0x7f4a60dac800 :6821 s=STATE_OPEN_MESSAGE_READ_FOOTER_AND_DISPATCH pgs=84894 cs=1 l=0). rx client.12234932 seq 12622 0x7f4a672a8480 client_session(request_renewcaps seq 45793) v1 -2941>
2020-06-01 13:48:17.081269 7f4a4fead700 1 -- 100.97.140.48:6821/2734156667 <== client.12234932 10.220.189.41:0/2212963091 12622 ==== client_session(request_renewcaps seq 45793) v1 ==== 28+0+0 (411413370 0 0) 0x7f4a672a8480 con 0x7f4a60dac800 -2940>
2020-06-01 13:48:17.081293 7f4a4fead700 3 mds.4.server handle_client_session client_session(request_renewcaps seq 45793) v1 from client.12234932 -2939>
2020-06-01 13:48:17.081302 7f4a4fead700 1 -- 100.97.140.48:6821/2734156667 --> 10.220.189.41:0/2212963091 -- client_session(renewcaps seq 45793) v2 -- 0x7f4a672a2400 con 0 -2938>
2020-06-01 13:48:17.292997 7f4a52e28700 5 -- 100.97.140.48:6821/2734156667 >> 10.220.189.41:0/3458674878 conn(0x7f4a60bce800 :6821 s=STATE_OPEN_MESSAGE_READ_FOOTER_AND_DISPATCH pgs=9 cs=1 l=0). rx client.12541649 seq 12578 0x7f4a652ad180 client_session(request_renewcaps seq 12577) v1 -2937>
2020-06-01 13:48:17.293045 7f4a4fead700 1 -- 100.97.140.48:6821/2734156667 <== client.12541649 10.220.189.41:0/3458674878 12578 ==== client_session(request_renewcaps seq 12577) v1 ==== 28+0+0 (2405845114 0 0) 0x7f4a652ad180 con 0x7f4a60bce800 -2936>
2020-06-01 13:48:17.293070 7f4a4fead700 3 mds.4.server handle_client_session client_session(request_renewcaps seq 12577) v1 from client.12541649 -2935>
2020-06-01 13:48:17.293080 7f4a4fead700 1 -- 100.97.140.48:6821/2734156667 --> 10.220.189.41:0/3458674878 -- client_session(renewcaps seq 12577) v2 -- 0x7f4a672a8480 con 0 -2934>
2020-06-01 13:48:17.512268 7f4a52627700 5 -- 100.97.140.48:6821/2734156667 >> 10.220.189.33:0/880360577 conn(0x7f4a616e7000 :6821 s=STATE_OPEN_MESSAGE_READ_FOOTER_AND_DISPATCH pgs=9 cs=1 l=0). rx client.12650250 seq 64 0x7f4a672a2400 client_session(request_renewcaps seq 63) v1 -2933>
2020-06-01 13:48:17.512315 7f4a4fead700 1 -- 100.97.140.48:6821/2734156667 <== client.12650250 10.220.189.33:0/880360577 64 ==== client_session(request_renewcaps seq 63) v1 ==== 28+0+0 (3781678258 0 0) 0x7f4a672a2400 con 0x7f4a616e7000 -2932>
2020-06-01 13:48:17.512341 7f4a4fead700 3 mds.4.server handle_client_session client_session(request_renewcaps seq 63) v1 from client.12650250 -2931>
2020-06-01 13:48:17.512350 7f4a4fead700 1 -- 100.97.140.48:6821/2734156667 --> 10.220.189.33:0/880360577 -- client_session(renewcaps seq 63) v2 -- 0x7f4a652ad180 con 0 -2930>
2020-06-01 13:48:17.529876 7f4a52e28700 5 -- 100.97.140.48:6821/2734156667 >> 10.220.189.52:0/1535170925 conn(0x7f4a60dab000 :6821 s=STATE_OPEN_MESSAGE_READ_FOOTER_AND_DISPATCH pgs=223879 cs=1 l=0). rx client.11991456 seq 12622 0x7f4a672a8480 client_session(request_renewcaps seq 73198) v1 -2929>
2020-06-01 13:48:17.529904 7f4a4fead700 1 -- 100.97.140.48:6821/2734156667 <== client.11991456 10.220.189.52:0/1535170925 12622 ==== client_session(request_renewcaps seq 73198) v1 ==== 28+0+0 (3865765708 0 0) 0x7f4a672a8480 con 0x7f4a60dab000 -2928>
2020-06-01 13:48:17.529920 7f4a4fead700 3 mds.4.server handle_client_session client_session(request_renewcaps seq 73198) v1 from client.11991456 -2927>
2020-06-01 13:48:17.529926 7f4a4fead700 1 -- 100.97.140.48:6821/2734156667 --> 10.220.189.52:0/1535170925 -- client_session(renewcaps seq 73198) v2 -- 0x7f4a672a2400 con 0 -2926>
2020-06-01 13:48:17.578149 7f4a52627700 5 -- 100.97.140.48:6821/2734156667 >> 10.220.189.56:0/1810888978 conn(0x7f4a616d5000 :6821 s=STATE_OPEN_MESSAGE_READ_FOOTER_AND_DISPATCH pgs=44439 cs=1 l=0). rx client.12423189 seq 12622 0x7f4a652ad180 client_session(request_renewcaps seq 25734) v1 -2925>
2020-06-01 13:48:17.578178 7f4a4fead700 1 -- 100.97.140.48:6821/2734156667 <== client.12423189 10.220.189.56:0/1810888978 12622 ==== client_session(request_renewcaps seq 25734) v1 ==== 28+0+0 (1713464843 0 0) 0x7f4a652ad180 con 0x7f4a616d5000 -2924>
2020-06-01 13:48:17.578197 7f4a4fead700 3 mds.4.server handle_client_session client_session(request_renewcaps seq 25734) v1 from client.12423189 -2923>
2020-06-01 13:48:17.578203 7f4a4fead700 1 -- 100.97.140.48:6821/2734156667 --> 10.220.189.56:0/1810888978 -- client_session(renewcaps seq 25734) v2 -- 0x7f4a672a8480 con 0 -2922>
2020-06-01 13:48:17.669125 7f4a51e26700 5 -- 100.97.140.48:6821/2734156667 >> 10.220.189.30:0/2353390659 conn(0x7f4a60e34000 :6821 s=STATE_OPEN_MESSAGE_READ_FOOTER_AND_DISPATCH pgs=28 cs=1 l=0). rx client.12451909 seq 12622 0x7f4a672a2640 client_session(request_renewcaps seq 22555) v1 -2921>
2020-06-01 13:48:17.669155 7f4a4fead700 1 -- 100.97.140.48:6821/2734156667 <== client.12451909 10.220.189.30:0/2353390659 12622 ==== client_session(request_renewcaps seq 22555) v1 ==== 28+0+0 (4264456006 0 0) 0x7f4a672a2640 con 0x7f4a60e34000 -2920>
2020-06-01 13:48:17.669174 7f4a4fead700 3 mds.4.server handle_client_session client_session(request_renewcaps seq 22555) v1 from client.12451909 -2919>
2020-06-01 13:48:17.669181 7f4a4fead700 1 -- 100.97.140.48:6821/2734156667 --> 10.220.189.30:0/2353390659 -- client_session(renewcaps seq 22555) v2 -- 0x7f4a652ad180 con 0 -2918>
2020-06-01 13:48:17.731329 7f4a52627700 5 -- 100.97.140.48:6821/2734156667 >> 10.240.14.161:0/1635338698 conn(0x7f4a615df000 :6821 s=STATE_OPEN_MESSAGE_READ_FOOTER_AND_DISPATCH pgs=1940588 cs=1 l=0). rx client.4629808 seq 12621 0x7f4a672a8480 client_session(request_renewcaps seq 860251) v1 -2917>
2020-06-01 13:48:17.731356 7f4a4fead700 1 -- 100.97.140.48:6821/2734156667 <== client.4629808 10.240.14.161:0/1635338698 12621 ==== client_session(request_renewcaps seq 860251) v1 ==== 28+0+0 (1541639448 0 0) 0x7f4a672a8480 con 0x7f4a615df000 -2916>
2020-06-01 13:48:17.731374 7f4a4fead700 3 mds.4.server handle_client_session client_session(request_renewcaps seq 860251) v1 from client.4629808 -2915>
2020-06-01 13:48:17.731381 7f4a4fead700 1 -- 100.97.140.48:6821/2734156667 --> 10.240.14.161:0/1635338698 -- client_session(renewcaps seq 860251) v2 -- 0x7f4a672a2640 con 0 -2914>
2020-06-01 13:48:17.904626 7f4a52e28700 5 -- 100.97.140.48:6821/2734156667 >> 10.220.189.33:0/3366529666 conn(0x7f4a61a88800 :6821 s=STATE_OPEN_MESSAGE_READ_FOOTER_AND_DISPATCH pgs=9 cs=1 l=0). rx client.12641308 seq 64 0x7f4a672a2400 client_session(request_renewcaps seq 63) v1 -2913>
2020-06-01 13:48:17.904676 7f4a4fead700 1 -- 100.97.140.48:6821/2734156667 <== client.12641308 10.220.189.33:0/3366529666 64 ==== client_session(request_renewcaps seq 63) v1 ==== 28+0+0 (3781678258 0 0) 0x7f4a672a2400 con 0x7f4a61a88800 -2912>
