2020-06-01 13:48:22.319093 7f4a4fead700 3 mds.4.server handle_client_session client_session(request_renewcaps seq 393593) v1 from client.9162393 -2685>
2020-06-01 13:48:22.319101 7f4a4fead700 1 -- 100.97.140.48:6821/2734156667 --> 10.220.189.50:0/1445953529 -- client_session(renewcaps seq 393593) v2 -- 0x7f4a652ad180 con 0 -2684>
2020-06-01 13:48:22.346074 7f4a4cea7700 10 monclient: _send_mon_message to mon.TX-97-140-59 at 100.97.140.59:6789/0 -2683>
2020-06-01 13:48:22.346088 7f4a4cea7700 1 -- 100.97.140.48:6821/2734156667 --> 100.97.140.59:6789/0 -- mdsbeacon(12541229/TX-97-140-48 up:active seq 63105 v415) v7 -- 0x7f4a67300680 con 0 -2682>
2020-06-01 13:48:22.347081 7f4a52627700 5 -- 100.97.140.48:6821/2734156667 >> 100.97.140.59:6789/0 conn(0x7f4a60a43000 :-1 s=STATE_OPEN_MESSAGE_READ_FOOTER_AND_DISPATCH pgs=2504874 cs=1 l=1). rx mon.4 seq 63306 0x7f4a67300680 mdsbeacon(12541229/TX-97-140-48 up:active seq 63105 v415) v7 -2681>
2020-06-01 13:48:22.347109 7f4a4fead700 1 -- 100.97.140.48:6821/2734156667 <== mon.4 100.97.140.59:6789/0 63306 ==== mdsbeacon(12541229/TX-97-140-48 up:active seq 63105 v415) v7 ==== 137+0+0 (1601405411 0 0) 0x7f4a67300680 con 0x7f4a60a43000 -2680>
2020-06-01 13:48:22.390670 7f4a52e28700 5 -- 100.97.140.48:6821/2734156667 >> 10.220.189.44:0/2145716203 conn(0x7f4a61565800 :6821 s=STATE_OPEN_MESSAGE_READ_FOOTER_AND_DISPATCH pgs=570212 cs=1 l=0). rx client.11155423 seq 12622 0x7f4a652ad180 client_session(request_renewcaps seq 168021) v1 -2679>
2020-06-01 13:48:22.390697 7f4a4fead700 1 -- 100.97.140.48:6821/2734156667 <== client.11155423 10.220.189.44:0/2145716203 12622 ==== client_session(request_renewcaps seq 168021) v1 ==== 28+0+0 (2439148918 0 0) 0x7f4a652ad180 con 0x7f4a61565800 -2678>
2020-06-01 13:48:22.390716 7f4a4fead700 3 mds.4.server handle_client_session client_session(request_renewcaps seq 168021) v1 from client.11155423 -2677>
2020-06-01 13:48:22.390724 7f4a4fead700 1 -- 100.97.140.48:6821/2734156667 --> 10.220.189.44:0/2145716203 -- client_session(renewcaps seq 168021) v2 -- 0x7f4a672a2400 con 0 -2676>
2020-06-01 13:48:22.689190 7f4a51e26700 5 -- 100.97.140.48:6821/2734156667 >> 10.220.189.56:0/307203688 conn(0x7f4a6141c000 :6821 s=STATE_OPEN_MESSAGE_READ_FOOTER_AND_DISPATCH pgs=1385837 cs=1 l=0). rx client.9162398 seq 12622 0x7f4a672a8b40 client_session(request_renewcaps seq 393589) v1 -2675>
2020-06-01 13:48:22.689236 7f4a4fead700 1 -- 100.97.140.48:6821/2734156667 <== client.9162398 10.220.189.56:0/307203688 12622 ==== client_session(request_renewcaps seq 393589) v1 ==== 28+0+0 (4110451557 0 0) 0x7f4a672a8b40 con 0x7f4a6141c000 -2674>
2020-06-01 13:48:22.689260 7f4a4fead700 3 mds.4.server handle_client_session client_session(request_renewcaps seq 393589) v1 from client.9162398 -2673>
2020-06-01 13:48:22.689270 7f4a4fead700 1 -- 100.97.140.48:6821/2734156667 --> 10.220.189.56:0/307203688 -- client_session(renewcaps seq 393589) v2 -- 0x7f4a652ad180 con 0 -2672>
2020-06-01 13:48:22.875699 7f4a52627700 5 -- 100.97.140.48:6821/2734156667 >> 10.220.189.39:0/3806988067 conn(0x7f4a61401000 :6821 s=STATE_OPEN_MESSAGE_READ_FOOTER_AND_DISPATCH pgs=378160 cs=1 l=0). rx client.9169378 seq 12622 0x7f4a672a1f80 client_session(request_renewcaps seq 392798) v1 -2671>
2020-06-01 13:48:22.875734 7f4a4fead700 1 -- 100.97.140.48:6821/2734156667 <== client.9169378 10.220.189.39:0/3806988067 12622 ==== client_session(request_renewcaps seq 392798) v1 ==== 28+0+0 (203862812 0 0) 0x7f4a672a1f80 con 0x7f4a61401000 -2670>
2020-06-01 13:48:22.875757 7f4a4fead700 3 mds.4.server handle_client_session client_session(request_renewcaps seq 392798) v1 from client.9169378 -2669>
2020-06-01 13:48:22.875765 7f4a4fead700 1 -- 100.97.140.48:6821/2734156667 --> 10.220.189.39:0/3806988067 -- client_session(renewcaps seq 392798) v2 -- 0x7f4a672a8b40 con 0 -2668>
2020-06-01 13:48:22.943803 7f4a51e26700 5 -- 100.97.140.48:6821/2734156667 >> 10.220.189.19:0/1805309661 conn(0x7f4a60dfe000 :6821 s=STATE_OPEN_MESSAGE_READ_FOOTER_AND_DISPATCH pgs=41278 cs=1 l=0). rx client.12429099 seq 12623 0x7f4a652ad180 client_session(request_renewcaps seq 25092) v1 -2667>
2020-06-01 13:48:22.943832 7f4a4fead700 1 -- 100.97.140.48:6821/2734156667 <== client.12429099 10.220.189.19:0/1805309661 12623 ==== client_session(request_renewcaps seq 25092) v1 ==== 28+0+0 (348076955 0 0) 0x7f4a652ad180 con 0x7f4a60dfe000 -2666>
2020-06-01 13:48:22.943853 7f4a4fead700 3 mds.4.server handle_client_session client_session(request_renewcaps seq 25092) v1 from client.12429099 -2665>
2020-06-01 13:48:22.943860 7f4a4fead700 1 -- 100.97.140.48:6821/2734156667 --> 10.220.189.19:0/1805309661 -- client_session(renewcaps seq 25092) v2 -- 0x7f4a672a1f80 con 0 -2664>
2020-06-01 13:48:22.967780 7f4a52627700 5 -- 100.97.140.48:6821/2734156667 >> 10.220.189.48:0/3503841068 conn(0x7f4a6152f800 :6821 s=STATE_OPEN_MESSAGE_READ_FOOTER_AND_DISPATCH pgs=15473 cs=1 l=0). rx client.10592959 seq 15288 0x7f4a672a8b40 client_session(request_renewcaps seq 281989) -2663>
2020-06-01 13:48:22.967804 7f4a4fead700 1 -- 100.97.140.48:6821/2734156667 <== client.10592959 10.220.189.48:0/3503841068 15288 ==== client_session(request_renewcaps seq 281989) ==== 28+0+0 (2286315186 0 0) 0x7f4a672a8b40 con 0x7f4a6152f800 -2662>
2020-06-01 13:48:22.967817 7f4a4fead700 3 mds.4.server handle_client_session client_session(request_renewcaps seq 281989) from client.10592959 -2661>
2020-06-01 13:48:22.967822 7f4a4fead700 1 -- 100.97.140.48:6821/2734156667 --> 10.220.189.48:0/3503841068 -- client_session(renewcaps seq 281989) v2 -- 0x7f4a652ad180 con 0 -2660>
2020-06-01 13:48:23.033457 7f4a51e26700 5 -- 100.97.140.48:6821/2734156667 >> 10.220.189.44:0/2725550367 conn(0x7f4a61577800 :6821 s=STATE_OPEN_MESSAGE_READ_FOOTER_AND_DISPATCH pgs=235991 cs=1 l=0). rx client.10355245 seq 12622 0x7f4a672a1f80 client_session(request_renewcaps seq 259426) v1 -2659>
2020-06-01 13:48:23.033485 7f4a4fead700 1 -- 100.97.140.48:6821/2734156667 <== client.10355245 10.220.189.44:0/2725550367 12622 ==== client_session(request_renewcaps seq 259426) v1 ==== 28+0+0 (1455197229 0 0) 0x7f4a672a1f80 con 0x7f4a61577800 -2658>
2020-06-01 13:48:23.033506 7f4a4fead700 3 mds.4.server handle_client_session client_session(request_renewcaps seq 259426) v1 from client.10355245 -2657>
2020-06-01 13:48:23.033512 7f4a4fead700 1 -- 100.97.140.48:6821/2734156667 --> 10.220.189.44:0/2725550367 -- client_session(renewcaps seq 259426) v2 -- 0x7f4a672a8b40 con 0 -2656>
2020-06-01 13:48:23.492378 7f4a52e28700 5 -- 100.97.140.48:6821/2734156667 >> 10.220.189.26:0/1338026786 conn(0x7f4a60bf1000 :6821 s=STATE_OPEN_MESSAGE_READ_FOOTER_AND_DISPATCH pgs=28 cs=1 l=0). rx client.10625920 seq 12622 0x7f4a672a2400 client_session(request_renewcaps seq 228687) v1 -2655>
2020-06-01 13:48:23.492426 7f4a4fead700 1 -- 100.97.140.48:6821/2734156667 <== client.10625920 10.220.189.26:0/1338026786 12622 ==== client_session(request_renewcaps seq 228687) v1 ==== 28+0+0 (1311540146 0 0) 0x7f4a672a2400 con 0x7f4a60bf1000 -2654>
2020-06-01 13:48:23.492453 7f4a4fead700 3 mds.4.server handle_client_session client_session(request_renewcaps seq 228687) v1 from client.10625920 -2653>
2020-06-01 13:48:23.492462 7f4a4fead700 1 -- 100.97.140.48:6821/2734156667 --> 10.220.189.26:0/1338026786 -- client_session(renewcaps seq 228687) v2 -- 0x7f4a672a1f80 con 0 -2652>
2020-06-01 13:48:23.506721 7f4a52627700 5 -- 100.97.140.48:6821/2734156667 >> 10.220.189.45:0/3046312250 conn(0x7f4a61579000 :6821 s=STATE_OPEN_MESSAGE_READ_FOOTER_AND_DISPATCH pgs=222915 cs=1 l=0). rx client.12005004 seq 12622 0x7f4a652ad180 client_session(request_renewcaps seq 73134) v1 -2651>
2020-06-01 13:48:23.506748 7f4a4fead700 1 -- 100.97.140.48:6821/2734156667 <== client.12005004 10.220.189.45:0/3046312250 12622 ==== client_session(request_renewcaps seq 73134) v1 ==== 28+0+0 (4213054274 0 0) 0x7f4a652ad180 con 0x7f4a61579000 -2650>
2020-06-01 13:48:23.506766 7f4a4fead700 3 mds.4.server handle_client_session client_session(request_renewcaps seq 73134) v1 from client.12005004 -2649>
2020-06-01 13:48:23.506773 7f4a4fead700 1 -- 100.97.140.48:6821/2734156667 --> 10.220.189.45:0/3046312250 -- client_session(renewcaps seq 73134) v2 -- 0x7f4a672a2400 con 0 -2648>
2020-06-01 13:48:23.508563 7f4a52e28700 5 -- 100.97.140.48:6821/2734156667 >> 10.220.189.15:0/390352979 conn(0x7f4a60d96000 :6821 s=STATE_OPEN_MESSAGE_READ_FOOTER_AND_DISPATCH pgs=275595 cs=1 l=0). rx client.11850909 seq 12627 0x7f4a672a1f80 client_session(request_renewcaps seq 90269) v1 -2647>
2020-06-01 13:48:23.508589 7f4a4fead700 1 -- 100.97.140.48:6821/2734156667 <== client.11850909 10.220.189.15:0/390352979 12627 ==== client_session(request_renewcaps seq 90269) v1 ==== 28+0+0 (1713615603 0 0) 0x7f4a672a1f80 con 0x7f4a60d96000 -2646>
2020-06-01 13:48:23.508605 7f4a4fead700 3 mds.4.server handle_client_session client_session(request_renewcaps seq 90269) v1 from client.11850909 -2645>
2020-06-01 13:48:23.508612 7f4a4fead700 1 -- 100.97.140.48:6821/2734156667 --> 10.220.189.15:0/390352979 -- client_session(renewcaps seq 90269) v2 -- 0x7f4a652ad180 con 0 -2644>
2020-06-01 13:48:23.511018 7f4a52e28700 5 -- 100.97.140.48:6821/2734156667 >> 10.220.189.18:0/490149428 conn(0x7f4a616ac000 :6821 s=STATE_OPEN_MESSAGE_READ_FOOTER_AND_DISPATCH pgs=46266 cs=1 l=0). rx client.12377847 seq 12624 0x7f4a652ad180 client_session(request_renewcaps seq 29619) v1 -2643>
2020-06-01 13:48:23.511042 7f4a4fead700 1 -- 100.97.140.48:6821/2734156667 <== client.12377847 10.220.189.18:0/490149428 12624 ==== client_session(request_renewcaps seq 29619) v1 ==== 28+0+0 (3187006509 0 0) 0x7f4a652ad180 con 0x7f4a616ac000 -2642>
2020-06-01 13:48:23.511058 7f4a4fead700 3 mds.4.server handle_client_session client_session(request_renewcaps seq 29619) v1 from client.12377847 -2641>
2020-06-01 13:48:23.511063 7f4a4fead700 1 -- 100.97.140.48:6821/2734156667 --> 10.220.189.18:0/490149428 -- client_session(renewcaps seq 29619) v2 -- 0x7f4a672a1f80 con 0 -2640>
2020-06-01 13:48:24.314564 7f4a52627700 5 -- 100.97.140.48:6821/2734156667 >> 10.220.87.171:0/844521640 conn(0x7f4a61409800 :6821 s=STATE_OPEN_MESSAGE_READ_FOOTER_AND_DISPATCH pgs=3445020 cs=1 l=0). rx client.3881273 seq 12622 0x7f4a672a2400 client_session(request_renewcaps seq 1014672) v1 -2639>
2020-06-01 13:48:24.314612 7f4a4fead700 1 -- 100.97.140.48:6821/2734156667 <== client.3881273 10.220.87.171:0/844521640 12622 ==== client_session(request_renewcaps seq 1014672) v1 ==== 28+0+0 (2720722469 0 0) 0x7f4a672a2400 con 0x7f4a61409800 -2638>
2020-06-01 13:48:24.314636 7f4a4fead700 3 mds.4.server handle_client_session client_session(request_renewcaps seq 1014672) v1 from client.3881273 -2637>
2020-06-01 13:48:24.314645 7f4a4fead700 1 -- 100.97.140.48:6821/2734156667 --> 10.220.87.171:0/844521640 -- client_session(renewcaps seq 1014672) v2 -- 0x7f4a652ad180 con 0 -2636>
2020-06-01 13:48:24.319893 7f4a51e26700 5 -- 100.97.140.48:6821/2734156667 >> 10.220.189.26:0/4240916421 conn(0x7f4a615f9800 :6821 s=STATE_OPEN_MESSAGE_READ_FOOTER_AND_DISPATCH pgs=16 cs=1 l=0). rx client.12535760 seq 12622 0x7f4a672a8b40 client_session(request_renewcaps seq 12896) v1 -2635>
2020-06-01 13:48:24.319918 7f4a4fead700 1 -- 100.97.140.48:6821/2734156667 <== client.12535760 10.220.189.26:0/4240916421 12622 ==== client_session(request_renewcaps seq 12896) v1 ==== 28+0+0 (3056166578 0 0) 0x7f4a672a8b40 con 0x7f4a615f9800 -2634>
2020-06-01 13:48:24.319928 7f4a4fead700 3 mds.4.server handle_client_session client_session(request_renewcaps seq 12896) v1 from client.12535760 -2633>
2020-06-01 13:48:24.319933 7f4a4fead700 1 -- 100.97.140.48:6821/2734156667 --> 10.220.189.26:0/4240916421 -- client_session(renewcaps seq 12896) v2 -- 0x7f4a672a2400 con 0 -2632>
2020-06-01 13:48:24.532216 7f4a506ae700 5 asok(0x7f4a608301c0) AdminSocket: request 'get_command_descriptions' '' to 0x7f4a607fc210 returned 4711 bytes -2631>
2020-06-01 13:48:24.555971 7f4a506ae700 1 do_command 'perf dump' ' -2630>
2020-06-01 13:48:24.556172 7f4a506ae700 1 do_command 'perf dump' 'result is 9143 bytes -2629>
2020-06-01 13:48:24.556177 7f4a506ae700 5 asok(0x7f4a608301c0) AdminSocket: request 'perf dump' '' to 0x7f4a607fc040 returned 9143 bytes -2628>
2020-06-01 13:48:24.694702 7f4a52627700 5 -- 100.97.140.48:6821/2734156667 >> 10.220.189.17:0/3263787529 conn(0x7f4a60dd1800 :6821 s=STATE_OPEN_MESSAGE_READ_FOOTER_AND_DISPATCH pgs=168 cs=1 l=0). rx client.12496260 seq 12622 0x7f4a652ad180 client_session(request_renewcaps seq 17253) v1 -2627>
2020-06-01 13:48:24.694750 7f4a4fead700 1 -- 100.97.140.48:6821/2734156667 <== client.12496260 10.220.189.17:0/3263787529 12622 ==== client_session(request_renewcaps seq 17253) v1 ==== 28+0+0 (1100549514 0 0) 0x7f4a652ad180 con 0x7f4a60dd1800 -2626>
2020-06-01 13:48:24.694781 7f4a4fead700 3 mds.4.server handle_client_session client_session(request_renewcaps seq 17253) v1 from client.12496260 -2625>
2020-06-01 13:48:24.694790 7f4a4fead700 1 -- 100.97.140.48:6821/2734156667 --> 10.220.189.17:0/3263787529 -- client_session(renewcaps seq 17253) v2 -- 0x7f4a672a8b40 con 0 -2624>
2020-06-01 13:48:25.096121 7f4a4eeab700 10 monclient: tick -2623>
2020-06-01 13:48:25.096143 7f4a4eeab700 10 monclient: _check_auth_rotating have uptodate secrets (they expire after
2020-06-01 13:47:55.096141) -2622>
2020-06-01 13:48:25.096680 7f4a4d6a8700 2 mds.4.cache check_memory_usage total 509144, rss 128824, heap 16888, baseline 16888, buffers 0, 0 / 39 inodes have caps, 0 caps, 0 caps per inode -2621>
2020-06-01 13:48:25.097576 7f4a51e26700 5 -- 100.97.140.48:6821/2734156667 >> 10.220.189.29:0/3971196822 conn(0x7f4a61653000 :6821 s=STATE_OPEN_MESSAGE_READ_FOOTER_AND_DISPATCH pgs=163128 cs=1 l=0). rx client.12119051 seq 12622 0x7f4a672a2400 client_session(request_renewcaps seq 58806) v1 -2620>
2020-06-01 13:48:25.097614 7f4a4fead700 1 -- 100.97.140.48:6821/2734156667 <== client.12119051 10.220.189.29:0/3971196822 12622 ==== client_session(request_renewcaps seq 58806) v1 ==== 28+0+0 (3068730133 0 0) 0x7f4a672a2400 con 0x7f4a61653000 -2619>
2020-06-01 13:48:25.097637 7f4a4fead700 3 mds.4.server handle_client_session client_session(request_renewcaps seq 58806) v1 from client.12119051 -2618>
2020-06-01 13:48:25.097646 7f4a4fead700 1 -- 100.97.140.48:6821/2734156667 --> 10.220.189.29:0/3971196822 -- client_session(renewcaps seq 58806) v2 -- 0x7f4a652ad180 con 0 -2617>
2020-06-01 13:48:25.336627 7f4a52627700 5 -- 100.97.140.48:6821/2734156667 >> 10.240.90.205:0/637664608 conn(0x7f4a615dc000 :6821 s=STATE_OPEN_MESSAGE_READ_FOOTER_AND_DISPATCH pgs=3032211 cs=1 l=0). rx client.4629798 seq 12622 0x7f4a672a8b40 client_session(request_renewcaps seq 860281) v1 -2616>
2020-06-01 13:48:25.336675 7f4a4fead700 1 -- 100.97.140.48:6821/2734156667 <== client.4629798 10.240.90.205:0/637664608 12622 ==== client_session(request_renewcaps seq 860281) v1 ==== 28+0+0 (606732530 0 0) 0x7f4a672a8b40 con 0x7f4a615dc000 -2615>
2020-06-01 13:48:25.336702 7f4a4fead700 3 mds.4.server handle_client_session client_session(request_renewcaps seq 860281) v1 from client.4629798 -2614>
2020-06-01 13:48:25.336711 7f4a4fead700 1 -- 100.97.140.48:6821/2734156667 --> 10.240.90.205:0/637664608 -- client_session(renewcaps seq 860281) v2 -- 0x7f4a672a2400 con 0 -2613>
2020-06-01 13:48:25.339944 7f4a4dea9700 1 -- 100.97.140.48:6821/2734156667 --> 100.97.140.48:6820/2345 -- mgrreport(unknown.TX-97-140-48 +0-0 packed 214) v5 -- 0x7f4a60ebfb80 con 0 -2612>
2020-06-01 13:48:25.403713 7f4a51e26700 5 -- 100.97.140.48:6821/2734156667 >> 10.220.189.14:0/2939900705 conn(0x7f4a60e70000 :6821 s=STATE_OPEN_MESSAGE_READ_FOOTER_AND_DISPATCH pgs=170 cs=1 l=0). rx client.12488361 seq 12622 0x7f4a652ad180 client_session(request_renewcaps seq 17253) v1 -2611>
2020-06-01 13:48:25.403760 7f4a4fead700 1 -- 100.97.140.48:6821/2734156667 <== client.12488361 10.220.189.14:0/2939900705 12622 ==== client_session(request_renewcaps seq 17253) v1 ==== 28+0+0 (1100549514 0 0) 0x7f4a652ad180 con 0x7f4a60e70000 -2610>
2020-06-01 13:48:25.403785 7f4a4fead700 3 mds.4.server handle_client_session client_session(request_renewcaps seq 17253) v1 from client.12488361 -2609>
2020-06-01 13:48:25.403794 7f4a4fead700 1 -- 100.97.140.48:6821/2734156667 --> 10.220.189.14:0/2939900705 -- client_session(renewcaps seq 17253) v2 -- 0x7f4a672a8b40 con 0 -2608>
2020-06-01 13:48:25.455456 7f4a52e28700 5 -- 100.97.140.48:6821/2734156667 >> 10.240.105.171:0/2093041080 conn(0x7f4a60e8a800 :6821 s=STATE_OPEN_MESSAGE_READ_FOOTER_AND_DISPATCH pgs=507408 cs=1 l=0). rx client.10539328 seq 12622 0x7f4a672a1f80 client_session(request_renewcaps seq 237894) v1 -2607>
2020-06-01 13:48:25.455483 7f4a4fead700 1 -- 100.97.140.48:6821/2734156667 <== client.10539328 10.240.105.171:0/2093041080 12622 ==== client_session(request_renewcaps seq 237894) v1 ==== 28+0+0 (1006476059 0 0) 0x7f4a672a1f80 con 0x7f4a60e8a800 -2606>
2020-06-01 13:48:25.455506 7f4a4fead700 3 mds.4.server handle_client_session client_session(request_renewcaps seq 237894) v1 from client.10539328 -2605>
2020-06-01 13:48:25.455512 7f4a4fead700 1 -- 100.97.140.48:6821/2734156667 --> 10.240.105.171:0/2093041080 -- client_session(renewcaps seq 237894) v2 -- 0x7f4a652ad180 con 0 -2604>
2020-06-01 13:48:25.895387 7f4a52627700 5 -- 100.97.140.48:6821/2734156667 >> 10.220.189.46:0/103757562 conn(0x7f4a60dbd000 :6821 s=STATE_OPEN_MESSAGE_READ_FOOTER_AND_DISPATCH pgs=222915 cs=1 l=0). rx client.12005009 seq 12622 0x7f4a672a2400 client_session(request_renewcaps seq 73134) v1 -2603>
2020-06-01 13:48:25.895435 7f4a4fead700 1 -- 100.97.140.48:6821/2734156667 <== client.12005009 10.220.189.46:0/103757562 12622 ==== client_session(request_renewcaps seq 73134) v1 ==== 28+0+0 (4213054274 0 0) 0x7f4a672a2400 con 0x7f4a60dbd000 -2602>
2020-06-01 13:48:25.895461 7f4a4fead700 3 mds.4.server handle_client_session client_session(request_renewcaps seq 73134) v1 from client.12005009 -2601>
2020-06-01 13:48:25.895470 7f4a4fead700 1 -- 100.97.140.48:6821/2734156667 --> 10.220.189.46:0/103757562 -- client_session(renewcaps seq 73134) v2 -- 0x7f4a672a1f80 con 0 -2600>
2020-06-01 13:48:26.258326 7f4a51e26700 5 -- 100.97.140.48:6821/2734156667 >> 100.97.140.32:6820/1879232263 conn(0x7f4a60cec800 :6821 s=STATE_OPEN_MESSAGE_READ_FOOTER_AND_DISPATCH pgs=3423089 cs=1 l=0). rx mds.0 seq 321008 0x7f4a624d2d00 lock(a=lock inest 0x10002a2cf74.head) v1 -2599>
2020-06-01 13:48:26.258374 7f4a4fead700 1 -- 100.97.140.48:6821/2734156667 <== mds.0 100.97.140.32:6820/1879232263 321008 ==== lock(a=lock inest 0x10002a2cf74.head) v1 ==== 69+0+0 (1882309527 0 0) 0x7f4a624d2d00 con 0x7f4a60cec800 -2598>
2020-06-01 13:48:26.258415 7f4a4fead700 1 -- 100.97.140.48:6821/2734156667 _send_message--> mds.0 100.97.140.32:6820/1879232263 -- lock(a=lockack inest 0x10002a2cf74.head) v1 -- ?+0 0x7f4a624e5180 -2597>
2020-06-01 13:48:26.258427 7f4a4fead700 1 -- 100.97.140.48:6821/2734156667 --> 100.97.140.32:6820/1879232263 -- lock(a=lockack inest 0x10002a2cf74.head) v1 -- 0x7f4a624e5180 con 0 -2596>
2020-06-01 13:48:26.258531 7f4a51e26700 5 -- 100.97.140.48:6821/2734156667 >> 100.97.140.32:6820/1879232263 conn(0x7f4a60cec800 :6821 s=STATE_OPEN_MESSAGE_READ_FOOTER_AND_DISPATCH pgs=3423089 cs=1 l=0). rx mds.0 seq 321009 0x7f4a62415680 HB magic: 0 v1 -2595>
2020-06-01 13:48:26.258552 7f4a4fead700 1 -- 100.97.140.48:6821/2734156667 <== mds.0 100.97.140.32:6820/1879232263 321009 ==== HB magic: 0 v1 ==== 358+0+0 (3589975906 0 0) 0x7f4a62415680 con 0x7f4a60cec800 -2594>
2020-06-01 13:48:26.258618 7f4a4fead700 5 mds.4.bal mds.4 epoch 2811839 load mdsload<[0,0 0]/[0,0 0], req 0, hr 0, qlen 0, cpu 0.52> -2593>
2020-06-01 13:48:26.258639 7f4a4fead700 1 -- 100.97.140.48:6821/2734156667 _send_message--> mds.0 100.97.140.32:6820/1879232263 -- HB magic: 0 v1 -- ?+0 0x7f4a624d2d00 -2592>
2020-06-01 13:48:26.258648 7f4a4fead700 1 -- 100.97.140.48:6821/2734156667 --> 100.97.140.32:6820/1879232263 -- HB magic: 0 v1 -- 0x7f4a624d2d00 con 0 -2591>
2020-06-01 13:48:26.258660 7f4a4fead700 1 -- 100.97.140.48:6821/2734156667 _send_message--> mds.1 100.97.140.52:6820/390676609 -- HB magic: 0 v1 -- ?+0 0x7f4a6122dc00 -2590>
2020-06-01 13:48:26.258668 7f4a4fead700 1 -- 100.97.140.48:6821/2734156667 --> 100.97.140.52:6820/390676609 -- HB magic: 0 v1 -- 0x7f4a6122dc00 con 0 -2589>
2020-06-01 13:48:26.258681 7f4a4fead700 1 -- 100.97.140.48:6821/2734156667 _send_message--> mds.2 100.97.140.61:6820/557565904 -- HB magic: 0 v1 -- ?+0 0x7f4a6249a800 -2588>
2020-06-01 13:48:26.258688 7f4a4fead700 1 -- 100.97.140.48:6821/2734156667 --> 100.97.140.61:6820/557565904 -- HB magic: 0 v1 -- 0x7f4a6249a800 con 0 -2587>
2020-06-01 13:48:26.258698 7f4a4fead700 1 -- 100.97.140.48:6821/2734156667 _send_message--> mds.3 100.97.140.31:6820/2617382067 -- HB magic: 0 v1 -- ?+0 0x7f4a62499400 -2586>
2020-06-01 13:48:26.258705 7f4a4fead700 1 -- 100.97.140.48:6821/2734156667 --> 100.97.140.31:6820/2617382067 -- HB magic: 0 v1 -- 0x7f4a62499400 con 0 -2585>
2020-06-01 13:48:26.258719 7f4a4fead700 1 -- 100.97.140.48:6821/2734156667 _send_message--> mds.5 100.97.140.57:6820/168678367 -- HB magic: 0 v1 -- ?+0 0x7f4a6255d680 -2584>
2020-06-01 13:48:26.258726 7f4a4fead700 1 -- 100.97.140.48:6821/2734156667 --> 100.97.140.57:6820/168678367 -- HB magic: 0 v1 -- 0x7f4a6255d680 con 0 -2583>
2020-06-01 13:48:26.258736 7f4a4fead700 1 -- 100.97.140.48:6821/2734156667 _send_message--> mds.6 100.97.140.56:6820/1897498247 -- HB magic: 0 v1 -- ?+0 0x7f4a624d0500 -2582>
2020-06-01 13:48:26.258743 7f4a4fead700 1 -- 100.97.140.48:6821/2734156667 --> 100.97.140.56:6820/1897498247 -- HB magic: 0 v1 -- 0x7f4a624d0500 con 0 -2581>
2020-06-01 13:48:26.258753 7f4a4fead700 1 -- 100.97.140.48:6821/2734156667 _send_message--> mds.7 100.97.140.50:6820/2234244794 -- HB magic: 0 v1 -- ?+0 0x7f4a611ec580 -2580>
2020-06-01 13:48:26.258753 7f4a51e26700 5 -- 100.97.140.48:6821/2734156667 >> 100.97.140.61:6820/557565904 conn(0x7f4a60ad1800 :-1 s=STATE_OPEN_MESSAGE_READ_FOOTER_AND_DISPATCH pgs=1620 cs=1 l=0). rx mds.2 seq 25242 0x7f4a624e5180 HB magic: 0 v1 -2579>
2020-06-01 13:48:26.258760 7f4a4fead700 1 -- 100.97.140.48:6821/2734156667 --> 100.97.140.50:6820/2234244794 -- HB magic: 0 v1 -- 0x7f4a611ec580 con 0 -2578>
2020-06-01 13:48:26.258777 7f4a4fead700 1 -- 100.97.140.48:6821/2734156667 <== mds.2 100.97.140.61:6820/557565904 25242 ==== HB magic: 0 v1 ==== 366+0+0 (3622721968 0 0) 0x7f4a624e5180 con 0x7f4a60ad1800 -2577>
2020-06-01 13:48:26.258847 7f4a52627700 5 -- 100.97.140.48:6821/2734156667 >> 100.97.140.52:6820/390676609 conn(0x7f4a60b06800 :-1 s=STATE_OPEN_MESSAGE_READ_FOOTER_AND_DISPATCH pgs=1387905 cs=1 l=0). rx mds.1 seq 25248 0x7f4a6122cd00 HB magic: 0 v1 -2576>
2020-06-01 13:48:26.258841 7f4a51e26700 5 -- 100.97.140.48:6821/2734156667 >> 100.97.140.56:6820/1897498247 conn(0x7f4a60bef800 :-1 s=STATE_OPEN_MESSAGE_READ_FOOTER_AND_DISPATCH pgs=208465 cs=1 l=0). rx mds.6 seq 25243 0x7f4a624d0780 HB magic: 0 v1 -2575>
2020-06-01 13:48:26.258878 7f4a4fead700 1 -- 100.97.140.48:6821/2734156667 <== mds.1 100.97.140.52:6820/390676609 25248 ==== HB magic: 0 v1 ==== 366+0+0 (2593955464 0 0) 0x7f4a6122cd00 con 0x7f4a60b06800 -2574>
2020-06-01 13:48:26.258891 7f4a4fead700 1 -- 100.97.140.48:6821/2734156667 <== mds.6 100.97.140.56:6820/1897498247 25243 ==== HB magic: 0 v1 ==== 358+0+0 (1807910827 0 0) 0x7f4a624d0780 con 0x7f4a60bef800 -2573>
2020-06-01 13:48:26.258908 7f4a52627700 5 -- 100.97.140.48:6821/2734156667 >> 100.97.140.57:6820/168678367 conn(0x7f4a60ad4800 :-1 s=STATE_OPEN_MESSAGE_READ_FOOTER_AND_DISPATCH pgs=4866 cs=1 l=0). rx mds.5 seq 25243 0x7f4a624e7c00 HB magic: 0 v1 -2572>
2020-06-01 13:48:26.258925 7f4a4fead700 1 -- 100.97.140.48:6821/2734156667 <== mds.5 100.97.140.57:6820/168678367 25243 ==== HB magic: 0 v1 ==== 366+0+0 (2715909888 0 0) 0x7f4a624e7c00 con 0x7f4a60ad4800 -2571>
2020-06-01 13:48:26.258911 7f4a52e28700 5 -- 100.97.140.48:6821/2734156667 >> 100.97.140.31:6820/2617382067 conn(0x7f4a60ad3000 :-1 s=STATE_OPEN_MESSAGE_READ_FOOTER_AND_DISPATCH pgs=1752386 cs=1 l=0). rx mds.3 seq 25243 0x7f4a6247bc00 HB magic: 0 v1 -2570>
2020-06-01 13:48:26.258948 7f4a4fead700 1 -- 100.97.140.48:6821/2734156667 <== mds.3 100.97.140.31:6820/2617382067 25243 ==== HB magic: 0 v1 ==== 366+0+0 (1421847942 0 0) 0x7f4a6247bc00 con 0x7f4a60ad3000 -2569>
2020-06-01 13:48:26.258966 7f4a52e28700 5 -- 100.97.140.48:6821/2734156667 >> 100.97.140.50:6820/2234244794 conn(0x7f4a60bee000 :-1 s=STATE_OPEN_MESSAGE_READ_FOOTER_AND_DISPATCH pgs=300173 cs=1 l=0). rx mds.7 seq 25243 0x7f4a624d2300 HB magic: 0 v1 -2568>
2020-06-01 13:48:26.258982 7f4a4fead700 1 -- 100.97.140.48:6821/2734156667 <== mds.7 100.97.140.50:6820/2234244794 25243 ==== HB magic: 0 v1 ==== 358+0+0 (1571378733 0 0) 0x7f4a624d2300 con 0x7f4a60bee000 -2567>
2020-06-01 13:48:26.258992 7f4a4fead700 5 mds.4.bal prep_rebalance: cluster loads are -2566>
2020-06-01 13:48:26.258999 7f4a51e26700 5 -- 100.97.140.48:6821/2734156667 >> 100.97.140.32:6820/1879232263 conn(0x7f4a60cec800 :6821 s=STATE_OPEN_MESSAGE_READ_FOOTER_AND_DISPATCH pgs=3423089 cs=1 l=0). rx mds.0 seq 321010 0x7f4a62a79840 gather_caps(0x10002a2cf74) v1 -2565>
2020-06-01 13:48:26.259001 7f4a4fead700 5 mds.4.bal prep_rebalance: my load 0 target 3.20764e+08 total 2.56611e+09 -2564>
2020-06-01 13:48:26.259016 7f4a4fead700 5 mds.4.bal i am underloaded or barely overloaded, doing nothing. -2563>
2020-06-01 13:48:26.259036 7f4a4fead700 1 -- 100.97.140.48:6821/2734156667 <== mds.0 100.97.140.32:6820/1879232263 321010 ==== gather_caps(0x10002a2cf74) v1 ==== 8+0+0 (4184419736 0 0) 0x7f4a62a79840 con 0x7f4a60cec800 -2562>
2020-06-01 13:48:26.260574 7f4a51e26700 5 -- 100.97.140.48:6821/2734156667 >> 100.97.140.32:6820/1879232263 conn(0x7f4a60cec800 :6821 s=STATE_OPEN_MESSAGE_READ_FOOTER_AND_DISPATCH pgs=3423089 cs=1 l=0). rx mds.0 seq 321011 0x7f4a6249a800 lock(a=lockflushed inest 0x10002a2cf74.head) v1 -2561>
2020-06-01 13:48:26.260593 7f4a4fead700 1 -- 100.97.140.48:6821/2734156667 <== mds.0 100.97.140.32:6820/1879232263 321011 ==== lock(a=lockflushed inest 0x10002a2cf74.head) v1 ==== 69+0+0 (2441002383 0 0) 0x7f4a6249a800 con 0x7f4a60cec800 -2560>
2020-06-01 13:48:26.260735 7f4a51e26700 5 -- 100.97.140.48:6821/2734156667 >> 100.97.140.32:6820/1879232263 conn(0x7f4a60cec800 :6821 s=STATE_OPEN_MESSAGE_READ_FOOTER_AND_DISPATCH pgs=3423089 cs=1 l=0). rx mds.0 seq 321012 0x7f4a624d0500 lock(a=mix inest 0x10002a2cf74.head) v1 -2559>
2020-06-01 13:48:26.260753 7f4a4fead700 1 -- 100.97.140.48:6821/2734156667 <== mds.0 100.97.140.32:6820/1879232263 321012 ==== lock(a=mix inest 0x10002a2cf74.head) v1 ==== 291+0+0 (2783270449 0 0) 0x7f4a624d0500 con 0x7f4a60cec800 -2558>
2020-06-01 13:48:26.346175 7f4a4cea7700 10 monclient: _send_mon_message to mon.TX-97-140-59 at 100.97.140.59:6789/0 -2557>
2020-06-01 13:48:26.346199 7f4a4cea7700 1 -- 100.97.140.48:6821/2734156667 --> 100.97.140.59:6789/0 -- mdsbeacon(12541229/TX-97-140-48 up:active seq 63106 v415) v7 -- 0x7f4a673009c0 con 0 -2556>
2020-06-01 13:48:26.347143 7f4a52627700 5 -- 100.97.140.48:6821/2734156667 >> 100.97.140.59:6789/0 conn(0x7f4a60a43000 :-1 s=STATE_OPEN_MESSAGE_READ_FOOTER_AND_DISPATCH pgs=2504874 cs=1 l=1). rx mon.4 seq 63307 0x7f4a673009c0 mdsbeacon(12541229/TX-97-140-48 up:active seq 63106 v415) v7 -2555>
2020-06-01 13:48:26.347178 7f4a4fead700 1 -- 100.97.140.48:6821/2734156667 <== mon.4 100.97.140.59:6789/0 63307 ==== mdsbeacon(12541229/TX-97-140-48 up:active seq 63106 v415) v7 ==== 137+0+0 (3259250551 0 0) 0x7f4a673009c0 con 0x7f4a60a43000 -2554>
2020-06-01 13:48:26.358675 7f4a52e28700 5 -- 100.97.140.48:6821/2734156667 >> 10.220.189.56:0/1009371684 conn(0x7f4a60e71800 :6821 s=STATE_OPEN_MESSAGE_READ_FOOTER_AND_DISPATCH pgs=2038 cs=1 l=0). rx client.12488371 seq 12622 0x7f4a652ad180 client_session(request_renewcaps seq 17253) v1 -2553>
2020-06-01 13:48:26.358703 7f4a4fead700 1 -- 100.97.140.48:6821/2734156667 <== client.12488371 10.220.189.56:0/1009371684 12622 ==== client_session(request_renewcaps seq 17253) v1 ==== 28+0+0 (1100549514 0 0) 0x7f4a652ad180 con 0x7f4a60e71800 -2552>
2020-06-01 13:48:26.358722 7f4a4fead700 3 mds.4.server handle_client_session client_session(request_renewcaps seq 17253) v1 from client.12488371 -2551>
2020-06-01 13:48:26.358730 7f4a4fead700 1 -- 100.97.140.48:6821/2734156667 --> 10.220.189.56:0/1009371684 -- client_session(renewcaps seq 17253) v2 -- 0x7f4a672a2400 con 0 -2550>
2020-06-01 13:48:26.466470 7f4a51e26700 5 -- 100.97.140.48:6821/2734156667 >> 10.220.189.43:0/3730083321 conn(0x7f4a60caf800 :6821 s=STATE_OPEN_MESSAGE_READ_FOOTER_AND_DISPATCH pgs=61 cs=1 l=0). rx client.6380056 seq 12622 0x7f4a672a8b40 client_session(request_renewcaps seq 647725) v1 -2549>
2020-06-01 13:48:26.466516 7f4a4fead700 1 -- 100.97.140.48:6821/2734156667 <== client.6380056 10.220.189.43:0/3730083321 12622 ==== client_session(request_renewcaps seq 647725) v1 ==== 28+0+0 (4177641467 0 0) 0x7f4a672a8b40 con 0x7f4a60caf800 -2548>
2020-06-01 13:48:26.466536 7f4a4fead700 3 mds.4.server handle_client_session client_session(request_renewcaps seq 647725) v1 from client.6380056 -2547>
2020-06-01 13:48:26.466544 7f4a4fead700 1 -- 100.97.140.48:6821/2734156667 --> 10.220.189.43:0/3730083321 -- client_session(renewcaps seq 647725) v2 -- 0x7f4a652ad180 con 0 -2546>
2020-06-01 13:48:26.919484 7f4a52627700 5 -- 100.97.140.48:6821/2734156667 >> 10.240.7.24:0/2549208329 conn(0x7f4a60de2000 :6821 s=STATE_OPEN_MESSAGE_READ_FOOTER_AND_DISPATCH pgs=3540948 cs=1 l=0). rx client.3891150 seq 12622 0x7f4a672a1f80 client_session(request_renewcaps seq 1014669) v1 -2545>
2020-06-01 13:48:26.919538 7f4a4fead700 1 -- 100.97.140.48:6821/2734156667 <== client.3891150 10.240.7.24:0/2549208329 12622 ==== client_session(request_renewcaps seq 1014669) v1 ==== 28+0+0 (3205133903 0 0) 0x7f4a672a1f80 con 0x7f4a60de2000 -2544>
2020-06-01 13:48:26.919564 7f4a4fead700 3 mds.4.server handle_client_session client_session(request_renewcaps seq 1014669) v1 from client.3891150 -2543>
2020-06-01 13:48:26.919573 7f4a4fead700 1 -- 100.97.140.48:6821/2734156667 --> 10.240.7.24:0/2549208329 -- client_session(renewcaps seq 1014669) v2 -- 0x7f4a672a8b40 con 0 -2542>
2020-06-01 13:48:27.004722 7f4a51e26700 5 -- 100.97.140.48:6821/2734156667 >> 10.220.189.2:0/2619389564 conn(0x7f4a61420800 :6821 s=STATE_OPEN_MESSAGE_READ_FOOTER_AND_DISPATCH pgs=104024 cs=1 l=0). rx client.12261165 seq 12622 0x7f4a652ad180 client_session(request_renewcaps seq 43907) v1 -2541>
2020-06-01 13:48:27.004754 7f4a4fead700 1 -- 100.97.140.48:6821/2734156667 <== client.12261165 10.220.189.2:0/2619389564 12622 ==== client_session(request_renewcaps seq 43907) v1 ==== 28+0+0 (3959059234 0 0) 0x7f4a652ad180 con 0x7f4a61420800 -2540>
2020-06-01 13:48:27.004775 7f4a4fead700 3 mds.4.server handle_client_session client_session(request_renewcaps seq 43907) v1 from client.12261165 -2539>
2020-06-01 13:48:27.004781 7f4a4fead700 1 -- 100.97.140.48:6821/2734156667 --> 10.220.189.2:0/2619389564 -- client_session(renewcaps seq 43907) v2 -- 0x7f4a672a1f80 con 0 -2538>
2020-06-01 13:48:27.364400 7f4a52e28700 5 -- 100.97.140.48:6821/2734156667 >> 10.220.87.197:0/2146303333 conn(0x7f4a60cfb800 :6821 s=STATE_OPEN_MESSAGE_READ_FOOTER_AND_DISPATCH pgs=71 cs=1 l=0). rx client.3887687 seq 12622 0x7f4a672a2400 client_session(request_renewcaps seq 1014671) v1 -2537>
2020-06-01 13:48:27.364450 7f4a4fead700 1 -- 100.97.140.48:6821/2734156667 <== client.3887687 10.220.87.197:0/2146303333 12622 ==== client_session(request_renewcaps seq 1014671) v1 ==== 28+0+0 (3464070562 0 0) 0x7f4a672a2400 con 0x7f4a60cfb800 -2536>
2020-06-01 13:48:27.364476 7f4a4fead700 3 mds.4.server handle_client_session client_session(request_renewcaps seq 1014671) v1 from client.3887687 -2535>
2020-06-01 13:48:27.364485 7f4a4fead700 1 -- 100.97.140.48:6821/2734156667 --> 10.220.87.197:0/2146303333 -- client_session(renewcaps seq 1014671) v2 -- 0x7f4a652ad180 con 0 -2534>
2020-06-01 13:48:27.452448 7f4a52627700 5 -- 100.97.140.48:6821/2734156667 >> 10.220.189.44:0/1865944452 conn(0x7f4a61576000 :6821 s=STATE_OPEN_MESSAGE_READ_FOOTER_AND_DISPATCH pgs=190655 cs=1 l=0). rx client.11925639 seq 12622 0x7f4a672a8b40 client_session(request_renewcaps seq 81958) v1 -2533>
2020-06-01 13:48:27.452476 7f4a4fead700 1 -- 100.97.140.48:6821/2734156667 <== client.11925639 10.220.189.44:0/1865944452 12622 ==== client_session(request_renewcaps seq 81958) v1 ==== 28+0+0 (1437613595 0 0) 0x7f4a672a8b40 con 0x7f4a61576000 -2532>
2020-06-01 13:48:27.452500 7f4a4fead700 3 mds.4.server handle_client_session client_session(request_renewcaps seq 81958) v1 from client.11925639 -2531>
2020-06-01 13:48:27.452507 7f4a4fead700 1 -- 100.97.140.48:6821/2734156667 --> 10.220.189.44:0/1865944452 -- client_session(renewcaps seq 81958) v2 -- 0x7f4a672a2400 con 0 -2530>
2020-06-01 13:48:27.467474 7f4a52e28700 5 -- 100.97.140.48:6821/2734156667 >> 10.240.219.240:0/3083912231 conn(0x7f4a615e0800 :6821 s=STATE_OPEN_MESSAGE_READ_FOOTER_AND_DISPATCH pgs=1838864 cs=1 l=0). rx client.4636259 seq 12622 0x7f4a652ad180 client_session(request_renewcaps seq 860258) v1 -2529>
2020-06-01 13:48:27.467499 7f4a4fead700 1 -- 100.97.140.48:6821/2734156667 <== client.4636259 10.240.219.240:0/3083912231 12622 ==== client_session(request_renewcaps seq 860258) v1 ==== 28+0+0 (2862517423 0 0) 0x7f4a652ad180 con 0x7f4a615e0800 -2528>
2020-06-01 13:48:27.467512 7f4a4fead700 3 mds.4.server handle_client_session client_session(request_renewcaps seq 860258) v1 from client.4636259 -2527>
2020-06-01 13:48:27.467517 7f4a4fead700 1 -- 100.97.140.48:6821/2734156667 --> 10.240.219.240:0/3083912231 -- client_session(renewcaps seq 860258) v2 -- 0x7f4a672a8b40 con 0 -2526>
2020-06-01 13:48:27.578885 7f4a52627700 5 -- 100.97.140.48:6821/2734156667 >> 10.220.189.56:0/1073224370 conn(0x7f4a60e58000 :6821 s=STATE_OPEN_MESSAGE_READ_FOOTER_AND_DISPATCH pgs=146 cs=1 l=0). rx client.12487861 seq 12622 0x7f4a672a2400 client_session(request_renewcaps seq 17294) v1 -2525>
2020-06-01 13:48:27.578914 7f4a4fead700 1 -- 100.97.140.48:6821/2734156667 <== client.12487861 10.220.189.56:0/1073224370 12622 ==== client_session(request_renewcaps seq 17294) v1 ==== 28+0+0 (1671561145 0 0) 0x7f4a672a2400 con 0x7f4a60e58000 -2524>
2020-06-01 13:48:27.578930 7f4a4fead700 3 mds.4.server handle_client_session client_session(request_renewcaps seq 17294) v1 from client.12487861 -2523>
2020-06-01 13:48:27.578936 7f4a4fead700 1 -- 100.97.140.48:6821/2734156667 --> 10.220.189.56:0/1073224370 -- client_session(renewcaps seq 17294) v2 -- 0x7f4a652ad180 con 0 -2522>
2020-06-01 13:48:28.003629 7f4a51e26700 5 -- 100.97.140.48:6821/2734156667 >> 10.220.87.196:0/2262904259 conn(0x7f4a60b03800 :6821 s=STATE_OPEN_MESSAGE_READ_FOOTER_AND_DISPATCH pgs=70 cs=1 l=0). rx client.3891265 seq 12622 0x7f4a672a1f80 client_session(request_renewcaps seq 1014669) v1 -2521>
2020-06-01 13:48:28.003676 7f4a4fead700 1 -- 100.97.140.48:6821/2734156667 <== client.3891265 10.220.87.196:0/2262904259 12622 ==== client_session(request_renewcaps seq 1014669) v1 ==== 28+0+0 (3205133903 0 0) 0x7f4a672a1f80 con 0x7f4a60b03800 -2520>
2020-06-01 13:48:28.003701 7f4a4fead700 3 mds.4.server handle_client_session client_session(request_renewcaps seq 1014669) v1 from client.3891265 -2519>
2020-06-01 13:48:28.003710 7f4a4fead700 1 -- 100.97.140.48:6821/2734156667 --> 10.220.87.196:0/2262904259 -- client_session(renewcaps seq 1014669) v2 -- 0x7f4a672a2400 con 0 -2518>
2020-06-01 13:48:28.062657 7f4a52e28700 5 -- 100.97.140.48:6821/2734156667 >> 10.220.189.20:0/3075858096 conn(0x7f4a616b0800 :6821 s=STATE_OPEN_MESSAGE_READ_FOOTER_AND_DISPATCH pgs=169 cs=1 l=0). rx client.12496265 seq 12622 0x7f4a672a8b40 client_session(request_renewcaps seq 17253) v1 -2517>
2020-06-01 13:48:28.062683 7f4a4fead700 1 -- 100.97.140.48:6821/2734156667 <== client.12496265 10.220.189.20:0/3075858096 12622 ==== client_session(request_renewcaps seq 17253) v1 ==== 28+0+0 (1100549514 0 0) 0x7f4a672a8b40 con 0x7f4a616b0800 -2516>
2020-06-01 13:48:28.062700 7f4a4fead700 3 mds.4.server handle_client_session client_session(request_renewcaps seq 17253) v1 from client.12496265 -2515>
2020-06-01 13:48:28.062706 7f4a4fead700 1 -- 100.97.140.48:6821/2734156667 --> 10.220.189.20:0/3075858096 -- client_session(renewcaps seq 17253) v2 -- 0x7f4a672a1f80 con 0 -2514>
2020-06-01 13:48:28.203346 7f4a51e26700 5 -- 100.97.140.48:6821/2734156667 >> 10.220.189.22:0/852108787 conn(0x7f4a61689000 :6821 s=STATE_OPEN_MESSAGE_READ_FOOTER_AND_DISPATCH pgs=7190 cs=1 l=0). rx client.10874481 seq 12622 0x7f4a672a2400 client_session(request_renewcaps seq 199705) v1 -2513>
2020-06-01 13:48:28.203387 7f4a4fead700 1 -- 100.97.140.48:6821/2734156667 <== client.10874481 10.220.189.22:0/852108787 12622 ==== client_session(request_renewcaps seq 199705) v1 ==== 28+0+0 (3934200220 0 0) 0x7f4a672a2400 con 0x7f4a61689000 -2512>
2020-06-01 13:48:28.203410 7f4a4fead700 3 mds.4.server handle_client_session client_session(request_renewcaps seq 199705) v1 from client.10874481 -2511>
2020-06-01 13:48:28.203419 7f4a4fead700 1 -- 100.97.140.48:6821/2734156667 --> 10.220.189.22:0/852108787 -- client_session(renewcaps seq 199705) v2 -- 0x7f4a672a8b40 con 0 -2510>
2020-06-01 13:48:28.204586 7f4a51e26700 5 -- 100.97.140.48:6821/2734156667 >> 10.220.189.55:0/3434164293 conn(0x7f4a61767800 :6821 s=STATE_OPEN_MESSAGE_READ_FOOTER_AND_DISPATCH pgs=8 cs=1 l=0). rx client.12531582 seq 12506 0x7f4a672a8b40 client_session(request_renewcaps seq 12505) v1 -2509>
2020-06-01 13:48:28.204610 7f4a4fead700 1 -- 100.97.140.48:6821/2734156667 <== client.12531582 10.220.189.55:0/3434164293 12506 ==== client_session(request_renewcaps seq 12505) v1 ==== 28+0+0 (2518318953 0 0) 0x7f4a672a8b40 con 0x7f4a61767800 -2508>
2020-06-01 13:48:28.204620 7f4a4fead700 3 mds.4.server handle_client_session client_session(request_renewcaps seq 12505) v1 from client.12531582 -2507>
2020-06-01 13:48:28.204625 7f4a4fead700 1 -- 100.97.140.48:6821/2734156667 --> 10.220.189.55:0/3434164293 -- client_session(renewcaps seq 12505) v2 -- 0x7f4a672a2400 con 0 -2506>
2020-06-01 13:48:28.277179 7f4a51e26700 5 -- 100.97.140.48:6821/2734156667 >> 100.97.140.32:6820/1879232263 conn(0x7f4a60cec800 :6821 s=STATE_OPEN_MESSAGE_READ_FOOTER_AND_DISPATCH pgs=3423089 cs=1 l=0). rx mds.0 seq 321013 0x7f4a628a9e00 gather_caps(0x10002a2cf74) v1 -2505>
2020-06-01 13:48:28.277206 7f4a4fead700 1 -- 100.97.140.48:6821/2734156667 <== mds.0 100.97.140.32:6820/1879232263 321013 ==== gather_caps(0x10002a2cf74) v1 ==== 8+0+0 (4184419736 0 0) 0x7f4a628a9e00 con 0x7f4a60cec800 -2504>
2020-06-01 13:48:28.297264 7f4a52627700 5 -- 100.97.140.48:6821/2734156667 >> 10.220.87.162:0/1422558278 conn(0x7f4a60cfd000 :6821 s=STATE_OPEN_MESSAGE_READ_FOOTER_AND_DISPATCH pgs=2644495 cs=1 l=0). rx client.4716459 seq 12622 0x7f4a652ad180 client_session(request_renewcaps seq 840298) v1 -2503>
2020-06-01 13:48:28.297291 7f4a4fead700 1 -- 100.97.140.48:6821/2734156667 <== client.4716459 10.220.87.162:0/1422558278 12622 ==== client_session(request_renewcaps seq 840298) v1 ==== 28+0+0 (701395488 0 0) 0x7f4a652ad180 con 0x7f4a60cfd000 -2502>
2020-06-01 13:48:28.297309 7f4a4fead700 3 mds.4.server handle_client_session client_session(request_renewcaps seq 840298) v1 from client.4716459 -2501>
2020-06-01 13:48:28.297315 7f4a4fead700 1 -- 100.97.140.48:6821/2734156667 --> 10.220.87.162:0/1422558278 -- client_session(renewcaps seq 840298) v2 -- 0x7f4a672a8b40 con 0 -2500>
2020-06-01 13:48:28.321968 7f4a52e28700 5 -- 100.97.140.48:6821/2734156667 >> 172.25.173.35:0/36664501 conn(0x7f4a60e9b000 :6821 s=STATE_OPEN_MESSAGE_READ_FOOTER_AND_DISPATCH pgs=17529 cs=1 l=0). rx client.4948887 seq 12622 0x7f4a672a1f80 client_session(request_renewcaps seq 811292) v1 -2499>
2020-06-01 13:48:28.321995 7f4a4fead700 1 -- 100.97.140.48:6821/2734156667 <== client.4948887 172.25.173.35:0/36664501 12622 ==== client_session(request_renewcaps seq 811292) v1 ==== 28+0+0 (1368375950 0 0) 0x7f4a672a1f80 con 0x7f4a60e9b000 -2498>
2020-06-01 13:48:28.322013 7f4a4fead700 3 mds.4.server handle_client_session client_session(request_renewcaps seq 811292) v1 from client.4948887 -2497>
2020-06-01 13:48:28.322019 7f4a4fead700 1 -- 100.97.140.48:6821/2734156667 --> 172.25.173.35:0/36664501 -- client_session(renewcaps seq 811292) v2 -- 0x7f4a652ad180 con 0 -2496>
2020-06-01 13:48:28.448919 7f4a52e28700 5 -- 100.97.140.48:6821/2734156667 >> 10.220.189.32:0/3641406242 conn(0x7f4a6141d800 :6821 s=STATE_OPEN_MESSAGE_READ_FOOTER_AND_DISPATCH pgs=332876 cs=1 l=0). rx client.11155622 seq 12622 0x7f4a652ad180 client_session(request_renewcaps seq 167759) v1 -2495>
2020-06-01 13:48:28.448947 7f4a4fead700 1 -- 100.97.140.48:6821/2734156667 <== client.11155622 10.220.189.32:0/3641406242 12622 ==== client_session(request_renewcaps seq 167759) v1 ==== 28+0+0 (224380024 0 0) 0x7f4a652ad180 con 0x7f4a6141d800 -2494>
2020-06-01 13:48:28.448966 7f4a4fead700 3 mds.4.server handle_client_session client_session(request_renewcaps seq 167759) v1 from client.11155622 -2493>
2020-06-01 13:48:28.448972 7f4a4fead700 1 -- 100.97.140.48:6821/2734156667 --> 10.220.189.32:0/3641406242 -- client_session(renewcaps seq 167759) v2 -- 0x7f4a672a1f80 con 0 -2492>
2020-06-01 13:48:28.458469 7f4a51e26700 5 -- 100.97.140.48:6821/2734156667 >> 10.220.189.26:0/1493129413 conn(0x7f4a615a5800 :6821 s=STATE_OPEN_MESSAGE_READ_FOOTER_AND_DISPATCH pgs=727410 cs=1 l=0). rx client.10629349 seq 12622 0x7f4a672a2400 client_session(request_renewcaps seq 228687) v1 -2491>
2020-06-01 13:48:28.458501 7f4a4fead700 1 -- 100.97.140.48:6821/2734156667 <== client.10629349 10.220.189.26:0/1493129413 12622 ==== client_session(request_renewcaps seq 228687) v1 ==== 28+0+0 (1311540146 0 0) 0x7f4a672a2400 con 0x7f4a615a5800 -2490>
2020-06-01 13:48:28.458518 7f4a4fead700 3 mds.4.server handle_client_session client_session(request_renewcaps seq 228687) v1 from client.10629349 -2489>
2020-06-01 13:48:28.458529 7f4a4fead700 1 -- 100.97.140.48:6821/2734156667 --> 10.220.189.26:0/1493129413 -- client_session(renewcaps seq 228687) v2 -- 0x7f4a652ad180 con 0 -2488>
2020-06-01 13:48:28.529258 7f4a506ae700 5 asok(0x7f4a608301c0) AdminSocket: request 'get_command_descriptions' '' to 0x7f4a607fc210 returned 4711 bytes -2487>
2020-06-01 13:48:28.552409 7f4a506ae700 1 do_command 'perf dump' ' -2486>
2020-06-01 13:48:28.552625 7f4a506ae700 1 do_command 'perf dump' 'result is 9143 bytes -2485>
2020-06-01 13:48:28.552629 7f4a506ae700 5 asok(0x7f4a608301c0) AdminSocket: request 'perf dump' '' to 0x7f4a607fc040 returned 9143 bytes -2484>
2020-06-01 13:48:28.845526 7f4a51e26700 5 -- 100.97.140.48:6821/2734156667 >> 10.220.189.47:0/2312635046 conn(0x7f4a60dd3000 :6821 s=STATE_OPEN_MESSAGE_READ_FOOTER_AND_DISPATCH pgs=222912 cs=1 l=0). rx client.12005234 seq 12622 0x7f4a652ad180 client_session(request_renewcaps seq 73113) v1 -2483>
2020-06-01 13:48:28.845573 7f4a4fead700 1 -- 100.97.140.48:6821/2734156667 <== client.12005234 10.220.189.47:0/2312635046 12622 ==== client_session(request_renewcaps seq 73113) v1 ==== 28+0+0 (1507112839 0 0) 0x7f4a652ad180 con 0x7f4a60dd3000 -2482>
2020-06-01 13:48:28.845639 7f4a4fead700 3 mds.4.server handle_client_session client_session(request_renewcaps seq 73113) v1 from client.12005234 -2481>
2020-06-01 13:48:28.845659 7f4a4fead700 1 -- 100.97.140.48:6821/2734156667 --> 10.220.189.47:0/2312635046 -- client_session(renewcaps seq 73113) v2 -- 0x7f4a672a2400 con 0 -2480>
2020-06-01 13:48:28.871883 7f4a52627700 5 -- 100.97.140.48:6821/2734156667 >> 10.220.189.21:0/3373068911 conn(0x7f4a60ade000 :6821 s=STATE_OPEN_MESSAGE_READ_FOOTER_AND_DISPATCH pgs=1727442 cs=1 l=0). rx client.6491590 seq 12622 0x7f4a672a8b40 client_session(request_renewcaps seq 634895) v1 -2479>
2020-06-01 13:48:28.871912 7f4a4fead700 1 -- 100.97.140.48:6821/2734156667 <== client.6491590 10.220.189.21:0/3373068911 12622 ==== client_session(request_renewcaps seq 634895) v1 ==== 28+0+0 (1053878939 0 0) 0x7f4a672a8b40 con 0x7f4a60ade000 -2478>
2020-06-01 13:48:28.871930 7f4a4fead700 3 mds.4.server handle_client_session client_session(request_renewcaps seq 634895) v1 from client.6491590 -2477>
2020-06-01 13:48:28.871936 7f4a4fead700 1 -- 100.97.140.48:6821/2734156667 --> 10.220.189.21:0/3373068911 -- client_session(renewcaps seq 634895) v2 -- 0x7f4a652ad180 con 0 -2476>
2020-06-01 13:48:28.945992 7f4a52e28700 5 -- 100.97.140.48:6821/2734156667 >> 10.220.189.38:0/3164433327 conn(0x7f4a61efc000 :6821 s=STATE_OPEN_MESSAGE_READ_FOOTER_AND_DISPATCH pgs=9 cs=1 l=0). rx client.12641937 seq 65 0x7f4a672a1f80 client_session(request_renewcaps seq 64) v1 -2475>
2020-06-01 13:48:28.946019 7f4a4fead700 1 -- 100.97.140.48:6821/2734156667 <== client.12641937 10.220.189.38:0/3164433327 65 ==== client_session(request_renewcaps seq 64) v1 ==== 28+0+0 (2667199804 0 0) 0x7f4a672a1f80 con 0x7f4a61efc000 -2474>
2020-06-01 13:48:28.946036 7f4a4fead700 3 mds.4.server handle_client_session client_session(request_renewcaps seq 64) v1 from client.12641937 -2473>
2020-06-01 13:48:28.946043 7f4a4fead700 1 -- 100.97.140.48:6821/2734156667 --> 10.220.189.38:0/3164433327 -- client_session(renewcaps seq 64) v2 -- 0x7f4a672a8b40 con 0 -2472>
2020-06-01 13:48:29.097694 7f4a52627700 5 -- 100.97.140.48:6821/2734156667 >> 10.220.189.29:0/3430848826 conn(0x7f4a6166e000 :6821 s=STATE_OPEN_MESSAGE_READ_FOOTER_AND_DISPATCH pgs=28 cs=1 l=0). rx client.12423314 seq 12622 0x7f4a652ad180 client_session(request_renewcaps seq 25717) v1 -2471>
2020-06-01 13:48:29.097741 7f4a4fead700 1 -- 100.97.140.48:6821/2734156667 <== client.12423314 10.220.189.29:0/3430848826 12622 ==== client_session(request_renewcaps seq 25717) v1 ==== 28+0+0 (26290438 0 0) 0x7f4a652ad180 con 0x7f4a6166e000 -2470>
2020-06-01 13:48:29.097765 7f4a4fead700 3 mds.4.server handle_client_session client_session(request_renewcaps seq 25717) v1 from client.12423314 -2469>
2020-06-01 13:48:29.097774 7f4a4fead700 1 -- 100.97.140.48:6821/2734156667 --> 10.220.189.29:0/3430848826 -- client_session(renewcaps seq 25717) v2 -- 0x7f4a672a1f80 con 0 -2468>
2020-06-01 13:48:29.245863 7f4a52627700 5 -- 100.97.140.48:6821/2734156667 >> 10.220.189.28:0/1874466359 conn(0x7f4a61651800 :6821 s=STATE_OPEN_MESSAGE_READ_FOOTER_AND_DISPATCH pgs=22 cs=1 l=0). rx client.12484318 seq 12622 0x7f4a672a1f80 client_session(request_renewcaps seq 17763) v1 -2467>
2020-06-01 13:48:29.245910 7f4a4fead700 1 -- 100.97.140.48:6821/2734156667 <== client.12484318 10.220.189.28:0/1874466359 12622 ==== client_session(request_renewcaps seq 17763) v1 ==== 28+0+0 (3943256028 0 0) 0x7f4a672a1f80 con 0x7f4a61651800 -2466>
2020-06-01 13:48:29.245939 7f4a4fead700 3 mds.4.server handle_client_session client_session(request_renewcaps seq 17763) v1 from client.12484318 -2465>
2020-06-01 13:48:29.245948 7f4a4fead700 1 -- 100.97.140.48:6821/2734156667 --> 10.220.189.28:0/1874466359 -- client_session(renewcaps seq 17763) v2 -- 0x7f4a652ad180 con 0 -2464>
2020-06-01 13:48:29.345828 7f4a52e28700 5 -- 100.97.140.48:6821/2734156667 >> 10.220.189.38:0/3011368656 conn(0x7f4a60f25000 :6821 s=STATE_OPEN_MESSAGE_READ_FOOTER_AND_DISPATCH pgs=9 cs=1 l=0). rx client.12641942 seq 65 0x7f4a672a8b40 client_session(request_renewcaps seq 64) v1 -2463>
2020-06-01 13:48:29.345858 7f4a4fead700 1 -- 100.97.140.48:6821/2734156667 <== client.12641942 10.220.189.38:0/3011368656 65 ==== client_session(request_renewcaps seq 64) v1 ==== 28+0+0 (2667199804 0 0) 0x7f4a672a8b40 con 0x7f4a60f25000 -2462>
2020-06-01 13:48:29.345881 7f4a4fead700 3 mds.4.server handle_client_session client_session(request_renewcaps seq 64) v1 from client.12641942 -2461>
2020-06-01 13:48:29.345888 7f4a4fead700 1 -- 100.97.140.48:6821/2734156667 --> 10.220.189.38:0/3011368656 -- client_session(renewcaps seq 64) v2 -- 0x7f4a672a1f80 con 0 -2460>
2020-06-01 13:48:29.439125 7f4a52e28700 5 -- 100.97.140.48:6821/2734156667 >> 10.220.189.28:0/3409478430 conn(0x7f4a6163e000 :6821 s=STATE_OPEN_MESSAGE_READ_FOOTER_AND_DISPATCH pgs=582 cs=1 l=0). rx client.12420827 seq 12622 0x7f4a672a1f80 client_session(request_renewcaps seq 24607) v1 -2459>
2020-06-01 13:48:29.439163 7f4a4fead700 1 -- 100.97.140.48:6821/2734156667 <== client.12420827 10.220.189.28:0/3409478430 12622 ==== client_session(request_renewcaps seq 24607) v1 ==== 28+0+0 (1907120054 0 0) 0x7f4a672a1f80 con 0x7f4a6163e000 -2458>
2020-06-01 13:48:29.439185 7f4a4fead700 3 mds.4.server handle_client_session client_session(request_renewcaps seq 24607) v1 from client.12420827 -2457>
2020-06-01 13:48:29.439193 7f4a4fead700 1 -- 100.97.140.48:6821/2734156667 --> 10.220.189.28:0/3409478430 -- client_session(renewcaps seq 24607) v2 -- 0x7f4a672a8b40 con 0 -2456>
2020-06-01 13:48:29.525087 7f4a52627700 5 -- 100.97.140.48:6821/2734156667 >> 10.220.189.52:0/2138431180 conn(0x7f4a60da8000 :6821 s=STATE_OPEN_MESSAGE_READ_FOOTER_AND_DISPATCH pgs=222745 cs=1 l=0). rx client.11994443 seq 12622 0x7f4a652ad180 client_session(request_renewcaps seq 73078) v1 -2455>
2020-06-01 13:48:29.525118 7f4a4fead700 1 -- 100.97.140.48:6821/2734156667 <== client.11994443 10.220.189.52:0/2138431180 12622 ==== client_session(request_renewcaps seq 73078) v1 ==== 28+0+0 (2567676526 0 0) 0x7f4a652ad180 con 0x7f4a60da8000 -2454>
2020-06-01 13:48:29.525138 7f4a4fead700 3 mds.4.server handle_client_session client_session(request_renewcaps seq 73078) v1 from client.11994443 -2453>
2020-06-01 13:48:29.525146 7f4a4fead700 1 -- 100.97.140.48:6821/2734156667 --> 10.220.189.52:0/2138431180 -- client_session(renewcaps seq 73078) v2 -- 0x7f4a672a1f80 con 0 -2452>
2020-06-01 13:48:29.751749 7f4a52e28700 5 -- 100.97.140.48:6821/2734156667 >> 10.220.189.38:0/3072558154 conn(0x7f4a60e25000 :6821 s=STATE_OPEN_MESSAGE_READ_FOOTER_AND_DISPATCH pgs=9 cs=1 l=0). rx client.12650220 seq 65 0x7f4a672a8b40 client_session(request_renewcaps seq 64) v1 -2451>
2020-06-01 13:48:29.751798 7f4a4fead700 1 -- 100.97.140.48:6821/2734156667 <== client.12650220 10.220.189.38:0/3072558154 65 ==== client_session(request_renewcaps seq 64) v1 ==== 28+0+0 (2667199804 0 0) 0x7f4a672a8b40 con 0x7f4a60e25000 -2450>
