2020-06-01 13:48:33.544844 7f4a4fead700 1 -- 100.97.140.48:6821/2734156667 --> 10.220.189.40:0/2937386682 -- client_session(renewcaps seq 17192) v2 -- 0x7f4a672a1f80 con 0 -2224>
2020-06-01 13:48:33.585624 7f4a52e28700 5 -- 100.97.140.48:6821/2734156667 >> 10.220.189.34:0/3970794472 conn(0x7f4a60cd7800 :6821 s=STATE_OPEN_MESSAGE_READ_FOOTER_AND_DISPATCH pgs=142093 cs=1 l=0). rx client.11730130 seq 12622 0x7f4a672a8b40 client_session(request_renewcaps seq 103475) v1 -2223>
2020-06-01 13:48:33.585652 7f4a4fead700 1 -- 100.97.140.48:6821/2734156667 <== client.11730130 10.220.189.34:0/3970794472 12622 ==== client_session(request_renewcaps seq 103475) v1 ==== 28+0+0 (665151109 0 0) 0x7f4a672a8b40 con 0x7f4a60cd7800 -2222>
2020-06-01 13:48:33.585670 7f4a4fead700 3 mds.4.server handle_client_session client_session(request_renewcaps seq 103475) v1 from client.11730130 -2221>
2020-06-01 13:48:33.585678 7f4a4fead700 1 -- 100.97.140.48:6821/2734156667 --> 10.220.189.34:0/3970794472 -- client_session(renewcaps seq 103475) v2 -- 0x7f4a652ad180 con 0 -2220>
2020-06-01 13:48:33.653679 7f4a52627700 5 -- 100.97.140.48:6821/2734156667 >> 10.220.189.18:0/2820150793 conn(0x7f4a61698800 :6821 s=STATE_OPEN_MESSAGE_READ_FOOTER_AND_DISPATCH pgs=29424 cs=1 l=0). rx client.12455832 seq 12625 0x7f4a672a1f80 client_session(request_renewcaps seq 21001) v1 -2219>
2020-06-01 13:48:33.653711 7f4a4fead700 1 -- 100.97.140.48:6821/2734156667 <== client.12455832 10.220.189.18:0/2820150793 12625 ==== client_session(request_renewcaps seq 21001) v1 ==== 28+0+0 (1106928243 0 0) 0x7f4a672a1f80 con 0x7f4a61698800 -2218>
2020-06-01 13:48:33.653731 7f4a4fead700 3 mds.4.server handle_client_session client_session(request_renewcaps seq 21001) v1 from client.12455832 -2217>
2020-06-01 13:48:33.653739 7f4a4fead700 1 -- 100.97.140.48:6821/2734156667 --> 10.220.189.18:0/2820150793 -- client_session(renewcaps seq 21001) v2 -- 0x7f4a672a8b40 con 0 -2216>
2020-06-01 13:48:33.731242 7f4a52e28700 5 -- 100.97.140.48:6821/2734156667 >> 10.221.20.205:0/2027507166 conn(0x7f4a60eab800 :6821 s=STATE_OPEN_MESSAGE_READ_FOOTER_AND_DISPATCH pgs=17528 cs=1 l=0). rx client.4947526 seq 12622 0x7f4a652ad180 client_session(request_renewcaps seq 811308) v1 -2215>
2020-06-01 13:48:33.731271 7f4a4fead700 1 -- 100.97.140.48:6821/2734156667 <== client.4947526 10.221.20.205:0/2027507166 12622 ==== client_session(request_renewcaps seq 811308) v1 ==== 28+0+0 (3667835122 0 0) 0x7f4a652ad180 con 0x7f4a60eab800 -2214>
2020-06-01 13:48:33.731290 7f4a4fead700 3 mds.4.server handle_client_session client_session(request_renewcaps seq 811308) v1 from client.4947526 -2213>
2020-06-01 13:48:33.731297 7f4a4fead700 1 -- 100.97.140.48:6821/2734156667 --> 10.221.20.205:0/2027507166 -- client_session(renewcaps seq 811308) v2 -- 0x7f4a672a1f80 con 0 -2212>
2020-06-01 13:48:33.744359 7f4a52e28700 5 -- 100.97.140.48:6821/2734156667 >> 10.220.189.34:0/28811655 conn(0x7f4a61415000 :6821 s=STATE_OPEN_MESSAGE_READ_FOOTER_AND_DISPATCH pgs=111749 cs=1 l=0). rx client.11733499 seq 12622 0x7f4a672a1f80 client_session(request_renewcaps seq 103488) v1 -2211>
2020-06-01 13:48:33.744382 7f4a4fead700 1 -- 100.97.140.48:6821/2734156667 <== client.11733499 10.220.189.34:0/28811655 12622 ==== client_session(request_renewcaps seq 103488) v1 ==== 28+0+0 (2063389076 0 0) 0x7f4a672a1f80 con 0x7f4a61415000 -2210>
2020-06-01 13:48:33.744393 7f4a4fead700 3 mds.4.server handle_client_session client_session(request_renewcaps seq 103488) v1 from client.11733499 -2209>
2020-06-01 13:48:33.744398 7f4a4fead700 1 -- 100.97.140.48:6821/2734156667 --> 10.220.189.34:0/28811655 -- client_session(renewcaps seq 103488) v2 -- 0x7f4a652ad180 con 0 -2208>
2020-06-01 13:48:33.774914 7f4a51e26700 5 -- 100.97.140.48:6821/2734156667 >> 10.220.189.42:0/103415202 conn(0x7f4a6140b000 :6821 s=STATE_OPEN_MESSAGE_READ_FOOTER_AND_DISPATCH pgs=37361 cs=1 l=0). rx client.9384631 seq 12622 0x7f4a672a2400 client_session(request_renewcaps seq 369033) v1 -2207>
2020-06-01 13:48:33.774940 7f4a4fead700 1 -- 100.97.140.48:6821/2734156667 <== client.9384631 10.220.189.42:0/103415202 12622 ==== client_session(request_renewcaps seq 369033) v1 ==== 28+0+0 (940106172 0 0) 0x7f4a672a2400 con 0x7f4a6140b000 -2206>
2020-06-01 13:48:33.774956 7f4a4fead700 3 mds.4.server handle_client_session client_session(request_renewcaps seq 369033) v1 from client.9384631 -2205>
2020-06-01 13:48:33.774962 7f4a4fead700 1 -- 100.97.140.48:6821/2734156667 --> 10.220.189.42:0/103415202 -- client_session(renewcaps seq 369033) v2 -- 0x7f4a672a1f80 con 0 -2204>
2020-06-01 13:48:33.788133 7f4a52627700 5 -- 100.97.140.48:6821/2734156667 >> 10.220.189.33:0/3383926769 conn(0x7f4a61624800 :6821 s=STATE_OPEN_MESSAGE_READ_FOOTER_AND_DISPATCH pgs=22 cs=1 l=0). rx client.12461008 seq 12622 0x7f4a672a8b40 client_session(request_renewcaps seq 20443) v1 -2203>
2020-06-01 13:48:33.788156 7f4a4fead700 1 -- 100.97.140.48:6821/2734156667 <== client.12461008 10.220.189.33:0/3383926769 12622 ==== client_session(request_renewcaps seq 20443) v1 ==== 28+0+0 (3521023578 0 0) 0x7f4a672a8b40 con 0x7f4a61624800 -2202>
2020-06-01 13:48:33.788173 7f4a4fead700 3 mds.4.server handle_client_session client_session(request_renewcaps seq 20443) v1 from client.12461008 -2201>
2020-06-01 13:48:33.788179 7f4a4fead700 1 -- 100.97.140.48:6821/2734156667 --> 10.220.189.33:0/3383926769 -- client_session(renewcaps seq 20443) v2 -- 0x7f4a672a2400 con 0 -2200>
2020-06-01 13:48:33.849919 7f4a52e28700 5 -- 100.97.140.48:6821/2734156667 >> 10.220.189.50:0/3574753305 conn(0x7f4a60d9a800 :6821 s=STATE_OPEN_MESSAGE_READ_FOOTER_AND_DISPATCH pgs=60290 cs=1 l=0). rx client.12373337 seq 12631 0x7f4a652ad180 client_session(request_renewcaps seq 30115) v1 -2199>
2020-06-01 13:48:33.849945 7f4a4fead700 1 -- 100.97.140.48:6821/2734156667 <== client.12373337 10.220.189.50:0/3574753305 12631 ==== client_session(request_renewcaps seq 30115) v1 ==== 28+0+0 (22711863 0 0) 0x7f4a652ad180 con 0x7f4a60d9a800 -2198>
2020-06-01 13:48:33.849962 7f4a4fead700 3 mds.4.server handle_client_session client_session(request_renewcaps seq 30115) v1 from client.12373337 -2197>
2020-06-01 13:48:33.849968 7f4a4fead700 1 -- 100.97.140.48:6821/2734156667 --> 10.220.189.50:0/3574753305 -- client_session(renewcaps seq 30115) v2 -- 0x7f4a672a8b40 con 0 -2196>
2020-06-01 13:48:33.882471 7f4a51e26700 5 -- 100.97.140.48:6821/2734156667 >> 10.220.189.50:0/771346637 conn(0x7f4a60d99000 :6821 s=STATE_OPEN_MESSAGE_READ_FOOTER_AND_DISPATCH pgs=28 cs=1 l=0). rx client.11036311 seq 12622 0x7f4a672a1f80 client_session(request_renewcaps seq 181291) v1 -2195>
2020-06-01 13:48:33.882501 7f4a4fead700 1 -- 100.97.140.48:6821/2734156667 <== client.11036311 10.220.189.50:0/771346637 12622 ==== client_session(request_renewcaps seq 181291) v1 ==== 28+0+0 (3584872605 0 0) 0x7f4a672a1f80 con 0x7f4a60d99000 -2194>
2020-06-01 13:48:33.882518 7f4a4fead700 3 mds.4.server handle_client_session client_session(request_renewcaps seq 181291) v1 from client.11036311 -2193>
2020-06-01 13:48:33.882524 7f4a4fead700 1 -- 100.97.140.48:6821/2734156667 --> 10.220.189.50:0/771346637 -- client_session(renewcaps seq 181291) v2 -- 0x7f4a652ad180 con 0 -2192>
2020-06-01 13:48:34.071939 7f4a51e26700 5 -- 100.97.140.48:6821/2734156667 >> 10.220.189.44:0/1371835329 conn(0x7f4a61564000 :6821 s=STATE_OPEN_MESSAGE_READ_FOOTER_AND_DISPATCH pgs=113403 cs=1 l=0). rx client.10616278 seq 12622 0x7f4a652ad180 client_session(request_renewcaps seq 229224) v1 -2191>
2020-06-01 13:48:34.071988 7f4a4fead700 1 -- 100.97.140.48:6821/2734156667 <== client.10616278 10.220.189.44:0/1371835329 12622 ==== client_session(request_renewcaps seq 229224) v1 ==== 28+0+0 (2196425596 0 0) 0x7f4a652ad180 con 0x7f4a61564000 -2190>
2020-06-01 13:48:34.072013 7f4a4fead700 3 mds.4.server handle_client_session client_session(request_renewcaps seq 229224) v1 from client.10616278 -2189>
2020-06-01 13:48:34.072021 7f4a4fead700 1 -- 100.97.140.48:6821/2734156667 --> 10.220.189.44:0/1371835329 -- client_session(renewcaps seq 229224) v2 -- 0x7f4a672a1f80 con 0 -2188>
2020-06-01 13:48:34.346330 7f4a4cea7700 10 monclient: _send_mon_message to mon.TX-97-140-59 at 100.97.140.59:6789/0 -2187>
2020-06-01 13:48:34.346354 7f4a4cea7700 1 -- 100.97.140.48:6821/2734156667 --> 100.97.140.59:6789/0 -- mdsbeacon(12541229/TX-97-140-48 up:active seq 63108 v415) v7 -- 0x7f4a67301040 con 0 -2186>
2020-06-01 13:48:34.347152 7f4a52627700 5 -- 100.97.140.48:6821/2734156667 >> 100.97.140.59:6789/0 conn(0x7f4a60a43000 :-1 s=STATE_OPEN_MESSAGE_READ_FOOTER_AND_DISPATCH pgs=2504874 cs=1 l=1). rx mon.4 seq 63309 0x7f4a67301040 mdsbeacon(12541229/TX-97-140-48 up:active seq 63108 v415) v7 -2185>
2020-06-01 13:48:34.347187 7f4a4fead700 1 -- 100.97.140.48:6821/2734156667 <== mon.4 100.97.140.59:6789/0 63309 ==== mdsbeacon(12541229/TX-97-140-48 up:active seq 63108 v415) v7 ==== 137+0+0 (4257688750 0 0) 0x7f4a67301040 con 0x7f4a60a43000 -2184>
2020-06-01 13:48:34.443347 7f4a52627700 5 -- 100.97.140.48:6821/2734156667 >> 10.220.87.172:0/874770633 conn(0x7f4a60cda800 :6821 s=STATE_OPEN_MESSAGE_READ_FOOTER_AND_DISPATCH pgs=3081854 cs=1 l=0). rx client.3881278 seq 12622 0x7f4a672a2400 client_session(request_renewcaps seq 1014672) v1 -2183>
2020-06-01 13:48:34.443378 7f4a4fead700 1 -- 100.97.140.48:6821/2734156667 <== client.3881278 10.220.87.172:0/874770633 12622 ==== client_session(request_renewcaps seq 1014672) v1 ==== 28+0+0 (2720722469 0 0) 0x7f4a672a2400 con 0x7f4a60cda800 -2182>
2020-06-01 13:48:34.443400 7f4a4fead700 3 mds.4.server handle_client_session client_session(request_renewcaps seq 1014672) v1 from client.3881278 -2181>
2020-06-01 13:48:34.443408 7f4a4fead700 1 -- 100.97.140.48:6821/2734156667 --> 10.220.87.172:0/874770633 -- client_session(renewcaps seq 1014672) v2 -- 0x7f4a652ad180 con 0 -2180>
2020-06-01 13:48:34.893744 7f4a51e26700 5 -- 100.97.140.48:6821/2734156667 >> 10.220.87.174:0/2214825075 conn(0x7f4a60c16000 :6821 s=STATE_OPEN_MESSAGE_READ_FOOTER_AND_DISPATCH pgs=71 cs=1 l=0). rx client.3891245 seq 12622 0x7f4a672a1f80 client_session(request_renewcaps seq 1014677) v1 -2179>
2020-06-01 13:48:34.893793 7f4a4fead700 1 -- 100.97.140.48:6821/2734156667 <== client.3891245 10.220.87.174:0/2214825075 12622 ==== client_session(request_renewcaps seq 1014677) v1 ==== 28+0+0 (4202875761 0 0) 0x7f4a672a1f80 con 0x7f4a60c16000 -2178>
2020-06-01 13:48:34.893817 7f4a4fead700 3 mds.4.server handle_client_session client_session(request_renewcaps seq 1014677) v1 from client.3891245 -2177>
2020-06-01 13:48:34.893826 7f4a4fead700 1 -- 100.97.140.48:6821/2734156667 --> 10.220.87.174:0/2214825075 -- client_session(renewcaps seq 1014677) v2 -- 0x7f4a672a2400 con 0 -2176>
2020-06-01 13:48:34.916764 7f4a52627700 5 -- 100.97.140.48:6821/2734156667 >> 172.25.166.241:0/784962940 conn(0x7f4a60e9c800 :6821 s=STATE_OPEN_MESSAGE_READ_FOOTER_AND_DISPATCH pgs=17524 cs=1 l=0). rx client.4947546 seq 12622 0x7f4a652ad180 client_session(request_renewcaps seq 811292) v1 -2175>
2020-06-01 13:48:34.916788 7f4a4fead700 1 -- 100.97.140.48:6821/2734156667 <== client.4947546 172.25.166.241:0/784962940 12622 ==== client_session(request_renewcaps seq 811292) v1 ==== 28+0+0 (1368375950 0 0) 0x7f4a652ad180 con 0x7f4a60e9c800 -2174>
2020-06-01 13:48:34.916799 7f4a4fead700 3 mds.4.server handle_client_session client_session(request_renewcaps seq 811292) v1 from client.4947546 -2173>
2020-06-01 13:48:34.916803 7f4a4fead700 1 -- 100.97.140.48:6821/2734156667 --> 172.25.166.241:0/784962940 -- client_session(renewcaps seq 811292) v2 -- 0x7f4a672a1f80 con 0 -2172>
2020-06-01 13:48:34.972064 7f4a51e26700 5 -- 100.97.140.48:6821/2734156667 >> 10.220.189.36:0/244635839 conn(0x7f4a61671000 :6821 s=STATE_OPEN_MESSAGE_READ_FOOTER_AND_DISPATCH pgs=2555 cs=1 l=0). rx client.12458086 seq 12632 0x7f4a672a2400 client_session(request_renewcaps seq 20636) v1 -2171>
2020-06-01 13:48:34.972092 7f4a4fead700 1 -- 100.97.140.48:6821/2734156667 <== client.12458086 10.220.189.36:0/244635839 12632 ==== client_session(request_renewcaps seq 20636) v1 ==== 28+0+0 (1303862064 0 0) 0x7f4a672a2400 con 0x7f4a61671000 -2170>
2020-06-01 13:48:34.972108 7f4a4fead700 3 mds.4.server handle_client_session client_session(request_renewcaps seq 20636) v1 from client.12458086 -2169>
2020-06-01 13:48:34.972115 7f4a4fead700 1 -- 100.97.140.48:6821/2734156667 --> 10.220.189.36:0/244635839 -- client_session(renewcaps seq 20636) v2 -- 0x7f4a652ad180 con 0 -2168>
2020-06-01 13:48:34.972741 7f4a52627700 5 -- 100.97.140.48:6821/2734156667 >> 10.220.189.50:0/1206594167 conn(0x7f4a61412000 :6821 s=STATE_OPEN_MESSAGE_READ_FOOTER_AND_DISPATCH pgs=891086 cs=1 l=0). rx client.10319637 seq 12630 0x7f4a672a1f80 client_session(request_renewcaps seq 262504) v1 -2167>
2020-06-01 13:48:34.972765 7f4a4fead700 1 -- 100.97.140.48:6821/2734156667 <== client.10319637 10.220.189.50:0/1206594167 12630 ==== client_session(request_renewcaps seq 262504) v1 ==== 28+0+0 (1342948967 0 0) 0x7f4a672a1f80 con 0x7f4a61412000 -2166>
2020-06-01 13:48:34.972775 7f4a4fead700 3 mds.4.server handle_client_session client_session(request_renewcaps seq 262504) v1 from client.10319637 -2165>
2020-06-01 13:48:34.972780 7f4a4fead700 1 -- 100.97.140.48:6821/2734156667 --> 10.220.189.50:0/1206594167 -- client_session(renewcaps seq 262504) v2 -- 0x7f4a672a2400 con 0 -2164>
2020-06-01 13:48:35.084226 7f4a52627700 5 -- 100.97.140.48:6821/2734156667 >> 10.220.189.28:0/497003585 conn(0x7f4a6163f800 :6821 s=STATE_OPEN_MESSAGE_READ_FOOTER_AND_DISPATCH pgs=28 cs=1 l=0). rx client.12370856 seq 12622 0x7f4a672a2400 client_session(request_renewcaps seq 30346) v1 -2163>
2020-06-01 13:48:35.084273 7f4a4fead700 1 -- 100.97.140.48:6821/2734156667 <== client.12370856 10.220.189.28:0/497003585 12622 ==== client_session(request_renewcaps seq 30346) v1 ==== 28+0+0 (3958938547 0 0) 0x7f4a672a2400 con 0x7f4a6163f800 -2162>
2020-06-01 13:48:35.084297 7f4a4fead700 3 mds.4.server handle_client_session client_session(request_renewcaps seq 30346) v1 from client.12370856 -2161>
2020-06-01 13:48:35.084306 7f4a4fead700 1 -- 100.97.140.48:6821/2734156667 --> 10.220.189.28:0/497003585 -- client_session(renewcaps seq 30346) v2 -- 0x7f4a672a1f80 con 0 -2160>
2020-06-01 13:48:35.096338 7f4a4eeab700 10 monclient: tick -2159>
2020-06-01 13:48:35.096355 7f4a4eeab700 10 monclient: _check_auth_rotating have uptodate secrets (they expire after
2020-06-01 13:48:05.096353) -2158>
2020-06-01 13:48:35.096879 7f4a4d6a8700 2 mds.4.cache check_memory_usage total 509144, rss 128824, heap 16888, baseline 16888, buffers 0, 0 / 39 inodes have caps, 0 caps, 0 caps per inode -2157>
2020-06-01 13:48:35.109624 7f4a51e26700 5 -- 100.97.140.48:6821/2734156667 >> 10.220.189.33:0/4233527606 conn(0x7f4a625cb000 :6821 s=STATE_OPEN_MESSAGE_READ_FOOTER_AND_DISPATCH pgs=9 cs=1 l=0). rx client.12650240 seq 65 0x7f4a652ad180 client_session(request_renewcaps seq 64) v1 -2156>
2020-06-01 13:48:35.109650 7f4a4fead700 1 -- 100.97.140.48:6821/2734156667 <== client.12650240 10.220.189.33:0/4233527606 65 ==== client_session(request_renewcaps seq 64) v1 ==== 28+0+0 (2667199804 0 0) 0x7f4a652ad180 con 0x7f4a625cb000 -2155>
2020-06-01 13:48:35.109665 7f4a4fead700 3 mds.4.server handle_client_session client_session(request_renewcaps seq 64) v1 from client.12650240 -2154>
2020-06-01 13:48:35.109671 7f4a4fead700 1 -- 100.97.140.48:6821/2734156667 --> 10.220.189.33:0/4233527606 -- client_session(renewcaps seq 64) v2 -- 0x7f4a672a2400 con 0 -2153>
2020-06-01 13:48:35.160357 7f4a52e28700 5 -- 100.97.140.48:6821/2734156667 >> 10.220.189.42:0/2972389730 conn(0x7f4a615c9800 :6821 s=STATE_OPEN_MESSAGE_READ_FOOTER_AND_DISPATCH pgs=16978 cs=1 l=0). rx client.11915358 seq 12622 0x7f4a672a8b40 client_session(request_renewcaps seq 81957) v1 -2152>
2020-06-01 13:48:35.160386 7f4a4fead700 1 -- 100.97.140.48:6821/2734156667 <== client.11915358 10.220.189.42:0/2972389730 12622 ==== client_session(request_renewcaps seq 81957) v1 ==== 28+0+0 (2659979128 0 0) 0x7f4a672a8b40 con 0x7f4a615c9800 -2151>
2020-06-01 13:48:35.160404 7f4a4fead700 3 mds.4.server handle_client_session client_session(request_renewcaps seq 81957) v1 from client.11915358 -2150>
2020-06-01 13:48:35.160410 7f4a4fead700 1 -- 100.97.140.48:6821/2734156667 --> 10.220.189.42:0/2972389730 -- client_session(renewcaps seq 81957) v2 -- 0x7f4a652ad180 con 0 -2149>
2020-06-01 13:48:35.255909 7f4a51e26700 5 -- 100.97.140.48:6821/2734156667 >> 10.220.189.48:0/3968320038 conn(0x7f4a61531000 :6821 s=STATE_OPEN_MESSAGE_READ_FOOTER_AND_DISPATCH pgs=2107100 cs=1 l=0). rx client.10630391 seq 15252 0x7f4a672a2400 client_session(request_renewcaps seq 275028) -2148>
2020-06-01 13:48:35.255938 7f4a4fead700 1 -- 100.97.140.48:6821/2734156667 <== client.10630391 10.220.189.48:0/3968320038 15252 ==== client_session(request_renewcaps seq 275028) ==== 28+0+0 (2915036268 0 0) 0x7f4a672a2400 con 0x7f4a61531000 -2147>
2020-06-01 13:48:35.255956 7f4a4fead700 3 mds.4.server handle_client_session client_session(request_renewcaps seq 275028) from client.10630391 -2146>
2020-06-01 13:48:35.255962 7f4a4fead700 1 -- 100.97.140.48:6821/2734156667 --> 10.220.189.48:0/3968320038 -- client_session(renewcaps seq 275028) v2 -- 0x7f4a672a8b40 con 0 -2145>
2020-06-01 13:48:35.256795 7f4a52e28700 5 -- 100.97.140.48:6821/2734156667 >> 10.220.189.48:0/556421320 conn(0x7f4a60e86000 :6821 s=STATE_OPEN_MESSAGE_READ_FOOTER_AND_DISPATCH pgs=28514 cs=1 l=0). rx client.10630401 seq 15252 0x7f4a652ad180 client_session(request_renewcaps seq 275028) -2144>
2020-06-01 13:48:35.256819 7f4a4fead700 1 -- 100.97.140.48:6821/2734156667 <== client.10630401 10.220.189.48:0/556421320 15252 ==== client_session(request_renewcaps seq 275028) ==== 28+0+0 (2455487737 0 0) 0x7f4a652ad180 con 0x7f4a60e86000 -2143>
2020-06-01 13:48:35.256829 7f4a4fead700 3 mds.4.server handle_client_session client_session(request_renewcaps seq 275028) from client.10630401 -2142>
2020-06-01 13:48:35.256834 7f4a4fead700 1 -- 100.97.140.48:6821/2734156667 --> 10.220.189.48:0/556421320 -- client_session(renewcaps seq 275028) v2 -- 0x7f4a672a2400 con 0 -2141>
2020-06-01 13:48:35.340327 7f4a4dea9700 1 -- 100.97.140.48:6821/2734156667 --> 100.97.140.48:6820/2345 -- mgrreport(unknown.TX-97-140-48 +0-0 packed 214) v5 -- 0x7f4a60ec0680 con 0 -2140>
2020-06-01 13:48:35.506314 7f4a52627700 5 -- 100.97.140.48:6821/2734156667 >> 10.220.189.33:0/498732301 conn(0x7f4a61ca4000 :6821 s=STATE_OPEN_MESSAGE_READ_FOOTER_AND_DISPATCH pgs=9 cs=1 l=0). rx client.12652289 seq 65 0x7f4a672a1f80 client_session(request_renewcaps seq 64) v1 -2139>
2020-06-01 13:48:35.506358 7f4a4fead700 1 -- 100.97.140.48:6821/2734156667 <== client.12652289 10.220.189.33:0/498732301 65 ==== client_session(request_renewcaps seq 64) v1 ==== 28+0+0 (2667199804 0 0) 0x7f4a672a1f80 con 0x7f4a61ca4000 -2138>
2020-06-01 13:48:35.506382 7f4a4fead700 3 mds.4.server handle_client_session client_session(request_renewcaps seq 64) v1 from client.12652289 -2137>
2020-06-01 13:48:35.506390 7f4a4fead700 1 -- 100.97.140.48:6821/2734156667 --> 10.220.189.33:0/498732301 -- client_session(renewcaps seq 64) v2 -- 0x7f4a652ad180 con 0 -2136>
2020-06-01 13:48:35.510709 7f4a52e28700 5 -- 100.97.140.48:6821/2734156667 >> 10.220.189.37:0/1313480165 conn(0x7f4a6166f800 :6821 s=STATE_OPEN_MESSAGE_READ_FOOTER_AND_DISPATCH pgs=147011 cs=1 l=0). rx client.12147066 seq 12622 0x7f4a672a2400 client_session(request_renewcaps seq 55631) v1 -2135>
2020-06-01 13:48:35.510736 7f4a4fead700 1 -- 100.97.140.48:6821/2734156667 <== client.12147066 10.220.189.37:0/1313480165 12622 ==== client_session(request_renewcaps seq 55631) v1 ==== 28+0+0 (3754915723 0 0) 0x7f4a672a2400 con 0x7f4a6166f800 -2134>
2020-06-01 13:48:35.510753 7f4a4fead700 3 mds.4.server handle_client_session client_session(request_renewcaps seq 55631) v1 from client.12147066 -2133>
2020-06-01 13:48:35.510758 7f4a4fead700 1 -- 100.97.140.48:6821/2734156667 --> 10.220.189.37:0/1313480165 -- client_session(renewcaps seq 55631) v2 -- 0x7f4a672a1f80 con 0 -2132>
2020-06-01 13:48:35.635843 7f4a52627700 5 -- 100.97.140.48:6821/2734156667 >> 10.220.87.173:0/1976465387 conn(0x7f4a60e98000 :6821 s=STATE_OPEN_MESSAGE_READ_FOOTER_AND_DISPATCH pgs=70 cs=1 l=0). rx client.3891240 seq 12622 0x7f4a652ad180 client_session(request_renewcaps seq 1014671) v1 -2131>
2020-06-01 13:48:35.635874 7f4a4fead700 1 -- 100.97.140.48:6821/2734156667 <== client.3891240 10.220.87.173:0/1976465387 12622 ==== client_session(request_renewcaps seq 1014671) v1 ==== 28+0+0 (3464070562 0 0) 0x7f4a652ad180 con 0x7f4a60e98000 -2130>
2020-06-01 13:48:35.635894 7f4a4fead700 3 mds.4.server handle_client_session client_session(request_renewcaps seq 1014671) v1 from client.3891240 -2129>
2020-06-01 13:48:35.635901 7f4a4fead700 1 -- 100.97.140.48:6821/2734156667 --> 10.220.87.173:0/1976465387 -- client_session(renewcaps seq 1014671) v2 -- 0x7f4a672a2400 con 0 -2128>
2020-06-01 13:48:35.640676 7f4a51e26700 5 -- 100.97.140.48:6821/2734156667 >> 10.220.189.21:0/9082651 conn(0x7f4a61413800 :6821 s=STATE_OPEN_MESSAGE_READ_FOOTER_AND_DISPATCH pgs=356358 cs=1 l=0). rx client.11658819 seq 12624 0x7f4a672a8b40 client_session(request_renewcaps seq 111819) v1 -2127>
2020-06-01 13:48:35.640703 7f4a4fead700 1 -- 100.97.140.48:6821/2734156667 <== client.11658819 10.220.189.21:0/9082651 12624 ==== client_session(request_renewcaps seq 111819) v1 ==== 28+0+0 (3263047424 0 0) 0x7f4a672a8b40 con 0x7f4a61413800 -2126>
2020-06-01 13:48:35.640715 7f4a4fead700 3 mds.4.server handle_client_session client_session(request_renewcaps seq 111819) v1 from client.11658819 -2125>
2020-06-01 13:48:35.640721 7f4a4fead700 1 -- 100.97.140.48:6821/2734156667 --> 10.220.189.21:0/9082651 -- client_session(renewcaps seq 111819) v2 -- 0x7f4a652ad180 con 0 -2124>
2020-06-01 13:48:35.723399 7f4a51e26700 5 -- 100.97.140.48:6821/2734156667 >> 10.220.189.16:0/2732063253 conn(0x7f4a616c3800 :6821 s=STATE_OPEN_MESSAGE_READ_FOOTER_AND_DISPATCH pgs=13980 cs=1 l=0). rx client.12484082 seq 12623 0x7f4a652ad180 client_session(request_renewcaps seq 17767) v1 -2123>
2020-06-01 13:48:35.723424 7f4a4fead700 1 -- 100.97.140.48:6821/2734156667 <== client.12484082 10.220.189.16:0/2732063253 12623 ==== client_session(request_renewcaps seq 17767) v1 ==== 28+0+0 (166635526 0 0) 0x7f4a652ad180 con 0x7f4a616c3800 -2122>
2020-06-01 13:48:35.723442 7f4a4fead700 3 mds.4.server handle_client_session client_session(request_renewcaps seq 17767) v1 from client.12484082 -2121>
2020-06-01 13:48:35.723448 7f4a4fead700 1 -- 100.97.140.48:6821/2734156667 --> 10.220.189.16:0/2732063253 -- client_session(renewcaps seq 17767) v2 -- 0x7f4a672a8b40 con 0 -2120>
2020-06-01 13:48:35.839926 7f4a51e26700 5 -- 100.97.140.48:6821/2734156667 >> 100.97.140.32:6820/1879232263 conn(0x7f4a60cec800 :6821 s=STATE_OPEN_MESSAGE_READ_FOOTER_AND_DISPATCH pgs=3423089 cs=1 l=0). rx mds.0 seq 321033 0x7f4a621e4000 gather_caps(0x10002a2cf74) v1 -2119>
2020-06-01 13:48:35.839957 7f4a4fead700 1 -- 100.97.140.48:6821/2734156667 <== mds.0 100.97.140.32:6820/1879232263 321033 ==== gather_caps(0x10002a2cf74) v1 ==== 8+0+0 (4184419736 0 0) 0x7f4a621e4000 con 0x7f4a60cec800 -2118>
2020-06-01 13:48:35.904714 7f4a52627700 5 -- 100.97.140.48:6821/2734156667 >> 10.220.189.44:0/1289426604 conn(0x7f4a60b05000 :6821 s=STATE_OPEN_MESSAGE_READ_FOOTER_AND_DISPATCH pgs=4839 cs=1 l=0). rx client.10613067 seq 12623 0x7f4a672a2400 client_session(request_renewcaps seq 229225) v1 -2117>
2020-06-01 13:48:35.904750 7f4a4fead700 1 -- 100.97.140.48:6821/2734156667 <== client.10613067 10.220.189.44:0/1289426604 12623 ==== client_session(request_renewcaps seq 229225) v1 ==== 28+0+0 (950340082 0 0) 0x7f4a672a2400 con 0x7f4a60b05000 -2116>
2020-06-01 13:48:35.904771 7f4a4fead700 3 mds.4.server handle_client_session client_session(request_renewcaps seq 229225) v1 from client.10613067 -2115>
2020-06-01 13:48:35.904780 7f4a4fead700 1 -- 100.97.140.48:6821/2734156667 --> 10.220.189.44:0/1289426604 -- client_session(renewcaps seq 229225) v2 -- 0x7f4a652ad180 con 0 -2114>
2020-06-01 13:48:35.905473 7f4a52e28700 5 -- 100.97.140.48:6821/2734156667 >> 10.220.189.33:0/1588989574 conn(0x7f4a64910800 :6821 s=STATE_OPEN_MESSAGE_READ_FOOTER_AND_DISPATCH pgs=9 cs=1 l=0). rx client.12652294 seq 65 0x7f4a672a1f80 client_session(request_renewcaps seq 64) v1 -2113>
2020-06-01 13:48:35.905504 7f4a4fead700 1 -- 100.97.140.48:6821/2734156667 <== client.12652294 10.220.189.33:0/1588989574 65 ==== client_session(request_renewcaps seq 64) v1 ==== 28+0+0 (2667199804 0 0) 0x7f4a672a1f80 con 0x7f4a64910800 -2112>
2020-06-01 13:48:35.905515 7f4a4fead700 3 mds.4.server handle_client_session client_session(request_renewcaps seq 64) v1 from client.12652294 -2111>
2020-06-01 13:48:35.905518 7f4a4fead700 1 -- 100.97.140.48:6821/2734156667 --> 10.220.189.33:0/1588989574 -- client_session(renewcaps seq 64) v2 -- 0x7f4a672a2400 con 0 -2110>
2020-06-01 13:48:35.970739 7f4a52e28700 5 -- 100.97.140.48:6821/2734156667 >> 10.220.189.36:0/2829820449 conn(0x7f4a61672800 :6821 s=STATE_OPEN_MESSAGE_READ_FOOTER_AND_DISPATCH pgs=3496 cs=1 l=0). rx client.12454761 seq 12624 0x7f4a672a2400 client_session(request_renewcaps seq 21014) v1 -2109>
2020-06-01 13:48:35.970767 7f4a4fead700 1 -- 100.97.140.48:6821/2734156667 <== client.12454761 10.220.189.36:0/2829820449 12624 ==== client_session(request_renewcaps seq 21014) v1 ==== 28+0+0 (766052852 0 0) 0x7f4a672a2400 con 0x7f4a61672800 -2108>
2020-06-01 13:48:35.970785 7f4a4fead700 3 mds.4.server handle_client_session client_session(request_renewcaps seq 21014) v1 from client.12454761 -2107>
2020-06-01 13:48:35.970791 7f4a4fead700 1 -- 100.97.140.48:6821/2734156667 --> 10.220.189.36:0/2829820449 -- client_session(renewcaps seq 21014) v2 -- 0x7f4a672a1f80 con 0 -2106>
2020-06-01 13:48:36.020611 7f4a52627700 5 -- 100.97.140.48:6821/2734156667 >> 10.220.189.53:0/519524080 conn(0x7f4a615ba000 :6821 s=STATE_OPEN_MESSAGE_READ_FOOTER_AND_DISPATCH pgs=222742 cs=1 l=0). rx client.11993772 seq 12623 0x7f4a652ad180 client_session(request_renewcaps seq 73063) v1 -2105>
2020-06-01 13:48:36.020641 7f4a4fead700 1 -- 100.97.140.48:6821/2734156667 <== client.11993772 10.220.189.53:0/519524080 12623 ==== client_session(request_renewcaps seq 73063) v1 ==== 28+0+0 (2800706715 0 0) 0x7f4a652ad180 con 0x7f4a615ba000 -2104>
2020-06-01 13:48:36.020659 7f4a4fead700 3 mds.4.server handle_client_session client_session(request_renewcaps seq 73063) v1 from client.11993772 -2103>
2020-06-01 13:48:36.020665 7f4a4fead700 1 -- 100.97.140.48:6821/2734156667 --> 10.220.189.53:0/519524080 -- client_session(renewcaps seq 73063) v2 -- 0x7f4a672a2400 con 0 -2102>
2020-06-01 13:48:36.033550 7f4a52e28700 5 -- 100.97.140.48:6821/2734156667 >> 10.220.189.3:0/12355986 conn(0x7f4a60c8e800 :6821 s=STATE_OPEN_MESSAGE_READ_FOOTER_AND_DISPATCH pgs=1796843 cs=1 l=0). rx client.8022104 seq 12623 0x7f4a672a1f80 client_session(request_renewcaps seq 509527) v1 -2101>
2020-06-01 13:48:36.033575 7f4a4fead700 1 -- 100.97.140.48:6821/2734156667 <== client.8022104 10.220.189.3:0/12355986 12623 ==== client_session(request_renewcaps seq 509527) v1 ==== 28+0+0 (2735000213 0 0) 0x7f4a672a1f80 con 0x7f4a60c8e800 -2100>
2020-06-01 13:48:36.033589 7f4a4fead700 3 mds.4.server handle_client_session client_session(request_renewcaps seq 509527) v1 from client.8022104 -2099>
2020-06-01 13:48:36.033594 7f4a4fead700 1 -- 100.97.140.48:6821/2734156667 --> 10.220.189.3:0/12355986 -- client_session(renewcaps seq 509527) v2 -- 0x7f4a652ad180 con 0 -2098>
2020-06-01 13:48:36.121004 7f4a51e26700 5 -- 100.97.140.48:6821/2734156667 >> 10.220.189.44:0/2047143258 conn(0x7f4a60ceb000 :6821 s=STATE_OPEN_MESSAGE_READ_FOOTER_AND_DISPATCH pgs=120715 cs=1 l=0). rx client.10775890 seq 12623 0x7f4a672a8b40 client_session(request_renewcaps seq 211600) v1 -2097>
2020-06-01 13:48:36.121033 7f4a4fead700 1 -- 100.97.140.48:6821/2734156667 <== client.10775890 10.220.189.44:0/2047143258 12623 ==== client_session(request_renewcaps seq 211600) v1 ==== 28+0+0 (1580216787 0 0) 0x7f4a672a8b40 con 0x7f4a60ceb000 -2096>
2020-06-01 13:48:36.121051 7f4a4fead700 3 mds.4.server handle_client_session client_session(request_renewcaps seq 211600) v1 from client.10775890 -2095>
2020-06-01 13:48:36.121057 7f4a4fead700 1 -- 100.97.140.48:6821/2734156667 --> 10.220.189.44:0/2047143258 -- client_session(renewcaps seq 211600) v2 -- 0x7f4a672a1f80 con 0 -2094>
2020-06-01 13:48:36.257130 7f4a52627700 5 -- 100.97.140.48:6821/2734156667 >> 10.220.189.27:0/1959308610 conn(0x7f4a61416800 :6821 s=STATE_OPEN_MESSAGE_READ_FOOTER_AND_DISPATCH pgs=30 cs=1 l=0). rx client.11962761 seq 12623 0x7f4a672a2400 client_session(request_renewcaps seq 76458) v1 -2093>
2020-06-01 13:48:36.257170 7f4a4fead700 1 -- 100.97.140.48:6821/2734156667 <== client.11962761 10.220.189.27:0/1959308610 12623 ==== client_session(request_renewcaps seq 76458) v1 ==== 28+0+0 (2564857656 0 0) 0x7f4a672a2400 con 0x7f4a61416800 -2092>
2020-06-01 13:48:36.257194 7f4a4fead700 3 mds.4.server handle_client_session client_session(request_renewcaps seq 76458) v1 from client.11962761 -2091>
2020-06-01 13:48:36.257202 7f4a4fead700 1 -- 100.97.140.48:6821/2734156667 --> 10.220.189.27:0/1959308610 -- client_session(renewcaps seq 76458) v2 -- 0x7f4a672a8b40 con 0 -2090>
2020-06-01 13:48:36.259286 7f4a51e26700 5 -- 100.97.140.48:6821/2734156667 >> 100.97.140.32:6820/1879232263 conn(0x7f4a60cec800 :6821 s=STATE_OPEN_MESSAGE_READ_FOOTER_AND_DISPATCH pgs=3423089 cs=1 l=0). rx mds.0 seq 321034 0x7f4a624f2a80 HB magic: 0 v1 -2089>
2020-06-01 13:48:36.259311 7f4a4fead700 1 -- 100.97.140.48:6821/2734156667 <== mds.0 100.97.140.32:6820/1879232263 321034 ==== HB magic: 0 v1 ==== 358+0+0 (3559886668 0 0) 0x7f4a624f2a80 con 0x7f4a60cec800 -2088>
2020-06-01 13:48:36.259378 7f4a4fead700 5 mds.4.bal mds.4 epoch 2811840 load mdsload<[0,0 0]/[0,0 0], req 0, hr 0, qlen 0, cpu 0.44> -2087>
2020-06-01 13:48:36.259401 7f4a4fead700 1 -- 100.97.140.48:6821/2734156667 _send_message--> mds.0 100.97.140.32:6820/1879232263 -- HB magic: 0 v1 -- ?+0 0x7f4a62454000 -2086>
2020-06-01 13:48:36.259411 7f4a4fead700 1 -- 100.97.140.48:6821/2734156667 --> 100.97.140.32:6820/1879232263 -- HB magic: 0 v1 -- 0x7f4a62454000 con 0 -2085>
2020-06-01 13:48:36.259425 7f4a4fead700 1 -- 100.97.140.48:6821/2734156667 _send_message--> mds.1 100.97.140.52:6820/390676609 -- HB magic: 0 v1 -- ?+0 0x7f4a61776f80 -2084>
2020-06-01 13:48:36.259432 7f4a4fead700 1 -- 100.97.140.48:6821/2734156667 --> 100.97.140.52:6820/390676609 -- HB magic: 0 v1 -- 0x7f4a61776f80 con 0 -2083>
2020-06-01 13:48:36.259443 7f4a4fead700 1 -- 100.97.140.48:6821/2734156667 _send_message--> mds.2 100.97.140.61:6820/557565904 -- HB magic: 0 v1 -- ?+0 0x7f4a6252a800 -2082>
2020-06-01 13:48:36.259450 7f4a4fead700 1 -- 100.97.140.48:6821/2734156667 --> 100.97.140.61:6820/557565904 -- HB magic: 0 v1 -- 0x7f4a6252a800 con 0 -2081>
2020-06-01 13:48:36.259460 7f4a4fead700 1 -- 100.97.140.48:6821/2734156667 _send_message--> mds.3 100.97.140.31:6820/2617382067 -- HB magic: 0 v1 -- ?+0 0x7f4a611a0080 -2080>
2020-06-01 13:48:36.259467 7f4a4fead700 1 -- 100.97.140.48:6821/2734156667 --> 100.97.140.31:6820/2617382067 -- HB magic: 0 v1 -- 0x7f4a611a0080 con 0 -2079>
2020-06-01 13:48:36.259478 7f4a4fead700 1 -- 100.97.140.48:6821/2734156667 _send_message--> mds.5 100.97.140.57:6820/168678367 -- HB magic: 0 v1 -- ?+0 0x7f4a624d2800 -2078>
2020-06-01 13:48:36.259485 7f4a4fead700 1 -- 100.97.140.48:6821/2734156667 --> 100.97.140.57:6820/168678367 -- HB magic: 0 v1 -- 0x7f4a624d2800 con 0 -2077>
2020-06-01 13:48:36.259502 7f4a4fead700 1 -- 100.97.140.48:6821/2734156667 _send_message--> mds.6 100.97.140.56:6820/1897498247 -- HB magic: 0 v1 -- ?+0 0x7f4a62454c80 -2076>
2020-06-01 13:48:36.259501 7f4a52627700 5 -- 100.97.140.48:6821/2734156667 >> 100.97.140.52:6820/390676609 conn(0x7f4a60b06800 :-1 s=STATE_OPEN_MESSAGE_READ_FOOTER_AND_DISPATCH pgs=1387905 cs=1 l=0). rx mds.1 seq 25249 0x7f4a6122dc00 HB magic: 0 v1 -2075>
2020-06-01 13:48:36.259510 7f4a4fead700 1 -- 100.97.140.48:6821/2734156667 --> 100.97.140.56:6820/1897498247 -- HB magic: 0 v1 -- 0x7f4a62454c80 con 0 -2074>
2020-06-01 13:48:36.259505 7f4a52e28700 5 -- 100.97.140.48:6821/2734156667 >> 100.97.140.31:6820/2617382067 conn(0x7f4a60ad3000 :-1 s=STATE_OPEN_MESSAGE_READ_FOOTER_AND_DISPATCH pgs=1752386 cs=1 l=0). rx mds.3 seq 25244 0x7f4a611ec580 HB magic: 0 v1 -2073>
2020-06-01 13:48:36.259519 7f4a4fead700 1 -- 100.97.140.48:6821/2734156667 _send_message--> mds.7 100.97.140.50:6820/2234244794 -- HB magic: 0 v1 -- ?+0 0x7f4a624d0500 -2072>
2020-06-01 13:48:36.259526 7f4a4fead700 1 -- 100.97.140.48:6821/2734156667 --> 100.97.140.50:6820/2234244794 -- HB magic: 0 v1 -- 0x7f4a624d0500 con 0 -2071>
2020-06-01 13:48:36.259543 7f4a4fead700 1 -- 100.97.140.48:6821/2734156667 <== mds.1 100.97.140.52:6820/390676609 25249 ==== HB magic: 0 v1 ==== 366+0+0 (4061513970 0 0) 0x7f4a6122dc00 con 0x7f4a60b06800 -2070>
2020-06-01 13:48:36.259556 7f4a4fead700 1 -- 100.97.140.48:6821/2734156667 <== mds.3 100.97.140.31:6820/2617382067 25244 ==== HB magic: 0 v1 ==== 366+0+0 (265763233 0 0) 0x7f4a611ec580 con 0x7f4a60ad3000 -2069>
2020-06-01 13:48:36.259574 7f4a51e26700 5 -- 100.97.140.48:6821/2734156667 >> 100.97.140.56:6820/1897498247 conn(0x7f4a60bef800 :-1 s=STATE_OPEN_MESSAGE_READ_FOOTER_AND_DISPATCH pgs=208465 cs=1 l=0). rx mds.6 seq 25244 0x7f4a6255e580 HB magic: 0 v1 -2068>
2020-06-01 13:48:36.259594 7f4a4fead700 1 -- 100.97.140.48:6821/2734156667 <== mds.6 100.97.140.56:6820/1897498247 25244 ==== HB magic: 0 v1 ==== 358+0+0 (1112212071 0 0) 0x7f4a6255e580 con 0x7f4a60bef800 -2067>
2020-06-01 13:48:36.259610 7f4a51e26700 5 -- 100.97.140.48:6821/2734156667 >> 100.97.140.61:6820/557565904 conn(0x7f4a60ad1800 :-1 s=STATE_OPEN_MESSAGE_READ_FOOTER_AND_DISPATCH pgs=1620 cs=1 l=0). rx mds.2 seq 25243 0x7f4a62499b80 HB magic: 0 v1 -2066>
2020-06-01 13:48:36.259625 7f4a4fead700 1 -- 100.97.140.48:6821/2734156667 <== mds.2 100.97.140.61:6820/557565904 25243 ==== HB magic: 0 v1 ==== 366+0+0 (4050153074 0 0) 0x7f4a62499b80 con 0x7f4a60ad1800 -2065>
2020-06-01 13:48:36.259699 7f4a52627700 5 -- 100.97.140.48:6821/2734156667 >> 100.97.140.57:6820/168678367 conn(0x7f4a60ad4800 :-1 s=STATE_OPEN_MESSAGE_READ_FOOTER_AND_DISPATCH pgs=4866 cs=1 l=0). rx mds.5 seq 25244 0x7f4a6255d680 HB magic: 0 v1 -2064>
2020-06-01 13:48:36.259711 7f4a52e28700 5 -- 100.97.140.48:6821/2734156667 >> 100.97.140.50:6820/2234244794 conn(0x7f4a60bee000 :-1 s=STATE_OPEN_MESSAGE_READ_FOOTER_AND_DISPATCH pgs=300173 cs=1 l=0). rx mds.7 seq 25244 0x7f4a62499400 HB magic: 0 v1 -2063>
2020-06-01 13:48:36.259730 7f4a4fead700 1 -- 100.97.140.48:6821/2734156667 <== mds.5 100.97.140.57:6820/168678367 25244 ==== HB magic: 0 v1 ==== 366+0+0 (802280979 0 0) 0x7f4a6255d680 con 0x7f4a60ad4800 -2062>
2020-06-01 13:48:36.259767 7f4a4fead700 1 -- 100.97.140.48:6821/2734156667 <== mds.7 100.97.140.50:6820/2234244794 25244 ==== HB magic: 0 v1 ==== 358+0+0 (266197755 0 0) 0x7f4a62499400 con 0x7f4a60bee000 -2061>
2020-06-01 13:48:36.259778 7f4a4fead700 5 mds.4.bal prep_rebalance: cluster loads are -2060>
2020-06-01 13:48:36.259787 7f4a4fead700 5 mds.4.bal prep_rebalance: my load 0 target 3.20764e+08 total 2.56611e+09 -2059>
2020-06-01 13:48:36.259796 7f4a4fead700 5 mds.4.bal i am underloaded or barely overloaded, doing nothing. -2058>
2020-06-01 13:48:36.306688 7f4a51e26700 5 -- 100.97.140.48:6821/2734156667 >> 10.220.189.33:0/680730710 conn(0x7f4a6534d800 :6821 s=STATE_OPEN_MESSAGE_READ_FOOTER_AND_DISPATCH pgs=9 cs=1 l=0). rx client.12650245 seq 65 0x7f4a672a1f80 client_session(request_renewcaps seq 64) v1 -2057>
2020-06-01 13:48:36.306721 7f4a4fead700 1 -- 100.97.140.48:6821/2734156667 <== client.12650245 10.220.189.33:0/680730710 65 ==== client_session(request_renewcaps seq 64) v1 ==== 28+0+0 (2667199804 0 0) 0x7f4a672a1f80 con 0x7f4a6534d800 -2056>
2020-06-01 13:48:36.306743 7f4a4fead700 3 mds.4.server handle_client_session client_session(request_renewcaps seq 64) v1 from client.12650245 -2055>
2020-06-01 13:48:36.306751 7f4a4fead700 1 -- 100.97.140.48:6821/2734156667 --> 10.220.189.33:0/680730710 -- client_session(renewcaps seq 64) v2 -- 0x7f4a672a2400 con 0 -2054>
2020-06-01 13:48:36.529290 7f4a506ae700 5 asok(0x7f4a608301c0) AdminSocket: request 'get_command_descriptions' '' to 0x7f4a607fc210 returned 4711 bytes -2053>
2020-06-01 13:48:36.552644 7f4a506ae700 1 do_command 'perf dump' ' -2052>
2020-06-01 13:48:36.552847 7f4a506ae700 1 do_command 'perf dump' 'result is 9143 bytes -2051>
2020-06-01 13:48:36.552852 7f4a506ae700 5 asok(0x7f4a608301c0) AdminSocket: request 'perf dump' '' to 0x7f4a607fc040 returned 9143 bytes -2050>
2020-06-01 13:48:36.560346 7f4a51e26700 5 -- 100.97.140.48:6821/2734156667 >> 10.220.87.187:0/749863392 conn(0x7f4a60cd9000 :6821 s=STATE_OPEN_MESSAGE_READ_FOOTER_AND_DISPATCH pgs=71 cs=1 l=0). rx client.3890804 seq 12622 0x7f4a672a2400 client_session(request_renewcaps seq 1014672) v1 -2049>
2020-06-01 13:48:36.560400 7f4a4fead700 1 -- 100.97.140.48:6821/2734156667 <== client.3890804 10.220.87.187:0/749863392 12622 ==== client_session(request_renewcaps seq 1014672) v1 ==== 28+0+0 (2720722469 0 0) 0x7f4a672a2400 con 0x7f4a60cd9000 -2048>
2020-06-01 13:48:36.560426 7f4a4fead700 3 mds.4.server handle_client_session client_session(request_renewcaps seq 1014672) v1 from client.3890804 -2047>
2020-06-01 13:48:36.560435 7f4a4fead700 1 -- 100.97.140.48:6821/2734156667 --> 10.220.87.187:0/749863392 -- client_session(renewcaps seq 1014672) v2 -- 0x7f4a672a1f80 con 0 -2046>
2020-06-01 13:48:36.885852 7f4a51e26700 5 -- 100.97.140.48:6821/2734156667 >> 100.97.140.32:6820/1879232263 conn(0x7f4a60cec800 :6821 s=STATE_OPEN_MESSAGE_READ_FOOTER_AND_DISPATCH pgs=3423089 cs=1 l=0). rx mds.0 seq 321035 0x7f4a629ed480 gather_caps(0x10002a2cf74) v1 -2045>
2020-06-01 13:48:36.885900 7f4a4fead700 1 -- 100.97.140.48:6821/2734156667 <== mds.0 100.97.140.32:6820/1879232263 321035 ==== gather_caps(0x10002a2cf74) v1 ==== 8+0+0 (4184419736 0 0) 0x7f4a629ed480 con 0x7f4a60cec800 -2044>
2020-06-01 13:48:37.082529 7f4a52627700 5 -- 100.97.140.48:6821/2734156667 >> 10.220.189.41:0/2212963091 conn(0x7f4a60dac800 :6821 s=STATE_OPEN_MESSAGE_READ_FOOTER_AND_DISPATCH pgs=84894 cs=1 l=0). rx client.12234932 seq 12623 0x7f4a672a8b40 client_session(request_renewcaps seq 45794) v1 -2043>
2020-06-01 13:48:37.082576 7f4a4fead700 1 -- 100.97.140.48:6821/2734156667 <== client.12234932 10.220.189.41:0/2212963091 12623 ==== client_session(request_renewcaps seq 45794) v1 ==== 28+0+0 (3552156185 0 0) 0x7f4a672a8b40 con 0x7f4a60dac800 -2042>
2020-06-01 13:48:37.082603 7f4a4fead700 3 mds.4.server handle_client_session client_session(request_renewcaps seq 45794) v1 from client.12234932 -2041>
2020-06-01 13:48:37.082612 7f4a4fead700 1 -- 100.97.140.48:6821/2734156667 --> 10.220.189.41:0/2212963091 -- client_session(renewcaps seq 45794) v2 -- 0x7f4a672a2400 con 0 -2040>
2020-06-01 13:48:37.294266 7f4a52e28700 5 -- 100.97.140.48:6821/2734156667 >> 10.220.189.41:0/3458674878 conn(0x7f4a60bce800 :6821 s=STATE_OPEN_MESSAGE_READ_FOOTER_AND_DISPATCH pgs=9 cs=1 l=0). rx client.12541649 seq 12579 0x7f4a652ad180 client_session(request_renewcaps seq 12578) v1 -2039>
2020-06-01 13:48:37.294312 7f4a4fead700 1 -- 100.97.140.48:6821/2734156667 <== client.12541649 10.220.189.41:0/3458674878 12579 ==== client_session(request_renewcaps seq 12578) v1 ==== 28+0+0 (1146779929 0 0) 0x7f4a652ad180 con 0x7f4a60bce800 -2038>
2020-06-01 13:48:37.294337 7f4a4fead700 3 mds.4.server handle_client_session client_session(request_renewcaps seq 12578) v1 from client.12541649 -2037>
2020-06-01 13:48:37.294345 7f4a4fead700 1 -- 100.97.140.48:6821/2734156667 --> 10.220.189.41:0/3458674878 -- client_session(renewcaps seq 12578) v2 -- 0x7f4a672a8b40 con 0 -2036>
2020-06-01 13:48:37.513728 7f4a52627700 5 -- 100.97.140.48:6821/2734156667 >> 10.220.189.33:0/880360577 conn(0x7f4a616e7000 :6821 s=STATE_OPEN_MESSAGE_READ_FOOTER_AND_DISPATCH pgs=9 cs=1 l=0). rx client.12650250 seq 65 0x7f4a672a2400 client_session(request_renewcaps seq 64) v1 -2035>
2020-06-01 13:48:37.513775 7f4a4fead700 1 -- 100.97.140.48:6821/2734156667 <== client.12650250 10.220.189.33:0/880360577 65 ==== client_session(request_renewcaps seq 64) v1 ==== 28+0+0 (2667199804 0 0) 0x7f4a672a2400 con 0x7f4a616e7000 -2034>
2020-06-01 13:48:37.513801 7f4a4fead700 3 mds.4.server handle_client_session client_session(request_renewcaps seq 64) v1 from client.12650250 -2033>
2020-06-01 13:48:37.513810 7f4a4fead700 1 -- 100.97.140.48:6821/2734156667 --> 10.220.189.33:0/880360577 -- client_session(renewcaps seq 64) v2 -- 0x7f4a652ad180 con 0 -2032>
2020-06-01 13:48:37.531111 7f4a52e28700 5 -- 100.97.140.48:6821/2734156667 >> 10.220.189.52:0/1535170925 conn(0x7f4a60dab000 :6821 s=STATE_OPEN_MESSAGE_READ_FOOTER_AND_DISPATCH pgs=223879 cs=1 l=0). rx client.11991456 seq 12623 0x7f4a672a8b40 client_session(request_renewcaps seq 73199) v1 -2031>
2020-06-01 13:48:37.531140 7f4a4fead700 1 -- 100.97.140.48:6821/2734156667 <== client.11991456 10.220.189.52:0/1535170925 12623 ==== client_session(request_renewcaps seq 73199) v1 ==== 28+0+0 (1545938370 0 0) 0x7f4a672a8b40 con 0x7f4a60dab000 -2030>
2020-06-01 13:48:37.531158 7f4a4fead700 3 mds.4.server handle_client_session client_session(request_renewcaps seq 73199) v1 from client.11991456 -2029>
2020-06-01 13:48:37.531164 7f4a4fead700 1 -- 100.97.140.48:6821/2734156667 --> 10.220.189.52:0/1535170925 -- client_session(renewcaps seq 73199) v2 -- 0x7f4a672a2400 con 0 -2028>
2020-06-01 13:48:37.579429 7f4a52627700 5 -- 100.97.140.48:6821/2734156667 >> 10.220.189.56:0/1810888978 conn(0x7f4a616d5000 :6821 s=STATE_OPEN_MESSAGE_READ_FOOTER_AND_DISPATCH pgs=44439 cs=1 l=0). rx client.12423189 seq 12623 0x7f4a652ad180 client_session(request_renewcaps seq 25735) v1 -2027>
2020-06-01 13:48:37.579455 7f4a4fead700 1 -- 100.97.140.48:6821/2734156667 <== client.12423189 10.220.189.56:0/1810888978 12623 ==== client_session(request_renewcaps seq 25735) v1 ==== 28+0+0 (3698238597 0 0) 0x7f4a652ad180 con 0x7f4a616d5000 -2026>
2020-06-01 13:48:37.579466 7f4a4fead700 3 mds.4.server handle_client_session client_session(request_renewcaps seq 25735) v1 from client.12423189 -2025>
2020-06-01 13:48:37.579472 7f4a4fead700 1 -- 100.97.140.48:6821/2734156667 --> 10.220.189.56:0/1810888978 -- client_session(renewcaps seq 25735) v2 -- 0x7f4a672a8b40 con 0 -2024>
2020-06-01 13:48:37.670480 7f4a51e26700 5 -- 100.97.140.48:6821/2734156667 >> 10.220.189.30:0/2353390659 conn(0x7f4a60e34000 :6821 s=STATE_OPEN_MESSAGE_READ_FOOTER_AND_DISPATCH pgs=28 cs=1 l=0). rx client.12451909 seq 12623 0x7f4a672a1f80 client_session(request_renewcaps seq 22556) v1 -2023>
2020-06-01 13:48:37.670514 7f4a4fead700 1 -- 100.97.140.48:6821/2734156667 <== client.12451909 10.220.189.30:0/2353390659 12623 ==== client_session(request_renewcaps seq 22556) v1 ==== 28+0+0 (3623205375 0 0) 0x7f4a672a1f80 con 0x7f4a60e34000 -2022>
2020-06-01 13:48:37.670532 7f4a4fead700 3 mds.4.server handle_client_session client_session(request_renewcaps seq 22556) v1 from client.12451909 -2021>
2020-06-01 13:48:37.670538 7f4a4fead700 1 -- 100.97.140.48:6821/2734156667 --> 10.220.189.30:0/2353390659 -- client_session(renewcaps seq 22556) v2 -- 0x7f4a652ad180 con 0 -2020>
2020-06-01 13:48:37.733120 7f4a52627700 5 -- 100.97.140.48:6821/2734156667 >> 10.240.14.161:0/1635338698 conn(0x7f4a615df000 :6821 s=STATE_OPEN_MESSAGE_READ_FOOTER_AND_DISPATCH pgs=1940588 cs=1 l=0). rx client.4629808 seq 12622 0x7f4a672a8b40 client_session(request_renewcaps seq 860252) v1 -2019>
2020-06-01 13:48:37.733148 7f4a4fead700 1 -- 100.97.140.48:6821/2734156667 <== client.4629808 10.240.14.161:0/1635338698 12622 ==== client_session(request_renewcaps seq 860252) v1 ==== 28+0+0 (1916296097 0 0) 0x7f4a672a8b40 con 0x7f4a615df000 -2018>
2020-06-01 13:48:37.733167 7f4a4fead700 3 mds.4.server handle_client_session client_session(request_renewcaps seq 860252) v1 from client.4629808 -2017>
2020-06-01 13:48:37.733174 7f4a4fead700 1 -- 100.97.140.48:6821/2734156667 --> 10.240.14.161:0/1635338698 -- client_session(renewcaps seq 860252) v2 -- 0x7f4a672a1f80 con 0 -2016>
2020-06-01 13:48:37.905923 7f4a52e28700 5 -- 100.97.140.48:6821/2734156667 >> 10.220.189.33:0/3366529666 conn(0x7f4a61a88800 :6821 s=STATE_OPEN_MESSAGE_READ_FOOTER_AND_DISPATCH pgs=9 cs=1 l=0). rx client.12641308 seq 65 0x7f4a672a2400 client_session(request_renewcaps seq 64) v1 -2015>
2020-06-01 13:48:37.905950 7f4a4fead700 1 -- 100.97.140.48:6821/2734156667 <== client.12641308 10.220.189.33:0/3366529666 65 ==== client_session(request_renewcaps seq 64) v1 ==== 28+0+0 (2667199804 0 0) 0x7f4a672a2400 con 0x7f4a61a88800 -2014>
2020-06-01 13:48:37.905968 7f4a4fead700 3 mds.4.server handle_client_session client_session(request_renewcaps seq 64) v1 from client.12641308 -2013>
2020-06-01 13:48:37.905975 7f4a4fead700 1 -- 100.97.140.48:6821/2734156667 --> 10.220.189.33:0/3366529666 -- client_session(renewcaps seq 64) v2 -- 0x7f4a672a8b40 con 0 -2012>
2020-06-01 13:48:38.120876 7f4a52627700 5 -- 100.97.140.48:6821/2734156667 >> 10.220.199.8:0/295837554 conn(0x7f4a615fb000 :6821 s=STATE_OPEN_MESSAGE_READ_FOOTER_AND_DISPATCH pgs=6 cs=1 l=0). rx client.12050814 seq 15252 0x7f4a672a1f80 client_session(request_renewcaps seq 82151) -2011>
2020-06-01 13:48:38.120924 7f4a4fead700 1 -- 100.97.140.48:6821/2734156667 <== client.12050814 10.220.199.8:0/295837554 15252 ==== client_session(request_renewcaps seq 82151) ==== 28+0+0 (3361929351 0 0) 0x7f4a672a1f80 con 0x7f4a615fb000 -2010>
2020-06-01 13:48:38.120949 7f4a4fead700 3 mds.4.server handle_client_session client_session(request_renewcaps seq 82151) from client.12050814 -2009>
2020-06-01 13:48:38.120958 7f4a4fead700 1 -- 100.97.140.48:6821/2734156667 --> 10.220.199.8:0/295837554 -- client_session(renewcaps seq 82151) v2 -- 0x7f4a672a2400 con 0 -2008>
2020-06-01 13:48:38.227858 7f4a52627700 5 -- 100.97.140.48:6821/2734156667 >> 10.220.189.55:0/762977251 conn(0x7f4a618fa800 :6821 s=STATE_OPEN_MESSAGE_READ_FOOTER_AND_DISPATCH pgs=9 cs=1 l=0). rx client.12539555 seq 12507 0x7f4a672a8480 client_session(request_renewcaps seq 12506) v1 -2007>
2020-06-01 13:48:38.227903 7f4a4fead700 1 -- 100.97.140.48:6821/2734156667 <== client.12539555 10.220.189.55:0/762977251 12507 ==== client_session(request_renewcaps seq 12506) v1 ==== 28+0+0 (1562791434 0 0) 0x7f4a672a8480 con 0x7f4a618fa800 -2006>
2020-06-01 13:48:38.227929 7f4a4fead700 3 mds.4.server handle_client_session client_session(request_renewcaps seq 12506) v1 from client.12539555 -2005>
2020-06-01 13:48:38.227937 7f4a4fead700 1 -- 100.97.140.48:6821/2734156667 --> 10.220.189.55:0/762977251 -- client_session(renewcaps seq 12506) v2 -- 0x7f4a672a1f80 con 0 -2004>
2020-06-01 13:48:38.305869 7f4a52e28700 5 -- 100.97.140.48:6821/2734156667 >> 10.220.189.42:0/2282882605 conn(0x7f4a60ae1000 :6821 s=STATE_OPEN_MESSAGE_READ_FOOTER_AND_DISPATCH pgs=14388 cs=1 l=0). rx client.12244555 seq 12623 0x7f4a672a8b40 client_session(request_renewcaps seq 45794) v1 -2003>
2020-06-01 13:48:38.305915 7f4a4fead700 1 -- 100.97.140.48:6821/2734156667 <== client.12244555 10.220.189.42:0/2282882605 12623 ==== client_session(request_renewcaps seq 45794) v1 ==== 28+0+0 (3552156185 0 0) 0x7f4a672a8b40 con 0x7f4a60ae1000 -2002>
2020-06-01 13:48:38.305940 7f4a4fead700 3 mds.4.server handle_client_session client_session(request_renewcaps seq 45794) v1 from client.12244555 -2001>
2020-06-01 13:48:38.305949 7f4a4fead700 1 -- 100.97.140.48:6821/2734156667 --> 10.220.189.42:0/2282882605 -- client_session(renewcaps seq 45794) v2 -- 0x7f4a672a8480 con 0 -2000>
2020-06-01 13:48:38.346416 7f4a4cea7700 10 monclient: _send_mon_message to mon.TX-97-140-59 at 100.97.140.59:6789/0 -1999>
2020-06-01 13:48:38.346429 7f4a4cea7700 1 -- 100.97.140.48:6821/2734156667 --> 100.97.140.59:6789/0 -- mdsbeacon(12541229/TX-97-140-48 up:active seq 63109 v415) v7 -- 0x7f4a67301380 con 0 -1998>
2020-06-01 13:48:38.347462 7f4a52627700 5 -- 100.97.140.48:6821/2734156667 >> 100.97.140.59:6789/0 conn(0x7f4a60a43000 :-1 s=STATE_OPEN_MESSAGE_READ_FOOTER_AND_DISPATCH pgs=2504874 cs=1 l=1). rx mon.4 seq 63310 0x7f4a67301380 mdsbeacon(12541229/TX-97-140-48 up:active seq 63109 v415) v7 -1997>
2020-06-01 13:48:38.347491 7f4a4fead700 1 -- 100.97.140.48:6821/2734156667 <== mon.4 100.97.140.59:6789/0 63310 ==== mdsbeacon(12541229/TX-97-140-48 up:active seq 63109 v415) v7 ==== 137+0+0 (1972268173 0 0) 0x7f4a67301380 con 0x7f4a60a43000 -1996>
2020-06-01 13:48:38.396997 7f4a52e28700 5 -- 100.97.140.48:6821/2734156667 >> 10.220.189.23:0/3481415903 conn(0x7f4a61623000 :6821 s=STATE_OPEN_MESSAGE_READ_FOOTER_AND_DISPATCH pgs=28 cs=1 l=0). rx client.12280331 seq 12623 0x7f4a672a8480 client_session(request_renewcaps seq 40621) v1 -1995>
2020-06-01 13:48:38.397023 7f4a4fead700 1 -- 100.97.140.48:6821/2734156667 <== client.12280331 10.220.189.23:0/3481415903 12623 ==== client_session(request_renewcaps seq 40621) v1 ==== 28+0+0 (3695780743 0 0) 0x7f4a672a8480 con 0x7f4a61623000 -1994>
2020-06-01 13:48:38.397043 7f4a4fead700 3 mds.4.server handle_client_session client_session(request_renewcaps seq 40621) v1 from client.12280331 -1993>
2020-06-01 13:48:38.397050 7f4a4fead700 1 -- 100.97.140.48:6821/2734156667 --> 10.220.189.23:0/3481415903 -- client_session(renewcaps seq 40621) v2 -- 0x7f4a672a8b40 con 0 -1992>
2020-06-01 13:48:38.726241 7f4a51e26700 5 -- 100.97.140.48:6821/2734156667 >> 10.220.189.53:0/2611141928 conn(0x7f4a61697000 :6821 s=STATE_OPEN_MESSAGE_READ_FOOTER_AND_DISPATCH pgs=222747 cs=1 l=0). rx client.12005389 seq 12623 0x7f4a652ad180 client_session(request_renewcaps seq 73096) v1 -1991>
2020-06-01 13:48:38.726289 7f4a4fead700 1 -- 100.97.140.48:6821/2734156667 <== client.12005389 10.220.189.53:0/2611141928 12623 ==== client_session(request_renewcaps seq 73096) v1 ==== 28+0+0 (1714450802 0 0) 0x7f4a652ad180 con 0x7f4a61697000 -1990>
