2020-06-01 13:48:29.751823 7f4a4fead700 3 mds.4.server handle_client_session client_session(request_renewcaps seq 64) v1 from client.12650220 -2449>
2020-06-01 13:48:29.751832 7f4a4fead700 1 -- 100.97.140.48:6821/2734156667 --> 10.220.189.38:0/3072558154 -- client_session(renewcaps seq 64) v2 -- 0x7f4a652ad180 con 0 -2448>
2020-06-01 13:48:29.839192 7f4a51e26700 5 -- 100.97.140.48:6821/2734156667 >> 10.220.189.42:0/3445632698 conn(0x7f4a616d3800 :6821 s=STATE_OPEN_MESSAGE_READ_FOOTER_AND_DISPATCH pgs=20380 cs=1 l=0). rx client.12458502 seq 12622 0x7f4a672a2400 client_session(request_renewcaps seq 20691) v1 -2447>
2020-06-01 13:48:29.839236 7f4a4fead700 1 -- 100.97.140.48:6821/2734156667 <== client.12458502 10.220.189.42:0/3445632698 12622 ==== client_session(request_renewcaps seq 20691) v1 ==== 28+0+0 (3107702978 0 0) 0x7f4a672a2400 con 0x7f4a616d3800 -2446>
2020-06-01 13:48:29.839262 7f4a4fead700 3 mds.4.server handle_client_session client_session(request_renewcaps seq 20691) v1 from client.12458502 -2445>
2020-06-01 13:48:29.839271 7f4a4fead700 1 -- 100.97.140.48:6821/2734156667 --> 10.220.189.42:0/3445632698 -- client_session(renewcaps seq 20691) v2 -- 0x7f4a672a8b40 con 0 -2444>
2020-06-01 13:48:29.964099 7f4a52e28700 5 -- 100.97.140.48:6821/2734156667 >> 10.220.189.44:0/2191475462 conn(0x7f4a60ce9800 :6821 s=STATE_OPEN_MESSAGE_READ_FOOTER_AND_DISPATCH pgs=648303 cs=1 l=0). rx client.10864980 seq 12622 0x7f4a652ad180 client_session(request_renewcaps seq 201448) v1 -2443>
2020-06-01 13:48:29.964145 7f4a4fead700 1 -- 100.97.140.48:6821/2734156667 <== client.10864980 10.220.189.44:0/2191475462 12622 ==== client_session(request_renewcaps seq 201448) v1 ==== 28+0+0 (564761241 0 0) 0x7f4a652ad180 con 0x7f4a60ce9800 -2442>
2020-06-01 13:48:29.964177 7f4a4fead700 3 mds.4.server handle_client_session client_session(request_renewcaps seq 201448) v1 from client.10864980 -2441>
2020-06-01 13:48:29.964187 7f4a4fead700 1 -- 100.97.140.48:6821/2734156667 --> 10.220.189.44:0/2191475462 -- client_session(renewcaps seq 201448) v2 -- 0x7f4a672a2400 con 0 -2440>
2020-06-01 13:48:29.986723 7f4a51e26700 5 -- 100.97.140.48:6821/2734156667 >> 10.220.189.18:0/32452983 conn(0x7f4a60e59800 :6821 s=STATE_OPEN_MESSAGE_READ_FOOTER_AND_DISPATCH pgs=169 cs=1 l=0). rx client.12488331 seq 12622 0x7f4a672a8b40 client_session(request_renewcaps seq 17255) v1 -2439>
2020-06-01 13:48:29.986749 7f4a4fead700 1 -- 100.97.140.48:6821/2734156667 <== client.12488331 10.220.189.18:0/32452983 12622 ==== client_session(request_renewcaps seq 17255) v1 ==== 28+0+0 (820706919 0 0) 0x7f4a672a8b40 con 0x7f4a60e59800 -2438>
2020-06-01 13:48:29.986768 7f4a4fead700 3 mds.4.server handle_client_session client_session(request_renewcaps seq 17255) v1 from client.12488331 -2437>
2020-06-01 13:48:29.986774 7f4a4fead700 1 -- 100.97.140.48:6821/2734156667 --> 10.220.189.18:0/32452983 -- client_session(renewcaps seq 17255) v2 -- 0x7f4a652ad180 con 0 -2436>
2020-06-01 13:48:30.096800 7f4a4d6a8700 2 mds.4.cache check_memory_usage total 509144, rss 128824, heap 16888, baseline 16888, buffers 0, 0 / 39 inodes have caps, 0 caps, 0 caps per inode -2435>
2020-06-01 13:48:30.142962 7f4a52e28700 5 -- 100.97.140.48:6821/2734156667 >> 10.220.189.38:0/1995212458 conn(0x7f4a60e23800 :6821 s=STATE_OPEN_MESSAGE_READ_FOOTER_AND_DISPATCH pgs=9 cs=1 l=0). rx client.12641947 seq 65 0x7f4a672a2400 client_session(request_renewcaps seq 64) v1 -2434>
2020-06-01 13:48:30.142998 7f4a4fead700 1 -- 100.97.140.48:6821/2734156667 <== client.12641947 10.220.189.38:0/1995212458 65 ==== client_session(request_renewcaps seq 64) v1 ==== 28+0+0 (2667199804 0 0) 0x7f4a672a2400 con 0x7f4a60e23800 -2433>
2020-06-01 13:48:30.143021 7f4a4fead700 3 mds.4.server handle_client_session client_session(request_renewcaps seq 64) v1 from client.12641947 -2432>
2020-06-01 13:48:30.143030 7f4a4fead700 1 -- 100.97.140.48:6821/2734156667 --> 10.220.189.38:0/1995212458 -- client_session(renewcaps seq 64) v2 -- 0x7f4a672a8b40 con 0 -2431>
2020-06-01 13:48:30.240344 7f4a51e26700 5 -- 100.97.140.48:6821/2734156667 >> 10.220.189.27:0/403993526 conn(0x7f4a60e74800 :6821 s=STATE_OPEN_MESSAGE_READ_FOOTER_AND_DISPATCH pgs=9 cs=1 l=0). rx client.12532372 seq 12440 0x7f4a652ad180 client_session(request_renewcaps seq 12439) v1 -2430>
2020-06-01 13:48:30.240392 7f4a4fead700 1 -- 100.97.140.48:6821/2734156667 <== client.12532372 10.220.189.27:0/403993526 12440 ==== client_session(request_renewcaps seq 12439) v1 ==== 28+0+0 (3638111765 0 0) 0x7f4a652ad180 con 0x7f4a60e74800 -2429>
2020-06-01 13:48:30.240418 7f4a4fead700 3 mds.4.server handle_client_session client_session(request_renewcaps seq 12439) v1 from client.12532372 -2428>
2020-06-01 13:48:30.240427 7f4a4fead700 1 -- 100.97.140.48:6821/2734156667 --> 10.220.189.27:0/403993526 -- client_session(renewcaps seq 12439) v2 -- 0x7f4a672a2400 con 0 -2427>
2020-06-01 13:48:30.277010 7f4a52e28700 5 -- 100.97.140.48:6821/2734156667 >> 10.220.189.27:0/2025515446 conn(0x7f4a60c66800 :6821 s=STATE_OPEN_MESSAGE_READ_FOOTER_AND_DISPATCH pgs=8 cs=1 l=0). rx client.12532806 seq 12440 0x7f4a672a8b40 client_session(request_renewcaps seq 12439) v1 -2426>
2020-06-01 13:48:30.277040 7f4a4fead700 1 -- 100.97.140.48:6821/2734156667 <== client.12532806 10.220.189.27:0/2025515446 12440 ==== client_session(request_renewcaps seq 12439) v1 ==== 28+0+0 (3638111765 0 0) 0x7f4a672a8b40 con 0x7f4a60c66800 -2425>
2020-06-01 13:48:30.277060 7f4a4fead700 3 mds.4.server handle_client_session client_session(request_renewcaps seq 12439) v1 from client.12532806 -2424>
2020-06-01 13:48:30.277067 7f4a4fead700 1 -- 100.97.140.48:6821/2734156667 --> 10.220.189.27:0/2025515446 -- client_session(renewcaps seq 12439) v2 -- 0x7f4a652ad180 con 0 -2423>
2020-06-01 13:48:30.298715 7f4a52e28700 5 -- 100.97.140.48:6821/2734156667 >> 10.220.189.49:0/3408371812 conn(0x7f4a61694000 :6821 s=STATE_OPEN_MESSAGE_READ_FOOTER_AND_DISPATCH pgs=222742 cs=1 l=0). rx client.12005754 seq 12622 0x7f4a652ad180 client_session(request_renewcaps seq 73065) v1 -2422>
2020-06-01 13:48:30.298750 7f4a4fead700 1 -- 100.97.140.48:6821/2734156667 <== client.12005754 10.220.189.49:0/3408371812 12622 ==== client_session(request_renewcaps seq 73065) v1 ==== 28+0+0 (4116236777 0 0) 0x7f4a652ad180 con 0x7f4a61694000 -2421>
2020-06-01 13:48:30.298770 7f4a4fead700 3 mds.4.server handle_client_session client_session(request_renewcaps seq 73065) v1 from client.12005754 -2420>
2020-06-01 13:48:30.298777 7f4a4fead700 1 -- 100.97.140.48:6821/2734156667 --> 10.220.189.49:0/3408371812 -- client_session(renewcaps seq 73065) v2 -- 0x7f4a672a8b40 con 0 -2419>
2020-06-01 13:48:30.340138 7f4a4dea9700 1 -- 100.97.140.48:6821/2734156667 --> 100.97.140.48:6820/2345 -- mgrreport(unknown.TX-97-140-48 +0-0 packed 214) v5 -- 0x7f4a60ec0940 con 0 -2418>
2020-06-01 13:48:30.346248 7f4a4cea7700 10 monclient: _send_mon_message to mon.TX-97-140-59 at 100.97.140.59:6789/0 -2417>
2020-06-01 13:48:30.346261 7f4a4cea7700 1 -- 100.97.140.48:6821/2734156667 --> 100.97.140.59:6789/0 -- mdsbeacon(12541229/TX-97-140-48 up:active seq 63107 v415) v7 -- 0x7f4a67300d00 con 0 -2416>
2020-06-01 13:48:30.347265 7f4a52627700 5 -- 100.97.140.48:6821/2734156667 >> 100.97.140.59:6789/0 conn(0x7f4a60a43000 :-1 s=STATE_OPEN_MESSAGE_READ_FOOTER_AND_DISPATCH pgs=2504874 cs=1 l=1). rx mon.4 seq 63308 0x7f4a67300d00 mdsbeacon(12541229/TX-97-140-48 up:active seq 63107 v415) v7 -2415>
2020-06-01 13:48:30.347294 7f4a4fead700 1 -- 100.97.140.48:6821/2734156667 <== mon.4 100.97.140.59:6789/0 63308 ==== mdsbeacon(12541229/TX-97-140-48 up:active seq 63107 v415) v7 ==== 137+0+0 (1242396500 0 0) 0x7f4a67300d00 con 0x7f4a60a43000 -2414>
2020-06-01 13:48:30.409180 7f4a51e26700 5 -- 100.97.140.48:6821/2734156667 >> 10.220.189.56:0/655183920 conn(0x7f4a60dbe800 :6821 s=STATE_OPEN_MESSAGE_READ_FOOTER_AND_DISPATCH pgs=170 cs=1 l=0). rx client.12496225 seq 12622 0x7f4a672a2400 client_session(request_renewcaps seq 17255) v1 -2413>
2020-06-01 13:48:30.409210 7f4a4fead700 1 -- 100.97.140.48:6821/2734156667 <== client.12496225 10.220.189.56:0/655183920 12622 ==== client_session(request_renewcaps seq 17255) v1 ==== 28+0+0 (820706919 0 0) 0x7f4a672a2400 con 0x7f4a60dbe800 -2412>
2020-06-01 13:48:30.409231 7f4a4fead700 3 mds.4.server handle_client_session client_session(request_renewcaps seq 17255) v1 from client.12496225 -2411>
2020-06-01 13:48:30.409239 7f4a4fead700 1 -- 100.97.140.48:6821/2734156667 --> 10.220.189.56:0/655183920 -- client_session(renewcaps seq 17255) v2 -- 0x7f4a652ad180 con 0 -2410>
2020-06-01 13:48:30.465294 7f4a51e26700 5 -- 100.97.140.48:6821/2734156667 >> 10.221.36.203:0/794674780 conn(0x7f4a60eae800 :6821 s=STATE_OPEN_MESSAGE_READ_FOOTER_AND_DISPATCH pgs=3517688 cs=1 l=0). rx client.3883471 seq 12622 0x7f4a652ad180 client_session(request_renewcaps seq 1014669) v1 -2409>
2020-06-01 13:48:30.465323 7f4a4fead700 1 -- 100.97.140.48:6821/2734156667 <== client.3883471 10.221.36.203:0/794674780 12622 ==== client_session(request_renewcaps seq 1014669) v1 ==== 28+0+0 (3205133903 0 0) 0x7f4a652ad180 con 0x7f4a60eae800 -2408>
2020-06-01 13:48:30.465342 7f4a4fead700 3 mds.4.server handle_client_session client_session(request_renewcaps seq 1014669) v1 from client.3883471 -2407>
2020-06-01 13:48:30.465349 7f4a4fead700 1 -- 100.97.140.48:6821/2734156667 --> 10.221.36.203:0/794674780 -- client_session(renewcaps seq 1014669) v2 -- 0x7f4a672a2400 con 0 -2406>
2020-06-01 13:48:30.607255 7f4a51e26700 5 -- 100.97.140.48:6821/2734156667 >> 10.240.219.146:0/589250504 conn(0x7f4a615cc800 :6821 s=STATE_OPEN_MESSAGE_READ_FOOTER_AND_DISPATCH pgs=3009661 cs=1 l=0). rx client.4630841 seq 12622 0x7f4a672a2400 client_session(request_renewcaps seq 860269) v1 -2405>
2020-06-01 13:48:30.607285 7f4a4fead700 1 -- 100.97.140.48:6821/2734156667 <== client.4630841 10.240.219.146:0/589250504 12622 ==== client_session(request_renewcaps seq 860269) v1 ==== 28+0+0 (1130816339 0 0) 0x7f4a672a2400 con 0x7f4a615cc800 -2404>
2020-06-01 13:48:30.607306 7f4a4fead700 3 mds.4.server handle_client_session client_session(request_renewcaps seq 860269) v1 from client.4630841 -2403>
2020-06-01 13:48:30.607313 7f4a4fead700 1 -- 100.97.140.48:6821/2734156667 --> 10.240.219.146:0/589250504 -- client_session(renewcaps seq 860269) v2 -- 0x7f4a652ad180 con 0 -2402>
2020-06-01 13:48:30.863079 7f4a51e26700 5 -- 100.97.140.48:6821/2734156667 >> 10.220.189.15:0/431168319 conn(0x7f4a60c2b000 :6821 s=STATE_OPEN_MESSAGE_READ_FOOTER_AND_DISPATCH pgs=31 cs=1 l=0). rx client.9013872 seq 12622 0x7f4a652ad180 client_session(request_renewcaps seq 410775) v1 -2401>
2020-06-01 13:48:30.863127 7f4a4fead700 1 -- 100.97.140.48:6821/2734156667 <== client.9013872 10.220.189.15:0/431168319 12622 ==== client_session(request_renewcaps seq 410775) v1 ==== 28+0+0 (488716057 0 0) 0x7f4a652ad180 con 0x7f4a60c2b000 -2400>
2020-06-01 13:48:30.863152 7f4a4fead700 3 mds.4.server handle_client_session client_session(request_renewcaps seq 410775) v1 from client.9013872 -2399>
2020-06-01 13:48:30.863161 7f4a4fead700 1 -- 100.97.140.48:6821/2734156667 --> 10.220.189.15:0/431168319 -- client_session(renewcaps seq 410775) v2 -- 0x7f4a672a2400 con 0 -2398>
2020-06-01 13:48:30.941470 7f4a51e26700 5 -- 100.97.140.48:6821/2734156667 >> 10.221.30.201:0/1459187673 conn(0x7f4a61437000 :6821 s=STATE_OPEN_MESSAGE_READ_FOOTER_AND_DISPATCH pgs=17529 cs=1 l=0). rx client.4948872 seq 12622 0x7f4a672a2400 client_session(request_renewcaps seq 811299) v1 -2397>
2020-06-01 13:48:30.941520 7f4a4fead700 1 -- 100.97.140.48:6821/2734156667 <== client.4948872 10.221.30.201:0/1459187673 12622 ==== client_session(request_renewcaps seq 811299) v1 ==== 28+0+0 (862377742 0 0) 0x7f4a672a2400 con 0x7f4a61437000 -2396>
2020-06-01 13:48:30.941543 7f4a4fead700 3 mds.4.server handle_client_session client_session(request_renewcaps seq 811299) v1 from client.4948872 -2395>
2020-06-01 13:48:30.941552 7f4a4fead700 1 -- 100.97.140.48:6821/2734156667 --> 10.221.30.201:0/1459187673 -- client_session(renewcaps seq 811299) v2 -- 0x7f4a652ad180 con 0 -2394>
2020-06-01 13:48:30.946128 7f4a51e26700 5 -- 100.97.140.48:6821/2734156667 >> 10.220.189.38:0/3477759274 conn(0x7f4a60e13000 :6821 s=STATE_OPEN_MESSAGE_READ_FOOTER_AND_DISPATCH pgs=9 cs=1 l=0). rx client.12643251 seq 65 0x7f4a652ad180 client_session(request_renewcaps seq 64) v1 -2393>
2020-06-01 13:48:30.946152 7f4a4fead700 1 -- 100.97.140.48:6821/2734156667 <== client.12643251 10.220.189.38:0/3477759274 65 ==== client_session(request_renewcaps seq 64) v1 ==== 28+0+0 (2667199804 0 0) 0x7f4a652ad180 con 0x7f4a60e13000 -2392>
2020-06-01 13:48:30.946162 7f4a4fead700 3 mds.4.server handle_client_session client_session(request_renewcaps seq 64) v1 from client.12643251 -2391>
2020-06-01 13:48:30.946167 7f4a4fead700 1 -- 100.97.140.48:6821/2734156667 --> 10.220.189.38:0/3477759274 -- client_session(renewcaps seq 64) v2 -- 0x7f4a672a2400 con 0 -2390>
2020-06-01 13:48:31.138066 7f4a52627700 5 -- 100.97.140.48:6821/2734156667 >> 10.220.189.38:0/1438414178 conn(0x7f4a60de5000 :6821 s=STATE_OPEN_MESSAGE_READ_FOOTER_AND_DISPATCH pgs=9 cs=1 l=0). rx client.12643256 seq 65 0x7f4a672a1f80 client_session(request_renewcaps seq 64) v1 -2389>
2020-06-01 13:48:31.138109 7f4a4fead700 1 -- 100.97.140.48:6821/2734156667 <== client.12643256 10.220.189.38:0/1438414178 65 ==== client_session(request_renewcaps seq 64) v1 ==== 28+0+0 (2667199804 0 0) 0x7f4a672a1f80 con 0x7f4a60de5000 -2388>
2020-06-01 13:48:31.138133 7f4a4fead700 3 mds.4.server handle_client_session client_session(request_renewcaps seq 64) v1 from client.12643256 -2387>
2020-06-01 13:48:31.138142 7f4a4fead700 1 -- 100.97.140.48:6821/2734156667 --> 10.220.189.38:0/1438414178 -- client_session(renewcaps seq 64) v2 -- 0x7f4a652ad180 con 0 -2386>
2020-06-01 13:48:31.216824 7f4a51e26700 5 -- 100.97.140.48:6821/2734156667 >> 172.25.166.37:0/4084066274 conn(0x7f4a60e99800 :6821 s=STATE_OPEN_MESSAGE_READ_FOOTER_AND_DISPATCH pgs=17524 cs=1 l=0). rx client.4945768 seq 12622 0x7f4a672a2400 client_session(request_renewcaps seq 811299) v1 -2385>
2020-06-01 13:48:31.216853 7f4a4fead700 1 -- 100.97.140.48:6821/2734156667 <== client.4945768 172.25.166.37:0/4084066274 12622 ==== client_session(request_renewcaps seq 811299) v1 ==== 28+0+0 (862377742 0 0) 0x7f4a672a2400 con 0x7f4a60e99800 -2384>
2020-06-01 13:48:31.216872 7f4a4fead700 3 mds.4.server handle_client_session client_session(request_renewcaps seq 811299) v1 from client.4945768 -2383>
2020-06-01 13:48:31.216879 7f4a4fead700 1 -- 100.97.140.48:6821/2734156667 --> 172.25.166.37:0/4084066274 -- client_session(renewcaps seq 811299) v2 -- 0x7f4a672a1f80 con 0 -2382>
2020-06-01 13:48:31.258416 7f4a51e26700 5 -- 100.97.140.48:6821/2734156667 >> 100.97.140.32:6820/1879232263 conn(0x7f4a60cec800 :6821 s=STATE_OPEN_MESSAGE_READ_FOOTER_AND_DISPATCH pgs=3423089 cs=1 l=0). rx mds.0 seq 321014 0x7f4a624d2d00 lock(a=lock inest 0x1.head) v1 -2381>
2020-06-01 13:48:31.258457 7f4a4fead700 1 -- 100.97.140.48:6821/2734156667 <== mds.0 100.97.140.32:6820/1879232263 321014 ==== lock(a=lock inest 0x1.head) v1 ==== 69+0+0 (1800409819 0 0) 0x7f4a624d2d00 con 0x7f4a60cec800 -2380>
2020-06-01 13:48:31.258500 7f4a4fead700 1 -- 100.97.140.48:6821/2734156667 _send_message--> mds.0 100.97.140.32:6820/1879232263 -- lock(a=lockack inest 0x1.head) v1 -- ?+0 0x7f4a624d0500 -2379>
2020-06-01 13:48:31.258511 7f4a4fead700 1 -- 100.97.140.48:6821/2734156667 --> 100.97.140.32:6820/1879232263 -- lock(a=lockack inest 0x1.head) v1 -- 0x7f4a624d0500 con 0 -2378>
2020-06-01 13:48:31.258510 7f4a51e26700 5 -- 100.97.140.48:6821/2734156667 >> 100.97.140.32:6820/1879232263 conn(0x7f4a60cec800 :6821 s=STATE_OPEN_MESSAGE_READ_FOOTER_AND_DISPATCH pgs=3423089 cs=1 l=0). rx mds.0 seq 321015 0x7f4a624f1b80 lock(a=lock inest 0x10000000002.head) v1 -2377>
2020-06-01 13:48:31.258537 7f4a4fead700 1 -- 100.97.140.48:6821/2734156667 <== mds.0 100.97.140.32:6820/1879232263 321015 ==== lock(a=lock inest 0x10000000002.head) v1 ==== 69+0+0 (1201847954 0 0) 0x7f4a624f1b80 con 0x7f4a60cec800 -2376>
2020-06-01 13:48:31.258552 7f4a4fead700 1 -- 100.97.140.48:6821/2734156667 _send_message--> mds.0 100.97.140.32:6820/1879232263 -- lock(a=lockack inest 0x10000000002.head) v1 -- ?+0 0x7f4a624d2d00 -2375>
2020-06-01 13:48:31.258559 7f4a4fead700 1 -- 100.97.140.48:6821/2734156667 --> 100.97.140.32:6820/1879232263 -- lock(a=lockack inest 0x10000000002.head) v1 -- 0x7f4a624d2d00 con 0 -2374>
2020-06-01 13:48:31.258660 7f4a51e26700 5 -- 100.97.140.48:6821/2734156667 >> 100.97.140.32:6820/1879232263 conn(0x7f4a60cec800 :6821 s=STATE_OPEN_MESSAGE_READ_FOOTER_AND_DISPATCH pgs=3423089 cs=1 l=0). rx mds.0 seq 321016 0x7f4a62498780 lock(a=lock inest 0x100000007d3.head) v1 -2373>
2020-06-01 13:48:31.258680 7f4a4fead700 1 -- 100.97.140.48:6821/2734156667 <== mds.0 100.97.140.32:6820/1879232263 321016 ==== lock(a=lock inest 0x100000007d3.head) v1 ==== 69+0+0 (4197004337 0 0) 0x7f4a62498780 con 0x7f4a60cec800 -2372>
2020-06-01 13:48:31.258694 7f4a4fead700 1 -- 100.97.140.48:6821/2734156667 _send_message--> mds.0 100.97.140.32:6820/1879232263 -- lock(a=lockack inest 0x100000007d3.head) v1 -- ?+0 0x7f4a624f1b80 -2371>
2020-06-01 13:48:31.258702 7f4a4fead700 1 -- 100.97.140.48:6821/2734156667 --> 100.97.140.32:6820/1879232263 -- lock(a=lockack inest 0x100000007d3.head) v1 -- 0x7f4a624f1b80 con 0 -2370>
2020-06-01 13:48:31.258770 7f4a51e26700 5 -- 100.97.140.48:6821/2734156667 >> 100.97.140.32:6820/1879232263 conn(0x7f4a60cec800 :6821 s=STATE_OPEN_MESSAGE_READ_FOOTER_AND_DISPATCH pgs=3423089 cs=1 l=0). rx mds.0 seq 321017 0x7f4a624d3c00 lock(a=lock inest 0x10002a2db42.head) v1 -2369>
2020-06-01 13:48:31.258789 7f4a4fead700 1 -- 100.97.140.48:6821/2734156667 <== mds.0 100.97.140.32:6820/1879232263 321017 ==== lock(a=lock inest 0x10002a2db42.head) v1 ==== 69+0+0 (523299892 0 0) 0x7f4a624d3c00 con 0x7f4a60cec800 -2368>
2020-06-01 13:48:31.258802 7f4a4fead700 1 -- 100.97.140.48:6821/2734156667 _send_message--> mds.0 100.97.140.32:6820/1879232263 -- lock(a=lockack inest 0x10002a2db42.head) v1 -- ?+0 0x7f4a62498780 -2367>
2020-06-01 13:48:31.258809 7f4a4fead700 1 -- 100.97.140.48:6821/2734156667 --> 100.97.140.32:6820/1879232263 -- lock(a=lockack inest 0x10002a2db42.head) v1 -- 0x7f4a62498780 con 0 -2366>
2020-06-01 13:48:31.259127 7f4a51e26700 5 -- 100.97.140.48:6821/2734156667 >> 100.97.140.32:6820/1879232263 conn(0x7f4a60cec800 :6821 s=STATE_OPEN_MESSAGE_READ_FOOTER_AND_DISPATCH pgs=3423089 cs=1 l=0). rx mds.0 seq 321018 0x7f4a6122c300 lock(a=lock inest 0x10000000003.head) v1 -2365>
2020-06-01 13:48:31.259158 7f4a4fead700 1 -- 100.97.140.48:6821/2734156667 <== mds.0 100.97.140.32:6820/1879232263 321018 ==== lock(a=lock inest 0x10000000003.head) v1 ==== 69+0+0 (1953367342 0 0) 0x7f4a6122c300 con 0x7f4a60cec800 -2364>
2020-06-01 13:48:31.259164 7f4a51e26700 5 -- 100.97.140.48:6821/2734156667 >> 100.97.140.32:6820/1879232263 conn(0x7f4a60cec800 :6821 s=STATE_OPEN_MESSAGE_READ_FOOTER_AND_DISPATCH pgs=3423089 cs=1 l=0). rx mds.0 seq 321019 0x7f4a6236f680 lock(a=lock inest 0x100000007d4.head) v1 -2363>
2020-06-01 13:48:31.259170 7f4a4fead700 1 -- 100.97.140.48:6821/2734156667 _send_message--> mds.0 100.97.140.32:6820/1879232263 -- lock(a=lockack inest 0x10000000003.head) v1 -- ?+0 0x7f4a624d3c00 -2362>
2020-06-01 13:48:31.259176 7f4a4fead700 1 -- 100.97.140.48:6821/2734156667 --> 100.97.140.32:6820/1879232263 -- lock(a=lockack inest 0x10000000003.head) v1 -- 0x7f4a624d3c00 con 0 -2361>
2020-06-01 13:48:31.259186 7f4a4fead700 1 -- 100.97.140.48:6821/2734156667 <== mds.0 100.97.140.32:6820/1879232263 321019 ==== lock(a=lock inest 0x100000007d4.head) v1 ==== 69+0+0 (1632507397 0 0) 0x7f4a6236f680 con 0x7f4a60cec800 -2360>
2020-06-01 13:48:31.259196 7f4a4fead700 1 -- 100.97.140.48:6821/2734156667 _send_message--> mds.0 100.97.140.32:6820/1879232263 -- lock(a=lockack inest 0x100000007d4.head) v1 -- ?+0 0x7f4a6122c300 -2359>
2020-06-01 13:48:31.259201 7f4a4fead700 1 -- 100.97.140.48:6821/2734156667 --> 100.97.140.32:6820/1879232263 -- lock(a=lockack inest 0x100000007d4.head) v1 -- 0x7f4a6122c300 con 0 -2358>
2020-06-01 13:48:31.259939 7f4a51e26700 5 -- 100.97.140.48:6821/2734156667 >> 100.97.140.32:6820/1879232263 conn(0x7f4a60cec800 :6821 s=STATE_OPEN_MESSAGE_READ_FOOTER_AND_DISPATCH pgs=3423089 cs=1 l=0). rx mds.0 seq 321020 0x7f4a62829a40 gather_caps(0x10002a2cf74) v1 -2357>
2020-06-01 13:48:31.259958 7f4a4fead700 1 -- 100.97.140.48:6821/2734156667 <== mds.0 100.97.140.32:6820/1879232263 321020 ==== gather_caps(0x10002a2cf74) v1 ==== 8+0+0 (4184419736 0 0) 0x7f4a62829a40 con 0x7f4a60cec800 -2356>
2020-06-01 13:48:31.261258 7f4a51e26700 5 -- 100.97.140.48:6821/2734156667 >> 100.97.140.32:6820/1879232263 conn(0x7f4a60cec800 :6821 s=STATE_OPEN_MESSAGE_READ_FOOTER_AND_DISPATCH pgs=3423089 cs=1 l=0). rx mds.0 seq 321021 0x7f4a6122c300 lock(a=lockflushed inest 0x1.head) v1 -2355>
2020-06-01 13:48:31.261281 7f4a4fead700 1 -- 100.97.140.48:6821/2734156667 <== mds.0 100.97.140.32:6820/1879232263 321021 ==== lock(a=lockflushed inest 0x1.head) v1 ==== 69+0+0 (2317315267 0 0) 0x7f4a6122c300 con 0x7f4a60cec800 -2354>
2020-06-01 13:48:31.261378 7f4a51e26700 5 -- 100.97.140.48:6821/2734156667 >> 100.97.140.32:6820/1879232263 conn(0x7f4a60cec800 :6821 s=STATE_OPEN_MESSAGE_READ_FOOTER_AND_DISPATCH pgs=3423089 cs=1 l=0). rx mds.0 seq 321022 0x7f4a624d3c00 lock(a=mix inest 0x1.head) v1 -2353>
2020-06-01 13:48:31.261396 7f4a4fead700 1 -- 100.97.140.48:6821/2734156667 <== mds.0 100.97.140.32:6820/1879232263 321022 ==== lock(a=mix inest 0x1.head) v1 ==== 291+0+0 (542093699 0 0) 0x7f4a624d3c00 con 0x7f4a60cec800 -2352>
2020-06-01 13:48:31.262121 7f4a51e26700 5 -- 100.97.140.48:6821/2734156667 >> 100.97.140.32:6820/1879232263 conn(0x7f4a60cec800 :6821 s=STATE_OPEN_MESSAGE_READ_FOOTER_AND_DISPATCH pgs=3423089 cs=1 l=0). rx mds.0 seq 321023 0x7f4a62498780 lock(a=lockflushed inest 0x10000000002.head) v1 -2351>
2020-06-01 13:48:31.262141 7f4a4fead700 1 -- 100.97.140.48:6821/2734156667 <== mds.0 100.97.140.32:6820/1879232263 321023 ==== lock(a=lockflushed inest 0x10000000002.head) v1 ==== 69+0+0 (2800599178 0 0) 0x7f4a62498780 con 0x7f4a60cec800 -2350>
2020-06-01 13:48:31.262270 7f4a51e26700 5 -- 100.97.140.48:6821/2734156667 >> 100.97.140.32:6820/1879232263 conn(0x7f4a60cec800 :6821 s=STATE_OPEN_MESSAGE_READ_FOOTER_AND_DISPATCH pgs=3423089 cs=1 l=0). rx mds.0 seq 321024 0x7f4a624f1b80 lock(a=mix inest 0x10000000002.head) v1 -2349>
2020-06-01 13:48:31.262287 7f4a4fead700 1 -- 100.97.140.48:6821/2734156667 <== mds.0 100.97.140.32:6820/1879232263 321024 ==== lock(a=mix inest 0x10000000002.head) v1 ==== 291+0+0 (2448498808 0 0) 0x7f4a624f1b80 con 0x7f4a60cec800 -2348>
2020-06-01 13:48:31.262477 7f4a51e26700 5 -- 100.97.140.48:6821/2734156667 >> 100.97.140.32:6820/1879232263 conn(0x7f4a60cec800 :6821 s=STATE_OPEN_MESSAGE_READ_FOOTER_AND_DISPATCH pgs=3423089 cs=1 l=0). rx mds.0 seq 321025 0x7f4a624d2d00 lock(a=lockflushed inest 0x100000007d3.head) v1 -2347>
2020-06-01 13:48:31.262500 7f4a4fead700 1 -- 100.97.140.48:6821/2734156667 <== mds.0 100.97.140.32:6820/1879232263 321025 ==== lock(a=lockflushed inest 0x100000007d3.head) v1 ==== 69+0+0 (459688489 0 0) 0x7f4a624d2d00 con 0x7f4a60cec800 -2346>
2020-06-01 13:48:31.262568 7f4a51e26700 5 -- 100.97.140.48:6821/2734156667 >> 100.97.140.32:6820/1879232263 conn(0x7f4a60cec800 :6821 s=STATE_OPEN_MESSAGE_READ_FOOTER_AND_DISPATCH pgs=3423089 cs=1 l=0). rx mds.0 seq 321026 0x7f4a624d0500 lock(a=mix inest 0x100000007d3.head) v1 -2345>
2020-06-01 13:48:31.262586 7f4a4fead700 1 -- 100.97.140.48:6821/2734156667 <== mds.0 100.97.140.32:6820/1879232263 321026 ==== lock(a=mix inest 0x100000007d3.head) v1 ==== 291+0+0 (2840667477 0 0) 0x7f4a624d0500 con 0x7f4a60cec800 -2344>
2020-06-01 13:48:31.262674 7f4a51e26700 5 -- 100.97.140.48:6821/2734156667 >> 100.97.140.32:6820/1879232263 conn(0x7f4a60cec800 :6821 s=STATE_OPEN_MESSAGE_READ_FOOTER_AND_DISPATCH pgs=3423089 cs=1 l=0). rx mds.0 seq 321027 0x7f4a62454c80 lock(a=lockflushed inest 0x10002a2db42.head) v1 -2343>
2020-06-01 13:48:31.262691 7f4a4fead700 1 -- 100.97.140.48:6821/2734156667 <== mds.0 100.97.140.32:6820/1879232263 321027 ==== lock(a=lockflushed inest 0x10002a2db42.head) v1 ==== 69+0+0 (4269773356 0 0) 0x7f4a62454c80 con 0x7f4a60cec800 -2342>
2020-06-01 13:48:31.262836 7f4a51e26700 5 -- 100.97.140.48:6821/2734156667 >> 100.97.140.32:6820/1879232263 conn(0x7f4a60cec800 :6821 s=STATE_OPEN_MESSAGE_READ_FOOTER_AND_DISPATCH pgs=3423089 cs=1 l=0). rx mds.0 seq 321028 0x7f4a624d2800 lock(a=mix inest 0x10002a2db42.head) v1 -2341>
2020-06-01 13:48:31.262854 7f4a4fead700 1 -- 100.97.140.48:6821/2734156667 <== mds.0 100.97.140.32:6820/1879232263 321028 ==== lock(a=mix inest 0x10002a2db42.head) v1 ==== 291+0+0 (1453383270 0 0) 0x7f4a624d2800 con 0x7f4a60cec800 -2340>
2020-06-01 13:48:31.262918 7f4a51e26700 5 -- 100.97.140.48:6821/2734156667 >> 100.97.140.32:6820/1879232263 conn(0x7f4a60cec800 :6821 s=STATE_OPEN_MESSAGE_READ_FOOTER_AND_DISPATCH pgs=3423089 cs=1 l=0). rx mds.0 seq 321029 0x7f4a611a0080 lock(a=lockflushed inest 0x10000000003.head) v1 -2339>
2020-06-01 13:48:31.262935 7f4a4fead700 1 -- 100.97.140.48:6821/2734156667 <== mds.0 100.97.140.32:6820/1879232263 321029 ==== lock(a=lockflushed inest 0x10000000003.head) v1 ==== 69+0+0 (2501999414 0 0) 0x7f4a611a0080 con 0x7f4a60cec800 -2338>
2020-06-01 13:48:31.263047 7f4a51e26700 5 -- 100.97.140.48:6821/2734156667 >> 100.97.140.32:6820/1879232263 conn(0x7f4a60cec800 :6821 s=STATE_OPEN_MESSAGE_READ_FOOTER_AND_DISPATCH pgs=3423089 cs=1 l=0). rx mds.0 seq 321030 0x7f4a6252a800 lock(a=mix inest 0x10000000003.head) v1 -2337>
2020-06-01 13:48:31.263071 7f4a4fead700 1 -- 100.97.140.48:6821/2734156667 <== mds.0 100.97.140.32:6820/1879232263 321030 ==== lock(a=mix inest 0x10000000003.head) v1 ==== 291+0+0 (2232826481 0 0) 0x7f4a6252a800 con 0x7f4a60cec800 -2336>
2020-06-01 13:48:31.263144 7f4a51e26700 5 -- 100.97.140.48:6821/2734156667 >> 100.97.140.32:6820/1879232263 conn(0x7f4a60cec800 :6821 s=STATE_OPEN_MESSAGE_READ_FOOTER_AND_DISPATCH pgs=3423089 cs=1 l=0). rx mds.0 seq 321031 0x7f4a61776f80 lock(a=lockflushed inest 0x100000007d4.head) v1 -2335>
2020-06-01 13:48:31.263163 7f4a4fead700 1 -- 100.97.140.48:6821/2734156667 <== mds.0 100.97.140.32:6820/1879232263 321031 ==== lock(a=lockflushed inest 0x100000007d4.head) v1 ==== 69+0+0 (2147575837 0 0) 0x7f4a61776f80 con 0x7f4a60cec800 -2334>
2020-06-01 13:48:31.263276 7f4a51e26700 5 -- 100.97.140.48:6821/2734156667 >> 100.97.140.32:6820/1879232263 conn(0x7f4a60cec800 :6821 s=STATE_OPEN_MESSAGE_READ_FOOTER_AND_DISPATCH pgs=3423089 cs=1 l=0). rx mds.0 seq 321032 0x7f4a62454000 lock(a=mix inest 0x100000007d4.head) v1 -2333>
2020-06-01 13:48:31.263294 7f4a4fead700 1 -- 100.97.140.48:6821/2734156667 <== mds.0 100.97.140.32:6820/1879232263 321032 ==== lock(a=mix inest 0x100000007d4.head) v1 ==== 291+0+0 (4165201077 0 0) 0x7f4a62454000 con 0x7f4a60cec800 -2332>
2020-06-01 13:48:31.336612 7f4a51e26700 5 -- 100.97.140.48:6821/2734156667 >> 10.240.90.205:0/1343117931 conn(0x7f4a615dd800 :6821 s=STATE_OPEN_MESSAGE_READ_FOOTER_AND_DISPATCH pgs=63 cs=1 l=0). rx client.4630927 seq 12622 0x7f4a672a1f80 client_session(request_renewcaps seq 860284) v1 -2331>
2020-06-01 13:48:31.336659 7f4a4fead700 1 -- 100.97.140.48:6821/2734156667 <== client.4630927 10.240.90.205:0/1343117931 12622 ==== client_session(request_renewcaps seq 860284) v1 ==== 28+0+0 (2088904102 0 0) 0x7f4a672a1f80 con 0x7f4a615dd800 -2330>
2020-06-01 13:48:31.336688 7f4a4fead700 3 mds.4.server handle_client_session client_session(request_renewcaps seq 860284) v1 from client.4630927 -2329>
2020-06-01 13:48:31.336697 7f4a4fead700 1 -- 100.97.140.48:6821/2734156667 --> 10.240.90.205:0/1343117931 -- client_session(renewcaps seq 860284) v2 -- 0x7f4a672a2400 con 0 -2328>
2020-06-01 13:48:31.389209 7f4a52e28700 5 -- 100.97.140.48:6821/2734156667 >> 10.220.189.49:0/2756687055 conn(0x7f4a613ff800 :6821 s=STATE_OPEN_MESSAGE_READ_FOOTER_AND_DISPATCH pgs=222893 cs=1 l=0). rx client.12001830 seq 12622 0x7f4a672a8b40 client_session(request_renewcaps seq 73077) v1 -2327>
2020-06-01 13:48:31.389256 7f4a4fead700 1 -- 100.97.140.48:6821/2734156667 <== client.12001830 10.220.189.49:0/2756687055 12622 ==== client_session(request_renewcaps seq 73077) v1 ==== 28+0+0 (1379373837 0 0) 0x7f4a672a8b40 con 0x7f4a613ff800 -2326>
2020-06-01 13:48:31.389282 7f4a4fead700 3 mds.4.server handle_client_session client_session(request_renewcaps seq 73077) v1 from client.12001830 -2325>
2020-06-01 13:48:31.389291 7f4a4fead700 1 -- 100.97.140.48:6821/2734156667 --> 10.220.189.49:0/2756687055 -- client_session(renewcaps seq 73077) v2 -- 0x7f4a672a1f80 con 0 -2324>
2020-06-01 13:48:31.566908 7f4a52627700 5 -- 100.97.140.48:6821/2734156667 >> 10.220.189.16:0/311730536 conn(0x7f4a60e01000 :6821 s=STATE_OPEN_MESSAGE_READ_FOOTER_AND_DISPATCH pgs=28239 cs=1 l=0). rx client.12466179 seq 12624 0x7f4a652ad180 client_session(request_renewcaps seq 20912) v1 -2323>
2020-06-01 13:48:31.566956 7f4a4fead700 1 -- 100.97.140.48:6821/2734156667 <== client.12466179 10.220.189.16:0/311730536 12624 ==== client_session(request_renewcaps seq 20912) v1 ==== 28+0+0 (337283984 0 0) 0x7f4a652ad180 con 0x7f4a60e01000 -2322>
2020-06-01 13:48:31.566981 7f4a4fead700 3 mds.4.server handle_client_session client_session(request_renewcaps seq 20912) v1 from client.12466179 -2321>
2020-06-01 13:48:31.566990 7f4a4fead700 1 -- 100.97.140.48:6821/2734156667 --> 10.220.189.16:0/311730536 -- client_session(renewcaps seq 20912) v2 -- 0x7f4a672a8b40 con 0 -2320>
2020-06-01 13:48:31.746430 7f4a52e28700 5 -- 100.97.140.48:6821/2734156667 >> 10.220.189.38:0/3339982019 conn(0x7f4a65392000 :6821 s=STATE_OPEN_MESSAGE_READ_FOOTER_AND_DISPATCH pgs=9 cs=1 l=0). rx client.12650235 seq 65 0x7f4a672a1f80 client_session(request_renewcaps seq 64) v1 -2319>
2020-06-01 13:48:31.746476 7f4a4fead700 1 -- 100.97.140.48:6821/2734156667 <== client.12650235 10.220.189.38:0/3339982019 65 ==== client_session(request_renewcaps seq 64) v1 ==== 28+0+0 (2667199804 0 0) 0x7f4a672a1f80 con 0x7f4a65392000 -2318>
2020-06-01 13:48:31.746506 7f4a4fead700 3 mds.4.server handle_client_session client_session(request_renewcaps seq 64) v1 from client.12650235 -2317>
2020-06-01 13:48:31.746515 7f4a4fead700 1 -- 100.97.140.48:6821/2734156667 --> 10.220.189.38:0/3339982019 -- client_session(renewcaps seq 64) v2 -- 0x7f4a652ad180 con 0 -2316>
2020-06-01 13:48:31.788018 7f4a52627700 5 -- 100.97.140.48:6821/2734156667 >> 10.220.87.185:0/1242522617 conn(0x7f4a60c01800 :6821 s=STATE_OPEN_MESSAGE_READ_FOOTER_AND_DISPATCH pgs=71 cs=1 l=0). rx client.3883616 seq 12622 0x7f4a672a8b40 client_session(request_renewcaps seq 1014671) v1 -2315>
2020-06-01 13:48:31.788045 7f4a4fead700 1 -- 100.97.140.48:6821/2734156667 <== client.3883616 10.220.87.185:0/1242522617 12622 ==== client_session(request_renewcaps seq 1014671) v1 ==== 28+0+0 (3464070562 0 0) 0x7f4a672a8b40 con 0x7f4a60c01800 -2314>
2020-06-01 13:48:31.788061 7f4a4fead700 3 mds.4.server handle_client_session client_session(request_renewcaps seq 1014671) v1 from client.3883616 -2313>
2020-06-01 13:48:31.788067 7f4a4fead700 1 -- 100.97.140.48:6821/2734156667 --> 10.220.87.185:0/1242522617 -- client_session(renewcaps seq 1014671) v2 -- 0x7f4a672a1f80 con 0 -2312>
2020-06-01 13:48:31.802671 7f4a52627700 5 -- 100.97.140.48:6821/2734156667 >> 10.220.87.176:0/1709518094 conn(0x7f4a60c8b800 :6821 s=STATE_OPEN_MESSAGE_READ_FOOTER_AND_DISPATCH pgs=71 cs=1 l=0). rx client.3887672 seq 12622 0x7f4a672a1f80 client_session(request_renewcaps seq 1014674) v1 -2311>
2020-06-01 13:48:31.802708 7f4a4fead700 1 -- 100.97.140.48:6821/2734156667 <== client.3887672 10.220.87.176:0/1709518094 12622 ==== client_session(request_renewcaps seq 1014674) v1 ==== 28+0+0 (3545832904 0 0) 0x7f4a672a1f80 con 0x7f4a60c8b800 -2310>
2020-06-01 13:48:31.802729 7f4a4fead700 3 mds.4.server handle_client_session client_session(request_renewcaps seq 1014674) v1 from client.3887672 -2309>
2020-06-01 13:48:31.802736 7f4a4fead700 1 -- 100.97.140.48:6821/2734156667 --> 10.220.87.176:0/1709518094 -- client_session(renewcaps seq 1014674) v2 -- 0x7f4a672a8b40 con 0 -2308>
2020-06-01 13:48:31.804147 7f4a52e28700 5 -- 100.97.140.48:6821/2734156667 >> 10.220.189.25:0/1011392620 conn(0x7f4a6157a800 :6821 s=STATE_OPEN_MESSAGE_READ_FOOTER_AND_DISPATCH pgs=107131 cs=1 l=0). rx client.11723821 seq 12622 0x7f4a652ad180 client_session(request_renewcaps seq 103481) v1 -2307>
2020-06-01 13:48:31.804176 7f4a4fead700 1 -- 100.97.140.48:6821/2734156667 <== client.11723821 10.220.189.25:0/1011392620 12622 ==== client_session(request_renewcaps seq 103481) v1 ==== 28+0+0 (2532650029 0 0) 0x7f4a652ad180 con 0x7f4a6157a800 -2306>
2020-06-01 13:48:31.804186 7f4a4fead700 3 mds.4.server handle_client_session client_session(request_renewcaps seq 103481) v1 from client.11723821 -2305>
2020-06-01 13:48:31.804191 7f4a4fead700 1 -- 100.97.140.48:6821/2734156667 --> 10.220.189.25:0/1011392620 -- client_session(renewcaps seq 103481) v2 -- 0x7f4a672a1f80 con 0 -2304>
2020-06-01 13:48:31.854618 7f4a52627700 5 -- 100.97.140.48:6821/2734156667 >> 10.220.189.31:0/1792764322 conn(0x7f4a60cae000 :6821 s=STATE_OPEN_MESSAGE_READ_FOOTER_AND_DISPATCH pgs=293454 cs=1 l=0). rx client.10927552 seq 12622 0x7f4a672a8b40 client_session(request_renewcaps seq 193630) v1 -2303>
2020-06-01 13:48:31.854647 7f4a4fead700 1 -- 100.97.140.48:6821/2734156667 <== client.10927552 10.220.189.31:0/1792764322 12622 ==== client_session(request_renewcaps seq 193630) v1 ==== 28+0+0 (3601839682 0 0) 0x7f4a672a8b40 con 0x7f4a60cae000 -2302>
2020-06-01 13:48:31.854668 7f4a4fead700 3 mds.4.server handle_client_session client_session(request_renewcaps seq 193630) v1 from client.10927552 -2301>
2020-06-01 13:48:31.854674 7f4a4fead700 1 -- 100.97.140.48:6821/2734156667 --> 10.220.189.31:0/1792764322 -- client_session(renewcaps seq 193630) v2 -- 0x7f4a652ad180 con 0 -2300>
2020-06-01 13:48:31.888937 7f4a51e26700 5 -- 100.97.140.48:6821/2734156667 >> 10.220.189.33:0/1241347125 conn(0x7f4a60ae2800 :6821 s=STATE_OPEN_MESSAGE_READ_FOOTER_AND_DISPATCH pgs=28 cs=1 l=0). rx client.10344972 seq 12622 0x7f4a672a2400 client_session(request_renewcaps seq 259656) v1 -2299>
2020-06-01 13:48:31.888965 7f4a4fead700 1 -- 100.97.140.48:6821/2734156667 <== client.10344972 10.220.189.33:0/1241347125 12622 ==== client_session(request_renewcaps seq 259656) v1 ==== 28+0+0 (1998760138 0 0) 0x7f4a672a2400 con 0x7f4a60ae2800 -2298>
2020-06-01 13:48:31.888983 7f4a4fead700 3 mds.4.server handle_client_session client_session(request_renewcaps seq 259656) v1 from client.10344972 -2297>
2020-06-01 13:48:31.888989 7f4a4fead700 1 -- 100.97.140.48:6821/2734156667 --> 10.220.189.33:0/1241347125 -- client_session(renewcaps seq 259656) v2 -- 0x7f4a672a8b40 con 0 -2296>
2020-06-01 13:48:31.973037 7f4a52e28700 5 -- 100.97.140.48:6821/2734156667 >> 10.220.189.27:0/2712278580 conn(0x7f4a60c28000 :6821 s=STATE_OPEN_MESSAGE_READ_FOOTER_AND_DISPATCH pgs=168748 cs=1 l=0). rx client.11873220 seq 12622 0x7f4a672a1f80 client_session(request_renewcaps seq 87434) v1 -2295>
2020-06-01 13:48:31.973063 7f4a4fead700 1 -- 100.97.140.48:6821/2734156667 <== client.11873220 10.220.189.27:0/2712278580 12622 ==== client_session(request_renewcaps seq 87434) v1 ==== 28+0+0 (2699944929 0 0) 0x7f4a672a1f80 con 0x7f4a60c28000 -2294>
2020-06-01 13:48:31.973081 7f4a4fead700 3 mds.4.server handle_client_session client_session(request_renewcaps seq 87434) v1 from client.11873220 -2293>
2020-06-01 13:48:31.973087 7f4a4fead700 1 -- 100.97.140.48:6821/2734156667 --> 10.220.189.27:0/2712278580 -- client_session(renewcaps seq 87434) v2 -- 0x7f4a672a2400 con 0 -2292>
2020-06-01 13:48:32.027848 7f4a51e26700 5 -- 100.97.140.48:6821/2734156667 >> 10.220.189.48:0/3519480120 conn(0x7f4a615be800 :6821 s=STATE_OPEN_MESSAGE_READ_FOOTER_AND_DISPATCH pgs=222911 cs=1 l=0). rx client.11993282 seq 12622 0x7f4a672a8b40 client_session(request_renewcaps seq 73112) v1 -2291>
2020-06-01 13:48:32.027885 7f4a4fead700 1 -- 100.97.140.48:6821/2734156667 <== client.11993282 10.220.189.48:0/3519480120 12622 ==== client_session(request_renewcaps seq 73112) v1 ==== 28+0+0 (3818616073 0 0) 0x7f4a672a8b40 con 0x7f4a615be800 -2290>
2020-06-01 13:48:32.027907 7f4a4fead700 3 mds.4.server handle_client_session client_session(request_renewcaps seq 73112) v1 from client.11993282 -2289>
2020-06-01 13:48:32.027916 7f4a4fead700 1 -- 100.97.140.48:6821/2734156667 --> 10.220.189.48:0/3519480120 -- client_session(renewcaps seq 73112) v2 -- 0x7f4a672a1f80 con 0 -2288>
2020-06-01 13:48:32.199826 7f4a51e26700 5 -- 100.97.140.48:6821/2734156667 >> 10.220.189.13:0/865039835 conn(0x7f4a6160e800 :6821 s=STATE_OPEN_MESSAGE_READ_FOOTER_AND_DISPATCH pgs=28 cs=1 l=0). rx client.12163694 seq 12622 0x7f4a672a1f80 client_session(request_renewcaps seq 55262) v1 -2287>
2020-06-01 13:48:32.199867 7f4a4fead700 1 -- 100.97.140.48:6821/2734156667 <== client.12163694 10.220.189.13:0/865039835 12622 ==== client_session(request_renewcaps seq 55262) v1 ==== 28+0+0 (1131218384 0 0) 0x7f4a672a1f80 con 0x7f4a6160e800 -2286>
2020-06-01 13:48:32.199889 7f4a4fead700 3 mds.4.server handle_client_session client_session(request_renewcaps seq 55262) v1 from client.12163694 -2285>
2020-06-01 13:48:32.199898 7f4a4fead700 1 -- 100.97.140.48:6821/2734156667 --> 10.220.189.13:0/865039835 -- client_session(renewcaps seq 55262) v2 -- 0x7f4a672a8b40 con 0 -2284>
2020-06-01 13:48:32.223469 7f4a52627700 5 -- 100.97.140.48:6821/2734156667 >> 10.221.83.226:0/1533166538 conn(0x7f4a60ead000 :6821 s=STATE_OPEN_MESSAGE_READ_FOOTER_AND_DISPATCH pgs=17246 cs=1 l=0). rx client.4947541 seq 12622 0x7f4a652ad180 client_session(request_renewcaps seq 811309) v1 -2283>
2020-06-01 13:48:32.223503 7f4a4fead700 1 -- 100.97.140.48:6821/2734156667 <== client.4947541 10.221.83.226:0/1533166538 12622 ==== client_session(request_renewcaps seq 811309) v1 ==== 28+0+0 (1624341116 0 0) 0x7f4a652ad180 con 0x7f4a60ead000 -2282>
2020-06-01 13:48:32.223522 7f4a4fead700 3 mds.4.server handle_client_session client_session(request_renewcaps seq 811309) v1 from client.4947541 -2281>
2020-06-01 13:48:32.223528 7f4a4fead700 1 -- 100.97.140.48:6821/2734156667 --> 10.221.83.226:0/1533166538 -- client_session(renewcaps seq 811309) v2 -- 0x7f4a672a1f80 con 0 -2280>
2020-06-01 13:48:32.225435 7f4a52627700 5 -- 100.97.140.48:6821/2734156667 >> 10.220.189.40:0/2959448533 conn(0x7f4a60e5b000 :6821 s=STATE_OPEN_MESSAGE_READ_FOOTER_AND_DISPATCH pgs=9 cs=1 l=0). rx client.12532533 seq 12483 0x7f4a672a1f80 client_session(request_renewcaps seq 12482) v1 -2279>
2020-06-01 13:48:32.225459 7f4a4fead700 1 -- 100.97.140.48:6821/2734156667 <== client.12532533 10.220.189.40:0/2959448533 12483 ==== client_session(request_renewcaps seq 12482) v1 ==== 28+0+0 (414118708 0 0) 0x7f4a672a1f80 con 0x7f4a60e5b000 -2278>
2020-06-01 13:48:32.225471 7f4a4fead700 3 mds.4.server handle_client_session client_session(request_renewcaps seq 12482) v1 from client.12532533 -2277>
2020-06-01 13:48:32.225476 7f4a4fead700 1 -- 100.97.140.48:6821/2734156667 --> 10.220.189.40:0/2959448533 -- client_session(renewcaps seq 12482) v2 -- 0x7f4a652ad180 con 0 -2276>
2020-06-01 13:48:32.252261 7f4a52627700 5 -- 100.97.140.48:6821/2734156667 >> 10.220.189.33:0/3289364450 conn(0x7f4a60de6800 :6821 s=STATE_OPEN_MESSAGE_READ_FOOTER_AND_DISPATCH pgs=22 cs=1 l=0). rx client.12459796 seq 12622 0x7f4a652ad180 client_session(request_renewcaps seq 20443) v1 -2275>
2020-06-01 13:48:32.252288 7f4a4fead700 1 -- 100.97.140.48:6821/2734156667 <== client.12459796 10.220.189.33:0/3289364450 12622 ==== client_session(request_renewcaps seq 20443) v1 ==== 28+0+0 (3521023578 0 0) 0x7f4a652ad180 con 0x7f4a60de6800 -2274>
2020-06-01 13:48:32.252305 7f4a4fead700 3 mds.4.server handle_client_session client_session(request_renewcaps seq 20443) v1 from client.12459796 -2273>
2020-06-01 13:48:32.252311 7f4a4fead700 1 -- 100.97.140.48:6821/2734156667 --> 10.220.189.33:0/3289364450 -- client_session(renewcaps seq 20443) v2 -- 0x7f4a672a1f80 con 0 -2272>
2020-06-01 13:48:32.475957 7f4a52627700 5 -- 100.97.140.48:6821/2734156667 >> 10.220.189.33:0/779277436 conn(0x7f4a6141f000 :6821 s=STATE_OPEN_MESSAGE_READ_FOOTER_AND_DISPATCH pgs=10928 cs=1 l=0). rx client.10358938 seq 12622 0x7f4a672a1f80 client_session(request_renewcaps seq 258236) v1 -2271>
2020-06-01 13:48:32.476006 7f4a4fead700 1 -- 100.97.140.48:6821/2734156667 <== client.10358938 10.220.189.33:0/779277436 12622 ==== client_session(request_renewcaps seq 258236) v1 ==== 28+0+0 (5072671 0 0) 0x7f4a672a1f80 con 0x7f4a6141f000 -2270>
2020-06-01 13:48:32.476032 7f4a4fead700 3 mds.4.server handle_client_session client_session(request_renewcaps seq 258236) v1 from client.10358938 -2269>
2020-06-01 13:48:32.476041 7f4a4fead700 1 -- 100.97.140.48:6821/2734156667 --> 10.220.189.33:0/779277436 -- client_session(renewcaps seq 258236) v2 -- 0x7f4a652ad180 con 0 -2268>
2020-06-01 13:48:32.531433 7f4a506ae700 5 asok(0x7f4a608301c0) AdminSocket: request 'get_command_descriptions' '' to 0x7f4a607fc210 returned 4711 bytes -2267>
2020-06-01 13:48:32.555476 7f4a506ae700 1 do_command 'perf dump' ' -2266>
2020-06-01 13:48:32.555684 7f4a506ae700 1 do_command 'perf dump' 'result is 9143 bytes -2265>
2020-06-01 13:48:32.555688 7f4a506ae700 5 asok(0x7f4a608301c0) AdminSocket: request 'perf dump' '' to 0x7f4a607fc040 returned 9143 bytes -2264>
2020-06-01 13:48:32.786929 7f4a52e28700 5 -- 100.97.140.48:6821/2734156667 >> 10.220.87.206:0/2567815884 conn(0x7f4a60af4000 :6821 s=STATE_OPEN_MESSAGE_READ_FOOTER_AND_DISPATCH pgs=65 cs=1 l=0). rx client.4175265 seq 12622 0x7f4a672a2400 client_session(request_renewcaps seq 933739) v1 -2263>
2020-06-01 13:48:32.786975 7f4a4fead700 1 -- 100.97.140.48:6821/2734156667 <== client.4175265 10.220.87.206:0/2567815884 12622 ==== client_session(request_renewcaps seq 933739) v1 ==== 28+0+0 (2617916261 0 0) 0x7f4a672a2400 con 0x7f4a60af4000 -2262>
2020-06-01 13:48:32.787001 7f4a4fead700 3 mds.4.server handle_client_session client_session(request_renewcaps seq 933739) v1 from client.4175265 -2261>
2020-06-01 13:48:32.787010 7f4a4fead700 1 -- 100.97.140.48:6821/2734156667 --> 10.220.87.206:0/2567815884 -- client_session(renewcaps seq 933739) v2 -- 0x7f4a672a1f80 con 0 -2260>
2020-06-01 13:48:32.888269 7f4a51e26700 5 -- 100.97.140.48:6821/2734156667 >> 10.220.189.33:0/3272808245 conn(0x7f4a60e49000 :6821 s=STATE_OPEN_MESSAGE_READ_FOOTER_AND_DISPATCH pgs=22 cs=1 l=0). rx client.12459801 seq 12622 0x7f4a672a8b40 client_session(request_renewcaps seq 20443) v1 -2259>
2020-06-01 13:48:32.888316 7f4a4fead700 1 -- 100.97.140.48:6821/2734156667 <== client.12459801 10.220.189.33:0/3272808245 12622 ==== client_session(request_renewcaps seq 20443) v1 ==== 28+0+0 (3521023578 0 0) 0x7f4a672a8b40 con 0x7f4a60e49000 -2258>
2020-06-01 13:48:32.888342 7f4a4fead700 3 mds.4.server handle_client_session client_session(request_renewcaps seq 20443) v1 from client.12459801 -2257>
2020-06-01 13:48:32.888351 7f4a4fead700 1 -- 100.97.140.48:6821/2734156667 --> 10.220.189.33:0/3272808245 -- client_session(renewcaps seq 20443) v2 -- 0x7f4a672a2400 con 0 -2256>
2020-06-01 13:48:32.906103 7f4a52e28700 5 -- 100.97.140.48:6821/2734156667 >> 10.220.189.23:0/4136029670 conn(0x7f4a60e46000 :6821 s=STATE_OPEN_MESSAGE_READ_FOOTER_AND_DISPATCH pgs=22 cs=1 l=0). rx client.12483301 seq 12622 0x7f4a672a1f80 client_session(request_renewcaps seq 17795) v1 -2255>
2020-06-01 13:48:32.906129 7f4a4fead700 1 -- 100.97.140.48:6821/2734156667 <== client.12483301 10.220.189.23:0/4136029670 12622 ==== client_session(request_renewcaps seq 17795) v1 ==== 28+0+0 (3257808329 0 0) 0x7f4a672a1f80 con 0x7f4a60e46000 -2254>
2020-06-01 13:48:32.906145 7f4a4fead700 3 mds.4.server handle_client_session client_session(request_renewcaps seq 17795) v1 from client.12483301 -2253>
2020-06-01 13:48:32.906151 7f4a4fead700 1 -- 100.97.140.48:6821/2734156667 --> 10.220.189.23:0/4136029670 -- client_session(renewcaps seq 17795) v2 -- 0x7f4a672a8b40 con 0 -2252>
2020-06-01 13:48:33.012691 7f4a52e28700 5 -- 100.97.140.48:6821/2734156667 >> 10.220.189.13:0/1931206989 conn(0x7f4a615fc800 :6821 s=STATE_OPEN_MESSAGE_READ_FOOTER_AND_DISPATCH pgs=33263 cs=1 l=0). rx client.12373562 seq 12622 0x7f4a672a8b40 client_session(request_renewcaps seq 30094) v1 -2251>
2020-06-01 13:48:33.012732 7f4a4fead700 1 -- 100.97.140.48:6821/2734156667 <== client.12373562 10.220.189.13:0/1931206989 12622 ==== client_session(request_renewcaps seq 30094) v1 ==== 28+0+0 (2540399649 0 0) 0x7f4a672a8b40 con 0x7f4a615fc800 -2250>
2020-06-01 13:48:33.012754 7f4a4fead700 3 mds.4.server handle_client_session client_session(request_renewcaps seq 30094) v1 from client.12373562 -2249>
2020-06-01 13:48:33.012762 7f4a4fead700 1 -- 100.97.140.48:6821/2734156667 --> 10.220.189.13:0/1931206989 -- client_session(renewcaps seq 30094) v2 -- 0x7f4a672a1f80 con 0 -2248>
2020-06-01 13:48:33.175232 7f4a52e28700 5 -- 100.97.140.48:6821/2734156667 >> 10.220.189.38:0/3794051847 conn(0x7f4a616d6800 :6821 s=STATE_OPEN_MESSAGE_READ_FOOTER_AND_DISPATCH pgs=162186 cs=1 l=0). rx client.12138776 seq 12622 0x7f4a672a1f80 client_session(request_renewcaps seq 56551) v1 -2247>
2020-06-01 13:48:33.175278 7f4a4fead700 1 -- 100.97.140.48:6821/2734156667 <== client.12138776 10.220.189.38:0/3794051847 12622 ==== client_session(request_renewcaps seq 56551) v1 ==== 28+0+0 (2362380028 0 0) 0x7f4a672a1f80 con 0x7f4a616d6800 -2246>
2020-06-01 13:48:33.175303 7f4a4fead700 3 mds.4.server handle_client_session client_session(request_renewcaps seq 56551) v1 from client.12138776 -2245>
2020-06-01 13:48:33.175311 7f4a4fead700 1 -- 100.97.140.48:6821/2734156667 --> 10.220.189.38:0/3794051847 -- client_session(renewcaps seq 56551) v2 -- 0x7f4a672a8b40 con 0 -2244>
2020-06-01 13:48:33.269012 7f4a52e28700 5 -- 100.97.140.48:6821/2734156667 >> 10.220.189.33:0/733033996 conn(0x7f4a615bb800 :6821 s=STATE_OPEN_MESSAGE_READ_FOOTER_AND_DISPATCH pgs=22 cs=1 l=0). rx client.12468440 seq 12622 0x7f4a672a8b40 client_session(request_renewcaps seq 20443) v1 -2243>
2020-06-01 13:48:33.269040 7f4a4fead700 1 -- 100.97.140.48:6821/2734156667 <== client.12468440 10.220.189.33:0/733033996 12622 ==== client_session(request_renewcaps seq 20443) v1 ==== 28+0+0 (3521023578 0 0) 0x7f4a672a8b40 con 0x7f4a615bb800 -2242>
2020-06-01 13:48:33.269059 7f4a4fead700 3 mds.4.server handle_client_session client_session(request_renewcaps seq 20443) v1 from client.12468440 -2241>
2020-06-01 13:48:33.269066 7f4a4fead700 1 -- 100.97.140.48:6821/2734156667 --> 10.220.189.33:0/733033996 -- client_session(renewcaps seq 20443) v2 -- 0x7f4a672a1f80 con 0 -2240>
2020-06-01 13:48:33.300699 7f4a52627700 5 -- 100.97.140.48:6821/2734156667 >> 10.220.189.33:0/4095676917 conn(0x7f4a60e37000 :6821 s=STATE_OPEN_MESSAGE_READ_FOOTER_AND_DISPATCH pgs=22 cs=1 l=0). rx client.12470494 seq 12622 0x7f4a652ad180 client_session(request_renewcaps seq 20443) v1 -2239>
2020-06-01 13:48:33.300725 7f4a4fead700 1 -- 100.97.140.48:6821/2734156667 <== client.12470494 10.220.189.33:0/4095676917 12622 ==== client_session(request_renewcaps seq 20443) v1 ==== 28+0+0 (3521023578 0 0) 0x7f4a652ad180 con 0x7f4a60e37000 -2238>
2020-06-01 13:48:33.300743 7f4a4fead700 3 mds.4.server handle_client_session client_session(request_renewcaps seq 20443) v1 from client.12470494 -2237>
2020-06-01 13:48:33.300748 7f4a4fead700 1 -- 100.97.140.48:6821/2734156667 --> 10.220.189.33:0/4095676917 -- client_session(renewcaps seq 20443) v2 -- 0x7f4a672a8b40 con 0 -2236>
2020-06-01 13:48:33.476177 7f4a52627700 5 -- 100.97.140.48:6821/2734156667 >> 10.220.189.43:0/3917229239 conn(0x7f4a60cb2800 :6821 s=STATE_OPEN_MESSAGE_READ_FOOTER_AND_DISPATCH pgs=13601 cs=1 l=0). rx client.6377568 seq 12622 0x7f4a672a8b40 client_session(request_renewcaps seq 647724) v1 -2235>
2020-06-01 13:48:33.476222 7f4a4fead700 1 -- 100.97.140.48:6821/2734156667 <== client.6377568 10.220.189.43:0/3917229239 12622 ==== client_session(request_renewcaps seq 647724) v1 ==== 28+0+0 (1129217397 0 0) 0x7f4a672a8b40 con 0x7f4a60cb2800 -2234>
2020-06-01 13:48:33.476247 7f4a4fead700 3 mds.4.server handle_client_session client_session(request_renewcaps seq 647724) v1 from client.6377568 -2233>
2020-06-01 13:48:33.476256 7f4a4fead700 1 -- 100.97.140.48:6821/2734156667 --> 10.220.189.43:0/3917229239 -- client_session(renewcaps seq 647724) v2 -- 0x7f4a652ad180 con 0 -2232>
2020-06-01 13:48:33.544195 7f4a52e28700 5 -- 100.97.140.48:6821/2734156667 >> 10.220.189.43:0/3717029869 conn(0x7f4a65350800 :6821 s=STATE_OPEN_MESSAGE_READ_FOOTER_AND_DISPATCH pgs=9 cs=1 l=0). rx client.12638456 seq 594 0x7f4a672a1f80 client_session(request_renewcaps seq 593) v1 -2231>
2020-06-01 13:48:33.544238 7f4a4fead700 1 -- 100.97.140.48:6821/2734156667 <== client.12638456 10.220.189.43:0/3717029869 594 ==== client_session(request_renewcaps seq 593) v1 ==== 28+0+0 (1253645241 0 0) 0x7f4a672a1f80 con 0x7f4a65350800 -2230>
2020-06-01 13:48:33.544267 7f4a4fead700 3 mds.4.server handle_client_session client_session(request_renewcaps seq 593) v1 from client.12638456 -2229>
2020-06-01 13:48:33.544276 7f4a4fead700 1 -- 100.97.140.48:6821/2734156667 --> 10.220.189.43:0/3717029869 -- client_session(renewcaps seq 593) v2 -- 0x7f4a672a8b40 con 0 -2228>
2020-06-01 13:48:33.544804 7f4a52627700 5 -- 100.97.140.48:6821/2734156667 >> 10.220.189.40:0/2937386682 conn(0x7f4a60e47800 :6821 s=STATE_OPEN_MESSAGE_READ_FOOTER_AND_DISPATCH pgs=127 cs=1 l=0). rx client.12489468 seq 12622 0x7f4a652ad180 client_session(request_renewcaps seq 17192) v1 -2227>
2020-06-01 13:48:33.544829 7f4a4fead700 1 -- 100.97.140.48:6821/2734156667 <== client.12489468 10.220.189.40:0/2937386682 12622 ==== client_session(request_renewcaps seq 17192) v1 ==== 28+0+0 (3295047061 0 0) 0x7f4a652ad180 con 0x7f4a60e47800 -2226>
2020-06-01 13:48:33.544839 7f4a4fead700 3 mds.4.server handle_client_session client_session(request_renewcaps seq 17192) v1 from client.12489468 -2225>
