2020-06-01 13:48:38.726314 7f4a4fead700 3 mds.4.server handle_client_session client_session(request_renewcaps seq 73096) v1 from client.12005389 -1989>
2020-06-01 13:48:38.726323 7f4a4fead700 1 -- 100.97.140.48:6821/2734156667 --> 10.220.189.53:0/2611141928 -- client_session(renewcaps seq 73096) v2 -- 0x7f4a672a8480 con 0 -1988>
2020-06-01 13:48:38.821254 7f4a52627700 5 -- 100.97.140.48:6821/2734156667 >> 10.220.189.15:0/1574477193 conn(0x7f4a60d97800 :6821 s=STATE_OPEN_MESSAGE_READ_FOOTER_AND_DISPATCH pgs=405 cs=1 l=0). rx client.12386830 seq 12623 0x7f4a672a2400 client_session(request_renewcaps seq 29618) v1 -1987>
2020-06-01 13:48:38.821285 7f4a4fead700 1 -- 100.97.140.48:6821/2734156667 <== client.12386830 10.220.189.15:0/1574477193 12623 ==== client_session(request_renewcaps seq 29618) v1 ==== 28+0+0 (129638051 0 0) 0x7f4a672a2400 con 0x7f4a60d97800 -1986>
2020-06-01 13:48:38.821307 7f4a4fead700 3 mds.4.server handle_client_session client_session(request_renewcaps seq 29618) v1 from client.12386830 -1985>
2020-06-01 13:48:38.821314 7f4a4fead700 1 -- 100.97.140.48:6821/2734156667 --> 10.220.189.15:0/1574477193 -- client_session(renewcaps seq 29618) v2 -- 0x7f4a652ad180 con 0 -1984>
2020-06-01 13:48:38.878231 7f4a52e28700 5 -- 100.97.140.48:6821/2734156667 >> 10.220.189.47:0/1952431803 conn(0x7f4a60dd0000 :6821 s=STATE_OPEN_MESSAGE_READ_FOOTER_AND_DISPATCH pgs=222746 cs=1 l=0). rx client.11994288 seq 12623 0x7f4a672a8b40 client_session(request_renewcaps seq 73096) v1 -1983>
2020-06-01 13:48:38.878262 7f4a4fead700 1 -- 100.97.140.48:6821/2734156667 <== client.11994288 10.220.189.47:0/1952431803 12623 ==== client_session(request_renewcaps seq 73096) v1 ==== 28+0+0 (1714450802 0 0) 0x7f4a672a8b40 con 0x7f4a60dd0000 -1982>
2020-06-01 13:48:38.878283 7f4a4fead700 3 mds.4.server handle_client_session client_session(request_renewcaps seq 73096) v1 from client.11994288 -1981>
2020-06-01 13:48:38.878290 7f4a4fead700 1 -- 100.97.140.48:6821/2734156667 --> 10.220.189.47:0/1952431803 -- client_session(renewcaps seq 73096) v2 -- 0x7f4a672a2400 con 0 -1980>
2020-06-01 13:48:39.101106 7f4a52627700 5 -- 100.97.140.48:6821/2734156667 >> 10.220.87.189:0/3734841503 conn(0x7f4a60c17800 :6821 s=STATE_OPEN_MESSAGE_READ_FOOTER_AND_DISPATCH pgs=70 cs=1 l=0). rx client.3891260 seq 12623 0x7f4a652ad180 client_session(request_renewcaps seq 1014670) v1 -1979>
2020-06-01 13:48:39.101151 7f4a4fead700 1 -- 100.97.140.48:6821/2734156667 <== client.3891260 10.220.87.189:0/3734841503 12623 ==== client_session(request_renewcaps seq 1014670) v1 ==== 28+0+0 (1949714220 0 0) 0x7f4a652ad180 con 0x7f4a60c17800 -1978>
2020-06-01 13:48:39.101176 7f4a4fead700 3 mds.4.server handle_client_session client_session(request_renewcaps seq 1014670) v1 from client.3891260 -1977>
2020-06-01 13:48:39.101185 7f4a4fead700 1 -- 100.97.140.48:6821/2734156667 --> 10.220.87.189:0/3734841503 -- client_session(renewcaps seq 1014670) v2 -- 0x7f4a672a8b40 con 0 -1976>
2020-06-01 13:48:39.289451 7f4a51e26700 5 -- 100.97.140.48:6821/2734156667 >> 10.220.189.16:0/1978851395 conn(0x7f4a61402800 :6821 s=STATE_OPEN_MESSAGE_READ_FOOTER_AND_DISPATCH pgs=6362 cs=1 l=0). rx client.10874486 seq 12623 0x7f4a672a8480 client_session(request_renewcaps seq 199705) v1 -1975>
2020-06-01 13:48:39.289503 7f4a4fead700 1 -- 100.97.140.48:6821/2734156667 <== client.10874486 10.220.189.16:0/1978851395 12623 ==== client_session(request_renewcaps seq 199705) v1 ==== 28+0+0 (3934200220 0 0) 0x7f4a672a8480 con 0x7f4a61402800 -1974>
2020-06-01 13:48:39.289529 7f4a4fead700 3 mds.4.server handle_client_session client_session(request_renewcaps seq 199705) v1 from client.10874486 -1973>
2020-06-01 13:48:39.289537 7f4a4fead700 1 -- 100.97.140.48:6821/2734156667 --> 10.220.189.16:0/1978851395 -- client_session(renewcaps seq 199705) v2 -- 0x7f4a652ad180 con 0 -1972>
2020-06-01 13:48:39.306892 7f4a51e26700 5 -- 100.97.140.48:6821/2734156667 >> 10.220.189.33:0/2045564522 conn(0x7f4a61a84000 :6821 s=STATE_OPEN_MESSAGE_READ_FOOTER_AND_DISPATCH pgs=9 cs=1 l=0). rx client.12652299 seq 65 0x7f4a652ad180 client_session(request_renewcaps seq 64) v1 -1971>
2020-06-01 13:48:39.306918 7f4a4fead700 1 -- 100.97.140.48:6821/2734156667 <== client.12652299 10.220.189.33:0/2045564522 65 ==== client_session(request_renewcaps seq 64) v1 ==== 28+0+0 (2667199804 0 0) 0x7f4a652ad180 con 0x7f4a61a84000 -1970>
2020-06-01 13:48:39.306934 7f4a4fead700 3 mds.4.server handle_client_session client_session(request_renewcaps seq 64) v1 from client.12652299 -1969>
2020-06-01 13:48:39.306941 7f4a4fead700 1 -- 100.97.140.48:6821/2734156667 --> 10.220.189.33:0/2045564522 -- client_session(renewcaps seq 64) v2 -- 0x7f4a672a8480 con 0 -1968>
2020-06-01 13:48:39.333915 7f4a52627700 5 -- 100.97.140.48:6821/2734156667 >> 10.220.189.13:0/3156528024 conn(0x7f4a6160a000 :6821 s=STATE_OPEN_MESSAGE_READ_FOOTER_AND_DISPATCH pgs=170 cs=1 l=0). rx client.12496250 seq 12623 0x7f4a672a8b40 client_session(request_renewcaps seq 17254) v1 -1967>
2020-06-01 13:48:39.333941 7f4a4fead700 1 -- 100.97.140.48:6821/2734156667 <== client.12496250 10.220.189.13:0/3156528024 12623 ==== client_session(request_renewcaps seq 17254) v1 ==== 28+0+0 (2326084841 0 0) 0x7f4a672a8b40 con 0x7f4a6160a000 -1966>
2020-06-01 13:48:39.333958 7f4a4fead700 3 mds.4.server handle_client_session client_session(request_renewcaps seq 17254) v1 from client.12496250 -1965>
2020-06-01 13:48:39.333964 7f4a4fead700 1 -- 100.97.140.48:6821/2734156667 --> 10.220.189.13:0/3156528024 -- client_session(renewcaps seq 17254) v2 -- 0x7f4a652ad180 con 0 -1964>
2020-06-01 13:48:39.351841 7f4a52627700 5 -- 100.97.140.48:6821/2734156667 >> 10.220.189.48:0/3503841068 conn(0x7f4a6152f800 :6821 s=STATE_OPEN_MESSAGE_READ_FOOTER_AND_DISPATCH pgs=15473 cs=1 l=0). rx client.10592959 seq 15289 0x7f4a652ad180 client_session(request_renewcaps seq 281990) -1963>
2020-06-01 13:48:39.351867 7f4a4fead700 1 -- 100.97.140.48:6821/2734156667 <== client.10592959 10.220.189.48:0/3503841068 15289 ==== client_session(request_renewcaps seq 281990) ==== 28+0+0 (2287596251 0 0) 0x7f4a652ad180 con 0x7f4a6152f800 -1962>
2020-06-01 13:48:39.351884 7f4a4fead700 3 mds.4.server handle_client_session client_session(request_renewcaps seq 281990) from client.10592959 -1961>
2020-06-01 13:48:39.351890 7f4a4fead700 1 -- 100.97.140.48:6821/2734156667 --> 10.220.189.48:0/3503841068 -- client_session(renewcaps seq 281990) v2 -- 0x7f4a672a8b40 con 0 -1960>
2020-06-01 13:48:39.486189 7f4a52e28700 5 -- 100.97.140.48:6821/2734156667 >> 10.220.189.35:0/2590977827 conn(0x7f4a61650000 :6821 s=STATE_OPEN_MESSAGE_READ_FOOTER_AND_DISPATCH pgs=3575 cs=1 l=0). rx client.12471083 seq 12624 0x7f4a672a2400 client_session(request_renewcaps seq 19272) v1 -1959>
2020-06-01 13:48:39.486217 7f4a4fead700 1 -- 100.97.140.48:6821/2734156667 <== client.12471083 10.220.189.35:0/2590977827 12624 ==== client_session(request_renewcaps seq 19272) v1 ==== 28+0+0 (1996748111 0 0) 0x7f4a672a2400 con 0x7f4a61650000 -1958>
2020-06-01 13:48:39.486238 7f4a4fead700 3 mds.4.server handle_client_session client_session(request_renewcaps seq 19272) v1 from client.12471083 -1957>
2020-06-01 13:48:39.486244 7f4a4fead700 1 -- 100.97.140.48:6821/2734156667 --> 10.220.189.35:0/2590977827 -- client_session(renewcaps seq 19272) v2 -- 0x7f4a652ad180 con 0 -1956>
2020-06-01 13:48:39.657268 7f4a52e28700 5 -- 100.97.140.48:6821/2734156667 >> 10.220.189.28:0/2694720995 conn(0x7f4a616e5800 :6821 s=STATE_OPEN_MESSAGE_READ_FOOTER_AND_DISPATCH pgs=9 cs=1 l=0). rx client.12531173 seq 12613 0x7f4a652ad180 client_session(request_renewcaps seq 12612) v1 -1955>
2020-06-01 13:48:39.657310 7f4a4fead700 1 -- 100.97.140.48:6821/2734156667 <== client.12531173 10.220.189.28:0/2694720995 12613 ==== client_session(request_renewcaps seq 12612) v1 ==== 28+0+0 (3288395559 0 0) 0x7f4a652ad180 con 0x7f4a616e5800 -1954>
2020-06-01 13:48:39.657333 7f4a4fead700 3 mds.4.server handle_client_session client_session(request_renewcaps seq 12612) v1 from client.12531173 -1953>
2020-06-01 13:48:39.657340 7f4a4fead700 1 -- 100.97.140.48:6821/2734156667 --> 10.220.189.28:0/2694720995 -- client_session(renewcaps seq 12612) v2 -- 0x7f4a672a2400 con 0 -1952>
2020-06-01 13:48:39.666753 7f4a51e26700 5 -- 100.97.140.48:6821/2734156667 >> 10.220.189.34:0/3659665848 conn(0x7f4a615a8800 :6821 s=STATE_OPEN_MESSAGE_READ_FOOTER_AND_DISPATCH pgs=329930 cs=1 l=0). rx client.11726916 seq 12623 0x7f4a672a8480 client_session(request_renewcaps seq 103143) v1 -1951>
2020-06-01 13:48:39.666788 7f4a4fead700 1 -- 100.97.140.48:6821/2734156667 <== client.11726916 10.220.189.34:0/3659665848 12623 ==== client_session(request_renewcaps seq 103143) v1 ==== 28+0+0 (1584453463 0 0) 0x7f4a672a8480 con 0x7f4a615a8800 -1950>
2020-06-01 13:48:39.666812 7f4a4fead700 3 mds.4.server handle_client_session client_session(request_renewcaps seq 103143) v1 from client.11726916 -1949>
2020-06-01 13:48:39.666820 7f4a4fead700 1 -- 100.97.140.48:6821/2734156667 --> 10.220.189.34:0/3659665848 -- client_session(renewcaps seq 103143) v2 -- 0x7f4a652ad180 con 0 -1948>
2020-06-01 13:48:39.804401 7f4a51e26700 5 -- 100.97.140.48:6821/2734156667 >> 10.220.189.50:0/3250596838 conn(0x7f4a60da9800 :6821 s=STATE_OPEN_MESSAGE_READ_FOOTER_AND_DISPATCH pgs=30823 cs=1 l=0). rx client.12461030 seq 12626 0x7f4a652ad180 client_session(request_renewcaps seq 21323) v1 -1947>
2020-06-01 13:48:39.804444 7f4a4fead700 1 -- 100.97.140.48:6821/2734156667 <== client.12461030 10.220.189.50:0/3250596838 12626 ==== client_session(request_renewcaps seq 21323) v1 ==== 28+0+0 (1479450024 0 0) 0x7f4a652ad180 con 0x7f4a60da9800 -1946>
2020-06-01 13:48:39.804466 7f4a4fead700 3 mds.4.server handle_client_session client_session(request_renewcaps seq 21323) v1 from client.12461030 -1945>
2020-06-01 13:48:39.804475 7f4a4fead700 1 -- 100.97.140.48:6821/2734156667 --> 10.220.189.50:0/3250596838 -- client_session(renewcaps seq 21323) v2 -- 0x7f4a672a8480 con 0 -1944>
2020-06-01 13:48:39.822019 7f4a52627700 5 -- 100.97.140.48:6821/2734156667 >> 10.220.189.19:0/1525703016 conn(0x7f4a60cfa000 :6821 s=STATE_OPEN_MESSAGE_READ_FOOTER_AND_DISPATCH pgs=776 cs=1 l=0). rx client.10655005 seq 12623 0x7f4a672a8b40 client_session(request_renewcaps seq 225370) v1 -1943>
2020-06-01 13:48:39.822068 7f4a4fead700 1 -- 100.97.140.48:6821/2734156667 <== client.10655005 10.220.189.19:0/1525703016 12623 ==== client_session(request_renewcaps seq 225370) v1 ==== 28+0+0 (2499083879 0 0) 0x7f4a672a8b40 con 0x7f4a60cfa000 -1942>
2020-06-01 13:48:39.822094 7f4a4fead700 3 mds.4.server handle_client_session client_session(request_renewcaps seq 225370) v1 from client.10655005 -1941>
2020-06-01 13:48:39.822103 7f4a4fead700 1 -- 100.97.140.48:6821/2734156667 --> 10.220.189.19:0/1525703016 -- client_session(renewcaps seq 225370) v2 -- 0x7f4a652ad180 con 0 -1940>
2020-06-01 13:48:40.058954 7f4a51e26700 5 -- 100.97.140.48:6821/2734156667 >> 10.220.189.22:0/655036121 conn(0x7f4a60de3800 :6821 s=STATE_OPEN_MESSAGE_READ_FOOTER_AND_DISPATCH pgs=170 cs=1 l=0). rx client.12488918 seq 12623 0x7f4a672a8480 client_session(request_renewcaps seq 17254) v1 -1939>
2020-06-01 13:48:40.059002 7f4a4fead700 1 -- 100.97.140.48:6821/2734156667 <== client.12488918 10.220.189.22:0/655036121 12623 ==== client_session(request_renewcaps seq 17254) v1 ==== 28+0+0 (2326084841 0 0) 0x7f4a672a8480 con 0x7f4a60de3800 -1938>
2020-06-01 13:48:40.059028 7f4a4fead700 3 mds.4.server handle_client_session client_session(request_renewcaps seq 17254) v1 from client.12488918 -1937>
2020-06-01 13:48:40.059037 7f4a4fead700 1 -- 100.97.140.48:6821/2734156667 --> 10.220.189.22:0/655036121 -- client_session(renewcaps seq 17254) v2 -- 0x7f4a672a8b40 con 0 -1936>
2020-06-01 13:48:40.096947 7f4a4d6a8700 2 mds.4.cache check_memory_usage total 509144, rss 128824, heap 16888, baseline 16888, buffers 0, 0 / 39 inodes have caps, 0 caps, 0 caps per inode -1935>
2020-06-01 13:48:40.099572 7f4a52627700 5 -- 100.97.140.48:6821/2734156667 >> 10.220.189.34:0/1207735840 conn(0x7f4a615a7000 :6821 s=STATE_OPEN_MESSAGE_READ_FOOTER_AND_DISPATCH pgs=178 cs=1 l=0). rx client.12474845 seq 12623 0x7f4a652ad180 client_session(request_renewcaps seq 19688) v1 -1934>
2020-06-01 13:48:40.099600 7f4a4fead700 1 -- 100.97.140.48:6821/2734156667 <== client.12474845 10.220.189.34:0/1207735840 12623 ==== client_session(request_renewcaps seq 19688) v1 ==== 28+0+0 (260560141 0 0) 0x7f4a652ad180 con 0x7f4a615a7000 -1933>
2020-06-01 13:48:40.099617 7f4a4fead700 3 mds.4.server handle_client_session client_session(request_renewcaps seq 19688) v1 from client.12474845 -1932>
2020-06-01 13:48:40.099623 7f4a4fead700 1 -- 100.97.140.48:6821/2734156667 --> 10.220.189.34:0/1207735840 -- client_session(renewcaps seq 19688) v2 -- 0x7f4a672a8480 con 0 -1931>
2020-06-01 13:48:40.163753 7f4a51e26700 5 -- 100.97.140.48:6821/2734156667 >> 10.220.189.38:0/3860369133 conn(0x7f4a60dba000 :6821 s=STATE_OPEN_MESSAGE_READ_FOOTER_AND_DISPATCH pgs=58500 cs=1 l=0). rx client.12113891 seq 12623 0x7f4a672a8b40 client_session(request_renewcaps seq 59381) v1 -1930>
2020-06-01 13:48:40.163780 7f4a4fead700 1 -- 100.97.140.48:6821/2734156667 <== client.12113891 10.220.189.38:0/3860369133 12623 ==== client_session(request_renewcaps seq 59381) v1 ==== 28+0+0 (2332440072 0 0) 0x7f4a672a8b40 con 0x7f4a60dba000 -1929>
2020-06-01 13:48:40.163798 7f4a4fead700 3 mds.4.server handle_client_session client_session(request_renewcaps seq 59381) v1 from client.12113891 -1928>
2020-06-01 13:48:40.163804 7f4a4fead700 1 -- 100.97.140.48:6821/2734156667 --> 10.220.189.38:0/3860369133 -- client_session(renewcaps seq 59381) v2 -- 0x7f4a652ad180 con 0 -1927>
2020-06-01 13:48:40.340550 7f4a4dea9700 1 -- 100.97.140.48:6821/2734156667 --> 100.97.140.48:6820/2345 -- mgrreport(unknown.TX-97-140-48 +0-0 packed 214) v5 -- 0x7f4a60ebf600 con 0 -1926>
2020-06-01 13:48:40.374453 7f4a52e28700 5 -- 100.97.140.48:6821/2734156667 >> 10.220.87.186:0/958821009 conn(0x7f4a60b17000 :6821 s=STATE_OPEN_MESSAGE_READ_FOOTER_AND_DISPATCH pgs=71 cs=1 l=0). rx client.3881288 seq 12623 0x7f4a672a2400 client_session(request_renewcaps seq 1014677) v1 -1925>
2020-06-01 13:48:40.374503 7f4a4fead700 1 -- 100.97.140.48:6821/2734156667 <== client.3881288 10.220.87.186:0/958821009 12623 ==== client_session(request_renewcaps seq 1014677) v1 ==== 28+0+0 (4202875761 0 0) 0x7f4a672a2400 con 0x7f4a60b17000 -1924>
2020-06-01 13:48:40.374528 7f4a4fead700 3 mds.4.server handle_client_session client_session(request_renewcaps seq 1014677) v1 from client.3881288 -1923>
2020-06-01 13:48:40.374538 7f4a4fead700 1 -- 100.97.140.48:6821/2734156667 --> 10.220.87.186:0/958821009 -- client_session(renewcaps seq 1014677) v2 -- 0x7f4a672a8b40 con 0 -1922>
2020-06-01 13:48:40.530600 7f4a506ae700 5 asok(0x7f4a608301c0) AdminSocket: request 'get_command_descriptions' '' to 0x7f4a607fc210 returned 4711 bytes -1921>
2020-06-01 13:48:40.533681 7f4a52627700 5 -- 100.97.140.48:6821/2734156667 >> 10.241.131.179:0/4188842678 conn(0x7f4a61435800 :6821 s=STATE_OPEN_MESSAGE_READ_FOOTER_AND_DISPATCH pgs=17523 cs=1 l=0). rx client.4947536 seq 12622 0x7f4a672a8480 client_session(request_renewcaps seq 811292) v1 -1920>
2020-06-01 13:48:40.533716 7f4a4fead700 1 -- 100.97.140.48:6821/2734156667 <== client.4947536 10.241.131.179:0/4188842678 12622 ==== client_session(request_renewcaps seq 811292) v1 ==== 28+0+0 (1368375950 0 0) 0x7f4a672a8480 con 0x7f4a61435800 -1919>
2020-06-01 13:48:40.533739 7f4a4fead700 3 mds.4.server handle_client_session client_session(request_renewcaps seq 811292) v1 from client.4947536 -1918>
2020-06-01 13:48:40.533748 7f4a4fead700 1 -- 100.97.140.48:6821/2734156667 --> 10.241.131.179:0/4188842678 -- client_session(renewcaps seq 811292) v2 -- 0x7f4a672a2400 con 0 -1917>
2020-06-01 13:48:40.553732 7f4a506ae700 1 do_command 'perf dump' ' -1916>
2020-06-01 13:48:40.553931 7f4a506ae700 1 do_command 'perf dump' 'result is 9143 bytes -1915>
2020-06-01 13:48:40.553936 7f4a506ae700 5 asok(0x7f4a608301c0) AdminSocket: request 'perf dump' '' to 0x7f4a607fc040 returned 9143 bytes -1914>
2020-06-01 13:48:40.596907 7f4a52e28700 5 -- 100.97.140.48:6821/2734156667 >> 10.220.189.15:0/4039280895 conn(0x7f4a616c6800 :6821 s=STATE_OPEN_MESSAGE_READ_FOOTER_AND_DISPATCH pgs=168 cs=1 l=0). rx client.12496245 seq 12623 0x7f4a672a8b40 client_session(request_renewcaps seq 17254) v1 -1913>
2020-06-01 13:48:40.596954 7f4a4fead700 1 -- 100.97.140.48:6821/2734156667 <== client.12496245 10.220.189.15:0/4039280895 12623 ==== client_session(request_renewcaps seq 17254) v1 ==== 28+0+0 (2326084841 0 0) 0x7f4a672a8b40 con 0x7f4a616c6800 -1912>
2020-06-01 13:48:40.596978 7f4a4fead700 3 mds.4.server handle_client_session client_session(request_renewcaps seq 17254) v1 from client.12496245 -1911>
2020-06-01 13:48:40.596988 7f4a4fead700 1 -- 100.97.140.48:6821/2734156667 --> 10.220.189.15:0/4039280895 -- client_session(renewcaps seq 17254) v2 -- 0x7f4a672a8480 con 0 -1910>
2020-06-01 13:48:40.673431 7f4a52e28700 5 -- 100.97.140.48:6821/2734156667 >> 10.220.189.48:0/3527203165 conn(0x7f4a60dbb800 :6821 s=STATE_OPEN_MESSAGE_READ_FOOTER_AND_DISPATCH pgs=222914 cs=1 l=0). rx client.12005044 seq 12623 0x7f4a672a8480 client_session(request_renewcaps seq 73131) v1 -1909>
2020-06-01 13:48:40.673475 7f4a4fead700 1 -- 100.97.140.48:6821/2734156667 <== client.12005044 10.220.189.48:0/3527203165 12623 ==== client_session(request_renewcaps seq 73131) v1 ==== 28+0+0 (2746629654 0 0) 0x7f4a672a8480 con 0x7f4a60dbb800 -1908>
2020-06-01 13:48:40.673505 7f4a4fead700 3 mds.4.server handle_client_session client_session(request_renewcaps seq 73131) v1 from client.12005044 -1907>
2020-06-01 13:48:40.673514 7f4a4fead700 1 -- 100.97.140.48:6821/2734156667 --> 10.220.189.48:0/3527203165 -- client_session(renewcaps seq 73131) v2 -- 0x7f4a672a8b40 con 0 -1906>
2020-06-01 13:48:40.926889 7f4a52e28700 5 -- 100.97.140.48:6821/2734156667 >> 10.220.189.46:0/2616982466 conn(0x7f4a6160d000 :6821 s=STATE_OPEN_MESSAGE_READ_FOOTER_AND_DISPATCH pgs=222742 cs=1 l=0). rx client.11994638 seq 12623 0x7f4a672a8b40 client_session(request_renewcaps seq 73061) v1 -1905>
2020-06-01 13:48:40.926937 7f4a4fead700 1 -- 100.97.140.48:6821/2734156667 <== client.11994638 10.220.189.46:0/2616982466 12623 ==== client_session(request_renewcaps seq 73061) v1 ==== 28+0+0 (3617363830 0 0) 0x7f4a672a8b40 con 0x7f4a6160d000 -1904>
2020-06-01 13:48:40.926962 7f4a4fead700 3 mds.4.server handle_client_session client_session(request_renewcaps seq 73061) v1 from client.11994638 -1903>
2020-06-01 13:48:40.926971 7f4a4fead700 1 -- 100.97.140.48:6821/2734156667 --> 10.220.189.46:0/2616982466 -- client_session(renewcaps seq 73061) v2 -- 0x7f4a672a8480 con 0 -1902>
2020-06-01 13:48:40.964350 7f4a52627700 5 -- 100.97.140.48:6821/2734156667 >> 10.220.189.36:0/1539785209 conn(0x7f4a6168a800 :6821 s=STATE_OPEN_MESSAGE_READ_FOOTER_AND_DISPATCH pgs=22 cs=1 l=0). rx client.12460988 seq 12623 0x7f4a672a2400 client_session(request_renewcaps seq 20445) v1 -1901>
2020-06-01 13:48:40.964376 7f4a4fead700 1 -- 100.97.140.48:6821/2734156667 <== client.12460988 10.220.189.36:0/1539785209 12623 ==== client_session(request_renewcaps seq 20445) v1 ==== 28+0+0 (1112185453 0 0) 0x7f4a672a2400 con 0x7f4a6168a800 -1900>
2020-06-01 13:48:40.964392 7f4a4fead700 3 mds.4.server handle_client_session client_session(request_renewcaps seq 20445) v1 from client.12460988 -1899>
2020-06-01 13:48:40.964398 7f4a4fead700 1 -- 100.97.140.48:6821/2734156667 --> 10.220.189.36:0/1539785209 -- client_session(renewcaps seq 20445) v2 -- 0x7f4a672a8b40 con 0 -1898>
2020-06-01 13:48:41.047693 7f4a52627700 5 -- 100.97.140.48:6821/2734156667 >> 10.220.189.36:0/792111471 conn(0x7f4a60e11800 :6821 s=STATE_OPEN_MESSAGE_READ_FOOTER_AND_DISPATCH pgs=22 cs=1 l=0). rx client.12459786 seq 12623 0x7f4a672a8b40 client_session(request_renewcaps seq 20445) v1 -1897>
2020-06-01 13:48:41.047721 7f4a4fead700 1 -- 100.97.140.48:6821/2734156667 <== client.12459786 10.220.189.36:0/792111471 12623 ==== client_session(request_renewcaps seq 20445) v1 ==== 28+0+0 (1112185453 0 0) 0x7f4a672a8b40 con 0x7f4a60e11800 -1896>
2020-06-01 13:48:41.047740 7f4a4fead700 3 mds.4.server handle_client_session client_session(request_renewcaps seq 20445) v1 from client.12459786 -1895>
2020-06-01 13:48:41.047749 7f4a4fead700 1 -- 100.97.140.48:6821/2734156667 --> 10.220.189.36:0/792111471 -- client_session(renewcaps seq 20445) v2 -- 0x7f4a672a2400 con 0 -1894>
2020-06-01 13:48:41.063338 7f4a52627700 5 -- 100.97.140.48:6821/2734156667 >> 10.220.189.20:0/3712218173 conn(0x7f4a60c9d800 :6821 s=STATE_OPEN_MESSAGE_READ_FOOTER_AND_DISPATCH pgs=820202 cs=1 l=0). rx client.10392460 seq 12623 0x7f4a672a2400 client_session(request_renewcaps seq 255129) v1 -1893>
2020-06-01 13:48:41.063367 7f4a4fead700 1 -- 100.97.140.48:6821/2734156667 <== client.10392460 10.220.189.20:0/3712218173 12623 ==== client_session(request_renewcaps seq 255129) v1 ==== 28+0+0 (3225864458 0 0) 0x7f4a672a2400 con 0x7f4a60c9d800 -1892>
2020-06-01 13:48:41.063385 7f4a4fead700 3 mds.4.server handle_client_session client_session(request_renewcaps seq 255129) v1 from client.10392460 -1891>
2020-06-01 13:48:41.063390 7f4a4fead700 1 -- 100.97.140.48:6821/2734156667 --> 10.220.189.20:0/3712218173 -- client_session(renewcaps seq 255129) v2 -- 0x7f4a672a8b40 con 0 -1890>
2020-06-01 13:48:41.157124 7f4a51e26700 5 -- 100.97.140.48:6821/2734156667 >> 10.220.189.42:0/3020235086 conn(0x7f4a613fe000 :6821 s=STATE_OPEN_MESSAGE_READ_FOOTER_AND_DISPATCH pgs=3978 cs=1 l=0). rx client.12144910 seq 12623 0x7f4a652ad180 client_session(request_renewcaps seq 56996) v1 -1889>
2020-06-01 13:48:41.157170 7f4a4fead700 1 -- 100.97.140.48:6821/2734156667 <== client.12144910 10.220.189.42:0/3020235086 12623 ==== client_session(request_renewcaps seq 56996) v1 ==== 28+0+0 (2971673569 0 0) 0x7f4a652ad180 con 0x7f4a613fe000 -1888>
2020-06-01 13:48:41.157195 7f4a4fead700 3 mds.4.server handle_client_session client_session(request_renewcaps seq 56996) v1 from client.12144910 -1887>
2020-06-01 13:48:41.157205 7f4a4fead700 1 -- 100.97.140.48:6821/2734156667 --> 10.220.189.42:0/3020235086 -- client_session(renewcaps seq 56996) v2 -- 0x7f4a672a2400 con 0 -1886>
2020-06-01 13:48:41.177560 7f4a52627700 5 -- 100.97.140.48:6821/2734156667 >> 10.220.189.36:0/293706961 conn(0x7f4a60e22000 :6821 s=STATE_OPEN_MESSAGE_READ_FOOTER_AND_DISPATCH pgs=22 cs=1 l=0). rx client.12470484 seq 12623 0x7f4a672a8b40 client_session(request_renewcaps seq 20445) v1 -1885>
2020-06-01 13:48:41.177587 7f4a4fead700 1 -- 100.97.140.48:6821/2734156667 <== client.12470484 10.220.189.36:0/293706961 12623 ==== client_session(request_renewcaps seq 20445) v1 ==== 28+0+0 (1112185453 0 0) 0x7f4a672a8b40 con 0x7f4a60e22000 -1884>
2020-06-01 13:48:41.177605 7f4a4fead700 3 mds.4.server handle_client_session client_session(request_renewcaps seq 20445) v1 from client.12470484 -1883>
2020-06-01 13:48:41.177613 7f4a4fead700 1 -- 100.97.140.48:6821/2734156667 --> 10.220.189.36:0/293706961 -- client_session(renewcaps seq 20445) v2 -- 0x7f4a652ad180 con 0 -1882>
2020-06-01 13:48:41.202575 7f4a52627700 5 -- 100.97.140.48:6821/2734156667 >> 10.220.87.188:0/2980238520 conn(0x7f4a60cfe800 :6821 s=STATE_OPEN_MESSAGE_READ_FOOTER_AND_DISPATCH pgs=70 cs=1 l=0). rx client.3891255 seq 12623 0x7f4a652ad180 client_session(request_renewcaps seq 1014676) v1 -1881>
2020-06-01 13:48:41.202603 7f4a4fead700 1 -- 100.97.140.48:6821/2734156667 <== client.3891255 10.220.87.188:0/2980238520 12623 ==== client_session(request_renewcaps seq 1014676) v1 ==== 28+0+0 (1087179263 0 0) 0x7f4a652ad180 con 0x7f4a60cfe800 -1880>
2020-06-01 13:48:41.202621 7f4a4fead700 3 mds.4.server handle_client_session client_session(request_renewcaps seq 1014676) v1 from client.3891255 -1879>
2020-06-01 13:48:41.202626 7f4a4fead700 1 -- 100.97.140.48:6821/2734156667 --> 10.220.87.188:0/2980238520 -- client_session(renewcaps seq 1014676) v2 -- 0x7f4a672a8b40 con 0 -1878>
2020-06-01 13:48:41.233276 7f4a51e26700 5 -- 100.97.140.48:6821/2734156667 >> 10.220.87.163:0/1744015183 conn(0x7f4a60bbc800 :6821 s=STATE_OPEN_MESSAGE_READ_FOOTER_AND_DISPATCH pgs=3463398 cs=1 l=0). rx client.3912983 seq 12623 0x7f4a672a2400 client_session(request_renewcaps seq 1009913) v1 -1877>
2020-06-01 13:48:41.233305 7f4a4fead700 1 -- 100.97.140.48:6821/2734156667 <== client.3912983 10.220.87.163:0/1744015183 12623 ==== client_session(request_renewcaps seq 1009913) v1 ==== 28+0+0 (289817848 0 0) 0x7f4a672a2400 con 0x7f4a60bbc800 -1876>
2020-06-01 13:48:41.233323 7f4a4fead700 3 mds.4.server handle_client_session client_session(request_renewcaps seq 1009913) v1 from client.3912983 -1875>
2020-06-01 13:48:41.233329 7f4a4fead700 1 -- 100.97.140.48:6821/2734156667 --> 10.220.87.163:0/1744015183 -- client_session(renewcaps seq 1009913) v2 -- 0x7f4a652ad180 con 0 -1874>
2020-06-01 13:48:41.234747 7f4a52627700 5 -- 100.97.140.48:6821/2734156667 >> 10.220.189.33:0/2792620878 conn(0x7f4a615c8000 :6821 s=STATE_OPEN_MESSAGE_READ_FOOTER_AND_DISPATCH pgs=191400 cs=1 l=0). rx client.11724708 seq 12623 0x7f4a672a8b40 client_session(request_renewcaps seq 103482) v1 -1873>
2020-06-01 13:48:41.234773 7f4a4fead700 1 -- 100.97.140.48:6821/2734156667 <== client.11724708 10.220.189.33:0/2792620878 12623 ==== client_session(request_renewcaps seq 103482) v1 ==== 28+0+0 (1573461326 0 0) 0x7f4a672a8b40 con 0x7f4a615c8000 -1872>
2020-06-01 13:48:41.234783 7f4a4fead700 3 mds.4.server handle_client_session client_session(request_renewcaps seq 103482) v1 from client.11724708 -1871>
2020-06-01 13:48:41.234787 7f4a4fead700 1 -- 100.97.140.48:6821/2734156667 --> 10.220.189.33:0/2792620878 -- client_session(renewcaps seq 103482) v2 -- 0x7f4a672a2400 con 0 -1870>
2020-06-01 13:48:41.258578 7f4a51e26700 5 -- 100.97.140.48:6821/2734156667 >> 100.97.140.32:6820/1879232263 conn(0x7f4a60cec800 :6821 s=STATE_OPEN_MESSAGE_READ_FOOTER_AND_DISPATCH pgs=3423089 cs=1 l=0). rx mds.0 seq 321036 0x7f4a62454c80 lock(a=lock inest 0x1.head) v1 -1869>
2020-06-01 13:48:41.258605 7f4a4fead700 1 -- 100.97.140.48:6821/2734156667 <== mds.0 100.97.140.32:6820/1879232263 321036 ==== lock(a=lock inest 0x1.head) v1 ==== 69+0+0 (1800409819 0 0) 0x7f4a62454c80 con 0x7f4a60cec800 -1868>
2020-06-01 13:48:41.258635 7f4a4fead700 1 -- 100.97.140.48:6821/2734156667 _send_message--> mds.0 100.97.140.32:6820/1879232263 -- lock(a=lockack inest 0x1.head) v1 -- ?+0 0x7f4a62499400 -1867>
2020-06-01 13:48:41.258646 7f4a4fead700 1 -- 100.97.140.48:6821/2734156667 --> 100.97.140.32:6820/1879232263 -- lock(a=lockack inest 0x1.head) v1 -- 0x7f4a62499400 con 0 -1866>
2020-06-01 13:48:41.258733 7f4a51e26700 5 -- 100.97.140.48:6821/2734156667 >> 100.97.140.32:6820/1879232263 conn(0x7f4a60cec800 :6821 s=STATE_OPEN_MESSAGE_READ_FOOTER_AND_DISPATCH pgs=3423089 cs=1 l=0). rx mds.0 seq 321037 0x7f4a62454000 lock(a=lock inest 0x10000000002.head) v1 -1865>
2020-06-01 13:48:41.258753 7f4a4fead700 1 -- 100.97.140.48:6821/2734156667 <== mds.0 100.97.140.32:6820/1879232263 321037 ==== lock(a=lock inest 0x10000000002.head) v1 ==== 69+0+0 (1201847954 0 0) 0x7f4a62454000 con 0x7f4a60cec800 -1864>
2020-06-01 13:48:41.258767 7f4a4fead700 1 -- 100.97.140.48:6821/2734156667 _send_message--> mds.0 100.97.140.32:6820/1879232263 -- lock(a=lockack inest 0x10000000002.head) v1 -- ?+0 0x7f4a62454c80 -1863>
2020-06-01 13:48:41.258776 7f4a4fead700 1 -- 100.97.140.48:6821/2734156667 --> 100.97.140.32:6820/1879232263 -- lock(a=lockack inest 0x10000000002.head) v1 -- 0x7f4a62454c80 con 0 -1862>
2020-06-01 13:48:41.258812 7f4a51e26700 5 -- 100.97.140.48:6821/2734156667 >> 100.97.140.32:6820/1879232263 conn(0x7f4a60cec800 :6821 s=STATE_OPEN_MESSAGE_READ_FOOTER_AND_DISPATCH pgs=3423089 cs=1 l=0). rx mds.0 seq 321038 0x7f4a6252a800 lock(a=lock inest 0x100000007d3.head) v1 -1861>
2020-06-01 13:48:41.258830 7f4a4fead700 1 -- 100.97.140.48:6821/2734156667 <== mds.0 100.97.140.32:6820/1879232263 321038 ==== lock(a=lock inest 0x100000007d3.head) v1 ==== 69+0+0 (4197004337 0 0) 0x7f4a6252a800 con 0x7f4a60cec800 -1860>
2020-06-01 13:48:41.258844 7f4a4fead700 1 -- 100.97.140.48:6821/2734156667 _send_message--> mds.0 100.97.140.32:6820/1879232263 -- lock(a=lockack inest 0x100000007d3.head) v1 -- ?+0 0x7f4a62454000 -1859>
2020-06-01 13:48:41.258851 7f4a4fead700 1 -- 100.97.140.48:6821/2734156667 --> 100.97.140.32:6820/1879232263 -- lock(a=lockack inest 0x100000007d3.head) v1 -- 0x7f4a62454000 con 0 -1858>
2020-06-01 13:48:41.259078 7f4a51e26700 5 -- 100.97.140.48:6821/2734156667 >> 100.97.140.32:6820/1879232263 conn(0x7f4a60cec800 :6821 s=STATE_OPEN_MESSAGE_READ_FOOTER_AND_DISPATCH pgs=3423089 cs=1 l=0). rx mds.0 seq 321039 0x7f4a62499400 lock(a=lock inest 0x10000000000.head) v1 -1857>
2020-06-01 13:48:41.259097 7f4a4fead700 1 -- 100.97.140.48:6821/2734156667 <== mds.0 100.97.140.32:6820/1879232263 321039 ==== lock(a=lock inest 0x10000000000.head) v1 ==== 69+0+0 (540789226 0 0) 0x7f4a62499400 con 0x7f4a60cec800 -1856>
2020-06-01 13:48:41.259109 7f4a4fead700 1 -- 100.97.140.48:6821/2734156667 _send_message--> mds.0 100.97.140.32:6820/1879232263 -- lock(a=lockack inest 0x10000000000.head) v1 -- ?+0 0x7f4a6252a800 -1855>
2020-06-01 13:48:41.259116 7f4a4fead700 1 -- 100.97.140.48:6821/2734156667 --> 100.97.140.32:6820/1879232263 -- lock(a=lockack inest 0x10000000000.head) v1 -- 0x7f4a6252a800 con 0 -1854>
2020-06-01 13:48:41.259120 7f4a51e26700 5 -- 100.97.140.48:6821/2734156667 >> 100.97.140.32:6820/1879232263 conn(0x7f4a60cec800 :6821 s=STATE_OPEN_MESSAGE_READ_FOOTER_AND_DISPATCH pgs=3423089 cs=1 l=0). rx mds.0 seq 321040 0x7f4a624d3980 lock(a=lock inest 0x100000007d4.head) v1 -1853>
2020-06-01 13:48:41.259137 7f4a4fead700 1 -- 100.97.140.48:6821/2734156667 <== mds.0 100.97.140.32:6820/1879232263 321040 ==== lock(a=lock inest 0x100000007d4.head) v1 ==== 69+0+0 (1632507397 0 0) 0x7f4a624d3980 con 0x7f4a60cec800 -1852>
2020-06-01 13:48:41.259149 7f4a4fead700 1 -- 100.97.140.48:6821/2734156667 _send_message--> mds.0 100.97.140.32:6820/1879232263 -- lock(a=lockack inest 0x100000007d4.head) v1 -- ?+0 0x7f4a62499400 -1851>
2020-06-01 13:48:41.259157 7f4a4fead700 1 -- 100.97.140.48:6821/2734156667 --> 100.97.140.32:6820/1879232263 -- lock(a=lockack inest 0x100000007d4.head) v1 -- 0x7f4a62499400 con 0 -1850>
2020-06-01 13:48:41.261098 7f4a51e26700 5 -- 100.97.140.48:6821/2734156667 >> 100.97.140.32:6820/1879232263 conn(0x7f4a60cec800 :6821 s=STATE_OPEN_MESSAGE_READ_FOOTER_AND_DISPATCH pgs=3423089 cs=1 l=0). rx mds.0 seq 321041 0x7f4a62499400 lock(a=lockflushed inest 0x1.head) v1 -1849>
2020-06-01 13:48:41.261118 7f4a4fead700 1 -- 100.97.140.48:6821/2734156667 <== mds.0 100.97.140.32:6820/1879232263 321041 ==== lock(a=lockflushed inest 0x1.head) v1 ==== 69+0+0 (2317315267 0 0) 0x7f4a62499400 con 0x7f4a60cec800 -1848>
2020-06-01 13:48:41.261240 7f4a51e26700 5 -- 100.97.140.48:6821/2734156667 >> 100.97.140.32:6820/1879232263 conn(0x7f4a60cec800 :6821 s=STATE_OPEN_MESSAGE_READ_FOOTER_AND_DISPATCH pgs=3423089 cs=1 l=0). rx mds.0 seq 321042 0x7f4a6252a800 lock(a=mix inest 0x1.head) v1 -1847>
2020-06-01 13:48:41.261258 7f4a4fead700 1 -- 100.97.140.48:6821/2734156667 <== mds.0 100.97.140.32:6820/1879232263 321042 ==== lock(a=mix inest 0x1.head) v1 ==== 291+0+0 (3077834110 0 0) 0x7f4a6252a800 con 0x7f4a60cec800 -1846>
2020-06-01 13:48:41.261764 7f4a51e26700 5 -- 100.97.140.48:6821/2734156667 >> 100.97.140.32:6820/1879232263 conn(0x7f4a60cec800 :6821 s=STATE_OPEN_MESSAGE_READ_FOOTER_AND_DISPATCH pgs=3423089 cs=1 l=0). rx mds.0 seq 321043 0x7f4a62454000 lock(a=lockflushed inest 0x10000000002.head) v1 -1845>
2020-06-01 13:48:41.261782 7f4a4fead700 1 -- 100.97.140.48:6821/2734156667 <== mds.0 100.97.140.32:6820/1879232263 321043 ==== lock(a=lockflushed inest 0x10000000002.head) v1 ==== 69+0+0 (2800599178 0 0) 0x7f4a62454000 con 0x7f4a60cec800 -1844>
2020-06-01 13:48:41.261870 7f4a51e26700 5 -- 100.97.140.48:6821/2734156667 >> 100.97.140.32:6820/1879232263 conn(0x7f4a60cec800 :6821 s=STATE_OPEN_MESSAGE_READ_FOOTER_AND_DISPATCH pgs=3423089 cs=1 l=0). rx mds.0 seq 321044 0x7f4a62454c80 lock(a=mix inest 0x10000000002.head) v1 -1843>
2020-06-01 13:48:41.261888 7f4a4fead700 1 -- 100.97.140.48:6821/2734156667 <== mds.0 100.97.140.32:6820/1879232263 321044 ==== lock(a=mix inest 0x10000000002.head) v1 ==== 291+0+0 (40840111 0 0) 0x7f4a62454c80 con 0x7f4a60cec800 -1842>
2020-06-01 13:48:41.262073 7f4a51e26700 5 -- 100.97.140.48:6821/2734156667 >> 100.97.140.32:6820/1879232263 conn(0x7f4a60cec800 :6821 s=STATE_OPEN_MESSAGE_READ_FOOTER_AND_DISPATCH pgs=3423089 cs=1 l=0). rx mds.0 seq 321045 0x7f4a624f1400 lock(a=lockflushed inest 0x100000007d3.head) v1 -1841>
2020-06-01 13:48:41.262092 7f4a4fead700 1 -- 100.97.140.48:6821/2734156667 <== mds.0 100.97.140.32:6820/1879232263 321045 ==== lock(a=lockflushed inest 0x100000007d3.head) v1 ==== 69+0+0 (459688489 0 0) 0x7f4a624f1400 con 0x7f4a60cec800 -1840>
2020-06-01 13:48:41.262169 7f4a51e26700 5 -- 100.97.140.48:6821/2734156667 >> 100.97.140.32:6820/1879232263 conn(0x7f4a60cec800 :6821 s=STATE_OPEN_MESSAGE_READ_FOOTER_AND_DISPATCH pgs=3423089 cs=1 l=0). rx mds.0 seq 321046 0x7f4a6252b700 lock(a=mix inest 0x100000007d3.head) v1 -1839>
2020-06-01 13:48:41.262187 7f4a4fead700 1 -- 100.97.140.48:6821/2734156667 <== mds.0 100.97.140.32:6820/1879232263 321046 ==== lock(a=mix inest 0x100000007d3.head) v1 ==== 291+0+0 (1292774258 0 0) 0x7f4a6252b700 con 0x7f4a60cec800 -1838>
2020-06-01 13:48:41.262345 7f4a51e26700 5 -- 100.97.140.48:6821/2734156667 >> 100.97.140.32:6820/1879232263 conn(0x7f4a60cec800 :6821 s=STATE_OPEN_MESSAGE_READ_FOOTER_AND_DISPATCH pgs=3423089 cs=1 l=0). rx mds.0 seq 321047 0x7f4a6247af80 lock(a=lockflushed inest 0x10000000000.head) v1 -1837>
2020-06-01 13:48:41.262363 7f4a4fead700 1 -- 100.97.140.48:6821/2734156667 <== mds.0 100.97.140.32:6820/1879232263 321047 ==== lock(a=lockflushed inest 0x10000000000.head) v1 ==== 69+0+0 (3245651954 0 0) 0x7f4a6247af80 con 0x7f4a60cec800 -1836>
2020-06-01 13:48:41.262486 7f4a51e26700 5 -- 100.97.140.48:6821/2734156667 >> 100.97.140.32:6820/1879232263 conn(0x7f4a60cec800 :6821 s=STATE_OPEN_MESSAGE_READ_FOOTER_AND_DISPATCH pgs=3423089 cs=1 l=0). rx mds.0 seq 321048 0x7f4a611ed980 lock(a=mix inest 0x10000000000.head) v1 -1835>
2020-06-01 13:48:41.262522 7f4a4fead700 1 -- 100.97.140.48:6821/2734156667 <== mds.0 100.97.140.32:6820/1879232263 321048 ==== lock(a=mix inest 0x10000000000.head) v1 ==== 291+0+0 (1079951347 0 0) 0x7f4a611ed980 con 0x7f4a60cec800 -1834>
2020-06-01 13:48:41.262545 7f4a51e26700 5 -- 100.97.140.48:6821/2734156667 >> 100.97.140.32:6820/1879232263 conn(0x7f4a60cec800 :6821 s=STATE_OPEN_MESSAGE_READ_FOOTER_AND_DISPATCH pgs=3423089 cs=1 l=0). rx mds.0 seq 321049 0x7f4a61776080 lock(a=lockflushed inest 0x100000007d4.head) v1 -1833>
2020-06-01 13:48:41.262562 7f4a4fead700 1 -- 100.97.140.48:6821/2734156667 <== mds.0 100.97.140.32:6820/1879232263 321049 ==== lock(a=lockflushed inest 0x100000007d4.head) v1 ==== 69+0+0 (2147575837 0 0) 0x7f4a61776080 con 0x7f4a60cec800 -1832>
2020-06-01 13:48:41.262661 7f4a51e26700 5 -- 100.97.140.48:6821/2734156667 >> 100.97.140.32:6820/1879232263 conn(0x7f4a60cec800 :6821 s=STATE_OPEN_MESSAGE_READ_FOOTER_AND_DISPATCH pgs=3423089 cs=1 l=0). rx mds.0 seq 321050 0x7f4a62479e00 lock(a=mix inest 0x100000007d4.head) v1 -1831>
2020-06-01 13:48:41.262678 7f4a4fead700 1 -- 100.97.140.48:6821/2734156667 <== mds.0 100.97.140.32:6820/1879232263 321050 ==== lock(a=mix inest 0x100000007d4.head) v1 ==== 291+0+0 (1893883461 0 0) 0x7f4a62479e00 con 0x7f4a60cec800 -1830>
2020-06-01 13:48:41.395805 7f4a51e26700 5 -- 100.97.140.48:6821/2734156667 >> 10.220.189.36:0/3216571563 conn(0x7f4a61568800 :6821 s=STATE_OPEN_MESSAGE_READ_FOOTER_AND_DISPATCH pgs=22 cs=1 l=0). rx client.12468430 seq 12623 0x7f4a652ad180 client_session(request_renewcaps seq 20445) v1 -1829>
2020-06-01 13:48:41.395849 7f4a4fead700 1 -- 100.97.140.48:6821/2734156667 <== client.12468430 10.220.189.36:0/3216571563 12623 ==== client_session(request_renewcaps seq 20445) v1 ==== 28+0+0 (1112185453 0 0) 0x7f4a652ad180 con 0x7f4a61568800 -1828>
2020-06-01 13:48:41.395875 7f4a4fead700 3 mds.4.server handle_client_session client_session(request_renewcaps seq 20445) v1 from client.12468430 -1827>
2020-06-01 13:48:41.395883 7f4a4fead700 1 -- 100.97.140.48:6821/2734156667 --> 10.220.189.36:0/3216571563 -- client_session(renewcaps seq 20445) v2 -- 0x7f4a672a8b40 con 0 -1826>
2020-06-01 13:48:41.507879 7f4a52627700 5 -- 100.97.140.48:6821/2734156667 >> 10.220.189.45:0/133398410 conn(0x7f4a616c5000 :6821 s=STATE_OPEN_MESSAGE_READ_FOOTER_AND_DISPATCH pgs=222915 cs=1 l=0). rx client.12005049 seq 12623 0x7f4a672a2400 client_session(request_renewcaps seq 73131) v1 -1825>
2020-06-01 13:48:41.507911 7f4a4fead700 1 -- 100.97.140.48:6821/2734156667 <== client.12005049 10.220.189.45:0/133398410 12623 ==== client_session(request_renewcaps seq 73131) v1 ==== 28+0+0 (2746629654 0 0) 0x7f4a672a2400 con 0x7f4a616c5000 -1824>
2020-06-01 13:48:41.507932 7f4a4fead700 3 mds.4.server handle_client_session client_session(request_renewcaps seq 73131) v1 from client.12005049 -1823>
2020-06-01 13:48:41.507939 7f4a4fead700 1 -- 100.97.140.48:6821/2734156667 --> 10.220.189.45:0/133398410 -- client_session(renewcaps seq 73131) v2 -- 0x7f4a652ad180 con 0 -1822>
2020-06-01 13:48:41.510332 7f4a52627700 5 -- 100.97.140.48:6821/2734156667 >> 10.220.189.18:0/3998647570 conn(0x7f4a616ad800 :6821 s=STATE_OPEN_MESSAGE_READ_FOOTER_AND_DISPATCH pgs=48784 cs=1 l=0). rx client.12377092 seq 12624 0x7f4a652ad180 client_session(request_renewcaps seq 29703) v1 -1821>
2020-06-01 13:48:41.510356 7f4a4fead700 1 -- 100.97.140.48:6821/2734156667 <== client.12377092 10.220.189.18:0/3998647570 12624 ==== client_session(request_renewcaps seq 29703) v1 ==== 28+0+0 (2721914830 0 0) 0x7f4a652ad180 con 0x7f4a616ad800 -1820>
2020-06-01 13:48:41.510374 7f4a4fead700 3 mds.4.server handle_client_session client_session(request_renewcaps seq 29703) v1 from client.12377092 -1819>
2020-06-01 13:48:41.510380 7f4a4fead700 1 -- 100.97.140.48:6821/2734156667 --> 10.220.189.18:0/3998647570 -- client_session(renewcaps seq 29703) v2 -- 0x7f4a672a2400 con 0 -1818>
2020-06-01 13:48:41.566761 7f4a52627700 5 -- 100.97.140.48:6821/2734156667 >> 10.220.189.55:0/1692501852 conn(0x7f4a63951000 :6821 s=STATE_OPEN_MESSAGE_READ_FOOTER_AND_DISPATCH pgs=8 cs=1 l=0). rx client.12641758 seq 16 0x7f4a672a2400 client_session(request_renewcaps seq 15) v1 -1817>
2020-06-01 13:48:41.566794 7f4a4fead700 1 -- 100.97.140.48:6821/2734156667 <== client.12641758 10.220.189.55:0/1692501852 16 ==== client_session(request_renewcaps seq 15) v1 ==== 28+0+0 (1786162894 0 0) 0x7f4a672a2400 con 0x7f4a63951000 -1816>
2020-06-01 13:48:41.566815 7f4a4fead700 3 mds.4.server handle_client_session client_session(request_renewcaps seq 15) v1 from client.12641758 -1815>
2020-06-01 13:48:41.566822 7f4a4fead700 1 -- 100.97.140.48:6821/2734156667 --> 10.220.189.55:0/1692501852 -- client_session(renewcaps seq 15) v2 -- 0x7f4a652ad180 con 0 -1814>
2020-06-01 13:48:41.568992 7f4a52e28700 5 -- 100.97.140.48:6821/2734156667 >> 10.220.189.55:0/974430418 conn(0x7f4a65ed7000 :6821 s=STATE_OPEN_MESSAGE_READ_FOOTER_AND_DISPATCH pgs=9 cs=1 l=0). rx client.12642387 seq 16 0x7f4a672a8480 client_session(request_renewcaps seq 15) v1 -1813>
2020-06-01 13:48:41.569017 7f4a4fead700 1 -- 100.97.140.48:6821/2734156667 <== client.12642387 10.220.189.55:0/974430418 16 ==== client_session(request_renewcaps seq 15) v1 ==== 28+0+0 (1786162894 0 0) 0x7f4a672a8480 con 0x7f4a65ed7000 -1812>
2020-06-01 13:48:41.569032 7f4a4fead700 3 mds.4.server handle_client_session client_session(request_renewcaps seq 15) v1 from client.12642387 -1811>
2020-06-01 13:48:41.569038 7f4a4fead700 1 -- 100.97.140.48:6821/2734156667 --> 10.220.189.55:0/974430418 -- client_session(renewcaps seq 15) v2 -- 0x7f4a672a2400 con 0 -1810>
2020-06-01 13:48:41.626373 7f4a52e28700 5 -- 100.97.140.48:6821/2734156667 >> 10.220.189.36:0/3273763026 conn(0x7f4a60e35800 :6821 s=STATE_OPEN_MESSAGE_READ_FOOTER_AND_DISPATCH pgs=195 cs=1 l=0). rx client.12470489 seq 12623 0x7f4a672a2400 client_session(request_renewcaps seq 20445) v1 -1809>
2020-06-01 13:48:41.626401 7f4a4fead700 1 -- 100.97.140.48:6821/2734156667 <== client.12470489 10.220.189.36:0/3273763026 12623 ==== client_session(request_renewcaps seq 20445) v1 ==== 28+0+0 (1112185453 0 0) 0x7f4a672a2400 con 0x7f4a60e35800 -1808>
2020-06-01 13:48:41.626418 7f4a4fead700 3 mds.4.server handle_client_session client_session(request_renewcaps seq 20445) v1 from client.12470489 -1807>
2020-06-01 13:48:41.626425 7f4a4fead700 1 -- 100.97.140.48:6821/2734156667 --> 10.220.189.36:0/3273763026 -- client_session(renewcaps seq 20445) v2 -- 0x7f4a672a8480 con 0 -1806>
2020-06-01 13:48:41.856506 7f4a52627700 5 -- 100.97.140.48:6821/2734156667 >> 10.220.189.44:0/551508142 conn(0x7f4a61532800 :6821 s=STATE_OPEN_MESSAGE_READ_FOOTER_AND_DISPATCH pgs=464436 cs=1 l=0). rx client.10012177 seq 12623 0x7f4a652ad180 client_session(request_renewcaps seq 297363) v1 -1805>
2020-06-01 13:48:41.856554 7f4a4fead700 1 -- 100.97.140.48:6821/2734156667 <== client.10012177 10.220.189.44:0/551508142 12623 ==== client_session(request_renewcaps seq 297363) v1 ==== 28+0+0 (2033835430 0 0) 0x7f4a652ad180 con 0x7f4a61532800 -1804>
2020-06-01 13:48:41.856580 7f4a4fead700 3 mds.4.server handle_client_session client_session(request_renewcaps seq 297363) v1 from client.10012177 -1803>
2020-06-01 13:48:41.856589 7f4a4fead700 1 -- 100.97.140.48:6821/2734156667 --> 10.220.189.44:0/551508142 -- client_session(renewcaps seq 297363) v2 -- 0x7f4a672a2400 con 0 -1802>
2020-06-01 13:48:41.860432 7f4a51e26700 5 -- 100.97.140.48:6821/2734156667 >> 10.220.189.31:0/768711405 conn(0x7f4a60e38800 :6821 s=STATE_OPEN_MESSAGE_READ_FOOTER_AND_DISPATCH pgs=335 cs=1 l=0). rx client.12466526 seq 12623 0x7f4a672a8b40 client_session(request_renewcaps seq 19688) v1 -1801>
2020-06-01 13:48:41.860458 7f4a4fead700 1 -- 100.97.140.48:6821/2734156667 <== client.12466526 10.220.189.31:0/768711405 12623 ==== client_session(request_renewcaps seq 19688) v1 ==== 28+0+0 (260560141 0 0) 0x7f4a672a8b40 con 0x7f4a60e38800 -1800>
2020-06-01 13:48:41.860469 7f4a4fead700 3 mds.4.server handle_client_session client_session(request_renewcaps seq 19688) v1 from client.12466526 -1799>
2020-06-01 13:48:41.860474 7f4a4fead700 1 -- 100.97.140.48:6821/2734156667 --> 10.220.189.31:0/768711405 -- client_session(renewcaps seq 19688) v2 -- 0x7f4a652ad180 con 0 -1798>
2020-06-01 13:48:42.046185 7f4a52e28700 5 -- 100.97.140.48:6821/2734156667 >> 10.221.11.161:0/533875537 conn(0x7f4a61434000 :6821 s=STATE_OPEN_MESSAGE_READ_FOOTER_AND_DISPATCH pgs=3456142 cs=1 l=0). rx client.3883476 seq 12622 0x7f4a672a8480 client_session(request_renewcaps seq 1014667) v1 -1797>
2020-06-01 13:48:42.046223 7f4a4fead700 1 -- 100.97.140.48:6821/2734156667 <== client.3883476 10.221.11.161:0/533875537 12622 ==== client_session(request_renewcaps seq 1014667) v1 ==== 28+0+0 (748577400 0 0) 0x7f4a672a8480 con 0x7f4a61434000 -1796>
2020-06-01 13:48:42.046249 7f4a4fead700 3 mds.4.server handle_client_session client_session(request_renewcaps seq 1014667) v1 from client.3883476 -1795>
2020-06-01 13:48:42.046257 7f4a4fead700 1 -- 100.97.140.48:6821/2734156667 --> 10.221.11.161:0/533875537 -- client_session(renewcaps seq 1014667) v2 -- 0x7f4a672a8b40 con 0 -1794>
2020-06-01 13:48:42.183052 7f4a52e28700 5 -- 100.97.140.48:6821/2734156667 >> 10.220.189.16:0/2327457644 conn(0x7f4a61408000 :6821 s=STATE_OPEN_MESSAGE_READ_FOOTER_AND_DISPATCH pgs=442743 cs=1 l=0). rx client.11393922 seq 12623 0x7f4a672a8b40 client_session(request_renewcaps seq 140689) v1 -1793>
2020-06-01 13:48:42.183101 7f4a4fead700 1 -- 100.97.140.48:6821/2734156667 <== client.11393922 10.220.189.16:0/2327457644 12623 ==== client_session(request_renewcaps seq 140689) v1 ==== 28+0+0 (279765556 0 0) 0x7f4a672a8b40 con 0x7f4a61408000 -1792>
2020-06-01 13:48:42.183125 7f4a4fead700 3 mds.4.server handle_client_session client_session(request_renewcaps seq 140689) v1 from client.11393922 -1791>
2020-06-01 13:48:42.183134 7f4a4fead700 1 -- 100.97.140.48:6821/2734156667 --> 10.220.189.16:0/2327457644 -- client_session(renewcaps seq 140689) v2 -- 0x7f4a672a8480 con 0 -1790>
2020-06-01 13:48:42.278138 7f4a51e26700 5 -- 100.97.140.48:6821/2734156667 >> 100.97.140.32:6820/1879232263 conn(0x7f4a60cec800 :6821 s=STATE_OPEN_MESSAGE_READ_FOOTER_AND_DISPATCH pgs=3423089 cs=1 l=0). rx mds.0 seq 321051 0x7f4a629bb0e0 gather_caps(0x10002a2cf74) v1 -1789>
2020-06-01 13:48:42.278177 7f4a4fead700 1 -- 100.97.140.48:6821/2734156667 <== mds.0 100.97.140.32:6820/1879232263 321051 ==== gather_caps(0x10002a2cf74) v1 ==== 8+0+0 (4184419736 0 0) 0x7f4a629bb0e0 con 0x7f4a60cec800 -1788>
2020-06-01 13:48:42.320401 7f4a52e28700 5 -- 100.97.140.48:6821/2734156667 >> 10.220.189.50:0/1445953529 conn(0x7f4a6140c800 :6821 s=STATE_OPEN_MESSAGE_READ_FOOTER_AND_DISPATCH pgs=1384999 cs=1 l=0). rx client.9162393 seq 12623 0x7f4a672a8480 client_session(request_renewcaps seq 393594) v1 -1787>
2020-06-01 13:48:42.320444 7f4a4fead700 1 -- 100.97.140.48:6821/2734156667 <== client.9162393 10.220.189.50:0/1445953529 12623 ==== client_session(request_renewcaps seq 393594) v1 ==== 28+0+0 (486075545 0 0) 0x7f4a672a8480 con 0x7f4a6140c800 -1786>
2020-06-01 13:48:42.320469 7f4a4fead700 3 mds.4.server handle_client_session client_session(request_renewcaps seq 393594) v1 from client.9162393 -1785>
2020-06-01 13:48:42.320478 7f4a4fead700 1 -- 100.97.140.48:6821/2734156667 --> 10.220.189.50:0/1445953529 -- client_session(renewcaps seq 393594) v2 -- 0x7f4a672a8b40 con 0 -1784>
2020-06-01 13:48:42.346491 7f4a4cea7700 10 monclient: _send_mon_message to mon.TX-97-140-59 at 100.97.140.59:6789/0 -1783>
2020-06-01 13:48:42.346508 7f4a4cea7700 1 -- 100.97.140.48:6821/2734156667 --> 100.97.140.59:6789/0 -- mdsbeacon(12541229/TX-97-140-48 up:active seq 63110 v415) v7 -- 0x7f4a673016c0 con 0 -1782>
2020-06-01 13:48:42.347419 7f4a52627700 5 -- 100.97.140.48:6821/2734156667 >> 100.97.140.59:6789/0 conn(0x7f4a60a43000 :-1 s=STATE_OPEN_MESSAGE_READ_FOOTER_AND_DISPATCH pgs=2504874 cs=1 l=1). rx mon.4 seq 63311 0x7f4a673016c0 mdsbeacon(12541229/TX-97-140-48 up:active seq 63110 v415) v7 -1781>
2020-06-01 13:48:42.347447 7f4a4fead700 1 -- 100.97.140.48:6821/2734156667 <== mon.4 100.97.140.59:6789/0 63311 ==== mdsbeacon(12541229/TX-97-140-48 up:active seq 63110 v415) v7 ==== 137+0+0 (3904494105 0 0) 0x7f4a673016c0 con 0x7f4a60a43000 -1780>
2020-06-01 13:48:42.391926 7f4a52e28700 5 -- 100.97.140.48:6821/2734156667 >> 10.220.189.44:0/2145716203 conn(0x7f4a61565800 :6821 s=STATE_OPEN_MESSAGE_READ_FOOTER_AND_DISPATCH pgs=570212 cs=1 l=0). rx client.11155423 seq 12623 0x7f4a672a8b40 client_session(request_renewcaps seq 168022) v1 -1779>
2020-06-01 13:48:42.391958 7f4a4fead700 1 -- 100.97.140.48:6821/2734156667 <== client.11155423 10.220.189.44:0/2145716203 12623 ==== client_session(request_renewcaps seq 168022) v1 ==== 28+0+0 (1516127253 0 0) 0x7f4a672a8b40 con 0x7f4a61565800 -1778>
2020-06-01 13:48:42.391981 7f4a4fead700 3 mds.4.server handle_client_session client_session(request_renewcaps seq 168022) v1 from client.11155423 -1777>
2020-06-01 13:48:42.391989 7f4a4fead700 1 -- 100.97.140.48:6821/2734156667 --> 10.220.189.44:0/2145716203 -- client_session(renewcaps seq 168022) v2 -- 0x7f4a672a8480 con 0 -1776>
2020-06-01 13:48:42.690408 7f4a51e26700 5 -- 100.97.140.48:6821/2734156667 >> 10.220.189.56:0/307203688 conn(0x7f4a6141c000 :6821 s=STATE_OPEN_MESSAGE_READ_FOOTER_AND_DISPATCH pgs=1385837 cs=1 l=0). rx client.9162398 seq 12623 0x7f4a652ad180 client_session(request_renewcaps seq 393590) v1 -1775>
2020-06-01 13:48:42.690457 7f4a4fead700 1 -- 100.97.140.48:6821/2734156667 <== client.9162398 10.220.189.56:0/307203688 12623 ==== client_session(request_renewcaps seq 393590) v1 ==== 28+0+0 (1044165126 0 0) 0x7f4a652ad180 con 0x7f4a6141c000 -1774>
2020-06-01 13:48:42.690482 7f4a4fead700 3 mds.4.server handle_client_session client_session(request_renewcaps seq 393590) v1 from client.9162398 -1773>
2020-06-01 13:48:42.690491 7f4a4fead700 1 -- 100.97.140.48:6821/2734156667 --> 10.220.189.56:0/307203688 -- client_session(renewcaps seq 393590) v2 -- 0x7f4a672a8b40 con 0 -1772>
2020-06-01 13:48:42.877023 7f4a52627700 5 -- 100.97.140.48:6821/2734156667 >> 10.220.189.39:0/3806988067 conn(0x7f4a61401000 :6821 s=STATE_OPEN_MESSAGE_READ_FOOTER_AND_DISPATCH pgs=378160 cs=1 l=0). rx client.9169378 seq 12623 0x7f4a672a2400 client_session(request_renewcaps seq 392799) v1 -1771>
2020-06-01 13:48:42.877062 7f4a4fead700 1 -- 100.97.140.48:6821/2734156667 <== client.9169378 10.220.189.39:0/3806988067 12623 ==== client_session(request_renewcaps seq 392799) v1 ==== 28+0+0 (3060363666 0 0) 0x7f4a672a2400 con 0x7f4a61401000 -1770>
2020-06-01 13:48:42.877086 7f4a4fead700 3 mds.4.server handle_client_session client_session(request_renewcaps seq 392799) v1 from client.9169378 -1769>
2020-06-01 13:48:42.877094 7f4a4fead700 1 -- 100.97.140.48:6821/2734156667 --> 10.220.189.39:0/3806988067 -- client_session(renewcaps seq 392799) v2 -- 0x7f4a652ad180 con 0 -1768>
2020-06-01 13:48:42.945065 7f4a51e26700 5 -- 100.97.140.48:6821/2734156667 >> 10.220.189.19:0/1805309661 conn(0x7f4a60dfe000 :6821 s=STATE_OPEN_MESSAGE_READ_FOOTER_AND_DISPATCH pgs=41278 cs=1 l=0). rx client.12429099 seq 12624 0x7f4a672a8b40 client_session(request_renewcaps seq 25093) v1 -1767>
2020-06-01 13:48:42.945096 7f4a4fead700 1 -- 100.97.140.48:6821/2734156667 <== client.12429099 10.220.189.19:0/1805309661 12624 ==== client_session(request_renewcaps seq 25093) v1 ==== 28+0+0 (2935027989 0 0) 0x7f4a672a8b40 con 0x7f4a60dfe000 -1766>
2020-06-01 13:48:42.945118 7f4a4fead700 3 mds.4.server handle_client_session client_session(request_renewcaps seq 25093) v1 from client.12429099 -1765>
2020-06-01 13:48:42.945126 7f4a4fead700 1 -- 100.97.140.48:6821/2734156667 --> 10.220.189.19:0/1805309661 -- client_session(renewcaps seq 25093) v2 -- 0x7f4a672a2400 con 0 -1764>
