2020-06-01 13:49:22.132678 7f4a52627700 0 -- 100.97.140.48:6821/2734156667 >> 10.220.189.55:0/1692501852 conn(0x7f4a60e87800 :6821 s=STATE_ACCEPTING_WAIT_CONNECT_MSG_AUTH pgs=0 cs=0 l=0).handle_connect_msg accept we reset (peer sent cseq 2), sending RESETSESSION
2020-06-01 13:49:22.135400 7f4a52627700 -1 *** Caught signal (Segmentation fault) ** in thread 7f4a52627700 thread_name:msgr-worker-1 ceph version 12.2.4 (52085d5249a80c5f5121a76d6288429f35e4e77b) luminous (stable) 1: (()+0x59c8c1) [0x7f4a575bc8c1] 2: (()+0xf5e0) [0x7f4a551075e0] 3: (ceph::buffer::ptr::c_str()+0x23) [0x7f4a575bea83] 4: (AsyncConnection::_process_connection()+0x1779) [0x7f4a5791f5a9] 5: (AsyncConnection::process()+0x768) [0x7f4a57923538] 6: (EventCenter::process_events(int, std::chrono::duration >*)+0x359) [0x7f4a57693ef9] 7: (()+0x676abe) [0x7f4a57696abe] 8: (()+0xb52b0) [0x7f4a54a7a2b0] 9: (()+0x7e25) [0x7f4a550ffe25] 10: (clone()+0x6d) [0x7f4a541e234d] NOTE: a copy of the executable, or `objdump -rdS ` is needed to interpret this. --- begin dump of recent events --- -3605>
2020-06-01 13:48:01.507511 7f4a4fead700 1 -- 100.97.140.48:6821/2734156667 --> 10.220.189.18:0/3998647570 -- client_session(renewcaps seq 29701) v2 -- 0x7f4a672a2640 con 0 -3604>
2020-06-01 13:48:01.563526 7f4a52627700 5 -- 100.97.140.48:6821/2734156667 >> 10.220.189.55:0/1692501852 conn(0x7f4a63951000 :6821 s=STATE_OPEN_MESSAGE_READ_FOOTER_AND_DISPATCH pgs=8 cs=1 l=0). rx client.12641758 seq 14 0x7f4a672a2640 client_session(request_renewcaps seq 13) v1 -3603>
2020-06-01 13:48:01.563553 7f4a4fead700 1 -- 100.97.140.48:6821/2734156667 <== client.12641758 10.220.189.55:0/1692501852 14 ==== client_session(request_renewcaps seq 13) v1 ==== 28+0+0 (453336355 0 0) 0x7f4a672a2640 con 0x7f4a63951000 -3602>
2020-06-01 13:48:01.563570 7f4a4fead700 3 mds.4.server handle_client_session client_session(request_renewcaps seq 13) v1 from client.12641758 -3601>
2020-06-01 13:48:01.563577 7f4a4fead700 1 -- 100.97.140.48:6821/2734156667 --> 10.220.189.55:0/1692501852 -- client_session(renewcaps seq 13) v2 -- 0x7f4a652ad180 con 0 -3600>
2020-06-01 13:48:01.565053 7f4a52e28700 5 -- 100.97.140.48:6821/2734156667 >> 10.220.189.55:0/974430418 conn(0x7f4a65ed7000 :6821 s=STATE_OPEN_MESSAGE_READ_FOOTER_AND_DISPATCH pgs=9 cs=1 l=0). rx client.12642387 seq 14 0x7f4a672a8240 client_session(request_renewcaps seq 13) v1 -3599>
2020-06-01 13:48:01.565076 7f4a4fead700 1 -- 100.97.140.48:6821/2734156667 <== client.12642387 10.220.189.55:0/974430418 14 ==== client_session(request_renewcaps seq 13) v1 ==== 28+0+0 (453336355 0 0) 0x7f4a672a8240 con 0x7f4a65ed7000 -3598>
2020-06-01 13:48:01.565094 7f4a4fead700 3 mds.4.server handle_client_session client_session(request_renewcaps seq 13) v1 from client.12642387 -3597>
2020-06-01 13:48:01.565100 7f4a4fead700 1 -- 100.97.140.48:6821/2734156667 --> 10.220.189.55:0/974430418 -- client_session(renewcaps seq 13) v2 -- 0x7f4a672a2640 con 0 -3596>
2020-06-01 13:48:01.623736 7f4a52e28700 5 -- 100.97.140.48:6821/2734156667 >> 10.220.189.36:0/3273763026 conn(0x7f4a60e35800 :6821 s=STATE_OPEN_MESSAGE_READ_FOOTER_AND_DISPATCH pgs=195 cs=1 l=0). rx client.12470489 seq 12621 0x7f4a672a2640 client_session(request_renewcaps seq 20443) v1 -3595>
2020-06-01 13:48:01.623764 7f4a4fead700 1 -- 100.97.140.48:6821/2734156667 <== client.12470489 10.220.189.36:0/3273763026 12621 ==== client_session(request_renewcaps seq 20443) v1 ==== 28+0+0 (3521023578 0 0) 0x7f4a672a2640 con 0x7f4a60e35800 -3594>
2020-06-01 13:48:01.623782 7f4a4fead700 3 mds.4.server handle_client_session client_session(request_renewcaps seq 20443) v1 from client.12470489 -3593>
2020-06-01 13:48:01.623788 7f4a4fead700 1 -- 100.97.140.48:6821/2734156667 --> 10.220.189.36:0/3273763026 -- client_session(renewcaps seq 20443) v2 -- 0x7f4a672a8240 con 0 -3592>
2020-06-01 13:48:01.853691 7f4a52627700 5 -- 100.97.140.48:6821/2734156667 >> 10.220.189.44:0/551508142 conn(0x7f4a61532800 :6821 s=STATE_OPEN_MESSAGE_READ_FOOTER_AND_DISPATCH pgs=464436 cs=1 l=0). rx client.10012177 seq 12621 0x7f4a652ad180 client_session(request_renewcaps seq 297361) v1 -3591>
2020-06-01 13:48:01.853740 7f4a4fead700 1 -- 100.97.140.48:6821/2734156667 <== client.10012177 10.220.189.44:0/551508142 12621 ==== client_session(request_renewcaps seq 297361) v1 ==== 28+0+0 (139079243 0 0) 0x7f4a652ad180 con 0x7f4a61532800 -3590>
2020-06-01 13:48:01.853765 7f4a4fead700 3 mds.4.server handle_client_session client_session(request_renewcaps seq 297361) v1 from client.10012177 -3589>
2020-06-01 13:48:01.853775 7f4a4fead700 1 -- 100.97.140.48:6821/2734156667 --> 10.220.189.44:0/551508142 -- client_session(renewcaps seq 297361) v2 -- 0x7f4a672a2640 con 0 -3588>
2020-06-01 13:48:01.857800 7f4a51e26700 5 -- 100.97.140.48:6821/2734156667 >> 10.220.189.31:0/768711405 conn(0x7f4a60e38800 :6821 s=STATE_OPEN_MESSAGE_READ_FOOTER_AND_DISPATCH pgs=335 cs=1 l=0). rx client.12466526 seq 12621 0x7f4a672a2400 client_session(request_renewcaps seq 19686) v1 -3587>
2020-06-01 13:48:01.857827 7f4a4fead700 1 -- 100.97.140.48:6821/2734156667 <== client.12466526 10.220.189.31:0/768711405 12621 ==== client_session(request_renewcaps seq 19686) v1 ==== 28+0+0 (1546680447 0 0) 0x7f4a672a2400 con 0x7f4a60e38800 -3586>
2020-06-01 13:48:01.857843 7f4a4fead700 3 mds.4.server handle_client_session client_session(request_renewcaps seq 19686) v1 from client.12466526 -3585>
2020-06-01 13:48:01.857848 7f4a4fead700 1 -- 100.97.140.48:6821/2734156667 --> 10.220.189.31:0/768711405 -- client_session(renewcaps seq 19686) v2 -- 0x7f4a652ad180 con 0 -3584>
2020-06-01 13:48:02.042581 7f4a52e28700 5 -- 100.97.140.48:6821/2734156667 >> 10.221.11.161:0/533875537 conn(0x7f4a61434000 :6821 s=STATE_OPEN_MESSAGE_READ_FOOTER_AND_DISPATCH pgs=3456142 cs=1 l=0). rx client.3883476 seq 12620 0x7f4a672a8240 client_session(request_renewcaps seq 1014665) v1 -3583>
2020-06-01 13:48:02.042646 7f4a4fead700 1 -- 100.97.140.48:6821/2734156667 <== client.3883476 10.221.11.161:0/533875537 12620 ==== client_session(request_renewcaps seq 1014665) v1 ==== 28+0+0 (1575850389 0 0) 0x7f4a672a8240 con 0x7f4a61434000 -3582>
2020-06-01 13:48:02.042672 7f4a4fead700 3 mds.4.server handle_client_session client_session(request_renewcaps seq 1014665) v1 from client.3883476 -3581>
2020-06-01 13:48:02.042681 7f4a4fead700 1 -- 100.97.140.48:6821/2734156667 --> 10.221.11.161:0/533875537 -- client_session(renewcaps seq 1014665) v2 -- 0x7f4a672a2400 con 0 -3580>
2020-06-01 13:48:02.180433 7f4a52e28700 5 -- 100.97.140.48:6821/2734156667 >> 10.220.189.16:0/2327457644 conn(0x7f4a61408000 :6821 s=STATE_OPEN_MESSAGE_READ_FOOTER_AND_DISPATCH pgs=442743 cs=1 l=0). rx client.11393922 seq 12621 0x7f4a672a2400 client_session(request_renewcaps seq 140687) v1 -3579>
2020-06-01 13:48:02.180480 7f4a4fead700 1 -- 100.97.140.48:6821/2734156667 <== client.11393922 10.220.189.16:0/2327457644 12621 ==== client_session(request_renewcaps seq 140687) v1 ==== 28+0+0 (3333442365 0 0) 0x7f4a672a2400 con 0x7f4a61408000 -3578>
2020-06-01 13:48:02.180514 7f4a4fead700 3 mds.4.server handle_client_session client_session(request_renewcaps seq 140687) v1 from client.11393922 -3577>
2020-06-01 13:48:02.180523 7f4a4fead700 1 -- 100.97.140.48:6821/2734156667 --> 10.220.189.16:0/2327457644 -- client_session(renewcaps seq 140687) v2 -- 0x7f4a672a8240 con 0 -3576>
2020-06-01 13:48:02.317828 7f4a52e28700 5 -- 100.97.140.48:6821/2734156667 >> 10.220.189.50:0/1445953529 conn(0x7f4a6140c800 :6821 s=STATE_OPEN_MESSAGE_READ_FOOTER_AND_DISPATCH pgs=1384999 cs=1 l=0). rx client.9162393 seq 12621 0x7f4a672a8240 client_session(request_renewcaps seq 393592) v1 -3575>
2020-06-01 13:48:02.317877 7f4a4fead700 1 -- 100.97.140.48:6821/2734156667 <== client.9162393 10.220.189.50:0/1445953529 12621 ==== client_session(request_renewcaps seq 393592) v1 ==== 28+0+0 (1837834100 0 0) 0x7f4a672a8240 con 0x7f4a6140c800 -3574>
2020-06-01 13:48:02.317902 7f4a4fead700 3 mds.4.server handle_client_session client_session(request_renewcaps seq 393592) v1 from client.9162393 -3573>
2020-06-01 13:48:02.317911 7f4a4fead700 1 -- 100.97.140.48:6821/2734156667 --> 10.220.189.50:0/1445953529 -- client_session(renewcaps seq 393592) v2 -- 0x7f4a672a2400 con 0 -3572>
2020-06-01 13:48:02.345683 7f4a4cea7700 10 monclient: _send_mon_message to mon.TX-97-140-59 at 100.97.140.59:6789/0 -3571>
2020-06-01 13:48:02.345696 7f4a4cea7700 1 -- 100.97.140.48:6821/2734156667 --> 100.97.140.59:6789/0 -- mdsbeacon(12541229/TX-97-140-48 up:active seq 63100 v415) v7 -- 0x7f4a672ff400 con 0 -3570>
2020-06-01 13:48:02.346680 7f4a52627700 5 -- 100.97.140.48:6821/2734156667 >> 100.97.140.59:6789/0 conn(0x7f4a60a43000 :-1 s=STATE_OPEN_MESSAGE_READ_FOOTER_AND_DISPATCH pgs=2504874 cs=1 l=1). rx mon.4 seq 63301 0x7f4a672ff400 mdsbeacon(12541229/TX-97-140-48 up:active seq 63100 v415) v7 -3569>
2020-06-01 13:48:02.346707 7f4a4fead700 1 -- 100.97.140.48:6821/2734156667 <== mon.4 100.97.140.59:6789/0 63301 ==== mdsbeacon(12541229/TX-97-140-48 up:active seq 63100 v415) v7 ==== 137+0+0 (3090048444 0 0) 0x7f4a672ff400 con 0x7f4a60a43000 -3568>
2020-06-01 13:48:02.389419 7f4a52e28700 5 -- 100.97.140.48:6821/2734156667 >> 10.220.189.44:0/2145716203 conn(0x7f4a61565800 :6821 s=STATE_OPEN_MESSAGE_READ_FOOTER_AND_DISPATCH pgs=570212 cs=1 l=0). rx client.11155423 seq 12621 0x7f4a672a2400 client_session(request_renewcaps seq 168020) v1 -3567>
2020-06-01 13:48:02.389445 7f4a4fead700 1 -- 100.97.140.48:6821/2734156667 <== client.11155423 10.220.189.44:0/2145716203 12621 ==== client_session(request_renewcaps seq 168020) v1 ==== 28+0+0 (724416504 0 0) 0x7f4a672a2400 con 0x7f4a61565800 -3566>
2020-06-01 13:48:02.389464 7f4a4fead700 3 mds.4.server handle_client_session client_session(request_renewcaps seq 168020) v1 from client.11155423 -3565>
2020-06-01 13:48:02.389470 7f4a4fead700 1 -- 100.97.140.48:6821/2734156667 --> 10.220.189.44:0/2145716203 -- client_session(renewcaps seq 168020) v2 -- 0x7f4a672a8240 con 0 -3564>
2020-06-01 13:48:02.687870 7f4a51e26700 5 -- 100.97.140.48:6821/2734156667 >> 10.220.189.56:0/307203688 conn(0x7f4a6141c000 :6821 s=STATE_OPEN_MESSAGE_READ_FOOTER_AND_DISPATCH pgs=1385837 cs=1 l=0). rx client.9162398 seq 12621 0x7f4a652ad180 client_session(request_renewcaps seq 393588) v1 -3563>
2020-06-01 13:48:02.687919 7f4a4fead700 1 -- 100.97.140.48:6821/2734156667 <== client.9162398 10.220.189.56:0/307203688 12621 ==== client_session(request_renewcaps seq 393588) v1 ==== 28+0+0 (1330594283 0 0) 0x7f4a652ad180 con 0x7f4a6141c000 -3562>
2020-06-01 13:48:02.687944 7f4a4fead700 3 mds.4.server handle_client_session client_session(request_renewcaps seq 393588) v1 from client.9162398 -3561>
2020-06-01 13:48:02.687953 7f4a4fead700 1 -- 100.97.140.48:6821/2734156667 --> 10.220.189.56:0/307203688 -- client_session(renewcaps seq 393588) v2 -- 0x7f4a672a2400 con 0 -3560>
2020-06-01 13:48:02.874387 7f4a52627700 5 -- 100.97.140.48:6821/2734156667 >> 10.220.189.39:0/3806988067 conn(0x7f4a61401000 :6821 s=STATE_OPEN_MESSAGE_READ_FOOTER_AND_DISPATCH pgs=378160 cs=1 l=0). rx client.9169378 seq 12621 0x7f4a672a2640 client_session(request_renewcaps seq 392797) v1 -3559>
2020-06-01 13:48:02.874436 7f4a4fead700 1 -- 100.97.140.48:6821/2734156667 <== client.9169378 10.220.189.39:0/3806988067 12621 ==== client_session(request_renewcaps seq 392797) v1 ==== 28+0+0 (3340403327 0 0) 0x7f4a672a2640 con 0x7f4a61401000 -3558>
2020-06-01 13:48:02.874462 7f4a4fead700 3 mds.4.server handle_client_session client_session(request_renewcaps seq 392797) v1 from client.9169378 -3557>
2020-06-01 13:48:02.874472 7f4a4fead700 1 -- 100.97.140.48:6821/2734156667 --> 10.220.189.39:0/3806988067 -- client_session(renewcaps seq 392797) v2 -- 0x7f4a652ad180 con 0 -3556>
2020-06-01 13:48:02.942620 7f4a51e26700 5 -- 100.97.140.48:6821/2734156667 >> 10.220.189.19:0/1805309661 conn(0x7f4a60dfe000 :6821 s=STATE_OPEN_MESSAGE_READ_FOOTER_AND_DISPATCH pgs=41278 cs=1 l=0). rx client.12429099 seq 12622 0x7f4a672a2400 client_session(request_renewcaps seq 25091) v1 -3555>
2020-06-01 13:48:02.942667 7f4a4fead700 1 -- 100.97.140.48:6821/2734156667 <== client.12429099 10.220.189.19:0/1805309661 12622 ==== client_session(request_renewcaps seq 25091) v1 ==== 28+0+0 (1030024482 0 0) 0x7f4a672a2400 con 0x7f4a60dfe000 -3554>
2020-06-01 13:48:02.942692 7f4a4fead700 3 mds.4.server handle_client_session client_session(request_renewcaps seq 25091) v1 from client.12429099 -3553>
2020-06-01 13:48:02.942700 7f4a4fead700 1 -- 100.97.140.48:6821/2734156667 --> 10.220.189.19:0/1805309661 -- client_session(renewcaps seq 25091) v2 -- 0x7f4a672a2640 con 0 -3552>
2020-06-01 13:48:03.000216 7f4a51e26700 5 -- 100.97.140.48:6821/2734156667 >> 10.220.189.48:0/3968320038 conn(0x7f4a61531000 :6821 s=STATE_OPEN_MESSAGE_READ_FOOTER_AND_DISPATCH pgs=2107100 cs=1 l=0). rx client.10630391 seq 15250 0x7f4a672a2640 client_session(request_renewcaps seq 275026) -3551>
2020-06-01 13:48:03.000243 7f4a4fead700 1 -- 100.97.140.48:6821/2734156667 <== client.10630391 10.220.189.48:0/3968320038 15250 ==== client_session(request_renewcaps seq 275026) ==== 28+0+0 (910948083 0 0) 0x7f4a672a2640 con 0x7f4a61531000 -3550>
2020-06-01 13:48:03.000261 7f4a4fead700 3 mds.4.server handle_client_session client_session(request_renewcaps seq 275026) from client.10630391 -3549>
2020-06-01 13:48:03.000270 7f4a4fead700 1 -- 100.97.140.48:6821/2734156667 --> 10.220.189.48:0/3968320038 -- client_session(renewcaps seq 275026) v2 -- 0x7f4a672a2400 con 0 -3548>
2020-06-01 13:48:03.000822 7f4a52e28700 5 -- 100.97.140.48:6821/2734156667 >> 10.220.189.48:0/556421320 conn(0x7f4a60e86000 :6821 s=STATE_OPEN_MESSAGE_READ_FOOTER_AND_DISPATCH pgs=28514 cs=1 l=0). rx client.10630401 seq 15250 0x7f4a672a8240 client_session(request_renewcaps seq 275026) -3547>
2020-06-01 13:48:03.000847 7f4a4fead700 1 -- 100.97.140.48:6821/2734156667 <== client.10630401 10.220.189.48:0/556421320 15250 ==== client_session(request_renewcaps seq 275026) ==== 28+0+0 (4143548274 0 0) 0x7f4a672a8240 con 0x7f4a60e86000 -3546>
2020-06-01 13:48:03.000856 7f4a4fead700 3 mds.4.server handle_client_session client_session(request_renewcaps seq 275026) from client.10630401 -3545>
2020-06-01 13:48:03.000861 7f4a4fead700 1 -- 100.97.140.48:6821/2734156667 --> 10.220.189.48:0/556421320 -- client_session(renewcaps seq 275026) v2 -- 0x7f4a672a2640 con 0 -3544>
2020-06-01 13:48:03.032190 7f4a51e26700 5 -- 100.97.140.48:6821/2734156667 >> 10.220.189.44:0/2725550367 conn(0x7f4a61577800 :6821 s=STATE_OPEN_MESSAGE_READ_FOOTER_AND_DISPATCH pgs=235991 cs=1 l=0). rx client.10355245 seq 12621 0x7f4a672a8480 client_session(request_renewcaps seq 259425) v1 -3543>
2020-06-01 13:48:03.032216 7f4a4fead700 1 -- 100.97.140.48:6821/2734156667 <== client.10355245 10.220.189.44:0/2725550367 12621 ==== client_session(request_renewcaps seq 259425) v1 ==== 28+0+0 (2642459982 0 0) 0x7f4a672a8480 con 0x7f4a61577800 -3542>
2020-06-01 13:48:03.032233 7f4a4fead700 3 mds.4.server handle_client_session client_session(request_renewcaps seq 259425) v1 from client.10355245 -3541>
2020-06-01 13:48:03.032239 7f4a4fead700 1 -- 100.97.140.48:6821/2734156667 --> 10.220.189.44:0/2725550367 -- client_session(renewcaps seq 259425) v2 -- 0x7f4a672a8240 con 0 -3540>
2020-06-01 13:48:03.491107 7f4a52e28700 5 -- 100.97.140.48:6821/2734156667 >> 10.220.189.26:0/1338026786 conn(0x7f4a60bf1000 :6821 s=STATE_OPEN_MESSAGE_READ_FOOTER_AND_DISPATCH pgs=28 cs=1 l=0). rx client.10625920 seq 12621 0x7f4a672a2640 client_session(request_renewcaps seq 228686) v1 -3539>
2020-06-01 13:48:03.491155 7f4a4fead700 1 -- 100.97.140.48:6821/2734156667 <== client.10625920 10.220.189.26:0/1338026786 12621 ==== client_session(request_renewcaps seq 228686) v1 ==== 28+0+0 (4100145468 0 0) 0x7f4a672a2640 con 0x7f4a60bf1000 -3538>
2020-06-01 13:48:03.491180 7f4a4fead700 3 mds.4.server handle_client_session client_session(request_renewcaps seq 228686) v1 from client.10625920 -3537>
2020-06-01 13:48:03.491189 7f4a4fead700 1 -- 100.97.140.48:6821/2734156667 --> 10.220.189.26:0/1338026786 -- client_session(renewcaps seq 228686) v2 -- 0x7f4a672a8480 con 0 -3536>
2020-06-01 13:48:03.505503 7f4a52627700 5 -- 100.97.140.48:6821/2734156667 >> 10.220.189.45:0/3046312250 conn(0x7f4a61579000 :6821 s=STATE_OPEN_MESSAGE_READ_FOOTER_AND_DISPATCH pgs=222915 cs=1 l=0). rx client.12005004 seq 12621 0x7f4a652ad180 client_session(request_renewcaps seq 73133) v1 -3535>
2020-06-01 13:48:03.505528 7f4a4fead700 1 -- 100.97.140.48:6821/2734156667 <== client.12005004 10.220.189.45:0/3046312250 12621 ==== client_session(request_renewcaps seq 73133) v1 ==== 28+0+0 (807545377 0 0) 0x7f4a652ad180 con 0x7f4a61579000 -3534>
2020-06-01 13:48:03.505540 7f4a4fead700 3 mds.4.server handle_client_session client_session(request_renewcaps seq 73133) v1 from client.12005004 -3533>
2020-06-01 13:48:03.505546 7f4a4fead700 1 -- 100.97.140.48:6821/2734156667 --> 10.220.189.45:0/3046312250 -- client_session(renewcaps seq 73133) v2 -- 0x7f4a672a2640 con 0 -3532>
2020-06-01 13:48:03.507251 7f4a52e28700 5 -- 100.97.140.48:6821/2734156667 >> 10.220.189.15:0/390352979 conn(0x7f4a60d96000 :6821 s=STATE_OPEN_MESSAGE_READ_FOOTER_AND_DISPATCH pgs=275595 cs=1 l=0). rx client.11850909 seq 12626 0x7f4a672a8480 client_session(request_renewcaps seq 90268) v1 -3531>
2020-06-01 13:48:03.507276 7f4a4fead700 1 -- 100.97.140.48:6821/2734156667 <== client.11850909 10.220.189.15:0/390352979 12626 ==== client_session(request_renewcaps seq 90268) v1 ==== 28+0+0 (3698094205 0 0) 0x7f4a672a8480 con 0x7f4a60d96000 -3530>
2020-06-01 13:48:03.507285 7f4a4fead700 3 mds.4.server handle_client_session client_session(request_renewcaps seq 90268) v1 from client.11850909 -3529>
2020-06-01 13:48:03.507290 7f4a4fead700 1 -- 100.97.140.48:6821/2734156667 --> 10.220.189.15:0/390352979 -- client_session(renewcaps seq 90268) v2 -- 0x7f4a652ad180 con 0 -3528>
2020-06-01 13:48:03.509602 7f4a52e28700 5 -- 100.97.140.48:6821/2734156667 >> 10.220.189.18:0/490149428 conn(0x7f4a616ac000 :6821 s=STATE_OPEN_MESSAGE_READ_FOOTER_AND_DISPATCH pgs=46266 cs=1 l=0). rx client.12377847 seq 12623 0x7f4a652ad180 client_session(request_renewcaps seq 29618) v1 -3527>
2020-06-01 13:48:03.509621 7f4a4fead700 1 -- 100.97.140.48:6821/2734156667 <== client.12377847 10.220.189.18:0/490149428 12623 ==== client_session(request_renewcaps seq 29618) v1 ==== 28+0+0 (129638051 0 0) 0x7f4a652ad180 con 0x7f4a616ac000 -3526>
2020-06-01 13:48:03.509631 7f4a4fead700 3 mds.4.server handle_client_session client_session(request_renewcaps seq 29618) v1 from client.12377847 -3525>
2020-06-01 13:48:03.509633 7f4a4fead700 1 -- 100.97.140.48:6821/2734156667 --> 10.220.189.18:0/490149428 -- client_session(renewcaps seq 29618) v2 -- 0x7f4a672a8480 con 0 -3524>
2020-06-01 13:48:04.313413 7f4a52627700 5 -- 100.97.140.48:6821/2734156667 >> 10.220.87.171:0/844521640 conn(0x7f4a61409800 :6821 s=STATE_OPEN_MESSAGE_READ_FOOTER_AND_DISPATCH pgs=3445020 cs=1 l=0). rx client.3881273 seq 12621 0x7f4a672a2640 client_session(request_renewcaps seq 1014671) v1 -3523>
2020-06-01 13:48:04.313461 7f4a4fead700 1 -- 100.97.140.48:6821/2734156667 <== client.3881273 10.220.87.171:0/844521640 12621 ==== client_session(request_renewcaps seq 1014671) v1 ==== 28+0+0 (3464070562 0 0) 0x7f4a672a2640 con 0x7f4a61409800 -3522>
2020-06-01 13:48:04.313487 7f4a4fead700 3 mds.4.server handle_client_session client_session(request_renewcaps seq 1014671) v1 from client.3881273 -3521>
2020-06-01 13:48:04.313501 7f4a4fead700 1 -- 100.97.140.48:6821/2734156667 --> 10.220.87.171:0/844521640 -- client_session(renewcaps seq 1014671) v2 -- 0x7f4a652ad180 con 0 -3520>
2020-06-01 13:48:04.318686 7f4a51e26700 5 -- 100.97.140.48:6821/2734156667 >> 10.220.189.26:0/4240916421 conn(0x7f4a615f9800 :6821 s=STATE_OPEN_MESSAGE_READ_FOOTER_AND_DISPATCH pgs=16 cs=1 l=0). rx client.12535760 seq 12621 0x7f4a672a2400 client_session(request_renewcaps seq 12895) v1 -3519>
2020-06-01 13:48:04.318708 7f4a4fead700 1 -- 100.97.140.48:6821/2734156667 <== client.12535760 10.220.189.26:0/4240916421 12621 ==== client_session(request_renewcaps seq 12895) v1 ==== 28+0+0 (3569382194 0 0) 0x7f4a672a2400 con 0x7f4a615f9800 -3518>
2020-06-01 13:48:04.318720 7f4a4fead700 3 mds.4.server handle_client_session client_session(request_renewcaps seq 12895) v1 from client.12535760 -3517>
2020-06-01 13:48:04.318725 7f4a4fead700 1 -- 100.97.140.48:6821/2734156667 --> 10.220.189.26:0/4240916421 -- client_session(renewcaps seq 12895) v2 -- 0x7f4a672a2640 con 0 -3516>
2020-06-01 13:48:04.529741 7f4a506ae700 5 asok(0x7f4a608301c0) AdminSocket: request 'get_command_descriptions' '' to 0x7f4a607fc210 returned 4711 bytes -3515>
2020-06-01 13:48:04.553075 7f4a506ae700 1 do_command 'perf dump' ' -3514>
2020-06-01 13:48:04.553282 7f4a506ae700 1 do_command 'perf dump' 'result is 9143 bytes -3513>
2020-06-01 13:48:04.553286 7f4a506ae700 5 asok(0x7f4a608301c0) AdminSocket: request 'perf dump' '' to 0x7f4a607fc040 returned 9143 bytes -3512>
2020-06-01 13:48:04.693469 7f4a52627700 5 -- 100.97.140.48:6821/2734156667 >> 10.220.189.17:0/3263787529 conn(0x7f4a60dd1800 :6821 s=STATE_OPEN_MESSAGE_READ_FOOTER_AND_DISPATCH pgs=168 cs=1 l=0). rx client.12496260 seq 12621 0x7f4a652ad180 client_session(request_renewcaps seq 17252) v1 -3511>
2020-06-01 13:48:04.693519 7f4a4fead700 1 -- 100.97.140.48:6821/2734156667 <== client.12496260 10.220.189.17:0/3263787529 12621 ==== client_session(request_renewcaps seq 17252) v1 ==== 28+0+0 (4225158916 0 0) 0x7f4a652ad180 con 0x7f4a60dd1800 -3510>
2020-06-01 13:48:04.693545 7f4a4fead700 3 mds.4.server handle_client_session client_session(request_renewcaps seq 17252) v1 from client.12496260 -3509>
2020-06-01 13:48:04.693555 7f4a4fead700 1 -- 100.97.140.48:6821/2734156667 --> 10.220.189.17:0/3263787529 -- client_session(renewcaps seq 17252) v2 -- 0x7f4a672a2400 con 0 -3508>
2020-06-01 13:48:04.840831 7f4a52627700 5 -- 100.97.140.48:6821/2734156667 >> 10.220.199.8:0/295837554 conn(0x7f4a615fb000 :6821 s=STATE_OPEN_MESSAGE_READ_FOOTER_AND_DISPATCH pgs=6 cs=1 l=0). rx client.12050814 seq 15250 0x7f4a672a2400 client_session(request_renewcaps seq 82149) -3507>
2020-06-01 13:48:04.840859 7f4a4fead700 1 -- 100.97.140.48:6821/2734156667 <== client.12050814 10.220.199.8:0/295837554 15250 ==== client_session(request_renewcaps seq 82149) ==== 28+0+0 (4292308631 0 0) 0x7f4a672a2400 con 0x7f4a615fb000 -3506>
2020-06-01 13:48:04.840881 7f4a4fead700 3 mds.4.server handle_client_session client_session(request_renewcaps seq 82149) from client.12050814 -3505>
2020-06-01 13:48:04.840888 7f4a4fead700 1 -- 100.97.140.48:6821/2734156667 --> 10.220.199.8:0/295837554 -- client_session(renewcaps seq 82149) v2 -- 0x7f4a652ad180 con 0 -3504>
2020-06-01 13:48:05.095721 7f4a4eeab700 10 monclient: tick -3503>
2020-06-01 13:48:05.095736 7f4a4eeab700 10 monclient: _check_auth_rotating have uptodate secrets (they expire after
2020-06-01 13:47:35.095734) -3502>
2020-06-01 13:48:05.096278 7f4a4d6a8700 2 mds.4.cache check_memory_usage total 509144, rss 128824, heap 16888, baseline 16888, buffers 0, 0 / 39 inodes have caps, 0 caps, 0 caps per inode -3501>
2020-06-01 13:48:05.096351 7f4a51e26700 5 -- 100.97.140.48:6821/2734156667 >> 10.220.189.29:0/3971196822 conn(0x7f4a61653000 :6821 s=STATE_OPEN_MESSAGE_READ_FOOTER_AND_DISPATCH pgs=163128 cs=1 l=0). rx client.12119051 seq 12621 0x7f4a672a2640 client_session(request_renewcaps seq 58805) v1 -3500>
2020-06-01 13:48:05.096388 7f4a4fead700 1 -- 100.97.140.48:6821/2734156667 <== client.12119051 10.220.189.29:0/3971196822 12621 ==== client_session(request_renewcaps seq 58805) v1 ==== 28+0+0 (2111122038 0 0) 0x7f4a672a2640 con 0x7f4a61653000 -3499>
2020-06-01 13:48:05.096449 7f4a4fead700 3 mds.4.server handle_client_session client_session(request_renewcaps seq 58805) v1 from client.12119051 -3498>
2020-06-01 13:48:05.096458 7f4a4fead700 1 -- 100.97.140.48:6821/2734156667 --> 10.220.189.29:0/3971196822 -- client_session(renewcaps seq 58805) v2 -- 0x7f4a672a2400 con 0 -3497>
2020-06-01 13:48:05.334905 7f4a52627700 5 -- 100.97.140.48:6821/2734156667 >> 10.240.90.205:0/637664608 conn(0x7f4a615dc000 :6821 s=STATE_OPEN_MESSAGE_READ_FOOTER_AND_DISPATCH pgs=3032211 cs=1 l=0). rx client.4629798 seq 12621 0x7f4a652ad180 client_session(request_renewcaps seq 860280) v1 -3496>
2020-06-01 13:48:05.334951 7f4a4fead700 1 -- 100.97.140.48:6821/2734156667 <== client.4629798 10.240.90.205:0/637664608 12621 ==== client_session(request_renewcaps seq 860280) v1 ==== 28+0+0 (2657469052 0 0) 0x7f4a652ad180 con 0x7f4a615dc000 -3495>
2020-06-01 13:48:05.334977 7f4a4fead700 3 mds.4.server handle_client_session client_session(request_renewcaps seq 860280) v1 from client.4629798 -3494>
2020-06-01 13:48:05.334986 7f4a4fead700 1 -- 100.97.140.48:6821/2734156667 --> 10.240.90.205:0/637664608 -- client_session(renewcaps seq 860280) v2 -- 0x7f4a672a2640 con 0 -3493>
2020-06-01 13:48:05.339101 7f4a4dea9700 1 -- 100.97.140.48:6821/2734156667 --> 100.97.140.48:6820/2345 -- mgrreport(unknown.TX-97-140-48 +0-0 packed 214) v5 -- 0x7f4a624acb00 con 0 -3492>
2020-06-01 13:48:05.402428 7f4a51e26700 5 -- 100.97.140.48:6821/2734156667 >> 10.220.189.14:0/2939900705 conn(0x7f4a60e70000 :6821 s=STATE_OPEN_MESSAGE_READ_FOOTER_AND_DISPATCH pgs=170 cs=1 l=0). rx client.12488361 seq 12621 0x7f4a672a2400 client_session(request_renewcaps seq 17252) v1 -3491>
2020-06-01 13:48:05.402476 7f4a4fead700 1 -- 100.97.140.48:6821/2734156667 <== client.12488361 10.220.189.14:0/2939900705 12621 ==== client_session(request_renewcaps seq 17252) v1 ==== 28+0+0 (4225158916 0 0) 0x7f4a672a2400 con 0x7f4a60e70000 -3490>
2020-06-01 13:48:05.402509 7f4a4fead700 3 mds.4.server handle_client_session client_session(request_renewcaps seq 17252) v1 from client.12488361 -3489>
2020-06-01 13:48:05.402518 7f4a4fead700 1 -- 100.97.140.48:6821/2734156667 --> 10.220.189.14:0/2939900705 -- client_session(renewcaps seq 17252) v2 -- 0x7f4a652ad180 con 0 -3488>
2020-06-01 13:48:05.453921 7f4a52e28700 5 -- 100.97.140.48:6821/2734156667 >> 10.240.105.171:0/2093041080 conn(0x7f4a60e8a800 :6821 s=STATE_OPEN_MESSAGE_READ_FOOTER_AND_DISPATCH pgs=507408 cs=1 l=0). rx client.10539328 seq 12621 0x7f4a672a8480 client_session(request_renewcaps seq 237893) v1 -3487>
2020-06-01 13:48:05.453952 7f4a4fead700 1 -- 100.97.140.48:6821/2734156667 <== client.10539328 10.240.105.171:0/2093041080 12621 ==== client_session(request_renewcaps seq 237893) v1 ==== 28+0+0 (4039223928 0 0) 0x7f4a672a8480 con 0x7f4a60e8a800 -3486>
2020-06-01 13:48:05.453971 7f4a4fead700 3 mds.4.server handle_client_session client_session(request_renewcaps seq 237893) v1 from client.10539328 -3485>
2020-06-01 13:48:05.453979 7f4a4fead700 1 -- 100.97.140.48:6821/2734156667 --> 10.240.105.171:0/2093041080 -- client_session(renewcaps seq 237893) v2 -- 0x7f4a672a2400 con 0 -3484>
2020-06-01 13:48:05.894153 7f4a52627700 5 -- 100.97.140.48:6821/2734156667 >> 10.220.189.46:0/103757562 conn(0x7f4a60dbd000 :6821 s=STATE_OPEN_MESSAGE_READ_FOOTER_AND_DISPATCH pgs=222915 cs=1 l=0). rx client.12005009 seq 12621 0x7f4a672a2640 client_session(request_renewcaps seq 73133) v1 -3483>
2020-06-01 13:48:05.894220 7f4a4fead700 1 -- 100.97.140.48:6821/2734156667 <== client.12005009 10.220.189.46:0/103757562 12621 ==== client_session(request_renewcaps seq 73133) v1 ==== 28+0+0 (807545377 0 0) 0x7f4a672a2640 con 0x7f4a60dbd000 -3482>
2020-06-01 13:48:05.894245 7f4a4fead700 3 mds.4.server handle_client_session client_session(request_renewcaps seq 73133) v1 from client.12005009 -3481>
2020-06-01 13:48:05.894254 7f4a4fead700 1 -- 100.97.140.48:6821/2734156667 --> 10.220.189.46:0/103757562 -- client_session(renewcaps seq 73133) v2 -- 0x7f4a672a8480 con 0 -3480>
2020-06-01 13:48:06.049181 7f4a51e26700 5 -- 100.97.140.48:6821/2734156667 >> 100.97.140.32:6820/1879232263 conn(0x7f4a60cec800 :6821 s=STATE_OPEN_MESSAGE_READ_FOOTER_AND_DISPATCH pgs=3423089 cs=1 l=0). rx mds.0 seq 320971 0x7f4a634992c0 gather_caps(0x10002a2cf74) v1 -3479>
2020-06-01 13:48:06.049218 7f4a4fead700 1 -- 100.97.140.48:6821/2734156667 <== mds.0 100.97.140.32:6820/1879232263 320971 ==== gather_caps(0x10002a2cf74) v1 ==== 8+0+0 (4184419736 0 0) 0x7f4a634992c0 con 0x7f4a60cec800 -3478>
2020-06-01 13:48:06.072782 7f4a52627700 5 -- 100.97.140.48:6821/2734156667 >> 10.220.189.48:0/3503841068 conn(0x7f4a6152f800 :6821 s=STATE_OPEN_MESSAGE_READ_FOOTER_AND_DISPATCH pgs=15473 cs=1 l=0). rx client.10592959 seq 15287 0x7f4a672a8480 client_session(request_renewcaps seq 281988) -3477>
2020-06-01 13:48:06.072809 7f4a4fead700 1 -- 100.97.140.48:6821/2734156667 <== client.10592959 10.220.189.48:0/3503841068 15287 ==== client_session(request_renewcaps seq 281988) ==== 28+0+0 (1301149905 0 0) 0x7f4a672a8480 con 0x7f4a6152f800 -3476>
2020-06-01 13:48:06.072827 7f4a4fead700 3 mds.4.server handle_client_session client_session(request_renewcaps seq 281988) from client.10592959 -3475>
2020-06-01 13:48:06.072835 7f4a4fead700 1 -- 100.97.140.48:6821/2734156667 --> 10.220.189.48:0/3503841068 -- client_session(renewcaps seq 281988) v2 -- 0x7f4a672a2640 con 0 -3474>
2020-06-01 13:48:06.258492 7f4a51e26700 5 -- 100.97.140.48:6821/2734156667 >> 100.97.140.32:6820/1879232263 conn(0x7f4a60cec800 :6821 s=STATE_OPEN_MESSAGE_READ_FOOTER_AND_DISPATCH pgs=3423089 cs=1 l=0). rx mds.0 seq 320972 0x7f4a61777980 HB magic: 0 v1 -3473>
2020-06-01 13:48:06.258543 7f4a4fead700 1 -- 100.97.140.48:6821/2734156667 <== mds.0 100.97.140.32:6820/1879232263 320972 ==== HB magic: 0 v1 ==== 358+0+0 (7413973 0 0) 0x7f4a61777980 con 0x7f4a60cec800 -3472>
2020-06-01 13:48:06.258636 7f4a4fead700 5 mds.4.bal mds.4 epoch 2811837 load mdsload<[0,0 0]/[0,0 0], req 0, hr 0, qlen 0, cpu 0.53> -3471>
2020-06-01 13:48:06.258659 7f4a4fead700 1 -- 100.97.140.48:6821/2734156667 _send_message--> mds.0 100.97.140.32:6820/1879232263 -- HB magic: 0 v1 -- ?+0 0x7f4a611ed700 -3470>
2020-06-01 13:48:06.258670 7f4a4fead700 1 -- 100.97.140.48:6821/2734156667 --> 100.97.140.32:6820/1879232263 -- HB magic: 0 v1 -- 0x7f4a611ed700 con 0 -3469>
2020-06-01 13:48:06.258686 7f4a4fead700 1 -- 100.97.140.48:6821/2734156667 _send_message--> mds.1 100.97.140.52:6820/390676609 -- HB magic: 0 v1 -- ?+0 0x7f4a6122cf80 -3468>
2020-06-01 13:48:06.258693 7f4a4fead700 1 -- 100.97.140.48:6821/2734156667 --> 100.97.140.52:6820/390676609 -- HB magic: 0 v1 -- 0x7f4a6122cf80 con 0 -3467>
2020-06-01 13:48:06.258708 7f4a4fead700 1 -- 100.97.140.48:6821/2734156667 _send_message--> mds.2 100.97.140.61:6820/557565904 -- HB magic: 0 v1 -- ?+0 0x7f4a6247bc00 -3466>
2020-06-01 13:48:06.258716 7f4a4fead700 1 -- 100.97.140.48:6821/2734156667 --> 100.97.140.61:6820/557565904 -- HB magic: 0 v1 -- 0x7f4a6247bc00 con 0 -3465>
2020-06-01 13:48:06.258726 7f4a4fead700 1 -- 100.97.140.48:6821/2734156667 _send_message--> mds.3 100.97.140.31:6820/2617382067 -- HB magic: 0 v1 -- ?+0 0x7f4a62455e00 -3464>
2020-06-01 13:48:06.258733 7f4a4fead700 1 -- 100.97.140.48:6821/2734156667 --> 100.97.140.31:6820/2617382067 -- HB magic: 0 v1 -- 0x7f4a62455e00 con 0 -3463>
2020-06-01 13:48:06.258745 7f4a4fead700 1 -- 100.97.140.48:6821/2734156667 _send_message--> mds.5 100.97.140.57:6820/168678367 -- HB magic: 0 v1 -- ?+0 0x7f4a61775e00 -3462>
2020-06-01 13:48:06.258752 7f4a4fead700 1 -- 100.97.140.48:6821/2734156667 --> 100.97.140.57:6820/168678367 -- HB magic: 0 v1 -- 0x7f4a61775e00 con 0 -3461>
2020-06-01 13:48:06.258761 7f4a4fead700 1 -- 100.97.140.48:6821/2734156667 _send_message--> mds.6 100.97.140.56:6820/1897498247 -- HB magic: 0 v1 -- ?+0 0x7f4a6255f980 -3460>
2020-06-01 13:48:06.258760 7f4a52e28700 5 -- 100.97.140.48:6821/2734156667 >> 100.97.140.31:6820/2617382067 conn(0x7f4a60ad3000 :-1 s=STATE_OPEN_MESSAGE_READ_FOOTER_AND_DISPATCH pgs=1752386 cs=1 l=0). rx mds.3 seq 25241 0x7f4a6247b480 HB magic: 0 v1 -3459>
2020-06-01 13:48:06.258769 7f4a4fead700 1 -- 100.97.140.48:6821/2734156667 --> 100.97.140.56:6820/1897498247 -- HB magic: 0 v1 -- 0x7f4a6255f980 con 0 -3458>
2020-06-01 13:48:06.258785 7f4a52627700 5 -- 100.97.140.48:6821/2734156667 >> 100.97.140.52:6820/390676609 conn(0x7f4a60b06800 :-1 s=STATE_OPEN_MESSAGE_READ_FOOTER_AND_DISPATCH pgs=1387905 cs=1 l=0). rx mds.1 seq 25246 0x7f4a6255cf00 HB magic: 0 v1 -3457>
2020-06-01 13:48:06.258794 7f4a4fead700 1 -- 100.97.140.48:6821/2734156667 _send_message--> mds.7 100.97.140.50:6820/2234244794 -- HB magic: 0 v1 -- ?+0 0x7f4a624d2300 -3456>
2020-06-01 13:48:06.258806 7f4a4fead700 1 -- 100.97.140.48:6821/2734156667 --> 100.97.140.50:6820/2234244794 -- HB magic: 0 v1 -- 0x7f4a624d2300 con 0 -3455>
2020-06-01 13:48:06.258826 7f4a4fead700 1 -- 100.97.140.48:6821/2734156667 <== mds.3 100.97.140.31:6820/2617382067 25241 ==== HB magic: 0 v1 ==== 366+0+0 (3110503341 0 0) 0x7f4a6247b480 con 0x7f4a60ad3000 -3454>
2020-06-01 13:48:06.258840 7f4a4fead700 1 -- 100.97.140.48:6821/2734156667 <== mds.1 100.97.140.52:6820/390676609 25246 ==== HB magic: 0 v1 ==== 366+0+0 (1043106129 0 0) 0x7f4a6255cf00 con 0x7f4a60b06800 -3453>
2020-06-01 13:48:06.258919 7f4a52627700 5 -- 100.97.140.48:6821/2734156667 >> 100.97.140.57:6820/168678367 conn(0x7f4a60ad4800 :-1 s=STATE_OPEN_MESSAGE_READ_FOOTER_AND_DISPATCH pgs=4866 cs=1 l=0). rx mds.5 seq 25241 0x7f4a61b07b80 HB magic: 0 v1 -3452>
2020-06-01 13:48:06.258938 7f4a4fead700 1 -- 100.97.140.48:6821/2734156667 <== mds.5 100.97.140.57:6820/168678367 25241 ==== HB magic: 0 v1 ==== 366+0+0 (3192485117 0 0) 0x7f4a61b07b80 con 0x7f4a60ad4800 -3451>
2020-06-01 13:48:06.258940 7f4a51e26700 5 -- 100.97.140.48:6821/2734156667 >> 100.97.140.56:6820/1897498247 conn(0x7f4a60bef800 :-1 s=STATE_OPEN_MESSAGE_READ_FOOTER_AND_DISPATCH pgs=208465 cs=1 l=0). rx mds.6 seq 25241 0x7f4a624d0000 HB magic: 0 v1 -3450>
2020-06-01 13:48:06.258949 7f4a52e28700 5 -- 100.97.140.48:6821/2734156667 >> 100.97.140.50:6820/2234244794 conn(0x7f4a60bee000 :-1 s=STATE_OPEN_MESSAGE_READ_FOOTER_AND_DISPATCH pgs=300173 cs=1 l=0). rx mds.7 seq 25241 0x7f4a62456800 HB magic: 0 v1 -3449>
2020-06-01 13:48:06.258963 7f4a4fead700 1 -- 100.97.140.48:6821/2734156667 <== mds.6 100.97.140.56:6820/1897498247 25241 ==== HB magic: 0 v1 ==== 358+0+0 (4001723324 0 0) 0x7f4a624d0000 con 0x7f4a60bef800 -3448>
2020-06-01 13:48:06.258979 7f4a51e26700 5 -- 100.97.140.48:6821/2734156667 >> 100.97.140.61:6820/557565904 conn(0x7f4a60ad1800 :-1 s=STATE_OPEN_MESSAGE_READ_FOOTER_AND_DISPATCH pgs=1620 cs=1 l=0). rx mds.2 seq 25240 0x7f4a624e7c00 HB magic: 0 v1 -3447>
2020-06-01 13:48:06.258990 7f4a4fead700 1 -- 100.97.140.48:6821/2734156667 <== mds.7 100.97.140.50:6820/2234244794 25241 ==== HB magic: 0 v1 ==== 358+0+0 (3409508751 0 0) 0x7f4a62456800 con 0x7f4a60bee000 -3446>
2020-06-01 13:48:06.259002 7f4a4fead700 1 -- 100.97.140.48:6821/2734156667 <== mds.2 100.97.140.61:6820/557565904 25240 ==== HB magic: 0 v1 ==== 366+0+0 (907687101 0 0) 0x7f4a624e7c00 con 0x7f4a60ad1800 -3445>
2020-06-01 13:48:06.259013 7f4a4fead700 5 mds.4.bal prep_rebalance: cluster loads are -3444>
2020-06-01 13:48:06.259022 7f4a4fead700 5 mds.4.bal prep_rebalance: my load 0 target 3.20764e+08 total 2.56611e+09 -3443>
2020-06-01 13:48:06.259032 7f4a4fead700 5 mds.4.bal i am underloaded or barely overloaded, doing nothing. -3442>
2020-06-01 13:48:06.345754 7f4a4cea7700 10 monclient: _send_mon_message to mon.TX-97-140-59 at 100.97.140.59:6789/0 -3441>
2020-06-01 13:48:06.345777 7f4a4cea7700 1 -- 100.97.140.48:6821/2734156667 --> 100.97.140.59:6789/0 -- mdsbeacon(12541229/TX-97-140-48 up:active seq 63101 v415) v7 -- 0x7f4a672ff740 con 0 -3440>
2020-06-01 13:48:06.346859 7f4a52627700 5 -- 100.97.140.48:6821/2734156667 >> 100.97.140.59:6789/0 conn(0x7f4a60a43000 :-1 s=STATE_OPEN_MESSAGE_READ_FOOTER_AND_DISPATCH pgs=2504874 cs=1 l=1). rx mon.4 seq 63302 0x7f4a672ff740 mdsbeacon(12541229/TX-97-140-48 up:active seq 63101 v415) v7 -3439>
2020-06-01 13:48:06.346894 7f4a4fead700 1 -- 100.97.140.48:6821/2734156667 <== mon.4 100.97.140.59:6789/0 63302 ==== mdsbeacon(12541229/TX-97-140-48 up:active seq 63101 v415) v7 ==== 137+0+0 (812066207 0 0) 0x7f4a672ff740 con 0x7f4a60a43000 -3438>
2020-06-01 13:48:06.357454 7f4a52e28700 5 -- 100.97.140.48:6821/2734156667 >> 10.220.189.56:0/1009371684 conn(0x7f4a60e71800 :6821 s=STATE_OPEN_MESSAGE_READ_FOOTER_AND_DISPATCH pgs=2038 cs=1 l=0). rx client.12488371 seq 12621 0x7f4a672a2400 client_session(request_renewcaps seq 17252) v1 -3437>
2020-06-01 13:48:06.357482 7f4a4fead700 1 -- 100.97.140.48:6821/2734156667 <== client.12488371 10.220.189.56:0/1009371684 12621 ==== client_session(request_renewcaps seq 17252) v1 ==== 28+0+0 (4225158916 0 0) 0x7f4a672a2400 con 0x7f4a60e71800 -3436>
2020-06-01 13:48:06.357511 7f4a4fead700 3 mds.4.server handle_client_session client_session(request_renewcaps seq 17252) v1 from client.12488371 -3435>
2020-06-01 13:48:06.357520 7f4a4fead700 1 -- 100.97.140.48:6821/2734156667 --> 10.220.189.56:0/1009371684 -- client_session(renewcaps seq 17252) v2 -- 0x7f4a672a8480 con 0 -3434>
2020-06-01 13:48:06.465241 7f4a51e26700 5 -- 100.97.140.48:6821/2734156667 >> 10.220.189.43:0/3730083321 conn(0x7f4a60caf800 :6821 s=STATE_OPEN_MESSAGE_READ_FOOTER_AND_DISPATCH pgs=61 cs=1 l=0). rx client.6380056 seq 12621 0x7f4a652ad180 client_session(request_renewcaps seq 647724) v1 -3433>
2020-06-01 13:48:06.465288 7f4a4fead700 1 -- 100.97.140.48:6821/2734156667 <== client.6380056 10.220.189.43:0/3730083321 12621 ==== client_session(request_renewcaps seq 647724) v1 ==== 28+0+0 (1129217397 0 0) 0x7f4a652ad180 con 0x7f4a60caf800 -3432>
2020-06-01 13:48:06.465313 7f4a4fead700 3 mds.4.server handle_client_session client_session(request_renewcaps seq 647724) v1 from client.6380056 -3431>
2020-06-01 13:48:06.465322 7f4a4fead700 1 -- 100.97.140.48:6821/2734156667 --> 10.220.189.43:0/3730083321 -- client_session(renewcaps seq 647724) v2 -- 0x7f4a672a2400 con 0 -3430>
2020-06-01 13:48:06.917648 7f4a52627700 5 -- 100.97.140.48:6821/2734156667 >> 10.240.7.24:0/2549208329 conn(0x7f4a60de2000 :6821 s=STATE_OPEN_MESSAGE_READ_FOOTER_AND_DISPATCH pgs=3540948 cs=1 l=0). rx client.3891150 seq 12621 0x7f4a672a2640 client_session(request_renewcaps seq 1014668) v1 -3429>
2020-06-01 13:48:06.917695 7f4a4fead700 1 -- 100.97.140.48:6821/2734156667 <== client.3891150 10.240.7.24:0/2549208329 12621 ==== client_session(request_renewcaps seq 1014668) v1 ==== 28+0+0 (88454337 0 0) 0x7f4a672a2640 con 0x7f4a60de2000 -3428>
2020-06-01 13:48:06.917721 7f4a4fead700 3 mds.4.server handle_client_session client_session(request_renewcaps seq 1014668) v1 from client.3891150 -3427>
2020-06-01 13:48:06.917730 7f4a4fead700 1 -- 100.97.140.48:6821/2734156667 --> 10.240.7.24:0/2549208329 -- client_session(renewcaps seq 1014668) v2 -- 0x7f4a652ad180 con 0 -3426>
2020-06-01 13:48:07.003283 7f4a51e26700 5 -- 100.97.140.48:6821/2734156667 >> 10.220.189.2:0/2619389564 conn(0x7f4a61420800 :6821 s=STATE_OPEN_MESSAGE_READ_FOOTER_AND_DISPATCH pgs=104024 cs=1 l=0). rx client.12261165 seq 12621 0x7f4a672a2400 client_session(request_renewcaps seq 43906) v1 -3425>
2020-06-01 13:48:07.003330 7f4a4fead700 1 -- 100.97.140.48:6821/2734156667 <== client.12261165 10.220.189.2:0/2619389564 12621 ==== client_session(request_renewcaps seq 43906) v1 ==== 28+0+0 (1370861996 0 0) 0x7f4a672a2400 con 0x7f4a61420800 -3424>
2020-06-01 13:48:07.003355 7f4a4fead700 3 mds.4.server handle_client_session client_session(request_renewcaps seq 43906) v1 from client.12261165 -3423>
2020-06-01 13:48:07.003364 7f4a4fead700 1 -- 100.97.140.48:6821/2734156667 --> 10.220.189.2:0/2619389564 -- client_session(renewcaps seq 43906) v2 -- 0x7f4a672a2640 con 0 -3422>
2020-06-01 13:48:07.218261 7f4a51e26700 5 -- 100.97.140.48:6821/2734156667 >> 100.97.140.32:6820/1879232263 conn(0x7f4a60cec800 :6821 s=STATE_OPEN_MESSAGE_READ_FOOTER_AND_DISPATCH pgs=3423089 cs=1 l=0). rx mds.0 seq 320973 0x7f4a629ed840 gather_caps(0x10002a2cf74) v1 -3421>
2020-06-01 13:48:07.218308 7f4a4fead700 1 -- 100.97.140.48:6821/2734156667 <== mds.0 100.97.140.32:6820/1879232263 320973 ==== gather_caps(0x10002a2cf74) v1 ==== 8+0+0 (4184419736 0 0) 0x7f4a629ed840 con 0x7f4a60cec800 -3420>
2020-06-01 13:48:07.363221 7f4a52e28700 5 -- 100.97.140.48:6821/2734156667 >> 10.220.87.197:0/2146303333 conn(0x7f4a60cfb800 :6821 s=STATE_OPEN_MESSAGE_READ_FOOTER_AND_DISPATCH pgs=71 cs=1 l=0). rx client.3887687 seq 12621 0x7f4a672a8480 client_session(request_renewcaps seq 1014670) v1 -3419>
2020-06-01 13:48:07.363270 7f4a4fead700 1 -- 100.97.140.48:6821/2734156667 <== client.3887687 10.220.87.197:0/2146303333 12621 ==== client_session(request_renewcaps seq 1014670) v1 ==== 28+0+0 (1949714220 0 0) 0x7f4a672a8480 con 0x7f4a60cfb800 -3418>
2020-06-01 13:48:07.363294 7f4a4fead700 3 mds.4.server handle_client_session client_session(request_renewcaps seq 1014670) v1 from client.3887687 -3417>
2020-06-01 13:48:07.363302 7f4a4fead700 1 -- 100.97.140.48:6821/2734156667 --> 10.220.87.197:0/2146303333 -- client_session(renewcaps seq 1014670) v2 -- 0x7f4a672a2400 con 0 -3416>
2020-06-01 13:48:07.451261 7f4a52627700 5 -- 100.97.140.48:6821/2734156667 >> 10.220.189.44:0/1865944452 conn(0x7f4a61576000 :6821 s=STATE_OPEN_MESSAGE_READ_FOOTER_AND_DISPATCH pgs=190655 cs=1 l=0). rx client.11925639 seq 12621 0x7f4a652ad180 client_session(request_renewcaps seq 81957) v1 -3415>
2020-06-01 13:48:07.451305 7f4a4fead700 1 -- 100.97.140.48:6821/2734156667 <== client.11925639 10.220.189.44:0/1865944452 12621 ==== client_session(request_renewcaps seq 81957) v1 ==== 28+0+0 (2659979128 0 0) 0x7f4a652ad180 con 0x7f4a61576000 -3414>
2020-06-01 13:48:07.451328 7f4a4fead700 3 mds.4.server handle_client_session client_session(request_renewcaps seq 81957) v1 from client.11925639 -3413>
2020-06-01 13:48:07.451337 7f4a4fead700 1 -- 100.97.140.48:6821/2734156667 --> 10.220.189.44:0/1865944452 -- client_session(renewcaps seq 81957) v2 -- 0x7f4a672a8480 con 0 -3412>
2020-06-01 13:48:07.465311 7f4a52e28700 5 -- 100.97.140.48:6821/2734156667 >> 10.240.219.240:0/3083912231 conn(0x7f4a615e0800 :6821 s=STATE_OPEN_MESSAGE_READ_FOOTER_AND_DISPATCH pgs=1838864 cs=1 l=0). rx client.4636259 seq 12621 0x7f4a672a2400 client_session(request_renewcaps seq 860257) v1 -3411>
2020-06-01 13:48:07.465337 7f4a4fead700 1 -- 100.97.140.48:6821/2734156667 <== client.4636259 10.240.219.240:0/3083912231 12621 ==== client_session(request_renewcaps seq 860257) v1 ==== 28+0+0 (1638055372 0 0) 0x7f4a672a2400 con 0x7f4a615e0800 -3410>
2020-06-01 13:48:07.465354 7f4a4fead700 3 mds.4.server handle_client_session client_session(request_renewcaps seq 860257) v1 from client.4636259 -3409>
2020-06-01 13:48:07.465359 7f4a4fead700 1 -- 100.97.140.48:6821/2734156667 --> 10.240.219.240:0/3083912231 -- client_session(renewcaps seq 860257) v2 -- 0x7f4a652ad180 con 0 -3408>
2020-06-01 13:48:07.577722 7f4a52627700 5 -- 100.97.140.48:6821/2734156667 >> 10.220.189.56:0/1073224370 conn(0x7f4a60e58000 :6821 s=STATE_OPEN_MESSAGE_READ_FOOTER_AND_DISPATCH pgs=146 cs=1 l=0). rx client.12487861 seq 12621 0x7f4a672a8480 client_session(request_renewcaps seq 17293) v1 -3407>
2020-06-01 13:48:07.577768 7f4a4fead700 1 -- 100.97.140.48:6821/2734156667 <== client.12487861 10.220.189.56:0/1073224370 12621 ==== client_session(request_renewcaps seq 17293) v1 ==== 28+0+0 (2828914394 0 0) 0x7f4a672a8480 con 0x7f4a60e58000 -3406>
2020-06-01 13:48:07.577791 7f4a4fead700 3 mds.4.server handle_client_session client_session(request_renewcaps seq 17293) v1 from client.12487861 -3405>
2020-06-01 13:48:07.577800 7f4a4fead700 1 -- 100.97.140.48:6821/2734156667 --> 10.220.189.56:0/1073224370 -- client_session(renewcaps seq 17293) v2 -- 0x7f4a672a2400 con 0 -3404>
2020-06-01 13:48:08.002242 7f4a51e26700 5 -- 100.97.140.48:6821/2734156667 >> 10.220.87.196:0/2262904259 conn(0x7f4a60b03800 :6821 s=STATE_OPEN_MESSAGE_READ_FOOTER_AND_DISPATCH pgs=70 cs=1 l=0). rx client.3891265 seq 12621 0x7f4a672a2640 client_session(request_renewcaps seq 1014668) v1 -3403>
2020-06-01 13:48:08.002293 7f4a4fead700 1 -- 100.97.140.48:6821/2734156667 <== client.3891265 10.220.87.196:0/2262904259 12621 ==== client_session(request_renewcaps seq 1014668) v1 ==== 28+0+0 (88454337 0 0) 0x7f4a672a2640 con 0x7f4a60b03800 -3402>
2020-06-01 13:48:08.002318 7f4a4fead700 3 mds.4.server handle_client_session client_session(request_renewcaps seq 1014668) v1 from client.3891265 -3401>
2020-06-01 13:48:08.002327 7f4a4fead700 1 -- 100.97.140.48:6821/2734156667 --> 10.220.87.196:0/2262904259 -- client_session(renewcaps seq 1014668) v2 -- 0x7f4a672a8480 con 0 -3400>
2020-06-01 13:48:08.061350 7f4a52e28700 5 -- 100.97.140.48:6821/2734156667 >> 10.220.189.20:0/3075858096 conn(0x7f4a616b0800 :6821 s=STATE_OPEN_MESSAGE_READ_FOOTER_AND_DISPATCH pgs=169 cs=1 l=0). rx client.12496265 seq 12621 0x7f4a652ad180 client_session(request_renewcaps seq 17252) v1 -3399>
2020-06-01 13:48:08.061401 7f4a4fead700 1 -- 100.97.140.48:6821/2734156667 <== client.12496265 10.220.189.20:0/3075858096 12621 ==== client_session(request_renewcaps seq 17252) v1 ==== 28+0+0 (4225158916 0 0) 0x7f4a652ad180 con 0x7f4a616b0800 -3398>
2020-06-01 13:48:08.061427 7f4a4fead700 3 mds.4.server handle_client_session client_session(request_renewcaps seq 17252) v1 from client.12496265 -3397>
2020-06-01 13:48:08.061436 7f4a4fead700 1 -- 100.97.140.48:6821/2734156667 --> 10.220.189.20:0/3075858096 -- client_session(renewcaps seq 17252) v2 -- 0x7f4a672a2640 con 0 -3396>
2020-06-01 13:48:08.202077 7f4a51e26700 5 -- 100.97.140.48:6821/2734156667 >> 10.220.189.22:0/852108787 conn(0x7f4a61689000 :6821 s=STATE_OPEN_MESSAGE_READ_FOOTER_AND_DISPATCH pgs=7190 cs=1 l=0). rx client.10874481 seq 12621 0x7f4a672a8480 client_session(request_renewcaps seq 199704) v1 -3395>
2020-06-01 13:48:08.202124 7f4a4fead700 1 -- 100.97.140.48:6821/2734156667 <== client.10874481 10.220.189.22:0/852108787 12621 ==== client_session(request_renewcaps seq 199704) v1 ==== 28+0+0 (1345381138 0 0) 0x7f4a672a8480 con 0x7f4a61689000 -3394>
2020-06-01 13:48:08.202150 7f4a4fead700 3 mds.4.server handle_client_session client_session(request_renewcaps seq 199704) v1 from client.10874481 -3393>
2020-06-01 13:48:08.202158 7f4a4fead700 1 -- 100.97.140.48:6821/2734156667 --> 10.220.189.22:0/852108787 -- client_session(renewcaps seq 199704) v2 -- 0x7f4a652ad180 con 0 -3392>
2020-06-01 13:48:08.202994 7f4a51e26700 5 -- 100.97.140.48:6821/2734156667 >> 10.220.189.55:0/3434164293 conn(0x7f4a61767800 :6821 s=STATE_OPEN_MESSAGE_READ_FOOTER_AND_DISPATCH pgs=8 cs=1 l=0). rx client.12531582 seq 12505 0x7f4a652ad180 client_session(request_renewcaps seq 12504) v1 -3391>
2020-06-01 13:48:08.203019 7f4a4fead700 1 -- 100.97.140.48:6821/2734156667 <== client.12531582 10.220.189.55:0/3434164293 12505 ==== client_session(request_renewcaps seq 12504) v1 ==== 28+0+0 (743816679 0 0) 0x7f4a652ad180 con 0x7f4a61767800 -3390>
2020-06-01 13:48:08.203029 7f4a4fead700 3 mds.4.server handle_client_session client_session(request_renewcaps seq 12504) v1 from client.12531582 -3389>
2020-06-01 13:48:08.203033 7f4a4fead700 1 -- 100.97.140.48:6821/2734156667 --> 10.220.189.55:0/3434164293 -- client_session(renewcaps seq 12504) v2 -- 0x7f4a672a8480 con 0 -3388>
2020-06-01 13:48:08.296132 7f4a52627700 5 -- 100.97.140.48:6821/2734156667 >> 10.220.87.162:0/1422558278 conn(0x7f4a60cfd000 :6821 s=STATE_OPEN_MESSAGE_READ_FOOTER_AND_DISPATCH pgs=2644495 cs=1 l=0). rx client.4716459 seq 12621 0x7f4a672a2400 client_session(request_renewcaps seq 840297) v1 -3387>
2020-06-01 13:48:08.296172 7f4a4fead700 1 -- 100.97.140.48:6821/2734156667 <== client.4716459 10.220.87.162:0/1422558278 12621 ==== client_session(request_renewcaps seq 840297) v1 ==== 28+0+0 (3807527747 0 0) 0x7f4a672a2400 con 0x7f4a60cfd000 -3386>
2020-06-01 13:48:08.296196 7f4a4fead700 3 mds.4.server handle_client_session client_session(request_renewcaps seq 840297) v1 from client.4716459 -3385>
2020-06-01 13:48:08.296205 7f4a4fead700 1 -- 100.97.140.48:6821/2734156667 --> 10.220.87.162:0/1422558278 -- client_session(renewcaps seq 840297) v2 -- 0x7f4a652ad180 con 0 -3384>
2020-06-01 13:48:08.319757 7f4a52e28700 5 -- 100.97.140.48:6821/2734156667 >> 172.25.173.35:0/36664501 conn(0x7f4a60e9b000 :6821 s=STATE_OPEN_MESSAGE_READ_FOOTER_AND_DISPATCH pgs=17529 cs=1 l=0). rx client.4948887 seq 12621 0x7f4a672a2640 client_session(request_renewcaps seq 811291) v1 -3383>
2020-06-01 13:48:08.319784 7f4a4fead700 1 -- 100.97.140.48:6821/2734156667 <== client.4948887 172.25.173.35:0/36664501 12621 ==== client_session(request_renewcaps seq 811291) v1 ==== 28+0+0 (2018776119 0 0) 0x7f4a672a2640 con 0x7f4a60e9b000 -3382>
2020-06-01 13:48:08.319800 7f4a4fead700 3 mds.4.server handle_client_session client_session(request_renewcaps seq 811291) v1 from client.4948887 -3381>
2020-06-01 13:48:08.319805 7f4a4fead700 1 -- 100.97.140.48:6821/2734156667 --> 172.25.173.35:0/36664501 -- client_session(renewcaps seq 811291) v2 -- 0x7f4a672a2400 con 0 -3380>
2020-06-01 13:48:08.447659 7f4a52e28700 5 -- 100.97.140.48:6821/2734156667 >> 10.220.189.32:0/3641406242 conn(0x7f4a6141d800 :6821 s=STATE_OPEN_MESSAGE_READ_FOOTER_AND_DISPATCH pgs=332876 cs=1 l=0). rx client.11155622 seq 12621 0x7f4a672a2400 client_session(request_renewcaps seq 167758) v1 -3379>
2020-06-01 13:48:08.447692 7f4a4fead700 1 -- 100.97.140.48:6821/2734156667 <== client.11155622 10.220.189.32:0/3641406242 12621 ==== client_session(request_renewcaps seq 167758) v1 ==== 28+0+0 (3071280886 0 0) 0x7f4a672a2400 con 0x7f4a6141d800 -3378>
2020-06-01 13:48:08.447714 7f4a4fead700 3 mds.4.server handle_client_session client_session(request_renewcaps seq 167758) v1 from client.11155622 -3377>
2020-06-01 13:48:08.447721 7f4a4fead700 1 -- 100.97.140.48:6821/2734156667 --> 10.220.189.32:0/3641406242 -- client_session(renewcaps seq 167758) v2 -- 0x7f4a672a2640 con 0 -3376>
2020-06-01 13:48:08.457160 7f4a51e26700 5 -- 100.97.140.48:6821/2734156667 >> 10.220.189.26:0/1493129413 conn(0x7f4a615a5800 :6821 s=STATE_OPEN_MESSAGE_READ_FOOTER_AND_DISPATCH pgs=727410 cs=1 l=0). rx client.10629349 seq 12621 0x7f4a672a8480 client_session(request_renewcaps seq 228686) v1 -3375>
