2020-05-06T20:06:45.379+0200 7f78f99ac700 20 osd.15 op_wq(3) _process 3.3 to_process <> waiting <> waiting_peering {}
2020-05-06T20:06:45.379+0200 7f78f99ac700 20 osd.15 op_wq(3) _process OpSchedulerItem(3.3 PGOpItem(op=osd_op(client.325546.0:51685853 3.3 3.3 (undecoded) ondisk+read+ignore_overlay+known_if_redirected e5421) v8) prio 63 cost 39 e5421) queued
2020-05-06T20:06:45.379+0200 7f78f99ac700 20 osd.15 op_wq(3) _process 3.3 to_process waiting <> waiting_peering {}
2020-05-06T20:06:45.379+0200 7f78f99ac700 20 osd.15 op_wq(3) _process OpSchedulerItem(3.3 PGOpItem(op=osd_op(client.325546.0:51685853 3.3 3.3 (undecoded) ondisk+read+ignore_overlay+known_if_redirected e5421) v8) prio 63 cost 39 e5421) pg 0x564475c48000
2020-05-06T20:06:45.379+0200 7f78f99ac700 10 osd.15 5421 dequeue_op 0x56447a4efb80 prio 63 cost 39 latency 0.000051 osd_op(client.325546.0:51685853 3.3 3.3 (undecoded) ondisk+read+ignore_overlay+known_if_redirected e5421) v8 pg pg[3.3( v 5421'151 (0'0,5421'151] local-lis/les=5414/5415 n=6 ec=66/66 lis/c=5414/5414 les/c/f=5415/5415/0 sis=5414 pruub=8.597593370s) [15,2,29] r=0 lpr=5414 crt=5421'151 lcod 5387'150 mlcod 5387'150 active+clean]
2020-05-06T20:06:45.379+0200 7f78f99ac700 10 osd.15 pg_epoch: 5421 pg[3.3( v 5421'151 (0'0,5421'151] local-lis/les=5414/5415 n=6 ec=66/66 lis/c=5414/5414 les/c/f=5415/5415/0 sis=5414 pruub=8.597593370s) [15,2,29] r=0 lpr=5414 crt=5421'151 lcod 5387'150 mlcod 5387'150 active+clean] _handle_message: 0x56447a4efb80
2020-05-06T20:06:45.379+0200 7f78f99ac700 20 osd.15 pg_epoch: 5421 pg[3.3( v 5421'151 (0'0,5421'151] local-lis/les=5414/5415 n=6 ec=66/66 lis/c=5414/5414 les/c/f=5415/5415/0 sis=5414 pruub=8.597593370s) [15,2,29] r=0 lpr=5414 crt=5421'151 lcod 5387'150 mlcod 5387'150 active+clean] do_op: op osd_op(client.325546.0:51685853 3.3 3:c0000000:root:::head [pgnls start_epoch 5421 in=39b] snapc 0=[] ondisk+read+ignore_overlay+known_if_redirected e5421) v8
2020-05-06T20:06:45.379+0200 7f78f99ac700 20 osd.15 pg_epoch: 5421 pg[3.3( v 5421'151 (0'0,5421'151] local-lis/les=5414/5415 n=6 ec=66/66 lis/c=5414/5414 les/c/f=5415/5415/0 sis=5414 pruub=8.597593370s) [15,2,29] r=0 lpr=5414 crt=5421'151 lcod 5387'150 mlcod 5387'150 active+clean] op_has_sufficient_caps session=0x5644779650c0 pool=3 (default.rgw.meta root) pool_app_metadata={rgw={}} need_read_cap=1 need_write_cap=0 classes=[] -> yes
2020-05-06T20:06:45.379+0200 7f78f99ac700 10 osd.15 pg_epoch: 5421 pg[3.3( v 5421'151 (0'0,5421'151] local-lis/les=5414/5415 n=6 ec=66/66 lis/c=5414/5414 les/c/f=5415/5415/0 sis=5414 pruub=8.597593370s) [15,2,29] r=0 lpr=5414 crt=5421'151 lcod 5387'150 mlcod 5387'150 active+clean] do_pg_op osd_op(client.325546.0:51685853 3.3 3:c0000000:root:::head [pgnls start_epoch 5421 in=39b] snapc 0=[] ondisk+read+ignore_overlay+known_if_redirected e5421) v8
2020-05-06T20:06:45.379+0200 7f78f99ac700 10 osd.15 pg_epoch: 5421 pg[3.3( v 5421'151 (0'0,5421'151] local-lis/les=5414/5415 n=6 ec=66/66 lis/c=5414/5414 les/c/f=5415/5415/0 sis=5414 pruub=8.597593370s) [15,2,29] r=0 lpr=5414 crt=5421'151 lcod 5387'150 mlcod 5387'150 active+clean] pgnls pg=3.3 count 1024
2020-05-06T20:06:45.379+0200 7f78f99ac700 10 osd.15 pg_epoch: 5421 pg[3.3( v 5421'151 (0'0,5421'151] local-lis/les=5414/5415 n=6 ec=66/66 lis/c=5414/5414 les/c/f=5415/5415/0 sis=5414 pruub=8.597593370s) [15,2,29] r=0 lpr=5414 crt=5421'151 lcod 5387'150 mlcod 5387'150 active+clean] pgnls lower_bound 3:c0000000::::head pg_end 3:d0000000::::head
2020-05-06T20:06:45.379+0200 7f78f99ac700 10 osd.15 pg_epoch: 5421 pg[3.3( v 5421'151 (0'0,5421'151] local-lis/les=5414/5415 n=6 ec=66/66 lis/c=5414/5414 les/c/f=5415/5415/0 sis=5414 pruub=8.597593370s) [15,2,29] r=0 lpr=5414 crt=5421'151 lcod 5387'150 mlcod 5387'150 active+clean] pgnls candidate 0xae4b6783 vs lower bound 0x3
2020-05-06T20:06:45.379+0200 7f78f99ac700 10 osd.15 pg_epoch: 5421 pg[3.3( v 5421'151 (0'0,5421'151] local-lis/les=5414/5415 n=6 ec=66/66 lis/c=5414/5414 les/c/f=5415/5415/0 sis=5414 pruub=8.597593370s) [15,2,29] r=0 lpr=5414 crt=5421'151 lcod 5387'150 mlcod 5387'150 active+clean] pgnls candidate 0x51d05d43 vs lower bound 0x3
2020-05-06T20:06:45.379+0200 7f78f99ac700 10 osd.15 pg_epoch: 5421 pg[3.3( v 5421'151 (0'0,5421'151] local-lis/les=5414/5415 n=6 ec=66/66 lis/c=5414/5414 les/c/f=5415/5415/0 sis=5414 pruub=8.597593370s) [15,2,29] r=0 lpr=5414 crt=5421'151 lcod 5387'150 mlcod 5387'150 active+clean] pgnls candidate 0x1f2e8723 vs lower bound 0x3
2020-05-06T20:06:45.379+0200 7f78f99ac700 10 osd.15 pg_epoch: 5421 pg[3.3( v 5421'151 (0'0,5421'151] local-lis/les=5414/5415 n=6 ec=66/66 lis/c=5414/5414 les/c/f=5415/5415/0 sis=5414 pruub=8.597593370s) [15,2,29] r=0 lpr=5414 crt=5421'151 lcod 5387'150 mlcod 5387'150 active+clean] pgnls candidate 0xeb6e0593 vs lower bound 0x3
2020-05-06T20:06:45.379+0200 7f78f99ac700 20 osd.15 pg_epoch: 5421 pg[3.3( v 5421'151 (0'0,5421'151] local-lis/les=5414/5415 n=6 ec=66/66 lis/c=5414/5414 les/c/f=5415/5415/0 sis=5414 pruub=8.597593370s) [15,2,29] r=0 lpr=5414 crt=5421'151 lcod 5387'150 mlcod 5387'150 active+clean] pgnls item 0xeb6e0593, rev 0xc9a076d7 ekkono-offsite-backups
2020-05-06T20:06:45.379+0200 7f78f99ac700 10 osd.15 pg_epoch: 5421 pg[3.3( v 5421'151 (0'0,5421'151] local-lis/les=5414/5415 n=6 ec=66/66 lis/c=5414/5414 les/c/f=5415/5415/0 sis=5414 pruub=8.597593370s) [15,2,29] r=0 lpr=5414 crt=5421'151 lcod 5387'150 mlcod 5387'150 active+clean] pgnls candidate 0xce7f4ed3 vs lower bound 0x3
2020-05-06T20:06:45.379+0200 7f78f99ac700 10 osd.15 pg_epoch: 5421 pg[3.3( v 5421'151 (0'0,5421'151] local-lis/les=5414/5415 n=6 ec=66/66 lis/c=5414/5414 les/c/f=5415/5415/0 sis=5414 pruub=8.597593370s) [15,2,29] r=0 lpr=5414 crt=5421'151 lcod 5387'150 mlcod 5387'150 active+clean] pgnls candidate 0x5166d8f3 vs lower bound 0x3
2020-05-06T20:06:45.379+0200 7f78f99ac700 20 osd.15 pg_epoch: 5421 pg[3.3( v 5421'151 (0'0,5421'151] local-lis/les=5414/5415 n=6 ec=66/66 lis/c=5414/5414 les/c/f=5415/5415/0 sis=5414 pruub=8.597593370s) [15,2,29] r=0 lpr=5414 crt=5421'151 lcod 5387'150 mlcod 5387'150 active+clean] pgnls item 0x5166d8f3, rev 0xcf1b668a viskadalskyrkan-owncloud-2
2020-05-06T20:06:45.379+0200 7f78f99ac700 10 osd.15 pg_epoch: 5421 pg[3.3( v 5421'151 (0'0,5421'151] local-lis/les=5414/5415 n=6 ec=66/66 lis/c=5414/5414 les/c/f=5415/5415/0 sis=5414 pruub=8.597593370s) [15,2,29] r=0 lpr=5414 crt=5421'151 lcod 5387'150 mlcod 5387'150 active+clean] pgnls candidate 0x0 vs lower bound 0x3
2020-05-06T20:06:45.379+0200 7f78f99ac700 10 osd.15 pg_epoch: 5421 pg[3.3( v 5421'151 (0'0,5421'151] local-lis/les=5414/5415 n=6 ec=66/66 lis/c=5414/5414 les/c/f=5415/5415/0 sis=5414 pruub=8.597593370s) [15,2,29] r=0 lpr=5414 crt=5421'151 lcod 5387'150 mlcod 5387'150 active+clean] pgnls handle=3:d0000000::::head
2020-05-06T20:06:45.379+0200 7f78f99ac700 10 osd.15 pg_epoch: 5421 pg[3.3( v 5421'151 (0'0,5421'151] local-lis/les=5414/5415 n=6 ec=66/66 lis/c=5414/5414 les/c/f=5415/5415/0 sis=5414 pruub=8.597593370s) [15,2,29] r=0 lpr=5414 crt=5421'151 lcod 5387'150 mlcod 5387'150 active+clean] pgnls result=1 outdata.length()=129
2020-05-06T20:06:45.379+0200 7f78f99ac700 10 osd.15 5421 dequeue_op 0x56447a4efb80 finish
2020-05-06T20:06:45.379+0200 7f78f99ac700 20 osd.15 op_wq(3) _process empty q, waiting
2020-05-06T20:06:45.379+0200 7f79181e9700 15 osd.15 5421 enqueue_op 0x564498520dc0 prio 63 cost 47 latency 0.000003 epoch 5421 osd_op(client.325546.0:51685859 4.2 4.bdd264a2 (undecoded) ondisk+read+known_if_redirected e5421) v8
2020-05-06T20:06:45.379+0200 7f79181e9700 20 osd.15 op_wq(2) _enqueue OpSchedulerItem(4.2 PGOpItem(op=osd_op(client.325546.0:51685859 4.2 4.bdd264a2 (undecoded) ondisk+read+known_if_redirected e5421) v8) prio 63 cost 47 e5421)
2020-05-06T20:06:45.379+0200 7f78fa1ad700 20 osd.15 op_wq(2) _process 4.2 to_process <> waiting <> waiting_peering {}
2020-05-06T20:06:45.379+0200 7f78fa1ad700 20 osd.15 op_wq(2) _process OpSchedulerItem(4.2 PGOpItem(op=osd_op(client.325546.0:51685859 4.2 4.bdd264a2 (undecoded) ondisk+read+known_if_redirected e5421) v8) prio 63 cost 47 e5421) queued
2020-05-06T20:06:45.379+0200 7f78fa1ad700 20 osd.15 op_wq(2) _process 4.2 to_process waiting <> waiting_peering {}
2020-05-06T20:06:45.379+0200 7f78fa1ad700 20 osd.15 op_wq(2) _process OpSchedulerItem(4.2 PGOpItem(op=osd_op(client.325546.0:51685859 4.2 4.bdd264a2 (undecoded) ondisk+read+known_if_redirected e5421) v8) prio 63 cost 47 e5421) pg 0x56445e521400
2020-05-06T20:06:45.379+0200 7f78fa1ad700 10 osd.15 5421 dequeue_op 0x564498520dc0 prio 63 cost 47 latency 0.000046 osd_op(client.325546.0:51685859 4.2 4.bdd264a2 (undecoded) ondisk+read+known_if_redirected e5421) v8 pg pg[4.2( v 5421'12661 (5252'9200,5421'12661] local-lis/les=5414/5415 n=2 ec=66/66 lis/c=5414/5414 les/c/f=5415/5415/0 sis=5414) [15,10,11] r=0 lpr=5414 crt=5421'12661 lcod 5421'12660 mlcod 5421'12660 active+clean]
2020-05-06T20:06:45.379+0200 7f78fa1ad700 10 osd.15 pg_epoch: 5421 pg[4.2( v 5421'12661 (5252'9200,5421'12661] local-lis/les=5414/5415 n=2 ec=66/66 lis/c=5414/5414 les/c/f=5415/5415/0 sis=5414) [15,10,11] r=0 lpr=5414 crt=5421'12661 lcod 5421'12660 mlcod 5421'12660 active+clean] _handle_message: 0x564498520dc0
2020-05-06T20:06:45.379+0200 7f78fa1ad700 20 osd.15 pg_epoch: 5421 pg[4.2( v 5421'12661 (5252'9200,5421'12661] local-lis/les=5414/5415 n=2 ec=66/66 lis/c=5414/5414 les/c/f=5415/5415/0 sis=5414) [15,10,11] r=0 lpr=5414 crt=5421'12661 lcod 5421'12660 mlcod 5421'12660 active+clean] do_op: op osd_op(client.325546.0:51685859 4.2 4:45264bbd:::.dir.5a5c812a-3d31-4d79-87e6-1a17206228ac.398022.1.2:head [call rgw.bucket_list in=47b] snapc 0=[] ondisk+read+known_if_redirected e5421) v8
2020-05-06T20:06:45.379+0200 7f78fa1ad700 20 osd.15 pg_epoch: 5421 pg[4.2( v 5421'12661 (5252'9200,5421'12661] local-lis/les=5414/5415 n=2 ec=66/66 lis/c=5414/5414 les/c/f=5415/5415/0 sis=5414) [15,10,11] r=0 lpr=5414 crt=5421'12661 lcod 5421'12660 mlcod 5421'12660 active+clean] op_has_sufficient_caps session=0x5644779650c0 pool=4 (default.rgw.buckets.index ) pool_app_metadata={rgw={}} need_read_cap=0 need_write_cap=0 classes=[class rgw method bucket_list rd 1 wr 0 wl 1] -> yes
2020-05-06T20:06:45.379+0200 7f78fa1ad700 10 osd.15 pg_epoch: 5421 pg[4.2( v 5421'12661 (5252'9200,5421'12661] local-lis/les=5414/5415 n=2 ec=66/66 lis/c=5414/5414 les/c/f=5415/5415/0 sis=5414) [15,10,11] r=0 lpr=5414 crt=5421'12661 lcod 5421'12660 mlcod 5421'12660 active+clean] do_op osd_op(client.325546.0:51685859 4.2 4:45264bbd:::.dir.5a5c812a-3d31-4d79-87e6-1a17206228ac.398022.1.2:head [call rgw.bucket_list in=47b] snapc 0=[] ondisk+read+known_if_redirected e5421) v8 may_read -> read-ordered flags ondisk+read+known_if_redirected
2020-05-06T20:06:45.379+0200 7f78fa1ad700 10 osd.15 pg_epoch: 5421 pg[4.2( v 5421'12661 (5252'9200,5421'12661] local-lis/les=5414/5415 n=2 ec=66/66 lis/c=5414/5414 les/c/f=5415/5415/0 sis=5414) [15,10,11] r=0 lpr=5414 crt=5421'12661 lcod 5421'12660 mlcod 5421'12660 active+clean] get_object_context: found obc in cache: 0x564479b41440
2020-05-06T20:06:45.379+0200 7f78fa1ad700 10 osd.15 pg_epoch: 5421 pg[4.2( v 5421'12661 (5252'9200,5421'12661] local-lis/les=5414/5415 n=2 ec=66/66 lis/c=5414/5414 les/c/f=5415/5415/0 sis=5414) [15,10,11] r=0 lpr=5414 crt=5421'12661 lcod 5421'12660 mlcod 5421'12660 active+clean] get_object_context: 0x564479b41440 4:45264bbd:::.dir.5a5c812a-3d31-4d79-87e6-1a17206228ac.398022.1.2:head rwstate(none n=0 w=0) oi: 4:45264bbd:::.dir.5a5c812a-3d31-4d79-87e6-1a17206228ac.398022.1.2:head(5421'12660 osd.15.0:15907 dirty|omap|data_digest|omap_digest s 0 uv 12334 dd ffffffff od 423b25ef alloc_hint [0 0 0]) exists: 1 ssc: 0x564479e65080 snapset: 0=[]:{}
2020-05-06T20:06:45.379+0200 7f78fa1ad700 10 osd.15 pg_epoch: 5421 pg[4.2( v 5421'12661 (5252'9200,5421'12661] local-lis/les=5414/5415 n=2 ec=66/66 lis/c=5414/5414 les/c/f=5415/5415/0 sis=5414) [15,10,11] r=0 lpr=5414 crt=5421'12661 lcod 5421'12660 mlcod 5421'12660 active+clean] find_object_context 4:45264bbd:::.dir.5a5c812a-3d31-4d79-87e6-1a17206228ac.398022.1.2:head @head oi=4:45264bbd:::.dir.5a5c812a-3d31-4d79-87e6-1a17206228ac.398022.1.2:head(5421'12660 osd.15.0:15907 dirty|omap|data_digest|omap_digest s 0 uv 12334 dd ffffffff od 423b25ef alloc_hint [0 0 0])
2020-05-06T20:06:45.379+0200 7f78fa1ad700 20 osd.15 pg_epoch: 5421 pg[4.2( v 5421'12661 (5252'9200,5421'12661] local-lis/les=5414/5415 n=2 ec=66/66 lis/c=5414/5414 les/c/f=5415/5415/0 sis=5414) [15,10,11] r=0 lpr=5414 crt=5421'12661 lcod 5421'12660 mlcod 5421'12660 active+clean] do_op obc obc(4:45264bbd:::.dir.5a5c812a-3d31-4d79-87e6-1a17206228ac.398022.1.2:head rwstate(read n=1 w=0))
2020-05-06T20:06:45.379+0200 7f78fa1ad700 10 osd.15 pg_epoch: 5421 pg[4.2( v 5421'12661 (5252'9200,5421'12661] local-lis/les=5414/5415 n=2 ec=66/66 lis/c=5414/5414 les/c/f=5415/5415/0 sis=5414) [15,10,11] r=0 lpr=5414 crt=5421'12661 lcod 5421'12660 mlcod 5421'12660 active+clean] execute_ctx 0x56447a964000
2020-05-06T20:06:45.379+0200 7f78fa1ad700 10 osd.15 pg_epoch: 5421 pg[4.2( v 5421'12661 (5252'9200,5421'12661] local-lis/les=5414/5415 n=2 ec=66/66 lis/c=5414/5414 les/c/f=5415/5415/0 sis=5414) [15,10,11] r=0 lpr=5414 crt=5421'12661 lcod 5421'12660 mlcod 5421'12660 active+clean] execute_ctx 4:45264bbd:::.dir.5a5c812a-3d31-4d79-87e6-1a17206228ac.398022.1.2:head [call rgw.bucket_list in=47b] ov 5421'12660
2020-05-06T20:06:45.379+0200 7f78fa1ad700 10 osd.15 pg_epoch: 5421 pg[4.2( v 5421'12661 (5252'9200,5421'12661] local-lis/les=5414/5415 n=2 ec=66/66 lis/c=5414/5414 les/c/f=5415/5415/0 sis=5414) [15,10,11] r=0 lpr=5414 crt=5421'12661 lcod 5421'12660 mlcod 5421'12660 active+clean] do_osd_op 4:45264bbd:::.dir.5a5c812a-3d31-4d79-87e6-1a17206228ac.398022.1.2:head [call rgw.bucket_list in=47b]
2020-05-06T20:06:45.379+0200 7f78fa1ad700 10 osd.15 pg_epoch: 5421 pg[4.2( v 5421'12661 (5252'9200,5421'12661] local-lis/les=5414/5415 n=2 ec=66/66 lis/c=5414/5414 les/c/f=5415/5415/0 sis=5414) [15,10,11] r=0 lpr=5414 crt=5421'12661 lcod 5421'12660 mlcod 5421'12660 active+clean] do_osd_op call rgw.bucket_list in=47b
2020-05-06T20:06:45.379+0200 7f78fa1ad700 10 osd.15 pg_epoch: 5421 pg[4.2( v 5421'12661 (5252'9200,5421'12661] local-lis/les=5414/5415 n=2 ec=66/66 lis/c=5414/5414 les/c/f=5415/5415/0 sis=5414) [15,10,11] r=0 lpr=5414 crt=5421'12661 lcod 5421'12660 mlcod 5421'12660 active+clean] call method rgw.bucket_list
2020-05-06T20:06:45.379+0200 7f78fa1ad700 10 osd.15 pg_epoch: 5421 pg[4.2( v 5421'12661 (5252'9200,5421'12661] local-lis/les=5414/5415 n=2 ec=66/66 lis/c=5414/5414 les/c/f=5415/5415/0 sis=5414) [15,10,11] r=0 lpr=5414 crt=5421'12661 lcod 5421'12660 mlcod 5421'12660 active+clean] do_osd_op 4:45264bbd:::.dir.5a5c812a-3d31-4d79-87e6-1a17206228ac.398022.1.2:head [omap-get-header]
2020-05-06T20:06:45.379+0200 7f78fa1ad700 10 osd.15 pg_epoch: 5421 pg[4.2( v 5421'12661 (5252'9200,5421'12661] local-lis/les=5414/5415 n=2 ec=66/66 lis/c=5414/5414 les/c/f=5415/5415/0 sis=5414) [15,10,11] r=0 lpr=5414 crt=5421'12661 lcod 5421'12660 mlcod 5421'12660 active+clean] do_osd_op omap-get-header
2020-05-06T20:06:45.379+0200 7f78fa1ad700 10 osd.15 pg_epoch: 5421 pg[4.2( v 5421'12661 (5252'9200,5421'12661] local-lis/les=5414/5415 n=2 ec=66/66 lis/c=5414/5414 les/c/f=5415/5415/0 sis=5414) [15,10,11] r=0 lpr=5414 crt=5421'12661 lcod 5421'12660 mlcod 5421'12660 active+clean] method called response length=110
2020-05-06T20:06:45.379+0200 7f78fa1ad700 20 osd.15 pg_epoch: 5421 pg[4.2( v 5421'12661 (5252'9200,5421'12661] local-lis/les=5414/5415 n=2 ec=66/66 lis/c=5414/5414 les/c/f=5415/5415/0 sis=5414) [15,10,11] r=0 lpr=5414 crt=5421'12661 lcod 5421'12660 mlcod 5421'12660 active+clean] execute_ctx alloc reply 0x5644698d4480 result 0
2020-05-06T20:06:45.379+0200 7f78fa1ad700 15 osd.15 pg_epoch: 5421 pg[4.2( v 5421'12661 (5252'9200,5421'12661] local-lis/les=5414/5415 n=2 ec=66/66 lis/c=5414/5414 les/c/f=5415/5415/0 sis=5414) [15,10,11] r=0 lpr=5414 crt=5421'12661 lcod 5421'12660 mlcod 5421'12660 active+clean] do_osd_op_effects client.325546 con 0x5644781f7000
2020-05-06T20:06:45.379+0200 7f78fa1ad700 15 osd.15 pg_epoch: 5421 pg[4.2( v 5421'12661 (5252'9200,5421'12661] local-lis/les=5414/5415 n=2 ec=66/66 lis/c=5414/5414 les/c/f=5415/5415/0 sis=5414) [15,10,11] r=0 lpr=5414 crt=5421'12661 lcod 5421'12660 mlcod 5421'12660 active+clean] log_op_stats osd_op(client.325546.0:51685859 4.2 4:45264bbd:::.dir.5a5c812a-3d31-4d79-87e6-1a17206228ac.398022.1.2:head [call rgw.bucket_list in=47b out=110b] snapc 0=[] ondisk+read+known_if_redirected e5421) v8 inb 0 outb 110 lat 0.000242
2020-05-06T20:06:45.379+0200 7f78fa1ad700 20 osd.15 pg_epoch: 5421 pg[4.2( v 5421'12661 (5252'9200,5421'12661] local-lis/les=5414/5415 n=2 ec=66/66 lis/c=5414/5414 les/c/f=5415/5415/0 sis=5414) [15,10,11] r=0 lpr=5414 crt=5421'12661 lcod 5421'12660 mlcod 5421'12660 active+clean] prepare_stats_for_publish reporting purged_snaps []
2020-05-06T20:06:45.379+0200 7f78fa1ad700 15 osd.15 pg_epoch: 5421 pg[4.2( v 5421'12661 (5252'9200,5421'12661] local-lis/les=5414/5415 n=2 ec=66/66 lis/c=5414/5414 les/c/f=5415/5415/0 sis=5414) [15,10,11] r=0 lpr=5414 crt=5421'12661 lcod 5421'12660 mlcod 5421'12660 active+clean] publish_stats_to_osd 5421:1159099
2020-05-06T20:06:45.379+0200 7f78fa1ad700 10 osd.15 5421 dequeue_op 0x564498520dc0 finish
2020-05-06T20:06:45.379+0200 7f78fa1ad700 20 osd.15 op_wq(2) _process empty q, waiting
2020-05-06T20:06:45.399+0200 7f79181e9700 15 osd.15 5421 enqueue_op 0x56449095a9a0 prio 63 cost 47 latency 0.000004 epoch 5421 osd_op(client.325546.0:51685922 4.2 4.c7d07e2 (undecoded) ondisk+read+known_if_redirected e5421) v8
2020-05-06T20:06:45.399+0200 7f79181e9700 20 osd.15 op_wq(2) _enqueue OpSchedulerItem(4.2 PGOpItem(op=osd_op(client.325546.0:51685922 4.2 4.c7d07e2 (undecoded) ondisk+read+known_if_redirected e5421) v8) prio 63 cost 47 e5421)
2020-05-06T20:06:45.399+0200 7f78fa1ad700 20 osd.15 op_wq(2) _process 4.2 to_process <> waiting <> waiting_peering {}
2020-05-06T20:06:45.399+0200 7f78fa1ad700 20 osd.15 op_wq(2) _process OpSchedulerItem(4.2 PGOpItem(op=osd_op(client.325546.0:51685922 4.2 4.c7d07e2 (undecoded) ondisk+read+known_if_redirected e5421) v8) prio 63 cost 47 e5421) queued
2020-05-06T20:06:45.399+0200 7f78fa1ad700 20 osd.15 op_wq(2) _process 4.2 to_process waiting <> waiting_peering {}
2020-05-06T20:06:45.399+0200 7f78fa1ad700 20 osd.15 op_wq(2) _process OpSchedulerItem(4.2 PGOpItem(op=osd_op(client.325546.0:51685922 4.2 4.c7d07e2 (undecoded) ondisk+read+known_if_redirected e5421) v8) prio 63 cost 47 e5421) pg 0x56445e521400
2020-05-06T20:06:45.399+0200 7f78fa1ad700 10 osd.15 5421 dequeue_op 0x56449095a9a0 prio 63 cost 47 latency 0.000043 osd_op(client.325546.0:51685922 4.2 4.c7d07e2 (undecoded) ondisk+read+known_if_redirected e5421) v8 pg pg[4.2( v 5421'12661 (5252'9200,5421'12661] local-lis/les=5414/5415 n=2 ec=66/66 lis/c=5414/5414 les/c/f=5415/5415/0 sis=5414) [15,10,11] r=0 lpr=5414 crt=5421'12661 lcod 5421'12660 mlcod 5421'12660 active+clean]
2020-05-06T20:06:45.399+0200 7f78fa1ad700 10 osd.15 pg_epoch: 5421 pg[4.2( v 5421'12661 (5252'9200,5421'12661] local-lis/les=5414/5415 n=2 ec=66/66 lis/c=5414/5414 les/c/f=5415/5415/0 sis=5414) [15,10,11] r=0 lpr=5414 crt=5421'12661 lcod 5421'12660 mlcod 5421'12660 active+clean] _handle_message: 0x56449095a9a0
2020-05-06T20:06:45.399+0200 7f78fa1ad700 20 osd.15 pg_epoch: 5421 pg[4.2( v 5421'12661 (5252'9200,5421'12661] local-lis/les=5414/5415 n=2 ec=66/66 lis/c=5414/5414 les/c/f=5415/5415/0 sis=5414) [15,10,11] r=0 lpr=5414 crt=5421'12661 lcod 5421'12660 mlcod 5421'12660 active+clean] do_op: op osd_op(client.325546.0:51685922 4.2 4:47e0be30:::.dir.5a5c812a-3d31-4d79-87e6-1a17206228ac.398022.3.9:head [call rgw.bucket_list in=47b] snapc 0=[] ondisk+read+known_if_redirected e5421) v8
2020-05-06T20:06:45.399+0200 7f78fa1ad700 20 osd.15 pg_epoch: 5421 pg[4.2( v 5421'12661 (5252'9200,5421'12661] local-lis/les=5414/5415 n=2 ec=66/66 lis/c=5414/5414 les/c/f=5415/5415/0 sis=5414) [15,10,11] r=0 lpr=5414 crt=5421'12661 lcod 5421'12660 mlcod 5421'12660 active+clean] op_has_sufficient_caps session=0x5644779650c0 pool=4 (default.rgw.buckets.index ) pool_app_metadata={rgw={}} need_read_cap=0 need_write_cap=0 classes=[class rgw method bucket_list rd 1 wr 0 wl 1] -> yes
2020-05-06T20:06:45.399+0200 7f78fa1ad700 10 osd.15 pg_epoch: 5421 pg[4.2( v 5421'12661 (5252'9200,5421'12661] local-lis/les=5414/5415 n=2 ec=66/66 lis/c=5414/5414 les/c/f=5415/5415/0 sis=5414) [15,10,11] r=0 lpr=5414 crt=5421'12661 lcod 5421'12660 mlcod 5421'12660 active+clean] do_op osd_op(client.325546.0:51685922 4.2 4:47e0be30:::.dir.5a5c812a-3d31-4d79-87e6-1a17206228ac.398022.3.9:head [call rgw.bucket_list in=47b] snapc 0=[] ondisk+read+known_if_redirected e5421) v8 may_read -> read-ordered flags ondisk+read+known_if_redirected
2020-05-06T20:06:45.399+0200 7f78fa1ad700 10 osd.15 pg_epoch: 5421 pg[4.2( v 5421'12661 (5252'9200,5421'12661] local-lis/les=5414/5415 n=2 ec=66/66 lis/c=5414/5414 les/c/f=5415/5415/0 sis=5414) [15,10,11] r=0 lpr=5414 crt=5421'12661 lcod 5421'12660 mlcod 5421'12660 active+clean] get_object_context: found obc in cache: 0x564479b41700
2020-05-06T20:06:45.399+0200 7f78fa1ad700 10 osd.15 pg_epoch: 5421 pg[4.2( v 5421'12661 (5252'9200,5421'12661] local-lis/les=5414/5415 n=2 ec=66/66 lis/c=5414/5414 les/c/f=5415/5415/0 sis=5414) [15,10,11] r=0 lpr=5414 crt=5421'12661 lcod 5421'12660 mlcod 5421'12660 active+clean] get_object_context: 0x564479b41700 4:47e0be30:::.dir.5a5c812a-3d31-4d79-87e6-1a17206228ac.398022.3.9:head rwstate(none n=0 w=0) oi: 4:47e0be30:::.dir.5a5c812a-3d31-4d79-87e6-1a17206228ac.398022.3.9:head(5421'12661 osd.15.0:15908 dirty|omap|data_digest|omap_digest s 0 uv 12261 dd ffffffff od 5ac232fe alloc_hint [0 0 0]) exists: 1 ssc: 0x564479e66520 snapset: 0=[]:{}
2020-05-06T20:06:45.399+0200 7f78fa1ad700 10 osd.15 pg_epoch: 5421 pg[4.2( v 5421'12661 (5252'9200,5421'12661] local-lis/les=5414/5415 n=2 ec=66/66 lis/c=5414/5414 les/c/f=5415/5415/0 sis=5414) [15,10,11] r=0 lpr=5414 crt=5421'12661 lcod 5421'12660 mlcod 5421'12660 active+clean] find_object_context 4:47e0be30:::.dir.5a5c812a-3d31-4d79-87e6-1a17206228ac.398022.3.9:head @head oi=4:47e0be30:::.dir.5a5c812a-3d31-4d79-87e6-1a17206228ac.398022.3.9:head(5421'12661 osd.15.0:15908 dirty|omap|data_digest|omap_digest s 0 uv 12261 dd ffffffff od 5ac232fe alloc_hint [0 0 0])
2020-05-06T20:06:45.399+0200 7f78fa1ad700 20 osd.15 pg_epoch: 5421 pg[4.2( v 5421'12661 (5252'9200,5421'12661] local-lis/les=5414/5415 n=2 ec=66/66 lis/c=5414/5414 les/c/f=5415/5415/0 sis=5414) [15,10,11] r=0 lpr=5414 crt=5421'12661 lcod 5421'12660 mlcod 5421'12660 active+clean] do_op obc obc(4:47e0be30:::.dir.5a5c812a-3d31-4d79-87e6-1a17206228ac.398022.3.9:head rwstate(read n=1 w=0))
2020-05-06T20:06:45.399+0200 7f78fa1ad700 10 osd.15 pg_epoch: 5421 pg[4.2( v 5421'12661 (5252'9200,5421'12661] local-lis/les=5414/5415 n=2 ec=66/66 lis/c=5414/5414 les/c/f=5415/5415/0 sis=5414) [15,10,11] r=0 lpr=5414 crt=5421'12661 lcod 5421'12660 mlcod 5421'12660 active+clean] execute_ctx 0x56447a964000
2020-05-06T20:06:45.399+0200 7f78fa1ad700 10 osd.15 pg_epoch: 5421 pg[4.2( v 5421'12661 (5252'9200,5421'12661] local-lis/les=5414/5415 n=2 ec=66/66 lis/c=5414/5414 les/c/f=5415/5415/0 sis=5414) [15,10,11] r=0 lpr=5414 crt=5421'12661 lcod 5421'12660 mlcod 5421'12660 active+clean] execute_ctx 4:47e0be30:::.dir.5a5c812a-3d31-4d79-87e6-1a17206228ac.398022.3.9:head [call rgw.bucket_list in=47b] ov 5421'12661
2020-05-06T20:06:45.399+0200 7f78fa1ad700 10 osd.15 pg_epoch: 5421 pg[4.2( v 5421'12661 (5252'9200,5421'12661] local-lis/les=5414/5415 n=2 ec=66/66 lis/c=5414/5414 les/c/f=5415/5415/0 sis=5414) [15,10,11] r=0 lpr=5414 crt=5421'12661 lcod 5421'12660 mlcod 5421'12660 active+clean] do_osd_op 4:47e0be30:::.dir.5a5c812a-3d31-4d79-87e6-1a17206228ac.398022.3.9:head [call rgw.bucket_list in=47b]
2020-05-06T20:06:45.399+0200 7f78fa1ad700 10 osd.15 pg_epoch: 5421 pg[4.2( v 5421'12661 (5252'9200,5421'12661] local-lis/les=5414/5415 n=2 ec=66/66 lis/c=5414/5414 les/c/f=5415/5415/0 sis=5414) [15,10,11] r=0 lpr=5414 crt=5421'12661 lcod 5421'12660 mlcod 5421'12660 active+clean] do_osd_op call rgw.bucket_list in=47b
2020-05-06T20:06:45.399+0200 7f78fa1ad700 10 osd.15 pg_epoch: 5421 pg[4.2( v 5421'12661 (5252'9200,5421'12661] local-lis/les=5414/5415 n=2 ec=66/66 lis/c=5414/5414 les/c/f=5415/5415/0 sis=5414) [15,10,11] r=0 lpr=5414 crt=5421'12661 lcod 5421'12660 mlcod 5421'12660 active+clean] call method rgw.bucket_list
2020-05-06T20:06:45.399+0200 7f78fa1ad700 10 osd.15 pg_epoch: 5421 pg[4.2( v 5421'12661 (5252'9200,5421'12661] local-lis/les=5414/5415 n=2 ec=66/66 lis/c=5414/5414 les/c/f=5415/5415/0 sis=5414) [15,10,11] r=0 lpr=5414 crt=5421'12661 lcod 5421'12660 mlcod 5421'12660 active+clean] do_osd_op 4:47e0be30:::.dir.5a5c812a-3d31-4d79-87e6-1a17206228ac.398022.3.9:head [omap-get-header]
2020-05-06T20:06:45.399+0200 7f78fa1ad700 10 osd.15 pg_epoch: 5421 pg[4.2( v 5421'12661 (5252'9200,5421'12661] local-lis/les=5414/5415 n=2 ec=66/66 lis/c=5414/5414 les/c/f=5415/5415/0 sis=5414) [15,10,11] r=0 lpr=5414 crt=5421'12661 lcod 5421'12660 mlcod 5421'12660 active+clean] do_osd_op omap-get-header
2020-05-06T20:06:45.399+0200 7f78fa1ad700 10 osd.15 pg_epoch: 5421 pg[4.2( v 5421'12661 (5252'9200,5421'12661] local-lis/les=5414/5415 n=2 ec=66/66 lis/c=5414/5414 les/c/f=5415/5415/0 sis=5414) [15,10,11] r=0 lpr=5414 crt=5421'12661 lcod 5421'12660 mlcod 5421'12660 active+clean] method called response length=110
2020-05-06T20:06:45.399+0200 7f78fa1ad700 20 osd.15 pg_epoch: 5421 pg[4.2( v 5421'12661 (5252'9200,5421'12661] local-lis/les=5414/5415 n=2 ec=66/66 lis/c=5414/5414 les/c/f=5415/5415/0 sis=5414) [15,10,11] r=0 lpr=5414 crt=5421'12661 lcod 5421'12660 mlcod 5421'12660 active+clean] execute_ctx alloc reply 0x56447560ad00 result 0
2020-05-06T20:06:45.399+0200 7f78fa1ad700 15 osd.15 pg_epoch: 5421 pg[4.2( v 5421'12661 (5252'9200,5421'12661] local-lis/les=5414/5415 n=2 ec=66/66 lis/c=5414/5414 les/c/f=5415/5415/0 sis=5414) [15,10,11] r=0 lpr=5414 crt=5421'12661 lcod 5421'12660 mlcod 5421'12660 active+clean] do_osd_op_effects client.325546 con 0x5644781f7000
2020-05-06T20:06:45.399+0200 7f78fa1ad700 15 osd.15 pg_epoch: 5421 pg[4.2( v 5421'12661 (5252'9200,5421'12661] local-lis/les=5414/5415 n=2 ec=66/66 lis/c=5414/5414 les/c/f=5415/5415/0 sis=5414) [15,10,11] r=0 lpr=5414 crt=5421'12661 lcod 5421'12660 mlcod 5421'12660 active+clean] log_op_stats osd_op(client.325546.0:51685922 4.2 4:47e0be30:::.dir.5a5c812a-3d31-4d79-87e6-1a17206228ac.398022.3.9:head [call rgw.bucket_list in=47b out=110b] snapc 0=[] ondisk+read+known_if_redirected e5421) v8 inb 0 outb 110 lat 0.000228
2020-05-06T20:06:45.399+0200 7f78fa1ad700 20 osd.15 pg_epoch: 5421 pg[4.2( v 5421'12661 (5252'9200,5421'12661] local-lis/les=5414/5415 n=2 ec=66/66 lis/c=5414/5414 les/c/f=5415/5415/0 sis=5414) [15,10,11] r=0 lpr=5414 crt=5421'12661 lcod 5421'12660 mlcod 5421'12660 active+clean] prepare_stats_for_publish reporting purged_snaps []
2020-05-06T20:06:45.399+0200 7f78fa1ad700 15 osd.15 pg_epoch: 5421 pg[4.2( v 5421'12661 (5252'9200,5421'12661] local-lis/les=5414/5415 n=2 ec=66/66 lis/c=5414/5414 les/c/f=5415/5415/0 sis=5414) [15,10,11] r=0 lpr=5414 crt=5421'12661 lcod 5421'12660 mlcod 5421'12660 active+clean] publish_stats_to_osd 5421:1159100
2020-05-06T20:06:45.399+0200 7f78fa1ad700 10 osd.15 5421 dequeue_op 0x56449095a9a0 finish
2020-05-06T20:06:45.399+0200 7f78fa1ad700 20 osd.15 op_wq(2) _process empty q, waiting
2020-05-06T20:06:45.403+0200 7f79191eb700 20 osd.15 5421 handle_osd_ping new stamps hbstamp(osd.12 up_from 5120 peer_clock_delta [1167644.885206185s,1167644.885613413s])
2020-05-06T20:06:45.403+0200 7f79181e9700 20 osd.15 5421 handle_osd_ping new stamps hbstamp(osd.12 up_from 5120 peer_clock_delta [1167644.885189936s,1167644.885613413s])
2020-05-06T20:06:45.407+0200 7f79189ea700 15 osd.15 5421 enqueue_op 0x5644922a6580 prio 127 cost 1253 latency 0.000005 epoch 5421 osd_repop(client.325546.0:51685946 4.f e5421/5414) v3
2020-05-06T20:06:45.407+0200 7f79189ea700 20 osd.15 op_wq(0) _enqueue OpSchedulerItem(4.f PGOpItem(op=osd_repop(client.325546.0:51685946 4.f e5421/5414) v3) prio 127 cost 1253 e5421)
2020-05-06T20:06:45.407+0200 7f78fb1af700 20 osd.15 op_wq(0) _process 4.f to_process <> waiting <> waiting_peering {}
2020-05-06T20:06:45.407+0200 7f78fb1af700 20 osd.15 op_wq(0) _process OpSchedulerItem(4.f PGOpItem(op=osd_repop(client.325546.0:51685946 4.f e5421/5414) v3) prio 127 cost 1253 e5421) queued
2020-05-06T20:06:45.407+0200 7f78fb1af700 20 osd.15 op_wq(0) _process 4.f to_process waiting <> waiting_peering {}
2020-05-06T20:06:45.407+0200 7f78fb1af700 20 osd.15 op_wq(0) _process OpSchedulerItem(4.f PGOpItem(op=osd_repop(client.325546.0:51685946 4.f e5421/5414) v3) prio 127 cost 1253 e5421) pg 0x56445e51e000
2020-05-06T20:06:45.407+0200 7f78fb1af700 10 osd.15 5421 dequeue_op 0x5644922a6580 prio 127 cost 1253 latency 0.000043 osd_repop(client.325546.0:51685946 4.f e5421/5414) v3 pg pg[4.f( v 5421'31372 (5421'28900,5421'31372] local-lis/les=5414/5415 n=4 ec=66/66 lis/c=5414/5414 les/c/f=5415/5415/0 sis=5414) [12,15,32] r=1 lpr=5414 luod=0'0 lua=5421'31309 crt=5421'31372 lcod 5421'31371 mlcod 5421'31370 active mbc={}]
2020-05-06T20:06:45.407+0200 7f78fb1af700 10 osd.15 pg_epoch: 5421 pg[4.f( v 5421'31372 (5421'28900,5421'31372] local-lis/les=5414/5415 n=4 ec=66/66 lis/c=5414/5414 les/c/f=5415/5415/0 sis=5414) [12,15,32] r=1 lpr=5414 luod=0'0 lua=5421'31309 crt=5421'31372 lcod 5421'31371 mlcod 5421'31370 active mbc={}] _handle_message: 0x5644922a6580
2020-05-06T20:06:45.407+0200 7f78fb1af700 10 osd.15 pg_epoch: 5421 pg[4.f( v 5421'31372 (5421'28900,5421'31372] local-lis/les=5414/5415 n=4 ec=66/66 lis/c=5414/5414 les/c/f=5415/5415/0 sis=5414) [12,15,32] r=1 lpr=5414 luod=0'0 lua=5421'31309 crt=5421'31372 lcod 5421'31371 mlcod 5421'31370 active mbc={}] do_repop 4:f6e9cd68:::.dir.5a5c812a-3d31-4d79-87e6-1a17206228ac.325552.2.0:head v 5421'31373 (transaction) 228
2020-05-06T20:06:45.407+0200 7f78fb1af700 10 osd.15 pg_epoch: 5421 pg[4.f( v 5421'31372 (5421'28900,5421'31372] local-lis/les=5414/5415 n=4 ec=66/66 lis/c=5414/5414 les/c/f=5415/5415/0 sis=5414) [12,15,32] r=1 lpr=5414 luod=0'0 lua=5421'31309 crt=5421'31372 lcod 5421'31371 mlcod 5421'31370 active mbc={}] append_log log((5421'28900,5421'31372], crt=5421'31372) [5421'31373 (5421'31372) modify 4:f6e9cd68:::.dir.5a5c812a-3d31-4d79-87e6-1a17206228ac.325552.2.0:head by client.325546.0:51685946
2020-05-06T20:06:45.411454+0200 0 ObjectCleanRegions clean_offsets: [0~18446744073709551615], clean_omap: 0, new_object: 0]
2020-05-06T20:06:45.407+0200 7f78fb1af700 10 osd.15 pg_epoch: 5421 pg[4.f( v 5421'31373 (5421'28900,5421'31373] local-lis/les=5414/5415 n=4 ec=66/66 lis/c=5414/5414 les/c/f=5415/5415/0 sis=5414) [12,15,32] r=1 lpr=5414 luod=0'0 lua=5421'31309 crt=5421'31372 lcod 5421'31371 mlcod 5421'31370 active mbc={}] add_log_entry 5421'31373 (5421'31372) modify 4:f6e9cd68:::.dir.5a5c812a-3d31-4d79-87e6-1a17206228ac.325552.2.0:head by client.325546.0:51685946
2020-05-06T20:06:45.411454+0200 0 ObjectCleanRegions clean_offsets: [0~18446744073709551615], clean_omap: 0, new_object: 0
2020-05-06T20:06:45.407+0200 7f78fb1af700 20 osd.15 pg_epoch: 5421 pg[4.f( v 5421'31373 (5421'28900,5421'31373] local-lis/les=5414/5415 n=4 ec=66/66 lis/c=5414/5414 les/c/f=5415/5415/0 sis=5414) [12,15,32] r=1 lpr=5414 luod=0'0 lua=5421'31309 crt=5421'31373 lcod 5421'31371 mlcod 5421'31370 active mbc={}] rollforward: entry=5421'31373 (5421'31372) modify 4:f6e9cd68:::.dir.5a5c812a-3d31-4d79-87e6-1a17206228ac.325552.2.0:head by client.325546.0:51685946
2020-05-06T20:06:45.411454+0200 0 ObjectCleanRegions clean_offsets: [0~18446744073709551615], clean_omap: 0, new_object: 0
2020-05-06T20:06:45.407+0200 7f78fb1af700 10 osd.15 pg_epoch: 5421 pg[4.f( v 5421'31373 (5421'28900,5421'31373] local-lis/les=5414/5415 n=4 ec=66/66 lis/c=5414/5414 les/c/f=5415/5415/0 sis=5414) [12,15,32] r=1 lpr=5414 luod=0'0 lua=5421'31309 crt=5421'31373 lcod 5421'31371 mlcod 5421'31370 active mbc={}] append_log approx pg log length = 2473
2020-05-06T20:06:45.407+0200 7f78fb1af700 10 osd.15 pg_epoch: 5421 pg[4.f( v 5421'31373 (5421'28900,5421'31373] local-lis/les=5414/5415 n=4 ec=66/66 lis/c=5414/5414 les/c/f=5415/5415/0 sis=5414) [12,15,32] r=1 lpr=5414 luod=0'0 lua=5421'31309 crt=5421'31373 lcod 5421'31371 mlcod 5421'31370 active mbc={}] append_log transaction_applied = 1
2020-05-06T20:06:45.407+0200 7f78fb1af700 10 trim proposed trim_to = 5421'28900
2020-05-06T20:06:45.407+0200 7f78fb1af700 6 write_log_and_missing with: dirty_to: 0'0, dirty_from: 4294967295'18446744073709551615, writeout_from: 5421'31373, trimmed: , trimmed_dups: , clear_divergent_priors: 0
2020-05-06T20:06:45.407+0200 7f78fb1af700 10 osd.15 5421 dequeue_op 0x5644922a6580 finish
2020-05-06T20:06:45.407+0200 7f78fb1af700 20 osd.15 op_wq(0) _process empty q, waiting
2020-05-06T20:06:45.407+0200 7f78fb1af700 10 osd.15 pg_epoch: 5421 pg[4.f( v 5421'31373 (5421'28900,5421'31373] local-lis/les=5414/5415 n=4 ec=66/66 lis/c=5414/5414 les/c/f=5415/5415/0 sis=5414) [12,15,32] r=1 lpr=5414 luod=0'0 lua=5421'31309 crt=5421'31373 lcod 5421'31371 mlcod 5421'31371 active mbc={}] repop_commit on op osd_repop(client.325546.0:51685946 4.f e5421/5414 4:f6e9cd68:::.dir.5a5c812a-3d31-4d79-87e6-1a17206228ac.325552.2.0:head v 5421'31373, mlcod=5421'31371) v3, sending commit to osd.12
2020-05-06T20:06:45.407+0200 7f78fb1af700 20 osd.15 op_wq(0) _process empty q, waiting
2020-05-06T20:06:45.411+0200 7f79189ea700 20 osd.15 5421 handle_osd_ping new stamps hbstamp(osd.37 up_from 5167 peer_clock_delta [1167441.644610003s,1167441.645300757s])
2020-05-06T20:06:45.411+0200 7f79181e9700 20 osd.15 5421 handle_osd_ping new stamps hbstamp(osd.37 up_from 5167 peer_clock_delta [1167441.644586800s,1167441.645300757s])
2020-05-06T20:06:45.419+0200 7f79189ea700 20 osd.15 5421 handle_osd_ping new stamps hbstamp(osd.26 up_from 5134 peer_clock_delta [1167579.071901301s,1167579.072351949s])
2020-05-06T20:06:45.419+0200 7f79181e9700 20 osd.15 5421 handle_osd_ping new stamps hbstamp(osd.26 up_from 5134 peer_clock_delta [1167579.071889603s,1167579.072351949s])
2020-05-06T20:06:45.431+0200 7f79189ea700 15 osd.15 5421 enqueue_peering_evt 4.f epoch_sent: 5421 epoch_requested: 5421 MLease epoch 5421 from osd.12 pg_lease(ru 1203409.083829117s ub 1203417.083910708s int 16s)
2020-05-06T20:06:45.431+0200 7f79189ea700 20 osd.15 op_wq(0) _enqueue OpSchedulerItem(4.f PGPeeringEvent(epoch_sent: 5421 epoch_requested: 5421 MLease epoch 5421 from osd.12 pg_lease(ru 1203409.083829117s ub 1203417.083910708s int 16s)) prio 255 cost 10 e5421)
2020-05-06T20:06:45.431+0200 7f78fb1af700 20 osd.15 op_wq(0) _process 4.f to_process <> waiting <> waiting_peering {}
2020-05-06T20:06:45.431+0200 7f78fb1af700 20 osd.15 op_wq(0) _process OpSchedulerItem(4.f PGPeeringEvent(epoch_sent: 5421 epoch_requested: 5421 MLease epoch 5421 from osd.12 pg_lease(ru 1203409.083829117s ub 1203417.083910708s int 16s)) prio 255 cost 10 e5421) queued
2020-05-06T20:06:45.431+0200 7f78fb1af700 20 osd.15 op_wq(0) _process 4.f to_process waiting <> waiting_peering {}
2020-05-06T20:06:45.431+0200 7f78fb1af700 20 osd.15 op_wq(0) _process OpSchedulerItem(4.f PGPeeringEvent(epoch_sent: 5421 epoch_requested: 5421 MLease epoch 5421 from osd.12 pg_lease(ru 1203409.083829117s ub 1203417.083910708s int 16s)) prio 255 cost 10 e5421) pg 0x56445e51e000
2020-05-06T20:06:45.431+0200 7f78fb1af700 10 osd.15 pg_epoch: 5421 pg[4.f( v 5421'31373 (5421'28900,5421'31373] local-lis/les=5414/5415 n=4 ec=66/66 lis/c=5414/5414 les/c/f=5415/5415/0 sis=5414) [12,15,32] r=1 lpr=5414 luod=0'0 lua=5421'31309 crt=5421'31373 lcod 5421'31372 mlcod 5421'31371 active mbc={}] do_peering_event: epoch_sent: 5421 epoch_requested: 5421 MLease epoch 5421 from osd.12 pg_lease(ru 1203409.083829117s ub 1203417.083910708s int 16s)
2020-05-06T20:06:45.431+0200 7f78fb1af700 10 osd.15 pg_epoch: 5421 pg[4.f( v 5421'31373 (5421'28900,5421'31373] local-lis/les=5414/5415 n=4 ec=66/66 lis/c=5414/5414 les/c/f=5415/5415/0 sis=5414) [12,15,32] r=1 lpr=5414 luod=0'0 lua=5421'31309 crt=5421'31373 lcod 5421'31372 mlcod 5421'31371 active mbc={}] proc_lease pg_lease(ru 1203409.083829117s ub 1203417.083910708s int 16s)
2020-05-06T20:06:45.431+0200 7f78fb1af700 20 osd.15 pg_epoch: 5421 pg[4.f( v 5421'31373 (5421'28900,5421'31373] local-lis/les=5414/5415 n=4 ec=66/66 lis/c=5414/5414 les/c/f=5415/5415/0 sis=5414) [12,15,32] r=1 lpr=5414 luod=0'0 lua=5421'31309 crt=5421'31373 lcod 5421'31372 mlcod 5421'31371 active mbc={}] peer_clock_delta_ub 1167644.885613413s -> ru 35764.198215704s
2020-05-06T20:06:45.431+0200 7f78fb1af700 20 osd.15 pg_epoch: 5421 pg[4.f( v 5421'31373 (5421'28900,5421'31373] local-lis/les=5414/5415 n=4 ec=66/66 lis/c=5414/5414 les/c/f=5415/5415/0 sis=5414) [12,15,32] r=1 lpr=5414 luod=0'0 lua=5421'31309 crt=5421'31373 lcod 5421'31372 mlcod 5421'31371 active mbc={}] proc_lease readable_until now 35764.198215704s
2020-05-06T20:06:45.431+0200 7f78fb1af700 20 osd.15 pg_epoch: 5421 pg[4.f( v 5421'31373 (5421'28900,5421'31373] local-lis/les=5414/5415 n=4 ec=66/66 lis/c=5414/5414 les/c/f=5415/5415/0 sis=5414) [12,15,32] r=1 lpr=5414 luod=0'0 lua=5421'31309 crt=5421'31373 lcod 5421'31372 mlcod 5421'31371 active mbc={}] peer_clock_delta_lb 1167644.885189936s -> ruub 35772.198720772s
2020-05-06T20:06:45.431+0200 7f78fb1af700 20 osd.15 pg_epoch: 5421 pg[4.f( v 5421'31373 (5421'28900,5421'31373] local-lis/les=5414/5415 n=4 ec=66/66 lis/c=5414/5414 les/c/f=5415/5415/0 sis=5414) [12,15,32] r=1 lpr=5414 luod=0'0 lua=5421'31309 crt=5421'31373 lcod 5421'31372 mlcod 5421'31371 active mbc={}] proc_lease readable_until_ub now 35772.198720772s
2020-05-06T20:06:45.431+0200 7f78fb1af700 10 log is not dirty
2020-05-06T20:06:45.431+0200 7f78fb1af700 20 osd.15 op_wq(0) _process empty q, waiting
2020-05-06T20:06:45.487+0200 7f79189ea700 15 osd.15 5421 enqueue_peering_evt 4.13 epoch_sent: 5421 epoch_requested: 5421 MLease epoch 5421 from osd.30 pg_lease(ru 1203410.824689739s ub 1203418.824777992s int 16s)
2020-05-06T20:06:45.487+0200 7f79189ea700 20 osd.15 op_wq(4) _enqueue OpSchedulerItem(4.13 PGPeeringEvent(epoch_sent: 5421 epoch_requested: 5421 MLease epoch 5421 from osd.30 pg_lease(ru 1203410.824689739s ub 1203418.824777992s int 16s)) prio 255 cost 10 e5421)
2020-05-06T20:06:45.487+0200 7f79181e9700 15 osd.15 5421 enqueue_peering_evt 6.d epoch_sent: 5421 epoch_requested: 5421 MLease epoch 5421 from osd.38 pg_lease(ru 1203579.729155667s ub 1203587.729236415s int 16s)
2020-05-06T20:06:45.487+0200 7f79181e9700 20 osd.15 op_wq(3) _enqueue OpSchedulerItem(6.d PGPeeringEvent(epoch_sent: 5421 epoch_requested: 5421 MLease epoch 5421 from osd.38 pg_lease(ru 1203579.729155667s ub 1203587.729236415s int 16s)) prio 255 cost 10 e5421)
2020-05-06T20:06:45.487+0200 7f78f91ab700 20 osd.15 op_wq(4) _process 4.13 to_process <> waiting <> waiting_peering {}
2020-05-06T20:06:45.487+0200 7f78f99ac700 20 osd.15 op_wq(3) _process 6.d to_process <> waiting <> waiting_peering {}
2020-05-06T20:06:45.487+0200 7f78f91ab700 20 osd.15 op_wq(4) _process OpSchedulerItem(4.13 PGPeeringEvent(epoch_sent: 5421 epoch_requested: 5421 MLease epoch 5421 from osd.30 pg_lease(ru 1203410.824689739s ub 1203418.824777992s int 16s)) prio 255 cost 10 e5421) queued
2020-05-06T20:06:45.487+0200 7f78f99ac700 20 osd.15 op_wq(3) _process OpSchedulerItem(6.d PGPeeringEvent(epoch_sent: 5421 epoch_requested: 5421 MLease epoch 5421 from osd.38 pg_lease(ru 1203579.729155667s ub 1203587.729236415s int 16s)) prio 255 cost 10 e5421) queued
2020-05-06T20:06:45.487+0200 7f78f91ab700 20 osd.15 op_wq(4) _process 4.13 to_process waiting <> waiting_peering {}
2020-05-06T20:06:45.487+0200 7f78f91ab700 20 osd.15 op_wq(4) _process OpSchedulerItem(4.13 PGPeeringEvent(epoch_sent: 5421 epoch_requested: 5421 MLease epoch 5421 from osd.30 pg_lease(ru 1203410.824689739s ub 1203418.824777992s int 16s)) prio 255 cost 10 e5421) pg 0x56445f4b2800
2020-05-06T20:06:45.487+0200 7f78f99ac700 20 osd.15 op_wq(3) _process 6.d to_process waiting <> waiting_peering {}
2020-05-06T20:06:45.487+0200 7f78f99ac700 20 osd.15 op_wq(3) _process OpSchedulerItem(6.d PGPeeringEvent(epoch_sent: 5421 epoch_requested: 5421 MLease epoch 5421 from osd.38 pg_lease(ru 1203579.729155667s ub 1203587.729236415s int 16s)) prio 255 cost 10 e5421) pg 0x56445f06e800
2020-05-06T20:06:45.487+0200 7f78f91ab700 10 osd.15 pg_epoch: 5421 pg[4.13( v 5421'5899 (5189'3400,5421'5899] local-lis/les=5414/5415 n=5 ec=66/66 lis/c=5414/5414 les/c/f=5415/5415/0 sis=5414) [30,4,15] r=2 lpr=5414 luod=0'0 crt=5421'5895 mlcod 5421'5877 active mbc={}] do_peering_event: epoch_sent: 5421 epoch_requested: 5421 MLease epoch 5421 from osd.30 pg_lease(ru 1203410.824689739s ub 1203418.824777992s int 16s)
2020-05-06T20:06:45.487+0200 7f78f99ac700 10 osd.15 pg_epoch: 5421 pg[6.d( v 5421'1053 (0'0,5421'1053] local-lis/les=5414/5415 n=1 ec=68/68 lis/c=5414/5414 les/c/f=5415/5415/0 sis=5414) [38,1,15] r=2 lpr=5414 luod=0'0 lua=5415'912 crt=5421'1053 lcod 5421'1052 mlcod 5421'1051 active mbc={}] do_peering_event: epoch_sent: 5421 epoch_requested: 5421 MLease epoch 5421 from osd.38 pg_lease(ru 1203579.729155667s ub 1203587.729236415s int 16s)
2020-05-06T20:06:45.487+0200 7f78f91ab700 10 osd.15 pg_epoch: 5421 pg[4.13( v 5421'5899 (5189'3400,5421'5899] local-lis/les=5414/5415 n=5 ec=66/66 lis/c=5414/5414 les/c/f=5415/5415/0 sis=5414) [30,4,15] r=2 lpr=5414 luod=0'0 crt=5421'5895 mlcod 5421'5877 active mbc={}] proc_lease pg_lease(ru 1203410.824689739s ub 1203418.824777992s int 16s)
2020-05-06T20:06:45.487+0200 7f78f99ac700 10 osd.15 pg_epoch: 5421 pg[6.d( v 5421'1053 (0'0,5421'1053] local-lis/les=5414/5415 n=1 ec=68/68 lis/c=5414/5414 les/c/f=5415/5415/0 sis=5414) [38,1,15] r=2 lpr=5414 luod=0'0 lua=5415'912 crt=5421'1053 lcod 5421'1052 mlcod 5421'1051 active mbc={}] proc_lease pg_lease(ru 1203579.729155667s ub 1203587.729236415s int 16s)
2020-05-06T20:06:45.487+0200 7f78f91ab700 20 osd.15 pg_epoch: 5421 pg[4.13( v 5421'5899 (5189'3400,5421'5899] local-lis/les=5414/5415 n=5 ec=66/66 lis/c=5414/5414 les/c/f=5415/5415/0 sis=5414) [30,4,15] r=2 lpr=5414 luod=0'0 crt=5421'5895 mlcod 5421'5877 active mbc={}] peer_clock_delta_ub 1167646.570980915s -> ru 35764.253708824s
2020-05-06T20:06:45.487+0200 7f78f99ac700 20 osd.15 pg_epoch: 5421 pg[6.d( v 5421'1053 (0'0,5421'1053] local-lis/les=5414/5415 n=1 ec=68/68 lis/c=5414/5414 les/c/f=5415/5415/0 sis=5414) [38,1,15] r=2 lpr=5414 luod=0'0 lua=5415'912 crt=5421'1053 lcod 5421'1052 mlcod 5421'1051 active mbc={}] peer_clock_delta_ub 1167815.475414376s -> ru 35764.253741291s
2020-05-06T20:06:45.487+0200 7f78f91ab700 20 osd.15 pg_epoch: 5421 pg[4.13( v 5421'5899 (5189'3400,5421'5899] local-lis/les=5414/5415 n=5 ec=66/66 lis/c=5414/5414 les/c/f=5415/5415/0 sis=5414) [30,4,15] r=2 lpr=5414 luod=0'0 crt=5421'5895 mlcod 5421'5877 active mbc={}] proc_lease readable_until now 35764.253708824s
2020-05-06T20:06:45.487+0200 7f78f99ac700 20 osd.15 pg_epoch: 5421 pg[6.d( v 5421'1053 (0'0,5421'1053] local-lis/les=5414/5415 n=1 ec=68/68 lis/c=5414/5414 les/c/f=5415/5415/0 sis=5414) [38,1,15] r=2 lpr=5414 luod=0'0 lua=5415'912 crt=5421'1053 lcod 5421'1052 mlcod 5421'1051 active mbc={}] proc_lease readable_until now 35764.253741291s
2020-05-06T20:06:45.487+0200 7f78f91ab700 20 osd.15 pg_epoch: 5421 pg[4.13( v 5421'5899 (5189'3400,5421'5899] local-lis/les=5414/5415 n=5 ec=66/66 lis/c=5414/5414 les/c/f=5415/5415/0 sis=5414) [30,4,15] r=2 lpr=5414 luod=0'0 crt=5421'5895 mlcod 5421'5877 active mbc={}] peer_clock_delta_lb 1167646.570277407s -> ruub 35772.254500585s
2020-05-06T20:06:45.487+0200 7f78f99ac700 20 osd.15 pg_epoch: 5421 pg[6.d( v 5421'1053 (0'0,5421'1053] local-lis/les=5414/5415 n=1 ec=68/68 lis/c=5414/5414 les/c/f=5415/5415/0 sis=5414) [38,1,15] r=2 lpr=5414 luod=0'0 lua=5415'912 crt=5421'1053 lcod 5421'1052 mlcod 5421'1051 active mbc={}] peer_clock_delta_lb 1167815.474817700s -> ruub 35772.254418715s
2020-05-06T20:06:45.487+0200 7f78f91ab700 20 osd.15 pg_epoch: 5421 pg[4.13( v 5421'5899 (5189'3400,5421'5899] local-lis/les=5414/5415 n=5 ec=66/66 lis/c=5414/5414 les/c/f=5415/5415/0 sis=5414) [30,4,15] r=2 lpr=5414 luod=0'0 crt=5421'5895 mlcod 5421'5877 active mbc={}] proc_lease readable_until_ub now 35772.254500585s
2020-05-06T20:06:45.487+0200 7f78f99ac700 20 osd.15 pg_epoch: 5421 pg[6.d( v 5421'1053 (0'0,5421'1053] local-lis/les=5414/5415 n=1 ec=68/68 lis/c=5414/5414 les/c/f=5415/5415/0 sis=5414) [38,1,15] r=2 lpr=5414 luod=0'0 lua=5415'912 crt=5421'1053 lcod 5421'1052 mlcod 5421'1051 active mbc={}] proc_lease readable_until_ub now 35772.254418715s
2020-05-06T20:06:45.487+0200 7f78f91ab700 10 log is not dirty
2020-05-06T20:06:45.487+0200 7f78f99ac700 10 log is not dirty
2020-05-06T20:06:45.487+0200 7f78f91ab700 20 osd.15 op_wq(4) _process empty q, waiting
2020-05-06T20:06:45.487+0200 7f78f99ac700 20 osd.15 op_wq(3) _process empty q, waiting
2020-05-06T20:06:45.491+0200 7f78fc1b1700 15 osd.15 5421 enqueue_peering_evt 7.3 epoch_sent: 5414 epoch_requested: 5414 RenewLease
2020-05-06T20:06:45.491+0200 7f78fc1b1700 20 osd.15 op_wq(3) _enqueue OpSchedulerItem(7.3 PGPeeringEvent(epoch_sent: 5414 epoch_requested: 5414 RenewLease) prio 255 cost 10 e5414)
2020-05-06T20:06:45.491+0200 7f78f99ac700 20 osd.15 op_wq(3) _process 7.3 to_process <> waiting <> waiting_peering {}
2020-05-06T20:06:45.491+0200 7f78f99ac700 20 osd.15 op_wq(3) _process OpSchedulerItem(7.3 PGPeeringEvent(epoch_sent: 5414 epoch_requested: 5414 RenewLease) prio 255 cost 10 e5414) queued
2020-05-06T20:06:45.491+0200 7f78f99ac700 20 osd.15 op_wq(3) _process 7.3 to_process waiting <> waiting_peering {}
2020-05-06T20:06:45.491+0200 7f78f99ac700 20 osd.15 op_wq(3) _process OpSchedulerItem(7.3 PGPeeringEvent(epoch_sent: 5414 epoch_requested: 5414 RenewLease) prio 255 cost 10 e5414) pg 0x56445f06b400
2020-05-06T20:06:45.491+0200 7f78f99ac700 10 osd.15 pg_epoch: 5421 pg[7.3( v 5416'210 (0'0,5416'210] local-lis/les=5414/5415 n=2 ec=74/74 lis/c=5414/5414 les/c/f=5415/5415/0 sis=5414) [15,29,31] r=0 lpr=5414 crt=5413'208 lcod 5416'209 mlcod 5416'209 active+clean] do_peering_event: epoch_sent: 5414 epoch_requested: 5414 RenewLease
2020-05-06T20:06:45.491+0200 7f78f99ac700 20 osd.15 pg_epoch: 5421 pg[7.3( v 5416'210 (0'0,5416'210] local-lis/les=5414/5415 n=2 ec=74/74 lis/c=5414/5414 les/c/f=5415/5415/0 sis=5414) [15,29,31] r=0 lpr=5414 crt=5413'208 lcod 5416'209 mlcod 5416'209 active+clean] recalc_readable_until peer osd.29 ruub 35764.260494946s
2020-05-06T20:06:45.491+0200 7f78f99ac700 20 osd.15 pg_epoch: 5421 pg[7.3( v 5416'210 (0'0,5416'210] local-lis/les=5414/5415 n=2 ec=74/74 lis/c=5414/5414 les/c/f=5415/5415/0 sis=5414) [15,29,31] r=0 lpr=5414 crt=5413'208 lcod 5416'209 mlcod 5416'209 active+clean] recalc_readable_until peer osd.31 ruub 35764.260494946s
2020-05-06T20:06:45.491+0200 7f78f99ac700 20 osd.15 pg_epoch: 5421 pg[7.3( v 5416'210 (0'0,5416'210] local-lis/les=5414/5415 n=2 ec=74/74 lis/c=5414/5414 les/c/f=5415/5415/0 sis=5414) [15,29,31] r=0 lpr=5414 crt=5413'208 lcod 5416'209 mlcod 5416'209 active+clean] recalc_readable_until readable_until[_ub] 35764.260494946s (sent 35772.260608261s)
2020-05-06T20:06:45.491+0200 7f78f99ac700 10 log is not dirty
2020-05-06T20:06:45.491+0200 7f78f99ac700 20 osd.15 op_wq(3) _process empty q, waiting
2020-05-06T20:06:45.491+0200 7f79189ea700 15 osd.15 5421 enqueue_peering_evt 7.3 epoch_sent: 5421 epoch_requested: 5421 MLeaseAck epoch 5421 from osd.31 pg_lease_ack(ruub 35772.260608261s)
2020-05-06T20:06:45.491+0200 7f79189ea700 20 osd.15 op_wq(3) _enqueue OpSchedulerItem(7.3 PGPeeringEvent(epoch_sent: 5421 epoch_requested: 5421 MLeaseAck epoch 5421 from osd.31 pg_lease_ack(ruub 35772.260608261s)) prio 255 cost 10 e5421)
2020-05-06T20:06:45.491+0200 7f79181e9700 15 osd.15 5421 enqueue_peering_evt 7.3 epoch_sent: 5421 epoch_requested: 5421 MLeaseAck epoch 5421 from osd.29 pg_lease_ack(ruub 35772.260608261s)
2020-05-06T20:06:45.491+0200 7f79181e9700 20 osd.15 op_wq(3) _enqueue OpSchedulerItem(7.3 PGPeeringEvent(epoch_sent: 5421 epoch_requested: 5421 MLeaseAck epoch 5421 from osd.29 pg_lease_ack(ruub 35772.260608261s)) prio 255 cost 10 e5421)
2020-05-06T20:06:45.491+0200 7f78f99ac700 20 osd.15 op_wq(3) _process 7.3 to_process <> waiting <> waiting_peering {}
2020-05-06T20:06:45.491+0200 7f78f99ac700 20 osd.15 op_wq(3) _process OpSchedulerItem(7.3 PGPeeringEvent(epoch_sent: 5421 epoch_requested: 5421 MLeaseAck epoch 5421 from osd.31 pg_lease_ack(ruub 35772.260608261s)) prio 255 cost 10 e5421) queued
2020-05-06T20:06:45.491+0200 7f78f99ac700 20 osd.15 op_wq(3) _process 7.3 to_process waiting <> waiting_peering {}
2020-05-06T20:06:45.491+0200 7f78f99ac700 20 osd.15 op_wq(3) _process OpSchedulerItem(7.3 PGPeeringEvent(epoch_sent: 5421 epoch_requested: 5421 MLeaseAck epoch 5421 from osd.31 pg_lease_ack(ruub 35772.260608261s)) prio 255 cost 10 e5421) pg 0x56445f06b400
2020-05-06T20:06:45.491+0200 7f78f99ac700 10 osd.15 pg_epoch: 5421 pg[7.3( v 5416'210 (0'0,5416'210] local-lis/les=5414/5415 n=2 ec=74/74 lis/c=5414/5414 les/c/f=5415/5415/0 sis=5414) [15,29,31] r=0 lpr=5414 crt=5413'208 lcod 5416'209 mlcod 5416'209 active+clean] do_peering_event: epoch_sent: 5421 epoch_requested: 5421 MLeaseAck epoch 5421 from osd.31 pg_lease_ack(ruub 35772.260608261s)
2020-05-06T20:06:45.491+0200 7f78f99ac700 20 osd.15 pg_epoch: 5421 pg[7.3( v 5416'210 (0'0,5416'210] local-lis/les=5414/5415 n=2 ec=74/74 lis/c=5414/5414 les/c/f=5415/5415/0 sis=5414) [15,29,31] r=0 lpr=5414 crt=5413'208 lcod 5416'209 mlcod 5416'209 active+clean] recalc_readable_until peer osd.29 ruub 35764.260494946s
2020-05-06T20:06:45.491+0200 7f78f99ac700 20 osd.15 pg_epoch: 5421 pg[7.3( v 5416'210 (0'0,5416'210] local-lis/les=5414/5415 n=2 ec=74/74 lis/c=5414/5414 les/c/f=5415/5415/0 sis=5414) [15,29,31] r=0 lpr=5414 crt=5413'208 lcod 5416'209 mlcod 5416'209 active+clean] recalc_readable_until peer osd.31 ruub 35772.260608261s
