2020-02-19 02:19:08.533 f1d3bb84 25 -- 10.244.3.182:0/2268322028 >> v1:10.105.28.199:6789/0 conn(0x1452d30 legacy=0x1450fb0 unknown :-1 s=STATE_CONNECTION_ESTABLISHED l=1).read_until got 21 in buffer left is 0 buffer still has 0
2020-02-19 02:19:08.533 f1d3bb84 20 --1- 10.244.3.182:0/2268322028 >> v1:10.105.28.199:6789/0 conn(0x1452d30 0x1450fb0 :-1 s=READ_FOOTER_AND_DISPATCH pgs=48566 cs=1 l=1).handle_message_footer r=0
2020-02-19 02:19:08.533 f1d3bb84 10 --1- 10.244.3.182:0/2268322028 >> v1:10.105.28.199:6789/0 conn(0x1452d30 0x1450fb0 :-1 s=READ_FOOTER_AND_DISPATCH pgs=48566 cs=1 l=1).handle_message_footer aborted = 0
2020-02-19 02:19:08.533 f1d3bb84 20 --1- 10.244.3.182:0/2268322028 >> v1:10.105.28.199:6789/0 conn(0x1452d30 0x1450fb0 :-1 s=READ_FOOTER_AND_DISPATCH pgs=48566 cs=1 l=1).handle_message_footer got 377 + 0 + 0 byte message
2020-02-19 02:19:08.533 f1d3bb84 10 --1- 10.244.3.182:0/2268322028 >> v1:10.105.28.199:6789/0 conn(0x1452d30 0x1450fb0 :-1 s=READ_FOOTER_AND_DISPATCH pgs=48566 cs=1 l=1).handle_message_footer no session security set
2020-02-19 02:19:08.533 f1d3bb84 5 --1- 10.244.3.182:0/2268322028 >> v1:10.105.28.199:6789/0 conn(0x1452d30 0x1450fb0 :-1 s=READ_FOOTER_AND_DISPATCH pgs=48566 cs=1 l=1). rx mon.2 seq 3 0x1454870 mon_map magic: 0 v1
2020-02-19 02:19:08.533 f1d3bb84 20 -- 10.244.3.182:0/2268322028 queue 0x1454870 prio 196
2020-02-19 02:19:08.533 f1d3bb84 20 --1- 10.244.3.182:0/2268322028 >> v1:10.105.28.199:6789/0 conn(0x1452d30 0x1450fb0 :-1 s=OPENED pgs=48566 cs=1 l=1).wait_message
2020-02-19 02:19:08.533 f1d3bb84 20 -- 10.244.3.182:0/2268322028 >> v1:10.105.28.199:6789/0 conn(0x1452d30 legacy=0x1450fb0 unknown :-1 s=STATE_CONNECTION_ESTABLISHED l=1).read start len=1
2020-02-19 02:19:08.533 f1d3bb84 25 -- 10.244.3.182:0/2268322028 >> v1:10.105.28.199:6789/0 conn(0x1452d30 legacy=0x1450fb0 unknown :-1 s=STATE_CONNECTION_ESTABLISHED l=1).read_until len is 1 state_offset is 0
2020-02-19 02:19:08.533 f1d3bb84 25 -- 10.244.3.182:0/2268322028 >> v1:10.105.28.199:6789/0 conn(0x1452d30 legacy=0x1450fb0 unknown :-1 s=STATE_CONNECTION_ESTABLISHED l=1).read_until read_bulk recv_end is 0 left is 1 got 0
2020-02-19 02:19:08.533 f1d3bb84 25 -- 10.244.3.182:0/2268322028 >> v1:10.105.28.199:6789/0 conn(0x1452d30 legacy=0x1450fb0 unknown :-1 s=STATE_CONNECTION_ESTABLISHED l=1).read_until need len 1 remaining 1 bytes
2020-02-19 02:19:08.533 f1d17b84 1 -- 10.244.3.182:0/2268322028 <== mon.2 v1:10.105.28.199:6789/0 2 ==== auth_reply(proto 2 0 (0) No error information) v1 ==== 390+0+0 (unknown 2029696891 0 0) 0x13b9230 con 0x1452d30
2020-02-19 02:19:08.533 f1d17b84 1 -- 10.244.3.182:0/2268322028 >> v2:10.105.28.199:3300/0 conn(0x1470bf0 msgr2=0x1452790 unknown :-1 s=STATE_CONNECTING l=0).mark_down
2020-02-19 02:19:08.533 f1d17b84 1 --2- 10.244.3.182:0/2268322028 >> v2:10.105.28.199:3300/0 conn(0x1470bf0 0x1452790 unknown :-1 s=START_CONNECT pgs=0 cs=0 l=0 rx=0 tx=0).stop
2020-02-19 02:19:08.533 f1d17b84 10 --2- 10.244.3.182:0/2268322028 >> v2:10.105.28.199:3300/0 conn(0x1470bf0 0x1452790 unknown :-1 s=START_CONNECT pgs=0 cs=0 l=0 rx=0 tx=0).discard_out_queue started
2020-02-19 02:19:08.533 f1d17b84 20 --2- 10.244.3.182:0/2268322028 >> v2:10.105.28.199:3300/0 conn(0x1470bf0 0x1452790 unknown :-1 s=START_CONNECT pgs=0 cs=0 l=0 rx=0 tx=0).discard_out_queue discard mon_getmap magic: 0 v1
2020-02-19 02:19:08.533 f1d17b84 1 -- 10.244.3.182:0/2268322028 --> v1:10.105.28.199:6789/0 -- mon_subscribe({config=0+,monmap=0+}) v3 -- 0x14525e0 con 0x1452d30
2020-02-19 02:19:08.533 f1d17b84 15 --1- 10.244.3.182:0/2268322028 >> v1:10.105.28.199:6789/0 conn(0x1452d30 0x1450fb0 :-1 s=OPENED pgs=48566 cs=1 l=1).send_message inline write is denied, reschedule m=0x14525e0
2020-02-19 02:19:08.533 f1d3bb84 10 -- 10.244.3.182:0/2268322028 >> v1:10.105.28.199:6789/0 conn(0x1452d30 legacy=0x1450fb0 unknown :-1 s=STATE_CONNECTION_ESTABLISHED l=1).handle_write
2020-02-19 02:19:08.533 f1d3bb84 10 --1- 10.244.3.182:0/2268322028 >> v1:10.105.28.199:6789/0 conn(0x1452d30 0x1450fb0 :-1 s=OPENED pgs=48566 cs=1 l=1).write_event
2020-02-19 02:19:08.533 f1d3bb84 20 --1- 10.244.3.182:0/2268322028 >> v1:10.105.28.199:6789/0 conn(0x1452d30 0x1450fb0 :-1 s=OPENED pgs=48566 cs=1 l=1).prepare_send_message m mon_subscribe({config=0+,monmap=0+}) v3
2020-02-19 02:19:08.533 f1d3bb84 20 --1- 10.244.3.182:0/2268322028 >> v1:10.105.28.199:6789/0 conn(0x1452d30 0x1450fb0 :-1 s=OPENED pgs=48566 cs=1 l=1).prepare_send_message encoding features 4611087854031667199 0x14525e0 mon_subscribe({config=0+,monmap=0+}) v3
2020-02-19 02:19:08.533 f1d17b84 10 -- 10.244.3.182:0/2268322028 dispatch_throttle_release 390 to dispatch throttler 767/104857600
2020-02-19 02:19:08.533 f1d17b84 20 -- 10.244.3.182:0/2268322028 done calling dispatch on 0x13b9230
2020-02-19 02:19:08.533 f1d3bb84 20 --1- 10.244.3.182:0/2268322028 >> v1:10.105.28.199:6789/0 conn(0x1452d30 0x1450fb0 :-1 s=OPENED pgs=48566 cs=1 l=1).write_message no session security
2020-02-19 02:19:08.533 f1d17b84 1 -- 10.244.3.182:0/2268322028 <== mon.2 v1:10.105.28.199:6789/0 3 ==== mon_map magic: 0 v1 ==== 377+0+0 (unknown 1413006512 0 0) 0x1454870 con 0x1452d30
2020-02-19 02:19:08.533 f1d3bb84 20 --1- 10.244.3.182:0/2268322028 >> v1:10.105.28.199:6789/0 conn(0x1452d30 0x1450fb0 :-1 s=OPENED pgs=48566 cs=1 l=1).write_message sending message type=15 src client.? front=78 data=0 off 0
2020-02-19 02:19:08.533 f1d3bb84 20 --1- 10.244.3.182:0/2268322028 >> v1:10.105.28.199:6789/0 conn(0x1452d30 0x1450fb0 :-1 s=OPENED pgs=48566 cs=1 l=1).write_message sending 3 0x14525e0
2020-02-19 02:19:08.533 f1d3bb84 25 -- 10.244.3.182:0/2268322028 >> v1:10.105.28.199:6789/0 conn(0x1452d30 legacy=0x1450fb0 unknown :-1 s=STATE_CONNECTION_ESTABLISHED l=1)._try_send cs.send 153 bytes
2020-02-19 02:19:08.533 f1d17b84 1 -- 10.244.3.182:0/2268322028 >> v1:10.105.28.199:6789/0 conn(0x1452d30 legacy=0x1450fb0 unknown :-1 s=STATE_CONNECTION_ESTABLISHED l=1).mark_down
2020-02-19 02:19:08.533 f1d17b84 20 --1- 10.244.3.182:0/2268322028 >> v1:10.105.28.199:6789/0 conn(0x1452d30 0x1450fb0 :-1 s=OPENED pgs=48566 cs=1 l=1).stop
2020-02-19 02:19:08.533 f1d17b84 2 --1- 10.244.3.182:0/2268322028 >> v1:10.105.28.199:6789/0 conn(0x1452d30 0x1450fb0 :-1 s=OPENED pgs=48566 cs=1 l=1).stop
2020-02-19 02:19:08.533 f1d17b84 10 --1- 10.244.3.182:0/2268322028 >> v1:10.105.28.199:6789/0 conn(0x1452d30 0x1450fb0 :-1 s=OPENED pgs=48566 cs=1 l=1).discard_out_queue started
2020-02-19 02:19:08.533 f1d3bb84 10 -- 10.244.3.182:0/2268322028 >> v1:10.105.28.199:6789/0 conn(0x1452d30 legacy=0x1450fb0 unknown :-1 s=STATE_CONNECTION_ESTABLISHED l=1)._try_send sent bytes 153 remaining bytes 0
2020-02-19 02:19:08.533 f1d3bb84 10 --1- 10.244.3.182:0/2268322028 >> v1:10.105.28.199:6789/0 conn(0x1452d30 0x1450fb0 :-1 s=CLOSED pgs=48566 cs=1 l=1).write_message sending 0x14525e0 done.
2020-02-19 02:19:08.533 f1d17b84 10 -- 10.244.3.182:0/2268322028 create_connect [v2:10.107.161.184:3300/0,v1:10.107.161.184:6789/0], creating connection and registering
2020-02-19 02:19:08.537 f1d17b84 10 -- 10.244.3.182:0/2268322028 >> [v2:10.107.161.184:3300/0,v1:10.107.161.184:6789/0] conn(0x1452480 msgr2=0x14518f0 unknown :-1 s=STATE_NONE l=0)._connect
2020-02-19 02:19:08.537 f1d17b84 1 --2- 10.244.3.182:0/2268322028 >> [v2:10.107.161.184:3300/0,v1:10.107.161.184:6789/0] conn(0x1452480 0x14518f0 unknown :-1 s=NONE pgs=0 cs=0 l=0 rx=0 tx=0).connect
2020-02-19 02:19:08.537 f1d17b84 10 -- 10.244.3.182:0/2268322028 create_connect 0x1452480 [v2:10.107.161.184:3300/0,v1:10.107.161.184:6789/0] [v2:10.107.161.184:3300/0,v1:10.107.161.184:6789/0]
2020-02-19 02:19:08.537 f1d17b84 10 -- 10.244.3.182:0/2268322028 connect_to [v2:10.107.161.184:3300/0,v1:10.107.161.184:6789/0] new 0x1452480
2020-02-19 02:19:08.537 f1d5fb84 20 -- 10.244.3.182:0/2268322028 >> [v2:10.107.161.184:3300/0,v1:10.107.161.184:6789/0] conn(0x1452480 msgr2=0x14518f0 unknown :-1 s=STATE_CONNECTING l=0).process
2020-02-19 02:19:08.537 f1d17b84 10 -- 10.244.3.182:0/2268322028 create_connect [v2:10.101.93.243:3300/0,v1:10.101.93.243:6789/0], creating connection and registering
2020-02-19 02:19:08.537 f1d17b84 10 -- 10.244.3.182:0/2268322028 >> [v2:10.101.93.243:3300/0,v1:10.101.93.243:6789/0] conn(0x1451e30 msgr2=0x1457fd0 unknown :-1 s=STATE_NONE l=0)._connect
2020-02-19 02:19:08.537 f1d17b84 1 --2- 10.244.3.182:0/2268322028 >> [v2:10.101.93.243:3300/0,v1:10.101.93.243:6789/0] conn(0x1451e30 0x1457fd0 unknown :-1 s=NONE pgs=0 cs=0 l=0 rx=0 tx=0).connect
2020-02-19 02:19:08.537 f1d17b84 10 -- 10.244.3.182:0/2268322028 create_connect 0x1451e30 [v2:10.101.93.243:3300/0,v1:10.101.93.243:6789/0] [v2:10.101.93.243:3300/0,v1:10.101.93.243:6789/0]
2020-02-19 02:19:08.537 f1d3bb84 20 -- 10.244.3.182:0/2268322028 >> [v2:10.101.93.243:3300/0,v1:10.101.93.243:6789/0] conn(0x1451e30 msgr2=0x1457fd0 unknown :-1 s=STATE_CONNECTING l=0).process
2020-02-19 02:19:08.537 f1d17b84 10 -- 10.244.3.182:0/2268322028 connect_to [v2:10.101.93.243:3300/0,v1:10.101.93.243:6789/0] new 0x1451e30
2020-02-19 02:19:08.537 f1d17b84 10 -- 10.244.3.182:0/2268322028 create_connect [v2:10.105.28.199:3300/0,v1:10.105.28.199:6789/0], creating connection and registering
2020-02-19 02:19:08.537 f1d17b84 10 -- 10.244.3.182:0/2268322028 >> [v2:10.105.28.199:3300/0,v1:10.105.28.199:6789/0] conn(0x1458560 msgr2=0x1458860 unknown :-1 s=STATE_NONE l=0)._connect
2020-02-19 02:19:08.537 f1d17b84 1 --2- 10.244.3.182:0/2268322028 >> [v2:10.105.28.199:3300/0,v1:10.105.28.199:6789/0] conn(0x1458560 0x1458860 unknown :-1 s=NONE pgs=0 cs=0 l=0 rx=0 tx=0).connect
2020-02-19 02:19:08.537 f1d17b84 10 -- 10.244.3.182:0/2268322028 create_connect 0x1458560 [v2:10.105.28.199:3300/0,v1:10.105.28.199:6789/0] [v2:10.105.28.199:3300/0,v1:10.105.28.199:6789/0]
2020-02-19 02:19:08.537 f1d17b84 10 -- 10.244.3.182:0/2268322028 connect_to [v2:10.105.28.199:3300/0,v1:10.105.28.199:6789/0] new 0x1458560
2020-02-19 02:19:08.537 f1d17b84 1 -- 10.244.3.182:0/2268322028 --> [v2:10.101.93.243:3300/0,v1:10.101.93.243:6789/0] -- mon_getmap magic: 0 v1 -- 0x1458b90 con 0x1451e30
2020-02-19 02:19:08.537 f1d17b84 5 --2- 10.244.3.182:0/2268322028 >> [v2:10.101.93.243:3300/0,v1:10.101.93.243:6789/0] conn(0x1451e30 0x1457fd0 unknown :-1 s=START_CONNECT pgs=0 cs=0 l=0 rx=0 tx=0).send_message enqueueing message m=0x1458b90 type=5 mon_getmap magic: 0 v1
2020-02-19 02:19:08.537 f1d83b84 20 -- 10.244.3.182:0/2268322028 >> [v2:10.105.28.199:3300/0,v1:10.105.28.199:6789/0] conn(0x1458560 msgr2=0x1458860 unknown :-1 s=STATE_CONNECTING l=0).process
2020-02-19 02:19:08.537 f1d17b84 15 --2- 10.244.3.182:0/2268322028 >> [v2:10.101.93.243:3300/0,v1:10.101.93.243:6789/0] conn(0x1451e30 0x1457fd0 unknown :-1 s=START_CONNECT pgs=0 cs=0 l=0 rx=0 tx=0).send_message inline write is denied, reschedule m=0x1458b90
2020-02-19 02:19:08.537 f1d17b84 1 -- 10.244.3.182:0/2268322028 --> [v2:10.105.28.199:3300/0,v1:10.105.28.199:6789/0] -- mon_getmap magic: 0 v1 -- 0x1451450 con 0x1458560
2020-02-19 02:19:08.537 f1d17b84 5 --2- 10.244.3.182:0/2268322028 >> [v2:10.105.28.199:3300/0,v1:10.105.28.199:6789/0] conn(0x1458560 0x1458860 unknown :-1 s=START_CONNECT pgs=0 cs=0 l=0 rx=0 tx=0).send_message enqueueing message m=0x1451450 type=5 mon_getmap magic: 0 v1
2020-02-19 02:19:08.537 f1d17b84 15 --2- 10.244.3.182:0/2268322028 >> [v2:10.105.28.199:3300/0,v1:10.105.28.199:6789/0] conn(0x1458560 0x1458860 unknown :-1 s=START_CONNECT pgs=0 cs=0 l=0 rx=0 tx=0).send_message inline write is denied, reschedule m=0x1451450
2020-02-19 02:19:08.537 f1d17b84 1 -- 10.244.3.182:0/2268322028 --> [v2:10.107.161.184:3300/0,v1:10.107.161.184:6789/0] -- mon_getmap magic: 0 v1 -- 0x1451590 con 0x1452480
2020-02-19 02:19:08.537 f1d17b84 5 --2- 10.244.3.182:0/2268322028 >> [v2:10.107.161.184:3300/0,v1:10.107.161.184:6789/0] conn(0x1452480 0x14518f0 unknown :-1 s=START_CONNECT pgs=0 cs=0 l=0 rx=0 tx=0).send_message enqueueing message m=0x1451590 type=5 mon_getmap magic: 0 v1
2020-02-19 02:19:08.537 f1d17b84 15 --2- 10.244.3.182:0/2268322028 >> [v2:10.107.161.184:3300/0,v1:10.107.161.184:6789/0] conn(0x1452480 0x14518f0 unknown :-1 s=START_CONNECT pgs=0 cs=0 l=0 rx=0 tx=0).send_message inline write is denied, reschedule m=0x1451590
2020-02-19 02:19:08.537 f1d17b84 10 -- 10.244.3.182:0/2268322028 dispatch_throttle_release 377 to dispatch throttler 377/104857600
2020-02-19 02:19:08.537 f1d17b84 20 -- 10.244.3.182:0/2268322028 done calling dispatch on 0x1454870
2020-02-19 02:19:08.537 f1d83b84 10 -- 10.244.3.182:0/2268322028 >> [v2:10.105.28.199:3300/0,v1:10.105.28.199:6789/0] conn(0x1458560 msgr2=0x1458860 unknown :-1 s=STATE_CONNECTING_RE l=0).process nonblock connect inprogress
2020-02-19 02:19:08.537 f1d5fb84 10 -- 10.244.3.182:0/2268322028 >> [v2:10.107.161.184:3300/0,v1:10.107.161.184:6789/0] conn(0x1452480 msgr2=0x14518f0 unknown :-1 s=STATE_CONNECTING_RE l=0).process connect successfully, ready to send banner
2020-02-19 02:19:08.537 f1d3bb84 10 -- 10.244.3.182:0/2268322028 >> [v2:10.101.93.243:3300/0,v1:10.101.93.243:6789/0] conn(0x1451e30 msgr2=0x1457fd0 unknown :-1 s=STATE_CONNECTING_RE l=0).process nonblock connect inprogress
2020-02-19 02:19:08.537 f1d5fb84 20 --2- 10.244.3.182:0/2268322028 >> [v2:10.107.161.184:3300/0,v1:10.107.161.184:6789/0] conn(0x1452480 0x14518f0 unknown :-1 s=START_CONNECT pgs=0 cs=0 l=0 rx=0 tx=0).read_event
2020-02-19 02:19:08.537 f1d5fb84 20 --2- 10.244.3.182:0/2268322028 >> [v2:10.107.161.184:3300/0,v1:10.107.161.184:6789/0] conn(0x1452480 0x14518f0 unknown :-1 s=START_CONNECT pgs=0 cs=0 l=0 rx=0 tx=0).start_client_banner_exchange
2020-02-19 02:19:08.537 f1d5fb84 20 --2- 10.244.3.182:0/2268322028 >> [v2:10.107.161.184:3300/0,v1:10.107.161.184:6789/0] conn(0x1452480 0x14518f0 unknown :-1 s=BANNER_CONNECTING pgs=0 cs=0 l=0 rx=0 tx=0)._banner_exchange
2020-02-19 02:19:08.537 f1d5fb84 25 -- 10.244.3.182:0/2268322028 >> [v2:10.107.161.184:3300/0,v1:10.107.161.184:6789/0] conn(0x1452480 msgr2=0x14518f0 unknown :-1 s=STATE_CONNECTION_ESTABLISHED l=0)._try_send cs.send 26 bytes
2020-02-19 02:19:08.537 f1d3bb84 20 -- 10.244.3.182:0/2268322028 >> [v2:10.101.93.243:3300/0,v1:10.101.93.243:6789/0] conn(0x1451e30 msgr2=0x1457fd0 unknown :-1 s=STATE_CONNECTING_RE l=0).process
2020-02-19 02:19:08.537 f1d3bb84 10 -- 10.244.3.182:0/2268322028 >> [v2:10.101.93.243:3300/0,v1:10.101.93.243:6789/0] conn(0x1451e30 msgr2=0x1457fd0 unknown :-1 s=STATE_CONNECTING_RE l=0).process connect successfully, ready to send banner
2020-02-19 02:19:08.537 f1d3bb84 20 --2- 10.244.3.182:0/2268322028 >> [v2:10.101.93.243:3300/0,v1:10.101.93.243:6789/0] conn(0x1451e30 0x1457fd0 unknown :-1 s=START_CONNECT pgs=0 cs=0 l=0 rx=0 tx=0).read_event
2020-02-19 02:19:08.537 f1d3bb84 20 --2- 10.244.3.182:0/2268322028 >> [v2:10.101.93.243:3300/0,v1:10.101.93.243:6789/0] conn(0x1451e30 0x1457fd0 unknown :-1 s=START_CONNECT pgs=0 cs=0 l=0 rx=0 tx=0).start_client_banner_exchange
2020-02-19 02:19:08.537 f1d3bb84 20 --2- 10.244.3.182:0/2268322028 >> [v2:10.101.93.243:3300/0,v1:10.101.93.243:6789/0] conn(0x1451e30 0x1457fd0 unknown :-1 s=BANNER_CONNECTING pgs=0 cs=0 l=0 rx=0 tx=0)._banner_exchange
2020-02-19 02:19:08.537 f1d3bb84 25 -- 10.244.3.182:0/2268322028 >> [v2:10.101.93.243:3300/0,v1:10.101.93.243:6789/0] conn(0x1451e30 msgr2=0x1457fd0 unknown :-1 s=STATE_CONNECTION_ESTABLISHED l=0)._try_send cs.send 26 bytes
2020-02-19 02:19:08.537 f1d83b84 20 -- 10.244.3.182:0/2268322028 >> [v2:10.105.28.199:3300/0,v1:10.105.28.199:6789/0] conn(0x1458560 msgr2=0x1458860 unknown :-1 s=STATE_CONNECTING_RE l=0).process
2020-02-19 02:19:08.537 f1d3bb84 10 -- 10.244.3.182:0/2268322028 >> [v2:10.101.93.243:3300/0,v1:10.101.93.243:6789/0] conn(0x1451e30 msgr2=0x1457fd0 unknown :-1 s=STATE_CONNECTION_ESTABLISHED l=0)._try_send sent bytes 26 remaining bytes 0
2020-02-19 02:19:08.537 f1d83b84 10 -- 10.244.3.182:0/2268322028 >> [v2:10.105.28.199:3300/0,v1:10.105.28.199:6789/0] conn(0x1458560 msgr2=0x1458860 unknown :-1 s=STATE_CONNECTING_RE l=0).process connect successfully, ready to send banner
2020-02-19 02:19:08.537 f1d3bb84 20 -- 10.244.3.182:0/2268322028 >> [v2:10.101.93.243:3300/0,v1:10.101.93.243:6789/0] conn(0x1451e30 msgr2=0x1457fd0 unknown :-1 s=STATE_CONNECTION_ESTABLISHED l=0).read start len=10
2020-02-19 02:19:08.537 f1d83b84 20 --2- 10.244.3.182:0/2268322028 >> [v2:10.105.28.199:3300/0,v1:10.105.28.199:6789/0] conn(0x1458560 0x1458860 unknown :-1 s=START_CONNECT pgs=0 cs=0 l=0 rx=0 tx=0).read_event
2020-02-19 02:19:08.537 f1d3bb84 25 -- 10.244.3.182:0/2268322028 >> [v2:10.101.93.243:3300/0,v1:10.101.93.243:6789/0] conn(0x1451e30 msgr2=0x1457fd0 unknown :-1 s=STATE_CONNECTION_ESTABLISHED l=0).read_until len is 10 state_offset is 0
2020-02-19 02:19:08.537 f1d83b84 20 --2- 10.244.3.182:0/2268322028 >> [v2:10.105.28.199:3300/0,v1:10.105.28.199:6789/0] conn(0x1458560 0x1458860 unknown :-1 s=START_CONNECT pgs=0 cs=0 l=0 rx=0 tx=0).start_client_banner_exchange
2020-02-19 02:19:08.537 f1d3bb84 25 -- 10.244.3.182:0/2268322028 >> [v2:10.101.93.243:3300/0,v1:10.101.93.243:6789/0] conn(0x1451e30 msgr2=0x1457fd0 unknown :-1 s=STATE_CONNECTION_ESTABLISHED l=0).read_until read_bulk recv_end is 0 left is 10 got 0
2020-02-19 02:19:08.537 f1d83b84 20 --2- 10.244.3.182:0/2268322028 >> [v2:10.105.28.199:3300/0,v1:10.105.28.199:6789/0] conn(0x1458560 0x1458860 unknown :-1 s=BANNER_CONNECTING pgs=0 cs=0 l=0 rx=0 tx=0)._banner_exchange
2020-02-19 02:19:08.537 f1d3bb84 25 -- 10.244.3.182:0/2268322028 >> [v2:10.101.93.243:3300/0,v1:10.101.93.243:6789/0] conn(0x1451e30 msgr2=0x1457fd0 unknown :-1 s=STATE_CONNECTION_ESTABLISHED l=0).read_until need len 10 remaining 10 bytes
2020-02-19 02:19:08.537 f1d83b84 25 -- 10.244.3.182:0/2268322028 >> [v2:10.105.28.199:3300/0,v1:10.105.28.199:6789/0] conn(0x1458560 msgr2=0x1458860 unknown :-1 s=STATE_CONNECTION_ESTABLISHED l=0)._try_send cs.send 26 bytes
2020-02-19 02:19:08.537 f1d83b84 10 -- 10.244.3.182:0/2268322028 >> [v2:10.105.28.199:3300/0,v1:10.105.28.199:6789/0] conn(0x1458560 msgr2=0x1458860 unknown :-1 s=STATE_CONNECTION_ESTABLISHED l=0)._try_send sent bytes 26 remaining bytes 0
2020-02-19 02:19:08.537 f1d83b84 20 -- 10.244.3.182:0/2268322028 >> [v2:10.105.28.199:3300/0,v1:10.105.28.199:6789/0] conn(0x1458560 msgr2=0x1458860 unknown :-1 s=STATE_CONNECTION_ESTABLISHED l=0).read start len=10
2020-02-19 02:19:08.537 f1d83b84 25 -- 10.244.3.182:0/2268322028 >> [v2:10.105.28.199:3300/0,v1:10.105.28.199:6789/0] conn(0x1458560 msgr2=0x1458860 unknown :-1 s=STATE_CONNECTION_ESTABLISHED l=0).read_until len is 10 state_offset is 0
2020-02-19 02:19:08.537 f1d83b84 25 -- 10.244.3.182:0/2268322028 >> [v2:10.105.28.199:3300/0,v1:10.105.28.199:6789/0] conn(0x1458560 msgr2=0x1458860 unknown :-1 s=STATE_CONNECTION_ESTABLISHED l=0).read_until read_bulk recv_end is 0 left is 10 got 0
2020-02-19 02:19:08.537 f1d83b84 25 -- 10.244.3.182:0/2268322028 >> [v2:10.105.28.199:3300/0,v1:10.105.28.199:6789/0] conn(0x1458560 msgr2=0x1458860 unknown :-1 s=STATE_CONNECTION_ESTABLISHED l=0).read_until need len 10 remaining 10 bytes
2020-02-19 02:19:08.537 f1d83b84 20 -- 10.244.3.182:0/2268322028 >> [v2:10.105.28.199:3300/0,v1:10.105.28.199:6789/0] conn(0x1458560 msgr2=0x1458860 unknown :-1 s=STATE_CONNECTION_ESTABLISHED l=0).process
2020-02-19 02:19:08.537 f1d83b84 20 -- 10.244.3.182:0/2268322028 >> [v2:10.105.28.199:3300/0,v1:10.105.28.199:6789/0] conn(0x1458560 msgr2=0x1458860 unknown :-1 s=STATE_CONNECTION_ESTABLISHED l=0).read continue len=10
2020-02-19 02:19:08.537 f1d83b84 25 -- 10.244.3.182:0/2268322028 >> [v2:10.105.28.199:3300/0,v1:10.105.28.199:6789/0] conn(0x1458560 msgr2=0x1458860 unknown :-1 s=STATE_CONNECTION_ESTABLISHED l=0).read_until len is 10 state_offset is 0
2020-02-19 02:19:08.537 f1d5fb84 10 -- 10.244.3.182:0/2268322028 >> [v2:10.107.161.184:3300/0,v1:10.107.161.184:6789/0] conn(0x1452480 msgr2=0x14518f0 unknown :-1 s=STATE_CONNECTION_ESTABLISHED l=0)._try_send sent bytes 26 remaining bytes 0
2020-02-19 02:19:08.537 f1d83b84 25 -- 10.244.3.182:0/2268322028 >> [v2:10.105.28.199:3300/0,v1:10.105.28.199:6789/0] conn(0x1458560 msgr2=0x1458860 unknown :-1 s=STATE_CONNECTION_ESTABLISHED l=0).read_until read_bulk recv_end is 0 left is 10 got 26
2020-02-19 02:19:08.537 f1d83b84 20 --2- 10.244.3.182:0/2268322028 >> [v2:10.105.28.199:3300/0,v1:10.105.28.199:6789/0] conn(0x1458560 0x1458860 unknown :-1 s=BANNER_CONNECTING pgs=0 cs=0 l=0 rx=0 tx=0)._handle_peer_banner r=0
2020-02-19 02:19:08.537 f1d83b84 20 -- 10.244.3.182:0/2268322028 >> [v2:10.105.28.199:3300/0,v1:10.105.28.199:6789/0] conn(0x1458560 msgr2=0x1458860 unknown :-1 s=STATE_CONNECTION_ESTABLISHED l=0).read start len=16
2020-02-19 02:19:08.537 f1d5fb84 20 -- 10.244.3.182:0/2268322028 >> [v2:10.107.161.184:3300/0,v1:10.107.161.184:6789/0] conn(0x1452480 msgr2=0x14518f0 unknown :-1 s=STATE_CONNECTION_ESTABLISHED l=0).read start len=10
2020-02-19 02:19:08.537 f1d83b84 25 -- 10.244.3.182:0/2268322028 >> [v2:10.105.28.199:3300/0,v1:10.105.28.199:6789/0] conn(0x1458560 msgr2=0x1458860 unknown :-1 s=STATE_CONNECTION_ESTABLISHED l=0).read_until len is 16 state_offset is 0
2020-02-19 02:19:08.537 f1d83b84 25 -- 10.244.3.182:0/2268322028 >> [v2:10.105.28.199:3300/0,v1:10.105.28.199:6789/0] conn(0x1458560 msgr2=0x1458860 unknown :-1 s=STATE_CONNECTION_ESTABLISHED l=0).read_until got 16 in buffer left is 0 buffer still has 0
2020-02-19 02:19:08.537 f1d5fb84 25 -- 10.244.3.182:0/2268322028 >> [v2:10.107.161.184:3300/0,v1:10.107.161.184:6789/0] conn(0x1452480 msgr2=0x14518f0 unknown :-1 s=STATE_CONNECTION_ESTABLISHED l=0).read_until len is 10 state_offset is 0
2020-02-19 02:19:08.537 f1d83b84 20 --2- 10.244.3.182:0/2268322028 >> [v2:10.105.28.199:3300/0,v1:10.105.28.199:6789/0] conn(0x1458560 0x1458860 unknown :-1 s=BANNER_CONNECTING pgs=0 cs=0 l=0 rx=0 tx=0)._handle_peer_banner_payload r=0
2020-02-19 02:19:08.537 f1d5fb84 25 -- 10.244.3.182:0/2268322028 >> [v2:10.107.161.184:3300/0,v1:10.107.161.184:6789/0] conn(0x1452480 msgr2=0x14518f0 unknown :-1 s=STATE_CONNECTION_ESTABLISHED l=0).read_until read_bulk recv_end is 0 left is 10 got 111
2020-02-19 02:19:08.537 f1d83b84 1 --2- 10.244.3.182:0/2268322028 >> [v2:10.105.28.199:3300/0,v1:10.105.28.199:6789/0] conn(0x1458560 0x1458860 unknown :-1 s=BANNER_CONNECTING pgs=0 cs=0 l=0 rx=0 tx=0)._handle_peer_banner_payload supported=0 required=0
2020-02-19 02:19:08.537 f1d83b84 25 -- 10.244.3.182:0/2268322028 >> [v2:10.105.28.199:3300/0,v1:10.105.28.199:6789/0] conn(0x1458560 msgr2=0x1458860 unknown :-1 s=STATE_CONNECTION_ESTABLISHED l=0)._try_send cs.send 85 bytes
2020-02-19 02:19:08.537 f1d5fb84 20 --2- 10.244.3.182:0/2268322028 >> [v2:10.107.161.184:3300/0,v1:10.107.161.184:6789/0] conn(0x1452480 0x14518f0 unknown :-1 s=BANNER_CONNECTING pgs=0 cs=0 l=0 rx=0 tx=0)._handle_peer_banner r=0
2020-02-19 02:19:08.537 f1d5fb84 20 -- 10.244.3.182:0/2268322028 >> [v2:10.107.161.184:3300/0,v1:10.107.161.184:6789/0] conn(0x1452480 msgr2=0x14518f0 unknown :-1 s=STATE_CONNECTION_ESTABLISHED l=0).read start len=16
2020-02-19 02:19:08.541 f1d3bb84 20 -- 10.244.3.182:0/2268322028 >> [v2:10.101.93.243:3300/0,v1:10.101.93.243:6789/0] conn(0x1451e30 msgr2=0x1457fd0 unknown :-1 s=STATE_CONNECTION_ESTABLISHED l=0).process
2020-02-19 02:19:08.541 f1d3bb84 20 -- 10.244.3.182:0/2268322028 >> [v2:10.101.93.243:3300/0,v1:10.101.93.243:6789/0] conn(0x1451e30 msgr2=0x1457fd0 unknown :-1 s=STATE_CONNECTION_ESTABLISHED l=0).read continue len=10
2020-02-19 02:19:08.541 f1d3bb84 25 -- 10.244.3.182:0/2268322028 >> [v2:10.101.93.243:3300/0,v1:10.101.93.243:6789/0] conn(0x1451e30 msgr2=0x1457fd0 unknown :-1 s=STATE_CONNECTION_ESTABLISHED l=0).read_until len is 10 state_offset is 0
2020-02-19 02:19:08.541 f1d83b84 10 -- 10.244.3.182:0/2268322028 >> [v2:10.105.28.199:3300/0,v1:10.105.28.199:6789/0] conn(0x1458560 msgr2=0x1458860 unknown :-1 s=STATE_CONNECTION_ESTABLISHED l=0)._try_send sent bytes 85 remaining bytes 0
2020-02-19 02:19:08.541 f1d3bb84 25 -- 10.244.3.182:0/2268322028 >> [v2:10.101.93.243:3300/0,v1:10.101.93.243:6789/0] conn(0x1451e30 msgr2=0x1457fd0 unknown :-1 s=STATE_CONNECTION_ESTABLISHED l=0).read_until read_bulk recv_end is 0 left is 10 got 111
2020-02-19 02:19:08.541 f1d83b84 20 --2- 10.244.3.182:0/2268322028 >> [v2:10.105.28.199:3300/0,v1:10.105.28.199:6789/0] conn(0x1458560 0x1458860 unknown :-1 s=HELLO_CONNECTING pgs=0 cs=0 l=0 rx=0 tx=0).read_frame
2020-02-19 02:19:08.541 f1d83b84 20 -- 10.244.3.182:0/2268322028 >> [v2:10.105.28.199:3300/0,v1:10.105.28.199:6789/0] conn(0x1458560 msgr2=0x1458860 unknown :-1 s=STATE_CONNECTION_ESTABLISHED l=0).read start len=32
2020-02-19 02:19:08.541 f1d83b84 25 -- 10.244.3.182:0/2268322028 >> [v2:10.105.28.199:3300/0,v1:10.105.28.199:6789/0] conn(0x1458560 msgr2=0x1458860 unknown :-1 s=STATE_CONNECTION_ESTABLISHED l=0).read_until len is 32 state_offset is 0
2020-02-19 02:19:08.541 f1d83b84 25 -- 10.244.3.182:0/2268322028 >> [v2:10.105.28.199:3300/0,v1:10.105.28.199:6789/0] conn(0x1458560 msgr2=0x1458860 unknown :-1 s=STATE_CONNECTION_ESTABLISHED l=0).read_until read_bulk recv_end is 0 left is 32 got 85
2020-02-19 02:19:08.541 f1d83b84 20 --2- 10.244.3.182:0/2268322028 >> [v2:10.105.28.199:3300/0,v1:10.105.28.199:6789/0] conn(0x1458560 0x1458860 unknown :-1 s=HELLO_CONNECTING pgs=0 cs=0 l=0 rx=0 tx=0).handle_read_frame_preamble_main r=0
2020-02-19 02:19:08.541 f1d83b84 30 --2- 10.244.3.182:0/2268322028 >> [v2:10.105.28.199:3300/0,v1:10.105.28.199:6789/0] conn(0x1458560 0x1458860 unknown :-1 s=HELLO_CONNECTING pgs=0 cs=0 l=0 rx=0 tx=0).handle_read_frame_preamble_main preamble
2020-02-19 02:19:08.541 f1d83b84 10 --2- 10.244.3.182:0/2268322028 >> [v2:10.105.28.199:3300/0,v1:10.105.28.199:6789/0] conn(0x1458560 0x1458860 unknown :-1 s=HELLO_CONNECTING pgs=0 cs=0 l=0 rx=0 tx=0).handle_read_frame_preamble_main got new segment: len=36 align=8
2020-02-19 02:19:08.541 f1d83b84 20 --2- 10.244.3.182:0/2268322028 >> [v2:10.105.28.199:3300/0,v1:10.105.28.199:6789/0] conn(0x1458560 0x1458860 unknown :-1 s=HELLO_CONNECTING pgs=0 cs=0 l=0 rx=0 tx=0).read_frame_segment
2020-02-19 02:19:08.541 f1d3bb84 20 --2- 10.244.3.182:0/2268322028 >> [v2:10.101.93.243:3300/0,v1:10.101.93.243:6789/0] conn(0x1451e30 0x1457fd0 unknown :-1 s=BANNER_CONNECTING pgs=0 cs=0 l=0 rx=0 tx=0)._handle_peer_banner r=0
2020-02-19 02:19:08.541 f1d83b84 20 -- 10.244.3.182:0/2268322028 >> [v2:10.105.28.199:3300/0,v1:10.105.28.199:6789/0] conn(0x1458560 msgr2=0x1458860 unknown :-1 s=STATE_CONNECTION_ESTABLISHED l=0).read start len=36
2020-02-19 02:19:08.541 f1d3bb84 20 -- 10.244.3.182:0/2268322028 >> [v2:10.101.93.243:3300/0,v1:10.101.93.243:6789/0] conn(0x1451e30 msgr2=0x1457fd0 unknown :-1 s=STATE_CONNECTION_ESTABLISHED l=0).read start len=16
2020-02-19 02:19:08.541 f1d83b84 25 -- 10.244.3.182:0/2268322028 >> [v2:10.105.28.199:3300/0,v1:10.105.28.199:6789/0] conn(0x1458560 msgr2=0x1458860 unknown :-1 s=STATE_CONNECTION_ESTABLISHED l=0).read_until len is 36 state_offset is 0
2020-02-19 02:19:08.541 f1d3bb84 25 -- 10.244.3.182:0/2268322028 >> [v2:10.101.93.243:3300/0,v1:10.101.93.243:6789/0] conn(0x1451e30 msgr2=0x1457fd0 unknown :-1 s=STATE_CONNECTION_ESTABLISHED l=0).read_until len is 16 state_offset is 0
2020-02-19 02:19:08.541 f1d3bb84 25 -- 10.244.3.182:0/2268322028 >> [v2:10.101.93.243:3300/0,v1:10.101.93.243:6789/0] conn(0x1451e30 msgr2=0x1457fd0 unknown :-1 s=STATE_CONNECTION_ESTABLISHED l=0).read_until got 16 in buffer left is 0 buffer still has 85
2020-02-19 02:19:08.541 f1d83b84 25 -- 10.244.3.182:0/2268322028 >> [v2:10.105.28.199:3300/0,v1:10.105.28.199:6789/0] conn(0x1458560 msgr2=0x1458860 unknown :-1 s=STATE_CONNECTION_ESTABLISHED l=0).read_until got 36 in buffer left is 0 buffer still has 17
2020-02-19 02:19:08.541 f1d3bb84 20 --2- 10.244.3.182:0/2268322028 >> [v2:10.101.93.243:3300/0,v1:10.101.93.243:6789/0] conn(0x1451e30 0x1457fd0 unknown :-1 s=BANNER_CONNECTING pgs=0 cs=0 l=0 rx=0 tx=0)._handle_peer_banner_payload r=0
2020-02-19 02:19:08.541 f1d83b84 20 --2- 10.244.3.182:0/2268322028 >> [v2:10.105.28.199:3300/0,v1:10.105.28.199:6789/0] conn(0x1458560 0x1458860 unknown :-1 s=HELLO_CONNECTING pgs=0 cs=0 l=0 rx=0 tx=0).handle_read_frame_segment r=0
2020-02-19 02:19:08.541 f1d3bb84 1 --2- 10.244.3.182:0/2268322028 >> [v2:10.101.93.243:3300/0,v1:10.101.93.243:6789/0] conn(0x1451e30 0x1457fd0 unknown :-1 s=BANNER_CONNECTING pgs=0 cs=0 l=0 rx=0 tx=0)._handle_peer_banner_payload supported=0 required=0
2020-02-19 02:19:08.541 f1d83b84 20 -- 10.244.3.182:0/2268322028 >> [v2:10.105.28.199:3300/0,v1:10.105.28.199:6789/0] conn(0x1458560 msgr2=0x1458860 unknown :-1 s=STATE_CONNECTION_ESTABLISHED l=0).read start len=17
2020-02-19 02:19:08.541 f1d83b84 25 -- 10.244.3.182:0/2268322028 >> [v2:10.105.28.199:3300/0,v1:10.105.28.199:6789/0] conn(0x1458560 msgr2=0x1458860 unknown :-1 s=STATE_CONNECTION_ESTABLISHED l=0).read_until len is 17 state_offset is 0
2020-02-19 02:19:08.541 f1d3bb84 25 -- 10.244.3.182:0/2268322028 >> [v2:10.101.93.243:3300/0,v1:10.101.93.243:6789/0] conn(0x1451e30 msgr2=0x1457fd0 unknown :-1 s=STATE_CONNECTION_ESTABLISHED l=0)._try_send cs.send 85 bytes
2020-02-19 02:19:08.537 f1d5fb84 25 -- 10.244.3.182:0/2268322028 >> [v2:10.107.161.184:3300/0,v1:10.107.161.184:6789/0] conn(0x1452480 msgr2=0x14518f0 unknown :-1 s=STATE_CONNECTION_ESTABLISHED l=0).read_until len is 16 state_offset is 0
2020-02-19 02:19:08.541 f1d83b84 25 -- 10.244.3.182:0/2268322028 >> [v2:10.105.28.199:3300/0,v1:10.105.28.199:6789/0] conn(0x1458560 msgr2=0x1458860 unknown :-1 s=STATE_CONNECTION_ESTABLISHED l=0).read_until got 17 in buffer left is 0 buffer still has 0
2020-02-19 02:19:08.541 f1d5fb84 25 -- 10.244.3.182:0/2268322028 >> [v2:10.107.161.184:3300/0,v1:10.107.161.184:6789/0] conn(0x1452480 msgr2=0x14518f0 unknown :-1 s=STATE_CONNECTION_ESTABLISHED l=0).read_until got 16 in buffer left is 0 buffer still has 85
2020-02-19 02:19:08.541 f1d83b84 20 --2- 10.244.3.182:0/2268322028 >> [v2:10.105.28.199:3300/0,v1:10.105.28.199:6789/0] conn(0x1458560 0x1458860 unknown :-1 s=HELLO_CONNECTING pgs=0 cs=0 l=0 rx=0 tx=0).handle_read_frame_epilogue_main r=0
2020-02-19 02:19:08.541 f1d5fb84 20 --2- 10.244.3.182:0/2268322028 >> [v2:10.107.161.184:3300/0,v1:10.107.161.184:6789/0] conn(0x1452480 0x14518f0 unknown :-1 s=BANNER_CONNECTING pgs=0 cs=0 l=0 rx=0 tx=0)._handle_peer_banner_payload r=0
2020-02-19 02:19:08.541 f1d83b84 20 --2- 10.244.3.182:0/2268322028 >> [v2:10.105.28.199:3300/0,v1:10.105.28.199:6789/0] conn(0x1458560 0x1458860 unknown :-1 s=HELLO_CONNECTING pgs=0 cs=0 l=0 rx=0 tx=0).handle_read_frame_epilogue_main message integrity check success: expected_crc=486186708 calculated_crc=486186708
2020-02-19 02:19:08.541 f1d5fb84 1 --2- 10.244.3.182:0/2268322028 >> [v2:10.107.161.184:3300/0,v1:10.107.161.184:6789/0] conn(0x1452480 0x14518f0 unknown :-1 s=BANNER_CONNECTING pgs=0 cs=0 l=0 rx=0 tx=0)._handle_peer_banner_payload supported=0 required=0
2020-02-19 02:19:08.541 f1d83b84 10 --2- 10.244.3.182:0/2268322028 >> [v2:10.105.28.199:3300/0,v1:10.105.28.199:6789/0] conn(0x1458560 0x1458860 unknown :-1 s=HELLO_CONNECTING pgs=0 cs=0 l=0 rx=0 tx=0).handle_read_frame_dispatch tag=1
2020-02-19 02:19:08.541 f1d5fb84 25 -- 10.244.3.182:0/2268322028 >> [v2:10.107.161.184:3300/0,v1:10.107.161.184:6789/0] conn(0x1452480 msgr2=0x14518f0 unknown :-1 s=STATE_CONNECTION_ESTABLISHED l=0)._try_send cs.send 85 bytes
2020-02-19 02:19:08.541 f1d3bb84 10 -- 10.244.3.182:0/2268322028 >> [v2:10.101.93.243:3300/0,v1:10.101.93.243:6789/0] conn(0x1451e30 msgr2=0x1457fd0 unknown :-1 s=STATE_CONNECTION_ESTABLISHED l=0)._try_send sent bytes 85 remaining bytes 0
2020-02-19 02:19:08.541 f1d83b84 30 --2- 10.244.3.182:0/2268322028 >> [v2:10.105.28.199:3300/0,v1:10.105.28.199:6789/0] conn(0x1458560 0x1458860 unknown :-1 s=HELLO_CONNECTING pgs=0 cs=0 l=0 rx=0 tx=0).handle_frame_payload
2020-02-19 02:19:08.541 f1d83b84 20 --2- 10.244.3.182:0/2268322028 >> [v2:10.105.28.199:3300/0,v1:10.105.28.199:6789/0] conn(0x1458560 0x1458860 unknown :-1 s=HELLO_CONNECTING pgs=0 cs=0 l=0 rx=0 tx=0).handle_hello payload.length()=36
2020-02-19 02:19:08.541 f1d3bb84 20 --2- 10.244.3.182:0/2268322028 >> [v2:10.101.93.243:3300/0,v1:10.101.93.243:6789/0] conn(0x1451e30 0x1457fd0 unknown :-1 s=HELLO_CONNECTING pgs=0 cs=0 l=0 rx=0 tx=0).read_frame
2020-02-19 02:19:08.541 f1d3bb84 20 -- 10.244.3.182:0/2268322028 >> [v2:10.101.93.243:3300/0,v1:10.101.93.243:6789/0] conn(0x1451e30 msgr2=0x1457fd0 unknown :-1 s=STATE_CONNECTION_ESTABLISHED l=0).read start len=32
2020-02-19 02:19:08.541 f1d83b84 5 --2- 10.244.3.182:0/2268322028 >> [v2:10.105.28.199:3300/0,v1:10.105.28.199:6789/0] conn(0x1458560 0x1458860 unknown :-1 s=HELLO_CONNECTING pgs=0 cs=0 l=0 rx=0 tx=0).handle_hello received hello: peer_type=1 peer_addr_for_me=v2:10.244.3.182:38964/0
2020-02-19 02:19:08.541 f1d3bb84 25 -- 10.244.3.182:0/2268322028 >> [v2:10.101.93.243:3300/0,v1:10.101.93.243:6789/0] conn(0x1451e30 msgr2=0x1457fd0 unknown :-1 s=STATE_CONNECTION_ESTABLISHED l=0).read_until len is 32 state_offset is 0
2020-02-19 02:19:08.541 f1d83b84 5 --2- 10.244.3.182:0/2268322028 >> [v2:10.105.28.199:3300/0,v1:10.105.28.199:6789/0] conn(0x1458560 0x1458860 unknown :-1 s=HELLO_CONNECTING pgs=0 cs=0 l=0 rx=0 tx=0).handle_hello getsockname says I am 10.244.3.182:38964 when talking to v2:10.105.28.199:3300/0
2020-02-19 02:19:08.541 f1d3bb84 25 -- 10.244.3.182:0/2268322028 >> [v2:10.101.93.243:3300/0,v1:10.101.93.243:6789/0] conn(0x1451e30 msgr2=0x1457fd0 unknown :-1 s=STATE_CONNECTION_ESTABLISHED l=0).read_until got 32 in buffer left is 0 buffer still has 53
2020-02-19 02:19:08.541 f1d83b84 20 --2- 10.244.3.182:0/2268322028 >> [v2:10.105.28.199:3300/0,v1:10.105.28.199:6789/0] conn(0x1458560 0x1458860 unknown :-1 s=HELLO_CONNECTING pgs=0 cs=0 l=0 rx=0 tx=0).post_client_banner_exchange
2020-02-19 02:19:08.541 f1d3bb84 20 --2- 10.244.3.182:0/2268322028 >> [v2:10.101.93.243:3300/0,v1:10.101.93.243:6789/0] conn(0x1451e30 0x1457fd0 unknown :-1 s=HELLO_CONNECTING pgs=0 cs=0 l=0 rx=0 tx=0).handle_read_frame_preamble_main r=0
2020-02-19 02:19:08.541 f1d83b84 20 --2- 10.244.3.182:0/2268322028 >> [v2:10.105.28.199:3300/0,v1:10.105.28.199:6789/0] conn(0x1458560 0x1458860 unknown :-1 s=AUTH_CONNECTING pgs=0 cs=0 l=0 rx=0 tx=0).send_auth_request peer_type 1 auth_client 0xfff5bc0c
2020-02-19 02:19:08.541 f1d3bb84 30 --2- 10.244.3.182:0/2268322028 >> [v2:10.101.93.243:3300/0,v1:10.101.93.243:6789/0] conn(0x1451e30 0x1457fd0 unknown :-1 s=HELLO_CONNECTING pgs=0 cs=0 l=0 rx=0 tx=0).handle_read_frame_preamble_main preamble
2020-02-19 02:19:08.541 f1d3bb84 10 --2- 10.244.3.182:0/2268322028 >> [v2:10.101.93.243:3300/0,v1:10.101.93.243:6789/0] conn(0x1451e30 0x1457fd0 unknown :-1 s=HELLO_CONNECTING pgs=0 cs=0 l=0 rx=0 tx=0).handle_read_frame_preamble_main got new segment: len=36 align=8
2020-02-19 02:19:08.541 f1d83b84 25 -- 10.244.3.182:0/2268322028 >> [v2:10.105.28.199:3300/0,v1:10.105.28.199:6789/0] conn(0x1458560 msgr2=0x1458860 unknown :-1 s=STATE_CONNECTION_ESTABLISHED l=0)._try_send cs.send 91 bytes
2020-02-19 02:19:08.541 f1d3bb84 20 --2- 10.244.3.182:0/2268322028 >> [v2:10.101.93.243:3300/0,v1:10.101.93.243:6789/0] conn(0x1451e30 0x1457fd0 unknown :-1 s=HELLO_CONNECTING pgs=0 cs=0 l=0 rx=0 tx=0).read_frame_segment
2020-02-19 02:19:08.541 f1d3bb84 20 -- 10.244.3.182:0/2268322028 >> [v2:10.101.93.243:3300/0,v1:10.101.93.243:6789/0] conn(0x1451e30 msgr2=0x1457fd0 unknown :-1 s=STATE_CONNECTION_ESTABLISHED l=0).read start len=36
2020-02-19 02:19:08.541 f1d3bb84 25 -- 10.244.3.182:0/2268322028 >> [v2:10.101.93.243:3300/0,v1:10.101.93.243:6789/0] conn(0x1451e30 msgr2=0x1457fd0 unknown :-1 s=STATE_CONNECTION_ESTABLISHED l=0).read_until len is 36 state_offset is 0
2020-02-19 02:19:08.541 f1d3bb84 25 -- 10.244.3.182:0/2268322028 >> [v2:10.101.93.243:3300/0,v1:10.101.93.243:6789/0] conn(0x1451e30 msgr2=0x1457fd0 unknown :-1 s=STATE_CONNECTION_ESTABLISHED l=0).read_until got 36 in buffer left is 0 buffer still has 17
2020-02-19 02:19:08.541 f1d3bb84 20 --2- 10.244.3.182:0/2268322028 >> [v2:10.101.93.243:3300/0,v1:10.101.93.243:6789/0] conn(0x1451e30 0x1457fd0 unknown :-1 s=HELLO_CONNECTING pgs=0 cs=0 l=0 rx=0 tx=0).handle_read_frame_segment r=0
2020-02-19 02:19:08.541 f1d83b84 10 -- 10.244.3.182:0/2268322028 >> [v2:10.105.28.199:3300/0,v1:10.105.28.199:6789/0] conn(0x1458560 msgr2=0x1458860 unknown :-1 s=STATE_CONNECTION_ESTABLISHED l=0)._try_send sent bytes 91 remaining bytes 0
2020-02-19 02:19:08.541 f1d3bb84 20 -- 10.244.3.182:0/2268322028 >> [v2:10.101.93.243:3300/0,v1:10.101.93.243:6789/0] conn(0x1451e30 msgr2=0x1457fd0 unknown :-1 s=STATE_CONNECTION_ESTABLISHED l=0).read start len=17
2020-02-19 02:19:08.541 f1d83b84 20 --2- 10.244.3.182:0/2268322028 >> [v2:10.105.28.199:3300/0,v1:10.105.28.199:6789/0] conn(0x1458560 0x1458860 unknown :-1 s=AUTH_CONNECTING pgs=0 cs=0 l=0 rx=0 tx=0).read_frame
2020-02-19 02:19:08.541 f1d3bb84 25 -- 10.244.3.182:0/2268322028 >> [v2:10.101.93.243:3300/0,v1:10.101.93.243:6789/0] conn(0x1451e30 msgr2=0x1457fd0 unknown :-1 s=STATE_CONNECTION_ESTABLISHED l=0).read_until len is 17 state_offset is 0
2020-02-19 02:19:08.541 f1d83b84 20 -- 10.244.3.182:0/2268322028 >> [v2:10.105.28.199:3300/0,v1:10.105.28.199:6789/0] conn(0x1458560 msgr2=0x1458860 unknown :-1 s=STATE_CONNECTION_ESTABLISHED l=0).read start len=32
2020-02-19 02:19:08.541 f1d3bb84 25 -- 10.244.3.182:0/2268322028 >> [v2:10.101.93.243:3300/0,v1:10.101.93.243:6789/0] conn(0x1451e30 msgr2=0x1457fd0 unknown :-1 s=STATE_CONNECTION_ESTABLISHED l=0).read_until got 17 in buffer left is 0 buffer still has 0
2020-02-19 02:19:08.541 f1d83b84 25 -- 10.244.3.182:0/2268322028 >> [v2:10.105.28.199:3300/0,v1:10.105.28.199:6789/0] conn(0x1458560 msgr2=0x1458860 unknown :-1 s=STATE_CONNECTION_ESTABLISHED l=0).read_until len is 32 state_offset is 0
2020-02-19 02:19:08.541 f1d83b84 1 -- 10.244.3.182:0/2268322028 >> [v2:10.105.28.199:3300/0,v1:10.105.28.199:6789/0] conn(0x1458560 msgr2=0x1458860 unknown :-1 s=STATE_CONNECTION_ESTABLISHED l=0).read_bulk peer close file descriptor 13
2020-02-19 02:19:08.541 f1d5fb84 10 -- 10.244.3.182:0/2268322028 >> [v2:10.107.161.184:3300/0,v1:10.107.161.184:6789/0] conn(0x1452480 msgr2=0x14518f0 unknown :-1 s=STATE_CONNECTION_ESTABLISHED l=0)._try_send sent bytes 85 remaining bytes 0
2020-02-19 02:19:08.541 f1d83b84 25 -- 10.244.3.182:0/2268322028 >> [v2:10.105.28.199:3300/0,v1:10.105.28.199:6789/0] conn(0x1458560 msgr2=0x1458860 unknown :-1 s=STATE_CONNECTION_ESTABLISHED l=0).read_until read_bulk recv_end is 0 left is 32 got -1
2020-02-19 02:19:08.541 f1d5fb84 20 --2- 10.244.3.182:0/2268322028 >> [v2:10.107.161.184:3300/0,v1:10.107.161.184:6789/0] conn(0x1452480 0x14518f0 unknown :-1 s=HELLO_CONNECTING pgs=0 cs=0 l=0 rx=0 tx=0).read_frame
2020-02-19 02:19:08.541 f1d83b84 1 -- 10.244.3.182:0/2268322028 >> [v2:10.105.28.199:3300/0,v1:10.105.28.199:6789/0] conn(0x1458560 msgr2=0x1458860 unknown :-1 s=STATE_CONNECTION_ESTABLISHED l=0).read_until read failed
2020-02-19 02:19:08.541 f1d83b84 20 --2- 10.244.3.182:0/2268322028 >> [v2:10.105.28.199:3300/0,v1:10.105.28.199:6789/0] conn(0x1458560 0x1458860 unknown :-1 s=AUTH_CONNECTING pgs=0 cs=0 l=0 rx=0 tx=0).handle_read_frame_preamble_main r=-1
2020-02-19 02:19:08.541 f1d3bb84 20 --2- 10.244.3.182:0/2268322028 >> [v2:10.101.93.243:3300/0,v1:10.101.93.243:6789/0] conn(0x1451e30 0x1457fd0 unknown :-1 s=HELLO_CONNECTING pgs=0 cs=0 l=0 rx=0 tx=0).handle_read_frame_epilogue_main r=0
2020-02-19 02:19:08.541 f1d3bb84 20 --2- 10.244.3.182:0/2268322028 >> [v2:10.101.93.243:3300/0,v1:10.101.93.243:6789/0] conn(0x1451e30 0x1457fd0 unknown :-1 s=HELLO_CONNECTING pgs=0 cs=0 l=0 rx=0 tx=0).handle_read_frame_epilogue_main message integrity check success: expected_crc=358890496 calculated_crc=358890496
2020-02-19 02:19:08.541 f1d3bb84 10 --2- 10.244.3.182:0/2268322028 >> [v2:10.101.93.243:3300/0,v1:10.101.93.243:6789/0] conn(0x1451e30 0x1457fd0 unknown :-1 s=HELLO_CONNECTING pgs=0 cs=0 l=0 rx=0 tx=0).handle_read_frame_dispatch tag=1
2020-02-19 02:19:08.541 f1d3bb84 30 --2- 10.244.3.182:0/2268322028 >> [v2:10.101.93.243:3300/0,v1:10.101.93.243:6789/0] conn(0x1451e30 0x1457fd0 unknown :-1 s=HELLO_CONNECTING pgs=0 cs=0 l=0 rx=0 tx=0).handle_frame_payload
2020-02-19 02:19:08.541 f1d5fb84 20 -- 10.244.3.182:0/2268322028 >> [v2:10.107.161.184:3300/0,v1:10.107.161.184:6789/0] conn(0x1452480 msgr2=0x14518f0 unknown :-1 s=STATE_CONNECTION_ESTABLISHED l=0).read start len=32
2020-02-19 02:19:08.541 f1d5fb84 25 -- 10.244.3.182:0/2268322028 >> [v2:10.107.161.184:3300/0,v1:10.107.161.184:6789/0] conn(0x1452480 msgr2=0x14518f0 unknown :-1 s=STATE_CONNECTION_ESTABLISHED l=0).read_until len is 32 state_offset is 0
2020-02-19 02:19:08.541 f1d3bb84 20 --2- 10.244.3.182:0/2268322028 >> [v2:10.101.93.243:3300/0,v1:10.101.93.243:6789/0] conn(0x1451e30 0x1457fd0 unknown :-1 s=HELLO_CONNECTING pgs=0 cs=0 l=0 rx=0 tx=0).handle_hello payload.length()=36
2020-02-19 02:19:08.541 f1d5fb84 25 -- 10.244.3.182:0/2268322028 >> [v2:10.107.161.184:3300/0,v1:10.107.161.184:6789/0] conn(0x1452480 msgr2=0x14518f0 unknown :-1 s=STATE_CONNECTION_ESTABLISHED l=0).read_until got 32 in buffer left is 0 buffer still has 53
2020-02-19 02:19:08.541 f1d83b84 1 --2- 10.244.3.182:0/2268322028 >> [v2:10.105.28.199:3300/0,v1:10.105.28.199:6789/0] conn(0x1458560 0x1458860 unknown :-1 s=AUTH_CONNECTING pgs=0 cs=0 l=0 rx=0 tx=0).handle_read_frame_preamble_main read frame length and tag failed r=-1 ((1) Operation not permitted)
2020-02-19 02:19:08.541 f1d5fb84 20 --2- 10.244.3.182:0/2268322028 >> [v2:10.107.161.184:3300/0,v1:10.107.161.184:6789/0] conn(0x1452480 0x14518f0 unknown :-1 s=HELLO_CONNECTING pgs=0 cs=0 l=0 rx=0 tx=0).handle_read_frame_preamble_main r=0
2020-02-19 02:19:08.541 f1d83b84 10 --2- 10.244.3.182:0/2268322028 >> [v2:10.105.28.199:3300/0,v1:10.105.28.199:6789/0] conn(0x1458560 0x1458860 unknown :-1 s=AUTH_CONNECTING pgs=0 cs=0 l=0 rx=0 tx=0)._fault
2020-02-19 02:19:08.541 f1d3bb84 5 --2- 10.244.3.182:0/2268322028 >> [v2:10.101.93.243:3300/0,v1:10.101.93.243:6789/0] conn(0x1451e30 0x1457fd0 unknown :-1 s=HELLO_CONNECTING pgs=0 cs=0 l=0 rx=0 tx=0).handle_hello received hello: peer_type=1 peer_addr_for_me=v2:10.244.3.182:37460/0
2020-02-19 02:19:08.541 f1d5fb84 30 --2- 10.244.3.182:0/2268322028 >> [v2:10.107.161.184:3300/0,v1:10.107.161.184:6789/0] conn(0x1452480 0x14518f0 unknown :-1 s=HELLO_CONNECTING pgs=0 cs=0 l=0 rx=0 tx=0).handle_read_frame_preamble_main preamble
2020-02-19 02:19:08.541 f1d5fb84 10 --2- 10.244.3.182:0/2268322028 >> [v2:10.107.161.184:3300/0,v1:10.107.161.184:6789/0] conn(0x1452480 0x14518f0 unknown :-1 s=HELLO_CONNECTING pgs=0 cs=0 l=0 rx=0 tx=0).handle_read_frame_preamble_main got new segment: len=36 align=8
2020-02-19 02:19:08.541 f1d3bb84 5 --2- 10.244.3.182:0/2268322028 >> [v2:10.101.93.243:3300/0,v1:10.101.93.243:6789/0] conn(0x1451e30 0x1457fd0 unknown :-1 s=HELLO_CONNECTING pgs=0 cs=0 l=0 rx=0 tx=0).handle_hello getsockname says I am 10.244.3.182:37460 when talking to v2:10.101.93.243:3300/0
2020-02-19 02:19:08.541 f1d3bb84 20 --2- 10.244.3.182:0/2268322028 >> [v2:10.101.93.243:3300/0,v1:10.101.93.243:6789/0] conn(0x1451e30 0x1457fd0 unknown :-1 s=HELLO_CONNECTING pgs=0 cs=0 l=0 rx=0 tx=0).post_client_banner_exchange
2020-02-19 02:19:08.541 f1d83b84 1 --2- 10.244.3.182:0/2268322028 >> [v2:10.105.28.199:3300/0,v1:10.105.28.199:6789/0] conn(0x1458560 0x1458860 unknown :-1 s=START_CONNECT pgs=0 cs=0 l=0 rx=0 tx=0)._fault waiting 0.200000
2020-02-19 02:19:08.541 f1d3bb84 20 --2- 10.244.3.182:0/2268322028 >> [v2:10.101.93.243:3300/0,v1:10.101.93.243:6789/0] conn(0x1451e30 0x1457fd0 unknown :-1 s=AUTH_CONNECTING pgs=0 cs=0 l=0 rx=0 tx=0).send_auth_request peer_type 1 auth_client 0xfff5bc0c
2020-02-19 02:19:08.541 f1d5fb84 20 --2- 10.244.3.182:0/2268322028 >> [v2:10.107.161.184:3300/0,v1:10.107.161.184:6789/0] conn(0x1452480 0x14518f0 unknown :-1 s=HELLO_CONNECTING pgs=0 cs=0 l=0 rx=0 tx=0).read_frame_segment
2020-02-19 02:19:08.541 f1d5fb84 20 -- 10.244.3.182:0/2268322028 >> [v2:10.107.161.184:3300/0,v1:10.107.161.184:6789/0] conn(0x1452480 msgr2=0x14518f0 unknown :-1 s=STATE_CONNECTION_ESTABLISHED l=0).read start len=36
2020-02-19 02:19:08.541 f1d5fb84 25 -- 10.244.3.182:0/2268322028 >> [v2:10.107.161.184:3300/0,v1:10.107.161.184:6789/0] conn(0x1452480 msgr2=0x14518f0 unknown :-1 s=STATE_CONNECTION_ESTABLISHED l=0).read_until len is 36 state_offset is 0
2020-02-19 02:19:08.541 f1d5fb84 25 -- 10.244.3.182:0/2268322028 >> [v2:10.107.161.184:3300/0,v1:10.107.161.184:6789/0] conn(0x1452480 msgr2=0x14518f0 unknown :-1 s=STATE_CONNECTION_ESTABLISHED l=0).read_until got 36 in buffer left is 0 buffer still has 17
2020-02-19 02:19:08.541 f1d5fb84 20 --2- 10.244.3.182:0/2268322028 >> [v2:10.107.161.184:3300/0,v1:10.107.161.184:6789/0] conn(0x1452480 0x14518f0 unknown :-1 s=HELLO_CONNECTING pgs=0 cs=0 l=0 rx=0 tx=0).handle_read_frame_segment r=0
2020-02-19 02:19:08.541 f1d3bb84 25 -- 10.244.3.182:0/2268322028 >> [v2:10.101.93.243:3300/0,v1:10.101.93.243:6789/0] conn(0x1451e30 msgr2=0x1457fd0 unknown :-1 s=STATE_CONNECTION_ESTABLISHED l=0)._try_send cs.send 91 bytes
2020-02-19 02:19:08.541 f1d5fb84 20 -- 10.244.3.182:0/2268322028 >> [v2:10.107.161.184:3300/0,v1:10.107.161.184:6789/0] conn(0x1452480 msgr2=0x14518f0 unknown :-1 s=STATE_CONNECTION_ESTABLISHED l=0).read start len=17
2020-02-19 02:19:08.541 f1d5fb84 25 -- 10.244.3.182:0/2268322028 >> [v2:10.107.161.184:3300/0,v1:10.107.161.184:6789/0] conn(0x1452480 msgr2=0x14518f0 unknown :-1 s=STATE_CONNECTION_ESTABLISHED l=0).read_until len is 17 state_offset is 0
2020-02-19 02:19:08.541 f1d5fb84 25 -- 10.244.3.182:0/2268322028 >> [v2:10.107.161.184:3300/0,v1:10.107.161.184:6789/0] conn(0x1452480 msgr2=0x14518f0 unknown :-1 s=STATE_CONNECTION_ESTABLISHED l=0).read_until got 17 in buffer left is 0 buffer still has 0
2020-02-19 02:19:08.541 f1d5fb84 20 --2- 10.244.3.182:0/2268322028 >> [v2:10.107.161.184:3300/0,v1:10.107.161.184:6789/0] conn(0x1452480 0x14518f0 unknown :-1 s=HELLO_CONNECTING pgs=0 cs=0 l=0 rx=0 tx=0).handle_read_frame_epilogue_main r=0
2020-02-19 02:19:08.541 f1d5fb84 20 --2- 10.244.3.182:0/2268322028 >> [v2:10.107.161.184:3300/0,v1:10.107.161.184:6789/0] conn(0x1452480 0x14518f0 unknown :-1 s=HELLO_CONNECTING pgs=0 cs=0 l=0 rx=0 tx=0).handle_read_frame_epilogue_main message integrity check success: expected_crc=2390020340 calculated_crc=2390020340
2020-02-19 02:19:08.541 f1d3bb84 10 -- 10.244.3.182:0/2268322028 >> [v2:10.101.93.243:3300/0,v1:10.101.93.243:6789/0] conn(0x1451e30 msgr2=0x1457fd0 unknown :-1 s=STATE_CONNECTION_ESTABLISHED l=0)._try_send sent bytes 91 remaining bytes 0
2020-02-19 02:19:08.541 f1d5fb84 10 --2- 10.244.3.182:0/2268322028 >> [v2:10.107.161.184:3300/0,v1:10.107.161.184:6789/0] conn(0x1452480 0x14518f0 unknown :-1 s=HELLO_CONNECTING pgs=0 cs=0 l=0 rx=0 tx=0).handle_read_frame_dispatch tag=1
2020-02-19 02:19:08.541 f1d3bb84 20 --2- 10.244.3.182:0/2268322028 >> [v2:10.101.93.243:3300/0,v1:10.101.93.243:6789/0] conn(0x1451e30 0x1457fd0 unknown :-1 s=AUTH_CONNECTING pgs=0 cs=0 l=0 rx=0 tx=0).read_frame
2020-02-19 02:19:08.541 f1d3bb84 20 -- 10.244.3.182:0/2268322028 >> [v2:10.101.93.243:3300/0,v1:10.101.93.243:6789/0] conn(0x1451e30 msgr2=0x1457fd0 unknown :-1 s=STATE_CONNECTION_ESTABLISHED l=0).read start len=32
2020-02-19 02:19:08.541 f1d5fb84 30 --2- 10.244.3.182:0/2268322028 >> [v2:10.107.161.184:3300/0,v1:10.107.161.184:6789/0] conn(0x1452480 0x14518f0 unknown :-1 s=HELLO_CONNECTING pgs=0 cs=0 l=0 rx=0 tx=0).handle_frame_payload
2020-02-19 02:19:08.541 f1d3bb84 25 -- 10.244.3.182:0/2268322028 >> [v2:10.101.93.243:3300/0,v1:10.101.93.243:6789/0] conn(0x1451e30 msgr2=0x1457fd0 unknown :-1 s=STATE_CONNECTION_ESTABLISHED l=0).read_until len is 32 state_offset is 0
2020-02-19 02:19:08.541 f1d5fb84 20 --2- 10.244.3.182:0/2268322028 >> [v2:10.107.161.184:3300/0,v1:10.107.161.184:6789/0] conn(0x1452480 0x14518f0 unknown :-1 s=HELLO_CONNECTING pgs=0 cs=0 l=0 rx=0 tx=0).handle_hello payload.length()=36
2020-02-19 02:19:08.541 f1d3bb84 1 -- 10.244.3.182:0/2268322028 >> [v2:10.101.93.243:3300/0,v1:10.101.93.243:6789/0] conn(0x1451e30 msgr2=0x1457fd0 unknown :-1 s=STATE_CONNECTION_ESTABLISHED l=0).read_bulk peer close file descriptor 14
2020-02-19 02:19:08.541 f1d3bb84 25 -- 10.244.3.182:0/2268322028 >> [v2:10.101.93.243:3300/0,v1:10.101.93.243:6789/0] conn(0x1451e30 msgr2=0x1457fd0 unknown :-1 s=STATE_CONNECTION_ESTABLISHED l=0).read_until read_bulk recv_end is 0 left is 32 got -1
2020-02-19 02:19:08.541 f1d3bb84 1 -- 10.244.3.182:0/2268322028 >> [v2:10.101.93.243:3300/0,v1:10.101.93.243:6789/0] conn(0x1451e30 msgr2=0x1457fd0 unknown :-1 s=STATE_CONNECTION_ESTABLISHED l=0).read_until read failed
2020-02-19 02:19:08.541 f1d3bb84 20 --2- 10.244.3.182:0/2268322028 >> [v2:10.101.93.243:3300/0,v1:10.101.93.243:6789/0] conn(0x1451e30 0x1457fd0 unknown :-1 s=AUTH_CONNECTING pgs=0 cs=0 l=0 rx=0 tx=0).handle_read_frame_preamble_main r=-1
2020-02-19 02:19:08.541 f1d3bb84 1 --2- 10.244.3.182:0/2268322028 >> [v2:10.101.93.243:3300/0,v1:10.101.93.243:6789/0] conn(0x1451e30 0x1457fd0 unknown :-1 s=AUTH_CONNECTING pgs=0 cs=0 l=0 rx=0 tx=0).handle_read_frame_preamble_main read frame length and tag failed r=-1 ((1) Operation not permitted)
2020-02-19 02:19:08.541 f1d3bb84 10 --2- 10.244.3.182:0/2268322028 >> [v2:10.101.93.243:3300/0,v1:10.101.93.243:6789/0] conn(0x1451e30 0x1457fd0 unknown :-1 s=AUTH_CONNECTING pgs=0 cs=0 l=0 rx=0 tx=0)._fault
2020-02-19 02:19:08.541 f1d5fb84 5 --2- 10.244.3.182:0/2268322028 >> [v2:10.107.161.184:3300/0,v1:10.107.161.184:6789/0] conn(0x1452480 0x14518f0 unknown :-1 s=HELLO_CONNECTING pgs=0 cs=0 l=0 rx=0 tx=0).handle_hello received hello: peer_type=1 peer_addr_for_me=v2:10.244.3.182:45392/0
2020-02-19 02:19:08.541 f1d5fb84 5 --2- 10.244.3.182:0/2268322028 >> [v2:10.107.161.184:3300/0,v1:10.107.161.184:6789/0] conn(0x1452480 0x14518f0 unknown :-1 s=HELLO_CONNECTING pgs=0 cs=0 l=0 rx=0 tx=0).handle_hello getsockname says I am 10.244.3.182:45392 when talking to v2:10.107.161.184:3300/0
