rbd info kvm1148 --debug-rbd 20 --debug-objecter 20 --debug-ms=20 --debug-osd=20
2012-05-30 16:46:35.281623 7fe972d84760 10 -- :/0 ready :/0
2012-05-30 16:46:35.281683 7fe972d84760 1 -- :/0 messenger.start
2012-05-30 16:46:35.281793 7fe96f16b700 10 -- :/1015811 reaper_entry start
2012-05-30 16:46:35.281939 7fe96f16b700 10 -- :/1015811 reaper
2012-05-30 16:46:35.281942 7fe96f16b700 10 -- :/1015811 reaper done
2012-05-30 16:46:35.282250 7fe972d84760 10 -- :/1015811 connect_rank to 46.19.94.1:6789/0, creating pipe and registering
2012-05-30 16:46:35.282294 7fe972d84760 10 -- :/1015811 >> 46.19.94.1:6789/0 pipe(0x7fe968001200 sd=-1 pgs=0 cs=0 l=0).register_pipe
2012-05-30 16:46:35.282334 7fe972d84760 1 -- :/1015811 --> 46.19.94.1:6789/0 -- auth(proto 0 30 bytes epoch 0) v1 -- ?+0 0x7fe9680018a0 con 0x7fe968001470
2012-05-30 16:46:35.282307 7fe972d7c700 10 -- :/1015811 >> 46.19.94.1:6789/0 pipe(0x7fe968001200 sd=-1 pgs=0 cs=0 l=0).writer: state = 1 policy.server=0
2012-05-30 16:46:35.282346 7fe972d7c700 10 -- :/1015811 >> 46.19.94.1:6789/0 pipe(0x7fe968001200 sd=-1 pgs=0 cs=0 l=0).connect 0
2012-05-30 16:46:35.282363 7fe972d84760 20 -- :/1015811 submit_message auth(proto 0 30 bytes epoch 0) v1 remote 46.19.94.1:6789/0
2012-05-30 16:46:35.282378 7fe972d7c700 10 -- :/1015811 >> 46.19.94.1:6789/0 pipe(0x7fe968001200 sd=4 pgs=0 cs=0 l=0).connecting to 46.19.94.1:6789/0
2012-05-30 16:46:35.310494 7fe972d7c700 20 -- :/1015811 >> 46.19.94.1:6789/0 pipe(0x7fe968001200 sd=4 pgs=0 cs=0 l=0).connect read peer addr 46.19.94.1:6789/0 on socket 4
2012-05-30 16:46:35.310516 7fe972d7c700 20 -- :/1015811 >> 46.19.94.1:6789/0 pipe(0x7fe968001200 sd=4 pgs=0 cs=0 l=0).connect peer addr for me is 46.19.94.16:51595/0
2012-05-30 16:46:35.310523 7fe972d7c700 1 -- 46.19.94.16:0/1015811 learned my addr 46.19.94.16:0/1015811
2012-05-30 16:46:35.310540 7fe972d7c700 10 -- 46.19.94.16:0/1015811 >> 46.19.94.1:6789/0 pipe(0x7fe968001200 sd=4 pgs=0 cs=0 l=0).connect sent my addr 46.19.94.16:0/1015811
2012-05-30 16:46:35.310551 7fe972d7c700 10 -- 46.19.94.16:0/1015811 >> 46.19.94.1:6789/0 pipe(0x7fe968001200 sd=4 pgs=0 cs=0 l=0).connect sending gseq=1 cseq=0 proto=15
2012-05-30 16:46:35.310558 7fe972d7c700 20 -- 46.19.94.16:0/1015811 >> 46.19.94.1:6789/0 pipe(0x7fe968001200 sd=4 pgs=0 cs=0 l=0).connect wrote (self +) cseq, waiting for reply
2012-05-30 16:46:35.331725 7fe972d7c700 20 -- 46.19.94.16:0/1015811 >> 46.19.94.1:6789/0 pipe(0x7fe968001200 sd=4 pgs=0 cs=0 l=0).connect got reply tag 1 connect_seq 1 global_seq 269 proto 15 flags 1
2012-05-30 16:46:35.331749 7fe972d7c700 10 -- 46.19.94.16:0/1015811 >> 46.19.94.1:6789/0 pipe(0x7fe968001200 sd=4 pgs=269 cs=1 l=1).connect success 1, lossy = 1, features 32767
2012-05-30 16:46:35.331764 7fe972d7c700 20 -- 46.19.94.16:0/1015811 >> :/0 pipe(0x20e72b0 sd=-1 pgs=0 cs=0 l=0).queue_received queuing pipe
2012-05-30 16:46:35.331778 7fe972d7c700 20 -- 46.19.94.16:0/1015811 >> 46.19.94.1:6789/0 pipe(0x7fe968001200 sd=4 pgs=269 cs=1 l=1).connect starting reader
2012-05-30 16:46:35.331798 7fe96f96c700 20 -- 46.19.94.16:0/1015811 dispatch_entry pipe 0x20e72b0 dequeued 0
2012-05-30 16:46:35.331853 7fe972d7c700 10 -- 46.19.94.16:0/1015811 >> 46.19.94.1:6789/0 pipe(0x7fe968001200 sd=4 pgs=269 cs=1 l=1).writer: state = 2 policy.server=0
2012-05-30 16:46:35.331873 7fe972d7c700 20 -- 46.19.94.16:0/1015811 >> 46.19.94.1:6789/0 pipe(0x7fe968001200 sd=4 pgs=269 cs=1 l=1).writer encoding 1 0x7fe9680018a0 auth(proto 0 30 bytes epoch 0) v1
2012-05-30 16:46:35.331900 7fe972d7c700 20 -- 46.19.94.16:0/1015811 >> 46.19.94.1:6789/0 pipe(0x7fe968001200 sd=4 pgs=269 cs=1 l=1).writer sending 1 0x7fe9680018a0
2012-05-30 16:46:35.331881 7fe96d968700 20 -- 46.19.94.16:0/1015811 >> 46.19.94.1:6789/0 pipe(0x7fe968001200 sd=4 pgs=269 cs=1 l=1).reader reading tag...
2012-05-30 16:46:35.331909 7fe972d7c700 20 -- 46.19.94.16:0/1015811 >> 46.19.94.1:6789/0 pipe(0x7fe968001200 sd=4 pgs=269 cs=1 l=1).write_message 0x7fe9680018a0
2012-05-30 16:46:35.331929 7fe972d7c700 10 -- 46.19.94.16:0/1015811 >> 46.19.94.1:6789/0 pipe(0x7fe968001200 sd=4 pgs=269 cs=1 l=1).writer: state = 2 policy.server=0
2012-05-30 16:46:35.331939 7fe972d7c700 20 -- 46.19.94.16:0/1015811 >> 46.19.94.1:6789/0 pipe(0x7fe968001200 sd=4 pgs=269 cs=1 l=1).writer sleeping
2012-05-30 16:46:35.334026 7fe96d968700 20 -- 46.19.94.16:0/1015811 >> 46.19.94.1:6789/0 pipe(0x7fe968001200 sd=4 pgs=269 cs=1 l=1).reader got ACK
2012-05-30 16:46:35.334052 7fe96d968700 15 reader got ack seq 1
2012-05-30 16:46:35.334054 7fe96d968700 20 -- 46.19.94.16:0/1015811 >> 46.19.94.1:6789/0 pipe(0x7fe968001200 sd=4 pgs=269 cs=1 l=1).reader reading tag...
2012-05-30 16:46:35.334060 7fe96d968700 20 -- 46.19.94.16:0/1015811 >> 46.19.94.1:6789/0 pipe(0x7fe968001200 sd=4 pgs=269 cs=1 l=1).reader got MSG
2012-05-30 16:46:35.334067 7fe96d968700 20 -- 46.19.94.16:0/1015811 >> 46.19.94.1:6789/0 pipe(0x7fe968001200 sd=4 pgs=269 cs=1 l=1).reader got envelope type=4 src mon.0 front=751 data=0 off 0
2012-05-30 16:46:35.334078 7fe96d968700 10 -- 46.19.94.16:0/1015811 >> 46.19.94.1:6789/0 pipe(0x7fe968001200 sd=4 pgs=269 cs=1 l=1).reader wants 751 from dispatch throttler 0/104857600
2012-05-30 16:46:35.334098 7fe96d968700 20 -- 46.19.94.16:0/1015811 >> 46.19.94.1:6789/0 pipe(0x7fe968001200 sd=4 pgs=269 cs=1 l=1).reader got front 751
2012-05-30 16:46:35.334105 7fe96d968700 10 -- 46.19.94.16:0/1015811 >> 46.19.94.1:6789/0 pipe(0x7fe968001200 sd=4 pgs=269 cs=1 l=1).aborted = 0
2012-05-30 16:46:35.334116 7fe96d968700 20 -- 46.19.94.16:0/1015811 >> 46.19.94.1:6789/0 pipe(0x7fe968001200 sd=4 pgs=269 cs=1 l=1).reader got 751 + 0 + 0 byte message
2012-05-30 16:46:35.334151 7fe96d968700 10 -- 46.19.94.16:0/1015811 >> 46.19.94.1:6789/0 pipe(0x7fe968001200 sd=4 pgs=269 cs=1 l=1).reader got message 1 0x20ea760 mon_map v1
2012-05-30 16:46:35.334162 7fe972d7c700 10 -- 46.19.94.16:0/1015811 >> 46.19.94.1:6789/0 pipe(0x7fe968001200 sd=4 pgs=269 cs=1 l=1).writer: state = 2 policy.server=0
2012-05-30 16:46:35.334184 7fe972d7c700 10 -- 46.19.94.16:0/1015811 >> 46.19.94.1:6789/0 pipe(0x7fe968001200 sd=4 pgs=269 cs=1 l=1).write_ack 1
2012-05-30 16:46:35.334187 7fe96d968700 20 -- 46.19.94.16:0/1015811 >> 46.19.94.1:6789/0 pipe(0x7fe968001200 sd=4 pgs=269 cs=1 l=1).queue_received queuing pipe
2012-05-30 16:46:35.334206 7fe96f96c700 20 -- 46.19.94.16:0/1015811 dispatch_entry pipe 0x7fe968001200 dequeued 0x20ea760
2012-05-30 16:46:35.334209 7fe96d968700 20 -- 46.19.94.16:0/1015811 >> 46.19.94.1:6789/0 pipe(0x7fe968001200 sd=4 pgs=269 cs=1 l=1).reader reading tag...
2012-05-30 16:46:35.334212 7fe96f96c700 1 -- 46.19.94.16:0/1015811 <== mon.0 46.19.94.1:6789/0 1 ==== mon_map v1 ==== 751+0+0 (4218198165 0 0) 0x20ea760 con 0x7fe968001470
2012-05-30 16:46:35.334218 7fe96d968700 20 -- 46.19.94.16:0/1015811 >> 46.19.94.1:6789/0 pipe(0x7fe968001200 sd=4 pgs=269 cs=1 l=1).reader got MSG
2012-05-30 16:46:35.334224 7fe96d968700 20 -- 46.19.94.16:0/1015811 >> 46.19.94.1:6789/0 pipe(0x7fe968001200 sd=4 pgs=269 cs=1 l=1).reader got envelope type=18 src mon.0 front=33 data=0 off 0
2012-05-30 16:46:35.334230 7fe96d968700 10 -- 46.19.94.16:0/1015811 >> 46.19.94.1:6789/0 pipe(0x7fe968001200 sd=4 pgs=269 cs=1 l=1).reader wants 33 from dispatch throttler 751/104857600
2012-05-30 16:46:35.334240 7fe96d968700 20 -- 46.19.94.16:0/1015811 >> 46.19.94.1:6789/0 pipe(0x7fe968001200 sd=4 pgs=269 cs=1 l=1).reader got front 33
2012-05-30 16:46:35.334243 7fe972d7c700 10 -- 46.19.94.16:0/1015811 >> 46.19.94.1:6789/0 pipe(0x7fe968001200 sd=4 pgs=269 cs=1 l=1).writer: state = 2 policy.server=0
2012-05-30 16:46:35.334250 7fe96d968700 10 -- 46.19.94.16:0/1015811 >> 46.19.94.1:6789/0 pipe(0x7fe968001200 sd=4 pgs=269 cs=1 l=1).aborted = 0
2012-05-30 16:46:35.334250 7fe972d7c700 20 -- 46.19.94.16:0/1015811 >> 46.19.94.1:6789/0 pipe(0x7fe968001200 sd=4 pgs=269 cs=1 l=1).writer sleeping
2012-05-30 16:46:35.334255 7fe96d968700 20 -- 46.19.94.16:0/1015811 >> 46.19.94.1:6789/0 pipe(0x7fe968001200 sd=4 pgs=269 cs=1 l=1).reader got 33 + 0 + 0 byte message
2012-05-30 16:46:35.334268 7fe96d968700 10 -- 46.19.94.16:0/1015811 >> 46.19.94.1:6789/0 pipe(0x7fe968001200 sd=4 pgs=269 cs=1 l=1).reader got message 2 0x7fe968002f30 auth_reply(proto 2 0 Success) v1
2012-05-30 16:46:35.334275 7fe96f96c700 10 -- 46.19.94.16:0/1015811 dispatch_throttle_release 751 to dispatch throttler 784/104857600
2012-05-30 16:46:35.334289 7fe96d968700 20 -- 46.19.94.16:0/1015811 >> 46.19.94.1:6789/0 pipe(0x7fe968001200 sd=4 pgs=269 cs=1 l=1).queue_received queuing pipe
2012-05-30 16:46:35.334290 7fe96f96c700 20 -- 46.19.94.16:0/1015811 done calling dispatch on 0x20ea760
2012-05-30 16:46:35.334306 7fe96d968700 20 -- 46.19.94.16:0/1015811 >> 46.19.94.1:6789/0 pipe(0x7fe968001200 sd=4 pgs=269 cs=1 l=1).reader reading tag...
2012-05-30 16:46:35.334308 7fe96f96c700 20 -- 46.19.94.16:0/1015811 dispatch_entry pipe 0x7fe968001200 dequeued 0x7fe968002f30
2012-05-30 16:46:35.334325 7fe972d7c700 10 -- 46.19.94.16:0/1015811 >> 46.19.94.1:6789/0 pipe(0x7fe968001200 sd=4 pgs=269 cs=1 l=1).writer: state = 2 policy.server=0
2012-05-30 16:46:35.334322 7fe96f96c700 1 -- 46.19.94.16:0/1015811 <== mon.0 46.19.94.1:6789/0 2 ==== auth_reply(proto 2 0 Success) v1 ==== 33+0+0 (2220515321 0 0) 0x7fe968002f30 con 0x7fe968001470
2012-05-30 16:46:35.334334 7fe972d7c700 10 -- 46.19.94.16:0/1015811 >> 46.19.94.1:6789/0 pipe(0x7fe968001200 sd=4 pgs=269 cs=1 l=1).write_ack 2
2012-05-30 16:46:35.334345 7fe972d7c700 10 -- 46.19.94.16:0/1015811 >> 46.19.94.1:6789/0 pipe(0x7fe968001200 sd=4 pgs=269 cs=1 l=1).writer: state = 2 policy.server=0
2012-05-30 16:46:35.334351 7fe972d7c700 20 -- 46.19.94.16:0/1015811 >> 46.19.94.1:6789/0 pipe(0x7fe968001200 sd=4 pgs=269 cs=1 l=1).writer sleeping
2012-05-30 16:46:35.334511 7fe96f96c700 1 -- 46.19.94.16:0/1015811 --> 46.19.94.1:6789/0 -- auth(proto 2 32 bytes epoch 0) v1 -- ?+0 0x7fe968003890 con 0x7fe968001470
2012-05-30 16:46:35.334519 7fe96f96c700 20 -- 46.19.94.16:0/1015811 submit_message auth(proto 2 32 bytes epoch 0) v1 remote 46.19.94.1:6789/0
2012-05-30 16:46:35.334529 7fe96f96c700 10 -- 46.19.94.16:0/1015811 dispatch_throttle_release 33 to dispatch throttler 33/104857600
2012-05-30 16:46:35.334533 7fe96f96c700 20 -- 46.19.94.16:0/1015811 done calling dispatch on 0x7fe968002f30
2012-05-30 16:46:35.334533 7fe972d7c700 10 -- 46.19.94.16:0/1015811 >> 46.19.94.1:6789/0 pipe(0x7fe968001200 sd=4 pgs=269 cs=1 l=1).writer: state = 2 policy.server=0
2012-05-30 16:46:35.334547 7fe972d7c700 20 -- 46.19.94.16:0/1015811 >> 46.19.94.1:6789/0 pipe(0x7fe968001200 sd=4 pgs=269 cs=1 l=1).writer encoding 2 0x7fe968003890 auth(proto 2 32 bytes epoch 0) v1
2012-05-30 16:46:35.334558 7fe972d7c700 20 -- 46.19.94.16:0/1015811 >> 46.19.94.1:6789/0 pipe(0x7fe968001200 sd=4 pgs=269 cs=1 l=1).writer sending 2 0x7fe968003890
2012-05-30 16:46:35.334563 7fe972d7c700 20 -- 46.19.94.16:0/1015811 >> 46.19.94.1:6789/0 pipe(0x7fe968001200 sd=4 pgs=269 cs=1 l=1).write_message 0x7fe968003890
2012-05-30 16:46:35.334580 7fe972d7c700 10 -- 46.19.94.16:0/1015811 >> 46.19.94.1:6789/0 pipe(0x7fe968001200 sd=4 pgs=269 cs=1 l=1).writer: state = 2 policy.server=0
2012-05-30 16:46:35.334587 7fe972d7c700 20 -- 46.19.94.16:0/1015811 >> 46.19.94.1:6789/0 pipe(0x7fe968001200 sd=4 pgs=269 cs=1 l=1).writer sleeping
2012-05-30 16:46:35.336926 7fe96d968700 20 -- 46.19.94.16:0/1015811 >> 46.19.94.1:6789/0 pipe(0x7fe968001200 sd=4 pgs=269 cs=1 l=1).reader got ACK
2012-05-30 16:46:35.336950 7fe96d968700 15 reader got ack seq 2
2012-05-30 16:46:35.336952 7fe96d968700 20 -- 46.19.94.16:0/1015811 >> 46.19.94.1:6789/0 pipe(0x7fe968001200 sd=4 pgs=269 cs=1 l=1).reader reading tag...
2012-05-30 16:46:35.336957 7fe96d968700 20 -- 46.19.94.16:0/1015811 >> 46.19.94.1:6789/0 pipe(0x7fe968001200 sd=4 pgs=269 cs=1 l=1).reader got MSG
2012-05-30 16:46:35.336963 7fe96d968700 20 -- 46.19.94.16:0/1015811 >> 46.19.94.1:6789/0 pipe(0x7fe968001200 sd=4 pgs=269 cs=1 l=1).reader got envelope type=18 src mon.0 front=206 data=0 off 0
2012-05-30 16:46:35.336969 7fe96d968700 10 -- 46.19.94.16:0/1015811 >> 46.19.94.1:6789/0 pipe(0x7fe968001200 sd=4 pgs=269 cs=1 l=1).reader wants 206 from dispatch throttler 0/104857600
2012-05-30 16:46:35.336977 7fe96d968700 20 -- 46.19.94.16:0/1015811 >> 46.19.94.1:6789/0 pipe(0x7fe968001200 sd=4 pgs=269 cs=1 l=1).reader got front 206
2012-05-30 16:46:35.336983 7fe96d968700 10 -- 46.19.94.16:0/1015811 >> 46.19.94.1:6789/0 pipe(0x7fe968001200 sd=4 pgs=269 cs=1 l=1).aborted = 0
2012-05-30 16:46:35.336993 7fe96d968700 20 -- 46.19.94.16:0/1015811 >> 46.19.94.1:6789/0 pipe(0x7fe968001200 sd=4 pgs=269 cs=1 l=1).reader got 206 + 0 + 0 byte message
2012-05-30 16:46:35.337014 7fe96d968700 10 -- 46.19.94.16:0/1015811 >> 46.19.94.1:6789/0 pipe(0x7fe968001200 sd=4 pgs=269 cs=1 l=1).reader got message 3 0x7fe968007d40 auth_reply(proto 2 0 Success) v1
2012-05-30 16:46:35.337022 7fe96d968700 20 -- 46.19.94.16:0/1015811 >> 46.19.94.1:6789/0 pipe(0x7fe968001200 sd=4 pgs=269 cs=1 l=1).queue_received queuing pipe
2012-05-30 16:46:35.337044 7fe96d968700 20 -- 46.19.94.16:0/1015811 >> 46.19.94.1:6789/0 pipe(0x7fe968001200 sd=4 pgs=269 cs=1 l=1).reader reading tag...
2012-05-30 16:46:35.337047 7fe972d7c700 10 -- 46.19.94.16:0/1015811 >> 46.19.94.1:6789/0 pipe(0x7fe968001200 sd=4 pgs=269 cs=1 l=1).writer: state = 2 policy.server=0
2012-05-30 16:46:35.337069 7fe972d7c700 10 -- 46.19.94.16:0/1015811 >> 46.19.94.1:6789/0 pipe(0x7fe968001200 sd=4 pgs=269 cs=1 l=1).write_ack 3
2012-05-30 16:46:35.337074 7fe96f96c700 20 -- 46.19.94.16:0/1015811 dispatch_entry pipe 0x7fe968001200 dequeued 0x7fe968007d40
2012-05-30 16:46:35.337080 7fe96f96c700 1 -- 46.19.94.16:0/1015811 <== mon.0 46.19.94.1:6789/0 3 ==== auth_reply(proto 2 0 Success) v1 ==== 206+0+0 (1434832852 0 0) 0x7fe968007d40 con 0x7fe968001470
2012-05-30 16:46:35.337084 7fe972d7c700 10 -- 46.19.94.16:0/1015811 >> 46.19.94.1:6789/0 pipe(0x7fe968001200 sd=4 pgs=269 cs=1 l=1).writer: state = 2 policy.server=0
2012-05-30 16:46:35.337091 7fe972d7c700 20 -- 46.19.94.16:0/1015811 >> 46.19.94.1:6789/0 pipe(0x7fe968001200 sd=4 pgs=269 cs=1 l=1).writer sleeping
2012-05-30 16:46:35.337202 7fe96f96c700 1 -- 46.19.94.16:0/1015811 --> 46.19.94.1:6789/0 -- auth(proto 2 165 bytes epoch 0) v1 -- ?+0 0x7fe968004050 con 0x7fe968001470
2012-05-30 16:46:35.337210 7fe96f96c700 20 -- 46.19.94.16:0/1015811 submit_message auth(proto 2 165 bytes epoch 0) v1 remote 46.19.94.1:6789/0
2012-05-30 16:46:35.337219 7fe96f96c700 10 -- 46.19.94.16:0/1015811 dispatch_throttle_release 206 to dispatch throttler 206/104857600
2012-05-30 16:46:35.337223 7fe96f96c700 20 -- 46.19.94.16:0/1015811 done calling dispatch on 0x7fe968007d40
2012-05-30 16:46:35.337222 7fe972d7c700 10 -- 46.19.94.16:0/1015811 >> 46.19.94.1:6789/0 pipe(0x7fe968001200 sd=4 pgs=269 cs=1 l=1).writer: state = 2 policy.server=0
2012-05-30 16:46:35.337231 7fe972d7c700 20 -- 46.19.94.16:0/1015811 >> 46.19.94.1:6789/0 pipe(0x7fe968001200 sd=4 pgs=269 cs=1 l=1).writer encoding 3 0x7fe968004050 auth(proto 2 165 bytes epoch 0) v1
2012-05-30 16:46:35.337246 7fe972d7c700 20 -- 46.19.94.16:0/1015811 >> 46.19.94.1:6789/0 pipe(0x7fe968001200 sd=4 pgs=269 cs=1 l=1).writer sending 3 0x7fe968004050
2012-05-30 16:46:35.337253 7fe972d7c700 20 -- 46.19.94.16:0/1015811 >> 46.19.94.1:6789/0 pipe(0x7fe968001200 sd=4 pgs=269 cs=1 l=1).write_message 0x7fe968004050
2012-05-30 16:46:35.337275 7fe972d7c700 10 -- 46.19.94.16:0/1015811 >> 46.19.94.1:6789/0 pipe(0x7fe968001200 sd=4 pgs=269 cs=1 l=1).writer: state = 2 policy.server=0
2012-05-30 16:46:35.337281 7fe972d7c700 20 -- 46.19.94.16:0/1015811 >> 46.19.94.1:6789/0 pipe(0x7fe968001200 sd=4 pgs=269 cs=1 l=1).writer sleeping
2012-05-30 16:46:35.337935 7fe96d968700 20 -- 46.19.94.16:0/1015811 >> 46.19.94.1:6789/0 pipe(0x7fe968001200 sd=4 pgs=269 cs=1 l=1).reader got ACK
2012-05-30 16:46:35.337947 7fe96d968700 15 reader got ack seq 3
2012-05-30 16:46:35.337948 7fe96d968700 20 -- 46.19.94.16:0/1015811 >> 46.19.94.1:6789/0 pipe(0x7fe968001200 sd=4 pgs=269 cs=1 l=1).reader reading tag...
2012-05-30 16:46:35.337955 7fe96d968700 20 -- 46.19.94.16:0/1015811 >> 46.19.94.1:6789/0 pipe(0x7fe968001200 sd=4 pgs=269 cs=1 l=1).reader got MSG
2012-05-30 16:46:35.337960 7fe96d968700 20 -- 46.19.94.16:0/1015811 >> 46.19.94.1:6789/0 pipe(0x7fe968001200 sd=4 pgs=269 cs=1 l=1).reader got envelope type=18 src mon.0 front=409 data=0 off 0
2012-05-30 16:46:35.337966 7fe96d968700 10 -- 46.19.94.16:0/1015811 >> 46.19.94.1:6789/0 pipe(0x7fe968001200 sd=4 pgs=269 cs=1 l=1).reader wants 409 from dispatch throttler 0/104857600
2012-05-30 16:46:35.337973 7fe96d968700 20 -- 46.19.94.16:0/1015811 >> 46.19.94.1:6789/0 pipe(0x7fe968001200 sd=4 pgs=269 cs=1 l=1).reader got front 409
2012-05-30 16:46:35.337979 7fe96d968700 10 -- 46.19.94.16:0/1015811 >> 46.19.94.1:6789/0 pipe(0x7fe968001200 sd=4 pgs=269 cs=1 l=1).aborted = 0
2012-05-30 16:46:35.337983 7fe96d968700 20 -- 46.19.94.16:0/1015811 >> 46.19.94.1:6789/0 pipe(0x7fe968001200 sd=4 pgs=269 cs=1 l=1).reader got 409 + 0 + 0 byte message
2012-05-30 16:46:35.338001 7fe96d968700 10 -- 46.19.94.16:0/1015811 >> 46.19.94.1:6789/0 pipe(0x7fe968001200 sd=4 pgs=269 cs=1 l=1).reader got message 4 0x7fe968004d50 auth_reply(proto 2 0 Success) v1
2012-05-30 16:46:35.338008 7fe972d7c700 10 -- 46.19.94.16:0/1015811 >> 46.19.94.1:6789/0 pipe(0x7fe968001200 sd=4 pgs=269 cs=1 l=1).writer: state = 2 policy.server=0
2012-05-30 16:46:35.338028 7fe972d7c700 10 -- 46.19.94.16:0/1015811 >> 46.19.94.1:6789/0 pipe(0x7fe968001200 sd=4 pgs=269 cs=1 l=1).write_ack 4
2012-05-30 16:46:35.338031 7fe96d968700 20 -- 46.19.94.16:0/1015811 >> 46.19.94.1:6789/0 pipe(0x7fe968001200 sd=4 pgs=269 cs=1 l=1).queue_received queuing pipe
2012-05-30 16:46:35.338051 7fe96d968700 20 -- 46.19.94.16:0/1015811 >> 46.19.94.1:6789/0 pipe(0x7fe968001200 sd=4 pgs=269 cs=1 l=1).reader reading tag...
2012-05-30 16:46:35.338079 7fe96f96c700 20 -- 46.19.94.16:0/1015811 dispatch_entry pipe 0x7fe968001200 dequeued 0x7fe968004d50
2012-05-30 16:46:35.338107 7fe972d7c700 10 -- 46.19.94.16:0/1015811 >> 46.19.94.1:6789/0 pipe(0x7fe968001200 sd=4 pgs=269 cs=1 l=1).writer: state = 2 policy.server=0
2012-05-30 16:46:35.338102 7fe96f96c700 1 -- 46.19.94.16:0/1015811 <== mon.0 46.19.94.1:6789/0 4 ==== auth_reply(proto 2 0 Success) v1 ==== 409+0+0 (4113764922 0 0) 0x7fe968004d50 con 0x7fe968001470
2012-05-30 16:46:35.338114 7fe972d7c700 20 -- 46.19.94.16:0/1015811 >> 46.19.94.1:6789/0 pipe(0x7fe968001200 sd=4 pgs=269 cs=1 l=1).writer sleeping
2012-05-30 16:46:35.338195 7fe96f96c700 1 -- 46.19.94.16:0/1015811 --> 46.19.94.1:6789/0 -- mon_subscribe({monmap=0+}) v2 -- ?+0 0x7fe968001aa0 con 0x7fe968001470
2012-05-30 16:46:35.338209 7fe96f96c700 20 -- 46.19.94.16:0/1015811 submit_message mon_subscribe({monmap=0+}) v2 remote 46.19.94.1:6789/0
2012-05-30 16:46:35.338222 7fe972d7c700 10 -- 46.19.94.16:0/1015811 >> 46.19.94.1:6789/0 pipe(0x7fe968001200 sd=4 pgs=269 cs=1 l=1).writer: state = 2 policy.server=0
2012-05-30 16:46:35.338227 7fe96f96c700 10 -- 46.19.94.16:0/1015811 dispatch_throttle_release 409 to dispatch throttler 409/104857600
2012-05-30 16:46:35.338234 7fe96f96c700 20 -- 46.19.94.16:0/1015811 done calling dispatch on 0x7fe968004d50
2012-05-30 16:46:35.338230 7fe972d7c700 20 -- 46.19.94.16:0/1015811 >> 46.19.94.1:6789/0 pipe(0x7fe968001200 sd=4 pgs=269 cs=1 l=1).writer encoding 4 0x7fe968001aa0 mon_subscribe({monmap=0+}) v2
2012-05-30 16:46:35.338243 7fe972d7c700 20 -- 46.19.94.16:0/1015811 >> 46.19.94.1:6789/0 pipe(0x7fe968001200 sd=4 pgs=269 cs=1 l=1).writer sending 4 0x7fe968001aa0
2012-05-30 16:46:35.338248 7fe972d7c700 20 -- 46.19.94.16:0/1015811 >> 46.19.94.1:6789/0 pipe(0x7fe968001200 sd=4 pgs=269 cs=1 l=1).write_message 0x7fe968001aa0
2012-05-30 16:46:35.338263 7fe972d7c700 10 -- 46.19.94.16:0/1015811 >> 46.19.94.1:6789/0 pipe(0x7fe968001200 sd=4 pgs=269 cs=1 l=1).writer: state = 2 policy.server=0
2012-05-30 16:46:35.338272 7fe972d7c700 20 -- 46.19.94.16:0/1015811 >> 46.19.94.1:6789/0 pipe(0x7fe968001200 sd=4 pgs=269 cs=1 l=1).writer sleeping
2012-05-30 16:46:35.338339 7fe972d84760 10 client.11895.objecter maybe_request_map subscribing (onetime) to next osd map
2012-05-30 16:46:35.338372 7fe972d84760 1 -- 46.19.94.16:0/1015811 --> 46.19.94.1:6789/0 -- mon_subscribe({monmap=9+,osdmap=0}) v2 -- ?+0 0x20ed070 con 0x7fe968001470
2012-05-30 16:46:35.338385 7fe972d84760 20 -- 46.19.94.16:0/1015811 submit_message mon_subscribe({monmap=9+,osdmap=0}) v2 remote 46.19.94.1:6789/0
2012-05-30 16:46:35.338399 7fe972d84760 1 -- 46.19.94.16:0/1015811 --> 46.19.94.1:6789/0 -- mon_subscribe({monmap=9+,osdmap=0}) v2 -- ?+0 0x20edd10 con 0x7fe968001470
2012-05-30 16:46:35.338401 7fe972d7c700 10 -- 46.19.94.16:0/1015811 >> 46.19.94.1:6789/0 pipe(0x7fe968001200 sd=4 pgs=269 cs=1 l=1).writer: state = 2 policy.server=0
2012-05-30 16:46:35.338412 7fe972d7c700 20 -- 46.19.94.16:0/1015811 >> 46.19.94.1:6789/0 pipe(0x7fe968001200 sd=4 pgs=269 cs=1 l=1).writer encoding 5 0x20ed070 mon_subscribe({monmap=9+,osdmap=0}) v2
2012-05-30 16:46:35.338417 7fe972d84760 20 -- 46.19.94.16:0/1015811 submit_message mon_subscribe({monmap=9+,osdmap=0}) v2 remote 46.19.94.1:6789/0
2012-05-30 16:46:35.338422 7fe972d7c700 20 -- 46.19.94.16:0/1015811 >> 46.19.94.1:6789/0 pipe(0x7fe968001200 sd=4 pgs=269 cs=1 l=1).writer sending 5 0x20ed070
2012-05-30 16:46:35.338430 7fe972d7c700 20 -- 46.19.94.16:0/1015811 >> 46.19.94.1:6789/0 pipe(0x7fe968001200 sd=4 pgs=269 cs=1 l=1).write_message 0x20ed070
2012-05-30 16:46:35.338445 7fe972d7c700 10 -- 46.19.94.16:0/1015811 >> 46.19.94.1:6789/0 pipe(0x7fe968001200 sd=4 pgs=269 cs=1 l=1).writer: state = 2 policy.server=0
2012-05-30 16:46:35.338451 7fe972d7c700 20 -- 46.19.94.16:0/1015811 >> 46.19.94.1:6789/0 pipe(0x7fe968001200 sd=4 pgs=269 cs=1 l=1).writer encoding 6 0x20edd10 mon_subscribe({monmap=9+,osdmap=0}) v2
2012-05-30 16:46:35.338459 7fe972d7c700 20 -- 46.19.94.16:0/1015811 >> 46.19.94.1:6789/0 pipe(0x7fe968001200 sd=4 pgs=269 cs=1 l=1).writer sending 6 0x20edd10
2012-05-30 16:46:35.338464 7fe972d7c700 20 -- 46.19.94.16:0/1015811 >> 46.19.94.1:6789/0 pipe(0x7fe968001200 sd=4 pgs=269 cs=1 l=1).write_message 0x20edd10
2012-05-30 16:46:35.338474 7fe972d7c700 10 -- 46.19.94.16:0/1015811 >> 46.19.94.1:6789/0 pipe(0x7fe968001200 sd=4 pgs=269 cs=1 l=1).writer: state = 2 policy.server=0
2012-05-30 16:46:35.338479 7fe972d7c700 20 -- 46.19.94.16:0/1015811 >> 46.19.94.1:6789/0 pipe(0x7fe968001200 sd=4 pgs=269 cs=1 l=1).writer sleeping
2012-05-30 16:46:35.338883 7fe96d968700 20 -- 46.19.94.16:0/1015811 >> 46.19.94.1:6789/0 pipe(0x7fe968001200 sd=4 pgs=269 cs=1 l=1).reader got ACK
2012-05-30 16:46:35.338894 7fe96d968700 15 reader got ack seq 4
2012-05-30 16:46:35.338899 7fe96d968700 20 -- 46.19.94.16:0/1015811 >> 46.19.94.1:6789/0 pipe(0x7fe968001200 sd=4 pgs=269 cs=1 l=1).reader reading tag...
2012-05-30 16:46:35.338905 7fe96d968700 20 -- 46.19.94.16:0/1015811 >> 46.19.94.1:6789/0 pipe(0x7fe968001200 sd=4 pgs=269 cs=1 l=1).reader got MSG
2012-05-30 16:46:35.338911 7fe96d968700 20 -- 46.19.94.16:0/1015811 >> 46.19.94.1:6789/0 pipe(0x7fe968001200 sd=4 pgs=269 cs=1 l=1).reader got envelope type=4 src mon.0 front=751 data=0 off 0
2012-05-30 16:46:35.338917 7fe96d968700 10 -- 46.19.94.16:0/1015811 >> 46.19.94.1:6789/0 pipe(0x7fe968001200 sd=4 pgs=269 cs=1 l=1).reader wants 751 from dispatch throttler 0/104857600
2012-05-30 16:46:35.338925 7fe96d968700 20 -- 46.19.94.16:0/1015811 >> 46.19.94.1:6789/0 pipe(0x7fe968001200 sd=4 pgs=269 cs=1 l=1).reader got front 751
2012-05-30 16:46:35.338935 7fe96d968700 10 -- 46.19.94.16:0/1015811 >> 46.19.94.1:6789/0 pipe(0x7fe968001200 sd=4 pgs=269 cs=1 l=1).aborted = 0
2012-05-30 16:46:35.338939 7fe96d968700 20 -- 46.19.94.16:0/1015811 >> 46.19.94.1:6789/0 pipe(0x7fe968001200 sd=4 pgs=269 cs=1 l=1).reader got 751 + 0 + 0 byte message
2012-05-30 16:46:35.338954 7fe96d968700 10 -- 46.19.94.16:0/1015811 >> 46.19.94.1:6789/0 pipe(0x7fe968001200 sd=4 pgs=269 cs=1 l=1).reader got message 5 0x20ef7c0 mon_map v1
2012-05-30 16:46:35.338960 7fe96d968700 20 -- 46.19.94.16:0/1015811 >> 46.19.94.1:6789/0 pipe(0x7fe968001200 sd=4 pgs=269 cs=1 l=1).queue_received queuing pipe
2012-05-30 16:46:35.338980 7fe96d968700 20 -- 46.19.94.16:0/1015811 >> 46.19.94.1:6789/0 pipe(0x7fe968001200 sd=4 pgs=269 cs=1 l=1).reader reading tag...
2012-05-30 16:46:35.338986 7fe96d968700 20 -- 46.19.94.16:0/1015811 >> 46.19.94.1:6789/0 pipe(0x7fe968001200 sd=4 pgs=269 cs=1 l=1).reader got ACK
2012-05-30 16:46:35.338983 7fe972d7c700 10 -- 46.19.94.16:0/1015811 >> 46.19.94.1:6789/0 pipe(0x7fe968001200 sd=4 pgs=269 cs=1 l=1).writer: state = 2 policy.server=0
2012-05-30 16:46:35.339002 7fe972d7c700 10 -- 46.19.94.16:0/1015811 >> 46.19.94.1:6789/0 pipe(0x7fe968001200 sd=4 pgs=269 cs=1 l=1).write_ack 5
2012-05-30 16:46:35.339008 7fe96f96c700 20 -- 46.19.94.16:0/1015811 dispatch_entry pipe 0x7fe968001200 dequeued 0x20ef7c0
2012-05-30 16:46:35.339025 7fe96f96c700 1 -- 46.19.94.16:0/1015811 <== mon.0 46.19.94.1:6789/0 5 ==== mon_map v1 ==== 751+0+0 (4218198165 0 0) 0x20ef7c0 con 0x7fe968001470
2012-05-30 16:46:35.339032 7fe96d968700 15 reader got ack seq 5
2012-05-30 16:46:35.339037 7fe96d968700 20 -- 46.19.94.16:0/1015811 >> 46.19.94.1:6789/0 pipe(0x7fe968001200 sd=4 pgs=269 cs=1 l=1).reader reading tag...
2012-05-30 16:46:35.339041 7fe972d7c700 10 -- 46.19.94.16:0/1015811 >> 46.19.94.1:6789/0 pipe(0x7fe968001200 sd=4 pgs=269 cs=1 l=1).writer: state = 2 policy.server=0
2012-05-30 16:46:35.339048 7fe972d7c700 20 -- 46.19.94.16:0/1015811 >> 46.19.94.1:6789/0 pipe(0x7fe968001200 sd=4 pgs=269 cs=1 l=1).writer sleeping
2012-05-30 16:46:35.339046 7fe96d968700 20 -- 46.19.94.16:0/1015811 >> 46.19.94.1:6789/0 pipe(0x7fe968001200 sd=4 pgs=269 cs=1 l=1).reader got MSG
2012-05-30 16:46:35.339057 7fe96f96c700 10 -- 46.19.94.16:0/1015811 dispatch_throttle_release 751 to dispatch throttler 751/104857600
2012-05-30 16:46:35.339063 7fe96f96c700 20 -- 46.19.94.16:0/1015811 done calling dispatch on 0x20ef7c0
2012-05-30 16:46:35.339058 7fe96d968700 20 -- 46.19.94.16:0/1015811 >> 46.19.94.1:6789/0 pipe(0x7fe968001200 sd=4 pgs=269 cs=1 l=1).reader got envelope type=16 src mon.0 front=20 data=0 off 0
2012-05-30 16:46:35.339069 7fe96d968700 10 -- 46.19.94.16:0/1015811 >> 46.19.94.1:6789/0 pipe(0x7fe968001200 sd=4 pgs=269 cs=1 l=1).reader wants 20 from dispatch throttler 0/104857600
2012-05-30 16:46:35.339077 7fe96d968700 20 -- 46.19.94.16:0/1015811 >> 46.19.94.1:6789/0 pipe(0x7fe968001200 sd=4 pgs=269 cs=1 l=1).reader got front 20
2012-05-30 16:46:35.339083 7fe96d968700 10 -- 46.19.94.16:0/1015811 >> 46.19.94.1:6789/0 pipe(0x7fe968001200 sd=4 pgs=269 cs=1 l=1).aborted = 0
2012-05-30 16:46:35.339088 7fe96d968700 20 -- 46.19.94.16:0/1015811 >> 46.19.94.1:6789/0 pipe(0x7fe968001200 sd=4 pgs=269 cs=1 l=1).reader got 20 + 0 + 0 byte message
2012-05-30 16:46:35.339101 7fe96d968700 10 -- 46.19.94.16:0/1015811 >> 46.19.94.1:6789/0 pipe(0x7fe968001200 sd=4 pgs=269 cs=1 l=1).reader got message 6 0x7fe9680096d0 mon_subscribe_ack(300s) v1
2012-05-30 16:46:35.339116 7fe96d968700 20 -- 46.19.94.16:0/1015811 >> 46.19.94.1:6789/0 pipe(0x7fe968001200 sd=4 pgs=269 cs=1 l=1).queue_received queuing pipe
2012-05-30 16:46:35.339129 7fe96f96c700 20 -- 46.19.94.16:0/1015811 dispatch_entry pipe 0x7fe968001200 dequeued 0x7fe9680096d0
2012-05-30 16:46:35.339128 7fe96d968700 20 -- 46.19.94.16:0/1015811 >> 46.19.94.1:6789/0 pipe(0x7fe968001200 sd=4 pgs=269 cs=1 l=1).reader reading tag...
2012-05-30 16:46:35.339137 7fe96f96c700 1 -- 46.19.94.16:0/1015811 <== mon.0 46.19.94.1:6789/0 6 ==== mon_subscribe_ack(300s) v1 ==== 20+0+0 (496062740 0 0) 0x7fe9680096d0 con 0x7fe968001470
2012-05-30 16:46:35.339136 7fe96d968700 20 -- 46.19.94.16:0/1015811 >> 46.19.94.1:6789/0 pipe(0x7fe968001200 sd=4 pgs=269 cs=1 l=1).reader got ACK
2012-05-30 16:46:35.339142 7fe972d7c700 10 -- 46.19.94.16:0/1015811 >> 46.19.94.1:6789/0 pipe(0x7fe968001200 sd=4 pgs=269 cs=1 l=1).writer: state = 2 policy.server=0
2012-05-30 16:46:35.339151 7fe96f96c700 10 -- 46.19.94.16:0/1015811 dispatch_throttle_release 20 to dispatch throttler 20/104857600
2012-05-30 16:46:35.339156 7fe96f96c700 20 -- 46.19.94.16:0/1015811 done calling dispatch on 0x7fe9680096d0
2012-05-30 16:46:35.339154 7fe972d7c700 10 -- 46.19.94.16:0/1015811 >> 46.19.94.1:6789/0 pipe(0x7fe968001200 sd=4 pgs=269 cs=1 l=1).write_ack 6
2012-05-30 16:46:35.339160 7fe96d968700 15 reader got ack seq 6
2012-05-30 16:46:35.339163 7fe972d7c700 10 -- 46.19.94.16:0/1015811 >> 46.19.94.1:6789/0 pipe(0x7fe968001200 sd=4 pgs=269 cs=1 l=1).writer: state = 2 policy.server=0
2012-05-30 16:46:35.339163 7fe96d968700 20 -- 46.19.94.16:0/1015811 >> 46.19.94.1:6789/0 pipe(0x7fe968001200 sd=4 pgs=269 cs=1 l=1).reader reading tag...
2012-05-30 16:46:35.339168 7fe972d7c700 20 -- 46.19.94.16:0/1015811 >> 46.19.94.1:6789/0 pipe(0x7fe968001200 sd=4 pgs=269 cs=1 l=1).writer sleeping
2012-05-30 16:46:35.339539 7fe96d968700 20 -- 46.19.94.16:0/1015811 >> 46.19.94.1:6789/0 pipe(0x7fe968001200 sd=4 pgs=269 cs=1 l=1).reader got MSG
2012-05-30 16:46:35.339553 7fe96d968700 20 -- 46.19.94.16:0/1015811 >> 46.19.94.1:6789/0 pipe(0x7fe968001200 sd=4 pgs=269 cs=1 l=1).reader got envelope type=41 src mon.0 front=11213 data=0 off 0
2012-05-30 16:46:35.339568 7fe96d968700 10 -- 46.19.94.16:0/1015811 >> 46.19.94.1:6789/0 pipe(0x7fe968001200 sd=4 pgs=269 cs=1 l=1).reader wants 11213 from dispatch throttler 0/104857600
2012-05-30 16:46:35.340130 7fe96d968700 20 -- 46.19.94.16:0/1015811 >> 46.19.94.1:6789/0 pipe(0x7fe968001200 sd=4 pgs=269 cs=1 l=1).reader got front 11213
2012-05-30 16:46:35.340138 7fe96d968700 10 -- 46.19.94.16:0/1015811 >> 46.19.94.1:6789/0 pipe(0x7fe968001200 sd=4 pgs=269 cs=1 l=1).aborted = 0
2012-05-30 16:46:35.340145 7fe96d968700 20 -- 46.19.94.16:0/1015811 >> 46.19.94.1:6789/0 pipe(0x7fe968001200 sd=4 pgs=269 cs=1 l=1).reader got 11213 + 0 + 0 byte message
2012-05-30 16:46:35.340179 7fe96d968700 10 -- 46.19.94.16:0/1015811 >> 46.19.94.1:6789/0 pipe(0x7fe968001200 sd=4 pgs=269 cs=1 l=1).reader got message 7 0x20f3880 osd_map(6924..6924 src has 6424..6924) v3
2012-05-30 16:46:35.340197 7fe96d968700 20 -- 46.19.94.16:0/1015811 >> 46.19.94.1:6789/0 pipe(0x7fe968001200 sd=4 pgs=269 cs=1 l=1).queue_received queuing pipe
2012-05-30 16:46:35.340223 7fe96d968700 20 -- 46.19.94.16:0/1015811 >> 46.19.94.1:6789/0 pipe(0x7fe968001200 sd=4 pgs=269 cs=1 l=1).reader reading tag...
2012-05-30 16:46:35.340226 7fe972d7c700 10 -- 46.19.94.16:0/1015811 >> 46.19.94.1:6789/0 pipe(0x7fe968001200 sd=4 pgs=269 cs=1 l=1).writer: state = 2 policy.server=0
2012-05-30 16:46:35.340245 7fe972d7c700 10 -- 46.19.94.16:0/1015811 >> 46.19.94.1:6789/0 pipe(0x7fe968001200 sd=4 pgs=269 cs=1 l=1).write_ack 7
2012-05-30 16:46:35.340240 7fe96d968700 20 -- 46.19.94.16:0/1015811 >> 46.19.94.1:6789/0 pipe(0x7fe968001200 sd=4 pgs=269 cs=1 l=1).reader got MSG
2012-05-30 16:46:35.340250 7fe96f96c700 20 -- 46.19.94.16:0/1015811 dispatch_entry pipe 0x7fe968001200 dequeued 0x20f3880
2012-05-30 16:46:35.340256 7fe96d968700 20 -- 46.19.94.16:0/1015811 >> 46.19.94.1:6789/0 pipe(0x7fe968001200 sd=4 pgs=269 cs=1 l=1).reader got envelope type=16 src mon.0 front=20 data=0 off 0
2012-05-30 16:46:35.340265 7fe96d968700 10 -- 46.19.94.16:0/1015811 >> 46.19.94.1:6789/0 pipe(0x7fe968001200 sd=4 pgs=269 cs=1 l=1).reader wants 20 from dispatch throttler 11213/104857600
2012-05-30 16:46:35.340270 7fe972d7c700 10 -- 46.19.94.16:0/1015811 >> 46.19.94.1:6789/0 pipe(0x7fe968001200 sd=4 pgs=269 cs=1 l=1).writer: state = 2 policy.server=0
2012-05-30 16:46:35.340266 7fe96f96c700 1 -- 46.19.94.16:0/1015811 <== mon.0 46.19.94.1:6789/0 7 ==== osd_map(6924..6924 src has 6424..6924) v3 ==== 11213+0+0 (2438059111 0 0) 0x20f3880 con 0x7fe968001470
2012-05-30 16:46:35.340273 7fe96d968700 20 -- 46.19.94.16:0/1015811 >> 46.19.94.1:6789/0 pipe(0x7fe968001200 sd=4 pgs=269 cs=1 l=1).reader got front 20
2012-05-30 16:46:35.340278 7fe972d7c700 20 -- 46.19.94.16:0/1015811 >> 46.19.94.1:6789/0 pipe(0x7fe968001200 sd=4 pgs=269 cs=1 l=1).writer sleeping
2012-05-30 16:46:35.340281 7fe96d968700 10 -- 46.19.94.16:0/1015811 >> 46.19.94.1:6789/0 pipe(0x7fe968001200 sd=4 pgs=269 cs=1 l=1).aborted = 0
2012-05-30 16:46:35.340286 7fe96d968700 20 -- 46.19.94.16:0/1015811 >> 46.19.94.1:6789/0 pipe(0x7fe968001200 sd=4 pgs=269 cs=1 l=1).reader got 20 + 0 + 0 byte message
2012-05-30 16:46:35.340294 7fe96d968700 10 -- 46.19.94.16:0/1015811 >> 46.19.94.1:6789/0 pipe(0x7fe968001200 sd=4 pgs=269 cs=1 l=1).reader got message 8 0x20f4990 mon_subscribe_ack(300s) v1
2012-05-30 16:46:35.340301 7fe96f96c700 3 client.11895.objecter handle_osd_map got epochs [6924,6924] > 0
2012-05-30 16:46:35.340308 7fe96f96c700 3 client.11895.objecter handle_osd_map decoding full epoch 6924
2012-05-30 16:46:35.340306 7fe96d968700 20 -- 46.19.94.16:0/1015811 >> 46.19.94.1:6789/0 pipe(0x7fe968001200 sd=4 pgs=269 cs=1 l=1).queue_received queuing pipe
2012-05-30 16:46:35.340316 7fe96d968700 20 -- 46.19.94.16:0/1015811 >> 46.19.94.1:6789/0 pipe(0x7fe968001200 sd=4 pgs=269 cs=1 l=1).reader reading tag...
2012-05-30 16:46:35.340319 7fe972d7c700 10 -- 46.19.94.16:0/1015811 >> 46.19.94.1:6789/0 pipe(0x7fe968001200 sd=4 pgs=269 cs=1 l=1).writer: state = 2 policy.server=0
2012-05-30 16:46:35.340326 7fe972d7c700 10 -- 46.19.94.16:0/1015811 >> 46.19.94.1:6789/0 pipe(0x7fe968001200 sd=4 pgs=269 cs=1 l=1).write_ack 8
2012-05-30 16:46:35.340326 7fe96d968700 20 -- 46.19.94.16:0/1015811 >> 46.19.94.1:6789/0 pipe(0x7fe968001200 sd=4 pgs=269 cs=1 l=1).reader got MSG
2012-05-30 16:46:35.340332 7fe972d7c700 10 -- 46.19.94.16:0/1015811 >> 46.19.94.1:6789/0 pipe(0x7fe968001200 sd=4 pgs=269 cs=1 l=1).writer: state = 2 policy.server=0
2012-05-30 16:46:35.340335 7fe96d968700 20 -- 46.19.94.16:0/1015811 >> 46.19.94.1:6789/0 pipe(0x7fe968001200 sd=4 pgs=269 cs=1 l=1).reader got envelope type=41 src mon.0 front=11213 data=0 off 0
2012-05-30 16:46:35.340337 7fe972d7c700 20 -- 46.19.94.16:0/1015811 >> 46.19.94.1:6789/0 pipe(0x7fe968001200 sd=4 pgs=269 cs=1 l=1).writer sleeping
2012-05-30 16:46:35.340340 7fe96d968700 10 -- 46.19.94.16:0/1015811 >> 46.19.94.1:6789/0 pipe(0x7fe968001200 sd=4 pgs=269 cs=1 l=1).reader wants 11213 from dispatch throttler 11233/104857600
2012-05-30 16:46:35.340505 7fe96f96c700 20 client.11895.objecter dump_active .. 0 homeless
2012-05-30 16:46:35.340532 7fe96f96c700 10 -- 46.19.94.16:0/1015811 dispatch_throttle_release 11213 to dispatch throttler 22446/104857600
2012-05-30 16:46:35.340540 7fe96f96c700 20 -- 46.19.94.16:0/1015811 done calling dispatch on 0x20f3880
2012-05-30 16:46:35.340544 7fe96f96c700 20 -- 46.19.94.16:0/1015811 dispatch_entry pipe 0x7fe968001200 dequeued 0x20f4990
2012-05-30 16:46:35.340547 7fe96f96c700 1 -- 46.19.94.16:0/1015811 <== mon.0 46.19.94.1:6789/0 8 ==== mon_subscribe_ack(300s) v1 ==== 20+0+0 (496062740 0 0) 0x20f4990 con 0x7fe968001470
2012-05-30 16:46:35.340558 7fe96f96c700 10 -- 46.19.94.16:0/1015811 dispatch_throttle_release 20 to dispatch throttler 11233/104857600
2012-05-30 16:46:35.340562 7fe96f96c700 20 -- 46.19.94.16:0/1015811 done calling dispatch on 0x20f4990
2012-05-30 16:46:35.340641 7fe972d84760 20 librbd: open_image: ictx = 0x20f0ec0 name = 'kvm1148' snap_name = ''
2012-05-30 16:46:35.340655 7fe972d84760 20 librbd: ictx_refresh 0x20f0ec0
2012-05-30 16:46:35.340677 7fe96d968700 20 -- 46.19.94.16:0/1015811 >> 46.19.94.1:6789/0 pipe(0x7fe968001200 sd=4 pgs=269 cs=1 l=1).reader got front 11213
2012-05-30 16:46:35.340687 7fe96d968700 10 -- 46.19.94.16:0/1015811 >> 46.19.94.1:6789/0 pipe(0x7fe968001200 sd=4 pgs=269 cs=1 l=1).aborted = 0
2012-05-30 16:46:35.340694 7fe96d968700 20 -- 46.19.94.16:0/1015811 >> 46.19.94.1:6789/0 pipe(0x7fe968001200 sd=4 pgs=269 cs=1 l=1).reader got 11213 + 0 + 0 byte message
2012-05-30 16:46:35.340714 7fe972d84760 10 client.11895.objecter recalc_op_target tid 1 pgid 2.7d848fd9 acting [2,15]
2012-05-30 16:46:35.340713 7fe96d968700 10 -- 46.19.94.16:0/1015811 >> 46.19.94.1:6789/0 pipe(0x7fe968001200 sd=4 pgs=269 cs=1 l=1).reader got message 9 0x20f1e90 osd_map(6924..6924 src has 6424..6924) v3
2012-05-30 16:46:35.340728 7fe96d968700 20 -- 46.19.94.16:0/1015811 >> 46.19.94.1:6789/0 pipe(0x7fe968001200 sd=4 pgs=269 cs=1 l=1).queue_received queuing pipe
2012-05-30 16:46:35.340731 7fe972d84760 10 -- 46.19.94.16:0/1015811 connect_rank to 46.19.94.11:6800/9784, creating pipe and registering
2012-05-30 16:46:35.340741 7fe96d968700 20 -- 46.19.94.16:0/1015811 >> 46.19.94.1:6789/0 pipe(0x7fe968001200 sd=4 pgs=269 cs=1 l=1).reader reading tag...
2012-05-30 16:46:35.340744 7fe96f96c700 20 -- 46.19.94.16:0/1015811 dispatch_entry pipe 0x7fe968001200 dequeued 0x20f1e90
2012-05-30 16:46:35.340749 7fe96d968700 20 -- 46.19.94.16:0/1015811 >> 46.19.94.1:6789/0 pipe(0x7fe968001200 sd=4 pgs=269 cs=1 l=1).reader got MSG
2012-05-30 16:46:35.340754 7fe96f96c700 1 -- 46.19.94.16:0/1015811 <== mon.0 46.19.94.1:6789/0 9 ==== osd_map(6924..6924 src has 6424..6924) v3 ==== 11213+0+0 (2438059111 0 0) 0x20f1e90 con 0x7fe968001470
2012-05-30 16:46:35.340762 7fe96d968700 20 -- 46.19.94.16:0/1015811 >> 46.19.94.1:6789/0 pipe(0x7fe968001200 sd=4 pgs=269 cs=1 l=1).reader got envelope type=16 src mon.0 front=20 data=0 off 0
2012-05-30 16:46:35.340760 7fe972d7c700 10 -- 46.19.94.16:0/1015811 >> 46.19.94.1:6789/0 pipe(0x7fe968001200 sd=4 pgs=269 cs=1 l=1).writer: state = 2 policy.server=0
2012-05-30 16:46:35.340770 7fe972d7c700 10 -- 46.19.94.16:0/1015811 >> 46.19.94.1:6789/0 pipe(0x7fe968001200 sd=4 pgs=269 cs=1 l=1).write_ack 9
2012-05-30 16:46:35.340769 7fe96d968700 10 -- 46.19.94.16:0/1015811 >> 46.19.94.1:6789/0 pipe(0x7fe968001200 sd=4 pgs=269 cs=1 l=1).reader wants 20 from dispatch throttler 11213/104857600
2012-05-30 16:46:35.340772 7fe972d84760 10 -- 46.19.94.16:0/1015811 >> 46.19.94.11:6800/9784 pipe(0x20f26d0 sd=-1 pgs=0 cs=0 l=0).register_pipe
2012-05-30 16:46:35.340778 7fe972d7c700 10 -- 46.19.94.16:0/1015811 >> 46.19.94.1:6789/0 pipe(0x7fe968001200 sd=4 pgs=269 cs=1 l=1).writer: state = 2 policy.server=0
2012-05-30 16:46:35.340780 7fe96d968700 20 -- 46.19.94.16:0/1015811 >> 46.19.94.1:6789/0 pipe(0x7fe968001200 sd=4 pgs=269 cs=1 l=1).reader got front 20
2012-05-30 16:46:35.340774 7fe96c865700 10 -- 46.19.94.16:0/1015811 >> 46.19.94.11:6800/9784 pipe(0x20f26d0 sd=-1 pgs=0 cs=0 l=0).writer: state = 1 policy.server=0
2012-05-30 16:46:35.340784 7fe972d7c700 20 -- 46.19.94.16:0/1015811 >> 46.19.94.1:6789/0 pipe(0x7fe968001200 sd=4 pgs=269 cs=1 l=1).writer sleeping
2012-05-30 16:46:35.340787 7fe972d84760 20 client.11895.objecter note: not requesting commit
2012-05-30 16:46:35.340787 7fe96d968700 10 -- 46.19.94.16:0/1015811 >> 46.19.94.1:6789/0 pipe(0x7fe968001200 sd=4 pgs=269 cs=1 l=1).aborted = 0
2012-05-30 16:46:35.340788 7fe96c865700 10 -- 46.19.94.16:0/1015811 >> 46.19.94.11:6800/9784 pipe(0x20f26d0 sd=-1 pgs=0 cs=0 l=0).connect 0
2012-05-30 16:46:35.340796 7fe96d968700 20 -- 46.19.94.16:0/1015811 >> 46.19.94.1:6789/0 pipe(0x7fe968001200 sd=4 pgs=269 cs=1 l=1).reader got 20 + 0 + 0 byte message
2012-05-30 16:46:35.340796 7fe972d84760 10 client.11895.objecter op_submit oid kvm1148.rbd @2 [read 0~4096] tid 1 osd.2
2012-05-30 16:46:35.340804 7fe96c865700 10 -- 46.19.94.16:0/1015811 >> 46.19.94.11:6800/9784 pipe(0x20f26d0 sd=5 pgs=0 cs=0 l=0).connecting to 46.19.94.11:6800/9784
2012-05-30 16:46:35.340807 7fe972d84760 15 client.11895.objecter send_op 1 to osd.2
2012-05-30 16:46:35.340806 7fe96d968700 10 -- 46.19.94.16:0/1015811 >> 46.19.94.1:6789/0 pipe(0x7fe968001200 sd=4 pgs=269 cs=1 l=1).reader got message 10 0x7fe9600013f0 mon_subscribe_ack(300s) v1
2012-05-30 16:46:35.340817 7fe96d968700 20 -- 46.19.94.16:0/1015811 >> 46.19.94.1:6789/0 pipe(0x7fe968001200 sd=4 pgs=269 cs=1 l=1).queue_received queuing pipe
2012-05-30 16:46:35.340820 7fe972d84760 1 -- 46.19.94.16:0/1015811 --> 46.19.94.11:6800/9784 -- osd_op(client.11895.0:1 kvm1148.rbd [read 0~4096] 2.7d848fd9) v4 -- ?+0 0x20fe060 con 0x20f2940
2012-05-30 16:46:35.340826 7fe96d968700 20 -- 46.19.94.16:0/1015811 >> 46.19.94.1:6789/0 pipe(0x7fe968001200 sd=4 pgs=269 cs=1 l=1).reader reading tag...
2012-05-30 16:46:35.340829 7fe972d7c700 10 -- 46.19.94.16:0/1015811 >> 46.19.94.1:6789/0 pipe(0x7fe968001200 sd=4 pgs=269 cs=1 l=1).writer: state = 2 policy.server=0
2012-05-30 16:46:35.340830 7fe972d84760 20 -- 46.19.94.16:0/1015811 submit_message osd_op(client.11895.0:1 kvm1148.rbd [read 0~4096] 2.7d848fd9) v4 remote 46.19.94.11:6800/9784
2012-05-30 16:46:35.340839 7fe972d84760 5 client.11895.objecter 1 unacked, 0 uncommitted
2012-05-30 16:46:35.340838 7fe972d7c700 10 -- 46.19.94.16:0/1015811 >> 46.19.94.1:6789/0 pipe(0x7fe968001200 sd=4 pgs=269 cs=1 l=1).write_ack 10
2012-05-30 16:46:35.340845 7fe972d7c700 10 -- 46.19.94.16:0/1015811 >> 46.19.94.1:6789/0 pipe(0x7fe968001200 sd=4 pgs=269 cs=1 l=1).writer: state = 2 policy.server=0
2012-05-30 16:46:35.340850 7fe972d7c700 20 -- 46.19.94.16:0/1015811 >> 46.19.94.1:6789/0 pipe(0x7fe968001200 sd=4 pgs=269 cs=1 l=1).writer sleeping
2012-05-30 16:46:35.340857 7fe96f96c700 3 client.11895.objecter handle_osd_map ignoring epochs [6924,6924] <= 6924
2012-05-30 16:46:35.340873 7fe96f96c700 20 client.11895.objecter dump_active .. 0 homeless
2012-05-30 16:46:35.340875 7fe96f96c700 20 client.11895.objecter 1 2.7d848fd9 osd.2 kvm1148.rbd [read 0~4096]
2012-05-30 16:46:35.340895 7fe96f96c700 10 -- 46.19.94.16:0/1015811 dispatch_throttle_release 11213 to dispatch throttler 11233/104857600
2012-05-30 16:46:35.340906 7fe96f96c700 20 -- 46.19.94.16:0/1015811 done calling dispatch on 0x20f1e90
2012-05-30 16:46:35.340912 7fe96f96c700 20 -- 46.19.94.16:0/1015811 dispatch_entry pipe 0x7fe968001200 dequeued 0x7fe9600013f0
2012-05-30 16:46:35.340915 7fe96f96c700 1 -- 46.19.94.16:0/1015811 <== mon.0 46.19.94.1:6789/0 10 ==== mon_subscribe_ack(300s) v1 ==== 20+0+0 (496062740 0 0) 0x7fe9600013f0 con 0x7fe968001470
2012-05-30 16:46:35.340925 7fe96f96c700 10 -- 46.19.94.16:0/1015811 dispatch_throttle_release 20 to dispatch throttler 20/104857600
2012-05-30 16:46:35.340928 7fe96f96c700 20 -- 46.19.94.16:0/1015811 done calling dispatch on 0x7fe9600013f0
2012-05-30 16:46:35.342676 7fe96c865700 20 -- 46.19.94.16:0/1015811 >> 46.19.94.11:6800/9784 pipe(0x20f26d0 sd=5 pgs=0 cs=0 l=0).connect read peer addr 46.19.94.11:6800/9784 on socket 5
2012-05-30 16:46:35.342687 7fe96c865700 20 -- 46.19.94.16:0/1015811 >> 46.19.94.11:6800/9784 pipe(0x20f26d0 sd=5 pgs=0 cs=0 l=0).connect peer addr for me is 46.19.94.16:50393/0
2012-05-30 16:46:35.342704 7fe96c865700 10 -- 46.19.94.16:0/1015811 >> 46.19.94.11:6800/9784 pipe(0x20f26d0 sd=5 pgs=0 cs=0 l=0).connect sent my addr 46.19.94.16:0/1015811
2012-05-30 16:46:35.342755 7fe96c865700 10 -- 46.19.94.16:0/1015811 >> 46.19.94.11:6800/9784 pipe(0x20f26d0 sd=5 pgs=0 cs=0 l=0).connect.authorizer_len=174 protocol=2
2012-05-30 16:46:35.342765 7fe96c865700 10 -- 46.19.94.16:0/1015811 >> 46.19.94.11:6800/9784 pipe(0x20f26d0 sd=5 pgs=0 cs=0 l=0).connect sending gseq=2 cseq=0 proto=24
2012-05-30 16:46:35.342774 7fe96c865700 20 -- 46.19.94.16:0/1015811 >> 46.19.94.11:6800/9784 pipe(0x20f26d0 sd=5 pgs=0 cs=0 l=0).connect wrote (self +) cseq, waiting for reply
2012-05-30 16:46:35.345344 7fe96c865700 20 -- 46.19.94.16:0/1015811 >> 46.19.94.11:6800/9784 pipe(0x20f26d0 sd=5 pgs=0 cs=0 l=0).connect got reply tag 1 connect_seq 1 global_seq 35 proto 24 flags 1
2012-05-30 16:46:35.345369 7fe96c865700 10 -- 46.19.94.16:0/1015811 >> 46.19.94.11:6800/9784 pipe(0x20f26d0 sd=5 pgs=0 cs=0 l=0).reply.authorizer_len=36
2012-05-30 16:46:35.345412 7fe96c865700 10 -- 46.19.94.16:0/1015811 >> 46.19.94.11:6800/9784 pipe(0x20f26d0 sd=5 pgs=35 cs=1 l=1).connect success 1, lossy = 1, features 32767
2012-05-30 16:46:35.345420 7fe96c865700 20 -- 46.19.94.16:0/1015811 >> :/0 pipe(0x20e72b0 sd=-1 pgs=0 cs=0 l=0).queue_received queuing pipe
2012-05-30 16:46:35.345444 7fe96c865700 20 -- 46.19.94.16:0/1015811 >> 46.19.94.11:6800/9784 pipe(0x20f26d0 sd=5 pgs=35 cs=1 l=1).connect starting reader
2012-05-30 16:46:35.345467 7fe96f96c700 20 -- 46.19.94.16:0/1015811 dispatch_entry pipe 0x20e72b0 dequeued 0
2012-05-30 16:46:35.345497 7fe96c865700 10 -- 46.19.94.16:0/1015811 >> 46.19.94.11:6800/9784 pipe(0x20f26d0 sd=5 pgs=35 cs=1 l=1).writer: state = 2 policy.server=0
2012-05-30 16:46:35.345515 7fe96c865700 20 -- 46.19.94.16:0/1015811 >> 46.19.94.11:6800/9784 pipe(0x20f26d0 sd=5 pgs=35 cs=1 l=1).writer encoding 1 0x20fe060 osd_op(client.11895.0:1 kvm1148.rbd [read 0~4096] 2.7d848fd9) v4
2012-05-30 16:46:35.345520 7fe96c764700 20 -- 46.19.94.16:0/1015811 >> 46.19.94.11:6800/9784 pipe(0x20f26d0 sd=5 pgs=35 cs=1 l=1).reader reading tag...
2012-05-30 16:46:35.345540 7fe96c865700 20 -- 46.19.94.16:0/1015811 >> 46.19.94.11:6800/9784 pipe(0x20f26d0 sd=5 pgs=35 cs=1 l=1).writer sending 1 0x20fe060
2012-05-30 16:46:35.345546 7fe96c865700 20 -- 46.19.94.16:0/1015811 >> 46.19.94.11:6800/9784 pipe(0x20f26d0 sd=5 pgs=35 cs=1 l=1).write_message 0x20fe060
2012-05-30 16:46:35.345560 7fe96c865700 10 -- 46.19.94.16:0/1015811 >> 46.19.94.11:6800/9784 pipe(0x20f26d0 sd=5 pgs=35 cs=1 l=1).writer: state = 2 policy.server=0
2012-05-30 16:46:35.345568 7fe96c865700 20 -- 46.19.94.16:0/1015811 >> 46.19.94.11:6800/9784 pipe(0x20f26d0 sd=5 pgs=35 cs=1 l=1).writer sleeping
2012-05-30 16:46:35.561130 7fe96c764700 20 -- 46.19.94.16:0/1015811 >> 46.19.94.11:6800/9784 pipe(0x20f26d0 sd=5 pgs=35 cs=1 l=1).reader got ACK
2012-05-30 16:46:35.561158 7fe96c764700 15 reader got ack seq 1
2012-05-30 16:46:35.561160 7fe96c764700 20 -- 46.19.94.16:0/1015811 >> 46.19.94.11:6800/9784 pipe(0x20f26d0 sd=5 pgs=35 cs=1 l=1).reader reading tag...
2012-05-30 16:46:38.282298 7fe96e96a700 20 -- 46.19.94.16:0/1015811 send_keepalive con 0x7fe968001470, have pipe.
2012-05-30 16:46:38.282345 7fe972d7c700 10 -- 46.19.94.16:0/1015811 >> 46.19.94.1:6789/0 pipe(0x7fe968001200 sd=4 pgs=269 cs=1 l=1).writer: state = 2 policy.server=0
2012-05-30 16:46:38.282362 7fe972d7c700 10 -- 46.19.94.16:0/1015811 >> 46.19.94.1:6789/0 pipe(0x7fe968001200 sd=4 pgs=269 cs=1 l=1).write_keepalive
2012-05-30 16:46:38.282385 7fe972d7c700 10 -- 46.19.94.16:0/1015811 >> 46.19.94.1:6789/0 pipe(0x7fe968001200 sd=4 pgs=269 cs=1 l=1).writer: state = 2 policy.server=0
2012-05-30 16:46:38.282390 7fe972d7c700 20 -- 46.19.94.16:0/1015811 >> 46.19.94.1:6789/0 pipe(0x7fe968001200 sd=4 pgs=269 cs=1 l=1).writer sleeping
2012-05-30 16:46:40.338422 7fe96d867700 10 client.11895.objecter tick
2012-05-30 16:46:45.338527 7fe96d867700 10 client.11895.objecter tick
2012-05-30 16:46:48.282423 7fe96e96a700 20 -- 46.19.94.16:0/1015811 send_keepalive con 0x7fe968001470, have pipe.
2012-05-30 16:46:48.282464 7fe972d7c700 10 -- 46.19.94.16:0/1015811 >> 46.19.94.1:6789/0 pipe(0x7fe968001200 sd=4 pgs=269 cs=1 l=1).writer: state = 2 policy.server=0
2012-05-30 16:46:48.282481 7fe972d7c700 10 -- 46.19.94.16:0/1015811 >> 46.19.94.1:6789/0 pipe(0x7fe968001200 sd=4 pgs=269 cs=1 l=1).write_keepalive
2012-05-30 16:46:48.282499 7fe972d7c700 10 -- 46.19.94.16:0/1015811 >> 46.19.94.1:6789/0 pipe(0x7fe968001200 sd=4 pgs=269 cs=1 l=1).writer: state = 2 policy.server=0
2012-05-30 16:46:48.282504 7fe972d7c700 20 -- 46.19.94.16:0/1015811 >> 46.19.94.1:6789/0 pipe(0x7fe968001200 sd=4 pgs=269 cs=1 l=1).writer sleeping
2012-05-30 16:46:50.338630 7fe96d867700 10 client.11895.objecter tick
2012-05-30 16:46:50.338645 7fe96d867700 2 client.11895.objecter tid 1 on osd.2 is laggy
2012-05-30 16:46:50.338652 7fe96d867700 10 client.11895.objecter maybe_request_map subscribing (onetime) to next osd map
2012-05-30 16:46:50.338657 7fe96d867700 1 -- 46.19.94.16:0/1015811 --> 46.19.94.1:6789/0 -- mon_subscribe({monmap=9+,osdmap=6925}) v2 -- ?+0 0x20f6cd0 con 0x7fe968001470
2012-05-30 16:46:50.338685 7fe96d867700 20 -- 46.19.94.16:0/1015811 submit_message mon_subscribe({monmap=9+,osdmap=6925}) v2 remote 46.19.94.1:6789/0
2012-05-30 16:46:50.338700 7fe96d867700 1 -- 46.19.94.16:0/1015811 --> 46.19.94.11:6800/9784 -- ping v1 -- ?+0 0x20f71b0 con 0x20f2940
2012-05-30 16:46:50.338706 7fe96d867700 20 -- 46.19.94.16:0/1015811 submit_message ping v1 remote 46.19.94.11:6800/9784
2012-05-30 16:46:50.338711 7fe972d7c700 10 -- 46.19.94.16:0/1015811 >> 46.19.94.1:6789/0 pipe(0x7fe968001200 sd=4 pgs=269 cs=1 l=1).writer: state = 2 policy.server=0
2012-05-30 16:46:50.338731 7fe972d7c700 20 -- 46.19.94.16:0/1015811 >> 46.19.94.1:6789/0 pipe(0x7fe968001200 sd=4 pgs=269 cs=1 l=1).writer encoding 7 0x20f6cd0 mon_subscribe({monmap=9+,osdmap=6925}) v2
2012-05-30 16:46:50.338726 7fe96c865700 10 -- 46.19.94.16:0/1015811 >> 46.19.94.11:6800/9784 pipe(0x20f26d0 sd=5 pgs=35 cs=1 l=1).writer: state = 2 policy.server=0
2012-05-30 16:46:50.338770 7fe972d7c700 20 -- 46.19.94.16:0/1015811 >> 46.19.94.1:6789/0 pipe(0x7fe968001200 sd=4 pgs=269 cs=1 l=1).writer sending 7 0x20f6cd0
2012-05-30 16:46:50.338770 7fe96c865700 20 -- 46.19.94.16:0/1015811 >> 46.19.94.11:6800/9784 pipe(0x20f26d0 sd=5 pgs=35 cs=1 l=1).writer encoding 2 0x20f71b0 ping v1
2012-05-30 16:46:50.338777 7fe972d7c700 20 -- 46.19.94.16:0/1015811 >> 46.19.94.1:6789/0 pipe(0x7fe968001200 sd=4 pgs=269 cs=1 l=1).write_message 0x20f6cd0
2012-05-30 16:46:50.338779 7fe96c865700 20 -- 46.19.94.16:0/1015811 >> 46.19.94.11:6800/9784 pipe(0x20f26d0 sd=5 pgs=35 cs=1 l=1).writer sending 2 0x20f71b0
2012-05-30 16:46:50.338785 7fe96c865700 20 -- 46.19.94.16:0/1015811 >> 46.19.94.11:6800/9784 pipe(0x20f26d0 sd=5 pgs=35 cs=1 l=1).write_message 0x20f71b0
2012-05-30 16:46:50.338807 7fe972d7c700 10 -- 46.19.94.16:0/1015811 >> 46.19.94.1:6789/0 pipe(0x7fe968001200 sd=4 pgs=269 cs=1 l=1).writer: state = 2 policy.server=0
2012-05-30 16:46:50.338812 7fe972d7c700 20 -- 46.19.94.16:0/1015811 >> 46.19.94.1:6789/0 pipe(0x7fe968001200 sd=4 pgs=269 cs=1 l=1).writer sleeping
2012-05-30 16:46:50.338816 7fe96c865700 10 -- 46.19.94.16:0/1015811 >> 46.19.94.11:6800/9784 pipe(0x20f26d0 sd=5 pgs=35 cs=1 l=1).writer: state = 2 policy.server=0
2012-05-30 16:46:50.338822 7fe96c865700 20 -- 46.19.94.16:0/1015811 >> 46.19.94.11:6800/9784 pipe(0x20f26d0 sd=5 pgs=35 cs=1 l=1).writer sleeping
