2012-05-30 16:50:20.344121 7fe96c865700 10 -- 46.19.94.16:0/1015811 >> 46.19.94.11:6800/9784 pipe(0x20f26d0 sd=5 pgs=35 cs=1 l=1).writer: state = 2 policy.server=0
2012-05-30 16:50:20.344130 7fe96c865700 20 -- 46.19.94.16:0/1015811 >> 46.19.94.11:6800/9784 pipe(0x20f26d0 sd=5 pgs=35 cs=1 l=1).writer sleeping
2012-05-30 16:50:20.585115 7fe96c764700 20 -- 46.19.94.16:0/1015811 >> 46.19.94.11:6800/9784 pipe(0x20f26d0 sd=5 pgs=35 cs=1 l=1).reader got ACK
2012-05-30 16:50:20.585154 7fe96c764700 15 reader got ack seq 44
2012-05-30 16:50:20.585156 7fe96c764700 20 -- 46.19.94.16:0/1015811 >> 46.19.94.11:6800/9784 pipe(0x20f26d0 sd=5 pgs=35 cs=1 l=1).reader reading tag...
2012-05-30 16:50:25.344117 7fe96d867700 10 client.11895.objecter tick
2012-05-30 16:50:25.344134 7fe96d867700 2 client.11895.objecter tid 1 on osd.2 is laggy
2012-05-30 16:50:25.344144 7fe96d867700 10 client.11895.objecter maybe_request_map subscribing (onetime) to next osd map
2012-05-30 16:50:25.344148 7fe96d867700 1 -- 46.19.94.16:0/1015811 --> 46.19.94.11:6800/9784 -- ping v1 -- ?+0 0x2116180 con 0x20f2940
2012-05-30 16:50:25.344157 7fe96d867700 20 -- 46.19.94.16:0/1015811 submit_message ping v1 remote 46.19.94.11:6800/9784
2012-05-30 16:50:25.344178 7fe96c865700 10 -- 46.19.94.16:0/1015811 >> 46.19.94.11:6800/9784 pipe(0x20f26d0 sd=5 pgs=35 cs=1 l=1).writer: state = 2 policy.server=0
2012-05-30 16:50:25.344199 7fe96c865700 20 -- 46.19.94.16:0/1015811 >> 46.19.94.11:6800/9784 pipe(0x20f26d0 sd=5 pgs=35 cs=1 l=1).writer encoding 45 0x2116180 ping v1
2012-05-30 16:50:25.344209 7fe96c865700 20 -- 46.19.94.16:0/1015811 >> 46.19.94.11:6800/9784 pipe(0x20f26d0 sd=5 pgs=35 cs=1 l=1).writer sending 45 0x2116180
2012-05-30 16:50:25.344214 7fe96c865700 20 -- 46.19.94.16:0/1015811 >> 46.19.94.11:6800/9784 pipe(0x20f26d0 sd=5 pgs=35 cs=1 l=1).write_message 0x2116180
2012-05-30 16:50:25.344231 7fe96c865700 10 -- 46.19.94.16:0/1015811 >> 46.19.94.11:6800/9784 pipe(0x20f26d0 sd=5 pgs=35 cs=1 l=1).writer: state = 2 policy.server=0
2012-05-30 16:50:25.344239 7fe96c865700 20 -- 46.19.94.16:0/1015811 >> 46.19.94.11:6800/9784 pipe(0x20f26d0 sd=5 pgs=35 cs=1 l=1).writer sleeping
2012-05-30 16:50:25.549077 7fe96c764700 20 -- 46.19.94.16:0/1015811 >> 46.19.94.11:6800/9784 pipe(0x20f26d0 sd=5 pgs=35 cs=1 l=1).reader got ACK
2012-05-30 16:50:25.549101 7fe96c764700 15 reader got ack seq 45
2012-05-30 16:50:25.549103 7fe96c764700 20 -- 46.19.94.16:0/1015811 >> 46.19.94.11:6800/9784 pipe(0x20f26d0 sd=5 pgs=35 cs=1 l=1).reader reading tag...
2012-05-30 16:50:28.285058 7fe96e96a700 20 -- 46.19.94.16:0/1015811 send_keepalive con 0x7fe968001470, have pipe.
2012-05-30 16:50:28.285099 7fe972d7c700 10 -- 46.19.94.16:0/1015811 >> 46.19.94.1:6789/0 pipe(0x7fe968001200 sd=4 pgs=269 cs=1 l=1).writer: state = 2 policy.server=0
2012-05-30 16:50:28.285116 7fe972d7c700 10 -- 46.19.94.16:0/1015811 >> 46.19.94.1:6789/0 pipe(0x7fe968001200 sd=4 pgs=269 cs=1 l=1).write_keepalive
2012-05-30 16:50:28.285189 7fe972d7c700 10 -- 46.19.94.16:0/1015811 >> 46.19.94.1:6789/0 pipe(0x7fe968001200 sd=4 pgs=269 cs=1 l=1).writer: state = 2 policy.server=0
2012-05-30 16:50:28.285193 7fe972d7c700 20 -- 46.19.94.16:0/1015811 >> 46.19.94.1:6789/0 pipe(0x7fe968001200 sd=4 pgs=269 cs=1 l=1).writer sleeping
2012-05-30 16:50:30.344252 7fe96d867700 10 client.11895.objecter tick
2012-05-30 16:50:30.344268 7fe96d867700 2 client.11895.objecter tid 1 on osd.2 is laggy
2012-05-30 16:50:30.344272 7fe96d867700 10 client.11895.objecter maybe_request_map subscribing (onetime) to next osd map
2012-05-30 16:50:30.344276 7fe96d867700 1 -- 46.19.94.16:0/1015811 --> 46.19.94.11:6800/9784 -- ping v1 -- ?+0 0x2116a90 con 0x20f2940
2012-05-30 16:50:30.344284 7fe96d867700 20 -- 46.19.94.16:0/1015811 submit_message ping v1 remote 46.19.94.11:6800/9784
2012-05-30 16:50:30.344301 7fe96c865700 10 -- 46.19.94.16:0/1015811 >> 46.19.94.11:6800/9784 pipe(0x20f26d0 sd=5 pgs=35 cs=1 l=1).writer: state = 2 policy.server=0
2012-05-30 16:50:30.344328 7fe96c865700 20 -- 46.19.94.16:0/1015811 >> 46.19.94.11:6800/9784 pipe(0x20f26d0 sd=5 pgs=35 cs=1 l=1).writer encoding 46 0x2116a90 ping v1
2012-05-30 16:50:30.344333 7fe96c865700 20 -- 46.19.94.16:0/1015811 >> 46.19.94.11:6800/9784 pipe(0x20f26d0 sd=5 pgs=35 cs=1 l=1).writer sending 46 0x2116a90
2012-05-30 16:50:30.344337 7fe96c865700 20 -- 46.19.94.16:0/1015811 >> 46.19.94.11:6800/9784 pipe(0x20f26d0 sd=5 pgs=35 cs=1 l=1).write_message 0x2116a90
2012-05-30 16:50:30.344356 7fe96c865700 10 -- 46.19.94.16:0/1015811 >> 46.19.94.11:6800/9784 pipe(0x20f26d0 sd=5 pgs=35 cs=1 l=1).writer: state = 2 policy.server=0
2012-05-30 16:50:30.344364 7fe96c865700 20 -- 46.19.94.16:0/1015811 >> 46.19.94.11:6800/9784 pipe(0x20f26d0 sd=5 pgs=35 cs=1 l=1).writer sleeping
2012-05-30 16:50:30.545079 7fe96c764700 20 -- 46.19.94.16:0/1015811 >> 46.19.94.11:6800/9784 pipe(0x20f26d0 sd=5 pgs=35 cs=1 l=1).reader got ACK
2012-05-30 16:50:30.545103 7fe96c764700 15 reader got ack seq 46
2012-05-30 16:50:30.545105 7fe96c764700 20 -- 46.19.94.16:0/1015811 >> 46.19.94.11:6800/9784 pipe(0x20f26d0 sd=5 pgs=35 cs=1 l=1).reader reading tag...
2012-05-30 16:50:32.305309 7fe96c764700 2 -- 46.19.94.16:0/1015811 >> 46.19.94.11:6800/9784 pipe(0x20f26d0 sd=5 pgs=35 cs=1 l=1).reader couldn't read tag, Success
2012-05-30 16:50:32.305350 7fe96c764700 2 -- 46.19.94.16:0/1015811 >> 46.19.94.11:6800/9784 pipe(0x20f26d0 sd=5 pgs=35 cs=1 l=1).fault 0: Success
2012-05-30 16:50:32.305369 7fe96c764700 10 -- 46.19.94.16:0/1015811 >> 46.19.94.11:6800/9784 pipe(0x20f26d0 sd=5 pgs=35 cs=1 l=1).fault on lossy channel, failing
2012-05-30 16:50:32.305377 7fe96c764700 10 -- 46.19.94.16:0/1015811 >> 46.19.94.11:6800/9784 pipe(0x20f26d0 sd=5 pgs=35 cs=1 l=1).fail
2012-05-30 16:50:32.305381 7fe96c764700 10 -- 46.19.94.16:0/1015811 >> 46.19.94.11:6800/9784 pipe(0x20f26d0 sd=5 pgs=35 cs=1 l=1).stop
2012-05-30 16:50:32.305390 7fe96c764700 10 -- 46.19.94.16:0/1015811 >> 46.19.94.11:6800/9784 pipe(0x20f26d0 sd=5 pgs=35 cs=1 l=1).discard_queue
2012-05-30 16:50:32.305398 7fe96c764700 20 -- 46.19.94.16:0/1015811 >> 46.19.94.11:6800/9784 pipe(0x20f26d0 sd=5 pgs=35 cs=1 l=1). dequeued pipe
2012-05-30 16:50:32.305417 7fe96c764700 20 -- 46.19.94.16:0/1015811 >> :/0 pipe(0x20e72b0 sd=-1 pgs=0 cs=0 l=0).queue_received queuing pipe
2012-05-30 16:50:32.305419 7fe96c865700 20 -- 46.19.94.16:0/1015811 >> 46.19.94.11:6800/9784 pipe(0x20f26d0 sd=5 pgs=35 cs=1 l=1).writer finishing
2012-05-30 16:50:32.305436 7fe96c865700 10 -- 46.19.94.16:0/1015811 >> 46.19.94.11:6800/9784 pipe(0x20f26d0 sd=5 pgs=35 cs=1 l=1).writer done
2012-05-30 16:50:32.305438 7fe96c764700 10 -- 46.19.94.16:0/1015811 queue_reap 0x20f26d0
2012-05-30 16:50:32.305446 7fe96c764700 10 -- 46.19.94.16:0/1015811 >> 46.19.94.11:6800/9784 pipe(0x20f26d0 sd=5 pgs=35 cs=1 l=1).reader done
2012-05-30 16:50:32.305449 7fe96f96c700 20 -- 46.19.94.16:0/1015811 dispatch_entry pipe 0x20e72b0 dequeued 0x2
2012-05-30 16:50:32.305475 7fe96f96c700 1 client.11895.objecter ms_handle_reset on osd.2
2012-05-30 16:50:32.305466 7fe96f16b700 10 -- 46.19.94.16:0/1015811 reaper
2012-05-30 16:50:32.305489 7fe96f16b700 10 -- 46.19.94.16:0/1015811 reaper reaping pipe 0x20f26d0 46.19.94.11:6800/9784
2012-05-30 16:50:32.305489 7fe96f96c700 10 client.11895.objecter reopen_session osd.2 session, addr now osd.2 46.19.94.11:6800/9784
2012-05-30 16:50:32.305494 7fe96f16b700 10 -- 46.19.94.16:0/1015811 >> 46.19.94.11:6800/9784 pipe(0x20f26d0 sd=5 pgs=35 cs=1 l=1).discard_queue
2012-05-30 16:50:32.305502 7fe96f16b700 20 -- 46.19.94.16:0/1015811 >> 46.19.94.11:6800/9784 pipe(0x20f26d0 sd=5 pgs=35 cs=1 l=1). dequeued pipe
2012-05-30 16:50:32.305509 7fe96f16b700 10 -- 46.19.94.16:0/1015811 >> 46.19.94.11:6800/9784 pipe(0x20f26d0 sd=5 pgs=35 cs=1 l=1).unregister_pipe
2012-05-30 16:50:32.305564 7fe96f16b700 10 -- 46.19.94.16:0/1015811 reaper reaped pipe 0x20f26d0 46.19.94.11:6800/9784
2012-05-30 16:50:32.305581 7fe96f16b700 10 -- 46.19.94.16:0/1015811 reaper deleted pipe 0x20f26d0
2012-05-30 16:50:32.305584 7fe96f16b700 10 -- 46.19.94.16:0/1015811 reaper done
2012-05-30 16:50:32.305602 7fe96f96c700 1 -- 46.19.94.16:0/1015811 mark_down 0x20f2940 -- pipe dne
2012-05-30 16:50:32.305632 7fe96f96c700 10 -- 46.19.94.16:0/1015811 connect_rank to 46.19.94.11:6800/9784, creating pipe and registering
2012-05-30 16:50:32.305673 7fe96f96c700 10 -- 46.19.94.16:0/1015811 >> 46.19.94.11:6800/9784 pipe(0x7fe960024170 sd=-1 pgs=0 cs=0 l=0).register_pipe
2012-05-30 16:50:32.305683 7fe96f96c700 10 client.11895.objecter kick_requests for osd.2
2012-05-30 16:50:32.305687 7fe96f96c700 15 client.11895.objecter send_op 1 to osd.2
2012-05-30 16:50:32.305678 7fe96c764700 10 -- 46.19.94.16:0/1015811 >> 46.19.94.11:6800/9784 pipe(0x7fe960024170 sd=-1 pgs=0 cs=0 l=0).writer: state = 1 policy.server=0
2012-05-30 16:50:32.305689 7fe96c764700 10 -- 46.19.94.16:0/1015811 >> 46.19.94.11:6800/9784 pipe(0x7fe960024170 sd=-1 pgs=0 cs=0 l=0).connect 0
2012-05-30 16:50:32.305695 7fe96f96c700 1 -- 46.19.94.16:0/1015811 --> 46.19.94.11:6800/9784 -- osd_op(client.11895.0:1 kvm1148.rbd [read 0~4096] 2.7d848fd9 RETRY) v4 -- ?+0 0x7fe9600248b0 con 0x7fe9600243e0
2012-05-30 16:50:32.305705 7fe96f96c700 20 -- 46.19.94.16:0/1015811 submit_message osd_op(client.11895.0:1 kvm1148.rbd [read 0~4096] 2.7d848fd9 RETRY) v4 remote 46.19.94.11:6800/9784
2012-05-30 16:50:32.305713 7fe96f96c700 10 client.11895.objecter maybe_request_map subscribing (onetime) to next osd map
2012-05-30 16:50:32.305707 7fe96c764700 10 -- 46.19.94.16:0/1015811 >> 46.19.94.11:6800/9784 pipe(0x7fe960024170 sd=5 pgs=0 cs=0 l=0).connecting to 46.19.94.11:6800/9784
2012-05-30 16:50:32.305934 7fe96c764700 2 -- 46.19.94.16:0/1015811 >> 46.19.94.11:6800/9784 pipe(0x7fe960024170 sd=5 pgs=0 cs=0 l=0).connect error 46.19.94.11:6800/9784, 111: Connection refused
2012-05-30 16:50:32.305949 7fe96c764700 10 -- 46.19.94.16:0/1015811 >> 46.19.94.11:6800/9784 pipe(0x7fe960024170 sd=5 pgs=0 cs=0 l=0).writer: state = 1 policy.server=0
2012-05-30 16:50:32.305954 7fe96c764700 10 -- 46.19.94.16:0/1015811 >> 46.19.94.11:6800/9784 pipe(0x7fe960024170 sd=5 pgs=0 cs=0 l=0).connect 0
2012-05-30 16:50:32.305970 7fe96c764700 10 -- 46.19.94.16:0/1015811 >> 46.19.94.11:6800/9784 pipe(0x7fe960024170 sd=5 pgs=0 cs=0 l=0).connecting to 46.19.94.11:6800/9784
2012-05-30 16:50:32.306337 7fe96c764700 2 -- 46.19.94.16:0/1015811 >> 46.19.94.11:6800/9784 pipe(0x7fe960024170 sd=5 pgs=0 cs=0 l=0).connect error 46.19.94.11:6800/9784, 111: Connection refused
2012-05-30 16:50:32.306346 7fe96c764700 10 -- 46.19.94.16:0/1015811 >> 46.19.94.11:6800/9784 pipe(0x7fe960024170 sd=5 pgs=0 cs=0 l=0).fault waiting 0.200000
2012-05-30 16:50:32.506463 7fe96c764700 10 -- 46.19.94.16:0/1015811 >> 46.19.94.11:6800/9784 pipe(0x7fe960024170 sd=5 pgs=0 cs=0 l=0).fault done waiting or woke up
2012-05-30 16:50:32.506487 7fe96c764700 10 -- 46.19.94.16:0/1015811 >> 46.19.94.11:6800/9784 pipe(0x7fe960024170 sd=5 pgs=0 cs=0 l=0).writer: state = 1 policy.server=0
2012-05-30 16:50:32.506491 7fe96c764700 10 -- 46.19.94.16:0/1015811 >> 46.19.94.11:6800/9784 pipe(0x7fe960024170 sd=5 pgs=0 cs=0 l=0).connect 0
2012-05-30 16:50:32.506507 7fe96c764700 10 -- 46.19.94.16:0/1015811 >> 46.19.94.11:6800/9784 pipe(0x7fe960024170 sd=5 pgs=0 cs=0 l=0).connecting to 46.19.94.11:6800/9784
2012-05-30 16:50:32.506687 7fe96c764700 2 -- 46.19.94.16:0/1015811 >> 46.19.94.11:6800/9784 pipe(0x7fe960024170 sd=5 pgs=0 cs=0 l=0).connect error 46.19.94.11:6800/9784, 111: Connection refused
2012-05-30 16:50:32.506704 7fe96c764700 10 -- 46.19.94.16:0/1015811 >> 46.19.94.11:6800/9784 pipe(0x7fe960024170 sd=5 pgs=0 cs=0 l=0).fault waiting 0.400000
2012-05-30 16:50:32.906790 7fe96c764700 10 -- 46.19.94.16:0/1015811 >> 46.19.94.11:6800/9784 pipe(0x7fe960024170 sd=5 pgs=0 cs=0 l=0).fault done waiting or woke up
2012-05-30 16:50:32.906812 7fe96c764700 10 -- 46.19.94.16:0/1015811 >> 46.19.94.11:6800/9784 pipe(0x7fe960024170 sd=5 pgs=0 cs=0 l=0).writer: state = 1 policy.server=0
2012-05-30 16:50:32.906816 7fe96c764700 10 -- 46.19.94.16:0/1015811 >> 46.19.94.11:6800/9784 pipe(0x7fe960024170 sd=5 pgs=0 cs=0 l=0).connect 0
2012-05-30 16:50:32.906831 7fe96c764700 10 -- 46.19.94.16:0/1015811 >> 46.19.94.11:6800/9784 pipe(0x7fe960024170 sd=5 pgs=0 cs=0 l=0).connecting to 46.19.94.11:6800/9784
2012-05-30 16:50:32.907068 7fe96c764700 2 -- 46.19.94.16:0/1015811 >> 46.19.94.11:6800/9784 pipe(0x7fe960024170 sd=5 pgs=0 cs=0 l=0).connect error 46.19.94.11:6800/9784, 111: Connection refused
2012-05-30 16:50:32.907082 7fe96c764700 10 -- 46.19.94.16:0/1015811 >> 46.19.94.11:6800/9784 pipe(0x7fe960024170 sd=5 pgs=0 cs=0 l=0).fault waiting 0.800000
2012-05-30 16:50:33.707167 7fe96c764700 10 -- 46.19.94.16:0/1015811 >> 46.19.94.11:6800/9784 pipe(0x7fe960024170 sd=5 pgs=0 cs=0 l=0).fault done waiting or woke up
2012-05-30 16:50:33.707189 7fe96c764700 10 -- 46.19.94.16:0/1015811 >> 46.19.94.11:6800/9784 pipe(0x7fe960024170 sd=5 pgs=0 cs=0 l=0).writer: state = 1 policy.server=0
2012-05-30 16:50:33.707193 7fe96c764700 10 -- 46.19.94.16:0/1015811 >> 46.19.94.11:6800/9784 pipe(0x7fe960024170 sd=5 pgs=0 cs=0 l=0).connect 0
2012-05-30 16:50:33.707209 7fe96c764700 10 -- 46.19.94.16:0/1015811 >> 46.19.94.11:6800/9784 pipe(0x7fe960024170 sd=5 pgs=0 cs=0 l=0).connecting to 46.19.94.11:6800/9784
2012-05-30 16:50:33.707519 7fe96c764700 2 -- 46.19.94.16:0/1015811 >> 46.19.94.11:6800/9784 pipe(0x7fe960024170 sd=5 pgs=0 cs=0 l=0).connect error 46.19.94.11:6800/9784, 111: Connection refused
2012-05-30 16:50:33.707532 7fe96c764700 10 -- 46.19.94.16:0/1015811 >> 46.19.94.11:6800/9784 pipe(0x7fe960024170 sd=5 pgs=0 cs=0 l=0).fault waiting 1.600000
2012-05-30 16:50:35.307623 7fe96c764700 10 -- 46.19.94.16:0/1015811 >> 46.19.94.11:6800/9784 pipe(0x7fe960024170 sd=5 pgs=0 cs=0 l=0).fault done waiting or woke up
2012-05-30 16:50:35.307645 7fe96c764700 10 -- 46.19.94.16:0/1015811 >> 46.19.94.11:6800/9784 pipe(0x7fe960024170 sd=5 pgs=0 cs=0 l=0).writer: state = 1 policy.server=0
2012-05-30 16:50:35.307649 7fe96c764700 10 -- 46.19.94.16:0/1015811 >> 46.19.94.11:6800/9784 pipe(0x7fe960024170 sd=5 pgs=0 cs=0 l=0).connect 0
2012-05-30 16:50:35.307664 7fe96c764700 10 -- 46.19.94.16:0/1015811 >> 46.19.94.11:6800/9784 pipe(0x7fe960024170 sd=5 pgs=0 cs=0 l=0).connecting to 46.19.94.11:6800/9784
2012-05-30 16:50:35.307851 7fe96c764700 2 -- 46.19.94.16:0/1015811 >> 46.19.94.11:6800/9784 pipe(0x7fe960024170 sd=5 pgs=0 cs=0 l=0).connect error 46.19.94.11:6800/9784, 111: Connection refused
2012-05-30 16:50:35.307871 7fe96c764700 10 -- 46.19.94.16:0/1015811 >> 46.19.94.11:6800/9784 pipe(0x7fe960024170 sd=5 pgs=0 cs=0 l=0).fault waiting 3.200000
2012-05-30 16:50:35.344381 7fe96d867700 10 client.11895.objecter tick
2012-05-30 16:50:38.285177 7fe96e96a700 20 -- 46.19.94.16:0/1015811 send_keepalive con 0x7fe968001470, have pipe.
2012-05-30 16:50:38.285218 7fe972d7c700 10 -- 46.19.94.16:0/1015811 >> 46.19.94.1:6789/0 pipe(0x7fe968001200 sd=4 pgs=269 cs=1 l=1).writer: state = 2 policy.server=0
2012-05-30 16:50:38.285235 7fe972d7c700 10 -- 46.19.94.16:0/1015811 >> 46.19.94.1:6789/0 pipe(0x7fe968001200 sd=4 pgs=269 cs=1 l=1).write_keepalive
2012-05-30 16:50:38.285262 7fe972d7c700 10 -- 46.19.94.16:0/1015811 >> 46.19.94.1:6789/0 pipe(0x7fe968001200 sd=4 pgs=269 cs=1 l=1).writer: state = 2 policy.server=0
2012-05-30 16:50:38.285267 7fe972d7c700 20 -- 46.19.94.16:0/1015811 >> 46.19.94.1:6789/0 pipe(0x7fe968001200 sd=4 pgs=269 cs=1 l=1).writer sleeping
2012-05-30 16:50:38.507957 7fe96c764700 10 -- 46.19.94.16:0/1015811 >> 46.19.94.11:6800/9784 pipe(0x7fe960024170 sd=5 pgs=0 cs=0 l=0).fault done waiting or woke up
2012-05-30 16:50:38.507981 7fe96c764700 10 -- 46.19.94.16:0/1015811 >> 46.19.94.11:6800/9784 pipe(0x7fe960024170 sd=5 pgs=0 cs=0 l=0).writer: state = 1 policy.server=0
2012-05-30 16:50:38.507986 7fe96c764700 10 -- 46.19.94.16:0/1015811 >> 46.19.94.11:6800/9784 pipe(0x7fe960024170 sd=5 pgs=0 cs=0 l=0).connect 0
2012-05-30 16:50:38.508002 7fe96c764700 10 -- 46.19.94.16:0/1015811 >> 46.19.94.11:6800/9784 pipe(0x7fe960024170 sd=5 pgs=0 cs=0 l=0).connecting to 46.19.94.11:6800/9784
2012-05-30 16:50:38.508147 7fe96c764700 2 -- 46.19.94.16:0/1015811 >> 46.19.94.11:6800/9784 pipe(0x7fe960024170 sd=5 pgs=0 cs=0 l=0).connect error 46.19.94.11:6800/9784, 111: Connection refused
2012-05-30 16:50:38.508161 7fe96c764700 10 -- 46.19.94.16:0/1015811 >> 46.19.94.11:6800/9784 pipe(0x7fe960024170 sd=5 pgs=0 cs=0 l=0).fault waiting 6.400000
2012-05-30 16:50:40.344486 7fe96d867700 10 client.11895.objecter tick
2012-05-30 16:50:41.324532 7fe96d968700 20 -- 46.19.94.16:0/1015811 >> 46.19.94.1:6789/0 pipe(0x7fe968001200 sd=4 pgs=269 cs=1 l=1).reader got MSG
2012-05-30 16:50:41.324560 7fe96d968700 20 -- 46.19.94.16:0/1015811 >> 46.19.94.1:6789/0 pipe(0x7fe968001200 sd=4 pgs=269 cs=1 l=1).reader got envelope type=41 src mon.0 front=165 data=0 off 0
2012-05-30 16:50:41.324567 7fe96d968700 10 -- 46.19.94.16:0/1015811 >> 46.19.94.1:6789/0 pipe(0x7fe968001200 sd=4 pgs=269 cs=1 l=1).reader wants 165 from dispatch throttler 0/104857600
2012-05-30 16:50:41.324577 7fe96d968700 20 -- 46.19.94.16:0/1015811 >> 46.19.94.1:6789/0 pipe(0x7fe968001200 sd=4 pgs=269 cs=1 l=1).reader got front 165
2012-05-30 16:50:41.324584 7fe96d968700 10 -- 46.19.94.16:0/1015811 >> 46.19.94.1:6789/0 pipe(0x7fe968001200 sd=4 pgs=269 cs=1 l=1).aborted = 0
2012-05-30 16:50:41.324589 7fe96d968700 20 -- 46.19.94.16:0/1015811 >> 46.19.94.1:6789/0 pipe(0x7fe968001200 sd=4 pgs=269 cs=1 l=1).reader got 165 + 0 + 0 byte message
2012-05-30 16:50:41.324614 7fe96d968700 10 -- 46.19.94.16:0/1015811 >> 46.19.94.1:6789/0 pipe(0x7fe968001200 sd=4 pgs=269 cs=1 l=1).reader got message 13 0x7fe960025e10 osd_map(6925..6925 src has 6424..6925) v3
2012-05-30 16:50:41.324626 7fe96d968700 20 -- 46.19.94.16:0/1015811 >> 46.19.94.1:6789/0 pipe(0x7fe968001200 sd=4 pgs=269 cs=1 l=1).queue_received queuing pipe
2012-05-30 16:50:41.324648 7fe96d968700 20 -- 46.19.94.16:0/1015811 >> 46.19.94.1:6789/0 pipe(0x7fe968001200 sd=4 pgs=269 cs=1 l=1).reader reading tag...
2012-05-30 16:50:41.324653 7fe972d7c700 10 -- 46.19.94.16:0/1015811 >> 46.19.94.1:6789/0 pipe(0x7fe968001200 sd=4 pgs=269 cs=1 l=1).writer: state = 2 policy.server=0
2012-05-30 16:50:41.324672 7fe972d7c700 10 -- 46.19.94.16:0/1015811 >> 46.19.94.1:6789/0 pipe(0x7fe968001200 sd=4 pgs=269 cs=1 l=1).write_ack 13
2012-05-30 16:50:41.324677 7fe96f96c700 20 -- 46.19.94.16:0/1015811 dispatch_entry pipe 0x7fe968001200 dequeued 0x7fe960025e10
2012-05-30 16:50:41.324698 7fe972d7c700 10 -- 46.19.94.16:0/1015811 >> 46.19.94.1:6789/0 pipe(0x7fe968001200 sd=4 pgs=269 cs=1 l=1).writer: state = 2 policy.server=0
2012-05-30 16:50:41.324696 7fe96f96c700 1 -- 46.19.94.16:0/1015811 <== mon.0 46.19.94.1:6789/0 13 ==== osd_map(6925..6925 src has 6424..6925) v3 ==== 165+0+0 (859135109 0 0) 0x7fe960025e10 con 0x7fe968001470
2012-05-30 16:50:41.324705 7fe972d7c700 20 -- 46.19.94.16:0/1015811 >> 46.19.94.1:6789/0 pipe(0x7fe968001200 sd=4 pgs=269 cs=1 l=1).writer sleeping
2012-05-30 16:50:41.324713 7fe96f96c700 3 client.11895.objecter handle_osd_map got epochs [6925,6925] > 6924
2012-05-30 16:50:41.324718 7fe96f96c700 3 client.11895.objecter handle_osd_map decoding incremental epoch 6925
2012-05-30 16:50:41.324773 7fe96f96c700 10 client.11895.objecter recalc_op_target tid 1 pgid 2.7d848fd9 acting [15]
2012-05-30 16:50:41.324781 7fe96f96c700 10 -- 46.19.94.16:0/1015811 connect_rank to 46.19.94.2:6800/20211, creating pipe and registering
2012-05-30 16:50:41.324812 7fe96f96c700 10 -- 46.19.94.16:0/1015811 >> 46.19.94.2:6800/20211 pipe(0x7fe9600270c0 sd=-1 pgs=0 cs=0 l=0).register_pipe
2012-05-30 16:50:41.324835 7fe96f96c700 10 client.11895.objecter close_session for osd.2
2012-05-30 16:50:41.324838 7fe96f96c700 1 -- 46.19.94.16:0/1015811 mark_down 0x7fe9600243e0 -- 0x7fe960024170
2012-05-30 16:50:41.324841 7fe96f96c700 10 -- 46.19.94.16:0/1015811 >> 46.19.94.11:6800/9784 pipe(0x7fe960024170 sd=5 pgs=0 cs=0 l=0).unregister_pipe
2012-05-30 16:50:41.324825 7fe96c865700 10 -- 46.19.94.16:0/1015811 >> 46.19.94.2:6800/20211 pipe(0x7fe9600270c0 sd=-1 pgs=0 cs=0 l=0).writer: state = 1 policy.server=0
2012-05-30 16:50:41.324846 7fe96f96c700 10 -- 46.19.94.16:0/1015811 >> 46.19.94.11:6800/9784 pipe(0x7fe960024170 sd=5 pgs=0 cs=0 l=0).stop
2012-05-30 16:50:41.324850 7fe96c865700 10 -- 46.19.94.16:0/1015811 >> 46.19.94.2:6800/20211 pipe(0x7fe9600270c0 sd=-1 pgs=0 cs=0 l=0).connect 0
2012-05-30 16:50:41.324859 7fe96c764700 10 -- 46.19.94.16:0/1015811 >> 46.19.94.11:6800/9784 pipe(0x7fe960024170 sd=5 pgs=0 cs=0 l=0).fault done waiting or woke up
2012-05-30 16:50:41.324865 7fe96f96c700 15 client.11895.objecter send_op 1 to osd.15
2012-05-30 16:50:41.324866 7fe96c865700 10 -- 46.19.94.16:0/1015811 >> 46.19.94.2:6800/20211 pipe(0x7fe9600270c0 sd=6 pgs=0 cs=0 l=0).connecting to 46.19.94.2:6800/20211
2012-05-30 16:50:41.324868 7fe96c764700 20 -- 46.19.94.16:0/1015811 >> 46.19.94.11:6800/9784 pipe(0x7fe960024170 sd=5 pgs=0 cs=0 l=0).writer finishing
2012-05-30 16:50:41.324882 7fe96c764700 10 -- 46.19.94.16:0/1015811 queue_reap 0x7fe960024170
2012-05-30 16:50:41.324872 7fe96f96c700 1 -- 46.19.94.16:0/1015811 --> 46.19.94.2:6800/20211 -- osd_op(client.11895.0:1 kvm1148.rbd [read 0~4096] 2.7d848fd9 RETRY) v4 -- ?+0 0x7fe960027af0 con 0x7fe960027330
2012-05-30 16:50:41.324893 7fe96c764700 10 -- 46.19.94.16:0/1015811 >> 46.19.94.11:6800/9784 pipe(0x7fe960024170 sd=5 pgs=0 cs=0 l=0).writer done
2012-05-30 16:50:41.324894 7fe96f96c700 20 -- 46.19.94.16:0/1015811 submit_message osd_op(client.11895.0:1 kvm1148.rbd [read 0~4096] 2.7d848fd9 RETRY) v4 remote 46.19.94.2:6800/20211
2012-05-30 16:50:41.324907 7fe96f96c700 20 client.11895.objecter dump_active .. 0 homeless
2012-05-30 16:50:41.324909 7fe96f96c700 20 client.11895.objecter 1 2.7d848fd9 osd.15 kvm1148.rbd [read 0~4096]
2012-05-30 16:50:41.324911 7fe96f16b700 10 -- 46.19.94.16:0/1015811 reaper
2012-05-30 16:50:41.324920 7fe96f96c700 10 -- 46.19.94.16:0/1015811 dispatch_throttle_release 165 to dispatch throttler 165/104857600
2012-05-30 16:50:41.324926 7fe96f96c700 20 -- 46.19.94.16:0/1015811 done calling dispatch on 0x7fe960025e10
2012-05-30 16:50:41.324924 7fe96f16b700 10 -- 46.19.94.16:0/1015811 reaper reaping pipe 0x7fe960024170 46.19.94.11:6800/9784
2012-05-30 16:50:41.324931 7fe96f16b700 10 -- 46.19.94.16:0/1015811 >> 46.19.94.11:6800/9784 pipe(0x7fe960024170 sd=5 pgs=0 cs=0 l=0).discard_queue
2012-05-30 16:50:41.324938 7fe96f16b700 20 -- 46.19.94.16:0/1015811 >> 46.19.94.11:6800/9784 pipe(0x7fe960024170 sd=5 pgs=0 cs=0 l=0). dequeued pipe
2012-05-30 16:50:41.324943 7fe96f16b700 20 -- 46.19.94.16:0/1015811 >> 46.19.94.11:6800/9784 pipe(0x7fe960024170 sd=5 pgs=0 cs=0 l=0). discard 0x7fe9600248b0
2012-05-30 16:50:41.324951 7fe96f16b700 10 -- 46.19.94.16:0/1015811 >> 46.19.94.11:6800/9784 pipe(0x7fe960024170 sd=5 pgs=0 cs=0 l=0).unregister_pipe - not registered
2012-05-30 16:50:41.324969 7fe96f16b700 10 -- 46.19.94.16:0/1015811 reaper reaped pipe 0x7fe960024170 46.19.94.11:6800/9784
2012-05-30 16:50:41.324974 7fe96f16b700 10 -- 46.19.94.16:0/1015811 reaper deleted pipe 0x7fe960024170
2012-05-30 16:50:41.324977 7fe96f16b700 10 -- 46.19.94.16:0/1015811 reaper done
2012-05-30 16:50:41.325491 7fe96c865700 20 -- 46.19.94.16:0/1015811 >> 46.19.94.2:6800/20211 pipe(0x7fe9600270c0 sd=6 pgs=0 cs=0 l=0).connect read peer addr 46.19.94.2:6800/20211 on socket 6
2012-05-30 16:50:41.325509 7fe96c865700 20 -- 46.19.94.16:0/1015811 >> 46.19.94.2:6800/20211 pipe(0x7fe9600270c0 sd=6 pgs=0 cs=0 l=0).connect peer addr for me is 46.19.94.16:56002/0
2012-05-30 16:50:41.325542 7fe96c865700 10 -- 46.19.94.16:0/1015811 >> 46.19.94.2:6800/20211 pipe(0x7fe9600270c0 sd=6 pgs=0 cs=0 l=0).connect sent my addr 46.19.94.16:0/1015811
2012-05-30 16:50:41.325620 7fe96c865700 10 -- 46.19.94.16:0/1015811 >> 46.19.94.2:6800/20211 pipe(0x7fe9600270c0 sd=6 pgs=0 cs=0 l=0).connect.authorizer_len=174 protocol=2
2012-05-30 16:50:41.325630 7fe96c865700 10 -- 46.19.94.16:0/1015811 >> 46.19.94.2:6800/20211 pipe(0x7fe9600270c0 sd=6 pgs=0 cs=0 l=0).connect sending gseq=10 cseq=0 proto=24
2012-05-30 16:50:41.325641 7fe96c865700 20 -- 46.19.94.16:0/1015811 >> 46.19.94.2:6800/20211 pipe(0x7fe9600270c0 sd=6 pgs=0 cs=0 l=0).connect wrote (self +) cseq, waiting for reply
2012-05-30 16:50:41.326003 7fe96c865700 20 -- 46.19.94.16:0/1015811 >> 46.19.94.2:6800/20211 pipe(0x7fe9600270c0 sd=6 pgs=0 cs=0 l=0).connect got reply tag 1 connect_seq 1 global_seq 19940 proto 24 flags 1
2012-05-30 16:50:41.326020 7fe96c865700 10 -- 46.19.94.16:0/1015811 >> 46.19.94.2:6800/20211 pipe(0x7fe9600270c0 sd=6 pgs=0 cs=0 l=0).reply.authorizer_len=36
2012-05-30 16:50:41.326082 7fe96c865700 10 -- 46.19.94.16:0/1015811 >> 46.19.94.2:6800/20211 pipe(0x7fe9600270c0 sd=6 pgs=19940 cs=1 l=1).connect success 1, lossy = 1, features 32767
2012-05-30 16:50:41.326093 7fe96c865700 20 -- 46.19.94.16:0/1015811 >> :/0 pipe(0x20e72b0 sd=-1 pgs=0 cs=0 l=0).queue_received queuing pipe
2012-05-30 16:50:41.326107 7fe96c865700 20 -- 46.19.94.16:0/1015811 >> 46.19.94.2:6800/20211 pipe(0x7fe9600270c0 sd=6 pgs=19940 cs=1 l=1).connect starting reader
2012-05-30 16:50:41.326120 7fe96f96c700 20 -- 46.19.94.16:0/1015811 dispatch_entry pipe 0x20e72b0 dequeued 0
2012-05-30 16:50:41.326141 7fe96c865700 10 -- 46.19.94.16:0/1015811 >> 46.19.94.2:6800/20211 pipe(0x7fe9600270c0 sd=6 pgs=19940 cs=1 l=1).writer: state = 2 policy.server=0
2012-05-30 16:50:41.326153 7fe96c865700 20 -- 46.19.94.16:0/1015811 >> 46.19.94.2:6800/20211 pipe(0x7fe9600270c0 sd=6 pgs=19940 cs=1 l=1).writer encoding 1 0x7fe960027af0 osd_op(client.11895.0:1 kvm1148.rbd [read 0~4096] 2.7d848fd9 RETRY) v4
2012-05-30 16:50:41.326159 7fe96c764700 20 -- 46.19.94.16:0/1015811 >> 46.19.94.2:6800/20211 pipe(0x7fe9600270c0 sd=6 pgs=19940 cs=1 l=1).reader reading tag...
2012-05-30 16:50:41.326173 7fe96c865700 20 -- 46.19.94.16:0/1015811 >> 46.19.94.2:6800/20211 pipe(0x7fe9600270c0 sd=6 pgs=19940 cs=1 l=1).writer sending 1 0x7fe960027af0
2012-05-30 16:50:41.326180 7fe96c865700 20 -- 46.19.94.16:0/1015811 >> 46.19.94.2:6800/20211 pipe(0x7fe9600270c0 sd=6 pgs=19940 cs=1 l=1).write_message 0x7fe960027af0
2012-05-30 16:50:41.326215 7fe96c865700 10 -- 46.19.94.16:0/1015811 >> 46.19.94.2:6800/20211 pipe(0x7fe9600270c0 sd=6 pgs=19940 cs=1 l=1).writer: state = 2 policy.server=0
2012-05-30 16:50:41.326224 7fe96c865700 20 -- 46.19.94.16:0/1015811 >> 46.19.94.2:6800/20211 pipe(0x7fe9600270c0 sd=6 pgs=19940 cs=1 l=1).writer sleeping
2012-05-30 16:50:41.530799 7fe96c764700 20 -- 46.19.94.16:0/1015811 >> 46.19.94.2:6800/20211 pipe(0x7fe9600270c0 sd=6 pgs=19940 cs=1 l=1).reader got ACK
2012-05-30 16:50:41.530828 7fe96c764700 15 reader got ack seq 1
2012-05-30 16:50:41.530829 7fe96c764700 20 -- 46.19.94.16:0/1015811 >> 46.19.94.2:6800/20211 pipe(0x7fe9600270c0 sd=6 pgs=19940 cs=1 l=1).reader reading tag...
2012-05-30 16:50:43.628553 7fe96c764700 20 -- 46.19.94.16:0/1015811 >> 46.19.94.2:6800/20211 pipe(0x7fe9600270c0 sd=6 pgs=19940 cs=1 l=1).reader got MSG
2012-05-30 16:50:43.628578 7fe96c764700 20 -- 46.19.94.16:0/1015811 >> 46.19.94.2:6800/20211 pipe(0x7fe9600270c0 sd=6 pgs=19940 cs=1 l=1).reader got envelope type=41 src osd.15 front=608 data=0 off 0
2012-05-30 16:50:43.628584 7fe96c764700 10 -- 46.19.94.16:0/1015811 >> 46.19.94.2:6800/20211 pipe(0x7fe9600270c0 sd=6 pgs=19940 cs=1 l=1).reader wants 608 from dispatch throttler 0/104857600
2012-05-30 16:50:43.628594 7fe96c764700 20 -- 46.19.94.16:0/1015811 >> 46.19.94.2:6800/20211 pipe(0x7fe9600270c0 sd=6 pgs=19940 cs=1 l=1).reader got front 608
2012-05-30 16:50:43.628600 7fe96c764700 10 -- 46.19.94.16:0/1015811 >> 46.19.94.2:6800/20211 pipe(0x7fe9600270c0 sd=6 pgs=19940 cs=1 l=1).aborted = 0
2012-05-30 16:50:43.628604 7fe96c764700 20 -- 46.19.94.16:0/1015811 >> 46.19.94.2:6800/20211 pipe(0x7fe9600270c0 sd=6 pgs=19940 cs=1 l=1).reader got 608 + 0 + 0 byte message
2012-05-30 16:50:43.628622 7fe96c764700 10 -- 46.19.94.16:0/1015811 >> 46.19.94.2:6800/20211 pipe(0x7fe9600270c0 sd=6 pgs=19940 cs=1 l=1).reader got message 1 0x211db70 osd_map(6926..6926 src has 6424..6926) v3
2012-05-30 16:50:43.628640 7fe96c764700 20 -- 46.19.94.16:0/1015811 >> 46.19.94.2:6800/20211 pipe(0x7fe9600270c0 sd=6 pgs=19940 cs=1 l=1).queue_received queuing pipe
2012-05-30 16:50:43.628657 7fe96c764700 20 -- 46.19.94.16:0/1015811 >> 46.19.94.2:6800/20211 pipe(0x7fe9600270c0 sd=6 pgs=19940 cs=1 l=1).reader reading tag...
2012-05-30 16:50:43.628666 7fe96c865700 10 -- 46.19.94.16:0/1015811 >> 46.19.94.2:6800/20211 pipe(0x7fe9600270c0 sd=6 pgs=19940 cs=1 l=1).writer: state = 2 policy.server=0
2012-05-30 16:50:43.628687 7fe96c865700 10 -- 46.19.94.16:0/1015811 >> 46.19.94.2:6800/20211 pipe(0x7fe9600270c0 sd=6 pgs=19940 cs=1 l=1).write_ack 1
2012-05-30 16:50:43.628693 7fe96f96c700 20 -- 46.19.94.16:0/1015811 dispatch_entry pipe 0x7fe9600270c0 dequeued 0x211db70
2012-05-30 16:50:43.628714 7fe96c865700 10 -- 46.19.94.16:0/1015811 >> 46.19.94.2:6800/20211 pipe(0x7fe9600270c0 sd=6 pgs=19940 cs=1 l=1).writer: state = 2 policy.server=0
2012-05-30 16:50:43.628711 7fe96f96c700 1 -- 46.19.94.16:0/1015811 <== osd.15 46.19.94.2:6800/20211 1 ==== osd_map(6926..6926 src has 6424..6926) v3 ==== 608+0+0 (1283618114 0 0) 0x211db70 con 0x7fe960027330
2012-05-30 16:50:43.628721 7fe96c865700 20 -- 46.19.94.16:0/1015811 >> 46.19.94.2:6800/20211 pipe(0x7fe9600270c0 sd=6 pgs=19940 cs=1 l=1).writer sleeping
2012-05-30 16:50:43.628725 7fe96f96c700 3 client.11895.objecter handle_osd_map got epochs [6926,6926] > 6925
2012-05-30 16:50:43.628729 7fe96f96c700 3 client.11895.objecter handle_osd_map decoding incremental epoch 6926
2012-05-30 16:50:43.628759 7fe96f96c700 10 client.11895.objecter recalc_op_target tid 1 pgid 2.7d848fd9 acting [2,15]
2012-05-30 16:50:43.628764 7fe96f96c700 10 -- 46.19.94.16:0/1015811 connect_rank to 46.19.94.11:6802/11198, creating pipe and registering
2012-05-30 16:50:43.628808 7fe96f96c700 10 -- 46.19.94.16:0/1015811 >> 46.19.94.11:6802/11198 pipe(0x7fe960028d80 sd=-1 pgs=0 cs=0 l=0).register_pipe
2012-05-30 16:50:43.628823 7fe96f96c700 15 client.11895.objecter send_op 1 to osd.2
2012-05-30 16:50:43.628815 7fe96c663700 10 -- 46.19.94.16:0/1015811 >> 46.19.94.11:6802/11198 pipe(0x7fe960028d80 sd=-1 pgs=0 cs=0 l=0).writer: state = 1 policy.server=0
2012-05-30 16:50:43.628829 7fe96f96c700 1 -- 46.19.94.16:0/1015811 --> 46.19.94.11:6802/11198 -- osd_op(client.11895.0:1 kvm1148.rbd [read 0~4096] 2.7d848fd9 RETRY) v4 -- ?+0 0x7fe960029530 con 0x7fe960028ff0
2012-05-30 16:50:43.628836 7fe96c663700 10 -- 46.19.94.16:0/1015811 >> 46.19.94.11:6802/11198 pipe(0x7fe960028d80 sd=-1 pgs=0 cs=0 l=0).connect 0
2012-05-30 16:50:43.628855 7fe96f96c700 20 -- 46.19.94.16:0/1015811 submit_message osd_op(client.11895.0:1 kvm1148.rbd [read 0~4096] 2.7d848fd9 RETRY) v4 remote 46.19.94.11:6802/11198
2012-05-30 16:50:43.628859 7fe96c663700 10 -- 46.19.94.16:0/1015811 >> 46.19.94.11:6802/11198 pipe(0x7fe960028d80 sd=5 pgs=0 cs=0 l=0).connecting to 46.19.94.11:6802/11198
2012-05-30 16:50:43.628864 7fe96f96c700 20 client.11895.objecter dump_active .. 0 homeless
2012-05-30 16:50:43.628866 7fe96f96c700 20 client.11895.objecter 1 2.7d848fd9 osd.2 kvm1148.rbd [read 0~4096]
2012-05-30 16:50:43.628874 7fe96f96c700 10 -- 46.19.94.16:0/1015811 dispatch_throttle_release 608 to dispatch throttler 608/104857600
2012-05-30 16:50:43.628879 7fe96f96c700 20 -- 46.19.94.16:0/1015811 done calling dispatch on 0x211db70
2012-05-30 16:50:43.629640 7fe96c663700 20 -- 46.19.94.16:0/1015811 >> 46.19.94.11:6802/11198 pipe(0x7fe960028d80 sd=5 pgs=0 cs=0 l=0).connect read peer addr 46.19.94.11:6802/11198 on socket 5
2012-05-30 16:50:43.629651 7fe96c663700 20 -- 46.19.94.16:0/1015811 >> 46.19.94.11:6802/11198 pipe(0x7fe960028d80 sd=5 pgs=0 cs=0 l=0).connect peer addr for me is 46.19.94.16:60807/0
2012-05-30 16:50:43.629665 7fe96c663700 10 -- 46.19.94.16:0/1015811 >> 46.19.94.11:6802/11198 pipe(0x7fe960028d80 sd=5 pgs=0 cs=0 l=0).connect sent my addr 46.19.94.16:0/1015811
2012-05-30 16:50:43.629711 7fe96c663700 10 -- 46.19.94.16:0/1015811 >> 46.19.94.11:6802/11198 pipe(0x7fe960028d80 sd=5 pgs=0 cs=0 l=0).connect.authorizer_len=174 protocol=2
2012-05-30 16:50:43.629719 7fe96c663700 10 -- 46.19.94.16:0/1015811 >> 46.19.94.11:6802/11198 pipe(0x7fe960028d80 sd=5 pgs=0 cs=0 l=0).connect sending gseq=11 cseq=0 proto=24
2012-05-30 16:50:43.629729 7fe96c663700 20 -- 46.19.94.16:0/1015811 >> 46.19.94.11:6802/11198 pipe(0x7fe960028d80 sd=5 pgs=0 cs=0 l=0).connect wrote (self +) cseq, waiting for reply
2012-05-30 16:50:43.630193 7fe96c663700 20 -- 46.19.94.16:0/1015811 >> 46.19.94.11:6802/11198 pipe(0x7fe960028d80 sd=5 pgs=0 cs=0 l=0).connect got reply tag 1 connect_seq 1 global_seq 11 proto 24 flags 1
2012-05-30 16:50:43.630212 7fe96c663700 10 -- 46.19.94.16:0/1015811 >> 46.19.94.11:6802/11198 pipe(0x7fe960028d80 sd=5 pgs=0 cs=0 l=0).reply.authorizer_len=36
2012-05-30 16:50:43.630237 7fe96c663700 10 -- 46.19.94.16:0/1015811 >> 46.19.94.11:6802/11198 pipe(0x7fe960028d80 sd=5 pgs=11 cs=1 l=1).connect success 1, lossy = 1, features 32767
2012-05-30 16:50:43.630244 7fe96c663700 20 -- 46.19.94.16:0/1015811 >> :/0 pipe(0x20e72b0 sd=-1 pgs=0 cs=0 l=0).queue_received queuing pipe
2012-05-30 16:50:43.630261 7fe96c663700 20 -- 46.19.94.16:0/1015811 >> 46.19.94.11:6802/11198 pipe(0x7fe960028d80 sd=5 pgs=11 cs=1 l=1).connect starting reader
2012-05-30 16:50:43.630271 7fe96f96c700 20 -- 46.19.94.16:0/1015811 dispatch_entry pipe 0x20e72b0 dequeued 0