2012-05-30 16:48:38.283792 7fe972d7c700 10 -- 46.19.94.16:0/1015811 >> 46.19.94.1:6789/0 pipe(0x7fe968001200 sd=4 pgs=269 cs=1 l=1).write_keepalive
2012-05-30 16:48:38.283820 7fe972d7c700 10 -- 46.19.94.16:0/1015811 >> 46.19.94.1:6789/0 pipe(0x7fe968001200 sd=4 pgs=269 cs=1 l=1).writer: state = 2 policy.server=0
2012-05-30 16:48:38.283824 7fe972d7c700 20 -- 46.19.94.16:0/1015811 >> 46.19.94.1:6789/0 pipe(0x7fe968001200 sd=4 pgs=269 cs=1 l=1).writer sleeping
2012-05-30 16:48:40.341467 7fe96d867700 10 client.11895.objecter tick
2012-05-30 16:48:40.341483 7fe96d867700 2 client.11895.objecter tid 1 on osd.2 is laggy
2012-05-30 16:48:40.341486 7fe96d867700 10 client.11895.objecter maybe_request_map subscribing (onetime) to next osd map
2012-05-30 16:48:40.341490 7fe96d867700 1 -- 46.19.94.16:0/1015811 --> 46.19.94.11:6800/9784 -- ping v1 -- ?+0 0x210a450 con 0x20f2940
2012-05-30 16:48:40.341498 7fe96d867700 20 -- 46.19.94.16:0/1015811 submit_message ping v1 remote 46.19.94.11:6800/9784
2012-05-30 16:48:40.341515 7fe96c865700 10 -- 46.19.94.16:0/1015811 >> 46.19.94.11:6800/9784 pipe(0x20f26d0 sd=5 pgs=35 cs=1 l=1).writer: state = 2 policy.server=0
2012-05-30 16:48:40.341543 7fe96c865700 20 -- 46.19.94.16:0/1015811 >> 46.19.94.11:6800/9784 pipe(0x20f26d0 sd=5 pgs=35 cs=1 l=1).writer encoding 24 0x210a450 ping v1
2012-05-30 16:48:40.341548 7fe96c865700 20 -- 46.19.94.16:0/1015811 >> 46.19.94.11:6800/9784 pipe(0x20f26d0 sd=5 pgs=35 cs=1 l=1).writer sending 24 0x210a450
2012-05-30 16:48:40.341552 7fe96c865700 20 -- 46.19.94.16:0/1015811 >> 46.19.94.11:6800/9784 pipe(0x20f26d0 sd=5 pgs=35 cs=1 l=1).write_message 0x210a450
2012-05-30 16:48:40.341570 7fe96c865700 10 -- 46.19.94.16:0/1015811 >> 46.19.94.11:6800/9784 pipe(0x20f26d0 sd=5 pgs=35 cs=1 l=1).writer: state = 2 policy.server=0
2012-05-30 16:48:40.341579 7fe96c865700 20 -- 46.19.94.16:0/1015811 >> 46.19.94.11:6800/9784 pipe(0x20f26d0 sd=5 pgs=35 cs=1 l=1).writer sleeping
2012-05-30 16:48:40.557090 7fe96c764700 20 -- 46.19.94.16:0/1015811 >> 46.19.94.11:6800/9784 pipe(0x20f26d0 sd=5 pgs=35 cs=1 l=1).reader got ACK
2012-05-30 16:48:40.557114 7fe96c764700 15 reader got ack seq 24
2012-05-30 16:48:40.557116 7fe96c764700 20 -- 46.19.94.16:0/1015811 >> 46.19.94.11:6800/9784 pipe(0x20f26d0 sd=5 pgs=35 cs=1 l=1).reader reading tag...
2012-05-30 16:48:45.341591 7fe96d867700 10 client.11895.objecter tick
2012-05-30 16:48:45.341606 7fe96d867700 2 client.11895.objecter tid 1 on osd.2 is laggy
2012-05-30 16:48:45.341609 7fe96d867700 10 client.11895.objecter maybe_request_map subscribing (onetime) to next osd map
2012-05-30 16:48:45.341613 7fe96d867700 1 -- 46.19.94.16:0/1015811 --> 46.19.94.11:6800/9784 -- ping v1 -- ?+0 0x210ac90 con 0x20f2940
2012-05-30 16:48:45.341621 7fe96d867700 20 -- 46.19.94.16:0/1015811 submit_message ping v1 remote 46.19.94.11:6800/9784
2012-05-30 16:48:45.341649 7fe96c865700 10 -- 46.19.94.16:0/1015811 >> 46.19.94.11:6800/9784 pipe(0x20f26d0 sd=5 pgs=35 cs=1 l=1).writer: state = 2 policy.server=0
2012-05-30 16:48:45.341671 7fe96c865700 20 -- 46.19.94.16:0/1015811 >> 46.19.94.11:6800/9784 pipe(0x20f26d0 sd=5 pgs=35 cs=1 l=1).writer encoding 25 0x210ac90 ping v1
2012-05-30 16:48:45.341676 7fe96c865700 20 -- 46.19.94.16:0/1015811 >> 46.19.94.11:6800/9784 pipe(0x20f26d0 sd=5 pgs=35 cs=1 l=1).writer sending 25 0x210ac90
2012-05-30 16:48:45.341681 7fe96c865700 20 -- 46.19.94.16:0/1015811 >> 46.19.94.11:6800/9784 pipe(0x20f26d0 sd=5 pgs=35 cs=1 l=1).write_message 0x210ac90
2012-05-30 16:48:45.341708 7fe96c865700 10 -- 46.19.94.16:0/1015811 >> 46.19.94.11:6800/9784 pipe(0x20f26d0 sd=5 pgs=35 cs=1 l=1).writer: state = 2 policy.server=0
2012-05-30 16:48:45.341721 7fe96c865700 20 -- 46.19.94.16:0/1015811 >> 46.19.94.11:6800/9784 pipe(0x20f26d0 sd=5 pgs=35 cs=1 l=1).writer sleeping
2012-05-30 16:48:45.545149 7fe96c764700 20 -- 46.19.94.16:0/1015811 >> 46.19.94.11:6800/9784 pipe(0x20f26d0 sd=5 pgs=35 cs=1 l=1).reader got ACK
2012-05-30 16:48:45.545173 7fe96c764700 15 reader got ack seq 25
2012-05-30 16:48:45.545175 7fe96c764700 20 -- 46.19.94.16:0/1015811 >> 46.19.94.11:6800/9784 pipe(0x20f26d0 sd=5 pgs=35 cs=1 l=1).reader reading tag...
2012-05-30 16:48:48.283857 7fe96e96a700 20 -- 46.19.94.16:0/1015811 send_keepalive con 0x7fe968001470, have pipe.
2012-05-30 16:48:48.283898 7fe972d7c700 10 -- 46.19.94.16:0/1015811 >> 46.19.94.1:6789/0 pipe(0x7fe968001200 sd=4 pgs=269 cs=1 l=1).writer: state = 2 policy.server=0
2012-05-30 16:48:48.283914 7fe972d7c700 10 -- 46.19.94.16:0/1015811 >> 46.19.94.1:6789/0 pipe(0x7fe968001200 sd=4 pgs=269 cs=1 l=1).write_keepalive
2012-05-30 16:48:48.283939 7fe972d7c700 10 -- 46.19.94.16:0/1015811 >> 46.19.94.1:6789/0 pipe(0x7fe968001200 sd=4 pgs=269 cs=1 l=1).writer: state = 2 policy.server=0
2012-05-30 16:48:48.283944 7fe972d7c700 20 -- 46.19.94.16:0/1015811 >> 46.19.94.1:6789/0 pipe(0x7fe968001200 sd=4 pgs=269 cs=1 l=1).writer sleeping
2012-05-30 16:48:50.341721 7fe96d867700 10 client.11895.objecter tick
2012-05-30 16:48:50.341736 7fe96d867700 2 client.11895.objecter tid 1 on osd.2 is laggy
2012-05-30 16:48:50.341739 7fe96d867700 10 client.11895.objecter maybe_request_map subscribing (onetime) to next osd map
2012-05-30 16:48:50.341743 7fe96d867700 1 -- 46.19.94.16:0/1015811 --> 46.19.94.11:6800/9784 -- ping v1 -- ?+0 0x210b5a0 con 0x20f2940
2012-05-30 16:48:50.341750 7fe96d867700 20 -- 46.19.94.16:0/1015811 submit_message ping v1 remote 46.19.94.11:6800/9784
2012-05-30 16:48:50.341766 7fe96c865700 10 -- 46.19.94.16:0/1015811 >> 46.19.94.11:6800/9784 pipe(0x20f26d0 sd=5 pgs=35 cs=1 l=1).writer: state = 2 policy.server=0
2012-05-30 16:48:50.341784 7fe96c865700 20 -- 46.19.94.16:0/1015811 >> 46.19.94.11:6800/9784 pipe(0x20f26d0 sd=5 pgs=35 cs=1 l=1).writer encoding 26 0x210b5a0 ping v1
2012-05-30 16:48:50.341793 7fe96c865700 20 -- 46.19.94.16:0/1015811 >> 46.19.94.11:6800/9784 pipe(0x20f26d0 sd=5 pgs=35 cs=1 l=1).writer sending 26 0x210b5a0
2012-05-30 16:48:50.341797 7fe96c865700 20 -- 46.19.94.16:0/1015811 >> 46.19.94.11:6800/9784 pipe(0x20f26d0 sd=5 pgs=35 cs=1 l=1).write_message 0x210b5a0
2012-05-30 16:48:50.341819 7fe96c865700 10 -- 46.19.94.16:0/1015811 >> 46.19.94.11:6800/9784 pipe(0x20f26d0 sd=5 pgs=35 cs=1 l=1).writer: state = 2 policy.server=0
2012-05-30 16:48:50.341828 7fe96c865700 20 -- 46.19.94.16:0/1015811 >> 46.19.94.11:6800/9784 pipe(0x20f26d0 sd=5 pgs=35 cs=1 l=1).writer sleeping
2012-05-30 16:48:50.577086 7fe96c764700 20 -- 46.19.94.16:0/1015811 >> 46.19.94.11:6800/9784 pipe(0x20f26d0 sd=5 pgs=35 cs=1 l=1).reader got ACK
2012-05-30 16:48:50.577111 7fe96c764700 15 reader got ack seq 26
2012-05-30 16:48:50.577113 7fe96c764700 20 -- 46.19.94.16:0/1015811 >> 46.19.94.11:6800/9784 pipe(0x20f26d0 sd=5 pgs=35 cs=1 l=1).reader reading tag...
2012-05-30 16:48:55.341844 7fe96d867700 10 client.11895.objecter tick
2012-05-30 16:48:55.341860 7fe96d867700 2 client.11895.objecter tid 1 on osd.2 is laggy
2012-05-30 16:48:55.341863 7fe96d867700 10 client.11895.objecter maybe_request_map subscribing (onetime) to next osd map
2012-05-30 16:48:55.341867 7fe96d867700 1 -- 46.19.94.16:0/1015811 --> 46.19.94.11:6800/9784 -- ping v1 -- ?+0 0x210bde0 con 0x20f2940
2012-05-30 16:48:55.341881 7fe96d867700 20 -- 46.19.94.16:0/1015811 submit_message ping v1 remote 46.19.94.11:6800/9784
2012-05-30 16:48:55.341901 7fe96c865700 10 -- 46.19.94.16:0/1015811 >> 46.19.94.11:6800/9784 pipe(0x20f26d0 sd=5 pgs=35 cs=1 l=1).writer: state = 2 policy.server=0
2012-05-30 16:48:55.341924 7fe96c865700 20 -- 46.19.94.16:0/1015811 >> 46.19.94.11:6800/9784 pipe(0x20f26d0 sd=5 pgs=35 cs=1 l=1).writer encoding 27 0x210bde0 ping v1
2012-05-30 16:48:55.341929 7fe96c865700 20 -- 46.19.94.16:0/1015811 >> 46.19.94.11:6800/9784 pipe(0x20f26d0 sd=5 pgs=35 cs=1 l=1).writer sending 27 0x210bde0
2012-05-30 16:48:55.341933 7fe96c865700 20 -- 46.19.94.16:0/1015811 >> 46.19.94.11:6800/9784 pipe(0x20f26d0 sd=5 pgs=35 cs=1 l=1).write_message 0x210bde0
2012-05-30 16:48:55.341953 7fe96c865700 10 -- 46.19.94.16:0/1015811 >> 46.19.94.11:6800/9784 pipe(0x20f26d0 sd=5 pgs=35 cs=1 l=1).writer: state = 2 policy.server=0
2012-05-30 16:48:55.341962 7fe96c865700 20 -- 46.19.94.16:0/1015811 >> 46.19.94.11:6800/9784 pipe(0x20f26d0 sd=5 pgs=35 cs=1 l=1).writer sleeping
2012-05-30 16:48:55.549096 7fe96c764700 20 -- 46.19.94.16:0/1015811 >> 46.19.94.11:6800/9784 pipe(0x20f26d0 sd=5 pgs=35 cs=1 l=1).reader got ACK
2012-05-30 16:48:55.549135 7fe96c764700 15 reader got ack seq 27
2012-05-30 16:48:55.549137 7fe96c764700 20 -- 46.19.94.16:0/1015811 >> 46.19.94.11:6800/9784 pipe(0x20f26d0 sd=5 pgs=35 cs=1 l=1).reader reading tag...
2012-05-30 16:48:58.283975 7fe96e96a700 20 -- 46.19.94.16:0/1015811 send_keepalive con 0x7fe968001470, have pipe.
2012-05-30 16:48:58.284014 7fe972d7c700 10 -- 46.19.94.16:0/1015811 >> 46.19.94.1:6789/0 pipe(0x7fe968001200 sd=4 pgs=269 cs=1 l=1).writer: state = 2 policy.server=0
2012-05-30 16:48:58.284029 7fe972d7c700 10 -- 46.19.94.16:0/1015811 >> 46.19.94.1:6789/0 pipe(0x7fe968001200 sd=4 pgs=269 cs=1 l=1).write_keepalive
2012-05-30 16:48:58.284059 7fe972d7c700 10 -- 46.19.94.16:0/1015811 >> 46.19.94.1:6789/0 pipe(0x7fe968001200 sd=4 pgs=269 cs=1 l=1).writer: state = 2 policy.server=0
2012-05-30 16:48:58.284064 7fe972d7c700 20 -- 46.19.94.16:0/1015811 >> 46.19.94.1:6789/0 pipe(0x7fe968001200 sd=4 pgs=269 cs=1 l=1).writer sleeping
2012-05-30 16:49:00.341974 7fe96d867700 10 client.11895.objecter tick
2012-05-30 16:49:00.341989 7fe96d867700 2 client.11895.objecter tid 1 on osd.2 is laggy
2012-05-30 16:49:00.341993 7fe96d867700 10 client.11895.objecter maybe_request_map subscribing (onetime) to next osd map
2012-05-30 16:49:00.341997 7fe96d867700 1 -- 46.19.94.16:0/1015811 --> 46.19.94.11:6800/9784 -- ping v1 -- ?+0 0x210c6f0 con 0x20f2940
2012-05-30 16:49:00.342004 7fe96d867700 20 -- 46.19.94.16:0/1015811 submit_message ping v1 remote 46.19.94.11:6800/9784
2012-05-30 16:49:00.342020 7fe96c865700 10 -- 46.19.94.16:0/1015811 >> 46.19.94.11:6800/9784 pipe(0x20f26d0 sd=5 pgs=35 cs=1 l=1).writer: state = 2 policy.server=0
2012-05-30 16:49:00.342049 7fe96c865700 20 -- 46.19.94.16:0/1015811 >> 46.19.94.11:6800/9784 pipe(0x20f26d0 sd=5 pgs=35 cs=1 l=1).writer encoding 28 0x210c6f0 ping v1
2012-05-30 16:49:00.342071 7fe96c865700 20 -- 46.19.94.16:0/1015811 >> 46.19.94.11:6800/9784 pipe(0x20f26d0 sd=5 pgs=35 cs=1 l=1).writer sending 28 0x210c6f0
2012-05-30 16:49:00.342076 7fe96c865700 20 -- 46.19.94.16:0/1015811 >> 46.19.94.11:6800/9784 pipe(0x20f26d0 sd=5 pgs=35 cs=1 l=1).write_message 0x210c6f0
2012-05-30 16:49:00.342092 7fe96c865700 10 -- 46.19.94.16:0/1015811 >> 46.19.94.11:6800/9784 pipe(0x20f26d0 sd=5 pgs=35 cs=1 l=1).writer: state = 2 policy.server=0
2012-05-30 16:49:00.342105 7fe96c865700 20 -- 46.19.94.16:0/1015811 >> 46.19.94.11:6800/9784 pipe(0x20f26d0 sd=5 pgs=35 cs=1 l=1).writer sleeping
2012-05-30 16:49:00.621094 7fe96c764700 20 -- 46.19.94.16:0/1015811 >> 46.19.94.11:6800/9784 pipe(0x20f26d0 sd=5 pgs=35 cs=1 l=1).reader got ACK
2012-05-30 16:49:00.621124 7fe96c764700 15 reader got ack seq 28
2012-05-30 16:49:00.621127 7fe96c764700 20 -- 46.19.94.16:0/1015811 >> 46.19.94.11:6800/9784 pipe(0x20f26d0 sd=5 pgs=35 cs=1 l=1).reader reading tag...
2012-05-30 16:49:05.342097 7fe96d867700 10 client.11895.objecter tick
2012-05-30 16:49:05.342112 7fe96d867700 2 client.11895.objecter tid 1 on osd.2 is laggy
2012-05-30 16:49:05.342115 7fe96d867700 10 client.11895.objecter maybe_request_map subscribing (onetime) to next osd map
2012-05-30 16:49:05.342125 7fe96d867700 1 -- 46.19.94.16:0/1015811 --> 46.19.94.11:6800/9784 -- ping v1 -- ?+0 0x210cf30 con 0x20f2940
2012-05-30 16:49:05.342133 7fe96d867700 20 -- 46.19.94.16:0/1015811 submit_message ping v1 remote 46.19.94.11:6800/9784
2012-05-30 16:49:05.342155 7fe96c865700 10 -- 46.19.94.16:0/1015811 >> 46.19.94.11:6800/9784 pipe(0x20f26d0 sd=5 pgs=35 cs=1 l=1).writer: state = 2 policy.server=0
2012-05-30 16:49:05.342176 7fe96c865700 20 -- 46.19.94.16:0/1015811 >> 46.19.94.11:6800/9784 pipe(0x20f26d0 sd=5 pgs=35 cs=1 l=1).writer encoding 29 0x210cf30 ping v1
2012-05-30 16:49:05.342181 7fe96c865700 20 -- 46.19.94.16:0/1015811 >> 46.19.94.11:6800/9784 pipe(0x20f26d0 sd=5 pgs=35 cs=1 l=1).writer sending 29 0x210cf30
2012-05-30 16:49:05.342185 7fe96c865700 20 -- 46.19.94.16:0/1015811 >> 46.19.94.11:6800/9784 pipe(0x20f26d0 sd=5 pgs=35 cs=1 l=1).write_message 0x210cf30
2012-05-30 16:49:05.342206 7fe96c865700 10 -- 46.19.94.16:0/1015811 >> 46.19.94.11:6800/9784 pipe(0x20f26d0 sd=5 pgs=35 cs=1 l=1).writer: state = 2 policy.server=0
2012-05-30 16:49:05.342215 7fe96c865700 20 -- 46.19.94.16:0/1015811 >> 46.19.94.11:6800/9784 pipe(0x20f26d0 sd=5 pgs=35 cs=1 l=1).writer sleeping
2012-05-30 16:49:05.633094 7fe96c764700 20 -- 46.19.94.16:0/1015811 >> 46.19.94.11:6800/9784 pipe(0x20f26d0 sd=5 pgs=35 cs=1 l=1).reader got ACK
2012-05-30 16:49:05.633141 7fe96c764700 15 reader got ack seq 29
2012-05-30 16:49:05.633143 7fe96c764700 20 -- 46.19.94.16:0/1015811 >> 46.19.94.11:6800/9784 pipe(0x20f26d0 sd=5 pgs=35 cs=1 l=1).reader reading tag...
2012-05-30 16:49:08.284094 7fe96e96a700 20 -- 46.19.94.16:0/1015811 send_keepalive con 0x7fe968001470, have pipe.
2012-05-30 16:49:08.284134 7fe972d7c700 10 -- 46.19.94.16:0/1015811 >> 46.19.94.1:6789/0 pipe(0x7fe968001200 sd=4 pgs=269 cs=1 l=1).writer: state = 2 policy.server=0
2012-05-30 16:49:08.284148 7fe972d7c700 10 -- 46.19.94.16:0/1015811 >> 46.19.94.1:6789/0 pipe(0x7fe968001200 sd=4 pgs=269 cs=1 l=1).write_keepalive
2012-05-30 16:49:08.284185 7fe972d7c700 10 -- 46.19.94.16:0/1015811 >> 46.19.94.1:6789/0 pipe(0x7fe968001200 sd=4 pgs=269 cs=1 l=1).writer: state = 2 policy.server=0
2012-05-30 16:49:08.284190 7fe972d7c700 20 -- 46.19.94.16:0/1015811 >> 46.19.94.1:6789/0 pipe(0x7fe968001200 sd=4 pgs=269 cs=1 l=1).writer sleeping
2012-05-30 16:49:10.342225 7fe96d867700 10 client.11895.objecter tick
2012-05-30 16:49:10.342240 7fe96d867700 2 client.11895.objecter tid 1 on osd.2 is laggy
2012-05-30 16:49:10.342244 7fe96d867700 10 client.11895.objecter maybe_request_map subscribing (onetime) to next osd map
2012-05-30 16:49:10.342247 7fe96d867700 1 -- 46.19.94.16:0/1015811 --> 46.19.94.11:6800/9784 -- ping v1 -- ?+0 0x210d840 con 0x20f2940
2012-05-30 16:49:10.342255 7fe96d867700 20 -- 46.19.94.16:0/1015811 submit_message ping v1 remote 46.19.94.11:6800/9784
2012-05-30 16:49:10.342271 7fe96c865700 10 -- 46.19.94.16:0/1015811 >> 46.19.94.11:6800/9784 pipe(0x20f26d0 sd=5 pgs=35 cs=1 l=1).writer: state = 2 policy.server=0
2012-05-30 16:49:10.342288 7fe96c865700 20 -- 46.19.94.16:0/1015811 >> 46.19.94.11:6800/9784 pipe(0x20f26d0 sd=5 pgs=35 cs=1 l=1).writer encoding 30 0x210d840 ping v1
2012-05-30 16:49:10.342297 7fe96c865700 20 -- 46.19.94.16:0/1015811 >> 46.19.94.11:6800/9784 pipe(0x20f26d0 sd=5 pgs=35 cs=1 l=1).writer sending 30 0x210d840
2012-05-30 16:49:10.342302 7fe96c865700 20 -- 46.19.94.16:0/1015811 >> 46.19.94.11:6800/9784 pipe(0x20f26d0 sd=5 pgs=35 cs=1 l=1).write_message 0x210d840
2012-05-30 16:49:10.342324 7fe96c865700 10 -- 46.19.94.16:0/1015811 >> 46.19.94.11:6800/9784 pipe(0x20f26d0 sd=5 pgs=35 cs=1 l=1).writer: state = 2 policy.server=0
2012-05-30 16:49:10.342332 7fe96c865700 20 -- 46.19.94.16:0/1015811 >> 46.19.94.11:6800/9784 pipe(0x20f26d0 sd=5 pgs=35 cs=1 l=1).writer sleeping
2012-05-30 16:49:10.569202 7fe96c764700 20 -- 46.19.94.16:0/1015811 >> 46.19.94.11:6800/9784 pipe(0x20f26d0 sd=5 pgs=35 cs=1 l=1).reader got ACK
2012-05-30 16:49:10.569226 7fe96c764700 15 reader got ack seq 30
2012-05-30 16:49:10.569227 7fe96c764700 20 -- 46.19.94.16:0/1015811 >> 46.19.94.11:6800/9784 pipe(0x20f26d0 sd=5 pgs=35 cs=1 l=1).reader reading tag...
2012-05-30 16:49:15.342347 7fe96d867700 10 client.11895.objecter tick
2012-05-30 16:49:15.342362 7fe96d867700 2 client.11895.objecter tid 1 on osd.2 is laggy
2012-05-30 16:49:15.342366 7fe96d867700 10 client.11895.objecter maybe_request_map subscribing (onetime) to next osd map
2012-05-30 16:49:15.342376 7fe96d867700 1 -- 46.19.94.16:0/1015811 --> 46.19.94.11:6800/9784 -- ping v1 -- ?+0 0x210e080 con 0x20f2940
2012-05-30 16:49:15.342384 7fe96d867700 20 -- 46.19.94.16:0/1015811 submit_message ping v1 remote 46.19.94.11:6800/9784
2012-05-30 16:49:15.342405 7fe96c865700 10 -- 46.19.94.16:0/1015811 >> 46.19.94.11:6800/9784 pipe(0x20f26d0 sd=5 pgs=35 cs=1 l=1).writer: state = 2 policy.server=0
2012-05-30 16:49:15.342427 7fe96c865700 20 -- 46.19.94.16:0/1015811 >> 46.19.94.11:6800/9784 pipe(0x20f26d0 sd=5 pgs=35 cs=1 l=1).writer encoding 31 0x210e080 ping v1
2012-05-30 16:49:15.342433 7fe96c865700 20 -- 46.19.94.16:0/1015811 >> 46.19.94.11:6800/9784 pipe(0x20f26d0 sd=5 pgs=35 cs=1 l=1).writer sending 31 0x210e080
2012-05-30 16:49:15.342437 7fe96c865700 20 -- 46.19.94.16:0/1015811 >> 46.19.94.11:6800/9784 pipe(0x20f26d0 sd=5 pgs=35 cs=1 l=1).write_message 0x210e080
2012-05-30 16:49:15.342454 7fe96c865700 10 -- 46.19.94.16:0/1015811 >> 46.19.94.11:6800/9784 pipe(0x20f26d0 sd=5 pgs=35 cs=1 l=1).writer: state = 2 policy.server=0
2012-05-30 16:49:15.342470 7fe96c865700 20 -- 46.19.94.16:0/1015811 >> 46.19.94.11:6800/9784 pipe(0x20f26d0 sd=5 pgs=35 cs=1 l=1).writer sleeping
2012-05-30 16:49:15.593096 7fe96c764700 20 -- 46.19.94.16:0/1015811 >> 46.19.94.11:6800/9784 pipe(0x20f26d0 sd=5 pgs=35 cs=1 l=1).reader got ACK
2012-05-30 16:49:15.593126 7fe96c764700 15 reader got ack seq 31
2012-05-30 16:49:15.593128 7fe96c764700 20 -- 46.19.94.16:0/1015811 >> 46.19.94.11:6800/9784 pipe(0x20f26d0 sd=5 pgs=35 cs=1 l=1).reader reading tag...
2012-05-30 16:49:18.284214 7fe96e96a700 20 -- 46.19.94.16:0/1015811 send_keepalive con 0x7fe968001470, have pipe.
2012-05-30 16:49:18.284254 7fe972d7c700 10 -- 46.19.94.16:0/1015811 >> 46.19.94.1:6789/0 pipe(0x7fe968001200 sd=4 pgs=269 cs=1 l=1).writer: state = 2 policy.server=0
2012-05-30 16:49:18.284268 7fe972d7c700 10 -- 46.19.94.16:0/1015811 >> 46.19.94.1:6789/0 pipe(0x7fe968001200 sd=4 pgs=269 cs=1 l=1).write_keepalive
2012-05-30 16:49:18.284291 7fe972d7c700 10 -- 46.19.94.16:0/1015811 >> 46.19.94.1:6789/0 pipe(0x7fe968001200 sd=4 pgs=269 cs=1 l=1).writer: state = 2 policy.server=0
2012-05-30 16:49:18.284295 7fe972d7c700 20 -- 46.19.94.16:0/1015811 >> 46.19.94.1:6789/0 pipe(0x7fe968001200 sd=4 pgs=269 cs=1 l=1).writer sleeping
2012-05-30 16:49:20.342477 7fe96d867700 10 client.11895.objecter tick
2012-05-30 16:49:20.342492 7fe96d867700 2 client.11895.objecter tid 1 on osd.2 is laggy
2012-05-30 16:49:20.342495 7fe96d867700 10 client.11895.objecter maybe_request_map subscribing (onetime) to next osd map
2012-05-30 16:49:20.342499 7fe96d867700 1 -- 46.19.94.16:0/1015811 --> 46.19.94.11:6800/9784 -- ping v1 -- ?+0 0x210e990 con 0x20f2940
2012-05-30 16:49:20.342507 7fe96d867700 20 -- 46.19.94.16:0/1015811 submit_message ping v1 remote 46.19.94.11:6800/9784
2012-05-30 16:49:20.342523 7fe96c865700 10 -- 46.19.94.16:0/1015811 >> 46.19.94.11:6800/9784 pipe(0x20f26d0 sd=5 pgs=35 cs=1 l=1).writer: state = 2 policy.server=0
2012-05-30 16:49:20.342551 7fe96c865700 20 -- 46.19.94.16:0/1015811 >> 46.19.94.11:6800/9784 pipe(0x20f26d0 sd=5 pgs=35 cs=1 l=1).writer encoding 32 0x210e990 ping v1
2012-05-30 16:49:20.342556 7fe96c865700 20 -- 46.19.94.16:0/1015811 >> 46.19.94.11:6800/9784 pipe(0x20f26d0 sd=5 pgs=35 cs=1 l=1).writer sending 32 0x210e990
2012-05-30 16:49:20.342561 7fe96c865700 20 -- 46.19.94.16:0/1015811 >> 46.19.94.11:6800/9784 pipe(0x20f26d0 sd=5 pgs=35 cs=1 l=1).write_message 0x210e990
2012-05-30 16:49:20.342579 7fe96c865700 10 -- 46.19.94.16:0/1015811 >> 46.19.94.11:6800/9784 pipe(0x20f26d0 sd=5 pgs=35 cs=1 l=1).writer: state = 2 policy.server=0
2012-05-30 16:49:20.342588 7fe96c865700 20 -- 46.19.94.16:0/1015811 >> 46.19.94.11:6800/9784 pipe(0x20f26d0 sd=5 pgs=35 cs=1 l=1).writer sleeping
2012-05-30 16:49:20.545088 7fe96c764700 20 -- 46.19.94.16:0/1015811 >> 46.19.94.11:6800/9784 pipe(0x20f26d0 sd=5 pgs=35 cs=1 l=1).reader got ACK
2012-05-30 16:49:20.545112 7fe96c764700 15 reader got ack seq 32
2012-05-30 16:49:20.545114 7fe96c764700 20 -- 46.19.94.16:0/1015811 >> 46.19.94.11:6800/9784 pipe(0x20f26d0 sd=5 pgs=35 cs=1 l=1).reader reading tag...
2012-05-30 16:49:25.342599 7fe96d867700 10 client.11895.objecter tick
2012-05-30 16:49:25.342621 7fe96d867700 2 client.11895.objecter tid 1 on osd.2 is laggy
2012-05-30 16:49:25.342624 7fe96d867700 10 client.11895.objecter maybe_request_map subscribing (onetime) to next osd map
2012-05-30 16:49:25.342628 7fe96d867700 1 -- 46.19.94.16:0/1015811 --> 46.19.94.11:6800/9784 -- ping v1 -- ?+0 0x210f1d0 con 0x20f2940
2012-05-30 16:49:25.342635 7fe96d867700 20 -- 46.19.94.16:0/1015811 submit_message ping v1 remote 46.19.94.11:6800/9784
2012-05-30 16:49:25.342651 7fe96c865700 10 -- 46.19.94.16:0/1015811 >> 46.19.94.11:6800/9784 pipe(0x20f26d0 sd=5 pgs=35 cs=1 l=1).writer: state = 2 policy.server=0
2012-05-30 16:49:25.342686 7fe96c865700 20 -- 46.19.94.16:0/1015811 >> 46.19.94.11:6800/9784 pipe(0x20f26d0 sd=5 pgs=35 cs=1 l=1).writer encoding 33 0x210f1d0 ping v1
2012-05-30 16:49:25.342691 7fe96c865700 20 -- 46.19.94.16:0/1015811 >> 46.19.94.11:6800/9784 pipe(0x20f26d0 sd=5 pgs=35 cs=1 l=1).writer sending 33 0x210f1d0
2012-05-30 16:49:25.342695 7fe96c865700 20 -- 46.19.94.16:0/1015811 >> 46.19.94.11:6800/9784 pipe(0x20f26d0 sd=5 pgs=35 cs=1 l=1).write_message 0x210f1d0
2012-05-30 16:49:25.342712 7fe96c865700 10 -- 46.19.94.16:0/1015811 >> 46.19.94.11:6800/9784 pipe(0x20f26d0 sd=5 pgs=35 cs=1 l=1).writer: state = 2 policy.server=0
2012-05-30 16:49:25.342721 7fe96c865700 20 -- 46.19.94.16:0/1015811 >> 46.19.94.11:6800/9784 pipe(0x20f26d0 sd=5 pgs=35 cs=1 l=1).writer sleeping
2012-05-30 16:49:25.545087 7fe96c764700 20 -- 46.19.94.16:0/1015811 >> 46.19.94.11:6800/9784 pipe(0x20f26d0 sd=5 pgs=35 cs=1 l=1).reader got ACK
2012-05-30 16:49:25.545113 7fe96c764700 15 reader got ack seq 33
2012-05-30 16:49:25.545115 7fe96c764700 20 -- 46.19.94.16:0/1015811 >> 46.19.94.11:6800/9784 pipe(0x20f26d0 sd=5 pgs=35 cs=1 l=1).reader reading tag...
2012-05-30 16:49:28.284335 7fe96e96a700 1 -- 46.19.94.16:0/1015811 --> 46.19.94.1:6789/0 -- mon_subscribe({monmap=9+,osdmap=6925}) v2 -- ?+0 0x210f7a0 con 0x7fe968001470
2012-05-30 16:49:28.284360 7fe96e96a700 20 -- 46.19.94.16:0/1015811 submit_message mon_subscribe({monmap=9+,osdmap=6925}) v2 remote 46.19.94.1:6789/0
2012-05-30 16:49:28.284374 7fe96e96a700 20 -- 46.19.94.16:0/1015811 send_keepalive con 0x7fe968001470, have pipe.
2012-05-30 16:49:28.284385 7fe972d7c700 10 -- 46.19.94.16:0/1015811 >> 46.19.94.1:6789/0 pipe(0x7fe968001200 sd=4 pgs=269 cs=1 l=1).writer: state = 2 policy.server=0
2012-05-30 16:49:28.284405 7fe972d7c700 10 -- 46.19.94.16:0/1015811 >> 46.19.94.1:6789/0 pipe(0x7fe968001200 sd=4 pgs=269 cs=1 l=1).write_keepalive
2012-05-30 16:49:28.284427 7fe972d7c700 20 -- 46.19.94.16:0/1015811 >> 46.19.94.1:6789/0 pipe(0x7fe968001200 sd=4 pgs=269 cs=1 l=1).writer encoding 8 0x210f7a0 mon_subscribe({monmap=9+,osdmap=6925}) v2
2012-05-30 16:49:28.284450 7fe972d7c700 20 -- 46.19.94.16:0/1015811 >> 46.19.94.1:6789/0 pipe(0x7fe968001200 sd=4 pgs=269 cs=1 l=1).writer sending 8 0x210f7a0
2012-05-30 16:49:28.284455 7fe972d7c700 20 -- 46.19.94.16:0/1015811 >> 46.19.94.1:6789/0 pipe(0x7fe968001200 sd=4 pgs=269 cs=1 l=1).write_message 0x210f7a0
2012-05-30 16:49:28.284468 7fe972d7c700 10 -- 46.19.94.16:0/1015811 >> 46.19.94.1:6789/0 pipe(0x7fe968001200 sd=4 pgs=269 cs=1 l=1).writer: state = 2 policy.server=0
2012-05-30 16:49:28.284473 7fe972d7c700 20 -- 46.19.94.16:0/1015811 >> 46.19.94.1:6789/0 pipe(0x7fe968001200 sd=4 pgs=269 cs=1 l=1).writer sleeping
2012-05-30 16:49:28.284995 7fe96d968700 20 -- 46.19.94.16:0/1015811 >> 46.19.94.1:6789/0 pipe(0x7fe968001200 sd=4 pgs=269 cs=1 l=1).reader got ACK
2012-05-30 16:49:28.285017 7fe96d968700 15 reader got ack seq 8
2012-05-30 16:49:28.285019 7fe96d968700 20 -- 46.19.94.16:0/1015811 >> 46.19.94.1:6789/0 pipe(0x7fe968001200 sd=4 pgs=269 cs=1 l=1).reader reading tag...
2012-05-30 16:49:28.285025 7fe96d968700 20 -- 46.19.94.16:0/1015811 >> 46.19.94.1:6789/0 pipe(0x7fe968001200 sd=4 pgs=269 cs=1 l=1).reader got MSG
2012-05-30 16:49:28.285032 7fe96d968700 20 -- 46.19.94.16:0/1015811 >> 46.19.94.1:6789/0 pipe(0x7fe968001200 sd=4 pgs=269 cs=1 l=1).reader got envelope type=16 src mon.0 front=20 data=0 off 0
2012-05-30 16:49:28.285038 7fe96d968700 10 -- 46.19.94.16:0/1015811 >> 46.19.94.1:6789/0 pipe(0x7fe968001200 sd=4 pgs=269 cs=1 l=1).reader wants 20 from dispatch throttler 0/104857600
2012-05-30 16:49:28.285047 7fe96d968700 20 -- 46.19.94.16:0/1015811 >> 46.19.94.1:6789/0 pipe(0x7fe968001200 sd=4 pgs=269 cs=1 l=1).reader got front 20
2012-05-30 16:49:28.285054 7fe96d968700 10 -- 46.19.94.16:0/1015811 >> 46.19.94.1:6789/0 pipe(0x7fe968001200 sd=4 pgs=269 cs=1 l=1).aborted = 0
2012-05-30 16:49:28.285058 7fe96d968700 20 -- 46.19.94.16:0/1015811 >> 46.19.94.1:6789/0 pipe(0x7fe968001200 sd=4 pgs=269 cs=1 l=1).reader got 20 + 0 + 0 byte message
2012-05-30 16:49:28.285077 7fe96d968700 10 -- 46.19.94.16:0/1015811 >> 46.19.94.1:6789/0 pipe(0x7fe968001200 sd=4 pgs=269 cs=1 l=1).reader got message 12 0x7fe96001ac00 mon_subscribe_ack(300s) v1
2012-05-30 16:49:28.285084 7fe96d968700 20 -- 46.19.94.16:0/1015811 >> 46.19.94.1:6789/0 pipe(0x7fe968001200 sd=4 pgs=269 cs=1 l=1).queue_received queuing pipe
2012-05-30 16:49:28.285105 7fe96d968700 20 -- 46.19.94.16:0/1015811 >> 46.19.94.1:6789/0 pipe(0x7fe968001200 sd=4 pgs=269 cs=1 l=1).reader reading tag...
2012-05-30 16:49:28.285108 7fe972d7c700 10 -- 46.19.94.16:0/1015811 >> 46.19.94.1:6789/0 pipe(0x7fe968001200 sd=4 pgs=269 cs=1 l=1).writer: state = 2 policy.server=0
2012-05-30 16:49:28.285146 7fe972d7c700 10 -- 46.19.94.16:0/1015811 >> 46.19.94.1:6789/0 pipe(0x7fe968001200 sd=4 pgs=269 cs=1 l=1).write_ack 12
2012-05-30 16:49:28.285152 7fe96f96c700 20 -- 46.19.94.16:0/1015811 dispatch_entry pipe 0x7fe968001200 dequeued 0x7fe96001ac00
2012-05-30 16:49:28.285175 7fe972d7c700 10 -- 46.19.94.16:0/1015811 >> 46.19.94.1:6789/0 pipe(0x7fe968001200 sd=4 pgs=269 cs=1 l=1).writer: state = 2 policy.server=0
2012-05-30 16:49:28.285172 7fe96f96c700 1 -- 46.19.94.16:0/1015811 <== mon.0 46.19.94.1:6789/0 12 ==== mon_subscribe_ack(300s) v1 ==== 20+0+0 (496062740 0 0) 0x7fe96001ac00 con 0x7fe968001470
2012-05-30 16:49:28.285181 7fe972d7c700 20 -- 46.19.94.16:0/1015811 >> 46.19.94.1:6789/0 pipe(0x7fe968001200 sd=4 pgs=269 cs=1 l=1).writer sleeping
2012-05-30 16:49:28.285186 7fe96f96c700 10 -- 46.19.94.16:0/1015811 dispatch_throttle_release 20 to dispatch throttler 20/104857600
2012-05-30 16:49:28.285192 7fe96f96c700 20 -- 46.19.94.16:0/1015811 done calling dispatch on 0x7fe96001ac00
2012-05-30 16:49:30.342729 7fe96d867700 10 client.11895.objecter tick
2012-05-30 16:49:30.342744 7fe96d867700 2 client.11895.objecter tid 1 on osd.2 is laggy
2012-05-30 16:49:30.342747 7fe96d867700 10 client.11895.objecter maybe_request_map subscribing (onetime) to next osd map
2012-05-30 16:49:30.342752 7fe96d867700 1 -- 46.19.94.16:0/1015811 --> 46.19.94.11:6800/9784 -- ping v1 -- ?+0 0x21102b0 con 0x20f2940
2012-05-30 16:49:30.342759 7fe96d867700 20 -- 46.19.94.16:0/1015811 submit_message ping v1 remote 46.19.94.11:6800/9784
2012-05-30 16:49:30.342776 7fe96c865700 10 -- 46.19.94.16:0/1015811 >> 46.19.94.11:6800/9784 pipe(0x20f26d0 sd=5 pgs=35 cs=1 l=1).writer: state = 2 policy.server=0
2012-05-30 16:49:30.342804 7fe96c865700 20 -- 46.19.94.16:0/1015811 >> 46.19.94.11:6800/9784 pipe(0x20f26d0 sd=5 pgs=35 cs=1 l=1).writer encoding 34 0x21102b0 ping v1
2012-05-30 16:49:30.342809 7fe96c865700 20 -- 46.19.94.16:0/1015811 >> 46.19.94.11:6800/9784 pipe(0x20f26d0 sd=5 pgs=35 cs=1 l=1).writer sending 34 0x21102b0
2012-05-30 16:49:30.342814 7fe96c865700 20 -- 46.19.94.16:0/1015811 >> 46.19.94.11:6800/9784 pipe(0x20f26d0 sd=5 pgs=35 cs=1 l=1).write_message 0x21102b0
2012-05-30 16:49:30.342832 7fe96c865700 10 -- 46.19.94.16:0/1015811 >> 46.19.94.11:6800/9784 pipe(0x20f26d0 sd=5 pgs=35 cs=1 l=1).writer: state = 2 policy.server=0
2012-05-30 16:49:30.342841 7fe96c865700 20 -- 46.19.94.16:0/1015811 >> 46.19.94.11:6800/9784 pipe(0x20f26d0 sd=5 pgs=35 cs=1 l=1).writer sleeping
2012-05-30 16:49:30.565126 7fe96c764700 20 -- 46.19.94.16:0/1015811 >> 46.19.94.11:6800/9784 pipe(0x20f26d0 sd=5 pgs=35 cs=1 l=1).reader got ACK
2012-05-30 16:49:30.565150 7fe96c764700 15 reader got ack seq 34
2012-05-30 16:49:30.565152 7fe96c764700 20 -- 46.19.94.16:0/1015811 >> 46.19.94.11:6800/9784 pipe(0x20f26d0 sd=5 pgs=35 cs=1 l=1).reader reading tag...
2012-05-30 16:49:35.342853 7fe96d867700 10 client.11895.objecter tick
2012-05-30 16:49:35.342869 7fe96d867700 2 client.11895.objecter tid 1 on osd.2 is laggy
2012-05-30 16:49:35.342872 7fe96d867700 10 client.11895.objecter maybe_request_map subscribing (onetime) to next osd map
2012-05-30 16:49:35.342876 7fe96d867700 1 -- 46.19.94.16:0/1015811 --> 46.19.94.11:6800/9784 -- ping v1 -- ?+0 0x2110af0 con 0x20f2940
2012-05-30 16:49:35.342884 7fe96d867700 20 -- 46.19.94.16:0/1015811 submit_message ping v1 remote 46.19.94.11:6800/9784
2012-05-30 16:49:35.342900 7fe96c865700 10 -- 46.19.94.16:0/1015811 >> 46.19.94.11:6800/9784 pipe(0x20f26d0 sd=5 pgs=35 cs=1 l=1).writer: state = 2 policy.server=0
2012-05-30 16:49:35.342928 7fe96c865700 20 -- 46.19.94.16:0/1015811 >> 46.19.94.11:6800/9784 pipe(0x20f26d0 sd=5 pgs=35 cs=1 l=1).writer encoding 35 0x2110af0 ping v1
2012-05-30 16:49:35.342933 7fe96c865700 20 -- 46.19.94.16:0/1015811 >> 46.19.94.11:6800/9784 pipe(0x20f26d0 sd=5 pgs=35 cs=1 l=1).writer sending 35 0x2110af0
2012-05-30 16:49:35.342951 7fe96c865700 20 -- 46.19.94.16:0/1015811 >> 46.19.94.11:6800/9784 pipe(0x20f26d0 sd=5 pgs=35 cs=1 l=1).write_message 0x2110af0
2012-05-30 16:49:35.342968 7fe96c865700 10 -- 46.19.94.16:0/1015811 >> 46.19.94.11:6800/9784 pipe(0x20f26d0 sd=5 pgs=35 cs=1 l=1).writer: state = 2 policy.server=0
2012-05-30 16:49:35.343380 7fe96c865700 20 -- 46.19.94.16:0/1015811 >> 46.19.94.11:6800/9784 pipe(0x20f26d0 sd=5 pgs=35 cs=1 l=1).writer sleeping
2012-05-30 16:49:35.609087 7fe96c764700 20 -- 46.19.94.16:0/1015811 >> 46.19.94.11:6800/9784 pipe(0x20f26d0 sd=5 pgs=35 cs=1 l=1).reader got ACK
2012-05-30 16:49:35.609111 7fe96c764700 15 reader got ack seq 35
2012-05-30 16:49:35.609113 7fe96c764700 20 -- 46.19.94.16:0/1015811 >> 46.19.94.11:6800/9784 pipe(0x20f26d0 sd=5 pgs=35 cs=1 l=1).reader reading tag...
2012-05-30 16:49:38.284468 7fe96e96a700 20 -- 46.19.94.16:0/1015811 send_keepalive con 0x7fe968001470, have pipe.
2012-05-30 16:49:38.284508 7fe972d7c700 10 -- 46.19.94.16:0/1015811 >> 46.19.94.1:6789/0 pipe(0x7fe968001200 sd=4 pgs=269 cs=1 l=1).writer: state = 2 policy.server=0
2012-05-30 16:49:38.284522 7fe972d7c700 10 -- 46.19.94.16:0/1015811 >> 46.19.94.1:6789/0 pipe(0x7fe968001200 sd=4 pgs=269 cs=1 l=1).write_keepalive
2012-05-30 16:49:38.284551 7fe972d7c700 10 -- 46.19.94.16:0/1015811 >> 46.19.94.1:6789/0 pipe(0x7fe968001200 sd=4 pgs=269 cs=1 l=1).writer: state = 2 policy.server=0
2012-05-30 16:49:38.284555 7fe972d7c700 20 -- 46.19.94.16:0/1015811 >> 46.19.94.1:6789/0 pipe(0x7fe968001200 sd=4 pgs=269 cs=1 l=1).writer sleeping
2012-05-30 16:49:40.342977 7fe96d867700 10 client.11895.objecter tick
2012-05-30 16:49:40.342992 7fe96d867700 2 client.11895.objecter tid 1 on osd.2 is laggy
2012-05-30 16:49:40.342996 7fe96d867700 10 client.11895.objecter maybe_request_map subscribing (onetime) to next osd map
2012-05-30 16:49:40.343000 7fe96d867700 1 -- 46.19.94.16:0/1015811 --> 46.19.94.11:6800/9784 -- ping v1 -- ?+0 0x2111400 con 0x20f2940
2012-05-30 16:49:40.343007 7fe96d867700 20 -- 46.19.94.16:0/1015811 submit_message ping v1 remote 46.19.94.11:6800/9784
2012-05-30 16:49:40.343024 7fe96c865700 10 -- 46.19.94.16:0/1015811 >> 46.19.94.11:6800/9784 pipe(0x20f26d0 sd=5 pgs=35 cs=1 l=1).writer: state = 2 policy.server=0
2012-05-30 16:49:40.343051 7fe96c865700 20 -- 46.19.94.16:0/1015811 >> 46.19.94.11:6800/9784 pipe(0x20f26d0 sd=5 pgs=35 cs=1 l=1).writer encoding 36 0x2111400 ping v1
2012-05-30 16:49:40.343057 7fe96c865700 20 -- 46.19.94.16:0/1015811 >> 46.19.94.11:6800/9784 pipe(0x20f26d0 sd=5 pgs=35 cs=1 l=1).writer sending 36 0x2111400
2012-05-30 16:49:40.343061 7fe96c865700 20 -- 46.19.94.16:0/1015811 >> 46.19.94.11:6800/9784 pipe(0x20f26d0 sd=5 pgs=35 cs=1 l=1).write_message 0x2111400
2012-05-30 16:49:40.343079 7fe96c865700 10 -- 46.19.94.16:0/1015811 >> 46.19.94.11:6800/9784 pipe(0x20f26d0 sd=5 pgs=35 cs=1 l=1).writer: state = 2 policy.server=0
2012-05-30 16:49:40.343095 7fe96c865700 20 -- 46.19.94.16:0/1015811 >> 46.19.94.11:6800/9784 pipe(0x20f26d0 sd=5 pgs=35 cs=1 l=1).writer sleeping
2012-05-30 16:49:40.605092 7fe96c764700 20 -- 46.19.94.16:0/1015811 >> 46.19.94.11:6800/9784 pipe(0x20f26d0 sd=5 pgs=35 cs=1 l=1).reader got ACK
2012-05-30 16:49:40.605116 7fe96c764700 15 reader got ack seq 36
2012-05-30 16:49:40.605118 7fe96c764700 20 -- 46.19.94.16:0/1015811 >> 46.19.94.11:6800/9784 pipe(0x20f26d0 sd=5 pgs=35 cs=1 l=1).reader reading tag...
2012-05-30 16:49:45.343100 7fe96d867700 10 client.11895.objecter tick
2012-05-30 16:49:45.343116 7fe96d867700 2 client.11895.objecter tid 1 on osd.2 is laggy
2012-05-30 16:49:45.343119 7fe96d867700 10 client.11895.objecter maybe_request_map subscribing (onetime) to next osd map
2012-05-30 16:49:45.343123 7fe96d867700 1 -- 46.19.94.16:0/1015811 --> 46.19.94.11:6800/9784 -- ping v1 -- ?+0 0x2111c40 con 0x20f2940
2012-05-30 16:49:45.343131 7fe96d867700 20 -- 46.19.94.16:0/1015811 submit_message ping v1 remote 46.19.94.11:6800/9784
2012-05-30 16:49:45.343147 7fe96c865700 10 -- 46.19.94.16:0/1015811 >> 46.19.94.11:6800/9784 pipe(0x20f26d0 sd=5 pgs=35 cs=1 l=1).writer: state = 2 policy.server=0
2012-05-30 16:49:45.343175 7fe96c865700 20 -- 46.19.94.16:0/1015811 >> 46.19.94.11:6800/9784 pipe(0x20f26d0 sd=5 pgs=35 cs=1 l=1).writer encoding 37 0x2111c40 ping v1
2012-05-30 16:49:45.343179 7fe96c865700 20 -- 46.19.94.16:0/1015811 >> 46.19.94.11:6800/9784 pipe(0x20f26d0 sd=5 pgs=35 cs=1 l=1).writer sending 37 0x2111c40
2012-05-30 16:49:45.343184 7fe96c865700 20 -- 46.19.94.16:0/1015811 >> 46.19.94.11:6800/9784 pipe(0x20f26d0 sd=5 pgs=35 cs=1 l=1).write_message 0x2111c40
2012-05-30 16:49:45.343207 7fe96c865700 10 -- 46.19.94.16:0/1015811 >> 46.19.94.11:6800/9784 pipe(0x20f26d0 sd=5 pgs=35 cs=1 l=1).writer: state = 2 policy.server=0
2012-05-30 16:49:45.343216 7fe96c865700 20 -- 46.19.94.16:0/1015811 >> 46.19.94.11:6800/9784 pipe(0x20f26d0 sd=5 pgs=35 cs=1 l=1).writer sleeping
2012-05-30 16:49:45.577177 7fe96c764700 20 -- 46.19.94.16:0/1015811 >> 46.19.94.11:6800/9784 pipe(0x20f26d0 sd=5 pgs=35 cs=1 l=1).reader got ACK
2012-05-30 16:49:45.577203 7fe96c764700 15 reader got ack seq 37
2012-05-30 16:49:45.577211 7fe96c764700 20 -- 46.19.94.16:0/1015811 >> 46.19.94.11:6800/9784 pipe(0x20f26d0 sd=5 pgs=35 cs=1 l=1).reader reading tag...
2012-05-30 16:49:48.284586 7fe96e96a700 20 -- 46.19.94.16:0/1015811 send_keepalive con 0x7fe968001470, have pipe.
2012-05-30 16:49:48.284626 7fe972d7c700 10 -- 46.19.94.16:0/1015811 >> 46.19.94.1:6789/0 pipe(0x7fe968001200 sd=4 pgs=269 cs=1 l=1).writer: state = 2 policy.server=0
2012-05-30 16:49:48.284640 7fe972d7c700 10 -- 46.19.94.16:0/1015811 >> 46.19.94.1:6789/0 pipe(0x7fe968001200 sd=4 pgs=269 cs=1 l=1).write_keepalive
2012-05-30 16:49:48.284662 7fe972d7c700 10 -- 46.19.94.16:0/1015811 >> 46.19.94.1:6789/0 pipe(0x7fe968001200 sd=4 pgs=269 cs=1 l=1).writer: state = 2 policy.server=0
2012-05-30 16:49:48.284666 7fe972d7c700 20 -- 46.19.94.16:0/1015811 >> 46.19.94.1:6789/0 pipe(0x7fe968001200 sd=4 pgs=269 cs=1 l=1).writer sleeping
2012-05-30 16:49:50.343223 7fe96d867700 10 client.11895.objecter tick
2012-05-30 16:49:50.343238 7fe96d867700 2 client.11895.objecter tid 1 on osd.2 is laggy
2012-05-30 16:49:50.343242 7fe96d867700 10 client.11895.objecter maybe_request_map subscribing (onetime) to next osd map
2012-05-30 16:49:50.343246 7fe96d867700 1 -- 46.19.94.16:0/1015811 --> 46.19.94.11:6800/9784 -- ping v1 -- ?+0 0x2112550 con 0x20f2940
2012-05-30 16:49:50.343253 7fe96d867700 20 -- 46.19.94.16:0/1015811 submit_message ping v1 remote 46.19.94.11:6800/9784
2012-05-30 16:49:50.343269 7fe96c865700 10 -- 46.19.94.16:0/1015811 >> 46.19.94.11:6800/9784 pipe(0x20f26d0 sd=5 pgs=35 cs=1 l=1).writer: state = 2 policy.server=0
2012-05-30 16:49:50.343304 7fe96c865700 20 -- 46.19.94.16:0/1015811 >> 46.19.94.11:6800/9784 pipe(0x20f26d0 sd=5 pgs=35 cs=1 l=1).writer encoding 38 0x2112550 ping v1
2012-05-30 16:49:50.343314 7fe96c865700 20 -- 46.19.94.16:0/1015811 >> 46.19.94.11:6800/9784 pipe(0x20f26d0 sd=5 pgs=35 cs=1 l=1).writer sending 38 0x2112550
2012-05-30 16:49:50.343319 7fe96c865700 20 -- 46.19.94.16:0/1015811 >> 46.19.94.11:6800/9784 pipe(0x20f26d0 sd=5 pgs=35 cs=1 l=1).write_message 0x2112550
2012-05-30 16:49:50.343336 7fe96c865700 10 -- 46.19.94.16:0/1015811 >> 46.19.94.11:6800/9784 pipe(0x20f26d0 sd=5 pgs=35 cs=1 l=1).writer: state = 2 policy.server=0
2012-05-30 16:49:50.343344 7fe96c865700 20 -- 46.19.94.16:0/1015811 >> 46.19.94.11:6800/9784 pipe(0x20f26d0 sd=5 pgs=35 cs=1 l=1).writer sleeping
2012-05-30 16:49:50.637087 7fe96c764700 20 -- 46.19.94.16:0/1015811 >> 46.19.94.11:6800/9784 pipe(0x20f26d0 sd=5 pgs=35 cs=1 l=1).reader got ACK
2012-05-30 16:49:50.637112 7fe96c764700 15 reader got ack seq 38
2012-05-30 16:49:50.637113 7fe96c764700 20 -- 46.19.94.16:0/1015811 >> 46.19.94.11:6800/9784 pipe(0x20f26d0 sd=5 pgs=35 cs=1 l=1).reader reading tag...
2012-05-30 16:49:55.343347 7fe96d867700 10 client.11895.objecter tick
2012-05-30 16:49:55.343363 7fe96d867700 2 client.11895.objecter tid 1 on osd.2 is laggy
2012-05-30 16:49:55.343366 7fe96d867700 10 client.11895.objecter maybe_request_map subscribing (onetime) to next osd map
2012-05-30 16:49:55.343370 7fe96d867700 1 -- 46.19.94.16:0/1015811 --> 46.19.94.11:6800/9784 -- ping v1 -- ?+0 0x2112d90 con 0x20f2940
2012-05-30 16:49:55.343384 7fe96d867700 20 -- 46.19.94.16:0/1015811 submit_message ping v1 remote 46.19.94.11:6800/9784
2012-05-30 16:49:55.343406 7fe96c865700 10 -- 46.19.94.16:0/1015811 >> 46.19.94.11:6800/9784 pipe(0x20f26d0 sd=5 pgs=35 cs=1 l=1).writer: state = 2 policy.server=0
2012-05-30 16:49:55.343427 7fe96c865700 20 -- 46.19.94.16:0/1015811 >> 46.19.94.11:6800/9784 pipe(0x20f26d0 sd=5 pgs=35 cs=1 l=1).writer encoding 39 0x2112d90 ping v1
2012-05-30 16:49:55.343432 7fe96c865700 20 -- 46.19.94.16:0/1015811 >> 46.19.94.11:6800/9784 pipe(0x20f26d0 sd=5 pgs=35 cs=1 l=1).writer sending 39 0x2112d90
2012-05-30 16:49:55.343441 7fe96c865700 20 -- 46.19.94.16:0/1015811 >> 46.19.94.11:6800/9784 pipe(0x20f26d0 sd=5 pgs=35 cs=1 l=1).write_message 0x2112d90
2012-05-30 16:49:55.343458 7fe96c865700 10 -- 46.19.94.16:0/1015811 >> 46.19.94.11:6800/9784 pipe(0x20f26d0 sd=5 pgs=35 cs=1 l=1).writer: state = 2 policy.server=0
2012-05-30 16:49:55.343467 7fe96c865700 20 -- 46.19.94.16:0/1015811 >> 46.19.94.11:6800/9784 pipe(0x20f26d0 sd=5 pgs=35 cs=1 l=1).writer sleeping
2012-05-30 16:49:55.549079 7fe96c764700 20 -- 46.19.94.16:0/1015811 >> 46.19.94.11:6800/9784 pipe(0x20f26d0 sd=5 pgs=35 cs=1 l=1).reader got ACK
2012-05-30 16:49:55.549103 7fe96c764700 15 reader got ack seq 39
2012-05-30 16:49:55.549105 7fe96c764700 20 -- 46.19.94.16:0/1015811 >> 46.19.94.11:6800/9784 pipe(0x20f26d0 sd=5 pgs=35 cs=1 l=1).reader reading tag...
2012-05-30 16:49:58.284704 7fe96e96a700 20 -- 46.19.94.16:0/1015811 send_keepalive con 0x7fe968001470, have pipe.
2012-05-30 16:49:58.284744 7fe972d7c700 10 -- 46.19.94.16:0/1015811 >> 46.19.94.1:6789/0 pipe(0x7fe968001200 sd=4 pgs=269 cs=1 l=1).writer: state = 2 policy.server=0
2012-05-30 16:49:58.284770 7fe972d7c700 10 -- 46.19.94.16:0/1015811 >> 46.19.94.1:6789/0 pipe(0x7fe968001200 sd=4 pgs=269 cs=1 l=1).write_keepalive
2012-05-30 16:49:58.284792 7fe972d7c700 10 -- 46.19.94.16:0/1015811 >> 46.19.94.1:6789/0 pipe(0x7fe968001200 sd=4 pgs=269 cs=1 l=1).writer: state = 2 policy.server=0
2012-05-30 16:49:58.284797 7fe972d7c700 20 -- 46.19.94.16:0/1015811 >> 46.19.94.1:6789/0 pipe(0x7fe968001200 sd=4 pgs=269 cs=1 l=1).writer sleeping
2012-05-30 16:50:00.343479 7fe96d867700 10 client.11895.objecter tick
2012-05-30 16:50:00.343494 7fe96d867700 2 client.11895.objecter tid 1 on osd.2 is laggy
2012-05-30 16:50:00.343497 7fe96d867700 10 client.11895.objecter maybe_request_map subscribing (onetime) to next osd map
2012-05-30 16:50:00.343501 7fe96d867700 1 -- 46.19.94.16:0/1015811 --> 46.19.94.11:6800/9784 -- ping v1 -- ?+0 0x21136a0 con 0x20f2940
2012-05-30 16:50:00.343508 7fe96d867700 20 -- 46.19.94.16:0/1015811 submit_message ping v1 remote 46.19.94.11:6800/9784
2012-05-30 16:50:00.343525 7fe96c865700 10 -- 46.19.94.16:0/1015811 >> 46.19.94.11:6800/9784 pipe(0x20f26d0 sd=5 pgs=35 cs=1 l=1).writer: state = 2 policy.server=0
2012-05-30 16:50:00.343553 7fe96c865700 20 -- 46.19.94.16:0/1015811 >> 46.19.94.11:6800/9784 pipe(0x20f26d0 sd=5 pgs=35 cs=1 l=1).writer encoding 40 0x21136a0 ping v1
2012-05-30 16:50:00.343558 7fe96c865700 20 -- 46.19.94.16:0/1015811 >> 46.19.94.11:6800/9784 pipe(0x20f26d0 sd=5 pgs=35 cs=1 l=1).writer sending 40 0x21136a0
2012-05-30 16:50:00.343562 7fe96c865700 20 -- 46.19.94.16:0/1015811 >> 46.19.94.11:6800/9784 pipe(0x20f26d0 sd=5 pgs=35 cs=1 l=1).write_message 0x21136a0
2012-05-30 16:50:00.343581 7fe96c865700 10 -- 46.19.94.16:0/1015811 >> 46.19.94.11:6800/9784 pipe(0x20f26d0 sd=5 pgs=35 cs=1 l=1).writer: state = 2 policy.server=0
2012-05-30 16:50:00.343589 7fe96c865700 20 -- 46.19.94.16:0/1015811 >> 46.19.94.11:6800/9784 pipe(0x20f26d0 sd=5 pgs=35 cs=1 l=1).writer sleeping
2012-05-30 16:50:00.549086 7fe96c764700 20 -- 46.19.94.16:0/1015811 >> 46.19.94.11:6800/9784 pipe(0x20f26d0 sd=5 pgs=35 cs=1 l=1).reader got ACK
2012-05-30 16:50:00.549110 7fe96c764700 15 reader got ack seq 40
2012-05-30 16:50:00.549111 7fe96c764700 20 -- 46.19.94.16:0/1015811 >> 46.19.94.11:6800/9784 pipe(0x20f26d0 sd=5 pgs=35 cs=1 l=1).reader reading tag...
2012-05-30 16:50:05.343602 7fe96d867700 10 client.11895.objecter tick
2012-05-30 16:50:05.343618 7fe96d867700 2 client.11895.objecter tid 1 on osd.2 is laggy
2012-05-30 16:50:05.343621 7fe96d867700 10 client.11895.objecter maybe_request_map subscribing (onetime) to next osd map
2012-05-30 16:50:05.343634 7fe96d867700 1 -- 46.19.94.16:0/1015811 --> 46.19.94.11:6800/9784 -- ping v1 -- ?+0 0x2113ee0 con 0x20f2940
2012-05-30 16:50:05.343642 7fe96d867700 20 -- 46.19.94.16:0/1015811 submit_message ping v1 remote 46.19.94.11:6800/9784
2012-05-30 16:50:05.343663 7fe96c865700 10 -- 46.19.94.16:0/1015811 >> 46.19.94.11:6800/9784 pipe(0x20f26d0 sd=5 pgs=35 cs=1 l=1).writer: state = 2 policy.server=0
2012-05-30 16:50:05.343686 7fe96c865700 20 -- 46.19.94.16:0/1015811 >> 46.19.94.11:6800/9784 pipe(0x20f26d0 sd=5 pgs=35 cs=1 l=1).writer encoding 41 0x2113ee0 ping v1
2012-05-30 16:50:05.343691 7fe96c865700 20 -- 46.19.94.16:0/1015811 >> 46.19.94.11:6800/9784 pipe(0x20f26d0 sd=5 pgs=35 cs=1 l=1).writer sending 41 0x2113ee0
2012-05-30 16:50:05.343708 7fe96c865700 20 -- 46.19.94.16:0/1015811 >> 46.19.94.11:6800/9784 pipe(0x20f26d0 sd=5 pgs=35 cs=1 l=1).write_message 0x2113ee0
2012-05-30 16:50:05.343725 7fe96c865700 10 -- 46.19.94.16:0/1015811 >> 46.19.94.11:6800/9784 pipe(0x20f26d0 sd=5 pgs=35 cs=1 l=1).writer: state = 2 policy.server=0
2012-05-30 16:50:05.343739 7fe96c865700 20 -- 46.19.94.16:0/1015811 >> 46.19.94.11:6800/9784 pipe(0x20f26d0 sd=5 pgs=35 cs=1 l=1).writer sleeping
2012-05-30 16:50:05.557126 7fe96c764700 20 -- 46.19.94.16:0/1015811 >> 46.19.94.11:6800/9784 pipe(0x20f26d0 sd=5 pgs=35 cs=1 l=1).reader got ACK
2012-05-30 16:50:05.557151 7fe96c764700 15 reader got ack seq 41
2012-05-30 16:50:05.557153 7fe96c764700 20 -- 46.19.94.16:0/1015811 >> 46.19.94.11:6800/9784 pipe(0x20f26d0 sd=5 pgs=35 cs=1 l=1).reader reading tag...
2012-05-30 16:50:08.284822 7fe96e96a700 20 -- 46.19.94.16:0/1015811 send_keepalive con 0x7fe968001470, have pipe.
2012-05-30 16:50:08.284862 7fe972d7c700 10 -- 46.19.94.16:0/1015811 >> 46.19.94.1:6789/0 pipe(0x7fe968001200 sd=4 pgs=269 cs=1 l=1).writer: state = 2 policy.server=0
2012-05-30 16:50:08.284876 7fe972d7c700 10 -- 46.19.94.16:0/1015811 >> 46.19.94.1:6789/0 pipe(0x7fe968001200 sd=4 pgs=269 cs=1 l=1).write_keepalive
2012-05-30 16:50:08.284904 7fe972d7c700 10 -- 46.19.94.16:0/1015811 >> 46.19.94.1:6789/0 pipe(0x7fe968001200 sd=4 pgs=269 cs=1 l=1).writer: state = 2 policy.server=0
2012-05-30 16:50:08.284908 7fe972d7c700 20 -- 46.19.94.16:0/1015811 >> 46.19.94.1:6789/0 pipe(0x7fe968001200 sd=4 pgs=269 cs=1 l=1).writer sleeping
2012-05-30 16:50:10.343735 7fe96d867700 10 client.11895.objecter tick
2012-05-30 16:50:10.343750 7fe96d867700 2 client.11895.objecter tid 1 on osd.2 is laggy
2012-05-30 16:50:10.343753 7fe96d867700 10 client.11895.objecter maybe_request_map subscribing (onetime) to next osd map
2012-05-30 16:50:10.343757 7fe96d867700 1 -- 46.19.94.16:0/1015811 --> 46.19.94.11:6800/9784 -- ping v1 -- ?+0 0x21147f0 con 0x20f2940
2012-05-30 16:50:10.343764 7fe96d867700 20 -- 46.19.94.16:0/1015811 submit_message ping v1 remote 46.19.94.11:6800/9784
2012-05-30 16:50:10.343780 7fe96c865700 10 -- 46.19.94.16:0/1015811 >> 46.19.94.11:6800/9784 pipe(0x20f26d0 sd=5 pgs=35 cs=1 l=1).writer: state = 2 policy.server=0
2012-05-30 16:50:10.343798 7fe96c865700 20 -- 46.19.94.16:0/1015811 >> 46.19.94.11:6800/9784 pipe(0x20f26d0 sd=5 pgs=35 cs=1 l=1).writer encoding 42 0x21147f0 ping v1
2012-05-30 16:50:10.343807 7fe96c865700 20 -- 46.19.94.16:0/1015811 >> 46.19.94.11:6800/9784 pipe(0x20f26d0 sd=5 pgs=35 cs=1 l=1).writer sending 42 0x21147f0
2012-05-30 16:50:10.343812 7fe96c865700 20 -- 46.19.94.16:0/1015811 >> 46.19.94.11:6800/9784 pipe(0x20f26d0 sd=5 pgs=35 cs=1 l=1).write_message 0x21147f0
2012-05-30 16:50:10.343833 7fe96c865700 10 -- 46.19.94.16:0/1015811 >> 46.19.94.11:6800/9784 pipe(0x20f26d0 sd=5 pgs=35 cs=1 l=1).writer: state = 2 policy.server=0
2012-05-30 16:50:10.343863 7fe96c865700 20 -- 46.19.94.16:0/1015811 >> 46.19.94.11:6800/9784 pipe(0x20f26d0 sd=5 pgs=35 cs=1 l=1).writer sleeping
2012-05-30 16:50:10.581065 7fe96c764700 20 -- 46.19.94.16:0/1015811 >> 46.19.94.11:6800/9784 pipe(0x20f26d0 sd=5 pgs=35 cs=1 l=1).reader got ACK
2012-05-30 16:50:10.581089 7fe96c764700 15 reader got ack seq 42
2012-05-30 16:50:10.581091 7fe96c764700 20 -- 46.19.94.16:0/1015811 >> 46.19.94.11:6800/9784 pipe(0x20f26d0 sd=5 pgs=35 cs=1 l=1).reader reading tag...
2012-05-30 16:50:15.343859 7fe96d867700 10 client.11895.objecter tick
2012-05-30 16:50:15.343876 7fe96d867700 2 client.11895.objecter tid 1 on osd.2 is laggy
2012-05-30 16:50:15.343880 7fe96d867700 10 client.11895.objecter maybe_request_map subscribing (onetime) to next osd map
2012-05-30 16:50:15.343891 7fe96d867700 1 -- 46.19.94.16:0/1015811 --> 46.19.94.11:6800/9784 -- ping v1 -- ?+0 0x2115030 con 0x20f2940
2012-05-30 16:50:15.343899 7fe96d867700 20 -- 46.19.94.16:0/1015811 submit_message ping v1 remote 46.19.94.11:6800/9784
2012-05-30 16:50:15.343920 7fe96c865700 10 -- 46.19.94.16:0/1015811 >> 46.19.94.11:6800/9784 pipe(0x20f26d0 sd=5 pgs=35 cs=1 l=1).writer: state = 2 policy.server=0
2012-05-30 16:50:15.343941 7fe96c865700 20 -- 46.19.94.16:0/1015811 >> 46.19.94.11:6800/9784 pipe(0x20f26d0 sd=5 pgs=35 cs=1 l=1).writer encoding 43 0x2115030 ping v1
2012-05-30 16:50:15.343951 7fe96c865700 20 -- 46.19.94.16:0/1015811 >> 46.19.94.11:6800/9784 pipe(0x20f26d0 sd=5 pgs=35 cs=1 l=1).writer sending 43 0x2115030
2012-05-30 16:50:15.343956 7fe96c865700 20 -- 46.19.94.16:0/1015811 >> 46.19.94.11:6800/9784 pipe(0x20f26d0 sd=5 pgs=35 cs=1 l=1).write_message 0x2115030
2012-05-30 16:50:15.343975 7fe96c865700 10 -- 46.19.94.16:0/1015811 >> 46.19.94.11:6800/9784 pipe(0x20f26d0 sd=5 pgs=35 cs=1 l=1).writer: state = 2 policy.server=0
2012-05-30 16:50:15.343984 7fe96c865700 20 -- 46.19.94.16:0/1015811 >> 46.19.94.11:6800/9784 pipe(0x20f26d0 sd=5 pgs=35 cs=1 l=1).writer sleeping
2012-05-30 16:50:15.645084 7fe96c764700 20 -- 46.19.94.16:0/1015811 >> 46.19.94.11:6800/9784 pipe(0x20f26d0 sd=5 pgs=35 cs=1 l=1).reader got ACK
2012-05-30 16:50:15.645111 7fe96c764700 15 reader got ack seq 43
2012-05-30 16:50:15.645113 7fe96c764700 20 -- 46.19.94.16:0/1015811 >> 46.19.94.11:6800/9784 pipe(0x20f26d0 sd=5 pgs=35 cs=1 l=1).reader reading tag...
2012-05-30 16:50:18.284941 7fe96e96a700 20 -- 46.19.94.16:0/1015811 send_keepalive con 0x7fe968001470, have pipe.
2012-05-30 16:50:18.284982 7fe972d7c700 10 -- 46.19.94.16:0/1015811 >> 46.19.94.1:6789/0 pipe(0x7fe968001200 sd=4 pgs=269 cs=1 l=1).writer: state = 2 policy.server=0
2012-05-30 16:50:18.284999 7fe972d7c700 10 -- 46.19.94.16:0/1015811 >> 46.19.94.1:6789/0 pipe(0x7fe968001200 sd=4 pgs=269 cs=1 l=1).write_keepalive
2012-05-30 16:50:18.285027 7fe972d7c700 10 -- 46.19.94.16:0/1015811 >> 46.19.94.1:6789/0 pipe(0x7fe968001200 sd=4 pgs=269 cs=1 l=1).writer: state = 2 policy.server=0
2012-05-30 16:50:18.285032 7fe972d7c700 20 -- 46.19.94.16:0/1015811 >> 46.19.94.1:6789/0 pipe(0x7fe968001200 sd=4 pgs=269 cs=1 l=1).writer sleeping
2012-05-30 16:50:20.343992 7fe96d867700 10 client.11895.objecter tick
2012-05-30 16:50:20.344008 7fe96d867700 2 client.11895.objecter tid 1 on osd.2 is laggy
2012-05-30 16:50:20.344011 7fe96d867700 10 client.11895.objecter maybe_request_map subscribing (onetime) to next osd map
2012-05-30 16:50:20.344015 7fe96d867700 1 -- 46.19.94.16:0/1015811 --> 46.19.94.11:6800/9784 -- ping v1 -- ?+0 0x2115940 con 0x20f2940
2012-05-30 16:50:20.344022 7fe96d867700 20 -- 46.19.94.16:0/1015811 submit_message ping v1 remote 46.19.94.11:6800/9784
2012-05-30 16:50:20.344039 7fe96c865700 10 -- 46.19.94.16:0/1015811 >> 46.19.94.11:6800/9784 pipe(0x20f26d0 sd=5 pgs=35 cs=1 l=1).writer: state = 2 policy.server=0
2012-05-30 16:50:20.344068 7fe96c865700 20 -- 46.19.94.16:0/1015811 >> 46.19.94.11:6800/9784 pipe(0x20f26d0 sd=5 pgs=35 cs=1 l=1).writer encoding 44 0x2115940 ping v1
2012-05-30 16:50:20.344094 7fe96c865700 20 -- 46.19.94.16:0/1015811 >> 46.19.94.11:6800/9784 pipe(0x20f26 d0 sd=5 pgs=35 cs=1 l=1).writer sending 44 0x2115940
2012-05-30 16:50:20.344098 7fe96c865700 20 -- 46.19.94.16:0/1015811 >> 46.19.94.11:6800/9784 pipe(0x20f26d0 sd=5 pgs=35 cs=1 l=1).write_message 0x2115940
