2012-05-30 16:46:50.339316 7fe96d968700 20 -- 46.19.94.16:0/1015811 >> 46.19.94.1:6789/0 pipe(0x7fe968001200 sd=4 pgs=269 cs=1 l=1).reader got ACK
2012-05-30 16:46:50.339331 7fe96d968700 15 reader got ack seq 7
2012-05-30 16:46:50.339332 7fe96d968700 20 -- 46.19.94.16:0/1015811 >> 46.19.94.1:6789/0 pipe(0x7fe968001200 sd=4 pgs=269 cs=1 l=1).reader reading tag...
2012-05-30 16:46:50.339338 7fe96d968700 20 -- 46.19.94.16:0/1015811 >> 46.19.94.1:6789/0 pipe(0x7fe968001200 sd=4 pgs=269 cs=1 l=1).reader got MSG
2012-05-30 16:46:50.339344 7fe96d968700 20 -- 46.19.94.16:0/1015811 >> 46.19.94.1:6789/0 pipe(0x7fe968001200 sd=4 pgs=269 cs=1 l=1).reader got envelope type=16 src mon.0 front=20 data=0 off 0
2012-05-30 16:46:50.339350 7fe96d968700 10 -- 46.19.94.16:0/1015811 >> 46.19.94.1:6789/0 pipe(0x7fe968001200 sd=4 pgs=269 cs=1 l=1).reader wants 20 from dispatch throttler 0/104857600
2012-05-30 16:46:50.339358 7fe96d968700 20 -- 46.19.94.16:0/1015811 >> 46.19.94.1:6789/0 pipe(0x7fe968001200 sd=4 pgs=269 cs=1 l=1).reader got front 20
2012-05-30 16:46:50.339364 7fe96d968700 10 -- 46.19.94.16:0/1015811 >> 46.19.94.1:6789/0 pipe(0x7fe968001200 sd=4 pgs=269 cs=1 l=1).aborted = 0
2012-05-30 16:46:50.339369 7fe96d968700 20 -- 46.19.94.16:0/1015811 >> 46.19.94.1:6789/0 pipe(0x7fe968001200 sd=4 pgs=269 cs=1 l=1).reader got 20 + 0 + 0 byte message
2012-05-30 16:46:50.339383 7fe96d968700 10 -- 46.19.94.16:0/1015811 >> 46.19.94.1:6789/0 pipe(0x7fe968001200 sd=4 pgs=269 cs=1 l=1).reader got message 11 0x7fe960004b20 mon_subscribe_ack(300s) v1
2012-05-30 16:46:50.339389 7fe96d968700 20 -- 46.19.94.16:0/1015811 >> 46.19.94.1:6789/0 pipe(0x7fe968001200 sd=4 pgs=269 cs=1 l=1).queue_received queuing pipe
2012-05-30 16:46:50.339405 7fe96d968700 20 -- 46.19.94.16:0/1015811 >> 46.19.94.1:6789/0 pipe(0x7fe968001200 sd=4 pgs=269 cs=1 l=1).reader reading tag...
2012-05-30 16:46:50.339407 7fe96f96c700 20 -- 46.19.94.16:0/1015811 dispatch_entry pipe 0x7fe968001200 dequeued 0x7fe960004b20
2012-05-30 16:46:50.339427 7fe96f96c700 1 -- 46.19.94.16:0/1015811 <== mon.0 46.19.94.1:6789/0 11 ==== mon_subscribe_ack(300s) v1 ==== 20+0+0 (496062740 0 0) 0x7fe960004b20 con 0x7fe968001470
2012-05-30 16:46:50.339438 7fe96f96c700 10 -- 46.19.94.16:0/1015811 dispatch_throttle_release 20 to dispatch throttler 20/104857600
2012-05-30 16:46:50.339430 7fe972d7c700 10 -- 46.19.94.16:0/1015811 >> 46.19.94.1:6789/0 pipe(0x7fe968001200 sd=4 pgs=269 cs=1 l=1).writer: state = 2 policy.server=0
2012-05-30 16:46:50.339444 7fe96f96c700 20 -- 46.19.94.16:0/1015811 done calling dispatch on 0x7fe960004b20
2012-05-30 16:46:50.339445 7fe972d7c700 10 -- 46.19.94.16:0/1015811 >> 46.19.94.1:6789/0 pipe(0x7fe968001200 sd=4 pgs=269 cs=1 l=1).write_ack 11
2012-05-30 16:46:50.339456 7fe972d7c700 10 -- 46.19.94.16:0/1015811 >> 46.19.94.1:6789/0 pipe(0x7fe968001200 sd=4 pgs=269 cs=1 l=1).writer: state = 2 policy.server=0
2012-05-30 16:46:50.339460 7fe972d7c700 20 -- 46.19.94.16:0/1015811 >> 46.19.94.1:6789/0 pipe(0x7fe968001200 sd=4 pgs=269 cs=1 l=1).writer sleeping
2012-05-30 16:46:50.601087 7fe96c764700 20 -- 46.19.94.16:0/1015811 >> 46.19.94.11:6800/9784 pipe(0x20f26d0 sd=5 pgs=35 cs=1 l=1).reader got ACK
2012-05-30 16:46:50.601114 7fe96c764700 15 reader got ack seq 2
2012-05-30 16:46:50.601115 7fe96c764700 20 -- 46.19.94.16:0/1015811 >> 46.19.94.11:6800/9784 pipe(0x20f26d0 sd=5 pgs=35 cs=1 l=1).reader reading tag...
2012-05-30 16:46:55.338800 7fe96d867700 10 client.11895.objecter tick
2012-05-30 16:46:55.338816 7fe96d867700 2 client.11895.objecter tid 1 on osd.2 is laggy
2012-05-30 16:46:55.338820 7fe96d867700 10 client.11895.objecter maybe_request_map subscribing (onetime) to next osd map
2012-05-30 16:46:55.338825 7fe96d867700 1 -- 46.19.94.16:0/1015811 --> 46.19.94.11:6800/9784 -- ping v1 -- ?+0 0x20feea0 con 0x20f2940
2012-05-30 16:46:55.338833 7fe96d867700 20 -- 46.19.94.16:0/1015811 submit_message ping v1 remote 46.19.94.11:6800/9784
2012-05-30 16:46:55.338850 7fe96c865700 10 -- 46.19.94.16:0/1015811 >> 46.19.94.11:6800/9784 pipe(0x20f26d0 sd=5 pgs=35 cs=1 l=1).writer: state = 2 policy.server=0
2012-05-30 16:46:55.338873 7fe96c865700 20 -- 46.19.94.16:0/1015811 >> 46.19.94.11:6800/9784 pipe(0x20f26d0 sd=5 pgs=35 cs=1 l=1).writer encoding 3 0x20feea0 ping v1
2012-05-30 16:46:55.338878 7fe96c865700 20 -- 46.19.94.16:0/1015811 >> 46.19.94.11:6800/9784 pipe(0x20f26d0 sd=5 pgs=35 cs=1 l=1).writer sending 3 0x20feea0
2012-05-30 16:46:55.338888 7fe96c865700 20 -- 46.19.94.16:0/1015811 >> 46.19.94.11:6800/9784 pipe(0x20f26d0 sd=5 pgs=35 cs=1 l=1).write_message 0x20feea0
2012-05-30 16:46:55.338905 7fe96c865700 10 -- 46.19.94.16:0/1015811 >> 46.19.94.11:6800/9784 pipe(0x20f26d0 sd=5 pgs=35 cs=1 l=1).writer: state = 2 policy.server=0
2012-05-30 16:46:55.338914 7fe96c865700 20 -- 46.19.94.16:0/1015811 >> 46.19.94.11:6800/9784 pipe(0x20f26d0 sd=5 pgs=35 cs=1 l=1).writer sleeping
2012-05-30 16:46:55.549093 7fe96c764700 20 -- 46.19.94.16:0/1015811 >> 46.19.94.11:6800/9784 pipe(0x20f26d0 sd=5 pgs=35 cs=1 l=1).reader got ACK
2012-05-30 16:46:55.549170 7fe96c764700 15 reader got ack seq 3
2012-05-30 16:46:55.549173 7fe96c764700 20 -- 46.19.94.16:0/1015811 >> 46.19.94.11:6800/9784 pipe(0x20f26d0 sd=5 pgs=35 cs=1 l=1).reader reading tag...
2012-05-30 16:46:58.282543 7fe96e96a700 20 -- 46.19.94.16:0/1015811 send_keepalive con 0x7fe968001470, have pipe.
2012-05-30 16:46:58.282583 7fe972d7c700 10 -- 46.19.94.16:0/1015811 >> 46.19.94.1:6789/0 pipe(0x7fe968001200 sd=4 pgs=269 cs=1 l=1).writer: state = 2 policy.server=0
2012-05-30 16:46:58.282598 7fe972d7c700 10 -- 46.19.94.16:0/1015811 >> 46.19.94.1:6789/0 pipe(0x7fe968001200 sd=4 pgs=269 cs=1 l=1).write_keepalive
2012-05-30 16:46:58.282618 7fe972d7c700 10 -- 46.19.94.16:0/1015811 >> 46.19.94.1:6789/0 pipe(0x7fe968001200 sd=4 pgs=269 cs=1 l=1).writer: state = 2 policy.server=0
2012-05-30 16:46:58.282624 7fe972d7c700 20 -- 46.19.94.16:0/1015811 >> 46.19.94.1:6789/0 pipe(0x7fe968001200 sd=4 pgs=269 cs=1 l=1).writer sleeping
2012-05-30 16:47:00.338927 7fe96d867700 10 client.11895.objecter tick
2012-05-30 16:47:00.338943 7fe96d867700 2 client.11895.objecter tid 1 on osd.2 is laggy
2012-05-30 16:47:00.338946 7fe96d867700 10 client.11895.objecter maybe_request_map subscribing (onetime) to next osd map
2012-05-30 16:47:00.338951 7fe96d867700 1 -- 46.19.94.16:0/1015811 --> 46.19.94.11:6800/9784 -- ping v1 -- ?+0 0x20ff730 con 0x20f2940
2012-05-30 16:47:00.338959 7fe96d867700 20 -- 46.19.94.16:0/1015811 submit_message ping v1 remote 46.19.94.11:6800/9784
2012-05-30 16:47:00.338975 7fe96c865700 10 -- 46.19.94.16:0/1015811 >> 46.19.94.11:6800/9784 pipe(0x20f26d0 sd=5 pgs=35 cs=1 l=1).writer: state = 2 policy.server=0
2012-05-30 16:47:00.338998 7fe96c865700 20 -- 46.19.94.16:0/1015811 >> 46.19.94.11:6800/9784 pipe(0x20f26d0 sd=5 pgs=35 cs=1 l=1).writer encoding 4 0x20ff730 ping v1
2012-05-30 16:47:00.339003 7fe96c865700 20 -- 46.19.94.16:0/1015811 >> 46.19.94.11:6800/9784 pipe(0x20f26d0 sd=5 pgs=35 cs=1 l=1).writer sending 4 0x20ff730
2012-05-30 16:47:00.339008 7fe96c865700 20 -- 46.19.94.16:0/1015811 >> 46.19.94.11:6800/9784 pipe(0x20f26d0 sd=5 pgs=35 cs=1 l=1).write_message 0x20ff730
2012-05-30 16:47:00.339026 7fe96c865700 10 -- 46.19.94.16:0/1015811 >> 46.19.94.11:6800/9784 pipe(0x20f26d0 sd=5 pgs=35 cs=1 l=1).writer: state = 2 policy.server=0
2012-05-30 16:47:00.339035 7fe96c865700 20 -- 46.19.94.16:0/1015811 >> 46.19.94.11:6800/9784 pipe(0x20f26d0 sd=5 pgs=35 cs=1 l=1).writer sleeping
2012-05-30 16:47:00.545478 7fe96c764700 20 -- 46.19.94.16:0/1015811 >> 46.19.94.11:6800/9784 pipe(0x20f26d0 sd=5 pgs=35 cs=1 l=1).reader got ACK
2012-05-30 16:47:00.545506 7fe96c764700 15 reader got ack seq 4
2012-05-30 16:47:00.545507 7fe96c764700 20 -- 46.19.94.16:0/1015811 >> 46.19.94.11:6800/9784 pipe(0x20f26d0 sd=5 pgs=35 cs=1 l=1).reader reading tag...
2012-05-30 16:47:05.339051 7fe96d867700 10 client.11895.objecter tick
2012-05-30 16:47:05.339066 7fe96d867700 2 client.11895.objecter tid 1 on osd.2 is laggy
2012-05-30 16:47:05.339070 7fe96d867700 10 client.11895.objecter maybe_request_map subscribing (onetime) to next osd map
2012-05-30 16:47:05.339074 7fe96d867700 1 -- 46.19.94.16:0/1015811 --> 46.19.94.11:6800/9784 -- ping v1 -- ?+0 0x20fff70 con 0x20f2940
2012-05-30 16:47:05.339082 7fe96d867700 20 -- 46.19.94.16:0/1015811 submit_message ping v1 remote 46.19.94.11:6800/9784
2012-05-30 16:47:05.339099 7fe96c865700 10 -- 46.19.94.16:0/1015811 >> 46.19.94.11:6800/9784 pipe(0x20f26d0 sd=5 pgs=35 cs=1 l=1).writer: state = 2 policy.server=0
2012-05-30 16:47:05.339118 7fe96c865700 20 -- 46.19.94.16:0/1015811 >> 46.19.94.11:6800/9784 pipe(0x20f26d0 sd=5 pgs=35 cs=1 l=1).writer encoding 5 0x20fff70 ping v1
2012-05-30 16:47:05.339123 7fe96c865700 20 -- 46.19.94.16:0/1015811 >> 46.19.94.11:6800/9784 pipe(0x20f26d0 sd=5 pgs=35 cs=1 l=1).writer sending 5 0x20fff70
2012-05-30 16:47:05.339127 7fe96c865700 20 -- 46.19.94.16:0/1015811 >> 46.19.94.11:6800/9784 pipe(0x20f26d0 sd=5 pgs=35 cs=1 l=1).write_message 0x20fff70
2012-05-30 16:47:05.339147 7fe96c865700 10 -- 46.19.94.16:0/1015811 >> 46.19.94.11:6800/9784 pipe(0x20f26d0 sd=5 pgs=35 cs=1 l=1).writer: state = 2 policy.server=0
2012-05-30 16:47:05.339156 7fe96c865700 20 -- 46.19.94.16:0/1015811 >> 46.19.94.11:6800/9784 pipe(0x20f26d0 sd=5 pgs=35 cs=1 l=1).writer sleeping
2012-05-30 16:47:05.553125 7fe96c764700 20 -- 46.19.94.16:0/1015811 >> 46.19.94.11:6800/9784 pipe(0x20f26d0 sd=5 pgs=35 cs=1 l=1).reader got ACK
2012-05-30 16:47:05.553151 7fe96c764700 15 reader got ack seq 5
2012-05-30 16:47:05.553152 7fe96c764700 20 -- 46.19.94.16:0/1015811 >> 46.19.94.11:6800/9784 pipe(0x20f26d0 sd=5 pgs=35 cs=1 l=1).reader reading tag...
2012-05-30 16:47:08.282663 7fe96e96a700 20 -- 46.19.94.16:0/1015811 send_keepalive con 0x7fe968001470, have pipe.
2012-05-30 16:47:08.282703 7fe972d7c700 10 -- 46.19.94.16:0/1015811 >> 46.19.94.1:6789/0 pipe(0x7fe968001200 sd=4 pgs=269 cs=1 l=1).writer: state = 2 policy.server=0
2012-05-30 16:47:08.282718 7fe972d7c700 10 -- 46.19.94.16:0/1015811 >> 46.19.94.1:6789/0 pipe(0x7fe968001200 sd=4 pgs=269 cs=1 l=1).write_keepalive
2012-05-30 16:47:08.282740 7fe972d7c700 10 -- 46.19.94.16:0/1015811 >> 46.19.94.1:6789/0 pipe(0x7fe968001200 sd=4 pgs=269 cs=1 l=1).writer: state = 2 policy.server=0
2012-05-30 16:47:08.282744 7fe972d7c700 20 -- 46.19.94.16:0/1015811 >> 46.19.94.1:6789/0 pipe(0x7fe968001200 sd=4 pgs=269 cs=1 l=1).writer sleeping
2012-05-30 16:47:10.339174 7fe96d867700 10 client.11895.objecter tick
2012-05-30 16:47:10.339190 7fe96d867700 2 client.11895.objecter tid 1 on osd.2 is laggy
2012-05-30 16:47:10.339193 7fe96d867700 10 client.11895.objecter maybe_request_map subscribing (onetime) to next osd map
2012-05-30 16:47:10.339197 7fe96d867700 1 -- 46.19.94.16:0/1015811 --> 46.19.94.11:6800/9784 -- ping v1 -- ?+0 0x2100880 con 0x20f2940
2012-05-30 16:47:10.339205 7fe96d867700 20 -- 46.19.94.16:0/1015811 submit_message ping v1 remote 46.19.94.11:6800/9784
2012-05-30 16:47:10.339221 7fe96c865700 10 -- 46.19.94.16:0/1015811 >> 46.19.94.11:6800/9784 pipe(0x20f26d0 sd=5 pgs=35 cs=1 l=1).writer: state = 2 policy.server=0
2012-05-30 16:47:10.339244 7fe96c865700 20 -- 46.19.94.16:0/1015811 >> 46.19.94.11:6800/9784 pipe(0x20f26d0 sd=5 pgs=35 cs=1 l=1).writer encoding 6 0x2100880 ping v1
2012-05-30 16:47:10.339249 7fe96c865700 20 -- 46.19.94.16:0/1015811 >> 46.19.94.11:6800/9784 pipe(0x20f26d0 sd=5 pgs=35 cs=1 l=1).writer sending 6 0x2100880
2012-05-30 16:47:10.339254 7fe96c865700 20 -- 46.19.94.16:0/1015811 >> 46.19.94.11:6800/9784 pipe(0x20f26d0 sd=5 pgs=35 cs=1 l=1).write_message 0x2100880
2012-05-30 16:47:10.339272 7fe96c865700 10 -- 46.19.94.16:0/1015811 >> 46.19.94.11:6800/9784 pipe(0x20f26d0 sd=5 pgs=35 cs=1 l=1).writer: state = 2 policy.server=0
2012-05-30 16:47:10.339281 7fe96c865700 20 -- 46.19.94.16:0/1015811 >> 46.19.94.11:6800/9784 pipe(0x20f26d0 sd=5 pgs=35 cs=1 l=1).writer sleeping
2012-05-30 16:47:10.541083 7fe96c764700 20 -- 46.19.94.16:0/1015811 >> 46.19.94.11:6800/9784 pipe(0x20f26d0 sd=5 pgs=35 cs=1 l=1).reader got ACK
2012-05-30 16:47:10.541110 7fe96c764700 15 reader got ack seq 6
2012-05-30 16:47:10.541111 7fe96c764700 20 -- 46.19.94.16:0/1015811 >> 46.19.94.11:6800/9784 pipe(0x20f26d0 sd=5 pgs=35 cs=1 l=1).reader reading tag...
2012-05-30 16:47:15.339297 7fe96d867700 10 client.11895.objecter tick
2012-05-30 16:47:15.339312 7fe96d867700 2 client.11895.objecter tid 1 on osd.2 is laggy
2012-05-30 16:47:15.339316 7fe96d867700 10 client.11895.objecter maybe_request_map subscribing (onetime) to next osd map
2012-05-30 16:47:15.339327 7fe96d867700 1 -- 46.19.94.16:0/1015811 --> 46.19.94.11:6800/9784 -- ping v1 -- ?+0 0x21010c0 con 0x20f2940
2012-05-30 16:47:15.339335 7fe96d867700 20 -- 46.19.94.16:0/1015811 submit_message ping v1 remote 46.19.94.11:6800/9784
2012-05-30 16:47:15.339355 7fe96c865700 10 -- 46.19.94.16:0/1015811 >> 46.19.94.11:6800/9784 pipe(0x20f26d0 sd=5 pgs=35 cs=1 l=1).writer: state = 2 policy.server=0
2012-05-30 16:47:15.339374 7fe96c865700 20 -- 46.19.94.16:0/1015811 >> 46.19.94.11:6800/9784 pipe(0x20f26d0 sd=5 pgs=35 cs=1 l=1).writer encoding 7 0x21010c0 ping v1
2012-05-30 16:47:15.339379 7fe96c865700 20 -- 46.19.94.16:0/1015811 >> 46.19.94.11:6800/9784 pipe(0x20f26d0 sd=5 pgs=35 cs=1 l=1).writer sending 7 0x21010c0
2012-05-30 16:47:15.339389 7fe96c865700 20 -- 46.19.94.16:0/1015811 >> 46.19.94.11:6800/9784 pipe(0x20f26d0 sd=5 pgs=35 cs=1 l=1).write_message 0x21010c0
2012-05-30 16:47:15.339406 7fe96c865700 10 -- 46.19.94.16:0/1015811 >> 46.19.94.11:6800/9784 pipe(0x20f26d0 sd=5 pgs=35 cs=1 l=1).writer: state = 2 policy.server=0
2012-05-30 16:47:15.339824 7fe96c865700 20 -- 46.19.94.16:0/1015811 >> 46.19.94.11:6800/9784 pipe(0x20f26d0 sd=5 pgs=35 cs=1 l=1).writer sleeping
2012-05-30 16:47:15.617206 7fe96c764700 20 -- 46.19.94.16:0/1015811 >> 46.19.94.11:6800/9784 pipe(0x20f26d0 sd=5 pgs=35 cs=1 l=1).reader got ACK
2012-05-30 16:47:15.617224 7fe96c764700 15 reader got ack seq 7
2012-05-30 16:47:15.617226 7fe96c764700 20 -- 46.19.94.16:0/1015811 >> 46.19.94.11:6800/9784 pipe(0x20f26d0 sd=5 pgs=35 cs=1 l=1).reader reading tag...
2012-05-30 16:47:18.282781 7fe96e96a700 20 -- 46.19.94.16:0/1015811 send_keepalive con 0x7fe968001470, have pipe.
2012-05-30 16:47:18.282822 7fe972d7c700 10 -- 46.19.94.16:0/1015811 >> 46.19.94.1:6789/0 pipe(0x7fe968001200 sd=4 pgs=269 cs=1 l=1).writer: state = 2 policy.server=0
2012-05-30 16:47:18.282839 7fe972d7c700 10 -- 46.19.94.16:0/1015811 >> 46.19.94.1:6789/0 pipe(0x7fe968001200 sd=4 pgs=269 cs=1 l=1).write_keepalive
2012-05-30 16:47:18.282857 7fe972d7c700 10 -- 46.19.94.16:0/1015811 >> 46.19.94.1:6789/0 pipe(0x7fe968001200 sd=4 pgs=269 cs=1 l=1).writer: state = 2 policy.server=0
2012-05-30 16:47:18.282862 7fe972d7c700 20 -- 46.19.94.16:0/1015811 >> 46.19.94.1:6789/0 pipe(0x7fe968001200 sd=4 pgs=269 cs=1 l=1).writer sleeping
2012-05-30 16:47:20.339428 7fe96d867700 10 client.11895.objecter tick
2012-05-30 16:47:20.339443 7fe96d867700 2 client.11895.objecter tid 1 on osd.2 is laggy
2012-05-30 16:47:20.339447 7fe96d867700 10 client.11895.objecter maybe_request_map subscribing (onetime) to next osd map
2012-05-30 16:47:20.339451 7fe96d867700 1 -- 46.19.94.16:0/1015811 --> 46.19.94.11:6800/9784 -- ping v1 -- ?+0 0x21019d0 con 0x20f2940
2012-05-30 16:47:20.339458 7fe96d867700 20 -- 46.19.94.16:0/1015811 submit_message ping v1 remote 46.19.94.11:6800/9784
2012-05-30 16:47:20.339475 7fe96c865700 10 -- 46.19.94.16:0/1015811 >> 46.19.94.11:6800/9784 pipe(0x20f26d0 sd=5 pgs=35 cs=1 l=1).writer: state = 2 policy.server=0
2012-05-30 16:47:20.339502 7fe96c865700 20 -- 46.19.94.16:0/1015811 >> 46.19.94.11:6800/9784 pipe(0x20f26d0 sd=5 pgs=35 cs=1 l=1).writer encoding 8 0x21019d0 ping v1
2012-05-30 16:47:20.339507 7fe96c865700 20 -- 46.19.94.16:0/1015811 >> 46.19.94.11:6800/9784 pipe(0x20f26d0 sd=5 pgs=35 cs=1 l=1).writer sending 8 0x21019d0
2012-05-30 16:47:20.339511 7fe96c865700 20 -- 46.19.94.16:0/1015811 >> 46.19.94.11:6800/9784 pipe(0x20f26d0 sd=5 pgs=35 cs=1 l=1).write_message 0x21019d0
2012-05-30 16:47:20.339531 7fe96c865700 10 -- 46.19.94.16:0/1015811 >> 46.19.94.11:6800/9784 pipe(0x20f26d0 sd=5 pgs=35 cs=1 l=1).writer: state = 2 policy.server=0
2012-05-30 16:47:20.339540 7fe96c865700 20 -- 46.19.94.16:0/1015811 >> 46.19.94.11:6800/9784 pipe(0x20f26d0 sd=5 pgs=35 cs=1 l=1).writer sleeping
2012-05-30 16:47:20.541363 7fe96c764700 20 -- 46.19.94.16:0/1015811 >> 46.19.94.11:6800/9784 pipe(0x20f26d0 sd=5 pgs=35 cs=1 l=1).reader got ACK
2012-05-30 16:47:20.541387 7fe96c764700 15 reader got ack seq 8
2012-05-30 16:47:20.541389 7fe96c764700 20 -- 46.19.94.16:0/1015811 >> 46.19.94.11:6800/9784 pipe(0x20f26d0 sd=5 pgs=35 cs=1 l=1).reader reading tag...
2012-05-30 16:47:25.339551 7fe96d867700 10 client.11895.objecter tick
2012-05-30 16:47:25.339573 7fe96d867700 2 client.11895.objecter tid 1 on osd.2 is laggy
2012-05-30 16:47:25.339577 7fe96d867700 10 client.11895.objecter maybe_request_map subscribing (onetime) to next osd map
2012-05-30 16:47:25.339580 7fe96d867700 1 -- 46.19.94.16:0/1015811 --> 46.19.94.11:6800/9784 -- ping v1 -- ?+0 0x2102210 con 0x20f2940
2012-05-30 16:47:25.339588 7fe96d867700 20 -- 46.19.94.16:0/1015811 submit_message ping v1 remote 46.19.94.11:6800/9784
2012-05-30 16:47:25.339604 7fe96c865700 10 -- 46.19.94.16:0/1015811 >> 46.19.94.11:6800/9784 pipe(0x20f26d0 sd=5 pgs=35 cs=1 l=1).writer: state = 2 policy.server=0
2012-05-30 16:47:25.339622 7fe96c865700 20 -- 46.19.94.16:0/1015811 >> 46.19.94.11:6800/9784 pipe(0x20f26d0 sd=5 pgs=35 cs=1 l=1).writer encoding 9 0x2102210 ping v1
2012-05-30 16:47:25.339631 7fe96c865700 20 -- 46.19.94.16:0/1015811 >> 46.19.94.11:6800/9784 pipe(0x20f26d0 sd=5 pgs=35 cs=1 l=1).writer sending 9 0x2102210
2012-05-30 16:47:25.339636 7fe96c865700 20 -- 46.19.94.16:0/1015811 >> 46.19.94.11:6800/9784 pipe(0x20f26d0 sd=5 pgs=35 cs=1 l=1).write_message 0x2102210
2012-05-30 16:47:25.339657 7fe96c865700 10 -- 46.19.94.16:0/1015811 >> 46.19.94.11:6800/9784 pipe(0x20f26d0 sd=5 pgs=35 cs=1 l=1).writer: state = 2 policy.server=0
2012-05-30 16:47:25.339666 7fe96c865700 20 -- 46.19.94.16:0/1015811 >> 46.19.94.11:6800/9784 pipe(0x20f26d0 sd=5 pgs=35 cs=1 l=1).writer sleeping
2012-05-30 16:47:25.545108 7fe96c764700 20 -- 46.19.94.16:0/1015811 >> 46.19.94.11:6800/9784 pipe(0x20f26d0 sd=5 pgs=35 cs=1 l=1).reader got ACK
2012-05-30 16:47:25.545148 7fe96c764700 15 reader got ack seq 9
2012-05-30 16:47:25.545150 7fe96c764700 20 -- 46.19.94.16:0/1015811 >> 46.19.94.11:6800/9784 pipe(0x20f26d0 sd=5 pgs=35 cs=1 l=1).reader reading tag...
2012-05-30 16:47:28.282900 7fe96e96a700 20 -- 46.19.94.16:0/1015811 send_keepalive con 0x7fe968001470, have pipe.
2012-05-30 16:47:28.282940 7fe972d7c700 10 -- 46.19.94.16:0/1015811 >> 46.19.94.1:6789/0 pipe(0x7fe968001200 sd=4 pgs=269 cs=1 l=1).writer: state = 2 policy.server=0
2012-05-30 16:47:28.282955 7fe972d7c700 10 -- 46.19.94.16:0/1015811 >> 46.19.94.1:6789/0 pipe(0x7fe968001200 sd=4 pgs=269 cs=1 l=1).write_keepalive
2012-05-30 16:47:28.282983 7fe972d7c700 10 -- 46.19.94.16:0/1015811 >> 46.19.94.1:6789/0 pipe(0x7fe968001200 sd=4 pgs=269 cs=1 l=1).writer: state = 2 policy.server=0
2012-05-30 16:47:28.282987 7fe972d7c700 20 -- 46.19.94.16:0/1015811 >> 46.19.94.1:6789/0 pipe(0x7fe968001200 sd=4 pgs=269 cs=1 l=1).writer sleeping
2012-05-30 16:47:30.339680 7fe96d867700 10 client.11895.objecter tick
2012-05-30 16:47:30.339696 7fe96d867700 2 client.11895.objecter tid 1 on osd.2 is laggy
2012-05-30 16:47:30.339699 7fe96d867700 10 client.11895.objecter maybe_request_map subscribing (onetime) to next osd map
2012-05-30 16:47:30.339703 7fe96d867700 1 -- 46.19.94.16:0/1015811 --> 46.19.94.11:6800/9784 -- ping v1 -- ?+0 0x2102b20 con 0x20f2940
2012-05-30 16:47:30.339711 7fe96d867700 20 -- 46.19.94.16:0/1015811 submit_message ping v1 remote 46.19.94.11:6800/9784
2012-05-30 16:47:30.339727 7fe96c865700 10 -- 46.19.94.16:0/1015811 >> 46.19.94.11:6800/9784 pipe(0x20f26d0 sd=5 pgs=35 cs=1 l=1).writer: state = 2 policy.server=0
2012-05-30 16:47:30.339745 7fe96c865700 20 -- 46.19.94.16:0/1015811 >> 46.19.94.11:6800/9784 pipe(0x20f26d0 sd=5 pgs=35 cs=1 l=1).writer encoding 10 0x2102b20 ping v1
2012-05-30 16:47:30.339753 7fe96c865700 20 -- 46.19.94.16:0/1015811 >> 46.19.94.11:6800/9784 pipe(0x20f26d0 sd=5 pgs=35 cs=1 l=1).writer sending 10 0x2102b20
2012-05-30 16:47:30.339757 7fe96c865700 20 -- 46.19.94.16:0/1015811 >> 46.19.94.11:6800/9784 pipe(0x20f26d0 sd=5 pgs=35 cs=1 l=1).write_message 0x2102b20
2012-05-30 16:47:30.339779 7fe96c865700 10 -- 46.19.94.16:0/1015811 >> 46.19.94.11:6800/9784 pipe(0x20f26d0 sd=5 pgs=35 cs=1 l=1).writer: state = 2 policy.server=0
2012-05-30 16:47:30.339788 7fe96c865700 20 -- 46.19.94.16:0/1015811 >> 46.19.94.11:6800/9784 pipe(0x20f26d0 sd=5 pgs=35 cs=1 l=1).writer sleeping
2012-05-30 16:47:30.593084 7fe96c764700 20 -- 46.19.94.16:0/1015811 >> 46.19.94.11:6800/9784 pipe(0x20f26d0 sd=5 pgs=35 cs=1 l=1).reader got ACK
2012-05-30 16:47:30.593109 7fe96c764700 15 reader got ack seq 10
2012-05-30 16:47:30.593110 7fe96c764700 20 -- 46.19.94.16:0/1015811 >> 46.19.94.11:6800/9784 pipe(0x20f26d0 sd=5 pgs=35 cs=1 l=1).reader reading tag...
2012-05-30 16:47:35.339804 7fe96d867700 10 client.11895.objecter tick
2012-05-30 16:47:35.339820 7fe96d867700 2 client.11895.objecter tid 1 on osd.2 is laggy
2012-05-30 16:47:35.339823 7fe96d867700 10 client.11895.objecter maybe_request_map subscribing (onetime) to next osd map
2012-05-30 16:47:35.339827 7fe96d867700 1 -- 46.19.94.16:0/1015811 --> 46.19.94.11:6800/9784 -- ping v1 -- ?+0 0x2103360 con 0x20f2940
2012-05-30 16:47:35.339835 7fe96d867700 20 -- 46.19.94.16:0/1015811 submit_message ping v1 remote 46.19.94.11:6800/9784
2012-05-30 16:47:35.339851 7fe96c865700 10 -- 46.19.94.16:0/1015811 >> 46.19.94.11:6800/9784 pipe(0x20f26d0 sd=5 pgs=35 cs=1 l=1).writer: state = 2 policy.server=0
2012-05-30 16:47:35.339869 7fe96c865700 20 -- 46.19.94.16:0/1015811 >> 46.19.94.11:6800/9784 pipe(0x20f26d0 sd=5 pgs=35 cs=1 l=1).writer encoding 11 0x2103360 ping v1
2012-05-30 16:47:35.339878 7fe96c865700 20 -- 46.19.94.16:0/1015811 >> 46.19.94.11:6800/9784 pipe(0x20f26d0 sd=5 pgs=35 cs=1 l=1).writer sending 11 0x2103360
2012-05-30 16:47:35.339882 7fe96c865700 20 -- 46.19.94.16:0/1015811 >> 46.19.94.11:6800/9784 pipe(0x20f26d0 sd=5 pgs=35 cs=1 l=1).write_message 0x2103360
2012-05-30 16:47:35.339906 7fe96c865700 10 -- 46.19.94.16:0/1015811 >> 46.19.94.11:6800/9784 pipe(0x20f26d0 sd=5 pgs=35 cs=1 l=1).writer: state = 2 policy.server=0
2012-05-30 16:47:35.339914 7fe96c865700 20 -- 46.19.94.16:0/1015811 >> 46.19.94.11:6800/9784 pipe(0x20f26d0 sd=5 pgs=35 cs=1 l=1).writer sleeping
2012-05-30 16:47:35.545086 7fe96c764700 20 -- 46.19.94.16:0/1015811 >> 46.19.94.11:6800/9784 pipe(0x20f26d0 sd=5 pgs=35 cs=1 l=1).reader got ACK
2012-05-30 16:47:35.545113 7fe96c764700 15 reader got ack seq 11
2012-05-30 16:47:35.545114 7fe96c764700 20 -- 46.19.94.16:0/1015811 >> 46.19.94.11:6800/9784 pipe(0x20f26d0 sd=5 pgs=35 cs=1 l=1).reader reading tag...
2012-05-30 16:47:38.283018 7fe96e96a700 20 -- 46.19.94.16:0/1015811 send_keepalive con 0x7fe968001470, have pipe.
2012-05-30 16:47:38.283058 7fe972d7c700 10 -- 46.19.94.16:0/1015811 >> 46.19.94.1:6789/0 pipe(0x7fe968001200 sd=4 pgs=269 cs=1 l=1).writer: state = 2 policy.server=0
2012-05-30 16:47:38.283073 7fe972d7c700 10 -- 46.19.94.16:0/1015811 >> 46.19.94.1:6789/0 pipe(0x7fe968001200 sd=4 pgs=269 cs=1 l=1).write_keepalive
2012-05-30 16:47:38.283096 7fe972d7c700 10 -- 46.19.94.16:0/1015811 >> 46.19.94.1:6789/0 pipe(0x7fe968001200 sd=4 pgs=269 cs=1 l=1).writer: state = 2 policy.server=0
2012-05-30 16:47:38.283100 7fe972d7c700 20 -- 46.19.94.16:0/1015811 >> 46.19.94.1:6789/0 pipe(0x7fe968001200 sd=4 pgs=269 cs=1 l=1).writer sleeping
2012-05-30 16:47:40.339929 7fe96d867700 10 client.11895.objecter tick
2012-05-30 16:47:40.339944 7fe96d867700 2 client.11895.objecter tid 1 on osd.2 is laggy
2012-05-30 16:47:40.339947 7fe96d867700 10 client.11895.objecter maybe_request_map subscribing (onetime) to next osd map
2012-05-30 16:47:40.339951 7fe96d867700 1 -- 46.19.94.16:0/1015811 --> 46.19.94.11:6800/9784 -- ping v1 -- ?+0 0x2103c70 con 0x20f2940
2012-05-30 16:47:40.339959 7fe96d867700 20 -- 46.19.94.16:0/1015811 submit_message ping v1 remote 46.19.94.11:6800/9784
2012-05-30 16:47:40.339988 7fe96c865700 10 -- 46.19.94.16:0/1015811 >> 46.19.94.11:6800/9784 pipe(0x20f26d0 sd=5 pgs=35 cs=1 l=1).writer: state = 2 policy.server=0
2012-05-30 16:47:40.340008 7fe96c865700 20 -- 46.19.94.16:0/1015811 >> 46.19.94.11:6800/9784 pipe(0x20f26d0 sd=5 pgs=35 cs=1 l=1).writer encoding 12 0x2103c70 ping v1
2012-05-30 16:47:40.340014 7fe96c865700 20 -- 46.19.94.16:0/1015811 >> 46.19.94.11:6800/9784 pipe(0x20f26d0 sd=5 pgs=35 cs=1 l=1).writer sending 12 0x2103c70
2012-05-30 16:47:40.340018 7fe96c865700 20 -- 46.19.94.16:0/1015811 >> 46.19.94.11:6800/9784 pipe(0x20f26d0 sd=5 pgs=35 cs=1 l=1).write_message 0x2103c70
2012-05-30 16:47:40.340035 7fe96c865700 10 -- 46.19.94.16:0/1015811 >> 46.19.94.11:6800/9784 pipe(0x20f26d0 sd=5 pgs=35 cs=1 l=1).writer: state = 2 policy.server=0
2012-05-30 16:47:40.340043 7fe96c865700 20 -- 46.19.94.16:0/1015811 >> 46.19.94.11:6800/9784 pipe(0x20f26d0 sd=5 pgs=35 cs=1 l=1).writer sleeping
2012-05-30 16:47:40.541087 7fe96c764700 20 -- 46.19.94.16:0/1015811 >> 46.19.94.11:6800/9784 pipe(0x20f26d0 sd=5 pgs=35 cs=1 l=1).reader got ACK
2012-05-30 16:47:40.541112 7fe96c764700 15 reader got ack seq 12
2012-05-30 16:47:40.541113 7fe96c764700 20 -- 46.19.94.16:0/1015811 >> 46.19.94.11:6800/9784 pipe(0x20f26d0 sd=5 pgs=35 cs=1 l=1).reader reading tag...
2012-05-30 16:47:45.340059 7fe96d867700 10 client.11895.objecter tick
2012-05-30 16:47:45.340075 7fe96d867700 2 client.11895.objecter tid 1 on osd.2 is laggy
2012-05-30 16:47:45.340078 7fe96d867700 10 client.11895.objecter maybe_request_map subscribing (onetime) to next osd map
2012-05-30 16:47:45.340082 7fe96d867700 1 -- 46.19.94.16:0/1015811 --> 46.19.94.11:6800/9784 -- ping v1 -- ?+0 0x21044b0 con 0x20f2940
2012-05-30 16:47:45.340089 7fe96d867700 20 -- 46.19.94.16:0/1015811 submit_message ping v1 remote 46.19.94.11:6800/9784
2012-05-30 16:47:45.340105 7fe96c865700 10 -- 46.19.94.16:0/1015811 >> 46.19.94.11:6800/9784 pipe(0x20f26d0 sd=5 pgs=35 cs=1 l=1).writer: state = 2 policy.server=0
2012-05-30 16:47:45.340123 7fe96c865700 20 -- 46.19.94.16:0/1015811 >> 46.19.94.11:6800/9784 pipe(0x20f26d0 sd=5 pgs=35 cs=1 l=1).writer encoding 13 0x21044b0 ping v1
2012-05-30 16:47:45.340140 7fe96c865700 20 -- 46.19.94.16:0/1015811 >> 46.19.94.11:6800/9784 pipe(0x20f26d0 sd=5 pgs=35 cs=1 l=1).writer sending 13 0x21044b0
2012-05-30 16:47:45.340145 7fe96c865700 20 -- 46.19.94.16:0/1015811 >> 46.19.94.11:6800/9784 pipe(0x20f26d0 sd=5 pgs=35 cs=1 l=1).write_message 0x21044b0
2012-05-30 16:47:45.340164 7fe96c865700 10 -- 46.19.94.16:0/1015811 >> 46.19.94.11:6800/9784 pipe(0x20f26d0 sd=5 pgs=35 cs=1 l=1).writer: state = 2 policy.server=0
2012-05-30 16:47:45.340172 7fe96c865700 20 -- 46.19.94.16:0/1015811 >> 46.19.94.11:6800/9784 pipe(0x20f26d0 sd=5 pgs=35 cs=1 l=1).writer sleeping
2012-05-30 16:47:45.541089 7fe96c764700 20 -- 46.19.94.16:0/1015811 >> 46.19.94.11:6800/9784 pipe(0x20f26d0 sd=5 pgs=35 cs=1 l=1).reader got ACK
2012-05-30 16:47:45.541113 7fe96c764700 15 reader got ack seq 13
2012-05-30 16:47:45.541115 7fe96c764700 20 -- 46.19.94.16:0/1015811 >> 46.19.94.11:6800/9784 pipe(0x20f26d0 sd=5 pgs=35 cs=1 l=1).reader reading tag...
2012-05-30 16:47:48.283137 7fe96e96a700 20 -- 46.19.94.16:0/1015811 send_keepalive con 0x7fe968001470, have pipe.
2012-05-30 16:47:48.283177 7fe972d7c700 10 -- 46.19.94.16:0/1015811 >> 46.19.94.1:6789/0 pipe(0x7fe968001200 sd=4 pgs=269 cs=1 l=1).writer: state = 2 policy.server=0
2012-05-30 16:47:48.283191 7fe972d7c700 10 -- 46.19.94.16:0/1015811 >> 46.19.94.1:6789/0 pipe(0x7fe968001200 sd=4 pgs=269 cs=1 l=1).write_keepalive
2012-05-30 16:47:48.283220 7fe972d7c700 10 -- 46.19.94.16:0/1015811 >> 46.19.94.1:6789/0 pipe(0x7fe968001200 sd=4 pgs=269 cs=1 l=1).writer: state = 2 policy.server=0
2012-05-30 16:47:48.283225 7fe972d7c700 20 -- 46.19.94.16:0/1015811 >> 46.19.94.1:6789/0 pipe(0x7fe968001200 sd=4 pgs=269 cs=1 l=1).writer sleeping
2012-05-30 16:47:50.340182 7fe96d867700 10 client.11895.objecter tick
2012-05-30 16:47:50.340197 7fe96d867700 2 client.11895.objecter tid 1 on osd.2 is laggy
2012-05-30 16:47:50.340201 7fe96d867700 10 client.11895.objecter maybe_request_map subscribing (onetime) to next osd map
2012-05-30 16:47:50.340205 7fe96d867700 1 -- 46.19.94.16:0/1015811 --> 46.19.94.11:6800/9784 -- ping v1 -- ?+0 0x2104dc0 con 0x20f2940
2012-05-30 16:47:50.340219 7fe96d867700 20 -- 46.19.94.16:0/1015811 submit_message ping v1 remote 46.19.94.11:6800/9784
2012-05-30 16:47:50.340240 7fe96c865700 10 -- 46.19.94.16:0/1015811 >> 46.19.94.11:6800/9784 pipe(0x20f26d0 sd=5 pgs=35 cs=1 l=1).writer: state = 2 policy.server=0
2012-05-30 16:47:50.340259 7fe96c865700 20 -- 46.19.94.16:0/1015811 >> 46.19.94.11:6800/9784 pipe(0x20f26d0 sd=5 pgs=35 cs=1 l=1).writer encoding 14 0x2104dc0 ping v1
2012-05-30 16:47:50.340264 7fe96c865700 20 -- 46.19.94.16:0/1015811 >> 46.19.94.11:6800/9784 pipe(0x20f26d0 sd=5 pgs=35 cs=1 l=1).writer sending 14 0x2104dc0
2012-05-30 16:47:50.340269 7fe96c865700 20 -- 46.19.94.16:0/1015811 >> 46.19.94.11:6800/9784 pipe(0x20f26d0 sd=5 pgs=35 cs=1 l=1).write_message 0x2104dc0
2012-05-30 16:47:50.340286 7fe96c865700 10 -- 46.19.94.16:0/1015811 >> 46.19.94.11:6800/9784 pipe(0x20f26d0 sd=5 pgs=35 cs=1 l=1).writer: state = 2 policy.server=0
2012-05-30 16:47:50.340302 7fe96c865700 20 -- 46.19.94.16:0/1015811 >> 46.19.94.11:6800/9784 pipe(0x20f26d0 sd=5 pgs=35 cs=1 l=1).writer sleeping
2012-05-30 16:47:50.641093 7fe96c764700 20 -- 46.19.94.16:0/1015811 >> 46.19.94.11:6800/9784 pipe(0x20f26d0 sd=5 pgs=35 cs=1 l=1).reader got ACK
2012-05-30 16:47:50.641117 7fe96c764700 15 reader got ack seq 14
2012-05-30 16:47:50.641125 7fe96c764700 20 -- 46.19.94.16:0/1015811 >> 46.19.94.11:6800/9784 pipe(0x20f26d0 sd=5 pgs=35 cs=1 l=1).reader reading tag...
2012-05-30 16:47:55.340312 7fe96d867700 10 client.11895.objecter tick
2012-05-30 16:47:55.340328 7fe96d867700 2 client.11895.objecter tid 1 on osd.2 is laggy
2012-05-30 16:47:55.340331 7fe96d867700 10 client.11895.objecter maybe_request_map subscribing (onetime) to next osd map
2012-05-30 16:47:55.340335 7fe96d867700 1 -- 46.19.94.16:0/1015811 --> 46.19.94.11:6800/9784 -- ping v1 -- ?+0 0x2105600 con 0x20f2940
2012-05-30 16:47:55.340342 7fe96d867700 20 -- 46.19.94.16:0/1015811 submit_message ping v1 remote 46.19.94.11:6800/9784
2012-05-30 16:47:55.340358 7fe96c865700 10 -- 46.19.94.16:0/1015811 >> 46.19.94.11:6800/9784 pipe(0x20f26d0 sd=5 pgs=35 cs=1 l=1).writer: state = 2 policy.server=0
2012-05-30 16:47:55.340377 7fe96c865700 20 -- 46.19.94.16:0/1015811 >> 46.19.94.11:6800/9784 pipe(0x20f26d0 sd=5 pgs=35 cs=1 l=1).writer encoding 15 0x2105600 ping v1
2012-05-30 16:47:55.340386 7fe96c865700 20 -- 46.19.94.16:0/1015811 >> 46.19.94.11:6800/9784 pipe(0x20f26d0 sd=5 pgs=35 cs=1 l=1).writer sending 15 0x2105600
2012-05-30 16:47:55.340391 7fe96c865700 20 -- 46.19.94.16:0/1015811 >> 46.19.94.11:6800/9784 pipe(0x20f26d0 sd=5 pgs=35 cs=1 l=1).write_message 0x2105600
2012-05-30 16:47:55.340408 7fe96c865700 10 -- 46.19.94.16:0/1015811 >> 46.19.94.11:6800/9784 pipe(0x20f26d0 sd=5 pgs=35 cs=1 l=1).writer: state = 2 policy.server=0
2012-05-30 16:47:55.340416 7fe96c865700 20 -- 46.19.94.16:0/1015811 >> 46.19.94.11:6800/9784 pipe(0x20f26d0 sd=5 pgs=35 cs=1 l=1).writer sleeping
2012-05-30 16:47:55.545133 7fe96c764700 20 -- 46.19.94.16:0/1015811 >> 46.19.94.11:6800/9784 pipe(0x20f26d0 sd=5 pgs=35 cs=1 l=1).reader got ACK
2012-05-30 16:47:55.545160 7fe96c764700 15 reader got ack seq 15
2012-05-30 16:47:55.545162 7fe96c764700 20 -- 46.19.94.16:0/1015811 >> 46.19.94.11:6800/9784 pipe(0x20f26d0 sd=5 pgs=35 cs=1 l=1).reader reading tag...
2012-05-30 16:47:58.283254 7fe96e96a700 20 -- 46.19.94.16:0/1015811 send_keepalive con 0x7fe968001470, have pipe.
2012-05-30 16:47:58.283294 7fe972d7c700 10 -- 46.19.94.16:0/1015811 >> 46.19.94.1:6789/0 pipe(0x7fe968001200 sd=4 pgs=269 cs=1 l=1).writer: state = 2 policy.server=0
2012-05-30 16:47:58.283308 7fe972d7c700 10 -- 46.19.94.16:0/1015811 >> 46.19.94.1:6789/0 pipe(0x7fe968001200 sd=4 pgs=269 cs=1 l=1).write_keepalive
2012-05-30 16:47:58.283331 7fe972d7c700 10 -- 46.19.94.16:0/1015811 >> 46.19.94.1:6789/0 pipe(0x7fe968001200 sd=4 pgs=269 cs=1 l=1).writer: state = 2 policy.server=0
2012-05-30 16:47:58.283336 7fe972d7c700 20 -- 46.19.94.16:0/1015811 >> 46.19.94.1:6789/0 pipe(0x7fe968001200 sd=4 pgs=269 cs=1 l=1).writer sleeping
2012-05-30 16:48:00.340437 7fe96d867700 10 client.11895.objecter tick
2012-05-30 16:48:00.340454 7fe96d867700 2 client.11895.objecter tid 1 on osd.2 is laggy
2012-05-30 16:48:00.340457 7fe96d867700 10 client.11895.objecter maybe_request_map subscribing (onetime) to next osd map
2012-05-30 16:48:00.340468 7fe96d867700 1 -- 46.19.94.16:0/1015811 --> 46.19.94.11:6800/9784 -- ping v1 -- ?+0 0x2105f10 con 0x20f2940
2012-05-30 16:48:00.340477 7fe96d867700 20 -- 46.19.94.16:0/1015811 submit_message ping v1 remote 46.19.94.11:6800/9784
2012-05-30 16:48:00.340498 7fe96c865700 10 -- 46.19.94.16:0/1015811 >> 46.19.94.11:6800/9784 pipe(0x20f26d0 sd=5 pgs=35 cs=1 l=1).writer: state = 2 policy.server=0
2012-05-30 16:48:00.340529 7fe96c865700 20 -- 46.19.94.16:0/1015811 >> 46.19.94.11:6800/9784 pipe(0x20f26d0 sd=5 pgs=35 cs=1 l=1).writer encoding 16 0x2105f10 ping v1
2012-05-30 16:48:00.340534 7fe96c865700 20 -- 46.19.94.16:0/1015811 >> 46.19.94.11:6800/9784 pipe(0x20f26d0 sd=5 pgs=35 cs=1 l=1).writer sending 16 0x2105f10
2012-05-30 16:48:00.340538 7fe96c865700 20 -- 46.19.94.16:0/1015811 >> 46.19.94.11:6800/9784 pipe(0x20f26d0 sd=5 pgs=35 cs=1 l=1).write_message 0x2105f10
2012-05-30 16:48:00.340559 7fe96c865700 10 -- 46.19.94.16:0/1015811 >> 46.19.94.11:6800/9784 pipe(0x20f26d0 sd=5 pgs=35 cs=1 l=1).writer: state = 2 policy.server=0
2012-05-30 16:48:00.340570 7fe96c865700 20 -- 46.19.94.16:0/1015811 >> 46.19.94.11:6800/9784 pipe(0x20f26d0 sd=5 pgs=35 cs=1 l=1).writer sleeping
2012-05-30 16:48:00.545142 7fe96c764700 20 -- 46.19.94.16:0/1015811 >> 46.19.94.11:6800/9784 pipe(0x20f26d0 sd=5 pgs=35 cs=1 l=1).reader got ACK
2012-05-30 16:48:00.545166 7fe96c764700 15 reader got ack seq 16
2012-05-30 16:48:00.545168 7fe96c764700 20 -- 46.19.94.16:0/1015811 >> 46.19.94.11:6800/9784 pipe(0x20f26d0 sd=5 pgs=35 cs=1 l=1).reader reading tag...
2012-05-30 16:48:05.340571 7fe96d867700 10 client.11895.objecter tick
2012-05-30 16:48:05.340588 7fe96d867700 2 client.11895.objecter tid 1 on osd.2 is laggy
2012-05-30 16:48:05.340592 7fe96d867700 10 client.11895.objecter maybe_request_map subscribing (onetime) to next osd map
2012-05-30 16:48:05.340596 7fe96d867700 1 -- 46.19.94.16:0/1015811 --> 46.19.94.11:6800/9784 -- ping v1 -- ?+0 0x2106750 con 0x20f2940
2012-05-30 16:48:05.340604 7fe96d867700 20 -- 46.19.94.16:0/1015811 submit_message ping v1 remote 46.19.94.11:6800/9784
2012-05-30 16:48:05.340621 7fe96c865700 10 -- 46.19.94.16:0/1015811 >> 46.19.94.11:6800/9784 pipe(0x20f26d0 sd=5 pgs=35 cs=1 l=1).writer: state = 2 policy.server=0
2012-05-30 16:48:05.340642 7fe96c865700 20 -- 46.19.94.16:0/1015811 >> 46.19.94.11:6800/9784 pipe(0x20f26d0 sd=5 pgs=35 cs=1 l=1).writer encoding 17 0x2106750 ping v1
2012-05-30 16:48:05.340649 7fe96c865700 20 -- 46.19.94.16:0/1015811 >> 46.19.94.11:6800/9784 pipe(0x20f26d0 sd=5 pgs=35 cs=1 l=1).writer sending 17 0x2106750
2012-05-30 16:48:05.340653 7fe96c865700 20 -- 46.19.94.16:0/1015811 >> 46.19.94.11:6800/9784 pipe(0x20f26d0 sd=5 pgs=35 cs=1 l=1).write_message 0x2106750
2012-05-30 16:48:05.340676 7fe96c865700 10 -- 46.19.94.16:0/1015811 >> 46.19.94.11:6800/9784 pipe(0x20f26d0 sd=5 pgs=35 cs=1 l=1).writer: state = 2 policy.server=0
2012-05-30 16:48:05.340685 7fe96c865700 20 -- 46.19.94.16:0/1015811 >> 46.19.94.11:6800/9784 pipe(0x20f26d0 sd=5 pgs=35 cs=1 l=1).writer sleeping
2012-05-30 16:48:05.589148 7fe96c764700 20 -- 46.19.94.16:0/1015811 >> 46.19.94.11:6800/9784 pipe(0x20f26d0 sd=5 pgs=35 cs=1 l=1).reader got ACK
2012-05-30 16:48:05.589172 7fe96c764700 15 reader got ack seq 17
2012-05-30 16:48:05.589174 7fe96c764700 20 -- 46.19.94.16:0/1015811 >> 46.19.94.11:6800/9784 pipe(0x20f26d0 sd=5 pgs=35 cs=1 l=1).reader reading tag...
2012-05-30 16:48:08.283373 7fe96e96a700 20 -- 46.19.94.16:0/1015811 send_keepalive con 0x7fe968001470, have pipe.
2012-05-30 16:48:08.283413 7fe972d7c700 10 -- 46.19.94.16:0/1015811 >> 46.19.94.1:6789/0 pipe(0x7fe968001200 sd=4 pgs=269 cs=1 l=1).writer: state = 2 policy.server=0
2012-05-30 16:48:08.283439 7fe972d7c700 10 -- 46.19.94.16:0/1015811 >> 46.19.94.1:6789/0 pipe(0x7fe968001200 sd=4 pgs=269 cs=1 l=1).write_keepalive
2012-05-30 16:48:08.283461 7fe972d7c700 10 -- 46.19.94.16:0/1015811 >> 46.19.94.1:6789/0 pipe(0x7fe968001200 sd=4 pgs=269 cs=1 l=1).writer: state = 2 policy.server=0
2012-05-30 16:48:08.283466 7fe972d7c700 20 -- 46.19.94.16:0/1015811 >> 46.19.94.1:6789/0 pipe(0x7fe968001200 sd=4 pgs=269 cs=1 l=1).writer sleeping
2012-05-30 16:48:10.340697 7fe96d867700 10 client.11895.objecter tick
2012-05-30 16:48:10.340713 7fe96d867700 2 client.11895.objecter tid 1 on osd.2 is laggy
2012-05-30 16:48:10.340716 7fe96d867700 10 client.11895.objecter maybe_request_map subscribing (onetime) to next osd map
2012-05-30 16:48:10.340727 7fe96d867700 1 -- 46.19.94.16:0/1015811 --> 46.19.94.11:6800/9784 -- ping v1 -- ?+0 0x2107060 con 0x20f2940
2012-05-30 16:48:10.340735 7fe96d867700 20 -- 46.19.94.16:0/1015811 submit_message ping v1 remote 46.19.94.11:6800/9784
2012-05-30 16:48:10.340755 7fe96c865700 10 -- 46.19.94.16:0/1015811 >> 46.19.94.11:6800/9784 pipe(0x20f26d0 sd=5 pgs=35 cs=1 l=1).writer: state = 2 policy.server=0
2012-05-30 16:48:10.340778 7fe96c865700 20 -- 46.19.94.16:0/1015811 >> 46.19.94.11:6800/9784 pipe(0x20f26d0 sd=5 pgs=35 cs=1 l=1).writer encoding 18 0x2107060 ping v1
2012-05-30 16:48:10.340788 7fe96c865700 20 -- 46.19.94.16:0/1015811 >> 46.19.94.11:6800/9784 pipe(0x20f26d0 sd=5 pgs=35 cs=1 l=1).writer sending 18 0x2107060
2012-05-30 16:48:10.340792 7fe96c865700 20 -- 46.19.94.16:0/1015811 >> 46.19.94.11:6800/9784 pipe(0x20f26d0 sd=5 pgs=35 cs=1 l=1).write_message 0x2107060
2012-05-30 16:48:10.340809 7fe96c865700 10 -- 46.19.94.16:0/1015811 >> 46.19.94.11:6800/9784 pipe(0x20f26d0 sd=5 pgs=35 cs=1 l=1).writer: state = 2 policy.server=0
2012-05-30 16:48:10.340818 7fe96c865700 20 -- 46.19.94.16:0/1015811 >> 46.19.94.11:6800/9784 pipe(0x20f26d0 sd=5 pgs=35 cs=1 l=1).writer sleeping
2012-05-30 16:48:10.549089 7fe96c764700 20 -- 46.19.94.16:0/1015811 >> 46.19.94.11:6800/9784 pipe(0x20f26d0 sd=5 pgs=35 cs=1 l=1).reader got ACK
2012-05-30 16:48:10.549113 7fe96c764700 15 reader got ack seq 18
2012-05-30 16:48:10.549115 7fe96c764700 20 -- 46.19.94.16:0/1015811 >> 46.19.94.11:6800/9784 pipe(0x20f26d0 sd=5 pgs=35 cs=1 l=1).reader reading tag...
2012-05-30 16:48:15.340827 7fe96d867700 10 client.11895.objecter tick
2012-05-30 16:48:15.340843 7fe96d867700 2 client.11895.objecter tid 1 on osd.2 is laggy
2012-05-30 16:48:15.340846 7fe96d867700 10 client.11895.objecter maybe_request_map subscribing (onetime) to next osd map
2012-05-30 16:48:15.340850 7fe96d867700 1 -- 46.19.94.16:0/1015811 --> 46.19.94.11:6800/9784 -- ping v1 -- ?+0 0x21078a0 con 0x20f2940
2012-05-30 16:48:15.340857 7fe96d867700 20 -- 46.19.94.16:0/1015811 submit_message ping v1 remote 46.19.94.11:6800/9784
2012-05-30 16:48:15.340873 7fe96c865700 10 -- 46.19.94.16:0/1015811 >> 46.19.94.11:6800/9784 pipe(0x20f26d0 sd=5 pgs=35 cs=1 l=1).writer: state = 2 policy.server=0
2012-05-30 16:48:15.340891 7fe96c865700 20 -- 46.19.94.16:0/1015811 >> 46.19.94.11:6800/9784 pipe(0x20f26d0 sd=5 pgs=35 cs=1 l=1).writer encoding 19 0x21078a0 ping v1
2012-05-30 16:48:15.340900 7fe96c865700 20 -- 46.19.94.16:0/1015811 >> 46.19.94.11:6800/9784 pipe(0x20f26d0 sd=5 pgs=35 cs=1 l=1).writer sending 19 0x21078a0
2012-05-30 16:48:15.340912 7fe96c865700 20 -- 46.19.94.16:0/1015811 >> 46.19.94.11:6800/9784 pipe(0x20f26d0 sd=5 pgs=35 cs=1 l=1).write_message 0x21078a0
2012-05-30 16:48:15.340931 7fe96c865700 10 -- 46.19.94.16:0/1015811 >> 46.19.94.11:6800/9784 pipe(0x20f26d0 sd=5 pgs=35 cs=1 l=1).writer: state = 2 policy.server=0
2012-05-30 16:48:15.340940 7fe96c865700 20 -- 46.19.94.16:0/1015811 >> 46.19.94.11:6800/9784 pipe(0x20f26d0 sd=5 pgs=35 cs=1 l=1).writer sleeping
2012-05-30 16:48:15.545147 7fe96c764700 20 -- 46.19.94.16:0/1015811 >> 46.19.94.11:6800/9784 pipe(0x20f26d0 sd=5 pgs=35 cs=1 l=1).reader got ACK
2012-05-30 16:48:15.545174 7fe96c764700 15 reader got ack seq 19
2012-05-30 16:48:15.545176 7fe96c764700 20 -- 46.19.94.16:0/1015811 >> 46.19.94.11:6800/9784 pipe(0x20f26d0 sd=5 pgs=35 cs=1 l=1).reader reading tag...
2012-05-30 16:48:18.283491 7fe96e96a700 20 -- 46.19.94.16:0/1015811 send_keepalive con 0x7fe968001470, have pipe.
2012-05-30 16:48:18.283532 7fe972d7c700 10 -- 46.19.94.16:0/1015811 >> 46.19.94.1:6789/0 pipe(0x7fe968001200 sd=4 pgs=269 cs=1 l=1).writer: state = 2 policy.server=0
2012-05-30 16:48:18.283548 7fe972d7c700 10 -- 46.19.94.16:0/1015811 >> 46.19.94.1:6789/0 pipe(0x7fe968001200 sd=4 pgs=269 cs=1 l=1).write_keepalive
2012-05-30 16:48:18.283575 7fe972d7c700 10 -- 46.19.94.16:0/1015811 >> 46.19.94.1:6789/0 pipe(0x7fe968001200 sd=4 pgs=269 cs=1 l=1).writer: state = 2 policy.server=0
2012-05-30 16:48:18.283579 7fe972d7c700 20 -- 46.19.94.16:0/1015811 >> 46.19.94.1:6789/0 pipe(0x7fe968001200 sd=4 pgs=269 cs=1 l=1).writer sleeping
2012-05-30 16:48:20.340951 7fe96d867700 10 client.11895.objecter tick
2012-05-30 16:48:20.340977 7fe96d867700 2 client.11895.objecter tid 1 on osd.2 is laggy
2012-05-30 16:48:20.340980 7fe96d867700 10 client.11895.objecter maybe_request_map subscribing (onetime) to next osd map
2012-05-30 16:48:20.340984 7fe96d867700 1 -- 46.19.94.16:0/1015811 --> 46.19.94.11:6800/9784 -- ping v1 -- ?+0 0x21081b0 con 0x20f2940
2012-05-30 16:48:20.340992 7fe96d867700 20 -- 46.19.94.16:0/1015811 submit_message ping v1 remote 46.19.94.11:6800/9784
2012-05-30 16:48:20.341009 7fe96c865700 10 -- 46.19.94.16:0/1015811 >> 46.19.94.11:6800/9784 pipe(0x20f26d0 sd=5 pgs=35 cs=1 l=1).writer: state = 2 policy.server=0
2012-05-30 16:48:20.341038 7fe96c865700 20 -- 46.19.94.16:0/1015811 >> 46.19.94.11:6800/9784 pipe(0x20f26d0 sd=5 pgs=35 cs=1 l=1).writer encoding 20 0x21081b0 ping v1
2012-05-30 16:48:20.341044 7fe96c865700 20 -- 46.19.94.16:0/1015811 >> 46.19.94.11:6800/9784 pipe(0x20f26d0 sd=5 pgs=35 cs=1 l=1).writer sending 20 0x21081b0
2012-05-30 16:48:20.341054 7fe96c865700 20 -- 46.19.94.16:0/1015811 >> 46.19.94.11:6800/9784 pipe(0x20f26d0 sd=5 pgs=35 cs=1 l=1).write_message 0x21081b0
2012-05-30 16:48:20.341071 7fe96c865700 10 -- 46.19.94.16:0/1015811 >> 46.19.94.11:6800/9784 pipe(0x20f26d0 sd=5 pgs=35 cs=1 l=1).writer: state = 2 policy.server=0
2012-05-30 16:48:20.341092 7fe96c865700 20 -- 46.19.94.16:0/1015811 >> 46.19.94.11:6800/9784 pipe(0x20f26d0 sd=5 pgs=35 cs=1 l=1).writer sleeping
2012-05-30 16:48:20.545088 7fe96c764700 20 -- 46.19.94.16:0/1015811 >> 46.19.94.11:6800/9784 pipe(0x20f26d0 sd=5 pgs=35 cs=1 l=1).reader got ACK
2012-05-30 16:48:20.545113 7fe96c764700 15 reader got ack seq 20
2012-05-30 16:48:20.545114 7fe96c764700 20 -- 46.19.94.16:0/1015811 >> 46.19.94.11:6800/9784 pipe(0x20f26d0 sd=5 pgs=35 cs=1 l=1).reader reading tag...
2012-05-30 16:48:25.341084 7fe96d867700 10 client.11895.objecter tick
2012-05-30 16:48:25.341100 7fe96d867700 2 client.11895.objecter tid 1 on osd.2 is laggy
2012-05-30 16:48:25.341103 7fe96d867700 10 client.11895.objecter maybe_request_map subscribing (onetime) to next osd map
2012-05-30 16:48:25.341107 7fe96d867700 1 -- 46.19.94.16:0/1015811 --> 46.19.94.11:6800/9784 -- ping v1 -- ?+0 0x21089f0 con 0x20f2940
2012-05-30 16:48:25.341115 7fe96d867700 20 -- 46.19.94.16:0/1015811 submit_message ping v1 remote 46.19.94.11:6800/9784
2012-05-30 16:48:25.341144 7fe96c865700 10 -- 46.19.94.16:0/1015811 >> 46.19.94.11:6800/9784 pipe(0x20f26d0 sd=5 pgs=35 cs=1 l=1).writer: state = 2 policy.server=0
2012-05-30 16:48:25.341171 7fe96c865700 20 -- 46.19.94.16:0/1015811 >> 46.19.94.11:6800/9784 pipe(0x20f26d0 sd=5 pgs=35 cs=1 l=1).writer encoding 21 0x21089f0 ping v1
2012-05-30 16:48:25.341176 7fe96c865700 20 -- 46.19.94.16:0/1015811 >> 46.19.94.11:6800/9784 pipe(0x20f26d0 sd=5 pgs=35 cs=1 l=1).writer sending 21 0x21089f0
2012-05-30 16:48:25.341181 7fe96c865700 20 -- 46.19.94.16:0/1015811 >> 46.19.94.11:6800/9784 pipe(0x20f26d0 sd=5 pgs=35 cs=1 l=1).write_message 0x21089f0
2012-05-30 16:48:25.341200 7fe96c865700 10 -- 46.19.94.16:0/1015811 >> 46.19.94.11:6800/9784 pipe(0x20f26d0 sd=5 pgs=35 cs=1 l=1).writer: state = 2 policy.server=0
2012-05-30 16:48:25.341209 7fe96c865700 20 -- 46.19.94.16:0/1015811 >> 46.19.94.11:6800/9784 pipe(0x20f26d0 sd=5 pgs=35 cs=1 l=1).writer sleeping
2012-05-30 16:48:25.565094 7fe96c764700 20 -- 46.19.94.16:0/1015811 >> 46.19.94.11:6800/9784 pipe(0x20f26d0 sd=5 pgs=35 cs=1 l=1).reader got ACK
2012-05-30 16:48:25.565124 7fe96c764700 15 reader got ack seq 21
2012-05-30 16:48:25.565126 7fe96c764700 20 -- 46.19.94.16:0/1015811 >> 46.19.94.11:6800/9784 pipe(0x20f26d0 sd=5 pgs=35 cs=1 l=1).reader reading tag...
2012-05-30 16:48:28.283609 7fe96e96a700 20 -- 46.19.94.16:0/1015811 send_keepalive con 0x7fe968001470, have pipe.
2012-05-30 16:48:28.283659 7fe972d7c700 10 -- 46.19.94.16:0/1015811 >> 46.19.94.1:6789/0 pipe(0x7fe968001200 sd=4 pgs=269 cs=1 l=1).writer: state = 2 policy.server=0
2012-05-30 16:48:28.283673 7fe972d7c700 10 -- 46.19.94.16:0/1015811 >> 46.19.94.1:6789/0 pipe(0x7fe968001200 sd=4 pgs=269 cs=1 l=1).write_keepalive
2012-05-30 16:48:28.283695 7fe972d7c700 10 -- 46.19.94.16:0/1015811 >> 46.19.94.1:6789/0 pipe(0x7fe968001200 sd=4 pgs=269 cs=1 l=1).writer: state = 2 policy.server=0
2012-05-30 16:48:28.283700 7fe972d7c700 20 -- 46.19.94.16:0/1015811 >> 46.19.94.1:6789/0 pipe(0x7fe968001200 sd=4 pgs=269 cs=1 l=1).writer sleeping
2012-05-30 16:48:30.341221 7fe96d867700 10 client.11895.objecter tick
2012-05-30 16:48:30.341236 7fe96d867700 2 client.11895.objecter tid 1 on osd.2 is laggy
2012-05-30 16:48:30.341239 7fe96d867700 10 client.11895.objecter maybe_request_map subscribing (onetime) to next osd map
2012-05-30 16:48:30.341243 7fe96d867700 1 -- 46.19.94.16:0/1015811 --> 46.19.94.11:6800/9784 -- ping v1 -- ?+0 0x2109300 con 0x20f2940
2012-05-30 16:48:30.341251 7fe96d867700 20 -- 46.19.94.16:0/1015811 submit_message ping v1 remote 46.19.94.11:6800/9784
2012-05-30 16:48:30.341267 7fe96c865700 10 -- 46.19.94.16:0/1015811 >> 46.19.94.11:6800/9784 pipe(0x20f26d0 sd=5 pgs=35 cs=1 l=1).writer: state = 2 policy.server=0
2012-05-30 16:48:30.341301 7fe96c865700 20 -- 46.19.94.16:0/1015811 >> 46.19.94.11:6800/9784 pipe(0x20f26d0 sd=5 pgs=35 cs=1 l=1).writer encoding 22 0x2109300 ping v1
2012-05-30 16:48:30.341311 7fe96c865700 20 -- 46.19.94.16:0/1015811 >> 46.19.94.11:6800/9784 pipe(0x20f26d0 sd=5 pgs=35 cs=1 l=1).writer sending 22 0x2109300
2012-05-30 16:48:30.341316 7fe96c865700 20 -- 46.19.94.16:0/1015811 >> 46.19.94.11:6800/9784 pipe(0x20f26d0 sd=5 pgs=35 cs=1 l=1).write_message 0x2109300
2012-05-30 16:48:30.341332 7fe96c865700 10 -- 46.19.94.16:0/1015811 >> 46.19.94.11:6800/9784 pipe(0x20f26d0 sd=5 pgs=35 cs=1 l=1).writer: state = 2 policy.server=0
2012-05-30 16:48:30.341348 7fe96c865700 20 -- 46.19.94.16:0/1015811 >> 46.19.94.11:6800/9784 pipe(0x20f26d0 sd=5 pgs=35 cs=1 l=1).writer sleeping
2012-05-30 16:48:30.601208 7fe96c764700 20 -- 46.19.94.16:0/1015811 >> 46.19.94.11:6800/9784 pipe(0x20f26d0 sd=5 pgs=35 cs=1 l=1).reader got ACK
2012-05-30 16:48:30.601232 7fe96c764700 15 reader got ack seq 22
2012-05-30 16:48:30.601234 7fe96c764700 20 -- 46.19.94.16:0/1015811 >> 46.19.94.11:6800/9784 pipe(0x20f26d0 sd=5 pgs=35 cs=1 l=1).reader reading tag...
2012-05-30 16:48:35.341344 7fe96d867700 10 client.11895.objecter tick
2012-05-30 16:48:35.341360 7fe96d867700 2 client.11895.objecter tid 1 on osd.2 is laggy
2012-05-30 16:48:35.341363 7fe96d867700 10 client.11895.objecter maybe_request_map subscribing (onetime) to next osd map
2012-05-30 16:48:35.341367 7fe96d867700 1 -- 46.19.94.16:0/1015811 --> 46.19.94.11:6800/9784 -- ping v1 -- ?+0 0x2109b40 con 0x20f2940
2012-05-30 16:48:35.341374 7fe96d867700 20 -- 46.19.94.16:0/1015811 submit_message ping v1 remote 46.19.94.11:6800/9784
2012-05-30 16:48:35.341390 7fe96c865700 10 -- 46.19.94.16:0/1015811 >> 46.19.94.11:6800/9784 pipe(0x20f26d0 sd=5 pgs=35 cs=1 l=1).writer: state = 2 policy.server=0
2012-05-30 16:48:35.341408 7fe96c865700 20 -- 46.19.94.16:0/1015811 >> 46.19.94.11:6800/9784 pipe(0x20f26d0 sd=5 pgs=35 cs=1 l=1).writer encoding 23 0x2109b40 ping v1
2012-05-30 16:48:35.341417 7fe96c865700 20 -- 46.19.94.16:0/1015811 >> 46.19.94.11:6800/9784 pipe(0x20f26d0 sd=5 pgs=35 cs=1 l=1).writer sending 23 0x2109b40
2012-05-30 16:48:35.341421 7fe96c865700 20 -- 46.19.94.16:0/1015811 >> 46.19.94.11:6800/9784 pipe(0x20f26d0 sd=5 pgs=35 cs=1 l=1).write_message 0x2109b40
2012-05-30 16:48:35.341447 7fe96c865700 10 -- 46.19.94.16:0/1015811 >> 46.19.94.11:6800/9784 pipe(0x20f26d0 sd=5 pgs=35 cs=1 l=1).writer: state = 2 policy.server=0
2012-05-30 16:48:35.341455 7fe96c865700 20 -- 46.19.94.16:0/1015811 >> 46.19.94.11:6800/9784 pipe(0x20f26d0 sd=5 pgs=35 cs=1 l=1).writer sleeping
2012-05-30 16:48:35.569096 7fe96c764700 20 -- 46.19.94.16:0/1015811 >> 46.19.94.11:6800/9784 pipe(0x20f26d0 sd=5 pgs=35 cs=1 l=1).reader got ACK
2012-05-30 16:48:35.569128 7fe96c764700 15 reader got ack seq 23
2012-05-30 16:48:35.569130 7fe96c764700 20 -- 46.19.94.16:0/1015811 >> 46.19.94.11:6800/9784 pipe(0x20f26d0 sd=5 pgs=35 cs=1 l=1).reader reading tag...
2012-05-30 16:48:38.283738 7fe96e96a700 20 -- 46.19.94.16:0/1015811 send_keepalive con 0x7fe968001470, have pipe.
2012-05-30 16:48:38.283778 7fe972d7c700 10 -- 46.19.94.16:0/1015811 >> 46.19.94.1:6789/0 pipe(0x7fe968001200 sd=4 pgs=269 cs=1 l=1).writer: state = 2 policy.server=0
