2018-10-24 14:24:59.666 7ff4ffee3700 4 -- 127.0.0.1:6801/25149 >> 127.0.0.1:40662/0 conn(0x559a661f1880 legacy :-1 s=STATE_CONNECTION_ESTABLISHED l=1).handle_write -970>
2018-10-24 14:25:00.569 7ff4f4ea8700 5 bluestore.MempoolThread(0x559a653ffbd8) _tune_cache_size target: 4294967296 heap: 54927360 unmapped: 892928 mapped: 54034432 old cache_size: 2845415832 new cache size: 2845415832 -969>
2018-10-24 14:25:00.569 7ff4f4ea8700 5 bluestore.MempoolThread(0x559a653ffbd8) _trim_shards cache_size: 2845415832 kv_alloc: 1218696969 kv_used: 897 meta_alloc: 1084479241 meta_used: 18104 data_alloc: 542239620 data_used: 0 -968>
2018-10-24 14:25:01.906 7ff4db675700 5 osd.0 5 heartbeat osd_stat(1.1 GiB used (192 KiB data, 0 B omap, 1 GiB meta), 9.0 GiB avail, 10 GiB total, peers [] op hist []) -967>
2018-10-24 14:25:02.406 7ff4db675700 5 osd.0 5 heartbeat osd_stat(1.1 GiB used (192 KiB data, 0 B omap, 1 GiB meta), 9.0 GiB avail, 10 GiB total, peers [] op hist []) -966>
2018-10-24 14:25:02.972 7ff4e6e8c700 1 -- 127.0.0.1:6801/25149 --> 127.0.0.1:6800/24805 -- mgrreport(unknown.0 +0-0 packed 782 daemon_metrics=2) v6 -- 0x559a664a9500 con 0 -965>
2018-10-24 14:25:02.972 7ff4e6e8c700 1 -- 127.0.0.1:6801/25149 --> 127.0.0.1:6800/24805 -- pg_stats(0 pgs tid 0 v 0) v1 -- 0x559a664d1b00 con 0 -964>
2018-10-24 14:25:02.972 7ff4ff6e2700 4 -- 127.0.0.1:6801/25149 >> 127.0.0.1:6800/24805 conn(0x559a664a8000 legacy :-1 s=STATE_CONNECTION_ESTABLISHED l=1).handle_write -963>
2018-10-24 14:25:02.972 7ff4ff6e2700 4 -- 127.0.0.1:6801/25149 >> 127.0.0.1:6800/24805 conn(0x559a664a8000 legacy :-1 s=STATE_CONNECTION_ESTABLISHED l=1).handle_write -962>
2018-10-24 14:25:05.307 7ff4db675700 5 osd.0 5 heartbeat osd_stat(1.1 GiB used (192 KiB data, 0 B omap, 1 GiB meta), 9.0 GiB avail, 10 GiB total, peers [] op hist []) -961>
2018-10-24 14:25:05.589 7ff4f4ea8700 5 bluestore.MempoolThread(0x559a653ffbd8) _tune_cache_size target: 4294967296 heap: 54927360 unmapped: 892928 mapped: 54034432 old cache_size: 2845415832 new cache size: 2845415832 -960>
2018-10-24 14:25:05.589 7ff4f4ea8700 5 bluestore.MempoolThread(0x559a653ffbd8) _trim_shards cache_size: 2845415832 kv_alloc: 1218696969 kv_used: 897 meta_alloc: 1084479241 meta_used: 18104 data_alloc: 542239620 data_used: 0 -959>
2018-10-24 14:25:05.807 7ff4db675700 5 osd.0 5 heartbeat osd_stat(1.1 GiB used (192 KiB data, 0 B omap, 1 GiB meta), 9.0 GiB avail, 10 GiB total, peers [] op hist []) -958>
2018-10-24 14:25:07.974 7ff4e6e8c700 1 -- 127.0.0.1:6801/25149 --> 127.0.0.1:6800/24805 -- mgrreport(unknown.0 +0-0 packed 782 daemon_metrics=2) v6 -- 0x559a664a9c00 con 0 -957>
2018-10-24 14:25:07.974 7ff4e6e8c700 1 -- 127.0.0.1:6801/25149 --> 127.0.0.1:6800/24805 -- pg_stats(0 pgs tid 0 v 0) v1 -- 0x559a664d1500 con 0 -956>
2018-10-24 14:25:07.974 7ff4ff6e2700 4 -- 127.0.0.1:6801/25149 >> 127.0.0.1:6800/24805 conn(0x559a664a8000 legacy :-1 s=STATE_CONNECTION_ESTABLISHED l=1).handle_write -955>
2018-10-24 14:25:07.975 7ff4ff6e2700 4 -- 127.0.0.1:6801/25149 >> 127.0.0.1:6800/24805 conn(0x559a664a8000 legacy :-1 s=STATE_CONNECTION_ESTABLISHED l=1).handle_write -954>
2018-10-24 14:25:09.666 7ff4e7e8e700 10 monclient: tick -953>
2018-10-24 14:25:09.666 7ff4e7e8e700 10 monclient: _check_auth_rotating have uptodate secrets (they expire after
2018-10-24 14:24:39.667901) -952>
2018-10-24 14:25:09.666 7ff4ffee3700 4 -- 127.0.0.1:6801/25149 >> 127.0.0.1:40662/0 conn(0x559a661f1880 legacy :-1 s=STATE_CONNECTION_ESTABLISHED l=1).handle_write -951>
2018-10-24 14:25:10.508 7ff4db675700 5 osd.0 5 heartbeat osd_stat(1.1 GiB used (192 KiB data, 0 B omap, 1 GiB meta), 9.0 GiB avail, 10 GiB total, peers [] op hist []) -950>
2018-10-24 14:25:10.606 7ff4f4ea8700 5 bluestore.MempoolThread(0x559a653ffbd8) _tune_cache_size target: 4294967296 heap: 54927360 unmapped: 892928 mapped: 54034432 old cache_size: 2845415832 new cache size: 2845415832 -949>
2018-10-24 14:25:10.606 7ff4f4ea8700 5 bluestore.MempoolThread(0x559a653ffbd8) _trim_shards cache_size: 2845415832 kv_alloc: 1218696969 kv_used: 897 meta_alloc: 1084479241 meta_used: 18104 data_alloc: 542239620 data_used: 0 -948>
2018-10-24 14:25:12.975 7ff4e6e8c700 1 -- 127.0.0.1:6801/25149 --> 127.0.0.1:6800/24805 -- mgrreport(unknown.0 +0-0 packed 782 daemon_metrics=2) v6 -- 0x559a664a9880 con 0 -947>
2018-10-24 14:25:12.975 7ff4ff6e2700 4 -- 127.0.0.1:6801/25149 >> 127.0.0.1:6800/24805 conn(0x559a664a8000 legacy :-1 s=STATE_CONNECTION_ESTABLISHED l=1).handle_write -946>
2018-10-24 14:25:12.975 7ff4e6e8c700 1 -- 127.0.0.1:6801/25149 --> 127.0.0.1:6800/24805 -- pg_stats(0 pgs tid 0 v 0) v1 -- 0x559a664d0600 con 0 -945>
2018-10-24 14:25:12.975 7ff4ff6e2700 4 -- 127.0.0.1:6801/25149 >> 127.0.0.1:6800/24805 conn(0x559a664a8000 legacy :-1 s=STATE_CONNECTION_ESTABLISHED l=1).handle_write -944>
2018-10-24 14:25:13.408 7ff4db675700 5 osd.0 5 heartbeat osd_stat(1.1 GiB used (192 KiB data, 0 B omap, 1 GiB meta), 9.0 GiB avail, 10 GiB total, peers [] op hist []) -943>
2018-10-24 14:25:15.626 7ff4f4ea8700 5 bluestore.MempoolThread(0x559a653ffbd8) _tune_cache_size target: 4294967296 heap: 54927360 unmapped: 892928 mapped: 54034432 old cache_size: 2845415832 new cache size: 2845415832 -942>
2018-10-24 14:25:15.626 7ff4f4ea8700 5 bluestore.MempoolThread(0x559a653ffbd8) _trim_shards cache_size: 2845415832 kv_alloc: 1218696969 kv_used: 897 meta_alloc: 1084479241 meta_used: 18104 data_alloc: 542239620 data_used: 0 -941>
2018-10-24 14:25:17.976 7ff4e6e8c700 1 -- 127.0.0.1:6801/25149 --> 127.0.0.1:6800/24805 -- mgrreport(unknown.0 +0-0 packed 782 daemon_metrics=2) v6 -- 0x559a6853c000 con 0 -940>
2018-10-24 14:25:17.976 7ff4ff6e2700 4 -- 127.0.0.1:6801/25149 >> 127.0.0.1:6800/24805 conn(0x559a664a8000 legacy :-1 s=STATE_CONNECTION_ESTABLISHED l=1).handle_write -939>
2018-10-24 14:25:17.976 7ff4e6e8c700 1 -- 127.0.0.1:6801/25149 --> 127.0.0.1:6800/24805 -- pg_stats(0 pgs tid 0 v 0) v1 -- 0x559a664d0f00 con 0 -938>
2018-10-24 14:25:17.977 7ff4ff6e2700 4 -- 127.0.0.1:6801/25149 >> 127.0.0.1:6800/24805 conn(0x559a664a8000 legacy :-1 s=STATE_CONNECTION_ESTABLISHED l=1).handle_write -937>
2018-10-24 14:25:18.709 7ff4db675700 5 osd.0 5 heartbeat osd_stat(1.1 GiB used (192 KiB data, 0 B omap, 1 GiB meta), 9.0 GiB avail, 10 GiB total, peers [] op hist []) -936>
2018-10-24 14:25:19.666 7ff4e7e8e700 10 monclient: tick -935>
2018-10-24 14:25:19.667 7ff4e7e8e700 10 monclient: _check_auth_rotating have uptodate secrets (they expire after
2018-10-24 14:24:49.668316) -934>
2018-10-24 14:25:19.667 7ff4ffee3700 4 -- 127.0.0.1:6801/25149 >> 127.0.0.1:40662/0 conn(0x559a661f1880 legacy :-1 s=STATE_CONNECTION_ESTABLISHED l=1).handle_write -933>
2018-10-24 14:25:20.648 7ff4f4ea8700 5 bluestore.MempoolThread(0x559a653ffbd8) _tune_cache_size target: 4294967296 heap: 54927360 unmapped: 884736 mapped: 54042624 old cache_size: 2845415832 new cache size: 2845415832 -932>
2018-10-24 14:25:20.648 7ff4f4ea8700 5 bluestore.MempoolThread(0x559a653ffbd8) _trim_shards cache_size: 2845415832 kv_alloc: 1218696969 kv_used: 897 meta_alloc: 1084479241 meta_used: 18104 data_alloc: 542239620 data_used: 0 -931>
2018-10-24 14:25:22.810 7ff4db675700 5 osd.0 5 heartbeat osd_stat(1.1 GiB used (192 KiB data, 0 B omap, 1 GiB meta), 9.0 GiB avail, 10 GiB total, peers [] op hist []) -930>
2018-10-24 14:25:22.978 7ff4e6e8c700 1 -- 127.0.0.1:6801/25149 --> 127.0.0.1:6800/24805 -- mgrreport(unknown.0 +0-0 packed 782 daemon_metrics=2) v6 -- 0x559a6853c380 con 0 -929>
2018-10-24 14:25:22.978 7ff4ff6e2700 4 -- 127.0.0.1:6801/25149 >> 127.0.0.1:6800/24805 conn(0x559a664a8000 legacy :-1 s=STATE_CONNECTION_ESTABLISHED l=1).handle_write -928>
2018-10-24 14:25:22.978 7ff4e6e8c700 1 -- 127.0.0.1:6801/25149 --> 127.0.0.1:6800/24805 -- pg_stats(0 pgs tid 0 v 0) v1 -- 0x559a664d1200 con 0 -927>
2018-10-24 14:25:22.979 7ff4ff6e2700 4 -- 127.0.0.1:6801/25149 >> 127.0.0.1:6800/24805 conn(0x559a664a8000 legacy :-1 s=STATE_CONNECTION_ESTABLISHED l=1).handle_write -926>
2018-10-24 14:25:25.110 7ff4db675700 5 osd.0 5 heartbeat osd_stat(1.1 GiB used (192 KiB data, 0 B omap, 1 GiB meta), 9.0 GiB avail, 10 GiB total, peers [] op hist []) -925>
2018-10-24 14:25:25.668 7ff4f4ea8700 5 bluestore.MempoolThread(0x559a653ffbd8) _tune_cache_size target: 4294967296 heap: 54927360 unmapped: 884736 mapped: 54042624 old cache_size: 2845415832 new cache size: 2845415832 -924>
2018-10-24 14:25:25.668 7ff4f4ea8700 5 bluestore.MempoolThread(0x559a653ffbd8) _trim_shards cache_size: 2845415832 kv_alloc: 1218696969 kv_used: 897 meta_alloc: 1084479241 meta_used: 18104 data_alloc: 542239620 data_used: 0 -923>
2018-10-24 14:25:27.411 7ff4db675700 5 osd.0 5 heartbeat osd_stat(1.1 GiB used (192 KiB data, 0 B omap, 1 GiB meta), 9.0 GiB avail, 10 GiB total, peers [] op hist []) -922>
2018-10-24 14:25:27.980 7ff4e6e8c700 1 -- 127.0.0.1:6801/25149 --> 127.0.0.1:6800/24805 -- mgrreport(unknown.0 +0-0 packed 782 daemon_metrics=2) v6 -- 0x559a6853c700 con 0 -921>
2018-10-24 14:25:27.980 7ff4ff6e2700 4 -- 127.0.0.1:6801/25149 >> 127.0.0.1:6800/24805 conn(0x559a664a8000 legacy :-1 s=STATE_CONNECTION_ESTABLISHED l=1).handle_write -920>
2018-10-24 14:25:27.980 7ff4e6e8c700 1 -- 127.0.0.1:6801/25149 --> 127.0.0.1:6800/24805 -- pg_stats(0 pgs tid 0 v 0) v1 -- 0x559a664d1800 con 0 -919>
2018-10-24 14:25:27.981 7ff4ff6e2700 4 -- 127.0.0.1:6801/25149 >> 127.0.0.1:6800/24805 conn(0x559a664a8000 legacy :-1 s=STATE_CONNECTION_ESTABLISHED l=1).handle_write -918>
2018-10-24 14:25:29.667 7ff4e7e8e700 10 monclient: tick -917>
2018-10-24 14:25:29.667 7ff4e7e8e700 10 monclient: _check_auth_rotating have uptodate secrets (they expire after
2018-10-24 14:24:59.668722) -916>
2018-10-24 14:25:29.667 7ff4ffee3700 4 -- 127.0.0.1:6801/25149 >> 127.0.0.1:40662/0 conn(0x559a661f1880 legacy :-1 s=STATE_CONNECTION_ESTABLISHED l=1).handle_write -915>
2018-10-24 14:25:29.711 7ff4db675700 5 osd.0 5 heartbeat osd_stat(1.1 GiB used (192 KiB data, 0 B omap, 1 GiB meta), 9.0 GiB avail, 10 GiB total, peers [] op hist []) -914>
2018-10-24 14:25:30.689 7ff4f4ea8700 5 bluestore.MempoolThread(0x559a653ffbd8) _tune_cache_size target: 4294967296 heap: 54927360 unmapped: 884736 mapped: 54042624 old cache_size: 2845415832 new cache size: 2845415832 -913>
2018-10-24 14:25:30.689 7ff4f4ea8700 5 bluestore.MempoolThread(0x559a653ffbd8) _trim_shards cache_size: 2845415832 kv_alloc: 1218696969 kv_used: 897 meta_alloc: 1084479241 meta_used: 18104 data_alloc: 542239620 data_used: 0 -912>
2018-10-24 14:25:30.812 7ff4db675700 5 osd.0 5 heartbeat osd_stat(1.1 GiB used (192 KiB data, 0 B omap, 1 GiB meta), 9.0 GiB avail, 10 GiB total, peers [] op hist []) -911>
2018-10-24 14:25:32.982 7ff4e6e8c700 1 -- 127.0.0.1:6801/25149 --> 127.0.0.1:6800/24805 -- mgrreport(unknown.0 +0-0 packed 782 daemon_metrics=2) v6 -- 0x559a6853ca80 con 0 -910>
2018-10-24 14:25:32.983 7ff4ff6e2700 4 -- 127.0.0.1:6801/25149 >> 127.0.0.1:6800/24805 conn(0x559a664a8000 legacy :-1 s=STATE_CONNECTION_ESTABLISHED l=1).handle_write -909>
2018-10-24 14:25:32.983 7ff4e6e8c700 1 -- 127.0.0.1:6801/25149 --> 127.0.0.1:6800/24805 -- pg_stats(0 pgs tid 0 v 0) v1 -- 0x559a68536000 con 0 -908>
2018-10-24 14:25:32.983 7ff4ff6e2700 4 -- 127.0.0.1:6801/25149 >> 127.0.0.1:6800/24805 conn(0x559a664a8000 legacy :-1 s=STATE_CONNECTION_ESTABLISHED l=1).handle_write -907>
2018-10-24 14:25:35.711 7ff4f4ea8700 5 bluestore.MempoolThread(0x559a653ffbd8) _tune_cache_size target: 4294967296 heap: 54927360 unmapped: 876544 mapped: 54050816 old cache_size: 2845415832 new cache size: 2845415832 -906>
2018-10-24 14:25:35.711 7ff4f4ea8700 5 bluestore.MempoolThread(0x559a653ffbd8) _trim_shards cache_size: 2845415832 kv_alloc: 1218696969 kv_used: 897 meta_alloc: 1084479241 meta_used: 18104 data_alloc: 542239620 data_used: 0 -905>
2018-10-24 14:25:36.713 7ff4db675700 5 osd.0 5 heartbeat osd_stat(1.1 GiB used (192 KiB data, 0 B omap, 1 GiB meta), 9.0 GiB avail, 10 GiB total, peers [] op hist []) -904>
2018-10-24 14:25:37.814 7ff4db675700 5 osd.0 5 heartbeat osd_stat(1.1 GiB used (192 KiB data, 0 B omap, 1 GiB meta), 9.0 GiB avail, 10 GiB total, peers [] op hist []) -903>
2018-10-24 14:25:37.984 7ff4e6e8c700 1 -- 127.0.0.1:6801/25149 --> 127.0.0.1:6800/24805 -- mgrreport(unknown.0 +0-0 packed 782 daemon_metrics=2) v6 -- 0x559a6853ce00 con 0 -902>
2018-10-24 14:25:37.984 7ff4ff6e2700 4 -- 127.0.0.1:6801/25149 >> 127.0.0.1:6800/24805 conn(0x559a664a8000 legacy :-1 s=STATE_CONNECTION_ESTABLISHED l=1).handle_write -901>
2018-10-24 14:25:37.984 7ff4e6e8c700 1 -- 127.0.0.1:6801/25149 --> 127.0.0.1:6800/24805 -- pg_stats(0 pgs tid 0 v 0) v1 -- 0x559a68536300 con 0 -900>
2018-10-24 14:25:37.985 7ff4ff6e2700 4 -- 127.0.0.1:6801/25149 >> 127.0.0.1:6800/24805 conn(0x559a664a8000 legacy :-1 s=STATE_CONNECTION_ESTABLISHED l=1).handle_write -899>
2018-10-24 14:25:39.667 7ff4e7e8e700 10 monclient: tick -898>
2018-10-24 14:25:39.667 7ff4e7e8e700 10 monclient: _check_auth_rotating have uptodate secrets (they expire after
2018-10-24 14:25:09.669151) -897>
2018-10-24 14:25:39.668 7ff4ffee3700 4 -- 127.0.0.1:6801/25149 >> 127.0.0.1:40662/0 conn(0x559a661f1880 legacy :-1 s=STATE_CONNECTION_ESTABLISHED l=1).handle_write -896>
2018-10-24 14:25:40.741 7ff4f4ea8700 5 bluestore.MempoolThread(0x559a653ffbd8) _tune_cache_size target: 4294967296 heap: 54927360 unmapped: 876544 mapped: 54050816 old cache_size: 2845415832 new cache size: 2845415832 -895>
2018-10-24 14:25:40.742 7ff4f4ea8700 5 bluestore.MempoolThread(0x559a653ffbd8) _trim_shards cache_size: 2845415832 kv_alloc: 1218696969 kv_used: 897 meta_alloc: 1084479241 meta_used: 18104 data_alloc: 542239620 data_used: 0 -894>
2018-10-24 14:25:42.987 7ff4e6e8c700 1 -- 127.0.0.1:6801/25149 --> 127.0.0.1:6800/24805 -- mgrreport(unknown.0 +0-0 packed 782 daemon_metrics=2) v6 -- 0x559a6853d180 con 0 -893>
2018-10-24 14:25:42.987 7ff4ff6e2700 4 -- 127.0.0.1:6801/25149 >> 127.0.0.1:6800/24805 conn(0x559a664a8000 legacy :-1 s=STATE_CONNECTION_ESTABLISHED l=1).handle_write -892>
2018-10-24 14:25:42.987 7ff4e6e8c700 1 -- 127.0.0.1:6801/25149 --> 127.0.0.1:6800/24805 -- pg_stats(0 pgs tid 0 v 0) v1 -- 0x559a68536600 con 0 -891>
2018-10-24 14:25:42.988 7ff4ff6e2700 4 -- 127.0.0.1:6801/25149 >> 127.0.0.1:6800/24805 conn(0x559a664a8000 legacy :-1 s=STATE_CONNECTION_ESTABLISHED l=1).handle_write -890>
2018-10-24 14:25:43.715 7ff4db675700 5 osd.0 5 heartbeat osd_stat(1.1 GiB used (192 KiB data, 0 B omap, 1 GiB meta), 9.0 GiB avail, 10 GiB total, peers [] op hist []) -889>
2018-10-24 14:25:44.477 7ff4fbeb6700 10 monclient: _send_mon_message to mon.a at 127.0.0.1:40662/0 -888>
2018-10-24 14:25:44.477 7ff4fbeb6700 1 -- 127.0.0.1:6801/25149 --> 127.0.0.1:40662/0 -- osd_beacon(pgs [] lec 5 v5) v1 -- 0x559a66494240 con 0 -887>
2018-10-24 14:25:44.478 7ff4ffee3700 4 -- 127.0.0.1:6801/25149 >> 127.0.0.1:40662/0 conn(0x559a661f1880 legacy :-1 s=STATE_CONNECTION_ESTABLISHED l=1).handle_write -886>
2018-10-24 14:25:45.761 7ff4f4ea8700 5 bluestore.MempoolThread(0x559a653ffbd8) _tune_cache_size target: 4294967296 heap: 54927360 unmapped: 876544 mapped: 54050816 old cache_size: 2845415832 new cache size: 2845415832 -885>
2018-10-24 14:25:45.761 7ff4f4ea8700 5 bluestore.MempoolThread(0x559a653ffbd8) _trim_shards cache_size: 2845415832 kv_alloc: 1218696969 kv_used: 897 meta_alloc: 1084479241 meta_used: 18104 data_alloc: 542239620 data_used: 0 -884>
2018-10-24 14:25:46.717 7ff4ffee3700 5 -- 127.0.0.1:6801/25149 >> 127.0.0.1:40662/0 conn(0x559a661f1880 legacy :-1 s=READ_FOOTER_AND_DISPATCH pgs=24 cs=1 l=1). rx mon.0 seq 17 0x559a66528840 osd_map(6..6 src has 1..6) v4 -883>
2018-10-24 14:25:46.717 7ff4ffee3700 5 -- 127.0.0.1:6801/25149 >> 127.0.0.1:40662/0 conn(0x559a661f1880 legacy :-1 s=READ_FOOTER_AND_DISPATCH pgs=24 cs=1 l=1). rx mon.0 seq 18 0x559a66529600 osd_map(5..6 src has 1..6) v4 -882>
2018-10-24 14:25:46.717 7ff4f0f59700 1 -- 127.0.0.1:6801/25149 <== mon.0 127.0.0.1:40662/0 17 ==== osd_map(6..6 src has 1..6) v4 ==== 550+0+0 (1097913966 0 0) 0x559a66528840 con 0x559a661f1880 -881>
2018-10-24 14:25:46.717 7ff4ffee3700 4 -- 127.0.0.1:6801/25149 >> 127.0.0.1:40662/0 conn(0x559a661f1880 legacy :-1 s=STATE_CONNECTION_ESTABLISHED l=1).handle_write -880>
2018-10-24 14:25:46.717 7ff4ffee3700 4 -- 127.0.0.1:6801/25149 >> 127.0.0.1:40662/0 conn(0x559a661f1880 legacy :-1 s=STATE_CONNECTION_ESTABLISHED l=1).handle_write -879>
2018-10-24 14:25:46.717 7ff4f0f59700 3 osd.0 5 handle_osd_map epochs [6,6], i have 5, src has [1,6] -878>
2018-10-24 14:25:46.721 7ff4f0f59700 1 -- 127.0.0.1:6801/25149 <== mon.0 127.0.0.1:40662/0 18 ==== osd_map(5..6 src has 1..6) v4 ==== 1008+0+0 (3479516301 0 0) 0x559a66529600 con 0x559a661f1880 -877>
2018-10-24 14:25:46.721 7ff4f0f59700 3 osd.0 5 handle_osd_map epochs [5,6], i have 6, src has [1,6] -876>
2018-10-24 14:25:46.722 7ff4ffee3700 5 -- 127.0.0.1:6801/25149 >> 127.0.0.1:40662/0 conn(0x559a661f1880 legacy :-1 s=READ_FOOTER_AND_DISPATCH pgs=24 cs=1 l=1). rx mon.0 seq 19 0x559a66494240 pg_create2(e6 {1.0=6,2018-10-24 14:25:46.684933,1.1=6,2018-10-24 14:25:46.684933,1.2=6,2018-10-24 14:25:46.684933,1.3=6,2018-10-24 14:25:46.684933,1.4=6,2018-10-24 14:25:46.684933,1.5=6,2018-10-24 14:25:46.684933,1.6=6,2018-10-24 14:25:46.684933,1.7=6,2018-10-24 14:25:46.684933}) v1 -875>
2018-10-24 14:25:46.722 7ff4ffee3700 1 -- 127.0.0.1:6801/25149 <== mon.0 127.0.0.1:40662/0 19 ==== pg_create2(e6 {1.0=6,2018-10-24 14:25:46.684933,1.1=6,2018-10-24 14:25:46.684933,1.2=6,2018-10-24 14:25:46.684933,1.3=6,2018-10-24 14:25:46.684933,1.4=6,2018-10-24 14:25:46.684933,1.5=6,2018-10-24 14:25:46.684933,1.6=6,2018-10-24 14:25:46.684933,1.7=6,2018-10-24 14:25:46.684933}) v1 ==== 296+0+0 (1968080139 0 0) 0x559a66494240 con 0x559a661f1880 -874>
2018-10-24 14:25:46.724 7ff4ffee3700 4 -- 127.0.0.1:6801/25149 >> 127.0.0.1:40662/0 conn(0x559a661f1880 legacy :-1 s=STATE_CONNECTION_ESTABLISHED l=1).handle_write -873>
2018-10-24 14:25:46.731 7ff4ede9a700 0 osd.0 6 crush map has features 288514051259236352, adjusting msgr requires for clients -872>
2018-10-24 14:25:46.731 7ff4ede9a700 0 osd.0 6 crush map has features 288514051259236352 was 288514050185503233, adjusting msgr requires for mons -871>
2018-10-24 14:25:46.731 7ff4ede9a700 0 osd.0 6 crush map has features 3314933000852226048, adjusting msgr requires for osds -870>
2018-10-24 14:25:46.733 7ff4dd679700 1 lockdep reusing last freed id 149 -869>
2018-10-24 14:25:46.734 7ff4df67d700 1 lockdep using id 150 -868>
2018-10-24 14:25:46.734 7ff4dfe7e700 1 lockdep using id 151 -867>
2018-10-24 14:25:46.735 7ff4dee7c700 1 lockdep using id 152 -866>
2018-10-24 14:25:46.735 7ff4de67b700 1 lockdep using id 153 -865>
2018-10-24 14:25:46.736 7ff4dd679700 5 osd.0 pg_epoch: 6 pg[1.5(unlocked)] enter Initial -864>
2018-10-24 14:25:46.736 7ff4dee7c700 5 osd.0 pg_epoch: 6 pg[1.2(unlocked)] enter Initial -863>
2018-10-24 14:25:46.736 7ff4dfe7e700 5 osd.0 pg_epoch: 6 pg[1.0(unlocked)] enter Initial -862>
2018-10-24 14:25:46.736 7ff4de67b700 5 osd.0 pg_epoch: 6 pg[1.3(unlocked)] enter Initial -861>
2018-10-24 14:25:46.736 7ff4dde7a700 5 osd.0 pg_epoch: 6 pg[1.4(unlocked)] enter Initial -860>
2018-10-24 14:25:46.736 7ff4dce78700 5 osd.0 pg_epoch: 6 pg[1.6(unlocked)] enter Initial -859>
2018-10-24 14:25:46.737 7ff4dce78700 1 lockdep using id 154 -858>
2018-10-24 14:25:46.738 7ff4dde7a700 5 write_log_and_missing with: dirty_to: 0'0, dirty_from: 4294967295'18446744073709551615, writeout_from: 4294967295'18446744073709551615, trimmed: , trimmed_dups: , clear_divergent_priors: 0 -857>
2018-10-24 14:25:46.738 7ff4dfe7e700 5 write_log_and_missing with: dirty_to: 0'0, dirty_from: 4294967295'18446744073709551615, writeout_from: 4294967295'18446744073709551615, trimmed: , trimmed_dups: , clear_divergent_priors: 0 -856>
2018-10-24 14:25:46.738 7ff4dd679700 5 write_log_and_missing with: dirty_to: 0'0, dirty_from: 4294967295'18446744073709551615, writeout_from: 4294967295'18446744073709551615, trimmed: , trimmed_dups: , clear_divergent_priors: 0 -855>
2018-10-24 14:25:46.738 7ff4dee7c700 5 write_log_and_missing with: dirty_to: 0'0, dirty_from: 4294967295'18446744073709551615, writeout_from: 4294967295'18446744073709551615, trimmed: , trimmed_dups: , clear_divergent_priors: 0 -854>
2018-10-24 14:25:46.738 7ff4dce78700 5 write_log_and_missing with: dirty_to: 0'0, dirty_from: 4294967295'18446744073709551615, writeout_from: 4294967295'18446744073709551615, trimmed: , trimmed_dups: , clear_divergent_priors: 0 -853>
2018-10-24 14:25:46.739 7ff4df67d700 5 osd.0 pg_epoch: 6 pg[1.1(unlocked)] enter Initial -852>
2018-10-24 14:25:46.739 7ff4dfe7e700 5 osd.0 pg_epoch: 6 pg[1.0( empty local-lis/les=0/0 n=0 ec=6/6 lis/c 0/0 les/c/f 0/0/0 6/6/6) [0] r=0 lpr=0 crt=0'0 mlcod 0'0 unknown mbc={}] exit Initial 0.002530 0 0.000000 -851>
2018-10-24 14:25:46.739 7ff4dd679700 5 osd.0 pg_epoch: 6 pg[1.5( empty local-lis/les=0/0 n=0 ec=6/6 lis/c 0/0 les/c/f 0/0/0 6/6/6) [0] r=0 lpr=0 crt=0'0 mlcod 0'0 unknown mbc={}] exit Initial 0.002474 0 0.000000 -850>
2018-10-24 14:25:46.739 7ff4dde7a700 5 osd.0 pg_epoch: 6 pg[1.4( empty local-lis/les=0/0 n=0 ec=6/6 lis/c 0/0 les/c/f 0/0/0 6/6/6) [0] r=0 lpr=0 crt=0'0 mlcod 0'0 unknown mbc={}] exit Initial 0.002558 0 0.000000 -849>
2018-10-24 14:25:46.739 7ff4dce78700 5 osd.0 pg_epoch: 6 pg[1.6( empty local-lis/les=0/0 n=0 ec=6/6 lis/c 0/0 les/c/f 0/0/0 6/6/6) [0] r=0 lpr=0 crt=0'0 mlcod 0'0 unknown mbc={}] exit Initial 0.002326 0 0.000000 -848>
2018-10-24 14:25:46.739 7ff4dee7c700 5 osd.0 pg_epoch: 6 pg[1.2( empty local-lis/les=0/0 n=0 ec=6/6 lis/c 0/0 les/c/f 0/0/0 6/6/6) [0] r=0 lpr=0 crt=0'0 mlcod 0'0 unknown mbc={}] exit Initial 0.002529 0 0.000000 -847>
2018-10-24 14:25:46.739 7ff4dee7c700 5 osd.0 pg_epoch: 6 pg[1.2( empty local-lis/les=0/0 n=0 ec=6/6 lis/c 0/0 les/c/f 0/0/0 6/6/6) [0] r=0 lpr=0 crt=0'0 mlcod 0'0 unknown mbc={}] enter Reset -846>
2018-10-24 14:25:46.739 7ff4de67b700 5 write_log_and_missing with: dirty_to: 0'0, dirty_from: 4294967295'18446744073709551615, writeout_from: 4294967295'18446744073709551615, trimmed: , trimmed_dups: , clear_divergent_priors: 0 -845>
2018-10-24 14:25:46.739 7ff4dce78700 5 osd.0 pg_epoch: 6 pg[1.6( empty local-lis/les=0/0 n=0 ec=6/6 lis/c 0/0 les/c/f 0/0/0 6/6/6) [0] r=0 lpr=0 crt=0'0 mlcod 0'0 unknown mbc={}] enter Reset -844>
2018-10-24 14:25:46.739 7ff4dfe7e700 5 osd.0 pg_epoch: 6 pg[1.0( empty local-lis/les=0/0 n=0 ec=6/6 lis/c 0/0 les/c/f 0/0/0 6/6/6) [0] r=0 lpr=0 crt=0'0 mlcod 0'0 unknown mbc={}] enter Reset -843>
2018-10-24 14:25:46.739 7ff4dde7a700 5 osd.0 pg_epoch: 6 pg[1.4( empty local-lis/les=0/0 n=0 ec=6/6 lis/c 0/0 les/c/f 0/0/0 6/6/6) [0] r=0 lpr=0 crt=0'0 mlcod 0'0 unknown mbc={}] enter Reset -842>
2018-10-24 14:25:46.739 7ff4de67b700 5 osd.0 pg_epoch: 6 pg[1.3( empty local-lis/les=0/0 n=0 ec=6/6 lis/c 0/0 les/c/f 0/0/0 6/6/6) [0] r=0 lpr=0 crt=0'0 mlcod 0'0 unknown mbc={}] exit Initial 0.002958 0 0.000000 -841>
2018-10-24 14:25:46.739 7ff4dee7c700 5 osd.0 pg_epoch: 6 pg[1.2( empty local-lis/les=0/0 n=0 ec=6/6 lis/c 0/0 les/c/f 0/0/0 6/6/6) [0] r=0 lpr=6 crt=0'0 mlcod 0'0 unknown mbc={}] exit Reset 0.000245 1 0.000408 -840>
2018-10-24 14:25:46.739 7ff4dce78700 5 osd.0 pg_epoch: 6 pg[1.6( empty local-lis/les=0/0 n=0 ec=6/6 lis/c 0/0 les/c/f 0/0/0 6/6/6) [0] r=0 lpr=6 crt=0'0 mlcod 0'0 unknown mbc={}] exit Reset 0.000197 1 0.000472 -839>
2018-10-24 14:25:46.739 7ff4dfe7e700 5 osd.0 pg_epoch: 6 pg[1.0( empty local-lis/les=0/0 n=0 ec=6/6 lis/c 0/0 les/c/f 0/0/0 6/6/6) [0] r=0 lpr=6 crt=0'0 mlcod 0'0 unknown mbc={}] exit Reset 0.000265 1 0.000522 -838>
2018-10-24 14:25:46.739 7ff4de67b700 5 osd.0 pg_epoch: 6 pg[1.3( empty local-lis/les=0/0 n=0 ec=6/6 lis/c 0/0 les/c/f 0/0/0 6/6/6) [0] r=0 lpr=0 crt=0'0 mlcod 0'0 unknown mbc={}] enter Reset -837>
2018-10-24 14:25:46.739 7ff4dee7c700 5 osd.0 pg_epoch: 6 pg[1.2( empty local-lis/les=0/0 n=0 ec=6/6 lis/c 0/0 les/c/f 0/0/0 6/6/6) [0] r=0 lpr=6 crt=0'0 mlcod 0'0 unknown mbc={}] enter Started -836>
2018-10-24 14:25:46.739 7ff4dde7a700 5 osd.0 pg_epoch: 6 pg[1.4( empty local-lis/les=0/0 n=0 ec=6/6 lis/c 0/0 les/c/f 0/0/0 6/6/6) [0] r=0 lpr=6 crt=0'0 mlcod 0'0 unknown mbc={}] exit Reset 0.000348 1 0.000628 -835>
2018-10-24 14:25:46.739 7ff4dd679700 5 osd.0 pg_epoch: 6 pg[1.5( empty local-lis/les=0/0 n=0 ec=6/6 lis/c 0/0 les/c/f 0/0/0 6/6/6) [0] r=0 lpr=0 crt=0'0 mlcod 0'0 unknown mbc={}] enter Reset -834>
2018-10-24 14:25:46.739 7ff4dce78700 5 osd.0 pg_epoch: 6 pg[1.6( empty local-lis/les=0/0 n=0 ec=6/6 lis/c 0/0 les/c/f 0/0/0 6/6/6) [0] r=0 lpr=6 crt=0'0 mlcod 0'0 unknown mbc={}] enter Started -833>
2018-10-24 14:25:46.739 7ff4dfe7e700 5 osd.0 pg_epoch: 6 pg[1.0( empty local-lis/les=0/0 n=0 ec=6/6 lis/c 0/0 les/c/f 0/0/0 6/6/6) [0] r=0 lpr=6 crt=0'0 mlcod 0'0 unknown mbc={}] enter Started -832>
2018-10-24 14:25:46.739 7ff4dde7a700 5 osd.0 pg_epoch: 6 pg[1.4( empty local-lis/les=0/0 n=0 ec=6/6 lis/c 0/0 les/c/f 0/0/0 6/6/6) [0] r=0 lpr=6 crt=0'0 mlcod 0'0 unknown mbc={}] enter Started -831>
2018-10-24 14:25:46.740 7ff4dd679700 5 osd.0 pg_epoch: 6 pg[1.5( empty local-lis/les=0/0 n=0 ec=6/6 lis/c 0/0 les/c/f 0/0/0 6/6/6) [0] r=0 lpr=6 crt=0'0 mlcod 0'0 unknown mbc={}] exit Reset 0.000221 1 0.000989 -830>
2018-10-24 14:25:46.740 7ff4dfe7e700 5 osd.0 pg_epoch: 6 pg[1.0( empty local-lis/les=0/0 n=0 ec=6/6 lis/c 0/0 les/c/f 0/0/0 6/6/6) [0] r=0 lpr=6 crt=0'0 mlcod 0'0 unknown mbc={}] enter Start -829>
2018-10-24 14:25:46.740 7ff4dce78700 5 osd.0 pg_epoch: 6 pg[1.6( empty local-lis/les=0/0 n=0 ec=6/6 lis/c 0/0 les/c/f 0/0/0 6/6/6) [0] r=0 lpr=6 crt=0'0 mlcod 0'0 unknown mbc={}] enter Start -828>
2018-10-24 14:25:46.740 7ff4df67d700 5 write_log_and_missing with: dirty_to: 0'0, dirty_from: 4294967295'18446744073709551615, writeout_from: 4294967295'18446744073709551615, trimmed: , trimmed_dups: , clear_divergent_priors: 0 -827>
2018-10-24 14:25:46.740 7ff4dd679700 5 osd.0 pg_epoch: 6 pg[1.5( empty local-lis/les=0/0 n=0 ec=6/6 lis/c 0/0 les/c/f 0/0/0 6/6/6) [0] r=0 lpr=6 crt=0'0 mlcod 0'0 unknown mbc={}] enter Started -826>
2018-10-24 14:25:46.740 7ff4dfe7e700 1 osd.0 pg_epoch: 6 pg[1.0( empty local-lis/les=0/0 n=0 ec=6/6 lis/c 0/0 les/c/f 0/0/0 6/6/6) [0] r=0 lpr=6 crt=0'0 mlcod 0'0 unknown mbc={}] state: transitioning to Primary -825>
2018-10-24 14:25:46.740 7ff4dce78700 1 osd.0 pg_epoch: 6 pg[1.6( empty local-lis/les=0/0 n=0 ec=6/6 lis/c 0/0 les/c/f 0/0/0 6/6/6) [0] r=0 lpr=6 crt=0'0 mlcod 0'0 unknown mbc={}] state: transitioning to Primary -824>
2018-10-24 14:25:46.740 7ff4dd679700 5 osd.0 pg_epoch: 6 pg[1.5( empty local-lis/les=0/0 n=0 ec=6/6 lis/c 0/0 les/c/f 0/0/0 6/6/6) [0] r=0 lpr=6 crt=0'0 mlcod 0'0 unknown mbc={}] enter Start -823>
2018-10-24 14:25:46.740 7ff4df67d700 5 osd.0 pg_epoch: 6 pg[1.1( empty local-lis/les=0/0 n=0 ec=6/6 lis/c 0/0 les/c/f 0/0/0 6/6/6) [0] r=0 lpr=0 crt=0'0 mlcod 0'0 unknown mbc={}] exit Initial 0.001255 0 0.000000 -822>
2018-10-24 14:25:46.740 7ff4dd679700 1 osd.0 pg_epoch: 6 pg[1.5( empty local-lis/les=0/0 n=0 ec=6/6 lis/c 0/0 les/c/f 0/0/0 6/6/6) [0] r=0 lpr=6 crt=0'0 mlcod 0'0 unknown mbc={}] state: transitioning to Primary -821>
2018-10-24 14:25:46.740 7ff4df67d700 5 osd.0 pg_epoch: 6 pg[1.1( empty local-lis/les=0/0 n=0 ec=6/6 lis/c 0/0 les/c/f 0/0/0 6/6/6) [0] r=0 lpr=0 crt=0'0 mlcod 0'0 unknown mbc={}] enter Reset -820>
2018-10-24 14:25:46.740 7ff4de67b700 5 osd.0 pg_epoch: 6 pg[1.3( empty local-lis/les=0/0 n=0 ec=6/6 lis/c 0/0 les/c/f 0/0/0 6/6/6) [0] r=0 lpr=6 crt=0'0 mlcod 0'0 unknown mbc={}] exit Reset 0.000725 1 0.000924 -819>
2018-10-24 14:25:46.740 7ff4dee7c700 5 osd.0 pg_epoch: 6 pg[1.2( empty local-lis/les=0/0 n=0 ec=6/6 lis/c 0/0 les/c/f 0/0/0 6/6/6) [0] r=0 lpr=6 crt=0'0 mlcod 0'0 unknown mbc={}] enter Start -818>
2018-10-24 14:25:46.740 7ff4dde7a700 5 osd.0 pg_epoch: 6 pg[1.4( empty local-lis/les=0/0 n=0 ec=6/6 lis/c 0/0 les/c/f 0/0/0 6/6/6) [0] r=0 lpr=6 crt=0'0 mlcod 0'0 unknown mbc={}] enter Start -817>
2018-10-24 14:25:46.740 7ff4de67b700 5 osd.0 pg_epoch: 6 pg[1.3( empty local-lis/les=0/0 n=0 ec=6/6 lis/c 0/0 les/c/f 0/0/0 6/6/6) [0] r=0 lpr=6 crt=0'0 mlcod 0'0 unknown mbc={}] enter Started -816>
2018-10-24 14:25:46.740 7ff4dfe7e700 5 osd.0 pg_epoch: 6 pg[1.0( empty local-lis/les=0/0 n=0 ec=6/6 lis/c 0/0 les/c/f 0/0/0 6/6/6) [0] r=0 lpr=6 crt=0'0 mlcod 0'0 unknown mbc={}] exit Start 0.000510 0 0.000000 -815>
2018-10-24 14:25:46.740 7ff4df67d700 5 osd.0 pg_epoch: 6 pg[1.1( empty local-lis/les=0/0 n=0 ec=6/6 lis/c 0/0 les/c/f 0/0/0 6/6/6) [0] r=0 lpr=6 crt=0'0 mlcod 0'0 unknown mbc={}] exit Reset 0.000180 1 0.000239 -814>
2018-10-24 14:25:46.740 7ff4dde7a700 1 osd.0 pg_epoch: 6 pg[1.4( empty local-lis/les=0/0 n=0 ec=6/6 lis/c 0/0 les/c/f 0/0/0 6/6/6) [0] r=0 lpr=6 crt=0'0 mlcod 0'0 unknown mbc={}] state: transitioning to Primary -813>
2018-10-24 14:25:46.740 7ff4dee7c700 1 osd.0 pg_epoch: 6 pg[1.2( empty local-lis/les=0/0 n=0 ec=6/6 lis/c 0/0 les/c/f 0/0/0 6/6/6) [0] r=0 lpr=6 crt=0'0 mlcod 0'0 unknown mbc={}] state: transitioning to Primary -812>
2018-10-24 14:25:46.740 7ff4dd679700 5 osd.0 pg_epoch: 6 pg[1.5( empty local-lis/les=0/0 n=0 ec=6/6 lis/c 0/0 les/c/f 0/0/0 6/6/6) [0] r=0 lpr=6 crt=0'0 mlcod 0'0 unknown mbc={}] exit Start 0.000405 0 0.000000 -811>
2018-10-24 14:25:46.740 7ff4de67b700 5 osd.0 pg_epoch: 6 pg[1.3( empty local-lis/les=0/0 n=0 ec=6/6 lis/c 0/0 les/c/f 0/0/0 6/6/6) [0] r=0 lpr=6 crt=0'0 mlcod 0'0 unknown mbc={}] enter Start -810>
2018-10-24 14:25:46.740 7ff4dce78700 5 osd.0 pg_epoch: 6 pg[1.6( empty local-lis/les=0/0 n=0 ec=6/6 lis/c 0/0 les/c/f 0/0/0 6/6/6) [0] r=0 lpr=6 crt=0'0 mlcod 0'0 unknown mbc={}] exit Start 0.000455 0 0.000000 -809>
2018-10-24 14:25:46.740 7ff4dde7a700 5 osd.0 pg_epoch: 6 pg[1.4( empty local-lis/les=0/0 n=0 ec=6/6 lis/c 0/0 les/c/f 0/0/0 6/6/6) [0] r=0 lpr=6 crt=0'0 mlcod 0'0 unknown mbc={}] exit Start 0.000182 0 0.000000 -808>
2018-10-24 14:25:46.740 7ff4dee7c700 5 osd.0 pg_epoch: 6 pg[1.2( empty local-lis/les=0/0 n=0 ec=6/6 lis/c 0/0 les/c/f 0/0/0 6/6/6) [0] r=0 lpr=6 crt=0'0 mlcod 0'0 unknown mbc={}] exit Start 0.000264 0 0.000000 -807>
2018-10-24 14:25:46.740 7ff4dfe7e700 5 osd.0 pg_epoch: 6 pg[1.0( empty local-lis/les=0/0 n=0 ec=6/6 lis/c 0/0 les/c/f 0/0/0 6/6/6) [0] r=0 lpr=6 crt=0'0 mlcod 0'0 unknown mbc={}] enter Started/Primary -806>
2018-10-24 14:25:46.740 7ff4df67d700 5 osd.0 pg_epoch: 6 pg[1.1( empty local-lis/les=0/0 n=0 ec=6/6 lis/c 0/0 les/c/f 0/0/0 6/6/6) [0] r=0 lpr=6 crt=0'0 mlcod 0'0 unknown mbc={}] enter Started -805>
2018-10-24 14:25:46.740 7ff4dd679700 5 osd.0 pg_epoch: 6 pg[1.5( empty local-lis/les=0/0 n=0 ec=6/6 lis/c 0/0 les/c/f 0/0/0 6/6/6) [0] r=0 lpr=6 crt=0'0 mlcod 0'0 unknown mbc={}] enter Started/Primary -804>
2018-10-24 14:25:46.740 7ff4dce78700 5 osd.0 pg_epoch: 6 pg[1.6( empty local-lis/les=0/0 n=0 ec=6/6 lis/c 0/0 les/c/f 0/0/0 6/6/6) [0] r=0 lpr=6 crt=0'0 mlcod 0'0 unknown mbc={}] enter Started/Primary -803>
2018-10-24 14:25:46.740 7ff4df67d700 5 osd.0 pg_epoch: 6 pg[1.1( empty local-lis/les=0/0 n=0 ec=6/6 lis/c 0/0 les/c/f 0/0/0 6/6/6) [0] r=0 lpr=6 crt=0'0 mlcod 0'0 unknown mbc={}] enter Start -802>
2018-10-24 14:25:46.740 7ff4de67b700 1 osd.0 pg_epoch: 6 pg[1.3( empty local-lis/les=0/0 n=0 ec=6/6 lis/c 0/0 les/c/f 0/0/0 6/6/6) [0] r=0 lpr=6 crt=0'0 mlcod 0'0 unknown mbc={}] state: transitioning to Primary -801>
2018-10-24 14:25:46.741 7ff4dfe7e700 5 osd.0 pg_epoch: 6 pg[1.0( empty local-lis/les=0/0 n=0 ec=6/6 lis/c 0/0 les/c/f 0/0/0 6/6/6) [0] r=0 lpr=6 crt=0'0 mlcod 0'0 creating mbc={}] enter Started/Primary/Peering -800>
2018-10-24 14:25:46.741 7ff4df67d700 1 osd.0 pg_epoch: 6 pg[1.1( empty local-lis/les=0/0 n=0 ec=6/6 lis/c 0/0 les/c/f 0/0/0 6/6/6) [0] r=0 lpr=6 crt=0'0 mlcod 0'0 unknown mbc={}] state: transitioning to Primary -799>
2018-10-24 14:25:46.741 7ff4dee7c700 5 osd.0 pg_epoch: 6 pg[1.2( empty local-lis/les=0/0 n=0 ec=6/6 lis/c 0/0 les/c/f 0/0/0 6/6/6) [0] r=0 lpr=6 crt=0'0 mlcod 0'0 unknown mbc={}] enter Started/Primary -798>
2018-10-24 14:25:46.741 7ff4de67b700 5 osd.0 pg_epoch: 6 pg[1.3( empty local-lis/les=0/0 n=0 ec=6/6 lis/c 0/0 les/c/f 0/0/0 6/6/6) [0] r=0 lpr=6 crt=0'0 mlcod 0'0 unknown mbc={}] exit Start 0.000330 0 0.000000 -797>
2018-10-24 14:25:46.741 7ff4dd679700 5 osd.0 pg_epoch: 6 pg[1.5( empty local-lis/les=0/0 n=0 ec=6/6 lis/c 0/0 les/c/f 0/0/0 6/6/6) [0] r=0 lpr=6 crt=0'0 mlcod 0'0 creating mbc={}] enter Started/Primary/Peering -796>
2018-10-24 14:25:46.741 7ff4dfe7e700 5 osd.0 pg_epoch: 6 pg[1.0( empty local-lis/les=0/0 n=0 ec=6/6 lis/c 0/0 les/c/f 0/0/0 6/6/6) [0] r=0 lpr=6 crt=0'0 mlcod 0'0 creating+peering mbc={}] enter Started/Primary/Peering/GetInfo -795>
2018-10-24 14:25:46.741 7ff4df67d700 5 osd.0 pg_epoch: 6 pg[1.1( empty local-lis/les=0/0 n=0 ec=6/6 lis/c 0/0 les/c/f 0/0/0 6/6/6) [0] r=0 lpr=6 crt=0'0 mlcod 0'0 unknown mbc={}] exit Start 0.000237 0 0.000000 -794>
2018-10-24 14:25:46.741 7ff4dee7c700 5 osd.0 pg_epoch: 6 pg[1.2( empty local-lis/les=0/0 n=0 ec=6/6 lis/c 0/0 les/c/f 0/0/0 6/6/6) [0] r=0 lpr=6 crt=0'0 mlcod 0'0 creating mbc={}] enter Started/Primary/Peering -793>
2018-10-24 14:25:46.741 7ff4dce78700 5 osd.0 pg_epoch: 6 pg[1.6( empty local-lis/les=0/0 n=0 ec=6/6 lis/c 0/0 les/c/f 0/0/0 6/6/6) [0] r=0 lpr=6 crt=0'0 mlcod 0'0 creating mbc={}] enter Started/Primary/Peering -792>
2018-10-24 14:25:46.741 7ff4de67b700 5 osd.0 pg_epoch: 6 pg[1.3( empty local-lis/les=0/0 n=0 ec=6/6 lis/c 0/0 les/c/f 0/0/0 6/6/6) [0] r=0 lpr=6 crt=0'0 mlcod 0'0 unknown mbc={}] enter Started/Primary -791>
2018-10-24 14:25:46.741 7ff4dd679700 5 osd.0 pg_epoch: 6 pg[1.5( empty local-lis/les=0/0 n=0 ec=6/6 lis/c 0/0 les/c/f 0/0/0 6/6/6) [0] r=0 lpr=6 crt=0'0 mlcod 0'0 creating+peering mbc={}] enter Started/Primary/Peering/GetInfo -790>
2018-10-24 14:25:46.741 7ff4dce78700 5 osd.0 pg_epoch: 6 pg[1.6( empty local-lis/les=0/0 n=0 ec=6/6 lis/c 0/0 les/c/f 0/0/0 6/6/6) [0] r=0 lpr=6 crt=0'0 mlcod 0'0 creating+peering mbc={}] enter Started/Primary/Peering/GetInfo -789>
2018-10-24 14:25:46.741 7ff4dde7a700 5 osd.0 pg_epoch: 6 pg[1.4( empty local-lis/les=0/0 n=0 ec=6/6 lis/c 0/0 les/c/f 0/0/0 6/6/6) [0] r=0 lpr=6 crt=0'0 mlcod 0'0 unknown mbc={}] enter Started/Primary -788>
2018-10-24 14:25:46.741 7ff4dee7c700 5 osd.0 pg_epoch: 6 pg[1.2( empty local-lis/les=0/0 n=0 ec=6/6 lis/c 0/0 les/c/f 0/0/0 6/6/6) [0] r=0 lpr=6 crt=0'0 mlcod 0'0 creating+peering mbc={}] enter Started/Primary/Peering/GetInfo -787>
2018-10-24 14:25:46.741 7ff4df67d700 5 osd.0 pg_epoch: 6 pg[1.1( empty local-lis/les=0/0 n=0 ec=6/6 lis/c 0/0 les/c/f 0/0/0 6/6/6) [0] r=0 lpr=6 crt=0'0 mlcod 0'0 unknown mbc={}] enter Started/Primary -786>
2018-10-24 14:25:46.741 7ff4dde7a700 5 osd.0 pg_epoch: 6 pg[1.4( empty local-lis/les=0/0 n=0 ec=6/6 lis/c 0/0 les/c/f 0/0/0 6/6/6) [0] r=0 lpr=6 crt=0'0 mlcod 0'0 creating mbc={}] enter Started/Primary/Peering -785>
2018-10-24 14:25:46.741 7ff4df67d700 5 osd.0 pg_epoch: 6 pg[1.1( empty local-lis/les=0/0 n=0 ec=6/6 lis/c 0/0 les/c/f 0/0/0 6/6/6) [0] r=0 lpr=6 crt=0'0 mlcod 0'0 creating mbc={}] enter Started/Primary/Peering -784>
2018-10-24 14:25:46.741 7ff4dfe7e700 5 osd.0 pg_epoch: 6 pg[1.0( empty local-lis/les=0/0 n=0 ec=6/6 lis/c 0/0 les/c/f 0/0/0 6/6/6) [0] r=0 lpr=6 crt=0'0 mlcod 0'0 creating+peering mbc={}] exit Started/Primary/Peering/GetInfo 0.000682 0 0.000000 -783>
2018-10-24 14:25:46.741 7ff4dde7a700 5 osd.0 pg_epoch: 6 pg[1.4( empty local-lis/les=0/0 n=0 ec=6/6 lis/c 0/0 les/c/f 0/0/0 6/6/6) [0] r=0 lpr=6 crt=0'0 mlcod 0'0 creating+peering mbc={}] enter Started/Primary/Peering/GetInfo -782>
2018-10-24 14:25:46.741 7ff4dd679700 5 osd.0 pg_epoch: 6 pg[1.5( empty local-lis/les=0/0 n=0 ec=6/6 lis/c 0/0 les/c/f 0/0/0 6/6/6) [0] r=0 lpr=6 crt=0'0 mlcod 0'0 creating+peering mbc={}] exit Started/Primary/Peering/GetInfo 0.000577 0 0.000000 -781>
2018-10-24 14:25:46.742 7ff4df67d700 5 osd.0 pg_epoch: 6 pg[1.1( empty local-lis/les=0/0 n=0 ec=6/6 lis/c 0/0 les/c/f 0/0/0 6/6/6) [0] r=0 lpr=6 crt=0'0 mlcod 0'0 creating+peering mbc={}] enter Started/Primary/Peering/GetInfo -780>
2018-10-24 14:25:46.742 7ff4dfe7e700 5 osd.0 pg_epoch: 6 pg[1.0( empty local-lis/les=0/0 n=0 ec=6/6 lis/c 0/0 les/c/f 0/0/0 6/6/6) [0] r=0 lpr=6 crt=0'0 mlcod 0'0 creating+peering mbc={}] enter Started/Primary/Peering/GetLog -779>
2018-10-24 14:25:46.742 7ff4de67b700 5 osd.0 pg_epoch: 6 pg[1.3( empty local-lis/les=0/0 n=0 ec=6/6 lis/c 0/0 les/c/f 0/0/0 6/6/6) [0] r=0 lpr=6 crt=0'0 mlcod 0'0 creating mbc={}] enter Started/Primary/Peering -778>
2018-10-24 14:25:46.742 7ff4dee7c700 5 osd.0 pg_epoch: 6 pg[1.2( empty local-lis/les=0/0 n=0 ec=6/6 lis/c 0/0 les/c/f 0/0/0 6/6/6) [0] r=0 lpr=6 crt=0'0 mlcod 0'0 creating+peering mbc={}] exit Started/Primary/Peering/GetInfo 0.000716 0 0.000000 -777>
2018-10-24 14:25:46.742 7ff4dce78700 5 osd.0 pg_epoch: 6 pg[1.6( empty local-lis/les=0/0 n=0 ec=6/6 lis/c 0/0 les/c/f 0/0/0 6/6/6) [0] r=0 lpr=6 crt=0'0 mlcod 0'0 creating+peering mbc={}] exit Started/Primary/Peering/GetInfo 0.000820 0 0.000000 -776>
2018-10-24 14:25:46.742 7ff4dd679700 5 osd.0 pg_epoch: 6 pg[1.5( empty local-lis/les=0/0 n=0 ec=6/6 lis/c 0/0 les/c/f 0/0/0 6/6/6) [0] r=0 lpr=6 crt=0'0 mlcod 0'0 creating+peering mbc={}] enter Started/Primary/Peering/GetLog -775>
2018-10-24 14:25:46.742 7ff4df67d700 5 osd.0 pg_epoch: 6 pg[1.1( empty local-lis/les=0/0 n=0 ec=6/6 lis/c 0/0 les/c/f 0/0/0 6/6/6) [0] r=0 lpr=6 crt=0'0 mlcod 0'0 creating+peering mbc={}] exit Started/Primary/Peering/GetInfo 0.000396 0 0.000000 -774>
2018-10-24 14:25:46.742 7ff4de67b700 5 osd.0 pg_epoch: 6 pg[1.3( empty local-lis/les=0/0 n=0 ec=6/6 lis/c 0/0 les/c/f 0/0/0 6/6/6) [0] r=0 lpr=6 crt=0'0 mlcod 0'0 creating+peering mbc={}] enter Started/Primary/Peering/GetInfo -773>
2018-10-24 14:25:46.742 7ff4dee7c700 5 osd.0 pg_epoch: 6 pg[1.2( empty local-lis/les=0/0 n=0 ec=6/6 lis/c 0/0 les/c/f 0/0/0 6/6/6) [0] r=0 lpr=6 crt=0'0 mlcod 0'0 creating+peering mbc={}] enter Started/Primary/Peering/GetLog -772>
2018-10-24 14:25:46.742 7ff4dce78700 5 osd.0 pg_epoch: 6 pg[1.6( empty local-lis/les=0/0 n=0 ec=6/6 lis/c 0/0 les/c/f 0/0/0 6/6/6) [0] r=0 lpr=6 crt=0'0 mlcod 0'0 creating+peering mbc={}] enter Started/Primary/Peering/GetLog -771>
2018-10-24 14:25:46.742 7ff4dde7a700 5 osd.0 pg_epoch: 6 pg[1.4( empty local-lis/les=0/0 n=0 ec=6/6 lis/c 0/0 les/c/f 0/0/0 6/6/6) [0] r=0 lpr=6 crt=0'0 mlcod 0'0 creating+peering mbc={}] exit Started/Primary/Peering/GetInfo 0.000758 0 0.000000 -770>
2018-10-24 14:25:46.742 7ff4dde7a700 5 osd.0 pg_epoch: 6 pg[1.4( empty local-lis/les=0/0 n=0 ec=6/6 lis/c 0/0 les/c/f 0/0/0 6/6/6) [0] r=0 lpr=6 crt=0'0 mlcod 0'0 creating+peering mbc={}] enter Started/Primary/Peering/GetLog -769>
2018-10-24 14:25:46.742 7ff4dfe7e700 5 osd.0 pg_epoch: 6 pg[1.0( empty local-lis/les=0/0 n=0 ec=6/6 lis/c 0/0 les/c/f 0/0/0 6/6/6) [0] r=0 lpr=6 crt=0'0 mlcod 0'0 creating+peering mbc={}] exit Started/Primary/Peering/GetLog 0.000825 0 0.000000 -768>
2018-10-24 14:25:46.742 7ff4dd679700 5 osd.0 pg_epoch: 6 pg[1.5( empty local-lis/les=0/0 n=0 ec=6/6 lis/c 0/0 les/c/f 0/0/0 6/6/6) [0] r=0 lpr=6 crt=0'0 mlcod 0'0 creating+peering mbc={}] exit Started/Primary/Peering/GetLog 0.000547 0 0.000000 -767>
2018-10-24 14:25:46.743 7ff4dfe7e700 5 osd.0 pg_epoch: 6 pg[1.0( empty local-lis/les=0/0 n=0 ec=6/6 lis/c 0/0 les/c/f 0/0/0 6/6/6) [0] r=0 lpr=6 crt=0'0 mlcod 0'0 creating+peering mbc={}] enter Started/Primary/Peering/GetMissing -766>
2018-10-24 14:25:46.743 7ff4dee7c700 5 osd.0 pg_epoch: 6 pg[1.2( empty local-lis/les=0/0 n=0 ec=6/6 lis/c 0/0 les/c/f 0/0/0 6/6/6) [0] r=0 lpr=6 crt=0'0 mlcod 0'0 creating+peering mbc={}] exit Started/Primary/Peering/GetLog 0.000469 0 0.000000 -765>
2018-10-24 14:25:46.743 7ff4df67d700 5 osd.0 pg_epoch: 6 pg[1.1( empty local-lis/les=0/0 n=0 ec=6/6 lis/c 0/0 les/c/f 0/0/0 6/6/6) [0] r=0 lpr=6 crt=0'0 mlcod 0'0 creating+peering mbc={}] enter Started/Primary/Peering/GetLog -764>
2018-10-24 14:25:46.743 7ff4de67b700 5 osd.0 pg_epoch: 6 pg[1.3( empty local-lis/les=0/0 n=0 ec=6/6 lis/c 0/0 les/c/f 0/0/0 6/6/6) [0] r=0 lpr=6 crt=0'0 mlcod 0'0 creating+peering mbc={}] exit Started/Primary/Peering/GetInfo 0.000579 0 0.000000 -763>
2018-10-24 14:25:46.743 7ff4dce78700 5 osd.0 pg_epoch: 6 pg[1.6( empty local-lis/les=0/0 n=0 ec=6/6 lis/c 0/0 les/c/f 0/0/0 6/6/6) [0] r=0 lpr=6 crt=0'0 mlcod 0'0 creating+peering mbc={}] exit Started/Primary/Peering/GetLog 0.000516 0 0.000000 -762>
2018-10-24 14:25:46.743 7ff4dee7c700 5 osd.0 pg_epoch: 6 pg[1.2( empty local-lis/les=0/0 n=0 ec=6/6 lis/c 0/0 les/c/f 0/0/0 6/6/6) [0] r=0 lpr=6 crt=0'0 mlcod 0'0 creating+peering mbc={}] enter Started/Primary/Peering/GetMissing -761>
2018-10-24 14:25:46.743 7ff4dfe7e700 5 osd.0 pg_epoch: 6 pg[1.0( empty local-lis/les=0/0 n=0 ec=6/6 lis/c 0/0 les/c/f 0/0/0 6/6/6) [0] r=0 lpr=6 crt=0'0 mlcod 0'0 creating+peering mbc={}] exit Started/Primary/Peering/GetMissing 0.000132 0 0.000000 -760>
2018-10-24 14:25:46.743 7ff4de67b700 5 osd.0 pg_epoch: 6 pg[1.3( empty local-lis/les=0/0 n=0 ec=6/6 lis/c 0/0 les/c/f 0/0/0 6/6/6) [0] r=0 lpr=6 crt=0'0 mlcod 0'0 creating+peering mbc={}] enter Started/Primary/Peering/GetLog -759>
2018-10-24 14:25:46.743 7ff4dce78700 5 osd.0 pg_epoch: 6 pg[1.6( empty local-lis/les=0/0 n=0 ec=6/6 lis/c 0/0 les/c/f 0/0/0 6/6/6) [0] r=0 lpr=6 crt=0'0 mlcod 0'0 creating+peering mbc={}] enter Started/Primary/Peering/GetMissing -758>
2018-10-24 14:25:46.743 7ff4dde7a700 5 osd.0 pg_epoch: 6 pg[1.4( empty local-lis/les=0/0 n=0 ec=6/6 lis/c 0/0 les/c/f 0/0/0 6/6/6) [0] r=0 lpr=6 crt=0'0 mlcod 0'0 creating+peering mbc={}] exit Started/Primary/Peering/GetLog 0.000424 0 0.000000 -757>
2018-10-24 14:25:46.743 7ff4dfe7e700 5 osd.0 pg_epoch: 6 pg[1.0( empty local-lis/les=0/0 n=0 ec=6/6 lis/c 0/0 les/c/f 0/0/0 6/6/6) [0] r=0 lpr=6 crt=0'0 mlcod 0'0 creating+peering mbc={}] enter Started/Primary/Peering/WaitUpThru -756>
2018-10-24 14:25:46.743 7ff4dee7c700 5 osd.0 pg_epoch: 6 pg[1.2( empty local-lis/les=0/0 n=0 ec=6/6 lis/c 0/0 les/c/f 0/0/0 6/6/6) [0] r=0 lpr=6 crt=0'0 mlcod 0'0 creating+peering mbc={}] exit Started/Primary/Peering/GetMissing 0.000107 0 0.000000 -755>
2018-10-24 14:25:46.743 7ff4dd679700 5 osd.0 pg_epoch: 6 pg[1.5( empty local-lis/les=0/0 n=0 ec=6/6 lis/c 0/0 les/c/f 0/0/0 6/6/6) [0] r=0 lpr=6 crt=0'0 mlcod 0'0 creating+peering mbc={}] enter Started/Primary/Peering/GetMissing -754>
2018-10-24 14:25:46.743 7ff4dce78700 5 osd.0 pg_epoch: 6 pg[1.6( empty local-lis/les=0/0 n=0 ec=6/6 lis/c 0/0 les/c/f 0/0/0 6/6/6) [0] r=0 lpr=6 crt=0'0 mlcod 0'0 creating+peering mbc={}] exit Started/Primary/Peering/GetMissing 0.000148 0 0.000000 -753>
2018-10-24 14:25:46.743 7ff4dde7a700 5 osd.0 pg_epoch: 6 pg[1.4( empty local-lis/les=0/0 n=0 ec=6/6 lis/c 0/0 les/c/f 0/0/0 6/6/6) [0] r=0 lpr=6 crt=0'0 mlcod 0'0 creating+peering mbc={}] enter Started/Primary/Peering/GetMissing -752>
2018-10-24 14:25:46.743 7ff4df67d700 5 osd.0 pg_epoch: 6 pg[1.1( empty local-lis/les=0/0 n=0 ec=6/6 lis/c 0/0 les/c/f 0/0/0 6/6/6) [0] r=0 lpr=6 crt=0'0 mlcod 0'0 creating+peering mbc={}] exit Started/Primary/Peering/GetLog 0.000346 0 0.000000 -751>
2018-10-24 14:25:46.743 7ff4dee7c700 5 osd.0 pg_epoch: 6 pg[1.2( empty local-lis/les=0/0 n=0 ec=6/6 lis/c 0/0 les/c/f 0/0/0 6/6/6) [0] r=0 lpr=6 crt=0'0 mlcod 0'0 creating+peering mbc={}] enter Started/Primary/Peering/WaitUpThru -750>
2018-10-24 14:25:46.743 7ff4dce78700 5 osd.0 pg_epoch: 6 pg[1.6( empty local-lis/les=0/0 n=0 ec=6/6 lis/c 0/0 les/c/f 0/0/0 6/6/6) [0] r=0 lpr=6 crt=0'0 mlcod 0'0 creating+peering mbc={}] enter Started/Primary/Peering/WaitUpThru -749>
2018-10-24 14:25:46.743 7ff4dd679700 5 osd.0 pg_epoch: 6 pg[1.5( empty local-lis/les=0/0 n=0 ec=6/6 lis/c 0/0 les/c/f 0/0/0 6/6/6) [0] r=0 lpr=6 crt=0'0 mlcod 0'0 creating+peering mbc={}] exit Started/Primary/Peering/GetMissing 0.000162 0 0.000000 -748>
2018-10-24 14:25:46.743 7ff4df67d700 5 osd.0 pg_epoch: 6 pg[1.1( empty local-lis/les=0/0 n=0 ec=6/6 lis/c 0/0 les/c/f 0/0/0 6/6/6) [0] r=0 lpr=6 crt=0'0 mlcod 0'0 creating+peering mbc={}] enter Started/Primary/Peering/GetMissing -747>
2018-10-24 14:25:46.743 7ff4dde7a700 5 osd.0 pg_epoch: 6 pg[1.4( empty local-lis/les=0/0 n=0 ec=6/6 lis/c 0/0 les/c/f 0/0/0 6/6/6) [0] r=0 lpr=6 crt=0'0 mlcod 0'0 creating+peering mbc={}] exit Started/Primary/Peering/GetMissing 0.000138 0 0.000000 -746>
2018-10-24 14:25:46.743 7ff4dd679700 5 osd.0 pg_epoch: 6 pg[1.5( empty local-lis/les=0/0 n=0 ec=6/6 lis/c 0/0 les/c/f 0/0/0 6/6/6) [0] r=0 lpr=6 crt=0'0 mlcod 0'0 creating+peering mbc={}] enter Started/Primary/Peering/WaitUpThru -745>
2018-10-24 14:25:46.743 7ff4df67d700 5 osd.0 pg_epoch: 6 pg[1.1( empty local-lis/les=0/0 n=0 ec=6/6 lis/c 0/0 les/c/f 0/0/0 6/6/6) [0] r=0 lpr=6 crt=0'0 mlcod 0'0 creating+peering mbc={}] exit Started/Primary/Peering/GetMissing 0.000151 0 0.000000 -744>
2018-10-24 14:25:46.743 7ff4dde7a700 5 osd.0 pg_epoch: 6 pg[1.4( empty local-lis/les=0/0 n=0 ec=6/6 lis/c 0/0 les/c/f 0/0/0 6/6/6) [0] r=0 lpr=6 crt=0'0 mlcod 0'0 creating+peering mbc={}] enter Started/Primary/Peering/WaitUpThru -743>
2018-10-24 14:25:46.743 7ff4de67b700 5 osd.0 pg_epoch: 6 pg[1.3( empty local-lis/les=0/0 n=0 ec=6/6 lis/c 0/0 les/c/f 0/0/0 6/6/6) [0] r=0 lpr=6 crt=0'0 mlcod 0'0 creating+peering mbc={}] exit Started/Primary/Peering/GetLog 0.000652 0 0.000000 -742>
2018-10-24 14:25:46.744 7ff4df67d700 5 osd.0 pg_epoch: 6 pg[1.1( empty local-lis/les=0/0 n=0 ec=6/6 lis/c 0/0 les/c/f 0/0/0 6/6/6) [0] r=0 lpr=6 crt=0'0 mlcod 0'0 creating+peering mbc={}] enter Started/Primary/Peering/WaitUpThru -741>
2018-10-24 14:25:46.744 7ff4de67b700 5 osd.0 pg_epoch: 6 pg[1.3( empty local-lis/les=0/0 n=0 ec=6/6 lis/c 0/0 les/c/f 0/0/0 6/6/6) [0] r=0 lpr=6 crt=0'0 mlcod 0'0 creating+peering mbc={}] enter Started/Primary/Peering/GetMissing -740>
2018-10-24 14:25:46.744 7ff4de67b700 5 osd.0 pg_epoch: 6 pg[1.3( empty local-lis/les=0/0 n=0 ec=6/6 lis/c 0/0 les/c/f 0/0/0 6/6/6) [0] r=0 lpr=6 crt=0'0 mlcod 0'0 creating+peering mbc={}] exit Started/Primary/Peering/GetMissing 0.000196 0 0.000000 -739>
2018-10-24 14:25:46.744 7ff4de67b700 5 osd.0 pg_epoch: 6 pg[1.3( empty local-lis/les=0/0 n=0 ec=6/6 lis/c 0/0 les/c/f 0/0/0 6/6/6) [0] r=0 lpr=6 crt=0'0 mlcod 0'0 creating+peering mbc={}] enter Started/Primary/Peering/WaitUpThru -738>
2018-10-24 14:25:46.745 7ff4dee7c700 10 monclient: _send_mon_message to mon.a at 127.0.0.1:40662/0 -737>
2018-10-24 14:25:46.745 7ff4dee7c700 1 -- 127.0.0.1:6801/25149 --> 127.0.0.1:40662/0 -- osd_alive(want up_thru 6 have 6) v1 -- 0x559a685b6e00 con 0 -736>
2018-10-24 14:25:46.745 7ff4ffee3700 4 -- 127.0.0.1:6801/25149 >> 127.0.0.1:40662/0 conn(0x559a661f1880 legacy :-1 s=STATE_CONNECTION_ESTABLISHED l=1).handle_write -735>
2018-10-24 14:25:46.747 7ff4dc677700 5 osd.0 pg_epoch: 6 pg[1.7(unlocked)] enter Initial -734>
2018-10-24 14:25:46.747 7ff4dc677700 5 write_log_and_missing with: dirty_to: 0'0, dirty_from: 4294967295'18446744073709551615, writeout_from: 4294967295'18446744073709551615, trimmed: , trimmed_dups: , clear_divergent_priors: 0 -733>
2018-10-24 14:25:46.747 7ff4dc677700 5 osd.0 pg_epoch: 6 pg[1.7( empty local-lis/les=0/0 n=0 ec=6/6 lis/c 0/0 les/c/f 0/0/0 6/6/6) [0] r=0 lpr=0 crt=0'0 mlcod 0'0 unknown mbc={}] exit Initial 0.000545 0 0.000000 -732>
2018-10-24 14:25:46.747 7ff4dc677700 5 osd.0 pg_epoch: 6 pg[1.7( empty local-lis/les=0/0 n=0 ec=6/6 lis/c 0/0 les/c/f 0/0/0 6/6/6) [0] r=0 lpr=0 crt=0'0 mlcod 0'0 unknown mbc={}] enter Reset -731>
2018-10-24 14:25:46.748 7ff4dc677700 5 osd.0 pg_epoch: 6 pg[1.7( empty local-lis/les=0/0 n=0 ec=6/6 lis/c 0/0 les/c/f 0/0/0 6/6/6) [0] r=0 lpr=6 crt=0'0 mlcod 0'0 unknown mbc={}] exit Reset 0.000191 1 0.000264 -730>
2018-10-24 14:25:46.748 7ff4dc677700 5 osd.0 pg_epoch: 6 pg[1.7( empty local-lis/les=0/0 n=0 ec=6/6 lis/c 0/0 les/c/f 0/0/0 6/6/6) [0] r=0 lpr=6 crt=0'0 mlcod 0'0 unknown mbc={}] enter Started -729>
2018-10-24 14:25:46.748 7ff4dc677700 5 osd.0 pg_epoch: 6 pg[1.7( empty local-lis/les=0/0 n=0 ec=6/6 lis/c 0/0 les/c/f 0/0/0 6/6/6) [0] r=0 lpr=6 crt=0'0 mlcod 0'0 unknown mbc={}] enter Start -728>
2018-10-24 14:25:46.748 7ff4dc677700 1 osd.0 pg_epoch: 6 pg[1.7( empty local-lis/les=0/0 n=0 ec=6/6 lis/c 0/0 les/c/f 0/0/0 6/6/6) [0] r=0 lpr=6 crt=0'0 mlcod 0'0 unknown mbc={}] state: transitioning to Primary -727>
2018-10-24 14:25:46.748 7ff4dc677700 5 osd.0 pg_epoch: 6 pg[1.7( empty local-lis/les=0/0 n=0 ec=6/6 lis/c 0/0 les/c/f 0/0/0 6/6/6) [0] r=0 lpr=6 crt=0'0 mlcod 0'0 unknown mbc={}] exit Start 0.000225 0 0.000000 -726>
2018-10-24 14:25:46.748 7ff4dc677700 5 osd.0 pg_epoch: 6 pg[1.7( empty local-lis/les=0/0 n=0 ec=6/6 lis/c 0/0 les/c/f 0/0/0 6/6/6) [0] r=0 lpr=6 crt=0'0 mlcod 0'0 unknown mbc={}] enter Started/Primary -725>
2018-10-24 14:25:46.748 7ff4dc677700 5 osd.0 pg_epoch: 6 pg[1.7( empty local-lis/les=0/0 n=0 ec=6/6 lis/c 0/0 les/c/f 0/0/0 6/6/6) [0] r=0 lpr=6 crt=0'0 mlcod 0'0 creating mbc={}] enter Started/Primary/Peering -724>
2018-10-24 14:25:46.748 7ff4dc677700 5 osd.0 pg_epoch: 6 pg[1.7( empty local-lis/les=0/0 n=0 ec=6/6 lis/c 0/0 les/c/f 0/0/0 6/6/6) [0] r=0 lpr=6 crt=0'0 mlcod 0'0 creating+peering mbc={}] enter Started/Primary/Peering/GetInfo -723>
2018-10-24 14:25:46.749 7ff4dc677700 5 osd.0 pg_epoch: 6 pg[1.7( empty local-lis/les=0/0 n=0 ec=6/6 lis/c 0/0 les/c/f 0/0/0 6/6/6) [0] r=0 lpr=6 crt=0'0 mlcod 0'0 creating+peering mbc={}] exit Started/Primary/Peering/GetInfo 0.000270 0 0.000000 -722>
2018-10-24 14:25:46.749 7ff4dc677700 5 osd.0 pg_epoch: 6 pg[1.7( empty local-lis/les=0/0 n=0 ec=6/6 lis/c 0/0 les/c/f 0/0/0 6/6/6) [0] r=0 lpr=6 crt=0'0 mlcod 0'0 creating+peering mbc={}] enter Started/Primary/Peering/GetLog -721>
2018-10-24 14:25:46.749 7ff4dc677700 5 osd.0 pg_epoch: 6 pg[1.7( empty local-lis/les=0/0 n=0 ec=6/6 lis/c 0/0 les/c/f 0/0/0 6/6/6) [0] r=0 lpr=6 crt=0'0 mlcod 0'0 creating+peering mbc={}] exit Started/Primary/Peering/GetLog 0.000358 0 0.000000 -720>
2018-10-24 14:25:46.749 7ff4dc677700 5 osd.0 pg_epoch: 6 pg[1.7( empty local-lis/les=0/0 n=0 ec=6/6 lis/c 0/0 les/c/f 0/0/0 6/6/6) [0] r=0 lpr=6 crt=0'0 mlcod 0'0 creating+peering mbc={}] enter Started/Primary/Peering/GetMissing -719>
