2018-10-24 14:27:03.015 7ff4e6e8c700 1 -- 127.0.0.1:6801/25149 --> 127.0.0.1:6800/24805 -- pg_stats(8 pgs tid 0 v 0) v1 -- 0x559a68618c00 con 0 -444>
2018-10-24 14:27:03.016 7ff4ff6e2700 4 -- 127.0.0.1:6801/25149 >> 127.0.0.1:6800/24805 conn(0x559a664a8000 legacy :-1 s=STATE_CONNECTION_ESTABLISHED l=1).handle_write -443>
2018-10-24 14:27:03.632 7ff4db675700 5 osd.0 8 heartbeat osd_stat(1.1 GiB used (288 KiB data, 0 B omap, 1 GiB meta), 9.0 GiB avail, 10 GiB total, peers [] op hist []) -442>
2018-10-24 14:27:04.733 7ff4db675700 5 osd.0 8 heartbeat osd_stat(1.1 GiB used (288 KiB data, 0 B omap, 1 GiB meta), 9.0 GiB avail, 10 GiB total, peers [] op hist []) -441>
2018-10-24 14:27:06.110 7ff4f4ea8700 5 bluestore.MempoolThread(0x559a653ffbd8) _tune_cache_size target: 4294967296 heap: 55975936 unmapped: 1032192 mapped: 54943744 old cache_size: 2845415832 new cache size: 2845415832 -440>
2018-10-24 14:27:06.110 7ff4f4ea8700 5 bluestore.MempoolThread(0x559a653ffbd8) _trim_shards cache_size: 2845415832 kv_alloc: 1218696969 kv_used: 897 meta_alloc: 1084479241 meta_used: 37480 data_alloc: 542239620 data_used: 0 -439>
2018-10-24 14:27:07.634 7ff4db675700 5 osd.0 8 heartbeat osd_stat(1.1 GiB used (288 KiB data, 0 B omap, 1 GiB meta), 9.0 GiB avail, 10 GiB total, peers [] op hist []) -438>
2018-10-24 14:27:08.017 7ff4e6e8c700 1 -- 127.0.0.1:6801/25149 --> 127.0.0.1:6800/24805 -- mgrreport(unknown.0 +0-0 packed 782 daemon_metrics=2) v6 -- 0x559a664a8700 con 0 -437>
2018-10-24 14:27:08.017 7ff4ff6e2700 4 -- 127.0.0.1:6801/25149 >> 127.0.0.1:6800/24805 conn(0x559a664a8000 legacy :-1 s=STATE_CONNECTION_ESTABLISHED l=1).handle_write -436>
2018-10-24 14:27:08.018 7ff4e6e8c700 1 -- 127.0.0.1:6801/25149 --> 127.0.0.1:6800/24805 -- pg_stats(8 pgs tid 0 v 0) v1 -- 0x559a68536000 con 0 -435>
2018-10-24 14:27:08.018 7ff4ff6e2700 4 -- 127.0.0.1:6801/25149 >> 127.0.0.1:6800/24805 conn(0x559a664a8000 legacy :-1 s=STATE_CONNECTION_ESTABLISHED l=1).handle_write -434>
2018-10-24 14:27:08.134 7ff4db675700 5 osd.0 8 heartbeat osd_stat(1.1 GiB used (288 KiB data, 0 B omap, 1 GiB meta), 9.0 GiB avail, 10 GiB total, peers [] op hist []) -433>
2018-10-24 14:27:09.235 7ff4db675700 5 osd.0 8 heartbeat osd_stat(1.1 GiB used (288 KiB data, 0 B omap, 1 GiB meta), 9.0 GiB avail, 10 GiB total, peers [] op hist []) -432>
2018-10-24 14:27:09.672 7ff4e7e8e700 10 monclient: tick -431>
2018-10-24 14:27:09.672 7ff4e7e8e700 10 monclient: _check_auth_rotating have uptodate secrets (they expire after
2018-10-24 14:26:39.673546) -430>
2018-10-24 14:27:09.672 7ff4ffee3700 4 -- 127.0.0.1:6801/25149 >> 127.0.0.1:40662/0 conn(0x559a661f1880 legacy :-1 s=STATE_CONNECTION_ESTABLISHED l=1).handle_write -429>
2018-10-24 14:27:09.736 7ff4db675700 5 osd.0 8 heartbeat osd_stat(1.1 GiB used (288 KiB data, 0 B omap, 1 GiB meta), 9.0 GiB avail, 10 GiB total, peers [] op hist []) -428>
2018-10-24 14:27:11.134 7ff4f4ea8700 5 bluestore.MempoolThread(0x559a653ffbd8) _tune_cache_size target: 4294967296 heap: 55975936 unmapped: 1024000 mapped: 54951936 old cache_size: 2845415832 new cache size: 2845415832 -427>
2018-10-24 14:27:11.135 7ff4f4ea8700 5 bluestore.MempoolThread(0x559a653ffbd8) _trim_shards cache_size: 2845415832 kv_alloc: 1218696969 kv_used: 897 meta_alloc: 1084479241 meta_used: 37480 data_alloc: 542239620 data_used: 0 -426>
2018-10-24 14:27:12.636 7ff4db675700 5 osd.0 8 heartbeat osd_stat(1.1 GiB used (288 KiB data, 0 B omap, 1 GiB meta), 9.0 GiB avail, 10 GiB total, peers [] op hist []) -425>
2018-10-24 14:27:13.019 7ff4e6e8c700 1 -- 127.0.0.1:6801/25149 --> 127.0.0.1:6800/24805 -- mgrreport(unknown.0 +0-0 packed 782 daemon_metrics=2) v6 -- 0x559a664a8e00 con 0 -424>
2018-10-24 14:27:13.019 7ff4ff6e2700 4 -- 127.0.0.1:6801/25149 >> 127.0.0.1:6800/24805 conn(0x559a664a8000 legacy :-1 s=STATE_CONNECTION_ESTABLISHED l=1).handle_write -423>
2018-10-24 14:27:13.020 7ff4e6e8c700 1 -- 127.0.0.1:6801/25149 --> 127.0.0.1:6800/24805 -- pg_stats(8 pgs tid 0 v 0) v1 -- 0x559a6853c600 con 0 -422>
2018-10-24 14:27:13.020 7ff4ff6e2700 4 -- 127.0.0.1:6801/25149 >> 127.0.0.1:6800/24805 conn(0x559a664a8000 legacy :-1 s=STATE_CONNECTION_ESTABLISHED l=1).handle_write -421>
2018-10-24 14:27:13.137 7ff4db675700 5 osd.0 8 heartbeat osd_stat(1.1 GiB used (288 KiB data, 0 B omap, 1 GiB meta), 9.0 GiB avail, 10 GiB total, peers [] op hist []) -420>
2018-10-24 14:27:16.039 7ff4db675700 5 osd.0 8 heartbeat osd_stat(1.1 GiB used (288 KiB data, 0 B omap, 1 GiB meta), 9.0 GiB avail, 10 GiB total, peers [] op hist []) -419>
2018-10-24 14:27:16.158 7ff4f4ea8700 5 bluestore.MempoolThread(0x559a653ffbd8) _tune_cache_size target: 4294967296 heap: 55975936 unmapped: 1024000 mapped: 54951936 old cache_size: 2845415832 new cache size: 2845415832 -418>
2018-10-24 14:27:16.158 7ff4f4ea8700 5 bluestore.MempoolThread(0x559a653ffbd8) _trim_shards cache_size: 2845415832 kv_alloc: 1218696969 kv_used: 897 meta_alloc: 1084479241 meta_used: 37480 data_alloc: 542239620 data_used: 0 -417>
2018-10-24 14:27:18.022 7ff4e6e8c700 1 -- 127.0.0.1:6801/25149 --> 127.0.0.1:6800/24805 -- mgrreport(unknown.0 +0-0 packed 782 daemon_metrics=2) v6 -- 0x559a664a9180 con 0 -416>
2018-10-24 14:27:18.022 7ff4ff6e2700 4 -- 127.0.0.1:6801/25149 >> 127.0.0.1:6800/24805 conn(0x559a664a8000 legacy :-1 s=STATE_CONNECTION_ESTABLISHED l=1).handle_write -415>
2018-10-24 14:27:18.022 7ff4e6e8c700 1 -- 127.0.0.1:6801/25149 --> 127.0.0.1:6800/24805 -- pg_stats(8 pgs tid 0 v 0) v1 -- 0x559a6853c000 con 0 -414>
2018-10-24 14:27:18.022 7ff4ff6e2700 4 -- 127.0.0.1:6801/25149 >> 127.0.0.1:6800/24805 conn(0x559a664a8000 legacy :-1 s=STATE_CONNECTION_ESTABLISHED l=1).handle_write -413>
2018-10-24 14:27:19.673 7ff4e7e8e700 10 monclient: tick -412>
2018-10-24 14:27:19.673 7ff4e7e8e700 10 monclient: _check_auth_rotating have uptodate secrets (they expire after
2018-10-24 14:26:49.674005) -411>
2018-10-24 14:27:19.674 7ff4ffee3700 4 -- 127.0.0.1:6801/25149 >> 127.0.0.1:40662/0 conn(0x559a661f1880 legacy :-1 s=STATE_CONNECTION_ESTABLISHED l=1).handle_write -410>
2018-10-24 14:27:21.183 7ff4f4ea8700 5 bluestore.MempoolThread(0x559a653ffbd8) _tune_cache_size target: 4294967296 heap: 55975936 unmapped: 1024000 mapped: 54951936 old cache_size: 2845415832 new cache size: 2845415832 -409>
2018-10-24 14:27:21.183 7ff4f4ea8700 5 bluestore.MempoolThread(0x559a653ffbd8) _trim_shards cache_size: 2845415832 kv_alloc: 1218696969 kv_used: 897 meta_alloc: 1084479241 meta_used: 37480 data_alloc: 542239620 data_used: 0 -408>
2018-10-24 14:27:21.339 7ff4db675700 5 osd.0 8 heartbeat osd_stat(1.1 GiB used (288 KiB data, 0 B omap, 1 GiB meta), 9.0 GiB avail, 10 GiB total, peers [] op hist []) -407>
2018-10-24 14:27:23.024 7ff4e6e8c700 1 -- 127.0.0.1:6801/25149 --> 127.0.0.1:6800/24805 -- mgrreport(unknown.0 +0-0 packed 782 daemon_metrics=2) v6 -- 0x559a68636000 con 0 -406>
2018-10-24 14:27:23.024 7ff4ff6e2700 4 -- 127.0.0.1:6801/25149 >> 127.0.0.1:6800/24805 conn(0x559a664a8000 legacy :-1 s=STATE_CONNECTION_ESTABLISHED l=1).handle_write -405>
2018-10-24 14:27:23.024 7ff4e6e8c700 1 -- 127.0.0.1:6801/25149 --> 127.0.0.1:6800/24805 -- pg_stats(8 pgs tid 0 v 0) v1 -- 0x559a664d1800 con 0 -404>
2018-10-24 14:27:23.025 7ff4ff6e2700 4 -- 127.0.0.1:6801/25149 >> 127.0.0.1:6800/24805 conn(0x559a664a8000 legacy :-1 s=STATE_CONNECTION_ESTABLISHED l=1).handle_write -403>
2018-10-24 14:27:24.840 7ff4db675700 5 osd.0 8 heartbeat osd_stat(1.1 GiB used (288 KiB data, 0 B omap, 1 GiB meta), 9.0 GiB avail, 10 GiB total, peers [] op hist []) -402>
2018-10-24 14:27:26.204 7ff4f4ea8700 5 bluestore.MempoolThread(0x559a653ffbd8) _tune_cache_size target: 4294967296 heap: 55975936 unmapped: 1015808 mapped: 54960128 old cache_size: 2845415832 new cache size: 2845415832 -401>
2018-10-24 14:27:26.204 7ff4f4ea8700 5 bluestore.MempoolThread(0x559a653ffbd8) _trim_shards cache_size: 2845415832 kv_alloc: 1218696969 kv_used: 897 meta_alloc: 1084479241 meta_used: 37480 data_alloc: 542239620 data_used: 0 -400>
2018-10-24 14:27:28.026 7ff4e6e8c700 1 -- 127.0.0.1:6801/25149 --> 127.0.0.1:6800/24805 -- mgrreport(unknown.0 +0-0 packed 782 daemon_metrics=2) v6 -- 0x559a68636380 con 0 -399>
2018-10-24 14:27:28.026 7ff4ff6e2700 4 -- 127.0.0.1:6801/25149 >> 127.0.0.1:6800/24805 conn(0x559a664a8000 legacy :-1 s=STATE_CONNECTION_ESTABLISHED l=1).handle_write -398>
2018-10-24 14:27:28.027 7ff4e6e8c700 1 -- 127.0.0.1:6801/25149 --> 127.0.0.1:6800/24805 -- pg_stats(8 pgs tid 0 v 0) v1 -- 0x559a68536900 con 0 -397>
2018-10-24 14:27:28.027 7ff4ff6e2700 4 -- 127.0.0.1:6801/25149 >> 127.0.0.1:6800/24805 conn(0x559a664a8000 legacy :-1 s=STATE_CONNECTION_ESTABLISHED l=1).handle_write -396>
2018-10-24 14:27:29.541 7ff4db675700 5 osd.0 8 heartbeat osd_stat(1.1 GiB used (288 KiB data, 0 B omap, 1 GiB meta), 9.0 GiB avail, 10 GiB total, peers [] op hist []) -395>
2018-10-24 14:27:29.674 7ff4e7e8e700 10 monclient: tick -394>
2018-10-24 14:27:29.674 7ff4e7e8e700 10 monclient: _check_auth_rotating have uptodate secrets (they expire after
2018-10-24 14:26:59.674433) -393>
2018-10-24 14:27:29.674 7ff4ffee3700 4 -- 127.0.0.1:6801/25149 >> 127.0.0.1:40662/0 conn(0x559a661f1880 legacy :-1 s=STATE_CONNECTION_ESTABLISHED l=1).handle_write -392>
2018-10-24 14:27:31.225 7ff4f4ea8700 5 bluestore.MempoolThread(0x559a653ffbd8) _tune_cache_size target: 4294967296 heap: 55975936 unmapped: 1015808 mapped: 54960128 old cache_size: 2845415832 new cache size: 2845415832 -391>
2018-10-24 14:27:31.225 7ff4f4ea8700 5 bluestore.MempoolThread(0x559a653ffbd8) _trim_shards cache_size: 2845415832 kv_alloc: 1218696969 kv_used: 897 meta_alloc: 1084479241 meta_used: 37480 data_alloc: 542239620 data_used: 0 -390>
2018-10-24 14:27:31.241 7ff4db675700 5 osd.0 8 heartbeat osd_stat(1.1 GiB used (288 KiB data, 0 B omap, 1 GiB meta), 9.0 GiB avail, 10 GiB total, peers [] op hist []) -389>
2018-10-24 14:27:32.942 7ff4db675700 5 osd.0 8 heartbeat osd_stat(1.1 GiB used (288 KiB data, 0 B omap, 1 GiB meta), 9.0 GiB avail, 10 GiB total, peers [] op hist []) -388>
2018-10-24 14:27:33.028 7ff4e6e8c700 1 -- 127.0.0.1:6801/25149 --> 127.0.0.1:6800/24805 -- mgrreport(unknown.0 +0-0 packed 782 daemon_metrics=2) v6 -- 0x559a68636700 con 0 -387>
2018-10-24 14:27:33.028 7ff4ff6e2700 4 -- 127.0.0.1:6801/25149 >> 127.0.0.1:6800/24805 conn(0x559a664a8000 legacy :-1 s=STATE_CONNECTION_ESTABLISHED l=1).handle_write -386>
2018-10-24 14:27:33.029 7ff4e6e8c700 1 -- 127.0.0.1:6801/25149 --> 127.0.0.1:6800/24805 -- pg_stats(8 pgs tid 0 v 0) v1 -- 0x559a6853d500 con 0 -385>
2018-10-24 14:27:33.029 7ff4ff6e2700 4 -- 127.0.0.1:6801/25149 >> 127.0.0.1:6800/24805 conn(0x559a664a8000 legacy :-1 s=STATE_CONNECTION_ESTABLISHED l=1).handle_write -384>
2018-10-24 14:27:34.042 7ff4db675700 5 osd.0 8 heartbeat osd_stat(1.1 GiB used (288 KiB data, 0 B omap, 1 GiB meta), 9.0 GiB avail, 10 GiB total, peers [] op hist []) -383>
2018-10-24 14:27:35.743 7ff4db675700 5 osd.0 8 heartbeat osd_stat(1.1 GiB used (288 KiB data, 0 B omap, 1 GiB meta), 9.0 GiB avail, 10 GiB total, peers [] op hist []) -382>
2018-10-24 14:27:36.246 7ff4f4ea8700 5 bluestore.MempoolThread(0x559a653ffbd8) _tune_cache_size target: 4294967296 heap: 55975936 unmapped: 1015808 mapped: 54960128 old cache_size: 2845415832 new cache size: 2845415832 -381>
2018-10-24 14:27:36.246 7ff4f4ea8700 5 bluestore.MempoolThread(0x559a653ffbd8) _trim_shards cache_size: 2845415832 kv_alloc: 1218696969 kv_used: 897 meta_alloc: 1084479241 meta_used: 37480 data_alloc: 542239620 data_used: 0 -380>
2018-10-24 14:27:36.844 7ff4db675700 5 osd.0 8 heartbeat osd_stat(1.1 GiB used (288 KiB data, 0 B omap, 1 GiB meta), 9.0 GiB avail, 10 GiB total, peers [] op hist []) -379>
2018-10-24 14:27:38.030 7ff4e6e8c700 1 -- 127.0.0.1:6801/25149 --> 127.0.0.1:6800/24805 -- mgrreport(unknown.0 +0-0 packed 782 daemon_metrics=2) v6 -- 0x559a68636a80 con 0 -378>
2018-10-24 14:27:38.031 7ff4ff6e2700 4 -- 127.0.0.1:6801/25149 >> 127.0.0.1:6800/24805 conn(0x559a664a8000 legacy :-1 s=STATE_CONNECTION_ESTABLISHED l=1).handle_write -377>
2018-10-24 14:27:38.031 7ff4e6e8c700 1 -- 127.0.0.1:6801/25149 --> 127.0.0.1:6800/24805 -- pg_stats(8 pgs tid 0 v 0) v1 -- 0x559a68614600 con 0 -376>
2018-10-24 14:27:38.031 7ff4ff6e2700 4 -- 127.0.0.1:6801/25149 >> 127.0.0.1:6800/24805 conn(0x559a664a8000 legacy :-1 s=STATE_CONNECTION_ESTABLISHED l=1).handle_write -375>
2018-10-24 14:27:39.673 7ff4e7e8e700 10 monclient: tick -374>
2018-10-24 14:27:39.673 7ff4e7e8e700 10 monclient: _check_auth_rotating have uptodate secrets (they expire after
2018-10-24 14:27:09.674818) -373>
2018-10-24 14:27:39.673 7ff4ffee3700 4 -- 127.0.0.1:6801/25149 >> 127.0.0.1:40662/0 conn(0x559a661f1880 legacy :-1 s=STATE_CONNECTION_ESTABLISHED l=1).handle_write -372>
2018-10-24 14:27:39.743 7ff4db675700 5 osd.0 8 heartbeat osd_stat(1.1 GiB used (288 KiB data, 0 B omap, 1 GiB meta), 9.0 GiB avail, 10 GiB total, peers [] op hist []) -371>
2018-10-24 14:27:41.266 7ff4f4ea8700 5 bluestore.MempoolThread(0x559a653ffbd8) _tune_cache_size target: 4294967296 heap: 55975936 unmapped: 1015808 mapped: 54960128 old cache_size: 2845415832 new cache size: 2845415832 -370>
2018-10-24 14:27:41.266 7ff4f4ea8700 5 bluestore.MempoolThread(0x559a653ffbd8) _trim_shards cache_size: 2845415832 kv_alloc: 1218696969 kv_used: 897 meta_alloc: 1084479241 meta_used: 37480 data_alloc: 542239620 data_used: 0 -369>
2018-10-24 14:27:43.031 7ff4e6e8c700 1 -- 127.0.0.1:6801/25149 --> 127.0.0.1:6800/24805 -- mgrreport(unknown.0 +0-0 packed 782 daemon_metrics=2) v6 -- 0x559a68636e00 con 0 -368>
2018-10-24 14:27:43.031 7ff4ff6e2700 4 -- 127.0.0.1:6801/25149 >> 127.0.0.1:6800/24805 conn(0x559a664a8000 legacy :-1 s=STATE_CONNECTION_ESTABLISHED l=1).handle_write -367>
2018-10-24 14:27:43.032 7ff4e6e8c700 1 -- 127.0.0.1:6801/25149 --> 127.0.0.1:6800/24805 -- pg_stats(8 pgs tid 0 v 0) v1 -- 0x559a68537500 con 0 -366>
2018-10-24 14:27:43.032 7ff4ff6e2700 4 -- 127.0.0.1:6801/25149 >> 127.0.0.1:6800/24805 conn(0x559a664a8000 legacy :-1 s=STATE_CONNECTION_ESTABLISHED l=1).handle_write -365>
2018-10-24 14:27:45.644 7ff4db675700 5 osd.0 8 heartbeat osd_stat(1.1 GiB used (288 KiB data, 0 B omap, 1 GiB meta), 9.0 GiB avail, 10 GiB total, peers [] op hist []) -364>
2018-10-24 14:27:46.289 7ff4f4ea8700 5 bluestore.MempoolThread(0x559a653ffbd8) _tune_cache_size target: 4294967296 heap: 55975936 unmapped: 1015808 mapped: 54960128 old cache_size: 2845415832 new cache size: 2845415832 -363>
2018-10-24 14:27:46.289 7ff4f4ea8700 5 bluestore.MempoolThread(0x559a653ffbd8) _trim_shards cache_size: 2845415832 kv_alloc: 1218696969 kv_used: 897 meta_alloc: 1084479241 meta_used: 37480 data_alloc: 542239620 data_used: 0 -362>
2018-10-24 14:27:48.033 7ff4e6e8c700 1 -- 127.0.0.1:6801/25149 --> 127.0.0.1:6800/24805 -- mgrreport(unknown.0 +0-0 packed 782 daemon_metrics=2) v6 -- 0x559a68637180 con 0 -361>
2018-10-24 14:27:48.034 7ff4ff6e2700 4 -- 127.0.0.1:6801/25149 >> 127.0.0.1:6800/24805 conn(0x559a664a8000 legacy :-1 s=STATE_CONNECTION_ESTABLISHED l=1).handle_write -360>
2018-10-24 14:27:48.034 7ff4e6e8c700 1 -- 127.0.0.1:6801/25149 --> 127.0.0.1:6800/24805 -- pg_stats(8 pgs tid 0 v 0) v1 -- 0x559a68619800 con 0 -359>
2018-10-24 14:27:48.034 7ff4ff6e2700 4 -- 127.0.0.1:6801/25149 >> 127.0.0.1:6800/24805 conn(0x559a664a8000 legacy :-1 s=STATE_CONNECTION_ESTABLISHED l=1).handle_write -358>
2018-10-24 14:27:49.144 7ff4db675700 5 osd.0 8 heartbeat osd_stat(1.1 GiB used (288 KiB data, 0 B omap, 1 GiB meta), 9.0 GiB avail, 10 GiB total, peers [] op hist []) -357>
2018-10-24 14:27:49.673 7ff4e7e8e700 10 monclient: tick -356>
2018-10-24 14:27:49.673 7ff4e7e8e700 10 monclient: _check_auth_rotating have uptodate secrets (they expire after
2018-10-24 14:27:19.675209) -355>
2018-10-24 14:27:49.674 7ff4ffee3700 4 -- 127.0.0.1:6801/25149 >> 127.0.0.1:40662/0 conn(0x559a661f1880 legacy :-1 s=STATE_CONNECTION_ESTABLISHED l=1).handle_write -354>
2018-10-24 14:27:51.310 7ff4f4ea8700 5 bluestore.MempoolThread(0x559a653ffbd8) _tune_cache_size target: 4294967296 heap: 55975936 unmapped: 1015808 mapped: 54960128 old cache_size: 2845415832 new cache size: 2845415832 -353>
2018-10-24 14:27:51.310 7ff4f4ea8700 5 bluestore.MempoolThread(0x559a653ffbd8) _trim_shards cache_size: 2845415832 kv_alloc: 1218696969 kv_used: 897 meta_alloc: 1084479241 meta_used: 37480 data_alloc: 542239620 data_used: 0 -352>
2018-10-24 14:27:53.036 7ff4e6e8c700 1 -- 127.0.0.1:6801/25149 --> 127.0.0.1:6800/24805 -- mgrreport(unknown.0 +0-0 packed 782 daemon_metrics=2) v6 -- 0x559a68637500 con 0 -351>
2018-10-24 14:27:53.036 7ff4ff6e2700 4 -- 127.0.0.1:6801/25149 >> 127.0.0.1:6800/24805 conn(0x559a664a8000 legacy :-1 s=STATE_CONNECTION_ESTABLISHED l=1).handle_write -350>
2018-10-24 14:27:53.036 7ff4e6e8c700 1 -- 127.0.0.1:6801/25149 --> 127.0.0.1:6800/24805 -- pg_stats(8 pgs tid 0 v 0) v1 -- 0x559a68618300 con 0 -349>
2018-10-24 14:27:53.037 7ff4ff6e2700 4 -- 127.0.0.1:6801/25149 >> 127.0.0.1:6800/24805 conn(0x559a664a8000 legacy :-1 s=STATE_CONNECTION_ESTABLISHED l=1).handle_write -348>
2018-10-24 14:27:53.245 7ff4db675700 5 osd.0 8 heartbeat osd_stat(1.1 GiB used (288 KiB data, 0 B omap, 1 GiB meta), 9.0 GiB avail, 10 GiB total, peers [] op hist []) -347>
2018-10-24 14:27:54.345 7ff4db675700 5 osd.0 8 heartbeat osd_stat(1.1 GiB used (288 KiB data, 0 B omap, 1 GiB meta), 9.0 GiB avail, 10 GiB total, peers [] op hist []) -346>
2018-10-24 14:27:56.047 7ff4db675700 5 osd.0 8 heartbeat osd_stat(1.1 GiB used (288 KiB data, 0 B omap, 1 GiB meta), 9.0 GiB avail, 10 GiB total, peers [] op hist []) -345>
2018-10-24 14:27:56.333 7ff4f4ea8700 5 bluestore.MempoolThread(0x559a653ffbd8) _tune_cache_size target: 4294967296 heap: 55975936 unmapped: 1015808 mapped: 54960128 old cache_size: 2845415832 new cache size: 2845415832 -344>
2018-10-24 14:27:56.333 7ff4f4ea8700 5 bluestore.MempoolThread(0x559a653ffbd8) _trim_shards cache_size: 2845415832 kv_alloc: 1218696969 kv_used: 897 meta_alloc: 1084479241 meta_used: 37480 data_alloc: 542239620 data_used: 0 -343>
2018-10-24 14:27:58.038 7ff4e6e8c700 1 -- 127.0.0.1:6801/25149 --> 127.0.0.1:6800/24805 -- mgrreport(unknown.0 +0-0 packed 782 daemon_metrics=2) v6 -- 0x559a68637880 con 0 -342>
2018-10-24 14:27:58.038 7ff4ff6e2700 4 -- 127.0.0.1:6801/25149 >> 127.0.0.1:6800/24805 conn(0x559a664a8000 legacy :-1 s=STATE_CONNECTION_ESTABLISHED l=1).handle_write -341>
2018-10-24 14:27:58.039 7ff4e6e8c700 1 -- 127.0.0.1:6801/25149 --> 127.0.0.1:6800/24805 -- pg_stats(8 pgs tid 0 v 0) v1 -- 0x559a68614600 con 0 -340>
2018-10-24 14:27:58.039 7ff4ff6e2700 4 -- 127.0.0.1:6801/25149 >> 127.0.0.1:6800/24805 conn(0x559a664a8000 legacy :-1 s=STATE_CONNECTION_ESTABLISHED l=1).handle_write -339>
2018-10-24 14:27:59.547 7ff4db675700 5 osd.0 8 heartbeat osd_stat(1.1 GiB used (288 KiB data, 0 B omap, 1 GiB meta), 9.0 GiB avail, 10 GiB total, peers [] op hist []) -338>
2018-10-24 14:27:59.675 7ff4e7e8e700 10 monclient: tick -337>
2018-10-24 14:27:59.675 7ff4e7e8e700 10 monclient: _check_auth_rotating have uptodate secrets (they expire after
2018-10-24 14:27:29.675866) -336>
2018-10-24 14:27:59.675 7ff4ffee3700 4 -- 127.0.0.1:6801/25149 >> 127.0.0.1:40662/0 conn(0x559a661f1880 legacy :-1 s=STATE_CONNECTION_ESTABLISHED l=1).handle_write -335>
2018-10-24 14:28:01.356 7ff4f4ea8700 5 bluestore.MempoolThread(0x559a653ffbd8) _tune_cache_size target: 4294967296 heap: 55975936 unmapped: 1015808 mapped: 54960128 old cache_size: 2845415832 new cache size: 2845415832 -334>
2018-10-24 14:28:01.356 7ff4f4ea8700 5 bluestore.MempoolThread(0x559a653ffbd8) _trim_shards cache_size: 2845415832 kv_alloc: 1218696969 kv_used: 897 meta_alloc: 1084479241 meta_used: 37480 data_alloc: 542239620 data_used: 0 -333>
2018-10-24 14:28:02.447 7ff4db675700 5 osd.0 8 heartbeat osd_stat(1.1 GiB used (288 KiB data, 0 B omap, 1 GiB meta), 9.0 GiB avail, 10 GiB total, peers [] op hist []) -332>
2018-10-24 14:28:03.040 7ff4e6e8c700 1 -- 127.0.0.1:6801/25149 --> 127.0.0.1:6800/24805 -- mgrreport(unknown.0 +0-0 packed 782 daemon_metrics=2) v6 -- 0x559a68637c00 con 0 -331>
2018-10-24 14:28:03.040 7ff4ff6e2700 4 -- 127.0.0.1:6801/25149 >> 127.0.0.1:6800/24805 conn(0x559a664a8000 legacy :-1 s=STATE_CONNECTION_ESTABLISHED l=1).handle_write -330>
2018-10-24 14:28:03.041 7ff4e6e8c700 1 -- 127.0.0.1:6801/25149 --> 127.0.0.1:6800/24805 -- pg_stats(8 pgs tid 0 v 0) v1 -- 0x559a6853cc00 con 0 -329>
2018-10-24 14:28:03.041 7ff4ff6e2700 4 -- 127.0.0.1:6801/25149 >> 127.0.0.1:6800/24805 conn(0x559a664a8000 legacy :-1 s=STATE_CONNECTION_ESTABLISHED l=1).handle_write -328>
2018-10-24 14:28:06.377 7ff4f4ea8700 5 bluestore.MempoolThread(0x559a653ffbd8) _tune_cache_size target: 4294967296 heap: 55975936 unmapped: 1015808 mapped: 54960128 old cache_size: 2845415832 new cache size: 2845415832 -327>
2018-10-24 14:28:06.377 7ff4f4ea8700 5 bluestore.MempoolThread(0x559a653ffbd8) _trim_shards cache_size: 2845415832 kv_alloc: 1218696969 kv_used: 897 meta_alloc: 1084479241 meta_used: 37480 data_alloc: 542239620 data_used: 0 -326>
2018-10-24 14:28:08.043 7ff4e6e8c700 1 -- 127.0.0.1:6801/25149 --> 127.0.0.1:6800/24805 -- mgrreport(unknown.0 +0-0 packed 782 daemon_metrics=2) v6 -- 0x559a68636000 con 0 -325>
2018-10-24 14:28:08.043 7ff4ff6e2700 4 -- 127.0.0.1:6801/25149 >> 127.0.0.1:6800/24805 conn(0x559a664a8000 legacy :-1 s=STATE_CONNECTION_ESTABLISHED l=1).handle_write -324>
2018-10-24 14:28:08.043 7ff4e6e8c700 1 -- 127.0.0.1:6801/25149 --> 127.0.0.1:6800/24805 -- pg_stats(8 pgs tid 0 v 0) v1 -- 0x559a6853c600 con 0 -323>
2018-10-24 14:28:08.044 7ff4ff6e2700 4 -- 127.0.0.1:6801/25149 >> 127.0.0.1:6800/24805 conn(0x559a664a8000 legacy :-1 s=STATE_CONNECTION_ESTABLISHED l=1).handle_write -322>
2018-10-24 14:28:08.348 7ff4db675700 5 osd.0 8 heartbeat osd_stat(1.1 GiB used (288 KiB data, 0 B omap, 1 GiB meta), 9.0 GiB avail, 10 GiB total, peers [] op hist []) -321>
2018-10-24 14:28:09.675 7ff4e7e8e700 10 monclient: tick -320>
2018-10-24 14:28:09.675 7ff4e7e8e700 10 monclient: _check_auth_rotating have uptodate secrets (they expire after
2018-10-24 14:27:39.676506) -319>
2018-10-24 14:28:09.675 7ff4ffee3700 4 -- 127.0.0.1:6801/25149 >> 127.0.0.1:40662/0 conn(0x559a661f1880 legacy :-1 s=STATE_CONNECTION_ESTABLISHED l=1).handle_write -318>
2018-10-24 14:28:11.401 7ff4f4ea8700 5 bluestore.MempoolThread(0x559a653ffbd8) _tune_cache_size target: 4294967296 heap: 55975936 unmapped: 1024000 mapped: 54951936 old cache_size: 2845415832 new cache size: 2845415832 -317>
2018-10-24 14:28:11.401 7ff4f4ea8700 5 bluestore.MempoolThread(0x559a653ffbd8) _trim_shards cache_size: 2845415832 kv_alloc: 1218696969 kv_used: 897 meta_alloc: 1084479241 meta_used: 37480 data_alloc: 542239620 data_used: 0 -316>
2018-10-24 14:28:12.449 7ff4db675700 5 osd.0 8 heartbeat osd_stat(1.1 GiB used (288 KiB data, 0 B omap, 1 GiB meta), 9.0 GiB avail, 10 GiB total, peers [] op hist []) -315>
2018-10-24 14:28:13.045 7ff4e6e8c700 1 -- 127.0.0.1:6801/25149 --> 127.0.0.1:6800/24805 -- mgrreport(unknown.0 +0-0 packed 782 daemon_metrics=2) v6 -- 0x559a68636380 con 0 -314>
2018-10-24 14:28:13.045 7ff4ff6e2700 4 -- 127.0.0.1:6801/25149 >> 127.0.0.1:6800/24805 conn(0x559a664a8000 legacy :-1 s=STATE_CONNECTION_ESTABLISHED l=1).handle_write -313>
2018-10-24 14:28:13.045 7ff4e6e8c700 1 -- 127.0.0.1:6801/25149 --> 127.0.0.1:6800/24805 -- pg_stats(8 pgs tid 0 v 0) v1 -- 0x559a68614c00 con 0 -312>
2018-10-24 14:28:13.046 7ff4ff6e2700 4 -- 127.0.0.1:6801/25149 >> 127.0.0.1:6800/24805 conn(0x559a664a8000 legacy :-1 s=STATE_CONNECTION_ESTABLISHED l=1).handle_write -311>
2018-10-24 14:28:16.424 7ff4f4ea8700 5 bluestore.MempoolThread(0x559a653ffbd8) _tune_cache_size target: 4294967296 heap: 55975936 unmapped: 1024000 mapped: 54951936 old cache_size: 2845415832 new cache size: 2845415832 -310>
2018-10-24 14:28:16.424 7ff4f4ea8700 5 bluestore.MempoolThread(0x559a653ffbd8) _trim_shards cache_size: 2845415832 kv_alloc: 1218696969 kv_used: 897 meta_alloc: 1084479241 meta_used: 37480 data_alloc: 542239620 data_used: 0 -309>
2018-10-24 14:28:18.046 7ff4e6e8c700 1 -- 127.0.0.1:6801/25149 --> 127.0.0.1:6800/24805 -- mgrreport(unknown.0 +0-0 packed 782 daemon_metrics=2) v6 -- 0x559a68636700 con 0 -308>
2018-10-24 14:28:18.046 7ff4ff6e2700 4 -- 127.0.0.1:6801/25149 >> 127.0.0.1:6800/24805 conn(0x559a664a8000 legacy :-1 s=STATE_CONNECTION_ESTABLISHED l=1).handle_write -307>
2018-10-24 14:28:18.046 7ff4e6e8c700 1 -- 127.0.0.1:6801/25149 --> 127.0.0.1:6800/24805 -- pg_stats(8 pgs tid 0 v 0) v1 -- 0x559a68537500 con 0 -306>
2018-10-24 14:28:18.046 7ff4ff6e2700 4 -- 127.0.0.1:6801/25149 >> 127.0.0.1:6800/24805 conn(0x559a664a8000 legacy :-1 s=STATE_CONNECTION_ESTABLISHED l=1).handle_write -305>
2018-10-24 14:28:18.349 7ff4db675700 5 osd.0 8 heartbeat osd_stat(1.1 GiB used (288 KiB data, 0 B omap, 1 GiB meta), 9.0 GiB avail, 10 GiB total, peers [] op hist []) -304>
2018-10-24 14:28:18.850 7ff4db675700 5 osd.0 8 heartbeat osd_stat(1.1 GiB used (288 KiB data, 0 B omap, 1 GiB meta), 9.0 GiB avail, 10 GiB total, peers [] op hist []) -303>
2018-10-24 14:28:19.675 7ff4e7e8e700 10 monclient: tick -302>
2018-10-24 14:28:19.675 7ff4e7e8e700 10 monclient: _check_auth_rotating have uptodate secrets (they expire after
2018-10-24 14:27:49.676939) -301>
2018-10-24 14:28:19.675 7ff4ffee3700 4 -- 127.0.0.1:6801/25149 >> 127.0.0.1:40662/0 conn(0x559a661f1880 legacy :-1 s=STATE_CONNECTION_ESTABLISHED l=1).handle_write -300>
2018-10-24 14:28:21.150 7ff4db675700 5 osd.0 8 heartbeat osd_stat(1.1 GiB used (288 KiB data, 0 B omap, 1 GiB meta), 9.0 GiB avail, 10 GiB total, peers [] op hist []) -299>
2018-10-24 14:28:21.444 7ff4f4ea8700 5 bluestore.MempoolThread(0x559a653ffbd8) _tune_cache_size target: 4294967296 heap: 55975936 unmapped: 1015808 mapped: 54960128 old cache_size: 2845415832 new cache size: 2845415832 -298>
2018-10-24 14:28:21.444 7ff4f4ea8700 5 bluestore.MempoolThread(0x559a653ffbd8) _trim_shards cache_size: 2845415832 kv_alloc: 1218696969 kv_used: 897 meta_alloc: 1084479241 meta_used: 37480 data_alloc: 542239620 data_used: 0 -297>
2018-10-24 14:28:22.851 7ff4db675700 5 osd.0 8 heartbeat osd_stat(1.1 GiB used (288 KiB data, 0 B omap, 1 GiB meta), 9.0 GiB avail, 10 GiB total, peers [] op hist []) -296>
2018-10-24 14:28:23.048 7ff4e6e8c700 1 -- 127.0.0.1:6801/25149 --> 127.0.0.1:6800/24805 -- mgrreport(unknown.0 +0-0 packed 782 daemon_metrics=2) v6 -- 0x559a68636a80 con 0 -295>
2018-10-24 14:28:23.048 7ff4ff6e2700 4 -- 127.0.0.1:6801/25149 >> 127.0.0.1:6800/24805 conn(0x559a664a8000 legacy :-1 s=STATE_CONNECTION_ESTABLISHED l=1).handle_write -294>
2018-10-24 14:28:23.048 7ff4e6e8c700 1 -- 127.0.0.1:6801/25149 --> 127.0.0.1:6800/24805 -- pg_stats(8 pgs tid 0 v 0) v1 -- 0x559a68614600 con 0 -293>
2018-10-24 14:28:23.049 7ff4ff6e2700 4 -- 127.0.0.1:6801/25149 >> 127.0.0.1:6800/24805 conn(0x559a664a8000 legacy :-1 s=STATE_CONNECTION_ESTABLISHED l=1).handle_write -292>
2018-10-24 14:28:23.952 7ff4db675700 5 osd.0 8 heartbeat osd_stat(1.1 GiB used (288 KiB data, 0 B omap, 1 GiB meta), 9.0 GiB avail, 10 GiB total, peers [] op hist []) -291>
2018-10-24 14:28:26.465 7ff4f4ea8700 5 bluestore.MempoolThread(0x559a653ffbd8) _tune_cache_size target: 4294967296 heap: 55975936 unmapped: 1015808 mapped: 54960128 old cache_size: 2845415832 new cache size: 2845415832 -290>
2018-10-24 14:28:26.465 7ff4f4ea8700 5 bluestore.MempoolThread(0x559a653ffbd8) _trim_shards cache_size: 2845415832 kv_alloc: 1218696969 kv_used: 897 meta_alloc: 1084479241 meta_used: 37480 data_alloc: 542239620 data_used: 0 -289>
2018-10-24 14:28:28.050 7ff4e6e8c700 1 -- 127.0.0.1:6801/25149 --> 127.0.0.1:6800/24805 -- mgrreport(unknown.0 +0-0 packed 782 daemon_metrics=2) v6 -- 0x559a68636e00 con 0 -288>
2018-10-24 14:28:28.050 7ff4ff6e2700 4 -- 127.0.0.1:6801/25149 >> 127.0.0.1:6800/24805 conn(0x559a664a8000 legacy :-1 s=STATE_CONNECTION_ESTABLISHED l=1).handle_write -287>
2018-10-24 14:28:28.050 7ff4e6e8c700 1 -- 127.0.0.1:6801/25149 --> 127.0.0.1:6800/24805 -- pg_stats(8 pgs tid 0 v 0) v1 -- 0x559a68638600 con 0 -286>
2018-10-24 14:28:28.051 7ff4ff6e2700 4 -- 127.0.0.1:6801/25149 >> 127.0.0.1:6800/24805 conn(0x559a664a8000 legacy :-1 s=STATE_CONNECTION_ESTABLISHED l=1).handle_write -285>
2018-10-24 14:28:28.052 7ff4db675700 5 osd.0 8 heartbeat osd_stat(1.1 GiB used (288 KiB data, 0 B omap, 1 GiB meta), 9.0 GiB avail, 10 GiB total, peers [] op hist []) -284>
2018-10-24 14:28:29.676 7ff4e7e8e700 10 monclient: tick -283>
2018-10-24 14:28:29.676 7ff4e7e8e700 10 monclient: _check_auth_rotating have uptodate secrets (they expire after
2018-10-24 14:27:59.677407) -282>
2018-10-24 14:28:29.676 7ff4ffee3700 4 -- 127.0.0.1:6801/25149 >> 127.0.0.1:40662/0 conn(0x559a661f1880 legacy :-1 s=STATE_CONNECTION_ESTABLISHED l=1).handle_write -281>
2018-10-24 14:28:31.486 7ff4f4ea8700 5 bluestore.MempoolThread(0x559a653ffbd8) _tune_cache_size target: 4294967296 heap: 55975936 unmapped: 1015808 mapped: 54960128 old cache_size: 2845415832 new cache size: 2845415832 -280>
2018-10-24 14:28:31.486 7ff4f4ea8700 5 bluestore.MempoolThread(0x559a653ffbd8) _trim_shards cache_size: 2845415832 kv_alloc: 1218696969 kv_used: 897 meta_alloc: 1084479241 meta_used: 37480 data_alloc: 542239620 data_used: 0 -279>
2018-10-24 14:28:31.553 7ff4db675700 5 osd.0 8 heartbeat osd_stat(1.1 GiB used (288 KiB data, 0 B omap, 1 GiB meta), 9.0 GiB avail, 10 GiB total, peers [] op hist []) -278>
2018-10-24 14:28:32.653 7ff4db675700 5 osd.0 8 heartbeat osd_stat(1.1 GiB used (288 KiB data, 0 B omap, 1 GiB meta), 9.0 GiB avail, 10 GiB total, peers [] op hist []) -277>
2018-10-24 14:28:33.052 7ff4e6e8c700 1 -- 127.0.0.1:6801/25149 --> 127.0.0.1:6800/24805 -- mgrreport(unknown.0 +0-0 packed 782 daemon_metrics=2) v6 -- 0x559a664a9500 con 0 -276>
2018-10-24 14:28:33.052 7ff4ff6e2700 4 -- 127.0.0.1:6801/25149 >> 127.0.0.1:6800/24805 conn(0x559a664a8000 legacy :-1 s=STATE_CONNECTION_ESTABLISHED l=1).handle_write -275>
2018-10-24 14:28:33.052 7ff4e6e8c700 1 -- 127.0.0.1:6801/25149 --> 127.0.0.1:6800/24805 -- pg_stats(8 pgs tid 0 v 0) v1 -- 0x559a68638000 con 0 -274>
2018-10-24 14:28:33.053 7ff4ff6e2700 4 -- 127.0.0.1:6801/25149 >> 127.0.0.1:6800/24805 conn(0x559a664a8000 legacy :-1 s=STATE_CONNECTION_ESTABLISHED l=1).handle_write -273>
2018-10-24 14:28:34.954 7ff4db675700 5 osd.0 8 heartbeat osd_stat(1.1 GiB used (288 KiB data, 0 B omap, 1 GiB meta), 9.0 GiB avail, 10 GiB total, peers [] op hist []) -272>
2018-10-24 14:28:35.455 7ff4db675700 5 osd.0 8 heartbeat osd_stat(1.1 GiB used (288 KiB data, 0 B omap, 1 GiB meta), 9.0 GiB avail, 10 GiB total, peers [] op hist []) -271>
2018-10-24 14:28:36.504 7ff4f4ea8700 5 bluestore.MempoolThread(0x559a653ffbd8) _tune_cache_size target: 4294967296 heap: 55975936 unmapped: 1015808 mapped: 54960128 old cache_size: 2845415832 new cache size: 2845415832 -270>
2018-10-24 14:28:36.504 7ff4f4ea8700 5 bluestore.MempoolThread(0x559a653ffbd8) _trim_shards cache_size: 2845415832 kv_alloc: 1218696969 kv_used: 897 meta_alloc: 1084479241 meta_used: 37480 data_alloc: 542239620 data_used: 0 -269>
2018-10-24 14:28:38.054 7ff4e6e8c700 1 -- 127.0.0.1:6801/25149 --> 127.0.0.1:6800/24805 -- mgrreport(unknown.0 +0-0 packed 782 daemon_metrics=2) v6 -- 0x559a664a9c00 con 0 -268>
2018-10-24 14:28:38.054 7ff4ff6e2700 4 -- 127.0.0.1:6801/25149 >> 127.0.0.1:6800/24805 conn(0x559a664a8000 legacy :-1 s=STATE_CONNECTION_ESTABLISHED l=1).handle_write -267>
2018-10-24 14:28:38.055 7ff4e6e8c700 1 -- 127.0.0.1:6801/25149 --> 127.0.0.1:6800/24805 -- pg_stats(8 pgs tid 0 v 0) v1 -- 0x559a68614000 con 0 -266>
2018-10-24 14:28:38.055 7ff4ff6e2700 4 -- 127.0.0.1:6801/25149 >> 127.0.0.1:6800/24805 conn(0x559a664a8000 legacy :-1 s=STATE_CONNECTION_ESTABLISHED l=1).handle_write -265>
2018-10-24 14:28:38.355 7ff4db675700 5 osd.0 8 heartbeat osd_stat(1.1 GiB used (288 KiB data, 0 B omap, 1 GiB meta), 9.0 GiB avail, 10 GiB total, peers [] op hist []) -264>
2018-10-24 14:28:39.676 7ff4e7e8e700 10 monclient: tick -263>
2018-10-24 14:28:39.676 7ff4e7e8e700 10 monclient: _check_auth_rotating have uptodate secrets (they expire after
2018-10-24 14:28:09.677820) -262>
2018-10-24 14:28:39.676 7ff4ffee3700 4 -- 127.0.0.1:6801/25149 >> 127.0.0.1:40662/0 conn(0x559a661f1880 legacy :-1 s=STATE_CONNECTION_ESTABLISHED l=1).handle_write -261>
2018-10-24 14:28:40.656 7ff4db675700 5 osd.0 8 heartbeat osd_stat(1.1 GiB used (288 KiB data, 0 B omap, 1 GiB meta), 9.0 GiB avail, 10 GiB total, peers [] op hist []) -260>
2018-10-24 14:28:41.527 7ff4f4ea8700 5 bluestore.MempoolThread(0x559a653ffbd8) _tune_cache_size target: 4294967296 heap: 55975936 unmapped: 1015808 mapped: 54960128 old cache_size: 2845415832 new cache size: 2845415832 -259>
2018-10-24 14:28:41.527 7ff4f4ea8700 5 bluestore.MempoolThread(0x559a653ffbd8) _trim_shards cache_size: 2845415832 kv_alloc: 1218696969 kv_used: 897 meta_alloc: 1084479241 meta_used: 37480 data_alloc: 542239620 data_used: 0 -258>
2018-10-24 14:28:43.056 7ff4e6e8c700 1 -- 127.0.0.1:6801/25149 --> 127.0.0.1:6800/24805 -- mgrreport(unknown.0 +0-0 packed 782 daemon_metrics=2) v6 -- 0x559a664a9880 con 0 -257>
2018-10-24 14:28:43.056 7ff4ff6e2700 4 -- 127.0.0.1:6801/25149 >> 127.0.0.1:6800/24805 conn(0x559a664a8000 legacy :-1 s=STATE_CONNECTION_ESTABLISHED l=1).handle_write -256>
2018-10-24 14:28:43.057 7ff4e6e8c700 1 -- 127.0.0.1:6801/25149 --> 127.0.0.1:6800/24805 -- pg_stats(8 pgs tid 0 v 0) v1 -- 0x559a68536900 con 0 -255>
2018-10-24 14:28:43.057 7ff4ff6e2700 4 -- 127.0.0.1:6801/25149 >> 127.0.0.1:6800/24805 conn(0x559a664a8000 legacy :-1 s=STATE_CONNECTION_ESTABLISHED l=1).handle_write -254>
2018-10-24 14:28:44.397 7ff5016e6700 1 -- 127.0.0.1:6801/25149 >> - conn(0x559a68638000 legacy :6801 s=ACCEPTING pgs=0 cs=0 l=0).send_server_banner sd=42 127.0.0.1:55806/0 -253>
2018-10-24 14:28:44.398 7ff5016e6700 2 -- 127.0.0.1:6801/25149 >> 127.0.0.1:0/3210100062 conn(0x559a68638000 legacy :6801 s=ACCEPTING_HANDLED_CONNECT_MSG pgs=3 cs=1 l=1).handle_seq accept get newly_acked_seq 0 -252>
2018-10-24 14:28:44.398 7ff5016e6700 5 -- 127.0.0.1:6801/25149 >> 127.0.0.1:0/3210100062 conn(0x559a68638000 legacy :6801 s=READ_FOOTER_AND_DISPATCH pgs=3 cs=1 l=1). rx client.4129 seq 1 0x559a68638380 osd_op(client.4129.0:1 1.5 1.bd49d10d (undecoded) ondisk+write+known_if_redirected e8) v8 -251>
2018-10-24 14:28:44.398 7ff5016e6700 1 -- 127.0.0.1:6801/25149 <== client.4129 127.0.0.1:0/3210100062 1 ==== osd_op(client.4129.0:1 1.5 1.bd49d10d (undecoded) ondisk+write+known_if_redirected e8) v8 ==== 209+0+3 (3239745969 0 549508631) 0x559a68638380 con 0x559a68638000 -250>
2018-10-24 14:28:44.398 7ff5016e6700 1 lockdep using id 155 -249>
2018-10-24 14:28:44.398 7ff5016e6700 4 -- 127.0.0.1:6801/25149 >> 127.0.0.1:0/3210100062 conn(0x559a68638000 legacy :6801 s=STATE_CONNECTION_ESTABLISHED l=1).handle_write -248>
2018-10-24 14:28:44.398 7ff4e1681700 0 log_channel(cluster) log [WRN] : bad locator @1 on object @1 op osd_op(client.4129.0:1 1.5 1:b08b92bd::::head [setxattr key] snapc 0=[] ondisk+write+known_if_redirected e8) v8 -247>
2018-10-24 14:28:44.400 7ff4e1681700 5 write_log_and_missing with: dirty_to: 0'0, dirty_from: 4294967295'18446744073709551615, writeout_from: 8'1, trimmed: , trimmed_dups: , clear_divergent_priors: 0 -246>
2018-10-24 14:28:44.404 7ff4e1681700 1 -- 127.0.0.1:6801/25149 --> 127.0.0.1:0/3210100062 -- osd_op_reply(1 [setxattr key] v8'1 uv1 ondisk = 0) v8 -- 0x559a68638a80 con 0 -245>
2018-10-24 14:28:44.404 7ff5016e6700 4 -- 127.0.0.1:6801/25149 >> 127.0.0.1:0/3210100062 conn(0x559a68638000 legacy :6801 s=STATE_CONNECTION_ESTABLISHED l=1).handle_write -244>
2018-10-24 14:28:44.404 7ff5016e6700 1 -- 127.0.0.1:6801/25149 >> 127.0.0.1:0/3210100062 conn(0x559a68638000 legacy :6801 s=STATE_CONNECTION_ESTABLISHED l=1).read_bulk peer close file descriptor 42 -243>
2018-10-24 14:28:44.404 7ff5016e6700 1 -- 127.0.0.1:6801/25149 >> 127.0.0.1:0/3210100062 conn(0x559a68638000 legacy :6801 s=STATE_CONNECTION_ESTABLISHED l=1).read_until read failed -242>
2018-10-24 14:28:44.404 7ff5016e6700 1 -- 127.0.0.1:6801/25149 >> 127.0.0.1:0/3210100062 conn(0x559a68638000 legacy :6801 s=OPENED pgs=3 cs=1 l=1).handle_message read tag failed -241>
2018-10-24 14:28:44.404 7ff5016e6700 1 -- 127.0.0.1:6801/25149 >> 127.0.0.1:0/3210100062 conn(0x559a68638000 legacy :6801 s=OPENED pgs=3 cs=1 l=1).fault on lossy channel, failing -240>
2018-10-24 14:28:44.405 7ff5016e6700 2 -- 127.0.0.1:6801/25149 >> 127.0.0.1:0/3210100062 conn(0x559a68638000 legacy :6801 s=OPENED pgs=3 cs=1 l=1).stop -239>
2018-10-24 14:28:44.405 7ff4f0f59700 2 osd.0 8 ms_handle_reset con 0x559a68638000 session 0x559a653cd180 -238>
2018-10-24 14:28:44.757 7ff4db675700 5 osd.0 8 heartbeat osd_stat(1.1 GiB used (288 KiB data, 0 B omap, 1 GiB meta), 9.0 GiB avail, 10 GiB total, peers [] op hist []) -237>
2018-10-24 14:28:45.257 7ff4db675700 5 osd.0 8 heartbeat osd_stat(1.1 GiB used (288 KiB data, 0 B omap, 1 GiB meta), 9.0 GiB avail, 10 GiB total, peers [] op hist []) -236>
2018-10-24 14:28:46.547 7ff4f4ea8700 5 bluestore.MempoolThread(0x559a653ffbd8) _tune_cache_size target: 4294967296 heap: 55975936 unmapped: 966656 mapped: 55009280 old cache_size: 2845415832 new cache size: 2845415832 -235>
2018-10-24 14:28:46.547 7ff4f4ea8700 5 bluestore.MempoolThread(0x559a653ffbd8) _trim_shards cache_size: 2845415832 kv_alloc: 1218696969 kv_used: 897 meta_alloc: 1084479241 meta_used: 38900 data_alloc: 542239620 data_used: 0 -234>
2018-10-24 14:28:48.058 7ff4e6e8c700 1 -- 127.0.0.1:6801/25149 --> 127.0.0.1:6800/24805 -- mgrreport(unknown.0 +0-0 packed 782 daemon_metrics=2) v6 -- 0x559a664a8700 con 0 -233>
2018-10-24 14:28:48.058 7ff4ff6e2700 4 -- 127.0.0.1:6801/25149 >> 127.0.0.1:6800/24805 conn(0x559a664a8000 legacy :-1 s=STATE_CONNECTION_ESTABLISHED l=1).handle_write -232>
2018-10-24 14:28:48.058 7ff4e6e8c700 1 -- 127.0.0.1:6801/25149 --> 127.0.0.1:6800/24805 -- pg_stats(8 pgs tid 0 v 0) v1 -- 0x559a68615b00 con 0 -231>
2018-10-24 14:28:48.059 7ff4ff6e2700 4 -- 127.0.0.1:6801/25149 >> 127.0.0.1:6800/24805 conn(0x559a664a8000 legacy :-1 s=STATE_CONNECTION_ESTABLISHED l=1).handle_write -230>
2018-10-24 14:28:49.676 7ff4e7e8e700 10 monclient: tick -229>
2018-10-24 14:28:49.677 7ff4e7e8e700 10 monclient: _check_auth_rotating have uptodate secrets (they expire after
2018-10-24 14:28:19.678313) -228>
2018-10-24 14:28:49.677 7ff4e7e8e700 10 log_client log_queue is 1 last_log 1 sent 0 num 1 unsent 1 sending 1 -227>
2018-10-24 14:28:49.677 7ff4e7e8e700 10 log_client will send
2018-10-24 14:28:44.400210 osd.0 (osd.0) 1 : cluster [WRN] bad locator @1 on object @1 op osd_op(client.4129.0:1 1.5 1:b08b92bd::::head [setxattr key] snapc 0=[] ondisk+write+known_if_redirected e8) v8 -226>
2018-10-24 14:28:49.677 7ff4ffee3700 4 -- 127.0.0.1:6801/25149 >> 127.0.0.1:40662/0 conn(0x559a661f1880 legacy :-1 s=STATE_CONNECTION_ESTABLISHED l=1).handle_write -225>
2018-10-24 14:28:49.677 7ff4e7e8e700 10 monclient: _send_mon_message to mon.a at 127.0.0.1:40662/0 -224>
2018-10-24 14:28:49.677 7ff4e7e8e700 1 -- 127.0.0.1:6801/25149 --> 127.0.0.1:40662/0 -- log(1 entries from seq 1 at
2018-10-24 14:28:44.400210) v1 -- 0x559a664ea780 con 0 -223>
2018-10-24 14:28:49.677 7ff4ffee3700 4 -- 127.0.0.1:6801/25149 >> 127.0.0.1:40662/0 conn(0x559a661f1880 legacy :-1 s=STATE_CONNECTION_ESTABLISHED l=1).handle_write -222>
2018-10-24 14:28:49.677 7ff4ffee3700 4 -- 127.0.0.1:6801/25149 >> 127.0.0.1:40662/0 conn(0x559a661f1880 legacy :-1 s=STATE_CONNECTION_ESTABLISHED l=1).handle_write -221>
2018-10-24 14:28:50.301 7ff4ffee3700 5 -- 127.0.0.1:6801/25149 >> 127.0.0.1:40662/0 conn(0x559a661f1880 legacy :-1 s=READ_FOOTER_AND_DISPATCH pgs=24 cs=1 l=1). rx mon.0 seq 23 0x559a685d7d40 log(last 1) v1 -220>
2018-10-24 14:28:50.301 7ff4ffee3700 4 -- 127.0.0.1:6801/25149 >> 127.0.0.1:40662/0 conn(0x559a661f1880 legacy :-1 s=STATE_CONNECTION_ESTABLISHED l=1).handle_write -219>
2018-10-24 14:28:50.301 7ff4f0f59700 1 -- 127.0.0.1:6801/25149 <== mon.0 127.0.0.1:40662/0 23 ==== log(last 1) v1 ==== 28+0+0 (2186270188 0 0) 0x559a685d7d40 con 0x559a661f1880 -218>
2018-10-24 14:28:50.301 7ff4f0f59700 10 log_client handle_log_ack log(last 1) v1 -217>
2018-10-24 14:28:50.301 7ff4f0f59700 10 log_client logged
2018-10-24 14:28:44.400210 osd.0 (osd.0) 1 : cluster [WRN] bad locator @1 on object @1 op osd_op(client.4129.0:1 1.5 1:b08b92bd::::head [setxattr key] snapc 0=[] ondisk+write+known_if_redirected e8) v8 -216>
2018-10-24 14:28:51.159 7ff4db675700 5 osd.0 8 heartbeat osd_stat(1.1 GiB used (288 KiB data, 0 B omap, 1 GiB meta), 9.0 GiB avail, 10 GiB total, peers [] op hist []) -215>
2018-10-24 14:28:51.568 7ff4f4ea8700 5 bluestore.MempoolThread(0x559a653ffbd8) _tune_cache_size target: 4294967296 heap: 55975936 unmapped: 966656 mapped: 55009280 old cache_size: 2845415832 new cache size: 2845415832 -214>
2018-10-24 14:28:51.568 7ff4f4ea8700 5 bluestore.MempoolThread(0x559a653ffbd8) _trim_shards cache_size: 2845415832 kv_alloc: 1218696969 kv_used: 897 meta_alloc: 1084479241 meta_used: 38900 data_alloc: 542239620 data_used: 0 -213>
2018-10-24 14:28:53.061 7ff4e6e8c700 1 -- 127.0.0.1:6801/25149 --> 127.0.0.1:6800/24805 -- mgrreport(unknown.0 +0-0 packed 782 daemon_metrics=2) v6 -- 0x559a664a8e00 con 0 -212>
2018-10-24 14:28:53.061 7ff4ff6e2700 4 -- 127.0.0.1:6801/25149 >> 127.0.0.1:6800/24805 conn(0x559a664a8000 legacy :-1 s=STATE_CONNECTION_ESTABLISHED l=1).handle_write -211>
2018-10-24 14:28:53.061 7ff4e6e8c700 1 -- 127.0.0.1:6801/25149 --> 127.0.0.1:6800/24805 -- pg_stats(8 pgs tid 0 v 0) v1 -- 0x559a68618f00 con 0 -210>
2018-10-24 14:28:53.062 7ff4ff6e2700 4 -- 127.0.0.1:6801/25149 >> 127.0.0.1:6800/24805 conn(0x559a664a8000 legacy :-1 s=STATE_CONNECTION_ESTABLISHED l=1).handle_write -209>
2018-10-24 14:28:53.460 7ff4db675700 5 osd.0 8 heartbeat osd_stat(1.1 GiB used (288 KiB data, 0 B omap, 1 GiB meta), 9.0 GiB avail, 10 GiB total, peers [] op hist []) -208>
2018-10-24 14:28:56.589 7ff4f4ea8700 5 bluestore.MempoolThread(0x559a653ffbd8) _tune_cache_size target: 4294967296 heap: 55975936 unmapped: 983040 mapped: 54992896 old cache_size: 2845415832 new cache size: 2845415832 -207>
2018-10-24 14:28:56.589 7ff4f4ea8700 5 bluestore.MempoolThread(0x559a653ffbd8) _trim_shards cache_size: 2845415832 kv_alloc: 1218696969 kv_used: 897 meta_alloc: 1084479241 meta_used: 38900 data_alloc: 542239620 data_used: 0 -206>
2018-10-24 14:28:58.063 7ff4e6e8c700 1 -- 127.0.0.1:6801/25149 --> 127.0.0.1:6800/24805 -- mgrreport(unknown.0 +0-0 packed 782 daemon_metrics=2) v6 -- 0x559a664a9180 con 0 -205>
2018-10-24 14:28:58.063 7ff4ff6e2700 4 -- 127.0.0.1:6801/25149 >> 127.0.0.1:6800/24805 conn(0x559a664a8000 legacy :-1 s=STATE_CONNECTION_ESTABLISHED l=1).handle_write -204>
2018-10-24 14:28:58.063 7ff4e6e8c700 1 -- 127.0.0.1:6801/25149 --> 127.0.0.1:6800/24805 -- pg_stats(8 pgs tid 0 v 0) v1 -- 0x559a68646f00 con 0 -203>
2018-10-24 14:28:58.064 7ff4ff6e2700 4 -- 127.0.0.1:6801/25149 >> 127.0.0.1:6800/24805 conn(0x559a664a8000 legacy :-1 s=STATE_CONNECTION_ESTABLISHED l=1).handle_write -202>
2018-10-24 14:28:58.160 7ff4db675700 5 osd.0 8 heartbeat osd_stat(1.1 GiB used (288 KiB data, 0 B omap, 1 GiB meta), 9.0 GiB avail, 10 GiB total, peers [] op hist []) -201>
2018-10-24 14:28:59.678 7ff4e7e8e700 10 monclient: tick -200>
2018-10-24 14:28:59.678 7ff4e7e8e700 10 monclient: _check_auth_rotating have uptodate secrets (they expire after
2018-10-24 14:28:29.678970) -199>
2018-10-24 14:28:59.678 7ff4ffee3700 4 -- 127.0.0.1:6801/25149 >> 127.0.0.1:40662/0 conn(0x559a661f1880 legacy :-1 s=STATE_CONNECTION_ESTABLISHED l=1).handle_write -198>
2018-10-24 14:29:01.606 7ff4f4ea8700 5 bluestore.MempoolThread(0x559a653ffbd8) _tune_cache_size target: 4294967296 heap: 55975936 unmapped: 983040 mapped: 54992896 old cache_size: 2845415832 new cache size: 2845415832 -197>
2018-10-24 14:29:01.606 7ff4f4ea8700 5 bluestore.MempoolThread(0x559a653ffbd8) _trim_shards cache_size: 2845415832 kv_alloc: 1218696969 kv_used: 897 meta_alloc: 1084479241 meta_used: 38900 data_alloc: 542239620 data_used: 0 -196>
2018-10-24 14:29:03.065 7ff4e6e8c700 1 -- 127.0.0.1:6801/25149 --> 127.0.0.1:6800/24805 -- mgrreport(unknown.0 +0-0 packed 782 daemon_metrics=2) v6 -- 0x559a661f0700 con 0 -195>
2018-10-24 14:29:03.065 7ff4ff6e2700 4 -- 127.0.0.1:6801/25149 >> 127.0.0.1:6800/24805 conn(0x559a664a8000 legacy :-1 s=STATE_CONNECTION_ESTABLISHED l=1).handle_write -194>
2018-10-24 14:29:03.065 7ff4e6e8c700 1 -- 127.0.0.1:6801/25149 --> 127.0.0.1:6800/24805 -- pg_stats(8 pgs tid 0 v 0) v1 -- 0x559a68619200 con 0 -193>
2018-10-24 14:29:03.066 7ff4ff6e2700 4 -- 127.0.0.1:6801/25149 >> 127.0.0.1:6800/24805 conn(0x559a664a8000 legacy :-1 s=STATE_CONNECTION_ESTABLISHED l=1).handle_write -192>
2018-10-24 14:29:04.061 7ff4db675700 5 osd.0 8 heartbeat osd_stat(1.1 GiB used (288 KiB data, 0 B omap, 1 GiB meta), 9.0 GiB avail, 10 GiB total, peers [] op hist []) -191>
2018-10-24 14:29:06.621 7ff4f4ea8700 5 bluestore.MempoolThread(0x559a653ffbd8) _tune_cache_size target: 4294967296 heap: 55975936 unmapped: 983040 mapped: 54992896 old cache_size: 2845415832 new cache size: 2845415832 -190>
2018-10-24 14:29:06.621 7ff4f4ea8700 5 bluestore.MempoolThread(0x559a653ffbd8) _trim_shards cache_size: 2845415832 kv_alloc: 1218696969 kv_used: 897 meta_alloc: 1084479241 meta_used: 38900 data_alloc: 542239620 data_used: 0 -189>
2018-10-24 14:29:06.961 7ff4db675700 5 osd.0 8 heartbeat osd_stat(1.1 GiB used (288 KiB data, 0 B omap, 1 GiB meta), 9.0 GiB avail, 10 GiB total, peers [] op hist []) -188>
2018-10-24 14:29:08.067 7ff4e6e8c700 1 -- 127.0.0.1:6801/25149 --> 127.0.0.1:6800/24805 -- mgrreport(unknown.0 +0-0 packed 782 daemon_metrics=2) v6 -- 0x559a661f1c00 con 0 -187>
2018-10-24 14:29:08.067 7ff4ff6e2700 4 -- 127.0.0.1:6801/25149 >> 127.0.0.1:6800/24805 conn(0x559a664a8000 legacy :-1 s=STATE_CONNECTION_ESTABLISHED l=1).handle_write -186>
2018-10-24 14:29:08.067 7ff4e6e8c700 1 -- 127.0.0.1:6801/25149 --> 127.0.0.1:6800/24805 -- pg_stats(8 pgs tid 0 v 0) v1 -- 0x559a68614600 con 0 -185>
2018-10-24 14:29:08.068 7ff4ff6e2700 4 -- 127.0.0.1:6801/25149 >> 127.0.0.1:6800/24805 conn(0x559a664a8000 legacy :-1 s=STATE_CONNECTION_ESTABLISHED l=1).handle_write -184>
2018-10-24 14:29:09.678 7ff4e7e8e700 10 monclient: tick -183>
2018-10-24 14:29:09.679 7ff4e7e8e700 10 monclient: _check_auth_rotating have uptodate secrets (they expire after
2018-10-24 14:28:39.679269) -182>
2018-10-24 14:29:09.679 7ff4ffee3700 4 -- 127.0.0.1:6801/25149 >> 127.0.0.1:40662/0 conn(0x559a661f1880 legacy :-1 s=STATE_CONNECTION_ESTABLISHED l=1).handle_write -181>
2018-10-24 14:29:11.642 7ff4f4ea8700 5 bluestore.MempoolThread(0x559a653ffbd8) _tune_cache_size target: 4294967296 heap: 55975936 unmapped: 974848 mapped: 55001088 old cache_size: 2845415832 new cache size: 2845415832 -180>
2018-10-24 14:29:11.643 7ff4f4ea8700 5 bluestore.MempoolThread(0x559a653ffbd8) _trim_shards cache_size: 2845415832 kv_alloc: 1218696969 kv_used: 897 meta_alloc: 1084479241 meta_used: 38900 data_alloc: 542239620 data_used: 0 -179>
2018-10-24 14:29:12.862 7ff4db675700 5 osd.0 8 heartbeat osd_stat(1.1 GiB used (288 KiB data, 0 B omap, 1 GiB meta), 9.0 GiB avail, 10 GiB total, peers [] op hist []) -178>
2018-10-24 14:29:13.068 7ff4e6e8c700 1 -- 127.0.0.1:6801/25149 --> 127.0.0.1:6800/24805 -- mgrreport(unknown.0 +0-0 packed 782 daemon_metrics=2) v6 -- 0x559a68638e00 con 0 -177>
2018-10-24 14:29:13.068 7ff4ff6e2700 4 -- 127.0.0.1:6801/25149 >> 127.0.0.1:6800/24805 conn(0x559a664a8000 legacy :-1 s=STATE_CONNECTION_ESTABLISHED l=1).handle_write -176>
2018-10-24 14:29:13.068 7ff4e6e8c700 1 -- 127.0.0.1:6801/25149 --> 127.0.0.1:6800/24805 -- pg_stats(8 pgs tid 0 v 0) v1 -- 0x559a68536c00 con 0 -175>
2018-10-24 14:29:13.068 7ff4ff6e2700 4 -- 127.0.0.1:6801/25149 >> 127.0.0.1:6800/24805 conn(0x559a664a8000 legacy :-1 s=STATE_CONNECTION_ESTABLISHED l=1).handle_write -174>
2018-10-24 14:29:16.665 7ff4f4ea8700 5 bluestore.MempoolThread(0x559a653ffbd8) _tune_cache_size target: 4294967296 heap: 55975936 unmapped: 966656 mapped: 55009280 old cache_size: 2845415832 new cache size: 2845415832 -173>
2018-10-24 14:29:16.665 7ff4f4ea8700 5 bluestore.MempoolThread(0x559a653ffbd8) _trim_shards cache_size: 2845415832 kv_alloc: 1218696969 kv_used: 897 meta_alloc: 1084479241 meta_used: 38900 data_alloc: 542239620 data_used: 0 -172>
2018-10-24 14:29:18.070 7ff4e6e8c700 1 -- 127.0.0.1:6801/25149 --> 127.0.0.1:6800/24805 -- mgrreport(unknown.0 +0-0 packed 782 daemon_metrics=2) v6 -- 0x559a68639180 con 0 -171>
2018-10-24 14:29:18.070 7ff4ff6e2700 4 -- 127.0.0.1:6801/25149 >> 127.0.0.1:6800/24805 conn(0x559a664a8000 legacy :-1 s=STATE_CONNECTION_ESTABLISHED l=1).handle_write -170>
2018-10-24 14:29:18.070 7ff4e6e8c700 1 -- 127.0.0.1:6801/25149 --> 127.0.0.1:6800/24805 -- pg_stats(8 pgs tid 0 v 0) v1 -- 0x559a68636900 con 0 -169>
2018-10-24 14:29:18.070 7ff4ff6e2700 4 -- 127.0.0.1:6801/25149 >> 127.0.0.1:6800/24805 conn(0x559a664a8000 legacy :-1 s=STATE_CONNECTION_ESTABLISHED l=1).handle_write -168>
2018-10-24 14:29:18.161 7ff4db675700 5 osd.0 8 heartbeat osd_stat(1.1 GiB used (288 KiB data, 0 B omap, 1 GiB meta), 9.0 GiB avail, 10 GiB total, peers [] op hist []) -167>
2018-10-24 14:29:19.679 7ff4e7e8e700 10 monclient: tick -166>
2018-10-24 14:29:19.679 7ff4e7e8e700 10 monclient: _check_auth_rotating have uptodate secrets (they expire after
2018-10-24 14:28:49.679907) -165>
2018-10-24 14:29:19.679 7ff4ffee3700 4 -- 127.0.0.1:6801/25149 >> 127.0.0.1:40662/0 conn(0x559a661f1880 legacy :-1 s=STATE_CONNECTION_ESTABLISHED l=1).handle_write -164>
2018-10-24 14:29:21.683 7ff4f4ea8700 5 bluestore.MempoolThread(0x559a653ffbd8) _tune_cache_size target: 4294967296 heap: 55975936 unmapped: 966656 mapped: 55009280 old cache_size: 2845415832 new cache size: 2845415832 -163>
2018-10-24 14:29:21.683 7ff4f4ea8700 5 bluestore.MempoolThread(0x559a653ffbd8) _trim_shards cache_size: 2845415832 kv_alloc: 1218696969 kv_used: 897 meta_alloc: 1084479241 meta_used: 38900 data_alloc: 542239620 data_used: 0 -162>
2018-10-24 14:29:23.071 7ff4e6e8c700 1 -- 127.0.0.1:6801/25149 --> 127.0.0.1:6800/24805 -- mgrreport(unknown.0 +0-0 packed 782 daemon_metrics=2) v6 -- 0x559a68639500 con 0 -161>
