2018-10-24 14:25:46.749 7ff4dc677700 5 osd.0 pg_epoch: 6 pg[1.7( empty local-lis/les=0/0 n=0 ec=6/6 lis/c 0/0 les/c/f 0/0/0 6/6/6) [0] r=0 lpr=6 crt=0'0 mlcod 0'0 creating+peering mbc={}] exit Started/Primary/Peering/GetMissing 0.000060 0 0.000000 -718>
2018-10-24 14:25:46.749 7ff4dc677700 5 osd.0 pg_epoch: 6 pg[1.7( empty local-lis/les=0/0 n=0 ec=6/6 lis/c 0/0 les/c/f 0/0/0 6/6/6) [0] r=0 lpr=6 crt=0'0 mlcod 0'0 creating+peering mbc={}] enter Started/Primary/Peering/WaitUpThru -717>
2018-10-24 14:25:47.768 7ff4ffee3700 5 -- 127.0.0.1:6801/25149 >> 127.0.0.1:40662/0 conn(0x559a661f1880 legacy :-1 s=READ_FOOTER_AND_DISPATCH pgs=24 cs=1 l=1). rx mon.0 seq 20 0x559a66529340 osd_map(6..7 src has 1..7) v4 -716>
2018-10-24 14:25:47.768 7ff4ffee3700 4 -- 127.0.0.1:6801/25149 >> 127.0.0.1:40662/0 conn(0x559a661f1880 legacy :-1 s=STATE_CONNECTION_ESTABLISHED l=1).handle_write -715>
2018-10-24 14:25:47.768 7ff4f0f59700 1 -- 127.0.0.1:6801/25149 <== mon.0 127.0.0.1:40662/0 20 ==== osd_map(6..7 src has 1..7) v4 ==== 794+0+0 (1468070127 0 0) 0x559a66529340 con 0x559a661f1880 -714>
2018-10-24 14:25:47.769 7ff4f0f59700 3 osd.0 6 handle_osd_map epochs [6,7], i have 6, src has [1,7] -713>
2018-10-24 14:25:47.771 7ff4ffee3700 5 -- 127.0.0.1:6801/25149 >> 127.0.0.1:40662/0 conn(0x559a661f1880 legacy :-1 s=READ_FOOTER_AND_DISPATCH pgs=24 cs=1 l=1). rx mon.0 seq 21 0x559a66529080 osd_map(7..7 src has 1..7) v4 -712>
2018-10-24 14:25:47.771 7ff4ffee3700 4 -- 127.0.0.1:6801/25149 >> 127.0.0.1:40662/0 conn(0x559a661f1880 legacy :-1 s=STATE_CONNECTION_ESTABLISHED l=1).handle_write -711>
2018-10-24 14:25:47.772 7ff4f0f59700 1 -- 127.0.0.1:6801/25149 <== mon.0 127.0.0.1:40662/0 21 ==== osd_map(7..7 src has 1..7) v4 ==== 280+0+0 (1601765374 0 0) 0x559a66529080 con 0x559a661f1880 -710>
2018-10-24 14:25:47.773 7ff4f0f59700 3 osd.0 6 handle_osd_map epochs [7,7], i have 7, src has [1,7] -709>
2018-10-24 14:25:47.785 7ff4dfe7e700 5 osd.0 pg_epoch: 7 pg[1.0( empty local-lis/les=0/0 n=0 ec=6/6 lis/c 0/0 les/c/f 0/0/0 6/6/6) [0] r=0 lpr=6 crt=0'0 mlcod 0'0 creating+peering mbc={}] exit Started/Primary/Peering/WaitUpThru 1.042254 4 0.004040 -708>
2018-10-24 14:25:47.785 7ff4df67d700 5 osd.0 pg_epoch: 7 pg[1.1( empty local-lis/les=0/0 n=0 ec=6/6 lis/c 0/0 les/c/f 0/0/0 6/6/6) [0] r=0 lpr=6 crt=0'0 mlcod 0'0 creating+peering mbc={}] exit Started/Primary/Peering/WaitUpThru 1.041598 4 0.003660 -707>
2018-10-24 14:25:47.785 7ff4de67b700 5 osd.0 pg_epoch: 7 pg[1.3( empty local-lis/les=0/0 n=0 ec=6/6 lis/c 0/0 les/c/f 0/0/0 6/6/6) [0] r=0 lpr=6 crt=0'0 mlcod 0'0 creating+peering mbc={}] exit Started/Primary/Peering/WaitUpThru 1.041194 4 0.004354 -706>
2018-10-24 14:25:47.785 7ff4dee7c700 5 osd.0 pg_epoch: 7 pg[1.2( empty local-lis/les=0/0 n=0 ec=6/6 lis/c 0/0 les/c/f 0/0/0 6/6/6) [0] r=0 lpr=6 crt=0'0 mlcod 0'0 creating+peering mbc={}] exit Started/Primary/Peering/WaitUpThru 1.042280 4 0.004287 -705>
2018-10-24 14:25:47.785 7ff4dfe7e700 5 osd.0 pg_epoch: 7 pg[1.0( empty local-lis/les=0/0 n=0 ec=6/6 lis/c 0/0 les/c/f 0/0/0 6/6/6) [0] r=0 lpr=6 crt=0'0 mlcod 0'0 creating+peering mbc={}] exit Started/Primary/Peering 1.044840 0 0.000000 -704>
2018-10-24 14:25:47.785 7ff4de67b700 5 osd.0 pg_epoch: 7 pg[1.3( empty local-lis/les=0/0 n=0 ec=6/6 lis/c 0/0 les/c/f 0/0/0 6/6/6) [0] r=0 lpr=6 crt=0'0 mlcod 0'0 creating+peering mbc={}] exit Started/Primary/Peering 1.043804 0 0.000000 -703>
2018-10-24 14:25:47.785 7ff4df67d700 5 osd.0 pg_epoch: 7 pg[1.1( empty local-lis/les=0/0 n=0 ec=6/6 lis/c 0/0 les/c/f 0/0/0 6/6/6) [0] r=0 lpr=6 crt=0'0 mlcod 0'0 creating+peering mbc={}] exit Started/Primary/Peering 1.044142 0 0.000000 -702>
2018-10-24 14:25:47.786 7ff4dde7a700 5 osd.0 pg_epoch: 7 pg[1.4( empty local-lis/les=0/0 n=0 ec=6/6 lis/c 0/0 les/c/f 0/0/0 6/6/6) [0] r=0 lpr=6 crt=0'0 mlcod 0'0 creating+peering mbc={}] exit Started/Primary/Peering/WaitUpThru 1.042141 4 0.004404 -701>
2018-10-24 14:25:47.786 7ff4dee7c700 5 osd.0 pg_epoch: 7 pg[1.2( empty local-lis/les=0/0 n=0 ec=6/6 lis/c 0/0 les/c/f 0/0/0 6/6/6) [0] r=0 lpr=6 crt=0'0 mlcod 0'0 creating+peering mbc={}] exit Started/Primary/Peering 1.044971 0 0.000000 -700>
2018-10-24 14:25:47.786 7ff4de67b700 5 osd.0 pg_epoch: 7 pg[1.3( empty local-lis/les=0/0 n=0 ec=6/6 lis/c 0/0 les/c/f 0/0/0 6/6/6) [0] r=0 lpr=6 crt=0'0 mlcod 0'0 creating mbc={}] enter Started/Primary/Active -699>
2018-10-24 14:25:47.786 7ff4dfe7e700 5 osd.0 pg_epoch: 7 pg[1.0( empty local-lis/les=0/0 n=0 ec=6/6 lis/c 0/0 les/c/f 0/0/0 6/6/6) [0] r=0 lpr=6 crt=0'0 mlcod 0'0 creating mbc={}] enter Started/Primary/Active -698>
2018-10-24 14:25:47.786 7ff4dde7a700 5 osd.0 pg_epoch: 7 pg[1.4( empty local-lis/les=0/0 n=0 ec=6/6 lis/c 0/0 les/c/f 0/0/0 6/6/6) [0] r=0 lpr=6 crt=0'0 mlcod 0'0 creating+peering mbc={}] exit Started/Primary/Peering 1.044521 0 0.000000 -697>
2018-10-24 14:25:47.786 7ff4df67d700 5 osd.0 pg_epoch: 7 pg[1.1( empty local-lis/les=0/0 n=0 ec=6/6 lis/c 0/0 les/c/f 0/0/0 6/6/6) [0] r=0 lpr=6 crt=0'0 mlcod 0'0 creating mbc={}] enter Started/Primary/Active -696>
2018-10-24 14:25:47.786 7ff4dee7c700 5 osd.0 pg_epoch: 7 pg[1.2( empty local-lis/les=0/0 n=0 ec=6/6 lis/c 0/0 les/c/f 0/0/0 6/6/6) [0] r=0 lpr=6 crt=0'0 mlcod 0'0 creating mbc={}] enter Started/Primary/Active -695>
2018-10-24 14:25:47.786 7ff4dd679700 5 osd.0 pg_epoch: 7 pg[1.5( empty local-lis/les=0/0 n=0 ec=6/6 lis/c 0/0 les/c/f 0/0/0 6/6/6) [0] r=0 lpr=6 crt=0'0 mlcod 0'0 creating+peering mbc={}] exit Started/Primary/Peering/WaitUpThru 1.042895 4 0.003922 -694>
2018-10-24 14:25:47.786 7ff4dde7a700 5 osd.0 pg_epoch: 7 pg[1.4( empty local-lis/les=0/0 n=0 ec=6/6 lis/c 0/0 les/c/f 0/0/0 6/6/6) [0] r=0 lpr=6 crt=0'0 mlcod 0'0 creating mbc={}] enter Started/Primary/Active -693>
2018-10-24 14:25:47.786 7ff4dce78700 5 osd.0 pg_epoch: 7 pg[1.6( empty local-lis/les=0/0 n=0 ec=6/6 lis/c 0/0 les/c/f 0/0/0 6/6/6) [0] r=0 lpr=6 crt=0'0 mlcod 0'0 creating+peering mbc={}] exit Started/Primary/Peering/WaitUpThru 1.043181 4 0.004787 -692>
2018-10-24 14:25:47.786 7ff4dfe7e700 5 osd.0 pg_epoch: 7 pg[1.0( empty local-lis/les=6/7 n=0 ec=6/6 lis/c 0/0 les/c/f 0/0/0 6/6/6) [0] r=0 lpr=6 crt=0'0 mlcod 0'0 creating+activating mbc={}] enter Started/Primary/Active/Activating -691>
2018-10-24 14:25:47.786 7ff4dc677700 5 osd.0 pg_epoch: 7 pg[1.7( empty local-lis/les=0/0 n=0 ec=6/6 lis/c 0/0 les/c/f 0/0/0 6/6/6) [0] r=0 lpr=6 crt=0'0 mlcod 0'0 creating+peering mbc={}] exit Started/Primary/Peering/WaitUpThru 1.037134 4 0.001899 -690>
2018-10-24 14:25:47.786 7ff4df67d700 5 osd.0 pg_epoch: 7 pg[1.1( empty local-lis/les=6/7 n=0 ec=6/6 lis/c 0/0 les/c/f 0/0/0 6/6/6) [0] r=0 lpr=6 crt=0'0 mlcod 0'0 creating+activating mbc={}] enter Started/Primary/Active/Activating -689>
2018-10-24 14:25:47.787 7ff4dce78700 5 osd.0 pg_epoch: 7 pg[1.6( empty local-lis/les=0/0 n=0 ec=6/6 lis/c 0/0 les/c/f 0/0/0 6/6/6) [0] r=0 lpr=6 crt=0'0 mlcod 0'0 creating+peering mbc={}] exit Started/Primary/Peering 1.045725 0 0.000000 -688>
2018-10-24 14:25:47.787 7ff4dee7c700 5 osd.0 pg_epoch: 7 pg[1.2( empty local-lis/les=6/7 n=0 ec=6/6 lis/c 0/0 les/c/f 0/0/0 6/6/6) [0] r=0 lpr=6 crt=0'0 mlcod 0'0 creating+activating mbc={}] enter Started/Primary/Active/Activating -687>
2018-10-24 14:25:47.787 7ff4de67b700 5 osd.0 pg_epoch: 7 pg[1.3( empty local-lis/les=6/7 n=0 ec=6/6 lis/c 0/0 les/c/f 0/0/0 6/6/6) [0] r=0 lpr=6 crt=0'0 mlcod 0'0 creating+activating mbc={}] enter Started/Primary/Active/Activating -686>
2018-10-24 14:25:47.787 7ff4dde7a700 5 osd.0 pg_epoch: 7 pg[1.4( empty local-lis/les=6/7 n=0 ec=6/6 lis/c 0/0 les/c/f 0/0/0 6/6/6) [0] r=0 lpr=6 crt=0'0 mlcod 0'0 creating+activating mbc={}] enter Started/Primary/Active/Activating -685>
2018-10-24 14:25:47.787 7ff4dd679700 5 osd.0 pg_epoch: 7 pg[1.5( empty local-lis/les=0/0 n=0 ec=6/6 lis/c 0/0 les/c/f 0/0/0 6/6/6) [0] r=0 lpr=6 crt=0'0 mlcod 0'0 creating+peering mbc={}] exit Started/Primary/Peering 1.046068 0 0.000000 -684>
2018-10-24 14:25:47.787 7ff4dce78700 5 osd.0 pg_epoch: 7 pg[1.6( empty local-lis/les=0/0 n=0 ec=6/6 lis/c 0/0 les/c/f 0/0/0 6/6/6) [0] r=0 lpr=6 crt=0'0 mlcod 0'0 creating mbc={}] enter Started/Primary/Active -683>
2018-10-24 14:25:47.787 7ff4dc677700 5 osd.0 pg_epoch: 7 pg[1.7( empty local-lis/les=0/0 n=0 ec=6/6 lis/c 0/0 les/c/f 0/0/0 6/6/6) [0] r=0 lpr=6 crt=0'0 mlcod 0'0 creating+peering mbc={}] exit Started/Primary/Peering 1.038644 0 0.000000 -682>
2018-10-24 14:25:47.787 7ff4dd679700 5 osd.0 pg_epoch: 7 pg[1.5( empty local-lis/les=0/0 n=0 ec=6/6 lis/c 0/0 les/c/f 0/0/0 6/6/6) [0] r=0 lpr=6 crt=0'0 mlcod 0'0 creating mbc={}] enter Started/Primary/Active -681>
2018-10-24 14:25:47.787 7ff4dc677700 5 osd.0 pg_epoch: 7 pg[1.7( empty local-lis/les=0/0 n=0 ec=6/6 lis/c 0/0 les/c/f 0/0/0 6/6/6) [0] r=0 lpr=6 crt=0'0 mlcod 0'0 creating mbc={}] enter Started/Primary/Active -680>
2018-10-24 14:25:47.787 7ff4dce78700 5 osd.0 pg_epoch: 7 pg[1.6( empty local-lis/les=6/7 n=0 ec=6/6 lis/c 0/0 les/c/f 0/0/0 6/6/6) [0] r=0 lpr=6 crt=0'0 mlcod 0'0 creating+activating mbc={}] enter Started/Primary/Active/Activating -679>
2018-10-24 14:25:47.787 7ff4dd679700 5 osd.0 pg_epoch: 7 pg[1.5( empty local-lis/les=6/7 n=0 ec=6/6 lis/c 0/0 les/c/f 0/0/0 6/6/6) [0] r=0 lpr=6 crt=0'0 mlcod 0'0 creating+activating mbc={}] enter Started/Primary/Active/Activating -678>
2018-10-24 14:25:47.787 7ff4dc677700 5 osd.0 pg_epoch: 7 pg[1.7( empty local-lis/les=6/7 n=0 ec=6/6 lis/c 0/0 les/c/f 0/0/0 6/6/6) [0] r=0 lpr=6 crt=0'0 mlcod 0'0 creating+activating mbc={}] enter Started/Primary/Active/Activating -677>
2018-10-24 14:25:47.797 7ff4dde7a700 10 monclient: _send_mon_message to mon.a at 127.0.0.1:40662/0 -676>
2018-10-24 14:25:47.797 7ff4dde7a700 1 -- 127.0.0.1:6801/25149 --> 127.0.0.1:40662/0 -- osd_pg_created(1.4) v1 -- 0x559a685c26c0 con 0 -675>
2018-10-24 14:25:47.797 7ff4dee7c700 10 monclient: _send_mon_message to mon.a at 127.0.0.1:40662/0 -674>
2018-10-24 14:25:47.797 7ff4ffee3700 4 -- 127.0.0.1:6801/25149 >> 127.0.0.1:40662/0 conn(0x559a661f1880 legacy :-1 s=STATE_CONNECTION_ESTABLISHED l=1).handle_write -673>
2018-10-24 14:25:47.797 7ff4dee7c700 1 -- 127.0.0.1:6801/25149 --> 127.0.0.1:40662/0 -- osd_pg_created(1.2) v1 -- 0x559a685c2d80 con 0 -672>
2018-10-24 14:25:47.797 7ff4de67b700 10 monclient: _send_mon_message to mon.a at 127.0.0.1:40662/0 -671>
2018-10-24 14:25:47.797 7ff4de67b700 1 -- 127.0.0.1:6801/25149 --> 127.0.0.1:40662/0 -- osd_pg_created(1.3) v1 -- 0x559a664dfb00 con 0 -670>
2018-10-24 14:25:47.797 7ff4e3685700 10 monclient: _send_mon_message to mon.a at 127.0.0.1:40662/0 -669>
2018-10-24 14:25:47.797 7ff4e3685700 1 -- 127.0.0.1:6801/25149 --> 127.0.0.1:40662/0 -- osd_pg_created(1.1) v1 -- 0x559a685d6900 con 0 -668>
2018-10-24 14:25:47.797 7ff4ffee3700 4 -- 127.0.0.1:6801/25149 >> 127.0.0.1:40662/0 conn(0x559a661f1880 legacy :-1 s=STATE_CONNECTION_ESTABLISHED l=1).handle_write -667>
2018-10-24 14:25:47.797 7ff4ffee3700 4 -- 127.0.0.1:6801/25149 >> 127.0.0.1:40662/0 conn(0x559a661f1880 legacy :-1 s=STATE_CONNECTION_ESTABLISHED l=1).handle_write -666>
2018-10-24 14:25:47.798 7ff4dde7a700 10 monclient: _send_mon_message to mon.a at 127.0.0.1:40662/0 -665>
2018-10-24 14:25:47.798 7ff4dde7a700 1 -- 127.0.0.1:6801/25149 --> 127.0.0.1:40662/0 -- osd_pg_created(1.4) v1 -- 0x559a685d6d80 con 0 -664>
2018-10-24 14:25:47.798 7ff4ffee3700 4 -- 127.0.0.1:6801/25149 >> 127.0.0.1:40662/0 conn(0x559a661f1880 legacy :-1 s=STATE_CONNECTION_ESTABLISHED l=1).handle_write -663>
2018-10-24 14:25:47.798 7ff4dfe7e700 10 monclient: _send_mon_message to mon.a at 127.0.0.1:40662/0 -662>
2018-10-24 14:25:47.798 7ff4dfe7e700 1 -- 127.0.0.1:6801/25149 --> 127.0.0.1:40662/0 -- osd_pg_created(1.0) v1 -- 0x559a685c2240 con 0 -661>
2018-10-24 14:25:47.798 7ff4ffee3700 4 -- 127.0.0.1:6801/25149 >> 127.0.0.1:40662/0 conn(0x559a661f1880 legacy :-1 s=STATE_CONNECTION_ESTABLISHED l=1).handle_write -660>
2018-10-24 14:25:47.798 7ff4dee7c700 10 monclient: _send_mon_message to mon.a at 127.0.0.1:40662/0 -659>
2018-10-24 14:25:47.798 7ff4dee7c700 1 -- 127.0.0.1:6801/25149 --> 127.0.0.1:40662/0 -- osd_pg_created(1.2) v1 -- 0x559a685c2fc0 con 0 -658>
2018-10-24 14:25:47.798 7ff4ffee3700 4 -- 127.0.0.1:6801/25149 >> 127.0.0.1:40662/0 conn(0x559a661f1880 legacy :-1 s=STATE_CONNECTION_ESTABLISHED l=1).handle_write -657>
2018-10-24 14:25:47.798 7ff4de67b700 10 monclient: _send_mon_message to mon.a at 127.0.0.1:40662/0 -656>
2018-10-24 14:25:47.798 7ff4de67b700 1 -- 127.0.0.1:6801/25149 --> 127.0.0.1:40662/0 -- osd_pg_created(1.3) v1 -- 0x559a685d7440 con 0 -655>
2018-10-24 14:25:47.798 7ff4e3685700 10 monclient: _send_mon_message to mon.a at 127.0.0.1:40662/0 -654>
2018-10-24 14:25:47.798 7ff4e3685700 1 -- 127.0.0.1:6801/25149 --> 127.0.0.1:40662/0 -- osd_pg_created(1.1) v1 -- 0x559a685d6b40 con 0 -653>
2018-10-24 14:25:47.798 7ff4ffee3700 4 -- 127.0.0.1:6801/25149 >> 127.0.0.1:40662/0 conn(0x559a661f1880 legacy :-1 s=STATE_CONNECTION_ESTABLISHED l=1).handle_write -652>
2018-10-24 14:25:47.799 7ff4dfe7e700 10 monclient: _send_mon_message to mon.a at 127.0.0.1:40662/0 -651>
2018-10-24 14:25:47.799 7ff4dfe7e700 1 -- 127.0.0.1:6801/25149 --> 127.0.0.1:40662/0 -- osd_pg_created(1.0) v1 -- 0x559a685c26c0 con 0 -650>
2018-10-24 14:25:47.799 7ff4ffee3700 4 -- 127.0.0.1:6801/25149 >> 127.0.0.1:40662/0 conn(0x559a661f1880 legacy :-1 s=STATE_CONNECTION_ESTABLISHED l=1).handle_write -649>
2018-10-24 14:25:47.799 7ff4ffee3700 4 -- 127.0.0.1:6801/25149 >> 127.0.0.1:40662/0 conn(0x559a661f1880 legacy :-1 s=STATE_CONNECTION_ESTABLISHED l=1).handle_write -648>
2018-10-24 14:25:47.799 7ff4ffee3700 4 -- 127.0.0.1:6801/25149 >> 127.0.0.1:40662/0 conn(0x559a661f1880 legacy :-1 s=STATE_CONNECTION_ESTABLISHED l=1).handle_write -647>
2018-10-24 14:25:47.800 7ff4df67d700 5 osd.0 pg_epoch: 7 pg[1.1( empty local-lis/les=6/7 n=0 ec=6/6 lis/c 6/0 les/c/f 7/0/0 6/6/6) [0] r=0 lpr=6 crt=0'0 mlcod 0'0 active mbc={}] exit Started/Primary/Active/Activating 0.013161 3 0.003739 -646>
2018-10-24 14:25:47.800 7ff4e2683700 5 osd.0 pg_epoch: 7 pg[1.3( empty local-lis/les=6/7 n=0 ec=6/6 lis/c 6/0 les/c/f 7/0/0 6/6/6) [0] r=0 lpr=6 crt=0'0 mlcod 0'0 active mbc={}] exit Started/Primary/Active/Activating 0.013056 3 0.003889 -645>
2018-10-24 14:25:47.800 7ff4df67d700 5 osd.0 pg_epoch: 7 pg[1.1( empty local-lis/les=6/7 n=0 ec=6/6 lis/c 6/0 les/c/f 7/0/0 6/6/6) [0] r=0 lpr=6 crt=0'0 mlcod 0'0 active mbc={}] enter Started/Primary/Active/Recovered -644>
2018-10-24 14:25:47.800 7ff4e3e86700 5 osd.0 pg_epoch: 7 pg[1.0( empty local-lis/les=6/7 n=0 ec=6/6 lis/c 6/0 les/c/f 7/0/0 6/6/6) [0] r=0 lpr=6 crt=0'0 mlcod 0'0 active mbc={}] exit Started/Primary/Active/Activating 0.013372 3 0.003824 -643>
2018-10-24 14:25:47.800 7ff4e1e82700 5 osd.0 pg_epoch: 7 pg[1.4( empty local-lis/les=6/7 n=0 ec=6/6 lis/c 6/0 les/c/f 7/0/0 6/6/6) [0] r=0 lpr=6 crt=0'0 mlcod 0'0 active mbc={}] exit Started/Primary/Active/Activating 0.013243 3 0.003947 -642>
2018-10-24 14:25:47.800 7ff4e2683700 5 osd.0 pg_epoch: 7 pg[1.3( empty local-lis/les=6/7 n=0 ec=6/6 lis/c 6/0 les/c/f 7/0/0 6/6/6) [0] r=0 lpr=6 crt=0'0 mlcod 0'0 active mbc={}] enter Started/Primary/Active/Recovered -641>
2018-10-24 14:25:47.800 7ff4e3e86700 5 osd.0 pg_epoch: 7 pg[1.0( empty local-lis/les=6/7 n=0 ec=6/6 lis/c 6/0 les/c/f 7/0/0 6/6/6) [0] r=0 lpr=6 crt=0'0 mlcod 0'0 active mbc={}] enter Started/Primary/Active/Recovered -640>
2018-10-24 14:25:47.800 7ff4e1e82700 5 osd.0 pg_epoch: 7 pg[1.4( empty local-lis/les=6/7 n=0 ec=6/6 lis/c 6/0 les/c/f 7/0/0 6/6/6) [0] r=0 lpr=6 crt=0'0 mlcod 0'0 active mbc={}] enter Started/Primary/Active/Recovered -639>
2018-10-24 14:25:47.800 7ff4e2683700 5 osd.0 pg_epoch: 7 pg[1.3( empty local-lis/les=6/7 n=0 ec=6/6 lis/c 6/0 les/c/f 7/0/0 6/6/6) [0] r=0 lpr=6 crt=0'0 mlcod 0'0 active mbc={}] exit Started/Primary/Active/Recovered 0.000223 0 0.000000 -638>
2018-10-24 14:25:47.800 7ff4df67d700 5 osd.0 pg_epoch: 7 pg[1.1( empty local-lis/les=6/7 n=0 ec=6/6 lis/c 6/0 les/c/f 7/0/0 6/6/6) [0] r=0 lpr=6 crt=0'0 mlcod 0'0 active mbc={}] exit Started/Primary/Active/Recovered 0.000376 0 0.000000 -637>
2018-10-24 14:25:47.800 7ff4e3e86700 5 osd.0 pg_epoch: 7 pg[1.0( empty local-lis/les=6/7 n=0 ec=6/6 lis/c 6/0 les/c/f 7/0/0 6/6/6) [0] r=0 lpr=6 crt=0'0 mlcod 0'0 active mbc={}] exit Started/Primary/Active/Recovered 0.000247 0 0.000000 -636>
2018-10-24 14:25:47.800 7ff4e2683700 5 osd.0 pg_epoch: 7 pg[1.3( empty local-lis/les=6/7 n=0 ec=6/6 lis/c 6/0 les/c/f 7/0/0 6/6/6) [0] r=0 lpr=6 crt=0'0 mlcod 0'0 active mbc={}] enter Started/Primary/Active/Clean -635>
2018-10-24 14:25:47.800 7ff4df67d700 5 osd.0 pg_epoch: 7 pg[1.1( empty local-lis/les=6/7 n=0 ec=6/6 lis/c 6/0 les/c/f 7/0/0 6/6/6) [0] r=0 lpr=6 crt=0'0 mlcod 0'0 active mbc={}] enter Started/Primary/Active/Clean -634>
2018-10-24 14:25:47.800 7ff4e2e84700 5 osd.0 pg_epoch: 7 pg[1.2( empty local-lis/les=6/7 n=0 ec=6/6 lis/c 6/0 les/c/f 7/0/0 6/6/6) [0] r=0 lpr=6 crt=0'0 mlcod 0'0 active mbc={}] exit Started/Primary/Active/Activating 0.013844 3 0.004647 -633>
2018-10-24 14:25:47.800 7ff4e3e86700 5 osd.0 pg_epoch: 7 pg[1.0( empty local-lis/les=6/7 n=0 ec=6/6 lis/c 6/0 les/c/f 7/0/0 6/6/6) [0] r=0 lpr=6 crt=0'0 mlcod 0'0 active mbc={}] enter Started/Primary/Active/Clean -632>
2018-10-24 14:25:47.800 7ff4e1e82700 5 osd.0 pg_epoch: 7 pg[1.4( empty local-lis/les=6/7 n=0 ec=6/6 lis/c 6/0 les/c/f 7/0/0 6/6/6) [0] r=0 lpr=6 crt=0'0 mlcod 0'0 active mbc={}] exit Started/Primary/Active/Recovered 0.000388 0 0.000000 -631>
2018-10-24 14:25:47.801 7ff4e2e84700 5 osd.0 pg_epoch: 7 pg[1.2( empty local-lis/les=6/7 n=0 ec=6/6 lis/c 6/0 les/c/f 7/0/0 6/6/6) [0] r=0 lpr=6 crt=0'0 mlcod 0'0 active mbc={}] enter Started/Primary/Active/Recovered -630>
2018-10-24 14:25:47.801 7ff4e1e82700 5 osd.0 pg_epoch: 7 pg[1.4( empty local-lis/les=6/7 n=0 ec=6/6 lis/c 6/0 les/c/f 7/0/0 6/6/6) [0] r=0 lpr=6 crt=0'0 mlcod 0'0 active mbc={}] enter Started/Primary/Active/Clean -629>
2018-10-24 14:25:47.801 7ff4e2e84700 5 osd.0 pg_epoch: 7 pg[1.2( empty local-lis/les=6/7 n=0 ec=6/6 lis/c 6/0 les/c/f 7/0/0 6/6/6) [0] r=0 lpr=6 crt=0'0 mlcod 0'0 active mbc={}] exit Started/Primary/Active/Recovered 0.000186 0 0.000000 -628>
2018-10-24 14:25:47.801 7ff4e2e84700 5 osd.0 pg_epoch: 7 pg[1.2( empty local-lis/les=6/7 n=0 ec=6/6 lis/c 6/0 les/c/f 7/0/0 6/6/6) [0] r=0 lpr=6 crt=0'0 mlcod 0'0 active mbc={}] enter Started/Primary/Active/Clean -627>
2018-10-24 14:25:47.803 7ff4dd679700 10 monclient: _send_mon_message to mon.a at 127.0.0.1:40662/0 -626>
2018-10-24 14:25:47.803 7ff4dd679700 1 -- 127.0.0.1:6801/25149 --> 127.0.0.1:40662/0 -- osd_pg_created(1.5) v1 -- 0x559a664df680 con 0 -625>
2018-10-24 14:25:47.803 7ff4dc677700 10 monclient: _send_mon_message to mon.a at 127.0.0.1:40662/0 -624>
2018-10-24 14:25:47.803 7ff4dc677700 1 -- 127.0.0.1:6801/25149 --> 127.0.0.1:40662/0 -- osd_pg_created(1.7) v1 -- 0x559a685c3680 con 0 -623>
2018-10-24 14:25:47.803 7ff4ffee3700 4 -- 127.0.0.1:6801/25149 >> 127.0.0.1:40662/0 conn(0x559a661f1880 legacy :-1 s=STATE_CONNECTION_ESTABLISHED l=1).handle_write -622>
2018-10-24 14:25:47.803 7ff4e0e80700 10 monclient: _send_mon_message to mon.a at 127.0.0.1:40662/0 -621>
2018-10-24 14:25:47.803 7ff4e0e80700 1 -- 127.0.0.1:6801/25149 --> 127.0.0.1:40662/0 -- osd_pg_created(1.6) v1 -- 0x559a685c2240 con 0 -620>
2018-10-24 14:25:47.804 7ff4dd679700 10 monclient: _send_mon_message to mon.a at 127.0.0.1:40662/0 -619>
2018-10-24 14:25:47.804 7ff4dd679700 1 -- 127.0.0.1:6801/25149 --> 127.0.0.1:40662/0 -- osd_pg_created(1.5) v1 -- 0x559a685d7d40 con 0 -618>
2018-10-24 14:25:47.804 7ff4ffee3700 4 -- 127.0.0.1:6801/25149 >> 127.0.0.1:40662/0 conn(0x559a661f1880 legacy :-1 s=STATE_CONNECTION_ESTABLISHED l=1).handle_write -617>
2018-10-24 14:25:47.804 7ff4ffee3700 4 -- 127.0.0.1:6801/25149 >> 127.0.0.1:40662/0 conn(0x559a661f1880 legacy :-1 s=STATE_CONNECTION_ESTABLISHED l=1).handle_write -616>
2018-10-24 14:25:47.804 7ff4ffee3700 4 -- 127.0.0.1:6801/25149 >> 127.0.0.1:40662/0 conn(0x559a661f1880 legacy :-1 s=STATE_CONNECTION_ESTABLISHED l=1).handle_write -615>
2018-10-24 14:25:47.804 7ff4e0e80700 10 monclient: _send_mon_message to mon.a at 127.0.0.1:40662/0 -614>
2018-10-24 14:25:47.804 7ff4e0e80700 1 -- 127.0.0.1:6801/25149 --> 127.0.0.1:40662/0 -- osd_pg_created(1.6) v1 -- 0x559a685c2fc0 con 0 -613>
2018-10-24 14:25:47.804 7ff4dc677700 10 monclient: _send_mon_message to mon.a at 127.0.0.1:40662/0 -612>
2018-10-24 14:25:47.805 7ff4dc677700 1 -- 127.0.0.1:6801/25149 --> 127.0.0.1:40662/0 -- osd_pg_created(1.7) v1 -- 0x559a68626000 con 0 -611>
2018-10-24 14:25:47.805 7ff4e1681700 5 osd.0 pg_epoch: 7 pg[1.5( empty local-lis/les=6/7 n=0 ec=6/6 lis/c 6/0 les/c/f 7/0/0 6/6/6) [0] r=0 lpr=6 crt=0'0 mlcod 0'0 active mbc={}] exit Started/Primary/Active/Activating 0.017301 3 0.002934 -610>
2018-10-24 14:25:47.805 7ff4e1681700 5 osd.0 pg_epoch: 7 pg[1.5( empty local-lis/les=6/7 n=0 ec=6/6 lis/c 6/0 les/c/f 7/0/0 6/6/6) [0] r=0 lpr=6 crt=0'0 mlcod 0'0 active mbc={}] enter Started/Primary/Active/Recovered -609>
2018-10-24 14:25:47.805 7ff4e1681700 5 osd.0 pg_epoch: 7 pg[1.5( empty local-lis/les=6/7 n=0 ec=6/6 lis/c 6/0 les/c/f 7/0/0 6/6/6) [0] r=0 lpr=6 crt=0'0 mlcod 0'0 active mbc={}] exit Started/Primary/Active/Recovered 0.000188 0 0.000000 -608>
2018-10-24 14:25:47.805 7ff4ffee3700 4 -- 127.0.0.1:6801/25149 >> 127.0.0.1:40662/0 conn(0x559a661f1880 legacy :-1 s=STATE_CONNECTION_ESTABLISHED l=1).handle_write -607>
2018-10-24 14:25:47.805 7ff4dce78700 5 osd.0 pg_epoch: 7 pg[1.6( empty local-lis/les=6/7 n=0 ec=6/6 lis/c 6/0 les/c/f 7/0/0 6/6/6) [0] r=0 lpr=6 crt=0'0 mlcod 0'0 active mbc={}] exit Started/Primary/Active/Activating 0.018064 3 0.002763 -606>
2018-10-24 14:25:47.805 7ff4e1681700 5 osd.0 pg_epoch: 7 pg[1.5( empty local-lis/les=6/7 n=0 ec=6/6 lis/c 6/0 les/c/f 7/0/0 6/6/6) [0] r=0 lpr=6 crt=0'0 mlcod 0'0 active mbc={}] enter Started/Primary/Active/Clean -605>
2018-10-24 14:25:47.805 7ff4ffee3700 4 -- 127.0.0.1:6801/25149 >> 127.0.0.1:40662/0 conn(0x559a661f1880 legacy :-1 s=STATE_CONNECTION_ESTABLISHED l=1).handle_write -604>
2018-10-24 14:25:47.805 7ff4dce78700 5 osd.0 pg_epoch: 7 pg[1.6( empty local-lis/les=6/7 n=0 ec=6/6 lis/c 6/0 les/c/f 7/0/0 6/6/6) [0] r=0 lpr=6 crt=0'0 mlcod 0'0 active mbc={}] enter Started/Primary/Active/Recovered -603>
2018-10-24 14:25:47.806 7ff4e067f700 5 osd.0 pg_epoch: 7 pg[1.7( empty local-lis/les=6/7 n=0 ec=6/6 lis/c 6/0 les/c/f 7/0/0 6/6/6) [0] r=0 lpr=6 crt=0'0 mlcod 0'0 active mbc={}] exit Started/Primary/Active/Activating 0.018265 3 0.003241 -602>
2018-10-24 14:25:47.806 7ff4dce78700 5 osd.0 pg_epoch: 7 pg[1.6( empty local-lis/les=6/7 n=0 ec=6/6 lis/c 6/0 les/c/f 7/0/0 6/6/6) [0] r=0 lpr=6 crt=0'0 mlcod 0'0 active mbc={}] exit Started/Primary/Active/Recovered 0.000240 0 0.000000 -601>
2018-10-24 14:25:47.806 7ff4e067f700 5 osd.0 pg_epoch: 7 pg[1.7( empty local-lis/les=6/7 n=0 ec=6/6 lis/c 6/0 les/c/f 7/0/0 6/6/6) [0] r=0 lpr=6 crt=0'0 mlcod 0'0 active mbc={}] enter Started/Primary/Active/Recovered -600>
2018-10-24 14:25:47.806 7ff4dce78700 5 osd.0 pg_epoch: 7 pg[1.6( empty local-lis/les=6/7 n=0 ec=6/6 lis/c 6/0 les/c/f 7/0/0 6/6/6) [0] r=0 lpr=6 crt=0'0 mlcod 0'0 active mbc={}] enter Started/Primary/Active/Clean -599>
2018-10-24 14:25:47.806 7ff4e067f700 5 osd.0 pg_epoch: 7 pg[1.7( empty local-lis/les=6/7 n=0 ec=6/6 lis/c 6/0 les/c/f 7/0/0 6/6/6) [0] r=0 lpr=6 crt=0'0 mlcod 0'0 active mbc={}] exit Started/Primary/Active/Recovered 0.000288 0 0.000000 -598>
2018-10-24 14:25:47.806 7ff4e067f700 5 osd.0 pg_epoch: 7 pg[1.7( empty local-lis/les=6/7 n=0 ec=6/6 lis/c 6/0 les/c/f 7/0/0 6/6/6) [0] r=0 lpr=6 crt=0'0 mlcod 0'0 active mbc={}] enter Started/Primary/Active/Clean -597>
2018-10-24 14:25:47.816 7ff4db675700 5 osd.0 7 heartbeat osd_stat(1.1 GiB used (224 KiB data, 0 B omap, 1 GiB meta), 9.0 GiB avail, 10 GiB total, peers [] op hist []) -596>
2018-10-24 14:25:47.989 7ff4e6e8c700 1 -- 127.0.0.1:6801/25149 --> 127.0.0.1:6800/24805 -- mgrreport(unknown.0 +0-0 packed 782 daemon_metrics=2) v6 -- 0x559a6853d500 con 0 -595>
2018-10-24 14:25:47.989 7ff4ff6e2700 4 -- 127.0.0.1:6801/25149 >> 127.0.0.1:6800/24805 conn(0x559a664a8000 legacy :-1 s=STATE_CONNECTION_ESTABLISHED l=1).handle_write -594>
2018-10-24 14:25:47.989 7ff4e6e8c700 1 -- 127.0.0.1:6801/25149 --> 127.0.0.1:6800/24805 -- pg_stats(8 pgs tid 0 v 0) v1 -- 0x559a68536900 con 0 -593>
2018-10-24 14:25:47.990 7ff4ff6e2700 4 -- 127.0.0.1:6801/25149 >> 127.0.0.1:6800/24805 conn(0x559a664a8000 legacy :-1 s=STATE_CONNECTION_ESTABLISHED l=1).handle_write -592>
2018-10-24 14:25:48.789 7ff4ffee3700 5 -- 127.0.0.1:6801/25149 >> 127.0.0.1:40662/0 conn(0x559a661f1880 legacy :-1 s=READ_FOOTER_AND_DISPATCH pgs=24 cs=1 l=1). rx mon.0 seq 22 0x559a664e1b80 osd_map(7..8 src has 1..8) v4 -591>
2018-10-24 14:25:48.790 7ff4ffee3700 4 -- 127.0.0.1:6801/25149 >> 127.0.0.1:40662/0 conn(0x559a661f1880 legacy :-1 s=STATE_CONNECTION_ESTABLISHED l=1).handle_write -590>
2018-10-24 14:25:48.790 7ff4f0f59700 1 -- 127.0.0.1:6801/25149 <== mon.0 127.0.0.1:40662/0 22 ==== osd_map(7..8 src has 1..8) v4 ==== 779+0+0 (1714354301 0 0) 0x559a664e1b80 con 0x559a661f1880 -589>
2018-10-24 14:25:48.790 7ff4f0f59700 3 osd.0 7 handle_osd_map epochs [7,8], i have 7, src has [1,8] -588>
2018-10-24 14:25:49.669 7ff4e7e8e700 10 monclient: tick -587>
2018-10-24 14:25:49.669 7ff4e7e8e700 10 monclient: _check_auth_rotating have uptodate secrets (they expire after
2018-10-24 14:25:19.669624) -586>
2018-10-24 14:25:49.669 7ff4ffee3700 4 -- 127.0.0.1:6801/25149 >> 127.0.0.1:40662/0 conn(0x559a661f1880 legacy :-1 s=STATE_CONNECTION_ESTABLISHED l=1).handle_write -585>
2018-10-24 14:25:50.782 7ff4f4ea8700 5 bluestore.MempoolThread(0x559a653ffbd8) _tune_cache_size target: 4294967296 heap: 55975936 unmapped: 1024000 mapped: 54951936 old cache_size: 2845415832 new cache size: 2845415832 -584>
2018-10-24 14:25:50.782 7ff4f4ea8700 5 bluestore.MempoolThread(0x559a653ffbd8) _trim_shards cache_size: 2845415832 kv_alloc: 1218696969 kv_used: 897 meta_alloc: 1084479241 meta_used: 37480 data_alloc: 542239620 data_used: 0 -583>
2018-10-24 14:25:52.991 7ff4e6e8c700 1 -- 127.0.0.1:6801/25149 --> 127.0.0.1:6800/24805 -- mgrreport(unknown.0 +0-0 packed 782 daemon_metrics=2) v6 -- 0x559a6853d880 con 0 -582>
2018-10-24 14:25:52.991 7ff4ff6e2700 4 -- 127.0.0.1:6801/25149 >> 127.0.0.1:6800/24805 conn(0x559a664a8000 legacy :-1 s=STATE_CONNECTION_ESTABLISHED l=1).handle_write -581>
2018-10-24 14:25:52.991 7ff4e6e8c700 1 -- 127.0.0.1:6801/25149 --> 127.0.0.1:6800/24805 -- pg_stats(8 pgs tid 0 v 0) v1 -- 0x559a68614c00 con 0 -580>
2018-10-24 14:25:52.992 7ff4ff6e2700 4 -- 127.0.0.1:6801/25149 >> 127.0.0.1:6800/24805 conn(0x559a664a8000 legacy :-1 s=STATE_CONNECTION_ESTABLISHED l=1).handle_write -579>
2018-10-24 14:25:53.717 7ff4db675700 5 osd.0 8 heartbeat osd_stat(1.1 GiB used (288 KiB data, 0 B omap, 1 GiB meta), 9.0 GiB avail, 10 GiB total, peers [] op hist []) -578>
2018-10-24 14:25:55.417 7ff4db675700 5 osd.0 8 heartbeat osd_stat(1.1 GiB used (288 KiB data, 0 B omap, 1 GiB meta), 9.0 GiB avail, 10 GiB total, peers [] op hist []) -577>
2018-10-24 14:25:55.801 7ff4f4ea8700 5 bluestore.MempoolThread(0x559a653ffbd8) _tune_cache_size target: 4294967296 heap: 55975936 unmapped: 1032192 mapped: 54943744 old cache_size: 2845415832 new cache size: 2845415832 -576>
2018-10-24 14:25:55.801 7ff4f4ea8700 5 bluestore.MempoolThread(0x559a653ffbd8) _trim_shards cache_size: 2845415832 kv_alloc: 1218696969 kv_used: 897 meta_alloc: 1084479241 meta_used: 37480 data_alloc: 542239620 data_used: 0 -575>
2018-10-24 14:25:57.993 7ff4e6e8c700 1 -- 127.0.0.1:6801/25149 --> 127.0.0.1:6800/24805 -- mgrreport(unknown.0 +0-0 packed 782 daemon_metrics=2) v6 -- 0x559a6853dc00 con 0 -574>
2018-10-24 14:25:57.993 7ff4ff6e2700 4 -- 127.0.0.1:6801/25149 >> 127.0.0.1:6800/24805 conn(0x559a664a8000 legacy :-1 s=STATE_CONNECTION_ESTABLISHED l=1).handle_write -573>
2018-10-24 14:25:57.993 7ff4e6e8c700 1 -- 127.0.0.1:6801/25149 --> 127.0.0.1:6800/24805 -- pg_stats(8 pgs tid 0 v 0) v1 -- 0x559a68618900 con 0 -572>
2018-10-24 14:25:57.994 7ff4ff6e2700 4 -- 127.0.0.1:6801/25149 >> 127.0.0.1:6800/24805 conn(0x559a664a8000 legacy :-1 s=STATE_CONNECTION_ESTABLISHED l=1).handle_write -571>
2018-10-24 14:25:59.669 7ff4e7e8e700 10 monclient: tick -570>
2018-10-24 14:25:59.669 7ff4e7e8e700 10 monclient: _check_auth_rotating have uptodate secrets (they expire after
2018-10-24 14:25:29.670038) -569>
2018-10-24 14:25:59.669 7ff4ffee3700 4 -- 127.0.0.1:6801/25149 >> 127.0.0.1:40662/0 conn(0x559a661f1880 legacy :-1 s=STATE_CONNECTION_ESTABLISHED l=1).handle_write -568>
2018-10-24 14:26:00.717 7ff4db675700 5 osd.0 8 heartbeat osd_stat(1.1 GiB used (288 KiB data, 0 B omap, 1 GiB meta), 9.0 GiB avail, 10 GiB total, peers [] op hist []) -567>
2018-10-24 14:26:00.822 7ff4f4ea8700 5 bluestore.MempoolThread(0x559a653ffbd8) _tune_cache_size target: 4294967296 heap: 55975936 unmapped: 1032192 mapped: 54943744 old cache_size: 2845415832 new cache size: 2845415832 -566>
2018-10-24 14:26:00.822 7ff4f4ea8700 5 bluestore.MempoolThread(0x559a653ffbd8) _trim_shards cache_size: 2845415832 kv_alloc: 1218696969 kv_used: 897 meta_alloc: 1084479241 meta_used: 37480 data_alloc: 542239620 data_used: 0 -565>
2018-10-24 14:26:01.218 7ff4db675700 5 osd.0 8 heartbeat osd_stat(1.1 GiB used (288 KiB data, 0 B omap, 1 GiB meta), 9.0 GiB avail, 10 GiB total, peers [] op hist []) -564>
2018-10-24 14:26:02.993 7ff4e6e8c700 1 -- 127.0.0.1:6801/25149 --> 127.0.0.1:6800/24805 -- mgrreport(unknown.0 +0-0 packed 782 daemon_metrics=2) v6 -- 0x559a6853c000 con 0 -563>
2018-10-24 14:26:02.993 7ff4ff6e2700 4 -- 127.0.0.1:6801/25149 >> 127.0.0.1:6800/24805 conn(0x559a664a8000 legacy :-1 s=STATE_CONNECTION_ESTABLISHED l=1).handle_write -562>
2018-10-24 14:26:02.994 7ff4e6e8c700 1 -- 127.0.0.1:6801/25149 --> 127.0.0.1:6800/24805 -- pg_stats(8 pgs tid 0 v 0) v1 -- 0x559a68618600 con 0 -561>
2018-10-24 14:26:02.994 7ff4ff6e2700 4 -- 127.0.0.1:6801/25149 >> 127.0.0.1:6800/24805 conn(0x559a664a8000 legacy :-1 s=STATE_CONNECTION_ESTABLISHED l=1).handle_write -560>
2018-10-24 14:26:05.844 7ff4f4ea8700 5 bluestore.MempoolThread(0x559a653ffbd8) _tune_cache_size target: 4294967296 heap: 55975936 unmapped: 1032192 mapped: 54943744 old cache_size: 2845415832 new cache size: 2845415832 -559>
2018-10-24 14:26:05.844 7ff4f4ea8700 5 bluestore.MempoolThread(0x559a653ffbd8) _trim_shards cache_size: 2845415832 kv_alloc: 1218696969 kv_used: 897 meta_alloc: 1084479241 meta_used: 37480 data_alloc: 542239620 data_used: 0 -558>
2018-10-24 14:26:07.118 7ff4db675700 5 osd.0 8 heartbeat osd_stat(1.1 GiB used (288 KiB data, 0 B omap, 1 GiB meta), 9.0 GiB avail, 10 GiB total, peers [] op hist []) -557>
2018-10-24 14:26:07.119 7ff4db675700 10 monclient: _renew_subs -556>
2018-10-24 14:26:07.119 7ff4db675700 10 monclient: _send_mon_message to mon.a at 127.0.0.1:40662/0 -555>
2018-10-24 14:26:07.119 7ff4db675700 1 -- 127.0.0.1:6801/25149 --> 127.0.0.1:40662/0 -- mon_subscribe({osdmap=9}) v3 -- 0x559a685d7d40 con 0 -554>
2018-10-24 14:26:07.119 7ff4ffee3700 4 -- 127.0.0.1:6801/25149 >> 127.0.0.1:40662/0 conn(0x559a661f1880 legacy :-1 s=STATE_CONNECTION_ESTABLISHED l=1).handle_write -553>
2018-10-24 14:26:07.994 7ff4e6e8c700 1 -- 127.0.0.1:6801/25149 --> 127.0.0.1:6800/24805 -- mgrreport(unknown.0 +0-0 packed 782 daemon_metrics=2) v6 -- 0x559a6853c380 con 0 -552>
2018-10-24 14:26:07.994 7ff4ff6e2700 4 -- 127.0.0.1:6801/25149 >> 127.0.0.1:6800/24805 conn(0x559a664a8000 legacy :-1 s=STATE_CONNECTION_ESTABLISHED l=1).handle_write -551>
2018-10-24 14:26:07.994 7ff4e6e8c700 1 -- 127.0.0.1:6801/25149 --> 127.0.0.1:6800/24805 -- pg_stats(8 pgs tid 0 v 0) v1 -- 0x559a68614600 con 0 -550>
2018-10-24 14:26:07.995 7ff4ff6e2700 4 -- 127.0.0.1:6801/25149 >> 127.0.0.1:6800/24805 conn(0x559a664a8000 legacy :-1 s=STATE_CONNECTION_ESTABLISHED l=1).handle_write -549>
2018-10-24 14:26:09.670 7ff4e7e8e700 10 monclient: tick -548>
2018-10-24 14:26:09.670 7ff4e7e8e700 10 monclient: _check_auth_rotating have uptodate secrets (they expire after
2018-10-24 14:25:39.670727) -547>
2018-10-24 14:26:09.670 7ff4ffee3700 4 -- 127.0.0.1:6801/25149 >> 127.0.0.1:40662/0 conn(0x559a661f1880 legacy :-1 s=STATE_CONNECTION_ESTABLISHED l=1).handle_write -546>
2018-10-24 14:26:10.868 7ff4f4ea8700 5 bluestore.MempoolThread(0x559a653ffbd8) _tune_cache_size target: 4294967296 heap: 55975936 unmapped: 1024000 mapped: 54951936 old cache_size: 2845415832 new cache size: 2845415832 -545>
2018-10-24 14:26:10.868 7ff4f4ea8700 5 bluestore.MempoolThread(0x559a653ffbd8) _trim_shards cache_size: 2845415832 kv_alloc: 1218696969 kv_used: 897 meta_alloc: 1084479241 meta_used: 37480 data_alloc: 542239620 data_used: 0 -544>
2018-10-24 14:26:12.996 7ff4e6e8c700 1 -- 127.0.0.1:6801/25149 --> 127.0.0.1:6800/24805 -- mgrreport(unknown.0 +0-0 packed 782 daemon_metrics=2) v6 -- 0x559a6853c700 con 0 -543>
2018-10-24 14:26:12.996 7ff4ff6e2700 4 -- 127.0.0.1:6801/25149 >> 127.0.0.1:6800/24805 conn(0x559a664a8000 legacy :-1 s=STATE_CONNECTION_ESTABLISHED l=1).handle_write -542>
2018-10-24 14:26:12.996 7ff4e6e8c700 1 -- 127.0.0.1:6801/25149 --> 127.0.0.1:6800/24805 -- pg_stats(8 pgs tid 0 v 0) v1 -- 0x559a68536900 con 0 -541>
2018-10-24 14:26:12.997 7ff4ff6e2700 4 -- 127.0.0.1:6801/25149 >> 127.0.0.1:6800/24805 conn(0x559a664a8000 legacy :-1 s=STATE_CONNECTION_ESTABLISHED l=1).handle_write -540>
2018-10-24 14:26:13.018 7ff4db675700 5 osd.0 8 heartbeat osd_stat(1.1 GiB used (288 KiB data, 0 B omap, 1 GiB meta), 9.0 GiB avail, 10 GiB total, peers [] op hist []) -539>
2018-10-24 14:26:14.120 7ff4db675700 5 osd.0 8 heartbeat osd_stat(1.1 GiB used (288 KiB data, 0 B omap, 1 GiB meta), 9.0 GiB avail, 10 GiB total, peers [] op hist []) -538>
2018-10-24 14:26:15.892 7ff4f4ea8700 5 bluestore.MempoolThread(0x559a653ffbd8) _tune_cache_size target: 4294967296 heap: 55975936 unmapped: 1024000 mapped: 54951936 old cache_size: 2845415832 new cache size: 2845415832 -537>
2018-10-24 14:26:15.892 7ff4f4ea8700 5 bluestore.MempoolThread(0x559a653ffbd8) _trim_shards cache_size: 2845415832 kv_alloc: 1218696969 kv_used: 897 meta_alloc: 1084479241 meta_used: 37480 data_alloc: 542239620 data_used: 0 -536>
2018-10-24 14:26:16.420 7ff4db675700 5 osd.0 8 heartbeat osd_stat(1.1 GiB used (288 KiB data, 0 B omap, 1 GiB meta), 9.0 GiB avail, 10 GiB total, peers [] op hist []) -535>
2018-10-24 14:26:17.998 7ff4e6e8c700 1 -- 127.0.0.1:6801/25149 --> 127.0.0.1:6800/24805 -- mgrreport(unknown.0 +0-0 packed 782 daemon_metrics=2) v6 -- 0x559a6853ca80 con 0 -534>
2018-10-24 14:26:17.998 7ff4ff6e2700 4 -- 127.0.0.1:6801/25149 >> 127.0.0.1:6800/24805 conn(0x559a664a8000 legacy :-1 s=STATE_CONNECTION_ESTABLISHED l=1).handle_write -533>
2018-10-24 14:26:17.998 7ff4e6e8c700 1 -- 127.0.0.1:6801/25149 --> 127.0.0.1:6800/24805 -- pg_stats(8 pgs tid 0 v 0) v1 -- 0x559a664d1800 con 0 -532>
2018-10-24 14:26:17.999 7ff4ff6e2700 4 -- 127.0.0.1:6801/25149 >> 127.0.0.1:6800/24805 conn(0x559a664a8000 legacy :-1 s=STATE_CONNECTION_ESTABLISHED l=1).handle_write -531>
2018-10-24 14:26:18.721 7ff4db675700 5 osd.0 8 heartbeat osd_stat(1.1 GiB used (288 KiB data, 0 B omap, 1 GiB meta), 9.0 GiB avail, 10 GiB total, peers [] op hist []) -530>
2018-10-24 14:26:19.670 7ff4e7e8e700 10 monclient: tick -529>
2018-10-24 14:26:19.670 7ff4e7e8e700 10 monclient: _check_auth_rotating have uptodate secrets (they expire after
2018-10-24 14:25:49.671148) -528>
2018-10-24 14:26:19.670 7ff4ffee3700 4 -- 127.0.0.1:6801/25149 >> 127.0.0.1:40662/0 conn(0x559a661f1880 legacy :-1 s=STATE_CONNECTION_ESTABLISHED l=1).handle_write -527>
2018-10-24 14:26:20.913 7ff4f4ea8700 5 bluestore.MempoolThread(0x559a653ffbd8) _tune_cache_size target: 4294967296 heap: 55975936 unmapped: 1024000 mapped: 54951936 old cache_size: 2845415832 new cache size: 2845415832 -526>
2018-10-24 14:26:20.913 7ff4f4ea8700 5 bluestore.MempoolThread(0x559a653ffbd8) _trim_shards cache_size: 2845415832 kv_alloc: 1218696969 kv_used: 897 meta_alloc: 1084479241 meta_used: 37480 data_alloc: 542239620 data_used: 0 -525>
2018-10-24 14:26:23.000 7ff4e6e8c700 1 -- 127.0.0.1:6801/25149 --> 127.0.0.1:6800/24805 -- mgrreport(unknown.0 +0-0 packed 782 daemon_metrics=2) v6 -- 0x559a6853ce00 con 0 -524>
2018-10-24 14:26:23.000 7ff4ff6e2700 4 -- 127.0.0.1:6801/25149 >> 127.0.0.1:6800/24805 conn(0x559a664a8000 legacy :-1 s=STATE_CONNECTION_ESTABLISHED l=1).handle_write -523>
2018-10-24 14:26:23.000 7ff4e6e8c700 1 -- 127.0.0.1:6801/25149 --> 127.0.0.1:6800/24805 -- pg_stats(8 pgs tid 0 v 0) v1 -- 0x559a68618f00 con 0 -522>
2018-10-24 14:26:23.001 7ff4ff6e2700 4 -- 127.0.0.1:6801/25149 >> 127.0.0.1:6800/24805 conn(0x559a664a8000 legacy :-1 s=STATE_CONNECTION_ESTABLISHED l=1).handle_write -521>
2018-10-24 14:26:24.021 7ff4db675700 5 osd.0 8 heartbeat osd_stat(1.1 GiB used (288 KiB data, 0 B omap, 1 GiB meta), 9.0 GiB avail, 10 GiB total, peers [] op hist []) -520>
2018-10-24 14:26:25.122 7ff4db675700 5 osd.0 8 heartbeat osd_stat(1.1 GiB used (288 KiB data, 0 B omap, 1 GiB meta), 9.0 GiB avail, 10 GiB total, peers [] op hist []) -519>
2018-10-24 14:26:25.622 7ff4db675700 5 osd.0 8 heartbeat osd_stat(1.1 GiB used (288 KiB data, 0 B omap, 1 GiB meta), 9.0 GiB avail, 10 GiB total, peers [] op hist []) -518>
2018-10-24 14:26:25.936 7ff4f4ea8700 5 bluestore.MempoolThread(0x559a653ffbd8) _tune_cache_size target: 4294967296 heap: 55975936 unmapped: 1024000 mapped: 54951936 old cache_size: 2845415832 new cache size: 2845415832 -517>
2018-10-24 14:26:25.936 7ff4f4ea8700 5 bluestore.MempoolThread(0x559a653ffbd8) _trim_shards cache_size: 2845415832 kv_alloc: 1218696969 kv_used: 897 meta_alloc: 1084479241 meta_used: 37480 data_alloc: 542239620 data_used: 0 -516>
2018-10-24 14:26:28.001 7ff4e6e8c700 1 -- 127.0.0.1:6801/25149 --> 127.0.0.1:6800/24805 -- mgrreport(unknown.0 +0-0 packed 782 daemon_metrics=2) v6 -- 0x559a664a8700 con 0 -515>
2018-10-24 14:26:28.001 7ff4ff6e2700 4 -- 127.0.0.1:6801/25149 >> 127.0.0.1:6800/24805 conn(0x559a664a8000 legacy :-1 s=STATE_CONNECTION_ESTABLISHED l=1).handle_write -514>
2018-10-24 14:26:28.001 7ff4e6e8c700 1 -- 127.0.0.1:6801/25149 --> 127.0.0.1:6800/24805 -- pg_stats(8 pgs tid 0 v 0) v1 -- 0x559a68536f00 con 0 -513>
2018-10-24 14:26:28.001 7ff4ff6e2700 4 -- 127.0.0.1:6801/25149 >> 127.0.0.1:6800/24805 conn(0x559a664a8000 legacy :-1 s=STATE_CONNECTION_ESTABLISHED l=1).handle_write -512>
2018-10-24 14:26:29.671 7ff4e7e8e700 10 monclient: tick -511>
2018-10-24 14:26:29.671 7ff4e7e8e700 10 monclient: _check_auth_rotating have uptodate secrets (they expire after
2018-10-24 14:25:59.671853) -510>
2018-10-24 14:26:29.671 7ff4ffee3700 4 -- 127.0.0.1:6801/25149 >> 127.0.0.1:40662/0 conn(0x559a661f1880 legacy :-1 s=STATE_CONNECTION_ESTABLISHED l=1).handle_write -509>
2018-10-24 14:26:29.723 7ff4db675700 5 osd.0 8 heartbeat osd_stat(1.1 GiB used (288 KiB data, 0 B omap, 1 GiB meta), 9.0 GiB avail, 10 GiB total, peers [] op hist []) -508>
2018-10-24 14:26:30.223 7ff4db675700 5 osd.0 8 heartbeat osd_stat(1.1 GiB used (288 KiB data, 0 B omap, 1 GiB meta), 9.0 GiB avail, 10 GiB total, peers [] op hist []) -507>
2018-10-24 14:26:30.955 7ff4f4ea8700 5 bluestore.MempoolThread(0x559a653ffbd8) _tune_cache_size target: 4294967296 heap: 55975936 unmapped: 1024000 mapped: 54951936 old cache_size: 2845415832 new cache size: 2845415832 -506>
2018-10-24 14:26:30.955 7ff4f4ea8700 5 bluestore.MempoolThread(0x559a653ffbd8) _trim_shards cache_size: 2845415832 kv_alloc: 1218696969 kv_used: 897 meta_alloc: 1084479241 meta_used: 37480 data_alloc: 542239620 data_used: 0 -505>
2018-10-24 14:26:32.524 7ff4db675700 5 osd.0 8 heartbeat osd_stat(1.1 GiB used (288 KiB data, 0 B omap, 1 GiB meta), 9.0 GiB avail, 10 GiB total, peers [] op hist []) -504>
2018-10-24 14:26:33.003 7ff4e6e8c700 1 -- 127.0.0.1:6801/25149 --> 127.0.0.1:6800/24805 -- mgrreport(unknown.0 +0-0 packed 782 daemon_metrics=2) v6 -- 0x559a664a8e00 con 0 -503>
2018-10-24 14:26:33.003 7ff4ff6e2700 4 -- 127.0.0.1:6801/25149 >> 127.0.0.1:6800/24805 conn(0x559a664a8000 legacy :-1 s=STATE_CONNECTION_ESTABLISHED l=1).handle_write -502>
2018-10-24 14:26:33.003 7ff4e6e8c700 1 -- 127.0.0.1:6801/25149 --> 127.0.0.1:6800/24805 -- pg_stats(8 pgs tid 0 v 0) v1 -- 0x559a68618c00 con 0 -501>
2018-10-24 14:26:33.004 7ff4ff6e2700 4 -- 127.0.0.1:6801/25149 >> 127.0.0.1:6800/24805 conn(0x559a664a8000 legacy :-1 s=STATE_CONNECTION_ESTABLISHED l=1).handle_write -500>
2018-10-24 14:26:35.976 7ff4f4ea8700 5 bluestore.MempoolThread(0x559a653ffbd8) _tune_cache_size target: 4294967296 heap: 55975936 unmapped: 1024000 mapped: 54951936 old cache_size: 2845415832 new cache size: 2845415832 -499>
2018-10-24 14:26:35.976 7ff4f4ea8700 5 bluestore.MempoolThread(0x559a653ffbd8) _trim_shards cache_size: 2845415832 kv_alloc: 1218696969 kv_used: 897 meta_alloc: 1084479241 meta_used: 37480 data_alloc: 542239620 data_used: 0 -498>
2018-10-24 14:26:36.025 7ff4db675700 5 osd.0 8 heartbeat osd_stat(1.1 GiB used (288 KiB data, 0 B omap, 1 GiB meta), 9.0 GiB avail, 10 GiB total, peers [] op hist []) -497>
2018-10-24 14:26:36.525 7ff4db675700 5 osd.0 8 heartbeat osd_stat(1.1 GiB used (288 KiB data, 0 B omap, 1 GiB meta), 9.0 GiB avail, 10 GiB total, peers [] op hist []) -496>
2018-10-24 14:26:37.026 7ff4db675700 5 osd.0 8 heartbeat osd_stat(1.1 GiB used (288 KiB data, 0 B omap, 1 GiB meta), 9.0 GiB avail, 10 GiB total, peers [] op hist []) -495>
2018-10-24 14:26:38.005 7ff4e6e8c700 1 -- 127.0.0.1:6801/25149 --> 127.0.0.1:6800/24805 -- mgrreport(unknown.0 +0-0 packed 782 daemon_metrics=2) v6 -- 0x559a664a9180 con 0 -494>
2018-10-24 14:26:38.005 7ff4ff6e2700 4 -- 127.0.0.1:6801/25149 >> 127.0.0.1:6800/24805 conn(0x559a664a8000 legacy :-1 s=STATE_CONNECTION_ESTABLISHED l=1).handle_write -493>
2018-10-24 14:26:38.005 7ff4e6e8c700 1 -- 127.0.0.1:6801/25149 --> 127.0.0.1:6800/24805 -- pg_stats(8 pgs tid 0 v 0) v1 -- 0x559a68536300 con 0 -492>
2018-10-24 14:26:38.006 7ff4ff6e2700 4 -- 127.0.0.1:6801/25149 >> 127.0.0.1:6800/24805 conn(0x559a664a8000 legacy :-1 s=STATE_CONNECTION_ESTABLISHED l=1).handle_write -491>
2018-10-24 14:26:39.671 7ff4e7e8e700 10 monclient: tick -490>
2018-10-24 14:26:39.671 7ff4e7e8e700 10 monclient: _check_auth_rotating have uptodate secrets (they expire after
2018-10-24 14:26:09.672333) -489>
2018-10-24 14:26:39.671 7ff4ffee3700 4 -- 127.0.0.1:6801/25149 >> 127.0.0.1:40662/0 conn(0x559a661f1880 legacy :-1 s=STATE_CONNECTION_ESTABLISHED l=1).handle_write -488>
2018-10-24 14:26:40.527 7ff4db675700 5 osd.0 8 heartbeat osd_stat(1.1 GiB used (288 KiB data, 0 B omap, 1 GiB meta), 9.0 GiB avail, 10 GiB total, peers [] op hist []) -487>
2018-10-24 14:26:40.998 7ff4f4ea8700 5 bluestore.MempoolThread(0x559a653ffbd8) _tune_cache_size target: 4294967296 heap: 55975936 unmapped: 1032192 mapped: 54943744 old cache_size: 2845415832 new cache size: 2845415832 -486>
2018-10-24 14:26:40.998 7ff4f4ea8700 5 bluestore.MempoolThread(0x559a653ffbd8) _trim_shards cache_size: 2845415832 kv_alloc: 1218696969 kv_used: 897 meta_alloc: 1084479241 meta_used: 37480 data_alloc: 542239620 data_used: 0 -485>
2018-10-24 14:26:43.006 7ff4e6e8c700 1 -- 127.0.0.1:6801/25149 --> 127.0.0.1:6800/24805 -- mgrreport(unknown.0 +0-0 packed 782 daemon_metrics=2) v6 -- 0x559a664a9500 con 0 -484>
2018-10-24 14:26:43.007 7ff4ff6e2700 4 -- 127.0.0.1:6801/25149 >> 127.0.0.1:6800/24805 conn(0x559a664a8000 legacy :-1 s=STATE_CONNECTION_ESTABLISHED l=1).handle_write -483>
2018-10-24 14:26:43.007 7ff4e6e8c700 1 -- 127.0.0.1:6801/25149 --> 127.0.0.1:6800/24805 -- pg_stats(8 pgs tid 0 v 0) v1 -- 0x559a68618600 con 0 -482>
2018-10-24 14:26:43.007 7ff4ff6e2700 4 -- 127.0.0.1:6801/25149 >> 127.0.0.1:6800/24805 conn(0x559a664a8000 legacy :-1 s=STATE_CONNECTION_ESTABLISHED l=1).handle_write -481>
2018-10-24 14:26:46.020 7ff4f4ea8700 5 bluestore.MempoolThread(0x559a653ffbd8) _tune_cache_size target: 4294967296 heap: 55975936 unmapped: 1040384 mapped: 54935552 old cache_size: 2845415832 new cache size: 2845415832 -480>
2018-10-24 14:26:46.020 7ff4f4ea8700 5 bluestore.MempoolThread(0x559a653ffbd8) _trim_shards cache_size: 2845415832 kv_alloc: 1218696969 kv_used: 897 meta_alloc: 1084479241 meta_used: 37480 data_alloc: 542239620 data_used: 0 -479>
2018-10-24 14:26:46.427 7ff4db675700 5 osd.0 8 heartbeat osd_stat(1.1 GiB used (288 KiB data, 0 B omap, 1 GiB meta), 9.0 GiB avail, 10 GiB total, peers [] op hist []) -478>
2018-10-24 14:26:48.008 7ff4e6e8c700 1 -- 127.0.0.1:6801/25149 --> 127.0.0.1:6800/24805 -- mgrreport(unknown.0 +0-0 packed 782 daemon_metrics=2) v6 -- 0x559a664a9c00 con 0 -477>
2018-10-24 14:26:48.009 7ff4ff6e2700 4 -- 127.0.0.1:6801/25149 >> 127.0.0.1:6800/24805 conn(0x559a664a8000 legacy :-1 s=STATE_CONNECTION_ESTABLISHED l=1).handle_write -476>
2018-10-24 14:26:48.009 7ff4e6e8c700 1 -- 127.0.0.1:6801/25149 --> 127.0.0.1:6800/24805 -- pg_stats(8 pgs tid 0 v 0) v1 -- 0x559a68615800 con 0 -475>
2018-10-24 14:26:48.009 7ff4ff6e2700 4 -- 127.0.0.1:6801/25149 >> 127.0.0.1:6800/24805 conn(0x559a664a8000 legacy :-1 s=STATE_CONNECTION_ESTABLISHED l=1).handle_write -474>
2018-10-24 14:26:48.728 7ff4db675700 5 osd.0 8 heartbeat osd_stat(1.1 GiB used (288 KiB data, 0 B omap, 1 GiB meta), 9.0 GiB avail, 10 GiB total, peers [] op hist []) -473>
2018-10-24 14:26:49.671 7ff4e7e8e700 10 monclient: tick -472>
2018-10-24 14:26:49.671 7ff4e7e8e700 10 monclient: _check_auth_rotating have uptodate secrets (they expire after
2018-10-24 14:26:19.672730) -471>
2018-10-24 14:26:49.671 7ff4ffee3700 4 -- 127.0.0.1:6801/25149 >> 127.0.0.1:40662/0 conn(0x559a661f1880 legacy :-1 s=STATE_CONNECTION_ESTABLISHED l=1).handle_write -470>
2018-10-24 14:26:51.040 7ff4f4ea8700 5 bluestore.MempoolThread(0x559a653ffbd8) _tune_cache_size target: 4294967296 heap: 55975936 unmapped: 1040384 mapped: 54935552 old cache_size: 2845415832 new cache size: 2845415832 -469>
2018-10-24 14:26:51.040 7ff4f4ea8700 5 bluestore.MempoolThread(0x559a653ffbd8) _trim_shards cache_size: 2845415832 kv_alloc: 1218696969 kv_used: 897 meta_alloc: 1084479241 meta_used: 37480 data_alloc: 542239620 data_used: 0 -468>
2018-10-24 14:26:53.010 7ff4e6e8c700 1 -- 127.0.0.1:6801/25149 --> 127.0.0.1:6800/24805 -- mgrreport(unknown.0 +0-0 packed 782 daemon_metrics=2) v6 -- 0x559a664a9880 con 0 -467>
2018-10-24 14:26:53.011 7ff4ff6e2700 4 -- 127.0.0.1:6801/25149 >> 127.0.0.1:6800/24805 conn(0x559a664a8000 legacy :-1 s=STATE_CONNECTION_ESTABLISHED l=1).handle_write -466>
2018-10-24 14:26:53.011 7ff4e6e8c700 1 -- 127.0.0.1:6801/25149 --> 127.0.0.1:6800/24805 -- pg_stats(8 pgs tid 0 v 0) v1 -- 0x559a68618300 con 0 -465>
2018-10-24 14:26:53.011 7ff4ff6e2700 4 -- 127.0.0.1:6801/25149 >> 127.0.0.1:6800/24805 conn(0x559a664a8000 legacy :-1 s=STATE_CONNECTION_ESTABLISHED l=1).handle_write -464>
2018-10-24 14:26:54.628 7ff4db675700 5 osd.0 8 heartbeat osd_stat(1.1 GiB used (288 KiB data, 0 B omap, 1 GiB meta), 9.0 GiB avail, 10 GiB total, peers [] op hist []) -463>
2018-10-24 14:26:55.729 7ff4db675700 5 osd.0 8 heartbeat osd_stat(1.1 GiB used (288 KiB data, 0 B omap, 1 GiB meta), 9.0 GiB avail, 10 GiB total, peers [] op hist []) -462>
2018-10-24 14:26:56.062 7ff4f4ea8700 5 bluestore.MempoolThread(0x559a653ffbd8) _tune_cache_size target: 4294967296 heap: 55975936 unmapped: 1032192 mapped: 54943744 old cache_size: 2845415832 new cache size: 2845415832 -461>
2018-10-24 14:26:56.062 7ff4f4ea8700 5 bluestore.MempoolThread(0x559a653ffbd8) _trim_shards cache_size: 2845415832 kv_alloc: 1218696969 kv_used: 897 meta_alloc: 1084479241 meta_used: 37480 data_alloc: 542239620 data_used: 0 -460>
2018-10-24 14:26:58.013 7ff4e6e8c700 1 -- 127.0.0.1:6801/25149 --> 127.0.0.1:6800/24805 -- mgrreport(unknown.0 +0-0 packed 782 daemon_metrics=2) v6 -- 0x559a661f0700 con 0 -459>
2018-10-24 14:26:58.013 7ff4ff6e2700 4 -- 127.0.0.1:6801/25149 >> 127.0.0.1:6800/24805 conn(0x559a664a8000 legacy :-1 s=STATE_CONNECTION_ESTABLISHED l=1).handle_write -458>
2018-10-24 14:26:58.013 7ff4e6e8c700 1 -- 127.0.0.1:6801/25149 --> 127.0.0.1:6800/24805 -- pg_stats(8 pgs tid 0 v 0) v1 -- 0x559a68536c00 con 0 -457>
2018-10-24 14:26:58.014 7ff4ff6e2700 4 -- 127.0.0.1:6801/25149 >> 127.0.0.1:6800/24805 conn(0x559a664a8000 legacy :-1 s=STATE_CONNECTION_ESTABLISHED l=1).handle_write -456>
2018-10-24 14:26:58.030 7ff4db675700 5 osd.0 8 heartbeat osd_stat(1.1 GiB used (288 KiB data, 0 B omap, 1 GiB meta), 9.0 GiB avail, 10 GiB total, peers [] op hist []) -455>
2018-10-24 14:26:59.130 7ff4db675700 5 osd.0 8 heartbeat osd_stat(1.1 GiB used (288 KiB data, 0 B omap, 1 GiB meta), 9.0 GiB avail, 10 GiB total, peers [] op hist []) -454>
2018-10-24 14:26:59.671 7ff4e7e8e700 10 monclient: tick -453>
2018-10-24 14:26:59.671 7ff4e7e8e700 10 monclient: _check_auth_rotating have uptodate secrets (they expire after
2018-10-24 14:26:29.673140) -452>
2018-10-24 14:26:59.672 7ff4ffee3700 4 -- 127.0.0.1:6801/25149 >> 127.0.0.1:40662/0 conn(0x559a661f1880 legacy :-1 s=STATE_CONNECTION_ESTABLISHED l=1).handle_write -451>
2018-10-24 14:27:01.085 7ff4f4ea8700 5 bluestore.MempoolThread(0x559a653ffbd8) _tune_cache_size target: 4294967296 heap: 55975936 unmapped: 1032192 mapped: 54943744 old cache_size: 2845415832 new cache size: 2845415832 -450>
2018-10-24 14:27:01.085 7ff4f4ea8700 5 bluestore.MempoolThread(0x559a653ffbd8) _trim_shards cache_size: 2845415832 kv_alloc: 1218696969 kv_used: 897 meta_alloc: 1084479241 meta_used: 37480 data_alloc: 542239620 data_used: 0 -449>
2018-10-24 14:27:01.431 7ff4db675700 5 osd.0 8 heartbeat osd_stat(1.1 GiB used (288 KiB data, 0 B omap, 1 GiB meta), 9.0 GiB avail, 10 GiB total, peers [] op hist []) -448>
2018-10-24 14:27:02.532 7ff4db675700 5 osd.0 8 heartbeat osd_stat(1.1 GiB used (288 KiB data, 0 B omap, 1 GiB meta), 9.0 GiB avail, 10 GiB total, peers [] op hist []) -447>
2018-10-24 14:27:03.015 7ff4e6e8c700 1 -- 127.0.0.1:6801/25149 --> 127.0.0.1:6800/24805 -- mgrreport(unknown.0 +0-0 packed 782 daemon_metrics=2) v6 -- 0x559a661f1c00 con 0 -446>
2018-10-24 14:27:03.015 7ff4ff6e2700 4 -- 127.0.0.1:6801/25149 >> 127.0.0.1:6800/24805 conn(0x559a664a8000 legacy :-1 s=STATE_CONNECTION_ESTABLISHED l=1).handle_write -445>
