2018-10-24 14:20:40.872 7ff4ff6e2700 2 -- 127.0.0.1:6801/25149 >> 127.0.0.1:6800/24805 conn(0x559a664a8000 legacy :-1 s=CONNECTING_SEND_CONNECT_MSG pgs=0 cs=0 l=1).handle_ack_seq got newly_acked_seq 0 vs out_seq 0 -1548>
2018-10-24 14:20:40.882 7ff4f0f59700 1 -- 127.0.0.1:6801/25149 --> 127.0.0.1:6800/24805 -- mgropen(unknown.0) v3 -- 0x559a664a8380 con 0 -1547>
2018-10-24 14:20:40.882 7ff4ff6e2700 4 -- 127.0.0.1:6801/25149 >> 127.0.0.1:6800/24805 conn(0x559a664a8000 legacy :-1 s=STATE_CONNECTION_ESTABLISHED l=1).handle_write -1546>
2018-10-24 14:20:40.882 7ff4f0f59700 1 -- 127.0.0.1:6801/25149 <== mon.0 127.0.0.1:40662/0 11 ==== mon_get_version_reply(handle=1 version=4) v2 ==== 24+0+0 (896996162 0 0) 0x559a660fda00 con 0x559a661f1880 -1545>
2018-10-24 14:20:40.882 7ff4f0f59700 10 monclient: handle_get_version_reply finishing 0x559a66473060 version 4 -1544>
2018-10-24 14:20:40.883 7ff4e768d700 5 osd.0 0 heartbeat osd_stat(1.1 GiB used (16 KiB data, 0 B omap, 1 GiB meta), 9.0 GiB avail, 10 GiB total, peers [] op hist []) -1543>
2018-10-24 14:20:40.883 7ff4e768d700 -1 osd.0 0 waiting for initial osdmap -1542>
2018-10-24 14:20:40.883 7ff4e768d700 10 monclient: _renew_subs -1541>
2018-10-24 14:20:40.883 7ff4e768d700 10 monclient: _send_mon_message to mon.a at 127.0.0.1:40662/0 -1540>
2018-10-24 14:20:40.883 7ff4e768d700 1 -- 127.0.0.1:6801/25149 --> 127.0.0.1:40662/0 -- mon_subscribe({osdmap=1}) v3 -- 0x559a66494240 con 0 -1539>
2018-10-24 14:20:40.883 7ff4ffee3700 4 -- 127.0.0.1:6801/25149 >> 127.0.0.1:40662/0 conn(0x559a661f1880 legacy :-1 s=STATE_CONNECTION_ESTABLISHED l=1).handle_write -1538>
2018-10-24 14:20:40.884 7ff4ff6e2700 5 -- 127.0.0.1:6801/25149 >> 127.0.0.1:6800/24805 conn(0x559a664a8000 legacy :-1 s=READ_FOOTER_AND_DISPATCH pgs=8 cs=1 l=1). rx mgr.4106 seq 1 0x559a6649d600 mgrconfigure(period=5, threshold=5) v3 -1537>
2018-10-24 14:20:40.884 7ff4ff6e2700 4 -- 127.0.0.1:6801/25149 >> 127.0.0.1:6800/24805 conn(0x559a664a8000 legacy :-1 s=STATE_CONNECTION_ESTABLISHED l=1).handle_write -1536>
2018-10-24 14:20:40.884 7ff4f0f59700 1 -- 127.0.0.1:6801/25149 <== mgr.4106 127.0.0.1:6800/24805 1 ==== mgrconfigure(period=5, threshold=5) v3 ==== 12+0+0 (2627173306 0 0) 0x559a6649d600 con 0x559a664a8000 -1535>
2018-10-24 14:20:40.884 7ff4f0f59700 4 mgrc handle_mgr_configure stats_period=5 -1534>
2018-10-24 14:20:40.884 7ff4f0f59700 4 mgrc handle_mgr_configure updated stats threshold: 5 -1533>
2018-10-24 14:20:40.885 7ff4ffee3700 5 -- 127.0.0.1:6801/25149 >> 127.0.0.1:40662/0 conn(0x559a661f1880 legacy :-1 s=READ_FOOTER_AND_DISPATCH pgs=24 cs=1 l=1). rx mon.0 seq 12 0x559a66015340 osd_map(1..4 src has 1..4) v4 -1532>
2018-10-24 14:20:40.885 7ff4ffee3700 4 -- 127.0.0.1:6801/25149 >> 127.0.0.1:40662/0 conn(0x559a661f1880 legacy :-1 s=STATE_CONNECTION_ESTABLISHED l=1).handle_write -1531>
2018-10-24 14:20:40.886 7ff4f0f59700 1 -- 127.0.0.1:6801/25149 --> 127.0.0.1:6800/24805 -- mgrreport(unknown.0 +57-0 packed 782 daemon_metrics=2) v6 -- 0x559a661f0700 con 0 -1530>
2018-10-24 14:20:40.886 7ff4ff6e2700 4 -- 127.0.0.1:6801/25149 >> 127.0.0.1:6800/24805 conn(0x559a664a8000 legacy :-1 s=STATE_CONNECTION_ESTABLISHED l=1).handle_write -1529>
2018-10-24 14:20:40.886 7ff4f0f59700 1 -- 127.0.0.1:6801/25149 --> 127.0.0.1:6800/24805 -- pg_stats(0 pgs tid 0 v 0) v1 -- 0x559a664d0000 con 0 -1528>
2018-10-24 14:20:40.887 7ff4f0f59700 1 -- 127.0.0.1:6801/25149 <== mon.0 127.0.0.1:40662/0 12 ==== osd_map(1..4 src has 1..4) v4 ==== 2641+0+0 (184468368 0 0) 0x559a66015340 con 0x559a661f1880 -1527>
2018-10-24 14:20:40.887 7ff4f0f59700 3 osd.0 0 handle_osd_map epochs [1,4], i have 0, src has [1,4] -1526>
2018-10-24 14:20:40.887 7ff4ff6e2700 4 -- 127.0.0.1:6801/25149 >> 127.0.0.1:6800/24805 conn(0x559a664a8000 legacy :-1 s=STATE_CONNECTION_ESTABLISHED l=1).handle_write -1525>
2018-10-24 14:20:40.888 7ff4ff6e2700 1 -- 127.0.0.1:6801/25149 >> 127.0.0.1:6800/24805 conn(0x559a664a8000 legacy :-1 s=STATE_CONNECTION_ESTABLISHED l=1).read_bulk peer close file descriptor 41 -1524>
2018-10-24 14:20:40.888 7ff4ff6e2700 1 -- 127.0.0.1:6801/25149 >> 127.0.0.1:6800/24805 conn(0x559a664a8000 legacy :-1 s=STATE_CONNECTION_ESTABLISHED l=1).read_until read failed -1523>
2018-10-24 14:20:40.888 7ff4ff6e2700 1 -- 127.0.0.1:6801/25149 >> 127.0.0.1:6800/24805 conn(0x559a664a8000 legacy :-1 s=OPENED pgs=8 cs=1 l=1).handle_message read tag failed -1522>
2018-10-24 14:20:40.889 7ff4ff6e2700 1 -- 127.0.0.1:6801/25149 >> 127.0.0.1:6800/24805 conn(0x559a664a8000 legacy :-1 s=OPENED pgs=8 cs=1 l=1).fault on lossy channel, failing -1521>
2018-10-24 14:20:40.889 7ff4ff6e2700 2 -- 127.0.0.1:6801/25149 >> 127.0.0.1:6800/24805 conn(0x559a664a8000 legacy :-1 s=OPENED pgs=8 cs=1 l=1).stop -1520>
2018-10-24 14:20:40.897 7ff4f0f59700 4 mgrc ms_handle_reset ms_handle_reset con 0x559a664a8000 -1519>
2018-10-24 14:20:40.897 7ff4f0f59700 4 mgrc reconnect Terminating session with 127.0.0.1:6800/24805 -1518>
2018-10-24 14:20:40.897 7ff4f0f59700 1 -- 127.0.0.1:6801/25149 >> 127.0.0.1:6800/24805 conn(0x559a664a8000 legacy :-1 s=STATE_CLOSED l=1).mark_down -1517>
2018-10-24 14:20:40.897 7ff4f0f59700 4 mgrc reconnect waiting to retry connect until
2018-10-24 14:20:41.871039 -1516>
2018-10-24 14:20:40.905 7ff4ede9a700 0 osd.0 4 crush map has features 288514050185494528, adjusting msgr requires for clients -1515>
2018-10-24 14:20:40.906 7ff4ede9a700 0 osd.0 4 crush map has features 288514050185494528 was 288232575208792577, adjusting msgr requires for mons -1514>
2018-10-24 14:20:40.906 7ff4ede9a700 0 osd.0 4 crush map has features 3314932999778484224, adjusting msgr requires for osds -1513>
2018-10-24 14:20:40.906 7ff4ede9a700 5 osd.0 4 heartbeat osd_stat(1.1 GiB used (16 KiB data, 0 B omap, 1 GiB meta), 9.0 GiB avail, 10 GiB total, peers [] op hist []) -1512>
2018-10-24 14:20:40.906 7ff4fa6b3700 1 -- 0.0.0.0:6802/25149 set_addr_unknowns assuming my addr 0.0.0.0:6802/25149 matches provided addr 127.0.0.1:6801/25149 -1511>
2018-10-24 14:20:40.906 7ff4fa6b3700 1 -- 0.0.0.0:6804/25149 set_addr_unknowns assuming my addr 0.0.0.0:6804/25149 matches provided addr 127.0.0.1:6802/25149 -1510>
2018-10-24 14:20:40.906 7ff4fa6b3700 1 -- 0.0.0.0:6803/25149 set_addr_unknowns assuming my addr 0.0.0.0:6803/25149 matches provided addr 127.0.0.1:6801/25149 -1509>
2018-10-24 14:20:40.910 7ff4fa6b3700 10 monclient: _send_mon_message to mon.a at 127.0.0.1:40662/0 -1508>
2018-10-24 14:20:40.910 7ff4fa6b3700 1 -- 127.0.0.1:6801/25149 --> 127.0.0.1:40662/0 -- osd_boot(osd.0 booted 0 features 4611087854031142911 v4) v6 -- 0x559a661f0700 con 0 -1507>
2018-10-24 14:20:40.910 7ff4ffee3700 4 -- 127.0.0.1:6801/25149 >> 127.0.0.1:40662/0 conn(0x559a661f1880 legacy :-1 s=STATE_CONNECTION_ESTABLISHED l=1).handle_write -1506>
2018-10-24 14:20:41.869 7ff4e6e8c700 4 mgrc reconnect Starting new session with 127.0.0.1:6800/24805 -1505>
2018-10-24 14:20:41.870 7ff4e6e8c700 1 -- 127.0.0.1:6801/25149 --> 127.0.0.1:6800/24805 -- mgropen(unknown.0) v3 -- 0x559a664a8380 con 0 -1504>
2018-10-24 14:20:41.870 7ff4ff6e2700 4 -- 127.0.0.1:6801/25149 >> 127.0.0.1:6800/24805 conn(0x559a664a8000 legacy :-1 s=STATE_CONNECTION_ESTABLISHED l=1).handle_write -1503>
2018-10-24 14:20:41.871 7ff4ff6e2700 4 -- 127.0.0.1:6801/25149 >> 127.0.0.1:6800/24805 conn(0x559a664a8000 legacy :-1 s=STATE_CONNECTION_ESTABLISHED l=1).handle_write -1502>
2018-10-24 14:20:41.871 7ff4ff6e2700 4 -- 127.0.0.1:6801/25149 >> 127.0.0.1:6800/24805 conn(0x559a664a8000 legacy :-1 s=STATE_CONNECTION_ESTABLISHED l=1).handle_write -1501>
2018-10-24 14:20:41.872 7ff4ff6e2700 4 -- 127.0.0.1:6801/25149 >> 127.0.0.1:6800/24805 conn(0x559a664a8000 legacy :-1 s=STATE_CONNECTION_ESTABLISHED l=1).handle_write -1500>
2018-10-24 14:20:41.873 7ff4ff6e2700 2 -- 127.0.0.1:6801/25149 >> 127.0.0.1:6800/24805 conn(0x559a664a8000 legacy :-1 s=CONNECTING_SEND_CONNECT_MSG pgs=0 cs=0 l=1).handle_ack_seq got newly_acked_seq 0 vs out_seq 0 -1499>
2018-10-24 14:20:41.873 7ff4ff6e2700 4 -- 127.0.0.1:6801/25149 >> 127.0.0.1:6800/24805 conn(0x559a664a8000 legacy :-1 s=STATE_CONNECTION_ESTABLISHED l=1).handle_write -1498>
2018-10-24 14:20:41.874 7ff4ff6e2700 4 -- 127.0.0.1:6801/25149 >> 127.0.0.1:6800/24805 conn(0x559a664a8000 legacy :-1 s=STATE_CONNECTION_ESTABLISHED l=1).handle_write -1497>
2018-10-24 14:20:41.875 7ff4ff6e2700 5 -- 127.0.0.1:6801/25149 >> 127.0.0.1:6800/24805 conn(0x559a664a8000 legacy :-1 s=READ_FOOTER_AND_DISPATCH pgs=9 cs=1 l=1). rx mgr.4106 seq 1 0x559a660fd000 mgrconfigure(period=5, threshold=5) v3 -1496>
2018-10-24 14:20:41.875 7ff4ff6e2700 4 -- 127.0.0.1:6801/25149 >> 127.0.0.1:6800/24805 conn(0x559a664a8000 legacy :-1 s=STATE_CONNECTION_ESTABLISHED l=1).handle_write -1495>
2018-10-24 14:20:41.875 7ff4f0f59700 1 -- 127.0.0.1:6801/25149 <== mgr.4106 127.0.0.1:6800/24805 1 ==== mgrconfigure(period=5, threshold=5) v3 ==== 12+0+0 (2627173306 0 0) 0x559a660fd000 con 0x559a664a8000 -1494>
2018-10-24 14:20:41.875 7ff4f0f59700 4 mgrc handle_mgr_configure stats_period=5 -1493>
2018-10-24 14:20:41.877 7ff4f0f59700 1 -- 127.0.0.1:6801/25149 --> 127.0.0.1:6800/24805 -- mgrreport(unknown.0 +57-0 packed 782 daemon_metrics=2) v6 -- 0x559a661f0000 con 0 -1492>
2018-10-24 14:20:41.877 7ff4ff6e2700 4 -- 127.0.0.1:6801/25149 >> 127.0.0.1:6800/24805 conn(0x559a664a8000 legacy :-1 s=STATE_CONNECTION_ESTABLISHED l=1).handle_write -1491>
2018-10-24 14:20:41.877 7ff4f0f59700 1 -- 127.0.0.1:6801/25149 --> 127.0.0.1:6800/24805 -- pg_stats(0 pgs tid 0 v 0) v1 -- 0x559a664d0600 con 0 -1490>
2018-10-24 14:20:41.878 7ff4ff6e2700 4 -- 127.0.0.1:6801/25149 >> 127.0.0.1:6800/24805 conn(0x559a664a8000 legacy :-1 s=STATE_CONNECTION_ESTABLISHED l=1).handle_write -1489>
2018-10-24 14:20:41.879 7ff4ff6e2700 1 -- 127.0.0.1:6801/25149 >> 127.0.0.1:6800/24805 conn(0x559a664a8000 legacy :-1 s=STATE_CONNECTION_ESTABLISHED l=1).read_bulk peer close file descriptor 41 -1488>
2018-10-24 14:20:41.879 7ff4ff6e2700 1 -- 127.0.0.1:6801/25149 >> 127.0.0.1:6800/24805 conn(0x559a664a8000 legacy :-1 s=STATE_CONNECTION_ESTABLISHED l=1).read_until read failed -1487>
2018-10-24 14:20:41.879 7ff4ff6e2700 1 -- 127.0.0.1:6801/25149 >> 127.0.0.1:6800/24805 conn(0x559a664a8000 legacy :-1 s=OPENED pgs=9 cs=1 l=1).handle_message read tag failed -1486>
2018-10-24 14:20:41.879 7ff4ff6e2700 1 -- 127.0.0.1:6801/25149 >> 127.0.0.1:6800/24805 conn(0x559a664a8000 legacy :-1 s=OPENED pgs=9 cs=1 l=1).fault on lossy channel, failing -1485>
2018-10-24 14:20:41.879 7ff4ff6e2700 2 -- 127.0.0.1:6801/25149 >> 127.0.0.1:6800/24805 conn(0x559a664a8000 legacy :-1 s=OPENED pgs=9 cs=1 l=1).stop -1484>
2018-10-24 14:20:41.879 7ff4f0f59700 4 mgrc ms_handle_reset ms_handle_reset con 0x559a664a8000 -1483>
2018-10-24 14:20:41.879 7ff4f0f59700 4 mgrc reconnect Terminating session with 127.0.0.1:6800/24805 -1482>
2018-10-24 14:20:41.880 7ff4f0f59700 1 -- 127.0.0.1:6801/25149 >> 127.0.0.1:6800/24805 conn(0x559a664a8000 legacy :-1 s=STATE_CLOSED l=1).mark_down -1481>
2018-10-24 14:20:41.880 7ff4f0f59700 4 mgrc reconnect waiting to retry connect until
2018-10-24 14:20:42.871362 -1480>
2018-10-24 14:20:41.883 7ff4ffee3700 5 -- 127.0.0.1:6801/25149 >> 127.0.0.1:40662/0 conn(0x559a661f1880 legacy :-1 s=READ_FOOTER_AND_DISPATCH pgs=24 cs=1 l=1). rx mon.0 seq 13 0x559a664e1b80 osd_map(4..5 src has 1..5) v4 -1479>
2018-10-24 14:20:41.883 7ff4ffee3700 4 -- 127.0.0.1:6801/25149 >> 127.0.0.1:40662/0 conn(0x559a661f1880 legacy :-1 s=STATE_CONNECTION_ESTABLISHED l=1).handle_write -1478>
2018-10-24 14:20:41.883 7ff4f0f59700 1 -- 127.0.0.1:6801/25149 <== mon.0 127.0.0.1:40662/0 13 ==== osd_map(4..5 src has 1..5) v4 ==== 1275+0+0 (87371373 0 0) 0x559a664e1b80 con 0x559a661f1880 -1477>
2018-10-24 14:20:41.883 7ff4f0f59700 10 monclient: _renew_subs -1476>
2018-10-24 14:20:41.883 7ff4f0f59700 10 monclient: _send_mon_message to mon.a at 127.0.0.1:40662/0 -1475>
2018-10-24 14:20:41.883 7ff4f0f59700 1 -- 127.0.0.1:6801/25149 --> 127.0.0.1:40662/0 -- mon_subscribe({osdmap=0}) v3 -- 0x559a664de000 con 0 -1474>
2018-10-24 14:20:41.883 7ff4ffee3700 4 -- 127.0.0.1:6801/25149 >> 127.0.0.1:40662/0 conn(0x559a661f1880 legacy :-1 s=STATE_CONNECTION_ESTABLISHED l=1).handle_write -1473>
2018-10-24 14:20:41.884 7ff4f0f59700 3 osd.0 4 handle_osd_map epochs [4,5], i have 4, src has [1,5] -1472>
2018-10-24 14:20:41.886 7ff4ffee3700 5 -- 127.0.0.1:6801/25149 >> 127.0.0.1:40662/0 conn(0x559a661f1880 legacy :-1 s=READ_FOOTER_AND_DISPATCH pgs=24 cs=1 l=1). rx mon.0 seq 14 0x559a66528000 osd_map(5..5 src has 1..5) v4 -1471>
2018-10-24 14:20:41.886 7ff4ffee3700 4 -- 127.0.0.1:6801/25149 >> 127.0.0.1:40662/0 conn(0x559a661f1880 legacy :-1 s=STATE_CONNECTION_ESTABLISHED l=1).handle_write -1470>
2018-10-24 14:20:41.887 7ff4f0f59700 1 -- 127.0.0.1:6801/25149 <== mon.0 127.0.0.1:40662/0 14 ==== osd_map(5..5 src has 1..5) v4 ==== 494+0+0 (4207908261 0 0) 0x559a66528000 con 0x559a661f1880 -1469>
2018-10-24 14:20:41.887 7ff4f0f59700 10 monclient: _renew_subs -1468>
2018-10-24 14:20:41.887 7ff4f0f59700 10 monclient: _send_mon_message to mon.a at 127.0.0.1:40662/0 -1467>
2018-10-24 14:20:41.887 7ff4f0f59700 1 -- 127.0.0.1:6801/25149 --> 127.0.0.1:40662/0 -- mon_subscribe({osdmap=0}) v3 -- 0x559a664de6c0 con 0 -1466>
2018-10-24 14:20:41.887 7ff4f0f59700 3 osd.0 4 handle_osd_map epochs [5,5], i have 5, src has [1,5] -1465>
2018-10-24 14:20:41.887 7ff4ffee3700 4 -- 127.0.0.1:6801/25149 >> 127.0.0.1:40662/0 conn(0x559a661f1880 legacy :-1 s=STATE_CONNECTION_ESTABLISHED l=1).handle_write -1464>
2018-10-24 14:20:41.894 7ff4ffee3700 5 -- 127.0.0.1:6801/25149 >> 127.0.0.1:40662/0 conn(0x559a661f1880 legacy :-1 s=READ_FOOTER_AND_DISPATCH pgs=24 cs=1 l=1). rx mon.0 seq 15 0x559a665282c0 osd_map(5..5 src has 1..5) v4 -1463>
2018-10-24 14:20:41.894 7ff4ffee3700 4 -- 127.0.0.1:6801/25149 >> 127.0.0.1:40662/0 conn(0x559a661f1880 legacy :-1 s=STATE_CONNECTION_ESTABLISHED l=1).handle_write -1462>
2018-10-24 14:20:41.894 7ff4f0f59700 1 -- 127.0.0.1:6801/25149 <== mon.0 127.0.0.1:40662/0 15 ==== osd_map(5..5 src has 1..5) v4 ==== 1149+0+0 (2643225087 0 0) 0x559a665282c0 con 0x559a661f1880 -1461>
2018-10-24 14:20:41.895 7ff4f0f59700 3 osd.0 4 handle_osd_map epochs [5,5], i have 5, src has [1,5] -1460>
2018-10-24 14:20:41.895 7ff4ffee3700 5 -- 127.0.0.1:6801/25149 >> 127.0.0.1:40662/0 conn(0x559a661f1880 legacy :-1 s=READ_FOOTER_AND_DISPATCH pgs=24 cs=1 l=1). rx mon.0 seq 16 0x559a66528580 osd_map(5..5 src has 1..5) v4 -1459>
2018-10-24 14:20:41.895 7ff4ffee3700 4 -- 127.0.0.1:6801/25149 >> 127.0.0.1:40662/0 conn(0x559a661f1880 legacy :-1 s=STATE_CONNECTION_ESTABLISHED l=1).handle_write -1458>
2018-10-24 14:20:41.895 7ff4f0f59700 1 -- 127.0.0.1:6801/25149 <== mon.0 127.0.0.1:40662/0 16 ==== osd_map(5..5 src has 1..5) v4 ==== 1149+0+0 (2643225087 0 0) 0x559a66528580 con 0x559a661f1880 -1457>
2018-10-24 14:20:41.896 7ff4f0f59700 3 osd.0 4 handle_osd_map epochs [5,5], i have 5, src has [1,5] -1456>
2018-10-24 14:20:41.901 7ff4ede9a700 1 osd.0 5 state: booting -> active -1455>
2018-10-24 14:20:42.661 7ff4fbeb6700 10 monclient: _send_mon_message to mon.a at 127.0.0.1:40662/0 -1454>
2018-10-24 14:20:42.661 7ff4fbeb6700 1 -- 127.0.0.1:6801/25149 --> 127.0.0.1:40662/0 -- osd_beacon(pgs [] lec 4 v5) v1 -- 0x559a66495d40 con 0 -1453>
2018-10-24 14:20:42.661 7ff4ffee3700 4 -- 127.0.0.1:6801/25149 >> 127.0.0.1:40662/0 conn(0x559a661f1880 legacy :-1 s=STATE_CONNECTION_ESTABLISHED l=1).handle_write -1452>
2018-10-24 14:20:42.870 7ff4e6e8c700 4 mgrc reconnect Starting new session with 127.0.0.1:6800/24805 -1451>
2018-10-24 14:20:42.870 7ff4e6e8c700 1 -- 127.0.0.1:6801/25149 --> 127.0.0.1:6800/24805 -- mgropen(unknown.0) v3 -- 0x559a664a8a80 con 0 -1450>
2018-10-24 14:20:42.871 7ff4ff6e2700 4 -- 127.0.0.1:6801/25149 >> 127.0.0.1:6800/24805 conn(0x559a664a8000 legacy :-1 s=STATE_CONNECTION_ESTABLISHED l=1).handle_write -1449>
2018-10-24 14:20:42.871 7ff4ff6e2700 4 -- 127.0.0.1:6801/25149 >> 127.0.0.1:6800/24805 conn(0x559a664a8000 legacy :-1 s=STATE_CONNECTION_ESTABLISHED l=1).handle_write -1448>
2018-10-24 14:20:42.872 7ff4ff6e2700 4 -- 127.0.0.1:6801/25149 >> 127.0.0.1:6800/24805 conn(0x559a664a8000 legacy :-1 s=STATE_CONNECTION_ESTABLISHED l=1).handle_write -1447>
2018-10-24 14:20:42.873 7ff4ff6e2700 4 -- 127.0.0.1:6801/25149 >> 127.0.0.1:6800/24805 conn(0x559a664a8000 legacy :-1 s=STATE_CONNECTION_ESTABLISHED l=1).handle_write -1446>
2018-10-24 14:20:42.874 7ff4ff6e2700 2 -- 127.0.0.1:6801/25149 >> 127.0.0.1:6800/24805 conn(0x559a664a8000 legacy :-1 s=CONNECTING_SEND_CONNECT_MSG pgs=0 cs=0 l=1).handle_ack_seq got newly_acked_seq 0 vs out_seq 0 -1445>
2018-10-24 14:20:42.874 7ff4ff6e2700 4 -- 127.0.0.1:6801/25149 >> 127.0.0.1:6800/24805 conn(0x559a664a8000 legacy :-1 s=STATE_CONNECTION_ESTABLISHED l=1).handle_write -1444>
2018-10-24 14:20:42.875 7ff4ff6e2700 4 -- 127.0.0.1:6801/25149 >> 127.0.0.1:6800/24805 conn(0x559a664a8000 legacy :-1 s=STATE_CONNECTION_ESTABLISHED l=1).handle_write -1443>
2018-10-24 14:20:42.876 7ff4ff6e2700 5 -- 127.0.0.1:6801/25149 >> 127.0.0.1:6800/24805 conn(0x559a664a8000 legacy :-1 s=READ_FOOTER_AND_DISPATCH pgs=10 cs=1 l=1). rx mgr.4106 seq 1 0x559a6649d800 mgrconfigure(period=5, threshold=5) v3 -1442>
2018-10-24 14:20:42.877 7ff4ff6e2700 4 -- 127.0.0.1:6801/25149 >> 127.0.0.1:6800/24805 conn(0x559a664a8000 legacy :-1 s=STATE_CONNECTION_ESTABLISHED l=1).handle_write -1441>
2018-10-24 14:20:42.877 7ff4f0f59700 1 -- 127.0.0.1:6801/25149 <== mgr.4106 127.0.0.1:6800/24805 1 ==== mgrconfigure(period=5, threshold=5) v3 ==== 12+0+0 (2627173306 0 0) 0x559a6649d800 con 0x559a664a8000 -1440>
2018-10-24 14:20:42.877 7ff4f0f59700 4 mgrc handle_mgr_configure stats_period=5 -1439>
2018-10-24 14:20:42.879 7ff4f0f59700 1 -- 127.0.0.1:6801/25149 --> 127.0.0.1:6800/24805 -- mgrreport(unknown.0 +57-0 packed 782 daemon_metrics=2) v6 -- 0x559a664a8700 con 0 -1438>
2018-10-24 14:20:42.879 7ff4ff6e2700 4 -- 127.0.0.1:6801/25149 >> 127.0.0.1:6800/24805 conn(0x559a664a8000 legacy :-1 s=STATE_CONNECTION_ESTABLISHED l=1).handle_write -1437>
2018-10-24 14:20:42.879 7ff4f0f59700 1 -- 127.0.0.1:6801/25149 --> 127.0.0.1:6800/24805 -- pg_stats(0 pgs tid 0 v 0) v1 -- 0x559a664d0600 con 0 -1436>
2018-10-24 14:20:42.880 7ff4ff6e2700 4 -- 127.0.0.1:6801/25149 >> 127.0.0.1:6800/24805 conn(0x559a664a8000 legacy :-1 s=STATE_CONNECTION_ESTABLISHED l=1).handle_write -1435>
2018-10-24 14:20:43.157 7ff4db675700 5 osd.0 5 heartbeat osd_stat(1.1 GiB used (192 KiB data, 0 B omap, 1 GiB meta), 9.0 GiB avail, 10 GiB total, peers [] op hist []) -1434>
2018-10-24 14:20:43.158 7ff4db675700 10 monclient: _renew_subs -1433>
2018-10-24 14:20:43.158 7ff4db675700 10 monclient: _send_mon_message to mon.a at 127.0.0.1:40662/0 -1432>
2018-10-24 14:20:43.158 7ff4db675700 1 -- 127.0.0.1:6801/25149 --> 127.0.0.1:40662/0 -- mon_subscribe({osdmap=6}) v3 -- 0x559a6523cd80 con 0 -1431>
2018-10-24 14:20:43.158 7ff4ffee3700 4 -- 127.0.0.1:6801/25149 >> 127.0.0.1:40662/0 conn(0x559a661f1880 legacy :-1 s=STATE_CONNECTION_ESTABLISHED l=1).handle_write -1430>
2018-10-24 14:20:44.486 7ff4f4ea8700 5 bluestore.MempoolThread(0x559a653ffbd8) _tune_cache_size target: 4294967296 heap: 53878784 unmapped: 0 mapped: 53878784 old cache_size: 2845415832 new cache size: 2845415832 -1429>
2018-10-24 14:20:44.486 7ff4f4ea8700 5 bluestore.MempoolThread(0x559a653ffbd8) _trim_shards cache_size: 2845415832 kv_alloc: 1218696969 kv_used: 897 meta_alloc: 1084479241 meta_used: 18104 data_alloc: 542239620 data_used: 0 -1428>
2018-10-24 14:20:47.881 7ff4e6e8c700 1 -- 127.0.0.1:6801/25149 --> 127.0.0.1:6800/24805 -- mgrreport(unknown.0 +0-0 packed 782 daemon_metrics=2) v6 -- 0x559a664a8e00 con 0 -1427>
2018-10-24 14:20:47.881 7ff4e6e8c700 1 -- 127.0.0.1:6801/25149 --> 127.0.0.1:6800/24805 -- pg_stats(0 pgs tid 0 v 0) v1 -- 0x559a664d0f00 con 0 -1426>
2018-10-24 14:20:47.881 7ff4ff6e2700 4 -- 127.0.0.1:6801/25149 >> 127.0.0.1:6800/24805 conn(0x559a664a8000 legacy :-1 s=STATE_CONNECTION_ESTABLISHED l=1).handle_write -1425>
2018-10-24 14:20:47.882 7ff4ff6e2700 4 -- 127.0.0.1:6801/25149 >> 127.0.0.1:6800/24805 conn(0x559a664a8000 legacy :-1 s=STATE_CONNECTION_ESTABLISHED l=1).handle_write -1424>
2018-10-24 14:20:48.458 7ff4db675700 5 osd.0 5 heartbeat osd_stat(1.1 GiB used (192 KiB data, 0 B omap, 1 GiB meta), 9.0 GiB avail, 10 GiB total, peers [] op hist []) -1423>
2018-10-24 14:20:49.510 7ff4f4ea8700 5 bluestore.MempoolThread(0x559a653ffbd8) _tune_cache_size target: 4294967296 heap: 53878784 unmapped: 16384 mapped: 53862400 old cache_size: 2845415832 new cache size: 2845415832 -1422>
2018-10-24 14:20:49.510 7ff4f4ea8700 5 bluestore.MempoolThread(0x559a653ffbd8) _trim_shards cache_size: 2845415832 kv_alloc: 1218696969 kv_used: 897 meta_alloc: 1084479241 meta_used: 18104 data_alloc: 542239620 data_used: 0 -1421>
2018-10-24 14:20:49.654 7ff4e7e8e700 10 monclient: tick -1420>
2018-10-24 14:20:49.655 7ff4e7e8e700 10 monclient: _check_auth_rotating have uptodate secrets (they expire after
2018-10-24 14:20:19.656312) -1419>
2018-10-24 14:20:49.655 7ff4ffee3700 4 -- 127.0.0.1:6801/25149 >> 127.0.0.1:40662/0 conn(0x559a661f1880 legacy :-1 s=STATE_CONNECTION_ESTABLISHED l=1).handle_write -1418>
2018-10-24 14:20:52.883 7ff4e6e8c700 1 -- 127.0.0.1:6801/25149 --> 127.0.0.1:6800/24805 -- mgrreport(unknown.0 +0-0 packed 782 daemon_metrics=2) v6 -- 0x559a664a9180 con 0 -1417>
2018-10-24 14:20:52.883 7ff4e6e8c700 1 -- 127.0.0.1:6801/25149 --> 127.0.0.1:6800/24805 -- pg_stats(0 pgs tid 0 v 0) v1 -- 0x559a664d1200 con 0 -1416>
2018-10-24 14:20:52.883 7ff4ff6e2700 4 -- 127.0.0.1:6801/25149 >> 127.0.0.1:6800/24805 conn(0x559a664a8000 legacy :-1 s=STATE_CONNECTION_ESTABLISHED l=1).handle_write -1415>
2018-10-24 14:20:52.883 7ff4ff6e2700 4 -- 127.0.0.1:6801/25149 >> 127.0.0.1:6800/24805 conn(0x559a664a8000 legacy :-1 s=STATE_CONNECTION_ESTABLISHED l=1).handle_write -1414>
2018-10-24 14:20:53.759 7ff4db675700 5 osd.0 5 heartbeat osd_stat(1.1 GiB used (192 KiB data, 0 B omap, 1 GiB meta), 9.0 GiB avail, 10 GiB total, peers [] op hist []) -1413>
2018-10-24 14:20:54.534 7ff4f4ea8700 5 bluestore.MempoolThread(0x559a653ffbd8) _tune_cache_size target: 4294967296 heap: 53878784 unmapped: 16384 mapped: 53862400 old cache_size: 2845415832 new cache size: 2845415832 -1412>
2018-10-24 14:20:54.534 7ff4f4ea8700 5 bluestore.MempoolThread(0x559a653ffbd8) _trim_shards cache_size: 2845415832 kv_alloc: 1218696969 kv_used: 897 meta_alloc: 1084479241 meta_used: 18104 data_alloc: 542239620 data_used: 0 -1411>
2018-10-24 14:20:57.860 7ff4db675700 5 osd.0 5 heartbeat osd_stat(1.1 GiB used (192 KiB data, 0 B omap, 1 GiB meta), 9.0 GiB avail, 10 GiB total, peers [] op hist []) -1410>
2018-10-24 14:20:57.884 7ff4e6e8c700 1 -- 127.0.0.1:6801/25149 --> 127.0.0.1:6800/24805 -- mgrreport(unknown.0 +0-0 packed 782 daemon_metrics=2) v6 -- 0x559a664a9500 con 0 -1409>
2018-10-24 14:20:57.885 7ff4ff6e2700 4 -- 127.0.0.1:6801/25149 >> 127.0.0.1:6800/24805 conn(0x559a664a8000 legacy :-1 s=STATE_CONNECTION_ESTABLISHED l=1).handle_write -1408>
2018-10-24 14:20:57.885 7ff4e6e8c700 1 -- 127.0.0.1:6801/25149 --> 127.0.0.1:6800/24805 -- pg_stats(0 pgs tid 0 v 0) v1 -- 0x559a664d1500 con 0 -1407>
2018-10-24 14:20:57.885 7ff4ff6e2700 4 -- 127.0.0.1:6801/25149 >> 127.0.0.1:6800/24805 conn(0x559a664a8000 legacy :-1 s=STATE_CONNECTION_ESTABLISHED l=1).handle_write -1406>
2018-10-24 14:20:59.558 7ff4f4ea8700 5 bluestore.MempoolThread(0x559a653ffbd8) _tune_cache_size target: 4294967296 heap: 53878784 unmapped: 0 mapped: 53878784 old cache_size: 2845415832 new cache size: 2845415832 -1405>
2018-10-24 14:20:59.558 7ff4f4ea8700 5 bluestore.MempoolThread(0x559a653ffbd8) _trim_shards cache_size: 2845415832 kv_alloc: 1218696969 kv_used: 897 meta_alloc: 1084479241 meta_used: 18104 data_alloc: 542239620 data_used: 0 -1404>
2018-10-24 14:20:59.656 7ff4e7e8e700 10 monclient: tick -1403>
2018-10-24 14:20:59.656 7ff4e7e8e700 10 monclient: _check_auth_rotating have uptodate secrets (they expire after
2018-10-24 14:20:29.656724) -1402>
2018-10-24 14:20:59.656 7ff4ffee3700 4 -- 127.0.0.1:6801/25149 >> 127.0.0.1:40662/0 conn(0x559a661f1880 legacy :-1 s=STATE_CONNECTION_ESTABLISHED l=1).handle_write -1401>
2018-10-24 14:21:01.362 7ff4db675700 5 osd.0 5 heartbeat osd_stat(1.1 GiB used (192 KiB data, 0 B omap, 1 GiB meta), 9.0 GiB avail, 10 GiB total, peers [] op hist []) -1400>
2018-10-24 14:21:02.887 7ff4e6e8c700 1 -- 127.0.0.1:6801/25149 --> 127.0.0.1:6800/24805 -- mgrreport(unknown.0 +0-0 packed 782 daemon_metrics=2) v6 -- 0x559a664a9880 con 0 -1399>
2018-10-24 14:21:02.888 7ff4e6e8c700 1 -- 127.0.0.1:6801/25149 --> 127.0.0.1:6800/24805 -- pg_stats(0 pgs tid 0 v 0) v1 -- 0x559a664d0600 con 0 -1398>
2018-10-24 14:21:02.888 7ff4ff6e2700 4 -- 127.0.0.1:6801/25149 >> 127.0.0.1:6800/24805 conn(0x559a664a8000 legacy :-1 s=STATE_CONNECTION_ESTABLISHED l=1).handle_write -1397>
2018-10-24 14:21:02.888 7ff4ff6e2700 4 -- 127.0.0.1:6801/25149 >> 127.0.0.1:6800/24805 conn(0x559a664a8000 legacy :-1 s=STATE_CONNECTION_ESTABLISHED l=1).handle_write -1396>
2018-10-24 14:21:04.585 7ff4f4ea8700 5 bluestore.MempoolThread(0x559a653ffbd8) _tune_cache_size target: 4294967296 heap: 53878784 unmapped: 0 mapped: 53878784 old cache_size: 2845415832 new cache size: 2845415832 -1395>
2018-10-24 14:21:04.585 7ff4f4ea8700 5 bluestore.MempoolThread(0x559a653ffbd8) _trim_shards cache_size: 2845415832 kv_alloc: 1218696969 kv_used: 897 meta_alloc: 1084479241 meta_used: 18104 data_alloc: 542239620 data_used: 0 -1394>
2018-10-24 14:21:05.463 7ff4db675700 5 osd.0 5 heartbeat osd_stat(1.1 GiB used (192 KiB data, 0 B omap, 1 GiB meta), 9.0 GiB avail, 10 GiB total, peers [] op hist []) -1393>
2018-10-24 14:21:05.963 7ff4db675700 5 osd.0 5 heartbeat osd_stat(1.1 GiB used (192 KiB data, 0 B omap, 1 GiB meta), 9.0 GiB avail, 10 GiB total, peers [] op hist []) -1392>
2018-10-24 14:21:07.889 7ff4e6e8c700 1 -- 127.0.0.1:6801/25149 --> 127.0.0.1:6800/24805 -- mgrreport(unknown.0 +0-0 packed 782 daemon_metrics=2) v6 -- 0x559a664a8700 con 0 -1391>
2018-10-24 14:21:07.890 7ff4ff6e2700 4 -- 127.0.0.1:6801/25149 >> 127.0.0.1:6800/24805 conn(0x559a664a8000 legacy :-1 s=STATE_CONNECTION_ESTABLISHED l=1).handle_write -1390>
2018-10-24 14:21:07.890 7ff4e6e8c700 1 -- 127.0.0.1:6801/25149 --> 127.0.0.1:6800/24805 -- pg_stats(0 pgs tid 0 v 0) v1 -- 0x559a664d0f00 con 0 -1389>
2018-10-24 14:21:07.890 7ff4ff6e2700 4 -- 127.0.0.1:6801/25149 >> 127.0.0.1:6800/24805 conn(0x559a664a8000 legacy :-1 s=STATE_CONNECTION_ESTABLISHED l=1).handle_write -1388>
2018-10-24 14:21:09.607 7ff4f4ea8700 5 bluestore.MempoolThread(0x559a653ffbd8) _tune_cache_size target: 4294967296 heap: 53878784 unmapped: 16384 mapped: 53862400 old cache_size: 2845415832 new cache size: 2845415832 -1387>
2018-10-24 14:21:09.607 7ff4f4ea8700 5 bluestore.MempoolThread(0x559a653ffbd8) _trim_shards cache_size: 2845415832 kv_alloc: 1218696969 kv_used: 897 meta_alloc: 1084479241 meta_used: 18104 data_alloc: 542239620 data_used: 0 -1386>
2018-10-24 14:21:09.656 7ff4e7e8e700 10 monclient: tick -1385>
2018-10-24 14:21:09.657 7ff4e7e8e700 10 monclient: _check_auth_rotating have uptodate secrets (they expire after
2018-10-24 14:20:39.657335) -1384>
2018-10-24 14:21:09.657 7ff4ffee3700 4 -- 127.0.0.1:6801/25149 >> 127.0.0.1:40662/0 conn(0x559a661f1880 legacy :-1 s=STATE_CONNECTION_ESTABLISHED l=1).handle_write -1383>
2018-10-24 14:21:10.664 7ff4db675700 5 osd.0 5 heartbeat osd_stat(1.1 GiB used (192 KiB data, 0 B omap, 1 GiB meta), 9.0 GiB avail, 10 GiB total, peers [] op hist []) -1382>
2018-10-24 14:21:12.890 7ff4e6e8c700 1 -- 127.0.0.1:6801/25149 --> 127.0.0.1:6800/24805 -- mgrreport(unknown.0 +0-0 packed 782 daemon_metrics=2) v6 -- 0x559a664a8e00 con 0 -1381>
2018-10-24 14:21:12.890 7ff4e6e8c700 1 -- 127.0.0.1:6801/25149 --> 127.0.0.1:6800/24805 -- pg_stats(0 pgs tid 0 v 0) v1 -- 0x559a664d1200 con 0 -1380>
2018-10-24 14:21:12.890 7ff4ff6e2700 4 -- 127.0.0.1:6801/25149 >> 127.0.0.1:6800/24805 conn(0x559a664a8000 legacy :-1 s=STATE_CONNECTION_ESTABLISHED l=1).handle_write -1379>
2018-10-24 14:21:12.890 7ff4ff6e2700 4 -- 127.0.0.1:6801/25149 >> 127.0.0.1:6800/24805 conn(0x559a664a8000 legacy :-1 s=STATE_CONNECTION_ESTABLISHED l=1).handle_write -1378>
2018-10-24 14:21:14.630 7ff4f4ea8700 5 bluestore.MempoolThread(0x559a653ffbd8) _tune_cache_size target: 4294967296 heap: 53878784 unmapped: 0 mapped: 53878784 old cache_size: 2845415832 new cache size: 2845415832 -1377>
2018-10-24 14:21:14.630 7ff4f4ea8700 5 bluestore.MempoolThread(0x559a653ffbd8) _trim_shards cache_size: 2845415832 kv_alloc: 1218696969 kv_used: 897 meta_alloc: 1084479241 meta_used: 18104 data_alloc: 542239620 data_used: 0 -1376>
2018-10-24 14:21:15.964 7ff4db675700 5 osd.0 5 heartbeat osd_stat(1.1 GiB used (192 KiB data, 0 B omap, 1 GiB meta), 9.0 GiB avail, 10 GiB total, peers [] op hist []) -1375>
2018-10-24 14:21:17.065 7ff4db675700 5 osd.0 5 heartbeat osd_stat(1.1 GiB used (192 KiB data, 0 B omap, 1 GiB meta), 9.0 GiB avail, 10 GiB total, peers [] op hist []) -1374>
2018-10-24 14:21:17.892 7ff4e6e8c700 1 -- 127.0.0.1:6801/25149 --> 127.0.0.1:6800/24805 -- mgrreport(unknown.0 +0-0 packed 782 daemon_metrics=2) v6 -- 0x559a664a9180 con 0 -1373>
2018-10-24 14:21:17.892 7ff4e6e8c700 1 -- 127.0.0.1:6801/25149 --> 127.0.0.1:6800/24805 -- pg_stats(0 pgs tid 0 v 0) v1 -- 0x559a664d1500 con 0 -1372>
2018-10-24 14:21:17.892 7ff4ff6e2700 4 -- 127.0.0.1:6801/25149 >> 127.0.0.1:6800/24805 conn(0x559a664a8000 legacy :-1 s=STATE_CONNECTION_ESTABLISHED l=1).handle_write -1371>
2018-10-24 14:21:17.893 7ff4ff6e2700 4 -- 127.0.0.1:6801/25149 >> 127.0.0.1:6800/24805 conn(0x559a664a8000 legacy :-1 s=STATE_CONNECTION_ESTABLISHED l=1).handle_write -1370>
2018-10-24 14:21:19.653 7ff4f4ea8700 5 bluestore.MempoolThread(0x559a653ffbd8) _tune_cache_size target: 4294967296 heap: 53878784 unmapped: 0 mapped: 53878784 old cache_size: 2845415832 new cache size: 2845415832 -1369>
2018-10-24 14:21:19.653 7ff4f4ea8700 5 bluestore.MempoolThread(0x559a653ffbd8) _trim_shards cache_size: 2845415832 kv_alloc: 1218696969 kv_used: 897 meta_alloc: 1084479241 meta_used: 18104 data_alloc: 542239620 data_used: 0 -1368>
2018-10-24 14:21:19.657 7ff4e7e8e700 10 monclient: tick -1367>
2018-10-24 14:21:19.657 7ff4e7e8e700 10 monclient: _check_auth_rotating have uptodate secrets (they expire after
2018-10-24 14:20:49.657785) -1366>
2018-10-24 14:21:19.657 7ff4ffee3700 4 -- 127.0.0.1:6801/25149 >> 127.0.0.1:40662/0 conn(0x559a661f1880 legacy :-1 s=STATE_CONNECTION_ESTABLISHED l=1).handle_write -1365>
2018-10-24 14:21:22.893 7ff4e6e8c700 1 -- 127.0.0.1:6801/25149 --> 127.0.0.1:6800/24805 -- mgrreport(unknown.0 +0-0 packed 782 daemon_metrics=2) v6 -- 0x559a664a9500 con 0 -1364>
2018-10-24 14:21:22.893 7ff4e6e8c700 1 -- 127.0.0.1:6801/25149 --> 127.0.0.1:6800/24805 -- pg_stats(0 pgs tid 0 v 0) v1 -- 0x559a664d0600 con 0 -1363>
2018-10-24 14:21:22.893 7ff4ff6e2700 4 -- 127.0.0.1:6801/25149 >> 127.0.0.1:6800/24805 conn(0x559a664a8000 legacy :-1 s=STATE_CONNECTION_ESTABLISHED l=1).handle_write -1362>
2018-10-24 14:21:22.894 7ff4ff6e2700 4 -- 127.0.0.1:6801/25149 >> 127.0.0.1:6800/24805 conn(0x559a664a8000 legacy :-1 s=STATE_CONNECTION_ESTABLISHED l=1).handle_write -1361>
2018-10-24 14:21:22.965 7ff4db675700 5 osd.0 5 heartbeat osd_stat(1.1 GiB used (192 KiB data, 0 B omap, 1 GiB meta), 9.0 GiB avail, 10 GiB total, peers [] op hist []) -1360>
2018-10-24 14:21:24.677 7ff4f4ea8700 5 bluestore.MempoolThread(0x559a653ffbd8) _tune_cache_size target: 4294967296 heap: 53878784 unmapped: 0 mapped: 53878784 old cache_size: 2845415832 new cache size: 2845415832 -1359>
2018-10-24 14:21:24.677 7ff4f4ea8700 5 bluestore.MempoolThread(0x559a653ffbd8) _trim_shards cache_size: 2845415832 kv_alloc: 1218696969 kv_used: 897 meta_alloc: 1084479241 meta_used: 18104 data_alloc: 542239620 data_used: 0 -1358>
2018-10-24 14:21:26.465 7ff4db675700 5 osd.0 5 heartbeat osd_stat(1.1 GiB used (192 KiB data, 0 B omap, 1 GiB meta), 9.0 GiB avail, 10 GiB total, peers [] op hist []) -1357>
2018-10-24 14:21:26.966 7ff4db675700 5 osd.0 5 heartbeat osd_stat(1.1 GiB used (192 KiB data, 0 B omap, 1 GiB meta), 9.0 GiB avail, 10 GiB total, peers [] op hist []) -1356>
2018-10-24 14:21:27.895 7ff4e6e8c700 1 -- 127.0.0.1:6801/25149 --> 127.0.0.1:6800/24805 -- mgrreport(unknown.0 +0-0 packed 782 daemon_metrics=2) v6 -- 0x559a664a9880 con 0 -1355>
2018-10-24 14:21:27.895 7ff4e6e8c700 1 -- 127.0.0.1:6801/25149 --> 127.0.0.1:6800/24805 -- pg_stats(0 pgs tid 0 v 0) v1 -- 0x559a664d0f00 con 0 -1354>
2018-10-24 14:21:27.895 7ff4ff6e2700 4 -- 127.0.0.1:6801/25149 >> 127.0.0.1:6800/24805 conn(0x559a664a8000 legacy :-1 s=STATE_CONNECTION_ESTABLISHED l=1).handle_write -1353>
2018-10-24 14:21:27.896 7ff4ff6e2700 4 -- 127.0.0.1:6801/25149 >> 127.0.0.1:6800/24805 conn(0x559a664a8000 legacy :-1 s=STATE_CONNECTION_ESTABLISHED l=1).handle_write -1352>
2018-10-24 14:21:29.657 7ff4e7e8e700 10 monclient: tick -1351>
2018-10-24 14:21:29.657 7ff4e7e8e700 10 monclient: _check_auth_rotating have uptodate secrets (they expire after
2018-10-24 14:20:59.658200) -1350>
2018-10-24 14:21:29.657 7ff4ffee3700 4 -- 127.0.0.1:6801/25149 >> 127.0.0.1:40662/0 conn(0x559a661f1880 legacy :-1 s=STATE_CONNECTION_ESTABLISHED l=1).handle_write -1349>
2018-10-24 14:21:29.699 7ff4f4ea8700 5 bluestore.MempoolThread(0x559a653ffbd8) _tune_cache_size target: 4294967296 heap: 53878784 unmapped: 0 mapped: 53878784 old cache_size: 2845415832 new cache size: 2845415832 -1348>
2018-10-24 14:21:29.699 7ff4f4ea8700 5 bluestore.MempoolThread(0x559a653ffbd8) _trim_shards cache_size: 2845415832 kv_alloc: 1218696969 kv_used: 897 meta_alloc: 1084479241 meta_used: 18104 data_alloc: 542239620 data_used: 0 -1347>
2018-10-24 14:21:32.266 7ff4db675700 5 osd.0 5 heartbeat osd_stat(1.1 GiB used (192 KiB data, 0 B omap, 1 GiB meta), 9.0 GiB avail, 10 GiB total, peers [] op hist []) -1346>
2018-10-24 14:21:32.898 7ff4e6e8c700 1 -- 127.0.0.1:6801/25149 --> 127.0.0.1:6800/24805 -- mgrreport(unknown.0 +0-0 packed 782 daemon_metrics=2) v6 -- 0x559a664a8700 con 0 -1345>
2018-10-24 14:21:32.898 7ff4e6e8c700 1 -- 127.0.0.1:6801/25149 --> 127.0.0.1:6800/24805 -- pg_stats(0 pgs tid 0 v 0) v1 -- 0x559a664d1200 con 0 -1344>
2018-10-24 14:21:32.898 7ff4ff6e2700 4 -- 127.0.0.1:6801/25149 >> 127.0.0.1:6800/24805 conn(0x559a664a8000 legacy :-1 s=STATE_CONNECTION_ESTABLISHED l=1).handle_write -1343>
2018-10-24 14:21:32.899 7ff4ff6e2700 4 -- 127.0.0.1:6801/25149 >> 127.0.0.1:6800/24805 conn(0x559a664a8000 legacy :-1 s=STATE_CONNECTION_ESTABLISHED l=1).handle_write -1342>
2018-10-24 14:21:34.724 7ff4f4ea8700 5 bluestore.MempoolThread(0x559a653ffbd8) _tune_cache_size target: 4294967296 heap: 54927360 unmapped: 1048576 mapped: 53878784 old cache_size: 2845415832 new cache size: 2845415832 -1341>
2018-10-24 14:21:34.724 7ff4f4ea8700 5 bluestore.MempoolThread(0x559a653ffbd8) _trim_shards cache_size: 2845415832 kv_alloc: 1218696969 kv_used: 897 meta_alloc: 1084479241 meta_used: 18104 data_alloc: 542239620 data_used: 0 -1340>
2018-10-24 14:21:36.367 7ff4db675700 5 osd.0 5 heartbeat osd_stat(1.1 GiB used (192 KiB data, 0 B omap, 1 GiB meta), 9.0 GiB avail, 10 GiB total, peers [] op hist []) -1339>
2018-10-24 14:21:36.868 7ff4db675700 5 osd.0 5 heartbeat osd_stat(1.1 GiB used (192 KiB data, 0 B omap, 1 GiB meta), 9.0 GiB avail, 10 GiB total, peers [] op hist []) -1338>
2018-10-24 14:21:37.900 7ff4e6e8c700 1 -- 127.0.0.1:6801/25149 --> 127.0.0.1:6800/24805 -- mgrreport(unknown.0 +0-0 packed 782 daemon_metrics=2) v6 -- 0x559a664a8e00 con 0 -1337>
2018-10-24 14:21:37.900 7ff4e6e8c700 1 -- 127.0.0.1:6801/25149 --> 127.0.0.1:6800/24805 -- pg_stats(0 pgs tid 0 v 0) v1 -- 0x559a664d1800 con 0 -1336>
2018-10-24 14:21:37.900 7ff4ff6e2700 4 -- 127.0.0.1:6801/25149 >> 127.0.0.1:6800/24805 conn(0x559a664a8000 legacy :-1 s=STATE_CONNECTION_ESTABLISHED l=1).handle_write -1335>
2018-10-24 14:21:37.901 7ff4ff6e2700 4 -- 127.0.0.1:6801/25149 >> 127.0.0.1:6800/24805 conn(0x559a664a8000 legacy :-1 s=STATE_CONNECTION_ESTABLISHED l=1).handle_write -1334>
2018-10-24 14:21:39.657 7ff4e7e8e700 10 monclient: tick -1333>
2018-10-24 14:21:39.657 7ff4e7e8e700 10 monclient: _check_auth_rotating have uptodate secrets (they expire after
2018-10-24 14:21:09.658644) -1332>
2018-10-24 14:21:39.657 7ff4ffee3700 4 -- 127.0.0.1:6801/25149 >> 127.0.0.1:40662/0 conn(0x559a661f1880 legacy :-1 s=STATE_CONNECTION_ESTABLISHED l=1).handle_write -1331>
2018-10-24 14:21:39.748 7ff4f4ea8700 5 bluestore.MempoolThread(0x559a653ffbd8) _tune_cache_size target: 4294967296 heap: 54927360 unmapped: 1048576 mapped: 53878784 old cache_size: 2845415832 new cache size: 2845415832 -1330>
2018-10-24 14:21:39.748 7ff4f4ea8700 5 bluestore.MempoolThread(0x559a653ffbd8) _trim_shards cache_size: 2845415832 kv_alloc: 1218696969 kv_used: 897 meta_alloc: 1084479241 meta_used: 18104 data_alloc: 542239620 data_used: 0 -1329>
2018-10-24 14:21:40.968 7ff4db675700 5 osd.0 5 heartbeat osd_stat(1.1 GiB used (192 KiB data, 0 B omap, 1 GiB meta), 9.0 GiB avail, 10 GiB total, peers [] op hist []) -1328>
2018-10-24 14:21:42.069 7ff4db675700 5 osd.0 5 heartbeat osd_stat(1.1 GiB used (192 KiB data, 0 B omap, 1 GiB meta), 9.0 GiB avail, 10 GiB total, peers [] op hist []) -1327>
2018-10-24 14:21:42.902 7ff4e6e8c700 1 -- 127.0.0.1:6801/25149 --> 127.0.0.1:6800/24805 -- mgrreport(unknown.0 +0-0 packed 782 daemon_metrics=2) v6 -- 0x559a664a9180 con 0 -1326>
2018-10-24 14:21:42.902 7ff4ff6e2700 4 -- 127.0.0.1:6801/25149 >> 127.0.0.1:6800/24805 conn(0x559a664a8000 legacy :-1 s=STATE_CONNECTION_ESTABLISHED l=1).handle_write -1325>
2018-10-24 14:21:42.902 7ff4e6e8c700 1 -- 127.0.0.1:6801/25149 --> 127.0.0.1:6800/24805 -- pg_stats(0 pgs tid 0 v 0) v1 -- 0x559a664d1b00 con 0 -1324>
2018-10-24 14:21:42.903 7ff4ff6e2700 4 -- 127.0.0.1:6801/25149 >> 127.0.0.1:6800/24805 conn(0x559a664a8000 legacy :-1 s=STATE_CONNECTION_ESTABLISHED l=1).handle_write -1323>
2018-10-24 14:21:44.774 7ff4f4ea8700 5 bluestore.MempoolThread(0x559a653ffbd8) _tune_cache_size target: 4294967296 heap: 54927360 unmapped: 1048576 mapped: 53878784 old cache_size: 2845415832 new cache size: 2845415832 -1322>
2018-10-24 14:21:44.774 7ff4f4ea8700 5 bluestore.MempoolThread(0x559a653ffbd8) _trim_shards cache_size: 2845415832 kv_alloc: 1218696969 kv_used: 897 meta_alloc: 1084479241 meta_used: 18104 data_alloc: 542239620 data_used: 0 -1321>
2018-10-24 14:21:47.904 7ff4e6e8c700 1 -- 127.0.0.1:6801/25149 --> 127.0.0.1:6800/24805 -- mgrreport(unknown.0 +0-0 packed 782 daemon_metrics=2) v6 -- 0x559a664a9500 con 0 -1320>
2018-10-24 14:21:47.904 7ff4ff6e2700 4 -- 127.0.0.1:6801/25149 >> 127.0.0.1:6800/24805 conn(0x559a664a8000 legacy :-1 s=STATE_CONNECTION_ESTABLISHED l=1).handle_write -1319>
2018-10-24 14:21:47.904 7ff4e6e8c700 1 -- 127.0.0.1:6801/25149 --> 127.0.0.1:6800/24805 -- pg_stats(0 pgs tid 0 v 0) v1 -- 0x559a664d1500 con 0 -1318>
2018-10-24 14:21:47.905 7ff4ff6e2700 4 -- 127.0.0.1:6801/25149 >> 127.0.0.1:6800/24805 conn(0x559a664a8000 legacy :-1 s=STATE_CONNECTION_ESTABLISHED l=1).handle_write -1317>
2018-10-24 14:21:47.970 7ff4db675700 5 osd.0 5 heartbeat osd_stat(1.1 GiB used (192 KiB data, 0 B omap, 1 GiB meta), 9.0 GiB avail, 10 GiB total, peers [] op hist []) -1316>
2018-10-24 14:21:49.657 7ff4e7e8e700 10 monclient: tick -1315>
2018-10-24 14:21:49.657 7ff4e7e8e700 10 monclient: _check_auth_rotating have uptodate secrets (they expire after
2018-10-24 14:21:19.659044) -1314>
2018-10-24 14:21:49.657 7ff4ffee3700 4 -- 127.0.0.1:6801/25149 >> 127.0.0.1:40662/0 conn(0x559a661f1880 legacy :-1 s=STATE_CONNECTION_ESTABLISHED l=1).handle_write -1313>
2018-10-24 14:21:49.799 7ff4f4ea8700 5 bluestore.MempoolThread(0x559a653ffbd8) _tune_cache_size target: 4294967296 heap: 54927360 unmapped: 1048576 mapped: 53878784 old cache_size: 2845415832 new cache size: 2845415832 -1312>
2018-10-24 14:21:49.799 7ff4f4ea8700 5 bluestore.MempoolThread(0x559a653ffbd8) _trim_shards cache_size: 2845415832 kv_alloc: 1218696969 kv_used: 897 meta_alloc: 1084479241 meta_used: 18104 data_alloc: 542239620 data_used: 0 -1311>
2018-10-24 14:21:52.070 7ff4db675700 5 osd.0 5 heartbeat osd_stat(1.1 GiB used (192 KiB data, 0 B omap, 1 GiB meta), 9.0 GiB avail, 10 GiB total, peers [] op hist []) -1310>
2018-10-24 14:21:52.906 7ff4e6e8c700 1 -- 127.0.0.1:6801/25149 --> 127.0.0.1:6800/24805 -- mgrreport(unknown.0 +0-0 packed 782 daemon_metrics=2) v6 -- 0x559a664a9c00 con 0 -1309>
2018-10-24 14:21:52.906 7ff4e6e8c700 1 -- 127.0.0.1:6801/25149 --> 127.0.0.1:6800/24805 -- pg_stats(0 pgs tid 0 v 0) v1 -- 0x559a664d0600 con 0 -1308>
2018-10-24 14:21:52.906 7ff4ff6e2700 4 -- 127.0.0.1:6801/25149 >> 127.0.0.1:6800/24805 conn(0x559a664a8000 legacy :-1 s=STATE_CONNECTION_ESTABLISHED l=1).handle_write -1307>
2018-10-24 14:21:52.907 7ff4ff6e2700 4 -- 127.0.0.1:6801/25149 >> 127.0.0.1:6800/24805 conn(0x559a664a8000 legacy :-1 s=STATE_CONNECTION_ESTABLISHED l=1).handle_write -1306>
2018-10-24 14:21:53.171 7ff4db675700 5 osd.0 5 heartbeat osd_stat(1.1 GiB used (192 KiB data, 0 B omap, 1 GiB meta), 9.0 GiB avail, 10 GiB total, peers [] op hist []) -1305>
2018-10-24 14:21:54.820 7ff4f4ea8700 5 bluestore.MempoolThread(0x559a653ffbd8) _tune_cache_size target: 4294967296 heap: 54927360 unmapped: 1032192 mapped: 53895168 old cache_size: 2845415832 new cache size: 2845415832 -1304>
2018-10-24 14:21:54.820 7ff4f4ea8700 5 bluestore.MempoolThread(0x559a653ffbd8) _trim_shards cache_size: 2845415832 kv_alloc: 1218696969 kv_used: 897 meta_alloc: 1084479241 meta_used: 18104 data_alloc: 542239620 data_used: 0 -1303>
2018-10-24 14:21:55.471 7ff4db675700 5 osd.0 5 heartbeat osd_stat(1.1 GiB used (192 KiB data, 0 B omap, 1 GiB meta), 9.0 GiB avail, 10 GiB total, peers [] op hist []) -1302>
2018-10-24 14:21:57.907 7ff4e6e8c700 1 -- 127.0.0.1:6801/25149 --> 127.0.0.1:6800/24805 -- mgrreport(unknown.0 +0-0 packed 782 daemon_metrics=2) v6 -- 0x559a664a9880 con 0 -1301>
2018-10-24 14:21:57.907 7ff4e6e8c700 1 -- 127.0.0.1:6801/25149 --> 127.0.0.1:6800/24805 -- pg_stats(0 pgs tid 0 v 0) v1 -- 0x559a664d0f00 con 0 -1300>
2018-10-24 14:21:57.907 7ff4ff6e2700 4 -- 127.0.0.1:6801/25149 >> 127.0.0.1:6800/24805 conn(0x559a664a8000 legacy :-1 s=STATE_CONNECTION_ESTABLISHED l=1).handle_write -1299>
2018-10-24 14:21:57.908 7ff4ff6e2700 4 -- 127.0.0.1:6801/25149 >> 127.0.0.1:6800/24805 conn(0x559a664a8000 legacy :-1 s=STATE_CONNECTION_ESTABLISHED l=1).handle_write -1298>
2018-10-24 14:21:59.658 7ff4e7e8e700 10 monclient: tick -1297>
2018-10-24 14:21:59.658 7ff4e7e8e700 10 monclient: _check_auth_rotating have uptodate secrets (they expire after
2018-10-24 14:21:29.659404) -1296>
2018-10-24 14:21:59.658 7ff4ffee3700 4 -- 127.0.0.1:6801/25149 >> 127.0.0.1:40662/0 conn(0x559a661f1880 legacy :-1 s=STATE_CONNECTION_ESTABLISHED l=1).handle_write -1295>
2018-10-24 14:21:59.841 7ff4f4ea8700 5 bluestore.MempoolThread(0x559a653ffbd8) _tune_cache_size target: 4294967296 heap: 54927360 unmapped: 1032192 mapped: 53895168 old cache_size: 2845415832 new cache size: 2845415832 -1294>
2018-10-24 14:21:59.842 7ff4f4ea8700 5 bluestore.MempoolThread(0x559a653ffbd8) _trim_shards cache_size: 2845415832 kv_alloc: 1218696969 kv_used: 897 meta_alloc: 1084479241 meta_used: 18104 data_alloc: 542239620 data_used: 0 -1293>
2018-10-24 14:22:01.372 7ff4db675700 5 osd.0 5 heartbeat osd_stat(1.1 GiB used (192 KiB data, 0 B omap, 1 GiB meta), 9.0 GiB avail, 10 GiB total, peers [] op hist []) -1292>
2018-10-24 14:22:02.472 7ff4db675700 5 osd.0 5 heartbeat osd_stat(1.1 GiB used (192 KiB data, 0 B omap, 1 GiB meta), 9.0 GiB avail, 10 GiB total, peers [] op hist []) -1291>
2018-10-24 14:22:02.908 7ff4e6e8c700 1 -- 127.0.0.1:6801/25149 --> 127.0.0.1:6800/24805 -- mgrreport(unknown.0 +0-0 packed 782 daemon_metrics=2) v6 -- 0x559a664a8700 con 0 -1290>
2018-10-24 14:22:02.909 7ff4e6e8c700 1 -- 127.0.0.1:6801/25149 --> 127.0.0.1:6800/24805 -- pg_stats(0 pgs tid 0 v 0) v1 -- 0x559a664d1200 con 0 -1289>
2018-10-24 14:22:02.909 7ff4ff6e2700 4 -- 127.0.0.1:6801/25149 >> 127.0.0.1:6800/24805 conn(0x559a664a8000 legacy :-1 s=STATE_CONNECTION_ESTABLISHED l=1).handle_write -1288>
2018-10-24 14:22:02.909 7ff4ff6e2700 4 -- 127.0.0.1:6801/25149 >> 127.0.0.1:6800/24805 conn(0x559a664a8000 legacy :-1 s=STATE_CONNECTION_ESTABLISHED l=1).handle_write -1287>
2018-10-24 14:22:03.573 7ff4db675700 5 osd.0 5 heartbeat osd_stat(1.1 GiB used (192 KiB data, 0 B omap, 1 GiB meta), 9.0 GiB avail, 10 GiB total, peers [] op hist []) -1286>
2018-10-24 14:22:04.861 7ff4f4ea8700 5 bluestore.MempoolThread(0x559a653ffbd8) _tune_cache_size target: 4294967296 heap: 54927360 unmapped: 1048576 mapped: 53878784 old cache_size: 2845415832 new cache size: 2845415832 -1285>
2018-10-24 14:22:04.861 7ff4f4ea8700 5 bluestore.MempoolThread(0x559a653ffbd8) _trim_shards cache_size: 2845415832 kv_alloc: 1218696969 kv_used: 897 meta_alloc: 1084479241 meta_used: 18104 data_alloc: 542239620 data_used: 0 -1284>
2018-10-24 14:22:05.274 7ff4db675700 5 osd.0 5 heartbeat osd_stat(1.1 GiB used (192 KiB data, 0 B omap, 1 GiB meta), 9.0 GiB avail, 10 GiB total, peers [] op hist []) -1283>
2018-10-24 14:22:07.574 7ff4db675700 5 osd.0 5 heartbeat osd_stat(1.1 GiB used (192 KiB data, 0 B omap, 1 GiB meta), 9.0 GiB avail, 10 GiB total, peers [] op hist []) -1282>
2018-10-24 14:22:07.910 7ff4e6e8c700 1 -- 127.0.0.1:6801/25149 --> 127.0.0.1:6800/24805 -- mgrreport(unknown.0 +0-0 packed 782 daemon_metrics=2) v6 -- 0x559a664a8e00 con 0 -1281>
2018-10-24 14:22:07.910 7ff4ff6e2700 4 -- 127.0.0.1:6801/25149 >> 127.0.0.1:6800/24805 conn(0x559a664a8000 legacy :-1 s=STATE_CONNECTION_ESTABLISHED l=1).handle_write -1280>
2018-10-24 14:22:07.910 7ff4e6e8c700 1 -- 127.0.0.1:6801/25149 --> 127.0.0.1:6800/24805 -- pg_stats(0 pgs tid 0 v 0) v1 -- 0x559a664d1800 con 0 -1279>
2018-10-24 14:22:07.911 7ff4ff6e2700 4 -- 127.0.0.1:6801/25149 >> 127.0.0.1:6800/24805 conn(0x559a664a8000 legacy :-1 s=STATE_CONNECTION_ESTABLISHED l=1).handle_write -1278>
2018-10-24 14:22:08.075 7ff4db675700 5 osd.0 5 heartbeat osd_stat(1.1 GiB used (192 KiB data, 0 B omap, 1 GiB meta), 9.0 GiB avail, 10 GiB total, peers [] op hist []) -1277>
2018-10-24 14:22:09.658 7ff4e7e8e700 10 monclient: tick -1276>
2018-10-24 14:22:09.658 7ff4e7e8e700 10 monclient: _check_auth_rotating have uptodate secrets (they expire after
2018-10-24 14:21:39.659870) -1275>
2018-10-24 14:22:09.658 7ff4ffee3700 4 -- 127.0.0.1:6801/25149 >> 127.0.0.1:40662/0 conn(0x559a661f1880 legacy :-1 s=STATE_CONNECTION_ESTABLISHED l=1).handle_write -1274>
2018-10-24 14:22:09.881 7ff4f4ea8700 5 bluestore.MempoolThread(0x559a653ffbd8) _tune_cache_size target: 4294967296 heap: 54927360 unmapped: 1048576 mapped: 53878784 old cache_size: 2845415832 new cache size: 2845415832 -1273>
2018-10-24 14:22:09.881 7ff4f4ea8700 5 bluestore.MempoolThread(0x559a653ffbd8) _trim_shards cache_size: 2845415832 kv_alloc: 1218696969 kv_used: 897 meta_alloc: 1084479241 meta_used: 18104 data_alloc: 542239620 data_used: 0 -1272>
2018-10-24 14:22:10.375 7ff4db675700 5 osd.0 5 heartbeat osd_stat(1.1 GiB used (192 KiB data, 0 B omap, 1 GiB meta), 9.0 GiB avail, 10 GiB total, peers [] op hist []) -1271>
2018-10-24 14:22:12.676 7ff4db675700 5 osd.0 5 heartbeat osd_stat(1.1 GiB used (192 KiB data, 0 B omap, 1 GiB meta), 9.0 GiB avail, 10 GiB total, peers [] op hist []) -1270>
2018-10-24 14:22:12.912 7ff4e6e8c700 1 -- 127.0.0.1:6801/25149 --> 127.0.0.1:6800/24805 -- mgrreport(unknown.0 +0-0 packed 782 daemon_metrics=2) v6 -- 0x559a664a9180 con 0 -1269>
2018-10-24 14:22:12.912 7ff4ff6e2700 4 -- 127.0.0.1:6801/25149 >> 127.0.0.1:6800/24805 conn(0x559a664a8000 legacy :-1 s=STATE_CONNECTION_ESTABLISHED l=1).handle_write -1268>
2018-10-24 14:22:12.912 7ff4e6e8c700 1 -- 127.0.0.1:6801/25149 --> 127.0.0.1:6800/24805 -- pg_stats(0 pgs tid 0 v 0) v1 -- 0x559a664d1b00 con 0 -1267>
2018-10-24 14:22:12.913 7ff4ff6e2700 4 -- 127.0.0.1:6801/25149 >> 127.0.0.1:6800/24805 conn(0x559a664a8000 legacy :-1 s=STATE_CONNECTION_ESTABLISHED l=1).handle_write -1266>
2018-10-24 14:22:14.903 7ff4f4ea8700 5 bluestore.MempoolThread(0x559a653ffbd8) _tune_cache_size target: 4294967296 heap: 54927360 unmapped: 1032192 mapped: 53895168 old cache_size: 2845415832 new cache size: 2845415832 -1265>
2018-10-24 14:22:14.903 7ff4f4ea8700 5 bluestore.MempoolThread(0x559a653ffbd8) _trim_shards cache_size: 2845415832 kv_alloc: 1218696969 kv_used: 897 meta_alloc: 1084479241 meta_used: 18104 data_alloc: 542239620 data_used: 0 -1264>
2018-10-24 14:22:14.977 7ff4db675700 5 osd.0 5 heartbeat osd_stat(1.1 GiB used (192 KiB data, 0 B omap, 1 GiB meta), 9.0 GiB avail, 10 GiB total, peers [] op hist []) -1263>
2018-10-24 14:22:17.277 7ff4db675700 5 osd.0 5 heartbeat osd_stat(1.1 GiB used (192 KiB data, 0 B omap, 1 GiB meta), 9.0 GiB avail, 10 GiB total, peers [] op hist []) -1262>
2018-10-24 14:22:17.914 7ff4e6e8c700 1 -- 127.0.0.1:6801/25149 --> 127.0.0.1:6800/24805 -- mgrreport(unknown.0 +0-0 packed 782 daemon_metrics=2) v6 -- 0x559a664a9500 con 0 -1261>
2018-10-24 14:22:17.914 7ff4ff6e2700 4 -- 127.0.0.1:6801/25149 >> 127.0.0.1:6800/24805 conn(0x559a664a8000 legacy :-1 s=STATE_CONNECTION_ESTABLISHED l=1).handle_write -1260>
2018-10-24 14:22:17.914 7ff4e6e8c700 1 -- 127.0.0.1:6801/25149 --> 127.0.0.1:6800/24805 -- pg_stats(0 pgs tid 0 v 0) v1 -- 0x559a664d1500 con 0 -1259>
2018-10-24 14:22:17.915 7ff4ff6e2700 4 -- 127.0.0.1:6801/25149 >> 127.0.0.1:6800/24805 conn(0x559a664a8000 legacy :-1 s=STATE_CONNECTION_ESTABLISHED l=1).handle_write -1258>
2018-10-24 14:22:18.978 7ff4db675700 5 osd.0 5 heartbeat osd_stat(1.1 GiB used (192 KiB data, 0 B omap, 1 GiB meta), 9.0 GiB avail, 10 GiB total, peers [] op hist []) -1257>
2018-10-24 14:22:19.659 7ff4e7e8e700 10 monclient: tick -1256>
2018-10-24 14:22:19.659 7ff4e7e8e700 10 monclient: _check_auth_rotating have uptodate secrets (they expire after
2018-10-24 14:21:49.660532) -1255>
2018-10-24 14:22:19.659 7ff4ffee3700 4 -- 127.0.0.1:6801/25149 >> 127.0.0.1:40662/0 conn(0x559a661f1880 legacy :-1 s=STATE_CONNECTION_ESTABLISHED l=1).handle_write -1254>
