➜ build git:(luminous) ✗ rbd info huge2
2017-11-27 15:32:25.489569 7f3f9f32f0c0 -1 WARNING: all dangerous and experimental features are enabled.
2017-11-27 15:32:25.489808 7f3f9f32f0c0 -1 WARNING: all dangerous and experimental features are enabled.
2017-11-27 15:32:25.496807 7f3f9f32f0c0 -1 WARNING: all dangerous and experimental features are enabled.
2017-11-27 15:32:25.505180 7f3f9f32f0c0 1 RefCountedObject::put 0x559d4dc46850 2 -> 1
2017-11-27 15:32:25.505192 7f3f9f32f0c0 1 RefCountedObject::put 0x559d4dc46850 3 -> 2
2017-11-27 15:32:25.505194 7f3f9f32f0c0 1 RefCountedObject::put 0x559d4dc46850 4 -> 3
2017-11-27 15:32:25.505196 7f3f9f32f0c0 1 RefCountedObject::put 0x559d4dc46850 5 -> 4
2017-11-27 15:32:25.570212 7f3f9f32f0c0 1 RefCountedObject::put 0x559d4dc63690 2 -> 1
2017-11-27 15:32:25.570336 7f3f9f32f0c0 1 RefCountedObject::put 0x559d4dc63690 3 -> 2
2017-11-27 15:32:25.570363 7f3f9f32f0c0 1 RefCountedObject::put 0x559d4dc63690 4 -> 3
2017-11-27 15:32:25.570383 7f3f9f32f0c0 1 RefCountedObject::put 0x559d4dc63690 5 -> 4
2017-11-27 15:32:25.570433 7f3f9f32f0c0 1 RefCountedObject::put 0x559d4dc63690 8 -> 7
2017-11-27 15:32:25.570518 7f3f9f32f0c0 1 RefCountedObject::put 0x559d4dc63690 7 -> 6
2017-11-27 15:32:25.570574 7f3f9f32f0c0 1 RefCountedObject::put 0x559d4dc66cf0 2 -> 1
2017-11-27 15:32:25.570615 7f3f9f32f0c0 1 RefCountedObject::put 0x559d4dc66cf0 3 -> 2
2017-11-27 15:32:25.570653 7f3f9f32f0c0 1 RefCountedObject::put 0x559d4dc66cf0 4 -> 3
2017-11-27 15:32:25.570676 7f3f9f32f0c0 1 RefCountedObject::put 0x559d4dc66cf0 5 -> 4
2017-11-27 15:32:25.570715 7f3f9f32f0c0 1 RefCountedObject::put 0x559d4dc66cf0 8 -> 7
2017-11-27 15:32:25.570750 7f3f9f32f0c0 1 RefCountedObject::put 0x559d4dc66cf0 7 -> 6
2017-11-27 15:32:25.570857 7f3f9f32f0c0 1 RefCountedObject::put 0x559d4dc63690 8 -> 7
2017-11-27 15:32:25.570917 7f3f9f32f0c0 1 RefCountedObject::put 0x559d4dc66cf0 8 -> 7
2017-11-27 15:32:25.571186 7f3f83fff700 1 RefCountedObject::put 0x559d4dc63690 10 -> 9
2017-11-27 15:32:25.571193 7f3f83fff700 1 RefCountedObject::put 0x559d4dc63690 9 -> 8
2017-11-27 15:32:25.571203 7f3f827fc700 1 RefCountedObject::put 0x559d4dc63690 9 -> 8
2017-11-27 15:32:25.571225 7f3f827fc700 1 RefCountedObject::put 0x559d4dc63690 8 -> 7
2017-11-27 15:32:25.571268 7f3f83fff700 1 RefCountedObject::put 0x559d4dc63690 7 -> 6
2017-11-27 15:32:25.571275 7f3f837fe700 1 RefCountedObject::put 0x559d4dc66cf0 10 -> 9
2017-11-27 15:32:25.571278 7f3f837fe700 1 RefCountedObject::put 0x559d4dc66cf0 9 -> 8
2017-11-27 15:32:25.571285 7f3f827fc700 1 RefCountedObject::put 0x559d4dc66cf0 9 -> 8
2017-11-27 15:32:25.571300 7f3f827fc700 1 RefCountedObject::put 0x559d4dc66cf0 8 -> 7
2017-11-27 15:32:25.571313 7f3f837fe700 1 RefCountedObject::put 0x559d4dc66cf0 7 -> 6
2017-11-27 15:32:25.571985 7f3f83fff700 1 RefCountedObject::put 0x559d4dc63690 8 -> 7
2017-11-27 15:32:25.572079 7f3f837fe700 1 RefCountedObject::put 0x559d4dc66cf0 8 -> 7
2017-11-27 15:32:25.572184 7f3f837fe700 1 RefCountedObject::put 0x559d4dc66cf0 9 -> 8
2017-11-27 15:32:25.572185 7f3f837fe700 1 RefCountedObject::put 0x559d4dc66cf0 8 -> 7
2017-11-27 15:32:25.572194 7f3f837fe700 1 RefCountedObject::put 0x7f3f74001290 4 -> 3
2017-11-27 15:32:25.572195 7f3f837fe700 1 RefCountedObject::put 0x7f3f74001290 3 -> 2
2017-11-27 15:32:25.572204 7f3f837fe700 1 RefCountedObject::put 0x559d4dc66cf0 9 -> 8
2017-11-27 15:32:25.572204 7f3f827fc700 1 RefCountedObject::put 0x7f3f74001290 3 -> 2
2017-11-27 15:32:25.572217 7f3f837fe700 1 RefCountedObject::put 0x559d4dc66cf0 10 -> 9
2017-11-27 15:32:25.572217 7f3f827fc700 1 RefCountedObject::put 0x559d4dc66cf0 10 -> 9
2017-11-27 15:32:25.572219 7f3f837fe700 1 RefCountedObject::put 0x559d4dc66cf0 9 -> 8
2017-11-27 15:32:25.572221 7f3f837fe700 1 RefCountedObject::put 0x7f3f74001a10 4 -> 3
2017-11-27 15:32:25.572223 7f3f837fe700 1 RefCountedObject::put 0x7f3f74001a10 3 -> 2
2017-11-27 15:32:25.572341 7f3f83fff700 1 RefCountedObject::put 0x559d4dc63690 9 -> 8
2017-11-27 15:32:25.572345 7f3f83fff700 1 RefCountedObject::put 0x559d4dc63690 8 -> 7
2017-11-27 15:32:25.572348 7f3f83fff700 1 RefCountedObject::put 0x7f3f780013c0 4 -> 3
2017-11-27 15:32:25.572349 7f3f83fff700 1 RefCountedObject::put 0x7f3f780013c0 3 -> 2
2017-11-27 15:32:25.572357 7f3f83fff700 1 RefCountedObject::put 0x559d4dc63690 9 -> 8
2017-11-27 15:32:25.572360 7f3f83fff700 1 RefCountedObject::put 0x559d4dc63690 10 -> 9
2017-11-27 15:32:25.572361 7f3f83fff700 1 RefCountedObject::put 0x559d4dc63690 9 -> 8
2017-11-27 15:32:25.572363 7f3f83fff700 1 RefCountedObject::put 0x7f3f78001b80 4 -> 3
2017-11-27 15:32:25.572364 7f3f83fff700 1 RefCountedObject::put 0x7f3f78001b80 3 -> 2
2017-11-27 15:32:25.572555 7f3f827fc700 1 RefCountedObject::put 0x7f3f74001290 2 -> 1
2017-11-27 15:32:25.572568 7f3f827fc700 1 RefCountedObject::put 0x559d4dc66cf0 8 -> 7
2017-11-27 15:32:25.572571 7f3f827fc700 1 RefCountedObject::put 0x7f3f74001290 1 -> 0
2017-11-27 15:32:25.572573 7f3f827fc700 1 RefCountedObject::put 0x7f3f74001a10 3 -> 2
2017-11-27 15:32:25.572577 7f3f827fc700 1 RefCountedObject::put 0x559d4dc66cf0 8 -> 7
2017-11-27 15:32:25.572751 7f3f827fc700 1 RefCountedObject::put 0x559d4dc66cf0 9 -> 8
2017-11-27 15:32:25.572764 7f3f827fc700 1 RefCountedObject::put 0x7f3f74001a10 2 -> 1
2017-11-27 15:32:25.572770 7f3f827fc700 1 RefCountedObject::put 0x559d4dc66cf0 8 -> 7
2017-11-27 15:32:25.572772 7f3f827fc700 1 RefCountedObject::put 0x7f3f74001a10 1 -> 0
2017-11-27 15:32:25.572774 7f3f827fc700 1 RefCountedObject::put 0x7f3f780013c0 3 -> 2
2017-11-27 15:32:25.572778 7f3f827fc700 1 RefCountedObject::put 0x559d4dc63690 9 -> 8
2017-11-27 15:32:25.572816 7f3f827fc700 1 RefCountedObject::put 0x7f3f780013c0 2 -> 1
2017-11-27 15:32:25.572820 7f3f827fc700 1 RefCountedObject::put 0x559d4dc63690 8 -> 7
2017-11-27 15:32:25.572822 7f3f827fc700 1 RefCountedObject::put 0x7f3f780013c0 1 -> 0
2017-11-27 15:32:25.572823 7f3f827fc700 1 RefCountedObject::put 0x7f3f78001b80 3 -> 2
2017-11-27 15:32:25.572827 7f3f827fc700 1 RefCountedObject::put 0x559d4dc63690 8 -> 7
2017-11-27 15:32:25.572825 7f3f837fe700 1 RefCountedObject::put 0x559d4dc66cf0 7 -> 6
2017-11-27 15:32:25.572887 7f3f827fc700 1 RefCountedObject::put 0x559d4dc63690 9 -> 8
2017-11-27 15:32:25.572898 7f3f827fc700 1 RefCountedObject::put 0x7f3f78001b80 2 -> 1
2017-11-27 15:32:25.572904 7f3f827fc700 1 RefCountedObject::put 0x559d4dc63690 8 -> 7
2017-11-27 15:32:25.572935 7f3f83fff700 1 RefCountedObject::put 0x559d4dc63690 7 -> 6
2017-11-27 15:32:25.574838 7f3f837fe700 1 RefCountedObject::put 0x559d4dc66cf0 8 -> 7
2017-11-27 15:32:25.574858 7f3f837fe700 1 RefCountedObject::put 0x559d4dc66cf0 9 -> 8
2017-11-27 15:32:25.574860 7f3f837fe700 1 RefCountedObject::put 0x559d4dc66cf0 8 -> 7
2017-11-27 15:32:25.574880 7f3f83fff700 1 RefCountedObject::put 0x559d4dc63690 8 -> 7
2017-11-27 15:32:25.574884 7f3f83fff700 1 RefCountedObject::put 0x559d4dc63690 9 -> 8
2017-11-27 15:32:25.574885 7f3f83fff700 1 RefCountedObject::put 0x559d4dc63690 8 -> 7
2017-11-27 15:32:25.574951 7f3f827fc700 1 RefCountedObject::put 0x7f3f78001b80 1 -> 0
2017-11-27 15:32:25.574967 7f3f837fe700 1 RefCountedObject::put 0x7f3f74002170 4 -> 3
2017-11-27 15:32:25.574970 7f3f837fe700 1 RefCountedObject::put 0x7f3f74002170 3 -> 2
2017-11-27 15:32:25.574986 7f3f83fff700 1 RefCountedObject::put 0x7f3f780023a0 4 -> 3
2017-11-27 15:32:25.574988 7f3f83fff700 1 RefCountedObject::put 0x7f3f780023a0 3 -> 2
2017-11-27 15:32:25.575021 7f3f827fc700 1 RefCountedObject::put 0x7f3f74002170 3 -> 2
2017-11-27 15:32:25.575034 7f3f827fc700 1 RefCountedObject::put 0x559d4dc66cf0 8 -> 7
2017-11-27 15:32:25.575158 7f3f827fc700 1 RefCountedObject::put 0x559d4dc66cf0 9 -> 8
2017-11-27 15:32:25.575172 7f3f827fc700 1 RefCountedObject::put 0x7f3f74002170 2 -> 1
2017-11-27 15:32:25.575177 7f3f827fc700 1 RefCountedObject::put 0x559d4dc66cf0 8 -> 7
2017-11-27 15:32:25.575179 7f3f827fc700 1 RefCountedObject::put 0x7f3f74002170 1 -> 0
2017-11-27 15:32:25.575181 7f3f827fc700 1 RefCountedObject::put 0x7f3f780023a0 3 -> 2
2017-11-27 15:32:25.575185 7f3f827fc700 1 RefCountedObject::put 0x559d4dc63690 8 -> 7
2017-11-27 15:32:25.575243 7f3f827fc700 1 RefCountedObject::put 0x559d4dc63690 9 -> 8
2017-11-27 15:32:25.575252 7f3f827fc700 1 RefCountedObject::put 0x7f3f780023a0 2 -> 1
2017-11-27 15:32:25.575256 7f3f827fc700 1 RefCountedObject::put 0x559d4dc63690 8 -> 7
2017-11-27 15:32:25.575258 7f3f827fc700 1 RefCountedObject::put 0x7f3f780023a0 1 -> 0
2017-11-27 15:32:25.575281 7f3f837fe700 1 RefCountedObject::put 0x559d4dc66cf0 7 -> 6
2017-11-27 15:32:25.575367 7f3f83fff700 1 RefCountedObject::put 0x559d4dc63690 7 -> 6
2017-11-27 15:32:25.577024 7f3f837fe700 1 RefCountedObject::put 0x559d4dc66cf0 8 -> 7
2017-11-27 15:32:25.577040 7f3f837fe700 1 RefCountedObject::put 0x559d4dc66cf0 9 -> 8
2017-11-27 15:32:25.577042 7f3f837fe700 1 RefCountedObject::put 0x559d4dc66cf0 8 -> 7
2017-11-27 15:32:25.577048 7f3f837fe700 1 RefCountedObject::put 0x7f3f74003b40 4 -> 3
2017-11-27 15:32:25.577049 7f3f837fe700 1 RefCountedObject::put 0x7f3f74003b40 3 -> 2
2017-11-27 15:32:25.577454 7f3f83fff700 1 RefCountedObject::put 0x559d4dc63690 8 -> 7
2017-11-27 15:32:25.577467 7f3f83fff700 1 RefCountedObject::put 0x559d4dc63690 9 -> 8
2017-11-27 15:32:25.577469 7f3f83fff700 1 RefCountedObject::put 0x559d4dc63690 8 -> 7
2017-11-27 15:32:25.577473 7f3f83fff700 1 RefCountedObject::put 0x7f3f78003b70 4 -> 3
2017-11-27 15:32:25.577475 7f3f83fff700 1 RefCountedObject::put 0x7f3f78003b70 3 -> 2
2017-11-27 15:32:25.577487 7f3f827fc700 1 RefCountedObject::put 0x7f3f74003b40 3 -> 2
2017-11-27 15:32:25.577496 7f3f827fc700 1 RefCountedObject::put 0x559d4dc66cf0 8 -> 7
2017-11-27 15:32:25.577603 7f3f827fc700 1 RefCountedObject::put 0x7f3f74003b40 2 -> 1
2017-11-27 15:32:25.577618 7f3f827fc700 1 RefCountedObject::put 0x7f3f78003b70 3 -> 2
2017-11-27 15:32:25.577631 7f3f827fc700 1 RefCountedObject::put 0x7f3f78003b70 2 -> 1
2017-11-27 15:32:25.577635 7f3f827fc700 1 RefCountedObject::put 0x559d4dc63690 7 -> 6
2017-11-27 15:32:25.577637 7f3f827fc700 1 RefCountedObject::put 0x7f3f78003b70 1 -> 0
2017-11-27 15:32:25.577645 7f3f827fc700 1 RefCountedObject::put 0x559d4dc63690 8 -> 7
2017-11-27 15:32:25.577652 7f3f827fc700 1 RefCountedObject::put 0x559d4dc63690 9 -> 8
2017-11-27 15:32:25.577654 7f3f827fc700 1 RefCountedObject::put 0x559d4dc63690 8 -> 7
2017-11-27 15:32:25.577691 7f3f827fc700 1 RefCountedObject::put 0x559d4dc66cf0 8 -> 7
2017-11-27 15:32:25.577712 7f3f827fc700 1 RefCountedObject::put 0x559d4dc66cf0 10 -> 9
2017-11-27 15:32:25.577721 7f3f827fc700 1 RefCountedObject::put 0x559d4dc66cf0 9 -> 8
2017-11-27 15:32:25.577736 7f3f827fc700 1 RefCountedObject::put 0x559d4dc66cf0 8 -> 7
2017-11-27 15:32:25.577739 7f3f827fc700 1 RefCountedObject::put 0x7f3f74003b40 1 -> 0
2017-11-27 15:32:25.577773 7f3f837fe700 1 RefCountedObject::put 0x559d4dc66cf0 7 -> 6
2017-11-27 15:32:25.577811 7f3f9f32f0c0 1 RefCountedObject::put 0x559d4dc66cf0 9 -> 8
2017-11-27 15:32:25.577819 7f3f9f32f0c0 1 RefCountedObject::put 0x559d4dc66cf0 8 -> 7
2017-11-27 15:32:25.577885 7f3f83fff700 1 RefCountedObject::put 0x559d4dc63690 7 -> 6
2017-11-27 15:32:25.577891 7f3f83fff700 1 RefCountedObject::put 0x559d4dc63690 6 -> 5
2017-11-27 15:32:25.577892 7f3f83fff700 1 RefCountedObject::put 0x559d4dc63690 5 -> 4
2017-11-27 15:32:25.577894 7f3f83fff700 1 RefCountedObject::put 0x559d4dc63690 4 -> 3
2017-11-27 15:32:25.577895 7f3f83fff700 1 RefCountedObject::put 0x559d4dc63690 3 -> 2
2017-11-27 15:32:25.577904 7f3f9f32f0c0 1 RefCountedObject::put 0x559d4dc66cf0 10 -> 9
2017-11-27 15:32:25.577907 7f3f9f32f0c0 1 RefCountedObject::put 0x559d4dc66cf0 9 -> 8
2017-11-27 15:32:25.578008 7f3f837fe700 1 RefCountedObject::put 0x559d4dc66cf0 8 -> 7
2017-11-27 15:32:25.578034 7f3f837fe700 1 RefCountedObject::put 0x559d4dc66cf0 7 -> 6
2017-11-27 15:32:25.578442 7f3f837fe700 1 RefCountedObject::put 0x559d4dc66cf0 8 -> 7
2017-11-27 15:32:25.578450 7f3f837fe700 1 RefCountedObject::put 0x559d4dc66cf0 9 -> 8
2017-11-27 15:32:25.578452 7f3f837fe700 1 RefCountedObject::put 0x559d4dc66cf0 8 -> 7
2017-11-27 15:32:25.578456 7f3f837fe700 1 RefCountedObject::put 0x7f3f740025c0 4 -> 3
2017-11-27 15:32:25.578458 7f3f837fe700 1 RefCountedObject::put 0x7f3f740025c0 3 -> 2
2017-11-27 15:32:25.578466 7f3f837fe700 1 RefCountedObject::put 0x559d4dc66cf0 9 -> 8
2017-11-27 15:32:25.578501 7f3f837fe700 1 RefCountedObject::put 0x559d4dc66cf0 10 -> 9
2017-11-27 15:32:25.578502 7f3f837fe700 1 RefCountedObject::put 0x559d4dc66cf0 9 -> 8
2017-11-27 15:32:25.578505 7f3f837fe700 1 RefCountedObject::put 0x7f3f74002f40 4 -> 3
2017-11-27 15:32:25.578506 7f3f837fe700 1 RefCountedObject::put 0x7f3f74002f40 3 -> 2
2017-11-27 15:32:25.578536 7f3f837fe700 1 RefCountedObject::put 0x559d4dc66cf0 10 -> 9
2017-11-27 15:32:25.578551 7f3f837fe700 1 RefCountedObject::put 0x559d4dc66cf0 11 -> 10
2017-11-27 15:32:25.578558 7f3f837fe700 1 RefCountedObject::put 0x559d4dc66cf0 10 -> 9
2017-11-27 15:32:25.578551 7f3f827fc700 1 RefCountedObject::put 0x7f3f740025c0 3 -> 2
2017-11-27 15:32:25.578584 7f3f827fc700 1 RefCountedObject::put 0x559d4dc66cf0 10 -> 9
2017-11-27 15:32:25.578626 7f3f827fc700 1 RefCountedObject::put 0x7f3f740025c0 2 -> 1
2017-11-27 15:32:25.578635 7f3f827fc700 1 RefCountedObject::put 0x559d4dc66cf0 9 -> 8
2017-11-27 15:32:25.578637 7f3f827fc700 1 RefCountedObject::put 0x7f3f740025c0 1 -> 0
2017-11-27 15:32:25.578638 7f3f827fc700 1 RefCountedObject::put 0x7f3f74002f40 3 -> 2
2017-11-27 15:32:25.578655 7f3f827fc700 1 RefCountedObject::put 0x7f3f74002f40 2 -> 1
2017-11-27 15:32:25.578681 7f3f827fc700 1 RefCountedObject::put 0x7f3f6c00e910 2 -> 1
2017-11-27 15:32:25.578683 7f3f827fc700 1 RefCountedObject::put 0x7f3f6c00e910 3 -> 2
2017-11-27 15:32:25.578684 7f3f827fc700 1 RefCountedObject::put 0x7f3f6c00e910 4 -> 3
2017-11-27 15:32:25.578686 7f3f827fc700 1 RefCountedObject::put 0x7f3f6c00e910 5 -> 4
2017-11-27 15:32:25.578703 7f3f827fc700 1 RefCountedObject::put 0x559d4dc66cf0 8 -> 7
2017-11-27 15:32:25.578706 7f3f827fc700 1 RefCountedObject::put 0x7f3f74002f40 1 -> 0
2017-11-27 15:32:25.578712 7f3f837fe700 1 RefCountedObject::put 0x7f3f74005580 4 -> 3
2017-11-27 15:32:25.578713 7f3f837fe700 1 RefCountedObject::put 0x7f3f74005580 3 -> 2
2017-11-27 15:32:25.578979 7f3f827fc700 1 RefCountedObject::put 0x7f3f74005580 3 -> 2
2017-11-27 15:32:25.579228 7f3f827fc700 1 RefCountedObject::put 0x7f3f74005580 2 -> 1
2017-11-27 15:32:25.579234 7f3f827fc700 1 RefCountedObject::put 0x559d4dc66cf0 7 -> 6
2017-11-27 15:32:25.579237 7f3f827fc700 1 RefCountedObject::put 0x7f3f74005580 1 -> 0
2017-11-27 15:32:25.580342 7f3f9f32f0c0 1 RefCountedObject::put 0x559d4dc71040 2 -> 1
2017-11-27 15:32:25.580351 7f3f9f32f0c0 1 RefCountedObject::put 0x559d4dc71040 3 -> 2
2017-11-27 15:32:25.580353 7f3f9f32f0c0 1 RefCountedObject::put 0x559d4dc71040 4 -> 3
2017-11-27 15:32:25.580354 7f3f9f32f0c0 1 RefCountedObject::put 0x559d4dc71040 5 -> 4
2017-11-27 15:32:25.580390 7f3f9f32f0c0 1 RefCountedObject::put 0x559d4dc71040 9 -> 8
2017-11-27 15:32:25.580396 7f3f9f32f0c0 1 RefCountedObject::put 0x559d4dc71040 8 -> 7
2017-11-27 15:32:25.580881 7f3f90abf700 1 RefCountedObject::put 0x559d4dc71040 10 -> 9
2017-11-27 15:32:25.580887 7f3f90abf700 1 RefCountedObject::put 0x559d4dc71040 9 -> 8
2017-11-27 15:32:25.580968 7f3f90abf700 1 RefCountedObject::put 0x559d4dc71040 8 -> 7
2017-11-27 15:32:25.581040 7f3f827fc700 1 RefCountedObject::put 0x559d4dc71040 8 -> 7
2017-11-27 15:32:25.581049 7f3f827fc700 1 RefCountedObject::put 0x559d4dc71040 7 -> 6
2017-11-27 15:32:25.600921 7f3f83fff700 1 RefCountedObject::put 0x7f3f6c00e910 9 -> 8
2017-11-27 15:32:25.600933 7f3f83fff700 1 RefCountedObject::put 0x7f3f6c00e910 8 -> 7
2017-11-27 15:32:25.600945 7f3f827fc700 1 RefCountedObject::put 0x7f3f6c00e910 8 -> 7
2017-11-27 15:32:25.600955 7f3f827fc700 1 RefCountedObject::put 0x7f3f6c00e910 7 -> 6
2017-11-27 15:32:25.621683 7f3f90abf700 1 RefCountedObject::put 0x559d4dc71040 8 -> 7
2017-11-27 15:32:25.621759 7f3f90abf700 1 RefCountedObject::put 0x559d4dc71040 9 -> 8
2017-11-27 15:32:25.621763 7f3f90abf700 1 RefCountedObject::put 0x559d4dc71040 8 -> 7
2017-11-27 15:32:25.621807 7f3f90abf700 1 RefCountedObject::put 0x559d4dc71040 8 -> 7
2017-11-27 15:32:25.621811 7f3f90abf700 1 RefCountedObject::put 0x7f3f7c0020d0 1 -> 0
2017-11-27 15:32:25.621812 7f3f90abf700 1 RefCountedObject::put 0x559d4dc71040 7 -> 6
2017-11-27 15:32:25.621898 7f3f62ffd700 1 RefCountedObject::put 0x559d4dc71040 9 -> 8
2017-11-27 15:32:25.621914 7f3f62ffd700 1 RefCountedObject::put 0x559d4dc71040 8 -> 7
2017-11-27 15:32:25.622022 7f3f90abf700 1 RefCountedObject::put 0x559d4dc71040 7 -> 6
2017-11-27 15:32:25.626955 7f3f90abf700 1 RefCountedObject::put 0x559d4dc71040 8 -> 7
2017-11-27 15:32:25.627005 7f3f90abf700 1 RefCountedObject::put 0x559d4dc71040 9 -> 8
2017-11-27 15:32:25.627008 7f3f90abf700 1 RefCountedObject::put 0x559d4dc71040 8 -> 7
2017-11-27 15:32:25.627036 7f3f90abf700 1 RefCountedObject::put 0x559d4dc71040 8 -> 7
2017-11-27 15:32:25.627040 7f3f90abf700 1 RefCountedObject::put 0x7f3f7c002920 1 -> 0
2017-11-27 15:32:25.627042 7f3f90abf700 1 RefCountedObject::put 0x559d4dc71040 7 -> 6
2017-11-27 15:32:25.627233 7f3f62ffd700 1 RefCountedObject::put 0x7f3f54004ff0 2 -> 1
2017-11-27 15:32:25.627240 7f3f62ffd700 1 RefCountedObject::put 0x7f3f54004ff0 3 -> 2
2017-11-27 15:32:25.627242 7f3f62ffd700 1 RefCountedObject::put 0x7f3f54004ff0 4 -> 3
2017-11-27 15:32:25.627243 7f3f62ffd700 1 RefCountedObject::put 0x7f3f54004ff0 5 -> 4
2017-11-27 15:32:25.627277 7f3f62ffd700 1 RefCountedObject::put 0x7f3f54004ff0 9 -> 8
2017-11-27 15:32:25.627283 7f3f62ffd700 1 RefCountedObject::put 0x7f3f54004ff0 8 -> 7
2017-11-27 15:32:25.628033 7f3f83fff700 1 RefCountedObject::put 0x7f3f54004ff0 10 -> 9
2017-11-27 15:32:25.628043 7f3f83fff700 1 RefCountedObject::put 0x7f3f54004ff0 9 -> 8
2017-11-27 15:32:25.628052 7f3f827fc700 1 RefCountedObject::put 0x7f3f54004ff0 9 -> 8
2017-11-27 15:32:25.628061 7f3f827fc700 1 RefCountedObject::put 0x7f3f54004ff0 8 -> 7
2017-11-27 15:32:25.628105 7f3f83fff700 1 RefCountedObject::put 0x7f3f54004ff0 7 -> 6
2017-11-27 15:32:25.635227 7f3f83fff700 1 RefCountedObject::put 0x7f3f54004ff0 8 -> 7
2017-11-27 15:32:25.635274 7f3f83fff700 1 RefCountedObject::put 0x7f3f54004ff0 9 -> 8
2017-11-27 15:32:25.635277 7f3f83fff700 1 RefCountedObject::put 0x7f3f54004ff0 8 -> 7
2017-11-27 15:32:25.635305 7f3f83fff700 1 RefCountedObject::put 0x7f3f54004ff0 8 -> 7
2017-11-27 15:32:25.635310 7f3f83fff700 1 RefCountedObject::put 0x7f3f78006850 1 -> 0
2017-11-27 15:32:25.635312 7f3f83fff700 1 RefCountedObject::put 0x7f3f54004ff0 7 -> 6
2017-11-27 15:32:25.635363 7f3f62ffd700 1 RefCountedObject::put 0x7f3f54004ff0 9 -> 8
2017-11-27 15:32:25.635377 7f3f62ffd700 1 RefCountedObject::put 0x7f3f54004ff0 8 -> 7
2017-11-27 15:32:25.635497 7f3f83fff700 1 RefCountedObject::put 0x7f3f54004ff0 7 -> 6
2017-11-27 15:32:25.635997 7f3f83fff700 1 RefCountedObject::put 0x7f3f54004ff0 8 -> 7
2017-11-27 15:32:25.636025 7f3f83fff700 1 RefCountedObject::put 0x7f3f54004ff0 9 -> 8
2017-11-27 15:32:25.636027 7f3f83fff700 1 RefCountedObject::put 0x7f3f54004ff0 8 -> 7
2017-11-27 15:32:25.636045 7f3f83fff700 1 RefCountedObject::put 0x7f3f54004ff0 8 -> 7
2017-11-27 15:32:25.636048 7f3f83fff700 1 RefCountedObject::put 0x7f3f78006640 1 -> 0
2017-11-27 15:32:25.636049 7f3f83fff700 1 RefCountedObject::put 0x7f3f54004ff0 7 -> 6
2017-11-27 15:32:25.636098 7f3f62ffd700 1 RefCountedObject::put 0x7f3f54004ff0 9 -> 8
2017-11-27 15:32:25.636111 7f3f62ffd700 1 RefCountedObject::put 0x7f3f54004ff0 8 -> 7
2017-11-27 15:32:25.636225 7f3f83fff700 1 RefCountedObject::put 0x7f3f54004ff0 7 -> 6
2017-11-27 15:32:25.636870 7f3f83fff700 1 RefCountedObject::put 0x7f3f54004ff0 8 -> 7
2017-11-27 15:32:25.636905 7f3f83fff700 1 RefCountedObject::put 0x7f3f54004ff0 9 -> 8
2017-11-27 15:32:25.636910 7f3f83fff700 1 RefCountedObject::put 0x7f3f54004ff0 8 -> 7
2017-11-27 15:32:25.636930 7f3f83fff700 1 RefCountedObject::put 0x7f3f54004ff0 8 -> 7
2017-11-27 15:32:25.636933 7f3f83fff700 1 RefCountedObject::put 0x7f3f78005750 1 -> 0
2017-11-27 15:32:25.636935 7f3f83fff700 1 RefCountedObject::put 0x7f3f54004ff0 7 -> 6
2017-11-27 15:32:25.636985 7f3f62ffd700 1 RefCountedObject::put 0x7f3f54004ff0 9 -> 8
2017-11-27 15:32:25.636996 7f3f62ffd700 1 RefCountedObject::put 0x7f3f54004ff0 8 -> 7
2017-11-27 15:32:25.637075 7f3f83fff700 1 RefCountedObject::put 0x7f3f54004ff0 7 -> 6
2017-11-27 15:32:25.637461 7f3f83fff700 1 RefCountedObject::put 0x7f3f54004ff0 8 -> 7
2017-11-27 15:32:25.637492 7f3f83fff700 1 RefCountedObject::put 0x7f3f54004ff0 9 -> 8
2017-11-27 15:32:25.637497 7f3f83fff700 1 RefCountedObject::put 0x7f3f54004ff0 8 -> 7
2017-11-27 15:32:25.637512 7f3f83fff700 1 RefCountedObject::put 0x7f3f54004ff0 8 -> 7
2017-11-27 15:32:25.637515 7f3f83fff700 1 RefCountedObject::put 0x7f3f78005ec0 1 -> 0
2017-11-27 15:32:25.637516 7f3f83fff700 1 RefCountedObject::put 0x7f3f54004ff0 7 -> 6
2017-11-27 15:32:25.637579 7f3f62ffd700 1 RefCountedObject::put 0x7f3f54004ff0 9 -> 8
2017-11-27 15:32:25.637595 7f3f62ffd700 1 RefCountedObject::put 0x7f3f54004ff0 8 -> 7
2017-11-27 15:32:25.637655 7f3f83fff700 1 RefCountedObject::put 0x7f3f54004ff0 7 -> 6
2017-11-27 15:32:25.638135 7f3f83fff700 1 RefCountedObject::put 0x7f3f54004ff0 8 -> 7
2017-11-27 15:32:25.638196 7f3f83fff700 1 RefCountedObject::put 0x7f3f54004ff0 9 -> 8
2017-11-27 15:32:25.638202 7f3f83fff700 1 RefCountedObject::put 0x7f3f54004ff0 8 -> 7
2017-11-27 15:32:25.638222 7f3f83fff700 1 RefCountedObject::put 0x7f3f54004ff0 8 -> 7
2017-11-27 15:32:25.638224 7f3f83fff700 1 RefCountedObject::put 0x7f3f78007660 1 -> 0
2017-11-27 15:32:25.638226 7f3f83fff700 1 RefCountedObject::put 0x7f3f54004ff0 7 -> 6 *** stack smashing detected ***: rbd terminated *** Caught signal (Aborted) ** in thread 7f3f62ffd700 thread_name:fn-radosclient ceph version 12.2.0-1124-g5e519ae (5e519aebe718bd16d52e974beba8e3bf97b04ae8) luminous (stable) 1: (()+0x195f44) [0x559d4cdb3f44] 2: (()+0x11390) [0x7f3f95741390] 3: (gsignal()+0x38) [0x7f3f946f2428] 4: (abort()+0x16a) [0x7f3f946f402a] 5: (()+0x777ea) [0x7f3f947347ea] 6: (__fortify_fail()+0x5c) [0x7f3f947d611c] 7: (__fortify_fail()+0) [0x7f3f947d60c0] 8: (()+0x59beb) [0x7f3f9ec7fbeb] 9: (()+0x5ccb4) [0x7f3f9ec82cb4] 10: (()+0x106acd) [0x7f3f9ed2cacd] 11: (()+0x10c102) [0x7f3f9ed32102] 12: (()+0x10c51f) [0x7f3f9ed3251f] 13: (librados::C_AioComplete::finish(int)+0x1d) [0x7f3f9e96578d] 14: (Context::complete(int)+0x9) [0x559d4ccdd949] 15: (Finisher::finisher_thread_entry()+0x460) [0x7f3f95e45010] 16: (()+0x76ba) [0x7f3f957376ba] 17: (clone()+0x6d) [0x7f3f947c43dd]
2017-11-27 15:32:25.646780 7f3f62ffd700 -1 *** Caught signal (Aborted) ** in thread 7f3f62ffd700 thread_name:fn-radosclient ceph version 12.2.0-1124-g5e519ae (5e519aebe718bd16d52e974beba8e3bf97b04ae8) luminous (stable) 1: (()+0x195f44) [0x559d4cdb3f44] 2: (()+0x11390) [0x7f3f95741390] 3: (gsignal()+0x38) [0x7f3f946f2428] 4: (abort()+0x16a) [0x7f3f946f402a] 5: (()+0x777ea) [0x7f3f947347ea] 6: (__fortify_fail()+0x5c) [0x7f3f947d611c] 7: (__fortify_fail()+0) [0x7f3f947d60c0] 8: (()+0x59beb) [0x7f3f9ec7fbeb] 9: (()+0x5ccb4) [0x7f3f9ec82cb4] 10: (()+0x106acd) [0x7f3f9ed2cacd] 11: (()+0x10c102) [0x7f3f9ed32102] 12: (()+0x10c51f) [0x7f3f9ed3251f] 13: (librados::C_AioComplete::finish(int)+0x1d) [0x7f3f9e96578d] 14: (Context::complete(int)+0x9) [0x559d4ccdd949] 15: (Finisher::finisher_thread_entry()+0x460) [0x7f3f95e45010] 16: (()+0x76ba) [0x7f3f957376ba] 17: (clone()+0x6d) [0x7f3f947c43dd] NOTE: a copy of the executable, or `objdump -rdS ` is needed to interpret this. --- begin dump of recent events --- -365>
2017-11-27 15:32:25.477584 7f3f9f32f0c0 5 asok(0x559d4dad6ca0) register_command perfcounters_dump hook 0x559d4db601f0 -364>
2017-11-27 15:32:25.477610 7f3f9f32f0c0 5 asok(0x559d4dad6ca0) register_command 1 hook 0x559d4db601f0 -363>
2017-11-27 15:32:25.477614 7f3f9f32f0c0 5 asok(0x559d4dad6ca0) register_command perf dump hook 0x559d4db601f0 -362>
2017-11-27 15:32:25.477619 7f3f9f32f0c0 5 asok(0x559d4dad6ca0) register_command perfcounters_schema hook 0x559d4db601f0 -361>
2017-11-27 15:32:25.477625 7f3f9f32f0c0 5 asok(0x559d4dad6ca0) register_command perf histogram dump hook 0x559d4db601f0 -360>
2017-11-27 15:32:25.477630 7f3f9f32f0c0 5 asok(0x559d4dad6ca0) register_command 2 hook 0x559d4db601f0 -359>
2017-11-27 15:32:25.477635 7f3f9f32f0c0 5 asok(0x559d4dad6ca0) register_command perf schema hook 0x559d4db601f0 -358>
2017-11-27 15:32:25.477641 7f3f9f32f0c0 5 asok(0x559d4dad6ca0) register_command perf histogram schema hook 0x559d4db601f0 -357>
2017-11-27 15:32:25.477654 7f3f9f32f0c0 5 asok(0x559d4dad6ca0) register_command perf reset hook 0x559d4db601f0 -356>
2017-11-27 15:32:25.477659 7f3f9f32f0c0 5 asok(0x559d4dad6ca0) register_command config show hook 0x559d4db601f0 -355>
2017-11-27 15:32:25.477665 7f3f9f32f0c0 5 asok(0x559d4dad6ca0) register_command config help hook 0x559d4db601f0 -354>
2017-11-27 15:32:25.477670 7f3f9f32f0c0 5 asok(0x559d4dad6ca0) register_command config set hook 0x559d4db601f0 -353>
2017-11-27 15:32:25.477675 7f3f9f32f0c0 5 asok(0x559d4dad6ca0) register_command config get hook 0x559d4db601f0 -352>
2017-11-27 15:32:25.477679 7f3f9f32f0c0 5 asok(0x559d4dad6ca0) register_command config diff hook 0x559d4db601f0 -351>
2017-11-27 15:32:25.477684 7f3f9f32f0c0 5 asok(0x559d4dad6ca0) register_command config diff get hook 0x559d4db601f0 -350>
2017-11-27 15:32:25.477689 7f3f9f32f0c0 5 asok(0x559d4dad6ca0) register_command log flush hook 0x559d4db601f0 -349>
2017-11-27 15:32:25.477694 7f3f9f32f0c0 5 asok(0x559d4dad6ca0) register_command log dump hook 0x559d4db601f0 -348>
2017-11-27 15:32:25.477698 7f3f9f32f0c0 5 asok(0x559d4dad6ca0) register_command log reopen hook 0x559d4db601f0 -347>
2017-11-27 15:32:25.477712 7f3f9f32f0c0 5 asok(0x559d4dad6ca0) register_command dump_mempools hook 0x559d4db634d8 -346>
2017-11-27 15:32:25.489569 7f3f9f32f0c0 -1 WARNING: all dangerous and experimental features are enabled. -345>
2017-11-27 15:32:25.489590 7f3f9f32f0c0 1 lockdep start -344>
2017-11-27 15:32:25.489808 7f3f9f32f0c0 -1 WARNING: all dangerous and experimental features are enabled. -343>
2017-11-27 15:32:25.496470 7f3f9f32f0c0 1 lockdep using id 0 -342>
2017-11-27 15:32:25.496807 7f3f9f32f0c0 -1 WARNING: all dangerous and experimental features are enabled. -341>
2017-11-27 15:32:25.496817 7f3f9f32f0c0 5 asok(0x559d4dad6ca0) init /tmp/ceph-asok.Dxb1L7/client.admin.29881.asok -340>
2017-11-27 15:32:25.496827 7f3f9f32f0c0 5 asok(0x559d4dad6ca0) bind_and_listen /tmp/ceph-asok.Dxb1L7/client.admin.29881.asok -339>
2017-11-27 15:32:25.496928 7f3f9f32f0c0 1 lockdep using id 1 -338>
2017-11-27 15:32:25.496943 7f3f9f32f0c0 5 asok(0x559d4dad6ca0) register_command 0 hook 0x559d4dbb8bc0 -337>
2017-11-27 15:32:25.496956 7f3f9f32f0c0 5 asok(0x559d4dad6ca0) register_command version hook 0x559d4dbb8bc0 -336>
2017-11-27 15:32:25.496964 7f3f9f32f0c0 5 asok(0x559d4dad6ca0) register_command git_version hook 0x559d4dbb8bc0 -335>
2017-11-27 15:32:25.496970 7f3f9f32f0c0 5 asok(0x559d4dad6ca0) register_command help hook 0x559d4dbb8890 -334>
2017-11-27 15:32:25.496979 7f3f9f32f0c0 5 asok(0x559d4dad6ca0) register_command get_command_descriptions hook 0x559d4dbb9e70 -333>
2017-11-27 15:32:25.497028 7f3f912c0700 5 asok(0x559d4dad6ca0) entry start -332>
2017-11-27 15:32:25.497032 7f3f9f32f0c0 1 lockdep using id 2 -331>
2017-11-27 15:32:25.497064 7f3f9f32f0c0 1 lockdep using id 3 -330>
2017-11-27 15:32:25.497070 7f3f9f32f0c0 1 lockdep using id 4 -329>
2017-11-27 15:32:25.497078 7f3f9f32f0c0 1 lockdep using id 5 -328>
2017-11-27 15:32:25.497083 7f3f9f32f0c0 1 lockdep using id 6 -327>
2017-11-27 15:32:25.497092 7f3f9f32f0c0 1 lockdep using id 7 -326>
2017-11-27 15:32:25.497100 7f3f9f32f0c0 1 lockdep using id 8 -325>
2017-11-27 15:32:25.497109 7f3f9f32f0c0 1 lockdep using id 9 -324>
2017-11-27 15:32:25.497124 7f3f9f32f0c0 10 monclient: build_initial_monmap -323>
2017-11-27 15:32:25.497202 7f3f9f32f0c0 1 lockdep using id 10 -322>
2017-11-27 15:32:25.497208 7f3f9f32f0c0 1 lockdep using id 11 -321>
2017-11-27 15:32:25.497211 7f3f9f32f0c0 1 lockdep using id 12 -320>
2017-11-27 15:32:25.497216 7f3f9f32f0c0 1 lockdep using id 13 -319>
2017-11-27 15:32:25.497220 7f3f9f32f0c0 1 lockdep using id 14 -318>
2017-11-27 15:32:25.497239 7f3f9f32f0c0 1 lockdep using id 15 -317>
2017-11-27 15:32:25.497242 7f3f9f32f0c0 1 lockdep using id 16 -316>
2017-11-27 15:32:25.497259 7f3f9f32f0c0 1 lockdep using id 17 -315>
2017-11-27 15:32:25.497346 7f3f9f32f0c0 1 lockdep using id 18 -314>
2017-11-27 15:32:25.497420 7f3f9f32f0c0 1 lockdep using id 19 -313>
2017-11-27 15:32:25.505144 7f3f9f32f0c0 1 lockdep using id 20 -312>
2017-11-27 15:32:25.505180 7f3f9f32f0c0 1 RefCountedObject::put 0x559d4dc46850 2 -> 1 -311>
2017-11-27 15:32:25.505192 7f3f9f32f0c0 1 RefCountedObject::put 0x559d4dc46850 3 -> 2 -310>
2017-11-27 15:32:25.505194 7f3f9f32f0c0 1 RefCountedObject::put 0x559d4dc46850 4 -> 3 -309>
2017-11-27 15:32:25.505196 7f3f9f32f0c0 1 RefCountedObject::put 0x559d4dc46850 5 -> 4 -308>
2017-11-27 15:32:25.505224 7f3f9f32f0c0 1 librados: starting msgr at - -307>
2017-11-27 15:32:25.505237 7f3f9f32f0c0 1 librados: starting objecter -306>
2017-11-27 15:32:25.505318 7f3f9f32f0c0 1 lockdep using id 21 -305>
2017-11-27 15:32:25.505350 7f3f9f32f0c0 1 lockdep using id 22 -304>
2017-11-27 15:32:25.505377 7f3f9f32f0c0 1 lockdep using id 23 -303>
2017-11-27 15:32:25.505458 7f3f9f32f0c0 5 asok(0x559d4dad6ca0) register_command objecter_requests hook 0x559d4dc520b0 -302>
2017-11-27 15:32:25.505712 7f3f9f32f0c0 1 librados: setting wanted keys -301>
2017-11-27 15:32:25.505727 7f3f9f32f0c0 1 librados: calling monclient init -300>
2017-11-27 15:32:25.505736 7f3f9f32f0c0 10 monclient: init -299>
2017-11-27 15:32:25.505756 7f3f9f32f0c0 5 adding auth protocol: cephx -298>
2017-11-27 15:32:25.505760 7f3f9f32f0c0 10 monclient: auth_supported 2 method cephx -297>
2017-11-27 15:32:25.506243 7f3f9f32f0c0 2 auth: KeyRing::load: loaded key file /home/sebastian/Repos/ceph/build/keyring -296>
2017-11-27 15:32:25.506253 7f3f9f32f0c0 1 lockdep using id 24 -295>
2017-11-27 15:32:25.506398 7f3f9f32f0c0 10 monclient: _reopen_session rank -1 -294>
2017-11-27 15:32:25.570212 7f3f9f32f0c0 1 RefCountedObject::put 0x559d4dc63690 2 -> 1 -293>
2017-11-27 15:32:25.570336 7f3f9f32f0c0 1 RefCountedObject::put 0x559d4dc63690 3 -> 2 -292>
2017-11-27 15:32:25.570363 7f3f9f32f0c0 1 RefCountedObject::put 0x559d4dc63690 4 -> 3 -291>
2017-11-27 15:32:25.570383 7f3f9f32f0c0 1 RefCountedObject::put 0x559d4dc63690 5 -> 4 -290>
2017-11-27 15:32:25.570433 7f3f9f32f0c0 1 RefCountedObject::put 0x559d4dc63690 8 -> 7 -289>
2017-11-27 15:32:25.570493 7f3f9f32f0c0 10 monclient(hunting): picked mon.a con 0x559d4dc63690 addr 127.0.0.1:40000/0 -288>
2017-11-27 15:32:25.570518 7f3f9f32f0c0 1 RefCountedObject::put 0x559d4dc63690 7 -> 6 -287>
2017-11-27 15:32:25.570574 7f3f9f32f0c0 1 RefCountedObject::put 0x559d4dc66cf0 2 -> 1 -286>
2017-11-27 15:32:25.570615 7f3f9f32f0c0 1 RefCountedObject::put 0x559d4dc66cf0 3 -> 2 -285>
2017-11-27 15:32:25.570653 7f3f9f32f0c0 1 RefCountedObject::put 0x559d4dc66cf0 4 -> 3 -284>
2017-11-27 15:32:25.570676 7f3f9f32f0c0 1 RefCountedObject::put 0x559d4dc66cf0 5 -> 4 -283>
2017-11-27 15:32:25.570715 7f3f9f32f0c0 1 RefCountedObject::put 0x559d4dc66cf0 8 -> 7 -282>
2017-11-27 15:32:25.570739 7f3f9f32f0c0 10 monclient(hunting): picked mon.b con 0x559d4dc66cf0 addr 127.0.0.1:40001/0 -281>
2017-11-27 15:32:25.570750 7f3f9f32f0c0 1 RefCountedObject::put 0x559d4dc66cf0 7 -> 6 -280>
2017-11-27 15:32:25.570857 7f3f9f32f0c0 1 RefCountedObject::put 0x559d4dc63690 8 -> 7 -279>
2017-11-27 15:32:25.570917 7f3f9f32f0c0 1 RefCountedObject::put 0x559d4dc66cf0 8 -> 7 -278>
2017-11-27 15:32:25.570950 7f3f9f32f0c0 10 monclient(hunting): _renew_subs -277>
2017-11-27 15:32:25.570967 7f3f9f32f0c0 10 monclient(hunting): authenticate will time out at
2017-11-27 15:37:25.570966 -276>
2017-11-27 15:32:25.571186 7f3f83fff700 1 RefCountedObject::put 0x559d4dc63690 10 -> 9 -275>
2017-11-27 15:32:25.571193 7f3f83fff700 1 RefCountedObject::put 0x559d4dc63690 9 -> 8 -274>
2017-11-27 15:32:25.571203 7f3f827fc700 1 RefCountedObject::put 0x559d4dc63690 9 -> 8 -273>
2017-11-27 15:32:25.571225 7f3f827fc700 1 RefCountedObject::put 0x559d4dc63690 8 -> 7 -272>
2017-11-27 15:32:25.571268 7f3f83fff700 1 RefCountedObject::put 0x559d4dc63690 7 -> 6 -271>
2017-11-27 15:32:25.571275 7f3f837fe700 1 RefCountedObject::put 0x559d4dc66cf0 10 -> 9 -270>
2017-11-27 15:32:25.571278 7f3f837fe700 1 RefCountedObject::put 0x559d4dc66cf0 9 -> 8 -269>
2017-11-27 15:32:25.571285 7f3f827fc700 1 RefCountedObject::put 0x559d4dc66cf0 9 -> 8 -268>
2017-11-27 15:32:25.571300 7f3f827fc700 1 RefCountedObject::put 0x559d4dc66cf0 8 -> 7 -267>
2017-11-27 15:32:25.571313 7f3f837fe700 1 RefCountedObject::put 0x559d4dc66cf0 7 -> 6 -266>
2017-11-27 15:32:25.571985 7f3f83fff700 1 RefCountedObject::put 0x559d4dc63690 8 -> 7 -265>
2017-11-27 15:32:25.572079 7f3f837fe700 1 RefCountedObject::put 0x559d4dc66cf0 8 -> 7 -264>
2017-11-27 15:32:25.572184 7f3f837fe700 1 RefCountedObject::put 0x559d4dc66cf0 9 -> 8 -263>
2017-11-27 15:32:25.572185 7f3f837fe700 1 RefCountedObject::put 0x559d4dc66cf0 8 -> 7 -262>
2017-11-27 15:32:25.572194 7f3f837fe700 1 RefCountedObject::put 0x7f3f74001290 4 -> 3 -261>
2017-11-27 15:32:25.572195 7f3f837fe700 1 RefCountedObject::put 0x7f3f74001290 3 -> 2 -260>
2017-11-27 15:32:25.572204 7f3f837fe700 1 RefCountedObject::put 0x559d4dc66cf0 9 -> 8 -259>
2017-11-27 15:32:25.572204 7f3f827fc700 1 RefCountedObject::put 0x7f3f74001290 3 -> 2 -258>
2017-11-27 15:32:25.572217 7f3f837fe700 1 RefCountedObject::put 0x559d4dc66cf0 10 -> 9 -257>
2017-11-27 15:32:25.572217 7f3f827fc700 1 RefCountedObject::put 0x559d4dc66cf0 10 -> 9 -256>
2017-11-27 15:32:25.572219 7f3f837fe700 1 RefCountedObject::put 0x559d4dc66cf0 9 -> 8 -255>
2017-11-27 15:32:25.572221 7f3f837fe700 1 RefCountedObject::put 0x7f3f74001a10 4 -> 3 -254>
2017-11-27 15:32:25.572223 7f3f837fe700 1 RefCountedObject::put 0x7f3f74001a10 3 -> 2 -253>
2017-11-27 15:32:25.572225 7f3f827fc700 10 monclient(hunting): handle_monmap mon_map magic: 0 v1 -252>
2017-11-27 15:32:25.572280 7f3f827fc700 10 monclient(hunting): got monmap 1, mon.b is now rank 1 -251>
2017-11-27 15:32:25.572341 7f3f83fff700 1 RefCountedObject::put 0x559d4dc63690 9 -> 8 -250>
2017-11-27 15:32:25.572345 7f3f83fff700 1 RefCountedObject::put 0x559d4dc63690 8 -> 7 -249>
2017-11-27 15:32:25.572348 7f3f83fff700 1 RefCountedObject::put 0x7f3f780013c0 4 -> 3 -248>
2017-11-27 15:32:25.572349 7f3f83fff700 1 RefCountedObject::put 0x7f3f780013c0 3 -> 2 -247>
2017-11-27 15:32:25.572357 7f3f83fff700 1 RefCountedObject::put 0x559d4dc63690 9 -> 8 -246>
2017-11-27 15:32:25.572360 7f3f83fff700 1 RefCountedObject::put 0x559d4dc63690 10 -> 9 -245>
2017-11-27 15:32:25.572361 7f3f83fff700 1 RefCountedObject::put 0x559d4dc63690 9 -> 8 -244>
2017-11-27 15:32:25.572363 7f3f83fff700 1 RefCountedObject::put 0x7f3f78001b80 4 -> 3 -243>
2017-11-27 15:32:25.572364 7f3f83fff700 1 RefCountedObject::put 0x7f3f78001b80 3 -> 2 -242>
2017-11-27 15:32:25.572285 7f3f827fc700 10 monclient(hunting): dump: epoch 1 fsid 850652ee-f644-4086-8746-3d9b937dfa4e last_changed
2017-09-08 12:30:13.292427 created
2017-09-08 12:30:13.292427 0: 127.0.0.1:40000/0 mon.a 1: 127.0.0.1:40001/0 mon.b 2: 127.0.0.1:40002/0 mon.c -241>
2017-11-27 15:32:25.572555 7f3f827fc700 1 RefCountedObject::put 0x7f3f74001290 2 -> 1 -240>
2017-11-27 15:32:25.572568 7f3f827fc700 1 RefCountedObject::put 0x559d4dc66cf0 8 -> 7 -239>
2017-11-27 15:32:25.572571 7f3f827fc700 1 RefCountedObject::put 0x7f3f74001290 1 -> 0 -238>
2017-11-27 15:32:25.572573 7f3f827fc700 1 RefCountedObject::put 0x7f3f74001a10 3 -> 2 -237>
2017-11-27 15:32:25.572577 7f3f827fc700 1 RefCountedObject::put 0x559d4dc66cf0 8 -> 7 -236>
2017-11-27 15:32:25.572592 7f3f827fc700 1 lockdep using id 25 -235>
2017-11-27 15:32:25.572623 7f3f827fc700 10 monclient(hunting): my global_id is 694174 -234>
2017-11-27 15:32:25.572751 7f3f827fc700 1 RefCountedObject::put 0x559d4dc66cf0 9 -> 8 -233>
2017-11-27 15:32:25.572764 7f3f827fc700 1 RefCountedObject::put 0x7f3f74001a10 2 -> 1 -232>
2017-11-27 15:32:25.572770 7f3f827fc700 1 RefCountedObject::put 0x559d4dc66cf0 8 -> 7 -231>
2017-11-27 15:32:25.572772 7f3f827fc700 1 RefCountedObject::put 0x7f3f74001a10 1 -> 0 -230>
2017-11-27 15:32:25.572774 7f3f827fc700 1 RefCountedObject::put 0x7f3f780013c0 3 -> 2 -229>
2017-11-27 15:32:25.572778 7f3f827fc700 1 RefCountedObject::put 0x559d4dc63690 9 -> 8 -228>
2017-11-27 15:32:25.572779 7f3f827fc700 10 monclient(hunting): handle_monmap mon_map magic: 0 v1 -227>
2017-11-27 15:32:25.572796 7f3f827fc700 10 monclient(hunting): got monmap 1, mon.a is now rank 0 -226>
2017-11-27 15:32:25.572798 7f3f827fc700 10 monclient(hunting): dump: epoch 1 fsid 850652ee-f644-4086-8746-3d9b937dfa4e last_changed
2017-09-08 12:30:13.292427 created
2017-09-08 12:30:13.292427 0: 127.0.0.1:40000/0 mon.a 1: 127.0.0.1:40001/0 mon.b 2: 127.0.0.1:40002/0 mon.c -225>
2017-11-27 15:32:25.572816 7f3f827fc700 1 RefCountedObject::put 0x7f3f780013c0 2 -> 1 -224>
2017-11-27 15:32:25.572820 7f3f827fc700 1 RefCountedObject::put 0x559d4dc63690 8 -> 7 -223>
2017-11-27 15:32:25.572822 7f3f827fc700 1 RefCountedObject::put 0x7f3f780013c0 1 -> 0 -222>
2017-11-27 15:32:25.572823 7f3f827fc700 1 RefCountedObject::put 0x7f3f78001b80 3 -> 2 -221>
2017-11-27 15:32:25.572827 7f3f827fc700 1 RefCountedObject::put 0x559d4dc63690 8 -> 7 -220>
2017-11-27 15:32:25.572825 7f3f837fe700 1 RefCountedObject::put 0x559d4dc66cf0 7 -> 6 -219>
2017-11-27 15:32:25.572837 7f3f827fc700 10 monclient(hunting): my global_id is 694170 -218>
2017-11-27 15:32:25.572887 7f3f827fc700 1 RefCountedObject::put 0x559d4dc63690 9 -> 8 -217>
2017-11-27 15:32:25.572898 7f3f827fc700 1 RefCountedObject::put 0x7f3f78001b80 2 -> 1 -216>
2017-11-27 15:32:25.572904 7f3f827fc700 1 RefCountedObject::put 0x559d4dc63690 8 -> 7 -215>
2017-11-27 15:32:25.572935 7f3f83fff700 1 RefCountedObject::put 0x559d4dc63690 7 -> 6 -214>
2017-11-27 15:32:25.574838 7f3f837fe700 1 RefCountedObject::put 0x559d4dc66cf0 8 -> 7 -213>
2017-11-27 15:32:25.574858 7f3f837fe700 1 RefCountedObject::put 0x559d4dc66cf0 9 -> 8 -212>
2017-11-27 15:32:25.574860 7f3f837fe700 1 RefCountedObject::put 0x559d4dc66cf0 8 -> 7 -211>
2017-11-27 15:32:25.574880 7f3f83fff700 1 RefCountedObject::put 0x559d4dc63690 8 -> 7 -210>
2017-11-27 15:32:25.574884 7f3f83fff700 1 RefCountedObject::put 0x559d4dc63690 9 -> 8 -209>
2017-11-27 15:32:25.574885 7f3f83fff700 1 RefCountedObject::put 0x559d4dc63690 8 -> 7 -208>
2017-11-27 15:32:25.574951 7f3f827fc700 1 RefCountedObject::put 0x7f3f78001b80 1 -> 0 -207>
2017-11-27 15:32:25.574967 7f3f837fe700 1 RefCountedObject::put 0x7f3f74002170 4 -> 3 -206>
2017-11-27 15:32:25.574970 7f3f837fe700 1 RefCountedObject::put 0x7f3f74002170 3 -> 2 -205>
2017-11-27 15:32:25.574986 7f3f83fff700 1 RefCountedObject::put 0x7f3f780023a0 4 -> 3 -204>
2017-11-27 15:32:25.574988 7f3f83fff700 1 RefCountedObject::put 0x7f3f780023a0 3 -> 2 -203>
2017-11-27 15:32:25.575021 7f3f827fc700 1 RefCountedObject::put 0x7f3f74002170 3 -> 2 -202>
2017-11-27 15:32:25.575034 7f3f827fc700 1 RefCountedObject::put 0x559d4dc66cf0 8 -> 7 -201>
2017-11-27 15:32:25.575158 7f3f827fc700 1 RefCountedObject::put 0x559d4dc66cf0 9 -> 8 -200>
2017-11-27 15:32:25.575172 7f3f827fc700 1 RefCountedObject::put 0x7f3f74002170 2 -> 1 -199>
2017-11-27 15:32:25.575177 7f3f827fc700 1 RefCountedObject::put 0x559d4dc66cf0 8 -> 7 -198>
2017-11-27 15:32:25.575179 7f3f827fc700 1 RefCountedObject::put 0x7f3f74002170 1 -> 0 -197>
2017-11-27 15:32:25.575181 7f3f827fc700 1 RefCountedObject::put 0x7f3f780023a0 3 -> 2 -196>
2017-11-27 15:32:25.575185 7f3f827fc700 1 RefCountedObject::put 0x559d4dc63690 8 -> 7 -195>
2017-11-27 15:32:25.575243 7f3f827fc700 1 RefCountedObject::put 0x559d4dc63690 9 -> 8 -194>
2017-11-27 15:32:25.575252 7f3f827fc700 1 RefCountedObject::put 0x7f3f780023a0 2 -> 1 -193>
2017-11-27 15:32:25.575256 7f3f827fc700 1 RefCountedObject::put 0x559d4dc63690 8 -> 7 -192>
2017-11-27 15:32:25.575258 7f3f827fc700 1 RefCountedObject::put 0x7f3f780023a0 1 -> 0 -191>
2017-11-27 15:32:25.575281 7f3f837fe700 1 RefCountedObject::put 0x559d4dc66cf0 7 -> 6 -190>
2017-11-27 15:32:25.575367 7f3f83fff700 1 RefCountedObject::put 0x559d4dc63690 7 -> 6 -189>
2017-11-27 15:32:25.577024 7f3f837fe700 1 RefCountedObject::put 0x559d4dc66cf0 8 -> 7 -188>
2017-11-27 15:32:25.577040 7f3f837fe700 1 RefCountedObject::put 0x559d4dc66cf0 9 -> 8 -187>
2017-11-27 15:32:25.577042 7f3f837fe700 1 RefCountedObject::put 0x559d4dc66cf0 8 -> 7 -186>
2017-11-27 15:32:25.577048 7f3f837fe700 1 RefCountedObject::put 0x7f3f74003b40 4 -> 3 -185>
2017-11-27 15:32:25.577049 7f3f837fe700 1 RefCountedObject::put 0x7f3f74003b40 3 -> 2 -184>
2017-11-27 15:32:25.577454 7f3f83fff700 1 RefCountedObject::put 0x559d4dc63690 8 -> 7 -183>
2017-11-27 15:32:25.577467 7f3f83fff700 1 RefCountedObject::put 0x559d4dc63690 9 -> 8 -182>
2017-11-27 15:32:25.577469 7f3f83fff700 1 RefCountedObject::put 0x559d4dc63690 8 -> 7 -181>
2017-11-27 15:32:25.577473 7f3f83fff700 1 RefCountedObject::put 0x7f3f78003b70 4 -> 3 -180>
2017-11-27 15:32:25.577475 7f3f83fff700 1 RefCountedObject::put 0x7f3f78003b70 3 -> 2 -179>
2017-11-27 15:32:25.577487 7f3f827fc700 1 RefCountedObject::put 0x7f3f74003b40 3 -> 2 -178>
2017-11-27 15:32:25.577496 7f3f827fc700 1 RefCountedObject::put 0x559d4dc66cf0 8 -> 7 -177>
2017-11-27 15:32:25.577603 7f3f827fc700 1 RefCountedObject::put 0x7f3f74003b40 2 -> 1 -176>
2017-11-27 15:32:25.577618 7f3f827fc700 1 RefCountedObject::put 0x7f3f78003b70 3 -> 2 -175>
2017-11-27 15:32:25.577631 7f3f827fc700 1 RefCountedObject::put 0x7f3f78003b70 2 -> 1 -174>
2017-11-27 15:32:25.577635 7f3f827fc700 1 RefCountedObject::put 0x559d4dc63690 7 -> 6 -173>
2017-11-27 15:32:25.577637 7f3f827fc700 1 RefCountedObject::put 0x7f3f78003b70 1 -> 0 -172>
2017-11-27 15:32:25.577645 7f3f827fc700 1 RefCountedObject::put 0x559d4dc63690 8 -> 7 -171>
2017-11-27 15:32:25.577652 7f3f827fc700 1 RefCountedObject::put 0x559d4dc63690 9 -> 8 -170>
2017-11-27 15:32:25.577654 7f3f827fc700 1 RefCountedObject::put 0x559d4dc63690 8 -> 7 -169>
2017-11-27 15:32:25.577684 7f3f827fc700 1 monclient: found mon.b -168>
2017-11-27 15:32:25.577691 7f3f827fc700 1 RefCountedObject::put 0x559d4dc66cf0 8 -> 7 -167>
2017-11-27 15:32:25.577706 7f3f827fc700 10 monclient: _send_mon_message to mon.b at 127.0.0.1:40001/0 -166>
2017-11-27 15:32:25.577712 7f3f827fc700 1 RefCountedObject::put 0x559d4dc66cf0 10 -> 9 -165>
2017-11-27 15:32:25.577721 7f3f827fc700 1 RefCountedObject::put 0x559d4dc66cf0 9 -> 8 -164>
2017-11-27 15:32:25.577736 7f3f827fc700 1 RefCountedObject::put 0x559d4dc66cf0 8 -> 7 -163>
2017-11-27 15:32:25.577739 7f3f827fc700 1 RefCountedObject::put 0x7f3f74003b40 1 -> 0 -162>
2017-11-27 15:32:25.577773 7f3f837fe700 1 RefCountedObject::put 0x559d4dc66cf0 7 -> 6 -161>
2017-11-27 15:32:25.577786 7f3f9f32f0c0 5 monclient: authenticate success, global_id 694174 -160>
2017-11-27 15:32:25.577802 7f3f9f32f0c0 10 monclient: _renew_subs -159>
2017-11-27 15:32:25.577805 7f3f9f32f0c0 10 monclient: _send_mon_message to mon.b at 127.0.0.1:40001/0 -158>
2017-11-27 15:32:25.577811 7f3f9f32f0c0 1 RefCountedObject::put 0x559d4dc66cf0 9 -> 8 -157>
2017-11-27 15:32:25.577819 7f3f9f32f0c0 1 RefCountedObject::put 0x559d4dc66cf0 8 -> 7 -156>
2017-11-27 15:32:25.577885 7f3f83fff700 1 RefCountedObject::put 0x559d4dc63690 7 -> 6 -155>
2017-11-27 15:32:25.577891 7f3f83fff700 1 RefCountedObject::put 0x559d4dc63690 6 -> 5 -154>
2017-11-27 15:32:25.577892 7f3f83fff700 1 RefCountedObject::put 0x559d4dc63690 5 -> 4 -153>
2017-11-27 15:32:25.577894 7f3f83fff700 1 RefCountedObject::put 0x559d4dc63690 4 -> 3 -152>
2017-11-27 15:32:25.577895 7f3f83fff700 1 RefCountedObject::put 0x559d4dc63690 3 -> 2 -151>
2017-11-27 15:32:25.577898 7f3f9f32f0c0 10 monclient: _renew_subs -150>
2017-11-27 15:32:25.577901 7f3f9f32f0c0 10 monclient: _send_mon_message to mon.b at 127.0.0.1:40001/0 -149>
2017-11-27 15:32:25.577904 7f3f9f32f0c0 1 RefCountedObject::put 0x559d4dc66cf0 10 -> 9 -148>
2017-11-27 15:32:25.577907 7f3f9f32f0c0 1 RefCountedObject::put 0x559d4dc66cf0 9 -> 8 -147>
2017-11-27 15:32:25.577968 7f3f9f32f0c0 1 librados: init done -146>
2017-11-27 15:32:25.578008 7f3f837fe700 1 RefCountedObject::put 0x559d4dc66cf0 8 -> 7 -145>
2017-11-27 15:32:25.578034 7f3f837fe700 1 RefCountedObject::put 0x559d4dc66cf0 7 -> 6 -144>
2017-11-27 15:32:25.578442 7f3f837fe700 1 RefCountedObject::put 0x559d4dc66cf0 8 -> 7 -143>
2017-11-27 15:32:25.578450 7f3f837fe700 1 RefCountedObject::put 0x559d4dc66cf0 9 -> 8 -142>
2017-11-27 15:32:25.578452 7f3f837fe700 1 RefCountedObject::put 0x559d4dc66cf0 8 -> 7 -141>
2017-11-27 15:32:25.578456 7f3f837fe700 1 RefCountedObject::put 0x7f3f740025c0 4 -> 3 -140>
2017-11-27 15:32:25.578458 7f3f837fe700 1 RefCountedObject::put 0x7f3f740025c0 3 -> 2 -139>
2017-11-27 15:32:25.578466 7f3f837fe700 1 RefCountedObject::put 0x559d4dc66cf0 9 -> 8 -138>
2017-11-27 15:32:25.578501 7f3f837fe700 1 RefCountedObject::put 0x559d4dc66cf0 10 -> 9 -137>
2017-11-27 15:32:25.578502 7f3f837fe700 1 RefCountedObject::put 0x559d4dc66cf0 9 -> 8 -136>
2017-11-27 15:32:25.578505 7f3f837fe700 1 RefCountedObject::put 0x7f3f74002f40 4 -> 3 -135>
2017-11-27 15:32:25.578506 7f3f837fe700 1 RefCountedObject::put 0x7f3f74002f40 3 -> 2 -134>
2017-11-27 15:32:25.578536 7f3f837fe700 1 RefCountedObject::put 0x559d4dc66cf0 10 -> 9 -133>
2017-11-27 15:32:25.578551 7f3f837fe700 1 RefCountedObject::put 0x559d4dc66cf0 11 -> 10 -132>
2017-11-27 15:32:25.578558 7f3f837fe700 1 RefCountedObject::put 0x559d4dc66cf0 10 -> 9 -131>
2017-11-27 15:32:25.578551 7f3f827fc700 1 RefCountedObject::put 0x7f3f740025c0 3 -> 2 -130>
2017-11-27 15:32:25.578584 7f3f827fc700 1 RefCountedObject::put 0x559d4dc66cf0 10 -> 9 -129>
2017-11-27 15:32:25.578588 7f3f827fc700 10 monclient: handle_monmap mon_map magic: 0 v1 -128>
2017-11-27 15:32:25.578607 7f3f827fc700 10 monclient: got monmap 1, mon.b is now rank 1 -127>
2017-11-27 15:32:25.578610 7f3f827fc700 10 monclient: dump: epoch 1 fsid 850652ee-f644-4086-8746-3d9b937dfa4e last_changed
2017-09-08 12:30:13.292427 created
2017-09-08 12:30:13.292427 0: 127.0.0.1:40000/0 mon.a 1: 127.0.0.1:40001/0 mon.b 2: 127.0.0.1:40002/0 mon.c -126>
2017-11-27 15:32:25.578626 7f3f827fc700 1 RefCountedObject::put 0x7f3f740025c0 2 -> 1 -125>
2017-11-27 15:32:25.578635 7f3f827fc700 1 RefCountedObject::put 0x559d4dc66cf0 9 -> 8 -124>
2017-11-27 15:32:25.578637 7f3f827fc700 1 RefCountedObject::put 0x7f3f740025c0 1 -> 0 -123>
2017-11-27 15:32:25.578638 7f3f827fc700 1 RefCountedObject::put 0x7f3f74002f40 3 -> 2 -122>
2017-11-27 15:32:25.578653 7f3f827fc700 4 mgrc handle_mgr_map Got map version 55 -121>
2017-11-27 15:32:25.578655 7f3f827fc700 1 RefCountedObject::put 0x7f3f74002f40 2 -> 1 -120>
2017-11-27 15:32:25.578656 7f3f827fc700 4 mgrc handle_mgr_map Active mgr is now 127.0.0.1:6800/25220 -119>
2017-11-27 15:32:25.578660 7f3f827fc700 4 mgrc reconnect Starting new session with 127.0.0.1:6800/25220 -118>
2017-11-27 15:32:25.578681 7f3f827fc700 1 RefCountedObject::put 0x7f3f6c00e910 2 -> 1 -117>
2017-11-27 15:32:25.578683 7f3f827fc700 1 RefCountedObject::put 0x7f3f6c00e910 3 -> 2 -116>
2017-11-27 15:32:25.578684 7f3f827fc700 1 RefCountedObject::put 0x7f3f6c00e910 4 -> 3 -115>
2017-11-27 15:32:25.578686 7f3f827fc700 1 RefCountedObject::put 0x7f3f6c00e910 5 -> 4 -114>
2017-11-27 15:32:25.578703 7f3f827fc700 1 RefCountedObject::put 0x559d4dc66cf0 8 -> 7 -113>
2017-11-27 15:32:25.578706 7f3f827fc700 1 RefCountedObject::put 0x7f3f74002f40 1 -> 0 -112>
2017-11-27 15:32:25.578712 7f3f837fe700 1 RefCountedObject::put 0x7f3f74005580 4 -> 3 -111>
2017-11-27 15:32:25.578713 7f3f837fe700 1 RefCountedObject::put 0x7f3f74005580 3 -> 2 -110>
2017-11-27 15:32:25.578979 7f3f827fc700 1 RefCountedObject::put 0x7f3f74005580 3 -> 2 -109>
2017-11-27 15:32:25.579228 7f3f827fc700 1 RefCountedObject::put 0x7f3f74005580 2 -> 1 -108>
2017-11-27 15:32:25.579234 7f3f827fc700 1 RefCountedObject::put 0x559d4dc66cf0 7 -> 6 -107>
2017-11-27 15:32:25.579237 7f3f827fc700 1 RefCountedObject::put 0x7f3f74005580 1 -> 0 -106>
2017-11-27 15:32:25.579908 7f3f9f32f0c0 1 lockdep using id 26 -105>
2017-11-27 15:32:25.579968 7f3f9f32f0c0 1 lockdep using id 27 -104>
2017-11-27 15:32:25.579976 7f3f9f32f0c0 1 lockdep using id 28 -103>
2017-11-27 15:32:25.579982 7f3f9f32f0c0 1 lockdep using id 29 -102>
2017-11-27 15:32:25.579986 7f3f9f32f0c0 1 lockdep using id 30 -101>
2017-11-27 15:32:25.579990 7f3f9f32f0c0 1 lockdep using id 31 -100>
2017-11-27 15:32:25.579994 7f3f9f32f0c0 1 lockdep using id 32 -99>
2017-11-27 15:32:25.579998 7f3f9f32f0c0 1 lockdep using id 33 -98>
2017-11-27 15:32:25.580003 7f3f9f32f0c0 1 lockdep using id 34 -97>
2017-11-27 15:32:25.580008 7f3f9f32f0c0 1 lockdep using id 35 -96>
2017-11-27 15:32:25.580014 7f3f9f32f0c0 1 lockdep using id 36 -95>
2017-11-27 15:32:25.580021 7f3f9f32f0c0 1 lockdep using id 37 -94>
2017-11-27 15:32:25.580027 7f3f9f32f0c0 1 lockdep using id 38 -93>
2017-11-27 15:32:25.580032 7f3f9f32f0c0 1 lockdep using id 39 -92>
2017-11-27 15:32:25.580054 7f3f9f32f0c0 1 lockdep using id 40 -91>
2017-11-27 15:32:25.580067 7f3f9f32f0c0 1 lockdep using id 41 -90>
2017-11-27 15:32:25.580139 7f3f9f32f0c0 1 lockdep using id 42 -89>
2017-11-27 15:32:25.580148 7f3f9f32f0c0 5 librbd::io::ImageRequestWQ: 0x559d4dc6f700 ImageRequestWQ: ictx=0x559d4dc6c1b0 -88>
2017-11-27 15:32:25.580176 7f3f627fc700 1 lockdep using id 43 -87>
2017-11-27 15:32:25.580234 7f3f9f32f0c0 1 lockdep using id 44 -86>
2017-11-27 15:32:25.580342 7f3f9f32f0c0 1 RefCountedObject::put 0x559d4dc71040 2 -> 1 -85>
2017-11-27 15:32:25.580351 7f3f9f32f0c0 1 RefCountedObject::put 0x559d4dc71040 3 -> 2 -84>
2017-11-27 15:32:25.580353 7f3f9f32f0c0 1 RefCountedObject::put 0x559d4dc71040 4 -> 3 -83>
2017-11-27 15:32:25.580354 7f3f9f32f0c0 1 RefCountedObject::put 0x559d4dc71040 5 -> 4 -82>
