2017-11-27 10:44:55.913889 7fa23441d700 1 -- 10.106.130.211:6800/424036496 --> 10.150.1.11:6824/10469 -- osd_op(mds.0.330:35686 1.618e3540 100006ae565.00000010 [delete] snapc 1=[] ondisk+write+known_if_redirected+full_force e90810) v7 -- ?+0 0x7fa2520bc780 con 0x7fa250e85b80
2017-11-27 10:44:55.913928 7fa22867c700 1 -- 10.106.130.211:6800/424036496 <== osd.121 10.150.0.25:6807/5283 225 ==== osd_op_reply(35100 10000679bf9.00000008 [delete] v90810'115263 uv115263 ondisk = 0) v7 ==== 140+0+0 (2115798667 0 0) 0x7fa251add540 con 0x7fa250a1b300
2017-11-27 10:44:55.913967 7fa23441d700 1 -- 10.106.130.211:6800/424036496 --> 10.150.0.16:6800/1046526 -- osd_op(mds.0.330:35687 1.766f7340 10000679bf9.00000011 [delete] snapc 1=[] ondisk+write+known_if_redirected+full_force e90810) v7 -- ?+0 0x7fa255d7ca40 con 0x7fa250e86480
2017-11-27 10:44:55.913973 7fa222016700 1 -- 10.106.130.211:6800/424036496 <== osd.105 10.150.0.147:6834/2668507 266 ==== osd_op_reply(35137 100006760c5.00000008 [delete] v90810'75030 uv75030 ondisk = 0) v7 ==== 140+0+0 (1405499235 0 0) 0x7fa251c40000 con 0x7fa250994f80
2017-11-27 10:44:55.914022 7fa23441d700 1 -- 10.106.130.211:6800/424036496 --> 10.150.0.24:6800/1535257 -- osd_op(mds.0.330:35688 1.1da4090a 100006760c5.0000000f [delete] snapc 1=[] ondisk+write+known_if_redirected+full_force e90810) v7 -- ?+0 0x7fa255d7a3c0 con 0x7fa250991680
2017-11-27 10:44:55.914055 7fa22150b700 1 -- 10.106.130.211:6800/424036496 <== osd.63 10.150.0.15:6827/3719571 198 ==== osd_op_reply(35134 100006760c5.00000005 [delete] v90810'131869 uv131869 ondisk = 0) v7 ==== 140+0+0 (2495897427 0 0) 0x7fa2496fcfc0 con 0x7fa250994980
2017-11-27 10:44:55.914089 7fa23441d700 1 -- 10.106.130.211:6800/424036496 --> 10.150.0.146:6809/4177745 -- osd_op(mds.0.330:35689 1.e4e29486 100006760c5.00000010 [delete] snapc 1=[] ondisk+write+known_if_redirected+full_force e90810) v7 -- ?+0 0x7fa255d78dc0 con 0x7fa250a1d880
2017-11-27 10:44:55.914174 7fa226c62700 1 -- 10.106.130.211:6800/424036496 <== osd.55 10.150.0.15:6801/3715586 275 ==== osd_op_reply(35214 10000671e17.00000002 [delete] v90810'137998 uv137998 ondisk = 0) v7 ==== 140+0+0 (3091737069 0 0) 0x7fa2520bf640 con 0x7fa250a1dd00
2017-11-27 10:44:55.914208 7fa23441d700 1 -- 10.106.130.211:6800/424036496 --> 10.150.0.13:6802/1782512 -- osd_op(mds.0.330:35690 1.f83a5e5 10000671e17.0000000d [delete] snapc 1=[] ondisk+write+known_if_redirected+full_force e90810) v7 -- ?+0 0x7fa255d7a940 con 0x7fa250a1f500
2017-11-27 10:44:55.914233 7fa226c62700 1 -- 10.106.130.211:6800/424036496 <== osd.55 10.150.0.15:6801/3715586 276 ==== osd_op_reply(35293 100006aa7ae.00000000 [delete] v90810'137999 uv137999 ondisk = 0) v7 ==== 140+0+0 (4268605541 0 0) 0x7fa2520bf640 con 0x7fa250a1dd00
2017-11-27 10:44:55.914277 7fa23441d700 1 -- 10.106.130.211:6800/424036496 --> 10.150.0.21:6808/45286 -- osd_op(mds.0.330:35691 1.1964cb15 10000679be1.00000000 [delete] snapc 1=[] ondisk+write+known_if_redirected+full_force e90810) v7 -- ?+0 0x7fa255d7bf40 con 0x7fa250994800
2017-11-27 10:44:55.914299 7fa23441d700 1 -- 10.106.130.211:6800/424036496 --> 10.150.0.144:6808/1423985 -- osd_op(mds.0.330:35692 1.1fd06faa 10000679be1.00000001 [delete] snapc 1=[] ondisk+write+known_if_redirected+full_force e90810) v7 -- ?+0 0x7fa2541cc200 con 0x7fa250a1a880
2017-11-27 10:44:55.914318 7fa23441d700 1 -- 10.106.130.211:6800/424036496 --> 10.150.0.12:6801/836078 -- osd_op(mds.0.330:35693 1.de904cdb 10000679be1.00000002 [delete] snapc 1=[] ondisk+write+known_if_redirected+full_force e90810) v7 -- ?+0 0x7fa2541cd800 con 0x7fa250e87380
2017-11-27 10:44:55.914340 7fa23441d700 1 -- 10.106.130.211:6800/424036496 --> 10.106.132.141:6844/32349 -- osd_op(mds.0.330:35694 1.e76169ef 10000679be1.00000003 [delete] snapc 1=[] ondisk+write+known_if_redirected+full_force e90810) v7 -- ?+0 0x7fa251fe9600 con 0x7fa250e87080
2017-11-27 10:44:55.914359 7fa23441d700 1 -- 10.106.130.211:6800/424036496 --> 10.150.0.25:6821/9928 -- osd_op(mds.0.330:35695 1.a938cb28 10000679be1.00000004 [delete] snapc 1=[] ondisk+write+known_if_redirected+full_force e90810) v7 -- ?+0 0x7fa251feeb40 con 0x7fa250e81f80
2017-11-27 10:44:55.914383 7fa23441d700 1 -- 10.106.130.211:6800/424036496 --> 10.150.0.17:6834/1099500 -- osd_op(mds.0.330:35696 1.f76743b7 10000679be1.00000005 [delete] snapc 1=[] ondisk+write+known_if_redirected+full_force e90810) v7 -- ?+0 0x7fa251fef380 con 0x7fa250a1ad00
2017-11-27 10:44:55.914403 7fa23441d700 1 -- 10.106.130.211:6800/424036496 --> 10.150.0.145:6824/615159 -- osd_op(mds.0.330:35697 1.8b7388ea 10000679be1.00000006 [delete] snapc 1=[] ondisk+write+known_if_redirected+full_force e90810) v7 -- ?+0 0x7fa253bccd00 con 0x7fa250993a80
2017-11-27 10:44:55.914422 7fa23441d700 1 -- 10.106.130.211:6800/424036496 --> 10.150.1.11:6816/8579 -- osd_op(mds.0.330:35698 1.15dcccd5 10000679be1.00000007 [delete] snapc 1=[] ondisk+write+known_if_redirected+full_force e90810) v7 -- ?+0 0x7fa253bceb40 con 0x7fa25075ec00
2017-11-27 10:44:55.914442 7fa23441d700 1 -- 10.106.130.211:6800/424036496 --> 10.150.0.14:6811/1969316 -- osd_op(mds.0.330:35699 1.f045c099 10000679be1.00000008 [delete] snapc 1=[] ondisk+write+known_if_redirected+full_force e90810) v7 -- ?+0 0x7fa253bcac00 con 0x7fa250e82400
2017-11-27 10:44:55.914462 7fa23441d700 1 -- 10.106.130.211:6800/424036496 --> 10.150.0.146:6801/3871098 -- osd_op(mds.0.330:35700 1.a17f5b21 10000679be1.00000009 [delete] snapc 1=[] ondisk+write+known_if_redirected+full_force e90810) v7 -- ?+0 0x7fa253bc8000 con 0x7fa249624e00
2017-11-27 10:44:55.914832 7fa2306fc700 1 -- 10.106.130.211:6800/424036496 <== osd.141 10.150.1.12:6816/87646 200 ==== osd_op_reply(35066 100006760ed.00000006 [delete] v90810'129950 uv129950 ondisk = 0) v7 ==== 140+0+0 (3845834691 0 0) 0x7fa2496ff380 con 0x7fa249623300
2017-11-27 10:44:55.914859 7fa229a90700 1 -- 10.106.130.211:6800/424036496 <== osd.109 10.150.0.24:6819/1531452 141 ==== osd_op_reply(35493 10000676262.0000000e [delete] v90810'115087 uv115087 ondisk = 0) v7 ==== 140+0+0 (2997372732 0 0) 0x7fa251c45280 con 0x7fa250a18d80
2017-11-27 10:44:55.914888 7fa23441d700 1 -- 10.106.130.211:6800/424036496 --> 10.150.0.21:6816/45442 -- osd_op(mds.0.330:35701 1.6eff2fcf 100006760ed.00000010 [delete] snapc 1=[] ondisk+write+known_if_redirected+full_force e90810) v7 -- ?+0 0x7fa253bc82c0 con 0x7fa250a18480
2017-11-27 10:44:55.914917 7fa23441d700 1 -- 10.106.130.211:6800/424036496 --> 10.106.132.141:6836/20284 -- osd_op(mds.0.330:35702 1.9459bc17 10000676262.00000014 [delete] snapc 1=[] ondisk+write+known_if_redirected+full_force e90810) v7 -- ?+0 0x7fa253bce880 con 0x7fa250e81e00
2017-11-27 10:44:55.915227 7fa21e7de700 1 -- 10.106.130.211:6800/424036496 <== osd.40 10.150.0.13:6830/1783998 217 ==== osd_op_reply(35071 100006529d4.00000001 [delete] v90810'132181 uv132181 ondisk = 0) v7 ==== 140+0+0 (2764698433 0 0) 0x7fa2496fe040 con 0x7fa250e82700
2017-11-27 10:44:55.915281 7fa23441d700 1 -- 10.106.130.211:6800/424036496 --> 10.150.0.146:6809/4177745 -- osd_op(mds.0.330:35703 1.42cadeba 100006529d4.00000010 [delete] snapc 1=[] ondisk+write+known_if_redirected+full_force e90810) v7 -- ?+0 0x7fa253bcca40 con 0x7fa250a1d880
2017-11-27 10:44:55.916645 7fa21ada4700 1 -- 10.106.130.211:6800/424036496 <== osd.137 10.150.1.12:6800/87335 252 ==== osd_op_reply(35266 100006aa7d0.00000002 [delete] v90810'117365 uv117365 ondisk = 0) v7 ==== 140+0+0 (3506863428 0 0) 0x7fa250d4bc80 con 0x7fa250e85e80
2017-11-27 10:44:55.916688 7fa23441d700 1 -- 10.106.130.211:6800/424036496 --> 10.106.132.141:6836/20284 -- osd_op(mds.0.330:35704 1.f757acec 100006aa7d0.0000000f [delete] snapc 1=[] ondisk+write+known_if_redirected+full_force e90810) v7 -- ?+0 0x7fa253bce5c0 con 0x7fa250e81e00
2017-11-27 10:44:55.917041 7fa22867c700 1 -- 10.106.130.211:6800/424036496 <== osd.121 10.150.0.25:6807/5283 226 ==== osd_op_reply(35290 10000676187.00000004 [delete] v90810'128930 uv128930 ondisk = 0) v7 ==== 140+0+0 (3564724897 0 0) 0x7fa251add540 con 0x7fa250a1b300
2017-11-27 10:44:55.917239 7fa228e84700 1 -- 10.106.130.211:6800/424036496 <== osd.151 10.150.0.21:6816/45442 270 ==== osd_op_reply(35128 10000671dd7.00000000 [delete] v90810'122751 uv122751 ondisk = 0) v7 ==== 140+0+0 (2388920162 0 0) 0x7fa25100bf40 con 0x7fa250a18480
2017-11-27 10:44:55.917273 7fa223d33700 1 -- 10.106.130.211:6800/424036496 <== osd.98 10.150.0.147:6807/2665823 268 ==== osd_op_reply(35199 10000679be8.00000009 [delete] v90810'117539 uv117539 ondisk = 0) v7 ==== 140+0+0 (4164548831 0 0) 0x7fa251e3f640 con 0x7fa250991980
2017-11-27 10:44:55.917302 7fa23441d700 1 -- 10.106.130.211:6800/424036496 --> 10.150.0.24:6829/1532682 -- osd_op(mds.0.330:35705 1.a177f151 10000671dc9.00000000 [delete] snapc 1=[] ondisk+write+known_if_redirected+full_force e90810) v7 -- ?+0 0x7fa253bc8dc0 con 0x7fa250997980
2017-11-27 10:44:55.917327 7fa23441d700 1 -- 10.106.130.211:6800/424036496 --> 10.150.0.15:6801/3715586 -- osd_op(mds.0.330:35706 1.29fe43f2 10000671dc9.00000001 [delete] snapc 1=[] ondisk+write+known_if_redirected+full_force e90810) v7 -- ?+0 0x7fa253489600 con 0x7fa250a1dd00
2017-11-27 10:44:55.917348 7fa23441d700 1 -- 10.106.130.211:6800/424036496 --> 10.150.0.24:6802/1534561 -- osd_op(mds.0.330:35707 1.31ecb5e7 10000671dc9.00000002 [delete] snapc 1=[] ondisk+write+known_if_redirected+full_force e90810) v7 -- ?+0 0x7fa25348d800 con 0x7fa250a18600
2017-11-27 10:44:55.917371 7fa23441d700 1 -- 10.106.130.211:6800/424036496 --> 10.150.0.147:6807/2665823 -- osd_op(mds.0.330:35708 1.1e53868b 10000671dc9.00000003 [delete] snapc 1=[] ondisk+write+known_if_redirected+full_force e90810) v7 -- ?+0 0x7fa253488580 con 0x7fa250991980
2017-11-27 10:44:55.917391 7fa23441d700 1 -- 10.106.130.211:6800/424036496 --> 10.150.0.21:6836/50529 -- osd_op(mds.0.330:35709 1.8074b20e 10000671dc9.00000004 [delete] snapc 1=[] ondisk+write+known_if_redirected+full_force e90810) v7 -- ?+0 0x7fa25348bf40 con 0x7fa250a1d280
2017-11-27 10:44:55.917410 7fa23441d700 1 -- 10.106.130.211:6800/424036496 --> 10.150.0.14:6806/1969133 -- osd_op(mds.0.330:35710 1.c82e34ba 10000671dc9.00000005 [delete] snapc 1=[] ondisk+write+known_if_redirected+full_force e90810) v7 -- ?+0 0x7fa25348ac00 con 0x7fa249622880
2017-11-27 10:44:55.917434 7fa23441d700 1 -- 10.106.130.211:6800/424036496 --> 10.150.0.13:6803/1785655 -- osd_op(mds.0.330:35711 1.fb6a5084 10000671dc9.00000006 [delete] snapc 1=[] ondisk+write+known_if_redirected+full_force e90810) v7 -- ?+0 0x7fa25348dd80 con 0x7fa250e86000
2017-11-27 10:44:55.917454 7fa23441d700 1 -- 10.106.130.211:6800/424036496 --> 10.150.0.145:6824/615159 -- osd_op(mds.0.330:35712 1.5c50588d 10000671dc9.00000007 [delete] snapc 1=[] ondisk+write+known_if_redirected+full_force e90810) v7 -- ?+0 0x7fa253488dc0 con 0x7fa250993a80
2017-11-27 10:44:55.917473 7fa23441d700 1 -- 10.106.130.211:6800/424036496 --> 10.150.0.15:6804/3718004 -- osd_op(mds.0.330:35713 1.e0cc27b0 10000671dc9.00000008 [delete] snapc 1=[] ondisk+write+known_if_redirected+full_force e90810) v7 -- ?+0 0x7fa25348b180 con 0x7fa250e82280
2017-11-27 10:44:55.917492 7fa23441d700 1 -- 10.106.130.211:6800/424036496 --> 10.150.0.16:6826/1044724 -- osd_op(mds.0.330:35714 1.ce33229d 10000671dc9.00000009 [delete] snapc 1=[] ondisk+write+known_if_redirected+full_force e90810) v7 -- ?+0 0x7fa253488b00 con 0x7fa250a1b480
2017-11-27 10:44:55.917516 7fa23441d700 1 -- 10.106.130.211:6800/424036496 --> 10.150.0.17:6834/1099500 -- osd_op(mds.0.330:35715 1.ca6900cd 10000679be8.0000000d [delete] snapc 1=[] ondisk+write+known_if_redirected+full_force e90810) v7 -- ?+0 0x7fa255145d80 con 0x7fa250a1ad00
2017-11-27 10:44:55.918330 7fa224339700 1 -- 10.106.130.211:6800/424036496 <== osd.12 10.150.0.145:6801/611774 273 ==== osd_op_reply(35194 10000679be8.00000004 [delete] v90810'75226 uv75226 ondisk = 0) v7 ==== 140+0+0 (1535088574 0 0) 0x7fa251adcfc0 con 0x7fa250991c80
2017-11-27 10:44:55.918331 7fa21c4bb700 1 -- 10.106.130.211:6800/424036496 <== osd.43 10.150.0.13:6842/1785092 253 ==== osd_op_reply(35346 10000676260.00000000 [delete] v90810'117576 uv117576 ondisk = 0) v7 ==== 140+0+0 (1585546876 0 0) 0x7fa254ac0b00 con 0x7fa250e86f00
2017-11-27 10:44:55.918341 7fa223f35700 1 -- 10.106.130.211:6800/424036496 <== osd.9 10.150.0.145:6823/614546 182 ==== osd_op_reply(35240 100006760f6.00000007 [delete] v90810'120729 uv120729 ondisk = 0) v7 ==== 140+0+0 (4106126121 0 0) 0x7fa250d4f0c0 con 0x7fa250991b00
2017-11-27 10:44:55.918343 7fa232715700 1 -- 10.106.130.211:6800/424036496 <== osd.91 10.150.0.146:6824/3873072 222 ==== osd_op_reply(35197 10000679be8.00000007 [delete] v90810'114371 uv114371 ondisk = 0) v7 ==== 140+0+0 (2443828831 0 0) 0x7fa2496f8dc0 con 0x7fa249620d80
2017-11-27 10:44:55.918353 7fa226e64700 1 -- 10.106.130.211:6800/424036496 <== osd.119 10.150.0.25:6833/8734 251 ==== osd_op_reply(35375 10000671dcb.00000008 [delete] v90810'117162 uv117162 ondisk = 0) v7 ==== 140+0+0 (4114823666 0 0) 0x7fa25100a100 con 0x7fa250a1a280
2017-11-27 10:44:55.918356 7fa228379700 1 -- 10.106.130.211:6800/424036496 <== osd.144 10.150.1.12:6828/87819 256 ==== osd_op_reply(35148 10000676139.00000008 [delete] v90810'74507 uv74507 ondisk = 0) v7 ==== 140+0+0 (3377079708 0 0) 0x7fa251ad8000 con 0x7fa250a18780
2017-11-27 10:44:55.918365 7fa229c92700 1 -- 10.106.130.211:6800/424036496 <== osd.10 10.150.0.145:6802/611653 270 ==== osd_op_reply(35118 100006a6266.00000005 [delete] v90810'115304 uv115304 ondisk = 0) v7 ==== 140+0+0 (1833189226 0 0) 0x7fa24eaf44c0 con 0x7fa250a18f00
2017-11-27 10:44:55.918366 7fa21a198700 1 -- 10.106.130.211:6800/424036496 <== osd.87 10.150.0.146:6800/3869297 177 ==== osd_op_reply(35285 1000067624c.00000009 [delete] v90810'131315 uv131315 ondisk = 0) v7 ==== 140+0+0 (488987041 0 0) 0x7fa2520bc200 con 0x7fa251d83180
2017-11-27 10:44:55.918395 7fa23441d700 1 -- 10.106.130.211:6800/424036496 --> 10.150.0.16:6818/1043370 -- osd_op(mds.0.330:35716 1.59d351a9 10000679be8.0000000e [delete] snapc 1=[] ondisk+write+known_if_redirected+full_force e90810) v7 -- ?+0 0x7fa255141080 con 0x7fa250e85700
2017-11-27 10:44:55.918404 7fa229c92700 1 -- 10.106.130.211:6800/424036496 <== osd.10 10.150.0.145:6802/611653 271 ==== osd_op_reply(35256 10000679cee.00000001 [delete] v90810'148663 uv148663 ondisk = 0) v7 ==== 140+0+0 (1533084987 0 0) 0x7fa24eaf44c0 con 0x7fa250a18f00
2017-11-27 10:44:55.918432 7fa23441d700 1 -- 10.106.130.211:6800/424036496 --> 10.150.0.17:6805/1096565 -- osd_op(mds.0.330:35717 1.61e22aba 100006760f6.00000011 [delete] snapc 1=[] ondisk+write+known_if_redirected+full_force e90810) v7 -- ?+0 0x7fa255146880 con 0x7fa250991380
2017-11-27 10:44:55.918434 7fa229c92700 1 -- 10.106.130.211:6800/424036496 <== osd.10 10.150.0.145:6802/611653 272 ==== osd_op_reply(35406 1000067d081.0000000c [delete] v90810'114197 uv114197 ondisk = 0) v7 ==== 140+0+0 (1946869132 0 0) 0x7fa24eaf44c0 con 0x7fa250a18f00
2017-11-27 10:44:55.918456 7fa23441d700 1 -- 10.106.130.211:6800/424036496 --> 10.150.0.24:6805/1533448 -- osd_op(mds.0.330:35718 1.ef7df996 10000679be8.0000000f [delete] snapc 1=[] ondisk+write+known_if_redirected+full_force e90810) v7 -- ?+0 0x7fa255145800 con 0x7fa250997680
2017-11-27 10:44:55.918478 7fa23441d700 1 -- 10.106.130.211:6800/424036496 --> 10.106.132.141:6809/61805 -- osd_op(mds.0.330:35719 1.7698936f 10000676260.0000000c [delete] snapc 1=[] ondisk+write+known_if_redirected+full_force e90810) v7 -- ?+0 0x7fa255144780 con 0x7fa249620900
2017-11-27 10:44:55.918499 7fa23441d700 1 -- 10.106.130.211:6800/424036496 --> 10.150.0.14:6817/1969705 -- osd_op(mds.0.330:35720 1.1014fb50 10000671dcb.0000000f [delete] snapc 1=[] ondisk+write+known_if_redirected+full_force e90810) v7 -- ?+0 0x7fa255144a40 con 0x7fa250e81c80
2017-11-27 10:44:55.918525 7fa23441d700 1 -- 10.106.130.211:6800/424036496 --> 10.150.0.25:6807/5283 -- osd_op(mds.0.330:35721 1.2bc86671 100006a6266.00000010 [delete] snapc 1=[] ondisk+write+known_if_redirected+full_force e90810) v7 -- ?+0 0x7fa25869f380 con 0x7fa250a1b300
2017-11-27 10:44:55.918822 7fa23441d700 1 -- 10.106.130.211:6800/424036496 --> 10.150.0.13:6824/1783042 -- osd_op(mds.0.330:35722 1.70ea3cfb 10000676139.0000000e [delete] snapc 1=[] ondisk+write+known_if_redirected+full_force e90810) v7 -- ?+0 0x7fa258753c80 con 0x7fa250991800
2017-11-27 10:44:55.918846 7fa23441d700 1 -- 10.106.130.211:6800/424036496 --> 10.150.0.25:6801/4600 -- osd_op(mds.0.330:35723 1.36bf5864 1000067624c.0000000e [delete] snapc 1=[] ondisk+write+known_if_redirected+full_force e90810) v7 -- ?+0 0x7fa25966bc80 con 0x7fa250997380
2017-11-27 10:44:55.918867 7fa23441d700 1 -- 10.106.130.211:6800/424036496 --> 10.150.0.145:6817/611872 -- osd_op(mds.0.330:35724 1.c5cd338d 1000067d081.00000011 [delete] snapc 1=[] ondisk+write+known_if_redirected+full_force e90810) v7 -- ?+0 0x7fa259668840 con 0x7fa250a18000
2017-11-27 10:44:55.919244 7fa21dcd3700 1 -- 10.106.130.211:6800/424036496 <== osd.49 10.150.0.14:6817/1969705 251 ==== osd_op_reply(35278 1000067624c.00000002 [delete] v90810'130135 uv130135 ondisk = 0) v7 ==== 140+0+0 (275758770 0 0) 0x7fa251fe8000 con 0x7fa250e81c80
2017-11-27 10:44:55.919282 7fa23441d700 1 -- 10.106.130.211:6800/424036496 --> 10.150.0.21:6828/48875 -- osd_op(mds.0.330:35725 1.75be0a36 1000067624c.0000000f [delete] snapc 1=[] ondisk+write+known_if_redirected+full_force e90810) v7 -- ?+0 0x7fa2520b4780 con 0x7fa249622700
2017-11-27 10:44:55.919286 7fa21dcd3700 1 -- 10.106.130.211:6800/424036496 <== osd.49 10.150.0.14:6817/1969705 252 ==== osd_op_reply(35279 1000067624c.00000003 [delete] v90810'116442 uv116442 ondisk = 0) v7 ==== 140+0+0 (643784968 0 0) 0x7fa251fe8000 con 0x7fa250e81c80
2017-11-27 10:44:55.919321 7fa23441d700 1 -- 10.106.130.211:6800/424036496 --> 10.150.0.146:6817/3872202 -- osd_op(mds.0.330:35726 1.ad129f40 1000067624c.00000010 [delete] snapc 1=[] ondisk+write+known_if_redirected+full_force e90810) v7 -- ?+0 0x7fa2520b1e40 con 0x7fa250e85a00
2017-11-27 10:44:55.919445 7fa231b09700 1 -- 10.106.130.211:6800/424036496 <== osd.154 10.150.0.21:6828/48875 193 ==== osd_op_reply(35141 10000676139.00000001 [delete] v90810'150091 uv150091 ondisk = 0) v7 ==== 140+0+0 (3753485512 0 0) 0x7fa2496fb9c0 con 0x7fa249622700
2017-11-27 10:44:55.919482 7fa23441d700 1 -- 10.106.130.211:6800/424036496 --> 10.150.0.15:6827/3719571 -- osd_op(mds.0.330:35727 1.402bbde1 10000676139.0000000f [delete] snapc 1=[] ondisk+write+known_if_redirected+full_force e90810) v7 -- ?+0 0x7fa2520b0840 con 0x7fa250994980
2017-11-27 10:44:55.919490 7fa224339700 1 -- 10.106.130.211:6800/424036496 <== osd.12 10.150.0.145:6801/611774 274 ==== osd_op_reply(35296 10000671da3.00000001 [delete] v90810'76257 uv76257 ondisk = 0) v7 ==== 140+0+0 (2487752915 0 0) 0x7fa251adcfc0 con 0x7fa250991c80
2017-11-27 10:44:55.919519 7fa22a69c700 1 -- 10.106.130.211:6800/424036496 <== osd.103 10.150.0.147:6833/2670995 184 ==== osd_op_reply(35210 100006760c4.00000008 [delete] v90810'115081 uv115081 ondisk = 0) v7 ==== 140+0+0 (2351210428 0 0) 0x7fa25100aec0 con 0x7fa25075ed80
2017-11-27 10:44:55.919522 7fa23441d700 1 -- 10.106.130.211:6800/424036496 --> 10.150.0.21:6808/45286 -- osd_op(mds.0.330:35728 1.a05fedf2 10000671da3.0000000d [delete] snapc 1=[] ondisk+write+known_if_redirected+full_force e90810) v7 -- ?+0 0x7fa2520bd800 con 0x7fa250994800
2017-11-27 10:44:55.919561 7fa23441d700 1 -- 10.106.130.211:6800/424036496 --> 10.150.0.144:6801/1423797 -- osd_op(mds.0.330:35729 1.62d4d89a 100006760c4.00000011 [delete] snapc 1=[] ondisk+write+known_if_redirected+full_force e90810) v7 -- ?+0 0x7fa2543a0580 con 0x7fa249623600
2017-11-27 10:44:55.919885 7fa229389700 1 -- 10.106.130.211:6800/424036496 <== osd.79 10.150.0.17:6802/1097186 236 ==== osd_op_reply(35261 10000679cee.00000006 [delete] v90810'116162 uv116162 ondisk = 0) v7 ==== 140+0+0 (3492296283 0 0) 0x7fa2496fc780 con 0x7fa250a18900
2017-11-27 10:44:55.919990 7fa223329700 1 -- 10.106.130.211:6800/424036496 <== osd.139 10.150.1.12:6808/87491 245 ==== osd_op_reply(35084 100006ae565.00000004 [delete] v90810'117980 uv117980 ondisk = 0) v7 ==== 140+0+0 (3139816581 0 0) 0x7fa25100b9c0 con 0x7fa250991500
2017-11-27 10:44:55.920035 7fa223329700 1 -- 10.106.130.211:6800/424036496 <== osd.139 10.150.1.12:6808/87491 246 ==== osd_op_reply(35180 10000679bab.00000002 [delete] v90810'117981 uv117981 ondisk = 0) v7 ==== 140+0+0 (1362513373 0 0) 0x7fa25100b9c0 con 0x7fa250991500
2017-11-27 10:44:55.920045 7fa23441d700 1 -- 10.106.130.211:6800/424036496 --> 10.150.0.12:6817/834289 -- osd_op(mds.0.330:35730 1.66653fe8 100006ae565.00000011 [delete] snapc 1=[] ondisk+write+known_if_redirected+full_force e90810) v7 -- ?+0 0x7fa2543a7900 con 0x7fa250994200
2017-11-27 10:44:55.920065 7fa21a69d700 1 -- 10.106.130.211:6800/424036496 <== osd.67 10.150.0.16:6818/1043370 178 ==== osd_op_reply(35286 10000676187.00000000 [delete] v90810'117123 uv117123 ondisk = 0) v7 ==== 140+0+0 (2874781010 0 0) 0x7fa255e12680 con 0x7fa250e85700
2017-11-27 10:44:55.920074 7fa23441d700 1 -- 10.106.130.211:6800/424036496 --> 10.150.1.11:6816/8579 -- osd_op(mds.0.330:35731 1.e1d0dcd5 10000679bab.0000000f [delete] snapc 1=[] ondisk+write+known_if_redirected+full_force e90810) v7 -- ?+0 0x7fa24eaf6040 con 0x7fa25075ec00
2017-11-27 10:44:55.920578 7fa221c12700 1 -- 10.106.130.211:6800/424036496 <== osd.108 10.150.0.24:6810/1530760 259 ==== osd_op_reply(35472 100006760f6.0000000c [delete] v90810'76814 uv76814 ondisk = 0) v7 ==== 140+0+0 (1378992413 0 0) 0x7fa2549a1080 con 0x7fa250994c80
2017-11-27 10:44:55.920620 7fa23441d700 1 -- 10.106.130.211:6800/424036496 --> 10.150.0.25:6812/5836 -- osd_op(mds.0.330:35732 1.f8734f2e 100006760f6.00000012 [delete] snapc 1=[] ondisk+write+known_if_redirected+full_force e90810) v7 -- ?+0 0x7fa24eaf0dc0 con 0x7fa250a1db80
2017-11-27 10:44:55.920733 7fa21f2e9700 1 -- 10.106.130.211:6800/424036496 <== osd.78 10.150.0.17:6836/1096760 257 ==== osd_op_reply(35176 100006ae5ef.00000009 [delete] v90810'155236 uv155236 ondisk = 0) v7 ==== 140+0+0 (2185962204 0 0) 0x7fa251c40b00 con 0x7fa250997200
2017-11-27 10:44:55.920747 7fa226b61700 1 -- 10.106.130.211:6800/424036496 <== osd.130 10.150.1.11:6812/7767 193 ==== osd_op_reply(35488 10000671df1.00000006 [delete] v90810'115423 uv115423 ondisk = 0) v7 ==== 140+0+0 (4142083500 0 0) 0x7fa24eaf3c80 con 0x7fa250a1aa00
2017-11-27 10:44:55.920771 7fa23441d700 1 -- 10.106.130.211:6800/424036496 --> 10.150.0.14:6827/1970222 -- osd_op(mds.0.330:35733 1.9905a1cb 100006ae5ef.00000011 [delete] snapc 1=[] ondisk+write+known_if_redirected+full_force e90810) v7 -- ?+0 0x7fa253501600 con 0x7fa250a1fe00
2017-11-27 10:44:55.920798 7fa23441d700 1 -- 10.106.130.211:6800/424036496 --> 10.150.0.17:6829/1098626 -- osd_op(mds.0.330:35734 1.eb44f93b 10000671df1.0000000b [delete] snapc 1=[] ondisk+write+known_if_redirected+full_force e90810) v7 -- ?+0 0x7fa256cdf380 con 0x7fa250e82880
2017-11-27 10:44:55.921274 7fa2304fa700 1 -- 10.106.130.211:6800/424036496 <== osd.125 10.150.0.25:6820/7057 166 ==== osd_op_reply(35441 10000676260.0000000a [delete] v90810'74635 uv74635 ondisk = 0) v7 ==== 140+0+0 (1899889319 0 0) 0x7fa2496fd280 con 0x7fa249624380
2017-11-27 10:44:55.921312 7fa23441d700 1 -- 10.106.130.211:6800/424036496 --> 10.150.0.14:6830/1971463 -- osd_op(mds.0.330:35735 1.a2a163d8 10000676260.0000000d [delete] snapc 1=[] ondisk+write+known_if_redirected+full_force e90810) v7 -- ?+0 0x7fa252d382c0 con 0x7fa250e81200
2017-11-27 10:44:55.921474 7fa232311700 1 -- 10.106.130.211:6800/424036496 <== osd.127 10.150.1.11:6800/5195 273 ==== osd_op_reply(35377 200.0000a337 [write 400041~3369 [fadvise_dontneed]] v90810'51620 uv51620 ondisk = 0) v7 ==== 132+0+0 (2485561900 0 0) 0x7fa2496fa680 con 0x7fa249621e00
2017-11-27 10:44:55.921523 7fa232311700 1 -- 10.106.130.211:6800/424036496 <== osd.127 10.150.1.11:6800/5195 274 ==== osd_op_reply(35378 200.0000a337 [write 403410~1015 [fadvise_dontneed]] v90810'51621 uv51621 ondisk = 0) v7 ==== 132+0+0 (4276629159 0 0) 0x7fa2496fa680 con 0x7fa249621e00
2017-11-27 10:44:55.921523 7fa23441d700 1 -- 10.106.130.211:6800/424036496 --> 10.150.0.159:0/2080860832 -- client_caps(flush_ack ino 100006dfa68 977708223 seq 0 tid 34287 caps=pAsLsXsFsxcrwb dirty=Fw wanted=- follows 0 size 0/0 mtime 0.000000) v8 -- ?+0 0x7fa24961cc00 con 0x7fa249625700
2017-11-27 10:44:55.921554 7fa22a89e700 1 -- 10.106.130.211:6800/424036496 <== osd.31 10.150.0.12:6811/833839 246 ==== osd_op_reply(35405 100006a6266.0000000a [delete] v90810'75164 uv75164 ondisk = 0) v7 ==== 140+0+0 (1836621047 0 0) 0x7fa251adf0c0 con 0x7fa25075ef00
2017-11-27 10:44:55.921831 7fa232311700 1 -- 10.106.130.211:6800/424036496 <== osd.127 10.150.1.11:6800/5195 275 ==== osd_op_reply(35379 200.0000a337 [write 404425~1015 [fadvise_dontneed]] v90810'51622 uv51622 ondisk = 0) v7 ==== 132+0+0 (654330489 0 0) 0x7fa2496fa680 con 0x7fa249621e00
2017-11-27 10:44:55.921880 7fa232311700 1 -- 10.106.130.211:6800/424036496 <== osd.127 10.150.1.11:6800/5195 276 ==== osd_op_reply(35380 200.0000a337 [write 405440~1015 [fadvise_dontneed]] v90810'51623 uv51623 ondisk = 0) v7 ==== 132+0+0 (2466495388 0 0) 0x7fa2496fa680 con 0x7fa249621e00
2017-11-27 10:44:55.921891 7fa23441d700 1 -- 10.106.130.211:6800/424036496 --> 10.150.0.13:6803/1785655 -- osd_op(mds.0.330:35736 1.49e6d5c2 100006a6266.00000011 [delete] snapc 1=[] ondisk+write+known_if_redirected+full_force e90810) v7 -- ?+0 0x7fa252d3ac00 con 0x7fa250e86000
2017-11-27 10:44:55.921934 7fa233219700 1 -- 10.106.130.211:6800/424036496 --> 10.150.1.11:6800/5195 -- osd_op(mds.0.330:35737 2.683577c5 200.0000a337 [write 447905~12630 [fadvise_dontneed]] snapc 0=[] ondisk+write+known_if_redirected+full_force e90810) v7 -- ?+0 0x7fa2520bdac0 con 0x7fa249621e00
2017-11-27 10:44:55.921999 7fa233219700 1 -- 10.106.130.211:6800/424036496 --> 10.150.1.11:6800/5195 -- osd_op(mds.0.330:35738 2.683577c5 200.0000a337 [write 460535~1316 [fadvise_dontneed]] snapc 0=[] ondisk+write+known_if_redirected+full_force e90810) v7 -- ?+0 0x7fa2520bf380 con 0x7fa249621e00
2017-11-27 10:44:55.922001 7fa232311700 1 -- 10.106.130.211:6800/424036496 <== osd.127 10.150.1.11:6800/5195 277 ==== osd_op_reply(35382 200.0000a337 [write 406455~1015 [fadvise_dontneed]] v90810'51624 uv51624 ondisk = 0) v7 ==== 132+0+0 (2801851879 0 0) 0x7fa2496fa680 con 0x7fa249621e00
2017-11-27 10:44:55.922200 7fa232311700 1 -- 10.106.130.211:6800/424036496 <== osd.127 10.150.1.11:6800/5195 278 ==== osd_op_reply(35384 200.0000a337 [write 407470~1362 [fadvise_dontneed]] v90810'51625 uv51625 ondisk = 0) v7 ==== 132+0+0 (2513459404 0 0) 0x7fa2496fa680 con 0x7fa249621e00
2017-11-27 10:44:55.922271 7fa225147700 1 -- 10.106.130.211:6800/424036496 <== osd.7 10.106.132.141:6840/8361 166 ==== osd_op_reply(35213 10000671e17.00000001 [delete] v90810'114440 uv114440 ondisk = 0) v7 ==== 140+0+0 (2269127375 0 0) 0x7fa251ad8840 con 0x7fa250a1cc80
2017-11-27 10:44:55.922306 7fa232311700 1 -- 10.106.130.211:6800/424036496 <== osd.127 10.150.1.11:6800/5195 279 ==== osd_op_reply(35388 200.0000a337 [write 408832~1601 [fadvise_dontneed]] v90810'51626 uv51626 ondisk = 0) v7 ==== 132+0+0 (3967516618 0 0) 0x7fa2496fa680 con 0x7fa249621e00
2017-11-27 10:44:55.922327 7fa225147700 1 -- 10.106.130.211:6800/424036496 <== osd.7 10.106.132.141:6840/8361 167 ==== osd_op_reply(35439 1000067624a.0000000a [delete] v90810'130791 uv130791 ondisk = 0) v7 ==== 140+0+0 (3578745669 0 0) 0x7fa251ad8840 con 0x7fa250a1cc80
2017-11-27 10:44:55.922329 7fa23441d700 1 -- 10.106.130.211:6800/424036496 --> 10.150.0.147:6844/2669126 -- osd_op(mds.0.330:35739 1.1f9add41 10000671e17.0000000e [delete] snapc 1=[] ondisk+write+known_if_redirected+full_force e90810) v7 -- ?+0 0x7fa252d3d540 con 0x7fa250a1ab80
2017-11-27 10:44:55.922369 7fa23441d700 1 -- 10.106.130.211:6800/424036496 --> 10.150.1.12:6808/87491 -- osd_op(mds.0.330:35740 1.7314c73e 1000067624a.0000000d [delete] snapc 1=[] ondisk+write+known_if_redirected+full_force e90810) v7 -- ?+0 0x7fa251ade5c0 con 0x7fa250991500
2017-11-27 10:44:55.922447 7fa23441d700 1 -- 10.106.130.211:6800/424036496 --> 100.103.129.138:0/1784919364 -- client_reply(???:25692679 = 0 (0) Success) v1 -- ?+0 0x7fa251adeb40 con 0x7fa249627e00
2017-11-27 10:44:55.922456 7fa232311700 1 -- 10.106.130.211:6800/424036496 <== osd.127 10.150.1.11:6800/5195 280 ==== osd_op_reply(35393 200.0000a337 [write 410433~3534 [fadvise_dontneed]] v90810'51627 uv51627 ondisk = 0) v7 ==== 132+0+0 (4115544511 0 0) 0x7fa2496fa680 con 0x7fa249621e00
2017-11-27 10:44:55.922532 7fa23441d700 1 -- 10.106.130.211:6800/424036496 --> 10.106.0.21:0/3715732973 -- client_caps(grant ino 100006e0f6a 977743637 seq 2 caps=pAsxLsXsxFsxcrwb dirty=- wanted=pAsxXsxFsxcrwb follows 0 size 0/4194304 ts 1/18446744073709551615 mtime
2017-11-27 10:44:55.829709) v8 -- ?+0 0x7fa24961d800 con 0x7fa250758000
2017-11-27 10:44:55.922632 7fa23441d700 1 -- 10.106.130.211:6800/424036496 --> 10.150.0.41:0/2120249869 -- client_reply(???:54138107 = 0 (0) Success) v1 -- ?+0 0x7fa259791b80 con 0x7fa249625a00
2017-11-27 10:44:55.922720 7fa23441d700 1 -- 10.106.130.211:6800/424036496 --> 10.150.0.160:0/44051394 -- client_reply(???:725984 = 0 (0) Success) v1 -- ?+0 0x7fa258757900 con 0x7fa249625880
2017-11-27 10:44:55.922799 7fa23441d700 1 -- 10.106.130.211:6800/424036496 --> 10.106.0.21:0/3715732973 -- client_reply(???:2602934 = 0 (0) Success) v1 -- ?+0 0x7fa25a399340 con 0x7fa250758000
2017-11-27 10:44:55.922814 7fa225147700 1 -- 10.106.130.211:6800/424036496 <== osd.7 10.106.132.141:6840/8361 168 ==== osd_op_reply(35300 10000671da3.00000005 [delete] v90810'151111 uv151111 ondisk = 0) v7 ==== 140+0+0 (3904287906 0 0) 0x7fa251ad8840 con 0x7fa250a1cc80
2017-11-27 10:44:55.922844 7fa222d23700 1 -- 10.106.130.211:6800/424036496 <== osd.1 10.106.132.141:6805/45825 233 ==== osd_op_reply(35295 10000671da3.00000000 [delete] v90810'115376 uv115376 ondisk = 0) v7 ==== 140+0+0 (2594929312 0 0) 0x7fa24eaf1340 con 0x7fa250990d80
2017-11-27 10:44:55.922903 7fa23441d700 1 -- 10.106.130.211:6800/424036496 --> 10.150.0.160:0/44051394 -- client_caps(revoke ino 1 19973913 seq 4 caps=pAsLsXs dirty=- wanted=- follows 0 size 0/0 mtime
2017-11-27 10:44:55.829709) v8 -- ?+0 0x7fa24961dc00 con 0x7fa249625880
2017-11-27 10:44:55.922932 7fa23441d700 1 -- 10.106.130.211:6800/424036496 --> 10.150.0.41:0/2120249869 -- client_caps(revoke ino 1 121784719 seq 5 caps=pAsLsXs dirty=- wanted=- follows 0 size 0/0 mtime
2017-11-27 10:44:55.829709) v8 -- ?+0 0x7fa24961f000 con 0x7fa249625a00
2017-11-27 10:44:55.922948 7fa23441d700 1 -- 10.106.130.211:6800/424036496 --> 10.106.0.21:0/3715732973 -- client_caps(revoke ino 1 156209993 seq 7 caps=pAsLsXs dirty=- wanted=- follows 0 size 0/0 mtime
2017-11-27 10:44:55.829709) v8 -- ?+0 0x7fa24961e000 con 0x7fa250758000
2017-11-27 10:44:55.922991 7fa222d23700 1 -- 10.106.130.211:6800/424036496 <== osd.1 10.106.132.141:6805/45825 234 ==== osd_op_reply(35298 10000671da3.00000003 [delete] v90810'131802 uv131802 ondisk = 0) v7 ==== 140+0+0 (1952666605 0 0) 0x7fa24eaf1340 con 0x7fa250990d80
2017-11-27 10:44:55.923094 7fa23441d700 1 -- 10.106.130.211:6800/424036496 --> 10.106.0.21:0/3715732973 -- client_reply(???:2602933 = 0 (0) Success safe) v1 -- ?+0 0x7fa2551470c0 con 0x7fa250758000
2017-11-27 10:44:55.923163 7fa23441d700 1 -- 10.106.130.211:6800/424036496 --> 10.150.0.16:6838/1046406 -- osd_op(mds.0.330:35741 1.6e2ba45 10000671da3.0000000e [delete] snapc 1=[] ondisk+write+known_if_redirected+full_force e90810) v7 -- ?+0 0x7fa254ac4d00 con 0x7fa25075f200
2017-11-27 10:44:55.923156 7fa238e28700 1 -- 10.106.130.211:6800/424036496 <== client.143495 10.150.0.160:0/44051394 7 ==== client_caps(update ino 1 19973913 seq 4 caps=pAsLsXs dirty=- wanted=- follows 0 size 0/0 ts 1/18446744073709551615 mtime
2017-11-27 10:44:55.829709) v8 ==== 216+0+0 (3815872083 0 0) 0x7fa24961dc00 con 0x7fa249625880
2017-11-27 10:44:55.923187 7fa23441d700 1 -- 10.106.130.211:6800/424036496 --> 10.150.0.14:6817/1969705 -- osd_op(mds.0.330:35742 1.1e161987 10000671da3.0000000f [delete] snapc 1=[] ondisk+write+known_if_redirected+full_force e90810) v7 -- ?+0 0x7fa2586e6b40 con 0x7fa250e81c80
2017-11-27 10:44:55.923217 7fa23441d700 1 -- 10.106.130.211:6800/424036496 --> 10.150.0.24:6805/1533448 -- osd_op(mds.0.330:35743 1.be7641a6 10000671da3.00000010 [delete] snapc 1=[] ondisk+write+known_if_redirected+full_force e90810) v7 -- ?+0 0x7fa259796e00 con 0x7fa250997680
2017-11-27 10:44:55.923219 7fa238e28700 1 -- 10.106.130.211:6800/424036496 <== client.302640 10.150.0.41:0/2120249869 9 ==== client_caps(update ino 1 121784719 seq 5 caps=pAsLsXs dirty=- wanted=- follows 0 size 0/0 ts 1/18446744073709551615 mtime
2017-11-27 10:44:55.829709) v8 ==== 216+0+0 (2772249743 0 0) 0x7fa24961f000 con 0x7fa249625a00
2017-11-27 10:44:55.923421 7fa22a399700 1 -- 10.106.130.211:6800/424036496 <== osd.107 10.150.0.24:6801/1530684 286 ==== osd_op_reply(35112 10000671dfb.00000000 [delete] v90810'117415 uv117415 ondisk = 0) v7 ==== 140+0+0 (3511249570 0 0) 0x7fa250d4a3c0 con 0x7fa25075ea80
2017-11-27 10:44:55.923466 7fa23441d700 1 -- 10.106.130.211:6800/424036496 --> 10.150.0.144:6818/1425420 -- osd_op(mds.0.330:35744 1.a48748aa 10000679baa.00000000 [delete] snapc 1=[] ondisk+write+known_if_redirected+full_force e90810) v7 -- ?+0 0x7fa255145d80 con 0x7fa250e86600
2017-11-27 10:44:55.923503 7fa22645a700 1 -- 10.106.130.211:6800/424036496 <== osd.90 10.150.0.146:6809/4177745 222 ==== osd_op_reply(35392 100006760c4.0000000a [delete] v90810'115015 uv115015 ondisk = 0) v7 ==== 140+0+0 (2510330736 0 0) 0x7fa25100e300 con 0x7fa250a1d880
2017-11-27 10:44:55.924065 7fa23441d700 1 -- 10.106.130.211:6800/424036496 --> 10.150.0.21:6800/45232 -- osd_op(mds.0.330:35745 1.aa3a5271 100006760c4.00000012 [delete] snapc 1=[] ondisk+write+known_if_redirected+full_force e90810) v7 -- ?+0 0x7fa2549a70c0 con 0x7fa249620c00
2017-11-27 10:44:55.924072 7fa21e1d8700 1 -- 10.106.130.211:6800/424036496 <== osd.64 10.150.0.15:6833/3717815 195 ==== osd_op_reply(35419 100006aa6f9.00000008 [delete] v90810'116644 uv116644 ondisk = 0) v7 ==== 140+0+0 (622336661 0 0) 0x7fa251d602c0 con 0x7fa250e82100
2017-11-27 10:44:55.924077 7fa22a69c700 1 -- 10.106.130.211:6800/424036496 <== osd.103 10.150.0.147:6833/2670995 185 ==== osd_op_reply(35374 10000671dcb.00000007 [delete] v90810'121539 uv121539 ondisk = 0) v7 ==== 140+0+0 (1785214054 0 0) 0x7fa25100aec0 con 0x7fa25075ed80
2017-11-27 10:44:55.924066 7fa22685e700 1 -- 10.106.130.211:6800/424036496 <== osd.120 10.150.0.25:6812/5836 202 ==== osd_op_reply(35482 10000671df1.00000000 [delete] v90810'114140 uv114140 ondisk = 0) v7 ==== 140+0+0 (121250648 0 0) 0x7fa250d4b180 con 0x7fa250a1db80
2017-11-27 10:44:55.924113 7fa23441d700 1 -- 10.106.130.211:6800/424036496 --> 10.150.0.144:6809/1429545 -- osd_op(mds.0.330:35746 1.b11ad84e 100006aa6f9.0000000a [delete] snapc 1=[] ondisk+write+known_if_redirected+full_force e90810) v7 -- ?+0 0x7fa2549a7640 con 0x7fa250997b00
2017-11-27 10:44:55.924116 7fa238e28700 1 -- 10.106.130.211:6800/424036496 <== client.346816 10.106.0.21:0/3715732973 9 ==== client_request(client.346816:2602935 unlink #1/tmp_agent_l08BcJ
2017-11-27 10:44:55.923425) v2 ==== 198+0+0 (997333513 0 0) 0x7fa25a399340 con 0x7fa250758000
2017-11-27 10:44:55.924133 7fa23441d700 1 -- 10.106.130.211:6800/424036496 --> 10.150.0.16:6828/1045193 -- osd_op(mds.0.330:35747 1.ae817a3f 10000671dcb.00000010 [delete] snapc 1=[] ondisk+write+known_if_redirected+full_force e90810) v7 -- ?+0 0x7fa2496f9340 con 0x7fa249624080
2017-11-27 10:44:55.924154 7fa23441d700 1 -- 10.106.130.211:6800/424036496 --> 10.150.0.21:6816/45442 -- osd_op(mds.0.330:35748 1.3b66758 10000671df1.0000000c [delete] snapc 1=[] ondisk+write+known_if_redirected+full_force e90810) v7 -- ?+0 0x7fa2578b0b00 con 0x7fa250a18480
2017-11-27 10:44:55.924195 7fa238e28700 1 -- 10.106.130.211:6800/424036496 --> 10.150.1.11:6800/5195 -- osd_op(mds.0.330:35749 2.683577c5 200.0000a337 [write 461851~583 [fadvise_dontneed]] snapc 0=[] ondisk+write+known_if_redirected+full_force e90810) v7 -- ?+0 0x7fa252e0ca40 con 0x7fa249621e00
2017-11-27 10:44:55.924578 7fa22988e700 1 -- 10.106.130.211:6800/424036496 <== osd.80 10.150.0.17:6807/3570498 200 ==== osd_op_reply(35423 10000671e0c.00000001 [delete] v90810'119134 uv119134 ondisk = 0) v7 ==== 140+0+0 (1312635815 0 0) 0x7fa24eaf4780 con 0x7fa250a18c00
2017-11-27 10:44:55.924625 7fa23441d700 1 -- 10.106.130.211:6800/424036496 --> 10.150.0.145:6804/611722 -- osd_op(mds.0.330:35750 1.1e0e0e9d 10000671e0c.0000000b [delete] snapc 1=[] ondisk+write+known_if_redirected+full_force e90810) v7 -- ?+0 0x7fa2541ca680 con 0x7fa250994b00
2017-11-27 10:44:55.925835 7fa238e28700 1 -- 10.106.130.211:6800/424036496 <== client.289164 100.103.129.138:0/1784919364 13 ==== client_request(client.289164:25692685 open #100006de954
2017-11-27 10:44:55.924542) v3 ==== 122+0+0 (604466445 0 0) 0x7fa251adeb40 con 0x7fa249627e00
2017-11-27 10:44:55.925902 7fa238e28700 1 -- 10.106.130.211:6800/424036496 --> 100.103.129.138:0/1784919364 -- client_caps(grant ino 100006de954 976978019 seq 3 caps=pAsxLsXsxFsxcrwb dirty=- wanted=pAsxXsxFsxcrwb follows 0 size 524288/0 ts 1/18446744073709551615 mtime
2017-11-27 10:44:40.207915) v8 -- ?+0 0x7fa24961f000 con 0x7fa249627e00
2017-11-27 10:44:55.925958 7fa238e28700 1 -- 10.106.130.211:6800/424036496 --> 100.103.129.138:0/1784919364 -- client_reply(???:25692685 = 0 (0) Success) v1 -- ?+0 0x7fa252e0e300 con 0x7fa249627e00
2017-11-27 10:44:55.925982 7fa233219700 1 -- 10.106.130.211:6800/424036496 --> 10.150.1.11:6800/5195 -- osd_op(mds.0.330:35751 2.683577c5 200.0000a337 [write 462434~1018 [fadvise_dontneed]] snapc 0=[] ondisk+write+known_if_redirected+full_force e90810) v7 -- ?+0 0x7fa2586e0000 con 0x7fa249621e00
2017-11-27 10:44:55.928173 7fa238e28700 1 -- 10.106.130.211:6800/424036496 <== client.3777342 10.150.0.160:0/984257966 6 ==== client_request(client.3777342:212366 getattr pAsLsXsFs #1
2017-11-27 10:44:55.928079) v3 ==== 122+0+0 (1096220513 0 0) 0x7fa256c43700 con 0x7fa249625d00
2017-11-27 10:44:55.928218 7fa238e28700 1 -- 10.106.130.211:6800/424036496 <== client.3746651 10.150.0.41:0/2035000660 6 ==== client_request(client.3746651:211341 getattr pAsLsXsFs #1
2017-11-27 10:44:55.927798) v3 ==== 122+0+0 (2827398417 0 0) 0x7fa250b42c00 con 0x7fa250758480
2017-11-27 10:44:55.928285 7fa238e28700 1 -- 10.106.130.211:6800/424036496 <== client.289164 100.103.129.138:0/1784919364 14 ==== client_request(client.289164:25692686 getfilelockrule 1, type 2, owner 17253780676951497568, pid 0, start 0, length 0, wait 0 #100006de954
2017-11-27 10:44:55.927246) v3 ==== 122+0+0 (2207054917 0 0) 0x7fa252e0e300 con 0x7fa249627e00
2017-11-27 10:44:55.928340 7fa238e28700 1 -- 10.106.130.211:6800/424036496 --> 100.103.129.138:0/1784919364 -- client_reply(???:25692686 = 0 (0) Success) v1 -- ?+0 0x7fa251adeb40 con 0x7fa249627e00
2017-11-27 10:44:55.929712 7fa21d2c9700 1 -- 10.106.130.211:6800/424036496 <== osd.50 10.150.0.14:6845/1972227 241 ==== osd_op_reply(35155 10000671d84.00000000 [delete] v90810'75608 uv75608 ondisk = 0) v7 ==== 140+0+0 (2458680371 0 0) 0x7fa2520a0000 con 0x7fa250e81680
2017-11-27 10:44:55.929760 7fa23441d700 1 -- 10.106.130.211:6800/424036496 --> 10.150.0.25:6801/4600 -- osd_op(mds.0.330:35752 1.a22846a1 10000671d84.0000000f [delete] snapc 1=[] ondisk+write+known_if_redirected+full_force e90810) v7 -- ?+0 0x7fa2593c0840 con 0x7fa250997380
2017-11-27 10:44:55.929780 7fa221e14700 1 -- 10.106.130.211:6800/424036496 <== osd.5 10.106.132.141:6810/20724 218 ==== osd_op_reply(35117 100006a6266.00000004 [delete] v90810'149829 uv149829 ondisk = 0) v7 ==== 140+0+0 (2695058806 0 0) 0x7fa251e3ee00 con 0x7fa250995100
2017-11-27 10:44:55.929830 7fa23441d700 1 -- 10.106.130.211:6800/424036496 --> 10.150.0.147:6802/2669302 -- osd_op(mds.0.330:35753 1.4b0f0782 100006a6266.00000012 [delete] snapc 1=[] ondisk+write+known_if_redirected+full_force e90810) v7 -- ?+0 0x7fa250d4c4c0 con 0x7fa250a1d580
2017-11-27 10:44:55.930159 7fa222d23700 1 -- 10.106.130.211:6800/424036496 <== osd.1 10.106.132.141:6805/45825 235 ==== osd_op_reply(35486 10000671df1.00000004 [delete] v90810'75688 uv75688 ondisk = 0) v7 ==== 140+0+0 (110702880 0 0) 0x7fa24eaf1340 con 0x7fa250990d80
2017-11-27 10:44:55.930197 7fa23441d700 1 -- 10.106.130.211:6800/424036496 --> 10.150.0.146:6801/3871098 -- osd_op(mds.0.330:35754 1.8a14e58d 10000671df1.0000000d [delete] snapc 1=[] ondisk+write+known_if_redirected+full_force e90810) v7 -- ?+0 0x7fa2520b1e40 con 0x7fa249624e00
2017-11-27 10:44:55.930835 7fa21d0c7700 1 -- 10.106.130.211:6800/424036496 <== osd.34 10.150.0.12:6826/835105 245 ==== osd_op_reply(35476 10000679bf9.0000000e [delete] v90810'118213 uv118213 ondisk = 0) v7 ==== 140+0+0 (20312113 0 0) 0x7fa25100ee00 con 0x7fa250e81380
2017-11-27 10:44:55.930844 7fa21c9c0700 1 -- 10.106.130.211:6800/424036496 <== osd.85 10.150.0.12:6801/836078 234 ==== osd_op_reply(35258 10000679cee.00000003 [delete] v90810'116080 uv116080 ondisk = 0) v7 ==== 140+0+0 (3381535463 0 0) 0x7fa251e3a680 con 0x7fa250e87380
2017-11-27 10:44:55.930842 7fa238e28700 1 -- 10.106.130.211:6800/424036496 <== client.289164 100.103.129.138:0/1784919364 15 ==== client_request(client.289164:25692687 setfilelockrule 1, type 2, owner 17253780676951497568, pid 28343, start 0, length 0, wait 0 #100006de954
2017-11-27 10:44:55.929606) v3 ==== 122+0+0 (505736447 0 0) 0x7fa251adeb40 con 0x7fa249627e00
2017-11-27 10:44:55.930880 7fa23441d700 1 -- 10.106.130.211:6800/424036496 --> 10.150.0.13:6842/1785092 -- osd_op(mds.0.330:35755 1.b25f75d0 10000679bf9.00000012 [delete] snapc 1=[] ondisk+write+known_if_redirected+full_force e90810) v7 -- ?+0 0x7fa2520b3c80 con 0x7fa250e86f00
2017-11-27 10:44:55.930915 7fa238e28700 1 -- 10.106.130.211:6800/424036496 --> 100.103.129.138:0/1784919364 -- client_reply(???:25692687 = 0 (0) Success safe) v1 -- ?+0 0x7fa252e0e300 con 0x7fa249627e00
2017-11-27 10:44:55.931055 7fa226359700 1 -- 10.106.130.211:6800/424036496 <== osd.110 10.150.0.24:6812/1532122 222 ==== osd_op_reply(35351 10000676260.00000005 [delete] v90810'75346 uv75346 ondisk = 0) v7 ==== 140+0+0 (2752642740 0 0) 0x7fa251ad8b00 con 0x7fa250a1d700
2017-11-27 10:44:55.931092 7fa23441d700 1 -- 10.106.130.211:6800/424036496 --> 10.150.0.146:6817/3872202 -- osd_op(mds.0.330:35756 1.f0e7ce69 10000676260.0000000e [delete] snapc 1=[] ondisk+write+known_if_redirected+full_force e90810) v7 -- ?+0 0x7fa2586e1080 con 0x7fa250e85a00
2017-11-27 10:44:55.931143 7fa2305fb700 1 -- 10.106.130.211:6800/424036496 <== osd.15 10.150.0.144:6801/1423797 187 ==== osd_op_reply(35229 100006ae50f.00000005 [delete] v90810'128096 uv128096 ondisk = 0) v7 ==== 140+0+0 (1926954458 0 0) 0x7fa2496fee00 con 0x7fa249623600
2017-11-27 10:44:55.931190 7fa21dfd6700 1 -- 10.106.130.211:6800/424036496 <== osd.123 10.150.0.25:6821/9928 303 ==== osd_op_reply(35477 10000679bf9.0000000f [delete] v90810'116836 uv116836 ondisk = 0) v7 ==== 140+0+0 (3822088968 0 0) 0x7fa250d4f380 con 0x7fa250e81f80
2017-11-27 10:44:55.931233 7fa23441d700 1 -- 10.106.130.211:6800/424036496 --> 10.150.1.12:6832/87908 -- osd_op(mds.0.330:35757 1.8119eeb3 10000679bf9.00000013 [delete] snapc 1=[] ondisk+write+known_if_redirected+full_force e90810) v7 -- ?+0 0x7fa252e0c4c0 con 0x7fa250a1f980
2017-11-27 10:44:55.931518 7fa22aba1700 1 -- 10.106.130.211:6800/424036496 <== osd.74 10.150.0.16:6838/1046406 292 ==== osd_op_reply(35177 10000679b72.00000000 [delete] v90810'113810 uv113810 ondisk = 0) v7 ==== 140+0+0 (2835701295 0 0) 0x7fa2520c0000 con 0x7fa25075f200
2017-11-27 10:44:55.931584 7fa23441d700 1 -- 10.106.130.211:6800/424036496 --> 10.106.132.141:6805/45825 -- osd_op(mds.0.330:35758 1.4aa33890 10000679b6a.00000000 [delete] snapc 1=[] ondisk+write+known_if_redirected+full_force e90810) v7 -- ?+0 0x7fa252e0cfc0 con 0x7fa250990d80
2017-11-27 10:44:55.932584 7fa222016700 1 -- 10.106.130.211:6800/424036496 <== osd.105 10.150.0.147:6834/2668507 267 ==== osd_op_reply(35460 10000676184.00000007 [delete] v90810'113321 uv113321 ondisk = 0) v7 ==== 140+0+0 (2706278233 0 0) 0x7fa251c40000 con 0x7fa250994f80
2017-11-27 10:44:55.932626 7fa23441d700 1 -- 10.106.130.211:6800/424036496 --> 10.150.0.147:6808/2666495 -- osd_op(mds.0.330:35759 1.b2c06345 10000676184.0000000a [delete] snapc 1=[] ondisk+write+known_if_redirected+full_force e90810) v7 -- ?+0 0x7fa252e08dc0 con 0x7fa250994e00
2017-11-27 10:44:55.933311 7fa238e28700 1 -- 10.106.130.211:6800/424036496 <== client.3777348 10.150.0.42:0/2803787646 6 ==== client_session(request_renewcaps seq 102944) v1 ==== 28+0+0 (1345717756 0 0) 0x7fa25073a640 con 0x7fa249625b80
2017-11-27 10:44:55.933329 7fa238e28700 1 -- 10.106.130.211:6800/424036496 --> 10.150.0.42:0/2803787646 -- client_session(renewcaps seq 102944) v2 -- ?+0 0x7fa25ae90480 con 0x7fa249625b80
2017-11-27 10:44:55.933510 7fa224e44700 1 -- 10.106.130.211:6800/424036496 <== osd.152 10.150.0.21:6820/47281 250 ==== osd_op_reply(35621 10000671d49.0000000e [delete] v90810'115123 uv115123 ondisk = 0) v7 ==== 140+0+0 (3035962706 0 0) 0x7fa254ac1600 con 0x7fa250a1fc80
2017-11-27 10:44:55.933808 7fa23441d700 1 -- 10.106.130.211:6800/424036496 --> 10.150.0.15:6812/3715807 -- osd_op(mds.0.330:35760 1.52202c9c 10000671d49.00000010 [delete] snapc 1=[] ondisk+write+known_if_redirected+full_force e90810) v7 -- ?+0 0x7fa256cd98c0 con 0x7fa250a1cf80
2017-11-27 10:44:55.934349 7fa227a70700 1 -- 10.106.130.211:6800/424036496 <== osd.83 10.150.0.17:6834/1099500 224 ==== osd_op_reply(35326 10000679c14.00000000 [delete] v90810'117275 uv117275 ondisk = 0) v7 ==== 140+0+0 (102503754 0 0) 0x7fa2496fc4c0 con 0x7fa250a1ad00
2017-11-27 10:44:55.934389 7fa23441d700 1 -- 10.106.130.211:6800/424036496 --> 10.150.0.21:6816/45442 -- osd_op(mds.0.330:35761 1.5b109ea2 10000679c14.0000000f [delete] snapc 1=[] ondisk+write+known_if_redirected+full_force e90810) v7 -- ?+0 0x7fa256cdbf40 con 0x7fa250a18480
2017-11-27 10:44:55.935827 7fa22271d700 1 -- 10.106.130.211:6800/424036496 <== osd.100 10.150.0.147:6801/2667261 201 ==== osd_op_reply(35087 100006ae565.00000007 [delete] v90810'114539 uv114539 ondisk = 0) v7 ==== 140+0+0 (1315842405 0 0) 0x7fa2520bfbc0 con 0x7fa250990780
2017-11-27 10:44:55.935867 7fa23441d700 1 -- 10.106.130.211:6800/424036496 --> 10.150.0.145:6813/612873 -- osd_op(mds.0.330:35762 1.f442d48f 100006ae565.00000012 [delete] snapc 1=[] ondisk+write+known_if_redirected+full_force e90810) v7 -- ?+0 0x7fa256cda940 con 0x7fa250e82b80
2017-11-27 10:44:55.935880 7fa22847a700 1 -- 10.106.130.211:6800/424036496 <== osd.73 10.150.0.16:6835/1045946 301 ==== osd_op_reply(35270 100006aa7d0.00000006 [delete] v90810'116053 uv116053 ondisk = 0) v7 ==== 140+0+0 (587404187 0 0) 0x7fa24eaf7380 con 0x7fa250a1b000
2017-11-27 10:44:55.935919 7fa23441d700 1 -- 10.106.130.211:6800/424036496 --> 10.150.0.145:6824/615159 -- osd_op(mds.0.330:35763 1.bda482b9 100006aa7d0.00000010 [delete] snapc 1=[] ondisk+write+known_if_redirected+full_force e90810) v7 -- ?+0 0x7fa2496feb40 con 0x7fa250993a80
2017-11-27 10:44:55.936388 7fa21a198700 1 -- 10.106.130.211:6800/424036496 <== osd.87 10.150.0.146:6800/3869297 178 ==== osd_op_reply(35506 10000679ced.00000007 [delete] v90810'117563 uv117563 ondisk = 0) v7 ==== 140+0+0 (3481784343 0 0) 0x7fa2520bc200 con 0x7fa251d83180
2017-11-27 10:44:55.936854 7fa2303f9700 1 -- 10.106.130.211:6800/424036496 <== osd.143 10.150.1.12:6824/87752 142 ==== osd_op_reply(35352 10000676260.00000006 [delete] v90810'128230 uv128230 ondisk = 0) v7 ==== 140+0+0 (681217142 0 0) 0x7fa24eaf0000 con 0x7fa249623900
2017-11-27 10:44:55.936900 7fa23441d700 1 -- 10.106.130.211:6800/424036496 --> 10.150.0.147:6802/2669302 -- osd_op(mds.0.330:35764 1.a1e2c826 10000676260.0000000f [delete] snapc 1=[] ondisk+write+known_if_redirected+full_force e90810) v7 -- ?+0 0x7fa24eaf1e40 con 0x7fa250a1d580
2017-11-27 10:44:55.937810 7fa22281e700 1 -- 10.106.130.211:6800/424036496 <== osd.126 10.150.0.25:6826/8164 235 ==== osd_op_reply(35422 10000671e0c.00000000 [delete] v90810'131289 uv131289 ondisk = 0) v7 ==== 140+0+0 (3673107088 0 0) 0x7fa24eaf23c0 con 0x7fa250990900
2017-11-27 10:44:55.937824 7fa227a70700 1 -- 10.106.130.211:6800/424036496 <== osd.83 10.150.0.17:6834/1099500 225 ==== osd_op_reply(35330 10000679c14.00000004 [delete] v90810'115401 uv115401 ondisk = 0) v7 ==== 140+0+0 (359693088 0 0) 0x7fa2496fc4c0 con 0x7fa250a1ad00
2017-11-27 10:44:55.937849 7fa23441d700 1 -- 10.106.130.211:6800/424036496 --> 10.150.1.11:6812/7767 -- osd_op(mds.0.330:35765 1.c0607b7 10000671e0c.0000000c [delete] snapc 1=[] ondisk+write+known_if_redirected+full_force e90810) v7 -- ?+0 0x7fa2593c2940 con 0x7fa250a1aa00
2017-11-27 10:44:55.937871 7fa23441d700 1 -- 10.106.130.211:6800/424036496 --> 10.150.0.145:6801/611774 -- osd_op(mds.0.330:35766 1.9e37945 10000679c14.00000010 [delete] snapc 1=[] ondisk+write+known_if_redirected+full_force e90810) v7 -- ?+0 0x7fa2593c70c0 con 0x7fa250991c80
2017-11-27 10:44:55.938892 7fa22483e700 1 -- 10.106.130.211:6800/424036496 <== osd.140 10.150.1.12:6812/87508 237 ==== osd_op_reply(35092 10000679bf9.00000000 [delete] v90810'131723 uv131723 ondisk = 0) v7 ==== 140+0+0 (474805385 0 0) 0x7fa251c41600 con 0x7fa250a1ce00
2017-11-27 10:44:55.938928 7fa23441d700 1 -- 10.106.130.211:6800/424036496 --> 10.150.0.16:6826/1044724 -- osd_op(mds.0.330:35767 1.bb95b9c4 10000679bf9.00000014 [delete] snapc 1=[] ondisk+write+known_if_redirected+full_force e90810) v7 -- ?+0 0x7fa2593c0dc0 con 0x7fa250a1b480
2017-11-27 10:44:55.938931 7fa2202f9700 1 -- 10.106.130.211:6800/424036496 <== osd.25 10.150.0.145:6824/615159 207 ==== osd_op_reply(35649 100006760ee.00000007 [delete] v90810'74812 uv74812 ondisk = 0) v7 ==== 140+0+0 (419092117 0 0) 0x7fa25100cd00 con 0x7fa250993a80
2017-11-27 10:44:55.938968 7fa23441d700 1 -- 10.106.130.211:6800/424036496 --> 10.150.0.16:6801/1043244 -- osd_op(mds.0.330:35768 1.a242b423 100006760ee.0000000a [delete] snapc 1=[] ondisk+write+known_if_redirected+full_force e90810) v7 -- ?+0 0x7fa251e3ca40 con 0x7fa249622a00
