2017-02-02 08:08:29.755408 7f8ccc5ef700 20 -- 10.194.0.100:0/4006638222 >> 10.194.0.189:6816/31695 pipe(0x5616c998ca10 sd=13 :31421 s=2 pgs=5 cs=1 l=0 c=0x5616c998ad60).reader got envelope type=26 src mds.0 front=354 data=0 off 0
2017-02-02 08:08:29.755413 7f8ccc5ef700 10 -- 10.194.0.100:0/4006638222 >> 10.194.0.189:6816/31695 pipe(0x5616c998ca10 sd=13 :31421 s=2 pgs=5 cs=1 l=0 c=0x5616c998ad60).reader wants 354 from dispatch throttler 0/104857600
2017-02-02 08:08:29.755419 7f8ccc5ef700 20 -- 10.194.0.100:0/4006638222 >> 10.194.0.189:6816/31695 pipe(0x5616c998ca10 sd=13 :31421 s=2 pgs=5 cs=1 l=0 c=0x5616c998ad60).reader got front 354
2017-02-02 08:08:29.755424 7f8ccc5ef700 10 -- 10.194.0.100:0/4006638222 >> 10.194.0.189:6816/31695 pipe(0x5616c998ca10 sd=13 :31421 s=2 pgs=5 cs=1 l=0 c=0x5616c998ad60).aborted = 0
2017-02-02 08:08:29.755428 7f8ccc5ef700 20 -- 10.194.0.100:0/4006638222 >> 10.194.0.189:6816/31695 pipe(0x5616c998ca10 sd=13 :31421 s=2 pgs=5 cs=1 l=0 c=0x5616c998ad60).reader got 354 + 0 + 0 byte message
2017-02-02 08:08:29.755458 7f8ccc5ef700 10 -- 10.194.0.100:0/4006638222 >> 10.194.0.189:6816/31695 pipe(0x5616c998ca10 sd=13 :31421 s=2 pgs=5 cs=1 l=0 c=0x5616c998ad60).reader got message 3 0x7f8ca4003c90 client_reply(???:1 = 0 (0) Success) v1
2017-02-02 08:08:29.755474 7f8ccc5ef700 20 -- 10.194.0.100:0/4006638222 queue 0x7f8ca4003c90 prio 127
2017-02-02 08:08:29.755488 7f8cc4ff9700 1 -- 10.194.0.100:0/4006638222 <== mds.0 10.194.0.189:6816/31695 3 ==== client_reply(???:1 = 0 (0) Success) v1 ==== 354+0+0 (980610365 0 0) 0x7f8ca4003c90 con 0x5616c998ad60
2017-02-02 08:08:29.755502 7f8cc4ff9700 10 client.4151.objecter ms_dispatch 0x5616c9927990 client_reply(???:1 = 0 (0) Success) v1
2017-02-02 08:08:29.755507 7f8cc4ff9700 20 client.4151 handle_client_reply got a reply. Safe:1 tid 1
2017-02-02 08:08:29.755509 7f8cc4ff9700 10 client.4151 insert_trace from
2017-02-02 08:08:29.754276 mds.0 is_target=1 is_dentry=0
2017-02-02 08:08:29.755514 7f8cc4ff9700 10 client.4151 features 0x7ffffffefdfbfff
2017-02-02 08:08:29.755516 7f8cc4ff9700 10 client.4151 update_snap_trace len 48
2017-02-02 08:08:29.755519 7f8cc4ff9700 20 client.4151 get_snap_realm 1 0x7f8cb800c900 0 -> 1
2017-02-02 08:08:29.755521 7f8cc4ff9700 10 client.4151 update_snap_trace snaprealm(1 nref=1 c=0 seq=0 parent=0 my_snaps=[] cached_snapc=0=[]) seq 1 > 0
2017-02-02 08:08:29.755528 7f8cc4ff9700 10 client.4151 invalidate_snaprealm_and_children snaprealm(1 nref=2 c=0 seq=1 parent=0 my_snaps=[] cached_snapc=0=[])
2017-02-02 08:08:29.755531 7f8cc4ff9700 15 client.4151 update_snap_trace snaprealm(1 nref=2 c=0 seq=1 parent=0 my_snaps=[] cached_snapc=0=[]) self|parent updated
2017-02-02 08:08:29.755537 7f8cc4ff9700 15 client.4151 snapc 1=[]
2017-02-02 08:08:29.755540 7f8cc4ff9700 20 client.4151 put_snap_realm 1 0x7f8cb800c900 2 -> 1
2017-02-02 08:08:29.755542 7f8cc4ff9700 10 client.4151 no new snap on snaprealm(1 nref=1 c=0 seq=1 parent=0 my_snaps=[] cached_snapc=1=[])
2017-02-02 08:08:29.755545 7f8cc4ff9700 20 client.4151 put_snap_realm 1 0x7f8cb800c900 1 -> 0
2017-02-02 08:08:29.755547 7f8cc4ff9700 10 client.4151 hrm is_target=1 is_dentry=0
2017-02-02 08:08:29.755555 7f8cc4ff9700 15 inode.get on 0x7f8cb800d450 1.head now 1
2017-02-02 08:08:29.755557 7f8cc4ff9700 12 client.4151 add_update_inode adding 1.head(faked_ino=0 ref=1 ll_ref=0 cap_refs={} open={} mode=40000 size=0/0 mtime=0.000000 caps=- 0x7f8cb800d450) caps pAsLsXsFs
2017-02-02 08:08:29.755572 7f8cc4ff9700 20 client.4151 dir hash is 2
2017-02-02 08:08:29.755575 7f8cc4ff9700 10 client.4151 update_inode_file_bits 1.head(faked_ino=0 ref=1 ll_ref=0 cap_refs={} open={} mode=40755 size=0/0 mtime=0.000000 caps=- has_dir_layout 0x7f8cb800d450) - mtime
2017-02-01 11:30:21.278903
2017-02-02 08:08:29.755585 7f8cc4ff9700 20 client.4151 get_snap_realm 1 0x7f8cb800de70 0 -> 1
2017-02-02 08:08:29.755587 7f8cc4ff9700 15 client.4151 add_update_cap first one, opened snaprealm 0x7f8cb800de70
2017-02-02 08:08:29.755591 7f8cc4ff9700 10 client.4151 add_update_cap issued - -> pAsLsXsFs from mds.0 on 1.head(faked_ino=0 ref=1 ll_ref=0 cap_refs={} open={} mode=40755 size=0/0 mtime=2017-02-01 11:30:21.278903 caps=pAsLsXsFs(0=pAsLsXsFs) has_dir_layout 0x7f8cb800d450)
2017-02-02 08:08:29.755607 7f8cc4ff9700 15 inode.get on 0x7f8cb800d450 1.head now 2
2017-02-02 08:08:29.755609 7f8cc4ff9700 15 inode.get on 0x7f8cb800d450 1.head now 3
2017-02-02 08:08:29.755611 7f8cc4ff9700 20 client.4151 handle_client_reply signalling caller 0x7ffca3ea8030
2017-02-02 08:08:29.755615 7f8cc4ff9700 20 client.4151 handle_client_reply awaiting kickback on tid 1 0x7f8cc4ff7ef0
2017-02-02 08:08:29.755621 7f8ccc5ef700 20 -- 10.194.0.100:0/4006638222 >> 10.194.0.189:6816/31695 pipe(0x5616c998ca10 sd=13 :31421 s=2 pgs=5 cs=1 l=0 c=0x5616c998ad60).reader reading tag...
2017-02-02 08:08:29.755631 7f8ccc6f0700 10 -- 10.194.0.100:0/4006638222 >> 10.194.0.189:6816/31695 pipe(0x5616c998ca10 sd=13 :31421 s=2 pgs=5 cs=1 l=0 c=0x5616c998ad60).writer: state = open policy.server=0
2017-02-02 08:08:29.755638 7f8cd1be2e80 20 client.4151 sendrecv kickback on tid 1 0x7f8cc4ff7ef0
2017-02-02 08:08:29.755638 7f8ccc6f0700 10 -- 10.194.0.100:0/4006638222 >> 10.194.0.189:6816/31695 pipe(0x5616c998ca10 sd=13 :31421 s=2 pgs=5 cs=1 l=0 c=0x5616c998ad60).write_ack 3
2017-02-02 08:08:29.755642 7f8cd1be2e80 20 client.4151 lat 0.001365
2017-02-02 08:08:29.755645 7f8cd1be2e80 15 inode.get on 0x7f8cb800d450 1.head now 4
2017-02-02 08:08:29.755646 7f8cd1be2e80 20 client.4151 _ll_get 0x7f8cb800d450 1 -> 1
2017-02-02 08:08:29.755646 7f8ccc6f0700 10 -- 10.194.0.100:0/4006638222 >> 10.194.0.189:6816/31695 pipe(0x5616c998ca10 sd=13 :31421 s=2 pgs=5 cs=1 l=0 c=0x5616c998ad60).writer: state = open policy.server=0
2017-02-02 08:08:29.755650 7f8ccc6f0700 20 -- 10.194.0.100:0/4006638222 >> 10.194.0.189:6816/31695 pipe(0x5616c998ca10 sd=13 :31421 s=2 pgs=5 cs=1 l=0 c=0x5616c998ad60).writer sleeping
2017-02-02 08:08:29.755664 7f8cc4ff9700 10 client.4151 put_inode on 1.head(faked_ino=0 ref=4 ll_ref=1 cap_refs={} open={} mode=40755 size=0/0 mtime=2017-02-01 11:30:21.278903 caps=pAsLsXsFs(0=pAsLsXsFs) has_dir_layout 0x7f8cb800d450)
2017-02-02 08:08:29.755675 7f8cc4ff9700 15 inode.put on 0x7f8cb800d450 1.head now 3
2017-02-02 08:08:29.755677 7f8cc4ff9700 10 client.4151 put_inode on 1.head(faked_ino=0 ref=3 ll_ref=1 cap_refs={} open={} mode=40755 size=0/0 mtime=2017-02-01 11:30:21.278903 caps=pAsLsXsFs(0=pAsLsXsFs) has_dir_layout 0x7f8cb800d450)
2017-02-02 08:08:29.755684 7f8cc4ff9700 15 inode.put on 0x7f8cb800d450 1.head now 2
2017-02-02 08:08:29.755686 7f8cc4ff9700 10 -- 10.194.0.100:0/4006638222 dispatch_throttle_release 354 to dispatch throttler 354/104857600
2017-02-02 08:08:29.755690 7f8cc4ff9700 20 -- 10.194.0.100:0/4006638222 done calling dispatch on 0x7f8ca4003c90
2017-02-02 08:08:29.756365 7f8cd1be2e80 10 client.4151 ll_register_callbacks cb 0x5616c9981da0 invalidate_ino_cb 0 invalidate_dentry_cb 1 getgroups_cb1 switch_interrupt_cb 1 remount_cb 1
2017-02-02 08:08:29.757302 7f8cc17f2700 1 client.4151 using remount_cb
2017-02-02 08:08:29.759111 7f8ca3fff700 3 client.4151 ll_getattr 1.head
2017-02-02 08:08:29.759126 7f8ca3fff700 10 client.4151 _getattr mask pAsLsXsFs issued=1
2017-02-02 08:08:29.759133 7f8ca3fff700 10 client.4151 fill_stat on 1 snap/devhead mode 040755 mtime
2017-02-01 11:30:21.278903 ctime
2017-02-01 11:30:21.278903
2017-02-02 08:08:29.759140 7f8ca3fff700 3 client.4151 ll_getattr 1.head = 0
2017-02-02 08:08:29.759149 7f8ca3fff700 3 client.4151 ll_forget 1 1
2017-02-02 08:08:29.759200 7f8cc0ff1700 3 client.4151 ll_getattr 1.head
2017-02-02 08:08:29.759210 7f8cc0ff1700 10 client.4151 _getattr mask pAsLsXsFs issued=1
2017-02-02 08:08:29.759217 7f8cc0ff1700 10 client.4151 fill_stat on 1 snap/devhead mode 040755 mtime
2017-02-01 11:30:21.278903 ctime
2017-02-01 11:30:21.278903
2017-02-02 08:08:29.759223 7f8cc0ff1700 3 client.4151 ll_getattr 1.head = 0
2017-02-02 08:08:29.759232 7f8cc0ff1700 3 client.4151 ll_forget 1 1
2017-02-02 08:08:29.759260 7f8ca3fff700 3 client.4151 ll_opendir 1.head
2017-02-02 08:08:29.759270 7f8ca3fff700 15 inode.get on 0x7f8cb800d450 1.head now 3
2017-02-02 08:08:29.759272 7f8ca3fff700 3 client.4151 _opendir(1) = 0 (0x7f8c94001000)
2017-02-02 08:08:29.759274 7f8ca3fff700 3 client.4151 ll_opendir 1.head = 0 (0x7f8c94001000)
2017-02-02 08:08:29.759280 7f8ca3fff700 3 client.4151 ll_forget 1 1
2017-02-02 08:08:29.759327 7f8cc0ff1700 3 client.4151 ll_getattr 1.head
2017-02-02 08:08:29.759334 7f8cc0ff1700 10 client.4151 _getattr mask pAsLsXsFs issued=1
2017-02-02 08:08:29.759338 7f8cc0ff1700 10 client.4151 fill_stat on 1 snap/devhead mode 040755 mtime
2017-02-01 11:30:21.278903 ctime
2017-02-01 11:30:21.278903
2017-02-02 08:08:29.759342 7f8cc0ff1700 3 client.4151 ll_getattr 1.head = 0
2017-02-02 08:08:29.759348 7f8cc0ff1700 3 client.4151 ll_forget 1 1
2017-02-02 08:08:29.759379 7f8ca3fff700 3 client.4151 ll_releasedir 0x7f8c94001000
2017-02-02 08:08:29.759388 7f8ca3fff700 10 client.4151 _closedir(0x7f8c94001000)
2017-02-02 08:08:29.759389 7f8ca3fff700 10 client.4151 _closedir detaching inode 0x7f8cb800d450
2017-02-02 08:08:29.759391 7f8ca3fff700 10 client.4151 put_inode on 1.head(faked_ino=0 ref=3 ll_ref=5 cap_refs={} open={} mode=40755 size=0/0 mtime=2017-02-01 11:30:21.278903 caps=pAsLsXsFs(0=pAsLsXsFs) has_dir_layout 0x7f8cb800d450)
2017-02-02 08:08:29.759401 7f8ca3fff700 15 inode.put on 0x7f8cb800d450 1.head now 2
2017-02-02 08:08:29.759403 7f8ca3fff700 10 client.4151 _readdir_drop_dirp_buffer 0x7f8c94001000
2017-02-02 08:08:29.759918 7f8cc0ff1700 3 client.4151 ll_getattr 1.head
2017-02-02 08:08:29.759928 7f8cc0ff1700 10 client.4151 _getattr mask pAsLsXsFs issued=1
2017-02-02 08:08:29.759933 7f8cc0ff1700 10 client.4151 fill_stat on 1 snap/devhead mode 040755 mtime
2017-02-01 11:30:21.278903 ctime
2017-02-01 11:30:21.278903
2017-02-02 08:08:29.759939 7f8cc0ff1700 3 client.4151 ll_getattr 1.head = 0
2017-02-02 08:08:29.759947 7f8cc0ff1700 3 client.4151 ll_forget 1 1
2017-02-02 08:08:30.746877 7f8cc5ffb700 10 client.4151 renew_caps()
2017-02-02 08:08:30.746895 7f8cc5ffb700 15 client.4151 renew_caps requesting from mds.0
2017-02-02 08:08:30.746897 7f8cc5ffb700 10 client.4151 renew_caps mds.0
2017-02-02 08:08:30.746909 7f8cc5ffb700 1 -- 10.194.0.100:0/4006638222 --> 10.194.0.189:6816/31695 -- client_session(request_renewcaps seq 2) v2 -- ?+0 0x7f8c9c000d20 con 0x5616c998ad60
2017-02-02 08:08:30.746925 7f8cc5ffb700 20 -- 10.194.0.100:0/4006638222 submit_message client_session(request_renewcaps seq 2) v2 remote, 10.194.0.189:6816/31695, have pipe.
2017-02-02 08:08:30.746934 7f8cc5ffb700 20 client.4151 trim_cache size 0 max 16384
2017-02-02 08:08:30.746962 7f8ccc6f0700 10 -- 10.194.0.100:0/4006638222 >> 10.194.0.189:6816/31695 pipe(0x5616c998ca10 sd=13 :31421 s=2 pgs=5 cs=1 l=0 c=0x5616c998ad60).writer: state = open policy.server=0
2017-02-02 08:08:30.746980 7f8ccc6f0700 20 -- 10.194.0.100:0/4006638222 >> 10.194.0.189:6816/31695 pipe(0x5616c998ca10 sd=13 :31421 s=2 pgs=5 cs=1 l=0 c=0x5616c998ad60).writer encoding 4 features 576460752032874495 0x7f8c9c000d20 client_session(request_renewcaps seq 2) v2
2017-02-02 08:08:30.747036 7f8ccc6f0700 20 -- 10.194.0.100:0/4006638222 >> 10.194.0.189:6816/31695 pipe(0x5616c998ca10 sd=13 :31421 s=2 pgs=5 cs=1 l=0 c=0x5616c998ad60).writer signed seq # 4): sig = 7717045047072942601
2017-02-02 08:08:30.747048 7f8ccc6f0700 20 -- 10.194.0.100:0/4006638222 >> 10.194.0.189:6816/31695 pipe(0x5616c998ca10 sd=13 :31421 s=2 pgs=5 cs=1 l=0 c=0x5616c998ad60).writer sending 4 0x7f8c9c000d20
2017-02-02 08:08:30.747081 7f8ccc6f0700 10 -- 10.194.0.100:0/4006638222 >> 10.194.0.189:6816/31695 pipe(0x5616c998ca10 sd=13 :31421 s=2 pgs=5 cs=1 l=0 c=0x5616c998ad60).writer: state = open policy.server=0
2017-02-02 08:08:30.747104 7f8ccc6f0700 20 -- 10.194.0.100:0/4006638222 >> 10.194.0.189:6816/31695 pipe(0x5616c998ca10 sd=13 :31421 s=2 pgs=5 cs=1 l=0 c=0x5616c998ad60).writer sleeping
2017-02-02 08:08:30.747759 7f8ccc5ef700 20 -- 10.194.0.100:0/4006638222 >> 10.194.0.189:6816/31695 pipe(0x5616c998ca10 sd=13 :31421 s=2 pgs=5 cs=1 l=0 c=0x5616c998ad60).reader got ACK
2017-02-02 08:08:30.747772 7f8ccc5ef700 15 -- 10.194.0.100:0/4006638222 >> 10.194.0.189:6816/31695 pipe(0x5616c998ca10 sd=13 :31421 s=2 pgs=5 cs=1 l=0 c=0x5616c998ad60).reader got ack seq 4
2017-02-02 08:08:30.747779 7f8ccc5ef700 10 -- 10.194.0.100:0/4006638222 >> 10.194.0.189:6816/31695 pipe(0x5616c998ca10 sd=13 :31421 s=2 pgs=5 cs=1 l=0 c=0x5616c998ad60).reader got ack seq 4 >= 4 on 0x7f8c9c000d20 client_session(request_renewcaps seq 2) v1
2017-02-02 08:08:30.747787 7f8ccc5ef700 20 -- 10.194.0.100:0/4006638222 >> 10.194.0.189:6816/31695 pipe(0x5616c998ca10 sd=13 :31421 s=2 pgs=5 cs=1 l=0 c=0x5616c998ad60).reader reading tag...
2017-02-02 08:08:30.747793 7f8ccc5ef700 20 -- 10.194.0.100:0/4006638222 >> 10.194.0.189:6816/31695 pipe(0x5616c998ca10 sd=13 :31421 s=2 pgs=5 cs=1 l=0 c=0x5616c998ad60).reader got MSG
2017-02-02 08:08:30.747799 7f8ccc5ef700 20 -- 10.194.0.100:0/4006638222 >> 10.194.0.189:6816/31695 pipe(0x5616c998ca10 sd=13 :31421 s=2 pgs=5 cs=1 l=0 c=0x5616c998ad60).reader got envelope type=22 src mds.0 front=28 data=0 off 0
2017-02-02 08:08:30.747811 7f8ccc5ef700 10 -- 10.194.0.100:0/4006638222 >> 10.194.0.189:6816/31695 pipe(0x5616c998ca10 sd=13 :31421 s=2 pgs=5 cs=1 l=0 c=0x5616c998ad60).reader wants 28 from dispatch throttler 0/104857600
2017-02-02 08:08:30.747820 7f8ccc5ef700 20 -- 10.194.0.100:0/4006638222 >> 10.194.0.189:6816/31695 pipe(0x5616c998ca10 sd=13 :31421 s=2 pgs=5 cs=1 l=0 c=0x5616c998ad60).reader got front 28
2017-02-02 08:08:30.747825 7f8ccc5ef700 10 -- 10.194.0.100:0/4006638222 >> 10.194.0.189:6816/31695 pipe(0x5616c998ca10 sd=13 :31421 s=2 pgs=5 cs=1 l=0 c=0x5616c998ad60).aborted = 0
2017-02-02 08:08:30.747835 7f8ccc5ef700 20 -- 10.194.0.100:0/4006638222 >> 10.194.0.189:6816/31695 pipe(0x5616c998ca10 sd=13 :31421 s=2 pgs=5 cs=1 l=0 c=0x5616c998ad60).reader got 28 + 0 + 0 byte message
2017-02-02 08:08:30.747871 7f8ccc5ef700 10 -- 10.194.0.100:0/4006638222 >> 10.194.0.189:6816/31695 pipe(0x5616c998ca10 sd=13 :31421 s=2 pgs=5 cs=1 l=0 c=0x5616c998ad60).reader got message 4 0x7f8ca40049f0 client_session(renewcaps seq 2) v1
2017-02-02 08:08:30.747886 7f8ccc5ef700 20 -- 10.194.0.100:0/4006638222 queue 0x7f8ca40049f0 prio 127
2017-02-02 08:08:30.747897 7f8ccc5ef700 20 -- 10.194.0.100:0/4006638222 >> 10.194.0.189:6816/31695 pipe(0x5616c998ca10 sd=13 :31421 s=2 pgs=5 cs=1 l=0 c=0x5616c998ad60).reader reading tag...
2017-02-02 08:08:30.747923 7f8cc4ff9700 1 -- 10.194.0.100:0/4006638222 <== mds.0 10.194.0.189:6816/31695 4 ==== client_session(renewcaps seq 2) v1 ==== 28+0+0 (1357429227 0 0) 0x7f8ca40049f0 con 0x5616c998ad60
2017-02-02 08:08:30.747937 7f8cc4ff9700 10 client.4151.objecter ms_dispatch 0x5616c9927990 client_session(renewcaps seq 2) v1
2017-02-02 08:08:30.747941 7f8cc4ff9700 10 client.4151 handle_client_session client_session(renewcaps seq 2) v1 from mds.0
2017-02-02 08:08:30.747944 7f8cc4ff9700 10 -- 10.194.0.100:0/4006638222 dispatch_throttle_release 28 to dispatch throttler 28/104857600
2017-02-02 08:08:30.747948 7f8cc4ff9700 20 -- 10.194.0.100:0/4006638222 done calling dispatch on 0x7f8ca40049f0
2017-02-02 08:08:30.747956 7f8ccc6f0700 10 -- 10.194.0.100:0/4006638222 >> 10.194.0.189:6816/31695 pipe(0x5616c998ca10 sd=13 :31421 s=2 pgs=5 cs=1 l=0 c=0x5616c998ad60).writer: state = open policy.server=0
2017-02-02 08:08:30.747961 7f8ccc6f0700 10 -- 10.194.0.100:0/4006638222 >> 10.194.0.189:6816/31695 pipe(0x5616c998ca10 sd=13 :31421 s=2 pgs=5 cs=1 l=0 c=0x5616c998ad60).write_ack 4
2017-02-02 08:08:30.747972 7f8ccc6f0700 10 -- 10.194.0.100:0/4006638222 >> 10.194.0.189:6816/31695 pipe(0x5616c998ca10 sd=13 :31421 s=2 pgs=5 cs=1 l=0 c=0x5616c998ad60).writer: state = open policy.server=0
2017-02-02 08:08:30.747982 7f8ccc6f0700 20 -- 10.194.0.100:0/4006638222 >> 10.194.0.189:6816/31695 pipe(0x5616c998ca10 sd=13 :31421 s=2 pgs=5 cs=1 l=0 c=0x5616c998ad60).writer sleeping
2017-02-02 08:08:31.747001 7f8cc5ffb700 20 client.4151 trim_cache size 0 max 16384
2017-02-02 08:08:32.744186 7f8cc3ff7700 20 -- 10.194.0.100:0/4006638222 send_keepalive con 0x5616c99866f0, have pipe.
2017-02-02 08:08:32.744213 7f8cd1bdf700 10 -- 10.194.0.100:0/4006638222 >> 10.194.0.189:6789/0 pipe(0x5616c9988650 sd=12 :54785 s=2 pgs=57 cs=1 l=1 c=0x5616c99866f0).writer: state = open policy.server=0
2017-02-02 08:08:32.744226 7f8cd1bdf700 10 -- 10.194.0.100:0/4006638222 >> 10.194.0.189:6789/0 pipe(0x5616c9988650 sd=12 :54785 s=2 pgs=57 cs=1 l=1 c=0x5616c99866f0).write_keepalive2 14
2017-02-02 08:08:32.744226
2017-02-02 08:08:32.744245 7f8cd1bdf700 10 -- 10.194.0.100:0/4006638222 >> 10.194.0.189:6789/0 pipe(0x5616c9988650 sd=12 :54785 s=2 pgs=57 cs=1 l=1 c=0x5616c99866f0).writer: state = open policy.server=0
2017-02-02 08:08:32.744249 7f8cd1bdf700 20 -- 10.194.0.100:0/4006638222 >> 10.194.0.189:6789/0 pipe(0x5616c9988650 sd=12 :54785 s=2 pgs=57 cs=1 l=1 c=0x5616c99866f0).writer sleeping
2017-02-02 08:08:32.744471 7f8ccc7f1700 2 -- 10.194.0.100:0/4006638222 >> 10.194.0.189:6789/0 pipe(0x5616c9988650 sd=12 :54785 s=2 pgs=57 cs=1 l=1 c=0x5616c99866f0).reader got KEEPALIVE_ACK
2017-02-02 08:08:32.744483 7f8ccc7f1700 20 -- 10.194.0.100:0/4006638222 >> 10.194.0.189:6789/0 pipe(0x5616c9988650 sd=12 :54785 s=2 pgs=57 cs=1 l=1 c=0x5616c99866f0).reader reading tag...
2017-02-02 08:08:32.747121 7f8cc5ffb700 20 client.4151 trim_cache size 0 max 16384
2017-02-02 08:08:33.747244 7f8cc5ffb700 20 client.4151 trim_cache size 0 max 16384
2017-02-02 08:08:34.744169 7f8cccff2700 10 client.4151.objecter tick
2017-02-02 08:08:34.747363 7f8cc5ffb700 20 client.4151 trim_cache size 0 max 16384
2017-02-02 08:08:35.747485 7f8cc5ffb700 20 client.4151 trim_cache size 0 max 16384
2017-02-02 08:08:36.747608 7f8cc5ffb700 20 client.4151 trim_cache size 0 max 16384
2017-02-02 08:08:37.747731 7f8cc5ffb700 20 client.4151 trim_cache size 0 max 16384
2017-02-02 08:08:38.747854 7f8cc5ffb700 20 client.4151 trim_cache size 0 max 16384
2017-02-02 08:08:39.744311 7f8cccff2700 10 client.4151.objecter tick
2017-02-02 08:08:39.747974 7f8cc5ffb700 20 client.4151 trim_cache size 0 max 16384
2017-02-02 08:08:40.748096 7f8cc5ffb700 20 client.4151 trim_cache size 0 max 16384
2017-02-02 08:08:41.748215 7f8cc5ffb700 20 client.4151 trim_cache size 0 max 16384
2017-02-02 08:08:42.744349 7f8cc3ff7700 20 -- 10.194.0.100:0/4006638222 send_keepalive con 0x5616c99866f0, have pipe.
2017-02-02 08:08:42.744372 7f8cd1bdf700 10 -- 10.194.0.100:0/4006638222 >> 10.194.0.189:6789/0 pipe(0x5616c9988650 sd=12 :54785 s=2 pgs=57 cs=1 l=1 c=0x5616c99866f0).writer: state = open policy.server=0
2017-02-02 08:08:42.744390 7f8cd1bdf700 10 -- 10.194.0.100:0/4006638222 >> 10.194.0.189:6789/0 pipe(0x5616c9988650 sd=12 :54785 s=2 pgs=57 cs=1 l=1 c=0x5616c99866f0).write_keepalive2 14
2017-02-02 08:08:42.744384
2017-02-02 08:08:42.744421 7f8cd1bdf700 10 -- 10.194.0.100:0/4006638222 >> 10.194.0.189:6789/0 pipe(0x5616c9988650 sd=12 :54785 s=2 pgs=57 cs=1 l=1 c=0x5616c99866f0).writer: state = open policy.server=0
2017-02-02 08:08:42.744425 7f8cd1bdf700 20 -- 10.194.0.100:0/4006638222 >> 10.194.0.189:6789/0 pipe(0x5616c9988650 sd=12 :54785 s=2 pgs=57 cs=1 l=1 c=0x5616c99866f0).writer sleeping
2017-02-02 08:08:42.744626 7f8ccc7f1700 2 -- 10.194.0.100:0/4006638222 >> 10.194.0.189:6789/0 pipe(0x5616c9988650 sd=12 :54785 s=2 pgs=57 cs=1 l=1 c=0x5616c99866f0).reader got KEEPALIVE_ACK
2017-02-02 08:08:42.744638 7f8ccc7f1700 20 -- 10.194.0.100:0/4006638222 >> 10.194.0.189:6789/0 pipe(0x5616c9988650 sd=12 :54785 s=2 pgs=57 cs=1 l=1 c=0x5616c99866f0).reader reading tag...
2017-02-02 08:08:42.748335 7f8cc5ffb700 20 client.4151 trim_cache size 0 max 16384
2017-02-02 08:08:43.748457 7f8cc5ffb700 20 client.4151 trim_cache size 0 max 16384
2017-02-02 08:08:44.744461 7f8cccff2700 10 client.4151.objecter tick
2017-02-02 08:08:44.748579 7f8cc5ffb700 20 client.4151 trim_cache size 0 max 16384
2017-02-02 08:08:45.748700 7f8cc5ffb700 20 client.4151 trim_cache size 0 max 16384
2017-02-02 08:08:46.748819 7f8cc5ffb700 20 client.4151 trim_cache size 0 max 16384
2017-02-02 08:08:47.748942 7f8cc5ffb700 20 client.4151 trim_cache size 0 max 16384
2017-02-02 08:08:48.749054 7f8cc5ffb700 20 client.4151 trim_cache size 0 max 16384
2017-02-02 08:08:49.744599 7f8cccff2700 10 client.4151.objecter tick
2017-02-02 08:08:49.749169 7f8cc5ffb700 20 client.4151 trim_cache size 0 max 16384
2017-02-02 08:08:50.749303 7f8cc5ffb700 10 client.4151 renew_caps()
2017-02-02 08:08:50.749325 7f8cc5ffb700 15 client.4151 renew_caps requesting from mds.0
2017-02-02 08:08:50.749328 7f8cc5ffb700 10 client.4151 renew_caps mds.0
2017-02-02 08:08:50.749332 7f8cc5ffb700 1 -- 10.194.0.100:0/4006638222 --> 10.194.0.189:6816/31695 -- client_session(request_renewcaps seq 3) v2 -- ?+0 0x7f8c9c002520 con 0x5616c998ad60
2017-02-02 08:08:50.749344 7f8cc5ffb700 20 -- 10.194.0.100:0/4006638222 submit_message client_session(request_renewcaps seq 3) v2 remote, 10.194.0.189:6816/31695, have pipe.
2017-02-02 08:08:50.749359 7f8cc5ffb700 20 client.4151 trim_cache size 0 max 16384
2017-02-02 08:08:50.749377 7f8ccc6f0700 10 -- 10.194.0.100:0/4006638222 >> 10.194.0.189:6816/31695 pipe(0x5616c998ca10 sd=13 :31421 s=2 pgs=5 cs=1 l=0 c=0x5616c998ad60).writer: state = open policy.server=0
2017-02-02 08:08:50.749398 7f8ccc6f0700 20 -- 10.194.0.100:0/4006638222 >> 10.194.0.189:6816/31695 pipe(0x5616c998ca10 sd=13 :31421 s=2 pgs=5 cs=1 l=0 c=0x5616c998ad60).writer encoding 5 features 576460752032874495 0x7f8c9c002520 client_session(request_renewcaps seq 3) v2
2017-02-02 08:08:50.749444 7f8ccc6f0700 20 -- 10.194.0.100:0/4006638222 >> 10.194.0.189:6816/31695 pipe(0x5616c998ca10 sd=13 :31421 s=2 pgs=5 cs=1 l=0 c=0x5616c998ad60).writer signed seq # 5): sig = 8785742075162782595
2017-02-02 08:08:50.749456 7f8ccc6f0700 20 -- 10.194.0.100:0/4006638222 >> 10.194.0.189:6816/31695 pipe(0x5616c998ca10 sd=13 :31421 s=2 pgs=5 cs=1 l=0 c=0x5616c998ad60).writer sending 5 0x7f8c9c002520
2017-02-02 08:08:50.749483 7f8ccc6f0700 10 -- 10.194.0.100:0/4006638222 >> 10.194.0.189:6816/31695 pipe(0x5616c998ca10 sd=13 :31421 s=2 pgs=5 cs=1 l=0 c=0x5616c998ad60).writer: state = open policy.server=0
2017-02-02 08:08:50.749496 7f8ccc6f0700 20 -- 10.194.0.100:0/4006638222 >> 10.194.0.189:6816/31695 pipe(0x5616c998ca10 sd=13 :31421 s=2 pgs=5 cs=1 l=0 c=0x5616c998ad60).writer sleeping
2017-02-02 08:08:50.750283 7f8ccc5ef700 20 -- 10.194.0.100:0/4006638222 >> 10.194.0.189:6816/31695 pipe(0x5616c998ca10 sd=13 :31421 s=2 pgs=5 cs=1 l=0 c=0x5616c998ad60).reader got ACK
2017-02-02 08:08:50.750296 7f8ccc5ef700 15 -- 10.194.0.100:0/4006638222 >> 10.194.0.189:6816/31695 pipe(0x5616c998ca10 sd=13 :31421 s=2 pgs=5 cs=1 l=0 c=0x5616c998ad60).reader got ack seq 5
2017-02-02 08:08:50.750303 7f8ccc5ef700 10 -- 10.194.0.100:0/4006638222 >> 10.194.0.189:6816/31695 pipe(0x5616c998ca10 sd=13 :31421 s=2 pgs=5 cs=1 l=0 c=0x5616c998ad60).reader got ack seq 5 >= 5 on 0x7f8c9c002520 client_session(request_renewcaps seq 3) v1
2017-02-02 08:08:50.750311 7f8ccc5ef700 20 -- 10.194.0.100:0/4006638222 >> 10.194.0.189:6816/31695 pipe(0x5616c998ca10 sd=13 :31421 s=2 pgs=5 cs=1 l=0 c=0x5616c998ad60).reader reading tag...
2017-02-02 08:08:50.750316 7f8ccc5ef700 20 -- 10.194.0.100:0/4006638222 >> 10.194.0.189:6816/31695 pipe(0x5616c998ca10 sd=13 :31421 s=2 pgs=5 cs=1 l=0 c=0x5616c998ad60).reader got MSG
2017-02-02 08:08:50.750321 7f8ccc5ef700 20 -- 10.194.0.100:0/4006638222 >> 10.194.0.189:6816/31695 pipe(0x5616c998ca10 sd=13 :31421 s=2 pgs=5 cs=1 l=0 c=0x5616c998ad60).reader got envelope type=22 src mds.0 front=28 data=0 off 0
2017-02-02 08:08:50.750329 7f8ccc5ef700 10 -- 10.194.0.100:0/4006638222 >> 10.194.0.189:6816/31695 pipe(0x5616c998ca10 sd=13 :31421 s=2 pgs=5 cs=1 l=0 c=0x5616c998ad60).reader wants 28 from dispatch throttler 0/104857600
2017-02-02 08:08:50.750337 7f8ccc5ef700 20 -- 10.194.0.100:0/4006638222 >> 10.194.0.189:6816/31695 pipe(0x5616c998ca10 sd=13 :31421 s=2 pgs=5 cs=1 l=0 c=0x5616c998ad60).reader got front 28
2017-02-02 08:08:50.750342 7f8ccc5ef700 10 -- 10.194.0.100:0/4006638222 >> 10.194.0.189:6816/31695 pipe(0x5616c998ca10 sd=13 :31421 s=2 pgs=5 cs=1 l=0 c=0x5616c998ad60).aborted = 0
2017-02-02 08:08:50.750347 7f8ccc5ef700 20 -- 10.194.0.100:0/4006638222 >> 10.194.0.189:6816/31695 pipe(0x5616c998ca10 sd=13 :31421 s=2 pgs=5 cs=1 l=0 c=0x5616c998ad60).reader got 28 + 0 + 0 byte message
2017-02-02 08:08:50.750383 7f8ccc5ef700 10 -- 10.194.0.100:0/4006638222 >> 10.194.0.189:6816/31695 pipe(0x5616c998ca10 sd=13 :31421 s=2 pgs=5 cs=1 l=0 c=0x5616c998ad60).reader got message 5 0x7f8ca4005b50 client_session(renewcaps seq 3) v1
2017-02-02 08:08:50.750396 7f8ccc5ef700 20 -- 10.194.0.100:0/4006638222 queue 0x7f8ca4005b50 prio 127
2017-02-02 08:08:50.750405 7f8ccc5ef700 20 -- 10.194.0.100:0/4006638222 >> 10.194.0.189:6816/31695 pipe(0x5616c998ca10 sd=13 :31421 s=2 pgs=5 cs=1 l=0 c=0x5616c998ad60).reader reading tag...
2017-02-02 08:08:50.750416 7f8ccc6f0700 10 -- 10.194.0.100:0/4006638222 >> 10.194.0.189:6816/31695 pipe(0x5616c998ca10 sd=13 :31421 s=2 pgs=5 cs=1 l=0 c=0x5616c998ad60).writer: state = open policy.server=0
2017-02-02 08:08:50.750413 7f8cc4ff9700 1 -- 10.194.0.100:0/4006638222 <== mds.0 10.194.0.189:6816/31695 5 ==== client_session(renewcaps seq 3) v1 ==== 28+0+0 (3936844645 0 0) 0x7f8ca4005b50 con 0x5616c998ad60
2017-02-02 08:08:50.750421 7f8ccc6f0700 10 -- 10.194.0.100:0/4006638222 >> 10.194.0.189:6816/31695 pipe(0x5616c998ca10 sd=13 :31421 s=2 pgs=5 cs=1 l=0 c=0x5616c998ad60).write_ack 5
2017-02-02 08:08:50.750425 7f8cc4ff9700 10 client.4151.objecter ms_dispatch 0x5616c9927990 client_session(renewcaps seq 3) v1
2017-02-02 08:08:50.750429 7f8cc4ff9700 10 client.4151 handle_client_session client_session(renewcaps seq 3) v1 from mds.0
2017-02-02 08:08:50.750430 7f8ccc6f0700 10 -- 10.194.0.100:0/4006638222 >> 10.194.0.189:6816/31695 pipe(0x5616c998ca10 sd=13 :31421 s=2 pgs=5 cs=1 l=0 c=0x5616c998ad60).writer: state = open policy.server=0
2017-02-02 08:08:50.750433 7f8cc4ff9700 10 -- 10.194.0.100:0/4006638222 dispatch_throttle_release 28 to dispatch throttler 28/104857600
2017-02-02 08:08:50.750435 7f8ccc6f0700 20 -- 10.194.0.100:0/4006638222 >> 10.194.0.189:6816/31695 pipe(0x5616c998ca10 sd=13 :31421 s=2 pgs=5 cs=1 l=0 c=0x5616c998ad60).writer sleeping
2017-02-02 08:08:50.750437 7f8cc4ff9700 20 -- 10.194.0.100:0/4006638222 done calling dispatch on 0x7f8ca4005b50
2017-02-02 08:08:51.749421 7f8cc5ffb700 20 client.4151 trim_cache size 0 max 16384
2017-02-02 08:08:52.744524 7f8cc3ff7700 20 -- 10.194.0.100:0/4006638222 send_keepalive con 0x5616c99866f0, have pipe.
2017-02-02 08:08:52.744570 7f8cd1bdf700 10 -- 10.194.0.100:0/4006638222 >> 10.194.0.189:6789/0 pipe(0x5616c9988650 sd=12 :54785 s=2 pgs=57 cs=1 l=1 c=0x5616c99866f0).writer: state = open policy.server=0
2017-02-02 08:08:52.744588 7f8cd1bdf700 10 -- 10.194.0.100:0/4006638222 >> 10.194.0.189:6789/0 pipe(0x5616c9988650 sd=12 :54785 s=2 pgs=57 cs=1 l=1 c=0x5616c99866f0).write_keepalive2 14
2017-02-02 08:08:52.744587
2017-02-02 08:08:52.744616 7f8cd1bdf700 10 -- 10.194.0.100:0/4006638222 >> 10.194.0.189:6789/0 pipe(0x5616c9988650 sd=12 :54785 s=2 pgs=57 cs=1 l=1 c=0x5616c99866f0).writer: state = open policy.server=0
2017-02-02 08:08:52.744628 7f8cd1bdf700 20 -- 10.194.0.100:0/4006638222 >> 10.194.0.189:6789/0 pipe(0x5616c9988650 sd=12 :54785 s=2 pgs=57 cs=1 l=1 c=0x5616c99866f0).writer sleeping
2017-02-02 08:08:52.744902 7f8ccc7f1700 2 -- 10.194.0.100:0/4006638222 >> 10.194.0.189:6789/0 pipe(0x5616c9988650 sd=12 :54785 s=2 pgs=57 cs=1 l=1 c=0x5616c99866f0).reader got KEEPALIVE_ACK
2017-02-02 08:08:52.744916 7f8ccc7f1700 20 -- 10.194.0.100:0/4006638222 >> 10.194.0.189:6789/0 pipe(0x5616c9988650 sd=12 :54785 s=2 pgs=57 cs=1 l=1 c=0x5616c99866f0).reader reading tag...
2017-02-02 08:08:52.749535 7f8cc5ffb700 20 client.4151 trim_cache size 0 max 16384
2017-02-02 08:08:53.749655 7f8cc5ffb700 20 client.4151 trim_cache size 0 max 16384
2017-02-02 08:08:54.744739 7f8cccff2700 10 client.4151.objecter tick
2017-02-02 08:08:54.749772 7f8cc5ffb700 20 client.4151 trim_cache size 0 max 16384
2017-02-02 08:08:55.749904 7f8cc5ffb700 20 client.4151 trim_cache size 0 max 16384
2017-02-02 08:08:56.750035 7f8cc5ffb700 20 client.4151 trim_cache size 0 max 16384
2017-02-02 08:08:57.750193 7f8cc5ffb700 20 client.4151 trim_cache size 0 max 16384
2017-02-02 08:08:58.750315 7f8cc5ffb700 20 client.4151 trim_cache size 0 max 16384
2017-02-02 08:08:59.744875 7f8cccff2700 10 client.4151.objecter tick
2017-02-02 08:08:59.750440 7f8cc5ffb700 20 client.4151 trim_cache size 0 max 16384
2017-02-02 08:09:00.750559 7f8cc5ffb700 20 client.4151 trim_cache size 0 max 16384
2017-02-02 08:09:00.811714 7f8ca3fff700 3 client.4151 ll_getattr 1.head
2017-02-02 08:09:00.811739 7f8ca3fff700 10 client.4151 _getattr mask pAsLsXsFs issued=1
2017-02-02 08:09:00.811748 7f8ca3fff700 10 client.4151 fill_stat on 1 snap/devhead mode 040755 mtime
2017-02-01 11:30:21.278903 ctime
2017-02-01 11:30:21.278903
2017-02-02 08:09:00.811755 7f8ca3fff700 3 client.4151 ll_getattr 1.head = 0
2017-02-02 08:09:00.811767 7f8ca3fff700 3 client.4151 ll_forget 1 1
2017-02-02 08:09:00.811788 7f8ca3fff700 3 client.4151 ll_lookup 0x7f8cb800d450 test
2017-02-02 08:09:00.811800 7f8ca3fff700 15 inode.get on 0x7f8cb800d450 1.head now 3
2017-02-02 08:09:00.811808 7f8ca3fff700 10 client.4151 _do_lookup on #1/test
2017-02-02 08:09:00.811813 7f8ca3fff700 20 client.4151 choose_target_mds starting with req->inode 1.head(faked_ino=0 ref=3 ll_ref=8 cap_refs={} open={} mode=40755 size=0/0 mtime=2017-02-01 11:30:21.278903 caps=pAsLsXsFs(0=pAsLsXsFs) has_dir_layout 0x7f8cb800d450)
2017-02-02 08:09:00.811831 7f8ca3fff700 20 client.4151 choose_target_mds inode dir hash is 2 on test => 1088989877
2017-02-02 08:09:00.811834 7f8ca3fff700 20 client.4151 choose_target_mds 1.head(faked_ino=0 ref=3 ll_ref=8 cap_refs={} open={} mode=40755 size=0/0 mtime=2017-02-01 11:30:21.278903 caps=pAsLsXsFs(0=pAsLsXsFs) has_dir_layout 0x7f8cb800d450) is_hash=1 hash=1088989877
2017-02-02 08:09:00.811849 7f8ca3fff700 10 client.4151 choose_target_mds from caps on inode 1.head(faked_ino=0 ref=3 ll_ref=8 cap_refs={} open={} mode=40755 size=0/0 mtime=2017-02-01 11:30:21.278903 caps=pAsLsXsFs(0=pAsLsXsFs) has_dir_layout 0x7f8cb800d450)
2017-02-02 08:09:00.811862 7f8ca3fff700 20 client.4151 mds is 0
2017-02-02 08:09:00.811865 7f8ca3fff700 10 client.4151 send_request rebuilding request 2 for mds.0
2017-02-02 08:09:00.811871 7f8ca3fff700 20 client.4151 encode_cap_releases enter (req: 0x7f8c940020f0, mds: 0)
2017-02-02 08:09:00.811873 7f8ca3fff700 20 client.4151 send_request set sent_stamp to
2017-02-02 08:09:00.811873
2017-02-02 08:09:00.811882 7f8ca3fff700 10 client.4151 send_request client_request(unknown.0:2 lookup #1/test
2017-02-02 08:09:00.811810) v3 to mds.0
2017-02-02 08:09:00.811888 7f8ca3fff700 1 -- 10.194.0.100:0/4006638222 --> 10.194.0.189:6816/31695 -- client_request(client.4151:2 lookup #1/test
2017-02-02 08:09:00.811810) v3 -- ?+0 0x7f8c94002e30 con 0x5616c998ad60
2017-02-02 08:09:00.811907 7f8ca3fff700 20 -- 10.194.0.100:0/4006638222 submit_message client_request(client.4151:2 lookup #1/test
2017-02-02 08:09:00.811810) v3 remote, 10.194.0.189:6816/31695, have pipe.
2017-02-02 08:09:00.811924 7f8ca3fff700 20 client.4151 awaiting reply|forward|kick on 0x7f8ca3ffde20
2017-02-02 08:09:00.811931 7f8ccc6f0700 10 -- 10.194.0.100:0/4006638222 >> 10.194.0.189:6816/31695 pipe(0x5616c998ca10 sd=13 :31421 s=2 pgs=5 cs=1 l=0 c=0x5616c998ad60).writer: state = open policy.server=0
2017-02-02 08:09:00.811946 7f8ccc6f0700 20 -- 10.194.0.100:0/4006638222 >> 10.194.0.189:6816/31695 pipe(0x5616c998ca10 sd=13 :31421 s=2 pgs=5 cs=1 l=0 c=0x5616c998ad60).writer encoding 6 features 576460752032874495 0x7f8c94002e30 client_request(client.4151:2 lookup #1/test
2017-02-02 08:09:00.811810) v3
2017-02-02 08:09:00.812001 7f8ccc6f0700 20 -- 10.194.0.100:0/4006638222 >> 10.194.0.189:6816/31695 pipe(0x5616c998ca10 sd=13 :31421 s=2 pgs=5 cs=1 l=0 c=0x5616c998ad60).writer signed seq # 6): sig = 5921422037199868094
2017-02-02 08:09:00.812016 7f8ccc6f0700 20 -- 10.194.0.100:0/4006638222 >> 10.194.0.189:6816/31695 pipe(0x5616c998ca10 sd=13 :31421 s=2 pgs=5 cs=1 l=0 c=0x5616c998ad60).writer sending 6 0x7f8c94002e30
2017-02-02 08:09:00.812042 7f8ccc6f0700 10 -- 10.194.0.100:0/4006638222 >> 10.194.0.189:6816/31695 pipe(0x5616c998ca10 sd=13 :31421 s=2 pgs=5 cs=1 l=0 c=0x5616c998ad60).writer: state = open policy.server=0
2017-02-02 08:09:00.812065 7f8ccc6f0700 20 -- 10.194.0.100:0/4006638222 >> 10.194.0.189:6816/31695 pipe(0x5616c998ca10 sd=13 :31421 s=2 pgs=5 cs=1 l=0 c=0x5616c998ad60).writer sleeping
2017-02-02 08:09:00.813012 7f8ccc5ef700 20 -- 10.194.0.100:0/4006638222 >> 10.194.0.189:6816/31695 pipe(0x5616c998ca10 sd=13 :31421 s=2 pgs=5 cs=1 l=0 c=0x5616c998ad60).reader got ACK
2017-02-02 08:09:00.813028 7f8ccc5ef700 15 -- 10.194.0.100:0/4006638222 >> 10.194.0.189:6816/31695 pipe(0x5616c998ca10 sd=13 :31421 s=2 pgs=5 cs=1 l=0 c=0x5616c998ad60).reader got ack seq 6
2017-02-02 08:09:00.813039 7f8ccc5ef700 10 -- 10.194.0.100:0/4006638222 >> 10.194.0.189:6816/31695 pipe(0x5616c998ca10 sd=13 :31421 s=2 pgs=5 cs=1 l=0 c=0x5616c998ad60).reader got ack seq 6 >= 6 on 0x7f8c94002e30 client_request(client.4151:2 lookup #1/test
2017-02-02 08:09:00.811810) v3
2017-02-02 08:09:00.813054 7f8ccc5ef700 20 -- 10.194.0.100:0/4006638222 >> 10.194.0.189:6816/31695 pipe(0x5616c998ca10 sd=13 :31421 s=2 pgs=5 cs=1 l=0 c=0x5616c998ad60).reader reading tag...
2017-02-02 08:09:00.813065 7f8ccc5ef700 20 -- 10.194.0.100:0/4006638222 >> 10.194.0.189:6816/31695 pipe(0x5616c998ca10 sd=13 :31421 s=2 pgs=5 cs=1 l=0 c=0x5616c998ad60).reader got MSG
2017-02-02 08:09:00.813070 7f8ccc5ef700 20 -- 10.194.0.100:0/4006638222 >> 10.194.0.189:6816/31695 pipe(0x5616c998ca10 sd=13 :31421 s=2 pgs=5 cs=1 l=0 c=0x5616c998ad60).reader got envelope type=26 src mds.0 front=659 data=0 off 0
2017-02-02 08:09:00.813082 7f8ccc5ef700 10 -- 10.194.0.100:0/4006638222 >> 10.194.0.189:6816/31695 pipe(0x5616c998ca10 sd=13 :31421 s=2 pgs=5 cs=1 l=0 c=0x5616c998ad60).reader wants 659 from dispatch throttler 0/104857600
2017-02-02 08:09:00.813091 7f8ccc5ef700 20 -- 10.194.0.100:0/4006638222 >> 10.194.0.189:6816/31695 pipe(0x5616c998ca10 sd=13 :31421 s=2 pgs=5 cs=1 l=0 c=0x5616c998ad60).reader got front 659
2017-02-02 08:09:00.813101 7f8ccc5ef700 10 -- 10.194.0.100:0/4006638222 >> 10.194.0.189:6816/31695 pipe(0x5616c998ca10 sd=13 :31421 s=2 pgs=5 cs=1 l=0 c=0x5616c998ad60).aborted = 0
2017-02-02 08:09:00.813106 7f8ccc5ef700 20 -- 10.194.0.100:0/4006638222 >> 10.194.0.189:6816/31695 pipe(0x5616c998ca10 sd=13 :31421 s=2 pgs=5 cs=1 l=0 c=0x5616c998ad60).reader got 659 + 0 + 0 byte message
2017-02-02 08:09:00.813147 7f8ccc5ef700 10 -- 10.194.0.100:0/4006638222 >> 10.194.0.189:6816/31695 pipe(0x5616c998ca10 sd=13 :31421 s=2 pgs=5 cs=1 l=0 c=0x5616c998ad60).reader got message 6 0x7f8ca4006fa0 client_reply(???:2 = 0 (0) Success) v1
2017-02-02 08:09:00.813170 7f8ccc5ef700 20 -- 10.194.0.100:0/4006638222 queue 0x7f8ca4006fa0 prio 127
2017-02-02 08:09:00.813187 7f8ccc5ef700 20 -- 10.194.0.100:0/4006638222 >> 10.194.0.189:6816/31695 pipe(0x5616c998ca10 sd=13 :31421 s=2 pgs=5 cs=1 l=0 c=0x5616c998ad60).reader reading tag...
2017-02-02 08:09:00.813192 7f8ccc6f0700 10 -- 10.194.0.100:0/4006638222 >> 10.194.0.189:6816/31695 pipe(0x5616c998ca10 sd=13 :31421 s=2 pgs=5 cs=1 l=0 c=0x5616c998ad60).writer: state = open policy.server=0
2017-02-02 08:09:00.813202 7f8ccc6f0700 10 -- 10.194.0.100:0/4006638222 >> 10.194.0.189:6816/31695 pipe(0x5616c998ca10 sd=13 :31421 s=2 pgs=5 cs=1 l=0 c=0x5616c998ad60).write_ack 6
2017-02-02 08:09:00.813210 7f8ccc6f0700 10 -- 10.194.0.100:0/4006638222 >> 10.194.0.189:6816/31695 pipe(0x5616c998ca10 sd=13 :31421 s=2 pgs=5 cs=1 l=0 c=0x5616c998ad60).writer: state = open policy.server=0
2017-02-02 08:09:00.813195 7f8cc4ff9700 1 -- 10.194.0.100:0/4006638222 <== mds.0 10.194.0.189:6816/31695 6 ==== client_reply(???:2 = 0 (0) Success) v1 ==== 659+0+0 (3820772437 0 0) 0x7f8ca4006fa0 con 0x5616c998ad60
2017-02-02 08:09:00.813213 7f8ccc6f0700 20 -- 10.194.0.100:0/4006638222 >> 10.194.0.189:6816/31695 pipe(0x5616c998ca10 sd=13 :31421 s=2 pgs=5 cs=1 l=0 c=0x5616c998ad60).writer sleeping
2017-02-02 08:09:00.813217 7f8cc4ff9700 10 client.4151.objecter ms_dispatch 0x5616c9927990 client_reply(???:2 = 0 (0) Success) v1
2017-02-02 08:09:00.813224 7f8cc4ff9700 20 client.4151 handle_client_reply got a reply. Safe:1 tid 2
2017-02-02 08:09:00.813226 7f8cc4ff9700 10 client.4151 insert_trace from
2017-02-02 08:09:00.811873 mds.0 is_target=1 is_dentry=1
2017-02-02 08:09:00.813231 7f8cc4ff9700 10 client.4151 features 0x7ffffffefdfbfff
2017-02-02 08:09:00.813233 7f8cc4ff9700 10 client.4151 update_snap_trace len 48
2017-02-02 08:09:00.813239 7f8cc4ff9700 20 client.4151 get_snap_realm 1 0x7f8cb800de70 1 -> 2
2017-02-02 08:09:00.813241 7f8cc4ff9700 10 client.4151 update_snap_trace snaprealm(1 nref=2 c=0 seq=0 parent=0 my_snaps=[] cached_snapc=0=[]) seq 1 > 0
2017-02-02 08:09:00.813248 7f8cc4ff9700 10 client.4151 invalidate_snaprealm_and_children snaprealm(1 nref=3 c=0 seq=1 parent=0 my_snaps=[] cached_snapc=0=[])
2017-02-02 08:09:00.813251 7f8cc4ff9700 15 client.4151 update_snap_trace snaprealm(1 nref=3 c=0 seq=1 parent=0 my_snaps=[] cached_snapc=0=[]) self|parent updated
2017-02-02 08:09:00.813253 7f8cc4ff9700 15 client.4151 snapc 1=[]
2017-02-02 08:09:00.813255 7f8cc4ff9700 20 client.4151 put_snap_realm 1 0x7f8cb800de70 3 -> 2
2017-02-02 08:09:00.813257 7f8cc4ff9700 10 client.4151 no new snap on snaprealm(1 nref=2 c=0 seq=1 parent=0 my_snaps=[] cached_snapc=1=[])
2017-02-02 08:09:00.813260 7f8cc4ff9700 20 client.4151 put_snap_realm 1 0x7f8cb800de70 2 -> 1
2017-02-02 08:09:00.813262 7f8cc4ff9700 10 client.4151 hrm is_target=1 is_dentry=1
2017-02-02 08:09:00.813272 7f8cc4ff9700 12 client.4151 add_update_inode adding 10000000000.head(faked_ino=0 ref=0 ll_ref=0 cap_refs={} open={} mode=100000 size=0/0 mtime=0.000000 caps=- objectset[10000000000 ts 0/0 objects 0 dirty_or_tx 0] 0x7f8cb80108a0) caps pAsLsXsFscr
2017-02-02 08:09:00.813305 7f8cc4ff9700 10 client.4151 update_inode_file_bits 10000000000.head(faked_ino=0 ref=0 ll_ref=0 cap_refs={} open={} mode=100644 size=0/0 mtime=0.000000 caps=- objectset[10000000000 ts 0/0 objects 0 dirty_or_tx 0] 0x7f8cb80108a0) - mtime
2017-02-01 11:30:21.284000
2017-02-02 08:09:00.813315 7f8cc4ff9700 20 client.4151 get_snap_realm 1 0x7f8cb800de70 1 -> 2
2017-02-02 08:09:00.813317 7f8cc4ff9700 15 client.4151 add_update_cap first one, opened snaprealm 0x7f8cb800de70
2017-02-02 08:09:00.813320 7f8cc4ff9700 10 client.4151 add_update_cap issued - -> pAsLsXsFscr from mds.0 on 10000000000.head(faked_ino=0 ref=0 ll_ref=0 cap_refs={} open={} mode=100644 size=0/0 mtime=2017-02-01 11:30:21.284000 caps=pAsLsXsFscr(0=pAsLsXsFscr) objectset[10000000000 ts 0/0 objects 0 dirty_or_tx 0] 0x7f8cb80108a0)
2017-02-02 08:09:00.813339 7f8cc4ff9700 12 client.4151 add_update_inode had 1.head(faked_ino=0 ref=3 ll_ref=8 cap_refs={} open={} mode=40755 size=0/0 mtime=2017-02-01 11:30:21.278903 caps=pAsLsXsFs(0=pAsLsXsFs) has_dir_layout 0x7f8cb800d450) caps pAsLsXsFs
2017-02-02 08:09:00.813351 7f8cc4ff9700 10 client.4151 add_update_cap issued pAsLsXsFs -> pAsLsXsFs from mds.0 on 1.head(faked_ino=0 ref=3 ll_ref=8 cap_refs={} open={} mode=40755 size=0/0 mtime=2017-02-01 11:30:21.278903 caps=pAsLsXsFs(0=pAsLsXsFs) has_dir_layout 0x7f8cb800d450)
2017-02-02 08:09:00.813366 7f8cc4ff9700 20 client.4151 got dirfrag map for 1 frag * to mds 0
2017-02-02 08:09:00.813371 7f8cc4ff9700 15 open_dir 0x7f8cb8011b30 on 0x7f8cb800d450
2017-02-02 08:09:00.813373 7f8cc4ff9700 15 inode.get on 0x7f8cb800d450 1.head now 4
2017-02-02 08:09:00.813375 7f8cc4ff9700 12 client.4151 insert_dentry_inode 'test' vino 10000000000.head in dir 1.head dn 0
2017-02-02 08:09:00.813377 7f8cc4ff9700 15 inode.get on 0x7f8cb80108a0 10000000000.head now 1
2017-02-02 08:09:00.813383 7f8cc4ff9700 15 client.4151 link dir 0x7f8cb800d450 'test' to inode 0x7f8cb80108a0 dn 0x7f8cb8011710 (new dn)
2017-02-02 08:09:00.813385 7f8cc4ff9700 15 inode.get on 0x7f8cb80108a0 10000000000.head now 2
2017-02-02 08:09:00.813387 7f8cc4ff9700 20 client.4151 link inode 0x7f8cb80108a0 parents now 0x7f8cb8011710
2017-02-02 08:09:00.813389 7f8cc4ff9700 10 client.4151 put_inode on 10000000000.head(faked_ino=0 ref=2 ll_ref=0 cap_refs={} open={} mode=100644 size=0/0 mtime=2017-02-01 11:30:21.284000 caps=pAsLsXsFscr(0=pAsLsXsFscr) objectset[10000000000 ts 0/0 objects 0 dirty_or_tx 0] parents=0x7f8cb8011710 0x7f8cb80108a0)
2017-02-02 08:09:00.813400 7f8cc4ff9700 15 inode.put on 0x7f8cb80108a0 10000000000.head now 1
2017-02-02 08:09:00.813402 7f8cc4ff9700 15 inode.get on 0x7f8cb80108a0 10000000000.head now 2
2017-02-02 08:09:00.813403 7f8cc4ff9700 15 inode.get on 0x7f8cb80108a0 10000000000.head now 3
2017-02-02 08:09:00.813406 7f8cc4ff9700 20 client.4151 handle_client_reply signalling caller 0x7f8ca3ffde20
2017-02-02 08:09:00.813415 7f8cc4ff9700 20 client.4151 handle_client_reply awaiting kickback on tid 2 0x7f8cc4ff7ef0
2017-02-02 08:09:00.813425 7f8ca3fff700 20 client.4151 sendrecv kickback on tid 2 0x7f8cc4ff7ef0
2017-02-02 08:09:00.813433 7f8ca3fff700 20 client.4151 make_request target is 10000000000.head(faked_ino=0 ref=3 ll_ref=0 cap_refs={} open={} mode=100644 size=0/0 mtime=2017-02-01 11:30:21.284000 caps=pAsLsXsFscr(0=pAsLsXsFscr) objectset[10000000000 ts 0/0 objects 0 dirty_or_tx 0] parents=0x7f8cb8011710 0x7f8cb80108a0)
2017-02-02 08:09:00.813445 7f8ca3fff700 20 client.4151 lat 0.001571
2017-02-02 08:09:00.813447 7f8ca3fff700 10 client.4151 _do_lookup res is 0
2017-02-02 08:09:00.813448 7f8ca3fff700 10 client.4151 _lookup 1.head(faked_ino=0 ref=4 ll_ref=8 cap_refs={} open={} mode=40755 size=0/0 mtime=2017-02-01 11:30:21.278903 caps=pAsLsXsFs(0=pAsLsXsFs) has_dir_layout 0x7f8cb800d450) test = 10000000000.head(faked_ino=0 ref=3 ll_ref=0 cap_refs={} open={} mode=100644 size=0/0 mtime=2017-02-01 11:30:21.284000 caps=pAsLsXsFscr(0=pAsLsXsFscr) objectset[10000000000 ts 0/0 objects 0 dirty_or_tx 0] parents=0x7f8cb8011710 0x7f8cb80108a0)
2017-02-02 08:09:00.813465 7f8ca3fff700 10 client.4151 fill_stat on 10000000000 snap/devhead mode 0100644 mtime
2017-02-01 11:30:21.284000 ctime
2017-02-01 11:30:21.285768
2017-02-02 08:09:00.813469 7f8ca3fff700 15 inode.get on 0x7f8cb80108a0 10000000000.head now 4
2017-02-02 08:09:00.813470 7f8ca3fff700 20 client.4151 _ll_get 0x7f8cb80108a0 10000000000 -> 1
2017-02-02 08:09:00.813471 7f8ca3fff700 3 client.4151 ll_lookup 0x7f8cb800d450 test -> 0 (10000000000)
2017-02-02 08:09:00.813473 7f8ca3fff700 10 client.4151 put_inode on 10000000000.head(faked_ino=0 ref=4 ll_ref=1 cap_refs={} open={} mode=100644 size=0/0 mtime=2017-02-01 11:30:21.284000 caps=pAsLsXsFscr(0=pAsLsXsFscr) objectset[10000000000 ts 0/0 objects 0 dirty_or_tx 0] parents=0x7f8cb8011710 0x7f8cb80108a0)
2017-02-02 08:09:00.813478 7f8ca3fff700 15 inode.put on 0x7f8cb80108a0 10000000000.head now 3
2017-02-02 08:09:00.813490 7f8cc4ff9700 10 client.4151 put_inode on 10000000000.head(faked_ino=0 ref=3 ll_ref=1 cap_refs={} open={} mode=100644 size=0/0 mtime=2017-02-01 11:30:21.284000 caps=pAsLsXsFscr(0=pAsLsXsFscr) objectset[10000000000 ts 0/0 objects 0 dirty_or_tx 0] parents=0x7f8cb8011710 0x7f8cb80108a0)
2017-02-02 08:09:00.813506 7f8cc4ff9700 15 inode.put on 0x7f8cb80108a0 10000000000.head now 2
2017-02-02 08:09:00.813508 7f8cc4ff9700 10 client.4151 put_inode on 1.head(faked_ino=0 ref=4 ll_ref=8 cap_refs={} open={} mode=40755 size=0/0 mtime=2017-02-01 11:30:21.278903 caps=pAsLsXsFs(0=pAsLsXsFs) has_dir_layout 0x7f8cb800d450)
2017-02-02 08:09:00.813515 7f8cc4ff9700 15 inode.put on 0x7f8cb800d450 1.head now 3
2017-02-02 08:09:00.813520 7f8cc4ff9700 10 -- 10.194.0.100:0/4006638222 dispatch_throttle_release 659 to dispatch throttler 659/104857600
2017-02-02 08:09:00.813528 7f8cc4ff9700 20 -- 10.194.0.100:0/4006638222 done calling dispatch on 0x7f8ca4006fa0
2017-02-02 08:09:00.813537 7f8ca3fff700 3 client.4151 ll_forget 1 1
2017-02-02 08:09:00.813561 7f8cc0ff1700 20 client.4151 _ll_get 0x7f8cb80108a0 10000000000 -> 2
2017-02-02 08:09:00.813568 7f8cc0ff1700 3 client.4151 ll_getattr 10000000000.head
2017-02-02 08:09:00.813570 7f8cc0ff1700 10 client.4151 _getattr mask pAsLsXsFs issued=1
2017-02-02 08:09:00.813574 7f8cc0ff1700 10 client.4151 fill_stat on 10000000000 snap/devhead mode 0100644 mtime
2017-02-01 11:30:21.284000 ctime
2017-02-01 11:30:21.285768
2017-02-02 08:09:00.813580 7f8cc0ff1700 3 client.4151 ll_getattr 10000000000.head = 0
2017-02-02 08:09:00.813587 7f8cc0ff1700 3 client.4151 ll_forget 10000000000 1
2017-02-02 08:09:00.813589 7f8cc0ff1700 20 client.4151 _ll_put 0x7f8cb80108a0 10000000000 1 -> 1
2017-02-02 08:09:00.813621 7f8ca3fff700 3 client.4151 ll_getattr 1.head
2017-02-02 08:09:00.813633 7f8ca3fff700 10 client.4151 _getattr mask pAsLsXsFs issued=1
2017-02-02 08:09:00.813638 7f8ca3fff700 10 client.4151 fill_stat on 1 snap/devhead mode 040755 mtime
2017-02-01 11:30:21.278903 ctime
2017-02-01 11:30:21.278903
2017-02-02 08:09:00.813644 7f8ca3fff700 3 client.4151 ll_getattr 1.head = 0
2017-02-02 08:09:00.813654 7f8ca3fff700 3 client.4151 ll_forget 1 1
2017-02-02 08:09:00.813671 7f8cc0ff1700 3 client.4151 ll_lookup 0x7f8cb800d450 test
2017-02-02 08:09:00.813682 7f8cc0ff1700 20 client.4151 _lookup have dn test mds.-1 ttl 0.000000 seq 0
2017-02-02 08:09:00.813686 7f8cc0ff1700 15 inode.get on 0x7f8cb80108a0 10000000000.head now 3
2017-02-02 08:09:00.813688 7f8cc0ff1700 10 client.4151 _lookup 1.head(faked_ino=0 ref=3 ll_ref=10 cap_refs={} open={} mode=40755 size=0/0 mtime=2017-02-01 11:30:21.278903 caps=pAsLsXsFs(0=pAsLsXsFs) has_dir_layout 0x7f8cb800d450) test = 10000000000.head(faked_ino=0 ref=3 ll_ref=1 cap_refs={} open={} mode=100644 size=0/0 mtime=2017-02-01 11:30:21.284000 caps=pAsLsXsFscr(0=pAsLsXsFscr) objectset[10000000000 ts 0/0 objects 0 dirty_or_tx 0] parents=0x7f8cb8011710 0x7f8cb80108a0)
2017-02-02 08:09:00.813709 7f8cc0ff1700 10 client.4151 fill_stat on 10000000000 snap/devhead mode 0100644 mtime
2017-02-01 11:30:21.284000 ctime
2017-02-01 11:30:21.285768
2017-02-02 08:09:00.813714 7f8cc0ff1700 20 client.4151 _ll_get 0x7f8cb80108a0 10000000000 -> 2
2017-02-02 08:09:00.813716 7f8cc0ff1700 3 client.4151 ll_lookup 0x7f8cb800d450 test -> 0 (10000000000)
2017-02-02 08:09:00.813717 7f8cc0ff1700 10 client.4151 put_inode on 10000000000.head(faked_ino=0 ref=3 ll_ref=2 cap_refs={} open={} mode=100644 size=0/0 mtime=2017-02-01 11:30:21.284000 caps=pAsLsXsFscr(0=pAsLsXsFscr) objectset[10000000000 ts 0/0 objects 0 dirty_or_tx 0] parents=0x7f8cb8011710 0x7f8cb80108a0)
2017-02-02 08:09:00.813727 7f8cc0ff1700 15 inode.put on 0x7f8cb80108a0 10000000000.head now 2
2017-02-02 08:09:00.813733 7f8cc0ff1700 3 client.4151 ll_forget 1 1
2017-02-02 08:09:00.813764 7f8ca37fe700 20 client.4151 _ll_get 0x7f8cb80108a0 10000000000 -> 3
2017-02-02 08:09:00.813774 7f8ca37fe700 3 client.4151 ll_getxattr 10000000000.head security.selinux size 255
2017-02-02 08:09:00.813779 7f8ca37fe700 10 client.4151 _getattr mask Xs issued=1
2017-02-02 08:09:00.813783 7f8ca37fe700 3 client.4151 _getxattr(10000000000, "security.selinux", 255) = -61
2017-02-02 08:09:00.813790 7f8ca37fe700 3 client.4151 ll_forget 10000000000 1
2017-02-02 08:09:00.813792 7f8ca37fe700 20 client.4151 _ll_put 0x7f8cb80108a0 10000000000 1 -> 2
2017-02-02 08:09:00.813829 7f8ca3fff700 3 client.4151 ll_getattr 1.head
2017-02-02 08:09:00.813838 7f8ca3fff700 10 client.4151 _getattr mask pAsLsXsFs issued=1
2017-02-02 08:09:00.813842 7f8ca3fff700 10 client.4151 fill_stat on 1 snap/devhead mode 040755 mtime
2017-02-01 11:30:21.278903 ctime
2017-02-01 11:30:21.278903
2017-02-02 08:09:00.813847 7f8ca3fff700 3 client.4151 ll_getattr 1.head = 0
2017-02-02 08:09:00.813853 7f8ca3fff700 3 client.4151 ll_forget 1 1
2017-02-02 08:09:00.813876 7f8cc0ff1700 3 client.4151 ll_lookup 0x7f8cb800d450 test
2017-02-02 08:09:00.813885 7f8cc0ff1700 20 client.4151 _lookup have dn test mds.-1 ttl 0.000000 seq 0
2017-02-02 08:09:00.813891 7f8cc0ff1700 15 inode.get on 0x7f8cb80108a0 10000000000.head now 3
2017-02-02 08:09:00.813893 7f8cc0ff1700 10 client.4151 _lookup 1.head(faked_ino=0 ref=3 ll_ref=12 cap_refs={} open={} mode=40755 size=0/0 mtime=2017-02-01 11:30:21.278903 caps=pAsLsXsFs(0=pAsLsXsFs) has_dir_layout 0x7f8cb800d450) test = 10000000000.head(faked_ino=0 ref=3 ll_ref=2 cap_refs={} open={} mode=100644 size=0/0 mtime=2017-02-01 11:30:21.284000 caps=pAsLsXsFscr(0=pAsLsXsFscr) objectset[10000000000 ts 0/0 objects 0 dirty_or_tx 0] parents=0x7f8cb8011710 0x7f8cb80108a0)
2017-02-02 08:09:00.813915 7f8cc0ff1700 10 client.4151 fill_stat on 10000000000 snap/devhead mode 0100644 mtime
2017-02-01 11:30:21.284000 ctime
2017-02-01 11:30:21.285768
2017-02-02 08:09:00.813919 7f8cc0ff1700 20 client.4151 _ll_get 0x7f8cb80108a0 10000000000 -> 3
2017-02-02 08:09:00.813921 7f8cc0ff1700 3 client.4151 ll_lookup 0x7f8cb800d450 test -> 0 (10000000000)
2017-02-02 08:09:00.813923 7f8cc0ff1700 10 client.4151 put_inode on 10000000000.head(faked_ino=0 ref=3 ll_ref=3 cap_refs={} open={} mode=100644 size=0/0 mtime=2017-02-01 11:30:21.284000 caps=pAsLsXsFscr(0=pAsLsXsFscr) objectset[10000000000 ts 0/0 objects 0 dirty_or_tx 0] parents=0x7f8cb8011710 0x7f8cb80108a0)
2017-02-02 08:09:00.813932 7f8cc0ff1700 15 inode.put on 0x7f8cb80108a0 10000000000.head now 2
2017-02-02 08:09:00.813942 7f8cc0ff1700 3 client.4151 ll_forget 1 1
2017-02-02 08:09:00.813967 7f8ca37fe700 20 client.4151 _ll_get 0x7f8cb80108a0 10000000000 -> 4
2017-02-02 08:09:00.813974 7f8ca37fe700 3 client.4151 ll_getxattr 10000000000.head system.posix_acl_access size 0
2017-02-02 08:09:00.813976 7f8ca37fe700 3 client.4151 _getxattr(10000000000, "system.posix_acl_access", 0) = -95
2017-02-02 08:09:00.813984 7f8ca37fe700 3 client.4151 ll_forget 10000000000 1
