2017-02-02 08:16:04.752829 7f8ccc4ee700 20 -- 10.194.0.100:0/4006638222 >> 10.194.0.189:6789/0 pipe(0x7f8c98007300 sd=1 :57115 s=2 pgs=58 cs=1 l=1 c=0x7f8c98014d90).reader got ACK
2017-02-02 08:16:04.752839 7f8ccc4ee700 15 -- 10.194.0.100:0/4006638222 >> 10.194.0.189:6789/0 pipe(0x7f8c98007300 sd=1 :57115 s=2 pgs=58 cs=1 l=1 c=0x7f8c98014d90).reader got ack seq 3
2017-02-02 08:16:04.752842 7f8ccc4ee700 20 -- 10.194.0.100:0/4006638222 >> 10.194.0.189:6789/0 pipe(0x7f8c98007300 sd=1 :57115 s=2 pgs=58 cs=1 l=1 c=0x7f8c98014d90).reader reading tag...
2017-02-02 08:16:04.752844 7f8ccc4ee700 20 -- 10.194.0.100:0/4006638222 >> 10.194.0.189:6789/0 pipe(0x7f8c98007300 sd=1 :57115 s=2 pgs=58 cs=1 l=1 c=0x7f8c98014d90).reader got ACK
2017-02-02 08:16:04.752846 7f8ccc4ee700 15 -- 10.194.0.100:0/4006638222 >> 10.194.0.189:6789/0 pipe(0x7f8c98007300 sd=1 :57115 s=2 pgs=58 cs=1 l=1 c=0x7f8c98014d90).reader got ack seq 4
2017-02-02 08:16:04.752848 7f8ccc4ee700 20 -- 10.194.0.100:0/4006638222 >> 10.194.0.189:6789/0 pipe(0x7f8c98007300 sd=1 :57115 s=2 pgs=58 cs=1 l=1 c=0x7f8c98014d90).reader reading tag...
2017-02-02 08:16:04.752850 7f8ccc4ee700 20 -- 10.194.0.100:0/4006638222 >> 10.194.0.189:6789/0 pipe(0x7f8c98007300 sd=1 :57115 s=2 pgs=58 cs=1 l=1 c=0x7f8c98014d90).reader got MSG
2017-02-02 08:16:04.752853 7f8ccc4ee700 20 -- 10.194.0.100:0/4006638222 >> 10.194.0.189:6789/0 pipe(0x7f8c98007300 sd=1 :57115 s=2 pgs=58 cs=1 l=1 c=0x7f8c98014d90).reader got envelope type=14 src mon.0 front=56 data=0 off 0
2017-02-02 08:16:04.752856 7f8ccc4ee700 10 -- 10.194.0.100:0/4006638222 >> 10.194.0.189:6789/0 pipe(0x7f8c98007300 sd=1 :57115 s=2 pgs=58 cs=1 l=1 c=0x7f8c98014d90).reader wants 56 from dispatch throttler 0/104857600
2017-02-02 08:16:04.752860 7f8ccc4ee700 20 -- 10.194.0.100:0/4006638222 >> 10.194.0.189:6789/0 pipe(0x7f8c98007300 sd=1 :57115 s=2 pgs=58 cs=1 l=1 c=0x7f8c98014d90).reader got front 56
2017-02-02 08:16:04.752862 7f8ccc4ee700 10 -- 10.194.0.100:0/4006638222 >> 10.194.0.189:6789/0 pipe(0x7f8c98007300 sd=1 :57115 s=2 pgs=58 cs=1 l=1 c=0x7f8c98014d90).aborted = 0
2017-02-02 08:16:04.752864 7f8ccc4ee700 20 -- 10.194.0.100:0/4006638222 >> 10.194.0.189:6789/0 pipe(0x7f8c98007300 sd=1 :57115 s=2 pgs=58 cs=1 l=1 c=0x7f8c98014d90).reader got 56 + 0 + 0 byte message
2017-02-02 08:16:04.752869 7f8ccc4ee700 10 -- 10.194.0.100:0/4006638222 >> 10.194.0.189:6789/0 pipe(0x7f8c98007300 sd=1 :57115 s=2 pgs=58 cs=1 l=1 c=0x7f8c98014d90).No session security set
2017-02-02 08:16:04.752879 7f8ccc4ee700 10 -- 10.194.0.100:0/4006638222 >> 10.194.0.189:6789/0 pipe(0x7f8c98007300 sd=1 :57115 s=2 pgs=58 cs=1 l=1 c=0x7f8c98014d90).reader got message 3 0x7f8c7c005c70 statfs_reply(3) v1
2017-02-02 08:16:04.752884 7f8ccc4ee700 20 -- 10.194.0.100:0/4006638222 queue 0x7f8c7c005c70 prio 196
2017-02-02 08:16:04.752893 7f8ccc4ee700 20 -- 10.194.0.100:0/4006638222 >> 10.194.0.189:6789/0 pipe(0x7f8c98007300 sd=1 :57115 s=2 pgs=58 cs=1 l=1 c=0x7f8c98014d90).reader reading tag...
2017-02-02 08:16:04.752898 7f8ccc7f1700 10 -- 10.194.0.100:0/4006638222 >> 10.194.0.189:6789/0 pipe(0x7f8c98007300 sd=1 :57115 s=2 pgs=58 cs=1 l=1 c=0x7f8c98014d90).writer: state = open policy.server=0
2017-02-02 08:16:04.752904 7f8cc4ff9700 1 -- 10.194.0.100:0/4006638222 <== mon.0 10.194.0.189:6789/0 3 ==== statfs_reply(3) v1 ==== 56+0+0 (3819105422 0 0) 0x7f8c7c005c70 con 0x7f8c98014d90
2017-02-02 08:16:04.752906 7f8ccc7f1700 10 -- 10.194.0.100:0/4006638222 >> 10.194.0.189:6789/0 pipe(0x7f8c98007300 sd=1 :57115 s=2 pgs=58 cs=1 l=1 c=0x7f8c98014d90).write_ack 3
2017-02-02 08:16:04.752913 7f8cc4ff9700 10 client.4151.objecter ms_dispatch 0x5616c9927990 statfs_reply(3) v1
2017-02-02 08:16:04.752916 7f8cc4ff9700 10 client.4151.objecter handle_fs_stats_reply statfs_reply(3) v1
2017-02-02 08:16:04.752917 7f8cc4ff9700 10 client.4151.objecter have request 3 at 0x7f8ca8007420
2017-02-02 08:16:04.752915 7f8ccc7f1700 10 -- 10.194.0.100:0/4006638222 >> 10.194.0.189:6789/0 pipe(0x7f8c98007300 sd=1 :57115 s=2 pgs=58 cs=1 l=1 c=0x7f8c98014d90).writer: state = open policy.server=0
2017-02-02 08:16:04.752919 7f8ccc7f1700 20 -- 10.194.0.100:0/4006638222 >> 10.194.0.189:6789/0 pipe(0x7f8c98007300 sd=1 :57115 s=2 pgs=58 cs=1 l=1 c=0x7f8c98014d90).writer sleeping
2017-02-02 08:16:04.752926 7f8cc4ff9700 10 client.4151.objecter done
2017-02-02 08:16:04.752928 7f8cc4ff9700 10 -- 10.194.0.100:0/4006638222 dispatch_throttle_release 56 to dispatch throttler 56/104857600
2017-02-02 08:16:04.752931 7f8cc4ff9700 20 -- 10.194.0.100:0/4006638222 done calling dispatch on 0x7f8c7c005c70
2017-02-02 08:16:04.752951 7f8cc0ff1700 3 client.4151 ll_forget 1 1
2017-02-02 08:16:04.758402 7f8cccff2700 10 client.4151.objecter tick
2017-02-02 08:16:04.808224 7f8cc5ffb700 20 client.4151 trim_cache size 1 max 16384
2017-02-02 08:16:05.808367 7f8cc5ffb700 20 client.4151 trim_cache size 1 max 16384
2017-02-02 08:16:06.808505 7f8cc5ffb700 20 client.4151 trim_cache size 1 max 16384
2017-02-02 08:16:07.808645 7f8cc5ffb700 20 client.4151 trim_cache size 1 max 16384
2017-02-02 08:16:08.808788 7f8cc5ffb700 20 client.4151 trim_cache size 1 max 16384
2017-02-02 08:16:09.758567 7f8cccff2700 10 client.4151.objecter tick
2017-02-02 08:16:09.808936 7f8cc5ffb700 20 client.4151 trim_cache size 1 max 16384
2017-02-02 08:16:10.809063 7f8cc5ffb700 10 client.4151 renew_caps()
2017-02-02 08:16:10.809080 7f8cc5ffb700 15 client.4151 renew_caps requesting from mds.0
2017-02-02 08:16:10.809086 7f8cc5ffb700 10 client.4151 renew_caps mds.0
2017-02-02 08:16:10.809092 7f8cc5ffb700 1 -- 10.194.0.100:0/4006638222 --> 10.194.0.189:6816/31695 -- client_session(request_renewcaps seq 25) v2 -- ?+0 0x7f8c9c022350 con 0x5616c998ad60
2017-02-02 08:16:10.809112 7f8cc5ffb700 20 -- 10.194.0.100:0/4006638222 submit_message client_session(request_renewcaps seq 25) v2 remote, 10.194.0.189:6816/31695, have pipe.
2017-02-02 08:16:10.809139 7f8cc5ffb700 20 client.4151 trim_cache size 1 max 16384
2017-02-02 08:16:10.809161 7f8ccc6f0700 10 -- 10.194.0.100:0/4006638222 >> 10.194.0.189:6816/31695 pipe(0x5616c998ca10 sd=13 :31421 s=2 pgs=5 cs=1 l=0 c=0x5616c998ad60).writer: state = open policy.server=0
2017-02-02 08:16:10.809196 7f8ccc6f0700 20 -- 10.194.0.100:0/4006638222 >> 10.194.0.189:6816/31695 pipe(0x5616c998ca10 sd=13 :31421 s=2 pgs=5 cs=1 l=0 c=0x5616c998ad60).writer encoding 33 features 576460752032874495 0x7f8c9c022350 client_session(request_renewcaps seq 25) v2
2017-02-02 08:16:10.809263 7f8ccc6f0700 20 -- 10.194.0.100:0/4006638222 >> 10.194.0.189:6816/31695 pipe(0x5616c998ca10 sd=13 :31421 s=2 pgs=5 cs=1 l=0 c=0x5616c998ad60).writer signed seq # 33): sig = 4902656880884556857
2017-02-02 08:16:10.809283 7f8ccc6f0700 20 -- 10.194.0.100:0/4006638222 >> 10.194.0.189:6816/31695 pipe(0x5616c998ca10 sd=13 :31421 s=2 pgs=5 cs=1 l=0 c=0x5616c998ad60).writer sending 33 0x7f8c9c022350
2017-02-02 08:16:10.809308 7f8ccc6f0700 10 -- 10.194.0.100:0/4006638222 >> 10.194.0.189:6816/31695 pipe(0x5616c998ca10 sd=13 :31421 s=2 pgs=5 cs=1 l=0 c=0x5616c998ad60).writer: state = open policy.server=0
2017-02-02 08:16:10.809345 7f8ccc6f0700 20 -- 10.194.0.100:0/4006638222 >> 10.194.0.189:6816/31695 pipe(0x5616c998ca10 sd=13 :31421 s=2 pgs=5 cs=1 l=0 c=0x5616c998ad60).writer sleeping
2017-02-02 08:16:10.809470 7f8ccc5ef700 2 -- 10.194.0.100:0/4006638222 >> 10.194.0.189:6816/31695 pipe(0x5616c998ca10 sd=13 :31421 s=2 pgs=5 cs=1 l=0 c=0x5616c998ad60).reader couldn't read tag, (0) Success
2017-02-02 08:16:10.809492 7f8ccc5ef700 2 -- 10.194.0.100:0/4006638222 >> 10.194.0.189:6816/31695 pipe(0x5616c998ca10 sd=13 :31421 s=2 pgs=5 cs=1 l=0 c=0x5616c998ad60).fault (0) Success
2017-02-02 08:16:10.809508 7f8ccc5ef700 10 -- 10.194.0.100:0/4006638222 >> 10.194.0.189:6816/31695 pipe(0x5616c998ca10 sd=13 :31421 s=2 pgs=5 cs=1 l=0 c=0x5616c998ad60).requeue_sent client_session(request_renewcaps seq 25) v1 for resend seq 33 (33)
2017-02-02 08:16:10.809519 7f8ccc5ef700 10 -- 10.194.0.100:0/4006638222 >> 10.194.0.189:6816/31695 pipe(0x5616c998ca10 sd=13 :31421 s=2 pgs=5 cs=1 l=0 c=0x5616c998ad60).requeue_sent client_session(request_renewcaps seq 24) v1 for resend seq 32 (32)
2017-02-02 08:16:10.809523 7f8ccc5ef700 10 -- 10.194.0.100:0/4006638222 >> 10.194.0.189:6816/31695 pipe(0x5616c998ca10 sd=13 :31421 s=2 pgs=5 cs=1 l=0 c=0x5616c998ad60).requeue_sent client_session(request_renewcaps seq 23) v1 for resend seq 31 (31)
2017-02-02 08:16:10.809526 7f8ccc5ef700 10 -- 10.194.0.100:0/4006638222 >> 10.194.0.189:6816/31695 pipe(0x5616c998ca10 sd=13 :31421 s=2 pgs=5 cs=1 l=0 c=0x5616c998ad60).requeue_sent client_session(request_renewcaps seq 22) v1 for resend seq 30 (30)
2017-02-02 08:16:10.809531 7f8ccc5ef700 10 -- 10.194.0.100:0/4006638222 >> 10.194.0.189:6816/31695 pipe(0x5616c998ca10 sd=13 :31421 s=2 pgs=5 cs=1 l=0 c=0x5616c998ad60).requeue_sent client_session(request_renewcaps seq 21) v1 for resend seq 29 (29)
2017-02-02 08:16:10.809534 7f8ccc5ef700 10 -- 10.194.0.100:0/4006638222 >> 10.194.0.189:6816/31695 pipe(0x5616c998ca10 sd=13 :31421 s=2 pgs=5 cs=1 l=0 c=0x5616c998ad60).requeue_sent client_session(request_renewcaps seq 20) v1 for resend seq 28 (28)
2017-02-02 08:16:10.809537 7f8ccc5ef700 10 -- 10.194.0.100:0/4006638222 >> 10.194.0.189:6816/31695 pipe(0x5616c998ca10 sd=13 :31421 s=2 pgs=5 cs=1 l=0 c=0x5616c998ad60).requeue_sent client_session(request_renewcaps seq 19) v1 for resend seq 27 (27)
2017-02-02 08:16:10.809540 7f8ccc5ef700 10 -- 10.194.0.100:0/4006638222 >> 10.194.0.189:6816/31695 pipe(0x5616c998ca10 sd=13 :31421 s=2 pgs=5 cs=1 l=0 c=0x5616c998ad60).requeue_sent client_session(request_renewcaps seq 18) v1 for resend seq 26 (26)
2017-02-02 08:16:10.809548 7f8ccc5ef700 10 -- 10.194.0.100:0/4006638222 >> 10.194.0.189:6816/31695 pipe(0x5616c998ca10 sd=13 :31421 s=2 pgs=5 cs=1 l=0 c=0x5616c998ad60).requeue_sent client_session(request_renewcaps seq 17) v1 for resend seq 25 (25)
2017-02-02 08:16:10.809550 7f8ccc5ef700 10 -- 10.194.0.100:0/4006638222 >> 10.194.0.189:6816/31695 pipe(0x5616c998ca10 sd=13 :31421 s=2 pgs=5 cs=1 l=0 c=0x5616c998ad60).requeue_sent client_session(request_renewcaps seq 16) v1 for resend seq 24 (24)
2017-02-02 08:16:10.809553 7f8ccc5ef700 10 -- 10.194.0.100:0/4006638222 >> 10.194.0.189:6816/31695 pipe(0x5616c998ca10 sd=13 :31421 s=2 pgs=5 cs=1 l=0 c=0x5616c998ad60).requeue_sent client_session(request_renewcaps seq 15) v1 for resend seq 23 (23)
2017-02-02 08:16:10.809556 7f8ccc5ef700 10 -- 10.194.0.100:0/4006638222 >> 10.194.0.189:6816/31695 pipe(0x5616c998ca10 sd=13 :31421 s=2 pgs=5 cs=1 l=0 c=0x5616c998ad60).requeue_sent client_session(request_renewcaps seq 14) v1 for resend seq 22 (22)
2017-02-02 08:16:10.809559 7f8ccc5ef700 10 -- 10.194.0.100:0/4006638222 >> 10.194.0.189:6816/31695 pipe(0x5616c998ca10 sd=13 :31421 s=2 pgs=5 cs=1 l=0 c=0x5616c998ad60).requeue_sent client_session(request_renewcaps seq 13) v1 for resend seq 21 (21)
2017-02-02 08:16:10.809562 7f8ccc5ef700 10 -- 10.194.0.100:0/4006638222 >> 10.194.0.189:6816/31695 pipe(0x5616c998ca10 sd=13 :31421 s=2 pgs=5 cs=1 l=0 c=0x5616c998ad60).requeue_sent client_request(client.4151:7 getattr pAsLsXsFs #1
2017-02-02 08:11:55.271936) v3 for resend seq 20 (20)
2017-02-02 08:16:10.809575 7f8ccc5ef700 10 -- 10.194.0.100:0/4006638222 >> 10.194.0.189:6816/31695 pipe(0x5616c998ca10 sd=13 :31421 s=2 pgs=5 cs=1 l=0 c=0x5616c998ad60).requeue_sent client_session(request_renewcaps seq 12) v1 for resend seq 19 (19)
2017-02-02 08:16:10.809579 7f8ccc5ef700 10 -- 10.194.0.100:0/4006638222 >> 10.194.0.189:6816/31695 pipe(0x5616c998ca10 sd=13 :31421 s=2 pgs=5 cs=1 l=0 c=0x5616c998ad60).requeue_sent client_session(request_renewcaps seq 11) v1 for resend seq 18 (18)
2017-02-02 08:16:10.809581 7f8ccc5ef700 10 -- 10.194.0.100:0/4006638222 >> 10.194.0.189:6816/31695 pipe(0x5616c998ca10 sd=13 :31421 s=2 pgs=5 cs=1 l=0 c=0x5616c998ad60).requeue_sent client_session(request_renewcaps seq 10) v1 for resend seq 17 (17)
2017-02-02 08:16:10.809584 7f8ccc5ef700 10 -- 10.194.0.100:0/4006638222 >> 10.194.0.189:6816/31695 pipe(0x5616c998ca10 sd=13 :31421 s=2 pgs=5 cs=1 l=0 c=0x5616c998ad60).requeue_sent client_request(client.4151:6 getattr pAsLsXsFs #1
2017-02-02 08:11:03.550892) v3 for resend seq 16 (16)
2017-02-02 08:16:10.809592 7f8ccc5ef700 10 -- 10.194.0.100:0/4006638222 >> 10.194.0.189:6816/31695 pipe(0x5616c998ca10 sd=13 :31421 s=2 pgs=5 cs=1 l=0 c=0x5616c998ad60).requeue_sent client_request(client.4151:5 getattr pAsLsXsFs #1
2017-02-02 08:11:03.410220) v3 for resend seq 15 (15)
2017-02-02 08:16:10.809600 7f8ccc5ef700 10 -- 10.194.0.100:0/4006638222 >> 10.194.0.189:6816/31695 pipe(0x5616c998ca10 sd=13 :31421 s=2 pgs=5 cs=1 l=0 c=0x5616c998ad60).requeue_sent client_request(client.4151:4 getattr pAsLsXsFs #1
2017-02-02 08:10:50.884201) v3 for resend seq 14 (14)
2017-02-02 08:16:10.809606 7f8ccc5ef700 10 -- 10.194.0.100:0/4006638222 >> 10.194.0.189:6816/31695 pipe(0x5616c998ca10 sd=13 :31421 s=2 pgs=5 cs=1 l=0 c=0x5616c998ad60).requeue_sent client_session(request_renewcaps seq 9) v1 for resend seq 13 (13)
2017-02-02 08:16:10.809609 7f8ccc5ef700 10 -- 10.194.0.100:0/4006638222 >> 10.194.0.189:6816/31695 pipe(0x5616c998ca10 sd=13 :31421 s=2 pgs=5 cs=1 l=0 c=0x5616c998ad60).requeue_sent client_session(request_renewcaps seq 8) v1 for resend seq 12 (12)
2017-02-02 08:16:10.809611 7f8ccc5ef700 10 -- 10.194.0.100:0/4006638222 >> 10.194.0.189:6816/31695 pipe(0x5616c998ca10 sd=13 :31421 s=2 pgs=5 cs=1 l=0 c=0x5616c998ad60).requeue_sent client_session(request_renewcaps seq 7) v1 for resend seq 11 (11)
2017-02-02 08:16:10.809614 7f8ccc5ef700 0 -- 10.194.0.100:0/4006638222 >> 10.194.0.189:6816/31695 pipe(0x5616c998ca10 sd=13 :31421 s=2 pgs=5 cs=1 l=0 c=0x5616c998ad60).fault, initiating reconnect
2017-02-02 08:16:10.809620 7f8ccc5ef700 10 -- 10.194.0.100:0/4006638222 >> 10.194.0.189:6816/31695 pipe(0x5616c998ca10 sd=13 :31421 s=1 pgs=5 cs=2 l=0 c=0x5616c998ad60).reader done
2017-02-02 08:16:10.809632 7f8ccc6f0700 10 -- 10.194.0.100:0/4006638222 >> 10.194.0.189:6816/31695 pipe(0x5616c998ca10 sd=13 :31421 s=1 pgs=5 cs=2 l=0 c=0x5616c998ad60).writer: state = connecting policy.server=0
2017-02-02 08:16:10.809647 7f8ccc6f0700 10 -- 10.194.0.100:0/4006638222 >> 10.194.0.189:6816/31695 pipe(0x5616c998ca10 sd=13 :31421 s=1 pgs=5 cs=2 l=0 c=0x5616c998ad60).connect 2
2017-02-02 08:16:10.809664 7f8ccc6f0700 10 -- 10.194.0.100:0/4006638222 >> 10.194.0.189:6816/31695 pipe(0x5616c998ca10 sd=0 :31421 s=1 pgs=5 cs=2 l=0 c=0x5616c998ad60).connecting to 10.194.0.189:6816/31695
2017-02-02 08:16:10.810227 7f8ccc6f0700 20 -- 10.194.0.100:0/4006638222 >> 10.194.0.189:6816/31695 pipe(0x5616c998ca10 sd=0 :33785 s=1 pgs=5 cs=2 l=0 c=0x5616c998ad60).connect read peer addr 10.194.0.189:6816/31695 on socket 0
2017-02-02 08:16:10.810246 7f8ccc6f0700 20 -- 10.194.0.100:0/4006638222 >> 10.194.0.189:6816/31695 pipe(0x5616c998ca10 sd=0 :33785 s=1 pgs=5 cs=2 l=0 c=0x5616c998ad60).connect peer addr for me is 10.194.0.100:33785/0
2017-02-02 08:16:10.810260 7f8ccc6f0700 10 -- 10.194.0.100:0/4006638222 >> 10.194.0.189:6816/31695 pipe(0x5616c998ca10 sd=0 :33785 s=1 pgs=5 cs=2 l=0 c=0x5616c998ad60).connect sent my addr 10.194.0.100:0/4006638222
2017-02-02 08:16:10.810307 7f8ccc6f0700 10 -- 10.194.0.100:0/4006638222 >> 10.194.0.189:6816/31695 pipe(0x5616c998ca10 sd=0 :33785 s=1 pgs=5 cs=2 l=0 c=0x5616c998ad60).connect.authorizer_len=190 protocol=2
2017-02-02 08:16:10.810317 7f8ccc6f0700 10 -- 10.194.0.100:0/4006638222 >> 10.194.0.189:6816/31695 pipe(0x5616c998ca10 sd=0 :33785 s=1 pgs=5 cs=2 l=0 c=0x5616c998ad60).connect sending gseq=17 cseq=2 proto=32
2017-02-02 08:16:10.810325 7f8ccc6f0700 20 -- 10.194.0.100:0/4006638222 >> 10.194.0.189:6816/31695 pipe(0x5616c998ca10 sd=0 :33785 s=1 pgs=5 cs=2 l=0 c=0x5616c998ad60).connect wrote (self +) cseq, waiting for reply
2017-02-02 08:16:10.810689 7f8ccc6f0700 20 -- 10.194.0.100:0/4006638222 >> 10.194.0.189:6816/31695 pipe(0x5616c998ca10 sd=0 :33785 s=1 pgs=5 cs=2 l=0 c=0x5616c998ad60).connect got reply tag 2 connect_seq 0 global_seq 0 proto 32 flags 0 features 576460752032874495
2017-02-02 08:16:10.810699 7f8ccc6f0700 10 -- 10.194.0.100:0/4006638222 >> 10.194.0.189:6816/31695 pipe(0x5616c998ca10 sd=0 :33785 s=1 pgs=5 cs=2 l=0 c=0x5616c998ad60).reply.authorizer_len=36
2017-02-02 08:16:10.810736 7f8ccc6f0700 0 -- 10.194.0.100:0/4006638222 >> 10.194.0.189:6816/31695 pipe(0x5616c998ca10 sd=0 :33785 s=1 pgs=5 cs=2 l=0 c=0x5616c998ad60).connect got RESETSESSION
2017-02-02 08:16:10.810745 7f8ccc6f0700 10 -- 10.194.0.100:0/4006638222 >> 10.194.0.189:6816/31695 pipe(0x5616c998ca10 sd=0 :33785 s=1 pgs=5 cs=2 l=0 c=0x5616c998ad60).was_session_reset
2017-02-02 08:16:10.810748 7f8ccc6f0700 10 -- 10.194.0.100:0/4006638222 >> 10.194.0.189:6816/31695 pipe(0x5616c998ca10 sd=0 :33785 s=1 pgs=5 cs=2 l=0 c=0x5616c998ad60).discard_queue
2017-02-02 08:16:10.810751 7f8ccc6f0700 20 -- 10.194.0.100:0/4006638222 >> 10.194.0.189:6816/31695 pipe(0x5616c998ca10 sd=0 :33785 s=1 pgs=5 cs=2 l=0 c=0x5616c998ad60). discard 0x7f8c9c007d50
2017-02-02 08:16:10.810756 7f8ccc6f0700 20 -- 10.194.0.100:0/4006638222 >> 10.194.0.189:6816/31695 pipe(0x5616c998ca10 sd=0 :33785 s=1 pgs=5 cs=2 l=0 c=0x5616c998ad60). discard 0x7f8c9c0094e0
2017-02-02 08:16:10.810759 7f8ccc6f0700 20 -- 10.194.0.100:0/4006638222 >> 10.194.0.189:6816/31695 pipe(0x5616c998ca10 sd=0 :33785 s=1 pgs=5 cs=2 l=0 c=0x5616c998ad60). discard 0x7f8c9c00ac70
2017-02-02 08:16:10.810762 7f8ccc6f0700 20 -- 10.194.0.100:0/4006638222 >> 10.194.0.189:6816/31695 pipe(0x5616c998ca10 sd=0 :33785 s=1 pgs=5 cs=2 l=0 c=0x5616c998ad60). discard 0x7f8c9001e8e0
2017-02-02 08:16:10.810766 7f8ccc6f0700 20 -- 10.194.0.100:0/4006638222 >> 10.194.0.189:6816/31695 pipe(0x5616c998ca10 sd=0 :33785 s=1 pgs=5 cs=2 l=0 c=0x5616c998ad60). discard 0x7f8c94024690
2017-02-02 08:16:10.810770 7f8ccc6f0700 20 -- 10.194.0.100:0/4006638222 >> 10.194.0.189:6816/31695 pipe(0x5616c998ca10 sd=0 :33785 s=1 pgs=5 cs=2 l=0 c=0x5616c998ad60). discard 0x7f8cac00c5e0
2017-02-02 08:16:10.810774 7f8ccc6f0700 20 -- 10.194.0.100:0/4006638222 >> 10.194.0.189:6816/31695 pipe(0x5616c998ca10 sd=0 :33785 s=1 pgs=5 cs=2 l=0 c=0x5616c998ad60). discard 0x7f8c9c00c3f0
2017-02-02 08:16:10.810777 7f8ccc6f0700 20 -- 10.194.0.100:0/4006638222 >> 10.194.0.189:6816/31695 pipe(0x5616c998ca10 sd=0 :33785 s=1 pgs=5 cs=2 l=0 c=0x5616c998ad60). discard 0x7f8c9c00db90
2017-02-02 08:16:10.810780 7f8ccc6f0700 20 -- 10.194.0.100:0/4006638222 >> 10.194.0.189:6816/31695 pipe(0x5616c998ca10 sd=0 :33785 s=1 pgs=5 cs=2 l=0 c=0x5616c998ad60). discard 0x7f8c9c00f330
2017-02-02 08:16:10.810783 7f8ccc6f0700 20 -- 10.194.0.100:0/4006638222 >> 10.194.0.189:6816/31695 pipe(0x5616c998ca10 sd=0 :33785 s=1 pgs=5 cs=2 l=0 c=0x5616c998ad60). discard 0x7f8c88001560
2017-02-02 08:16:10.810788 7f8ccc6f0700 20 -- 10.194.0.100:0/4006638222 >> 10.194.0.189:6816/31695 pipe(0x5616c998ca10 sd=0 :33785 s=1 pgs=5 cs=2 l=0 c=0x5616c998ad60). discard 0x7f8c9c010ac0
2017-02-02 08:16:10.810792 7f8ccc6f0700 20 -- 10.194.0.100:0/4006638222 >> 10.194.0.189:6816/31695 pipe(0x5616c998ca10 sd=0 :33785 s=1 pgs=5 cs=2 l=0 c=0x5616c998ad60). discard 0x7f8c9c012240
2017-02-02 08:16:10.810795 7f8ccc6f0700 20 -- 10.194.0.100:0/4006638222 >> 10.194.0.189:6816/31695 pipe(0x5616c998ca10 sd=0 :33785 s=1 pgs=5 cs=2 l=0 c=0x5616c998ad60). discard 0x7f8c9c0139c0
2017-02-02 08:16:10.810798 7f8ccc6f0700 20 -- 10.194.0.100:0/4006638222 >> 10.194.0.189:6816/31695 pipe(0x5616c998ca10 sd=0 :33785 s=1 pgs=5 cs=2 l=0 c=0x5616c998ad60). discard 0x7f8c9c015140
2017-02-02 08:16:10.810803 7f8ccc6f0700 20 -- 10.194.0.100:0/4006638222 >> 10.194.0.189:6816/31695 pipe(0x5616c998ca10 sd=0 :33785 s=1 pgs=5 cs=2 l=0 c=0x5616c998ad60). discard 0x7f8c9c0168c0
2017-02-02 08:16:10.810806 7f8ccc6f0700 20 -- 10.194.0.100:0/4006638222 >> 10.194.0.189:6816/31695 pipe(0x5616c998ca10 sd=0 :33785 s=1 pgs=5 cs=2 l=0 c=0x5616c998ad60). discard 0x7f8c9c018040
2017-02-02 08:16:10.810809 7f8ccc6f0700 20 -- 10.194.0.100:0/4006638222 >> 10.194.0.189:6816/31695 pipe(0x5616c998ca10 sd=0 :33785 s=1 pgs=5 cs=2 l=0 c=0x5616c998ad60). discard 0x7f8c9c0197b0
2017-02-02 08:16:10.810812 7f8ccc6f0700 20 -- 10.194.0.100:0/4006638222 >> 10.194.0.189:6816/31695 pipe(0x5616c998ca10 sd=0 :33785 s=1 pgs=5 cs=2 l=0 c=0x5616c998ad60). discard 0x7f8c9c01af00
2017-02-02 08:16:10.810817 7f8ccc6f0700 20 -- 10.194.0.100:0/4006638222 >> 10.194.0.189:6816/31695 pipe(0x5616c998ca10 sd=0 :33785 s=1 pgs=5 cs=2 l=0 c=0x5616c998ad60). discard 0x7f8c9c01c650
2017-02-02 08:16:10.810821 7f8ccc6f0700 20 -- 10.194.0.100:0/4006638222 >> 10.194.0.189:6816/31695 pipe(0x5616c998ca10 sd=0 :33785 s=1 pgs=5 cs=2 l=0 c=0x5616c998ad60). discard 0x7f8c9c01dd90
2017-02-02 08:16:10.810824 7f8ccc6f0700 20 -- 10.194.0.100:0/4006638222 >> 10.194.0.189:6816/31695 pipe(0x5616c998ca10 sd=0 :33785 s=1 pgs=5 cs=2 l=0 c=0x5616c998ad60). discard 0x7f8c9c01f4d0
2017-02-02 08:16:10.810827 7f8ccc6f0700 20 -- 10.194.0.100:0/4006638222 >> 10.194.0.189:6816/31695 pipe(0x5616c998ca10 sd=0 :33785 s=1 pgs=5 cs=2 l=0 c=0x5616c998ad60). discard 0x7f8c9c020c10
2017-02-02 08:16:10.810830 7f8ccc6f0700 20 -- 10.194.0.100:0/4006638222 >> 10.194.0.189:6816/31695 pipe(0x5616c998ca10 sd=0 :33785 s=1 pgs=5 cs=2 l=0 c=0x5616c998ad60). discard 0x7f8c9c022350
2017-02-02 08:16:10.810853 7f8ccc6f0700 10 -- 10.194.0.100:0/4006638222 >> 10.194.0.189:6816/31695 pipe(0x5616c998ca10 sd=0 :33785 s=1 pgs=5 cs=2 l=0 c=0x5616c998ad60).randomize_out_seq 742216327
2017-02-02 08:16:10.810857 7f8cc4ff9700 0 client.4151 ms_handle_remote_reset on 10.194.0.189:6816/31695
2017-02-02 08:16:10.810869 7f8cc4ff9700 1 client.4151 reset from mds we were open; mark session as stale
2017-02-02 08:16:10.810884 7f8ccc6f0700 10 -- 10.194.0.100:0/4006638222 >> 10.194.0.189:6816/31695 pipe(0x5616c998ca10 sd=0 :33785 s=1 pgs=5 cs=0 l=0 c=0x5616c998ad60).connect.authorizer_len=190 protocol=2
2017-02-02 08:16:10.810895 7f8ccc6f0700 10 -- 10.194.0.100:0/4006638222 >> 10.194.0.189:6816/31695 pipe(0x5616c998ca10 sd=0 :33785 s=1 pgs=5 cs=0 l=0 c=0x5616c998ad60).connect sending gseq=17 cseq=0 proto=32
2017-02-02 08:16:10.810904 7f8ccc6f0700 20 -- 10.194.0.100:0/4006638222 >> 10.194.0.189:6816/31695 pipe(0x5616c998ca10 sd=0 :33785 s=1 pgs=5 cs=0 l=0 c=0x5616c998ad60).connect wrote (self +) cseq, waiting for reply
2017-02-02 08:16:10.811289 7f8ccc6f0700 20 -- 10.194.0.100:0/4006638222 >> 10.194.0.189:6816/31695 pipe(0x5616c998ca10 sd=0 :33785 s=1 pgs=5 cs=0 l=0 c=0x5616c998ad60).connect got reply tag 1 connect_seq 1 global_seq 7 proto 32 flags 0 features 576460752032874495
2017-02-02 08:16:10.811306 7f8ccc6f0700 10 -- 10.194.0.100:0/4006638222 >> 10.194.0.189:6816/31695 pipe(0x5616c998ca10 sd=0 :33785 s=1 pgs=5 cs=0 l=0 c=0x5616c998ad60).reply.authorizer_len=36
2017-02-02 08:16:10.811337 7f8ccc6f0700 10 -- 10.194.0.100:0/4006638222 >> 10.194.0.189:6816/31695 pipe(0x5616c998ca10 sd=0 :33785 s=2 pgs=7 cs=1 l=0 c=0x5616c998ad60).connect success 1, lossy = 0, features 576460752032874495
2017-02-02 08:16:10.811352 7f8ccc6f0700 20 -- 10.194.0.100:0/4006638222 >> 10.194.0.189:6816/31695 pipe(0x5616c998ca10 sd=0 :33785 s=2 pgs=7 cs=1 l=0 c=0x5616c998ad60).connect starting reader
2017-02-02 08:16:10.811365 7f8cc4ff9700 10 client.4151.objecter ms_handle_connect 0x5616c998ad60
2017-02-02 08:16:10.811369 7f8cc4ff9700 10 client.4151 ms_handle_connect on 10.194.0.189:6816/31695
2017-02-02 08:16:10.811389 7f8ccc6f0700 10 -- 10.194.0.100:0/4006638222 >> 10.194.0.189:6816/31695 pipe(0x5616c998ca10 sd=0 :33785 s=2 pgs=7 cs=1 l=0 c=0x5616c998ad60).writer: state = open policy.server=0
2017-02-02 08:16:10.811398 7f8ccc6f0700 20 -- 10.194.0.100:0/4006638222 >> 10.194.0.189:6816/31695 pipe(0x5616c998ca10 sd=0 :33785 s=2 pgs=7 cs=1 l=0 c=0x5616c998ad60).writer sleeping
2017-02-02 08:16:10.811415 7f8ccc5ef700 20 -- 10.194.0.100:0/4006638222 >> 10.194.0.189:6816/31695 pipe(0x5616c998ca10 sd=0 :33785 s=2 pgs=7 cs=1 l=0 c=0x5616c998ad60).reader reading tag...
2017-02-02 08:16:11.809200 7f8cc5ffb700 20 client.4151 trim_cache size 1 max 16384
2017-02-02 08:16:12.809336 7f8cc5ffb700 20 client.4151 trim_cache size 1 max 16384
2017-02-02 08:16:13.809456 7f8cc5ffb700 20 client.4151 trim_cache size 1 max 16384
2017-02-02 08:16:14.758734 7f8cccff2700 10 client.4151.objecter tick
2017-02-02 08:16:14.809593 7f8cc5ffb700 20 client.4151 trim_cache size 1 max 16384
2017-02-02 08:16:15.809735 7f8cc5ffb700 20 client.4151 trim_cache size 1 max 16384
2017-02-02 08:16:16.809860 7f8cc5ffb700 20 client.4151 trim_cache size 1 max 16384
2017-02-02 08:16:17.810011 7f8cc5ffb700 20 client.4151 trim_cache size 1 max 16384
2017-02-02 08:16:18.810037 7f8cc5ffb700 20 client.4151 trim_cache size 1 max 16384
2017-02-02 08:16:19.758904 7f8cccff2700 10 client.4151.objecter tick
2017-02-02 08:16:19.810200 7f8cc5ffb700 20 client.4151 trim_cache size 1 max 16384
2017-02-02 08:16:20.810332 7f8cc5ffb700 20 client.4151 trim_cache size 1 max 16384
2017-02-02 08:16:21.810455 7f8cc5ffb700 20 client.4151 trim_cache size 1 max 16384
2017-02-02 08:16:22.810597 7f8cc5ffb700 20 client.4151 trim_cache size 1 max 16384
2017-02-02 08:16:23.810738 7f8cc5ffb700 20 client.4151 trim_cache size 1 max 16384
2017-02-02 08:16:24.759070 7f8cccff2700 10 client.4151.objecter tick
2017-02-02 08:16:24.810880 7f8cc5ffb700 20 client.4151 trim_cache size 1 max 16384
2017-02-02 08:16:25.811024 7f8cc5ffb700 20 client.4151 trim_cache size 1 max 16384
2017-02-02 08:16:26.811165 7f8cc5ffb700 20 client.4151 trim_cache size 1 max 16384
2017-02-02 08:16:27.811310 7f8cc5ffb700 20 client.4151 trim_cache size 1 max 16384
2017-02-02 08:16:28.811450 7f8cc5ffb700 20 client.4151 trim_cache size 1 max 16384
2017-02-02 08:16:29.759237 7f8cccff2700 10 client.4151.objecter tick
2017-02-02 08:16:29.811588 7f8cc5ffb700 20 client.4151 trim_cache size 1 max 16384
2017-02-02 08:16:30.811731 7f8cc5ffb700 10 client.4151 renew_caps()
2017-02-02 08:16:30.811749 7f8cc5ffb700 15 client.4151 renew_caps requesting from mds.0
2017-02-02 08:16:30.811753 7f8cc5ffb700 10 client.4151 renew_caps mds.0
2017-02-02 08:16:30.811758 7f8cc5ffb700 1 -- 10.194.0.100:0/4006638222 --> 10.194.0.189:6816/31695 -- client_session(request_renewcaps seq 26) v2 -- ?+0 0x7f8c9c018040 con 0x5616c998ad60
2017-02-02 08:16:30.811773 7f8cc5ffb700 20 -- 10.194.0.100:0/4006638222 submit_message client_session(request_renewcaps seq 26) v2 remote, 10.194.0.189:6816/31695, have pipe.
2017-02-02 08:16:30.811789 7f8cc5ffb700 20 client.4151 trim_cache size 1 max 16384
2017-02-02 08:16:30.811824 7f8ccc6f0700 10 -- 10.194.0.100:0/4006638222 >> 10.194.0.189:6816/31695 pipe(0x5616c998ca10 sd=0 :33785 s=2 pgs=7 cs=1 l=0 c=0x5616c998ad60).writer: state = open policy.server=0
2017-02-02 08:16:30.811864 7f8ccc6f0700 20 -- 10.194.0.100:0/4006638222 >> 10.194.0.189:6816/31695 pipe(0x5616c998ca10 sd=0 :33785 s=2 pgs=7 cs=1 l=0 c=0x5616c998ad60).writer encoding 742216328 features 576460752032874495 0x7f8c9c018040 client_session(request_renewcaps seq 26) v2
2017-02-02 08:16:30.811938 7f8ccc6f0700 20 -- 10.194.0.100:0/4006638222 >> 10.194.0.189:6816/31695 pipe(0x5616c998ca10 sd=0 :33785 s=2 pgs=7 cs=1 l=0 c=0x5616c998ad60).writer signed seq # 742216328): sig = 12042716476758176566
2017-02-02 08:16:30.811961 7f8ccc6f0700 20 -- 10.194.0.100:0/4006638222 >> 10.194.0.189:6816/31695 pipe(0x5616c998ca10 sd=0 :33785 s=2 pgs=7 cs=1 l=0 c=0x5616c998ad60).writer sending 742216328 0x7f8c9c018040
2017-02-02 08:16:30.812021 7f8ccc6f0700 10 -- 10.194.0.100:0/4006638222 >> 10.194.0.189:6816/31695 pipe(0x5616c998ca10 sd=0 :33785 s=2 pgs=7 cs=1 l=0 c=0x5616c998ad60).writer: state = open policy.server=0
2017-02-02 08:16:30.812041 7f8ccc6f0700 20 -- 10.194.0.100:0/4006638222 >> 10.194.0.189:6816/31695 pipe(0x5616c998ca10 sd=0 :33785 s=2 pgs=7 cs=1 l=0 c=0x5616c998ad60).writer sleeping
2017-02-02 08:16:31.016340 7f8ccc5ef700 20 -- 10.194.0.100:0/4006638222 >> 10.194.0.189:6816/31695 pipe(0x5616c998ca10 sd=0 :33785 s=2 pgs=7 cs=1 l=0 c=0x5616c998ad60).reader got ACK
2017-02-02 08:16:31.016369 7f8ccc5ef700 15 -- 10.194.0.100:0/4006638222 >> 10.194.0.189:6816/31695 pipe(0x5616c998ca10 sd=0 :33785 s=2 pgs=7 cs=1 l=0 c=0x5616c998ad60).reader got ack seq 742216328
2017-02-02 08:16:31.016380 7f8ccc5ef700 10 -- 10.194.0.100:0/4006638222 >> 10.194.0.189:6816/31695 pipe(0x5616c998ca10 sd=0 :33785 s=2 pgs=7 cs=1 l=0 c=0x5616c998ad60).reader got ack seq 742216328 >= 742216328 on 0x7f8c9c018040 client_session(request_renewcaps seq 26) v1
2017-02-02 08:16:31.016391 7f8ccc5ef700 20 -- 10.194.0.100:0/4006638222 >> 10.194.0.189:6816/31695 pipe(0x5616c998ca10 sd=0 :33785 s=2 pgs=7 cs=1 l=0 c=0x5616c998ad60).reader reading tag...
2017-02-02 08:16:31.811873 7f8cc5ffb700 20 client.4151 trim_cache size 1 max 16384
2017-02-02 08:16:32.812020 7f8cc5ffb700 20 client.4151 trim_cache size 1 max 16384
2017-02-02 08:16:33.812169 7f8cc5ffb700 20 client.4151 trim_cache size 1 max 16384
2017-02-02 08:16:34.750603 7f8cc3ff7700 20 -- 10.194.0.100:0/4006638222 send_keepalive con 0x7f8c98014d90, have pipe.
2017-02-02 08:16:34.750656 7f8ccc7f1700 10 -- 10.194.0.100:0/4006638222 >> 10.194.0.189:6789/0 pipe(0x7f8c98007300 sd=1 :57115 s=2 pgs=58 cs=1 l=1 c=0x7f8c98014d90).writer: state = open policy.server=0
2017-02-02 08:16:34.750685 7f8ccc7f1700 10 -- 10.194.0.100:0/4006638222 >> 10.194.0.189:6789/0 pipe(0x7f8c98007300 sd=1 :57115 s=2 pgs=58 cs=1 l=1 c=0x7f8c98014d90).write_keepalive2 14
2017-02-02 08:16:34.750684
2017-02-02 08:16:34.750715 7f8ccc7f1700 10 -- 10.194.0.100:0/4006638222 >> 10.194.0.189:6789/0 pipe(0x7f8c98007300 sd=1 :57115 s=2 pgs=58 cs=1 l=1 c=0x7f8c98014d90).writer: state = open policy.server=0
2017-02-02 08:16:34.750749 7f8ccc7f1700 20 -- 10.194.0.100:0/4006638222 >> 10.194.0.189:6789/0 pipe(0x7f8c98007300 sd=1 :57115 s=2 pgs=58 cs=1 l=1 c=0x7f8c98014d90).writer sleeping
2017-02-02 08:16:34.750931 7f8ccc4ee700 2 -- 10.194.0.100:0/4006638222 >> 10.194.0.189:6789/0 pipe(0x7f8c98007300 sd=1 :57115 s=2 pgs=58 cs=1 l=1 c=0x7f8c98014d90).reader got KEEPALIVE_ACK
2017-02-02 08:16:34.750942 7f8ccc4ee700 20 -- 10.194.0.100:0/4006638222 >> 10.194.0.189:6789/0 pipe(0x7f8c98007300 sd=1 :57115 s=2 pgs=58 cs=1 l=1 c=0x7f8c98014d90).reader reading tag...
2017-02-02 08:16:34.759398 7f8cccff2700 10 client.4151.objecter tick
2017-02-02 08:16:34.812310 7f8cc5ffb700 20 client.4151 trim_cache size 1 max 16384
2017-02-02 08:16:35.812453 7f8cc5ffb700 20 client.4151 trim_cache size 1 max 16384
2017-02-02 08:16:36.812595 7f8cc5ffb700 20 client.4151 trim_cache size 1 max 16384
2017-02-02 08:16:37.812736 7f8cc5ffb700 20 client.4151 trim_cache size 1 max 16384
2017-02-02 08:16:38.812876 7f8cc5ffb700 20 client.4151 trim_cache size 1 max 16384
2017-02-02 08:16:39.759564 7f8cccff2700 10 client.4151.objecter tick
2017-02-02 08:16:39.813020 7f8cc5ffb700 20 client.4151 trim_cache size 1 max 16384
2017-02-02 08:16:40.813163 7f8cc5ffb700 20 client.4151 trim_cache size 1 max 16384
2017-02-02 08:16:41.813304 7f8cc5ffb700 20 client.4151 trim_cache size 1 max 16384
2017-02-02 08:16:42.813445 7f8cc5ffb700 20 client.4151 trim_cache size 1 max 16384
2017-02-02 08:16:43.813586 7f8cc5ffb700 20 client.4151 trim_cache size 1 max 16384
2017-02-02 08:16:44.750803 7f8cc3ff7700 20 -- 10.194.0.100:0/4006638222 send_keepalive con 0x7f8c98014d90, have pipe.
2017-02-02 08:16:44.750850 7f8ccc7f1700 10 -- 10.194.0.100:0/4006638222 >> 10.194.0.189:6789/0 pipe(0x7f8c98007300 sd=1 :57115 s=2 pgs=58 cs=1 l=1 c=0x7f8c98014d90).writer: state = open policy.server=0
2017-02-02 08:16:44.750876 7f8ccc7f1700 10 -- 10.194.0.100:0/4006638222 >> 10.194.0.189:6789/0 pipe(0x7f8c98007300 sd=1 :57115 s=2 pgs=58 cs=1 l=1 c=0x7f8c98014d90).write_keepalive2 14
2017-02-02 08:16:44.750875
2017-02-02 08:16:44.750909 7f8ccc7f1700 10 -- 10.194.0.100:0/4006638222 >> 10.194.0.189:6789/0 pipe(0x7f8c98007300 sd=1 :57115 s=2 pgs=58 cs=1 l=1 c=0x7f8c98014d90).writer: state = open policy.server=0
2017-02-02 08:16:44.750946 7f8ccc7f1700 20 -- 10.194.0.100:0/4006638222 >> 10.194.0.189:6789/0 pipe(0x7f8c98007300 sd=1 :57115 s=2 pgs=58 cs=1 l=1 c=0x7f8c98014d90).writer sleeping
2017-02-02 08:16:44.751168 7f8ccc4ee700 2 -- 10.194.0.100:0/4006638222 >> 10.194.0.189:6789/0 pipe(0x7f8c98007300 sd=1 :57115 s=2 pgs=58 cs=1 l=1 c=0x7f8c98014d90).reader got KEEPALIVE_ACK
2017-02-02 08:16:44.751180 7f8ccc4ee700 20 -- 10.194.0.100:0/4006638222 >> 10.194.0.189:6789/0 pipe(0x7f8c98007300 sd=1 :57115 s=2 pgs=58 cs=1 l=1 c=0x7f8c98014d90).reader reading tag...
2017-02-02 08:16:44.759721 7f8cccff2700 10 client.4151.objecter tick
2017-02-02 08:16:44.813727 7f8cc5ffb700 20 client.4151 trim_cache size 1 max 16384
2017-02-02 08:16:45.813850 7f8cc5ffb700 20 client.4151 trim_cache size 1 max 16384
2017-02-02 08:16:46.813993 7f8cc5ffb700 20 client.4151 trim_cache size 1 max 16384
2017-02-02 08:16:47.814133 7f8cc5ffb700 20 client.4151 trim_cache size 1 max 16384
2017-02-02 08:16:48.814279 7f8cc5ffb700 20 client.4151 trim_cache size 1 max 16384
2017-02-02 08:16:49.759883 7f8cccff2700 10 client.4151.objecter tick
2017-02-02 08:16:49.814422 7f8cc5ffb700 20 client.4151 trim_cache size 1 max 16384
2017-02-02 08:16:50.814566 7f8cc5ffb700 10 client.4151 renew_caps()
2017-02-02 08:16:50.814586 7f8cc5ffb700 15 client.4151 renew_caps requesting from mds.0
2017-02-02 08:16:50.814604 7f8cc5ffb700 10 client.4151 renew_caps mds.0
2017-02-02 08:16:50.814608 7f8cc5ffb700 1 -- 10.194.0.100:0/4006638222 --> 10.194.0.189:6816/31695 -- client_session(request_renewcaps seq 27) v2 -- ?+0 0x7f8c9c0230c0 con 0x5616c998ad60
2017-02-02 08:16:50.814624 7f8cc5ffb700 20 -- 10.194.0.100:0/4006638222 submit_message client_session(request_renewcaps seq 27) v2 remote, 10.194.0.189:6816/31695, have pipe.
2017-02-02 08:16:50.814643 7f8cc5ffb700 20 client.4151 trim_cache size 1 max 16384
2017-02-02 08:16:50.814672 7f8ccc6f0700 10 -- 10.194.0.100:0/4006638222 >> 10.194.0.189:6816/31695 pipe(0x5616c998ca10 sd=0 :33785 s=2 pgs=7 cs=1 l=0 c=0x5616c998ad60).writer: state = open policy.server=0
2017-02-02 08:16:50.814691 7f8ccc6f0700 20 -- 10.194.0.100:0/4006638222 >> 10.194.0.189:6816/31695 pipe(0x5616c998ca10 sd=0 :33785 s=2 pgs=7 cs=1 l=0 c=0x5616c998ad60).writer encoding 742216329 features 576460752032874495 0x7f8c9c0230c0 client_session(request_renewcaps seq 27) v2
2017-02-02 08:16:50.814745 7f8ccc6f0700 20 -- 10.194.0.100:0/4006638222 >> 10.194.0.189:6816/31695 pipe(0x5616c998ca10 sd=0 :33785 s=2 pgs=7 cs=1 l=0 c=0x5616c998ad60).writer signed seq # 742216329): sig = 4401454943505571238
2017-02-02 08:16:50.814769 7f8ccc6f0700 20 -- 10.194.0.100:0/4006638222 >> 10.194.0.189:6816/31695 pipe(0x5616c998ca10 sd=0 :33785 s=2 pgs=7 cs=1 l=0 c=0x5616c998ad60).writer sending 742216329 0x7f8c9c0230c0
2017-02-02 08:16:50.814810 7f8ccc6f0700 10 -- 10.194.0.100:0/4006638222 >> 10.194.0.189:6816/31695 pipe(0x5616c998ca10 sd=0 :33785 s=2 pgs=7 cs=1 l=0 c=0x5616c998ad60).writer: state = open policy.server=0
2017-02-02 08:16:50.814823 7f8ccc6f0700 20 -- 10.194.0.100:0/4006638222 >> 10.194.0.189:6816/31695 pipe(0x5616c998ca10 sd=0 :33785 s=2 pgs=7 cs=1 l=0 c=0x5616c998ad60).writer sleeping
2017-02-02 08:16:51.020471 7f8ccc5ef700 20 -- 10.194.0.100:0/4006638222 >> 10.194.0.189:6816/31695 pipe(0x5616c998ca10 sd=0 :33785 s=2 pgs=7 cs=1 l=0 c=0x5616c998ad60).reader got ACK
2017-02-02 08:16:51.020502 7f8ccc5ef700 15 -- 10.194.0.100:0/4006638222 >> 10.194.0.189:6816/31695 pipe(0x5616c998ca10 sd=0 :33785 s=2 pgs=7 cs=1 l=0 c=0x5616c998ad60).reader got ack seq 742216329
2017-02-02 08:16:51.020511 7f8ccc5ef700 10 -- 10.194.0.100:0/4006638222 >> 10.194.0.189:6816/31695 pipe(0x5616c998ca10 sd=0 :33785 s=2 pgs=7 cs=1 l=0 c=0x5616c998ad60).reader got ack seq 742216329 >= 742216329 on 0x7f8c9c0230c0 client_session(request_renewcaps seq 27) v1
2017-02-02 08:16:51.020522 7f8ccc5ef700 20 -- 10.194.0.100:0/4006638222 >> 10.194.0.189:6816/31695 pipe(0x5616c998ca10 sd=0 :33785 s=2 pgs=7 cs=1 l=0 c=0x5616c998ad60).reader reading tag...
2017-02-02 08:16:51.814687 7f8cc5ffb700 20 client.4151 trim_cache size 1 max 16384
2017-02-02 08:16:52.814834 7f8cc5ffb700 20 client.4151 trim_cache size 1 max 16384
2017-02-02 08:16:53.814953 7f8cc5ffb700 20 client.4151 trim_cache size 1 max 16384
2017-02-02 08:16:54.751017 7f8cc3ff7700 20 -- 10.194.0.100:0/4006638222 send_keepalive con 0x7f8c98014d90, have pipe.
2017-02-02 08:16:54.751045 7f8ccc7f1700 10 -- 10.194.0.100:0/4006638222 >> 10.194.0.189:6789/0 pipe(0x7f8c98007300 sd=1 :57115 s=2 pgs=58 cs=1 l=1 c=0x7f8c98014d90).writer: state = open policy.server=0
2017-02-02 08:16:54.751058 7f8ccc7f1700 10 -- 10.194.0.100:0/4006638222 >> 10.194.0.189:6789/0 pipe(0x7f8c98007300 sd=1 :57115 s=2 pgs=58 cs=1 l=1 c=0x7f8c98014d90).write_keepalive2 14
2017-02-02 08:16:54.751057
2017-02-02 08:16:54.751077 7f8ccc7f1700 10 -- 10.194.0.100:0/4006638222 >> 10.194.0.189:6789/0 pipe(0x7f8c98007300 sd=1 :57115 s=2 pgs=58 cs=1 l=1 c=0x7f8c98014d90).writer: state = open policy.server=0
2017-02-02 08:16:54.751086 7f8ccc7f1700 20 -- 10.194.0.100:0/4006638222 >> 10.194.0.189:6789/0 pipe(0x7f8c98007300 sd=1 :57115 s=2 pgs=58 cs=1 l=1 c=0x7f8c98014d90).writer sleeping
2017-02-02 08:16:54.751356 7f8ccc4ee700 2 -- 10.194.0.100:0/4006638222 >> 10.194.0.189:6789/0 pipe(0x7f8c98007300 sd=1 :57115 s=2 pgs=58 cs=1 l=1 c=0x7f8c98014d90).reader got KEEPALIVE_ACK
2017-02-02 08:16:54.751367 7f8ccc4ee700 20 -- 10.194.0.100:0/4006638222 >> 10.194.0.189:6789/0 pipe(0x7f8c98007300 sd=1 :57115 s=2 pgs=58 cs=1 l=1 c=0x7f8c98014d90).reader reading tag...
2017-02-02 08:16:54.760050 7f8cccff2700 10 client.4151.objecter tick
2017-02-02 08:16:54.815095 7f8cc5ffb700 20 client.4151 trim_cache size 1 max 16384
2017-02-02 08:16:55.815230 7f8cc5ffb700 20 client.4151 trim_cache size 1 max 16384
2017-02-02 08:16:56.815368 7f8cc5ffb700 20 client.4151 trim_cache size 1 max 16384
2017-02-02 08:16:57.815506 7f8cc5ffb700 20 client.4151 trim_cache size 1 max 16384
2017-02-02 08:16:58.815642 7f8cc5ffb700 20 client.4151 trim_cache size 1 max 16384
2017-02-02 08:16:59.760209 7f8cccff2700 10 client.4151.objecter tick
2017-02-02 08:16:59.815782 7f8cc5ffb700 20 client.4151 trim_cache size 1 max 16384
2017-02-02 08:17:00.815923 7f8cc5ffb700 20 client.4151 trim_cache size 1 max 16384
2017-02-02 08:17:01.816051 7f8cc5ffb700 20 client.4151 trim_cache size 1 max 16384
2017-02-02 08:17:02.816202 7f8cc5ffb700 20 client.4151 trim_cache size 1 max 16384
2017-02-02 08:17:03.816342 7f8cc5ffb700 20 client.4151 trim_cache size 1 max 16384
2017-02-02 08:17:04.751177 7f8cc3ff7700 20 -- 10.194.0.100:0/4006638222 send_keepalive con 0x7f8c98014d90, have pipe.
2017-02-02 08:17:04.751206 7f8ccc7f1700 10 -- 10.194.0.100:0/4006638222 >> 10.194.0.189:6789/0 pipe(0x7f8c98007300 sd=1 :57115 s=2 pgs=58 cs=1 l=1 c=0x7f8c98014d90).writer: state = open policy.server=0
2017-02-02 08:17:04.751218 7f8ccc7f1700 10 -- 10.194.0.100:0/4006638222 >> 10.194.0.189:6789/0 pipe(0x7f8c98007300 sd=1 :57115 s=2 pgs=58 cs=1 l=1 c=0x7f8c98014d90).write_keepalive2 14
2017-02-02 08:17:04.751217
2017-02-02 08:17:04.751235 7f8ccc7f1700 10 -- 10.194.0.100:0/4006638222 >> 10.194.0.189:6789/0 pipe(0x7f8c98007300 sd=1 :57115 s=2 pgs=58 cs=1 l=1 c=0x7f8c98014d90).writer: state = open policy.server=0
2017-02-02 08:17:04.751239 7f8ccc7f1700 20 -- 10.194.0.100:0/4006638222 >> 10.194.0.189:6789/0 pipe(0x7f8c98007300 sd=1 :57115 s=2 pgs=58 cs=1 l=1 c=0x7f8c98014d90).writer sleeping
2017-02-02 08:17:04.751488 7f8ccc4ee700 2 -- 10.194.0.100:0/4006638222 >> 10.194.0.189:6789/0 pipe(0x7f8c98007300 sd=1 :57115 s=2 pgs=58 cs=1 l=1 c=0x7f8c98014d90).reader got KEEPALIVE_ACK
2017-02-02 08:17:04.751501 7f8ccc4ee700 20 -- 10.194.0.100:0/4006638222 >> 10.194.0.189:6789/0 pipe(0x7f8c98007300 sd=1 :57115 s=2 pgs=58 cs=1 l=1 c=0x7f8c98014d90).reader reading tag...
2017-02-02 08:17:04.760355 7f8cccff2700 10 client.4151.objecter tick
2017-02-02 08:17:04.816491 7f8cc5ffb700 20 client.4151 trim_cache size 1 max 16384
2017-02-02 08:17:05.816635 7f8cc5ffb700 20 client.4151 trim_cache size 1 max 16384
2017-02-02 08:17:06.816766 7f8cc5ffb700 20 client.4151 trim_cache size 1 max 16384
2017-02-02 08:17:07.816882 7f8cc5ffb700 20 client.4151 trim_cache size 1 max 16384
2017-02-02 08:17:08.817022 7f8cc5ffb700 20 client.4151 trim_cache size 1 max 16384
2017-02-02 08:17:09.760505 7f8cccff2700 10 client.4151.objecter tick
2017-02-02 08:17:09.817167 7f8cc5ffb700 20 client.4151 trim_cache size 1 max 16384
2017-02-02 08:17:10.817304 7f8cc5ffb700 10 client.4151 renew_caps()
2017-02-02 08:17:10.817313 7f8cc5ffb700 15 client.4151 renew_caps requesting from mds.0
2017-02-02 08:17:10.817315 7f8cc5ffb700 10 client.4151 renew_caps mds.0
2017-02-02 08:17:10.817317 7f8cc5ffb700 1 -- 10.194.0.100:0/4006638222 --> 10.194.0.189:6816/31695 -- client_session(request_renewcaps seq 28) v2 -- ?+0 0x7f8c9c024650 con 0x5616c998ad60
2017-02-02 08:17:10.817326 7f8cc5ffb700 20 -- 10.194.0.100:0/4006638222 submit_message client_session(request_renewcaps seq 28) v2 remote, 10.194.0.189:6816/31695, have pipe.
2017-02-02 08:17:10.817335 7f8cc5ffb700 20 client.4151 trim_cache size 1 max 16384
2017-02-02 08:17:10.817352 7f8ccc6f0700 10 -- 10.194.0.100:0/4006638222 >> 10.194.0.189:6816/31695 pipe(0x5616c998ca10 sd=0 :33785 s=2 pgs=7 cs=1 l=0 c=0x5616c998ad60).writer: state = open policy.server=0
2017-02-02 08:17:10.817368 7f8ccc6f0700 20 -- 10.194.0.100:0/4006638222 >> 10.194.0.189:6816/31695 pipe(0x5616c998ca10 sd=0 :33785 s=2 pgs=7 cs=1 l=0 c=0x5616c998ad60).writer encoding 742216330 features 576460752032874495 0x7f8c9c024650 client_session(request_renewcaps seq 28) v2
2017-02-02 08:17:10.817399 7f8ccc6f0700 20 -- 10.194.0.100:0/4006638222 >> 10.194.0.189:6816/31695 pipe(0x5616c998ca10 sd=0 :33785 s=2 pgs=7 cs=1 l=0 c=0x5616c998ad60).writer signed seq # 742216330): sig = 13453405867140904647
2017-02-02 08:17:10.817408 7f8ccc6f0700 20 -- 10.194.0.100:0/4006638222 >> 10.194.0.189:6816/31695 pipe(0x5616c998ca10 sd=0 :33785 s=2 pgs=7 cs=1 l=0 c=0x5616c998ad60).writer sending 742216330 0x7f8c9c024650
2017-02-02 08:17:10.817421 7f8ccc6f0700 10 -- 10.194.0.100:0/4006638222 >> 10.194.0.189:6816/31695 pipe(0x5616c998ca10 sd=0 :33785 s=2 pgs=7 cs=1 l=0 c=0x5616c998ad60).writer: state = open policy.server=0
2017-02-02 08:17:10.817429 7f8ccc6f0700 20 -- 10.194.0.100:0/4006638222 >> 10.194.0.189:6816/31695 pipe(0x5616c998ca10 sd=0 :33785 s=2 pgs=7 cs=1 l=0 c=0x5616c998ad60).writer sleeping
2017-02-02 08:17:11.024574 7f8ccc5ef700 20 -- 10.194.0.100:0/4006638222 >> 10.194.0.189:6816/31695 pipe(0x5616c998ca10 sd=0 :33785 s=2 pgs=7 cs=1 l=0 c=0x5616c998ad60).reader got ACK
2017-02-02 08:17:11.024604 7f8ccc5ef700 15 -- 10.194.0.100:0/4006638222 >> 10.194.0.189:6816/31695 pipe(0x5616c998ca10 sd=0 :33785 s=2 pgs=7 cs=1 l=0 c=0x5616c998ad60).reader got ack seq 742216330
2017-02-02 08:17:11.024612 7f8ccc5ef700 10 -- 10.194.0.100:0/4006638222 >> 10.194.0.189:6816/31695 pipe(0x5616c998ca10 sd=0 :33785 s=2 pgs=7 cs=1 l=0 c=0x5616c998ad60).reader got ack seq 742216330 >= 742216330 on 0x7f8c9c024650 client_session(request_renewcaps seq 28) v1
2017-02-02 08:17:11.024624 7f8ccc5ef700 20 -- 10.194.0.100:0/4006638222 >> 10.194.0.189:6816/31695 pipe(0x5616c998ca10 sd=0 :33785 s=2 pgs=7 cs=1 l=0 c=0x5616c998ad60).reader reading tag...
2017-02-02 08:17:11.817445 7f8cc5ffb700 20 client.4151 trim_cache size 1 max 16384
2017-02-02 08:17:12.817586 7f8cc5ffb700 20 client.4151 trim_cache size 1 max 16384
2017-02-02 08:17:13.817726 7f8cc5ffb700 20 client.4151 trim_cache size 1 max 16384
2017-02-02 08:17:14.751367 7f8cc3ff7700 20 -- 10.194.0.100:0/4006638222 send_keepalive con 0x7f8c98014d90, have pipe.
2017-02-02 08:17:14.751402 7f8ccc7f1700 10 -- 10.194.0.100:0/4006638222 >> 10.194.0.189:6789/0 pipe(0x7f8c98007300 sd=1 :57115 s=2 pgs=58 cs=1 l=1 c=0x7f8c98014d90).writer: state = open policy.server=0
2017-02-02 08:17:14.751418 7f8ccc7f1700 10 -- 10.194.0.100:0/4006638222 >> 10.194.0.189:6789/0 pipe(0x7f8c98007300 sd=1 :57115 s=2 pgs=58 cs=1 l=1 c=0x7f8c98014d90).write_keepalive2 14
2017-02-02 08:17:14.751417
2017-02-02 08:17:14.751433 7f8ccc7f1700 10 -- 10.194.0.100:0/4006638222 >> 10.194.0.189:6789/0 pipe(0x7f8c98007300 sd=1 :57115 s=2 pgs=58 cs=1 l=1 c=0x7f8c98014d90).writer: state = open policy.server=0
2017-02-02 08:17:14.751450 7f8ccc7f1700 20 -- 10.194.0.100:0/4006638222 >> 10.194.0.189:6789/0 pipe(0x7f8c98007300 sd=1 :57115 s=2 pgs=58 cs=1 l=1 c=0x7f8c98014d90).writer sleeping
2017-02-02 08:17:14.751690 7f8ccc4ee700 2 -- 10.194.0.100:0/4006638222 >> 10.194.0.189:6789/0 pipe(0x7f8c98007300 sd=1 :57115 s=2 pgs=58 cs=1 l=1 c=0x7f8c98014d90).reader got KEEPALIVE_ACK
2017-02-02 08:17:14.751701 7f8ccc4ee700 20 -- 10.194.0.100:0/4006638222 >> 10.194.0.189:6789/0 pipe(0x7f8c98007300 sd=1 :57115 s=2 pgs=58 cs=1 l=1 c=0x7f8c98014d90).reader reading tag...
2017-02-02 08:17:14.760668 7f8cccff2700 10 client.4151.objecter tick
2017-02-02 08:17:14.817873 7f8cc5ffb700 20 client.4151 trim_cache size 1 max 16384
2017-02-02 08:17:15.818016 7f8cc5ffb700 20 client.4151 trim_cache size 1 max 16384
2017-02-02 08:17:16.818198 7f8cc5ffb700 20 client.4151 trim_cache size 1 max 16384
2017-02-02 08:17:17.818339 7f8cc5ffb700 20 client.4151 trim_cache size 1 max 16384
2017-02-02 08:17:18.818490 7f8cc5ffb700 20 client.4151 trim_cache size 1 max 16384
2017-02-02 08:17:19.760828 7f8cccff2700 10 client.4151.objecter tick
2017-02-02 08:17:19.818625 7f8cc5ffb700 20 client.4151 trim_cache size 1 max 16384
2017-02-02 08:17:20.818766 7f8cc5ffb700 20 client.4151 trim_cache size 1 max 16384
2017-02-02 08:17:21.818907 7f8cc5ffb700 20 client.4151 trim_cache size 1 max 16384
2017-02-02 08:17:22.819047 7f8cc5ffb700 20 client.4151 trim_cache size 1 max 16384
2017-02-02 08:17:23.819188 7f8cc5ffb700 20 client.4151 trim_cache size 1 max 16384
2017-02-02 08:17:24.751542 7f8cc3ff7700 20 -- 10.194.0.100:0/4006638222 send_keepalive con 0x7f8c98014d90, have pipe.
2017-02-02 08:17:24.751586 7f8ccc7f1700 10 -- 10.194.0.100:0/4006638222 >> 10.194.0.189:6789/0 pipe(0x7f8c98007300 sd=1 :57115 s=2 pgs=58 cs=1 l=1 c=0x7f8c98014d90).writer: state = open policy.server=0
2017-02-02 08:17:24.751624 7f8ccc7f1700 10 -- 10.194.0.100:0/4006638222 >> 10.194.0.189:6789/0 pipe(0x7f8c98007300 sd=1 :57115 s=2 pgs=58 cs=1 l=1 c=0x7f8c98014d90).write_keepalive2 14
2017-02-02 08:17:24.751622
2017-02-02 08:17:24.751665 7f8ccc7f1700 10 -- 10.194.0.100:0/4006638222 >> 10.194.0.189:6789/0 pipe(0x7f8c98007300 sd=1 :57115 s=2 pgs=58 cs=1 l=1 c=0x7f8c98014d90).writer: state = open policy.server=0
2017-02-02 08:17:24.751684 7f8ccc7f1700 20 -- 10.194.0.100:0/4006638222 >> 10.194.0.189:6789/0 pipe(0x7f8c98007300 sd=1 :57115 s=2 pgs=58 cs=1 l=1 c=0x7f8c98014d90).writer sleeping
2017-02-02 08:17:24.751911 7f8ccc4ee700 2 -- 10.194.0.100:0/4006638222 >> 10.194.0.189:6789/0 pipe(0x7f8c98007300 sd=1 :57115 s=2 pgs=58 cs=1 l=1 c=0x7f8c98014d90).reader got KEEPALIVE_ACK
2017-02-02 08:17:24.751930 7f8ccc4ee700 20 -- 10.194.0.100:0/4006638222 >> 10.194.0.189:6789/0 pipe(0x7f8c98007300 sd=1 :57115 s=2 pgs=58 cs=1 l=1 c=0x7f8c98014d90).reader reading tag...
2017-02-02 08:17:24.761005 7f8cccff2700 10 client.4151.objecter tick
2017-02-02 08:17:24.819328 7f8cc5ffb700 20 client.4151 trim_cache size 1 max 16384
2017-02-02 08:17:25.819476 7f8cc5ffb700 20 client.4151 trim_cache size 1 max 16384
2017-02-02 08:17:26.819621 7f8cc5ffb700 20 client.4151 trim_cache size 1 max 16384
2017-02-02 08:17:27.819759 7f8cc5ffb700 20 client.4151 trim_cache size 1 max 16384
2017-02-02 08:17:28.819901 7f8cc5ffb700 20 client.4151 trim_cache size 1 max 16384
2017-02-02 08:17:29.761141 7f8cccff2700 10 client.4151.objecter tick
2017-02-02 08:17:29.820043 7f8cc5ffb700 20 client.4151 trim_cache size 1 max 16384
2017-02-02 08:17:30.820184 7f8cc5ffb700 10 client.4151 renew_caps()
2017-02-02 08:17:30.820214 7f8cc5ffb700 15 client.4151 renew_caps requesting from mds.0
2017-02-02 08:17:30.820217 7f8cc5ffb700 10 client.4151 renew_caps mds.0
2017-02-02 08:17:30.820220 7f8cc5ffb700 1 -- 10.194.0.100:0/4006638222 --> 10.194.0.189:6816/31695 -- client_session(request_renewcaps seq 29) v2 -- ?+0 0x7f8c9c025be0 con 0x5616c998ad60
2017-02-02 08:17:30.820237 7f8cc5ffb700 20 -- 10.194.0.100:0/4006638222 submit_message client_session(request_renewcaps seq 29) v2 remote, 10.194.0.189:6816/31695, have pipe.
2017-02-02 08:17:30.820255 7f8ccc6f0700 10 -- 10.194.0.100:0/4006638222 >> 10.194.0.189:6816/31695 pipe(0x5616c998ca10 sd=0 :33785 s=2 pgs=7 cs=1 l=0 c=0x5616c998ad60).writer: state = open policy.server=0
2017-02-02 08:17:30.820272 7f8ccc6f0700 20 -- 10.194.0.100:0/4006638222 >> 10.194.0.189:6816/31695 pipe(0x5616c998ca10 sd=0 :33785 s=2 pgs=7 cs=1 l=0 c=0x5616c998ad60).writer encoding 742216331 features 576460752032874495 0x7f8c9c025be0 client_session(request_renewcaps seq 29) v2
2017-02-02 08:17:30.820319 7f8ccc6f0700 20 -- 10.194.0.100:0/4006638222 >> 10.194.0.189:6816/31695 pipe(0x5616c998ca10 sd=0 :33785 s=2 pgs=7 cs=1 l=0 c=0x5616c998ad60).writer signed seq # 742216331): sig = 224532094691669892
2017-02-02 08:17:30.820330 7f8ccc6f0700 20 -- 10.194.0.100:0/4006638222 >> 10.194.0.189:6816/31695 pipe(0x5616c998ca10 sd=0 :33785 s=2 pgs=7 cs=1 l=0 c=0x5616c998ad60).writer sending 742216331 0x7f8c9c025be0
2017-02-02 08:17:30.820348 7f8ccc6f0700 10 -- 10.194.0.100:0/4006638222 >> 10.194.0.189:6816/31695 pipe(0x5616c998ca10 sd=0 :33785 s=2 pgs=7 cs=1 l=0 c=0x5616c998ad60).writer: state = open policy.server=0
2017-02-02 08:17:30.820363 7f8ccc6f0700 20 -- 10.194.0.100:0/4006638222 >> 10.194.0.189:6816/31695 pipe(0x5616c998ca10 sd=0 :33785 s=2 pgs=7 cs=1 l=0 c=0x5616c998ad60).writer sleeping
2017-02-02 08:17:30.820373 7f8cc5ffb700 20 client.4151 trim_cache size 1 max 16384
2017-02-02 08:17:31.024676 7f8ccc5ef700 20 -- 10.194.0.100:0/4006638222 >> 10.194.0.189:6816/31695 pipe(0x5616c998ca10 sd=0 :33785 s=2 pgs=7 cs=1 l=0 c=0x5616c998ad60).reader got ACK
2017-02-02 08:17:31.024707 7f8ccc5ef700 15 -- 10.194.0.100:0/4006638222 >> 10.194.0.189:6816/31695 pipe(0x5616c998ca10 sd=0 :33785 s=2 pgs=7 cs=1 l=0 c=0x5616c998ad60).reader got ack seq 742216331
