2017-02-02 08:09:00.813986 7f8ca37fe700 20 client.4151 _ll_put 0x7f8cb80108a0 10000000000 1 -> 3
2017-02-02 08:09:01.750680 7f8cc5ffb700 20 client.4151 trim_cache size 1 max 16384
2017-02-02 08:09:02.744695 7f8cc3ff7700 20 -- 10.194.0.100:0/4006638222 send_keepalive con 0x5616c99866f0, have pipe.
2017-02-02 08:09:02.744719 7f8cd1bdf700 10 -- 10.194.0.100:0/4006638222 >> 10.194.0.189:6789/0 pipe(0x5616c9988650 sd=12 :54785 s=2 pgs=57 cs=1 l=1 c=0x5616c99866f0).writer: state = open policy.server=0
2017-02-02 08:09:02.744729 7f8cd1bdf700 10 -- 10.194.0.100:0/4006638222 >> 10.194.0.189:6789/0 pipe(0x5616c9988650 sd=12 :54785 s=2 pgs=57 cs=1 l=1 c=0x5616c99866f0).write_keepalive2 14
2017-02-02 08:09:02.744728
2017-02-02 08:09:02.744749 7f8cd1bdf700 10 -- 10.194.0.100:0/4006638222 >> 10.194.0.189:6789/0 pipe(0x5616c9988650 sd=12 :54785 s=2 pgs=57 cs=1 l=1 c=0x5616c99866f0).writer: state = open policy.server=0
2017-02-02 08:09:02.744761 7f8cd1bdf700 20 -- 10.194.0.100:0/4006638222 >> 10.194.0.189:6789/0 pipe(0x5616c9988650 sd=12 :54785 s=2 pgs=57 cs=1 l=1 c=0x5616c99866f0).writer sleeping
2017-02-02 08:09:02.745019 7f8ccc7f1700 2 -- 10.194.0.100:0/4006638222 >> 10.194.0.189:6789/0 pipe(0x5616c9988650 sd=12 :54785 s=2 pgs=57 cs=1 l=1 c=0x5616c99866f0).reader got KEEPALIVE_ACK
2017-02-02 08:09:02.745047 7f8ccc7f1700 20 -- 10.194.0.100:0/4006638222 >> 10.194.0.189:6789/0 pipe(0x5616c9988650 sd=12 :54785 s=2 pgs=57 cs=1 l=1 c=0x5616c99866f0).reader reading tag...
2017-02-02 08:09:02.750811 7f8cc5ffb700 20 client.4151 trim_cache size 1 max 16384
2017-02-02 08:09:03.750934 7f8cc5ffb700 20 client.4151 trim_cache size 1 max 16384
2017-02-02 08:09:04.745014 7f8cccff2700 10 client.4151.objecter tick
2017-02-02 08:09:04.751073 7f8cc5ffb700 20 client.4151 trim_cache size 1 max 16384
2017-02-02 08:09:05.751199 7f8cc5ffb700 20 client.4151 trim_cache size 1 max 16384
2017-02-02 08:09:05.816566 7f8ca3fff700 3 client.4151 ll_getattr 1.head
2017-02-02 08:09:05.816589 7f8ca3fff700 10 client.4151 _getattr mask pAsLsXsFs issued=1
2017-02-02 08:09:05.816595 7f8ca3fff700 10 client.4151 fill_stat on 1 snap/devhead mode 040755 mtime
2017-02-01 11:30:21.278903 ctime
2017-02-01 11:30:21.278903
2017-02-02 08:09:05.816601 7f8ca3fff700 3 client.4151 ll_getattr 1.head = 0
2017-02-02 08:09:05.816612 7f8ca3fff700 3 client.4151 ll_forget 1 1
2017-02-02 08:09:05.816650 7f8cc0ff1700 3 client.4151 ll_lookup 0x7f8cb800d450 test
2017-02-02 08:09:05.816665 7f8cc0ff1700 20 client.4151 _lookup have dn test mds.-1 ttl 0.000000 seq 0
2017-02-02 08:09:05.816671 7f8cc0ff1700 15 inode.get on 0x7f8cb80108a0 10000000000.head now 3
2017-02-02 08:09:05.816673 7f8cc0ff1700 10 client.4151 _lookup 1.head(faked_ino=0 ref=3 ll_ref=14 cap_refs={} open={} mode=40755 size=0/0 mtime=2017-02-01 11:30:21.278903 caps=pAsLsXsFs(0=pAsLsXsFs) has_dir_layout 0x7f8cb800d450) test = 10000000000.head(faked_ino=0 ref=3 ll_ref=3 cap_refs={} open={} mode=100644 size=0/0 mtime=2017-02-01 11:30:21.284000 caps=pAsLsXsFscr(0=pAsLsXsFscr) objectset[10000000000 ts 0/0 objects 0 dirty_or_tx 0] parents=0x7f8cb8011710 0x7f8cb80108a0)
2017-02-02 08:09:05.816699 7f8cc0ff1700 10 client.4151 fill_stat on 10000000000 snap/devhead mode 0100644 mtime
2017-02-01 11:30:21.284000 ctime
2017-02-01 11:30:21.285768
2017-02-02 08:09:05.816708 7f8cc0ff1700 20 client.4151 _ll_get 0x7f8cb80108a0 10000000000 -> 4
2017-02-02 08:09:05.816710 7f8cc0ff1700 3 client.4151 ll_lookup 0x7f8cb800d450 test -> 0 (10000000000)
2017-02-02 08:09:05.816713 7f8cc0ff1700 10 client.4151 put_inode on 10000000000.head(faked_ino=0 ref=3 ll_ref=4 cap_refs={} open={} mode=100644 size=0/0 mtime=2017-02-01 11:30:21.284000 caps=pAsLsXsFscr(0=pAsLsXsFscr) objectset[10000000000 ts 0/0 objects 0 dirty_or_tx 0] parents=0x7f8cb8011710 0x7f8cb80108a0)
2017-02-02 08:09:05.816732 7f8cc0ff1700 15 inode.put on 0x7f8cb80108a0 10000000000.head now 2
2017-02-02 08:09:05.816745 7f8cc0ff1700 3 client.4151 ll_forget 1 1
2017-02-02 08:09:05.816757 7f8cc0ff1700 20 client.4151 _ll_get 0x7f8cb80108a0 10000000000 -> 5
2017-02-02 08:09:05.816759 7f8cc0ff1700 3 client.4151 ll_getattr 10000000000.head
2017-02-02 08:09:05.816761 7f8cc0ff1700 10 client.4151 _getattr mask pAsLsXsFs issued=1
2017-02-02 08:09:05.816765 7f8cc0ff1700 10 client.4151 fill_stat on 10000000000 snap/devhead mode 0100644 mtime
2017-02-01 11:30:21.284000 ctime
2017-02-01 11:30:21.285768
2017-02-02 08:09:05.816770 7f8cc0ff1700 3 client.4151 ll_getattr 10000000000.head = 0
2017-02-02 08:09:05.816780 7f8cc0ff1700 3 client.4151 ll_forget 10000000000 1
2017-02-02 08:09:05.816785 7f8cc0ff1700 20 client.4151 _ll_put 0x7f8cb80108a0 10000000000 1 -> 4
2017-02-02 08:09:05.816795 7f8cc0ff1700 3 client.4151 ll_getattr 1.head
2017-02-02 08:09:05.816797 7f8cc0ff1700 10 client.4151 _getattr mask pAsLsXsFs issued=1
2017-02-02 08:09:05.816801 7f8cc0ff1700 10 client.4151 fill_stat on 1 snap/devhead mode 040755 mtime
2017-02-01 11:30:21.278903 ctime
2017-02-01 11:30:21.278903
2017-02-02 08:09:05.816805 7f8cc0ff1700 3 client.4151 ll_getattr 1.head = 0
2017-02-02 08:09:05.816816 7f8cc0ff1700 3 client.4151 ll_forget 1 1
2017-02-02 08:09:05.816825 7f8cc0ff1700 3 client.4151 ll_lookup 0x7f8cb800d450 test
2017-02-02 08:09:05.816827 7f8cc0ff1700 20 client.4151 _lookup have dn test mds.-1 ttl 0.000000 seq 0
2017-02-02 08:09:05.816830 7f8cc0ff1700 15 inode.get on 0x7f8cb80108a0 10000000000.head now 3
2017-02-02 08:09:05.816832 7f8cc0ff1700 10 client.4151 _lookup 1.head(faked_ino=0 ref=3 ll_ref=16 cap_refs={} open={} mode=40755 size=0/0 mtime=2017-02-01 11:30:21.278903 caps=pAsLsXsFs(0=pAsLsXsFs) has_dir_layout 0x7f8cb800d450) test = 10000000000.head(faked_ino=0 ref=3 ll_ref=4 cap_refs={} open={} mode=100644 size=0/0 mtime=2017-02-01 11:30:21.284000 caps=pAsLsXsFscr(0=pAsLsXsFscr) objectset[10000000000 ts 0/0 objects 0 dirty_or_tx 0] parents=0x7f8cb8011710 0x7f8cb80108a0)
2017-02-02 08:09:05.816853 7f8cc0ff1700 10 client.4151 fill_stat on 10000000000 snap/devhead mode 0100644 mtime
2017-02-01 11:30:21.284000 ctime
2017-02-01 11:30:21.285768
2017-02-02 08:09:05.816857 7f8cc0ff1700 20 client.4151 _ll_get 0x7f8cb80108a0 10000000000 -> 5
2017-02-02 08:09:05.816859 7f8cc0ff1700 3 client.4151 ll_lookup 0x7f8cb800d450 test -> 0 (10000000000)
2017-02-02 08:09:05.816860 7f8cc0ff1700 10 client.4151 put_inode on 10000000000.head(faked_ino=0 ref=3 ll_ref=5 cap_refs={} open={} mode=100644 size=0/0 mtime=2017-02-01 11:30:21.284000 caps=pAsLsXsFscr(0=pAsLsXsFscr) objectset[10000000000 ts 0/0 objects 0 dirty_or_tx 0] parents=0x7f8cb8011710 0x7f8cb80108a0)
2017-02-02 08:09:05.816869 7f8cc0ff1700 15 inode.put on 0x7f8cb80108a0 10000000000.head now 2
2017-02-02 08:09:05.816879 7f8cc0ff1700 3 client.4151 ll_forget 1 1
2017-02-02 08:09:05.816893 7f8ca37fe700 20 client.4151 _ll_get 0x7f8cb80108a0 10000000000 -> 6
2017-02-02 08:09:05.816900 7f8ca37fe700 3 client.4151 ll_getxattr 10000000000.head security.selinux size 255
2017-02-02 08:09:05.816903 7f8ca37fe700 10 client.4151 _getattr mask Xs issued=1
2017-02-02 08:09:05.816906 7f8ca37fe700 3 client.4151 _getxattr(10000000000, "security.selinux", 255) = -61
2017-02-02 08:09:05.816916 7f8ca37fe700 3 client.4151 ll_forget 10000000000 1
2017-02-02 08:09:05.816918 7f8ca37fe700 20 client.4151 _ll_put 0x7f8cb80108a0 10000000000 1 -> 5
2017-02-02 08:09:05.816934 7f8cc0ff1700 3 client.4151 ll_getattr 1.head
2017-02-02 08:09:05.816940 7f8cc0ff1700 10 client.4151 _getattr mask pAsLsXsFs issued=1
2017-02-02 08:09:05.816944 7f8cc0ff1700 10 client.4151 fill_stat on 1 snap/devhead mode 040755 mtime
2017-02-01 11:30:21.278903 ctime
2017-02-01 11:30:21.278903
2017-02-02 08:09:05.816949 7f8cc0ff1700 3 client.4151 ll_getattr 1.head = 0
2017-02-02 08:09:05.816961 7f8cc0ff1700 3 client.4151 ll_forget 1 1
2017-02-02 08:09:05.816970 7f8cc0ff1700 3 client.4151 ll_lookup 0x7f8cb800d450 test
2017-02-02 08:09:05.816973 7f8cc0ff1700 20 client.4151 _lookup have dn test mds.-1 ttl 0.000000 seq 0
2017-02-02 08:09:05.816975 7f8cc0ff1700 15 inode.get on 0x7f8cb80108a0 10000000000.head now 3
2017-02-02 08:09:05.816977 7f8cc0ff1700 10 client.4151 _lookup 1.head(faked_ino=0 ref=3 ll_ref=18 cap_refs={} open={} mode=40755 size=0/0 mtime=2017-02-01 11:30:21.278903 caps=pAsLsXsFs(0=pAsLsXsFs) has_dir_layout 0x7f8cb800d450) test = 10000000000.head(faked_ino=0 ref=3 ll_ref=5 cap_refs={} open={} mode=100644 size=0/0 mtime=2017-02-01 11:30:21.284000 caps=pAsLsXsFscr(0=pAsLsXsFscr) objectset[10000000000 ts 0/0 objects 0 dirty_or_tx 0] parents=0x7f8cb8011710 0x7f8cb80108a0)
2017-02-02 08:09:05.816998 7f8cc0ff1700 10 client.4151 fill_stat on 10000000000 snap/devhead mode 0100644 mtime
2017-02-01 11:30:21.284000 ctime
2017-02-01 11:30:21.285768
2017-02-02 08:09:05.817003 7f8cc0ff1700 20 client.4151 _ll_get 0x7f8cb80108a0 10000000000 -> 6
2017-02-02 08:09:05.817005 7f8cc0ff1700 3 client.4151 ll_lookup 0x7f8cb800d450 test -> 0 (10000000000)
2017-02-02 08:09:05.817006 7f8cc0ff1700 10 client.4151 put_inode on 10000000000.head(faked_ino=0 ref=3 ll_ref=6 cap_refs={} open={} mode=100644 size=0/0 mtime=2017-02-01 11:30:21.284000 caps=pAsLsXsFscr(0=pAsLsXsFscr) objectset[10000000000 ts 0/0 objects 0 dirty_or_tx 0] parents=0x7f8cb8011710 0x7f8cb80108a0)
2017-02-02 08:09:05.817015 7f8cc0ff1700 15 inode.put on 0x7f8cb80108a0 10000000000.head now 2
2017-02-02 08:09:05.817025 7f8cc0ff1700 3 client.4151 ll_forget 1 1
2017-02-02 08:09:05.817034 7f8cc0ff1700 20 client.4151 _ll_get 0x7f8cb80108a0 10000000000 -> 7
2017-02-02 08:09:05.817036 7f8cc0ff1700 3 client.4151 ll_getxattr 10000000000.head system.posix_acl_access size 0
2017-02-02 08:09:05.817037 7f8cc0ff1700 3 client.4151 _getxattr(10000000000, "system.posix_acl_access", 0) = -95
2017-02-02 08:09:05.817046 7f8cc0ff1700 3 client.4151 ll_forget 10000000000 1
2017-02-02 08:09:05.817050 7f8cc0ff1700 20 client.4151 _ll_put 0x7f8cb80108a0 10000000000 1 -> 6
2017-02-02 08:09:06.751321 7f8cc5ffb700 20 client.4151 trim_cache size 1 max 16384
2017-02-02 08:09:07.751440 7f8cc5ffb700 20 client.4151 trim_cache size 1 max 16384
2017-02-02 08:09:08.010035 7f8ca3fff700 3 client.4151 ll_getattr 1.head
2017-02-02 08:09:08.010061 7f8ca3fff700 10 client.4151 _getattr mask pAsLsXsFs issued=1
2017-02-02 08:09:08.010071 7f8ca3fff700 10 client.4151 fill_stat on 1 snap/devhead mode 040755 mtime
2017-02-01 11:30:21.278903 ctime
2017-02-01 11:30:21.278903
2017-02-02 08:09:08.010078 7f8ca3fff700 3 client.4151 ll_getattr 1.head = 0
2017-02-02 08:09:08.010091 7f8ca3fff700 3 client.4151 ll_forget 1 1
2017-02-02 08:09:08.026185 7f8cc0ff1700 10 client.4151.objecter get_fs_stats
2017-02-02 08:09:08.026207 7f8cc0ff1700 10 client.4151.objecter fs_stats_submit1
2017-02-02 08:09:08.026223 7f8cc0ff1700 1 -- 10.194.0.100:0/4006638222 --> 10.194.0.189:6789/0 -- statfs(1 v0) v1 -- ?+0 0x7f8ca8007260 con 0x5616c99866f0
2017-02-02 08:09:08.026237 7f8cc0ff1700 20 -- 10.194.0.100:0/4006638222 submit_message statfs(1 v0) v1 remote, 10.194.0.189:6789/0, have pipe.
2017-02-02 08:09:08.026253 7f8cd1bdf700 10 -- 10.194.0.100:0/4006638222 >> 10.194.0.189:6789/0 pipe(0x5616c9988650 sd=12 :54785 s=2 pgs=57 cs=1 l=1 c=0x5616c99866f0).writer: state = open policy.server=0
2017-02-02 08:09:08.026272 7f8cd1bdf700 20 -- 10.194.0.100:0/4006638222 >> 10.194.0.189:6789/0 pipe(0x5616c9988650 sd=12 :54785 s=2 pgs=57 cs=1 l=1 c=0x5616c99866f0).writer encoding 6 features 576460752032874495 0x7f8ca8007260 statfs(1 v0) v1
2017-02-02 08:09:08.026293 7f8cd1bdf700 20 -- 10.194.0.100:0/4006638222 >> 10.194.0.189:6789/0 pipe(0x5616c9988650 sd=12 :54785 s=2 pgs=57 cs=1 l=1 c=0x5616c99866f0).writer no session security
2017-02-02 08:09:08.026304 7f8cd1bdf700 20 -- 10.194.0.100:0/4006638222 >> 10.194.0.189:6789/0 pipe(0x5616c9988650 sd=12 :54785 s=2 pgs=57 cs=1 l=1 c=0x5616c99866f0).writer sending 6 0x7f8ca8007260
2017-02-02 08:09:08.026329 7f8cd1bdf700 10 -- 10.194.0.100:0/4006638222 >> 10.194.0.189:6789/0 pipe(0x5616c9988650 sd=12 :54785 s=2 pgs=57 cs=1 l=1 c=0x5616c99866f0).writer: state = open policy.server=0
2017-02-02 08:09:08.026338 7f8cd1bdf700 20 -- 10.194.0.100:0/4006638222 >> 10.194.0.189:6789/0 pipe(0x5616c9988650 sd=12 :54785 s=2 pgs=57 cs=1 l=1 c=0x5616c99866f0).writer sleeping
2017-02-02 08:09:08.026718 7f8ccc7f1700 20 -- 10.194.0.100:0/4006638222 >> 10.194.0.189:6789/0 pipe(0x5616c9988650 sd=12 :54785 s=2 pgs=57 cs=1 l=1 c=0x5616c99866f0).reader got ACK
2017-02-02 08:09:08.026736 7f8ccc7f1700 15 -- 10.194.0.100:0/4006638222 >> 10.194.0.189:6789/0 pipe(0x5616c9988650 sd=12 :54785 s=2 pgs=57 cs=1 l=1 c=0x5616c99866f0).reader got ack seq 6
2017-02-02 08:09:08.026745 7f8ccc7f1700 20 -- 10.194.0.100:0/4006638222 >> 10.194.0.189:6789/0 pipe(0x5616c9988650 sd=12 :54785 s=2 pgs=57 cs=1 l=1 c=0x5616c99866f0).reader reading tag...
2017-02-02 08:09:08.026750 7f8ccc7f1700 20 -- 10.194.0.100:0/4006638222 >> 10.194.0.189:6789/0 pipe(0x5616c9988650 sd=12 :54785 s=2 pgs=57 cs=1 l=1 c=0x5616c99866f0).reader got MSG
2017-02-02 08:09:08.026755 7f8ccc7f1700 20 -- 10.194.0.100:0/4006638222 >> 10.194.0.189:6789/0 pipe(0x5616c9988650 sd=12 :54785 s=2 pgs=57 cs=1 l=1 c=0x5616c99866f0).reader got envelope type=14 src mon.0 front=56 data=0 off 0
2017-02-02 08:09:08.026762 7f8ccc7f1700 10 -- 10.194.0.100:0/4006638222 >> 10.194.0.189:6789/0 pipe(0x5616c9988650 sd=12 :54785 s=2 pgs=57 cs=1 l=1 c=0x5616c99866f0).reader wants 56 from dispatch throttler 0/104857600
2017-02-02 08:09:08.026772 7f8ccc7f1700 20 -- 10.194.0.100:0/4006638222 >> 10.194.0.189:6789/0 pipe(0x5616c9988650 sd=12 :54785 s=2 pgs=57 cs=1 l=1 c=0x5616c99866f0).reader got front 56
2017-02-02 08:09:08.026777 7f8ccc7f1700 10 -- 10.194.0.100:0/4006638222 >> 10.194.0.189:6789/0 pipe(0x5616c9988650 sd=12 :54785 s=2 pgs=57 cs=1 l=1 c=0x5616c99866f0).aborted = 0
2017-02-02 08:09:08.026782 7f8ccc7f1700 20 -- 10.194.0.100:0/4006638222 >> 10.194.0.189:6789/0 pipe(0x5616c9988650 sd=12 :54785 s=2 pgs=57 cs=1 l=1 c=0x5616c99866f0).reader got 56 + 0 + 0 byte message
2017-02-02 08:09:08.026792 7f8ccc7f1700 10 -- 10.194.0.100:0/4006638222 >> 10.194.0.189:6789/0 pipe(0x5616c9988650 sd=12 :54785 s=2 pgs=57 cs=1 l=1 c=0x5616c99866f0).No session security set
2017-02-02 08:09:08.026803 7f8ccc7f1700 10 -- 10.194.0.100:0/4006638222 >> 10.194.0.189:6789/0 pipe(0x5616c9988650 sd=12 :54785 s=2 pgs=57 cs=1 l=1 c=0x5616c99866f0).reader got message 7 0x7f8cac008c50 statfs_reply(1) v1
2017-02-02 08:09:08.026811 7f8ccc7f1700 20 -- 10.194.0.100:0/4006638222 queue 0x7f8cac008c50 prio 196
2017-02-02 08:09:08.026818 7f8ccc7f1700 20 -- 10.194.0.100:0/4006638222 >> 10.194.0.189:6789/0 pipe(0x5616c9988650 sd=12 :54785 s=2 pgs=57 cs=1 l=1 c=0x5616c99866f0).reader reading tag...
2017-02-02 08:09:08.026829 7f8cd1bdf700 10 -- 10.194.0.100:0/4006638222 >> 10.194.0.189:6789/0 pipe(0x5616c9988650 sd=12 :54785 s=2 pgs=57 cs=1 l=1 c=0x5616c99866f0).writer: state = open policy.server=0
2017-02-02 08:09:08.026835 7f8cd1bdf700 10 -- 10.194.0.100:0/4006638222 >> 10.194.0.189:6789/0 pipe(0x5616c9988650 sd=12 :54785 s=2 pgs=57 cs=1 l=1 c=0x5616c99866f0).write_ack 7
2017-02-02 08:09:08.026845 7f8cd1bdf700 10 -- 10.194.0.100:0/4006638222 >> 10.194.0.189:6789/0 pipe(0x5616c9988650 sd=12 :54785 s=2 pgs=57 cs=1 l=1 c=0x5616c99866f0).writer: state = open policy.server=0
2017-02-02 08:09:08.026849 7f8cd1bdf700 20 -- 10.194.0.100:0/4006638222 >> 10.194.0.189:6789/0 pipe(0x5616c9988650 sd=12 :54785 s=2 pgs=57 cs=1 l=1 c=0x5616c99866f0).writer sleeping
2017-02-02 08:09:08.026860 7f8cc4ff9700 1 -- 10.194.0.100:0/4006638222 <== mon.0 10.194.0.189:6789/0 7 ==== statfs_reply(1) v1 ==== 56+0+0 (1336669543 0 0) 0x7f8cac008c50 con 0x5616c99866f0
2017-02-02 08:09:08.026870 7f8cc4ff9700 10 client.4151.objecter ms_dispatch 0x5616c9927990 statfs_reply(1) v1
2017-02-02 08:09:08.026874 7f8cc4ff9700 10 client.4151.objecter handle_fs_stats_reply statfs_reply(1) v1
2017-02-02 08:09:08.026876 7f8cc4ff9700 10 client.4151.objecter have request 1 at 0x7f8ca8001df0
2017-02-02 08:09:08.026882 7f8cc4ff9700 10 client.4151.objecter done
2017-02-02 08:09:08.026884 7f8cc4ff9700 10 -- 10.194.0.100:0/4006638222 dispatch_throttle_release 56 to dispatch throttler 56/104857600
2017-02-02 08:09:08.026888 7f8cc4ff9700 20 -- 10.194.0.100:0/4006638222 done calling dispatch on 0x7f8cac008c50
2017-02-02 08:09:08.026903 7f8cc0ff1700 3 client.4151 ll_forget 1 1
2017-02-02 08:09:08.027023 7f8ca37fe700 3 client.4151 ll_getattr 1.head
2017-02-02 08:09:08.027030 7f8ca37fe700 10 client.4151 _getattr mask pAsLsXsFs issued=1
2017-02-02 08:09:08.027036 7f8ca37fe700 10 client.4151 fill_stat on 1 snap/devhead mode 040755 mtime
2017-02-01 11:30:21.278903 ctime
2017-02-01 11:30:21.278903
2017-02-02 08:09:08.027042 7f8ca37fe700 3 client.4151 ll_getattr 1.head = 0
2017-02-02 08:09:08.027048 7f8ca37fe700 3 client.4151 ll_forget 1 1
2017-02-02 08:09:08.036910 7f8ca3fff700 3 client.4151 ll_getattr 1.head
2017-02-02 08:09:08.036928 7f8ca3fff700 10 client.4151 _getattr mask pAsLsXsFs issued=1
2017-02-02 08:09:08.036934 7f8ca3fff700 10 client.4151 fill_stat on 1 snap/devhead mode 040755 mtime
2017-02-01 11:30:21.278903 ctime
2017-02-01 11:30:21.278903
2017-02-02 08:09:08.036941 7f8ca3fff700 3 client.4151 ll_getattr 1.head = 0
2017-02-02 08:09:08.036949 7f8ca3fff700 3 client.4151 ll_forget 1 1
2017-02-02 08:09:08.037083 7f8cc0ff1700 10 client.4151.objecter get_fs_stats
2017-02-02 08:09:08.037093 7f8cc0ff1700 10 client.4151.objecter fs_stats_submit2
2017-02-02 08:09:08.037102 7f8cc0ff1700 1 -- 10.194.0.100:0/4006638222 --> 10.194.0.189:6789/0 -- statfs(2 v125) v1 -- ?+0 0x7f8ca8007920 con 0x5616c99866f0
2017-02-02 08:09:08.037108 7f8cc0ff1700 20 -- 10.194.0.100:0/4006638222 submit_message statfs(2 v125) v1 remote, 10.194.0.189:6789/0, have pipe.
2017-02-02 08:09:08.037119 7f8cd1bdf700 10 -- 10.194.0.100:0/4006638222 >> 10.194.0.189:6789/0 pipe(0x5616c9988650 sd=12 :54785 s=2 pgs=57 cs=1 l=1 c=0x5616c99866f0).writer: state = open policy.server=0
2017-02-02 08:09:08.037127 7f8cd1bdf700 20 -- 10.194.0.100:0/4006638222 >> 10.194.0.189:6789/0 pipe(0x5616c9988650 sd=12 :54785 s=2 pgs=57 cs=1 l=1 c=0x5616c99866f0).writer encoding 7 features 576460752032874495 0x7f8ca8007920 statfs(2 v125) v1
2017-02-02 08:09:08.037140 7f8cd1bdf700 20 -- 10.194.0.100:0/4006638222 >> 10.194.0.189:6789/0 pipe(0x5616c9988650 sd=12 :54785 s=2 pgs=57 cs=1 l=1 c=0x5616c99866f0).writer no session security
2017-02-02 08:09:08.037146 7f8cd1bdf700 20 -- 10.194.0.100:0/4006638222 >> 10.194.0.189:6789/0 pipe(0x5616c9988650 sd=12 :54785 s=2 pgs=57 cs=1 l=1 c=0x5616c99866f0).writer sending 7 0x7f8ca8007920
2017-02-02 08:09:08.037165 7f8cd1bdf700 10 -- 10.194.0.100:0/4006638222 >> 10.194.0.189:6789/0 pipe(0x5616c9988650 sd=12 :54785 s=2 pgs=57 cs=1 l=1 c=0x5616c99866f0).writer: state = open policy.server=0
2017-02-02 08:09:08.037186 7f8cd1bdf700 20 -- 10.194.0.100:0/4006638222 >> 10.194.0.189:6789/0 pipe(0x5616c9988650 sd=12 :54785 s=2 pgs=57 cs=1 l=1 c=0x5616c99866f0).writer sleeping
2017-02-02 08:09:08.037412 7f8ccc7f1700 20 -- 10.194.0.100:0/4006638222 >> 10.194.0.189:6789/0 pipe(0x5616c9988650 sd=12 :54785 s=2 pgs=57 cs=1 l=1 c=0x5616c99866f0).reader got ACK
2017-02-02 08:09:08.037425 7f8ccc7f1700 15 -- 10.194.0.100:0/4006638222 >> 10.194.0.189:6789/0 pipe(0x5616c9988650 sd=12 :54785 s=2 pgs=57 cs=1 l=1 c=0x5616c99866f0).reader got ack seq 7
2017-02-02 08:09:08.037430 7f8ccc7f1700 20 -- 10.194.0.100:0/4006638222 >> 10.194.0.189:6789/0 pipe(0x5616c9988650 sd=12 :54785 s=2 pgs=57 cs=1 l=1 c=0x5616c99866f0).reader reading tag...
2017-02-02 08:09:08.037434 7f8ccc7f1700 20 -- 10.194.0.100:0/4006638222 >> 10.194.0.189:6789/0 pipe(0x5616c9988650 sd=12 :54785 s=2 pgs=57 cs=1 l=1 c=0x5616c99866f0).reader got MSG
2017-02-02 08:09:08.037439 7f8ccc7f1700 20 -- 10.194.0.100:0/4006638222 >> 10.194.0.189:6789/0 pipe(0x5616c9988650 sd=12 :54785 s=2 pgs=57 cs=1 l=1 c=0x5616c99866f0).reader got envelope type=14 src mon.0 front=56 data=0 off 0
2017-02-02 08:09:08.037446 7f8ccc7f1700 10 -- 10.194.0.100:0/4006638222 >> 10.194.0.189:6789/0 pipe(0x5616c9988650 sd=12 :54785 s=2 pgs=57 cs=1 l=1 c=0x5616c99866f0).reader wants 56 from dispatch throttler 0/104857600
2017-02-02 08:09:08.037453 7f8ccc7f1700 20 -- 10.194.0.100:0/4006638222 >> 10.194.0.189:6789/0 pipe(0x5616c9988650 sd=12 :54785 s=2 pgs=57 cs=1 l=1 c=0x5616c99866f0).reader got front 56
2017-02-02 08:09:08.037457 7f8ccc7f1700 10 -- 10.194.0.100:0/4006638222 >> 10.194.0.189:6789/0 pipe(0x5616c9988650 sd=12 :54785 s=2 pgs=57 cs=1 l=1 c=0x5616c99866f0).aborted = 0
2017-02-02 08:09:08.037461 7f8ccc7f1700 20 -- 10.194.0.100:0/4006638222 >> 10.194.0.189:6789/0 pipe(0x5616c9988650 sd=12 :54785 s=2 pgs=57 cs=1 l=1 c=0x5616c99866f0).reader got 56 + 0 + 0 byte message
2017-02-02 08:09:08.037469 7f8ccc7f1700 10 -- 10.194.0.100:0/4006638222 >> 10.194.0.189:6789/0 pipe(0x5616c9988650 sd=12 :54785 s=2 pgs=57 cs=1 l=1 c=0x5616c99866f0).No session security set
2017-02-02 08:09:08.037479 7f8ccc7f1700 10 -- 10.194.0.100:0/4006638222 >> 10.194.0.189:6789/0 pipe(0x5616c9988650 sd=12 :54785 s=2 pgs=57 cs=1 l=1 c=0x5616c99866f0).reader got message 8 0x7f8cac009c40 statfs_reply(2) v1
2017-02-02 08:09:08.037486 7f8ccc7f1700 20 -- 10.194.0.100:0/4006638222 queue 0x7f8cac009c40 prio 196
2017-02-02 08:09:08.037492 7f8ccc7f1700 20 -- 10.194.0.100:0/4006638222 >> 10.194.0.189:6789/0 pipe(0x5616c9988650 sd=12 :54785 s=2 pgs=57 cs=1 l=1 c=0x5616c99866f0).reader reading tag...
2017-02-02 08:09:08.037503 7f8cd1bdf700 10 -- 10.194.0.100:0/4006638222 >> 10.194.0.189:6789/0 pipe(0x5616c9988650 sd=12 :54785 s=2 pgs=57 cs=1 l=1 c=0x5616c99866f0).writer: state = open policy.server=0
2017-02-02 08:09:08.037509 7f8cd1bdf700 10 -- 10.194.0.100:0/4006638222 >> 10.194.0.189:6789/0 pipe(0x5616c9988650 sd=12 :54785 s=2 pgs=57 cs=1 l=1 c=0x5616c99866f0).write_ack 8
2017-02-02 08:09:08.037517 7f8cd1bdf700 10 -- 10.194.0.100:0/4006638222 >> 10.194.0.189:6789/0 pipe(0x5616c9988650 sd=12 :54785 s=2 pgs=57 cs=1 l=1 c=0x5616c99866f0).writer: state = open policy.server=0
2017-02-02 08:09:08.037522 7f8cd1bdf700 20 -- 10.194.0.100:0/4006638222 >> 10.194.0.189:6789/0 pipe(0x5616c9988650 sd=12 :54785 s=2 pgs=57 cs=1 l=1 c=0x5616c99866f0).writer sleeping
2017-02-02 08:09:08.037532 7f8cc4ff9700 1 -- 10.194.0.100:0/4006638222 <== mon.0 10.194.0.189:6789/0 8 ==== statfs_reply(2) v1 ==== 56+0+0 (1336669543 0 0) 0x7f8cac009c40 con 0x5616c99866f0
2017-02-02 08:09:08.037540 7f8cc4ff9700 10 client.4151.objecter ms_dispatch 0x5616c9927990 statfs_reply(2) v1
2017-02-02 08:09:08.037543 7f8cc4ff9700 10 client.4151.objecter handle_fs_stats_reply statfs_reply(2) v1
2017-02-02 08:09:08.037545 7f8cc4ff9700 10 client.4151.objecter have request 2 at 0x7f8ca8001df0
2017-02-02 08:09:08.037550 7f8cc4ff9700 10 client.4151.objecter done
2017-02-02 08:09:08.037552 7f8cc4ff9700 10 -- 10.194.0.100:0/4006638222 dispatch_throttle_release 56 to dispatch throttler 56/104857600
2017-02-02 08:09:08.037556 7f8cc4ff9700 20 -- 10.194.0.100:0/4006638222 done calling dispatch on 0x7f8cac009c40
2017-02-02 08:09:08.037570 7f8cc0ff1700 3 client.4151 ll_forget 1 1
2017-02-02 08:09:08.038034 7f8ca37fe700 3 client.4151 ll_getattr 1.head
2017-02-02 08:09:08.038042 7f8ca37fe700 10 client.4151 _getattr mask pAsLsXsFs issued=1
2017-02-02 08:09:08.038051 7f8ca37fe700 10 client.4151 fill_stat on 1 snap/devhead mode 040755 mtime
2017-02-01 11:30:21.278903 ctime
2017-02-01 11:30:21.278903
2017-02-02 08:09:08.038056 7f8ca37fe700 3 client.4151 ll_getattr 1.head = 0
2017-02-02 08:09:08.038062 7f8ca37fe700 3 client.4151 ll_forget 1 1
2017-02-02 08:09:08.208886 7f8ca3fff700 3 client.4151 ll_getattr 1.head
2017-02-02 08:09:08.208913 7f8ca3fff700 10 client.4151 _getattr mask pAsLsXsFs issued=1
2017-02-02 08:09:08.208923 7f8ca3fff700 10 client.4151 fill_stat on 1 snap/devhead mode 040755 mtime
2017-02-01 11:30:21.278903 ctime
2017-02-01 11:30:21.278903
2017-02-02 08:09:08.208932 7f8ca3fff700 3 client.4151 ll_getattr 1.head = 0
2017-02-02 08:09:08.208944 7f8ca3fff700 3 client.4151 ll_forget 1 1
2017-02-02 08:09:08.251429 7f8cc0ff1700 3 client.4151 ll_getattr 1.head
2017-02-02 08:09:08.251451 7f8cc0ff1700 10 client.4151 _getattr mask pAsLsXsFs issued=1
2017-02-02 08:09:08.251463 7f8cc0ff1700 10 client.4151 fill_stat on 1 snap/devhead mode 040755 mtime
2017-02-01 11:30:21.278903 ctime
2017-02-01 11:30:21.278903
2017-02-02 08:09:08.251471 7f8cc0ff1700 3 client.4151 ll_getattr 1.head = 0
2017-02-02 08:09:08.251483 7f8cc0ff1700 3 client.4151 ll_forget 1 1
2017-02-02 08:09:08.751566 7f8cc5ffb700 20 client.4151 trim_cache size 1 max 16384
2017-02-02 08:09:09.745149 7f8cccff2700 10 client.4151.objecter tick
2017-02-02 08:09:09.751681 7f8cc5ffb700 20 client.4151 trim_cache size 1 max 16384
2017-02-02 08:09:10.751800 7f8cc5ffb700 10 client.4151 renew_caps()
2017-02-02 08:09:10.751816 7f8cc5ffb700 15 client.4151 renew_caps requesting from mds.0
2017-02-02 08:09:10.751819 7f8cc5ffb700 10 client.4151 renew_caps mds.0
2017-02-02 08:09:10.751822 7f8cc5ffb700 1 -- 10.194.0.100:0/4006638222 --> 10.194.0.189:6816/31695 -- client_session(request_renewcaps seq 4) v2 -- ?+0 0x7f8c9c003b60 con 0x5616c998ad60
2017-02-02 08:09:10.751834 7f8cc5ffb700 20 -- 10.194.0.100:0/4006638222 submit_message client_session(request_renewcaps seq 4) v2 remote, 10.194.0.189:6816/31695, have pipe.
2017-02-02 08:09:10.751845 7f8cc5ffb700 20 client.4151 trim_cache size 1 max 16384
2017-02-02 08:09:10.751857 7f8ccc6f0700 10 -- 10.194.0.100:0/4006638222 >> 10.194.0.189:6816/31695 pipe(0x5616c998ca10 sd=13 :31421 s=2 pgs=5 cs=1 l=0 c=0x5616c998ad60).writer: state = open policy.server=0
2017-02-02 08:09:10.751867 7f8ccc6f0700 20 -- 10.194.0.100:0/4006638222 >> 10.194.0.189:6816/31695 pipe(0x5616c998ca10 sd=13 :31421 s=2 pgs=5 cs=1 l=0 c=0x5616c998ad60).writer encoding 7 features 576460752032874495 0x7f8c9c003b60 client_session(request_renewcaps seq 4) v2
2017-02-02 08:09:10.751905 7f8ccc6f0700 20 -- 10.194.0.100:0/4006638222 >> 10.194.0.189:6816/31695 pipe(0x5616c998ca10 sd=13 :31421 s=2 pgs=5 cs=1 l=0 c=0x5616c998ad60).writer signed seq # 7): sig = 5157089230584138411
2017-02-02 08:09:10.751916 7f8ccc6f0700 20 -- 10.194.0.100:0/4006638222 >> 10.194.0.189:6816/31695 pipe(0x5616c998ca10 sd=13 :31421 s=2 pgs=5 cs=1 l=0 c=0x5616c998ad60).writer sending 7 0x7f8c9c003b60
2017-02-02 08:09:10.751932 7f8ccc6f0700 10 -- 10.194.0.100:0/4006638222 >> 10.194.0.189:6816/31695 pipe(0x5616c998ca10 sd=13 :31421 s=2 pgs=5 cs=1 l=0 c=0x5616c998ad60).writer: state = open policy.server=0
2017-02-02 08:09:10.751939 7f8ccc6f0700 20 -- 10.194.0.100:0/4006638222 >> 10.194.0.189:6816/31695 pipe(0x5616c998ca10 sd=13 :31421 s=2 pgs=5 cs=1 l=0 c=0x5616c998ad60).writer sleeping
2017-02-02 08:09:10.752406 7f8ccc5ef700 20 -- 10.194.0.100:0/4006638222 >> 10.194.0.189:6816/31695 pipe(0x5616c998ca10 sd=13 :31421 s=2 pgs=5 cs=1 l=0 c=0x5616c998ad60).reader got ACK
2017-02-02 08:09:10.752426 7f8ccc5ef700 15 -- 10.194.0.100:0/4006638222 >> 10.194.0.189:6816/31695 pipe(0x5616c998ca10 sd=13 :31421 s=2 pgs=5 cs=1 l=0 c=0x5616c998ad60).reader got ack seq 7
2017-02-02 08:09:10.752433 7f8ccc5ef700 10 -- 10.194.0.100:0/4006638222 >> 10.194.0.189:6816/31695 pipe(0x5616c998ca10 sd=13 :31421 s=2 pgs=5 cs=1 l=0 c=0x5616c998ad60).reader got ack seq 7 >= 7 on 0x7f8c9c003b60 client_session(request_renewcaps seq 4) v1
2017-02-02 08:09:10.752442 7f8ccc5ef700 20 -- 10.194.0.100:0/4006638222 >> 10.194.0.189:6816/31695 pipe(0x5616c998ca10 sd=13 :31421 s=2 pgs=5 cs=1 l=0 c=0x5616c998ad60).reader reading tag...
2017-02-02 08:09:10.752448 7f8ccc5ef700 20 -- 10.194.0.100:0/4006638222 >> 10.194.0.189:6816/31695 pipe(0x5616c998ca10 sd=13 :31421 s=2 pgs=5 cs=1 l=0 c=0x5616c998ad60).reader got MSG
2017-02-02 08:09:10.752460 7f8ccc5ef700 20 -- 10.194.0.100:0/4006638222 >> 10.194.0.189:6816/31695 pipe(0x5616c998ca10 sd=13 :31421 s=2 pgs=5 cs=1 l=0 c=0x5616c998ad60).reader got envelope type=22 src mds.0 front=28 data=0 off 0
2017-02-02 08:09:10.752472 7f8ccc5ef700 10 -- 10.194.0.100:0/4006638222 >> 10.194.0.189:6816/31695 pipe(0x5616c998ca10 sd=13 :31421 s=2 pgs=5 cs=1 l=0 c=0x5616c998ad60).reader wants 28 from dispatch throttler 0/104857600
2017-02-02 08:09:10.752481 7f8ccc5ef700 20 -- 10.194.0.100:0/4006638222 >> 10.194.0.189:6816/31695 pipe(0x5616c998ca10 sd=13 :31421 s=2 pgs=5 cs=1 l=0 c=0x5616c998ad60).reader got front 28
2017-02-02 08:09:10.752491 7f8ccc5ef700 10 -- 10.194.0.100:0/4006638222 >> 10.194.0.189:6816/31695 pipe(0x5616c998ca10 sd=13 :31421 s=2 pgs=5 cs=1 l=0 c=0x5616c998ad60).aborted = 0
2017-02-02 08:09:10.752496 7f8ccc5ef700 20 -- 10.194.0.100:0/4006638222 >> 10.194.0.189:6816/31695 pipe(0x5616c998ca10 sd=13 :31421 s=2 pgs=5 cs=1 l=0 c=0x5616c998ad60).reader got 28 + 0 + 0 byte message
2017-02-02 08:09:10.752540 7f8ccc5ef700 10 -- 10.194.0.100:0/4006638222 >> 10.194.0.189:6816/31695 pipe(0x5616c998ca10 sd=13 :31421 s=2 pgs=5 cs=1 l=0 c=0x5616c998ad60).reader got message 7 0x7f8ca4007b50 client_session(renewcaps seq 4) v1
2017-02-02 08:09:10.752553 7f8ccc5ef700 20 -- 10.194.0.100:0/4006638222 queue 0x7f8ca4007b50 prio 127
2017-02-02 08:09:10.752567 7f8ccc5ef700 20 -- 10.194.0.100:0/4006638222 >> 10.194.0.189:6816/31695 pipe(0x5616c998ca10 sd=13 :31421 s=2 pgs=5 cs=1 l=0 c=0x5616c998ad60).reader reading tag...
2017-02-02 08:09:10.752572 7f8ccc6f0700 10 -- 10.194.0.100:0/4006638222 >> 10.194.0.189:6816/31695 pipe(0x5616c998ca10 sd=13 :31421 s=2 pgs=5 cs=1 l=0 c=0x5616c998ad60).writer: state = open policy.server=0
2017-02-02 08:09:10.752580 7f8ccc6f0700 10 -- 10.194.0.100:0/4006638222 >> 10.194.0.189:6816/31695 pipe(0x5616c998ca10 sd=13 :31421 s=2 pgs=5 cs=1 l=0 c=0x5616c998ad60).write_ack 7
2017-02-02 08:09:10.752589 7f8ccc6f0700 10 -- 10.194.0.100:0/4006638222 >> 10.194.0.189:6816/31695 pipe(0x5616c998ca10 sd=13 :31421 s=2 pgs=5 cs=1 l=0 c=0x5616c998ad60).writer: state = open policy.server=0
2017-02-02 08:09:10.752589 7f8cc4ff9700 1 -- 10.194.0.100:0/4006638222 <== mds.0 10.194.0.189:6816/31695 7 ==== client_session(renewcaps seq 4) v1 ==== 28+0+0 (3279728092 0 0) 0x7f8ca4007b50 con 0x5616c998ad60
2017-02-02 08:09:10.752594 7f8ccc6f0700 20 -- 10.194.0.100:0/4006638222 >> 10.194.0.189:6816/31695 pipe(0x5616c998ca10 sd=13 :31421 s=2 pgs=5 cs=1 l=0 c=0x5616c998ad60).writer sleeping
2017-02-02 08:09:10.752599 7f8cc4ff9700 10 client.4151.objecter ms_dispatch 0x5616c9927990 client_session(renewcaps seq 4) v1
2017-02-02 08:09:10.752603 7f8cc4ff9700 10 client.4151 handle_client_session client_session(renewcaps seq 4) v1 from mds.0
2017-02-02 08:09:10.752607 7f8cc4ff9700 10 -- 10.194.0.100:0/4006638222 dispatch_throttle_release 28 to dispatch throttler 28/104857600
2017-02-02 08:09:10.752611 7f8cc4ff9700 20 -- 10.194.0.100:0/4006638222 done calling dispatch on 0x7f8ca4007b50
2017-02-02 08:09:10.819942 7f8ca37fe700 3 client.4151 ll_getattr 1.head
2017-02-02 08:09:10.819959 7f8ca37fe700 10 client.4151 _getattr mask pAsLsXsFs issued=1
2017-02-02 08:09:10.819965 7f8ca37fe700 10 client.4151 fill_stat on 1 snap/devhead mode 040755 mtime
2017-02-01 11:30:21.278903 ctime
2017-02-01 11:30:21.278903
2017-02-02 08:09:10.819970 7f8ca37fe700 3 client.4151 ll_getattr 1.head = 0
2017-02-02 08:09:10.819982 7f8ca37fe700 3 client.4151 ll_forget 1 1
2017-02-02 08:09:10.820009 7f8ca3fff700 3 client.4151 ll_lookup 0x7f8cb800d450 test
2017-02-02 08:09:10.820020 7f8ca3fff700 20 client.4151 _lookup have dn test mds.-1 ttl 0.000000 seq 0
2017-02-02 08:09:10.820024 7f8ca3fff700 15 inode.get on 0x7f8cb80108a0 10000000000.head now 3
2017-02-02 08:09:10.820026 7f8ca3fff700 10 client.4151 _lookup 1.head(faked_ino=0 ref=3 ll_ref=28 cap_refs={} open={} mode=40755 size=0/0 mtime=2017-02-01 11:30:21.278903 caps=pAsLsXsFs(0=pAsLsXsFs) has_dir_layout 0x7f8cb800d450) test = 10000000000.head(faked_ino=0 ref=3 ll_ref=6 cap_refs={} open={} mode=100644 size=0/0 mtime=2017-02-01 11:30:21.284000 caps=pAsLsXsFscr(0=pAsLsXsFscr) objectset[10000000000 ts 0/0 objects 0 dirty_or_tx 0] parents=0x7f8cb8011710 0x7f8cb80108a0)
2017-02-02 08:09:10.820043 7f8ca3fff700 10 client.4151 fill_stat on 10000000000 snap/devhead mode 0100644 mtime
2017-02-01 11:30:21.284000 ctime
2017-02-01 11:30:21.285768
2017-02-02 08:09:10.820047 7f8ca3fff700 20 client.4151 _ll_get 0x7f8cb80108a0 10000000000 -> 7
2017-02-02 08:09:10.820048 7f8ca3fff700 3 client.4151 ll_lookup 0x7f8cb800d450 test -> 0 (10000000000)
2017-02-02 08:09:10.820050 7f8ca3fff700 10 client.4151 put_inode on 10000000000.head(faked_ino=0 ref=3 ll_ref=7 cap_refs={} open={} mode=100644 size=0/0 mtime=2017-02-01 11:30:21.284000 caps=pAsLsXsFscr(0=pAsLsXsFscr) objectset[10000000000 ts 0/0 objects 0 dirty_or_tx 0] parents=0x7f8cb8011710 0x7f8cb80108a0)
2017-02-02 08:09:10.820056 7f8ca3fff700 15 inode.put on 0x7f8cb80108a0 10000000000.head now 2
2017-02-02 08:09:10.820064 7f8ca3fff700 3 client.4151 ll_forget 1 1
2017-02-02 08:09:10.820087 7f8cc0ff1700 20 client.4151 _ll_get 0x7f8cb80108a0 10000000000 -> 8
2017-02-02 08:09:10.820093 7f8cc0ff1700 3 client.4151 ll_getattr 10000000000.head
2017-02-02 08:09:10.820095 7f8cc0ff1700 10 client.4151 _getattr mask pAsLsXsFs issued=1
2017-02-02 08:09:10.820098 7f8cc0ff1700 10 client.4151 fill_stat on 10000000000 snap/devhead mode 0100644 mtime
2017-02-01 11:30:21.284000 ctime
2017-02-01 11:30:21.285768
2017-02-02 08:09:10.820101 7f8cc0ff1700 3 client.4151 ll_getattr 10000000000.head = 0
2017-02-02 08:09:10.820108 7f8cc0ff1700 3 client.4151 ll_forget 10000000000 1
2017-02-02 08:09:10.820110 7f8cc0ff1700 20 client.4151 _ll_put 0x7f8cb80108a0 10000000000 1 -> 7
2017-02-02 08:09:10.820135 7f8ca37fe700 3 client.4151 ll_getattr 1.head
2017-02-02 08:09:10.820140 7f8ca37fe700 10 client.4151 _getattr mask pAsLsXsFs issued=1
2017-02-02 08:09:10.820143 7f8ca37fe700 10 client.4151 fill_stat on 1 snap/devhead mode 040755 mtime
2017-02-01 11:30:21.278903 ctime
2017-02-01 11:30:21.278903
2017-02-02 08:09:10.820146 7f8ca37fe700 3 client.4151 ll_getattr 1.head = 0
2017-02-02 08:09:10.820152 7f8ca37fe700 3 client.4151 ll_forget 1 1
2017-02-02 08:09:10.820169 7f8ca3fff700 3 client.4151 ll_lookup 0x7f8cb800d450 test
2017-02-02 08:09:10.820176 7f8ca3fff700 20 client.4151 _lookup have dn test mds.-1 ttl 0.000000 seq 0
2017-02-02 08:09:10.820178 7f8ca3fff700 15 inode.get on 0x7f8cb80108a0 10000000000.head now 3
2017-02-02 08:09:10.820181 7f8ca3fff700 10 client.4151 _lookup 1.head(faked_ino=0 ref=3 ll_ref=30 cap_refs={} open={} mode=40755 size=0/0 mtime=2017-02-01 11:30:21.278903 caps=pAsLsXsFs(0=pAsLsXsFs) has_dir_layout 0x7f8cb800d450) test = 10000000000.head(faked_ino=0 ref=3 ll_ref=7 cap_refs={} open={} mode=100644 size=0/0 mtime=2017-02-01 11:30:21.284000 caps=pAsLsXsFscr(0=pAsLsXsFscr) objectset[10000000000 ts 0/0 objects 0 dirty_or_tx 0] parents=0x7f8cb8011710 0x7f8cb80108a0)
2017-02-02 08:09:10.820192 7f8ca3fff700 10 client.4151 fill_stat on 10000000000 snap/devhead mode 0100644 mtime
2017-02-01 11:30:21.284000 ctime
2017-02-01 11:30:21.285768
2017-02-02 08:09:10.820194 7f8ca3fff700 20 client.4151 _ll_get 0x7f8cb80108a0 10000000000 -> 8
2017-02-02 08:09:10.820195 7f8ca3fff700 3 client.4151 ll_lookup 0x7f8cb800d450 test -> 0 (10000000000)
2017-02-02 08:09:10.820197 7f8ca3fff700 10 client.4151 put_inode on 10000000000.head(faked_ino=0 ref=3 ll_ref=8 cap_refs={} open={} mode=100644 size=0/0 mtime=2017-02-01 11:30:21.284000 caps=pAsLsXsFscr(0=pAsLsXsFscr) objectset[10000000000 ts 0/0 objects 0 dirty_or_tx 0] parents=0x7f8cb8011710 0x7f8cb80108a0)
2017-02-02 08:09:10.820202 7f8ca3fff700 15 inode.put on 0x7f8cb80108a0 10000000000.head now 2
2017-02-02 08:09:10.820208 7f8ca3fff700 3 client.4151 ll_forget 1 1
2017-02-02 08:09:10.820229 7f8cc0ff1700 20 client.4151 _ll_get 0x7f8cb80108a0 10000000000 -> 9
2017-02-02 08:09:10.820235 7f8cc0ff1700 3 client.4151 ll_getxattr 10000000000.head security.selinux size 255
2017-02-02 08:09:10.820237 7f8cc0ff1700 10 client.4151 _getattr mask Xs issued=1
2017-02-02 08:09:10.820240 7f8cc0ff1700 3 client.4151 _getxattr(10000000000, "security.selinux", 255) = -61
2017-02-02 08:09:10.820246 7f8cc0ff1700 3 client.4151 ll_forget 10000000000 1
2017-02-02 08:09:10.820248 7f8cc0ff1700 20 client.4151 _ll_put 0x7f8cb80108a0 10000000000 1 -> 8
2017-02-02 08:09:10.820269 7f8ca37fe700 3 client.4151 ll_getattr 1.head
2017-02-02 08:09:10.820275 7f8ca37fe700 10 client.4151 _getattr mask pAsLsXsFs issued=1
2017-02-02 08:09:10.820277 7f8ca37fe700 10 client.4151 fill_stat on 1 snap/devhead mode 040755 mtime
2017-02-01 11:30:21.278903 ctime
2017-02-01 11:30:21.278903
2017-02-02 08:09:10.820280 7f8ca37fe700 3 client.4151 ll_getattr 1.head = 0
2017-02-02 08:09:10.820289 7f8ca37fe700 3 client.4151 ll_forget 1 1
2017-02-02 08:09:10.820306 7f8ca3fff700 3 client.4151 ll_lookup 0x7f8cb800d450 test
2017-02-02 08:09:10.820312 7f8ca3fff700 20 client.4151 _lookup have dn test mds.-1 ttl 0.000000 seq 0
2017-02-02 08:09:10.820314 7f8ca3fff700 15 inode.get on 0x7f8cb80108a0 10000000000.head now 3
2017-02-02 08:09:10.820315 7f8ca3fff700 10 client.4151 _lookup 1.head(faked_ino=0 ref=3 ll_ref=32 cap_refs={} open={} mode=40755 size=0/0 mtime=2017-02-01 11:30:21.278903 caps=pAsLsXsFs(0=pAsLsXsFs) has_dir_layout 0x7f8cb800d450) test = 10000000000.head(faked_ino=0 ref=3 ll_ref=8 cap_refs={} open={} mode=100644 size=0/0 mtime=2017-02-01 11:30:21.284000 caps=pAsLsXsFscr(0=pAsLsXsFscr) objectset[10000000000 ts 0/0 objects 0 dirty_or_tx 0] parents=0x7f8cb8011710 0x7f8cb80108a0)
2017-02-02 08:09:10.820325 7f8ca3fff700 10 client.4151 fill_stat on 10000000000 snap/devhead mode 0100644 mtime
2017-02-01 11:30:21.284000 ctime
2017-02-01 11:30:21.285768
2017-02-02 08:09:10.820328 7f8ca3fff700 20 client.4151 _ll_get 0x7f8cb80108a0 10000000000 -> 9
2017-02-02 08:09:10.820328 7f8ca3fff700 3 client.4151 ll_lookup 0x7f8cb800d450 test -> 0 (10000000000)
2017-02-02 08:09:10.820332 7f8ca3fff700 10 client.4151 put_inode on 10000000000.head(faked_ino=0 ref=3 ll_ref=9 cap_refs={} open={} mode=100644 size=0/0 mtime=2017-02-01 11:30:21.284000 caps=pAsLsXsFscr(0=pAsLsXsFscr) objectset[10000000000 ts 0/0 objects 0 dirty_or_tx 0] parents=0x7f8cb8011710 0x7f8cb80108a0)
2017-02-02 08:09:10.820337 7f8ca3fff700 15 inode.put on 0x7f8cb80108a0 10000000000.head now 2
2017-02-02 08:09:10.820343 7f8ca3fff700 3 client.4151 ll_forget 1 1
2017-02-02 08:09:10.820363 7f8cc0ff1700 20 client.4151 _ll_get 0x7f8cb80108a0 10000000000 -> 10
2017-02-02 08:09:10.820368 7f8cc0ff1700 3 client.4151 ll_getxattr 10000000000.head system.posix_acl_access size 0
2017-02-02 08:09:10.820372 7f8cc0ff1700 3 client.4151 _getxattr(10000000000, "system.posix_acl_access", 0) = -95
2017-02-02 08:09:10.820378 7f8cc0ff1700 3 client.4151 ll_forget 10000000000 1
2017-02-02 08:09:10.820379 7f8cc0ff1700 20 client.4151 _ll_put 0x7f8cb80108a0 10000000000 1 -> 9
2017-02-02 08:09:11.751926 7f8cc5ffb700 20 client.4151 trim_cache size 1 max 16384
2017-02-02 08:09:12.744856 7f8cc3ff7700 20 -- 10.194.0.100:0/4006638222 send_keepalive con 0x5616c99866f0, have pipe.
2017-02-02 08:09:12.744890 7f8cd1bdf700 10 -- 10.194.0.100:0/4006638222 >> 10.194.0.189:6789/0 pipe(0x5616c9988650 sd=12 :54785 s=2 pgs=57 cs=1 l=1 c=0x5616c99866f0).writer: state = open policy.server=0
2017-02-02 08:09:12.744913 7f8cd1bdf700 10 -- 10.194.0.100:0/4006638222 >> 10.194.0.189:6789/0 pipe(0x5616c9988650 sd=12 :54785 s=2 pgs=57 cs=1 l=1 c=0x5616c99866f0).write_keepalive2 14
2017-02-02 08:09:12.744912
2017-02-02 08:09:12.744939 7f8cd1bdf700 10 -- 10.194.0.100:0/4006638222 >> 10.194.0.189:6789/0 pipe(0x5616c9988650 sd=12 :54785 s=2 pgs=57 cs=1 l=1 c=0x5616c99866f0).writer: state = open policy.server=0
2017-02-02 08:09:12.744963 7f8cd1bdf700 20 -- 10.194.0.100:0/4006638222 >> 10.194.0.189:6789/0 pipe(0x5616c9988650 sd=12 :54785 s=2 pgs=57 cs=1 l=1 c=0x5616c99866f0).writer sleeping
2017-02-02 08:09:12.745224 7f8ccc7f1700 2 -- 10.194.0.100:0/4006638222 >> 10.194.0.189:6789/0 pipe(0x5616c9988650 sd=12 :54785 s=2 pgs=57 cs=1 l=1 c=0x5616c99866f0).reader got KEEPALIVE_ACK
2017-02-02 08:09:12.745241 7f8ccc7f1700 20 -- 10.194.0.100:0/4006638222 >> 10.194.0.189:6789/0 pipe(0x5616c9988650 sd=12 :54785 s=2 pgs=57 cs=1 l=1 c=0x5616c99866f0).reader reading tag...
2017-02-02 08:09:12.752043 7f8cc5ffb700 20 client.4151 trim_cache size 1 max 16384
2017-02-02 08:09:13.752173 7f8cc5ffb700 20 client.4151 trim_cache size 1 max 16384
2017-02-02 08:09:14.745306 7f8cccff2700 10 client.4151.objecter tick
2017-02-02 08:09:14.752305 7f8cc5ffb700 20 client.4151 trim_cache size 1 max 16384
2017-02-02 08:09:15.752439 7f8cc5ffb700 20 client.4151 trim_cache size 1 max 16384
2017-02-02 08:09:15.823029 7f8ca37fe700 3 client.4151 ll_getattr 1.head
2017-02-02 08:09:15.823047 7f8ca37fe700 10 client.4151 _getattr mask pAsLsXsFs issued=1
2017-02-02 08:09:15.823056 7f8ca37fe700 10 client.4151 fill_stat on 1 snap/devhead mode 040755 mtime
2017-02-01 11:30:21.278903 ctime
2017-02-01 11:30:21.278903
2017-02-02 08:09:15.823062 7f8ca37fe700 3 client.4151 ll_getattr 1.head = 0
2017-02-02 08:09:15.823073 7f8ca37fe700 3 client.4151 ll_forget 1 1
2017-02-02 08:09:15.823093 7f8ca3fff700 3 client.4151 ll_lookup 0x7f8cb800d450 test
2017-02-02 08:09:15.823107 7f8ca3fff700 20 client.4151 _lookup have dn test mds.-1 ttl 0.000000 seq 0
2017-02-02 08:09:15.823112 7f8ca3fff700 15 inode.get on 0x7f8cb80108a0 10000000000.head now 3
2017-02-02 08:09:15.823115 7f8ca3fff700 10 client.4151 _lookup 1.head(faked_ino=0 ref=3 ll_ref=34 cap_refs={} open={} mode=40755 size=0/0 mtime=2017-02-01 11:30:21.278903 caps=pAsLsXsFs(0=pAsLsXsFs) has_dir_layout 0x7f8cb800d450) test = 10000000000.head(faked_ino=0 ref=3 ll_ref=9 cap_refs={} open={} mode=100644 size=0/0 mtime=2017-02-01 11:30:21.284000 caps=pAsLsXsFscr(0=pAsLsXsFscr) objectset[10000000000 ts 0/0 objects 0 dirty_or_tx 0] parents=0x7f8cb8011710 0x7f8cb80108a0)
2017-02-02 08:09:15.823140 7f8ca3fff700 10 client.4151 fill_stat on 10000000000 snap/devhead mode 0100644 mtime
2017-02-01 11:30:21.284000 ctime
2017-02-01 11:30:21.285768
2017-02-02 08:09:15.823145 7f8ca3fff700 20 client.4151 _ll_get 0x7f8cb80108a0 10000000000 -> 10
2017-02-02 08:09:15.823147 7f8ca3fff700 3 client.4151 ll_lookup 0x7f8cb800d450 test -> 0 (10000000000)
2017-02-02 08:09:15.823149 7f8ca3fff700 10 client.4151 put_inode on 10000000000.head(faked_ino=0 ref=3 ll_ref=10 cap_refs={} open={} mode=100644 size=0/0 mtime=2017-02-01 11:30:21.284000 caps=pAsLsXsFscr(0=pAsLsXsFscr) objectset[10000000000 ts 0/0 objects 0 dirty_or_tx 0] parents=0x7f8cb8011710 0x7f8cb80108a0)
2017-02-02 08:09:15.823159 7f8ca3fff700 15 inode.put on 0x7f8cb80108a0 10000000000.head now 2
2017-02-02 08:09:15.823166 7f8ca3fff700 3 client.4151 ll_forget 1 1
2017-02-02 08:09:15.823193 7f8cc0ff1700 20 client.4151 _ll_get 0x7f8cb80108a0 10000000000 -> 11
2017-02-02 08:09:15.823200 7f8cc0ff1700 3 client.4151 ll_getattr 10000000000.head
2017-02-02 08:09:15.823202 7f8cc0ff1700 10 client.4151 _getattr mask pAsLsXsFs issued=1
2017-02-02 08:09:15.823207 7f8cc0ff1700 10 client.4151 fill_stat on 10000000000 snap/devhead mode 0100644 mtime
2017-02-01 11:30:21.284000 ctime
2017-02-01 11:30:21.285768
2017-02-02 08:09:15.823212 7f8cc0ff1700 3 client.4151 ll_getattr 10000000000.head = 0
2017-02-02 08:09:15.823217 7f8cc0ff1700 3 client.4151 ll_forget 10000000000 1
2017-02-02 08:09:15.823219 7f8cc0ff1700 20 client.4151 _ll_put 0x7f8cb80108a0 10000000000 1 -> 10
2017-02-02 08:09:15.823240 7f8ca37fe700 3 client.4151 ll_getattr 1.head
2017-02-02 08:09:15.823248 7f8ca37fe700 10 client.4151 _getattr mask pAsLsXsFs issued=1
2017-02-02 08:09:15.823252 7f8ca37fe700 10 client.4151 fill_stat on 1 snap/devhead mode 040755 mtime
2017-02-01 11:30:21.278903 ctime
2017-02-01 11:30:21.278903
2017-02-02 08:09:15.823258 7f8ca37fe700 3 client.4151 ll_getattr 1.head = 0
2017-02-02 08:09:15.823262 7f8ca37fe700 3 client.4151 ll_forget 1 1
2017-02-02 08:09:15.823273 7f8ca3fff700 3 client.4151 ll_lookup 0x7f8cb800d450 test
2017-02-02 08:09:15.823281 7f8ca3fff700 20 client.4151 _lookup have dn test mds.-1 ttl 0.000000 seq 0
2017-02-02 08:09:15.823284 7f8ca3fff700 15 inode.get on 0x7f8cb80108a0 10000000000.head now 3
2017-02-02 08:09:15.823289 7f8ca3fff700 10 client.4151 _lookup 1.head(faked_ino=0 ref=3 ll_ref=36 cap_refs={} open={} mode=40755 size=0/0 mtime=2017-02-01 11:30:21.278903 caps=pAsLsXsFs(0=pAsLsXsFs) has_dir_layout 0x7f8cb800d450) test = 10000000000.head(faked_ino=0 ref=3 ll_ref=10 cap_refs={} open={} mode=100644 size=0/0 mtime=2017-02-01 11:30:21.284000 caps=pAsLsXsFscr(0=pAsLsXsFscr) objectset[10000000000 ts 0/0 objects 0 dirty_or_tx 0] parents=0x7f8cb8011710 0x7f8cb80108a0)
2017-02-02 08:09:15.823310 7f8ca3fff700 10 client.4151 fill_stat on 10000000000 snap/devhead mode 0100644 mtime
2017-02-01 11:30:21.284000 ctime
2017-02-01 11:30:21.285768
2017-02-02 08:09:15.823314 7f8ca3fff700 20 client.4151 _ll_get 0x7f8cb80108a0 10000000000 -> 11
2017-02-02 08:09:15.823315 7f8ca3fff700 3 client.4151 ll_lookup 0x7f8cb800d450 test -> 0 (10000000000)
2017-02-02 08:09:15.823317 7f8ca3fff700 10 client.4151 put_inode on 10000000000.head(faked_ino=0 ref=3 ll_ref=11 cap_refs={} open={} mode=100644 size=0/0 mtime=2017-02-01 11:30:21.284000 caps=pAsLsXsFscr(0=pAsLsXsFscr) objectset[10000000000 ts 0/0 objects 0 dirty_or_tx 0] parents=0x7f8cb8011710 0x7f8cb80108a0)
2017-02-02 08:09:15.823326 7f8ca3fff700 15 inode.put on 0x7f8cb80108a0 10000000000.head now 2
2017-02-02 08:09:15.823331 7f8ca3fff700 3 client.4151 ll_forget 1 1
2017-02-02 08:09:15.823345 7f8cc0ff1700 20 client.4151 _ll_get 0x7f8cb80108a0 10000000000 -> 12
2017-02-02 08:09:15.823352 7f8cc0ff1700 3 client.4151 ll_getxattr 10000000000.head security.selinux size 255
2017-02-02 08:09:15.823355 7f8cc0ff1700 10 client.4151 _getattr mask Xs issued=1
2017-02-02 08:09:15.823359 7f8cc0ff1700 3 client.4151 _getxattr(10000000000, "security.selinux", 255) = -61
2017-02-02 08:09:15.823363 7f8cc0ff1700 3 client.4151 ll_forget 10000000000 1
2017-02-02 08:09:15.823365 7f8cc0ff1700 20 client.4151 _ll_put 0x7f8cb80108a0 10000000000 1 -> 11
2017-02-02 08:09:15.823381 7f8ca37fe700 3 client.4151 ll_getattr 1.head
2017-02-02 08:09:15.823388 7f8ca37fe700 10 client.4151 _getattr mask pAsLsXsFs issued=1
2017-02-02 08:09:15.823392 7f8ca37fe700 10 client.4151 fill_stat on 1 snap/devhead mode 040755 mtime
2017-02-01 11:30:21.278903 ctime
2017-02-01 11:30:21.278903
2017-02-02 08:09:15.823398 7f8ca37fe700 3 client.4151 ll_getattr 1.head = 0
2017-02-02 08:09:15.823402 7f8ca37fe700 3 client.4151 ll_forget 1 1
2017-02-02 08:09:15.823412 7f8ca3fff700 3 client.4151 ll_lookup 0x7f8cb800d450 test
2017-02-02 08:09:15.823421 7f8ca3fff700 20 client.4151 _lookup have dn test mds.-1 ttl 0.000000 seq 0
2017-02-02 08:09:15.823424 7f8ca3fff700 15 inode.get on 0x7f8cb80108a0 10000000000.head now 3
2017-02-02 08:09:15.823425 7f8ca3fff700 10 client.4151 _lookup 1.head(faked_ino=0 ref=3 ll_ref=38 cap_refs={} open={} mode=40755 size=0/0 mtime=2017-02-01 11:30:21.278903 caps=pAsLsXsFs(0=pAsLsXsFs) has_dir_layout 0x7f8cb800d450) test = 10000000000.head(faked_ino=0 ref=3 ll_ref=11 cap_refs={} open={} mode=100644 size=0/0 mtime=2017-02-01 11:30:21.284000 caps=pAsLsXsFscr(0=pAsLsXsFscr) objectset[10000000000 ts 0/0 objects 0 dirty_or_tx 0] parents=0x7f8cb8011710 0x7f8cb80108a0)
2017-02-02 08:09:15.823446 7f8ca3fff700 10 client.4151 fill_stat on 10000000000 snap/devhead mode 0100644 mtime
2017-02-01 11:30:21.284000 ctime
2017-02-01 11:30:21.285768
2017-02-02 08:09:15.823450 7f8ca3fff700 20 client.4151 _ll_get 0x7f8cb80108a0 10000000000 -> 12
2017-02-02 08:09:15.823454 7f8ca3fff700 3 client.4151 ll_lookup 0x7f8cb800d450 test -> 0 (10000000000)
2017-02-02 08:09:15.823456 7f8ca3fff700 10 client.4151 put_inode on 10000000000.head(faked_ino=0 ref=3 ll_ref=12 cap_refs={} open={} mode=100644 size=0/0 mtime=2017-02-01 11:30:21.284000 caps=pAsLsXsFscr(0=pAsLsXsFscr) objectset[10000000000 ts 0/0 objects 0 dirty_or_tx 0] parents=0x7f8cb8011710 0x7f8cb80108a0)
2017-02-02 08:09:15.823465 7f8ca3fff700 15 inode.put on 0x7f8cb80108a0 10000000000.head now 2
2017-02-02 08:09:15.823470 7f8ca3fff700 3 client.4151 ll_forget 1 1
2017-02-02 08:09:15.823483 7f8cc0ff1700 20 client.4151 _ll_get 0x7f8cb80108a0 10000000000 -> 13
2017-02-02 08:09:15.823490 7f8cc0ff1700 3 client.4151 ll_getxattr 10000000000.head system.posix_acl_access size 0
2017-02-02 08:09:15.823495 7f8cc0ff1700 3 client.4151 _getxattr(10000000000, "system.posix_acl_access", 0) = -95
2017-02-02 08:09:15.823499 7f8cc0ff1700 3 client.4151 ll_forget 10000000000 1
2017-02-02 08:09:15.823500 7f8cc0ff1700 20 client.4151 _ll_put 0x7f8cb80108a0 10000000000 1 -> 12
2017-02-02 08:09:16.752560 7f8cc5ffb700 20 client.4151 trim_cache size 1 max 16384
2017-02-02 08:09:17.752680 7f8cc5ffb700 20 client.4151 trim_cache size 1 max 16384
2017-02-02 08:09:18.752800 7f8cc5ffb700 20 client.4151 trim_cache size 1 max 16384
2017-02-02 08:09:19.745465 7f8cccff2700 10 client.4151.objecter tick
2017-02-02 08:09:19.752921 7f8cc5ffb700 20 client.4151 trim_cache size 1 max 16384
2017-02-02 08:09:20.753054 7f8cc5ffb700 20 client.4151 trim_cache size 1 max 16384
2017-02-02 08:09:20.825948 7f8ca37fe700 3 client.4151 ll_getattr 1.head
2017-02-02 08:09:20.825973 7f8ca37fe700 10 client.4151 _getattr mask pAsLsXsFs issued=1
2017-02-02 08:09:20.825983 7f8ca37fe700 10 client.4151 fill_stat on 1 snap/devhead mode 040755 mtime
2017-02-01 11:30:21.278903 ctime
2017-02-01 11:30:21.278903
2017-02-02 08:09:20.825994 7f8ca37fe700 3 client.4151 ll_getattr 1.head = 0
2017-02-02 08:09:20.826023 7f8ca37fe700 3 client.4151 ll_forget 1 1
2017-02-02 08:09:20.826054 7f8ca3fff700 3 client.4151 ll_lookup 0x7f8cb800d450 test
2017-02-02 08:09:20.826067 7f8ca3fff700 20 client.4151 _lookup have dn test mds.-1 ttl 0.000000 seq 0
2017-02-02 08:09:20.826073 7f8ca3fff700 15 inode.get on 0x7f8cb80108a0 10000000000.head now 3
