2017-02-02 08:08:29.737723 7f8cd1be2e80 0 ceph version 10.2.2-5 (45107e21c568dd033c2f0a3107dec8f0b0e58374), process ceph-fuse, pid 88399
2017-02-02 08:08:29.743444 7f8cd1be2e80 -1 init, newargv = 0x5616c9981fc0 newargc=11
2017-02-02 08:08:29.743537 7f8cd1be2e80 1 -- :/0 messenger.start
2017-02-02 08:08:29.743685 7f8cd1be2e80 10 -- :/4006638222 ready :/4006638222
2017-02-02 08:08:29.744030 7f8cd1be2e80 10 client.?.objecter _maybe_request_map subscribing (onetime) to next osd map
2017-02-02 08:08:29.744043 7f8cd1be2e80 10 -- :/4006638222 connect_rank to 10.194.0.189:6789/0, creating pipe and registering
2017-02-02 08:08:29.744087 7f8cd1be2e80 10 -- :/4006638222 >> 10.194.0.189:6789/0 pipe(0x5616c9988650 sd=-1 :0 s=1 pgs=0 cs=0 l=1 c=0x5616c99866f0).register_pipe
2017-02-02 08:08:29.744102 7f8cd1be2e80 10 -- :/4006638222 get_connection mon.0 10.194.0.189:6789/0 new 0x5616c9988650
2017-02-02 08:08:29.743804 7f8cc6ffd700 10 -- :/4006638222 reaper_entry start
2017-02-02 08:08:29.744131 7f8cd1bdf700 10 -- :/4006638222 >> 10.194.0.189:6789/0 pipe(0x5616c9988650 sd=-1 :0 s=1 pgs=0 cs=0 l=1 c=0x5616c99866f0).writer: state = connecting policy.server=0
2017-02-02 08:08:29.744147 7f8cd1bdf700 10 -- :/4006638222 >> 10.194.0.189:6789/0 pipe(0x5616c9988650 sd=-1 :0 s=1 pgs=0 cs=0 l=1 c=0x5616c99866f0).connect 0
2017-02-02 08:08:29.744162 7f8cd1bdf700 10 -- :/4006638222 >> 10.194.0.189:6789/0 pipe(0x5616c9988650 sd=12 :0 s=1 pgs=0 cs=0 l=1 c=0x5616c99866f0).connecting to 10.194.0.189:6789/0
2017-02-02 08:08:29.744210 7f8cd1be2e80 20 -- :/4006638222 send_keepalive con 0x5616c99866f0, have pipe.
2017-02-02 08:08:29.744213 7f8cc6ffd700 10 -- :/4006638222 reaper
2017-02-02 08:08:29.744217 7f8cc6ffd700 10 -- :/4006638222 reaper done
2017-02-02 08:08:29.744244 7f8cd1be2e80 1 -- :/4006638222 --> 10.194.0.189:6789/0 -- auth(proto 0 31 bytes epoch 0) v1 -- ?+0 0x5616c9986b00 con 0x5616c99866f0
2017-02-02 08:08:29.744259 7f8cd1be2e80 20 -- :/4006638222 submit_message auth(proto 0 31 bytes epoch 0) v1 remote, 10.194.0.189:6789/0, have pipe.
2017-02-02 08:08:29.744274 7f8cd1be2e80 10 client.-1 Subscribing to map 'mdsmap'
2017-02-02 08:08:29.744309 7f8cd1be2e80 20 client.-1 populate_metadata read hostname 'henrik-eu1'
2017-02-02 08:08:29.744501 7f8cd1bdf700 20 -- :/4006638222 >> 10.194.0.189:6789/0 pipe(0x5616c9988650 sd=12 :54785 s=1 pgs=0 cs=0 l=1 c=0x5616c99866f0).connect read peer addr 10.194.0.189:6789/0 on socket 12
2017-02-02 08:08:29.744523 7f8cd1bdf700 20 -- :/4006638222 >> 10.194.0.189:6789/0 pipe(0x5616c9988650 sd=12 :54785 s=1 pgs=0 cs=0 l=1 c=0x5616c99866f0).connect peer addr for me is 10.194.0.100:54785/0
2017-02-02 08:08:29.744529 7f8cd1bdf700 1 -- 10.194.0.100:0/4006638222 learned my addr 10.194.0.100:0/4006638222
2017-02-02 08:08:29.744543 7f8cd1bdf700 10 -- 10.194.0.100:0/4006638222 >> 10.194.0.189:6789/0 pipe(0x5616c9988650 sd=12 :54785 s=1 pgs=0 cs=0 l=1 c=0x5616c99866f0).connect sent my addr 10.194.0.100:0/4006638222
2017-02-02 08:08:29.744565 7f8cd1bdf700 10 -- 10.194.0.100:0/4006638222 >> 10.194.0.189:6789/0 pipe(0x5616c9988650 sd=12 :54785 s=1 pgs=0 cs=0 l=1 c=0x5616c99866f0).connect sending gseq=1 cseq=0 proto=15
2017-02-02 08:08:29.744595 7f8cd1bdf700 20 -- 10.194.0.100:0/4006638222 >> 10.194.0.189:6789/0 pipe(0x5616c9988650 sd=12 :54785 s=1 pgs=0 cs=0 l=1 c=0x5616c99866f0).connect wrote (self +) cseq, waiting for reply
2017-02-02 08:08:29.744714 7f8cd1bdf700 20 -- 10.194.0.100:0/4006638222 >> 10.194.0.189:6789/0 pipe(0x5616c9988650 sd=12 :54785 s=1 pgs=0 cs=0 l=1 c=0x5616c99866f0).connect got reply tag 1 connect_seq 1 global_seq 57 proto 15 flags 1 features 576460752032874495
2017-02-02 08:08:29.744728 7f8cd1bdf700 10 -- 10.194.0.100:0/4006638222 >> 10.194.0.189:6789/0 pipe(0x5616c9988650 sd=12 :54785 s=2 pgs=57 cs=1 l=1 c=0x5616c99866f0).connect success 1, lossy = 1, features 576460752032874495
2017-02-02 08:08:29.744762 7f8cc4ff9700 10 client.?.objecter ms_handle_connect 0x5616c99866f0
2017-02-02 08:08:29.744771 7f8cc4ff9700 10 client.?.objecter resend_mon_ops
2017-02-02 08:08:29.744773 7f8cc4ff9700 10 client.-1 ms_handle_connect on 10.194.0.189:6789/0
2017-02-02 08:08:29.744782 7f8cd1bdf700 20 -- 10.194.0.100:0/4006638222 >> 10.194.0.189:6789/0 pipe(0x5616c9988650 sd=12 :54785 s=2 pgs=57 cs=1 l=1 c=0x5616c99866f0).connect starting reader
2017-02-02 08:08:29.744813 7f8cd1bdf700 10 -- 10.194.0.100:0/4006638222 >> 10.194.0.189:6789/0 pipe(0x5616c9988650 sd=12 :54785 s=2 pgs=57 cs=1 l=1 c=0x5616c99866f0).writer: state = open policy.server=0
2017-02-02 08:08:29.744827 7f8cd1bdf700 10 -- 10.194.0.100:0/4006638222 >> 10.194.0.189:6789/0 pipe(0x5616c9988650 sd=12 :54785 s=2 pgs=57 cs=1 l=1 c=0x5616c99866f0).write_keepalive2 14
2017-02-02 08:08:29.744826
2017-02-02 08:08:29.744845 7f8cd1bdf700 20 -- 10.194.0.100:0/4006638222 >> 10.194.0.189:6789/0 pipe(0x5616c9988650 sd=12 :54785 s=2 pgs=57 cs=1 l=1 c=0x5616c99866f0).writer encoding 1 features 576460752032874495 0x5616c9986b00 auth(proto 0 31 bytes epoch 0) v1
2017-02-02 08:08:29.744857 7f8ccc7f1700 20 -- 10.194.0.100:0/4006638222 >> 10.194.0.189:6789/0 pipe(0x5616c9988650 sd=12 :54785 s=2 pgs=57 cs=1 l=1 c=0x5616c99866f0).reader reading tag...
2017-02-02 08:08:29.744886 7f8cd1bdf700 20 -- 10.194.0.100:0/4006638222 >> 10.194.0.189:6789/0 pipe(0x5616c9988650 sd=12 :54785 s=2 pgs=57 cs=1 l=1 c=0x5616c99866f0).writer no session security
2017-02-02 08:08:29.744900 7f8cd1bdf700 20 -- 10.194.0.100:0/4006638222 >> 10.194.0.189:6789/0 pipe(0x5616c9988650 sd=12 :54785 s=2 pgs=57 cs=1 l=1 c=0x5616c99866f0).writer sending 1 0x5616c9986b00
2017-02-02 08:08:29.744928 7f8cd1bdf700 10 -- 10.194.0.100:0/4006638222 >> 10.194.0.189:6789/0 pipe(0x5616c9988650 sd=12 :54785 s=2 pgs=57 cs=1 l=1 c=0x5616c99866f0).writer: state = open policy.server=0
2017-02-02 08:08:29.744937 7f8cd1bdf700 20 -- 10.194.0.100:0/4006638222 >> 10.194.0.189:6789/0 pipe(0x5616c9988650 sd=12 :54785 s=2 pgs=57 cs=1 l=1 c=0x5616c99866f0).writer sleeping
2017-02-02 08:08:29.744994 7f8ccc7f1700 2 -- 10.194.0.100:0/4006638222 >> 10.194.0.189:6789/0 pipe(0x5616c9988650 sd=12 :54785 s=2 pgs=57 cs=1 l=1 c=0x5616c99866f0).reader got KEEPALIVE_ACK
2017-02-02 08:08:29.745006 7f8ccc7f1700 20 -- 10.194.0.100:0/4006638222 >> 10.194.0.189:6789/0 pipe(0x5616c9988650 sd=12 :54785 s=2 pgs=57 cs=1 l=1 c=0x5616c99866f0).reader reading tag...
2017-02-02 08:08:29.745165 7f8ccc7f1700 20 -- 10.194.0.100:0/4006638222 >> 10.194.0.189:6789/0 pipe(0x5616c9988650 sd=12 :54785 s=2 pgs=57 cs=1 l=1 c=0x5616c99866f0).reader got ACK
2017-02-02 08:08:29.745178 7f8ccc7f1700 15 -- 10.194.0.100:0/4006638222 >> 10.194.0.189:6789/0 pipe(0x5616c9988650 sd=12 :54785 s=2 pgs=57 cs=1 l=1 c=0x5616c99866f0).reader got ack seq 1
2017-02-02 08:08:29.745188 7f8ccc7f1700 20 -- 10.194.0.100:0/4006638222 >> 10.194.0.189:6789/0 pipe(0x5616c9988650 sd=12 :54785 s=2 pgs=57 cs=1 l=1 c=0x5616c99866f0).reader reading tag...
2017-02-02 08:08:29.745192 7f8ccc7f1700 20 -- 10.194.0.100:0/4006638222 >> 10.194.0.189:6789/0 pipe(0x5616c9988650 sd=12 :54785 s=2 pgs=57 cs=1 l=1 c=0x5616c99866f0).reader got MSG
2017-02-02 08:08:29.745197 7f8ccc7f1700 20 -- 10.194.0.100:0/4006638222 >> 10.194.0.189:6789/0 pipe(0x5616c9988650 sd=12 :54785 s=2 pgs=57 cs=1 l=1 c=0x5616c99866f0).reader got envelope type=4 src mon.0 front=200 data=0 off 0
2017-02-02 08:08:29.745204 7f8ccc7f1700 10 -- 10.194.0.100:0/4006638222 >> 10.194.0.189:6789/0 pipe(0x5616c9988650 sd=12 :54785 s=2 pgs=57 cs=1 l=1 c=0x5616c99866f0).reader wants 200 from dispatch throttler 0/104857600
2017-02-02 08:08:29.745211 7f8ccc7f1700 20 -- 10.194.0.100:0/4006638222 >> 10.194.0.189:6789/0 pipe(0x5616c9988650 sd=12 :54785 s=2 pgs=57 cs=1 l=1 c=0x5616c99866f0).reader got front 200
2017-02-02 08:08:29.745217 7f8ccc7f1700 10 -- 10.194.0.100:0/4006638222 >> 10.194.0.189:6789/0 pipe(0x5616c9988650 sd=12 :54785 s=2 pgs=57 cs=1 l=1 c=0x5616c99866f0).aborted = 0
2017-02-02 08:08:29.745222 7f8ccc7f1700 20 -- 10.194.0.100:0/4006638222 >> 10.194.0.189:6789/0 pipe(0x5616c9988650 sd=12 :54785 s=2 pgs=57 cs=1 l=1 c=0x5616c99866f0).reader got 200 + 0 + 0 byte message
2017-02-02 08:08:29.745231 7f8ccc7f1700 10 -- 10.194.0.100:0/4006638222 >> 10.194.0.189:6789/0 pipe(0x5616c9988650 sd=12 :54785 s=2 pgs=57 cs=1 l=1 c=0x5616c99866f0).No session security set
2017-02-02 08:08:29.745242 7f8ccc7f1700 10 -- 10.194.0.100:0/4006638222 >> 10.194.0.189:6789/0 pipe(0x5616c9988650 sd=12 :54785 s=2 pgs=57 cs=1 l=1 c=0x5616c99866f0).reader got message 1 0x7f8cac001be0 mon_map magic: 0 v1
2017-02-02 08:08:29.745255 7f8ccc7f1700 20 -- 10.194.0.100:0/4006638222 queue 0x7f8cac001be0 prio 196
2017-02-02 08:08:29.745263 7f8ccc7f1700 20 -- 10.194.0.100:0/4006638222 >> 10.194.0.189:6789/0 pipe(0x5616c9988650 sd=12 :54785 s=2 pgs=57 cs=1 l=1 c=0x5616c99866f0).reader reading tag...
2017-02-02 08:08:29.745271 7f8ccc7f1700 20 -- 10.194.0.100:0/4006638222 >> 10.194.0.189:6789/0 pipe(0x5616c9988650 sd=12 :54785 s=2 pgs=57 cs=1 l=1 c=0x5616c99866f0).reader got MSG
2017-02-02 08:08:29.745277 7f8ccc7f1700 20 -- 10.194.0.100:0/4006638222 >> 10.194.0.189:6789/0 pipe(0x5616c9988650 sd=12 :54785 s=2 pgs=57 cs=1 l=1 c=0x5616c99866f0).reader got envelope type=18 src mon.0 front=33 data=0 off 0
2017-02-02 08:08:29.745276 7f8cc4ff9700 1 -- 10.194.0.100:0/4006638222 <== mon.0 10.194.0.189:6789/0 1 ==== mon_map magic: 0 v1 ==== 200+0+0 (1333536074 0 0) 0x7f8cac001be0 con 0x5616c99866f0
2017-02-02 08:08:29.745283 7f8ccc7f1700 10 -- 10.194.0.100:0/4006638222 >> 10.194.0.189:6789/0 pipe(0x5616c9988650 sd=12 :54785 s=2 pgs=57 cs=1 l=1 c=0x5616c99866f0).reader wants 33 from dispatch throttler 200/104857600
2017-02-02 08:08:29.745288 7f8ccc7f1700 20 -- 10.194.0.100:0/4006638222 >> 10.194.0.189:6789/0 pipe(0x5616c9988650 sd=12 :54785 s=2 pgs=57 cs=1 l=1 c=0x5616c99866f0).reader got front 33
2017-02-02 08:08:29.745293 7f8ccc7f1700 10 -- 10.194.0.100:0/4006638222 >> 10.194.0.189:6789/0 pipe(0x5616c9988650 sd=12 :54785 s=2 pgs=57 cs=1 l=1 c=0x5616c99866f0).aborted = 0
2017-02-02 08:08:29.745296 7f8ccc7f1700 20 -- 10.194.0.100:0/4006638222 >> 10.194.0.189:6789/0 pipe(0x5616c9988650 sd=12 :54785 s=2 pgs=57 cs=1 l=1 c=0x5616c99866f0).reader got 33 + 0 + 0 byte message
2017-02-02 08:08:29.745306 7f8ccc7f1700 10 -- 10.194.0.100:0/4006638222 >> 10.194.0.189:6789/0 pipe(0x5616c9988650 sd=12 :54785 s=2 pgs=57 cs=1 l=1 c=0x5616c99866f0).No session security set
2017-02-02 08:08:29.745308 7f8cc4ff9700 10 -- 10.194.0.100:0/4006638222 dispatch_throttle_release 200 to dispatch throttler 233/104857600
2017-02-02 08:08:29.745312 7f8cc4ff9700 20 -- 10.194.0.100:0/4006638222 done calling dispatch on 0x7f8cac001be0
2017-02-02 08:08:29.745311 7f8ccc7f1700 10 -- 10.194.0.100:0/4006638222 >> 10.194.0.189:6789/0 pipe(0x5616c9988650 sd=12 :54785 s=2 pgs=57 cs=1 l=1 c=0x5616c99866f0).reader got message 2 0x7f8cac002d60 auth_reply(proto 2 0 (0) Success) v1
2017-02-02 08:08:29.745322 7f8ccc7f1700 20 -- 10.194.0.100:0/4006638222 queue 0x7f8cac002d60 prio 196
2017-02-02 08:08:29.745329 7f8ccc7f1700 20 -- 10.194.0.100:0/4006638222 >> 10.194.0.189:6789/0 pipe(0x5616c9988650 sd=12 :54785 s=2 pgs=57 cs=1 l=1 c=0x5616c99866f0).reader reading tag...
2017-02-02 08:08:29.745358 7f8cc4ff9700 1 -- 10.194.0.100:0/4006638222 <== mon.0 10.194.0.189:6789/0 2 ==== auth_reply(proto 2 0 (0) Success) v1 ==== 33+0+0 (459649564 0 0) 0x7f8cac002d60 con 0x5616c99866f0
2017-02-02 08:08:29.745438 7f8cc4ff9700 1 -- 10.194.0.100:0/4006638222 --> 10.194.0.189:6789/0 -- auth(proto 2 32 bytes epoch 0) v1 -- ?+0 0x7f8cb80018f0 con 0x5616c99866f0
2017-02-02 08:08:29.745444 7f8cc4ff9700 20 -- 10.194.0.100:0/4006638222 submit_message auth(proto 2 32 bytes epoch 0) v1 remote, 10.194.0.189:6789/0, have pipe.
2017-02-02 08:08:29.745449 7f8cc4ff9700 10 -- 10.194.0.100:0/4006638222 dispatch_throttle_release 33 to dispatch throttler 33/104857600
2017-02-02 08:08:29.745452 7f8cc4ff9700 20 -- 10.194.0.100:0/4006638222 done calling dispatch on 0x7f8cac002d60
2017-02-02 08:08:29.745459 7f8cd1bdf700 10 -- 10.194.0.100:0/4006638222 >> 10.194.0.189:6789/0 pipe(0x5616c9988650 sd=12 :54785 s=2 pgs=57 cs=1 l=1 c=0x5616c99866f0).writer: state = open policy.server=0
2017-02-02 08:08:29.745465 7f8cd1bdf700 10 -- 10.194.0.100:0/4006638222 >> 10.194.0.189:6789/0 pipe(0x5616c9988650 sd=12 :54785 s=2 pgs=57 cs=1 l=1 c=0x5616c99866f0).write_ack 2
2017-02-02 08:08:29.745475 7f8cd1bdf700 20 -- 10.194.0.100:0/4006638222 >> 10.194.0.189:6789/0 pipe(0x5616c9988650 sd=12 :54785 s=2 pgs=57 cs=1 l=1 c=0x5616c99866f0).writer encoding 2 features 576460752032874495 0x7f8cb80018f0 auth(proto 2 32 bytes epoch 0) v1
2017-02-02 08:08:29.745490 7f8cd1bdf700 20 -- 10.194.0.100:0/4006638222 >> 10.194.0.189:6789/0 pipe(0x5616c9988650 sd=12 :54785 s=2 pgs=57 cs=1 l=1 c=0x5616c99866f0).writer no session security
2017-02-02 08:08:29.745500 7f8cd1bdf700 20 -- 10.194.0.100:0/4006638222 >> 10.194.0.189:6789/0 pipe(0x5616c9988650 sd=12 :54785 s=2 pgs=57 cs=1 l=1 c=0x5616c99866f0).writer sending 2 0x7f8cb80018f0
2017-02-02 08:08:29.745519 7f8cd1bdf700 10 -- 10.194.0.100:0/4006638222 >> 10.194.0.189:6789/0 pipe(0x5616c9988650 sd=12 :54785 s=2 pgs=57 cs=1 l=1 c=0x5616c99866f0).writer: state = open policy.server=0
2017-02-02 08:08:29.745537 7f8cd1bdf700 20 -- 10.194.0.100:0/4006638222 >> 10.194.0.189:6789/0 pipe(0x5616c9988650 sd=12 :54785 s=2 pgs=57 cs=1 l=1 c=0x5616c99866f0).writer sleeping
2017-02-02 08:08:29.745891 7f8ccc7f1700 20 -- 10.194.0.100:0/4006638222 >> 10.194.0.189:6789/0 pipe(0x5616c9988650 sd=12 :54785 s=2 pgs=57 cs=1 l=1 c=0x5616c99866f0).reader got ACK
2017-02-02 08:08:29.745904 7f8ccc7f1700 15 -- 10.194.0.100:0/4006638222 >> 10.194.0.189:6789/0 pipe(0x5616c9988650 sd=12 :54785 s=2 pgs=57 cs=1 l=1 c=0x5616c99866f0).reader got ack seq 2
2017-02-02 08:08:29.745908 7f8ccc7f1700 20 -- 10.194.0.100:0/4006638222 >> 10.194.0.189:6789/0 pipe(0x5616c9988650 sd=12 :54785 s=2 pgs=57 cs=1 l=1 c=0x5616c99866f0).reader reading tag...
2017-02-02 08:08:29.745912 7f8ccc7f1700 20 -- 10.194.0.100:0/4006638222 >> 10.194.0.189:6789/0 pipe(0x5616c9988650 sd=12 :54785 s=2 pgs=57 cs=1 l=1 c=0x5616c99866f0).reader got MSG
2017-02-02 08:08:29.745916 7f8ccc7f1700 20 -- 10.194.0.100:0/4006638222 >> 10.194.0.189:6789/0 pipe(0x5616c9988650 sd=12 :54785 s=2 pgs=57 cs=1 l=1 c=0x5616c99866f0).reader got envelope type=18 src mon.0 front=206 data=0 off 0
2017-02-02 08:08:29.745922 7f8ccc7f1700 10 -- 10.194.0.100:0/4006638222 >> 10.194.0.189:6789/0 pipe(0x5616c9988650 sd=12 :54785 s=2 pgs=57 cs=1 l=1 c=0x5616c99866f0).reader wants 206 from dispatch throttler 0/104857600
2017-02-02 08:08:29.745928 7f8ccc7f1700 20 -- 10.194.0.100:0/4006638222 >> 10.194.0.189:6789/0 pipe(0x5616c9988650 sd=12 :54785 s=2 pgs=57 cs=1 l=1 c=0x5616c99866f0).reader got front 206
2017-02-02 08:08:29.745933 7f8ccc7f1700 10 -- 10.194.0.100:0/4006638222 >> 10.194.0.189:6789/0 pipe(0x5616c9988650 sd=12 :54785 s=2 pgs=57 cs=1 l=1 c=0x5616c99866f0).aborted = 0
2017-02-02 08:08:29.745938 7f8ccc7f1700 20 -- 10.194.0.100:0/4006638222 >> 10.194.0.189:6789/0 pipe(0x5616c9988650 sd=12 :54785 s=2 pgs=57 cs=1 l=1 c=0x5616c99866f0).reader got 206 + 0 + 0 byte message
2017-02-02 08:08:29.745949 7f8ccc7f1700 10 -- 10.194.0.100:0/4006638222 >> 10.194.0.189:6789/0 pipe(0x5616c9988650 sd=12 :54785 s=2 pgs=57 cs=1 l=1 c=0x5616c99866f0).No session security set
2017-02-02 08:08:29.745961 7f8ccc7f1700 10 -- 10.194.0.100:0/4006638222 >> 10.194.0.189:6789/0 pipe(0x5616c9988650 sd=12 :54785 s=2 pgs=57 cs=1 l=1 c=0x5616c99866f0).reader got message 3 0x7f8cac003db0 auth_reply(proto 2 0 (0) Success) v1
2017-02-02 08:08:29.745977 7f8ccc7f1700 20 -- 10.194.0.100:0/4006638222 queue 0x7f8cac003db0 prio 196
2017-02-02 08:08:29.745984 7f8ccc7f1700 20 -- 10.194.0.100:0/4006638222 >> 10.194.0.189:6789/0 pipe(0x5616c9988650 sd=12 :54785 s=2 pgs=57 cs=1 l=1 c=0x5616c99866f0).reader reading tag...
2017-02-02 08:08:29.745993 7f8cd1bdf700 10 -- 10.194.0.100:0/4006638222 >> 10.194.0.189:6789/0 pipe(0x5616c9988650 sd=12 :54785 s=2 pgs=57 cs=1 l=1 c=0x5616c99866f0).writer: state = open policy.server=0
2017-02-02 08:08:29.746017 7f8cd1bdf700 10 -- 10.194.0.100:0/4006638222 >> 10.194.0.189:6789/0 pipe(0x5616c9988650 sd=12 :54785 s=2 pgs=57 cs=1 l=1 c=0x5616c99866f0).write_ack 3
2017-02-02 08:08:29.746027 7f8cd1bdf700 10 -- 10.194.0.100:0/4006638222 >> 10.194.0.189:6789/0 pipe(0x5616c9988650 sd=12 :54785 s=2 pgs=57 cs=1 l=1 c=0x5616c99866f0).writer: state = open policy.server=0
2017-02-02 08:08:29.746031 7f8cd1bdf700 20 -- 10.194.0.100:0/4006638222 >> 10.194.0.189:6789/0 pipe(0x5616c9988650 sd=12 :54785 s=2 pgs=57 cs=1 l=1 c=0x5616c99866f0).writer sleeping
2017-02-02 08:08:29.746035 7f8cc4ff9700 1 -- 10.194.0.100:0/4006638222 <== mon.0 10.194.0.189:6789/0 3 ==== auth_reply(proto 2 0 (0) Success) v1 ==== 206+0+0 (2156113266 0 0) 0x7f8cac003db0 con 0x5616c99866f0
2017-02-02 08:08:29.746094 7f8cc4ff9700 1 -- 10.194.0.100:0/4006638222 --> 10.194.0.189:6789/0 -- auth(proto 2 165 bytes epoch 0) v1 -- ?+0 0x7f8cb8001d70 con 0x5616c99866f0
2017-02-02 08:08:29.746097 7f8cc4ff9700 20 -- 10.194.0.100:0/4006638222 submit_message auth(proto 2 165 bytes epoch 0) v1 remote, 10.194.0.189:6789/0, have pipe.
2017-02-02 08:08:29.746106 7f8cc4ff9700 10 -- 10.194.0.100:0/4006638222 dispatch_throttle_release 206 to dispatch throttler 206/104857600
2017-02-02 08:08:29.746110 7f8cc4ff9700 20 -- 10.194.0.100:0/4006638222 done calling dispatch on 0x7f8cac003db0
2017-02-02 08:08:29.746115 7f8cd1bdf700 10 -- 10.194.0.100:0/4006638222 >> 10.194.0.189:6789/0 pipe(0x5616c9988650 sd=12 :54785 s=2 pgs=57 cs=1 l=1 c=0x5616c99866f0).writer: state = open policy.server=0
2017-02-02 08:08:29.746123 7f8cd1bdf700 20 -- 10.194.0.100:0/4006638222 >> 10.194.0.189:6789/0 pipe(0x5616c9988650 sd=12 :54785 s=2 pgs=57 cs=1 l=1 c=0x5616c99866f0).writer encoding 3 features 576460752032874495 0x7f8cb8001d70 auth(proto 2 165 bytes epoch 0) v1
2017-02-02 08:08:29.746138 7f8cd1bdf700 20 -- 10.194.0.100:0/4006638222 >> 10.194.0.189:6789/0 pipe(0x5616c9988650 sd=12 :54785 s=2 pgs=57 cs=1 l=1 c=0x5616c99866f0).writer no session security
2017-02-02 08:08:29.746144 7f8cd1bdf700 20 -- 10.194.0.100:0/4006638222 >> 10.194.0.189:6789/0 pipe(0x5616c9988650 sd=12 :54785 s=2 pgs=57 cs=1 l=1 c=0x5616c99866f0).writer sending 3 0x7f8cb8001d70
2017-02-02 08:08:29.746163 7f8cd1bdf700 10 -- 10.194.0.100:0/4006638222 >> 10.194.0.189:6789/0 pipe(0x5616c9988650 sd=12 :54785 s=2 pgs=57 cs=1 l=1 c=0x5616c99866f0).writer: state = open policy.server=0
2017-02-02 08:08:29.746168 7f8cd1bdf700 20 -- 10.194.0.100:0/4006638222 >> 10.194.0.189:6789/0 pipe(0x5616c9988650 sd=12 :54785 s=2 pgs=57 cs=1 l=1 c=0x5616c99866f0).writer sleeping
2017-02-02 08:08:29.746543 7f8ccc7f1700 20 -- 10.194.0.100:0/4006638222 >> 10.194.0.189:6789/0 pipe(0x5616c9988650 sd=12 :54785 s=2 pgs=57 cs=1 l=1 c=0x5616c99866f0).reader got ACK
2017-02-02 08:08:29.746554 7f8ccc7f1700 15 -- 10.194.0.100:0/4006638222 >> 10.194.0.189:6789/0 pipe(0x5616c9988650 sd=12 :54785 s=2 pgs=57 cs=1 l=1 c=0x5616c99866f0).reader got ack seq 3
2017-02-02 08:08:29.746558 7f8ccc7f1700 20 -- 10.194.0.100:0/4006638222 >> 10.194.0.189:6789/0 pipe(0x5616c9988650 sd=12 :54785 s=2 pgs=57 cs=1 l=1 c=0x5616c99866f0).reader reading tag...
2017-02-02 08:08:29.746562 7f8ccc7f1700 20 -- 10.194.0.100:0/4006638222 >> 10.194.0.189:6789/0 pipe(0x5616c9988650 sd=12 :54785 s=2 pgs=57 cs=1 l=1 c=0x5616c99866f0).reader got MSG
2017-02-02 08:08:29.746566 7f8ccc7f1700 20 -- 10.194.0.100:0/4006638222 >> 10.194.0.189:6789/0 pipe(0x5616c9988650 sd=12 :54785 s=2 pgs=57 cs=1 l=1 c=0x5616c99866f0).reader got envelope type=18 src mon.0 front=441 data=0 off 0
2017-02-02 08:08:29.746571 7f8ccc7f1700 10 -- 10.194.0.100:0/4006638222 >> 10.194.0.189:6789/0 pipe(0x5616c9988650 sd=12 :54785 s=2 pgs=57 cs=1 l=1 c=0x5616c99866f0).reader wants 441 from dispatch throttler 0/104857600
2017-02-02 08:08:29.746578 7f8ccc7f1700 20 -- 10.194.0.100:0/4006638222 >> 10.194.0.189:6789/0 pipe(0x5616c9988650 sd=12 :54785 s=2 pgs=57 cs=1 l=1 c=0x5616c99866f0).reader got front 441
2017-02-02 08:08:29.746583 7f8ccc7f1700 10 -- 10.194.0.100:0/4006638222 >> 10.194.0.189:6789/0 pipe(0x5616c9988650 sd=12 :54785 s=2 pgs=57 cs=1 l=1 c=0x5616c99866f0).aborted = 0
2017-02-02 08:08:29.746590 7f8ccc7f1700 20 -- 10.194.0.100:0/4006638222 >> 10.194.0.189:6789/0 pipe(0x5616c9988650 sd=12 :54785 s=2 pgs=57 cs=1 l=1 c=0x5616c99866f0).reader got 441 + 0 + 0 byte message
2017-02-02 08:08:29.746601 7f8ccc7f1700 10 -- 10.194.0.100:0/4006638222 >> 10.194.0.189:6789/0 pipe(0x5616c9988650 sd=12 :54785 s=2 pgs=57 cs=1 l=1 c=0x5616c99866f0).No session security set
2017-02-02 08:08:29.746614 7f8ccc7f1700 10 -- 10.194.0.100:0/4006638222 >> 10.194.0.189:6789/0 pipe(0x5616c9988650 sd=12 :54785 s=2 pgs=57 cs=1 l=1 c=0x5616c99866f0).reader got message 4 0x7f8cac005010 auth_reply(proto 2 0 (0) Success) v1
2017-02-02 08:08:29.746629 7f8ccc7f1700 20 -- 10.194.0.100:0/4006638222 queue 0x7f8cac005010 prio 196
2017-02-02 08:08:29.746636 7f8ccc7f1700 20 -- 10.194.0.100:0/4006638222 >> 10.194.0.189:6789/0 pipe(0x5616c9988650 sd=12 :54785 s=2 pgs=57 cs=1 l=1 c=0x5616c99866f0).reader reading tag...
2017-02-02 08:08:29.746645 7f8cd1bdf700 10 -- 10.194.0.100:0/4006638222 >> 10.194.0.189:6789/0 pipe(0x5616c9988650 sd=12 :54785 s=2 pgs=57 cs=1 l=1 c=0x5616c99866f0).writer: state = open policy.server=0
2017-02-02 08:08:29.746651 7f8cd1bdf700 10 -- 10.194.0.100:0/4006638222 >> 10.194.0.189:6789/0 pipe(0x5616c9988650 sd=12 :54785 s=2 pgs=57 cs=1 l=1 c=0x5616c99866f0).write_ack 4
2017-02-02 08:08:29.746650 7f8cc4ff9700 1 -- 10.194.0.100:0/4006638222 <== mon.0 10.194.0.189:6789/0 4 ==== auth_reply(proto 2 0 (0) Success) v1 ==== 441+0+0 (929232986 0 0) 0x7f8cac005010 con 0x5616c99866f0
2017-02-02 08:08:29.746660 7f8cd1bdf700 10 -- 10.194.0.100:0/4006638222 >> 10.194.0.189:6789/0 pipe(0x5616c9988650 sd=12 :54785 s=2 pgs=57 cs=1 l=1 c=0x5616c99866f0).writer: state = open policy.server=0
2017-02-02 08:08:29.746664 7f8cd1bdf700 20 -- 10.194.0.100:0/4006638222 >> 10.194.0.189:6789/0 pipe(0x5616c9988650 sd=12 :54785 s=2 pgs=57 cs=1 l=1 c=0x5616c99866f0).writer sleeping
2017-02-02 08:08:29.746709 7f8cc4ff9700 1 -- 10.194.0.100:0/4006638222 --> 10.194.0.189:6789/0 -- mon_subscribe({osdmap=0}) v2 -- ?+0 0x5616c998ad60 con 0x5616c99866f0
2017-02-02 08:08:29.746713 7f8cc4ff9700 20 -- 10.194.0.100:0/4006638222 submit_message mon_subscribe({osdmap=0}) v2 remote, 10.194.0.189:6789/0, have pipe.
2017-02-02 08:08:29.746725 7f8cc4ff9700 1 -- 10.194.0.100:0/4006638222 --> 10.194.0.189:6789/0 -- mon_subscribe({mdsmap=0+}) v2 -- ?+0 0x5616c998b1c0 con 0x5616c99866f0
2017-02-02 08:08:29.746732 7f8cc4ff9700 20 -- 10.194.0.100:0/4006638222 submit_message mon_subscribe({mdsmap=0+}) v2 remote, 10.194.0.189:6789/0, have pipe.
2017-02-02 08:08:29.746745 7f8cc4ff9700 10 -- 10.194.0.100:0/4006638222 dispatch_throttle_release 441 to dispatch throttler 441/104857600
2017-02-02 08:08:29.746749 7f8cc4ff9700 20 -- 10.194.0.100:0/4006638222 done calling dispatch on 0x7f8cac005010
2017-02-02 08:08:29.746755 7f8cd1be2e80 20 client.4151 trim_cache size 0 max 16384
2017-02-02 08:08:29.746758 7f8cd1be2e80 2 client.4151 mounted: have mdsmap 0
2017-02-02 08:08:29.746772 7f8cd1bdf700 10 -- 10.194.0.100:0/4006638222 >> 10.194.0.189:6789/0 pipe(0x5616c9988650 sd=12 :54785 s=2 pgs=57 cs=1 l=1 c=0x5616c99866f0).writer: state = open policy.server=0
2017-02-02 08:08:29.746778 7f8cd1bdf700 20 -- 10.194.0.100:0/4006638222 >> 10.194.0.189:6789/0 pipe(0x5616c9988650 sd=12 :54785 s=2 pgs=57 cs=1 l=1 c=0x5616c99866f0).writer encoding 4 features 576460752032874495 0x5616c998ad60 mon_subscribe({osdmap=0}) v2
2017-02-02 08:08:29.746788 7f8cd1bdf700 20 -- 10.194.0.100:0/4006638222 >> 10.194.0.189:6789/0 pipe(0x5616c9988650 sd=12 :54785 s=2 pgs=57 cs=1 l=1 c=0x5616c99866f0).writer no session security
2017-02-02 08:08:29.746793 7f8cd1bdf700 20 -- 10.194.0.100:0/4006638222 >> 10.194.0.189:6789/0 pipe(0x5616c9988650 sd=12 :54785 s=2 pgs=57 cs=1 l=1 c=0x5616c99866f0).writer sending 4 0x5616c998ad60
2017-02-02 08:08:29.746808 7f8cd1bdf700 10 -- 10.194.0.100:0/4006638222 >> 10.194.0.189:6789/0 pipe(0x5616c9988650 sd=12 :54785 s=2 pgs=57 cs=1 l=1 c=0x5616c99866f0).writer: state = open policy.server=0
2017-02-02 08:08:29.746814 7f8cd1bdf700 20 -- 10.194.0.100:0/4006638222 >> 10.194.0.189:6789/0 pipe(0x5616c9988650 sd=12 :54785 s=2 pgs=57 cs=1 l=1 c=0x5616c99866f0).writer encoding 5 features 576460752032874495 0x5616c998b1c0 mon_subscribe({mdsmap=0+}) v2
2017-02-02 08:08:29.746824 7f8cd1bdf700 20 -- 10.194.0.100:0/4006638222 >> 10.194.0.189:6789/0 pipe(0x5616c9988650 sd=12 :54785 s=2 pgs=57 cs=1 l=1 c=0x5616c99866f0).writer no session security
2017-02-02 08:08:29.746828 7f8cd1bdf700 20 -- 10.194.0.100:0/4006638222 >> 10.194.0.189:6789/0 pipe(0x5616c9988650 sd=12 :54785 s=2 pgs=57 cs=1 l=1 c=0x5616c99866f0).writer sending 5 0x5616c998b1c0
2017-02-02 08:08:29.746841 7f8cd1bdf700 10 -- 10.194.0.100:0/4006638222 >> 10.194.0.189:6789/0 pipe(0x5616c9988650 sd=12 :54785 s=2 pgs=57 cs=1 l=1 c=0x5616c99866f0).writer: state = open policy.server=0
2017-02-02 08:08:29.746854 7f8cd1bdf700 20 -- 10.194.0.100:0/4006638222 >> 10.194.0.189:6789/0 pipe(0x5616c9988650 sd=12 :54785 s=2 pgs=57 cs=1 l=1 c=0x5616c99866f0).writer sleeping
2017-02-02 08:08:29.747054 7f8ccc7f1700 20 -- 10.194.0.100:0/4006638222 >> 10.194.0.189:6789/0 pipe(0x5616c9988650 sd=12 :54785 s=2 pgs=57 cs=1 l=1 c=0x5616c99866f0).reader got ACK
2017-02-02 08:08:29.747084 7f8ccc7f1700 15 -- 10.194.0.100:0/4006638222 >> 10.194.0.189:6789/0 pipe(0x5616c9988650 sd=12 :54785 s=2 pgs=57 cs=1 l=1 c=0x5616c99866f0).reader got ack seq 4
2017-02-02 08:08:29.747108 7f8ccc7f1700 20 -- 10.194.0.100:0/4006638222 >> 10.194.0.189:6789/0 pipe(0x5616c9988650 sd=12 :54785 s=2 pgs=57 cs=1 l=1 c=0x5616c99866f0).reader reading tag...
2017-02-02 08:08:29.747113 7f8ccc7f1700 20 -- 10.194.0.100:0/4006638222 >> 10.194.0.189:6789/0 pipe(0x5616c9988650 sd=12 :54785 s=2 pgs=57 cs=1 l=1 c=0x5616c99866f0).reader got ACK
2017-02-02 08:08:29.747117 7f8ccc7f1700 15 -- 10.194.0.100:0/4006638222 >> 10.194.0.189:6789/0 pipe(0x5616c9988650 sd=12 :54785 s=2 pgs=57 cs=1 l=1 c=0x5616c99866f0).reader got ack seq 5
2017-02-02 08:08:29.747122 7f8ccc7f1700 20 -- 10.194.0.100:0/4006638222 >> 10.194.0.189:6789/0 pipe(0x5616c9988650 sd=12 :54785 s=2 pgs=57 cs=1 l=1 c=0x5616c99866f0).reader reading tag...
2017-02-02 08:08:29.747126 7f8ccc7f1700 20 -- 10.194.0.100:0/4006638222 >> 10.194.0.189:6789/0 pipe(0x5616c9988650 sd=12 :54785 s=2 pgs=57 cs=1 l=1 c=0x5616c99866f0).reader got MSG
2017-02-02 08:08:29.747131 7f8ccc7f1700 20 -- 10.194.0.100:0/4006638222 >> 10.194.0.189:6789/0 pipe(0x5616c9988650 sd=12 :54785 s=2 pgs=57 cs=1 l=1 c=0x5616c99866f0).reader got envelope type=41 src mon.0 front=2591 data=0 off 0
2017-02-02 08:08:29.747145 7f8ccc7f1700 10 -- 10.194.0.100:0/4006638222 >> 10.194.0.189:6789/0 pipe(0x5616c9988650 sd=12 :54785 s=2 pgs=57 cs=1 l=1 c=0x5616c99866f0).reader wants 2591 from dispatch throttler 0/104857600
2017-02-02 08:08:29.747154 7f8ccc7f1700 20 -- 10.194.0.100:0/4006638222 >> 10.194.0.189:6789/0 pipe(0x5616c9988650 sd=12 :54785 s=2 pgs=57 cs=1 l=1 c=0x5616c99866f0).reader got front 2591
2017-02-02 08:08:29.747162 7f8ccc7f1700 10 -- 10.194.0.100:0/4006638222 >> 10.194.0.189:6789/0 pipe(0x5616c9988650 sd=12 :54785 s=2 pgs=57 cs=1 l=1 c=0x5616c99866f0).aborted = 0
2017-02-02 08:08:29.747167 7f8ccc7f1700 20 -- 10.194.0.100:0/4006638222 >> 10.194.0.189:6789/0 pipe(0x5616c9988650 sd=12 :54785 s=2 pgs=57 cs=1 l=1 c=0x5616c99866f0).reader got 2591 + 0 + 0 byte message
2017-02-02 08:08:29.747185 7f8ccc7f1700 10 -- 10.194.0.100:0/4006638222 >> 10.194.0.189:6789/0 pipe(0x5616c9988650 sd=12 :54785 s=2 pgs=57 cs=1 l=1 c=0x5616c99866f0).No session security set
2017-02-02 08:08:29.747196 7f8ccc7f1700 10 -- 10.194.0.100:0/4006638222 >> 10.194.0.189:6789/0 pipe(0x5616c9988650 sd=12 :54785 s=2 pgs=57 cs=1 l=1 c=0x5616c99866f0).reader got message 5 0x7f8cac006e80 osd_map(26..26 src has 1..26) v3
2017-02-02 08:08:29.747202 7f8ccc7f1700 20 -- 10.194.0.100:0/4006638222 queue 0x7f8cac006e80 prio 196
2017-02-02 08:08:29.747217 7f8cc4ff9700 1 -- 10.194.0.100:0/4006638222 <== mon.0 10.194.0.189:6789/0 5 ==== osd_map(26..26 src has 1..26) v3 ==== 2591+0+0 (2216905732 0 0) 0x7f8cac006e80 con 0x5616c99866f0
2017-02-02 08:08:29.747229 7f8cc4ff9700 10 client.4151.objecter ms_dispatch 0x5616c9927990 osd_map(26..26 src has 1..26) v3
2017-02-02 08:08:29.747234 7f8cc4ff9700 3 client.4151.objecter handle_osd_map got epochs [26,26] > 0
2017-02-02 08:08:29.747236 7f8cc4ff9700 3 client.4151.objecter handle_osd_map decoding full epoch 26
2017-02-02 08:08:29.747287 7f8cc4ff9700 20 client.4151.objecter dump_active .. 0 homeless
2017-02-02 08:08:29.747301 7f8cc4ff9700 10 -- 10.194.0.100:0/4006638222 dispatch_throttle_release 2591 to dispatch throttler 2591/104857600
2017-02-02 08:08:29.747305 7f8cc4ff9700 20 -- 10.194.0.100:0/4006638222 done calling dispatch on 0x7f8cac006e80
2017-02-02 08:08:29.747314 7f8ccc7f1700 20 -- 10.194.0.100:0/4006638222 >> 10.194.0.189:6789/0 pipe(0x5616c9988650 sd=12 :54785 s=2 pgs=57 cs=1 l=1 c=0x5616c99866f0).reader reading tag...
2017-02-02 08:08:29.747328 7f8ccc7f1700 20 -- 10.194.0.100:0/4006638222 >> 10.194.0.189:6789/0 pipe(0x5616c9988650 sd=12 :54785 s=2 pgs=57 cs=1 l=1 c=0x5616c99866f0).reader got MSG
2017-02-02 08:08:29.747333 7f8ccc7f1700 20 -- 10.194.0.100:0/4006638222 >> 10.194.0.189:6789/0 pipe(0x5616c9988650 sd=12 :54785 s=2 pgs=57 cs=1 l=1 c=0x5616c99866f0).reader got envelope type=21 src mon.0 front=686 data=0 off 0
2017-02-02 08:08:29.747344 7f8ccc7f1700 10 -- 10.194.0.100:0/4006638222 >> 10.194.0.189:6789/0 pipe(0x5616c9988650 sd=12 :54785 s=2 pgs=57 cs=1 l=1 c=0x5616c99866f0).reader wants 686 from dispatch throttler 0/104857600
2017-02-02 08:08:29.747351 7f8ccc7f1700 20 -- 10.194.0.100:0/4006638222 >> 10.194.0.189:6789/0 pipe(0x5616c9988650 sd=12 :54785 s=2 pgs=57 cs=1 l=1 c=0x5616c99866f0).reader got front 686
2017-02-02 08:08:29.747355 7f8ccc7f1700 10 -- 10.194.0.100:0/4006638222 >> 10.194.0.189:6789/0 pipe(0x5616c9988650 sd=12 :54785 s=2 pgs=57 cs=1 l=1 c=0x5616c99866f0).aborted = 0
2017-02-02 08:08:29.747360 7f8ccc7f1700 20 -- 10.194.0.100:0/4006638222 >> 10.194.0.189:6789/0 pipe(0x5616c9988650 sd=12 :54785 s=2 pgs=57 cs=1 l=1 c=0x5616c99866f0).reader got 686 + 0 + 0 byte message
2017-02-02 08:08:29.747372 7f8ccc7f1700 10 -- 10.194.0.100:0/4006638222 >> 10.194.0.189:6789/0 pipe(0x5616c9988650 sd=12 :54785 s=2 pgs=57 cs=1 l=1 c=0x5616c99866f0).No session security set
2017-02-02 08:08:29.747377 7f8ccc7f1700 10 -- 10.194.0.100:0/4006638222 >> 10.194.0.189:6789/0 pipe(0x5616c9988650 sd=12 :54785 s=2 pgs=57 cs=1 l=1 c=0x5616c99866f0).reader got message 6 0x7f8cac0074b0 mdsmap(e 11) v1
2017-02-02 08:08:29.747388 7f8ccc7f1700 20 -- 10.194.0.100:0/4006638222 queue 0x7f8cac0074b0 prio 196
2017-02-02 08:08:29.747402 7f8cc4ff9700 1 -- 10.194.0.100:0/4006638222 <== mon.0 10.194.0.189:6789/0 6 ==== mdsmap(e 11) v1 ==== 686+0+0 (767285296 0 0) 0x7f8cac0074b0 con 0x5616c99866f0
2017-02-02 08:08:29.747412 7f8cc4ff9700 10 client.4151.objecter ms_dispatch 0x5616c9927990 mdsmap(e 11) v1
2017-02-02 08:08:29.747414 7f8cc4ff9700 1 client.4151 handle_mds_map epoch 11
2017-02-02 08:08:29.747436 7f8cc4ff9700 10 -- 10.194.0.100:0/4006638222 dispatch_throttle_release 686 to dispatch throttler 686/104857600
2017-02-02 08:08:29.747442 7f8cc4ff9700 20 -- 10.194.0.100:0/4006638222 done calling dispatch on 0x7f8cac0074b0
2017-02-02 08:08:29.747446 7f8cd1be2e80 10 client.4151 did not get mds through better means, so chose random mds 0
2017-02-02 08:08:29.747450 7f8cd1be2e80 20 client.4151 mds is 0
2017-02-02 08:08:29.747449 7f8ccc7f1700 20 -- 10.194.0.100:0/4006638222 >> 10.194.0.189:6789/0 pipe(0x5616c9988650 sd=12 :54785 s=2 pgs=57 cs=1 l=1 c=0x5616c99866f0).reader reading tag...
2017-02-02 08:08:29.747452 7f8cd1be2e80 10 client.4151 _open_mds_session mds.0
2017-02-02 08:08:29.747455 7f8cd1be2e80 10 -- 10.194.0.100:0/4006638222 connect_rank to 10.194.0.189:6816/31695, creating pipe and registering
2017-02-02 08:08:29.747457 7f8cd1bdf700 10 -- 10.194.0.100:0/4006638222 >> 10.194.0.189:6789/0 pipe(0x5616c9988650 sd=12 :54785 s=2 pgs=57 cs=1 l=1 c=0x5616c99866f0).writer: state = open policy.server=0
2017-02-02 08:08:29.747462 7f8cd1bdf700 10 -- 10.194.0.100:0/4006638222 >> 10.194.0.189:6789/0 pipe(0x5616c9988650 sd=12 :54785 s=2 pgs=57 cs=1 l=1 c=0x5616c99866f0).write_ack 6
2017-02-02 08:08:29.747470 7f8cd1bdf700 10 -- 10.194.0.100:0/4006638222 >> 10.194.0.189:6789/0 pipe(0x5616c9988650 sd=12 :54785 s=2 pgs=57 cs=1 l=1 c=0x5616c99866f0).writer: state = open policy.server=0
2017-02-02 08:08:29.747475 7f8cd1bdf700 20 -- 10.194.0.100:0/4006638222 >> 10.194.0.189:6789/0 pipe(0x5616c9988650 sd=12 :54785 s=2 pgs=57 cs=1 l=1 c=0x5616c99866f0).writer sleeping
2017-02-02 08:08:29.747500 7f8cd1be2e80 10 -- 10.194.0.100:0/4006638222 >> 10.194.0.189:6816/31695 pipe(0x5616c998ca10 sd=-1 :0 s=1 pgs=0 cs=0 l=0 c=0x5616c998ad60).register_pipe
2017-02-02 08:08:29.747509 7f8cd1be2e80 10 -- 10.194.0.100:0/4006638222 get_connection mds.0 10.194.0.189:6816/31695 new 0x5616c998ca10
2017-02-02 08:08:29.747520 7f8ccc6f0700 10 -- 10.194.0.100:0/4006638222 >> 10.194.0.189:6816/31695 pipe(0x5616c998ca10 sd=-1 :0 s=1 pgs=0 cs=0 l=0 c=0x5616c998ad60).writer: state = connecting policy.server=0
2017-02-02 08:08:29.747530 7f8ccc6f0700 10 -- 10.194.0.100:0/4006638222 >> 10.194.0.189:6816/31695 pipe(0x5616c998ca10 sd=-1 :0 s=1 pgs=0 cs=0 l=0 c=0x5616c998ad60).connect 0
2017-02-02 08:08:29.747546 7f8ccc6f0700 10 -- 10.194.0.100:0/4006638222 >> 10.194.0.189:6816/31695 pipe(0x5616c998ca10 sd=13 :0 s=1 pgs=0 cs=0 l=0 c=0x5616c998ad60).connecting to 10.194.0.189:6816/31695
2017-02-02 08:08:29.747582 7f8cd1be2e80 1 -- 10.194.0.100:0/4006638222 --> 10.194.0.189:6816/31695 -- client_session(request_open) v2 -- ?+0 0x5616c998a2c0 con 0x5616c998ad60
2017-02-02 08:08:29.747597 7f8cd1be2e80 20 -- 10.194.0.100:0/4006638222 submit_message client_session(request_open) v2 remote, 10.194.0.189:6816/31695, have pipe.
2017-02-02 08:08:29.747602 7f8cd1be2e80 10 client.4151 waiting for session to mds.0 to open
2017-02-02 08:08:29.747917 7f8ccc6f0700 20 -- 10.194.0.100:0/4006638222 >> 10.194.0.189:6816/31695 pipe(0x5616c998ca10 sd=13 :31421 s=1 pgs=0 cs=0 l=0 c=0x5616c998ad60).connect read peer addr 10.194.0.189:6816/31695 on socket 13
2017-02-02 08:08:29.747939 7f8ccc6f0700 20 -- 10.194.0.100:0/4006638222 >> 10.194.0.189:6816/31695 pipe(0x5616c998ca10 sd=13 :31421 s=1 pgs=0 cs=0 l=0 c=0x5616c998ad60).connect peer addr for me is 10.194.0.100:31421/0
2017-02-02 08:08:29.747957 7f8ccc6f0700 10 -- 10.194.0.100:0/4006638222 >> 10.194.0.189:6816/31695 pipe(0x5616c998ca10 sd=13 :31421 s=1 pgs=0 cs=0 l=0 c=0x5616c998ad60).connect sent my addr 10.194.0.100:0/4006638222
2017-02-02 08:08:29.747995 7f8ccc6f0700 10 -- 10.194.0.100:0/4006638222 >> 10.194.0.189:6816/31695 pipe(0x5616c998ca10 sd=13 :31421 s=1 pgs=0 cs=0 l=0 c=0x5616c998ad60).connect.authorizer_len=190 protocol=2
2017-02-02 08:08:29.748024 7f8ccc6f0700 10 -- 10.194.0.100:0/4006638222 >> 10.194.0.189:6816/31695 pipe(0x5616c998ca10 sd=13 :31421 s=1 pgs=0 cs=0 l=0 c=0x5616c998ad60).connect sending gseq=2 cseq=0 proto=32
2017-02-02 08:08:29.748054 7f8ccc6f0700 20 -- 10.194.0.100:0/4006638222 >> 10.194.0.189:6816/31695 pipe(0x5616c998ca10 sd=13 :31421 s=1 pgs=0 cs=0 l=0 c=0x5616c998ad60).connect wrote (self +) cseq, waiting for reply
2017-02-02 08:08:29.748421 7f8ccc6f0700 20 -- 10.194.0.100:0/4006638222 >> 10.194.0.189:6816/31695 pipe(0x5616c998ca10 sd=13 :31421 s=1 pgs=0 cs=0 l=0 c=0x5616c998ad60).connect got reply tag 1 connect_seq 1 global_seq 5 proto 32 flags 0 features 576460752032874495
2017-02-02 08:08:29.748431 7f8ccc6f0700 10 -- 10.194.0.100:0/4006638222 >> 10.194.0.189:6816/31695 pipe(0x5616c998ca10 sd=13 :31421 s=1 pgs=0 cs=0 l=0 c=0x5616c998ad60).reply.authorizer_len=36
2017-02-02 08:08:29.748465 7f8ccc6f0700 10 -- 10.194.0.100:0/4006638222 >> 10.194.0.189:6816/31695 pipe(0x5616c998ca10 sd=13 :31421 s=2 pgs=5 cs=1 l=0 c=0x5616c998ad60).connect success 1, lossy = 0, features 576460752032874495
2017-02-02 08:08:29.748495 7f8cc4ff9700 10 client.4151.objecter ms_handle_connect 0x5616c998ad60
2017-02-02 08:08:29.748501 7f8cc4ff9700 10 client.4151 ms_handle_connect on 10.194.0.189:6816/31695
2017-02-02 08:08:29.748507 7f8ccc6f0700 20 -- 10.194.0.100:0/4006638222 >> 10.194.0.189:6816/31695 pipe(0x5616c998ca10 sd=13 :31421 s=2 pgs=5 cs=1 l=0 c=0x5616c998ad60).connect starting reader
2017-02-02 08:08:29.748541 7f8ccc6f0700 10 -- 10.194.0.100:0/4006638222 >> 10.194.0.189:6816/31695 pipe(0x5616c998ca10 sd=13 :31421 s=2 pgs=5 cs=1 l=0 c=0x5616c998ad60).writer: state = open policy.server=0
2017-02-02 08:08:29.748553 7f8ccc6f0700 20 -- 10.194.0.100:0/4006638222 >> 10.194.0.189:6816/31695 pipe(0x5616c998ca10 sd=13 :31421 s=2 pgs=5 cs=1 l=0 c=0x5616c998ad60).writer encoding 1 features 576460752032874495 0x5616c998a2c0 client_session(request_open) v2
2017-02-02 08:08:29.748575 7f8ccc6f0700 20 -- 10.194.0.100:0/4006638222 >> 10.194.0.189:6816/31695 pipe(0x5616c998ca10 sd=13 :31421 s=2 pgs=5 cs=1 l=0 c=0x5616c998ad60).writer signed seq # 1): sig = 6772425190006483517
2017-02-02 08:08:29.748587 7f8ccc6f0700 20 -- 10.194.0.100:0/4006638222 >> 10.194.0.189:6816/31695 pipe(0x5616c998ca10 sd=13 :31421 s=2 pgs=5 cs=1 l=0 c=0x5616c998ad60).writer sending 1 0x5616c998a2c0
2017-02-02 08:08:29.748601 7f8ccc6f0700 10 -- 10.194.0.100:0/4006638222 >> 10.194.0.189:6816/31695 pipe(0x5616c998ca10 sd=13 :31421 s=2 pgs=5 cs=1 l=0 c=0x5616c998ad60).writer: state = open policy.server=0
2017-02-02 08:08:29.748618 7f8ccc6f0700 20 -- 10.194.0.100:0/4006638222 >> 10.194.0.189:6816/31695 pipe(0x5616c998ca10 sd=13 :31421 s=2 pgs=5 cs=1 l=0 c=0x5616c998ad60).writer sleeping
2017-02-02 08:08:29.748639 7f8ccc5ef700 20 -- 10.194.0.100:0/4006638222 >> 10.194.0.189:6816/31695 pipe(0x5616c998ca10 sd=13 :31421 s=2 pgs=5 cs=1 l=0 c=0x5616c998ad60).reader reading tag...
2017-02-02 08:08:29.754052 7f8ccc5ef700 20 -- 10.194.0.100:0/4006638222 >> 10.194.0.189:6816/31695 pipe(0x5616c998ca10 sd=13 :31421 s=2 pgs=5 cs=1 l=0 c=0x5616c998ad60).reader got ACK
2017-02-02 08:08:29.754063 7f8ccc5ef700 15 -- 10.194.0.100:0/4006638222 >> 10.194.0.189:6816/31695 pipe(0x5616c998ca10 sd=13 :31421 s=2 pgs=5 cs=1 l=0 c=0x5616c998ad60).reader got ack seq 1
2017-02-02 08:08:29.754072 7f8ccc5ef700 10 -- 10.194.0.100:0/4006638222 >> 10.194.0.189:6816/31695 pipe(0x5616c998ca10 sd=13 :31421 s=2 pgs=5 cs=1 l=0 c=0x5616c998ad60).reader got ack seq 1 >= 1 on 0x5616c998a2c0 client_session(request_open) v2
2017-02-02 08:08:29.754080 7f8ccc5ef700 20 -- 10.194.0.100:0/4006638222 >> 10.194.0.189:6816/31695 pipe(0x5616c998ca10 sd=13 :31421 s=2 pgs=5 cs=1 l=0 c=0x5616c998ad60).reader reading tag...
2017-02-02 08:08:29.754087 7f8ccc5ef700 20 -- 10.194.0.100:0/4006638222 >> 10.194.0.189:6816/31695 pipe(0x5616c998ca10 sd=13 :31421 s=2 pgs=5 cs=1 l=0 c=0x5616c998ad60).reader got MSG
2017-02-02 08:08:29.754099 7f8ccc5ef700 20 -- 10.194.0.100:0/4006638222 >> 10.194.0.189:6816/31695 pipe(0x5616c998ca10 sd=13 :31421 s=2 pgs=5 cs=1 l=0 c=0x5616c998ad60).reader got envelope type=22 src mds.0 front=28 data=0 off 0
2017-02-02 08:08:29.754106 7f8ccc5ef700 10 -- 10.194.0.100:0/4006638222 >> 10.194.0.189:6816/31695 pipe(0x5616c998ca10 sd=13 :31421 s=2 pgs=5 cs=1 l=0 c=0x5616c998ad60).reader wants 28 from dispatch throttler 0/104857600
2017-02-02 08:08:29.754113 7f8ccc5ef700 20 -- 10.194.0.100:0/4006638222 >> 10.194.0.189:6816/31695 pipe(0x5616c998ca10 sd=13 :31421 s=2 pgs=5 cs=1 l=0 c=0x5616c998ad60).reader got front 28
2017-02-02 08:08:29.754122 7f8ccc5ef700 10 -- 10.194.0.100:0/4006638222 >> 10.194.0.189:6816/31695 pipe(0x5616c998ca10 sd=13 :31421 s=2 pgs=5 cs=1 l=0 c=0x5616c998ad60).aborted = 0
2017-02-02 08:08:29.754126 7f8ccc5ef700 20 -- 10.194.0.100:0/4006638222 >> 10.194.0.189:6816/31695 pipe(0x5616c998ca10 sd=13 :31421 s=2 pgs=5 cs=1 l=0 c=0x5616c998ad60).reader got 28 + 0 + 0 byte message
2017-02-02 08:08:29.754155 7f8ccc5ef700 10 -- 10.194.0.100:0/4006638222 >> 10.194.0.189:6816/31695 pipe(0x5616c998ca10 sd=13 :31421 s=2 pgs=5 cs=1 l=0 c=0x5616c998ad60).reader got message 1 0x7f8ca4001880 client_session(open) v1
2017-02-02 08:08:29.754166 7f8ccc5ef700 20 -- 10.194.0.100:0/4006638222 queue 0x7f8ca4001880 prio 127
2017-02-02 08:08:29.754180 7f8cc4ff9700 1 -- 10.194.0.100:0/4006638222 <== mds.0 10.194.0.189:6816/31695 1 ==== client_session(open) v1 ==== 28+0+0 (2719320884 0 0) 0x7f8ca4001880 con 0x5616c998ad60
2017-02-02 08:08:29.754188 7f8cc4ff9700 10 client.4151.objecter ms_dispatch 0x5616c9927990 client_session(open) v1
2017-02-02 08:08:29.754190 7f8cc4ff9700 10 client.4151 handle_client_session client_session(open) v1 from mds.0
2017-02-02 08:08:29.754193 7f8cc4ff9700 10 client.4151 renew_caps mds.0
2017-02-02 08:08:29.754195 7f8cc4ff9700 1 -- 10.194.0.100:0/4006638222 --> 10.194.0.189:6816/31695 -- client_session(request_renewcaps seq 1) v2 -- ?+0 0x7f8cb800b600 con 0x5616c998ad60
2017-02-02 08:08:29.754205 7f8ccc5ef700 20 -- 10.194.0.100:0/4006638222 >> 10.194.0.189:6816/31695 pipe(0x5616c998ca10 sd=13 :31421 s=2 pgs=5 cs=1 l=0 c=0x5616c998ad60).reader reading tag...
2017-02-02 08:08:29.754219 7f8ccc6f0700 10 -- 10.194.0.100:0/4006638222 >> 10.194.0.189:6816/31695 pipe(0x5616c998ca10 sd=13 :31421 s=2 pgs=5 cs=1 l=0 c=0x5616c998ad60).writer: state = open policy.server=0
2017-02-02 08:08:29.754227 7f8cc4ff9700 20 -- 10.194.0.100:0/4006638222 submit_message client_session(request_renewcaps seq 1) v2 remote, 10.194.0.189:6816/31695, have pipe.
2017-02-02 08:08:29.754237 7f8cc4ff9700 10 client.4151 connect_mds_targets for mds.0
2017-02-02 08:08:29.754243 7f8cc4ff9700 10 -- 10.194.0.100:0/4006638222 dispatch_throttle_release 28 to dispatch throttler 28/104857600
2017-02-02 08:08:29.754246 7f8cc4ff9700 20 -- 10.194.0.100:0/4006638222 done calling dispatch on 0x7f8ca4001880
2017-02-02 08:08:29.754252 7f8ccc6f0700 10 -- 10.194.0.100:0/4006638222 >> 10.194.0.189:6816/31695 pipe(0x5616c998ca10 sd=13 :31421 s=2 pgs=5 cs=1 l=0 c=0x5616c998ad60).write_ack 1
2017-02-02 08:08:29.754261 7f8cd1be2e80 10 client.4151 did not get mds through better means, so chose random mds 0
2017-02-02 08:08:29.754265 7f8cd1be2e80 20 client.4151 mds is 0
2017-02-02 08:08:29.754267 7f8cd1be2e80 10 client.4151 send_request rebuilding request 1 for mds.0
2017-02-02 08:08:29.754264 7f8ccc6f0700 20 -- 10.194.0.100:0/4006638222 >> 10.194.0.189:6816/31695 pipe(0x5616c998ca10 sd=13 :31421 s=2 pgs=5 cs=1 l=0 c=0x5616c998ad60).writer encoding 2 features 576460752032874495 0x7f8cb800b600 client_session(request_renewcaps seq 1) v2
2017-02-02 08:08:29.754274 7f8cd1be2e80 20 client.4151 encode_cap_releases enter (req: 0x5616c9989a00, mds: 0)
2017-02-02 08:08:29.754277 7f8cd1be2e80 20 client.4151 send_request set sent_stamp to
2017-02-02 08:08:29.754276
2017-02-02 08:08:29.754280 7f8cd1be2e80 10 client.4151 send_request client_request(unknown.0:1 getattr pAsLsXsFs #1
2017-02-02 08:08:29.747442) v3 to mds.0
2017-02-02 08:08:29.754284 7f8ccc6f0700 20 -- 10.194.0.100:0/4006638222 >> 10.194.0.189:6816/31695 pipe(0x5616c998ca10 sd=13 :31421 s=2 pgs=5 cs=1 l=0 c=0x5616c998ad60).writer signed seq # 2): sig = 4078164412045697460
2017-02-02 08:08:29.754290 7f8ccc6f0700 20 -- 10.194.0.100:0/4006638222 >> 10.194.0.189:6816/31695 pipe(0x5616c998ca10 sd=13 :31421 s=2 pgs=5 cs=1 l=0 c=0x5616c998ad60).writer sending 2 0x7f8cb800b600
2017-02-02 08:08:29.754289 7f8cd1be2e80 1 -- 10.194.0.100:0/4006638222 --> 10.194.0.189:6816/31695 -- client_request(client.4151:1 getattr pAsLsXsFs #1
2017-02-02 08:08:29.747442) v3 -- ?+0 0x5616c998eec0 con 0x5616c998ad60
2017-02-02 08:08:29.754299 7f8cd1be2e80 20 -- 10.194.0.100:0/4006638222 submit_message client_request(client.4151:1 getattr pAsLsXsFs #1
2017-02-02 08:08:29.747442) v3 remote, 10.194.0.189:6816/31695, have pipe.
2017-02-02 08:08:29.754322 7f8cd1be2e80 20 client.4151 awaiting reply|forward|kick on 0x7ffca3ea8030
2017-02-02 08:08:29.754327 7f8ccc6f0700 10 -- 10.194.0.100:0/4006638222 >> 10.194.0.189:6816/31695 pipe(0x5616c998ca10 sd=13 :31421 s=2 pgs=5 cs=1 l=0 c=0x5616c998ad60).writer: state = open policy.server=0
2017-02-02 08:08:29.754334 7f8ccc6f0700 20 -- 10.194.0.100:0/4006638222 >> 10.194.0.189:6816/31695 pipe(0x5616c998ca10 sd=13 :31421 s=2 pgs=5 cs=1 l=0 c=0x5616c998ad60).writer encoding 3 features 576460752032874495 0x5616c998eec0 client_request(client.4151:1 getattr pAsLsXsFs #1
2017-02-02 08:08:29.747442) v3
2017-02-02 08:08:29.754364 7f8ccc6f0700 20 -- 10.194.0.100:0/4006638222 >> 10.194.0.189:6816/31695 pipe(0x5616c998ca10 sd=13 :31421 s=2 pgs=5 cs=1 l=0 c=0x5616c998ad60).writer signed seq # 3): sig = 14828172232468608107
2017-02-02 08:08:29.754371 7f8ccc6f0700 20 -- 10.194.0.100:0/4006638222 >> 10.194.0.189:6816/31695 pipe(0x5616c998ca10 sd=13 :31421 s=2 pgs=5 cs=1 l=0 c=0x5616c998ad60).writer sending 3 0x5616c998eec0
2017-02-02 08:08:29.754384 7f8ccc6f0700 10 -- 10.194.0.100:0/4006638222 >> 10.194.0.189:6816/31695 pipe(0x5616c998ca10 sd=13 :31421 s=2 pgs=5 cs=1 l=0 c=0x5616c998ad60).writer: state = open policy.server=0
2017-02-02 08:08:29.754405 7f8ccc6f0700 20 -- 10.194.0.100:0/4006638222 >> 10.194.0.189:6816/31695 pipe(0x5616c998ca10 sd=13 :31421 s=2 pgs=5 cs=1 l=0 c=0x5616c998ad60).writer sleeping
2017-02-02 08:08:29.754849 7f8ccc5ef700 20 -- 10.194.0.100:0/4006638222 >> 10.194.0.189:6816/31695 pipe(0x5616c998ca10 sd=13 :31421 s=2 pgs=5 cs=1 l=0 c=0x5616c998ad60).reader got ACK
2017-02-02 08:08:29.754860 7f8ccc5ef700 15 -- 10.194.0.100:0/4006638222 >> 10.194.0.189:6816/31695 pipe(0x5616c998ca10 sd=13 :31421 s=2 pgs=5 cs=1 l=0 c=0x5616c998ad60).reader got ack seq 3
2017-02-02 08:08:29.754865 7f8ccc5ef700 10 -- 10.194.0.100:0/4006638222 >> 10.194.0.189:6816/31695 pipe(0x5616c998ca10 sd=13 :31421 s=2 pgs=5 cs=1 l=0 c=0x5616c998ad60).reader got ack seq 3 >= 2 on 0x7f8cb800b600 client_session(request_renewcaps seq 1) v1
2017-02-02 08:08:29.754872 7f8ccc5ef700 10 -- 10.194.0.100:0/4006638222 >> 10.194.0.189:6816/31695 pipe(0x5616c998ca10 sd=13 :31421 s=2 pgs=5 cs=1 l=0 c=0x5616c998ad60).reader got ack seq 3 >= 3 on 0x5616c998eec0 client_request(client.4151:1 getattr pAsLsXsFs #1
2017-02-02 08:08:29.747442) v3
2017-02-02 08:08:29.754889 7f8ccc5ef700 20 -- 10.194.0.100:0/4006638222 >> 10.194.0.189:6816/31695 pipe(0x5616c998ca10 sd=13 :31421 s=2 pgs=5 cs=1 l=0 c=0x5616c998ad60).reader reading tag...
2017-02-02 08:08:29.754894 7f8ccc5ef700 20 -- 10.194.0.100:0/4006638222 >> 10.194.0.189:6816/31695 pipe(0x5616c998ca10 sd=13 :31421 s=2 pgs=5 cs=1 l=0 c=0x5616c998ad60).reader got MSG
2017-02-02 08:08:29.754899 7f8ccc5ef700 20 -- 10.194.0.100:0/4006638222 >> 10.194.0.189:6816/31695 pipe(0x5616c998ca10 sd=13 :31421 s=2 pgs=5 cs=1 l=0 c=0x5616c998ad60).reader got envelope type=22 src mds.0 front=28 data=0 off 0
2017-02-02 08:08:29.754904 7f8ccc5ef700 10 -- 10.194.0.100:0/4006638222 >> 10.194.0.189:6816/31695 pipe(0x5616c998ca10 sd=13 :31421 s=2 pgs=5 cs=1 l=0 c=0x5616c998ad60).reader wants 28 from dispatch throttler 0/104857600
2017-02-02 08:08:29.754916 7f8ccc5ef700 20 -- 10.194.0.100:0/4006638222 >> 10.194.0.189:6816/31695 pipe(0x5616c998ca10 sd=13 :31421 s=2 pgs=5 cs=1 l=0 c=0x5616c998ad60).reader got front 28
2017-02-02 08:08:29.754921 7f8ccc5ef700 10 -- 10.194.0.100:0/4006638222 >> 10.194.0.189:6816/31695 pipe(0x5616c998ca10 sd=13 :31421 s=2 pgs=5 cs=1 l=0 c=0x5616c998ad60).aborted = 0
2017-02-02 08:08:29.754926 7f8ccc5ef700 20 -- 10.194.0.100:0/4006638222 >> 10.194.0.189:6816/31695 pipe(0x5616c998ca10 sd=13 :31421 s=2 pgs=5 cs=1 l=0 c=0x5616c998ad60).reader got 28 + 0 + 0 byte message
2017-02-02 08:08:29.754953 7f8ccc5ef700 10 -- 10.194.0.100:0/4006638222 >> 10.194.0.189:6816/31695 pipe(0x5616c998ca10 sd=13 :31421 s=2 pgs=5 cs=1 l=0 c=0x5616c998ad60).reader got message 2 0x7f8ca4002fb0 client_session(renewcaps seq 1) v1
2017-02-02 08:08:29.754965 7f8ccc5ef700 20 -- 10.194.0.100:0/4006638222 queue 0x7f8ca4002fb0 prio 127
2017-02-02 08:08:29.754979 7f8cc4ff9700 1 -- 10.194.0.100:0/4006638222 <== mds.0 10.194.0.189:6816/31695 2 ==== client_session(renewcaps seq 1) v1 ==== 28+0+0 (2614397064 0 0) 0x7f8ca4002fb0 con 0x5616c998ad60
2017-02-02 08:08:29.754991 7f8cc4ff9700 10 client.4151.objecter ms_dispatch 0x5616c9927990 client_session(renewcaps seq 1) v1
2017-02-02 08:08:29.755002 7f8cc4ff9700 10 client.4151 handle_client_session client_session(renewcaps seq 1) v1 from mds.0
2017-02-02 08:08:29.755010 7f8cc4ff9700 10 -- 10.194.0.100:0/4006638222 dispatch_throttle_release 28 to dispatch throttler 28/104857600
2017-02-02 08:08:29.755014 7f8cc4ff9700 20 -- 10.194.0.100:0/4006638222 done calling dispatch on 0x7f8ca4002fb0
2017-02-02 08:08:29.755021 7f8ccc5ef700 20 -- 10.194.0.100:0/4006638222 >> 10.194.0.189:6816/31695 pipe(0x5616c998ca10 sd=13 :31421 s=2 pgs=5 cs=1 l=0 c=0x5616c998ad60).reader reading tag...
2017-02-02 08:08:29.755030 7f8ccc6f0700 10 -- 10.194.0.100:0/4006638222 >> 10.194.0.189:6816/31695 pipe(0x5616c998ca10 sd=13 :31421 s=2 pgs=5 cs=1 l=0 c=0x5616c998ad60).writer: state = open policy.server=0
2017-02-02 08:08:29.755036 7f8ccc6f0700 10 -- 10.194.0.100:0/4006638222 >> 10.194.0.189:6816/31695 pipe(0x5616c998ca10 sd=13 :31421 s=2 pgs=5 cs=1 l=0 c=0x5616c998ad60).write_ack 2
2017-02-02 08:08:29.755049 7f8ccc6f0700 10 -- 10.194.0.100:0/4006638222 >> 10.194.0.189:6816/31695 pipe(0x5616c998ca10 sd=13 :31421 s=2 pgs=5 cs=1 l=0 c=0x5616c998ad60).writer: state = open policy.server=0
2017-02-02 08:08:29.755055 7f8ccc6f0700 20 -- 10.194.0.100:0/4006638222 >> 10.194.0.189:6816/31695 pipe(0x5616c998ca10 sd=13 :31421 s=2 pgs=5 cs=1 l=0 c=0x5616c998ad60).writer sleeping
2017-02-02 08:08:29.755397 7f8ccc5ef700 20 -- 10.194.0.100:0/4006638222 >> 10.194.0.189:6816/31695 pipe(0x5616c998ca10 sd=13 :31421 s=2 pgs=5 cs=1 l=0 c=0x5616c998ad60).reader got MSG
