2017-02-02 08:10:20.865549 7f8ca3fff700 20 client.4151 _ll_get 0x7f8cb80108a0 10000000000 -> 51
2017-02-02 08:10:20.865551 7f8ca3fff700 3 client.4151 ll_lookup 0x7f8cb800d450 test -> 0 (10000000000)
2017-02-02 08:10:20.865554 7f8ca3fff700 10 client.4151 put_inode on 10000000000.head(faked_ino=0 ref=3 ll_ref=51 cap_refs={} open={} mode=100644 size=0/0 mtime=2017-02-01 11:30:21.284000 caps=pAsLsXsFscr(0=pAsLsXsFscr) objectset[10000000000 ts 0/0 objects 0 dirty_or_tx 0] parents=0x7f8cb8011710 0x7f8cb80108a0)
2017-02-02 08:10:20.865564 7f8ca3fff700 15 inode.put on 0x7f8cb80108a0 10000000000.head now 2
2017-02-02 08:10:20.865573 7f8ca3fff700 3 client.4151 ll_forget 1 1
2017-02-02 08:10:20.865593 7f8ca37fe700 20 client.4151 _ll_get 0x7f8cb80108a0 10000000000 -> 52
2017-02-02 08:10:20.865601 7f8ca37fe700 3 client.4151 ll_getattr 10000000000.head
2017-02-02 08:10:20.865604 7f8ca37fe700 10 client.4151 _getattr mask pAsLsXsFs issued=1
2017-02-02 08:10:20.865607 7f8ca37fe700 10 client.4151 fill_stat on 10000000000 snap/devhead mode 0100644 mtime
2017-02-01 11:30:21.284000 ctime
2017-02-01 11:30:21.285768
2017-02-02 08:10:20.865619 7f8ca37fe700 3 client.4151 ll_getattr 10000000000.head = 0
2017-02-02 08:10:20.865623 7f8ca37fe700 3 client.4151 ll_forget 10000000000 1
2017-02-02 08:10:20.865625 7f8ca37fe700 20 client.4151 _ll_put 0x7f8cb80108a0 10000000000 1 -> 51
2017-02-02 08:10:20.865653 7f8ca3fff700 3 client.4151 ll_getattr 1.head
2017-02-02 08:10:20.865665 7f8ca3fff700 10 client.4151 _getattr mask pAsLsXsFs issued=1
2017-02-02 08:10:20.865670 7f8ca3fff700 10 client.4151 fill_stat on 1 snap/devhead mode 040755 mtime
2017-02-01 11:30:21.278903 ctime
2017-02-01 11:30:21.278903
2017-02-02 08:10:20.865676 7f8ca3fff700 3 client.4151 ll_getattr 1.head = 0
2017-02-02 08:10:20.865688 7f8ca3fff700 3 client.4151 ll_forget 1 1
2017-02-02 08:10:20.865702 7f8ca37fe700 3 client.4151 ll_lookup 0x7f8cb800d450 test
2017-02-02 08:10:20.865712 7f8ca37fe700 20 client.4151 _lookup have dn test mds.-1 ttl 0.000000 seq 0
2017-02-02 08:10:20.865716 7f8ca37fe700 15 inode.get on 0x7f8cb80108a0 10000000000.head now 3
2017-02-02 08:10:20.865718 7f8ca37fe700 10 client.4151 _lookup 1.head(faked_ino=0 ref=3 ll_ref=126 cap_refs={} open={} mode=40755 size=0/0 mtime=2017-02-01 11:30:21.278903 caps=pAsLsXsFs(0=pAsLsXsFs) COMPLETE has_dir_layout 0x7f8cb800d450) test = 10000000000.head(faked_ino=0 ref=3 ll_ref=51 cap_refs={} open={} mode=100644 size=0/0 mtime=2017-02-01 11:30:21.284000 caps=pAsLsXsFscr(0=pAsLsXsFscr) objectset[10000000000 ts 0/0 objects 0 dirty_or_tx 0] parents=0x7f8cb8011710 0x7f8cb80108a0)
2017-02-02 08:10:20.865741 7f8ca37fe700 10 client.4151 fill_stat on 10000000000 snap/devhead mode 0100644 mtime
2017-02-01 11:30:21.284000 ctime
2017-02-01 11:30:21.285768
2017-02-02 08:10:20.865745 7f8ca37fe700 20 client.4151 _ll_get 0x7f8cb80108a0 10000000000 -> 52
2017-02-02 08:10:20.865749 7f8ca37fe700 3 client.4151 ll_lookup 0x7f8cb800d450 test -> 0 (10000000000)
2017-02-02 08:10:20.865751 7f8ca37fe700 10 client.4151 put_inode on 10000000000.head(faked_ino=0 ref=3 ll_ref=52 cap_refs={} open={} mode=100644 size=0/0 mtime=2017-02-01 11:30:21.284000 caps=pAsLsXsFscr(0=pAsLsXsFscr) objectset[10000000000 ts 0/0 objects 0 dirty_or_tx 0] parents=0x7f8cb8011710 0x7f8cb80108a0)
2017-02-02 08:10:20.865765 7f8ca37fe700 15 inode.put on 0x7f8cb80108a0 10000000000.head now 2
2017-02-02 08:10:20.865770 7f8ca37fe700 3 client.4151 ll_forget 1 1
2017-02-02 08:10:20.865791 7f8ca3fff700 20 client.4151 _ll_get 0x7f8cb80108a0 10000000000 -> 53
2017-02-02 08:10:20.865799 7f8ca3fff700 3 client.4151 ll_getxattr 10000000000.head security.selinux size 255
2017-02-02 08:10:20.865802 7f8ca3fff700 10 client.4151 _getattr mask Xs issued=1
2017-02-02 08:10:20.865806 7f8ca3fff700 3 client.4151 _getxattr(10000000000, "security.selinux", 255) = -61
2017-02-02 08:10:20.865816 7f8ca3fff700 3 client.4151 ll_forget 10000000000 1
2017-02-02 08:10:20.865818 7f8ca3fff700 20 client.4151 _ll_put 0x7f8cb80108a0 10000000000 1 -> 52
2017-02-02 08:10:20.865836 7f8ca37fe700 3 client.4151 ll_getattr 1.head
2017-02-02 08:10:20.865845 7f8ca37fe700 10 client.4151 _getattr mask pAsLsXsFs issued=1
2017-02-02 08:10:20.865849 7f8ca37fe700 10 client.4151 fill_stat on 1 snap/devhead mode 040755 mtime
2017-02-01 11:30:21.278903 ctime
2017-02-01 11:30:21.278903
2017-02-02 08:10:20.865854 7f8ca37fe700 3 client.4151 ll_getattr 1.head = 0
2017-02-02 08:10:20.865858 7f8ca37fe700 3 client.4151 ll_forget 1 1
2017-02-02 08:10:20.865881 7f8ca3fff700 3 client.4151 ll_lookup 0x7f8cb800d450 test
2017-02-02 08:10:20.865888 7f8ca3fff700 20 client.4151 _lookup have dn test mds.-1 ttl 0.000000 seq 0
2017-02-02 08:10:20.865892 7f8ca3fff700 15 inode.get on 0x7f8cb80108a0 10000000000.head now 3
2017-02-02 08:10:20.865894 7f8ca3fff700 10 client.4151 _lookup 1.head(faked_ino=0 ref=3 ll_ref=128 cap_refs={} open={} mode=40755 size=0/0 mtime=2017-02-01 11:30:21.278903 caps=pAsLsXsFs(0=pAsLsXsFs) COMPLETE has_dir_layout 0x7f8cb800d450) test = 10000000000.head(faked_ino=0 ref=3 ll_ref=52 cap_refs={} open={} mode=100644 size=0/0 mtime=2017-02-01 11:30:21.284000 caps=pAsLsXsFscr(0=pAsLsXsFscr) objectset[10000000000 ts 0/0 objects 0 dirty_or_tx 0] parents=0x7f8cb8011710 0x7f8cb80108a0)
2017-02-02 08:10:20.865917 7f8ca3fff700 10 client.4151 fill_stat on 10000000000 snap/devhead mode 0100644 mtime
2017-02-01 11:30:21.284000 ctime
2017-02-01 11:30:21.285768
2017-02-02 08:10:20.865925 7f8ca3fff700 20 client.4151 _ll_get 0x7f8cb80108a0 10000000000 -> 53
2017-02-02 08:10:20.865927 7f8ca3fff700 3 client.4151 ll_lookup 0x7f8cb800d450 test -> 0 (10000000000)
2017-02-02 08:10:20.865929 7f8ca3fff700 10 client.4151 put_inode on 10000000000.head(faked_ino=0 ref=3 ll_ref=53 cap_refs={} open={} mode=100644 size=0/0 mtime=2017-02-01 11:30:21.284000 caps=pAsLsXsFscr(0=pAsLsXsFscr) objectset[10000000000 ts 0/0 objects 0 dirty_or_tx 0] parents=0x7f8cb8011710 0x7f8cb80108a0)
2017-02-02 08:10:20.865943 7f8ca3fff700 15 inode.put on 0x7f8cb80108a0 10000000000.head now 2
2017-02-02 08:10:20.865953 7f8ca3fff700 3 client.4151 ll_forget 1 1
2017-02-02 08:10:20.865973 7f8ca37fe700 20 client.4151 _ll_get 0x7f8cb80108a0 10000000000 -> 54
2017-02-02 08:10:20.865979 7f8ca37fe700 3 client.4151 ll_getxattr 10000000000.head system.posix_acl_access size 0
2017-02-02 08:10:20.865981 7f8ca37fe700 3 client.4151 _getxattr(10000000000, "system.posix_acl_access", 0) = -95
2017-02-02 08:10:20.865990 7f8ca37fe700 3 client.4151 ll_forget 10000000000 1
2017-02-02 08:10:20.865991 7f8ca37fe700 20 client.4151 _ll_put 0x7f8cb80108a0 10000000000 1 -> 53
2017-02-02 08:10:21.760603 7f8cc5ffb700 20 client.4151 trim_cache size 1 max 16384
2017-02-02 08:10:22.746070 7f8cc3ff7700 20 -- 10.194.0.100:0/4006638222 send_keepalive con 0x5616c99866f0, have pipe.
2017-02-02 08:10:22.746104 7f8cc3ff7700 1 -- 10.194.0.100:0/4006638222 mark_down 0x5616c99866f0 -- 0x5616c9988650
2017-02-02 08:10:22.746109 7f8cc3ff7700 10 -- 10.194.0.100:0/4006638222 >> 10.194.0.189:6789/0 pipe(0x5616c9988650 sd=12 :54785 s=2 pgs=57 cs=1 l=1 c=0x5616c99866f0).unregister_pipe
2017-02-02 08:10:22.746120 7f8cd1bdf700 10 -- 10.194.0.100:0/4006638222 >> 10.194.0.189:6789/0 pipe(0x5616c9988650 sd=12 :54785 s=2 pgs=57 cs=1 l=1 c=0x5616c99866f0).writer: state = open policy.server=0
2017-02-02 08:10:22.746137 7f8cd1bdf700 10 -- 10.194.0.100:0/4006638222 >> 10.194.0.189:6789/0 pipe(0x5616c9988650 sd=12 :54785 s=2 pgs=57 cs=1 l=1 c=0x5616c99866f0).write_keepalive2 14
2017-02-02 08:10:22.746136
2017-02-02 08:10:22.746147 7f8cc3ff7700 10 -- 10.194.0.100:0/4006638222 >> 10.194.0.189:6789/0 pipe(0x5616c9988650 sd=12 :54785 s=2 pgs=57 cs=1 l=1 c=0x5616c99866f0).stop
2017-02-02 08:10:22.746164 7f8cd1bdf700 10 -- 10.194.0.100:0/4006638222 >> 10.194.0.189:6789/0 pipe(0x5616c9988650 sd=12 :54785 s=4 pgs=57 cs=1 l=1 c=0x5616c99866f0).do_sendmsg oh look, state == CLOSED, giving up
2017-02-02 08:10:22.746186 7f8cc3ff7700 10 -- 10.194.0.100:0/4006638222 connect_rank to 10.194.0.189:6789/0, creating pipe and registering
2017-02-02 08:10:22.746193 7f8ccc7f1700 2 -- 10.194.0.100:0/4006638222 >> 10.194.0.189:6789/0 pipe(0x5616c9988650 sd=12 :54785 s=4 pgs=57 cs=1 l=1 c=0x5616c99866f0).reader couldn't read tag, (0) Success
2017-02-02 08:10:22.746222 7f8ccc7f1700 2 -- 10.194.0.100:0/4006638222 >> 10.194.0.189:6789/0 pipe(0x5616c9988650 sd=12 :54785 s=4 pgs=57 cs=1 l=1 c=0x5616c99866f0).fault (0) Success
2017-02-02 08:10:22.746229 7f8ccc7f1700 10 -- 10.194.0.100:0/4006638222 >> 10.194.0.189:6789/0 pipe(0x5616c9988650 sd=12 :54785 s=4 pgs=57 cs=1 l=1 c=0x5616c99866f0).fault already closed|closing
2017-02-02 08:10:22.746235 7f8ccc7f1700 10 -- 10.194.0.100:0/4006638222 >> 10.194.0.189:6789/0 pipe(0x5616c9988650 sd=12 :54785 s=4 pgs=57 cs=1 l=1 c=0x5616c99866f0).reader done
2017-02-02 08:10:22.746235 7f8cc3ff7700 10 -- 10.194.0.100:0/4006638222 >> 10.194.0.189:6789/0 pipe(0x7f8c980026c0 sd=-1 :0 s=1 pgs=0 cs=0 l=1 c=0x7f8c98003980).register_pipe
2017-02-02 08:10:22.746245 7f8cc3ff7700 10 -- 10.194.0.100:0/4006638222 get_connection mon.0 10.194.0.189:6789/0 new 0x7f8c980026c0
2017-02-02 08:10:22.746270 7f8cc3ff7700 20 -- 10.194.0.100:0/4006638222 send_keepalive con 0x7f8c98003980, have pipe.
2017-02-02 08:10:22.746289 7f8cc3ff7700 1 -- 10.194.0.100:0/4006638222 --> 10.194.0.189:6789/0 -- auth(proto 0 31 bytes epoch 1) v1 -- ?+0 0x7f8c98005150 con 0x7f8c98003980
2017-02-02 08:10:22.746299 7f8cc3ff7700 20 -- 10.194.0.100:0/4006638222 submit_message auth(proto 0 31 bytes epoch 1) v1 remote, 10.194.0.189:6789/0, have pipe.
2017-02-02 08:10:22.746319 7f8cd1bdf700 2 -- 10.194.0.100:0/4006638222 >> 10.194.0.189:6789/0 pipe(0x5616c9988650 sd=12 :54785 s=4 pgs=57 cs=1 l=1 c=0x5616c99866f0).writer couldn't write keepalive[2], (4) Interrupted system call
2017-02-02 08:10:22.746332 7f8cd1bdf700 2 -- 10.194.0.100:0/4006638222 >> 10.194.0.189:6789/0 pipe(0x5616c9988650 sd=12 :54785 s=4 pgs=57 cs=1 l=1 c=0x5616c99866f0).fault (4) Interrupted system call
2017-02-02 08:10:22.746340 7f8cd1bdf700 10 -- 10.194.0.100:0/4006638222 >> 10.194.0.189:6789/0 pipe(0x5616c9988650 sd=12 :54785 s=4 pgs=57 cs=1 l=1 c=0x5616c99866f0).fault already closed|closing
2017-02-02 08:10:22.746344 7f8cd1bdf700 20 -- 10.194.0.100:0/4006638222 >> 10.194.0.189:6789/0 pipe(0x5616c9988650 sd=12 :54785 s=4 pgs=57 cs=1 l=1 c=0x5616c99866f0).writer finishing
2017-02-02 08:10:22.746352 7f8cd1bdf700 10 -- 10.194.0.100:0/4006638222 queue_reap 0x5616c9988650
2017-02-02 08:10:22.746364 7f8cd1bdf700 10 -- 10.194.0.100:0/4006638222 >> 10.194.0.189:6789/0 pipe(0x5616c9988650 sd=12 :54785 s=4 pgs=57 cs=1 l=1 c=0x5616c99866f0).writer done
2017-02-02 08:10:22.746382 7f8cc6ffd700 10 -- 10.194.0.100:0/4006638222 reaper
2017-02-02 08:10:22.746398 7f8cc6ffd700 10 -- 10.194.0.100:0/4006638222 reaper reaping pipe 0x5616c9988650 10.194.0.189:6789/0
2017-02-02 08:10:22.746399 7f8ccc4ee700 10 -- 10.194.0.100:0/4006638222 >> 10.194.0.189:6789/0 pipe(0x7f8c980026c0 sd=-1 :0 s=1 pgs=0 cs=0 l=1 c=0x7f8c98003980).writer: state = connecting policy.server=0
2017-02-02 08:10:22.746404 7f8cc6ffd700 10 -- 10.194.0.100:0/4006638222 >> 10.194.0.189:6789/0 pipe(0x5616c9988650 sd=12 :54785 s=4 pgs=57 cs=1 l=1 c=0x5616c99866f0).discard_queue
2017-02-02 08:10:22.746411 7f8ccc4ee700 10 -- 10.194.0.100:0/4006638222 >> 10.194.0.189:6789/0 pipe(0x7f8c980026c0 sd=-1 :0 s=1 pgs=0 cs=0 l=1 c=0x7f8c98003980).connect 0
2017-02-02 08:10:22.746415 7f8cc6ffd700 10 -- 10.194.0.100:0/4006638222 >> 10.194.0.189:6789/0 pipe(0x5616c9988650 sd=12 :54785 s=4 pgs=57 cs=1 l=1 c=0x5616c99866f0).unregister_pipe - not registered
2017-02-02 08:10:22.746422 7f8cc6ffd700 20 -- 10.194.0.100:0/4006638222 >> 10.194.0.189:6789/0 pipe(0x5616c9988650 sd=12 :54785 s=4 pgs=57 cs=1 l=1 c=0x5616c99866f0).join
2017-02-02 08:10:22.746427 7f8ccc4ee700 10 -- 10.194.0.100:0/4006638222 >> 10.194.0.189:6789/0 pipe(0x7f8c980026c0 sd=0 :0 s=1 pgs=0 cs=0 l=1 c=0x7f8c98003980).connecting to 10.194.0.189:6789/0
2017-02-02 08:10:22.746441 7f8cc6ffd700 10 -- 10.194.0.100:0/4006638222 reaper reaped pipe 0x5616c9988650 10.194.0.189:6789/0
2017-02-02 08:10:22.746449 7f8cc6ffd700 10 -- 10.194.0.100:0/4006638222 reaper deleted pipe 0x5616c9988650
2017-02-02 08:10:22.746451 7f8cc6ffd700 10 -- 10.194.0.100:0/4006638222 reaper done
2017-02-02 08:10:22.760724 7f8cc5ffb700 20 client.4151 trim_cache size 1 max 16384
2017-02-02 08:10:23.760850 7f8cc5ffb700 20 client.4151 trim_cache size 1 max 16384
2017-02-02 08:10:24.747321 7f8cccff2700 10 client.4151.objecter tick
2017-02-02 08:10:24.760980 7f8cc5ffb700 20 client.4151 trim_cache size 1 max 16384
2017-02-02 08:10:25.761111 7f8cc5ffb700 20 client.4151 trim_cache size 1 max 16384
2017-02-02 08:10:25.868603 7f8ca3fff700 3 client.4151 ll_getattr 1.head
2017-02-02 08:10:25.868629 7f8ca3fff700 10 client.4151 _getattr mask pAsLsXsFs issued=1
2017-02-02 08:10:25.868639 7f8ca3fff700 10 client.4151 fill_stat on 1 snap/devhead mode 040755 mtime
2017-02-01 11:30:21.278903 ctime
2017-02-01 11:30:21.278903
2017-02-02 08:10:25.868646 7f8ca3fff700 3 client.4151 ll_getattr 1.head = 0
2017-02-02 08:10:25.868658 7f8ca3fff700 3 client.4151 ll_forget 1 1
2017-02-02 08:10:25.868692 7f8ca37fe700 3 client.4151 ll_lookup 0x7f8cb800d450 test
2017-02-02 08:10:25.868707 7f8ca37fe700 20 client.4151 _lookup have dn test mds.-1 ttl 0.000000 seq 0
2017-02-02 08:10:25.868713 7f8ca37fe700 15 inode.get on 0x7f8cb80108a0 10000000000.head now 3
2017-02-02 08:10:25.868719 7f8ca37fe700 10 client.4151 _lookup 1.head(faked_ino=0 ref=3 ll_ref=130 cap_refs={} open={} mode=40755 size=0/0 mtime=2017-02-01 11:30:21.278903 caps=pAsLsXsFs(0=pAsLsXsFs) COMPLETE has_dir_layout 0x7f8cb800d450) test = 10000000000.head(faked_ino=0 ref=3 ll_ref=53 cap_refs={} open={} mode=100644 size=0/0 mtime=2017-02-01 11:30:21.284000 caps=pAsLsXsFscr(0=pAsLsXsFscr) objectset[10000000000 ts 0/0 objects 0 dirty_or_tx 0] parents=0x7f8cb8011710 0x7f8cb80108a0)
2017-02-02 08:10:25.868743 7f8ca37fe700 10 client.4151 fill_stat on 10000000000 snap/devhead mode 0100644 mtime
2017-02-01 11:30:21.284000 ctime
2017-02-01 11:30:21.285768
2017-02-02 08:10:25.868748 7f8ca37fe700 20 client.4151 _ll_get 0x7f8cb80108a0 10000000000 -> 54
2017-02-02 08:10:25.868750 7f8ca37fe700 3 client.4151 ll_lookup 0x7f8cb800d450 test -> 0 (10000000000)
2017-02-02 08:10:25.868753 7f8ca37fe700 10 client.4151 put_inode on 10000000000.head(faked_ino=0 ref=3 ll_ref=54 cap_refs={} open={} mode=100644 size=0/0 mtime=2017-02-01 11:30:21.284000 caps=pAsLsXsFscr(0=pAsLsXsFscr) objectset[10000000000 ts 0/0 objects 0 dirty_or_tx 0] parents=0x7f8cb8011710 0x7f8cb80108a0)
2017-02-02 08:10:25.868762 7f8ca37fe700 15 inode.put on 0x7f8cb80108a0 10000000000.head now 2
2017-02-02 08:10:25.868776 7f8ca37fe700 3 client.4151 ll_forget 1 1
2017-02-02 08:10:25.868793 7f8ca3fff700 20 client.4151 _ll_get 0x7f8cb80108a0 10000000000 -> 55
2017-02-02 08:10:25.868807 7f8ca3fff700 3 client.4151 ll_getattr 10000000000.head
2017-02-02 08:10:25.868809 7f8ca3fff700 10 client.4151 _getattr mask pAsLsXsFs issued=1
2017-02-02 08:10:25.868813 7f8ca3fff700 10 client.4151 fill_stat on 10000000000 snap/devhead mode 0100644 mtime
2017-02-01 11:30:21.284000 ctime
2017-02-01 11:30:21.285768
2017-02-02 08:10:25.868819 7f8ca3fff700 3 client.4151 ll_getattr 10000000000.head = 0
2017-02-02 08:10:25.868823 7f8ca3fff700 3 client.4151 ll_forget 10000000000 1
2017-02-02 08:10:25.868831 7f8ca3fff700 20 client.4151 _ll_put 0x7f8cb80108a0 10000000000 1 -> 54
2017-02-02 08:10:25.868860 7f8ca37fe700 3 client.4151 ll_getattr 1.head
2017-02-02 08:10:25.868867 7f8ca37fe700 10 client.4151 _getattr mask pAsLsXsFs issued=1
2017-02-02 08:10:25.868872 7f8ca37fe700 10 client.4151 fill_stat on 1 snap/devhead mode 040755 mtime
2017-02-01 11:30:21.278903 ctime
2017-02-01 11:30:21.278903
2017-02-02 08:10:25.868877 7f8ca37fe700 3 client.4151 ll_getattr 1.head = 0
2017-02-02 08:10:25.868884 7f8ca37fe700 3 client.4151 ll_forget 1 1
2017-02-02 08:10:25.868898 7f8ca3fff700 3 client.4151 ll_lookup 0x7f8cb800d450 test
2017-02-02 08:10:25.868905 7f8ca3fff700 20 client.4151 _lookup have dn test mds.-1 ttl 0.000000 seq 0
2017-02-02 08:10:25.868916 7f8ca3fff700 15 inode.get on 0x7f8cb80108a0 10000000000.head now 3
2017-02-02 08:10:25.868918 7f8ca3fff700 10 client.4151 _lookup 1.head(faked_ino=0 ref=3 ll_ref=132 cap_refs={} open={} mode=40755 size=0/0 mtime=2017-02-01 11:30:21.278903 caps=pAsLsXsFs(0=pAsLsXsFs) COMPLETE has_dir_layout 0x7f8cb800d450) test = 10000000000.head(faked_ino=0 ref=3 ll_ref=54 cap_refs={} open={} mode=100644 size=0/0 mtime=2017-02-01 11:30:21.284000 caps=pAsLsXsFscr(0=pAsLsXsFscr) objectset[10000000000 ts 0/0 objects 0 dirty_or_tx 0] parents=0x7f8cb8011710 0x7f8cb80108a0)
2017-02-02 08:10:25.868939 7f8ca3fff700 10 client.4151 fill_stat on 10000000000 snap/devhead mode 0100644 mtime
2017-02-01 11:30:21.284000 ctime
2017-02-01 11:30:21.285768
2017-02-02 08:10:25.868945 7f8ca3fff700 20 client.4151 _ll_get 0x7f8cb80108a0 10000000000 -> 55
2017-02-02 08:10:25.868947 7f8ca3fff700 3 client.4151 ll_lookup 0x7f8cb800d450 test -> 0 (10000000000)
2017-02-02 08:10:25.868948 7f8ca3fff700 10 client.4151 put_inode on 10000000000.head(faked_ino=0 ref=3 ll_ref=55 cap_refs={} open={} mode=100644 size=0/0 mtime=2017-02-01 11:30:21.284000 caps=pAsLsXsFscr(0=pAsLsXsFscr) objectset[10000000000 ts 0/0 objects 0 dirty_or_tx 0] parents=0x7f8cb8011710 0x7f8cb80108a0)
2017-02-02 08:10:25.868958 7f8ca3fff700 15 inode.put on 0x7f8cb80108a0 10000000000.head now 2
2017-02-02 08:10:25.868963 7f8ca3fff700 3 client.4151 ll_forget 1 1
2017-02-02 08:10:25.868988 7f8ca37fe700 20 client.4151 _ll_get 0x7f8cb80108a0 10000000000 -> 56
2017-02-02 08:10:25.868998 7f8ca37fe700 3 client.4151 ll_getxattr 10000000000.head security.selinux size 255
2017-02-02 08:10:25.869001 7f8ca37fe700 10 client.4151 _getattr mask Xs issued=1
2017-02-02 08:10:25.869005 7f8ca37fe700 3 client.4151 _getxattr(10000000000, "security.selinux", 255) = -61
2017-02-02 08:10:25.869015 7f8ca37fe700 3 client.4151 ll_forget 10000000000 1
2017-02-02 08:10:25.869017 7f8ca37fe700 20 client.4151 _ll_put 0x7f8cb80108a0 10000000000 1 -> 55
2017-02-02 08:10:25.869038 7f8ca3fff700 3 client.4151 ll_getattr 1.head
2017-02-02 08:10:25.869048 7f8ca3fff700 10 client.4151 _getattr mask pAsLsXsFs issued=1
2017-02-02 08:10:25.869052 7f8ca3fff700 10 client.4151 fill_stat on 1 snap/devhead mode 040755 mtime
2017-02-01 11:30:21.278903 ctime
2017-02-01 11:30:21.278903
2017-02-02 08:10:25.869057 7f8ca3fff700 3 client.4151 ll_getattr 1.head = 0
2017-02-02 08:10:25.869063 7f8ca3fff700 3 client.4151 ll_forget 1 1
2017-02-02 08:10:25.869076 7f8ca37fe700 3 client.4151 ll_lookup 0x7f8cb800d450 test
2017-02-02 08:10:25.869085 7f8ca37fe700 20 client.4151 _lookup have dn test mds.-1 ttl 0.000000 seq 0
2017-02-02 08:10:25.869088 7f8ca37fe700 15 inode.get on 0x7f8cb80108a0 10000000000.head now 3
2017-02-02 08:10:25.869089 7f8ca37fe700 10 client.4151 _lookup 1.head(faked_ino=0 ref=3 ll_ref=134 cap_refs={} open={} mode=40755 size=0/0 mtime=2017-02-01 11:30:21.278903 caps=pAsLsXsFs(0=pAsLsXsFs) COMPLETE has_dir_layout 0x7f8cb800d450) test = 10000000000.head(faked_ino=0 ref=3 ll_ref=55 cap_refs={} open={} mode=100644 size=0/0 mtime=2017-02-01 11:30:21.284000 caps=pAsLsXsFscr(0=pAsLsXsFscr) objectset[10000000000 ts 0/0 objects 0 dirty_or_tx 0] parents=0x7f8cb8011710 0x7f8cb80108a0)
2017-02-02 08:10:25.869111 7f8ca37fe700 10 client.4151 fill_stat on 10000000000 snap/devhead mode 0100644 mtime
2017-02-01 11:30:21.284000 ctime
2017-02-01 11:30:21.285768
2017-02-02 08:10:25.869116 7f8ca37fe700 20 client.4151 _ll_get 0x7f8cb80108a0 10000000000 -> 56
2017-02-02 08:10:25.869117 7f8ca37fe700 3 client.4151 ll_lookup 0x7f8cb800d450 test -> 0 (10000000000)
2017-02-02 08:10:25.869119 7f8ca37fe700 10 client.4151 put_inode on 10000000000.head(faked_ino=0 ref=3 ll_ref=56 cap_refs={} open={} mode=100644 size=0/0 mtime=2017-02-01 11:30:21.284000 caps=pAsLsXsFscr(0=pAsLsXsFscr) objectset[10000000000 ts 0/0 objects 0 dirty_or_tx 0] parents=0x7f8cb8011710 0x7f8cb80108a0)
2017-02-02 08:10:25.869128 7f8ca37fe700 15 inode.put on 0x7f8cb80108a0 10000000000.head now 2
2017-02-02 08:10:25.869133 7f8ca37fe700 3 client.4151 ll_forget 1 1
2017-02-02 08:10:25.869146 7f8ca3fff700 20 client.4151 _ll_get 0x7f8cb80108a0 10000000000 -> 57
2017-02-02 08:10:25.869157 7f8ca3fff700 3 client.4151 ll_getxattr 10000000000.head system.posix_acl_access size 0
2017-02-02 08:10:25.869160 7f8ca3fff700 3 client.4151 _getxattr(10000000000, "system.posix_acl_access", 0) = -95
2017-02-02 08:10:25.869164 7f8ca3fff700 3 client.4151 ll_forget 10000000000 1
2017-02-02 08:10:25.869165 7f8ca3fff700 20 client.4151 _ll_put 0x7f8cb80108a0 10000000000 1 -> 56
2017-02-02 08:10:26.761232 7f8cc5ffb700 20 client.4151 trim_cache size 1 max 16384
2017-02-02 08:10:27.761370 7f8cc5ffb700 20 client.4151 trim_cache size 1 max 16384
2017-02-02 08:10:28.746455 7f8cc3ff7700 1 -- 10.194.0.100:0/4006638222 mark_down 0x7f8c98003980 -- 0x7f8c980026c0
2017-02-02 08:10:28.746466 7f8cc3ff7700 10 -- 10.194.0.100:0/4006638222 >> 10.194.0.189:6789/0 pipe(0x7f8c980026c0 sd=0 :0 s=1 pgs=0 cs=0 l=1 c=0x7f8c98003980).unregister_pipe
2017-02-02 08:10:28.746471 7f8cc3ff7700 10 -- 10.194.0.100:0/4006638222 >> 10.194.0.189:6789/0 pipe(0x7f8c980026c0 sd=0 :0 s=1 pgs=0 cs=0 l=1 c=0x7f8c98003980).stop
2017-02-02 08:10:28.746487 7f8cc3ff7700 10 -- 10.194.0.100:0/4006638222 connect_rank to 10.194.0.189:6789/0, creating pipe and registering
2017-02-02 08:10:28.746499 7f8ccc4ee700 2 -- 10.194.0.100:0/4006638222 >> 10.194.0.189:6789/0 pipe(0x7f8c980026c0 sd=0 :0 s=4 pgs=0 cs=0 l=1 c=0x7f8c98003980).connect error 10.194.0.189:6789/0, (104) Connection reset by peer
2017-02-02 08:10:28.746517 7f8cc3ff7700 10 -- 10.194.0.100:0/4006638222 >> 10.194.0.189:6789/0 pipe(0x7f8c98007300 sd=-1 :0 s=1 pgs=0 cs=0 l=1 c=0x7f8c980085c0).register_pipe
2017-02-02 08:10:28.746532 7f8ccc4ee700 3 -- 10.194.0.100:0/4006638222 >> 10.194.0.189:6789/0 pipe(0x7f8c980026c0 sd=0 :0 s=4 pgs=0 cs=0 l=1 c=0x7f8c98003980).connect fault, but state = closed != connecting, stopping
2017-02-02 08:10:28.746535 7f8cc3ff7700 10 -- 10.194.0.100:0/4006638222 get_connection mon.0 10.194.0.189:6789/0 new 0x7f8c98007300
2017-02-02 08:10:28.746540 7f8ccc4ee700 20 -- 10.194.0.100:0/4006638222 >> 10.194.0.189:6789/0 pipe(0x7f8c980026c0 sd=0 :0 s=4 pgs=0 cs=0 l=1 c=0x7f8c98003980).writer finishing
2017-02-02 08:10:28.746547 7f8cc3ff7700 20 -- 10.194.0.100:0/4006638222 send_keepalive con 0x7f8c980085c0, have pipe.
2017-02-02 08:10:28.746547 7f8ccc4ee700 10 -- 10.194.0.100:0/4006638222 queue_reap 0x7f8c980026c0
2017-02-02 08:10:28.746561 7f8cc3ff7700 1 -- 10.194.0.100:0/4006638222 --> 10.194.0.189:6789/0 -- auth(proto 0 31 bytes epoch 1) v1 -- ?+0 0x7f8c98009b20 con 0x7f8c980085c0
2017-02-02 08:10:28.746562 7f8cc6ffd700 10 -- 10.194.0.100:0/4006638222 reaper
2017-02-02 08:10:28.746579 7f8ccc7f1700 10 -- 10.194.0.100:0/4006638222 >> 10.194.0.189:6789/0 pipe(0x7f8c98007300 sd=-1 :0 s=1 pgs=0 cs=0 l=1 c=0x7f8c980085c0).writer: state = connecting policy.server=0
2017-02-02 08:10:28.746583 7f8cc6ffd700 10 -- 10.194.0.100:0/4006638222 reaper reaping pipe 0x7f8c980026c0 10.194.0.189:6789/0
2017-02-02 08:10:28.746586 7f8ccc7f1700 10 -- 10.194.0.100:0/4006638222 >> 10.194.0.189:6789/0 pipe(0x7f8c98007300 sd=-1 :0 s=1 pgs=0 cs=0 l=1 c=0x7f8c980085c0).connect 0
2017-02-02 08:10:28.746588 7f8cc6ffd700 10 -- 10.194.0.100:0/4006638222 >> 10.194.0.189:6789/0 pipe(0x7f8c980026c0 sd=0 :0 s=4 pgs=0 cs=0 l=1 c=0x7f8c98003980).discard_queue
2017-02-02 08:10:28.746594 7f8cc6ffd700 20 -- 10.194.0.100:0/4006638222 >> 10.194.0.189:6789/0 pipe(0x7f8c980026c0 sd=0 :0 s=4 pgs=0 cs=0 l=1 c=0x7f8c98003980). discard 0x7f8c98005150
2017-02-02 08:10:28.746595 7f8cc3ff7700 20 -- 10.194.0.100:0/4006638222 submit_message auth(proto 0 31 bytes epoch 1) v1 remote, 10.194.0.189:6789/0, have pipe.
2017-02-02 08:10:28.746602 7f8cc6ffd700 10 -- 10.194.0.100:0/4006638222 >> 10.194.0.189:6789/0 pipe(0x7f8c980026c0 sd=0 :0 s=4 pgs=0 cs=0 l=1 c=0x7f8c98003980).unregister_pipe - not registered
2017-02-02 08:10:28.746608 7f8cc6ffd700 20 -- 10.194.0.100:0/4006638222 >> 10.194.0.189:6789/0 pipe(0x7f8c980026c0 sd=0 :0 s=4 pgs=0 cs=0 l=1 c=0x7f8c98003980).join
2017-02-02 08:10:28.746568 7f8ccc4ee700 10 -- 10.194.0.100:0/4006638222 >> 10.194.0.189:6789/0 pipe(0x7f8c980026c0 sd=0 :0 s=4 pgs=0 cs=0 l=1 c=0x7f8c98003980).writer done
2017-02-02 08:10:28.746621 7f8ccc7f1700 10 -- 10.194.0.100:0/4006638222 >> 10.194.0.189:6789/0 pipe(0x7f8c98007300 sd=1 :0 s=1 pgs=0 cs=0 l=1 c=0x7f8c980085c0).connecting to 10.194.0.189:6789/0
2017-02-02 08:10:28.746635 7f8cc6ffd700 10 -- 10.194.0.100:0/4006638222 reaper reaped pipe 0x7f8c980026c0 10.194.0.189:6789/0
2017-02-02 08:10:28.746653 7f8cc6ffd700 10 -- 10.194.0.100:0/4006638222 reaper deleted pipe 0x7f8c980026c0
2017-02-02 08:10:28.746657 7f8cc6ffd700 10 -- 10.194.0.100:0/4006638222 reaper done
2017-02-02 08:10:28.761483 7f8cc5ffb700 20 client.4151 trim_cache size 1 max 16384
2017-02-02 08:10:29.747461 7f8cccff2700 10 client.4151.objecter tick
2017-02-02 08:10:29.761601 7f8cc5ffb700 20 client.4151 trim_cache size 1 max 16384
2017-02-02 08:10:30.761719 7f8cc5ffb700 10 client.4151 renew_caps()
2017-02-02 08:10:30.761734 7f8cc5ffb700 15 client.4151 renew_caps requesting from mds.0
2017-02-02 08:10:30.761737 7f8cc5ffb700 10 client.4151 renew_caps mds.0
2017-02-02 08:10:30.761740 7f8cc5ffb700 1 -- 10.194.0.100:0/4006638222 --> 10.194.0.189:6816/31695 -- client_session(request_renewcaps seq 8) v2 -- ?+0 0x7f8c9c0094e0 con 0x5616c998ad60
2017-02-02 08:10:30.761749 7f8cc5ffb700 20 -- 10.194.0.100:0/4006638222 submit_message client_session(request_renewcaps seq 8) v2 remote, 10.194.0.189:6816/31695, have pipe.
2017-02-02 08:10:30.761759 7f8cc5ffb700 20 client.4151 trim_cache size 1 max 16384
2017-02-02 08:10:30.761771 7f8ccc6f0700 10 -- 10.194.0.100:0/4006638222 >> 10.194.0.189:6816/31695 pipe(0x5616c998ca10 sd=13 :31421 s=2 pgs=5 cs=1 l=0 c=0x5616c998ad60).writer: state = open policy.server=0
2017-02-02 08:10:30.761780 7f8ccc6f0700 20 -- 10.194.0.100:0/4006638222 >> 10.194.0.189:6816/31695 pipe(0x5616c998ca10 sd=13 :31421 s=2 pgs=5 cs=1 l=0 c=0x5616c998ad60).writer encoding 12 features 576460752032874495 0x7f8c9c0094e0 client_session(request_renewcaps seq 8) v2
2017-02-02 08:10:30.761822 7f8ccc6f0700 20 -- 10.194.0.100:0/4006638222 >> 10.194.0.189:6816/31695 pipe(0x5616c998ca10 sd=13 :31421 s=2 pgs=5 cs=1 l=0 c=0x5616c998ad60).writer signed seq # 12): sig = 3453879805269327683
2017-02-02 08:10:30.761834 7f8ccc6f0700 20 -- 10.194.0.100:0/4006638222 >> 10.194.0.189:6816/31695 pipe(0x5616c998ca10 sd=13 :31421 s=2 pgs=5 cs=1 l=0 c=0x5616c998ad60).writer sending 12 0x7f8c9c0094e0
2017-02-02 08:10:30.761849 7f8ccc6f0700 10 -- 10.194.0.100:0/4006638222 >> 10.194.0.189:6816/31695 pipe(0x5616c998ca10 sd=13 :31421 s=2 pgs=5 cs=1 l=0 c=0x5616c998ad60).writer: state = open policy.server=0
2017-02-02 08:10:30.761855 7f8ccc6f0700 20 -- 10.194.0.100:0/4006638222 >> 10.194.0.189:6816/31695 pipe(0x5616c998ca10 sd=13 :31421 s=2 pgs=5 cs=1 l=0 c=0x5616c998ad60).writer sleeping
2017-02-02 08:10:30.871741 7f8ca37fe700 3 client.4151 ll_getattr 1.head
2017-02-02 08:10:30.871765 7f8ca37fe700 10 client.4151 _getattr mask pAsLsXsFs issued=1
2017-02-02 08:10:30.871775 7f8ca37fe700 10 client.4151 fill_stat on 1 snap/devhead mode 040755 mtime
2017-02-01 11:30:21.278903 ctime
2017-02-01 11:30:21.278903
2017-02-02 08:10:30.871786 7f8ca37fe700 3 client.4151 ll_getattr 1.head = 0
2017-02-02 08:10:30.871801 7f8ca37fe700 3 client.4151 ll_forget 1 1
2017-02-02 08:10:30.871832 7f8ca3fff700 3 client.4151 ll_lookup 0x7f8cb800d450 test
2017-02-02 08:10:30.871844 7f8ca3fff700 20 client.4151 _lookup have dn test mds.-1 ttl 0.000000 seq 0
2017-02-02 08:10:30.871849 7f8ca3fff700 15 inode.get on 0x7f8cb80108a0 10000000000.head now 3
2017-02-02 08:10:30.871857 7f8ca3fff700 10 client.4151 _lookup 1.head(faked_ino=0 ref=3 ll_ref=136 cap_refs={} open={} mode=40755 size=0/0 mtime=2017-02-01 11:30:21.278903 caps=pAsLsXsFs(0=pAsLsXsFs) COMPLETE has_dir_layout 0x7f8cb800d450) test = 10000000000.head(faked_ino=0 ref=3 ll_ref=56 cap_refs={} open={} mode=100644 size=0/0 mtime=2017-02-01 11:30:21.284000 caps=pAsLsXsFscr(0=pAsLsXsFscr) objectset[10000000000 ts 0/0 objects 0 dirty_or_tx 0] parents=0x7f8cb8011710 0x7f8cb80108a0)
2017-02-02 08:10:30.871883 7f8ca3fff700 10 client.4151 fill_stat on 10000000000 snap/devhead mode 0100644 mtime
2017-02-01 11:30:21.284000 ctime
2017-02-01 11:30:21.285768
2017-02-02 08:10:30.871888 7f8ca3fff700 20 client.4151 _ll_get 0x7f8cb80108a0 10000000000 -> 57
2017-02-02 08:10:30.871890 7f8ca3fff700 3 client.4151 ll_lookup 0x7f8cb800d450 test -> 0 (10000000000)
2017-02-02 08:10:30.871893 7f8ca3fff700 10 client.4151 put_inode on 10000000000.head(faked_ino=0 ref=3 ll_ref=57 cap_refs={} open={} mode=100644 size=0/0 mtime=2017-02-01 11:30:21.284000 caps=pAsLsXsFscr(0=pAsLsXsFscr) objectset[10000000000 ts 0/0 objects 0 dirty_or_tx 0] parents=0x7f8cb8011710 0x7f8cb80108a0)
2017-02-02 08:10:30.871903 7f8ca3fff700 15 inode.put on 0x7f8cb80108a0 10000000000.head now 2
2017-02-02 08:10:30.871915 7f8ca3fff700 3 client.4151 ll_forget 1 1
2017-02-02 08:10:30.871929 7f8ca3fff700 20 client.4151 _ll_get 0x7f8cb80108a0 10000000000 -> 58
2017-02-02 08:10:30.871934 7f8ca3fff700 3 client.4151 ll_getattr 10000000000.head
2017-02-02 08:10:30.871941 7f8ca3fff700 10 client.4151 _getattr mask pAsLsXsFs issued=1
2017-02-02 08:10:30.871945 7f8ca3fff700 10 client.4151 fill_stat on 10000000000 snap/devhead mode 0100644 mtime
2017-02-01 11:30:21.284000 ctime
2017-02-01 11:30:21.285768
2017-02-02 08:10:30.871949 7f8ca3fff700 3 client.4151 ll_getattr 10000000000.head = 0
2017-02-02 08:10:30.871957 7f8ca3fff700 3 client.4151 ll_forget 10000000000 1
2017-02-02 08:10:30.871964 7f8ca3fff700 20 client.4151 _ll_put 0x7f8cb80108a0 10000000000 1 -> 57
2017-02-02 08:10:30.871979 7f8ca3fff700 3 client.4151 ll_getattr 1.head
2017-02-02 08:10:30.871986 7f8ca3fff700 10 client.4151 _getattr mask pAsLsXsFs issued=1
2017-02-02 08:10:30.871990 7f8ca3fff700 10 client.4151 fill_stat on 1 snap/devhead mode 040755 mtime
2017-02-01 11:30:21.278903 ctime
2017-02-01 11:30:21.278903
2017-02-02 08:10:30.871994 7f8ca3fff700 3 client.4151 ll_getattr 1.head = 0
2017-02-02 08:10:30.872002 7f8ca3fff700 3 client.4151 ll_forget 1 1
2017-02-02 08:10:30.872026 7f8ca37fe700 3 client.4151 ll_lookup 0x7f8cb800d450 test
2017-02-02 08:10:30.872033 7f8ca37fe700 20 client.4151 _lookup have dn test mds.-1 ttl 0.000000 seq 0
2017-02-02 08:10:30.872037 7f8ca37fe700 15 inode.get on 0x7f8cb80108a0 10000000000.head now 3
2017-02-02 08:10:30.872039 7f8ca37fe700 10 client.4151 _lookup 1.head(faked_ino=0 ref=3 ll_ref=138 cap_refs={} open={} mode=40755 size=0/0 mtime=2017-02-01 11:30:21.278903 caps=pAsLsXsFs(0=pAsLsXsFs) COMPLETE has_dir_layout 0x7f8cb800d450) test = 10000000000.head(faked_ino=0 ref=3 ll_ref=57 cap_refs={} open={} mode=100644 size=0/0 mtime=2017-02-01 11:30:21.284000 caps=pAsLsXsFscr(0=pAsLsXsFscr) objectset[10000000000 ts 0/0 objects 0 dirty_or_tx 0] parents=0x7f8cb8011710 0x7f8cb80108a0)
2017-02-02 08:10:30.872060 7f8ca37fe700 10 client.4151 fill_stat on 10000000000 snap/devhead mode 0100644 mtime
2017-02-01 11:30:21.284000 ctime
2017-02-01 11:30:21.285768
2017-02-02 08:10:30.872065 7f8ca37fe700 20 client.4151 _ll_get 0x7f8cb80108a0 10000000000 -> 58
2017-02-02 08:10:30.872066 7f8ca37fe700 3 client.4151 ll_lookup 0x7f8cb800d450 test -> 0 (10000000000)
2017-02-02 08:10:30.872068 7f8ca37fe700 10 client.4151 put_inode on 10000000000.head(faked_ino=0 ref=3 ll_ref=58 cap_refs={} open={} mode=100644 size=0/0 mtime=2017-02-01 11:30:21.284000 caps=pAsLsXsFscr(0=pAsLsXsFscr) objectset[10000000000 ts 0/0 objects 0 dirty_or_tx 0] parents=0x7f8cb8011710 0x7f8cb80108a0)
2017-02-02 08:10:30.872082 7f8ca37fe700 15 inode.put on 0x7f8cb80108a0 10000000000.head now 2
2017-02-02 08:10:30.872091 7f8ca37fe700 3 client.4151 ll_forget 1 1
2017-02-02 08:10:30.872115 7f8ca3fff700 20 client.4151 _ll_get 0x7f8cb80108a0 10000000000 -> 59
2017-02-02 08:10:30.872123 7f8ca3fff700 3 client.4151 ll_getxattr 10000000000.head security.selinux size 255
2017-02-02 08:10:30.872126 7f8ca3fff700 10 client.4151 _getattr mask Xs issued=1
2017-02-02 08:10:30.872129 7f8ca3fff700 3 client.4151 _getxattr(10000000000, "security.selinux", 255) = -61
2017-02-02 08:10:30.872138 7f8ca3fff700 3 client.4151 ll_forget 10000000000 1
2017-02-02 08:10:30.872139 7f8ca3fff700 20 client.4151 _ll_put 0x7f8cb80108a0 10000000000 1 -> 58
2017-02-02 08:10:30.872163 7f8ca37fe700 3 client.4151 ll_getattr 1.head
2017-02-02 08:10:30.872171 7f8ca37fe700 10 client.4151 _getattr mask pAsLsXsFs issued=1
2017-02-02 08:10:30.872175 7f8ca37fe700 10 client.4151 fill_stat on 1 snap/devhead mode 040755 mtime
2017-02-01 11:30:21.278903 ctime
2017-02-01 11:30:21.278903
2017-02-02 08:10:30.872180 7f8ca37fe700 3 client.4151 ll_getattr 1.head = 0
2017-02-02 08:10:30.872191 7f8ca37fe700 3 client.4151 ll_forget 1 1
2017-02-02 08:10:30.872201 7f8ca37fe700 3 client.4151 ll_lookup 0x7f8cb800d450 test
2017-02-02 08:10:30.872203 7f8ca37fe700 20 client.4151 _lookup have dn test mds.-1 ttl 0.000000 seq 0
2017-02-02 08:10:30.872206 7f8ca37fe700 15 inode.get on 0x7f8cb80108a0 10000000000.head now 3
2017-02-02 08:10:30.872208 7f8ca37fe700 10 client.4151 _lookup 1.head(faked_ino=0 ref=3 ll_ref=140 cap_refs={} open={} mode=40755 size=0/0 mtime=2017-02-01 11:30:21.278903 caps=pAsLsXsFs(0=pAsLsXsFs) COMPLETE has_dir_layout 0x7f8cb800d450) test = 10000000000.head(faked_ino=0 ref=3 ll_ref=58 cap_refs={} open={} mode=100644 size=0/0 mtime=2017-02-01 11:30:21.284000 caps=pAsLsXsFscr(0=pAsLsXsFscr) objectset[10000000000 ts 0/0 objects 0 dirty_or_tx 0] parents=0x7f8cb8011710 0x7f8cb80108a0)
2017-02-02 08:10:30.872229 7f8ca37fe700 10 client.4151 fill_stat on 10000000000 snap/devhead mode 0100644 mtime
2017-02-01 11:30:21.284000 ctime
2017-02-01 11:30:21.285768
2017-02-02 08:10:30.872233 7f8ca37fe700 20 client.4151 _ll_get 0x7f8cb80108a0 10000000000 -> 59
2017-02-02 08:10:30.872235 7f8ca37fe700 3 client.4151 ll_lookup 0x7f8cb800d450 test -> 0 (10000000000)
2017-02-02 08:10:30.872237 7f8ca37fe700 10 client.4151 put_inode on 10000000000.head(faked_ino=0 ref=3 ll_ref=59 cap_refs={} open={} mode=100644 size=0/0 mtime=2017-02-01 11:30:21.284000 caps=pAsLsXsFscr(0=pAsLsXsFscr) objectset[10000000000 ts 0/0 objects 0 dirty_or_tx 0] parents=0x7f8cb8011710 0x7f8cb80108a0)
2017-02-02 08:10:30.872250 7f8ca37fe700 15 inode.put on 0x7f8cb80108a0 10000000000.head now 2
2017-02-02 08:10:30.872259 7f8ca37fe700 3 client.4151 ll_forget 1 1
2017-02-02 08:10:30.872273 7f8ca3fff700 20 client.4151 _ll_get 0x7f8cb80108a0 10000000000 -> 60
2017-02-02 08:10:30.872275 7f8ca3fff700 3 client.4151 ll_getxattr 10000000000.head system.posix_acl_access size 0
2017-02-02 08:10:30.872279 7f8ca3fff700 3 client.4151 _getxattr(10000000000, "system.posix_acl_access", 0) = -95
2017-02-02 08:10:30.872287 7f8ca3fff700 3 client.4151 ll_forget 10000000000 1
2017-02-02 08:10:30.872294 7f8ca3fff700 20 client.4151 _ll_put 0x7f8cb80108a0 10000000000 1 -> 59
2017-02-02 08:10:31.761837 7f8cc5ffb700 20 client.4151 trim_cache size 1 max 16384
2017-02-02 08:10:32.761973 7f8cc5ffb700 20 client.4151 trim_cache size 1 max 16384
2017-02-02 08:10:33.762043 7f8cc5ffb700 20 client.4151 trim_cache size 1 max 16384
2017-02-02 08:10:34.747603 7f8cccff2700 10 client.4151.objecter tick
2017-02-02 08:10:34.762192 7f8cc5ffb700 20 client.4151 trim_cache size 1 max 16384
2017-02-02 08:10:35.762319 7f8cc5ffb700 20 client.4151 trim_cache size 1 max 16384
2017-02-02 08:10:35.874766 7f8ca3fff700 3 client.4151 ll_getattr 1.head
2017-02-02 08:10:35.874786 7f8ca3fff700 10 client.4151 _getattr mask pAsLsXsFs issued=1
2017-02-02 08:10:35.874793 7f8ca3fff700 10 client.4151 fill_stat on 1 snap/devhead mode 040755 mtime
2017-02-01 11:30:21.278903 ctime
2017-02-01 11:30:21.278903
2017-02-02 08:10:35.874798 7f8ca3fff700 3 client.4151 ll_getattr 1.head = 0
2017-02-02 08:10:35.874810 7f8ca3fff700 3 client.4151 ll_forget 1 1
2017-02-02 08:10:35.874834 7f8ca37fe700 3 client.4151 ll_lookup 0x7f8cb800d450 test
2017-02-02 08:10:35.874845 7f8ca37fe700 20 client.4151 _lookup have dn test mds.-1 ttl 0.000000 seq 0
2017-02-02 08:10:35.874849 7f8ca37fe700 15 inode.get on 0x7f8cb80108a0 10000000000.head now 3
2017-02-02 08:10:35.874853 7f8ca37fe700 10 client.4151 _lookup 1.head(faked_ino=0 ref=3 ll_ref=142 cap_refs={} open={} mode=40755 size=0/0 mtime=2017-02-01 11:30:21.278903 caps=pAsLsXsFs(0=pAsLsXsFs) COMPLETE has_dir_layout 0x7f8cb800d450) test = 10000000000.head(faked_ino=0 ref=3 ll_ref=59 cap_refs={} open={} mode=100644 size=0/0 mtime=2017-02-01 11:30:21.284000 caps=pAsLsXsFscr(0=pAsLsXsFscr) objectset[10000000000 ts 0/0 objects 0 dirty_or_tx 0] parents=0x7f8cb8011710 0x7f8cb80108a0)
2017-02-02 08:10:35.874867 7f8ca37fe700 10 client.4151 fill_stat on 10000000000 snap/devhead mode 0100644 mtime
2017-02-01 11:30:21.284000 ctime
2017-02-01 11:30:21.285768
2017-02-02 08:10:35.874870 7f8ca37fe700 20 client.4151 _ll_get 0x7f8cb80108a0 10000000000 -> 60
2017-02-02 08:10:35.874871 7f8ca37fe700 3 client.4151 ll_lookup 0x7f8cb800d450 test -> 0 (10000000000)
2017-02-02 08:10:35.874873 7f8ca37fe700 10 client.4151 put_inode on 10000000000.head(faked_ino=0 ref=3 ll_ref=60 cap_refs={} open={} mode=100644 size=0/0 mtime=2017-02-01 11:30:21.284000 caps=pAsLsXsFscr(0=pAsLsXsFscr) objectset[10000000000 ts 0/0 objects 0 dirty_or_tx 0] parents=0x7f8cb8011710 0x7f8cb80108a0)
2017-02-02 08:10:35.874878 7f8ca37fe700 15 inode.put on 0x7f8cb80108a0 10000000000.head now 2
2017-02-02 08:10:35.874886 7f8ca37fe700 3 client.4151 ll_forget 1 1
2017-02-02 08:10:35.874908 7f8ca3fff700 20 client.4151 _ll_get 0x7f8cb80108a0 10000000000 -> 61
2017-02-02 08:10:35.874914 7f8ca3fff700 3 client.4151 ll_getattr 10000000000.head
2017-02-02 08:10:35.874916 7f8ca3fff700 10 client.4151 _getattr mask pAsLsXsFs issued=1
2017-02-02 08:10:35.874919 7f8ca3fff700 10 client.4151 fill_stat on 10000000000 snap/devhead mode 0100644 mtime
2017-02-01 11:30:21.284000 ctime
2017-02-01 11:30:21.285768
2017-02-02 08:10:35.874922 7f8ca3fff700 3 client.4151 ll_getattr 10000000000.head = 0
2017-02-02 08:10:35.874928 7f8ca3fff700 3 client.4151 ll_forget 10000000000 1
2017-02-02 08:10:35.874930 7f8ca3fff700 20 client.4151 _ll_put 0x7f8cb80108a0 10000000000 1 -> 60
2017-02-02 08:10:35.874951 7f8ca37fe700 3 client.4151 ll_getattr 1.head
2017-02-02 08:10:35.874957 7f8ca37fe700 10 client.4151 _getattr mask pAsLsXsFs issued=1
2017-02-02 08:10:35.874960 7f8ca37fe700 10 client.4151 fill_stat on 1 snap/devhead mode 040755 mtime
2017-02-01 11:30:21.278903 ctime
2017-02-01 11:30:21.278903
2017-02-02 08:10:35.874962 7f8ca37fe700 3 client.4151 ll_getattr 1.head = 0
2017-02-02 08:10:35.874968 7f8ca37fe700 3 client.4151 ll_forget 1 1
2017-02-02 08:10:35.874986 7f8ca3fff700 3 client.4151 ll_lookup 0x7f8cb800d450 test
2017-02-02 08:10:35.874992 7f8ca3fff700 20 client.4151 _lookup have dn test mds.-1 ttl 0.000000 seq 0
2017-02-02 08:10:35.874995 7f8ca3fff700 15 inode.get on 0x7f8cb80108a0 10000000000.head now 3
2017-02-02 08:10:35.874998 7f8ca3fff700 10 client.4151 _lookup 1.head(faked_ino=0 ref=3 ll_ref=144 cap_refs={} open={} mode=40755 size=0/0 mtime=2017-02-01 11:30:21.278903 caps=pAsLsXsFs(0=pAsLsXsFs) COMPLETE has_dir_layout 0x7f8cb800d450) test = 10000000000.head(faked_ino=0 ref=3 ll_ref=60 cap_refs={} open={} mode=100644 size=0/0 mtime=2017-02-01 11:30:21.284000 caps=pAsLsXsFscr(0=pAsLsXsFscr) objectset[10000000000 ts 0/0 objects 0 dirty_or_tx 0] parents=0x7f8cb8011710 0x7f8cb80108a0)
2017-02-02 08:10:35.875013 7f8ca3fff700 10 client.4151 fill_stat on 10000000000 snap/devhead mode 0100644 mtime
2017-02-01 11:30:21.284000 ctime
2017-02-01 11:30:21.285768
2017-02-02 08:10:35.875015 7f8ca3fff700 20 client.4151 _ll_get 0x7f8cb80108a0 10000000000 -> 61
2017-02-02 08:10:35.875016 7f8ca3fff700 3 client.4151 ll_lookup 0x7f8cb800d450 test -> 0 (10000000000)
2017-02-02 08:10:35.875017 7f8ca3fff700 10 client.4151 put_inode on 10000000000.head(faked_ino=0 ref=3 ll_ref=61 cap_refs={} open={} mode=100644 size=0/0 mtime=2017-02-01 11:30:21.284000 caps=pAsLsXsFscr(0=pAsLsXsFscr) objectset[10000000000 ts 0/0 objects 0 dirty_or_tx 0] parents=0x7f8cb8011710 0x7f8cb80108a0)
2017-02-02 08:10:35.875022 7f8ca3fff700 15 inode.put on 0x7f8cb80108a0 10000000000.head now 2
2017-02-02 08:10:35.875028 7f8ca3fff700 3 client.4151 ll_forget 1 1
2017-02-02 08:10:35.875049 7f8ca37fe700 20 client.4151 _ll_get 0x7f8cb80108a0 10000000000 -> 62
2017-02-02 08:10:35.875055 7f8ca37fe700 3 client.4151 ll_getxattr 10000000000.head security.selinux size 255
2017-02-02 08:10:35.875058 7f8ca37fe700 10 client.4151 _getattr mask Xs issued=1
2017-02-02 08:10:35.875060 7f8ca37fe700 3 client.4151 _getxattr(10000000000, "security.selinux", 255) = -61
2017-02-02 08:10:35.875066 7f8ca37fe700 3 client.4151 ll_forget 10000000000 1
2017-02-02 08:10:35.875068 7f8ca37fe700 20 client.4151 _ll_put 0x7f8cb80108a0 10000000000 1 -> 61
2017-02-02 08:10:35.875093 7f8ca3fff700 3 client.4151 ll_getattr 1.head
2017-02-02 08:10:35.875099 7f8ca3fff700 10 client.4151 _getattr mask pAsLsXsFs issued=1
2017-02-02 08:10:35.875101 7f8ca3fff700 10 client.4151 fill_stat on 1 snap/devhead mode 040755 mtime
2017-02-01 11:30:21.278903 ctime
2017-02-01 11:30:21.278903
2017-02-02 08:10:35.875104 7f8ca3fff700 3 client.4151 ll_getattr 1.head = 0
2017-02-02 08:10:35.875110 7f8ca3fff700 3 client.4151 ll_forget 1 1
2017-02-02 08:10:35.875130 7f8ca37fe700 3 client.4151 ll_lookup 0x7f8cb800d450 test
2017-02-02 08:10:35.875137 7f8ca37fe700 20 client.4151 _lookup have dn test mds.-1 ttl 0.000000 seq 0
2017-02-02 08:10:35.875139 7f8ca37fe700 15 inode.get on 0x7f8cb80108a0 10000000000.head now 3
2017-02-02 08:10:35.875140 7f8ca37fe700 10 client.4151 _lookup 1.head(faked_ino=0 ref=3 ll_ref=146 cap_refs={} open={} mode=40755 size=0/0 mtime=2017-02-01 11:30:21.278903 caps=pAsLsXsFs(0=pAsLsXsFs) COMPLETE has_dir_layout 0x7f8cb800d450) test = 10000000000.head(faked_ino=0 ref=3 ll_ref=61 cap_refs={} open={} mode=100644 size=0/0 mtime=2017-02-01 11:30:21.284000 caps=pAsLsXsFscr(0=pAsLsXsFscr) objectset[10000000000 ts 0/0 objects 0 dirty_or_tx 0] parents=0x7f8cb8011710 0x7f8cb80108a0)
2017-02-02 08:10:35.875150 7f8ca37fe700 10 client.4151 fill_stat on 10000000000 snap/devhead mode 0100644 mtime
2017-02-01 11:30:21.284000 ctime
2017-02-01 11:30:21.285768
2017-02-02 08:10:35.875152 7f8ca37fe700 20 client.4151 _ll_get 0x7f8cb80108a0 10000000000 -> 62
2017-02-02 08:10:35.875154 7f8ca37fe700 3 client.4151 ll_lookup 0x7f8cb800d450 test -> 0 (10000000000)
2017-02-02 08:10:35.875155 7f8ca37fe700 10 client.4151 put_inode on 10000000000.head(faked_ino=0 ref=3 ll_ref=62 cap_refs={} open={} mode=100644 size=0/0 mtime=2017-02-01 11:30:21.284000 caps=pAsLsXsFscr(0=pAsLsXsFscr) objectset[10000000000 ts 0/0 objects 0 dirty_or_tx 0] parents=0x7f8cb8011710 0x7f8cb80108a0)
2017-02-02 08:10:35.875161 7f8ca37fe700 15 inode.put on 0x7f8cb80108a0 10000000000.head now 2
2017-02-02 08:10:35.875167 7f8ca37fe700 3 client.4151 ll_forget 1 1
2017-02-02 08:10:35.875186 7f8ca3fff700 20 client.4151 _ll_get 0x7f8cb80108a0 10000000000 -> 63
2017-02-02 08:10:35.875192 7f8ca3fff700 3 client.4151 ll_getxattr 10000000000.head system.posix_acl_access size 0
2017-02-02 08:10:35.875193 7f8ca3fff700 3 client.4151 _getxattr(10000000000, "system.posix_acl_access", 0) = -95
2017-02-02 08:10:35.875198 7f8ca3fff700 3 client.4151 ll_forget 10000000000 1
2017-02-02 08:10:35.875202 7f8ca3fff700 20 client.4151 _ll_put 0x7f8cb80108a0 10000000000 1 -> 62
2017-02-02 08:10:36.762441 7f8cc5ffb700 20 client.4151 trim_cache size 1 max 16384
2017-02-02 08:10:37.762562 7f8cc5ffb700 20 client.4151 trim_cache size 1 max 16384
2017-02-02 08:10:38.762698 7f8cc5ffb700 20 client.4151 trim_cache size 1 max 16384
2017-02-02 08:10:39.747761 7f8cccff2700 10 client.4151.objecter tick
2017-02-02 08:10:39.762837 7f8cc5ffb700 20 client.4151 trim_cache size 1 max 16384
2017-02-02 08:10:40.746787 7f8cc3ff7700 1 -- 10.194.0.100:0/4006638222 mark_down 0x7f8c980085c0 -- 0x7f8c98007300
2017-02-02 08:10:40.746802 7f8cc3ff7700 10 -- 10.194.0.100:0/4006638222 >> 10.194.0.189:6789/0 pipe(0x7f8c98007300 sd=1 :0 s=1 pgs=0 cs=0 l=1 c=0x7f8c980085c0).unregister_pipe
2017-02-02 08:10:40.746813 7f8cc3ff7700 10 -- 10.194.0.100:0/4006638222 >> 10.194.0.189:6789/0 pipe(0x7f8c98007300 sd=1 :0 s=1 pgs=0 cs=0 l=1 c=0x7f8c980085c0).stop
2017-02-02 08:10:40.746839 7f8cc3ff7700 10 -- 10.194.0.100:0/4006638222 connect_rank to 10.194.0.189:6789/0, creating pipe and registering
2017-02-02 08:10:40.746867 7f8ccc7f1700 2 -- 10.194.0.100:0/4006638222 >> 10.194.0.189:6789/0 pipe(0x7f8c98007300 sd=1 :0 s=4 pgs=0 cs=0 l=1 c=0x7f8c980085c0).connect error 10.194.0.189:6789/0, (104) Connection reset by peer
2017-02-02 08:10:40.746921 7f8ccc7f1700 3 -- 10.194.0.100:0/4006638222 >> 10.194.0.189:6789/0 pipe(0x7f8c98007300 sd=1 :0 s=4 pgs=0 cs=0 l=1 c=0x7f8c980085c0).connect fault, but state = closed != connecting, stopping
2017-02-02 08:10:40.746897 7f8cc3ff7700 10 -- 10.194.0.100:0/4006638222 >> 10.194.0.189:6789/0 pipe(0x7f8c980026c0 sd=-1 :0 s=1 pgs=0 cs=0 l=1 c=0x7f8c98005bd0).register_pipe
2017-02-02 08:10:40.746936 7f8ccc7f1700 20 -- 10.194.0.100:0/4006638222 >> 10.194.0.189:6789/0 pipe(0x7f8c98007300 sd=1 :0 s=4 pgs=0 cs=0 l=1 c=0x7f8c980085c0).writer finishing
2017-02-02 08:10:40.746939 7f8cc3ff7700 10 -- 10.194.0.100:0/4006638222 get_connection mon.0 10.194.0.189:6789/0 new 0x7f8c980026c0
2017-02-02 08:10:40.746930 7f8ccc4ee700 10 -- 10.194.0.100:0/4006638222 >> 10.194.0.189:6789/0 pipe(0x7f8c980026c0 sd=-1 :0 s=1 pgs=0 cs=0 l=1 c=0x7f8c98005bd0).writer: state = connecting policy.server=0
2017-02-02 08:10:40.746950 7f8ccc7f1700 10 -- 10.194.0.100:0/4006638222 queue_reap 0x7f8c98007300
2017-02-02 08:10:40.746966 7f8ccc4ee700 10 -- 10.194.0.100:0/4006638222 >> 10.194.0.189:6789/0 pipe(0x7f8c980026c0 sd=-1 :0 s=1 pgs=0 cs=0 l=1 c=0x7f8c98005bd0).connect 0
2017-02-02 08:10:40.746988 7f8ccc4ee700 10 -- 10.194.0.100:0/4006638222 >> 10.194.0.189:6789/0 pipe(0x7f8c980026c0 sd=0 :0 s=1 pgs=0 cs=0 l=1 c=0x7f8c98005bd0).connecting to 10.194.0.189:6789/0
2017-02-02 08:10:40.747006 7f8ccc7f1700 10 -- 10.194.0.100:0/4006638222 >> 10.194.0.189:6789/0 pipe(0x7f8c98007300 sd=1 :0 s=4 pgs=0 cs=0 l=1 c=0x7f8c980085c0).writer done
2017-02-02 08:10:40.747011 7f8cc3ff7700 20 -- 10.194.0.100:0/4006638222 send_keepalive con 0x7f8c98005bd0, have pipe.
2017-02-02 08:10:40.747039 7f8cc3ff7700 1 -- 10.194.0.100:0/4006638222 --> 10.194.0.189:6789/0 -- auth(proto 0 31 bytes epoch 1) v1 -- ?+0 0x7f8c98005f40 con 0x7f8c98005bd0
2017-02-02 08:10:40.747041 7f8cc6ffd700 10 -- 10.194.0.100:0/4006638222 reaper
2017-02-02 08:10:40.747046 7f8cc6ffd700 10 -- 10.194.0.100:0/4006638222 reaper reaping pipe 0x7f8c98007300 10.194.0.189:6789/0
2017-02-02 08:10:40.747050 7f8cc6ffd700 10 -- 10.194.0.100:0/4006638222 >> 10.194.0.189:6789/0 pipe(0x7f8c98007300 sd=1 :0 s=4 pgs=0 cs=0 l=1 c=0x7f8c980085c0).discard_queue
2017-02-02 08:10:40.747055 7f8cc3ff7700 20 -- 10.194.0.100:0/4006638222 submit_message auth(proto 0 31 bytes epoch 1) v1 remote, 10.194.0.189:6789/0, have pipe.
2017-02-02 08:10:40.747056 7f8cc6ffd700 20 -- 10.194.0.100:0/4006638222 >> 10.194.0.189:6789/0 pipe(0x7f8c98007300 sd=1 :0 s=4 pgs=0 cs=0 l=1 c=0x7f8c980085c0). discard 0x7f8c98009b20
2017-02-02 08:10:40.747064 7f8cc6ffd700 10 -- 10.194.0.100:0/4006638222 >> 10.194.0.189:6789/0 pipe(0x7f8c98007300 sd=1 :0 s=4 pgs=0 cs=0 l=1 c=0x7f8c980085c0).unregister_pipe - not registered
2017-02-02 08:10:40.747069 7f8cc6ffd700 20 -- 10.194.0.100:0/4006638222 >> 10.194.0.189:6789/0 pipe(0x7f8c98007300 sd=1 :0 s=4 pgs=0 cs=0 l=1 c=0x7f8c980085c0).join
2017-02-02 08:10:40.747081 7f8cc6ffd700 10 -- 10.194.0.100:0/4006638222 reaper reaped pipe 0x7f8c98007300 10.194.0.189:6789/0
2017-02-02 08:10:40.747092 7f8cc6ffd700 10 -- 10.194.0.100:0/4006638222 reaper deleted pipe 0x7f8c98007300
2017-02-02 08:10:40.747094 7f8cc6ffd700 10 -- 10.194.0.100:0/4006638222 reaper done
2017-02-02 08:10:40.762982 7f8cc5ffb700 20 client.4151 trim_cache size 1 max 16384
2017-02-02 08:10:40.877991 7f8ca37fe700 3 client.4151 ll_getattr 1.head
2017-02-02 08:10:40.878030 7f8ca37fe700 10 client.4151 _getattr mask pAsLsXsFs issued=1
2017-02-02 08:10:40.878036 7f8ca37fe700 10 client.4151 fill_stat on 1 snap/devhead mode 040755 mtime
2017-02-01 11:30:21.278903 ctime
2017-02-01 11:30:21.278903
2017-02-02 08:10:40.878041 7f8ca37fe700 3 client.4151 ll_getattr 1.head = 0
2017-02-02 08:10:40.878052 7f8ca37fe700 3 client.4151 ll_forget 1 1
2017-02-02 08:10:40.878075 7f8ca3fff700 3 client.4151 ll_lookup 0x7f8cb800d450 test
2017-02-02 08:10:40.878085 7f8ca3fff700 20 client.4151 _lookup have dn test mds.-1 ttl 0.000000 seq 0
2017-02-02 08:10:40.878088 7f8ca3fff700 15 inode.get on 0x7f8cb80108a0 10000000000.head now 3
2017-02-02 08:10:40.878091 7f8ca3fff700 10 client.4151 _lookup 1.head(faked_ino=0 ref=3 ll_ref=148 cap_refs={} open={} mode=40755 size=0/0 mtime=2017-02-01 11:30:21.278903 caps=pAsLsXsFs(0=pAsLsXsFs) COMPLETE has_dir_layout 0x7f8cb800d450) test = 10000000000.head(faked_ino=0 ref=3 ll_ref=62 cap_refs={} open={} mode=100644 size=0/0 mtime=2017-02-01 11:30:21.284000 caps=pAsLsXsFscr(0=pAsLsXsFscr) objectset[10000000000 ts 0/0 objects 0 dirty_or_tx 0] parents=0x7f8cb8011710 0x7f8cb80108a0)
2017-02-02 08:10:40.878108 7f8ca3fff700 10 client.4151 fill_stat on 10000000000 snap/devhead mode 0100644 mtime
2017-02-01 11:30:21.284000 ctime
2017-02-01 11:30:21.285768
2017-02-02 08:10:40.878111 7f8ca3fff700 20 client.4151 _ll_get 0x7f8cb80108a0 10000000000 -> 63
2017-02-02 08:10:40.878113 7f8ca3fff700 3 client.4151 ll_lookup 0x7f8cb800d450 test -> 0 (10000000000)
