2017-02-02 08:10:40.878115 7f8ca3fff700 10 client.4151 put_inode on 10000000000.head(faked_ino=0 ref=3 ll_ref=63 cap_refs={} open={} mode=100644 size=0/0 mtime=2017-02-01 11:30:21.284000 caps=pAsLsXsFscr(0=pAsLsXsFscr) objectset[10000000000 ts 0/0 objects 0 dirty_or_tx 0] parents=0x7f8cb8011710 0x7f8cb80108a0)
2017-02-02 08:10:40.878120 7f8ca3fff700 15 inode.put on 0x7f8cb80108a0 10000000000.head now 2
2017-02-02 08:10:40.878128 7f8ca3fff700 3 client.4151 ll_forget 1 1
2017-02-02 08:10:40.878154 7f8ca37fe700 20 client.4151 _ll_get 0x7f8cb80108a0 10000000000 -> 64
2017-02-02 08:10:40.878160 7f8ca37fe700 3 client.4151 ll_getattr 10000000000.head
2017-02-02 08:10:40.878162 7f8ca37fe700 10 client.4151 _getattr mask pAsLsXsFs issued=1
2017-02-02 08:10:40.878164 7f8ca37fe700 10 client.4151 fill_stat on 10000000000 snap/devhead mode 0100644 mtime
2017-02-01 11:30:21.284000 ctime
2017-02-01 11:30:21.285768
2017-02-02 08:10:40.878167 7f8ca37fe700 3 client.4151 ll_getattr 10000000000.head = 0
2017-02-02 08:10:40.878173 7f8ca37fe700 3 client.4151 ll_forget 10000000000 1
2017-02-02 08:10:40.878180 7f8ca37fe700 20 client.4151 _ll_put 0x7f8cb80108a0 10000000000 1 -> 63
2017-02-02 08:10:40.878202 7f8ca3fff700 3 client.4151 ll_getattr 1.head
2017-02-02 08:10:40.878207 7f8ca3fff700 10 client.4151 _getattr mask pAsLsXsFs issued=1
2017-02-02 08:10:40.878210 7f8ca3fff700 10 client.4151 fill_stat on 1 snap/devhead mode 040755 mtime
2017-02-01 11:30:21.278903 ctime
2017-02-01 11:30:21.278903
2017-02-02 08:10:40.878213 7f8ca3fff700 3 client.4151 ll_getattr 1.head = 0
2017-02-02 08:10:40.878218 7f8ca3fff700 3 client.4151 ll_forget 1 1
2017-02-02 08:10:40.878234 7f8ca37fe700 3 client.4151 ll_lookup 0x7f8cb800d450 test
2017-02-02 08:10:40.878243 7f8ca37fe700 20 client.4151 _lookup have dn test mds.-1 ttl 0.000000 seq 0
2017-02-02 08:10:40.878246 7f8ca37fe700 15 inode.get on 0x7f8cb80108a0 10000000000.head now 3
2017-02-02 08:10:40.878247 7f8ca37fe700 10 client.4151 _lookup 1.head(faked_ino=0 ref=3 ll_ref=150 cap_refs={} open={} mode=40755 size=0/0 mtime=2017-02-01 11:30:21.278903 caps=pAsLsXsFs(0=pAsLsXsFs) COMPLETE has_dir_layout 0x7f8cb800d450) test = 10000000000.head(faked_ino=0 ref=3 ll_ref=63 cap_refs={} open={} mode=100644 size=0/0 mtime=2017-02-01 11:30:21.284000 caps=pAsLsXsFscr(0=pAsLsXsFscr) objectset[10000000000 ts 0/0 objects 0 dirty_or_tx 0] parents=0x7f8cb8011710 0x7f8cb80108a0)
2017-02-02 08:10:40.878262 7f8ca37fe700 10 client.4151 fill_stat on 10000000000 snap/devhead mode 0100644 mtime
2017-02-01 11:30:21.284000 ctime
2017-02-01 11:30:21.285768
2017-02-02 08:10:40.878264 7f8ca37fe700 20 client.4151 _ll_get 0x7f8cb80108a0 10000000000 -> 64
2017-02-02 08:10:40.878265 7f8ca37fe700 3 client.4151 ll_lookup 0x7f8cb800d450 test -> 0 (10000000000)
2017-02-02 08:10:40.878266 7f8ca37fe700 10 client.4151 put_inode on 10000000000.head(faked_ino=0 ref=3 ll_ref=64 cap_refs={} open={} mode=100644 size=0/0 mtime=2017-02-01 11:30:21.284000 caps=pAsLsXsFscr(0=pAsLsXsFscr) objectset[10000000000 ts 0/0 objects 0 dirty_or_tx 0] parents=0x7f8cb8011710 0x7f8cb80108a0)
2017-02-02 08:10:40.878271 7f8ca37fe700 15 inode.put on 0x7f8cb80108a0 10000000000.head now 2
2017-02-02 08:10:40.878279 7f8ca37fe700 3 client.4151 ll_forget 1 1
2017-02-02 08:10:40.878303 7f8ca3fff700 20 client.4151 _ll_get 0x7f8cb80108a0 10000000000 -> 65
2017-02-02 08:10:40.878311 7f8ca3fff700 3 client.4151 ll_getxattr 10000000000.head security.selinux size 255
2017-02-02 08:10:40.878314 7f8ca3fff700 10 client.4151 _getattr mask Xs issued=1
2017-02-02 08:10:40.878316 7f8ca3fff700 3 client.4151 _getxattr(10000000000, "security.selinux", 255) = -61
2017-02-02 08:10:40.878323 7f8ca3fff700 3 client.4151 ll_forget 10000000000 1
2017-02-02 08:10:40.878329 7f8ca3fff700 20 client.4151 _ll_put 0x7f8cb80108a0 10000000000 1 -> 64
2017-02-02 08:10:40.878349 7f8ca37fe700 3 client.4151 ll_getattr 1.head
2017-02-02 08:10:40.878355 7f8ca37fe700 10 client.4151 _getattr mask pAsLsXsFs issued=1
2017-02-02 08:10:40.878358 7f8ca37fe700 10 client.4151 fill_stat on 1 snap/devhead mode 040755 mtime
2017-02-01 11:30:21.278903 ctime
2017-02-01 11:30:21.278903
2017-02-02 08:10:40.878361 7f8ca37fe700 3 client.4151 ll_getattr 1.head = 0
2017-02-02 08:10:40.878367 7f8ca37fe700 3 client.4151 ll_forget 1 1
2017-02-02 08:10:40.878388 7f8ca3fff700 3 client.4151 ll_lookup 0x7f8cb800d450 test
2017-02-02 08:10:40.878394 7f8ca3fff700 20 client.4151 _lookup have dn test mds.-1 ttl 0.000000 seq 0
2017-02-02 08:10:40.878396 7f8ca3fff700 15 inode.get on 0x7f8cb80108a0 10000000000.head now 3
2017-02-02 08:10:40.878398 7f8ca3fff700 10 client.4151 _lookup 1.head(faked_ino=0 ref=3 ll_ref=152 cap_refs={} open={} mode=40755 size=0/0 mtime=2017-02-01 11:30:21.278903 caps=pAsLsXsFs(0=pAsLsXsFs) COMPLETE has_dir_layout 0x7f8cb800d450) test = 10000000000.head(faked_ino=0 ref=3 ll_ref=64 cap_refs={} open={} mode=100644 size=0/0 mtime=2017-02-01 11:30:21.284000 caps=pAsLsXsFscr(0=pAsLsXsFscr) objectset[10000000000 ts 0/0 objects 0 dirty_or_tx 0] parents=0x7f8cb8011710 0x7f8cb80108a0)
2017-02-02 08:10:40.878411 7f8ca3fff700 10 client.4151 fill_stat on 10000000000 snap/devhead mode 0100644 mtime
2017-02-01 11:30:21.284000 ctime
2017-02-01 11:30:21.285768
2017-02-02 08:10:40.878413 7f8ca3fff700 20 client.4151 _ll_get 0x7f8cb80108a0 10000000000 -> 65
2017-02-02 08:10:40.878414 7f8ca3fff700 3 client.4151 ll_lookup 0x7f8cb800d450 test -> 0 (10000000000)
2017-02-02 08:10:40.878416 7f8ca3fff700 10 client.4151 put_inode on 10000000000.head(faked_ino=0 ref=3 ll_ref=65 cap_refs={} open={} mode=100644 size=0/0 mtime=2017-02-01 11:30:21.284000 caps=pAsLsXsFscr(0=pAsLsXsFscr) objectset[10000000000 ts 0/0 objects 0 dirty_or_tx 0] parents=0x7f8cb8011710 0x7f8cb80108a0)
2017-02-02 08:10:40.878421 7f8ca3fff700 15 inode.put on 0x7f8cb80108a0 10000000000.head now 2
2017-02-02 08:10:40.878433 7f8ca3fff700 3 client.4151 ll_forget 1 1
2017-02-02 08:10:40.878444 7f8ca3fff700 20 client.4151 _ll_get 0x7f8cb80108a0 10000000000 -> 66
2017-02-02 08:10:40.878446 7f8ca3fff700 3 client.4151 ll_getxattr 10000000000.head system.posix_acl_access size 0
2017-02-02 08:10:40.878448 7f8ca3fff700 3 client.4151 _getxattr(10000000000, "system.posix_acl_access", 0) = -95
2017-02-02 08:10:40.878454 7f8ca3fff700 3 client.4151 ll_forget 10000000000 1
2017-02-02 08:10:40.878461 7f8ca3fff700 20 client.4151 _ll_put 0x7f8cb80108a0 10000000000 1 -> 65
2017-02-02 08:10:41.763125 7f8cc5ffb700 20 client.4151 trim_cache size 1 max 16384
2017-02-02 08:10:42.763259 7f8cc5ffb700 20 client.4151 trim_cache size 1 max 16384
2017-02-02 08:10:43.763397 7f8cc5ffb700 20 client.4151 trim_cache size 1 max 16384
2017-02-02 08:10:44.747928 7f8cccff2700 10 client.4151.objecter tick
2017-02-02 08:10:44.763540 7f8cc5ffb700 20 client.4151 trim_cache size 1 max 16384
2017-02-02 08:10:45.763690 7f8cc5ffb700 20 client.4151 trim_cache size 1 max 16384
2017-02-02 08:10:45.881133 7f8ca37fe700 3 client.4151 ll_getattr 1.head
2017-02-02 08:10:45.881145 7f8ca37fe700 10 client.4151 _getattr mask pAsLsXsFs issued=1
2017-02-02 08:10:45.881151 7f8ca37fe700 10 client.4151 fill_stat on 1 snap/devhead mode 040755 mtime
2017-02-01 11:30:21.278903 ctime
2017-02-01 11:30:21.278903
2017-02-02 08:10:45.881156 7f8ca37fe700 3 client.4151 ll_getattr 1.head = 0
2017-02-02 08:10:45.881167 7f8ca37fe700 3 client.4151 ll_forget 1 1
2017-02-02 08:10:45.881192 7f8ca3fff700 3 client.4151 ll_lookup 0x7f8cb800d450 test
2017-02-02 08:10:45.881201 7f8ca3fff700 20 client.4151 _lookup have dn test mds.-1 ttl 0.000000 seq 0
2017-02-02 08:10:45.881205 7f8ca3fff700 15 inode.get on 0x7f8cb80108a0 10000000000.head now 3
2017-02-02 08:10:45.881207 7f8ca3fff700 10 client.4151 _lookup 1.head(faked_ino=0 ref=3 ll_ref=154 cap_refs={} open={} mode=40755 size=0/0 mtime=2017-02-01 11:30:21.278903 caps=pAsLsXsFs(0=pAsLsXsFs) COMPLETE has_dir_layout 0x7f8cb800d450) test = 10000000000.head(faked_ino=0 ref=3 ll_ref=65 cap_refs={} open={} mode=100644 size=0/0 mtime=2017-02-01 11:30:21.284000 caps=pAsLsXsFscr(0=pAsLsXsFscr) objectset[10000000000 ts 0/0 objects 0 dirty_or_tx 0] parents=0x7f8cb8011710 0x7f8cb80108a0)
2017-02-02 08:10:45.881225 7f8ca3fff700 10 client.4151 fill_stat on 10000000000 snap/devhead mode 0100644 mtime
2017-02-01 11:30:21.284000 ctime
2017-02-01 11:30:21.285768
2017-02-02 08:10:45.881228 7f8ca3fff700 20 client.4151 _ll_get 0x7f8cb80108a0 10000000000 -> 66
2017-02-02 08:10:45.881230 7f8ca3fff700 3 client.4151 ll_lookup 0x7f8cb800d450 test -> 0 (10000000000)
2017-02-02 08:10:45.881232 7f8ca3fff700 10 client.4151 put_inode on 10000000000.head(faked_ino=0 ref=3 ll_ref=66 cap_refs={} open={} mode=100644 size=0/0 mtime=2017-02-01 11:30:21.284000 caps=pAsLsXsFscr(0=pAsLsXsFscr) objectset[10000000000 ts 0/0 objects 0 dirty_or_tx 0] parents=0x7f8cb8011710 0x7f8cb80108a0)
2017-02-02 08:10:45.881237 7f8ca3fff700 15 inode.put on 0x7f8cb80108a0 10000000000.head now 2
2017-02-02 08:10:45.881251 7f8ca3fff700 3 client.4151 ll_forget 1 1
2017-02-02 08:10:45.881258 7f8ca3fff700 20 client.4151 _ll_get 0x7f8cb80108a0 10000000000 -> 67
2017-02-02 08:10:45.881259 7f8ca3fff700 3 client.4151 ll_getattr 10000000000.head
2017-02-02 08:10:45.881260 7f8ca3fff700 10 client.4151 _getattr mask pAsLsXsFs issued=1
2017-02-02 08:10:45.881263 7f8ca3fff700 10 client.4151 fill_stat on 10000000000 snap/devhead mode 0100644 mtime
2017-02-01 11:30:21.284000 ctime
2017-02-01 11:30:21.285768
2017-02-02 08:10:45.881265 7f8ca3fff700 3 client.4151 ll_getattr 10000000000.head = 0
2017-02-02 08:10:45.881272 7f8ca3fff700 3 client.4151 ll_forget 10000000000 1
2017-02-02 08:10:45.881273 7f8ca3fff700 20 client.4151 _ll_put 0x7f8cb80108a0 10000000000 1 -> 66
2017-02-02 08:10:45.881297 7f8ca37fe700 3 client.4151 ll_getattr 1.head
2017-02-02 08:10:45.881303 7f8ca37fe700 10 client.4151 _getattr mask pAsLsXsFs issued=1
2017-02-02 08:10:45.881305 7f8ca37fe700 10 client.4151 fill_stat on 1 snap/devhead mode 040755 mtime
2017-02-01 11:30:21.278903 ctime
2017-02-01 11:30:21.278903
2017-02-02 08:10:45.881308 7f8ca37fe700 3 client.4151 ll_getattr 1.head = 0
2017-02-02 08:10:45.881314 7f8ca37fe700 3 client.4151 ll_forget 1 1
2017-02-02 08:10:45.881332 7f8ca3fff700 3 client.4151 ll_lookup 0x7f8cb800d450 test
2017-02-02 08:10:45.881337 7f8ca3fff700 20 client.4151 _lookup have dn test mds.-1 ttl 0.000000 seq 0
2017-02-02 08:10:45.881339 7f8ca3fff700 15 inode.get on 0x7f8cb80108a0 10000000000.head now 3
2017-02-02 08:10:45.881340 7f8ca3fff700 10 client.4151 _lookup 1.head(faked_ino=0 ref=3 ll_ref=156 cap_refs={} open={} mode=40755 size=0/0 mtime=2017-02-01 11:30:21.278903 caps=pAsLsXsFs(0=pAsLsXsFs) COMPLETE has_dir_layout 0x7f8cb800d450) test = 10000000000.head(faked_ino=0 ref=3 ll_ref=66 cap_refs={} open={} mode=100644 size=0/0 mtime=2017-02-01 11:30:21.284000 caps=pAsLsXsFscr(0=pAsLsXsFscr) objectset[10000000000 ts 0/0 objects 0 dirty_or_tx 0] parents=0x7f8cb8011710 0x7f8cb80108a0)
2017-02-02 08:10:45.881353 7f8ca3fff700 10 client.4151 fill_stat on 10000000000 snap/devhead mode 0100644 mtime
2017-02-01 11:30:21.284000 ctime
2017-02-01 11:30:21.285768
2017-02-02 08:10:45.881355 7f8ca3fff700 20 client.4151 _ll_get 0x7f8cb80108a0 10000000000 -> 67
2017-02-02 08:10:45.881356 7f8ca3fff700 3 client.4151 ll_lookup 0x7f8cb800d450 test -> 0 (10000000000)
2017-02-02 08:10:45.881357 7f8ca3fff700 10 client.4151 put_inode on 10000000000.head(faked_ino=0 ref=3 ll_ref=67 cap_refs={} open={} mode=100644 size=0/0 mtime=2017-02-01 11:30:21.284000 caps=pAsLsXsFscr(0=pAsLsXsFscr) objectset[10000000000 ts 0/0 objects 0 dirty_or_tx 0] parents=0x7f8cb8011710 0x7f8cb80108a0)
2017-02-02 08:10:45.881365 7f8ca3fff700 15 inode.put on 0x7f8cb80108a0 10000000000.head now 2
2017-02-02 08:10:45.881372 7f8ca3fff700 3 client.4151 ll_forget 1 1
2017-02-02 08:10:45.881393 7f8ca37fe700 20 client.4151 _ll_get 0x7f8cb80108a0 10000000000 -> 68
2017-02-02 08:10:45.881399 7f8ca37fe700 3 client.4151 ll_getxattr 10000000000.head security.selinux size 255
2017-02-02 08:10:45.881401 7f8ca37fe700 10 client.4151 _getattr mask Xs issued=1
2017-02-02 08:10:45.881406 7f8ca37fe700 3 client.4151 _getxattr(10000000000, "security.selinux", 255) = -61
2017-02-02 08:10:45.881412 7f8ca37fe700 3 client.4151 ll_forget 10000000000 1
2017-02-02 08:10:45.881413 7f8ca37fe700 20 client.4151 _ll_put 0x7f8cb80108a0 10000000000 1 -> 67
2017-02-02 08:10:45.881433 7f8ca3fff700 3 client.4151 ll_getattr 1.head
2017-02-02 08:10:45.881438 7f8ca3fff700 10 client.4151 _getattr mask pAsLsXsFs issued=1
2017-02-02 08:10:45.881440 7f8ca3fff700 10 client.4151 fill_stat on 1 snap/devhead mode 040755 mtime
2017-02-01 11:30:21.278903 ctime
2017-02-01 11:30:21.278903
2017-02-02 08:10:45.881443 7f8ca3fff700 3 client.4151 ll_getattr 1.head = 0
2017-02-02 08:10:45.881448 7f8ca3fff700 3 client.4151 ll_forget 1 1
2017-02-02 08:10:45.881466 7f8ca37fe700 3 client.4151 ll_lookup 0x7f8cb800d450 test
2017-02-02 08:10:45.881471 7f8ca37fe700 20 client.4151 _lookup have dn test mds.-1 ttl 0.000000 seq 0
2017-02-02 08:10:45.881473 7f8ca37fe700 15 inode.get on 0x7f8cb80108a0 10000000000.head now 3
2017-02-02 08:10:45.881474 7f8ca37fe700 10 client.4151 _lookup 1.head(faked_ino=0 ref=3 ll_ref=158 cap_refs={} open={} mode=40755 size=0/0 mtime=2017-02-01 11:30:21.278903 caps=pAsLsXsFs(0=pAsLsXsFs) COMPLETE has_dir_layout 0x7f8cb800d450) test = 10000000000.head(faked_ino=0 ref=3 ll_ref=67 cap_refs={} open={} mode=100644 size=0/0 mtime=2017-02-01 11:30:21.284000 caps=pAsLsXsFscr(0=pAsLsXsFscr) objectset[10000000000 ts 0/0 objects 0 dirty_or_tx 0] parents=0x7f8cb8011710 0x7f8cb80108a0)
2017-02-02 08:10:45.881487 7f8ca37fe700 10 client.4151 fill_stat on 10000000000 snap/devhead mode 0100644 mtime
2017-02-01 11:30:21.284000 ctime
2017-02-01 11:30:21.285768
2017-02-02 08:10:45.881489 7f8ca37fe700 20 client.4151 _ll_get 0x7f8cb80108a0 10000000000 -> 68
2017-02-02 08:10:45.881490 7f8ca37fe700 3 client.4151 ll_lookup 0x7f8cb800d450 test -> 0 (10000000000)
2017-02-02 08:10:45.881491 7f8ca37fe700 10 client.4151 put_inode on 10000000000.head(faked_ino=0 ref=3 ll_ref=68 cap_refs={} open={} mode=100644 size=0/0 mtime=2017-02-01 11:30:21.284000 caps=pAsLsXsFscr(0=pAsLsXsFscr) objectset[10000000000 ts 0/0 objects 0 dirty_or_tx 0] parents=0x7f8cb8011710 0x7f8cb80108a0)
2017-02-02 08:10:45.881496 7f8ca37fe700 15 inode.put on 0x7f8cb80108a0 10000000000.head now 2
2017-02-02 08:10:45.881502 7f8ca37fe700 3 client.4151 ll_forget 1 1
2017-02-02 08:10:45.881520 7f8ca3fff700 20 client.4151 _ll_get 0x7f8cb80108a0 10000000000 -> 69
2017-02-02 08:10:45.881525 7f8ca3fff700 3 client.4151 ll_getxattr 10000000000.head system.posix_acl_access size 0
2017-02-02 08:10:45.881526 7f8ca3fff700 3 client.4151 _getxattr(10000000000, "system.posix_acl_access", 0) = -95
2017-02-02 08:10:45.881531 7f8ca3fff700 3 client.4151 ll_forget 10000000000 1
2017-02-02 08:10:45.881532 7f8ca3fff700 20 client.4151 _ll_put 0x7f8cb80108a0 10000000000 1 -> 68
2017-02-02 08:10:46.763830 7f8cc5ffb700 20 client.4151 trim_cache size 1 max 16384
2017-02-02 08:10:47.763971 7f8cc5ffb700 20 client.4151 trim_cache size 1 max 16384
2017-02-02 08:10:48.764113 7f8cc5ffb700 20 client.4151 trim_cache size 1 max 16384
2017-02-02 08:10:49.748069 7f8cccff2700 10 client.4151.objecter tick
2017-02-02 08:10:49.764258 7f8cc5ffb700 20 client.4151 trim_cache size 1 max 16384
2017-02-02 08:10:50.764398 7f8cc5ffb700 10 client.4151 renew_caps()
2017-02-02 08:10:50.764415 7f8cc5ffb700 15 client.4151 renew_caps requesting from mds.0
2017-02-02 08:10:50.764419 7f8cc5ffb700 10 client.4151 renew_caps mds.0
2017-02-02 08:10:50.764424 7f8cc5ffb700 1 -- 10.194.0.100:0/4006638222 --> 10.194.0.189:6816/31695 -- client_session(request_renewcaps seq 9) v2 -- ?+0 0x7f8c9c00ac70 con 0x5616c998ad60
2017-02-02 08:10:50.764444 7f8cc5ffb700 20 -- 10.194.0.100:0/4006638222 submit_message client_session(request_renewcaps seq 9) v2 remote, 10.194.0.189:6816/31695, have pipe.
2017-02-02 08:10:50.764462 7f8cc5ffb700 20 client.4151 trim_cache size 1 max 16384
2017-02-02 08:10:50.764494 7f8ccc6f0700 10 -- 10.194.0.100:0/4006638222 >> 10.194.0.189:6816/31695 pipe(0x5616c998ca10 sd=13 :31421 s=2 pgs=5 cs=1 l=0 c=0x5616c998ad60).writer: state = open policy.server=0
2017-02-02 08:10:50.764532 7f8ccc6f0700 20 -- 10.194.0.100:0/4006638222 >> 10.194.0.189:6816/31695 pipe(0x5616c998ca10 sd=13 :31421 s=2 pgs=5 cs=1 l=0 c=0x5616c998ad60).writer encoding 13 features 576460752032874495 0x7f8c9c00ac70 client_session(request_renewcaps seq 9) v2
2017-02-02 08:10:50.764571 7f8ccc6f0700 20 -- 10.194.0.100:0/4006638222 >> 10.194.0.189:6816/31695 pipe(0x5616c998ca10 sd=13 :31421 s=2 pgs=5 cs=1 l=0 c=0x5616c998ad60).writer signed seq # 13): sig = 7273636111937805613
2017-02-02 08:10:50.764580 7f8ccc6f0700 20 -- 10.194.0.100:0/4006638222 >> 10.194.0.189:6816/31695 pipe(0x5616c998ca10 sd=13 :31421 s=2 pgs=5 cs=1 l=0 c=0x5616c998ad60).writer sending 13 0x7f8c9c00ac70
2017-02-02 08:10:50.764590 7f8ccc6f0700 10 -- 10.194.0.100:0/4006638222 >> 10.194.0.189:6816/31695 pipe(0x5616c998ca10 sd=13 :31421 s=2 pgs=5 cs=1 l=0 c=0x5616c998ad60).writer: state = open policy.server=0
2017-02-02 08:10:50.764597 7f8ccc6f0700 20 -- 10.194.0.100:0/4006638222 >> 10.194.0.189:6816/31695 pipe(0x5616c998ca10 sd=13 :31421 s=2 pgs=5 cs=1 l=0 c=0x5616c998ad60).writer sleeping
2017-02-02 08:10:50.884179 7f8ca37fe700 3 client.4151 ll_getattr 1.head
2017-02-02 08:10:50.884190 7f8ca37fe700 10 client.4151 _getattr mask pAsLsXsFs issued=0
2017-02-02 08:10:50.884199 7f8ca37fe700 15 inode.get on 0x7f8cb800d450 1.head now 4
2017-02-02 08:10:50.884202 7f8ca37fe700 20 client.4151 choose_target_mds starting with req->inode 1.head(faked_ino=0 ref=4 ll_ref=159 cap_refs={} open={} mode=40755 size=0/0 mtime=2017-02-01 11:30:21.278903 caps=-(0=pAsLsXsFs) COMPLETE has_dir_layout 0x7f8cb800d450)
2017-02-02 08:10:50.884210 7f8ca37fe700 20 client.4151 choose_target_mds 1.head(faked_ino=0 ref=4 ll_ref=159 cap_refs={} open={} mode=40755 size=0/0 mtime=2017-02-01 11:30:21.278903 caps=-(0=pAsLsXsFs) COMPLETE has_dir_layout 0x7f8cb800d450) is_hash=0 hash=0
2017-02-02 08:10:50.884214 7f8ca37fe700 10 client.4151 choose_target_mds from caps on inode 1.head(faked_ino=0 ref=4 ll_ref=159 cap_refs={} open={} mode=40755 size=0/0 mtime=2017-02-01 11:30:21.278903 caps=-(0=pAsLsXsFs) COMPLETE has_dir_layout 0x7f8cb800d450)
2017-02-02 08:10:50.884218 7f8ca37fe700 20 client.4151 mds is 0
2017-02-02 08:10:50.884220 7f8ca37fe700 10 client.4151 send_request rebuilding request 4 for mds.0
2017-02-02 08:10:50.884222 7f8ca37fe700 20 client.4151 encode_cap_releases enter (req: 0x7f8c9001df20, mds: 0)
2017-02-02 08:10:50.884224 7f8ca37fe700 20 client.4151 send_request set sent_stamp to
2017-02-02 08:10:50.884224
2017-02-02 08:10:50.884226 7f8ca37fe700 10 client.4151 send_request client_request(unknown.0:4 getattr pAsLsXsFs #1
2017-02-02 08:10:50.884201) v3 to mds.0
2017-02-02 08:10:50.884236 7f8ca37fe700 1 -- 10.194.0.100:0/4006638222 --> 10.194.0.189:6816/31695 -- client_request(client.4151:4 getattr pAsLsXsFs #1
2017-02-02 08:10:50.884201) v3 -- ?+0 0x7f8c9001e8e0 con 0x5616c998ad60
2017-02-02 08:10:50.884247 7f8ca37fe700 20 -- 10.194.0.100:0/4006638222 submit_message client_request(client.4151:4 getattr pAsLsXsFs #1
2017-02-02 08:10:50.884201) v3 remote, 10.194.0.189:6816/31695, have pipe.
2017-02-02 08:10:50.884261 7f8ca37fe700 20 client.4151 awaiting reply|forward|kick on 0x7f8ca37fd000
2017-02-02 08:10:50.884272 7f8ccc6f0700 10 -- 10.194.0.100:0/4006638222 >> 10.194.0.189:6816/31695 pipe(0x5616c998ca10 sd=13 :31421 s=2 pgs=5 cs=1 l=0 c=0x5616c998ad60).writer: state = open policy.server=0
2017-02-02 08:10:50.884286 7f8ccc6f0700 20 -- 10.194.0.100:0/4006638222 >> 10.194.0.189:6816/31695 pipe(0x5616c998ca10 sd=13 :31421 s=2 pgs=5 cs=1 l=0 c=0x5616c998ad60).writer encoding 14 features 576460752032874495 0x7f8c9001e8e0 client_request(client.4151:4 getattr pAsLsXsFs #1
2017-02-02 08:10:50.884201) v3
2017-02-02 08:10:50.884320 7f8ccc6f0700 20 -- 10.194.0.100:0/4006638222 >> 10.194.0.189:6816/31695 pipe(0x5616c998ca10 sd=13 :31421 s=2 pgs=5 cs=1 l=0 c=0x5616c998ad60).writer signed seq # 14): sig = 4227191048112440950
2017-02-02 08:10:50.884329 7f8ccc6f0700 20 -- 10.194.0.100:0/4006638222 >> 10.194.0.189:6816/31695 pipe(0x5616c998ca10 sd=13 :31421 s=2 pgs=5 cs=1 l=0 c=0x5616c998ad60).writer sending 14 0x7f8c9001e8e0
2017-02-02 08:10:50.884337 7f8ccc6f0700 10 -- 10.194.0.100:0/4006638222 >> 10.194.0.189:6816/31695 pipe(0x5616c998ca10 sd=13 :31421 s=2 pgs=5 cs=1 l=0 c=0x5616c998ad60).writer: state = open policy.server=0
2017-02-02 08:10:50.884344 7f8ccc6f0700 20 -- 10.194.0.100:0/4006638222 >> 10.194.0.189:6816/31695 pipe(0x5616c998ca10 sd=13 :31421 s=2 pgs=5 cs=1 l=0 c=0x5616c998ad60).writer sleeping
2017-02-02 08:10:51.764541 7f8cc5ffb700 20 client.4151 trim_cache size 1 max 16384
2017-02-02 08:10:52.764683 7f8cc5ffb700 20 client.4151 trim_cache size 1 max 16384
2017-02-02 08:10:53.764828 7f8cc5ffb700 20 client.4151 trim_cache size 1 max 16384
2017-02-02 08:10:54.748215 7f8cccff2700 10 client.4151.objecter tick
2017-02-02 08:10:54.764975 7f8cc5ffb700 20 client.4151 trim_cache size 1 max 16384
2017-02-02 08:10:55.765124 7f8cc5ffb700 20 client.4151 trim_cache size 1 max 16384
2017-02-02 08:10:56.765274 7f8cc5ffb700 20 client.4151 trim_cache size 1 max 16384
2017-02-02 08:10:57.765395 7f8cc5ffb700 20 client.4151 trim_cache size 1 max 16384
2017-02-02 08:10:58.765537 7f8cc5ffb700 20 client.4151 trim_cache size 1 max 16384
2017-02-02 08:10:59.748375 7f8cccff2700 10 client.4151.objecter tick
2017-02-02 08:10:59.765675 7f8cc5ffb700 20 client.4151 trim_cache size 1 max 16384
2017-02-02 08:11:00.765822 7f8cc5ffb700 20 client.4151 trim_cache size 1 max 16384
2017-02-02 08:11:01.765961 7f8cc5ffb700 20 client.4151 trim_cache size 1 max 16384
2017-02-02 08:11:02.766105 7f8cc5ffb700 20 client.4151 trim_cache size 1 max 16384
2017-02-02 08:11:03.410173 7f8ca3fff700 3 client.4151 ll_getattr 1.head
2017-02-02 08:11:03.410195 7f8ca3fff700 10 client.4151 _getattr mask pAsLsXsFs issued=0
2017-02-02 08:11:03.410217 7f8ca3fff700 15 inode.get on 0x7f8cb800d450 1.head now 5
2017-02-02 08:11:03.410223 7f8ca3fff700 20 client.4151 choose_target_mds starting with req->inode 1.head(faked_ino=0 ref=5 ll_ref=160 cap_refs={} open={} mode=40755 size=0/0 mtime=2017-02-01 11:30:21.278903 caps=-(0=pAsLsXsFs) COMPLETE has_dir_layout 0x7f8cb800d450)
2017-02-02 08:11:03.410235 7f8ca3fff700 20 client.4151 choose_target_mds 1.head(faked_ino=0 ref=5 ll_ref=160 cap_refs={} open={} mode=40755 size=0/0 mtime=2017-02-01 11:30:21.278903 caps=-(0=pAsLsXsFs) COMPLETE has_dir_layout 0x7f8cb800d450) is_hash=0 hash=0
2017-02-02 08:11:03.410242 7f8ca3fff700 10 client.4151 choose_target_mds from caps on inode 1.head(faked_ino=0 ref=5 ll_ref=160 cap_refs={} open={} mode=40755 size=0/0 mtime=2017-02-01 11:30:21.278903 caps=-(0=pAsLsXsFs) COMPLETE has_dir_layout 0x7f8cb800d450)
2017-02-02 08:11:03.410248 7f8ca3fff700 20 client.4151 mds is 0
2017-02-02 08:11:03.410251 7f8ca3fff700 10 client.4151 send_request rebuilding request 5 for mds.0
2017-02-02 08:11:03.410254 7f8ca3fff700 20 client.4151 encode_cap_releases enter (req: 0x7f8c94023ce0, mds: 0)
2017-02-02 08:11:03.410256 7f8ca3fff700 20 client.4151 send_request set sent_stamp to
2017-02-02 08:11:03.410256
2017-02-02 08:11:03.410259 7f8ca3fff700 10 client.4151 send_request client_request(unknown.0:5 getattr pAsLsXsFs #1
2017-02-02 08:11:03.410220) v3 to mds.0
2017-02-02 08:11:03.410267 7f8ca3fff700 1 -- 10.194.0.100:0/4006638222 --> 10.194.0.189:6816/31695 -- client_request(client.4151:5 getattr pAsLsXsFs #1
2017-02-02 08:11:03.410220) v3 -- ?+0 0x7f8c94024690 con 0x5616c998ad60
2017-02-02 08:11:03.410282 7f8ca3fff700 20 -- 10.194.0.100:0/4006638222 submit_message client_request(client.4151:5 getattr pAsLsXsFs #1
2017-02-02 08:11:03.410220) v3 remote, 10.194.0.189:6816/31695, have pipe.
2017-02-02 08:11:03.410295 7f8ca3fff700 20 client.4151 awaiting reply|forward|kick on 0x7f8ca3ffe000
2017-02-02 08:11:03.410303 7f8ccc6f0700 10 -- 10.194.0.100:0/4006638222 >> 10.194.0.189:6816/31695 pipe(0x5616c998ca10 sd=13 :31421 s=2 pgs=5 cs=1 l=0 c=0x5616c998ad60).writer: state = open policy.server=0
2017-02-02 08:11:03.410312 7f8ccc6f0700 20 -- 10.194.0.100:0/4006638222 >> 10.194.0.189:6816/31695 pipe(0x5616c998ca10 sd=13 :31421 s=2 pgs=5 cs=1 l=0 c=0x5616c998ad60).writer encoding 15 features 576460752032874495 0x7f8c94024690 client_request(client.4151:5 getattr pAsLsXsFs #1
2017-02-02 08:11:03.410220) v3
2017-02-02 08:11:03.410361 7f8ccc6f0700 20 -- 10.194.0.100:0/4006638222 >> 10.194.0.189:6816/31695 pipe(0x5616c998ca10 sd=13 :31421 s=2 pgs=5 cs=1 l=0 c=0x5616c998ad60).writer signed seq # 15): sig = 16216964098252735288
2017-02-02 08:11:03.410368 7f8ccc6f0700 20 -- 10.194.0.100:0/4006638222 >> 10.194.0.189:6816/31695 pipe(0x5616c998ca10 sd=13 :31421 s=2 pgs=5 cs=1 l=0 c=0x5616c998ad60).writer sending 15 0x7f8c94024690
2017-02-02 08:11:03.410390 7f8ccc6f0700 10 -- 10.194.0.100:0/4006638222 >> 10.194.0.189:6816/31695 pipe(0x5616c998ca10 sd=13 :31421 s=2 pgs=5 cs=1 l=0 c=0x5616c998ad60).writer: state = open policy.server=0
2017-02-02 08:11:03.410395 7f8ccc6f0700 20 -- 10.194.0.100:0/4006638222 >> 10.194.0.189:6816/31695 pipe(0x5616c998ca10 sd=13 :31421 s=2 pgs=5 cs=1 l=0 c=0x5616c998ad60).writer sleeping
2017-02-02 08:11:03.550849 7f8ca2ffd700 3 client.4151 ll_getattr 1.head
2017-02-02 08:11:03.550874 7f8ca2ffd700 10 client.4151 _getattr mask pAsLsXsFs issued=0
2017-02-02 08:11:03.550889 7f8ca2ffd700 15 inode.get on 0x7f8cb800d450 1.head now 6
2017-02-02 08:11:03.550897 7f8ca2ffd700 20 client.4151 choose_target_mds starting with req->inode 1.head(faked_ino=0 ref=6 ll_ref=161 cap_refs={} open={} mode=40755 size=0/0 mtime=2017-02-01 11:30:21.278903 caps=-(0=pAsLsXsFs) COMPLETE has_dir_layout 0x7f8cb800d450)
2017-02-02 08:11:03.550915 7f8ca2ffd700 20 client.4151 choose_target_mds 1.head(faked_ino=0 ref=6 ll_ref=161 cap_refs={} open={} mode=40755 size=0/0 mtime=2017-02-01 11:30:21.278903 caps=-(0=pAsLsXsFs) COMPLETE has_dir_layout 0x7f8cb800d450) is_hash=0 hash=0
2017-02-02 08:11:03.550923 7f8ca2ffd700 10 client.4151 choose_target_mds from caps on inode 1.head(faked_ino=0 ref=6 ll_ref=161 cap_refs={} open={} mode=40755 size=0/0 mtime=2017-02-01 11:30:21.278903 caps=-(0=pAsLsXsFs) COMPLETE has_dir_layout 0x7f8cb800d450)
2017-02-02 08:11:03.550930 7f8ca2ffd700 20 client.4151 mds is 0
2017-02-02 08:11:03.550934 7f8ca2ffd700 10 client.4151 send_request rebuilding request 6 for mds.0
2017-02-02 08:11:03.550937 7f8ca2ffd700 20 client.4151 encode_cap_releases enter (req: 0x7f8cac00bc30, mds: 0)
2017-02-02 08:11:03.550940 7f8ca2ffd700 20 client.4151 send_request set sent_stamp to
2017-02-02 08:11:03.550940
2017-02-02 08:11:03.550944 7f8ca2ffd700 10 client.4151 send_request client_request(unknown.0:6 getattr pAsLsXsFs #1
2017-02-02 08:11:03.550892) v3 to mds.0
2017-02-02 08:11:03.550958 7f8ca2ffd700 1 -- 10.194.0.100:0/4006638222 --> 10.194.0.189:6816/31695 -- client_request(client.4151:6 getattr pAsLsXsFs #1
2017-02-02 08:11:03.550892) v3 -- ?+0 0x7f8cac00c5e0 con 0x5616c998ad60
2017-02-02 08:11:03.550980 7f8ca2ffd700 20 -- 10.194.0.100:0/4006638222 submit_message client_request(client.4151:6 getattr pAsLsXsFs #1
2017-02-02 08:11:03.550892) v3 remote, 10.194.0.189:6816/31695, have pipe.
2017-02-02 08:11:03.550995 7f8ca2ffd700 20 client.4151 awaiting reply|forward|kick on 0x7f8ca2ffc000
2017-02-02 08:11:03.551000 7f8ccc6f0700 10 -- 10.194.0.100:0/4006638222 >> 10.194.0.189:6816/31695 pipe(0x5616c998ca10 sd=13 :31421 s=2 pgs=5 cs=1 l=0 c=0x5616c998ad60).writer: state = open policy.server=0
2017-02-02 08:11:03.551015 7f8ccc6f0700 20 -- 10.194.0.100:0/4006638222 >> 10.194.0.189:6816/31695 pipe(0x5616c998ca10 sd=13 :31421 s=2 pgs=5 cs=1 l=0 c=0x5616c998ad60).writer encoding 16 features 576460752032874495 0x7f8cac00c5e0 client_request(client.4151:6 getattr pAsLsXsFs #1
2017-02-02 08:11:03.550892) v3
2017-02-02 08:11:03.551072 7f8ccc6f0700 20 -- 10.194.0.100:0/4006638222 >> 10.194.0.189:6816/31695 pipe(0x5616c998ca10 sd=13 :31421 s=2 pgs=5 cs=1 l=0 c=0x5616c998ad60).writer signed seq # 16): sig = 2194701475285654863
2017-02-02 08:11:03.551081 7f8ccc6f0700 20 -- 10.194.0.100:0/4006638222 >> 10.194.0.189:6816/31695 pipe(0x5616c998ca10 sd=13 :31421 s=2 pgs=5 cs=1 l=0 c=0x5616c998ad60).writer sending 16 0x7f8cac00c5e0
2017-02-02 08:11:03.551094 7f8ccc6f0700 10 -- 10.194.0.100:0/4006638222 >> 10.194.0.189:6816/31695 pipe(0x5616c998ca10 sd=13 :31421 s=2 pgs=5 cs=1 l=0 c=0x5616c998ad60).writer: state = open policy.server=0
2017-02-02 08:11:03.551100 7f8ccc6f0700 20 -- 10.194.0.100:0/4006638222 >> 10.194.0.189:6816/31695 pipe(0x5616c998ca10 sd=13 :31421 s=2 pgs=5 cs=1 l=0 c=0x5616c998ad60).writer sleeping
2017-02-02 08:11:03.766254 7f8cc5ffb700 20 client.4151 trim_cache size 1 max 16384
2017-02-02 08:11:04.747246 7f8cc3ff7700 1 -- 10.194.0.100:0/4006638222 mark_down 0x7f8c98005bd0 -- 0x7f8c980026c0
2017-02-02 08:11:04.747254 7f8cc3ff7700 10 -- 10.194.0.100:0/4006638222 >> 10.194.0.189:6789/0 pipe(0x7f8c980026c0 sd=0 :0 s=1 pgs=0 cs=0 l=1 c=0x7f8c98005bd0).unregister_pipe
2017-02-02 08:11:04.747259 7f8cc3ff7700 10 -- 10.194.0.100:0/4006638222 >> 10.194.0.189:6789/0 pipe(0x7f8c980026c0 sd=0 :0 s=1 pgs=0 cs=0 l=1 c=0x7f8c98005bd0).stop
2017-02-02 08:11:04.747274 7f8cc3ff7700 10 -- 10.194.0.100:0/4006638222 connect_rank to 10.194.0.189:6789/0, creating pipe and registering
2017-02-02 08:11:04.747284 7f8ccc4ee700 2 -- 10.194.0.100:0/4006638222 >> 10.194.0.189:6789/0 pipe(0x7f8c980026c0 sd=0 :0 s=4 pgs=0 cs=0 l=1 c=0x7f8c98005bd0).connect error 10.194.0.189:6789/0, (104) Connection reset by peer
2017-02-02 08:11:04.747314 7f8ccc4ee700 3 -- 10.194.0.100:0/4006638222 >> 10.194.0.189:6789/0 pipe(0x7f8c980026c0 sd=0 :0 s=4 pgs=0 cs=0 l=1 c=0x7f8c98005bd0).connect fault, but state = closed != connecting, stopping
2017-02-02 08:11:04.747317 7f8cc3ff7700 10 -- 10.194.0.100:0/4006638222 >> 10.194.0.189:6789/0 pipe(0x7f8c98007300 sd=-1 :0 s=1 pgs=0 cs=0 l=1 c=0x7f8c9800a450).register_pipe
2017-02-02 08:11:04.747321 7f8ccc4ee700 20 -- 10.194.0.100:0/4006638222 >> 10.194.0.189:6789/0 pipe(0x7f8c980026c0 sd=0 :0 s=4 pgs=0 cs=0 l=1 c=0x7f8c98005bd0).writer finishing
2017-02-02 08:11:04.747325 7f8cc3ff7700 10 -- 10.194.0.100:0/4006638222 get_connection mon.0 10.194.0.189:6789/0 new 0x7f8c98007300
2017-02-02 08:11:04.747328 7f8ccc4ee700 10 -- 10.194.0.100:0/4006638222 queue_reap 0x7f8c980026c0
2017-02-02 08:11:04.747334 7f8ccc4ee700 10 -- 10.194.0.100:0/4006638222 >> 10.194.0.189:6789/0 pipe(0x7f8c980026c0 sd=0 :0 s=4 pgs=0 cs=0 l=1 c=0x7f8c98005bd0).writer done
2017-02-02 08:11:04.747336 7f8cc3ff7700 20 -- 10.194.0.100:0/4006638222 send_keepalive con 0x7f8c9800a450, have pipe.
2017-02-02 08:11:04.747356 7f8ccc7f1700 10 -- 10.194.0.100:0/4006638222 >> 10.194.0.189:6789/0 pipe(0x7f8c98007300 sd=-1 :0 s=1 pgs=0 cs=0 l=1 c=0x7f8c9800a450).writer: state = connecting policy.server=0
2017-02-02 08:11:04.747366 7f8ccc7f1700 10 -- 10.194.0.100:0/4006638222 >> 10.194.0.189:6789/0 pipe(0x7f8c98007300 sd=-1 :0 s=1 pgs=0 cs=0 l=1 c=0x7f8c9800a450).connect 0
2017-02-02 08:11:04.747377 7f8cc6ffd700 10 -- 10.194.0.100:0/4006638222 reaper
2017-02-02 08:11:04.747383 7f8ccc7f1700 10 -- 10.194.0.100:0/4006638222 >> 10.194.0.189:6789/0 pipe(0x7f8c98007300 sd=1 :0 s=1 pgs=0 cs=0 l=1 c=0x7f8c9800a450).connecting to 10.194.0.189:6789/0
2017-02-02 08:11:04.747384 7f8cc6ffd700 10 -- 10.194.0.100:0/4006638222 reaper reaping pipe 0x7f8c980026c0 10.194.0.189:6789/0
2017-02-02 08:11:04.747389 7f8cc6ffd700 10 -- 10.194.0.100:0/4006638222 >> 10.194.0.189:6789/0 pipe(0x7f8c980026c0 sd=0 :0 s=4 pgs=0 cs=0 l=1 c=0x7f8c98005bd0).discard_queue
2017-02-02 08:11:04.747395 7f8cc6ffd700 20 -- 10.194.0.100:0/4006638222 >> 10.194.0.189:6789/0 pipe(0x7f8c980026c0 sd=0 :0 s=4 pgs=0 cs=0 l=1 c=0x7f8c98005bd0). discard 0x7f8c98005f40
2017-02-02 08:11:04.747398 7f8cc3ff7700 1 -- 10.194.0.100:0/4006638222 --> 10.194.0.189:6789/0 -- auth(proto 0 31 bytes epoch 1) v1 -- ?+0 0x7f8c9800a7c0 con 0x7f8c9800a450
2017-02-02 08:11:04.747403 7f8cc6ffd700 10 -- 10.194.0.100:0/4006638222 >> 10.194.0.189:6789/0 pipe(0x7f8c980026c0 sd=0 :0 s=4 pgs=0 cs=0 l=1 c=0x7f8c98005bd0).unregister_pipe - not registered
2017-02-02 08:11:04.747404 7f8cc3ff7700 20 -- 10.194.0.100:0/4006638222 submit_message auth(proto 0 31 bytes epoch 1) v1 remote, 10.194.0.189:6789/0, have pipe.
2017-02-02 08:11:04.747409 7f8cc6ffd700 20 -- 10.194.0.100:0/4006638222 >> 10.194.0.189:6789/0 pipe(0x7f8c980026c0 sd=0 :0 s=4 pgs=0 cs=0 l=1 c=0x7f8c98005bd0).join
2017-02-02 08:11:04.747424 7f8cc6ffd700 10 -- 10.194.0.100:0/4006638222 reaper reaped pipe 0x7f8c980026c0 10.194.0.189:6789/0
2017-02-02 08:11:04.747432 7f8cc6ffd700 10 -- 10.194.0.100:0/4006638222 reaper deleted pipe 0x7f8c980026c0
2017-02-02 08:11:04.747433 7f8cc6ffd700 10 -- 10.194.0.100:0/4006638222 reaper done
2017-02-02 08:11:04.748542 7f8cccff2700 10 client.4151.objecter tick
2017-02-02 08:11:04.766404 7f8cc5ffb700 20 client.4151 trim_cache size 1 max 16384
2017-02-02 08:11:05.766526 7f8cc5ffb700 20 client.4151 trim_cache size 1 max 16384
2017-02-02 08:11:06.766658 7f8cc5ffb700 20 client.4151 trim_cache size 1 max 16384
2017-02-02 08:11:07.766788 7f8cc5ffb700 20 client.4151 trim_cache size 1 max 16384
2017-02-02 08:11:08.766926 7f8cc5ffb700 20 client.4151 trim_cache size 1 max 16384
2017-02-02 08:11:09.748698 7f8cccff2700 10 client.4151.objecter tick
2017-02-02 08:11:09.767051 7f8cc5ffb700 20 client.4151 trim_cache size 1 max 16384
2017-02-02 08:11:10.767185 7f8cc5ffb700 10 client.4151 renew_caps()
2017-02-02 08:11:10.767206 7f8cc5ffb700 15 client.4151 renew_caps requesting from mds.0
2017-02-02 08:11:10.767210 7f8cc5ffb700 10 client.4151 renew_caps mds.0
2017-02-02 08:11:10.767214 7f8cc5ffb700 1 -- 10.194.0.100:0/4006638222 --> 10.194.0.189:6816/31695 -- client_session(request_renewcaps seq 10) v2 -- ?+0 0x7f8c9c00c3f0 con 0x5616c998ad60
2017-02-02 08:11:10.767230 7f8cc5ffb700 20 -- 10.194.0.100:0/4006638222 submit_message client_session(request_renewcaps seq 10) v2 remote, 10.194.0.189:6816/31695, have pipe.
2017-02-02 08:11:10.767247 7f8cc5ffb700 20 client.4151 trim_cache size 1 max 16384
2017-02-02 08:11:10.767283 7f8ccc6f0700 10 -- 10.194.0.100:0/4006638222 >> 10.194.0.189:6816/31695 pipe(0x5616c998ca10 sd=13 :31421 s=2 pgs=5 cs=1 l=0 c=0x5616c998ad60).writer: state = open policy.server=0
2017-02-02 08:11:10.767324 7f8ccc6f0700 20 -- 10.194.0.100:0/4006638222 >> 10.194.0.189:6816/31695 pipe(0x5616c998ca10 sd=13 :31421 s=2 pgs=5 cs=1 l=0 c=0x5616c998ad60).writer encoding 17 features 576460752032874495 0x7f8c9c00c3f0 client_session(request_renewcaps seq 10) v2
2017-02-02 08:11:10.767402 7f8ccc6f0700 20 -- 10.194.0.100:0/4006638222 >> 10.194.0.189:6816/31695 pipe(0x5616c998ca10 sd=13 :31421 s=2 pgs=5 cs=1 l=0 c=0x5616c998ad60).writer signed seq # 17): sig = 15850505405903505682
2017-02-02 08:11:10.767414 7f8ccc6f0700 20 -- 10.194.0.100:0/4006638222 >> 10.194.0.189:6816/31695 pipe(0x5616c998ca10 sd=13 :31421 s=2 pgs=5 cs=1 l=0 c=0x5616c998ad60).writer sending 17 0x7f8c9c00c3f0
2017-02-02 08:11:10.767429 7f8ccc6f0700 10 -- 10.194.0.100:0/4006638222 >> 10.194.0.189:6816/31695 pipe(0x5616c998ca10 sd=13 :31421 s=2 pgs=5 cs=1 l=0 c=0x5616c998ad60).writer: state = open policy.server=0
2017-02-02 08:11:10.767439 7f8ccc6f0700 20 -- 10.194.0.100:0/4006638222 >> 10.194.0.189:6816/31695 pipe(0x5616c998ca10 sd=13 :31421 s=2 pgs=5 cs=1 l=0 c=0x5616c998ad60).writer sleeping
2017-02-02 08:11:11.767302 7f8cc5ffb700 20 client.4151 trim_cache size 1 max 16384
2017-02-02 08:11:12.767449 7f8cc5ffb700 20 client.4151 trim_cache size 1 max 16384
2017-02-02 08:11:13.767599 7f8cc5ffb700 20 client.4151 trim_cache size 1 max 16384
2017-02-02 08:11:14.748858 7f8cccff2700 10 client.4151.objecter tick
2017-02-02 08:11:14.767749 7f8cc5ffb700 20 client.4151 trim_cache size 1 max 16384
2017-02-02 08:11:15.767899 7f8cc5ffb700 20 client.4151 trim_cache size 1 max 16384
2017-02-02 08:11:16.768047 7f8cc5ffb700 20 client.4151 trim_cache size 1 max 16384
2017-02-02 08:11:17.768162 7f8cc5ffb700 20 client.4151 trim_cache size 1 max 16384
2017-02-02 08:11:18.768310 7f8cc5ffb700 20 client.4151 trim_cache size 1 max 16384
2017-02-02 08:11:19.749013 7f8cccff2700 10 client.4151.objecter tick
2017-02-02 08:11:19.768457 7f8cc5ffb700 20 client.4151 trim_cache size 1 max 16384
2017-02-02 08:11:20.768594 7f8cc5ffb700 20 client.4151 trim_cache size 1 max 16384
2017-02-02 08:11:21.768753 7f8cc5ffb700 20 client.4151 trim_cache size 1 max 16384
2017-02-02 08:11:22.768898 7f8cc5ffb700 20 client.4151 trim_cache size 1 max 16384
2017-02-02 08:11:23.769019 7f8cc5ffb700 20 client.4151 trim_cache size 1 max 16384
2017-02-02 08:11:24.749156 7f8cccff2700 10 client.4151.objecter tick
2017-02-02 08:11:24.769141 7f8cc5ffb700 20 client.4151 trim_cache size 1 max 16384
2017-02-02 08:11:25.769265 7f8cc5ffb700 20 client.4151 trim_cache size 1 max 16384
2017-02-02 08:11:26.769402 7f8cc5ffb700 20 client.4151 trim_cache size 1 max 16384
2017-02-02 08:11:27.769549 7f8cc5ffb700 20 client.4151 trim_cache size 1 max 16384
2017-02-02 08:11:28.769691 7f8cc5ffb700 20 client.4151 trim_cache size 1 max 16384
2017-02-02 08:11:29.749310 7f8cccff2700 10 client.4151.objecter tick
2017-02-02 08:11:29.769836 7f8cc5ffb700 20 client.4151 trim_cache size 1 max 16384
2017-02-02 08:11:30.769982 7f8cc5ffb700 10 client.4151 renew_caps()
2017-02-02 08:11:30.769998 7f8cc5ffb700 15 client.4151 renew_caps requesting from mds.0
2017-02-02 08:11:30.770000 7f8cc5ffb700 10 client.4151 renew_caps mds.0
2017-02-02 08:11:30.770003 7f8cc5ffb700 1 -- 10.194.0.100:0/4006638222 --> 10.194.0.189:6816/31695 -- client_session(request_renewcaps seq 11) v2 -- ?+0 0x7f8c9c00db90 con 0x5616c998ad60
2017-02-02 08:11:30.770015 7f8cc5ffb700 20 -- 10.194.0.100:0/4006638222 submit_message client_session(request_renewcaps seq 11) v2 remote, 10.194.0.189:6816/31695, have pipe.
2017-02-02 08:11:30.770025 7f8cc5ffb700 20 client.4151 trim_cache size 1 max 16384
2017-02-02 08:11:30.770040 7f8ccc6f0700 10 -- 10.194.0.100:0/4006638222 >> 10.194.0.189:6816/31695 pipe(0x5616c998ca10 sd=13 :31421 s=2 pgs=5 cs=1 l=0 c=0x5616c998ad60).writer: state = open policy.server=0
2017-02-02 08:11:30.770062 7f8ccc6f0700 20 -- 10.194.0.100:0/4006638222 >> 10.194.0.189:6816/31695 pipe(0x5616c998ca10 sd=13 :31421 s=2 pgs=5 cs=1 l=0 c=0x5616c998ad60).writer encoding 18 features 576460752032874495 0x7f8c9c00db90 client_session(request_renewcaps seq 11) v2
2017-02-02 08:11:30.770110 7f8ccc6f0700 20 -- 10.194.0.100:0/4006638222 >> 10.194.0.189:6816/31695 pipe(0x5616c998ca10 sd=13 :31421 s=2 pgs=5 cs=1 l=0 c=0x5616c998ad60).writer signed seq # 18): sig = 3163610956953157313
2017-02-02 08:11:30.770122 7f8ccc6f0700 20 -- 10.194.0.100:0/4006638222 >> 10.194.0.189:6816/31695 pipe(0x5616c998ca10 sd=13 :31421 s=2 pgs=5 cs=1 l=0 c=0x5616c998ad60).writer sending 18 0x7f8c9c00db90
2017-02-02 08:11:30.770140 7f8ccc6f0700 10 -- 10.194.0.100:0/4006638222 >> 10.194.0.189:6816/31695 pipe(0x5616c998ca10 sd=13 :31421 s=2 pgs=5 cs=1 l=0 c=0x5616c998ad60).writer: state = open policy.server=0
2017-02-02 08:11:30.770147 7f8ccc6f0700 20 -- 10.194.0.100:0/4006638222 >> 10.194.0.189:6816/31695 pipe(0x5616c998ca10 sd=13 :31421 s=2 pgs=5 cs=1 l=0 c=0x5616c998ad60).writer sleeping
2017-02-02 08:11:31.770136 7f8cc5ffb700 20 client.4151 trim_cache size 1 max 16384
2017-02-02 08:11:32.770256 7f8cc5ffb700 20 client.4151 trim_cache size 1 max 16384
2017-02-02 08:11:33.770400 7f8cc5ffb700 20 client.4151 trim_cache size 1 max 16384
2017-02-02 08:11:34.747587 7f8cc3ff7700 1 -- 10.194.0.100:0/4006638222 mark_down 0x7f8c9800a450 -- 0x7f8c98007300
2017-02-02 08:11:34.747599 7f8cc3ff7700 10 -- 10.194.0.100:0/4006638222 >> 10.194.0.189:6789/0 pipe(0x7f8c98007300 sd=1 :0 s=1 pgs=0 cs=0 l=1 c=0x7f8c9800a450).unregister_pipe
2017-02-02 08:11:34.747609 7f8cc3ff7700 10 -- 10.194.0.100:0/4006638222 >> 10.194.0.189:6789/0 pipe(0x7f8c98007300 sd=1 :0 s=1 pgs=0 cs=0 l=1 c=0x7f8c9800a450).stop
2017-02-02 08:11:34.747634 7f8cc3ff7700 10 -- 10.194.0.100:0/4006638222 connect_rank to 10.194.0.189:6789/0, creating pipe and registering
2017-02-02 08:11:34.747675 7f8cc3ff7700 10 -- 10.194.0.100:0/4006638222 >> 10.194.0.189:6789/0 pipe(0x7f8c980026c0 sd=-1 :0 s=1 pgs=0 cs=0 l=1 c=0x7f8c9800b7b0).register_pipe
2017-02-02 08:11:34.747702 7f8cc3ff7700 10 -- 10.194.0.100:0/4006638222 get_connection mon.0 10.194.0.189:6789/0 new 0x7f8c980026c0
2017-02-02 08:11:34.747710 7f8cc3ff7700 20 -- 10.194.0.100:0/4006638222 send_keepalive con 0x7f8c9800b7b0, have pipe.
2017-02-02 08:11:34.747671 7f8ccc7f1700 2 -- 10.194.0.100:0/4006638222 >> 10.194.0.189:6789/0 pipe(0x7f8c98007300 sd=1 :0 s=4 pgs=0 cs=0 l=1 c=0x7f8c9800a450).connect error 10.194.0.189:6789/0, (104) Connection reset by peer
2017-02-02 08:11:34.747715 7f8ccc7f1700 3 -- 10.194.0.100:0/4006638222 >> 10.194.0.189:6789/0 pipe(0x7f8c98007300 sd=1 :0 s=4 pgs=0 cs=0 l=1 c=0x7f8c9800a450).connect fault, but state = closed != connecting, stopping
2017-02-02 08:11:34.747722 7f8cc3ff7700 1 -- 10.194.0.100:0/4006638222 --> 10.194.0.189:6789/0 -- auth(proto 0 31 bytes epoch 1) v1 -- ?+0 0x7f8c9800bc80 con 0x7f8c9800b7b0
2017-02-02 08:11:34.747722 7f8ccc7f1700 20 -- 10.194.0.100:0/4006638222 >> 10.194.0.189:6789/0 pipe(0x7f8c98007300 sd=1 :0 s=4 pgs=0 cs=0 l=1 c=0x7f8c9800a450).writer finishing
2017-02-02 08:11:34.747726 7f8cc3ff7700 20 -- 10.194.0.100:0/4006638222 submit_message auth(proto 0 31 bytes epoch 1) v1 remote, 10.194.0.189:6789/0, have pipe.
2017-02-02 08:11:34.747730 7f8ccc7f1700 10 -- 10.194.0.100:0/4006638222 queue_reap 0x7f8c98007300
2017-02-02 08:11:34.747743 7f8ccc7f1700 10 -- 10.194.0.100:0/4006638222 >> 10.194.0.189:6789/0 pipe(0x7f8c98007300 sd=1 :0 s=4 pgs=0 cs=0 l=1 c=0x7f8c9800a450).writer done
2017-02-02 08:11:34.747770 7f8cc6ffd700 10 -- 10.194.0.100:0/4006638222 reaper
2017-02-02 08:11:34.747783 7f8cc6ffd700 10 -- 10.194.0.100:0/4006638222 reaper reaping pipe 0x7f8c98007300 10.194.0.189:6789/0
2017-02-02 08:11:34.747781 7f8ccc4ee700 10 -- 10.194.0.100:0/4006638222 >> 10.194.0.189:6789/0 pipe(0x7f8c980026c0 sd=-1 :0 s=1 pgs=0 cs=0 l=1 c=0x7f8c9800b7b0).writer: state = connecting policy.server=0
2017-02-02 08:11:34.747788 7f8cc6ffd700 10 -- 10.194.0.100:0/4006638222 >> 10.194.0.189:6789/0 pipe(0x7f8c98007300 sd=1 :0 s=4 pgs=0 cs=0 l=1 c=0x7f8c9800a450).discard_queue
2017-02-02 08:11:34.747792 7f8cc6ffd700 20 -- 10.194.0.100:0/4006638222 >> 10.194.0.189:6789/0 pipe(0x7f8c98007300 sd=1 :0 s=4 pgs=0 cs=0 l=1 c=0x7f8c9800a450). discard 0x7f8c9800a7c0
2017-02-02 08:11:34.747791 7f8ccc4ee700 10 -- 10.194.0.100:0/4006638222 >> 10.194.0.189:6789/0 pipe(0x7f8c980026c0 sd=-1 :0 s=1 pgs=0 cs=0 l=1 c=0x7f8c9800b7b0).connect 0
2017-02-02 08:11:34.747798 7f8cc6ffd700 10 -- 10.194.0.100:0/4006638222 >> 10.194.0.189:6789/0 pipe(0x7f8c98007300 sd=1 :0 s=4 pgs=0 cs=0 l=1 c=0x7f8c9800a450).unregister_pipe - not registered
2017-02-02 08:11:34.747802 7f8cc6ffd700 20 -- 10.194.0.100:0/4006638222 >> 10.194.0.189:6789/0 pipe(0x7f8c98007300 sd=1 :0 s=4 pgs=0 cs=0 l=1 c=0x7f8c9800a450).join
2017-02-02 08:11:34.747803 7f8ccc4ee700 10 -- 10.194.0.100:0/4006638222 >> 10.194.0.189:6789/0 pipe(0x7f8c980026c0 sd=0 :0 s=1 pgs=0 cs=0 l=1 c=0x7f8c9800b7b0).connecting to 10.194.0.189:6789/0
2017-02-02 08:11:34.747811 7f8cc6ffd700 10 -- 10.194.0.100:0/4006638222 reaper reaped pipe 0x7f8c98007300 10.194.0.189:6789/0
2017-02-02 08:11:34.747816 7f8cc6ffd700 10 -- 10.194.0.100:0/4006638222 reaper deleted pipe 0x7f8c98007300
2017-02-02 08:11:34.747817 7f8cc6ffd700 10 -- 10.194.0.100:0/4006638222 reaper done
2017-02-02 08:11:34.749473 7f8cccff2700 10 client.4151.objecter tick
2017-02-02 08:11:34.770540 7f8cc5ffb700 20 client.4151 trim_cache size 1 max 16384
2017-02-02 08:11:35.770680 7f8cc5ffb700 20 client.4151 trim_cache size 1 max 16384
2017-02-02 08:11:36.770822 7f8cc5ffb700 20 client.4151 trim_cache size 1 max 16384
2017-02-02 08:11:37.770963 7f8cc5ffb700 20 client.4151 trim_cache size 1 max 16384
2017-02-02 08:11:38.771105 7f8cc5ffb700 20 client.4151 trim_cache size 1 max 16384
2017-02-02 08:11:39.749635 7f8cccff2700 10 client.4151.objecter tick
2017-02-02 08:11:39.771225 7f8cc5ffb700 20 client.4151 trim_cache size 1 max 16384
2017-02-02 08:11:40.771379 7f8cc5ffb700 20 client.4151 trim_cache size 1 max 16384
2017-02-02 08:11:41.771520 7f8cc5ffb700 20 client.4151 trim_cache size 1 max 16384
2017-02-02 08:11:42.771662 7f8cc5ffb700 20 client.4151 trim_cache size 1 max 16384
2017-02-02 08:11:43.771780 7f8cc5ffb700 20 client.4151 trim_cache size 1 max 16384
2017-02-02 08:11:44.749800 7f8cccff2700 10 client.4151.objecter tick
2017-02-02 08:11:44.771923 7f8cc5ffb700 20 client.4151 trim_cache size 1 max 16384
2017-02-02 08:11:45.772069 7f8cc5ffb700 20 client.4151 trim_cache size 1 max 16384
2017-02-02 08:11:46.772210 7f8cc5ffb700 20 client.4151 trim_cache size 1 max 16384
2017-02-02 08:11:47.772359 7f8cc5ffb700 20 client.4151 trim_cache size 1 max 16384
2017-02-02 08:11:48.772478 7f8cc5ffb700 20 client.4151 trim_cache size 1 max 16384
2017-02-02 08:11:49.749960 7f8cccff2700 10 client.4151.objecter tick
2017-02-02 08:11:49.772625 7f8cc5ffb700 20 client.4151 trim_cache size 1 max 16384
2017-02-02 08:11:50.772771 7f8cc5ffb700 10 client.4151 renew_caps()
2017-02-02 08:11:50.772788 7f8cc5ffb700 15 client.4151 renew_caps requesting from mds.0
2017-02-02 08:11:50.772791 7f8cc5ffb700 10 client.4151 renew_caps mds.0
2017-02-02 08:11:50.772795 7f8cc5ffb700 1 -- 10.194.0.100:0/4006638222 --> 10.194.0.189:6816/31695 -- client_session(request_renewcaps seq 12) v2 -- ?+0 0x7f8c9c00f330 con 0x5616c998ad60
2017-02-02 08:11:50.772810 7f8cc5ffb700 20 -- 10.194.0.100:0/4006638222 submit_message client_session(request_renewcaps seq 12) v2 remote, 10.194.0.189:6816/31695, have pipe.
2017-02-02 08:11:50.772833 7f8cc5ffb700 20 client.4151 trim_cache size 1 max 16384
2017-02-02 08:11:50.772849 7f8ccc6f0700 10 -- 10.194.0.100:0/4006638222 >> 10.194.0.189:6816/31695 pipe(0x5616c998ca10 sd=13 :31421 s=2 pgs=5 cs=1 l=0 c=0x5616c998ad60).writer: state = open policy.server=0
2017-02-02 08:11:50.772871 7f8ccc6f0700 20 -- 10.194.0.100:0/4006638222 >> 10.194.0.189:6816/31695 pipe(0x5616c998ca10 sd=13 :31421 s=2 pgs=5 cs=1 l=0 c=0x5616c998ad60).writer encoding 19 features 576460752032874495 0x7f8c9c00f330 client_session(request_renewcaps seq 12) v2
2017-02-02 08:11:50.772917 7f8ccc6f0700 20 -- 10.194.0.100:0/4006638222 >> 10.194.0.189:6816/31695 pipe(0x5616c998ca10 sd=13 :31421 s=2 pgs=5 cs=1 l=0 c=0x5616c998ad60).writer signed seq # 19): sig = 16945898292524238917
2017-02-02 08:11:50.772930 7f8ccc6f0700 20 -- 10.194.0.100:0/4006638222 >> 10.194.0.189:6816/31695 pipe(0x5616c998ca10 sd=13 :31421 s=2 pgs=5 cs=1 l=0 c=0x5616c998ad60).writer sending 19 0x7f8c9c00f330
2017-02-02 08:11:50.772943 7f8ccc6f0700 10 -- 10.194.0.100:0/4006638222 >> 10.194.0.189:6816/31695 pipe(0x5616c998ca10 sd=13 :31421 s=2 pgs=5 cs=1 l=0 c=0x5616c998ad60).writer: state = open policy.server=0
2017-02-02 08:11:50.772948 7f8ccc6f0700 20 -- 10.194.0.100:0/4006638222 >> 10.194.0.189:6816/31695 pipe(0x5616c998ca10 sd=13 :31421 s=2 pgs=5 cs=1 l=0 c=0x5616c998ad60).writer sleeping
2017-02-02 08:11:51.772916 7f8cc5ffb700 20 client.4151 trim_cache size 1 max 16384
2017-02-02 08:11:52.773071 7f8cc5ffb700 20 client.4151 trim_cache size 1 max 16384
2017-02-02 08:11:53.773192 7f8cc5ffb700 20 client.4151 trim_cache size 1 max 16384
2017-02-02 08:11:54.750122 7f8cccff2700 10 client.4151.objecter tick
2017-02-02 08:11:54.773338 7f8cc5ffb700 20 client.4151 trim_cache size 1 max 16384
2017-02-02 08:11:55.271914 7f8ca1ffb700 3 client.4151 ll_getattr 1.head
2017-02-02 08:11:55.271925 7f8ca1ffb700 10 client.4151 _getattr mask pAsLsXsFs issued=0
2017-02-02 08:11:55.271934 7f8ca1ffb700 15 inode.get on 0x7f8cb800d450 1.head now 7
2017-02-02 08:11:55.271939 7f8ca1ffb700 20 client.4151 choose_target_mds starting with req->inode 1.head(faked_ino=0 ref=7 ll_ref=162 cap_refs={} open={} mode=40755 size=0/0 mtime=2017-02-01 11:30:21.278903 caps=-(0=pAsLsXsFs) COMPLETE has_dir_layout 0x7f8cb800d450)
2017-02-02 08:11:55.271946 7f8ca1ffb700 20 client.4151 choose_target_mds 1.head(faked_ino=0 ref=7 ll_ref=162 cap_refs={} open={} mode=40755 size=0/0 mtime=2017-02-01 11:30:21.278903 caps=-(0=pAsLsXsFs) COMPLETE has_dir_layout 0x7f8cb800d450) is_hash=0 hash=0
2017-02-02 08:11:55.271950 7f8ca1ffb700 10 client.4151 choose_target_mds from caps on inode 1.head(faked_ino=0 ref=7 ll_ref=162 cap_refs={} open={} mode=40755 size=0/0 mtime=2017-02-01 11:30:21.278903 caps=-(0=pAsLsXsFs) COMPLETE has_dir_layout 0x7f8cb800d450)
2017-02-02 08:11:55.271954 7f8ca1ffb700 20 client.4151 mds is 0
2017-02-02 08:11:55.271956 7f8ca1ffb700 10 client.4151 send_request rebuilding request 7 for mds.0
2017-02-02 08:11:55.271958 7f8ca1ffb700 20 client.4151 encode_cap_releases enter (req: 0x7f8c88000b70, mds: 0)
2017-02-02 08:11:55.271960 7f8ca1ffb700 20 client.4151 send_request set sent_stamp to
2017-02-02 08:11:55.271960
2017-02-02 08:11:55.271962 7f8ca1ffb700 10 client.4151 send_request client_request(unknown.0:7 getattr pAsLsXsFs #1
2017-02-02 08:11:55.271936) v3 to mds.0
2017-02-02 08:11:55.271968 7f8ca1ffb700 1 -- 10.194.0.100:0/4006638222 --> 10.194.0.189:6816/31695 -- client_request(client.4151:7 getattr pAsLsXsFs #1
2017-02-02 08:11:55.271936) v3 -- ?+0 0x7f8c88001560 con 0x5616c998ad60
2017-02-02 08:11:55.271982 7f8ca1ffb700 20 -- 10.194.0.100:0/4006638222 submit_message client_request(client.4151:7 getattr pAsLsXsFs #1
2017-02-02 08:11:55.271936) v3 remote, 10.194.0.189:6816/31695, have pipe.
2017-02-02 08:11:55.271992 7f8ca1ffb700 20 client.4151 awaiting reply|forward|kick on 0x7f8ca1ffa000
2017-02-02 08:11:55.272003 7f8ccc6f0700 10 -- 10.194.0.100:0/4006638222 >> 10.194.0.189:6816/31695 pipe(0x5616c998ca10 sd=13 :31421 s=2 pgs=5 cs=1 l=0 c=0x5616c998ad60).writer: state = open policy.server=0
