2017-02-02 08:17:31.024716 7f8ccc5ef700 10 -- 10.194.0.100:0/4006638222 >> 10.194.0.189:6816/31695 pipe(0x5616c998ca10 sd=0 :33785 s=2 pgs=7 cs=1 l=0 c=0x5616c998ad60).reader got ack seq 742216331 >= 742216331 on 0x7f8c9c025be0 client_session(request_renewcaps seq 29) v1
2017-02-02 08:17:31.024728 7f8ccc5ef700 20 -- 10.194.0.100:0/4006638222 >> 10.194.0.189:6816/31695 pipe(0x5616c998ca10 sd=0 :33785 s=2 pgs=7 cs=1 l=0 c=0x5616c998ad60).reader reading tag...
2017-02-02 08:17:31.820320 7f8cc5ffb700 20 client.4151 trim_cache size 1 max 16384
2017-02-02 08:17:32.820462 7f8cc5ffb700 20 client.4151 trim_cache size 1 max 16384
2017-02-02 08:17:33.820602 7f8cc5ffb700 20 client.4151 trim_cache size 1 max 16384
2017-02-02 08:17:34.751736 7f8cc3ff7700 20 -- 10.194.0.100:0/4006638222 send_keepalive con 0x7f8c98014d90, have pipe.
2017-02-02 08:17:34.751791 7f8ccc7f1700 10 -- 10.194.0.100:0/4006638222 >> 10.194.0.189:6789/0 pipe(0x7f8c98007300 sd=1 :57115 s=2 pgs=58 cs=1 l=1 c=0x7f8c98014d90).writer: state = open policy.server=0
2017-02-02 08:17:34.751829 7f8ccc7f1700 10 -- 10.194.0.100:0/4006638222 >> 10.194.0.189:6789/0 pipe(0x7f8c98007300 sd=1 :57115 s=2 pgs=58 cs=1 l=1 c=0x7f8c98014d90).write_keepalive2 14
2017-02-02 08:17:34.751828
2017-02-02 08:17:34.751850 7f8ccc7f1700 10 -- 10.194.0.100:0/4006638222 >> 10.194.0.189:6789/0 pipe(0x7f8c98007300 sd=1 :57115 s=2 pgs=58 cs=1 l=1 c=0x7f8c98014d90).writer: state = open policy.server=0
2017-02-02 08:17:34.751872 7f8ccc7f1700 20 -- 10.194.0.100:0/4006638222 >> 10.194.0.189:6789/0 pipe(0x7f8c98007300 sd=1 :57115 s=2 pgs=58 cs=1 l=1 c=0x7f8c98014d90).writer sleeping
2017-02-02 08:17:34.752042 7f8ccc4ee700 2 -- 10.194.0.100:0/4006638222 >> 10.194.0.189:6789/0 pipe(0x7f8c98007300 sd=1 :57115 s=2 pgs=58 cs=1 l=1 c=0x7f8c98014d90).reader got KEEPALIVE_ACK
2017-02-02 08:17:34.752053 7f8ccc4ee700 20 -- 10.194.0.100:0/4006638222 >> 10.194.0.189:6789/0 pipe(0x7f8c98007300 sd=1 :57115 s=2 pgs=58 cs=1 l=1 c=0x7f8c98014d90).reader reading tag...
2017-02-02 08:17:34.761298 7f8cccff2700 10 client.4151.objecter tick
2017-02-02 08:17:34.820718 7f8cc5ffb700 20 client.4151 trim_cache size 1 max 16384
2017-02-02 08:17:35.820858 7f8cc5ffb700 20 client.4151 trim_cache size 1 max 16384
2017-02-02 08:17:36.820978 7f8cc5ffb700 20 client.4151 trim_cache size 1 max 16384
2017-02-02 08:17:37.821097 7f8cc5ffb700 20 client.4151 trim_cache size 1 max 16384
2017-02-02 08:17:38.821239 7f8cc5ffb700 20 client.4151 trim_cache size 1 max 16384
2017-02-02 08:17:39.761435 7f8cccff2700 10 client.4151.objecter tick
2017-02-02 08:17:39.821377 7f8cc5ffb700 20 client.4151 trim_cache size 1 max 16384
2017-02-02 08:17:40.821496 7f8cc5ffb700 20 client.4151 trim_cache size 1 max 16384
2017-02-02 08:17:41.821634 7f8cc5ffb700 20 client.4151 trim_cache size 1 max 16384
2017-02-02 08:17:42.821772 7f8cc5ffb700 20 client.4151 trim_cache size 1 max 16384
2017-02-02 08:17:43.821910 7f8cc5ffb700 20 client.4151 trim_cache size 1 max 16384
2017-02-02 08:17:44.751899 7f8cc3ff7700 20 -- 10.194.0.100:0/4006638222 send_keepalive con 0x7f8c98014d90, have pipe.
2017-02-02 08:17:44.751922 7f8ccc7f1700 10 -- 10.194.0.100:0/4006638222 >> 10.194.0.189:6789/0 pipe(0x7f8c98007300 sd=1 :57115 s=2 pgs=58 cs=1 l=1 c=0x7f8c98014d90).writer: state = open policy.server=0
2017-02-02 08:17:44.751943 7f8ccc7f1700 10 -- 10.194.0.100:0/4006638222 >> 10.194.0.189:6789/0 pipe(0x7f8c98007300 sd=1 :57115 s=2 pgs=58 cs=1 l=1 c=0x7f8c98014d90).write_keepalive2 14
2017-02-02 08:17:44.751937
2017-02-02 08:17:44.751958 7f8ccc7f1700 10 -- 10.194.0.100:0/4006638222 >> 10.194.0.189:6789/0 pipe(0x7f8c98007300 sd=1 :57115 s=2 pgs=58 cs=1 l=1 c=0x7f8c98014d90).writer: state = open policy.server=0
2017-02-02 08:17:44.751962 7f8ccc7f1700 20 -- 10.194.0.100:0/4006638222 >> 10.194.0.189:6789/0 pipe(0x7f8c98007300 sd=1 :57115 s=2 pgs=58 cs=1 l=1 c=0x7f8c98014d90).writer sleeping
2017-02-02 08:17:44.752159 7f8ccc4ee700 2 -- 10.194.0.100:0/4006638222 >> 10.194.0.189:6789/0 pipe(0x7f8c98007300 sd=1 :57115 s=2 pgs=58 cs=1 l=1 c=0x7f8c98014d90).reader got KEEPALIVE_ACK
2017-02-02 08:17:44.752173 7f8ccc4ee700 20 -- 10.194.0.100:0/4006638222 >> 10.194.0.189:6789/0 pipe(0x7f8c98007300 sd=1 :57115 s=2 pgs=58 cs=1 l=1 c=0x7f8c98014d90).reader reading tag...
2017-02-02 08:17:44.761566 7f8cccff2700 10 client.4151.objecter tick
2017-02-02 08:17:44.822050 7f8cc5ffb700 20 client.4151 trim_cache size 1 max 16384
2017-02-02 08:17:45.822188 7f8cc5ffb700 20 client.4151 trim_cache size 1 max 16384
2017-02-02 08:17:46.822334 7f8cc5ffb700 20 client.4151 trim_cache size 1 max 16384
2017-02-02 08:17:47.822474 7f8cc5ffb700 20 client.4151 trim_cache size 1 max 16384
2017-02-02 08:17:48.822593 7f8cc5ffb700 20 client.4151 trim_cache size 1 max 16384
2017-02-02 08:17:49.761720 7f8cccff2700 10 client.4151.objecter tick
2017-02-02 08:17:49.822734 7f8cc5ffb700 20 client.4151 trim_cache size 1 max 16384
2017-02-02 08:17:50.822876 7f8cc5ffb700 10 client.4151 renew_caps()
2017-02-02 08:17:50.822911 7f8cc5ffb700 15 client.4151 renew_caps requesting from mds.0
2017-02-02 08:17:50.822916 7f8cc5ffb700 10 client.4151 renew_caps mds.0
2017-02-02 08:17:50.822920 7f8cc5ffb700 1 -- 10.194.0.100:0/4006638222 --> 10.194.0.189:6816/31695 -- client_session(request_renewcaps seq 30) v2 -- ?+0 0x7f8c9c027170 con 0x5616c998ad60
2017-02-02 08:17:50.822935 7f8cc5ffb700 20 -- 10.194.0.100:0/4006638222 submit_message client_session(request_renewcaps seq 30) v2 remote, 10.194.0.189:6816/31695, have pipe.
2017-02-02 08:17:50.822965 7f8ccc6f0700 10 -- 10.194.0.100:0/4006638222 >> 10.194.0.189:6816/31695 pipe(0x5616c998ca10 sd=0 :33785 s=2 pgs=7 cs=1 l=0 c=0x5616c998ad60).writer: state = open policy.server=0
2017-02-02 08:17:50.823003 7f8ccc6f0700 20 -- 10.194.0.100:0/4006638222 >> 10.194.0.189:6816/31695 pipe(0x5616c998ca10 sd=0 :33785 s=2 pgs=7 cs=1 l=0 c=0x5616c998ad60).writer encoding 742216332 features 576460752032874495 0x7f8c9c027170 client_session(request_renewcaps seq 30) v2
2017-02-02 08:17:50.823092 7f8ccc6f0700 20 -- 10.194.0.100:0/4006638222 >> 10.194.0.189:6816/31695 pipe(0x5616c998ca10 sd=0 :33785 s=2 pgs=7 cs=1 l=0 c=0x5616c998ad60).writer signed seq # 742216332): sig = 3812003316034907592
2017-02-02 08:17:50.823114 7f8ccc6f0700 20 -- 10.194.0.100:0/4006638222 >> 10.194.0.189:6816/31695 pipe(0x5616c998ca10 sd=0 :33785 s=2 pgs=7 cs=1 l=0 c=0x5616c998ad60).writer sending 742216332 0x7f8c9c027170
2017-02-02 08:17:50.823150 7f8ccc6f0700 10 -- 10.194.0.100:0/4006638222 >> 10.194.0.189:6816/31695 pipe(0x5616c998ca10 sd=0 :33785 s=2 pgs=7 cs=1 l=0 c=0x5616c998ad60).writer: state = open policy.server=0
2017-02-02 08:17:50.823162 7f8ccc6f0700 20 -- 10.194.0.100:0/4006638222 >> 10.194.0.189:6816/31695 pipe(0x5616c998ca10 sd=0 :33785 s=2 pgs=7 cs=1 l=0 c=0x5616c998ad60).writer sleeping
2017-02-02 08:17:50.823180 7f8cc5ffb700 20 client.4151 trim_cache size 1 max 16384
2017-02-02 08:17:51.024816 7f8ccc5ef700 20 -- 10.194.0.100:0/4006638222 >> 10.194.0.189:6816/31695 pipe(0x5616c998ca10 sd=0 :33785 s=2 pgs=7 cs=1 l=0 c=0x5616c998ad60).reader got ACK
2017-02-02 08:17:51.024846 7f8ccc5ef700 15 -- 10.194.0.100:0/4006638222 >> 10.194.0.189:6816/31695 pipe(0x5616c998ca10 sd=0 :33785 s=2 pgs=7 cs=1 l=0 c=0x5616c998ad60).reader got ack seq 742216332
2017-02-02 08:17:51.024856 7f8ccc5ef700 10 -- 10.194.0.100:0/4006638222 >> 10.194.0.189:6816/31695 pipe(0x5616c998ca10 sd=0 :33785 s=2 pgs=7 cs=1 l=0 c=0x5616c998ad60).reader got ack seq 742216332 >= 742216332 on 0x7f8c9c027170 client_session(request_renewcaps seq 30) v1
2017-02-02 08:17:51.024868 7f8ccc5ef700 20 -- 10.194.0.100:0/4006638222 >> 10.194.0.189:6816/31695 pipe(0x5616c998ca10 sd=0 :33785 s=2 pgs=7 cs=1 l=0 c=0x5616c998ad60).reader reading tag...
2017-02-02 08:17:51.822993 7f8cc5ffb700 20 client.4151 trim_cache size 1 max 16384
2017-02-02 08:17:52.823137 7f8cc5ffb700 20 client.4151 trim_cache size 1 max 16384
2017-02-02 08:17:53.823278 7f8cc5ffb700 20 client.4151 trim_cache size 1 max 16384
2017-02-02 08:17:54.752073 7f8cc3ff7700 20 -- 10.194.0.100:0/4006638222 send_keepalive con 0x7f8c98014d90, have pipe.
2017-02-02 08:17:54.752093 7f8ccc7f1700 10 -- 10.194.0.100:0/4006638222 >> 10.194.0.189:6789/0 pipe(0x7f8c98007300 sd=1 :57115 s=2 pgs=58 cs=1 l=1 c=0x7f8c98014d90).writer: state = open policy.server=0
2017-02-02 08:17:54.752109 7f8ccc7f1700 10 -- 10.194.0.100:0/4006638222 >> 10.194.0.189:6789/0 pipe(0x7f8c98007300 sd=1 :57115 s=2 pgs=58 cs=1 l=1 c=0x7f8c98014d90).write_keepalive2 14
2017-02-02 08:17:54.752109
2017-02-02 08:17:54.752125 7f8ccc7f1700 10 -- 10.194.0.100:0/4006638222 >> 10.194.0.189:6789/0 pipe(0x7f8c98007300 sd=1 :57115 s=2 pgs=58 cs=1 l=1 c=0x7f8c98014d90).writer: state = open policy.server=0
2017-02-02 08:17:54.752128 7f8ccc7f1700 20 -- 10.194.0.100:0/4006638222 >> 10.194.0.189:6789/0 pipe(0x7f8c98007300 sd=1 :57115 s=2 pgs=58 cs=1 l=1 c=0x7f8c98014d90).writer sleeping
2017-02-02 08:17:54.752375 7f8ccc4ee700 2 -- 10.194.0.100:0/4006638222 >> 10.194.0.189:6789/0 pipe(0x7f8c98007300 sd=1 :57115 s=2 pgs=58 cs=1 l=1 c=0x7f8c98014d90).reader got KEEPALIVE_ACK
2017-02-02 08:17:54.752389 7f8ccc4ee700 20 -- 10.194.0.100:0/4006638222 >> 10.194.0.189:6789/0 pipe(0x7f8c98007300 sd=1 :57115 s=2 pgs=58 cs=1 l=1 c=0x7f8c98014d90).reader reading tag...
2017-02-02 08:17:54.761872 7f8cccff2700 10 client.4151.objecter tick
2017-02-02 08:17:54.823421 7f8cc5ffb700 20 client.4151 trim_cache size 1 max 16384
2017-02-02 08:17:55.823566 7f8cc5ffb700 20 client.4151 trim_cache size 1 max 16384
2017-02-02 08:17:56.447574 7f8ca27fc700 3 client.4151 ll_getattr 1.head
2017-02-02 08:17:56.447585 7f8ca27fc700 10 client.4151 _getattr mask pAsLsXsFs issued=0
2017-02-02 08:17:56.447603 7f8ca27fc700 15 inode.get on 0x7f8cb800d450 1.head now 8
2017-02-02 08:17:56.447609 7f8ca27fc700 20 client.4151 choose_target_mds starting with req->inode 1.head(faked_ino=0 ref=8 ll_ref=163 cap_refs={} open={} mode=40755 size=0/0 mtime=2017-02-01 11:30:21.278903 caps=-(0=pAsLsXsFs) COMPLETE has_dir_layout 0x7f8cb800d450)
2017-02-02 08:17:56.447620 7f8ca27fc700 20 client.4151 choose_target_mds 1.head(faked_ino=0 ref=8 ll_ref=163 cap_refs={} open={} mode=40755 size=0/0 mtime=2017-02-01 11:30:21.278903 caps=-(0=pAsLsXsFs) COMPLETE has_dir_layout 0x7f8cb800d450) is_hash=0 hash=0
2017-02-02 08:17:56.447628 7f8ca27fc700 10 client.4151 choose_target_mds from caps on inode 1.head(faked_ino=0 ref=8 ll_ref=163 cap_refs={} open={} mode=40755 size=0/0 mtime=2017-02-01 11:30:21.278903 caps=-(0=pAsLsXsFs) COMPLETE has_dir_layout 0x7f8cb800d450)
2017-02-02 08:17:56.447635 7f8ca27fc700 20 client.4151 mds is 0
2017-02-02 08:17:56.447640 7f8ca27fc700 10 client.4151 send_request rebuilding request 8 for mds.0
2017-02-02 08:17:56.447644 7f8ca27fc700 20 client.4151 encode_cap_releases enter (req: 0x7f8cb400d660, mds: 0)
2017-02-02 08:17:56.447647 7f8ca27fc700 20 client.4151 send_request set sent_stamp to
2017-02-02 08:17:56.447646
2017-02-02 08:17:56.447650 7f8ca27fc700 10 client.4151 send_request client_request(unknown.0:8 getattr pAsLsXsFs #1
2017-02-02 08:17:56.447606) v3 to mds.0
2017-02-02 08:17:56.447665 7f8ca27fc700 1 -- 10.194.0.100:0/4006638222 --> 10.194.0.189:6816/31695 -- client_request(client.4151:8 getattr pAsLsXsFs #1
2017-02-02 08:17:56.447606) v3 -- ?+0 0x7f8cb400e010 con 0x5616c998ad60
2017-02-02 08:17:56.447681 7f8ca27fc700 20 -- 10.194.0.100:0/4006638222 submit_message client_request(client.4151:8 getattr pAsLsXsFs #1
2017-02-02 08:17:56.447606) v3 remote, 10.194.0.189:6816/31695, have pipe.
2017-02-02 08:17:56.447695 7f8ca27fc700 20 client.4151 awaiting reply|forward|kick on 0x7f8ca27fb000
2017-02-02 08:17:56.447703 7f8ccc6f0700 10 -- 10.194.0.100:0/4006638222 >> 10.194.0.189:6816/31695 pipe(0x5616c998ca10 sd=0 :33785 s=2 pgs=7 cs=1 l=0 c=0x5616c998ad60).writer: state = open policy.server=0
2017-02-02 08:17:56.447714 7f8ccc6f0700 20 -- 10.194.0.100:0/4006638222 >> 10.194.0.189:6816/31695 pipe(0x5616c998ca10 sd=0 :33785 s=2 pgs=7 cs=1 l=0 c=0x5616c998ad60).writer encoding 742216333 features 576460752032874495 0x7f8cb400e010 client_request(client.4151:8 getattr pAsLsXsFs #1
2017-02-02 08:17:56.447606) v3
2017-02-02 08:17:56.447763 7f8ccc6f0700 20 -- 10.194.0.100:0/4006638222 >> 10.194.0.189:6816/31695 pipe(0x5616c998ca10 sd=0 :33785 s=2 pgs=7 cs=1 l=0 c=0x5616c998ad60).writer signed seq # 742216333): sig = 17385668322282180764
2017-02-02 08:17:56.447776 7f8ccc6f0700 20 -- 10.194.0.100:0/4006638222 >> 10.194.0.189:6816/31695 pipe(0x5616c998ca10 sd=0 :33785 s=2 pgs=7 cs=1 l=0 c=0x5616c998ad60).writer sending 742216333 0x7f8cb400e010
2017-02-02 08:17:56.447794 7f8ccc6f0700 10 -- 10.194.0.100:0/4006638222 >> 10.194.0.189:6816/31695 pipe(0x5616c998ca10 sd=0 :33785 s=2 pgs=7 cs=1 l=0 c=0x5616c998ad60).writer: state = open policy.server=0
2017-02-02 08:17:56.447801 7f8ccc6f0700 20 -- 10.194.0.100:0/4006638222 >> 10.194.0.189:6816/31695 pipe(0x5616c998ca10 sd=0 :33785 s=2 pgs=7 cs=1 l=0 c=0x5616c998ad60).writer sleeping
2017-02-02 08:17:56.648842 7f8ccc5ef700 20 -- 10.194.0.100:0/4006638222 >> 10.194.0.189:6816/31695 pipe(0x5616c998ca10 sd=0 :33785 s=2 pgs=7 cs=1 l=0 c=0x5616c998ad60).reader got ACK
2017-02-02 08:17:56.648872 7f8ccc5ef700 15 -- 10.194.0.100:0/4006638222 >> 10.194.0.189:6816/31695 pipe(0x5616c998ca10 sd=0 :33785 s=2 pgs=7 cs=1 l=0 c=0x5616c998ad60).reader got ack seq 742216333
2017-02-02 08:17:56.648881 7f8ccc5ef700 10 -- 10.194.0.100:0/4006638222 >> 10.194.0.189:6816/31695 pipe(0x5616c998ca10 sd=0 :33785 s=2 pgs=7 cs=1 l=0 c=0x5616c998ad60).reader got ack seq 742216333 >= 742216333 on 0x7f8cb400e010 client_request(client.4151:8 getattr pAsLsXsFs #1
2017-02-02 08:17:56.447606) v3
2017-02-02 08:17:56.648902 7f8ccc5ef700 20 -- 10.194.0.100:0/4006638222 >> 10.194.0.189:6816/31695 pipe(0x5616c998ca10 sd=0 :33785 s=2 pgs=7 cs=1 l=0 c=0x5616c998ad60).reader reading tag...
2017-02-02 08:17:56.823706 7f8cc5ffb700 20 client.4151 trim_cache size 1 max 16384
2017-02-02 08:17:57.823852 7f8cc5ffb700 20 client.4151 trim_cache size 1 max 16384
2017-02-02 08:17:58.823994 7f8cc5ffb700 20 client.4151 trim_cache size 1 max 16384
2017-02-02 08:17:59.762029 7f8cccff2700 10 client.4151.objecter tick
2017-02-02 08:17:59.824137 7f8cc5ffb700 20 client.4151 trim_cache size 1 max 16384
2017-02-02 08:18:00.824276 7f8cc5ffb700 20 client.4151 trim_cache size 1 max 16384
2017-02-02 08:18:01.824403 7f8cc5ffb700 20 client.4151 trim_cache size 1 max 16384
2017-02-02 08:18:02.824543 7f8cc5ffb700 20 client.4151 trim_cache size 1 max 16384
2017-02-02 08:18:03.824677 7f8cc5ffb700 20 client.4151 trim_cache size 1 max 16384
2017-02-02 08:18:04.752259 7f8cc3ff7700 20 -- 10.194.0.100:0/4006638222 send_keepalive con 0x7f8c98014d90, have pipe.
2017-02-02 08:18:04.752314 7f8ccc7f1700 10 -- 10.194.0.100:0/4006638222 >> 10.194.0.189:6789/0 pipe(0x7f8c98007300 sd=1 :57115 s=2 pgs=58 cs=1 l=1 c=0x7f8c98014d90).writer: state = open policy.server=0
2017-02-02 08:18:04.752341 7f8ccc7f1700 10 -- 10.194.0.100:0/4006638222 >> 10.194.0.189:6789/0 pipe(0x7f8c98007300 sd=1 :57115 s=2 pgs=58 cs=1 l=1 c=0x7f8c98014d90).write_keepalive2 14
2017-02-02 08:18:04.752340
2017-02-02 08:18:04.752372 7f8ccc7f1700 10 -- 10.194.0.100:0/4006638222 >> 10.194.0.189:6789/0 pipe(0x7f8c98007300 sd=1 :57115 s=2 pgs=58 cs=1 l=1 c=0x7f8c98014d90).writer: state = open policy.server=0
2017-02-02 08:18:04.752413 7f8ccc7f1700 20 -- 10.194.0.100:0/4006638222 >> 10.194.0.189:6789/0 pipe(0x7f8c98007300 sd=1 :57115 s=2 pgs=58 cs=1 l=1 c=0x7f8c98014d90).writer sleeping
2017-02-02 08:18:04.752603 7f8ccc4ee700 2 -- 10.194.0.100:0/4006638222 >> 10.194.0.189:6789/0 pipe(0x7f8c98007300 sd=1 :57115 s=2 pgs=58 cs=1 l=1 c=0x7f8c98014d90).reader got KEEPALIVE_ACK
2017-02-02 08:18:04.752615 7f8ccc4ee700 20 -- 10.194.0.100:0/4006638222 >> 10.194.0.189:6789/0 pipe(0x7f8c98007300 sd=1 :57115 s=2 pgs=58 cs=1 l=1 c=0x7f8c98014d90).reader reading tag...
2017-02-02 08:18:04.762194 7f8cccff2700 10 client.4151.objecter tick
2017-02-02 08:18:04.824824 7f8cc5ffb700 20 client.4151 trim_cache size 1 max 16384
2017-02-02 08:18:05.824926 7f8cc5ffb700 20 client.4151 trim_cache size 1 max 16384
2017-02-02 08:18:06.825042 7f8cc5ffb700 20 client.4151 trim_cache size 1 max 16384
2017-02-02 08:18:07.825175 7f8cc5ffb700 20 client.4151 trim_cache size 1 max 16384
2017-02-02 08:18:08.825308 7f8cc5ffb700 20 client.4151 trim_cache size 1 max 16384
2017-02-02 08:18:09.762354 7f8cccff2700 10 client.4151.objecter tick
2017-02-02 08:18:09.825442 7f8cc5ffb700 20 client.4151 trim_cache size 1 max 16384
2017-02-02 08:18:10.825574 7f8cc5ffb700 10 client.4151 renew_caps()
2017-02-02 08:18:10.825599 7f8cc5ffb700 15 client.4151 renew_caps requesting from mds.0
2017-02-02 08:18:10.825601 7f8cc5ffb700 10 client.4151 renew_caps mds.0
2017-02-02 08:18:10.825604 7f8cc5ffb700 1 -- 10.194.0.100:0/4006638222 --> 10.194.0.189:6816/31695 -- client_session(request_renewcaps seq 31) v2 -- ?+0 0x7f8c9c028700 con 0x5616c998ad60
2017-02-02 08:18:10.825612 7f8cc5ffb700 20 -- 10.194.0.100:0/4006638222 submit_message client_session(request_renewcaps seq 31) v2 remote, 10.194.0.189:6816/31695, have pipe.
2017-02-02 08:18:10.825621 7f8cc5ffb700 20 client.4151 trim_cache size 1 max 16384
2017-02-02 08:18:10.825638 7f8ccc6f0700 10 -- 10.194.0.100:0/4006638222 >> 10.194.0.189:6816/31695 pipe(0x5616c998ca10 sd=0 :33785 s=2 pgs=7 cs=1 l=0 c=0x5616c998ad60).writer: state = open policy.server=0
2017-02-02 08:18:10.825654 7f8ccc6f0700 20 -- 10.194.0.100:0/4006638222 >> 10.194.0.189:6816/31695 pipe(0x5616c998ca10 sd=0 :33785 s=2 pgs=7 cs=1 l=0 c=0x5616c998ad60).writer encoding 742216334 features 576460752032874495 0x7f8c9c028700 client_session(request_renewcaps seq 31) v2
2017-02-02 08:18:10.825701 7f8ccc6f0700 20 -- 10.194.0.100:0/4006638222 >> 10.194.0.189:6816/31695 pipe(0x5616c998ca10 sd=0 :33785 s=2 pgs=7 cs=1 l=0 c=0x5616c998ad60).writer signed seq # 742216334): sig = 16143823667020012455
2017-02-02 08:18:10.825713 7f8ccc6f0700 20 -- 10.194.0.100:0/4006638222 >> 10.194.0.189:6816/31695 pipe(0x5616c998ca10 sd=0 :33785 s=2 pgs=7 cs=1 l=0 c=0x5616c998ad60).writer sending 742216334 0x7f8c9c028700
2017-02-02 08:18:10.825731 7f8ccc6f0700 10 -- 10.194.0.100:0/4006638222 >> 10.194.0.189:6816/31695 pipe(0x5616c998ca10 sd=0 :33785 s=2 pgs=7 cs=1 l=0 c=0x5616c998ad60).writer: state = open policy.server=0
2017-02-02 08:18:10.825737 7f8ccc6f0700 20 -- 10.194.0.100:0/4006638222 >> 10.194.0.189:6816/31695 pipe(0x5616c998ca10 sd=0 :33785 s=2 pgs=7 cs=1 l=0 c=0x5616c998ad60).writer sleeping
2017-02-02 08:18:11.028899 7f8ccc5ef700 20 -- 10.194.0.100:0/4006638222 >> 10.194.0.189:6816/31695 pipe(0x5616c998ca10 sd=0 :33785 s=2 pgs=7 cs=1 l=0 c=0x5616c998ad60).reader got ACK
2017-02-02 08:18:11.028927 7f8ccc5ef700 15 -- 10.194.0.100:0/4006638222 >> 10.194.0.189:6816/31695 pipe(0x5616c998ca10 sd=0 :33785 s=2 pgs=7 cs=1 l=0 c=0x5616c998ad60).reader got ack seq 742216334
2017-02-02 08:18:11.028935 7f8ccc5ef700 10 -- 10.194.0.100:0/4006638222 >> 10.194.0.189:6816/31695 pipe(0x5616c998ca10 sd=0 :33785 s=2 pgs=7 cs=1 l=0 c=0x5616c998ad60).reader got ack seq 742216334 >= 742216334 on 0x7f8c9c028700 client_session(request_renewcaps seq 31) v1
2017-02-02 08:18:11.028952 7f8ccc5ef700 20 -- 10.194.0.100:0/4006638222 >> 10.194.0.189:6816/31695 pipe(0x5616c998ca10 sd=0 :33785 s=2 pgs=7 cs=1 l=0 c=0x5616c998ad60).reader reading tag...
2017-02-02 08:18:11.825688 7f8cc5ffb700 20 client.4151 trim_cache size 1 max 16384
2017-02-02 08:18:12.825824 7f8cc5ffb700 20 client.4151 trim_cache size 1 max 16384
2017-02-02 08:18:13.825968 7f8cc5ffb700 20 client.4151 trim_cache size 1 max 16384
2017-02-02 08:18:14.752451 7f8cc3ff7700 20 -- 10.194.0.100:0/4006638222 send_keepalive con 0x7f8c98014d90, have pipe.
2017-02-02 08:18:14.752502 7f8ccc7f1700 10 -- 10.194.0.100:0/4006638222 >> 10.194.0.189:6789/0 pipe(0x7f8c98007300 sd=1 :57115 s=2 pgs=58 cs=1 l=1 c=0x7f8c98014d90).writer: state = open policy.server=0
2017-02-02 08:18:14.752518 7f8ccc7f1700 10 -- 10.194.0.100:0/4006638222 >> 10.194.0.189:6789/0 pipe(0x7f8c98007300 sd=1 :57115 s=2 pgs=58 cs=1 l=1 c=0x7f8c98014d90).write_keepalive2 14
2017-02-02 08:18:14.752517
2017-02-02 08:18:14.752552 7f8ccc7f1700 10 -- 10.194.0.100:0/4006638222 >> 10.194.0.189:6789/0 pipe(0x7f8c98007300 sd=1 :57115 s=2 pgs=58 cs=1 l=1 c=0x7f8c98014d90).writer: state = open policy.server=0
2017-02-02 08:18:14.752562 7f8ccc7f1700 20 -- 10.194.0.100:0/4006638222 >> 10.194.0.189:6789/0 pipe(0x7f8c98007300 sd=1 :57115 s=2 pgs=58 cs=1 l=1 c=0x7f8c98014d90).writer sleeping
2017-02-02 08:18:14.752779 7f8ccc4ee700 2 -- 10.194.0.100:0/4006638222 >> 10.194.0.189:6789/0 pipe(0x7f8c98007300 sd=1 :57115 s=2 pgs=58 cs=1 l=1 c=0x7f8c98014d90).reader got KEEPALIVE_ACK
2017-02-02 08:18:14.752790 7f8ccc4ee700 20 -- 10.194.0.100:0/4006638222 >> 10.194.0.189:6789/0 pipe(0x7f8c98007300 sd=1 :57115 s=2 pgs=58 cs=1 l=1 c=0x7f8c98014d90).reader reading tag...
2017-02-02 08:18:14.762516 7f8cccff2700 10 client.4151.objecter tick
2017-02-02 08:18:14.826082 7f8cc5ffb700 20 client.4151 trim_cache size 1 max 16384
2017-02-02 08:18:15.826205 7f8cc5ffb700 20 client.4151 trim_cache size 1 max 16384
2017-02-02 08:18:16.826343 7f8cc5ffb700 20 client.4151 trim_cache size 1 max 16384
2017-02-02 08:18:17.826494 7f8cc5ffb700 20 client.4151 trim_cache size 1 max 16384
2017-02-02 08:18:18.826622 7f8cc5ffb700 20 client.4151 trim_cache size 1 max 16384
2017-02-02 08:18:19.762671 7f8cccff2700 10 client.4151.objecter tick
2017-02-02 08:18:19.826758 7f8cc5ffb700 20 client.4151 trim_cache size 1 max 16384
2017-02-02 08:18:20.826892 7f8cc5ffb700 20 client.4151 trim_cache size 1 max 16384
2017-02-02 08:18:21.827034 7f8cc5ffb700 20 client.4151 trim_cache size 1 max 16384
2017-02-02 08:18:22.827151 7f8cc5ffb700 20 client.4151 trim_cache size 1 max 16384
2017-02-02 08:18:23.827286 7f8cc5ffb700 20 client.4151 trim_cache size 1 max 16384
2017-02-02 08:18:24.752660 7f8cc3ff7700 20 -- 10.194.0.100:0/4006638222 send_keepalive con 0x7f8c98014d90, have pipe.
2017-02-02 08:18:24.752714 7f8ccc7f1700 10 -- 10.194.0.100:0/4006638222 >> 10.194.0.189:6789/0 pipe(0x7f8c98007300 sd=1 :57115 s=2 pgs=58 cs=1 l=1 c=0x7f8c98014d90).writer: state = open policy.server=0
2017-02-02 08:18:24.752730 7f8ccc7f1700 10 -- 10.194.0.100:0/4006638222 >> 10.194.0.189:6789/0 pipe(0x7f8c98007300 sd=1 :57115 s=2 pgs=58 cs=1 l=1 c=0x7f8c98014d90).write_keepalive2 14
2017-02-02 08:18:24.752729
2017-02-02 08:18:24.752745 7f8ccc7f1700 10 -- 10.194.0.100:0/4006638222 >> 10.194.0.189:6789/0 pipe(0x7f8c98007300 sd=1 :57115 s=2 pgs=58 cs=1 l=1 c=0x7f8c98014d90).writer: state = open policy.server=0
2017-02-02 08:18:24.752765 7f8ccc7f1700 20 -- 10.194.0.100:0/4006638222 >> 10.194.0.189:6789/0 pipe(0x7f8c98007300 sd=1 :57115 s=2 pgs=58 cs=1 l=1 c=0x7f8c98014d90).writer sleeping
2017-02-02 08:18:24.752984 7f8ccc4ee700 2 -- 10.194.0.100:0/4006638222 >> 10.194.0.189:6789/0 pipe(0x7f8c98007300 sd=1 :57115 s=2 pgs=58 cs=1 l=1 c=0x7f8c98014d90).reader got KEEPALIVE_ACK
2017-02-02 08:18:24.752995 7f8ccc4ee700 20 -- 10.194.0.100:0/4006638222 >> 10.194.0.189:6789/0 pipe(0x7f8c98007300 sd=1 :57115 s=2 pgs=58 cs=1 l=1 c=0x7f8c98014d90).reader reading tag...
2017-02-02 08:18:24.762836 7f8cccff2700 10 client.4151.objecter tick
2017-02-02 08:18:24.827422 7f8cc5ffb700 20 client.4151 trim_cache size 1 max 16384
2017-02-02 08:18:25.827558 7f8cc5ffb700 20 client.4151 trim_cache size 1 max 16384
2017-02-02 08:18:26.827693 7f8cc5ffb700 20 client.4151 trim_cache size 1 max 16384
2017-02-02 08:18:27.827832 7f8cc5ffb700 20 client.4151 trim_cache size 1 max 16384
2017-02-02 08:18:28.827969 7f8cc5ffb700 20 client.4151 trim_cache size 1 max 16384
2017-02-02 08:18:29.762996 7f8cccff2700 10 client.4151.objecter tick
2017-02-02 08:18:29.828105 7f8cc5ffb700 20 client.4151 trim_cache size 1 max 16384
2017-02-02 08:18:30.828242 7f8cc5ffb700 10 client.4151 renew_caps()
2017-02-02 08:18:30.828265 7f8cc5ffb700 15 client.4151 renew_caps requesting from mds.0
2017-02-02 08:18:30.828269 7f8cc5ffb700 10 client.4151 renew_caps mds.0
2017-02-02 08:18:30.828284 7f8cc5ffb700 1 -- 10.194.0.100:0/4006638222 --> 10.194.0.189:6816/31695 -- client_session(request_renewcaps seq 32) v2 -- ?+0 0x7f8c9c029cd0 con 0x5616c998ad60
2017-02-02 08:18:30.828300 7f8cc5ffb700 20 -- 10.194.0.100:0/4006638222 submit_message client_session(request_renewcaps seq 32) v2 remote, 10.194.0.189:6816/31695, have pipe.
2017-02-02 08:18:30.828318 7f8cc5ffb700 20 client.4151 trim_cache size 1 max 16384
2017-02-02 08:18:30.828354 7f8ccc6f0700 10 -- 10.194.0.100:0/4006638222 >> 10.194.0.189:6816/31695 pipe(0x5616c998ca10 sd=0 :33785 s=2 pgs=7 cs=1 l=0 c=0x5616c998ad60).writer: state = open policy.server=0
2017-02-02 08:18:30.828373 7f8ccc6f0700 20 -- 10.194.0.100:0/4006638222 >> 10.194.0.189:6816/31695 pipe(0x5616c998ca10 sd=0 :33785 s=2 pgs=7 cs=1 l=0 c=0x5616c998ad60).writer encoding 742216335 features 576460752032874495 0x7f8c9c029cd0 client_session(request_renewcaps seq 32) v2
2017-02-02 08:18:30.828430 7f8ccc6f0700 20 -- 10.194.0.100:0/4006638222 >> 10.194.0.189:6816/31695 pipe(0x5616c998ca10 sd=0 :33785 s=2 pgs=7 cs=1 l=0 c=0x5616c998ad60).writer signed seq # 742216335): sig = 4465288543158105245
2017-02-02 08:18:30.828454 7f8ccc6f0700 20 -- 10.194.0.100:0/4006638222 >> 10.194.0.189:6816/31695 pipe(0x5616c998ca10 sd=0 :33785 s=2 pgs=7 cs=1 l=0 c=0x5616c998ad60).writer sending 742216335 0x7f8c9c029cd0
2017-02-02 08:18:30.828491 7f8ccc6f0700 10 -- 10.194.0.100:0/4006638222 >> 10.194.0.189:6816/31695 pipe(0x5616c998ca10 sd=0 :33785 s=2 pgs=7 cs=1 l=0 c=0x5616c998ad60).writer: state = open policy.server=0
2017-02-02 08:18:30.828504 7f8ccc6f0700 20 -- 10.194.0.100:0/4006638222 >> 10.194.0.189:6816/31695 pipe(0x5616c998ca10 sd=0 :33785 s=2 pgs=7 cs=1 l=0 c=0x5616c998ad60).writer sleeping
2017-02-02 08:18:31.029022 7f8ccc5ef700 20 -- 10.194.0.100:0/4006638222 >> 10.194.0.189:6816/31695 pipe(0x5616c998ca10 sd=0 :33785 s=2 pgs=7 cs=1 l=0 c=0x5616c998ad60).reader got ACK
2017-02-02 08:18:31.029050 7f8ccc5ef700 15 -- 10.194.0.100:0/4006638222 >> 10.194.0.189:6816/31695 pipe(0x5616c998ca10 sd=0 :33785 s=2 pgs=7 cs=1 l=0 c=0x5616c998ad60).reader got ack seq 742216335
2017-02-02 08:18:31.029059 7f8ccc5ef700 10 -- 10.194.0.100:0/4006638222 >> 10.194.0.189:6816/31695 pipe(0x5616c998ca10 sd=0 :33785 s=2 pgs=7 cs=1 l=0 c=0x5616c998ad60).reader got ack seq 742216335 >= 742216335 on 0x7f8c9c029cd0 client_session(request_renewcaps seq 32) v1
2017-02-02 08:18:31.029070 7f8ccc5ef700 20 -- 10.194.0.100:0/4006638222 >> 10.194.0.189:6816/31695 pipe(0x5616c998ca10 sd=0 :33785 s=2 pgs=7 cs=1 l=0 c=0x5616c998ad60).reader reading tag...
2017-02-02 08:18:31.828356 7f8cc5ffb700 20 client.4151 trim_cache size 1 max 16384
2017-02-02 08:18:32.828497 7f8cc5ffb700 20 client.4151 trim_cache size 1 max 16384
2017-02-02 08:18:33.828642 7f8cc5ffb700 20 client.4151 trim_cache size 1 max 16384
2017-02-02 08:18:34.752855 7f8cc3ff7700 20 -- 10.194.0.100:0/4006638222 send_keepalive con 0x7f8c98014d90, have pipe.
2017-02-02 08:18:34.752903 7f8ccc7f1700 10 -- 10.194.0.100:0/4006638222 >> 10.194.0.189:6789/0 pipe(0x7f8c98007300 sd=1 :57115 s=2 pgs=58 cs=1 l=1 c=0x7f8c98014d90).writer: state = open policy.server=0
2017-02-02 08:18:34.752932 7f8ccc7f1700 10 -- 10.194.0.100:0/4006638222 >> 10.194.0.189:6789/0 pipe(0x7f8c98007300 sd=1 :57115 s=2 pgs=58 cs=1 l=1 c=0x7f8c98014d90).write_keepalive2 14
2017-02-02 08:18:34.752930
2017-02-02 08:18:34.752960 7f8ccc7f1700 10 -- 10.194.0.100:0/4006638222 >> 10.194.0.189:6789/0 pipe(0x7f8c98007300 sd=1 :57115 s=2 pgs=58 cs=1 l=1 c=0x7f8c98014d90).writer: state = open policy.server=0
2017-02-02 08:18:34.753007 7f8ccc7f1700 20 -- 10.194.0.100:0/4006638222 >> 10.194.0.189:6789/0 pipe(0x7f8c98007300 sd=1 :57115 s=2 pgs=58 cs=1 l=1 c=0x7f8c98014d90).writer sleeping
2017-02-02 08:18:34.753234 7f8ccc4ee700 2 -- 10.194.0.100:0/4006638222 >> 10.194.0.189:6789/0 pipe(0x7f8c98007300 sd=1 :57115 s=2 pgs=58 cs=1 l=1 c=0x7f8c98014d90).reader got KEEPALIVE_ACK
2017-02-02 08:18:34.753247 7f8ccc4ee700 20 -- 10.194.0.100:0/4006638222 >> 10.194.0.189:6789/0 pipe(0x7f8c98007300 sd=1 :57115 s=2 pgs=58 cs=1 l=1 c=0x7f8c98014d90).reader reading tag...
2017-02-02 08:18:34.763153 7f8cccff2700 10 client.4151.objecter tick
2017-02-02 08:18:34.828776 7f8cc5ffb700 20 client.4151 trim_cache size 1 max 16384
2017-02-02 08:18:35.828912 7f8cc5ffb700 20 client.4151 trim_cache size 1 max 16384
2017-02-02 08:18:36.829037 7f8cc5ffb700 20 client.4151 trim_cache size 1 max 16384
2017-02-02 08:18:37.829168 7f8cc5ffb700 20 client.4151 trim_cache size 1 max 16384
2017-02-02 08:18:38.829304 7f8cc5ffb700 20 client.4151 trim_cache size 1 max 16384
2017-02-02 08:18:39.763317 7f8cccff2700 10 client.4151.objecter tick
2017-02-02 08:18:39.829437 7f8cc5ffb700 20 client.4151 trim_cache size 1 max 16384
2017-02-02 08:18:40.829569 7f8cc5ffb700 20 client.4151 trim_cache size 1 max 16384
2017-02-02 08:18:41.829706 7f8cc5ffb700 20 client.4151 trim_cache size 1 max 16384
2017-02-02 08:18:42.829838 7f8cc5ffb700 20 client.4151 trim_cache size 1 max 16384
2017-02-02 08:18:43.829973 7f8cc5ffb700 20 client.4151 trim_cache size 1 max 16384
2017-02-02 08:18:44.753010 7f8cc3ff7700 20 -- 10.194.0.100:0/4006638222 send_keepalive con 0x7f8c98014d90, have pipe.
2017-02-02 08:18:44.753035 7f8ccc7f1700 10 -- 10.194.0.100:0/4006638222 >> 10.194.0.189:6789/0 pipe(0x7f8c98007300 sd=1 :57115 s=2 pgs=58 cs=1 l=1 c=0x7f8c98014d90).writer: state = open policy.server=0
2017-02-02 08:18:44.753050 7f8ccc7f1700 10 -- 10.194.0.100:0/4006638222 >> 10.194.0.189:6789/0 pipe(0x7f8c98007300 sd=1 :57115 s=2 pgs=58 cs=1 l=1 c=0x7f8c98014d90).write_keepalive2 14
2017-02-02 08:18:44.753049
2017-02-02 08:18:44.753082 7f8ccc7f1700 10 -- 10.194.0.100:0/4006638222 >> 10.194.0.189:6789/0 pipe(0x7f8c98007300 sd=1 :57115 s=2 pgs=58 cs=1 l=1 c=0x7f8c98014d90).writer: state = open policy.server=0
2017-02-02 08:18:44.753091 7f8ccc7f1700 20 -- 10.194.0.100:0/4006638222 >> 10.194.0.189:6789/0 pipe(0x7f8c98007300 sd=1 :57115 s=2 pgs=58 cs=1 l=1 c=0x7f8c98014d90).writer sleeping
2017-02-02 08:18:44.753286 7f8ccc4ee700 2 -- 10.194.0.100:0/4006638222 >> 10.194.0.189:6789/0 pipe(0x7f8c98007300 sd=1 :57115 s=2 pgs=58 cs=1 l=1 c=0x7f8c98014d90).reader got KEEPALIVE_ACK
2017-02-02 08:18:44.753299 7f8ccc4ee700 20 -- 10.194.0.100:0/4006638222 >> 10.194.0.189:6789/0 pipe(0x7f8c98007300 sd=1 :57115 s=2 pgs=58 cs=1 l=1 c=0x7f8c98014d90).reader reading tag...
2017-02-02 08:18:44.763460 7f8cccff2700 10 client.4151.objecter tick
2017-02-02 08:18:44.830108 7f8cc5ffb700 20 client.4151 trim_cache size 1 max 16384
2017-02-02 08:18:45.830242 7f8cc5ffb700 20 client.4151 trim_cache size 1 max 16384
2017-02-02 08:18:46.830381 7f8cc5ffb700 20 client.4151 trim_cache size 1 max 16384
2017-02-02 08:18:47.830526 7f8cc5ffb700 20 client.4151 trim_cache size 1 max 16384
2017-02-02 08:18:48.830649 7f8cc5ffb700 20 client.4151 trim_cache size 1 max 16384
2017-02-02 08:18:49.763618 7f8cccff2700 10 client.4151.objecter tick
2017-02-02 08:18:49.830798 7f8cc5ffb700 20 client.4151 trim_cache size 1 max 16384
2017-02-02 08:18:50.830906 7f8cc5ffb700 10 client.4151 renew_caps()
2017-02-02 08:18:50.830924 7f8cc5ffb700 15 client.4151 renew_caps requesting from mds.0
2017-02-02 08:18:50.830927 7f8cc5ffb700 10 client.4151 renew_caps mds.0
2017-02-02 08:18:50.830931 7f8cc5ffb700 1 -- 10.194.0.100:0/4006638222 --> 10.194.0.189:6816/31695 -- client_session(request_renewcaps seq 33) v2 -- ?+0 0x7f8c9c02b2a0 con 0x5616c998ad60
2017-02-02 08:18:50.830945 7f8cc5ffb700 20 -- 10.194.0.100:0/4006638222 submit_message client_session(request_renewcaps seq 33) v2 remote, 10.194.0.189:6816/31695, have pipe.
2017-02-02 08:18:50.830959 7f8cc5ffb700 20 client.4151 trim_cache size 1 max 16384
2017-02-02 08:18:50.830969 7f8ccc6f0700 10 -- 10.194.0.100:0/4006638222 >> 10.194.0.189:6816/31695 pipe(0x5616c998ca10 sd=0 :33785 s=2 pgs=7 cs=1 l=0 c=0x5616c998ad60).writer: state = open policy.server=0
2017-02-02 08:18:50.830983 7f8ccc6f0700 20 -- 10.194.0.100:0/4006638222 >> 10.194.0.189:6816/31695 pipe(0x5616c998ca10 sd=0 :33785 s=2 pgs=7 cs=1 l=0 c=0x5616c998ad60).writer encoding 742216336 features 576460752032874495 0x7f8c9c02b2a0 client_session(request_renewcaps seq 33) v2
2017-02-02 08:18:50.831031 7f8ccc6f0700 20 -- 10.194.0.100:0/4006638222 >> 10.194.0.189:6816/31695 pipe(0x5616c998ca10 sd=0 :33785 s=2 pgs=7 cs=1 l=0 c=0x5616c998ad60).writer signed seq # 742216336): sig = 5742727002684063941
2017-02-02 08:18:50.831047 7f8ccc6f0700 20 -- 10.194.0.100:0/4006638222 >> 10.194.0.189:6816/31695 pipe(0x5616c998ca10 sd=0 :33785 s=2 pgs=7 cs=1 l=0 c=0x5616c998ad60).writer sending 742216336 0x7f8c9c02b2a0
2017-02-02 08:18:50.831080 7f8ccc6f0700 10 -- 10.194.0.100:0/4006638222 >> 10.194.0.189:6816/31695 pipe(0x5616c998ca10 sd=0 :33785 s=2 pgs=7 cs=1 l=0 c=0x5616c998ad60).writer: state = open policy.server=0
2017-02-02 08:18:50.831086 7f8ccc6f0700 20 -- 10.194.0.100:0/4006638222 >> 10.194.0.189:6816/31695 pipe(0x5616c998ca10 sd=0 :33785 s=2 pgs=7 cs=1 l=0 c=0x5616c998ad60).writer sleeping
2017-02-02 08:18:51.033162 7f8ccc5ef700 20 -- 10.194.0.100:0/4006638222 >> 10.194.0.189:6816/31695 pipe(0x5616c998ca10 sd=0 :33785 s=2 pgs=7 cs=1 l=0 c=0x5616c998ad60).reader got ACK
2017-02-02 08:18:51.033199 7f8ccc5ef700 15 -- 10.194.0.100:0/4006638222 >> 10.194.0.189:6816/31695 pipe(0x5616c998ca10 sd=0 :33785 s=2 pgs=7 cs=1 l=0 c=0x5616c998ad60).reader got ack seq 742216336
2017-02-02 08:18:51.033207 7f8ccc5ef700 10 -- 10.194.0.100:0/4006638222 >> 10.194.0.189:6816/31695 pipe(0x5616c998ca10 sd=0 :33785 s=2 pgs=7 cs=1 l=0 c=0x5616c998ad60).reader got ack seq 742216336 >= 742216336 on 0x7f8c9c02b2a0 client_session(request_renewcaps seq 33) v1
2017-02-02 08:18:51.033218 7f8ccc5ef700 20 -- 10.194.0.100:0/4006638222 >> 10.194.0.189:6816/31695 pipe(0x5616c998ca10 sd=0 :33785 s=2 pgs=7 cs=1 l=0 c=0x5616c998ad60).reader reading tag...
2017-02-02 08:18:51.831048 7f8cc5ffb700 20 client.4151 trim_cache size 1 max 16384
2017-02-02 08:18:52.831177 7f8cc5ffb700 20 client.4151 trim_cache size 1 max 16384
2017-02-02 08:18:53.831305 7f8cc5ffb700 20 client.4151 trim_cache size 1 max 16384
2017-02-02 08:18:54.753193 7f8cc3ff7700 20 -- 10.194.0.100:0/4006638222 send_keepalive con 0x7f8c98014d90, have pipe.
2017-02-02 08:18:54.753241 7f8ccc7f1700 10 -- 10.194.0.100:0/4006638222 >> 10.194.0.189:6789/0 pipe(0x7f8c98007300 sd=1 :57115 s=2 pgs=58 cs=1 l=1 c=0x7f8c98014d90).writer: state = open policy.server=0
2017-02-02 08:18:54.753271 7f8ccc7f1700 10 -- 10.194.0.100:0/4006638222 >> 10.194.0.189:6789/0 pipe(0x7f8c98007300 sd=1 :57115 s=2 pgs=58 cs=1 l=1 c=0x7f8c98014d90).write_keepalive2 14
2017-02-02 08:18:54.753270
2017-02-02 08:18:54.753303 7f8ccc7f1700 10 -- 10.194.0.100:0/4006638222 >> 10.194.0.189:6789/0 pipe(0x7f8c98007300 sd=1 :57115 s=2 pgs=58 cs=1 l=1 c=0x7f8c98014d90).writer: state = open policy.server=0
2017-02-02 08:18:54.753317 7f8ccc7f1700 20 -- 10.194.0.100:0/4006638222 >> 10.194.0.189:6789/0 pipe(0x7f8c98007300 sd=1 :57115 s=2 pgs=58 cs=1 l=1 c=0x7f8c98014d90).writer sleeping
2017-02-02 08:18:54.753539 7f8ccc4ee700 2 -- 10.194.0.100:0/4006638222 >> 10.194.0.189:6789/0 pipe(0x7f8c98007300 sd=1 :57115 s=2 pgs=58 cs=1 l=1 c=0x7f8c98014d90).reader got KEEPALIVE_ACK
2017-02-02 08:18:54.753551 7f8ccc4ee700 20 -- 10.194.0.100:0/4006638222 >> 10.194.0.189:6789/0 pipe(0x7f8c98007300 sd=1 :57115 s=2 pgs=58 cs=1 l=1 c=0x7f8c98014d90).reader reading tag...
2017-02-02 08:18:54.763783 7f8cccff2700 10 client.4151.objecter tick
2017-02-02 08:18:54.831432 7f8cc5ffb700 20 client.4151 trim_cache size 1 max 16384
2017-02-02 08:18:55.831560 7f8cc5ffb700 20 client.4151 trim_cache size 1 max 16384
2017-02-02 08:18:56.831689 7f8cc5ffb700 20 client.4151 trim_cache size 1 max 16384
2017-02-02 08:18:57.831820 7f8cc5ffb700 20 client.4151 trim_cache size 1 max 16384
2017-02-02 08:18:58.831956 7f8cc5ffb700 20 client.4151 trim_cache size 1 max 16384
2017-02-02 08:18:59.763950 7f8cccff2700 10 client.4151.objecter tick
2017-02-02 08:18:59.832094 7f8cc5ffb700 20 client.4151 trim_cache size 1 max 16384
2017-02-02 08:19:00.832240 7f8cc5ffb700 20 client.4151 trim_cache size 1 max 16384
2017-02-02 08:19:01.832356 7f8cc5ffb700 20 client.4151 trim_cache size 1 max 16384
2017-02-02 08:19:02.832515 7f8cc5ffb700 20 client.4151 trim_cache size 1 max 16384
2017-02-02 08:19:03.832630 7f8cc5ffb700 20 client.4151 trim_cache size 1 max 16384
2017-02-02 08:19:04.753386 7f8cc3ff7700 20 -- 10.194.0.100:0/4006638222 send_keepalive con 0x7f8c98014d90, have pipe.
2017-02-02 08:19:04.753428 7f8ccc7f1700 10 -- 10.194.0.100:0/4006638222 >> 10.194.0.189:6789/0 pipe(0x7f8c98007300 sd=1 :57115 s=2 pgs=58 cs=1 l=1 c=0x7f8c98014d90).writer: state = open policy.server=0
2017-02-02 08:19:04.753448 7f8ccc7f1700 10 -- 10.194.0.100:0/4006638222 >> 10.194.0.189:6789/0 pipe(0x7f8c98007300 sd=1 :57115 s=2 pgs=58 cs=1 l=1 c=0x7f8c98014d90).write_keepalive2 14
2017-02-02 08:19:04.753447
2017-02-02 08:19:04.753477 7f8ccc7f1700 10 -- 10.194.0.100:0/4006638222 >> 10.194.0.189:6789/0 pipe(0x7f8c98007300 sd=1 :57115 s=2 pgs=58 cs=1 l=1 c=0x7f8c98014d90).writer: state = open policy.server=0
2017-02-02 08:19:04.753514 7f8ccc7f1700 20 -- 10.194.0.100:0/4006638222 >> 10.194.0.189:6789/0 pipe(0x7f8c98007300 sd=1 :57115 s=2 pgs=58 cs=1 l=1 c=0x7f8c98014d90).writer sleeping
2017-02-02 08:19:04.753708 7f8ccc4ee700 2 -- 10.194.0.100:0/4006638222 >> 10.194.0.189:6789/0 pipe(0x7f8c98007300 sd=1 :57115 s=2 pgs=58 cs=1 l=1 c=0x7f8c98014d90).reader got KEEPALIVE_ACK
2017-02-02 08:19:04.753720 7f8ccc4ee700 20 -- 10.194.0.100:0/4006638222 >> 10.194.0.189:6789/0 pipe(0x7f8c98007300 sd=1 :57115 s=2 pgs=58 cs=1 l=1 c=0x7f8c98014d90).reader reading tag...
2017-02-02 08:19:04.764094 7f8cccff2700 10 client.4151.objecter tick
2017-02-02 08:19:04.832754 7f8cc5ffb700 20 client.4151 trim_cache size 1 max 16384
2017-02-02 08:19:05.832893 7f8cc5ffb700 20 client.4151 trim_cache size 1 max 16384
2017-02-02 08:19:06.833041 7f8cc5ffb700 20 client.4151 trim_cache size 1 max 16384
2017-02-02 08:19:07.833159 7f8cc5ffb700 20 client.4151 trim_cache size 1 max 16384
2017-02-02 08:19:08.833297 7f8cc5ffb700 20 client.4151 trim_cache size 1 max 16384
2017-02-02 08:19:09.764247 7f8cccff2700 10 client.4151.objecter tick
2017-02-02 08:19:09.833433 7f8cc5ffb700 20 client.4151 trim_cache size 1 max 16384
2017-02-02 08:19:10.833574 7f8cc5ffb700 10 client.4151 renew_caps()
2017-02-02 08:19:10.833602 7f8cc5ffb700 15 client.4151 renew_caps requesting from mds.0
2017-02-02 08:19:10.833605 7f8cc5ffb700 10 client.4151 renew_caps mds.0
2017-02-02 08:19:10.833608 7f8cc5ffb700 1 -- 10.194.0.100:0/4006638222 --> 10.194.0.189:6816/31695 -- client_session(request_renewcaps seq 34) v2 -- ?+0 0x7f8c9c02c870 con 0x5616c998ad60
2017-02-02 08:19:10.833616 7f8cc5ffb700 20 -- 10.194.0.100:0/4006638222 submit_message client_session(request_renewcaps seq 34) v2 remote, 10.194.0.189:6816/31695, have pipe.
2017-02-02 08:19:10.833625 7f8cc5ffb700 20 client.4151 trim_cache size 1 max 16384
2017-02-02 08:19:10.833643 7f8ccc6f0700 10 -- 10.194.0.100:0/4006638222 >> 10.194.0.189:6816/31695 pipe(0x5616c998ca10 sd=0 :33785 s=2 pgs=7 cs=1 l=0 c=0x5616c998ad60).writer: state = open policy.server=0
2017-02-02 08:19:10.833660 7f8ccc6f0700 20 -- 10.194.0.100:0/4006638222 >> 10.194.0.189:6816/31695 pipe(0x5616c998ca10 sd=0 :33785 s=2 pgs=7 cs=1 l=0 c=0x5616c998ad60).writer encoding 742216337 features 576460752032874495 0x7f8c9c02c870 client_session(request_renewcaps seq 34) v2
2017-02-02 08:19:10.833707 7f8ccc6f0700 20 -- 10.194.0.100:0/4006638222 >> 10.194.0.189:6816/31695 pipe(0x5616c998ca10 sd=0 :33785 s=2 pgs=7 cs=1 l=0 c=0x5616c998ad60).writer signed seq # 742216337): sig = 8045700110099125847
2017-02-02 08:19:10.833720 7f8ccc6f0700 20 -- 10.194.0.100:0/4006638222 >> 10.194.0.189:6816/31695 pipe(0x5616c998ca10 sd=0 :33785 s=2 pgs=7 cs=1 l=0 c=0x5616c998ad60).writer sending 742216337 0x7f8c9c02c870
2017-02-02 08:19:10.833738 7f8ccc6f0700 10 -- 10.194.0.100:0/4006638222 >> 10.194.0.189:6816/31695 pipe(0x5616c998ca10 sd=0 :33785 s=2 pgs=7 cs=1 l=0 c=0x5616c998ad60).writer: state = open policy.server=0
2017-02-02 08:19:10.833744 7f8ccc6f0700 20 -- 10.194.0.100:0/4006638222 >> 10.194.0.189:6816/31695 pipe(0x5616c998ca10 sd=0 :33785 s=2 pgs=7 cs=1 l=0 c=0x5616c998ad60).writer sleeping
2017-02-02 08:19:11.037217 7f8ccc5ef700 20 -- 10.194.0.100:0/4006638222 >> 10.194.0.189:6816/31695 pipe(0x5616c998ca10 sd=0 :33785 s=2 pgs=7 cs=1 l=0 c=0x5616c998ad60).reader got ACK
2017-02-02 08:19:11.037232 7f8ccc5ef700 15 -- 10.194.0.100:0/4006638222 >> 10.194.0.189:6816/31695 pipe(0x5616c998ca10 sd=0 :33785 s=2 pgs=7 cs=1 l=0 c=0x5616c998ad60).reader got ack seq 742216337
2017-02-02 08:19:11.037236 7f8ccc5ef700 10 -- 10.194.0.100:0/4006638222 >> 10.194.0.189:6816/31695 pipe(0x5616c998ca10 sd=0 :33785 s=2 pgs=7 cs=1 l=0 c=0x5616c998ad60).reader got ack seq 742216337 >= 742216337 on 0x7f8c9c02c870 client_session(request_renewcaps seq 34) v1
2017-02-02 08:19:11.037247 7f8ccc5ef700 20 -- 10.194.0.100:0/4006638222 >> 10.194.0.189:6816/31695 pipe(0x5616c998ca10 sd=0 :33785 s=2 pgs=7 cs=1 l=0 c=0x5616c998ad60).reader reading tag...
2017-02-02 08:19:11.833714 7f8cc5ffb700 20 client.4151 trim_cache size 1 max 16384
2017-02-02 08:19:12.833857 7f8cc5ffb700 20 client.4151 trim_cache size 1 max 16384
2017-02-02 08:19:13.834000 7f8cc5ffb700 20 client.4151 trim_cache size 1 max 16384
2017-02-02 08:19:14.753583 7f8cc3ff7700 20 -- 10.194.0.100:0/4006638222 send_keepalive con 0x7f8c98014d90, have pipe.
2017-02-02 08:19:14.753633 7f8ccc7f1700 10 -- 10.194.0.100:0/4006638222 >> 10.194.0.189:6789/0 pipe(0x7f8c98007300 sd=1 :57115 s=2 pgs=58 cs=1 l=1 c=0x7f8c98014d90).writer: state = open policy.server=0
2017-02-02 08:19:14.753667 7f8ccc7f1700 10 -- 10.194.0.100:0/4006638222 >> 10.194.0.189:6789/0 pipe(0x7f8c98007300 sd=1 :57115 s=2 pgs=58 cs=1 l=1 c=0x7f8c98014d90).write_keepalive2 14
2017-02-02 08:19:14.753665
2017-02-02 08:19:14.753698 7f8ccc7f1700 10 -- 10.194.0.100:0/4006638222 >> 10.194.0.189:6789/0 pipe(0x7f8c98007300 sd=1 :57115 s=2 pgs=58 cs=1 l=1 c=0x7f8c98014d90).writer: state = open policy.server=0
2017-02-02 08:19:14.753723 7f8ccc7f1700 20 -- 10.194.0.100:0/4006638222 >> 10.194.0.189:6789/0 pipe(0x7f8c98007300 sd=1 :57115 s=2 pgs=58 cs=1 l=1 c=0x7f8c98014d90).writer sleeping
2017-02-02 08:19:14.753920 7f8ccc4ee700 2 -- 10.194.0.100:0/4006638222 >> 10.194.0.189:6789/0 pipe(0x7f8c98007300 sd=1 :57115 s=2 pgs=58 cs=1 l=1 c=0x7f8c98014d90).reader got KEEPALIVE_ACK
2017-02-02 08:19:14.753934 7f8ccc4ee700 20 -- 10.194.0.100:0/4006638222 >> 10.194.0.189:6789/0 pipe(0x7f8c98007300 sd=1 :57115 s=2 pgs=58 cs=1 l=1 c=0x7f8c98014d90).reader reading tag...
2017-02-02 08:19:14.764404 7f8cccff2700 10 client.4151.objecter tick
2017-02-02 08:19:14.834135 7f8cc5ffb700 20 client.4151 trim_cache size 1 max 16384
2017-02-02 08:19:15.834282 7f8cc5ffb700 20 client.4151 trim_cache size 1 max 16384
2017-02-02 08:19:16.834390 7f8cc5ffb700 20 client.4151 trim_cache size 1 max 16384
2017-02-02 08:19:17.834515 7f8cc5ffb700 20 client.4151 trim_cache size 1 max 16384
2017-02-02 08:19:18.834638 7f8cc5ffb700 20 client.4151 trim_cache size 1 max 16384
2017-02-02 08:19:19.764572 7f8cccff2700 10 client.4151.objecter tick
2017-02-02 08:19:19.834782 7f8cc5ffb700 20 client.4151 trim_cache size 1 max 16384
2017-02-02 08:19:20.834923 7f8cc5ffb700 20 client.4151 trim_cache size 1 max 16384
2017-02-02 08:19:21.835064 7f8cc5ffb700 20 client.4151 trim_cache size 1 max 16384
2017-02-02 08:19:22.835184 7f8cc5ffb700 20 client.4151 trim_cache size 1 max 16384
2017-02-02 08:19:23.835303 7f8cc5ffb700 20 client.4151 trim_cache size 1 max 16384
2017-02-02 08:19:24.753766 7f8cc3ff7700 20 -- 10.194.0.100:0/4006638222 send_keepalive con 0x7f8c98014d90, have pipe.
2017-02-02 08:19:24.753792 7f8ccc7f1700 10 -- 10.194.0.100:0/4006638222 >> 10.194.0.189:6789/0 pipe(0x7f8c98007300 sd=1 :57115 s=2 pgs=58 cs=1 l=1 c=0x7f8c98014d90).writer: state = open policy.server=0
2017-02-02 08:19:24.753810 7f8ccc7f1700 10 -- 10.194.0.100:0/4006638222 >> 10.194.0.189:6789/0 pipe(0x7f8c98007300 sd=1 :57115 s=2 pgs=58 cs=1 l=1 c=0x7f8c98014d90).write_keepalive2 14
2017-02-02 08:19:24.753809
2017-02-02 08:19:24.753826 7f8ccc7f1700 10 -- 10.194.0.100:0/4006638222 >> 10.194.0.189:6789/0 pipe(0x7f8c98007300 sd=1 :57115 s=2 pgs=58 cs=1 l=1 c=0x7f8c98014d90).writer: state = open policy.server=0
2017-02-02 08:19:24.753830 7f8ccc7f1700 20 -- 10.194.0.100:0/4006638222 >> 10.194.0.189:6789/0 pipe(0x7f8c98007300 sd=1 :57115 s=2 pgs=58 cs=1 l=1 c=0x7f8c98014d90).writer sleeping
2017-02-02 08:19:24.754043 7f8ccc4ee700 2 -- 10.194.0.100:0/4006638222 >> 10.194.0.189:6789/0 pipe(0x7f8c98007300 sd=1 :57115 s=2 pgs=58 cs=1 l=1 c=0x7f8c98014d90).reader got KEEPALIVE_ACK
2017-02-02 08:19:24.754057 7f8ccc4ee700 20 -- 10.194.0.100:0/4006638222 >> 10.194.0.189:6789/0 pipe(0x7f8c98007300 sd=1 :57115 s=2 pgs=58 cs=1 l=1 c=0x7f8c98014d90).reader reading tag...
2017-02-02 08:19:24.764741 7f8cccff2700 10 client.4151.objecter tick
2017-02-02 08:19:24.835441 7f8cc5ffb700 20 client.4151 trim_cache size 1 max 16384
2017-02-02 08:19:25.835584 7f8cc5ffb700 20 client.4151 trim_cache size 1 max 16384
2017-02-02 08:19:26.835702 7f8cc5ffb700 20 client.4151 trim_cache size 1 max 16384
2017-02-02 08:19:27.835842 7f8cc5ffb700 20 client.4151 trim_cache size 1 max 16384
2017-02-02 08:19:28.835980 7f8cc5ffb700 20 client.4151 trim_cache size 1 max 16384
2017-02-02 08:19:29.764902 7f8cccff2700 10 client.4151.objecter tick
2017-02-02 08:19:29.836098 7f8cc5ffb700 20 client.4151 trim_cache size 1 max 16384
2017-02-02 08:19:30.836244 7f8cc5ffb700 10 client.4151 renew_caps()
2017-02-02 08:19:30.836269 7f8cc5ffb700 15 client.4151 renew_caps requesting from mds.0
2017-02-02 08:19:30.836273 7f8cc5ffb700 10 client.4151 renew_caps mds.0
2017-02-02 08:19:30.836293 7f8cc5ffb700 1 -- 10.194.0.100:0/4006638222 --> 10.194.0.189:6816/31695 -- client_session(request_renewcaps seq 35) v2 -- ?+0 0x7f8c9c02dd70 con 0x5616c998ad60
2017-02-02 08:19:30.836309 7f8cc5ffb700 20 -- 10.194.0.100:0/4006638222 submit_message client_session(request_renewcaps seq 35) v2 remote, 10.194.0.189:6816/31695, have pipe.
2017-02-02 08:19:30.836326 7f8cc5ffb700 20 client.4151 trim_cache size 1 max 16384
2017-02-02 08:19:30.836367 7f8ccc6f0700 10 -- 10.194.0.100:0/4006638222 >> 10.194.0.189:6816/31695 pipe(0x5616c998ca10 sd=0 :33785 s=2 pgs=7 cs=1 l=0 c=0x5616c998ad60).writer: state = open policy.server=0
2017-02-02 08:19:30.836399 7f8ccc6f0700 20 -- 10.194.0.100:0/4006638222 >> 10.194.0.189:6816/31695 pipe(0x5616c998ca10 sd=0 :33785 s=2 pgs=7 cs=1 l=0 c=0x5616c998ad60).writer encoding 742216338 features 576460752032874495 0x7f8c9c02dd70 client_session(request_renewcaps seq 35) v2
2017-02-02 08:19:30.836471 7f8ccc6f0700 20 -- 10.194.0.100:0/4006638222 >> 10.194.0.189:6816/31695 pipe(0x5616c998ca10 sd=0 :33785 s=2 pgs=7 cs=1 l=0 c=0x5616c998ad60).writer signed seq # 742216338): sig = 2056148911955391265
2017-02-02 08:19:30.836494 7f8ccc6f0700 20 -- 10.194.0.100:0/4006638222 >> 10.194.0.189:6816/31695 pipe(0x5616c998ca10 sd=0 :33785 s=2 pgs=7 cs=1 l=0 c=0x5616c998ad60).writer sending 742216338 0x7f8c9c02dd70
2017-02-02 08:19:30.836532 7f8ccc6f0700 10 -- 10.194.0.100:0/4006638222 >> 10.194.0.189:6816/31695 pipe(0x5616c998ca10 sd=0 :33785 s=2 pgs=7 cs=1 l=0 c=0x5616c998ad60).writer: state = open policy.server=0
2017-02-02 08:19:30.836544 7f8ccc6f0700 20 -- 10.194.0.100:0/4006638222 >> 10.194.0.189:6816/31695 pipe(0x5616c998ca10 sd=0 :33785 s=2 pgs=7 cs=1 l=0 c=0x5616c998ad60).writer sleeping
2017-02-02 08:19:31.037366 7f8ccc5ef700 20 -- 10.194.0.100:0/4006638222 >> 10.194.0.189:6816/31695 pipe(0x5616c998ca10 sd=0 :33785 s=2 pgs=7 cs=1 l=0 c=0x5616c998ad60).reader got ACK
2017-02-02 08:19:31.037395 7f8ccc5ef700 15 -- 10.194.0.100:0/4006638222 >> 10.194.0.189:6816/31695 pipe(0x5616c998ca10 sd=0 :33785 s=2 pgs=7 cs=1 l=0 c=0x5616c998ad60).reader got ack seq 742216338
2017-02-02 08:19:31.037404 7f8ccc5ef700 10 -- 10.194.0.100:0/4006638222 >> 10.194.0.189:6816/31695 pipe(0x5616c998ca10 sd=0 :33785 s=2 pgs=7 cs=1 l=0 c=0x5616c998ad60).reader got ack seq 742216338 >= 742216338 on 0x7f8c9c02dd70 client_session(request_renewcaps seq 35) v1
2017-02-02 08:19:31.037415 7f8ccc5ef700 20 -- 10.194.0.100:0/4006638222 >> 10.194.0.189:6816/31695 pipe(0x5616c998ca10 sd=0 :33785 s=2 pgs=7 cs=1 l=0 c=0x5616c998ad60).reader reading tag...
2017-02-02 08:19:31.836380 7f8cc5ffb700 20 client.4151 trim_cache size 1 max 16384
2017-02-02 08:19:32.836519 7f8cc5ffb700 20 client.4151 trim_cache size 1 max 16384
2017-02-02 08:19:33.836660 7f8cc5ffb700 20 client.4151 trim_cache size 1 max 16384
2017-02-02 08:19:34.753920 7f8cc3ff7700 20 -- 10.194.0.100:0/4006638222 send_keepalive con 0x7f8c98014d90, have pipe.
2017-02-02 08:19:34.753959 7f8ccc7f1700 10 -- 10.194.0.100:0/4006638222 >> 10.194.0.189:6789/0 pipe(0x7f8c98007300 sd=1 :57115 s=2 pgs=58 cs=1 l=1 c=0x7f8c98014d90).writer: state = open policy.server=0
2017-02-02 08:19:34.753982 7f8ccc7f1700 10 -- 10.194.0.100:0/4006638222 >> 10.194.0.189:6789/0 pipe(0x7f8c98007300 sd=1 :57115 s=2 pgs=58 cs=1 l=1 c=0x7f8c98014d90).write_keepalive2 14
2017-02-02 08:19:34.753981
2017-02-02 08:19:34.754004 7f8ccc7f1700 10 -- 10.194.0.100:0/4006638222 >> 10.194.0.189:6789/0 pipe(0x7f8c98007300 sd=1 :57115 s=2 pgs=58 cs=1 l=1 c=0x7f8c98014d90).writer: state = open policy.server=0
2017-02-02 08:19:34.754011 7f8ccc7f1700 20 -- 10.194.0.100:0/4006638222 >> 10.194.0.189:6789/0 pipe(0x7f8c98007300 sd=1 :57115 s=2 pgs=58 cs=1 l=1 c=0x7f8c98014d90).writer sleeping
2017-02-02 08:19:34.754241 7f8ccc4ee700 2 -- 10.194.0.100:0/4006638222 >> 10.194.0.189:6789/0 pipe(0x7f8c98007300 sd=1 :57115 s=2 pgs=58 cs=1 l=1 c=0x7f8c98014d90).reader got KEEPALIVE_ACK
2017-02-02 08:19:34.754256 7f8ccc4ee700 20 -- 10.194.0.100:0/4006638222 >> 10.194.0.189:6789/0 pipe(0x7f8c98007300 sd=1 :57115 s=2 pgs=58 cs=1 l=1 c=0x7f8c98014d90).reader reading tag...
2017-02-02 08:19:34.765065 7f8cccff2700 10 client.4151.objecter tick
