2017-02-02 08:14:30.795283 7f8cc5ffb700 20 -- 10.194.0.100:0/4006638222 submit_message client_session(request_renewcaps seq 20) v2 remote, 10.194.0.189:6816/31695, have pipe.
2017-02-02 08:14:30.795293 7f8cc5ffb700 20 client.4151 trim_cache size 1 max 16384
2017-02-02 08:14:30.795310 7f8ccc6f0700 10 -- 10.194.0.100:0/4006638222 >> 10.194.0.189:6816/31695 pipe(0x5616c998ca10 sd=13 :31421 s=2 pgs=5 cs=1 l=0 c=0x5616c998ad60).writer: state = open policy.server=0
2017-02-02 08:14:30.795331 7f8ccc6f0700 20 -- 10.194.0.100:0/4006638222 >> 10.194.0.189:6816/31695 pipe(0x5616c998ca10 sd=13 :31421 s=2 pgs=5 cs=1 l=0 c=0x5616c998ad60).writer encoding 28 features 576460752032874495 0x7f8c9c01af00 client_session(request_renewcaps seq 20) v2
2017-02-02 08:14:30.795383 7f8ccc6f0700 20 -- 10.194.0.100:0/4006638222 >> 10.194.0.189:6816/31695 pipe(0x5616c998ca10 sd=13 :31421 s=2 pgs=5 cs=1 l=0 c=0x5616c998ad60).writer signed seq # 28): sig = 3762746431224376132
2017-02-02 08:14:30.795396 7f8ccc6f0700 20 -- 10.194.0.100:0/4006638222 >> 10.194.0.189:6816/31695 pipe(0x5616c998ca10 sd=13 :31421 s=2 pgs=5 cs=1 l=0 c=0x5616c998ad60).writer sending 28 0x7f8c9c01af00
2017-02-02 08:14:30.795411 7f8ccc6f0700 10 -- 10.194.0.100:0/4006638222 >> 10.194.0.189:6816/31695 pipe(0x5616c998ca10 sd=13 :31421 s=2 pgs=5 cs=1 l=0 c=0x5616c998ad60).writer: state = open policy.server=0
2017-02-02 08:14:30.795416 7f8ccc6f0700 20 -- 10.194.0.100:0/4006638222 >> 10.194.0.189:6816/31695 pipe(0x5616c998ca10 sd=13 :31421 s=2 pgs=5 cs=1 l=0 c=0x5616c998ad60).writer sleeping
2017-02-02 08:14:31.795390 7f8cc5ffb700 20 client.4151 trim_cache size 1 max 16384
2017-02-02 08:14:32.795538 7f8cc5ffb700 20 client.4151 trim_cache size 1 max 16384
2017-02-02 08:14:33.795687 7f8cc5ffb700 20 client.4151 trim_cache size 1 max 16384
2017-02-02 08:14:34.749267 7f8cc3ff7700 1 -- 10.194.0.100:0/4006638222 mark_down 0x7f8c980109d0 -- 0x7f8c98007300
2017-02-02 08:14:34.749278 7f8cc3ff7700 10 -- 10.194.0.100:0/4006638222 >> 10.194.0.189:6789/0 pipe(0x7f8c98007300 sd=0 :0 s=1 pgs=0 cs=0 l=1 c=0x7f8c980109d0).unregister_pipe
2017-02-02 08:14:34.749284 7f8cc3ff7700 10 -- 10.194.0.100:0/4006638222 >> 10.194.0.189:6789/0 pipe(0x7f8c98007300 sd=0 :0 s=1 pgs=0 cs=0 l=1 c=0x7f8c980109d0).stop
2017-02-02 08:14:34.749299 7f8cc3ff7700 10 -- 10.194.0.100:0/4006638222 connect_rank to 10.194.0.189:6789/0, creating pipe and registering
2017-02-02 08:14:34.749316 7f8ccc7f1700 2 -- 10.194.0.100:0/4006638222 >> 10.194.0.189:6789/0 pipe(0x7f8c98007300 sd=0 :0 s=4 pgs=0 cs=0 l=1 c=0x7f8c980109d0).connect error 10.194.0.189:6789/0, (104) Connection reset by peer
2017-02-02 08:14:34.749344 7f8ccc7f1700 3 -- 10.194.0.100:0/4006638222 >> 10.194.0.189:6789/0 pipe(0x7f8c98007300 sd=0 :0 s=4 pgs=0 cs=0 l=1 c=0x7f8c980109d0).connect fault, but state = closed != connecting, stopping
2017-02-02 08:14:34.749334 7f8cc3ff7700 10 -- 10.194.0.100:0/4006638222 >> 10.194.0.189:6789/0 pipe(0x7f8c980026c0 sd=-1 :0 s=1 pgs=0 cs=0 l=1 c=0x7f8c98011ac0).register_pipe
2017-02-02 08:14:34.749351 7f8ccc7f1700 20 -- 10.194.0.100:0/4006638222 >> 10.194.0.189:6789/0 pipe(0x7f8c98007300 sd=0 :0 s=4 pgs=0 cs=0 l=1 c=0x7f8c980109d0).writer finishing
2017-02-02 08:14:34.749355 7f8cc3ff7700 10 -- 10.194.0.100:0/4006638222 get_connection mon.0 10.194.0.189:6789/0 new 0x7f8c980026c0
2017-02-02 08:14:34.749357 7f8ccc7f1700 10 -- 10.194.0.100:0/4006638222 queue_reap 0x7f8c98007300
2017-02-02 08:14:34.749371 7f8ccc4ee700 10 -- 10.194.0.100:0/4006638222 >> 10.194.0.189:6789/0 pipe(0x7f8c980026c0 sd=-1 :0 s=1 pgs=0 cs=0 l=1 c=0x7f8c98011ac0).writer: state = connecting policy.server=0
2017-02-02 08:14:34.749391 7f8ccc4ee700 10 -- 10.194.0.100:0/4006638222 >> 10.194.0.189:6789/0 pipe(0x7f8c980026c0 sd=-1 :0 s=1 pgs=0 cs=0 l=1 c=0x7f8c98011ac0).connect 0
2017-02-02 08:14:34.749409 7f8ccc4ee700 10 -- 10.194.0.100:0/4006638222 >> 10.194.0.189:6789/0 pipe(0x7f8c980026c0 sd=1 :0 s=1 pgs=0 cs=0 l=1 c=0x7f8c98011ac0).connecting to 10.194.0.189:6789/0
2017-02-02 08:14:34.749425 7f8cc3ff7700 20 -- 10.194.0.100:0/4006638222 send_keepalive con 0x7f8c98011ac0, have pipe.
2017-02-02 08:14:34.749436 7f8cc6ffd700 10 -- 10.194.0.100:0/4006638222 reaper
2017-02-02 08:14:34.749440 7f8cc3ff7700 1 -- 10.194.0.100:0/4006638222 --> 10.194.0.189:6789/0 -- auth(proto 0 31 bytes epoch 1) v1 -- ?+0 0x7f8c98012050 con 0x7f8c98011ac0
2017-02-02 08:14:34.749443 7f8cc6ffd700 10 -- 10.194.0.100:0/4006638222 reaper reaping pipe 0x7f8c98007300 10.194.0.189:6789/0
2017-02-02 08:14:34.749446 7f8cc3ff7700 20 -- 10.194.0.100:0/4006638222 submit_message auth(proto 0 31 bytes epoch 1) v1 remote, 10.194.0.189:6789/0, have pipe.
2017-02-02 08:14:34.749447 7f8cc6ffd700 10 -- 10.194.0.100:0/4006638222 >> 10.194.0.189:6789/0 pipe(0x7f8c98007300 sd=0 :0 s=4 pgs=0 cs=0 l=1 c=0x7f8c980109d0).discard_queue
2017-02-02 08:14:34.749453 7f8cc6ffd700 20 -- 10.194.0.100:0/4006638222 >> 10.194.0.189:6789/0 pipe(0x7f8c98007300 sd=0 :0 s=4 pgs=0 cs=0 l=1 c=0x7f8c980109d0). discard 0x7f8c98010f60
2017-02-02 08:14:34.749464 7f8cc6ffd700 10 -- 10.194.0.100:0/4006638222 >> 10.194.0.189:6789/0 pipe(0x7f8c98007300 sd=0 :0 s=4 pgs=0 cs=0 l=1 c=0x7f8c980109d0).unregister_pipe - not registered
2017-02-02 08:14:34.749472 7f8cc6ffd700 20 -- 10.194.0.100:0/4006638222 >> 10.194.0.189:6789/0 pipe(0x7f8c98007300 sd=0 :0 s=4 pgs=0 cs=0 l=1 c=0x7f8c980109d0).join
2017-02-02 08:14:34.749481 7f8ccc7f1700 10 -- 10.194.0.100:0/4006638222 >> 10.194.0.189:6789/0 pipe(0x7f8c98007300 sd=0 :0 s=4 pgs=0 cs=0 l=1 c=0x7f8c980109d0).writer done
2017-02-02 08:14:34.749502 7f8cc6ffd700 10 -- 10.194.0.100:0/4006638222 reaper reaped pipe 0x7f8c98007300 10.194.0.189:6789/0
2017-02-02 08:14:34.749516 7f8cc6ffd700 10 -- 10.194.0.100:0/4006638222 reaper deleted pipe 0x7f8c98007300
2017-02-02 08:14:34.749517 7f8cc6ffd700 10 -- 10.194.0.100:0/4006638222 reaper done
2017-02-02 08:14:34.755459 7f8cccff2700 10 client.4151.objecter tick
2017-02-02 08:14:34.795831 7f8cc5ffb700 20 client.4151 trim_cache size 1 max 16384
2017-02-02 08:14:35.795976 7f8cc5ffb700 20 client.4151 trim_cache size 1 max 16384
2017-02-02 08:14:36.796115 7f8cc5ffb700 20 client.4151 trim_cache size 1 max 16384
2017-02-02 08:14:37.796248 7f8cc5ffb700 20 client.4151 trim_cache size 1 max 16384
2017-02-02 08:14:38.796381 7f8cc5ffb700 20 client.4151 trim_cache size 1 max 16384
2017-02-02 08:14:39.755615 7f8cccff2700 10 client.4151.objecter tick
2017-02-02 08:14:39.796521 7f8cc5ffb700 20 client.4151 trim_cache size 1 max 16384
2017-02-02 08:14:40.796665 7f8cc5ffb700 20 client.4151 trim_cache size 1 max 16384
2017-02-02 08:14:41.796807 7f8cc5ffb700 20 client.4151 trim_cache size 1 max 16384
2017-02-02 08:14:42.796951 7f8cc5ffb700 20 client.4151 trim_cache size 1 max 16384
2017-02-02 08:14:43.797091 7f8cc5ffb700 20 client.4151 trim_cache size 1 max 16384
2017-02-02 08:14:44.755785 7f8cccff2700 10 client.4151.objecter tick
2017-02-02 08:14:44.797234 7f8cc5ffb700 20 client.4151 trim_cache size 1 max 16384
2017-02-02 08:14:45.797398 7f8cc5ffb700 20 client.4151 trim_cache size 1 max 16384
2017-02-02 08:14:46.797534 7f8cc5ffb700 20 client.4151 trim_cache size 1 max 16384
2017-02-02 08:14:47.797655 7f8cc5ffb700 20 client.4151 trim_cache size 1 max 16384
2017-02-02 08:14:48.797782 7f8cc5ffb700 20 client.4151 trim_cache size 1 max 16384
2017-02-02 08:14:49.755948 7f8cccff2700 10 client.4151.objecter tick
2017-02-02 08:14:49.797929 7f8cc5ffb700 20 client.4151 trim_cache size 1 max 16384
2017-02-02 08:14:50.798071 7f8cc5ffb700 10 client.4151 renew_caps()
2017-02-02 08:14:50.798089 7f8cc5ffb700 15 client.4151 renew_caps requesting from mds.0
2017-02-02 08:14:50.798092 7f8cc5ffb700 10 client.4151 renew_caps mds.0
2017-02-02 08:14:50.798097 7f8cc5ffb700 1 -- 10.194.0.100:0/4006638222 --> 10.194.0.189:6816/31695 -- client_session(request_renewcaps seq 21) v2 -- ?+0 0x7f8c9c01c650 con 0x5616c998ad60
2017-02-02 08:14:50.798112 7f8cc5ffb700 20 -- 10.194.0.100:0/4006638222 submit_message client_session(request_renewcaps seq 21) v2 remote, 10.194.0.189:6816/31695, have pipe.
2017-02-02 08:14:50.798128 7f8cc5ffb700 20 client.4151 trim_cache size 1 max 16384
2017-02-02 08:14:50.798162 7f8ccc6f0700 10 -- 10.194.0.100:0/4006638222 >> 10.194.0.189:6816/31695 pipe(0x5616c998ca10 sd=13 :31421 s=2 pgs=5 cs=1 l=0 c=0x5616c998ad60).writer: state = open policy.server=0
2017-02-02 08:14:50.798217 7f8ccc6f0700 20 -- 10.194.0.100:0/4006638222 >> 10.194.0.189:6816/31695 pipe(0x5616c998ca10 sd=13 :31421 s=2 pgs=5 cs=1 l=0 c=0x5616c998ad60).writer encoding 29 features 576460752032874495 0x7f8c9c01c650 client_session(request_renewcaps seq 21) v2
2017-02-02 08:14:50.798296 7f8ccc6f0700 20 -- 10.194.0.100:0/4006638222 >> 10.194.0.189:6816/31695 pipe(0x5616c998ca10 sd=13 :31421 s=2 pgs=5 cs=1 l=0 c=0x5616c998ad60).writer signed seq # 29): sig = 15196557744359063020
2017-02-02 08:14:50.798320 7f8ccc6f0700 20 -- 10.194.0.100:0/4006638222 >> 10.194.0.189:6816/31695 pipe(0x5616c998ca10 sd=13 :31421 s=2 pgs=5 cs=1 l=0 c=0x5616c998ad60).writer sending 29 0x7f8c9c01c650
2017-02-02 08:14:50.798346 7f8ccc6f0700 10 -- 10.194.0.100:0/4006638222 >> 10.194.0.189:6816/31695 pipe(0x5616c998ca10 sd=13 :31421 s=2 pgs=5 cs=1 l=0 c=0x5616c998ad60).writer: state = open policy.server=0
2017-02-02 08:14:50.798358 7f8ccc6f0700 20 -- 10.194.0.100:0/4006638222 >> 10.194.0.189:6816/31695 pipe(0x5616c998ca10 sd=13 :31421 s=2 pgs=5 cs=1 l=0 c=0x5616c998ad60).writer sleeping
2017-02-02 08:14:51.798212 7f8cc5ffb700 20 client.4151 trim_cache size 1 max 16384
2017-02-02 08:14:52.798354 7f8cc5ffb700 20 client.4151 trim_cache size 1 max 16384
2017-02-02 08:14:53.798490 7f8cc5ffb700 20 client.4151 trim_cache size 1 max 16384
2017-02-02 08:14:54.756141 7f8cccff2700 10 client.4151.objecter tick
2017-02-02 08:14:54.798637 7f8cc5ffb700 20 client.4151 trim_cache size 1 max 16384
2017-02-02 08:14:55.798773 7f8cc5ffb700 20 client.4151 trim_cache size 1 max 16384
2017-02-02 08:14:56.798925 7f8cc5ffb700 20 client.4151 trim_cache size 1 max 16384
2017-02-02 08:14:57.799060 7f8cc5ffb700 20 client.4151 trim_cache size 1 max 16384
2017-02-02 08:14:58.799197 7f8cc5ffb700 20 client.4151 trim_cache size 1 max 16384
2017-02-02 08:14:59.756314 7f8cccff2700 10 client.4151.objecter tick
2017-02-02 08:14:59.799321 7f8cc5ffb700 20 client.4151 trim_cache size 1 max 16384
2017-02-02 08:15:00.799465 7f8cc5ffb700 20 client.4151 trim_cache size 1 max 16384
2017-02-02 08:15:01.799577 7f8cc5ffb700 20 client.4151 trim_cache size 1 max 16384
2017-02-02 08:15:02.799705 7f8cc5ffb700 20 client.4151 trim_cache size 1 max 16384
2017-02-02 08:15:03.799849 7f8cc5ffb700 20 client.4151 trim_cache size 1 max 16384
2017-02-02 08:15:04.749632 7f8cc3ff7700 1 -- 10.194.0.100:0/4006638222 mark_down 0x7f8c98011ac0 -- 0x7f8c980026c0
2017-02-02 08:15:04.749649 7f8cc3ff7700 10 -- 10.194.0.100:0/4006638222 >> 10.194.0.189:6789/0 pipe(0x7f8c980026c0 sd=1 :0 s=1 pgs=0 cs=0 l=1 c=0x7f8c98011ac0).unregister_pipe
2017-02-02 08:15:04.749659 7f8cc3ff7700 10 -- 10.194.0.100:0/4006638222 >> 10.194.0.189:6789/0 pipe(0x7f8c980026c0 sd=1 :0 s=1 pgs=0 cs=0 l=1 c=0x7f8c98011ac0).stop
2017-02-02 08:15:04.749682 7f8cc3ff7700 10 -- 10.194.0.100:0/4006638222 connect_rank to 10.194.0.189:6789/0, creating pipe and registering
2017-02-02 08:15:04.749722 7f8cc3ff7700 10 -- 10.194.0.100:0/4006638222 >> 10.194.0.189:6789/0 pipe(0x7f8c98007300 sd=-1 :0 s=1 pgs=0 cs=0 l=1 c=0x7f8c98012bb0).register_pipe
2017-02-02 08:15:04.749740 7f8cc3ff7700 10 -- 10.194.0.100:0/4006638222 get_connection mon.0 10.194.0.189:6789/0 new 0x7f8c98007300
2017-02-02 08:15:04.749764 7f8cc3ff7700 20 -- 10.194.0.100:0/4006638222 send_keepalive con 0x7f8c98012bb0, have pipe.
2017-02-02 08:15:04.749721 7f8ccc4ee700 2 -- 10.194.0.100:0/4006638222 >> 10.194.0.189:6789/0 pipe(0x7f8c980026c0 sd=1 :0 s=4 pgs=0 cs=0 l=1 c=0x7f8c98011ac0).connect error 10.194.0.189:6789/0, (104) Connection reset by peer
2017-02-02 08:15:04.749769 7f8ccc4ee700 3 -- 10.194.0.100:0/4006638222 >> 10.194.0.189:6789/0 pipe(0x7f8c980026c0 sd=1 :0 s=4 pgs=0 cs=0 l=1 c=0x7f8c98011ac0).connect fault, but state = closed != connecting, stopping
2017-02-02 08:15:04.749775 7f8cc3ff7700 1 -- 10.194.0.100:0/4006638222 --> 10.194.0.189:6789/0 -- auth(proto 0 31 bytes epoch 1) v1 -- ?+0 0x7f8c98013140 con 0x7f8c98012bb0
2017-02-02 08:15:04.749775 7f8ccc4ee700 20 -- 10.194.0.100:0/4006638222 >> 10.194.0.189:6789/0 pipe(0x7f8c980026c0 sd=1 :0 s=4 pgs=0 cs=0 l=1 c=0x7f8c98011ac0).writer finishing
2017-02-02 08:15:04.749779 7f8cc3ff7700 20 -- 10.194.0.100:0/4006638222 submit_message auth(proto 0 31 bytes epoch 1) v1 remote, 10.194.0.189:6789/0, have pipe.
2017-02-02 08:15:04.749783 7f8ccc4ee700 10 -- 10.194.0.100:0/4006638222 queue_reap 0x7f8c980026c0
2017-02-02 08:15:04.749804 7f8ccc4ee700 10 -- 10.194.0.100:0/4006638222 >> 10.194.0.189:6789/0 pipe(0x7f8c980026c0 sd=1 :0 s=4 pgs=0 cs=0 l=1 c=0x7f8c98011ac0).writer done
2017-02-02 08:15:04.749818 7f8cc6ffd700 10 -- 10.194.0.100:0/4006638222 reaper
2017-02-02 08:15:04.749824 7f8cc6ffd700 10 -- 10.194.0.100:0/4006638222 reaper reaping pipe 0x7f8c980026c0 10.194.0.189:6789/0
2017-02-02 08:15:04.749827 7f8cc6ffd700 10 -- 10.194.0.100:0/4006638222 >> 10.194.0.189:6789/0 pipe(0x7f8c980026c0 sd=1 :0 s=4 pgs=0 cs=0 l=1 c=0x7f8c98011ac0).discard_queue
2017-02-02 08:15:04.749831 7f8cc6ffd700 20 -- 10.194.0.100:0/4006638222 >> 10.194.0.189:6789/0 pipe(0x7f8c980026c0 sd=1 :0 s=4 pgs=0 cs=0 l=1 c=0x7f8c98011ac0). discard 0x7f8c98012050
2017-02-02 08:15:04.749836 7f8cc6ffd700 10 -- 10.194.0.100:0/4006638222 >> 10.194.0.189:6789/0 pipe(0x7f8c980026c0 sd=1 :0 s=4 pgs=0 cs=0 l=1 c=0x7f8c98011ac0).unregister_pipe - not registered
2017-02-02 08:15:04.749840 7f8cc6ffd700 20 -- 10.194.0.100:0/4006638222 >> 10.194.0.189:6789/0 pipe(0x7f8c980026c0 sd=1 :0 s=4 pgs=0 cs=0 l=1 c=0x7f8c98011ac0).join
2017-02-02 08:15:04.749843 7f8ccc7f1700 10 -- 10.194.0.100:0/4006638222 >> 10.194.0.189:6789/0 pipe(0x7f8c98007300 sd=-1 :0 s=1 pgs=0 cs=0 l=1 c=0x7f8c98012bb0).writer: state = connecting policy.server=0
2017-02-02 08:15:04.749850 7f8cc6ffd700 10 -- 10.194.0.100:0/4006638222 reaper reaped pipe 0x7f8c980026c0 10.194.0.189:6789/0
2017-02-02 08:15:04.749855 7f8cc6ffd700 10 -- 10.194.0.100:0/4006638222 reaper deleted pipe 0x7f8c980026c0
2017-02-02 08:15:04.749852 7f8ccc7f1700 10 -- 10.194.0.100:0/4006638222 >> 10.194.0.189:6789/0 pipe(0x7f8c98007300 sd=-1 :0 s=1 pgs=0 cs=0 l=1 c=0x7f8c98012bb0).connect 0
2017-02-02 08:15:04.749857 7f8cc6ffd700 10 -- 10.194.0.100:0/4006638222 reaper done
2017-02-02 08:15:04.749864 7f8ccc7f1700 10 -- 10.194.0.100:0/4006638222 >> 10.194.0.189:6789/0 pipe(0x7f8c98007300 sd=0 :0 s=1 pgs=0 cs=0 l=1 c=0x7f8c98012bb0).connecting to 10.194.0.189:6789/0
2017-02-02 08:15:04.756496 7f8cccff2700 10 client.4151.objecter tick
2017-02-02 08:15:04.799985 7f8cc5ffb700 20 client.4151 trim_cache size 1 max 16384
2017-02-02 08:15:05.800126 7f8cc5ffb700 20 client.4151 trim_cache size 1 max 16384
2017-02-02 08:15:06.800262 7f8cc5ffb700 20 client.4151 trim_cache size 1 max 16384
2017-02-02 08:15:07.800402 7f8cc5ffb700 20 client.4151 trim_cache size 1 max 16384
2017-02-02 08:15:08.800541 7f8cc5ffb700 20 client.4151 trim_cache size 1 max 16384
2017-02-02 08:15:09.756656 7f8cccff2700 10 client.4151.objecter tick
2017-02-02 08:15:09.800678 7f8cc5ffb700 20 client.4151 trim_cache size 1 max 16384
2017-02-02 08:15:10.800815 7f8cc5ffb700 10 client.4151 renew_caps()
2017-02-02 08:15:10.800823 7f8cc5ffb700 15 client.4151 renew_caps requesting from mds.0
2017-02-02 08:15:10.800825 7f8cc5ffb700 10 client.4151 renew_caps mds.0
2017-02-02 08:15:10.800831 7f8cc5ffb700 1 -- 10.194.0.100:0/4006638222 --> 10.194.0.189:6816/31695 -- client_session(request_renewcaps seq 22) v2 -- ?+0 0x7f8c9c01dd90 con 0x5616c998ad60
2017-02-02 08:15:10.800841 7f8cc5ffb700 20 -- 10.194.0.100:0/4006638222 submit_message client_session(request_renewcaps seq 22) v2 remote, 10.194.0.189:6816/31695, have pipe.
2017-02-02 08:15:10.800849 7f8cc5ffb700 20 client.4151 trim_cache size 1 max 16384
2017-02-02 08:15:10.800865 7f8ccc6f0700 10 -- 10.194.0.100:0/4006638222 >> 10.194.0.189:6816/31695 pipe(0x5616c998ca10 sd=13 :31421 s=2 pgs=5 cs=1 l=0 c=0x5616c998ad60).writer: state = open policy.server=0
2017-02-02 08:15:10.800880 7f8ccc6f0700 20 -- 10.194.0.100:0/4006638222 >> 10.194.0.189:6816/31695 pipe(0x5616c998ca10 sd=13 :31421 s=2 pgs=5 cs=1 l=0 c=0x5616c998ad60).writer encoding 30 features 576460752032874495 0x7f8c9c01dd90 client_session(request_renewcaps seq 22) v2
2017-02-02 08:15:10.800920 7f8ccc6f0700 20 -- 10.194.0.100:0/4006638222 >> 10.194.0.189:6816/31695 pipe(0x5616c998ca10 sd=13 :31421 s=2 pgs=5 cs=1 l=0 c=0x5616c998ad60).writer signed seq # 30): sig = 1760022600800354032
2017-02-02 08:15:10.800929 7f8ccc6f0700 20 -- 10.194.0.100:0/4006638222 >> 10.194.0.189:6816/31695 pipe(0x5616c998ca10 sd=13 :31421 s=2 pgs=5 cs=1 l=0 c=0x5616c998ad60).writer sending 30 0x7f8c9c01dd90
2017-02-02 08:15:10.800939 7f8ccc6f0700 10 -- 10.194.0.100:0/4006638222 >> 10.194.0.189:6816/31695 pipe(0x5616c998ca10 sd=13 :31421 s=2 pgs=5 cs=1 l=0 c=0x5616c998ad60).writer: state = open policy.server=0
2017-02-02 08:15:10.800942 7f8ccc6f0700 20 -- 10.194.0.100:0/4006638222 >> 10.194.0.189:6816/31695 pipe(0x5616c998ca10 sd=13 :31421 s=2 pgs=5 cs=1 l=0 c=0x5616c998ad60).writer sleeping
2017-02-02 08:15:11.800952 7f8cc5ffb700 20 client.4151 trim_cache size 1 max 16384
2017-02-02 08:15:12.801089 7f8cc5ffb700 20 client.4151 trim_cache size 1 max 16384
2017-02-02 08:15:13.801210 7f8cc5ffb700 20 client.4151 trim_cache size 1 max 16384
2017-02-02 08:15:14.756825 7f8cccff2700 10 client.4151.objecter tick
2017-02-02 08:15:14.801346 7f8cc5ffb700 20 client.4151 trim_cache size 1 max 16384
2017-02-02 08:15:15.801484 7f8cc5ffb700 20 client.4151 trim_cache size 1 max 16384
2017-02-02 08:15:16.801619 7f8cc5ffb700 20 client.4151 trim_cache size 1 max 16384
2017-02-02 08:15:17.801758 7f8cc5ffb700 20 client.4151 trim_cache size 1 max 16384
2017-02-02 08:15:18.801895 7f8cc5ffb700 20 client.4151 trim_cache size 1 max 16384
2017-02-02 08:15:19.756992 7f8cccff2700 10 client.4151.objecter tick
2017-02-02 08:15:19.802036 7f8cc5ffb700 20 client.4151 trim_cache size 1 max 16384
2017-02-02 08:15:20.802172 7f8cc5ffb700 20 client.4151 trim_cache size 1 max 16384
2017-02-02 08:15:21.802310 7f8cc5ffb700 20 client.4151 trim_cache size 1 max 16384
2017-02-02 08:15:22.802428 7f8cc5ffb700 20 client.4151 trim_cache size 1 max 16384
2017-02-02 08:15:23.802569 7f8cc5ffb700 20 client.4151 trim_cache size 1 max 16384
2017-02-02 08:15:24.757157 7f8cccff2700 10 client.4151.objecter tick
2017-02-02 08:15:24.802708 7f8cc5ffb700 20 client.4151 trim_cache size 1 max 16384
2017-02-02 08:15:25.802830 7f8cc5ffb700 20 client.4151 trim_cache size 1 max 16384
2017-02-02 08:15:26.802974 7f8cc5ffb700 20 client.4151 trim_cache size 1 max 16384
2017-02-02 08:15:27.803117 7f8cc5ffb700 20 client.4151 trim_cache size 1 max 16384
2017-02-02 08:15:28.803245 7f8cc5ffb700 20 client.4151 trim_cache size 1 max 16384
2017-02-02 08:15:29.757299 7f8cccff2700 10 client.4151.objecter tick
2017-02-02 08:15:29.803358 7f8cc5ffb700 20 client.4151 trim_cache size 1 max 16384
2017-02-02 08:15:30.803493 7f8cc5ffb700 10 client.4151 renew_caps()
2017-02-02 08:15:30.803510 7f8cc5ffb700 15 client.4151 renew_caps requesting from mds.0
2017-02-02 08:15:30.803514 7f8cc5ffb700 10 client.4151 renew_caps mds.0
2017-02-02 08:15:30.803519 7f8cc5ffb700 1 -- 10.194.0.100:0/4006638222 --> 10.194.0.189:6816/31695 -- client_session(request_renewcaps seq 23) v2 -- ?+0 0x7f8c9c01f4d0 con 0x5616c998ad60
2017-02-02 08:15:30.803536 7f8cc5ffb700 20 -- 10.194.0.100:0/4006638222 submit_message client_session(request_renewcaps seq 23) v2 remote, 10.194.0.189:6816/31695, have pipe.
2017-02-02 08:15:30.803552 7f8cc5ffb700 20 client.4151 trim_cache size 1 max 16384
2017-02-02 08:15:30.803574 7f8ccc6f0700 10 -- 10.194.0.100:0/4006638222 >> 10.194.0.189:6816/31695 pipe(0x5616c998ca10 sd=13 :31421 s=2 pgs=5 cs=1 l=0 c=0x5616c998ad60).writer: state = open policy.server=0
2017-02-02 08:15:30.803614 7f8ccc6f0700 20 -- 10.194.0.100:0/4006638222 >> 10.194.0.189:6816/31695 pipe(0x5616c998ca10 sd=13 :31421 s=2 pgs=5 cs=1 l=0 c=0x5616c998ad60).writer encoding 31 features 576460752032874495 0x7f8c9c01f4d0 client_session(request_renewcaps seq 23) v2
2017-02-02 08:15:30.803678 7f8ccc6f0700 20 -- 10.194.0.100:0/4006638222 >> 10.194.0.189:6816/31695 pipe(0x5616c998ca10 sd=13 :31421 s=2 pgs=5 cs=1 l=0 c=0x5616c998ad60).writer signed seq # 31): sig = 18187123417001987709
2017-02-02 08:15:30.803697 7f8ccc6f0700 20 -- 10.194.0.100:0/4006638222 >> 10.194.0.189:6816/31695 pipe(0x5616c998ca10 sd=13 :31421 s=2 pgs=5 cs=1 l=0 c=0x5616c998ad60).writer sending 31 0x7f8c9c01f4d0
2017-02-02 08:15:30.803714 7f8ccc6f0700 10 -- 10.194.0.100:0/4006638222 >> 10.194.0.189:6816/31695 pipe(0x5616c998ca10 sd=13 :31421 s=2 pgs=5 cs=1 l=0 c=0x5616c998ad60).writer: state = open policy.server=0
2017-02-02 08:15:30.803722 7f8ccc6f0700 20 -- 10.194.0.100:0/4006638222 >> 10.194.0.189:6816/31695 pipe(0x5616c998ca10 sd=13 :31421 s=2 pgs=5 cs=1 l=0 c=0x5616c998ad60).writer sleeping
2017-02-02 08:15:31.803629 7f8cc5ffb700 20 client.4151 trim_cache size 1 max 16384
2017-02-02 08:15:32.803766 7f8cc5ffb700 20 client.4151 trim_cache size 1 max 16384
2017-02-02 08:15:33.803914 7f8cc5ffb700 20 client.4151 trim_cache size 1 max 16384
2017-02-02 08:15:34.749927 7f8cc3ff7700 1 -- 10.194.0.100:0/4006638222 mark_down 0x7f8c98012bb0 -- 0x7f8c98007300
2017-02-02 08:15:34.749937 7f8cc3ff7700 10 -- 10.194.0.100:0/4006638222 >> 10.194.0.189:6789/0 pipe(0x7f8c98007300 sd=0 :0 s=1 pgs=0 cs=0 l=1 c=0x7f8c98012bb0).unregister_pipe
2017-02-02 08:15:34.749945 7f8cc3ff7700 10 -- 10.194.0.100:0/4006638222 >> 10.194.0.189:6789/0 pipe(0x7f8c98007300 sd=0 :0 s=1 pgs=0 cs=0 l=1 c=0x7f8c98012bb0).stop
2017-02-02 08:15:34.749963 7f8cc3ff7700 10 -- 10.194.0.100:0/4006638222 connect_rank to 10.194.0.189:6789/0, creating pipe and registering
2017-02-02 08:15:34.749976 7f8ccc7f1700 2 -- 10.194.0.100:0/4006638222 >> 10.194.0.189:6789/0 pipe(0x7f8c98007300 sd=0 :0 s=4 pgs=0 cs=0 l=1 c=0x7f8c98012bb0).connect error 10.194.0.189:6789/0, (104) Connection reset by peer
2017-02-02 08:15:34.749996 7f8cc3ff7700 10 -- 10.194.0.100:0/4006638222 >> 10.194.0.189:6789/0 pipe(0x7f8c980026c0 sd=-1 :0 s=1 pgs=0 cs=0 l=1 c=0x7f8c98013ca0).register_pipe
2017-02-02 08:15:34.750000 7f8ccc7f1700 3 -- 10.194.0.100:0/4006638222 >> 10.194.0.189:6789/0 pipe(0x7f8c98007300 sd=0 :0 s=4 pgs=0 cs=0 l=1 c=0x7f8c98012bb0).connect fault, but state = closed != connecting, stopping
2017-02-02 08:15:34.750005 7f8ccc7f1700 20 -- 10.194.0.100:0/4006638222 >> 10.194.0.189:6789/0 pipe(0x7f8c98007300 sd=0 :0 s=4 pgs=0 cs=0 l=1 c=0x7f8c98012bb0).writer finishing
2017-02-02 08:15:34.750004 7f8cc3ff7700 10 -- 10.194.0.100:0/4006638222 get_connection mon.0 10.194.0.189:6789/0 new 0x7f8c980026c0
2017-02-02 08:15:34.750010 7f8ccc7f1700 10 -- 10.194.0.100:0/4006638222 queue_reap 0x7f8c98007300
2017-02-02 08:15:34.750017 7f8cc3ff7700 20 -- 10.194.0.100:0/4006638222 send_keepalive con 0x7f8c98013ca0, have pipe.
2017-02-02 08:15:34.750017 7f8ccc7f1700 10 -- 10.194.0.100:0/4006638222 >> 10.194.0.189:6789/0 pipe(0x7f8c98007300 sd=0 :0 s=4 pgs=0 cs=0 l=1 c=0x7f8c98012bb0).writer done
2017-02-02 08:15:34.750032 7f8cc3ff7700 1 -- 10.194.0.100:0/4006638222 --> 10.194.0.189:6789/0 -- auth(proto 0 31 bytes epoch 1) v1 -- ?+0 0x7f8c98014270 con 0x7f8c98013ca0
2017-02-02 08:15:34.750032 7f8cc6ffd700 10 -- 10.194.0.100:0/4006638222 reaper
2017-02-02 08:15:34.750039 7f8cc3ff7700 20 -- 10.194.0.100:0/4006638222 submit_message auth(proto 0 31 bytes epoch 1) v1 remote, 10.194.0.189:6789/0, have pipe.
2017-02-02 08:15:34.750044 7f8cc6ffd700 10 -- 10.194.0.100:0/4006638222 reaper reaping pipe 0x7f8c98007300 10.194.0.189:6789/0
2017-02-02 08:15:34.750048 7f8cc6ffd700 10 -- 10.194.0.100:0/4006638222 >> 10.194.0.189:6789/0 pipe(0x7f8c98007300 sd=0 :0 s=4 pgs=0 cs=0 l=1 c=0x7f8c98012bb0).discard_queue
2017-02-02 08:15:34.750070 7f8cc6ffd700 20 -- 10.194.0.100:0/4006638222 >> 10.194.0.189:6789/0 pipe(0x7f8c98007300 sd=0 :0 s=4 pgs=0 cs=0 l=1 c=0x7f8c98012bb0). discard 0x7f8c98013140
2017-02-02 08:15:34.750050 7f8ccc4ee700 10 -- 10.194.0.100:0/4006638222 >> 10.194.0.189:6789/0 pipe(0x7f8c980026c0 sd=-1 :0 s=1 pgs=0 cs=0 l=1 c=0x7f8c98013ca0).writer: state = connecting policy.server=0
2017-02-02 08:15:34.750080 7f8cc6ffd700 10 -- 10.194.0.100:0/4006638222 >> 10.194.0.189:6789/0 pipe(0x7f8c98007300 sd=0 :0 s=4 pgs=0 cs=0 l=1 c=0x7f8c98012bb0).unregister_pipe - not registered
2017-02-02 08:15:34.750092 7f8cc6ffd700 20 -- 10.194.0.100:0/4006638222 >> 10.194.0.189:6789/0 pipe(0x7f8c98007300 sd=0 :0 s=4 pgs=0 cs=0 l=1 c=0x7f8c98012bb0).join
2017-02-02 08:15:34.750080 7f8ccc4ee700 10 -- 10.194.0.100:0/4006638222 >> 10.194.0.189:6789/0 pipe(0x7f8c980026c0 sd=-1 :0 s=1 pgs=0 cs=0 l=1 c=0x7f8c98013ca0).connect 0
2017-02-02 08:15:34.750114 7f8cc6ffd700 10 -- 10.194.0.100:0/4006638222 reaper reaped pipe 0x7f8c98007300 10.194.0.189:6789/0
2017-02-02 08:15:34.750122 7f8ccc4ee700 10 -- 10.194.0.100:0/4006638222 >> 10.194.0.189:6789/0 pipe(0x7f8c980026c0 sd=0 :0 s=1 pgs=0 cs=0 l=1 c=0x7f8c98013ca0).connecting to 10.194.0.189:6789/0
2017-02-02 08:15:34.750128 7f8cc6ffd700 10 -- 10.194.0.100:0/4006638222 reaper deleted pipe 0x7f8c98007300
2017-02-02 08:15:34.750130 7f8cc6ffd700 10 -- 10.194.0.100:0/4006638222 reaper done
2017-02-02 08:15:34.757460 7f8cccff2700 10 client.4151.objecter tick
2017-02-02 08:15:34.804054 7f8cc5ffb700 20 client.4151 trim_cache size 1 max 16384
2017-02-02 08:15:35.804192 7f8cc5ffb700 20 client.4151 trim_cache size 1 max 16384
2017-02-02 08:15:36.804329 7f8cc5ffb700 20 client.4151 trim_cache size 1 max 16384
2017-02-02 08:15:37.804466 7f8cc5ffb700 20 client.4151 trim_cache size 1 max 16384
2017-02-02 08:15:38.804606 7f8cc5ffb700 20 client.4151 trim_cache size 1 max 16384
2017-02-02 08:15:39.757595 7f8cccff2700 10 client.4151.objecter tick
2017-02-02 08:15:39.804741 7f8cc5ffb700 20 client.4151 trim_cache size 1 max 16384
2017-02-02 08:15:40.804877 7f8cc5ffb700 20 client.4151 trim_cache size 1 max 16384
2017-02-02 08:15:41.805038 7f8cc5ffb700 20 client.4151 trim_cache size 1 max 16384
2017-02-02 08:15:42.805179 7f8cc5ffb700 20 client.4151 trim_cache size 1 max 16384
2017-02-02 08:15:43.805323 7f8cc5ffb700 20 client.4151 trim_cache size 1 max 16384
2017-02-02 08:15:44.757756 7f8cccff2700 10 client.4151.objecter tick
2017-02-02 08:15:44.805466 7f8cc5ffb700 20 client.4151 trim_cache size 1 max 16384
2017-02-02 08:15:45.805611 7f8cc5ffb700 20 client.4151 trim_cache size 1 max 16384
2017-02-02 08:15:46.805729 7f8cc5ffb700 20 client.4151 trim_cache size 1 max 16384
2017-02-02 08:15:47.805868 7f8cc5ffb700 20 client.4151 trim_cache size 1 max 16384
2017-02-02 08:15:48.806006 7f8cc5ffb700 20 client.4151 trim_cache size 1 max 16384
2017-02-02 08:15:49.757916 7f8cccff2700 10 client.4151.objecter tick
2017-02-02 08:15:49.806147 7f8cc5ffb700 20 client.4151 trim_cache size 1 max 16384
2017-02-02 08:15:50.806285 7f8cc5ffb700 10 client.4151 renew_caps()
2017-02-02 08:15:50.806302 7f8cc5ffb700 15 client.4151 renew_caps requesting from mds.0
2017-02-02 08:15:50.806306 7f8cc5ffb700 10 client.4151 renew_caps mds.0
2017-02-02 08:15:50.806310 7f8cc5ffb700 1 -- 10.194.0.100:0/4006638222 --> 10.194.0.189:6816/31695 -- client_session(request_renewcaps seq 24) v2 -- ?+0 0x7f8c9c020c10 con 0x5616c998ad60
2017-02-02 08:15:50.806339 7f8cc5ffb700 20 -- 10.194.0.100:0/4006638222 submit_message client_session(request_renewcaps seq 24) v2 remote, 10.194.0.189:6816/31695, have pipe.
2017-02-02 08:15:50.806356 7f8cc5ffb700 20 client.4151 trim_cache size 1 max 16384
2017-02-02 08:15:50.806381 7f8ccc6f0700 10 -- 10.194.0.100:0/4006638222 >> 10.194.0.189:6816/31695 pipe(0x5616c998ca10 sd=13 :31421 s=2 pgs=5 cs=1 l=0 c=0x5616c998ad60).writer: state = open policy.server=0
2017-02-02 08:15:50.806422 7f8ccc6f0700 20 -- 10.194.0.100:0/4006638222 >> 10.194.0.189:6816/31695 pipe(0x5616c998ca10 sd=13 :31421 s=2 pgs=5 cs=1 l=0 c=0x5616c998ad60).writer encoding 32 features 576460752032874495 0x7f8c9c020c10 client_session(request_renewcaps seq 24) v2
2017-02-02 08:15:50.806512 7f8ccc6f0700 20 -- 10.194.0.100:0/4006638222 >> 10.194.0.189:6816/31695 pipe(0x5616c998ca10 sd=13 :31421 s=2 pgs=5 cs=1 l=0 c=0x5616c998ad60).writer signed seq # 32): sig = 4208914714134162001
2017-02-02 08:15:50.806524 7f8ccc6f0700 20 -- 10.194.0.100:0/4006638222 >> 10.194.0.189:6816/31695 pipe(0x5616c998ca10 sd=13 :31421 s=2 pgs=5 cs=1 l=0 c=0x5616c998ad60).writer sending 32 0x7f8c9c020c10
2017-02-02 08:15:50.806538 7f8ccc6f0700 10 -- 10.194.0.100:0/4006638222 >> 10.194.0.189:6816/31695 pipe(0x5616c998ca10 sd=13 :31421 s=2 pgs=5 cs=1 l=0 c=0x5616c998ad60).writer: state = open policy.server=0
2017-02-02 08:15:50.806548 7f8ccc6f0700 20 -- 10.194.0.100:0/4006638222 >> 10.194.0.189:6816/31695 pipe(0x5616c998ca10 sd=13 :31421 s=2 pgs=5 cs=1 l=0 c=0x5616c998ad60).writer sleeping
2017-02-02 08:15:51.806427 7f8cc5ffb700 20 client.4151 trim_cache size 1 max 16384
2017-02-02 08:15:52.806565 7f8cc5ffb700 20 client.4151 trim_cache size 1 max 16384
2017-02-02 08:15:53.806709 7f8cc5ffb700 20 client.4151 trim_cache size 1 max 16384
2017-02-02 08:15:54.758077 7f8cccff2700 10 client.4151.objecter tick
2017-02-02 08:15:54.806852 7f8cc5ffb700 20 client.4151 trim_cache size 1 max 16384
2017-02-02 08:15:55.806996 7f8cc5ffb700 20 client.4151 trim_cache size 1 max 16384
2017-02-02 08:15:56.807113 7f8cc5ffb700 20 client.4151 trim_cache size 1 max 16384
2017-02-02 08:15:57.807259 7f8cc5ffb700 20 client.4151 trim_cache size 1 max 16384
2017-02-02 08:15:58.807396 7f8cc5ffb700 20 client.4151 trim_cache size 1 max 16384
2017-02-02 08:15:59.758242 7f8cccff2700 10 client.4151.objecter tick
2017-02-02 08:15:59.807545 7f8cc5ffb700 20 client.4151 trim_cache size 1 max 16384
2017-02-02 08:16:00.807691 7f8cc5ffb700 20 client.4151 trim_cache size 1 max 16384
2017-02-02 08:16:01.807817 7f8cc5ffb700 20 client.4151 trim_cache size 1 max 16384
2017-02-02 08:16:02.807964 7f8cc5ffb700 20 client.4151 trim_cache size 1 max 16384
2017-02-02 08:16:03.808109 7f8cc5ffb700 20 client.4151 trim_cache size 1 max 16384
2017-02-02 08:16:04.750233 7f8cc3ff7700 1 -- 10.194.0.100:0/4006638222 mark_down 0x7f8c98013ca0 -- 0x7f8c980026c0
2017-02-02 08:16:04.750241 7f8cc3ff7700 10 -- 10.194.0.100:0/4006638222 >> 10.194.0.189:6789/0 pipe(0x7f8c980026c0 sd=0 :0 s=1 pgs=0 cs=0 l=1 c=0x7f8c98013ca0).unregister_pipe
2017-02-02 08:16:04.750246 7f8cc3ff7700 10 -- 10.194.0.100:0/4006638222 >> 10.194.0.189:6789/0 pipe(0x7f8c980026c0 sd=0 :0 s=1 pgs=0 cs=0 l=1 c=0x7f8c98013ca0).stop
2017-02-02 08:16:04.750261 7f8cc3ff7700 10 -- 10.194.0.100:0/4006638222 connect_rank to 10.194.0.189:6789/0, creating pipe and registering
2017-02-02 08:16:04.750277 7f8ccc4ee700 2 -- 10.194.0.100:0/4006638222 >> 10.194.0.189:6789/0 pipe(0x7f8c980026c0 sd=0 :0 s=4 pgs=0 cs=0 l=1 c=0x7f8c98013ca0).connect error 10.194.0.189:6789/0, (104) Connection reset by peer
2017-02-02 08:16:04.750298 7f8cc3ff7700 10 -- 10.194.0.100:0/4006638222 >> 10.194.0.189:6789/0 pipe(0x7f8c98007300 sd=-1 :0 s=1 pgs=0 cs=0 l=1 c=0x7f8c98014d90).register_pipe
2017-02-02 08:16:04.750303 7f8ccc4ee700 3 -- 10.194.0.100:0/4006638222 >> 10.194.0.189:6789/0 pipe(0x7f8c980026c0 sd=0 :0 s=4 pgs=0 cs=0 l=1 c=0x7f8c98013ca0).connect fault, but state = closed != connecting, stopping
2017-02-02 08:16:04.750306 7f8cc3ff7700 10 -- 10.194.0.100:0/4006638222 get_connection mon.0 10.194.0.189:6789/0 new 0x7f8c98007300
2017-02-02 08:16:04.750310 7f8ccc4ee700 20 -- 10.194.0.100:0/4006638222 >> 10.194.0.189:6789/0 pipe(0x7f8c980026c0 sd=0 :0 s=4 pgs=0 cs=0 l=1 c=0x7f8c98013ca0).writer finishing
2017-02-02 08:16:04.750317 7f8cc3ff7700 20 -- 10.194.0.100:0/4006638222 send_keepalive con 0x7f8c98014d90, have pipe.
2017-02-02 08:16:04.750317 7f8ccc4ee700 10 -- 10.194.0.100:0/4006638222 queue_reap 0x7f8c980026c0
2017-02-02 08:16:04.750313 7f8ccc7f1700 10 -- 10.194.0.100:0/4006638222 >> 10.194.0.189:6789/0 pipe(0x7f8c98007300 sd=-1 :0 s=1 pgs=0 cs=0 l=1 c=0x7f8c98014d90).writer: state = connecting policy.server=0
2017-02-02 08:16:04.750326 7f8ccc7f1700 10 -- 10.194.0.100:0/4006638222 >> 10.194.0.189:6789/0 pipe(0x7f8c98007300 sd=-1 :0 s=1 pgs=0 cs=0 l=1 c=0x7f8c98014d90).connect 0
2017-02-02 08:16:04.750335 7f8ccc4ee700 10 -- 10.194.0.100:0/4006638222 >> 10.194.0.189:6789/0 pipe(0x7f8c980026c0 sd=0 :0 s=4 pgs=0 cs=0 l=1 c=0x7f8c98013ca0).writer done
2017-02-02 08:16:04.750345 7f8cc6ffd700 10 -- 10.194.0.100:0/4006638222 reaper
2017-02-02 08:16:04.750360 7f8cc6ffd700 10 -- 10.194.0.100:0/4006638222 reaper reaping pipe 0x7f8c980026c0 10.194.0.189:6789/0
2017-02-02 08:16:04.750366 7f8cc6ffd700 10 -- 10.194.0.100:0/4006638222 >> 10.194.0.189:6789/0 pipe(0x7f8c980026c0 sd=0 :0 s=4 pgs=0 cs=0 l=1 c=0x7f8c98013ca0).discard_queue
2017-02-02 08:16:04.750365 7f8ccc7f1700 10 -- 10.194.0.100:0/4006638222 >> 10.194.0.189:6789/0 pipe(0x7f8c98007300 sd=1 :0 s=1 pgs=0 cs=0 l=1 c=0x7f8c98014d90).connecting to 10.194.0.189:6789/0
2017-02-02 08:16:04.750372 7f8cc6ffd700 20 -- 10.194.0.100:0/4006638222 >> 10.194.0.189:6789/0 pipe(0x7f8c980026c0 sd=0 :0 s=4 pgs=0 cs=0 l=1 c=0x7f8c98013ca0). discard 0x7f8c98014270
2017-02-02 08:16:04.750380 7f8cc6ffd700 10 -- 10.194.0.100:0/4006638222 >> 10.194.0.189:6789/0 pipe(0x7f8c980026c0 sd=0 :0 s=4 pgs=0 cs=0 l=1 c=0x7f8c98013ca0).unregister_pipe - not registered
2017-02-02 08:16:04.750384 7f8cc6ffd700 20 -- 10.194.0.100:0/4006638222 >> 10.194.0.189:6789/0 pipe(0x7f8c980026c0 sd=0 :0 s=4 pgs=0 cs=0 l=1 c=0x7f8c98013ca0).join
2017-02-02 08:16:04.750394 7f8cc6ffd700 10 -- 10.194.0.100:0/4006638222 reaper reaped pipe 0x7f8c980026c0 10.194.0.189:6789/0
2017-02-02 08:16:04.750408 7f8cc6ffd700 10 -- 10.194.0.100:0/4006638222 reaper deleted pipe 0x7f8c980026c0
2017-02-02 08:16:04.750412 7f8cc6ffd700 10 -- 10.194.0.100:0/4006638222 reaper done
2017-02-02 08:16:04.750418 7f8cc3ff7700 1 -- 10.194.0.100:0/4006638222 --> 10.194.0.189:6789/0 -- auth(proto 0 31 bytes epoch 1) v1 -- ?+0 0x7f8c98015320 con 0x7f8c98014d90
2017-02-02 08:16:04.750425 7f8cc3ff7700 20 -- 10.194.0.100:0/4006638222 submit_message auth(proto 0 31 bytes epoch 1) v1 remote, 10.194.0.189:6789/0, have pipe.
2017-02-02 08:16:04.750765 7f8ccc7f1700 20 -- 10.194.0.100:0/4006638222 >> 10.194.0.189:6789/0 pipe(0x7f8c98007300 sd=1 :57115 s=1 pgs=0 cs=0 l=1 c=0x7f8c98014d90).connect read peer addr 10.194.0.189:6789/0 on socket 1
2017-02-02 08:16:04.750778 7f8ccc7f1700 20 -- 10.194.0.100:0/4006638222 >> 10.194.0.189:6789/0 pipe(0x7f8c98007300 sd=1 :57115 s=1 pgs=0 cs=0 l=1 c=0x7f8c98014d90).connect peer addr for me is 10.194.0.100:57115/0
2017-02-02 08:16:04.750796 7f8ccc7f1700 10 -- 10.194.0.100:0/4006638222 >> 10.194.0.189:6789/0 pipe(0x7f8c98007300 sd=1 :57115 s=1 pgs=0 cs=0 l=1 c=0x7f8c98014d90).connect sent my addr 10.194.0.100:0/4006638222
2017-02-02 08:16:04.750807 7f8ccc7f1700 10 -- 10.194.0.100:0/4006638222 >> 10.194.0.189:6789/0 pipe(0x7f8c98007300 sd=1 :57115 s=1 pgs=0 cs=0 l=1 c=0x7f8c98014d90).connect sending gseq=16 cseq=0 proto=15
2017-02-02 08:16:04.750817 7f8ccc7f1700 20 -- 10.194.0.100:0/4006638222 >> 10.194.0.189:6789/0 pipe(0x7f8c98007300 sd=1 :57115 s=1 pgs=0 cs=0 l=1 c=0x7f8c98014d90).connect wrote (self +) cseq, waiting for reply
2017-02-02 08:16:04.750943 7f8ccc7f1700 20 -- 10.194.0.100:0/4006638222 >> 10.194.0.189:6789/0 pipe(0x7f8c98007300 sd=1 :57115 s=1 pgs=0 cs=0 l=1 c=0x7f8c98014d90).connect got reply tag 1 connect_seq 1 global_seq 58 proto 15 flags 1 features 576460752032874495
2017-02-02 08:16:04.750953 7f8ccc7f1700 10 -- 10.194.0.100:0/4006638222 >> 10.194.0.189:6789/0 pipe(0x7f8c98007300 sd=1 :57115 s=2 pgs=58 cs=1 l=1 c=0x7f8c98014d90).connect success 1, lossy = 1, features 576460752032874495
2017-02-02 08:16:04.750966 7f8ccc7f1700 20 -- 10.194.0.100:0/4006638222 >> 10.194.0.189:6789/0 pipe(0x7f8c98007300 sd=1 :57115 s=2 pgs=58 cs=1 l=1 c=0x7f8c98014d90).connect starting reader
2017-02-02 08:16:04.750978 7f8cc4ff9700 10 client.4151.objecter ms_handle_connect 0x7f8c98014d90
2017-02-02 08:16:04.750986 7f8cc4ff9700 10 client.4151.objecter resend_mon_ops
2017-02-02 08:16:04.750988 7f8cc4ff9700 10 client.4151.objecter fs_stats_submit3
2017-02-02 08:16:04.750990 7f8ccc7f1700 10 -- 10.194.0.100:0/4006638222 >> 10.194.0.189:6789/0 pipe(0x7f8c98007300 sd=1 :57115 s=2 pgs=58 cs=1 l=1 c=0x7f8c98014d90).writer: state = open policy.server=0
2017-02-02 08:16:04.750993 7f8cc4ff9700 10 client.4151 ms_handle_connect on 10.194.0.189:6789/0
2017-02-02 08:16:04.750997 7f8ccc7f1700 10 -- 10.194.0.100:0/4006638222 >> 10.194.0.189:6789/0 pipe(0x7f8c98007300 sd=1 :57115 s=2 pgs=58 cs=1 l=1 c=0x7f8c98014d90).write_keepalive2 14
2017-02-02 08:16:04.750996
2017-02-02 08:16:04.751001 7f8ccc4ee700 20 -- 10.194.0.100:0/4006638222 >> 10.194.0.189:6789/0 pipe(0x7f8c98007300 sd=1 :57115 s=2 pgs=58 cs=1 l=1 c=0x7f8c98014d90).reader reading tag...
2017-02-02 08:16:04.751013 7f8ccc7f1700 20 -- 10.194.0.100:0/4006638222 >> 10.194.0.189:6789/0 pipe(0x7f8c98007300 sd=1 :57115 s=2 pgs=58 cs=1 l=1 c=0x7f8c98014d90).writer encoding 1 features 576460752032874495 0x7f8c98015320 auth(proto 0 31 bytes epoch 1) v1
2017-02-02 08:16:04.751031 7f8ccc7f1700 20 -- 10.194.0.100:0/4006638222 >> 10.194.0.189:6789/0 pipe(0x7f8c98007300 sd=1 :57115 s=2 pgs=58 cs=1 l=1 c=0x7f8c98014d90).writer no session security
2017-02-02 08:16:04.751038 7f8ccc7f1700 20 -- 10.194.0.100:0/4006638222 >> 10.194.0.189:6789/0 pipe(0x7f8c98007300 sd=1 :57115 s=2 pgs=58 cs=1 l=1 c=0x7f8c98014d90).writer sending 1 0x7f8c98015320
2017-02-02 08:16:04.751053 7f8ccc7f1700 10 -- 10.194.0.100:0/4006638222 >> 10.194.0.189:6789/0 pipe(0x7f8c98007300 sd=1 :57115 s=2 pgs=58 cs=1 l=1 c=0x7f8c98014d90).writer: state = open policy.server=0
2017-02-02 08:16:04.751058 7f8ccc7f1700 20 -- 10.194.0.100:0/4006638222 >> 10.194.0.189:6789/0 pipe(0x7f8c98007300 sd=1 :57115 s=2 pgs=58 cs=1 l=1 c=0x7f8c98014d90).writer sleeping
2017-02-02 08:16:04.751162 7f8ccc4ee700 2 -- 10.194.0.100:0/4006638222 >> 10.194.0.189:6789/0 pipe(0x7f8c98007300 sd=1 :57115 s=2 pgs=58 cs=1 l=1 c=0x7f8c98014d90).reader got KEEPALIVE_ACK
2017-02-02 08:16:04.751175 7f8ccc4ee700 20 -- 10.194.0.100:0/4006638222 >> 10.194.0.189:6789/0 pipe(0x7f8c98007300 sd=1 :57115 s=2 pgs=58 cs=1 l=1 c=0x7f8c98014d90).reader reading tag...
2017-02-02 08:16:04.751379 7f8ccc4ee700 20 -- 10.194.0.100:0/4006638222 >> 10.194.0.189:6789/0 pipe(0x7f8c98007300 sd=1 :57115 s=2 pgs=58 cs=1 l=1 c=0x7f8c98014d90).reader got ACK
2017-02-02 08:16:04.751391 7f8ccc4ee700 15 -- 10.194.0.100:0/4006638222 >> 10.194.0.189:6789/0 pipe(0x7f8c98007300 sd=1 :57115 s=2 pgs=58 cs=1 l=1 c=0x7f8c98014d90).reader got ack seq 1
2017-02-02 08:16:04.751396 7f8ccc4ee700 20 -- 10.194.0.100:0/4006638222 >> 10.194.0.189:6789/0 pipe(0x7f8c98007300 sd=1 :57115 s=2 pgs=58 cs=1 l=1 c=0x7f8c98014d90).reader reading tag...
2017-02-02 08:16:04.751400 7f8ccc4ee700 20 -- 10.194.0.100:0/4006638222 >> 10.194.0.189:6789/0 pipe(0x7f8c98007300 sd=1 :57115 s=2 pgs=58 cs=1 l=1 c=0x7f8c98014d90).reader got MSG
2017-02-02 08:16:04.751409 7f8ccc4ee700 20 -- 10.194.0.100:0/4006638222 >> 10.194.0.189:6789/0 pipe(0x7f8c98007300 sd=1 :57115 s=2 pgs=58 cs=1 l=1 c=0x7f8c98014d90).reader got envelope type=18 src mon.0 front=33 data=0 off 0
2017-02-02 08:16:04.751417 7f8ccc4ee700 10 -- 10.194.0.100:0/4006638222 >> 10.194.0.189:6789/0 pipe(0x7f8c98007300 sd=1 :57115 s=2 pgs=58 cs=1 l=1 c=0x7f8c98014d90).reader wants 33 from dispatch throttler 0/104857600
2017-02-02 08:16:04.751422 7f8ccc4ee700 20 -- 10.194.0.100:0/4006638222 >> 10.194.0.189:6789/0 pipe(0x7f8c98007300 sd=1 :57115 s=2 pgs=58 cs=1 l=1 c=0x7f8c98014d90).reader got front 33
2017-02-02 08:16:04.751425 7f8ccc4ee700 10 -- 10.194.0.100:0/4006638222 >> 10.194.0.189:6789/0 pipe(0x7f8c98007300 sd=1 :57115 s=2 pgs=58 cs=1 l=1 c=0x7f8c98014d90).aborted = 0
2017-02-02 08:16:04.751427 7f8ccc4ee700 20 -- 10.194.0.100:0/4006638222 >> 10.194.0.189:6789/0 pipe(0x7f8c98007300 sd=1 :57115 s=2 pgs=58 cs=1 l=1 c=0x7f8c98014d90).reader got 33 + 0 + 0 byte message
2017-02-02 08:16:04.751434 7f8ccc4ee700 10 -- 10.194.0.100:0/4006638222 >> 10.194.0.189:6789/0 pipe(0x7f8c98007300 sd=1 :57115 s=2 pgs=58 cs=1 l=1 c=0x7f8c98014d90).No session security set
2017-02-02 08:16:04.751442 7f8ccc4ee700 10 -- 10.194.0.100:0/4006638222 >> 10.194.0.189:6789/0 pipe(0x7f8c98007300 sd=1 :57115 s=2 pgs=58 cs=1 l=1 c=0x7f8c98014d90).reader got message 1 0x7f8c7c0035e0 auth_reply(proto 2 0 (0) Success) v1
2017-02-02 08:16:04.751452 7f8ccc4ee700 20 -- 10.194.0.100:0/4006638222 queue 0x7f8c7c0035e0 prio 196
2017-02-02 08:16:04.751465 7f8ccc4ee700 20 -- 10.194.0.100:0/4006638222 >> 10.194.0.189:6789/0 pipe(0x7f8c98007300 sd=1 :57115 s=2 pgs=58 cs=1 l=1 c=0x7f8c98014d90).reader reading tag...
2017-02-02 08:16:04.751475 7f8ccc7f1700 10 -- 10.194.0.100:0/4006638222 >> 10.194.0.189:6789/0 pipe(0x7f8c98007300 sd=1 :57115 s=2 pgs=58 cs=1 l=1 c=0x7f8c98014d90).writer: state = open policy.server=0
2017-02-02 08:16:04.751471 7f8cc4ff9700 1 -- 10.194.0.100:0/4006638222 <== mon.0 10.194.0.189:6789/0 1 ==== auth_reply(proto 2 0 (0) Success) v1 ==== 33+0+0 (874501370 0 0) 0x7f8c7c0035e0 con 0x7f8c98014d90
2017-02-02 08:16:04.751492 7f8ccc7f1700 10 -- 10.194.0.100:0/4006638222 >> 10.194.0.189:6789/0 pipe(0x7f8c98007300 sd=1 :57115 s=2 pgs=58 cs=1 l=1 c=0x7f8c98014d90).write_ack 1
2017-02-02 08:16:04.751500 7f8ccc7f1700 10 -- 10.194.0.100:0/4006638222 >> 10.194.0.189:6789/0 pipe(0x7f8c98007300 sd=1 :57115 s=2 pgs=58 cs=1 l=1 c=0x7f8c98014d90).writer: state = open policy.server=0
2017-02-02 08:16:04.751505 7f8ccc7f1700 20 -- 10.194.0.100:0/4006638222 >> 10.194.0.189:6789/0 pipe(0x7f8c98007300 sd=1 :57115 s=2 pgs=58 cs=1 l=1 c=0x7f8c98014d90).writer sleeping
2017-02-02 08:16:04.751559 7f8cc4ff9700 1 -- 10.194.0.100:0/4006638222 --> 10.194.0.189:6789/0 -- auth(proto 2 128 bytes epoch 0) v1 -- ?+0 0x7f8cb8017a60 con 0x7f8c98014d90
2017-02-02 08:16:04.751563 7f8cc4ff9700 20 -- 10.194.0.100:0/4006638222 submit_message auth(proto 2 128 bytes epoch 0) v1 remote, 10.194.0.189:6789/0, have pipe.
2017-02-02 08:16:04.751570 7f8cc4ff9700 10 -- 10.194.0.100:0/4006638222 dispatch_throttle_release 33 to dispatch throttler 33/104857600
2017-02-02 08:16:04.751573 7f8cc4ff9700 20 -- 10.194.0.100:0/4006638222 done calling dispatch on 0x7f8c7c0035e0
2017-02-02 08:16:04.751581 7f8ccc7f1700 10 -- 10.194.0.100:0/4006638222 >> 10.194.0.189:6789/0 pipe(0x7f8c98007300 sd=1 :57115 s=2 pgs=58 cs=1 l=1 c=0x7f8c98014d90).writer: state = open policy.server=0
2017-02-02 08:16:04.751590 7f8ccc7f1700 20 -- 10.194.0.100:0/4006638222 >> 10.194.0.189:6789/0 pipe(0x7f8c98007300 sd=1 :57115 s=2 pgs=58 cs=1 l=1 c=0x7f8c98014d90).writer encoding 2 features 576460752032874495 0x7f8cb8017a60 auth(proto 2 128 bytes epoch 0) v1
2017-02-02 08:16:04.751604 7f8ccc7f1700 20 -- 10.194.0.100:0/4006638222 >> 10.194.0.189:6789/0 pipe(0x7f8c98007300 sd=1 :57115 s=2 pgs=58 cs=1 l=1 c=0x7f8c98014d90).writer no session security
2017-02-02 08:16:04.751612 7f8ccc7f1700 20 -- 10.194.0.100:0/4006638222 >> 10.194.0.189:6789/0 pipe(0x7f8c98007300 sd=1 :57115 s=2 pgs=58 cs=1 l=1 c=0x7f8c98014d90).writer sending 2 0x7f8cb8017a60
2017-02-02 08:16:04.751626 7f8ccc7f1700 10 -- 10.194.0.100:0/4006638222 >> 10.194.0.189:6789/0 pipe(0x7f8c98007300 sd=1 :57115 s=2 pgs=58 cs=1 l=1 c=0x7f8c98014d90).writer: state = open policy.server=0
2017-02-02 08:16:04.751633 7f8ccc7f1700 20 -- 10.194.0.100:0/4006638222 >> 10.194.0.189:6789/0 pipe(0x7f8c98007300 sd=1 :57115 s=2 pgs=58 cs=1 l=1 c=0x7f8c98014d90).writer sleeping
2017-02-02 08:16:04.752052 7f8ccc4ee700 20 -- 10.194.0.100:0/4006638222 >> 10.194.0.189:6789/0 pipe(0x7f8c98007300 sd=1 :57115 s=2 pgs=58 cs=1 l=1 c=0x7f8c98014d90).reader got ACK
2017-02-02 08:16:04.752077 7f8ccc4ee700 15 -- 10.194.0.100:0/4006638222 >> 10.194.0.189:6789/0 pipe(0x7f8c98007300 sd=1 :57115 s=2 pgs=58 cs=1 l=1 c=0x7f8c98014d90).reader got ack seq 2
2017-02-02 08:16:04.752087 7f8ccc4ee700 20 -- 10.194.0.100:0/4006638222 >> 10.194.0.189:6789/0 pipe(0x7f8c98007300 sd=1 :57115 s=2 pgs=58 cs=1 l=1 c=0x7f8c98014d90).reader reading tag...
2017-02-02 08:16:04.752093 7f8ccc4ee700 20 -- 10.194.0.100:0/4006638222 >> 10.194.0.189:6789/0 pipe(0x7f8c98007300 sd=1 :57115 s=2 pgs=58 cs=1 l=1 c=0x7f8c98014d90).reader got MSG
2017-02-02 08:16:04.752098 7f8ccc4ee700 20 -- 10.194.0.100:0/4006638222 >> 10.194.0.189:6789/0 pipe(0x7f8c98007300 sd=1 :57115 s=2 pgs=58 cs=1 l=1 c=0x7f8c98014d90).reader got envelope type=18 src mon.0 front=225 data=0 off 0
2017-02-02 08:16:04.752105 7f8ccc4ee700 10 -- 10.194.0.100:0/4006638222 >> 10.194.0.189:6789/0 pipe(0x7f8c98007300 sd=1 :57115 s=2 pgs=58 cs=1 l=1 c=0x7f8c98014d90).reader wants 225 from dispatch throttler 0/104857600
2017-02-02 08:16:04.752113 7f8ccc4ee700 20 -- 10.194.0.100:0/4006638222 >> 10.194.0.189:6789/0 pipe(0x7f8c98007300 sd=1 :57115 s=2 pgs=58 cs=1 l=1 c=0x7f8c98014d90).reader got front 225
2017-02-02 08:16:04.752119 7f8ccc4ee700 10 -- 10.194.0.100:0/4006638222 >> 10.194.0.189:6789/0 pipe(0x7f8c98007300 sd=1 :57115 s=2 pgs=58 cs=1 l=1 c=0x7f8c98014d90).aborted = 0
2017-02-02 08:16:04.752124 7f8ccc4ee700 20 -- 10.194.0.100:0/4006638222 >> 10.194.0.189:6789/0 pipe(0x7f8c98007300 sd=1 :57115 s=2 pgs=58 cs=1 l=1 c=0x7f8c98014d90).reader got 225 + 0 + 0 byte message
2017-02-02 08:16:04.752133 7f8ccc4ee700 10 -- 10.194.0.100:0/4006638222 >> 10.194.0.189:6789/0 pipe(0x7f8c98007300 sd=1 :57115 s=2 pgs=58 cs=1 l=1 c=0x7f8c98014d90).No session security set
2017-02-02 08:16:04.752151 7f8ccc4ee700 10 -- 10.194.0.100:0/4006638222 >> 10.194.0.189:6789/0 pipe(0x7f8c98007300 sd=1 :57115 s=2 pgs=58 cs=1 l=1 c=0x7f8c98014d90).reader got message 2 0x7f8c7c004a00 auth_reply(proto 2 0 (0) Success) v1
2017-02-02 08:16:04.752171 7f8ccc4ee700 20 -- 10.194.0.100:0/4006638222 queue 0x7f8c7c004a00 prio 196
2017-02-02 08:16:04.752196 7f8ccc4ee700 20 -- 10.194.0.100:0/4006638222 >> 10.194.0.189:6789/0 pipe(0x7f8c98007300 sd=1 :57115 s=2 pgs=58 cs=1 l=1 c=0x7f8c98014d90).reader reading tag...
2017-02-02 08:16:04.752219 7f8ccc7f1700 10 -- 10.194.0.100:0/4006638222 >> 10.194.0.189:6789/0 pipe(0x7f8c98007300 sd=1 :57115 s=2 pgs=58 cs=1 l=1 c=0x7f8c98014d90).writer: state = open policy.server=0
2017-02-02 08:16:04.752210 7f8cc4ff9700 1 -- 10.194.0.100:0/4006638222 <== mon.0 10.194.0.189:6789/0 2 ==== auth_reply(proto 2 0 (0) Success) v1 ==== 225+0+0 (1737460549 0 0) 0x7f8c7c004a00 con 0x7f8c98014d90
2017-02-02 08:16:04.752236 7f8ccc7f1700 10 -- 10.194.0.100:0/4006638222 >> 10.194.0.189:6789/0 pipe(0x7f8c98007300 sd=1 :57115 s=2 pgs=58 cs=1 l=1 c=0x7f8c98014d90).write_ack 2
2017-02-02 08:16:04.752252 7f8ccc7f1700 10 -- 10.194.0.100:0/4006638222 >> 10.194.0.189:6789/0 pipe(0x7f8c98007300 sd=1 :57115 s=2 pgs=58 cs=1 l=1 c=0x7f8c98014d90).writer: state = open policy.server=0
2017-02-02 08:16:04.752262 7f8ccc7f1700 20 -- 10.194.0.100:0/4006638222 >> 10.194.0.189:6789/0 pipe(0x7f8c98007300 sd=1 :57115 s=2 pgs=58 cs=1 l=1 c=0x7f8c98014d90).writer sleeping
2017-02-02 08:16:04.752351 7f8cc4ff9700 1 -- 10.194.0.100:0/4006638222 --> 10.194.0.189:6789/0 -- mon_subscribe({mdsmap=12+,monmap=2+}) v2 -- ?+0 0x7f8c98015650 con 0x7f8c98014d90
2017-02-02 08:16:04.752359 7f8cc4ff9700 20 -- 10.194.0.100:0/4006638222 submit_message mon_subscribe({mdsmap=12+,monmap=2+}) v2 remote, 10.194.0.189:6789/0, have pipe.
2017-02-02 08:16:04.752379 7f8cc4ff9700 1 -- 10.194.0.100:0/4006638222 --> 10.194.0.189:6789/0 -- statfs(3 v125) v1 -- ?+0 0x7f8cb8017630 con 0x7f8c98014d90
2017-02-02 08:16:04.752385 7f8cc4ff9700 20 -- 10.194.0.100:0/4006638222 submit_message statfs(3 v125) v1 remote, 10.194.0.189:6789/0, have pipe.
2017-02-02 08:16:04.752393 7f8cc4ff9700 10 -- 10.194.0.100:0/4006638222 dispatch_throttle_release 225 to dispatch throttler 225/104857600
2017-02-02 08:16:04.752398 7f8cc4ff9700 20 -- 10.194.0.100:0/4006638222 done calling dispatch on 0x7f8c7c004a00
2017-02-02 08:16:04.752396 7f8ccc7f1700 10 -- 10.194.0.100:0/4006638222 >> 10.194.0.189:6789/0 pipe(0x7f8c98007300 sd=1 :57115 s=2 pgs=58 cs=1 l=1 c=0x7f8c98014d90).writer: state = open policy.server=0
2017-02-02 08:16:04.752410 7f8ccc7f1700 20 -- 10.194.0.100:0/4006638222 >> 10.194.0.189:6789/0 pipe(0x7f8c98007300 sd=1 :57115 s=2 pgs=58 cs=1 l=1 c=0x7f8c98014d90).writer encoding 3 features 576460752032874495 0x7f8c98015650 mon_subscribe({mdsmap=12+,monmap=2+}) v2
2017-02-02 08:16:04.752438 7f8ccc7f1700 20 -- 10.194.0.100:0/4006638222 >> 10.194.0.189:6789/0 pipe(0x7f8c98007300 sd=1 :57115 s=2 pgs=58 cs=1 l=1 c=0x7f8c98014d90).writer no session security
2017-02-02 08:16:04.752449 7f8ccc7f1700 20 -- 10.194.0.100:0/4006638222 >> 10.194.0.189:6789/0 pipe(0x7f8c98007300 sd=1 :57115 s=2 pgs=58 cs=1 l=1 c=0x7f8c98014d90).writer sending 3 0x7f8c98015650
2017-02-02 08:16:04.752493 7f8ccc7f1700 10 -- 10.194.0.100:0/4006638222 >> 10.194.0.189:6789/0 pipe(0x7f8c98007300 sd=1 :57115 s=2 pgs=58 cs=1 l=1 c=0x7f8c98014d90).writer: state = open policy.server=0
2017-02-02 08:16:04.752499 7f8ccc7f1700 20 -- 10.194.0.100:0/4006638222 >> 10.194.0.189:6789/0 pipe(0x7f8c98007300 sd=1 :57115 s=2 pgs=58 cs=1 l=1 c=0x7f8c98014d90).writer encoding 4 features 576460752032874495 0x7f8cb8017630 statfs(3 v125) v1
2017-02-02 08:16:04.752508 7f8ccc7f1700 20 -- 10.194.0.100:0/4006638222 >> 10.194.0.189:6789/0 pipe(0x7f8c98007300 sd=1 :57115 s=2 pgs=58 cs=1 l=1 c=0x7f8c98014d90).writer no session security
2017-02-02 08:16:04.752513 7f8ccc7f1700 20 -- 10.194.0.100:0/4006638222 >> 10.194.0.189:6789/0 pipe(0x7f8c98007300 sd=1 :57115 s=2 pgs=58 cs=1 l=1 c=0x7f8c98014d90).writer sending 4 0x7f8cb8017630
2017-02-02 08:16:04.752524 7f8ccc7f1700 10 -- 10.194.0.100:0/4006638222 >> 10.194.0.189:6789/0 pipe(0x7f8c98007300 sd=1 :57115 s=2 pgs=58 cs=1 l=1 c=0x7f8c98014d90).writer: state = open policy.server=0
2017-02-02 08:16:04.752531 7f8ccc7f1700 20 -- 10.194.0.100:0/4006638222 >> 10.194.0.189:6789/0 pipe(0x7f8c98007300 sd=1 :57115 s=2 pgs=58 cs=1 l=1 c=0x7f8c98014d90).writer sleeping
