2017-02-02 08:09:30.832181 7f8cc0ff1700 10 client.4151 _lookup 1.head(faked_ino=0 ref=3 ll_ref=62 cap_refs={} open={} mode=40755 size=0/0 mtime=2017-02-01 11:30:21.278903 caps=pAsLsXsFs(0=pAsLsXsFs) COMPLETE has_dir_layout 0x7f8cb800d450) test = 10000000000.head(faked_ino=0 ref=3 ll_ref=21 cap_refs={} open={} mode=100644 size=0/0 mtime=2017-02-01 11:30:21.284000 caps=pAsLsXsFscr(0=pAsLsXsFscr) objectset[10000000000 ts 0/0 objects 0 dirty_or_tx 0] parents=0x7f8cb8011710 0x7f8cb80108a0)
2017-02-02 08:09:30.832202 7f8cc0ff1700 10 client.4151 fill_stat on 10000000000 snap/devhead mode 0100644 mtime
2017-02-01 11:30:21.284000 ctime
2017-02-01 11:30:21.285768
2017-02-02 08:09:30.832207 7f8cc0ff1700 20 client.4151 _ll_get 0x7f8cb80108a0 10000000000 -> 22
2017-02-02 08:09:30.832209 7f8cc0ff1700 3 client.4151 ll_lookup 0x7f8cb800d450 test -> 0 (10000000000)
2017-02-02 08:09:30.832211 7f8cc0ff1700 10 client.4151 put_inode on 10000000000.head(faked_ino=0 ref=3 ll_ref=22 cap_refs={} open={} mode=100644 size=0/0 mtime=2017-02-01 11:30:21.284000 caps=pAsLsXsFscr(0=pAsLsXsFscr) objectset[10000000000 ts 0/0 objects 0 dirty_or_tx 0] parents=0x7f8cb8011710 0x7f8cb80108a0)
2017-02-02 08:09:30.832227 7f8cc0ff1700 15 inode.put on 0x7f8cb80108a0 10000000000.head now 2
2017-02-02 08:09:30.832232 7f8cc0ff1700 3 client.4151 ll_forget 1 1
2017-02-02 08:09:30.832252 7f8ca3fff700 20 client.4151 _ll_get 0x7f8cb80108a0 10000000000 -> 23
2017-02-02 08:09:30.832259 7f8ca3fff700 3 client.4151 ll_getxattr 10000000000.head security.selinux size 255
2017-02-02 08:09:30.832266 7f8ca3fff700 10 client.4151 _getattr mask Xs issued=1
2017-02-02 08:09:30.832270 7f8ca3fff700 3 client.4151 _getxattr(10000000000, "security.selinux", 255) = -61
2017-02-02 08:09:30.832280 7f8ca3fff700 3 client.4151 ll_forget 10000000000 1
2017-02-02 08:09:30.832286 7f8ca3fff700 20 client.4151 _ll_put 0x7f8cb80108a0 10000000000 1 -> 22
2017-02-02 08:09:30.832300 7f8ca37fe700 3 client.4151 ll_getattr 1.head
2017-02-02 08:09:30.832309 7f8ca37fe700 10 client.4151 _getattr mask pAsLsXsFs issued=1
2017-02-02 08:09:30.832314 7f8ca37fe700 10 client.4151 fill_stat on 1 snap/devhead mode 040755 mtime
2017-02-01 11:30:21.278903 ctime
2017-02-01 11:30:21.278903
2017-02-02 08:09:30.832324 7f8ca37fe700 3 client.4151 ll_getattr 1.head = 0
2017-02-02 08:09:30.832328 7f8ca37fe700 3 client.4151 ll_forget 1 1
2017-02-02 08:09:30.832338 7f8cc0ff1700 3 client.4151 ll_lookup 0x7f8cb800d450 test
2017-02-02 08:09:30.832346 7f8cc0ff1700 20 client.4151 _lookup have dn test mds.-1 ttl 0.000000 seq 0
2017-02-02 08:09:30.832349 7f8cc0ff1700 15 inode.get on 0x7f8cb80108a0 10000000000.head now 3
2017-02-02 08:09:30.832351 7f8cc0ff1700 10 client.4151 _lookup 1.head(faked_ino=0 ref=3 ll_ref=64 cap_refs={} open={} mode=40755 size=0/0 mtime=2017-02-01 11:30:21.278903 caps=pAsLsXsFs(0=pAsLsXsFs) COMPLETE has_dir_layout 0x7f8cb800d450) test = 10000000000.head(faked_ino=0 ref=3 ll_ref=22 cap_refs={} open={} mode=100644 size=0/0 mtime=2017-02-01 11:30:21.284000 caps=pAsLsXsFscr(0=pAsLsXsFscr) objectset[10000000000 ts 0/0 objects 0 dirty_or_tx 0] parents=0x7f8cb8011710 0x7f8cb80108a0)
2017-02-02 08:09:30.832373 7f8cc0ff1700 10 client.4151 fill_stat on 10000000000 snap/devhead mode 0100644 mtime
2017-02-01 11:30:21.284000 ctime
2017-02-01 11:30:21.285768
2017-02-02 08:09:30.832378 7f8cc0ff1700 20 client.4151 _ll_get 0x7f8cb80108a0 10000000000 -> 23
2017-02-02 08:09:30.832380 7f8cc0ff1700 3 client.4151 ll_lookup 0x7f8cb800d450 test -> 0 (10000000000)
2017-02-02 08:09:30.832382 7f8cc0ff1700 10 client.4151 put_inode on 10000000000.head(faked_ino=0 ref=3 ll_ref=23 cap_refs={} open={} mode=100644 size=0/0 mtime=2017-02-01 11:30:21.284000 caps=pAsLsXsFscr(0=pAsLsXsFscr) objectset[10000000000 ts 0/0 objects 0 dirty_or_tx 0] parents=0x7f8cb8011710 0x7f8cb80108a0)
2017-02-02 08:09:30.832396 7f8cc0ff1700 15 inode.put on 0x7f8cb80108a0 10000000000.head now 2
2017-02-02 08:09:30.832400 7f8cc0ff1700 3 client.4151 ll_forget 1 1
2017-02-02 08:09:30.832418 7f8ca3fff700 20 client.4151 _ll_get 0x7f8cb80108a0 10000000000 -> 24
2017-02-02 08:09:30.832424 7f8ca3fff700 3 client.4151 ll_getxattr 10000000000.head system.posix_acl_access size 0
2017-02-02 08:09:30.832426 7f8ca3fff700 3 client.4151 _getxattr(10000000000, "system.posix_acl_access", 0) = -95
2017-02-02 08:09:30.832433 7f8ca3fff700 3 client.4151 ll_forget 10000000000 1
2017-02-02 08:09:30.832435 7f8ca3fff700 20 client.4151 _ll_put 0x7f8cb80108a0 10000000000 1 -> 23
2017-02-02 08:09:31.754417 7f8cc5ffb700 20 client.4151 trim_cache size 1 max 16384
2017-02-02 08:09:32.745197 7f8cc3ff7700 20 -- 10.194.0.100:0/4006638222 send_keepalive con 0x5616c99866f0, have pipe.
2017-02-02 08:09:32.745222 7f8cd1bdf700 10 -- 10.194.0.100:0/4006638222 >> 10.194.0.189:6789/0 pipe(0x5616c9988650 sd=12 :54785 s=2 pgs=57 cs=1 l=1 c=0x5616c99866f0).writer: state = open policy.server=0
2017-02-02 08:09:32.745233 7f8cd1bdf700 10 -- 10.194.0.100:0/4006638222 >> 10.194.0.189:6789/0 pipe(0x5616c9988650 sd=12 :54785 s=2 pgs=57 cs=1 l=1 c=0x5616c99866f0).write_keepalive2 14
2017-02-02 08:09:32.745232
2017-02-02 08:09:32.745264 7f8cd1bdf700 10 -- 10.194.0.100:0/4006638222 >> 10.194.0.189:6789/0 pipe(0x5616c9988650 sd=12 :54785 s=2 pgs=57 cs=1 l=1 c=0x5616c99866f0).writer: state = open policy.server=0
2017-02-02 08:09:32.745276 7f8cd1bdf700 20 -- 10.194.0.100:0/4006638222 >> 10.194.0.189:6789/0 pipe(0x5616c9988650 sd=12 :54785 s=2 pgs=57 cs=1 l=1 c=0x5616c99866f0).writer sleeping
2017-02-02 08:09:32.745550 7f8ccc7f1700 2 -- 10.194.0.100:0/4006638222 >> 10.194.0.189:6789/0 pipe(0x5616c9988650 sd=12 :54785 s=2 pgs=57 cs=1 l=1 c=0x5616c99866f0).reader got KEEPALIVE_ACK
2017-02-02 08:09:32.745566 7f8ccc7f1700 20 -- 10.194.0.100:0/4006638222 >> 10.194.0.189:6789/0 pipe(0x5616c9988650 sd=12 :54785 s=2 pgs=57 cs=1 l=1 c=0x5616c99866f0).reader reading tag...
2017-02-02 08:09:32.754532 7f8cc5ffb700 20 client.4151 trim_cache size 1 max 16384
2017-02-02 08:09:33.754650 7f8cc5ffb700 20 client.4151 trim_cache size 1 max 16384
2017-02-02 08:09:34.745907 7f8cccff2700 10 client.4151.objecter tick
2017-02-02 08:09:34.754768 7f8cc5ffb700 20 client.4151 trim_cache size 1 max 16384
2017-02-02 08:09:35.754888 7f8cc5ffb700 20 client.4151 trim_cache size 1 max 16384
2017-02-02 08:09:35.835044 7f8ca37fe700 3 client.4151 ll_getattr 1.head
2017-02-02 08:09:35.835063 7f8ca37fe700 10 client.4151 _getattr mask pAsLsXsFs issued=1
2017-02-02 08:09:35.835071 7f8ca37fe700 10 client.4151 fill_stat on 1 snap/devhead mode 040755 mtime
2017-02-01 11:30:21.278903 ctime
2017-02-01 11:30:21.278903
2017-02-02 08:09:35.835078 7f8ca37fe700 3 client.4151 ll_getattr 1.head = 0
2017-02-02 08:09:35.835089 7f8ca37fe700 3 client.4151 ll_forget 1 1
2017-02-02 08:09:35.835109 7f8cc0ff1700 3 client.4151 ll_lookup 0x7f8cb800d450 test
2017-02-02 08:09:35.835123 7f8cc0ff1700 20 client.4151 _lookup have dn test mds.-1 ttl 0.000000 seq 0
2017-02-02 08:09:35.835130 7f8cc0ff1700 15 inode.get on 0x7f8cb80108a0 10000000000.head now 3
2017-02-02 08:09:35.835136 7f8cc0ff1700 10 client.4151 _lookup 1.head(faked_ino=0 ref=3 ll_ref=66 cap_refs={} open={} mode=40755 size=0/0 mtime=2017-02-01 11:30:21.278903 caps=pAsLsXsFs(0=pAsLsXsFs) COMPLETE has_dir_layout 0x7f8cb800d450) test = 10000000000.head(faked_ino=0 ref=3 ll_ref=23 cap_refs={} open={} mode=100644 size=0/0 mtime=2017-02-01 11:30:21.284000 caps=pAsLsXsFscr(0=pAsLsXsFscr) objectset[10000000000 ts 0/0 objects 0 dirty_or_tx 0] parents=0x7f8cb8011710 0x7f8cb80108a0)
2017-02-02 08:09:35.835160 7f8cc0ff1700 10 client.4151 fill_stat on 10000000000 snap/devhead mode 0100644 mtime
2017-02-01 11:30:21.284000 ctime
2017-02-01 11:30:21.285768
2017-02-02 08:09:35.835165 7f8cc0ff1700 20 client.4151 _ll_get 0x7f8cb80108a0 10000000000 -> 24
2017-02-02 08:09:35.835166 7f8cc0ff1700 3 client.4151 ll_lookup 0x7f8cb800d450 test -> 0 (10000000000)
2017-02-02 08:09:35.835169 7f8cc0ff1700 10 client.4151 put_inode on 10000000000.head(faked_ino=0 ref=3 ll_ref=24 cap_refs={} open={} mode=100644 size=0/0 mtime=2017-02-01 11:30:21.284000 caps=pAsLsXsFscr(0=pAsLsXsFscr) objectset[10000000000 ts 0/0 objects 0 dirty_or_tx 0] parents=0x7f8cb8011710 0x7f8cb80108a0)
2017-02-02 08:09:35.835178 7f8cc0ff1700 15 inode.put on 0x7f8cb80108a0 10000000000.head now 2
2017-02-02 08:09:35.835185 7f8cc0ff1700 3 client.4151 ll_forget 1 1
2017-02-02 08:09:35.835219 7f8ca3fff700 20 client.4151 _ll_get 0x7f8cb80108a0 10000000000 -> 25
2017-02-02 08:09:35.835233 7f8ca3fff700 3 client.4151 ll_getattr 10000000000.head
2017-02-02 08:09:35.835236 7f8ca3fff700 10 client.4151 _getattr mask pAsLsXsFs issued=1
2017-02-02 08:09:35.835242 7f8ca3fff700 10 client.4151 fill_stat on 10000000000 snap/devhead mode 0100644 mtime
2017-02-01 11:30:21.284000 ctime
2017-02-01 11:30:21.285768
2017-02-02 08:09:35.835254 7f8ca3fff700 3 client.4151 ll_getattr 10000000000.head = 0
2017-02-02 08:09:35.835266 7f8ca3fff700 3 client.4151 ll_forget 10000000000 1
2017-02-02 08:09:35.835273 7f8ca3fff700 20 client.4151 _ll_put 0x7f8cb80108a0 10000000000 1 -> 24
2017-02-02 08:09:35.835286 7f8ca37fe700 3 client.4151 ll_getattr 1.head
2017-02-02 08:09:35.835290 7f8ca37fe700 10 client.4151 _getattr mask pAsLsXsFs issued=1
2017-02-02 08:09:35.835297 7f8ca37fe700 10 client.4151 fill_stat on 1 snap/devhead mode 040755 mtime
2017-02-01 11:30:21.278903 ctime
2017-02-01 11:30:21.278903
2017-02-02 08:09:35.835302 7f8ca37fe700 3 client.4151 ll_getattr 1.head = 0
2017-02-02 08:09:35.835307 7f8ca37fe700 3 client.4151 ll_forget 1 1
2017-02-02 08:09:35.835317 7f8cc0ff1700 3 client.4151 ll_lookup 0x7f8cb800d450 test
2017-02-02 08:09:35.835326 7f8cc0ff1700 20 client.4151 _lookup have dn test mds.-1 ttl 0.000000 seq 0
2017-02-02 08:09:35.835329 7f8cc0ff1700 15 inode.get on 0x7f8cb80108a0 10000000000.head now 3
2017-02-02 08:09:35.835331 7f8cc0ff1700 10 client.4151 _lookup 1.head(faked_ino=0 ref=3 ll_ref=68 cap_refs={} open={} mode=40755 size=0/0 mtime=2017-02-01 11:30:21.278903 caps=pAsLsXsFs(0=pAsLsXsFs) COMPLETE has_dir_layout 0x7f8cb800d450) test = 10000000000.head(faked_ino=0 ref=3 ll_ref=24 cap_refs={} open={} mode=100644 size=0/0 mtime=2017-02-01 11:30:21.284000 caps=pAsLsXsFscr(0=pAsLsXsFscr) objectset[10000000000 ts 0/0 objects 0 dirty_or_tx 0] parents=0x7f8cb8011710 0x7f8cb80108a0)
2017-02-02 08:09:35.835352 7f8cc0ff1700 10 client.4151 fill_stat on 10000000000 snap/devhead mode 0100644 mtime
2017-02-01 11:30:21.284000 ctime
2017-02-01 11:30:21.285768
2017-02-02 08:09:35.835357 7f8cc0ff1700 20 client.4151 _ll_get 0x7f8cb80108a0 10000000000 -> 25
2017-02-02 08:09:35.835359 7f8cc0ff1700 3 client.4151 ll_lookup 0x7f8cb800d450 test -> 0 (10000000000)
2017-02-02 08:09:35.835364 7f8cc0ff1700 10 client.4151 put_inode on 10000000000.head(faked_ino=0 ref=3 ll_ref=25 cap_refs={} open={} mode=100644 size=0/0 mtime=2017-02-01 11:30:21.284000 caps=pAsLsXsFscr(0=pAsLsXsFscr) objectset[10000000000 ts 0/0 objects 0 dirty_or_tx 0] parents=0x7f8cb8011710 0x7f8cb80108a0)
2017-02-02 08:09:35.835378 7f8cc0ff1700 15 inode.put on 0x7f8cb80108a0 10000000000.head now 2
2017-02-02 08:09:35.835383 7f8cc0ff1700 3 client.4151 ll_forget 1 1
2017-02-02 08:09:35.835407 7f8ca3fff700 20 client.4151 _ll_get 0x7f8cb80108a0 10000000000 -> 26
2017-02-02 08:09:35.835416 7f8ca3fff700 3 client.4151 ll_getxattr 10000000000.head security.selinux size 255
2017-02-02 08:09:35.835419 7f8ca3fff700 10 client.4151 _getattr mask Xs issued=1
2017-02-02 08:09:35.835426 7f8ca3fff700 3 client.4151 _getxattr(10000000000, "security.selinux", 255) = -61
2017-02-02 08:09:35.835440 7f8ca3fff700 3 client.4151 ll_forget 10000000000 1
2017-02-02 08:09:35.835447 7f8ca3fff700 20 client.4151 _ll_put 0x7f8cb80108a0 10000000000 1 -> 25
2017-02-02 08:09:35.835460 7f8ca37fe700 3 client.4151 ll_getattr 1.head
2017-02-02 08:09:35.835469 7f8ca37fe700 10 client.4151 _getattr mask pAsLsXsFs issued=1
2017-02-02 08:09:35.835473 7f8ca37fe700 10 client.4151 fill_stat on 1 snap/devhead mode 040755 mtime
2017-02-01 11:30:21.278903 ctime
2017-02-01 11:30:21.278903
2017-02-02 08:09:35.835478 7f8ca37fe700 3 client.4151 ll_getattr 1.head = 0
2017-02-02 08:09:35.835482 7f8ca37fe700 3 client.4151 ll_forget 1 1
2017-02-02 08:09:35.835493 7f8cc0ff1700 3 client.4151 ll_lookup 0x7f8cb800d450 test
2017-02-02 08:09:35.835501 7f8cc0ff1700 20 client.4151 _lookup have dn test mds.-1 ttl 0.000000 seq 0
2017-02-02 08:09:35.835504 7f8cc0ff1700 15 inode.get on 0x7f8cb80108a0 10000000000.head now 3
2017-02-02 08:09:35.835506 7f8cc0ff1700 10 client.4151 _lookup 1.head(faked_ino=0 ref=3 ll_ref=70 cap_refs={} open={} mode=40755 size=0/0 mtime=2017-02-01 11:30:21.278903 caps=pAsLsXsFs(0=pAsLsXsFs) COMPLETE has_dir_layout 0x7f8cb800d450) test = 10000000000.head(faked_ino=0 ref=3 ll_ref=25 cap_refs={} open={} mode=100644 size=0/0 mtime=2017-02-01 11:30:21.284000 caps=pAsLsXsFscr(0=pAsLsXsFscr) objectset[10000000000 ts 0/0 objects 0 dirty_or_tx 0] parents=0x7f8cb8011710 0x7f8cb80108a0)
2017-02-02 08:09:35.835526 7f8cc0ff1700 10 client.4151 fill_stat on 10000000000 snap/devhead mode 0100644 mtime
2017-02-01 11:30:21.284000 ctime
2017-02-01 11:30:21.285768
2017-02-02 08:09:35.835531 7f8cc0ff1700 20 client.4151 _ll_get 0x7f8cb80108a0 10000000000 -> 26
2017-02-02 08:09:35.835532 7f8cc0ff1700 3 client.4151 ll_lookup 0x7f8cb800d450 test -> 0 (10000000000)
2017-02-02 08:09:35.835534 7f8cc0ff1700 10 client.4151 put_inode on 10000000000.head(faked_ino=0 ref=3 ll_ref=26 cap_refs={} open={} mode=100644 size=0/0 mtime=2017-02-01 11:30:21.284000 caps=pAsLsXsFscr(0=pAsLsXsFscr) objectset[10000000000 ts 0/0 objects 0 dirty_or_tx 0] parents=0x7f8cb8011710 0x7f8cb80108a0)
2017-02-02 08:09:35.835543 7f8cc0ff1700 15 inode.put on 0x7f8cb80108a0 10000000000.head now 2
2017-02-02 08:09:35.835548 7f8cc0ff1700 3 client.4151 ll_forget 1 1
2017-02-02 08:09:35.835570 7f8ca3fff700 20 client.4151 _ll_get 0x7f8cb80108a0 10000000000 -> 27
2017-02-02 08:09:35.835579 7f8ca3fff700 3 client.4151 ll_getxattr 10000000000.head system.posix_acl_access size 0
2017-02-02 08:09:35.835581 7f8ca3fff700 3 client.4151 _getxattr(10000000000, "system.posix_acl_access", 0) = -95
2017-02-02 08:09:35.835589 7f8ca3fff700 3 client.4151 ll_forget 10000000000 1
2017-02-02 08:09:35.835590 7f8ca3fff700 20 client.4151 _ll_put 0x7f8cb80108a0 10000000000 1 -> 26
2017-02-02 08:09:36.755013 7f8cc5ffb700 20 client.4151 trim_cache size 1 max 16384
2017-02-02 08:09:37.755150 7f8cc5ffb700 20 client.4151 trim_cache size 1 max 16384
2017-02-02 08:09:38.755270 7f8cc5ffb700 20 client.4151 trim_cache size 1 max 16384
2017-02-02 08:09:39.746039 7f8cccff2700 10 client.4151.objecter tick
2017-02-02 08:09:39.755389 7f8cc5ffb700 20 client.4151 trim_cache size 1 max 16384
2017-02-02 08:09:40.755519 7f8cc5ffb700 20 client.4151 trim_cache size 1 max 16384
2017-02-02 08:09:40.838115 7f8ca37fe700 3 client.4151 ll_getattr 1.head
2017-02-02 08:09:40.838135 7f8ca37fe700 10 client.4151 _getattr mask pAsLsXsFs issued=1
2017-02-02 08:09:40.838143 7f8ca37fe700 10 client.4151 fill_stat on 1 snap/devhead mode 040755 mtime
2017-02-01 11:30:21.278903 ctime
2017-02-01 11:30:21.278903
2017-02-02 08:09:40.838150 7f8ca37fe700 3 client.4151 ll_getattr 1.head = 0
2017-02-02 08:09:40.838161 7f8ca37fe700 3 client.4151 ll_forget 1 1
2017-02-02 08:09:40.838180 7f8cc0ff1700 3 client.4151 ll_lookup 0x7f8cb800d450 test
2017-02-02 08:09:40.838196 7f8cc0ff1700 20 client.4151 _lookup have dn test mds.-1 ttl 0.000000 seq 0
2017-02-02 08:09:40.838204 7f8cc0ff1700 15 inode.get on 0x7f8cb80108a0 10000000000.head now 3
2017-02-02 08:09:40.838208 7f8cc0ff1700 10 client.4151 _lookup 1.head(faked_ino=0 ref=3 ll_ref=72 cap_refs={} open={} mode=40755 size=0/0 mtime=2017-02-01 11:30:21.278903 caps=pAsLsXsFs(0=pAsLsXsFs) COMPLETE has_dir_layout 0x7f8cb800d450) test = 10000000000.head(faked_ino=0 ref=3 ll_ref=26 cap_refs={} open={} mode=100644 size=0/0 mtime=2017-02-01 11:30:21.284000 caps=pAsLsXsFscr(0=pAsLsXsFscr) objectset[10000000000 ts 0/0 objects 0 dirty_or_tx 0] parents=0x7f8cb8011710 0x7f8cb80108a0)
2017-02-02 08:09:40.838232 7f8cc0ff1700 10 client.4151 fill_stat on 10000000000 snap/devhead mode 0100644 mtime
2017-02-01 11:30:21.284000 ctime
2017-02-01 11:30:21.285768
2017-02-02 08:09:40.838236 7f8cc0ff1700 20 client.4151 _ll_get 0x7f8cb80108a0 10000000000 -> 27
2017-02-02 08:09:40.838238 7f8cc0ff1700 3 client.4151 ll_lookup 0x7f8cb800d450 test -> 0 (10000000000)
2017-02-02 08:09:40.838241 7f8cc0ff1700 10 client.4151 put_inode on 10000000000.head(faked_ino=0 ref=3 ll_ref=27 cap_refs={} open={} mode=100644 size=0/0 mtime=2017-02-01 11:30:21.284000 caps=pAsLsXsFscr(0=pAsLsXsFscr) objectset[10000000000 ts 0/0 objects 0 dirty_or_tx 0] parents=0x7f8cb8011710 0x7f8cb80108a0)
2017-02-02 08:09:40.838250 7f8cc0ff1700 15 inode.put on 0x7f8cb80108a0 10000000000.head now 2
2017-02-02 08:09:40.838257 7f8cc0ff1700 3 client.4151 ll_forget 1 1
2017-02-02 08:09:40.838291 7f8ca3fff700 20 client.4151 _ll_get 0x7f8cb80108a0 10000000000 -> 28
2017-02-02 08:09:40.838307 7f8ca3fff700 3 client.4151 ll_getattr 10000000000.head
2017-02-02 08:09:40.838310 7f8ca3fff700 10 client.4151 _getattr mask pAsLsXsFs issued=1
2017-02-02 08:09:40.838316 7f8ca3fff700 10 client.4151 fill_stat on 10000000000 snap/devhead mode 0100644 mtime
2017-02-01 11:30:21.284000 ctime
2017-02-01 11:30:21.285768
2017-02-02 08:09:40.838327 7f8ca3fff700 3 client.4151 ll_getattr 10000000000.head = 0
2017-02-02 08:09:40.838340 7f8ca3fff700 3 client.4151 ll_forget 10000000000 1
2017-02-02 08:09:40.838342 7f8ca3fff700 20 client.4151 _ll_put 0x7f8cb80108a0 10000000000 1 -> 27
2017-02-02 08:09:40.838369 7f8ca37fe700 3 client.4151 ll_getattr 1.head
2017-02-02 08:09:40.838379 7f8ca37fe700 10 client.4151 _getattr mask pAsLsXsFs issued=1
2017-02-02 08:09:40.838384 7f8ca37fe700 10 client.4151 fill_stat on 1 snap/devhead mode 040755 mtime
2017-02-01 11:30:21.278903 ctime
2017-02-01 11:30:21.278903
2017-02-02 08:09:40.838389 7f8ca37fe700 3 client.4151 ll_getattr 1.head = 0
2017-02-02 08:09:40.838396 7f8ca37fe700 3 client.4151 ll_forget 1 1
2017-02-02 08:09:40.838426 7f8cc0ff1700 3 client.4151 ll_lookup 0x7f8cb800d450 test
2017-02-02 08:09:40.838434 7f8cc0ff1700 20 client.4151 _lookup have dn test mds.-1 ttl 0.000000 seq 0
2017-02-02 08:09:40.838437 7f8cc0ff1700 15 inode.get on 0x7f8cb80108a0 10000000000.head now 3
2017-02-02 08:09:40.838439 7f8cc0ff1700 10 client.4151 _lookup 1.head(faked_ino=0 ref=3 ll_ref=74 cap_refs={} open={} mode=40755 size=0/0 mtime=2017-02-01 11:30:21.278903 caps=pAsLsXsFs(0=pAsLsXsFs) COMPLETE has_dir_layout 0x7f8cb800d450) test = 10000000000.head(faked_ino=0 ref=3 ll_ref=27 cap_refs={} open={} mode=100644 size=0/0 mtime=2017-02-01 11:30:21.284000 caps=pAsLsXsFscr(0=pAsLsXsFscr) objectset[10000000000 ts 0/0 objects 0 dirty_or_tx 0] parents=0x7f8cb8011710 0x7f8cb80108a0)
2017-02-02 08:09:40.838461 7f8cc0ff1700 10 client.4151 fill_stat on 10000000000 snap/devhead mode 0100644 mtime
2017-02-01 11:30:21.284000 ctime
2017-02-01 11:30:21.285768
2017-02-02 08:09:40.838468 7f8cc0ff1700 20 client.4151 _ll_get 0x7f8cb80108a0 10000000000 -> 28
2017-02-02 08:09:40.838470 7f8cc0ff1700 3 client.4151 ll_lookup 0x7f8cb800d450 test -> 0 (10000000000)
2017-02-02 08:09:40.838472 7f8cc0ff1700 10 client.4151 put_inode on 10000000000.head(faked_ino=0 ref=3 ll_ref=28 cap_refs={} open={} mode=100644 size=0/0 mtime=2017-02-01 11:30:21.284000 caps=pAsLsXsFscr(0=pAsLsXsFscr) objectset[10000000000 ts 0/0 objects 0 dirty_or_tx 0] parents=0x7f8cb8011710 0x7f8cb80108a0)
2017-02-02 08:09:40.838486 7f8cc0ff1700 15 inode.put on 0x7f8cb80108a0 10000000000.head now 2
2017-02-02 08:09:40.838493 7f8cc0ff1700 3 client.4151 ll_forget 1 1
2017-02-02 08:09:40.838523 7f8ca3fff700 20 client.4151 _ll_get 0x7f8cb80108a0 10000000000 -> 29
2017-02-02 08:09:40.838532 7f8ca3fff700 3 client.4151 ll_getxattr 10000000000.head security.selinux size 255
2017-02-02 08:09:40.838536 7f8ca3fff700 10 client.4151 _getattr mask Xs issued=1
2017-02-02 08:09:40.838543 7f8ca3fff700 3 client.4151 _getxattr(10000000000, "security.selinux", 255) = -61
2017-02-02 08:09:40.838555 7f8ca3fff700 3 client.4151 ll_forget 10000000000 1
2017-02-02 08:09:40.838556 7f8ca3fff700 20 client.4151 _ll_put 0x7f8cb80108a0 10000000000 1 -> 28
2017-02-02 08:09:40.838587 7f8ca37fe700 3 client.4151 ll_getattr 1.head
2017-02-02 08:09:40.838594 7f8ca37fe700 10 client.4151 _getattr mask pAsLsXsFs issued=1
2017-02-02 08:09:40.838598 7f8ca37fe700 10 client.4151 fill_stat on 1 snap/devhead mode 040755 mtime
2017-02-01 11:30:21.278903 ctime
2017-02-01 11:30:21.278903
2017-02-02 08:09:40.838603 7f8ca37fe700 3 client.4151 ll_getattr 1.head = 0
2017-02-02 08:09:40.838613 7f8ca37fe700 3 client.4151 ll_forget 1 1
2017-02-02 08:09:40.838632 7f8cc0ff1700 3 client.4151 ll_lookup 0x7f8cb800d450 test
2017-02-02 08:09:40.838639 7f8cc0ff1700 20 client.4151 _lookup have dn test mds.-1 ttl 0.000000 seq 0
2017-02-02 08:09:40.838642 7f8cc0ff1700 15 inode.get on 0x7f8cb80108a0 10000000000.head now 3
2017-02-02 08:09:40.838643 7f8cc0ff1700 10 client.4151 _lookup 1.head(faked_ino=0 ref=3 ll_ref=76 cap_refs={} open={} mode=40755 size=0/0 mtime=2017-02-01 11:30:21.278903 caps=pAsLsXsFs(0=pAsLsXsFs) COMPLETE has_dir_layout 0x7f8cb800d450) test = 10000000000.head(faked_ino=0 ref=3 ll_ref=28 cap_refs={} open={} mode=100644 size=0/0 mtime=2017-02-01 11:30:21.284000 caps=pAsLsXsFscr(0=pAsLsXsFscr) objectset[10000000000 ts 0/0 objects 0 dirty_or_tx 0] parents=0x7f8cb8011710 0x7f8cb80108a0)
2017-02-02 08:09:40.838664 7f8cc0ff1700 10 client.4151 fill_stat on 10000000000 snap/devhead mode 0100644 mtime
2017-02-01 11:30:21.284000 ctime
2017-02-01 11:30:21.285768
2017-02-02 08:09:40.838669 7f8cc0ff1700 20 client.4151 _ll_get 0x7f8cb80108a0 10000000000 -> 29
2017-02-02 08:09:40.838670 7f8cc0ff1700 3 client.4151 ll_lookup 0x7f8cb800d450 test -> 0 (10000000000)
2017-02-02 08:09:40.838672 7f8cc0ff1700 10 client.4151 put_inode on 10000000000.head(faked_ino=0 ref=3 ll_ref=29 cap_refs={} open={} mode=100644 size=0/0 mtime=2017-02-01 11:30:21.284000 caps=pAsLsXsFscr(0=pAsLsXsFscr) objectset[10000000000 ts 0/0 objects 0 dirty_or_tx 0] parents=0x7f8cb8011710 0x7f8cb80108a0)
2017-02-02 08:09:40.838680 7f8cc0ff1700 15 inode.put on 0x7f8cb80108a0 10000000000.head now 2
2017-02-02 08:09:40.838690 7f8cc0ff1700 3 client.4151 ll_forget 1 1
2017-02-02 08:09:40.838704 7f8ca3fff700 20 client.4151 _ll_get 0x7f8cb80108a0 10000000000 -> 30
2017-02-02 08:09:40.838714 7f8ca3fff700 3 client.4151 ll_getxattr 10000000000.head system.posix_acl_access size 0
2017-02-02 08:09:40.838716 7f8ca3fff700 3 client.4151 _getxattr(10000000000, "system.posix_acl_access", 0) = -95
2017-02-02 08:09:40.838719 7f8ca3fff700 3 client.4151 ll_forget 10000000000 1
2017-02-02 08:09:40.838721 7f8ca3fff700 20 client.4151 _ll_put 0x7f8cb80108a0 10000000000 1 -> 29
2017-02-02 08:09:41.755639 7f8cc5ffb700 20 client.4151 trim_cache size 1 max 16384
2017-02-02 08:09:42.745359 7f8cc3ff7700 20 -- 10.194.0.100:0/4006638222 send_keepalive con 0x5616c99866f0, have pipe.
2017-02-02 08:09:42.745383 7f8cd1bdf700 10 -- 10.194.0.100:0/4006638222 >> 10.194.0.189:6789/0 pipe(0x5616c9988650 sd=12 :54785 s=2 pgs=57 cs=1 l=1 c=0x5616c99866f0).writer: state = open policy.server=0
2017-02-02 08:09:42.745394 7f8cd1bdf700 10 -- 10.194.0.100:0/4006638222 >> 10.194.0.189:6789/0 pipe(0x5616c9988650 sd=12 :54785 s=2 pgs=57 cs=1 l=1 c=0x5616c99866f0).write_keepalive2 14
2017-02-02 08:09:42.745393
2017-02-02 08:09:42.745417 7f8cd1bdf700 10 -- 10.194.0.100:0/4006638222 >> 10.194.0.189:6789/0 pipe(0x5616c9988650 sd=12 :54785 s=2 pgs=57 cs=1 l=1 c=0x5616c99866f0).writer: state = open policy.server=0
2017-02-02 08:09:42.745439 7f8cd1bdf700 20 -- 10.194.0.100:0/4006638222 >> 10.194.0.189:6789/0 pipe(0x5616c9988650 sd=12 :54785 s=2 pgs=57 cs=1 l=1 c=0x5616c99866f0).writer sleeping
2017-02-02 08:09:42.745663 7f8ccc7f1700 2 -- 10.194.0.100:0/4006638222 >> 10.194.0.189:6789/0 pipe(0x5616c9988650 sd=12 :54785 s=2 pgs=57 cs=1 l=1 c=0x5616c99866f0).reader got KEEPALIVE_ACK
2017-02-02 08:09:42.745680 7f8ccc7f1700 20 -- 10.194.0.100:0/4006638222 >> 10.194.0.189:6789/0 pipe(0x5616c9988650 sd=12 :54785 s=2 pgs=57 cs=1 l=1 c=0x5616c99866f0).reader reading tag...
2017-02-02 08:09:42.755754 7f8cc5ffb700 20 client.4151 trim_cache size 1 max 16384
2017-02-02 08:09:43.755876 7f8cc5ffb700 20 client.4151 trim_cache size 1 max 16384
2017-02-02 08:09:44.746180 7f8cccff2700 10 client.4151.objecter tick
2017-02-02 08:09:44.756001 7f8cc5ffb700 20 client.4151 trim_cache size 1 max 16384
2017-02-02 08:09:45.756120 7f8cc5ffb700 20 client.4151 trim_cache size 1 max 16384
2017-02-02 08:09:45.841280 7f8ca37fe700 3 client.4151 ll_getattr 1.head
2017-02-02 08:09:45.841304 7f8ca37fe700 10 client.4151 _getattr mask pAsLsXsFs issued=1
2017-02-02 08:09:45.841313 7f8ca37fe700 10 client.4151 fill_stat on 1 snap/devhead mode 040755 mtime
2017-02-01 11:30:21.278903 ctime
2017-02-01 11:30:21.278903
2017-02-02 08:09:45.841320 7f8ca37fe700 3 client.4151 ll_getattr 1.head = 0
2017-02-02 08:09:45.841332 7f8ca37fe700 3 client.4151 ll_forget 1 1
2017-02-02 08:09:45.841355 7f8cc0ff1700 3 client.4151 ll_lookup 0x7f8cb800d450 test
2017-02-02 08:09:45.841368 7f8cc0ff1700 20 client.4151 _lookup have dn test mds.-1 ttl 0.000000 seq 0
2017-02-02 08:09:45.841373 7f8cc0ff1700 15 inode.get on 0x7f8cb80108a0 10000000000.head now 3
2017-02-02 08:09:45.841382 7f8cc0ff1700 10 client.4151 _lookup 1.head(faked_ino=0 ref=3 ll_ref=78 cap_refs={} open={} mode=40755 size=0/0 mtime=2017-02-01 11:30:21.278903 caps=pAsLsXsFs(0=pAsLsXsFs) COMPLETE has_dir_layout 0x7f8cb800d450) test = 10000000000.head(faked_ino=0 ref=3 ll_ref=29 cap_refs={} open={} mode=100644 size=0/0 mtime=2017-02-01 11:30:21.284000 caps=pAsLsXsFscr(0=pAsLsXsFscr) objectset[10000000000 ts 0/0 objects 0 dirty_or_tx 0] parents=0x7f8cb8011710 0x7f8cb80108a0)
2017-02-02 08:09:45.841408 7f8cc0ff1700 10 client.4151 fill_stat on 10000000000 snap/devhead mode 0100644 mtime
2017-02-01 11:30:21.284000 ctime
2017-02-01 11:30:21.285768
2017-02-02 08:09:45.841414 7f8cc0ff1700 20 client.4151 _ll_get 0x7f8cb80108a0 10000000000 -> 30
2017-02-02 08:09:45.841415 7f8cc0ff1700 3 client.4151 ll_lookup 0x7f8cb800d450 test -> 0 (10000000000)
2017-02-02 08:09:45.841418 7f8cc0ff1700 10 client.4151 put_inode on 10000000000.head(faked_ino=0 ref=3 ll_ref=30 cap_refs={} open={} mode=100644 size=0/0 mtime=2017-02-01 11:30:21.284000 caps=pAsLsXsFscr(0=pAsLsXsFscr) objectset[10000000000 ts 0/0 objects 0 dirty_or_tx 0] parents=0x7f8cb8011710 0x7f8cb80108a0)
2017-02-02 08:09:45.841427 7f8cc0ff1700 15 inode.put on 0x7f8cb80108a0 10000000000.head now 2
2017-02-02 08:09:45.841433 7f8cc0ff1700 3 client.4151 ll_forget 1 1
2017-02-02 08:09:45.841469 7f8ca3fff700 20 client.4151 _ll_get 0x7f8cb80108a0 10000000000 -> 31
2017-02-02 08:09:45.841481 7f8ca3fff700 3 client.4151 ll_getattr 10000000000.head
2017-02-02 08:09:45.841484 7f8ca3fff700 10 client.4151 _getattr mask pAsLsXsFs issued=1
2017-02-02 08:09:45.841490 7f8ca3fff700 10 client.4151 fill_stat on 10000000000 snap/devhead mode 0100644 mtime
2017-02-01 11:30:21.284000 ctime
2017-02-01 11:30:21.285768
2017-02-02 08:09:45.841496 7f8ca3fff700 3 client.4151 ll_getattr 10000000000.head = 0
2017-02-02 08:09:45.841509 7f8ca3fff700 3 client.4151 ll_forget 10000000000 1
2017-02-02 08:09:45.841516 7f8ca3fff700 20 client.4151 _ll_put 0x7f8cb80108a0 10000000000 1 -> 30
2017-02-02 08:09:45.841531 7f8ca37fe700 3 client.4151 ll_getattr 1.head
2017-02-02 08:09:45.841541 7f8ca37fe700 10 client.4151 _getattr mask pAsLsXsFs issued=1
2017-02-02 08:09:45.841546 7f8ca37fe700 10 client.4151 fill_stat on 1 snap/devhead mode 040755 mtime
2017-02-01 11:30:21.278903 ctime
2017-02-01 11:30:21.278903
2017-02-02 08:09:45.841556 7f8ca37fe700 3 client.4151 ll_getattr 1.head = 0
2017-02-02 08:09:45.841561 7f8ca37fe700 3 client.4151 ll_forget 1 1
2017-02-02 08:09:45.841580 7f8cc0ff1700 3 client.4151 ll_lookup 0x7f8cb800d450 test
2017-02-02 08:09:45.841591 7f8cc0ff1700 20 client.4151 _lookup have dn test mds.-1 ttl 0.000000 seq 0
2017-02-02 08:09:45.841595 7f8cc0ff1700 15 inode.get on 0x7f8cb80108a0 10000000000.head now 3
2017-02-02 08:09:45.841597 7f8cc0ff1700 10 client.4151 _lookup 1.head(faked_ino=0 ref=3 ll_ref=80 cap_refs={} open={} mode=40755 size=0/0 mtime=2017-02-01 11:30:21.278903 caps=pAsLsXsFs(0=pAsLsXsFs) COMPLETE has_dir_layout 0x7f8cb800d450) test = 10000000000.head(faked_ino=0 ref=3 ll_ref=30 cap_refs={} open={} mode=100644 size=0/0 mtime=2017-02-01 11:30:21.284000 caps=pAsLsXsFscr(0=pAsLsXsFscr) objectset[10000000000 ts 0/0 objects 0 dirty_or_tx 0] parents=0x7f8cb8011710 0x7f8cb80108a0)
2017-02-02 08:09:45.841625 7f8cc0ff1700 10 client.4151 fill_stat on 10000000000 snap/devhead mode 0100644 mtime
2017-02-01 11:30:21.284000 ctime
2017-02-01 11:30:21.285768
2017-02-02 08:09:45.841630 7f8cc0ff1700 20 client.4151 _ll_get 0x7f8cb80108a0 10000000000 -> 31
2017-02-02 08:09:45.841632 7f8cc0ff1700 3 client.4151 ll_lookup 0x7f8cb800d450 test -> 0 (10000000000)
2017-02-02 08:09:45.841634 7f8cc0ff1700 10 client.4151 put_inode on 10000000000.head(faked_ino=0 ref=3 ll_ref=31 cap_refs={} open={} mode=100644 size=0/0 mtime=2017-02-01 11:30:21.284000 caps=pAsLsXsFscr(0=pAsLsXsFscr) objectset[10000000000 ts 0/0 objects 0 dirty_or_tx 0] parents=0x7f8cb8011710 0x7f8cb80108a0)
2017-02-02 08:09:45.841649 7f8cc0ff1700 15 inode.put on 0x7f8cb80108a0 10000000000.head now 2
2017-02-02 08:09:45.841660 7f8cc0ff1700 3 client.4151 ll_forget 1 1
2017-02-02 08:09:45.841686 7f8ca3fff700 20 client.4151 _ll_get 0x7f8cb80108a0 10000000000 -> 32
2017-02-02 08:09:45.841694 7f8ca3fff700 3 client.4151 ll_getxattr 10000000000.head security.selinux size 255
2017-02-02 08:09:45.841698 7f8ca3fff700 10 client.4151 _getattr mask Xs issued=1
2017-02-02 08:09:45.841702 7f8ca3fff700 3 client.4151 _getxattr(10000000000, "security.selinux", 255) = -61
2017-02-02 08:09:45.841715 7f8ca3fff700 3 client.4151 ll_forget 10000000000 1
2017-02-02 08:09:45.841717 7f8ca3fff700 20 client.4151 _ll_put 0x7f8cb80108a0 10000000000 1 -> 31
2017-02-02 08:09:45.841736 7f8ca37fe700 3 client.4151 ll_getattr 1.head
2017-02-02 08:09:45.841748 7f8ca37fe700 10 client.4151 _getattr mask pAsLsXsFs issued=1
2017-02-02 08:09:45.841752 7f8ca37fe700 10 client.4151 fill_stat on 1 snap/devhead mode 040755 mtime
2017-02-01 11:30:21.278903 ctime
2017-02-01 11:30:21.278903
2017-02-02 08:09:45.841763 7f8ca37fe700 3 client.4151 ll_getattr 1.head = 0
2017-02-02 08:09:45.841772 7f8ca37fe700 3 client.4151 ll_forget 1 1
2017-02-02 08:09:45.841792 7f8cc0ff1700 3 client.4151 ll_lookup 0x7f8cb800d450 test
2017-02-02 08:09:45.841803 7f8cc0ff1700 20 client.4151 _lookup have dn test mds.-1 ttl 0.000000 seq 0
2017-02-02 08:09:45.841807 7f8cc0ff1700 15 inode.get on 0x7f8cb80108a0 10000000000.head now 3
2017-02-02 08:09:45.841809 7f8cc0ff1700 10 client.4151 _lookup 1.head(faked_ino=0 ref=3 ll_ref=82 cap_refs={} open={} mode=40755 size=0/0 mtime=2017-02-01 11:30:21.278903 caps=pAsLsXsFs(0=pAsLsXsFs) COMPLETE has_dir_layout 0x7f8cb800d450) test = 10000000000.head(faked_ino=0 ref=3 ll_ref=31 cap_refs={} open={} mode=100644 size=0/0 mtime=2017-02-01 11:30:21.284000 caps=pAsLsXsFscr(0=pAsLsXsFscr) objectset[10000000000 ts 0/0 objects 0 dirty_or_tx 0] parents=0x7f8cb8011710 0x7f8cb80108a0)
2017-02-02 08:09:45.841833 7f8cc0ff1700 10 client.4151 fill_stat on 10000000000 snap/devhead mode 0100644 mtime
2017-02-01 11:30:21.284000 ctime
2017-02-01 11:30:21.285768
2017-02-02 08:09:45.841838 7f8cc0ff1700 20 client.4151 _ll_get 0x7f8cb80108a0 10000000000 -> 32
2017-02-02 08:09:45.841840 7f8cc0ff1700 3 client.4151 ll_lookup 0x7f8cb800d450 test -> 0 (10000000000)
2017-02-02 08:09:45.841842 7f8cc0ff1700 10 client.4151 put_inode on 10000000000.head(faked_ino=0 ref=3 ll_ref=32 cap_refs={} open={} mode=100644 size=0/0 mtime=2017-02-01 11:30:21.284000 caps=pAsLsXsFscr(0=pAsLsXsFscr) objectset[10000000000 ts 0/0 objects 0 dirty_or_tx 0] parents=0x7f8cb8011710 0x7f8cb80108a0)
2017-02-02 08:09:45.841856 7f8cc0ff1700 15 inode.put on 0x7f8cb80108a0 10000000000.head now 2
2017-02-02 08:09:45.841865 7f8cc0ff1700 3 client.4151 ll_forget 1 1
2017-02-02 08:09:45.841891 7f8ca3fff700 20 client.4151 _ll_get 0x7f8cb80108a0 10000000000 -> 33
2017-02-02 08:09:45.841898 7f8ca3fff700 3 client.4151 ll_getxattr 10000000000.head system.posix_acl_access size 0
2017-02-02 08:09:45.841900 7f8ca3fff700 3 client.4151 _getxattr(10000000000, "system.posix_acl_access", 0) = -95
2017-02-02 08:09:45.841906 7f8ca3fff700 3 client.4151 ll_forget 10000000000 1
2017-02-02 08:09:45.841907 7f8ca3fff700 20 client.4151 _ll_put 0x7f8cb80108a0 10000000000 1 -> 32
2017-02-02 08:09:46.756258 7f8cc5ffb700 20 client.4151 trim_cache size 1 max 16384
2017-02-02 08:09:47.756377 7f8cc5ffb700 20 client.4151 trim_cache size 1 max 16384
2017-02-02 08:09:48.756505 7f8cc5ffb700 20 client.4151 trim_cache size 1 max 16384
2017-02-02 08:09:49.746317 7f8cccff2700 10 client.4151.objecter tick
2017-02-02 08:09:49.756636 7f8cc5ffb700 20 client.4151 trim_cache size 1 max 16384
2017-02-02 08:09:50.756766 7f8cc5ffb700 10 client.4151 renew_caps()
2017-02-02 08:09:50.756787 7f8cc5ffb700 15 client.4151 renew_caps requesting from mds.0
2017-02-02 08:09:50.756790 7f8cc5ffb700 10 client.4151 renew_caps mds.0
2017-02-02 08:09:50.756794 7f8cc5ffb700 1 -- 10.194.0.100:0/4006638222 --> 10.194.0.189:6816/31695 -- client_session(request_renewcaps seq 6) v2 -- ?+0 0x7f8c9c006760 con 0x5616c998ad60
2017-02-02 08:09:50.756805 7f8cc5ffb700 20 -- 10.194.0.100:0/4006638222 submit_message client_session(request_renewcaps seq 6) v2 remote, 10.194.0.189:6816/31695, have pipe.
2017-02-02 08:09:50.756821 7f8cc5ffb700 20 client.4151 trim_cache size 1 max 16384
2017-02-02 08:09:50.756830 7f8ccc6f0700 10 -- 10.194.0.100:0/4006638222 >> 10.194.0.189:6816/31695 pipe(0x5616c998ca10 sd=13 :31421 s=2 pgs=5 cs=1 l=0 c=0x5616c998ad60).writer: state = open policy.server=0
2017-02-02 08:09:50.756846 7f8ccc6f0700 20 -- 10.194.0.100:0/4006638222 >> 10.194.0.189:6816/31695 pipe(0x5616c998ca10 sd=13 :31421 s=2 pgs=5 cs=1 l=0 c=0x5616c998ad60).writer encoding 10 features 576460752032874495 0x7f8c9c006760 client_session(request_renewcaps seq 6) v2
2017-02-02 08:09:50.756898 7f8ccc6f0700 20 -- 10.194.0.100:0/4006638222 >> 10.194.0.189:6816/31695 pipe(0x5616c998ca10 sd=13 :31421 s=2 pgs=5 cs=1 l=0 c=0x5616c998ad60).writer signed seq # 10): sig = 18272170631014359573
2017-02-02 08:09:50.756910 7f8ccc6f0700 20 -- 10.194.0.100:0/4006638222 >> 10.194.0.189:6816/31695 pipe(0x5616c998ca10 sd=13 :31421 s=2 pgs=5 cs=1 l=0 c=0x5616c998ad60).writer sending 10 0x7f8c9c006760
2017-02-02 08:09:50.756939 7f8ccc6f0700 10 -- 10.194.0.100:0/4006638222 >> 10.194.0.189:6816/31695 pipe(0x5616c998ca10 sd=13 :31421 s=2 pgs=5 cs=1 l=0 c=0x5616c998ad60).writer: state = open policy.server=0
2017-02-02 08:09:50.756948 7f8ccc6f0700 20 -- 10.194.0.100:0/4006638222 >> 10.194.0.189:6816/31695 pipe(0x5616c998ca10 sd=13 :31421 s=2 pgs=5 cs=1 l=0 c=0x5616c998ad60).writer sleeping
2017-02-02 08:09:50.757506 7f8ccc5ef700 20 -- 10.194.0.100:0/4006638222 >> 10.194.0.189:6816/31695 pipe(0x5616c998ca10 sd=13 :31421 s=2 pgs=5 cs=1 l=0 c=0x5616c998ad60).reader got ACK
2017-02-02 08:09:50.757524 7f8ccc5ef700 15 -- 10.194.0.100:0/4006638222 >> 10.194.0.189:6816/31695 pipe(0x5616c998ca10 sd=13 :31421 s=2 pgs=5 cs=1 l=0 c=0x5616c998ad60).reader got ack seq 10
2017-02-02 08:09:50.757531 7f8ccc5ef700 10 -- 10.194.0.100:0/4006638222 >> 10.194.0.189:6816/31695 pipe(0x5616c998ca10 sd=13 :31421 s=2 pgs=5 cs=1 l=0 c=0x5616c998ad60).reader got ack seq 10 >= 10 on 0x7f8c9c006760 client_session(request_renewcaps seq 6) v1
2017-02-02 08:09:50.757544 7f8ccc5ef700 20 -- 10.194.0.100:0/4006638222 >> 10.194.0.189:6816/31695 pipe(0x5616c998ca10 sd=13 :31421 s=2 pgs=5 cs=1 l=0 c=0x5616c998ad60).reader reading tag...
2017-02-02 08:09:50.757554 7f8ccc5ef700 20 -- 10.194.0.100:0/4006638222 >> 10.194.0.189:6816/31695 pipe(0x5616c998ca10 sd=13 :31421 s=2 pgs=5 cs=1 l=0 c=0x5616c998ad60).reader got MSG
2017-02-02 08:09:50.757560 7f8ccc5ef700 20 -- 10.194.0.100:0/4006638222 >> 10.194.0.189:6816/31695 pipe(0x5616c998ca10 sd=13 :31421 s=2 pgs=5 cs=1 l=0 c=0x5616c998ad60).reader got envelope type=22 src mds.0 front=28 data=0 off 0
2017-02-02 08:09:50.757572 7f8ccc5ef700 10 -- 10.194.0.100:0/4006638222 >> 10.194.0.189:6816/31695 pipe(0x5616c998ca10 sd=13 :31421 s=2 pgs=5 cs=1 l=0 c=0x5616c998ad60).reader wants 28 from dispatch throttler 0/104857600
2017-02-02 08:09:50.757580 7f8ccc5ef700 20 -- 10.194.0.100:0/4006638222 >> 10.194.0.189:6816/31695 pipe(0x5616c998ca10 sd=13 :31421 s=2 pgs=5 cs=1 l=0 c=0x5616c998ad60).reader got front 28
2017-02-02 08:09:50.757590 7f8ccc5ef700 10 -- 10.194.0.100:0/4006638222 >> 10.194.0.189:6816/31695 pipe(0x5616c998ca10 sd=13 :31421 s=2 pgs=5 cs=1 l=0 c=0x5616c998ad60).aborted = 0
2017-02-02 08:09:50.757596 7f8ccc5ef700 20 -- 10.194.0.100:0/4006638222 >> 10.194.0.189:6816/31695 pipe(0x5616c998ca10 sd=13 :31421 s=2 pgs=5 cs=1 l=0 c=0x5616c998ad60).reader got 28 + 0 + 0 byte message
2017-02-02 08:09:50.757640 7f8ccc5ef700 10 -- 10.194.0.100:0/4006638222 >> 10.194.0.189:6816/31695 pipe(0x5616c998ca10 sd=13 :31421 s=2 pgs=5 cs=1 l=0 c=0x5616c998ad60).reader got message 10 0x7f8ca400ad60 client_session(renewcaps seq 6) v1
2017-02-02 08:09:50.757653 7f8ccc5ef700 20 -- 10.194.0.100:0/4006638222 queue 0x7f8ca400ad60 prio 127
2017-02-02 08:09:50.757667 7f8ccc5ef700 20 -- 10.194.0.100:0/4006638222 >> 10.194.0.189:6816/31695 pipe(0x5616c998ca10 sd=13 :31421 s=2 pgs=5 cs=1 l=0 c=0x5616c998ad60).reader reading tag...
2017-02-02 08:09:50.757672 7f8ccc6f0700 10 -- 10.194.0.100:0/4006638222 >> 10.194.0.189:6816/31695 pipe(0x5616c998ca10 sd=13 :31421 s=2 pgs=5 cs=1 l=0 c=0x5616c998ad60).writer: state = open policy.server=0
2017-02-02 08:09:50.757678 7f8ccc6f0700 10 -- 10.194.0.100:0/4006638222 >> 10.194.0.189:6816/31695 pipe(0x5616c998ca10 sd=13 :31421 s=2 pgs=5 cs=1 l=0 c=0x5616c998ad60).write_ack 10
2017-02-02 08:09:50.757687 7f8ccc6f0700 10 -- 10.194.0.100:0/4006638222 >> 10.194.0.189:6816/31695 pipe(0x5616c998ca10 sd=13 :31421 s=2 pgs=5 cs=1 l=0 c=0x5616c998ad60).writer: state = open policy.server=0
2017-02-02 08:09:50.757687 7f8cc4ff9700 1 -- 10.194.0.100:0/4006638222 <== mds.0 10.194.0.189:6816/31695 10 ==== client_session(renewcaps seq 6) v1 ==== 28+0+0 (2987351601 0 0) 0x7f8ca400ad60 con 0x5616c998ad60
2017-02-02 08:09:50.757692 7f8ccc6f0700 20 -- 10.194.0.100:0/4006638222 >> 10.194.0.189:6816/31695 pipe(0x5616c998ca10 sd=13 :31421 s=2 pgs=5 cs=1 l=0 c=0x5616c998ad60).writer sleeping
2017-02-02 08:09:50.757701 7f8cc4ff9700 10 client.4151.objecter ms_dispatch 0x5616c9927990 client_session(renewcaps seq 6) v1
2017-02-02 08:09:50.757705 7f8cc4ff9700 10 client.4151 handle_client_session client_session(renewcaps seq 6) v1 from mds.0
2017-02-02 08:09:50.757709 7f8cc4ff9700 10 -- 10.194.0.100:0/4006638222 dispatch_throttle_release 28 to dispatch throttler 28/104857600
2017-02-02 08:09:50.757713 7f8cc4ff9700 20 -- 10.194.0.100:0/4006638222 done calling dispatch on 0x7f8ca400ad60
2017-02-02 08:09:50.845025 7f8ca37fe700 3 client.4151 ll_getattr 1.head
2017-02-02 08:09:50.845049 7f8ca37fe700 10 client.4151 _getattr mask pAsLsXsFs issued=1
2017-02-02 08:09:50.845058 7f8ca37fe700 10 client.4151 fill_stat on 1 snap/devhead mode 040755 mtime
2017-02-01 11:30:21.278903 ctime
2017-02-01 11:30:21.278903
2017-02-02 08:09:50.845065 7f8ca37fe700 3 client.4151 ll_getattr 1.head = 0
2017-02-02 08:09:50.845077 7f8ca37fe700 3 client.4151 ll_forget 1 1
2017-02-02 08:09:50.845111 7f8cc0ff1700 3 client.4151 ll_lookup 0x7f8cb800d450 test
2017-02-02 08:09:50.845126 7f8cc0ff1700 20 client.4151 _lookup have dn test mds.-1 ttl 0.000000 seq 0
2017-02-02 08:09:50.845131 7f8cc0ff1700 15 inode.get on 0x7f8cb80108a0 10000000000.head now 3
2017-02-02 08:09:50.845134 7f8cc0ff1700 10 client.4151 _lookup 1.head(faked_ino=0 ref=3 ll_ref=84 cap_refs={} open={} mode=40755 size=0/0 mtime=2017-02-01 11:30:21.278903 caps=pAsLsXsFs(0=pAsLsXsFs) COMPLETE has_dir_layout 0x7f8cb800d450) test = 10000000000.head(faked_ino=0 ref=3 ll_ref=32 cap_refs={} open={} mode=100644 size=0/0 mtime=2017-02-01 11:30:21.284000 caps=pAsLsXsFscr(0=pAsLsXsFscr) objectset[10000000000 ts 0/0 objects 0 dirty_or_tx 0] parents=0x7f8cb8011710 0x7f8cb80108a0)
2017-02-02 08:09:50.845159 7f8cc0ff1700 10 client.4151 fill_stat on 10000000000 snap/devhead mode 0100644 mtime
2017-02-01 11:30:21.284000 ctime
2017-02-01 11:30:21.285768
2017-02-02 08:09:50.845164 7f8cc0ff1700 20 client.4151 _ll_get 0x7f8cb80108a0 10000000000 -> 33
2017-02-02 08:09:50.845166 7f8cc0ff1700 3 client.4151 ll_lookup 0x7f8cb800d450 test -> 0 (10000000000)
2017-02-02 08:09:50.845168 7f8cc0ff1700 10 client.4151 put_inode on 10000000000.head(faked_ino=0 ref=3 ll_ref=33 cap_refs={} open={} mode=100644 size=0/0 mtime=2017-02-01 11:30:21.284000 caps=pAsLsXsFscr(0=pAsLsXsFscr) objectset[10000000000 ts 0/0 objects 0 dirty_or_tx 0] parents=0x7f8cb8011710 0x7f8cb80108a0)
2017-02-02 08:09:50.845179 7f8cc0ff1700 15 inode.put on 0x7f8cb80108a0 10000000000.head now 2
2017-02-02 08:09:50.845192 7f8cc0ff1700 3 client.4151 ll_forget 1 1
2017-02-02 08:09:50.845211 7f8ca3fff700 20 client.4151 _ll_get 0x7f8cb80108a0 10000000000 -> 34
2017-02-02 08:09:50.845221 7f8ca3fff700 3 client.4151 ll_getattr 10000000000.head
2017-02-02 08:09:50.845224 7f8ca3fff700 10 client.4151 _getattr mask pAsLsXsFs issued=1
2017-02-02 08:09:50.845228 7f8ca3fff700 10 client.4151 fill_stat on 10000000000 snap/devhead mode 0100644 mtime
2017-02-01 11:30:21.284000 ctime
2017-02-01 11:30:21.285768
2017-02-02 08:09:50.845238 7f8ca3fff700 3 client.4151 ll_getattr 10000000000.head = 0
2017-02-02 08:09:50.845244 7f8ca3fff700 3 client.4151 ll_forget 10000000000 1
2017-02-02 08:09:50.845246 7f8ca3fff700 20 client.4151 _ll_put 0x7f8cb80108a0 10000000000 1 -> 33
2017-02-02 08:09:50.845277 7f8ca37fe700 3 client.4151 ll_getattr 1.head
2017-02-02 08:09:50.845284 7f8ca37fe700 10 client.4151 _getattr mask pAsLsXsFs issued=1
2017-02-02 08:09:50.845288 7f8ca37fe700 10 client.4151 fill_stat on 1 snap/devhead mode 040755 mtime
2017-02-01 11:30:21.278903 ctime
2017-02-01 11:30:21.278903
2017-02-02 08:09:50.845292 7f8ca37fe700 3 client.4151 ll_getattr 1.head = 0
2017-02-02 08:09:50.845302 7f8ca37fe700 3 client.4151 ll_forget 1 1
2017-02-02 08:09:50.845321 7f8cc0ff1700 3 client.4151 ll_lookup 0x7f8cb800d450 test
2017-02-02 08:09:50.845327 7f8cc0ff1700 20 client.4151 _lookup have dn test mds.-1 ttl 0.000000 seq 0
2017-02-02 08:09:50.845331 7f8cc0ff1700 15 inode.get on 0x7f8cb80108a0 10000000000.head now 3
2017-02-02 08:09:50.845335 7f8cc0ff1700 10 client.4151 _lookup 1.head(faked_ino=0 ref=3 ll_ref=86 cap_refs={} open={} mode=40755 size=0/0 mtime=2017-02-01 11:30:21.278903 caps=pAsLsXsFs(0=pAsLsXsFs) COMPLETE has_dir_layout 0x7f8cb800d450) test = 10000000000.head(faked_ino=0 ref=3 ll_ref=33 cap_refs={} open={} mode=100644 size=0/0 mtime=2017-02-01 11:30:21.284000 caps=pAsLsXsFscr(0=pAsLsXsFscr) objectset[10000000000 ts 0/0 objects 0 dirty_or_tx 0] parents=0x7f8cb8011710 0x7f8cb80108a0)
2017-02-02 08:09:50.845356 7f8cc0ff1700 10 client.4151 fill_stat on 10000000000 snap/devhead mode 0100644 mtime
2017-02-01 11:30:21.284000 ctime
2017-02-01 11:30:21.285768
2017-02-02 08:09:50.845361 7f8cc0ff1700 20 client.4151 _ll_get 0x7f8cb80108a0 10000000000 -> 34
2017-02-02 08:09:50.845362 7f8cc0ff1700 3 client.4151 ll_lookup 0x7f8cb800d450 test -> 0 (10000000000)
2017-02-02 08:09:50.845364 7f8cc0ff1700 10 client.4151 put_inode on 10000000000.head(faked_ino=0 ref=3 ll_ref=34 cap_refs={} open={} mode=100644 size=0/0 mtime=2017-02-01 11:30:21.284000 caps=pAsLsXsFscr(0=pAsLsXsFscr) objectset[10000000000 ts 0/0 objects 0 dirty_or_tx 0] parents=0x7f8cb8011710 0x7f8cb80108a0)
2017-02-02 08:09:50.845373 7f8cc0ff1700 15 inode.put on 0x7f8cb80108a0 10000000000.head now 2
2017-02-02 08:09:50.845383 7f8cc0ff1700 3 client.4151 ll_forget 1 1
2017-02-02 08:09:50.845398 7f8ca3fff700 20 client.4151 _ll_get 0x7f8cb80108a0 10000000000 -> 35
2017-02-02 08:09:50.845408 7f8ca3fff700 3 client.4151 ll_getxattr 10000000000.head security.selinux size 255
2017-02-02 08:09:50.845412 7f8ca3fff700 10 client.4151 _getattr mask Xs issued=1
2017-02-02 08:09:50.845415 7f8ca3fff700 3 client.4151 _getxattr(10000000000, "security.selinux", 255) = -61
2017-02-02 08:09:50.845424 7f8ca3fff700 3 client.4151 ll_forget 10000000000 1
2017-02-02 08:09:50.845431 7f8ca3fff700 20 client.4151 _ll_put 0x7f8cb80108a0 10000000000 1 -> 34
2017-02-02 08:09:50.845455 7f8ca37fe700 3 client.4151 ll_getattr 1.head
2017-02-02 08:09:50.845461 7f8ca37fe700 10 client.4151 _getattr mask pAsLsXsFs issued=1
2017-02-02 08:09:50.845465 7f8ca37fe700 10 client.4151 fill_stat on 1 snap/devhead mode 040755 mtime
2017-02-01 11:30:21.278903 ctime
2017-02-01 11:30:21.278903
2017-02-02 08:09:50.845470 7f8ca37fe700 3 client.4151 ll_getattr 1.head = 0
2017-02-02 08:09:50.845480 7f8ca37fe700 3 client.4151 ll_forget 1 1
2017-02-02 08:09:50.845499 7f8cc0ff1700 3 client.4151 ll_lookup 0x7f8cb800d450 test
2017-02-02 08:09:50.845505 7f8cc0ff1700 20 client.4151 _lookup have dn test mds.-1 ttl 0.000000 seq 0
2017-02-02 08:09:50.845507 7f8cc0ff1700 15 inode.get on 0x7f8cb80108a0 10000000000.head now 3
2017-02-02 08:09:50.845509 7f8cc0ff1700 10 client.4151 _lookup 1.head(faked_ino=0 ref=3 ll_ref=88 cap_refs={} open={} mode=40755 size=0/0 mtime=2017-02-01 11:30:21.278903 caps=pAsLsXsFs(0=pAsLsXsFs) COMPLETE has_dir_layout 0x7f8cb800d450) test = 10000000000.head(faked_ino=0 ref=3 ll_ref=34 cap_refs={} open={} mode=100644 size=0/0 mtime=2017-02-01 11:30:21.284000 caps=pAsLsXsFscr(0=pAsLsXsFscr) objectset[10000000000 ts 0/0 objects 0 dirty_or_tx 0] parents=0x7f8cb8011710 0x7f8cb80108a0)
2017-02-02 08:09:50.845530 7f8cc0ff1700 10 client.4151 fill_stat on 10000000000 snap/devhead mode 0100644 mtime
2017-02-01 11:30:21.284000 ctime
2017-02-01 11:30:21.285768
2017-02-02 08:09:50.845534 7f8cc0ff1700 20 client.4151 _ll_get 0x7f8cb80108a0 10000000000 -> 35
2017-02-02 08:09:50.845536 7f8cc0ff1700 3 client.4151 ll_lookup 0x7f8cb800d450 test -> 0 (10000000000)
2017-02-02 08:09:50.845540 7f8cc0ff1700 10 client.4151 put_inode on 10000000000.head(faked_ino=0 ref=3 ll_ref=35 cap_refs={} open={} mode=100644 size=0/0 mtime=2017-02-01 11:30:21.284000 caps=pAsLsXsFscr(0=pAsLsXsFscr) objectset[10000000000 ts 0/0 objects 0 dirty_or_tx 0] parents=0x7f8cb8011710 0x7f8cb80108a0)
2017-02-02 08:09:50.845549 7f8cc0ff1700 15 inode.put on 0x7f8cb80108a0 10000000000.head now 2
2017-02-02 08:09:50.845559 7f8cc0ff1700 3 client.4151 ll_forget 1 1
2017-02-02 08:09:50.845570 7f8cc0ff1700 20 client.4151 _ll_get 0x7f8cb80108a0 10000000000 -> 36
2017-02-02 08:09:50.845572 7f8cc0ff1700 3 client.4151 ll_getxattr 10000000000.head system.posix_acl_access size 0
2017-02-02 08:09:50.845574 7f8cc0ff1700 3 client.4151 _getxattr(10000000000, "system.posix_acl_access", 0) = -95
2017-02-02 08:09:50.845582 7f8cc0ff1700 3 client.4151 ll_forget 10000000000 1
2017-02-02 08:09:50.845584 7f8cc0ff1700 20 client.4151 _ll_put 0x7f8cb80108a0 10000000000 1 -> 35
2017-02-02 08:09:51.756883 7f8cc5ffb700 20 client.4151 trim_cache size 1 max 16384
2017-02-02 08:09:52.745535 7f8cc3ff7700 20 -- 10.194.0.100:0/4006638222 send_keepalive con 0x5616c99866f0, have pipe.
2017-02-02 08:09:52.745559 7f8cd1bdf700 10 -- 10.194.0.100:0/4006638222 >> 10.194.0.189:6789/0 pipe(0x5616c9988650 sd=12 :54785 s=2 pgs=57 cs=1 l=1 c=0x5616c99866f0).writer: state = open policy.server=0
2017-02-02 08:09:52.745575 7f8cd1bdf700 10 -- 10.194.0.100:0/4006638222 >> 10.194.0.189:6789/0 pipe(0x5616c9988650 sd=12 :54785 s=2 pgs=57 cs=1 l=1 c=0x5616c99866f0).write_keepalive2 14
2017-02-02 08:09:52.745574
2017-02-02 08:09:52.745616 7f8cd1bdf700 10 -- 10.194.0.100:0/4006638222 >> 10.194.0.189:6789/0 pipe(0x5616c9988650 sd=12 :54785 s=2 pgs=57 cs=1 l=1 c=0x5616c99866f0).writer: state = open policy.server=0
2017-02-02 08:09:52.745629 7f8cd1bdf700 20 -- 10.194.0.100:0/4006638222 >> 10.194.0.189:6789/0 pipe(0x5616c9988650 sd=12 :54785 s=2 pgs=57 cs=1 l=1 c=0x5616c99866f0).writer sleeping
2017-02-02 08:09:52.745794 7f8ccc7f1700 2 -- 10.194.0.100:0/4006638222 >> 10.194.0.189:6789/0 pipe(0x5616c9988650 sd=12 :54785 s=2 pgs=57 cs=1 l=1 c=0x5616c99866f0).reader got KEEPALIVE_ACK
2017-02-02 08:09:52.745809 7f8ccc7f1700 20 -- 10.194.0.100:0/4006638222 >> 10.194.0.189:6789/0 pipe(0x5616c9988650 sd=12 :54785 s=2 pgs=57 cs=1 l=1 c=0x5616c99866f0).reader reading tag...
2017-02-02 08:09:52.757008 7f8cc5ffb700 20 client.4151 trim_cache size 1 max 16384
2017-02-02 08:09:53.757144 7f8cc5ffb700 20 client.4151 trim_cache size 1 max 16384
2017-02-02 08:09:54.746468 7f8cccff2700 10 client.4151.objecter tick
2017-02-02 08:09:54.757260 7f8cc5ffb700 20 client.4151 trim_cache size 1 max 16384
2017-02-02 08:09:55.757378 7f8cc5ffb700 20 client.4151 trim_cache size 1 max 16384
2017-02-02 08:09:55.848784 7f8ca37fe700 3 client.4151 ll_getattr 1.head
2017-02-02 08:09:55.848810 7f8ca37fe700 10 client.4151 _getattr mask pAsLsXsFs issued=1
2017-02-02 08:09:55.848819 7f8ca37fe700 10 client.4151 fill_stat on 1 snap/devhead mode 040755 mtime
2017-02-01 11:30:21.278903 ctime
2017-02-01 11:30:21.278903
2017-02-02 08:09:55.848830 7f8ca37fe700 3 client.4151 ll_getattr 1.head = 0
2017-02-02 08:09:55.848846 7f8ca37fe700 3 client.4151 ll_forget 1 1
2017-02-02 08:09:55.848864 7f8ca37fe700 3 client.4151 ll_lookup 0x7f8cb800d450 test
2017-02-02 08:09:55.848876 7f8ca37fe700 20 client.4151 _lookup have dn test mds.-1 ttl 0.000000 seq 0
2017-02-02 08:09:55.848881 7f8ca37fe700 15 inode.get on 0x7f8cb80108a0 10000000000.head now 3
