2017-02-02 08:11:55.272027 7f8ccc6f0700 20 -- 10.194.0.100:0/4006638222 >> 10.194.0.189:6816/31695 pipe(0x5616c998ca10 sd=13 :31421 s=2 pgs=5 cs=1 l=0 c=0x5616c998ad60).writer encoding 20 features 576460752032874495 0x7f8c88001560 client_request(client.4151:7 getattr pAsLsXsFs #1
2017-02-02 08:11:55.271936) v3
2017-02-02 08:11:55.272079 7f8ccc6f0700 20 -- 10.194.0.100:0/4006638222 >> 10.194.0.189:6816/31695 pipe(0x5616c998ca10 sd=13 :31421 s=2 pgs=5 cs=1 l=0 c=0x5616c998ad60).writer signed seq # 20): sig = 10836209113527235902
2017-02-02 08:11:55.272091 7f8ccc6f0700 20 -- 10.194.0.100:0/4006638222 >> 10.194.0.189:6816/31695 pipe(0x5616c998ca10 sd=13 :31421 s=2 pgs=5 cs=1 l=0 c=0x5616c998ad60).writer sending 20 0x7f8c88001560
2017-02-02 08:11:55.272105 7f8ccc6f0700 10 -- 10.194.0.100:0/4006638222 >> 10.194.0.189:6816/31695 pipe(0x5616c998ca10 sd=13 :31421 s=2 pgs=5 cs=1 l=0 c=0x5616c998ad60).writer: state = open policy.server=0
2017-02-02 08:11:55.272114 7f8ccc6f0700 20 -- 10.194.0.100:0/4006638222 >> 10.194.0.189:6816/31695 pipe(0x5616c998ca10 sd=13 :31421 s=2 pgs=5 cs=1 l=0 c=0x5616c998ad60).writer sleeping
2017-02-02 08:11:55.773458 7f8cc5ffb700 20 client.4151 trim_cache size 1 max 16384
2017-02-02 08:11:56.773604 7f8cc5ffb700 20 client.4151 trim_cache size 1 max 16384
2017-02-02 08:11:57.773727 7f8cc5ffb700 20 client.4151 trim_cache size 1 max 16384
2017-02-02 08:11:58.773883 7f8cc5ffb700 20 client.4151 trim_cache size 1 max 16384
2017-02-02 08:11:59.750287 7f8cccff2700 10 client.4151.objecter tick
2017-02-02 08:11:59.774025 7f8cc5ffb700 20 client.4151 trim_cache size 1 max 16384
2017-02-02 08:12:00.774164 7f8cc5ffb700 20 client.4151 trim_cache size 1 max 16384
2017-02-02 08:12:01.774294 7f8cc5ffb700 20 client.4151 trim_cache size 1 max 16384
2017-02-02 08:12:02.774434 7f8cc5ffb700 20 client.4151 trim_cache size 1 max 16384
2017-02-02 08:12:03.774576 7f8cc5ffb700 20 client.4151 trim_cache size 1 max 16384
2017-02-02 08:12:04.747881 7f8cc3ff7700 1 -- 10.194.0.100:0/4006638222 mark_down 0x7f8c9800b7b0 -- 0x7f8c980026c0
2017-02-02 08:12:04.747888 7f8cc3ff7700 10 -- 10.194.0.100:0/4006638222 >> 10.194.0.189:6789/0 pipe(0x7f8c980026c0 sd=0 :0 s=1 pgs=0 cs=0 l=1 c=0x7f8c9800b7b0).unregister_pipe
2017-02-02 08:12:04.747893 7f8cc3ff7700 10 -- 10.194.0.100:0/4006638222 >> 10.194.0.189:6789/0 pipe(0x7f8c980026c0 sd=0 :0 s=1 pgs=0 cs=0 l=1 c=0x7f8c9800b7b0).stop
2017-02-02 08:12:04.747906 7f8cc3ff7700 10 -- 10.194.0.100:0/4006638222 connect_rank to 10.194.0.189:6789/0, creating pipe and registering
2017-02-02 08:12:04.747929 7f8cc3ff7700 10 -- 10.194.0.100:0/4006638222 >> 10.194.0.189:6789/0 pipe(0x7f8c98007300 sd=-1 :0 s=1 pgs=0 cs=0 l=1 c=0x7f8c9800c5a0).register_pipe
2017-02-02 08:12:04.747938 7f8cc3ff7700 10 -- 10.194.0.100:0/4006638222 get_connection mon.0 10.194.0.189:6789/0 new 0x7f8c98007300
2017-02-02 08:12:04.747925 7f8ccc4ee700 2 -- 10.194.0.100:0/4006638222 >> 10.194.0.189:6789/0 pipe(0x7f8c980026c0 sd=0 :0 s=4 pgs=0 cs=0 l=1 c=0x7f8c9800b7b0).connect error 10.194.0.189:6789/0, (104) Connection reset by peer
2017-02-02 08:12:04.747947 7f8cc3ff7700 20 -- 10.194.0.100:0/4006638222 send_keepalive con 0x7f8c9800c5a0, have pipe.
2017-02-02 08:12:04.747948 7f8ccc4ee700 3 -- 10.194.0.100:0/4006638222 >> 10.194.0.189:6789/0 pipe(0x7f8c980026c0 sd=0 :0 s=4 pgs=0 cs=0 l=1 c=0x7f8c9800b7b0).connect fault, but state = closed != connecting, stopping
2017-02-02 08:12:04.747954 7f8ccc4ee700 20 -- 10.194.0.100:0/4006638222 >> 10.194.0.189:6789/0 pipe(0x7f8c980026c0 sd=0 :0 s=4 pgs=0 cs=0 l=1 c=0x7f8c9800b7b0).writer finishing
2017-02-02 08:12:04.747958 7f8cc3ff7700 1 -- 10.194.0.100:0/4006638222 --> 10.194.0.189:6789/0 -- auth(proto 0 31 bytes epoch 1) v1 -- ?+0 0x7f8c9800cb60 con 0x7f8c9800c5a0
2017-02-02 08:12:04.747962 7f8cc3ff7700 20 -- 10.194.0.100:0/4006638222 submit_message auth(proto 0 31 bytes epoch 1) v1 remote, 10.194.0.189:6789/0, have pipe.
2017-02-02 08:12:04.747962 7f8ccc4ee700 10 -- 10.194.0.100:0/4006638222 queue_reap 0x7f8c980026c0
2017-02-02 08:12:04.747974 7f8ccc4ee700 10 -- 10.194.0.100:0/4006638222 >> 10.194.0.189:6789/0 pipe(0x7f8c980026c0 sd=0 :0 s=4 pgs=0 cs=0 l=1 c=0x7f8c9800b7b0).writer done
2017-02-02 08:12:04.747992 7f8cc6ffd700 10 -- 10.194.0.100:0/4006638222 reaper
2017-02-02 08:12:04.747998 7f8cc6ffd700 10 -- 10.194.0.100:0/4006638222 reaper reaping pipe 0x7f8c980026c0 10.194.0.189:6789/0
2017-02-02 08:12:04.748001 7f8cc6ffd700 10 -- 10.194.0.100:0/4006638222 >> 10.194.0.189:6789/0 pipe(0x7f8c980026c0 sd=0 :0 s=4 pgs=0 cs=0 l=1 c=0x7f8c9800b7b0).discard_queue
2017-02-02 08:12:04.748007 7f8cc6ffd700 20 -- 10.194.0.100:0/4006638222 >> 10.194.0.189:6789/0 pipe(0x7f8c980026c0 sd=0 :0 s=4 pgs=0 cs=0 l=1 c=0x7f8c9800b7b0). discard 0x7f8c9800bc80
2017-02-02 08:12:04.748017 7f8cc6ffd700 10 -- 10.194.0.100:0/4006638222 >> 10.194.0.189:6789/0 pipe(0x7f8c980026c0 sd=0 :0 s=4 pgs=0 cs=0 l=1 c=0x7f8c9800b7b0).unregister_pipe - not registered
2017-02-02 08:12:04.748021 7f8cc6ffd700 20 -- 10.194.0.100:0/4006638222 >> 10.194.0.189:6789/0 pipe(0x7f8c980026c0 sd=0 :0 s=4 pgs=0 cs=0 l=1 c=0x7f8c9800b7b0).join
2017-02-02 08:12:04.748016 7f8ccc7f1700 10 -- 10.194.0.100:0/4006638222 >> 10.194.0.189:6789/0 pipe(0x7f8c98007300 sd=-1 :0 s=1 pgs=0 cs=0 l=1 c=0x7f8c9800c5a0).writer: state = connecting policy.server=0
2017-02-02 08:12:04.748025 7f8ccc7f1700 10 -- 10.194.0.100:0/4006638222 >> 10.194.0.189:6789/0 pipe(0x7f8c98007300 sd=-1 :0 s=1 pgs=0 cs=0 l=1 c=0x7f8c9800c5a0).connect 0
2017-02-02 08:12:04.748030 7f8cc6ffd700 10 -- 10.194.0.100:0/4006638222 reaper reaped pipe 0x7f8c980026c0 10.194.0.189:6789/0
2017-02-02 08:12:04.748035 7f8cc6ffd700 10 -- 10.194.0.100:0/4006638222 reaper deleted pipe 0x7f8c980026c0
2017-02-02 08:12:04.748036 7f8cc6ffd700 10 -- 10.194.0.100:0/4006638222 reaper done
2017-02-02 08:12:04.748043 7f8ccc7f1700 10 -- 10.194.0.100:0/4006638222 >> 10.194.0.189:6789/0 pipe(0x7f8c98007300 sd=0 :0 s=1 pgs=0 cs=0 l=1 c=0x7f8c9800c5a0).connecting to 10.194.0.189:6789/0
2017-02-02 08:12:04.750441 7f8cccff2700 10 client.4151.objecter tick
2017-02-02 08:12:04.774717 7f8cc5ffb700 20 client.4151 trim_cache size 1 max 16384
2017-02-02 08:12:05.774838 7f8cc5ffb700 20 client.4151 trim_cache size 1 max 16384
2017-02-02 08:12:06.774973 7f8cc5ffb700 20 client.4151 trim_cache size 1 max 16384
2017-02-02 08:12:07.775110 7f8cc5ffb700 20 client.4151 trim_cache size 1 max 16384
2017-02-02 08:12:08.775250 7f8cc5ffb700 20 client.4151 trim_cache size 1 max 16384
2017-02-02 08:12:09.750610 7f8cccff2700 10 client.4151.objecter tick
2017-02-02 08:12:09.775396 7f8cc5ffb700 20 client.4151 trim_cache size 1 max 16384
2017-02-02 08:12:10.775535 7f8cc5ffb700 10 client.4151 renew_caps()
2017-02-02 08:12:10.775553 7f8cc5ffb700 15 client.4151 renew_caps requesting from mds.0
2017-02-02 08:12:10.775556 7f8cc5ffb700 10 client.4151 renew_caps mds.0
2017-02-02 08:12:10.775560 7f8cc5ffb700 1 -- 10.194.0.100:0/4006638222 --> 10.194.0.189:6816/31695 -- client_session(request_renewcaps seq 13) v2 -- ?+0 0x7f8c9c010ac0 con 0x5616c998ad60
2017-02-02 08:12:10.775576 7f8cc5ffb700 20 -- 10.194.0.100:0/4006638222 submit_message client_session(request_renewcaps seq 13) v2 remote, 10.194.0.189:6816/31695, have pipe.
2017-02-02 08:12:10.775608 7f8cc5ffb700 20 client.4151 trim_cache size 1 max 16384
2017-02-02 08:12:10.775622 7f8ccc6f0700 10 -- 10.194.0.100:0/4006638222 >> 10.194.0.189:6816/31695 pipe(0x5616c998ca10 sd=13 :31421 s=2 pgs=5 cs=1 l=0 c=0x5616c998ad60).writer: state = open policy.server=0
2017-02-02 08:12:10.775643 7f8ccc6f0700 20 -- 10.194.0.100:0/4006638222 >> 10.194.0.189:6816/31695 pipe(0x5616c998ca10 sd=13 :31421 s=2 pgs=5 cs=1 l=0 c=0x5616c998ad60).writer encoding 21 features 576460752032874495 0x7f8c9c010ac0 client_session(request_renewcaps seq 13) v2
2017-02-02 08:12:10.775689 7f8ccc6f0700 20 -- 10.194.0.100:0/4006638222 >> 10.194.0.189:6816/31695 pipe(0x5616c998ca10 sd=13 :31421 s=2 pgs=5 cs=1 l=0 c=0x5616c998ad60).writer signed seq # 21): sig = 15795695343831083554
2017-02-02 08:12:10.775701 7f8ccc6f0700 20 -- 10.194.0.100:0/4006638222 >> 10.194.0.189:6816/31695 pipe(0x5616c998ca10 sd=13 :31421 s=2 pgs=5 cs=1 l=0 c=0x5616c998ad60).writer sending 21 0x7f8c9c010ac0
2017-02-02 08:12:10.775716 7f8ccc6f0700 10 -- 10.194.0.100:0/4006638222 >> 10.194.0.189:6816/31695 pipe(0x5616c998ca10 sd=13 :31421 s=2 pgs=5 cs=1 l=0 c=0x5616c998ad60).writer: state = open policy.server=0
2017-02-02 08:12:10.775725 7f8ccc6f0700 20 -- 10.194.0.100:0/4006638222 >> 10.194.0.189:6816/31695 pipe(0x5616c998ca10 sd=13 :31421 s=2 pgs=5 cs=1 l=0 c=0x5616c998ad60).writer sleeping
2017-02-02 08:12:11.775674 7f8cc5ffb700 20 client.4151 trim_cache size 1 max 16384
2017-02-02 08:12:12.775798 7f8cc5ffb700 20 client.4151 trim_cache size 1 max 16384
2017-02-02 08:12:13.775920 7f8cc5ffb700 20 client.4151 trim_cache size 1 max 16384
2017-02-02 08:12:14.750792 7f8cccff2700 10 client.4151.objecter tick
2017-02-02 08:12:14.776041 7f8cc5ffb700 20 client.4151 trim_cache size 1 max 16384
2017-02-02 08:12:15.776165 7f8cc5ffb700 20 client.4151 trim_cache size 1 max 16384
2017-02-02 08:12:16.776284 7f8cc5ffb700 20 client.4151 trim_cache size 1 max 16384
2017-02-02 08:12:17.776426 7f8cc5ffb700 20 client.4151 trim_cache size 1 max 16384
2017-02-02 08:12:18.776565 7f8cc5ffb700 20 client.4151 trim_cache size 1 max 16384
2017-02-02 08:12:19.750953 7f8cccff2700 10 client.4151.objecter tick
2017-02-02 08:12:19.776714 7f8cc5ffb700 20 client.4151 trim_cache size 1 max 16384
2017-02-02 08:12:20.776860 7f8cc5ffb700 20 client.4151 trim_cache size 1 max 16384
2017-02-02 08:12:21.777021 7f8cc5ffb700 20 client.4151 trim_cache size 1 max 16384
2017-02-02 08:12:22.777144 7f8cc5ffb700 20 client.4151 trim_cache size 1 max 16384
2017-02-02 08:12:23.777260 7f8cc5ffb700 20 client.4151 trim_cache size 1 max 16384
2017-02-02 08:12:24.751112 7f8cccff2700 10 client.4151.objecter tick
2017-02-02 08:12:24.777402 7f8cc5ffb700 20 client.4151 trim_cache size 1 max 16384
2017-02-02 08:12:25.777556 7f8cc5ffb700 20 client.4151 trim_cache size 1 max 16384
2017-02-02 08:12:26.777698 7f8cc5ffb700 20 client.4151 trim_cache size 1 max 16384
2017-02-02 08:12:27.777845 7f8cc5ffb700 20 client.4151 trim_cache size 1 max 16384
2017-02-02 08:12:28.777991 7f8cc5ffb700 20 client.4151 trim_cache size 1 max 16384
2017-02-02 08:12:29.751284 7f8cccff2700 10 client.4151.objecter tick
2017-02-02 08:12:29.778138 7f8cc5ffb700 20 client.4151 trim_cache size 1 max 16384
2017-02-02 08:12:30.778286 7f8cc5ffb700 10 client.4151 renew_caps()
2017-02-02 08:12:30.778321 7f8cc5ffb700 15 client.4151 renew_caps requesting from mds.0
2017-02-02 08:12:30.778323 7f8cc5ffb700 10 client.4151 renew_caps mds.0
2017-02-02 08:12:30.778326 7f8cc5ffb700 1 -- 10.194.0.100:0/4006638222 --> 10.194.0.189:6816/31695 -- client_session(request_renewcaps seq 14) v2 -- ?+0 0x7f8c9c012240 con 0x5616c998ad60
2017-02-02 08:12:30.778336 7f8cc5ffb700 20 -- 10.194.0.100:0/4006638222 submit_message client_session(request_renewcaps seq 14) v2 remote, 10.194.0.189:6816/31695, have pipe.
2017-02-02 08:12:30.778344 7f8cc5ffb700 20 client.4151 trim_cache size 1 max 16384
2017-02-02 08:12:30.778365 7f8ccc6f0700 10 -- 10.194.0.100:0/4006638222 >> 10.194.0.189:6816/31695 pipe(0x5616c998ca10 sd=13 :31421 s=2 pgs=5 cs=1 l=0 c=0x5616c998ad60).writer: state = open policy.server=0
2017-02-02 08:12:30.778386 7f8ccc6f0700 20 -- 10.194.0.100:0/4006638222 >> 10.194.0.189:6816/31695 pipe(0x5616c998ca10 sd=13 :31421 s=2 pgs=5 cs=1 l=0 c=0x5616c998ad60).writer encoding 22 features 576460752032874495 0x7f8c9c012240 client_session(request_renewcaps seq 14) v2
2017-02-02 08:12:30.778431 7f8ccc6f0700 20 -- 10.194.0.100:0/4006638222 >> 10.194.0.189:6816/31695 pipe(0x5616c998ca10 sd=13 :31421 s=2 pgs=5 cs=1 l=0 c=0x5616c998ad60).writer signed seq # 22): sig = 5012611678169528251
2017-02-02 08:12:30.778443 7f8ccc6f0700 20 -- 10.194.0.100:0/4006638222 >> 10.194.0.189:6816/31695 pipe(0x5616c998ca10 sd=13 :31421 s=2 pgs=5 cs=1 l=0 c=0x5616c998ad60).writer sending 22 0x7f8c9c012240
2017-02-02 08:12:30.778458 7f8ccc6f0700 10 -- 10.194.0.100:0/4006638222 >> 10.194.0.189:6816/31695 pipe(0x5616c998ca10 sd=13 :31421 s=2 pgs=5 cs=1 l=0 c=0x5616c998ad60).writer: state = open policy.server=0
2017-02-02 08:12:30.778464 7f8ccc6f0700 20 -- 10.194.0.100:0/4006638222 >> 10.194.0.189:6816/31695 pipe(0x5616c998ca10 sd=13 :31421 s=2 pgs=5 cs=1 l=0 c=0x5616c998ad60).writer sleeping
2017-02-02 08:12:31.778423 7f8cc5ffb700 20 client.4151 trim_cache size 1 max 16384
2017-02-02 08:12:32.778565 7f8cc5ffb700 20 client.4151 trim_cache size 1 max 16384
2017-02-02 08:12:33.778714 7f8cc5ffb700 20 client.4151 trim_cache size 1 max 16384
2017-02-02 08:12:34.748115 7f8cc3ff7700 1 -- 10.194.0.100:0/4006638222 mark_down 0x7f8c9800c5a0 -- 0x7f8c98007300
2017-02-02 08:12:34.748125 7f8cc3ff7700 10 -- 10.194.0.100:0/4006638222 >> 10.194.0.189:6789/0 pipe(0x7f8c98007300 sd=0 :0 s=1 pgs=0 cs=0 l=1 c=0x7f8c9800c5a0).unregister_pipe
2017-02-02 08:12:34.748131 7f8cc3ff7700 10 -- 10.194.0.100:0/4006638222 >> 10.194.0.189:6789/0 pipe(0x7f8c98007300 sd=0 :0 s=1 pgs=0 cs=0 l=1 c=0x7f8c9800c5a0).stop
2017-02-02 08:12:34.748146 7f8cc3ff7700 10 -- 10.194.0.100:0/4006638222 connect_rank to 10.194.0.189:6789/0, creating pipe and registering
2017-02-02 08:12:34.748174 7f8cc3ff7700 10 -- 10.194.0.100:0/4006638222 >> 10.194.0.189:6789/0 pipe(0x7f8c980026c0 sd=-1 :0 s=1 pgs=0 cs=0 l=1 c=0x7f8c9800d580).register_pipe
2017-02-02 08:12:34.748166 7f8ccc7f1700 2 -- 10.194.0.100:0/4006638222 >> 10.194.0.189:6789/0 pipe(0x7f8c98007300 sd=0 :0 s=4 pgs=0 cs=0 l=1 c=0x7f8c9800c5a0).connect error 10.194.0.189:6789/0, (104) Connection reset by peer
2017-02-02 08:12:34.748184 7f8cc3ff7700 10 -- 10.194.0.100:0/4006638222 get_connection mon.0 10.194.0.189:6789/0 new 0x7f8c980026c0
2017-02-02 08:12:34.748186 7f8ccc7f1700 3 -- 10.194.0.100:0/4006638222 >> 10.194.0.189:6789/0 pipe(0x7f8c98007300 sd=0 :0 s=4 pgs=0 cs=0 l=1 c=0x7f8c9800c5a0).connect fault, but state = closed != connecting, stopping
2017-02-02 08:12:34.748193 7f8cc3ff7700 20 -- 10.194.0.100:0/4006638222 send_keepalive con 0x7f8c9800d580, have pipe.
2017-02-02 08:12:34.748192 7f8ccc7f1700 20 -- 10.194.0.100:0/4006638222 >> 10.194.0.189:6789/0 pipe(0x7f8c98007300 sd=0 :0 s=4 pgs=0 cs=0 l=1 c=0x7f8c9800c5a0).writer finishing
2017-02-02 08:12:34.748200 7f8ccc7f1700 10 -- 10.194.0.100:0/4006638222 queue_reap 0x7f8c98007300
2017-02-02 08:12:34.748206 7f8cc3ff7700 1 -- 10.194.0.100:0/4006638222 --> 10.194.0.189:6789/0 -- auth(proto 0 31 bytes epoch 1) v1 -- ?+0 0x7f8c9800db10 con 0x7f8c9800d580
2017-02-02 08:12:34.748210 7f8cc3ff7700 20 -- 10.194.0.100:0/4006638222 submit_message auth(proto 0 31 bytes epoch 1) v1 remote, 10.194.0.189:6789/0, have pipe.
2017-02-02 08:12:34.748213 7f8ccc7f1700 10 -- 10.194.0.100:0/4006638222 >> 10.194.0.189:6789/0 pipe(0x7f8c98007300 sd=0 :0 s=4 pgs=0 cs=0 l=1 c=0x7f8c9800c5a0).writer done
2017-02-02 08:12:34.748225 7f8cc6ffd700 10 -- 10.194.0.100:0/4006638222 reaper
2017-02-02 08:12:34.748232 7f8cc6ffd700 10 -- 10.194.0.100:0/4006638222 reaper reaping pipe 0x7f8c98007300 10.194.0.189:6789/0
2017-02-02 08:12:34.748237 7f8cc6ffd700 10 -- 10.194.0.100:0/4006638222 >> 10.194.0.189:6789/0 pipe(0x7f8c98007300 sd=0 :0 s=4 pgs=0 cs=0 l=1 c=0x7f8c9800c5a0).discard_queue
2017-02-02 08:12:34.748248 7f8ccc4ee700 10 -- 10.194.0.100:0/4006638222 >> 10.194.0.189:6789/0 pipe(0x7f8c980026c0 sd=-1 :0 s=1 pgs=0 cs=0 l=1 c=0x7f8c9800d580).writer: state = connecting policy.server=0
2017-02-02 08:12:34.748253 7f8cc6ffd700 20 -- 10.194.0.100:0/4006638222 >> 10.194.0.189:6789/0 pipe(0x7f8c98007300 sd=0 :0 s=4 pgs=0 cs=0 l=1 c=0x7f8c9800c5a0). discard 0x7f8c9800cb60
2017-02-02 08:12:34.748259 7f8cc6ffd700 10 -- 10.194.0.100:0/4006638222 >> 10.194.0.189:6789/0 pipe(0x7f8c98007300 sd=0 :0 s=4 pgs=0 cs=0 l=1 c=0x7f8c9800c5a0).unregister_pipe - not registered
2017-02-02 08:12:34.748256 7f8ccc4ee700 10 -- 10.194.0.100:0/4006638222 >> 10.194.0.189:6789/0 pipe(0x7f8c980026c0 sd=-1 :0 s=1 pgs=0 cs=0 l=1 c=0x7f8c9800d580).connect 0
2017-02-02 08:12:34.748263 7f8cc6ffd700 20 -- 10.194.0.100:0/4006638222 >> 10.194.0.189:6789/0 pipe(0x7f8c98007300 sd=0 :0 s=4 pgs=0 cs=0 l=1 c=0x7f8c9800c5a0).join
2017-02-02 08:12:34.748274 7f8cc6ffd700 10 -- 10.194.0.100:0/4006638222 reaper reaped pipe 0x7f8c98007300 10.194.0.189:6789/0
2017-02-02 08:12:34.748278 7f8cc6ffd700 10 -- 10.194.0.100:0/4006638222 reaper deleted pipe 0x7f8c98007300
2017-02-02 08:12:34.748280 7f8cc6ffd700 10 -- 10.194.0.100:0/4006638222 reaper done
2017-02-02 08:12:34.748278 7f8ccc4ee700 10 -- 10.194.0.100:0/4006638222 >> 10.194.0.189:6789/0 pipe(0x7f8c980026c0 sd=0 :0 s=1 pgs=0 cs=0 l=1 c=0x7f8c9800d580).connecting to 10.194.0.189:6789/0
2017-02-02 08:12:34.751424 7f8cccff2700 10 client.4151.objecter tick
2017-02-02 08:12:34.778836 7f8cc5ffb700 20 client.4151 trim_cache size 1 max 16384
2017-02-02 08:12:35.778984 7f8cc5ffb700 20 client.4151 trim_cache size 1 max 16384
2017-02-02 08:12:36.779135 7f8cc5ffb700 20 client.4151 trim_cache size 1 max 16384
2017-02-02 08:12:37.779282 7f8cc5ffb700 20 client.4151 trim_cache size 1 max 16384
2017-02-02 08:12:38.779426 7f8cc5ffb700 20 client.4151 trim_cache size 1 max 16384
2017-02-02 08:12:39.751553 7f8cccff2700 10 client.4151.objecter tick
2017-02-02 08:12:39.779546 7f8cc5ffb700 20 client.4151 trim_cache size 1 max 16384
2017-02-02 08:12:40.779692 7f8cc5ffb700 20 client.4151 trim_cache size 1 max 16384
2017-02-02 08:12:41.779849 7f8cc5ffb700 20 client.4151 trim_cache size 1 max 16384
2017-02-02 08:12:42.779992 7f8cc5ffb700 20 client.4151 trim_cache size 1 max 16384
2017-02-02 08:12:43.780137 7f8cc5ffb700 20 client.4151 trim_cache size 1 max 16384
2017-02-02 08:12:44.751715 7f8cccff2700 10 client.4151.objecter tick
2017-02-02 08:12:44.780255 7f8cc5ffb700 20 client.4151 trim_cache size 1 max 16384
2017-02-02 08:12:45.780382 7f8cc5ffb700 20 client.4151 trim_cache size 1 max 16384
2017-02-02 08:12:46.780527 7f8cc5ffb700 20 client.4151 trim_cache size 1 max 16384
2017-02-02 08:12:47.780671 7f8cc5ffb700 20 client.4151 trim_cache size 1 max 16384
2017-02-02 08:12:48.780826 7f8cc5ffb700 20 client.4151 trim_cache size 1 max 16384
2017-02-02 08:12:49.751865 7f8cccff2700 10 client.4151.objecter tick
2017-02-02 08:12:49.780970 7f8cc5ffb700 20 client.4151 trim_cache size 1 max 16384
2017-02-02 08:12:50.781106 7f8cc5ffb700 10 client.4151 renew_caps()
2017-02-02 08:12:50.781123 7f8cc5ffb700 15 client.4151 renew_caps requesting from mds.0
2017-02-02 08:12:50.781127 7f8cc5ffb700 10 client.4151 renew_caps mds.0
2017-02-02 08:12:50.781132 7f8cc5ffb700 1 -- 10.194.0.100:0/4006638222 --> 10.194.0.189:6816/31695 -- client_session(request_renewcaps seq 15) v2 -- ?+0 0x7f8c9c0139c0 con 0x5616c998ad60
2017-02-02 08:12:50.781147 7f8cc5ffb700 20 -- 10.194.0.100:0/4006638222 submit_message client_session(request_renewcaps seq 15) v2 remote, 10.194.0.189:6816/31695, have pipe.
2017-02-02 08:12:50.781163 7f8cc5ffb700 20 client.4151 trim_cache size 1 max 16384
2017-02-02 08:12:50.781197 7f8ccc6f0700 10 -- 10.194.0.100:0/4006638222 >> 10.194.0.189:6816/31695 pipe(0x5616c998ca10 sd=13 :31421 s=2 pgs=5 cs=1 l=0 c=0x5616c998ad60).writer: state = open policy.server=0
2017-02-02 08:12:50.781240 7f8ccc6f0700 20 -- 10.194.0.100:0/4006638222 >> 10.194.0.189:6816/31695 pipe(0x5616c998ca10 sd=13 :31421 s=2 pgs=5 cs=1 l=0 c=0x5616c998ad60).writer encoding 23 features 576460752032874495 0x7f8c9c0139c0 client_session(request_renewcaps seq 15) v2
2017-02-02 08:12:50.781320 7f8ccc6f0700 20 -- 10.194.0.100:0/4006638222 >> 10.194.0.189:6816/31695 pipe(0x5616c998ca10 sd=13 :31421 s=2 pgs=5 cs=1 l=0 c=0x5616c998ad60).writer signed seq # 23): sig = 5296510047517749087
2017-02-02 08:12:50.781345 7f8ccc6f0700 20 -- 10.194.0.100:0/4006638222 >> 10.194.0.189:6816/31695 pipe(0x5616c998ca10 sd=13 :31421 s=2 pgs=5 cs=1 l=0 c=0x5616c998ad60).writer sending 23 0x7f8c9c0139c0
2017-02-02 08:12:50.781383 7f8ccc6f0700 10 -- 10.194.0.100:0/4006638222 >> 10.194.0.189:6816/31695 pipe(0x5616c998ca10 sd=13 :31421 s=2 pgs=5 cs=1 l=0 c=0x5616c998ad60).writer: state = open policy.server=0
2017-02-02 08:12:50.781389 7f8ccc6f0700 20 -- 10.194.0.100:0/4006638222 >> 10.194.0.189:6816/31695 pipe(0x5616c998ca10 sd=13 :31421 s=2 pgs=5 cs=1 l=0 c=0x5616c998ad60).writer sleeping
2017-02-02 08:12:51.781247 7f8cc5ffb700 20 client.4151 trim_cache size 1 max 16384
2017-02-02 08:12:52.781399 7f8cc5ffb700 20 client.4151 trim_cache size 1 max 16384
2017-02-02 08:12:53.781534 7f8cc5ffb700 20 client.4151 trim_cache size 1 max 16384
2017-02-02 08:12:54.752022 7f8cccff2700 10 client.4151.objecter tick
2017-02-02 08:12:54.781683 7f8cc5ffb700 20 client.4151 trim_cache size 1 max 16384
2017-02-02 08:12:55.781839 7f8cc5ffb700 20 client.4151 trim_cache size 1 max 16384
2017-02-02 08:12:56.781959 7f8cc5ffb700 20 client.4151 trim_cache size 1 max 16384
2017-02-02 08:12:57.782099 7f8cc5ffb700 20 client.4151 trim_cache size 1 max 16384
2017-02-02 08:12:58.782231 7f8cc5ffb700 20 client.4151 trim_cache size 1 max 16384
2017-02-02 08:12:59.752189 7f8cccff2700 10 client.4151.objecter tick
2017-02-02 08:12:59.782370 7f8cc5ffb700 20 client.4151 trim_cache size 1 max 16384
2017-02-02 08:13:00.782498 7f8cc5ffb700 20 client.4151 trim_cache size 1 max 16384
2017-02-02 08:13:01.782615 7f8cc5ffb700 20 client.4151 trim_cache size 1 max 16384
2017-02-02 08:13:02.782763 7f8cc5ffb700 20 client.4151 trim_cache size 1 max 16384
2017-02-02 08:13:03.782916 7f8cc5ffb700 20 client.4151 trim_cache size 1 max 16384
2017-02-02 08:13:04.748388 7f8cc3ff7700 1 -- 10.194.0.100:0/4006638222 mark_down 0x7f8c9800d580 -- 0x7f8c980026c0
2017-02-02 08:13:04.748395 7f8cc3ff7700 10 -- 10.194.0.100:0/4006638222 >> 10.194.0.189:6789/0 pipe(0x7f8c980026c0 sd=0 :0 s=1 pgs=0 cs=0 l=1 c=0x7f8c9800d580).unregister_pipe
2017-02-02 08:13:04.748400 7f8cc3ff7700 10 -- 10.194.0.100:0/4006638222 >> 10.194.0.189:6789/0 pipe(0x7f8c980026c0 sd=0 :0 s=1 pgs=0 cs=0 l=1 c=0x7f8c9800d580).stop
2017-02-02 08:13:04.748413 7f8cc3ff7700 10 -- 10.194.0.100:0/4006638222 connect_rank to 10.194.0.189:6789/0, creating pipe and registering
2017-02-02 08:13:04.748439 7f8cc3ff7700 10 -- 10.194.0.100:0/4006638222 >> 10.194.0.189:6789/0 pipe(0x7f8c98007300 sd=-1 :0 s=1 pgs=0 cs=0 l=1 c=0x7f8c9800e7f0).register_pipe
2017-02-02 08:13:04.748429 7f8ccc4ee700 2 -- 10.194.0.100:0/4006638222 >> 10.194.0.189:6789/0 pipe(0x7f8c980026c0 sd=0 :0 s=4 pgs=0 cs=0 l=1 c=0x7f8c9800d580).connect error 10.194.0.189:6789/0, (104) Connection reset by peer
2017-02-02 08:13:04.748448 7f8cc3ff7700 10 -- 10.194.0.100:0/4006638222 get_connection mon.0 10.194.0.189:6789/0 new 0x7f8c98007300
2017-02-02 08:13:04.748450 7f8ccc4ee700 3 -- 10.194.0.100:0/4006638222 >> 10.194.0.189:6789/0 pipe(0x7f8c980026c0 sd=0 :0 s=4 pgs=0 cs=0 l=1 c=0x7f8c9800d580).connect fault, but state = closed != connecting, stopping
2017-02-02 08:13:04.748457 7f8cc3ff7700 20 -- 10.194.0.100:0/4006638222 send_keepalive con 0x7f8c9800e7f0, have pipe.
2017-02-02 08:13:04.748457 7f8ccc4ee700 20 -- 10.194.0.100:0/4006638222 >> 10.194.0.189:6789/0 pipe(0x7f8c980026c0 sd=0 :0 s=4 pgs=0 cs=0 l=1 c=0x7f8c9800d580).writer finishing
2017-02-02 08:13:04.748465 7f8ccc4ee700 10 -- 10.194.0.100:0/4006638222 queue_reap 0x7f8c980026c0
2017-02-02 08:13:04.748469 7f8cc3ff7700 1 -- 10.194.0.100:0/4006638222 --> 10.194.0.189:6789/0 -- auth(proto 0 31 bytes epoch 1) v1 -- ?+0 0x7f8c9800ed80 con 0x7f8c9800e7f0
2017-02-02 08:13:04.748473 7f8cc3ff7700 20 -- 10.194.0.100:0/4006638222 submit_message auth(proto 0 31 bytes epoch 1) v1 remote, 10.194.0.189:6789/0, have pipe.
2017-02-02 08:13:04.748482 7f8ccc4ee700 10 -- 10.194.0.100:0/4006638222 >> 10.194.0.189:6789/0 pipe(0x7f8c980026c0 sd=0 :0 s=4 pgs=0 cs=0 l=1 c=0x7f8c9800d580).writer done
2017-02-02 08:13:04.748493 7f8cc6ffd700 10 -- 10.194.0.100:0/4006638222 reaper
2017-02-02 08:13:04.748503 7f8cc6ffd700 10 -- 10.194.0.100:0/4006638222 reaper reaping pipe 0x7f8c980026c0 10.194.0.189:6789/0
2017-02-02 08:13:04.748514 7f8cc6ffd700 10 -- 10.194.0.100:0/4006638222 >> 10.194.0.189:6789/0 pipe(0x7f8c980026c0 sd=0 :0 s=4 pgs=0 cs=0 l=1 c=0x7f8c9800d580).discard_queue
2017-02-02 08:13:04.748518 7f8cc6ffd700 20 -- 10.194.0.100:0/4006638222 >> 10.194.0.189:6789/0 pipe(0x7f8c980026c0 sd=0 :0 s=4 pgs=0 cs=0 l=1 c=0x7f8c9800d580). discard 0x7f8c9800db10
2017-02-02 08:13:04.748523 7f8cc6ffd700 10 -- 10.194.0.100:0/4006638222 >> 10.194.0.189:6789/0 pipe(0x7f8c980026c0 sd=0 :0 s=4 pgs=0 cs=0 l=1 c=0x7f8c9800d580).unregister_pipe - not registered
2017-02-02 08:13:04.748518 7f8ccc7f1700 10 -- 10.194.0.100:0/4006638222 >> 10.194.0.189:6789/0 pipe(0x7f8c98007300 sd=-1 :0 s=1 pgs=0 cs=0 l=1 c=0x7f8c9800e7f0).writer: state = connecting policy.server=0
2017-02-02 08:13:04.748526 7f8cc6ffd700 20 -- 10.194.0.100:0/4006638222 >> 10.194.0.189:6789/0 pipe(0x7f8c980026c0 sd=0 :0 s=4 pgs=0 cs=0 l=1 c=0x7f8c9800d580).join
2017-02-02 08:13:04.748527 7f8ccc7f1700 10 -- 10.194.0.100:0/4006638222 >> 10.194.0.189:6789/0 pipe(0x7f8c98007300 sd=-1 :0 s=1 pgs=0 cs=0 l=1 c=0x7f8c9800e7f0).connect 0
2017-02-02 08:13:04.748536 7f8cc6ffd700 10 -- 10.194.0.100:0/4006638222 reaper reaped pipe 0x7f8c980026c0 10.194.0.189:6789/0
2017-02-02 08:13:04.748541 7f8cc6ffd700 10 -- 10.194.0.100:0/4006638222 reaper deleted pipe 0x7f8c980026c0
2017-02-02 08:13:04.748542 7f8cc6ffd700 10 -- 10.194.0.100:0/4006638222 reaper done
2017-02-02 08:13:04.748539 7f8ccc7f1700 10 -- 10.194.0.100:0/4006638222 >> 10.194.0.189:6789/0 pipe(0x7f8c98007300 sd=0 :0 s=1 pgs=0 cs=0 l=1 c=0x7f8c9800e7f0).connecting to 10.194.0.189:6789/0
2017-02-02 08:13:04.752349 7f8cccff2700 10 client.4151.objecter tick
2017-02-02 08:13:04.783058 7f8cc5ffb700 20 client.4151 trim_cache size 1 max 16384
2017-02-02 08:13:05.783204 7f8cc5ffb700 20 client.4151 trim_cache size 1 max 16384
2017-02-02 08:13:06.783351 7f8cc5ffb700 20 client.4151 trim_cache size 1 max 16384
2017-02-02 08:13:07.783493 7f8cc5ffb700 20 client.4151 trim_cache size 1 max 16384
2017-02-02 08:13:08.783614 7f8cc5ffb700 20 client.4151 trim_cache size 1 max 16384
2017-02-02 08:13:09.752539 7f8cccff2700 10 client.4151.objecter tick
2017-02-02 08:13:09.783750 7f8cc5ffb700 20 client.4151 trim_cache size 1 max 16384
2017-02-02 08:13:10.783891 7f8cc5ffb700 10 client.4151 renew_caps()
2017-02-02 08:13:10.783903 7f8cc5ffb700 15 client.4151 renew_caps requesting from mds.0
2017-02-02 08:13:10.783906 7f8cc5ffb700 10 client.4151 renew_caps mds.0
2017-02-02 08:13:10.783908 7f8cc5ffb700 1 -- 10.194.0.100:0/4006638222 --> 10.194.0.189:6816/31695 -- client_session(request_renewcaps seq 16) v2 -- ?+0 0x7f8c9c015140 con 0x5616c998ad60
2017-02-02 08:13:10.783917 7f8cc5ffb700 20 -- 10.194.0.100:0/4006638222 submit_message client_session(request_renewcaps seq 16) v2 remote, 10.194.0.189:6816/31695, have pipe.
2017-02-02 08:13:10.783925 7f8cc5ffb700 20 client.4151 trim_cache size 1 max 16384
2017-02-02 08:13:10.783940 7f8ccc6f0700 10 -- 10.194.0.100:0/4006638222 >> 10.194.0.189:6816/31695 pipe(0x5616c998ca10 sd=13 :31421 s=2 pgs=5 cs=1 l=0 c=0x5616c998ad60).writer: state = open policy.server=0
2017-02-02 08:13:10.783963 7f8ccc6f0700 20 -- 10.194.0.100:0/4006638222 >> 10.194.0.189:6816/31695 pipe(0x5616c998ca10 sd=13 :31421 s=2 pgs=5 cs=1 l=0 c=0x5616c998ad60).writer encoding 24 features 576460752032874495 0x7f8c9c015140 client_session(request_renewcaps seq 16) v2
2017-02-02 08:13:10.784009 7f8ccc6f0700 20 -- 10.194.0.100:0/4006638222 >> 10.194.0.189:6816/31695 pipe(0x5616c998ca10 sd=13 :31421 s=2 pgs=5 cs=1 l=0 c=0x5616c998ad60).writer signed seq # 24): sig = 12168265161991641632
2017-02-02 08:13:10.784021 7f8ccc6f0700 20 -- 10.194.0.100:0/4006638222 >> 10.194.0.189:6816/31695 pipe(0x5616c998ca10 sd=13 :31421 s=2 pgs=5 cs=1 l=0 c=0x5616c998ad60).writer sending 24 0x7f8c9c015140
2017-02-02 08:13:10.784035 7f8ccc6f0700 10 -- 10.194.0.100:0/4006638222 >> 10.194.0.189:6816/31695 pipe(0x5616c998ca10 sd=13 :31421 s=2 pgs=5 cs=1 l=0 c=0x5616c998ad60).writer: state = open policy.server=0
2017-02-02 08:13:10.784040 7f8ccc6f0700 20 -- 10.194.0.100:0/4006638222 >> 10.194.0.189:6816/31695 pipe(0x5616c998ca10 sd=13 :31421 s=2 pgs=5 cs=1 l=0 c=0x5616c998ad60).writer sleeping
2017-02-02 08:13:11.784036 7f8cc5ffb700 20 client.4151 trim_cache size 1 max 16384
2017-02-02 08:13:12.784193 7f8cc5ffb700 20 client.4151 trim_cache size 1 max 16384
2017-02-02 08:13:13.784314 7f8cc5ffb700 20 client.4151 trim_cache size 1 max 16384
2017-02-02 08:13:14.752699 7f8cccff2700 10 client.4151.objecter tick
2017-02-02 08:13:14.784454 7f8cc5ffb700 20 client.4151 trim_cache size 1 max 16384
2017-02-02 08:13:15.784602 7f8cc5ffb700 20 client.4151 trim_cache size 1 max 16384
2017-02-02 08:13:16.784740 7f8cc5ffb700 20 client.4151 trim_cache size 1 max 16384
2017-02-02 08:13:17.784881 7f8cc5ffb700 20 client.4151 trim_cache size 1 max 16384
2017-02-02 08:13:18.785015 7f8cc5ffb700 20 client.4151 trim_cache size 1 max 16384
2017-02-02 08:13:19.752896 7f8cccff2700 10 client.4151.objecter tick
2017-02-02 08:13:19.785153 7f8cc5ffb700 20 client.4151 trim_cache size 1 max 16384
2017-02-02 08:13:20.785294 7f8cc5ffb700 20 client.4151 trim_cache size 1 max 16384
2017-02-02 08:13:21.785433 7f8cc5ffb700 20 client.4151 trim_cache size 1 max 16384
2017-02-02 08:13:22.785576 7f8cc5ffb700 20 client.4151 trim_cache size 1 max 16384
2017-02-02 08:13:23.785709 7f8cc5ffb700 20 client.4151 trim_cache size 1 max 16384
2017-02-02 08:13:24.753090 7f8cccff2700 10 client.4151.objecter tick
2017-02-02 08:13:24.785851 7f8cc5ffb700 20 client.4151 trim_cache size 1 max 16384
2017-02-02 08:13:25.785991 7f8cc5ffb700 20 client.4151 trim_cache size 1 max 16384
2017-02-02 08:13:26.786126 7f8cc5ffb700 20 client.4151 trim_cache size 1 max 16384
2017-02-02 08:13:27.786266 7f8cc5ffb700 20 client.4151 trim_cache size 1 max 16384
2017-02-02 08:13:28.786417 7f8cc5ffb700 20 client.4151 trim_cache size 1 max 16384
2017-02-02 08:13:29.753250 7f8cccff2700 10 client.4151.objecter tick
2017-02-02 08:13:29.786569 7f8cc5ffb700 20 client.4151 trim_cache size 1 max 16384
2017-02-02 08:13:30.786719 7f8cc5ffb700 10 client.4151 renew_caps()
2017-02-02 08:13:30.786738 7f8cc5ffb700 15 client.4151 renew_caps requesting from mds.0
2017-02-02 08:13:30.786742 7f8cc5ffb700 10 client.4151 renew_caps mds.0
2017-02-02 08:13:30.786747 7f8cc5ffb700 1 -- 10.194.0.100:0/4006638222 --> 10.194.0.189:6816/31695 -- client_session(request_renewcaps seq 17) v2 -- ?+0 0x7f8c9c0168c0 con 0x5616c998ad60
2017-02-02 08:13:30.786763 7f8cc5ffb700 20 -- 10.194.0.100:0/4006638222 submit_message client_session(request_renewcaps seq 17) v2 remote, 10.194.0.189:6816/31695, have pipe.
2017-02-02 08:13:30.786779 7f8cc5ffb700 20 client.4151 trim_cache size 1 max 16384
2017-02-02 08:13:30.786809 7f8ccc6f0700 10 -- 10.194.0.100:0/4006638222 >> 10.194.0.189:6816/31695 pipe(0x5616c998ca10 sd=13 :31421 s=2 pgs=5 cs=1 l=0 c=0x5616c998ad60).writer: state = open policy.server=0
2017-02-02 08:13:30.786845 7f8ccc6f0700 20 -- 10.194.0.100:0/4006638222 >> 10.194.0.189:6816/31695 pipe(0x5616c998ca10 sd=13 :31421 s=2 pgs=5 cs=1 l=0 c=0x5616c998ad60).writer encoding 25 features 576460752032874495 0x7f8c9c0168c0 client_session(request_renewcaps seq 17) v2
2017-02-02 08:13:30.786929 7f8ccc6f0700 20 -- 10.194.0.100:0/4006638222 >> 10.194.0.189:6816/31695 pipe(0x5616c998ca10 sd=13 :31421 s=2 pgs=5 cs=1 l=0 c=0x5616c998ad60).writer signed seq # 25): sig = 8928944135289571615
2017-02-02 08:13:30.786955 7f8ccc6f0700 20 -- 10.194.0.100:0/4006638222 >> 10.194.0.189:6816/31695 pipe(0x5616c998ca10 sd=13 :31421 s=2 pgs=5 cs=1 l=0 c=0x5616c998ad60).writer sending 25 0x7f8c9c0168c0
2017-02-02 08:13:30.786981 7f8ccc6f0700 10 -- 10.194.0.100:0/4006638222 >> 10.194.0.189:6816/31695 pipe(0x5616c998ca10 sd=13 :31421 s=2 pgs=5 cs=1 l=0 c=0x5616c998ad60).writer: state = open policy.server=0
2017-02-02 08:13:30.786993 7f8ccc6f0700 20 -- 10.194.0.100:0/4006638222 >> 10.194.0.189:6816/31695 pipe(0x5616c998ca10 sd=13 :31421 s=2 pgs=5 cs=1 l=0 c=0x5616c998ad60).writer sleeping
2017-02-02 08:13:31.786869 7f8cc5ffb700 20 client.4151 trim_cache size 1 max 16384
2017-02-02 08:13:32.787015 7f8cc5ffb700 20 client.4151 trim_cache size 1 max 16384
2017-02-02 08:13:33.787165 7f8cc5ffb700 20 client.4151 trim_cache size 1 max 16384
2017-02-02 08:13:34.748684 7f8cc3ff7700 1 -- 10.194.0.100:0/4006638222 mark_down 0x7f8c9800e7f0 -- 0x7f8c98007300
2017-02-02 08:13:34.748695 7f8cc3ff7700 10 -- 10.194.0.100:0/4006638222 >> 10.194.0.189:6789/0 pipe(0x7f8c98007300 sd=0 :0 s=1 pgs=0 cs=0 l=1 c=0x7f8c9800e7f0).unregister_pipe
2017-02-02 08:13:34.748705 7f8cc3ff7700 10 -- 10.194.0.100:0/4006638222 >> 10.194.0.189:6789/0 pipe(0x7f8c98007300 sd=0 :0 s=1 pgs=0 cs=0 l=1 c=0x7f8c9800e7f0).stop
2017-02-02 08:13:34.748729 7f8cc3ff7700 10 -- 10.194.0.100:0/4006638222 connect_rank to 10.194.0.189:6789/0, creating pipe and registering
2017-02-02 08:13:34.748775 7f8cc3ff7700 10 -- 10.194.0.100:0/4006638222 >> 10.194.0.189:6789/0 pipe(0x7f8c980026c0 sd=-1 :0 s=1 pgs=0 cs=0 l=1 c=0x7f8c9800f8e0).register_pipe
2017-02-02 08:13:34.748757 7f8ccc7f1700 2 -- 10.194.0.100:0/4006638222 >> 10.194.0.189:6789/0 pipe(0x7f8c98007300 sd=0 :0 s=4 pgs=0 cs=0 l=1 c=0x7f8c9800e7f0).connect error 10.194.0.189:6789/0, (104) Connection reset by peer
2017-02-02 08:13:34.748793 7f8cc3ff7700 10 -- 10.194.0.100:0/4006638222 get_connection mon.0 10.194.0.189:6789/0 new 0x7f8c980026c0
2017-02-02 08:13:34.748798 7f8ccc7f1700 3 -- 10.194.0.100:0/4006638222 >> 10.194.0.189:6789/0 pipe(0x7f8c98007300 sd=0 :0 s=4 pgs=0 cs=0 l=1 c=0x7f8c9800e7f0).connect fault, but state = closed != connecting, stopping
2017-02-02 08:13:34.748808 7f8cc3ff7700 20 -- 10.194.0.100:0/4006638222 send_keepalive con 0x7f8c9800f8e0, have pipe.
2017-02-02 08:13:34.748811 7f8ccc7f1700 20 -- 10.194.0.100:0/4006638222 >> 10.194.0.189:6789/0 pipe(0x7f8c98007300 sd=0 :0 s=4 pgs=0 cs=0 l=1 c=0x7f8c9800e7f0).writer finishing
2017-02-02 08:13:34.748825 7f8ccc7f1700 10 -- 10.194.0.100:0/4006638222 queue_reap 0x7f8c98007300
2017-02-02 08:13:34.748828 7f8cc3ff7700 1 -- 10.194.0.100:0/4006638222 --> 10.194.0.189:6789/0 -- auth(proto 0 31 bytes epoch 1) v1 -- ?+0 0x7f8c9800fe70 con 0x7f8c9800f8e0
2017-02-02 08:13:34.748836 7f8cc3ff7700 20 -- 10.194.0.100:0/4006638222 submit_message auth(proto 0 31 bytes epoch 1) v1 remote, 10.194.0.189:6789/0, have pipe.
2017-02-02 08:13:34.748849 7f8ccc7f1700 10 -- 10.194.0.100:0/4006638222 >> 10.194.0.189:6789/0 pipe(0x7f8c98007300 sd=0 :0 s=4 pgs=0 cs=0 l=1 c=0x7f8c9800e7f0).writer done
2017-02-02 08:13:34.748883 7f8cc6ffd700 10 -- 10.194.0.100:0/4006638222 reaper
2017-02-02 08:13:34.748893 7f8cc6ffd700 10 -- 10.194.0.100:0/4006638222 reaper reaping pipe 0x7f8c98007300 10.194.0.189:6789/0
2017-02-02 08:13:34.748897 7f8cc6ffd700 10 -- 10.194.0.100:0/4006638222 >> 10.194.0.189:6789/0 pipe(0x7f8c98007300 sd=0 :0 s=4 pgs=0 cs=0 l=1 c=0x7f8c9800e7f0).discard_queue
2017-02-02 08:13:34.748901 7f8cc6ffd700 20 -- 10.194.0.100:0/4006638222 >> 10.194.0.189:6789/0 pipe(0x7f8c98007300 sd=0 :0 s=4 pgs=0 cs=0 l=1 c=0x7f8c9800e7f0). discard 0x7f8c9800ed80
2017-02-02 08:13:34.748899 7f8ccc4ee700 10 -- 10.194.0.100:0/4006638222 >> 10.194.0.189:6789/0 pipe(0x7f8c980026c0 sd=-1 :0 s=1 pgs=0 cs=0 l=1 c=0x7f8c9800f8e0).writer: state = connecting policy.server=0
2017-02-02 08:13:34.748907 7f8cc6ffd700 10 -- 10.194.0.100:0/4006638222 >> 10.194.0.189:6789/0 pipe(0x7f8c98007300 sd=0 :0 s=4 pgs=0 cs=0 l=1 c=0x7f8c9800e7f0).unregister_pipe - not registered
2017-02-02 08:13:34.748908 7f8ccc4ee700 10 -- 10.194.0.100:0/4006638222 >> 10.194.0.189:6789/0 pipe(0x7f8c980026c0 sd=-1 :0 s=1 pgs=0 cs=0 l=1 c=0x7f8c9800f8e0).connect 0
2017-02-02 08:13:34.748911 7f8cc6ffd700 20 -- 10.194.0.100:0/4006638222 >> 10.194.0.189:6789/0 pipe(0x7f8c98007300 sd=0 :0 s=4 pgs=0 cs=0 l=1 c=0x7f8c9800e7f0).join
2017-02-02 08:13:34.748923 7f8cc6ffd700 10 -- 10.194.0.100:0/4006638222 reaper reaped pipe 0x7f8c98007300 10.194.0.189:6789/0
2017-02-02 08:13:34.748920 7f8ccc4ee700 10 -- 10.194.0.100:0/4006638222 >> 10.194.0.189:6789/0 pipe(0x7f8c980026c0 sd=0 :0 s=1 pgs=0 cs=0 l=1 c=0x7f8c9800f8e0).connecting to 10.194.0.189:6789/0
2017-02-02 08:13:34.748928 7f8cc6ffd700 10 -- 10.194.0.100:0/4006638222 reaper deleted pipe 0x7f8c98007300
2017-02-02 08:13:34.748929 7f8cc6ffd700 10 -- 10.194.0.100:0/4006638222 reaper done
2017-02-02 08:13:34.753415 7f8cccff2700 10 client.4151.objecter tick
2017-02-02 08:13:34.787293 7f8cc5ffb700 20 client.4151 trim_cache size 1 max 16384
2017-02-02 08:13:35.787442 7f8cc5ffb700 20 client.4151 trim_cache size 1 max 16384
2017-02-02 08:13:36.787590 7f8cc5ffb700 20 client.4151 trim_cache size 1 max 16384
2017-02-02 08:13:37.787735 7f8cc5ffb700 20 client.4151 trim_cache size 1 max 16384
2017-02-02 08:13:38.787889 7f8cc5ffb700 20 client.4151 trim_cache size 1 max 16384
2017-02-02 08:13:39.753605 7f8cccff2700 10 client.4151.objecter tick
2017-02-02 08:13:39.788036 7f8cc5ffb700 20 client.4151 trim_cache size 1 max 16384
2017-02-02 08:13:40.788185 7f8cc5ffb700 20 client.4151 trim_cache size 1 max 16384
2017-02-02 08:13:41.788333 7f8cc5ffb700 20 client.4151 trim_cache size 1 max 16384
2017-02-02 08:13:42.788477 7f8cc5ffb700 20 client.4151 trim_cache size 1 max 16384
2017-02-02 08:13:43.788624 7f8cc5ffb700 20 client.4151 trim_cache size 1 max 16384
2017-02-02 08:13:44.753800 7f8cccff2700 10 client.4151.objecter tick
2017-02-02 08:13:44.788770 7f8cc5ffb700 20 client.4151 trim_cache size 1 max 16384
2017-02-02 08:13:45.788923 7f8cc5ffb700 20 client.4151 trim_cache size 1 max 16384
2017-02-02 08:13:46.789071 7f8cc5ffb700 20 client.4151 trim_cache size 1 max 16384
2017-02-02 08:13:47.789211 7f8cc5ffb700 20 client.4151 trim_cache size 1 max 16384
2017-02-02 08:13:48.789354 7f8cc5ffb700 20 client.4151 trim_cache size 1 max 16384
2017-02-02 08:13:49.753988 7f8cccff2700 10 client.4151.objecter tick
2017-02-02 08:13:49.789495 7f8cc5ffb700 20 client.4151 trim_cache size 1 max 16384
2017-02-02 08:13:50.789630 7f8cc5ffb700 10 client.4151 renew_caps()
2017-02-02 08:13:50.789647 7f8cc5ffb700 15 client.4151 renew_caps requesting from mds.0
2017-02-02 08:13:50.789657 7f8cc5ffb700 10 client.4151 renew_caps mds.0
2017-02-02 08:13:50.789661 7f8cc5ffb700 1 -- 10.194.0.100:0/4006638222 --> 10.194.0.189:6816/31695 -- client_session(request_renewcaps seq 18) v2 -- ?+0 0x7f8c9c018040 con 0x5616c998ad60
2017-02-02 08:13:50.789676 7f8cc5ffb700 20 -- 10.194.0.100:0/4006638222 submit_message client_session(request_renewcaps seq 18) v2 remote, 10.194.0.189:6816/31695, have pipe.
2017-02-02 08:13:50.789693 7f8cc5ffb700 20 client.4151 trim_cache size 1 max 16384
2017-02-02 08:13:50.789726 7f8ccc6f0700 10 -- 10.194.0.100:0/4006638222 >> 10.194.0.189:6816/31695 pipe(0x5616c998ca10 sd=13 :31421 s=2 pgs=5 cs=1 l=0 c=0x5616c998ad60).writer: state = open policy.server=0
2017-02-02 08:13:50.789763 7f8ccc6f0700 20 -- 10.194.0.100:0/4006638222 >> 10.194.0.189:6816/31695 pipe(0x5616c998ca10 sd=13 :31421 s=2 pgs=5 cs=1 l=0 c=0x5616c998ad60).writer encoding 26 features 576460752032874495 0x7f8c9c018040 client_session(request_renewcaps seq 18) v2
2017-02-02 08:13:50.789846 7f8ccc6f0700 20 -- 10.194.0.100:0/4006638222 >> 10.194.0.189:6816/31695 pipe(0x5616c998ca10 sd=13 :31421 s=2 pgs=5 cs=1 l=0 c=0x5616c998ad60).writer signed seq # 26): sig = 6876478680773801795
2017-02-02 08:13:50.789872 7f8ccc6f0700 20 -- 10.194.0.100:0/4006638222 >> 10.194.0.189:6816/31695 pipe(0x5616c998ca10 sd=13 :31421 s=2 pgs=5 cs=1 l=0 c=0x5616c998ad60).writer sending 26 0x7f8c9c018040
2017-02-02 08:13:50.789897 7f8ccc6f0700 10 -- 10.194.0.100:0/4006638222 >> 10.194.0.189:6816/31695 pipe(0x5616c998ca10 sd=13 :31421 s=2 pgs=5 cs=1 l=0 c=0x5616c998ad60).writer: state = open policy.server=0
2017-02-02 08:13:50.789909 7f8ccc6f0700 20 -- 10.194.0.100:0/4006638222 >> 10.194.0.189:6816/31695 pipe(0x5616c998ca10 sd=13 :31421 s=2 pgs=5 cs=1 l=0 c=0x5616c998ad60).writer sleeping
2017-02-02 08:13:51.789777 7f8cc5ffb700 20 client.4151 trim_cache size 1 max 16384
2017-02-02 08:13:52.789922 7f8cc5ffb700 20 client.4151 trim_cache size 1 max 16384
2017-02-02 08:13:53.790067 7f8cc5ffb700 20 client.4151 trim_cache size 1 max 16384
2017-02-02 08:13:54.754180 7f8cccff2700 10 client.4151.objecter tick
2017-02-02 08:13:54.790206 7f8cc5ffb700 20 client.4151 trim_cache size 1 max 16384
2017-02-02 08:13:55.790347 7f8cc5ffb700 20 client.4151 trim_cache size 1 max 16384
2017-02-02 08:13:56.790468 7f8cc5ffb700 20 client.4151 trim_cache size 1 max 16384
2017-02-02 08:13:57.790622 7f8cc5ffb700 20 client.4151 trim_cache size 1 max 16384
2017-02-02 08:13:58.790770 7f8cc5ffb700 20 client.4151 trim_cache size 1 max 16384
2017-02-02 08:13:59.754372 7f8cccff2700 10 client.4151.objecter tick
2017-02-02 08:13:59.790918 7f8cc5ffb700 20 client.4151 trim_cache size 1 max 16384
2017-02-02 08:14:00.791043 7f8cc5ffb700 20 client.4151 trim_cache size 1 max 16384
2017-02-02 08:14:01.791179 7f8cc5ffb700 20 client.4151 trim_cache size 1 max 16384
2017-02-02 08:14:02.791317 7f8cc5ffb700 20 client.4151 trim_cache size 1 max 16384
2017-02-02 08:14:03.791460 7f8cc5ffb700 20 client.4151 trim_cache size 1 max 16384
2017-02-02 08:14:04.749009 7f8cc3ff7700 1 -- 10.194.0.100:0/4006638222 mark_down 0x7f8c9800f8e0 -- 0x7f8c980026c0
2017-02-02 08:14:04.749016 7f8cc3ff7700 10 -- 10.194.0.100:0/4006638222 >> 10.194.0.189:6789/0 pipe(0x7f8c980026c0 sd=0 :0 s=1 pgs=0 cs=0 l=1 c=0x7f8c9800f8e0).unregister_pipe
2017-02-02 08:14:04.749024 7f8cc3ff7700 10 -- 10.194.0.100:0/4006638222 >> 10.194.0.189:6789/0 pipe(0x7f8c980026c0 sd=0 :0 s=1 pgs=0 cs=0 l=1 c=0x7f8c9800f8e0).stop
2017-02-02 08:14:04.749043 7f8cc3ff7700 10 -- 10.194.0.100:0/4006638222 connect_rank to 10.194.0.189:6789/0, creating pipe and registering
2017-02-02 08:14:04.749078 7f8cc3ff7700 10 -- 10.194.0.100:0/4006638222 >> 10.194.0.189:6789/0 pipe(0x7f8c98007300 sd=-1 :0 s=1 pgs=0 cs=0 l=1 c=0x7f8c980109d0).register_pipe
2017-02-02 08:14:04.749056 7f8ccc4ee700 2 -- 10.194.0.100:0/4006638222 >> 10.194.0.189:6789/0 pipe(0x7f8c980026c0 sd=0 :0 s=4 pgs=0 cs=0 l=1 c=0x7f8c9800f8e0).connect error 10.194.0.189:6789/0, (104) Connection reset by peer
2017-02-02 08:14:04.749086 7f8cc3ff7700 10 -- 10.194.0.100:0/4006638222 get_connection mon.0 10.194.0.189:6789/0 new 0x7f8c98007300
2017-02-02 08:14:04.749086 7f8ccc4ee700 3 -- 10.194.0.100:0/4006638222 >> 10.194.0.189:6789/0 pipe(0x7f8c980026c0 sd=0 :0 s=4 pgs=0 cs=0 l=1 c=0x7f8c9800f8e0).connect fault, but state = closed != connecting, stopping
2017-02-02 08:14:04.749096 7f8cc3ff7700 20 -- 10.194.0.100:0/4006638222 send_keepalive con 0x7f8c980109d0, have pipe.
2017-02-02 08:14:04.749093 7f8ccc4ee700 20 -- 10.194.0.100:0/4006638222 >> 10.194.0.189:6789/0 pipe(0x7f8c980026c0 sd=0 :0 s=4 pgs=0 cs=0 l=1 c=0x7f8c9800f8e0).writer finishing
2017-02-02 08:14:04.749100 7f8ccc4ee700 10 -- 10.194.0.100:0/4006638222 queue_reap 0x7f8c980026c0
2017-02-02 08:14:04.749106 7f8cc3ff7700 1 -- 10.194.0.100:0/4006638222 --> 10.194.0.189:6789/0 -- auth(proto 0 31 bytes epoch 1) v1 -- ?+0 0x7f8c98010f60 con 0x7f8c980109d0
2017-02-02 08:14:04.749110 7f8cc3ff7700 20 -- 10.194.0.100:0/4006638222 submit_message auth(proto 0 31 bytes epoch 1) v1 remote, 10.194.0.189:6789/0, have pipe.
2017-02-02 08:14:04.749113 7f8ccc4ee700 10 -- 10.194.0.100:0/4006638222 >> 10.194.0.189:6789/0 pipe(0x7f8c980026c0 sd=0 :0 s=4 pgs=0 cs=0 l=1 c=0x7f8c9800f8e0).writer done
2017-02-02 08:14:04.749123 7f8cc6ffd700 10 -- 10.194.0.100:0/4006638222 reaper
2017-02-02 08:14:04.749130 7f8cc6ffd700 10 -- 10.194.0.100:0/4006638222 reaper reaping pipe 0x7f8c980026c0 10.194.0.189:6789/0
2017-02-02 08:14:04.749135 7f8cc6ffd700 10 -- 10.194.0.100:0/4006638222 >> 10.194.0.189:6789/0 pipe(0x7f8c980026c0 sd=0 :0 s=4 pgs=0 cs=0 l=1 c=0x7f8c9800f8e0).discard_queue
2017-02-02 08:14:04.749141 7f8cc6ffd700 20 -- 10.194.0.100:0/4006638222 >> 10.194.0.189:6789/0 pipe(0x7f8c980026c0 sd=0 :0 s=4 pgs=0 cs=0 l=1 c=0x7f8c9800f8e0). discard 0x7f8c9800fe70
2017-02-02 08:14:04.749149 7f8cc6ffd700 10 -- 10.194.0.100:0/4006638222 >> 10.194.0.189:6789/0 pipe(0x7f8c980026c0 sd=0 :0 s=4 pgs=0 cs=0 l=1 c=0x7f8c9800f8e0).unregister_pipe - not registered
2017-02-02 08:14:04.749156 7f8cc6ffd700 20 -- 10.194.0.100:0/4006638222 >> 10.194.0.189:6789/0 pipe(0x7f8c980026c0 sd=0 :0 s=4 pgs=0 cs=0 l=1 c=0x7f8c9800f8e0).join
2017-02-02 08:14:04.749167 7f8cc6ffd700 10 -- 10.194.0.100:0/4006638222 reaper reaped pipe 0x7f8c980026c0 10.194.0.189:6789/0
2017-02-02 08:14:04.749173 7f8cc6ffd700 10 -- 10.194.0.100:0/4006638222 reaper deleted pipe 0x7f8c980026c0
2017-02-02 08:14:04.749174 7f8cc6ffd700 10 -- 10.194.0.100:0/4006638222 reaper done
2017-02-02 08:14:04.749191 7f8ccc7f1700 10 -- 10.194.0.100:0/4006638222 >> 10.194.0.189:6789/0 pipe(0x7f8c98007300 sd=-1 :0 s=1 pgs=0 cs=0 l=1 c=0x7f8c980109d0).writer: state = connecting policy.server=0
2017-02-02 08:14:04.749207 7f8ccc7f1700 10 -- 10.194.0.100:0/4006638222 >> 10.194.0.189:6789/0 pipe(0x7f8c98007300 sd=-1 :0 s=1 pgs=0 cs=0 l=1 c=0x7f8c980109d0).connect 0
2017-02-02 08:14:04.749215 7f8ccc7f1700 10 -- 10.194.0.100:0/4006638222 >> 10.194.0.189:6789/0 pipe(0x7f8c98007300 sd=0 :0 s=1 pgs=0 cs=0 l=1 c=0x7f8c980109d0).connecting to 10.194.0.189:6789/0
2017-02-02 08:14:04.754514 7f8cccff2700 10 client.4151.objecter tick
2017-02-02 08:14:04.791592 7f8cc5ffb700 20 client.4151 trim_cache size 1 max 16384
2017-02-02 08:14:05.791731 7f8cc5ffb700 20 client.4151 trim_cache size 1 max 16384
2017-02-02 08:14:06.791865 7f8cc5ffb700 20 client.4151 trim_cache size 1 max 16384
2017-02-02 08:14:07.791985 7f8cc5ffb700 20 client.4151 trim_cache size 1 max 16384
2017-02-02 08:14:08.792128 7f8cc5ffb700 20 client.4151 trim_cache size 1 max 16384
2017-02-02 08:14:09.754650 7f8cccff2700 10 client.4151.objecter tick
2017-02-02 08:14:09.792271 7f8cc5ffb700 20 client.4151 trim_cache size 1 max 16384
2017-02-02 08:14:10.792408 7f8cc5ffb700 10 client.4151 renew_caps()
2017-02-02 08:14:10.792426 7f8cc5ffb700 15 client.4151 renew_caps requesting from mds.0
2017-02-02 08:14:10.792430 7f8cc5ffb700 10 client.4151 renew_caps mds.0
2017-02-02 08:14:10.792435 7f8cc5ffb700 1 -- 10.194.0.100:0/4006638222 --> 10.194.0.189:6816/31695 -- client_session(request_renewcaps seq 19) v2 -- ?+0 0x7f8c9c0197b0 con 0x5616c998ad60
2017-02-02 08:14:10.792450 7f8cc5ffb700 20 -- 10.194.0.100:0/4006638222 submit_message client_session(request_renewcaps seq 19) v2 remote, 10.194.0.189:6816/31695, have pipe.
2017-02-02 08:14:10.792467 7f8cc5ffb700 20 client.4151 trim_cache size 1 max 16384
2017-02-02 08:14:10.792498 7f8ccc6f0700 10 -- 10.194.0.100:0/4006638222 >> 10.194.0.189:6816/31695 pipe(0x5616c998ca10 sd=13 :31421 s=2 pgs=5 cs=1 l=0 c=0x5616c998ad60).writer: state = open policy.server=0
2017-02-02 08:14:10.792538 7f8ccc6f0700 20 -- 10.194.0.100:0/4006638222 >> 10.194.0.189:6816/31695 pipe(0x5616c998ca10 sd=13 :31421 s=2 pgs=5 cs=1 l=0 c=0x5616c998ad60).writer encoding 27 features 576460752032874495 0x7f8c9c0197b0 client_session(request_renewcaps seq 19) v2
2017-02-02 08:14:10.792623 7f8ccc6f0700 20 -- 10.194.0.100:0/4006638222 >> 10.194.0.189:6816/31695 pipe(0x5616c998ca10 sd=13 :31421 s=2 pgs=5 cs=1 l=0 c=0x5616c998ad60).writer signed seq # 27): sig = 12870999569922680717
2017-02-02 08:14:10.792648 7f8ccc6f0700 20 -- 10.194.0.100:0/4006638222 >> 10.194.0.189:6816/31695 pipe(0x5616c998ca10 sd=13 :31421 s=2 pgs=5 cs=1 l=0 c=0x5616c998ad60).writer sending 27 0x7f8c9c0197b0
2017-02-02 08:14:10.792688 7f8ccc6f0700 10 -- 10.194.0.100:0/4006638222 >> 10.194.0.189:6816/31695 pipe(0x5616c998ca10 sd=13 :31421 s=2 pgs=5 cs=1 l=0 c=0x5616c998ad60).writer: state = open policy.server=0
2017-02-02 08:14:10.792693 7f8ccc6f0700 20 -- 10.194.0.100:0/4006638222 >> 10.194.0.189:6816/31695 pipe(0x5616c998ca10 sd=13 :31421 s=2 pgs=5 cs=1 l=0 c=0x5616c998ad60).writer sleeping
2017-02-02 08:14:11.792547 7f8cc5ffb700 20 client.4151 trim_cache size 1 max 16384
2017-02-02 08:14:12.792685 7f8cc5ffb700 20 client.4151 trim_cache size 1 max 16384
2017-02-02 08:14:13.792824 7f8cc5ffb700 20 client.4151 trim_cache size 1 max 16384
2017-02-02 08:14:14.754807 7f8cccff2700 10 client.4151.objecter tick
2017-02-02 08:14:14.792968 7f8cc5ffb700 20 client.4151 trim_cache size 1 max 16384
2017-02-02 08:14:15.793105 7f8cc5ffb700 20 client.4151 trim_cache size 1 max 16384
2017-02-02 08:14:16.793239 7f8cc5ffb700 20 client.4151 trim_cache size 1 max 16384
2017-02-02 08:14:17.793380 7f8cc5ffb700 20 client.4151 trim_cache size 1 max 16384
2017-02-02 08:14:18.793527 7f8cc5ffb700 20 client.4151 trim_cache size 1 max 16384
2017-02-02 08:14:19.754968 7f8cccff2700 10 client.4151.objecter tick
2017-02-02 08:14:19.793675 7f8cc5ffb700 20 client.4151 trim_cache size 1 max 16384
2017-02-02 08:14:20.793819 7f8cc5ffb700 20 client.4151 trim_cache size 1 max 16384
2017-02-02 08:14:21.793959 7f8cc5ffb700 20 client.4151 trim_cache size 1 max 16384
2017-02-02 08:14:22.794097 7f8cc5ffb700 20 client.4151 trim_cache size 1 max 16384
2017-02-02 08:14:23.794234 7f8cc5ffb700 20 client.4151 trim_cache size 1 max 16384
2017-02-02 08:14:24.755141 7f8cccff2700 10 client.4151.objecter tick
2017-02-02 08:14:24.794372 7f8cc5ffb700 20 client.4151 trim_cache size 1 max 16384
2017-02-02 08:14:25.794518 7f8cc5ffb700 20 client.4151 trim_cache size 1 max 16384
2017-02-02 08:14:26.794661 7f8cc5ffb700 20 client.4151 trim_cache size 1 max 16384
2017-02-02 08:14:27.794820 7f8cc5ffb700 20 client.4151 trim_cache size 1 max 16384
2017-02-02 08:14:28.794974 7f8cc5ffb700 20 client.4151 trim_cache size 1 max 16384
2017-02-02 08:14:29.755303 7f8cccff2700 10 client.4151.objecter tick
2017-02-02 08:14:29.795118 7f8cc5ffb700 20 client.4151 trim_cache size 1 max 16384
2017-02-02 08:14:30.795244 7f8cc5ffb700 10 client.4151 renew_caps()
2017-02-02 08:14:30.795260 7f8cc5ffb700 15 client.4151 renew_caps requesting from mds.0
2017-02-02 08:14:30.795263 7f8cc5ffb700 10 client.4151 renew_caps mds.0
2017-02-02 08:14:30.795273 7f8cc5ffb700 1 -- 10.194.0.100:0/4006638222 --> 10.194.0.189:6816/31695 -- client_session(request_renewcaps seq 20) v2 -- ?+0 0x7f8c9c01af00 con 0x5616c998ad60
