2016-10-25 13:59:21.871642 7f797dffb700 10 receive_http_header
2016-10-25 13:59:21.871643 7f797dffb700 10 received header:Accept-Ranges: bytes
2016-10-25 13:59:21.871646 7f797dffb700 10 receive_http_header
2016-10-25 13:59:21.871646 7f797dffb700 10 received header:Content-Type: application/json
2016-10-25 13:59:21.871648 7f797dffb700 10 receive_http_header
2016-10-25 13:59:21.871649 7f797dffb700 10 received header:Date: Tue, 25 Oct 2016 11:59:21 GMT
2016-10-25 13:59:21.871651 7f797dffb700 10 receive_http_header
2016-10-25 13:59:21.871651 7f797dffb700 10 received header:
2016-10-25 13:59:21.871812 7f797dffb700 10 receive_http_header
2016-10-25 13:59:21.871814 7f797dffb700 10 received header:HTTP/1.1 404 Not Found
2016-10-25 13:59:21.871816 7f797dffb700 10 receive_http_header
2016-10-25 13:59:21.871816 7f797dffb700 10 received header:x-amz-request-id: tx0000000000000000004ab-00580f4919-102a-us-east-1
2016-10-25 13:59:21.871819 7f797dffb700 10 receive_http_header
2016-10-25 13:59:21.871819 7f797dffb700 10 received header:Content-Length: 113
2016-10-25 13:59:21.871821 7f797dffb700 10 receive_http_header
2016-10-25 13:59:21.871821 7f797dffb700 10 received header:Accept-Ranges: bytes
2016-10-25 13:59:21.871823 7f797dffb700 10 receive_http_header
2016-10-25 13:59:21.871823 7f797dffb700 10 received header:Content-Type: application/json
2016-10-25 13:59:21.871825 7f797dffb700 10 receive_http_header
2016-10-25 13:59:21.871825 7f797dffb700 10 received header:Date: Tue, 25 Oct 2016 11:59:21 GMT
2016-10-25 13:59:21.871827 7f797dffb700 10 receive_http_header
2016-10-25 13:59:21.871827 7f797dffb700 10 received header:
2016-10-25 13:59:21.893644 7f7a48417700 1 -- 127.0.0.1:0/1778501402 <== osd.0 127.0.0.1:6812/27412 2951 ==== osd_op_reply(6671 meta.log.3cf65d7f-574c-4060-bd40-3332a612b201.37 [call] v29'198 uv198 ondisk = 0) v7 ==== 168+0+0 (2936472794 0 0) 0x7f7a2002a620 con 0x564acad41190
2016-10-25 13:59:21.893702 7f797d7fa700 20 cr:s=0x7f7964767c20:op=0x7f7964cc56e0:24RGWCloneMetaLogCoroutine: operate()
2016-10-25 13:59:21.893708 7f797d7fa700 20 rgw meta sync: operate: shard_id=37: storing mdlog entries complete
2016-10-25 13:59:21.893717 7f797d7fa700 20 cr:s=0x7f7964767c20:op=0x7f79647e01f0:18RGWMetaSyncShardCR: operate()
2016-10-25 13:59:21.893718 7f797d7fa700 20 rgw meta sync: incremental_sync:1561: shard_id=37 mdlog_marker=1_1477396761.789001_270.1 sync_marker.marker=1_1477396754.819393_235.1
2016-10-25 13:59:21.893729 7f797d7fa700 20 cr:s=0x7f7964767c20:op=0x7f7964cc56e0:21RGWReadMDLogEntriesCR: operate()
2016-10-25 13:59:21.893731 7f797d7fa700 20 cr:s=0x7f7964767c20:op=0x7f7964cc56e0:21RGWReadMDLogEntriesCR: operate()
2016-10-25 13:59:21.893739 7f797d7fa700 20 enqueued request req=0x7f7964c53d40
2016-10-25 13:59:21.893740 7f797d7fa700 20 RGWWQ:
2016-10-25 13:59:21.893741 7f797d7fa700 20 req: 0x7f7964c53d40
2016-10-25 13:59:21.893744 7f797d7fa700 20 run: stack=0x7f7964767c20 is io blocked
2016-10-25 13:59:21.893762 7f79e7fff700 20 dequeued request req=0x7f7964c53d40
2016-10-25 13:59:21.893768 7f79e7fff700 20 RGWWQ: empty
2016-10-25 13:59:21.893804 7f79e7fff700 1 -- 127.0.0.1:0/1778501402 --> 127.0.0.1:6812/27412 -- osd_op(client.4111.0:6674 5.8dff6bcb meta.log.3cf65d7f-574c-4060-bd40-3332a612b201.37 [call log.list] snapc 0=[] ack+read+known_if_redirected e29) v7 -- ?+0 0x7f79d40179a0 con 0x564acad41190
2016-10-25 13:59:21.894246 7f7a48417700 1 -- 127.0.0.1:0/1778501402 <== osd.0 127.0.0.1:6812/27412 2952 ==== osd_op_reply(6674 meta.log.3cf65d7f-574c-4060-bd40-3332a612b201.37 [call] v0'0 uv198 ondisk = 0) v7 ==== 168+0+867 (900340876 0 466406956) 0x7f7a20013ba0 con 0x564acad41190
2016-10-25 13:59:21.894298 7f797d7fa700 20 cr:s=0x7f7964767c20:op=0x7f7964cc56e0:21RGWReadMDLogEntriesCR: operate()
2016-10-25 13:59:21.894302 7f797d7fa700 20 cr:s=0x7f7964767c20:op=0x7f7964cc56e0:21RGWReadMDLogEntriesCR: operate()
2016-10-25 13:59:21.894303 7f797d7fa700 20 cr:s=0x7f7964767c20:op=0x7f7964cc56e0:21RGWReadMDLogEntriesCR: operate()
2016-10-25 13:59:21.894304 7f797d7fa700 20 cr:s=0x7f7964767c20:op=0x7f7964cc56e0:21RGWReadMDLogEntriesCR: operate()
2016-10-25 13:59:21.894306 7f797d7fa700 20 cr:s=0x7f7964767c20:op=0x7f79647e01f0:18RGWMetaSyncShardCR: operate()
2016-10-25 13:59:21.894308 7f797d7fa700 20 rgw meta sync: incremental_sync:1576: shard_id=37 log_entry: 1_1477396760.906943_265.1:bucket.instance:bucket26:0474fe09-15db-4e91-8f51-ff360bdeb074.4138.26:2016-10-25 13:59:20.906943
2016-10-25 13:59:21.894321 7f797d7fa700 20 cr:s=0x7f7964e4d5d0:op=0x7f7964e99670:24RGWMetaSyncSingleEntryCR: operate()
2016-10-25 13:59:21.894323 7f797d7fa700 20 rgw meta sync: skipping pending operation
2016-10-25 13:59:21.894325 7f797d7fa700 20 rgw meta sync: store_marker(): updating marker marker_oid=mdlog.sync-status.shard.37 marker=1_1477396760.906943_265.1
2016-10-25 13:59:21.894331 7f797d7fa700 20 cr:s=0x7f7964767c20:op=0x7f79647e01f0:18RGWMetaSyncShardCR: operate()
2016-10-25 13:59:21.894332 7f797d7fa700 20 rgw meta sync: incremental_sync:1576: shard_id=37 log_entry: 1_1477396760.972302_266.1:bucket.instance:bucket26:0474fe09-15db-4e91-8f51-ff360bdeb074.4138.26:2016-10-25 13:59:20.972302
2016-10-25 13:59:21.894337 7f797d7fa700 20 cr:s=0x7f7964e4d5d0:op=0x7f7964e4d9b0:21RGWSimpleRadosWriteCRI20rgw_meta_sync_markerE: operate()
2016-10-25 13:59:21.894340 7f797d7fa700 20 cr:s=0x7f7964ebed30:op=0x7f7964ebe500:24RGWMetaSyncSingleEntryCR: operate()
2016-10-25 13:59:21.894341 7f797d7fa700 20 rgw meta sync: fetching remote metadata: bucket.instance:bucket26:0474fe09-15db-4e91-8f51-ff360bdeb074.4138.26
2016-10-25 13:59:21.894345 7f797d7fa700 20 cr:s=0x7f7964767c20:op=0x7f79647e01f0:18RGWMetaSyncShardCR: operate()
2016-10-25 13:59:21.894346 7f797d7fa700 20 rgw meta sync: incremental_sync:1576: shard_id=37 log_entry: 1_1477396761.006784_267.1:bucket:bucket26:2016-10-25 13:59:21.006784
2016-10-25 13:59:21.894351 7f797d7fa700 20 cr:s=0x7f7964e4d5d0:op=0x7f7964e4d9b0:21RGWSimpleRadosWriteCRI20rgw_meta_sync_markerE: operate()
2016-10-25 13:59:21.894358 7f797d7fa700 20 enqueued request req=0x7f7964e4aee0
2016-10-25 13:59:21.894360 7f797d7fa700 20 RGWWQ:
2016-10-25 13:59:21.894360 7f797d7fa700 20 req: 0x7f7964e4aee0
2016-10-25 13:59:21.894370 7f797d7fa700 20 run: stack=0x7f7964e4d5d0 is io blocked
2016-10-25 13:59:21.894372 7f797d7fa700 20 cr:s=0x7f7964ebed30:op=0x7f7964ebf130:23RGWReadRemoteMetadataCR: operate()
2016-10-25 13:59:21.894389 7f79e6ffd700 20 dequeued request req=0x7f7964e4aee0
2016-10-25 13:59:21.894395 7f79e6ffd700 20 RGWWQ: empty
2016-10-25 13:59:21.894415 7f79e6ffd700 1 -- 127.0.0.1:0/1778501402 --> 127.0.0.1:6812/27412 -- osd_op(client.4111.0:6675 5.2d1ff4fd mdlog.sync-status.shard.37 [writefull 0~65] snapc 0=[] ondisk+write+known_if_redirected e29) v7 -- ?+0 0x7f79d0008b60 con 0x564acad41190
2016-10-25 13:59:21.894449 7f797d7fa700 20 RGWEnv::set(): HTTP_DATE: Tue Oct 25 11:59:21 2016
2016-10-25 13:59:21.894453 7f797d7fa700 20 > HTTP_DATE -> Tue Oct 25 11:59:21 2016
2016-10-25 13:59:21.894458 7f797d7fa700 10 get_canon_resource(): dest=/admin/metadata/bucket.instance/bucket26:0474fe09-15db-4e91-8f51-ff360bdeb074.4138.26
2016-10-25 13:59:21.894461 7f797d7fa700 10 generated canonical header: GET Tue Oct 25 11:59:21 2016 /admin/metadata/bucket.instance/bucket26:0474fe09-15db-4e91-8f51-ff360bdeb074.4138.26
2016-10-25 13:59:21.894487 7f797d7fa700 15 generated auth header: AWS 1555b35654ad1656d804:sO1HMfUZrt6Q6HgD3QlLjElt7kU=
2016-10-25 13:59:21.894495 7f797d7fa700 20 sending request to http://localhost:8001/admin/metadata/bucket.instance/bucket26:0474fe09-15db-4e91-8f51-ff360bdeb074.4138.26?key=bucket26%3A0474fe09-15db-4e91-8f51-ff360bdeb074.4138.26&rgwx-zonegroup=5f55ef7d-26a2-46b1-a2bf-b95d73c78896
2016-10-25 13:59:21.894501 7f797d7fa700 20 register_request mgr=0x564acad64a90 req_data->id=530, easy_handle=0x7f7964eed2f0
2016-10-25 13:59:21.894510 7f797d7fa700 20 run: stack=0x7f7964ebed30 is io blocked
2016-10-25 13:59:21.894513 7f797d7fa700 20 cr:s=0x7f7964ec0370:op=0x7f7964ebfb40:24RGWMetaSyncSingleEntryCR: operate()
2016-10-25 13:59:21.894514 7f797d7fa700 20 rgw meta sync: skipping pending operation
2016-10-25 13:59:21.894517 7f797d7fa700 20 cr:s=0x7f7964767c20:op=0x7f79647e01f0:18RGWMetaSyncShardCR: operate()
2016-10-25 13:59:21.894519 7f797d7fa700 20 rgw meta sync: incremental_sync:1576: shard_id=37 log_entry: 1_1477396761.066520_268.1:bucket:bucket26:2016-10-25 13:59:21.066520
2016-10-25 13:59:21.894523 7f797dffb700 20 link_request req_data=0x7f7964eed0f0 req_data->id=530, easy_handle=0x7f7964eed2f0
2016-10-25 13:59:21.894533 7f797d7fa700 20 cr:s=0x7f7964ec0370:op=0x7f7964ebfb40:24RGWMetaSyncSingleEntryCR: operate()
2016-10-25 13:59:21.894537 7f797d7fa700 20 run: stack=0x7f7964ec0370 is done
2016-10-25 13:59:21.894539 7f797d7fa700 20 cr:s=0x7f7964eec690:op=0x7f7964ef69e0:24RGWMetaSyncSingleEntryCR: operate()
2016-10-25 13:59:21.894540 7f797d7fa700 20 rgw meta sync: fetching remote metadata: bucket:bucket26
2016-10-25 13:59:21.894545 7f797d7fa700 20 cr:s=0x7f7964767c20:op=0x7f79647e01f0:18RGWMetaSyncShardCR: operate()
2016-10-25 13:59:21.894547 7f797d7fa700 20 rgw meta sync: incremental_sync:1576: shard_id=37 log_entry: 1_1477396761.789001_270.1:bucket:bucket26:2016-10-25 13:59:21.789001
2016-10-25 13:59:21.894558 7f797d7fa700 20 cr:s=0x7f7964eec690:op=0x7f7964ef7310:23RGWReadRemoteMetadataCR: operate()
2016-10-25 13:59:21.894633 7f797d7fa700 20 RGWEnv::set(): HTTP_DATE: Tue Oct 25 11:59:21 2016
2016-10-25 13:59:21.894636 7f797d7fa700 20 > HTTP_DATE -> Tue Oct 25 11:59:21 2016
2016-10-25 13:59:21.894642 7f797d7fa700 10 get_canon_resource(): dest=/admin/metadata/bucket/bucket26
2016-10-25 13:59:21.894646 7f797d7fa700 10 generated canonical header: GET Tue Oct 25 11:59:21 2016 /admin/metadata/bucket/bucket26
2016-10-25 13:59:21.894667 7f797d7fa700 15 generated auth header: AWS 1555b35654ad1656d804:qap3dH+A/GVQyTHYAUHexXgP0IA=
2016-10-25 13:59:21.894677 7f797d7fa700 20 sending request to http://localhost:8001/admin/metadata/bucket/bucket26?key=bucket26&rgwx-zonegroup=5f55ef7d-26a2-46b1-a2bf-b95d73c78896
2016-10-25 13:59:21.894684 7f797d7fa700 20 register_request mgr=0x564acad64a90 req_data->id=531, easy_handle=0x7f7964f104d0
2016-10-25 13:59:21.894690 7f797d7fa700 20 run: stack=0x7f7964eec690 is io blocked
2016-10-25 13:59:21.894692 7f797d7fa700 20 cr:s=0x7f7964ef80e0:op=0x7f7964ef78b0:24RGWMetaSyncSingleEntryCR: operate()
2016-10-25 13:59:21.894693 7f797d7fa700 20 rgw meta sync: skipping pending operation
2016-10-25 13:59:21.894697 7f797d7fa700 20 cr:s=0x7f7964767c20:op=0x7f79647e01f0:18RGWMetaSyncShardCR: operate()
2016-10-25 13:59:21.894699 7f797d7fa700 0 rgw meta sync: cr:s=0x7f7964767c20:op=0x7f79647e01f0:18RGWMetaSyncShardCR: adjusting marker pos=1_1477396754.819393_235.1
2016-10-25 13:59:21.894701 7f797d7fa700 20 rgw meta sync: incremental_sync:1594: shard_id=37 mdlog_marker=1_1477396761.789001_270.1 max_marker=1_1477396761.789001_270.1 sync_marker.marker=1_1477396754.819393_235.1 period_marker=
2016-10-25 13:59:21.894705 7f797dffb700 20 link_request req_data=0x7f7964f102d0 req_data->id=531, easy_handle=0x7f7964f104d0
2016-10-25 13:59:21.894710 7f797d7fa700 20 run: stack=0x7f7964767c20 is io blocked
2016-10-25 13:59:21.894712 7f797d7fa700 20 cr:s=0x7f7964ef80e0:op=0x7f7964ef78b0:24RGWMetaSyncSingleEntryCR: operate()
2016-10-25 13:59:21.894715 7f797d7fa700 20 run: stack=0x7f7964ef80e0 is done
2016-10-25 13:59:21.895055 7f797dffb700 10 receive_http_header
2016-10-25 13:59:21.895059 7f797dffb700 10 received header:HTTP/1.1 200 OK
2016-10-25 13:59:21.895060 7f797dffb700 10 receive_http_header
2016-10-25 13:59:21.895061 7f797dffb700 10 received header:x-amz-request-id: tx0000000000000000004ad-00580f4919-102a-us-east-1
2016-10-25 13:59:21.895065 7f797dffb700 10 receive_http_header
2016-10-25 13:59:21.895065 7f797dffb700 10 received header:Content-Type: application/json
2016-10-25 13:59:21.895067 7f797dffb700 10 receive_http_header
2016-10-25 13:59:21.895067 7f797dffb700 10 received header:Content-Length: 1123
2016-10-25 13:59:21.895069 7f797dffb700 10 receive_http_header
2016-10-25 13:59:21.895070 7f797dffb700 10 received header:Date: Tue, 25 Oct 2016 11:59:21 GMT
2016-10-25 13:59:21.895071 7f797dffb700 10 receive_http_header
2016-10-25 13:59:21.895071 7f797dffb700 10 received header:
2016-10-25 13:59:21.895091 7f797d7fa700 20 cr:s=0x7f7964ebed30:op=0x7f7964ebf130:23RGWReadRemoteMetadataCR: operate()
2016-10-25 13:59:21.895096 7f797d7fa700 20 cr:s=0x7f7964ebed30:op=0x7f7964ebe500:24RGWMetaSyncSingleEntryCR: operate()
2016-10-25 13:59:21.895102 7f797d7fa700 20 cr:s=0x7f7964ebed30:op=0x7f7964ebf130:19RGWMetaStoreEntryCR: operate()
2016-10-25 13:59:21.895105 7f797d7fa700 20 cr:s=0x7f7964ebed30:op=0x7f7964ebf130:19RGWMetaStoreEntryCR: operate()
2016-10-25 13:59:21.895110 7f797d7fa700 20 enqueued request req=0x7f7964f0fa10
2016-10-25 13:59:21.895110 7f797d7fa700 20 RGWWQ:
2016-10-25 13:59:21.895111 7f797d7fa700 20 req: 0x7f7964f0fa10
2016-10-25 13:59:21.895113 7f797d7fa700 20 run: stack=0x7f7964ebed30 is io blocked
2016-10-25 13:59:21.895120 7f799d7fa700 20 dequeued request req=0x7f7964f0fa10
2016-10-25 13:59:21.895122 7f799d7fa700 20 RGWWQ: empty
2016-10-25 13:59:21.895339 7f799d7fa700 20 reading from us-west.rgw.data.root:.bucket.meta.bucket26:0474fe09-15db-4e91-8f51-ff360bdeb074.4138.26
2016-10-25 13:59:21.895347 7f799d7fa700 20 get_system_obj_state: rctx=0x7f799d7f8530 obj=us-west.rgw.data.root:.bucket.meta.bucket26:0474fe09-15db-4e91-8f51-ff360bdeb074.4138.26 state=0x7f798401cf88 s->prefetch_data=0
2016-10-25 13:59:21.895355 7f799d7fa700 10 cache get: name=us-west.rgw.data.root+.bucket.meta.bucket26:0474fe09-15db-4e91-8f51-ff360bdeb074.4138.26 : hit (requested=22, cached=23)
2016-10-25 13:59:21.895361 7f799d7fa700 20 get_system_obj_state: s->obj_tag was set empty
2016-10-25 13:59:21.895365 7f799d7fa700 20 Read xattr: user.rgw.acl
2016-10-25 13:59:21.895366 7f799d7fa700 20 Read xattr: user.rgw.idtag
2016-10-25 13:59:21.895366 7f799d7fa700 20 Read xattr: user.rgw.manifest
2016-10-25 13:59:21.895369 7f799d7fa700 10 cache get: name=us-west.rgw.data.root+.bucket.meta.bucket26:0474fe09-15db-4e91-8f51-ff360bdeb074.4138.26 : hit (requested=17, cached=23)
2016-10-25 13:59:21.895393 7f797dffb700 10 receive_http_header
2016-10-25 13:59:21.895397 7f797dffb700 10 received header:HTTP/1.1 404 Not Found
2016-10-25 13:59:21.895398 7f797dffb700 10 receive_http_header
2016-10-25 13:59:21.895399 7f797dffb700 10 received header:x-amz-request-id: tx0000000000000000004ae-00580f4919-102a-us-east-1
2016-10-25 13:59:21.895402 7f797dffb700 10 receive_http_header
2016-10-25 13:59:21.895403 7f797dffb700 10 received header:Content-Length: 113
2016-10-25 13:59:21.895404 7f797dffb700 10 receive_http_header
2016-10-25 13:59:21.895405 7f797dffb700 10 received header:Accept-Ranges: bytes
2016-10-25 13:59:21.895406 7f797dffb700 10 receive_http_header
2016-10-25 13:59:21.895407 7f797dffb700 10 received header:Content-Type: application/json
2016-10-25 13:59:21.895408 7f797dffb700 10 receive_http_header
2016-10-25 13:59:21.895409 7f797dffb700 10 received header:Date: Tue, 25 Oct 2016 11:59:21 GMT
2016-10-25 13:59:21.895410 7f797dffb700 10 receive_http_header
2016-10-25 13:59:21.895411 7f797dffb700 10 received header:
2016-10-25 13:59:21.895415 7f799d7fa700 1 -- 127.0.0.1:0/1778501402 --> 127.0.0.1:6816/27634 -- osd_op(client.4111.0:6676 8.b4be9f65 .meta:bucket.instance:bucket26:0474fe09-15db-4e91-8f51-ff360bdeb074.4138.26:_SRQ-AXFeaTW9y4BQz7FKH9X:1 [delete,create 0~0,call version.set,writefull 0~341,setxattr user.rgw.acl (127)] snapc 0=[] ondisk+write+known_if_redirected e29) v7 -- ?+0 0x7f798400f9d0 con 0x564acad44c40
2016-10-25 13:59:21.895441 7f797d7fa700 20 cr:s=0x7f7964eec690:op=0x7f7964ef7310:23RGWReadRemoteMetadataCR: operate()
2016-10-25 13:59:21.895445 7f797d7fa700 20 cr:s=0x7f7964eec690:op=0x7f7964ef7310:23RGWReadRemoteMetadataCR: operate() returned r=-2
2016-10-25 13:59:21.895449 7f797d7fa700 20 cr:s=0x7f7964eec690:op=0x7f7964ef69e0:24RGWMetaSyncSingleEntryCR: operate()
2016-10-25 13:59:21.895454 7f797d7fa700 20 cr:s=0x7f7964eec690:op=0x7f7964ef7310:20RGWMetaRemoveEntryCR: operate()
2016-10-25 13:59:21.895455 7f797d7fa700 20 cr:s=0x7f7964eec690:op=0x7f7964ef7310:20RGWMetaRemoveEntryCR: operate()
2016-10-25 13:59:21.895460 7f797d7fa700 20 enqueued request req=0x7f7964eedc60
2016-10-25 13:59:21.895461 7f797d7fa700 20 RGWWQ:
2016-10-25 13:59:21.895462 7f797d7fa700 20 req: 0x7f7964eedc60
2016-10-25 13:59:21.895464 7f797d7fa700 20 run: stack=0x7f7964eec690 is io blocked
2016-10-25 13:59:21.895469 7f7a01ffb700 20 dequeued request req=0x7f7964eedc60
2016-10-25 13:59:21.895474 7f7a01ffb700 20 RGWWQ: empty
2016-10-25 13:59:21.895488 7f7a01ffb700 20 get_system_obj_state: rctx=0x7f7a01ff9650 obj=us-west.rgw.data.root:bucket26 state=0x7f79e000c098 s->prefetch_data=0
2016-10-25 13:59:21.895495 7f7a01ffb700 10 cache get: name=us-west.rgw.data.root+bucket26 : hit (requested=22, cached=23)
2016-10-25 13:59:21.895500 7f7a01ffb700 20 get_system_obj_state: s->obj_tag was set empty
2016-10-25 13:59:21.895502 7f7a01ffb700 20 Read xattr: user.rgw.idtag
2016-10-25 13:59:21.895503 7f7a01ffb700 20 Read xattr: user.rgw.manifest
2016-10-25 13:59:21.895504 7f7a01ffb700 10 cache get: name=us-west.rgw.data.root+bucket26 : hit (requested=17, cached=23)
2016-10-25 13:59:21.895517 7f7a01ffb700 20 get_system_obj_state: rctx=0x7f7a01ff9650 obj=us-west.rgw.data.root:bucket26 state=0x7f79e000c098 s->prefetch_data=0
2016-10-25 13:59:21.895519 7f7a01ffb700 10 cache get: name=us-west.rgw.data.root+bucket26 : hit (requested=22, cached=23)
2016-10-25 13:59:21.895521 7f7a01ffb700 20 get_system_obj_state: s->obj_tag was set empty
2016-10-25 13:59:21.895522 7f7a01ffb700 10 cache get: name=us-west.rgw.data.root+bucket26 : hit (requested=17, cached=23)
2016-10-25 13:59:21.895539 7f7a01ffb700 1 -- 127.0.0.1:0/1778501402 --> 127.0.0.1:6812/27412 -- osd_op(client.4111.0:6677 7.4a894d1e user1.buckets [call user.remove_bucket] snapc 0=[] ondisk+write+known_if_redirected e29) v7 -- ?+0 0x7f79e00065d0 con 0x564acad41190
2016-10-25 13:59:21.910465 7f797d7fa700 20 cr:s=0x7f7964e501a0:op=0x7f7964eb98d0:23RGWReadRemoteMetadataCR: operate()
2016-10-25 13:59:21.910480 7f797d7fa700 20 cr:s=0x7f7964e501a0:op=0x7f7964de58e0:24RGWMetaSyncSingleEntryCR: operate()
2016-10-25 13:59:21.910489 7f797d7fa700 20 cr:s=0x7f7964ebc2c0:op=0x7f7964e7f280:23RGWReadRemoteMetadataCR: operate()
2016-10-25 13:59:21.910491 7f797d7fa700 20 cr:s=0x7f7964ebc2c0:op=0x7f7964e7f280:23RGWReadRemoteMetadataCR: operate() returned r=-2
2016-10-25 13:59:21.910494 7f797d7fa700 20 cr:s=0x7f7964e89d30:op=0x7f7964ebc960:23RGWReadRemoteMetadataCR: operate()
2016-10-25 13:59:21.910495 7f797d7fa700 20 cr:s=0x7f7964e89d30:op=0x7f7964ebc960:23RGWReadRemoteMetadataCR: operate() returned r=-2
2016-10-25 13:59:21.910498 7f797d7fa700 20 cr:s=0x7f7964e501a0:op=0x7f7964eedf90:19RGWMetaStoreEntryCR: operate()
2016-10-25 13:59:21.910499 7f797d7fa700 20 cr:s=0x7f7964ebc2c0:op=0x7f7964ebba90:24RGWMetaSyncSingleEntryCR: operate()
2016-10-25 13:59:21.910503 7f797d7fa700 20 cr:s=0x7f7964e89d30:op=0x7f7964e89500:24RGWMetaSyncSingleEntryCR: operate()
2016-10-25 13:59:21.910506 7f797d7fa700 20 cr:s=0x7f7964e501a0:op=0x7f7964eedf90:19RGWMetaStoreEntryCR: operate()
2016-10-25 13:59:21.910514 7f797d7fa700 20 enqueued request req=0x7f7964eeead0
2016-10-25 13:59:21.910515 7f797d7fa700 20 RGWWQ:
2016-10-25 13:59:21.910516 7f797d7fa700 20 req: 0x7f7964eeead0
2016-10-25 13:59:21.910518 7f797d7fa700 20 run: stack=0x7f7964e501a0 is io blocked
2016-10-25 13:59:21.910520 7f797d7fa700 20 cr:s=0x7f7964ebc2c0:op=0x7f7964ebc960:20RGWMetaRemoveEntryCR: operate()
2016-10-25 13:59:21.910523 7f797d7fa700 20 cr:s=0x7f7964e89d30:op=0x7f7964e7f280:20RGWMetaRemoveEntryCR: operate()
2016-10-25 13:59:21.910524 7f797d7fa700 20 cr:s=0x7f7964ebc2c0:op=0x7f7964ebc960:20RGWMetaRemoveEntryCR: operate()
2016-10-25 13:59:21.910527 7f797d7fa700 20 enqueued request req=0x7f7964eef3b0
2016-10-25 13:59:21.910527 7f797d7fa700 20 RGWWQ:
2016-10-25 13:59:21.910527 7f797d7fa700 20 req: 0x7f7964eeead0
2016-10-25 13:59:21.910528 7f797d7fa700 20 req: 0x7f7964eef3b0
2016-10-25 13:59:21.910529 7f797d7fa700 20 run: stack=0x7f7964ebc2c0 is io blocked
2016-10-25 13:59:21.910531 7f797d7fa700 20 cr:s=0x7f7964e89d30:op=0x7f7964e7f280:20RGWMetaRemoveEntryCR: operate()
2016-10-25 13:59:21.910533 7f797d7fa700 20 enqueued request req=0x7f7964eefbe0
2016-10-25 13:59:21.910533 7f797d7fa700 20 RGWWQ:
2016-10-25 13:59:21.910533 7f797d7fa700 20 req: 0x7f7964eeead0
2016-10-25 13:59:21.910534 7f797d7fa700 20 req: 0x7f7964eef3b0
2016-10-25 13:59:21.910535 7f797d7fa700 20 req: 0x7f7964eefbe0
2016-10-25 13:59:21.910537 7f797d7fa700 20 run: stack=0x7f7964e89d30 is io blocked
2016-10-25 13:59:21.910546 7f79c17fa700 20 dequeued request req=0x7f7964eeead0
2016-10-25 13:59:21.910549 7f79c17fa700 20 RGWWQ:
2016-10-25 13:59:21.910551 7f79c17fa700 20 req: 0x7f7964eef3b0
2016-10-25 13:59:21.910551 7f79c17fa700 20 req: 0x7f7964eefbe0
2016-10-25 13:59:21.910558 7f7a00ff9700 20 dequeued request req=0x7f7964eef3b0
2016-10-25 13:59:21.910561 7f7a00ff9700 20 RGWWQ:
2016-10-25 13:59:21.910562 7f7a00ff9700 20 req: 0x7f7964eefbe0
2016-10-25 13:59:21.910582 7f7a00ff9700 20 get_system_obj_state: rctx=0x7f7a00ff7650 obj=us-west.rgw.data.root:bucket25 state=0x7f79dc00c0f8 s->prefetch_data=0
2016-10-25 13:59:21.910582 7f7a027fc700 20 dequeued request req=0x7f7964eefbe0
2016-10-25 13:59:21.910586 7f7a027fc700 20 RGWWQ: empty
2016-10-25 13:59:21.910590 7f7a00ff9700 10 cache get: name=us-west.rgw.data.root+bucket25 : miss
2016-10-25 13:59:21.910607 7f7a027fc700 20 get_system_obj_state: rctx=0x7f7a027fa650 obj=us-west.rgw.data.root:bucket25 state=0x7f79ec018908 s->prefetch_data=0
2016-10-25 13:59:21.910612 7f7a027fc700 10 cache get: name=us-west.rgw.data.root+bucket25 : miss
2016-10-25 13:59:21.910628 7f7a00ff9700 1 -- 127.0.0.1:0/1778501402 --> 127.0.0.1:6812/27412 -- osd_op(client.4111.0:6678 3.f345cb71 bucket25 [call version.read,getxattrs,stat] snapc 0=[] ack+read+known_if_redirected e29) v7 -- ?+0 0x7f79dc006710 con 0x564acad41190
2016-10-25 13:59:21.910649 7f7a027fc700 1 -- 127.0.0.1:0/1778501402 --> 127.0.0.1:6812/27412 -- osd_op(client.4111.0:6679 3.f345cb71 bucket25 [call version.read,getxattrs,stat] snapc 0=[] ack+read+known_if_redirected e29) v7 -- ?+0 0x7f79ec052fe0 con 0x564acad41190
2016-10-25 13:59:21.910824 7f79c17fa700 20 reading from us-west.rgw.data.root:.bucket.meta.bucket25:0474fe09-15db-4e91-8f51-ff360bdeb074.4138.25
2016-10-25 13:59:21.910833 7f79c17fa700 20 get_system_obj_state: rctx=0x7f79c17f8530 obj=us-west.rgw.data.root:.bucket.meta.bucket25:0474fe09-15db-4e91-8f51-ff360bdeb074.4138.25 state=0x7f79a401d2d8 s->prefetch_data=0
2016-10-25 13:59:21.910839 7f79c17fa700 10 cache get: name=us-west.rgw.data.root+.bucket.meta.bucket25:0474fe09-15db-4e91-8f51-ff360bdeb074.4138.25 : miss
2016-10-25 13:59:21.910856 7f79c17fa700 1 -- 127.0.0.1:0/1778501402 --> 127.0.0.1:6816/27634 -- osd_op(client.4111.0:6680 3.f5464dac .bucket.meta.bucket25:0474fe09-15db-4e91-8f51-ff360bdeb074.4138.25 [call version.read,getxattrs,stat] snapc 0=[] ack+read+known_if_redirected e29) v7 -- ?+0 0x7f79a400d110 con 0x564acad44c40
2016-10-25 13:59:21.910961 7f7a48417700 1 -- 127.0.0.1:0/1778501402 <== osd.0 127.0.0.1:6812/27412 2953 ==== osd_op_reply(6678 bucket25 [call,getxattrs,stat] v0'0 uv0 ack = -2 ((2) No such file or directory)) v7 ==== 212+0+0 (3619899446 0 0) 0x7f7a2000e3c0 con 0x564acad41190
2016-10-25 13:59:21.911021 7f7a00ff9700 10 cache put: name=us-west.rgw.data.root+bucket25 info.flags=0
2016-10-25 13:59:21.911028 7f7a00ff9700 10 adding us-west.rgw.data.root+bucket25 to cache LRU end
2016-10-25 13:59:21.911034 7f7a00ff9700 0 rgw meta sync: ERROR: can't remove key: bucket:bucket25 ret=-2
2016-10-25 13:59:21.911049 7f797d7fa700 20 cr:s=0x7f7964ebc2c0:op=0x7f7964ebc960:20RGWMetaRemoveEntryCR: operate()
2016-10-25 13:59:21.911054 7f797d7fa700 20 cr:s=0x7f7964ebc2c0:op=0x7f7964ebc960:20RGWMetaRemoveEntryCR: operate()
2016-10-25 13:59:21.911055 7f797d7fa700 20 cr:s=0x7f7964ebc2c0:op=0x7f7964ebc960:20RGWMetaRemoveEntryCR: operate()
2016-10-25 13:59:21.911057 7f797d7fa700 20 cr:s=0x7f7964ebc2c0:op=0x7f7964ebc960:20RGWMetaRemoveEntryCR: operate()
2016-10-25 13:59:21.911060 7f797d7fa700 20 cr:s=0x7f7964ebc2c0:op=0x7f7964ebba90:24RGWMetaSyncSingleEntryCR: operate()
2016-10-25 13:59:21.911064 7f797d7fa700 20 cr:s=0x7f7964ebc2c0:op=0x7f7964ebba90:24RGWMetaSyncSingleEntryCR: operate()
2016-10-25 13:59:21.911067 7f797d7fa700 20 run: stack=0x7f7964ebc2c0 is done
2016-10-25 13:59:21.911092 7f7a48417700 1 -- 127.0.0.1:0/1778501402 <== osd.0 127.0.0.1:6812/27412 2954 ==== osd_op_reply(6679 bucket25 [call,getxattrs,stat] v0'0 uv0 ack = -2 ((2) No such file or directory)) v7 ==== 212+0+0 (3619899446 0 0) 0x7f7a20013ba0 con 0x564acad41190
2016-10-25 13:59:21.911122 7f7a027fc700 10 cache put: name=us-west.rgw.data.root+bucket25 info.flags=0
2016-10-25 13:59:21.911128 7f7a027fc700 10 moving us-west.rgw.data.root+bucket25 to cache LRU end
2016-10-25 13:59:21.911134 7f7a027fc700 0 rgw meta sync: ERROR: can't remove key: bucket:bucket25 ret=-2
2016-10-25 13:59:21.911142 7f797d7fa700 20 cr:s=0x7f7964e89d30:op=0x7f7964e7f280:20RGWMetaRemoveEntryCR: operate()
2016-10-25 13:59:21.911143 7f797d7fa700 20 cr:s=0x7f7964e89d30:op=0x7f7964e7f280:20RGWMetaRemoveEntryCR: operate()
2016-10-25 13:59:21.911144 7f797d7fa700 20 cr:s=0x7f7964e89d30:op=0x7f7964e7f280:20RGWMetaRemoveEntryCR: operate()
2016-10-25 13:59:21.911145 7f797d7fa700 20 cr:s=0x7f7964e89d30:op=0x7f7964e7f280:20RGWMetaRemoveEntryCR: operate()
2016-10-25 13:59:21.911146 7f797d7fa700 20 cr:s=0x7f7964e89d30:op=0x7f7964e89500:24RGWMetaSyncSingleEntryCR: operate()
2016-10-25 13:59:21.911148 7f797d7fa700 20 cr:s=0x7f7964e89d30:op=0x7f7964e89500:24RGWMetaSyncSingleEntryCR: operate()
2016-10-25 13:59:21.911149 7f797d7fa700 20 run: stack=0x7f7964e89d30 is done
2016-10-25 13:59:21.911218 7f7a48215700 1 -- 127.0.0.1:0/1778501402 <== osd.1 127.0.0.1:6816/27634 3222 ==== osd_op_reply(6680 .bucket.meta.bucket25:0474fe09-15db-4e91-8f51-ff360bdeb074.4138.25 [call,getxattrs,stat] v0'0 uv0 ack = -2 ((2) No such file or directory)) v7 ==== 270+0+0 (1835481321 0 0) 0x7f7a18015f00 con 0x564acad44c40
2016-10-25 13:59:21.911256 7f79c17fa700 10 cache put: name=us-west.rgw.data.root+.bucket.meta.bucket25:0474fe09-15db-4e91-8f51-ff360bdeb074.4138.25 info.flags=0
2016-10-25 13:59:21.911259 7f79c17fa700 10 adding us-west.rgw.data.root+.bucket.meta.bucket25:0474fe09-15db-4e91-8f51-ff360bdeb074.4138.25 to cache LRU end
2016-10-25 13:59:21.911294 7f79c17fa700 1 -- 127.0.0.1:0/1778501402 --> 127.0.0.1:6812/27412 -- osd_op(client.4111.0:6681 8.db17a90e .meta:bucket.instance:bucket25:0474fe09-15db-4e91-8f51-ff360bdeb074.4138.25:_unvI5l2LCQ44q6k4vsFIsLz:1 [delete,create 0~0,call version.set,writefull 0~341,setxattr user.rgw.acl (127)] snapc 0=[] ondisk+write+known_if_redirected e29) v7 -- ?+0 0x7f79a400d110 con 0x564acad41190
2016-10-25 13:59:21.916465 7f7a48417700 1 -- 127.0.0.1:0/1778501402 <== osd.0 127.0.0.1:6812/27412 2955 ==== osd_op_reply(6673 mdlog.sync-status.shard.53 [writefull 0~65] v29'229 uv229 ondisk = 0) v7 ==== 146+0+0 (3006423714 0 0) 0x7f7a20013ba0 con 0x564acad41190
2016-10-25 13:59:21.916495 7f799ffff700 10 cache put: name=us-west.rgw.log+mdlog.sync-status.shard.53 info.flags=1
2016-10-25 13:59:21.916504 7f799ffff700 10 moving us-west.rgw.log+mdlog.sync-status.shard.53 to cache LRU end
2016-10-25 13:59:21.916520 7f799ffff700 10 distributing notification oid=notify.2 bl.length()=307
2016-10-25 13:59:21.916543 7f799ffff700 1 -- 127.0.0.1:0/1778501402 --> 127.0.0.1:6816/27634 -- osd_op(client.4111.0:6682 2.88aa5c95 notify.2 [notify 140160083737328~0] snapc 0=[] ondisk+read+known_if_redirected e29) v7 -- ?+0 0x7f7990021320 con 0x564acad44c40
2016-10-25 13:59:21.916840 7f7a48215700 1 -- 127.0.0.1:0/1778501402 <== osd.1 127.0.0.1:6816/27634 3223 ==== watch-notify(notify (1) cookie 94879230556240 notify 124554052117 ret 0) v3 ==== 349+0+0 (3998292320 0 0) 0x7f7a18025360 con 0x564acad44c40
2016-10-25 13:59:21.916855 7f7a2f7fe700 10 RGWWatcher::handle_notify() notify_id 124554052117 cookie 94879230556240 notifier 4111 bl.length()=307
2016-10-25 13:59:21.916866 7f7a2f7fe700 10 cache put: name=us-west.rgw.log+mdlog.sync-status.shard.53 info.flags=1
2016-10-25 13:59:21.916869 7f7a2f7fe700 10 moving us-west.rgw.log+mdlog.sync-status.shard.53 to cache LRU end
2016-10-25 13:59:21.916870 7f7a48215700 1 -- 127.0.0.1:0/1778501402 <== osd.1 127.0.0.1:6816/27634 3224 ==== osd_op_reply(6682 notify.2 [notify 140160083737328~0] v0'0 uv1 ondisk = 0) v7 ==== 128+0+8 (725026202 0 2232870654) 0x7f7a180381b0 con 0x564acad44c40
2016-10-25 13:59:21.916882 7f7a2f7fe700 1 -- 127.0.0.1:0/1778501402 --> 127.0.0.1:6816/27634 -- osd_op(client.4111.0:6683 2.88aa5c95 notify.2 [notify-ack 0~0] snapc 0=[] read+known_if_redirected e29) v7 -- ?+0 0x7f79ec013620 con 0x564acad44c40
2016-10-25 13:59:21.917352 7f7a48215700 1 -- 127.0.0.1:0/1778501402 <== osd.1 127.0.0.1:6816/27634 3225 ==== watch-notify(notify_complete (2) cookie 140160083737328 notify 124554052117 ret 0) v3 ==== 42+0+28 (845197152 0 3773657426) 0x7f7a18025360 con 0x564acad44c40
2016-10-25 13:59:21.917382 7f7a48215700 1 -- 127.0.0.1:0/1778501402 <== osd.1 127.0.0.1:6816/27634 3226 ==== osd_op_reply(6683 notify.2 [notify-ack 0~0] v0'0 uv1 ondisk = 0) v7 ==== 128+0+0 (1048150648 0 0) 0x7f7a180381b0 con 0x564acad44c40
2016-10-25 13:59:21.917385 7f797d7fa700 20 cr:s=0x7f7964e7e230:op=0x7f7964e9f280:21RGWSimpleRadosWriteCRI20rgw_meta_sync_markerE: operate()
2016-10-25 13:59:21.917393 7f797d7fa700 20 cr:s=0x7f7964e7e230:op=0x7f7964e9f280:21RGWSimpleRadosWriteCRI20rgw_meta_sync_markerE: operate()
2016-10-25 13:59:21.917394 7f797d7fa700 20 cr:s=0x7f7964e7e230:op=0x7f7964e9f280:21RGWSimpleRadosWriteCRI20rgw_meta_sync_markerE: operate()
2016-10-25 13:59:21.917396 7f797d7fa700 20 cr:s=0x7f7964e7e230:op=0x7f7964e9f280:21RGWSimpleRadosWriteCRI20rgw_meta_sync_markerE: operate()
2016-10-25 13:59:21.917405 7f797d7fa700 20 cr:s=0x7f7964e7e230:op=0x7f7964de3cb0:24RGWMetaSyncSingleEntryCR: operate()
2016-10-25 13:59:21.917409 7f797d7fa700 20 run: stack=0x7f7964e7e230 is done
2016-10-25 13:59:21.930568 7f7a48215700 1 -- 127.0.0.1:0/1778501402 <== osd.1 127.0.0.1:6816/27634 3227 ==== osd_op_reply(6676 .meta:bucket.instance:bucket26:0474fe09-15db-4e91-8f51-ff360bdeb074.4138.26:_SRQ-AXFeaTW9y4BQz7FKH9X:1 [delete,create 0~0,call,writefull 0~341,setxattr (127)] v29'11 uv11 ondisk = 0) v7 ==== 390+0+0 (3204162658 0 0) 0x7f7a180342e0 con 0x564acad44c40
2016-10-25 13:59:21.930654 7f799d7fa700 10 cache put: name=us-west.rgw.meta+.meta:bucket.instance:bucket26:0474fe09-15db-4e91-8f51-ff360bdeb074.4138.26:_SRQ-AXFeaTW9y4BQz7FKH9X:1 info.flags=23
2016-10-25 13:59:21.930661 7f799d7fa700 10 moving us-west.rgw.meta+.meta:bucket.instance:bucket26:0474fe09-15db-4e91-8f51-ff360bdeb074.4138.26:_SRQ-AXFeaTW9y4BQz7FKH9X:1 to cache LRU end
2016-10-25 13:59:21.930665 7f799d7fa700 10 updating xattr: name=user.rgw.acl bl.length()=127
2016-10-25 13:59:21.930667 7f799d7fa700 10 updating xattr: name=user.rgw.idtag bl.length()=0
2016-10-25 13:59:21.930667 7f799d7fa700 10 updating xattr: name=user.rgw.manifest bl.length()=0
2016-10-25 13:59:21.930681 7f799d7fa700 10 distributing notification oid=notify.2 bl.length()=881
2016-10-25 13:59:21.930712 7f799d7fa700 1 -- 127.0.0.1:0/1778501402 --> 127.0.0.1:6816/27634 -- osd_op(client.4111.0:6684 2.88aa5c95 notify.2 [notify 140159882438672~0] snapc 0=[] ondisk+read+known_if_redirected e29) v7 -- ?+0 0x7f798401e490 con 0x564acad44c40
2016-10-25 13:59:21.930782 7f7a48417700 1 -- 127.0.0.1:0/1778501402 <== osd.0 127.0.0.1:6812/27412 2956 ==== osd_op_reply(6675 mdlog.sync-status.shard.37 [writefull 0~65] v29'234 uv234 ondisk = 0) v7 ==== 146+0+0 (1148521140 0 0) 0x7f7a20013ba0 con 0x564acad41190
2016-10-25 13:59:21.930811 7f79e6ffd700 10 cache put: name=us-west.rgw.log+mdlog.sync-status.shard.37 info.flags=1
2016-10-25 13:59:21.930816 7f79e6ffd700 10 moving us-west.rgw.log+mdlog.sync-status.shard.37 to cache LRU end
2016-10-25 13:59:21.930829 7f79e6ffd700 10 distributing notification oid=notify.2 bl.length()=307
2016-10-25 13:59:21.930854 7f79e6ffd700 1 -- 127.0.0.1:0/1778501402 --> 127.0.0.1:6816/27634 -- osd_op(client.4111.0:6685 2.88aa5c95 notify.2 [notify 140161157491280~0] snapc 0=[] ondisk+read+known_if_redirected e29) v7 -- ?+0 0x7f79d0008b60 con 0x564acad44c40
2016-10-25 13:59:21.930874 7f7a48417700 1 -- 127.0.0.1:0/1778501402 <== osd.0 127.0.0.1:6812/27412 2957 ==== osd_op_reply(6677 user1.buckets [call] v29'84 uv84 ondisk = 0) v7 ==== 133+0+0 (2409521242 0 0) 0x7f7a20013ba0 con 0x564acad41190
2016-10-25 13:59:21.930913 7f7a01ffb700 10 removing us-west.rgw.data.root+bucket26 from cache
2016-10-25 13:59:21.930925 7f7a01ffb700 10 distributing notification oid=notify.0 bl.length()=248
2016-10-25 13:59:21.930941 7f7a01ffb700 1 -- 127.0.0.1:0/1778501402 --> 127.0.0.1:6816/27634 -- osd_op(client.4111.0:6686 2.4322fa9f notify.0 [notify 140161425892816~0] snapc 0=[] ondisk+read+known_if_redirected e29) v7 -- ?+0 0x7f79e000dc10 con 0x564acad44c40
2016-10-25 13:59:21.931134 7f7a48215700 1 -- 127.0.0.1:0/1778501402 <== osd.1 127.0.0.1:6816/27634 3228 ==== watch-notify(notify (1) cookie 94879230556240 notify 124554052118 ret 0) v3 ==== 923+0+0 (424624495 0 0) 0x7f7a18016e90 con 0x564acad44c40
2016-10-25 13:59:21.931170 7f7a48215700 1 -- 127.0.0.1:0/1778501402 <== osd.1 127.0.0.1:6816/27634 3229 ==== osd_op_reply(6684 notify.2 [notify 140159882438672~0] v0'0 uv1 ondisk = 0) v7 ==== 128+0+8 (228759458 0 1582457239) 0x7f7a18039520 con 0x564acad44c40
2016-10-25 13:59:21.931220 7f7a48215700 1 -- 127.0.0.1:0/1778501402 <== osd.1 127.0.0.1:6816/27634 3230 ==== watch-notify(notify (1) cookie 94879230552064 notify 124554052119 ret 0) v3 ==== 290+0+0 (3603080168 0 0) 0x7f7a18039520 con 0x564acad44c40
2016-10-25 13:59:21.931233 7f7a2f7fe700 10 RGWWatcher::handle_notify() notify_id 124554052118 cookie 94879230556240 notifier 4111 bl.length()=881
2016-10-25 13:59:21.931249 7f7a2f7fe700 10 cache put: name=us-west.rgw.meta+.meta:bucket.instance:bucket26:0474fe09-15db-4e91-8f51-ff360bdeb074.4138.26:_SRQ-AXFeaTW9y4BQz7FKH9X:1 info.flags=23
2016-10-25 13:59:21.931253 7f7a2f7fe700 10 moving us-west.rgw.meta+.meta:bucket.instance:bucket26:0474fe09-15db-4e91-8f51-ff360bdeb074.4138.26:_SRQ-AXFeaTW9y4BQz7FKH9X:1 to cache LRU end
2016-10-25 13:59:21.931256 7f7a2f7fe700 10 updating xattr: name=user.rgw.acl bl.length()=127
2016-10-25 13:59:21.931257 7f7a2f7fe700 10 updating xattr: name=user.rgw.idtag bl.length()=0
2016-10-25 13:59:21.931252 7f7a48215700 1 -- 127.0.0.1:0/1778501402 <== osd.1 127.0.0.1:6816/27634 3231 ==== osd_op_reply(6686 notify.0 [notify 140161425892816~0] v0'0 uv1 ondisk = 0) v7 ==== 128+0+8 (4034948727 0 393092272) 0x7f7a18034ad0 con 0x564acad44c40
2016-10-25 13:59:21.931258 7f7a2f7fe700 10 updating xattr: name=user.rgw.manifest bl.length()=0
2016-10-25 13:59:21.931274 7f7a2f7fe700 1 -- 127.0.0.1:0/1778501402 --> 127.0.0.1:6816/27634 -- osd_op(client.4111.0:6687 2.88aa5c95 notify.2 [notify-ack 0~0] snapc 0=[] read+known_if_redirected e29) v7 -- ?+0 0x7f79ec018870 con 0x564acad44c40
2016-10-25 13:59:21.931285 7f7a2f7fe700 10 RGWWatcher::handle_notify() notify_id 124554052119 cookie 94879230552064 notifier 4111 bl.length()=248
2016-10-25 13:59:21.931297 7f7a2f7fe700 1 -- 127.0.0.1:0/1778501402 --> 127.0.0.1:6816/27634 -- osd_op(client.4111.0:6688 2.4322fa9f notify.0 [notify-ack 0~0] snapc 0=[] read+known_if_redirected e29) v7 -- ?+0 0x7f79ec03f270 con 0x564acad44c40
2016-10-25 13:59:21.931375 7f7a48215700 1 -- 127.0.0.1:0/1778501402 <== osd.1 127.0.0.1:6816/27634 3232 ==== watch-notify(notify (1) cookie 94879230556240 notify 124554052120 ret 0) v3 ==== 349+0+0 (1169952222 0 0) 0x7f7a18034ad0 con 0x564acad44c40
2016-10-25 13:59:21.931385 7f7a2f7fe700 10 RGWWatcher::handle_notify() notify_id 124554052120 cookie 94879230556240 notifier 4111 bl.length()=307
2016-10-25 13:59:21.931392 7f7a2f7fe700 10 cache put: name=us-west.rgw.log+mdlog.sync-status.shard.37 info.flags=1
2016-10-25 13:59:21.931394 7f7a2f7fe700 10 moving us-west.rgw.log+mdlog.sync-status.shard.37 to cache LRU end
2016-10-25 13:59:21.931404 7f7a2f7fe700 1 -- 127.0.0.1:0/1778501402 --> 127.0.0.1:6816/27634 -- osd_op(client.4111.0:6689 2.88aa5c95 notify.2 [notify-ack 0~0] snapc 0=[] read+known_if_redirected e29) v7 -- ?+0 0x7f79ec03f270 con 0x564acad44c40
2016-10-25 13:59:21.931434 7f7a48215700 1 -- 127.0.0.1:0/1778501402 <== osd.1 127.0.0.1:6816/27634 3233 ==== osd_op_reply(6685 notify.2 [notify 140161157491280~0] v0'0 uv1 ondisk = 0) v7 ==== 128+0+8 (1854215345 0 2936806766) 0x7f7a18016e90 con 0x564acad44c40
2016-10-25 13:59:21.931596 7f7a48215700 1 -- 127.0.0.1:0/1778501402 <== osd.1 127.0.0.1:6816/27634 3234 ==== watch-notify(notify_complete (2) cookie 140159882438672 notify 124554052118 ret 0) v3 ==== 42+0+28 (2967796570 0 3773657426) 0x7f7a18034ad0 con 0x564acad44c40
2016-10-25 13:59:21.931630 7f7a48215700 1 -- 127.0.0.1:0/1778501402 <== osd.1 127.0.0.1:6816/27634 3235 ==== osd_op_reply(6687 notify.2 [notify-ack 0~0] v0'0 uv1 ondisk = 0) v7 ==== 128+0+0 (1048150648 0 0) 0x7f7a18034ad0 con 0x564acad44c40
2016-10-25 13:59:21.931663 7f7a48215700 1 -- 127.0.0.1:0/1778501402 <== osd.1 127.0.0.1:6816/27634 3236 ==== watch-notify(notify_complete (2) cookie 140161425892816 notify 124554052119 ret 0) v3 ==== 42+0+28 (431385752 0 3402964263) 0x7f7a18034ad0 con 0x564acad44c40
2016-10-25 13:59:21.931663 7f799d7fa700 1 -- 127.0.0.1:0/1778501402 --> 127.0.0.1:6816/27634 -- osd_op(client.4111.0:6690 3.8c4e20d2 .bucket.meta.bucket26:0474fe09-15db-4e91-8f51-ff360bdeb074.4138.26 [delete,create 0~0,call version.check_conds,call version.set,writefull 0~341,setxattr user.rgw.acl (127)] snapc 0=[] ondisk+write+known_if_redirected e29) v7 -- ?+0 0x7f798401bc60 con 0x564acad44c40
2016-10-25 13:59:21.931684 7f7a48215700 1 -- 127.0.0.1:0/1778501402 <== osd.1 127.0.0.1:6816/27634 3237 ==== osd_op_reply(6688 notify.0 [notify-ack 0~0] v0'0 uv1 ondisk = 0) v7 ==== 128+0+0 (1984897511 0 0) 0x7f7a18034ad0 con 0x564acad44c40
2016-10-25 13:59:21.931712 7f7a01ffb700 1 -- 127.0.0.1:0/1778501402 --> 127.0.0.1:6812/27412 -- osd_op(client.4111.0:6691 3.c8ef106b bucket26 [call version.check_conds,call version.set,delete] snapc 0=[] ondisk+write+known_if_redirected e29) v7 -- ?+0 0x7f79e0018850 con 0x564acad41190
2016-10-25 13:59:21.932034 7f7a48215700 1 -- 127.0.0.1:0/1778501402 <== osd.1 127.0.0.1:6816/27634 3238 ==== watch-notify(notify_complete (2) cookie 140161157491280 notify 124554052120 ret 0) v3 ==== 42+0+28 (1697573312 0 3773657426) 0x7f7a18034ad0 con 0x564acad44c40
2016-10-25 13:59:21.932069 7f7a48215700 1 -- 127.0.0.1:0/1778501402 <== osd.1 127.0.0.1:6816/27634 3239 ==== osd_op_reply(6689 notify.2 [notify-ack 0~0] v0'0 uv1 ondisk = 0) v7 ==== 128+0+0 (1048150648 0 0) 0x7f7a18034ad0 con 0x564acad44c40
2016-10-25 13:59:21.932080 7f797d7fa700 20 cr:s=0x7f7964e4d5d0:op=0x7f7964e4d9b0:21RGWSimpleRadosWriteCRI20rgw_meta_sync_markerE: operate()
2016-10-25 13:59:21.932085 7f797d7fa700 20 cr:s=0x7f7964e4d5d0:op=0x7f7964e4d9b0:21RGWSimpleRadosWriteCRI20rgw_meta_sync_markerE: operate()
2016-10-25 13:59:21.932087 7f797d7fa700 20 cr:s=0x7f7964e4d5d0:op=0x7f7964e4d9b0:21RGWSimpleRadosWriteCRI20rgw_meta_sync_markerE: operate()
2016-10-25 13:59:21.932088 7f797d7fa700 20 cr:s=0x7f7964e4d5d0:op=0x7f7964e4d9b0:21RGWSimpleRadosWriteCRI20rgw_meta_sync_markerE: operate()
2016-10-25 13:59:21.932097 7f797d7fa700 20 cr:s=0x7f7964e4d5d0:op=0x7f7964e99670:24RGWMetaSyncSingleEntryCR: operate()
2016-10-25 13:59:21.932099 7f797d7fa700 20 run: stack=0x7f7964e4d5d0 is done
2016-10-25 13:59:21.936725 7f7a48417700 1 -- 127.0.0.1:0/1778501402 <== osd.0 127.0.0.1:6812/27412 2958 ==== osd_op_reply(6681 .meta:bucket.instance:bucket25:0474fe09-15db-4e91-8f51-ff360bdeb074.4138.25:_unvI5l2LCQ44q6k4vsFIsLz:1 [delete,create 0~0,call,writefull 0~341,setxattr (127)] v29'13 uv13 ondisk = 0) v7 ==== 390+0+0 (1183504357 0 0) 0x7f7a20020d40 con 0x564acad41190
2016-10-25 13:59:21.936757 7f79c17fa700 10 cache put: name=us-west.rgw.meta+.meta:bucket.instance:bucket25:0474fe09-15db-4e91-8f51-ff360bdeb074.4138.25:_unvI5l2LCQ44q6k4vsFIsLz:1 info.flags=23
2016-10-25 13:59:21.936763 7f79c17fa700 10 moving us-west.rgw.meta+.meta:bucket.instance:bucket25:0474fe09-15db-4e91-8f51-ff360bdeb074.4138.25:_unvI5l2LCQ44q6k4vsFIsLz:1 to cache LRU end
2016-10-25 13:59:21.936767 7f79c17fa700 10 updating xattr: name=user.rgw.acl bl.length()=127
2016-10-25 13:59:21.936768 7f79c17fa700 10 updating xattr: name=user.rgw.idtag bl.length()=0
2016-10-25 13:59:21.936769 7f79c17fa700 10 updating xattr: name=user.rgw.manifest bl.length()=0
2016-10-25 13:59:21.936782 7f79c17fa700 10 distributing notification oid=notify.6 bl.length()=881
2016-10-25 13:59:21.936800 7f79c17fa700 1 -- 127.0.0.1:0/1778501402 --> 127.0.0.1:6816/27634 -- osd_op(client.4111.0:6692 2.97c520d4 notify.6 [notify 140160419277888~0] snapc 0=[] ondisk+read+known_if_redirected e29) v7 -- ?+0 0x7f79a4016990 con 0x564acad44c40
2016-10-25 13:59:21.937104 7f7a48215700 1 -- 127.0.0.1:0/1778501402 <== osd.1 127.0.0.1:6816/27634 3240 ==== watch-notify(notify (1) cookie 94879230566576 notify 124554052121 ret 0) v3 ==== 923+0+0 (2452462787 0 0) 0x7f7a18034ad0 con 0x564acad44c40
2016-10-25 13:59:21.937121 7f7a2f7fe700 10 RGWWatcher::handle_notify() notify_id 124554052121 cookie 94879230566576 notifier 4111 bl.length()=881
2016-10-25 13:59:21.937136 7f7a2f7fe700 10 cache put: name=us-west.rgw.meta+.meta:bucket.instance:bucket25:0474fe09-15db-4e91-8f51-ff360bdeb074.4138.25:_unvI5l2LCQ44q6k4vsFIsLz:1 info.flags=23
2016-10-25 13:59:21.937140 7f7a2f7fe700 10 moving us-west.rgw.meta+.meta:bucket.instance:bucket25:0474fe09-15db-4e91-8f51-ff360bdeb074.4138.25:_unvI5l2LCQ44q6k4vsFIsLz:1 to cache LRU end
2016-10-25 13:59:21.937143 7f7a2f7fe700 10 updating xattr: name=user.rgw.acl bl.length()=127
2016-10-25 13:59:21.937144 7f7a2f7fe700 10 updating xattr: name=user.rgw.idtag bl.length()=0
2016-10-25 13:59:21.937145 7f7a2f7fe700 10 updating xattr: name=user.rgw.manifest bl.length()=0
2016-10-25 13:59:21.937143 7f7a48215700 1 -- 127.0.0.1:0/1778501402 <== osd.1 127.0.0.1:6816/27634 3241 ==== osd_op_reply(6692 notify.6 [notify 140160419277888~0] v0'0 uv1 ondisk = 0) v7 ==== 128+0+8 (337561402 0 3861930057) 0x7f7a18035540 con 0x564acad44c40
2016-10-25 13:59:21.937159 7f7a2f7fe700 1 -- 127.0.0.1:0/1778501402 --> 127.0.0.1:6816/27634 -- osd_op(client.4111.0:6693 2.97c520d4 notify.6 [notify-ack 0~0] snapc 0=[] read+known_if_redirected e29) v7 -- ?+0 0x7f79ec03f270 con 0x564acad44c40
2016-10-25 13:59:21.937583 7f7a48215700 1 -- 127.0.0.1:0/1778501402 <== osd.1 127.0.0.1:6816/27634 3242 ==== watch-notify(notify_complete (2) cookie 140160419277888 notify 124554052121 ret 0) v3 ==== 42+0+28 (1473625675 0 3459847823) 0x7f7a18034ad0 con 0x564acad44c40
2016-10-25 13:59:21.937612 7f7a48215700 1 -- 127.0.0.1:0/1778501402 <== osd.1 127.0.0.1:6816/27634 3243 ==== osd_op_reply(6693 notify.6 [notify-ack 0~0] v0'0 uv1 ondisk = 0) v7 ==== 128+0+0 (1562312443 0 0) 0x7f7a18034ad0 con 0x564acad44c40
2016-10-25 13:59:21.937626 7f79c17fa700 1 -- 127.0.0.1:0/1778501402 --> 127.0.0.1:6816/27634 -- osd_op(client.4111.0:6694 3.f5464dac .bucket.meta.bucket25:0474fe09-15db-4e91-8f51-ff360bdeb074.4138.25 [delete,create 0~0,call version.set,writefull 0~341,setxattr user.rgw.acl (127)] snapc 0=[] ondisk+write+known_if_redirected e29) v7 -- ?+0 0x7f79a400ac40 con 0x564acad44c40
2016-10-25 13:59:21.957516 7f7a48417700 1 -- 127.0.0.1:0/1778501402 <== osd.0 127.0.0.1:6812/27412 2959 ==== osd_op_reply(6691 bucket26 [call,call,delete] v29'16 uv16 ondisk = 0) v7 ==== 212+0+0 (35943619 0 0) 0x7f7a20013ba0 con 0x564acad41190
2016-10-25 13:59:21.957590 7f797d7fa700 20 cr:s=0x7f7964eec690:op=0x7f7964ef7310:20RGWMetaRemoveEntryCR: operate()
2016-10-25 13:59:21.957599 7f797d7fa700 20 cr:s=0x7f7964eec690:op=0x7f7964ef7310:20RGWMetaRemoveEntryCR: operate()
2016-10-25 13:59:21.957601 7f797d7fa700 20 cr:s=0x7f7964eec690:op=0x7f7964ef7310:20RGWMetaRemoveEntryCR: operate()
2016-10-25 13:59:21.957602 7f797d7fa700 20 cr:s=0x7f7964eec690:op=0x7f7964ef7310:20RGWMetaRemoveEntryCR: operate()
2016-10-25 13:59:21.957603 7f797d7fa700 20 cr:s=0x7f7964eec690:op=0x7f7964ef69e0:24RGWMetaSyncSingleEntryCR: operate()
2016-10-25 13:59:21.957609 7f797d7fa700 20 cr:s=0x7f7964eec690:op=0x7f7964ef69e0:24RGWMetaSyncSingleEntryCR: operate()
2016-10-25 13:59:21.957614 7f797d7fa700 20 run: stack=0x7f7964eec690 is done
2016-10-25 13:59:21.972370 7f7a48215700 1 -- 127.0.0.1:0/1778501402 <== osd.1 127.0.0.1:6816/27634 3244 ==== osd_op_reply(6690 .bucket.meta.bucket26:0474fe09-15db-4e91-8f51-ff360bdeb074.4138.26 [delete,create 0~0,call,call,writefull 0~341,setxattr (127)] v29'11 uv11 ondisk = 0) v7 ==== 396+0+0 (2097133766 0 0) 0x7f7a18024050 con 0x564acad44c40
2016-10-25 13:59:21.972417 7f799d7fa700 10 cache put: name=us-west.rgw.data.root+.bucket.meta.bucket26:0474fe09-15db-4e91-8f51-ff360bdeb074.4138.26 info.flags=23
2016-10-25 13:59:21.972432 7f799d7fa700 10 moving us-west.rgw.data.root+.bucket.meta.bucket26:0474fe09-15db-4e91-8f51-ff360bdeb074.4138.26 to cache LRU end
2016-10-25 13:59:21.972439 7f799d7fa700 10 updating xattr: name=user.rgw.acl bl.length()=127
2016-10-25 13:59:21.972441 7f799d7fa700 10 updating xattr: name=user.rgw.idtag bl.length()=0
2016-10-25 13:59:21.972443 7f799d7fa700 10 updating xattr: name=user.rgw.manifest bl.length()=0
2016-10-25 13:59:21.972460 7f799d7fa700 10 distributing notification oid=notify.6 bl.length()=865
2016-10-25 13:59:21.972498 7f799d7fa700 1 -- 127.0.0.1:0/1778501402 --> 127.0.0.1:6816/27634 -- osd_op(client.4111.0:6695 2.97c520d4 notify.6 [notify 140159882479056~0] snapc 0=[] ondisk+read+known_if_redirected e29) v7 -- ?+0 0x7f798401e6d0 con 0x564acad44c40
2016-10-25 13:59:21.972537 7f7a48215700 1 -- 127.0.0.1:0/1778501402 <== osd.1 127.0.0.1:6816/27634 3245 ==== osd_op_reply(6694 .bucket.meta.bucket25:0474fe09-15db-4e91-8f51-ff360bdeb074.4138.25 [delete,create 0~0,call,writefull 0~341,setxattr (127)] v29'26 uv26 ondisk = 0) v7 ==== 354+0+0 (995517979 0 0) 0x7f7a18024050 con 0x564acad44c40
2016-10-25 13:59:21.972565 7f79c17fa700 10 cache put: name=us-west.rgw.data.root+.bucket.meta.bucket25:0474fe09-15db-4e91-8f51-ff360bdeb074.4138.25 info.flags=23
2016-10-25 13:59:21.972570 7f79c17fa700 10 moving us-west.rgw.data.root+.bucket.meta.bucket25:0474fe09-15db-4e91-8f51-ff360bdeb074.4138.25 to cache LRU end
2016-10-25 13:59:21.972573 7f79c17fa700 10 updating xattr: name=user.rgw.acl bl.length()=127
2016-10-25 13:59:21.972573 7f79c17fa700 10 updating xattr: name=user.rgw.idtag bl.length()=0
2016-10-25 13:59:21.972574 7f79c17fa700 10 updating xattr: name=user.rgw.manifest bl.length()=0
2016-10-25 13:59:21.972583 7f79c17fa700 10 distributing notification oid=notify.6 bl.length()=865
2016-10-25 13:59:21.972599 7f79c17fa700 1 -- 127.0.0.1:0/1778501402 --> 127.0.0.1:6816/27634 -- osd_op(client.4111.0:6696 2.97c520d4 notify.6 [notify 140160419277888~0] snapc 0=[] ondisk+read+known_if_redirected e29) v7 -- ?+0 0x7f79a401d7d0 con 0x564acad44c40
2016-10-25 13:59:21.972826 7f7a48215700 1 -- 127.0.0.1:0/1778501402 <== osd.1 127.0.0.1:6816/27634 3246 ==== watch-notify(notify (1) cookie 94879230566576 notify 124554052122 ret 0) v3 ==== 907+0+0 (994017759 0 0) 0x7f7a18034ad0 con 0x564acad44c40
2016-10-25 13:59:21.972843 7f7a2f7fe700 10 RGWWatcher::handle_notify() notify_id 124554052122 cookie 94879230566576 notifier 4111 bl.length()=865
2016-10-25 13:59:21.972857 7f7a48215700 1 -- 127.0.0.1:0/1778501402 <== osd.1 127.0.0.1:6816/27634 3247 ==== osd_op_reply(6695 notify.6 [notify 140159882479056~0] v0'0 uv1 ondisk = 0) v7 ==== 128+0+8 (2652084434 0 1031071520) 0x7f7a18035f70 con 0x564acad44c40
2016-10-25 13:59:21.972861 7f7a2f7fe700 10 cache put: name=us-west.rgw.data.root+.bucket.meta.bucket26:0474fe09-15db-4e91-8f51-ff360bdeb074.4138.26 info.flags=23
2016-10-25 13:59:21.972864 7f7a2f7fe700 10 moving us-west.rgw.data.root+.bucket.meta.bucket26:0474fe09-15db-4e91-8f51-ff360bdeb074.4138.26 to cache LRU end
2016-10-25 13:59:21.972866 7f7a2f7fe700 10 updating xattr: name=user.rgw.acl bl.length()=127
2016-10-25 13:59:21.972867 7f7a2f7fe700 10 updating xattr: name=user.rgw.idtag bl.length()=0
2016-10-25 13:59:21.972868 7f7a2f7fe700 10 updating xattr: name=user.rgw.manifest bl.length()=0
2016-10-25 13:59:21.972883 7f7a2f7fe700 1 -- 127.0.0.1:0/1778501402 --> 127.0.0.1:6816/27634 -- osd_op(client.4111.0:6697 2.97c520d4 notify.6 [notify-ack 0~0] snapc 0=[] read+known_if_redirected e29) v7 -- ?+0 0x7f79ec040f50 con 0x564acad44c40
2016-10-25 13:59:21.972979 7f7a48215700 1 -- 127.0.0.1:0/1778501402 <== osd.1 127.0.0.1:6816/27634 3248 ==== watch-notify(notify (1) cookie 94879230566576 notify 124554052123 ret 0) v3 ==== 907+0+0 (2342341402 0 0) 0x7f7a18034ad0 con 0x564acad44c40
2016-10-25 13:59:21.972992 7f7a2f7fe700 10 RGWWatcher::handle_notify() notify_id 124554052123 cookie 94879230566576 notifier 4111 bl.length()=865
2016-10-25 13:59:21.973003 7f7a2f7fe700 10 cache put: name=us-west.rgw.data.root+.bucket.meta.bucket25:0474fe09-15db-4e91-8f51-ff360bdeb074.4138.25 info.flags=23
2016-10-25 13:59:21.973006 7f7a2f7fe700 10 moving us-west.rgw.data.root+.bucket.meta.bucket25:0474fe09-15db-4e91-8f51-ff360bdeb074.4138.25 to cache LRU end
2016-10-25 13:59:21.973008 7f7a2f7fe700 10 updating xattr: name=user.rgw.acl bl.length()=127
2016-10-25 13:59:21.973009 7f7a2f7fe700 10 updating xattr: name=user.rgw.idtag bl.length()=0
2016-10-25 13:59:21.973009 7f7a2f7fe700 10 updating xattr: name=user.rgw.manifest bl.length()=0
2016-10-25 13:59:21.973006 7f7a48215700 1 -- 127.0.0.1:0/1778501402 <== osd.1 127.0.0.1:6816/27634 3249 ==== osd_op_reply(6696 notify.6 [notify 140160419277888~0] v0'0 uv1 ondisk = 0) v7 ==== 128+0+8 (337561402 0 1950915079) 0x7f7a18042c20 con 0x564acad44c40
