2016-10-25 13:59:21.973022 7f7a2f7fe700 1 -- 127.0.0.1:0/1778501402 --> 127.0.0.1:6816/27634 -- osd_op(client.4111.0:6698 2.97c520d4 notify.6 [notify-ack 0~0] snapc 0=[] read+known_if_redirected e29) v7 -- ?+0 0x7f79ec04d050 con 0x564acad44c40
2016-10-25 13:59:21.973145 7f7a48215700 1 -- 127.0.0.1:0/1778501402 <== osd.1 127.0.0.1:6816/27634 3250 ==== watch-notify(notify_complete (2) cookie 140159882479056 notify 124554052122 ret 0) v3 ==== 42+0+28 (2430184390 0 3459847823) 0x7f7a18042c20 con 0x564acad44c40
2016-10-25 13:59:21.973172 7f7a48215700 1 -- 127.0.0.1:0/1778501402 <== osd.1 127.0.0.1:6816/27634 3251 ==== osd_op_reply(6697 notify.6 [notify-ack 0~0] v0'0 uv1 ondisk = 0) v7 ==== 128+0+0 (1562312443 0 0) 0x7f7a18042c20 con 0x564acad44c40
2016-10-25 13:59:21.973206 7f799d7fa700 1 -- 127.0.0.1:0/1778501402 --> 127.0.0.1:6812/27412 -- osd_op(client.4111.0:6699 9.20175489 .dir.0474fe09-15db-4e91-8f51-ff360bdeb074.4138.26 [create 0~0 [excl],call rgw.bucket_init_index] snapc 0=[] ack+ondisk+write+known_if_redirected e29) v7 -- ?+0 0x7f7984016ff0 con 0x564acad41190
2016-10-25 13:59:21.973508 7f7a48417700 1 -- 127.0.0.1:0/1778501402 <== osd.0 127.0.0.1:6812/27412 2960 ==== osd_op_reply(6699 .dir.0474fe09-15db-4e91-8f51-ff360bdeb074.4138.26 [create 0~0 [excl],call] v0'0 uv0 ondisk = -17 ((17) File exists)) v7 ==== 211+0+0 (3751070808 0 0) 0x7f7a20013ba0 con 0x564acad41190
2016-10-25 13:59:21.973551 7f7a48215700 1 -- 127.0.0.1:0/1778501402 <== osd.1 127.0.0.1:6816/27634 3252 ==== watch-notify(notify_complete (2) cookie 140160419277888 notify 124554052123 ret 0) v3 ==== 42+0+28 (648433062 0 3459847823) 0x7f7a18042c20 con 0x564acad44c40
2016-10-25 13:59:21.973578 7f7a48215700 1 -- 127.0.0.1:0/1778501402 <== osd.1 127.0.0.1:6816/27634 3253 ==== osd_op_reply(6698 notify.6 [notify-ack 0~0] v0'0 uv1 ondisk = 0) v7 ==== 128+0+0 (1562312443 0 0) 0x7f7a18042c20 con 0x564acad44c40
2016-10-25 13:59:21.973858 7f79c17fa700 1 -- 127.0.0.1:0/1778501402 --> 127.0.0.1:6812/27412 -- osd_op(client.4111.0:6700 9.235ab709 .dir.0474fe09-15db-4e91-8f51-ff360bdeb074.4138.25 [create 0~0 [excl],call rgw.bucket_init_index] snapc 0=[] ack+ondisk+write+known_if_redirected e29) v7 -- ?+0 0x7f79a400b280 con 0x564acad41190
2016-10-25 13:59:21.973894 7f797d7fa700 20 cr:s=0x7f7964ebed30:op=0x7f7964ebf130:19RGWMetaStoreEntryCR: operate()
2016-10-25 13:59:21.973900 7f797d7fa700 20 cr:s=0x7f7964ebed30:op=0x7f7964ebf130:19RGWMetaStoreEntryCR: operate()
2016-10-25 13:59:21.973901 7f797d7fa700 20 cr:s=0x7f7964ebed30:op=0x7f7964ebf130:19RGWMetaStoreEntryCR: operate()
2016-10-25 13:59:21.973903 7f797d7fa700 20 cr:s=0x7f7964ebed30:op=0x7f7964ebf130:19RGWMetaStoreEntryCR: operate()
2016-10-25 13:59:21.973904 7f797d7fa700 20 cr:s=0x7f7964ebed30:op=0x7f7964ebe500:24RGWMetaSyncSingleEntryCR: operate()
2016-10-25 13:59:21.973909 7f797d7fa700 20 rgw meta sync: store_marker(): updating marker marker_oid=mdlog.sync-status.shard.37 marker=1_1477396761.789001_270.1
2016-10-25 13:59:21.973926 7f797d7fa700 20 cr:s=0x7f7964ebed30:op=0x7f7964ef69e0:21RGWSimpleRadosWriteCRI20rgw_meta_sync_markerE: operate()
2016-10-25 13:59:21.973929 7f797d7fa700 20 cr:s=0x7f7964ebed30:op=0x7f7964ef69e0:21RGWSimpleRadosWriteCRI20rgw_meta_sync_markerE: operate()
2016-10-25 13:59:21.973938 7f797d7fa700 20 enqueued request req=0x7f7964e89ba0
2016-10-25 13:59:21.973940 7f797d7fa700 20 RGWWQ:
2016-10-25 13:59:21.973940 7f797d7fa700 20 req: 0x7f7964e89ba0
2016-10-25 13:59:21.973944 7f797d7fa700 20 run: stack=0x7f7964ebed30 is io blocked
2016-10-25 13:59:21.973946 7f799f7fe700 20 dequeued request req=0x7f7964e89ba0
2016-10-25 13:59:21.973950 7f799f7fe700 20 RGWWQ: empty
2016-10-25 13:59:21.973970 7f799f7fe700 1 -- 127.0.0.1:0/1778501402 --> 127.0.0.1:6812/27412 -- osd_op(client.4111.0:6701 5.2d1ff4fd mdlog.sync-status.shard.37 [writefull 0~65] snapc 0=[] ondisk+write+known_if_redirected e29) v7 -- ?+0 0x7f7994031980 con 0x564acad41190
2016-10-25 13:59:21.997236 7f7920ff1700 10 receive_http_header
2016-10-25 13:59:21.997245 7f7920ff1700 10 received header:HTTP/1.1 204 No Content
2016-10-25 13:59:21.997248 7f7920ff1700 10 receive_http_header
2016-10-25 13:59:21.997249 7f7920ff1700 10 received header:x-amz-request-id: tx0000000000000000004a6-00580f4919-102a-us-east-1
2016-10-25 13:59:21.997254 7f7920ff1700 10 receive_http_header
2016-10-25 13:59:21.997255 7f7920ff1700 10 received header:Date: Tue, 25 Oct 2016 11:59:21 GMT
2016-10-25 13:59:21.997257 7f7920ff1700 10 receive_http_header
2016-10-25 13:59:21.997257 7f7920ff1700 10 received header:
2016-10-25 13:59:21.997338 7f7920ff1700 20 response:
2016-10-25 13:59:21.997356 7f7920ff1700 20 reading from us-west.rgw.data.root:.bucket.meta.bucket26:0474fe09-15db-4e91-8f51-ff360bdeb074.4138.26
2016-10-25 13:59:21.997368 7f7920ff1700 20 get_system_obj_state: rctx=0x7f7920fed9a0 obj=us-west.rgw.data.root:.bucket.meta.bucket26:0474fe09-15db-4e91-8f51-ff360bdeb074.4138.26 state=0x7f7970030208 s->prefetch_data=0
2016-10-25 13:59:21.997376 7f7920ff1700 10 cache get: name=us-west.rgw.data.root+.bucket.meta.bucket26:0474fe09-15db-4e91-8f51-ff360bdeb074.4138.26 : hit (requested=22, cached=23)
2016-10-25 13:59:21.997384 7f7920ff1700 20 get_system_obj_state: s->obj_tag was set empty
2016-10-25 13:59:21.997386 7f7920ff1700 10 cache get: name=us-west.rgw.data.root+.bucket.meta.bucket26:0474fe09-15db-4e91-8f51-ff360bdeb074.4138.26 : hit (requested=17, cached=23)
2016-10-25 13:59:21.997399 7f7920ff1700 10 cls_bucket_list bucket26(@{i=us-west.rgw.buckets.index,e=us-west.rgw.buckets.non-ec}us-west.rgw.buckets.data[0474fe09-15db-4e91-8f51-ff360bdeb074.4138.26]) start [] num_entries 1000
2016-10-25 13:59:21.997404 7f7920ff1700 20 reading from us-west.rgw.data.root:.bucket.meta.bucket26:0474fe09-15db-4e91-8f51-ff360bdeb074.4138.26
2016-10-25 13:59:21.997407 7f7920ff1700 20 get_system_obj_state: rctx=0x7f7920fed3e0 obj=us-west.rgw.data.root:.bucket.meta.bucket26:0474fe09-15db-4e91-8f51-ff360bdeb074.4138.26 state=0x7f797002e688 s->prefetch_data=0
2016-10-25 13:59:21.997410 7f7920ff1700 10 cache get: name=us-west.rgw.data.root+.bucket.meta.bucket26:0474fe09-15db-4e91-8f51-ff360bdeb074.4138.26 : hit (requested=22, cached=23)
2016-10-25 13:59:21.997412 7f7920ff1700 20 get_system_obj_state: s->obj_tag was set empty
2016-10-25 13:59:21.997413 7f7920ff1700 10 cache get: name=us-west.rgw.data.root+.bucket.meta.bucket26:0474fe09-15db-4e91-8f51-ff360bdeb074.4138.26 : hit (requested=17, cached=23)
2016-10-25 13:59:21.997445 7f7920ff1700 1 -- 127.0.0.1:0/1778501402 --> 127.0.0.1:6812/27412 -- osd_op(client.4111.0:6702 9.20175489 .dir.0474fe09-15db-4e91-8f51-ff360bdeb074.4138.26 [call rgw.bucket_list] snapc 0=[] ack+read+known_if_redirected e29) v7 -- ?+0 0x7f797002f200 con 0x564acad41190
2016-10-25 13:59:21.997937 7f7a48417700 1 -- 127.0.0.1:0/1778501402 <== osd.0 127.0.0.1:6812/27412 2961 ==== osd_op_reply(6702 .dir.0474fe09-15db-4e91-8f51-ff360bdeb074.4138.26 [call] v0'0 uv11 ondisk = 0) v7 ==== 169+0+102 (2507748447 0 1024305959) 0x7f7a20013ba0 con 0x564acad41190
2016-10-25 13:59:21.997987 7f7920ff1700 10 distributing notification oid=notify.0 bl.length()=248
2016-10-25 13:59:21.998005 7f7920ff1700 1 -- 127.0.0.1:0/1778501402 --> 127.0.0.1:6816/27634 -- osd_op(client.4111.0:6703 2.4322fa9f notify.0 [notify 140159547008976~0] snapc 0=[] ondisk+read+known_if_redirected e29) v7 -- ?+0 0x7f797002f200 con 0x564acad44c40
2016-10-25 13:59:21.998302 7f7a48215700 1 -- 127.0.0.1:0/1778501402 <== osd.1 127.0.0.1:6816/27634 3254 ==== watch-notify(notify (1) cookie 94879230552064 notify 124554052124 ret 0) v3 ==== 290+0+0 (1154329996 0 0) 0x7f7a18042c20 con 0x564acad44c40
2016-10-25 13:59:21.998321 7f7a2f7fe700 10 RGWWatcher::handle_notify() notify_id 124554052124 cookie 94879230552064 notifier 4111 bl.length()=248
2016-10-25 13:59:21.998334 7f7a48215700 1 -- 127.0.0.1:0/1778501402 <== osd.1 127.0.0.1:6816/27634 3255 ==== osd_op_reply(6703 notify.0 [notify 140159547008976~0] v0'0 uv1 ondisk = 0) v7 ==== 128+0+8 (2705112419 0 2383519491) 0x7f7a18043810 con 0x564acad44c40
2016-10-25 13:59:21.998351 7f7a2f7fe700 1 -- 127.0.0.1:0/1778501402 --> 127.0.0.1:6816/27634 -- osd_op(client.4111.0:6704 2.4322fa9f notify.0 [notify-ack 0~0] snapc 0=[] read+known_if_redirected e29) v7 -- ?+0 0x7f79ec04be00 con 0x564acad44c40
2016-10-25 13:59:21.998847 7f7a48215700 1 -- 127.0.0.1:0/1778501402 <== osd.1 127.0.0.1:6816/27634 3256 ==== watch-notify(notify_complete (2) cookie 140159547008976 notify 124554052124 ret 0) v3 ==== 42+0+28 (752535219 0 3402964263) 0x7f7a18043810 con 0x564acad44c40
2016-10-25 13:59:21.998879 7f7a48215700 1 -- 127.0.0.1:0/1778501402 <== osd.1 127.0.0.1:6816/27634 3257 ==== osd_op_reply(6704 notify.0 [notify-ack 0~0] v0'0 uv1 ondisk = 0) v7 ==== 128+0+0 (1984897511 0 0) 0x7f7a18043810 con 0x564acad44c40
2016-10-25 13:59:21.998892 7f7920ff1700 1 -- 127.0.0.1:0/1778501402 --> 127.0.0.1:6812/27412 -- osd_op(client.4111.0:6705 3.c8ef106b bucket26 [call version.check_conds,call version.set,delete] snapc 0=[] ondisk+write+known_if_redirected e29) v7 -- ?+0 0x7f7970039760 con 0x564acad41190
2016-10-25 13:59:21.999214 7f7a48417700 1 -- 127.0.0.1:0/1778501402 <== osd.0 127.0.0.1:6812/27412 2962 ==== osd_op_reply(6705 bucket26 [call,call,delete] v0'0 uv0 ondisk = -125 ((125) Operation canceled)) v7 ==== 212+0+0 (1575458175 0 0) 0x7f7a20013ba0 con 0x564acad41190
2016-10-25 13:59:21.999244 7f7920ff1700 2 req 1192:0.312583:s3:DELETE /bucket26/:delete_bucket:completing
2016-10-25 13:59:21.999247 7f7920ff1700 0 WARNING: set_req_state_err err_no=125 resorting to 500
2016-10-25 13:59:21.999286 7f7920ff1700 2 req 1192:0.312625:s3:DELETE /bucket26/:delete_bucket:op status=-125
2016-10-25 13:59:21.999289 7f7920ff1700 2 req 1192:0.312628:s3:DELETE /bucket26/:delete_bucket:http status=500
2016-10-25 13:59:21.999291 7f7920ff1700 1 ====== req done req=0x7f7920fee7e0 op status=-125 http_status=500 ======