2016-08-24 11:28:58.426985 7f06f4841200 5 asok(0x55af6461c000) register_command ops hook 0x55af64600190 -117>
2016-08-24 11:28:58.426996 7f06f4841200 5 asok(0x55af6461c000) register_command dump_blocked_ops hook 0x55af64600190 -116>
2016-08-24 11:28:58.427007 7f06f4841200 5 asok(0x55af6461c000) register_command dump_historic_ops hook 0x55af64600190 -115>
2016-08-24 11:28:58.427019 7f06f4841200 5 asok(0x55af6461c000) register_command scrub_path hook 0x55af64600190 -114>
2016-08-24 11:28:58.427031 7f06f4841200 5 asok(0x55af6461c000) register_command tag path hook 0x55af64600190 -113>
2016-08-24 11:28:58.427042 7f06f4841200 5 asok(0x55af6461c000) register_command flush_path hook 0x55af64600190 -112>
2016-08-24 11:28:58.427053 7f06f4841200 5 asok(0x55af6461c000) register_command export dir hook 0x55af64600190 -111>
2016-08-24 11:28:58.427064 7f06f4841200 5 asok(0x55af6461c000) register_command dump cache hook 0x55af64600190 -110>
2016-08-24 11:28:58.427075 7f06f4841200 5 asok(0x55af6461c000) register_command session evict hook 0x55af64600190 -109>
2016-08-24 11:28:58.427086 7f06f4841200 5 asok(0x55af6461c000) register_command osdmap barrier hook 0x55af64600190 -108>
2016-08-24 11:28:58.427098 7f06f4841200 5 asok(0x55af6461c000) register_command session ls hook 0x55af64600190 -107>
2016-08-24 11:28:58.427109 7f06f4841200 5 asok(0x55af6461c000) register_command flush journal hook 0x55af64600190 -106>
2016-08-24 11:28:58.427120 7f06f4841200 5 asok(0x55af6461c000) register_command force_readonly hook 0x55af64600190 -105>
2016-08-24 11:28:58.427131 7f06f4841200 5 asok(0x55af6461c000) register_command get subtrees hook 0x55af64600190 -104>
2016-08-24 11:28:58.427143 7f06f4841200 5 asok(0x55af6461c000) register_command dirfrag split hook 0x55af64600190 -103>
2016-08-24 11:28:58.427154 7f06f4841200 5 asok(0x55af6461c000) register_command dirfrag merge hook 0x55af64600190 -102>
2016-08-24 11:28:58.427165 7f06f4841200 5 asok(0x55af6461c000) register_command dirfrag ls hook 0x55af64600190 -101>
2016-08-24 11:28:58.467186 7f06ee769700 1 -- 3.193.148.63:6800/22506 <== mon.0 3.193.148.63:6789/0 8 ==== mdsmap(e 1138276) v1 ==== 462+0+0 (1311678917 0 0) 0x55af64619680 con 0x55af64650300 -100>
2016-08-24 11:28:58.515279 7f06f4841200 10 monclient: _send_mon_message to mon.switcheroo at 3.193.148.63:6789/0 -99>
2016-08-24 11:28:58.515308 7f06f4841200 1 -- 3.193.148.63:6800/22506 --> 3.193.148.63:6789/0 -- mdsbeacon(24534072/switcheroo up:boot seq 1 v0) v7 -- ?+0 0x55af64710000 con 0x55af64650300 -98>
2016-08-24 11:28:58.515372 7f06ee769700 5 mds.switcheroo handle_mds_map epoch 1138276 from mon.0 -97>
2016-08-24 11:29:01.418003 7f06ecf66700 10 monclient: tick -96>
2016-08-24 11:29:01.418030 7f06ecf66700 10 monclient: _check_auth_rotating have uptodate secrets (they expire after
2016-08-24 11:28:31.418026) -95>
2016-08-24 11:29:01.418222 7f06ebf64700 2 -- 3.193.148.63:6800/22506 >> 3.193.148.63:6789/0 pipe(0x55af646e6000 sd=8 :33282 s=2 pgs=6959246 cs=1 l=1 c=0x55af64650300).reader got KEEPALIVE_ACK -94>
2016-08-24 11:29:02.470435 7f06eb662700 10 monclient: _send_mon_message to mon.switcheroo at 3.193.148.63:6789/0 -93>
2016-08-24 11:29:02.470472 7f06eb662700 1 -- 3.193.148.63:6800/22506 --> 3.193.148.63:6789/0 -- mdsbeacon(24534072/switcheroo up:boot seq 2 v1138276) v7 -- ?+0 0x55af64710380 con 0x55af64650300 -92>
2016-08-24 11:29:04.598881 7f06ee769700 1 -- 3.193.148.63:6800/22506 <== mon.0 3.193.148.63:6789/0 9 ==== mdsmap(e 1138277) v1 ==== 687+0+0 (3214408184 0 0) 0x55af646198c0 con 0x55af64650300 -91>
2016-08-24 11:29:04.598908 7f06ee769700 5 mds.switcheroo handle_mds_map epoch 1138277 from mon.0 -90>
2016-08-24 11:29:04.598950 7f06ee769700 1 mds.switcheroo handle_mds_map standby -89>
2016-08-24 11:29:04.598963 7f06ee769700 1 -- 3.193.148.63:6800/22506 <== mon.0 3.193.148.63:6789/0 10 ==== mdsbeacon(24534072/switcheroo up:boot seq 2 v1138277) v7 ==== 139+0+0 (1222240528 0 0) 0x55af64710000 con 0x55af64650300 -88>
2016-08-24 11:29:05.173891 7f06ee769700 1 -- 3.193.148.63:6800/22506 <== mon.0 3.193.148.63:6789/0 11 ==== mdsmap(e 1138278) v1 ==== 968+0+0 (407388913 0 0) 0x55af64619b00 con 0x55af64650300 -87>
2016-08-24 11:29:05.173915 7f06ee769700 5 mds.switcheroo handle_mds_map epoch 1138278 from mon.0 -86>
2016-08-24 11:29:05.174034 7f06ee769700 10 log_channel(cluster) update_config to_monitors: true to_syslog: false syslog_facility: daemon prio: info to_graylog: false graylog_host: 127.0.0.1 graylog_port: 12201) -85>
2016-08-24 11:29:05.174077 7f06ee769700 10 monclient: renew_subs -84>
2016-08-24 11:29:05.174085 7f06ee769700 10 monclient: _send_mon_message to mon.switcheroo at 3.193.148.63:6789/0 -83>
2016-08-24 11:29:05.174094 7f06ee769700 1 -- 3.193.148.63:6800/22506 --> 3.193.148.63:6789/0 -- mon_subscribe({osdmap=632279}) v2 -- ?+0 0x55af6460d000 con 0x55af64650300 -82>
2016-08-24 11:29:05.174202 7f06ee769700 1 mds.1.1138278 handle_mds_map i am now mds.1.1138278 -81>
2016-08-24 11:29:05.174207 7f06ee769700 1 mds.1.1138278 handle_mds_map state change up:boot --> up:replay -80>
2016-08-24 11:29:05.174217 7f06ee769700 1 mds.1.1138278 replay_start -79>
2016-08-24 11:29:05.174220 7f06ee769700 1 mds.1.1138278 recovery set is 0 -78>
2016-08-24 11:29:05.174225 7f06ee769700 1 mds.1.1138278 waiting for osdmap 632280 (which blacklists prior instance) -77>
2016-08-24 11:29:05.175695 7f06ee769700 1 -- 3.193.148.63:6800/22506 <== mon.0 3.193.148.63:6789/0 12 ==== osd_map(632279..632280 src has 631672..632280) v3 ==== 676+0+0 (2534197185 0 0) 0x55af64634f00 con 0x55af64650300 -76>
2016-08-24 11:29:05.175756 7f06ee769700 10 monclient: renew_subs -75>
2016-08-24 11:29:05.175762 7f06ee769700 10 monclient: _send_mon_message to mon.switcheroo at 3.193.148.63:6789/0 -74>
2016-08-24 11:29:05.175766 7f06ee769700 1 -- 3.193.148.63:6800/22506 --> 3.193.148.63:6789/0 -- mon_subscribe({osdmap=632281}) v2 -- ?+0 0x55af6460d200 con 0x55af64650300 -73>
2016-08-24 11:29:05.175826 7f06e9e5f700 2 mds.1.1138278 boot_start 0: opening inotable -72>
2016-08-24 11:29:05.175941 7f06e9e5f700 1 -- 3.193.148.63:6800/22506 --> 3.193.149.245:6800/7279 -- osd_op(mds.1.1138278:1 6.ad6e75db mds1_inotable [read 0~0] snapc 0=[] ack+read+known_if_redirected+full_force e632280) v7 -- ?+0 0x55af646ea000 con 0x55af64650f00 -71>
2016-08-24 11:29:05.175980 7f06e9e5f700 2 mds.1.1138278 boot_start 0: opening sessionmap -70>
2016-08-24 11:29:05.176040 7f06e9e5f700 1 -- 3.193.148.63:6800/22506 --> 3.193.149.154:6812/2220 -- osd_op(mds.1.1138278:2 6.32a2fe43 mds1_sessionmap [omap-get-header 0~0,omap-get-vals 0~16] snapc 0=[] ack+read+known_if_redirected+full_force e632280) v7 -- ?+0 0x55af646ea340 con 0x55af64651080 -69>
2016-08-24 11:29:05.176063 7f06e9e5f700 2 mds.1.1138278 boot_start 0: opening mds log -68>
2016-08-24 11:29:05.176073 7f06e9e5f700 5 mds.1.log open discovering log bounds -67>
2016-08-24 11:29:05.176150 7f06e945c700 4 mds.1.journalpointer Reading journal pointer '401.00000000' -66>
2016-08-24 11:29:05.176223 7f06e945c700 1 -- 3.193.148.63:6800/22506 --> 3.193.149.154:6800/1414 -- osd_op(mds.1.1138278:3 6.fcd6c765 401.00000000 [read 0~0] snapc 0=[] ack+read+known_if_redirected+full_force e632280) v7 -- ?+0 0x55af646ead00 con 0x55af64651380 -65>
2016-08-24 11:29:05.180283 7f06e8258700 1 -- 3.193.148.63:6800/22506 <== osd.3 3.193.149.245:6800/7279 1 ==== osd_op_reply(1 mds1_inotable [read 0~98] v0'0 uv3885 ondisk = 0) v7 ==== 133+0+98 (2435275223 0 3676677995) 0x55af646eb040 con 0x55af64650f00 -64>
2016-08-24 11:29:05.180296 7f06e8359700 1 -- 3.193.148.63:6800/22506 <== osd.6 3.193.149.154:6812/2220 1 ==== osd_op_reply(2 mds1_sessionmap [omap-get-header 0~0,omap-get-vals 0~16] v0'0 uv2124 ondisk = 0) v7 ==== 177+0+807 (3723646604 0 2854467212) 0x55af646eb380 con 0x55af64651080 -63>
2016-08-24 11:29:05.180409 7f06e8157700 1 -- 3.193.148.63:6800/22506 <== osd.8 3.193.149.154:6800/1414 1 ==== osd_op_reply(3 401.00000000 [read 0~22] v0'0 uv1 ondisk = 0) v7 ==== 132+0+22 (1981399345 0 369460326) 0x55af646eb6c0 con 0x55af64651380 -62>
2016-08-24 11:29:05.180446 7f06e945c700 1 mds.1.journaler(ro) recover start -61>
2016-08-24 11:29:05.180457 7f06e945c700 1 mds.1.journaler(ro) read_head -60>
2016-08-24 11:29:05.180486 7f06e945c700 1 -- 3.193.148.63:6800/22506 --> 3.193.149.154:6812/2220 -- osd_op(mds.1.1138278:4 6.5664a157 201.00000000 [read 0~0] snapc 0=[] ack+read+known_if_redirected+full_force e632280) v7 -- ?+0 0x55af646eba00 con 0x55af64651080 -59>
2016-08-24 11:29:05.180519 7f06e945c700 4 mds.1.log Waiting for journal 201 to recover... -58>
2016-08-24 11:29:05.184267 7f06e8359700 1 -- 3.193.148.63:6800/22506 <== osd.6 3.193.149.154:6812/2220 2 ==== osd_op_reply(4 201.00000000 [read 0~90] v0'0 uv20080 ondisk = 0) v7 ==== 132+0+90 (2995199359 0 3155850792) 0x55af646eb380 con 0x55af64651080 -57>
2016-08-24 11:29:05.186241 7f06e9e5f700 1 mds.1.journaler(ro) _finish_read_head loghead(trim 838860800, expire 841892677, write 890374656, stream_format 1). probing for end of log (from 890374656)... -56>
2016-08-24 11:29:05.186254 7f06e9e5f700 1 mds.1.journaler(ro) probing for end of the log -55>
2016-08-24 11:29:05.186332 7f06e9e5f700 1 -- 3.193.148.63:6800/22506 --> 3.193.148.63:6801/1173 -- osd_op(mds.1.1138278:5 6.b16d511 201.000000d4 [stat] snapc 0=[] ack+read+rwordered+known_if_redirected+full_force e632280) v7 -- ?+0 0x55af646ea680 con 0x55af64651200 -54>
2016-08-24 11:29:05.186398 7f06e9e5f700 1 -- 3.193.148.63:6800/22506 --> 3.193.150.32:6800/23404 -- osd_op(mds.1.1138278:6 6.3071b1a0 201.000000d5 [stat] snapc 0=[] ack+read+rwordered+known_if_redirected+full_force e632280) v7 -- ?+0 0x55af646ea340 con 0x55af64651c80 -53>
2016-08-24 11:29:05.189812 7f06e7e54700 1 -- 3.193.148.63:6800/22506 <== osd.0 3.193.148.63:6801/1173 1 ==== osd_op_reply(5 201.000000d4 [stat] v0'0 uv2195 ondisk = 0) v7 ==== 132+0+16 (3872180751 0 2553466074) 0x55af646ec3c0 con 0x55af64651200 -52>
2016-08-24 11:29:05.192288 7f06e7d53700 1 -- 3.193.148.63:6800/22506 <== osd.2 3.193.150.32:6800/23404 1 ==== osd_op_reply(6 201.000000d5 [stat] v0'0 uv0 ack = -2 ((2) No such file or directory)) v7 ==== 132+0+0 (2126641124 0 0) 0x55af646ec700 con 0x55af64651c80 -51>
2016-08-24 11:29:05.192329 7f06e9e5f700 1 mds.1.journaler(ro) _finish_probe_end write_pos = 890845128 (header had 890374656). recovered. -50>
2016-08-24 11:29:05.192343 7f06e945c700 4 mds.1.log Journal 201 recovered. -49>
2016-08-24 11:29:05.192347 7f06e945c700 4 mds.1.log Recovered journal 201 in format 1 -48>
2016-08-24 11:29:05.192351 7f06e945c700 2 mds.1.1138278 boot_start 1: loading/discovering base inodes -47>
2016-08-24 11:29:05.192362 7f06e945c700 0 mds.1.cache creating system inode with ino:101 -46>
2016-08-24 11:29:05.192434 7f06e945c700 1 -- 3.193.148.63:6800/22506 --> 3.193.149.245:6800/7279 -- osd_op(mds.1.1138278:7 6.75b54883 101.00000000 [getxattr inode] snapc 0=[] ack+read+known_if_redirected+full_force e632280) v7 -- ?+0 0x55af646ebd40 con 0x55af64650f00 -45>
2016-08-24 11:29:05.192468 7f06e945c700 1 -- 3.193.148.63:6800/22506 --> 3.193.149.245:6800/7279 -- osd_op(mds.1.1138278:8 6.2fd1f055 101.00000000.inode [read 0~0] snapc 0=[] ack+read+known_if_redirected+full_force e632280) v7 -- ?+0 0x55af646eca40 con 0x55af64650f00 -44>
2016-08-24 11:29:05.192478 7f06e945c700 0 mds.1.cache creating system inode with ino:1 -43>
2016-08-24 11:29:05.195270 7f06e8258700 1 -- 3.193.148.63:6800/22506 <== osd.3 3.193.149.245:6800/7279 2 ==== osd_op_reply(8 101.00000000.inode [read 0~508] v0'0 uv42 ondisk = 0) v7 ==== 138+0+508 (2337917120 0 1447057696) 0x55af646eb040 con 0x55af64650f00 -42>
2016-08-24 11:29:05.195309 7f06e8258700 1 -- 3.193.148.63:6800/22506 <== osd.3 3.193.149.245:6800/7279 3 ==== osd_op_reply(7 101.00000000 [getxattr] v0'0 uv0 ondisk = -61 ((61) No data available)) v7 ==== 132+0+0 (422715158 0 0) 0x55af646eb040 con 0x55af64650f00 -41>
2016-08-24 11:29:05.195349 7f06e9e5f700 2 mds.1.1138278 boot_start 2: replaying mds log -40>
2016-08-24 11:29:05.195432 7f06e7c52700 1 -- 3.193.148.63:6800/22506 --> 3.193.149.245:6800/7279 -- osd_op(mds.1.1138278:9 6.8aa3d078 201.000000c8 [read 3031877~1162427 [fadvise_dontneed]] snapc 0=[] ack+read+known_if_redirected+full_force e632280) v7 -- ?+0 0x55af646ea000 con 0x55af64650f00 -39>
2016-08-24 11:29:05.195518 7f06e7c52700 1 -- 3.193.148.63:6800/22506 --> 3.193.149.154:6800/1414 -- osd_op(mds.1.1138278:10 6.fba23765 201.000000c9 [read 0~4194304 [fadvise_dontneed]] snapc 0=[] ack+read+known_if_redirected+full_force e632280) v7 -- ?+0 0x55af646ebd40 con 0x55af64651380 -38>
2016-08-24 11:29:05.195599 7f06e7c52700 1 -- 3.193.148.63:6800/22506 --> 3.193.150.32:6800/23404 -- osd_op(mds.1.1138278:11 6.25f51ba0 201.000000ca [read 0~4194304 [fadvise_dontneed]] snapc 0=[] ack+read+known_if_redirected+full_force e632280) v7 -- ?+0 0x55af646ed0c0 con 0x55af64651c80 -37>
2016-08-24 11:29:05.195730 7f06e7c52700 1 -- 3.193.148.63:6800/22506 --> 3.193.149.154:6804/1537 -- osd_op(mds.1.1138278:12 6.aafb22f0 201.000000cb [read 0~4194304 [fadvise_dontneed]] snapc 0=[] ack+read+known_if_redirected+full_force e632280) v7 -- ?+0 0x55af646ea340 con 0x55af64652400 -36>
2016-08-24 11:29:05.195769 7f06e7c52700 1 -- 3.193.148.63:6800/22506 --> 3.193.150.32:6800/23404 -- osd_op(mds.1.1138278:13 6.4dc0c2b3 201.000000cc [read 0~4194304 [fadvise_dontneed]] snapc 0=[] ack+read+known_if_redirected+full_force e632280) v7 -- ?+0 0x55af646ed0c0 con 0x55af64651c80 -35>
2016-08-24 11:29:05.195886 7f06e7c52700 1 -- 3.193.148.63:6800/22506 --> 3.193.151.182:6800/1753 -- osd_op(mds.1.1138278:14 6.587f473b 201.000000cd [read 0~4194304 [fadvise_dontneed]] snapc 0=[] ack+read+known_if_redirected+full_force e632280) v7 -- ?+0 0x55af646ead00 con 0x55af64652580 -34>
2016-08-24 11:29:05.195926 7f06e7c52700 1 -- 3.193.148.63:6800/22506 --> 3.193.151.182:6800/1753 -- osd_op(mds.1.1138278:15 6.531b5b90 201.000000ce [read 0~4194304 [fadvise_dontneed]] snapc 0=[] ack+read+known_if_redirected+full_force e632280) v7 -- ?+0 0x55af646ebd40 con 0x55af64652580 -33>
2016-08-24 11:29:05.196009 7f06e7c52700 1 -- 3.193.148.63:6800/22506 --> 3.193.149.154:6816/4776 -- osd_op(mds.1.1138278:16 6.766afc26 201.000000cf [read 0~4194304 [fadvise_dontneed]] snapc 0=[] ack+read+known_if_redirected+full_force e632280) v7 -- ?+0 0x55af646ecd80 con 0x55af64652700 -32>
2016-08-24 11:29:05.196047 7f06e7c52700 1 -- 3.193.148.63:6800/22506 --> 3.193.149.154:6816/4776 -- osd_op(mds.1.1138278:17 6.2622d598 201.000000d0 [read 0~4194304 [fadvise_dontneed]] snapc 0=[] ack+read+known_if_redirected+full_force e632280) v7 -- ?+0 0x55af646ed400 con 0x55af64652700 -31>
2016-08-24 11:29:05.196086 7f06e7c52700 1 -- 3.193.148.63:6800/22506 --> 3.193.151.182:6800/1753 -- osd_op(mds.1.1138278:18 6.aa5d77d8 201.000000d1 [read 0~4194304 [fadvise_dontneed]] snapc 0=[] ack+read+known_if_redirected+full_force e632280) v7 -- ?+0 0x55af646ed740 con 0x55af64652580 -30>
2016-08-24 11:29:05.196119 7f06e7c52700 1 -- 3.193.148.63:6800/22506 --> 3.193.149.154:6816/4776 -- osd_op(mds.1.1138278:19 6.fff6b84b 201.000000d2 [read 0~4194304 [fadvise_dontneed]] snapc 0=[] ack+read+known_if_redirected+full_force e632280) v7 -- ?+0 0x55af646eda80 con 0x55af64652700 -29>
2016-08-24 11:29:05.324824 7f06e8157700 1 -- 3.193.148.63:6800/22506 <== osd.8 3.193.149.154:6800/1414 2 ==== osd_op_reply(10 201.000000c9 [read 0~4194304 [fadvise_dontneed]] v0'0 uv4038 ondisk = 0) v7 ==== 132+0+4194304 (3864146198 0 3850264227) 0x55af646eb6c0 con 0x55af64651380 -28>
2016-08-24 11:29:05.372961 7f06e7d53700 1 -- 3.193.148.63:6800/22506 <== osd.2 3.193.150.32:6800/23404 2 ==== osd_op_reply(11 201.000000ca [read 0~4194304 [fadvise_dontneed]] v0'0 uv4103 ondisk = 0) v7 ==== 132+0+4194304 (2360239864 0 1896804775) 0x55af646ec700 con 0x55af64651c80 -27>
2016-08-24 11:29:05.406480 7f06e6f4c700 1 -- 3.193.148.63:6800/22506 <== osd.9 3.193.149.154:6816/4776 1 ==== osd_op_reply(17 201.000000d0 [read 0~4194304 [fadvise_dontneed]] v0'0 uv381 ondisk = 0) v7 ==== 132+0+4194304 (107570422 0 3938895327) 0x55af646ecd80 con 0x55af64652700 -26>
2016-08-24 11:29:05.453983 7f06e7d53700 1 -- 3.193.148.63:6800/22506 <== osd.2 3.193.150.32:6800/23404 3 ==== osd_op_reply(13 201.000000cc [read 0~4194304 [fadvise_dontneed]] v0'0 uv5539 ondisk = 0) v7 ==== 132+0+4194304 (3497823841 0 3567643032) 0x55af646ec700 con 0x55af64651c80 -25>
2016-08-24 11:29:05.473838 7f06e6f4c700 1 -- 3.193.148.63:6800/22506 <== osd.9 3.193.149.154:6816/4776 2 ==== osd_op_reply(16 201.000000cf [read 0~4194304 [fadvise_dontneed]] v0'0 uv650 ondisk = 0) v7 ==== 132+0+4194304 (1908412378 0 1848106859) 0x55af646ecd80 con 0x55af64652700 -24>
2016-08-24 11:29:05.522196 7f06e8258700 1 -- 3.193.148.63:6800/22506 <== osd.3 3.193.149.245:6800/7279 4 ==== osd_op_reply(9 201.000000c8 [read 3031877~1162427 [fadvise_dontneed]] v0'0 uv5531 ondisk = 0) v7 ==== 132+0+1162427 (1965377038 0 922796555) 0x55af646eb040 con 0x55af64650f00 -23>
2016-08-24 11:29:05.541800 7f06e704d700 1 -- 3.193.148.63:6800/22506 <== osd.7 3.193.149.154:6804/1537 1 ==== osd_op_reply(12 201.000000cb [read 0~4194304 [fadvise_dontneed]] v0'0 uv1742 ondisk = 0) v7 ==== 132+0+4194304 (1286873671 0 3254678077) 0x55af664ec000 con 0x55af64652400 -22>
2016-08-24 11:29:05.545398 7f06e6f4c700 1 -- 3.193.148.63:6800/22506 <== osd.9 3.193.149.154:6816/4776 3 ==== osd_op_reply(19 201.000000d2 [read 0~4194304 [fadvise_dontneed]] v0'0 uv4019 ondisk = 0) v7 ==== 132+0+4194304 (2657815997 0 4141201163) 0x55af646ecd80 con 0x55af64652700 -21>
2016-08-24 11:29:05.550101 7f06e7c52700 1 -- 3.193.148.63:6800/22506 --> 3.193.151.182:6800/1753 -- osd_op(mds.1.1138278:20 6.d5d535bb 201.000000d3 [read 0~4194304 [fadvise_dontneed]] snapc 0=[] ack+read+known_if_redirected+full_force e632280) v7 -- ?+0 0x55af646ed400 con 0x55af64652580 -20>
2016-08-24 11:29:05.601475 7f06e7c52700 1 -- 3.193.148.63:6800/22506 --> 3.193.148.63:6801/1173 -- osd_op(mds.1.1138278:21 6.b16d511 201.000000d4 [read 0~1652680 [fadvise_dontneed]] snapc 0=[] ack+read+known_if_redirected+full_force e632280) v7 -- ?+0 0x55af646ead00 con 0x55af64651200 -19>
2016-08-24 11:29:05.646262 7f06e7e54700 1 -- 3.193.148.63:6800/22506 <== osd.0 3.193.148.63:6801/1173 2 ==== osd_op_reply(21 201.000000d4 [read 0~1652680 [fadvise_dontneed]] v0'0 uv2195 ondisk = 0) v7 ==== 132+0+1652680 (1157488000 0 1949932918) 0x55af646ec3c0 con 0x55af64651200 -18>
2016-08-24 11:29:05.689977 7f06e7c52700 0 log_channel(cluster) log [WRN] : replayed op client.24092763:7294,7290 used ino 2000000cd9b but session next is 2000000b24c -17>
2016-08-24 11:29:05.690056 7f06e7c52700 0 log_channel(cluster) log [WRN] : replayed op client.24092763:7296,7290 used ino 2000000cd9c but session next is 2000000b24c -16>
2016-08-24 11:29:05.690092 7f06e7c52700 0 log_channel(cluster) log [WRN] : replayed op client.24092763:7298,7290 used ino 2000000cd9d but session next is 2000000b24c -15>
2016-08-24 11:29:05.690121 7f06e7c52700 0 log_channel(cluster) log [WRN] : replayed op client.24092763:7300,7290 used ino 2000000cd9e but session next is 2000000b24c -14>
2016-08-24 11:29:05.690151 7f06e7c52700 0 log_channel(cluster) log [WRN] : replayed op client.24092763:7302,7290 used ino 2000000cd9f but session next is 2000000b24c -13>
2016-08-24 11:29:05.690187 7f06e7c52700 0 log_channel(cluster) log [WRN] : replayed op client.24092763:7304,7290 used ino 2000000cda0 but session next is 2000000b24c -12>
2016-08-24 11:29:05.690217 7f06e7c52700 0 log_channel(cluster) log [WRN] : replayed op client.24092763:7306,7290 used ino 2000000cda1 but session next is 2000000b24c -11>
2016-08-24 11:29:05.690251 7f06e7c52700 0 log_channel(cluster) log [WRN] : replayed op client.24092763:7308,7290 used ino 2000000cda2 but session next is 2000000b24c -10>
2016-08-24 11:29:05.690291 7f06e7c52700 0 log_channel(cluster) log [WRN] : replayed op client.24092763:7310,7290 used ino 2000000cda3 but session next is 2000000b24c -9>
2016-08-24 11:29:05.690376 7f06e7c52700 0 log_channel(cluster) log [WRN] : replayed op client.24092763:7312,7290 used ino 2000000cda4 but session next is 2000000b24c -8>
2016-08-24 11:29:05.690407 7f06e7c52700 0 log_channel(cluster) log [WRN] : replayed op client.24092763:7314,7290 used ino 2000000cda5 but session next is 2000000b24c -7>
2016-08-24 11:29:06.173661 7f06e714e700 1 -- 3.193.148.63:6800/22506 <== osd.1 3.193.151.182:6800/1753 1 ==== osd_op_reply(18 201.000000d1 [read 0~4194304 [fadvise_dontneed]] v0'0 uv5492 ondisk = 0) v7 ==== 132+0+4194304 (3900324452 0 4190685855) 0x55af646ea680 con 0x55af64652580 -6>
2016-08-24 11:29:06.427423 7f06eb662700 10 monclient: _send_mon_message to mon.switcheroo at 3.193.148.63:6789/0 -5>
2016-08-24 11:29:06.427455 7f06eb662700 1 -- 3.193.148.63:6800/22506 --> 3.193.148.63:6789/0 -- mdsbeacon(24534072/switcheroo up:replay seq 3 v1138278) v7 -- ?+0 0x55af64710e00 con 0x55af64650300 -4>
2016-08-24 11:29:06.427731 7f06ee769700 1 -- 3.193.148.63:6800/22506 <== mon.0 3.193.148.63:6789/0 13 ==== mdsbeacon(24534072/switcheroo up:replay seq 3 v1138278) v7 ==== 135+0+0 (705157266 0 0) 0x55af64711500 con 0x55af64650300 -3>
2016-08-24 11:29:06.513344 7f06e714e700 1 -- 3.193.148.63:6800/22506 <== osd.1 3.193.151.182:6800/1753 2 ==== osd_op_reply(15 201.000000ce [read 0~4194304 [fadvise_dontneed]] v0'0 uv596 ondisk = 0) v7 ==== 132+0+4194304 (1908691205 0 45223128) 0x55af646ea680 con 0x55af64652580 -2>
2016-08-24 11:29:07.344349 7f06e714e700 1 -- 3.193.148.63:6800/22506 <== osd.1 3.193.151.182:6800/1753 3 ==== osd_op_reply(14 201.000000cd [read 0~4194304 [fadvise_dontneed]] v0'0 uv6284 ondisk = 0) v7 ==== 132+0+4194304 (2546274600 0 1824143700) 0x55af646ea680 con 0x55af64652580 -1>
2016-08-24 11:29:07.478896 7f06e714e700 1 -- 3.193.148.63:6800/22506 <== osd.1 3.193.151.182:6800/1753 4 ==== osd_op_reply(20 201.000000d3 [read 0~4194304 [fadvise_dontneed]] v0'0 uv6451 ondisk = 0) v7 ==== 132+0+4194304 (3914288934 0 2327309785) 0x55af646ea680 con 0x55af64652580 0>
2016-08-24 11:29:07.626310 7f06e7c52700 -1 mds/journal.cc: In function 'virtual void EImportStart::replay(MDSRank*)' thread 7f06e7c52700 time
2016-08-24 11:29:07.623086 mds/journal.cc: 2929: FAILED assert(mds->sessionmap.get_version() == cmapv) ceph version 10.2.2 (45107e21c568dd033c2f0a3107dec8f0b0e58374) 1: (ceph::__ceph_assert_fail(char const*, char const*, int, char const*)+0x80) [0x55af5a3782a0] 2: (EImportStart::replay(MDSRank*)+0x9e5) [0x55af5a251e75] 3: (MDLog::_replay_thread()+0xe73) [0x55af5a1d0b23] 4: (MDLog::ReplayThread::entry()+0xd) [0x55af59f7b84d] 5: (()+0x75ca) [0x7f06f3c505ca] 6: (clone()+0x6d) [0x7f06f2690f6d] NOTE: a copy of the executable, or `objdump -rdS ` is needed to interpret this. --- logging levels --- 0/ 5 none 0/ 1 lockdep 0/ 1 context 1/ 1 crush 1/ 5 mds 1/ 5 mds_balancer 1/ 5 mds_locker 1/ 5 mds_log 1/ 5 mds_log_expire 1/ 5 mds_migrator 0/ 1 buffer 0/ 1 timer 0/ 1 filer 0/ 1 striper 0/ 1 objecter 0/ 5 rados 0/ 5 rbd 0/ 5 rbd_mirror 0/ 5 rbd_replay 0/ 5 journaler 0/ 5 objectcacher 0/ 5 client 0/ 5 osd 0/ 5 optracker 0/ 5 objclass 1/ 3 filestore 1/ 3 journal 0/ 5 ms 1/ 5 mon 0/10 monc 1/ 5 paxos 0/ 5 tp 1/ 5 auth 1/ 5 crypto 1/ 1 finisher 1/ 5 heartbeatmap 1/ 5 perfcounter 1/ 5 rgw 1/10 civetweb 1/ 5 javaclient 1/ 5 asok 1/ 1 throttle 0/ 0 refs 1/ 5 xio 1/ 5 compressor 1/ 5 newstore 1/ 5 bluestore 1/ 5 bluefs 1/ 3 bdev 1/ 5 kstore 4/ 5 rocksdb 4/ 5 leveldb 1/ 5 kinetic 1/ 5 fuse -2/-2 (syslog threshold) -1/-1 (stderr threshold) max_recent 10000 max_new 1000 log_file /var/log/ceph/ceph-mds.switcheroo.log --- end dump of recent events ---
2016-08-24 11:29:07.632388 7f06e7c52700 -1 *** Caught signal (Aborted) ** in thread 7f06e7c52700 thread_name:md_log_replay ceph version 10.2.2 (45107e21c568dd033c2f0a3107dec8f0b0e58374) 1: (()+0x514a2e) [0x55af5a26aa2e] 2: (()+0x10c30) [0x7f06f3c59c30] 3: (gsignal()+0x35) [0x7f06f25c26f5] 4: (abort()+0x16a) [0x7f06f25c42fa] 5: (ceph::__ceph_assert_fail(char const*, char const*, int, char const*)+0x26b) [0x55af5a37848b] 6: (EImportStart::replay(MDSRank*)+0x9e5) [0x55af5a251e75] 7: (MDLog::_replay_thread()+0xe73) [0x55af5a1d0b23] 8: (MDLog::ReplayThread::entry()+0xd) [0x55af59f7b84d] 9: (()+0x75ca) [0x7f06f3c505ca] 10: (clone()+0x6d) [0x7f06f2690f6d] NOTE: a copy of the executable, or `objdump -rdS ` is needed to interpret this. --- begin dump of recent events --- 0>
2016-08-24 11:29:07.632388 7f06e7c52700 -1 *** Caught signal (Aborted) ** in thread 7f06e7c52700 thread_name:md_log_replay ceph version 10.2.2 (45107e21c568dd033c2f0a3107dec8f0b0e58374) 1: (()+0x514a2e) [0x55af5a26aa2e] 2: (()+0x10c30) [0x7f06f3c59c30] 3: (gsignal()+0x35) [0x7f06f25c26f5] 4: (abort()+0x16a) [0x7f06f25c42fa] 5: (ceph::__ceph_assert_fail(char const*, char const*, int, char const*)+0x26b) [0x55af5a37848b] 6: (EImportStart::replay(MDSRank*)+0x9e5) [0x55af5a251e75] 7: (MDLog::_replay_thread()+0xe73) [0x55af5a1d0b23] 8: (MDLog::ReplayThread::entry()+0xd) [0x55af59f7b84d] 9: (()+0x75ca) [0x7f06f3c505ca] 10: (clone()+0x6d) [0x7f06f2690f6d] NOTE: a copy of the executable, or `objdump -rdS ` is needed to interpret this. --- logging levels --- 0/ 5 none 0/ 1 lockdep 0/ 1 context 1/ 1 crush 1/ 5 mds 1/ 5 mds_balancer 1/ 5 mds_locker 1/ 5 mds_log 1/ 5 mds_log_expire 1/ 5 mds_migrator 0/ 1 buffer 0/ 1 timer 0/ 1 filer 0/ 1 striper 0/ 1 objecter 0/ 5 rados 0/ 5 rbd 0/ 5 rbd_mirror 0/ 5 rbd_replay 0/ 5 journaler 0/ 5 objectcacher 0/ 5 client 0/ 5 osd 0/ 5 optracker 0/ 5 objclass 1/ 3 filestore 1/ 3 journal 0/ 5 ms 1/ 5 mon 0/10 monc 1/ 5 paxos 0/ 5 tp 1/ 5 auth 1/ 5 crypto 1/ 1 finisher 1/ 5 heartbeatmap 1/ 5 perfcounter 1/ 5 rgw 1/10 civetweb 1/ 5 javaclient 1/ 5 asok 1/ 1 throttle 0/ 0 refs 1/ 5 xio 1/ 5 compressor 1/ 5 newstore 1/ 5 bluestore 1/ 5 bluefs 1/ 3 bdev 1/ 5 kstore 4/ 5 rocksdb 4/ 5 leveldb 1/ 5 kinetic 1/ 5 fuse -2/-2 (syslog threshold) -1/-1 (stderr threshold) max_recent 10000 max_new 1000 log_file /var/log/ceph/ceph-mds.switcheroo.log --- end dump of recent events ---
2016-08-24 11:29:07.913407 7f0062bbf200 0 set uid:gid to 167:167 (ceph:ceph)
2016-08-24 11:29:07.913454 7f0062bbf200 0 ceph version 10.2.2 (45107e21c568dd033c2f0a3107dec8f0b0e58374), process ceph-mds, pid 22615
2016-08-24 11:29:07.913714 7f0062bbf200 0 pidfile_write: ignore empty --pid-file