2016-06-02 14:09:21.931277 7f78285f6700 1 -- 127.0.0.1:0/2000881652 <== osd.2 127.0.0.1:6808/30507 850 ==== osd_op_reply(2508 62bc922d-f295-4067-ae36-e23e2f231aad.24099.1__shadow_.cTw_0SM3yZSS-qi1b6KHCc0Ov7cN0wG_18 [write 2097152~524288] v32'3129 uv3129 ondisk = 0) v7 ==== 208+0+0 (2736104581 0 0) 0x7f77fc009360 con 0x5640603f1eb0
2016-06-02 14:09:21.931468 7f77b2ffd700 1 -- 127.0.0.1:0/2000881652 --> 127.0.0.1:6804/30491 -- osd_op(client.24110.0:2515 10.ea2c6d96 62bc922d-f295-4067-ae36-e23e2f231aad.24099.1__shadow_.cTw_0SM3yZSS-qi1b6KHCc0Ov7cN0wG_19 [writefull 0~524288] snapc 0=[] ack+ondisk+write+known_if_redirected e32) v7 -- ?+0 0x7f77840132b0 con 0x5640603ecb10
2016-06-02 14:09:21.931718 7f77b2ffd700 1 -- 127.0.0.1:0/2000881652 --> 127.0.0.1:6804/30491 -- osd_op(client.24110.0:2516 10.ea2c6d96 62bc922d-f295-4067-ae36-e23e2f231aad.24099.1__shadow_.cTw_0SM3yZSS-qi1b6KHCc0Ov7cN0wG_19 [write 524288~524288] snapc 0=[] ack+ondisk+write+known_if_redirected e32) v7 -- ?+0 0x7f77840132b0 con 0x5640603ecb10
2016-06-02 14:09:21.931975 7f77b2ffd700 1 -- 127.0.0.1:0/2000881652 --> 127.0.0.1:6804/30491 -- osd_op(client.24110.0:2517 10.ea2c6d96 62bc922d-f295-4067-ae36-e23e2f231aad.24099.1__shadow_.cTw_0SM3yZSS-qi1b6KHCc0Ov7cN0wG_19 [write 1048576~524288] snapc 0=[] ack+ondisk+write+known_if_redirected e32) v7 -- ?+0 0x7f77840132b0 con 0x5640603ecb10
2016-06-02 14:09:21.932180 7f77b2ffd700 1 -- 127.0.0.1:0/2000881652 --> 127.0.0.1:6804/30491 -- osd_op(client.24110.0:2518 10.ea2c6d96 62bc922d-f295-4067-ae36-e23e2f231aad.24099.1__shadow_.cTw_0SM3yZSS-qi1b6KHCc0Ov7cN0wG_19 [write 1572864~524288] snapc 0=[] ack+ondisk+write+known_if_redirected e32) v7 -- ?+0 0x7f77840132b0 con 0x5640603ecb10
2016-06-02 14:09:21.932432 7f77b2ffd700 1 -- 127.0.0.1:0/2000881652 --> 127.0.0.1:6804/30491 -- osd_op(client.24110.0:2519 10.ea2c6d96 62bc922d-f295-4067-ae36-e23e2f231aad.24099.1__shadow_.cTw_0SM3yZSS-qi1b6KHCc0Ov7cN0wG_19 [write 2097152~524288] snapc 0=[] ack+ondisk+write+known_if_redirected e32) v7 -- ?+0 0x7f77842c9390 con 0x5640603ecb10
2016-06-02 14:09:21.933150 7f77b2ffd700 1 -- 127.0.0.1:0/2000881652 --> 127.0.0.1:6804/30491 -- osd_op(client.24110.0:2520 10.ea2c6d96 62bc922d-f295-4067-ae36-e23e2f231aad.24099.1__shadow_.cTw_0SM3yZSS-qi1b6KHCc0Ov7cN0wG_19 [write 2621440~524288] snapc 0=[] ack+ondisk+write+known_if_redirected e32) v7 -- ?+0 0x7f77840132b0 con 0x5640603ecb10
2016-06-02 14:09:21.933542 7f77b2ffd700 1 -- 127.0.0.1:0/2000881652 --> 127.0.0.1:6804/30491 -- osd_op(client.24110.0:2521 10.ea2c6d96 62bc922d-f295-4067-ae36-e23e2f231aad.24099.1__shadow_.cTw_0SM3yZSS-qi1b6KHCc0Ov7cN0wG_19 [write 3145728~524288] snapc 0=[] ack+ondisk+write+known_if_redirected e32) v7 -- ?+0 0x7f77842c9390 con 0x5640603ecb10
2016-06-02 14:09:21.933894 7f77b2ffd700 1 -- 127.0.0.1:0/2000881652 --> 127.0.0.1:6804/30491 -- osd_op(client.24110.0:2522 10.ea2c6d96 62bc922d-f295-4067-ae36-e23e2f231aad.24099.1__shadow_.cTw_0SM3yZSS-qi1b6KHCc0Ov7cN0wG_19 [write 3670016~524288] snapc 0=[] ack+ondisk+write+known_if_redirected e32) v7 -- ?+0 0x7f778434d1c0 con 0x5640603ecb10
2016-06-02 14:09:21.933953 7f77b2ffd700 1 -- 127.0.0.1:0/2000881652 --> 127.0.0.1:6808/30507 -- osd_op(client.24110.0:2523 10.4990a3e5 62bc922d-f295-4067-ae36-e23e2f231aad.24099.1__shadow_.cTw_0SM3yZSS-qi1b6KHCc0Ov7cN0wG_20 [writefull 0~0] snapc 0=[] ack+ondisk+write+known_if_redirected e32) v7 -- ?+0 0x7f778423e1f0 con 0x5640603f1eb0
2016-06-02 14:09:21.934675 7f77b2ffd700 1 -- 127.0.0.1:0/2000881652 --> 127.0.0.1:6808/30507 -- osd_op(client.24110.0:2524 10.4990a3e5 62bc922d-f295-4067-ae36-e23e2f231aad.24099.1__shadow_.cTw_0SM3yZSS-qi1b6KHCc0Ov7cN0wG_20 [writefull 0~524288] snapc 0=[] ack+ondisk+write+known_if_redirected e32) v7 -- ?+0 0x7f77842cab60 con 0x5640603f1eb0
2016-06-02 14:09:21.934946 7f77b2ffd700 1 -- 127.0.0.1:0/2000881652 --> 127.0.0.1:6808/30507 -- osd_op(client.24110.0:2525 10.4990a3e5 62bc922d-f295-4067-ae36-e23e2f231aad.24099.1__shadow_.cTw_0SM3yZSS-qi1b6KHCc0Ov7cN0wG_20 [write 524288~524288] snapc 0=[] ack+ondisk+write+known_if_redirected e32) v7 -- ?+0 0x7f77844cf930 con 0x5640603f1eb0
2016-06-02 14:09:21.935157 7f77b2ffd700 1 -- 127.0.0.1:0/2000881652 --> 127.0.0.1:6808/30507 -- osd_op(client.24110.0:2526 10.4990a3e5 62bc922d-f295-4067-ae36-e23e2f231aad.24099.1__shadow_.cTw_0SM3yZSS-qi1b6KHCc0Ov7cN0wG_20 [write 1048576~524288] snapc 0=[] ack+ondisk+write+known_if_redirected e32) v7 -- ?+0 0x7f77842dd3a0 con 0x5640603f1eb0
2016-06-02 14:09:21.935558 7f77b2ffd700 1 -- 127.0.0.1:0/2000881652 --> 127.0.0.1:6808/30507 -- osd_op(client.24110.0:2527 10.4990a3e5 62bc922d-f295-4067-ae36-e23e2f231aad.24099.1__shadow_.cTw_0SM3yZSS-qi1b6KHCc0Ov7cN0wG_20 [write 1572864~524288] snapc 0=[] ack+ondisk+write+known_if_redirected e32) v7 -- ?+0 0x7f7784011140 con 0x5640603f1eb0
2016-06-02 14:09:22.018788 7f78285f6700 1 -- 127.0.0.1:0/2000881652 <== osd.2 127.0.0.1:6808/30507 851 ==== osd_op_reply(2511 62bc922d-f295-4067-ae36-e23e2f231aad.24099.1__shadow_.cTw_0SM3yZSS-qi1b6KHCc0Ov7cN0wG_18 [write 2621440~524288] v32'3130 uv3130 ondisk = 0) v7 ==== 208+0+0 (513343923 0 0) 0x7f77fc0213c0 con 0x5640603f1eb0
2016-06-02 14:09:22.018828 7f78287f8700 1 -- 127.0.0.1:0/2000881652 <== osd.1 127.0.0.1:6804/30491 631 ==== osd_op_reply(2514 62bc922d-f295-4067-ae36-e23e2f231aad.24099.1__shadow_.cTw_0SM3yZSS-qi1b6KHCc0Ov7cN0wG_19 [writefull 0~0] v32'2983 uv2983 ondisk = 0) v7 ==== 208+0+0 (1573406341 0 0) 0x7f7804019be0 con 0x5640603ecb10
2016-06-02 14:09:22.018913 7f78285f6700 1 -- 127.0.0.1:0/2000881652 <== osd.2 127.0.0.1:6808/30507 852 ==== osd_op_reply(2512 62bc922d-f295-4067-ae36-e23e2f231aad.24099.1__shadow_.cTw_0SM3yZSS-qi1b6KHCc0Ov7cN0wG_18 [write 3145728~524288] v32'3131 uv3131 ondisk = 0) v7 ==== 208+0+0 (103473859 0 0) 0x7f77fc0213c0 con 0x5640603f1eb0
2016-06-02 14:09:22.019045 7f78285f6700 1 -- 127.0.0.1:0/2000881652 <== osd.2 127.0.0.1:6808/30507 853 ==== osd_op_reply(2513 62bc922d-f295-4067-ae36-e23e2f231aad.24099.1__shadow_.cTw_0SM3yZSS-qi1b6KHCc0Ov7cN0wG_18 [write 3670016~524288] v32'3132 uv3132 ondisk = 0) v7 ==== 208+0+0 (1617706286 0 0) 0x7f77fc0213c0 con 0x5640603f1eb0
2016-06-02 14:09:22.019252 7f77b2ffd700 1 -- 127.0.0.1:0/2000881652 --> 127.0.0.1:6808/30507 -- osd_op(client.24110.0:2528 10.4990a3e5 62bc922d-f295-4067-ae36-e23e2f231aad.24099.1__shadow_.cTw_0SM3yZSS-qi1b6KHCc0Ov7cN0wG_20 [write 2097152~524288] snapc 0=[] ack+ondisk+write+known_if_redirected e32) v7 -- ?+0 0x7f778402ebe0 con 0x5640603f1eb0
2016-06-02 14:09:22.019527 7f77b2ffd700 1 -- 127.0.0.1:0/2000881652 --> 127.0.0.1:6808/30507 -- osd_op(client.24110.0:2529 10.4990a3e5 62bc922d-f295-4067-ae36-e23e2f231aad.24099.1__shadow_.cTw_0SM3yZSS-qi1b6KHCc0Ov7cN0wG_20 [write 2621440~524288] snapc 0=[] ack+ondisk+write+known_if_redirected e32) v7 -- ?+0 0x7f778402ebe0 con 0x5640603f1eb0
2016-06-02 14:09:22.019778 7f77b2ffd700 1 -- 127.0.0.1:0/2000881652 --> 127.0.0.1:6808/30507 -- osd_op(client.24110.0:2530 10.4990a3e5 62bc922d-f295-4067-ae36-e23e2f231aad.24099.1__shadow_.cTw_0SM3yZSS-qi1b6KHCc0Ov7cN0wG_20 [write 3145728~524288] snapc 0=[] ack+ondisk+write+known_if_redirected e32) v7 -- ?+0 0x7f77847e4020 con 0x5640603f1eb0
2016-06-02 14:09:22.020054 7f77b2ffd700 1 -- 127.0.0.1:0/2000881652 --> 127.0.0.1:6808/30507 -- osd_op(client.24110.0:2531 10.4990a3e5 62bc922d-f295-4067-ae36-e23e2f231aad.24099.1__shadow_.cTw_0SM3yZSS-qi1b6KHCc0Ov7cN0wG_20 [write 3670016~524288] snapc 0=[] ack+ondisk+write+known_if_redirected e32) v7 -- ?+0 0x7f778401a540 con 0x5640603f1eb0
2016-06-02 14:09:22.115095 7f78285f6700 1 -- 127.0.0.1:0/2000881652 <== osd.2 127.0.0.1:6808/30507 854 ==== osd_op_reply(2523 62bc922d-f295-4067-ae36-e23e2f231aad.24099.1__shadow_.cTw_0SM3yZSS-qi1b6KHCc0Ov7cN0wG_20 [writefull 0~0] v32'3133 uv3133 ondisk = 0) v7 ==== 208+0+0 (2549554877 0 0) 0x7f77fc0213c0 con 0x5640603f1eb0
2016-06-02 14:09:22.115163 7f78285f6700 1 -- 127.0.0.1:0/2000881652 <== osd.2 127.0.0.1:6808/30507 855 ==== osd_op_reply(2524 62bc922d-f295-4067-ae36-e23e2f231aad.24099.1__shadow_.cTw_0SM3yZSS-qi1b6KHCc0Ov7cN0wG_20 [writefull 0~524288] v32'3134 uv3134 ondisk = 0) v7 ==== 208+0+0 (1094058523 0 0) 0x7f77fc0213c0 con 0x5640603f1eb0
2016-06-02 14:09:22.115222 7f78285f6700 1 -- 127.0.0.1:0/2000881652 <== osd.2 127.0.0.1:6808/30507 856 ==== osd_op_reply(2525 62bc922d-f295-4067-ae36-e23e2f231aad.24099.1__shadow_.cTw_0SM3yZSS-qi1b6KHCc0Ov7cN0wG_20 [write 524288~524288] v32'3135 uv3135 ondisk = 0) v7 ==== 208+0+0 (2465917404 0 0) 0x7f77fc0213c0 con 0x5640603f1eb0
2016-06-02 14:09:22.115313 7f78285f6700 1 -- 127.0.0.1:0/2000881652 <== osd.2 127.0.0.1:6808/30507 857 ==== osd_op_reply(2526 62bc922d-f295-4067-ae36-e23e2f231aad.24099.1__shadow_.cTw_0SM3yZSS-qi1b6KHCc0Ov7cN0wG_20 [write 1048576~524288] v32'3136 uv3136 ondisk = 0) v7 ==== 208+0+0 (777441961 0 0) 0x7f77fc0213c0 con 0x5640603f1eb0
2016-06-02 14:09:22.115494 7f78285f6700 1 -- 127.0.0.1:0/2000881652 <== osd.2 127.0.0.1:6808/30507 858 ==== osd_op_reply(2470 bucket.sync-status.91441c60-0ca1-4118-9685-990e04272142:lotr:62bc922d-f295-4067-ae36-e23e2f231aad.24099.1 [call] v32'2376 uv2376 ondisk = 0) v7 ==== 225+0+0 (3177270013 0 0) 0x7f77fc0213c0 con 0x5640603f1eb0
2016-06-02 14:09:22.115553 7f7760ff9700 20 cr:s=0x7f773c190610:op=0x7f773c30f2b0:22RGWSimpleRadosUnlockCR: operate()
2016-06-02 14:09:22.115568 7f7760ff9700 20 cr:s=0x7f773c190610:op=0x7f773c30f2b0:22RGWSimpleRadosUnlockCR: operate()
2016-06-02 14:09:22.115561 7f78287f8700 1 -- 127.0.0.1:0/2000881652 <== osd.1 127.0.0.1:6804/30491 632 ==== osd_op_reply(2515 62bc922d-f295-4067-ae36-e23e2f231aad.24099.1__shadow_.cTw_0SM3yZSS-qi1b6KHCc0Ov7cN0wG_19 [writefull 0~524288] v32'2984 uv2984 ondisk = 0) v7 ==== 208+0+0 (3803947967 0 0) 0x7f7804019be0 con 0x5640603ecb10
2016-06-02 14:09:22.115571 7f7760ff9700 20 cr:s=0x7f773c190610:op=0x7f773c30f2b0:22RGWSimpleRadosUnlockCR: operate()
2016-06-02 14:09:22.115572 7f7760ff9700 20 cr:s=0x7f773c190610:op=0x7f773c30f2b0:22RGWSimpleRadosUnlockCR: operate()
2016-06-02 14:09:22.115588 7f7760ff9700 20 cr:s=0x7f773c190610:op=0x7f773c619580:20RGWContinuousLeaseCR: operate()
2016-06-02 14:09:22.115590 7f7760ff9700 20 run: stack=0x7f773c190610 is done
2016-06-02 14:09:22.115594 7f7760ff9700 20 cr:s=0x7f773c0a9c90:op=0x7f773c136d60:31RGWBucketShardIncrementalSyncCR: operate()
2016-06-02 14:09:22.115597 7f7760ff9700 20 collect(): s=0x7f773c0a9c90 stack=0x7f773c190610 is complete
2016-06-02 14:09:22.115599 7f7760ff9700 20 cr:s=0x7f773c0a9c90:op=0x7f773c136d60:31RGWBucketShardIncrementalSyncCR: operate()
2016-06-02 14:09:22.115609 7f7760ff9700 20 cr:s=0x7f773c0a9c90:op=0x7f773c670d30:25RGWRunBucketSyncCoroutine: operate()
2016-06-02 14:09:22.115617 7f7760ff9700 20 cr:s=0x7f773c0a9c90:op=0x7f773c2e2180:24RGWDataSyncSingleEntryCR: operate()
2016-06-02 14:09:22.115622 7f7760ff9700 20 run: stack=0x7f773c0a9c90 is done
2016-06-02 14:09:22.115631 7f78287f8700 1 -- 127.0.0.1:0/2000881652 <== osd.1 127.0.0.1:6804/30491 633 ==== osd_op_reply(2516 62bc922d-f295-4067-ae36-e23e2f231aad.24099.1__shadow_.cTw_0SM3yZSS-qi1b6KHCc0Ov7cN0wG_19 [write 524288~524288] v32'2985 uv2985 ondisk = 0) v7 ==== 208+0+0 (829900920 0 0) 0x7f7804019be0 con 0x5640603ecb10
2016-06-02 14:09:22.115680 7f78287f8700 1 -- 127.0.0.1:0/2000881652 <== osd.1 127.0.0.1:6804/30491 634 ==== osd_op_reply(2517 62bc922d-f295-4067-ae36-e23e2f231aad.24099.1__shadow_.cTw_0SM3yZSS-qi1b6KHCc0Ov7cN0wG_19 [write 1048576~524288] v32'2986 uv2986 ondisk = 0) v7 ==== 208+0+0 (3336023325 0 0) 0x7f7804019be0 con 0x5640603ecb10
2016-06-02 14:09:22.115729 7f78287f8700 1 -- 127.0.0.1:0/2000881652 <== osd.1 127.0.0.1:6804/30491 635 ==== osd_op_reply(2518 62bc922d-f295-4067-ae36-e23e2f231aad.24099.1__shadow_.cTw_0SM3yZSS-qi1b6KHCc0Ov7cN0wG_19 [write 1572864~524288] v32'2987 uv2987 ondisk = 0) v7 ==== 208+0+0 (2487750206 0 0) 0x7f7804019be0 con 0x5640603ecb10
2016-06-02 14:09:22.115775 7f78287f8700 1 -- 127.0.0.1:0/2000881652 <== osd.1 127.0.0.1:6804/30491 636 ==== osd_op_reply(2519 62bc922d-f295-4067-ae36-e23e2f231aad.24099.1__shadow_.cTw_0SM3yZSS-qi1b6KHCc0Ov7cN0wG_19 [write 2097152~524288] v32'2988 uv2988 ondisk = 0) v7 ==== 208+0+0 (746197286 0 0) 0x7f7804019be0 con 0x5640603ecb10
2016-06-02 14:09:22.115776 7f78285f6700 1 -- 127.0.0.1:0/2000881652 <== osd.2 127.0.0.1:6808/30507 859 ==== osd_op_reply(2527 62bc922d-f295-4067-ae36-e23e2f231aad.24099.1__shadow_.cTw_0SM3yZSS-qi1b6KHCc0Ov7cN0wG_20 [write 1572864~524288] v32'3137 uv3137 ondisk = 0) v7 ==== 208+0+0 (2093576586 0 0) 0x7f77fc0213c0 con 0x5640603f1eb0
2016-06-02 14:09:22.115862 7f78287f8700 1 -- 127.0.0.1:0/2000881652 <== osd.1 127.0.0.1:6804/30491 637 ==== osd_op_reply(2520 62bc922d-f295-4067-ae36-e23e2f231aad.24099.1__shadow_.cTw_0SM3yZSS-qi1b6KHCc0Ov7cN0wG_19 [write 2621440~524288] v32'2989 uv2989 ondisk = 0) v7 ==== 208+0+0 (2128982533 0 0) 0x7f7804019be0 con 0x5640603ecb10
2016-06-02 14:09:22.115948 7f78287f8700 1 -- 127.0.0.1:0/2000881652 <== osd.1 127.0.0.1:6804/30491 638 ==== osd_op_reply(2521 62bc922d-f295-4067-ae36-e23e2f231aad.24099.1__shadow_.cTw_0SM3yZSS-qi1b6KHCc0Ov7cN0wG_19 [write 3145728~524288] v32'2990 uv2990 ondisk = 0) v7 ==== 208+0+0 (2303022944 0 0) 0x7f7804019be0 con 0x5640603ecb10
2016-06-02 14:09:22.115959 7f77b2ffd700 1 -- 127.0.0.1:0/2000881652 --> 127.0.0.1:6800/30487 -- osd_op(client.24110.0:2532 10.cc584f41 62bc922d-f295-4067-ae36-e23e2f231aad.24099.1__shadow_.cTw_0SM3yZSS-qi1b6KHCc0Ov7cN0wG_21 [writefull 0~0] snapc 0=[] ack+ondisk+write+known_if_redirected e32) v7 -- ?+0 0x7f77842dc1d0 con 0x5640603e9110
2016-06-02 14:09:22.116013 7f78287f8700 1 -- 127.0.0.1:0/2000881652 <== osd.1 127.0.0.1:6804/30491 639 ==== osd_op_reply(2522 62bc922d-f295-4067-ae36-e23e2f231aad.24099.1__shadow_.cTw_0SM3yZSS-qi1b6KHCc0Ov7cN0wG_19 [write 3670016~524288] v32'2991 uv2991 ondisk = 0) v7 ==== 208+0+0 (3688559683 0 0) 0x7f7804019be0 con 0x5640603ecb10
2016-06-02 14:09:22.116467 7f77b2ffd700 1 -- 127.0.0.1:0/2000881652 --> 127.0.0.1:6800/30487 -- osd_op(client.24110.0:2533 10.cc584f41 62bc922d-f295-4067-ae36-e23e2f231aad.24099.1__shadow_.cTw_0SM3yZSS-qi1b6KHCc0Ov7cN0wG_21 [writefull 0~524288] snapc 0=[] ack+ondisk+write+known_if_redirected e32) v7 -- ?+0 0x7f77840132b0 con 0x5640603e9110
2016-06-02 14:09:22.116825 7f77b2ffd700 1 -- 127.0.0.1:0/2000881652 --> 127.0.0.1:6800/30487 -- osd_op(client.24110.0:2534 10.cc584f41 62bc922d-f295-4067-ae36-e23e2f231aad.24099.1__shadow_.cTw_0SM3yZSS-qi1b6KHCc0Ov7cN0wG_21 [write 524288~524288] snapc 0=[] ack+ondisk+write+known_if_redirected e32) v7 -- ?+0 0x7f77840132b0 con 0x5640603e9110
2016-06-02 14:09:22.117206 7f77b2ffd700 1 -- 127.0.0.1:0/2000881652 --> 127.0.0.1:6800/30487 -- osd_op(client.24110.0:2535 10.cc584f41 62bc922d-f295-4067-ae36-e23e2f231aad.24099.1__shadow_.cTw_0SM3yZSS-qi1b6KHCc0Ov7cN0wG_21 [write 1048576~524288] snapc 0=[] ack+ondisk+write+known_if_redirected e32) v7 -- ?+0 0x7f77840132b0 con 0x5640603e9110
2016-06-02 14:09:22.117552 7f77b2ffd700 1 -- 127.0.0.1:0/2000881652 --> 127.0.0.1:6800/30487 -- osd_op(client.24110.0:2536 10.cc584f41 62bc922d-f295-4067-ae36-e23e2f231aad.24099.1__shadow_.cTw_0SM3yZSS-qi1b6KHCc0Ov7cN0wG_21 [write 1572864~524288] snapc 0=[] ack+ondisk+write+known_if_redirected e32) v7 -- ?+0 0x7f77841c2100 con 0x5640603e9110
2016-06-02 14:09:22.117826 7f77b2ffd700 1 -- 127.0.0.1:0/2000881652 --> 127.0.0.1:6800/30487 -- osd_op(client.24110.0:2537 10.cc584f41 62bc922d-f295-4067-ae36-e23e2f231aad.24099.1__shadow_.cTw_0SM3yZSS-qi1b6KHCc0Ov7cN0wG_21 [write 2097152~524288] snapc 0=[] ack+ondisk+write+known_if_redirected e32) v7 -- ?+0 0x7f7784130b80 con 0x5640603e9110
2016-06-02 14:09:22.118760 7f77b2ffd700 1 -- 127.0.0.1:0/2000881652 --> 127.0.0.1:6800/30487 -- osd_op(client.24110.0:2538 10.cc584f41 62bc922d-f295-4067-ae36-e23e2f231aad.24099.1__shadow_.cTw_0SM3yZSS-qi1b6KHCc0Ov7cN0wG_21 [write 2621440~524288] snapc 0=[] ack+ondisk+write+known_if_redirected e32) v7 -- ?+0 0x7f7784763140 con 0x5640603e9110
2016-06-02 14:09:22.119310 7f77b2ffd700 1 -- 127.0.0.1:0/2000881652 --> 127.0.0.1:6800/30487 -- osd_op(client.24110.0:2539 10.cc584f41 62bc922d-f295-4067-ae36-e23e2f231aad.24099.1__shadow_.cTw_0SM3yZSS-qi1b6KHCc0Ov7cN0wG_21 [write 3145728~524288] snapc 0=[] ack+ondisk+write+known_if_redirected e32) v7 -- ?+0 0x7f7784012ee0 con 0x5640603e9110
2016-06-02 14:09:22.119676 7f77b2ffd700 1 -- 127.0.0.1:0/2000881652 --> 127.0.0.1:6800/30487 -- osd_op(client.24110.0:2540 10.cc584f41 62bc922d-f295-4067-ae36-e23e2f231aad.24099.1__shadow_.cTw_0SM3yZSS-qi1b6KHCc0Ov7cN0wG_21 [write 3670016~524288] snapc 0=[] ack+ondisk+write+known_if_redirected e32) v7 -- ?+0 0x7f7784868410 con 0x5640603e9110
2016-06-02 14:09:22.119727 7f77b2ffd700 1 -- 127.0.0.1:0/2000881652 --> 127.0.0.1:6808/30507 -- osd_op(client.24110.0:2541 10.2109ab6d 62bc922d-f295-4067-ae36-e23e2f231aad.24099.1__shadow_.cTw_0SM3yZSS-qi1b6KHCc0Ov7cN0wG_22 [writefull 0~0] snapc 0=[] ack+ondisk+write+known_if_redirected e32) v7 -- ?+0 0x7f77846dab80 con 0x5640603f1eb0
2016-06-02 14:09:22.120111 7f77b2ffd700 1 -- 127.0.0.1:0/2000881652 --> 127.0.0.1:6808/30507 -- osd_op(client.24110.0:2542 10.2109ab6d 62bc922d-f295-4067-ae36-e23e2f231aad.24099.1__shadow_.cTw_0SM3yZSS-qi1b6KHCc0Ov7cN0wG_22 [writefull 0~524288] snapc 0=[] ack+ondisk+write+known_if_redirected e32) v7 -- ?+0 0x7f77844cf850 con 0x5640603f1eb0
2016-06-02 14:09:22.120478 7f77b2ffd700 1 -- 127.0.0.1:0/2000881652 --> 127.0.0.1:6808/30507 -- osd_op(client.24110.0:2543 10.2109ab6d 62bc922d-f295-4067-ae36-e23e2f231aad.24099.1__shadow_.cTw_0SM3yZSS-qi1b6KHCc0Ov7cN0wG_22 [write 524288~524288] snapc 0=[] ack+ondisk+write+known_if_redirected e32) v7 -- ?+0 0x7f77848eb820 con 0x5640603f1eb0
2016-06-02 14:09:22.120768 7f77b2ffd700 1 -- 127.0.0.1:0/2000881652 --> 127.0.0.1:6808/30507 -- osd_op(client.24110.0:2544 10.2109ab6d 62bc922d-f295-4067-ae36-e23e2f231aad.24099.1__shadow_.cTw_0SM3yZSS-qi1b6KHCc0Ov7cN0wG_22 [write 1048576~524288] snapc 0=[] ack+ondisk+write+known_if_redirected e32) v7 -- ?+0 0x7f77840d2570 con 0x5640603f1eb0
2016-06-02 14:09:22.177848 7f7704fd9700 20 execute(): read data: [{"key":36,"val":["lotr:62bc922d-f295-4067-ae36-e23e2f231aad.24099.1:-1"]}]
2016-06-02 14:09:22.177920 7f7704fd9700 20 execute(): updated shard=36
2016-06-02 14:09:22.177922 7f7704fd9700 20 execute(): modified key=lotr:62bc922d-f295-4067-ae36-e23e2f231aad.24099.1:-1
2016-06-02 14:09:22.177923 7f7704fd9700 20 wakeup_data_sync_shards: source_zone=91441c60-0ca1-4118-9685-990e04272142, shard_ids={36=lotr:62bc922d-f295-4067-ae36-e23e2f231aad.24099.1:-1}
2016-06-02 14:09:22.177944 7f7704fd9700 2 req 574:1.000855::POST /admin/log:datalog_notify:completing
2016-06-02 14:09:22.177948 7f7760ff9700 20 cr:s=0x7f773c182de0:op=0x7f773c1fd4c0:18RGWDataSyncShardCR: operate()
2016-06-02 14:09:22.177954 7f7760ff9700 20 incremental_sync(): async update notification: lotr:62bc922d-f295-4067-ae36-e23e2f231aad.24099.1:-1
2016-06-02 14:09:22.178002 7f7704fd9700 2 req 574:1.000902::POST /admin/log:datalog_notify:op status=0
2016-06-02 14:09:22.178005 7f7704fd9700 2 req 574:1.000916::POST /admin/log:datalog_notify:http status=200
2016-06-02 14:09:22.178008 7f7704fd9700 1 ====== req done req=0x7f7704fd3790 op status=0 http_status=200 ======
2016-06-02 14:09:22.178045 7f7704fd9700 1 civetweb: 0x7f77dc0024a0: 127.0.0.1 - - [02/Jun/2016:14:09:21 +0200] "POST /admin/log HTTP/1.1" 200 0 - -
2016-06-02 14:09:22.178067 7f7760ff9700 20 cr:s=0x7f773c331700:op=0x7f773c2e2180:24RGWDataSyncSingleEntryCR: operate()
2016-06-02 14:09:22.178079 7f7760ff9700 20 cr:s=0x7f773c182de0:op=0x7f773c1fd4c0:18RGWDataSyncShardCR: operate()
2016-06-02 14:09:22.178093 7f7760ff9700 20 cr:s=0x7f773c331700:op=0x7f773c670d30:25RGWRunBucketSyncCoroutine: operate()
2016-06-02 14:09:22.178099 7f7760ff9700 20 cr:s=0x7f773c182de0:op=0x7f773c694530:31RGWReadRemoteDataLogShardInfoCR: operate()
2016-06-02 14:09:22.178164 7f7760ff9700 20 RGWEnv::set(): HTTP_DATE: Thu Jun 2 12:09:22 2016
2016-06-02 14:09:22.178167 7f7760ff9700 20 > HTTP_DATE -> Thu Jun 2 12:09:22 2016
2016-06-02 14:09:22.178171 7f7760ff9700 10 get_canon_resource(): dest=/admin/log/
2016-06-02 14:09:22.178172 7f7760ff9700 10 generated canonical header: GET Thu Jun 2 12:09:22 2016 /admin/log/
2016-06-02 14:09:22.178221 7f7760ff9700 15 generated auth header: AWS 1555b35654ad1656d804:zp1/zpfu1vCEJ7ynaf6OAGpu+1Y=
2016-06-02 14:09:22.178232 7f7760ff9700 20 sending request to http://localhost:8002/admin/log/?type=data&id=36&info&rgwx-zonegroup=9e28164a-9dc5-4a79-8932-2fe63613d26a
2016-06-02 14:09:22.178240 7f7760ff9700 20 register_request mgr=0x5640604329f8 req_data->id=331, easy_handle=0x7f773c526e20
2016-06-02 14:09:22.178248 7f7760ff9700 20 run: stack=0x7f773c182de0 is io blocked
2016-06-02 14:09:22.178252 7f7760ff9700 20 cr:s=0x7f773c331700:op=0x7f773c0a1f90:32RGWReadBucketSyncStatusCoroutine: operate()
2016-06-02 14:09:22.178260 7f77477fe700 20 link_request req_data=0x7f773c175430 req_data->id=331, easy_handle=0x7f773c526e20
2016-06-02 14:09:22.178262 7f7760ff9700 20 cr:s=0x7f773c331700:op=0x7f773c0c79f0:25RGWSimpleRadosReadAttrsCR: operate()
2016-06-02 14:09:22.178270 7f7760ff9700 20 cr:s=0x7f773c331700:op=0x7f773c0c79f0:25RGWSimpleRadosReadAttrsCR: operate()
2016-06-02 14:09:22.178287 7f7760ff9700 20 enqueued request req=0x7f773c2ec170
2016-06-02 14:09:22.178290 7f7760ff9700 20 RGWWQ:
2016-06-02 14:09:22.178291 7f7760ff9700 20 req: 0x7f773c2ec170
2016-06-02 14:09:22.178295 7f7760ff9700 20 run: stack=0x7f773c331700 is io blocked
2016-06-02 14:09:22.178301 7f77b27fc700 20 dequeued request req=0x7f773c2ec170
2016-06-02 14:09:22.178302 7f77b27fc700 20 RGWWQ: empty
2016-06-02 14:09:22.178315 7f77b27fc700 10 cache get: name=us-east-1.rgw.log+bucket.sync-status.91441c60-0ca1-4118-9685-990e04272142:lotr:62bc922d-f295-4067-ae36-e23e2f231aad.24099.1 : hit (requested=3, cached=11)
2016-06-02 14:09:22.178344 7f7760ff9700 20 cr:s=0x7f773c331700:op=0x7f773c0c79f0:25RGWSimpleRadosReadAttrsCR: operate()
2016-06-02 14:09:22.178347 7f7760ff9700 20 cr:s=0x7f773c331700:op=0x7f773c0c79f0:25RGWSimpleRadosReadAttrsCR: operate()
2016-06-02 14:09:22.178349 7f7760ff9700 20 cr:s=0x7f773c331700:op=0x7f773c0c79f0:25RGWSimpleRadosReadAttrsCR: operate()
2016-06-02 14:09:22.178351 7f7760ff9700 20 cr:s=0x7f773c331700:op=0x7f773c0c79f0:25RGWSimpleRadosReadAttrsCR: operate()
2016-06-02 14:09:22.178366 7f7760ff9700 20 cr:s=0x7f773c331700:op=0x7f773c0a1f90:32RGWReadBucketSyncStatusCoroutine: operate()
2016-06-02 14:09:22.178375 7f7760ff9700 20 cr:s=0x7f773c331700:op=0x7f773c670d30:25RGWRunBucketSyncCoroutine: operate()
2016-06-02 14:09:22.178378 7f7760ff9700 20 operate(): sync status for bucket lotr:62bc922d-f295-4067-ae36-e23e2f231aad.24099.1:-1: 2
2016-06-02 14:09:22.178385 7f7760ff9700 20 cr:s=0x7f773c331700:op=0x7f773c0a1f90:26RGWGetBucketInstanceInfoCR: operate()
2016-06-02 14:09:22.178387 7f7760ff9700 20 cr:s=0x7f773c331700:op=0x7f773c0a1f90:26RGWGetBucketInstanceInfoCR: operate()
2016-06-02 14:09:22.178394 7f7760ff9700 20 enqueued request req=0x7f773c27dde0
2016-06-02 14:09:22.178395 7f7760ff9700 20 RGWWQ:
2016-06-02 14:09:22.178396 7f7760ff9700 20 req: 0x7f773c27dde0
2016-06-02 14:09:22.178399 7f7760ff9700 20 run: stack=0x7f773c331700 is io blocked
2016-06-02 14:09:22.178413 7f77aaffd700 20 dequeued request req=0x7f773c27dde0
2016-06-02 14:09:22.178416 7f77aaffd700 20 RGWWQ: empty
2016-06-02 14:09:22.178420 7f77aaffd700 20 reading from us-east-1.rgw.data.root:.bucket.meta.lotr:62bc922d-f295-4067-ae36-e23e2f231aad.24099.1
2016-06-02 14:09:22.178439 7f77aaffd700 20 get_system_obj_state: rctx=0x7f77aaffb560 obj=us-east-1.rgw.data.root:.bucket.meta.lotr:62bc922d-f295-4067-ae36-e23e2f231aad.24099.1 state=0x7f776c02f538 s->prefetch_data=0
2016-06-02 14:09:22.178446 7f77aaffd700 10 cache get: name=us-east-1.rgw.data.root+.bucket.meta.lotr:62bc922d-f295-4067-ae36-e23e2f231aad.24099.1 : hit (requested=22, cached=23)
2016-06-02 14:09:22.178453 7f77aaffd700 20 get_system_obj_state: s->obj_tag was set empty
2016-06-02 14:09:22.178456 7f77aaffd700 10 cache get: name=us-east-1.rgw.data.root+.bucket.meta.lotr:62bc922d-f295-4067-ae36-e23e2f231aad.24099.1 : hit (requested=17, cached=23)
2016-06-02 14:09:22.178477 7f7760ff9700 20 cr:s=0x7f773c331700:op=0x7f773c0a1f90:26RGWGetBucketInstanceInfoCR: operate()
2016-06-02 14:09:22.178481 7f7760ff9700 20 cr:s=0x7f773c331700:op=0x7f773c0a1f90:26RGWGetBucketInstanceInfoCR: operate()
2016-06-02 14:09:22.178483 7f7760ff9700 20 cr:s=0x7f773c331700:op=0x7f773c0a1f90:26RGWGetBucketInstanceInfoCR: operate()
2016-06-02 14:09:22.178484 7f7760ff9700 20 cr:s=0x7f773c331700:op=0x7f773c0a1f90:26RGWGetBucketInstanceInfoCR: operate()
2016-06-02 14:09:22.178490 7f7760ff9700 20 cr:s=0x7f773c331700:op=0x7f773c670d30:25RGWRunBucketSyncCoroutine: operate()
2016-06-02 14:09:22.178492 7f7760ff9700 20 cr:s=0x7f773c331700:op=0x7f773c670d30:25RGWRunBucketSyncCoroutine: operate()
2016-06-02 14:09:22.178493 7f7760ff9700 20 cr:s=0x7f773c331700:op=0x7f773c670d30:25RGWRunBucketSyncCoroutine: operate()
2016-06-02 14:09:22.178504 7f7760ff9700 20 cr:s=0x7f773c331700:op=0x7f773c3077c0:31RGWBucketShardIncrementalSyncCR: operate()
2016-06-02 14:09:22.178550 7f7760ff9700 20 cr:s=0x7f773c0aa500:op=0x7f773c619580:20RGWContinuousLeaseCR: operate()
2016-06-02 14:09:22.178584 7f7760ff9700 20 cr:s=0x7f773c331700:op=0x7f773c3077c0:31RGWBucketShardIncrementalSyncCR: operate()
2016-06-02 14:09:22.178587 7f7760ff9700 20 run: stack=0x7f773c331700 is_blocked_by_stack()=0 is_sleeping=1 waiting_for_child()=0
2016-06-02 14:09:22.178590 7f7760ff9700 20 cr:s=0x7f773c0aa500:op=0x7f773c30f2b0:20RGWSimpleRadosLockCR: operate()
2016-06-02 14:09:22.178592 7f7760ff9700 20 cr:s=0x7f773c0aa500:op=0x7f773c30f2b0:20RGWSimpleRadosLockCR: operate()
2016-06-02 14:09:22.178601 7f7760ff9700 20 enqueued request req=0x7f773c3a6e10
2016-06-02 14:09:22.178602 7f7760ff9700 20 RGWWQ:
2016-06-02 14:09:22.178603 7f7760ff9700 20 req: 0x7f773c3a6e10
2016-06-02 14:09:22.178606 7f7760ff9700 20 run: stack=0x7f773c0aa500 is io blocked
2016-06-02 14:09:22.178614 7f77c5ffb700 20 dequeued request req=0x7f773c3a6e10
2016-06-02 14:09:22.178620 7f77c5ffb700 20 RGWWQ: empty
2016-06-02 14:09:22.178661 7f77c5ffb700 1 -- 127.0.0.1:0/2000881652 --> 127.0.0.1:6808/30507 -- osd_op(client.24110.0:2545 5.944771f8 bucket.sync-status.91441c60-0ca1-4118-9685-990e04272142:lotr:62bc922d-f295-4067-ae36-e23e2f231aad.24099.1 [call lock.lock] snapc 0=[] ondisk+write+known_if_redirected e32) v7 -- ?+0 0x7f77b8020a70 con 0x5640603f1eb0
2016-06-02 14:09:22.179180 7f77477fe700 10 receive_http_header
2016-06-02 14:09:22.179183 7f77477fe700 10 received header:HTTP/1.1 200 OK
2016-06-02 14:09:22.179185 7f77477fe700 10 receive_http_header
2016-06-02 14:09:22.179186 7f77477fe700 10 received header:x-amz-request-id: tx0000000000000000001ea-00575021f2-3728-us-west
2016-06-02 14:09:22.179189 7f77477fe700 10 receive_http_header
2016-06-02 14:09:22.179189 7f77477fe700 10 received header:Content-Length: 83
2016-06-02 14:09:22.179190 7f77477fe700 10 receive_http_header
2016-06-02 14:09:22.179191 7f77477fe700 10 received header:Date: Thu, 02 Jun 2016 12:09:22 GMT
2016-06-02 14:09:22.179192 7f77477fe700 10 receive_http_header
2016-06-02 14:09:22.179193 7f77477fe700 10 received header:
2016-06-02 14:09:22.179234 7f7760ff9700 20 cr:s=0x7f773c182de0:op=0x7f773c694530:31RGWReadRemoteDataLogShardInfoCR: operate()
2016-06-02 14:09:22.179346 7f7760ff9700 20 cr:s=0x7f773c182de0:op=0x7f773c1fd4c0:18RGWDataSyncShardCR: operate()
2016-06-02 14:09:22.179350 7f7760ff9700 20 incremental_sync:1057: shard_id=36 datalog_marker=1_1464869342.751510_3798.1 sync_marker.marker=1_1464869342.751510_3798.1
2016-06-02 14:09:22.179351 7f7760ff9700 20 incremental_sync:1104: shard_id=36 datalog_marker=1_1464869342.751510_3798.1 sync_marker.marker=1_1464869342.751510_3798.1
2016-06-02 14:09:22.179356 7f7760ff9700 20 run: stack=0x7f773c182de0 is io blocked
2016-06-02 14:09:22.273106 7f78285f6700 1 -- 127.0.0.1:0/2000881652 <== osd.2 127.0.0.1:6808/30507 860 ==== osd_op_reply(2528 62bc922d-f295-4067-ae36-e23e2f231aad.24099.1__shadow_.cTw_0SM3yZSS-qi1b6KHCc0Ov7cN0wG_20 [write 2097152~524288] v32'3138 uv3138 ondisk = 0) v7 ==== 208+0+0 (523310153 0 0) 0x7f77fc0213c0 con 0x5640603f1eb0
2016-06-02 14:09:22.273497 7f78285f6700 1 -- 127.0.0.1:0/2000881652 <== osd.2 127.0.0.1:6808/30507 861 ==== osd_op_reply(2529 62bc922d-f295-4067-ae36-e23e2f231aad.24099.1__shadow_.cTw_0SM3yZSS-qi1b6KHCc0Ov7cN0wG_20 [write 2621440~524288] v32'3139 uv3139 ondisk = 0) v7 ==== 208+0+0 (1303295850 0 0) 0x7f77fc0213c0 con 0x5640603f1eb0
2016-06-02 14:09:22.273576 7f77b2ffd700 1 -- 127.0.0.1:0/2000881652 --> 127.0.0.1:6808/30507 -- osd_op(client.24110.0:2546 10.2109ab6d 62bc922d-f295-4067-ae36-e23e2f231aad.24099.1__shadow_.cTw_0SM3yZSS-qi1b6KHCc0Ov7cN0wG_22 [write 1572864~524288] snapc 0=[] ack+ondisk+write+known_if_redirected e32) v7 -- ?+0 0x7f77841c4a70 con 0x5640603f1eb0
2016-06-02 14:09:22.273909 7f77b2ffd700 1 -- 127.0.0.1:0/2000881652 --> 127.0.0.1:6808/30507 -- osd_op(client.24110.0:2547 10.2109ab6d 62bc922d-f295-4067-ae36-e23e2f231aad.24099.1__shadow_.cTw_0SM3yZSS-qi1b6KHCc0Ov7cN0wG_22 [write 2097152~524288] snapc 0=[] ack+ondisk+write+known_if_redirected e32) v7 -- ?+0 0x7f77841c4a70 con 0x5640603f1eb0
2016-06-02 14:09:22.274050 7f78285f6700 1 -- 127.0.0.1:0/2000881652 <== osd.2 127.0.0.1:6808/30507 862 ==== osd_op_reply(2530 62bc922d-f295-4067-ae36-e23e2f231aad.24099.1__shadow_.cTw_0SM3yZSS-qi1b6KHCc0Ov7cN0wG_20 [write 3145728~524288] v32'3140 uv3140 ondisk = 0) v7 ==== 208+0+0 (1640245460 0 0) 0x7f77fc0213c0 con 0x5640603f1eb0
2016-06-02 14:09:22.274376 7f77b2ffd700 1 -- 127.0.0.1:0/2000881652 --> 127.0.0.1:6808/30507 -- osd_op(client.24110.0:2548 10.2109ab6d 62bc922d-f295-4067-ae36-e23e2f231aad.24099.1__shadow_.cTw_0SM3yZSS-qi1b6KHCc0Ov7cN0wG_22 [write 2621440~524288] snapc 0=[] ack+ondisk+write+known_if_redirected e32) v7 -- ?+0 0x7f77841c4a70 con 0x5640603f1eb0
2016-06-02 14:09:22.274603 7f783820a700 1 -- 127.0.0.1:0/2000881652 <== osd.0 127.0.0.1:6800/30487 1171 ==== osd_op_reply(2532 62bc922d-f295-4067-ae36-e23e2f231aad.24099.1__shadow_.cTw_0SM3yZSS-qi1b6KHCc0Ov7cN0wG_21 [writefull 0~0] v32'2914 uv2914 ondisk = 0) v7 ==== 208+0+0 (1841646966 0 0) 0x7f780c020f60 con 0x5640603e9110
2016-06-02 14:09:22.274653 7f783820a700 1 -- 127.0.0.1:0/2000881652 <== osd.0 127.0.0.1:6800/30487 1172 ==== osd_op_reply(2533 62bc922d-f295-4067-ae36-e23e2f231aad.24099.1__shadow_.cTw_0SM3yZSS-qi1b6KHCc0Ov7cN0wG_21 [writefull 0~524288] v32'2915 uv2915 ondisk = 0) v7 ==== 208+0+0 (1410815941 0 0) 0x7f780c020f60 con 0x5640603e9110
2016-06-02 14:09:22.274800 7f783820a700 1 -- 127.0.0.1:0/2000881652 <== osd.0 127.0.0.1:6800/30487 1173 ==== osd_op_reply(2534 62bc922d-f295-4067-ae36-e23e2f231aad.24099.1__shadow_.cTw_0SM3yZSS-qi1b6KHCc0Ov7cN0wG_21 [write 524288~524288] v32'2916 uv2916 ondisk = 0) v7 ==== 208+0+0 (3003302092 0 0) 0x7f780c020f60 con 0x5640603e9110
2016-06-02 14:09:22.275002 7f783820a700 1 -- 127.0.0.1:0/2000881652 <== osd.0 127.0.0.1:6800/30487 1174 ==== osd_op_reply(2535 62bc922d-f295-4067-ae36-e23e2f231aad.24099.1__shadow_.cTw_0SM3yZSS-qi1b6KHCc0Ov7cN0wG_21 [write 1048576~524288] v32'2917 uv2917 ondisk = 0) v7 ==== 208+0+0 (2880512956 0 0) 0x7f780c020f60 con 0x5640603e9110
2016-06-02 14:09:22.275055 7f783820a700 1 -- 127.0.0.1:0/2000881652 <== osd.0 127.0.0.1:6800/30487 1175 ==== osd_op_reply(2536 62bc922d-f295-4067-ae36-e23e2f231aad.24099.1__shadow_.cTw_0SM3yZSS-qi1b6KHCc0Ov7cN0wG_21 [write 1572864~524288] v32'2918 uv2918 ondisk = 0) v7 ==== 208+0+0 (373130890 0 0) 0x7f780c020f60 con 0x5640603e9110
2016-06-02 14:09:22.275152 7f78285f6700 1 -- 127.0.0.1:0/2000881652 <== osd.2 127.0.0.1:6808/30507 863 ==== osd_op_reply(2531 62bc922d-f295-4067-ae36-e23e2f231aad.24099.1__shadow_.cTw_0SM3yZSS-qi1b6KHCc0Ov7cN0wG_20 [write 3670016~524288] v32'3141 uv3141 ondisk = 0) v7 ==== 208+0+0 (861637623 0 0) 0x7f77fc0213c0 con 0x5640603f1eb0
2016-06-02 14:09:22.275218 7f78285f6700 1 -- 127.0.0.1:0/2000881652 <== osd.2 127.0.0.1:6808/30507 864 ==== osd_op_reply(2541 62bc922d-f295-4067-ae36-e23e2f231aad.24099.1__shadow_.cTw_0SM3yZSS-qi1b6KHCc0Ov7cN0wG_22 [writefull 0~0] v32'3142 uv3142 ondisk = 0) v7 ==== 208+0+0 (499789800 0 0) 0x7f77fc0213c0 con 0x5640603f1eb0
2016-06-02 14:09:22.275671 7f77b2ffd700 1 -- 127.0.0.1:0/2000881652 --> 127.0.0.1:6808/30507 -- osd_op(client.24110.0:2549 10.2109ab6d 62bc922d-f295-4067-ae36-e23e2f231aad.24099.1__shadow_.cTw_0SM3yZSS-qi1b6KHCc0Ov7cN0wG_22 [write 3145728~524288] snapc 0=[] ack+ondisk+write+known_if_redirected e32) v7 -- ?+0 0x7f77841c4a70 con 0x5640603f1eb0
2016-06-02 14:09:22.275931 7f77b2ffd700 1 -- 127.0.0.1:0/2000881652 --> 127.0.0.1:6808/30507 -- osd_op(client.24110.0:2550 10.2109ab6d 62bc922d-f295-4067-ae36-e23e2f231aad.24099.1__shadow_.cTw_0SM3yZSS-qi1b6KHCc0Ov7cN0wG_22 [write 3670016~524288] snapc 0=[] ack+ondisk+write+known_if_redirected e32) v7 -- ?+0 0x7f77841c4a70 con 0x5640603f1eb0
2016-06-02 14:09:22.275976 7f77b2ffd700 1 -- 127.0.0.1:0/2000881652 --> 127.0.0.1:6804/30491 -- osd_op(client.24110.0:2551 10.7e0ff622 62bc922d-f295-4067-ae36-e23e2f231aad.24099.1__shadow_.cTw_0SM3yZSS-qi1b6KHCc0Ov7cN0wG_23 [writefull 0~0] snapc 0=[] ack+ondisk+write+known_if_redirected e32) v7 -- ?+0 0x7f778465d230 con 0x5640603ecb10
2016-06-02 14:09:22.276612 7f77b2ffd700 1 -- 127.0.0.1:0/2000881652 --> 127.0.0.1:6804/30491 -- osd_op(client.24110.0:2552 10.7e0ff622 62bc922d-f295-4067-ae36-e23e2f231aad.24099.1__shadow_.cTw_0SM3yZSS-qi1b6KHCc0Ov7cN0wG_23 [writefull 0~524288] snapc 0=[] ack+ondisk+write+known_if_redirected e32) v7 -- ?+0 0x7f778465d230 con 0x5640603ecb10
2016-06-02 14:09:22.276881 7f77b2ffd700 1 -- 127.0.0.1:0/2000881652 --> 127.0.0.1:6804/30491 -- osd_op(client.24110.0:2553 10.7e0ff622 62bc922d-f295-4067-ae36-e23e2f231aad.24099.1__shadow_.cTw_0SM3yZSS-qi1b6KHCc0Ov7cN0wG_23 [write 524288~524288] snapc 0=[] ack+ondisk+write+known_if_redirected e32) v7 -- ?+0 0x7f77841c4a70 con 0x5640603ecb10
2016-06-02 14:09:22.277178 7f77b2ffd700 1 -- 127.0.0.1:0/2000881652 --> 127.0.0.1:6804/30491 -- osd_op(client.24110.0:2554 10.7e0ff622 62bc922d-f295-4067-ae36-e23e2f231aad.24099.1__shadow_.cTw_0SM3yZSS-qi1b6KHCc0Ov7cN0wG_23 [write 1048576~524288] snapc 0=[] ack+ondisk+write+known_if_redirected e32) v7 -- ?+0 0x7f77847e4160 con 0x5640603ecb10
2016-06-02 14:09:22.329849 7f78285f6700 1 -- 127.0.0.1:0/2000881652 <== osd.2 127.0.0.1:6808/30507 865 ==== osd_op_reply(2542 62bc922d-f295-4067-ae36-e23e2f231aad.24099.1__shadow_.cTw_0SM3yZSS-qi1b6KHCc0Ov7cN0wG_22 [writefull 0~524288] v32'3143 uv3143 ondisk = 0) v7 ==== 208+0+0 (605566299 0 0) 0x7f77fc0213c0 con 0x5640603f1eb0
2016-06-02 14:09:22.450065 7f783820a700 1 -- 127.0.0.1:0/2000881652 <== osd.0 127.0.0.1:6800/30487 1176 ==== osd_op_reply(2537 62bc922d-f295-4067-ae36-e23e2f231aad.24099.1__shadow_.cTw_0SM3yZSS-qi1b6KHCc0Ov7cN0wG_21 [write 2097152~524288] v32'2919 uv2919 ondisk = 0) v7 ==== 208+0+0 (2597774684 0 0) 0x7f780c020f60 con 0x5640603e9110
2016-06-02 14:09:22.450103 7f78285f6700 1 -- 127.0.0.1:0/2000881652 <== osd.2 127.0.0.1:6808/30507 866 ==== osd_op_reply(2543 62bc922d-f295-4067-ae36-e23e2f231aad.24099.1__shadow_.cTw_0SM3yZSS-qi1b6KHCc0Ov7cN0wG_22 [write 524288~524288] v32'3144 uv3144 ondisk = 0) v7 ==== 208+0+0 (1903501589 0 0) 0x7f77fc0213c0 con 0x5640603f1eb0
2016-06-02 14:09:22.450294 7f78285f6700 1 -- 127.0.0.1:0/2000881652 <== osd.2 127.0.0.1:6808/30507 867 ==== osd_op_reply(2544 62bc922d-f295-4067-ae36-e23e2f231aad.24099.1__shadow_.cTw_0SM3yZSS-qi1b6KHCc0Ov7cN0wG_22 [write 1048576~524288] v32'3145 uv3145 ondisk = 0) v7 ==== 208+0+0 (1774633573 0 0) 0x7f77fc0213c0 con 0x5640603f1eb0
2016-06-02 14:09:22.450497 7f783820a700 1 -- 127.0.0.1:0/2000881652 <== osd.0 127.0.0.1:6800/30487 1177 ==== osd_op_reply(2538 62bc922d-f295-4067-ae36-e23e2f231aad.24099.1__shadow_.cTw_0SM3yZSS-qi1b6KHCc0Ov7cN0wG_21 [write 2621440~524288] v32'2920 uv2920 ondisk = 0) v7 ==== 208+0+0 (1323874806 0 0) 0x7f780c020f60 con 0x5640603e9110
2016-06-02 14:09:22.450533 7f78285f6700 1 -- 127.0.0.1:0/2000881652 <== osd.2 127.0.0.1:6808/30507 868 ==== osd_op_reply(2546 62bc922d-f295-4067-ae36-e23e2f231aad.24099.1__shadow_.cTw_0SM3yZSS-qi1b6KHCc0Ov7cN0wG_22 [write 1572864~524288] v32'3146 uv3146 ondisk = 0) v7 ==== 208+0+0 (3561645907 0 0) 0x7f77fc0213c0 con 0x5640603f1eb0
2016-06-02 14:09:22.450545 7f783820a700 1 -- 127.0.0.1:0/2000881652 <== osd.0 127.0.0.1:6800/30487 1178 ==== osd_op_reply(2539 62bc922d-f295-4067-ae36-e23e2f231aad.24099.1__shadow_.cTw_0SM3yZSS-qi1b6KHCc0Ov7cN0wG_21 [write 3145728~524288] v32'2921 uv2921 ondisk = 0) v7 ==== 208+0+0 (1448827526 0 0) 0x7f780c020f60 con 0x5640603e9110
2016-06-02 14:09:22.450637 7f783820a700 1 -- 127.0.0.1:0/2000881652 <== osd.0 127.0.0.1:6800/30487 1179 ==== osd_op_reply(2540 62bc922d-f295-4067-ae36-e23e2f231aad.24099.1__shadow_.cTw_0SM3yZSS-qi1b6KHCc0Ov7cN0wG_21 [write 3670016~524288] v32'2922 uv2922 ondisk = 0) v7 ==== 208+0+0 (3956801456 0 0) 0x7f780c020f60 con 0x5640603e9110
2016-06-02 14:09:22.450793 7f77b2ffd700 1 -- 127.0.0.1:0/2000881652 --> 127.0.0.1:6804/30491 -- osd_op(client.24110.0:2555 10.7e0ff622 62bc922d-f295-4067-ae36-e23e2f231aad.24099.1__shadow_.cTw_0SM3yZSS-qi1b6KHCc0Ov7cN0wG_23 [write 1572864~524288] snapc 0=[] ack+ondisk+write+known_if_redirected e32) v7 -- ?+0 0x7f77840132b0 con 0x5640603ecb10
2016-06-02 14:09:22.450977 7f77b2ffd700 1 -- 127.0.0.1:0/2000881652 --> 127.0.0.1:6804/30491 -- osd_op(client.24110.0:2556 10.7e0ff622 62bc922d-f295-4067-ae36-e23e2f231aad.24099.1__shadow_.cTw_0SM3yZSS-qi1b6KHCc0Ov7cN0wG_23 [write 2097152~524288] snapc 0=[] ack+ondisk+write+known_if_redirected e32) v7 -- ?+0 0x7f7784763140 con 0x5640603ecb10
2016-06-02 14:09:22.451177 7f77b2ffd700 1 -- 127.0.0.1:0/2000881652 --> 127.0.0.1:6804/30491 -- osd_op(client.24110.0:2557 10.7e0ff622 62bc922d-f295-4067-ae36-e23e2f231aad.24099.1__shadow_.cTw_0SM3yZSS-qi1b6KHCc0Ov7cN0wG_23 [write 2621440~524288] snapc 0=[] ack+ondisk+write+known_if_redirected e32) v7 -- ?+0 0x7f778476ce60 con 0x5640603ecb10
2016-06-02 14:09:22.451382 7f77b2ffd700 1 -- 127.0.0.1:0/2000881652 --> 127.0.0.1:6804/30491 -- osd_op(client.24110.0:2558 10.7e0ff622 62bc922d-f295-4067-ae36-e23e2f231aad.24099.1__shadow_.cTw_0SM3yZSS-qi1b6KHCc0Ov7cN0wG_23 [write 3145728~524288] snapc 0=[] ack+ondisk+write+known_if_redirected e32) v7 -- ?+0 0x7f77840d2160 con 0x5640603ecb10
2016-06-02 14:09:22.451610 7f77b2ffd700 1 -- 127.0.0.1:0/2000881652 --> 127.0.0.1:6804/30491 -- osd_op(client.24110.0:2559 10.7e0ff622 62bc922d-f295-4067-ae36-e23e2f231aad.24099.1__shadow_.cTw_0SM3yZSS-qi1b6KHCc0Ov7cN0wG_23 [write 3670016~524288] snapc 0=[] ack+ondisk+write+known_if_redirected e32) v7 -- ?+0 0x7f77846dab80 con 0x5640603ecb10
2016-06-02 14:09:22.451661 7f77b2ffd700 1 -- 127.0.0.1:0/2000881652 --> 127.0.0.1:6804/30491 -- osd_op(client.24110.0:2560 10.ab707ff2 62bc922d-f295-4067-ae36-e23e2f231aad.24099.1__shadow_.cTw_0SM3yZSS-qi1b6KHCc0Ov7cN0wG_24 [writefull 0~0] snapc 0=[] ack+ondisk+write+known_if_redirected e32) v7 -- ?+0 0x7f77840d1cd0 con 0x5640603ecb10
2016-06-02 14:09:22.451868 7f77b2ffd700 1 -- 127.0.0.1:0/2000881652 --> 127.0.0.1:6804/30491 -- osd_op(client.24110.0:2561 10.ab707ff2 62bc922d-f295-4067-ae36-e23e2f231aad.24099.1__shadow_.cTw_0SM3yZSS-qi1b6KHCc0Ov7cN0wG_24 [writefull 0~524288] snapc 0=[] ack+ondisk+write+known_if_redirected e32) v7 -- ?+0 0x7f778403af50 con 0x5640603ecb10
2016-06-02 14:09:22.452073 7f77b2ffd700 1 -- 127.0.0.1:0/2000881652 --> 127.0.0.1:6804/30491 -- osd_op(client.24110.0:2562 10.ab707ff2 62bc922d-f295-4067-ae36-e23e2f231aad.24099.1__shadow_.cTw_0SM3yZSS-qi1b6KHCc0Ov7cN0wG_24 [write 524288~524288] snapc 0=[] ack+ondisk+write+known_if_redirected e32) v7 -- ?+0 0x7f77848e5710 con 0x5640603ecb10
2016-06-02 14:09:22.452325 7f77b2ffd700 1 -- 127.0.0.1:0/2000881652 --> 127.0.0.1:6804/30491 -- osd_op(client.24110.0:2563 10.ab707ff2 62bc922d-f295-4067-ae36-e23e2f231aad.24099.1__shadow_.cTw_0SM3yZSS-qi1b6KHCc0Ov7cN0wG_24 [write 1048576~524288] snapc 0=[] ack+ondisk+write+known_if_redirected e32) v7 -- ?+0 0x7f778400f8e0 con 0x5640603ecb10
2016-06-02 14:09:22.486551 7f78287f8700 1 -- 127.0.0.1:0/2000881652 <== osd.1 127.0.0.1:6804/30491 640 ==== osd_op_reply(2551 62bc922d-f295-4067-ae36-e23e2f231aad.24099.1__shadow_.cTw_0SM3yZSS-qi1b6KHCc0Ov7cN0wG_23 [writefull 0~0] v32'3162 uv3162 ondisk = 0) v7 ==== 208+0+0 (3892527666 0 0) 0x7f7804019be0 con 0x5640603ecb10
2016-06-02 14:09:22.486619 7f78287f8700 1 -- 127.0.0.1:0/2000881652 <== osd.1 127.0.0.1:6804/30491 641 ==== osd_op_reply(2552 62bc922d-f295-4067-ae36-e23e2f231aad.24099.1__shadow_.cTw_0SM3yZSS-qi1b6KHCc0Ov7cN0wG_23 [writefull 0~524288] v32'3163 uv3163 ondisk = 0) v7 ==== 208+0+0 (3520157825 0 0) 0x7f7804019be0 con 0x5640603ecb10
2016-06-02 14:09:22.522707 7f78287f8700 1 -- 127.0.0.1:0/2000881652 <== osd.1 127.0.0.1:6804/30491 642 ==== osd_op_reply(2553 62bc922d-f295-4067-ae36-e23e2f231aad.24099.1__shadow_.cTw_0SM3yZSS-qi1b6KHCc0Ov7cN0wG_23 [write 524288~524288] v32'3164 uv3164 ondisk = 0) v7 ==== 208+0+0 (918867848 0 0) 0x7f7804019be0 con 0x5640603ecb10
2016-06-02 14:09:22.522791 7f78287f8700 1 -- 127.0.0.1:0/2000881652 <== osd.1 127.0.0.1:6804/30491 643 ==== osd_op_reply(2554 62bc922d-f295-4067-ae36-e23e2f231aad.24099.1__shadow_.cTw_0SM3yZSS-qi1b6KHCc0Ov7cN0wG_23 [write 1048576~524288] v32'3165 uv3165 ondisk = 0) v7 ==== 208+0+0 (779562232 0 0) 0x7f7804019be0 con 0x5640603ecb10
2016-06-02 14:09:22.522893 7f78285f6700 1 -- 127.0.0.1:0/2000881652 <== osd.2 127.0.0.1:6808/30507 869 ==== osd_op_reply(2547 62bc922d-f295-4067-ae36-e23e2f231aad.24099.1__shadow_.cTw_0SM3yZSS-qi1b6KHCc0Ov7cN0wG_22 [write 2097152~524288] v32'3147 uv3147 ondisk = 0) v7 ==== 208+0+0 (1486947461 0 0) 0x7f77fc0213c0 con 0x5640603f1eb0
2016-06-02 14:09:22.523109 7f78285f6700 1 -- 127.0.0.1:0/2000881652 <== osd.2 127.0.0.1:6808/30507 870 ==== osd_op_reply(2548 62bc922d-f295-4067-ae36-e23e2f231aad.24099.1__shadow_.cTw_0SM3yZSS-qi1b6KHCc0Ov7cN0wG_22 [write 2621440~524288] v32'3148 uv3148 ondisk = 0) v7 ==== 208+0+0 (1055382376 0 0) 0x7f77fc0213c0 con 0x5640603f1eb0
2016-06-02 14:09:22.523172 7f78285f6700 1 -- 127.0.0.1:0/2000881652 <== osd.2 127.0.0.1:6808/30507 871 ==== osd_op_reply(2549 62bc922d-f295-4067-ae36-e23e2f231aad.24099.1__shadow_.cTw_0SM3yZSS-qi1b6KHCc0Ov7cN0wG_22 [write 3145728~524288] v32'3149 uv3149 ondisk = 0) v7 ==== 208+0+0 (643053592 0 0) 0x7f77fc0213c0 con 0x5640603f1eb0
2016-06-02 14:09:22.523231 7f78285f6700 1 -- 127.0.0.1:0/2000881652 <== osd.2 127.0.0.1:6808/30507 872 ==== osd_op_reply(2550 62bc922d-f295-4067-ae36-e23e2f231aad.24099.1__shadow_.cTw_0SM3yZSS-qi1b6KHCc0Ov7cN0wG_22 [write 3670016~524288] v32'3150 uv3150 ondisk = 0) v7 ==== 208+0+0 (2614664494 0 0) 0x7f77fc0213c0 con 0x5640603f1eb0
2016-06-02 14:09:22.523762 7f77b2ffd700 1 -- 127.0.0.1:0/2000881652 --> 127.0.0.1:6804/30491 -- osd_op(client.24110.0:2564 10.ab707ff2 62bc922d-f295-4067-ae36-e23e2f231aad.24099.1__shadow_.cTw_0SM3yZSS-qi1b6KHCc0Ov7cN0wG_24 [write 1572864~312512] snapc 0=[] ack+ondisk+write+known_if_redirected e32) v7 -- ?+0 0x7f7784015470 con 0x5640603ecb10
2016-06-02 14:09:22.539053 7f7760ff9700 20 cr:s=0x7f773c182de0:op=0x7f773c1fd4c0:18RGWDataSyncShardCR: operate()
2016-06-02 14:09:22.539139 7f7760ff9700 20 cr:s=0x7f773c182de0:op=0x7f773c694530:31RGWReadRemoteDataLogShardInfoCR: operate()
2016-06-02 14:09:22.539211 7f7760ff9700 20 RGWEnv::set(): HTTP_DATE: Thu Jun 2 12:09:22 2016
2016-06-02 14:09:22.539214 7f7760ff9700 20 > HTTP_DATE -> Thu Jun 2 12:09:22 2016
2016-06-02 14:09:22.539218 7f7760ff9700 10 get_canon_resource(): dest=/admin/log/
2016-06-02 14:09:22.539218 7f7760ff9700 10 generated canonical header: GET Thu Jun 2 12:09:22 2016 /admin/log/
2016-06-02 14:09:22.539247 7f7760ff9700 15 generated auth header: AWS 1555b35654ad1656d804:zp1/zpfu1vCEJ7ynaf6OAGpu+1Y=
2016-06-02 14:09:22.539256 7f7760ff9700 20 sending request to http://localhost:8002/admin/log/?type=data&id=36&info&rgwx-zonegroup=9e28164a-9dc5-4a79-8932-2fe63613d26a
2016-06-02 14:09:22.539262 7f7760ff9700 20 register_request mgr=0x5640604329f8 req_data->id=332, easy_handle=0x7f773c380450
2016-06-02 14:09:22.539270 7f7760ff9700 20 run: stack=0x7f773c182de0 is io blocked
2016-06-02 14:09:22.539278 7f77477fe700 20 link_request req_data=0x7f773c2ecf10 req_data->id=332, easy_handle=0x7f773c380450
2016-06-02 14:09:22.540085 7f77477fe700 10 receive_http_header
2016-06-02 14:09:22.540089 7f77477fe700 10 received header:HTTP/1.1 200 OK
2016-06-02 14:09:22.540091 7f77477fe700 10 receive_http_header
2016-06-02 14:09:22.540092 7f77477fe700 10 received header:x-amz-request-id: tx0000000000000000001eb-00575021f2-3728-us-west
2016-06-02 14:09:22.540096 7f77477fe700 10 receive_http_header
2016-06-02 14:09:22.540096 7f77477fe700 10 received header:Content-Length: 83
2016-06-02 14:09:22.540097 7f77477fe700 10 receive_http_header
2016-06-02 14:09:22.540098 7f77477fe700 10 received header:Date: Thu, 02 Jun 2016 12:09:22 GMT
2016-06-02 14:09:22.540099 7f77477fe700 10 receive_http_header
2016-06-02 14:09:22.540100 7f77477fe700 10 received header:
2016-06-02 14:09:22.540154 7f7760ff9700 20 cr:s=0x7f773c182de0:op=0x7f773c694530:31RGWReadRemoteDataLogShardInfoCR: operate()
2016-06-02 14:09:22.540454 7f7760ff9700 20 cr:s=0x7f773c182de0:op=0x7f773c1fd4c0:18RGWDataSyncShardCR: operate()
2016-06-02 14:09:22.540458 7f7760ff9700 20 incremental_sync:1057: shard_id=36 datalog_marker=1_1464869342.751510_3798.1 sync_marker.marker=1_1464869342.751510_3798.1
2016-06-02 14:09:22.540462 7f7760ff9700 20 incremental_sync:1104: shard_id=36 datalog_marker=1_1464869342.751510_3798.1 sync_marker.marker=1_1464869342.751510_3798.1
2016-06-02 14:09:22.540478 7f7760ff9700 20 run: stack=0x7f773c182de0 is io blocked
2016-06-02 14:09:22.605580 7f78287f8700 1 -- 127.0.0.1:0/2000881652 <== osd.1 127.0.0.1:6804/30491 644 ==== osd_op_reply(2555 62bc922d-f295-4067-ae36-e23e2f231aad.24099.1__shadow_.cTw_0SM3yZSS-qi1b6KHCc0Ov7cN0wG_23 [write 1572864~524288] v32'3166 uv3166 ondisk = 0) v7 ==== 208+0+0 (2482735566 0 0) 0x7f7804019be0 con 0x5640603ecb10
2016-06-02 14:09:22.605786 7f78287f8700 1 -- 127.0.0.1:0/2000881652 <== osd.1 127.0.0.1:6804/30491 645 ==== osd_op_reply(2556 62bc922d-f295-4067-ae36-e23e2f231aad.24099.1__shadow_.cTw_0SM3yZSS-qi1b6KHCc0Ov7cN0wG_23 [write 2097152~524288] v32'3167 uv3167 ondisk = 0) v7 ==== 208+0+0 (521202200 0 0) 0x7f7804019be0 con 0x5640603ecb10
2016-06-02 14:09:22.605837 7f78287f8700 1 -- 127.0.0.1:0/2000881652 <== osd.1 127.0.0.1:6804/30491 646 ==== osd_op_reply(2557 62bc922d-f295-4067-ae36-e23e2f231aad.24099.1__shadow_.cTw_0SM3yZSS-qi1b6KHCc0Ov7cN0wG_23 [write 2621440~524288] v32'3168 uv3168 ondisk = 0) v7 ==== 208+0+0 (1745430067 0 0) 0x7f7804019be0 con 0x5640603ecb10
2016-06-02 14:09:22.605882 7f78287f8700 1 -- 127.0.0.1:0/2000881652 <== osd.1 127.0.0.1:6804/30491 647 ==== osd_op_reply(2558 62bc922d-f295-4067-ae36-e23e2f231aad.24099.1__shadow_.cTw_0SM3yZSS-qi1b6KHCc0Ov7cN0wG_23 [write 3145728~524288] v32'3169 uv3169 ondisk = 0) v7 ==== 208+0+0 (1891288387 0 0) 0x7f7804019be0 con 0x5640603ecb10
2016-06-02 14:09:22.606216 7f78287f8700 1 -- 127.0.0.1:0/2000881652 <== osd.1 127.0.0.1:6804/30491 648 ==== osd_op_reply(2559 62bc922d-f295-4067-ae36-e23e2f231aad.24099.1__shadow_.cTw_0SM3yZSS-qi1b6KHCc0Ov7cN0wG_23 [write 3670016~524288] v32'3170 uv3170 ondisk = 0) v7 ==== 208+0+0 (3442892917 0 0) 0x7f7804019be0 con 0x5640603ecb10
2016-06-02 14:09:22.606271 7f78287f8700 1 -- 127.0.0.1:0/2000881652 <== osd.1 127.0.0.1:6804/30491 649 ==== osd_op_reply(2560 62bc922d-f295-4067-ae36-e23e2f231aad.24099.1__shadow_.cTw_0SM3yZSS-qi1b6KHCc0Ov7cN0wG_24 [writefull 0~0] v32'3171 uv3171 ondisk = 0) v7 ==== 208+0+0 (2710505235 0 0) 0x7f7804019be0 con 0x5640603ecb10
2016-06-02 14:09:22.606323 7f78287f8700 1 -- 127.0.0.1:0/2000881652 <== osd.1 127.0.0.1:6804/30491 650 ==== osd_op_reply(2561 62bc922d-f295-4067-ae36-e23e2f231aad.24099.1__shadow_.cTw_0SM3yZSS-qi1b6KHCc0Ov7cN0wG_24 [writefull 0~524288] v32'3172 uv3172 ondisk = 0) v7 ==== 208+0+0 (2894356846 0 0) 0x7f7804019be0 con 0x5640603ecb10
2016-06-02 14:09:22.606491 7f78287f8700 1 -- 127.0.0.1:0/2000881652 <== osd.1 127.0.0.1:6804/30491 651 ==== osd_op_reply(2562 62bc922d-f295-4067-ae36-e23e2f231aad.24099.1__shadow_.cTw_0SM3yZSS-qi1b6KHCc0Ov7cN0wG_24 [write 524288~524288] v32'3173 uv3173 ondisk = 0) v7 ==== 208+0+0 (2135460521 0 0) 0x7f7804019be0 con 0x5640603ecb10
2016-06-02 14:09:22.606537 7f78287f8700 1 -- 127.0.0.1:0/2000881652 <== osd.1 127.0.0.1:6804/30491 652 ==== osd_op_reply(2563 62bc922d-f295-4067-ae36-e23e2f231aad.24099.1__shadow_.cTw_0SM3yZSS-qi1b6KHCc0Ov7cN0wG_24 [write 1048576~524288] v32'3174 uv3174 ondisk = 0) v7 ==== 208+0+0 (2296934348 0 0) 0x7f7804019be0 con 0x5640603ecb10
2016-06-02 14:09:22.779928 7f78287f8700 1 -- 127.0.0.1:0/2000881652 <== osd.1 127.0.0.1:6804/30491 653 ==== osd_op_reply(2564 62bc922d-f295-4067-ae36-e23e2f231aad.24099.1__shadow_.cTw_0SM3yZSS-qi1b6KHCc0Ov7cN0wG_24 [write 1572864~312512] v32'3175 uv3175 ondisk = 0) v7 ==== 208+0+0 (32206817 0 0) 0x7f7804019be0 con 0x5640603ecb10
2016-06-02 14:09:22.780047 7f77b2ffd700 20 get_obj_state: rctx=0x7f77b2ffb190 obj=lotr:atroll5 state=0x7f778400dfc8 s->prefetch_data=0
2016-06-02 14:09:22.780082 7f77b2ffd700 20 get_obj_state: rctx=0x7f77b2ffb190 obj=lotr:atroll5 state=0x7f778400dfc8 s->prefetch_data=0
2016-06-02 14:09:22.780090 7f77b2ffd700 10 setting object write_tag=_cgbXHc6NT5tBwQ1P6tfr8uP8lxG63Dt
2016-06-02 14:09:22.780155 7f77b2ffd700 20 reading from us-east-1.rgw.data.root:.bucket.meta.lotr:62bc922d-f295-4067-ae36-e23e2f231aad.24099.1
2016-06-02 14:09:22.780170 7f77b2ffd700 20 get_system_obj_state: rctx=0x7f77b2ff7710 obj=us-east-1.rgw.data.root:.bucket.meta.lotr:62bc922d-f295-4067-ae36-e23e2f231aad.24099.1 state=0x7f77846e00b8 s->prefetch_data=0
2016-06-02 14:09:22.780181 7f77b2ffd700 10 cache get: name=us-east-1.rgw.data.root+.bucket.meta.lotr:62bc922d-f295-4067-ae36-e23e2f231aad.24099.1 : hit (requested=22, cached=23)
2016-06-02 14:09:22.780192 7f77b2ffd700 20 get_system_obj_state: s->obj_tag was set empty
