2016-06-02 14:09:21.257410 7f7760ff9700 20 cr:s=0x7f773c0a9c90:op=0x7f773c0a1f90:21RGWReadRESTResourceCRINSt7__cxx114listI16rgw_bi_log_entrySaIS2_EEEE: operate()
2016-06-02 14:09:21.257699 7f7760ff9700 20 cr:s=0x7f773c0a9c90:op=0x7f773c0a1f90:21RGWReadRESTResourceCRINSt7__cxx114listI16rgw_bi_log_entrySaIS2_EEEE: operate()
2016-06-02 14:09:21.257705 7f7760ff9700 20 cr:s=0x7f773c0a9c90:op=0x7f773c0a1f90:21RGWReadRESTResourceCRINSt7__cxx114listI16rgw_bi_log_entrySaIS2_EEEE: operate()
2016-06-02 14:09:21.257707 7f7760ff9700 20 cr:s=0x7f773c0a9c90:op=0x7f773c0a1f90:21RGWReadRESTResourceCRINSt7__cxx114listI16rgw_bi_log_entrySaIS2_EEEE: operate()
2016-06-02 14:09:21.257722 7f7760ff9700 20 cr:s=0x7f773c0a9c90:op=0x7f773c2c0f70:23RGWListBucketIndexLogCR: operate()
2016-06-02 14:09:21.257726 7f7760ff9700 20 cr:s=0x7f773c0a9c90:op=0x7f773c136d60:31RGWBucketShardIncrementalSyncCR: operate()
2016-06-02 14:09:21.257729 7f7760ff9700 20 parsed entry: id=00000000471.1088.2 iter->object=atroll5 iter->instance= name=atroll5 instance= ns=
2016-06-02 14:09:21.257733 7f7760ff9700 20 [inc sync] skipping object: lotr:62bc922d-f295-4067-ae36-e23e2f231aad.24099.1:-1/atroll5: non-complete operation
2016-06-02 14:09:21.257734 7f7760ff9700 20 parsed entry: id=00000000472.1089.3 iter->object=atroll5 iter->instance= name=atroll5 instance= ns=
2016-06-02 14:09:21.257736 7f7760ff9700 20 [inc sync] syncing object: lotr:62bc922d-f295-4067-ae36-e23e2f231aad.24099.1:-1/atroll5
2016-06-02 14:09:21.257740 7f7760ff9700 20 abhi: couldn't find key, no sync in progress for object atroll5
2016-06-02 14:09:21.257743 7f7760ff9700 20 operate(): entry->timestamp=2016-06-02 14:09:19.0.256194s
2016-06-02 14:09:21.257790 7f7760ff9700 20 bucket sync single entry (source_zone=91441c60-0ca1-4118-9685-990e04272142) b=lotr(@{i=us-east-1.rgw.buckets.index,e=us-east-1.rgw.buckets.non-ec}us-east-1.rgw.buckets.data[62bc922d-f295-4067-ae36-e23e2f231aad.24099.1]):-1/atroll5[0] log_entry=00000000472.1089.3 op=1 op_state=1
2016-06-02 14:09:21.257797 7f7760ff9700 20 operate(): listing bilog for incremental sync
2016-06-02 14:09:21.257811 7f7760ff9700 20 cr:s=0x7f773c331700:op=0x7f773c2ff160:26RGWBucketSyncSingleEntryCRINSt7__cxx1112basic_stringIcSt11char_traitsIcESaIcEEE11rgw_obj_keyE: operate()
2016-06-02 14:09:21.257819 7f7760ff9700 20 cr:s=0x7f773c0a9c90:op=0x7f773c2c0f70:23RGWListBucketIndexLogCR: operate()
2016-06-02 14:09:21.257824 7f7760ff9700 20 cr:s=0x7f773c331700:op=0x7f773c2f3240:14RGWRemoveObjCR: operate()
2016-06-02 14:09:21.257825 7f7760ff9700 20 cr:s=0x7f773c0a9c90:op=0x7f773c0a1f90:21RGWReadRESTResourceCRINSt7__cxx114listI16rgw_bi_log_entrySaIS2_EEEE: operate()
2016-06-02 14:09:21.257826 7f7760ff9700 20 cr:s=0x7f773c331700:op=0x7f773c2f3240:14RGWRemoveObjCR: operate()
2016-06-02 14:09:21.257836 7f7760ff9700 20 enqueued request req=0x7f773c4e37c0
2016-06-02 14:09:21.257837 7f7760ff9700 20 RGWWQ:
2016-06-02 14:09:21.257838 7f7760ff9700 20 req: 0x7f773c4e37c0
2016-06-02 14:09:21.257842 7f7760ff9700 20 run: stack=0x7f773c331700 is io blocked
2016-06-02 14:09:21.257843 7f7760ff9700 20 cr:s=0x7f773c0a9c90:op=0x7f773c0a1f90:21RGWReadRESTResourceCRINSt7__cxx114listI16rgw_bi_log_entrySaIS2_EEEE: operate()
2016-06-02 14:09:21.257857 7f77b0ff9700 20 dequeued request req=0x7f773c4e37c0
2016-06-02 14:09:21.257861 7f77b0ff9700 20 RGWWQ: empty
2016-06-02 14:09:21.257869 7f77b0ff9700 0 _send_request(): deleting obj=lotr:atroll5
2016-06-02 14:09:21.257882 7f77b0ff9700 20 get_obj_state: rctx=0x7f77b0ff6b30 obj=lotr:atroll5 state=0x7f777401f748 s->prefetch_data=0
2016-06-02 14:09:21.257903 7f7760ff9700 20 RGWEnv::set(): HTTP_DATE: Thu Jun 2 12:09:21 2016
2016-06-02 14:09:21.257907 7f7760ff9700 20 > HTTP_DATE -> Thu Jun 2 12:09:21 2016
2016-06-02 14:09:21.257910 7f7760ff9700 10 get_canon_resource(): dest=/admin/log
2016-06-02 14:09:21.257910 7f7760ff9700 10 generated canonical header: GET Thu Jun 2 12:09:21 2016 /admin/log
2016-06-02 14:09:21.257922 7f77b0ff9700 1 -- 127.0.0.1:0/2000881652 --> 127.0.0.1:6808/30507 -- osd_op(client.24110.0:2468 10.a8f56d53 62bc922d-f295-4067-ae36-e23e2f231aad.24099.1_atroll5 [getxattrs,stat] snapc 0=[] ack+read+known_if_redirected e32) v7 -- ?+0 0x7f777401d370 con 0x5640603f1eb0
2016-06-02 14:09:21.257944 7f7760ff9700 15 generated auth header: AWS 1555b35654ad1656d804:0h71hgH744EnP4okDuv39BWLgeQ=
2016-06-02 14:09:21.257955 7f7760ff9700 20 sending request to http://localhost:8002/admin/log?bucket-instance=lotr%3A62bc922d-f295-4067-ae36-e23e2f231aad.24099.1&format=json&marker=00000000472.1089.3&type=bucket-index&rgwx-zonegroup=9e28164a-9dc5-4a79-8932-2fe63613d26a
2016-06-02 14:09:21.257962 7f7760ff9700 20 register_request mgr=0x5640604329f8 req_data->id=329, easy_handle=0x7f773c526e20
2016-06-02 14:09:21.257970 7f7760ff9700 20 run: stack=0x7f773c0a9c90 is io blocked
2016-06-02 14:09:21.257975 7f77477fe700 20 link_request req_data=0x7f773c065e20 req_data->id=329, easy_handle=0x7f773c526e20
2016-06-02 14:09:21.258307 7f78285f6700 1 -- 127.0.0.1:0/2000881652 <== osd.2 127.0.0.1:6808/30507 834 ==== osd_op_reply(2468 62bc922d-f295-4067-ae36-e23e2f231aad.24099.1_atroll5 [getxattrs,stat] v0'0 uv0 ack = -2 ((2) No such file or directory)) v7 ==== 214+0+0 (1330974727 0 0) 0x7f77fc017c30 con 0x5640603f1eb0
2016-06-02 14:09:21.258412 7f77b0ff9700 20 get_obj_state: rctx=0x7f77b0ff6b30 obj=lotr:atroll5 state=0x7f777401f748 s->prefetch_data=0
2016-06-02 14:09:21.258418 7f77b0ff9700 10 If-UnModified-Since:
2016-06-02 14:09:19.0.256194s Last-Modified: 0.000000
2016-06-02 14:09:21.258437 7f77b0ff9700 20 _send_request(): delete_obj() obj=lotr:atroll5 returned ret=-2
2016-06-02 14:09:21.258452 7f7760ff9700 20 cr:s=0x7f773c331700:op=0x7f773c2f3240:14RGWRemoveObjCR: operate()
2016-06-02 14:09:21.258461 7f7760ff9700 20 cr:s=0x7f773c331700:op=0x7f773c2f3240:14RGWRemoveObjCR: operate() returned r=-2
2016-06-02 14:09:21.258466 7f7760ff9700 20 cr:s=0x7f773c331700:op=0x7f773c2ff160:26RGWBucketSyncSingleEntryCRINSt7__cxx1112basic_stringIcSt11char_traitsIcESaIcEEE11rgw_obj_keyE: operate()
2016-06-02 14:09:21.258471 7f7760ff9700 20 abhi: deleting markeratroll5marker: 00000000472.1089.3
2016-06-02 14:09:21.258477 7f7760ff9700 20 store_marker(): updating marker marker_oid=bucket.sync-status.91441c60-0ca1-4118-9685-990e04272142:lotr:62bc922d-f295-4067-ae36-e23e2f231aad.24099.1 marker=00000000472.1089.3
2016-06-02 14:09:21.258485 7f7760ff9700 20 cr:s=0x7f773c331700:op=0x7f773c028a90:26RGWSimpleRadosWriteAttrsCR: operate()
2016-06-02 14:09:21.258487 7f7760ff9700 20 cr:s=0x7f773c331700:op=0x7f773c028a90:26RGWSimpleRadosWriteAttrsCR: operate()
2016-06-02 14:09:21.258494 7f7760ff9700 20 enqueued request req=0x7f773c0b63b0
2016-06-02 14:09:21.258496 7f7760ff9700 20 RGWWQ:
2016-06-02 14:09:21.258497 7f7760ff9700 20 req: 0x7f773c0b63b0
2016-06-02 14:09:21.258500 7f7760ff9700 20 run: stack=0x7f773c331700 is io blocked
2016-06-02 14:09:21.258505 7f77c6ffd700 20 dequeued request req=0x7f773c0b63b0
2016-06-02 14:09:21.258507 7f77c6ffd700 20 RGWWQ: empty
2016-06-02 14:09:21.258532 7f77c6ffd700 1 -- 127.0.0.1:0/2000881652 --> 127.0.0.1:6808/30507 -- osd_op(client.24110.0:2469 5.944771f8 bucket.sync-status.91441c60-0ca1-4118-9685-990e04272142:lotr:62bc922d-f295-4067-ae36-e23e2f231aad.24099.1 [setxattr inc_marker (28)] snapc 0=[] ondisk+write+known_if_redirected e32) v7 -- ?+0 0x7f779c025560 con 0x5640603f1eb0
2016-06-02 14:09:21.258994 7f77477fe700 10 receive_http_header
2016-06-02 14:09:21.258997 7f77477fe700 10 received header:HTTP/1.1 200 OK
2016-06-02 14:09:21.258999 7f77477fe700 10 receive_http_header
2016-06-02 14:09:21.259000 7f77477fe700 10 received header:x-amz-request-id: tx0000000000000000001e8-00575021f1-3728-us-west
2016-06-02 14:09:21.259004 7f77477fe700 10 receive_http_header
2016-06-02 14:09:21.259005 7f77477fe700 10 received header:Content-Length: 2
2016-06-02 14:09:21.259007 7f77477fe700 10 receive_http_header
2016-06-02 14:09:21.259007 7f77477fe700 10 received header:Date: Thu, 02 Jun 2016 12:09:21 GMT
2016-06-02 14:09:21.259009 7f77477fe700 10 receive_http_header
2016-06-02 14:09:21.259010 7f77477fe700 10 received header:
2016-06-02 14:09:21.297365 7f7760ff9700 20 cr:s=0x7f773c0a9c90:op=0x7f773c0a1f90:21RGWReadRESTResourceCRINSt7__cxx114listI16rgw_bi_log_entrySaIS2_EEEE: operate()
2016-06-02 14:09:21.297505 7f7760ff9700 20 cr:s=0x7f773c0a9c90:op=0x7f773c0a1f90:21RGWReadRESTResourceCRINSt7__cxx114listI16rgw_bi_log_entrySaIS2_EEEE: operate()
2016-06-02 14:09:21.297510 7f7760ff9700 20 cr:s=0x7f773c0a9c90:op=0x7f773c0a1f90:21RGWReadRESTResourceCRINSt7__cxx114listI16rgw_bi_log_entrySaIS2_EEEE: operate()
2016-06-02 14:09:21.297512 7f7760ff9700 20 cr:s=0x7f773c0a9c90:op=0x7f773c0a1f90:21RGWReadRESTResourceCRINSt7__cxx114listI16rgw_bi_log_entrySaIS2_EEEE: operate()
2016-06-02 14:09:21.297526 7f7760ff9700 20 cr:s=0x7f773c0a9c90:op=0x7f773c2c0f70:23RGWListBucketIndexLogCR: operate()
2016-06-02 14:09:21.297530 7f7760ff9700 20 cr:s=0x7f773c0a9c90:op=0x7f773c136d60:31RGWBucketShardIncrementalSyncCR: operate()
2016-06-02 14:09:21.297532 7f7760ff9700 20 cr:s=0x7f773c0a9c90:op=0x7f773c136d60:31RGWBucketShardIncrementalSyncCR: operate()
2016-06-02 14:09:21.297536 7f7760ff9700 20 run: stack=0x7f773c0a9c90 is_blocked_by_stack()=0 is_sleeping=0 waiting_for_child()=1
2016-06-02 14:09:21.297539 7f7760ff9700 20 cr:s=0x7f773c190610:op=0x7f773c619580:20RGWContinuousLeaseCR: operate()
2016-06-02 14:09:21.297581 7f7760ff9700 20 cr:s=0x7f773c190610:op=0x7f773c30f2b0:22RGWSimpleRadosUnlockCR: operate()
2016-06-02 14:09:21.297585 7f7760ff9700 20 cr:s=0x7f773c190610:op=0x7f773c30f2b0:22RGWSimpleRadosUnlockCR: operate()
2016-06-02 14:09:21.297606 7f7760ff9700 20 enqueued request req=0x7f773c3186c0
2016-06-02 14:09:21.297608 7f7760ff9700 20 RGWWQ:
2016-06-02 14:09:21.297609 7f7760ff9700 20 req: 0x7f773c3186c0
2016-06-02 14:09:21.297613 7f7760ff9700 20 run: stack=0x7f773c190610 is io blocked
2016-06-02 14:09:21.297617 7f78017fa700 20 dequeued request req=0x7f773c3186c0
2016-06-02 14:09:21.297622 7f78017fa700 20 RGWWQ: empty
2016-06-02 14:09:21.297648 7f78017fa700 1 -- 127.0.0.1:0/2000881652 --> 127.0.0.1:6808/30507 -- osd_op(client.24110.0:2470 5.944771f8 bucket.sync-status.91441c60-0ca1-4118-9685-990e04272142:lotr:62bc922d-f295-4067-ae36-e23e2f231aad.24099.1 [call lock.unlock] snapc 0=[] ondisk+write+known_if_redirected e32) v7 -- ?+0 0x7f77e400be60 con 0x5640603f1eb0
2016-06-02 14:09:21.329063 7f783820a700 1 -- 127.0.0.1:0/2000881652 <== osd.0 127.0.0.1:6800/30487 1139 ==== osd_op_reply(2401 62bc922d-f295-4067-ae36-e23e2f231aad.24099.1__shadow_.cTw_0SM3yZSS-qi1b6KHCc0Ov7cN0wG_12 [write 2097152~524288] v32'3162 uv3162 ondisk = 0) v7 ==== 208+0+0 (4020393170 0 0) 0x7f780c020f60 con 0x5640603e9110
2016-06-02 14:09:21.329472 7f783820a700 1 -- 127.0.0.1:0/2000881652 <== osd.0 127.0.0.1:6800/30487 1140 ==== osd_op_reply(2404 62bc922d-f295-4067-ae36-e23e2f231aad.24099.1__shadow_.cTw_0SM3yZSS-qi1b6KHCc0Ov7cN0wG_12 [write 2621440~524288] v32'3163 uv3163 ondisk = 0) v7 ==== 208+0+0 (3174954993 0 0) 0x7f780c020f60 con 0x5640603e9110
2016-06-02 14:09:21.329534 7f783820a700 1 -- 127.0.0.1:0/2000881652 <== osd.0 127.0.0.1:6800/30487 1141 ==== osd_op_reply(2405 62bc922d-f295-4067-ae36-e23e2f231aad.24099.1__shadow_.cTw_0SM3yZSS-qi1b6KHCc0Ov7cN0wG_12 [write 3145728~524288] v32'3164 uv3164 ondisk = 0) v7 ==== 208+0+0 (2438424655 0 0) 0x7f780c020f60 con 0x5640603e9110
2016-06-02 14:09:21.329574 7f783820a700 1 -- 127.0.0.1:0/2000881652 <== osd.0 127.0.0.1:6800/30487 1142 ==== osd_op_reply(2406 62bc922d-f295-4067-ae36-e23e2f231aad.24099.1__shadow_.cTw_0SM3yZSS-qi1b6KHCc0Ov7cN0wG_12 [write 3670016~524288] v32'3165 uv3165 ondisk = 0) v7 ==== 208+0+0 (3284716396 0 0) 0x7f780c020f60 con 0x5640603e9110
2016-06-02 14:09:21.329943 7f77b2ffd700 1 -- 127.0.0.1:0/2000881652 --> 127.0.0.1:6800/30487 -- osd_op(client.24110.0:2471 10.a468d144 62bc922d-f295-4067-ae36-e23e2f231aad.24099.1__shadow_.cTw_0SM3yZSS-qi1b6KHCc0Ov7cN0wG_14 [write 1572864~524288] snapc 0=[] ack+ondisk+write+known_if_redirected e32) v7 -- ?+0 0x7f778401d0c0 con 0x5640603e9110
2016-06-02 14:09:21.330191 7f77b2ffd700 1 -- 127.0.0.1:0/2000881652 --> 127.0.0.1:6800/30487 -- osd_op(client.24110.0:2472 10.a468d144 62bc922d-f295-4067-ae36-e23e2f231aad.24099.1__shadow_.cTw_0SM3yZSS-qi1b6KHCc0Ov7cN0wG_14 [write 2097152~524288] snapc 0=[] ack+ondisk+write+known_if_redirected e32) v7 -- ?+0 0x7f778401d0c0 con 0x5640603e9110
2016-06-02 14:09:21.330460 7f77b2ffd700 1 -- 127.0.0.1:0/2000881652 --> 127.0.0.1:6800/30487 -- osd_op(client.24110.0:2473 10.a468d144 62bc922d-f295-4067-ae36-e23e2f231aad.24099.1__shadow_.cTw_0SM3yZSS-qi1b6KHCc0Ov7cN0wG_14 [write 2621440~524288] snapc 0=[] ack+ondisk+write+known_if_redirected e32) v7 -- ?+0 0x7f7784012ee0 con 0x5640603e9110
2016-06-02 14:09:21.330705 7f77b2ffd700 1 -- 127.0.0.1:0/2000881652 --> 127.0.0.1:6800/30487 -- osd_op(client.24110.0:2474 10.a468d144 62bc922d-f295-4067-ae36-e23e2f231aad.24099.1__shadow_.cTw_0SM3yZSS-qi1b6KHCc0Ov7cN0wG_14 [write 3145728~524288] snapc 0=[] ack+ondisk+write+known_if_redirected e32) v7 -- ?+0 0x7f7784130b80 con 0x5640603e9110
2016-06-02 14:09:21.349187 7f783820a700 1 -- 127.0.0.1:0/2000881652 <== osd.0 127.0.0.1:6800/30487 1143 ==== osd_op_reply(2416 62bc922d-f295-4067-ae36-e23e2f231aad.24099.1__shadow_.cTw_0SM3yZSS-qi1b6KHCc0Ov7cN0wG_14 [writefull 0~0] v32'3154 uv3154 ondisk = 0) v7 ==== 208+0+0 (1779904307 0 0) 0x7f780c020f60 con 0x5640603e9110
2016-06-02 14:09:21.349247 7f78285f6700 1 -- 127.0.0.1:0/2000881652 <== osd.2 127.0.0.1:6808/30507 835 ==== osd_op_reply(2407 62bc922d-f295-4067-ae36-e23e2f231aad.24099.1__shadow_.cTw_0SM3yZSS-qi1b6KHCc0Ov7cN0wG_13 [writefull 0~0] v32'3100 uv3100 ondisk = 0) v7 ==== 208+0+0 (971441813 0 0) 0x7f77fc00aad0 con 0x5640603f1eb0
2016-06-02 14:09:21.349343 7f783820a700 1 -- 127.0.0.1:0/2000881652 <== osd.0 127.0.0.1:6800/30487 1144 ==== osd_op_reply(2417 62bc922d-f295-4067-ae36-e23e2f231aad.24099.1__shadow_.cTw_0SM3yZSS-qi1b6KHCc0Ov7cN0wG_14 [writefull 0~524288] v32'3155 uv3155 ondisk = 0) v7 ==== 208+0+0 (1405433216 0 0) 0x7f780c020f60 con 0x5640603e9110
2016-06-02 14:09:21.349498 7f78285f6700 1 -- 127.0.0.1:0/2000881652 <== osd.2 127.0.0.1:6808/30507 836 ==== osd_op_reply(2408 62bc922d-f295-4067-ae36-e23e2f231aad.24099.1__shadow_.cTw_0SM3yZSS-qi1b6KHCc0Ov7cN0wG_13 [writefull 0~524288] v32'3101 uv3101 ondisk = 0) v7 ==== 208+0+0 (3480614 0 0) 0x7f77fc00aad0 con 0x5640603f1eb0
2016-06-02 14:09:21.349509 7f783820a700 1 -- 127.0.0.1:0/2000881652 <== osd.0 127.0.0.1:6800/30487 1145 ==== osd_op_reply(2418 62bc922d-f295-4067-ae36-e23e2f231aad.24099.1__shadow_.cTw_0SM3yZSS-qi1b6KHCc0Ov7cN0wG_14 [write 524288~524288] v32'3156 uv3156 ondisk = 0) v7 ==== 208+0+0 (3033571977 0 0) 0x7f780c020f60 con 0x5640603e9110
2016-06-02 14:09:21.349624 7f78285f6700 1 -- 127.0.0.1:0/2000881652 <== osd.2 127.0.0.1:6808/30507 837 ==== osd_op_reply(2409 62bc922d-f295-4067-ae36-e23e2f231aad.24099.1__shadow_.cTw_0SM3yZSS-qi1b6KHCc0Ov7cN0wG_13 [write 524288~524288] v32'3102 uv3102 ondisk = 0) v7 ==== 208+0+0 (1022030324 0 0) 0x7f77fc00aad0 con 0x5640603f1eb0
2016-06-02 14:09:21.349677 7f78285f6700 1 -- 127.0.0.1:0/2000881652 <== osd.2 127.0.0.1:6808/30507 838 ==== osd_op_reply(2410 62bc922d-f295-4067-ae36-e23e2f231aad.24099.1__shadow_.cTw_0SM3yZSS-qi1b6KHCc0Ov7cN0wG_13 [write 1048576~524288] v32'3103 uv3103 ondisk = 0) v7 ==== 208+0+0 (609817220 0 0) 0x7f77fc009360 con 0x5640603f1eb0
2016-06-02 14:09:21.349757 7f77b2ffd700 1 -- 127.0.0.1:0/2000881652 --> 127.0.0.1:6800/30487 -- osd_op(client.24110.0:2475 10.a468d144 62bc922d-f295-4067-ae36-e23e2f231aad.24099.1__shadow_.cTw_0SM3yZSS-qi1b6KHCc0Ov7cN0wG_14 [write 3670016~524288] snapc 0=[] ack+ondisk+write+known_if_redirected e32) v7 -- ?+0 0x7f77848eae40 con 0x5640603e9110
2016-06-02 14:09:21.349818 7f77b2ffd700 1 -- 127.0.0.1:0/2000881652 --> 127.0.0.1:6800/30487 -- osd_op(client.24110.0:2476 10.5ac080d4 62bc922d-f295-4067-ae36-e23e2f231aad.24099.1__shadow_.cTw_0SM3yZSS-qi1b6KHCc0Ov7cN0wG_15 [writefull 0~0] snapc 0=[] ack+ondisk+write+known_if_redirected e32) v7 -- ?+0 0x7f7784130b80 con 0x5640603e9110
2016-06-02 14:09:21.350108 7f77b2ffd700 1 -- 127.0.0.1:0/2000881652 --> 127.0.0.1:6800/30487 -- osd_op(client.24110.0:2477 10.5ac080d4 62bc922d-f295-4067-ae36-e23e2f231aad.24099.1__shadow_.cTw_0SM3yZSS-qi1b6KHCc0Ov7cN0wG_15 [writefull 0~524288] snapc 0=[] ack+ondisk+write+known_if_redirected e32) v7 -- ?+0 0x7f7784130b80 con 0x5640603e9110
2016-06-02 14:09:21.350363 7f77b2ffd700 1 -- 127.0.0.1:0/2000881652 --> 127.0.0.1:6800/30487 -- osd_op(client.24110.0:2478 10.5ac080d4 62bc922d-f295-4067-ae36-e23e2f231aad.24099.1__shadow_.cTw_0SM3yZSS-qi1b6KHCc0Ov7cN0wG_15 [write 524288~524288] snapc 0=[] ack+ondisk+write+known_if_redirected e32) v7 -- ?+0 0x7f7784130b80 con 0x5640603e9110
2016-06-02 14:09:21.406505 7f78285f6700 1 -- 127.0.0.1:0/2000881652 <== osd.2 127.0.0.1:6808/30507 839 ==== osd_op_reply(2411 62bc922d-f295-4067-ae36-e23e2f231aad.24099.1__shadow_.cTw_0SM3yZSS-qi1b6KHCc0Ov7cN0wG_13 [write 1572864~524288] v32'3104 uv3104 ondisk = 0) v7 ==== 208+0+0 (1396760239 0 0) 0x7f77fc009360 con 0x5640603f1eb0
2016-06-02 14:09:21.406571 7f78285f6700 1 -- 127.0.0.1:0/2000881652 <== osd.2 127.0.0.1:6808/30507 840 ==== osd_op_reply(2412 62bc922d-f295-4067-ae36-e23e2f231aad.24099.1__shadow_.cTw_0SM3yZSS-qi1b6KHCc0Ov7cN0wG_13 [write 2097152~524288] v32'3105 uv3105 ondisk = 0) v7 ==== 208+0+0 (3752574329 0 0) 0x7f77fc009360 con 0x5640603f1eb0
2016-06-02 14:09:21.406907 7f77b2ffd700 1 -- 127.0.0.1:0/2000881652 --> 127.0.0.1:6800/30487 -- osd_op(client.24110.0:2479 10.5ac080d4 62bc922d-f295-4067-ae36-e23e2f231aad.24099.1__shadow_.cTw_0SM3yZSS-qi1b6KHCc0Ov7cN0wG_15 [write 1048576~524288] snapc 0=[] ack+ondisk+write+known_if_redirected e32) v7 -- ?+0 0x7f77848eae40 con 0x5640603e9110
2016-06-02 14:09:21.407236 7f77b2ffd700 1 -- 127.0.0.1:0/2000881652 --> 127.0.0.1:6800/30487 -- osd_op(client.24110.0:2480 10.5ac080d4 62bc922d-f295-4067-ae36-e23e2f231aad.24099.1__shadow_.cTw_0SM3yZSS-qi1b6KHCc0Ov7cN0wG_15 [write 1572864~524288] snapc 0=[] ack+ondisk+write+known_if_redirected e32) v7 -- ?+0 0x7f77848eae40 con 0x5640603e9110
2016-06-02 14:09:21.536237 7f7760ff9700 20 cr:s=0x7f773c182de0:op=0x7f773c1fd4c0:18RGWDataSyncShardCR: operate()
2016-06-02 14:09:21.536280 7f7760ff9700 20 cr:s=0x7f773c182de0:op=0x7f773c694530:31RGWReadRemoteDataLogShardInfoCR: operate()
2016-06-02 14:09:21.536403 7f7760ff9700 20 RGWEnv::set(): HTTP_DATE: Thu Jun 2 12:09:21 2016
2016-06-02 14:09:21.536406 7f7760ff9700 20 > HTTP_DATE -> Thu Jun 2 12:09:21 2016
2016-06-02 14:09:21.536421 7f7760ff9700 10 get_canon_resource(): dest=/admin/log/
2016-06-02 14:09:21.536421 7f7760ff9700 10 generated canonical header: GET Thu Jun 2 12:09:21 2016 /admin/log/
2016-06-02 14:09:21.536476 7f7760ff9700 15 generated auth header: AWS 1555b35654ad1656d804:XpP+azDLgGUQIcQJ8fBz9v2cW5U=
2016-06-02 14:09:21.536495 7f7760ff9700 20 sending request to http://localhost:8002/admin/log/?type=data&id=36&info&rgwx-zonegroup=9e28164a-9dc5-4a79-8932-2fe63613d26a
2016-06-02 14:09:21.536501 7f7760ff9700 20 register_request mgr=0x5640604329f8 req_data->id=330, easy_handle=0x7f773c526e20
2016-06-02 14:09:21.536508 7f7760ff9700 20 run: stack=0x7f773c182de0 is io blocked
2016-06-02 14:09:21.536517 7f77477fe700 20 link_request req_data=0x7f773c2d28d0 req_data->id=330, easy_handle=0x7f773c526e20
2016-06-02 14:09:21.537441 7f77477fe700 10 receive_http_header
2016-06-02 14:09:21.537446 7f77477fe700 10 received header:HTTP/1.1 200 OK
2016-06-02 14:09:21.537448 7f77477fe700 10 receive_http_header
2016-06-02 14:09:21.537448 7f77477fe700 10 received header:x-amz-request-id: tx0000000000000000001e9-00575021f1-3728-us-west
2016-06-02 14:09:21.537451 7f77477fe700 10 receive_http_header
2016-06-02 14:09:21.537452 7f77477fe700 10 received header:Content-Length: 83
2016-06-02 14:09:21.537453 7f77477fe700 10 receive_http_header
2016-06-02 14:09:21.537453 7f77477fe700 10 received header:Date: Thu, 02 Jun 2016 12:09:21 GMT
2016-06-02 14:09:21.537455 7f77477fe700 10 receive_http_header
2016-06-02 14:09:21.537456 7f77477fe700 10 received header:
2016-06-02 14:09:21.537501 7f7760ff9700 20 cr:s=0x7f773c182de0:op=0x7f773c694530:31RGWReadRemoteDataLogShardInfoCR: operate()
2016-06-02 14:09:21.537619 7f7760ff9700 20 cr:s=0x7f773c182de0:op=0x7f773c1fd4c0:18RGWDataSyncShardCR: operate()
2016-06-02 14:09:21.537624 7f7760ff9700 20 incremental_sync:1057: shard_id=36 datalog_marker=1_1464869342.751510_3798.1 sync_marker.marker=1_1464869342.751510_3798.1
2016-06-02 14:09:21.537626 7f7760ff9700 20 incremental_sync:1104: shard_id=36 datalog_marker=1_1464869342.751510_3798.1 sync_marker.marker=1_1464869342.751510_3798.1
2016-06-02 14:09:21.537635 7f7760ff9700 20 run: stack=0x7f773c182de0 is io blocked
2016-06-02 14:09:21.539181 7f78285f6700 1 -- 127.0.0.1:0/2000881652 <== osd.2 127.0.0.1:6808/30507 841 ==== osd_op_reply(2413 62bc922d-f295-4067-ae36-e23e2f231aad.24099.1__shadow_.cTw_0SM3yZSS-qi1b6KHCc0Ov7cN0wG_13 [write 2621440~524288] v32'3106 uv3106 ondisk = 0) v7 ==== 208+0+0 (1646729295 0 0) 0x7f77fc009360 con 0x5640603f1eb0
2016-06-02 14:09:21.539561 7f77b2ffd700 1 -- 127.0.0.1:0/2000881652 --> 127.0.0.1:6800/30487 -- osd_op(client.24110.0:2481 10.5ac080d4 62bc922d-f295-4067-ae36-e23e2f231aad.24099.1__shadow_.cTw_0SM3yZSS-qi1b6KHCc0Ov7cN0wG_15 [write 2097152~524288] snapc 0=[] ack+ondisk+write+known_if_redirected e32) v7 -- ?+0 0x7f77848697d0 con 0x5640603e9110
2016-06-02 14:09:21.547976 7f78285f6700 1 -- 127.0.0.1:0/2000881652 <== osd.2 127.0.0.1:6808/30507 842 ==== osd_op_reply(2414 62bc922d-f295-4067-ae36-e23e2f231aad.24099.1__shadow_.cTw_0SM3yZSS-qi1b6KHCc0Ov7cN0wG_13 [write 3145728~524288] v32'3107 uv3107 ondisk = 0) v7 ==== 208+0+0 (2056583999 0 0) 0x7f77fc009360 con 0x5640603f1eb0
2016-06-02 14:09:21.547976 7f783820a700 1 -- 127.0.0.1:0/2000881652 <== osd.0 127.0.0.1:6800/30487 1146 ==== osd_op_reply(2452 62bc922d-f295-4067-ae36-e23e2f231aad.24099.1__shadow_.cTw_0SM3yZSS-qi1b6KHCc0Ov7cN0wG_14 [write 1048576~524288] v32'3157 uv3157 ondisk = 0) v7 ==== 208+0+0 (2892186105 0 0) 0x7f780c020f60 con 0x5640603e9110
2016-06-02 14:09:21.548287 7f783820a700 1 -- 127.0.0.1:0/2000881652 <== osd.0 127.0.0.1:6800/30487 1147 ==== osd_op_reply(2471 62bc922d-f295-4067-ae36-e23e2f231aad.24099.1__shadow_.cTw_0SM3yZSS-qi1b6KHCc0Ov7cN0wG_14 [write 1572864~524288] v32'3158 uv3158 ondisk = 0) v7 ==== 208+0+0 (300934351 0 0) 0x7f780c020f60 con 0x5640603e9110
2016-06-02 14:09:21.548405 7f77b2ffd700 1 -- 127.0.0.1:0/2000881652 --> 127.0.0.1:6800/30487 -- osd_op(client.24110.0:2482 10.5ac080d4 62bc922d-f295-4067-ae36-e23e2f231aad.24099.1__shadow_.cTw_0SM3yZSS-qi1b6KHCc0Ov7cN0wG_15 [write 2621440~524288] snapc 0=[] ack+ondisk+write+known_if_redirected e32) v7 -- ?+0 0x7f77844cec10 con 0x5640603e9110
2016-06-02 14:09:21.548578 7f78285f6700 1 -- 127.0.0.1:0/2000881652 <== osd.2 127.0.0.1:6808/30507 843 ==== osd_op_reply(2415 62bc922d-f295-4067-ae36-e23e2f231aad.24099.1__shadow_.cTw_0SM3yZSS-qi1b6KHCc0Ov7cN0wG_13 [write 3670016~524288] v32'3108 uv3108 ondisk = 0) v7 ==== 208+0+0 (483534034 0 0) 0x7f77fc009360 con 0x5640603f1eb0
2016-06-02 14:09:21.548887 7f783820a700 1 -- 127.0.0.1:0/2000881652 <== osd.0 127.0.0.1:6800/30487 1148 ==== osd_op_reply(2472 62bc922d-f295-4067-ae36-e23e2f231aad.24099.1__shadow_.cTw_0SM3yZSS-qi1b6KHCc0Ov7cN0wG_14 [write 2097152~524288] v32'3159 uv3159 ondisk = 0) v7 ==== 208+0+0 (2634319641 0 0) 0x7f780c020f60 con 0x5640603e9110
2016-06-02 14:09:21.548990 7f77b2ffd700 1 -- 127.0.0.1:0/2000881652 --> 127.0.0.1:6800/30487 -- osd_op(client.24110.0:2483 10.5ac080d4 62bc922d-f295-4067-ae36-e23e2f231aad.24099.1__shadow_.cTw_0SM3yZSS-qi1b6KHCc0Ov7cN0wG_15 [write 3145728~524288] snapc 0=[] ack+ondisk+write+known_if_redirected e32) v7 -- ?+0 0x7f77844cec10 con 0x5640603e9110
2016-06-02 14:09:21.549005 7f783820a700 1 -- 127.0.0.1:0/2000881652 <== osd.0 127.0.0.1:6800/30487 1149 ==== osd_op_reply(2473 62bc922d-f295-4067-ae36-e23e2f231aad.24099.1__shadow_.cTw_0SM3yZSS-qi1b6KHCc0Ov7cN0wG_14 [write 2621440~524288] v32'3160 uv3160 ondisk = 0) v7 ==== 208+0+0 (1228594099 0 0) 0x7f780c020f60 con 0x5640603e9110
2016-06-02 14:09:21.549095 7f783820a700 1 -- 127.0.0.1:0/2000881652 <== osd.0 127.0.0.1:6800/30487 1150 ==== osd_op_reply(2474 62bc922d-f295-4067-ae36-e23e2f231aad.24099.1__shadow_.cTw_0SM3yZSS-qi1b6KHCc0Ov7cN0wG_14 [write 3145728~524288] v32'3161 uv3161 ondisk = 0) v7 ==== 208+0+0 (1367947459 0 0) 0x7f780c020f60 con 0x5640603e9110
2016-06-02 14:09:21.549784 7f783820a700 1 -- 127.0.0.1:0/2000881652 <== osd.0 127.0.0.1:6800/30487 1151 ==== osd_op_reply(2475 62bc922d-f295-4067-ae36-e23e2f231aad.24099.1__shadow_.cTw_0SM3yZSS-qi1b6KHCc0Ov7cN0wG_14 [write 3670016~524288] v32'3162 uv3162 ondisk = 0) v7 ==== 208+0+0 (3959791093 0 0) 0x7f780c020f60 con 0x5640603e9110
2016-06-02 14:09:21.549798 7f77b2ffd700 1 -- 127.0.0.1:0/2000881652 --> 127.0.0.1:6800/30487 -- osd_op(client.24110.0:2484 10.5ac080d4 62bc922d-f295-4067-ae36-e23e2f231aad.24099.1__shadow_.cTw_0SM3yZSS-qi1b6KHCc0Ov7cN0wG_15 [write 3670016~524288] snapc 0=[] ack+ondisk+write+known_if_redirected e32) v7 -- ?+0 0x7f77848eb630 con 0x5640603e9110
2016-06-02 14:09:21.549908 7f77b2ffd700 1 -- 127.0.0.1:0/2000881652 --> 127.0.0.1:6804/30491 -- osd_op(client.24110.0:2485 10.8db93f86 62bc922d-f295-4067-ae36-e23e2f231aad.24099.1__shadow_.cTw_0SM3yZSS-qi1b6KHCc0Ov7cN0wG_16 [writefull 0~0] snapc 0=[] ack+ondisk+write+known_if_redirected e32) v7 -- ?+0 0x7f77848ed150 con 0x5640603ecb10
2016-06-02 14:09:21.550156 7f77b2ffd700 1 -- 127.0.0.1:0/2000881652 --> 127.0.0.1:6804/30491 -- osd_op(client.24110.0:2486 10.8db93f86 62bc922d-f295-4067-ae36-e23e2f231aad.24099.1__shadow_.cTw_0SM3yZSS-qi1b6KHCc0Ov7cN0wG_16 [writefull 0~524288] snapc 0=[] ack+ondisk+write+known_if_redirected e32) v7 -- ?+0 0x7f7784012ee0 con 0x5640603ecb10
2016-06-02 14:09:21.550435 7f77b2ffd700 1 -- 127.0.0.1:0/2000881652 --> 127.0.0.1:6804/30491 -- osd_op(client.24110.0:2487 10.8db93f86 62bc922d-f295-4067-ae36-e23e2f231aad.24099.1__shadow_.cTw_0SM3yZSS-qi1b6KHCc0Ov7cN0wG_16 [write 524288~524288] snapc 0=[] ack+ondisk+write+known_if_redirected e32) v7 -- ?+0 0x7f778465db00 con 0x5640603ecb10
2016-06-02 14:09:21.550750 7f77b2ffd700 1 -- 127.0.0.1:0/2000881652 --> 127.0.0.1:6804/30491 -- osd_op(client.24110.0:2488 10.8db93f86 62bc922d-f295-4067-ae36-e23e2f231aad.24099.1__shadow_.cTw_0SM3yZSS-qi1b6KHCc0Ov7cN0wG_16 [write 1048576~524288] snapc 0=[] ack+ondisk+write+known_if_redirected e32) v7 -- ?+0 0x7f77841c4a70 con 0x5640603ecb10
2016-06-02 14:09:21.551206 7f77b2ffd700 1 -- 127.0.0.1:0/2000881652 --> 127.0.0.1:6804/30491 -- osd_op(client.24110.0:2489 10.8db93f86 62bc922d-f295-4067-ae36-e23e2f231aad.24099.1__shadow_.cTw_0SM3yZSS-qi1b6KHCc0Ov7cN0wG_16 [write 1572864~524288] snapc 0=[] ack+ondisk+write+known_if_redirected e32) v7 -- ?+0 0x7f77842dd140 con 0x5640603ecb10
2016-06-02 14:09:21.551439 7f77b2ffd700 1 -- 127.0.0.1:0/2000881652 --> 127.0.0.1:6804/30491 -- osd_op(client.24110.0:2490 10.8db93f86 62bc922d-f295-4067-ae36-e23e2f231aad.24099.1__shadow_.cTw_0SM3yZSS-qi1b6KHCc0Ov7cN0wG_16 [write 2097152~524288] snapc 0=[] ack+ondisk+write+known_if_redirected e32) v7 -- ?+0 0x7f7784342f10 con 0x5640603ecb10
2016-06-02 14:09:21.551684 7f77b2ffd700 1 -- 127.0.0.1:0/2000881652 --> 127.0.0.1:6804/30491 -- osd_op(client.24110.0:2491 10.8db93f86 62bc922d-f295-4067-ae36-e23e2f231aad.24099.1__shadow_.cTw_0SM3yZSS-qi1b6KHCc0Ov7cN0wG_16 [write 2621440~524288] snapc 0=[] ack+ondisk+write+known_if_redirected e32) v7 -- ?+0 0x7f7784142ac0 con 0x5640603ecb10
2016-06-02 14:09:21.552140 7f77b2ffd700 1 -- 127.0.0.1:0/2000881652 --> 127.0.0.1:6804/30491 -- osd_op(client.24110.0:2492 10.8db93f86 62bc922d-f295-4067-ae36-e23e2f231aad.24099.1__shadow_.cTw_0SM3yZSS-qi1b6KHCc0Ov7cN0wG_16 [write 3145728~524288] snapc 0=[] ack+ondisk+write+known_if_redirected e32) v7 -- ?+0 0x7f77847e3d30 con 0x5640603ecb10
2016-06-02 14:09:21.559254 7f783820a700 1 -- 127.0.0.1:0/2000881652 <== osd.0 127.0.0.1:6800/30487 1152 ==== osd_op_reply(2476 62bc922d-f295-4067-ae36-e23e2f231aad.24099.1__shadow_.cTw_0SM3yZSS-qi1b6KHCc0Ov7cN0wG_15 [writefull 0~0] v32'3163 uv3163 ondisk = 0) v7 ==== 208+0+0 (2856029173 0 0) 0x7f780c020f60 con 0x5640603e9110
2016-06-02 14:09:21.559747 7f77b2ffd700 1 -- 127.0.0.1:0/2000881652 --> 127.0.0.1:6804/30491 -- osd_op(client.24110.0:2493 10.8db93f86 62bc922d-f295-4067-ae36-e23e2f231aad.24099.1__shadow_.cTw_0SM3yZSS-qi1b6KHCc0Ov7cN0wG_16 [write 3670016~524288] snapc 0=[] ack+ondisk+write+known_if_redirected e32) v7 -- ?+0 0x7f7784012ee0 con 0x5640603ecb10
2016-06-02 14:09:21.624213 7f783820a700 1 -- 127.0.0.1:0/2000881652 <== osd.0 127.0.0.1:6800/30487 1153 ==== osd_op_reply(2477 62bc922d-f295-4067-ae36-e23e2f231aad.24099.1__shadow_.cTw_0SM3yZSS-qi1b6KHCc0Ov7cN0wG_15 [writefull 0~524288] v32'3164 uv3164 ondisk = 0) v7 ==== 208+0+0 (2805001608 0 0) 0x7f780c020f60 con 0x5640603e9110
2016-06-02 14:09:21.624481 7f783820a700 1 -- 127.0.0.1:0/2000881652 <== osd.0 127.0.0.1:6800/30487 1154 ==== osd_op_reply(2478 62bc922d-f295-4067-ae36-e23e2f231aad.24099.1__shadow_.cTw_0SM3yZSS-qi1b6KHCc0Ov7cN0wG_15 [write 524288~524288] v32'3165 uv3165 ondisk = 0) v7 ==== 208+0+0 (1962673743 0 0) 0x7f780c020f60 con 0x5640603e9110
2016-06-02 14:09:21.624714 7f77b2ffd700 1 -- 127.0.0.1:0/2000881652 --> 127.0.0.1:6800/30487 -- osd_op(client.24110.0:2494 10.562651c7 62bc922d-f295-4067-ae36-e23e2f231aad.24099.1__shadow_.cTw_0SM3yZSS-qi1b6KHCc0Ov7cN0wG_17 [writefull 0~0] snapc 0=[] ack+ondisk+write+known_if_redirected e32) v7 -- ?+0 0x7f7784012ee0 con 0x5640603e9110
2016-06-02 14:09:21.625059 7f77b2ffd700 1 -- 127.0.0.1:0/2000881652 --> 127.0.0.1:6800/30487 -- osd_op(client.24110.0:2495 10.562651c7 62bc922d-f295-4067-ae36-e23e2f231aad.24099.1__shadow_.cTw_0SM3yZSS-qi1b6KHCc0Ov7cN0wG_17 [writefull 0~524288] snapc 0=[] ack+ondisk+write+known_if_redirected e32) v7 -- ?+0 0x7f7784012b70 con 0x5640603e9110
2016-06-02 14:09:21.725856 7f78287f8700 1 -- 127.0.0.1:0/2000881652 <== osd.1 127.0.0.1:6804/30491 618 ==== osd_op_reply(2485 62bc922d-f295-4067-ae36-e23e2f231aad.24099.1__shadow_.cTw_0SM3yZSS-qi1b6KHCc0Ov7cN0wG_16 [writefull 0~0] v32'2974 uv2974 ondisk = 0) v7 ==== 208+0+0 (1397711498 0 0) 0x7f780401df00 con 0x5640603ecb10
2016-06-02 14:09:21.725908 7f78287f8700 1 -- 127.0.0.1:0/2000881652 <== osd.1 127.0.0.1:6804/30491 619 ==== osd_op_reply(2486 62bc922d-f295-4067-ae36-e23e2f231aad.24099.1__shadow_.cTw_0SM3yZSS-qi1b6KHCc0Ov7cN0wG_16 [writefull 0~524288] v32'2975 uv2975 ondisk = 0) v7 ==== 208+0+0 (1788704825 0 0) 0x7f780401bca0 con 0x5640603ecb10
2016-06-02 14:09:21.726018 7f783820a700 1 -- 127.0.0.1:0/2000881652 <== osd.0 127.0.0.1:6800/30487 1155 ==== osd_op_reply(2479 62bc922d-f295-4067-ae36-e23e2f231aad.24099.1__shadow_.cTw_0SM3yZSS-qi1b6KHCc0Ov7cN0wG_15 [write 1048576~524288] v32'3166 uv3166 ondisk = 0) v7 ==== 208+0+0 (2203902762 0 0) 0x7f780c020f60 con 0x5640603e9110
2016-06-02 14:09:21.726040 7f78287f8700 1 -- 127.0.0.1:0/2000881652 <== osd.1 127.0.0.1:6804/30491 620 ==== osd_op_reply(2487 62bc922d-f295-4067-ae36-e23e2f231aad.24099.1__shadow_.cTw_0SM3yZSS-qi1b6KHCc0Ov7cN0wG_16 [write 524288~524288] v32'2976 uv2976 ondisk = 0) v7 ==== 208+0+0 (2631400694 0 0) 0x7f780401df00 con 0x5640603ecb10
2016-06-02 14:09:21.726099 7f78287f8700 1 -- 127.0.0.1:0/2000881652 <== osd.1 127.0.0.1:6804/30491 621 ==== osd_op_reply(2488 62bc922d-f295-4067-ae36-e23e2f231aad.24099.1__shadow_.cTw_0SM3yZSS-qi1b6KHCc0Ov7cN0wG_16 [write 1048576~524288] v32'2977 uv2977 ondisk = 0) v7 ==== 208+0+0 (2221154182 0 0) 0x7f780401bca0 con 0x5640603ecb10
2016-06-02 14:09:21.726106 7f783820a700 1 -- 127.0.0.1:0/2000881652 <== osd.0 127.0.0.1:6800/30487 1156 ==== osd_op_reply(2480 62bc922d-f295-4067-ae36-e23e2f231aad.24099.1__shadow_.cTw_0SM3yZSS-qi1b6KHCc0Ov7cN0wG_15 [write 1572864~524288] v32'3167 uv3167 ondisk = 0) v7 ==== 208+0+0 (3519234057 0 0) 0x7f780c020f60 con 0x5640603e9110
2016-06-02 14:09:21.726214 7f78287f8700 1 -- 127.0.0.1:0/2000881652 <== osd.1 127.0.0.1:6804/30491 622 ==== osd_op_reply(2489 62bc922d-f295-4067-ae36-e23e2f231aad.24099.1__shadow_.cTw_0SM3yZSS-qi1b6KHCc0Ov7cN0wG_16 [write 1572864~524288] v32'2978 uv2978 ondisk = 0) v7 ==== 208+0+0 (971553456 0 0) 0x7f780401df00 con 0x5640603ecb10
2016-06-02 14:09:21.726219 7f783820a700 1 -- 127.0.0.1:0/2000881652 <== osd.0 127.0.0.1:6800/30487 1157 ==== osd_op_reply(2481 62bc922d-f295-4067-ae36-e23e2f231aad.24099.1__shadow_.cTw_0SM3yZSS-qi1b6KHCc0Ov7cN0wG_15 [write 2097152~524288] v32'3168 uv3168 ondisk = 0) v7 ==== 208+0+0 (2024688855 0 0) 0x7f780c020f60 con 0x5640603e9110
2016-06-02 14:09:21.726305 7f783820a700 1 -- 127.0.0.1:0/2000881652 <== osd.0 127.0.0.1:6800/30487 1158 ==== osd_op_reply(2482 62bc922d-f295-4067-ae36-e23e2f231aad.24099.1__shadow_.cTw_0SM3yZSS-qi1b6KHCc0Ov7cN0wG_15 [write 2621440~524288] v32'3169 uv3169 ondisk = 0) v7 ==== 208+0+0 (707915764 0 0) 0x7f780c020f60 con 0x5640603e9110
2016-06-02 14:09:21.726361 7f783820a700 1 -- 127.0.0.1:0/2000881652 <== osd.0 127.0.0.1:6800/30487 1159 ==== osd_op_reply(2483 62bc922d-f295-4067-ae36-e23e2f231aad.24099.1__shadow_.cTw_0SM3yZSS-qi1b6KHCc0Ov7cN0wG_15 [write 3145728~524288] v32'3170 uv3170 ondisk = 0) v7 ==== 208+0+0 (3717270161 0 0) 0x7f780c020f60 con 0x5640603e9110
2016-06-02 14:09:21.726424 7f783820a700 1 -- 127.0.0.1:0/2000881652 <== osd.0 127.0.0.1:6800/30487 1160 ==== osd_op_reply(2484 62bc922d-f295-4067-ae36-e23e2f231aad.24099.1__shadow_.cTw_0SM3yZSS-qi1b6KHCc0Ov7cN0wG_15 [write 3670016~524288] v32'3171 uv3171 ondisk = 0) v7 ==== 208+0+0 (2400102834 0 0) 0x7f780c020f60 con 0x5640603e9110
2016-06-02 14:09:21.726552 7f77b2ffd700 1 -- 127.0.0.1:0/2000881652 --> 127.0.0.1:6800/30487 -- osd_op(client.24110.0:2496 10.562651c7 62bc922d-f295-4067-ae36-e23e2f231aad.24099.1__shadow_.cTw_0SM3yZSS-qi1b6KHCc0Ov7cN0wG_17 [write 524288~524288] snapc 0=[] ack+ondisk+write+known_if_redirected e32) v7 -- ?+0 0x7f77840132b0 con 0x5640603e9110
2016-06-02 14:09:21.726833 7f77b2ffd700 1 -- 127.0.0.1:0/2000881652 --> 127.0.0.1:6800/30487 -- osd_op(client.24110.0:2497 10.562651c7 62bc922d-f295-4067-ae36-e23e2f231aad.24099.1__shadow_.cTw_0SM3yZSS-qi1b6KHCc0Ov7cN0wG_17 [write 1048576~524288] snapc 0=[] ack+ondisk+write+known_if_redirected e32) v7 -- ?+0 0x7f77840132b0 con 0x5640603e9110
2016-06-02 14:09:21.727105 7f77b2ffd700 1 -- 127.0.0.1:0/2000881652 --> 127.0.0.1:6800/30487 -- osd_op(client.24110.0:2498 10.562651c7 62bc922d-f295-4067-ae36-e23e2f231aad.24099.1__shadow_.cTw_0SM3yZSS-qi1b6KHCc0Ov7cN0wG_17 [write 1572864~524288] snapc 0=[] ack+ondisk+write+known_if_redirected e32) v7 -- ?+0 0x7f77840132b0 con 0x5640603e9110
2016-06-02 14:09:21.727389 7f77b2ffd700 1 -- 127.0.0.1:0/2000881652 --> 127.0.0.1:6800/30487 -- osd_op(client.24110.0:2499 10.562651c7 62bc922d-f295-4067-ae36-e23e2f231aad.24099.1__shadow_.cTw_0SM3yZSS-qi1b6KHCc0Ov7cN0wG_17 [write 2097152~524288] snapc 0=[] ack+ondisk+write+known_if_redirected e32) v7 -- ?+0 0x7f77840132b0 con 0x5640603e9110
2016-06-02 14:09:21.727969 7f77b2ffd700 1 -- 127.0.0.1:0/2000881652 --> 127.0.0.1:6800/30487 -- osd_op(client.24110.0:2500 10.562651c7 62bc922d-f295-4067-ae36-e23e2f231aad.24099.1__shadow_.cTw_0SM3yZSS-qi1b6KHCc0Ov7cN0wG_17 [write 2621440~524288] snapc 0=[] ack+ondisk+write+known_if_redirected e32) v7 -- ?+0 0x7f77840132b0 con 0x5640603e9110
2016-06-02 14:09:21.728493 7f77b2ffd700 1 -- 127.0.0.1:0/2000881652 --> 127.0.0.1:6800/30487 -- osd_op(client.24110.0:2501 10.562651c7 62bc922d-f295-4067-ae36-e23e2f231aad.24099.1__shadow_.cTw_0SM3yZSS-qi1b6KHCc0Ov7cN0wG_17 [write 3145728~524288] snapc 0=[] ack+ondisk+write+known_if_redirected e32) v7 -- ?+0 0x7f77840132b0 con 0x5640603e9110
2016-06-02 14:09:21.728911 7f77b2ffd700 1 -- 127.0.0.1:0/2000881652 --> 127.0.0.1:6800/30487 -- osd_op(client.24110.0:2502 10.562651c7 62bc922d-f295-4067-ae36-e23e2f231aad.24099.1__shadow_.cTw_0SM3yZSS-qi1b6KHCc0Ov7cN0wG_17 [write 3670016~524288] snapc 0=[] ack+ondisk+write+known_if_redirected e32) v7 -- ?+0 0x7f7784130b80 con 0x5640603e9110
2016-06-02 14:09:21.728982 7f77b2ffd700 1 -- 127.0.0.1:0/2000881652 --> 127.0.0.1:6808/30507 -- osd_op(client.24110.0:2503 10.d2750535 62bc922d-f295-4067-ae36-e23e2f231aad.24099.1__shadow_.cTw_0SM3yZSS-qi1b6KHCc0Ov7cN0wG_18 [writefull 0~0] snapc 0=[] ack+ondisk+write+known_if_redirected e32) v7 -- ?+0 0x7f7784012b00 con 0x5640603f1eb0
2016-06-02 14:09:21.729420 7f77b2ffd700 1 -- 127.0.0.1:0/2000881652 --> 127.0.0.1:6808/30507 -- osd_op(client.24110.0:2504 10.d2750535 62bc922d-f295-4067-ae36-e23e2f231aad.24099.1__shadow_.cTw_0SM3yZSS-qi1b6KHCc0Ov7cN0wG_18 [writefull 0~524288] snapc 0=[] ack+ondisk+write+known_if_redirected e32) v7 -- ?+0 0x7f77845d96a0 con 0x5640603f1eb0
2016-06-02 14:09:21.729760 7f77b2ffd700 1 -- 127.0.0.1:0/2000881652 --> 127.0.0.1:6808/30507 -- osd_op(client.24110.0:2505 10.d2750535 62bc922d-f295-4067-ae36-e23e2f231aad.24099.1__shadow_.cTw_0SM3yZSS-qi1b6KHCc0Ov7cN0wG_18 [write 524288~524288] snapc 0=[] ack+ondisk+write+known_if_redirected e32) v7 -- ?+0 0x7f77848e5360 con 0x5640603f1eb0
2016-06-02 14:09:21.730139 7f77b2ffd700 1 -- 127.0.0.1:0/2000881652 --> 127.0.0.1:6808/30507 -- osd_op(client.24110.0:2506 10.d2750535 62bc922d-f295-4067-ae36-e23e2f231aad.24099.1__shadow_.cTw_0SM3yZSS-qi1b6KHCc0Ov7cN0wG_18 [write 1048576~524288] snapc 0=[] ack+ondisk+write+known_if_redirected e32) v7 -- ?+0 0x7f77844cfa10 con 0x5640603f1eb0
2016-06-02 14:09:21.733372 7f78287f8700 1 -- 127.0.0.1:0/2000881652 <== osd.1 127.0.0.1:6804/30491 623 ==== osd_op_reply(2490 62bc922d-f295-4067-ae36-e23e2f231aad.24099.1__shadow_.cTw_0SM3yZSS-qi1b6KHCc0Ov7cN0wG_16 [write 2097152~524288] v32'2979 uv2979 ondisk = 0) v7 ==== 208+0+0 (3036928358 0 0) 0x7f780401bca0 con 0x5640603ecb10
2016-06-02 14:09:21.733533 7f78287f8700 1 -- 127.0.0.1:0/2000881652 <== osd.1 127.0.0.1:6804/30491 624 ==== osd_op_reply(2491 62bc922d-f295-4067-ae36-e23e2f231aad.24099.1__shadow_.cTw_0SM3yZSS-qi1b6KHCc0Ov7cN0wG_16 [write 2621440~524288] v32'2980 uv2980 ondisk = 0) v7 ==== 208+0+0 (3544516235 0 0) 0x7f780401df00 con 0x5640603ecb10
2016-06-02 14:09:21.734312 7f77b2ffd700 1 -- 127.0.0.1:0/2000881652 --> 127.0.0.1:6808/30507 -- osd_op(client.24110.0:2507 10.d2750535 62bc922d-f295-4067-ae36-e23e2f231aad.24099.1__shadow_.cTw_0SM3yZSS-qi1b6KHCc0Ov7cN0wG_18 [write 1572864~524288] snapc 0=[] ack+ondisk+write+known_if_redirected e32) v7 -- ?+0 0x7f77844cfa80 con 0x5640603f1eb0
2016-06-02 14:09:21.737550 7f77b2ffd700 1 -- 127.0.0.1:0/2000881652 --> 127.0.0.1:6808/30507 -- osd_op(client.24110.0:2508 10.d2750535 62bc922d-f295-4067-ae36-e23e2f231aad.24099.1__shadow_.cTw_0SM3yZSS-qi1b6KHCc0Ov7cN0wG_18 [write 2097152~524288] snapc 0=[] ack+ondisk+write+known_if_redirected e32) v7 -- ?+0 0x7f778400cd40 con 0x5640603f1eb0
2016-06-02 14:09:21.830975 7f78287f8700 1 -- 127.0.0.1:0/2000881652 <== osd.1 127.0.0.1:6804/30491 625 ==== osd_op_reply(2492 62bc922d-f295-4067-ae36-e23e2f231aad.24099.1__shadow_.cTw_0SM3yZSS-qi1b6KHCc0Ov7cN0wG_16 [write 3145728~524288] v32'2981 uv2981 ondisk = 0) v7 ==== 208+0+0 (3421955579 0 0) 0x7f780401bca0 con 0x5640603ecb10
2016-06-02 14:09:21.831068 7f78287f8700 1 -- 127.0.0.1:0/2000881652 <== osd.1 127.0.0.1:6804/30491 626 ==== osd_op_reply(2493 62bc922d-f295-4067-ae36-e23e2f231aad.24099.1__shadow_.cTw_0SM3yZSS-qi1b6KHCc0Ov7cN0wG_16 [write 3670016~524288] v32'2982 uv2982 ondisk = 0) v7 ==== 208+0+0 (1987723469 0 0) 0x7f780401df00 con 0x5640603ecb10
2016-06-02 14:09:21.831340 7f78285f6700 1 -- 127.0.0.1:0/2000881652 <== osd.2 127.0.0.1:6808/30507 844 ==== osd_op_reply(2469 bucket.sync-status.91441c60-0ca1-4118-9685-990e04272142:lotr:62bc922d-f295-4067-ae36-e23e2f231aad.24099.1 [setxattr (28)] v32'2375 uv2375 ondisk = 0) v7 ==== 225+0+0 (3164054286 0 0) 0x7f77fc009360 con 0x5640603f1eb0
2016-06-02 14:09:21.831382 7f77c6ffd700 10 cache put: name=us-east-1.rgw.log+bucket.sync-status.91441c60-0ca1-4118-9685-990e04272142:lotr:62bc922d-f295-4067-ae36-e23e2f231aad.24099.1 info.flags=8
2016-06-02 14:09:21.831390 7f77c6ffd700 10 moving us-east-1.rgw.log+bucket.sync-status.91441c60-0ca1-4118-9685-990e04272142:lotr:62bc922d-f295-4067-ae36-e23e2f231aad.24099.1 to cache LRU end
2016-06-02 14:09:21.831392 7f77c6ffd700 10 appending xattr: name=inc_marker bl.length()=28
2016-06-02 14:09:21.831410 7f77c6ffd700 10 distributing notification oid=notify.6 bl.length()=375
2016-06-02 14:09:21.831448 7f77c6ffd700 1 -- 127.0.0.1:0/2000881652 --> 127.0.0.1:6804/30491 -- osd_op(client.24110.0:2509 2.97c520d4 notify.6 [notify cookie 140151695255664] snapc 0=[] ondisk+read+known_if_redirected e32) v7 -- ?+0 0x7f779c027710 con 0x5640603ecb10
2016-06-02 14:09:21.831474 7f783820a700 1 -- 127.0.0.1:0/2000881652 <== osd.0 127.0.0.1:6800/30487 1161 ==== osd_op_reply(2494 62bc922d-f295-4067-ae36-e23e2f231aad.24099.1__shadow_.cTw_0SM3yZSS-qi1b6KHCc0Ov7cN0wG_17 [writefull 0~0] v32'3166 uv3166 ondisk = 0) v7 ==== 208+0+0 (2399066083 0 0) 0x7f780c020f60 con 0x5640603e9110
2016-06-02 14:09:21.831636 7f783820a700 1 -- 127.0.0.1:0/2000881652 <== osd.0 127.0.0.1:6800/30487 1162 ==== osd_op_reply(2495 62bc922d-f295-4067-ae36-e23e2f231aad.24099.1__shadow_.cTw_0SM3yZSS-qi1b6KHCc0Ov7cN0wG_17 [writefull 0~524288] v32'3167 uv3167 ondisk = 0) v7 ==== 208+0+0 (3073166672 0 0) 0x7f780c020f60 con 0x5640603e9110
2016-06-02 14:09:21.831885 7f78287f8700 1 -- 127.0.0.1:0/2000881652 <== osd.1 127.0.0.1:6804/30491 627 ==== watch-notify(notify (1) cookie 94834492718368 notify 137438953606 ret 0) v3 ==== 417+0+0 (4179246394 0 0) 0x7f780401df00 con 0x5640603ecb10
2016-06-02 14:09:21.831908 7f78297fa700 10 RGWWatcher::handle_notify() notify_id 137438953606 cookie 94834492718368 notifier 24110 bl.length()=375
2016-06-02 14:09:21.831929 7f78297fa700 10 cache put: name=us-east-1.rgw.log+bucket.sync-status.91441c60-0ca1-4118-9685-990e04272142:lotr:62bc922d-f295-4067-ae36-e23e2f231aad.24099.1 info.flags=8
2016-06-02 14:09:21.831929 7f78287f8700 1 -- 127.0.0.1:0/2000881652 <== osd.1 127.0.0.1:6804/30491 628 ==== osd_op_reply(2509 notify.6 [notify cookie 140151695255664] v0'0 uv1 ondisk = 0) v7 ==== 128+0+8 (386979837 0 1346501324) 0x7f7804019be0 con 0x5640603ecb10
2016-06-02 14:09:21.831935 7f78297fa700 10 moving us-east-1.rgw.log+bucket.sync-status.91441c60-0ca1-4118-9685-990e04272142:lotr:62bc922d-f295-4067-ae36-e23e2f231aad.24099.1 to cache LRU end
2016-06-02 14:09:21.831938 7f78297fa700 10 appending xattr: name=inc_marker bl.length()=28
2016-06-02 14:09:21.831959 7f78297fa700 1 -- 127.0.0.1:0/2000881652 --> 127.0.0.1:6804/30491 -- osd_op(client.24110.0:2510 2.97c520d4 notify.6 [notify-ack 0~0] snapc 0=[] read+known_if_redirected e32) v7 -- ?+0 0x7f77e0003790 con 0x5640603ecb10
2016-06-02 14:09:21.832353 7f78287f8700 1 -- 127.0.0.1:0/2000881652 <== osd.1 127.0.0.1:6804/30491 629 ==== watch-notify(notify_complete (2) cookie 140151695255664 notify 137438953606 ret 0) v3 ==== 42+0+28 (2211652883 0 174158344) 0x7f7804019be0 con 0x5640603ecb10
2016-06-02 14:09:21.832400 7f78287f8700 1 -- 127.0.0.1:0/2000881652 <== osd.1 127.0.0.1:6804/30491 630 ==== osd_op_reply(2510 notify.6 [notify-ack 0~0] v0'0 uv1 ondisk = 0) v7 ==== 128+0+0 (3357944540 0 0) 0x7f7804019be0 con 0x5640603ecb10
2016-06-02 14:09:21.832405 7f7760ff9700 20 cr:s=0x7f773c331700:op=0x7f773c028a90:26RGWSimpleRadosWriteAttrsCR: operate()
2016-06-02 14:09:21.832412 7f7760ff9700 20 cr:s=0x7f773c331700:op=0x7f773c028a90:26RGWSimpleRadosWriteAttrsCR: operate()
2016-06-02 14:09:21.832414 7f7760ff9700 20 cr:s=0x7f773c331700:op=0x7f773c028a90:26RGWSimpleRadosWriteAttrsCR: operate()
2016-06-02 14:09:21.832416 7f7760ff9700 20 cr:s=0x7f773c331700:op=0x7f773c028a90:26RGWSimpleRadosWriteAttrsCR: operate()
2016-06-02 14:09:21.832438 7f7760ff9700 20 cr:s=0x7f773c331700:op=0x7f773c2ff160:26RGWBucketSyncSingleEntryCRINSt7__cxx1112basic_stringIcSt11char_traitsIcESaIcEEE11rgw_obj_keyE: operate()
2016-06-02 14:09:21.832445 7f7760ff9700 20 run: stack=0x7f773c331700 is done
2016-06-02 14:09:21.832451 7f7760ff9700 20 cr:s=0x7f773c0a9c90:op=0x7f773c136d60:31RGWBucketShardIncrementalSyncCR: operate()
2016-06-02 14:09:21.832454 7f7760ff9700 20 collect(): s=0x7f773c0a9c90 stack=0x7f773c190610 is still running
2016-06-02 14:09:21.832455 7f7760ff9700 20 collect(): s=0x7f773c0a9c90 stack=0x7f773c331700 is complete
2016-06-02 14:09:21.832457 7f7760ff9700 20 run: stack=0x7f773c0a9c90 is_blocked_by_stack()=0 is_sleeping=0 waiting_for_child()=1
2016-06-02 14:09:21.832584 7f77b2ffd700 1 -- 127.0.0.1:0/2000881652 --> 127.0.0.1:6808/30507 -- osd_op(client.24110.0:2511 10.d2750535 62bc922d-f295-4067-ae36-e23e2f231aad.24099.1__shadow_.cTw_0SM3yZSS-qi1b6KHCc0Ov7cN0wG_18 [write 2621440~524288] snapc 0=[] ack+ondisk+write+known_if_redirected e32) v7 -- ?+0 0x7f77847e3640 con 0x5640603f1eb0
2016-06-02 14:09:21.832799 7f77b2ffd700 1 -- 127.0.0.1:0/2000881652 --> 127.0.0.1:6808/30507 -- osd_op(client.24110.0:2512 10.d2750535 62bc922d-f295-4067-ae36-e23e2f231aad.24099.1__shadow_.cTw_0SM3yZSS-qi1b6KHCc0Ov7cN0wG_18 [write 3145728~524288] snapc 0=[] ack+ondisk+write+known_if_redirected e32) v7 -- ?+0 0x7f77847e3640 con 0x5640603f1eb0
2016-06-02 14:09:21.832990 7f77b2ffd700 1 -- 127.0.0.1:0/2000881652 --> 127.0.0.1:6808/30507 -- osd_op(client.24110.0:2513 10.d2750535 62bc922d-f295-4067-ae36-e23e2f231aad.24099.1__shadow_.cTw_0SM3yZSS-qi1b6KHCc0Ov7cN0wG_18 [write 3670016~524288] snapc 0=[] ack+ondisk+write+known_if_redirected e32) v7 -- ?+0 0x7f77841c0b90 con 0x5640603f1eb0
2016-06-02 14:09:21.833028 7f77b2ffd700 1 -- 127.0.0.1:0/2000881652 --> 127.0.0.1:6804/30491 -- osd_op(client.24110.0:2514 10.ea2c6d96 62bc922d-f295-4067-ae36-e23e2f231aad.24099.1__shadow_.cTw_0SM3yZSS-qi1b6KHCc0Ov7cN0wG_19 [writefull 0~0] snapc 0=[] ack+ondisk+write+known_if_redirected e32) v7 -- ?+0 0x7f77845519b0 con 0x5640603ecb10
2016-06-02 14:09:21.930705 7f783820a700 1 -- 127.0.0.1:0/2000881652 <== osd.0 127.0.0.1:6800/30487 1163 ==== osd_op_reply(2496 62bc922d-f295-4067-ae36-e23e2f231aad.24099.1__shadow_.cTw_0SM3yZSS-qi1b6KHCc0Ov7cN0wG_17 [write 524288~524288] v32'3168 uv3168 ack = 0) v7 ==== 208+0+0 (1387195093 0 0) 0x7f780c020f60 con 0x5640603e9110
2016-06-02 14:09:21.930705 7f78285f6700 1 -- 127.0.0.1:0/2000881652 <== osd.2 127.0.0.1:6808/30507 845 ==== osd_op_reply(2503 62bc922d-f295-4067-ae36-e23e2f231aad.24099.1__shadow_.cTw_0SM3yZSS-qi1b6KHCc0Ov7cN0wG_18 [writefull 0~0] v32'3124 uv3124 ondisk = 0) v7 ==== 208+0+0 (3867054056 0 0) 0x7f77fc009360 con 0x5640603f1eb0
2016-06-02 14:09:21.930752 7f783820a700 1 -- 127.0.0.1:0/2000881652 <== osd.0 127.0.0.1:6800/30487 1164 ==== osd_op_reply(2496 62bc922d-f295-4067-ae36-e23e2f231aad.24099.1__shadow_.cTw_0SM3yZSS-qi1b6KHCc0Ov7cN0wG_17 [write 524288~524288] v32'3168 uv3168 ondisk = 0) v7 ==== 208+0+0 (1097222559 0 0) 0x7f780c020f60 con 0x5640603e9110
2016-06-02 14:09:21.930797 7f78285f6700 1 -- 127.0.0.1:0/2000881652 <== osd.2 127.0.0.1:6808/30507 846 ==== osd_op_reply(2504 62bc922d-f295-4067-ae36-e23e2f231aad.24099.1__shadow_.cTw_0SM3yZSS-qi1b6KHCc0Ov7cN0wG_18 [writefull 0~524288] v32'3125 uv3125 ondisk = 0) v7 ==== 208+0+0 (3752629595 0 0) 0x7f77fc009360 con 0x5640603f1eb0
2016-06-02 14:09:21.930825 7f783820a700 1 -- 127.0.0.1:0/2000881652 <== osd.0 127.0.0.1:6800/30487 1165 ==== osd_op_reply(2497 62bc922d-f295-4067-ae36-e23e2f231aad.24099.1__shadow_.cTw_0SM3yZSS-qi1b6KHCc0Ov7cN0wG_17 [write 1048576~524288] v32'3169 uv3169 ondisk = 0) v7 ==== 208+0+0 (1507175151 0 0) 0x7f780c020f60 con 0x5640603e9110
2016-06-02 14:09:21.930883 7f78285f6700 1 -- 127.0.0.1:0/2000881652 <== osd.2 127.0.0.1:6808/30507 847 ==== osd_op_reply(2505 62bc922d-f295-4067-ae36-e23e2f231aad.24099.1__shadow_.cTw_0SM3yZSS-qi1b6KHCc0Ov7cN0wG_18 [write 524288~524288] v32'3126 uv3126 ondisk = 0) v7 ==== 208+0+0 (3815995529 0 0) 0x7f77fc009360 con 0x5640603f1eb0
2016-06-02 14:09:21.930950 7f78285f6700 1 -- 127.0.0.1:0/2000881652 <== osd.2 127.0.0.1:6808/30507 848 ==== osd_op_reply(2506 62bc922d-f295-4067-ae36-e23e2f231aad.24099.1__shadow_.cTw_0SM3yZSS-qi1b6KHCc0Ov7cN0wG_18 [write 1048576~524288] v32'3127 uv3127 ondisk = 0) v7 ==== 208+0+0 (4223704057 0 0) 0x7f77fc009360 con 0x5640603f1eb0
2016-06-02 14:09:21.930978 7f783820a700 1 -- 127.0.0.1:0/2000881652 <== osd.0 127.0.0.1:6800/30487 1166 ==== osd_op_reply(2498 62bc922d-f295-4067-ae36-e23e2f231aad.24099.1__shadow_.cTw_0SM3yZSS-qi1b6KHCc0Ov7cN0wG_17 [write 1572864~524288] v32'3170 uv3170 ondisk = 0) v7 ==== 208+0+0 (3831042009 0 0) 0x7f780c020f60 con 0x5640603e9110
2016-06-02 14:09:21.931061 7f783820a700 1 -- 127.0.0.1:0/2000881652 <== osd.0 127.0.0.1:6800/30487 1167 ==== osd_op_reply(2499 62bc922d-f295-4067-ae36-e23e2f231aad.24099.1__shadow_.cTw_0SM3yZSS-qi1b6KHCc0Ov7cN0wG_17 [write 2097152~524288] v32'3171 uv3171 ondisk = 0) v7 ==== 208+0+0 (1756523535 0 0) 0x7f780c020f60 con 0x5640603e9110
2016-06-02 14:09:21.931119 7f783820a700 1 -- 127.0.0.1:0/2000881652 <== osd.0 127.0.0.1:6800/30487 1168 ==== osd_op_reply(2500 62bc922d-f295-4067-ae36-e23e2f231aad.24099.1__shadow_.cTw_0SM3yZSS-qi1b6KHCc0Ov7cN0wG_17 [write 2621440~524288] v32'3172 uv3172 ondisk = 0) v7 ==== 208+0+0 (250917858 0 0) 0x7f780c020f60 con 0x5640603e9110
2016-06-02 14:09:21.931173 7f783820a700 1 -- 127.0.0.1:0/2000881652 <== osd.0 127.0.0.1:6800/30487 1169 ==== osd_op_reply(2501 62bc922d-f295-4067-ae36-e23e2f231aad.24099.1__shadow_.cTw_0SM3yZSS-qi1b6KHCc0Ov7cN0wG_17 [write 3145728~524288] v32'3173 uv3173 ondisk = 0) v7 ==== 208+0+0 (373772434 0 0) 0x7f780c020f60 con 0x5640603e9110
2016-06-02 14:09:21.931213 7f78285f6700 1 -- 127.0.0.1:0/2000881652 <== osd.2 127.0.0.1:6808/30507 849 ==== osd_op_reply(2507 62bc922d-f295-4067-ae36-e23e2f231aad.24099.1__shadow_.cTw_0SM3yZSS-qi1b6KHCc0Ov7cN0wG_18 [write 1572864~524288] v32'3128 uv3128 ondisk = 0) v7 ==== 208+0+0 (805226323 0 0) 0x7f77fc009360 con 0x5640603f1eb0
2016-06-02 14:09:21.931229 7f783820a700 1 -- 127.0.0.1:0/2000881652 <== osd.0 127.0.0.1:6800/30487 1170 ==== osd_op_reply(2502 62bc922d-f295-4067-ae36-e23e2f231aad.24099.1__shadow_.cTw_0SM3yZSS-qi1b6KHCc0Ov7cN0wG_17 [write 3670016~524288] v32'3174 uv3174 ondisk = 0) v7 ==== 208+0+0 (2882270628 0 0) 0x7f780c020f60 con 0x5640603e9110
