2016-06-02 14:09:24.135625 7f77037d6700 20 get_obj_state: rctx=0x7f77037cf670 obj=lotr:atroll5 state=0x7f77e40117b8 s->prefetch_data=1
2016-06-02 14:09:24.135649 7f77037d6700 1 -- 127.0.0.1:0/2000881652 --> 127.0.0.1:6808/30507 -- osd_op(client.24110.0:2574 10.a8f56d53 62bc922d-f295-4067-ae36-e23e2f231aad.24099.1_atroll5 [getxattrs,stat,read 0~524288] snapc 0=[] ack+read+known_if_redirected e32) v7 -- ?+0 0x7f77e4008590 con 0x5640603f1eb0
2016-06-02 14:09:24.136321 7f78285f6700 1 -- 127.0.0.1:0/2000881652 <== osd.2 127.0.0.1:6808/30507 881 ==== osd_op_reply(2574 62bc922d-f295-4067-ae36-e23e2f231aad.24099.1_atroll5 [getxattrs,stat,read 0~524288] v0'0 uv3109 ondisk = 0) v7 ==== 256+0+525284 (3560344323 0 2617716570) 0x7f77fc0213c0 con 0x5640603f1eb0
2016-06-02 14:09:24.136399 7f77037d6700 10 manifest: total_size = 98878656
2016-06-02 14:09:24.136404 7f77037d6700 20 get_obj_state: setting s->obj_tag to 91441c60-0ca1-4118-9685-990e04272142.14120.350
2016-06-02 14:09:24.136407 7f77037d6700 15 decode_policy Read AccessControlPolicyfoofoofoofooFULL_CONTROL
2016-06-02 14:09:24.136412 7f77037d6700 2 req 634:0.000887:s3:GET /lotr/atroll5:get_obj:init op
2016-06-02 14:09:24.136415 7f77037d6700 2 req 634:0.000890:s3:GET /lotr/atroll5:get_obj:verifying op mask
2016-06-02 14:09:24.136416 7f77037d6700 20 required_mask= 1 user.op_mask=7
2016-06-02 14:09:24.136417 7f77037d6700 2 req 634:0.000891:s3:GET /lotr/atroll5:get_obj:verifying op permissions
2016-06-02 14:09:24.136422 7f77037d6700 5 Searching permissions for uid=zone.user mask=49
2016-06-02 14:09:24.136423 7f77037d6700 5 Permissions for user not found
2016-06-02 14:09:24.136423 7f77037d6700 5 Searching permissions for group=1 mask=49
2016-06-02 14:09:24.136424 7f77037d6700 5 Permissions for group not found
2016-06-02 14:09:24.136425 7f77037d6700 5 Searching permissions for group=2 mask=49
2016-06-02 14:09:24.136425 7f77037d6700 5 Permissions for group not found
2016-06-02 14:09:24.136425 7f77037d6700 5 Getting permissions id=zone.user owner=foo perm=0
2016-06-02 14:09:24.136426 7f77037d6700 10 uid=zone.user requested perm (type)=1, policy perm=0, user_perm_mask=15, acl perm=0
2016-06-02 14:09:24.136427 7f77037d6700 5 Searching permissions for uid=zone.user mask=48
2016-06-02 14:09:24.136427 7f77037d6700 5 Permissions for user not found
2016-06-02 14:09:24.136428 7f77037d6700 5 Searching permissions for group=1 mask=48
2016-06-02 14:09:24.136428 7f77037d6700 5 Permissions for group not found
2016-06-02 14:09:24.136428 7f77037d6700 5 Searching permissions for group=2 mask=48
2016-06-02 14:09:24.136429 7f77037d6700 5 Permissions for group not found
2016-06-02 14:09:24.136429 7f77037d6700 5 Getting permissions id=zone.user owner=foo perm=0
2016-06-02 14:09:24.136430 7f77037d6700 10 uid=zone.user requested perm (type)=16, policy perm=0, user_perm_mask=16, acl perm=0
2016-06-02 14:09:24.136431 7f77037d6700 2 overriding permissions due to system operation
2016-06-02 14:09:24.136431 7f77037d6700 2 req 634:0.000906:s3:GET /lotr/atroll5:get_obj:verifying op params
2016-06-02 14:09:24.136432 7f77037d6700 2 req 634:0.000907:s3:GET /lotr/atroll5:get_obj:pre-executing
2016-06-02 14:09:24.136443 7f77037d6700 2 req 634:0.000918:s3:GET /lotr/atroll5:get_obj:executing
2016-06-02 14:09:24.136459 7f77037d6700 20 get_obj_state: rctx=0x7f77037cf670 obj=lotr:atroll5 state=0x7f77e40117b8 s->prefetch_data=1
2016-06-02 14:09:24.136466 7f77037d6700 20 Read xattr: user.rgw.acl
2016-06-02 14:09:24.136466 7f77037d6700 20 Read xattr: user.rgw.content_type
2016-06-02 14:09:24.136466 7f77037d6700 20 Read xattr: user.rgw.etag
2016-06-02 14:09:24.136467 7f77037d6700 20 Read xattr: user.rgw.idtag
2016-06-02 14:09:24.136467 7f77037d6700 20 Read xattr: user.rgw.manifest
2016-06-02 14:09:24.136467 7f77037d6700 20 Read xattr: user.rgw.pg_ver
2016-06-02 14:09:24.136468 7f77037d6700 20 Read xattr: user.rgw.source_zone
2016-06-02 14:09:24.136477 7f77037d6700 20 get_obj_state: rctx=0x7f77037cf670 obj=lotr:atroll5 state=0x7f77e40117b8 s->prefetch_data=1
2016-06-02 14:09:24.136807 7f77037d6700 20 rados->get_obj_iterate_cb oid=62bc922d-f295-4067-ae36-e23e2f231aad.24099.1__shadow_.cTw_0SM3yZSS-qi1b6KHCc0Ov7cN0wG_1 obj-ofs=524288 read_ofs=0 len=4194304
2016-06-02 14:09:24.136820 7f77037d6700 1 -- 127.0.0.1:0/2000881652 --> 127.0.0.1:6800/30487 -- osd_op(client.24110.0:2575 10.e37cf6b7 62bc922d-f295-4067-ae36-e23e2f231aad.24099.1__shadow_.cTw_0SM3yZSS-qi1b6KHCc0Ov7cN0wG_1 [read 0~4194304] snapc 0=[] ack+read+known_if_redirected e32) v7 -- ?+0 0x7f77e40131f0 con 0x5640603e9110
2016-06-02 14:09:24.136830 7f77037d6700 20 rados->aio_operate r=0 bl.length=0
2016-06-02 14:09:24.136835 7f77037d6700 20 RGWObjManifest::operator++(): rule->part_size=0 rules.size()=1
2016-06-02 14:09:24.136836 7f77037d6700 20 RGWObjManifest::operator++(): result: ofs=4718592 stripe_ofs=4718592 part_ofs=0 rule->part_size=0
2016-06-02 14:09:24.136841 7f77037d6700 20 rados->get_obj_iterate_cb oid=62bc922d-f295-4067-ae36-e23e2f231aad.24099.1__shadow_.cTw_0SM3yZSS-qi1b6KHCc0Ov7cN0wG_2 obj-ofs=4718592 read_ofs=0 len=4194304
2016-06-02 14:09:24.136851 7f77037d6700 1 -- 127.0.0.1:0/2000881652 --> 127.0.0.1:6804/30491 -- osd_op(client.24110.0:2576 10.348f44ba 62bc922d-f295-4067-ae36-e23e2f231aad.24099.1__shadow_.cTw_0SM3yZSS-qi1b6KHCc0Ov7cN0wG_2 [read 0~4194304] snapc 0=[] ack+read+known_if_redirected e32) v7 -- ?+0 0x7f77e4019650 con 0x5640603ecb10
2016-06-02 14:09:24.136862 7f77037d6700 20 rados->aio_operate r=0 bl.length=0
2016-06-02 14:09:24.136866 7f77037d6700 20 RGWObjManifest::operator++(): rule->part_size=0 rules.size()=1
2016-06-02 14:09:24.136867 7f77037d6700 20 RGWObjManifest::operator++(): result: ofs=8912896 stripe_ofs=8912896 part_ofs=0 rule->part_size=0
2016-06-02 14:09:24.136873 7f77037d6700 20 rados->get_obj_iterate_cb oid=62bc922d-f295-4067-ae36-e23e2f231aad.24099.1__shadow_.cTw_0SM3yZSS-qi1b6KHCc0Ov7cN0wG_3 obj-ofs=8912896 read_ofs=0 len=4194304
2016-06-02 14:09:24.136883 7f77037d6700 1 -- 127.0.0.1:0/2000881652 --> 127.0.0.1:6808/30507 -- osd_op(client.24110.0:2577 10.a6c32fe3 62bc922d-f295-4067-ae36-e23e2f231aad.24099.1__shadow_.cTw_0SM3yZSS-qi1b6KHCc0Ov7cN0wG_3 [read 0~4194304] snapc 0=[] ack+read+known_if_redirected e32) v7 -- ?+0 0x7f77e401a5e0 con 0x5640603f1eb0
2016-06-02 14:09:24.136892 7f77037d6700 20 rados->aio_operate r=0 bl.length=0
2016-06-02 14:09:24.136896 7f77037d6700 20 RGWObjManifest::operator++(): rule->part_size=0 rules.size()=1
2016-06-02 14:09:24.136897 7f77037d6700 20 RGWObjManifest::operator++(): result: ofs=13107200 stripe_ofs=13107200 part_ofs=0 rule->part_size=0
2016-06-02 14:09:24.136902 7f77037d6700 20 rados->get_obj_iterate_cb oid=62bc922d-f295-4067-ae36-e23e2f231aad.24099.1__shadow_.cTw_0SM3yZSS-qi1b6KHCc0Ov7cN0wG_4 obj-ofs=13107200 read_ofs=0 len=4194304
2016-06-02 14:09:24.136910 7f77037d6700 1 -- 127.0.0.1:0/2000881652 --> 127.0.0.1:6808/30507 -- osd_op(client.24110.0:2578 10.13cc37d8 62bc922d-f295-4067-ae36-e23e2f231aad.24099.1__shadow_.cTw_0SM3yZSS-qi1b6KHCc0Ov7cN0wG_4 [read 0~4194304] snapc 0=[] ack+read+known_if_redirected e32) v7 -- ?+0 0x7f77e400f970 con 0x5640603f1eb0
2016-06-02 14:09:24.136917 7f77037d6700 20 rados->aio_operate r=0 bl.length=0
2016-06-02 14:09:24.136920 7f77037d6700 20 RGWObjManifest::operator++(): rule->part_size=0 rules.size()=1
2016-06-02 14:09:24.136921 7f77037d6700 20 RGWObjManifest::operator++(): result: ofs=17301504 stripe_ofs=17301504 part_ofs=0 rule->part_size=0
2016-06-02 14:09:24.144427 7f78287f8700 1 -- 127.0.0.1:0/2000881652 <== osd.1 127.0.0.1:6804/30491 654 ==== osd_op_reply(2576 62bc922d-f295-4067-ae36-e23e2f231aad.24099.1__shadow_.cTw_0SM3yZSS-qi1b6KHCc0Ov7cN0wG_2 [read 0~4194304] v0'0 uv3143 ondisk = 0) v7 ==== 207+0+4194304 (2367705719 0 828494437) 0x7f7804007340 con 0x5640603ecb10
2016-06-02 14:09:24.144499 7f78297fa700 20 get_obj_aio_completion_cb: io completion ofs=4718592 len=4194304
2016-06-02 14:09:24.144533 7f77037d6700 20 rados->get_obj_iterate_cb oid=62bc922d-f295-4067-ae36-e23e2f231aad.24099.1__shadow_.cTw_0SM3yZSS-qi1b6KHCc0Ov7cN0wG_5 obj-ofs=17301504 read_ofs=0 len=4194304
2016-06-02 14:09:24.144571 7f77037d6700 1 -- 127.0.0.1:0/2000881652 --> 127.0.0.1:6804/30491 -- osd_op(client.24110.0:2579 10.58ca6322 62bc922d-f295-4067-ae36-e23e2f231aad.24099.1__shadow_.cTw_0SM3yZSS-qi1b6KHCc0Ov7cN0wG_5 [read 0~4194304] snapc 0=[] ack+read+known_if_redirected e32) v7 -- ?+0 0x7f77e400f970 con 0x5640603ecb10
2016-06-02 14:09:24.144585 7f77037d6700 20 rados->aio_operate r=0 bl.length=0
2016-06-02 14:09:24.144601 7f77037d6700 20 RGWObjManifest::operator++(): rule->part_size=0 rules.size()=1
2016-06-02 14:09:24.144602 7f77037d6700 20 RGWObjManifest::operator++(): result: ofs=21495808 stripe_ofs=21495808 part_ofs=0 rule->part_size=0
2016-06-02 14:09:24.144936 7f783820a700 1 -- 127.0.0.1:0/2000881652 <== osd.0 127.0.0.1:6800/30487 1183 ==== osd_op_reply(2575 62bc922d-f295-4067-ae36-e23e2f231aad.24099.1__shadow_.cTw_0SM3yZSS-qi1b6KHCc0Ov7cN0wG_1 [read 0~4194304] v0'0 uv3147 ondisk = 0) v7 ==== 207+0+4194304 (3051763062 0 1627770484) 0x7f780c020f60 con 0x5640603e9110
2016-06-02 14:09:24.144972 7f78297fa700 20 get_obj_aio_completion_cb: io completion ofs=524288 len=4194304
2016-06-02 14:09:24.144991 7f77037d6700 20 rados->get_obj_iterate_cb oid=62bc922d-f295-4067-ae36-e23e2f231aad.24099.1__shadow_.cTw_0SM3yZSS-qi1b6KHCc0Ov7cN0wG_6 obj-ofs=21495808 read_ofs=0 len=4194304
2016-06-02 14:09:24.145007 7f77037d6700 1 -- 127.0.0.1:0/2000881652 --> 127.0.0.1:6808/30507 -- osd_op(client.24110.0:2580 10.19ff8d9d 62bc922d-f295-4067-ae36-e23e2f231aad.24099.1__shadow_.cTw_0SM3yZSS-qi1b6KHCc0Ov7cN0wG_6 [read 0~4194304] snapc 0=[] ack+read+known_if_redirected e32) v7 -- ?+0 0x7f77e4010770 con 0x5640603f1eb0
2016-06-02 14:09:24.145021 7f77037d6700 20 rados->aio_operate r=0 bl.length=0
2016-06-02 14:09:24.145796 7f78285f6700 1 -- 127.0.0.1:0/2000881652 <== osd.2 127.0.0.1:6808/30507 882 ==== osd_op_reply(2578 62bc922d-f295-4067-ae36-e23e2f231aad.24099.1__shadow_.cTw_0SM3yZSS-qi1b6KHCc0Ov7cN0wG_4 [read 0~4194304] v0'0 uv2961 ondisk = 0) v7 ==== 207+0+4194304 (3197539961 0 1622225404) 0x7f77fc0213c0 con 0x5640603f1eb0
2016-06-02 14:09:24.148442 7f77037d6700 20 RGWObjManifest::operator++(): rule->part_size=0 rules.size()=1
2016-06-02 14:09:24.148471 7f77037d6700 20 RGWObjManifest::operator++(): result: ofs=25690112 stripe_ofs=25690112 part_ofs=0 rule->part_size=0
2016-06-02 14:09:24.148557 7f78297fa700 20 get_obj_aio_completion_cb: io completion ofs=13107200 len=4194304
2016-06-02 14:09:24.148820 7f78285f6700 1 -- 127.0.0.1:0/2000881652 <== osd.2 127.0.0.1:6808/30507 883 ==== osd_op_reply(2577 62bc922d-f295-4067-ae36-e23e2f231aad.24099.1__shadow_.cTw_0SM3yZSS-qi1b6KHCc0Ov7cN0wG_3 [read 0~4194304] v0'0 uv3072 ondisk = 0) v7 ==== 207+0+4194304 (3761519233 0 3945593134) 0x7f77fc0213c0 con 0x5640603f1eb0
2016-06-02 14:09:24.148879 7f78297fa700 20 get_obj_aio_completion_cb: io completion ofs=8912896 len=4194304
2016-06-02 14:09:24.154080 7f77037d6700 20 rados->get_obj_iterate_cb oid=62bc922d-f295-4067-ae36-e23e2f231aad.24099.1__shadow_.cTw_0SM3yZSS-qi1b6KHCc0Ov7cN0wG_7 obj-ofs=25690112 read_ofs=0 len=4194304
2016-06-02 14:09:24.154117 7f77037d6700 1 -- 127.0.0.1:0/2000881652 --> 127.0.0.1:6804/30491 -- osd_op(client.24110.0:2581 10.d858fc2a 62bc922d-f295-4067-ae36-e23e2f231aad.24099.1__shadow_.cTw_0SM3yZSS-qi1b6KHCc0Ov7cN0wG_7 [read 0~4194304] snapc 0=[] ack+read+known_if_redirected e32) v7 -- ?+0 0x7f77e4010770 con 0x5640603ecb10
2016-06-02 14:09:24.154591 7f78285f6700 1 -- 127.0.0.1:0/2000881652 <== osd.2 127.0.0.1:6808/30507 884 ==== osd_op_reply(2580 62bc922d-f295-4067-ae36-e23e2f231aad.24099.1__shadow_.cTw_0SM3yZSS-qi1b6KHCc0Ov7cN0wG_6 [read 0~4194304] v0'0 uv3123 ondisk = 0) v7 ==== 207+0+4194304 (1494897817 0 419696575) 0x7f77fc0213c0 con 0x5640603f1eb0
2016-06-02 14:09:24.154635 7f78297fa700 20 get_obj_aio_completion_cb: io completion ofs=21495808 len=4194304
2016-06-02 14:09:24.155380 7f78287f8700 1 -- 127.0.0.1:0/2000881652 <== osd.1 127.0.0.1:6804/30491 655 ==== osd_op_reply(2579 62bc922d-f295-4067-ae36-e23e2f231aad.24099.1__shadow_.cTw_0SM3yZSS-qi1b6KHCc0Ov7cN0wG_5 [read 0~4194304] v0'0 uv3152 ondisk = 0) v7 ==== 207+0+4194304 (1963370726 0 3157491970) 0x7f7804007340 con 0x5640603ecb10
2016-06-02 14:09:24.156872 7f77037d6700 20 rados->aio_operate r=0 bl.length=0
2016-06-02 14:09:24.156900 7f78297fa700 20 get_obj_aio_completion_cb: io completion ofs=17301504 len=4194304
2016-06-02 14:09:24.162586 7f78287f8700 1 -- 127.0.0.1:0/2000881652 <== osd.1 127.0.0.1:6804/30491 656 ==== osd_op_reply(2581 62bc922d-f295-4067-ae36-e23e2f231aad.24099.1__shadow_.cTw_0SM3yZSS-qi1b6KHCc0Ov7cN0wG_7 [read 0~4194304] v0'0 uv3161 ondisk = 0) v7 ==== 207+0+4194304 (1699315637 0 600769771) 0x7f7804007340 con 0x5640603ecb10
2016-06-02 14:09:24.162626 7f78297fa700 20 get_obj_aio_completion_cb: io completion ofs=25690112 len=4194304
2016-06-02 14:09:24.213700 7f77037d6700 20 RGWObjManifest::operator++(): rule->part_size=0 rules.size()=1
2016-06-02 14:09:24.213710 7f77037d6700 20 RGWObjManifest::operator++(): result: ofs=29884416 stripe_ofs=29884416 part_ofs=0 rule->part_size=0
2016-06-02 14:09:24.213728 7f77037d6700 20 rados->get_obj_iterate_cb oid=62bc922d-f295-4067-ae36-e23e2f231aad.24099.1__shadow_.cTw_0SM3yZSS-qi1b6KHCc0Ov7cN0wG_8 obj-ofs=29884416 read_ofs=0 len=4194304
2016-06-02 14:09:24.213753 7f77037d6700 1 -- 127.0.0.1:0/2000881652 --> 127.0.0.1:6800/30487 -- osd_op(client.24110.0:2582 10.e4842747 62bc922d-f295-4067-ae36-e23e2f231aad.24099.1__shadow_.cTw_0SM3yZSS-qi1b6KHCc0Ov7cN0wG_8 [read 0~4194304] snapc 0=[] ack+read+known_if_redirected e32) v7 -- ?+0 0x7f77e4010770 con 0x5640603e9110
2016-06-02 14:09:24.213769 7f77037d6700 20 rados->aio_operate r=0 bl.length=0
2016-06-02 14:09:24.217979 7f783820a700 1 -- 127.0.0.1:0/2000881652 <== osd.0 127.0.0.1:6800/30487 1184 ==== osd_op_reply(2582 62bc922d-f295-4067-ae36-e23e2f231aad.24099.1__shadow_.cTw_0SM3yZSS-qi1b6KHCc0Ov7cN0wG_8 [read 0~4194304] v0'0 uv3156 ondisk = 0) v7 ==== 207+0+4194304 (4241568915 0 811829995) 0x7f780c020f60 con 0x5640603e9110
2016-06-02 14:09:24.218057 7f78297fa700 20 get_obj_aio_completion_cb: io completion ofs=29884416 len=4194304
2016-06-02 14:09:24.377308 7f77037d6700 20 RGWObjManifest::operator++(): rule->part_size=0 rules.size()=1
2016-06-02 14:09:24.377319 7f77037d6700 20 RGWObjManifest::operator++(): result: ofs=34078720 stripe_ofs=34078720 part_ofs=0 rule->part_size=0
2016-06-02 14:09:24.377339 7f77037d6700 20 rados->get_obj_iterate_cb oid=62bc922d-f295-4067-ae36-e23e2f231aad.24099.1__shadow_.cTw_0SM3yZSS-qi1b6KHCc0Ov7cN0wG_9 obj-ofs=34078720 read_ofs=0 len=4194304
2016-06-02 14:09:24.377364 7f77037d6700 1 -- 127.0.0.1:0/2000881652 --> 127.0.0.1:6808/30507 -- osd_op(client.24110.0:2583 10.61804a5b 62bc922d-f295-4067-ae36-e23e2f231aad.24099.1__shadow_.cTw_0SM3yZSS-qi1b6KHCc0Ov7cN0wG_9 [read 0~4194304] snapc 0=[] ack+read+known_if_redirected e32) v7 -- ?+0 0x7f77e409d2e0 con 0x5640603f1eb0
2016-06-02 14:09:24.377429 7f77037d6700 20 rados->aio_operate r=0 bl.length=0
2016-06-02 14:09:24.385129 7f78285f6700 1 -- 127.0.0.1:0/2000881652 <== osd.2 127.0.0.1:6808/30507 885 ==== osd_op_reply(2583 62bc922d-f295-4067-ae36-e23e2f231aad.24099.1__shadow_.cTw_0SM3yZSS-qi1b6KHCc0Ov7cN0wG_9 [read 0~4194304] v0'0 uv3081 ondisk = 0) v7 ==== 207+0+4194304 (3557324891 0 1051509891) 0x7f77fc0213c0 con 0x5640603f1eb0
2016-06-02 14:09:24.385173 7f78297fa700 20 get_obj_aio_completion_cb: io completion ofs=34078720 len=4194304
2016-06-02 14:09:24.396619 7f783940e700 1 -- 127.0.0.1:0/2000881652 --> 127.0.0.1:6804/30491 -- osd_op(client.24110.0:2584 2.4322fa9f notify.0 [watch ping cookie 94834492702224] snapc 0=[] ondisk+write+known_if_redirected e32) v7 -- ?+0 0x7f77f8015850 con 0x5640603ecb10
2016-06-02 14:09:24.396660 7f783940e700 1 -- 127.0.0.1:0/2000881652 --> 127.0.0.1:6804/30491 -- osd_op(client.24110.0:2585 2.88aa5c95 notify.2 [watch ping cookie 94834492706960] snapc 0=[] ondisk+write+known_if_redirected e32) v7 -- ?+0 0x7f77f80162c0 con 0x5640603ecb10
2016-06-02 14:09:24.396678 7f783940e700 1 -- 127.0.0.1:0/2000881652 --> 127.0.0.1:6804/30491 -- osd_op(client.24110.0:2586 2.f8c99aee notify.3 [watch ping cookie 94834492709872] snapc 0=[] ondisk+write+known_if_redirected e32) v7 -- ?+0 0x7f77f8016dd0 con 0x5640603ecb10
2016-06-02 14:09:24.396732 7f783940e700 1 -- 127.0.0.1:0/2000881652 --> 127.0.0.1:6804/30491 -- osd_op(client.24110.0:2587 2.a204812d notify.4 [watch ping cookie 94834492712752] snapc 0=[] ondisk+write+known_if_redirected e32) v7 -- ?+0 0x7f77f80183c0 con 0x5640603ecb10
2016-06-02 14:09:24.396752 7f783940e700 1 -- 127.0.0.1:0/2000881652 --> 127.0.0.1:6804/30491 -- osd_op(client.24110.0:2588 2.31099063 notify.5 [watch ping cookie 94834492715648] snapc 0=[] ondisk+write+known_if_redirected e32) v7 -- ?+0 0x7f77f8018ac0 con 0x5640603ecb10
2016-06-02 14:09:24.396759 7f783940e700 1 -- 127.0.0.1:0/2000881652 --> 127.0.0.1:6804/30491 -- osd_op(client.24110.0:2589 2.97c520d4 notify.6 [watch ping cookie 94834492718368] snapc 0=[] ondisk+write+known_if_redirected e32) v7 -- ?+0 0x7f77f8019520 con 0x5640603ecb10
2016-06-02 14:09:24.396785 7f783940e700 1 -- 127.0.0.1:0/2000881652 --> 127.0.0.1:6808/30507 -- osd_op(client.24110.0:2590 2.16dafda0 notify.1 [watch ping cookie 94834492703856] snapc 0=[] ondisk+write+known_if_redirected e32) v7 -- ?+0 0x7f77f8019ba0 con 0x5640603f1eb0
2016-06-02 14:09:24.396818 7f783940e700 1 -- 127.0.0.1:0/2000881652 --> 127.0.0.1:6808/30507 -- osd_op(client.24110.0:2591 2.84ada7c9 notify.7 [watch ping cookie 94834492721344] snapc 0=[] ondisk+write+known_if_redirected e32) v7 -- ?+0 0x7f77f801a220 con 0x5640603f1eb0
2016-06-02 14:09:24.396865 7f783940e700 1 -- 127.0.0.1:0/2000881652 --> 127.0.0.1:6804/30491 -- ping magic: 0 v1 -- ?+0 0x7f77f80183c0 con 0x5640603ecb10
2016-06-02 14:09:24.396871 7f783940e700 1 -- 127.0.0.1:0/2000881652 --> 127.0.0.1:6808/30507 -- ping magic: 0 v1 -- ?+0 0x7f77f801a8a0 con 0x5640603f1eb0
2016-06-02 14:09:24.397158 7f78285f6700 1 -- 127.0.0.1:0/2000881652 <== osd.2 127.0.0.1:6808/30507 886 ==== osd_op_reply(2590 notify.1 [watch ping cookie 94834492703856] v0'0 uv1 ondisk = 0) v7 ==== 128+0+0 (689729908 0 0) 0x7f77fc0213c0 con 0x5640603f1eb0
2016-06-02 14:09:24.397286 7f78285f6700 1 -- 127.0.0.1:0/2000881652 <== osd.2 127.0.0.1:6808/30507 887 ==== osd_op_reply(2591 notify.7 [watch ping cookie 94834492721344] v0'0 uv1 ondisk = 0) v7 ==== 128+0+0 (1842238908 0 0) 0x7f77fc0213c0 con 0x5640603f1eb0
2016-06-02 14:09:24.397370 7f78287f8700 1 -- 127.0.0.1:0/2000881652 <== osd.1 127.0.0.1:6804/30491 657 ==== osd_op_reply(2585 notify.2 [watch ping cookie 94834492706960] v0'0 uv1 ondisk = 0) v7 ==== 128+0+0 (3592388915 0 0) 0x7f7804007340 con 0x5640603ecb10
2016-06-02 14:09:24.397455 7f78287f8700 1 -- 127.0.0.1:0/2000881652 <== osd.1 127.0.0.1:6804/30491 658 ==== osd_op_reply(2584 notify.0 [watch ping cookie 94834492702224] v0'0 uv1 ondisk = 0) v7 ==== 128+0+0 (4158488181 0 0) 0x7f7804007340 con 0x5640603ecb10
2016-06-02 14:09:24.397497 7f78287f8700 1 -- 127.0.0.1:0/2000881652 <== osd.1 127.0.0.1:6804/30491 659 ==== osd_op_reply(2586 notify.3 [watch ping cookie 94834492709872] v0'0 uv1 ondisk = 0) v7 ==== 128+0+0 (1695028518 0 0) 0x7f7804007340 con 0x5640603ecb10
2016-06-02 14:09:24.397514 7f78287f8700 1 -- 127.0.0.1:0/2000881652 <== osd.1 127.0.0.1:6804/30491 660 ==== osd_op_reply(2587 notify.4 [watch ping cookie 94834492712752] v0'0 uv3 ondisk = 0) v7 ==== 128+0+0 (1823463381 0 0) 0x7f7804007340 con 0x5640603ecb10
2016-06-02 14:09:24.397531 7f78287f8700 1 -- 127.0.0.1:0/2000881652 <== osd.1 127.0.0.1:6804/30491 661 ==== osd_op_reply(2588 notify.5 [watch ping cookie 94834492715648] v0'0 uv1 ondisk = 0) v7 ==== 128+0+0 (3716607297 0 0) 0x7f7804007340 con 0x5640603ecb10
2016-06-02 14:09:24.397550 7f78287f8700 1 -- 127.0.0.1:0/2000881652 <== osd.1 127.0.0.1:6804/30491 662 ==== osd_op_reply(2589 notify.6 [watch ping cookie 94834492718368] v0'0 uv1 ondisk = 0) v7 ==== 128+0+0 (1447217987 0 0) 0x7f7804007340 con 0x5640603ecb10
2016-06-02 14:09:24.438598 7f77037d6700 20 RGWObjManifest::operator++(): rule->part_size=0 rules.size()=1
2016-06-02 14:09:24.438608 7f77037d6700 20 RGWObjManifest::operator++(): result: ofs=38273024 stripe_ofs=38273024 part_ofs=0 rule->part_size=0
2016-06-02 14:09:24.438625 7f77037d6700 20 rados->get_obj_iterate_cb oid=62bc922d-f295-4067-ae36-e23e2f231aad.24099.1__shadow_.cTw_0SM3yZSS-qi1b6KHCc0Ov7cN0wG_10 obj-ofs=38273024 read_ofs=0 len=4194304
2016-06-02 14:09:24.438661 7f77037d6700 1 -- 127.0.0.1:0/2000881652 --> 127.0.0.1:6808/30507 -- osd_op(client.24110.0:2592 10.365fe1ab 62bc922d-f295-4067-ae36-e23e2f231aad.24099.1__shadow_.cTw_0SM3yZSS-qi1b6KHCc0Ov7cN0wG_10 [read 0~4194304] snapc 0=[] ack+read+known_if_redirected e32) v7 -- ?+0 0x7f77e409db30 con 0x5640603f1eb0
2016-06-02 14:09:24.440890 7f77037d6700 20 rados->aio_operate r=0 bl.length=0
2016-06-02 14:09:24.442562 7f78285f6700 1 -- 127.0.0.1:0/2000881652 <== osd.2 127.0.0.1:6808/30507 888 ==== osd_op_reply(2592 62bc922d-f295-4067-ae36-e23e2f231aad.24099.1__shadow_.cTw_0SM3yZSS-qi1b6KHCc0Ov7cN0wG_10 [read 0~4194304] v0'0 uv3090 ondisk = 0) v7 ==== 208+0+4194304 (1330586322 0 1798421877) 0x7f77fc0213c0 con 0x5640603f1eb0
2016-06-02 14:09:24.442642 7f78297fa700 20 get_obj_aio_completion_cb: io completion ofs=38273024 len=4194304
2016-06-02 14:09:24.501983 7f76e6f9d700 1 -- 127.0.0.1:0/2056988180 --> 127.0.0.1:6808/30507 -- osd_op(client.24113.0:10 1.fd9d5d69 realms.00b17c78-da61-464b-906a-81dbe28b899d.control [watch ping cookie 94834493713904] snapc 0=[] ondisk+write+known_if_redirected e32) v7 -- ?+0 0x7f77fc024770 con 0x5640604f3290
2016-06-02 14:09:24.502005 7f76e6f9d700 1 -- 127.0.0.1:0/2056988180 --> 127.0.0.1:6808/30507 -- ping magic: 0 v1 -- ?+0 0x7f77fc0146c0 con 0x5640604f3290
2016-06-02 14:09:24.502447 7f78281f2700 1 -- 127.0.0.1:0/2056988180 <== osd.2 127.0.0.1:6808/30507 10 ==== osd_op_reply(10 realms.00b17c78-da61-464b-906a-81dbe28b899d.control [watch ping cookie 94834493713904] v0'0 uv1 ondisk = 0) v7 ==== 171+0+0 (3084123279 0 0) 0x7f77e801def0 con 0x5640604f3290
2016-06-02 14:09:24.543142 7f7760ff9700 20 cr:s=0x7f773c182de0:op=0x7f773c1fd4c0:18RGWDataSyncShardCR: operate()
2016-06-02 14:09:24.543223 7f7760ff9700 20 cr:s=0x7f773c182de0:op=0x7f773c389ee0:31RGWReadRemoteDataLogShardInfoCR: operate()
2016-06-02 14:09:24.543290 7f7760ff9700 20 RGWEnv::set(): HTTP_DATE: Thu Jun 2 12:09:24 2016
2016-06-02 14:09:24.543293 7f7760ff9700 20 > HTTP_DATE -> Thu Jun 2 12:09:24 2016
2016-06-02 14:09:24.543297 7f7760ff9700 10 get_canon_resource(): dest=/admin/log/
2016-06-02 14:09:24.543298 7f7760ff9700 10 generated canonical header: GET Thu Jun 2 12:09:24 2016 /admin/log/
2016-06-02 14:09:24.543326 7f7760ff9700 15 generated auth header: AWS 1555b35654ad1656d804:n6KhFOcNmaQimXxzRxlxFYI/8SU=
2016-06-02 14:09:24.543334 7f7760ff9700 20 sending request to http://localhost:8002/admin/log/?type=data&id=36&info&rgwx-zonegroup=9e28164a-9dc5-4a79-8932-2fe63613d26a
2016-06-02 14:09:24.543342 7f7760ff9700 20 register_request mgr=0x5640604329f8 req_data->id=335, easy_handle=0x7f773c380450
2016-06-02 14:09:24.543349 7f7760ff9700 20 run: stack=0x7f773c182de0 is io blocked
2016-06-02 14:09:24.543361 7f77477fe700 20 link_request req_data=0x7f773c18d3d0 req_data->id=335, easy_handle=0x7f773c380450
2016-06-02 14:09:24.544144 7f77477fe700 10 receive_http_header
2016-06-02 14:09:24.544148 7f77477fe700 10 received header:HTTP/1.1 200 OK
2016-06-02 14:09:24.544149 7f77477fe700 10 receive_http_header
2016-06-02 14:09:24.544150 7f77477fe700 10 received header:x-amz-request-id: tx0000000000000000001f0-00575021f4-3728-us-west
2016-06-02 14:09:24.544153 7f77477fe700 10 receive_http_header
2016-06-02 14:09:24.544153 7f77477fe700 10 received header:Content-Length: 83
2016-06-02 14:09:24.544154 7f77477fe700 10 receive_http_header
2016-06-02 14:09:24.544155 7f77477fe700 10 received header:Date: Thu, 02 Jun 2016 12:09:24 GMT
2016-06-02 14:09:24.544156 7f77477fe700 10 receive_http_header
2016-06-02 14:09:24.544156 7f77477fe700 10 received header:
2016-06-02 14:09:24.544202 7f7760ff9700 20 cr:s=0x7f773c182de0:op=0x7f773c389ee0:31RGWReadRemoteDataLogShardInfoCR: operate()
2016-06-02 14:09:24.544485 7f7760ff9700 20 cr:s=0x7f773c182de0:op=0x7f773c1fd4c0:18RGWDataSyncShardCR: operate()
2016-06-02 14:09:24.544489 7f7760ff9700 20 incremental_sync:1057: shard_id=36 datalog_marker=1_1464869342.751510_3798.1 sync_marker.marker=1_1464869342.751510_3798.1
2016-06-02 14:09:24.544491 7f7760ff9700 20 incremental_sync:1104: shard_id=36 datalog_marker=1_1464869342.751510_3798.1 sync_marker.marker=1_1464869342.751510_3798.1
2016-06-02 14:09:24.544497 7f7760ff9700 20 run: stack=0x7f773c182de0 is io blocked
2016-06-02 14:09:24.546131 7f770a7e4700 20 RGWEnv::set(): HTTP_HOST: localhost:8001
2016-06-02 14:09:24.546137 7f770a7e4700 20 RGWEnv::set(): HTTP_ACCEPT: */*
2016-06-02 14:09:24.546138 7f770a7e4700 20 RGWEnv::set(): HTTP_TRANSFER_ENCODING: chunked
2016-06-02 14:09:24.546140 7f770a7e4700 20 RGWEnv::set(): HTTP_AUTHORIZATION: AWS 1555b35654ad1656d804:n6KhFOcNmaQimXxzRxlxFYI/8SU=
2016-06-02 14:09:24.546143 7f770a7e4700 20 RGWEnv::set(): HTTP_DATE: Thu Jun 2 12:09:24 2016
2016-06-02 14:09:24.546144 7f770a7e4700 20 RGWEnv::set(): HTTP_EXPECT: 100-continue
2016-06-02 14:09:24.546144 7f770a7e4700 20 RGWEnv::set(): REQUEST_METHOD: GET
2016-06-02 14:09:24.546145 7f770a7e4700 20 RGWEnv::set(): REQUEST_URI: /admin/log/
2016-06-02 14:09:24.546146 7f770a7e4700 20 RGWEnv::set(): QUERY_STRING: type=data&id=36&info&rgwx-zonegroup=9e28164a-9dc5-4a79-8932-2fe63613d26a
2016-06-02 14:09:24.546147 7f770a7e4700 20 RGWEnv::set(): REMOTE_USER:
2016-06-02 14:09:24.546147 7f770a7e4700 20 RGWEnv::set(): SCRIPT_URI: /admin/log/
2016-06-02 14:09:24.546148 7f770a7e4700 20 RGWEnv::set(): SERVER_PORT: 8001
2016-06-02 14:09:24.546149 7f770a7e4700 20 HTTP_ACCEPT=*/*
2016-06-02 14:09:24.546149 7f770a7e4700 20 HTTP_AUTHORIZATION=AWS 1555b35654ad1656d804:n6KhFOcNmaQimXxzRxlxFYI/8SU=
2016-06-02 14:09:24.546150 7f770a7e4700 20 HTTP_DATE=Thu Jun 2 12:09:24 2016
2016-06-02 14:09:24.546150 7f770a7e4700 20 HTTP_EXPECT=100-continue
2016-06-02 14:09:24.546150 7f770a7e4700 20 HTTP_HOST=localhost:8001
2016-06-02 14:09:24.546151 7f770a7e4700 20 HTTP_TRANSFER_ENCODING=chunked
2016-06-02 14:09:24.546151 7f770a7e4700 20 QUERY_STRING=type=data&id=36&info&rgwx-zonegroup=9e28164a-9dc5-4a79-8932-2fe63613d26a
2016-06-02 14:09:24.546151 7f770a7e4700 20 REMOTE_USER=
2016-06-02 14:09:24.546152 7f770a7e4700 20 REQUEST_METHOD=GET
2016-06-02 14:09:24.546152 7f770a7e4700 20 REQUEST_URI=/admin/log/
2016-06-02 14:09:24.546152 7f770a7e4700 20 SCRIPT_URI=/admin/log/
2016-06-02 14:09:24.546153 7f770a7e4700 20 SERVER_PORT=8001
2016-06-02 14:09:24.546154 7f770a7e4700 1 ====== starting new request req=0x7f770a7de790 =====
2016-06-02 14:09:24.546163 7f770a7e4700 2 req 635:0.000010::GET /admin/log/::initializing for trans_id = tx00000000000000000027b-00575021f4-5e2e-us-east-1
2016-06-02 14:09:24.546166 7f770a7e4700 10 host=localhost
2016-06-02 14:09:24.546169 7f770a7e4700 20 subdomain= domain=localhost in_hosted_domain=1 in_hosted_domain_s3website=0
2016-06-02 14:09:24.546185 7f770a7e4700 10 handler=14RGWHandler_Log
2016-06-02 14:09:24.546186 7f770a7e4700 2 req 635:0.000032::GET /admin/log/::getting op 0
2016-06-02 14:09:24.546189 7f770a7e4700 10 op=23RGWOp_DATALog_ShardInfo
2016-06-02 14:09:24.546190 7f770a7e4700 2 req 635:0.000036::GET /admin/log/:get_data_changes_log_shard_info:authorizing
2016-06-02 14:09:24.546204 7f770a7e4700 10 get_canon_resource(): dest=/admin/log/
2016-06-02 14:09:24.546205 7f770a7e4700 10 auth_hdr: GET Thu Jun 2 12:09:24 2016 /admin/log/
2016-06-02 14:09:24.546225 7f770a7e4700 15 calculated digest=n6KhFOcNmaQimXxzRxlxFYI/8SU=
2016-06-02 14:09:24.546225 7f770a7e4700 15 auth_sign=n6KhFOcNmaQimXxzRxlxFYI/8SU=
2016-06-02 14:09:24.546226 7f770a7e4700 15 compare=0
2016-06-02 14:09:24.546227 7f770a7e4700 20 system request
2016-06-02 14:09:24.546229 7f770a7e4700 2 req 635:0.000075::GET /admin/log/:get_data_changes_log_shard_info:normalizing buckets and tenants
2016-06-02 14:09:24.546230 7f770a7e4700 2 req 635:0.000076::GET /admin/log/:get_data_changes_log_shard_info:init permissions
2016-06-02 14:09:24.546232 7f770a7e4700 2 req 635:0.000078::GET /admin/log/:get_data_changes_log_shard_info:recalculating target
2016-06-02 14:09:24.546233 7f770a7e4700 2 req 635:0.000079::GET /admin/log/:get_data_changes_log_shard_info:reading permissions
2016-06-02 14:09:24.546234 7f770a7e4700 2 req 635:0.000080::GET /admin/log/:get_data_changes_log_shard_info:init op
2016-06-02 14:09:24.546235 7f770a7e4700 2 req 635:0.000081::GET /admin/log/:get_data_changes_log_shard_info:verifying op mask
2016-06-02 14:09:24.546236 7f770a7e4700 20 required_mask= 0 user.op_mask=7
2016-06-02 14:09:24.546236 7f770a7e4700 2 req 635:0.000083::GET /admin/log/:get_data_changes_log_shard_info:verifying op permissions
2016-06-02 14:09:24.546237 7f770a7e4700 2 overriding permissions due to system operation
2016-06-02 14:09:24.546238 7f770a7e4700 2 req 635:0.000084::GET /admin/log/:get_data_changes_log_shard_info:verifying op params
2016-06-02 14:09:24.546238 7f770a7e4700 2 req 635:0.000085::GET /admin/log/:get_data_changes_log_shard_info:pre-executing
2016-06-02 14:09:24.546239 7f770a7e4700 2 req 635:0.000085::GET /admin/log/:get_data_changes_log_shard_info:executing
2016-06-02 14:09:24.546284 7f770a7e4700 1 -- 127.0.0.1:0/2000881652 --> 127.0.0.1:6800/30487 -- osd_op(client.24110.0:2593 5.f9325cdd data_log.36 [call log.info] snapc 0=[] ack+read+known_if_redirected e32) v7 -- ?+0 0x7f779c039430 con 0x5640603e9110
2016-06-02 14:09:24.546700 7f783820a700 1 -- 127.0.0.1:0/2000881652 <== osd.0 127.0.0.1:6800/30487 1185 ==== osd_op_reply(2593 data_log.36 [call] v0'0 uv1686 ondisk = 0) v7 ==== 131+0+50 (2178453349 0 3348773465) 0x7f780c020f60 con 0x5640603e9110
2016-06-02 14:09:24.546750 7f770a7e4700 2 req 635:0.000596::GET /admin/log/:get_data_changes_log_shard_info:completing
2016-06-02 14:09:24.546799 7f770a7e4700 2 req 635:0.000645::GET /admin/log/:get_data_changes_log_shard_info:op status=0
2016-06-02 14:09:24.546802 7f770a7e4700 2 req 635:0.000648::GET /admin/log/:get_data_changes_log_shard_info:http status=200
2016-06-02 14:09:24.546803 7f770a7e4700 1 ====== req done req=0x7f770a7de790 op status=0 http_status=200 ======
2016-06-02 14:09:24.546823 7f770a7e4700 1 civetweb: 0x7f779c003e30: 127.0.0.1 - - [02/Jun/2016:14:09:24 +0200] "GET /admin/log/ HTTP/1.1" 200 0 - -
2016-06-02 14:09:24.608439 7f77037d6700 20 RGWObjManifest::operator++(): rule->part_size=0 rules.size()=1
2016-06-02 14:09:24.608484 7f77037d6700 20 RGWObjManifest::operator++(): result: ofs=42467328 stripe_ofs=42467328 part_ofs=0 rule->part_size=0
2016-06-02 14:09:24.608513 7f77037d6700 20 rados->get_obj_iterate_cb oid=62bc922d-f295-4067-ae36-e23e2f231aad.24099.1__shadow_.cTw_0SM3yZSS-qi1b6KHCc0Ov7cN0wG_11 obj-ofs=42467328 read_ofs=0 len=4194304
2016-06-02 14:09:24.608546 7f77037d6700 1 -- 127.0.0.1:0/2000881652 --> 127.0.0.1:6808/30507 -- osd_op(client.24110.0:2594 10.ad22732b 62bc922d-f295-4067-ae36-e23e2f231aad.24099.1__shadow_.cTw_0SM3yZSS-qi1b6KHCc0Ov7cN0wG_11 [read 0~4194304] snapc 0=[] ack+read+known_if_redirected e32) v7 -- ?+0 0x7f77e409e360 con 0x5640603f1eb0
2016-06-02 14:09:24.608587 7f77037d6700 20 rados->aio_operate r=0 bl.length=0
2016-06-02 14:09:24.616238 7f77037d6700 20 RGWObjManifest::operator++(): rule->part_size=0 rules.size()=1
2016-06-02 14:09:24.616670 7f77037d6700 20 RGWObjManifest::operator++(): result: ofs=46661632 stripe_ofs=46661632 part_ofs=0 rule->part_size=0
2016-06-02 14:09:24.616703 7f77037d6700 20 rados->get_obj_iterate_cb oid=62bc922d-f295-4067-ae36-e23e2f231aad.24099.1__shadow_.cTw_0SM3yZSS-qi1b6KHCc0Ov7cN0wG_12 obj-ofs=46661632 read_ofs=0 len=4194304
2016-06-02 14:09:24.616743 7f77037d6700 1 -- 127.0.0.1:0/2000881652 --> 127.0.0.1:6800/30487 -- osd_op(client.24110.0:2595 10.47c0a1cf 62bc922d-f295-4067-ae36-e23e2f231aad.24099.1__shadow_.cTw_0SM3yZSS-qi1b6KHCc0Ov7cN0wG_12 [read 0~4194304] snapc 0=[] ack+read+known_if_redirected e32) v7 -- ?+0 0x7f77e409efd0 con 0x5640603e9110
2016-06-02 14:09:24.616763 7f77037d6700 20 rados->aio_operate r=0 bl.length=0
2016-06-02 14:09:24.616770 7f77037d6700 20 RGWObjManifest::operator++(): rule->part_size=0 rules.size()=1
2016-06-02 14:09:24.616771 7f77037d6700 20 RGWObjManifest::operator++(): result: ofs=50855936 stripe_ofs=50855936 part_ofs=0 rule->part_size=0
2016-06-02 14:09:24.616778 7f77037d6700 20 rados->get_obj_iterate_cb oid=62bc922d-f295-4067-ae36-e23e2f231aad.24099.1__shadow_.cTw_0SM3yZSS-qi1b6KHCc0Ov7cN0wG_13 obj-ofs=50855936 read_ofs=0 len=4194304
2016-06-02 14:09:24.616793 7f77037d6700 1 -- 127.0.0.1:0/2000881652 --> 127.0.0.1:6808/30507 -- osd_op(client.24110.0:2596 10.260378d3 62bc922d-f295-4067-ae36-e23e2f231aad.24099.1__shadow_.cTw_0SM3yZSS-qi1b6KHCc0Ov7cN0wG_13 [read 0~4194304] snapc 0=[] ack+read+known_if_redirected e32) v7 -- ?+0 0x7f77e40a0000 con 0x5640603f1eb0
2016-06-02 14:09:24.619606 7f77037d6700 20 rados->aio_operate r=0 bl.length=0
2016-06-02 14:09:24.619676 7f77037d6700 20 RGWObjManifest::operator++(): rule->part_size=0 rules.size()=1
2016-06-02 14:09:24.619695 7f77037d6700 20 RGWObjManifest::operator++(): result: ofs=55050240 stripe_ofs=55050240 part_ofs=0 rule->part_size=0
2016-06-02 14:09:24.619738 7f77037d6700 20 rados->get_obj_iterate_cb oid=62bc922d-f295-4067-ae36-e23e2f231aad.24099.1__shadow_.cTw_0SM3yZSS-qi1b6KHCc0Ov7cN0wG_14 obj-ofs=55050240 read_ofs=0 len=4194304
2016-06-02 14:09:24.619814 7f77037d6700 1 -- 127.0.0.1:0/2000881652 --> 127.0.0.1:6800/30487 -- osd_op(client.24110.0:2597 10.a468d144 62bc922d-f295-4067-ae36-e23e2f231aad.24099.1__shadow_.cTw_0SM3yZSS-qi1b6KHCc0Ov7cN0wG_14 [read 0~4194304] snapc 0=[] ack+read+known_if_redirected e32) v7 -- ?+0 0x7f77e40a0a30 con 0x5640603e9110
2016-06-02 14:09:24.619860 7f77037d6700 20 rados->aio_operate r=0 bl.length=0
2016-06-02 14:09:24.619880 7f77037d6700 20 RGWObjManifest::operator++(): rule->part_size=0 rules.size()=1
2016-06-02 14:09:24.619897 7f77037d6700 20 RGWObjManifest::operator++(): result: ofs=59244544 stripe_ofs=59244544 part_ofs=0 rule->part_size=0
2016-06-02 14:09:24.620687 7f78285f6700 1 -- 127.0.0.1:0/2000881652 <== osd.2 127.0.0.1:6808/30507 889 ==== osd_op_reply(2594 62bc922d-f295-4067-ae36-e23e2f231aad.24099.1__shadow_.cTw_0SM3yZSS-qi1b6KHCc0Ov7cN0wG_11 [read 0~4194304] v0'0 uv3099 ondisk = 0) v7 ==== 208+0+4194304 (1206797462 0 2473665620) 0x7f77fc0213c0 con 0x5640603f1eb0
2016-06-02 14:09:24.620732 7f78297fa700 20 get_obj_aio_completion_cb: io completion ofs=42467328 len=4194304
2016-06-02 14:09:24.620764 7f77037d6700 20 rados->get_obj_iterate_cb oid=62bc922d-f295-4067-ae36-e23e2f231aad.24099.1__shadow_.cTw_0SM3yZSS-qi1b6KHCc0Ov7cN0wG_15 obj-ofs=59244544 read_ofs=0 len=4194304
2016-06-02 14:09:24.620795 7f77037d6700 1 -- 127.0.0.1:0/2000881652 --> 127.0.0.1:6800/30487 -- osd_op(client.24110.0:2598 10.5ac080d4 62bc922d-f295-4067-ae36-e23e2f231aad.24099.1__shadow_.cTw_0SM3yZSS-qi1b6KHCc0Ov7cN0wG_15 [read 0~4194304] snapc 0=[] ack+read+known_if_redirected e32) v7 -- ?+0 0x7f77e40a1380 con 0x5640603e9110
2016-06-02 14:09:24.620812 7f77037d6700 20 rados->aio_operate r=0 bl.length=0
2016-06-02 14:09:24.622636 7f783820a700 1 -- 127.0.0.1:0/2000881652 <== osd.0 127.0.0.1:6800/30487 1186 ==== osd_op_reply(2595 62bc922d-f295-4067-ae36-e23e2f231aad.24099.1__shadow_.cTw_0SM3yZSS-qi1b6KHCc0Ov7cN0wG_12 [read 0~4194304] v0'0 uv3165 ondisk = 0) v7 ==== 208+0+4194304 (160498624 0 139656153) 0x7f780c021410 con 0x5640603e9110
2016-06-02 14:09:24.623819 7f78297fa700 20 get_obj_aio_completion_cb: io completion ofs=46661632 len=4194304
2016-06-02 14:09:24.628808 7f78285f6700 1 -- 127.0.0.1:0/2000881652 <== osd.2 127.0.0.1:6808/30507 890 ==== osd_op_reply(2596 62bc922d-f295-4067-ae36-e23e2f231aad.24099.1__shadow_.cTw_0SM3yZSS-qi1b6KHCc0Ov7cN0wG_13 [read 0~4194304] v0'0 uv3108 ondisk = 0) v7 ==== 208+0+4194304 (2340260649 0 1469664682) 0x7f77fc0213c0 con 0x5640603f1eb0
2016-06-02 14:09:24.628896 7f78297fa700 20 get_obj_aio_completion_cb: io completion ofs=50855936 len=4194304
2016-06-02 14:09:24.629197 7f783820a700 1 -- 127.0.0.1:0/2000881652 <== osd.0 127.0.0.1:6800/30487 1187 ==== osd_op_reply(2597 62bc922d-f295-4067-ae36-e23e2f231aad.24099.1__shadow_.cTw_0SM3yZSS-qi1b6KHCc0Ov7cN0wG_14 [read 0~4194304] v0'0 uv3162 ondisk = 0) v7 ==== 208+0+4194304 (90907866 0 994963540) 0x7f780c021410 con 0x5640603e9110
2016-06-02 14:09:24.629219 7f78297fa700 20 get_obj_aio_completion_cb: io completion ofs=55050240 len=4194304
2016-06-02 14:09:24.630783 7f783820a700 1 -- 127.0.0.1:0/2000881652 <== osd.0 127.0.0.1:6800/30487 1188 ==== osd_op_reply(2598 62bc922d-f295-4067-ae36-e23e2f231aad.24099.1__shadow_.cTw_0SM3yZSS-qi1b6KHCc0Ov7cN0wG_15 [read 0~4194304] v0'0 uv3171 ondisk = 0) v7 ==== 208+0+4194304 (2000525209 0 1814288981) 0x7f780c021410 con 0x5640603e9110
2016-06-02 14:09:24.630806 7f78297fa700 20 get_obj_aio_completion_cb: io completion ofs=59244544 len=4194304
2016-06-02 14:09:24.720841 7f77037d6700 20 RGWObjManifest::operator++(): rule->part_size=0 rules.size()=1
2016-06-02 14:09:24.720854 7f77037d6700 20 RGWObjManifest::operator++(): result: ofs=63438848 stripe_ofs=63438848 part_ofs=0 rule->part_size=0
2016-06-02 14:09:24.720870 7f77037d6700 20 rados->get_obj_iterate_cb oid=62bc922d-f295-4067-ae36-e23e2f231aad.24099.1__shadow_.cTw_0SM3yZSS-qi1b6KHCc0Ov7cN0wG_16 obj-ofs=63438848 read_ofs=0 len=4194304
2016-06-02 14:09:24.720889 7f77037d6700 1 -- 127.0.0.1:0/2000881652 --> 127.0.0.1:6804/30491 -- osd_op(client.24110.0:2599 10.8db93f86 62bc922d-f295-4067-ae36-e23e2f231aad.24099.1__shadow_.cTw_0SM3yZSS-qi1b6KHCc0Ov7cN0wG_16 [read 0~4194304] snapc 0=[] ack+read+known_if_redirected e32) v7 -- ?+0 0x7f77e409fc20 con 0x5640603ecb10
2016-06-02 14:09:24.720903 7f77037d6700 20 rados->aio_operate r=0 bl.length=0
2016-06-02 14:09:24.725951 7f78287f8700 1 -- 127.0.0.1:0/2000881652 <== osd.1 127.0.0.1:6804/30491 663 ==== osd_op_reply(2599 62bc922d-f295-4067-ae36-e23e2f231aad.24099.1__shadow_.cTw_0SM3yZSS-qi1b6KHCc0Ov7cN0wG_16 [read 0~4194304] v0'0 uv2982 ondisk = 0) v7 ==== 208+0+4194304 (3864859257 0 1086314472) 0x7f7804007340 con 0x5640603ecb10
2016-06-02 14:09:24.725996 7f78297fa700 20 get_obj_aio_completion_cb: io completion ofs=63438848 len=4194304
2016-06-02 14:09:25.204930 7f77037d6700 20 RGWObjManifest::operator++(): rule->part_size=0 rules.size()=1
2016-06-02 14:09:25.204968 7f77037d6700 20 RGWObjManifest::operator++(): result: ofs=67633152 stripe_ofs=67633152 part_ofs=0 rule->part_size=0
2016-06-02 14:09:25.205004 7f77037d6700 20 rados->get_obj_iterate_cb oid=62bc922d-f295-4067-ae36-e23e2f231aad.24099.1__shadow_.cTw_0SM3yZSS-qi1b6KHCc0Ov7cN0wG_17 obj-ofs=67633152 read_ofs=0 len=4194304
2016-06-02 14:09:25.205037 7f77037d6700 1 -- 127.0.0.1:0/2000881652 --> 127.0.0.1:6800/30487 -- osd_op(client.24110.0:2600 10.562651c7 62bc922d-f295-4067-ae36-e23e2f231aad.24099.1__shadow_.cTw_0SM3yZSS-qi1b6KHCc0Ov7cN0wG_17 [read 0~4194304] snapc 0=[] ack+read+known_if_redirected e32) v7 -- ?+0 0x7f77e40a19a0 con 0x5640603e9110
2016-06-02 14:09:25.205256 7f77037d6700 20 rados->aio_operate r=0 bl.length=0
2016-06-02 14:09:25.212088 7f783820a700 1 -- 127.0.0.1:0/2000881652 <== osd.0 127.0.0.1:6800/30487 1189 ==== osd_op_reply(2600 62bc922d-f295-4067-ae36-e23e2f231aad.24099.1__shadow_.cTw_0SM3yZSS-qi1b6KHCc0Ov7cN0wG_17 [read 0~4194304] v0'0 uv3174 ondisk = 0) v7 ==== 208+0+4194304 (1792754134 0 1574641893) 0x7f780c021410 con 0x5640603e9110
2016-06-02 14:09:25.212141 7f78297fa700 20 get_obj_aio_completion_cb: io completion ofs=67633152 len=4194304
2016-06-02 14:09:25.269654 7f77037d6700 20 RGWObjManifest::operator++(): rule->part_size=0 rules.size()=1
2016-06-02 14:09:25.269665 7f77037d6700 20 RGWObjManifest::operator++(): result: ofs=71827456 stripe_ofs=71827456 part_ofs=0 rule->part_size=0
2016-06-02 14:09:25.269681 7f77037d6700 20 rados->get_obj_iterate_cb oid=62bc922d-f295-4067-ae36-e23e2f231aad.24099.1__shadow_.cTw_0SM3yZSS-qi1b6KHCc0Ov7cN0wG_18 obj-ofs=71827456 read_ofs=0 len=4194304
2016-06-02 14:09:25.269712 7f77037d6700 1 -- 127.0.0.1:0/2000881652 --> 127.0.0.1:6808/30507 -- osd_op(client.24110.0:2601 10.d2750535 62bc922d-f295-4067-ae36-e23e2f231aad.24099.1__shadow_.cTw_0SM3yZSS-qi1b6KHCc0Ov7cN0wG_18 [read 0~4194304] snapc 0=[] ack+read+known_if_redirected e32) v7 -- ?+0 0x7f77e40a22b0 con 0x5640603f1eb0
2016-06-02 14:09:25.273404 7f77037d6700 20 rados->aio_operate r=0 bl.length=0
2016-06-02 14:09:25.276638 7f78285f6700 1 -- 127.0.0.1:0/2000881652 <== osd.2 127.0.0.1:6808/30507 891 ==== osd_op_reply(2601 62bc922d-f295-4067-ae36-e23e2f231aad.24099.1__shadow_.cTw_0SM3yZSS-qi1b6KHCc0Ov7cN0wG_18 [read 0~4194304] v0'0 uv3132 ondisk = 0) v7 ==== 208+0+4194304 (1329046381 0 2206506249) 0x7f77fc0213c0 con 0x5640603f1eb0
2016-06-02 14:09:25.277432 7f78297fa700 20 get_obj_aio_completion_cb: io completion ofs=71827456 len=4194304
2016-06-02 14:09:25.367893 7f77037d6700 20 RGWObjManifest::operator++(): rule->part_size=0 rules.size()=1
2016-06-02 14:09:25.367904 7f77037d6700 20 RGWObjManifest::operator++(): result: ofs=76021760 stripe_ofs=76021760 part_ofs=0 rule->part_size=0
2016-06-02 14:09:25.367920 7f77037d6700 20 rados->get_obj_iterate_cb oid=62bc922d-f295-4067-ae36-e23e2f231aad.24099.1__shadow_.cTw_0SM3yZSS-qi1b6KHCc0Ov7cN0wG_19 obj-ofs=76021760 read_ofs=0 len=4194304
2016-06-02 14:09:25.367941 7f77037d6700 1 -- 127.0.0.1:0/2000881652 --> 127.0.0.1:6804/30491 -- osd_op(client.24110.0:2602 10.ea2c6d96 62bc922d-f295-4067-ae36-e23e2f231aad.24099.1__shadow_.cTw_0SM3yZSS-qi1b6KHCc0Ov7cN0wG_19 [read 0~4194304] snapc 0=[] ack+read+known_if_redirected e32) v7 -- ?+0 0x7f77e40a2ab0 con 0x5640603ecb10
2016-06-02 14:09:25.367956 7f77037d6700 20 rados->aio_operate r=0 bl.length=0
2016-06-02 14:09:25.374439 7f78287f8700 1 -- 127.0.0.1:0/2000881652 <== osd.1 127.0.0.1:6804/30491 664 ==== osd_op_reply(2602 62bc922d-f295-4067-ae36-e23e2f231aad.24099.1__shadow_.cTw_0SM3yZSS-qi1b6KHCc0Ov7cN0wG_19 [read 0~4194304] v0'0 uv2991 ondisk = 0) v7 ==== 208+0+4194304 (782513266 0 3863633826) 0x7f7804007340 con 0x5640603ecb10
2016-06-02 14:09:25.374477 7f78297fa700 20 get_obj_aio_completion_cb: io completion ofs=76021760 len=4194304
2016-06-02 14:09:25.446982 7f77037d6700 20 RGWObjManifest::operator++(): rule->part_size=0 rules.size()=1
2016-06-02 14:09:25.446996 7f77037d6700 20 RGWObjManifest::operator++(): result: ofs=80216064 stripe_ofs=80216064 part_ofs=0 rule->part_size=0
2016-06-02 14:09:25.447023 7f77037d6700 20 rados->get_obj_iterate_cb oid=62bc922d-f295-4067-ae36-e23e2f231aad.24099.1__shadow_.cTw_0SM3yZSS-qi1b6KHCc0Ov7cN0wG_20 obj-ofs=80216064 read_ofs=0 len=4194304
2016-06-02 14:09:25.447073 7f77037d6700 1 -- 127.0.0.1:0/2000881652 --> 127.0.0.1:6808/30507 -- osd_op(client.24110.0:2603 10.4990a3e5 62bc922d-f295-4067-ae36-e23e2f231aad.24099.1__shadow_.cTw_0SM3yZSS-qi1b6KHCc0Ov7cN0wG_20 [read 0~4194304] snapc 0=[] ack+read+known_if_redirected e32) v7 -- ?+0 0x7f77e40a32b0 con 0x5640603f1eb0
2016-06-02 14:09:25.447095 7f77037d6700 20 rados->aio_operate r=0 bl.length=0
2016-06-02 14:09:25.453894 7f78285f6700 1 -- 127.0.0.1:0/2000881652 <== osd.2 127.0.0.1:6808/30507 892 ==== osd_op_reply(2603 62bc922d-f295-4067-ae36-e23e2f231aad.24099.1__shadow_.cTw_0SM3yZSS-qi1b6KHCc0Ov7cN0wG_20 [read 0~4194304] v0'0 uv3141 ondisk = 0) v7 ==== 208+0+4194304 (1106670307 0 3486073688) 0x7f77fc0213c0 con 0x5640603f1eb0
2016-06-02 14:09:25.453938 7f78297fa700 20 get_obj_aio_completion_cb: io completion ofs=80216064 len=4194304
2016-06-02 14:09:25.545167 7f7760ff9700 20 cr:s=0x7f773c182de0:op=0x7f773c1fd4c0:18RGWDataSyncShardCR: operate()
2016-06-02 14:09:25.545296 7f7760ff9700 20 cr:s=0x7f773c182de0:op=0x7f773c389ee0:31RGWReadRemoteDataLogShardInfoCR: operate()
2016-06-02 14:09:25.545371 7f7760ff9700 20 RGWEnv::set(): HTTP_DATE: Thu Jun 2 12:09:25 2016
2016-06-02 14:09:25.545374 7f7760ff9700 20 > HTTP_DATE -> Thu Jun 2 12:09:25 2016
2016-06-02 14:09:25.545388 7f7760ff9700 10 get_canon_resource(): dest=/admin/log/
2016-06-02 14:09:25.545389 7f7760ff9700 10 generated canonical header: GET Thu Jun 2 12:09:25 2016 /admin/log/
2016-06-02 14:09:25.545419 7f7760ff9700 15 generated auth header: AWS 1555b35654ad1656d804:vbAINza7htKLE1v0E6GpuNJcUoQ=
2016-06-02 14:09:25.545437 7f7760ff9700 20 sending request to http://localhost:8002/admin/log/?type=data&id=36&info&rgwx-zonegroup=9e28164a-9dc5-4a79-8932-2fe63613d26a
2016-06-02 14:09:25.545454 7f7760ff9700 20 register_request mgr=0x5640604329f8 req_data->id=336, easy_handle=0x7f773c380450
2016-06-02 14:09:25.545459 7f7760ff9700 20 run: stack=0x7f773c182de0 is io blocked
2016-06-02 14:09:25.545467 7f77477fe700 20 link_request req_data=0x7f773c0a0a10 req_data->id=336, easy_handle=0x7f773c380450
2016-06-02 14:09:25.546369 7f77477fe700 10 receive_http_header
2016-06-02 14:09:25.546373 7f77477fe700 10 received header:HTTP/1.1 200 OK
2016-06-02 14:09:25.546376 7f77477fe700 10 receive_http_header
2016-06-02 14:09:25.546376 7f77477fe700 10 received header:x-amz-request-id: tx0000000000000000001f1-00575021f5-3728-us-west
2016-06-02 14:09:25.546381 7f77477fe700 10 receive_http_header
2016-06-02 14:09:25.546382 7f77477fe700 10 received header:Content-Length: 83
2016-06-02 14:09:25.546383 7f77477fe700 10 receive_http_header
2016-06-02 14:09:25.546383 7f77477fe700 10 received header:Date: Thu, 02 Jun 2016 12:09:25 GMT
2016-06-02 14:09:25.546385 7f77477fe700 10 receive_http_header
2016-06-02 14:09:25.546385 7f77477fe700 10 received header:
2016-06-02 14:09:25.546454 7f7760ff9700 20 cr:s=0x7f773c182de0:op=0x7f773c389ee0:31RGWReadRemoteDataLogShardInfoCR: operate()
2016-06-02 14:09:25.546750 7f7760ff9700 20 cr:s=0x7f773c182de0:op=0x7f773c1fd4c0:18RGWDataSyncShardCR: operate()
2016-06-02 14:09:25.546754 7f7760ff9700 20 incremental_sync:1057: shard_id=36 datalog_marker=1_1464869364.852692_3801.1 sync_marker.marker=1_1464869342.751510_3798.1
2016-06-02 14:09:25.546788 7f7760ff9700 20 cr:s=0x7f773c182de0:op=0x7f773c459e70:27RGWReadRemoteDataLogShardCR: operate()
2016-06-02 14:09:25.546856 7f7760ff9700 20 RGWEnv::set(): HTTP_DATE: Thu Jun 2 12:09:25 2016
2016-06-02 14:09:25.546858 7f7760ff9700 20 > HTTP_DATE -> Thu Jun 2 12:09:25 2016
2016-06-02 14:09:25.546861 7f7760ff9700 10 get_canon_resource(): dest=/admin/log/
2016-06-02 14:09:25.546861 7f7760ff9700 10 generated canonical header: GET Thu Jun 2 12:09:25 2016 /admin/log/
2016-06-02 14:09:25.546887 7f7760ff9700 15 generated auth header: AWS 1555b35654ad1656d804:vbAINza7htKLE1v0E6GpuNJcUoQ=
2016-06-02 14:09:25.546893 7f7760ff9700 20 sending request to http://localhost:8002/admin/log/?type=data&id=36&marker=1_1464869342.751510_3798.1&extra-info=true&rgwx-zonegroup=9e28164a-9dc5-4a79-8932-2fe63613d26a
2016-06-02 14:09:25.546896 7f7760ff9700 20 register_request mgr=0x5640604329f8 req_data->id=337, easy_handle=0x7f773c380450
2016-06-02 14:09:25.546901 7f7760ff9700 20 run: stack=0x7f773c182de0 is io blocked
2016-06-02 14:09:25.546906 7f77477fe700 20 link_request req_data=0x7f773c17c520 req_data->id=337, easy_handle=0x7f773c380450
2016-06-02 14:09:25.547543 7f77477fe700 10 receive_http_header
2016-06-02 14:09:25.547546 7f77477fe700 10 received header:HTTP/1.1 200 OK
2016-06-02 14:09:25.547548 7f77477fe700 10 receive_http_header
2016-06-02 14:09:25.547549 7f77477fe700 10 received header:x-amz-request-id: tx0000000000000000001f2-00575021f5-3728-us-west
2016-06-02 14:09:25.547553 7f77477fe700 10 receive_http_header
2016-06-02 14:09:25.547553 7f77477fe700 10 received header:Content-Length: 288
2016-06-02 14:09:25.547555 7f77477fe700 10 receive_http_header
2016-06-02 14:09:25.547556 7f77477fe700 10 received header:Date: Thu, 02 Jun 2016 12:09:25 GMT
2016-06-02 14:09:25.547558 7f77477fe700 10 receive_http_header
2016-06-02 14:09:25.547559 7f77477fe700 10 received header:
2016-06-02 14:09:25.585416 7f7760ff9700 20 cr:s=0x7f773c182de0:op=0x7f773c459e70:27RGWReadRemoteDataLogShardCR: operate()
2016-06-02 14:09:25.585925 7f7760ff9700 20 cr:s=0x7f773c182de0:op=0x7f773c1fd4c0:18RGWDataSyncShardCR: operate()
2016-06-02 14:09:25.585931 7f7760ff9700 20 incremental_sync:1068: shard_id=36 log_entry: 1_1464869364.852692_3801.1:2016-06-02 14:09:24.0.852692s:lotr:62bc922d-f295-4067-ae36-e23e2f231aad.24099.1
2016-06-02 14:09:25.586003 7f7760ff9700 20 cr:s=0x7f773c0a44c0:op=0x7f773c2e2180:24RGWDataSyncSingleEntryCR: operate()
2016-06-02 14:09:25.586020 7f7760ff9700 20 cr:s=0x7f773c182de0:op=0x7f773c1fd4c0:18RGWDataSyncShardCR: operate()
2016-06-02 14:09:25.586023 7f7760ff9700 20 collect(): s=0x7f773c182de0 stack=0x7f773c26d9b0 is still running
2016-06-02 14:09:25.586024 7f7760ff9700 20 collect(): s=0x7f773c182de0 stack=0x7f773c333a30 is complete
2016-06-02 14:09:25.586025 7f7760ff9700 20 collect(): s=0x7f773c182de0 stack=0x7f773c0185c0 is complete
2016-06-02 14:09:25.586026 7f7760ff9700 20 collect(): s=0x7f773c182de0 stack=0x7f773c094510 is complete
2016-06-02 14:09:25.586027 7f7760ff9700 20 collect(): s=0x7f773c182de0 stack=0x7f773c053260 is complete
2016-06-02 14:09:25.586027 7f7760ff9700 20 collect(): s=0x7f773c182de0 stack=0x7f773c0afc00 is complete
2016-06-02 14:09:25.586029 7f7760ff9700 20 collect(): s=0x7f773c182de0 stack=0x7f773c55eb90 is complete
2016-06-02 14:09:25.586030 7f7760ff9700 20 collect(): s=0x7f773c182de0 stack=0x7f773c0d28c0 is complete
2016-06-02 14:09:25.586031 7f7760ff9700 20 collect(): s=0x7f773c182de0 stack=0x7f773c0e25a0 is complete
2016-06-02 14:09:25.586032 7f7760ff9700 20 collect(): s=0x7f773c182de0 stack=0x7f773c13b000 is complete
2016-06-02 14:09:25.586032 7f7760ff9700 20 collect(): s=0x7f773c182de0 stack=0x7f773c0de0c0 is complete
2016-06-02 14:09:25.586033 7f7760ff9700 20 collect(): s=0x7f773c182de0 stack=0x7f773c0ac590 is complete
2016-06-02 14:09:25.586034 7f7760ff9700 20 collect(): s=0x7f773c182de0 stack=0x7f773c0b00c0 is complete
2016-06-02 14:09:25.586035 7f7760ff9700 20 collect(): s=0x7f773c182de0 stack=0x7f773c195bc0 is complete
