2016-01-27 11:16:43.175640 7f96e9ffb700 1 -- 10.0.2.15:0/1013182 --> 10.0.2.15:6800/9219 -- osd_op(client.34130.0:82 gc.23 [call rgw.gc_list] 4.64f84676 ack+read+known_if_redirected e114) v5 -- ?+0 0x7f96e4073a80 con 0x7f96dc003f60 -181>
2016-01-27 11:16:43.177058 7f970020f700 1 -- 10.0.2.15:0/1013182 <== osd.0 10.0.2.15:6800/9219 26 ==== osd_op_reply(82 gc.23 [call] v0'0 uv5187 ondisk = 0) v6 ==== 172+0+11 (3971751339 0 1993775135) 0x7f96f40322b0 con 0x7f96dc003f60 -180>
2016-01-27 11:16:43.177204 7f96e9ffb700 1 -- 10.0.2.15:0/1013182 --> 10.0.2.15:6800/9219 -- osd_op(client.34130.0:83 gc.23 [call lock.unlock] 4.64f84676 ondisk+write+known_if_redirected e114) v5 -- ?+0 0x7f96e406bcb0 con 0x7f96dc003f60 -179>
2016-01-27 11:16:43.209864 7f970020f700 1 -- 10.0.2.15:0/1013182 <== osd.0 10.0.2.15:6800/9219 27 ==== osd_op_reply(83 gc.23 [call] v114'5188 uv5188 ondisk = 0) v6 ==== 172+0+0 (4076288931 0 0) 0x7f96f40322b0 con 0x7f96dc003f60 -178>
2016-01-27 11:16:43.210069 7f96e9ffb700 1 -- 10.0.2.15:0/1013182 --> 10.0.2.15:6807/9349 -- osd_op(client.34130.0:84 gc.24 [call lock.lock] 4.8bdc9d ondisk+write+known_if_redirected e114) v5 -- ?+0 0x7f96e4073a80 con 0x3f59060 -177>
2016-01-27 11:16:43.241369 7f9700613700 1 -- 10.0.2.15:0/1013182 <== osd.1 10.0.2.15:6807/9349 51 ==== osd_op_reply(84 gc.24 [call] v114'2967 uv2967 ondisk = 0) v6 ==== 172+0+0 (2693126454 0 0) 0x7f96e0001230 con 0x3f59060 -176>
2016-01-27 11:16:43.241548 7f96e9ffb700 1 -- 10.0.2.15:0/1013182 --> 10.0.2.15:6807/9349 -- osd_op(client.34130.0:85 gc.24 [call rgw.gc_list] 4.8bdc9d ack+read+known_if_redirected e114) v5 -- ?+0 0x7f96e4073a80 con 0x3f59060 -175>
2016-01-27 11:16:43.244122 7f9700613700 1 -- 10.0.2.15:0/1013182 <== osd.1 10.0.2.15:6807/9349 52 ==== osd_op_reply(85 gc.24 [call] v0'0 uv2967 ondisk = 0) v6 ==== 172+0+11 (119610563 0 1993775135) 0x7f96e0001230 con 0x3f59060 -174>
2016-01-27 11:16:43.244258 7f96e9ffb700 1 -- 10.0.2.15:0/1013182 --> 10.0.2.15:6807/9349 -- osd_op(client.34130.0:86 gc.24 [call lock.unlock] 4.8bdc9d ondisk+write+known_if_redirected e114) v5 -- ?+0 0x7f96e4073a80 con 0x3f59060 -173>
2016-01-27 11:16:43.334448 7f9700613700 1 -- 10.0.2.15:0/1013182 <== osd.1 10.0.2.15:6807/9349 53 ==== osd_op_reply(86 gc.24 [call] v114'2968 uv2968 ondisk = 0) v6 ==== 172+0+0 (2085985509 0 0) 0x7f96e0001230 con 0x3f59060 -172>
2016-01-27 11:16:43.334633 7f96e9ffb700 1 -- 10.0.2.15:0/1013182 --> 10.0.2.15:6807/9349 -- osd_op(client.34130.0:87 gc.25 [call lock.lock] 4.51baec8a ondisk+write+known_if_redirected e114) v5 -- ?+0 0x7f96e4073a80 con 0x3f59060 -171>
2016-01-27 11:16:43.369388 7f9700613700 1 -- 10.0.2.15:0/1013182 <== osd.1 10.0.2.15:6807/9349 54 ==== osd_op_reply(87 gc.25 [call] v114'1483 uv1483 ondisk = 0) v6 ==== 172+0+0 (3724304140 0 0) 0x7f96e0001230 con 0x3f59060 -170>
2016-01-27 11:16:43.369596 7f96e9ffb700 1 -- 10.0.2.15:0/1013182 --> 10.0.2.15:6807/9349 -- osd_op(client.34130.0:88 gc.25 [call rgw.gc_list] 4.51baec8a ack+read+known_if_redirected e114) v5 -- ?+0 0x7f96e4073a80 con 0x3f59060 -169>
2016-01-27 11:16:43.371174 7f9700613700 1 -- 10.0.2.15:0/1013182 <== osd.1 10.0.2.15:6807/9349 55 ==== osd_op_reply(88 gc.25 [call] v0'0 uv1483 ondisk = 0) v6 ==== 172+0+11 (3249598033 0 1993775135) 0x7f96e0001230 con 0x3f59060 -168>
2016-01-27 11:16:43.371303 7f96e9ffb700 1 -- 10.0.2.15:0/1013182 --> 10.0.2.15:6807/9349 -- osd_op(client.34130.0:89 gc.25 [call lock.unlock] 4.51baec8a ondisk+write+known_if_redirected e114) v5 -- ?+0 0x7f96e4073a80 con 0x3f59060 -167>
2016-01-27 11:16:43.403853 7f9700613700 1 -- 10.0.2.15:0/1013182 <== osd.1 10.0.2.15:6807/9349 56 ==== osd_op_reply(89 gc.25 [call] v114'1484 uv1484 ondisk = 0) v6 ==== 172+0+0 (2500692196 0 0) 0x7f96e0001230 con 0x3f59060 -166>
2016-01-27 11:16:43.404120 7f96e9ffb700 1 -- 10.0.2.15:0/1013182 --> 10.0.2.15:6800/9219 -- osd_op(client.34130.0:90 gc.26 [call lock.lock] 4.386217e ondisk+write+known_if_redirected e114) v5 -- ?+0 0x7f96e4073a80 con 0x7f96dc003f60 -165>
2016-01-27 11:16:43.440855 7f970020f700 1 -- 10.0.2.15:0/1013182 <== osd.0 10.0.2.15:6800/9219 28 ==== osd_op_reply(90 gc.26 [call] v114'5189 uv5189 ondisk = 0) v6 ==== 172+0+0 (4164954049 0 0) 0x7f96f40322b0 con 0x7f96dc003f60 -164>
2016-01-27 11:16:43.441057 7f96e9ffb700 1 -- 10.0.2.15:0/1013182 --> 10.0.2.15:6800/9219 -- osd_op(client.34130.0:91 gc.26 [call rgw.gc_list] 4.386217e ack+read+known_if_redirected e114) v5 -- ?+0 0x7f96e4073a80 con 0x7f96dc003f60 -163>
2016-01-27 11:16:43.442414 7f970020f700 1 -- 10.0.2.15:0/1013182 <== osd.0 10.0.2.15:6800/9219 29 ==== osd_op_reply(91 gc.26 [call] v0'0 uv5189 ondisk = 0) v6 ==== 172+0+11 (3870035643 0 1993775135) 0x7f96f40322b0 con 0x7f96dc003f60 -162>
2016-01-27 11:16:43.442590 7f96e9ffb700 1 -- 10.0.2.15:0/1013182 --> 10.0.2.15:6800/9219 -- osd_op(client.34130.0:92 gc.26 [call lock.unlock] 4.386217e ondisk+write+known_if_redirected e114) v5 -- ?+0 0x7f96e4073a80 con 0x7f96dc003f60 -161>
2016-01-27 11:16:43.475470 7f970020f700 1 -- 10.0.2.15:0/1013182 <== osd.0 10.0.2.15:6800/9219 30 ==== osd_op_reply(92 gc.26 [call] v114'5190 uv5190 ondisk = 0) v6 ==== 172+0+0 (2018968140 0 0) 0x7f96f40322b0 con 0x7f96dc003f60 -160>
2016-01-27 11:16:43.475686 7f96e9ffb700 1 -- 10.0.2.15:0/1013182 --> 10.0.2.15:6800/9219 -- osd_op(client.34130.0:93 gc.27 [call lock.lock] 4.eba9ff7b ondisk+write+known_if_redirected e114) v5 -- ?+0 0x7f96e4073a80 con 0x7f96dc003f60 -159>
2016-01-27 11:16:43.578863 7f970020f700 1 -- 10.0.2.15:0/1013182 <== osd.0 10.0.2.15:6800/9219 31 ==== osd_op_reply(93 gc.27 [call] v114'4445 uv4445 ondisk = 0) v6 ==== 172+0+0 (1228845301 0 0) 0x7f96f40322b0 con 0x7f96dc003f60 -158>
2016-01-27 11:16:43.579076 7f96e9ffb700 1 -- 10.0.2.15:0/1013182 --> 10.0.2.15:6800/9219 -- osd_op(client.34130.0:94 gc.27 [call rgw.gc_list] 4.eba9ff7b ack+read+known_if_redirected e114) v5 -- ?+0 0x7f96e4073a80 con 0x7f96dc003f60 -157>
2016-01-27 11:16:43.580476 7f970020f700 1 -- 10.0.2.15:0/1013182 <== osd.0 10.0.2.15:6800/9219 32 ==== osd_op_reply(94 gc.27 [call] v0'0 uv4445 ondisk = 0) v6 ==== 172+0+11 (4118553291 0 1993775135) 0x7f96f40322b0 con 0x7f96dc003f60 -156>
2016-01-27 11:16:43.580631 7f96e9ffb700 1 -- 10.0.2.15:0/1013182 --> 10.0.2.15:6800/9219 -- osd_op(client.34130.0:95 gc.27 [call lock.unlock] 4.eba9ff7b ondisk+write+known_if_redirected e114) v5 -- ?+0 0x7f96e4073a80 con 0x7f96dc003f60 -155>
2016-01-27 11:16:43.613890 7f970020f700 1 -- 10.0.2.15:0/1013182 <== osd.0 10.0.2.15:6800/9219 33 ==== osd_op_reply(95 gc.27 [call] v114'4446 uv4446 ondisk = 0) v6 ==== 172+0+0 (3374945656 0 0) 0x7f96f40322b0 con 0x7f96dc003f60 -154>
2016-01-27 11:16:43.614106 7f96e9ffb700 1 -- 10.0.2.15:0/1013182 --> 10.0.2.15:6800/9219 -- osd_op(client.34130.0:96 gc.28 [call lock.lock] 4.4070ac6b ondisk+write+known_if_redirected e114) v5 -- ?+0 0x7f96e4073a80 con 0x7f96dc003f60 -153>
2016-01-27 11:16:43.648772 7f970020f700 1 -- 10.0.2.15:0/1013182 <== osd.0 10.0.2.15:6800/9219 34 ==== osd_op_reply(96 gc.28 [call] v114'4447 uv4447 ondisk = 0) v6 ==== 172+0+0 (3973482537 0 0) 0x7f96f40322b0 con 0x7f96dc003f60 -152>
2016-01-27 11:16:43.648975 7f96e9ffb700 1 -- 10.0.2.15:0/1013182 --> 10.0.2.15:6800/9219 -- osd_op(client.34130.0:97 gc.28 [call rgw.gc_list] 4.4070ac6b ack+read+known_if_redirected e114) v5 -- ?+0 0x7f96e4073a80 con 0x7f96dc003f60 -151>
2016-01-27 11:16:43.650331 7f970020f700 1 -- 10.0.2.15:0/1013182 <== osd.0 10.0.2.15:6800/9219 35 ==== osd_op_reply(97 gc.28 [call] v0'0 uv4447 ondisk = 0) v6 ==== 172+0+11 (1755730529 0 1993775135) 0x7f96f40322b0 con 0x7f96dc003f60 -150>
2016-01-27 11:16:43.650464 7f96e9ffb700 1 -- 10.0.2.15:0/1013182 --> 10.0.2.15:6800/9219 -- osd_op(client.34130.0:98 gc.28 [call lock.unlock] 4.4070ac6b ondisk+write+known_if_redirected e114) v5 -- ?+0 0x7f96e4073a80 con 0x7f96dc003f60 -149>
2016-01-27 11:16:43.683317 7f970020f700 1 -- 10.0.2.15:0/1013182 <== osd.0 10.0.2.15:6800/9219 36 ==== osd_op_reply(98 gc.28 [call] v114'4448 uv4448 ondisk = 0) v6 ==== 172+0+0 (1190607475 0 0) 0x7f96f40322b0 con 0x7f96dc003f60 -148>
2016-01-27 11:16:43.683534 7f96e9ffb700 1 -- 10.0.2.15:0/1013182 --> 10.0.2.15:6807/9349 -- osd_op(client.34130.0:99 gc.29 [call lock.lock] 4.65639084 ondisk+write+known_if_redirected e114) v5 -- ?+0 0x7f96e4073a80 con 0x3f59060 -147>
2016-01-27 11:16:43.715356 7f9700613700 1 -- 10.0.2.15:0/1013182 <== osd.1 10.0.2.15:6807/9349 57 ==== osd_op_reply(99 gc.29 [call] v114'3709 uv3709 ondisk = 0) v6 ==== 172+0+0 (3151948376 0 0) 0x7f96e0001230 con 0x3f59060 -146>
2016-01-27 11:16:43.715536 7f96e9ffb700 1 -- 10.0.2.15:0/1013182 --> 10.0.2.15:6807/9349 -- osd_op(client.34130.0:100 gc.29 [call rgw.gc_list] 4.65639084 ack+read+known_if_redirected e114) v5 -- ?+0 0x7f96e4073a80 con 0x3f59060 -145>
2016-01-27 11:16:43.717279 7f9700613700 1 -- 10.0.2.15:0/1013182 <== osd.1 10.0.2.15:6807/9349 58 ==== osd_op_reply(100 gc.29 [call] v0'0 uv3709 ondisk = 0) v6 ==== 172+0+11 (4024182676 0 1993775135) 0x7f96e0001230 con 0x3f59060 -144>
2016-01-27 11:16:43.717410 7f96e9ffb700 1 -- 10.0.2.15:0/1013182 --> 10.0.2.15:6807/9349 -- osd_op(client.34130.0:101 gc.29 [call lock.unlock] 4.65639084 ondisk+write+known_if_redirected e114) v5 -- ?+0 0x7f96e4073a80 con 0x3f59060 -143>
2016-01-27 11:16:43.750027 7f9700613700 1 -- 10.0.2.15:0/1013182 <== osd.1 10.0.2.15:6807/9349 59 ==== osd_op_reply(101 gc.29 [call] v114'3710 uv3710 ondisk = 0) v6 ==== 172+0+0 (1003081685 0 0) 0x7f96e0001230 con 0x3f59060 -142>
2016-01-27 11:16:43.750218 7f96e9ffb700 1 -- 10.0.2.15:0/1013182 --> 10.0.2.15:6800/9219 -- osd_op(client.34130.0:102 gc.30 [call lock.lock] 4.36574d2e ondisk+write+known_if_redirected e114) v5 -- ?+0 0x7f96e4073a80 con 0x7f96dc003f60 -141>
2016-01-27 11:16:43.787428 7f970020f700 1 -- 10.0.2.15:0/1013182 <== osd.0 10.0.2.15:6800/9219 37 ==== osd_op_reply(102 gc.30 [call] v114'5191 uv5191 ondisk = 0) v6 ==== 172+0+0 (1257375040 0 0) 0x7f96f40322b0 con 0x7f96dc003f60 -140>
2016-01-27 11:16:43.787608 7f96e9ffb700 1 -- 10.0.2.15:0/1013182 --> 10.0.2.15:6800/9219 -- osd_op(client.34130.0:103 gc.30 [call rgw.gc_list] 4.36574d2e ack+read+known_if_redirected e114) v5 -- ?+0 0x7f96e4073a80 con 0x7f96dc003f60 -139>
2016-01-27 11:16:43.789017 7f970020f700 1 -- 10.0.2.15:0/1013182 <== osd.0 10.0.2.15:6800/9219 38 ==== osd_op_reply(103 gc.30 [call] v0'0 uv5191 ondisk = 0) v6 ==== 172+0+11 (1814848588 0 1993775135) 0x7f96f40322b0 con 0x7f96dc003f60 -138>
2016-01-27 11:16:43.789145 7f96e9ffb700 1 -- 10.0.2.15:0/1013182 --> 10.0.2.15:6800/9219 -- osd_op(client.34130.0:104 gc.30 [call lock.unlock] 4.36574d2e ondisk+write+known_if_redirected e114) v5 -- ?+0 0x7f96e4073a80 con 0x7f96dc003f60 -137>
2016-01-27 11:16:43.821823 7f970020f700 1 -- 10.0.2.15:0/1013182 <== osd.0 10.0.2.15:6800/9219 39 ==== osd_op_reply(104 gc.30 [call] v114'5192 uv5192 ondisk = 0) v6 ==== 172+0+0 (2518827155 0 0) 0x7f96f40322b0 con 0x7f96dc003f60 -136>
2016-01-27 11:16:43.822052 7f96e9ffb700 1 -- 10.0.2.15:0/1013182 --> 10.0.2.15:6800/9219 -- osd_op(client.34130.0:105 gc.31 [call lock.lock] 4.1040a0a3 ondisk+write+known_if_redirected e114) v5 -- ?+0 0x7f96e4073a80 con 0x7f96dc003f60 -135>
2016-01-27 11:16:43.855932 7f970020f700 1 -- 10.0.2.15:0/1013182 <== osd.0 10.0.2.15:6800/9219 40 ==== osd_op_reply(105 gc.31 [call] v114'4449 uv4449 ondisk = 0) v6 ==== 172+0+0 (1869039038 0 0) 0x7f96f40322b0 con 0x7f96dc003f60 -134>
2016-01-27 11:16:43.856116 7f96e9ffb700 1 -- 10.0.2.15:0/1013182 --> 10.0.2.15:6800/9219 -- osd_op(client.34130.0:106 gc.31 [call rgw.gc_list] 4.1040a0a3 ack+read+known_if_redirected e114) v5 -- ?+0 0x7f96e4073a80 con 0x7f96dc003f60 -133>
2016-01-27 11:16:43.857278 7f970020f700 1 -- 10.0.2.15:0/1013182 <== osd.0 10.0.2.15:6800/9219 41 ==== osd_op_reply(106 gc.31 [call] v0'0 uv4449 ondisk = 0) v6 ==== 172+0+11 (182865798 0 1993775135) 0x7f96f40322b0 con 0x7f96dc003f60 -132>
2016-01-27 11:16:43.857383 7f96e9ffb700 1 -- 10.0.2.15:0/1013182 --> 10.0.2.15:6800/9219 -- osd_op(client.34130.0:107 gc.31 [call lock.unlock] 4.1040a0a3 ondisk+write+known_if_redirected e114) v5 -- ?+0 0x7f96e4073a80 con 0x7f96dc003f60 -131>
2016-01-27 11:16:43.890650 7f970020f700 1 -- 10.0.2.15:0/1013182 <== osd.0 10.0.2.15:6800/9219 42 ==== osd_op_reply(107 gc.31 [call] v114'4450 uv4450 ondisk = 0) v6 ==== 172+0+0 (4017119283 0 0) 0x7f96f40322b0 con 0x7f96dc003f60 -130>
2016-01-27 11:16:43.890926 7f96e9ffb700 1 -- 10.0.2.15:0/1013182 --> 10.0.2.15:6800/9219 -- osd_op(client.34130.0:108 gc.0 [call lock.lock] 4.990e66d8 ondisk+write+known_if_redirected e114) v5 -- ?+0 0x7f96e406bcb0 con 0x7f96dc003f60 -129>
2016-01-27 11:16:43.925960 7f970020f700 1 -- 10.0.2.15:0/1013182 <== osd.0 10.0.2.15:6800/9219 43 ==== osd_op_reply(108 gc.0 [call] v114'2223 uv2223 ondisk = 0) v6 ==== 171+0+0 (1785160478 0 0) 0x7f96f40322b0 con 0x7f96dc003f60 -128>
2016-01-27 11:16:43.926139 7f96e9ffb700 1 -- 10.0.2.15:0/1013182 --> 10.0.2.15:6800/9219 -- osd_op(client.34130.0:109 gc.0 [call rgw.gc_list] 4.990e66d8 ack+read+known_if_redirected e114) v5 -- ?+0 0x7f96e4073a80 con 0x7f96dc003f60 -127>
2016-01-27 11:16:43.927260 7f970020f700 1 -- 10.0.2.15:0/1013182 <== osd.0 10.0.2.15:6800/9219 44 ==== osd_op_reply(109 gc.0 [call] v0'0 uv2223 ondisk = 0) v6 ==== 171+0+11 (3845646053 0 1993775135) 0x7f96f40322b0 con 0x7f96dc003f60 -126>
2016-01-27 11:16:43.927343 7f96e9ffb700 1 -- 10.0.2.15:0/1013182 --> 10.0.2.15:6800/9219 -- osd_op(client.34130.0:110 gc.0 [call lock.unlock] 4.990e66d8 ondisk+write+known_if_redirected e114) v5 -- ?+0 0x7f96e4073a80 con 0x7f96dc003f60 -125>
2016-01-27 11:16:43.959673 7f970020f700 1 -- 10.0.2.15:0/1013182 <== osd.0 10.0.2.15:6800/9219 45 ==== osd_op_reply(110 gc.0 [call] v114'2224 uv2224 ondisk = 0) v6 ==== 171+0+0 (2602071114 0 0) 0x7f96f40322b0 con 0x7f96dc003f60 -124>
2016-01-27 11:16:43.959892 7f96e9ffb700 1 -- 10.0.2.15:0/1013182 --> 10.0.2.15:6807/9349 -- osd_op(client.34130.0:111 gc.1 [call lock.lock] 4.6830fb87 ondisk+write+known_if_redirected e114) v5 -- ?+0 0x7f96e4073a80 con 0x3f59060 -123>
2016-01-27 11:16:44.092049 7f9700613700 1 -- 10.0.2.15:0/1013182 <== osd.1 10.0.2.15:6807/9349 60 ==== osd_op_reply(111 gc.1 [call] v114'2965 uv2965 ondisk = 0) v6 ==== 171+0+0 (2300189965 0 0) 0x7f96e0001230 con 0x3f59060 -122>
2016-01-27 11:16:44.092237 7f96e9ffb700 1 -- 10.0.2.15:0/1013182 --> 10.0.2.15:6807/9349 -- osd_op(client.34130.0:112 gc.1 [call rgw.gc_list] 4.6830fb87 ack+read+known_if_redirected e114) v5 -- ?+0 0x7f96e4073a80 con 0x3f59060 -121>
2016-01-27 11:16:44.094571 7f9700613700 1 -- 10.0.2.15:0/1013182 <== osd.1 10.0.2.15:6807/9349 61 ==== osd_op_reply(112 gc.1 [call] v0'0 uv2965 ondisk = 0) v6 ==== 171+0+11 (378310798 0 1993775135) 0x7f96e0001230 con 0x3f59060 -120>
2016-01-27 11:16:44.094780 7f96e9ffb700 1 -- 10.0.2.15:0/1013182 --> 10.0.2.15:6807/9349 -- osd_op(client.34130.0:113 gc.1 [call lock.unlock] 4.6830fb87 ondisk+write+known_if_redirected e114) v5 -- ?+0 0x7f96e4073a80 con 0x3f59060 -119>
2016-01-27 11:16:44.142486 7f9700613700 1 -- 10.0.2.15:0/1013182 <== osd.1 10.0.2.15:6807/9349 62 ==== osd_op_reply(113 gc.1 [call] v114'2966 uv2966 ondisk = 0) v6 ==== 171+0+0 (151861376 0 0) 0x7f96e0001230 con 0x3f59060 -118>
2016-01-27 11:16:44.142780 7f96e9ffb700 1 -- 10.0.2.15:0/1013182 --> 10.0.2.15:6800/9219 -- osd_op(client.34130.0:114 gc.2 [call lock.lock] 4.3b1b8c5b ondisk+write+known_if_redirected e114) v5 -- ?+0 0x7f96e4073a80 con 0x7f96dc003f60 -117>
2016-01-27 11:16:44.202860 7f970020f700 1 -- 10.0.2.15:0/1013182 <== osd.0 10.0.2.15:6800/9219 46 ==== osd_op_reply(114 gc.2 [call] v114'4451 uv4451 ondisk = 0) v6 ==== 171+0+0 (872808614 0 0) 0x7f96f40322b0 con 0x7f96dc003f60 -116>
2016-01-27 11:16:44.203034 7f96e9ffb700 1 -- 10.0.2.15:0/1013182 --> 10.0.2.15:6800/9219 -- osd_op(client.34130.0:115 gc.2 [call rgw.gc_list] 4.3b1b8c5b ack+read+known_if_redirected e114) v5 -- ?+0 0x7f96e4073a80 con 0x7f96dc003f60 -115>
2016-01-27 11:16:44.204563 7f970020f700 1 -- 10.0.2.15:0/1013182 <== osd.0 10.0.2.15:6800/9219 47 ==== osd_op_reply(115 gc.2 [call] v0'0 uv4451 ondisk = 0) v6 ==== 171+0+11 (1773486824 0 1993775135) 0x7f96f40322b0 con 0x7f96dc003f60 -114>
2016-01-27 11:16:44.204693 7f96e9ffb700 1 -- 10.0.2.15:0/1013182 --> 10.0.2.15:6800/9219 -- osd_op(client.34130.0:116 gc.2 [call lock.unlock] 4.3b1b8c5b ondisk+write+known_if_redirected e114) v5 -- ?+0 0x7f96e4073a80 con 0x7f96dc003f60 -113>
2016-01-27 11:16:44.219778 7f9701817700 10 monclient: tick -112>
2016-01-27 11:16:44.219831 7f9701817700 10 monclient: renew subs? (now:
2016-01-27 11:16:44.219830; renew after:
2016-01-27 11:19:11.219685) -- no -111>
2016-01-27 11:16:44.237538 7f970020f700 1 -- 10.0.2.15:0/1013182 <== osd.0 10.0.2.15:6800/9219 48 ==== osd_op_reply(116 gc.2 [call] v114'4452 uv4452 ondisk = 0) v6 ==== 171+0+0 (2096617294 0 0) 0x7f96f40322b0 con 0x7f96dc003f60 -110>
2016-01-27 11:16:44.237727 7f96e9ffb700 1 -- 10.0.2.15:0/1013182 --> 10.0.2.15:6800/9219 -- osd_op(client.34130.0:117 gc.3 [call lock.lock] 4.7820b530 ondisk+write+known_if_redirected e114) v5 -- ?+0 0x7f96e4073a80 con 0x7f96dc003f60 -109>
2016-01-27 11:16:44.272408 7f970020f700 1 -- 10.0.2.15:0/1013182 <== osd.0 10.0.2.15:6800/9219 49 ==== osd_op_reply(117 gc.3 [call] v114'2225 uv2225 ondisk = 0) v6 ==== 171+0+0 (3481015783 0 0) 0x7f96f40322b0 con 0x7f96dc003f60 -108>
2016-01-27 11:16:44.272587 7f96e9ffb700 1 -- 10.0.2.15:0/1013182 --> 10.0.2.15:6800/9219 -- osd_op(client.34130.0:118 gc.3 [call rgw.gc_list] 4.7820b530 ack+read+known_if_redirected e114) v5 -- ?+0 0x7f96e4073a80 con 0x7f96dc003f60 -107>
2016-01-27 11:16:44.273971 7f970020f700 1 -- 10.0.2.15:0/1013182 <== osd.0 10.0.2.15:6800/9219 50 ==== osd_op_reply(118 gc.3 [call] v0'0 uv2225 ondisk = 0) v6 ==== 171+0+11 (751655967 0 1993775135) 0x7f96f40322b0 con 0x7f96dc003f60 -106>
2016-01-27 11:16:44.274103 7f96e9ffb700 1 -- 10.0.2.15:0/1013182 --> 10.0.2.15:6800/9219 -- osd_op(client.34130.0:119 gc.3 [call lock.unlock] 4.7820b530 ondisk+write+known_if_redirected e114) v5 -- ?+0 0x7f96e4073a80 con 0x7f96dc003f60 -105>
2016-01-27 11:16:44.305187 7f970020f700 1 -- 10.0.2.15:0/1013182 <== osd.0 10.0.2.15:6800/9219 51 ==== osd_op_reply(119 gc.3 [call] v114'2226 uv2226 ondisk = 0) v6 ==== 171+0+0 (1332424810 0 0) 0x7f96f40322b0 con 0x7f96dc003f60 -104>
2016-01-27 11:16:44.305262 7f96e9ffb700 1 -- 10.0.2.15:0/1013182 --> 10.0.2.15:6802/9479 -- osd_op(client.34130.0:120 gc.4 [call lock.lock] 4.370bf669 ondisk+write+known_if_redirected e114) v5 -- ?+0 0x7f96e4073a80 con 0x3f61e30 -103>
2016-01-27 11:16:44.356116 7f9700411700 1 -- 10.0.2.15:0/1013182 <== osd.2 10.0.2.15:6802/9479 7 ==== osd_op_reply(120 gc.4 [call] v114'741 uv741 ondisk = 0) v6 ==== 171+0+0 (717316953 0 0) 0x7f96e0067f60 con 0x3f61e30 -102>
2016-01-27 11:16:44.356182 7f96e9ffb700 1 -- 10.0.2.15:0/1013182 --> 10.0.2.15:6802/9479 -- osd_op(client.34130.0:121 gc.4 [call rgw.gc_list] 4.370bf669 ack+read+known_if_redirected e114) v5 -- ?+0 0x7f96e4073a80 con 0x3f61e30 -101>
2016-01-27 11:16:44.356596 7f9700411700 1 -- 10.0.2.15:0/1013182 <== osd.2 10.0.2.15:6802/9479 8 ==== osd_op_reply(121 gc.4 [call] v0'0 uv741 ondisk = 0) v6 ==== 171+0+11 (1803151440 0 1993775135) 0x7f96e006e050 con 0x3f61e30 -100>
2016-01-27 11:16:44.356626 7f96e9ffb700 1 -- 10.0.2.15:0/1013182 --> 10.0.2.15:6802/9479 -- osd_op(client.34130.0:122 gc.4 [call lock.unlock] 4.370bf669 ondisk+write+known_if_redirected e114) v5 -- ?+0 0x7f96e4073a80 con 0x3f61e30 -99>
2016-01-27 11:16:44.391325 7f9700411700 1 -- 10.0.2.15:0/1013182 <== osd.2 10.0.2.15:6802/9479 9 ==== osd_op_reply(122 gc.4 [call] v114'742 uv742 ondisk = 0) v6 ==== 171+0+0 (2866169556 0 0) 0x7f96e0068180 con 0x3f61e30 -98>
2016-01-27 11:16:44.391520 7f96e9ffb700 1 -- 10.0.2.15:0/1013182 --> 10.0.2.15:6800/9219 -- osd_op(client.34130.0:123 gc.5 [call lock.lock] 4.15a298d6 ondisk+write+known_if_redirected e114) v5 -- ?+0 0x7f96e4073a80 con 0x7f96dc003f60 -97>
2016-01-27 11:16:44.422150 7f970020f700 1 -- 10.0.2.15:0/1013182 <== osd.0 10.0.2.15:6800/9219 52 ==== osd_op_reply(123 gc.5 [call] v114'5193 uv5193 ondisk = 0) v6 ==== 171+0+0 (3612933709 0 0) 0x7f96f40322b0 con 0x7f96dc003f60 -96>
2016-01-27 11:16:44.422329 7f96e9ffb700 1 -- 10.0.2.15:0/1013182 --> 10.0.2.15:6800/9219 -- osd_op(client.34130.0:124 gc.5 [call rgw.gc_list] 4.15a298d6 ack+read+known_if_redirected e114) v5 -- ?+0 0x7f96e4073a80 con 0x7f96dc003f60 -95>
2016-01-27 11:16:44.423760 7f970020f700 1 -- 10.0.2.15:0/1013182 <== osd.0 10.0.2.15:6800/9219 53 ==== osd_op_reply(124 gc.5 [call] v0'0 uv5193 ondisk = 0) v6 ==== 171+0+11 (1494836739 0 1993775135) 0x7f96f40322b0 con 0x7f96dc003f60 -94>
2016-01-27 11:16:44.423892 7f96e9ffb700 1 -- 10.0.2.15:0/1013182 --> 10.0.2.15:6800/9219 -- osd_op(client.34130.0:125 gc.5 [call lock.unlock] 4.15a298d6 ondisk+write+known_if_redirected e114) v5 -- ?+0 0x7f96e4073a80 con 0x7f96dc003f60 -93>
2016-01-27 11:16:44.456772 7f970020f700 1 -- 10.0.2.15:0/1013182 <== osd.0 10.0.2.15:6800/9219 54 ==== osd_op_reply(125 gc.5 [call] v114'5194 uv5194 ondisk = 0) v6 ==== 171+0+0 (1464851392 0 0) 0x7f96f40322b0 con 0x7f96dc003f60 -92>
2016-01-27 11:16:44.456961 7f96e9ffb700 1 -- 10.0.2.15:0/1013182 --> 10.0.2.15:6807/9349 -- osd_op(client.34130.0:126 gc.6 [call lock.lock] 4.170a8acf ondisk+write+known_if_redirected e114) v5 -- ?+0 0x7f96e4073a80 con 0x3f59060 -91>
2016-01-27 11:16:44.488539 7f9700613700 1 -- 10.0.2.15:0/1013182 <== osd.1 10.0.2.15:6807/9349 63 ==== osd_op_reply(126 gc.6 [call] v114'2967 uv2967 ondisk = 0) v6 ==== 171+0+0 (875371419 0 0) 0x7f96e0068180 con 0x3f59060 -90>
2016-01-27 11:16:44.488767 7f96e9ffb700 1 -- 10.0.2.15:0/1013182 --> 10.0.2.15:6807/9349 -- osd_op(client.34130.0:127 gc.6 [call rgw.gc_list] 4.170a8acf ack+read+known_if_redirected e114) v5 -- ?+0 0x7f96e4073a80 con 0x3f59060 -89>
2016-01-27 11:16:44.490312 7f9700613700 1 -- 10.0.2.15:0/1013182 <== osd.1 10.0.2.15:6807/9349 64 ==== osd_op_reply(127 gc.6 [call] v0'0 uv2967 ondisk = 0) v6 ==== 171+0+11 (2475286126 0 1993775135) 0x7f96e0068180 con 0x3f59060 -88>
2016-01-27 11:16:44.490447 7f96e9ffb700 1 -- 10.0.2.15:0/1013182 --> 10.0.2.15:6807/9349 -- osd_op(client.34130.0:128 gc.6 [call lock.unlock] 4.170a8acf ondisk+write+known_if_redirected e114) v5 -- ?+0 0x7f96e4073a80 con 0x3f59060 -87>
2016-01-27 11:16:44.521600 7f9700613700 1 -- 10.0.2.15:0/1013182 <== osd.1 10.0.2.15:6807/9349 65 ==== osd_op_reply(128 gc.6 [call] v114'2968 uv2968 ondisk = 0) v6 ==== 171+0+0 (3908918856 0 0) 0x7f96e0068180 con 0x3f59060 -86>
2016-01-27 11:16:44.521644 7f96e9ffb700 2 garbage collection: stop -85>
2016-01-27 11:16:46.221315 7f970381b700 1 -- 10.0.2.15:0/1013182 --> 10.0.2.15:6807/9349 -- osd_op(client.34130.0:129 notify.0 [watch ping cookie 66434800] 2.4322fa9f ondisk+write+known_if_redirected e114) v5 -- ?+0 0x7f96dc01fc10 con 0x3f59060 -84>
2016-01-27 11:16:46.221430 7f970381b700 1 -- 10.0.2.15:0/1013182 --> 10.0.2.15:6807/9349 -- osd_op(client.34130.0:130 notify.2 [watch ping cookie 66469888] 2.88aa5c95 ondisk+write+known_if_redirected e114) v5 -- ?+0 0x7f96dc0008c0 con 0x3f59060 -83>
2016-01-27 11:16:46.221461 7f970381b700 1 -- 10.0.2.15:0/1013182 --> 10.0.2.15:6807/9349 -- osd_op(client.34130.0:131 notify.3 [watch ping cookie 66467616] 2.f8c99aee ondisk+write+known_if_redirected e114) v5 -- ?+0 0x7f96dc0022a0 con 0x3f59060 -82>
2016-01-27 11:16:46.221482 7f970381b700 1 -- 10.0.2.15:0/1013182 --> 10.0.2.15:6807/9349 -- osd_op(client.34130.0:132 notify.4 [watch ping cookie 66468288] 2.a204812d ondisk+write+known_if_redirected e114) v5 -- ?+0 0x7f96dc002b70 con 0x3f59060 -81>
2016-01-27 11:16:46.221505 7f970381b700 1 -- 10.0.2.15:0/1013182 --> 10.0.2.15:6807/9349 -- osd_op(client.34130.0:133 notify.5 [watch ping cookie 66472304] 2.31099063 ondisk+write+known_if_redirected e114) v5 -- ?+0 0x7f96dc020350 con 0x3f59060 -80>
2016-01-27 11:16:46.221527 7f970381b700 1 -- 10.0.2.15:0/1013182 --> 10.0.2.15:6807/9349 -- osd_op(client.34130.0:134 notify.6 [watch ping cookie 66476304] 2.97c520d4 ondisk+write+known_if_redirected e114) v5 -- ?+0 0x7f96dc020c50 con 0x3f59060 -79>
2016-01-27 11:16:46.221551 7f970381b700 1 -- 10.0.2.15:0/1013182 --> 10.0.2.15:6802/9479 -- osd_op(client.34130.0:135 notify.1 [watch ping cookie 66466240] 2.16dafda0 ondisk+write+known_if_redirected e114) v5 -- ?+0 0x7f96dc021aa0 con 0x3f61e30 -78>
2016-01-27 11:16:46.221579 7f970381b700 1 -- 10.0.2.15:0/1013182 --> 10.0.2.15:6802/9479 -- osd_op(client.34130.0:136 notify.7 [watch ping cookie 66480400] 2.84ada7c9 ondisk+write+known_if_redirected e114) v5 -- ?+0 0x7f96dc022410 con 0x3f61e30 -77>
2016-01-27 11:16:46.221602 7f970381b700 10 monclient: renew_subs -76>
2016-01-27 11:16:46.221609 7f970381b700 10 monclient: _send_mon_message to mon.v-ub at 10.0.2.15:6789/0 -75>
2016-01-27 11:16:46.221615 7f970381b700 1 -- 10.0.2.15:0/1013182 --> 10.0.2.15:6789/0 -- mon_subscribe({monmap=2+,osdmap=115}) v2 -- ?+0 0x7f96dc022ab0 con 0x3f4b8c0 -74>
2016-01-27 11:16:46.221635 7f970381b700 1 -- 10.0.2.15:0/1013182 --> 10.0.2.15:6807/9349 -- ping magic: 0 v1 -- ?+0 0x7f96dc06c050 con 0x3f59060 -73>
2016-01-27 11:16:46.221647 7f970381b700 1 -- 10.0.2.15:0/1013182 --> 10.0.2.15:6802/9479 -- ping magic: 0 v1 -- ?+0 0x7f96dc06c340 con 0x3f61e30 -72>
2016-01-27 11:16:46.226087 7f9700411700 1 -- 10.0.2.15:0/1013182 <== osd.2 10.0.2.15:6802/9479 10 ==== osd_op_reply(135 notify.1 [watch ping cookie 66466240] v0'0 uv73 ondisk = 0) v6 ==== 175+0+0 (2863862098 0 0) 0x7f96e0068180 con 0x3f61e30 -71>
2016-01-27 11:16:46.226242 7f9700411700 1 -- 10.0.2.15:0/1013182 <== osd.2 10.0.2.15:6802/9479 11 ==== osd_op_reply(136 notify.7 [watch ping cookie 66480400] v0'0 uv73 ondisk = 0) v6 ==== 175+0+0 (1661574261 0 0) 0x7f96e0068180 con 0x3f61e30 -70>
2016-01-27 11:16:46.226408 7f9700613700 1 -- 10.0.2.15:0/1013182 <== osd.1 10.0.2.15:6807/9349 66 ==== osd_op_reply(129 notify.0 [watch ping cookie 66434800] v0'0 uv73 ondisk = 0) v6 ==== 175+0+0 (207177705 0 0) 0x7f96e0068180 con 0x3f59060 -69>
2016-01-27 11:16:46.228102 7f9700613700 1 -- 10.0.2.15:0/1013182 <== osd.1 10.0.2.15:6807/9349 67 ==== osd_op_reply(130 notify.2 [watch ping cookie 66469888] v0'0 uv145 ondisk = 0) v6 ==== 175+0+0 (3906579139 0 0) 0x7f96e0068180 con 0x3f59060 -68>
2016-01-27 11:16:46.228267 7f9700613700 1 -- 10.0.2.15:0/1013182 <== osd.1 10.0.2.15:6807/9349 68 ==== osd_op_reply(131 notify.3 [watch ping cookie 66467616] v0'0 uv73 ondisk = 0) v6 ==== 175+0+0 (2223253054 0 0) 0x7f96e0068180 con 0x3f59060 -67>
2016-01-27 11:16:46.229152 7f9700613700 1 -- 10.0.2.15:0/1013182 <== osd.1 10.0.2.15:6807/9349 69 ==== osd_op_reply(132 notify.4 [watch ping cookie 66468288] v0'0 uv147 ondisk = 0) v6 ==== 175+0+0 (692646637 0 0) 0x7f96e0068180 con 0x3f59060 -66>
2016-01-27 11:16:46.230028 7f9700613700 1 -- 10.0.2.15:0/1013182 <== osd.1 10.0.2.15:6807/9349 70 ==== osd_op_reply(133 notify.5 [watch ping cookie 66472304] v0'0 uv73 ondisk = 0) v6 ==== 175+0+0 (2093867616 0 0) 0x7f96e0068180 con 0x3f59060 -65>
2016-01-27 11:16:46.230787 7f9700613700 1 -- 10.0.2.15:0/1013182 <== osd.1 10.0.2.15:6807/9349 71 ==== osd_op_reply(134 notify.6 [watch ping cookie 66476304] v0'0 uv73 ondisk = 0) v6 ==== 175+0+0 (824107114 0 0) 0x7f96e0068180 con 0x3f59060 -64>
2016-01-27 11:16:46.238540 7f970301a700 1 -- 10.0.2.15:0/1013182 <== mon.0 10.0.2.15:6789/0 11 ==== mon_subscribe_ack(300s) v1 ==== 20+0+0 (3851642343 0 0) 0x7f96ec064970 con 0x3f4b8c0 -63>
2016-01-27 11:16:46.238562 7f970301a700 10 monclient: handle_subscribe_ack sent
2016-01-27 11:16:46.221606 renew after
2016-01-27 11:19:16.221606 -62>
2016-01-27 11:16:51.221978 7f970381b700 1 -- 10.0.2.15:0/1013182 --> 10.0.2.15:6807/9349 -- osd_op(client.34130.0:137 notify.0 [watch ping cookie 66434800] 2.4322fa9f ondisk+write+known_if_redirected e114) v5 -- ?+0 0x7f96dc022ab0 con 0x3f59060 -61>
2016-01-27 11:16:51.222080 7f970381b700 1 -- 10.0.2.15:0/1013182 --> 10.0.2.15:6807/9349 -- osd_op(client.34130.0:138 notify.2 [watch ping cookie 66469888] 2.88aa5c95 ondisk+write+known_if_redirected e114) v5 -- ?+0 0x7f96dc01ffc0 con 0x3f59060 -60>
2016-01-27 11:16:51.222108 7f970381b700 1 -- 10.0.2.15:0/1013182 --> 10.0.2.15:6807/9349 -- osd_op(client.34130.0:139 notify.3 [watch ping cookie 66467616] 2.f8c99aee ondisk+write+known_if_redirected e114) v5 -- ?+0 0x7f96dc022040 con 0x3f59060 -59>
2016-01-27 11:16:51.222132 7f970381b700 1 -- 10.0.2.15:0/1013182 --> 10.0.2.15:6807/9349 -- osd_op(client.34130.0:140 notify.4 [watch ping cookie 66468288] 2.a204812d ondisk+write+known_if_redirected e114) v5 -- ?+0 0x7f96dc020880 con 0x3f59060 -58>
2016-01-27 11:16:51.222154 7f970381b700 1 -- 10.0.2.15:0/1013182 --> 10.0.2.15:6807/9349 -- osd_op(client.34130.0:141 notify.5 [watch ping cookie 66472304] 2.31099063 ondisk+write+known_if_redirected e114) v5 -- ?+0 0x7f96dc01fc10 con 0x3f59060 -57>
2016-01-27 11:16:51.222176 7f970381b700 1 -- 10.0.2.15:0/1013182 --> 10.0.2.15:6807/9349 -- osd_op(client.34130.0:142 notify.6 [watch ping cookie 66476304] 2.97c520d4 ondisk+write+known_if_redirected e114) v5 -- ?+0 0x7f96dc002b70 con 0x3f59060 -56>
2016-01-27 11:16:51.222199 7f970381b700 1 -- 10.0.2.15:0/1013182 --> 10.0.2.15:6802/9479 -- osd_op(client.34130.0:143 notify.1 [watch ping cookie 66466240] 2.16dafda0 ondisk+write+known_if_redirected e114) v5 -- ?+0 0x7f96dc020c50 con 0x3f61e30 -55>
2016-01-27 11:16:51.222229 7f970381b700 1 -- 10.0.2.15:0/1013182 --> 10.0.2.15:6802/9479 -- osd_op(client.34130.0:144 notify.7 [watch ping cookie 66480400] 2.84ada7c9 ondisk+write+known_if_redirected e114) v5 -- ?+0 0x7f96dc06cb30 con 0x3f61e30 -54>
2016-01-27 11:16:51.222252 7f970381b700 1 -- 10.0.2.15:0/1013182 --> 10.0.2.15:6807/9349 -- ping magic: 0 v1 -- ?+0 0x7f96dc06d050 con 0x3f59060 -53>
2016-01-27 11:16:51.222264 7f970381b700 1 -- 10.0.2.15:0/1013182 --> 10.0.2.15:6802/9479 -- ping magic: 0 v1 -- ?+0 0x7f96dc06d300 con 0x3f61e30 -52>
2016-01-27 11:16:51.226233 7f9700411700 1 -- 10.0.2.15:0/1013182 <== osd.2 10.0.2.15:6802/9479 12 ==== osd_op_reply(143 notify.1 [watch ping cookie 66466240] v0'0 uv73 ondisk = 0) v6 ==== 175+0+0 (2863862098 0 0) 0x7f96e0068180 con 0x3f61e30 -51>
2016-01-27 11:16:51.226425 7f9700613700 1 -- 10.0.2.15:0/1013182 <== osd.1 10.0.2.15:6807/9349 72 ==== osd_op_reply(137 notify.0 [watch ping cookie 66434800] v0'0 uv73 ondisk = 0) v6 ==== 175+0+0 (207177705 0 0) 0x7f96e0068180 con 0x3f59060 -50>
2016-01-27 11:16:51.227460 7f9700613700 1 -- 10.0.2.15:0/1013182 <== osd.1 10.0.2.15:6807/9349 73 ==== osd_op_reply(138 notify.2 [watch ping cookie 66469888] v0'0 uv145 ondisk = 0) v6 ==== 175+0+0 (3906579139 0 0) 0x7f96e0068180 con 0x3f59060 -49>
2016-01-27 11:16:51.227945 7f9700411700 1 -- 10.0.2.15:0/1013182 <== osd.2 10.0.2.15:6802/9479 13 ==== osd_op_reply(144 notify.7 [watch ping cookie 66480400] v0'0 uv73 ondisk = 0) v6 ==== 175+0+0 (1661574261 0 0) 0x7f96e0069d80 con 0x3f61e30 -48>
2016-01-27 11:16:51.228856 7f9700613700 1 -- 10.0.2.15:0/1013182 <== osd.1 10.0.2.15:6807/9349 74 ==== osd_op_reply(139 notify.3 [watch ping cookie 66467616] v0'0 uv73 ondisk = 0) v6 ==== 175+0+0 (2223253054 0 0) 0x7f96e0069d80 con 0x3f59060 -47>
2016-01-27 11:16:51.229790 7f9700613700 1 -- 10.0.2.15:0/1013182 <== osd.1 10.0.2.15:6807/9349 75 ==== osd_op_reply(140 notify.4 [watch ping cookie 66468288] v0'0 uv147 ondisk = 0) v6 ==== 175+0+0 (692646637 0 0) 0x7f96e0069d80 con 0x3f59060 -46>
2016-01-27 11:16:51.230718 7f9700613700 1 -- 10.0.2.15:0/1013182 <== osd.1 10.0.2.15:6807/9349 76 ==== osd_op_reply(141 notify.5 [watch ping cookie 66472304] v0'0 uv73 ondisk = 0) v6 ==== 175+0+0 (2093867616 0 0) 0x7f96e0069d80 con 0x3f59060 -45>
2016-01-27 11:16:51.231666 7f9700613700 1 -- 10.0.2.15:0/1013182 <== osd.1 10.0.2.15:6807/9349 77 ==== osd_op_reply(142 notify.6 [watch ping cookie 66476304] v0'0 uv73 ondisk = 0) v6 ==== 175+0+0 (824107114 0 0) 0x7f96e0069d80 con 0x3f59060 -44>
2016-01-27 11:16:54.220162 7f9701817700 10 monclient: tick -43>
2016-01-27 11:16:54.220215 7f9701817700 10 monclient: renew subs? (now:
2016-01-27 11:16:54.220213; renew after:
2016-01-27 11:19:16.221606) -- no -42>
2016-01-27 11:16:56.222589 7f970381b700 1 -- 10.0.2.15:0/1013182 --> 10.0.2.15:6807/9349 -- osd_op(client.34130.0:145 notify.0 [watch ping cookie 66434800] 2.4322fa9f ondisk+write+known_if_redirected e114) v5 -- ?+0 0x7f96dc022ab0 con 0x3f59060 -41>
2016-01-27 11:16:56.222725 7f970381b700 1 -- 10.0.2.15:0/1013182 --> 10.0.2.15:6807/9349 -- osd_op(client.34130.0:146 notify.2 [watch ping cookie 66469888] 2.88aa5c95 ondisk+write+known_if_redirected e114) v5 -- ?+0 0x7f96dc01ffc0 con 0x3f59060 -40>
2016-01-27 11:16:56.222759 7f970381b700 1 -- 10.0.2.15:0/1013182 --> 10.0.2.15:6807/9349 -- osd_op(client.34130.0:147 notify.3 [watch ping cookie 66467616] 2.f8c99aee ondisk+write+known_if_redirected e114) v5 -- ?+0 0x7f96dc020350 con 0x3f59060 -39>
2016-01-27 11:16:56.222783 7f970381b700 1 -- 10.0.2.15:0/1013182 --> 10.0.2.15:6807/9349 -- osd_op(client.34130.0:148 notify.4 [watch ping cookie 66468288] 2.a204812d ondisk+write+known_if_redirected e114) v5 -- ?+0 0x7f96dc022040 con 0x3f59060 -38>
2016-01-27 11:16:56.222806 7f970381b700 1 -- 10.0.2.15:0/1013182 --> 10.0.2.15:6807/9349 -- osd_op(client.34130.0:149 notify.5 [watch ping cookie 66472304] 2.31099063 ondisk+write+known_if_redirected e114) v5 -- ?+0 0x7f96dc01fc10 con 0x3f59060 -37>
2016-01-27 11:16:56.222828 7f970381b700 1 -- 10.0.2.15:0/1013182 --> 10.0.2.15:6807/9349 -- osd_op(client.34130.0:150 notify.6 [watch ping cookie 66476304] 2.97c520d4 ondisk+write+known_if_redirected e114) v5 -- ?+0 0x7f96dc06c820 con 0x3f59060 -36>
2016-01-27 11:16:56.222852 7f970381b700 1 -- 10.0.2.15:0/1013182 --> 10.0.2.15:6802/9479 -- osd_op(client.34130.0:151 notify.1 [watch ping cookie 66466240] 2.16dafda0 ondisk+write+known_if_redirected e114) v5 -- ?+0 0x7f96dc06d7f0 con 0x3f61e30 -35>
2016-01-27 11:16:56.222881 7f970381b700 1 -- 10.0.2.15:0/1013182 --> 10.0.2.15:6802/9479 -- osd_op(client.34130.0:152 notify.7 [watch ping cookie 66480400] 2.84ada7c9 ondisk+write+known_if_redirected e114) v5 -- ?+0 0x7f96dc072050 con 0x3f61e30 -34>
2016-01-27 11:16:56.222904 7f970381b700 1 -- 10.0.2.15:0/1013182 --> 10.0.2.15:6807/9349 -- ping magic: 0 v1 -- ?+0 0x7f96dc002d10 con 0x3f59060 -33>
2016-01-27 11:16:56.222917 7f970381b700 1 -- 10.0.2.15:0/1013182 --> 10.0.2.15:6802/9479 -- ping magic: 0 v1 -- ?+0 0x7f96dc072620 con 0x3f61e30 -32>
2016-01-27 11:16:56.225730 7f9700411700 1 -- 10.0.2.15:0/1013182 <== osd.2 10.0.2.15:6802/9479 14 ==== osd_op_reply(151 notify.1 [watch ping cookie 66466240] v0'0 uv73 ondisk = 0) v6 ==== 175+0+0 (2863862098 0 0) 0x7f96e006a510 con 0x3f61e30 -31>
2016-01-27 11:16:56.225864 7f9700411700 1 -- 10.0.2.15:0/1013182 <== osd.2 10.0.2.15:6802/9479 15 ==== osd_op_reply(152 notify.7 [watch ping cookie 66480400] v0'0 uv73 ondisk = 0) v6 ==== 175+0+0 (1661574261 0 0) 0x7f96e006a510 con 0x3f61e30 -30>
2016-01-27 11:16:56.227112 7f9700613700 1 -- 10.0.2.15:0/1013182 <== osd.1 10.0.2.15:6807/9349 78 ==== osd_op_reply(145 notify.0 [watch ping cookie 66434800] v0'0 uv73 ondisk = 0) v6 ==== 175+0+0 (207177705 0 0) 0x7f96e006a510 con 0x3f59060 -29>
2016-01-27 11:16:56.228141 7f9700613700 1 -- 10.0.2.15:0/1013182 <== osd.1 10.0.2.15:6807/9349 79 ==== osd_op_reply(146 notify.2 [watch ping cookie 66469888] v0'0 uv145 ondisk = 0) v6 ==== 175+0+0 (3906579139 0 0) 0x7f96e006a510 con 0x3f59060 -28>
2016-01-27 11:16:56.229082 7f9700613700 1 -- 10.0.2.15:0/1013182 <== osd.1 10.0.2.15:6807/9349 80 ==== osd_op_reply(147 notify.3 [watch ping cookie 66467616] v0'0 uv73 ondisk = 0) v6 ==== 175+0+0 (2223253054 0 0) 0x7f96e006a510 con 0x3f59060 -27>
2016-01-27 11:16:56.230030 7f9700613700 1 -- 10.0.2.15:0/1013182 <== osd.1 10.0.2.15:6807/9349 81 ==== osd_op_reply(148 notify.4 [watch ping cookie 66468288] v0'0 uv147 ondisk = 0) v6 ==== 175+0+0 (692646637 0 0) 0x7f96e006a510 con 0x3f59060 -26>
2016-01-27 11:16:56.231091 7f9700613700 1 -- 10.0.2.15:0/1013182 <== osd.1 10.0.2.15:6807/9349 82 ==== osd_op_reply(149 notify.5 [watch ping cookie 66472304] v0'0 uv73 ondisk = 0) v6 ==== 175+0+0 (2093867616 0 0) 0x7f96e006a510 con 0x3f59060 -25>
2016-01-27 11:16:56.232117 7f9700613700 1 -- 10.0.2.15:0/1013182 <== osd.1 10.0.2.15:6807/9349 83 ==== osd_op_reply(150 notify.6 [watch ping cookie 66476304] v0'0 uv73 ondisk = 0) v6 ==== 175+0+0 (824107114 0 0) 0x7f96e006a510 con 0x3f59060 -24>
2016-01-27 11:17:01.223216 7f970381b700 1 -- 10.0.2.15:0/1013182 --> 10.0.2.15:6807/9349 -- osd_op(client.34130.0:153 notify.0 [watch ping cookie 66434800] 2.4322fa9f ondisk+write+known_if_redirected e114) v5 -- ?+0 0x7f96dc022ab0 con 0x3f59060 -23>
2016-01-27 11:17:01.223299 7f970381b700 1 -- 10.0.2.15:0/1013182 --> 10.0.2.15:6807/9349 -- osd_op(client.34130.0:154 notify.2 [watch ping cookie 66469888] 2.88aa5c95 ondisk+write+known_if_redirected e114) v5 -- ?+0 0x7f96dc002c20 con 0x3f59060 -22>
2016-01-27 11:17:01.223322 7f970381b700 1 -- 10.0.2.15:0/1013182 --> 10.0.2.15:6807/9349 -- osd_op(client.34130.0:155 notify.3 [watch ping cookie 66467616] 2.f8c99aee ondisk+write+known_if_redirected e114) v5 -- ?+0 0x7f96dc01ffc0 con 0x3f59060 -21>
2016-01-27 11:17:01.223341 7f970381b700 1 -- 10.0.2.15:0/1013182 --> 10.0.2.15:6807/9349 -- osd_op(client.34130.0:156 notify.4 [watch ping cookie 66468288] 2.a204812d ondisk+write+known_if_redirected e114) v5 -- ?+0 0x7f96dc06dcf0 con 0x3f59060 -20>
2016-01-27 11:17:01.223360 7f970381b700 1 -- 10.0.2.15:0/1013182 --> 10.0.2.15:6807/9349 -- osd_op(client.34130.0:157 notify.5 [watch ping cookie 66472304] 2.31099063 ondisk+write+known_if_redirected e114) v5 -- ?+0 0x7f96dc020350 con 0x3f59060 -19>
2016-01-27 11:17:01.223379 7f970381b700 1 -- 10.0.2.15:0/1013182 --> 10.0.2.15:6807/9349 -- osd_op(client.34130.0:158 notify.6 [watch ping cookie 66476304] 2.97c520d4 ondisk+write+known_if_redirected e114) v5 -- ?+0 0x7f96dc01fc10 con 0x3f59060 -18>
2016-01-27 11:17:01.223399 7f970381b700 1 -- 10.0.2.15:0/1013182 --> 10.0.2.15:6802/9479 -- osd_op(client.34130.0:159 notify.1 [watch ping cookie 66466240] 2.16dafda0 ondisk+write+known_if_redirected e114) v5 -- ?+0 0x7f96dc06d7d0 con 0x3f61e30 -17>
2016-01-27 11:17:01.223422 7f970381b700 1 -- 10.0.2.15:0/1013182 --> 10.0.2.15:6802/9479 -- osd_op(client.34130.0:160 notify.7 [watch ping cookie 66480400] 2.84ada7c9 ondisk+write+known_if_redirected e114) v5 -- ?+0 0x7f96dc072cd0 con 0x3f61e30 -16>
2016-01-27 11:17:01.223441 7f970381b700 1 -- 10.0.2.15:0/1013182 --> 10.0.2.15:6807/9349 -- ping magic: 0 v1 -- ?+0 0x7f96dc0731d0 con 0x3f59060 -15>
2016-01-27 11:17:01.223451 7f970381b700 1 -- 10.0.2.15:0/1013182 --> 10.0.2.15:6802/9479 -- ping magic: 0 v1 -- ?+0 0x7f96dc073460 con 0x3f61e30 -14>
2016-01-27 11:17:01.225250 7f9700613700 1 -- 10.0.2.15:0/1013182 <== osd.1 10.0.2.15:6807/9349 84 ==== osd_op_reply(153 notify.0 [watch ping cookie 66434800] v0'0 uv73 ondisk = 0) v6 ==== 175+0+0 (207177705 0 0) 0x7f96e006a510 con 0x3f59060 -13>
2016-01-27 11:17:01.226171 7f9700411700 1 -- 10.0.2.15:0/1013182 <== osd.2 10.0.2.15:6802/9479 16 ==== osd_op_reply(159 notify.1 [watch ping cookie 66466240] v0'0 uv73 ondisk = 0) v6 ==== 175+0+0 (2863862098 0 0) 0x7f96e006a510 con 0x3f61e30 -12>
2016-01-27 11:17:01.227110 7f9700411700 1 -- 10.0.2.15:0/1013182 <== osd.2 10.0.2.15:6802/9479 17 ==== osd_op_reply(160 notify.7 [watch ping cookie 66480400] v0'0 uv73 ondisk = 0) v6 ==== 175+0+0 (1661574261 0 0) 0x7f96e006a510 con 0x3f61e30 -11>
2016-01-27 11:17:01.228173 7f9700613700 1 -- 10.0.2.15:0/1013182 <== osd.1 10.0.2.15:6807/9349 85 ==== osd_op_reply(154 notify.2 [watch ping cookie 66469888] v0'0 uv145 ondisk = 0) v6 ==== 175+0+0 (3906579139 0 0) 0x7f96e006a510 con 0x3f59060 -10>
2016-01-27 11:17:01.229255 7f9700613700 1 -- 10.0.2.15:0/1013182 <== osd.1 10.0.2.15:6807/9349 86 ==== osd_op_reply(155 notify.3 [watch ping cookie 66467616] v0'0 uv73 ondisk = 0) v6 ==== 175+0+0 (2223253054 0 0) 0x7f96e006a510 con 0x3f59060 -9>
2016-01-27 11:17:01.230197 7f9700613700 1 -- 10.0.2.15:0/1013182 <== osd.1 10.0.2.15:6807/9349 87 ==== osd_op_reply(156 notify.4 [watch ping cookie 66468288] v0'0 uv147 ondisk = 0) v6 ==== 175+0+0 (692646637 0 0) 0x7f96e006a510 con 0x3f59060 -8>
2016-01-27 11:17:01.230815 7f9700613700 1 -- 10.0.2.15:0/1013182 <== osd.1 10.0.2.15:6807/9349 88 ==== osd_op_reply(157 notify.5 [watch ping cookie 66472304] v0'0 uv73 ondisk = 0) v6 ==== 175+0+0 (2093867616 0 0) 0x7f96e006a510 con 0x3f59060 -7>
2016-01-27 11:17:01.231067 7f9700613700 1 -- 10.0.2.15:0/1013182 <== osd.1 10.0.2.15:6807/9349 89 ==== osd_op_reply(158 notify.6 [watch ping cookie 66476304] v0'0 uv73 ondisk = 0) v6 ==== 175+0+0 (824107114 0 0) 0x7f96e006a510 con 0x3f59060 -6>
2016-01-27 11:17:03.222079 7f96eaffd700 2 RGWDataChangesLog::ChangesRenewThread: start -5>
2016-01-27 11:17:04.220537 7f9701817700 10 monclient: tick -4>
2016-01-27 11:17:04.220591 7f9701817700 10 monclient: renew subs? (now:
2016-01-27 11:17:04.220590; renew after:
2016-01-27 11:19:16.221606) -- no -3>
2016-01-27 11:17:05.311209 7f96dbfff700 1 handle_sigterm -2>
2016-01-27 11:17:05.311238 7f96dbfff700 1 handle_sigterm set alarm for 120 -1>
2016-01-27 11:17:05.311271 7f9710d6e840 -1 shutting down 0>
2016-01-27 11:17:05.712994 7f96a8f99700 -1 *** Caught signal (Segmentation fault) ** in thread 7f96a8f99700 ceph version 0.94.5 (9764da52395923e0b32908d83a9f7304401fee43) 1: /usr/bin/radosgw() [0x6b712a] 2: (()+0x10340) [0x7f970d66c340] 3: (pthread_mutex_destroy()+0) [0x7f970d6663e0] 4: /usr/bin/radosgw() [0x67e996] 5: (()+0x8182) [0x7f970d664182] 6: (clone()+0x6d) [0x7f970bdbd47d] NOTE: a copy of the executable, or `objdump -rdS ` is needed to interpret this. --- logging levels --- 0/ 5 none 0/ 1 lockdep 0/ 1 context 1/ 1 crush 1/ 5 mds 1/ 5 mds_balancer 1/ 5 mds_locker 1/ 5 mds_log 1/ 5 mds_log_expire 1/ 5 mds_migrator 0/ 1 buffer 0/ 1 timer 0/ 1 filer 0/ 1 striper 0/ 1 objecter 0/ 5 rados 0/ 5 rbd 0/ 5 rbd_replay 0/ 5 journaler 0/ 5 objectcacher 0/ 5 client 0/ 5 osd 0/ 5 optracker 0/ 5 objclass 1/ 3 filestore 1/ 3 keyvaluestore 1/ 3 journal 0/ 5 ms 1/ 5 mon 0/10 monc 1/ 5 paxos 0/ 5 tp 1/ 5 auth 1/ 5 crypto 1/ 1 finisher 1/ 5 heartbeatmap 1/ 5 perfcounter 1/ 5 rgw 1/10 civetweb 1/ 5 javaclient 1/ 5 asok 1/ 1 throttle 0/ 0 refs 1/ 5 xio -2/-2 (syslog threshold) -1/-1 (stderr threshold) max_recent 10000 max_new 1000 log_file /var/log/radosgw/client.radosgw.gateway.log --- end dump of recent events ---