2015-12-03 20:14:54.748213 7f6f89060700 1 -- 127.0.0.1:6808/38863 >> :/0 pipe(0x7f6fb65cb000 sd=66 :6808 s=0 pgs=0 cs=0 l=0 c=0x7f6fb65fbb00).accept sd=66 127.0.0.1:28650/0
2015-12-03 20:14:54.748800 7f6f89060700 1 -- 127.0.0.1:6808/38863 <== client.4156 127.0.0.1:0/3162200561 1 ==== osd_op(client.4156.0:1 3.40e8aab5 (undecoded) ondisk+write+known_if_redirected e20) v7 ==== 190+0+0 (1956296165 0 0) 0x7f6fb5edf700 con 0x7f6fb65fbb00
2015-12-03 20:14:54.748968 7f6f9268d700 1 -- 127.0.0.1:0/38863 --> 127.0.0.1:6804/38644 -- osd_op(osd.2.8:4 4.40e8aab5 test [list-snaps] snapc 0=[] ack+read+rwordered+ignore_cache+ignore_overlay+map_snap_clone+known_if_redirected e20) v7 -- ?+0 0x7f6fb5e62100 con 0x7f6fb5eff780 !!!
2015-12-03 20:14:54.749019 7f6f9268d700 1 -- 127.0.0.1:0/38863 --> 127.0.0.1:6804/38644 -- osd_op(osd.2.8:5 4.40e8aab5 test [copy-get max 8388608] snapc 0=[] ack+read+rwordered+ignore_cache+ignore_overlay+map_snap_clone+known_if_redirected e20) v7 -- ?+0 0x7f6fb5ede680 con 0x7f6fb5eff780 !!!
2015-12-03 20:14:54.749620 7f6f89161700 1 -- 127.0.0.1:0/38863 <== osd.1 127.0.0.1:6804/38644 4 ==== osd_op_reply(4 test [list-snaps] v0'0 uv9 ondisk = 0) v6 ==== 171+0+48 (3468907380 0 375331648) 0x7f6fb5ede3c0 con 0x7f6fb5eff780
2015-12-03 20:14:54.768924 7f6f89161700 1 -- 127.0.0.1:0/38863 <== osd.1 127.0.0.1:6804/38644 5 ==== osd_op_reply(5 test [copy-get max 8388608] v0'0 uv9 ondisk = 0) v6 ==== 171+0+8388711 (1929162616 0 2088414009) 0x7f6fb5ede3c0 con 0x7f6fb5eff780
2015-12-03 20:14:54.770222 7f6f8d683700 1 -- 127.0.0.1:6809/38863 --> 127.0.0.1:6801/38445 -- osd_repop(osd.2.0:38 3.5 -5/00000005/temp_3.5_0_4117_1/head v 0'0) v1 -- ?+8388910 0x7f6fb5e32a00 con 0x7f6fb5999900
2015-12-03 20:14:54.770272 7f6f8d683700 1 -- 127.0.0.1:6809/38863 --> 127.0.0.1:6805/38644 -- osd_repop(osd.2.0:38 3.5 -5/00000005/temp_3.5_0_4117_1/head v 0'0) v1 -- ?+8388910 0x7f6fb5e30600 con 0x7f6fb5999c00
2015-12-03 20:14:54.772965 7f6f8d683700 1 -- 127.0.0.1:0/38863 --> 127.0.0.1:6804/38644 -- osd_op(osd.2.8:6 4.40e8aab5 test [assert-version v9,copy-get max 8388608] snapc 0=[] ack+read+rwordered+ignore_cache+ignore_overlay+map_snap_clone+known_if_redirected e20) v7 -- ?+0 0x7f6fb5e62680 con 0x7f6fb5eff780
2015-12-03 20:14:54.819406 7f6f89161700 1 -- 127.0.0.1:0/38863 <== osd.1 127.0.0.1:6804/38644 6 ==== osd_op_reply(6 test [assert-version v9,copy-get max 8388608] v0'0 uv9 ondisk = 0) v6 ==== 213+0+8388711 (2418064332 0 1377558615) 0x7f6fb5ede3c0 con 0x7f6fb5eff780
2015-12-03 20:14:54.820911 7f6f8d683700 1 -- 127.0.0.1:6809/38863 --> 127.0.0.1:6801/38445 -- osd_repop(osd.2.0:39 3.5 -5/00000005/temp_3.5_0_4117_1/head v 0'0) v1 -- ?+8388838 0x7f6fb5e18600 con 0x7f6fb5999900
2015-12-03 20:14:54.821006 7f6f8d683700 1 -- 127.0.0.1:6809/38863 --> 127.0.0.1:6805/38644 -- osd_repop(osd.2.0:39 3.5 -5/00000005/temp_3.5_0_4117_1/head v 0'0) v1 -- ?+8388838 0x7f6fb5e1b000 con 0x7f6fb5999c00
2015-12-03 20:14:54.828797 7f6f8d683700 1 -- 127.0.0.1:0/38863 --> 127.0.0.1:6804/38644 -- osd_op(osd.2.8:7 4.40e8aab5 test [assert-version v9,copy-get max 8388608] snapc 0=[] ack+read+rwordered+ignore_cache+ignore_overlay+map_snap_clone+known_if_redirected e20) v7 -- ?+0 0x7f6fb5edc840 con 0x7f6fb5eff780
2015-12-03 20:14:54.842827 7f6f8a878700 1 -- 127.0.0.1:6809/38863 <== osd.0 127.0.0.1:6801/38445 169 ==== osd_repop_reply(osd.2.0:38 3.5) v1 ==== 83+0+0 (1020135215 0 0) 0x7f6fb615aa80 con 0x7f6fb5999900
2015-12-03 20:14:54.843077 7f6f8a070700 1 -- 127.0.0.1:6809/38863 <== osd.1 127.0.0.1:6805/38644 231 ==== osd_repop_reply(osd.2.0:38 3.5) v1 ==== 83+0+0 (81750147 0 0) 0x7f6fb5e80280 con 0x7f6fb5999c00
2015-12-03 20:14:54.855335 7f6f89161700 1 -- 127.0.0.1:0/38863 <== osd.1 127.0.0.1:6804/38644 7 ==== osd_op_reply(7 test [assert-version v9,copy-get max 8388608] v0'0 uv9 ondisk = 0) v6 ==== 213+0+8388711 (2418064332 0 1211836045) 0x7f6fb5ede3c0 con 0x7f6fb5eff780
2015-12-03 20:14:54.856530 7f6f8d683700 1 -- 127.0.0.1:6809/38863 --> 127.0.0.1:6801/38445 -- osd_repop(osd.2.0:40 3.5 -5/00000005/temp_3.5_0_4117_1/head v 0'0) v1 -- ?+8388838 0x7f6fb5bb6a00 con 0x7f6fb5999900
2015-12-03 20:14:54.856588 7f6f8d683700 1 -- 127.0.0.1:6809/38863 --> 127.0.0.1:6805/38644 -- osd_repop(osd.2.0:40 3.5 -5/00000005/temp_3.5_0_4117_1/head v 0'0) v1 -- ?+8388838 0x7f6fb5e30000 con 0x7f6fb5999c00
2015-12-03 20:14:54.860785 7f6f8d683700 1 -- 127.0.0.1:0/38863 --> 127.0.0.1:6804/38644 -- osd_op(osd.2.8:8 4.40e8aab5 test [assert-version v9,copy-get max 8388608] snapc 0=[] ack+read+rwordered+ignore_cache+ignore_overlay+map_snap_clone+known_if_redirected e20) v7 -- ?+0 0x7f6fb5e1f180 con 0x7f6fb5eff780
2015-12-03 20:14:54.896235 7f6f89161700 1 -- 127.0.0.1:0/38863 <== osd.1 127.0.0.1:6804/38644 8 ==== osd_op_reply(8 test [assert-version v9,copy-get max 8388608] v0'0 uv9 ondisk = 0) v6 ==== 213+0+8389026 (3270654182 0 3195344663) 0x7f6fb5ede3c0 con 0x7f6fb5eff780
2015-12-03 20:14:54.897505 7f6f8d683700 1 -- 127.0.0.1:6809/38863 --> 127.0.0.1:6801/38445 -- osd_repop(osd.2.0:41 3.5 3/40e8aab5/test/head v 20'12) v1 -- ?+8389337 0x7f6fb5f67600 con 0x7f6fb5999900
2015-12-03 20:14:54.897542 7f6f8d683700 1 -- 127.0.0.1:6809/38863 --> 127.0.0.1:6805/38644 -- osd_repop(osd.2.0:41 3.5 3/40e8aab5/test/head v 20'12) v1 -- ?+8389337 0x7f6fb5e19e00 con 0x7f6fb5999c00
2015-12-03 20:14:54.899642 7f6f9268d700 1 -- 127.0.0.1:6809/38863 --> 127.0.0.1:6801/38445 -- osd_repop(client.4156.0:1 3.5 3/40e8aab5/test/head v 20'13) v1 -- ?+655 0x7f6fb5e31800 con 0x7f6fb5999900
2015-12-03 20:14:54.899681 7f6f9268d700 1 -- 127.0.0.1:6809/38863 --> 127.0.0.1:6805/38644 -- osd_repop(client.4156.0:1 3.5 3/40e8aab5/test/head v 20'13) v1 -- ?+655 0x7f6fb5f1f000 con 0x7f6fb5999c00
2015-12-03 20:14:54.915197 7f6f8a070700 1 -- 127.0.0.1:6809/38863 <== osd.1 127.0.0.1:6805/38644 232 ==== osd_repop_reply(osd.2.0:39 3.5) v1 ==== 83+0+0 (1892779905 0 0) 0x7f6fb5e83c00 con 0x7f6fb5999c00
2015-12-03 20:14:55.062134 7f6f8a878700 1 -- 127.0.0.1:6809/38863 <== osd.0 127.0.0.1:6801/38445 170 ==== osd_repop_reply(osd.2.0:39 3.5) v1 ==== 83+0+0 (1220601901 0 0) 0x7f6fb6158c80 con 0x7f6fb5999900
2015-12-03 20:14:55.171896 7f6f8a070700 1 -- 127.0.0.1:6809/38863 <== osd.1 127.0.0.1:6805/38644 233 ==== osd_repop_reply(osd.2.0:40 3.5) v1 ==== 83+0+0 (2539036541 0 0) 0x7f6fb5e83700 con 0x7f6fb5999c00
2015-12-03 20:14:55.172069 7f6f8a070700 1 -- 127.0.0.1:6809/38863 <== osd.1 127.0.0.1:6805/38644 234 ==== osd_repop_reply(osd.2.0:41 3.5) v1 ==== 83+0+0 (3814223999 0 0) 0x7f6fb5f56300 con 0x7f6fb5999c00
2015-12-03 20:14:55.207975 7f6f8a070700 1 -- 127.0.0.1:6809/38863 <== osd.1 127.0.0.1:6805/38644 235 ==== osd_repop_reply(client.4156.0:1 3.5) v1 ==== 83+0+0 (2518517872 0 0) 0x7f6fb5f56800 con 0x7f6fb5999c00
2015-12-03 20:14:55.208667 7f6f8a878700 1 -- 127.0.0.1:6809/38863 <== osd.0 127.0.0.1:6801/38445 171 ==== osd_repop_reply(osd.2.0:40 3.5) v1 ==== 83+0+0 (2940727505 0 0) 0x7f6fb615ad00 con 0x7f6fb5999900
2015-12-03 20:14:55.208800 7f6f8a878700 1 -- 127.0.0.1:6809/38863 <== osd.0 127.0.0.1:6801/38445 172 ==== osd_repop_reply(osd.2.0:41 3.5) v1 ==== 83+0+0 (3679002579 0 0) 0x7f6fb615b980 con 0x7f6fb5999900
2015-12-03 20:14:55.344863 7f6f8a878700 1 -- 127.0.0.1:6809/38863 <== osd.0 127.0.0.1:6801/38445 173 ==== osd_repop_reply(client.4156.0:1 3.5) v1 ==== 83+0+0 (2920081372 0 0) 0x7f6fb615a580 con 0x7f6fb5999900
2015-12-03 20:14:55.345006 7f6f9268d700 1 -- 127.0.0.1:6808/38863 --> 127.0.0.1:0/3162200561 -- osd_op_reply(1 test [delete] v20'13 uv13 ondisk = 0) v6 -- ?+0 0x7f6fb5fa79c0 con 0x7f6fb65fbb00
2015-12-03 20:14:55.345734 7f6f9eea6700 1 osd.2 20 ms_handle_reset con 0x7f6fb65fbb00 session 0x7f6fb5a258e0
2015-12-03 20:14:55.516641 7f6fa6827700 1 -- 127.0.0.1:6808/38863 --> 127.0.0.1:6790/0 -- pg_stats(1 pgs tid 6 v 0) v1 -- ?+0 0x7f6fb5e61080 con 0x7f6fb5998e80
2015-12-03 20:14:55.576074 7f6f9eea6700 1 -- 127.0.0.1:6808/38863 <== mon.1 127.0.0.1:6790/0 33 ==== pg_stats_ack(1 pgs tid 6) v1 ==== 33+0+0 (4034901830 0 0) 0x7f6fb5c31c00 con 0x7f6fb5998e80
2015-12-03 20:14:55.695294 7f6f8e685700 1 -- 127.0.0.1:0/38863 --> 127.0.0.1:6802/38445 -- osd_ping(ping e20 stamp
2015-12-03 20:14:55.695290) v2 -- ?+0 0x7f6fb5c30600 con 0x7f6fb5999000
2015-12-03 20:14:55.695348 7f6f8e685700 1 -- 127.0.0.1:0/38863 --> 127.0.0.1:6803/38445 -- osd_ping(ping e20 stamp
2015-12-03 20:14:55.695290) v2 -- ?+0 0x7f6fb5c32c00 con 0x7f6fb5999300
2015-12-03 20:14:55.695362 7f6f8e685700 1 -- 127.0.0.1:0/38863 --> 127.0.0.1:6806/38644 -- osd_ping(ping e20 stamp
2015-12-03 20:14:55.695290) v2 -- ?+0 0x7f6fb5c32600 con 0x7f6fb5999180
2015-12-03 20:14:55.695369 7f6f8e685700 1 -- 127.0.0.1:0/38863 --> 127.0.0.1:6807/38644 -- osd_ping(ping e20 stamp
2015-12-03 20:14:55.695290) v2 -- ?+0 0x7f6fb5c33200 con 0x7f6fb5999780
2015-12-03 20:14:55.695684 7f6f9bea0700 1 -- 127.0.0.1:0/38863 <== osd.1 127.0.0.1:6807/38644 18 ==== osd_ping(ping_reply e20 stamp
2015-12-03 20:14:55.695290) v2 ==== 47+0+0 (811156772 0 0) 0x7f6fb668bc00 con 0x7f6fb5999780
2015-12-03 20:14:55.695958 7f6f9bea0700 1 -- 127.0.0.1:0/38863 <== osd.1 127.0.0.1:6806/38644 18 ==== osd_ping(ping_reply e20 stamp
2015-12-03 20:14:55.695290) v2 ==== 47+0+0 (811156772 0 0) 0x7f6fb669e000 con 0x7f6fb5999180
2015-12-03 20:14:55.695980 7f6f9bea0700 1 -- 127.0.0.1:0/38863 <== osd.0 127.0.0.1:6802/38445 18 ==== osd_ping(ping_reply e20 stamp
2015-12-03 20:14:55.695290) v2 ==== 47+0+0 (811156772 0 0) 0x7f6fb668a400 con 0x7f6fb5999000
2015-12-03 20:14:55.695994 7f6f9bea0700 1 -- 127.0.0.1:0/38863 <== osd.0 127.0.0.1:6803/38445 18 ==== osd_ping(ping_reply e20 stamp
2015-12-03 20:14:55.695290) v2 ==== 47+0+0 (811156772 0 0) 0x7f6fb5dcd200 con 0x7f6fb5999300
2015-12-03 20:14:56.372236 7f6f9969b700 1 -- 127.0.0.1:6810/38863 <== osd.0 127.0.0.1:0/38445 23 ==== osd_ping(ping e20 stamp
2015-12-03 20:14:56.371837) v2 ==== 47+0+0 (819911273 0 0) 0x7f6fb668d800 con 0x7f6fb5c24180
2015-12-03 20:14:56.372264 7f6f9969b700 1 -- 127.0.0.1:6810/38863 --> 127.0.0.1:0/38445 -- osd_ping(ping_reply e20 stamp
2015-12-03 20:14:56.371837) v2 -- ?+0 0x7f6fb5c32800 con 0x7f6fb5c24180
2015-12-03 20:14:56.372295 7f6f9ae9e700 1 -- 127.0.0.1:6811/38863 <== osd.0 127.0.0.1:0/38445 23 ==== osd_ping(ping e20 stamp
2015-12-03 20:14:56.371837) v2 ==== 47+0+0 (819911273 0 0) 0x7f6fb668ce00 con 0x7f6fb5c24480
2015-12-03 20:14:56.372305 7f6f9ae9e700 1 -- 127.0.0.1:6811/38863 --> 127.0.0.1:0/38445 -- osd_ping(ping_reply e20 stamp
2015-12-03 20:14:56.371837) v2 -- ?+0 0x7f6fb5c33a00 con 0x7f6fb5c24480
2015-12-03 20:14:59.081234 7f6f9969b700 1 -- 127.0.0.1:6810/38863 <== osd.1 127.0.0.1:0/38644 21 ==== osd_ping(ping e20 stamp
2015-12-03 20:14:59.080627) v2 ==== 47+0+0 (2657173123 0 0) 0x7f6fb5dcc600 con 0x7f6fb5c24000
2015-12-03 20:14:59.081261 7f6f9969b700 1 -- 127.0.0.1:6810/38863 --> 127.0.0.1:0/38644 -- osd_ping(ping_reply e20 stamp
2015-12-03 20:14:59.080627) v2 -- ?+0 0x7f6fb668d800 con 0x7f6fb5c24000
2015-12-03 20:14:59.081284 7f6f9ae9e700 1 -- 127.0.0.1:6811/38863 <== osd.1 127.0.0.1:0/38644 21 ==== osd_ping(ping e20 stamp
2015-12-03 20:14:59.080627) v2 ==== 47+0+0 (2657173123 0 0) 0x7f6fb5c32e00 con 0x7f6fb5999a80
2015-12-03 20:14:59.081292 7f6f9ae9e700 1 -- 127.0.0.1:6811/38863 --> 127.0.0.1:0/38644 -- osd_ping(ping_reply e20 stamp
2015-12-03 20:14:59.080627) v2 -- ?+0 0x7f6fb668ce00 con 0x7f6fb5999a80
2015-12-03 20:14:59.196195 7f6f8e685700 1 -- 127.0.0.1:0/38863 --> 127.0.0.1:6802/38445 -- osd_ping(ping e20 stamp
2015-12-03 20:14:59.196191) v2 -- ?+0 0x7f6fb5c33800 con 0x7f6fb5999000
2015-12-03 20:14:59.196222 7f6f8e685700 1 -- 127.0.0.1:0/38863 --> 127.0.0.1:6803/38445 -- osd_ping(ping e20 stamp
2015-12-03 20:14:59.196191) v2 -- ?+0 0x7f6fb5c30a00 con 0x7f6fb5999300
2015-12-03 20:14:59.196235 7f6f8e685700 1 -- 127.0.0.1:0/38863 --> 127.0.0.1:6806/38644 -- osd_ping(ping e20 stamp
2015-12-03 20:14:59.196191) v2 -- ?+0 0x7f6fb668b200 con 0x7f6fb5999180
2015-12-03 20:14:59.196245 7f6f8e685700 1 -- 127.0.0.1:0/38863 --> 127.0.0.1:6807/38644 -- osd_ping(ping e20 stamp
2015-12-03 20:14:59.196191) v2 -- ?+0 0x7f6fb668b600 con 0x7f6fb5999780
2015-12-03 20:14:59.196789 7f6f9bea0700 1 -- 127.0.0.1:0/38863 <== osd.0 127.0.0.1:6803/38445 19 ==== osd_ping(ping_reply e20 stamp
2015-12-03 20:14:59.196191) v2 ==== 47+0+0 (1323602973 0 0) 0x7f6fb5dcd000 con 0x7f6fb5999300
2015-12-03 20:14:59.196811 7f6f9bea0700 1 -- 127.0.0.1:0/38863 <== osd.1 127.0.0.1:6806/38644 19 ==== osd_ping(ping_reply e20 stamp
2015-12-03 20:14:59.196191) v2 ==== 47+0+0 (1323602973 0 0) 0x7f6fb668dc00 con 0x7f6fb5999180
2015-12-03 20:14:59.197138 7f6f9bea0700 1 -- 127.0.0.1:0/38863 <== osd.1 127.0.0.1:6807/38644 19 ==== osd_ping(ping_reply e20 stamp
2015-12-03 20:14:59.196191) v2 ==== 47+0+0 (1323602973 0 0) 0x7f6fb5935600 con 0x7f6fb5999780
2015-12-03 20:14:59.197166 7f6f9bea0700 1 -- 127.0.0.1:0/38863 <== osd.0 127.0.0.1:6802/38445 19 ==== osd_ping(ping_reply e20 stamp
2015-12-03 20:14:59.196191) v2 ==== 47+0+0 (1323602973 0 0) 0x7f6fb668d400 con 0x7f6fb5999000