2015-07-14 16:14:15.035824 7f3eb13e0780 5 asok(0x4a2e000) register_command dump cache hook 0x4a181a0 -575>
2015-07-14 16:14:15.035832 7f3eb13e0780 5 asok(0x4a2e000) register_command session evict hook 0x4a181a0 -574>
2015-07-14 16:14:15.035841 7f3eb13e0780 5 asok(0x4a2e000) register_command osdmap barrier hook 0x4a181a0 -573>
2015-07-14 16:14:15.035847 7f3eb13e0780 5 asok(0x4a2e000) register_command session ls hook 0x4a181a0 -572>
2015-07-14 16:14:15.035868 7f3eb13e0780 5 asok(0x4a2e000) register_command flush journal hook 0x4a181a0 -571>
2015-07-14 16:14:15.035878 7f3eb13e0780 5 asok(0x4a2e000) register_command force_readonly hook 0x4a181a0 -570>
2015-07-14 16:14:15.035895 7f3eb13e0780 5 asok(0x4a2e000) register_command get subtrees hook 0x4a181a0 -569>
2015-07-14 16:14:15.035948 7f3ea96e9700 10 -- 172.16.0.50:6800/25422 >> 172.16.5.170:6789/0 pipe(0x4a7e000 sd=8 :36805 s=2 pgs=6011 cs=1 l=1 c=0x4a3e160).reader wants 680 from dispatch throttler 8777/104857600 -568>
2015-07-14 16:14:15.035980 7f3ea96e9700 10 -- 172.16.0.50:6800/25422 >> 172.16.5.170:6789/0 pipe(0x4a7e000 sd=8 :36805 s=2 pgs=6011 cs=1 l=1 c=0x4a3e160).aborted = 0 -567>
2015-07-14 16:14:15.035974 7f3eac6ef700 5 mds.-1.0 handle_mds_map epoch 510 from mon.2 -566>
2015-07-14 16:14:15.036007 7f3ea96e9700 10 -- 172.16.0.50:6800/25422 >> 172.16.5.170:6789/0 pipe(0x4a7e000 sd=8 :36805 s=2 pgs=6011 cs=1 l=1 c=0x4a3e160).No session security set -565>
2015-07-14 16:14:15.036010 7f3eb13e0780 10 -- 172.16.0.50:6800/25422 wait: waiting for dispatch queue -564>
2015-07-14 16:14:15.036021 7f3ea96e9700 10 -- 172.16.0.50:6800/25422 >> 172.16.5.170:6789/0 pipe(0x4a7e000 sd=8 :36805 s=2 pgs=6011 cs=1 l=1 c=0x4a3e160).reader got message 10 0x4a2d680 mdsmap(e 510) v1 -563>
2015-07-14 16:14:15.036038 7f3ea96e9700 10 -- 172.16.0.50:6800/25422 >> 172.16.5.170:6789/0 pipe(0x4a7e000 sd=8 :36805 s=2 pgs=6011 cs=1 l=1 c=0x4a3e160).reader wants 20 from dispatch throttler 9457/104857600 -562>
2015-07-14 16:14:15.036070 7f3ea96e9700 10 -- 172.16.0.50:6800/25422 >> 172.16.5.170:6789/0 pipe(0x4a7e000 sd=8 :36805 s=2 pgs=6011 cs=1 l=1 c=0x4a3e160).aborted = 0 -561>
2015-07-14 16:14:15.036062 7f3eb13d8700 10 -- 172.16.0.50:6800/25422 >> 172.16.5.170:6789/0 pipe(0x4a7e000 sd=8 :36805 s=2 pgs=6011 cs=1 l=1 c=0x4a3e160).writer: state = open policy.server=0 -560>
2015-07-14 16:14:15.036085 7f3ea96e9700 10 -- 172.16.0.50:6800/25422 >> 172.16.5.170:6789/0 pipe(0x4a7e000 sd=8 :36805 s=2 pgs=6011 cs=1 l=1 c=0x4a3e160).No session security set -559>
2015-07-14 16:14:15.036093 7f3eb13d8700 10 -- 172.16.0.50:6800/25422 >> 172.16.5.170:6789/0 pipe(0x4a7e000 sd=8 :36805 s=2 pgs=6011 cs=1 l=1 c=0x4a3e160).write_ack 10 -558>
2015-07-14 16:14:15.036096 7f3ea96e9700 10 -- 172.16.0.50:6800/25422 >> 172.16.5.170:6789/0 pipe(0x4a7e000 sd=8 :36805 s=2 pgs=6011 cs=1 l=1 c=0x4a3e160).reader got message 11 0x4a8e5a0 mon_subscribe_ack(300s) v1 -557>
2015-07-14 16:14:15.036103 7f3eac6ef700 10 -- 172.16.0.50:6800/25422 dispatch_throttle_release 680 to dispatch throttler 9477/104857600 -556>
2015-07-14 16:14:15.036113 7f3eb13d8700 10 -- 172.16.0.50:6800/25422 >> 172.16.5.170:6789/0 pipe(0x4a7e000 sd=8 :36805 s=2 pgs=6011 cs=1 l=1 c=0x4a3e160).writer: state = open policy.server=0 -555>
2015-07-14 16:14:15.036131 7f3eb13d8700 10 -- 172.16.0.50:6800/25422 >> 172.16.5.170:6789/0 pipe(0x4a7e000 sd=8 :36805 s=2 pgs=6011 cs=1 l=1 c=0x4a3e160).write_ack 11 -554>
2015-07-14 16:14:15.036143 7f3eb13d8700 10 -- 172.16.0.50:6800/25422 >> 172.16.5.170:6789/0 pipe(0x4a7e000 sd=8 :36805 s=2 pgs=6011 cs=1 l=1 c=0x4a3e160).writer: state = open policy.server=0 -553>
2015-07-14 16:14:15.036130 7f3eac6ef700 1 -- 172.16.0.50:6800/25422 <== mon.2 172.16.5.170:6789/0 8 ==== osd_map(2382..2382 src has 1757..2382) v3 ==== 8077+0+0 (2554887417 0 0) 0x4a2c6c0 con 0x4a3e160 -552>
2015-07-14 16:14:15.036194 7f3eac6ef700 10 monclient: renew_subs -551>
2015-07-14 16:14:15.036202 7f3eac6ef700 10 monclient: _send_mon_message to mon.cloudCode04 at 172.16.5.170:6789/0 -550>
2015-07-14 16:14:15.036209 7f3eac6ef700 1 -- 172.16.0.50:6800/25422 --> 172.16.5.170:6789/0 -- mon_subscribe({mdsmap=511+,monmap=3+,osdmap=2383}) v2 -- ?+0 0x4a38600 con 0x4a3e160 -549>
2015-07-14 16:14:15.036232 7f3eac6ef700 10 -- 172.16.0.50:6800/25422 dispatch_throttle_release 8077 to dispatch throttler 8797/104857600 -548>
2015-07-14 16:14:15.036237 7f3eb13d8700 10 -- 172.16.0.50:6800/25422 >> 172.16.5.170:6789/0 pipe(0x4a7e000 sd=8 :36805 s=2 pgs=6011 cs=1 l=1 c=0x4a3e160).writer: state = open policy.server=0 -547>
2015-07-14 16:14:15.036242 7f3eac6ef700 1 -- 172.16.0.50:6800/25422 <== mon.2 172.16.5.170:6789/0 9 ==== mon_subscribe_ack(300s) v1 ==== 20+0+0 (892755957 0 0) 0x4a8e1e0 con 0x4a3e160 -546>
2015-07-14 16:14:15.036290 7f3eb13d8700 10 -- 172.16.0.50:6800/25422 >> 172.16.5.170:6789/0 pipe(0x4a7e000 sd=8 :36805 s=2 pgs=6011 cs=1 l=1 c=0x4a3e160).writer: state = open policy.server=0 -545>
2015-07-14 16:14:15.036258 7f3eac6ef700 10 monclient: handle_subscribe_ack sent
2015-07-14 16:14:15.036199 renew after
2015-07-14 16:16:45.036199 -544>
2015-07-14 16:14:15.036317 7f3eac6ef700 10 -- 172.16.0.50:6800/25422 dispatch_throttle_release 20 to dispatch throttler 720/104857600 -543>
2015-07-14 16:14:15.036330 7f3eac6ef700 1 -- 172.16.0.50:6800/25422 <== mon.2 172.16.5.170:6789/0 10 ==== mdsmap(e 510) v1 ==== 680+0+0 (2892432026 0 0) 0x4a2d680 con 0x4a3e160 -542>
2015-07-14 16:14:15.036347 7f3eac6ef700 5 mds.-1.-1 handle_mds_map epoch 510 from mon.2 -541>
2015-07-14 16:14:15.036352 7f3eac6ef700 5 mds.-1.-1 old map epoch 510 <= 510, discarding -540>
2015-07-14 16:14:15.036357 7f3eac6ef700 10 -- 172.16.0.50:6800/25422 dispatch_throttle_release 680 to dispatch throttler 700/104857600 -539>
2015-07-14 16:14:15.036370 7f3eac6ef700 1 -- 172.16.0.50:6800/25422 <== mon.2 172.16.5.170:6789/0 11 ==== mon_subscribe_ack(300s) v1 ==== 20+0+0 (892755957 0 0) 0x4a8e5a0 con 0x4a3e160 -538>
2015-07-14 16:14:15.036395 7f3eac6ef700 10 monclient: handle_subscribe_ack sent 0.000000, ignoring -537>
2015-07-14 16:14:15.036400 7f3eac6ef700 10 -- 172.16.0.50:6800/25422 dispatch_throttle_release 20 to dispatch throttler 20/104857600 -536>
2015-07-14 16:14:15.036849 7f3ea96e9700 10 -- 172.16.0.50:6800/25422 >> 172.16.5.170:6789/0 pipe(0x4a7e000 sd=8 :36805 s=2 pgs=6011 cs=1 l=1 c=0x4a3e160).reader wants 20 from dispatch throttler 0/104857600 -535>
2015-07-14 16:14:15.036881 7f3ea96e9700 10 -- 172.16.0.50:6800/25422 >> 172.16.5.170:6789/0 pipe(0x4a7e000 sd=8 :36805 s=2 pgs=6011 cs=1 l=1 c=0x4a3e160).aborted = 0 -534>
2015-07-14 16:14:15.036898 7f3ea96e9700 10 -- 172.16.0.50:6800/25422 >> 172.16.5.170:6789/0 pipe(0x4a7e000 sd=8 :36805 s=2 pgs=6011 cs=1 l=1 c=0x4a3e160).No session security set -533>
2015-07-14 16:14:15.036911 7f3ea96e9700 10 -- 172.16.0.50:6800/25422 >> 172.16.5.170:6789/0 pipe(0x4a7e000 sd=8 :36805 s=2 pgs=6011 cs=1 l=1 c=0x4a3e160).reader got message 12 0x4a8e3c0 mon_subscribe_ack(300s) v1 -532>
2015-07-14 16:14:15.036948 7f3eac6ef700 1 -- 172.16.0.50:6800/25422 <== mon.2 172.16.5.170:6789/0 12 ==== mon_subscribe_ack(300s) v1 ==== 20+0+0 (892755957 0 0) 0x4a8e3c0 con 0x4a3e160 -531>
2015-07-14 16:14:15.036948 7f3eb13d8700 10 -- 172.16.0.50:6800/25422 >> 172.16.5.170:6789/0 pipe(0x4a7e000 sd=8 :36805 s=2 pgs=6011 cs=1 l=1 c=0x4a3e160).writer: state = open policy.server=0 -530>
2015-07-14 16:14:15.036976 7f3eac6ef700 10 monclient: handle_subscribe_ack sent 0.000000, ignoring -529>
2015-07-14 16:14:15.036981 7f3eac6ef700 10 -- 172.16.0.50:6800/25422 dispatch_throttle_release 20 to dispatch throttler 20/104857600 -528>
2015-07-14 16:14:15.036979 7f3eb13d8700 10 -- 172.16.0.50:6800/25422 >> 172.16.5.170:6789/0 pipe(0x4a7e000 sd=8 :36805 s=2 pgs=6011 cs=1 l=1 c=0x4a3e160).write_ack 12 -527>
2015-07-14 16:14:15.037001 7f3eb13d8700 10 -- 172.16.0.50:6800/25422 >> 172.16.5.170:6789/0 pipe(0x4a7e000 sd=8 :36805 s=2 pgs=6011 cs=1 l=1 c=0x4a3e160).writer: state = open policy.server=0 -526>
2015-07-14 16:14:15.170211 7f3ea96e9700 10 -- 172.16.0.50:6800/25422 >> 172.16.5.170:6789/0 pipe(0x4a7e000 sd=8 :36805 s=2 pgs=6011 cs=1 l=1 c=0x4a3e160).reader wants 358 from dispatch throttler 0/104857600 -525>
2015-07-14 16:14:15.170253 7f3ea96e9700 10 -- 172.16.0.50:6800/25422 >> 172.16.5.170:6789/0 pipe(0x4a7e000 sd=8 :36805 s=2 pgs=6011 cs=1 l=1 c=0x4a3e160).aborted = 0 -524>
2015-07-14 16:14:15.170274 7f3ea96e9700 10 -- 172.16.0.50:6800/25422 >> 172.16.5.170:6789/0 pipe(0x4a7e000 sd=8 :36805 s=2 pgs=6011 cs=1 l=1 c=0x4a3e160).No session security set -523>
2015-07-14 16:14:15.170312 7f3ea96e9700 10 -- 172.16.0.50:6800/25422 >> 172.16.5.170:6789/0 pipe(0x4a7e000 sd=8 :36805 s=2 pgs=6011 cs=1 l=1 c=0x4a3e160).reader got message 13 0x4a2d440 osd_map(2383..2383 src has 1757..2383) v3 -522>
2015-07-14 16:14:15.170354 7f3eb13d8700 10 -- 172.16.0.50:6800/25422 >> 172.16.5.170:6789/0 pipe(0x4a7e000 sd=8 :36805 s=2 pgs=6011 cs=1 l=1 c=0x4a3e160).writer: state = open policy.server=0 -521>
2015-07-14 16:14:15.170384 7f3eb13d8700 10 -- 172.16.0.50:6800/25422 >> 172.16.5.170:6789/0 pipe(0x4a7e000 sd=8 :36805 s=2 pgs=6011 cs=1 l=1 c=0x4a3e160).write_ack 13 -520>
2015-07-14 16:14:15.170402 7f3eb13d8700 10 -- 172.16.0.50:6800/25422 >> 172.16.5.170:6789/0 pipe(0x4a7e000 sd=8 :36805 s=2 pgs=6011 cs=1 l=1 c=0x4a3e160).writer: state = open policy.server=0 -519>
2015-07-14 16:14:15.170400 7f3eac6ef700 1 -- 172.16.0.50:6800/25422 <== mon.2 172.16.5.170:6789/0 13 ==== osd_map(2383..2383 src has 1757..2383) v3 ==== 358+0+0 (3081206777 0 0) 0x4a2d440 con 0x4a3e160 -518>
2015-07-14 16:14:15.170486 7f3eac6ef700 10 monclient: renew_subs -517>
2015-07-14 16:14:15.170502 7f3eac6ef700 10 monclient: _send_mon_message to mon.cloudCode04 at 172.16.5.170:6789/0 -516>
2015-07-14 16:14:15.170521 7f3eac6ef700 1 -- 172.16.0.50:6800/25422 --> 172.16.5.170:6789/0 -- mon_subscribe({mdsmap=511+,monmap=3+,osdmap=2384}) v2 -- ?+0 0x4a38600 con 0x4a3e160 -515>
2015-07-14 16:14:15.170557 7f3eac6ef700 10 -- 172.16.0.50:6800/25422 dispatch_throttle_release 358 to dispatch throttler 358/104857600 -514>
2015-07-14 16:14:15.170593 7f3eb13d8700 10 -- 172.16.0.50:6800/25422 >> 172.16.5.170:6789/0 pipe(0x4a7e000 sd=8 :36805 s=2 pgs=6011 cs=1 l=1 c=0x4a3e160).writer: state = open policy.server=0 -513>
2015-07-14 16:14:15.170671 7f3eb13d8700 10 -- 172.16.0.50:6800/25422 >> 172.16.5.170:6789/0 pipe(0x4a7e000 sd=8 :36805 s=2 pgs=6011 cs=1 l=1 c=0x4a3e160).writer: state = open policy.server=0 -512>
2015-07-14 16:14:15.236983 7f3ea96e9700 10 -- 172.16.0.50:6800/25422 >> 172.16.5.170:6789/0 pipe(0x4a7e000 sd=8 :36805 s=2 pgs=6011 cs=1 l=1 c=0x4a3e160).reader wants 20 from dispatch throttler 0/104857600 -511>
2015-07-14 16:14:15.237025 7f3ea96e9700 10 -- 172.16.0.50:6800/25422 >> 172.16.5.170:6789/0 pipe(0x4a7e000 sd=8 :36805 s=2 pgs=6011 cs=1 l=1 c=0x4a3e160).aborted = 0 -510>
2015-07-14 16:14:15.237042 7f3ea96e9700 10 -- 172.16.0.50:6800/25422 >> 172.16.5.170:6789/0 pipe(0x4a7e000 sd=8 :36805 s=2 pgs=6011 cs=1 l=1 c=0x4a3e160).No session security set -509>
2015-07-14 16:14:15.237057 7f3ea96e9700 10 -- 172.16.0.50:6800/25422 >> 172.16.5.170:6789/0 pipe(0x4a7e000 sd=8 :36805 s=2 pgs=6011 cs=1 l=1 c=0x4a3e160).reader got message 14 0x4a8e000 mon_subscribe_ack(300s) v1 -508>
2015-07-14 16:14:15.237100 7f3eb13d8700 10 -- 172.16.0.50:6800/25422 >> 172.16.5.170:6789/0 pipe(0x4a7e000 sd=8 :36805 s=2 pgs=6011 cs=1 l=1 c=0x4a3e160).writer: state = open policy.server=0 -507>
2015-07-14 16:14:15.237130 7f3eb13d8700 10 -- 172.16.0.50:6800/25422 >> 172.16.5.170:6789/0 pipe(0x4a7e000 sd=8 :36805 s=2 pgs=6011 cs=1 l=1 c=0x4a3e160).write_ack 14 -506>
2015-07-14 16:14:15.237151 7f3eb13d8700 10 -- 172.16.0.50:6800/25422 >> 172.16.5.170:6789/0 pipe(0x4a7e000 sd=8 :36805 s=2 pgs=6011 cs=1 l=1 c=0x4a3e160).writer: state = open policy.server=0 -505>
2015-07-14 16:14:15.237145 7f3eac6ef700 1 -- 172.16.0.50:6800/25422 <== mon.2 172.16.5.170:6789/0 14 ==== mon_subscribe_ack(300s) v1 ==== 20+0+0 (892755957 0 0) 0x4a8e000 con 0x4a3e160 -504>
2015-07-14 16:14:15.237182 7f3eac6ef700 10 monclient: handle_subscribe_ack sent
2015-07-14 16:14:15.170498 renew after
2015-07-14 16:16:45.170498 -503>
2015-07-14 16:14:15.237217 7f3eac6ef700 10 -- 172.16.0.50:6800/25422 dispatch_throttle_release 20 to dispatch throttler 20/104857600 -502>
2015-07-14 16:14:15.396583 7f3ea96e9700 10 -- 172.16.0.50:6800/25422 >> 172.16.5.170:6789/0 pipe(0x4a7e000 sd=8 :36805 s=2 pgs=6011 cs=1 l=1 c=0x4a3e160).reader wants 672 from dispatch throttler 0/104857600 -501>
2015-07-14 16:14:15.396650 7f3ea96e9700 10 -- 172.16.0.50:6800/25422 >> 172.16.5.170:6789/0 pipe(0x4a7e000 sd=8 :36805 s=2 pgs=6011 cs=1 l=1 c=0x4a3e160).aborted = 0 -500>
2015-07-14 16:14:15.396671 7f3ea96e9700 10 -- 172.16.0.50:6800/25422 >> 172.16.5.170:6789/0 pipe(0x4a7e000 sd=8 :36805 s=2 pgs=6011 cs=1 l=1 c=0x4a3e160).No session security set -499>
2015-07-14 16:14:15.396686 7f3ea96e9700 10 -- 172.16.0.50:6800/25422 >> 172.16.5.170:6789/0 pipe(0x4a7e000 sd=8 :36805 s=2 pgs=6011 cs=1 l=1 c=0x4a3e160).reader got message 15 0x4a2d200 mdsmap(e 511) v1 -498>
2015-07-14 16:14:15.396731 7f3eb13d8700 10 -- 172.16.0.50:6800/25422 >> 172.16.5.170:6789/0 pipe(0x4a7e000 sd=8 :36805 s=2 pgs=6011 cs=1 l=1 c=0x4a3e160).writer: state = open policy.server=0 -497>
2015-07-14 16:14:15.396762 7f3eb13d8700 10 -- 172.16.0.50:6800/25422 >> 172.16.5.170:6789/0 pipe(0x4a7e000 sd=8 :36805 s=2 pgs=6011 cs=1 l=1 c=0x4a3e160).write_ack 15 -496>
2015-07-14 16:14:15.396765 7f3eac6ef700 1 -- 172.16.0.50:6800/25422 <== mon.2 172.16.5.170:6789/0 15 ==== mdsmap(e 511) v1 ==== 672+0+0 (2417860917 0 0) 0x4a2d200 con 0x4a3e160 -495>
2015-07-14 16:14:15.396780 7f3eb13d8700 10 -- 172.16.0.50:6800/25422 >> 172.16.5.170:6789/0 pipe(0x4a7e000 sd=8 :36805 s=2 pgs=6011 cs=1 l=1 c=0x4a3e160).writer: state = open policy.server=0 -494>
2015-07-14 16:14:15.396798 7f3eac6ef700 5 mds.-1.-1 handle_mds_map epoch 511 from mon.2 -493>
2015-07-14 16:14:15.396841 7f3eac6ef700 1 -- 172.16.0.50:6800/25422 mark_down 172.16.0.50:6800/25308 -- pipe dne -492>
2015-07-14 16:14:15.396876 7f3eac6ef700 1 mds.-1.0 handle_mds_map standby -491>
2015-07-14 16:14:15.396918 7f3eac6ef700 10 -- 172.16.0.50:6800/25422 dispatch_throttle_release 672 to dispatch throttler 672/104857600 -490>
2015-07-14 16:14:15.496974 7f3ea96e9700 10 -- 172.16.0.50:6800/25422 >> 172.16.5.170:6789/0 pipe(0x4a7e000 sd=8 :36805 s=2 pgs=6011 cs=1 l=1 c=0x4a3e160).reader wants 680 from dispatch throttler 0/104857600 -489>
2015-07-14 16:14:15.497044 7f3ea96e9700 10 -- 172.16.0.50:6800/25422 >> 172.16.5.170:6789/0 pipe(0x4a7e000 sd=8 :36805 s=2 pgs=6011 cs=1 l=1 c=0x4a3e160).aborted = 0 -488>
2015-07-14 16:14:15.497063 7f3ea96e9700 10 -- 172.16.0.50:6800/25422 >> 172.16.5.170:6789/0 pipe(0x4a7e000 sd=8 :36805 s=2 pgs=6011 cs=1 l=1 c=0x4a3e160).No session security set -487>
2015-07-14 16:14:15.497078 7f3ea96e9700 10 -- 172.16.0.50:6800/25422 >> 172.16.5.170:6789/0 pipe(0x4a7e000 sd=8 :36805 s=2 pgs=6011 cs=1 l=1 c=0x4a3e160).reader got message 16 0x4a2cfc0 mdsmap(e 512) v1 -486>
2015-07-14 16:14:15.497120 7f3eb13d8700 10 -- 172.16.0.50:6800/25422 >> 172.16.5.170:6789/0 pipe(0x4a7e000 sd=8 :36805 s=2 pgs=6011 cs=1 l=1 c=0x4a3e160).writer: state = open policy.server=0 -485>
2015-07-14 16:14:15.497150 7f3eb13d8700 10 -- 172.16.0.50:6800/25422 >> 172.16.5.170:6789/0 pipe(0x4a7e000 sd=8 :36805 s=2 pgs=6011 cs=1 l=1 c=0x4a3e160).write_ack 16 -484>
2015-07-14 16:14:15.497171 7f3eb13d8700 10 -- 172.16.0.50:6800/25422 >> 172.16.5.170:6789/0 pipe(0x4a7e000 sd=8 :36805 s=2 pgs=6011 cs=1 l=1 c=0x4a3e160).writer: state = open policy.server=0 -483>
2015-07-14 16:14:15.497172 7f3eac6ef700 1 -- 172.16.0.50:6800/25422 <== mon.2 172.16.5.170:6789/0 16 ==== mdsmap(e 512) v1 ==== 680+0+0 (1254507515 0 0) 0x4a2cfc0 con 0x4a3e160 -482>
2015-07-14 16:14:15.497207 7f3eac6ef700 5 mds.-1.0 handle_mds_map epoch 512 from mon.2 -481>
2015-07-14 16:14:15.497251 7f3eac6ef700 1 mds.0.80 handle_mds_map i am now mds.0.80 -480>
2015-07-14 16:14:15.497265 7f3eac6ef700 1 mds.0.80 handle_mds_map state change up:standby --> up:replay -479>
2015-07-14 16:14:15.497281 7f3eac6ef700 1 mds.0.80 replay_start -478>
2015-07-14 16:14:15.497294 7f3eac6ef700 1 mds.0.80 recovery set is -477>
2015-07-14 16:14:15.497305 7f3eac6ef700 2 mds.0.80 boot_start 0: opening inotable -476>
2015-07-14 16:14:15.497430 7f3eac6ef700 10 -- 172.16.0.50:6800/25422 connect_rank to 172.16.5.230:6808/27037, creating pipe and registering -475>
2015-07-14 16:14:15.497538 7f3eac6ef700 10 -- 172.16.0.50:6800/25422 >> 172.16.5.230:6808/27037 pipe(0x4a83000 sd=-1 :0 s=1 pgs=0 cs=0 l=1 c=0x4a3e420).register_pipe -474>
2015-07-14 16:14:15.497572 7f3eac6ef700 10 -- 172.16.0.50:6800/25422 get_connection osd.5 172.16.5.230:6808/27037 new 0x4a83000 -473>
2015-07-14 16:14:15.497581 7f3ea75e4700 10 -- 172.16.0.50:6800/25422 >> 172.16.5.230:6808/27037 pipe(0x4a83000 sd=-1 :0 s=1 pgs=0 cs=0 l=1 c=0x4a3e420).writer: state = connecting policy.server=0 -472>
2015-07-14 16:14:15.497624 7f3ea75e4700 10 -- 172.16.0.50:6800/25422 >> 172.16.5.230:6808/27037 pipe(0x4a83000 sd=-1 :0 s=1 pgs=0 cs=0 l=1 c=0x4a3e420).connect 0 -471>
2015-07-14 16:14:15.497654 7f3ea75e4700 10 -- 172.16.0.50:6800/25422 >> 172.16.5.230:6808/27037 pipe(0x4a83000 sd=17 :0 s=1 pgs=0 cs=0 l=1 c=0x4a3e420).connecting to 172.16.5.230:6808/27037 -470>
2015-07-14 16:14:15.497687 7f3eac6ef700 1 -- 172.16.0.50:6800/25422 --> 172.16.5.230:6808/27037 -- osd_op(mds.0.80:1 mds0_inotable [read 0~0] 1.b852b893 ack+read+known_if_redirected e2383) v5 -- ?+0 0x4a5af00 con 0x4a3e420 -469>
2015-07-14 16:14:15.497726 7f3eac6ef700 2 mds.0.80 boot_start 0: opening sessionmap -468>
2015-07-14 16:14:15.497784 7f3eac6ef700 10 -- 172.16.0.50:6800/25422 connect_rank to 172.16.0.50:6801/15304, creating pipe and registering -467>
2015-07-14 16:14:15.497882 7f3eac6ef700 10 -- 172.16.0.50:6800/25422 >> 172.16.0.50:6801/15304 pipe(0x4ab5000 sd=-1 :0 s=1 pgs=0 cs=0 l=1 c=0x4a3e6e0).register_pipe -466>
2015-07-14 16:14:15.497907 7f3eac6ef700 10 -- 172.16.0.50:6800/25422 get_connection osd.0 172.16.0.50:6801/15304 new 0x4ab5000 -465>
2015-07-14 16:14:15.497924 7f3eac6ef700 1 -- 172.16.0.50:6800/25422 --> 172.16.0.50:6801/15304 -- osd_op(mds.0.80:2 mds0_sessionmap [omap-get-header 0~0,omap-get-vals 0~16] 1.3270c60b ack+read+known_if_redirected e2383) v5 -- ?+0 0x4a5b400 con 0x4a3e6e0 -464>
2015-07-14 16:14:15.497923 7f3ea74e3700 10 -- 172.16.0.50:6800/25422 >> 172.16.0.50:6801/15304 pipe(0x4ab5000 sd=-1 :0 s=1 pgs=0 cs=0 l=1 c=0x4a3e6e0).writer: state = connecting policy.server=0 -463>
2015-07-14 16:14:15.497982 7f3ea74e3700 10 -- 172.16.0.50:6800/25422 >> 172.16.0.50:6801/15304 pipe(0x4ab5000 sd=-1 :0 s=1 pgs=0 cs=0 l=1 c=0x4a3e6e0).connect 0 -462>
2015-07-14 16:14:15.498011 7f3ea74e3700 10 -- 172.16.0.50:6800/25422 >> 172.16.0.50:6801/15304 pipe(0x4ab5000 sd=18 :0 s=1 pgs=0 cs=0 l=1 c=0x4a3e6e0).connecting to 172.16.0.50:6801/15304 -461>
2015-07-14 16:14:15.498024 7f3eac6ef700 2 mds.0.80 boot_start 0: opening mds log -460>
2015-07-14 16:14:15.498033 7f3eac6ef700 5 mds.0.log open discovering log bounds -459>
2015-07-14 16:14:15.498122 7f3eac6ef700 2 mds.0.80 boot_start 0: opening snap table -458>
2015-07-14 16:14:15.498155 7f3ea73e2700 4 mds.0.journalpointer Reading journal pointer '400.00000000' -457>
2015-07-14 16:14:15.498161 7f3eac6ef700 10 -- 172.16.0.50:6800/25422 connect_rank to 172.16.5.170:6808/9971, creating pipe and registering -456>
2015-07-14 16:14:15.498248 7f3eac6ef700 10 -- 172.16.0.50:6800/25422 >> 172.16.5.170:6808/9971 pipe(0x4ab0000 sd=-1 :0 s=1 pgs=0 cs=0 l=1 c=0x4a3e580).register_pipe -455>
2015-07-14 16:14:15.498273 7f3eac6ef700 10 -- 172.16.0.50:6800/25422 get_connection osd.7 172.16.5.170:6808/9971 new 0x4ab0000 -454>
2015-07-14 16:14:15.498257 7f3ea63e0700 10 -- 172.16.0.50:6800/25422 >> 172.16.5.170:6808/9971 pipe(0x4ab0000 sd=-1 :0 s=1 pgs=0 cs=0 l=1 c=0x4a3e580).writer: state = connecting policy.server=0 -453>
2015-07-14 16:14:15.498293 7f3ea63e0700 10 -- 172.16.0.50:6800/25422 >> 172.16.5.170:6808/9971 pipe(0x4ab0000 sd=-1 :0 s=1 pgs=0 cs=0 l=1 c=0x4a3e580).connect 0 -452>
2015-07-14 16:14:15.498319 7f3ea63e0700 10 -- 172.16.0.50:6800/25422 >> 172.16.5.170:6808/9971 pipe(0x4ab0000 sd=19 :0 s=1 pgs=0 cs=0 l=1 c=0x4a3e580).connecting to 172.16.5.170:6808/9971 -451>
2015-07-14 16:14:15.498325 7f3eac6ef700 1 -- 172.16.0.50:6800/25422 --> 172.16.5.170:6808/9971 -- osd_op(mds.0.80:3 mds_snaptable [read 0~0] 1.d90270ad ack+read+known_if_redirected e2383) v5 -- ?+0 0x4a5b180 con 0x4a3e580 -450>
2015-07-14 16:14:15.498295 7f3ea75e4700 10 -- 172.16.0.50:6800/25422 >> 172.16.5.230:6808/27037 pipe(0x4a83000 sd=17 :56248 s=1 pgs=0 cs=0 l=1 c=0x4a3e420).connect sent my addr 172.16.0.50:6800/25422 -449>
2015-07-14 16:14:15.498356 7f3ea75e4700 10 -- 172.16.0.50:6800/25422 >> 172.16.5.230:6808/27037 pipe(0x4a83000 sd=17 :56248 s=1 pgs=0 cs=0 l=1 c=0x4a3e420).connect.authorizer_len=25 protocol=1 -448>
2015-07-14 16:14:15.498368 7f3ea75e4700 10 -- 172.16.0.50:6800/25422 >> 172.16.5.230:6808/27037 pipe(0x4a83000 sd=17 :56248 s=1 pgs=0 cs=0 l=1 c=0x4a3e420).connect sending gseq=2 cseq=0 proto=24 -447>
2015-07-14 16:14:15.498378 7f3eac6ef700 10 -- 172.16.0.50:6800/25422 dispatch_throttle_release 680 to dispatch throttler 680/104857600 -446>
2015-07-14 16:14:15.498390 7f3ea74e3700 10 -- 172.16.0.50:6800/25422 >> 172.16.0.50:6801/15304 pipe(0x4ab5000 sd=18 :53011 s=1 pgs=0 cs=0 l=1 c=0x4a3e6e0).connect sent my addr 172.16.0.50:6800/25422 -445>
2015-07-14 16:14:15.498444 7f3ea74e3700 10 -- 172.16.0.50:6800/25422 >> 172.16.0.50:6801/15304 pipe(0x4ab5000 sd=18 :53011 s=1 pgs=0 cs=0 l=1 c=0x4a3e6e0).connect.authorizer_len=25 protocol=1 -444>
2015-07-14 16:14:15.498456 7f3ea74e3700 10 -- 172.16.0.50:6800/25422 >> 172.16.0.50:6801/15304 pipe(0x4ab5000 sd=18 :53011 s=1 pgs=0 cs=0 l=1 c=0x4a3e6e0).connect sending gseq=3 cseq=0 proto=24 -443>
2015-07-14 16:14:15.498423 7f3ea73e2700 1 -- 172.16.0.50:6800/25422 --> 172.16.5.230:6808/27037 -- osd_op(mds.0.80:4 400.00000000 [read 0~0] 1.64e96f8f ack+read+known_if_redirected e2383) v5 -- ?+0 0x4a5b680 con 0x4a3e420 -442>
2015-07-14 16:14:15.498657 7f3ea74e3700 10 -- 172.16.0.50:6800/25422 >> 172.16.0.50:6801/15304 pipe(0x4ab5000 sd=18 :53011 s=2 pgs=17 cs=1 l=1 c=0x4a3e6e0).connect success 1, lossy = 1, features 1125899906842623 -441>
2015-07-14 16:14:15.498734 7f3ea75e4700 10 -- 172.16.0.50:6800/25422 >> 172.16.5.230:6808/27037 pipe(0x4a83000 sd=17 :56248 s=2 pgs=11768 cs=1 l=1 c=0x4a3e420).connect success 1, lossy = 1, features 1125899906842623 -440>
2015-07-14 16:14:15.498783 7f3ea74e3700 10 -- 172.16.0.50:6800/25422 >> 172.16.0.50:6801/15304 pipe(0x4ab5000 sd=18 :53011 s=2 pgs=17 cs=1 l=1 c=0x4a3e6e0).writer: state = open policy.server=0 -439>
2015-07-14 16:14:15.498890 7f3ea75e4700 10 -- 172.16.0.50:6800/25422 >> 172.16.5.230:6808/27037 pipe(0x4a83000 sd=17 :56248 s=2 pgs=11768 cs=1 l=1 c=0x4a3e420).writer: state = open policy.server=0 -438>
2015-07-14 16:14:15.498903 7f3ea74e3700 10 -- 172.16.0.50:6800/25422 >> 172.16.0.50:6801/15304 pipe(0x4ab5000 sd=18 :53011 s=2 pgs=17 cs=1 l=1 c=0x4a3e6e0).writer: state = open policy.server=0 -437>
2015-07-14 16:14:15.498959 7f3ea75e4700 10 -- 172.16.0.50:6800/25422 >> 172.16.5.230:6808/27037 pipe(0x4a83000 sd=17 :56248 s=2 pgs=11768 cs=1 l=1 c=0x4a3e420).writer: state = open policy.server=0 -436>
2015-07-14 16:14:15.498995 7f3ea75e4700 10 -- 172.16.0.50:6800/25422 >> 172.16.5.230:6808/27037 pipe(0x4a83000 sd=17 :56248 s=2 pgs=11768 cs=1 l=1 c=0x4a3e420).writer: state = open policy.server=0 -435>
2015-07-14 16:14:15.499020 7f3ea63e0700 10 -- 172.16.0.50:6800/25422 >> 172.16.5.170:6808/9971 pipe(0x4ab0000 sd=19 :44705 s=1 pgs=0 cs=0 l=1 c=0x4a3e580).connect sent my addr 172.16.0.50:6800/25422 -434>
2015-07-14 16:14:15.499062 7f3ea63e0700 10 -- 172.16.0.50:6800/25422 >> 172.16.5.170:6808/9971 pipe(0x4ab0000 sd=19 :44705 s=1 pgs=0 cs=0 l=1 c=0x4a3e580).connect.authorizer_len=25 protocol=1 -433>
2015-07-14 16:14:15.499073 7f3ea63e0700 10 -- 172.16.0.50:6800/25422 >> 172.16.5.170:6808/9971 pipe(0x4ab0000 sd=19 :44705 s=1 pgs=0 cs=0 l=1 c=0x4a3e580).connect sending gseq=4 cseq=0 proto=24 -432>
2015-07-14 16:14:15.499442 7f3ea63e0700 10 -- 172.16.0.50:6800/25422 >> 172.16.5.170:6808/9971 pipe(0x4ab0000 sd=19 :44705 s=2 pgs=19 cs=1 l=1 c=0x4a3e580).connect success 1, lossy = 1, features 1125899906842623 -431>
2015-07-14 16:14:15.499565 7f3ea63e0700 10 -- 172.16.0.50:6800/25422 >> 172.16.5.170:6808/9971 pipe(0x4ab0000 sd=19 :44705 s=2 pgs=19 cs=1 l=1 c=0x4a3e580).writer: state = open policy.server=0 -430>
2015-07-14 16:14:15.499620 7f3ea63e0700 10 -- 172.16.0.50:6800/25422 >> 172.16.5.170:6808/9971 pipe(0x4ab0000 sd=19 :44705 s=2 pgs=19 cs=1 l=1 c=0x4a3e580).writer: state = open policy.server=0 -429>
2015-07-14 16:14:15.500047 7f3ea62df700 10 -- 172.16.0.50:6800/25422 >> 172.16.0.50:6801/15304 pipe(0x4ab5000 sd=18 :53011 s=2 pgs=17 cs=1 l=1 c=0x4a3e6e0).reader wants 2355 from dispatch throttler 0/104857600 -428>
2015-07-14 16:14:15.500121 7f3ea62df700 10 -- 172.16.0.50:6800/25422 >> 172.16.0.50:6801/15304 pipe(0x4ab5000 sd=18 :53011 s=2 pgs=17 cs=1 l=1 c=0x4a3e6e0).aborted = 0 -427>
2015-07-14 16:14:15.500167 7f3ea62df700 10 -- 172.16.0.50:6800/25422 >> 172.16.0.50:6801/15304 pipe(0x4ab5000 sd=18 :53011 s=2 pgs=17 cs=1 l=1 c=0x4a3e6e0).reader got message 1 0x4a76000 osd_op_reply(2 mds0_sessionmap [omap-get-header 0~0,omap-get-vals 0~16] v0'0 uv3088 ondisk = 0) v6 -426>
2015-07-14 16:14:15.500212 7f3ea62df700 1 -- 172.16.0.50:6800/25422 <== osd.0 172.16.0.50:6801/15304 1 ==== osd_op_reply(2 mds0_sessionmap [omap-get-header 0~0,omap-get-vals 0~16] v0'0 uv3088 ondisk = 0) v6 ==== 224+0+2131 (2210788316 0 3413253222) 0x4a76000 con 0x4a3e6e0 -425>
2015-07-14 16:14:15.500223 7f3ea74e3700 10 -- 172.16.0.50:6800/25422 >> 172.16.0.50:6801/15304 pipe(0x4ab5000 sd=18 :53011 s=2 pgs=17 cs=1 l=1 c=0x4a3e6e0).writer: state = open policy.server=0 -424>
2015-07-14 16:14:15.500245 7f3ea74e3700 10 -- 172.16.0.50:6800/25422 >> 172.16.0.50:6801/15304 pipe(0x4ab5000 sd=18 :53011 s=2 pgs=17 cs=1 l=1 c=0x4a3e6e0).write_ack 1 -423>
2015-07-14 16:14:15.500264 7f3ea74e3700 10 -- 172.16.0.50:6800/25422 >> 172.16.0.50:6801/15304 pipe(0x4ab5000 sd=18 :53011 s=2 pgs=17 cs=1 l=1 c=0x4a3e6e0).writer: state = open policy.server=0 -422>
2015-07-14 16:14:15.500283 7f3ea62df700 10 -- 172.16.0.50:6800/25422 dispatch_throttle_release 2355 to dispatch throttler 2355/104857600 -421>
2015-07-14 16:14:15.501683 7f3ea61de700 10 -- 172.16.0.50:6800/25422 >> 172.16.5.230:6808/27037 pipe(0x4a83000 sd=17 :56248 s=2 pgs=11768 cs=1 l=1 c=0x4a3e420).reader wants 214 from dispatch throttler 0/104857600 -420>
2015-07-14 16:14:15.501752 7f3ea61de700 10 -- 172.16.0.50:6800/25422 >> 172.16.5.230:6808/27037 pipe(0x4a83000 sd=17 :56248 s=2 pgs=11768 cs=1 l=1 c=0x4a3e420).aborted = 0 -419>
2015-07-14 16:14:15.501790 7f3ea61de700 10 -- 172.16.0.50:6800/25422 >> 172.16.5.230:6808/27037 pipe(0x4a83000 sd=17 :56248 s=2 pgs=11768 cs=1 l=1 c=0x4a3e420).reader got message 1 0x4a762c0 osd_op_reply(1 mds0_inotable [read 0~34] v0'0 uv5438 ondisk = 0) v6 -418>
2015-07-14 16:14:15.501810 7f3ea61de700 1 -- 172.16.0.50:6800/25422 <== osd.5 172.16.5.230:6808/27037 1 ==== osd_op_reply(1 mds0_inotable [read 0~34] v0'0 uv5438 ondisk = 0) v6 ==== 180+0+34 (3141072272 0 1695280775) 0x4a762c0 con 0x4a3e420 -417>
2015-07-14 16:14:15.501855 7f3ea61de700 10 -- 172.16.0.50:6800/25422 dispatch_throttle_release 214 to dispatch throttler 214/104857600 -416>
2015-07-14 16:14:15.501836 7f3ea75e4700 10 -- 172.16.0.50:6800/25422 >> 172.16.5.230:6808/27037 pipe(0x4a83000 sd=17 :56248 s=2 pgs=11768 cs=1 l=1 c=0x4a3e420).writer: state = open policy.server=0 -415>
2015-07-14 16:14:15.501878 7f3ea75e4700 10 -- 172.16.0.50:6800/25422 >> 172.16.5.230:6808/27037 pipe(0x4a83000 sd=17 :56248 s=2 pgs=11768 cs=1 l=1 c=0x4a3e420).write_ack 1 -414>
2015-07-14 16:14:15.501900 7f3ea75e4700 10 -- 172.16.0.50:6800/25422 >> 172.16.5.230:6808/27037 pipe(0x4a83000 sd=17 :56248 s=2 pgs=11768 cs=1 l=1 c=0x4a3e420).writer: state = open policy.server=0 -413>
2015-07-14 16:14:15.502098 7f3ea61de700 10 -- 172.16.0.50:6800/25422 >> 172.16.5.230:6808/27037 pipe(0x4a83000 sd=17 :56248 s=2 pgs=11768 cs=1 l=1 c=0x4a3e420).reader wants 201 from dispatch throttler 0/104857600 -412>
2015-07-14 16:14:15.502127 7f3ea61de700 10 -- 172.16.0.50:6800/25422 >> 172.16.5.230:6808/27037 pipe(0x4a83000 sd=17 :56248 s=2 pgs=11768 cs=1 l=1 c=0x4a3e420).aborted = 0 -411>
2015-07-14 16:14:15.502101 7f3ea60dd700 10 -- 172.16.0.50:6800/25422 >> 172.16.5.170:6808/9971 pipe(0x4ab0000 sd=19 :44705 s=2 pgs=19 cs=1 l=1 c=0x4a3e580).reader wants 226 from dispatch throttler 0/104857600 -410>
2015-07-14 16:14:15.502152 7f3ea60dd700 10 -- 172.16.0.50:6800/25422 >> 172.16.5.170:6808/9971 pipe(0x4ab0000 sd=19 :44705 s=2 pgs=19 cs=1 l=1 c=0x4a3e580).aborted = 0 -409>
2015-07-14 16:14:15.502153 7f3ea61de700 10 -- 172.16.0.50:6800/25422 >> 172.16.5.230:6808/27037 pipe(0x4a83000 sd=17 :56248 s=2 pgs=11768 cs=1 l=1 c=0x4a3e420).reader got message 2 0x4a762c0 osd_op_reply(4 400.00000000 [read 0~22] v0'0 uv6079 ondisk = 0) v6 -408>
2015-07-14 16:14:15.502177 7f3ea61de700 1 -- 172.16.0.50:6800/25422 <== osd.5 172.16.5.230:6808/27037 2 ==== osd_op_reply(4 400.00000000 [read 0~22] v0'0 uv6079 ondisk = 0) v6 ==== 179+0+22 (3631818520 0 3825830296) 0x4a762c0 con 0x4a3e420 -407>
2015-07-14 16:14:15.502187 7f3ea60dd700 10 -- 172.16.0.50:6800/25422 >> 172.16.5.170:6808/9971 pipe(0x4ab0000 sd=19 :44705 s=2 pgs=19 cs=1 l=1 c=0x4a3e580).reader got message 1 0x4a76b00 osd_op_reply(3 mds_snaptable [read 0~46] v0'0 uv5293 ondisk = 0) v6 -406>
2015-07-14 16:14:15.502187 7f3ea75e4700 10 -- 172.16.0.50:6800/25422 >> 172.16.5.230:6808/27037 pipe(0x4a83000 sd=17 :56248 s=2 pgs=11768 cs=1 l=1 c=0x4a3e420).writer: state = open policy.server=0 -405>
2015-07-14 16:14:15.502208 7f3ea61de700 10 -- 172.16.0.50:6800/25422 dispatch_throttle_release 201 to dispatch throttler 427/104857600 -404>
2015-07-14 16:14:15.502207 7f3ea75e4700 10 -- 172.16.0.50:6800/25422 >> 172.16.5.230:6808/27037 pipe(0x4a83000 sd=17 :56248 s=2 pgs=11768 cs=1 l=1 c=0x4a3e420).write_ack 2 -403>
2015-07-14 16:14:15.502206 7f3ea60dd700 1 -- 172.16.0.50:6800/25422 <== osd.7 172.16.5.170:6808/9971 1 ==== osd_op_reply(3 mds_snaptable [read 0~46] v0'0 uv5293 ondisk = 0) v6 ==== 180+0+46 (1566169833 0 2603725198) 0x4a76b00 con 0x4a3e580 -402>
2015-07-14 16:14:15.502222 7f3ea75e4700 10 -- 172.16.0.50:6800/25422 >> 172.16.5.230:6808/27037 pipe(0x4a83000 sd=17 :56248 s=2 pgs=11768 cs=1 l=1 c=0x4a3e420).writer: state = open policy.server=0 -401>
2015-07-14 16:14:15.502247 7f3ea60dd700 10 -- 172.16.0.50:6800/25422 dispatch_throttle_release 226 to dispatch throttler 226/104857600 -400>
2015-07-14 16:14:15.502230 7f3ea63e0700 10 -- 172.16.0.50:6800/25422 >> 172.16.5.170:6808/9971 pipe(0x4ab0000 sd=19 :44705 s=2 pgs=19 cs=1 l=1 c=0x4a3e580).writer: state = open policy.server=0 -399>
2015-07-14 16:14:15.502281 7f3ea63e0700 10 -- 172.16.0.50:6800/25422 >> 172.16.5.170:6808/9971 pipe(0x4ab0000 sd=19 :44705 s=2 pgs=19 cs=1 l=1 c=0x4a3e580).write_ack 1 -398>
2015-07-14 16:14:15.502306 7f3ea63e0700 10 -- 172.16.0.50:6800/25422 >> 172.16.5.170:6808/9971 pipe(0x4ab0000 sd=19 :44705 s=2 pgs=19 cs=1 l=1 c=0x4a3e580).writer: state = open policy.server=0 -397>
2015-07-14 16:14:15.502307 7f3ea73e2700 1 mds.0.journaler(ro) recover start -396>
2015-07-14 16:14:15.502319 7f3ea73e2700 1 mds.0.journaler(ro) read_head -395>
2015-07-14 16:14:15.502376 7f3ea73e2700 1 -- 172.16.0.50:6800/25422 --> 172.16.5.230:6808/27037 -- osd_op(mds.0.80:5 200.00000000 [read 0~0] 1.844f3494 ack+read+known_if_redirected e2383) v5 -- ?+0 0x4a5b680 con 0x4a3e420 -394>
2015-07-14 16:14:15.502425 7f3ea73e2700 4 mds.0.log Waiting for journal 200 to recover... -393>
2015-07-14 16:14:15.502430 7f3ea75e4700 10 -- 172.16.0.50:6800/25422 >> 172.16.5.230:6808/27037 pipe(0x4a83000 sd=17 :56248 s=2 pgs=11768 cs=1 l=1 c=0x4a3e420).writer: state = open policy.server=0 -392>
2015-07-14 16:14:15.502484 7f3ea75e4700 10 -- 172.16.0.50:6800/25422 >> 172.16.5.230:6808/27037 pipe(0x4a83000 sd=17 :56248 s=2 pgs=11768 cs=1 l=1 c=0x4a3e420).writer: state = open policy.server=0 -391>
2015-07-14 16:14:15.503277 7f3ea61de700 10 -- 172.16.0.50:6800/25422 >> 172.16.5.230:6808/27037 pipe(0x4a83000 sd=17 :56248 s=2 pgs=11768 cs=1 l=1 c=0x4a3e420).reader wants 269 from dispatch throttler 0/104857600 -390>
2015-07-14 16:14:15.503310 7f3ea61de700 10 -- 172.16.0.50:6800/25422 >> 172.16.5.230:6808/27037 pipe(0x4a83000 sd=17 :56248 s=2 pgs=11768 cs=1 l=1 c=0x4a3e420).aborted = 0 -389>
2015-07-14 16:14:15.503336 7f3ea61de700 10 -- 172.16.0.50:6800/25422 >> 172.16.5.230:6808/27037 pipe(0x4a83000 sd=17 :56248 s=2 pgs=11768 cs=1 l=1 c=0x4a3e420).reader got message 3 0x4a762c0 osd_op_reply(5 200.00000000 [read 0~90] v0'0 uv9056 ondisk = 0) v6 -388>
2015-07-14 16:14:15.503351 7f3ea61de700 1 -- 172.16.0.50:6800/25422 <== osd.5 172.16.5.230:6808/27037 3 ==== osd_op_reply(5 200.00000000 [read 0~90] v0'0 uv9056 ondisk = 0) v6 ==== 179+0+90 (1153837370 0 900091797) 0x4a762c0 con 0x4a3e420 -387>
2015-07-14 16:14:15.503386 7f3ea61de700 10 -- 172.16.0.50:6800/25422 dispatch_throttle_release 269 to dispatch throttler 269/104857600 -386>
2015-07-14 16:14:15.503376 7f3ea75e4700 10 -- 172.16.0.50:6800/25422 >> 172.16.5.230:6808/27037 pipe(0x4a83000 sd=17 :56248 s=2 pgs=11768 cs=1 l=1 c=0x4a3e420).writer: state = open policy.server=0 -385>
2015-07-14 16:14:15.503412 7f3ea75e4700 10 -- 172.16.0.50:6800/25422 >> 172.16.5.230:6808/27037 pipe(0x4a83000 sd=17 :56248 s=2 pgs=11768 cs=1 l=1 c=0x4a3e420).write_ack 3 -384>
2015-07-14 16:14:15.503433 7f3ea75e4700 10 -- 172.16.0.50:6800/25422 >> 172.16.5.230:6808/27037 pipe(0x4a83000 sd=17 :56248 s=2 pgs=11768 cs=1 l=1 c=0x4a3e420).writer: state = open policy.server=0 -383>
2015-07-14 16:14:15.503426 7f3ea9eea700 1 mds.0.journaler(ro) _finish_read_head loghead(trim 4194304, expire 4194304, write 4221582, stream_format 1). probing for end of log (from 4221582)... -382>
2015-07-14 16:14:15.503448 7f3ea9eea700 1 mds.0.journaler(ro) probing for end of the log -381>
2015-07-14 16:14:15.503583 7f3ea9eea700 1 -- 172.16.0.50:6800/25422 --> 172.16.5.230:6808/27037 -- osd_op(mds.0.80:6 200.00000001 [stat] 1.6e5f474 ack+read+rwordered+known_if_redirected e2383) v5 -- ?+0 0x4a5b900 con 0x4a3e420 -380>
2015-07-14 16:14:15.503648 7f3ea9eea700 10 -- 172.16.0.50:6800/25422 connect_rank to 172.16.5.222:6804/13376, creating pipe and registering -379>
2015-07-14 16:14:15.503639 7f3ea75e4700 10 -- 172.16.0.50:6800/25422 >> 172.16.5.230:6808/27037 pipe(0x4a83000 sd=17 :56248 s=2 pgs=11768 cs=1 l=1 c=0x4a3e420).writer: state = open policy.server=0 -378>
2015-07-14 16:14:15.503735 7f3ea75e4700 10 -- 172.16.0.50:6800/25422 >> 172.16.5.230:6808/27037 pipe(0x4a83000 sd=17 :56248 s=2 pgs=11768 cs=1 l=1 c=0x4a3e420).writer: state = open policy.server=0 -377>
2015-07-14 16:14:15.503770 7f3ea9eea700 10 -- 172.16.0.50:6800/25422 >> 172.16.5.222:6804/13376 pipe(0x4ad4000 sd=-1 :0 s=1 pgs=0 cs=0 l=1 c=0x4a3e9a0).register_pipe -376>
2015-07-14 16:14:15.503792 7f3ea9eea700 10 -- 172.16.0.50:6800/25422 get_connection osd.8 172.16.5.222:6804/13376 new 0x4ad4000 -375>
2015-07-14 16:14:15.503819 7f3ea9eea700 1 -- 172.16.0.50:6800/25422 --> 172.16.5.222:6804/13376 -- osd_op(mds.0.80:7 200.00000002 [stat] 1.eb272dbb ack+read+rwordered+known_if_redirected e2383) v5 -- ?+0 0x4a5bb80 con 0x4a3e9a0 -374>
2015-07-14 16:14:15.503824 7f3ea5fdc700 10 -- 172.16.0.50:6800/25422 >> 172.16.5.222:6804/13376 pipe(0x4ad4000 sd=-1 :0 s=1 pgs=0 cs=0 l=1 c=0x4a3e9a0).writer: state = connecting policy.server=0 -373>
2015-07-14 16:14:15.503884 7f3ea5fdc700 10 -- 172.16.0.50:6800/25422 >> 172.16.5.222:6804/13376 pipe(0x4ad4000 sd=-1 :0 s=1 pgs=0 cs=0 l=1 c=0x4a3e9a0).connect 0 -372>
2015-07-14 16:14:15.503913 7f3ea5fdc700 10 -- 172.16.0.50:6800/25422 >> 172.16.5.222:6804/13376 pipe(0x4ad4000 sd=20 :0 s=1 pgs=0 cs=0 l=1 c=0x4a3e9a0).connecting to 172.16.5.222:6804/13376 -371>
2015-07-14 16:14:15.504543 7f3ea61de700 10 -- 172.16.0.50:6800/25422 >> 172.16.5.230:6808/27037 pipe(0x4a83000 sd=17 :56248 s=2 pgs=11768 cs=1 l=1 c=0x4a3e420).reader wants 195 from dispatch throttler 0/104857600 -370>
2015-07-14 16:14:15.504590 7f3ea61de700 10 -- 172.16.0.50:6800/25422 >> 172.16.5.230:6808/27037 pipe(0x4a83000 sd=17 :56248 s=2 pgs=11768 cs=1 l=1 c=0x4a3e420).aborted = 0 -369>
2015-07-14 16:14:15.504567 7f3ea5fdc700 10 -- 172.16.0.50:6800/25422 >> 172.16.5.222:6804/13376 pipe(0x4ad4000 sd=20 :44210 s=1 pgs=0 cs=0 l=1 c=0x4a3e9a0).connect sent my addr 172.16.0.50:6800/25422 -368>
2015-07-14 16:14:15.504620 7f3ea5fdc700 10 -- 172.16.0.50:6800/25422 >> 172.16.5.222:6804/13376 pipe(0x4ad4000 sd=20 :44210 s=1 pgs=0 cs=0 l=1 c=0x4a3e9a0).connect.authorizer_len=25 protocol=1 -367>
2015-07-14 16:14:15.504620 7f3ea61de700 10 -- 172.16.0.50:6800/25422 >> 172.16.5.230:6808/27037 pipe(0x4a83000 sd=17 :56248 s=2 pgs=11768 cs=1 l=1 c=0x4a3e420).reader got message 4 0x4a762c0 osd_op_reply(6 200.00000001 [stat] v0'0 uv9057 ondisk = 0) v6 -366>
2015-07-14 16:14:15.504632 7f3ea5fdc700 10 -- 172.16.0.50:6800/25422 >> 172.16.5.222:6804/13376 pipe(0x4ad4000 sd=20 :44210 s=1 pgs=0 cs=0 l=1 c=0x4a3e9a0).connect sending gseq=5 cseq=0 proto=24 -365>
2015-07-14 16:14:15.504636 7f3ea61de700 1 -- 172.16.0.50:6800/25422 <== osd.5 172.16.5.230:6808/27037 4 ==== osd_op_reply(6 200.00000001 [stat] v0'0 uv9057 ondisk = 0) v6 ==== 179+0+16 (1905835529 0 1649499127) 0x4a762c0 con 0x4a3e420 -364>
2015-07-14 16:14:15.504673 7f3ea61de700 10 -- 172.16.0.50:6800/25422 dispatch_throttle_release 195 to dispatch throttler 195/104857600 -363>
2015-07-14 16:14:15.504663 7f3ea75e4700 10 -- 172.16.0.50:6800/25422 >> 172.16.5.230:6808/27037 pipe(0x4a83000 sd=17 :56248 s=2 pgs=11768 cs=1 l=1 c=0x4a3e420).writer: state = open policy.server=0 -362>
2015-07-14 16:14:15.504707 7f3ea75e4700 10 -- 172.16.0.50:6800/25422 >> 172.16.5.230:6808/27037 pipe(0x4a83000 sd=17 :56248 s=2 pgs=11768 cs=1 l=1 c=0x4a3e420).write_ack 4 -361>
2015-07-14 16:14:15.504727 7f3ea75e4700 10 -- 172.16.0.50:6800/25422 >> 172.16.5.230:6808/27037 pipe(0x4a83000 sd=17 :56248 s=2 pgs=11768 cs=1 l=1 c=0x4a3e420).writer: state = open policy.server=0 -360>
2015-07-14 16:14:15.504996 7f3ea5fdc700 10 -- 172.16.0.50:6800/25422 >> 172.16.5.222:6804/13376 pipe(0x4ad4000 sd=20 :44210 s=2 pgs=69 cs=1 l=1 c=0x4a3e9a0).connect success 1, lossy = 1, features 1125899906842623 -359>
2015-07-14 16:14:15.505079 7f3ea5fdc700 10 -- 172.16.0.50:6800/25422 >> 172.16.5.222:6804/13376 pipe(0x4ad4000 sd=20 :44210 s=2 pgs=69 cs=1 l=1 c=0x4a3e9a0).writer: state = open policy.server=0 -358>
2015-07-14 16:14:15.505139 7f3ea5fdc700 10 -- 172.16.0.50:6800/25422 >> 172.16.5.222:6804/13376 pipe(0x4ad4000 sd=20 :44210 s=2 pgs=69 cs=1 l=1 c=0x4a3e9a0).writer: state = open policy.server=0 -357>
2015-07-14 16:14:15.508798 7f3ea5edb700 10 -- 172.16.0.50:6800/25422 >> 172.16.5.222:6804/13376 pipe(0x4ad4000 sd=20 :44210 s=2 pgs=69 cs=1 l=1 c=0x4a3e9a0).reader wants 179 from dispatch throttler 0/104857600 -356>
2015-07-14 16:14:15.508852 7f3ea5edb700 10 -- 172.16.0.50:6800/25422 >> 172.16.5.222:6804/13376 pipe(0x4ad4000 sd=20 :44210 s=2 pgs=69 cs=1 l=1 c=0x4a3e9a0).aborted = 0 -355>
2015-07-14 16:14:15.508882 7f3ea5edb700 10 -- 172.16.0.50:6800/25422 >> 172.16.5.222:6804/13376 pipe(0x4ad4000 sd=20 :44210 s=2 pgs=69 cs=1 l=1 c=0x4a3e9a0).reader got message 1 0x4a76840 osd_op_reply(7 200.00000002 [stat] v0'0 uv0 ack = -2 ((2) No such file or directory)) v6 -354>
2015-07-14 16:14:15.508921 7f3ea5edb700 1 -- 172.16.0.50:6800/25422 <== osd.8 172.16.5.222:6804/13376 1 ==== osd_op_reply(7 200.00000002 [stat] v0'0 uv0 ack = -2 ((2) No such file or directory)) v6 ==== 179+0+0 (1369052365 0 0) 0x4a76840 con 0x4a3e9a0 -353>
2015-07-14 16:14:15.508926 7f3ea5fdc700 10 -- 172.16.0.50:6800/25422 >> 172.16.5.222:6804/13376 pipe(0x4ad4000 sd=20 :44210 s=2 pgs=69 cs=1 l=1 c=0x4a3e9a0).writer: state = open policy.server=0 -352>
2015-07-14 16:14:15.508960 7f3ea5edb700 10 -- 172.16.0.50:6800/25422 dispatch_throttle_release 179 to dispatch throttler 179/104857600 -351>
2015-07-14 16:14:15.508957 7f3ea5fdc700 10 -- 172.16.0.50:6800/25422 >> 172.16.5.222:6804/13376 pipe(0x4ad4000 sd=20 :44210 s=2 pgs=69 cs=1 l=1 c=0x4a3e9a0).write_ack 1 -350>
2015-07-14 16:14:15.508990 7f3ea9eea700 1 mds.0.journaler(ro) _finish_probe_end write_pos = 4223374 (header had 4221582). recovered. -349>
2015-07-14 16:14:15.508989 7f3ea5fdc700 10 -- 172.16.0.50:6800/25422 >> 172.16.5.222:6804/13376 pipe(0x4ad4000 sd=20 :44210 s=2 pgs=69 cs=1 l=1 c=0x4a3e9a0).writer: state = open policy.server=0 -348>
2015-07-14 16:14:15.509069 7f3ea73e2700 4 mds.0.log Journal 200 recovered. -347>
2015-07-14 16:14:15.509093 7f3ea73e2700 4 mds.0.log Recovered journal 200 in format 1 -346>
2015-07-14 16:14:15.509104 7f3ea73e2700 2 mds.0.80 boot_start 1: loading/discovering base inodes -345>
2015-07-14 16:14:15.509126 7f3ea73e2700 0 mds.0.cache creating system inode with ino:100 -344>
2015-07-14 16:14:15.509286 7f3ea73e2700 1 -- 172.16.0.50:6800/25422 --> 172.16.5.230:6808/27037 -- osd_op(mds.0.80:8 100.00000000 [getxattr inode] 1.c5265ab3 ack+read+known_if_redirected e2383) v5 -- ?+0 0x4a5af00 con 0x4a3e420 -343>
2015-07-14 16:14:15.509368 7f3ea73e2700 1 -- 172.16.0.50:6800/25422 --> 172.16.5.170:6808/9971 -- osd_op(mds.0.80:9 100.00000000.inode [read 0~0] 1.85dde07f ack+read+known_if_redirected e2383) v5 -- ?+0 0x4afc500 con 0x4a3e580 -342>
2015-07-14 16:14:15.509404 7f3ea73e2700 0 mds.0.cache creating system inode with ino:1 -341>
2015-07-14 16:14:15.509391 7f3ea75e4700 10 -- 172.16.0.50:6800/25422 >> 172.16.5.230:6808/27037 pipe(0x4a83000 sd=17 :56248 s=2 pgs=11768 cs=1 l=1 c=0x4a3e420).writer: state = open policy.server=0 -340>
2015-07-14 16:14:15.509435 7f3ea63e0700 10 -- 172.16.0.50:6800/25422 >> 172.16.5.170:6808/9971 pipe(0x4ab0000 sd=19 :44705 s=2 pgs=19 cs=1 l=1 c=0x4a3e580).writer: state = open policy.server=0 -339>
2015-07-14 16:14:15.509446 7f3ea73e2700 1 -- 172.16.0.50:6800/25422 --> 172.16.5.170:6808/9971 -- osd_op(mds.0.80:10 1.00000000 [getxattr inode] 1.6b2cdaff ack+read+known_if_redirected e2383) v5 -- ?+0 0x4afc280 con 0x4a3e580 -338>
2015-07-14 16:14:15.509473 7f3ea75e4700 10 -- 172.16.0.50:6800/25422 >> 172.16.5.230:6808/27037 pipe(0x4a83000 sd=17 :56248 s=2 pgs=11768 cs=1 l=1 c=0x4a3e420).writer: state = open policy.server=0 -337>
2015-07-14 16:14:15.509533 7f3ea63e0700 10 -- 172.16.0.50:6800/25422 >> 172.16.5.170:6808/9971 pipe(0x4ab0000 sd=19 :44705 s=2 pgs=19 cs=1 l=1 c=0x4a3e580).writer: state = open policy.server=0 -336>
2015-07-14 16:14:15.509543 7f3ea73e2700 1 -- 172.16.0.50:6800/25422 --> 172.16.5.230:6808/27037 -- osd_op(mds.0.80:11 1.00000000.inode [read 0~0] 1.232c0e14 ack+read+known_if_redirected e2383) v5 -- ?+0 0x4afc000 con 0x4a3e420 -335>
2015-07-14 16:14:15.509583 7f3ea63e0700 10 -- 172.16.0.50:6800/25422 >> 172.16.5.170:6808/9971 pipe(0x4ab0000 sd=19 :44705 s=2 pgs=19 cs=1 l=1 c=0x4a3e580).writer: state = open policy.server=0 -334>
2015-07-14 16:14:15.509598 7f3ea75e4700 10 -- 172.16.0.50:6800/25422 >> 172.16.5.230:6808/27037 pipe(0x4a83000 sd=17 :56248 s=2 pgs=11768 cs=1 l=1 c=0x4a3e420).writer: state = open policy.server=0 -333>
2015-07-14 16:14:15.509665 7f3ea75e4700 10 -- 172.16.0.50:6800/25422 >> 172.16.5.230:6808/27037 pipe(0x4a83000 sd=17 :56248 s=2 pgs=11768 cs=1 l=1 c=0x4a3e420).writer: state = open policy.server=0 -332>
2015-07-14 16:14:15.510441 7f3ea60dd700 10 -- 172.16.0.50:6800/25422 >> 172.16.5.170:6808/9971 pipe(0x4ab0000 sd=19 :44705 s=2 pgs=19 cs=1 l=1 c=0x4a3e580).reader wants 667 from dispatch throttler 0/104857600 -331>
2015-07-14 16:14:15.510449 7f3ea61de700 10 -- 172.16.0.50:6800/25422 >> 172.16.5.230:6808/27037 pipe(0x4a83000 sd=17 :56248 s=2 pgs=11768 cs=1 l=1 c=0x4a3e420).reader wants 179 from dispatch throttler 0/104857600 -330>
2015-07-14 16:14:15.510483 7f3ea61de700 10 -- 172.16.0.50:6800/25422 >> 172.16.5.230:6808/27037 pipe(0x4a83000 sd=17 :56248 s=2 pgs=11768 cs=1 l=1 c=0x4a3e420).aborted = 0 -329>
2015-07-14 16:14:15.510485 7f3ea60dd700 10 -- 172.16.0.50:6800/25422 >> 172.16.5.170:6808/9971 pipe(0x4ab0000 sd=19 :44705 s=2 pgs=19 cs=1 l=1 c=0x4a3e580).aborted = 0 -328>
2015-07-14 16:14:15.510532 7f3ea61de700 10 -- 172.16.0.50:6800/25422 >> 172.16.5.230:6808/27037 pipe(0x4a83000 sd=17 :56248 s=2 pgs=11768 cs=1 l=1 c=0x4a3e420).reader got message 5 0x4a762c0 osd_op_reply(8 100.00000000 [getxattr] v0'0 uv0 ondisk = -61 ((61) No data available)) v6 -327>
2015-07-14 16:14:15.510558 7f3ea61de700 1 -- 172.16.0.50:6800/25422 <== osd.5 172.16.5.230:6808/27037 5 ==== osd_op_reply(8 100.00000000 [getxattr] v0'0 uv0 ondisk = -61 ((61) No data available)) v6 ==== 179+0+0 (2130378456 0 0) 0x4a762c0 con 0x4a3e420 -326>
2015-07-14 16:14:15.510535 7f3ea60dd700 10 -- 172.16.0.50:6800/25422 >> 172.16.5.170:6808/9971 pipe(0x4ab0000 sd=19 :44705 s=2 pgs=19 cs=1 l=1 c=0x4a3e580).reader got message 2 0x4a76b00 osd_op_reply(9 100.00000000.inode [read 0~482] v0'0 uv3402 ondisk = 0) v6 -325>
2015-07-14 16:14:15.510579 7f3ea60dd700 1 -- 172.16.0.50:6800/25422 <== osd.7 172.16.5.170:6808/9971 2 ==== osd_op_reply(9 100.00000000.inode [read 0~482] v0'0 uv3402 ondisk = 0) v6 ==== 185+0+482 (2098096564 0 1083596494) 0x4a76b00 con 0x4a3e580 -324>
2015-07-14 16:14:15.510577 7f3ea75e4700 10 -- 172.16.0.50:6800/25422 >> 172.16.5.230:6808/27037 pipe(0x4a83000 sd=17 :56248 s=2 pgs=11768 cs=1 l=1 c=0x4a3e420).writer: state = open policy.server=0 -323>
2015-07-14 16:14:15.510607 7f3ea75e4700 10 -- 172.16.0.50:6800/25422 >> 172.16.5.230:6808/27037 pipe(0x4a83000 sd=17 :56248 s=2 pgs=11768 cs=1 l=1 c=0x4a3e420).write_ack 5 -322>
2015-07-14 16:14:15.510588 7f3ea63e0700 10 -- 172.16.0.50:6800/25422 >> 172.16.5.170:6808/9971 pipe(0x4ab0000 sd=19 :44705 s=2 pgs=19 cs=1 l=1 c=0x4a3e580).writer: state = open policy.server=0 -321>
2015-07-14 16:14:15.510610 7f3ea61de700 10 -- 172.16.0.50:6800/25422 dispatch_throttle_release 179 to dispatch throttler 846/104857600 -320>
2015-07-14 16:14:15.510621 7f3ea63e0700 10 -- 172.16.0.50:6800/25422 >> 172.16.5.170:6808/9971 pipe(0x4ab0000 sd=19 :44705 s=2 pgs=19 cs=1 l=1 c=0x4a3e580).write_ack 2 -319>
2015-07-14 16:14:15.510627 7f3ea75e4700 10 -- 172.16.0.50:6800/25422 >> 172.16.5.230:6808/27037 pipe(0x4a83000 sd=17 :56248 s=2 pgs=11768 cs=1 l=1 c=0x4a3e420).writer: state = open policy.server=0 -318>
2015-07-14 16:14:15.510629 7f3ea60dd700 10 -- 172.16.0.50:6800/25422 dispatch_throttle_release 667 to dispatch throttler 667/104857600 -317>
2015-07-14 16:14:15.510622 7f3ea61de700 10 -- 172.16.0.50:6800/25422 >> 172.16.5.230:6808/27037 pipe(0x4a83000 sd=17 :56248 s=2 pgs=11768 cs=1 l=1 c=0x4a3e420).reader wants 665 from dispatch throttler 667/104857600 -316>
2015-07-14 16:14:15.510642 7f3ea63e0700 10 -- 172.16.0.50:6800/25422 >> 172.16.5.170:6808/9971 pipe(0x4ab0000 sd=19 :44705 s=2 pgs=19 cs=1 l=1 c=0x4a3e580).writer: state = open policy.server=0 -315>
2015-07-14 16:14:15.510651 7f3ea60dd700 10 -- 172.16.0.50:6800/25422 >> 172.16.5.170:6808/9971 pipe(0x4ab0000 sd=19 :44705 s=2 pgs=19 cs=1 l=1 c=0x4a3e580).reader wants 177 from dispatch throttler 665/104857600 -314>
2015-07-14 16:14:15.510648 7f3ea61de700 10 -- 172.16.0.50:6800/25422 >> 172.16.5.230:6808/27037 pipe(0x4a83000 sd=17 :56248 s=2 pgs=11768 cs=1 l=1 c=0x4a3e420).aborted = 0 -313>
2015-07-14 16:14:15.510667 7f3ea60dd700 10 -- 172.16.0.50:6800/25422 >> 172.16.5.170:6808/9971 pipe(0x4ab0000 sd=19 :44705 s=2 pgs=19 cs=1 l=1 c=0x4a3e580).aborted = 0 -312>
2015-07-14 16:14:15.510684 7f3ea61de700 10 -- 172.16.0.50:6800/25422 >> 172.16.5.230:6808/27037 pipe(0x4a83000 sd=17 :56248 s=2 pgs=11768 cs=1 l=1 c=0x4a3e420).reader got message 6 0x4a762c0 osd_op_reply(11 1.00000000.inode [read 0~482] v0'0 uv9031 ondisk = 0) v6 -311>
2015-07-14 16:14:15.510688 7f3ea60dd700 10 -- 172.16.0.50:6800/25422 >> 172.16.5.170:6808/9971 pipe(0x4ab0000 sd=19 :44705 s=2 pgs=19 cs=1 l=1 c=0x4a3e580).reader got message 3 0x4a76b00 osd_op_reply(10 1.00000000 [getxattr] v0'0 uv0 ondisk = -61 ((61) No data available)) v6 -310>
2015-07-14 16:14:15.510715 7f3ea60dd700 1 -- 172.16.0.50:6800/25422 <== osd.7 172.16.5.170:6808/9971 3 ==== osd_op_reply(10 1.00000000 [getxattr] v0'0 uv0 ondisk = -61 ((61) No data available)) v6 ==== 177+0+0 (3581230196 0 0) 0x4a76b00 con 0x4a3e580 -309>
2015-07-14 16:14:15.510713 7f3ea61de700 1 -- 172.16.0.50:6800/25422 <== osd.5 172.16.5.230:6808/27037 6 ==== osd_op_reply(11 1.00000000.inode [read 0~482] v0'0 uv9031 ondisk = 0) v6 ==== 183+0+482 (3734016473 0 1931371576) 0x4a762c0 con 0x4a3e420 -308>
2015-07-14 16:14:15.510722 7f3ea75e4700 10 -- 172.16.0.50:6800/25422 >> 172.16.5.230:6808/27037 pipe(0x4a83000 sd=17 :56248 s=2 pgs=11768 cs=1 l=1 c=0x4a3e420).writer: state = open policy.server=0 -307>
2015-07-14 16:14:15.510725 7f3ea63e0700 10 -- 172.16.0.50:6800/25422 >> 172.16.5.170:6808/9971 pipe(0x4ab0000 sd=19 :44705 s=2 pgs=19 cs=1 l=1 c=0x4a3e580).writer: state = open policy.server=0 -306>
2015-07-14 16:14:15.510739 7f3ea75e4700 10 -- 172.16.0.50:6800/25422 >> 172.16.5.230:6808/27037 pipe(0x4a83000 sd=17 :56248 s=2 pgs=11768 cs=1 l=1 c=0x4a3e420).write_ack 6 -305>
2015-07-14 16:14:15.510740 7f3ea63e0700 10 -- 172.16.0.50:6800/25422 >> 172.16.5.170:6808/9971 pipe(0x4ab0000 sd=19 :44705 s=2 pgs=19 cs=1 l=1 c=0x4a3e580).write_ack 3 -304>
2015-07-14 16:14:15.510746 7f3ea60dd700 10 -- 172.16.0.50:6800/25422 dispatch_throttle_release 177 to dispatch throttler 842/104857600 -303>
2015-07-14 16:14:15.510751 7f3ea75e4700 10 -- 172.16.0.50:6800/25422 >> 172.16.5.230:6808/27037 pipe(0x4a83000 sd=17 :56248 s=2 pgs=11768 cs=1 l=1 c=0x4a3e420).writer: state = open policy.server=0 -302>
2015-07-14 16:14:15.510753 7f3ea63e0700 10 -- 172.16.0.50:6800/25422 >> 172.16.5.170:6808/9971 pipe(0x4ab0000 sd=19 :44705 s=2 pgs=19 cs=1 l=1 c=0x4a3e580).writer: state = open policy.server=0 -301>
