2015-07-14 16:14:15.510759 7f3ea61de700 10 -- 172.16.0.50:6800/25422 dispatch_throttle_release 665 to dispatch throttler 665/104857600 -300>
2015-07-14 16:14:15.510786 7f3ea9eea700 2 mds.0.80 boot_start 2: replaying mds log -299>
2015-07-14 16:14:15.510963 7f3ea73e2700 1 -- 172.16.0.50:6800/25422 --> 172.16.5.230:6808/27037 -- osd_op(mds.0.80:12 200.00000001 [read 0~29070] 1.6e5f474 ack+read+known_if_redirected e2383) v5 -- ?+0 0x4a5b180 con 0x4a3e420 -298>
2015-07-14 16:14:15.511052 7f3ea75e4700 10 -- 172.16.0.50:6800/25422 >> 172.16.5.230:6808/27037 pipe(0x4a83000 sd=17 :56248 s=2 pgs=11768 cs=1 l=1 c=0x4a3e420).writer: state = open policy.server=0 -297>
2015-07-14 16:14:15.511131 7f3ea75e4700 10 -- 172.16.0.50:6800/25422 >> 172.16.5.230:6808/27037 pipe(0x4a83000 sd=17 :56248 s=2 pgs=11768 cs=1 l=1 c=0x4a3e420).writer: state = open policy.server=0 -296>
2015-07-14 16:14:15.511987 7f3ea61de700 10 -- 172.16.0.50:6800/25422 >> 172.16.5.230:6808/27037 pipe(0x4a83000 sd=17 :56248 s=2 pgs=11768 cs=1 l=1 c=0x4a3e420).reader wants 29249 from dispatch throttler 0/104857600 -295>
2015-07-14 16:14:15.512478 7f3ea61de700 10 -- 172.16.0.50:6800/25422 >> 172.16.5.230:6808/27037 pipe(0x4a83000 sd=17 :56248 s=2 pgs=11768 cs=1 l=1 c=0x4a3e420).aborted = 0 -294>
2015-07-14 16:14:15.512544 7f3ea61de700 10 -- 172.16.0.50:6800/25422 >> 172.16.5.230:6808/27037 pipe(0x4a83000 sd=17 :56248 s=2 pgs=11768 cs=1 l=1 c=0x4a3e420).reader got message 7 0x4a762c0 osd_op_reply(12 200.00000001 [read 0~29070] v0'0 uv9057 ondisk = 0) v6 -293>
2015-07-14 16:14:15.512565 7f3ea61de700 1 -- 172.16.0.50:6800/25422 <== osd.5 172.16.5.230:6808/27037 7 ==== osd_op_reply(12 200.00000001 [read 0~29070] v0'0 uv9057 ondisk = 0) v6 ==== 179+0+29070 (3485488834 0 3168097469) 0x4a762c0 con 0x4a3e420 -292>
2015-07-14 16:14:15.512583 7f3ea75e4700 10 -- 172.16.0.50:6800/25422 >> 172.16.5.230:6808/27037 pipe(0x4a83000 sd=17 :56248 s=2 pgs=11768 cs=1 l=1 c=0x4a3e420).writer: state = open policy.server=0 -291>
2015-07-14 16:14:15.512602 7f3ea61de700 10 -- 172.16.0.50:6800/25422 dispatch_throttle_release 29249 to dispatch throttler 29249/104857600 -290>
2015-07-14 16:14:15.512614 7f3ea75e4700 10 -- 172.16.0.50:6800/25422 >> 172.16.5.230:6808/27037 pipe(0x4a83000 sd=17 :56248 s=2 pgs=11768 cs=1 l=1 c=0x4a3e420).write_ack 7 -289>
2015-07-14 16:14:15.512635 7f3ea75e4700 10 -- 172.16.0.50:6800/25422 >> 172.16.5.230:6808/27037 pipe(0x4a83000 sd=17 :56248 s=2 pgs=11768 cs=1 l=1 c=0x4a3e420).writer: state = open policy.server=0 -288>
2015-07-14 16:14:15.514747 7f3ea73e2700 1 mds.0.80 replay_done -287>
2015-07-14 16:14:15.514763 7f3ea73e2700 1 mds.0.80 making mds journal writeable -286>
2015-07-14 16:14:15.514767 7f3ea73e2700 1 mds.0.journaler(ro) set_writeable -285>
2015-07-14 16:14:15.514824 7f3ea73e2700 1 -- 172.16.0.50:6800/25422 --> 172.16.5.230:6808/27037 -- osd_op(mds.0.80:13 200.00000001 [zero 29070~4165234] 1.6e5f474 ondisk+write+known_if_redirected e2383) v5 -- ?+0 0x4a5b680 con 0x4a3e420 -284>
2015-07-14 16:14:15.514883 7f3ea73e2700 1 -- 172.16.0.50:6800/25422 --> 172.16.5.222:6804/13376 -- osd_op(mds.0.80:14 200.00000002 [delete] 1.eb272dbb ondisk+write+known_if_redirected e2383) v5 -- ?+0 0x4afc780 con 0x4a3e9a0 -283>
2015-07-14 16:14:15.514902 7f3ea75e4700 10 -- 172.16.0.50:6800/25422 >> 172.16.5.230:6808/27037 pipe(0x4a83000 sd=17 :56248 s=2 pgs=11768 cs=1 l=1 c=0x4a3e420).writer: state = open policy.server=0 -282>
2015-07-14 16:14:15.514931 7f3ea73e2700 1 -- 172.16.0.50:6800/25422 --> 172.16.0.50:6801/15304 -- osd_op(mds.0.80:15 200.00000003 [delete] 1.95e3ab ondisk+write+known_if_redirected e2383) v5 -- ?+0 0x4afc500 con 0x4a3e6e0 -281>
2015-07-14 16:14:15.514959 7f3ea5fdc700 10 -- 172.16.0.50:6800/25422 >> 172.16.5.222:6804/13376 pipe(0x4ad4000 sd=20 :44210 s=2 pgs=69 cs=1 l=1 c=0x4a3e9a0).writer: state = open policy.server=0 -280>
2015-07-14 16:14:15.514972 7f3ea73e2700 1 -- 172.16.0.50:6800/25422 --> 172.16.5.170:6808/9971 -- osd_op(mds.0.80:16 200.00000004 [delete] 1.1ba6bc1f ondisk+write+known_if_redirected e2383) v5 -- ?+0 0x4a5af00 con 0x4a3e580 -279>
2015-07-14 16:14:15.514978 7f3ea75e4700 10 -- 172.16.0.50:6800/25422 >> 172.16.5.230:6808/27037 pipe(0x4a83000 sd=17 :56248 s=2 pgs=11768 cs=1 l=1 c=0x4a3e420).writer: state = open policy.server=0 -278>
2015-07-14 16:14:15.514967 7f3ea74e3700 10 -- 172.16.0.50:6800/25422 >> 172.16.0.50:6801/15304 pipe(0x4ab5000 sd=18 :53011 s=2 pgs=17 cs=1 l=1 c=0x4a3e6e0).writer: state = open policy.server=0 -277>
2015-07-14 16:14:15.515029 7f3ea73e2700 10 -- 172.16.0.50:6800/25422 connect_rank to 172.16.5.222:6800/3627, creating pipe and registering -276>
2015-07-14 16:14:15.515019 7f3ea63e0700 10 -- 172.16.0.50:6800/25422 >> 172.16.5.170:6808/9971 pipe(0x4ab0000 sd=19 :44705 s=2 pgs=19 cs=1 l=1 c=0x4a3e580).writer: state = open policy.server=0 -275>
2015-07-14 16:14:15.515049 7f3ea5fdc700 10 -- 172.16.0.50:6800/25422 >> 172.16.5.222:6804/13376 pipe(0x4ad4000 sd=20 :44210 s=2 pgs=69 cs=1 l=1 c=0x4a3e9a0).writer: state = open policy.server=0 -274>
2015-07-14 16:14:15.515087 7f3ea74e3700 10 -- 172.16.0.50:6800/25422 >> 172.16.0.50:6801/15304 pipe(0x4ab5000 sd=18 :53011 s=2 pgs=17 cs=1 l=1 c=0x4a3e6e0).writer: state = open policy.server=0 -273>
2015-07-14 16:14:15.515094 7f3ea63e0700 10 -- 172.16.0.50:6800/25422 >> 172.16.5.170:6808/9971 pipe(0x4ab0000 sd=19 :44705 s=2 pgs=19 cs=1 l=1 c=0x4a3e580).writer: state = open policy.server=0 -272>
2015-07-14 16:14:15.515112 7f3ea73e2700 10 -- 172.16.0.50:6800/25422 >> 172.16.5.222:6800/3627 pipe(0x4ad9000 sd=-1 :0 s=1 pgs=0 cs=0 l=1 c=0x4a3eb00).register_pipe -271>
2015-07-14 16:14:15.515136 7f3ea73e2700 10 -- 172.16.0.50:6800/25422 get_connection osd.4 172.16.5.222:6800/3627 new 0x4ad9000 -270>
2015-07-14 16:14:15.515157 7f3ea73e2700 1 -- 172.16.0.50:6800/25422 --> 172.16.5.222:6800/3627 -- osd_op(mds.0.80:17 200.00000005 [delete] 1.96d5827a ondisk+write+known_if_redirected e2383) v5 -- ?+0 0x4afc780 con 0x4a3eb00 -269>
2015-07-14 16:14:15.515151 7f3ea5dda700 10 -- 172.16.0.50:6800/25422 >> 172.16.5.222:6800/3627 pipe(0x4ad9000 sd=-1 :0 s=1 pgs=0 cs=0 l=1 c=0x4a3eb00).writer: state = connecting policy.server=0 -268>
2015-07-14 16:14:15.515200 7f3ea5dda700 10 -- 172.16.0.50:6800/25422 >> 172.16.5.222:6800/3627 pipe(0x4ad9000 sd=-1 :0 s=1 pgs=0 cs=0 l=1 c=0x4a3eb00).connect 0 -267>
2015-07-14 16:14:15.515236 7f3ea5dda700 10 -- 172.16.0.50:6800/25422 >> 172.16.5.222:6800/3627 pipe(0x4ad9000 sd=21 :0 s=1 pgs=0 cs=0 l=1 c=0x4a3eb00).connecting to 172.16.5.222:6800/3627 -266>
2015-07-14 16:14:15.515273 7f3ea73e2700 1 -- 172.16.0.50:6800/25422 --> 172.16.5.222:6804/13376 -- osd_op(mds.0.80:18 200.00000006 [delete] 1.ade7efde ondisk+write+known_if_redirected e2383) v5 -- ?+0 0x4afc500 con 0x4a3e9a0 -265>
2015-07-14 16:14:15.515315 7f3ea73e2700 2 mds.0.80 i am alone, moving to state reconnect -264>
2015-07-14 16:14:15.515321 7f3ea73e2700 3 mds.0.80 request_state up:reconnect -263>
2015-07-14 16:14:15.515325 7f3ea5fdc700 10 -- 172.16.0.50:6800/25422 >> 172.16.5.222:6804/13376 pipe(0x4ad4000 sd=20 :44210 s=2 pgs=69 cs=1 l=1 c=0x4a3e9a0).writer: state = open policy.server=0 -262>
2015-07-14 16:14:15.515344 7f3ea73e2700 10 monclient: _send_mon_message to mon.cloudCode04 at 172.16.5.170:6789/0 -261>
2015-07-14 16:14:15.515353 7f3ea73e2700 1 -- 172.16.0.50:6800/25422 --> 172.16.5.170:6789/0 -- mdsbeacon(94247/codetest up:reconnect seq 2 v512) v3 -- ?+0 0x4a96900 con 0x4a3e160 -260>
2015-07-14 16:14:15.515380 7f3ea5fdc700 10 -- 172.16.0.50:6800/25422 >> 172.16.5.222:6804/13376 pipe(0x4ad4000 sd=20 :44210 s=2 pgs=69 cs=1 l=1 c=0x4a3e9a0).writer: state = open policy.server=0 -259>
2015-07-14 16:14:15.515414 7f3eb13d8700 10 -- 172.16.0.50:6800/25422 >> 172.16.5.170:6789/0 pipe(0x4a7e000 sd=8 :36805 s=2 pgs=6011 cs=1 l=1 c=0x4a3e160).writer: state = open policy.server=0 -258>
2015-07-14 16:14:15.515498 7f3eb13d8700 10 -- 172.16.0.50:6800/25422 >> 172.16.5.170:6789/0 pipe(0x4a7e000 sd=8 :36805 s=2 pgs=6011 cs=1 l=1 c=0x4a3e160).writer: state = open policy.server=0 -257>
2015-07-14 16:14:15.515677 7f3ea61de700 10 -- 172.16.0.50:6800/25422 >> 172.16.5.230:6808/27037 pipe(0x4a83000 sd=17 :56248 s=2 pgs=11768 cs=1 l=1 c=0x4a3e420).reader wants 179 from dispatch throttler 0/104857600 -256>
2015-07-14 16:14:15.515713 7f3ea61de700 10 -- 172.16.0.50:6800/25422 >> 172.16.5.230:6808/27037 pipe(0x4a83000 sd=17 :56248 s=2 pgs=11768 cs=1 l=1 c=0x4a3e420).aborted = 0 -255>
2015-07-14 16:14:15.515768 7f3ea62df700 10 -- 172.16.0.50:6800/25422 >> 172.16.0.50:6801/15304 pipe(0x4ab5000 sd=18 :53011 s=2 pgs=17 cs=1 l=1 c=0x4a3e6e0).reader wants 179 from dispatch throttler 179/104857600 -254>
2015-07-14 16:14:15.515813 7f3ea62df700 10 -- 172.16.0.50:6800/25422 >> 172.16.0.50:6801/15304 pipe(0x4ab5000 sd=18 :53011 s=2 pgs=17 cs=1 l=1 c=0x4a3e6e0).aborted = 0 -253>
2015-07-14 16:14:15.515773 7f3ea61de700 10 -- 172.16.0.50:6800/25422 >> 172.16.5.230:6808/27037 pipe(0x4a83000 sd=17 :56248 s=2 pgs=11768 cs=1 l=1 c=0x4a3e420).reader got message 8 0x4a762c0 osd_op_reply(13 200.00000001 [zero 29070~4165234] v0'0 uv9057 ondisk = 0) v6 -252>
2015-07-14 16:14:15.515832 7f3ea61de700 1 -- 172.16.0.50:6800/25422 <== osd.5 172.16.5.230:6808/27037 8 ==== osd_op_reply(13 200.00000001 [zero 29070~4165234] v0'0 uv9057 ondisk = 0) v6 ==== 179+0+0 (4120333419 0 0) 0x4a762c0 con 0x4a3e420 -251>
2015-07-14 16:14:15.515843 7f3ea75e4700 10 -- 172.16.0.50:6800/25422 >> 172.16.5.230:6808/27037 pipe(0x4a83000 sd=17 :56248 s=2 pgs=11768 cs=1 l=1 c=0x4a3e420).writer: state = open policy.server=0 -250>
2015-07-14 16:14:15.515847 7f3ea62df700 10 -- 172.16.0.50:6800/25422 >> 172.16.0.50:6801/15304 pipe(0x4ab5000 sd=18 :53011 s=2 pgs=17 cs=1 l=1 c=0x4a3e6e0).reader got message 2 0x4a76000 osd_op_reply(15 200.00000003 [delete] v0'0 uv3088 ondisk = -2 ((2) No such file or directory)) v6 -249>
2015-07-14 16:14:15.515874 7f3ea75e4700 10 -- 172.16.0.50:6800/25422 >> 172.16.5.230:6808/27037 pipe(0x4a83000 sd=17 :56248 s=2 pgs=11768 cs=1 l=1 c=0x4a3e420).write_ack 8 -248>
2015-07-14 16:14:15.515857 7f3ea60dd700 10 -- 172.16.0.50:6800/25422 >> 172.16.5.170:6808/9971 pipe(0x4ab0000 sd=19 :44705 s=2 pgs=19 cs=1 l=1 c=0x4a3e580).reader wants 179 from dispatch throttler 358/104857600 -247>
2015-07-14 16:14:15.515880 7f3ea61de700 10 -- 172.16.0.50:6800/25422 dispatch_throttle_release 179 to dispatch throttler 358/104857600 -246>
2015-07-14 16:14:15.515852 7f3ea5dda700 10 -- 172.16.0.50:6800/25422 >> 172.16.5.222:6800/3627 pipe(0x4ad9000 sd=21 :42408 s=1 pgs=0 cs=0 l=1 c=0x4a3eb00).connect sent my addr 172.16.0.50:6800/25422 -245>
2015-07-14 16:14:15.515880 7f3ea62df700 1 -- 172.16.0.50:6800/25422 <== osd.0 172.16.0.50:6801/15304 2 ==== osd_op_reply(15 200.00000003 [delete] v0'0 uv3088 ondisk = -2 ((2) No such file or directory)) v6 ==== 179+0+0 (3128093706 0 0) 0x4a76000 con 0x4a3e6e0 -244>
2015-07-14 16:14:15.515893 7f3ea60dd700 10 -- 172.16.0.50:6800/25422 >> 172.16.5.170:6808/9971 pipe(0x4ab0000 sd=19 :44705 s=2 pgs=19 cs=1 l=1 c=0x4a3e580).aborted = 0 -243>
2015-07-14 16:14:15.515896 7f3ea75e4700 10 -- 172.16.0.50:6800/25422 >> 172.16.5.230:6808/27037 pipe(0x4a83000 sd=17 :56248 s=2 pgs=11768 cs=1 l=1 c=0x4a3e420).writer: state = open policy.server=0 -242>
2015-07-14 16:14:15.515894 7f3ea74e3700 10 -- 172.16.0.50:6800/25422 >> 172.16.0.50:6801/15304 pipe(0x4ab5000 sd=18 :53011 s=2 pgs=17 cs=1 l=1 c=0x4a3e6e0).writer: state = open policy.server=0 -241>
2015-07-14 16:14:15.515926 7f3ea62df700 10 -- 172.16.0.50:6800/25422 dispatch_throttle_release 179 to dispatch throttler 358/104857600 -240>
2015-07-14 16:14:15.515927 7f3ea74e3700 10 -- 172.16.0.50:6800/25422 >> 172.16.0.50:6801/15304 pipe(0x4ab5000 sd=18 :53011 s=2 pgs=17 cs=1 l=1 c=0x4a3e6e0).write_ack 2 -239>
2015-07-14 16:14:15.515929 7f3ea5dda700 10 -- 172.16.0.50:6800/25422 >> 172.16.5.222:6800/3627 pipe(0x4ad9000 sd=21 :42408 s=1 pgs=0 cs=0 l=1 c=0x4a3eb00).connect.authorizer_len=25 protocol=1 -238>
2015-07-14 16:14:15.515953 7f3ea74e3700 10 -- 172.16.0.50:6800/25422 >> 172.16.0.50:6801/15304 pipe(0x4ab5000 sd=18 :53011 s=2 pgs=17 cs=1 l=1 c=0x4a3e6e0).writer: state = open policy.server=0 -237>
2015-07-14 16:14:15.515924 7f3ea60dd700 10 -- 172.16.0.50:6800/25422 >> 172.16.5.170:6808/9971 pipe(0x4ab0000 sd=19 :44705 s=2 pgs=19 cs=1 l=1 c=0x4a3e580).reader got message 4 0x4a76b00 osd_op_reply(16 200.00000004 [delete] v0'0 uv3402 ondisk = -2 ((2) No such file or directory)) v6 -236>
2015-07-14 16:14:15.515951 7f3ea5dda700 10 -- 172.16.0.50:6800/25422 >> 172.16.5.222:6800/3627 pipe(0x4ad9000 sd=21 :42408 s=1 pgs=0 cs=0 l=1 c=0x4a3eb00).connect sending gseq=6 cseq=0 proto=24 -235>
2015-07-14 16:14:15.515971 7f3ea60dd700 1 -- 172.16.0.50:6800/25422 <== osd.7 172.16.5.170:6808/9971 4 ==== osd_op_reply(16 200.00000004 [delete] v0'0 uv3402 ondisk = -2 ((2) No such file or directory)) v6 ==== 179+0+0 (3547337967 0 0) 0x4a76b00 con 0x4a3e580 -234>
2015-07-14 16:14:15.515981 7f3ea63e0700 10 -- 172.16.0.50:6800/25422 >> 172.16.5.170:6808/9971 pipe(0x4ab0000 sd=19 :44705 s=2 pgs=19 cs=1 l=1 c=0x4a3e580).writer: state = open policy.server=0 -233>
2015-07-14 16:14:15.515996 7f3ea63e0700 10 -- 172.16.0.50:6800/25422 >> 172.16.5.170:6808/9971 pipe(0x4ab0000 sd=19 :44705 s=2 pgs=19 cs=1 l=1 c=0x4a3e580).write_ack 4 -232>
2015-07-14 16:14:15.516011 7f3ea60dd700 10 -- 172.16.0.50:6800/25422 dispatch_throttle_release 179 to dispatch throttler 179/104857600 -231>
2015-07-14 16:14:15.516010 7f3ea63e0700 10 -- 172.16.0.50:6800/25422 >> 172.16.5.170:6808/9971 pipe(0x4ab0000 sd=19 :44705 s=2 pgs=19 cs=1 l=1 c=0x4a3e580).writer: state = open policy.server=0 -230>
2015-07-14 16:14:15.516037 7f3ea5edb700 10 -- 172.16.0.50:6800/25422 >> 172.16.5.222:6804/13376 pipe(0x4ad4000 sd=20 :44210 s=2 pgs=69 cs=1 l=1 c=0x4a3e9a0).reader wants 179 from dispatch throttler 0/104857600 -229>
2015-07-14 16:14:15.516067 7f3ea5edb700 10 -- 172.16.0.50:6800/25422 >> 172.16.5.222:6804/13376 pipe(0x4ad4000 sd=20 :44210 s=2 pgs=69 cs=1 l=1 c=0x4a3e9a0).aborted = 0 -228>
2015-07-14 16:14:15.516093 7f3ea5edb700 10 -- 172.16.0.50:6800/25422 >> 172.16.5.222:6804/13376 pipe(0x4ad4000 sd=20 :44210 s=2 pgs=69 cs=1 l=1 c=0x4a3e9a0).reader got message 2 0x4a76840 osd_op_reply(14 200.00000002 [delete] v0'0 uv11656 ondisk = -2 ((2) No such file or directory)) v6 -227>
2015-07-14 16:14:15.516148 7f3ea5fdc700 10 -- 172.16.0.50:6800/25422 >> 172.16.5.222:6804/13376 pipe(0x4ad4000 sd=20 :44210 s=2 pgs=69 cs=1 l=1 c=0x4a3e9a0).writer: state = open policy.server=0 -226>
2015-07-14 16:14:15.516139 7f3ea5edb700 1 -- 172.16.0.50:6800/25422 <== osd.8 172.16.5.222:6804/13376 2 ==== osd_op_reply(14 200.00000002 [delete] v0'0 uv11656 ondisk = -2 ((2) No such file or directory)) v6 ==== 179+0+0 (690670509 0 0) 0x4a76840 con 0x4a3e9a0 -225>
2015-07-14 16:14:15.516167 7f3ea5fdc700 10 -- 172.16.0.50:6800/25422 >> 172.16.5.222:6804/13376 pipe(0x4ad4000 sd=20 :44210 s=2 pgs=69 cs=1 l=1 c=0x4a3e9a0).write_ack 2 -224>
2015-07-14 16:14:15.516188 7f3ea5edb700 10 -- 172.16.0.50:6800/25422 dispatch_throttle_release 179 to dispatch throttler 179/104857600 -223>
2015-07-14 16:14:15.516183 7f3ea5fdc700 10 -- 172.16.0.50:6800/25422 >> 172.16.5.222:6804/13376 pipe(0x4ad4000 sd=20 :44210 s=2 pgs=69 cs=1 l=1 c=0x4a3e9a0).writer: state = open policy.server=0 -222>
2015-07-14 16:14:15.516268 7f3ea5dda700 10 -- 172.16.0.50:6800/25422 >> 172.16.5.222:6800/3627 pipe(0x4ad9000 sd=21 :42408 s=2 pgs=81 cs=1 l=1 c=0x4a3eb00).connect success 1, lossy = 1, features 1125899906842623 -221>
2015-07-14 16:14:15.516325 7f3ea5edb700 10 -- 172.16.0.50:6800/25422 >> 172.16.5.222:6804/13376 pipe(0x4ad4000 sd=20 :44210 s=2 pgs=69 cs=1 l=1 c=0x4a3e9a0).reader wants 179 from dispatch throttler 0/104857600 -220>
2015-07-14 16:14:15.516354 7f3ea5edb700 10 -- 172.16.0.50:6800/25422 >> 172.16.5.222:6804/13376 pipe(0x4ad4000 sd=20 :44210 s=2 pgs=69 cs=1 l=1 c=0x4a3e9a0).aborted = 0 -219>
2015-07-14 16:14:15.516386 7f3ea5dda700 10 -- 172.16.0.50:6800/25422 >> 172.16.5.222:6800/3627 pipe(0x4ad9000 sd=21 :42408 s=2 pgs=81 cs=1 l=1 c=0x4a3eb00).writer: state = open policy.server=0 -218>
2015-07-14 16:14:15.516386 7f3ea5edb700 10 -- 172.16.0.50:6800/25422 >> 172.16.5.222:6804/13376 pipe(0x4ad4000 sd=20 :44210 s=2 pgs=69 cs=1 l=1 c=0x4a3e9a0).reader got message 3 0x4a76840 osd_op_reply(18 200.00000006 [delete] v0'0 uv8643 ondisk = -2 ((2) No such file or directory)) v6 -217>
2015-07-14 16:14:15.516413 7f3ea5edb700 1 -- 172.16.0.50:6800/25422 <== osd.8 172.16.5.222:6804/13376 3 ==== osd_op_reply(18 200.00000006 [delete] v0'0 uv8643 ondisk = -2 ((2) No such file or directory)) v6 ==== 179+0+0 (1264564127 0 0) 0x4a76840 con 0x4a3e9a0 -216>
2015-07-14 16:14:15.516428 7f3ea5fdc700 10 -- 172.16.0.50:6800/25422 >> 172.16.5.222:6804/13376 pipe(0x4ad4000 sd=20 :44210 s=2 pgs=69 cs=1 l=1 c=0x4a3e9a0).writer: state = open policy.server=0 -215>
2015-07-14 16:14:15.516454 7f3ea5edb700 10 -- 172.16.0.50:6800/25422 dispatch_throttle_release 179 to dispatch throttler 179/104857600 -214>
2015-07-14 16:14:15.516458 7f3ea5fdc700 10 -- 172.16.0.50:6800/25422 >> 172.16.5.222:6804/13376 pipe(0x4ad4000 sd=20 :44210 s=2 pgs=69 cs=1 l=1 c=0x4a3e9a0).write_ack 3 -213>
2015-07-14 16:14:15.516457 7f3ea5dda700 10 -- 172.16.0.50:6800/25422 >> 172.16.5.222:6800/3627 pipe(0x4ad9000 sd=21 :42408 s=2 pgs=81 cs=1 l=1 c=0x4a3eb00).writer: state = open policy.server=0 -212>
2015-07-14 16:14:15.516477 7f3ea5fdc700 10 -- 172.16.0.50:6800/25422 >> 172.16.5.222:6804/13376 pipe(0x4ad4000 sd=20 :44210 s=2 pgs=69 cs=1 l=1 c=0x4a3e9a0).writer: state = open policy.server=0 -211>
2015-07-14 16:14:15.519205 7f3ea5cd9700 10 -- 172.16.0.50:6800/25422 >> 172.16.5.222:6800/3627 pipe(0x4ad9000 sd=21 :42408 s=2 pgs=81 cs=1 l=1 c=0x4a3eb00).reader wants 179 from dispatch throttler 0/104857600 -210>
2015-07-14 16:14:15.519251 7f3ea5cd9700 10 -- 172.16.0.50:6800/25422 >> 172.16.5.222:6800/3627 pipe(0x4ad9000 sd=21 :42408 s=2 pgs=81 cs=1 l=1 c=0x4a3eb00).aborted = 0 -209>
2015-07-14 16:14:15.519277 7f3ea5cd9700 10 -- 172.16.0.50:6800/25422 >> 172.16.5.222:6800/3627 pipe(0x4ad9000 sd=21 :42408 s=2 pgs=81 cs=1 l=1 c=0x4a3eb00).reader got message 1 0x4a77340 osd_op_reply(17 200.00000005 [delete] v0'0 uv7448 ondisk = -2 ((2) No such file or directory)) v6 -208>
2015-07-14 16:14:15.519303 7f3ea5cd9700 1 -- 172.16.0.50:6800/25422 <== osd.4 172.16.5.222:6800/3627 1 ==== osd_op_reply(17 200.00000005 [delete] v0'0 uv7448 ondisk = -2 ((2) No such file or directory)) v6 ==== 179+0+0 (74902788 0 0) 0x4a77340 con 0x4a3eb00 -207>
2015-07-14 16:14:15.519336 7f3ea5cd9700 10 -- 172.16.0.50:6800/25422 dispatch_throttle_release 179 to dispatch throttler 179/104857600 -206>
2015-07-14 16:14:15.519321 7f3ea5dda700 10 -- 172.16.0.50:6800/25422 >> 172.16.5.222:6800/3627 pipe(0x4ad9000 sd=21 :42408 s=2 pgs=81 cs=1 l=1 c=0x4a3eb00).writer: state = open policy.server=0 -205>
2015-07-14 16:14:15.519360 7f3ea5dda700 10 -- 172.16.0.50:6800/25422 >> 172.16.5.222:6800/3627 pipe(0x4ad9000 sd=21 :42408 s=2 pgs=81 cs=1 l=1 c=0x4a3eb00).write_ack 1 -204>
2015-07-14 16:14:15.519390 7f3ea5dda700 10 -- 172.16.0.50:6800/25422 >> 172.16.5.222:6800/3627 pipe(0x4ad9000 sd=21 :42408 s=2 pgs=81 cs=1 l=1 c=0x4a3eb00).writer: state = open policy.server=0 -203>
2015-07-14 16:14:16.572942 7f3ea96e9700 10 -- 172.16.0.50:6800/25422 >> 172.16.5.170:6789/0 pipe(0x4a7e000 sd=8 :36805 s=2 pgs=6011 cs=1 l=1 c=0x4a3e160).reader wants 680 from dispatch throttler 0/104857600 -202>
2015-07-14 16:14:16.572985 7f3ea96e9700 10 -- 172.16.0.50:6800/25422 >> 172.16.5.170:6789/0 pipe(0x4a7e000 sd=8 :36805 s=2 pgs=6011 cs=1 l=1 c=0x4a3e160).aborted = 0 -201>
2015-07-14 16:14:16.573003 7f3ea96e9700 10 -- 172.16.0.50:6800/25422 >> 172.16.5.170:6789/0 pipe(0x4a7e000 sd=8 :36805 s=2 pgs=6011 cs=1 l=1 c=0x4a3e160).No session security set -200>
2015-07-14 16:14:16.573019 7f3ea96e9700 10 -- 172.16.0.50:6800/25422 >> 172.16.5.170:6789/0 pipe(0x4a7e000 sd=8 :36805 s=2 pgs=6011 cs=1 l=1 c=0x4a3e160).reader got message 17 0x4aeb200 mdsmap(e 513) v1 -199>
2015-07-14 16:14:16.573065 7f3eb13d8700 10 -- 172.16.0.50:6800/25422 >> 172.16.5.170:6789/0 pipe(0x4a7e000 sd=8 :36805 s=2 pgs=6011 cs=1 l=1 c=0x4a3e160).writer: state = open policy.server=0 -198>
2015-07-14 16:14:16.573095 7f3eb13d8700 10 -- 172.16.0.50:6800/25422 >> 172.16.5.170:6789/0 pipe(0x4a7e000 sd=8 :36805 s=2 pgs=6011 cs=1 l=1 c=0x4a3e160).write_ack 17 -197>
2015-07-14 16:14:16.573117 7f3eb13d8700 10 -- 172.16.0.50:6800/25422 >> 172.16.5.170:6789/0 pipe(0x4a7e000 sd=8 :36805 s=2 pgs=6011 cs=1 l=1 c=0x4a3e160).writer: state = open policy.server=0 -196>
2015-07-14 16:14:16.573109 7f3eac6ef700 1 -- 172.16.0.50:6800/25422 <== mon.2 172.16.5.170:6789/0 17 ==== mdsmap(e 513) v1 ==== 680+0+0 (555836137 0 0) 0x4aeb200 con 0x4a3e160 -195>
2015-07-14 16:14:16.573144 7f3eac6ef700 5 mds.0.80 handle_mds_map epoch 513 from mon.2 -194>
2015-07-14 16:14:16.573197 7f3eac6ef700 1 mds.0.80 handle_mds_map i am now mds.0.80 -193>
2015-07-14 16:14:16.573230 7f3eac6ef700 1 mds.0.80 handle_mds_map state change up:replay --> up:reconnect -192>
2015-07-14 16:14:16.573234 7f3eac6ef700 1 mds.0.80 reconnect_start -191>
2015-07-14 16:14:16.573237 7f3eac6ef700 1 mds.0.80 reopen_log -190>
2015-07-14 16:14:16.573252 7f3eac6ef700 1 mds.0.server reconnect_clients -- 6 sessions -189>
2015-07-14 16:14:16.573312 7f3eac6ef700 5 mds.0.bal rebalance done -188>
2015-07-14 16:14:16.573341 7f3eac6ef700 10 -- 172.16.0.50:6800/25422 dispatch_throttle_release 680 to dispatch throttler 680/104857600 -187>
2015-07-14 16:14:18.031180 7f3eaaeec700 10 monclient: tick -186>
2015-07-14 16:14:18.031206 7f3eaaeec700 10 monclient: _check_auth_rotating renewing rotating keys (they expired before
2015-07-14 16:13:48.031203) -185>
2015-07-14 16:14:18.031240 7f3eaaeec700 10 monclient: renew subs? (now:
2015-07-14 16:14:18.031239; renew after:
2015-07-14 16:16:45.170498) -- no -184>
2015-07-14 16:14:18.031306 7f3eb13d8700 10 -- 172.16.0.50:6800/25422 >> 172.16.5.170:6789/0 pipe(0x4a7e000 sd=8 :36805 s=2 pgs=6011 cs=1 l=1 c=0x4a3e160).writer: state = open policy.server=0 -183>
2015-07-14 16:14:18.031346 7f3eb13d8700 10 -- 172.16.0.50:6800/25422 >> 172.16.5.170:6789/0 pipe(0x4a7e000 sd=8 :36805 s=2 pgs=6011 cs=1 l=1 c=0x4a3e160).write_keepalive2 14
2015-07-14 16:14:18.031345 -182>
2015-07-14 16:14:18.031394 7f3eb13d8700 10 -- 172.16.0.50:6800/25422 >> 172.16.5.170:6789/0 pipe(0x4a7e000 sd=8 :36805 s=2 pgs=6011 cs=1 l=1 c=0x4a3e160).writer: state = open policy.server=0 -181>
2015-07-14 16:14:19.515467 7f3ea8de7700 10 monclient: _send_mon_message to mon.cloudCode04 at 172.16.5.170:6789/0 -180>
2015-07-14 16:14:19.515498 7f3ea8de7700 1 -- 172.16.0.50:6800/25422 --> 172.16.5.170:6789/0 -- mdsbeacon(94247/codetest up:reconnect seq 3 v513) v3 -- ?+0 0x4a96000 con 0x4a3e160 -179>
2015-07-14 16:14:19.515592 7f3eb13d8700 10 -- 172.16.0.50:6800/25422 >> 172.16.5.170:6789/0 pipe(0x4a7e000 sd=8 :36805 s=2 pgs=6011 cs=1 l=1 c=0x4a3e160).writer: state = open policy.server=0 -178>
2015-07-14 16:14:19.515722 7f3eb13d8700 10 -- 172.16.0.50:6800/25422 >> 172.16.5.170:6789/0 pipe(0x4a7e000 sd=8 :36805 s=2 pgs=6011 cs=1 l=1 c=0x4a3e160).writer: state = open policy.server=0 -177>
2015-07-14 16:14:19.517596 7f3ea96e9700 10 -- 172.16.0.50:6800/25422 >> 172.16.5.170:6789/0 pipe(0x4a7e000 sd=8 :36805 s=2 pgs=6011 cs=1 l=1 c=0x4a3e160).reader wants 120 from dispatch throttler 0/104857600 -176>
2015-07-14 16:14:19.517629 7f3ea96e9700 10 -- 172.16.0.50:6800/25422 >> 172.16.5.170:6789/0 pipe(0x4a7e000 sd=8 :36805 s=2 pgs=6011 cs=1 l=1 c=0x4a3e160).aborted = 0 -175>
2015-07-14 16:14:19.517648 7f3ea96e9700 10 -- 172.16.0.50:6800/25422 >> 172.16.5.170:6789/0 pipe(0x4a7e000 sd=8 :36805 s=2 pgs=6011 cs=1 l=1 c=0x4a3e160).No session security set -174>
2015-07-14 16:14:19.517659 7f3ea96e9700 10 -- 172.16.0.50:6800/25422 >> 172.16.5.170:6789/0 pipe(0x4a7e000 sd=8 :36805 s=2 pgs=6011 cs=1 l=1 c=0x4a3e160).reader got message 18 0x4a96900 mdsbeacon(94247/codetest up:reconnect seq 3 v513) v3 -173>
2015-07-14 16:14:19.517695 7f3eb13d8700 10 -- 172.16.0.50:6800/25422 >> 172.16.5.170:6789/0 pipe(0x4a7e000 sd=8 :36805 s=2 pgs=6011 cs=1 l=1 c=0x4a3e160).writer: state = open policy.server=0 -172>
2015-07-14 16:14:19.517716 7f3eb13d8700 10 -- 172.16.0.50:6800/25422 >> 172.16.5.170:6789/0 pipe(0x4a7e000 sd=8 :36805 s=2 pgs=6011 cs=1 l=1 c=0x4a3e160).write_ack 18 -171>
2015-07-14 16:14:19.517734 7f3eb13d8700 10 -- 172.16.0.50:6800/25422 >> 172.16.5.170:6789/0 pipe(0x4a7e000 sd=8 :36805 s=2 pgs=6011 cs=1 l=1 c=0x4a3e160).writer: state = open policy.server=0 -170>
2015-07-14 16:14:19.517744 7f3eac6ef700 1 -- 172.16.0.50:6800/25422 <== mon.2 172.16.5.170:6789/0 18 ==== mdsbeacon(94247/codetest up:reconnect seq 3 v513) v3 ==== 120+0+0 (482147640 0 0) 0x4a96900 con 0x4a3e160 -169>
2015-07-14 16:14:19.517804 7f3eac6ef700 10 -- 172.16.0.50:6800/25422 dispatch_throttle_release 120 to dispatch throttler 120/104857600 -168>
2015-07-14 16:14:23.515558 7f3ea8de7700 10 monclient: _send_mon_message to mon.cloudCode04 at 172.16.5.170:6789/0 -167>
2015-07-14 16:14:23.515583 7f3ea8de7700 1 -- 172.16.0.50:6800/25422 --> 172.16.5.170:6789/0 -- mdsbeacon(94247/codetest up:reconnect seq 4 v513) v3 -- ?+0 0x4a96f00 con 0x4a3e160 -166>
2015-07-14 16:14:23.515657 7f3eb13d8700 10 -- 172.16.0.50:6800/25422 >> 172.16.5.170:6789/0 pipe(0x4a7e000 sd=8 :36805 s=2 pgs=6011 cs=1 l=1 c=0x4a3e160).writer: state = open policy.server=0 -165>
2015-07-14 16:14:23.515742 7f3eb13d8700 10 -- 172.16.0.50:6800/25422 >> 172.16.5.170:6789/0 pipe(0x4a7e000 sd=8 :36805 s=2 pgs=6011 cs=1 l=1 c=0x4a3e160).writer: state = open policy.server=0 -164>
2015-07-14 16:14:23.517375 7f3ea96e9700 10 -- 172.16.0.50:6800/25422 >> 172.16.5.170:6789/0 pipe(0x4a7e000 sd=8 :36805 s=2 pgs=6011 cs=1 l=1 c=0x4a3e160).reader wants 120 from dispatch throttler 0/104857600 -163>
2015-07-14 16:14:23.517417 7f3ea96e9700 10 -- 172.16.0.50:6800/25422 >> 172.16.5.170:6789/0 pipe(0x4a7e000 sd=8 :36805 s=2 pgs=6011 cs=1 l=1 c=0x4a3e160).aborted = 0 -162>
2015-07-14 16:14:23.517439 7f3ea96e9700 10 -- 172.16.0.50:6800/25422 >> 172.16.5.170:6789/0 pipe(0x4a7e000 sd=8 :36805 s=2 pgs=6011 cs=1 l=1 c=0x4a3e160).No session security set -161>
2015-07-14 16:14:23.517477 7f3ea96e9700 10 -- 172.16.0.50:6800/25422 >> 172.16.5.170:6789/0 pipe(0x4a7e000 sd=8 :36805 s=2 pgs=6011 cs=1 l=1 c=0x4a3e160).reader got message 19 0x4a97500 mdsbeacon(94247/codetest up:reconnect seq 4 v513) v3 -160>
2015-07-14 16:14:23.517517 7f3eb13d8700 10 -- 172.16.0.50:6800/25422 >> 172.16.5.170:6789/0 pipe(0x4a7e000 sd=8 :36805 s=2 pgs=6011 cs=1 l=1 c=0x4a3e160).writer: state = open policy.server=0 -159>
2015-07-14 16:14:23.517548 7f3eb13d8700 10 -- 172.16.0.50:6800/25422 >> 172.16.5.170:6789/0 pipe(0x4a7e000 sd=8 :36805 s=2 pgs=6011 cs=1 l=1 c=0x4a3e160).write_ack 19 -158>
2015-07-14 16:14:23.517568 7f3eb13d8700 10 -- 172.16.0.50:6800/25422 >> 172.16.5.170:6789/0 pipe(0x4a7e000 sd=8 :36805 s=2 pgs=6011 cs=1 l=1 c=0x4a3e160).writer: state = open policy.server=0 -157>
2015-07-14 16:14:23.517564 7f3eac6ef700 1 -- 172.16.0.50:6800/25422 <== mon.2 172.16.5.170:6789/0 19 ==== mdsbeacon(94247/codetest up:reconnect seq 4 v513) v3 ==== 120+0+0 (4023399599 0 0) 0x4a97500 con 0x4a3e160 -156>
2015-07-14 16:14:23.517601 7f3eac6ef700 10 -- 172.16.0.50:6800/25422 dispatch_throttle_release 120 to dispatch throttler 120/104857600 -155>
2015-07-14 16:14:27.515637 7f3ea8de7700 10 monclient: _send_mon_message to mon.cloudCode04 at 172.16.5.170:6789/0 -154>
2015-07-14 16:14:27.515663 7f3ea8de7700 1 -- 172.16.0.50:6800/25422 --> 172.16.5.170:6789/0 -- mdsbeacon(94247/codetest up:reconnect seq 5 v513) v3 -- ?+0 0x4a96c00 con 0x4a3e160 -153>
2015-07-14 16:14:27.515698 7f3eb13d8700 10 -- 172.16.0.50:6800/25422 >> 172.16.5.170:6789/0 pipe(0x4a7e000 sd=8 :36805 s=2 pgs=6011 cs=1 l=1 c=0x4a3e160).writer: state = open policy.server=0 -152>
2015-07-14 16:14:27.515782 7f3eb13d8700 10 -- 172.16.0.50:6800/25422 >> 172.16.5.170:6789/0 pipe(0x4a7e000 sd=8 :36805 s=2 pgs=6011 cs=1 l=1 c=0x4a3e160).writer: state = open policy.server=0 -151>
2015-07-14 16:14:27.517403 7f3ea96e9700 10 -- 172.16.0.50:6800/25422 >> 172.16.5.170:6789/0 pipe(0x4a7e000 sd=8 :36805 s=2 pgs=6011 cs=1 l=1 c=0x4a3e160).reader wants 120 from dispatch throttler 0/104857600 -150>
2015-07-14 16:14:27.517446 7f3ea96e9700 10 -- 172.16.0.50:6800/25422 >> 172.16.5.170:6789/0 pipe(0x4a7e000 sd=8 :36805 s=2 pgs=6011 cs=1 l=1 c=0x4a3e160).aborted = 0 -149>
2015-07-14 16:14:27.517468 7f3ea96e9700 10 -- 172.16.0.50:6800/25422 >> 172.16.5.170:6789/0 pipe(0x4a7e000 sd=8 :36805 s=2 pgs=6011 cs=1 l=1 c=0x4a3e160).No session security set -148>
2015-07-14 16:14:27.517482 7f3ea96e9700 10 -- 172.16.0.50:6800/25422 >> 172.16.5.170:6789/0 pipe(0x4a7e000 sd=8 :36805 s=2 pgs=6011 cs=1 l=1 c=0x4a3e160).reader got message 20 0x4a97200 mdsbeacon(94247/codetest up:reconnect seq 5 v513) v3 -147>
2015-07-14 16:14:27.517524 7f3eb13d8700 10 -- 172.16.0.50:6800/25422 >> 172.16.5.170:6789/0 pipe(0x4a7e000 sd=8 :36805 s=2 pgs=6011 cs=1 l=1 c=0x4a3e160).writer: state = open policy.server=0 -146>
2015-07-14 16:14:27.517554 7f3eb13d8700 10 -- 172.16.0.50:6800/25422 >> 172.16.5.170:6789/0 pipe(0x4a7e000 sd=8 :36805 s=2 pgs=6011 cs=1 l=1 c=0x4a3e160).write_ack 20 -145>
2015-07-14 16:14:27.517577 7f3eb13d8700 10 -- 172.16.0.50:6800/25422 >> 172.16.5.170:6789/0 pipe(0x4a7e000 sd=8 :36805 s=2 pgs=6011 cs=1 l=1 c=0x4a3e160).writer: state = open policy.server=0 -144>
2015-07-14 16:14:27.517566 7f3eac6ef700 1 -- 172.16.0.50:6800/25422 <== mon.2 172.16.5.170:6789/0 20 ==== mdsbeacon(94247/codetest up:reconnect seq 5 v513) v3 ==== 120+0+0 (288838920 0 0) 0x4a97200 con 0x4a3e160 -143>
2015-07-14 16:14:27.517603 7f3eac6ef700 10 -- 172.16.0.50:6800/25422 dispatch_throttle_release 120 to dispatch throttler 120/104857600 -142>
2015-07-14 16:14:28.031328 7f3eaaeec700 10 monclient: tick -141>
2015-07-14 16:14:28.031350 7f3eaaeec700 10 monclient: _check_auth_rotating renewing rotating keys (they expired before
2015-07-14 16:13:58.031348) -140>
2015-07-14 16:14:28.031372 7f3eaaeec700 10 monclient: renew subs? (now:
2015-07-14 16:14:28.031371; renew after:
2015-07-14 16:16:45.170498) -- no -139>
2015-07-14 16:14:28.031432 7f3eb13d8700 10 -- 172.16.0.50:6800/25422 >> 172.16.5.170:6789/0 pipe(0x4a7e000 sd=8 :36805 s=2 pgs=6011 cs=1 l=1 c=0x4a3e160).writer: state = open policy.server=0 -138>
2015-07-14 16:14:28.031470 7f3eb13d8700 10 -- 172.16.0.50:6800/25422 >> 172.16.5.170:6789/0 pipe(0x4a7e000 sd=8 :36805 s=2 pgs=6011 cs=1 l=1 c=0x4a3e160).write_keepalive2 14
2015-07-14 16:14:28.031468 -137>
2015-07-14 16:14:28.031563 7f3eb13d8700 10 -- 172.16.0.50:6800/25422 >> 172.16.5.170:6789/0 pipe(0x4a7e000 sd=8 :36805 s=2 pgs=6011 cs=1 l=1 c=0x4a3e160).writer: state = open policy.server=0 -136>
2015-07-14 16:14:31.515722 7f3ea8de7700 10 monclient: _send_mon_message to mon.cloudCode04 at 172.16.5.170:6789/0 -135>
2015-07-14 16:14:31.515749 7f3ea8de7700 1 -- 172.16.0.50:6800/25422 --> 172.16.5.170:6789/0 -- mdsbeacon(94247/codetest up:reconnect seq 6 v513) v3 -- ?+0 0x4a96c00 con 0x4a3e160 -134>
2015-07-14 16:14:31.515786 7f3eb13d8700 10 -- 172.16.0.50:6800/25422 >> 172.16.5.170:6789/0 pipe(0x4a7e000 sd=8 :36805 s=2 pgs=6011 cs=1 l=1 c=0x4a3e160).writer: state = open policy.server=0 -133>
2015-07-14 16:14:31.515863 7f3eb13d8700 10 -- 172.16.0.50:6800/25422 >> 172.16.5.170:6789/0 pipe(0x4a7e000 sd=8 :36805 s=2 pgs=6011 cs=1 l=1 c=0x4a3e160).writer: state = open policy.server=0 -132>
2015-07-14 16:14:31.517419 7f3ea96e9700 10 -- 172.16.0.50:6800/25422 >> 172.16.5.170:6789/0 pipe(0x4a7e000 sd=8 :36805 s=2 pgs=6011 cs=1 l=1 c=0x4a3e160).reader wants 120 from dispatch throttler 0/104857600 -131>
2015-07-14 16:14:31.517460 7f3ea96e9700 10 -- 172.16.0.50:6800/25422 >> 172.16.5.170:6789/0 pipe(0x4a7e000 sd=8 :36805 s=2 pgs=6011 cs=1 l=1 c=0x4a3e160).aborted = 0 -130>
2015-07-14 16:14:31.517482 7f3ea96e9700 10 -- 172.16.0.50:6800/25422 >> 172.16.5.170:6789/0 pipe(0x4a7e000 sd=8 :36805 s=2 pgs=6011 cs=1 l=1 c=0x4a3e160).No session security set -129>
2015-07-14 16:14:31.517497 7f3ea96e9700 10 -- 172.16.0.50:6800/25422 >> 172.16.5.170:6789/0 pipe(0x4a7e000 sd=8 :36805 s=2 pgs=6011 cs=1 l=1 c=0x4a3e160).reader got message 21 0x4a97b00 mdsbeacon(94247/codetest up:reconnect seq 6 v513) v3 -128>
2015-07-14 16:14:31.517534 7f3eb13d8700 10 -- 172.16.0.50:6800/25422 >> 172.16.5.170:6789/0 pipe(0x4a7e000 sd=8 :36805 s=2 pgs=6011 cs=1 l=1 c=0x4a3e160).writer: state = open policy.server=0 -127>
2015-07-14 16:14:31.517549 7f3eb13d8700 10 -- 172.16.0.50:6800/25422 >> 172.16.5.170:6789/0 pipe(0x4a7e000 sd=8 :36805 s=2 pgs=6011 cs=1 l=1 c=0x4a3e160).write_ack 21 -126>
2015-07-14 16:14:31.517564 7f3eb13d8700 10 -- 172.16.0.50:6800/25422 >> 172.16.5.170:6789/0 pipe(0x4a7e000 sd=8 :36805 s=2 pgs=6011 cs=1 l=1 c=0x4a3e160).writer: state = open policy.server=0 -125>
2015-07-14 16:14:31.517582 7f3eac6ef700 1 -- 172.16.0.50:6800/25422 <== mon.2 172.16.5.170:6789/0 21 ==== mdsbeacon(94247/codetest up:reconnect seq 6 v513) v3 ==== 120+0+0 (401768720 0 0) 0x4a97b00 con 0x4a3e160 -124>
2015-07-14 16:14:31.517620 7f3eac6ef700 10 -- 172.16.0.50:6800/25422 dispatch_throttle_release 120 to dispatch throttler 120/104857600 -123>
2015-07-14 16:14:35.515803 7f3ea8de7700 10 monclient: _send_mon_message to mon.cloudCode04 at 172.16.5.170:6789/0 -122>
2015-07-14 16:14:35.515829 7f3ea8de7700 1 -- 172.16.0.50:6800/25422 --> 172.16.5.170:6789/0 -- mdsbeacon(94247/codetest up:reconnect seq 7 v513) v3 -- ?+0 0x4a96f00 con 0x4a3e160 -121>
2015-07-14 16:14:35.515894 7f3eb13d8700 10 -- 172.16.0.50:6800/25422 >> 172.16.5.170:6789/0 pipe(0x4a7e000 sd=8 :36805 s=2 pgs=6011 cs=1 l=1 c=0x4a3e160).writer: state = open policy.server=0 -120>
2015-07-14 16:14:35.515997 7f3eb13d8700 10 -- 172.16.0.50:6800/25422 >> 172.16.5.170:6789/0 pipe(0x4a7e000 sd=8 :36805 s=2 pgs=6011 cs=1 l=1 c=0x4a3e160).writer: state = open policy.server=0 -119>
2015-07-14 16:14:35.517577 7f3ea96e9700 10 -- 172.16.0.50:6800/25422 >> 172.16.5.170:6789/0 pipe(0x4a7e000 sd=8 :36805 s=2 pgs=6011 cs=1 l=1 c=0x4a3e160).reader wants 120 from dispatch throttler 0/104857600 -118>
2015-07-14 16:14:35.517623 7f3ea96e9700 10 -- 172.16.0.50:6800/25422 >> 172.16.5.170:6789/0 pipe(0x4a7e000 sd=8 :36805 s=2 pgs=6011 cs=1 l=1 c=0x4a3e160).aborted = 0 -117>
2015-07-14 16:14:35.517645 7f3ea96e9700 10 -- 172.16.0.50:6800/25422 >> 172.16.5.170:6789/0 pipe(0x4a7e000 sd=8 :36805 s=2 pgs=6011 cs=1 l=1 c=0x4a3e160).No session security set -116>
2015-07-14 16:14:35.517659 7f3ea96e9700 10 -- 172.16.0.50:6800/25422 >> 172.16.5.170:6789/0 pipe(0x4a7e000 sd=8 :36805 s=2 pgs=6011 cs=1 l=1 c=0x4a3e160).reader got message 22 0x4a97800 mdsbeacon(94247/codetest up:reconnect seq 7 v513) v3 -115>
2015-07-14 16:14:35.517698 7f3eb13d8700 10 -- 172.16.0.50:6800/25422 >> 172.16.5.170:6789/0 pipe(0x4a7e000 sd=8 :36805 s=2 pgs=6011 cs=1 l=1 c=0x4a3e160).writer: state = open policy.server=0 -114>
2015-07-14 16:14:35.517729 7f3eb13d8700 10 -- 172.16.0.50:6800/25422 >> 172.16.5.170:6789/0 pipe(0x4a7e000 sd=8 :36805 s=2 pgs=6011 cs=1 l=1 c=0x4a3e160).write_ack 22 -113>
2015-07-14 16:14:35.517750 7f3eb13d8700 10 -- 172.16.0.50:6800/25422 >> 172.16.5.170:6789/0 pipe(0x4a7e000 sd=8 :36805 s=2 pgs=6011 cs=1 l=1 c=0x4a3e160).writer: state = open policy.server=0 -112>
2015-07-14 16:14:35.517736 7f3eac6ef700 1 -- 172.16.0.50:6800/25422 <== mon.2 172.16.5.170:6789/0 22 ==== mdsbeacon(94247/codetest up:reconnect seq 7 v513) v3 ==== 120+0+0 (3910525111 0 0) 0x4a97800 con 0x4a3e160 -111>
2015-07-14 16:14:35.517776 7f3eac6ef700 10 -- 172.16.0.50:6800/25422 dispatch_throttle_release 120 to dispatch throttler 120/104857600 -110>
2015-07-14 16:14:38.031471 7f3eaaeec700 10 monclient: tick -109>
2015-07-14 16:14:38.031504 7f3eaaeec700 10 monclient: _check_auth_rotating renewing rotating keys (they expired before
2015-07-14 16:14:08.031502) -108>
2015-07-14 16:14:38.031565 7f3eaaeec700 10 monclient: renew subs? (now:
2015-07-14 16:14:38.031564; renew after:
2015-07-14 16:16:45.170498) -- no -107>
2015-07-14 16:14:38.031639 7f3eb13d8700 10 -- 172.16.0.50:6800/25422 >> 172.16.5.170:6789/0 pipe(0x4a7e000 sd=8 :36805 s=2 pgs=6011 cs=1 l=1 c=0x4a3e160).writer: state = open policy.server=0 -106>
2015-07-14 16:14:38.031696 7f3eb13d8700 10 -- 172.16.0.50:6800/25422 >> 172.16.5.170:6789/0 pipe(0x4a7e000 sd=8 :36805 s=2 pgs=6011 cs=1 l=1 c=0x4a3e160).write_keepalive2 14
2015-07-14 16:14:38.031695 -105>
2015-07-14 16:14:38.031751 7f3eb13d8700 10 -- 172.16.0.50:6800/25422 >> 172.16.5.170:6789/0 pipe(0x4a7e000 sd=8 :36805 s=2 pgs=6011 cs=1 l=1 c=0x4a3e160).writer: state = open policy.server=0 -104>
2015-07-14 16:14:39.515890 7f3ea8de7700 10 monclient: _send_mon_message to mon.cloudCode04 at 172.16.5.170:6789/0 -103>
2015-07-14 16:14:39.515916 7f3ea8de7700 1 -- 172.16.0.50:6800/25422 --> 172.16.5.170:6789/0 -- mdsbeacon(94247/codetest up:reconnect seq 8 v513) v3 -- ?+0 0x4a96000 con 0x4a3e160 -102>
2015-07-14 16:14:39.515994 7f3eb13d8700 10 -- 172.16.0.50:6800/25422 >> 172.16.5.170:6789/0 pipe(0x4a7e000 sd=8 :36805 s=2 pgs=6011 cs=1 l=1 c=0x4a3e160).writer: state = open policy.server=0 -101>
2015-07-14 16:14:39.516095 7f3eb13d8700 10 -- 172.16.0.50:6800/25422 >> 172.16.5.170:6789/0 pipe(0x4a7e000 sd=8 :36805 s=2 pgs=6011 cs=1 l=1 c=0x4a3e160).writer: state = open policy.server=0 -100>
2015-07-14 16:14:39.517857 7f3ea96e9700 10 -- 172.16.0.50:6800/25422 >> 172.16.5.170:6789/0 pipe(0x4a7e000 sd=8 :36805 s=2 pgs=6011 cs=1 l=1 c=0x4a3e160).reader wants 120 from dispatch throttler 0/104857600 -99>
2015-07-14 16:14:39.517904 7f3ea96e9700 10 -- 172.16.0.50:6800/25422 >> 172.16.5.170:6789/0 pipe(0x4a7e000 sd=8 :36805 s=2 pgs=6011 cs=1 l=1 c=0x4a3e160).aborted = 0 -98>
2015-07-14 16:14:39.517952 7f3ea96e9700 10 -- 172.16.0.50:6800/25422 >> 172.16.5.170:6789/0 pipe(0x4a7e000 sd=8 :36805 s=2 pgs=6011 cs=1 l=1 c=0x4a3e160).No session security set -97>
2015-07-14 16:14:39.517968 7f3ea96e9700 10 -- 172.16.0.50:6800/25422 >> 172.16.5.170:6789/0 pipe(0x4a7e000 sd=8 :36805 s=2 pgs=6011 cs=1 l=1 c=0x4a3e160).reader got message 23 0x4b3c900 mdsbeacon(94247/codetest up:reconnect seq 8 v513) v3 -96>
2015-07-14 16:14:39.518009 7f3eb13d8700 10 -- 172.16.0.50:6800/25422 >> 172.16.5.170:6789/0 pipe(0x4a7e000 sd=8 :36805 s=2 pgs=6011 cs=1 l=1 c=0x4a3e160).writer: state = open policy.server=0 -95>
2015-07-14 16:14:39.518040 7f3eb13d8700 10 -- 172.16.0.50:6800/25422 >> 172.16.5.170:6789/0 pipe(0x4a7e000 sd=8 :36805 s=2 pgs=6011 cs=1 l=1 c=0x4a3e160).write_ack 23 -94>
2015-07-14 16:14:39.518061 7f3eb13d8700 10 -- 172.16.0.50:6800/25422 >> 172.16.5.170:6789/0 pipe(0x4a7e000 sd=8 :36805 s=2 pgs=6011 cs=1 l=1 c=0x4a3e160).writer: state = open policy.server=0 -93>
2015-07-14 16:14:39.518058 7f3eac6ef700 1 -- 172.16.0.50:6800/25422 <== mon.2 172.16.5.170:6789/0 23 ==== mdsbeacon(94247/codetest up:reconnect seq 8 v513) v3 ==== 120+0+0 (4106708175 0 0) 0x4b3c900 con 0x4a3e160 -92>
2015-07-14 16:14:39.518094 7f3eac6ef700 10 -- 172.16.0.50:6800/25422 dispatch_throttle_release 120 to dispatch throttler 120/104857600 -91>
2015-07-14 16:14:43.515978 7f3ea8de7700 10 monclient: _send_mon_message to mon.cloudCode04 at 172.16.5.170:6789/0 -90>
2015-07-14 16:14:43.516003 7f3ea8de7700 1 -- 172.16.0.50:6800/25422 --> 172.16.5.170:6789/0 -- mdsbeacon(94247/codetest up:reconnect seq 9 v513) v3 -- ?+0 0x4b3d500 con 0x4a3e160 -89>
2015-07-14 16:14:43.516078 7f3eb13d8700 10 -- 172.16.0.50:6800/25422 >> 172.16.5.170:6789/0 pipe(0x4a7e000 sd=8 :36805 s=2 pgs=6011 cs=1 l=1 c=0x4a3e160).writer: state = open policy.server=0 -88>
2015-07-14 16:14:43.516176 7f3eb13d8700 10 -- 172.16.0.50:6800/25422 >> 172.16.5.170:6789/0 pipe(0x4a7e000 sd=8 :36805 s=2 pgs=6011 cs=1 l=1 c=0x4a3e160).writer: state = open policy.server=0 -87>
2015-07-14 16:14:43.517877 7f3ea96e9700 10 -- 172.16.0.50:6800/25422 >> 172.16.5.170:6789/0 pipe(0x4a7e000 sd=8 :36805 s=2 pgs=6011 cs=1 l=1 c=0x4a3e160).reader wants 120 from dispatch throttler 0/104857600 -86>
2015-07-14 16:14:43.517921 7f3ea96e9700 10 -- 172.16.0.50:6800/25422 >> 172.16.5.170:6789/0 pipe(0x4a7e000 sd=8 :36805 s=2 pgs=6011 cs=1 l=1 c=0x4a3e160).aborted = 0 -85>
2015-07-14 16:14:43.517942 7f3ea96e9700 10 -- 172.16.0.50:6800/25422 >> 172.16.5.170:6789/0 pipe(0x4a7e000 sd=8 :36805 s=2 pgs=6011 cs=1 l=1 c=0x4a3e160).No session security set -84>
2015-07-14 16:14:43.517956 7f3ea96e9700 10 -- 172.16.0.50:6800/25422 >> 172.16.5.170:6789/0 pipe(0x4a7e000 sd=8 :36805 s=2 pgs=6011 cs=1 l=1 c=0x4a3e160).reader got message 24 0x4b3c600 mdsbeacon(94247/codetest up:reconnect seq 9 v513) v3 -83>
2015-07-14 16:14:43.517996 7f3eb13d8700 10 -- 172.16.0.50:6800/25422 >> 172.16.5.170:6789/0 pipe(0x4a7e000 sd=8 :36805 s=2 pgs=6011 cs=1 l=1 c=0x4a3e160).writer: state = open policy.server=0 -82>
2015-07-14 16:14:43.518027 7f3eb13d8700 10 -- 172.16.0.50:6800/25422 >> 172.16.5.170:6789/0 pipe(0x4a7e000 sd=8 :36805 s=2 pgs=6011 cs=1 l=1 c=0x4a3e160).write_ack 24 -81>
2015-07-14 16:14:43.518047 7f3eb13d8700 10 -- 172.16.0.50:6800/25422 >> 172.16.5.170:6789/0 pipe(0x4a7e000 sd=8 :36805 s=2 pgs=6011 cs=1 l=1 c=0x4a3e160).writer: state = open policy.server=0 -80>
2015-07-14 16:14:43.518043 7f3eac6ef700 1 -- 172.16.0.50:6800/25422 <== mon.2 172.16.5.170:6789/0 24 ==== mdsbeacon(94247/codetest up:reconnect seq 9 v513) v3 ==== 120+0+0 (169870696 0 0) 0x4b3c600 con 0x4a3e160 -79>
2015-07-14 16:14:43.518096 7f3eac6ef700 10 -- 172.16.0.50:6800/25422 dispatch_throttle_release 120 to dispatch throttler 120/104857600 -78>
2015-07-14 16:14:47.516054 7f3ea8de7700 10 monclient: _send_mon_message to mon.cloudCode04 at 172.16.5.170:6789/0 -77>
2015-07-14 16:14:47.516088 7f3ea8de7700 1 -- 172.16.0.50:6800/25422 --> 172.16.5.170:6789/0 -- mdsbeacon(94247/codetest up:reconnect seq 10 v513) v3 -- ?+0 0x4b3d200 con 0x4a3e160 -76>
2015-07-14 16:14:47.516161 7f3eb13d8700 10 -- 172.16.0.50:6800/25422 >> 172.16.5.170:6789/0 pipe(0x4a7e000 sd=8 :36805 s=2 pgs=6011 cs=1 l=1 c=0x4a3e160).writer: state = open policy.server=0 -75>
2015-07-14 16:14:47.516270 7f3eb13d8700 10 -- 172.16.0.50:6800/25422 >> 172.16.5.170:6789/0 pipe(0x4a7e000 sd=8 :36805 s=2 pgs=6011 cs=1 l=1 c=0x4a3e160).writer: state = open policy.server=0 -74>
2015-07-14 16:14:47.517983 7f3ea96e9700 10 -- 172.16.0.50:6800/25422 >> 172.16.5.170:6789/0 pipe(0x4a7e000 sd=8 :36805 s=2 pgs=6011 cs=1 l=1 c=0x4a3e160).reader wants 120 from dispatch throttler 0/104857600 -73>
2015-07-14 16:14:47.518029 7f3ea96e9700 10 -- 172.16.0.50:6800/25422 >> 172.16.5.170:6789/0 pipe(0x4a7e000 sd=8 :36805 s=2 pgs=6011 cs=1 l=1 c=0x4a3e160).aborted = 0 -72>
2015-07-14 16:14:47.518054 7f3ea96e9700 10 -- 172.16.0.50:6800/25422 >> 172.16.5.170:6789/0 pipe(0x4a7e000 sd=8 :36805 s=2 pgs=6011 cs=1 l=1 c=0x4a3e160).No session security set -71>
2015-07-14 16:14:47.518068 7f3ea96e9700 10 -- 172.16.0.50:6800/25422 >> 172.16.5.170:6789/0 pipe(0x4a7e000 sd=8 :36805 s=2 pgs=6011 cs=1 l=1 c=0x4a3e160).reader got message 25 0x4b3c300 mdsbeacon(94247/codetest up:reconnect seq 10 v513) v3 -70>
2015-07-14 16:14:47.518133 7f3eb13d8700 10 -- 172.16.0.50:6800/25422 >> 172.16.5.170:6789/0 pipe(0x4a7e000 sd=8 :36805 s=2 pgs=6011 cs=1 l=1 c=0x4a3e160).writer: state = open policy.server=0 -69>
2015-07-14 16:14:47.518163 7f3eb13d8700 10 -- 172.16.0.50:6800/25422 >> 172.16.5.170:6789/0 pipe(0x4a7e000 sd=8 :36805 s=2 pgs=6011 cs=1 l=1 c=0x4a3e160).write_ack 25 -68>
2015-07-14 16:14:47.518153 7f3eac6ef700 1 -- 172.16.0.50:6800/25422 <== mon.2 172.16.5.170:6789/0 25 ==== mdsbeacon(94247/codetest up:reconnect seq 10 v513) v3 ==== 120+0+0 (216387952 0 0) 0x4b3c300 con 0x4a3e160 -67>
2015-07-14 16:14:47.518185 7f3eac6ef700 10 -- 172.16.0.50:6800/25422 dispatch_throttle_release 120 to dispatch throttler 120/104857600 -66>
2015-07-14 16:14:47.518186 7f3eb13d8700 10 -- 172.16.0.50:6800/25422 >> 172.16.5.170:6789/0 pipe(0x4a7e000 sd=8 :36805 s=2 pgs=6011 cs=1 l=1 c=0x4a3e160).writer: state = open policy.server=0 -65>
2015-07-14 16:14:48.031669 7f3eaaeec700 10 monclient: tick -64>
2015-07-14 16:14:48.031696 7f3eaaeec700 10 monclient: _check_auth_rotating renewing rotating keys (they expired before
2015-07-14 16:14:18.031693) -63>
2015-07-14 16:14:48.031749 7f3eaaeec700 10 monclient: renew subs? (now:
2015-07-14 16:14:48.031749; renew after:
2015-07-14 16:16:45.170498) -- no -62>
2015-07-14 16:14:48.031821 7f3eb13d8700 10 -- 172.16.0.50:6800/25422 >> 172.16.5.170:6789/0 pipe(0x4a7e000 sd=8 :36805 s=2 pgs=6011 cs=1 l=1 c=0x4a3e160).writer: state = open policy.server=0 -61>
2015-07-14 16:14:48.031859 7f3eb13d8700 10 -- 172.16.0.50:6800/25422 >> 172.16.5.170:6789/0 pipe(0x4a7e000 sd=8 :36805 s=2 pgs=6011 cs=1 l=1 c=0x4a3e160).write_keepalive2 14
2015-07-14 16:14:48.031858 -60>
2015-07-14 16:14:48.031909 7f3eb13d8700 10 -- 172.16.0.50:6800/25422 >> 172.16.5.170:6789/0 pipe(0x4a7e000 sd=8 :36805 s=2 pgs=6011 cs=1 l=1 c=0x4a3e160).writer: state = open policy.server=0 -59>
2015-07-14 16:14:51.516177 7f3ea8de7700 10 monclient: _send_mon_message to mon.cloudCode04 at 172.16.5.170:6789/0 -58>
2015-07-14 16:14:51.516208 7f3ea8de7700 1 -- 172.16.0.50:6800/25422 --> 172.16.5.170:6789/0 -- mdsbeacon(94247/codetest up:reconnect seq 11 v513) v3 -- ?+0 0x4b3cf00 con 0x4a3e160 -57>
2015-07-14 16:14:51.516285 7f3eb13d8700 10 -- 172.16.0.50:6800/25422 >> 172.16.5.170:6789/0 pipe(0x4a7e000 sd=8 :36805 s=2 pgs=6011 cs=1 l=1 c=0x4a3e160).writer: state = open policy.server=0 -56>
2015-07-14 16:14:51.516385 7f3eb13d8700 10 -- 172.16.0.50:6800/25422 >> 172.16.5.170:6789/0 pipe(0x4a7e000 sd=8 :36805 s=2 pgs=6011 cs=1 l=1 c=0x4a3e160).writer: state = open policy.server=0 -55>
2015-07-14 16:14:51.518222 7f3ea96e9700 10 -- 172.16.0.50:6800/25422 >> 172.16.5.170:6789/0 pipe(0x4a7e000 sd=8 :36805 s=2 pgs=6011 cs=1 l=1 c=0x4a3e160).reader wants 120 from dispatch throttler 0/104857600 -54>
2015-07-14 16:14:51.518263 7f3ea96e9700 10 -- 172.16.0.50:6800/25422 >> 172.16.5.170:6789/0 pipe(0x4a7e000 sd=8 :36805 s=2 pgs=6011 cs=1 l=1 c=0x4a3e160).aborted = 0 -53>
2015-07-14 16:14:51.518287 7f3ea96e9700 10 -- 172.16.0.50:6800/25422 >> 172.16.5.170:6789/0 pipe(0x4a7e000 sd=8 :36805 s=2 pgs=6011 cs=1 l=1 c=0x4a3e160).No session security set -52>
2015-07-14 16:14:51.518302 7f3ea96e9700 10 -- 172.16.0.50:6800/25422 >> 172.16.5.170:6789/0 pipe(0x4a7e000 sd=8 :36805 s=2 pgs=6011 cs=1 l=1 c=0x4a3e160).reader got message 26 0x4b3c000 mdsbeacon(94247/codetest up:reconnect seq 11 v513) v3 -51>
2015-07-14 16:14:51.518346 7f3eb13d8700 10 -- 172.16.0.50:6800/25422 >> 172.16.5.170:6789/0 pipe(0x4a7e000 sd=8 :36805 s=2 pgs=6011 cs=1 l=1 c=0x4a3e160).writer: state = open policy.server=0 -50>
2015-07-14 16:14:51.518377 7f3eb13d8700 10 -- 172.16.0.50:6800/25422 >> 172.16.5.170:6789/0 pipe(0x4a7e000 sd=8 :36805 s=2 pgs=6011 cs=1 l=1 c=0x4a3e160).write_ack 26 -49>
2015-07-14 16:14:51.518398 7f3eb13d8700 10 -- 172.16.0.50:6800/25422 >> 172.16.5.170:6789/0 pipe(0x4a7e000 sd=8 :36805 s=2 pgs=6011 cs=1 l=1 c=0x4a3e160).writer: state = open policy.server=0 -48>
2015-07-14 16:14:51.518400 7f3eac6ef700 1 -- 172.16.0.50:6800/25422 <== mon.2 172.16.5.170:6789/0 26 ==== mdsbeacon(94247/codetest up:reconnect seq 11 v513) v3 ==== 120+0+0 (4060262615 0 0) 0x4b3c000 con 0x4a3e160 -47>
2015-07-14 16:14:51.518451 7f3eac6ef700 10 -- 172.16.0.50:6800/25422 dispatch_throttle_release 120 to dispatch throttler 120/104857600 -46>
2015-07-14 16:14:55.516243 7f3ea8de7700 10 monclient: _send_mon_message to mon.cloudCode04 at 172.16.5.170:6789/0 -45>
2015-07-14 16:14:55.516268 7f3ea8de7700 1 -- 172.16.0.50:6800/25422 --> 172.16.5.170:6789/0 -- mdsbeacon(94247/codetest up:reconnect seq 12 v513) v3 -- ?+0 0x4b3cc00 con 0x4a3e160 -44>
2015-07-14 16:14:55.516344 7f3eb13d8700 10 -- 172.16.0.50:6800/25422 >> 172.16.5.170:6789/0 pipe(0x4a7e000 sd=8 :36805 s=2 pgs=6011 cs=1 l=1 c=0x4a3e160).writer: state = open policy.server=0 -43>
2015-07-14 16:14:55.516426 7f3eb13d8700 10 -- 172.16.0.50:6800/25422 >> 172.16.5.170:6789/0 pipe(0x4a7e000 sd=8 :36805 s=2 pgs=6011 cs=1 l=1 c=0x4a3e160).writer: state = open policy.server=0 -42>
2015-07-14 16:14:55.518102 7f3ea96e9700 10 -- 172.16.0.50:6800/25422 >> 172.16.5.170:6789/0 pipe(0x4a7e000 sd=8 :36805 s=2 pgs=6011 cs=1 l=1 c=0x4a3e160).reader wants 120 from dispatch throttler 0/104857600 -41>
2015-07-14 16:14:55.518170 7f3ea96e9700 10 -- 172.16.0.50:6800/25422 >> 172.16.5.170:6789/0 pipe(0x4a7e000 sd=8 :36805 s=2 pgs=6011 cs=1 l=1 c=0x4a3e160).aborted = 0 -40>
2015-07-14 16:14:55.518194 7f3ea96e9700 10 -- 172.16.0.50:6800/25422 >> 172.16.5.170:6789/0 pipe(0x4a7e000 sd=8 :36805 s=2 pgs=6011 cs=1 l=1 c=0x4a3e160).No session security set -39>
2015-07-14 16:14:55.518209 7f3ea96e9700 10 -- 172.16.0.50:6800/25422 >> 172.16.5.170:6789/0 pipe(0x4a7e000 sd=8 :36805 s=2 pgs=6011 cs=1 l=1 c=0x4a3e160).reader got message 27 0x4b3d800 mdsbeacon(94247/codetest up:reconnect seq 12 v513) v3 -38>
2015-07-14 16:14:55.518249 7f3eb13d8700 10 -- 172.16.0.50:6800/25422 >> 172.16.5.170:6789/0 pipe(0x4a7e000 sd=8 :36805 s=2 pgs=6011 cs=1 l=1 c=0x4a3e160).writer: state = open policy.server=0 -37>
2015-07-14 16:14:55.518280 7f3eb13d8700 10 -- 172.16.0.50:6800/25422 >> 172.16.5.170:6789/0 pipe(0x4a7e000 sd=8 :36805 s=2 pgs=6011 cs=1 l=1 c=0x4a3e160).write_ack 27 -36>
2015-07-14 16:14:55.518300 7f3eb13d8700 10 -- 172.16.0.50:6800/25422 >> 172.16.5.170:6789/0 pipe(0x4a7e000 sd=8 :36805 s=2 pgs=6011 cs=1 l=1 c=0x4a3e160).writer: state = open policy.server=0 -35>
2015-07-14 16:14:55.518294 7f3eac6ef700 1 -- 172.16.0.50:6800/25422 <== mon.2 172.16.5.170:6789/0 27 ==== mdsbeacon(94247/codetest up:reconnect seq 12 v513) v3 ==== 120+0+0 (24017216 0 0) 0x4b3d800 con 0x4a3e160 -34>
2015-07-14 16:14:55.518343 7f3eac6ef700 10 -- 172.16.0.50:6800/25422 dispatch_throttle_release 120 to dispatch throttler 120/104857600 -33>
2015-07-14 16:14:58.031869 7f3eaaeec700 10 monclient: tick -32>
2015-07-14 16:14:58.031890 7f3eaaeec700 10 monclient: _check_auth_rotating renewing rotating keys (they expired before
2015-07-14 16:14:28.031887) -31>
2015-07-14 16:14:58.031917 7f3eaaeec700 10 monclient: renew subs? (now:
