2015-01-08 15:01:18.369299 7efff37fe700 1 -- 172.16.30.1:0/4159532 --> 172.16.30.14:7035/3142641 -- osd_op(client.2034794.0:2118 .dir.us-phx.1884261.1 [call rgw.bucket_prepare_op] 186.a5acc52d ondisk+write+known_if_redirected e12924) v4 -- ?+0 0x7effe00bd050 con 0x7f005820e410
2015-01-08 15:01:18.399539 7f006f7fe700 1 -- 172.16.30.1:0/4159532 <== osd.367 172.16.30.14:7035/3142641 258 ==== osd_op_reply(2115 .dir.us-phx.1884261.1 [call] v12924'222368 uv222368 ack = 0) v6 ==== 188+0+0 (1693765827 0 0) 0x7efeb0005d70 con 0x7f005820e410
2015-01-08 15:01:18.400073 7f006f7fe700 1 -- 172.16.30.1:0/4159532 <== osd.367 172.16.30.14:7035/3142641 259 ==== osd_op_reply(2115 .dir.us-phx.1884261.1 [call] v12924'222368 uv222368 ondisk = 0) v6 ==== 188+0+0 (3910486656 0 0) 0x7efeb0005d70 con 0x7f005820e410
2015-01-08 15:01:18.403088 7f006f7fe700 1 -- 172.16.30.1:0/4159532 <== osd.515 172.16.30.12:6885/1398870 3 ==== osd_op_reply(2117 gc.20 [call] v12924'57 uv57 ondisk = 0) v6 ==== 172+0+0 (1042570197 0 0) 0x7efe54004df0 con 0x7f0058202780
2015-01-08 15:01:18.403212 7f005e2f0700 1 -- 172.16.30.1:0/4159532 --> 172.16.30.12:6885/1398870 -- osd_op(client.2034794.0:2119 gc.20 [call rgw.gc_list] 183.9955331c ack+read+known_if_redirected e12924) v4 -- ?+0 0x7efff4162250 con 0x7f0058202780
2015-01-08 15:01:18.405053 7f006f7fe700 1 -- 172.16.30.1:0/4159532 <== osd.367 172.16.30.14:7035/3142641 260 ==== osd_op_reply(2118 .dir.us-phx.1884261.1 [call] v12924'222369 uv222369 ondisk = 0) v6 ==== 188+0+0 (1123999318 0 0) 0x7efeb0005d70 con 0x7f005820e410
2015-01-08 15:01:18.405360 7efff37fe700 1 -- 172.16.30.1:0/4159532 --> 172.16.30.14:6945/3141068 -- osd_op(client.2034794.0:2120 us-phx.1884261.1__shadow_ff8a7aac-33d5-4f5e-a0bf-5b3291cd0d0d.bam.2/IFfPqeWYfgEc65-23Y6e_d8bNQT69qd.1_91 [call refcount.put] 196.eceba0a9 ondisk+write+known_if_redirected e12924) v4 -- ?+0 0x7effe00b83b0 con 0x7f005829f530
2015-01-08 15:01:18.410898 7f006f7fe700 1 -- 172.16.30.1:0/4159532 <== osd.515 172.16.30.12:6885/1398870 4 ==== osd_op_reply(2119 gc.20 [call] v0'0 uv57 ondisk = 0) v6 ==== 172+0+11 (513052821 0 1993775135) 0x7efe54004df0 con 0x7f0058202780
2015-01-08 15:01:18.411015 7f005e2f0700 1 -- 172.16.30.1:0/4159532 --> 172.16.30.12:6885/1398870 -- osd_op(client.2034794.0:2121 gc.20 [call lock.unlock] 183.9955331c ondisk+write+known_if_redirected e12924) v4 -- ?+0 0x7efff4162250 con 0x7f0058202780
2015-01-08 15:01:18.416610 7f006f7fe700 1 -- 172.16.30.1:0/4159532 <== osd.455 172.16.30.14:6945/3141068 3 ==== osd_op_reply(2120 us-phx.1884261.1__shadow_ff8a7aac-33d5-4f5e-a0bf-5b3291cd0d0d.bam.2/IFfPqeWYfgEc65-23Y6e_d8bNQT69qd.1_91 [call] v0'0 uv8757 ondisk = -2 ((2) No such file or directory)) v6 ==== 271+0+0 (3825583800 0 0) 0x7efe8c007250 con 0x7f005829f530
2015-01-08 15:01:18.416813 7efff37fe700 1 -- 172.16.30.1:0/4159532 --> 172.16.30.14:7035/3142641 -- osd_op(client.2034794.0:2122 .dir.us-phx.1884261.1 [call rgw.bucket_complete_op] 186.a5acc52d ack+ondisk+write+known_if_redirected e12924) v4 -- ?+0 0x7effe00bd050 con 0x7f005820e410
2015-01-08 15:01:18.416859 7efff37fe700 20 RGWObjManifest::operator++(): rule->part_size=0 rules.size()=1
2015-01-08 15:01:18.416864 7efff37fe700 0 RGWObjManifest::operator++(): result: ofs=385875968 stripe_ofs=385875968 part_ofs=0 rule->part_size=0
2015-01-08 15:01:18.416888 7efff37fe700 20 get_obj_state: rctx=0x7efff37f91f0 obj=cghub-tcga:_shadow_ff8a7aac-33d5-4f5e-a0bf-5b3291cd0d0d.bam.2/IFfPqeWYfgEc65-23Y6e_d8bNQT69qd.1_92 state=0x7effe00bf388 s->prefetch_data=0
2015-01-08 15:01:18.418159 7efff37fe700 1 -- 172.16.30.1:0/4159532 --> 172.16.30.9:6970/80552 -- osd_op(client.2034794.0:2123 us-phx.1884261.1__shadow_ff8a7aac-33d5-4f5e-a0bf-5b3291cd0d0d.bam.2/IFfPqeWYfgEc65-23Y6e_d8bNQT69qd.1_92 [getxattrs,stat] 196.aeb19f46 ack+read+known_if_redirected e12924) v4 -- ?+0 0x7effe00bd050 con 0x7f005824a010
2015-01-08 15:01:18.431001 7f006f7fe700 1 -- 172.16.30.1:0/4159532 <== osd.135 172.16.30.9:6970/80552 4 ==== osd_op_reply(2123 us-phx.1884261.1__shadow_ff8a7aac-33d5-4f5e-a0bf-5b3291cd0d0d.bam.2/IFfPqeWYfgEc65-23Y6e_d8bNQT69qd.1_92 [getxattrs,stat] v0'0 uv0 ack = -2 ((2) No such file or directory)) v6 ==== 313+0+0 (3667811367 0 0) 0x7efff406d200 con 0x7f005824a010
2015-01-08 15:01:18.431087 7efff37fe700 20 prepare_atomic_for_write_impl: state is not atomic. state=0x7effe00bf388
2015-01-08 15:01:18.431104 7efff37fe700 20 RGWDataChangesLog::add_entry() bucket.name=cghub-tcga now=2015-01-08 15:01:18.431103 cur_expiration=2015-01-08 15:01:41.624942
2015-01-08 15:01:18.431212 7efff37fe700 1 -- 172.16.30.1:0/4159532 --> 172.16.30.14:7035/3142641 -- osd_op(client.2034794.0:2124 .dir.us-phx.1884261.1 [call rgw.bucket_prepare_op] 186.a5acc52d ondisk+write+known_if_redirected e12924) v4 -- ?+0 0x7effe00bfb10 con 0x7f005820e410
2015-01-08 15:01:18.431633 7f006f7fe700 1 -- 172.16.30.1:0/4159532 <== osd.515 172.16.30.12:6885/1398870 5 ==== osd_op_reply(2121 gc.20 [call] v12924'58 uv58 ondisk = 0) v6 ==== 172+0+0 (3191045720 0 0) 0x7efe54004df0 con 0x7f0058202780
2015-01-08 15:01:18.431755 7f005e2f0700 1 -- 172.16.30.1:0/4159532 --> 172.16.30.15:6995/3389704 -- osd_op(client.2034794.0:2125 gc.21 [call lock.lock] 183.6dc01772 ondisk+write+known_if_redirected e12924) v4 -- ?+0 0x7efff4162250 con 0x7f005834ed30
2015-01-08 15:01:18.455114 7f006f7fe700 1 -- 172.16.30.1:0/4159532 <== osd.367 172.16.30.14:7035/3142641 261 ==== osd_op_reply(2122 .dir.us-phx.1884261.1 [call] v12924'222370 uv222370 ack = 0) v6 ==== 188+0+0 (2188481161 0 0) 0x7efeb0005d70 con 0x7f005820e410
2015-01-08 15:01:18.456168 7f006f7fe700 1 -- 172.16.30.1:0/4159532 <== osd.367 172.16.30.14:7035/3142641 262 ==== osd_op_reply(2122 .dir.us-phx.1884261.1 [call] v12924'222370 uv222370 ondisk = 0) v6 ==== 188+0+0 (261097674 0 0) 0x7efeb0005d70 con 0x7f005820e410
2015-01-08 15:01:18.463366 7f006f7fe700 1 -- 172.16.30.1:0/4159532 <== osd.367 172.16.30.14:7035/3142641 263 ==== osd_op_reply(2124 .dir.us-phx.1884261.1 [call] v12924'222371 uv222371 ondisk = 0) v6 ==== 188+0+0 (2759564316 0 0) 0x7efeb0005d70 con 0x7f005820e410
2015-01-08 15:01:18.464848 7efff37fe700 1 -- 172.16.30.1:0/4159532 --> 172.16.30.9:6970/80552 -- osd_op(client.2034794.0:2126 us-phx.1884261.1__shadow_ff8a7aac-33d5-4f5e-a0bf-5b3291cd0d0d.bam.2/IFfPqeWYfgEc65-23Y6e_d8bNQT69qd.1_92 [call refcount.put] 196.aeb19f46 ondisk+write+known_if_redirected e12924) v4 -- ?+0 0x7effe00bd050 con 0x7f005824a010
2015-01-08 15:01:18.465245 7f006f7fe700 1 -- 172.16.30.1:0/4159532 <== osd.413 172.16.30.15:6995/3389704 6 ==== osd_op_reply(2125 gc.21 [call] v12924'115 uv115 ondisk = 0) v6 ==== 172+0+0 (278069689 0 0) 0x7efee0005f70 con 0x7f005834ed30
2015-01-08 15:01:18.465366 7f005e2f0700 1 -- 172.16.30.1:0/4159532 --> 172.16.30.15:6995/3389704 -- osd_op(client.2034794.0:2127 gc.21 [call rgw.gc_list] 183.6dc01772 ack+read+known_if_redirected e12924) v4 -- ?+0 0x7efff4162250 con 0x7f005834ed30
2015-01-08 15:01:18.475064 7f006f7fe700 1 -- 172.16.30.1:0/4159532 <== osd.413 172.16.30.15:6995/3389704 7 ==== osd_op_reply(2127 gc.21 [call] v0'0 uv115 ondisk = 0) v6 ==== 172+0+11 (4145343808 0 1993775135) 0x7efee0005f70 con 0x7f005834ed30
2015-01-08 15:01:18.475243 7f005e2f0700 1 -- 172.16.30.1:0/4159532 --> 172.16.30.15:6995/3389704 -- osd_op(client.2034794.0:2128 gc.21 [call lock.unlock] 183.6dc01772 ondisk+write+known_if_redirected e12924) v4 -- ?+0 0x7efff4162250 con 0x7f005834ed30
2015-01-08 15:01:18.478758 7f006f7fe700 1 -- 172.16.30.1:0/4159532 <== osd.135 172.16.30.9:6970/80552 5 ==== osd_op_reply(2126 us-phx.1884261.1__shadow_ff8a7aac-33d5-4f5e-a0bf-5b3291cd0d0d.bam.2/IFfPqeWYfgEc65-23Y6e_d8bNQT69qd.1_92 [call] v0'0 uv7943 ondisk = -2 ((2) No such file or directory)) v6 ==== 271+0+0 (2998799219 0 0) 0x7efff406d800 con 0x7f005824a010
2015-01-08 15:01:18.478863 7efff37fe700 1 -- 172.16.30.1:0/4159532 --> 172.16.30.14:7035/3142641 -- osd_op(client.2034794.0:2129 .dir.us-phx.1884261.1 [call rgw.bucket_complete_op] 186.a5acc52d ack+ondisk+write+known_if_redirected e12924) v4 -- ?+0 0x7effe00bf910 con 0x7f005820e410
2015-01-08 15:01:18.478898 7efff37fe700 20 RGWObjManifest::operator++(): rule->part_size=0 rules.size()=1
2015-01-08 15:01:18.478901 7efff37fe700 0 RGWObjManifest::operator++(): result: ofs=390070272 stripe_ofs=390070272 part_ofs=0 rule->part_size=0
2015-01-08 15:01:18.478920 7efff37fe700 20 get_obj_state: rctx=0x7efff37f91f0 obj=cghub-tcga:_shadow_ff8a7aac-33d5-4f5e-a0bf-5b3291cd0d0d.bam.2/IFfPqeWYfgEc65-23Y6e_d8bNQT69qd.1_93 state=0x7effe00b6898 s->prefetch_data=0
2015-01-08 15:01:18.480016 7efff37fe700 1 -- 172.16.30.1:0/4159532 --> 172.16.30.13:7025/3098382 -- osd_op(client.2034794.0:2130 us-phx.1884261.1__shadow_ff8a7aac-33d5-4f5e-a0bf-5b3291cd0d0d.bam.2/IFfPqeWYfgEc65-23Y6e_d8bNQT69qd.1_93 [getxattrs,stat] 196.31080f3d ack+read+known_if_redirected e12924) v4 -- ?+0 0x7effe00bf910 con 0x7f0058186530
2015-01-08 15:01:18.493820 7f006f7fe700 1 -- 172.16.30.1:0/4159532 <== osd.382 172.16.30.13:7025/3098382 7 ==== osd_op_reply(2130 us-phx.1884261.1__shadow_ff8a7aac-33d5-4f5e-a0bf-5b3291cd0d0d.bam.2/IFfPqeWYfgEc65-23Y6e_d8bNQT69qd.1_93 [getxattrs,stat] v0'0 uv0 ack = -2 ((2) No such file or directory)) v6 ==== 313+0+0 (1710223766 0 0) 0x7efed8008c10 con 0x7f0058186530
2015-01-08 15:01:18.493952 7efff37fe700 20 prepare_atomic_for_write_impl: state is not atomic. state=0x7effe00b6898
2015-01-08 15:01:18.493969 7efff37fe700 20 RGWDataChangesLog::add_entry() bucket.name=cghub-tcga now=2015-01-08 15:01:18.493968 cur_expiration=2015-01-08 15:01:41.624942
2015-01-08 15:01:18.494105 7efff37fe700 1 -- 172.16.30.1:0/4159532 --> 172.16.30.14:7035/3142641 -- osd_op(client.2034794.0:2131 .dir.us-phx.1884261.1 [call rgw.bucket_prepare_op] 186.a5acc52d ondisk+write+known_if_redirected e12924) v4 -- ?+0 0x7effe00be350 con 0x7f005820e410
2015-01-08 15:01:18.497275 7f006f7fe700 1 -- 172.16.30.1:0/4159532 <== osd.413 172.16.30.15:6995/3389704 8 ==== osd_op_reply(2128 gc.21 [call] v12924'116 uv116 ondisk = 0) v6 ==== 172+0+0 (1482872401 0 0) 0x7efee0005f70 con 0x7f005834ed30
2015-01-08 15:01:18.497466 7f005e2f0700 1 -- 172.16.30.1:0/4159532 --> 172.16.30.15:6800/3387252 -- osd_op(client.2034794.0:2132 gc.22 [call lock.lock] 183.97748d0d ondisk+write+known_if_redirected e12924) v4 -- ?+0 0x7efff4162250 con 0x7f00582d46b0
2015-01-08 15:01:18.515044 7f006f7fe700 1 -- 172.16.30.1:0/4159532 <== osd.367 172.16.30.14:7035/3142641 264 ==== osd_op_reply(2129 .dir.us-phx.1884261.1 [call] v12924'222372 uv222372 ack = 0) v6 ==== 188+0+0 (2886869670 0 0) 0x7efeb0005d70 con 0x7f005820e410
2015-01-08 15:01:18.515786 7f006f7fe700 1 -- 172.16.30.1:0/4159532 <== osd.367 172.16.30.14:7035/3142641 265 ==== osd_op_reply(2129 .dir.us-phx.1884261.1 [call] v12924'222372 uv222372 ondisk = 0) v6 ==== 188+0+0 (569620709 0 0) 0x7efeb0005d70 con 0x7f005820e410
2015-01-08 15:01:18.521534 7f006f7fe700 1 -- 172.16.30.1:0/4159532 <== osd.367 172.16.30.14:7035/3142641 266 ==== osd_op_reply(2131 .dir.us-phx.1884261.1 [call] v12924'222373 uv222373 ondisk = 0) v6 ==== 188+0+0 (2316839987 0 0) 0x7efeb0005d70 con 0x7f005820e410
2015-01-08 15:01:18.523581 7efff37fe700 1 -- 172.16.30.1:0/4159532 --> 172.16.30.13:7025/3098382 -- osd_op(client.2034794.0:2133 us-phx.1884261.1__shadow_ff8a7aac-33d5-4f5e-a0bf-5b3291cd0d0d.bam.2/IFfPqeWYfgEc65-23Y6e_d8bNQT69qd.1_93 [call refcount.put] 196.31080f3d ondisk+write+known_if_redirected e12924) v4 -- ?+0 0x7effe00bf9e0 con 0x7f0058186530
2015-01-08 15:01:18.536777 7f006f7fe700 1 -- 172.16.30.1:0/4159532 <== osd.798 172.16.30.15:6800/3387252 6 ==== osd_op_reply(2132 gc.22 [call] v12924'57 uv57 ondisk = 0) v6 ==== 172+0+0 (3575874316 0 0) 0x7effbc004df0 con 0x7f00582d46b0
2015-01-08 15:01:18.536971 7f005e2f0700 1 -- 172.16.30.1:0/4159532 --> 172.16.30.15:6800/3387252 -- osd_op(client.2034794.0:2134 gc.22 [call rgw.gc_list] 183.97748d0d ack+read+known_if_redirected e12924) v4 -- ?+0 0x7efff4162250 con 0x7f00582d46b0
2015-01-08 15:01:18.540144 7f006f7fe700 1 -- 172.16.30.1:0/4159532 <== osd.382 172.16.30.13:7025/3098382 8 ==== osd_op_reply(2133 us-phx.1884261.1__shadow_ff8a7aac-33d5-4f5e-a0bf-5b3291cd0d0d.bam.2/IFfPqeWYfgEc65-23Y6e_d8bNQT69qd.1_93 [call] v0'0 uv8076 ondisk = -2 ((2) No such file or directory)) v6 ==== 271+0+0 (2818746238 0 0) 0x7efed8008c10 con 0x7f0058186530
2015-01-08 15:01:18.540381 7efff37fe700 1 -- 172.16.30.1:0/4159532 --> 172.16.30.14:7035/3142641 -- osd_op(client.2034794.0:2135 .dir.us-phx.1884261.1 [call rgw.bucket_complete_op] 186.a5acc52d ack+ondisk+write+known_if_redirected e12924) v4 -- ?+0 0x7effe00bf9e0 con 0x7f005820e410
2015-01-08 15:01:18.540441 7efff37fe700 20 RGWObjManifest::operator++(): rule->part_size=0 rules.size()=1
2015-01-08 15:01:18.540445 7efff37fe700 0 RGWObjManifest::operator++(): result: ofs=394264576 stripe_ofs=394264576 part_ofs=0 rule->part_size=0
2015-01-08 15:01:18.540475 7efff37fe700 20 get_obj_state: rctx=0x7efff37f91f0 obj=cghub-tcga:_shadow_ff8a7aac-33d5-4f5e-a0bf-5b3291cd0d0d.bam.2/IFfPqeWYfgEc65-23Y6e_d8bNQT69qd.1_94 state=0x7effe00be988 s->prefetch_data=0
2015-01-08 15:01:18.540666 7efff37fe700 1 -- 172.16.30.1:0/4159532 --> 172.16.30.16:6980/2754283 -- osd_op(client.2034794.0:2136 us-phx.1884261.1__shadow_ff8a7aac-33d5-4f5e-a0bf-5b3291cd0d0d.bam.2/IFfPqeWYfgEc65-23Y6e_d8bNQT69qd.1_94 [getxattrs,stat] 196.f4d2ab8f ack+read+known_if_redirected e12924) v4 -- ?+0 0x7effe00bf9e0 con 0x7f00583904b0
2015-01-08 15:01:18.546534 7f006f7fe700 1 -- 172.16.30.1:0/4159532 <== osd.798 172.16.30.15:6800/3387252 7 ==== osd_op_reply(2134 gc.22 [call] v0'0 uv57 ondisk = 0) v6 ==== 172+0+11 (4120070220 0 1993775135) 0x7effbc004df0 con 0x7f00582d46b0
2015-01-08 15:01:18.546608 7f006f7fe700 1 -- 172.16.30.1:0/4159532 <== osd.424 172.16.30.16:6980/2754283 5 ==== osd_op_reply(2136 us-phx.1884261.1__shadow_ff8a7aac-33d5-4f5e-a0bf-5b3291cd0d0d.bam.2/IFfPqeWYfgEc65-23Y6e_d8bNQT69qd.1_94 [getxattrs,stat] v0'0 uv0 ack = -2 ((2) No such file or directory)) v6 ==== 313+0+0 (1688543114 0 0) 0x7f00400008c0 con 0x7f00583904b0
2015-01-08 15:01:18.546697 7f005e2f0700 1 -- 172.16.30.1:0/4159532 --> 172.16.30.15:6800/3387252 -- osd_op(client.2034794.0:2137 gc.22 [call lock.unlock] 183.97748d0d ondisk+write+known_if_redirected e12924) v4 -- ?+0 0x7efff4162250 con 0x7f00582d46b0
2015-01-08 15:01:18.546745 7efff37fe700 20 prepare_atomic_for_write_impl: state is not atomic. state=0x7effe00be988
2015-01-08 15:01:18.546762 7efff37fe700 20 RGWDataChangesLog::add_entry() bucket.name=cghub-tcga now=2015-01-08 15:01:18.546761 cur_expiration=2015-01-08 15:01:41.624942
2015-01-08 15:01:18.546905 7efff37fe700 1 -- 172.16.30.1:0/4159532 --> 172.16.30.14:7035/3142641 -- osd_op(client.2034794.0:2138 .dir.us-phx.1884261.1 [call rgw.bucket_prepare_op] 186.a5acc52d ondisk+write+known_if_redirected e12924) v4 -- ?+0 0x7effe00bb210 con 0x7f005820e410
2015-01-08 15:01:18.569418 7f006f7fe700 1 -- 172.16.30.1:0/4159532 <== osd.798 172.16.30.15:6800/3387252 8 ==== osd_op_reply(2137 gc.22 [call] v12924'58 uv58 ondisk = 0) v6 ==== 172+0+0 (1429513857 0 0) 0x7effbc004df0 con 0x7f00582d46b0
2015-01-08 15:01:18.569538 7f005e2f0700 1 -- 172.16.30.1:0/4159532 --> 172.16.30.7:6980/3610974 -- osd_op(client.2034794.0:2139 gc.23 [call lock.lock] 183.64f84676 ondisk+write+known_if_redirected e12924) v4 -- ?+0 0x7efff4162250 con 0x7f0058414f40
2015-01-08 15:01:18.573730 7f006f7fe700 1 -- 172.16.30.1:0/4159532 <== osd.367 172.16.30.14:7035/3142641 267 ==== osd_op_reply(2135 .dir.us-phx.1884261.1 [call] v12924'222374 uv222374 ack = 0) v6 ==== 188+0+0 (1251434732 0 0) 0x7efeb0005d70 con 0x7f005820e410
2015-01-08 15:01:18.574126 7f006f7fe700 1 -- 172.16.30.1:0/4159532 <== osd.367 172.16.30.14:7035/3142641 268 ==== osd_op_reply(2135 .dir.us-phx.1884261.1 [call] v12924'222374 uv222374 ondisk = 0) v6 ==== 188+0+0 (3346463407 0 0) 0x7efeb0005d70 con 0x7f005820e410
2015-01-08 15:01:18.579682 7f006f7fe700 1 -- 172.16.30.1:0/4159532 <== osd.367 172.16.30.14:7035/3142641 269 ==== osd_op_reply(2138 .dir.us-phx.1884261.1 [call] v12924'222375 uv222375 ondisk = 0) v6 ==== 188+0+0 (1822256761 0 0) 0x7efeb0005d70 con 0x7f005820e410
2015-01-08 15:01:18.579875 7efff37fe700 1 -- 172.16.30.1:0/4159532 --> 172.16.30.16:6980/2754283 -- osd_op(client.2034794.0:2140 us-phx.1884261.1__shadow_ff8a7aac-33d5-4f5e-a0bf-5b3291cd0d0d.bam.2/IFfPqeWYfgEc65-23Y6e_d8bNQT69qd.1_94 [call refcount.put] 196.f4d2ab8f ondisk+write+known_if_redirected e12924) v4 -- ?+0 0x7effe00c30e0 con 0x7f00583904b0
2015-01-08 15:01:18.588894 7f006f7fe700 1 -- 172.16.30.1:0/4159532 <== osd.424 172.16.30.16:6980/2754283 6 ==== osd_op_reply(2140 us-phx.1884261.1__shadow_ff8a7aac-33d5-4f5e-a0bf-5b3291cd0d0d.bam.2/IFfPqeWYfgEc65-23Y6e_d8bNQT69qd.1_94 [call] v0'0 uv8000 ondisk = -2 ((2) No such file or directory)) v6 ==== 271+0+0 (1587553593 0 0) 0x7f00400008c0 con 0x7f00583904b0
2015-01-08 15:01:18.588995 7efff37fe700 1 -- 172.16.30.1:0/4159532 --> 172.16.30.14:7035/3142641 -- osd_op(client.2034794.0:2141 .dir.us-phx.1884261.1 [call rgw.bucket_complete_op] 186.a5acc52d ack+ondisk+write+known_if_redirected e12924) v4 -- ?+0 0x7effe00bed70 con 0x7f005820e410
2015-01-08 15:01:18.589028 7efff37fe700 20 RGWObjManifest::operator++(): rule->part_size=0 rules.size()=1
2015-01-08 15:01:18.589031 7efff37fe700 0 RGWObjManifest::operator++(): result: ofs=398458880 stripe_ofs=398458880 part_ofs=0 rule->part_size=0
2015-01-08 15:01:18.589047 7efff37fe700 20 get_obj_state: rctx=0x7efff37f91f0 obj=cghub-tcga:_shadow_ff8a7aac-33d5-4f5e-a0bf-5b3291cd0d0d.bam.2/IFfPqeWYfgEc65-23Y6e_d8bNQT69qd.1_95 state=0x7effe00c38d8 s->prefetch_data=0
2015-01-08 15:01:18.589859 7efff37fe700 1 -- 172.16.30.1:0/4159532 --> 172.16.30.7:6975/3610834 -- osd_op(client.2034794.0:2142 us-phx.1884261.1__shadow_ff8a7aac-33d5-4f5e-a0bf-5b3291cd0d0d.bam.2/IFfPqeWYfgEc65-23Y6e_d8bNQT69qd.1_95 [getxattrs,stat] 196.efbfde99 ack+read+known_if_redirected e12924) v4 -- ?+0 0x7effe00bed70 con 0x7f0058168650
2015-01-08 15:01:18.602551 7f006f7fe700 1 -- 172.16.30.1:0/4159532 <== osd.132 172.16.30.7:6975/3610834 4 ==== osd_op_reply(2142 us-phx.1884261.1__shadow_ff8a7aac-33d5-4f5e-a0bf-5b3291cd0d0d.bam.2/IFfPqeWYfgEc65-23Y6e_d8bNQT69qd.1_95 [getxattrs,stat] v0'0 uv0 ack = -2 ((2) No such file or directory)) v6 ==== 313+0+0 (2677046332 0 0) 0x7efe18005360 con 0x7f0058168650
2015-01-08 15:01:18.602666 7efff37fe700 20 prepare_atomic_for_write_impl: state is not atomic. state=0x7effe00c38d8
2015-01-08 15:01:18.602680 7efff37fe700 20 RGWDataChangesLog::add_entry() bucket.name=cghub-tcga now=2015-01-08 15:01:18.602680 cur_expiration=2015-01-08 15:01:41.624942
2015-01-08 15:01:18.602778 7efff37fe700 1 -- 172.16.30.1:0/4159532 --> 172.16.30.14:7035/3142641 -- osd_op(client.2034794.0:2143 .dir.us-phx.1884261.1 [call rgw.bucket_prepare_op] 186.a5acc52d ondisk+write+known_if_redirected e12924) v4 -- ?+0 0x7effe00ba280 con 0x7f005820e410
2015-01-08 15:01:18.617786 7f006f7fe700 1 -- 172.16.30.1:0/4159532 <== osd.367 172.16.30.14:7035/3142641 270 ==== osd_op_reply(2141 .dir.us-phx.1884261.1 [call] v12924'222376 uv222376 ack = 0) v6 ==== 188+0+0 (4040508152 0 0) 0x7efeb0005d70 con 0x7f005820e410
2015-01-08 15:01:18.618587 7f006f7fe700 1 -- 172.16.30.1:0/4159532 <== osd.367 172.16.30.14:7035/3142641 271 ==== osd_op_reply(2141 .dir.us-phx.1884261.1 [call] v12924'222376 uv222376 ondisk = 0) v6 ==== 188+0+0 (2100615355 0 0) 0x7efeb0005d70 con 0x7f005820e410
2015-01-08 15:01:18.629799 7f006f7fe700 1 -- 172.16.30.1:0/4159532 <== osd.367 172.16.30.14:7035/3142641 272 ==== osd_op_reply(2143 .dir.us-phx.1884261.1 [call] v12924'222377 uv222377 ondisk = 0) v6 ==== 188+0+0 (3604958317 0 0) 0x7efeb0005d70 con 0x7f005820e410
2015-01-08 15:01:18.630672 7efff37fe700 1 -- 172.16.30.1:0/4159532 --> 172.16.30.7:6975/3610834 -- osd_op(client.2034794.0:2144 us-phx.1884261.1__shadow_ff8a7aac-33d5-4f5e-a0bf-5b3291cd0d0d.bam.2/IFfPqeWYfgEc65-23Y6e_d8bNQT69qd.1_95 [call refcount.put] 196.efbfde99 ondisk+write+known_if_redirected e12924) v4 -- ?+0 0x7effe00bed70 con 0x7f0058168650
2015-01-08 15:01:18.647889 7f006f7fe700 1 -- 172.16.30.1:0/4159532 <== osd.132 172.16.30.7:6975/3610834 5 ==== osd_op_reply(2144 us-phx.1884261.1__shadow_ff8a7aac-33d5-4f5e-a0bf-5b3291cd0d0d.bam.2/IFfPqeWYfgEc65-23Y6e_d8bNQT69qd.1_95 [call] v0'0 uv8513 ondisk = -2 ((2) No such file or directory)) v6 ==== 271+0+0 (2685630183 0 0) 0x7efe18005360 con 0x7f0058168650
2015-01-08 15:01:18.648021 7efff37fe700 1 -- 172.16.30.1:0/4159532 --> 172.16.30.14:7035/3142641 -- osd_op(client.2034794.0:2145 .dir.us-phx.1884261.1 [call rgw.bucket_complete_op] 186.a5acc52d ack+ondisk+write+known_if_redirected e12924) v4 -- ?+0 0x7effe00b9fc0 con 0x7f005820e410
2015-01-08 15:01:18.648055 7efff37fe700 20 RGWObjManifest::operator++(): rule->part_size=0 rules.size()=1
2015-01-08 15:01:18.648058 7efff37fe700 0 RGWObjManifest::operator++(): result: ofs=402653184 stripe_ofs=402653184 part_ofs=0 rule->part_size=0
2015-01-08 15:01:18.648075 7efff37fe700 20 get_obj_state: rctx=0x7efff37f91f0 obj=cghub-tcga:_shadow_ff8a7aac-33d5-4f5e-a0bf-5b3291cd0d0d.bam.2/IFfPqeWYfgEc65-23Y6e_d8bNQT69qd.1_96 state=0x7effe00bae98 s->prefetch_data=0
2015-01-08 15:01:18.648499 7efff37fe700 1 -- 172.16.30.1:0/4159532 --> 172.16.30.15:6865/3387853 -- osd_op(client.2034794.0:2146 us-phx.1884261.1__shadow_ff8a7aac-33d5-4f5e-a0bf-5b3291cd0d0d.bam.2/IFfPqeWYfgEc65-23Y6e_d8bNQT69qd.1_96 [getxattrs,stat] 196.5086f2a ack+read+known_if_redirected e12924) v4 -- ?+0 0x7effe00b9fc0 con 0x7f005812c240
2015-01-08 15:01:18.656237 7f006f7fe700 1 -- 172.16.30.1:0/4159532 <== osd.538 172.16.30.15:6865/3387853 2 ==== osd_op_reply(2146 us-phx.1884261.1__shadow_ff8a7aac-33d5-4f5e-a0bf-5b3291cd0d0d.bam.2/IFfPqeWYfgEc65-23Y6e_d8bNQT69qd.1_96 [getxattrs,stat] v0'0 uv0 ack = -2 ((2) No such file or directory)) v6 ==== 313+0+0 (3962089864 0 0) 0x7f00100008c0 con 0x7f005812c240
2015-01-08 15:01:18.656319 7efff37fe700 20 prepare_atomic_for_write_impl: state is not atomic. state=0x7effe00bae98
2015-01-08 15:01:18.656329 7efff37fe700 20 RGWDataChangesLog::add_entry() bucket.name=cghub-tcga now=2015-01-08 15:01:18.656328 cur_expiration=2015-01-08 15:01:41.624942
2015-01-08 15:01:18.656405 7efff37fe700 1 -- 172.16.30.1:0/4159532 --> 172.16.30.14:7035/3142641 -- osd_op(client.2034794.0:2147 .dir.us-phx.1884261.1 [call rgw.bucket_prepare_op] 186.a5acc52d ondisk+write+known_if_redirected e12924) v4 -- ?+0 0x7effe00bbcf0 con 0x7f005820e410
2015-01-08 15:01:18.680090 7f006f7fe700 1 -- 172.16.30.1:0/4159532 <== osd.367 172.16.30.14:7035/3142641 273 ==== osd_op_reply(2145 .dir.us-phx.1884261.1 [call] v12924'222378 uv222378 ack = 0) v6 ==== 188+0+0 (374341810 0 0) 0x7efeb0005d70 con 0x7f005820e410
2015-01-08 15:01:18.680435 7f006f7fe700 1 -- 172.16.30.1:0/4159532 <== osd.367 172.16.30.14:7035/3142641 274 ==== osd_op_reply(2145 .dir.us-phx.1884261.1 [call] v12924'222378 uv222378 ondisk = 0) v6 ==== 188+0+0 (2612108017 0 0) 0x7efeb0005d70 con 0x7f005820e410
2015-01-08 15:01:18.689933 7f006f7fe700 1 -- 172.16.30.1:0/4159532 <== osd.367 172.16.30.14:7035/3142641 275 ==== osd_op_reply(2147 .dir.us-phx.1884261.1 [call] v12924'222379 uv222379 ondisk = 0) v6 ==== 188+0+0 (811208231 0 0) 0x7efeb0005d70 con 0x7f005820e410
2015-01-08 15:01:18.690747 7efff37fe700 1 -- 172.16.30.1:0/4159532 --> 172.16.30.15:6865/3387853 -- osd_op(client.2034794.0:2148 us-phx.1884261.1__shadow_ff8a7aac-33d5-4f5e-a0bf-5b3291cd0d0d.bam.2/IFfPqeWYfgEc65-23Y6e_d8bNQT69qd.1_96 [call refcount.put] 196.5086f2a ondisk+write+known_if_redirected e12924) v4 -- ?+0 0x7effe00b9fc0 con 0x7f005812c240
2015-01-08 15:01:18.707071 7f006f7fe700 1 -- 172.16.30.1:0/4159532 <== osd.538 172.16.30.15:6865/3387853 3 ==== osd_op_reply(2148 us-phx.1884261.1__shadow_ff8a7aac-33d5-4f5e-a0bf-5b3291cd0d0d.bam.2/IFfPqeWYfgEc65-23Y6e_d8bNQT69qd.1_96 [call] v0'0 uv8235 ondisk = -2 ((2) No such file or directory)) v6 ==== 271+0+0 (1403730304 0 0) 0x7f00100008c0 con 0x7f005812c240
2015-01-08 15:01:18.707310 7efff37fe700 1 -- 172.16.30.1:0/4159532 --> 172.16.30.14:7035/3142641 -- osd_op(client.2034794.0:2149 .dir.us-phx.1884261.1 [call rgw.bucket_complete_op] 186.a5acc52d ack+ondisk+write+known_if_redirected e12924) v4 -- ?+0 0x7effe00bbb40 con 0x7f005820e410
2015-01-08 15:01:18.707369 7efff37fe700 20 RGWObjManifest::operator++(): rule->part_size=0 rules.size()=1
2015-01-08 15:01:18.707374 7efff37fe700 0 RGWObjManifest::operator++(): result: ofs=406847488 stripe_ofs=406847488 part_ofs=0 rule->part_size=0
2015-01-08 15:01:18.707404 7efff37fe700 20 get_obj_state: rctx=0x7efff37f91f0 obj=cghub-tcga:_shadow_ff8a7aac-33d5-4f5e-a0bf-5b3291cd0d0d.bam.2/IFfPqeWYfgEc65-23Y6e_d8bNQT69qd.1_97 state=0x7effe00bc748 s->prefetch_data=0
2015-01-08 15:01:18.708631 7efff37fe700 1 -- 172.16.30.1:0/4159532 --> 172.16.30.4:7100/3112946 -- osd_op(client.2034794.0:2150 us-phx.1884261.1__shadow_ff8a7aac-33d5-4f5e-a0bf-5b3291cd0d0d.bam.2/IFfPqeWYfgEc65-23Y6e_d8bNQT69qd.1_97 [getxattrs,stat] 196.494ee231 ack+read+known_if_redirected e12924) v4 -- ?+0 0x7effe00bbb40 con 0x7f0058308b40
2015-01-08 15:01:18.717528 7f006f7fe700 1 -- 172.16.30.1:0/4159532 <== osd.665 172.16.30.4:7100/3112946 3 ==== osd_op_reply(2150 us-phx.1884261.1__shadow_ff8a7aac-33d5-4f5e-a0bf-5b3291cd0d0d.bam.2/IFfPqeWYfgEc65-23Y6e_d8bNQT69qd.1_97 [getxattrs,stat] v0'0 uv0 ack = -2 ((2) No such file or directory)) v6 ==== 313+0+0 (1992996297 0 0) 0x7efd6000a1e0 con 0x7f0058308b40
2015-01-08 15:01:18.717693 7efff37fe700 20 prepare_atomic_for_write_impl: state is not atomic. state=0x7effe00bc748
2015-01-08 15:01:18.717728 7efff37fe700 20 RGWDataChangesLog::add_entry() bucket.name=cghub-tcga now=2015-01-08 15:01:18.717728 cur_expiration=2015-01-08 15:01:41.624942
2015-01-08 15:01:18.717860 7efff37fe700 1 -- 172.16.30.1:0/4159532 --> 172.16.30.14:7035/3142641 -- osd_op(client.2034794.0:2151 .dir.us-phx.1884261.1 [call rgw.bucket_prepare_op] 186.a5acc52d ondisk+write+known_if_redirected e12924) v4 -- ?+0 0x7effe00c7010 con 0x7f005820e410
2015-01-08 15:01:18.730127 7f006f7fe700 1 -- 172.16.30.1:0/4159532 <== osd.127 172.16.30.7:6980/3610974 5 ==== osd_op_reply(2139 gc.23 [call] v12924'57 uv57 ondisk = 0) v6 ==== 172+0+0 (2765537525 0 0) 0x7eff480071f0 con 0x7f0058414f40
2015-01-08 15:01:18.730324 7f005e2f0700 1 -- 172.16.30.1:0/4159532 --> 172.16.30.7:6980/3610974 -- osd_op(client.2034794.0:2152 gc.23 [call rgw.gc_list] 183.64f84676 ack+read+known_if_redirected e12924) v4 -- ?+0 0x7efff4162250 con 0x7f0058414f40
2015-01-08 15:01:18.736709 7f006f7fe700 1 -- 172.16.30.1:0/4159532 <== osd.367 172.16.30.14:7035/3142641 276 ==== osd_op_reply(2149 .dir.us-phx.1884261.1 [call] v12924'222380 uv222380 ondisk = 0) v6 ==== 188+0+0 (3050449630 0 0) 0x7efeb0005d70 con 0x7f005820e410
2015-01-08 15:01:18.741016 7f006f7fe700 1 -- 172.16.30.1:0/4159532 <== osd.127 172.16.30.7:6980/3610974 6 ==== osd_op_reply(2152 gc.23 [call] v0'0 uv57 ondisk = 0) v6 ==== 172+0+11 (2221280181 0 1993775135) 0x7eff48007750 con 0x7f0058414f40
2015-01-08 15:01:18.741253 7f005e2f0700 1 -- 172.16.30.1:0/4159532 --> 172.16.30.7:6980/3610974 -- osd_op(client.2034794.0:2153 gc.23 [call lock.unlock] 183.64f84676 ondisk+write+known_if_redirected e12924) v4 -- ?+0 0x7efff4162250 con 0x7f0058414f40
2015-01-08 15:01:18.748214 7f006f7fe700 1 -- 172.16.30.1:0/4159532 <== osd.367 172.16.30.14:7035/3142641 277 ==== osd_op_reply(2151 .dir.us-phx.1884261.1 [call] v12924'222381 uv222381 ondisk = 0) v6 ==== 188+0+0 (507100680 0 0) 0x7efeb0005d70 con 0x7f005820e410
2015-01-08 15:01:18.749611 7efff37fe700 1 -- 172.16.30.1:0/4159532 --> 172.16.30.4:7100/3112946 -- osd_op(client.2034794.0:2154 us-phx.1884261.1__shadow_ff8a7aac-33d5-4f5e-a0bf-5b3291cd0d0d.bam.2/IFfPqeWYfgEc65-23Y6e_d8bNQT69qd.1_97 [call refcount.put] 196.494ee231 ondisk+write+known_if_redirected e12924) v4 -- ?+0 0x7effe00c7050 con 0x7f0058308b40
2015-01-08 15:01:18.765170 7f006f7fe700 1 -- 172.16.30.1:0/4159532 <== osd.665 172.16.30.4:7100/3112946 4 ==== osd_op_reply(2154 us-phx.1884261.1__shadow_ff8a7aac-33d5-4f5e-a0bf-5b3291cd0d0d.bam.2/IFfPqeWYfgEc65-23Y6e_d8bNQT69qd.1_97 [call] v0'0 uv8721 ondisk = -2 ((2) No such file or directory)) v6 ==== 271+0+0 (615165505 0 0) 0x7efd60000d70 con 0x7f0058308b40
2015-01-08 15:01:18.765392 7efff37fe700 1 -- 172.16.30.1:0/4159532 --> 172.16.30.14:7035/3142641 -- osd_op(client.2034794.0:2155 .dir.us-phx.1884261.1 [call rgw.bucket_complete_op] 186.a5acc52d ack+ondisk+write+known_if_redirected e12924) v4 -- ?+0 0x7effe00c7050 con 0x7f005820e410
2015-01-08 15:01:18.765453 7efff37fe700 20 RGWObjManifest::operator++(): rule->part_size=0 rules.size()=1
2015-01-08 15:01:18.765458 7efff37fe700 0 RGWObjManifest::operator++(): result: ofs=411041792 stripe_ofs=411041792 part_ofs=0 rule->part_size=0
2015-01-08 15:01:18.765486 7efff37fe700 20 get_obj_state: rctx=0x7efff37f91f0 obj=cghub-tcga:_shadow_ff8a7aac-33d5-4f5e-a0bf-5b3291cd0d0d.bam.2/IFfPqeWYfgEc65-23Y6e_d8bNQT69qd.1_98 state=0x7effe00c76c8 s->prefetch_data=0
2015-01-08 15:01:18.766547 7efff37fe700 1 -- 172.16.30.1:0/4159532 --> 172.16.30.7:6875/3609248 -- osd_op(client.2034794.0:2156 us-phx.1884261.1__shadow_ff8a7aac-33d5-4f5e-a0bf-5b3291cd0d0d.bam.2/IFfPqeWYfgEc65-23Y6e_d8bNQT69qd.1_98 [getxattrs,stat] 196.deb3f3a5 ack+read+known_if_redirected e12924) v4 -- ?+0 0x7effe00c7050 con 0x7f005823d000
2015-01-08 15:01:18.768506 7f006f7fe700 1 -- 172.16.30.1:0/4159532 <== osd.127 172.16.30.7:6980/3610974 7 ==== osd_op_reply(2153 gc.23 [call] v12924'58 uv58 ondisk = 0) v6 ==== 172+0+0 (616686968 0 0) 0x7eff48007750 con 0x7f0058414f40
2015-01-08 15:01:18.768706 7f005e2f0700 1 -- 172.16.30.1:0/4159532 --> 172.16.30.12:6870/1398654 -- osd_op(client.2034794.0:2157 gc.24 [call lock.lock] 183.8bdc9d ondisk+write+known_if_redirected e12924) v4 -- ?+0 0x7efff4162250 con 0x7f00581b8fe0
2015-01-08 15:01:18.774176 7f006f7fe700 1 -- 172.16.30.1:0/4159532 <== osd.232 172.16.30.7:6875/3609248 5 ==== osd_op_reply(2156 us-phx.1884261.1__shadow_ff8a7aac-33d5-4f5e-a0bf-5b3291cd0d0d.bam.2/IFfPqeWYfgEc65-23Y6e_d8bNQT69qd.1_98 [getxattrs,stat] v0'0 uv0 ack = -2 ((2) No such file or directory)) v6 ==== 313+0+0 (2106091970 0 0) 0x7effbc007840 con 0x7f005823d000
2015-01-08 15:01:18.774366 7efff37fe700 20 prepare_atomic_for_write_impl: state is not atomic. state=0x7effe00c76c8
2015-01-08 15:01:18.774392 7efff37fe700 20 RGWDataChangesLog::add_entry() bucket.name=cghub-tcga now=2015-01-08 15:01:18.774391 cur_expiration=2015-01-08 15:01:41.624942
2015-01-08 15:01:18.774562 7efff37fe700 1 -- 172.16.30.1:0/4159532 --> 172.16.30.14:7035/3142641 -- osd_op(client.2034794.0:2158 .dir.us-phx.1884261.1 [call rgw.bucket_prepare_op] 186.a5acc52d ondisk+write+known_if_redirected e12924) v4 -- ?+0 0x7effe00c7b80 con 0x7f005820e410
2015-01-08 15:01:18.795699 7f006f7fe700 1 -- 172.16.30.1:0/4159532 <== osd.367 172.16.30.14:7035/3142641 278 ==== osd_op_reply(2155 .dir.us-phx.1884261.1 [call] v12924'222382 uv222382 ack = 0) v6 ==== 188+0+0 (3736531671 0 0) 0x7efeb0005d70 con 0x7f005820e410
2015-01-08 15:01:18.796823 7f006f7fe700 1 -- 172.16.30.1:0/4159532 <== osd.367 172.16.30.14:7035/3142641 279 ==== osd_op_reply(2155 .dir.us-phx.1884261.1 [call] v12924'222382 uv222382 ondisk = 0) v6 ==== 188+0+0 (1398237332 0 0) 0x7efeb0005d70 con 0x7f005820e410
2015-01-08 15:01:18.806659 7f006f7fe700 1 -- 172.16.30.1:0/4159532 <== osd.367 172.16.30.14:7035/3142641 280 ==== osd_op_reply(2158 .dir.us-phx.1884261.1 [call] v12924'222383 uv222383 ondisk = 0) v6 ==== 188+0+0 (4173134914 0 0) 0x7efeb0005d70 con 0x7f005820e410
2015-01-08 15:01:18.807846 7efff37fe700 1 -- 172.16.30.1:0/4159532 --> 172.16.30.7:6875/3609248 -- osd_op(client.2034794.0:2159 us-phx.1884261.1__shadow_ff8a7aac-33d5-4f5e-a0bf-5b3291cd0d0d.bam.2/IFfPqeWYfgEc65-23Y6e_d8bNQT69qd.1_98 [call refcount.put] 196.deb3f3a5 ondisk+write+known_if_redirected e12924) v4 -- ?+0 0x7effe00c7120 con 0x7f005823d000
2015-01-08 15:01:18.816614 7f006f7fe700 1 -- 172.16.30.1:0/4159532 <== osd.526 172.16.30.12:6870/1398654 3 ==== osd_op_reply(2157 gc.24 [call] v12924'57 uv57 ondisk = 0) v6 ==== 172+0+0 (63639944 0 0) 0x7f0008002fd0 con 0x7f00581b8fe0
2015-01-08 15:01:18.816803 7f005e2f0700 1 -- 172.16.30.1:0/4159532 --> 172.16.30.12:6870/1398654 -- osd_op(client.2034794.0:2160 gc.24 [call rgw.gc_list] 183.8bdc9d ack+read+known_if_redirected e12924) v4 -- ?+0 0x7efff4162250 con 0x7f00581b8fe0
2015-01-08 15:01:18.821907 7f006f7fe700 1 -- 172.16.30.1:0/4159532 <== osd.232 172.16.30.7:6875/3609248 6 ==== osd_op_reply(2159 us-phx.1884261.1__shadow_ff8a7aac-33d5-4f5e-a0bf-5b3291cd0d0d.bam.2/IFfPqeWYfgEc65-23Y6e_d8bNQT69qd.1_98 [call] v0'0 uv8041 ondisk = -2 ((2) No such file or directory)) v6 ==== 271+0+0 (1467693623 0 0) 0x7effbc007c80 con 0x7f005823d000
2015-01-08 15:01:18.822125 7efff37fe700 1 -- 172.16.30.1:0/4159532 --> 172.16.30.14:7035/3142641 -- osd_op(client.2034794.0:2161 .dir.us-phx.1884261.1 [call rgw.bucket_complete_op] 186.a5acc52d ack+ondisk+write+known_if_redirected e12924) v4 -- ?+0 0x7effe00bff90 con 0x7f005820e410
2015-01-08 15:01:18.822184 7efff37fe700 20 RGWObjManifest::operator++(): rule->part_size=0 rules.size()=1
2015-01-08 15:01:18.822189 7efff37fe700 0 RGWObjManifest::operator++(): result: ofs=415236096 stripe_ofs=415236096 part_ofs=0 rule->part_size=0
2015-01-08 15:01:18.822219 7efff37fe700 20 get_obj_state: rctx=0x7efff37f91f0 obj=cghub-tcga:_shadow_ff8a7aac-33d5-4f5e-a0bf-5b3291cd0d0d.bam.2/IFfPqeWYfgEc65-23Y6e_d8bNQT69qd.1_99 state=0x7effe00c0b98 s->prefetch_data=0
2015-01-08 15:01:18.825214 7efff37fe700 1 -- 172.16.30.1:0/4159532 --> 172.16.30.9:6935/79993 -- osd_op(client.2034794.0:2162 us-phx.1884261.1__shadow_ff8a7aac-33d5-4f5e-a0bf-5b3291cd0d0d.bam.2/IFfPqeWYfgEc65-23Y6e_d8bNQT69qd.1_99 [getxattrs,stat] 196.6c34e7ef ack+read+known_if_redirected e12924) v4 -- ?+0 0x7effe00bff90 con 0x7f00582c2fe0
2015-01-08 15:01:18.825653 7f006f7fe700 1 -- 172.16.30.1:0/4159532 <== osd.526 172.16.30.12:6870/1398654 4 ==== osd_op_reply(2160 gc.24 [call] v0'0 uv57 ondisk = 0) v6 ==== 172+0+11 (595319496 0 1993775135) 0x7f0008002fd0 con 0x7f00581b8fe0
2015-01-08 15:01:18.825853 7f005e2f0700 1 -- 172.16.30.1:0/4159532 --> 172.16.30.12:6870/1398654 -- osd_op(client.2034794.0:2163 gc.24 [call lock.unlock] 183.8bdc9d ondisk+write+known_if_redirected e12924) v4 -- ?+0 0x7efff4162250 con 0x7f00581b8fe0
2015-01-08 15:01:18.837458 7f006f7fe700 1 -- 172.16.30.1:0/4159532 <== osd.170 172.16.30.9:6935/79993 3 ==== osd_op_reply(2162 us-phx.1884261.1__shadow_ff8a7aac-33d5-4f5e-a0bf-5b3291cd0d0d.bam.2/IFfPqeWYfgEc65-23Y6e_d8bNQT69qd.1_99 [getxattrs,stat] v0'0 uv0 ack = -2 ((2) No such file or directory)) v6 ==== 313+0+0 (3397877135 0 0) 0x7eff4c00a920 con 0x7f00582c2fe0
2015-01-08 15:01:18.837641 7efff37fe700 20 prepare_atomic_for_write_impl: state is not atomic. state=0x7effe00c0b98
2015-01-08 15:01:18.837667 7efff37fe700 20 RGWDataChangesLog::add_entry() bucket.name=cghub-tcga now=2015-01-08 15:01:18.837666 cur_expiration=2015-01-08 15:01:41.624942
2015-01-08 15:01:18.837801 7efff37fe700 1 -- 172.16.30.1:0/4159532 --> 172.16.30.14:7035/3142641 -- osd_op(client.2034794.0:2164 .dir.us-phx.1884261.1 [call rgw.bucket_prepare_op] 186.a5acc52d ondisk+write+known_if_redirected e12924) v4 -- ?+0 0x7effe00c1940 con 0x7f005820e410
2015-01-08 15:01:18.849675 7f006f7fe700 1 -- 172.16.30.1:0/4159532 <== osd.526 172.16.30.12:6870/1398654 5 ==== osd_op_reply(2163 gc.24 [call] v12924'58 uv58 ondisk = 0) v6 ==== 172+0+0 (2212246533 0 0) 0x7f0008002fd0 con 0x7f00581b8fe0
2015-01-08 15:01:18.849872 7f005e2f0700 1 -- 172.16.30.1:0/4159532 --> 172.16.30.3:7035/3603053 -- osd_op(client.2034794.0:2165 gc.25 [call lock.lock] 183.51baec8a ondisk+write+known_if_redirected e12924) v4 -- ?+0 0x7efff4162250 con 0x7efff4072010
2015-01-08 15:01:18.857481 7f006f7fe700 1 -- 172.16.30.1:0/4159532 <== osd.367 172.16.30.14:7035/3142641 281 ==== osd_op_reply(2161 .dir.us-phx.1884261.1 [call] v12924'222384 uv222384 ack = 0) v6 ==== 188+0+0 (1230733892 0 0) 0x7efeb0005d70 con 0x7f005820e410
2015-01-08 15:01:18.857811 7f006f7fe700 1 -- 172.16.30.1:0/4159532 <== osd.367 172.16.30.14:7035/3142641 282 ==== osd_op_reply(2161 .dir.us-phx.1884261.1 [call] v12924'222384 uv222384 ondisk = 0) v6 ==== 188+0+0 (3300530183 0 0) 0x7efeb0005d70 con 0x7f005820e410
2015-01-08 15:01:18.863478 7f006f7fe700 1 -- 172.16.30.1:0/4159532 <== osd.367 172.16.30.14:7035/3142641 283 ==== osd_op_reply(2164 .dir.us-phx.1884261.1 [call] v12924'222385 uv222385 ondisk = 0) v6 ==== 188+0+0 (1867615441 0 0) 0x7efeb0005d70 con 0x7f005820e410
2015-01-08 15:01:18.866560 7efff37fe700 1 -- 172.16.30.1:0/4159532 --> 172.16.30.9:6935/79993 -- osd_op(client.2034794.0:2166 us-phx.1884261.1__shadow_ff8a7aac-33d5-4f5e-a0bf-5b3291cd0d0d.bam.2/IFfPqeWYfgEc65-23Y6e_d8bNQT69qd.1_99 [call refcount.put] 196.6c34e7ef ondisk+write+known_if_redirected e12924) v4 -- ?+0 0x7effe00c7120 con 0x7f00582c2fe0
2015-01-08 15:01:18.886295 7f006f7fe700 1 -- 172.16.30.1:0/4159532 <== osd.170 172.16.30.9:6935/79993 4 ==== osd_op_reply(2166 us-phx.1884261.1__shadow_ff8a7aac-33d5-4f5e-a0bf-5b3291cd0d0d.bam.2/IFfPqeWYfgEc65-23Y6e_d8bNQT69qd.1_99 [call] v0'0 uv8486 ondisk = -2 ((2) No such file or directory)) v6 ==== 271+0+0 (221189777 0 0) 0x7eff4c00a920 con 0x7f00582c2fe0
2015-01-08 15:01:18.886509 7efff37fe700 1 -- 172.16.30.1:0/4159532 --> 172.16.30.14:7035/3142641 -- osd_op(client.2034794.0:2167 .dir.us-phx.1884261.1 [call rgw.bucket_complete_op] 186.a5acc52d ack+ondisk+write+known_if_redirected e12924) v4 -- ?+0 0x7effe00c1940 con 0x7f005820e410
2015-01-08 15:01:18.886570 7efff37fe700 20 RGWObjManifest::operator++(): rule->part_size=0 rules.size()=1
2015-01-08 15:01:18.886575 7efff37fe700 0 RGWObjManifest::operator++(): result: ofs=419430400 stripe_ofs=419430400 part_ofs=0 rule->part_size=0
2015-01-08 15:01:18.886604 7efff37fe700 20 get_obj_state: rctx=0x7efff37f91f0 obj=cghub-tcga:_shadow_ff8a7aac-33d5-4f5e-a0bf-5b3291cd0d0d.bam.2/IFfPqeWYfgEc65-23Y6e_d8bNQT69qd.1_100 state=0x7effe00c2468 s->prefetch_data=0
2015-01-08 15:01:18.887482 7efff37fe700 1 -- 172.16.30.1:0/4159532 --> 172.16.30.8:6975/2659778 -- osd_op(client.2034794.0:2168 us-phx.1884261.1__shadow_ff8a7aac-33d5-4f5e-a0bf-5b3291cd0d0d.bam.2/IFfPqeWYfgEc65-23Y6e_d8bNQT69qd.1_100 [getxattrs,stat] 196.6afbdb06 ack+read+known_if_redirected e12924) v4 -- ?+0 0x7effe00c1940 con 0x7f00581415f0
2015-01-08 15:01:18.892585 7f006f7fe700 1 -- 172.16.30.1:0/4159532 <== osd.682 172.16.30.3:7035/3603053 4 ==== osd_op_reply(2165 gc.25 [call] v12924'117 uv117 ondisk = 0) v6 ==== 172+0+0 (724479757 0 0) 0x7efebc0092e0 con 0x7efff4072010
2015-01-08 15:01:18.892784 7f005e2f0700 1 -- 172.16.30.1:0/4159532 --> 172.16.30.3:7035/3603053 -- osd_op(client.2034794.0:2169 gc.25 [call rgw.gc_list] 183.51baec8a ack+read+known_if_redirected e12924) v4 -- ?+0 0x7efff4162250 con 0x7efff4072010
2015-01-08 15:01:18.902966 7f006f7fe700 1 -- 172.16.30.1:0/4159532 <== osd.133 172.16.30.8:6975/2659778 3 ==== osd_op_reply(2168 us-phx.1884261.1__shadow_ff8a7aac-33d5-4f5e-a0bf-5b3291cd0d0d.bam.2/IFfPqeWYfgEc65-23Y6e_d8bNQT69qd.1_100 [getxattrs,stat] v0'0 uv0 ack = -2 ((2) No such file or directory)) v6 ==== 314+0+0 (3568176693 0 0) 0x7efd280095a0 con 0x7f00581415f0
2015-01-08 15:01:18.903135 7efff37fe700 20 prepare_atomic_for_write_impl: state is not atomic. state=0x7effe00c2468
2015-01-08 15:01:18.903164 7efff37fe700 20 RGWDataChangesLog::add_entry() bucket.name=cghub-tcga now=2015-01-08 15:01:18.903163 cur_expiration=2015-01-08 15:01:41.624942
2015-01-08 15:01:18.903297 7efff37fe700 1 -- 172.16.30.1:0/4159532 --> 172.16.30.14:7035/3142641 -- osd_op(client.2034794.0:2170 .dir.us-phx.1884261.1 [call rgw.bucket_prepare_op] 186.a5acc52d ondisk+write+known_if_redirected e12924) v4 -- ?+0 0x7effe00c2aa0 con 0x7f005820e410
2015-01-08 15:01:18.904296 7f006f7fe700 1 -- 172.16.30.1:0/4159532 <== osd.682 172.16.30.3:7035/3603053 5 ==== osd_op_reply(2169 gc.25 [call] v0'0 uv117 ondisk = 0) v6 ==== 172+0+11 (2231343982 0 1993775135) 0x7efebc0092e0 con 0x7efff4072010
2015-01-08 15:01:18.904500 7f005e2f0700 1 -- 172.16.30.1:0/4159532 --> 172.16.30.3:7035/3603053 -- osd_op(client.2034794.0:2171 gc.25 [call lock.unlock] 183.51baec8a ondisk+write+known_if_redirected e12924) v4 -- ?+0 0x7efff4162250 con 0x7efff4072010
2015-01-08 15:01:18.924377 7f006f7fe700 1 -- 172.16.30.1:0/4159532 <== osd.367 172.16.30.14:7035/3142641 284 ==== osd_op_reply(2167 .dir.us-phx.1884261.1 [call] v12924'222386 uv222386 ack = 0) v6 ==== 188+0+0 (2950610958 0 0) 0x7efeb0005d70 con 0x7f005820e410
2015-01-08 15:01:18.925286 7f006f7fe700 1 -- 172.16.30.1:0/4159532 <== osd.367 172.16.30.14:7035/3142641 285 ==== osd_op_reply(2167 .dir.us-phx.1884261.1 [call] v12924'222386 uv222386 ondisk = 0) v6 ==== 188+0+0 (574577229 0 0) 0x7efeb000c7f0 con 0x7f005820e410
2015-01-08 15:01:18.935851 7f006f7fe700 1 -- 172.16.30.1:0/4159532 <== osd.367 172.16.30.14:7035/3142641 286 ==== osd_op_reply(2170 .dir.us-phx.1884261.1 [call] v12924'222387 uv222387 ondisk = 0) v6 ==== 188+0+0 (3694414700 0 0) 0x7efeb0005d70 con 0x7f005820e410
2015-01-08 15:01:18.936865 7efff37fe700 1 -- 172.16.30.1:0/4159532 --> 172.16.30.8:6975/2659778 -- osd_op(client.2034794.0:2172 us-phx.1884261.1__shadow_ff8a7aac-33d5-4f5e-a0bf-5b3291cd0d0d.bam.2/IFfPqeWYfgEc65-23Y6e_d8bNQT69qd.1_100 [call refcount.put] 196.6afbdb06 ondisk+write+known_if_redirected e12924) v4 -- ?+0 0x7effe00cb0e0 con 0x7f00581415f0
2015-01-08 15:01:18.944319 7f006f7fe700 1 -- 172.16.30.1:0/4159532 <== osd.682 172.16.30.3:7035/3603053 6 ==== osd_op_reply(2171 gc.25 [call] v12924'118 uv118 ondisk = 0) v6 ==== 172+0+0 (2872674944 0 0) 0x7efebc0092e0 con 0x7efff4072010
2015-01-08 15:01:18.944527 7f005e2f0700 1 -- 172.16.30.1:0/4159532 --> 172.16.30.12:7065/1401967 -- osd_op(client.2034794.0:2173 gc.26 [call lock.lock] 183.386217e ondisk+write+known_if_redirected e12924) v4 -- ?+0 0x7efff4162250 con 0x7f0058360290
2015-01-08 15:01:18.962699 7f006f7fe700 1 -- 172.16.30.1:0/4159532 <== osd.133 172.16.30.8:6975/2659778 4 ==== osd_op_reply(2172 us-phx.1884261.1__shadow_ff8a7aac-33d5-4f5e-a0bf-5b3291cd0d0d.bam.2/IFfPqeWYfgEc65-23Y6e_d8bNQT69qd.1_100 [call] v0'0 uv8533 ondisk = -2 ((2) No such file or directory)) v6 ==== 272+0+0 (4285107335 0 0) 0x7efd280095a0 con 0x7f00581415f0
2015-01-08 15:01:18.962937 7efff37fe700 1 -- 172.16.30.1:0/4159532 --> 172.16.30.14:7035/3142641 -- osd_op(client.2034794.0:2174 .dir.us-phx.1884261.1 [call rgw.bucket_complete_op] 186.a5acc52d ack+ondisk+write+known_if_redirected e12924) v4 -- ?+0 0x7effe00cb0e0 con 0x7f005820e410
2015-01-08 15:01:18.962997 7efff37fe700 20 RGWObjManifest::operator++(): rule->part_size=0 rules.size()=1
2015-01-08 15:01:18.963002 7efff37fe700 0 RGWObjManifest::operator++(): result: ofs=423624704 stripe_ofs=423624704 part_ofs=0 rule->part_size=0
2015-01-08 15:01:18.963031 7efff37fe700 20 get_obj_state: rctx=0x7efff37f91f0 obj=cghub-tcga:_shadow_ff8a7aac-33d5-4f5e-a0bf-5b3291cd0d0d.bam.2/IFfPqeWYfgEc65-23Y6e_d8bNQT69qd.1_101 state=0x7effe00cb6a8 s->prefetch_data=0
2015-01-08 15:01:18.963403 7efff37fe700 1 -- 172.16.30.1:0/4159532 --> 172.16.30.4:6975/3110891 -- osd_op(client.2034794.0:2175 us-phx.1884261.1__shadow_ff8a7aac-33d5-4f5e-a0bf-5b3291cd0d0d.bam.2/IFfPqeWYfgEc65-23Y6e_d8bNQT69qd.1_101 [getxattrs,stat] 196.22efc036 ack+read+known_if_redirected e12924) v4 -- ?+0 0x7effe00cb0e0 con 0x7f0058346290
2015-01-08 15:01:18.975367 7f006f7fe700 1 -- 172.16.30.1:0/4159532 <== osd.712 172.16.30.4:6975/3110891 3 ==== osd_op_reply(2175 us-phx.1884261.1__shadow_ff8a7aac-33d5-4f5e-a0bf-5b3291cd0d0d.bam.2/IFfPqeWYfgEc65-23Y6e_d8bNQT69qd.1_101 [getxattrs,stat] v0'0 uv0 ack = -2 ((2) No such file or directory)) v6 ==== 314+0+0 (919299408 0 0) 0x7efeb8009180 con 0x7f0058346290
2015-01-08 15:01:18.975536 7efff37fe700 20 prepare_atomic_for_write_impl: state is not atomic. state=0x7effe00cb6a8
2015-01-08 15:01:18.975562 7efff37fe700 20 RGWDataChangesLog::add_entry() bucket.name=cghub-tcga now=2015-01-08 15:01:18.975561 cur_expiration=2015-01-08 15:01:41.624942
2015-01-08 15:01:18.975731 7efff37fe700 1 -- 172.16.30.1:0/4159532 --> 172.16.30.14:7035/3142641 -- osd_op(client.2034794.0:2176 .dir.us-phx.1884261.1 [call rgw.bucket_prepare_op] 186.a5acc52d ondisk+write+known_if_redirected e12924) v4 -- ?+0 0x7effe00cbd60 con 0x7f005820e410
2015-01-08 15:01:18.977085 7f006f7fe700 1 -- 172.16.30.1:0/4159532 <== osd.335 172.16.30.12:7065/1401967 6 ==== osd_op_reply(2173 gc.26 [call] v12924'57 uv57 ondisk = 0) v6 ==== 172+0+0 (3371416400 0 0) 0x7eff5c005160 con 0x7f0058360290
2015-01-08 15:01:18.977300 7f005e2f0700 1 -- 172.16.30.1:0/4159532 --> 172.16.30.12:7065/1401967 -- osd_op(client.2034794.0:2177 gc.26 [call rgw.gc_list] 183.386217e ack+read+known_if_redirected e12924) v4 -- ?+0 0x7efff4162250 con 0x7f0058360290
2015-01-08 15:01:18.983189 7f006ffff700 1 -- 172.16.30.1:0/4159532 --> 172.16.30.5:7105/3335545 -- ping magic: 0 v1 -- ?+0 0x7eff38006d30 con 0x138cc00
2015-01-08 15:01:18.983232 7f006ffff700 1 -- 172.16.30.1:0/4159532 --> 172.16.30.9:6885/79261 -- ping magic: 0 v1 -- ?+0 0x7eff3800e710 con 0x138ea00
2015-01-08 15:01:18.983249 7f006ffff700 1 -- 172.16.30.1:0/4159532 --> 172.16.30.14:7000/3141948 -- ping magic: 0 v1 -- ?+0 0x7eff3800e410 con 0x1390710
2015-01-08 15:01:18.983265 7f006ffff700 1 -- 172.16.30.1:0/4159532 --> 172.16.30.5:7065/3334590 -- ping magic: 0 v1 -- ?+0 0x7eff3800de10 con 0x1392420
2015-01-08 15:01:18.983280 7f006ffff700 1 -- 172.16.30.1:0/4159532 --> 172.16.30.12:6935/1399575 -- ping magic: 0 v1 -- ?+0 0x7eff3800ea10 con 0x1394130
2015-01-08 15:01:18.983296 7f006ffff700 1 -- 172.16.30.1:0/4159532 --> 172.16.30.5:6820/3330924 -- ping magic: 0 v1 -- ?+0 0x7eff3800ed10 con 0x1395e40
2015-01-08 15:01:18.983324 7f006ffff700 1 -- 172.16.30.1:0/4159532 --> 172.16.30.12:6995/1400703 -- ping magic: 0 v1 -- ?+0 0x7eff38007360 con 0x1397b50
2015-01-08 15:01:18.983350 7f006ffff700 1 -- 172.16.30.1:0/4159532 --> 172.16.30.5:6870/3331434 -- ping magic: 0 v1 -- ?+0 0x7eff38007660 con 0x1399860
2015-01-08 15:01:18.985169 7f006f7fe700 1 -- 172.16.30.1:0/4159532 <== osd.335 172.16.30.12:7065/1401967 7 ==== osd_op_reply(2177 gc.26 [call] v0'0 uv57 ondisk = 0) v6 ==== 172+0+11 (3896733712 0 1993775135) 0x7eff5c005160 con 0x7f0058360290
2015-01-08 15:01:18.985362 7f005e2f0700 1 -- 172.16.30.1:0/4159532 --> 172.16.30.12:7065/1401967 -- osd_op(client.2034794.0:2178 gc.26 [call lock.unlock] 183.386217e ondisk+write+known_if_redirected e12924) v4 -- ?+0 0x7efff4162250 con 0x7f0058360290
2015-01-08 15:01:19.000069 7f006f7fe700 1 -- 172.16.30.1:0/4159532 <== osd.367 172.16.30.14:7035/3142641 287 ==== osd_op_reply(2174 .dir.us-phx.1884261.1 [call] v12924'222388 uv222388 ondisk = 0) v6 ==== 188+0+0 (1153766554 0 0) 0x7efeb000c7f0 con 0x7f005820e410
2015-01-08 15:01:19.009161 7f006f7fe700 1 -- 172.16.30.1:0/4159532 <== osd.335 172.16.30.12:7065/1401967 8 ==== osd_op_reply(2178 gc.26 [call] v12924'58 uv58 ondisk = 0) v6 ==== 172+0+0 (1222942429 0 0) 0x7eff5c005160 con 0x7f0058360290
2015-01-08 15:01:19.009376 7f005e2f0700 1 -- 172.16.30.1:0/4159532 --> 172.16.30.3:6805/3599747 -- osd_op(client.2034794.0:2179 gc.27 [call lock.lock] 183.eba9ff7b ondisk+write+known_if_redirected e12924) v4 -- ?+0 0x7efff4162250 con 0x7f0058372470
2015-01-08 15:01:19.011715 7f006f7fe700 1 -- 172.16.30.1:0/4159532 <== osd.367 172.16.30.14:7035/3142641 288 ==== osd_op_reply(2176 .dir.us-phx.1884261.1 [call] v12924'222389 uv222389 ondisk = 0) v6 ==== 188+0+0 (4065852227 0 0) 0x7efeb0005d70 con 0x7f005820e410
2015-01-08 15:01:19.012223 7efff37fe700 1 -- 172.16.30.1:0/4159532 --> 172.16.30.4:6975/3110891 -- osd_op(client.2034794.0:2180 us-phx.1884261.1__shadow_ff8a7aac-33d5-4f5e-a0bf-5b3291cd0d0d.bam.2/IFfPqeWYfgEc65-23Y6e_d8bNQT69qd.1_101 [call refcount.put] 196.22efc036 ondisk+write+known_if_redirected e12924) v4 -- ?+0 0x7effe00c4000 con 0x7f0058346290
2015-01-08 15:01:19.028520 7f006f7fe700 1 -- 172.16.30.1:0/4159532 <== osd.712 172.16.30.4:6975/3110891 4 ==== osd_op_reply(2180 us-phx.1884261.1__shadow_ff8a7aac-33d5-4f5e-a0bf-5b3291cd0d0d.bam.2/IFfPqeWYfgEc65-23Y6e_d8bNQT69qd.1_101 [call] v0'0 uv8268 ondisk = -2 ((2) No such file or directory)) v6 ==== 272+0+0 (740389758 0 0) 0x7efeb8009180 con 0x7f0058346290
2015-01-08 15:01:19.028756 7efff37fe700 1 -- 172.16.30.1:0/4159532 --> 172.16.30.14:7035/3142641 -- osd_op(client.2034794.0:2181 .dir.us-phx.1884261.1 [call rgw.bucket_complete_op] 186.a5acc52d ack+ondisk+write+known_if_redirected e12924) v4 -- ?+0 0x7effe00cbb60 con 0x7f005820e410
2015-01-08 15:01:19.028815 7efff37fe700 20 RGWObjManifest::operator++(): rule->part_size=0 rules.size()=1
2015-01-08 15:01:19.028819 7efff37fe700 0 RGWObjManifest::operator++(): result: ofs=427819008 stripe_ofs=427819008 part_ofs=0 rule->part_size=0
2015-01-08 15:01:19.028849 7efff37fe700 20 get_obj_state: rctx=0x7efff37f91f0 obj=cghub-tcga:_shadow_ff8a7aac-33d5-4f5e-a0bf-5b3291cd0d0d.bam.2/IFfPqeWYfgEc65-23Y6e_d8bNQT69qd.1_102 state=0x7effe00c4a68 s->prefetch_data=0
2015-01-08 15:01:19.029038 7efff37fe700 1 -- 172.16.30.1:0/4159532 --> 172.16.30.13:6835/3095584 -- osd_op(client.2034794.0:2182 us-phx.1884261.1__shadow_ff8a7aac-33d5-4f5e-a0bf-5b3291cd0d0d.bam.2/IFfPqeWYfgEc65-23Y6e_d8bNQT69qd.1_102 [getxattrs,stat] 196.e6d948aa ack+read+known_if_redirected e12924) v4 -- ?+0 0x7effe00cbb60 con 0x7f005843bae0
2015-01-08 15:01:19.035267 7f006f7fe700 1 -- 172.16.30.1:0/4159532 <== osd.565 172.16.30.13:6835/3095584 5 ==== osd_op_reply(2182 us-phx.1884261.1__shadow_ff8a7aac-33d5-4f5e-a0bf-5b3291cd0d0d.bam.2/IFfPqeWYfgEc65-23Y6e_d8bNQT69qd.1_102 [getxattrs,stat] v0'0 uv0 ack = -2 ((2) No such file or directory)) v6 ==== 314+0+0 (1742302767 0 0) 0x7f0000002e30 con 0x7f005843bae0
2015-01-08 15:01:19.035432 7efff37fe700 20 prepare_atomic_for_write_impl: state is not atomic. state=0x7effe00c4a68
2015-01-08 15:01:19.035458 7efff37fe700 20 RGWDataChangesLog::add_entry() bucket.name=cghub-tcga now=2015-01-08 15:01:19.035457 cur_expiration=2015-01-08 15:01:41.624942
