2015-01-08 15:00:58.966379 7f00809da840 0 ceph version 0.87 (c51c8f9d80fa4e0168aa52685b8de40e42758578), process radosgw, pid 3159527
2015-01-08 15:00:58.976019 7f00809da840 1 -- :/0 messenger.start
2015-01-08 15:00:58.976871 7f00809da840 1 -- :/4159532 --> 172.16.30.11:6789/0 -- auth(proto 0 39 bytes epoch 0) v1 -- ?+0 0x137c940 con 0x137c550
2015-01-08 15:00:58.977383 7f00809d2700 1 -- 172.16.30.1:0/4159532 learned my addr 172.16.30.1:0/4159532
2015-01-08 15:00:58.978304 7f006f7fe700 1 -- 172.16.30.1:0/4159532 <== mon.2 172.16.30.11:6789/0 1 ==== mon_map magic: 0 v1 ==== 506+0+0 (486452812 0 0) 0x7f0064000bf0 con 0x137c550
2015-01-08 15:00:58.978561 7f006f7fe700 1 -- 172.16.30.1:0/4159532 <== mon.2 172.16.30.11:6789/0 2 ==== auth_reply(proto 2 0 (0) Success) v1 ==== 33+0+0 (484719388 0 0) 0x7f00640010b0 con 0x137c550
2015-01-08 15:00:58.978928 7f006f7fe700 1 -- 172.16.30.1:0/4159532 --> 172.16.30.11:6789/0 -- auth(proto 2 32 bytes epoch 0) v1 -- ?+0 0x7f00580015c0 con 0x137c550
2015-01-08 15:00:58.979776 7f006f7fe700 1 -- 172.16.30.1:0/4159532 <== mon.2 172.16.30.11:6789/0 3 ==== auth_reply(proto 2 0 (0) Success) v1 ==== 222+0+0 (1826947272 0 0) 0x7f00640010b0 con 0x137c550
2015-01-08 15:00:58.979933 7f006f7fe700 1 -- 172.16.30.1:0/4159532 --> 172.16.30.11:6789/0 -- auth(proto 2 181 bytes epoch 0) v1 -- ?+0 0x7f00580037b0 con 0x137c550
2015-01-08 15:00:58.980660 7f006f7fe700 1 -- 172.16.30.1:0/4159532 <== mon.2 172.16.30.11:6789/0 4 ==== auth_reply(proto 2 0 (0) Success) v1 ==== 425+0+0 (2947040535 0 0) 0x7f00640008c0 con 0x137c550
2015-01-08 15:00:58.980787 7f006f7fe700 1 -- 172.16.30.1:0/4159532 --> 172.16.30.11:6789/0 -- mon_subscribe({monmap=0+}) v2 -- ?+0 0x137cd00 con 0x137c550
2015-01-08 15:00:58.980878 7f00809da840 1 -- 172.16.30.1:0/4159532 --> 172.16.30.11:6789/0 -- mon_subscribe({monmap=2+,osdmap=0}) v2 -- ?+0 0x137cfb0 con 0x137c550
2015-01-08 15:00:58.980942 7f00809da840 1 -- 172.16.30.1:0/4159532 --> 172.16.30.11:6789/0 -- mon_subscribe({monmap=2+,osdmap=0}) v2 -- ?+0 0x137c940 con 0x137c550
2015-01-08 15:00:58.981196 7f006f7fe700 1 -- 172.16.30.1:0/4159532 <== mon.2 172.16.30.11:6789/0 5 ==== mon_map magic: 0 v1 ==== 506+0+0 (486452812 0 0) 0x7f0064001340 con 0x137c550
2015-01-08 15:00:58.981258 7f006f7fe700 1 -- 172.16.30.1:0/4159532 <== mon.2 172.16.30.11:6789/0 6 ==== mon_subscribe_ack(300s) v1 ==== 20+0+0 (538483382 0 0) 0x7f00640015f0 con 0x137c550
2015-01-08 15:00:58.981690 7f005f7fe700 2 RGWDataChangesLog::ChangesRenewThread: start
2015-01-08 15:00:58.985857 7f006f7fe700 1 -- 172.16.30.1:0/4159532 <== mon.2 172.16.30.11:6789/0 7 ==== osd_map(12924..12924 src has 7797..12924) v3 ==== 529628+0+0 (4139079956 0 0) 0x7f00640008c0 con 0x137c550
2015-01-08 15:00:58.989703 7f006f7fe700 1 -- 172.16.30.1:0/4159532 <== mon.2 172.16.30.11:6789/0 8 ==== mon_subscribe_ack(300s) v1 ==== 20+0+0 (538483382 0 0) 0x7f0064001450 con 0x137c550
2015-01-08 15:00:58.989747 7f006f7fe700 1 -- 172.16.30.1:0/4159532 <== mon.2 172.16.30.11:6789/0 9 ==== osd_map(12924..12924 src has 7797..12924) v3 ==== 529628+0+0 (4139079956 0 0) 0x7f0064001750 con 0x137c550
2015-01-08 15:00:58.989745 7f00809da840 20 get_obj_state: rctx=0x137b750 obj=.us.rgw.root:region_info.us state=0x137f4c8 s->prefetch_data=0
2015-01-08 15:00:58.989937 7f00809da840 10 cache get: name=.us.rgw.root+region_info.us : miss
2015-01-08 15:00:58.989939 7f006f7fe700 1 -- 172.16.30.1:0/4159532 <== mon.2 172.16.30.11:6789/0 10 ==== mon_subscribe_ack(300s) v1 ==== 20+0+0 (538483382 0 0) 0x7f0064001c10 con 0x137c550
2015-01-08 15:00:58.990229 7f00809da840 1 -- 172.16.30.1:0/4159532 --> 172.16.30.4:6930/3110179 -- osd_op(client.2034794.0:1 region_info.us [getxattrs,stat] 179.5f61cfc6 ack+read+known_if_redirected e12924) v4 -- ?+0 0x1381790 con 0x13813e0
2015-01-08 15:00:58.997925 7f006f7fe700 1 -- 172.16.30.1:0/4159532 <== osd.728 172.16.30.4:6930/3110179 1 ==== osd_op_reply(1 region_info.us [getxattrs,stat] v0'0 uv1 ondisk = 0) v6 ==== 223+0+20 (1815599453 0 644355542) 0x7f0050000c40 con 0x13813e0
2015-01-08 15:00:58.998083 7f00809da840 10 cache put: name=.us.rgw.root+region_info.us
2015-01-08 15:00:58.998113 7f00809da840 10 adding .us.rgw.root+region_info.us to cache LRU end
2015-01-08 15:00:58.998132 7f00809da840 20 get_obj_state: s->obj_tag was set empty
2015-01-08 15:00:58.998154 7f00809da840 10 cache get: name=.us.rgw.root+region_info.us : type miss (requested=1, cached=6)
2015-01-08 15:00:58.998174 7f00809da840 20 get_obj_state: rctx=0x137b750 obj=.us.rgw.root:region_info.us state=0x137f4c8 s->prefetch_data=0
2015-01-08 15:00:58.998183 7f00809da840 10 cache get: name=.us.rgw.root+region_info.us : hit
2015-01-08 15:00:58.998190 7f00809da840 20 get_obj_state: s->obj_tag was set empty
2015-01-08 15:00:58.998210 7f00809da840 20 get_obj_state: rctx=0x137b750 obj=.us.rgw.root:region_info.us state=0x137f4c8 s->prefetch_data=0
2015-01-08 15:00:58.998214 7f00809da840 20 state for obj=.us.rgw.root:region_info.us is not atomic, not appending atomic test
2015-01-08 15:00:58.998216 7f00809da840 20 rados->read obj-ofs=0 read_ofs=0 read_len=524288
2015-01-08 15:00:58.998276 7f00809da840 1 -- 172.16.30.1:0/4159532 --> 172.16.30.4:6930/3110179 -- osd_op(client.2034794.0:2 region_info.us [read 0~524288] 179.5f61cfc6 ack+read+known_if_redirected e12924) v4 -- ?+0 0x1382300 con 0x13813e0
2015-01-08 15:00:59.002644 7f006f7fe700 1 -- 172.16.30.1:0/4159532 <== osd.728 172.16.30.4:6930/3110179 2 ==== osd_op_reply(2 region_info.us [read 0~234] v0'0 uv1 ondisk = 0) v6 ==== 181+0+234 (423781524 0 1289849551) 0x7f0050000c40 con 0x13813e0
2015-01-08 15:00:59.002703 7f00809da840 20 rados->read r=0 bl.length=234
2015-01-08 15:00:59.002731 7f00809da840 10 cache put: name=.us.rgw.root+region_info.us
2015-01-08 15:00:59.002741 7f00809da840 10 moving .us.rgw.root+region_info.us to cache LRU end
2015-01-08 15:00:59.002781 7f00809da840 20 get_obj_state: rctx=0x1382540 obj=.us-phx.rgw.root:zone_info.us-phx state=0x137f318 s->prefetch_data=0
2015-01-08 15:00:59.002790 7f00809da840 10 cache get: name=.us-phx.rgw.root+zone_info.us-phx : miss
2015-01-08 15:00:59.002875 7f00809da840 1 -- 172.16.30.1:0/4159532 --> 172.16.30.13:7095/3099639 -- osd_op(client.2034794.0:3 zone_info.us-phx [getxattrs,stat] 181.6fbe205f ack+read+known_if_redirected e12924) v4 -- ?+0 0x1385550 con 0x1385160
2015-01-08 15:00:59.014523 7f006f7fe700 1 -- 172.16.30.1:0/4159532 <== osd.312 172.16.30.13:7095/3099639 1 ==== osd_op_reply(3 zone_info.us-phx [getxattrs,stat] v0'0 uv2 ondisk = 0) v6 ==== 225+0+20 (2644627843 0 2827677165) 0x7f0048000c40 con 0x1385160
2015-01-08 15:00:59.014634 7f00809da840 10 cache put: name=.us-phx.rgw.root+zone_info.us-phx
2015-01-08 15:00:59.014662 7f00809da840 10 adding .us-phx.rgw.root+zone_info.us-phx to cache LRU end
2015-01-08 15:00:59.014670 7f00809da840 20 get_obj_state: s->obj_tag was set empty
2015-01-08 15:00:59.014682 7f00809da840 10 cache get: name=.us-phx.rgw.root+zone_info.us-phx : type miss (requested=1, cached=6)
2015-01-08 15:00:59.014697 7f00809da840 20 get_obj_state: rctx=0x13841b0 obj=.us-phx.rgw.root:zone_info.us-phx state=0x137f318 s->prefetch_data=0
2015-01-08 15:00:59.014705 7f00809da840 10 cache get: name=.us-phx.rgw.root+zone_info.us-phx : hit
2015-01-08 15:00:59.014710 7f00809da840 20 get_obj_state: s->obj_tag was set empty
2015-01-08 15:00:59.014722 7f00809da840 20 get_obj_state: rctx=0x13841b0 obj=.us-phx.rgw.root:zone_info.us-phx state=0x137f318 s->prefetch_data=0
2015-01-08 15:00:59.014725 7f00809da840 20 state for obj=.us-phx.rgw.root:zone_info.us-phx is not atomic, not appending atomic test
2015-01-08 15:00:59.014728 7f00809da840 20 rados->read obj-ofs=0 read_ofs=0 read_len=524288
2015-01-08 15:00:59.014794 7f00809da840 1 -- 172.16.30.1:0/4159532 --> 172.16.30.13:7095/3099639 -- osd_op(client.2034794.0:4 zone_info.us-phx [read 0~524288] 181.6fbe205f ack+read+known_if_redirected e12924) v4 -- ?+0 0x1386150 con 0x1385160
2015-01-08 15:00:59.019510 7f006f7fe700 1 -- 172.16.30.1:0/4159532 <== osd.312 172.16.30.13:7095/3099639 2 ==== osd_op_reply(4 zone_info.us-phx [read 0~1084] v0'0 uv2 ondisk = 0) v6 ==== 183+0+1084 (1373704155 0 3194038054) 0x7f0048000b90 con 0x1385160
2015-01-08 15:00:59.019559 7f00809da840 20 rados->read r=0 bl.length=1084
2015-01-08 15:00:59.019585 7f00809da840 10 cache put: name=.us-phx.rgw.root+zone_info.us-phx
2015-01-08 15:00:59.019588 7f00809da840 10 moving .us-phx.rgw.root+zone_info.us-phx to cache LRU end
2015-01-08 15:00:59.019614 7f00809da840 2 zone us-phx is master
2015-01-08 15:00:59.019638 7f00809da840 20 get_obj_state: rctx=0x13863a0 obj=.us-phx.rgw.root:region_map state=0x1386748 s->prefetch_data=0
2015-01-08 15:00:59.019652 7f00809da840 10 cache get: name=.us-phx.rgw.root+region_map : miss
2015-01-08 15:00:59.019736 7f00809da840 1 -- 172.16.30.1:0/4159532 --> 172.16.30.16:7055/2755548 -- osd_op(client.2034794.0:5 region_map [getxattrs,stat] 181.bd31b503 ack+read+known_if_redirected e12924) v4 -- ?+0 0x1389960 con 0x13895b0
2015-01-08 15:00:59.031402 7f006f7fe700 1 -- 172.16.30.1:0/4159532 <== osd.349 172.16.30.16:7055/2755548 1 ==== osd_op_reply(5 region_map [getxattrs,stat] v0'0 uv2 ondisk = 0) v6 ==== 219+0+20 (2264077189 0 3407882465) 0x7f0040000c40 con 0x13895b0
2015-01-08 15:00:59.031503 7f00809da840 10 cache put: name=.us-phx.rgw.root+region_map
2015-01-08 15:00:59.031540 7f00809da840 10 adding .us-phx.rgw.root+region_map to cache LRU end
2015-01-08 15:00:59.031548 7f00809da840 20 get_obj_state: s->obj_tag was set empty
2015-01-08 15:00:59.031560 7f00809da840 10 cache get: name=.us-phx.rgw.root+region_map : type miss (requested=1, cached=6)
2015-01-08 15:00:59.031573 7f00809da840 20 get_obj_state: rctx=0x13863a0 obj=.us-phx.rgw.root:region_map state=0x1386748 s->prefetch_data=0
2015-01-08 15:00:59.031581 7f00809da840 10 cache get: name=.us-phx.rgw.root+region_map : hit
2015-01-08 15:00:59.031587 7f00809da840 20 get_obj_state: s->obj_tag was set empty
2015-01-08 15:00:59.031598 7f00809da840 20 get_obj_state: rctx=0x13863a0 obj=.us-phx.rgw.root:region_map state=0x1386748 s->prefetch_data=0
2015-01-08 15:00:59.031602 7f00809da840 20 state for obj=.us-phx.rgw.root:region_map is not atomic, not appending atomic test
2015-01-08 15:00:59.031604 7f00809da840 20 rados->read obj-ofs=0 read_ofs=0 read_len=524288
2015-01-08 15:00:59.031664 7f00809da840 1 -- 172.16.30.1:0/4159532 --> 172.16.30.16:7055/2755548 -- osd_op(client.2034794.0:6 region_map [read 0~524288] 181.bd31b503 ack+read+known_if_redirected e12924) v4 -- ?+0 0x138a490 con 0x13895b0
2015-01-08 15:00:59.035386 7f006f7fe700 1 -- 172.16.30.1:0/4159532 <== osd.349 172.16.30.16:7055/2755548 2 ==== osd_op_reply(6 region_map [read 0~302] v0'0 uv2 ondisk = 0) v6 ==== 177+0+302 (1253364522 0 917944721) 0x7f0040000c40 con 0x13895b0
2015-01-08 15:00:59.035470 7f00809da840 20 rados->read r=0 bl.length=302
2015-01-08 15:00:59.035518 7f00809da840 10 cache put: name=.us-phx.rgw.root+region_map
2015-01-08 15:00:59.035539 7f00809da840 10 moving .us-phx.rgw.root+region_map to cache LRU end
2015-01-08 15:00:59.035767 7f00809da840 1 -- 172.16.30.1:0/4159532 --> 172.16.30.5:7105/3335545 -- osd_op(client.2034794.0:7 notify.0 [create 0~0] 182.4322fa9f ondisk+write+known_if_redirected e12924) v4 -- ?+0 0x138cfc0 con 0x138cc00
2015-01-08 15:00:59.122177 7f006f7fe700 1 -- 172.16.30.1:0/4159532 <== osd.1 172.16.30.5:7105/3335545 1 ==== osd_op_reply(7 notify.0 [create 0~0] v12924'28 uv28 ondisk = 0) v6 ==== 175+0+0 (506466230 0 0) 0x7f0038000aa0 con 0x138cc00
2015-01-08 15:00:59.122336 7f00809da840 1 -- 172.16.30.1:0/4159532 --> 172.16.30.5:7105/3335545 -- osd_op(client.2034794.0:8 notify.0 [watch add cookie 1 ver 0] 182.4322fa9f ondisk+write+known_if_redirected e12924) v4 -- ?+0 0x138d920 con 0x138cc00
2015-01-08 15:00:59.147873 7f006f7fe700 1 -- 172.16.30.1:0/4159532 <== osd.1 172.16.30.5:7105/3335545 2 ==== osd_op_reply(8 notify.0 [watch add cookie 1 ver 0] v12924'29 uv28 ondisk = 0) v6 ==== 175+0+0 (2647924704 0 0) 0x7f0038000aa0 con 0x138cc00
2015-01-08 15:00:59.148043 7f00809da840 1 -- 172.16.30.1:0/4159532 --> 172.16.30.9:6885/79261 -- osd_op(client.2034794.0:9 notify.1 [create 0~0] 182.16dafda0 ondisk+write+known_if_redirected e12924) v4 -- ?+0 0x138ed80 con 0x138ea00
2015-01-08 15:00:59.184252 7f006f7fe700 1 -- 172.16.30.1:0/4159532 <== osd.220 172.16.30.9:6885/79261 1 ==== osd_op_reply(9 notify.1 [create 0~0] v12924'28 uv28 ondisk = 0) v6 ==== 175+0+0 (2073980092 0 0) 0x7f0030000aa0 con 0x138ea00
2015-01-08 15:00:59.184383 7f00809da840 1 -- 172.16.30.1:0/4159532 --> 172.16.30.9:6885/79261 -- osd_op(client.2034794.0:10 notify.1 [watch add cookie 2 ver 0] 182.16dafda0 ondisk+write+known_if_redirected e12924) v4 -- ?+0 0x138f630 con 0x138ea00
2015-01-08 15:00:59.208720 7f006f7fe700 1 -- 172.16.30.1:0/4159532 <== osd.220 172.16.30.9:6885/79261 2 ==== osd_op_reply(10 notify.1 [watch add cookie 2 ver 0] v12924'29 uv28 ondisk = 0) v6 ==== 175+0+0 (1205119052 0 0) 0x7f0030000aa0 con 0x138ea00
2015-01-08 15:00:59.208990 7f00809da840 1 -- 172.16.30.1:0/4159532 --> 172.16.30.14:7000/3141948 -- osd_op(client.2034794.0:11 notify.2 [create 0~0] 182.88aa5c95 ondisk+write+known_if_redirected e12924) v4 -- ?+0 0x1390a90 con 0x1390710
2015-01-08 15:00:59.265416 7f006f7fe700 1 -- 172.16.30.1:0/4159532 <== osd.401 172.16.30.14:7000/3141948 1 ==== osd_op_reply(11 notify.2 [create 0~0] v12924'28 uv28 ondisk = 0) v6 ==== 175+0+0 (187241527 0 0) 0x7f0028000aa0 con 0x1390710
2015-01-08 15:00:59.265632 7f00809da840 1 -- 172.16.30.1:0/4159532 --> 172.16.30.14:7000/3141948 -- osd_op(client.2034794.0:12 notify.2 [watch add cookie 3 ver 0] 182.88aa5c95 ondisk+write+known_if_redirected e12924) v4 -- ?+0 0x1391340 con 0x1390710
2015-01-08 15:00:59.290377 7f006f7fe700 1 -- 172.16.30.1:0/4159532 <== osd.401 172.16.30.14:7000/3141948 2 ==== osd_op_reply(12 notify.2 [watch add cookie 3 ver 0] v12924'29 uv28 ondisk = 0) v6 ==== 175+0+0 (2707271946 0 0) 0x7f0028000aa0 con 0x1390710
2015-01-08 15:00:59.290660 7f00809da840 1 -- 172.16.30.1:0/4159532 --> 172.16.30.5:7065/3334590 -- osd_op(client.2034794.0:13 notify.3 [create 0~0] 182.f8c99aee ondisk+write+known_if_redirected e12924) v4 -- ?+0 0x13927a0 con 0x1392420
2015-01-08 15:00:59.341500 7f006f7fe700 1 -- 172.16.30.1:0/4159532 <== osd.42 172.16.30.5:7065/3334590 1 ==== osd_op_reply(13 notify.3 [create 0~0] v12924'28 uv28 ondisk = 0) v6 ==== 175+0+0 (2944105622 0 0) 0x7f0020000aa0 con 0x1392420
2015-01-08 15:00:59.341729 7f00809da840 1 -- 172.16.30.1:0/4159532 --> 172.16.30.5:7065/3334590 -- osd_op(client.2034794.0:14 notify.3 [watch add cookie 4 ver 0] 182.f8c99aee ondisk+write+known_if_redirected e12924) v4 -- ?+0 0x1393050 con 0x1392420
2015-01-08 15:00:59.364539 7f006f7fe700 1 -- 172.16.30.1:0/4159532 <== osd.42 172.16.30.5:7065/3334590 2 ==== osd_op_reply(14 notify.3 [watch add cookie 4 ver 0] v12924'29 uv28 ondisk = 0) v6 ==== 175+0+0 (3917506523 0 0) 0x7f0020000aa0 con 0x1392420
2015-01-08 15:00:59.364819 7f00809da840 1 -- 172.16.30.1:0/4159532 --> 172.16.30.12:6935/1399575 -- osd_op(client.2034794.0:15 notify.4 [create 0~0] 182.a204812d ondisk+write+known_if_redirected e12924) v4 -- ?+0 0x13944b0 con 0x1394130
2015-01-08 15:00:59.416745 7f006f7fe700 1 -- 172.16.30.1:0/4159532 <== osd.469 172.16.30.12:6935/1399575 1 ==== osd_op_reply(15 notify.4 [create 0~0] v12924'28 uv28 ondisk = 0) v6 ==== 175+0+0 (1531312786 0 0) 0x7f0018000aa0 con 0x1394130
2015-01-08 15:00:59.416972 7f00809da840 1 -- 172.16.30.1:0/4159532 --> 172.16.30.12:6935/1399575 -- osd_op(client.2034794.0:16 notify.4 [watch add cookie 5 ver 0] 182.a204812d ondisk+write+known_if_redirected e12924) v4 -- ?+0 0x1394d60 con 0x1394130
2015-01-08 15:00:59.438986 7f006f7fe700 1 -- 172.16.30.1:0/4159532 <== osd.469 172.16.30.12:6935/1399575 2 ==== osd_op_reply(16 notify.4 [watch add cookie 5 ver 0] v12924'29 uv28 ondisk = 0) v6 ==== 175+0+0 (2340454418 0 0) 0x7f0018000aa0 con 0x1394130
2015-01-08 15:00:59.439258 7f00809da840 1 -- 172.16.30.1:0/4159532 --> 172.16.30.5:6820/3330924 -- osd_op(client.2034794.0:17 notify.5 [create 0~0] 182.31099063 ondisk+write+known_if_redirected e12924) v4 -- ?+0 0x13961c0 con 0x1395e40
2015-01-08 15:00:59.485440 7f006f7fe700 1 -- 172.16.30.1:0/4159532 <== osd.289 172.16.30.5:6820/3330924 1 ==== osd_op_reply(17 notify.5 [create 0~0] v12924'28 uv28 ondisk = 0) v6 ==== 175+0+0 (2557953219 0 0) 0x7f0010000aa0 con 0x1395e40
2015-01-08 15:00:59.485661 7f00809da840 1 -- 172.16.30.1:0/4159532 --> 172.16.30.5:6820/3330924 -- osd_op(client.2034794.0:18 notify.5 [watch add cookie 6 ver 0] 182.31099063 ondisk+write+known_if_redirected e12924) v4 -- ?+0 0x1396a70 con 0x1395e40
2015-01-08 15:00:59.608859 7f006f7fe700 1 -- 172.16.30.1:0/4159532 <== osd.289 172.16.30.5:6820/3330924 2 ==== osd_op_reply(18 notify.5 [watch add cookie 6 ver 0] v12924'29 uv28 ondisk = 0) v6 ==== 175+0+0 (4145867493 0 0) 0x7f0010000aa0 con 0x1395e40
2015-01-08 15:00:59.609174 7f00809da840 1 -- 172.16.30.1:0/4159532 --> 172.16.30.12:6995/1400703 -- osd_op(client.2034794.0:19 notify.6 [create 0~0] 182.97c520d4 ondisk+write+known_if_redirected e12924) v4 -- ?+0 0x1397ed0 con 0x1397b50
2015-01-08 15:00:59.651875 7f006f7fe700 1 -- 172.16.30.1:0/4159532 <== osd.405 172.16.30.12:6995/1400703 1 ==== osd_op_reply(19 notify.6 [create 0~0] v12924'28 uv28 ondisk = 0) v6 ==== 175+0+0 (1520393990 0 0) 0x7f0008000aa0 con 0x1397b50
2015-01-08 15:00:59.652089 7f00809da840 1 -- 172.16.30.1:0/4159532 --> 172.16.30.12:6995/1400703 -- osd_op(client.2034794.0:20 notify.6 [watch add cookie 7 ver 0] 182.97c520d4 ondisk+write+known_if_redirected e12924) v4 -- ?+0 0x1398780 con 0x1397b50
2015-01-08 15:00:59.675864 7f006f7fe700 1 -- 172.16.30.1:0/4159532 <== osd.405 172.16.30.12:6995/1400703 2 ==== osd_op_reply(20 notify.6 [watch add cookie 7 ver 0] v12924'29 uv28 ondisk = 0) v6 ==== 175+0+0 (2747961581 0 0) 0x7f0008000aa0 con 0x1397b50
2015-01-08 15:00:59.676144 7f00809da840 1 -- 172.16.30.1:0/4159532 --> 172.16.30.5:6870/3331434 -- osd_op(client.2034794.0:21 notify.7 [create 0~0] 182.84ada7c9 ondisk+write+known_if_redirected e12924) v4 -- ?+0 0x1399cb0 con 0x1399860
2015-01-08 15:00:59.724245 7f006f7fe700 1 -- 172.16.30.1:0/4159532 <== osd.239 172.16.30.5:6870/3331434 1 ==== osd_op_reply(21 notify.7 [create 0~0] v12924'28 uv28 ondisk = 0) v6 ==== 175+0+0 (1315750977 0 0) 0x7f0000000aa0 con 0x1399860
2015-01-08 15:00:59.724462 7f00809da840 1 -- 172.16.30.1:0/4159532 --> 172.16.30.5:6870/3331434 -- osd_op(client.2034794.0:22 notify.7 [watch add cookie 8 ver 0] 182.84ada7c9 ondisk+write+known_if_redirected e12924) v4 -- ?+0 0x139a470 con 0x1399860
2015-01-08 15:00:59.749361 7f006f7fe700 1 -- 172.16.30.1:0/4159532 <== osd.239 172.16.30.5:6870/3331434 2 ==== osd_op_reply(22 notify.7 [watch add cookie 8 ver 0] v12924'29 uv28 ondisk = 0) v6 ==== 175+0+0 (4260651126 0 0) 0x7f0000000aa0 con 0x1399860
2015-01-08 15:00:59.749806 7f005e2f0700 2 garbage collection: start
2015-01-08 15:00:59.749860 7f005daef700 20 BucketsSyncThread: start
2015-01-08 15:00:59.749974 7f005d2ee700 20 UserSyncThread: start
2015-01-08 15:00:59.750361 7f005e2f0700 1 -- 172.16.30.1:0/4159532 --> 172.16.30.15:6975/3389493 -- osd_op(client.2034794.0:23 gc.47 [call lock.lock] 183.2f882db0 ondisk+write+known_if_redirected e12924) v4 -- ?+0 0x7efff4004560 con 0x7efff4002e90
2015-01-08 15:00:59.750569 7f00809da840 0 framework: civetweb
2015-01-08 15:00:59.750596 7f00809da840 0 framework conf key: port, val: 80
2015-01-08 15:00:59.750626 7f00809da840 0 starting handler: civetweb
2015-01-08 15:00:59.750596 7f005d2ee700 1 -- 172.16.30.1:0/4159532 --> 172.16.30.12:6875/1398692 -- osd_op(client.2034794.0:24 [pgls start_epoch 0] 195.0 ack+read+known_if_redirected e12924) v4 -- ?+0 0x7effec003870 con 0x7effec0034c0
2015-01-08 15:00:59.775094 7f006f7fe700 1 -- 172.16.30.1:0/4159532 <== osd.522 172.16.30.12:6875/1398692 1 ==== osd_op_reply(24 [pgls start_epoch 0] v0'0 uv0 ondisk = 1) v6 ==== 167+0+44 (631829933 0 139081063) 0x7efd9c000c20 con 0x7effec0034c0
2015-01-08 15:00:59.776189 7f006f7fe700 1 -- 172.16.30.1:0/4159532 --> 172.16.30.12:6965/1400069 -- osd_op(client.2034794.0:25 [pgls start_epoch 0] 195.1 ack+read+known_if_redirected e12924) v4 -- ?+0 0x7f00580d9c90 con 0x7f00580d98a0
2015-01-08 15:00:59.783773 7f006f7fe700 1 -- 172.16.30.1:0/4159532 <== osd.437 172.16.30.12:6965/1400069 1 ==== osd_op_reply(25 [pgls start_epoch 0] v0'0 uv0 ondisk = 1) v6 ==== 167+0+44 (2820550265 0 139081063) 0x7efdd8005150 con 0x7f00580d98a0
2015-01-08 15:00:59.783977 7f006f7fe700 1 -- 172.16.30.1:0/4159532 --> 172.16.30.14:7030/3142519 -- osd_op(client.2034794.0:26 [pgls start_epoch 0] 195.2 ack+read+known_if_redirected e12924) v4 -- ?+0 0x7f00580d8610 con 0x7f00580d8290
2015-01-08 15:00:59.794205 7f006f7fe700 1 -- 172.16.30.1:0/4159532 <== osd.434 172.16.30.15:6975/3389493 1 ==== osd_op_reply(23 gc.47 [call] v12924'115 uv115 ondisk = 0) v6 ==== 172+0+0 (3030444949 0 0) 0x7efdec004fd0 con 0x7efff4002e90
2015-01-08 15:00:59.794379 7f005e2f0700 1 -- 172.16.30.1:0/4159532 --> 172.16.30.15:6975/3389493 -- osd_op(client.2034794.0:27 gc.47 [call rgw.gc_list] 183.2f882db0 ack+read+known_if_redirected e12924) v4 -- ?+0 0x7efff4004c30 con 0x7efff4002e90
2015-01-08 15:00:59.803755 7f006f7fe700 1 -- 172.16.30.1:0/4159532 <== osd.434 172.16.30.15:6975/3389493 2 ==== osd_op_reply(27 gc.47 [call] v0'0 uv115 ondisk = 0) v6 ==== 172+0+11 (1395066732 0 1993775135) 0x7efdec004fd0 con 0x7efff4002e90
2015-01-08 15:00:59.803913 7f005e2f0700 1 -- 172.16.30.1:0/4159532 --> 172.16.30.15:6975/3389493 -- osd_op(client.2034794.0:28 gc.47 [call lock.unlock] 183.2f882db0 ondisk+write+known_if_redirected e12924) v4 -- ?+0 0x7efff40060e0 con 0x7efff4002e90
2015-01-08 15:00:59.807234 7f006f7fe700 1 -- 172.16.30.1:0/4159532 <== osd.371 172.16.30.14:7030/3142519 1 ==== osd_op_reply(26 [pgls start_epoch 0] v0'0 uv0 ondisk = 1) v6 ==== 167+0+44 (992556276 0 139081063) 0x7efde8005150 con 0x7f00580d8290
2015-01-08 15:00:59.807388 7f006f7fe700 1 -- 172.16.30.1:0/4159532 --> 172.16.30.14:7080/3143360 -- osd_op(client.2034794.0:29 [pgls start_epoch 0] 195.3 ack+read+known_if_redirected e12924) v4 -- ?+0 0x7f00580dd080 con 0x7f00580dccc0
2015-01-08 15:00:59.813993 7f006f7fe700 1 -- 172.16.30.1:0/4159532 <== osd.321 172.16.30.14:7080/3143360 1 ==== osd_op_reply(29 [pgls start_epoch 0] v0'0 uv0 ondisk = 1) v6 ==== 167+0+44 (3063934752 0 139081063) 0x7efdf0005150 con 0x7f00580dccc0
2015-01-08 15:00:59.814111 7f006f7fe700 1 -- 172.16.30.1:0/4159532 --> 172.16.30.8:7050/3046644 -- osd_op(client.2034794.0:30 [pgls start_epoch 0] 195.4 ack+read+known_if_redirected e12924) v4 -- ?+0 0x7f00580db850 con 0x7f00580db4d0
2015-01-08 15:00:59.826699 7f006f7fe700 1 -- 172.16.30.1:0/4159532 <== osd.434 172.16.30.15:6975/3389493 3 ==== osd_op_reply(28 gc.47 [call] v12924'116 uv116 ondisk = 0) v6 ==== 172+0+0 (4233182333 0 0) 0x7efdec004fd0 con 0x7efff4002e90
2015-01-08 15:00:59.826879 7f005e2f0700 1 -- 172.16.30.1:0/4159532 --> 172.16.30.3:6800/3599736 -- osd_op(client.2034794.0:31 gc.48 [call lock.lock] 183.5da4270a ondisk+write+known_if_redirected e12924) v4 -- ?+0 0x7efff40088f0 con 0x7efff4008540
2015-01-08 15:00:59.844216 7f006f7fe700 1 -- 172.16.30.1:0/4159532 <== osd.58 172.16.30.8:7050/3046644 1 ==== osd_op_reply(30 [pgls start_epoch 0] v0'0 uv0 ondisk = 1) v6 ==== 167+0+44 (413890335 0 139081063) 0x7efe04005150 con 0x7f00580db4d0
2015-01-08 15:00:59.844324 7f006f7fe700 1 -- 172.16.30.1:0/4159532 --> 172.16.30.13:6860/3095869 -- osd_op(client.2034794.0:32 [pgls start_epoch 0] 195.5 ack+read+known_if_redirected e12924) v4 -- ?+0 0x7f00580e0210 con 0x7f00580dfe20
2015-01-08 15:00:59.870921 7f006f7fe700 1 -- 172.16.30.1:0/4159532 <== osd.801 172.16.30.3:6800/3599736 1 ==== osd_op_reply(31 gc.48 [call] v12924'57 uv57 ondisk = 0) v6 ==== 172+0+0 (1937862637 0 0) 0x7efe0c004fd0 con 0x7efff4008540
2015-01-08 15:00:59.871054 7f005e2f0700 1 -- 172.16.30.1:0/4159532 --> 172.16.30.3:6800/3599736 -- osd_op(client.2034794.0:33 gc.48 [call rgw.gc_list] 183.5da4270a ack+read+known_if_redirected e12924) v4 -- ?+0 0x7efff40088f0 con 0x7efff4008540
2015-01-08 15:00:59.874347 7f006f7fe700 1 -- 172.16.30.1:0/4159532 <== osd.540 172.16.30.13:6860/3095869 1 ==== osd_op_reply(32 [pgls start_epoch 0] v0'0 uv0 ondisk = 1) v6 ==== 167+0+44 (2501749963 0 139081063) 0x7efe08005150 con 0x7f00580dfe20
2015-01-08 15:00:59.874506 7f006f7fe700 1 -- 172.16.30.1:0/4159532 --> 172.16.30.7:6900/3609529 -- osd_op(client.2034794.0:34 [pgls start_epoch 0] 195.6 ack+read+known_if_redirected e12924) v4 -- ?+0 0x7f00580debf0 con 0x7f00580de830
2015-01-08 15:00:59.879093 7f006f7fe700 1 -- 172.16.30.1:0/4159532 <== osd.801 172.16.30.3:6800/3599736 2 ==== osd_op_reply(33 gc.48 [call] v0'0 uv57 ondisk = 0) v6 ==== 172+0+11 (1395762349 0 1993775135) 0x7efe0c004fd0 con 0x7efff4008540
2015-01-08 15:00:59.879240 7f005e2f0700 1 -- 172.16.30.1:0/4159532 --> 172.16.30.3:6800/3599736 -- osd_op(client.2034794.0:35 gc.48 [call lock.unlock] 183.5da4270a ondisk+write+known_if_redirected e12924) v4 -- ?+0 0x7efff40088f0 con 0x7efff4008540
2015-01-08 15:00:59.889349 7f006f7fe700 1 -- 172.16.30.1:0/4159532 <== osd.207 172.16.30.7:6900/3609529 1 ==== osd_op_reply(34 [pgls start_epoch 0] v0'0 uv0 ondisk = 1) v6 ==== 167+0+44 (103462470 0 139081063) 0x7efe10005150 con 0x7f00580de830
2015-01-08 15:00:59.889499 7f006f7fe700 1 -- 172.16.30.1:0/4159532 --> 172.16.30.3:6820/3599854 -- osd_op(client.2034794.0:36 [pgls start_epoch 0] 195.7 ack+read+known_if_redirected e12924) v4 -- ?+0 0x7f00580e1690 con 0x7f00580e12a0
2015-01-08 15:00:59.898550 7f006f7fe700 1 -- 172.16.30.1:0/4159532 <== osd.773 172.16.30.3:6820/3599854 1 ==== osd_op_reply(36 [pgls start_epoch 0] v0'0 uv0 ondisk = 1) v6 ==== 167+0+44 (2342284690 0 139081063) 0x7efe24005150 con 0x7f00580e12a0
2015-01-08 15:00:59.898719 7f006f7fe700 1 -- 172.16.30.1:0/4159532 --> 172.16.30.5:6825/3330982 -- osd_op(client.2034794.0:37 [pgls start_epoch 0] 195.8 ack+read+known_if_redirected e12924) v4 -- ?+0 0x7f00580e4da0 con 0x7f00580e4a20
2015-01-08 15:00:59.898749 7f006f7fe700 1 -- 172.16.30.1:0/4159532 <== osd.801 172.16.30.3:6800/3599736 3 ==== osd_op_reply(35 gc.48 [call] v12924'58 uv58 ondisk = 0) v6 ==== 172+0+0 (4086712928 0 0) 0x7efe0c004fd0 con 0x7efff4008540
2015-01-08 15:00:59.898998 7f005e2f0700 1 -- 172.16.30.1:0/4159532 --> 172.16.30.5:6950/3332528 -- osd_op(client.2034794.0:38 gc.49 [call lock.lock] 183.ef29043b ondisk+write+known_if_redirected e12924) v4 -- ?+0 0x7efff400c7e0 con 0x7efff400c2a0
2015-01-08 15:00:59.911637 7f006f7fe700 1 -- 172.16.30.1:0/4159532 <== osd.284 172.16.30.5:6825/3330982 1 ==== osd_op_reply(37 [pgls start_epoch 0] v0'0 uv0 ondisk = 1) v6 ==== 167+0+44 (1605365961 0 139081063) 0x7efe2c005150 con 0x7f00580e4a20
2015-01-08 15:00:59.911781 7f006f7fe700 1 -- 172.16.30.1:0/4159532 --> 172.16.30.5:7065/3334590 -- osd_op(client.2034794.0:39 [pgls start_epoch 0] 195.9 ack+read+known_if_redirected e12924) v4 -- ?+0 0x7f00580e5580 con 0x1392420
2015-01-08 15:00:59.915416 7f006f7fe700 1 -- 172.16.30.1:0/4159532 <== osd.42 172.16.30.5:7065/3334590 3 ==== osd_op_reply(39 [pgls start_epoch 0] v0'0 uv0 ondisk = 1) v6 ==== 167+0+44 (3524864797 0 139081063) 0x7f0020002550 con 0x1392420
2015-01-08 15:00:59.915619 7f006f7fe700 1 -- 172.16.30.1:0/4159532 --> 172.16.30.12:7050/1401682 -- osd_op(client.2034794.0:40 [pgls start_epoch 0] 195.a ack+read+known_if_redirected e12924) v4 -- ?+0 0x7f00580e3ae0 con 0x7f00580e36f0
2015-01-08 15:00:59.925161 7f006f7fe700 1 -- 172.16.30.1:0/4159532 <== osd.350 172.16.30.12:7050/1401682 1 ==== osd_op_reply(40 [pgls start_epoch 0] v0'0 uv0 ondisk = 1) v6 ==== 167+0+44 (1093546384 0 139081063) 0x7efe34005150 con 0x7f00580e36f0
2015-01-08 15:00:59.925385 7f006f7fe700 1 -- 172.16.30.1:0/4159532 --> 172.16.30.9:6895/79436 -- osd_op(client.2034794.0:41 [pgls start_epoch 0] 195.b ack+read+known_if_redirected e12924) v4 -- ?+0 0x7f00580e6660 con 0x7f00580e6270
2015-01-08 15:00:59.937087 7f006f7fe700 1 -- 172.16.30.1:0/4159532 <== osd.210 172.16.30.9:6895/79436 1 ==== osd_op_reply(41 [pgls start_epoch 0] v0'0 uv0 ondisk = 1) v6 ==== 167+0+44 (3432573508 0 139081063) 0x7efe3c005150 con 0x7f00580e6270
2015-01-08 15:00:59.937330 7f006f7fe700 1 -- 172.16.30.1:0/4159532 --> 172.16.30.7:7075/3612773 -- osd_op(client.2034794.0:42 [pgls start_epoch 0] 195.c ack+read+known_if_redirected e12924) v4 -- ?+0 0x7f00580e9b00 con 0x7f00580e9780
2015-01-08 15:00:59.945436 7f006f7fe700 1 -- 172.16.30.1:0/4159532 <== osd.33 172.16.30.7:7075/3612773 1 ==== osd_op_reply(42 [pgls start_epoch 0] v0'0 uv0 ondisk = 1) v6 ==== 167+0+44 (1655468667 0 139081063) 0x7efe50005150 con 0x7f00580e9780
2015-01-08 15:00:59.945664 7f006f7fe700 1 -- 172.16.30.1:0/4159532 --> 172.16.30.7:6890/3609392 -- osd_op(client.2034794.0:43 [pgls start_epoch 0] 195.d ack+read+known_if_redirected e12924) v4 -- ?+0 0x7f00580e8680 con 0x7f00580e8290
2015-01-08 15:00:59.949022 7f006f7fe700 1 -- 172.16.30.1:0/4159532 <== osd.159 172.16.30.5:6950/3332528 1 ==== osd_op_reply(38 gc.49 [call] v12924'57 uv57 ondisk = 0) v6 ==== 172+0+0 (4254538016 0 0) 0x7efe58004fd0 con 0x7efff400c2a0
2015-01-08 15:00:59.949274 7f005e2f0700 1 -- 172.16.30.1:0/4159532 --> 172.16.30.5:6950/3332528 -- osd_op(client.2034794.0:44 gc.49 [call rgw.gc_list] 183.ef29043b ack+read+known_if_redirected e12924) v4 -- ?+0 0x7efff400c7e0 con 0x7efff400c2a0
2015-01-08 15:00:59.956795 7f006f7fe700 1 -- 172.16.30.1:0/4159532 <== osd.217 172.16.30.7:6890/3609392 1 ==== osd_op_reply(43 [pgls start_epoch 0] v0'0 uv0 ondisk = 1) v6 ==== 167+0+44 (4011501999 0 139081063) 0x7efe54005150 con 0x7f00580e8290
2015-01-08 15:00:59.957039 7f006f7fe700 1 -- 172.16.30.1:0/4159532 --> 172.16.30.7:6925/3609955 -- osd_op(client.2034794.0:45 [pgls start_epoch 0] 195.e ack+read+known_if_redirected e12924) v4 -- ?+0 0x7f00580ecce0 con 0x7f00580ec960
2015-01-08 15:00:59.959810 7f006f7fe700 1 -- 172.16.30.1:0/4159532 <== osd.159 172.16.30.5:6950/3332528 2 ==== osd_op_reply(44 gc.49 [call] v0'0 uv57 ondisk = 0) v6 ==== 172+0+11 (3710374496 0 1993775135) 0x7efe58004fd0 con 0x7efff400c2a0
2015-01-08 15:00:59.960006 7f005e2f0700 1 -- 172.16.30.1:0/4159532 --> 172.16.30.5:6950/3332528 -- osd_op(client.2034794.0:46 gc.49 [call lock.unlock] 183.ef29043b ondisk+write+known_if_redirected e12924) v4 -- ?+0 0x7efff400c7e0 con 0x7efff400c2a0
2015-01-08 15:00:59.964405 7f006f7fe700 1 -- 172.16.30.1:0/4159532 <== osd.182 172.16.30.7:6925/3609955 1 ==== osd_op_reply(45 [pgls start_epoch 0] v0'0 uv0 ondisk = 1) v6 ==== 167+0+44 (2083369762 0 139081063) 0x7efe5c005150 con 0x7f00580ec960
2015-01-08 15:00:59.964573 7f006f7fe700 1 -- 172.16.30.1:0/4159532 --> 172.16.30.9:6880/79190 -- osd_op(client.2034794.0:47 [pgls start_epoch 0] 195.f ack+read+known_if_redirected e12924) v4 -- ?+0 0x7f00580eb6e0 con 0x7f00580eb2f0
2015-01-08 15:00:59.971309 7f006f7fe700 1 -- 172.16.30.1:0/4159532 <== osd.225 172.16.30.9:6880/79190 1 ==== osd_op_reply(47 [pgls start_epoch 0] v0'0 uv0 ondisk = 1) v6 ==== 167+0+44 (4053494006 0 139081063) 0x7efe70005150 con 0x7f00580eb2f0
2015-01-08 15:00:59.971473 7f006f7fe700 1 -- 172.16.30.1:0/4159532 --> 172.16.30.3:7090/3604116 -- osd_op(client.2034794.0:48 [pgls start_epoch 0] 195.10 ack+read+known_if_redirected e12924) v4 -- ?+0 0x7f00580efef0 con 0x7f00580efb40
2015-01-08 15:00:59.980886 7f006f7fe700 1 -- 172.16.30.1:0/4159532 <== osd.661 172.16.30.3:7090/3604116 1 ==== osd_op_reply(48 [pgls start_epoch 0] v0'0 uv0 ondisk = 1) v6 ==== 167+0+44 (3517382501 0 139081063) 0x7efe78005150 con 0x7f00580efb40
2015-01-08 15:00:59.981188 7f006f7fe700 1 -- 172.16.30.1:0/4159532 --> 172.16.30.15:7095/3391611 -- osd_op(client.2034794.0:49 [pgls start_epoch 0] 195.11 ack+read+known_if_redirected e12924) v4 -- ?+0 0x7f00580ee730 con 0x7f00580ee340
2015-01-08 15:00:59.983750 7f006f7fe700 1 -- 172.16.30.1:0/4159532 <== osd.159 172.16.30.5:6950/3332528 3 ==== osd_op_reply(46 gc.49 [call] v12924'58 uv58 ondisk = 0) v6 ==== 172+0+0 (2105556141 0 0) 0x7efe58004fd0 con 0x7efff400c2a0
2015-01-08 15:00:59.984033 7f005e2f0700 1 -- 172.16.30.1:0/4159532 --> 172.16.30.16:6970/2754126 -- osd_op(client.2034794.0:50 gc.50 [call lock.lock] 183.129b14b8 ondisk+write+known_if_redirected e12924) v4 -- ?+0 0x7efff40103d0 con 0x7efff4010010
2015-01-08 15:01:00.004989 7f006f7fe700 1 -- 172.16.30.1:0/4159532 <== osd.313 172.16.30.15:7095/3391611 1 ==== osd_op_reply(49 [pgls start_epoch 0] v0'0 uv0 ondisk = 1) v6 ==== 167+0+44 (1544561841 0 139081063) 0x7efe7c005150 con 0x7f00580ee340
2015-01-08 15:01:00.005238 7f006f7fe700 1 -- 172.16.30.1:0/4159532 --> 172.16.30.5:7085/3335237 -- osd_op(client.2034794.0:51 [pgls start_epoch 0] 195.12 ack+read+known_if_redirected e12924) v4 -- ?+0 0x7f00580f30a0 con 0x7f00580f2d20
2015-01-08 15:01:00.013011 7f006f7fe700 1 -- 172.16.30.1:0/4159532 <== osd.23 172.16.30.5:7085/3335237 1 ==== osd_op_reply(51 [pgls start_epoch 0] v0'0 uv0 ondisk = 1) v6 ==== 167+0+44 (3475455548 0 139081063) 0x7efe90005150 con 0x7f00580f2d20
2015-01-08 15:01:00.013268 7f006f7fe700 1 -- 172.16.30.1:0/4159532 --> 172.16.30.4:6875/3109293 -- osd_op(client.2034794.0:52 [pgls start_epoch 0] 195.13 ack+read+known_if_redirected e12924) v4 -- ?+0 0x7f00580f18d0 con 0x7f00580f1510
2015-01-08 15:01:00.031139 7f006f7fe700 1 -- 172.16.30.1:0/4159532 <== osd.433 172.16.30.16:6970/2754126 1 ==== osd_op_reply(50 gc.50 [call] v12924'57 uv57 ondisk = 0) v6 ==== 172+0+0 (3939793277 0 0) 0x7efe98004fd0 con 0x7efff4010010
2015-01-08 15:01:00.031316 7f005e2f0700 1 -- 172.16.30.1:0/4159532 --> 172.16.30.16:6970/2754126 -- osd_op(client.2034794.0:53 gc.50 [call rgw.gc_list] 183.129b14b8 ack+read+known_if_redirected e12924) v4 -- ?+0 0x7efff40103d0 con 0x7efff4010010
2015-01-08 15:01:00.034578 7f006f7fe700 1 -- 172.16.30.1:0/4159532 <== osd.750 172.16.30.4:6875/3109293 1 ==== osd_op_reply(52 [pgls start_epoch 0] v0'0 uv0 ondisk = 1) v6 ==== 167+0+44 (1116857832 0 139081063) 0x7efe94005150 con 0x7f00580f1510
2015-01-08 15:01:00.034717 7f006f7fe700 1 -- 172.16.30.1:0/4159532 --> 172.16.30.12:6935/1399575 -- osd_op(client.2034794.0:54 [pgls start_epoch 0] 195.14 ack+read+known_if_redirected e12924) v4 -- ?+0 0x7f00580f5010 con 0x1394130
2015-01-08 15:01:00.038839 7f006f7fe700 1 -- 172.16.30.1:0/4159532 <== osd.433 172.16.30.16:6970/2754126 2 ==== osd_op_reply(53 gc.50 [call] v0'0 uv57 ondisk = 0) v6 ==== 172+0+11 (3395596861 0 1993775135) 0x7efe98004fd0 con 0x7efff4010010
2015-01-08 15:01:00.039041 7f005e2f0700 1 -- 172.16.30.1:0/4159532 --> 172.16.30.16:6970/2754126 -- osd_op(client.2034794.0:55 gc.50 [call lock.unlock] 183.129b14b8 ondisk+write+known_if_redirected e12924) v4 -- ?+0 0x7efff40103d0 con 0x7efff4010010
2015-01-08 15:01:00.039439 7f006f7fe700 1 -- 172.16.30.1:0/4159532 <== osd.469 172.16.30.12:6935/1399575 3 ==== osd_op_reply(54 [pgls start_epoch 0] v0'0 uv0 ondisk = 1) v6 ==== 167+0+44 (3970268631 0 139081063) 0x7f0018002550 con 0x1394130
2015-01-08 15:01:00.039579 7f006f7fe700 1 -- 172.16.30.1:0/4159532 --> 172.16.30.14:7000/3141948 -- osd_op(client.2034794.0:56 [pgls start_epoch 0] 195.15 ack+read+known_if_redirected e12924) v4 -- ?+0 0x7f00580f54d0 con 0x1390710
2015-01-08 15:01:00.044490 7f006f7fe700 1 -- 172.16.30.1:0/4159532 <== osd.401 172.16.30.14:7000/3141948 3 ==== osd_op_reply(56 [pgls start_epoch 0] v0'0 uv0 ondisk = 1) v6 ==== 167+0+44 (1628677635 0 139081063) 0x7f0028002550 con 0x1390710
2015-01-08 15:01:00.044702 7f006f7fe700 1 -- 172.16.30.1:0/4159532 --> 172.16.30.15:6805/3387263 -- osd_op(client.2034794.0:57 [pgls start_epoch 0] 195.16 ack+read+known_if_redirected e12924) v4 -- ?+0 0x7f00580f4be0 con 0x7f00580f4830
2015-01-08 15:01:00.051049 7f006f7fe700 1 -- 172.16.30.1:0/4159532 <== osd.787 172.16.30.15:6805/3387263 1 ==== osd_op_reply(57 [pgls start_epoch 0] v0'0 uv0 ondisk = 1) v6 ==== 167+0+44 (4062493838 0 139081063) 0x7efe9c005150 con 0x7f00580f4830
2015-01-08 15:01:00.051279 7f006f7fe700 1 -- 172.16.30.1:0/4159532 --> 172.16.30.3:6975/3602080 -- osd_op(client.2034794.0:58 [pgls start_epoch 0] 195.17 ack+read+known_if_redirected e12924) v4 -- ?+0 0x7f00580f65f0 con 0x7f00580f6240
2015-01-08 15:01:00.059649 7f006f7fe700 1 -- 172.16.30.1:0/4159532 <== osd.706 172.16.30.3:6975/3602080 1 ==== osd_op_reply(58 [pgls start_epoch 0] v0'0 uv0 ondisk = 1) v6 ==== 167+0+44 (2140301146 0 139081063) 0x7efea4005150 con 0x7f00580f6240
2015-01-08 15:01:00.059859 7f006f7fe700 1 -- 172.16.30.1:0/4159532 --> 172.16.30.15:7070/3391060 -- osd_op(client.2034794.0:59 [pgls start_epoch 0] 195.18 ack+read+known_if_redirected e12924) v4 -- ?+0 0x7f00580f9bc0 con 0x7f00580f9840
2015-01-08 15:01:00.065267 7f006f7fe700 1 -- 172.16.30.1:0/4159532 <== osd.338 172.16.30.15:7070/3391060 1 ==== osd_op_reply(59 [pgls start_epoch 0] v0'0 uv0 ondisk = 1) v6 ==== 167+0+44 (2879519233 0 139081063) 0x7efeac005150 con 0x7f00580f9840
2015-01-08 15:01:00.065419 7f006f7fe700 1 -- 172.16.30.1:0/4159532 --> 172.16.30.15:6975/3389493 -- osd_op(client.2034794.0:60 [pgls start_epoch 0] 195.19 ack+read+known_if_redirected e12924) v4 -- ?+0 0x7f00580fa170 con 0x7efff4002e90
2015-01-08 15:01:00.068615 7f006f7fe700 1 -- 172.16.30.1:0/4159532 <== osd.434 172.16.30.15:6975/3389493 4 ==== osd_op_reply(60 [pgls start_epoch 0] v0'0 uv0 ondisk = 1) v6 ==== 167+0+44 (639050197 0 139081063) 0x7efdec004fd0 con 0x7efff4002e90
2015-01-08 15:01:00.068821 7f006f7fe700 1 -- 172.16.30.1:0/4159532 --> 172.16.30.15:6875/3387995 -- osd_op(client.2034794.0:61 [pgls start_epoch 0] 195.1a ack+read+known_if_redirected e12924) v4 -- ?+0 0x7f00580f8700 con 0x7f00580f8340
2015-01-08 15:01:00.069498 7f006f7fe700 1 -- 172.16.30.1:0/4159532 <== osd.433 172.16.30.16:6970/2754126 3 ==== osd_op_reply(55 gc.50 [call] v12924'58 uv58 ondisk = 0) v6 ==== 172+0+0 (1791188208 0 0) 0x7efe98004fd0 con 0x7efff4010010
2015-01-08 15:01:00.069747 7f005e2f0700 1 -- 172.16.30.1:0/4159532 --> 172.16.30.12:6920/1399327 -- osd_op(client.2034794.0:62 gc.51 [call lock.lock] 183.60ca33f2 ondisk+write+known_if_redirected e12924) v4 -- ?+0 0x7efff4014400 con 0x7efff4014010
2015-01-08 15:01:00.076727 7f006f7fe700 1 -- 172.16.30.1:0/4159532 <== osd.527 172.16.30.15:6875/3387995 1 ==== osd_op_reply(61 [pgls start_epoch 0] v0'0 uv0 ondisk = 1) v6 ==== 167+0+44 (3038788440 0 139081063) 0x7efebc005150 con 0x7f00580f8340
2015-01-08 15:01:00.076951 7f006f7fe700 1 -- 172.16.30.1:0/4159532 --> 172.16.30.8:6915/2658840 -- osd_op(client.2034794.0:63 [pgls start_epoch 0] 195.1b ack+read+known_if_redirected e12924) v4 -- ?+0 0x7f00580fd040 con 0x7f00580fccc0
2015-01-08 15:01:00.085454 7f006f7fe700 1 -- 172.16.30.1:0/4159532 <== osd.193 172.16.30.8:6915/2658840 1 ==== osd_op_reply(63 [pgls start_epoch 0] v0'0 uv0 ondisk = 1) v6 ==== 167+0+44 (949411980 0 139081063) 0x7efed0005150 con 0x7f00580fccc0
2015-01-08 15:01:00.085681 7f006f7fe700 1 -- 172.16.30.1:0/4159532 --> 172.16.30.14:6840/3139533 -- osd_op(client.2034794.0:64 [pgls start_epoch 0] 195.1c ack+read+known_if_redirected e12924) v4 -- ?+0 0x7f00580fb8a0 con 0x7f00580fb4b0
2015-01-08 15:01:00.096692 7f006f7fe700 1 -- 172.16.30.1:0/4159532 <== osd.559 172.16.30.14:6840/3139533 1 ==== osd_op_reply(64 [pgls start_epoch 0] v0'0 uv0 ondisk = 1) v6 ==== 167+0+44 (2527230131 0 139081063) 0x7efed8005150 con 0x7f00580fb4b0
2015-01-08 15:01:00.096910 7f006f7fe700 1 -- 172.16.30.1:0/4159532 --> 172.16.30.4:7005/3111369 -- osd_op(client.2034794.0:65 [pgls start_epoch 0] 195.1d ack+read+known_if_redirected e12924) v4 -- ?+0 0x7f0058100040 con 0x7f00580ffcc0
2015-01-08 15:01:00.104617 7f006f7fe700 1 -- 172.16.30.1:0/4159532 <== osd.703 172.16.30.4:7005/3111369 1 ==== osd_op_reply(65 [pgls start_epoch 0] v0'0 uv0 ondisk = 1) v6 ==== 167+0+44 (454337383 0 139081063) 0x7efee0005150 con 0x7f00580ffcc0
2015-01-08 15:01:00.104845 7f006f7fe700 1 -- 172.16.30.1:0/4159532 --> 172.16.30.4:6900/3109599 -- osd_op(client.2034794.0:66 [pgls start_epoch 0] 195.1e ack+read+known_if_redirected e12924) v4 -- ?+0 0x7f00580fe890 con 0x7f00580fe4d0
2015-01-08 15:01:00.111482 7f006f7fe700 1 -- 172.16.30.1:0/4159532 <== osd.740 172.16.30.4:6900/3109599 1 ==== osd_op_reply(66 [pgls start_epoch 0] v0'0 uv0 ondisk = 1) v6 ==== 167+0+44 (2284042730 0 139081063) 0x7efee4005150 con 0x7f00580fe4d0
2015-01-08 15:01:00.111701 7f006f7fe700 1 -- 172.16.30.1:0/4159532 --> 172.16.30.8:6850/2658159 -- osd_op(client.2034794.0:67 [pgls start_epoch 0] 195.1f ack+read+known_if_redirected e12924) v4 -- ?+0 0x7f0058103070 con 0x7f0058102cc0
2015-01-08 15:01:00.118716 7f006f7fe700 1 -- 172.16.30.1:0/4159532 <== osd.484 172.16.30.12:6920/1399327 1 ==== osd_op_reply(62 gc.51 [call] v12924'57 uv57 ondisk = 0) v6 ==== 172+0+0 (1394336427 0 0) 0x7efeec004fd0 con 0x7efff4014010
2015-01-08 15:01:00.118894 7f005e2f0700 1 -- 172.16.30.1:0/4159532 --> 172.16.30.12:6920/1399327 -- osd_op(client.2034794.0:68 gc.51 [call rgw.gc_list] 183.60ca33f2 ack+read+known_if_redirected e12924) v4 -- ?+0 0x7efff4014400 con 0x7efff4014010
2015-01-08 15:01:00.119268 7f006f7fe700 1 -- 172.16.30.1:0/4159532 <== osd.258 172.16.30.8:6850/2658159 1 ==== osd_op_reply(67 [pgls start_epoch 0] v0'0 uv0 ondisk = 1) v6 ==== 167+0+44 (93676094 0 139081063) 0x7efef8005150 con 0x7f0058102cc0
2015-01-08 15:01:00.119492 7f006f7fe700 1 -- 172.16.30.1:0/4159532 --> 172.16.30.4:7055/3112148 -- osd_op(client.2034794.0:69 [pgls start_epoch 0] 195.20 ack+read+known_if_redirected e12924) v4 -- ?+0 0x7f0058101a80 con 0x7f0058101690
2015-01-08 15:01:00.126713 7f006f7fe700 1 -- 172.16.30.1:0/4159532 <== osd.683 172.16.30.4:7055/3112148 1 ==== osd_op_reply(69 [pgls start_epoch 0] v0'0 uv0 ondisk = 1) v6 ==== 167+0+44 (3361248972 0 139081063) 0x7eff00005150 con 0x7f0058101690
2015-01-08 15:01:00.126859 7f006f7fe700 1 -- 172.16.30.1:0/4159532 --> 172.16.30.9:6895/79436 -- osd_op(client.2034794.0:70 [pgls start_epoch 0] 195.21 ack+read+known_if_redirected e12924) v4 -- ?+0 0x7f00581050e0 con 0x7f00580e6270
2015-01-08 15:01:00.126907 7f006f7fe700 1 -- 172.16.30.1:0/4159532 <== osd.484 172.16.30.12:6920/1399327 2 ==== osd_op_reply(68 gc.51 [call] v0'0 uv57 ondisk = 0) v6 ==== 172+0+11 (1940597227 0 1993775135) 0x7efeec004fd0 con 0x7efff4014010
2015-01-08 15:01:00.127037 7f005e2f0700 1 -- 172.16.30.1:0/4159532 --> 172.16.30.12:6920/1399327 -- osd_op(client.2034794.0:71 gc.51 [call lock.unlock] 183.60ca33f2 ondisk+write+known_if_redirected e12924) v4 -- ?+0 0x7efff4014400 con 0x7efff4014010
2015-01-08 15:01:00.129850 7f006f7fe700 1 -- 172.16.30.1:0/4159532 <== osd.210 172.16.30.9:6895/79436 2 ==== osd_op_reply(70 [pgls start_epoch 0] v0'0 uv0 ondisk = 1) v6 ==== 167+0+44 (1173245208 0 139081063) 0x7efe3c005720 con 0x7f00580e6270
2015-01-08 15:01:00.130055 7f006f7fe700 1 -- 172.16.30.1:0/4159532 --> 172.16.30.3:7061/2346305 -- osd_op(client.2034794.0:72 [pgls start_epoch 0] 195.22 ack+read+known_if_redirected e12924) v4 -- ?+0 0x7f00581047a0 con 0x7f00581043b0
2015-01-08 15:01:00.137070 7f006f7fe700 1 -- 172.16.30.1:0/4159532 <== osd.672 172.16.30.3:7061/2346305 1 ==== osd_op_reply(72 [pgls start_epoch 0] v0'0 uv0 ondisk = 1) v6 ==== 167+0+44 (3604567957 0 139081063) 0x7eff04005150 con 0x7f00581043b0
2015-01-08 15:01:00.137327 7f006f7fe700 1 -- 172.16.30.1:0/4159532 --> 172.16.30.4:7133/2611204 -- osd_op(client.2034794.0:73 [pgls start_epoch 0] 195.23 ack+read+known_if_redirected e12924) v4 -- ?+0 0x7f00581082a0 con 0x7f0058107c00
2015-01-08 15:01:00.142427 7f006f7fe700 1 -- 172.16.30.1:0/4159532 <== osd.802 172.16.30.4:7133/2611204 1 ==== osd_op_reply(73 [pgls start_epoch 0] v0'0 uv0 ondisk = 1) v6 ==== 167+0+44 (1534037057 0 139081063) 0x7eff0c005150 con 0x7f0058107c00
2015-01-08 15:01:00.142654 7f006f7fe700 1 -- 172.16.30.1:0/4159532 --> 172.16.30.8:6880/2658439 -- osd_op(client.2034794.0:74 [pgls start_epoch 0] 195.24 ack+read+known_if_redirected e12924) v4 -- ?+0 0x7f0058106af0 con 0x7f0058106730
2015-01-08 15:01:00.144731 7f006f7fe700 1 -- 172.16.30.1:0/4159532 <== osd.484 172.16.30.12:6920/1399327 3 ==== osd_op_reply(71 gc.51 [call] v12924'58 uv58 ondisk = 0) v6 ==== 172+0+0 (3540829990 0 0) 0x7efeec004fd0 con 0x7efff4014010
2015-01-08 15:01:00.144995 7f005e2f0700 1 -- 172.16.30.1:0/4159532 --> 172.16.30.9:7060/82130 -- osd_op(client.2034794.0:75 gc.52 [call lock.lock] 183.a02c52d4 ondisk+write+known_if_redirected e12924) v4 -- ?+0 0x7efff4018220 con 0x7efff4016e60
2015-01-08 15:01:00.149869 7f006f7fe700 1 -- 172.16.30.1:0/4159532 <== osd.228 172.16.30.8:6880/2658439 1 ==== osd_op_reply(74 [pgls start_epoch 0] v0'0 uv0 ondisk = 1) v6 ==== 167+0+44 (4116386942 0 139081063) 0x7eff20005150 con 0x7f0058106730
2015-01-08 15:01:00.150093 7f006f7fe700 1 -- 172.16.30.1:0/4159532 --> 172.16.30.16:6835/2752066 -- osd_op(client.2034794.0:76 [pgls start_epoch 0] 195.25 ack+read+known_if_redirected e12924) v4 -- ?+0 0x7f0058109630 con 0x7f0058109270
2015-01-08 15:01:00.160706 7f006f7fe700 1 -- 172.16.30.1:0/4159532 <== osd.599 172.16.30.16:6835/2752066 1 ==== osd_op_reply(76 [pgls start_epoch 0] v0'0 uv0 ondisk = 1) v6 ==== 167+0+44 (2028851114 0 139081063) 0x7eff24005150 con 0x7f0058109270
2015-01-08 15:01:00.160928 7f006f7fe700 1 -- 172.16.30.1:0/4159532 --> 172.16.30.3:6950/3601566 -- osd_op(client.2034794.0:77 [pgls start_epoch 0] 195.26 ack+read+known_if_redirected e12924) v4 -- ?+0 0x7f005810cc80 con 0x7f005810c900
2015-01-08 15:01:00.168778 7f006f7fe700 1 -- 172.16.30.1:0/4159532 <== osd.721 172.16.30.3:6950/3601566 1 ==== osd_op_reply(77 [pgls start_epoch 0] v0'0 uv0 ondisk = 1) v6 ==== 167+0+44 (3956987175 0 139081063) 0x7eff34005150 con 0x7f005810c900
2015-01-08 15:01:00.169001 7f006f7fe700 1 -- 172.16.30.1:0/4159532 --> 172.16.30.15:6860/3387791 -- osd_op(client.2034794.0:78 [pgls start_epoch 0] 195.27 ack+read+known_if_redirected e12924) v4 -- ?+0 0x7f005810b680 con 0x7f005810b290
2015-01-08 15:01:00.176718 7f006f7fe700 1 -- 172.16.30.1:0/4159532 <== osd.543 172.16.30.15:6860/3387791 1 ==== osd_op_reply(78 [pgls start_epoch 0] v0'0 uv0 ondisk = 1) v6 ==== 167+0+44 (1718357747 0 139081063) 0x7eff3c005150 con 0x7f005810b290
2015-01-08 15:01:00.176934 7f006f7fe700 1 -- 172.16.30.1:0/4159532 --> 172.16.30.12:7070/1402137 -- osd_op(client.2034794.0:79 [pgls start_epoch 0] 195.28 ack+read+known_if_redirected e12924) v4 -- ?+0 0x7f005810fce0 con 0x7f005810f960
2015-01-08 15:01:00.186601 7f006f7fe700 1 -- 172.16.30.1:0/4159532 <== osd.330 172.16.30.12:7070/1402137 1 ==== osd_op_reply(79 [pgls start_epoch 0] v0'0 uv0 ondisk = 1) v6 ==== 167+0+44 (2992608168 0 139081063) 0x7eff44005150 con 0x7f005810f960
2015-01-08 15:01:00.186822 7f006f7fe700 1 -- 172.16.30.1:0/4159532 --> 172.16.30.7:6950/3610404 -- osd_op(client.2034794.0:80 [pgls start_epoch 0] 195.29 ack+read+known_if_redirected e12924) v4 -- ?+0 0x7f005810e680 con 0x7f005810e290
2015-01-08 15:01:00.194618 7f006f7fe700 1 -- 172.16.30.1:0/4159532 <== osd.157 172.16.30.7:6950/3610404 1 ==== osd_op_reply(80 [pgls start_epoch 0] v0'0 uv0 ondisk = 1) v6 ==== 167+0+44 (1072253052 0 139081063) 0x7eff4c005150 con 0x7f005810e290
2015-01-08 15:01:00.194839 7f006f7fe700 1 -- 172.16.30.1:0/4159532 --> 172.16.30.9:7010/81190 -- osd_op(client.2034794.0:81 [pgls start_epoch 0] 195.2a ack+read+known_if_redirected e12924) v4 -- ?+0 0x7f0058112da0 con 0x7f0058112a20
2015-01-08 15:01:00.201533 7f006f7fe700 1 -- 172.16.30.1:0/4159532 <== osd.45 172.16.30.9:7060/82130 1 ==== osd_op_reply(75 gc.52 [call] v12924'57 uv57 ondisk = 0) v6 ==== 172+0+0 (2976167281 0 0) 0x7eff50004fd0 con 0x7efff4016e60
2015-01-08 15:01:00.201767 7f005e2f0700 1 -- 172.16.30.1:0/4159532 --> 172.16.30.9:7060/82130 -- osd_op(client.2034794.0:82 gc.52 [call rgw.gc_list] 183.a02c52d4 ack+read+known_if_redirected e12924) v4 -- ?+0 0x7efff4018220 con 0x7efff4016e60
2015-01-08 15:01:00.202906 7f006f7fe700 1 -- 172.16.30.1:0/4159532 <== osd.95 172.16.30.9:7010/81190 1 ==== osd_op_reply(81 [pgls start_epoch 0] v0'0 uv0 ondisk = 1) v6 ==== 167+0+44 (2900251377 0 139081063) 0x7eff5c005150 con 0x7f0058112a20
2015-01-08 15:01:00.203138 7f006f7fe700 1 -- 172.16.30.1:0/4159532 --> 172.16.30.13:6865/3095969 -- osd_op(client.2034794.0:83 [pgls start_epoch 0] 195.2b ack+read+known_if_redirected e12924) v4 -- ?+0 0x7f00581116e0 con 0x7f0058111330
2015-01-08 15:01:00.212948 7f006f7fe700 1 -- 172.16.30.1:0/4159532 <== osd.535 172.16.30.13:6865/3095969 1 ==== osd_op_reply(83 [pgls start_epoch 0] v0'0 uv0 ondisk = 1) v6 ==== 167+0+44 (560498981 0 139081063) 0x7eff60005150 con 0x7f0058111330
2015-01-08 15:01:00.213199 7f006f7fe700 1 -- 172.16.30.1:0/4159532 --> 172.16.30.3:6895/3600699 -- osd_op(client.2034794.0:84 [pgls start_epoch 0] 195.2c ack+read+known_if_redirected e12924) v4 -- ?+0 0x7f0058115ef0 con 0x7f0058115b40
2015-01-08 15:01:00.219232 7f006f7fe700 1 -- 172.16.30.1:0/4159532 <== osd.743 172.16.30.3:6895/3600699 1 ==== osd_op_reply(84 [pgls start_epoch 0] v0'0 uv0 ondisk = 1) v6 ==== 167+0+44 (2405175578 0 139081063) 0x7eff68005150 con 0x7f0058115b40
2015-01-08 15:01:00.219455 7f006f7fe700 1 -- 172.16.30.1:0/4159532 --> 172.16.30.8:6890/2658535 -- osd_op(client.2034794.0:85 [pgls start_epoch 0] 195.2d ack+read+known_if_redirected e12924) v4 -- ?+0 0x7f0058114750 con 0x7f0058114390
2015-01-08 15:01:00.219825 7f006f7fe700 1 -- 172.16.30.1:0/4159532 <== osd.45 172.16.30.9:7060/82130 2 ==== osd_op_reply(82 gc.52 [call] v0'0 uv57 ondisk = 0) v6 ==== 172+0+11 (2446622257 0 1993775135) 0x7eff50004fd0 con 0x7efff4016e60
2015-01-08 15:01:00.220046 7f005e2f0700 1 -- 172.16.30.1:0/4159532 --> 172.16.30.9:7060/82130 -- osd_op(client.2034794.0:86 gc.52 [call lock.unlock] 183.a02c52d4 ondisk+write+known_if_redirected e12924) v4 -- ?+0 0x7efff4018220 con 0x7efff4016e60
2015-01-08 15:01:00.227358 7f006f7fe700 1 -- 172.16.30.1:0/4159532 <== osd.218 172.16.30.8:6890/2658535 1 ==== osd_op_reply(85 [pgls start_epoch 0] v0'0 uv0 ondisk = 1) v6 ==== 167+0+44 (48941774 0 139081063) 0x7eff70005150 con 0x7f0058114390
2015-01-08 15:01:00.227575 7f006f7fe700 1 -- 172.16.30.1:0/4159532 --> 172.16.30.16:6990/2754498 -- osd_op(client.2034794.0:87 [pgls start_epoch 0] 195.2e ack+read+known_if_redirected e12924) v4 -- ?+0 0x7f00581190d0 con 0x7f0058118d20
