2015-01-08 15:01:13.739926 7f005e2f0700 1 -- 172.16.30.1:0/4159532 --> 172.16.30.15:7040/3390485 -- osd_op(client.2034794.0:1702 gc.220 [call rgw.gc_list] 183.729d38cf ack+read+known_if_redirected e12924) v4 -- ?+0 0x7efff4128d60 con 0x7f0058138d80
2015-01-08 15:01:13.743197 7f006f7fe700 1 -- 172.16.30.1:0/4159532 <== osd.16 172.16.30.9:7090/82563 1 ==== osd_op_reply(1701 us-phx.1884261.1__shadow_ff8a7aac-33d5-4f5e-a0bf-5b3291cd0d0d.bam.2/IFfPqeWYfgEc65-23Y6e_d8bNQT69qd.1_29 [getxattrs,stat] v0'0 uv0 ack = -2 ((2) No such file or directory)) v6 ==== 313+0+0 (1689081415 0 0) 0x7efe4c004f20 con 0x7effe0056ff0
2015-01-08 15:01:13.743335 7efff37fe700 20 prepare_atomic_for_write_impl: state is not atomic. state=0x7effe005d7e8
2015-01-08 15:01:13.743351 7efff37fe700 20 RGWDataChangesLog::add_entry() bucket.name=cghub-tcga now=2015-01-08 15:01:13.743350 cur_expiration=2015-01-08 15:01:41.624942
2015-01-08 15:01:13.743499 7efff37fe700 1 -- 172.16.30.1:0/4159532 --> 172.16.30.14:7035/3142641 -- osd_op(client.2034794.0:1703 .dir.us-phx.1884261.1 [call rgw.bucket_prepare_op] 186.a5acc52d ondisk+write+known_if_redirected e12924) v4 -- ?+0 0x7effe0057940 con 0x7f005820e410
2015-01-08 15:01:13.750334 7f006f7fe700 1 -- 172.16.30.1:0/4159532 <== osd.368 172.16.30.15:7040/3390485 3 ==== osd_op_reply(1702 gc.220 [call] v0'0 uv57 ondisk = 0) v6 ==== 173+0+11 (1163377955 0 1993775135) 0x7f003c000d70 con 0x7f0058138d80
2015-01-08 15:01:13.750534 7f005e2f0700 1 -- 172.16.30.1:0/4159532 --> 172.16.30.15:7040/3390485 -- osd_op(client.2034794.0:1704 gc.220 [call lock.unlock] 183.729d38cf ondisk+write+known_if_redirected e12924) v4 -- ?+0 0x7efff4128d60 con 0x7f0058138d80
2015-01-08 15:01:13.759049 7f006f7fe700 1 -- 172.16.30.1:0/4159532 <== osd.367 172.16.30.14:7035/3142641 85 ==== osd_op_reply(1700 .dir.us-phx.1884261.1 [call] v12924'222244 uv222244 ack = 0) v6 ==== 188+0+0 (3297034351 0 0) 0x7efeb0004df0 con 0x7f005820e410
2015-01-08 15:01:13.759342 7f006f7fe700 1 -- 172.16.30.1:0/4159532 <== osd.367 172.16.30.14:7035/3142641 86 ==== osd_op_reply(1700 .dir.us-phx.1884261.1 [call] v12924'222244 uv222244 ondisk = 0) v6 ==== 188+0+0 (1231378988 0 0) 0x7efeb0004df0 con 0x7f005820e410
2015-01-08 15:01:13.770023 7f006f7fe700 1 -- 172.16.30.1:0/4159532 <== osd.367 172.16.30.14:7035/3142641 87 ==== osd_op_reply(1703 .dir.us-phx.1884261.1 [call] v12924'222245 uv222245 ondisk = 0) v6 ==== 188+0+0 (3801009914 0 0) 0x7efeb0004df0 con 0x7f005820e410
2015-01-08 15:01:13.770883 7efff37fe700 1 -- 172.16.30.1:0/4159532 --> 172.16.30.9:7090/82563 -- osd_op(client.2034794.0:1705 us-phx.1884261.1__shadow_ff8a7aac-33d5-4f5e-a0bf-5b3291cd0d0d.bam.2/IFfPqeWYfgEc65-23Y6e_d8bNQT69qd.1_29 [call refcount.put] 196.d60e6c84 ondisk+write+known_if_redirected e12924) v4 -- ?+0 0x7effe00560c0 con 0x7effe0056ff0
2015-01-08 15:01:13.771615 7f006f7fe700 1 -- 172.16.30.1:0/4159532 <== osd.368 172.16.30.15:7040/3390485 4 ==== osd_op_reply(1704 gc.220 [call] v12924'58 uv58 ondisk = 0) v6 ==== 173+0+0 (3857732590 0 0) 0x7f003c000d70 con 0x7f0058138d80
2015-01-08 15:01:13.771833 7f005e2f0700 1 -- 172.16.30.1:0/4159532 --> 172.16.30.7:7065/3612526 -- osd_op(client.2034794.0:1706 gc.221 [call lock.lock] 183.c62a39ba ondisk+write+known_if_redirected e12924) v4 -- ?+0 0x7efff412a210 con 0x7efff411c2a0
2015-01-08 15:01:13.787691 7f006f7fe700 1 -- 172.16.30.1:0/4159532 <== osd.16 172.16.30.9:7090/82563 2 ==== osd_op_reply(1705 us-phx.1884261.1__shadow_ff8a7aac-33d5-4f5e-a0bf-5b3291cd0d0d.bam.2/IFfPqeWYfgEc65-23Y6e_d8bNQT69qd.1_29 [call] v0'0 uv8161 ondisk = -2 ((2) No such file or directory)) v6 ==== 271+0+0 (4189863743 0 0) 0x7efe4c004f20 con 0x7effe0056ff0
2015-01-08 15:01:13.787888 7efff37fe700 1 -- 172.16.30.1:0/4159532 --> 172.16.30.14:7035/3142641 -- osd_op(client.2034794.0:1707 .dir.us-phx.1884261.1 [call rgw.bucket_complete_op] 186.a5acc52d ack+ondisk+write+known_if_redirected e12924) v4 -- ?+0 0x7effe00560c0 con 0x7f005820e410
2015-01-08 15:01:13.787949 7efff37fe700 20 RGWObjManifest::operator++(): rule->part_size=0 rules.size()=1
2015-01-08 15:01:13.787954 7efff37fe700 0 RGWObjManifest::operator++(): result: ofs=125829120 stripe_ofs=125829120 part_ofs=0 rule->part_size=0
2015-01-08 15:01:13.787982 7efff37fe700 20 get_obj_state: rctx=0x7efff37f91f0 obj=cghub-tcga:_shadow_ff8a7aac-33d5-4f5e-a0bf-5b3291cd0d0d.bam.2/IFfPqeWYfgEc65-23Y6e_d8bNQT69qd.1_30 state=0x7effe00583e8 s->prefetch_data=0
2015-01-08 15:01:13.788865 7efff37fe700 1 -- 172.16.30.1:0/4159532 --> 172.16.30.3:6850/3600165 -- osd_op(client.2034794.0:1708 us-phx.1884261.1__shadow_ff8a7aac-33d5-4f5e-a0bf-5b3291cd0d0d.bam.2/IFfPqeWYfgEc65-23Y6e_d8bNQT69qd.1_30 [getxattrs,stat] 196.458094e1 ack+read+known_if_redirected e12924) v4 -- ?+0 0x7effe00560c0 con 0x7f005840cb30
2015-01-08 15:01:13.797672 7f006f7fe700 1 -- 172.16.30.1:0/4159532 <== osd.43 172.16.30.7:7065/3612526 4 ==== osd_op_reply(1706 gc.221 [call] v12924'115 uv115 ondisk = 0) v6 ==== 173+0+0 (1773930422 0 0) 0x7efe3000ad00 con 0x7efff411c2a0
2015-01-08 15:01:13.797829 7f005e2f0700 1 -- 172.16.30.1:0/4159532 --> 172.16.30.7:7065/3612526 -- osd_op(client.2034794.0:1709 gc.221 [call rgw.gc_list] 183.c62a39ba ack+read+known_if_redirected e12924) v4 -- ?+0 0x7efff412a210 con 0x7efff411c2a0
2015-01-08 15:01:13.798906 7f006f7fe700 1 -- 172.16.30.1:0/4159532 <== osd.761 172.16.30.3:6850/3600165 2 ==== osd_op_reply(1708 us-phx.1884261.1__shadow_ff8a7aac-33d5-4f5e-a0bf-5b3291cd0d0d.bam.2/IFfPqeWYfgEc65-23Y6e_d8bNQT69qd.1_30 [getxattrs,stat] v0'0 uv0 ack = -2 ((2) No such file or directory)) v6 ==== 313+0+0 (3488391504 0 0) 0x7eff30004df0 con 0x7f005840cb30
2015-01-08 15:01:13.799079 7efff37fe700 20 prepare_atomic_for_write_impl: state is not atomic. state=0x7effe00583e8
2015-01-08 15:01:13.799105 7efff37fe700 20 RGWDataChangesLog::add_entry() bucket.name=cghub-tcga now=2015-01-08 15:01:13.799105 cur_expiration=2015-01-08 15:01:41.624942
2015-01-08 15:01:13.799240 7efff37fe700 1 -- 172.16.30.1:0/4159532 --> 172.16.30.14:7035/3142641 -- osd_op(client.2034794.0:1710 .dir.us-phx.1884261.1 [call rgw.bucket_prepare_op] 186.a5acc52d ondisk+write+known_if_redirected e12924) v4 -- ?+0 0x7effe0058b70 con 0x7f005820e410
2015-01-08 15:01:13.804701 7f006f7fe700 1 -- 172.16.30.1:0/4159532 <== osd.43 172.16.30.7:7065/3612526 5 ==== osd_op_reply(1709 gc.221 [call] v0'0 uv115 ondisk = 0) v6 ==== 173+0+11 (2386291535 0 1993775135) 0x7efe3000ad00 con 0x7efff411c2a0
2015-01-08 15:01:13.804864 7f005e2f0700 1 -- 172.16.30.1:0/4159532 --> 172.16.30.7:7065/3612526 -- osd_op(client.2034794.0:1711 gc.221 [call lock.unlock] 183.c62a39ba ondisk+write+known_if_redirected e12924) v4 -- ?+0 0x7efff412a210 con 0x7efff411c2a0
2015-01-08 15:01:13.819405 7f006f7fe700 1 -- 172.16.30.1:0/4159532 <== osd.367 172.16.30.14:7035/3142641 88 ==== osd_op_reply(1707 .dir.us-phx.1884261.1 [call] v12924'222246 uv222246 ack = 0) v6 ==== 188+0+0 (570524197 0 0) 0x7efeb0004df0 con 0x7f005820e410
2015-01-08 15:01:13.819465 7f006f7fe700 1 -- 172.16.30.1:0/4159532 <== osd.367 172.16.30.14:7035/3142641 89 ==== osd_op_reply(1707 .dir.us-phx.1884261.1 [call] v12924'222246 uv222246 ondisk = 0) v6 ==== 188+0+0 (2950699110 0 0) 0x7efeb0005d70 con 0x7f005820e410
2015-01-08 15:01:13.828811 7f006f7fe700 1 -- 172.16.30.1:0/4159532 <== osd.367 172.16.30.14:7035/3142641 90 ==== osd_op_reply(1710 .dir.us-phx.1884261.1 [call] v12924'222247 uv222247 ondisk = 0) v6 ==== 188+0+0 (67865776 0 0) 0x7efeb0005d70 con 0x7f005820e410
2015-01-08 15:01:13.829862 7efff37fe700 1 -- 172.16.30.1:0/4159532 --> 172.16.30.3:6850/3600165 -- osd_op(client.2034794.0:1712 us-phx.1884261.1__shadow_ff8a7aac-33d5-4f5e-a0bf-5b3291cd0d0d.bam.2/IFfPqeWYfgEc65-23Y6e_d8bNQT69qd.1_30 [call refcount.put] 196.458094e1 ondisk+write+known_if_redirected e12924) v4 -- ?+0 0x7effe00610e0 con 0x7f005840cb30
2015-01-08 15:01:13.830710 7f006f7fe700 1 -- 172.16.30.1:0/4159532 <== osd.43 172.16.30.7:7065/3612526 6 ==== osd_op_reply(1711 gc.221 [call] v12924'116 uv116 ondisk = 0) v6 ==== 173+0+0 (558747742 0 0) 0x7efe3000ad00 con 0x7efff411c2a0
2015-01-08 15:01:13.830910 7f005e2f0700 1 -- 172.16.30.1:0/4159532 --> 172.16.30.16:6825/2751972 -- osd_op(client.2034794.0:1713 gc.222 [call lock.lock] 183.c01e8c8e ondisk+write+known_if_redirected e12924) v4 -- ?+0 0x7efff412a210 con 0x7f00581bb270
2015-01-08 15:01:13.845025 7f006f7fe700 1 -- 172.16.30.1:0/4159532 <== osd.761 172.16.30.3:6850/3600165 3 ==== osd_op_reply(1712 us-phx.1884261.1__shadow_ff8a7aac-33d5-4f5e-a0bf-5b3291cd0d0d.bam.2/IFfPqeWYfgEc65-23Y6e_d8bNQT69qd.1_30 [call] v0'0 uv8509 ondisk = -2 ((2) No such file or directory)) v6 ==== 271+0+0 (3450391002 0 0) 0x7eff30004df0 con 0x7f005840cb30
2015-01-08 15:01:13.845263 7efff37fe700 1 -- 172.16.30.1:0/4159532 --> 172.16.30.14:7035/3142641 -- osd_op(client.2034794.0:1714 .dir.us-phx.1884261.1 [call rgw.bucket_complete_op] 186.a5acc52d ack+ondisk+write+known_if_redirected e12924) v4 -- ?+0 0x7effe00560c0 con 0x7f005820e410
2015-01-08 15:01:13.845322 7efff37fe700 20 RGWObjManifest::operator++(): rule->part_size=0 rules.size()=1
2015-01-08 15:01:13.845327 7efff37fe700 0 RGWObjManifest::operator++(): result: ofs=130023424 stripe_ofs=130023424 part_ofs=0 rule->part_size=0
2015-01-08 15:01:13.845355 7efff37fe700 20 get_obj_state: rctx=0x7efff37f91f0 obj=cghub-tcga:_shadow_ff8a7aac-33d5-4f5e-a0bf-5b3291cd0d0d.bam.2/IFfPqeWYfgEc65-23Y6e_d8bNQT69qd.1_31 state=0x7effe00589f8 s->prefetch_data=0
2015-01-08 15:01:13.846100 7efff37fe700 1 -- 172.16.30.1:0/4159532 --> 172.16.30.8:6800/2657730 -- osd_op(client.2034794.0:1715 us-phx.1884261.1__shadow_ff8a7aac-33d5-4f5e-a0bf-5b3291cd0d0d.bam.2/IFfPqeWYfgEc65-23Y6e_d8bNQT69qd.1_31 [getxattrs,stat] 196.8777e352 ack+read+known_if_redirected e12924) v4 -- ?+0 0x7effe00560c0 con 0x7f00583dd530
2015-01-08 15:01:13.851223 7f006f7fe700 1 -- 172.16.30.1:0/4159532 <== osd.794 172.16.30.8:6800/2657730 5 ==== osd_op_reply(1715 us-phx.1884261.1__shadow_ff8a7aac-33d5-4f5e-a0bf-5b3291cd0d0d.bam.2/IFfPqeWYfgEc65-23Y6e_d8bNQT69qd.1_31 [getxattrs,stat] v0'0 uv0 ack = -2 ((2) No such file or directory)) v6 ==== 313+0+0 (760500199 0 0) 0x7efe60004df0 con 0x7f00583dd530
2015-01-08 15:01:13.851359 7efff37fe700 20 prepare_atomic_for_write_impl: state is not atomic. state=0x7effe00589f8
2015-01-08 15:01:13.851373 7efff37fe700 20 RGWDataChangesLog::add_entry() bucket.name=cghub-tcga now=2015-01-08 15:01:13.851373 cur_expiration=2015-01-08 15:01:41.624942
2015-01-08 15:01:13.851533 7efff37fe700 1 -- 172.16.30.1:0/4159532 --> 172.16.30.14:7035/3142641 -- osd_op(client.2034794.0:1716 .dir.us-phx.1884261.1 [call rgw.bucket_prepare_op] 186.a5acc52d ondisk+write+known_if_redirected e12924) v4 -- ?+0 0x7effe0061aa0 con 0x7f005820e410
2015-01-08 15:01:13.865709 7f006f7fe700 1 -- 172.16.30.1:0/4159532 <== osd.604 172.16.30.16:6825/2751972 2 ==== osd_op_reply(1713 gc.222 [call] v12924'113 uv113 ondisk = 0) v6 ==== 173+0+0 (2471828684 0 0) 0x7f000c000d70 con 0x7f00581bb270
2015-01-08 15:01:13.865913 7f005e2f0700 1 -- 172.16.30.1:0/4159532 --> 172.16.30.16:6825/2751972 -- osd_op(client.2034794.0:1717 gc.222 [call rgw.gc_list] 183.c01e8c8e ack+read+known_if_redirected e12924) v4 -- ?+0 0x7efff412ac90 con 0x7f00581bb270
2015-01-08 15:01:13.875835 7f006f7fe700 1 -- 172.16.30.1:0/4159532 <== osd.604 172.16.30.16:6825/2751972 3 ==== osd_op_reply(1717 gc.222 [call] v0'0 uv113 ondisk = 0) v6 ==== 173+0+11 (1289795651 0 1993775135) 0x7f000c000d70 con 0x7f00581bb270
2015-01-08 15:01:13.876036 7f005e2f0700 1 -- 172.16.30.1:0/4159532 --> 172.16.30.16:6825/2751972 -- osd_op(client.2034794.0:1718 gc.222 [call lock.unlock] 183.c01e8c8e ondisk+write+known_if_redirected e12924) v4 -- ?+0 0x7efff412ac90 con 0x7f00581bb270
2015-01-08 15:01:13.880370 7f006f7fe700 1 -- 172.16.30.1:0/4159532 <== osd.367 172.16.30.14:7035/3142641 91 ==== osd_op_reply(1714 .dir.us-phx.1884261.1 [call] v12924'222248 uv222248 ack = 0) v6 ==== 188+0+0 (2554568753 0 0) 0x7efeb0005d70 con 0x7f005820e410
2015-01-08 15:01:13.880610 7f006f7fe700 1 -- 172.16.30.1:0/4159532 <== osd.367 172.16.30.14:7035/3142641 92 ==== osd_op_reply(1714 .dir.us-phx.1884261.1 [call] v12924'222248 uv222248 ondisk = 0) v6 ==== 188+0+0 (362953330 0 0) 0x7efeb0005d70 con 0x7f005820e410
2015-01-08 15:01:13.886441 7f006f7fe700 1 -- 172.16.30.1:0/4159532 <== osd.367 172.16.30.14:7035/3142641 93 ==== osd_op_reply(1716 .dir.us-phx.1884261.1 [call] v12924'222249 uv222249 ondisk = 0) v6 ==== 188+0+0 (3192499876 0 0) 0x7efeb0005d70 con 0x7f005820e410
2015-01-08 15:01:13.887293 7efff37fe700 1 -- 172.16.30.1:0/4159532 --> 172.16.30.8:6800/2657730 -- osd_op(client.2034794.0:1719 us-phx.1884261.1__shadow_ff8a7aac-33d5-4f5e-a0bf-5b3291cd0d0d.bam.2/IFfPqeWYfgEc65-23Y6e_d8bNQT69qd.1_31 [call refcount.put] 196.8777e352 ondisk+write+known_if_redirected e12924) v4 -- ?+0 0x7effe00560c0 con 0x7f00583dd530
2015-01-08 15:01:13.894021 7f006f7fe700 1 -- 172.16.30.1:0/4159532 <== osd.604 172.16.30.16:6825/2751972 4 ==== osd_op_reply(1718 gc.222 [call] v12924'114 uv114 ondisk = 0) v6 ==== 173+0+0 (323107137 0 0) 0x7f000c000d70 con 0x7f00581bb270
2015-01-08 15:01:13.894244 7f005e2f0700 1 -- 172.16.30.1:0/4159532 --> 172.16.30.4:6920/3109884 -- osd_op(client.2034794.0:1720 gc.223 [call lock.lock] 183.ab010056 ondisk+write+known_if_redirected e12924) v4 -- ?+0 0x7efff412c0e0 con 0x7f0058277a20
2015-01-08 15:01:13.896085 7f006f7fe700 1 -- 172.16.30.1:0/4159532 <== osd.794 172.16.30.8:6800/2657730 6 ==== osd_op_reply(1719 us-phx.1884261.1__shadow_ff8a7aac-33d5-4f5e-a0bf-5b3291cd0d0d.bam.2/IFfPqeWYfgEc65-23Y6e_d8bNQT69qd.1_31 [call] v0'0 uv8183 ondisk = -2 ((2) No such file or directory)) v6 ==== 271+0+0 (1706221898 0 0) 0x7efe60004df0 con 0x7f00583dd530
2015-01-08 15:01:13.896320 7efff37fe700 1 -- 172.16.30.1:0/4159532 --> 172.16.30.14:7035/3142641 -- osd_op(client.2034794.0:1721 .dir.us-phx.1884261.1 [call rgw.bucket_complete_op] 186.a5acc52d ack+ondisk+write+known_if_redirected e12924) v4 -- ?+0 0x7effe00618a0 con 0x7f005820e410
2015-01-08 15:01:13.896381 7efff37fe700 20 RGWObjManifest::operator++(): rule->part_size=0 rules.size()=1
2015-01-08 15:01:13.896386 7efff37fe700 0 RGWObjManifest::operator++(): result: ofs=134217728 stripe_ofs=134217728 part_ofs=0 rule->part_size=0
2015-01-08 15:01:13.896414 7efff37fe700 20 get_obj_state: rctx=0x7efff37f91f0 obj=cghub-tcga:_shadow_ff8a7aac-33d5-4f5e-a0bf-5b3291cd0d0d.bam.2/IFfPqeWYfgEc65-23Y6e_d8bNQT69qd.1_32 state=0x7effe005a868 s->prefetch_data=0
2015-01-08 15:01:13.896777 7efff37fe700 1 -- 172.16.30.1:0/4159532 --> 172.16.30.5:6970/3332790 -- osd_op(client.2034794.0:1722 us-phx.1884261.1__shadow_ff8a7aac-33d5-4f5e-a0bf-5b3291cd0d0d.bam.2/IFfPqeWYfgEc65-23Y6e_d8bNQT69qd.1_32 [getxattrs,stat] 196.9fb5064 ack+read+known_if_redirected e12924) v4 -- ?+0 0x7effe00618a0 con 0x7f0058425600
2015-01-08 15:01:13.903604 7f006f7fe700 1 -- 172.16.30.1:0/4159532 <== osd.139 172.16.30.5:6970/3332790 2 ==== osd_op_reply(1722 us-phx.1884261.1__shadow_ff8a7aac-33d5-4f5e-a0bf-5b3291cd0d0d.bam.2/IFfPqeWYfgEc65-23Y6e_d8bNQT69qd.1_32 [getxattrs,stat] v0'0 uv0 ack = -2 ((2) No such file or directory)) v6 ==== 313+0+0 (2140858777 0 0) 0x7effa0004df0 con 0x7f0058425600
2015-01-08 15:01:13.903740 7efff37fe700 20 prepare_atomic_for_write_impl: state is not atomic. state=0x7effe005a868
2015-01-08 15:01:13.903765 7efff37fe700 20 RGWDataChangesLog::add_entry() bucket.name=cghub-tcga now=2015-01-08 15:01:13.903764 cur_expiration=2015-01-08 15:01:41.624942
2015-01-08 15:01:13.903901 7efff37fe700 1 -- 172.16.30.1:0/4159532 --> 172.16.30.14:7035/3142641 -- osd_op(client.2034794.0:1723 .dir.us-phx.1884261.1 [call rgw.bucket_prepare_op] 186.a5acc52d ondisk+write+known_if_redirected e12924) v4 -- ?+0 0x7effe005b770 con 0x7f005820e410
2015-01-08 15:01:13.931252 7f006f7fe700 1 -- 172.16.30.1:0/4159532 <== osd.367 172.16.30.14:7035/3142641 94 ==== osd_op_reply(1721 .dir.us-phx.1884261.1 [call] v12924'222250 uv222250 ack = 0) v6 ==== 188+0+0 (2126963323 0 0) 0x7efeb0005d70 con 0x7f005820e410
2015-01-08 15:01:13.931532 7f006f7fe700 1 -- 172.16.30.1:0/4159532 <== osd.367 172.16.30.14:7035/3142641 95 ==== osd_op_reply(1721 .dir.us-phx.1884261.1 [call] v12924'222250 uv222250 ondisk = 0) v6 ==== 188+0+0 (4079450168 0 0) 0x7efeb0005d70 con 0x7f005820e410
2015-01-08 15:01:13.935849 7f006f7fe700 1 -- 172.16.30.1:0/4159532 <== osd.732 172.16.30.4:6920/3109884 2 ==== osd_op_reply(1720 gc.223 [call] v12924'57 uv57 ondisk = 0) v6 ==== 173+0+0 (3353835904 0 0) 0x7efd84009f90 con 0x7f0058277a20
2015-01-08 15:01:13.936045 7f005e2f0700 1 -- 172.16.30.1:0/4159532 --> 172.16.30.4:6920/3109884 -- osd_op(client.2034794.0:1724 gc.223 [call rgw.gc_list] 183.ab010056 ack+read+known_if_redirected e12924) v4 -- ?+0 0x7efff412c0e0 con 0x7f0058277a20
2015-01-08 15:01:13.936668 7f006f7fe700 1 -- 172.16.30.1:0/4159532 <== osd.367 172.16.30.14:7035/3142641 96 ==== osd_op_reply(1723 .dir.us-phx.1884261.1 [call] v12924'222251 uv222251 ondisk = 0) v6 ==== 188+0+0 (1489825006 0 0) 0x7efeb0005d70 con 0x7f005820e410
2015-01-08 15:01:13.937201 7efff37fe700 1 -- 172.16.30.1:0/4159532 --> 172.16.30.5:6970/3332790 -- osd_op(client.2034794.0:1725 us-phx.1884261.1__shadow_ff8a7aac-33d5-4f5e-a0bf-5b3291cd0d0d.bam.2/IFfPqeWYfgEc65-23Y6e_d8bNQT69qd.1_32 [call refcount.put] 196.9fb5064 ondisk+write+known_if_redirected e12924) v4 -- ?+0 0x7effe00618a0 con 0x7f0058425600
2015-01-08 15:01:13.942155 7f006f7fe700 1 -- 172.16.30.1:0/4159532 <== osd.732 172.16.30.4:6920/3109884 3 ==== osd_op_reply(1724 gc.223 [call] v0'0 uv57 ondisk = 0) v6 ==== 173+0+11 (3881284288 0 1993775135) 0x7efd84009f90 con 0x7f0058277a20
2015-01-08 15:01:13.942357 7f005e2f0700 1 -- 172.16.30.1:0/4159532 --> 172.16.30.4:6920/3109884 -- osd_op(client.2034794.0:1726 gc.223 [call lock.unlock] 183.ab010056 ondisk+write+known_if_redirected e12924) v4 -- ?+0 0x7efff412c0e0 con 0x7f0058277a20
2015-01-08 15:01:13.947182 7f006f7fe700 1 -- 172.16.30.1:0/4159532 <== osd.139 172.16.30.5:6970/3332790 3 ==== osd_op_reply(1725 us-phx.1884261.1__shadow_ff8a7aac-33d5-4f5e-a0bf-5b3291cd0d0d.bam.2/IFfPqeWYfgEc65-23Y6e_d8bNQT69qd.1_32 [call] v0'0 uv8640 ondisk = -2 ((2) No such file or directory)) v6 ==== 271+0+0 (1035371159 0 0) 0x7effa0005360 con 0x7f0058425600
2015-01-08 15:01:13.947402 7efff37fe700 1 -- 172.16.30.1:0/4159532 --> 172.16.30.14:7035/3142641 -- osd_op(client.2034794.0:1727 .dir.us-phx.1884261.1 [call rgw.bucket_complete_op] 186.a5acc52d ack+ondisk+write+known_if_redirected e12924) v4 -- ?+0 0x7effe005b570 con 0x7f005820e410
2015-01-08 15:01:13.947463 7efff37fe700 20 RGWObjManifest::operator++(): rule->part_size=0 rules.size()=1
2015-01-08 15:01:13.947468 7efff37fe700 0 RGWObjManifest::operator++(): result: ofs=138412032 stripe_ofs=138412032 part_ofs=0 rule->part_size=0
2015-01-08 15:01:13.947496 7efff37fe700 20 get_obj_state: rctx=0x7efff37f91f0 obj=cghub-tcga:_shadow_ff8a7aac-33d5-4f5e-a0bf-5b3291cd0d0d.bam.2/IFfPqeWYfgEc65-23Y6e_d8bNQT69qd.1_33 state=0x7effe005c148 s->prefetch_data=0
2015-01-08 15:01:13.948551 7efff37fe700 1 -- 172.16.30.1:0/4159532 --> 172.16.30.5:6825/3330982 -- osd_op(client.2034794.0:1728 us-phx.1884261.1__shadow_ff8a7aac-33d5-4f5e-a0bf-5b3291cd0d0d.bam.2/IFfPqeWYfgEc65-23Y6e_d8bNQT69qd.1_33 [getxattrs,stat] 196.cac3dc50 ack+read+known_if_redirected e12924) v4 -- ?+0 0x7effe005cd40 con 0x7f00580e4a20
2015-01-08 15:01:13.958077 7f006f7fe700 1 -- 172.16.30.1:0/4159532 <== osd.284 172.16.30.5:6825/3330982 3 ==== osd_op_reply(1728 us-phx.1884261.1__shadow_ff8a7aac-33d5-4f5e-a0bf-5b3291cd0d0d.bam.2/IFfPqeWYfgEc65-23Y6e_d8bNQT69qd.1_33 [getxattrs,stat] v0'0 uv0 ack = -2 ((2) No such file or directory)) v6 ==== 313+0+0 (3346173513 0 0) 0x7efe2c007760 con 0x7f00580e4a20
2015-01-08 15:01:13.958248 7efff37fe700 20 prepare_atomic_for_write_impl: state is not atomic. state=0x7effe005c148
2015-01-08 15:01:13.958275 7efff37fe700 20 RGWDataChangesLog::add_entry() bucket.name=cghub-tcga now=2015-01-08 15:01:13.958274 cur_expiration=2015-01-08 15:01:41.624942
2015-01-08 15:01:13.958430 7efff37fe700 1 -- 172.16.30.1:0/4159532 --> 172.16.30.14:7035/3142641 -- osd_op(client.2034794.0:1729 .dir.us-phx.1884261.1 [call rgw.bucket_prepare_op] 186.a5acc52d ondisk+write+known_if_redirected e12924) v4 -- ?+0 0x7effe005ccf0 con 0x7f005820e410
2015-01-08 15:01:13.979071 7f006f7fe700 1 -- 172.16.30.1:0/4159532 <== osd.367 172.16.30.14:7035/3142641 97 ==== osd_op_reply(1727 .dir.us-phx.1884261.1 [call] v12924'222252 uv222252 ack = 0) v6 ==== 188+0+0 (1353011796 0 0) 0x7efeb0005d70 con 0x7f005820e410
2015-01-08 15:01:13.979353 7f006f7fe700 1 -- 172.16.30.1:0/4159532 <== osd.367 172.16.30.14:7035/3142641 98 ==== osd_op_reply(1727 .dir.us-phx.1884261.1 [call] v12924'222252 uv222252 ondisk = 0) v6 ==== 188+0+0 (3712272407 0 0) 0x7efeb0005d70 con 0x7f005820e410
2015-01-08 15:01:13.982545 7f006ffff700 1 -- 172.16.30.1:0/4159532 --> 172.16.30.5:7105/3335545 -- ping magic: 0 v1 -- ?+0 0x7eff38006a30 con 0x138cc00
2015-01-08 15:01:13.982588 7f006ffff700 1 -- 172.16.30.1:0/4159532 --> 172.16.30.9:6885/79261 -- ping magic: 0 v1 -- ?+0 0x7eff38006d30 con 0x138ea00
2015-01-08 15:01:13.982605 7f006ffff700 1 -- 172.16.30.1:0/4159532 --> 172.16.30.14:7000/3141948 -- ping magic: 0 v1 -- ?+0 0x7eff3800d810 con 0x1390710
2015-01-08 15:01:13.982620 7f006ffff700 1 -- 172.16.30.1:0/4159532 --> 172.16.30.5:7065/3334590 -- ping magic: 0 v1 -- ?+0 0x7eff3800de10 con 0x1392420
2015-01-08 15:01:13.982637 7f006ffff700 1 -- 172.16.30.1:0/4159532 --> 172.16.30.12:6935/1399575 -- ping magic: 0 v1 -- ?+0 0x7eff3800e110 con 0x1394130
2015-01-08 15:01:13.982654 7f006ffff700 1 -- 172.16.30.1:0/4159532 --> 172.16.30.5:6820/3330924 -- ping magic: 0 v1 -- ?+0 0x7eff3800e410 con 0x1395e40
2015-01-08 15:01:13.982680 7f006ffff700 1 -- 172.16.30.1:0/4159532 --> 172.16.30.12:6995/1400703 -- ping magic: 0 v1 -- ?+0 0x7eff3800e710 con 0x1397b50
2015-01-08 15:01:13.982705 7f006ffff700 1 -- 172.16.30.1:0/4159532 --> 172.16.30.5:6870/3331434 -- ping magic: 0 v1 -- ?+0 0x7eff3800ea10 con 0x1399860
2015-01-08 15:01:13.986883 7f006f7fe700 1 -- 172.16.30.1:0/4159532 <== osd.367 172.16.30.14:7035/3142641 99 ==== osd_op_reply(1729 .dir.us-phx.1884261.1 [call] v12924'222253 uv222253 ondisk = 0) v6 ==== 188+0+0 (1991204033 0 0) 0x7efeb0005d70 con 0x7f005820e410
2015-01-08 15:01:13.988073 7efff37fe700 1 -- 172.16.30.1:0/4159532 --> 172.16.30.5:6825/3330982 -- osd_op(client.2034794.0:1730 us-phx.1884261.1__shadow_ff8a7aac-33d5-4f5e-a0bf-5b3291cd0d0d.bam.2/IFfPqeWYfgEc65-23Y6e_d8bNQT69qd.1_33 [call refcount.put] 196.cac3dc50 ondisk+write+known_if_redirected e12924) v4 -- ?+0 0x7effe00654b0 con 0x7f00580e4a20
2015-01-08 15:01:14.006247 7f006f7fe700 1 -- 172.16.30.1:0/4159532 <== osd.284 172.16.30.5:6825/3330982 4 ==== osd_op_reply(1730 us-phx.1884261.1__shadow_ff8a7aac-33d5-4f5e-a0bf-5b3291cd0d0d.bam.2/IFfPqeWYfgEc65-23Y6e_d8bNQT69qd.1_33 [call] v0'0 uv8438 ondisk = -2 ((2) No such file or directory)) v6 ==== 271+0+0 (1558545016 0 0) 0x7efe2c005e50 con 0x7f00580e4a20
2015-01-08 15:01:14.006469 7efff37fe700 1 -- 172.16.30.1:0/4159532 --> 172.16.30.14:7035/3142641 -- osd_op(client.2034794.0:1731 .dir.us-phx.1884261.1 [call rgw.bucket_complete_op] 186.a5acc52d ack+ondisk+write+known_if_redirected e12924) v4 -- ?+0 0x7effe00658d0 con 0x7f005820e410
2015-01-08 15:01:14.006528 7efff37fe700 20 RGWObjManifest::operator++(): rule->part_size=0 rules.size()=1
2015-01-08 15:01:14.006532 7efff37fe700 0 RGWObjManifest::operator++(): result: ofs=142606336 stripe_ofs=142606336 part_ofs=0 rule->part_size=0
2015-01-08 15:01:14.006561 7efff37fe700 20 get_obj_state: rctx=0x7efff37f91f0 obj=cghub-tcga:_shadow_ff8a7aac-33d5-4f5e-a0bf-5b3291cd0d0d.bam.2/IFfPqeWYfgEc65-23Y6e_d8bNQT69qd.1_34 state=0x7effe005c758 s->prefetch_data=0
2015-01-08 15:01:14.007027 7efff37fe700 1 -- 172.16.30.1:0/4159532 --> 172.16.30.16:7035/2755198 -- osd_op(client.2034794.0:1732 us-phx.1884261.1__shadow_ff8a7aac-33d5-4f5e-a0bf-5b3291cd0d0d.bam.2/IFfPqeWYfgEc65-23Y6e_d8bNQT69qd.1_34 [getxattrs,stat] 196.b2698ffc ack+read+known_if_redirected e12924) v4 -- ?+0 0x7effe005f180 con 0x7effe005eb60
2015-01-08 15:01:14.015942 7f006f7fe700 1 -- 172.16.30.1:0/4159532 <== osd.369 172.16.30.16:7035/2755198 1 ==== osd_op_reply(1732 us-phx.1884261.1__shadow_ff8a7aac-33d5-4f5e-a0bf-5b3291cd0d0d.bam.2/IFfPqeWYfgEc65-23Y6e_d8bNQT69qd.1_34 [getxattrs,stat] v0'0 uv0 ack = -2 ((2) No such file or directory)) v6 ==== 313+0+0 (3489170696 0 0) 0x7efe54008960 con 0x7effe005eb60
2015-01-08 15:01:14.016112 7efff37fe700 20 prepare_atomic_for_write_impl: state is not atomic. state=0x7effe005c758
2015-01-08 15:01:14.016137 7efff37fe700 20 RGWDataChangesLog::add_entry() bucket.name=cghub-tcga now=2015-01-08 15:01:14.016137 cur_expiration=2015-01-08 15:01:41.624942
2015-01-08 15:01:14.016295 7efff37fe700 1 -- 172.16.30.1:0/4159532 --> 172.16.30.14:7035/3142641 -- osd_op(client.2034794.0:1733 .dir.us-phx.1884261.1 [call rgw.bucket_prepare_op] 186.a5acc52d ondisk+write+known_if_redirected e12924) v4 -- ?+0 0x7effe0069010 con 0x7f005820e410
2015-01-08 15:01:14.049370 7f006f7fe700 1 -- 172.16.30.1:0/4159532 <== osd.367 172.16.30.14:7035/3142641 100 ==== osd_op_reply(1731 .dir.us-phx.1884261.1 [call] v12924'222254 uv222254 ondisk = 0) v6 ==== 188+0+0 (1002539613 0 0) 0x7efeb0005d70 con 0x7f005820e410
2015-01-08 15:01:14.051409 7f006f7fe700 1 -- 172.16.30.1:0/4159532 <== osd.732 172.16.30.4:6920/3109884 4 ==== osd_op_reply(1726 gc.223 [call] v12924'58 uv58 ondisk = 0) v6 ==== 173+0+0 (1206934541 0 0) 0x7efd84009f90 con 0x7f0058277a20
2015-01-08 15:01:14.051606 7f005e2f0700 1 -- 172.16.30.1:0/4159532 --> 172.16.30.5:6850/3331205 -- osd_op(client.2034794.0:1734 gc.224 [call lock.lock] 183.87d368b6 ondisk+write+known_if_redirected e12924) v4 -- ?+0 0x7efff412c0e0 con 0x7f0058374410
2015-01-08 15:01:14.058030 7f006f7fe700 1 -- 172.16.30.1:0/4159532 <== osd.367 172.16.30.14:7035/3142641 101 ==== osd_op_reply(1733 .dir.us-phx.1884261.1 [call] v12924'222255 uv222255 ondisk = 0) v6 ==== 188+0+0 (2418679435 0 0) 0x7efeb0005d70 con 0x7f005820e410
2015-01-08 15:01:14.058544 7efff37fe700 1 -- 172.16.30.1:0/4159532 --> 172.16.30.16:7035/2755198 -- osd_op(client.2034794.0:1735 us-phx.1884261.1__shadow_ff8a7aac-33d5-4f5e-a0bf-5b3291cd0d0d.bam.2/IFfPqeWYfgEc65-23Y6e_d8bNQT69qd.1_34 [call refcount.put] 196.b2698ffc ondisk+write+known_if_redirected e12924) v4 -- ?+0 0x7effe005cc10 con 0x7effe005eb60
2015-01-08 15:01:14.071232 7f006f7fe700 1 -- 172.16.30.1:0/4159532 <== osd.369 172.16.30.16:7035/2755198 2 ==== osd_op_reply(1735 us-phx.1884261.1__shadow_ff8a7aac-33d5-4f5e-a0bf-5b3291cd0d0d.bam.2/IFfPqeWYfgEc65-23Y6e_d8bNQT69qd.1_34 [call] v0'0 uv8165 ondisk = -2 ((2) No such file or directory)) v6 ==== 271+0+0 (1952662708 0 0) 0x7efe54004df0 con 0x7effe005eb60
2015-01-08 15:01:14.071451 7efff37fe700 1 -- 172.16.30.1:0/4159532 --> 172.16.30.14:7035/3142641 -- osd_op(client.2034794.0:1736 .dir.us-phx.1884261.1 [call rgw.bucket_complete_op] 186.a5acc52d ack+ondisk+write+known_if_redirected e12924) v4 -- ?+0 0x7effe005f180 con 0x7f005820e410
2015-01-08 15:01:14.071510 7efff37fe700 20 RGWObjManifest::operator++(): rule->part_size=0 rules.size()=1
2015-01-08 15:01:14.071515 7efff37fe700 0 RGWObjManifest::operator++(): result: ofs=146800640 stripe_ofs=146800640 part_ofs=0 rule->part_size=0
2015-01-08 15:01:14.071543 7efff37fe700 20 get_obj_state: rctx=0x7efff37f91f0 obj=cghub-tcga:_shadow_ff8a7aac-33d5-4f5e-a0bf-5b3291cd0d0d.bam.2/IFfPqeWYfgEc65-23Y6e_d8bNQT69qd.1_35 state=0x7effe005fc28 s->prefetch_data=0
2015-01-08 15:01:14.072764 7efff37fe700 1 -- 172.16.30.1:0/4159532 --> 172.16.30.5:7105/3335545 -- osd_op(client.2034794.0:1737 us-phx.1884261.1__shadow_ff8a7aac-33d5-4f5e-a0bf-5b3291cd0d0d.bam.2/IFfPqeWYfgEc65-23Y6e_d8bNQT69qd.1_35 [getxattrs,stat] 196.8834b1a5 ack+read+known_if_redirected e12924) v4 -- ?+0 0x7effe005f180 con 0x138cc00
2015-01-08 15:01:14.080579 7f006f7fe700 1 -- 172.16.30.1:0/4159532 <== osd.1 172.16.30.5:7105/3335545 3 ==== osd_op_reply(1737 us-phx.1884261.1__shadow_ff8a7aac-33d5-4f5e-a0bf-5b3291cd0d0d.bam.2/IFfPqeWYfgEc65-23Y6e_d8bNQT69qd.1_35 [getxattrs,stat] v0'0 uv0 ack = -2 ((2) No such file or directory)) v6 ==== 313+0+0 (4287056584 0 0) 0x7f0038006660 con 0x138cc00
2015-01-08 15:01:14.080764 7efff37fe700 20 prepare_atomic_for_write_impl: state is not atomic. state=0x7effe005fc28
2015-01-08 15:01:14.080790 7efff37fe700 20 RGWDataChangesLog::add_entry() bucket.name=cghub-tcga now=2015-01-08 15:01:14.080789 cur_expiration=2015-01-08 15:01:41.624942
2015-01-08 15:01:14.080939 7efff37fe700 1 -- 172.16.30.1:0/4159532 --> 172.16.30.14:7035/3142641 -- osd_op(client.2034794.0:1738 .dir.us-phx.1884261.1 [call rgw.bucket_prepare_op] 186.a5acc52d ondisk+write+known_if_redirected e12924) v4 -- ?+0 0x7effe0060230 con 0x7f005820e410
2015-01-08 15:01:14.088494 7f006f7fe700 1 -- 172.16.30.1:0/4159532 <== osd.259 172.16.30.5:6850/3331205 3 ==== osd_op_reply(1734 gc.224 [call] v12924'57 uv57 ondisk = 0) v6 ==== 173+0+0 (3929259136 0 0) 0x7effb8005f50 con 0x7f0058374410
2015-01-08 15:01:14.088688 7f005e2f0700 1 -- 172.16.30.1:0/4159532 --> 172.16.30.5:6850/3331205 -- osd_op(client.2034794.0:1739 gc.224 [call rgw.gc_list] 183.87d368b6 ack+read+known_if_redirected e12924) v4 -- ?+0 0x7efff412c0e0 con 0x7f0058374410
2015-01-08 15:01:14.099480 7f006f7fe700 1 -- 172.16.30.1:0/4159532 <== osd.259 172.16.30.5:6850/3331205 4 ==== osd_op_reply(1739 gc.224 [call] v0'0 uv57 ondisk = 0) v6 ==== 173+0+11 (3397613504 0 1993775135) 0x7effb8005f50 con 0x7f0058374410
2015-01-08 15:01:14.099678 7f005e2f0700 1 -- 172.16.30.1:0/4159532 --> 172.16.30.5:6850/3331205 -- osd_op(client.2034794.0:1740 gc.224 [call lock.unlock] 183.87d368b6 ondisk+write+known_if_redirected e12924) v4 -- ?+0 0x7efff412cd60 con 0x7f0058374410
2015-01-08 15:01:14.114552 7f006f7fe700 1 -- 172.16.30.1:0/4159532 <== osd.367 172.16.30.14:7035/3142641 102 ==== osd_op_reply(1736 .dir.us-phx.1884261.1 [call] v12924'222256 uv222256 ondisk = 0) v6 ==== 188+0+0 (2888628942 0 0) 0x7efeb0005d70 con 0x7f005820e410
2015-01-08 15:01:14.120761 7f006f7fe700 1 -- 172.16.30.1:0/4159532 <== osd.367 172.16.30.14:7035/3142641 103 ==== osd_op_reply(1738 .dir.us-phx.1884261.1 [call] v12924'222257 uv222257 ondisk = 0) v6 ==== 188+0+0 (130510360 0 0) 0x7efeb0005d70 con 0x7f005820e410
2015-01-08 15:01:14.122150 7efff37fe700 1 -- 172.16.30.1:0/4159532 --> 172.16.30.5:7105/3335545 -- osd_op(client.2034794.0:1741 us-phx.1884261.1__shadow_ff8a7aac-33d5-4f5e-a0bf-5b3291cd0d0d.bam.2/IFfPqeWYfgEc65-23Y6e_d8bNQT69qd.1_35 [call refcount.put] 196.8834b1a5 ondisk+write+known_if_redirected e12924) v4 -- ?+0 0x7effe00607e0 con 0x138cc00
2015-01-08 15:01:14.122768 7f006f7fe700 1 -- 172.16.30.1:0/4159532 <== osd.259 172.16.30.5:6850/3331205 5 ==== osd_op_reply(1740 gc.224 [call] v12924'58 uv58 ondisk = 0) v6 ==== 173+0+0 (1780783373 0 0) 0x7effb8005f50 con 0x7f0058374410
2015-01-08 15:01:14.123085 7f005e2f0700 1 -- 172.16.30.1:0/4159532 --> 172.16.30.13:6855/3095806 -- osd_op(client.2034794.0:1742 gc.225 [call lock.lock] 183.9da2cd69 ondisk+write+known_if_redirected e12924) v4 -- ?+0 0x7efff412e650 con 0x7efff412e2a0
2015-01-08 15:01:14.138490 7f006f7fe700 1 -- 172.16.30.1:0/4159532 <== osd.1 172.16.30.5:7105/3335545 4 ==== osd_op_reply(1741 us-phx.1884261.1__shadow_ff8a7aac-33d5-4f5e-a0bf-5b3291cd0d0d.bam.2/IFfPqeWYfgEc65-23Y6e_d8bNQT69qd.1_35 [call] v0'0 uv8193 ondisk = -2 ((2) No such file or directory)) v6 ==== 271+0+0 (1650675853 0 0) 0x7f0038006660 con 0x138cc00
2015-01-08 15:01:14.138709 7efff37fe700 1 -- 172.16.30.1:0/4159532 --> 172.16.30.14:7035/3142641 -- osd_op(client.2034794.0:1743 .dir.us-phx.1884261.1 [call rgw.bucket_complete_op] 186.a5acc52d ack+ondisk+write+known_if_redirected e12924) v4 -- ?+0 0x7effe0060230 con 0x7f005820e410
2015-01-08 15:01:14.138769 7efff37fe700 20 RGWObjManifest::operator++(): rule->part_size=0 rules.size()=1
2015-01-08 15:01:14.138773 7efff37fe700 0 RGWObjManifest::operator++(): result: ofs=150994944 stripe_ofs=150994944 part_ofs=0 rule->part_size=0
2015-01-08 15:01:14.138801 7efff37fe700 20 get_obj_state: rctx=0x7efff37f91f0 obj=cghub-tcga:_shadow_ff8a7aac-33d5-4f5e-a0bf-5b3291cd0d0d.bam.2/IFfPqeWYfgEc65-23Y6e_d8bNQT69qd.1_36 state=0x7effe0063248 s->prefetch_data=0
2015-01-08 15:01:14.138990 7efff37fe700 1 -- 172.16.30.1:0/4159532 --> 172.16.30.12:7080/1402337 -- osd_op(client.2034794.0:1744 us-phx.1884261.1__shadow_ff8a7aac-33d5-4f5e-a0bf-5b3291cd0d0d.bam.2/IFfPqeWYfgEc65-23Y6e_d8bNQT69qd.1_36 [getxattrs,stat] 196.aece420 ack+read+known_if_redirected e12924) v4 -- ?+0 0x7effe0060230 con 0x7f00583832f0
2015-01-08 15:01:14.149171 7f006f7fe700 1 -- 172.16.30.1:0/4159532 <== osd.319 172.16.30.12:7080/1402337 2 ==== osd_op_reply(1744 us-phx.1884261.1__shadow_ff8a7aac-33d5-4f5e-a0bf-5b3291cd0d0d.bam.2/IFfPqeWYfgEc65-23Y6e_d8bNQT69qd.1_36 [getxattrs,stat] v0'0 uv0 ack = -2 ((2) No such file or directory)) v6 ==== 313+0+0 (29495459 0 0) 0x7f0000002e30 con 0x7f00583832f0
2015-01-08 15:01:14.149339 7efff37fe700 20 prepare_atomic_for_write_impl: state is not atomic. state=0x7effe0063248
2015-01-08 15:01:14.149365 7efff37fe700 20 RGWDataChangesLog::add_entry() bucket.name=cghub-tcga now=2015-01-08 15:01:14.149364 cur_expiration=2015-01-08 15:01:41.624942
2015-01-08 15:01:14.149508 7efff37fe700 1 -- 172.16.30.1:0/4159532 --> 172.16.30.14:7035/3142641 -- osd_op(client.2034794.0:1745 .dir.us-phx.1884261.1 [call rgw.bucket_prepare_op] 186.a5acc52d ondisk+write+known_if_redirected e12924) v4 -- ?+0 0x7effe00639d0 con 0x7f005820e410
2015-01-08 15:01:14.171145 7f006f7fe700 1 -- 172.16.30.1:0/4159532 <== osd.367 172.16.30.14:7035/3142641 104 ==== osd_op_reply(1743 .dir.us-phx.1884261.1 [call] v12924'222258 uv222258 ondisk = 0) v6 ==== 188+0+0 (1252636804 0 0) 0x7efeb0005d70 con 0x7f005820e410
2015-01-08 15:01:14.179507 7f006f7fe700 1 -- 172.16.30.1:0/4159532 <== osd.367 172.16.30.14:7035/3142641 105 ==== osd_op_reply(1745 .dir.us-phx.1884261.1 [call] v12924'222259 uv222259 ondisk = 0) v6 ==== 188+0+0 (3779210322 0 0) 0x7efeb0005d70 con 0x7f005820e410
2015-01-08 15:01:14.179835 7efff37fe700 1 -- 172.16.30.1:0/4159532 --> 172.16.30.12:7080/1402337 -- osd_op(client.2034794.0:1746 us-phx.1884261.1__shadow_ff8a7aac-33d5-4f5e-a0bf-5b3291cd0d0d.bam.2/IFfPqeWYfgEc65-23Y6e_d8bNQT69qd.1_36 [call refcount.put] 196.aece420 ondisk+write+known_if_redirected e12924) v4 -- ?+0 0x7effe0060300 con 0x7f00583832f0
2015-01-08 15:01:14.184953 7f006f7fe700 1 -- 172.16.30.1:0/4159532 <== osd.545 172.16.30.13:6855/3095806 1 ==== osd_op_reply(1742 gc.225 [call] v12924'57 uv57 ondisk = 0) v6 ==== 173+0+0 (1957900391 0 0) 0x7efe5c006000 con 0x7efff412e2a0
2015-01-08 15:01:14.185227 7f005e2f0700 1 -- 172.16.30.1:0/4159532 --> 172.16.30.13:6855/3095806 -- osd_op(client.2034794.0:1747 gc.225 [call rgw.gc_list] 183.9da2cd69 ack+read+known_if_redirected e12924) v4 -- ?+0 0x7efff412e650 con 0x7efff412e2a0
2015-01-08 15:01:14.195290 7f006f7fe700 1 -- 172.16.30.1:0/4159532 <== osd.545 172.16.30.13:6855/3095806 2 ==== osd_op_reply(1747 gc.225 [call] v0'0 uv57 ondisk = 0) v6 ==== 173+0+11 (1409547047 0 1993775135) 0x7efe5c006620 con 0x7efff412e2a0
2015-01-08 15:01:14.195513 7f005e2f0700 1 -- 172.16.30.1:0/4159532 --> 172.16.30.13:6855/3095806 -- osd_op(client.2034794.0:1748 gc.225 [call lock.unlock] 183.9da2cd69 ondisk+write+known_if_redirected e12924) v4 -- ?+0 0x7efff412e650 con 0x7efff412e2a0
2015-01-08 15:01:14.196693 7f006f7fe700 1 -- 172.16.30.1:0/4159532 <== osd.319 172.16.30.12:7080/1402337 3 ==== osd_op_reply(1746 us-phx.1884261.1__shadow_ff8a7aac-33d5-4f5e-a0bf-5b3291cd0d0d.bam.2/IFfPqeWYfgEc65-23Y6e_d8bNQT69qd.1_36 [call] v0'0 uv8167 ondisk = -2 ((2) No such file or directory)) v6 ==== 271+0+0 (3783401003 0 0) 0x7f0000004a80 con 0x7f00583832f0
2015-01-08 15:01:14.196866 7efff37fe700 1 -- 172.16.30.1:0/4159532 --> 172.16.30.14:7035/3142641 -- osd_op(client.2034794.0:1749 .dir.us-phx.1884261.1 [call rgw.bucket_complete_op] 186.a5acc52d ack+ondisk+write+known_if_redirected e12924) v4 -- ?+0 0x7effe00637d0 con 0x7f005820e410
2015-01-08 15:01:14.196924 7efff37fe700 20 RGWObjManifest::operator++(): rule->part_size=0 rules.size()=1
2015-01-08 15:01:14.196929 7efff37fe700 0 RGWObjManifest::operator++(): result: ofs=155189248 stripe_ofs=155189248 part_ofs=0 rule->part_size=0
2015-01-08 15:01:14.196958 7efff37fe700 20 get_obj_state: rctx=0x7efff37f91f0 obj=cghub-tcga:_shadow_ff8a7aac-33d5-4f5e-a0bf-5b3291cd0d0d.bam.2/IFfPqeWYfgEc65-23Y6e_d8bNQT69qd.1_37 state=0x7effe0069798 s->prefetch_data=0
2015-01-08 15:01:14.198396 7efff37fe700 1 -- 172.16.30.1:0/4159532 --> 172.16.30.13:7095/3099639 -- osd_op(client.2034794.0:1750 us-phx.1884261.1__shadow_ff8a7aac-33d5-4f5e-a0bf-5b3291cd0d0d.bam.2/IFfPqeWYfgEc65-23Y6e_d8bNQT69qd.1_37 [getxattrs,stat] 196.cde7c7a1 ack+read+known_if_redirected e12924) v4 -- ?+0 0x7effe00637d0 con 0x1385160
2015-01-08 15:01:14.206737 7f006f7fe700 1 -- 172.16.30.1:0/4159532 <== osd.312 172.16.30.13:7095/3099639 3 ==== osd_op_reply(1750 us-phx.1884261.1__shadow_ff8a7aac-33d5-4f5e-a0bf-5b3291cd0d0d.bam.2/IFfPqeWYfgEc65-23Y6e_d8bNQT69qd.1_37 [getxattrs,stat] v0'0 uv0 ack = -2 ((2) No such file or directory)) v6 ==== 313+0+0 (158409070 0 0) 0x7f0048001fc0 con 0x1385160
2015-01-08 15:01:14.206908 7efff37fe700 20 prepare_atomic_for_write_impl: state is not atomic. state=0x7effe0069798
2015-01-08 15:01:14.206934 7efff37fe700 20 RGWDataChangesLog::add_entry() bucket.name=cghub-tcga now=2015-01-08 15:01:14.206934 cur_expiration=2015-01-08 15:01:41.624942
2015-01-08 15:01:14.207106 7efff37fe700 1 -- 172.16.30.1:0/4159532 --> 172.16.30.14:7035/3142641 -- osd_op(client.2034794.0:1751 .dir.us-phx.1884261.1 [call rgw.bucket_prepare_op] 186.a5acc52d ondisk+write+known_if_redirected e12924) v4 -- ?+0 0x7effe00643a0 con 0x7f005820e410
2015-01-08 15:01:14.217093 7f006f7fe700 1 -- 172.16.30.1:0/4159532 <== osd.545 172.16.30.13:6855/3095806 3 ==== osd_op_reply(1748 gc.225 [call] v12924'58 uv58 ondisk = 0) v6 ==== 173+0+0 (4104394218 0 0) 0x7efe5c006cd0 con 0x7efff412e2a0
2015-01-08 15:01:14.217300 7f005e2f0700 1 -- 172.16.30.1:0/4159532 --> 172.16.30.16:7020/2755005 -- osd_op(client.2034794.0:1752 gc.226 [call lock.lock] 183.b393ef78 ondisk+write+known_if_redirected e12924) v4 -- ?+0 0x7efff412e650 con 0x7f00582c0580
2015-01-08 15:01:14.229737 7f006f7fe700 1 -- 172.16.30.1:0/4159532 <== osd.367 172.16.30.14:7035/3142641 106 ==== osd_op_reply(1749 .dir.us-phx.1884261.1 [call] v12924'222260 uv222260 ack = 0) v6 ==== 188+0+0 (3911946984 0 0) 0x7efeb0005d70 con 0x7f005820e410
2015-01-08 15:01:14.230122 7f006f7fe700 1 -- 172.16.30.1:0/4159532 <== osd.367 172.16.30.14:7035/3142641 107 ==== osd_op_reply(1749 .dir.us-phx.1884261.1 [call] v12924'222260 uv222260 ondisk = 0) v6 ==== 188+0+0 (1690962091 0 0) 0x7efeb0005d70 con 0x7f005820e410
2015-01-08 15:01:14.236996 7f006f7fe700 1 -- 172.16.30.1:0/4159532 <== osd.367 172.16.30.14:7035/3142641 108 ==== osd_op_reply(1751 .dir.us-phx.1884261.1 [call] v12924'222261 uv222261 ondisk = 0) v6 ==== 188+0+0 (3475086461 0 0) 0x7efeb0005d70 con 0x7f005820e410
2015-01-08 15:01:14.238574 7efff37fe700 1 -- 172.16.30.1:0/4159532 --> 172.16.30.13:7095/3099639 -- osd_op(client.2034794.0:1753 us-phx.1884261.1__shadow_ff8a7aac-33d5-4f5e-a0bf-5b3291cd0d0d.bam.2/IFfPqeWYfgEc65-23Y6e_d8bNQT69qd.1_37 [call refcount.put] 196.cde7c7a1 ondisk+write+known_if_redirected e12924) v4 -- ?+0 0x7effe00637d0 con 0x1385160
2015-01-08 15:01:14.252653 7f006f7fe700 1 -- 172.16.30.1:0/4159532 <== osd.312 172.16.30.13:7095/3099639 4 ==== osd_op_reply(1753 us-phx.1884261.1__shadow_ff8a7aac-33d5-4f5e-a0bf-5b3291cd0d0d.bam.2/IFfPqeWYfgEc65-23Y6e_d8bNQT69qd.1_37 [call] v0'0 uv8894 ondisk = -2 ((2) No such file or directory)) v6 ==== 271+0+0 (162307077 0 0) 0x7f0048001fc0 con 0x1385160
2015-01-08 15:01:14.252887 7efff37fe700 1 -- 172.16.30.1:0/4159532 --> 172.16.30.14:7035/3142641 -- osd_op(client.2034794.0:1754 .dir.us-phx.1884261.1 [call rgw.bucket_complete_op] 186.a5acc52d ack+ondisk+write+known_if_redirected e12924) v4 -- ?+0 0x7effe0069da0 con 0x7f005820e410
2015-01-08 15:01:14.252945 7efff37fe700 20 RGWObjManifest::operator++(): rule->part_size=0 rules.size()=1
2015-01-08 15:01:14.252950 7efff37fe700 0 RGWObjManifest::operator++(): result: ofs=159383552 stripe_ofs=159383552 part_ofs=0 rule->part_size=0
2015-01-08 15:01:14.252978 7efff37fe700 20 get_obj_state: rctx=0x7efff37f91f0 obj=cghub-tcga:_shadow_ff8a7aac-33d5-4f5e-a0bf-5b3291cd0d0d.bam.2/IFfPqeWYfgEc65-23Y6e_d8bNQT69qd.1_38 state=0x7effe0062088 s->prefetch_data=0
2015-01-08 15:01:14.254488 7f006f7fe700 1 -- 172.16.30.1:0/4159532 <== osd.384 172.16.30.16:7020/2755005 2 ==== osd_op_reply(1752 gc.226 [call] v12924'60 uv60 ondisk = 0) v6 ==== 173+0+0 (2035092879 0 0) 0x7eff44007710 con 0x7f00582c0580
2015-01-08 15:01:14.254832 7f005e2f0700 1 -- 172.16.30.1:0/4159532 --> 172.16.30.16:7020/2755005 -- osd_op(client.2034794.0:1755 gc.226 [call rgw.gc_list] 183.b393ef78 ack+read+known_if_redirected e12924) v4 -- ?+0 0x7efff412e650 con 0x7f00582c0580
2015-01-08 15:01:14.255012 7efff37fe700 1 -- 172.16.30.1:0/4159532 --> 172.16.30.3:6930/3601396 -- osd_op(client.2034794.0:1756 us-phx.1884261.1__shadow_ff8a7aac-33d5-4f5e-a0bf-5b3291cd0d0d.bam.2/IFfPqeWYfgEc65-23Y6e_d8bNQT69qd.1_38 [getxattrs,stat] 196.8deb0d6e ack+read+known_if_redirected e12924) v4 -- ?+0 0x7effe0067680 con 0x7effe0067300
2015-01-08 15:01:14.262760 7f006f7fe700 1 -- 172.16.30.1:0/4159532 <== osd.384 172.16.30.16:7020/2755005 3 ==== osd_op_reply(1755 gc.226 [call] v0'0 uv60 ondisk = 0) v6 ==== 173+0+11 (897610264 0 1993775135) 0x7eff44007710 con 0x7f00582c0580
2015-01-08 15:01:14.262957 7f005e2f0700 1 -- 172.16.30.1:0/4159532 --> 172.16.30.16:7020/2755005 -- osd_op(client.2034794.0:1757 gc.226 [call lock.unlock] 183.b393ef78 ondisk+write+known_if_redirected e12924) v4 -- ?+0 0x7efff412e650 con 0x7f00582c0580
2015-01-08 15:01:14.271545 7f006f7fe700 1 -- 172.16.30.1:0/4159532 <== osd.729 172.16.30.3:6930/3601396 1 ==== osd_op_reply(1756 us-phx.1884261.1__shadow_ff8a7aac-33d5-4f5e-a0bf-5b3291cd0d0d.bam.2/IFfPqeWYfgEc65-23Y6e_d8bNQT69qd.1_38 [getxattrs,stat] v0'0 uv0 ack = -2 ((2) No such file or directory)) v6 ==== 313+0+0 (1711316948 0 0) 0x7efe70005180 con 0x7effe0067300
2015-01-08 15:01:14.271714 7efff37fe700 20 prepare_atomic_for_write_impl: state is not atomic. state=0x7effe0062088
2015-01-08 15:01:14.271740 7efff37fe700 20 RGWDataChangesLog::add_entry() bucket.name=cghub-tcga now=2015-01-08 15:01:14.271740 cur_expiration=2015-01-08 15:01:41.624942
2015-01-08 15:01:14.271873 7efff37fe700 1 -- 172.16.30.1:0/4159532 --> 172.16.30.14:7035/3142641 -- osd_op(client.2034794.0:1758 .dir.us-phx.1884261.1 [call rgw.bucket_prepare_op] 186.a5acc52d ondisk+write+known_if_redirected e12924) v4 -- ?+0 0x7effe006d010 con 0x7f005820e410
2015-01-08 15:01:14.282540 7f006f7fe700 1 -- 172.16.30.1:0/4159532 <== osd.384 172.16.30.16:7020/2755005 4 ==== osd_op_reply(1757 gc.226 [call] v12924'61 uv61 ondisk = 0) v6 ==== 173+0+0 (534735432 0 0) 0x7eff44007710 con 0x7f00582c0580
2015-01-08 15:01:14.282740 7f005e2f0700 1 -- 172.16.30.1:0/4159532 --> 172.16.30.15:6885/3388085 -- osd_op(client.2034794.0:1759 gc.227 [call lock.lock] 183.42f1bacb ondisk+write+known_if_redirected e12924) v4 -- ?+0 0x7efff412e650 con 0x7f0058224720
2015-01-08 15:01:14.286187 7f006f7fe700 1 -- 172.16.30.1:0/4159532 <== osd.367 172.16.30.14:7035/3142641 109 ==== osd_op_reply(1754 .dir.us-phx.1884261.1 [call] v12924'222262 uv222262 ack = 0) v6 ==== 188+0+0 (263114914 0 0) 0x7efeb0005d70 con 0x7f005820e410
2015-01-08 15:01:14.286247 7f006f7fe700 1 -- 172.16.30.1:0/4159532 <== osd.367 172.16.30.14:7035/3142641 110 ==== osd_op_reply(1754 .dir.us-phx.1884261.1 [call] v12924'222262 uv222262 ondisk = 0) v6 ==== 188+0+0 (2186234593 0 0) 0x7efeb0004df0 con 0x7f005820e410
2015-01-08 15:01:14.295107 7f006f7fe700 1 -- 172.16.30.1:0/4159532 <== osd.367 172.16.30.14:7035/3142641 111 ==== osd_op_reply(1758 .dir.us-phx.1884261.1 [call] v12924'222263 uv222263 ondisk = 0) v6 ==== 188+0+0 (698670647 0 0) 0x7efeb0005d70 con 0x7f005820e410
2015-01-08 15:01:14.296991 7efff37fe700 1 -- 172.16.30.1:0/4159532 --> 172.16.30.3:6930/3601396 -- osd_op(client.2034794.0:1760 us-phx.1884261.1__shadow_ff8a7aac-33d5-4f5e-a0bf-5b3291cd0d0d.bam.2/IFfPqeWYfgEc65-23Y6e_d8bNQT69qd.1_38 [call refcount.put] 196.8deb0d6e ondisk+write+known_if_redirected e12924) v4 -- ?+0 0x7effe006d050 con 0x7effe0067300
2015-01-08 15:01:14.311724 7f006f7fe700 1 -- 172.16.30.1:0/4159532 <== osd.729 172.16.30.3:6930/3601396 2 ==== osd_op_reply(1760 us-phx.1884261.1__shadow_ff8a7aac-33d5-4f5e-a0bf-5b3291cd0d0d.bam.2/IFfPqeWYfgEc65-23Y6e_d8bNQT69qd.1_38 [call] v0'0 uv8668 ondisk = -2 ((2) No such file or directory)) v6 ==== 271+0+0 (1781381810 0 0) 0x7efe70005180 con 0x7effe0067300
2015-01-08 15:01:14.311963 7efff37fe700 1 -- 172.16.30.1:0/4159532 --> 172.16.30.14:7035/3142641 -- osd_op(client.2034794.0:1761 .dir.us-phx.1884261.1 [call rgw.bucket_complete_op] 186.a5acc52d ack+ondisk+write+known_if_redirected e12924) v4 -- ?+0 0x7effe0062a70 con 0x7f005820e410
2015-01-08 15:01:14.312023 7efff37fe700 20 RGWObjManifest::operator++(): rule->part_size=0 rules.size()=1
2015-01-08 15:01:14.312028 7efff37fe700 0 RGWObjManifest::operator++(): result: ofs=163577856 stripe_ofs=163577856 part_ofs=0 rule->part_size=0
2015-01-08 15:01:14.312055 7efff37fe700 20 get_obj_state: rctx=0x7efff37f91f0 obj=cghub-tcga:_shadow_ff8a7aac-33d5-4f5e-a0bf-5b3291cd0d0d.bam.2/IFfPqeWYfgEc65-23Y6e_d8bNQT69qd.1_39 state=0x7effe006d5e8 s->prefetch_data=0
2015-01-08 15:01:14.312327 7efff37fe700 1 -- 172.16.30.1:0/4159532 --> 172.16.30.14:6815/3139274 -- osd_op(client.2034794.0:1762 us-phx.1884261.1__shadow_ff8a7aac-33d5-4f5e-a0bf-5b3291cd0d0d.bam.2/IFfPqeWYfgEc65-23Y6e_d8bNQT69qd.1_39 [getxattrs,stat] 196.20daba84 ack+read+known_if_redirected e12924) v4 -- ?+0 0x7effe0068050 con 0x7effe0066df0
2015-01-08 15:01:14.315785 7f006f7fe700 1 -- 172.16.30.1:0/4159532 <== osd.519 172.16.30.15:6885/3388085 3 ==== osd_op_reply(1759 gc.227 [call] v12924'57 uv57 ondisk = 0) v6 ==== 173+0+0 (806862262 0 0) 0x7eff30004df0 con 0x7f0058224720
2015-01-08 15:01:14.315985 7f005e2f0700 1 -- 172.16.30.1:0/4159532 --> 172.16.30.15:6885/3388085 -- osd_op(client.2034794.0:1763 gc.227 [call rgw.gc_list] 183.42f1bacb ack+read+known_if_redirected e12924) v4 -- ?+0 0x7efff412e650 con 0x7f0058224720
2015-01-08 15:01:14.321067 7f006f7fe700 1 -- 172.16.30.1:0/4159532 <== osd.584 172.16.30.14:6815/3139274 1 ==== osd_op_reply(1762 us-phx.1884261.1__shadow_ff8a7aac-33d5-4f5e-a0bf-5b3291cd0d0d.bam.2/IFfPqeWYfgEc65-23Y6e_d8bNQT69qd.1_39 [getxattrs,stat] v0'0 uv0 ack = -2 ((2) No such file or directory)) v6 ==== 313+0+0 (2102394029 0 0) 0x7efe78007350 con 0x7effe0066df0
2015-01-08 15:01:14.321276 7efff37fe700 20 prepare_atomic_for_write_impl: state is not atomic. state=0x7effe006d5e8
2015-01-08 15:01:14.321301 7efff37fe700 20 RGWDataChangesLog::add_entry() bucket.name=cghub-tcga now=2015-01-08 15:01:14.321301 cur_expiration=2015-01-08 15:01:41.624942
2015-01-08 15:01:14.321467 7efff37fe700 1 -- 172.16.30.1:0/4159532 --> 172.16.30.14:7035/3142641 -- osd_op(client.2034794.0:1764 .dir.us-phx.1884261.1 [call rgw.bucket_prepare_op] 186.a5acc52d ondisk+write+known_if_redirected e12924) v4 -- ?+0 0x7effe0068810 con 0x7f005820e410
2015-01-08 15:01:14.324146 7f006f7fe700 1 -- 172.16.30.1:0/4159532 <== osd.519 172.16.30.15:6885/3388085 4 ==== osd_op_reply(1763 gc.227 [call] v0'0 uv57 ondisk = 0) v6 ==== 173+0+11 (279410422 0 1993775135) 0x7eff30004ea0 con 0x7f0058224720
2015-01-08 15:01:14.324347 7f005e2f0700 1 -- 172.16.30.1:0/4159532 --> 172.16.30.15:6885/3388085 -- osd_op(client.2034794.0:1765 gc.227 [call lock.unlock] 183.42f1bacb ondisk+write+known_if_redirected e12924) v4 -- ?+0 0x7efff412e650 con 0x7f0058224720
2015-01-08 15:01:14.346719 7f006f7fe700 1 -- 172.16.30.1:0/4159532 <== osd.519 172.16.30.15:6885/3388085 5 ==== osd_op_reply(1765 gc.227 [call] v12924'58 uv58 ondisk = 0) v6 ==== 173+0+0 (2952828987 0 0) 0x7eff30004df0 con 0x7f0058224720
2015-01-08 15:01:14.346939 7f005e2f0700 1 -- 172.16.30.1:0/4159532 --> 172.16.30.13:6870/3095980 -- osd_op(client.2034794.0:1766 gc.228 [call lock.lock] 183.4a1e0003 ondisk+write+known_if_redirected e12924) v4 -- ?+0 0x7efff412e650 con 0x7f005841a010
2015-01-08 15:01:14.385100 7f006f7fe700 1 -- 172.16.30.1:0/4159532 <== osd.530 172.16.30.13:6870/3095980 5 ==== osd_op_reply(1766 gc.228 [call] v12924'57 uv57 ondisk = 0) v6 ==== 173+0+0 (3038402680 0 0) 0x7eff6c005360 con 0x7f005841a010
2015-01-08 15:01:14.385324 7f005e2f0700 1 -- 172.16.30.1:0/4159532 --> 172.16.30.13:6870/3095980 -- osd_op(client.2034794.0:1767 gc.228 [call rgw.gc_list] 183.4a1e0003 ack+read+known_if_redirected e12924) v4 -- ?+0 0x7efff412e650 con 0x7f005841a010
2015-01-08 15:01:14.392152 7f006f7fe700 1 -- 172.16.30.1:0/4159532 <== osd.530 172.16.30.13:6870/3095980 6 ==== osd_op_reply(1767 gc.228 [call] v0'0 uv57 ondisk = 0) v6 ==== 173+0+11 (2510983992 0 1993775135) 0x7eff6c005360 con 0x7f005841a010
2015-01-08 15:01:14.392371 7f005e2f0700 1 -- 172.16.30.1:0/4159532 --> 172.16.30.13:6870/3095980 -- osd_op(client.2034794.0:1768 gc.228 [call lock.unlock] 183.4a1e0003 ondisk+write+known_if_redirected e12924) v4 -- ?+0 0x7efff412e650 con 0x7f005841a010
2015-01-08 15:01:14.409961 7f006f7fe700 1 -- 172.16.30.1:0/4159532 <== osd.530 172.16.30.13:6870/3095980 7 ==== osd_op_reply(1768 gc.228 [call] v12924'58 uv58 ondisk = 0) v6 ==== 173+0+0 (890076661 0 0) 0x7eff6c005360 con 0x7f005841a010
2015-01-08 15:01:14.410154 7f005e2f0700 1 -- 172.16.30.1:0/4159532 --> 172.16.30.16:6950/2753815 -- osd_op(client.2034794.0:1769 gc.229 [call lock.lock] 183.9aec13ac ondisk+write+known_if_redirected e12924) v4 -- ?+0 0x7efff412e650 con 0x7f00583af830
2015-01-08 15:01:14.446117 7f006f7fe700 1 -- 172.16.30.1:0/4159532 <== osd.452 172.16.30.16:6950/2753815 3 ==== osd_op_reply(1769 gc.229 [call] v12924'57 uv57 ondisk = 0) v6 ==== 173+0+0 (1216002867 0 0) 0x7efd6c00d660 con 0x7f00583af830
