2015-01-08 15:01:09.676116 7f006f7fe700 1 -- 172.16.30.1:0/4159532 <== osd.229 172.16.30.5:6880/3331511 2 ==== osd_op_reply(1417 gc.168 [call] v0'0 uv169 ondisk = 0) v6 ==== 173+0+11 (1933772717 0 1993775135) 0x7efddc009620 con 0x7efff40ee4e0
2015-01-08 15:01:09.676334 7f005e2f0700 1 -- 172.16.30.1:0/4159532 --> 172.16.30.5:6880/3331511 -- osd_op(client.2034794.0:1418 gc.168 [call lock.unlock] 183.eb9a0c98 ondisk+write+known_if_redirected e12924) v4 -- ?+0 0x7efff40ee890 con 0x7efff40ee4e0
2015-01-08 15:01:09.699972 7f006f7fe700 1 -- 172.16.30.1:0/4159532 <== osd.229 172.16.30.5:6880/3331511 3 ==== osd_op_reply(1418 gc.168 [call] v12924'170 uv170 ondisk = 0) v6 ==== 173+0+0 (671236111 0 0) 0x7efddc009620 con 0x7efff40ee4e0
2015-01-08 15:01:09.700264 7f005e2f0700 1 -- 172.16.30.1:0/4159532 --> 172.16.30.13:7045/3098657 -- osd_op(client.2034794.0:1419 gc.169 [call lock.lock] 183.92b413f ondisk+write+known_if_redirected e12924) v4 -- ?+0 0x7efff40f23c0 con 0x7efff40f2010
2015-01-08 15:01:09.733955 7f006f7fe700 1 -- 172.16.30.1:0/4159532 <== osd.361 172.16.30.13:7045/3098657 1 ==== osd_op_reply(1419 gc.169 [call] v12924'57 uv57 ondisk = 0) v6 ==== 173+0+0 (1694028665 0 0) 0x7efde0004f20 con 0x7efff40f2010
2015-01-08 15:01:09.734182 7f005e2f0700 1 -- 172.16.30.1:0/4159532 --> 172.16.30.13:7045/3098657 -- osd_op(client.2034794.0:1420 gc.169 [call rgw.gc_list] 183.92b413f ack+read+known_if_redirected e12924) v4 -- ?+0 0x7efff40f23c0 con 0x7efff40f2010
2015-01-08 15:01:09.740362 7f006f7fe700 1 -- 172.16.30.1:0/4159532 <== osd.361 172.16.30.13:7045/3098657 2 ==== osd_op_reply(1420 gc.169 [call] v0'0 uv57 ondisk = 0) v6 ==== 173+0+11 (1145575481 0 1993775135) 0x7efde0004f20 con 0x7efff40f2010
2015-01-08 15:01:09.740539 7f005e2f0700 1 -- 172.16.30.1:0/4159532 --> 172.16.30.13:7045/3098657 -- osd_op(client.2034794.0:1421 gc.169 [call lock.unlock] 183.92b413f ondisk+write+known_if_redirected e12924) v4 -- ?+0 0x7efff40f23c0 con 0x7efff40f2010
2015-01-08 15:01:09.758995 7f006f7fe700 1 -- 172.16.30.1:0/4159532 <== osd.361 172.16.30.13:7045/3098657 3 ==== osd_op_reply(1421 gc.169 [call] v12924'58 uv58 ondisk = 0) v6 ==== 173+0+0 (3840931572 0 0) 0x7efde0004f20 con 0x7efff40f2010
2015-01-08 15:01:09.759194 7f005e2f0700 1 -- 172.16.30.1:0/4159532 --> 172.16.30.4:6995/3111229 -- osd_op(client.2034794.0:1422 gc.170 [call lock.lock] 183.ce588083 ondisk+write+known_if_redirected e12924) v4 -- ?+0 0x7efff40f23c0 con 0x7f0058402480
2015-01-08 15:01:09.809481 7f006f7fe700 1 -- 172.16.30.1:0/4159532 <== osd.707 172.16.30.4:6995/3111229 3 ==== osd_op_reply(1422 gc.170 [call] v12924'57 uv57 ondisk = 0) v6 ==== 173+0+0 (1324169798 0 0) 0x7efef8006000 con 0x7f0058402480
2015-01-08 15:01:09.809682 7f005e2f0700 1 -- 172.16.30.1:0/4159532 --> 172.16.30.4:6995/3111229 -- osd_op(client.2034794.0:1423 gc.170 [call rgw.gc_list] 183.ce588083 ack+read+known_if_redirected e12924) v4 -- ?+0 0x7efff40f23c0 con 0x7f0058402480
2015-01-08 15:01:09.818943 7f006f7fe700 1 -- 172.16.30.1:0/4159532 <== osd.707 172.16.30.4:6995/3111229 4 ==== osd_op_reply(1423 gc.170 [call] v0'0 uv57 ondisk = 0) v6 ==== 173+0+11 (1851650310 0 1993775135) 0x7efef80072b0 con 0x7f0058402480
2015-01-08 15:01:09.819145 7f005e2f0700 1 -- 172.16.30.1:0/4159532 --> 172.16.30.4:6995/3111229 -- osd_op(client.2034794.0:1424 gc.170 [call lock.unlock] 183.ce588083 ondisk+write+known_if_redirected e12924) v4 -- ?+0 0x7efff40f23c0 con 0x7f0058402480
2015-01-08 15:01:09.844008 7f006f7fe700 1 -- 172.16.30.1:0/4159532 <== osd.707 172.16.30.4:6995/3111229 5 ==== osd_op_reply(1424 gc.170 [call] v12924'58 uv58 ondisk = 0) v6 ==== 173+0+0 (3472498635 0 0) 0x7efef80072b0 con 0x7f0058402480
2015-01-08 15:01:09.844207 7f005e2f0700 1 -- 172.16.30.1:0/4159532 --> 172.16.30.16:6870/2752472 -- osd_op(client.2034794.0:1425 gc.171 [call lock.lock] 183.d6dbd71f ondisk+write+known_if_redirected e12924) v4 -- ?+0 0x7efff40f23c0 con 0x7f0058267530
2015-01-08 15:01:09.883648 7f006f7fe700 1 -- 172.16.30.1:0/4159532 <== osd.562 172.16.30.16:6870/2752472 2 ==== osd_op_reply(1425 gc.171 [call] v12924'57 uv57 ondisk = 0) v6 ==== 173+0+0 (404967264 0 0) 0x7efd3c009890 con 0x7f0058267530
2015-01-08 15:01:09.883840 7f005e2f0700 1 -- 172.16.30.1:0/4159532 --> 172.16.30.16:6870/2752472 -- osd_op(client.2034794.0:1426 gc.171 [call rgw.gc_list] 183.d6dbd71f ack+read+known_if_redirected e12924) v4 -- ?+0 0x7efff40f23c0 con 0x7f0058267530
2015-01-08 15:01:09.889685 7f006f7fe700 1 -- 172.16.30.1:0/4159532 <== osd.562 172.16.30.16:6870/2752472 3 ==== osd_op_reply(1426 gc.171 [call] v0'0 uv57 ondisk = 0) v6 ==== 173+0+11 (949191712 0 1993775135) 0x7efd3c009890 con 0x7f0058267530
2015-01-08 15:01:09.889886 7f005e2f0700 1 -- 172.16.30.1:0/4159532 --> 172.16.30.16:6870/2752472 -- osd_op(client.2034794.0:1427 gc.171 [call lock.unlock] 183.d6dbd71f ondisk+write+known_if_redirected e12924) v4 -- ?+0 0x7efff40f4da0 con 0x7f0058267530
2015-01-08 15:01:09.912717 7f006f7fe700 1 -- 172.16.30.1:0/4159532 <== osd.562 172.16.30.16:6870/2752472 4 ==== osd_op_reply(1427 gc.171 [call] v12924'58 uv58 ondisk = 0) v6 ==== 173+0+0 (2553572077 0 0) 0x7efd3c009890 con 0x7f0058267530
2015-01-08 15:01:09.913011 7f005e2f0700 1 -- 172.16.30.1:0/4159532 --> 172.16.30.15:6810/3387302 -- osd_op(client.2034794.0:1428 gc.172 [call lock.lock] 183.edffd5ff ondisk+write+known_if_redirected e12924) v4 -- ?+0 0x7efff4057000 con 0x7efff40f6a80
2015-01-08 15:01:09.951928 7f006f7fe700 1 -- 172.16.30.1:0/4159532 <== osd.591 172.16.30.15:6810/3387302 1 ==== osd_op_reply(1428 gc.172 [call] v12924'57 uv57 ondisk = 0) v6 ==== 173+0+0 (1214035096 0 0) 0x7efde8007240 con 0x7efff40f6a80
2015-01-08 15:01:09.952155 7f005e2f0700 1 -- 172.16.30.1:0/4159532 --> 172.16.30.15:6810/3387302 -- osd_op(client.2034794.0:1429 gc.172 [call rgw.gc_list] 183.edffd5ff ack+read+known_if_redirected e12924) v4 -- ?+0 0x7efff4057000 con 0x7efff40f6a80
2015-01-08 15:01:09.959660 7f006f7fe700 1 -- 172.16.30.1:0/4159532 <== osd.591 172.16.30.15:6810/3387302 2 ==== osd_op_reply(1429 gc.172 [call] v0'0 uv57 ondisk = 0) v6 ==== 173+0+11 (1760329688 0 1993775135) 0x7efde8007240 con 0x7efff40f6a80
2015-01-08 15:01:09.959856 7f005e2f0700 1 -- 172.16.30.1:0/4159532 --> 172.16.30.15:6810/3387302 -- osd_op(client.2034794.0:1430 gc.172 [call lock.unlock] 183.edffd5ff ondisk+write+known_if_redirected e12924) v4 -- ?+0 0x7efff4057000 con 0x7efff40f6a80
2015-01-08 15:01:09.986392 7f006f7fe700 1 -- 172.16.30.1:0/4159532 <== osd.591 172.16.30.15:6810/3387302 3 ==== osd_op_reply(1430 gc.172 [call] v12924'58 uv58 ondisk = 0) v6 ==== 173+0+0 (3360395541 0 0) 0x7efde8007240 con 0x7efff40f6a80
2015-01-08 15:01:09.986599 7f005e2f0700 1 -- 172.16.30.1:0/4159532 --> 172.16.30.9:6975/80561 -- osd_op(client.2034794.0:1431 gc.173 [call lock.lock] 183.1adeed95 ondisk+write+known_if_redirected e12924) v4 -- ?+0 0x7efff4057000 con 0x7efff40864e0
2015-01-08 15:01:10.024104 7f006f7fe700 1 -- 172.16.30.1:0/4159532 <== osd.130 172.16.30.9:6975/80561 4 ==== osd_op_reply(1431 gc.173 [call] v12924'57 uv57 ondisk = 0) v6 ==== 173+0+0 (1860158433 0 0) 0x7efed8005f00 con 0x7efff40864e0
2015-01-08 15:01:10.024303 7f005e2f0700 1 -- 172.16.30.1:0/4159532 --> 172.16.30.9:6975/80561 -- osd_op(client.2034794.0:1432 gc.173 [call rgw.gc_list] 183.1adeed95 ack+read+known_if_redirected e12924) v4 -- ?+0 0x7efff4057c60 con 0x7efff40864e0
2015-01-08 15:01:10.032293 7f006f7fe700 1 -- 172.16.30.1:0/4159532 <== osd.130 172.16.30.9:6975/80561 5 ==== osd_op_reply(1432 gc.173 [call] v0'0 uv57 ondisk = 0) v6 ==== 173+0+11 (1315899553 0 1993775135) 0x7efed8005f00 con 0x7efff40864e0
2015-01-08 15:01:10.032496 7f005e2f0700 1 -- 172.16.30.1:0/4159532 --> 172.16.30.9:6975/80561 -- osd_op(client.2034794.0:1433 gc.173 [call lock.unlock] 183.1adeed95 ondisk+write+known_if_redirected e12924) v4 -- ?+0 0x7efff4057c60 con 0x7efff40864e0
2015-01-08 15:01:10.053689 7f006f7fe700 1 -- 172.16.30.1:0/4159532 <== osd.130 172.16.30.9:6975/80561 6 ==== osd_op_reply(1433 gc.173 [call] v12924'58 uv58 ondisk = 0) v6 ==== 173+0+0 (4006143596 0 0) 0x7efed8005f00 con 0x7efff40864e0
2015-01-08 15:01:10.053806 7f005e2f0700 1 -- 172.16.30.1:0/4159532 --> 172.16.30.5:7065/3334590 -- osd_op(client.2034794.0:1434 gc.174 [call lock.lock] 183.54fa2ee7 ondisk+write+known_if_redirected e12924) v4 -- ?+0 0x7efff4057c60 con 0x1392420
2015-01-08 15:01:10.083235 7f006f7fe700 1 -- 172.16.30.1:0/4159532 <== osd.42 172.16.30.5:7065/3334590 14 ==== osd_op_reply(1434 gc.174 [call] v12924'115 uv115 ondisk = 0) v6 ==== 173+0+0 (912029219 0 0) 0x7f00200008c0 con 0x1392420
2015-01-08 15:01:10.083357 7f005e2f0700 1 -- 172.16.30.1:0/4159532 --> 172.16.30.5:7065/3334590 -- osd_op(client.2034794.0:1435 gc.174 [call rgw.gc_list] 183.54fa2ee7 ack+read+known_if_redirected e12924) v4 -- ?+0 0x7efff4057c60 con 0x1392420
2015-01-08 15:01:10.091902 7f006f7fe700 1 -- 172.16.30.1:0/4159532 <== osd.42 172.16.30.5:7065/3334590 15 ==== osd_op_reply(1435 gc.174 [call] v0'0 uv115 ondisk = 0) v6 ==== 173+0+11 (3520830170 0 1993775135) 0x7f00200008c0 con 0x1392420
2015-01-08 15:01:10.092107 7f005e2f0700 1 -- 172.16.30.1:0/4159532 --> 172.16.30.5:7065/3334590 -- osd_op(client.2034794.0:1436 gc.174 [call lock.unlock] 183.54fa2ee7 ondisk+write+known_if_redirected e12924) v4 -- ?+0 0x7efff4057c60 con 0x1392420
2015-01-08 15:01:10.112147 7f006f7fe700 1 -- 172.16.30.1:0/4159532 <== osd.42 172.16.30.5:7065/3334590 16 ==== osd_op_reply(1436 gc.174 [call] v12924'116 uv116 ondisk = 0) v6 ==== 173+0+0 (2125308363 0 0) 0x7f00200008c0 con 0x1392420
2015-01-08 15:01:10.112347 7f005e2f0700 1 -- 172.16.30.1:0/4159532 --> 172.16.30.9:6910/79673 -- osd_op(client.2034794.0:1437 gc.175 [call lock.lock] 183.bbeef324 ondisk+write+known_if_redirected e12924) v4 -- ?+0 0x7efff4057c60 con 0x7f00581acae0
2015-01-08 15:01:10.156096 7f006f7fe700 1 -- 172.16.30.1:0/4159532 <== osd.195 172.16.30.9:6910/79673 5 ==== osd_op_reply(1437 gc.175 [call] v12924'57 uv57 ondisk = 0) v6 ==== 173+0+0 (3968006199 0 0) 0x7effa8004df0 con 0x7f00581acae0
2015-01-08 15:01:10.156250 7f005e2f0700 1 -- 172.16.30.1:0/4159532 --> 172.16.30.9:6910/79673 -- osd_op(client.2034794.0:1438 gc.175 [call rgw.gc_list] 183.bbeef324 ack+read+known_if_redirected e12924) v4 -- ?+0 0x7efff4057c60 con 0x7f00581acae0
2015-01-08 15:01:10.163862 7f006f7fe700 1 -- 172.16.30.1:0/4159532 <== osd.195 172.16.30.9:6910/79673 6 ==== osd_op_reply(1438 gc.175 [call] v0'0 uv57 ondisk = 0) v6 ==== 173+0+11 (3425842039 0 1993775135) 0x7effa8009130 con 0x7f00581acae0
2015-01-08 15:01:10.163984 7f005e2f0700 1 -- 172.16.30.1:0/4159532 --> 172.16.30.9:6910/79673 -- osd_op(client.2034794.0:1439 gc.175 [call lock.unlock] 183.bbeef324 ondisk+write+known_if_redirected e12924) v4 -- ?+0 0x7efff4057c60 con 0x7f00581acae0
2015-01-08 15:01:10.183219 7f006f7fe700 1 -- 172.16.30.1:0/4159532 <== osd.195 172.16.30.9:6910/79673 7 ==== osd_op_reply(1439 gc.175 [call] v12924'58 uv58 ondisk = 0) v6 ==== 173+0+0 (1821760954 0 0) 0x7effa8004df0 con 0x7f00581acae0
2015-01-08 15:01:10.183408 7f005e2f0700 1 -- 172.16.30.1:0/4159532 --> 172.16.30.8:7095/2661666 -- osd_op(client.2034794.0:1440 gc.176 [call lock.lock] 183.efb591b5 ondisk+write+known_if_redirected e12924) v4 -- ?+0 0x7efff40fa950 con 0x7efff40fa5a0
2015-01-08 15:01:10.217755 7f006f7fe700 1 -- 172.16.30.1:0/4159532 <== osd.14 172.16.30.8:7095/2661666 1 ==== osd_op_reply(1440 gc.176 [call] v12924'113 uv113 ondisk = 0) v6 ==== 173+0+0 (2180819345 0 0) 0x7efdf0005f00 con 0x7efff40fa5a0
2015-01-08 15:01:10.217910 7f005e2f0700 1 -- 172.16.30.1:0/4159532 --> 172.16.30.8:7095/2661666 -- osd_op(client.2034794.0:1441 gc.176 [call rgw.gc_list] 183.efb591b5 ack+read+known_if_redirected e12924) v4 -- ?+0 0x7efff40fa950 con 0x7efff40fa5a0
2015-01-08 15:01:10.229681 7f006f7fe700 1 -- 172.16.30.1:0/4159532 <== osd.14 172.16.30.8:7095/2661666 2 ==== osd_op_reply(1441 gc.176 [call] v0'0 uv113 ondisk = 0) v6 ==== 173+0+11 (1581845790 0 1993775135) 0x7efdf0007420 con 0x7efff40fa5a0
2015-01-08 15:01:10.229800 7f005e2f0700 1 -- 172.16.30.1:0/4159532 --> 172.16.30.8:7095/2661666 -- osd_op(client.2034794.0:1442 gc.176 [call lock.unlock] 183.efb591b5 ondisk+write+known_if_redirected e12924) v4 -- ?+0 0x7efff40fa950 con 0x7efff40fa5a0
2015-01-08 15:01:10.254775 7f006f7fe700 1 -- 172.16.30.1:0/4159532 <== osd.14 172.16.30.8:7095/2661666 3 ==== osd_op_reply(1442 gc.176 [call] v12924'114 uv114 ondisk = 0) v6 ==== 173+0+0 (32214044 0 0) 0x7efdf0007420 con 0x7efff40fa5a0
2015-01-08 15:01:10.254974 7f005e2f0700 1 -- 172.16.30.1:0/4159532 --> 172.16.30.15:7075/3391106 -- osd_op(client.2034794.0:1443 gc.177 [call lock.lock] 183.7ea96415 ondisk+write+known_if_redirected e12924) v4 -- ?+0 0x7efff40fa950 con 0x7f005828bc00
2015-01-08 15:01:10.294472 7f006f7fe700 1 -- 172.16.30.1:0/4159532 <== osd.333 172.16.30.15:7075/3391106 3 ==== osd_op_reply(1443 gc.177 [call] v12924'57 uv57 ondisk = 0) v6 ==== 173+0+0 (3005134109 0 0) 0x7efe000059f0 con 0x7f005828bc00
2015-01-08 15:01:10.294671 7f005e2f0700 1 -- 172.16.30.1:0/4159532 --> 172.16.30.15:7075/3391106 -- osd_op(client.2034794.0:1444 gc.177 [call rgw.gc_list] 183.7ea96415 ack+read+known_if_redirected e12924) v4 -- ?+0 0x7efff40fa950 con 0x7f005828bc00
2015-01-08 15:01:10.304269 7f006f7fe700 1 -- 172.16.30.1:0/4159532 <== osd.333 172.16.30.15:7075/3391106 4 ==== osd_op_reply(1444 gc.177 [call] v0'0 uv57 ondisk = 0) v6 ==== 173+0+11 (2477686365 0 1993775135) 0x7efe000074d0 con 0x7f005828bc00
2015-01-08 15:01:10.304471 7f005e2f0700 1 -- 172.16.30.1:0/4159532 --> 172.16.30.15:7075/3391106 -- osd_op(client.2034794.0:1445 gc.177 [call lock.unlock] 183.7ea96415 ondisk+write+known_if_redirected e12924) v4 -- ?+0 0x7efff40fa950 con 0x7f005828bc00
2015-01-08 15:01:10.326258 7f006f7fe700 1 -- 172.16.30.1:0/4159532 <== osd.333 172.16.30.15:7075/3391106 5 ==== osd_op_reply(1445 gc.177 [call] v12924'58 uv58 ondisk = 0) v6 ==== 173+0+0 (856264848 0 0) 0x7efe00005a70 con 0x7f005828bc00
2015-01-08 15:01:10.326458 7f005e2f0700 1 -- 172.16.30.1:0/4159532 --> 172.16.30.8:7095/2661666 -- osd_op(client.2034794.0:1446 gc.178 [call lock.lock] 183.bc6c5db5 ondisk+write+known_if_redirected e12924) v4 -- ?+0 0x7efff40fa950 con 0x7efff40fa5a0
2015-01-08 15:01:10.359579 7f006f7fe700 1 -- 172.16.30.1:0/4159532 <== osd.14 172.16.30.8:7095/2661666 4 ==== osd_op_reply(1446 gc.178 [call] v12924'115 uv115 ondisk = 0) v6 ==== 173+0+0 (2286357004 0 0) 0x7efdf0007420 con 0x7efff40fa5a0
2015-01-08 15:01:10.359776 7f005e2f0700 1 -- 172.16.30.1:0/4159532 --> 172.16.30.8:7095/2661666 -- osd_op(client.2034794.0:1447 gc.178 [call rgw.gc_list] 183.bc6c5db5 ack+read+known_if_redirected e12924) v4 -- ?+0 0x7efff40fa950 con 0x7efff40fa5a0
2015-01-08 15:01:10.366862 7f006f7fe700 1 -- 172.16.30.1:0/4159532 <== osd.14 172.16.30.8:7095/2661666 5 ==== osd_op_reply(1447 gc.178 [call] v0'0 uv115 ondisk = 0) v6 ==== 173+0+11 (1874913013 0 1993775135) 0x7efdf0007420 con 0x7efff40fa5a0
2015-01-08 15:01:10.367065 7f005e2f0700 1 -- 172.16.30.1:0/4159532 --> 172.16.30.8:7095/2661666 -- osd_op(client.2034794.0:1448 gc.178 [call lock.unlock] 183.bc6c5db5 ondisk+write+known_if_redirected e12924) v4 -- ?+0 0x7efff40fcda0 con 0x7efff40fa5a0
2015-01-08 15:01:10.392306 7f006f7fe700 1 -- 172.16.30.1:0/4159532 <== osd.14 172.16.30.8:7095/2661666 6 ==== osd_op_reply(1448 gc.178 [call] v12924'116 uv116 ondisk = 0) v6 ==== 173+0+0 (3233209828 0 0) 0x7efdf0007420 con 0x7efff40fa5a0
2015-01-08 15:01:10.392516 7f005e2f0700 1 -- 172.16.30.1:0/4159532 --> 172.16.30.7:6890/3609392 -- osd_op(client.2034794.0:1449 gc.179 [call lock.lock] 183.2ae3d666 ondisk+write+known_if_redirected e12924) v4 -- ?+0 0x7efff40fcda0 con 0x7f00580e8290
2015-01-08 15:01:10.441011 7f006f7fe700 1 -- 172.16.30.1:0/4159532 <== osd.217 172.16.30.7:6890/3609392 3 ==== osd_op_reply(1449 gc.179 [call] v12924'57 uv57 ondisk = 0) v6 ==== 173+0+0 (2369817657 0 0) 0x7efe54004df0 con 0x7f00580e8290
2015-01-08 15:01:10.441258 7f005e2f0700 1 -- 172.16.30.1:0/4159532 --> 172.16.30.7:6890/3609392 -- osd_op(client.2034794.0:1450 gc.179 [call rgw.gc_list] 183.2ae3d666 ack+read+known_if_redirected e12924) v4 -- ?+0 0x7efff40fe0e0 con 0x7f00580e8290
2015-01-08 15:01:10.446918 7f006f7fe700 1 -- 172.16.30.1:0/4159532 <== osd.217 172.16.30.7:6890/3609392 4 ==== osd_op_reply(1450 gc.179 [call] v0'0 uv57 ondisk = 0) v6 ==== 173+0+11 (2918205305 0 1993775135) 0x7efe54004df0 con 0x7f00580e8290
2015-01-08 15:01:10.447146 7f005e2f0700 1 -- 172.16.30.1:0/4159532 --> 172.16.30.7:6890/3609392 -- osd_op(client.2034794.0:1451 gc.179 [call lock.unlock] 183.2ae3d666 ondisk+write+known_if_redirected e12924) v4 -- ?+0 0x7efff40fe0e0 con 0x7f00580e8290
2015-01-08 15:01:10.464736 7f006f7fe700 1 -- 172.16.30.1:0/4159532 <== osd.217 172.16.30.7:6890/3609392 5 ==== osd_op_reply(1451 gc.179 [call] v12924'58 uv58 ondisk = 0) v6 ==== 173+0+0 (223848884 0 0) 0x7efe54008bb0 con 0x7f00580e8290
2015-01-08 15:01:10.464938 7f005e2f0700 1 -- 172.16.30.1:0/4159532 --> 172.16.30.15:6810/3387302 -- osd_op(client.2034794.0:1452 gc.180 [call lock.lock] 183.12d29f73 ondisk+write+known_if_redirected e12924) v4 -- ?+0 0x7efff40fe0e0 con 0x7efff40f6a80
2015-01-08 15:01:10.497820 7f006f7fe700 1 -- 172.16.30.1:0/4159532 <== osd.591 172.16.30.15:6810/3387302 4 ==== osd_op_reply(1452 gc.180 [call] v12924'57 uv57 ondisk = 0) v6 ==== 173+0+0 (947015391 0 0) 0x7efde8007240 con 0x7efff40f6a80
2015-01-08 15:01:10.498019 7f005e2f0700 1 -- 172.16.30.1:0/4159532 --> 172.16.30.15:6810/3387302 -- osd_op(client.2034794.0:1453 gc.180 [call rgw.gc_list] 183.12d29f73 ack+read+known_if_redirected e12924) v4 -- ?+0 0x7efff40fe0e0 con 0x7efff40f6a80
2015-01-08 15:01:10.505407 7f006f7fe700 1 -- 172.16.30.1:0/4159532 <== osd.591 172.16.30.15:6810/3387302 5 ==== osd_op_reply(1453 gc.180 [call] v0'0 uv57 ondisk = 0) v6 ==== 173+0+11 (415401375 0 1993775135) 0x7efde8007240 con 0x7efff40f6a80
2015-01-08 15:01:10.505601 7f005e2f0700 1 -- 172.16.30.1:0/4159532 --> 172.16.30.15:6810/3387302 -- osd_op(client.2034794.0:1454 gc.180 [call lock.unlock] 183.12d29f73 ondisk+write+known_if_redirected e12924) v4 -- ?+0 0x7efff40fe0e0 con 0x7efff40f6a80
2015-01-08 15:01:10.523249 7f006f7fe700 1 -- 172.16.30.1:0/4159532 <== osd.591 172.16.30.15:6810/3387302 6 ==== osd_op_reply(1454 gc.180 [call] v12924'58 uv58 ondisk = 0) v6 ==== 173+0+0 (3093654354 0 0) 0x7efde8007240 con 0x7efff40f6a80
2015-01-08 15:01:10.523468 7f005e2f0700 1 -- 172.16.30.1:0/4159532 --> 172.16.30.5:6880/3331511 -- osd_op(client.2034794.0:1455 gc.181 [call lock.lock] 183.fc519498 ondisk+write+known_if_redirected e12924) v4 -- ?+0 0x7efff40fed70 con 0x7efff40ee4e0
2015-01-08 15:01:10.553255 7f006f7fe700 1 -- 172.16.30.1:0/4159532 <== osd.229 172.16.30.5:6880/3331511 4 ==== osd_op_reply(1455 gc.181 [call] v12924'171 uv171 ondisk = 0) v6 ==== 173+0+0 (1837688572 0 0) 0x7efddc009620 con 0x7efff40ee4e0
2015-01-08 15:01:10.553472 7f005e2f0700 1 -- 172.16.30.1:0/4159532 --> 172.16.30.5:6880/3331511 -- osd_op(client.2034794.0:1456 gc.181 [call rgw.gc_list] 183.fc519498 ack+read+known_if_redirected e12924) v4 -- ?+0 0x7efff40fed70 con 0x7efff40ee4e0
2015-01-08 15:01:10.561681 7f006f7fe700 1 -- 172.16.30.1:0/4159532 <== osd.229 172.16.30.5:6880/3331511 5 ==== osd_op_reply(1456 gc.181 [call] v0'0 uv171 ondisk = 0) v6 ==== 173+0+11 (2397883557 0 1993775135) 0x7efddc009620 con 0x7efff40ee4e0
2015-01-08 15:01:10.561926 7f005e2f0700 1 -- 172.16.30.1:0/4159532 --> 172.16.30.5:6880/3331511 -- osd_op(client.2034794.0:1457 gc.181 [call lock.unlock] 183.fc519498 ondisk+write+known_if_redirected e12924) v4 -- ?+0 0x7efff4100210 con 0x7efff40ee4e0
2015-01-08 15:01:10.583260 7f006f7fe700 1 -- 172.16.30.1:0/4159532 <== osd.229 172.16.30.5:6880/3331511 6 ==== osd_op_reply(1457 gc.181 [call] v12924'172 uv172 ondisk = 0) v6 ==== 173+0+0 (628699412 0 0) 0x7efddc009620 con 0x7efff40ee4e0
2015-01-08 15:01:10.583461 7f005e2f0700 1 -- 172.16.30.1:0/4159532 --> 172.16.30.8:7050/3046644 -- osd_op(client.2034794.0:1458 gc.182 [call lock.lock] 183.6e3a3762 ondisk+write+known_if_redirected e12924) v4 -- ?+0 0x7efff4100210 con 0x7f00580db4d0
2015-01-08 15:01:10.620473 7f006f7fe700 1 -- 172.16.30.1:0/4159532 <== osd.58 172.16.30.8:7050/3046644 6 ==== osd_op_reply(1458 gc.182 [call] v12924'57 uv57 ondisk = 0) v6 ==== 173+0+0 (3618848944 0 0) 0x7efe04008d40 con 0x7f00580db4d0
2015-01-08 15:01:10.620674 7f005e2f0700 1 -- 172.16.30.1:0/4159532 --> 172.16.30.8:7050/3046644 -- osd_op(client.2034794.0:1459 gc.182 [call rgw.gc_list] 183.6e3a3762 ack+read+known_if_redirected e12924) v4 -- ?+0 0x7efff4100210 con 0x7f00580db4d0
2015-01-08 15:01:10.632235 7f006f7fe700 1 -- 172.16.30.1:0/4159532 <== osd.58 172.16.30.8:7050/3046644 7 ==== osd_op_reply(1459 gc.182 [call] v0'0 uv57 ondisk = 0) v6 ==== 173+0+11 (4144204784 0 1993775135) 0x7efe04008d40 con 0x7f00580db4d0
2015-01-08 15:01:10.632437 7f005e2f0700 1 -- 172.16.30.1:0/4159532 --> 172.16.30.8:7050/3046644 -- osd_op(client.2034794.0:1460 gc.182 [call lock.unlock] 183.6e3a3762 ondisk+write+known_if_redirected e12924) v4 -- ?+0 0x7efff4100210 con 0x7f00580db4d0
2015-01-08 15:01:10.654295 7f006f7fe700 1 -- 172.16.30.1:0/4159532 <== osd.58 172.16.30.8:7050/3046644 8 ==== osd_op_reply(1460 gc.182 [call] v12924'58 uv58 ondisk = 0) v6 ==== 173+0+0 (1470391613 0 0) 0x7efe04008d40 con 0x7f00580db4d0
2015-01-08 15:01:10.654510 7f005e2f0700 1 -- 172.16.30.1:0/4159532 --> 172.16.30.13:7025/3098382 -- osd_op(client.2034794.0:1461 gc.183 [call lock.lock] 183.45d85dad ondisk+write+known_if_redirected e12924) v4 -- ?+0 0x7efff4100c90 con 0x7f0058186530
2015-01-08 15:01:10.707293 7f006f7fe700 1 -- 172.16.30.1:0/4159532 <== osd.382 172.16.30.13:7025/3098382 4 ==== osd_op_reply(1461 gc.183 [call] v12924'57 uv57 ondisk = 0) v6 ==== 173+0+0 (1992817602 0 0) 0x7efed800a050 con 0x7f0058186530
2015-01-08 15:01:10.707491 7f005e2f0700 1 -- 172.16.30.1:0/4159532 --> 172.16.30.13:7025/3098382 -- osd_op(client.2034794.0:1462 gc.183 [call rgw.gc_list] 183.45d85dad ack+read+known_if_redirected e12924) v4 -- ?+0 0x7efff4100c90 con 0x7f0058186530
2015-01-08 15:01:10.714311 7f006f7fe700 1 -- 172.16.30.1:0/4159532 <== osd.382 172.16.30.13:7025/3098382 5 ==== osd_op_reply(1462 gc.183 [call] v0'0 uv57 ondisk = 0) v6 ==== 173+0+11 (1450651778 0 1993775135) 0x7efed8005f00 con 0x7f0058186530
2015-01-08 15:01:10.714534 7f005e2f0700 1 -- 172.16.30.1:0/4159532 --> 172.16.30.13:7025/3098382 -- osd_op(client.2034794.0:1463 gc.183 [call lock.unlock] 183.45d85dad ondisk+write+known_if_redirected e12924) v4 -- ?+0 0x7efff41020e0 con 0x7f0058186530
2015-01-08 15:01:10.741325 7f006f7fe700 1 -- 172.16.30.1:0/4159532 <== osd.382 172.16.30.13:7025/3098382 6 ==== osd_op_reply(1463 gc.183 [call] v12924'58 uv58 ondisk = 0) v6 ==== 173+0+0 (4140883535 0 0) 0x7efed8005f00 con 0x7f0058186530
2015-01-08 15:01:10.741525 7f005e2f0700 1 -- 172.16.30.1:0/4159532 --> 172.16.30.8:6965/2659497 -- osd_op(client.2034794.0:1464 gc.184 [call lock.lock] 183.6d487b11 ondisk+write+known_if_redirected e12924) v4 -- ?+0 0x7efff41020e0 con 0x7f0058355c30
2015-01-08 15:01:10.776609 7f006f7fe700 1 -- 172.16.30.1:0/4159532 <== osd.143 172.16.30.8:6965/2659497 2 ==== osd_op_reply(1464 gc.184 [call] v12924'57 uv57 ondisk = 0) v6 ==== 173+0+0 (3045557457 0 0) 0x7eff18005fe0 con 0x7f0058355c30
2015-01-08 15:01:10.776805 7f005e2f0700 1 -- 172.16.30.1:0/4159532 --> 172.16.30.8:6965/2659497 -- osd_op(client.2034794.0:1465 gc.184 [call rgw.gc_list] 183.6d487b11 ack+read+known_if_redirected e12924) v4 -- ?+0 0x7efff41020e0 con 0x7f0058355c30
2015-01-08 15:01:10.786390 7f006f7fe700 1 -- 172.16.30.1:0/4159532 <== osd.143 172.16.30.8:6965/2659497 3 ==== osd_op_reply(1465 gc.184 [call] v0'0 uv57 ondisk = 0) v6 ==== 173+0+11 (2503430033 0 1993775135) 0x7eff18005fe0 con 0x7f0058355c30
2015-01-08 15:01:10.786590 7f005e2f0700 1 -- 172.16.30.1:0/4159532 --> 172.16.30.8:6965/2659497 -- osd_op(client.2034794.0:1466 gc.184 [call lock.unlock] 183.6d487b11 ondisk+write+known_if_redirected e12924) v4 -- ?+0 0x7efff41020e0 con 0x7f0058355c30
2015-01-08 15:01:10.900781 7f006f7fe700 1 -- 172.16.30.1:0/4159532 <== osd.143 172.16.30.8:6965/2659497 4 ==== osd_op_reply(1466 gc.184 [call] v12924'58 uv58 ondisk = 0) v6 ==== 173+0+0 (898670940 0 0) 0x7eff18005fe0 con 0x7f0058355c30
2015-01-08 15:01:10.900981 7f005e2f0700 1 -- 172.16.30.1:0/4159532 --> 172.16.30.5:6870/3331434 -- osd_op(client.2034794.0:1467 gc.185 [call lock.lock] 183.bcd71481 ondisk+write+known_if_redirected e12924) v4 -- ?+0 0x7efff41020e0 con 0x1399860
2015-01-08 15:01:10.952922 7f006f7fe700 1 -- 172.16.30.1:0/4159532 <== osd.239 172.16.30.5:6870/3331434 5 ==== osd_op_reply(1467 gc.185 [call] v12924'113 uv113 ondisk = 0) v6 ==== 173+0+0 (2385617244 0 0) 0x7f0000002e30 con 0x1399860
2015-01-08 15:01:10.953115 7f005e2f0700 1 -- 172.16.30.1:0/4159532 --> 172.16.30.5:6870/3331434 -- osd_op(client.2034794.0:1468 gc.185 [call rgw.gc_list] 183.bcd71481 ack+read+known_if_redirected e12924) v4 -- ?+0 0x7efff4102d60 con 0x1399860
2015-01-08 15:01:10.960156 7f006f7fe700 1 -- 172.16.30.1:0/4159532 <== osd.239 172.16.30.5:6870/3331434 6 ==== osd_op_reply(1468 gc.185 [call] v0'0 uv113 ondisk = 0) v6 ==== 173+0+11 (1367606739 0 1993775135) 0x7f0000002e30 con 0x1399860
2015-01-08 15:01:10.960355 7f005e2f0700 1 -- 172.16.30.1:0/4159532 --> 172.16.30.5:6870/3331434 -- osd_op(client.2034794.0:1469 gc.185 [call lock.unlock] 183.bcd71481 ondisk+write+known_if_redirected e12924) v4 -- ?+0 0x7efff4102d60 con 0x1399860
2015-01-08 15:01:10.986448 7f006f7fe700 1 -- 172.16.30.1:0/4159532 <== osd.239 172.16.30.5:6870/3331434 7 ==== osd_op_reply(1469 gc.185 [call] v12924'114 uv114 ondisk = 0) v6 ==== 173+0+0 (237405393 0 0) 0x7f0000004a80 con 0x1399860
2015-01-08 15:01:10.986663 7f005e2f0700 1 -- 172.16.30.1:0/4159532 --> 172.16.30.5:7020/3333709 -- osd_op(client.2034794.0:1470 gc.186 [call lock.lock] 183.69d5f1d5 ondisk+write+known_if_redirected e12924) v4 -- ?+0 0x7efff4104210 con 0x7f0058362660
2015-01-08 15:01:11.035877 7f006f7fe700 1 -- 172.16.30.1:0/4159532 <== osd.89 172.16.30.5:7020/3333709 11 ==== osd_op_reply(1470 gc.186 [call] v12924'57 uv57 ondisk = 0) v6 ==== 173+0+0 (4255977887 0 0) 0x7eff68005550 con 0x7f0058362660
2015-01-08 15:01:11.036083 7f005e2f0700 1 -- 172.16.30.1:0/4159532 --> 172.16.30.5:7020/3333709 -- osd_op(client.2034794.0:1471 gc.186 [call rgw.gc_list] 183.69d5f1d5 ack+read+known_if_redirected e12924) v4 -- ?+0 0x7efff4104210 con 0x7f0058362660
2015-01-08 15:01:11.042518 7f006f7fe700 1 -- 172.16.30.1:0/4159532 <== osd.89 172.16.30.5:7020/3333709 12 ==== osd_op_reply(1471 gc.186 [call] v0'0 uv57 ondisk = 0) v6 ==== 173+0+11 (3709721311 0 1993775135) 0x7eff68005550 con 0x7f0058362660
2015-01-08 15:01:11.042676 7f005e2f0700 1 -- 172.16.30.1:0/4159532 --> 172.16.30.5:7020/3333709 -- osd_op(client.2034794.0:1472 gc.186 [call lock.unlock] 183.69d5f1d5 ondisk+write+known_if_redirected e12924) v4 -- ?+0 0x7efff4104210 con 0x7f0058362660
2015-01-08 15:01:11.064246 7f006f7fe700 1 -- 172.16.30.1:0/4159532 <== osd.89 172.16.30.5:7020/3333709 13 ==== osd_op_reply(1472 gc.186 [call] v12924'58 uv58 ondisk = 0) v6 ==== 173+0+0 (2109355026 0 0) 0x7eff68005550 con 0x7f0058362660
2015-01-08 15:01:11.064444 7f005e2f0700 1 -- 172.16.30.1:0/4159532 --> 172.16.30.14:6900/3140382 -- osd_op(client.2034794.0:1473 gc.187 [call lock.lock] 183.7c37c534 ondisk+write+known_if_redirected e12924) v4 -- ?+0 0x7efff4104210 con 0x7f00584571d0
2015-01-08 15:01:11.106461 7f006f7fe700 1 -- 172.16.30.1:0/4159532 <== osd.499 172.16.30.14:6900/3140382 2 ==== osd_op_reply(1473 gc.187 [call] v12924'57 uv57 ondisk = 0) v6 ==== 173+0+0 (4127202574 0 0) 0x7efd1c009f20 con 0x7f00584571d0
2015-01-08 15:01:11.106596 7f005e2f0700 1 -- 172.16.30.1:0/4159532 --> 172.16.30.14:6900/3140382 -- osd_op(client.2034794.0:1474 gc.187 [call rgw.gc_list] 183.7c37c534 ack+read+known_if_redirected e12924) v4 -- ?+0 0x7efff4104c90 con 0x7f00584571d0
2015-01-08 15:01:11.114738 7f006f7fe700 1 -- 172.16.30.1:0/4159532 <== osd.499 172.16.30.14:6900/3140382 3 ==== osd_op_reply(1474 gc.187 [call] v0'0 uv57 ondisk = 0) v6 ==== 173+0+11 (3601913422 0 1993775135) 0x7efd1c009f20 con 0x7f00584571d0
2015-01-08 15:01:11.114898 7f005e2f0700 1 -- 172.16.30.1:0/4159532 --> 172.16.30.14:6900/3140382 -- osd_op(client.2034794.0:1475 gc.187 [call lock.unlock] 183.7c37c534 ondisk+write+known_if_redirected e12924) v4 -- ?+0 0x7efff4104c90 con 0x7f00584571d0
2015-01-08 15:01:11.135792 7f006f7fe700 1 -- 172.16.30.1:0/4159532 <== osd.499 172.16.30.14:6900/3140382 4 ==== osd_op_reply(1475 gc.187 [call] v12924'58 uv58 ondisk = 0) v6 ==== 173+0+0 (1981233283 0 0) 0x7efd1c009f20 con 0x7f00584571d0
2015-01-08 15:01:11.136013 7f005e2f0700 1 -- 172.16.30.1:0/4159532 --> 172.16.30.15:6850/3387644 -- osd_op(client.2034794.0:1476 gc.188 [call lock.lock] 183.3a02e737 ondisk+write+known_if_redirected e12924) v4 -- ?+0 0x7efff41060e0 con 0x7f0058444750
2015-01-08 15:01:11.179810 7f006f7fe700 1 -- 172.16.30.1:0/4159532 <== osd.553 172.16.30.15:6850/3387644 2 ==== osd_op_reply(1476 gc.188 [call] v12924'57 uv57 ondisk = 0) v6 ==== 173+0+0 (3124998621 0 0) 0x7f00280028c0 con 0x7f0058444750
2015-01-08 15:01:11.180010 7f005e2f0700 1 -- 172.16.30.1:0/4159532 --> 172.16.30.15:6850/3387644 -- osd_op(client.2034794.0:1477 gc.188 [call rgw.gc_list] 183.3a02e737 ack+read+known_if_redirected e12924) v4 -- ?+0 0x7efff41060e0 con 0x7f0058444750
2015-01-08 15:01:11.195657 7f006f7fe700 1 -- 172.16.30.1:0/4159532 <== osd.553 172.16.30.15:6850/3387644 3 ==== osd_op_reply(1477 gc.188 [call] v0'0 uv57 ondisk = 0) v6 ==== 173+0+11 (2599647901 0 1993775135) 0x7f00280028c0 con 0x7f0058444750
2015-01-08 15:01:11.195859 7f005e2f0700 1 -- 172.16.30.1:0/4159532 --> 172.16.30.15:6850/3387644 -- osd_op(client.2034794.0:1478 gc.188 [call lock.unlock] 183.3a02e737 ondisk+write+known_if_redirected e12924) v4 -- ?+0 0x7efff41060e0 con 0x7f0058444750
2015-01-08 15:01:11.219271 7f006f7fe700 1 -- 172.16.30.1:0/4159532 <== osd.553 172.16.30.15:6850/3387644 4 ==== osd_op_reply(1478 gc.188 [call] v12924'58 uv58 ondisk = 0) v6 ==== 173+0+0 (978621520 0 0) 0x7f00280028c0 con 0x7f0058444750
2015-01-08 15:01:11.219471 7f005e2f0700 1 -- 172.16.30.1:0/4159532 --> 172.16.30.9:6845/78817 -- osd_op(client.2034794.0:1479 gc.189 [call lock.lock] 183.62159757 ondisk+write+known_if_redirected e12924) v4 -- ?+0 0x7efff41060e0 con 0x7f0058204a10
2015-01-08 15:01:11.257090 7f006f7fe700 1 -- 172.16.30.1:0/4159532 <== osd.261 172.16.30.9:6845/78817 4 ==== osd_op_reply(1479 gc.189 [call] v12924'57 uv57 ondisk = 0) v6 ==== 173+0+0 (1418221037 0 0) 0x7efe74007b30 con 0x7f0058204a10
2015-01-08 15:01:11.257305 7f005e2f0700 1 -- 172.16.30.1:0/4159532 --> 172.16.30.9:6845/78817 -- osd_op(client.2034794.0:1480 gc.189 [call rgw.gc_list] 183.62159757 ack+read+known_if_redirected e12924) v4 -- ?+0 0x7efff41060e0 con 0x7f0058204a10
2015-01-08 15:01:11.265698 7f006f7fe700 1 -- 172.16.30.1:0/4159532 <== osd.261 172.16.30.9:6845/78817 5 ==== osd_op_reply(1480 gc.189 [call] v0'0 uv57 ondisk = 0) v6 ==== 173+0+11 (1949867693 0 1993775135) 0x7efe74005d70 con 0x7f0058204a10
2015-01-08 15:01:11.265899 7f005e2f0700 1 -- 172.16.30.1:0/4159532 --> 172.16.30.9:6845/78817 -- osd_op(client.2034794.0:1481 gc.189 [call lock.unlock] 183.62159757 ondisk+write+known_if_redirected e12924) v4 -- ?+0 0x7efff4106d60 con 0x7f0058204a10
2015-01-08 15:01:11.285900 7f006f7fe700 1 -- 172.16.30.1:0/4159532 <== osd.261 172.16.30.9:6845/78817 6 ==== osd_op_reply(1481 gc.189 [call] v12924'58 uv58 ondisk = 0) v6 ==== 173+0+0 (3567218784 0 0) 0x7efe74005d70 con 0x7f0058204a10
2015-01-08 15:01:11.286111 7f005e2f0700 1 -- 172.16.30.1:0/4159532 --> 172.16.30.5:6880/3331511 -- osd_op(client.2034794.0:1482 gc.190 [call lock.lock] 183.ba91098 ondisk+write+known_if_redirected e12924) v4 -- ?+0 0x7efff4106d60 con 0x7efff40ee4e0
2015-01-08 15:01:11.307534 7f006f7fe700 1 -- 172.16.30.1:0/4159532 <== osd.229 172.16.30.5:6880/3331511 7 ==== osd_op_reply(1482 gc.190 [call] v12924'173 uv173 ondisk = 0) v6 ==== 173+0+0 (1362659991 0 0) 0x7efddc009620 con 0x7efff40ee4e0
2015-01-08 15:01:11.307768 7f005e2f0700 1 -- 172.16.30.1:0/4159532 --> 172.16.30.5:6880/3331511 -- osd_op(client.2034794.0:1483 gc.190 [call rgw.gc_list] 183.ba91098 ack+read+known_if_redirected e12924) v4 -- ?+0 0x7efff4108210 con 0x7efff40ee4e0
2015-01-08 15:01:11.313853 7f006f7fe700 1 -- 172.16.30.1:0/4159532 <== osd.229 172.16.30.5:6880/3331511 8 ==== osd_op_reply(1483 gc.190 [call] v0'0 uv173 ondisk = 0) v6 ==== 173+0+11 (4194990164 0 1993775135) 0x7efddc009620 con 0x7efff40ee4e0
2015-01-08 15:01:11.314070 7f005e2f0700 1 -- 172.16.30.1:0/4159532 --> 172.16.30.5:6880/3331511 -- osd_op(client.2034794.0:1484 gc.190 [call lock.unlock] 183.ba91098 ondisk+write+known_if_redirected e12924) v4 -- ?+0 0x7efff4108210 con 0x7efff40ee4e0
2015-01-08 15:01:11.332886 7f006f7fe700 1 -- 172.16.30.1:0/4159532 <== osd.229 172.16.30.5:6880/3331511 9 ==== osd_op_reply(1484 gc.190 [call] v12924'174 uv174 ondisk = 0) v6 ==== 173+0+0 (3509563162 0 0) 0x7efddc009620 con 0x7efff40ee4e0
2015-01-08 15:01:11.333081 7f005e2f0700 1 -- 172.16.30.1:0/4159532 --> 172.16.30.16:6800/2751833 -- osd_op(client.2034794.0:1485 gc.191 [call lock.lock] 183.d6d69abd ondisk+write+known_if_redirected e12924) v4 -- ?+0 0x7efff4108210 con 0x7f0058405290
2015-01-08 15:01:11.372202 7f006f7fe700 1 -- 172.16.30.1:0/4159532 <== osd.786 172.16.30.16:6800/2751833 2 ==== osd_op_reply(1485 gc.191 [call] v12924'57 uv57 ondisk = 0) v6 ==== 173+0+0 (694735177 0 0) 0x7eff0c007420 con 0x7f0058405290
2015-01-08 15:01:11.372397 7f005e2f0700 1 -- 172.16.30.1:0/4159532 --> 172.16.30.16:6800/2751833 -- osd_op(client.2034794.0:1486 gc.191 [call rgw.gc_list] 183.d6d69abd ack+read+known_if_redirected e12924) v4 -- ?+0 0x7efff4108210 con 0x7f0058405290
2015-01-08 15:01:11.380751 7f006f7fe700 1 -- 172.16.30.1:0/4159532 <== osd.786 172.16.30.16:6800/2751833 3 ==== osd_op_reply(1486 gc.191 [call] v0'0 uv57 ondisk = 0) v6 ==== 173+0+11 (165157385 0 1993775135) 0x7eff0c005e50 con 0x7f0058405290
2015-01-08 15:01:11.380952 7f005e2f0700 1 -- 172.16.30.1:0/4159532 --> 172.16.30.16:6800/2751833 -- osd_op(client.2034794.0:1487 gc.191 [call lock.unlock] 183.d6d69abd ondisk+write+known_if_redirected e12924) v4 -- ?+0 0x7efff4108c90 con 0x7f0058405290
2015-01-08 15:01:11.403075 7f006f7fe700 1 -- 172.16.30.1:0/4159532 <== osd.786 172.16.30.16:6800/2751833 4 ==== osd_op_reply(1487 gc.191 [call] v12924'58 uv58 ondisk = 0) v6 ==== 173+0+0 (2843735236 0 0) 0x7eff0c00aaa0 con 0x7f0058405290
2015-01-08 15:01:11.403372 7f005e2f0700 1 -- 172.16.30.1:0/4159532 --> 172.16.30.17:7035/106293 -- osd_op(client.2034794.0:1488 gc.192 [call lock.lock] 183.edf8ad83 ondisk+write+known_if_redirected e12924) v4 -- ?+0 0x7efff410a650 con 0x7efff410a2a0
2015-01-08 15:01:11.442453 7f006f7fe700 1 -- 172.16.30.1:0/4159532 <== osd.614 172.16.30.17:7035/106293 1 ==== osd_op_reply(1488 gc.192 [call] v12924'57 uv57 ondisk = 0) v6 ==== 173+0+0 (3014367274 0 0) 0x7efdf8005360 con 0x7efff410a2a0
2015-01-08 15:01:11.442687 7f005e2f0700 1 -- 172.16.30.1:0/4159532 --> 172.16.30.17:7035/106293 -- osd_op(client.2034794.0:1489 gc.192 [call rgw.gc_list] 183.edf8ad83 ack+read+known_if_redirected e12924) v4 -- ?+0 0x7efff410a650 con 0x7efff410a2a0
2015-01-08 15:01:11.454858 7f006f7fe700 1 -- 172.16.30.1:0/4159532 <== osd.614 172.16.30.17:7035/106293 2 ==== osd_op_reply(1489 gc.192 [call] v0'0 uv57 ondisk = 0) v6 ==== 173+0+11 (2468041578 0 1993775135) 0x7efdf8005360 con 0x7efff410a2a0
2015-01-08 15:01:11.455067 7f005e2f0700 1 -- 172.16.30.1:0/4159532 --> 172.16.30.17:7035/106293 -- osd_op(client.2034794.0:1490 gc.192 [call lock.unlock] 183.edf8ad83 ondisk+write+known_if_redirected e12924) v4 -- ?+0 0x7efff410a650 con 0x7efff410a2a0
2015-01-08 15:01:11.515939 7efff37fe700 20 RGWEnv::set(): HTTP_HOST: 172.16.80.2
2015-01-08 15:01:11.515970 7efff37fe700 20 RGWEnv::set(): HTTP_ACCEPT_ENCODING: identity
2015-01-08 15:01:11.515976 7efff37fe700 20 RGWEnv::set(): HTTP_DATE: Thu, 08 Jan 2015 15:01:11 GMT
2015-01-08 15:01:11.515979 7efff37fe700 20 RGWEnv::set(): CONTENT_LENGTH: 0
2015-01-08 15:01:11.515984 7efff37fe700 20 RGWEnv::set(): HTTP_AUTHORIZATION: AWS 6ZIXO7486TA8SS9SYQUN:H+Aa+iElwxotba40guHP1p0Xg0Q=
2015-01-08 15:01:11.515991 7efff37fe700 20 RGWEnv::set(): HTTP_USER_AGENT: Boto/2.34.0 Python/2.7.6 Linux/3.13.0-24-generic
2015-01-08 15:01:11.515994 7efff37fe700 20 RGWEnv::set(): REQUEST_METHOD: DELETE
2015-01-08 15:01:11.515997 7efff37fe700 20 RGWEnv::set(): REQUEST_URI: /cghub-tcga/ff8a7aac-33d5-4f5e-a0bf-5b3291cd0d0d.bam
2015-01-08 15:01:11.516001 7efff37fe700 20 RGWEnv::set(): QUERY_STRING: uploadId=2/IFfPqeWYfgEc65-23Y6e_d8bNQT69qd
2015-01-08 15:01:11.516003 7efff37fe700 20 RGWEnv::set(): REMOTE_USER:
2015-01-08 15:01:11.516006 7efff37fe700 20 RGWEnv::set(): SCRIPT_URI: /cghub-tcga/ff8a7aac-33d5-4f5e-a0bf-5b3291cd0d0d.bam
2015-01-08 15:01:11.516017 7efff37fe700 20 RGWEnv::set(): SERVER_PORT: 80
2015-01-08 15:01:11.516020 7efff37fe700 20 CONTENT_LENGTH=0
2015-01-08 15:01:11.516027 7efff37fe700 20 HTTP_ACCEPT_ENCODING=identity
2015-01-08 15:01:11.516029 7efff37fe700 20 HTTP_AUTHORIZATION=AWS 6ZIXO7486TA8SS9SYQUN:H+Aa+iElwxotba40guHP1p0Xg0Q=
2015-01-08 15:01:11.516030 7efff37fe700 20 HTTP_DATE=Thu, 08 Jan 2015 15:01:11 GMT
2015-01-08 15:01:11.516032 7efff37fe700 20 HTTP_HOST=172.16.80.2
2015-01-08 15:01:11.516033 7efff37fe700 20 HTTP_USER_AGENT=Boto/2.34.0 Python/2.7.6 Linux/3.13.0-24-generic
2015-01-08 15:01:11.516035 7efff37fe700 20 QUERY_STRING=uploadId=2/IFfPqeWYfgEc65-23Y6e_d8bNQT69qd
2015-01-08 15:01:11.516036 7efff37fe700 20 REMOTE_USER=
2015-01-08 15:01:11.516038 7efff37fe700 20 REQUEST_METHOD=DELETE
2015-01-08 15:01:11.516039 7efff37fe700 20 REQUEST_URI=/cghub-tcga/ff8a7aac-33d5-4f5e-a0bf-5b3291cd0d0d.bam
2015-01-08 15:01:11.516040 7efff37fe700 20 SCRIPT_URI=/cghub-tcga/ff8a7aac-33d5-4f5e-a0bf-5b3291cd0d0d.bam
2015-01-08 15:01:11.516042 7efff37fe700 20 SERVER_PORT=80
2015-01-08 15:01:11.516049 7efff37fe700 20 RGWEnv::set(): HTTP_HOST: 172.16.80.2
2015-01-08 15:01:11.516053 7efff37fe700 20 RGWEnv::set(): HTTP_ACCEPT_ENCODING: identity
2015-01-08 15:01:11.516056 7efff37fe700 20 RGWEnv::set(): HTTP_DATE: Thu, 08 Jan 2015 15:01:11 GMT
2015-01-08 15:01:11.516058 7efff37fe700 20 RGWEnv::set(): CONTENT_LENGTH: 0
2015-01-08 15:01:11.516061 7efff37fe700 20 RGWEnv::set(): HTTP_AUTHORIZATION: AWS 6ZIXO7486TA8SS9SYQUN:H+Aa+iElwxotba40guHP1p0Xg0Q=
2015-01-08 15:01:11.516064 7efff37fe700 20 RGWEnv::set(): HTTP_USER_AGENT: Boto/2.34.0 Python/2.7.6 Linux/3.13.0-24-generic
2015-01-08 15:01:11.516066 7efff37fe700 20 RGWEnv::set(): REQUEST_METHOD: DELETE
2015-01-08 15:01:11.516069 7efff37fe700 20 RGWEnv::set(): REQUEST_URI: /cghub-tcga/ff8a7aac-33d5-4f5e-a0bf-5b3291cd0d0d.bam
2015-01-08 15:01:11.516071 7efff37fe700 20 RGWEnv::set(): QUERY_STRING: uploadId=2/IFfPqeWYfgEc65-23Y6e_d8bNQT69qd
2015-01-08 15:01:11.516073 7efff37fe700 20 RGWEnv::set(): REMOTE_USER:
2015-01-08 15:01:11.516075 7efff37fe700 20 RGWEnv::set(): SCRIPT_URI: /cghub-tcga/ff8a7aac-33d5-4f5e-a0bf-5b3291cd0d0d.bam
2015-01-08 15:01:11.516079 7efff37fe700 20 RGWEnv::set(): SERVER_PORT: 80
2015-01-08 15:01:11.516080 7efff37fe700 20 CONTENT_LENGTH=0
2015-01-08 15:01:11.516082 7efff37fe700 20 HTTP_ACCEPT_ENCODING=identity
2015-01-08 15:01:11.516084 7efff37fe700 20 HTTP_AUTHORIZATION=AWS 6ZIXO7486TA8SS9SYQUN:H+Aa+iElwxotba40guHP1p0Xg0Q=
2015-01-08 15:01:11.516085 7efff37fe700 20 HTTP_DATE=Thu, 08 Jan 2015 15:01:11 GMT
2015-01-08 15:01:11.516087 7efff37fe700 20 HTTP_HOST=172.16.80.2
2015-01-08 15:01:11.516088 7efff37fe700 20 HTTP_USER_AGENT=Boto/2.34.0 Python/2.7.6 Linux/3.13.0-24-generic
2015-01-08 15:01:11.516090 7efff37fe700 20 QUERY_STRING=uploadId=2/IFfPqeWYfgEc65-23Y6e_d8bNQT69qd
2015-01-08 15:01:11.516091 7efff37fe700 20 REMOTE_USER=
2015-01-08 15:01:11.516093 7efff37fe700 20 REQUEST_METHOD=DELETE
2015-01-08 15:01:11.516095 7efff37fe700 20 REQUEST_URI=/cghub-tcga/ff8a7aac-33d5-4f5e-a0bf-5b3291cd0d0d.bam
2015-01-08 15:01:11.516096 7efff37fe700 20 SCRIPT_URI=/cghub-tcga/ff8a7aac-33d5-4f5e-a0bf-5b3291cd0d0d.bam
2015-01-08 15:01:11.516097 7efff37fe700 20 SERVER_PORT=80
2015-01-08 15:01:11.516100 7efff37fe700 1 ====== starting new request req=0x7effe00056f0 =====
2015-01-08 15:01:11.516137 7efff37fe700 2 req 0:0.000037::DELETE /cghub-tcga/ff8a7aac-33d5-4f5e-a0bf-5b3291cd0d0d.bam::initializing
2015-01-08 15:01:11.516240 7efff37fe700 10 s->object=ff8a7aac-33d5-4f5e-a0bf-5b3291cd0d0d.bam s->bucket=cghub-tcga
2015-01-08 15:01:11.516251 7efff37fe700 2 req 0:0.000152:s3:DELETE /cghub-tcga/ff8a7aac-33d5-4f5e-a0bf-5b3291cd0d0d.bam::getting op
2015-01-08 15:01:11.516266 7efff37fe700 2 req 0:0.000167:s3:DELETE /cghub-tcga/ff8a7aac-33d5-4f5e-a0bf-5b3291cd0d0d.bam:abort_multipart:authorizing
2015-01-08 15:01:11.516337 7efff37fe700 20 get_obj_state: rctx=0x7effe0005bb0 obj=.us-phx.users:6ZIXO7486TA8SS9SYQUN state=0x7effe0009d58 s->prefetch_data=0
2015-01-08 15:01:11.516352 7efff37fe700 10 cache get: name=.us-phx.users+6ZIXO7486TA8SS9SYQUN : miss
2015-01-08 15:01:11.516465 7efff37fe700 1 -- 172.16.30.1:0/4159532 --> 172.16.30.8:6825/2657920 -- osd_op(client.2034794.0:1491 6ZIXO7486TA8SS9SYQUN [getxattrs,stat] 192.e68ce47c ack+read+known_if_redirected e12924) v4 -- ?+0 0x7effe000ac90 con 0x7f005837bb40
2015-01-08 15:01:11.521873 7f006f7fe700 1 -- 172.16.30.1:0/4159532 <== osd.283 172.16.30.8:6825/2657920 3 ==== osd_op_reply(1491 6ZIXO7486TA8SS9SYQUN [getxattrs,stat] v0'0 uv1 ondisk = 0) v6 ==== 229+0+20 (1658277701 0 1342944017) 0x7effcc005f50 con 0x7f005837bb40
2015-01-08 15:01:11.522014 7efff37fe700 10 cache put: name=.us-phx.users+6ZIXO7486TA8SS9SYQUN
2015-01-08 15:01:11.522059 7efff37fe700 10 adding .us-phx.users+6ZIXO7486TA8SS9SYQUN to cache LRU end
2015-01-08 15:01:11.522070 7efff37fe700 20 get_obj_state: s->obj_tag was set empty
2015-01-08 15:01:11.522089 7efff37fe700 10 cache get: name=.us-phx.users+6ZIXO7486TA8SS9SYQUN : type miss (requested=1, cached=6)
2015-01-08 15:01:11.522111 7efff37fe700 20 get_obj_state: rctx=0x7effe000a530 obj=.us-phx.users:6ZIXO7486TA8SS9SYQUN state=0x7effe0009d58 s->prefetch_data=0
2015-01-08 15:01:11.522120 7efff37fe700 10 cache get: name=.us-phx.users+6ZIXO7486TA8SS9SYQUN : hit
2015-01-08 15:01:11.522127 7efff37fe700 20 get_obj_state: s->obj_tag was set empty
2015-01-08 15:01:11.522144 7efff37fe700 20 get_obj_state: rctx=0x7effe000a530 obj=.us-phx.users:6ZIXO7486TA8SS9SYQUN state=0x7effe0009d58 s->prefetch_data=0
2015-01-08 15:01:11.522147 7efff37fe700 20 state for obj=.us-phx.users:6ZIXO7486TA8SS9SYQUN is not atomic, not appending atomic test
2015-01-08 15:01:11.522150 7efff37fe700 20 rados->read obj-ofs=0 read_ofs=0 read_len=524288
2015-01-08 15:01:11.522215 7efff37fe700 1 -- 172.16.30.1:0/4159532 --> 172.16.30.8:6825/2657920 -- osd_op(client.2034794.0:1492 6ZIXO7486TA8SS9SYQUN [read 0~524288] 192.e68ce47c ack+read+known_if_redirected e12924) v4 -- ?+0 0x7effe000b840 con 0x7f005837bb40
2015-01-08 15:01:11.527705 7f006f7fe700 1 -- 172.16.30.1:0/4159532 <== osd.283 172.16.30.8:6825/2657920 4 ==== osd_op_reply(1492 6ZIXO7486TA8SS9SYQUN [read 0~9] v0'0 uv1 ondisk = 0) v6 ==== 187+0+9 (2126207885 0 1464075105) 0x7effcc005f50 con 0x7f005837bb40
2015-01-08 15:01:11.527783 7efff37fe700 20 rados->read r=0 bl.length=9
2015-01-08 15:01:11.527811 7efff37fe700 10 cache put: name=.us-phx.users+6ZIXO7486TA8SS9SYQUN
2015-01-08 15:01:11.527815 7efff37fe700 10 moving .us-phx.users+6ZIXO7486TA8SS9SYQUN to cache LRU end
2015-01-08 15:01:11.527841 7efff37fe700 20 get_obj_state: rctx=0x7effe000b2a0 obj=.us-phx.users.uid:cghub state=0x7effe0009ba8 s->prefetch_data=0
2015-01-08 15:01:11.527853 7efff37fe700 10 cache get: name=.us-phx.users.uid+cghub : miss
2015-01-08 15:01:11.527950 7efff37fe700 1 -- 172.16.30.1:0/4159532 --> 172.16.30.14:7050/3142770 -- osd_op(client.2034794.0:1493 cghub [call version.read,getxattrs,stat] 195.73c39db3 ack+read+known_if_redirected e12924) v4 -- ?+0 0x7effe000d820 con 0x7f00581b48a0
2015-01-08 15:01:11.536304 7f006f7fe700 1 -- 172.16.30.1:0/4159532 <== osd.352 172.16.30.14:7050/3142770 6 ==== osd_op_reply(1493 cghub [call,getxattrs,stat] v0'0 uv1 ondisk = 0) v6 ==== 256+0+139 (1030946817 0 2438112937) 0x7effe000d900 con 0x7f00581b48a0
2015-01-08 15:01:11.536465 7efff37fe700 10 cache put: name=.us-phx.users.uid+cghub
2015-01-08 15:01:11.536491 7efff37fe700 10 adding .us-phx.users.uid+cghub to cache LRU end
2015-01-08 15:01:11.536499 7efff37fe700 20 get_obj_state: s->obj_tag was set empty
2015-01-08 15:01:11.536511 7efff37fe700 10 cache get: name=.us-phx.users.uid+cghub : type miss (requested=17, cached=22)
2015-01-08 15:01:11.536527 7efff37fe700 20 get_obj_state: rctx=0x7effe000b2a0 obj=.us-phx.users.uid:cghub state=0x7effe000d098 s->prefetch_data=0
2015-01-08 15:01:11.536536 7efff37fe700 10 cache get: name=.us-phx.users.uid+cghub : hit
2015-01-08 15:01:11.536542 7efff37fe700 20 get_obj_state: s->obj_tag was set empty
2015-01-08 15:01:11.536554 7efff37fe700 20 get_obj_state: rctx=0x7effe000b2a0 obj=.us-phx.users.uid:cghub state=0x7effe000d098 s->prefetch_data=0
2015-01-08 15:01:11.536557 7efff37fe700 20 state for obj=.us-phx.users.uid:cghub is not atomic, not appending atomic test
2015-01-08 15:01:11.536591 7efff37fe700 20 rados->read obj-ofs=0 read_ofs=0 read_len=524288
2015-01-08 15:01:11.536652 7efff37fe700 1 -- 172.16.30.1:0/4159532 --> 172.16.30.14:7050/3142770 -- osd_op(client.2034794.0:1494 cghub [call version.check_conds,call version.read,read 0~524288] 195.73c39db3 ack+read+known_if_redirected e12924) v4 -- ?+0 0x7effe0011670 con 0x7f00581b48a0
2015-01-08 15:01:11.540198 7f006f7fe700 1 -- 172.16.30.1:0/4159532 <== osd.352 172.16.30.14:7050/3142770 7 ==== osd_op_reply(1494 cghub [call,call,read 0~313] v0'0 uv1 ondisk = 0) v6 ==== 256+0+361 (163594984 0 721405563) 0x7effe0011830 con 0x7f00581b48a0
2015-01-08 15:01:11.540322 7efff37fe700 20 rados->read r=0 bl.length=313
2015-01-08 15:01:11.540360 7efff37fe700 10 cache put: name=.us-phx.users.uid+cghub
2015-01-08 15:01:11.540364 7efff37fe700 10 moving .us-phx.users.uid+cghub to cache LRU end
2015-01-08 15:01:11.540412 7efff37fe700 10 chain_cache_entry: cache_locator=.us-phx.users.uid+cghub
2015-01-08 15:01:11.540546 7efff37fe700 10 get_canon_resource(): dest=/cghub-tcga/ff8a7aac-33d5-4f5e-a0bf-5b3291cd0d0d.bam?uploadId=2/IFfPqeWYfgEc65-23Y6e_d8bNQT69qd
2015-01-08 15:01:11.540558 7efff37fe700 10 auth_hdr: DELETE Thu, 08 Jan 2015 15:01:11 GMT /cghub-tcga/ff8a7aac-33d5-4f5e-a0bf-5b3291cd0d0d.bam?uploadId=2/IFfPqeWYfgEc65-23Y6e_d8bNQT69qd
2015-01-08 15:01:11.540673 7efff37fe700 15 calculated digest=H+Aa+iElwxotba40guHP1p0Xg0Q=
2015-01-08 15:01:11.540683 7efff37fe700 15 auth_sign=H+Aa+iElwxotba40guHP1p0Xg0Q=
2015-01-08 15:01:11.540686 7efff37fe700 15 compare=0
2015-01-08 15:01:11.540691 7efff37fe700 2 req 0:0.024591:s3:DELETE /cghub-tcga/ff8a7aac-33d5-4f5e-a0bf-5b3291cd0d0d.bam:abort_multipart:reading permissions
2015-01-08 15:01:11.540736 7efff37fe700 20 get_obj_state: rctx=0x7efff37f91f0 obj=.us-phx.domain.rgw:cghub-tcga state=0x7effe000f248 s->prefetch_data=0
2015-01-08 15:01:11.540746 7efff37fe700 10 cache get: name=.us-phx.domain.rgw+cghub-tcga : miss
2015-01-08 15:01:11.540823 7efff37fe700 1 -- 172.16.30.1:0/4159532 --> 172.16.30.13:6905/3096489 -- osd_op(client.2034794.0:1495 cghub-tcga [call version.read,getxattrs,stat] 180.2771761b ack+read+known_if_redirected e12924) v4 -- ?+0 0x7effe0010420 con 0x7f005832eb10
2015-01-08 15:01:11.548183 7f006f7fe700 1 -- 172.16.30.1:0/4159532 <== osd.500 172.16.30.13:6905/3096489 2 ==== osd_op_reply(1495 cghub-tcga [call,getxattrs,stat] v0'0 uv1 ondisk = 0) v6 ==== 261+0+139 (1389171135 0 1494196921) 0x7efe3c0092f0 con 0x7f005832eb10
2015-01-08 15:01:11.548327 7efff37fe700 10 cache put: name=.us-phx.domain.rgw+cghub-tcga
2015-01-08 15:01:11.548357 7efff37fe700 10 adding .us-phx.domain.rgw+cghub-tcga to cache LRU end
2015-01-08 15:01:11.548366 7efff37fe700 20 get_obj_state: s->obj_tag was set empty
2015-01-08 15:01:11.548377 7efff37fe700 20 Read xattr: user.rgw.idtag
2015-01-08 15:01:11.548380 7efff37fe700 20 Read xattr: user.rgw.manifest
2015-01-08 15:01:11.548388 7efff37fe700 10 cache get: name=.us-phx.domain.rgw+cghub-tcga : type miss (requested=17, cached=22)
2015-01-08 15:01:11.548397 7efff37fe700 20 get_obj_state: rctx=0x7efff37f91f0 obj=.us-phx.domain.rgw:cghub-tcga state=0x7effe000f248 s->prefetch_data=0
2015-01-08 15:01:11.548410 7efff37fe700 20 get_obj_state: rctx=0x7efff37f91f0 obj=.us-phx.domain.rgw:cghub-tcga state=0x7effe000f248 s->prefetch_data=0
2015-01-08 15:01:11.548413 7efff37fe700 20 state for obj=.us-phx.domain.rgw:cghub-tcga is not atomic, not appending atomic test
2015-01-08 15:01:11.548439 7efff37fe700 20 rados->read obj-ofs=0 read_ofs=0 read_len=524288
2015-01-08 15:01:11.548500 7efff37fe700 1 -- 172.16.30.1:0/4159532 --> 172.16.30.13:6905/3096489 -- osd_op(client.2034794.0:1496 cghub-tcga [call version.check_conds,call version.read,read 0~524288] 180.2771761b ack+read+known_if_redirected e12924) v4 -- ?+0 0x7effe00111e0 con 0x7f005832eb10
2015-01-08 15:01:11.551890 7f006f7fe700 1 -- 172.16.30.1:0/4159532 <== osd.500 172.16.30.13:6905/3096489 3 ==== osd_op_reply(1496 cghub-tcga [call,call,read 0~165] v0'0 uv1 ondisk = 0) v6 ==== 261+0+213 (3337830363 0 2254797108) 0x7efe3c0092f0 con 0x7f005832eb10
2015-01-08 15:01:11.552017 7efff37fe700 20 rados->read r=0 bl.length=165
2015-01-08 15:01:11.552069 7efff37fe700 10 cache put: name=.us-phx.domain.rgw+cghub-tcga
2015-01-08 15:01:11.552073 7efff37fe700 10 moving .us-phx.domain.rgw+cghub-tcga to cache LRU end
2015-01-08 15:01:11.552089 7efff37fe700 20 rgw_get_bucket_info: bucket instance: cghub-tcga(@{i=.us-phx.rgw.buckets.index,e=.us-phx.rgw.buckets.extra}.us-phx.rgw.buckets[us-phx.1884261.1])
2015-01-08 15:01:11.552108 7efff37fe700 20 reading from .us-phx.domain.rgw:.bucket.meta.cghub-tcga:us-phx.1884261.1
2015-01-08 15:01:11.552128 7efff37fe700 20 get_obj_state: rctx=0x7efff37f91f0 obj=.us-phx.domain.rgw:.bucket.meta.cghub-tcga:us-phx.1884261.1 state=0x7effe0010ec8 s->prefetch_data=0
