2015-01-08 15:01:06.204951 7f006f7fe700 1 -- 172.16.30.1:0/4159532 --> 172.16.30.4:7100/3112946 -- osd_op(client.2034794.0:1217 [pgls start_epoch 0] 195.3c0 ack+read+known_if_redirected e12924) v4 -- ?+0 0x7f0058452160 con 0x7f0058308b40
2015-01-08 15:01:06.208264 7f006f7fe700 1 -- 172.16.30.1:0/4159532 <== osd.665 172.16.30.4:7100/3112946 2 ==== osd_op_reply(1217 [pgls start_epoch 0] v0'0 uv0 ondisk = 1) v6 ==== 167+0+44 (3629891432 0 139081063) 0x7efd6000a1e0 con 0x7f0058308b40
2015-01-08 15:01:06.208389 7f006f7fe700 1 -- 172.16.30.1:0/4159532 --> 172.16.30.15:6820/3387391 -- osd_op(client.2034794.0:1218 [pgls start_epoch 0] 195.3c1 ack+read+known_if_redirected e12924) v4 -- ?+0 0x7f0058452160 con 0x7f00581d1290
2015-01-08 15:01:06.212797 7f006f7fe700 1 -- 172.16.30.1:0/4159532 <== osd.583 172.16.30.15:6820/3387391 2 ==== osd_op_reply(1218 [pgls start_epoch 0] v0'0 uv0 ondisk = 1) v6 ==== 167+0+44 (1441621180 0 139081063) 0x7efd3800b630 con 0x7f00581d1290
2015-01-08 15:01:06.213019 7f006f7fe700 1 -- 172.16.30.1:0/4159532 --> 172.16.30.13:7070/3099191 -- osd_op(client.2034794.0:1219 [pgls start_epoch 0] 195.3c2 ack+read+known_if_redirected e12924) v4 -- ?+0 0x7f0058451b30 con 0x7f0058451780
2015-01-08 15:01:06.217833 7f006f7fe700 1 -- 172.16.30.1:0/4159532 <== osd.488 172.16.30.15:6920/3388572 5 ==== osd_op_reply(1214 gc.124 [call] v12924'58 uv58 ondisk = 0) v6 ==== 173+0+0 (1098195801 0 0) 0x7efe5c007180 con 0x7f0058173690
2015-01-08 15:01:06.218139 7f005e2f0700 1 -- 172.16.30.1:0/4159532 --> 172.16.30.9:6985/80708 -- osd_op(client.2034794.0:1220 gc.125 [call lock.lock] 183.340ed7a1 ondisk+write+known_if_redirected e12924) v4 -- ?+0 0x7efff40b6220 con 0x7efff40b4d30
2015-01-08 15:01:06.222036 7f006f7fe700 1 -- 172.16.30.1:0/4159532 <== osd.337 172.16.30.13:7070/3099191 1 ==== osd_op_reply(1219 [pgls start_epoch 0] v0'0 uv0 ondisk = 1) v6 ==== 167+0+44 (3336207921 0 139081063) 0x7f0058454280 con 0x7f0058451780
2015-01-08 15:01:06.222163 7f006f7fe700 1 -- 172.16.30.1:0/4159532 --> 172.16.30.17:6820/103056 -- osd_op(client.2034794.0:1221 [pgls start_epoch 0] 195.3c3 ack+read+known_if_redirected e12924) v4 -- ?+0 0x7f00584546c0 con 0x7f00582dd350
2015-01-08 15:01:06.227741 7f006f7fe700 1 -- 172.16.30.1:0/4159532 <== osd.657 172.16.30.17:6820/103056 2 ==== osd_op_reply(1221 [pgls start_epoch 0] v0'0 uv0 ondisk = 1) v6 ==== 167+0+44 (1265411557 0 139081063) 0x7effe4004380 con 0x7f00582dd350
2015-01-08 15:01:06.227862 7f006f7fe700 1 -- 172.16.30.1:0/4159532 --> 172.16.30.3:7045/3603175 -- osd_op(client.2034794.0:1222 [pgls start_epoch 0] 195.3c4 ack+read+known_if_redirected e12924) v4 -- ?+0 0x7f0058454280 con 0x7f00582cf770
2015-01-08 15:01:06.231161 7f006f7fe700 1 -- 172.16.30.1:0/4159532 <== osd.678 172.16.30.3:7045/3603175 3 ==== osd_op_reply(1222 [pgls start_epoch 0] v0'0 uv0 ondisk = 1) v6 ==== 167+0+44 (3847765466 0 139081063) 0x7eff90007750 con 0x7f00582cf770
2015-01-08 15:01:06.231423 7f006f7fe700 1 -- 172.16.30.1:0/4159532 --> 172.16.30.3:6890/3600555 -- osd_op(client.2034794.0:1223 [pgls start_epoch 0] 195.3c5 ack+read+known_if_redirected e12924) v4 -- ?+0 0x7f0058453c60 con 0x7f00584538b0
2015-01-08 15:01:06.245298 7f006f7fe700 1 -- 172.16.30.1:0/4159532 <== osd.745 172.16.30.3:6890/3600555 1 ==== osd_op_reply(1223 [pgls start_epoch 0] v0'0 uv0 ondisk = 1) v6 ==== 167+0+44 (1760486926 0 139081063) 0x7f0060002990 con 0x7f00584538b0
2015-01-08 15:01:06.245514 7f006f7fe700 1 -- 172.16.30.1:0/4159532 --> 172.16.30.5:7010/3333471 -- osd_op(client.2034794.0:1224 [pgls start_epoch 0] 195.3c6 ack+read+known_if_redirected e12924) v4 -- ?+0 0x7f0058455640 con 0x7f0058455290
2015-01-08 15:01:06.251708 7f006f7fe700 1 -- 172.16.30.1:0/4159532 <== osd.120 172.16.30.9:6985/80708 1 ==== osd_op_reply(1220 gc.125 [call] v12924'113 uv113 ondisk = 0) v6 ==== 173+0+0 (2074985544 0 0) 0x7f0070004650 con 0x7efff40b4d30
2015-01-08 15:01:06.251785 7f006f7fe700 1 -- 172.16.30.1:0/4159532 <== osd.99 172.16.30.5:7010/3333471 1 ==== osd_op_reply(1224 [pgls start_epoch 0] v0'0 uv0 ondisk = 1) v6 ==== 167+0+44 (4225367171 0 139081063) 0x13ba000 con 0x7f0058455290
2015-01-08 15:01:06.251870 7f005e2f0700 1 -- 172.16.30.1:0/4159532 --> 172.16.30.9:6985/80708 -- osd_op(client.2034794.0:1225 gc.125 [call rgw.gc_list] 183.340ed7a1 ack+read+known_if_redirected e12924) v4 -- ?+0 0x7efff40b6220 con 0x7efff40b4d30
2015-01-08 15:01:06.251927 7f006f7fe700 1 -- 172.16.30.1:0/4159532 --> 172.16.30.16:7030/2755151 -- osd_op(client.2034794.0:1226 [pgls start_epoch 0] 195.3c7 ack+read+known_if_redirected e12924) v4 -- ?+0 0x7f0058455c00 con 0x7f005819c540
2015-01-08 15:01:06.255254 7f006f7fe700 1 -- 172.16.30.1:0/4159532 <== osd.374 172.16.30.16:7030/2755151 3 ==== osd_op_reply(1226 [pgls start_epoch 0] v0'0 uv0 ondisk = 1) v6 ==== 167+0+44 (1986996055 0 139081063) 0x7eff480071f0 con 0x7f005819c540
2015-01-08 15:01:06.255395 7f006f7fe700 1 -- 172.16.30.1:0/4159532 --> 172.16.30.14:6835/3139484 -- osd_op(client.2034794.0:1227 [pgls start_epoch 0] 195.3c8 ack+read+known_if_redirected e12924) v4 -- ?+0 0x7f0058455da0 con 0x7f005839ace0
2015-01-08 15:01:06.261410 7f006f7fe700 1 -- 172.16.30.1:0/4159532 <== osd.564 172.16.30.14:6835/3139484 2 ==== osd_op_reply(1227 [pgls start_epoch 0] v0'0 uv0 ondisk = 1) v6 ==== 167+0+44 (2723985932 0 139081063) 0x7f0070004650 con 0x7f005839ace0
2015-01-08 15:01:06.261627 7f006f7fe700 1 -- 172.16.30.1:0/4159532 --> 172.16.30.14:6900/3140382 -- osd_op(client.2034794.0:1228 [pgls start_epoch 0] 195.3c9 ack+read+known_if_redirected e12924) v4 -- ?+0 0x7f00584574e0 con 0x7f00584571d0
2015-01-08 15:01:06.261672 7f006f7fe700 1 -- 172.16.30.1:0/4159532 <== osd.120 172.16.30.9:6985/80708 2 ==== osd_op_reply(1225 gc.125 [call] v0'0 uv113 ondisk = 0) v6 ==== 173+0+11 (2753061063 0 1993775135) 0x7f0070003ca0 con 0x7efff40b4d30
2015-01-08 15:01:06.261863 7f005e2f0700 1 -- 172.16.30.1:0/4159532 --> 172.16.30.9:6985/80708 -- osd_op(client.2034794.0:1229 gc.125 [call lock.unlock] 183.340ed7a1 ondisk+write+known_if_redirected e12924) v4 -- ?+0 0x7efff40b6220 con 0x7efff40b4d30
2015-01-08 15:01:06.267356 7f006f7fe700 1 -- 172.16.30.1:0/4159532 <== osd.499 172.16.30.14:6900/3140382 1 ==== osd_op_reply(1228 [pgls start_epoch 0] v0'0 uv0 ondisk = 1) v6 ==== 167+0+44 (803889624 0 139081063) 0x7efd1c009f20 con 0x7f00584571d0
2015-01-08 15:01:06.267498 7f006f7fe700 1 -- 172.16.30.1:0/4159532 --> 172.16.30.3:6830/3599980 -- osd_op(client.2034794.0:1230 [pgls start_epoch 0] 195.3ca ack+read+known_if_redirected e12924) v4 -- ?+0 0x7f00584574e0 con 0x7f00581db710
2015-01-08 15:01:06.270893 7f006f7fe700 1 -- 172.16.30.1:0/4159532 <== osd.769 172.16.30.3:6830/3599980 3 ==== osd_op_reply(1230 [pgls start_epoch 0] v0'0 uv0 ondisk = 1) v6 ==== 167+0+44 (3168631637 0 139081063) 0x7efd78009890 con 0x7f00581db710
2015-01-08 15:01:06.271035 7f006f7fe700 1 -- 172.16.30.1:0/4159532 --> 172.16.30.14:7035/3142641 -- osd_op(client.2034794.0:1231 [pgls start_epoch 0] 195.3cb ack+read+known_if_redirected e12924) v4 -- ?+0 0x7f005845a0e0 con 0x7f005820e410
2015-01-08 15:01:06.277236 7f006f7fe700 1 -- 172.16.30.1:0/4159532 <== osd.367 172.16.30.14:7035/3142641 2 ==== osd_op_reply(1231 [pgls start_epoch 0] v0'0 uv0 ondisk = 1) v6 ==== 167+0+44 (829137025 0 139081063) 0x7efeb0004df0 con 0x7f005820e410
2015-01-08 15:01:06.277458 7f006f7fe700 1 -- 172.16.30.1:0/4159532 --> 172.16.30.8:6830/2657931 -- osd_op(client.2034794.0:1232 [pgls start_epoch 0] 195.3cc ack+read+known_if_redirected e12924) v4 -- ?+0 0x7f00584595e0 con 0x7f0058459290
2015-01-08 15:01:06.280098 7f006f7fe700 1 -- 172.16.30.1:0/4159532 <== osd.120 172.16.30.9:6985/80708 3 ==== osd_op_reply(1229 gc.125 [call] v12924'114 uv114 ondisk = 0) v6 ==== 173+0+0 (4223328709 0 0) 0x7f0070004650 con 0x7efff40b4d30
2015-01-08 15:01:06.280257 7f005e2f0700 1 -- 172.16.30.1:0/4159532 --> 172.16.30.15:6995/3389704 -- osd_op(client.2034794.0:1233 gc.126 [call lock.lock] 183.ca2df372 ondisk+write+known_if_redirected e12924) v4 -- ?+0 0x7efff40b6220 con 0x7f005834ed30
2015-01-08 15:01:06.283984 7f006f7fe700 1 -- 172.16.30.1:0/4159532 <== osd.278 172.16.30.8:6830/2657931 1 ==== osd_op_reply(1232 [pgls start_epoch 0] v0'0 uv0 ondisk = 1) v6 ==== 167+0+44 (2673817790 0 139081063) 0x7efd2400d5f0 con 0x7f0058459290
2015-01-08 15:01:06.284126 7f006f7fe700 1 -- 172.16.30.1:0/4159532 --> 172.16.30.17:6915/104359 -- osd_op(client.2034794.0:1234 [pgls start_epoch 0] 195.3cd ack+read+known_if_redirected e12924) v4 -- ?+0 0x7f0058459c20 con 0x7f00582c1c00
2015-01-08 15:01:06.289992 7f006f7fe700 1 -- 172.16.30.1:0/4159532 <== osd.638 172.16.30.17:6915/104359 2 ==== osd_op_reply(1234 [pgls start_epoch 0] v0'0 uv0 ondisk = 1) v6 ==== 167+0+44 (317317994 0 139081063) 0x7eff3c008800 con 0x7f00582c1c00
2015-01-08 15:01:06.290135 7f006f7fe700 1 -- 172.16.30.1:0/4159532 --> 172.16.30.3:6895/3600699 -- osd_op(client.2034794.0:1235 [pgls start_epoch 0] 195.3ce ack+read+known_if_redirected e12924) v4 -- ?+0 0x7f005845c0e0 con 0x7f0058115b40
2015-01-08 15:01:06.310627 7f006f7fe700 1 -- 172.16.30.1:0/4159532 <== osd.743 172.16.30.3:6895/3600699 3 ==== osd_op_reply(1235 [pgls start_epoch 0] v0'0 uv0 ondisk = 1) v6 ==== 167+0+44 (2178873831 0 139081063) 0x7eff68005550 con 0x7f0058115b40
2015-01-08 15:01:06.310751 7f006f7fe700 1 -- 172.16.30.1:0/4159532 --> 172.16.30.13:7105/3099826 -- osd_op(client.2034794.0:1236 [pgls start_epoch 0] 195.3cf ack+read+known_if_redirected e12924) v4 -- ?+0 0x7f005845c0e0 con 0x7f00581c6350
2015-01-08 15:01:06.315977 7f006f7fe700 1 -- 172.16.30.1:0/4159532 <== osd.301 172.16.30.13:7105/3099826 4 ==== osd_op_reply(1236 [pgls start_epoch 0] v0'0 uv0 ondisk = 1) v6 ==== 167+0+44 (208151091 0 139081063) 0x7f0050000a70 con 0x7f00581c6350
2015-01-08 15:01:06.316199 7f006f7fe700 1 -- 172.16.30.1:0/4159532 --> 172.16.30.12:7085/1402377 -- osd_op(client.2034794.0:1237 [pgls start_epoch 0] 195.3d0 ack+read+known_if_redirected e12924) v4 -- ?+0 0x7f005845ba70 con 0x7f005845b6b0
2015-01-08 15:01:06.322591 7f006f7fe700 1 -- 172.16.30.1:0/4159532 <== osd.413 172.16.30.15:6995/3389704 3 ==== osd_op_reply(1233 gc.126 [call] v12924'113 uv113 ondisk = 0) v6 ==== 173+0+0 (1762850227 0 0) 0x7efee0005e50 con 0x7f005834ed30
2015-01-08 15:01:06.322787 7f005e2f0700 1 -- 172.16.30.1:0/4159532 --> 172.16.30.15:6995/3389704 -- osd_op(client.2034794.0:1238 gc.126 [call rgw.gc_list] 183.ca2df372 ack+read+known_if_redirected e12924) v4 -- ?+0 0x7efff40b6220 con 0x7f005834ed30
2015-01-08 15:01:06.323298 7f006f7fe700 1 -- 172.16.30.1:0/4159532 <== osd.314 172.16.30.12:7085/1402377 1 ==== osd_op_reply(1237 [pgls start_epoch 0] v0'0 uv0 ondisk = 1) v6 ==== 167+0+44 (743814560 0 139081063) 0x7efd3000cb40 con 0x7f005845b6b0
2015-01-08 15:01:06.323445 7f006f7fe700 1 -- 172.16.30.1:0/4159532 --> 172.16.30.15:6805/3387263 -- osd_op(client.2034794.0:1239 [pgls start_epoch 0] 195.3d1 ack+read+known_if_redirected e12924) v4 -- ?+0 0x7f005845e0e0 con 0x7f00580f4830
2015-01-08 15:01:06.328871 7f006f7fe700 1 -- 172.16.30.1:0/4159532 <== osd.787 172.16.30.15:6805/3387263 4 ==== osd_op_reply(1239 [pgls start_epoch 0] v0'0 uv0 ondisk = 1) v6 ==== 167+0+44 (2716036724 0 139081063) 0x7efe9c008e90 con 0x7f00580f4830
2015-01-08 15:01:06.328996 7f006f7fe700 1 -- 172.16.30.1:0/4159532 --> 172.16.30.4:6985/3111016 -- osd_op(client.2034794.0:1240 [pgls start_epoch 0] 195.3d2 ack+read+known_if_redirected e12924) v4 -- ?+0 0x7f005845e1b0 con 0x7f00582f3010
2015-01-08 15:01:06.331334 7f006f7fe700 1 -- 172.16.30.1:0/4159532 <== osd.710 172.16.30.4:6985/3111016 6 ==== osd_op_reply(1240 [pgls start_epoch 0] v0'0 uv0 ondisk = 1) v6 ==== 167+0+44 (852784377 0 139081063) 0x7f0044000d70 con 0x7f00582f3010
2015-01-08 15:01:06.331460 7f006f7fe700 1 -- 172.16.30.1:0/4159532 --> 172.16.30.16:6950/2753815 -- osd_op(client.2034794.0:1241 [pgls start_epoch 0] 195.3d3 ack+read+known_if_redirected e12924) v4 -- ?+0 0x7f005845e900 con 0x7f00583af830
2015-01-08 15:01:06.333541 7f006f7fe700 1 -- 172.16.30.1:0/4159532 <== osd.413 172.16.30.15:6995/3389704 4 ==== osd_op_reply(1238 gc.126 [call] v0'0 uv113 ondisk = 0) v6 ==== 173+0+11 (3064418620 0 1993775135) 0x7efee0005e50 con 0x7f005834ed30
2015-01-08 15:01:06.333741 7f005e2f0700 1 -- 172.16.30.1:0/4159532 --> 172.16.30.15:6995/3389704 -- osd_op(client.2034794.0:1242 gc.126 [call lock.unlock] 183.ca2df372 ondisk+write+known_if_redirected e12924) v4 -- ?+0 0x7efff40b6220 con 0x7f005834ed30
2015-01-08 15:01:06.335484 7f006f7fe700 1 -- 172.16.30.1:0/4159532 <== osd.452 172.16.30.16:6950/2753815 2 ==== osd_op_reply(1241 [pgls start_epoch 0] v0'0 uv0 ondisk = 1) v6 ==== 167+0+44 (3210915629 0 139081063) 0x7efd6c00c800 con 0x7f00583af830
2015-01-08 15:01:06.335610 7f006f7fe700 1 -- 172.16.30.1:0/4159532 --> 172.16.30.8:6835/2657945 -- osd_op(client.2034794.0:1243 [pgls start_epoch 0] 195.3d4 ack+read+known_if_redirected e12924) v4 -- ?+0 0x7f005845e9d0 con 0x7f0058233840
2015-01-08 15:01:06.339844 7f006f7fe700 1 -- 172.16.30.1:0/4159532 <== osd.273 172.16.30.8:6835/2657945 3 ==== osd_op_reply(1243 [pgls start_epoch 0] v0'0 uv0 ondisk = 1) v6 ==== 167+0+44 (290862866 0 139081063) 0x7eff700075e0 con 0x7f0058233840
2015-01-08 15:01:06.340075 7f006f7fe700 1 -- 172.16.30.1:0/4159532 --> 172.16.30.13:6875/3095993 -- osd_op(client.2034794.0:1244 [pgls start_epoch 0] 195.3d5 ack+read+known_if_redirected e12924) v4 -- ?+0 0x7f0058460580 con 0x7f00584602a0
2015-01-08 15:01:06.358758 7f006f7fe700 1 -- 172.16.30.1:0/4159532 <== osd.525 172.16.30.13:6875/3095993 1 ==== osd_op_reply(1244 [pgls start_epoch 0] v0'0 uv0 ondisk = 1) v6 ==== 167+0+44 (2631986374 0 139081063) 0x7efd3800b630 con 0x7f00584602a0
2015-01-08 15:01:06.358906 7f006f7fe700 1 -- 172.16.30.1:0/4159532 --> 172.16.30.3:7050/3603277 -- osd_op(client.2034794.0:1245 [pgls start_epoch 0] 195.3d6 ack+read+known_if_redirected e12924) v4 -- ?+0 0x7f0058460a70 con 0x7f0058307d60
2015-01-08 15:01:06.362145 7f006f7fe700 1 -- 172.16.30.1:0/4159532 <== osd.676 172.16.30.3:7050/3603277 3 ==== osd_op_reply(1245 [pgls start_epoch 0] v0'0 uv0 ondisk = 1) v6 ==== 167+0+44 (265811531 0 139081063) 0x7efd6800b3d0 con 0x7f0058307d60
2015-01-08 15:01:06.362269 7f006f7fe700 1 -- 172.16.30.1:0/4159532 --> 172.16.30.17:6905/104129 -- osd_op(client.2034794.0:1246 [pgls start_epoch 0] 195.3d7 ack+read+known_if_redirected e12924) v4 -- ?+0 0x7f0058460b40 con 0x7f00582dbb30
2015-01-08 15:01:06.368467 7f006f7fe700 1 -- 172.16.30.1:0/4159532 <== osd.640 172.16.30.17:6905/104129 4 ==== osd_op_reply(1246 [pgls start_epoch 0] v0'0 uv0 ondisk = 1) v6 ==== 167+0+44 (2187406751 0 139081063) 0x7effe000d050 con 0x7f00582dbb30
2015-01-08 15:01:06.368590 7f006f7fe700 1 -- 172.16.30.1:0/4159532 --> 172.16.30.3:6810/3599758 -- osd_op(client.2034794.0:1247 [pgls start_epoch 0] 195.3d8 ack+read+known_if_redirected e12924) v4 -- ?+0 0x7f005845f1a0 con 0x7f00582ed4d0
2015-01-08 15:01:06.372625 7f006f7fe700 1 -- 172.16.30.1:0/4159532 <== osd.777 172.16.30.3:6810/3599758 4 ==== osd_op_reply(1247 [pgls start_epoch 0] v0'0 uv0 ondisk = 1) v6 ==== 167+0+44 (1448259780 0 139081063) 0x7f003c000d70 con 0x7f00582ed4d0
2015-01-08 15:01:06.372749 7f006f7fe700 1 -- 172.16.30.1:0/4159532 --> 172.16.30.7:7025/3611867 -- osd_op(client.2034794.0:1248 [pgls start_epoch 0] 195.3d9 ack+read+known_if_redirected e12924) v4 -- ?+0 0x7f005845f1a0 con 0x7f005823be40
2015-01-08 15:01:06.377030 7f006f7fe700 1 -- 172.16.30.1:0/4159532 <== osd.82 172.16.30.7:7025/3611867 6 ==== osd_op_reply(1248 [pgls start_epoch 0] v0'0 uv0 ondisk = 1) v6 ==== 167+0+44 (3689179920 0 139081063) 0x7effac005e20 con 0x7f005823be40
2015-01-08 15:01:06.377185 7f006f7fe700 1 -- 172.16.30.1:0/4159532 --> 172.16.30.8:6940/2659201 -- osd_op(client.2034794.0:1249 [pgls start_epoch 0] 195.3da ack+read+known_if_redirected e12924) v4 -- ?+0 0x7f005845f9b0 con 0x7f0058209270
2015-01-08 15:01:06.380279 7f006f7fe700 1 -- 172.16.30.1:0/4159532 <== osd.168 172.16.30.8:6940/2659201 4 ==== osd_op_reply(1249 [pgls start_epoch 0] v0'0 uv0 ondisk = 1) v6 ==== 167+0+44 (1221816733 0 139081063) 0x7efe8c007250 con 0x7f0058209270
2015-01-08 15:01:06.380404 7f006f7fe700 1 -- 172.16.30.1:0/4159532 --> 172.16.30.4:6895/3109573 -- osd_op(client.2034794.0:1250 [pgls start_epoch 0] 195.3db ack+read+known_if_redirected e12924) v4 -- ?+0 0x7f005845f9b0 con 0x7f005816ce50
2015-01-08 15:01:06.384602 7f006f7fe700 1 -- 172.16.30.1:0/4159532 <== osd.742 172.16.30.4:6895/3109573 3 ==== osd_op_reply(1250 [pgls start_epoch 0] v0'0 uv0 ondisk = 1) v6 ==== 167+0+44 (3311774281 0 139081063) 0x7efe1c005360 con 0x7f005816ce50
2015-01-08 15:01:06.384766 7f006f7fe700 1 -- 172.16.30.1:0/4159532 --> 172.16.30.17:6915/104359 -- osd_op(client.2034794.0:1251 [pgls start_epoch 0] 195.3dc ack+read+known_if_redirected e12924) v4 -- ?+0 0x7f00584621b0 con 0x7f00582c1c00
2015-01-08 15:01:06.388867 7f006f7fe700 1 -- 172.16.30.1:0/4159532 <== osd.638 172.16.30.17:6915/104359 3 ==== osd_op_reply(1251 [pgls start_epoch 0] v0'0 uv0 ondisk = 1) v6 ==== 167+0+44 (1800483446 0 139081063) 0x7eff3c008800 con 0x7f00582c1c00
2015-01-08 15:01:06.388991 7f006f7fe700 1 -- 172.16.30.1:0/4159532 --> 172.16.30.17:6985/105379 -- osd_op(client.2034794.0:1252 [pgls start_epoch 0] 195.3dd ack+read+known_if_redirected e12924) v4 -- ?+0 0x7f00584621b0 con 0x7f00583a0360
2015-01-08 15:01:06.393798 7f006f7fe700 1 -- 172.16.30.1:0/4159532 <== osd.624 172.16.30.17:6985/105379 2 ==== osd_op_reply(1252 [pgls start_epoch 0] v0'0 uv0 ondisk = 1) v6 ==== 167+0+44 (3873958306 0 139081063) 0x7efd3800b630 con 0x7f00583a0360
2015-01-08 15:01:06.394026 7f006f7fe700 1 -- 172.16.30.1:0/4159532 --> 172.16.30.13:6830/3095541 -- osd_op(client.2034794.0:1253 [pgls start_epoch 0] 195.3de ack+read+known_if_redirected e12924) v4 -- ?+0 0x7f0058461850 con 0x7f00584614d0
2015-01-08 15:01:06.401686 7f006f7fe700 1 -- 172.16.30.1:0/4159532 <== osd.570 172.16.30.13:6830/3095541 1 ==== osd_op_reply(1253 [pgls start_epoch 0] v0'0 uv0 ondisk = 1) v6 ==== 167+0+44 (1976628015 0 139081063) 0x7efd4000acc0 con 0x7f00584614d0
2015-01-08 15:01:06.401818 7f006f7fe700 1 -- 172.16.30.1:0/4159532 --> 172.16.30.14:7050/3142770 -- osd_op(client.2034794.0:1254 [pgls start_epoch 0] 195.3df ack+read+known_if_redirected e12924) v4 -- ?+0 0x7f0058461850 con 0x7f00581b48a0
2015-01-08 15:01:06.405370 7f006f7fe700 1 -- 172.16.30.1:0/4159532 <== osd.352 172.16.30.14:7050/3142770 5 ==== osd_op_reply(1254 [pgls start_epoch 0] v0'0 uv0 ondisk = 1) v6 ==== 167+0+44 (4167444731 0 139081063) 0x7effe0005e80 con 0x7f00581b48a0
2015-01-08 15:01:06.405517 7f006f7fe700 1 -- 172.16.30.1:0/4159532 --> 172.16.30.9:6830/78641 -- osd_op(client.2034794.0:1255 [pgls start_epoch 0] 195.3e0 ack+read+known_if_redirected e12924) v4 -- ?+0 0x7f0058464160 con 0x7f0058135560
2015-01-08 15:01:06.409519 7f006f7fe700 1 -- 172.16.30.1:0/4159532 <== osd.276 172.16.30.9:6830/78641 5 ==== osd_op_reply(1255 [pgls start_epoch 0] v0'0 uv0 ondisk = 1) v6 ==== 167+0+44 (900455433 0 139081063) 0x7f0034003920 con 0x7f0058135560
2015-01-08 15:01:06.409643 7f006f7fe700 1 -- 172.16.30.1:0/4159532 --> 172.16.30.17:7000/105605 -- osd_op(client.2034794.0:1256 [pgls start_epoch 0] 195.3e1 ack+read+known_if_redirected e12924) v4 -- ?+0 0x7f0058464160 con 0x7f0058407290
2015-01-08 15:01:06.412302 7f006f7fe700 1 -- 172.16.30.1:0/4159532 <== osd.621 172.16.30.17:7000/105605 2 ==== osd_op_reply(1256 [pgls start_epoch 0] v0'0 uv0 ondisk = 1) v6 ==== 167+0+44 (3088910301 0 139081063) 0x7eff14004df0 con 0x7f0058407290
2015-01-08 15:01:06.412426 7f006f7fe700 1 -- 172.16.30.1:0/4159532 --> 172.16.30.3:6985/3602284 -- osd_op(client.2034794.0:1257 [pgls start_epoch 0] 195.3e2 ack+read+known_if_redirected e12924) v4 -- ?+0 0x7f00584648e0 con 0x7f00583a5aa0
2015-01-08 15:01:06.419956 7f006f7fe700 1 -- 172.16.30.1:0/4159532 <== osd.702 172.16.30.3:6985/3602284 2 ==== osd_op_reply(1257 [pgls start_epoch 0] v0'0 uv0 ondisk = 1) v6 ==== 167+0+44 (724180304 0 139081063) 0x7efd4000acc0 con 0x7f00583a5aa0
2015-01-08 15:01:06.420081 7f006f7fe700 1 -- 172.16.30.1:0/4159532 --> 172.16.30.5:6865/3331357 -- osd_op(client.2034794.0:1258 [pgls start_epoch 0] 195.3e3 ack+read+known_if_redirected e12924) v4 -- ?+0 0x7f00584648e0 con 0x7f00581d4c60
2015-01-08 15:01:06.426443 7f006f7fe700 1 -- 172.16.30.1:0/4159532 <== osd.244 172.16.30.5:6865/3331357 3 ==== osd_op_reply(1258 [pgls start_epoch 0] v0'0 uv0 ondisk = 1) v6 ==== 167+0+44 (2795292292 0 139081063) 0x7efd4000acc0 con 0x7f00581d4c60
2015-01-08 15:01:06.426660 7f006f7fe700 1 -- 172.16.30.1:0/4159532 --> 172.16.30.7:7095/3613114 -- osd_op(client.2034794.0:1259 [pgls start_epoch 0] 195.3e4 ack+read+known_if_redirected e12924) v4 -- ?+0 0x7f0058466180 con 0x7f0058463e40
2015-01-08 15:01:06.434603 7f006f7fe700 1 -- 172.16.30.1:0/4159532 <== osd.13 172.16.30.7:7095/3613114 1 ==== osd_op_reply(1259 [pgls start_epoch 0] v0'0 uv0 ondisk = 1) v6 ==== 167+0+44 (145252027 0 139081063) 0x7efd4800b3d0 con 0x7f0058463e40
2015-01-08 15:01:06.434838 7f006f7fe700 1 -- 172.16.30.1:0/4159532 --> 172.16.30.15:6990/3389632 -- osd_op(client.2034794.0:1260 [pgls start_epoch 0] 195.3e5 ack+read+known_if_redirected e12924) v4 -- ?+0 0x7f0058465920 con 0x7f0058465570
2015-01-08 15:01:06.440800 7f006f7fe700 1 -- 172.16.30.1:0/4159532 <== osd.418 172.16.30.15:6990/3389632 1 ==== osd_op_reply(1260 [pgls start_epoch 0] v0'0 uv0 ondisk = 1) v6 ==== 167+0+44 (2233369967 0 139081063) 0x7efd4c00b3d0 con 0x7f0058465570
2015-01-08 15:01:06.441028 7f006f7fe700 1 -- 172.16.30.1:0/4159532 --> 172.16.30.12:7020/1401154 -- osd_op(client.2034794.0:1261 [pgls start_epoch 0] 195.3e6 ack+read+known_if_redirected e12924) v4 -- ?+0 0x7f0058469100 con 0x7f0058468d80
2015-01-08 15:01:06.442527 7f006f7fe700 1 -- 172.16.30.1:0/4159532 <== osd.413 172.16.30.15:6995/3389704 5 ==== osd_op_reply(1242 gc.126 [call] v12924'114 uv114 ondisk = 0) v6 ==== 173+0+0 (3909472318 0 0) 0x7efee0005e50 con 0x7f005834ed30
2015-01-08 15:01:06.442685 7f005e2f0700 1 -- 172.16.30.1:0/4159532 --> 172.16.30.12:6975/1400405 -- osd_op(client.2034794.0:1262 gc.127 [call lock.lock] 183.8af67b8b ondisk+write+known_if_redirected e12924) v4 -- ?+0 0x7efff40b6220 con 0x7efff403c010
2015-01-08 15:01:06.447087 7f006f7fe700 1 -- 172.16.30.1:0/4159532 <== osd.380 172.16.30.12:7020/1401154 1 ==== osd_op_reply(1261 [pgls start_epoch 0] v0'0 uv0 ondisk = 1) v6 ==== 167+0+44 (371826658 0 139081063) 0x7efd5400caf0 con 0x7f0058468d80
2015-01-08 15:01:06.447235 7f006f7fe700 1 -- 172.16.30.1:0/4159532 --> 172.16.30.3:7075/3603764 -- osd_op(client.2034794.0:1263 [pgls start_epoch 0] 195.3e7 ack+read+known_if_redirected e12924) v4 -- ?+0 0x7f0058469810 con 0x7f0058201270
2015-01-08 15:01:06.451721 7f006f7fe700 1 -- 172.16.30.1:0/4159532 <== osd.666 172.16.30.3:7075/3603764 2 ==== osd_op_reply(1263 [pgls start_epoch 0] v0'0 uv0 ondisk = 1) v6 ==== 167+0+44 (2610906166 0 139081063) 0x7efe5c007180 con 0x7f0058201270
2015-01-08 15:01:06.451846 7f006f7fe700 1 -- 172.16.30.1:0/4159532 --> 172.16.30.3:6825/3599932 -- osd_op(client.2034794.0:1264 [pgls start_epoch 0] 195.3e8 ack+read+known_if_redirected e12924) v4 -- ?+0 0x7f0058469d90 con 0x7f00583ced90
2015-01-08 15:01:06.455398 7f006f7fe700 1 -- 172.16.30.1:0/4159532 <== osd.771 172.16.30.3:6825/3599932 2 ==== osd_op_reply(1264 [pgls start_epoch 0] v0'0 uv0 ondisk = 1) v6 ==== 167+0+44 (1336727917 0 139081063) 0x7efe04008ae0 con 0x7f00583ced90
2015-01-08 15:01:06.455524 7f006f7fe700 1 -- 172.16.30.1:0/4159532 --> 172.16.30.9:6875/3025892 -- osd_op(client.2034794.0:1265 [pgls start_epoch 0] 195.3e9 ack+read+known_if_redirected e12924) v4 -- ?+0 0x7f0058467000 con 0x7efff40aa2a0
2015-01-08 15:01:06.459782 7f006f7fe700 1 -- 172.16.30.1:0/4159532 <== osd.230 172.16.30.9:6875/3025892 4 ==== osd_op_reply(1265 [pgls start_epoch 0] v0'0 uv0 ondisk = 1) v6 ==== 167+0+44 (3256484537 0 139081063) 0x7eff00005620 con 0x7efff40aa2a0
2015-01-08 15:01:06.459924 7f006f7fe700 1 -- 172.16.30.1:0/4159532 --> 172.16.30.15:6860/3387791 -- osd_op(client.2034794.0:1266 [pgls start_epoch 0] 195.3ea ack+read+known_if_redirected e12924) v4 -- ?+0 0x7f0058467000 con 0x7f005810b290
2015-01-08 15:01:06.464233 7f006f7fe700 1 -- 172.16.30.1:0/4159532 <== osd.543 172.16.30.15:6860/3387791 2 ==== osd_op_reply(1266 [pgls start_epoch 0] v0'0 uv0 ondisk = 1) v6 ==== 167+0+44 (1361909812 0 139081063) 0x7eff3c008800 con 0x7f005810b290
2015-01-08 15:01:06.464360 7f006f7fe700 1 -- 172.16.30.1:0/4159532 --> 172.16.30.8:6880/2658439 -- osd_op(client.2034794.0:1267 [pgls start_epoch 0] 195.3eb ack+read+known_if_redirected e12924) v4 -- ?+0 0x7f0058467780 con 0x7f0058106730
2015-01-08 15:01:06.474110 7f006f7fe700 1 -- 172.16.30.1:0/4159532 <== osd.228 172.16.30.8:6880/2658439 4 ==== osd_op_reply(1267 [pgls start_epoch 0] v0'0 uv0 ondisk = 1) v6 ==== 167+0+44 (3701195744 0 139081063) 0x7eff20008cf0 con 0x7f0058106730
2015-01-08 15:01:06.474235 7f006f7fe700 1 -- 172.16.30.1:0/4159532 --> 172.16.30.4:7030/3111827 -- osd_op(client.2034794.0:1268 [pgls start_epoch 0] 195.3ec ack+read+known_if_redirected e12924) v4 -- ?+0 0x7f0058467d00 con 0x7f005830a710
2015-01-08 15:01:06.476597 7f006f7fe700 1 -- 172.16.30.1:0/4159532 <== osd.693 172.16.30.4:7030/3111827 4 ==== osd_op_reply(1268 [pgls start_epoch 0] v0'0 uv0 ondisk = 1) v6 ==== 167+0+44 (1924094943 0 139081063) 0x7efd6400b3d0 con 0x7f005830a710
2015-01-08 15:01:06.476819 7f006f7fe700 1 -- 172.16.30.1:0/4159532 --> 172.16.30.16:6820/2751962 -- osd_op(client.2034794.0:1269 [pgls start_epoch 0] 195.3ed ack+read+known_if_redirected e12924) v4 -- ?+0 0x7f005846bec0 con 0x7f005846bb40
2015-01-08 15:01:06.484769 7f006f7fe700 1 -- 172.16.30.1:0/4159532 <== osd.606 172.16.30.16:6820/2751962 1 ==== osd_op_reply(1269 [pgls start_epoch 0] v0'0 uv0 ondisk = 1) v6 ==== 167+0+44 (4279861259 0 139081063) 0x7efd5c00ca40 con 0x7f005846bb40
2015-01-08 15:01:06.485004 7f006f7fe700 1 -- 172.16.30.1:0/4159532 --> 172.16.30.15:6815/3387333 -- osd_op(client.2034794.0:1270 [pgls start_epoch 0] 195.3ee ack+read+known_if_redirected e12924) v4 -- ?+0 0x7f005846a700 con 0x7f005846a350
2015-01-08 15:01:06.485510 7f006f7fe700 1 -- 172.16.30.1:0/4159532 <== osd.427 172.16.30.12:6975/1400405 4 ==== osd_op_reply(1262 gc.127 [call] v12924'57 uv57 ondisk = 0) v6 ==== 173+0+0 (1401962739 0 0) 0x7effec0078a0 con 0x7efff403c010
2015-01-08 15:01:06.485707 7f005e2f0700 1 -- 172.16.30.1:0/4159532 --> 172.16.30.12:6975/1400405 -- osd_op(client.2034794.0:1271 gc.127 [call rgw.gc_list] 183.8af67b8b ack+read+known_if_redirected e12924) v4 -- ?+0 0x7efff40b6220 con 0x7efff403c010
2015-01-08 15:01:06.492880 7f006f7fe700 1 -- 172.16.30.1:0/4159532 <== osd.427 172.16.30.12:6975/1400405 5 ==== osd_op_reply(1271 gc.127 [call] v0'0 uv57 ondisk = 0) v6 ==== 173+0+11 (1931512755 0 1993775135) 0x7effec0078a0 con 0x7efff403c010
2015-01-08 15:01:06.493078 7f005e2f0700 1 -- 172.16.30.1:0/4159532 --> 172.16.30.12:6975/1400405 -- osd_op(client.2034794.0:1272 gc.127 [call lock.unlock] 183.8af67b8b ondisk+write+known_if_redirected e12924) v4 -- ?+0 0x7efff40b8da0 con 0x7efff403c010
2015-01-08 15:01:06.495243 7f006f7fe700 1 -- 172.16.30.1:0/4159532 <== osd.587 172.16.30.15:6815/3387333 1 ==== osd_op_reply(1270 [pgls start_epoch 0] v0'0 uv0 ondisk = 1) v6 ==== 167+0+44 (1814993542 0 139081063) 0x7efd6c00c800 con 0x7f005846a350
2015-01-08 15:01:06.495375 7f006f7fe700 1 -- 172.16.30.1:0/4159532 --> 172.16.30.7:6950/3610404 -- osd_op(client.2034794.0:1273 [pgls start_epoch 0] 195.3ef ack+read+known_if_redirected e12924) v4 -- ?+0 0x7f005846e010 con 0x7f005810e290
2015-01-08 15:01:06.498877 7f006f7fe700 1 -- 172.16.30.1:0/4159532 <== osd.157 172.16.30.7:6950/3610404 4 ==== osd_op_reply(1273 [pgls start_epoch 0] v0'0 uv0 ondisk = 1) v6 ==== 167+0+44 (3784851794 0 139081063) 0x7eff4c00a920 con 0x7f005810e290
2015-01-08 15:01:06.499027 7f006f7fe700 1 -- 172.16.30.1:0/4159532 --> 172.16.30.17:6985/105379 -- osd_op(client.2034794.0:1274 [pgls start_epoch 0] 195.3f0 ack+read+known_if_redirected e12924) v4 -- ?+0 0x7f005846e340 con 0x7f00583a0360
2015-01-08 15:01:06.503890 7f006f7fe700 1 -- 172.16.30.1:0/4159532 <== osd.624 172.16.30.17:6985/105379 3 ==== osd_op_reply(1274 [pgls start_epoch 0] v0'0 uv0 ondisk = 1) v6 ==== 167+0+44 (3248871105 0 139081063) 0x7efd3800b630 con 0x7f00583a0360
2015-01-08 15:01:06.504015 7f006f7fe700 1 -- 172.16.30.1:0/4159532 --> 172.16.30.9:6875/3025892 -- osd_op(client.2034794.0:1275 [pgls start_epoch 0] 195.3f1 ack+read+known_if_redirected e12924) v4 -- ?+0 0x7f005846e410 con 0x7efff40aa2a0
2015-01-08 15:01:06.507334 7f006f7fe700 1 -- 172.16.30.1:0/4159532 <== osd.230 172.16.30.9:6875/3025892 5 ==== osd_op_reply(1275 [pgls start_epoch 0] v0'0 uv0 ondisk = 1) v6 ==== 167+0+44 (1276316949 0 139081063) 0x7eff00007730 con 0x7efff40aa2a0
2015-01-08 15:01:06.507459 7f006f7fe700 1 -- 172.16.30.1:0/4159532 --> 172.16.30.7:6975/3610834 -- osd_op(client.2034794.0:1276 [pgls start_epoch 0] 195.3f2 ack+read+known_if_redirected e12924) v4 -- ?+0 0x7f005846e410 con 0x7f0058168650
2015-01-08 15:01:06.513390 7f006f7fe700 1 -- 172.16.30.1:0/4159532 <== osd.132 172.16.30.7:6975/3610834 3 ==== osd_op_reply(1276 [pgls start_epoch 0] v0'0 uv0 ondisk = 1) v6 ==== 167+0+44 (3743684504 0 139081063) 0x7efe18004df0 con 0x7f0058168650
2015-01-08 15:01:06.513514 7f006f7fe700 1 -- 172.16.30.1:0/4159532 --> 172.16.30.16:6955/2753931 -- osd_op(client.2034794.0:1277 [pgls start_epoch 0] 195.3f3 ack+read+known_if_redirected e12924) v4 -- ?+0 0x7f005846cfc0 con 0x7f005831fc00
2015-01-08 15:01:06.514585 7f006f7fe700 1 -- 172.16.30.1:0/4159532 <== osd.427 172.16.30.12:6975/1400405 6 ==== osd_op_reply(1272 gc.127 [call] v12924'58 uv58 ondisk = 0) v6 ==== 173+0+0 (3548865918 0 0) 0x7effec0078a0 con 0x7efff403c010
2015-01-08 15:01:06.514779 7f005e2f0700 1 -- 172.16.30.1:0/4159532 --> 172.16.30.7:6920/3609907 -- osd_op(client.2034794.0:1278 gc.128 [call lock.lock] 183.4fdee3d5 ondisk+write+known_if_redirected e12924) v4 -- ?+0 0x7efff40b8da0 con 0x7f005815db40
2015-01-08 15:01:06.517309 7f006f7fe700 1 -- 172.16.30.1:0/4159532 <== osd.447 172.16.30.16:6955/2753931 2 ==== osd_op_reply(1277 [pgls start_epoch 0] v0'0 uv0 ondisk = 1) v6 ==== 167+0+44 (1385352268 0 139081063) 0x7efdd8004f00 con 0x7f005831fc00
2015-01-08 15:01:06.517433 7f006f7fe700 1 -- 172.16.30.1:0/4159532 --> 172.16.30.17:6915/104359 -- osd_op(client.2034794.0:1279 [pgls start_epoch 0] 195.3f4 ack+read+known_if_redirected e12924) v4 -- ?+0 0x7f005846d090 con 0x7f00582c1c00
2015-01-08 15:01:06.521180 7f006f7fe700 1 -- 172.16.30.1:0/4159532 <== osd.638 172.16.30.17:6915/104359 4 ==== osd_op_reply(1279 [pgls start_epoch 0] v0'0 uv0 ondisk = 1) v6 ==== 167+0+44 (4238759027 0 139081063) 0x7eff3c008800 con 0x7f00582c1c00
2015-01-08 15:01:06.521328 7f006f7fe700 1 -- 172.16.30.1:0/4159532 --> 172.16.30.8:6970/2659578 -- osd_op(client.2034794.0:1280 [pgls start_epoch 0] 195.3f5 ack+read+known_if_redirected e12924) v4 -- ?+0 0x7f005846d090 con 0x7f00581702f0
2015-01-08 15:01:06.524023 7f006f7fe700 1 -- 172.16.30.1:0/4159532 <== osd.138 172.16.30.8:6970/2659578 3 ==== osd_op_reply(1280 [pgls start_epoch 0] v0'0 uv0 ondisk = 1) v6 ==== 167+0+44 (1896910759 0 139081063) 0x7efe4c004f20 con 0x7f00581702f0
2015-01-08 15:01:06.524238 7f006f7fe700 1 -- 172.16.30.1:0/4159532 --> 172.16.30.5:7055/3334469 -- osd_op(client.2034794.0:1281 [pgls start_epoch 0] 195.3f6 ack+read+known_if_redirected e12924) v4 -- ?+0 0x7f0058470c80 con 0x7f0058470900
2015-01-08 15:01:06.530552 7f006f7fe700 1 -- 172.16.30.1:0/4159532 <== osd.52 172.16.30.5:7055/3334469 1 ==== osd_op_reply(1281 [pgls start_epoch 0] v0'0 uv0 ondisk = 1) v6 ==== 167+0+44 (3794244906 0 139081063) 0x7efd7400b860 con 0x7f0058470900
2015-01-08 15:01:06.530783 7f006f7fe700 1 -- 172.16.30.1:0/4159532 --> 172.16.30.15:6880/3388027 -- osd_op(client.2034794.0:1282 [pgls start_epoch 0] 195.3f7 ack+read+known_if_redirected e12924) v4 -- ?+0 0x7f005846f640 con 0x7f005846f290
2015-01-08 15:01:06.540588 7f006f7fe700 1 -- 172.16.30.1:0/4159532 <== osd.523 172.16.30.15:6880/3388027 1 ==== osd_op_reply(1282 [pgls start_epoch 0] v0'0 uv0 ondisk = 1) v6 ==== 167+0+44 (1871793918 0 139081063) 0x7efd80009960 con 0x7f005846f290
2015-01-08 15:01:06.540731 7f006f7fe700 1 -- 172.16.30.1:0/4159532 --> 172.16.30.3:7061/2346305 -- osd_op(client.2034794.0:1283 [pgls start_epoch 0] 195.3f8 ack+read+known_if_redirected e12924) v4 -- ?+0 0x7f005846f710 con 0x7f00581043b0
2015-01-08 15:01:06.544668 7f006f7fe700 1 -- 172.16.30.1:0/4159532 <== osd.672 172.16.30.3:7061/2346305 7 ==== osd_op_reply(1283 [pgls start_epoch 0] v0'0 uv0 ondisk = 1) v6 ==== 167+0+44 (3148010405 0 139081063) 0x7eff04004df0 con 0x7f00581043b0
2015-01-08 15:01:06.544796 7f006f7fe700 1 -- 172.16.30.1:0/4159532 --> 172.16.30.14:7025/3142486 -- osd_op(client.2034794.0:1284 [pgls start_epoch 0] 195.3f9 ack+read+known_if_redirected e12924) v4 -- ?+0 0x7f005846f710 con 0x7f00582ebc60
2015-01-08 15:01:06.550372 7f006f7fe700 1 -- 172.16.30.1:0/4159532 <== osd.376 172.16.30.14:7025/3142486 2 ==== osd_op_reply(1284 [pgls start_epoch 0] v0'0 uv0 ondisk = 1) v6 ==== 167+0+44 (907282545 0 139081063) 0x7f0024000d70 con 0x7f00582ebc60
2015-01-08 15:01:06.550540 7f006f7fe700 1 -- 172.16.30.1:0/4159532 --> 172.16.30.17:7090/107320 -- osd_op(client.2034794.0:1285 [pgls start_epoch 0] 195.3fa ack+read+known_if_redirected e12924) v4 -- ?+0 0x7f00584732a0 con 0x7f0058350a80
2015-01-08 15:01:06.555227 7f006f7fe700 1 -- 172.16.30.1:0/4159532 <== osd.596 172.16.30.17:7090/107320 2 ==== osd_op_reply(1285 [pgls start_epoch 0] v0'0 uv0 ondisk = 1) v6 ==== 167+0+44 (2770539260 0 139081063) 0x7efee40051a0 con 0x7f0058350a80
2015-01-08 15:01:06.555444 7f006f7fe700 1 -- 172.16.30.1:0/4159532 --> 172.16.30.12:7055/1401774 -- osd_op(client.2034794.0:1286 [pgls start_epoch 0] 195.3fb ack+read+known_if_redirected e12924) v4 -- ?+0 0x7f00584726a0 con 0x7f0058472320
2015-01-08 15:01:06.555929 7f006f7fe700 1 -- 172.16.30.1:0/4159532 <== osd.187 172.16.30.7:6920/3609907 6 ==== osd_op_reply(1278 gc.128 [call] v12924'57 uv57 ondisk = 0) v6 ==== 173+0+0 (1002788779 0 0) 0x7efdc4009960 con 0x7f005815db40
2015-01-08 15:01:06.556150 7f005e2f0700 1 -- 172.16.30.1:0/4159532 --> 172.16.30.7:6920/3609907 -- osd_op(client.2034794.0:1287 gc.128 [call rgw.gc_list] 183.4fdee3d5 ack+read+known_if_redirected e12924) v4 -- ?+0 0x7efff40ba0e0 con 0x7f005815db40
2015-01-08 15:01:06.563291 7f006f7fe700 1 -- 172.16.30.1:0/4159532 <== osd.345 172.16.30.12:7055/1401774 1 ==== osd_op_reply(1286 [pgls start_epoch 0] v0'0 uv0 ondisk = 1) v6 ==== 167+0+44 (680905000 0 139081063) 0x7efd88009320 con 0x7f0058472320
2015-01-08 15:01:06.563457 7f006f7fe700 1 -- 172.16.30.1:0/4159532 --> 172.16.30.15:6880/3388027 -- osd_op(client.2034794.0:1288 [pgls start_epoch 0] 195.3fc ack+read+known_if_redirected e12924) v4 -- ?+0 0x7f00584726a0 con 0x7f005846f290
2015-01-08 15:01:06.565347 7f006f7fe700 1 -- 172.16.30.1:0/4159532 <== osd.187 172.16.30.7:6920/3609907 7 ==== osd_op_reply(1287 gc.128 [call] v0'0 uv57 ondisk = 0) v6 ==== 173+0+11 (460692715 0 1993775135) 0x7efdc4009960 con 0x7f005815db40
2015-01-08 15:01:06.565547 7f005e2f0700 1 -- 172.16.30.1:0/4159532 --> 172.16.30.7:6920/3609907 -- osd_op(client.2034794.0:1289 gc.128 [call lock.unlock] 183.4fdee3d5 ondisk+write+known_if_redirected e12924) v4 -- ?+0 0x7efff40ba0e0 con 0x7f005815db40
2015-01-08 15:01:06.568382 7f006f7fe700 1 -- 172.16.30.1:0/4159532 <== osd.523 172.16.30.15:6880/3388027 2 ==== osd_op_reply(1288 [pgls start_epoch 0] v0'0 uv0 ondisk = 1) v6 ==== 167+0+44 (2258718999 0 139081063) 0x7efd80010950 con 0x7f005846f290
2015-01-08 15:01:06.568536 7f006f7fe700 1 -- 172.16.30.1:0/4159532 --> 172.16.30.16:6960/2754008 -- osd_op(client.2034794.0:1290 [pgls start_epoch 0] 195.3fd ack+read+known_if_redirected e12924) v4 -- ?+0 0x7f0058475160 con 0x7f0058147290
2015-01-08 15:01:06.573539 7f006f7fe700 1 -- 172.16.30.1:0/4159532 <== osd.442 172.16.30.16:6960/2754008 2 ==== osd_op_reply(1290 [pgls start_epoch 0] v0'0 uv0 ondisk = 1) v6 ==== 167+0+44 (186092227 0 139081063) 0x7efd4800b3d0 con 0x7f0058147290
2015-01-08 15:01:06.573664 7f006f7fe700 1 -- 172.16.30.1:0/4159532 --> 172.16.30.12:6840/1398284 -- osd_op(client.2034794.0:1291 [pgls start_epoch 0] 195.3fe ack+read+known_if_redirected e12924) v4 -- ?+0 0x7f0058475700 con 0x7f005833cc00
2015-01-08 15:01:06.578600 7f006f7fe700 1 -- 172.16.30.1:0/4159532 <== osd.556 172.16.30.12:6840/1398284 2 ==== osd_op_reply(1291 [pgls start_epoch 0] v0'0 uv0 ondisk = 1) v6 ==== 167+0+44 (2552270926 0 139081063) 0x7efe7c0072a0 con 0x7f005833cc00
2015-01-08 15:01:06.578816 7f006f7fe700 1 -- 172.16.30.1:0/4159532 --> 172.16.30.15:7035/3390448 -- osd_op(client.2034794.0:1292 [pgls start_epoch 0] 195.3ff ack+read+known_if_redirected e12924) v4 -- ?+0 0x7f0058474d30 con 0x7f00584749b0
2015-01-08 15:01:06.586571 7f006f7fe700 1 -- 172.16.30.1:0/4159532 <== osd.373 172.16.30.15:7035/3390448 1 ==== osd_op_reply(1292 [pgls start_epoch 0] v0'0 uv0 ondisk = 1) v6 ==== 167+0+44 (362171290 0 139081063) 0x7efd9000f050 con 0x7f00584749b0
2015-01-08 15:01:06.586715 7f005d2ee700 20 RGWUserStatsCache: sync user=cghub
2015-01-08 15:01:06.586849 7f005d2ee700 1 -- 172.16.30.1:0/4159532 --> 172.16.30.16:6930/2753445 -- osd_op(client.2034794.0:1293 cghub.buckets [call user.get_header] 195.e4fed8cc ack+read+known_if_redirected e12924) v4 -- ?+0 0x7effec009180 con 0x7f0058154a20
2015-01-08 15:01:06.588110 7f006f7fe700 1 -- 172.16.30.1:0/4159532 <== osd.187 172.16.30.7:6920/3609907 8 ==== osd_op_reply(1289 gc.128 [call] v12924'58 uv58 ondisk = 0) v6 ==== 173+0+0 (3151131174 0 0) 0x7efdc4009960 con 0x7f005815db40
2015-01-08 15:01:06.588301 7f005e2f0700 1 -- 172.16.30.1:0/4159532 --> 172.16.30.8:6985/2659914 -- osd_op(client.2034794.0:1294 gc.129 [call lock.lock] 183.55dfd139 ondisk+write+known_if_redirected e12924) v4 -- ?+0 0x7efff40ba0e0 con 0x7f00581f1220
2015-01-08 15:01:06.597899 7f006f7fe700 1 -- 172.16.30.1:0/4159532 <== osd.472 172.16.30.16:6930/2753445 7 ==== osd_op_reply(1293 cghub.buckets [call] v0'0 uv256 ondisk = 0) v6 ==== 180+0+58 (3082828594 0 798510534) 0x7efd9000f050 con 0x7f0058154a20
2015-01-08 15:01:06.598143 7f005d2ee700 1 -- 172.16.30.1:0/4159532 --> 172.16.30.16:6930/2753445 -- osd_op(client.2034794.0:1295 cghub.buckets [call user.list_buckets] 195.e4fed8cc ack+read+known_if_redirected e12924) v4 -- ?+0 0x7effec009180 con 0x7f0058154a20
2015-01-08 15:01:06.607843 7f006f7fe700 1 -- 172.16.30.1:0/4159532 <== osd.472 172.16.30.16:6930/2753445 8 ==== osd_op_reply(1295 cghub.buckets [call] v0'0 uv256 ondisk = 0) v6 ==== 180+0+195 (3306866701 0 3783486040) 0x7efd9000f050 con 0x7f0058154a20
2015-01-08 15:01:06.608109 7f005d2ee700 1 -- 172.16.30.1:0/4159532 --> 172.16.30.14:7035/3142641 -- osd_op(client.2034794.0:1296 .dir.us-phx.1884261.1 [call rgw.bucket_list] 186.a5acc52d ack+read+known_if_redirected e12924) v4 -- ?+0 0x7effec009180 con 0x7f005820e410
2015-01-08 15:01:06.619215 7f006f7fe700 1 -- 172.16.30.1:0/4159532 <== osd.367 172.16.30.14:7035/3142641 3 ==== osd_op_reply(1296 .dir.us-phx.1884261.1 [call] v0'0 uv222186 ondisk = 0) v6 ==== 188+0+168 (2106874949 0 2755899495) 0x7efeb0004df0 con 0x7f005820e410
2015-01-08 15:01:06.619431 7f005d2ee700 1 -- 172.16.30.1:0/4159532 --> 172.16.30.16:6930/2753445 -- osd_op(client.2034794.0:1297 cghub.buckets [call user.set_buckets_info] 195.e4fed8cc ondisk+write+known_if_redirected e12924) v4 -- ?+0 0x7effec009800 con 0x7f0058154a20
2015-01-08 15:01:06.632991 7f006f7fe700 1 -- 172.16.30.1:0/4159532 <== osd.123 172.16.30.8:6985/2659914 4 ==== osd_op_reply(1294 gc.129 [call] v12924'57 uv57 ondisk = 0) v6 ==== 173+0+0 (1916368273 0 0) 0x7efdf8005360 con 0x7f00581f1220
2015-01-08 15:01:06.633229 7f005e2f0700 1 -- 172.16.30.1:0/4159532 --> 172.16.30.8:6985/2659914 -- osd_op(client.2034794.0:1298 gc.129 [call rgw.gc_list] 183.55dfd139 ack+read+known_if_redirected e12924) v4 -- ?+0 0x7efff40ba0e0 con 0x7f00581f1220
2015-01-08 15:01:06.642938 7f006f7fe700 1 -- 172.16.30.1:0/4159532 <== osd.123 172.16.30.8:6985/2659914 5 ==== osd_op_reply(1298 gc.129 [call] v0'0 uv57 ondisk = 0) v6 ==== 173+0+11 (1384758993 0 1993775135) 0x7efdf8005360 con 0x7f00581f1220
2015-01-08 15:01:06.643133 7f005e2f0700 1 -- 172.16.30.1:0/4159532 --> 172.16.30.8:6985/2659914 -- osd_op(client.2034794.0:1299 gc.129 [call lock.unlock] 183.55dfd139 ondisk+write+known_if_redirected e12924) v4 -- ?+0 0x7efff40ba0e0 con 0x7f00581f1220
2015-01-08 15:01:06.655755 7f006f7fe700 1 -- 172.16.30.1:0/4159532 <== osd.472 172.16.30.16:6930/2753445 9 ==== osd_op_reply(1297 cghub.buckets [call] v12924'257 uv257 ondisk = 0) v6 ==== 180+0+0 (1581043538 0 0) 0x7efd9000f050 con 0x7f0058154a20
2015-01-08 15:01:06.655938 7f005d2ee700 1 -- 172.16.30.1:0/4159532 --> 172.16.30.16:6930/2753445 -- osd_op(client.2034794.0:1300 cghub.buckets [call user.complete_stats_sync] 195.e4fed8cc ondisk+write+known_if_redirected e12924) v4 -- ?+0 0x7effec009180 con 0x7f0058154a20
2015-01-08 15:01:06.661738 7f006f7fe700 1 -- 172.16.30.1:0/4159532 <== osd.123 172.16.30.8:6985/2659914 6 ==== osd_op_reply(1299 gc.129 [call] v12924'58 uv58 ondisk = 0) v6 ==== 173+0+0 (4063121436 0 0) 0x7efdf8007990 con 0x7f00581f1220
2015-01-08 15:01:06.661936 7f005e2f0700 1 -- 172.16.30.1:0/4159532 --> 172.16.30.8:7030/2660552 -- osd_op(client.2034794.0:1301 gc.130 [call lock.lock] 183.daf54841 ondisk+write+known_if_redirected e12924) v4 -- ?+0 0x7efff40bad40 con 0x7f00582e0b40
2015-01-08 15:01:06.680864 7f006f7fe700 1 -- 172.16.30.1:0/4159532 <== osd.472 172.16.30.16:6930/2753445 10 ==== osd_op_reply(1300 cghub.buckets [call] v12924'258 uv258 ondisk = 0) v6 ==== 180+0+0 (3223514075 0 0) 0x7efd9000f050 con 0x7f0058154a20
2015-01-08 15:01:06.680954 7f005d2ee700 20 RGWUserStatsCache: sync user=us-phx
2015-01-08 15:01:06.681045 7f005d2ee700 1 -- 172.16.30.1:0/4159532 --> 172.16.30.9:7005/81180 -- osd_op(client.2034794.0:1302 us-phx.buckets [call user.get_header] 195.83020761 ack+read+known_if_redirected e12924) v4 -- ?+0 0x7effec009180 con 0x7f00584186c0
2015-01-08 15:01:06.688368 7f006f7fe700 1 -- 172.16.30.1:0/4159532 <== osd.100 172.16.30.9:7005/81180 2 ==== osd_op_reply(1302 us-phx.buckets [call] v0'0 uv0 ack = -2 ((2) No such file or directory)) v6 ==== 181+0+0 (3225928690 0 0) 0x7eff5c005510 con 0x7f00584186c0
2015-01-08 15:01:06.688583 7f005d2ee700 0 ERROR: can't read user header: ret=-2
2015-01-08 15:01:06.688604 7f005d2ee700 0 ERROR: sync_user() failed, user=us-phx ret=-2
2015-01-08 15:01:06.699054 7f006f7fe700 1 -- 172.16.30.1:0/4159532 <== osd.78 172.16.30.8:7030/2660552 3 ==== osd_op_reply(1301 gc.130 [call] v12924'57 uv57 ondisk = 0) v6 ==== 173+0+0 (1025975003 0 0) 0x7effec009180 con 0x7f00582e0b40
2015-01-08 15:01:06.699244 7f005e2f0700 1 -- 172.16.30.1:0/4159532 --> 172.16.30.8:7030/2660552 -- osd_op(client.2034794.0:1303 gc.130 [call rgw.gc_list] 183.daf54841 ack+read+known_if_redirected e12924) v4 -- ?+0 0x7efff40bad40 con 0x7f00582e0b40
2015-01-08 15:01:06.710197 7f006f7fe700 1 -- 172.16.30.1:0/4159532 <== osd.78 172.16.30.8:7030/2660552 4 ==== osd_op_reply(1303 gc.130 [call] v0'0 uv57 ondisk = 0) v6 ==== 173+0+11 (496495003 0 1993775135) 0x7effec0098d0 con 0x7f00582e0b40
2015-01-08 15:01:06.710400 7f005e2f0700 1 -- 172.16.30.1:0/4159532 --> 172.16.30.8:7030/2660552 -- osd_op(client.2034794.0:1304 gc.130 [call lock.unlock] 183.daf54841 ondisk+write+known_if_redirected e12924) v4 -- ?+0 0x7efff40bad40 con 0x7f00582e0b40
2015-01-08 15:01:06.731520 7f006f7fe700 1 -- 172.16.30.1:0/4159532 <== osd.78 172.16.30.8:7030/2660552 5 ==== osd_op_reply(1304 gc.130 [call] v12924'58 uv58 ondisk = 0) v6 ==== 173+0+0 (3174041430 0 0) 0x7effec0098d0 con 0x7f00582e0b40
2015-01-08 15:01:06.731743 7f005e2f0700 1 -- 172.16.30.1:0/4159532 --> 172.16.30.7:6950/3610404 -- osd_op(client.2034794.0:1305 gc.131 [call lock.lock] 183.d77f296d ondisk+write+known_if_redirected e12924) v4 -- ?+0 0x7efff40bc290 con 0x7f005810e290
2015-01-08 15:01:06.764445 7f006f7fe700 1 -- 172.16.30.1:0/4159532 <== osd.157 172.16.30.7:6950/3610404 5 ==== osd_op_reply(1305 gc.131 [call] v12924'57 uv57 ondisk = 0) v6 ==== 173+0+0 (4289891876 0 0) 0x7eff4c00a920 con 0x7f005810e290
2015-01-08 15:01:06.764644 7f005e2f0700 1 -- 172.16.30.1:0/4159532 --> 172.16.30.7:6950/3610404 -- osd_op(client.2034794.0:1306 gc.131 [call rgw.gc_list] 183.d77f296d ack+read+known_if_redirected e12924) v4 -- ?+0 0x7efff40bc290 con 0x7f005810e290
2015-01-08 15:01:06.773423 7f006f7fe700 1 -- 172.16.30.1:0/4159532 <== osd.157 172.16.30.7:6950/3610404 6 ==== osd_op_reply(1306 gc.131 [call] v0'0 uv57 ondisk = 0) v6 ==== 173+0+11 (3741468004 0 1993775135) 0x7eff4c00a920 con 0x7f005810e290
2015-01-08 15:01:06.773623 7f005e2f0700 1 -- 172.16.30.1:0/4159532 --> 172.16.30.7:6950/3610404 -- osd_op(client.2034794.0:1307 gc.131 [call lock.unlock] 183.d77f296d ondisk+write+known_if_redirected e12924) v4 -- ?+0 0x7efff40bc290 con 0x7f005810e290
2015-01-08 15:01:06.878223 7f006f7fe700 1 -- 172.16.30.1:0/4159532 <== osd.157 172.16.30.7:6950/3610404 7 ==== osd_op_reply(1307 gc.131 [call] v12924'58 uv58 ondisk = 0) v6 ==== 173+0+0 (2141563817 0 0) 0x7eff4c00a920 con 0x7f005810e290
2015-01-08 15:01:06.878424 7f005e2f0700 1 -- 172.16.30.1:0/4159532 --> 172.16.30.8:6800/2657730 -- osd_op(client.2034794.0:1308 gc.132 [call lock.lock] 183.f7fc2000 ondisk+write+known_if_redirected e12924) v4 -- ?+0 0x7efff40bc290 con 0x7f00583dd530
2015-01-08 15:01:06.919263 7f006f7fe700 1 -- 172.16.30.1:0/4159532 <== osd.794 172.16.30.8:6800/2657730 2 ==== osd_op_reply(1308 gc.132 [call] v12924'57 uv57 ondisk = 0) v6 ==== 173+0+0 (1136348517 0 0) 0x7efe60004df0 con 0x7f00583dd530
2015-01-08 15:01:06.919458 7f005e2f0700 1 -- 172.16.30.1:0/4159532 --> 172.16.30.8:6800/2657730 -- osd_op(client.2034794.0:1309 gc.132 [call rgw.gc_list] 183.f7fc2000 ack+read+known_if_redirected e12924) v4 -- ?+0 0x7efff40bc290 con 0x7f00583dd530
2015-01-08 15:01:06.926398 7f006f7fe700 1 -- 172.16.30.1:0/4159532 <== osd.794 172.16.30.8:6800/2657730 3 ==== osd_op_reply(1309 gc.132 [call] v0'0 uv57 ondisk = 0) v6 ==== 173+0+11 (1661699621 0 1993775135) 0x7efe60004df0 con 0x7f00583dd530
2015-01-08 15:01:06.926602 7f005e2f0700 1 -- 172.16.30.1:0/4159532 --> 172.16.30.8:6800/2657730 -- osd_op(client.2034794.0:1310 gc.132 [call lock.unlock] 183.f7fc2000 ondisk+write+known_if_redirected e12924) v4 -- ?+0 0x7efff40bccb0 con 0x7f00583dd530
2015-01-08 15:01:06.945352 7f006f7fe700 1 -- 172.16.30.1:0/4159532 <== osd.794 172.16.30.8:6800/2657730 4 ==== osd_op_reply(1310 gc.132 [call] v12924'58 uv58 ondisk = 0) v6 ==== 173+0+0 (3282856168 0 0) 0x7efe60004df0 con 0x7f00583dd530
2015-01-08 15:01:06.945560 7f005e2f0700 1 -- 172.16.30.1:0/4159532 --> 172.16.30.12:7100/1402660 -- osd_op(client.2034794.0:1311 gc.133 [call lock.lock] 183.405d17b ondisk+write+known_if_redirected e12924) v4 -- ?+0 0x7efff40bccb0 con 0x7f0058128de0
2015-01-08 15:01:06.985761 7f006f7fe700 1 -- 172.16.30.1:0/4159532 <== osd.300 172.16.30.12:7100/1402660 3 ==== osd_op_reply(1311 gc.133 [call] v12924'57 uv57 ondisk = 0) v6 ==== 173+0+0 (3666110816 0 0) 0x7effe4004380 con 0x7f0058128de0
2015-01-08 15:01:06.985969 7f005e2f0700 1 -- 172.16.30.1:0/4159532 --> 172.16.30.12:7100/1402660 -- osd_op(client.2034794.0:1312 gc.133 [call rgw.gc_list] 183.405d17b ack+read+known_if_redirected e12924) v4 -- ?+0 0x7efff40bccb0 con 0x7f0058128de0
2015-01-08 15:01:06.994472 7f006f7fe700 1 -- 172.16.30.1:0/4159532 <== osd.300 172.16.30.12:7100/1402660 4 ==== osd_op_reply(1312 gc.133 [call] v0'0 uv57 ondisk = 0) v6 ==== 173+0+11 (4197753376 0 1993775135) 0x7effe4004380 con 0x7f0058128de0
2015-01-08 15:01:06.994721 7f005e2f0700 1 -- 172.16.30.1:0/4159532 --> 172.16.30.12:7100/1402660 -- osd_op(client.2034794.0:1313 gc.133 [call lock.unlock] 183.405d17b ondisk+write+known_if_redirected e12924) v4 -- ?+0 0x7efff40be290 con 0x7f0058128de0
2015-01-08 15:01:07.018244 7f006f7fe700 1 -- 172.16.30.1:0/4159532 <== osd.300 172.16.30.12:7100/1402660 5 ==== osd_op_reply(1313 gc.133 [call] v12924'58 uv58 ondisk = 0) v6 ==== 173+0+0 (1519602925 0 0) 0x7effe4004380 con 0x7f0058128de0
2015-01-08 15:01:07.018461 7f005e2f0700 1 -- 172.16.30.1:0/4159532 --> 172.16.30.14:6995/3141842 -- osd_op(client.2034794.0:1314 gc.134 [call lock.lock] 183.f0a1033c ondisk+write+known_if_redirected e12924) v4 -- ?+0 0x7efff40be290 con 0x7efff4020010
2015-01-08 15:01:07.057670 7f006f7fe700 1 -- 172.16.30.1:0/4159532 <== osd.406 172.16.30.14:6995/3141842 5 ==== osd_op_reply(1314 gc.134 [call] v12924'117 uv117 ondisk = 0) v6 ==== 173+0+0 (2337401157 0 0) 0x7f00080028a0 con 0x7efff4020010
2015-01-08 15:01:07.057885 7f005e2f0700 1 -- 172.16.30.1:0/4159532 --> 172.16.30.14:6995/3141842 -- osd_op(client.2034794.0:1315 gc.134 [call rgw.gc_list] 183.f0a1033c ack+read+known_if_redirected e12924) v4 -- ?+0 0x7efff40be290 con 0x7efff4020010
2015-01-08 15:01:07.066328 7f006f7fe700 1 -- 172.16.30.1:0/4159532 <== osd.406 172.16.30.14:6995/3141842 6 ==== osd_op_reply(1315 gc.134 [call] v0'0 uv117 ondisk = 0) v6 ==== 173+0+11 (612424998 0 1993775135) 0x7f00080028a0 con 0x7efff4020010
2015-01-08 15:01:07.066545 7f005e2f0700 1 -- 172.16.30.1:0/4159532 --> 172.16.30.14:6995/3141842 -- osd_op(client.2034794.0:1316 gc.134 [call lock.unlock] 183.f0a1033c ondisk+write+known_if_redirected e12924) v4 -- ?+0 0x7efff40be290 con 0x7efff4020010
2015-01-08 15:01:07.089832 7f006f7fe700 1 -- 172.16.30.1:0/4159532 <== osd.406 172.16.30.14:6995/3141842 7 ==== osd_op_reply(1316 gc.134 [call] v12924'118 uv118 ondisk = 0) v6 ==== 173+0+0 (189189320 0 0) 0x7f00080028a0 con 0x7efff4020010
2015-01-08 15:01:07.090032 7f005e2f0700 1 -- 172.16.30.1:0/4159532 --> 172.16.30.17:6935/104597 -- osd_op(client.2034794.0:1317 gc.135 [call lock.lock] 183.32f75a28 ondisk+write+known_if_redirected e12924) v4 -- ?+0 0x7efff40be290 con 0x7f00582c57b0
2015-01-08 15:01:07.132005 7f006f7fe700 1 -- 172.16.30.1:0/4159532 <== osd.634 172.16.30.17:6935/104597 2 ==== osd_op_reply(1317 gc.135 [call] v12924'57 uv57 ondisk = 0) v6 ==== 173+0+0 (1144542739 0 0) 0x7eff5c0073d0 con 0x7f00582c57b0
