2015-01-08 15:01:20.535803 7efff37fe700 1 -- 172.16.30.1:0/4159532 --> 172.16.30.14:7035/3142641 -- osd_op(client.2034794.0:2322 .dir.us-phx.1884261.1 [call rgw.bucket_complete_op] 186.a5acc52d ack+ondisk+write+known_if_redirected e12924) v4 -- ?+0 0x7effe00e7430 con 0x7f005820e410
2015-01-08 15:01:20.535864 7efff37fe700 20 RGWObjManifest::operator++(): rule->part_size=0 rules.size()=1
2015-01-08 15:01:20.535870 7efff37fe700 0 RGWObjManifest::operator++(): result: ofs=515899392 stripe_ofs=515899392 part_ofs=0 rule->part_size=0
2015-01-08 15:01:20.535899 7efff37fe700 20 get_obj_state: rctx=0x7efff37f91f0 obj=cghub-tcga:_shadow_ff8a7aac-33d5-4f5e-a0bf-5b3291cd0d0d.bam.2/IFfPqeWYfgEc65-23Y6e_d8bNQT69qd.1_123 state=0x7effe00e1098 s->prefetch_data=0
2015-01-08 15:01:20.537182 7efff37fe700 1 -- 172.16.30.1:0/4159532 --> 172.16.30.12:6865/1398583 -- osd_op(client.2034794.0:2323 us-phx.1884261.1__shadow_ff8a7aac-33d5-4f5e-a0bf-5b3291cd0d0d.bam.2/IFfPqeWYfgEc65-23Y6e_d8bNQT69qd.1_123 [getxattrs,stat] 196.2ecf9839 ack+read+known_if_redirected e12924) v4 -- ?+0 0x7effe00e7430 con 0x7effe002ba30
2015-01-08 15:01:20.542510 7f006f7fe700 1 -- 172.16.30.1:0/4159532 <== osd.492 172.16.30.16:6910/2753002 3 ==== osd_op_reply(2320 gc.46 [call] v12924'57 uv57 ondisk = 0) v6 ==== 172+0+0 (2596324632 0 0) 0x7efd1400b520 con 0x7f00581d02a0
2015-01-08 15:01:20.542708 7f005e2f0700 1 -- 172.16.30.1:0/4159532 --> 172.16.30.16:6910/2753002 -- osd_op(client.2034794.0:2324 gc.46 [call rgw.gc_list] 183.21d9f830 ack+read+known_if_redirected e12924) v4 -- ?+0 0x7efff40f9db0 con 0x7f00581d02a0
2015-01-08 15:01:20.546178 7f006f7fe700 1 -- 172.16.30.1:0/4159532 <== osd.531 172.16.30.12:6865/1398583 6 ==== osd_op_reply(2323 us-phx.1884261.1__shadow_ff8a7aac-33d5-4f5e-a0bf-5b3291cd0d0d.bam.2/IFfPqeWYfgEc65-23Y6e_d8bNQT69qd.1_123 [getxattrs,stat] v0'0 uv0 ack = -2 ((2) No such file or directory)) v6 ==== 314+0+0 (2333356746 0 0) 0x7efe08005e20 con 0x7effe002ba30
2015-01-08 15:01:20.546362 7efff37fe700 20 prepare_atomic_for_write_impl: state is not atomic. state=0x7effe00e1098
2015-01-08 15:01:20.546388 7efff37fe700 20 RGWDataChangesLog::add_entry() bucket.name=cghub-tcga now=2015-01-08 15:01:20.546387 cur_expiration=2015-01-08 15:01:41.624942
2015-01-08 15:01:20.546519 7efff37fe700 1 -- 172.16.30.1:0/4159532 --> 172.16.30.14:7035/3142641 -- osd_op(client.2034794.0:2325 .dir.us-phx.1884261.1 [call rgw.bucket_prepare_op] 186.a5acc52d ondisk+write+known_if_redirected e12924) v4 -- ?+0 0x7effe00e1b10 con 0x7f005820e410
2015-01-08 15:01:20.551017 7f006f7fe700 1 -- 172.16.30.1:0/4159532 <== osd.492 172.16.30.16:6910/2753002 4 ==== osd_op_reply(2324 gc.46 [call] v0'0 uv57 ondisk = 0) v6 ==== 172+0+11 (3127905880 0 1993775135) 0x7efd1400b520 con 0x7f00581d02a0
2015-01-08 15:01:20.551212 7f005e2f0700 1 -- 172.16.30.1:0/4159532 --> 172.16.30.16:6910/2753002 -- osd_op(client.2034794.0:2326 gc.46 [call lock.unlock] 183.21d9f830 ondisk+write+known_if_redirected e12924) v4 -- ?+0 0x7efff40f9db0 con 0x7f00581d02a0
2015-01-08 15:01:20.567845 7f006f7fe700 1 -- 172.16.30.1:0/4159532 <== osd.492 172.16.30.16:6910/2753002 5 ==== osd_op_reply(2326 gc.46 [call] v12924'58 uv58 ondisk = 0) v6 ==== 172+0+0 (450355349 0 0) 0x7efd1400b520 con 0x7f00581d02a0
2015-01-08 15:01:20.567965 7f005e2f0700 2 garbage collection: stop
2015-01-08 15:01:20.573618 7f006f7fe700 1 -- 172.16.30.1:0/4159532 <== osd.367 172.16.30.14:7035/3142641 350 ==== osd_op_reply(2322 .dir.us-phx.1884261.1 [call] v12924'222432 uv222432 ack = 0) v6 ==== 188+0+0 (2597348391 0 0) 0x7efeb0005d70 con 0x7f005820e410
2015-01-08 15:01:20.574131 7f006f7fe700 1 -- 172.16.30.1:0/4159532 <== osd.367 172.16.30.14:7035/3142641 351 ==== osd_op_reply(2322 .dir.us-phx.1884261.1 [call] v12924'222432 uv222432 ondisk = 0) v6 ==== 188+0+0 (389152356 0 0) 0x7efeb0005d70 con 0x7f005820e410
2015-01-08 15:01:20.581073 7f006f7fe700 1 -- 172.16.30.1:0/4159532 <== osd.367 172.16.30.14:7035/3142641 352 ==== osd_op_reply(2325 .dir.us-phx.1884261.1 [call] v12924'222433 uv222433 ondisk = 0) v6 ==== 188+0+0 (2711818685 0 0) 0x7efeb0005d70 con 0x7f005820e410
2015-01-08 15:01:20.582454 7efff37fe700 1 -- 172.16.30.1:0/4159532 --> 172.16.30.12:6865/1398583 -- osd_op(client.2034794.0:2327 us-phx.1884261.1__shadow_ff8a7aac-33d5-4f5e-a0bf-5b3291cd0d0d.bam.2/IFfPqeWYfgEc65-23Y6e_d8bNQT69qd.1_123 [call refcount.put] 196.2ecf9839 ondisk+write+known_if_redirected e12924) v4 -- ?+0 0x7effe00e7430 con 0x7effe002ba30
2015-01-08 15:01:20.597950 7f006f7fe700 1 -- 172.16.30.1:0/4159532 <== osd.531 172.16.30.12:6865/1398583 7 ==== osd_op_reply(2327 us-phx.1884261.1__shadow_ff8a7aac-33d5-4f5e-a0bf-5b3291cd0d0d.bam.2/IFfPqeWYfgEc65-23Y6e_d8bNQT69qd.1_123 [call] v0'0 uv8259 ondisk = -2 ((2) No such file or directory)) v6 ==== 272+0+0 (308594066 0 0) 0x7efe08005e20 con 0x7effe002ba30
2015-01-08 15:01:20.598168 7efff37fe700 1 -- 172.16.30.1:0/4159532 --> 172.16.30.14:7035/3142641 -- osd_op(client.2034794.0:2328 .dir.us-phx.1884261.1 [call rgw.bucket_complete_op] 186.a5acc52d ack+ondisk+write+known_if_redirected e12924) v4 -- ?+0 0x7effe00e1810 con 0x7f005820e410
2015-01-08 15:01:20.598230 7efff37fe700 20 RGWObjManifest::operator++(): rule->part_size=0 rules.size()=1
2015-01-08 15:01:20.598235 7efff37fe700 0 RGWObjManifest::operator++(): result: ofs=520093696 stripe_ofs=520093696 part_ofs=0 rule->part_size=0
2015-01-08 15:01:20.598263 7efff37fe700 20 get_obj_state: rctx=0x7efff37f91f0 obj=cghub-tcga:_shadow_ff8a7aac-33d5-4f5e-a0bf-5b3291cd0d0d.bam.2/IFfPqeWYfgEc65-23Y6e_d8bNQT69qd.1_124 state=0x7effe00e26a8 s->prefetch_data=0
2015-01-08 15:01:20.600357 7efff37fe700 1 -- 172.16.30.1:0/4159532 --> 172.16.30.8:6800/2657730 -- osd_op(client.2034794.0:2329 us-phx.1884261.1__shadow_ff8a7aac-33d5-4f5e-a0bf-5b3291cd0d0d.bam.2/IFfPqeWYfgEc65-23Y6e_d8bNQT69qd.1_124 [getxattrs,stat] 196.79be0f6 ack+read+known_if_redirected e12924) v4 -- ?+0 0x7effe00e1810 con 0x7f00583dd530
2015-01-08 15:01:20.614659 7f006f7fe700 1 -- 172.16.30.1:0/4159532 <== osd.794 172.16.30.8:6800/2657730 9 ==== osd_op_reply(2329 us-phx.1884261.1__shadow_ff8a7aac-33d5-4f5e-a0bf-5b3291cd0d0d.bam.2/IFfPqeWYfgEc65-23Y6e_d8bNQT69qd.1_124 [getxattrs,stat] v0'0 uv0 ack = -2 ((2) No such file or directory)) v6 ==== 314+0+0 (1945408528 0 0) 0x7efe60005fc0 con 0x7f00583dd530
2015-01-08 15:01:20.614827 7efff37fe700 20 prepare_atomic_for_write_impl: state is not atomic. state=0x7effe00e26a8
2015-01-08 15:01:20.614856 7efff37fe700 20 RGWDataChangesLog::add_entry() bucket.name=cghub-tcga now=2015-01-08 15:01:20.614856 cur_expiration=2015-01-08 15:01:41.624942
2015-01-08 15:01:20.615025 7efff37fe700 1 -- 172.16.30.1:0/4159532 --> 172.16.30.14:7035/3142641 -- osd_op(client.2034794.0:2330 .dir.us-phx.1884261.1 [call rgw.bucket_prepare_op] 186.a5acc52d ondisk+write+known_if_redirected e12924) v4 -- ?+0 0x7effe00e2b60 con 0x7f005820e410
2015-01-08 15:01:20.634384 7f006f7fe700 1 -- 172.16.30.1:0/4159532 <== osd.367 172.16.30.14:7035/3142641 353 ==== osd_op_reply(2328 .dir.us-phx.1884261.1 [call] v12924'222434 uv222434 ack = 0) v6 ==== 188+0+0 (2085955181 0 0) 0x7efeb0005d70 con 0x7f005820e410
2015-01-08 15:01:20.634816 7f006f7fe700 1 -- 172.16.30.1:0/4159532 <== osd.367 172.16.30.14:7035/3142641 354 ==== osd_op_reply(2328 .dir.us-phx.1884261.1 [call] v12924'222434 uv222434 ondisk = 0) v6 ==== 188+0+0 (4055153710 0 0) 0x7efeb0005d70 con 0x7f005820e410
2015-01-08 15:01:20.644551 7f006f7fe700 1 -- 172.16.30.1:0/4159532 <== osd.367 172.16.30.14:7035/3142641 355 ==== osd_op_reply(2330 .dir.us-phx.1884261.1 [call] v12924'222435 uv222435 ondisk = 0) v6 ==== 188+0+0 (1193694199 0 0) 0x7efeb0005d70 con 0x7f005820e410
2015-01-08 15:01:20.646786 7efff37fe700 1 -- 172.16.30.1:0/4159532 --> 172.16.30.8:6800/2657730 -- osd_op(client.2034794.0:2331 us-phx.1884261.1__shadow_ff8a7aac-33d5-4f5e-a0bf-5b3291cd0d0d.bam.2/IFfPqeWYfgEc65-23Y6e_d8bNQT69qd.1_124 [call refcount.put] 196.79be0f6 ondisk+write+known_if_redirected e12924) v4 -- ?+0 0x7effe00e7430 con 0x7f00583dd530
2015-01-08 15:01:20.662242 7f006f7fe700 1 -- 172.16.30.1:0/4159532 <== osd.794 172.16.30.8:6800/2657730 10 ==== osd_op_reply(2331 us-phx.1884261.1__shadow_ff8a7aac-33d5-4f5e-a0bf-5b3291cd0d0d.bam.2/IFfPqeWYfgEc65-23Y6e_d8bNQT69qd.1_124 [call] v0'0 uv8565 ondisk = -2 ((2) No such file or directory)) v6 ==== 272+0+0 (4067127356 0 0) 0x7efe60007900 con 0x7f00583dd530
2015-01-08 15:01:20.662462 7efff37fe700 1 -- 172.16.30.1:0/4159532 --> 172.16.30.14:7035/3142641 -- osd_op(client.2034794.0:2332 .dir.us-phx.1884261.1 [call rgw.bucket_complete_op] 186.a5acc52d ack+ondisk+write+known_if_redirected e12924) v4 -- ?+0 0x7effe00e7430 con 0x7f005820e410
2015-01-08 15:01:20.662522 7efff37fe700 20 RGWObjManifest::operator++(): rule->part_size=0 rules.size()=1
2015-01-08 15:01:20.662526 7efff37fe700 0 RGWObjManifest::operator++(): result: ofs=524288000 stripe_ofs=524288000 part_ofs=0 rule->part_size=0
2015-01-08 15:01:20.662555 7efff37fe700 20 get_obj_state: rctx=0x7efff37f91f0 obj=cghub-tcga:_shadow_ff8a7aac-33d5-4f5e-a0bf-5b3291cd0d0d.bam.2/IFfPqeWYfgEc65-23Y6e_d8bNQT69qd.1_125 state=0x7effe00ed2c8 s->prefetch_data=0
2015-01-08 15:01:20.664267 7efff37fe700 1 -- 172.16.30.1:0/4159532 --> 172.16.30.12:6910/1399183 -- osd_op(client.2034794.0:2333 us-phx.1884261.1__shadow_ff8a7aac-33d5-4f5e-a0bf-5b3291cd0d0d.bam.2/IFfPqeWYfgEc65-23Y6e_d8bNQT69qd.1_125 [getxattrs,stat] 196.53e18410 ack+read+known_if_redirected e12924) v4 -- ?+0 0x7effe00e09d0 con 0x7effe00e0650
2015-01-08 15:01:20.678463 7f006f7fe700 1 -- 172.16.30.1:0/4159532 <== osd.493 172.16.30.12:6910/1399183 1 ==== osd_op_reply(2333 us-phx.1884261.1__shadow_ff8a7aac-33d5-4f5e-a0bf-5b3291cd0d0d.bam.2/IFfPqeWYfgEc65-23Y6e_d8bNQT69qd.1_125 [getxattrs,stat] v0'0 uv0 ack = -2 ((2) No such file or directory)) v6 ==== 314+0+0 (3258369263 0 0) 0x7eff30004f40 con 0x7effe00e0650
2015-01-08 15:01:20.678634 7efff37fe700 20 prepare_atomic_for_write_impl: state is not atomic. state=0x7effe00ed2c8
2015-01-08 15:01:20.678660 7efff37fe700 20 RGWDataChangesLog::add_entry() bucket.name=cghub-tcga now=2015-01-08 15:01:20.678659 cur_expiration=2015-01-08 15:01:41.624942
2015-01-08 15:01:20.678824 7efff37fe700 1 -- 172.16.30.1:0/4159532 --> 172.16.30.14:7035/3142641 -- osd_op(client.2034794.0:2334 .dir.us-phx.1884261.1 [call rgw.bucket_prepare_op] 186.a5acc52d ondisk+write+known_if_redirected e12924) v4 -- ?+0 0x7effe00f1010 con 0x7f005820e410
2015-01-08 15:01:20.698396 7f006f7fe700 1 -- 172.16.30.1:0/4159532 <== osd.367 172.16.30.14:7035/3142641 356 ==== osd_op_reply(2332 .dir.us-phx.1884261.1 [call] v12924'222436 uv222436 ack = 0) v6 ==== 188+0+0 (1379309122 0 0) 0x7efeb0005d70 con 0x7f005820e410
2015-01-08 15:01:20.698892 7f006f7fe700 1 -- 172.16.30.1:0/4159532 <== osd.367 172.16.30.14:7035/3142641 357 ==== osd_op_reply(2332 .dir.us-phx.1884261.1 [call] v12924'222436 uv222436 ondisk = 0) v6 ==== 188+0+0 (3755412481 0 0) 0x7efeb0005d70 con 0x7f005820e410
2015-01-08 15:01:20.705439 7f006f7fe700 1 -- 172.16.30.1:0/4159532 <== osd.367 172.16.30.14:7035/3142641 358 ==== osd_op_reply(2334 .dir.us-phx.1884261.1 [call] v12924'222437 uv222437 ondisk = 0) v6 ==== 188+0+0 (1766187992 0 0) 0x7efeb0005d70 con 0x7f005820e410
2015-01-08 15:01:20.707150 7efff37fe700 1 -- 172.16.30.1:0/4159532 --> 172.16.30.12:6910/1399183 -- osd_op(client.2034794.0:2335 us-phx.1884261.1__shadow_ff8a7aac-33d5-4f5e-a0bf-5b3291cd0d0d.bam.2/IFfPqeWYfgEc65-23Y6e_d8bNQT69qd.1_125 [call refcount.put] 196.53e18410 ondisk+write+known_if_redirected e12924) v4 -- ?+0 0x7effe00ed9f0 con 0x7effe00e0650
2015-01-08 15:01:20.723887 7f006f7fe700 1 -- 172.16.30.1:0/4159532 <== osd.493 172.16.30.12:6910/1399183 2 ==== osd_op_reply(2335 us-phx.1884261.1__shadow_ff8a7aac-33d5-4f5e-a0bf-5b3291cd0d0d.bam.2/IFfPqeWYfgEc65-23Y6e_d8bNQT69qd.1_125 [call] v0'0 uv8311 ondisk = -2 ((2) No such file or directory)) v6 ==== 272+0+0 (3641516402 0 0) 0x7eff30004f10 con 0x7effe00e0650
2015-01-08 15:01:20.724105 7efff37fe700 1 -- 172.16.30.1:0/4159532 --> 172.16.30.14:7035/3142641 -- osd_op(client.2034794.0:2336 .dir.us-phx.1884261.1 [call rgw.bucket_complete_op] 186.a5acc52d ack+ondisk+write+known_if_redirected e12924) v4 -- ?+0 0x7effe00e09d0 con 0x7f005820e410
2015-01-08 15:01:20.724163 7efff37fe700 20 RGWObjManifest::operator++(): rule->part_size=0 rules.size()=1
2015-01-08 15:01:20.724168 7efff37fe700 0 RGWObjManifest::operator++(): result: ofs=528482304 stripe_ofs=528482304 part_ofs=0 rule->part_size=0
2015-01-08 15:01:20.724197 7efff37fe700 20 get_obj_state: rctx=0x7efff37f91f0 obj=cghub-tcga:_shadow_ff8a7aac-33d5-4f5e-a0bf-5b3291cd0d0d.bam.2/IFfPqeWYfgEc65-23Y6e_d8bNQT69qd.1_126 state=0x7effe00ebc78 s->prefetch_data=0
2015-01-08 15:01:20.725315 7efff37fe700 1 -- 172.16.30.1:0/4159532 --> 172.16.30.7:6920/3609907 -- osd_op(client.2034794.0:2337 us-phx.1884261.1__shadow_ff8a7aac-33d5-4f5e-a0bf-5b3291cd0d0d.bam.2/IFfPqeWYfgEc65-23Y6e_d8bNQT69qd.1_126 [getxattrs,stat] 196.40416c32 ack+read+known_if_redirected e12924) v4 -- ?+0 0x7effe00e09d0 con 0x7f005815db40
2015-01-08 15:01:20.739806 7f006f7fe700 1 -- 172.16.30.1:0/4159532 <== osd.187 172.16.30.7:6920/3609907 9 ==== osd_op_reply(2337 us-phx.1884261.1__shadow_ff8a7aac-33d5-4f5e-a0bf-5b3291cd0d0d.bam.2/IFfPqeWYfgEc65-23Y6e_d8bNQT69qd.1_126 [getxattrs,stat] v0'0 uv0 ack = -2 ((2) No such file or directory)) v6 ==== 314+0+0 (4167172821 0 0) 0x7efdc400c000 con 0x7f005815db40
2015-01-08 15:01:20.739988 7efff37fe700 20 prepare_atomic_for_write_impl: state is not atomic. state=0x7effe00ebc78
2015-01-08 15:01:20.740014 7efff37fe700 20 RGWDataChangesLog::add_entry() bucket.name=cghub-tcga now=2015-01-08 15:01:20.740014 cur_expiration=2015-01-08 15:01:41.624942
2015-01-08 15:01:20.740150 7efff37fe700 1 -- 172.16.30.1:0/4159532 --> 172.16.30.14:7035/3142641 -- osd_op(client.2034794.0:2338 .dir.us-phx.1884261.1 [call rgw.bucket_prepare_op] 186.a5acc52d ondisk+write+known_if_redirected e12924) v4 -- ?+0 0x7effe00ec130 con 0x7f005820e410
2015-01-08 15:01:20.754040 7f006f7fe700 1 -- 172.16.30.1:0/4159532 <== osd.367 172.16.30.14:7035/3142641 359 ==== osd_op_reply(2336 .dir.us-phx.1884261.1 [call] v12924'222438 uv222438 ack = 0) v6 ==== 188+0+0 (3031684104 0 0) 0x7efeb0005d70 con 0x7f005820e410
2015-01-08 15:01:20.754614 7f006f7fe700 1 -- 172.16.30.1:0/4159532 <== osd.367 172.16.30.14:7035/3142641 360 ==== osd_op_reply(2336 .dir.us-phx.1884261.1 [call] v12924'222438 uv222438 ondisk = 0) v6 ==== 188+0+0 (961695307 0 0) 0x7efeb0005d70 con 0x7f005820e410
2015-01-08 15:01:20.764173 7f006f7fe700 1 -- 172.16.30.1:0/4159532 <== osd.367 172.16.30.14:7035/3142641 361 ==== osd_op_reply(2338 .dir.us-phx.1884261.1 [call] v12924'222439 uv222439 ondisk = 0) v6 ==== 188+0+0 (2411766162 0 0) 0x7efeb0005d70 con 0x7f005820e410
2015-01-08 15:01:20.765351 7efff37fe700 1 -- 172.16.30.1:0/4159532 --> 172.16.30.7:6920/3609907 -- osd_op(client.2034794.0:2339 us-phx.1884261.1__shadow_ff8a7aac-33d5-4f5e-a0bf-5b3291cd0d0d.bam.2/IFfPqeWYfgEc65-23Y6e_d8bNQT69qd.1_126 [call refcount.put] 196.40416c32 ondisk+write+known_if_redirected e12924) v4 -- ?+0 0x7effe00ec6e0 con 0x7f005815db40
2015-01-08 15:01:20.780506 7f006f7fe700 1 -- 172.16.30.1:0/4159532 <== osd.187 172.16.30.7:6920/3609907 10 ==== osd_op_reply(2339 us-phx.1884261.1__shadow_ff8a7aac-33d5-4f5e-a0bf-5b3291cd0d0d.bam.2/IFfPqeWYfgEc65-23Y6e_d8bNQT69qd.1_126 [call] v0'0 uv8603 ondisk = -2 ((2) No such file or directory)) v6 ==== 272+0+0 (4086437123 0 0) 0x7efdc4009960 con 0x7f005815db40
2015-01-08 15:01:20.780725 7efff37fe700 1 -- 172.16.30.1:0/4159532 --> 172.16.30.14:7035/3142641 -- osd_op(client.2034794.0:2340 .dir.us-phx.1884261.1 [call rgw.bucket_complete_op] 186.a5acc52d ack+ondisk+write+known_if_redirected e12924) v4 -- ?+0 0x7effe00e09d0 con 0x7f005820e410
2015-01-08 15:01:20.780786 7efff37fe700 20 RGWObjManifest::operator++(): rule->part_size=0 rules.size()=1
2015-01-08 15:01:20.780791 7efff37fe700 0 RGWObjManifest::operator++(): result: ofs=532676608 stripe_ofs=532676608 part_ofs=0 rule->part_size=0
2015-01-08 15:01:20.780820 7efff37fe700 20 get_obj_state: rctx=0x7efff37f91f0 obj=cghub-tcga:_shadow_ff8a7aac-33d5-4f5e-a0bf-5b3291cd0d0d.bam.2/IFfPqeWYfgEc65-23Y6e_d8bNQT69qd.1_127 state=0x7effe00e9098 s->prefetch_data=0
2015-01-08 15:01:20.781429 7efff37fe700 1 -- 172.16.30.1:0/4159532 --> 172.16.30.4:7050/3112061 -- osd_op(client.2034794.0:2341 us-phx.1884261.1__shadow_ff8a7aac-33d5-4f5e-a0bf-5b3291cd0d0d.bam.2/IFfPqeWYfgEc65-23Y6e_d8bNQT69qd.1_127 [getxattrs,stat] 196.da49a810 ack+read+known_if_redirected e12924) v4 -- ?+0 0x7effe00e09d0 con 0x7f00583c3200
2015-01-08 15:01:20.787938 7f006f7fe700 1 -- 172.16.30.1:0/4159532 <== osd.685 172.16.30.4:7050/3112061 2 ==== osd_op_reply(2341 us-phx.1884261.1__shadow_ff8a7aac-33d5-4f5e-a0bf-5b3291cd0d0d.bam.2/IFfPqeWYfgEc65-23Y6e_d8bNQT69qd.1_127 [getxattrs,stat] v0'0 uv0 ack = -2 ((2) No such file or directory)) v6 ==== 314+0+0 (3501794009 0 0) 0x7efdc4009960 con 0x7f00583c3200
2015-01-08 15:01:20.788105 7efff37fe700 20 prepare_atomic_for_write_impl: state is not atomic. state=0x7effe00e9098
2015-01-08 15:01:20.788131 7efff37fe700 20 RGWDataChangesLog::add_entry() bucket.name=cghub-tcga now=2015-01-08 15:01:20.788130 cur_expiration=2015-01-08 15:01:41.624942
2015-01-08 15:01:20.788264 7efff37fe700 1 -- 172.16.30.1:0/4159532 --> 172.16.30.14:7035/3142641 -- osd_op(client.2034794.0:2342 .dir.us-phx.1884261.1 [call rgw.bucket_prepare_op] 186.a5acc52d ondisk+write+known_if_redirected e12924) v4 -- ?+0 0x7effe00e98d0 con 0x7f005820e410
2015-01-08 15:01:20.817336 7f006f7fe700 1 -- 172.16.30.1:0/4159532 <== osd.367 172.16.30.14:7035/3142641 362 ==== osd_op_reply(2340 .dir.us-phx.1884261.1 [call] v12924'222440 uv222440 ack = 0) v6 ==== 188+0+0 (250738204 0 0) 0x7efeb0005d70 con 0x7f005820e410
2015-01-08 15:01:20.818326 7f006f7fe700 1 -- 172.16.30.1:0/4159532 <== osd.367 172.16.30.14:7035/3142641 363 ==== osd_op_reply(2340 .dir.us-phx.1884261.1 [call] v12924'222440 uv222440 ondisk = 0) v6 ==== 188+0+0 (2198891615 0 0) 0x7efeb0005d70 con 0x7f005820e410
2015-01-08 15:01:20.824531 7f006f7fe700 1 -- 172.16.30.1:0/4159532 <== osd.367 172.16.30.14:7035/3142641 364 ==== osd_op_reply(2342 .dir.us-phx.1884261.1 [call] v12924'222441 uv222441 ondisk = 0) v6 ==== 188+0+0 (897745798 0 0) 0x7efeb0005d70 con 0x7f005820e410
2015-01-08 15:01:20.825232 7efff37fe700 1 -- 172.16.30.1:0/4159532 --> 172.16.30.4:7050/3112061 -- osd_op(client.2034794.0:2343 us-phx.1884261.1__shadow_ff8a7aac-33d5-4f5e-a0bf-5b3291cd0d0d.bam.2/IFfPqeWYfgEc65-23Y6e_d8bNQT69qd.1_127 [call refcount.put] 196.da49a810 ondisk+write+known_if_redirected e12924) v4 -- ?+0 0x7effe00e0aa0 con 0x7f00583c3200
2015-01-08 15:01:20.835626 7f006f7fe700 1 -- 172.16.30.1:0/4159532 <== osd.685 172.16.30.4:7050/3112061 3 ==== osd_op_reply(2343 us-phx.1884261.1__shadow_ff8a7aac-33d5-4f5e-a0bf-5b3291cd0d0d.bam.2/IFfPqeWYfgEc65-23Y6e_d8bNQT69qd.1_127 [call] v0'0 uv8388 ondisk = -2 ((2) No such file or directory)) v6 ==== 272+0+0 (1378312607 0 0) 0x7efdc4009960 con 0x7f00583c3200
2015-01-08 15:01:20.835875 7efff37fe700 1 -- 172.16.30.1:0/4159532 --> 172.16.30.14:7035/3142641 -- osd_op(client.2034794.0:2344 .dir.us-phx.1884261.1 [call rgw.bucket_complete_op] 186.a5acc52d ack+ondisk+write+known_if_redirected e12924) v4 -- ?+0 0x7effe00e96d0 con 0x7f005820e410
2015-01-08 15:01:20.835934 7efff37fe700 20 RGWObjManifest::operator++(): rule->part_size=0 rules.size()=1
2015-01-08 15:01:20.835939 7efff37fe700 0 RGWObjManifest::operator++(): result: ofs=536870912 stripe_ofs=536870912 part_ofs=0 rule->part_size=0
2015-01-08 15:01:20.835970 7efff37fe700 20 get_obj_state: rctx=0x7efff37f91f0 obj=cghub-tcga:_multipart_ff8a7aac-33d5-4f5e-a0bf-5b3291cd0d0d.bam.2/IFfPqeWYfgEc65-23Y6e_d8bNQT69qd.2 state=0x7effe00f1648 s->prefetch_data=0
2015-01-08 15:01:20.836807 7efff37fe700 1 -- 172.16.30.1:0/4159532 --> 172.16.30.5:7080/3335146 -- osd_op(client.2034794.0:2345 us-phx.1884261.1__multipart_ff8a7aac-33d5-4f5e-a0bf-5b3291cd0d0d.bam.2/IFfPqeWYfgEc65-23Y6e_d8bNQT69qd.2 [getxattrs,stat] 196.c4894e61 ack+read+known_if_redirected e12924) v4 -- ?+0 0x7effe00e7fc0 con 0x7effe00eacd0
2015-01-08 15:01:20.848173 7f006f7fe700 1 -- 172.16.30.1:0/4159532 <== osd.27 172.16.30.5:7080/3335146 1 ==== osd_op_reply(2345 us-phx.1884261.1__multipart_ff8a7aac-33d5-4f5e-a0bf-5b3291cd0d0d.bam.2/IFfPqeWYfgEc65-23Y6e_d8bNQT69qd.2 [getxattrs,stat] v0'0 uv0 ack = -2 ((2) No such file or directory)) v6 ==== 313+0+0 (34639812 0 0) 0x7eff3800b050 con 0x7effe00eacd0
2015-01-08 15:01:20.848338 7efff37fe700 20 prepare_atomic_for_write_impl: state is not atomic. state=0x7effe00f1648
2015-01-08 15:01:20.848364 7efff37fe700 20 RGWDataChangesLog::add_entry() bucket.name=cghub-tcga now=2015-01-08 15:01:20.848363 cur_expiration=2015-01-08 15:01:41.624942
2015-01-08 15:01:20.848527 7efff37fe700 1 -- 172.16.30.1:0/4159532 --> 172.16.30.14:7035/3142641 -- osd_op(client.2034794.0:2346 .dir.us-phx.1884261.1 [call rgw.bucket_prepare_op] 186.a5acc52d ondisk+write+known_if_redirected e12924) v4 -- ?+0 0x7effe00e8780 con 0x7f005820e410
2015-01-08 15:01:20.874187 7f006f7fe700 1 -- 172.16.30.1:0/4159532 <== osd.367 172.16.30.14:7035/3142641 365 ==== osd_op_reply(2344 .dir.us-phx.1884261.1 [call] v12924'222442 uv222442 ack = 0) v6 ==== 188+0+0 (3899962454 0 0) 0x7efeb0005d70 con 0x7f005820e410
2015-01-08 15:01:20.875094 7f006f7fe700 1 -- 172.16.30.1:0/4159532 <== osd.367 172.16.30.14:7035/3142641 366 ==== osd_op_reply(2344 .dir.us-phx.1884261.1 [call] v12924'222442 uv222442 ondisk = 0) v6 ==== 188+0+0 (1704275477 0 0) 0x7efeb0005d70 con 0x7f005820e410
2015-01-08 15:01:20.881318 7f006f7fe700 1 -- 172.16.30.1:0/4159532 <== osd.367 172.16.30.14:7035/3142641 367 ==== osd_op_reply(2346 .dir.us-phx.1884261.1 [call] v12924'222443 uv222443 ondisk = 0) v6 ==== 188+0+0 (2263303227 0 0) 0x7efeb0005d70 con 0x7f005820e410
2015-01-08 15:01:20.882170 7efff37fe700 1 -- 172.16.30.1:0/4159532 --> 172.16.30.5:7080/3335146 -- osd_op(client.2034794.0:2347 us-phx.1884261.1__multipart_ff8a7aac-33d5-4f5e-a0bf-5b3291cd0d0d.bam.2/IFfPqeWYfgEc65-23Y6e_d8bNQT69qd.2 [call refcount.put] 196.c4894e61 ondisk+write+known_if_redirected e12924) v4 -- ?+0 0x7effe00e8d90 con 0x7effe00eacd0
2015-01-08 15:01:20.903889 7f006f7fe700 1 -- 172.16.30.1:0/4159532 <== osd.27 172.16.30.5:7080/3335146 2 ==== osd_op_reply(2347 us-phx.1884261.1__multipart_ff8a7aac-33d5-4f5e-a0bf-5b3291cd0d0d.bam.2/IFfPqeWYfgEc65-23Y6e_d8bNQT69qd.2 [call] v0'0 uv8288 ondisk = -2 ((2) No such file or directory)) v6 ==== 271+0+0 (1446155872 0 0) 0x7eff3800b050 con 0x7effe00eacd0
2015-01-08 15:01:20.904109 7efff37fe700 1 -- 172.16.30.1:0/4159532 --> 172.16.30.14:7035/3142641 -- osd_op(client.2034794.0:2348 .dir.us-phx.1884261.1 [call rgw.bucket_complete_op] 186.a5acc52d ack+ondisk+write+known_if_redirected e12924) v4 -- ?+0 0x7effe00e8d90 con 0x7f005820e410
2015-01-08 15:01:20.904168 7efff37fe700 20 RGWObjManifest::operator++(): rule->part_size=0 rules.size()=1
2015-01-08 15:01:20.904172 7efff37fe700 0 RGWObjManifest::operator++(): result: ofs=4194304 stripe_ofs=4194304 part_ofs=0 rule->part_size=0
2015-01-08 15:01:20.904202 7efff37fe700 20 get_obj_state: rctx=0x7efff37f91f0 obj=cghub-tcga:_shadow_ff8a7aac-33d5-4f5e-a0bf-5b3291cd0d0d.bam.2/IFfPqeWYfgEc65-23Y6e_d8bNQT69qd.2_1 state=0x7effe00ef098 s->prefetch_data=0
2015-01-08 15:01:20.905589 7efff37fe700 1 -- 172.16.30.1:0/4159532 --> 172.16.30.8:6995/2660037 -- osd_op(client.2034794.0:2349 us-phx.1884261.1__shadow_ff8a7aac-33d5-4f5e-a0bf-5b3291cd0d0d.bam.2/IFfPqeWYfgEc65-23Y6e_d8bNQT69qd.2_1 [getxattrs,stat] 196.e5952480 ack+read+known_if_redirected e12924) v4 -- ?+0 0x7effe00f0910 con 0x7effe00f0590
2015-01-08 15:01:20.923832 7f006f7fe700 1 -- 172.16.30.1:0/4159532 <== osd.113 172.16.30.8:6995/2660037 1 ==== osd_op_reply(2349 us-phx.1884261.1__shadow_ff8a7aac-33d5-4f5e-a0bf-5b3291cd0d0d.bam.2/IFfPqeWYfgEc65-23Y6e_d8bNQT69qd.2_1 [getxattrs,stat] v0'0 uv0 ack = -2 ((2) No such file or directory)) v6 ==== 312+0+0 (4200687146 0 0) 0x7eff40004f20 con 0x7effe00f0590
2015-01-08 15:01:20.924003 7efff37fe700 20 prepare_atomic_for_write_impl: state is not atomic. state=0x7effe00ef098
2015-01-08 15:01:20.924030 7efff37fe700 20 RGWDataChangesLog::add_entry() bucket.name=cghub-tcga now=2015-01-08 15:01:20.924029 cur_expiration=2015-01-08 15:01:41.624942
2015-01-08 15:01:20.924162 7efff37fe700 1 -- 172.16.30.1:0/4159532 --> 172.16.30.14:7035/3142641 -- osd_op(client.2034794.0:2350 .dir.us-phx.1884261.1 [call rgw.bucket_prepare_op] 186.a5acc52d ondisk+write+known_if_redirected e12924) v4 -- ?+0 0x7effe00f3180 con 0x7f005820e410
2015-01-08 15:01:20.943229 7f006f7fe700 1 -- 172.16.30.1:0/4159532 <== osd.367 172.16.30.14:7035/3142641 368 ==== osd_op_reply(2348 .dir.us-phx.1884261.1 [call] v12924'222444 uv222444 ack = 0) v6 ==== 188+0+0 (2391734913 0 0) 0x7efeb0005d70 con 0x7f005820e410
2015-01-08 15:01:20.943673 7f006f7fe700 1 -- 172.16.30.1:0/4159532 <== osd.367 172.16.30.14:7035/3142641 369 ==== osd_op_reply(2348 .dir.us-phx.1884261.1 [call] v12924'222444 uv222444 ondisk = 0) v6 ==== 188+0+0 (57630914 0 0) 0x7efeb0005d70 con 0x7f005820e410
2015-01-08 15:01:20.953175 7f006f7fe700 1 -- 172.16.30.1:0/4159532 <== osd.367 172.16.30.14:7035/3142641 370 ==== osd_op_reply(2350 .dir.us-phx.1884261.1 [call] v12924'222445 uv222445 ondisk = 0) v6 ==== 188+0+0 (1817676819 0 0) 0x7efeb0005d70 con 0x7f005820e410
2015-01-08 15:01:20.954552 7efff37fe700 1 -- 172.16.30.1:0/4159532 --> 172.16.30.8:6995/2660037 -- osd_op(client.2034794.0:2351 us-phx.1884261.1__shadow_ff8a7aac-33d5-4f5e-a0bf-5b3291cd0d0d.bam.2/IFfPqeWYfgEc65-23Y6e_d8bNQT69qd.2_1 [call refcount.put] 196.e5952480 ondisk+write+known_if_redirected e12924) v4 -- ?+0 0x7effe00f3180 con 0x7effe00f0590
2015-01-08 15:01:20.973106 7f006f7fe700 1 -- 172.16.30.1:0/4159532 <== osd.113 172.16.30.8:6995/2660037 2 ==== osd_op_reply(2351 us-phx.1884261.1__shadow_ff8a7aac-33d5-4f5e-a0bf-5b3291cd0d0d.bam.2/IFfPqeWYfgEc65-23Y6e_d8bNQT69qd.2_1 [call] v0'0 uv8398 ondisk = -2 ((2) No such file or directory)) v6 ==== 270+0+0 (3936367435 0 0) 0x7eff40004f20 con 0x7effe00f0590
2015-01-08 15:01:20.973374 7efff37fe700 1 -- 172.16.30.1:0/4159532 --> 172.16.30.14:7035/3142641 -- osd_op(client.2034794.0:2352 .dir.us-phx.1884261.1 [call rgw.bucket_complete_op] 186.a5acc52d ack+ondisk+write+known_if_redirected e12924) v4 -- ?+0 0x7effe00ef540 con 0x7f005820e410
2015-01-08 15:01:20.973433 7efff37fe700 20 RGWObjManifest::operator++(): rule->part_size=0 rules.size()=1
2015-01-08 15:01:20.973438 7efff37fe700 0 RGWObjManifest::operator++(): result: ofs=8388608 stripe_ofs=8388608 part_ofs=0 rule->part_size=0
2015-01-08 15:01:20.973465 7efff37fe700 20 get_obj_state: rctx=0x7efff37f91f0 obj=cghub-tcga:_shadow_ff8a7aac-33d5-4f5e-a0bf-5b3291cd0d0d.bam.2/IFfPqeWYfgEc65-23Y6e_d8bNQT69qd.2_2 state=0x7effe00f3818 s->prefetch_data=0
2015-01-08 15:01:20.974043 7efff37fe700 1 -- 172.16.30.1:0/4159532 --> 172.16.30.3:7075/3603764 -- osd_op(client.2034794.0:2353 us-phx.1884261.1__shadow_ff8a7aac-33d5-4f5e-a0bf-5b3291cd0d0d.bam.2/IFfPqeWYfgEc65-23Y6e_d8bNQT69qd.2_2 [getxattrs,stat] 196.dc182888 ack+read+known_if_redirected e12924) v4 -- ?+0 0x7effe00ef540 con 0x7f0058201270
2015-01-08 15:01:20.981859 7f005f7fe700 2 RGWDataChangesLog::ChangesRenewThread: start
2015-01-08 15:01:20.982010 7f005f7fe700 1 -- 172.16.30.1:0/4159532 --> 172.16.30.16:6930/2753445 -- osd_op(client.2034794.0:2354 data_log.112 [call log.add] 189.f1e5afa4 ondisk+write+known_if_redirected e12924) v4 -- ?+0 0x7f0054003460 con 0x7f0058154a20
2015-01-08 15:01:20.983885 7f006f7fe700 1 -- 172.16.30.1:0/4159532 <== osd.666 172.16.30.3:7075/3603764 3 ==== osd_op_reply(2353 us-phx.1884261.1__shadow_ff8a7aac-33d5-4f5e-a0bf-5b3291cd0d0d.bam.2/IFfPqeWYfgEc65-23Y6e_d8bNQT69qd.2_2 [getxattrs,stat] v0'0 uv0 ack = -2 ((2) No such file or directory)) v6 ==== 312+0+0 (4100168764 0 0) 0x7efe5c006000 con 0x7f0058201270
2015-01-08 15:01:20.984053 7efff37fe700 20 prepare_atomic_for_write_impl: state is not atomic. state=0x7effe00f3818
2015-01-08 15:01:20.984079 7efff37fe700 20 RGWDataChangesLog::add_entry() bucket.name=cghub-tcga now=2015-01-08 15:01:20.984078 cur_expiration=2015-01-08 15:01:41.624942
2015-01-08 15:01:20.984249 7efff37fe700 1 -- 172.16.30.1:0/4159532 --> 172.16.30.14:7035/3142641 -- osd_op(client.2034794.0:2355 .dir.us-phx.1884261.1 [call rgw.bucket_prepare_op] 186.a5acc52d ondisk+write+known_if_redirected e12924) v4 -- ?+0 0x7effe00f7780 con 0x7f005820e410
2015-01-08 15:01:21.009092 7f006f7fe700 1 -- 172.16.30.1:0/4159532 <== osd.367 172.16.30.14:7035/3142641 371 ==== osd_op_reply(2352 .dir.us-phx.1884261.1 [call] v12924'222446 uv222446 ack = 0) v6 ==== 188+0+0 (2899886284 0 0) 0x7efeb0005d70 con 0x7f005820e410
2015-01-08 15:01:21.009790 7f006f7fe700 1 -- 172.16.30.1:0/4159532 <== osd.367 172.16.30.14:7035/3142641 372 ==== osd_op_reply(2352 .dir.us-phx.1884261.1 [call] v12924'222446 uv222446 ondisk = 0) v6 ==== 188+0+0 (557406863 0 0) 0x7efeb0005d70 con 0x7f005820e410
2015-01-08 15:01:21.018205 7f006f7fe700 1 -- 172.16.30.1:0/4159532 <== osd.472 172.16.30.16:6930/2753445 12 ==== osd_op_reply(2354 data_log.112 [call] v12924'2020 uv2020 ondisk = 0) v6 ==== 179+0+0 (4186270702 0 0) 0x7efd9000bf80 con 0x7f0058154a20
2015-01-08 15:01:21.018329 7f005f7fe700 20 RGWDataChangesLog::update_renewd() bucket_name=cghub-tcga expiration=2015-01-08 15:01:50.981902
2015-01-08 15:01:21.019579 7f006f7fe700 1 -- 172.16.30.1:0/4159532 <== osd.367 172.16.30.14:7035/3142641 373 ==== osd_op_reply(2355 .dir.us-phx.1884261.1 [call] v12924'222447 uv222447 ondisk = 0) v6 ==== 188+0+0 (2329071193 0 0) 0x7efeb0005d70 con 0x7f005820e410
2015-01-08 15:01:21.020260 7efff37fe700 1 -- 172.16.30.1:0/4159532 --> 172.16.30.3:7075/3603764 -- osd_op(client.2034794.0:2356 us-phx.1884261.1__shadow_ff8a7aac-33d5-4f5e-a0bf-5b3291cd0d0d.bam.2/IFfPqeWYfgEc65-23Y6e_d8bNQT69qd.2_2 [call refcount.put] 196.dc182888 ondisk+write+known_if_redirected e12924) v4 -- ?+0 0x7effe00ef540 con 0x7f0058201270
2015-01-08 15:01:21.038700 7f006f7fe700 1 -- 172.16.30.1:0/4159532 <== osd.666 172.16.30.3:7075/3603764 4 ==== osd_op_reply(2356 us-phx.1884261.1__shadow_ff8a7aac-33d5-4f5e-a0bf-5b3291cd0d0d.bam.2/IFfPqeWYfgEc65-23Y6e_d8bNQT69qd.2_2 [call] v0'0 uv8312 ondisk = -2 ((2) No such file or directory)) v6 ==== 270+0+0 (2685676480 0 0) 0x7efe5c006cb0 con 0x7f0058201270
2015-01-08 15:01:21.038935 7efff37fe700 1 -- 172.16.30.1:0/4159532 --> 172.16.30.14:7035/3142641 -- osd_op(client.2034794.0:2357 .dir.us-phx.1884261.1 [call rgw.bucket_complete_op] 186.a5acc52d ack+ondisk+write+known_if_redirected e12924) v4 -- ?+0 0x7effe00f3180 con 0x7f005820e410
2015-01-08 15:01:21.038996 7efff37fe700 20 RGWObjManifest::operator++(): rule->part_size=0 rules.size()=1
2015-01-08 15:01:21.039001 7efff37fe700 0 RGWObjManifest::operator++(): result: ofs=12582912 stripe_ofs=12582912 part_ofs=0 rule->part_size=0
2015-01-08 15:01:21.039029 7efff37fe700 20 get_obj_state: rctx=0x7efff37f91f0 obj=cghub-tcga:_shadow_ff8a7aac-33d5-4f5e-a0bf-5b3291cd0d0d.bam.2/IFfPqeWYfgEc65-23Y6e_d8bNQT69qd.2_3 state=0x7effe00f9118 s->prefetch_data=0
2015-01-08 15:01:21.040425 7efff37fe700 1 -- 172.16.30.1:0/4159532 --> 172.16.30.8:6825/2657920 -- osd_op(client.2034794.0:2358 us-phx.1884261.1__shadow_ff8a7aac-33d5-4f5e-a0bf-5b3291cd0d0d.bam.2/IFfPqeWYfgEc65-23Y6e_d8bNQT69qd.2_3 [getxattrs,stat] 196.cb938a4e ack+read+known_if_redirected e12924) v4 -- ?+0 0x7effe00f3180 con 0x7f005837bb40
2015-01-08 15:01:21.050516 7f006f7fe700 1 -- 172.16.30.1:0/4159532 <== osd.283 172.16.30.8:6825/2657920 5 ==== osd_op_reply(2358 us-phx.1884261.1__shadow_ff8a7aac-33d5-4f5e-a0bf-5b3291cd0d0d.bam.2/IFfPqeWYfgEc65-23Y6e_d8bNQT69qd.2_3 [getxattrs,stat] v0'0 uv0 ack = -2 ((2) No such file or directory)) v6 ==== 312+0+0 (1238858919 0 0) 0x7effcc00d190 con 0x7f005837bb40
2015-01-08 15:01:21.050683 7efff37fe700 20 prepare_atomic_for_write_impl: state is not atomic. state=0x7effe00f9118
2015-01-08 15:01:21.050709 7efff37fe700 20 RGWDataChangesLog::add_entry() bucket.name=cghub-tcga now=2015-01-08 15:01:21.050708 cur_expiration=2015-01-08 15:01:50.981902
2015-01-08 15:01:21.050866 7efff37fe700 1 -- 172.16.30.1:0/4159532 --> 172.16.30.14:7035/3142641 -- osd_op(client.2034794.0:2359 .dir.us-phx.1884261.1 [call rgw.bucket_prepare_op] 186.a5acc52d ondisk+write+known_if_redirected e12924) v4 -- ?+0 0x7effe00f9700 con 0x7f005820e410
2015-01-08 15:01:21.069840 7f006f7fe700 1 -- 172.16.30.1:0/4159532 <== osd.367 172.16.30.14:7035/3142641 374 ==== osd_op_reply(2357 .dir.us-phx.1884261.1 [call] v12924'222448 uv222448 ondisk = 0) v6 ==== 188+0+0 (3067357724 0 0) 0x7efeb0005d70 con 0x7f005820e410
2015-01-08 15:01:21.081054 7f006f7fe700 1 -- 172.16.30.1:0/4159532 <== osd.367 172.16.30.14:7035/3142641 375 ==== osd_op_reply(2359 .dir.us-phx.1884261.1 [call] v12924'222449 uv222449 ondisk = 0) v6 ==== 188+0+0 (490716874 0 0) 0x7efeb0005d70 con 0x7f005820e410
2015-01-08 15:01:21.082589 7efff37fe700 1 -- 172.16.30.1:0/4159532 --> 172.16.30.8:6825/2657920 -- osd_op(client.2034794.0:2360 us-phx.1884261.1__shadow_ff8a7aac-33d5-4f5e-a0bf-5b3291cd0d0d.bam.2/IFfPqeWYfgEc65-23Y6e_d8bNQT69qd.2_3 [call refcount.put] 196.cb938a4e ondisk+write+known_if_redirected e12924) v4 -- ?+0 0x7effe00ef540 con 0x7f005837bb40
2015-01-08 15:01:21.100573 7f006f7fe700 1 -- 172.16.30.1:0/4159532 <== osd.283 172.16.30.8:6825/2657920 6 ==== osd_op_reply(2360 us-phx.1884261.1__shadow_ff8a7aac-33d5-4f5e-a0bf-5b3291cd0d0d.bam.2/IFfPqeWYfgEc65-23Y6e_d8bNQT69qd.2_3 [call] v0'0 uv8639 ondisk = -2 ((2) No such file or directory)) v6 ==== 270+0+0 (3163460713 0 0) 0x7effcc005f50 con 0x7f005837bb40
2015-01-08 15:01:21.100796 7efff37fe700 1 -- 172.16.30.1:0/4159532 --> 172.16.30.14:7035/3142641 -- osd_op(client.2034794.0:2361 .dir.us-phx.1884261.1 [call rgw.bucket_complete_op] 186.a5acc52d ack+ondisk+write+known_if_redirected e12924) v4 -- ?+0 0x7effe00f9500 con 0x7f005820e410
2015-01-08 15:01:21.100857 7efff37fe700 20 RGWObjManifest::operator++(): rule->part_size=0 rules.size()=1
2015-01-08 15:01:21.100862 7efff37fe700 0 RGWObjManifest::operator++(): result: ofs=16777216 stripe_ofs=16777216 part_ofs=0 rule->part_size=0
2015-01-08 15:01:21.100890 7efff37fe700 20 get_obj_state: rctx=0x7efff37f91f0 obj=cghub-tcga:_shadow_ff8a7aac-33d5-4f5e-a0bf-5b3291cd0d0d.bam.2/IFfPqeWYfgEc65-23Y6e_d8bNQT69qd.2_4 state=0x7effe00ee218 s->prefetch_data=0
2015-01-08 15:01:21.101626 7efff37fe700 1 -- 172.16.30.1:0/4159532 --> 172.16.30.8:6910/2658747 -- osd_op(client.2034794.0:2362 us-phx.1884261.1__shadow_ff8a7aac-33d5-4f5e-a0bf-5b3291cd0d0d.bam.2/IFfPqeWYfgEc65-23Y6e_d8bNQT69qd.2_4 [getxattrs,stat] 196.89d2c00f ack+read+known_if_redirected e12924) v4 -- ?+0 0x7effe00f9500 con 0x7f00581329f0
2015-01-08 15:01:21.107971 7f006f7fe700 1 -- 172.16.30.1:0/4159532 <== osd.198 172.16.30.8:6910/2658747 6 ==== osd_op_reply(2362 us-phx.1884261.1__shadow_ff8a7aac-33d5-4f5e-a0bf-5b3291cd0d0d.bam.2/IFfPqeWYfgEc65-23Y6e_d8bNQT69qd.2_4 [getxattrs,stat] v0'0 uv0 ack = -2 ((2) No such file or directory)) v6 ==== 312+0+0 (2653512744 0 0) 0x7f002c004380 con 0x7f00581329f0
2015-01-08 15:01:21.108147 7efff37fe700 20 prepare_atomic_for_write_impl: state is not atomic. state=0x7effe00ee218
2015-01-08 15:01:21.108173 7efff37fe700 20 RGWDataChangesLog::add_entry() bucket.name=cghub-tcga now=2015-01-08 15:01:21.108173 cur_expiration=2015-01-08 15:01:50.981902
2015-01-08 15:01:21.108308 7efff37fe700 1 -- 172.16.30.1:0/4159532 --> 172.16.30.14:7035/3142641 -- osd_op(client.2034794.0:2363 .dir.us-phx.1884261.1 [call rgw.bucket_prepare_op] 186.a5acc52d ondisk+write+known_if_redirected e12924) v4 -- ?+0 0x7effe00eeae0 con 0x7f005820e410
2015-01-08 15:01:21.133471 7f006f7fe700 1 -- 172.16.30.1:0/4159532 <== osd.367 172.16.30.14:7035/3142641 376 ==== osd_op_reply(2361 .dir.us-phx.1884261.1 [call] v12924'222450 uv222450 ack = 0) v6 ==== 188+0+0 (3719361045 0 0) 0x7efeb0005d70 con 0x7f005820e410
2015-01-08 15:01:21.134049 7f006f7fe700 1 -- 172.16.30.1:0/4159532 <== osd.367 172.16.30.14:7035/3142641 377 ==== osd_op_reply(2361 .dir.us-phx.1884261.1 [call] v12924'222450 uv222450 ondisk = 0) v6 ==== 188+0+0 (1347512406 0 0) 0x7efeb0005d70 con 0x7f005820e410
2015-01-08 15:01:21.251763 7f006f7fe700 1 -- 172.16.30.1:0/4159532 <== osd.367 172.16.30.14:7035/3142641 378 ==== osd_op_reply(2363 .dir.us-phx.1884261.1 [call] v12924'222451 uv222451 ondisk = 0) v6 ==== 188+0+0 (4223335552 0 0) 0x7efeb0005d70 con 0x7f005820e410
2015-01-08 15:01:21.252620 7efff37fe700 1 -- 172.16.30.1:0/4159532 --> 172.16.30.8:6910/2658747 -- osd_op(client.2034794.0:2364 us-phx.1884261.1__shadow_ff8a7aac-33d5-4f5e-a0bf-5b3291cd0d0d.bam.2/IFfPqeWYfgEc65-23Y6e_d8bNQT69qd.2_4 [call refcount.put] 196.89d2c00f ondisk+write+known_if_redirected e12924) v4 -- ?+0 0x7effe00f9500 con 0x7f00581329f0
2015-01-08 15:01:21.266711 7f006f7fe700 1 -- 172.16.30.1:0/4159532 <== osd.198 172.16.30.8:6910/2658747 7 ==== osd_op_reply(2364 us-phx.1884261.1__shadow_ff8a7aac-33d5-4f5e-a0bf-5b3291cd0d0d.bam.2/IFfPqeWYfgEc65-23Y6e_d8bNQT69qd.2_4 [call] v0'0 uv8462 ondisk = -2 ((2) No such file or directory)) v6 ==== 270+0+0 (77937689 0 0) 0x7f002c004380 con 0x7f00581329f0
2015-01-08 15:01:21.266947 7efff37fe700 1 -- 172.16.30.1:0/4159532 --> 172.16.30.14:7035/3142641 -- osd_op(client.2034794.0:2365 .dir.us-phx.1884261.1 [call rgw.bucket_complete_op] 186.a5acc52d ack+ondisk+write+known_if_redirected e12924) v4 -- ?+0 0x7effe00ee820 con 0x7f005820e410
2015-01-08 15:01:21.267007 7efff37fe700 20 RGWObjManifest::operator++(): rule->part_size=0 rules.size()=1
2015-01-08 15:01:21.267011 7efff37fe700 0 RGWObjManifest::operator++(): result: ofs=20971520 stripe_ofs=20971520 part_ofs=0 rule->part_size=0
2015-01-08 15:01:21.267039 7efff37fe700 20 get_obj_state: rctx=0x7efff37f91f0 obj=cghub-tcga:_shadow_ff8a7aac-33d5-4f5e-a0bf-5b3291cd0d0d.bam.2/IFfPqeWYfgEc65-23Y6e_d8bNQT69qd.2_5 state=0x7effe00f2688 s->prefetch_data=0
2015-01-08 15:01:21.267405 7efff37fe700 1 -- 172.16.30.1:0/4159532 --> 172.16.30.14:7040/3142689 -- osd_op(client.2034794.0:2366 us-phx.1884261.1__shadow_ff8a7aac-33d5-4f5e-a0bf-5b3291cd0d0d.bam.2/IFfPqeWYfgEc65-23Y6e_d8bNQT69qd.2_5 [getxattrs,stat] 196.dd02877e ack+read+known_if_redirected e12924) v4 -- ?+0 0x7effe00ee820 con 0x7f0058303a80
2015-01-08 15:01:21.283484 7f006f7fe700 1 -- 172.16.30.1:0/4159532 <== osd.362 172.16.30.14:7040/3142689 4 ==== osd_op_reply(2366 us-phx.1884261.1__shadow_ff8a7aac-33d5-4f5e-a0bf-5b3291cd0d0d.bam.2/IFfPqeWYfgEc65-23Y6e_d8bNQT69qd.2_5 [getxattrs,stat] v0'0 uv0 ack = -2 ((2) No such file or directory)) v6 ==== 312+0+0 (2444914968 0 0) 0x7efd3c009890 con 0x7f0058303a80
2015-01-08 15:01:21.283659 7efff37fe700 20 prepare_atomic_for_write_impl: state is not atomic. state=0x7effe00f2688
2015-01-08 15:01:21.283686 7efff37fe700 20 RGWDataChangesLog::add_entry() bucket.name=cghub-tcga now=2015-01-08 15:01:21.283686 cur_expiration=2015-01-08 15:01:50.981902
2015-01-08 15:01:21.283824 7efff37fe700 1 -- 172.16.30.1:0/4159532 --> 172.16.30.14:7035/3142641 -- osd_op(client.2034794.0:2367 .dir.us-phx.1884261.1 [call rgw.bucket_prepare_op] 186.a5acc52d ondisk+write+known_if_redirected e12924) v4 -- ?+0 0x7effe00f7f90 con 0x7f005820e410
2015-01-08 15:01:21.340538 7f006f7fe700 1 -- 172.16.30.1:0/4159532 <== osd.367 172.16.30.14:7035/3142641 379 ==== osd_op_reply(2365 .dir.us-phx.1884261.1 [call] v12924'222452 uv222452 ack = 0) v6 ==== 188+0+0 (4090708538 0 0) 0x7efeb0005d70 con 0x7f005820e410
2015-01-08 15:01:21.340728 7f006f7fe700 1 -- 172.16.30.1:0/4159532 <== osd.367 172.16.30.14:7035/3142641 380 ==== osd_op_reply(2365 .dir.us-phx.1884261.1 [call] v12924'222452 uv222452 ondisk = 0) v6 ==== 188+0+0 (2117261433 0 0) 0x7efeb0005d70 con 0x7f005820e410
2015-01-08 15:01:21.348475 7f006f7fe700 1 -- 172.16.30.1:0/4159532 <== osd.367 172.16.30.14:7035/3142641 381 ==== osd_op_reply(2367 .dir.us-phx.1884261.1 [call] v12924'222453 uv222453 ondisk = 0) v6 ==== 188+0+0 (3587787951 0 0) 0x7efeb0005d70 con 0x7f005820e410
2015-01-08 15:01:21.348982 7efff37fe700 1 -- 172.16.30.1:0/4159532 --> 172.16.30.14:7040/3142689 -- osd_op(client.2034794.0:2368 us-phx.1884261.1__shadow_ff8a7aac-33d5-4f5e-a0bf-5b3291cd0d0d.bam.2/IFfPqeWYfgEc65-23Y6e_d8bNQT69qd.2_5 [call refcount.put] 196.dd02877e ondisk+write+known_if_redirected e12924) v4 -- ?+0 0x7effe00f9500 con 0x7f0058303a80
2015-01-08 15:01:21.362747 7f006f7fe700 1 -- 172.16.30.1:0/4159532 <== osd.362 172.16.30.14:7040/3142689 5 ==== osd_op_reply(2368 us-phx.1884261.1__shadow_ff8a7aac-33d5-4f5e-a0bf-5b3291cd0d0d.bam.2/IFfPqeWYfgEc65-23Y6e_d8bNQT69qd.2_5 [call] v0'0 uv8450 ondisk = -2 ((2) No such file or directory)) v6 ==== 270+0+0 (570686737 0 0) 0x7efd3c009890 con 0x7f0058303a80
2015-01-08 15:01:21.362967 7efff37fe700 1 -- 172.16.30.1:0/4159532 --> 172.16.30.14:7035/3142641 -- osd_op(client.2034794.0:2369 .dir.us-phx.1884261.1 [call rgw.bucket_complete_op] 186.a5acc52d ack+ondisk+write+known_if_redirected e12924) v4 -- ?+0 0x7effe00f9500 con 0x7f005820e410
2015-01-08 15:01:21.363027 7efff37fe700 20 RGWObjManifest::operator++(): rule->part_size=0 rules.size()=1
2015-01-08 15:01:21.363033 7efff37fe700 0 RGWObjManifest::operator++(): result: ofs=25165824 stripe_ofs=25165824 part_ofs=0 rule->part_size=0
2015-01-08 15:01:21.363061 7efff37fe700 20 get_obj_state: rctx=0x7efff37f91f0 obj=cghub-tcga:_shadow_ff8a7aac-33d5-4f5e-a0bf-5b3291cd0d0d.bam.2/IFfPqeWYfgEc65-23Y6e_d8bNQT69qd.2_6 state=0x7effe00f89a8 s->prefetch_data=0
2015-01-08 15:01:21.363245 7efff37fe700 1 -- 172.16.30.1:0/4159532 --> 172.16.30.16:6870/2752472 -- osd_op(client.2034794.0:2370 us-phx.1884261.1__shadow_ff8a7aac-33d5-4f5e-a0bf-5b3291cd0d0d.bam.2/IFfPqeWYfgEc65-23Y6e_d8bNQT69qd.2_6 [getxattrs,stat] 196.ff57aa3b ack+read+known_if_redirected e12924) v4 -- ?+0 0x7effe00f9500 con 0x7f0058267530
2015-01-08 15:01:21.368211 7f006f7fe700 1 -- 172.16.30.1:0/4159532 <== osd.562 172.16.30.16:6870/2752472 9 ==== osd_op_reply(2370 us-phx.1884261.1__shadow_ff8a7aac-33d5-4f5e-a0bf-5b3291cd0d0d.bam.2/IFfPqeWYfgEc65-23Y6e_d8bNQT69qd.2_6 [getxattrs,stat] v0'0 uv0 ack = -2 ((2) No such file or directory)) v6 ==== 312+0+0 (1559182946 0 0) 0x7efd3c009890 con 0x7f0058267530
2015-01-08 15:01:21.368377 7efff37fe700 20 prepare_atomic_for_write_impl: state is not atomic. state=0x7effe00f89a8
2015-01-08 15:01:21.368403 7efff37fe700 20 RGWDataChangesLog::add_entry() bucket.name=cghub-tcga now=2015-01-08 15:01:21.368403 cur_expiration=2015-01-08 15:01:50.981902
2015-01-08 15:01:21.368537 7efff37fe700 1 -- 172.16.30.1:0/4159532 --> 172.16.30.14:7035/3142641 -- osd_op(client.2034794.0:2371 .dir.us-phx.1884261.1 [call rgw.bucket_prepare_op] 186.a5acc52d ondisk+write+known_if_redirected e12924) v4 -- ?+0 0x7effe00fb2d0 con 0x7f005820e410
2015-01-08 15:01:21.406978 7f006f7fe700 1 -- 172.16.30.1:0/4159532 <== osd.367 172.16.30.14:7035/3142641 382 ==== osd_op_reply(2369 .dir.us-phx.1884261.1 [call] v12924'222454 uv222454 ack = 0) v6 ==== 188+0+0 (357957744 0 0) 0x7efeb0005d70 con 0x7f005820e410
2015-01-08 15:01:21.407664 7f006f7fe700 1 -- 172.16.30.1:0/4159532 <== osd.367 172.16.30.14:7035/3142641 383 ==== osd_op_reply(2369 .dir.us-phx.1884261.1 [call] v12924'222454 uv222454 ondisk = 0) v6 ==== 188+0+0 (2562169395 0 0) 0x7efeb0005d70 con 0x7f005820e410
2015-01-08 15:01:21.414898 7f006f7fe700 1 -- 172.16.30.1:0/4159532 <== osd.367 172.16.30.14:7035/3142641 384 ==== osd_op_reply(2371 .dir.us-phx.1884261.1 [call] v12924'222455 uv222455 ondisk = 0) v6 ==== 188+0+0 (861671141 0 0) 0x7efeb0005d70 con 0x7f005820e410
2015-01-08 15:01:21.415235 7efff37fe700 1 -- 172.16.30.1:0/4159532 --> 172.16.30.16:6870/2752472 -- osd_op(client.2034794.0:2372 us-phx.1884261.1__shadow_ff8a7aac-33d5-4f5e-a0bf-5b3291cd0d0d.bam.2/IFfPqeWYfgEc65-23Y6e_d8bNQT69qd.2_6 [call refcount.put] 196.ff57aa3b ondisk+write+known_if_redirected e12924) v4 -- ?+0 0x7effe00f9500 con 0x7f0058267530
2015-01-08 15:01:21.425283 7f006f7fe700 1 -- 172.16.30.1:0/4159532 <== osd.562 172.16.30.16:6870/2752472 10 ==== osd_op_reply(2372 us-phx.1884261.1__shadow_ff8a7aac-33d5-4f5e-a0bf-5b3291cd0d0d.bam.2/IFfPqeWYfgEc65-23Y6e_d8bNQT69qd.2_6 [call] v0'0 uv8707 ondisk = -2 ((2) No such file or directory)) v6 ==== 270+0+0 (3308831051 0 0) 0x7efd3c009890 con 0x7f0058267530
2015-01-08 15:01:21.425501 7efff37fe700 1 -- 172.16.30.1:0/4159532 --> 172.16.30.14:7035/3142641 -- osd_op(client.2034794.0:2373 .dir.us-phx.1884261.1 [call rgw.bucket_complete_op] 186.a5acc52d ack+ondisk+write+known_if_redirected e12924) v4 -- ?+0 0x7effe00fd2e0 con 0x7f005820e410
2015-01-08 15:01:21.425560 7efff37fe700 20 RGWObjManifest::operator++(): rule->part_size=0 rules.size()=1
2015-01-08 15:01:21.425564 7efff37fe700 0 RGWObjManifest::operator++(): result: ofs=29360128 stripe_ofs=29360128 part_ofs=0 rule->part_size=0
2015-01-08 15:01:21.425592 7efff37fe700 20 get_obj_state: rctx=0x7efff37f91f0 obj=cghub-tcga:_shadow_ff8a7aac-33d5-4f5e-a0bf-5b3291cd0d0d.bam.2/IFfPqeWYfgEc65-23Y6e_d8bNQT69qd.2_7 state=0x7effe00fdb18 s->prefetch_data=0
2015-01-08 15:01:21.425779 7efff37fe700 1 -- 172.16.30.1:0/4159532 --> 172.16.30.13:6890/3096243 -- osd_op(client.2034794.0:2374 us-phx.1884261.1__shadow_ff8a7aac-33d5-4f5e-a0bf-5b3291cd0d0d.bam.2/IFfPqeWYfgEc65-23Y6e_d8bNQT69qd.2_7 [getxattrs,stat] 196.ecc4a608 ack+read+known_if_redirected e12924) v4 -- ?+0 0x7effe00fd2e0 con 0x7f00583888f0
2015-01-08 15:01:21.434518 7f006f7fe700 1 -- 172.16.30.1:0/4159532 <== osd.513 172.16.30.13:6890/3096243 2 ==== osd_op_reply(2374 us-phx.1884261.1__shadow_ff8a7aac-33d5-4f5e-a0bf-5b3291cd0d0d.bam.2/IFfPqeWYfgEc65-23Y6e_d8bNQT69qd.2_7 [getxattrs,stat] v0'0 uv0 ack = -2 ((2) No such file or directory)) v6 ==== 312+0+0 (729451146 0 0) 0x7f00140039c0 con 0x7f00583888f0
2015-01-08 15:01:21.434683 7efff37fe700 20 prepare_atomic_for_write_impl: state is not atomic. state=0x7effe00fdb18
2015-01-08 15:01:21.434710 7efff37fe700 20 RGWDataChangesLog::add_entry() bucket.name=cghub-tcga now=2015-01-08 15:01:21.434709 cur_expiration=2015-01-08 15:01:50.981902
2015-01-08 15:01:21.434881 7efff37fe700 1 -- 172.16.30.1:0/4159532 --> 172.16.30.14:7035/3142641 -- osd_op(client.2034794.0:2375 .dir.us-phx.1884261.1 [call rgw.bucket_prepare_op] 186.a5acc52d ondisk+write+known_if_redirected e12924) v4 -- ?+0 0x7effe00fbeb0 con 0x7f005820e410
2015-01-08 15:01:21.557380 7f006f7fe700 1 -- 172.16.30.1:0/4159532 <== osd.367 172.16.30.14:7035/3142641 385 ==== osd_op_reply(2373 .dir.us-phx.1884261.1 [call] v12924'222456 uv222456 ack = 0) v6 ==== 188+0+0 (2937332324 0 0) 0x7efeb0005d70 con 0x7f005820e410
2015-01-08 15:01:21.557445 7f006f7fe700 1 -- 172.16.30.1:0/4159532 <== osd.367 172.16.30.14:7035/3142641 386 ==== osd_op_reply(2373 .dir.us-phx.1884261.1 [call] v12924'222456 uv222456 ondisk = 0) v6 ==== 188+0+0 (586528807 0 0) 0x7efeb0006130 con 0x7f005820e410
2015-01-08 15:01:21.565581 7f006f7fe700 1 -- 172.16.30.1:0/4159532 <== osd.367 172.16.30.14:7035/3142641 387 ==== osd_op_reply(2375 .dir.us-phx.1884261.1 [call] v12924'222457 uv222457 ondisk = 0) v6 ==== 188+0+0 (2300456177 0 0) 0x7efeb0005d70 con 0x7f005820e410
2015-01-08 15:01:21.565756 7efff37fe700 1 -- 172.16.30.1:0/4159532 --> 172.16.30.13:6890/3096243 -- osd_op(client.2034794.0:2376 us-phx.1884261.1__shadow_ff8a7aac-33d5-4f5e-a0bf-5b3291cd0d0d.bam.2/IFfPqeWYfgEc65-23Y6e_d8bNQT69qd.2_7 [call refcount.put] 196.ecc4a608 ondisk+write+known_if_redirected e12924) v4 -- ?+0 0x7effe00f9500 con 0x7f00583888f0
2015-01-08 15:01:21.577214 7f006f7fe700 1 -- 172.16.30.1:0/4159532 <== osd.513 172.16.30.13:6890/3096243 3 ==== osd_op_reply(2376 us-phx.1884261.1__shadow_ff8a7aac-33d5-4f5e-a0bf-5b3291cd0d0d.bam.2/IFfPqeWYfgEc65-23Y6e_d8bNQT69qd.2_7 [call] v0'0 uv8669 ondisk = -2 ((2) No such file or directory)) v6 ==== 270+0+0 (3283630147 0 0) 0x7f00140039c0 con 0x7f00583888f0
2015-01-08 15:01:21.577387 7efff37fe700 1 -- 172.16.30.1:0/4159532 --> 172.16.30.14:7035/3142641 -- osd_op(client.2034794.0:2377 .dir.us-phx.1884261.1 [call rgw.bucket_complete_op] 186.a5acc52d ack+ondisk+write+known_if_redirected e12924) v4 -- ?+0 0x7effe00f9500 con 0x7f005820e410
2015-01-08 15:01:21.577439 7efff37fe700 20 RGWObjManifest::operator++(): rule->part_size=0 rules.size()=1
2015-01-08 15:01:21.577444 7efff37fe700 0 RGWObjManifest::operator++(): result: ofs=33554432 stripe_ofs=33554432 part_ofs=0 rule->part_size=0
2015-01-08 15:01:21.577473 7efff37fe700 20 get_obj_state: rctx=0x7efff37f91f0 obj=cghub-tcga:_shadow_ff8a7aac-33d5-4f5e-a0bf-5b3291cd0d0d.bam.2/IFfPqeWYfgEc65-23Y6e_d8bNQT69qd.2_8 state=0x7effe00fc828 s->prefetch_data=0
2015-01-08 15:01:21.578159 7efff37fe700 1 -- 172.16.30.1:0/4159532 --> 172.16.30.3:7030/3602996 -- osd_op(client.2034794.0:2378 us-phx.1884261.1__shadow_ff8a7aac-33d5-4f5e-a0bf-5b3291cd0d0d.bam.2/IFfPqeWYfgEc65-23Y6e_d8bNQT69qd.2_8 [getxattrs,stat] 196.85a91e06 ack+read+known_if_redirected e12924) v4 -- ?+0 0x7effe00f9500 con 0x7f00582b2c50
2015-01-08 15:01:21.589154 7f006f7fe700 1 -- 172.16.30.1:0/4159532 <== osd.684 172.16.30.3:7030/3602996 2 ==== osd_op_reply(2378 us-phx.1884261.1__shadow_ff8a7aac-33d5-4f5e-a0bf-5b3291cd0d0d.bam.2/IFfPqeWYfgEc65-23Y6e_d8bNQT69qd.2_8 [getxattrs,stat] v0'0 uv0 ack = -2 ((2) No such file or directory)) v6 ==== 312+0+0 (3791398087 0 0) 0x7efef4006860 con 0x7f00582b2c50
2015-01-08 15:01:21.589293 7efff37fe700 20 prepare_atomic_for_write_impl: state is not atomic. state=0x7effe00fc828
2015-01-08 15:01:21.589311 7efff37fe700 20 RGWDataChangesLog::add_entry() bucket.name=cghub-tcga now=2015-01-08 15:01:21.589310 cur_expiration=2015-01-08 15:01:50.981902
2015-01-08 15:01:21.589444 7efff37fe700 1 -- 172.16.30.1:0/4159532 --> 172.16.30.14:7035/3142641 -- osd_op(client.2034794.0:2379 .dir.us-phx.1884261.1 [call rgw.bucket_prepare_op] 186.a5acc52d ondisk+write+known_if_redirected e12924) v4 -- ?+0 0x7effe00fa2c0 con 0x7f005820e410
2015-01-08 15:01:21.611836 7f006f7fe700 1 -- 172.16.30.1:0/4159532 <== osd.367 172.16.30.14:7035/3142641 388 ==== osd_op_reply(2377 .dir.us-phx.1884261.1 [call] v12924'222458 uv222458 ack = 0) v6 ==== 188+0+0 (1234264110 0 0) 0x7efeb0005d70 con 0x7f005820e410
