2015-01-08 15:01:11.552139 7efff37fe700 10 cache get: name=.us-phx.domain.rgw+.bucket.meta.cghub-tcga:us-phx.1884261.1 : miss
2015-01-08 15:01:11.552305 7efff37fe700 1 -- 172.16.30.1:0/4159532 --> 172.16.30.9:7095/82658 -- osd_op(client.2034794.0:1497 .bucket.meta.cghub-tcga:us-phx.1884261.1 [call version.read,getxattrs,stat] 180.35cf828a ack+read+known_if_redirected e12924) v4 -- ?+0 0x7effe0013be0 con 0x7effe0013820
2015-01-08 15:01:11.562135 7f006f7fe700 1 -- 172.16.30.1:0/4159532 <== osd.11 172.16.30.9:7095/82658 1 ==== osd_op_reply(1497 .bucket.meta.cghub-tcga:us-phx.1884261.1 [call,getxattrs,stat] v0'0 uv1 ondisk = 0) v6 ==== 291+0+286 (1674254263 0 3892002402) 0x7efe00005a70 con 0x7effe0013820
2015-01-08 15:01:11.562282 7efff37fe700 10 cache put: name=.us-phx.domain.rgw+.bucket.meta.cghub-tcga:us-phx.1884261.1
2015-01-08 15:01:11.562307 7efff37fe700 10 adding .us-phx.domain.rgw+.bucket.meta.cghub-tcga:us-phx.1884261.1 to cache LRU end
2015-01-08 15:01:11.562313 7efff37fe700 10 updating xattr: name=user.rgw.acl bl.length()=127
2015-01-08 15:01:11.562322 7efff37fe700 20 get_obj_state: s->obj_tag was set empty
2015-01-08 15:01:11.562326 7efff37fe700 20 Read xattr: user.rgw.acl
2015-01-08 15:01:11.562328 7efff37fe700 20 Read xattr: user.rgw.idtag
2015-01-08 15:01:11.562329 7efff37fe700 20 Read xattr: user.rgw.manifest
2015-01-08 15:01:11.562337 7efff37fe700 10 cache get: name=.us-phx.domain.rgw+.bucket.meta.cghub-tcga:us-phx.1884261.1 : type miss (requested=17, cached=22)
2015-01-08 15:01:11.562345 7efff37fe700 20 get_obj_state: rctx=0x7efff37f91f0 obj=.us-phx.domain.rgw:.bucket.meta.cghub-tcga:us-phx.1884261.1 state=0x7effe0010ec8 s->prefetch_data=0
2015-01-08 15:01:11.562358 7efff37fe700 20 get_obj_state: rctx=0x7efff37f91f0 obj=.us-phx.domain.rgw:.bucket.meta.cghub-tcga:us-phx.1884261.1 state=0x7effe0010ec8 s->prefetch_data=0
2015-01-08 15:01:11.562362 7efff37fe700 20 state for obj=.us-phx.domain.rgw:.bucket.meta.cghub-tcga:us-phx.1884261.1 is not atomic, not appending atomic test
2015-01-08 15:01:11.562404 7efff37fe700 20 rados->read obj-ofs=0 read_ofs=0 read_len=524288
2015-01-08 15:01:11.562466 7efff37fe700 1 -- 172.16.30.1:0/4159532 --> 172.16.30.9:7095/82658 -- osd_op(client.2034794.0:1498 .bucket.meta.cghub-tcga:us-phx.1884261.1 [call version.check_conds,call version.read,read 0~524288] 180.35cf828a ack+read+known_if_redirected e12924) v4 -- ?+0 0x7effe0019210 con 0x7effe0013820
2015-01-08 15:01:11.565794 7f006f7fe700 1 -- 172.16.30.1:0/4159532 <== osd.614 172.16.30.17:7035/106293 3 ==== osd_op_reply(1490 gc.192 [call] v12924'58 uv58 ondisk = 0) v6 ==== 173+0+0 (868007335 0 0) 0x7efdf8005360 con 0x7efff410a2a0
2015-01-08 15:01:11.565954 7f005e2f0700 1 -- 172.16.30.1:0/4159532 --> 172.16.30.8:6835/2657945 -- osd_op(client.2034794.0:1499 gc.193 [call lock.lock] 183.1732ee53 ondisk+write+known_if_redirected e12924) v4 -- ?+0 0x7efff410a650 con 0x7f0058233840
2015-01-08 15:01:11.567569 7f006f7fe700 1 -- 172.16.30.1:0/4159532 <== osd.11 172.16.30.9:7095/82658 2 ==== osd_op_reply(1498 .bucket.meta.cghub-tcga:us-phx.1884261.1 [call,call,read 0~219] v0'0 uv1 ondisk = 0) v6 ==== 291+0+267 (467113607 0 4159723274) 0x7efe000059f0 con 0x7effe0013820
2015-01-08 15:01:11.567712 7efff37fe700 20 rados->read r=0 bl.length=219
2015-01-08 15:01:11.567745 7efff37fe700 10 cache put: name=.us-phx.domain.rgw+.bucket.meta.cghub-tcga:us-phx.1884261.1
2015-01-08 15:01:11.567750 7efff37fe700 10 moving .us-phx.domain.rgw+.bucket.meta.cghub-tcga:us-phx.1884261.1 to cache LRU end
2015-01-08 15:01:11.567780 7efff37fe700 10 chain_cache_entry: cache_locator=.us-phx.domain.rgw+cghub-tcga
2015-01-08 15:01:11.567783 7efff37fe700 10 chain_cache_entry: cache_locator=.us-phx.domain.rgw+.bucket.meta.cghub-tcga:us-phx.1884261.1
2015-01-08 15:01:11.567834 7efff37fe700 15 Read AccessControlPolicycghubcghubcghubcghubFULL_CONTROL
2015-01-08 15:01:11.567862 7efff37fe700 2 req 0:0.051763:s3:DELETE /cghub-tcga/ff8a7aac-33d5-4f5e-a0bf-5b3291cd0d0d.bam:abort_multipart:init op
2015-01-08 15:01:11.567876 7efff37fe700 2 req 0:0.051777:s3:DELETE /cghub-tcga/ff8a7aac-33d5-4f5e-a0bf-5b3291cd0d0d.bam:abort_multipart:verifying op mask
2015-01-08 15:01:11.567883 7efff37fe700 20 required_mask= 4 user.op_mask=7
2015-01-08 15:01:11.567886 7efff37fe700 2 req 0:0.051787:s3:DELETE /cghub-tcga/ff8a7aac-33d5-4f5e-a0bf-5b3291cd0d0d.bam:abort_multipart:verifying op permissions
2015-01-08 15:01:11.567895 7efff37fe700 5 Searching permissions for uid=cghub mask=50
2015-01-08 15:01:11.567897 7efff37fe700 5 Found permission: 15
2015-01-08 15:01:11.567899 7efff37fe700 5 Searching permissions for group=1 mask=50
2015-01-08 15:01:11.567901 7efff37fe700 5 Permissions for group not found
2015-01-08 15:01:11.567903 7efff37fe700 5 Searching permissions for group=2 mask=50
2015-01-08 15:01:11.567904 7efff37fe700 5 Permissions for group not found
2015-01-08 15:01:11.567905 7efff37fe700 5 Getting permissions id=cghub owner=cghub perm=2
2015-01-08 15:01:11.567907 7efff37fe700 10 uid=cghub requested perm (type)=2, policy perm=2, user_perm_mask=2, acl perm=2
2015-01-08 15:01:11.567909 7efff37fe700 2 req 0:0.051810:s3:DELETE /cghub-tcga/ff8a7aac-33d5-4f5e-a0bf-5b3291cd0d0d.bam:abort_multipart:verifying op params
2015-01-08 15:01:11.567913 7efff37fe700 2 req 0:0.051814:s3:DELETE /cghub-tcga/ff8a7aac-33d5-4f5e-a0bf-5b3291cd0d0d.bam:abort_multipart:executing
2015-01-08 15:01:11.567946 7efff37fe700 20 get_obj_state: rctx=0x7efff37f91f0 obj=cghub-tcga:_multipart_ff8a7aac-33d5-4f5e-a0bf-5b3291cd0d0d.bam.2/IFfPqeWYfgEc65-23Y6e_d8bNQT69qd.meta state=0x7effe00184c8 s->prefetch_data=0
2015-01-08 15:01:11.568018 7efff37fe700 1 -- 172.16.30.1:0/4159532 --> 172.16.30.8:6820/2657906 -- osd_op(client.2034794.0:1500 us-phx.1884261.1__multipart_ff8a7aac-33d5-4f5e-a0bf-5b3291cd0d0d.bam.2/IFfPqeWYfgEc65-23Y6e_d8bNQT69qd.meta [getxattrs,stat] 188.8a743e05 ack+read+known_if_redirected e12924) v4 -- ?+0 0x7effe0019210 con 0x7f0058420ba0
2015-01-08 15:01:11.575124 7f006f7fe700 1 -- 172.16.30.1:0/4159532 <== osd.288 172.16.30.8:6820/2657906 2 ==== osd_op_reply(1500 us-phx.1884261.1__multipart_ff8a7aac-33d5-4f5e-a0bf-5b3291cd0d0d.bam.2/IFfPqeWYfgEc65-23Y6e_d8bNQT69qd.meta [getxattrs,stat] v0'0 uv26 ondisk = 0) v6 ==== 316+0+167 (2721263947 0 1552432656) 0x7eff88004df0 con 0x7f0058420ba0
2015-01-08 15:01:11.575271 7efff37fe700 20 get_obj_state: s->obj_tag was set empty
2015-01-08 15:01:11.575294 7efff37fe700 20 Read xattr: user.rgw.acl
2015-01-08 15:01:11.575296 7efff37fe700 20 Read xattr: user.rgw.idtag
2015-01-08 15:01:11.575297 7efff37fe700 20 Read xattr: user.rgw.manifest
2015-01-08 15:01:11.575411 7efff37fe700 1 -- 172.16.30.1:0/4159532 --> 172.16.30.8:6820/2657906 -- osd_op(client.2034794.0:1501 us-phx.1884261.1__multipart_ff8a7aac-33d5-4f5e-a0bf-5b3291cd0d0d.bam.2/IFfPqeWYfgEc65-23Y6e_d8bNQT69qd.meta [omap-get-vals 0~29] 188.8a743e05 ack+read+known_if_redirected e12924) v4 -- ?+0 0x7effe001b010 con 0x7f0058420ba0
2015-01-08 15:01:11.595552 7f006f7fe700 1 -- 172.16.30.1:0/4159532 <== osd.288 172.16.30.8:6820/2657906 3 ==== osd_op_reply(1501 us-phx.1884261.1__multipart_ff8a7aac-33d5-4f5e-a0bf-5b3291cd0d0d.bam.2/IFfPqeWYfgEc65-23Y6e_d8bNQT69qd.meta [omap-get-vals 0~29] v0'0 uv26 ondisk = 0) v6 ==== 274+0+16004 (2490886953 0 3413900966) 0x7eff88004df0 con 0x7f0058420ba0
2015-01-08 15:01:11.596594 7efff37fe700 1 -- 172.16.30.1:0/4159532 --> 172.16.30.8:6820/2657906 -- osd_op(client.2034794.0:1502 us-phx.1884261.1__multipart_ff8a7aac-33d5-4f5e-a0bf-5b3291cd0d0d.bam.2/IFfPqeWYfgEc65-23Y6e_d8bNQT69qd.meta [omap-get-vals 0~16] 188.8a743e05 ack+read+known_if_redirected e12924) v4 -- ?+0 0x7effe0018bd0 con 0x7f0058420ba0
2015-01-08 15:01:11.604628 7f006f7fe700 1 -- 172.16.30.1:0/4159532 <== osd.273 172.16.30.8:6835/2657945 4 ==== osd_op_reply(1499 gc.193 [call] v12924'57 uv57 ondisk = 0) v6 ==== 173+0+0 (1391464402 0 0) 0x7eff700075e0 con 0x7f0058233840
2015-01-08 15:01:11.604820 7f005e2f0700 1 -- 172.16.30.1:0/4159532 --> 172.16.30.8:6835/2657945 -- osd_op(client.2034794.0:1503 gc.193 [call rgw.gc_list] 183.1732ee53 ack+read+known_if_redirected e12924) v4 -- ?+0 0x7efff410a650 con 0x7f0058233840
2015-01-08 15:01:11.606217 7f006f7fe700 1 -- 172.16.30.1:0/4159532 <== osd.288 172.16.30.8:6820/2657906 4 ==== osd_op_reply(1502 us-phx.1884261.1__multipart_ff8a7aac-33d5-4f5e-a0bf-5b3291cd0d0d.bam.2/IFfPqeWYfgEc65-23Y6e_d8bNQT69qd.meta [omap-get-vals 0~16] v0'0 uv26 ondisk = 0) v6 ==== 274+0+16004 (583497165 0 3413900966) 0x7eff88004df0 con 0x7f0058420ba0
2015-01-08 15:01:11.607619 7efff37fe700 20 get_obj_state: rctx=0x7efff37f91f0 obj=cghub-tcga:_multipart_ff8a7aac-33d5-4f5e-a0bf-5b3291cd0d0d.bam.2/IFfPqeWYfgEc65-23Y6e_d8bNQT69qd.1 state=0x7effe0028c28 s->prefetch_data=0
2015-01-08 15:01:11.608093 7efff37fe700 1 -- 172.16.30.1:0/4159532 --> 172.16.30.12:6865/1398583 -- osd_op(client.2034794.0:1504 us-phx.1884261.1__multipart_ff8a7aac-33d5-4f5e-a0bf-5b3291cd0d0d.bam.2/IFfPqeWYfgEc65-23Y6e_d8bNQT69qd.1 [getxattrs,stat] 196.4b6e10ba ack+read+known_if_redirected e12924) v4 -- ?+0 0x7effe0022d20 con 0x7effe002ba30
2015-01-08 15:01:11.614707 7f006f7fe700 1 -- 172.16.30.1:0/4159532 <== osd.273 172.16.30.8:6835/2657945 5 ==== osd_op_reply(1503 gc.193 [call] v0'0 uv57 ondisk = 0) v6 ==== 173+0+11 (1916847250 0 1993775135) 0x7eff70005e20 con 0x7f0058233840
2015-01-08 15:01:11.614912 7f005e2f0700 1 -- 172.16.30.1:0/4159532 --> 172.16.30.8:6835/2657945 -- osd_op(client.2034794.0:1505 gc.193 [call lock.unlock] 183.1732ee53 ondisk+write+known_if_redirected e12924) v4 -- ?+0 0x7efff410a650 con 0x7f0058233840
2015-01-08 15:01:11.624696 7f006f7fe700 1 -- 172.16.30.1:0/4159532 <== osd.531 172.16.30.12:6865/1398583 1 ==== osd_op_reply(1504 us-phx.1884261.1__multipart_ff8a7aac-33d5-4f5e-a0bf-5b3291cd0d0d.bam.2/IFfPqeWYfgEc65-23Y6e_d8bNQT69qd.1 [getxattrs,stat] v0'0 uv0 ack = -2 ((2) No such file or directory)) v6 ==== 313+0+0 (1229058699 0 0) 0x7efe08009170 con 0x7effe002ba30
2015-01-08 15:01:11.624912 7efff37fe700 20 prepare_atomic_for_write_impl: state is not atomic. state=0x7effe0028c28
2015-01-08 15:01:11.624943 7efff37fe700 20 RGWDataChangesLog::add_entry() bucket.name=cghub-tcga now=2015-01-08 15:01:11.624942 cur_expiration=0.000000
2015-01-08 15:01:11.624993 7efff37fe700 20 RGWDataChangesLog::add_entry() sending update with now=2015-01-08 15:01:11.624942 cur_expiration=2015-01-08 15:01:41.624942
2015-01-08 15:01:11.625182 7efff37fe700 1 -- 172.16.30.1:0/4159532 --> 172.16.30.16:6930/2753445 -- osd_op(client.2034794.0:1506 data_log.112 [call log.add] 189.f1e5afa4 ondisk+write+known_if_redirected e12924) v4 -- ?+0 0x7effe0022d20 con 0x7f0058154a20
2015-01-08 15:01:11.639874 7f006f7fe700 1 -- 172.16.30.1:0/4159532 <== osd.273 172.16.30.8:6835/2657945 6 ==== osd_op_reply(1505 gc.193 [call] v12924'58 uv58 ondisk = 0) v6 ==== 173+0+0 (3538365023 0 0) 0x7eff700075e0 con 0x7f0058233840
2015-01-08 15:01:11.640085 7f005e2f0700 1 -- 172.16.30.1:0/4159532 --> 172.16.30.4:6890/3109496 -- osd_op(client.2034794.0:1507 gc.194 [call lock.lock] 183.550a5d2d ondisk+write+known_if_redirected e12924) v4 -- ?+0 0x7efff410a650 con 0x7f00583b6360
2015-01-08 15:01:11.662320 7f006f7fe700 1 -- 172.16.30.1:0/4159532 <== osd.472 172.16.30.16:6930/2753445 11 ==== osd_op_reply(1506 data_log.112 [call] v12924'2019 uv2019 ondisk = 0) v6 ==== 179+0+0 (361950943 0 0) 0x7efd9000f050 con 0x7f0058154a20
2015-01-08 15:01:11.662612 7efff37fe700 1 -- 172.16.30.1:0/4159532 --> 172.16.30.14:7035/3142641 -- osd_op(client.2034794.0:1508 .dir.us-phx.1884261.1 [call rgw.bucket_prepare_op] 186.a5acc52d ondisk+write+known_if_redirected e12924) v4 -- ?+0 0x7effe0022d20 con 0x7f005820e410
2015-01-08 15:01:11.673362 7f006f7fe700 1 -- 172.16.30.1:0/4159532 <== osd.744 172.16.30.4:6890/3109496 2 ==== osd_op_reply(1507 gc.194 [call] v12924'57 uv57 ondisk = 0) v6 ==== 173+0+0 (1331160139 0 0) 0x7efd8000bfe0 con 0x7f00583b6360
2015-01-08 15:01:11.673555 7f005e2f0700 1 -- 172.16.30.1:0/4159532 --> 172.16.30.4:6890/3109496 -- osd_op(client.2034794.0:1509 gc.194 [call rgw.gc_list] 183.550a5d2d ack+read+known_if_redirected e12924) v4 -- ?+0 0x7efff410a650 con 0x7f00583b6360
2015-01-08 15:01:11.681201 7f006f7fe700 1 -- 172.16.30.1:0/4159532 <== osd.744 172.16.30.4:6890/3109496 3 ==== osd_op_reply(1509 gc.194 [call] v0'0 uv57 ondisk = 0) v6 ==== 173+0+11 (1877421835 0 1993775135) 0x7efd8000bfc0 con 0x7f00583b6360
2015-01-08 15:01:11.681403 7f005e2f0700 1 -- 172.16.30.1:0/4159532 --> 172.16.30.4:6890/3109496 -- osd_op(client.2034794.0:1510 gc.194 [call lock.unlock] 183.550a5d2d ondisk+write+known_if_redirected e12924) v4 -- ?+0 0x7efff410a650 con 0x7f00583b6360
2015-01-08 15:01:11.701129 7f006f7fe700 1 -- 172.16.30.1:0/4159532 <== osd.744 172.16.30.4:6890/3109496 4 ==== osd_op_reply(1510 gc.194 [call] v12924'58 uv58 ondisk = 0) v6 ==== 173+0+0 (3477127622 0 0) 0x7efd8000bfc0 con 0x7f00583b6360
2015-01-08 15:01:11.701383 7f005e2f0700 1 -- 172.16.30.1:0/4159532 --> 172.16.30.9:7065/82219 -- osd_op(client.2034794.0:1511 gc.195 [call lock.lock] 183.56c8d073 ondisk+write+known_if_redirected e12924) v4 -- ?+0 0x7efff410a650 con 0x7f0058386cc0
2015-01-08 15:01:11.723531 7f006f7fe700 1 -- 172.16.30.1:0/4159532 <== osd.367 172.16.30.14:7035/3142641 4 ==== osd_op_reply(1508 .dir.us-phx.1884261.1 [call] v12924'222187 uv222187 ondisk = 0) v6 ==== 188+0+0 (3137270055 0 0) 0x7efeb0004df0 con 0x7f005820e410
2015-01-08 15:01:11.724027 7efff37fe700 1 -- 172.16.30.1:0/4159532 --> 172.16.30.12:6865/1398583 -- osd_op(client.2034794.0:1512 us-phx.1884261.1__multipart_ff8a7aac-33d5-4f5e-a0bf-5b3291cd0d0d.bam.2/IFfPqeWYfgEc65-23Y6e_d8bNQT69qd.1 [call refcount.put] 196.4b6e10ba ondisk+write+known_if_redirected e12924) v4 -- ?+0 0x7effe0022d20 con 0x7effe002ba30
2015-01-08 15:01:11.737702 7f006f7fe700 1 -- 172.16.30.1:0/4159532 <== osd.531 172.16.30.12:6865/1398583 2 ==== osd_op_reply(1512 us-phx.1884261.1__multipart_ff8a7aac-33d5-4f5e-a0bf-5b3291cd0d0d.bam.2/IFfPqeWYfgEc65-23Y6e_d8bNQT69qd.1 [call] v0'0 uv8474 ondisk = -2 ((2) No such file or directory)) v6 ==== 271+0+0 (3493667415 0 0) 0x7efe08005e20 con 0x7effe002ba30
2015-01-08 15:01:11.737959 7efff37fe700 1 -- 172.16.30.1:0/4159532 --> 172.16.30.14:7035/3142641 -- osd_op(client.2034794.0:1513 .dir.us-phx.1884261.1 [call rgw.bucket_complete_op] 186.a5acc52d ack+ondisk+write+known_if_redirected e12924) v4 -- ?+0 0x7effe0022d20 con 0x7f005820e410
2015-01-08 15:01:11.738027 7efff37fe700 20 RGWObjManifest::operator++(): rule->part_size=0 rules.size()=1
2015-01-08 15:01:11.738003 7f006f7fe700 1 -- 172.16.30.1:0/4159532 <== osd.40 172.16.30.9:7065/82219 3 ==== osd_op_reply(1511 gc.195 [call] v12924'57 uv57 ondisk = 0) v6 ==== 173+0+0 (2361269760 0 0) 0x7f00080028a0 con 0x7f0058386cc0
2015-01-08 15:01:11.738032 7efff37fe700 0 RGWObjManifest::operator++(): result: ofs=4194304 stripe_ofs=4194304 part_ofs=0 rule->part_size=0
2015-01-08 15:01:11.738059 7efff37fe700 20 get_obj_state: rctx=0x7efff37f91f0 obj=cghub-tcga:_shadow_ff8a7aac-33d5-4f5e-a0bf-5b3291cd0d0d.bam.2/IFfPqeWYfgEc65-23Y6e_d8bNQT69qd.1_1 state=0x7effe00277f8 s->prefetch_data=0
2015-01-08 15:01:11.738638 7efff37fe700 1 -- 172.16.30.1:0/4159532 --> 172.16.30.5:7095/3335364 -- osd_op(client.2034794.0:1514 us-phx.1884261.1__shadow_ff8a7aac-33d5-4f5e-a0bf-5b3291cd0d0d.bam.2/IFfPqeWYfgEc65-23Y6e_d8bNQT69qd.1_1 [getxattrs,stat] 196.4d56f415 ack+read+known_if_redirected e12924) v4 -- ?+0 0x7effe0022d20 con 0x7f005831e410
2015-01-08 15:01:11.738722 7f005e2f0700 1 -- 172.16.30.1:0/4159532 --> 172.16.30.9:7065/82219 -- osd_op(client.2034794.0:1515 gc.195 [call rgw.gc_list] 183.56c8d073 ack+read+known_if_redirected e12924) v4 -- ?+0 0x7efff410a650 con 0x7f0058386cc0
2015-01-08 15:01:11.745348 7f006f7fe700 1 -- 172.16.30.1:0/4159532 <== osd.40 172.16.30.9:7065/82219 4 ==== osd_op_reply(1515 gc.195 [call] v0'0 uv57 ondisk = 0) v6 ==== 173+0+11 (2886653248 0 1993775135) 0x7f00080028a0 con 0x7f0058386cc0
2015-01-08 15:01:11.745549 7f005e2f0700 1 -- 172.16.30.1:0/4159532 --> 172.16.30.9:7065/82219 -- osd_op(client.2034794.0:1516 gc.195 [call lock.unlock] 183.56c8d073 ondisk+write+known_if_redirected e12924) v4 -- ?+0 0x7efff410a650 con 0x7f0058386cc0
2015-01-08 15:01:11.747223 7f006f7fe700 1 -- 172.16.30.1:0/4159532 <== osd.12 172.16.30.5:7095/3335364 3 ==== osd_op_reply(1514 us-phx.1884261.1__shadow_ff8a7aac-33d5-4f5e-a0bf-5b3291cd0d0d.bam.2/IFfPqeWYfgEc65-23Y6e_d8bNQT69qd.1_1 [getxattrs,stat] v0'0 uv0 ack = -2 ((2) No such file or directory)) v6 ==== 312+0+0 (2332541570 0 0) 0x7efdec008c00 con 0x7f005831e410
2015-01-08 15:01:11.747400 7efff37fe700 20 prepare_atomic_for_write_impl: state is not atomic. state=0x7effe00277f8
2015-01-08 15:01:11.747427 7efff37fe700 20 RGWDataChangesLog::add_entry() bucket.name=cghub-tcga now=2015-01-08 15:01:11.747426 cur_expiration=2015-01-08 15:01:41.624942
2015-01-08 15:01:11.747609 7efff37fe700 1 -- 172.16.30.1:0/4159532 --> 172.16.30.14:7035/3142641 -- osd_op(client.2034794.0:1517 .dir.us-phx.1884261.1 [call rgw.bucket_prepare_op] 186.a5acc52d ondisk+write+known_if_redirected e12924) v4 -- ?+0 0x7effe001ae30 con 0x7f005820e410
2015-01-08 15:01:11.761648 7f006f7fe700 1 -- 172.16.30.1:0/4159532 <== osd.40 172.16.30.9:7065/82219 5 ==== osd_op_reply(1516 gc.195 [call] v12924'58 uv58 ondisk = 0) v6 ==== 173+0+0 (212417421 0 0) 0x7f00080028a0 con 0x7f0058386cc0
2015-01-08 15:01:11.761847 7f005e2f0700 1 -- 172.16.30.1:0/4159532 --> 172.16.30.4:6965/3110674 -- osd_op(client.2034794.0:1518 gc.196 [call lock.lock] 183.514af1ee ondisk+write+known_if_redirected e12924) v4 -- ?+0 0x7efff410a650 con 0x7f0058180350
2015-01-08 15:01:11.780791 7f006f7fe700 1 -- 172.16.30.1:0/4159532 <== osd.367 172.16.30.14:7035/3142641 5 ==== osd_op_reply(1513 .dir.us-phx.1884261.1 [call] v12924'222188 uv222188 ack = 0) v6 ==== 188+0+0 (2996260765 0 0) 0x7efeb0004df0 con 0x7f005820e410
2015-01-08 15:01:11.781171 7f006f7fe700 1 -- 172.16.30.1:0/4159532 <== osd.367 172.16.30.14:7035/3142641 6 ==== osd_op_reply(1513 .dir.us-phx.1884261.1 [call] v12924'222188 uv222188 ondisk = 0) v6 ==== 188+0+0 (1064752606 0 0) 0x7efeb0004df0 con 0x7f005820e410
2015-01-08 15:01:11.792743 7f006f7fe700 1 -- 172.16.30.1:0/4159532 <== osd.367 172.16.30.14:7035/3142641 7 ==== osd_op_reply(1517 .dir.us-phx.1884261.1 [call] v12924'222189 uv222189 ondisk = 0) v6 ==== 188+0+0 (1347303695 0 0) 0x7efeb0004df0 con 0x7f005820e410
2015-01-08 15:01:11.793459 7efff37fe700 1 -- 172.16.30.1:0/4159532 --> 172.16.30.5:7095/3335364 -- osd_op(client.2034794.0:1519 us-phx.1884261.1__shadow_ff8a7aac-33d5-4f5e-a0bf-5b3291cd0d0d.bam.2/IFfPqeWYfgEc65-23Y6e_d8bNQT69qd.1_1 [call refcount.put] 196.4d56f415 ondisk+write+known_if_redirected e12924) v4 -- ?+0 0x7effe0022d20 con 0x7f005831e410
2015-01-08 15:01:11.796844 7f006f7fe700 1 -- 172.16.30.1:0/4159532 <== osd.714 172.16.30.4:6965/3110674 2 ==== osd_op_reply(1518 gc.196 [call] v12924'57 uv57 ondisk = 0) v6 ==== 173+0+0 (1785485481 0 0) 0x7efea40096c0 con 0x7f0058180350
2015-01-08 15:01:11.797038 7f005e2f0700 1 -- 172.16.30.1:0/4159532 --> 172.16.30.4:6965/3110674 -- osd_op(client.2034794.0:1520 gc.196 [call rgw.gc_list] 183.514af1ee ack+read+known_if_redirected e12924) v4 -- ?+0 0x7efff410a650 con 0x7f0058180350
2015-01-08 15:01:11.804512 7f006f7fe700 1 -- 172.16.30.1:0/4159532 <== osd.12 172.16.30.5:7095/3335364 4 ==== osd_op_reply(1519 us-phx.1884261.1__shadow_ff8a7aac-33d5-4f5e-a0bf-5b3291cd0d0d.bam.2/IFfPqeWYfgEc65-23Y6e_d8bNQT69qd.1_1 [call] v0'0 uv7912 ondisk = -2 ((2) No such file or directory)) v6 ==== 270+0+0 (214524722 0 0) 0x7efdec008c60 con 0x7f005831e410
2015-01-08 15:01:11.804734 7efff37fe700 1 -- 172.16.30.1:0/4159532 --> 172.16.30.14:7035/3142641 -- osd_op(client.2034794.0:1521 .dir.us-phx.1884261.1 [call rgw.bucket_complete_op] 186.a5acc52d ack+ondisk+write+known_if_redirected e12924) v4 -- ?+0 0x7effe0022d20 con 0x7f005820e410
2015-01-08 15:01:11.804792 7efff37fe700 20 RGWObjManifest::operator++(): rule->part_size=0 rules.size()=1
2015-01-08 15:01:11.804797 7efff37fe700 0 RGWObjManifest::operator++(): result: ofs=8388608 stripe_ofs=8388608 part_ofs=0 rule->part_size=0
2015-01-08 15:01:11.804823 7efff37fe700 20 get_obj_state: rctx=0x7efff37f91f0 obj=cghub-tcga:_shadow_ff8a7aac-33d5-4f5e-a0bf-5b3291cd0d0d.bam.2/IFfPqeWYfgEc65-23Y6e_d8bNQT69qd.1_2 state=0x7effe0029f28 s->prefetch_data=0
2015-01-08 15:01:11.805031 7efff37fe700 1 -- 172.16.30.1:0/4159532 --> 172.16.30.12:6880/1398773 -- osd_op(client.2034794.0:1522 us-phx.1884261.1__shadow_ff8a7aac-33d5-4f5e-a0bf-5b3291cd0d0d.bam.2/IFfPqeWYfgEc65-23Y6e_d8bNQT69qd.1_2 [getxattrs,stat] 196.c184b1f0 ack+read+known_if_redirected e12924) v4 -- ?+0 0x7effe0022d20 con 0x7f0058294de0
2015-01-08 15:01:11.806735 7f006f7fe700 1 -- 172.16.30.1:0/4159532 <== osd.714 172.16.30.4:6965/3110674 3 ==== osd_op_reply(1520 gc.196 [call] v0'0 uv57 ondisk = 0) v6 ==== 173+0+11 (1255969769 0 1993775135) 0x7efea40051a0 con 0x7f0058180350
2015-01-08 15:01:11.806959 7f005e2f0700 1 -- 172.16.30.1:0/4159532 --> 172.16.30.4:6965/3110674 -- osd_op(client.2034794.0:1523 gc.196 [call lock.unlock] 183.514af1ee ondisk+write+known_if_redirected e12924) v4 -- ?+0 0x7efff410a650 con 0x7f0058180350
2015-01-08 15:01:11.812851 7f006f7fe700 1 -- 172.16.30.1:0/4159532 <== osd.518 172.16.30.12:6880/1398773 4 ==== osd_op_reply(1522 us-phx.1884261.1__shadow_ff8a7aac-33d5-4f5e-a0bf-5b3291cd0d0d.bam.2/IFfPqeWYfgEc65-23Y6e_d8bNQT69qd.1_2 [getxattrs,stat] v0'0 uv0 ack = -2 ((2) No such file or directory)) v6 ==== 312+0+0 (2407702567 0 0) 0x7efe40005f50 con 0x7f0058294de0
2015-01-08 15:01:11.813025 7efff37fe700 20 prepare_atomic_for_write_impl: state is not atomic. state=0x7effe0029f28
2015-01-08 15:01:11.813053 7efff37fe700 20 RGWDataChangesLog::add_entry() bucket.name=cghub-tcga now=2015-01-08 15:01:11.813052 cur_expiration=2015-01-08 15:01:41.624942
2015-01-08 15:01:11.813250 7efff37fe700 1 -- 172.16.30.1:0/4159532 --> 172.16.30.14:7035/3142641 -- osd_op(client.2034794.0:1524 .dir.us-phx.1884261.1 [call rgw.bucket_prepare_op] 186.a5acc52d ondisk+write+known_if_redirected e12924) v4 -- ?+0 0x7effe001c800 con 0x7f005820e410
2015-01-08 15:01:11.826743 7f006f7fe700 1 -- 172.16.30.1:0/4159532 <== osd.714 172.16.30.4:6965/3110674 4 ==== osd_op_reply(1523 gc.196 [call] v12924'58 uv58 ondisk = 0) v6 ==== 173+0+0 (3933961508 0 0) 0x7efea40051a0 con 0x7f0058180350
2015-01-08 15:01:11.826945 7f005e2f0700 1 -- 172.16.30.1:0/4159532 --> 172.16.30.14:6950/3141112 -- osd_op(client.2034794.0:1525 gc.197 [call lock.lock] 183.4f667980 ondisk+write+known_if_redirected e12924) v4 -- ?+0 0x7efff410ece0 con 0x7f0058248720
2015-01-08 15:01:11.836682 7f006f7fe700 1 -- 172.16.30.1:0/4159532 <== osd.367 172.16.30.14:7035/3142641 8 ==== osd_op_reply(1521 .dir.us-phx.1884261.1 [call] v12924'222190 uv222190 ack = 0) v6 ==== 188+0+0 (2428597712 0 0) 0x7efeb0004df0 con 0x7f005820e410
2015-01-08 15:01:11.836763 7f006f7fe700 1 -- 172.16.30.1:0/4159532 <== osd.367 172.16.30.14:7035/3142641 9 ==== osd_op_reply(1521 .dir.us-phx.1884261.1 [call] v12924'222190 uv222190 ondisk = 0) v6 ==== 188+0+0 (488697747 0 0) 0x7efeb000c7f0 con 0x7f005820e410
2015-01-08 15:01:11.869751 7f006f7fe700 1 -- 172.16.30.1:0/4159532 <== osd.450 172.16.30.14:6950/3141112 3 ==== osd_op_reply(1525 gc.197 [call] v12924'57 uv57 ondisk = 0) v6 ==== 173+0+0 (902420154 0 0) 0x7effec0098d0 con 0x7f0058248720
2015-01-08 15:01:11.869948 7f005e2f0700 1 -- 172.16.30.1:0/4159532 --> 172.16.30.14:6950/3141112 -- osd_op(client.2034794.0:1526 gc.197 [call rgw.gc_list] 183.4f667980 ack+read+known_if_redirected e12924) v4 -- ?+0 0x7efff410ece0 con 0x7f0058248720
2015-01-08 15:01:11.877372 7f006f7fe700 1 -- 172.16.30.1:0/4159532 <== osd.450 172.16.30.14:6950/3141112 4 ==== osd_op_reply(1526 gc.197 [call] v0'0 uv57 ondisk = 0) v6 ==== 173+0+11 (360259066 0 1993775135) 0x7effec0009c0 con 0x7f0058248720
2015-01-08 15:01:11.877597 7f005e2f0700 1 -- 172.16.30.1:0/4159532 --> 172.16.30.14:6950/3141112 -- osd_op(client.2034794.0:1527 gc.197 [call lock.unlock] 183.4f667980 ondisk+write+known_if_redirected e12924) v4 -- ?+0 0x7efff4110210 con 0x7f0058248720
2015-01-08 15:01:11.900906 7f006f7fe700 1 -- 172.16.30.1:0/4159532 <== osd.450 172.16.30.14:6950/3141112 5 ==== osd_op_reply(1527 gc.197 [call] v12924'58 uv58 ondisk = 0) v6 ==== 173+0+0 (3051287351 0 0) 0x7effec0009c0 con 0x7f0058248720
2015-01-08 15:01:11.901104 7f005e2f0700 1 -- 172.16.30.1:0/4159532 --> 172.16.30.17:7070/107007 -- osd_op(client.2034794.0:1528 gc.198 [call lock.lock] 183.1090680a ondisk+write+known_if_redirected e12924) v4 -- ?+0 0x7efff4110210 con 0x7f00583df5f0
2015-01-08 15:01:11.942658 7f006f7fe700 1 -- 172.16.30.1:0/4159532 <== osd.603 172.16.30.17:7070/107007 2 ==== osd_op_reply(1528 gc.198 [call] v12924'57 uv57 ondisk = 0) v6 ==== 173+0+0 (2710698517 0 0) 0x7efe64004df0 con 0x7f00583df5f0
2015-01-08 15:01:11.942851 7f005e2f0700 1 -- 172.16.30.1:0/4159532 --> 172.16.30.17:7070/107007 -- osd_op(client.2034794.0:1529 gc.198 [call rgw.gc_list] 183.1090680a ack+read+known_if_redirected e12924) v4 -- ?+0 0x7efff4110210 con 0x7f00583df5f0
2015-01-08 15:01:11.949767 7f006f7fe700 1 -- 172.16.30.1:0/4159532 <== osd.603 172.16.30.17:7070/107007 3 ==== osd_op_reply(1529 gc.198 [call] v0'0 uv57 ondisk = 0) v6 ==== 173+0+11 (2166436181 0 1993775135) 0x7efe64004df0 con 0x7f00583df5f0
2015-01-08 15:01:11.949966 7f005e2f0700 1 -- 172.16.30.1:0/4159532 --> 172.16.30.17:7070/107007 -- osd_op(client.2034794.0:1530 gc.198 [call lock.unlock] 183.1090680a ondisk+write+known_if_redirected e12924) v4 -- ?+0 0x7efff4110210 con 0x7f00583df5f0
2015-01-08 15:01:11.958584 7f006f7fe700 1 -- 172.16.30.1:0/4159532 <== osd.367 172.16.30.14:7035/3142641 10 ==== osd_op_reply(1524 .dir.us-phx.1884261.1 [call] v12924'222191 uv222191 ondisk = 0) v6 ==== 188+0+0 (3066788677 0 0) 0x7efeb0004df0 con 0x7f005820e410
2015-01-08 15:01:11.958903 7efff37fe700 1 -- 172.16.30.1:0/4159532 --> 172.16.30.12:6880/1398773 -- osd_op(client.2034794.0:1531 us-phx.1884261.1__shadow_ff8a7aac-33d5-4f5e-a0bf-5b3291cd0d0d.bam.2/IFfPqeWYfgEc65-23Y6e_d8bNQT69qd.1_2 [call refcount.put] 196.c184b1f0 ondisk+write+known_if_redirected e12924) v4 -- ?+0 0x7effe0022d20 con 0x7f0058294de0
2015-01-08 15:01:11.969357 7f006f7fe700 1 -- 172.16.30.1:0/4159532 <== osd.603 172.16.30.17:7070/107007 4 ==== osd_op_reply(1530 gc.198 [call] v12924'58 uv58 ondisk = 0) v6 ==== 173+0+0 (562487192 0 0) 0x7efe64004df0 con 0x7f00583df5f0
2015-01-08 15:01:11.969647 7f005e2f0700 1 -- 172.16.30.1:0/4159532 --> 172.16.30.14:6960/3141273 -- osd_op(client.2034794.0:1532 gc.199 [call lock.lock] 183.6f39cc87 ondisk+write+known_if_redirected e12924) v4 -- ?+0 0x7efff41123c0 con 0x7efff4112010
2015-01-08 15:01:11.971252 7f006f7fe700 1 -- 172.16.30.1:0/4159532 <== osd.518 172.16.30.12:6880/1398773 5 ==== osd_op_reply(1531 us-phx.1884261.1__shadow_ff8a7aac-33d5-4f5e-a0bf-5b3291cd0d0d.bam.2/IFfPqeWYfgEc65-23Y6e_d8bNQT69qd.1_2 [call] v0'0 uv8591 ondisk = -2 ((2) No such file or directory)) v6 ==== 270+0+0 (2056194814 0 0) 0x7efe400076a0 con 0x7f0058294de0
2015-01-08 15:01:11.971496 7efff37fe700 1 -- 172.16.30.1:0/4159532 --> 172.16.30.14:7035/3142641 -- osd_op(client.2034794.0:1533 .dir.us-phx.1884261.1 [call rgw.bucket_complete_op] 186.a5acc52d ack+ondisk+write+known_if_redirected e12924) v4 -- ?+0 0x7effe0022d20 con 0x7f005820e410
2015-01-08 15:01:11.971557 7efff37fe700 20 RGWObjManifest::operator++(): rule->part_size=0 rules.size()=1
2015-01-08 15:01:11.971562 7efff37fe700 0 RGWObjManifest::operator++(): result: ofs=12582912 stripe_ofs=12582912 part_ofs=0 rule->part_size=0
2015-01-08 15:01:11.971589 7efff37fe700 20 get_obj_state: rctx=0x7efff37f91f0 obj=cghub-tcga:_shadow_ff8a7aac-33d5-4f5e-a0bf-5b3291cd0d0d.bam.2/IFfPqeWYfgEc65-23Y6e_d8bNQT69qd.1_3 state=0x7effe0029418 s->prefetch_data=0
2015-01-08 15:01:11.972158 7efff37fe700 1 -- 172.16.30.1:0/4159532 --> 172.16.30.7:6845/3608960 -- osd_op(client.2034794.0:1534 us-phx.1884261.1__shadow_ff8a7aac-33d5-4f5e-a0bf-5b3291cd0d0d.bam.2/IFfPqeWYfgEc65-23Y6e_d8bNQT69qd.1_3 [getxattrs,stat] 196.f42ca6cf ack+read+known_if_redirected e12924) v4 -- ?+0 0x7effe0022d20 con 0x7efff4022e90
2015-01-08 15:01:11.978618 7f006f7fe700 1 -- 172.16.30.1:0/4159532 <== osd.262 172.16.30.7:6845/3608960 10 ==== osd_op_reply(1534 us-phx.1884261.1__shadow_ff8a7aac-33d5-4f5e-a0bf-5b3291cd0d0d.bam.2/IFfPqeWYfgEc65-23Y6e_d8bNQT69qd.1_3 [getxattrs,stat] v0'0 uv0 ack = -2 ((2) No such file or directory)) v6 ==== 312+0+0 (1697378850 0 0) 0x7f004c000d70 con 0x7efff4022e90
2015-01-08 15:01:11.978791 7efff37fe700 20 prepare_atomic_for_write_impl: state is not atomic. state=0x7effe0029418
2015-01-08 15:01:11.978818 7efff37fe700 20 RGWDataChangesLog::add_entry() bucket.name=cghub-tcga now=2015-01-08 15:01:11.978818 cur_expiration=2015-01-08 15:01:41.624942
2015-01-08 15:01:11.978954 7efff37fe700 1 -- 172.16.30.1:0/4159532 --> 172.16.30.14:7035/3142641 -- osd_op(client.2034794.0:1535 .dir.us-phx.1884261.1 [call rgw.bucket_prepare_op] 186.a5acc52d ondisk+write+known_if_redirected e12924) v4 -- ?+0 0x7effe001d360 con 0x7f005820e410
2015-01-08 15:01:12.005367 7f006f7fe700 1 -- 172.16.30.1:0/4159532 <== osd.440 172.16.30.14:6960/3141273 1 ==== osd_op_reply(1532 gc.199 [call] v12924'57 uv57 ondisk = 0) v6 ==== 173+0+0 (520415998 0 0) 0x7efe1000a6b0 con 0x7efff4112010
2015-01-08 15:01:12.005598 7f005e2f0700 1 -- 172.16.30.1:0/4159532 --> 172.16.30.14:6960/3141273 -- osd_op(client.2034794.0:1536 gc.199 [call rgw.gc_list] 183.6f39cc87 ack+read+known_if_redirected e12924) v4 -- ?+0 0x7efff41123c0 con 0x7efff4112010
2015-01-08 15:01:12.014702 7f006f7fe700 1 -- 172.16.30.1:0/4159532 <== osd.367 172.16.30.14:7035/3142641 11 ==== osd_op_reply(1533 .dir.us-phx.1884261.1 [call] v12924'222192 uv222192 ondisk = 0) v6 ==== 188+0+0 (2328731392 0 0) 0x7efeb0004df0 con 0x7f005820e410
2015-01-08 15:01:12.015626 7f006f7fe700 1 -- 172.16.30.1:0/4159532 <== osd.440 172.16.30.14:6960/3141273 2 ==== osd_op_reply(1536 gc.199 [call] v0'0 uv57 ondisk = 0) v6 ==== 173+0+11 (1068769726 0 1993775135) 0x7efe1000a6b0 con 0x7efff4112010
2015-01-08 15:01:12.015828 7f005e2f0700 1 -- 172.16.30.1:0/4159532 --> 172.16.30.14:6960/3141273 -- osd_op(client.2034794.0:1537 gc.199 [call lock.unlock] 183.6f39cc87 ondisk+write+known_if_redirected e12924) v4 -- ?+0 0x7efff41123c0 con 0x7efff4112010
2015-01-08 15:01:12.025850 7f006f7fe700 1 -- 172.16.30.1:0/4159532 <== osd.367 172.16.30.14:7035/3142641 12 ==== osd_op_reply(1535 .dir.us-phx.1884261.1 [call] v12924'222193 uv222193 ondisk = 0) v6 ==== 188+0+0 (556141526 0 0) 0x7efeb0004df0 con 0x7f005820e410
2015-01-08 15:01:12.026492 7efff37fe700 1 -- 172.16.30.1:0/4159532 --> 172.16.30.7:6845/3608960 -- osd_op(client.2034794.0:1538 us-phx.1884261.1__shadow_ff8a7aac-33d5-4f5e-a0bf-5b3291cd0d0d.bam.2/IFfPqeWYfgEc65-23Y6e_d8bNQT69qd.1_3 [call refcount.put] 196.f42ca6cf ondisk+write+known_if_redirected e12924) v4 -- ?+0 0x7effe0022d20 con 0x7efff4022e90
2015-01-08 15:01:12.035600 7f006f7fe700 1 -- 172.16.30.1:0/4159532 <== osd.262 172.16.30.7:6845/3608960 11 ==== osd_op_reply(1538 us-phx.1884261.1__shadow_ff8a7aac-33d5-4f5e-a0bf-5b3291cd0d0d.bam.2/IFfPqeWYfgEc65-23Y6e_d8bNQT69qd.1_3 [call] v0'0 uv8079 ondisk = -2 ((2) No such file or directory)) v6 ==== 270+0+0 (888421152 0 0) 0x7f004c000d70 con 0x7efff4022e90
2015-01-08 15:01:12.035817 7efff37fe700 1 -- 172.16.30.1:0/4159532 --> 172.16.30.14:7035/3142641 -- osd_op(client.2034794.0:1539 .dir.us-phx.1884261.1 [call rgw.bucket_complete_op] 186.a5acc52d ack+ondisk+write+known_if_redirected e12924) v4 -- ?+0 0x7effe0022d20 con 0x7f005820e410
2015-01-08 15:01:12.035878 7efff37fe700 20 RGWObjManifest::operator++(): rule->part_size=0 rules.size()=1
2015-01-08 15:01:12.035883 7efff37fe700 0 RGWObjManifest::operator++(): result: ofs=16777216 stripe_ofs=16777216 part_ofs=0 rule->part_size=0
2015-01-08 15:01:12.035911 7efff37fe700 20 get_obj_state: rctx=0x7efff37f91f0 obj=cghub-tcga:_shadow_ff8a7aac-33d5-4f5e-a0bf-5b3291cd0d0d.bam.2/IFfPqeWYfgEc65-23Y6e_d8bNQT69qd.1_4 state=0x7effe00377c8 s->prefetch_data=0
2015-01-08 15:01:12.036112 7efff37fe700 1 -- 172.16.30.1:0/4159532 --> 172.16.30.15:6935/3388763 -- osd_op(client.2034794.0:1540 us-phx.1884261.1__shadow_ff8a7aac-33d5-4f5e-a0bf-5b3291cd0d0d.bam.2/IFfPqeWYfgEc65-23Y6e_d8bNQT69qd.1_4 [getxattrs,stat] 196.59c3c462 ack+read+known_if_redirected e12924) v4 -- ?+0 0x7effe0022d20 con 0x7f0058178dc0
2015-01-08 15:01:12.037965 7f006f7fe700 1 -- 172.16.30.1:0/4159532 <== osd.440 172.16.30.14:6960/3141273 3 ==== osd_op_reply(1537 gc.199 [call] v12924'58 uv58 ondisk = 0) v6 ==== 173+0+0 (2668875635 0 0) 0x7efe1000a6b0 con 0x7efff4112010
2015-01-08 15:01:12.038162 7f005e2f0700 1 -- 172.16.30.1:0/4159532 --> 172.16.30.13:6905/3096489 -- osd_op(client.2034794.0:1541 gc.200 [call lock.lock] 183.a74b875a ondisk+write+known_if_redirected e12924) v4 -- ?+0 0x7efff41123c0 con 0x7f005832eb10
2015-01-08 15:01:12.044663 7f006f7fe700 1 -- 172.16.30.1:0/4159532 <== osd.473 172.16.30.15:6935/3388763 3 ==== osd_op_reply(1540 us-phx.1884261.1__shadow_ff8a7aac-33d5-4f5e-a0bf-5b3291cd0d0d.bam.2/IFfPqeWYfgEc65-23Y6e_d8bNQT69qd.1_4 [getxattrs,stat] v0'0 uv0 ack = -2 ((2) No such file or directory)) v6 ==== 312+0+0 (4226303013 0 0) 0x7efe80007690 con 0x7f0058178dc0
2015-01-08 15:01:12.044855 7efff37fe700 20 prepare_atomic_for_write_impl: state is not atomic. state=0x7effe00377c8
2015-01-08 15:01:12.044883 7efff37fe700 20 RGWDataChangesLog::add_entry() bucket.name=cghub-tcga now=2015-01-08 15:01:12.044883 cur_expiration=2015-01-08 15:01:41.624942
2015-01-08 15:01:12.045015 7efff37fe700 1 -- 172.16.30.1:0/4159532 --> 172.16.30.14:7035/3142641 -- osd_op(client.2034794.0:1542 .dir.us-phx.1884261.1 [call rgw.bucket_prepare_op] 186.a5acc52d ondisk+write+known_if_redirected e12924) v4 -- ?+0 0x7effe001ff70 con 0x7f005820e410
2015-01-08 15:01:12.069120 7f006f7fe700 1 -- 172.16.30.1:0/4159532 <== osd.500 172.16.30.13:6905/3096489 4 ==== osd_op_reply(1541 gc.200 [call] v12924'57 uv57 ondisk = 0) v6 ==== 173+0+0 (1377740179 0 0) 0x7efe3c0092f0 con 0x7f005832eb10
2015-01-08 15:01:12.069348 7f005e2f0700 1 -- 172.16.30.1:0/4159532 --> 172.16.30.13:6905/3096489 -- osd_op(client.2034794.0:1543 gc.200 [call rgw.gc_list] 183.a74b875a ack+read+known_if_redirected e12924) v4 -- ?+0 0x7efff41123c0 con 0x7f005832eb10
2015-01-08 15:01:12.070479 7f006f7fe700 1 -- 172.16.30.1:0/4159532 <== osd.367 172.16.30.14:7035/3142641 13 ==== osd_op_reply(1539 .dir.us-phx.1884261.1 [call] v12924'222194 uv222194 ack = 0) v6 ==== 188+0+0 (3785967369 0 0) 0x7efeb0004df0 con 0x7f005820e410
2015-01-08 15:01:12.070733 7f006f7fe700 1 -- 172.16.30.1:0/4159532 <== osd.367 172.16.30.14:7035/3142641 14 ==== osd_op_reply(1539 .dir.us-phx.1884261.1 [call] v12924'222194 uv222194 ondisk = 0) v6 ==== 188+0+0 (1816714570 0 0) 0x7efeb0004df0 con 0x7f005820e410
2015-01-08 15:01:12.076069 7f006f7fe700 1 -- 172.16.30.1:0/4159532 <== osd.500 172.16.30.13:6905/3096489 5 ==== osd_op_reply(1543 gc.200 [call] v0'0 uv57 ondisk = 0) v6 ==== 173+0+11 (1924034259 0 1993775135) 0x7efe3c0092f0 con 0x7f005832eb10
2015-01-08 15:01:12.076273 7f005e2f0700 1 -- 172.16.30.1:0/4159532 --> 172.16.30.13:6905/3096489 -- osd_op(client.2034794.0:1544 gc.200 [call lock.unlock] 183.a74b875a ondisk+write+known_if_redirected e12924) v4 -- ?+0 0x7efff41123c0 con 0x7f005832eb10
2015-01-08 15:01:12.077903 7f006f7fe700 1 -- 172.16.30.1:0/4159532 <== osd.367 172.16.30.14:7035/3142641 15 ==== osd_op_reply(1542 .dir.us-phx.1884261.1 [call] v12924'222195 uv222195 ondisk = 0) v6 ==== 188+0+0 (3349367196 0 0) 0x7efeb0004df0 con 0x7f005820e410
2015-01-08 15:01:12.078200 7efff37fe700 1 -- 172.16.30.1:0/4159532 --> 172.16.30.15:6935/3388763 -- osd_op(client.2034794.0:1545 us-phx.1884261.1__shadow_ff8a7aac-33d5-4f5e-a0bf-5b3291cd0d0d.bam.2/IFfPqeWYfgEc65-23Y6e_d8bNQT69qd.1_4 [call refcount.put] 196.59c3c462 ondisk+write+known_if_redirected e12924) v4 -- ?+0 0x7effe001def0 con 0x7f0058178dc0
2015-01-08 15:01:12.091193 7f006f7fe700 1 -- 172.16.30.1:0/4159532 <== osd.473 172.16.30.15:6935/3388763 4 ==== osd_op_reply(1545 us-phx.1884261.1__shadow_ff8a7aac-33d5-4f5e-a0bf-5b3291cd0d0d.bam.2/IFfPqeWYfgEc65-23Y6e_d8bNQT69qd.1_4 [call] v0'0 uv8269 ondisk = -2 ((2) No such file or directory)) v6 ==== 270+0+0 (3157671992 0 0) 0x7efe80007690 con 0x7f0058178dc0
2015-01-08 15:01:12.091408 7efff37fe700 1 -- 172.16.30.1:0/4159532 --> 172.16.30.14:7035/3142641 -- osd_op(client.2034794.0:1546 .dir.us-phx.1884261.1 [call rgw.bucket_complete_op] 186.a5acc52d ack+ondisk+write+known_if_redirected e12924) v4 -- ?+0 0x7effe001def0 con 0x7f005820e410
2015-01-08 15:01:12.091468 7efff37fe700 20 RGWObjManifest::operator++(): rule->part_size=0 rules.size()=1
2015-01-08 15:01:12.091473 7efff37fe700 0 RGWObjManifest::operator++(): result: ofs=20971520 stripe_ofs=20971520 part_ofs=0 rule->part_size=0
2015-01-08 15:01:12.091500 7efff37fe700 20 get_obj_state: rctx=0x7efff37f91f0 obj=cghub-tcga:_shadow_ff8a7aac-33d5-4f5e-a0bf-5b3291cd0d0d.bam.2/IFfPqeWYfgEc65-23Y6e_d8bNQT69qd.1_5 state=0x7effe003d118 s->prefetch_data=0
2015-01-08 15:01:12.093192 7efff37fe700 1 -- 172.16.30.1:0/4159532 --> 172.16.30.3:6910/3600849 -- osd_op(client.2034794.0:1547 us-phx.1884261.1__shadow_ff8a7aac-33d5-4f5e-a0bf-5b3291cd0d0d.bam.2/IFfPqeWYfgEc65-23Y6e_d8bNQT69qd.1_5 [getxattrs,stat] 196.25529e71 ack+read+known_if_redirected e12924) v4 -- ?+0 0x7effe001ff70 con 0x7effe002abf0
2015-01-08 15:01:12.094534 7f006f7fe700 1 -- 172.16.30.1:0/4159532 <== osd.500 172.16.30.13:6905/3096489 6 ==== osd_op_reply(1544 gc.200 [call] v12924'58 uv58 ondisk = 0) v6 ==== 173+0+0 (3523837982 0 0) 0x7efe3c0092f0 con 0x7f005832eb10
2015-01-08 15:01:12.094735 7f005e2f0700 1 -- 172.16.30.1:0/4159532 --> 172.16.30.9:6810/78446 -- osd_op(client.2034794.0:1548 gc.201 [call lock.lock] 183.6bdbff42 ondisk+write+known_if_redirected e12924) v4 -- ?+0 0x7efff41123c0 con 0x7f005822a960
2015-01-08 15:01:12.109287 7f006f7fe700 1 -- 172.16.30.1:0/4159532 <== osd.737 172.16.30.3:6910/3600849 1 ==== osd_op_reply(1547 us-phx.1884261.1__shadow_ff8a7aac-33d5-4f5e-a0bf-5b3291cd0d0d.bam.2/IFfPqeWYfgEc65-23Y6e_d8bNQT69qd.1_5 [getxattrs,stat] v0'0 uv0 ack = -2 ((2) No such file or directory)) v6 ==== 312+0+0 (2597744575 0 0) 0x7efe24007130 con 0x7effe002abf0
2015-01-08 15:01:12.109421 7efff37fe700 20 prepare_atomic_for_write_impl: state is not atomic. state=0x7effe003d118
2015-01-08 15:01:12.109447 7efff37fe700 20 RGWDataChangesLog::add_entry() bucket.name=cghub-tcga now=2015-01-08 15:01:12.109446 cur_expiration=2015-01-08 15:01:41.624942
2015-01-08 15:01:12.109582 7efff37fe700 1 -- 172.16.30.1:0/4159532 --> 172.16.30.14:7035/3142641 -- osd_op(client.2034794.0:1549 .dir.us-phx.1884261.1 [call rgw.bucket_prepare_op] 186.a5acc52d ondisk+write+known_if_redirected e12924) v4 -- ?+0 0x7effe001ff70 con 0x7f005820e410
2015-01-08 15:01:12.127502 7f006f7fe700 1 -- 172.16.30.1:0/4159532 <== osd.367 172.16.30.14:7035/3142641 16 ==== osd_op_reply(1546 .dir.us-phx.1884261.1 [call] v12924'222196 uv222196 ondisk = 0) v6 ==== 188+0+0 (1110142309 0 0) 0x7efeb0004df0 con 0x7f005820e410
2015-01-08 15:01:12.138676 7f006f7fe700 1 -- 172.16.30.1:0/4159532 <== osd.367 172.16.30.14:7035/3142641 17 ==== osd_op_reply(1549 .dir.us-phx.1884261.1 [call] v12924'222197 uv222197 ondisk = 0) v6 ==== 188+0+0 (3921738163 0 0) 0x7efeb0004df0 con 0x7f005820e410
2015-01-08 15:01:12.139842 7f006f7fe700 1 -- 172.16.30.1:0/4159532 <== osd.296 172.16.30.9:6810/78446 2 ==== osd_op_reply(1548 gc.201 [call] v12924'57 uv57 ondisk = 0) v6 ==== 173+0+0 (1607317190 0 0) 0x7eff40004f20 con 0x7f005822a960
2015-01-08 15:01:12.140398 7efff37fe700 1 -- 172.16.30.1:0/4159532 --> 172.16.30.3:6910/3600849 -- osd_op(client.2034794.0:1550 us-phx.1884261.1__shadow_ff8a7aac-33d5-4f5e-a0bf-5b3291cd0d0d.bam.2/IFfPqeWYfgEc65-23Y6e_d8bNQT69qd.1_5 [call refcount.put] 196.25529e71 ondisk+write+known_if_redirected e12924) v4 -- ?+0 0x7effe0026930 con 0x7effe002abf0
2015-01-08 15:01:12.140479 7f005e2f0700 1 -- 172.16.30.1:0/4159532 --> 172.16.30.9:6810/78446 -- osd_op(client.2034794.0:1551 gc.201 [call rgw.gc_list] 183.6bdbff42 ack+read+known_if_redirected e12924) v4 -- ?+0 0x7efff41123c0 con 0x7f005822a960
2015-01-08 15:01:12.148546 7f006f7fe700 1 -- 172.16.30.1:0/4159532 <== osd.296 172.16.30.9:6810/78446 3 ==== osd_op_reply(1551 gc.201 [call] v0'0 uv57 ondisk = 0) v6 ==== 173+0+11 (2138930566 0 1993775135) 0x7eff40004f20 con 0x7f005822a960
2015-01-08 15:01:12.148748 7f005e2f0700 1 -- 172.16.30.1:0/4159532 --> 172.16.30.9:6810/78446 -- osd_op(client.2034794.0:1552 gc.201 [call lock.unlock] 183.6bdbff42 ondisk+write+known_if_redirected e12924) v4 -- ?+0 0x7efff41123c0 con 0x7f005822a960
2015-01-08 15:01:12.158461 7f006f7fe700 1 -- 172.16.30.1:0/4159532 <== osd.737 172.16.30.3:6910/3600849 2 ==== osd_op_reply(1550 us-phx.1884261.1__shadow_ff8a7aac-33d5-4f5e-a0bf-5b3291cd0d0d.bam.2/IFfPqeWYfgEc65-23Y6e_d8bNQT69qd.1_5 [call] v0'0 uv8561 ondisk = -2 ((2) No such file or directory)) v6 ==== 270+0+0 (293814930 0 0) 0x7efe24007130 con 0x7effe002abf0
2015-01-08 15:01:12.158678 7efff37fe700 1 -- 172.16.30.1:0/4159532 --> 172.16.30.14:7035/3142641 -- osd_op(client.2034794.0:1553 .dir.us-phx.1884261.1 [call rgw.bucket_complete_op] 186.a5acc52d ack+ondisk+write+known_if_redirected e12924) v4 -- ?+0 0x7effe0026930 con 0x7f005820e410
2015-01-08 15:01:12.158736 7efff37fe700 20 RGWObjManifest::operator++(): rule->part_size=0 rules.size()=1
2015-01-08 15:01:12.158741 7efff37fe700 0 RGWObjManifest::operator++(): result: ofs=25165824 stripe_ofs=25165824 part_ofs=0 rule->part_size=0
2015-01-08 15:01:12.158767 7efff37fe700 20 get_obj_state: rctx=0x7efff37f91f0 obj=cghub-tcga:_shadow_ff8a7aac-33d5-4f5e-a0bf-5b3291cd0d0d.bam.2/IFfPqeWYfgEc65-23Y6e_d8bNQT69qd.1_6 state=0x7effe003d588 s->prefetch_data=0
2015-01-08 15:01:12.159641 7efff37fe700 1 -- 172.16.30.1:0/4159532 --> 172.16.30.9:6965/80441 -- osd_op(client.2034794.0:1554 us-phx.1884261.1__shadow_ff8a7aac-33d5-4f5e-a0bf-5b3291cd0d0d.bam.2/IFfPqeWYfgEc65-23Y6e_d8bNQT69qd.1_6 [getxattrs,stat] 196.3029f433 ack+read+known_if_redirected e12924) v4 -- ?+0 0x7effe0026930 con 0x7f005811bde0
2015-01-08 15:01:12.170267 7f006f7fe700 1 -- 172.16.30.1:0/4159532 <== osd.140 172.16.30.9:6965/80441 2 ==== osd_op_reply(1554 us-phx.1884261.1__shadow_ff8a7aac-33d5-4f5e-a0bf-5b3291cd0d0d.bam.2/IFfPqeWYfgEc65-23Y6e_d8bNQT69qd.1_6 [getxattrs,stat] v0'0 uv0 ack = -2 ((2) No such file or directory)) v6 ==== 312+0+0 (1313018316 0 0) 0x7eff940051a0 con 0x7f005811bde0
2015-01-08 15:01:12.170445 7efff37fe700 20 prepare_atomic_for_write_impl: state is not atomic. state=0x7effe003d588
2015-01-08 15:01:12.170472 7efff37fe700 20 RGWDataChangesLog::add_entry() bucket.name=cghub-tcga now=2015-01-08 15:01:12.170471 cur_expiration=2015-01-08 15:01:41.624942
2015-01-08 15:01:12.170609 7efff37fe700 1 -- 172.16.30.1:0/4159532 --> 172.16.30.14:7035/3142641 -- osd_op(client.2034794.0:1555 .dir.us-phx.1884261.1 [call rgw.bucket_prepare_op] 186.a5acc52d ondisk+write+known_if_redirected e12924) v4 -- ?+0 0x7effe0041010 con 0x7f005820e410
2015-01-08 15:01:12.190917 7f006f7fe700 1 -- 172.16.30.1:0/4159532 <== osd.296 172.16.30.9:6810/78446 4 ==== osd_op_reply(1552 gc.201 [call] v12924'58 uv58 ondisk = 0) v6 ==== 173+0+0 (3755643723 0 0) 0x7eff40004f20 con 0x7f005822a960
2015-01-08 15:01:12.191126 7f005e2f0700 1 -- 172.16.30.1:0/4159532 --> 172.16.30.17:6845/103334 -- osd_op(client.2034794.0:1556 gc.202 [call lock.lock] 183.cb245d65 ondisk+write+known_if_redirected e12924) v4 -- ?+0 0x7efff41123c0 con 0x7f00582df350
2015-01-08 15:01:12.201069 7f006f7fe700 1 -- 172.16.30.1:0/4159532 <== osd.367 172.16.30.14:7035/3142641 18 ==== osd_op_reply(1553 .dir.us-phx.1884261.1 [call] v12924'222198 uv222198 ack = 0) v6 ==== 188+0+0 (693089644 0 0) 0x7efeb0004df0 con 0x7f005820e410
2015-01-08 15:01:12.201163 7f006f7fe700 1 -- 172.16.30.1:0/4159532 <== osd.367 172.16.30.14:7035/3142641 19 ==== osd_op_reply(1553 .dir.us-phx.1884261.1 [call] v12924'222198 uv222198 ondisk = 0) v6 ==== 188+0+0 (2762878767 0 0) 0x7efeb0005d70 con 0x7f005820e410
2015-01-08 15:01:12.211241 7f006f7fe700 1 -- 172.16.30.1:0/4159532 <== osd.367 172.16.30.14:7035/3142641 20 ==== osd_op_reply(1555 .dir.us-phx.1884261.1 [call] v12924'222199 uv222199 ondisk = 0) v6 ==== 188+0+0 (256228345 0 0) 0x7efeb0005d70 con 0x7f005820e410
2015-01-08 15:01:12.212259 7efff37fe700 1 -- 172.16.30.1:0/4159532 --> 172.16.30.9:6965/80441 -- osd_op(client.2034794.0:1557 us-phx.1884261.1__shadow_ff8a7aac-33d5-4f5e-a0bf-5b3291cd0d0d.bam.2/IFfPqeWYfgEc65-23Y6e_d8bNQT69qd.1_6 [call refcount.put] 196.3029f433 ondisk+write+known_if_redirected e12924) v4 -- ?+0 0x7effe0026930 con 0x7f005811bde0
2015-01-08 15:01:12.228056 7f006f7fe700 1 -- 172.16.30.1:0/4159532 <== osd.140 172.16.30.9:6965/80441 3 ==== osd_op_reply(1557 us-phx.1884261.1__shadow_ff8a7aac-33d5-4f5e-a0bf-5b3291cd0d0d.bam.2/IFfPqeWYfgEc65-23Y6e_d8bNQT69qd.1_6 [call] v0'0 uv8417 ondisk = -2 ((2) No such file or directory)) v6 ==== 270+0+0 (4011500074 0 0) 0x7eff9400cd40 con 0x7f005811bde0
2015-01-08 15:01:12.228292 7efff37fe700 1 -- 172.16.30.1:0/4159532 --> 172.16.30.14:7035/3142641 -- osd_op(client.2034794.0:1558 .dir.us-phx.1884261.1 [call rgw.bucket_complete_op] 186.a5acc52d ack+ondisk+write+known_if_redirected e12924) v4 -- ?+0 0x7effe0041050 con 0x7f005820e410
2015-01-08 15:01:12.228352 7efff37fe700 20 RGWObjManifest::operator++(): rule->part_size=0 rules.size()=1
2015-01-08 15:01:12.228357 7efff37fe700 0 RGWObjManifest::operator++(): result: ofs=29360128 stripe_ofs=29360128 part_ofs=0 rule->part_size=0
2015-01-08 15:01:12.228385 7efff37fe700 20 get_obj_state: rctx=0x7efff37f91f0 obj=cghub-tcga:_shadow_ff8a7aac-33d5-4f5e-a0bf-5b3291cd0d0d.bam.2/IFfPqeWYfgEc65-23Y6e_d8bNQT69qd.1_7 state=0x7effe003f098 s->prefetch_data=0
2015-01-08 15:01:12.229317 7efff37fe700 1 -- 172.16.30.1:0/4159532 --> 172.16.30.16:6935/2753509 -- osd_op(client.2034794.0:1559 us-phx.1884261.1__shadow_ff8a7aac-33d5-4f5e-a0bf-5b3291cd0d0d.bam.2/IFfPqeWYfgEc65-23Y6e_d8bNQT69qd.1_7 [getxattrs,stat] 196.9b3898bd ack+read+known_if_redirected e12924) v4 -- ?+0 0x7effe0041050 con 0x7f00582a52a0
2015-01-08 15:01:12.229862 7f006f7fe700 1 -- 172.16.30.1:0/4159532 <== osd.652 172.16.30.17:6845/103334 2 ==== osd_op_reply(1556 gc.202 [call] v12924'57 uv57 ondisk = 0) v6 ==== 173+0+0 (1405863322 0 0) 0x7efff41123c0 con 0x7f00582df350
2015-01-08 15:01:12.230074 7f005e2f0700 1 -- 172.16.30.1:0/4159532 --> 172.16.30.17:6845/103334 -- osd_op(client.2034794.0:1560 gc.202 [call rgw.gc_list] 183.cb245d65 ack+read+known_if_redirected e12924) v4 -- ?+0 0x7efff41123c0 con 0x7f00582df350
2015-01-08 15:01:12.238603 7f006f7fe700 1 -- 172.16.30.1:0/4159532 <== osd.652 172.16.30.17:6845/103334 3 ==== osd_op_reply(1560 gc.202 [call] v0'0 uv57 ondisk = 0) v6 ==== 173+0+11 (1937444570 0 1993775135) 0x7efff41123c0 con 0x7f00582df350
2015-01-08 15:01:12.238786 7f005e2f0700 1 -- 172.16.30.1:0/4159532 --> 172.16.30.17:6845/103334 -- osd_op(client.2034794.0:1561 gc.202 [call lock.unlock] 183.cb245d65 ondisk+write+known_if_redirected e12924) v4 -- ?+0 0x7efff41123c0 con 0x7f00582df350
2015-01-08 15:01:12.239319 7f006f7fe700 1 -- 172.16.30.1:0/4159532 <== osd.467 172.16.30.16:6935/2753509 2 ==== osd_op_reply(1559 us-phx.1884261.1__shadow_ff8a7aac-33d5-4f5e-a0bf-5b3291cd0d0d.bam.2/IFfPqeWYfgEc65-23Y6e_d8bNQT69qd.1_7 [getxattrs,stat] v0'0 uv0 ack = -2 ((2) No such file or directory)) v6 ==== 312+0+0 (3772546280 0 0) 0x7efea0004df0 con 0x7f00582a52a0
2015-01-08 15:01:12.239453 7efff37fe700 20 prepare_atomic_for_write_impl: state is not atomic. state=0x7effe003f098
2015-01-08 15:01:12.239470 7efff37fe700 20 RGWDataChangesLog::add_entry() bucket.name=cghub-tcga now=2015-01-08 15:01:12.239470 cur_expiration=2015-01-08 15:01:41.624942
2015-01-08 15:01:12.239604 7efff37fe700 1 -- 172.16.30.1:0/4159532 --> 172.16.30.14:7035/3142641 -- osd_op(client.2034794.0:1562 .dir.us-phx.1884261.1 [call rgw.bucket_prepare_op] 186.a5acc52d ondisk+write+known_if_redirected e12924) v4 -- ?+0 0x7effe003f680 con 0x7f005820e410
2015-01-08 15:01:12.261360 7f006f7fe700 1 -- 172.16.30.1:0/4159532 <== osd.367 172.16.30.14:7035/3142641 21 ==== osd_op_reply(1558 .dir.us-phx.1884261.1 [call] v12924'222200 uv222200 ack = 0) v6 ==== 188+0+0 (2467141496 0 0) 0x7efeb0005d70 con 0x7f005820e410
2015-01-08 15:01:12.261421 7f006f7fe700 1 -- 172.16.30.1:0/4159532 <== osd.367 172.16.30.14:7035/3142641 22 ==== osd_op_reply(1558 .dir.us-phx.1884261.1 [call] v12924'222200 uv222200 ondisk = 0) v6 ==== 188+0+0 (518786363 0 0) 0x7efeb0004df0 con 0x7f005820e410
2015-01-08 15:01:12.262117 7f006f7fe700 1 -- 172.16.30.1:0/4159532 <== osd.652 172.16.30.17:6845/103334 4 ==== osd_op_reply(1561 gc.202 [call] v12924'58 uv58 ondisk = 0) v6 ==== 173+0+0 (3554467863 0 0) 0x7efff41123c0 con 0x7f00582df350
2015-01-08 15:01:12.262317 7f005e2f0700 1 -- 172.16.30.1:0/4159532 --> 172.16.30.13:6815/3095388 -- osd_op(client.2034794.0:1563 gc.203 [call lock.lock] 183.42da0099 ondisk+write+known_if_redirected e12924) v4 -- ?+0 0x7efff41123c0 con 0x7f005821bae0
2015-01-08 15:01:12.269776 7f006f7fe700 1 -- 172.16.30.1:0/4159532 <== osd.367 172.16.30.14:7035/3142641 23 ==== osd_op_reply(1562 .dir.us-phx.1884261.1 [call] v12924'222201 uv222201 ondisk = 0) v6 ==== 188+0+0 (3037174253 0 0) 0x7efeb0005d70 con 0x7f005820e410
2015-01-08 15:01:12.270802 7efff37fe700 1 -- 172.16.30.1:0/4159532 --> 172.16.30.16:6935/2753509 -- osd_op(client.2034794.0:1564 us-phx.1884261.1__shadow_ff8a7aac-33d5-4f5e-a0bf-5b3291cd0d0d.bam.2/IFfPqeWYfgEc65-23Y6e_d8bNQT69qd.1_7 [call refcount.put] 196.9b3898bd ondisk+write+known_if_redirected e12924) v4 -- ?+0 0x7effe0026930 con 0x7f00582a52a0
2015-01-08 15:01:12.285925 7f006f7fe700 1 -- 172.16.30.1:0/4159532 <== osd.467 172.16.30.16:6935/2753509 3 ==== osd_op_reply(1564 us-phx.1884261.1__shadow_ff8a7aac-33d5-4f5e-a0bf-5b3291cd0d0d.bam.2/IFfPqeWYfgEc65-23Y6e_d8bNQT69qd.1_7 [call] v0'0 uv8517 ondisk = -2 ((2) No such file or directory)) v6 ==== 270+0+0 (2707442453 0 0) 0x7efea0004df0 con 0x7f00582a52a0
