2015-01-02 14:23:05.700473 7f91f67d0700 1 -- 172.16.30.1:0/3227803 <== osd.759 172.16.30.3:6855/3600222 1 ==== osd_op_reply(1134 us-phx.1453348.1__shadow_140a474a-8b92-48a5-b1ee-81e49782bc9c.bam.2/wqyeeHIFmBa5o3CEyKF0GRqwQpmDQ1M.1_82 [getxattrs,stat] v0'0 uv0 ack = -2 ((2) No such file or directory)) v6 ==== 313+0+0 (2784215763 0 0) 0x7f91dc001c20 con 0x7f8f5c1a0e50
2015-01-02 14:23:05.700608 7f8e7ffd7700 20 prepare_atomic_for_write_impl: state is not atomic. state=0x7f8f5c19f248
2015-01-02 14:23:05.700633 7f8e7ffd7700 20 RGWDataChangesLog::add_entry() bucket.name=cghub-tcga now=2015-01-02 14:23:05.700633 cur_expiration=2015-01-02 14:23:29.807824
2015-01-02 14:23:05.700795 7f8e7ffd7700 1 -- 172.16.30.1:0/3227803 --> 172.16.30.15:6960/3389118 -- osd_op(client.1565140.0:1135 .dir.us-phx.1453348.1 [call rgw.bucket_prepare_op] 33.2acd6d1e ondisk+write+known_if_redirected e8332) v4 -- ?+0 0x7f8f5c1a10e0 con 0x7f9180030010
2015-01-02 14:23:05.725597 7f91f67d0700 1 -- 172.16.30.1:0/3227803 <== osd.303 172.16.30.15:7105/3391722 2 ==== osd_op_reply(1131 data_log.112 [call] v8332'898 uv898 ondisk = 0) v6 ==== 179+0+0 (2579614721 0 0) 0x7f8fb8005dd0 con 0x7f8f5c0bb280
2015-01-02 14:23:05.725722 7f91ee7fc700 20 RGWDataChangesLog::update_renewd() bucket_name=cghub-tcga expiration=2015-01-02 14:23:35.680232
2015-01-02 14:23:05.737510 7f91f67d0700 1 -- 172.16.30.1:0/3227803 <== osd.449 172.16.30.15:6960/3389118 231 ==== osd_op_reply(1133 .dir.us-phx.1453348.1 [call] v8332'653998 uv653998 ack = 0) v6 ==== 188+0+0 (1023631037 0 0) 0x7f8fd8005440 con 0x7f9180030010
2015-01-02 14:23:05.737982 7f91f67d0700 1 -- 172.16.30.1:0/3227803 <== osd.449 172.16.30.15:6960/3389118 232 ==== osd_op_reply(1133 .dir.us-phx.1453348.1 [call] v8332'653998 uv653998 ondisk = 0) v6 ==== 188+0+0 (2967651582 0 0) 0x7f8fd8005440 con 0x7f9180030010
2015-01-02 14:23:05.748863 7f91f67d0700 1 -- 172.16.30.1:0/3227803 <== osd.449 172.16.30.15:6960/3389118 233 ==== osd_op_reply(1135 .dir.us-phx.1453348.1 [call] v8332'653999 uv653999 ondisk = 0) v6 ==== 188+0+0 (3755616303 0 0) 0x7f8fd8005440 con 0x7f9180030010
2015-01-02 14:23:05.749057 7f8e7ffd7700 1 -- 172.16.30.1:0/3227803 --> 172.16.30.3:6855/3600222 -- osd_op(client.1565140.0:1136 us-phx.1453348.1__shadow_140a474a-8b92-48a5-b1ee-81e49782bc9c.bam.2/wqyeeHIFmBa5o3CEyKF0GRqwQpmDQ1M.1_82 [call refcount.put] 27.a7b37b2e ondisk+write+known_if_redirected e8332) v4 -- ?+0 0x7f8f5c18f050 con 0x7f8f5c1a0e50
2015-01-02 14:23:05.757048 7f91f67d0700 1 -- 172.16.30.1:0/3227803 <== osd.759 172.16.30.3:6855/3600222 2 ==== osd_op_reply(1136 us-phx.1453348.1__shadow_140a474a-8b92-48a5-b1ee-81e49782bc9c.bam.2/wqyeeHIFmBa5o3CEyKF0GRqwQpmDQ1M.1_82 [call] v0'0 uv1950 ondisk = -2 ((2) No such file or directory)) v6 ==== 271+0+0 (337730828 0 0) 0x7f91dc002000 con 0x7f8f5c1a0e50
2015-01-02 14:23:05.757291 7f8e7ffd7700 1 -- 172.16.30.1:0/3227803 --> 172.16.30.15:6960/3389118 -- osd_op(client.1565140.0:1137 .dir.us-phx.1453348.1 [call rgw.bucket_complete_op] 33.2acd6d1e ack+ondisk+write+known_if_redirected e8332) v4 -- ?+0 0x7f8f5c18f050 con 0x7f9180030010
2015-01-02 14:23:05.757351 7f8e7ffd7700 20 RGWObjManifest::operator++(): rule->part_size=0 rules.size()=1
2015-01-02 14:23:05.757355 7f8e7ffd7700 0 RGWObjManifest::operator++(): result: ofs=348127232 stripe_ofs=348127232 part_ofs=0 rule->part_size=0
2015-01-02 14:23:05.757385 7f8e7ffd7700 20 get_obj_state: rctx=0x7f8e7ffd61d0 obj=cghub-tcga:_shadow_140a474a-8b92-48a5-b1ee-81e49782bc9c.bam.2/wqyeeHIFmBa5o3CEyKF0GRqwQpmDQ1M.1_83 state=0x7f8f5c1a1738 s->prefetch_data=0
2015-01-02 14:23:05.757527 7f8e7ffd7700 1 -- 172.16.30.1:0/3227803 --> 172.16.30.9:7015/81240 -- osd_op(client.1565140.0:1138 us-phx.1453348.1__shadow_140a474a-8b92-48a5-b1ee-81e49782bc9c.bam.2/wqyeeHIFmBa5o3CEyKF0GRqwQpmDQ1M.1_83 [getxattrs,stat] 27.2c63a35 ack+read+known_if_redirected e8332) v4 -- ?+0 0x7f8f5c18f050 con 0x7f8f5c190290
2015-01-02 14:23:05.764165 7f91f67d0700 1 -- 172.16.30.1:0/3227803 <== osd.90 172.16.30.9:7015/81240 1 ==== osd_op_reply(1138 us-phx.1453348.1__shadow_140a474a-8b92-48a5-b1ee-81e49782bc9c.bam.2/wqyeeHIFmBa5o3CEyKF0GRqwQpmDQ1M.1_83 [getxattrs,stat] v0'0 uv0 ack = -2 ((2) No such file or directory)) v6 ==== 313+0+0 (4063171892 0 0) 0x7f91e8002130 con 0x7f8f5c190290
2015-01-02 14:23:05.764338 7f8e7ffd7700 20 prepare_atomic_for_write_impl: state is not atomic. state=0x7f8f5c1a1738
2015-01-02 14:23:05.764364 7f8e7ffd7700 20 RGWDataChangesLog::add_entry() bucket.name=cghub-tcga now=2015-01-02 14:23:05.764364 cur_expiration=2015-01-02 14:23:35.680232
2015-01-02 14:23:05.764530 7f8e7ffd7700 1 -- 172.16.30.1:0/3227803 --> 172.16.30.15:6960/3389118 -- osd_op(client.1565140.0:1139 .dir.us-phx.1453348.1 [call rgw.bucket_prepare_op] 33.2acd6d1e ondisk+write+known_if_redirected e8332) v4 -- ?+0 0x7f8f5c1a1d70 con 0x7f9180030010
2015-01-02 14:23:05.798738 7f91f67d0700 1 -- 172.16.30.1:0/3227803 <== osd.449 172.16.30.15:6960/3389118 234 ==== osd_op_reply(1137 .dir.us-phx.1453348.1 [call] v8332'654000 uv654000 ack = 0) v6 ==== 188+0+0 (2867736110 0 0) 0x7f8fd8005440 con 0x7f9180030010
2015-01-02 14:23:05.800411 7f91f67d0700 1 -- 172.16.30.1:0/3227803 <== osd.449 172.16.30.15:6960/3389118 235 ==== osd_op_reply(1137 .dir.us-phx.1453348.1 [call] v8332'654000 uv654000 ondisk = 0) v6 ==== 188+0+0 (655340653 0 0) 0x7f8fd8005440 con 0x7f9180030010
2015-01-02 14:23:05.806939 7f91f67d0700 1 -- 172.16.30.1:0/3227803 <== osd.449 172.16.30.15:6960/3389118 236 ==== osd_op_reply(1139 .dir.us-phx.1453348.1 [call] v8332'654001 uv654001 ondisk = 0) v6 ==== 188+0+0 (1211586748 0 0) 0x7f8fd8005440 con 0x7f9180030010
2015-01-02 14:23:05.807133 7f8e7ffd7700 1 -- 172.16.30.1:0/3227803 --> 172.16.30.9:7015/81240 -- osd_op(client.1565140.0:1140 us-phx.1453348.1__shadow_140a474a-8b92-48a5-b1ee-81e49782bc9c.bam.2/wqyeeHIFmBa5o3CEyKF0GRqwQpmDQ1M.1_83 [call refcount.put] 27.2c63a35 ondisk+write+known_if_redirected e8332) v4 -- ?+0 0x7f8f5c18f050 con 0x7f8f5c190290
2015-01-02 14:23:05.814152 7f91f67d0700 1 -- 172.16.30.1:0/3227803 <== osd.90 172.16.30.9:7015/81240 2 ==== osd_op_reply(1140 us-phx.1453348.1__shadow_140a474a-8b92-48a5-b1ee-81e49782bc9c.bam.2/wqyeeHIFmBa5o3CEyKF0GRqwQpmDQ1M.1_83 [call] v0'0 uv1900 ondisk = -2 ((2) No such file or directory)) v6 ==== 271+0+0 (860565536 0 0) 0x7f91e8002130 con 0x7f8f5c190290
2015-01-02 14:23:05.814373 7f8e7ffd7700 1 -- 172.16.30.1:0/3227803 --> 172.16.30.15:6960/3389118 -- osd_op(client.1565140.0:1141 .dir.us-phx.1453348.1 [call rgw.bucket_complete_op] 33.2acd6d1e ack+ondisk+write+known_if_redirected e8332) v4 -- ?+0 0x7f8f5c18f050 con 0x7f9180030010
2015-01-02 14:23:05.814433 7f8e7ffd7700 20 RGWObjManifest::operator++(): rule->part_size=0 rules.size()=1
2015-01-02 14:23:05.814437 7f8e7ffd7700 0 RGWObjManifest::operator++(): result: ofs=352321536 stripe_ofs=352321536 part_ofs=0 rule->part_size=0
2015-01-02 14:23:05.814467 7f8e7ffd7700 20 get_obj_state: rctx=0x7f8e7ffd61d0 obj=cghub-tcga:_shadow_140a474a-8b92-48a5-b1ee-81e49782bc9c.bam.2/wqyeeHIFmBa5o3CEyKF0GRqwQpmDQ1M.1_84 state=0x7f8f5c1a7118 s->prefetch_data=0
2015-01-02 14:23:05.814522 7f8e7ffd7700 1 -- 172.16.30.1:0/3227803 --> 172.16.30.15:6840/3387571 -- osd_op(client.1565140.0:1142 us-phx.1453348.1__shadow_140a474a-8b92-48a5-b1ee-81e49782bc9c.bam.2/wqyeeHIFmBa5o3CEyKF0GRqwQpmDQ1M.1_84 [getxattrs,stat] 27.55cbdee5 ack+read+known_if_redirected e8332) v4 -- ?+0 0x7f8f5c1a7be0 con 0x7f9180084010
2015-01-02 14:23:05.819053 7f91f67d0700 1 -- 172.16.30.1:0/3227803 <== osd.563 172.16.30.15:6840/3387571 6 ==== osd_op_reply(1142 us-phx.1453348.1__shadow_140a474a-8b92-48a5-b1ee-81e49782bc9c.bam.2/wqyeeHIFmBa5o3CEyKF0GRqwQpmDQ1M.1_84 [getxattrs,stat] v0'0 uv0 ack = -2 ((2) No such file or directory)) v6 ==== 313+0+0 (2479791268 0 0) 0x7f9094005360 con 0x7f9180084010
2015-01-02 14:23:05.819224 7f8e7ffd7700 20 prepare_atomic_for_write_impl: state is not atomic. state=0x7f8f5c1a7118
2015-01-02 14:23:05.819250 7f8e7ffd7700 20 RGWDataChangesLog::add_entry() bucket.name=cghub-tcga now=2015-01-02 14:23:05.819249 cur_expiration=2015-01-02 14:23:35.680232
2015-01-02 14:23:05.819406 7f8e7ffd7700 1 -- 172.16.30.1:0/3227803 --> 172.16.30.15:6960/3389118 -- osd_op(client.1565140.0:1143 .dir.us-phx.1453348.1 [call rgw.bucket_prepare_op] 33.2acd6d1e ondisk+write+known_if_redirected e8332) v4 -- ?+0 0x7f8f5c1a7730 con 0x7f9180030010
2015-01-02 14:23:05.849712 7f91f67d0700 1 -- 172.16.30.1:0/3227803 <== osd.449 172.16.30.15:6960/3389118 237 ==== osd_op_reply(1141 .dir.us-phx.1453348.1 [call] v8332'654002 uv654002 ack = 0) v6 ==== 188+0+0 (1282108516 0 0) 0x7f8fd8005440 con 0x7f9180030010
2015-01-02 14:23:05.849774 7f91f67d0700 1 -- 172.16.30.1:0/3227803 <== osd.449 172.16.30.15:6960/3389118 238 ==== osd_op_reply(1141 .dir.us-phx.1453348.1 [call] v8332'654002 uv654002 ondisk = 0) v6 ==== 188+0+0 (3247109671 0 0) 0x7f8fd8008c20 con 0x7f9180030010
2015-01-02 14:23:05.857706 7f91f67d0700 1 -- 172.16.30.1:0/3227803 <== osd.449 172.16.30.15:6960/3389118 239 ==== osd_op_reply(1143 .dir.us-phx.1453348.1 [call] v8332'654003 uv654003 ondisk = 0) v6 ==== 188+0+0 (2930907894 0 0) 0x7f8fd8008c20 con 0x7f9180030010
2015-01-02 14:23:05.857860 7f8e7ffd7700 1 -- 172.16.30.1:0/3227803 --> 172.16.30.15:6840/3387571 -- osd_op(client.1565140.0:1144 us-phx.1453348.1__shadow_140a474a-8b92-48a5-b1ee-81e49782bc9c.bam.2/wqyeeHIFmBa5o3CEyKF0GRqwQpmDQ1M.1_84 [call refcount.put] 27.55cbdee5 ondisk+write+known_if_redirected e8332) v4 -- ?+0 0x7f8f5c18f050 con 0x7f9180084010
2015-01-02 14:23:05.877302 7f91f67d0700 1 -- 172.16.30.1:0/3227803 <== osd.563 172.16.30.15:6840/3387571 7 ==== osd_op_reply(1144 us-phx.1453348.1__shadow_140a474a-8b92-48a5-b1ee-81e49782bc9c.bam.2/wqyeeHIFmBa5o3CEyKF0GRqwQpmDQ1M.1_84 [call] v0'0 uv2353 ondisk = -2 ((2) No such file or directory)) v6 ==== 271+0+0 (3716792602 0 0) 0x7f9094005360 con 0x7f9180084010
2015-01-02 14:23:05.877517 7f8e7ffd7700 1 -- 172.16.30.1:0/3227803 --> 172.16.30.15:6960/3389118 -- osd_op(client.1565140.0:1145 .dir.us-phx.1453348.1 [call rgw.bucket_complete_op] 33.2acd6d1e ack+ondisk+write+known_if_redirected e8332) v4 -- ?+0 0x7f8f5c18f050 con 0x7f9180030010
2015-01-02 14:23:05.877577 7f8e7ffd7700 20 RGWObjManifest::operator++(): rule->part_size=0 rules.size()=1
2015-01-02 14:23:05.877582 7f8e7ffd7700 0 RGWObjManifest::operator++(): result: ofs=356515840 stripe_ofs=356515840 part_ofs=0 rule->part_size=0
2015-01-02 14:23:05.877611 7f8e7ffd7700 20 get_obj_state: rctx=0x7f8e7ffd61d0 obj=cghub-tcga:_shadow_140a474a-8b92-48a5-b1ee-81e49782bc9c.bam.2/wqyeeHIFmBa5o3CEyKF0GRqwQpmDQ1M.1_85 state=0x7f8f5c1a65b8 s->prefetch_data=0
2015-01-02 14:23:05.877762 7f8e7ffd7700 1 -- 172.16.30.1:0/3227803 --> 172.16.30.15:7075/3391106 -- osd_op(client.1565140.0:1146 us-phx.1453348.1__shadow_140a474a-8b92-48a5-b1ee-81e49782bc9c.bam.2/wqyeeHIFmBa5o3CEyKF0GRqwQpmDQ1M.1_85 [getxattrs,stat] 27.aaa29027 ack+read+known_if_redirected e8332) v4 -- ?+0 0x7f8f5c18f050 con 0x7f8f5c191970
2015-01-02 14:23:05.885202 7f91f67d0700 1 -- 172.16.30.1:0/3227803 <== osd.333 172.16.30.15:7075/3391106 1 ==== osd_op_reply(1146 us-phx.1453348.1__shadow_140a474a-8b92-48a5-b1ee-81e49782bc9c.bam.2/wqyeeHIFmBa5o3CEyKF0GRqwQpmDQ1M.1_85 [getxattrs,stat] v0'0 uv0 ack = -2 ((2) No such file or directory)) v6 ==== 313+0+0 (879623321 0 0) 0x1dc6780 con 0x7f8f5c191970
2015-01-02 14:23:05.885370 7f8e7ffd7700 20 prepare_atomic_for_write_impl: state is not atomic. state=0x7f8f5c1a65b8
2015-01-02 14:23:05.885396 7f8e7ffd7700 20 RGWDataChangesLog::add_entry() bucket.name=cghub-tcga now=2015-01-02 14:23:05.885396 cur_expiration=2015-01-02 14:23:35.680232
2015-01-02 14:23:05.885530 7f8e7ffd7700 1 -- 172.16.30.1:0/3227803 --> 172.16.30.15:6960/3389118 -- osd_op(client.1565140.0:1147 .dir.us-phx.1453348.1 [call rgw.bucket_prepare_op] 33.2acd6d1e ondisk+write+known_if_redirected e8332) v4 -- ?+0 0x7f8f5c18f050 con 0x7f9180030010
2015-01-02 14:23:05.920918 7f91f67d0700 1 -- 172.16.30.1:0/3227803 <== osd.449 172.16.30.15:6960/3389118 240 ==== osd_op_reply(1145 .dir.us-phx.1453348.1 [call] v8332'654004 uv654004 ondisk = 0) v6 ==== 188+0+0 (4025042440 0 0) 0x7f8fd80050d0 con 0x7f9180030010
2015-01-02 14:23:05.932214 7f91f67d0700 1 -- 172.16.30.1:0/3227803 <== osd.449 172.16.30.15:6960/3389118 241 ==== osd_op_reply(1147 .dir.us-phx.1453348.1 [call] v8332'654005 uv654005 ondisk = 0) v6 ==== 188+0+0 (2161224409 0 0) 0x7f8fd80050d0 con 0x7f9180030010
2015-01-02 14:23:05.932408 7f8e7ffd7700 1 -- 172.16.30.1:0/3227803 --> 172.16.30.15:7075/3391106 -- osd_op(client.1565140.0:1148 us-phx.1453348.1__shadow_140a474a-8b92-48a5-b1ee-81e49782bc9c.bam.2/wqyeeHIFmBa5o3CEyKF0GRqwQpmDQ1M.1_85 [call refcount.put] 27.aaa29027 ondisk+write+known_if_redirected e8332) v4 -- ?+0 0x7f8f5c18f050 con 0x7f8f5c191970
2015-01-02 14:23:05.942684 7f91f67d0700 1 -- 172.16.30.1:0/3227803 <== osd.333 172.16.30.15:7075/3391106 2 ==== osd_op_reply(1148 us-phx.1453348.1__shadow_140a474a-8b92-48a5-b1ee-81e49782bc9c.bam.2/wqyeeHIFmBa5o3CEyKF0GRqwQpmDQ1M.1_85 [call] v0'0 uv1971 ondisk = -2 ((2) No such file or directory)) v6 ==== 271+0+0 (2239106233 0 0) 0x1dc6780 con 0x7f8f5c191970
2015-01-02 14:23:05.942901 7f8e7ffd7700 1 -- 172.16.30.1:0/3227803 --> 172.16.30.15:6960/3389118 -- osd_op(client.1565140.0:1149 .dir.us-phx.1453348.1 [call rgw.bucket_complete_op] 33.2acd6d1e ack+ondisk+write+known_if_redirected e8332) v4 -- ?+0 0x7f8f5c18f050 con 0x7f9180030010
2015-01-02 14:23:05.942960 7f8e7ffd7700 20 RGWObjManifest::operator++(): rule->part_size=0 rules.size()=1
2015-01-02 14:23:05.942965 7f8e7ffd7700 0 RGWObjManifest::operator++(): result: ofs=360710144 stripe_ofs=360710144 part_ofs=0 rule->part_size=0
2015-01-02 14:23:05.942994 7f8e7ffd7700 20 get_obj_state: rctx=0x7f8e7ffd61d0 obj=cghub-tcga:_shadow_140a474a-8b92-48a5-b1ee-81e49782bc9c.bam.2/wqyeeHIFmBa5o3CEyKF0GRqwQpmDQ1M.1_86 state=0x7f8f5c192018 s->prefetch_data=0
2015-01-02 14:23:05.943149 7f8e7ffd7700 1 -- 172.16.30.1:0/3227803 --> 172.16.30.14:6815/3139274 -- osd_op(client.1565140.0:1150 us-phx.1453348.1__shadow_140a474a-8b92-48a5-b1ee-81e49782bc9c.bam.2/wqyeeHIFmBa5o3CEyKF0GRqwQpmDQ1M.1_86 [getxattrs,stat] 27.8755e098 ack+read+known_if_redirected e8332) v4 -- ?+0 0x7f8f5c18f050 con 0x7f8f5c1a9a20
2015-01-02 14:23:05.950939 7f91f67d0700 1 -- 172.16.30.1:0/3227803 <== osd.584 172.16.30.14:6815/3139274 1 ==== osd_op_reply(1150 us-phx.1453348.1__shadow_140a474a-8b92-48a5-b1ee-81e49782bc9c.bam.2/wqyeeHIFmBa5o3CEyKF0GRqwQpmDQ1M.1_86 [getxattrs,stat] v0'0 uv0 ack = -2 ((2) No such file or directory)) v6 ==== 313+0+0 (2206958583 0 0) 0x7f8e9400d130 con 0x7f8f5c1a9a20
2015-01-02 14:23:05.951114 7f8e7ffd7700 20 prepare_atomic_for_write_impl: state is not atomic. state=0x7f8f5c192018
2015-01-02 14:23:05.951141 7f8e7ffd7700 20 RGWDataChangesLog::add_entry() bucket.name=cghub-tcga now=2015-01-02 14:23:05.951140 cur_expiration=2015-01-02 14:23:35.680232
2015-01-02 14:23:05.951277 7f8e7ffd7700 1 -- 172.16.30.1:0/3227803 --> 172.16.30.15:6960/3389118 -- osd_op(client.1565140.0:1151 .dir.us-phx.1453348.1 [call rgw.bucket_prepare_op] 33.2acd6d1e ondisk+write+known_if_redirected e8332) v4 -- ?+0 0x7f8f5c192890 con 0x7f9180030010
2015-01-02 14:23:05.985900 7f91f67d0700 1 -- 172.16.30.1:0/3227803 <== osd.449 172.16.30.15:6960/3389118 242 ==== osd_op_reply(1149 .dir.us-phx.1453348.1 [call] v8332'654006 uv654006 ack = 0) v6 ==== 188+0+0 (2223873537 0 0) 0x7f8fd80050d0 con 0x7f9180030010
2015-01-02 14:23:05.986095 7f91f67d0700 1 -- 172.16.30.1:0/3227803 <== osd.449 172.16.30.15:6960/3389118 243 ==== osd_op_reply(1149 .dir.us-phx.1453348.1 [call] v8332'654006 uv654006 ondisk = 0) v6 ==== 188+0+0 (158073922 0 0) 0x7f8fd80050d0 con 0x7f9180030010
2015-01-02 14:23:06.136892 7f91f67d0700 1 -- 172.16.30.1:0/3227803 <== osd.449 172.16.30.15:6960/3389118 244 ==== osd_op_reply(1151 .dir.us-phx.1453348.1 [call] v8332'654007 uv654007 ondisk = 0) v6 ==== 188+0+0 (1716840595 0 0) 0x7f8fd8005440 con 0x7f9180030010
2015-01-02 14:23:06.137086 7f8e7ffd7700 1 -- 172.16.30.1:0/3227803 --> 172.16.30.14:6815/3139274 -- osd_op(client.1565140.0:1152 us-phx.1453348.1__shadow_140a474a-8b92-48a5-b1ee-81e49782bc9c.bam.2/wqyeeHIFmBa5o3CEyKF0GRqwQpmDQ1M.1_86 [call refcount.put] 27.8755e098 ondisk+write+known_if_redirected e8332) v4 -- ?+0 0x7f8f5c18f050 con 0x7f8f5c1a9a20
2015-01-02 14:23:06.149396 7f91f67d0700 1 -- 172.16.30.1:0/3227803 <== osd.584 172.16.30.14:6815/3139274 2 ==== osd_op_reply(1152 us-phx.1453348.1__shadow_140a474a-8b92-48a5-b1ee-81e49782bc9c.bam.2/wqyeeHIFmBa5o3CEyKF0GRqwQpmDQ1M.1_86 [call] v0'0 uv2344 ondisk = -2 ((2) No such file or directory)) v6 ==== 271+0+0 (4184672419 0 0) 0x7f8e9400d670 con 0x7f8f5c1a9a20
2015-01-02 14:23:06.149616 7f8e7ffd7700 1 -- 172.16.30.1:0/3227803 --> 172.16.30.15:6960/3389118 -- osd_op(client.1565140.0:1153 .dir.us-phx.1453348.1 [call rgw.bucket_complete_op] 33.2acd6d1e ack+ondisk+write+known_if_redirected e8332) v4 -- ?+0 0x7f8f5c18f050 con 0x7f9180030010
2015-01-02 14:23:06.149677 7f8e7ffd7700 20 RGWObjManifest::operator++(): rule->part_size=0 rules.size()=1
2015-01-02 14:23:06.149682 7f8e7ffd7700 0 RGWObjManifest::operator++(): result: ofs=364904448 stripe_ofs=364904448 part_ofs=0 rule->part_size=0
2015-01-02 14:23:06.149711 7f8e7ffd7700 20 get_obj_state: rctx=0x7f8e7ffd61d0 obj=cghub-tcga:_shadow_140a474a-8b92-48a5-b1ee-81e49782bc9c.bam.2/wqyeeHIFmBa5o3CEyKF0GRqwQpmDQ1M.1_87 state=0x7f8f5c1ab528 s->prefetch_data=0
2015-01-02 14:23:06.149767 7f8e7ffd7700 1 -- 172.16.30.1:0/3227803 --> 172.16.30.17:7040/106399 -- osd_op(client.1565140.0:1154 us-phx.1453348.1__shadow_140a474a-8b92-48a5-b1ee-81e49782bc9c.bam.2/wqyeeHIFmBa5o3CEyKF0GRqwQpmDQ1M.1_87 [getxattrs,stat] 27.912eebbb ack+read+known_if_redirected e8332) v4 -- ?+0 0x7f8f5c1aa430 con 0x1d9e2b0
2015-01-02 14:23:06.153614 7f91f67d0700 1 -- 172.16.30.1:0/3227803 <== osd.613 172.16.30.17:7040/106399 6 ==== osd_op_reply(1154 us-phx.1453348.1__shadow_140a474a-8b92-48a5-b1ee-81e49782bc9c.bam.2/wqyeeHIFmBa5o3CEyKF0GRqwQpmDQ1M.1_87 [getxattrs,stat] v0'0 uv0 ack = -2 ((2) No such file or directory)) v6 ==== 313+0+0 (1432579098 0 0) 0x7f91ac0045b0 con 0x1d9e2b0
2015-01-02 14:23:06.153780 7f8e7ffd7700 20 prepare_atomic_for_write_impl: state is not atomic. state=0x7f8f5c1ab528
2015-01-02 14:23:06.153806 7f8e7ffd7700 20 RGWDataChangesLog::add_entry() bucket.name=cghub-tcga now=2015-01-02 14:23:06.153805 cur_expiration=2015-01-02 14:23:35.680232
2015-01-02 14:23:06.153970 7f8e7ffd7700 1 -- 172.16.30.1:0/3227803 --> 172.16.30.15:6960/3389118 -- osd_op(client.1565140.0:1155 .dir.us-phx.1453348.1 [call rgw.bucket_prepare_op] 33.2acd6d1e ondisk+write+known_if_redirected e8332) v4 -- ?+0 0x7f8f5c1abd30 con 0x7f9180030010
2015-01-02 14:23:06.197814 7f91f67d0700 1 -- 172.16.30.1:0/3227803 <== osd.449 172.16.30.15:6960/3389118 245 ==== osd_op_reply(1153 .dir.us-phx.1453348.1 [call] v8332'654008 uv654008 ondisk = 0) v6 ==== 188+0+0 (3006146134 0 0) 0x7f8fd8005440 con 0x7f9180030010
2015-01-02 14:23:06.213929 7f91f67d0700 1 -- 172.16.30.1:0/3227803 <== osd.449 172.16.30.15:6960/3389118 246 ==== osd_op_reply(1155 .dir.us-phx.1453348.1 [call] v8332'654009 uv654009 ondisk = 0) v6 ==== 188+0+0 (3692481159 0 0) 0x7f8fd8005440 con 0x7f9180030010
2015-01-02 14:23:06.214122 7f8e7ffd7700 1 -- 172.16.30.1:0/3227803 --> 172.16.30.17:7040/106399 -- osd_op(client.1565140.0:1156 us-phx.1453348.1__shadow_140a474a-8b92-48a5-b1ee-81e49782bc9c.bam.2/wqyeeHIFmBa5o3CEyKF0GRqwQpmDQ1M.1_87 [call refcount.put] 27.912eebbb ondisk+write+known_if_redirected e8332) v4 -- ?+0 0x7f8f5c18f050 con 0x1d9e2b0
2015-01-02 14:23:06.226492 7f91f67d0700 1 -- 172.16.30.1:0/3227803 <== osd.613 172.16.30.17:7040/106399 7 ==== osd_op_reply(1156 us-phx.1453348.1__shadow_140a474a-8b92-48a5-b1ee-81e49782bc9c.bam.2/wqyeeHIFmBa5o3CEyKF0GRqwQpmDQ1M.1_87 [call] v0'0 uv2367 ondisk = -2 ((2) No such file or directory)) v6 ==== 271+0+0 (3857353362 0 0) 0x7f91ac0045b0 con 0x1d9e2b0
2015-01-02 14:23:06.226710 7f8e7ffd7700 1 -- 172.16.30.1:0/3227803 --> 172.16.30.15:6960/3389118 -- osd_op(client.1565140.0:1157 .dir.us-phx.1453348.1 [call rgw.bucket_complete_op] 33.2acd6d1e ack+ondisk+write+known_if_redirected e8332) v4 -- ?+0 0x7f8f5c18f050 con 0x7f9180030010
2015-01-02 14:23:06.226769 7f8e7ffd7700 20 RGWObjManifest::operator++(): rule->part_size=0 rules.size()=1
2015-01-02 14:23:06.226774 7f8e7ffd7700 0 RGWObjManifest::operator++(): result: ofs=369098752 stripe_ofs=369098752 part_ofs=0 rule->part_size=0
2015-01-02 14:23:06.226803 7f8e7ffd7700 20 get_obj_state: rctx=0x7f8e7ffd61d0 obj=cghub-tcga:_shadow_140a474a-8b92-48a5-b1ee-81e49782bc9c.bam.2/wqyeeHIFmBa5o3CEyKF0GRqwQpmDQ1M.1_88 state=0x7f8f5c1aa3b8 s->prefetch_data=0
2015-01-02 14:23:06.226953 7f8e7ffd7700 1 -- 172.16.30.1:0/3227803 --> 172.16.30.13:7020/3098331 -- osd_op(client.1565140.0:1158 us-phx.1453348.1__shadow_140a474a-8b92-48a5-b1ee-81e49782bc9c.bam.2/wqyeeHIFmBa5o3CEyKF0GRqwQpmDQ1M.1_88 [getxattrs,stat] 27.4c6376ab ack+read+known_if_redirected e8332) v4 -- ?+0 0x7f8f5c18f050 con 0x7f8f5c1a3780
2015-01-02 14:23:06.236792 7f91f67d0700 1 -- 172.16.30.1:0/3227803 <== osd.386 172.16.30.13:7020/3098331 1 ==== osd_op_reply(1158 us-phx.1453348.1__shadow_140a474a-8b92-48a5-b1ee-81e49782bc9c.bam.2/wqyeeHIFmBa5o3CEyKF0GRqwQpmDQ1M.1_88 [getxattrs,stat] v0'0 uv0 ack = -2 ((2) No such file or directory)) v6 ==== 313+0+0 (3599509560 0 0) 0x7f8e9c00d130 con 0x7f8f5c1a3780
2015-01-02 14:23:06.236977 7f8e7ffd7700 20 prepare_atomic_for_write_impl: state is not atomic. state=0x7f8f5c1aa3b8
2015-01-02 14:23:06.237003 7f8e7ffd7700 20 RGWDataChangesLog::add_entry() bucket.name=cghub-tcga now=2015-01-02 14:23:06.237002 cur_expiration=2015-01-02 14:23:35.680232
2015-01-02 14:23:06.237173 7f8e7ffd7700 1 -- 172.16.30.1:0/3227803 --> 172.16.30.15:6960/3389118 -- osd_op(client.1565140.0:1159 .dir.us-phx.1453348.1 [call rgw.bucket_prepare_op] 33.2acd6d1e ondisk+write+known_if_redirected e8332) v4 -- ?+0 0x7f8f5c1af010 con 0x7f9180030010
2015-01-02 14:23:06.264122 7f91f67d0700 1 -- 172.16.30.1:0/3227803 <== osd.449 172.16.30.15:6960/3389118 247 ==== osd_op_reply(1157 .dir.us-phx.1453348.1 [call] v8332'654010 uv654010 ack = 0) v6 ==== 188+0+0 (3628793439 0 0) 0x7f8fd8005440 con 0x7f9180030010
2015-01-02 14:23:06.265354 7f91f67d0700 1 -- 172.16.30.1:0/3227803 <== osd.449 172.16.30.15:6960/3389118 248 ==== osd_op_reply(1157 .dir.us-phx.1453348.1 [call] v8332'654010 uv654010 ondisk = 0) v6 ==== 188+0+0 (1437295644 0 0) 0x7f8fd8005440 con 0x7f9180030010
2015-01-02 14:23:06.272802 7f91f67d0700 1 -- 172.16.30.1:0/3227803 <== osd.449 172.16.30.15:6960/3389118 249 ==== osd_op_reply(1159 .dir.us-phx.1453348.1 [call] v8332'654011 uv654011 ondisk = 0) v6 ==== 188+0+0 (982747341 0 0) 0x7f8fd8005440 con 0x7f9180030010
2015-01-02 14:23:06.272996 7f8e7ffd7700 1 -- 172.16.30.1:0/3227803 --> 172.16.30.13:7020/3098331 -- osd_op(client.1565140.0:1160 us-phx.1453348.1__shadow_140a474a-8b92-48a5-b1ee-81e49782bc9c.bam.2/wqyeeHIFmBa5o3CEyKF0GRqwQpmDQ1M.1_88 [call refcount.put] 27.4c6376ab ondisk+write+known_if_redirected e8332) v4 -- ?+0 0x7f8f5c18f050 con 0x7f8f5c1a3780
2015-01-02 14:23:06.287545 7f91f67d0700 1 -- 172.16.30.1:0/3227803 <== osd.386 172.16.30.13:7020/3098331 2 ==== osd_op_reply(1160 us-phx.1453348.1__shadow_140a474a-8b92-48a5-b1ee-81e49782bc9c.bam.2/wqyeeHIFmBa5o3CEyKF0GRqwQpmDQ1M.1_88 [call] v0'0 uv2110 ondisk = -2 ((2) No such file or directory)) v6 ==== 271+0+0 (2366655745 0 0) 0x7f8e9c00d670 con 0x7f8f5c1a3780
2015-01-02 14:23:06.287774 7f8e7ffd7700 1 -- 172.16.30.1:0/3227803 --> 172.16.30.15:6960/3389118 -- osd_op(client.1565140.0:1161 .dir.us-phx.1453348.1 [call rgw.bucket_complete_op] 33.2acd6d1e ack+ondisk+write+known_if_redirected e8332) v4 -- ?+0 0x7f8f5c1af050 con 0x7f9180030010
2015-01-02 14:23:06.287835 7f8e7ffd7700 20 RGWObjManifest::operator++(): rule->part_size=0 rules.size()=1
2015-01-02 14:23:06.287840 7f8e7ffd7700 0 RGWObjManifest::operator++(): result: ofs=373293056 stripe_ofs=373293056 part_ofs=0 rule->part_size=0
2015-01-02 14:23:06.287869 7f8e7ffd7700 20 get_obj_state: rctx=0x7f8e7ffd61d0 obj=cghub-tcga:_shadow_140a474a-8b92-48a5-b1ee-81e49782bc9c.bam.2/wqyeeHIFmBa5o3CEyKF0GRqwQpmDQ1M.1_89 state=0x7f8f5c1af5e8 s->prefetch_data=0
2015-01-02 14:23:06.288015 7f8e7ffd7700 1 -- 172.16.30.1:0/3227803 --> 172.16.30.17:6865/103494 -- osd_op(client.1565140.0:1162 us-phx.1453348.1__shadow_140a474a-8b92-48a5-b1ee-81e49782bc9c.bam.2/wqyeeHIFmBa5o3CEyKF0GRqwQpmDQ1M.1_89 [getxattrs,stat] 27.1976ce3 ack+read+known_if_redirected e8332) v4 -- ?+0 0x7f8f5c1af050 con 0x7f8f5c1a2ea0
2015-01-02 14:23:06.300209 7f91f67d0700 1 -- 172.16.30.1:0/3227803 <== osd.648 172.16.30.17:6865/103494 1 ==== osd_op_reply(1162 us-phx.1453348.1__shadow_140a474a-8b92-48a5-b1ee-81e49782bc9c.bam.2/wqyeeHIFmBa5o3CEyKF0GRqwQpmDQ1M.1_89 [getxattrs,stat] v0'0 uv0 ack = -2 ((2) No such file or directory)) v6 ==== 313+0+0 (3804572765 0 0) 0x7f8ea4009600 con 0x7f8f5c1a2ea0
2015-01-02 14:23:06.300339 7f8e7ffd7700 20 prepare_atomic_for_write_impl: state is not atomic. state=0x7f8f5c1af5e8
2015-01-02 14:23:06.300360 7f8e7ffd7700 20 RGWDataChangesLog::add_entry() bucket.name=cghub-tcga now=2015-01-02 14:23:06.300360 cur_expiration=2015-01-02 14:23:35.680232
2015-01-02 14:23:06.300523 7f8e7ffd7700 1 -- 172.16.30.1:0/3227803 --> 172.16.30.15:6960/3389118 -- osd_op(client.1565140.0:1163 .dir.us-phx.1453348.1 [call rgw.bucket_prepare_op] 33.2acd6d1e ondisk+write+known_if_redirected e8332) v4 -- ?+0 0x7f8f5c1afbf0 con 0x7f9180030010
2015-01-02 14:23:06.320438 7f91f67d0700 1 -- 172.16.30.1:0/3227803 <== osd.449 172.16.30.15:6960/3389118 250 ==== osd_op_reply(1161 .dir.us-phx.1453348.1 [call] v8332'654012 uv654012 ondisk = 0) v6 ==== 188+0+0 (2076759091 0 0) 0x7f8fd8005440 con 0x7f9180030010
2015-01-02 14:23:06.331432 7f91f67d0700 1 -- 172.16.30.1:0/3227803 <== osd.449 172.16.30.15:6960/3389118 251 ==== osd_op_reply(1163 .dir.us-phx.1453348.1 [call] v8332'654013 uv654013 ondisk = 0) v6 ==== 188+0+0 (351287522 0 0) 0x7f8fd8005440 con 0x7f9180030010
2015-01-02 14:23:06.331596 7f8e7ffd7700 1 -- 172.16.30.1:0/3227803 --> 172.16.30.17:6865/103494 -- osd_op(client.1565140.0:1164 us-phx.1453348.1__shadow_140a474a-8b92-48a5-b1ee-81e49782bc9c.bam.2/wqyeeHIFmBa5o3CEyKF0GRqwQpmDQ1M.1_89 [call refcount.put] 27.1976ce3 ondisk+write+known_if_redirected e8332) v4 -- ?+0 0x7f8f5c1af050 con 0x7f8f5c1a2ea0
2015-01-02 14:23:06.343206 7f91f67d0700 1 -- 172.16.30.1:0/3227803 <== osd.648 172.16.30.17:6865/103494 2 ==== osd_op_reply(1164 us-phx.1453348.1__shadow_140a474a-8b92-48a5-b1ee-81e49782bc9c.bam.2/wqyeeHIFmBa5o3CEyKF0GRqwQpmDQ1M.1_89 [call] v0'0 uv2055 ondisk = -2 ((2) No such file or directory)) v6 ==== 271+0+0 (2112849721 0 0) 0x7f8ea4009600 con 0x7f8f5c1a2ea0
2015-01-02 14:23:06.343390 7f8e7ffd7700 1 -- 172.16.30.1:0/3227803 --> 172.16.30.15:6960/3389118 -- osd_op(client.1565140.0:1165 .dir.us-phx.1453348.1 [call rgw.bucket_complete_op] 33.2acd6d1e ack+ondisk+write+known_if_redirected e8332) v4 -- ?+0 0x7f8f5c1af050 con 0x7f9180030010
2015-01-02 14:23:06.343449 7f8e7ffd7700 20 RGWObjManifest::operator++(): rule->part_size=0 rules.size()=1
2015-01-02 14:23:06.343454 7f8e7ffd7700 0 RGWObjManifest::operator++(): result: ofs=377487360 stripe_ofs=377487360 part_ofs=0 rule->part_size=0
2015-01-02 14:23:06.343484 7f8e7ffd7700 20 get_obj_state: rctx=0x7f8e7ffd61d0 obj=cghub-tcga:_shadow_140a474a-8b92-48a5-b1ee-81e49782bc9c.bam.2/wqyeeHIFmBa5o3CEyKF0GRqwQpmDQ1M.1_90 state=0x7f8f5c1ad098 s->prefetch_data=0
2015-01-02 14:23:06.343627 7f8e7ffd7700 1 -- 172.16.30.1:0/3227803 --> 172.16.30.12:7095/1402605 -- osd_op(client.1565140.0:1166 us-phx.1453348.1__shadow_140a474a-8b92-48a5-b1ee-81e49782bc9c.bam.2/wqyeeHIFmBa5o3CEyKF0GRqwQpmDQ1M.1_90 [getxattrs,stat] 27.6817302 ack+read+known_if_redirected e8332) v4 -- ?+0 0x7f8f5c1aea30 con 0x7f8f5c1ae8c0
2015-01-02 14:23:06.354034 7f91f67d0700 1 -- 172.16.30.1:0/3227803 <== osd.305 172.16.30.12:7095/1402605 1 ==== osd_op_reply(1166 us-phx.1453348.1__shadow_140a474a-8b92-48a5-b1ee-81e49782bc9c.bam.2/wqyeeHIFmBa5o3CEyKF0GRqwQpmDQ1M.1_90 [getxattrs,stat] v0'0 uv0 ack = -2 ((2) No such file or directory)) v6 ==== 313+0+0 (1210776231 0 0) 0x7f8eac009600 con 0x7f8f5c1ae8c0
2015-01-02 14:23:06.354203 7f8e7ffd7700 20 prepare_atomic_for_write_impl: state is not atomic. state=0x7f8f5c1ad098
2015-01-02 14:23:06.354229 7f8e7ffd7700 20 RGWDataChangesLog::add_entry() bucket.name=cghub-tcga now=2015-01-02 14:23:06.354229 cur_expiration=2015-01-02 14:23:35.680232
2015-01-02 14:23:06.354363 7f8e7ffd7700 1 -- 172.16.30.1:0/3227803 --> 172.16.30.15:6960/3389118 -- osd_op(client.1565140.0:1167 .dir.us-phx.1453348.1 [call rgw.bucket_prepare_op] 33.2acd6d1e ondisk+write+known_if_redirected e8332) v4 -- ?+0 0x7f8f5c1b1180 con 0x7f9180030010
2015-01-02 14:23:06.495877 7f91f67d0700 1 -- 172.16.30.1:0/3227803 <== osd.449 172.16.30.15:6960/3389118 252 ==== osd_op_reply(1165 .dir.us-phx.1453348.1 [call] v8332'654014 uv654014 ondisk = 0) v6 ==== 188+0+0 (2639107705 0 0) 0x7f8fd8005440 con 0x7f9180030010
2015-01-02 14:23:06.518366 7f91f67d0700 1 -- 172.16.30.1:0/3227803 <== osd.449 172.16.30.15:6960/3389118 253 ==== osd_op_reply(1167 .dir.us-phx.1453348.1 [call] v8332'654015 uv654015 ondisk = 0) v6 ==== 188+0+0 (4067785384 0 0) 0x7f8fd8005440 con 0x7f9180030010
2015-01-02 14:23:06.518557 7f8e7ffd7700 1 -- 172.16.30.1:0/3227803 --> 172.16.30.12:7095/1402605 -- osd_op(client.1565140.0:1168 us-phx.1453348.1__shadow_140a474a-8b92-48a5-b1ee-81e49782bc9c.bam.2/wqyeeHIFmBa5o3CEyKF0GRqwQpmDQ1M.1_90 [call refcount.put] 27.6817302 ondisk+write+known_if_redirected e8332) v4 -- ?+0 0x7f8f5c1b1180 con 0x7f8f5c1ae8c0
2015-01-02 14:23:06.526984 7f91f67d0700 1 -- 172.16.30.1:0/3227803 <== osd.305 172.16.30.12:7095/1402605 2 ==== osd_op_reply(1168 us-phx.1453348.1__shadow_140a474a-8b92-48a5-b1ee-81e49782bc9c.bam.2/wqyeeHIFmBa5o3CEyKF0GRqwQpmDQ1M.1_90 [call] v0'0 uv2349 ondisk = -2 ((2) No such file or directory)) v6 ==== 271+0+0 (2505497022 0 0) 0x7f8eac009600 con 0x7f8f5c1ae8c0
2015-01-02 14:23:06.527224 7f8e7ffd7700 1 -- 172.16.30.1:0/3227803 --> 172.16.30.15:6960/3389118 -- osd_op(client.1565140.0:1169 .dir.us-phx.1453348.1 [call rgw.bucket_complete_op] 33.2acd6d1e ack+ondisk+write+known_if_redirected e8332) v4 -- ?+0 0x7f8f5c1b1180 con 0x7f9180030010
2015-01-02 14:23:06.527284 7f8e7ffd7700 20 RGWObjManifest::operator++(): rule->part_size=0 rules.size()=1
2015-01-02 14:23:06.527288 7f8e7ffd7700 0 RGWObjManifest::operator++(): result: ofs=381681664 stripe_ofs=381681664 part_ofs=0 rule->part_size=0
2015-01-02 14:23:06.527317 7f8e7ffd7700 20 get_obj_state: rctx=0x7f8e7ffd61d0 obj=cghub-tcga:_shadow_140a474a-8b92-48a5-b1ee-81e49782bc9c.bam.2/wqyeeHIFmBa5o3CEyKF0GRqwQpmDQ1M.1_91 state=0x7f8f5c1b17d8 s->prefetch_data=0
2015-01-02 14:23:06.527463 7f8e7ffd7700 1 -- 172.16.30.1:0/3227803 --> 172.16.30.16:7070/2755866 -- osd_op(client.1565140.0:1170 us-phx.1453348.1__shadow_140a474a-8b92-48a5-b1ee-81e49782bc9c.bam.2/wqyeeHIFmBa5o3CEyKF0GRqwQpmDQ1M.1_91 [getxattrs,stat] 27.e81cd1cc ack+read+known_if_redirected e8332) v4 -- ?+0 0x7f8f5c1b1180 con 0x7f8f5c1b0290
2015-01-02 14:23:06.535912 7f91f67d0700 1 -- 172.16.30.1:0/3227803 <== osd.334 172.16.30.16:7070/2755866 1 ==== osd_op_reply(1170 us-phx.1453348.1__shadow_140a474a-8b92-48a5-b1ee-81e49782bc9c.bam.2/wqyeeHIFmBa5o3CEyKF0GRqwQpmDQ1M.1_91 [getxattrs,stat] v0'0 uv0 ack = -2 ((2) No such file or directory)) v6 ==== 313+0+0 (1158973982 0 0) 0x7f8ebc009720 con 0x7f8f5c1b0290
2015-01-02 14:23:06.536062 7f8e7ffd7700 20 prepare_atomic_for_write_impl: state is not atomic. state=0x7f8f5c1b17d8
2015-01-02 14:23:06.536091 7f8e7ffd7700 20 RGWDataChangesLog::add_entry() bucket.name=cghub-tcga now=2015-01-02 14:23:06.536090 cur_expiration=2015-01-02 14:23:35.680232
2015-01-02 14:23:06.536259 7f8e7ffd7700 1 -- 172.16.30.1:0/3227803 --> 172.16.30.15:6960/3389118 -- osd_op(client.1565140.0:1171 .dir.us-phx.1453348.1 [call rgw.bucket_prepare_op] 33.2acd6d1e ondisk+write+known_if_redirected e8332) v4 -- ?+0 0x7f8f5c1b1c60 con 0x7f9180030010
2015-01-02 14:23:06.665352 7f91f67d0700 1 -- 172.16.30.1:0/3227803 <== osd.449 172.16.30.15:6960/3389118 254 ==== osd_op_reply(1169 .dir.us-phx.1453348.1 [call] v8332'654016 uv654016 ack = 0) v6 ==== 188+0+0 (1789039547 0 0) 0x7f8fd8005440 con 0x7f9180030010
2015-01-02 14:23:06.666189 7f91f67d0700 1 -- 172.16.30.1:0/3227803 <== osd.449 172.16.30.15:6960/3389118 255 ==== osd_op_reply(1169 .dir.us-phx.1453348.1 [call] v8332'654016 uv654016 ondisk = 0) v6 ==== 188+0+0 (3879930360 0 0) 0x7f8fd8005440 con 0x7f9180030010
2015-01-02 14:23:06.671457 7f91f67d0700 1 -- 172.16.30.1:0/3227803 <== osd.449 172.16.30.15:6960/3389118 256 ==== osd_op_reply(1171 .dir.us-phx.1453348.1 [call] v8332'654017 uv654017 ondisk = 0) v6 ==== 188+0+0 (2289820969 0 0) 0x7f8fd8005440 con 0x7f9180030010
2015-01-02 14:23:06.671650 7f8e7ffd7700 1 -- 172.16.30.1:0/3227803 --> 172.16.30.16:7070/2755866 -- osd_op(client.1565140.0:1172 us-phx.1453348.1__shadow_140a474a-8b92-48a5-b1ee-81e49782bc9c.bam.2/wqyeeHIFmBa5o3CEyKF0GRqwQpmDQ1M.1_91 [call refcount.put] 27.e81cd1cc ondisk+write+known_if_redirected e8332) v4 -- ?+0 0x7f8f5c1b1c60 con 0x7f8f5c1b0290
2015-01-02 14:23:06.682137 7f91f67d0700 1 -- 172.16.30.1:0/3227803 <== osd.334 172.16.30.16:7070/2755866 2 ==== osd_op_reply(1172 us-phx.1453348.1__shadow_140a474a-8b92-48a5-b1ee-81e49782bc9c.bam.2/wqyeeHIFmBa5o3CEyKF0GRqwQpmDQ1M.1_91 [call] v0'0 uv2156 ondisk = -2 ((2) No such file or directory)) v6 ==== 271+0+0 (3484775633 0 0) 0x7f8ebc009700 con 0x7f8f5c1b0290
2015-01-02 14:23:06.682355 7f8e7ffd7700 1 -- 172.16.30.1:0/3227803 --> 172.16.30.15:6960/3389118 -- osd_op(client.1565140.0:1173 .dir.us-phx.1453348.1 [call rgw.bucket_complete_op] 33.2acd6d1e ack+ondisk+write+known_if_redirected e8332) v4 -- ?+0 0x7f8f5c1b1c60 con 0x7f9180030010
2015-01-02 14:23:06.682416 7f8e7ffd7700 20 RGWObjManifest::operator++(): rule->part_size=0 rules.size()=1
2015-01-02 14:23:06.682420 7f8e7ffd7700 0 RGWObjManifest::operator++(): result: ofs=385875968 stripe_ofs=385875968 part_ofs=0 rule->part_size=0
2015-01-02 14:23:06.682449 7f8e7ffd7700 20 get_obj_state: rctx=0x7f8e7ffd61d0 obj=cghub-tcga:_shadow_140a474a-8b92-48a5-b1ee-81e49782bc9c.bam.2/wqyeeHIFmBa5o3CEyKF0GRqwQpmDQ1M.1_92 state=0x7f8f5c1b7118 s->prefetch_data=0
2015-01-02 14:23:06.682639 7f8e7ffd7700 1 -- 172.16.30.1:0/3227803 --> 172.16.30.15:6950/3388925 -- osd_op(client.1565140.0:1174 us-phx.1453348.1__shadow_140a474a-8b92-48a5-b1ee-81e49782bc9c.bam.2/wqyeeHIFmBa5o3CEyKF0GRqwQpmDQ1M.1_92 [getxattrs,stat] 27.c0866219 ack+read+known_if_redirected e8332) v4 -- ?+0 0x7f8f5c1acaa0 con 0x7f8f5c1ac930
2015-01-02 14:23:06.682900 7f91f6fd1700 1 -- 172.16.30.1:0/3227803 --> 172.16.30.12:7065/1401967 -- ping magic: 0 v1 -- ?+0 0x7f9134009890 con 0x1d94160
2015-01-02 14:23:06.682937 7f91f6fd1700 1 -- 172.16.30.1:0/3227803 --> 172.16.30.9:6910/79673 -- ping magic: 0 v1 -- ?+0 0x7f913400d940 con 0x1d9bc00
2015-01-02 14:23:06.682954 7f91f6fd1700 1 -- 172.16.30.1:0/3227803 --> 172.16.30.17:7040/106399 -- ping magic: 0 v1 -- ?+0 0x7f913400a190 con 0x1d9e2b0
2015-01-02 14:23:06.682968 7f91f6fd1700 1 -- 172.16.30.1:0/3227803 --> 172.16.30.3:6995/3602459 -- ping magic: 0 v1 -- ?+0 0x7f9134009590 con 0x1d9fff0
2015-01-02 14:23:06.682986 7f91f6fd1700 1 -- 172.16.30.1:0/3227803 --> 172.16.30.6:6850/546593 -- ping magic: 0 v1 -- ?+0 0x7f913400a490 con 0x1da1d00
2015-01-02 14:23:06.683009 7f91f6fd1700 1 -- 172.16.30.1:0/3227803 --> 172.16.30.5:6915/3332014 -- ping magic: 0 v1 -- ?+0 0x7f913400a790 con 0x1da3a10
2015-01-02 14:23:06.683043 7f91f6fd1700 1 -- 172.16.30.1:0/3227803 --> 172.16.30.13:6880/3096079 -- ping magic: 0 v1 -- ?+0 0x7f913400aa90 con 0x1da5720
2015-01-02 14:23:06.683069 7f91f6fd1700 1 -- 172.16.30.1:0/3227803 --> 172.16.30.8:7105/2661906 -- ping magic: 0 v1 -- ?+0 0x7f913400ad90 con 0x1da7430
2015-01-02 14:23:06.697949 7f91f67d0700 1 -- 172.16.30.1:0/3227803 <== osd.459 172.16.30.15:6950/3388925 1 ==== osd_op_reply(1174 us-phx.1453348.1__shadow_140a474a-8b92-48a5-b1ee-81e49782bc9c.bam.2/wqyeeHIFmBa5o3CEyKF0GRqwQpmDQ1M.1_92 [getxattrs,stat] v0'0 uv0 ack = -2 ((2) No such file or directory)) v6 ==== 313+0+0 (3025600783 0 0) 0x7f8ec4009750 con 0x7f8f5c1ac930
2015-01-02 14:23:06.698113 7f8e7ffd7700 20 prepare_atomic_for_write_impl: state is not atomic. state=0x7f8f5c1b7118
2015-01-02 14:23:06.698130 7f8e7ffd7700 20 RGWDataChangesLog::add_entry() bucket.name=cghub-tcga now=2015-01-02 14:23:06.698130 cur_expiration=2015-01-02 14:23:35.680232
2015-01-02 14:23:06.698287 7f8e7ffd7700 1 -- 172.16.30.1:0/3227803 --> 172.16.30.15:6960/3389118 -- osd_op(client.1565140.0:1175 .dir.us-phx.1453348.1 [call rgw.bucket_prepare_op] 33.2acd6d1e ondisk+write+known_if_redirected e8332) v4 -- ?+0 0x7f8f5c1b6140 con 0x7f9180030010
2015-01-02 14:23:06.713415 7f91f67d0700 1 -- 172.16.30.1:0/3227803 <== osd.449 172.16.30.15:6960/3389118 257 ==== osd_op_reply(1173 .dir.us-phx.1453348.1 [call] v8332'654018 uv654018 ack = 0) v6 ==== 188+0+0 (2351419889 0 0) 0x7f8fd8005440 con 0x7f9180030010
2015-01-02 14:23:06.713576 7f91f67d0700 1 -- 172.16.30.1:0/3227803 <== osd.449 172.16.30.15:6960/3389118 258 ==== osd_op_reply(1173 .dir.us-phx.1453348.1 [call] v8332'654018 uv654018 ondisk = 0) v6 ==== 188+0+0 (29772722 0 0) 0x7f8fd8005440 con 0x7f9180030010
2015-01-02 14:23:06.724219 7f91f67d0700 1 -- 172.16.30.1:0/3227803 <== osd.449 172.16.30.15:6960/3389118 259 ==== osd_op_reply(1175 .dir.us-phx.1453348.1 [call] v8332'654019 uv654019 ondisk = 0) v6 ==== 188+0+0 (1862182755 0 0) 0x7f8fd8005440 con 0x7f9180030010
2015-01-02 14:23:06.724412 7f8e7ffd7700 1 -- 172.16.30.1:0/3227803 --> 172.16.30.15:6950/3388925 -- osd_op(client.1565140.0:1176 us-phx.1453348.1__shadow_140a474a-8b92-48a5-b1ee-81e49782bc9c.bam.2/wqyeeHIFmBa5o3CEyKF0GRqwQpmDQ1M.1_92 [call refcount.put] 27.c0866219 ondisk+write+known_if_redirected e8332) v4 -- ?+0 0x7f8f5c1b75c0 con 0x7f8f5c1ac930
2015-01-02 14:23:06.741418 7f91f67d0700 1 -- 172.16.30.1:0/3227803 <== osd.459 172.16.30.15:6950/3388925 2 ==== osd_op_reply(1176 us-phx.1453348.1__shadow_140a474a-8b92-48a5-b1ee-81e49782bc9c.bam.2/wqyeeHIFmBa5o3CEyKF0GRqwQpmDQ1M.1_92 [call] v0'0 uv2453 ondisk = -2 ((2) No such file or directory)) v6 ==== 271+0+0 (1188391585 0 0) 0x7f8ec4009600 con 0x7f8f5c1ac930
2015-01-02 14:23:06.741638 7f8e7ffd7700 1 -- 172.16.30.1:0/3227803 --> 172.16.30.15:6960/3389118 -- osd_op(client.1565140.0:1177 .dir.us-phx.1453348.1 [call rgw.bucket_complete_op] 33.2acd6d1e ack+ondisk+write+known_if_redirected e8332) v4 -- ?+0 0x7f8f5c1b6140 con 0x7f9180030010
2015-01-02 14:23:06.741698 7f8e7ffd7700 20 RGWObjManifest::operator++(): rule->part_size=0 rules.size()=1
2015-01-02 14:23:06.741702 7f8e7ffd7700 0 RGWObjManifest::operator++(): result: ofs=390070272 stripe_ofs=390070272 part_ofs=0 rule->part_size=0
2015-01-02 14:23:06.741731 7f8e7ffd7700 20 get_obj_state: rctx=0x7f8e7ffd61d0 obj=cghub-tcga:_shadow_140a474a-8b92-48a5-b1ee-81e49782bc9c.bam.2/wqyeeHIFmBa5o3CEyKF0GRqwQpmDQ1M.1_93 state=0x7f8f5c1b6648 s->prefetch_data=0
2015-01-02 14:23:06.741884 7f8e7ffd7700 1 -- 172.16.30.1:0/3227803 --> 172.16.30.3:6940/3601458 -- osd_op(client.1565140.0:1178 us-phx.1453348.1__shadow_140a474a-8b92-48a5-b1ee-81e49782bc9c.bam.2/wqyeeHIFmBa5o3CEyKF0GRqwQpmDQ1M.1_93 [getxattrs,stat] 27.d9c4e0e1 ack+read+known_if_redirected e8332) v4 -- ?+0 0x7f8f5c1b4360 con 0x7f8f5c1b41f0
2015-01-02 14:23:06.750613 7f91f67d0700 1 -- 172.16.30.1:0/3227803 <== osd.725 172.16.30.3:6940/3601458 1 ==== osd_op_reply(1178 us-phx.1453348.1__shadow_140a474a-8b92-48a5-b1ee-81e49782bc9c.bam.2/wqyeeHIFmBa5o3CEyKF0GRqwQpmDQ1M.1_93 [getxattrs,stat] v0'0 uv0 ack = -2 ((2) No such file or directory)) v6 ==== 313+0+0 (850723150 0 0) 0x7f8ecc009600 con 0x7f8f5c1b41f0
2015-01-02 14:23:06.750781 7f8e7ffd7700 20 prepare_atomic_for_write_impl: state is not atomic. state=0x7f8f5c1b6648
2015-01-02 14:23:06.750807 7f8e7ffd7700 20 RGWDataChangesLog::add_entry() bucket.name=cghub-tcga now=2015-01-02 14:23:06.750807 cur_expiration=2015-01-02 14:23:35.680232
2015-01-02 14:23:06.750954 7f8e7ffd7700 1 -- 172.16.30.1:0/3227803 --> 172.16.30.15:6960/3389118 -- osd_op(client.1565140.0:1179 .dir.us-phx.1453348.1 [call rgw.bucket_prepare_op] 33.2acd6d1e ondisk+write+known_if_redirected e8332) v4 -- ?+0 0x7f8f5c1b4b20 con 0x7f9180030010
2015-01-02 14:23:06.864938 7f91f67d0700 1 -- 172.16.30.1:0/3227803 <== osd.449 172.16.30.15:6960/3389118 260 ==== osd_op_reply(1177 .dir.us-phx.1453348.1 [call] v8332'654020 uv654020 ondisk = 0) v6 ==== 188+0+0 (799407005 0 0) 0x7f8fd8005440 con 0x7f9180030010
2015-01-02 14:23:06.881288 7f91f67d0700 1 -- 172.16.30.1:0/3227803 <== osd.449 172.16.30.15:6960/3389118 261 ==== osd_op_reply(1179 .dir.us-phx.1453348.1 [call] v8332'654021 uv654021 ondisk = 0) v6 ==== 188+0+0 (1084036940 0 0) 0x7f8fd8005440 con 0x7f9180030010
2015-01-02 14:23:06.881483 7f8e7ffd7700 1 -- 172.16.30.1:0/3227803 --> 172.16.30.3:6940/3601458 -- osd_op(client.1565140.0:1180 us-phx.1453348.1__shadow_140a474a-8b92-48a5-b1ee-81e49782bc9c.bam.2/wqyeeHIFmBa5o3CEyKF0GRqwQpmDQ1M.1_93 [call refcount.put] 27.d9c4e0e1 ondisk+write+known_if_redirected e8332) v4 -- ?+0 0x7f8f5c1b6c50 con 0x7f8f5c1b41f0
2015-01-02 14:23:06.893687 7f91f67d0700 1 -- 172.16.30.1:0/3227803 <== osd.725 172.16.30.3:6940/3601458 2 ==== osd_op_reply(1180 us-phx.1453348.1__shadow_140a474a-8b92-48a5-b1ee-81e49782bc9c.bam.2/wqyeeHIFmBa5o3CEyKF0GRqwQpmDQ1M.1_93 [call] v0'0 uv2081 ondisk = -2 ((2) No such file or directory)) v6 ==== 271+0+0 (2542853486 0 0) 0x7f8ecc009600 con 0x7f8f5c1b41f0
2015-01-02 14:23:06.893909 7f8e7ffd7700 1 -- 172.16.30.1:0/3227803 --> 172.16.30.15:6960/3389118 -- osd_op(client.1565140.0:1181 .dir.us-phx.1453348.1 [call rgw.bucket_complete_op] 33.2acd6d1e ack+ondisk+write+known_if_redirected e8332) v4 -- ?+0 0x7f8f5c1b6c50 con 0x7f9180030010
2015-01-02 14:23:06.893969 7f8e7ffd7700 20 RGWObjManifest::operator++(): rule->part_size=0 rules.size()=1
2015-01-02 14:23:06.893974 7f8e7ffd7700 0 RGWObjManifest::operator++(): result: ofs=394264576 stripe_ofs=394264576 part_ofs=0 rule->part_size=0
2015-01-02 14:23:06.894003 7f8e7ffd7700 20 get_obj_state: rctx=0x7f8e7ffd61d0 obj=cghub-tcga:_shadow_140a474a-8b92-48a5-b1ee-81e49782bc9c.bam.2/wqyeeHIFmBa5o3CEyKF0GRqwQpmDQ1M.1_94 state=0x7f8f5c1bb288 s->prefetch_data=0
2015-01-02 14:23:06.894150 7f8e7ffd7700 1 -- 172.16.30.1:0/3227803 --> 172.16.30.15:6995/3389704 -- osd_op(client.1565140.0:1182 us-phx.1453348.1__shadow_140a474a-8b92-48a5-b1ee-81e49782bc9c.bam.2/wqyeeHIFmBa5o3CEyKF0GRqwQpmDQ1M.1_94 [getxattrs,stat] 27.226c1eab ack+read+known_if_redirected e8332) v4 -- ?+0 0x7f8f5c1b6c50 con 0x7f8f5c1b2f00
2015-01-02 14:23:06.912129 7f91f67d0700 1 -- 172.16.30.1:0/3227803 <== osd.413 172.16.30.15:6995/3389704 1 ==== osd_op_reply(1182 us-phx.1453348.1__shadow_140a474a-8b92-48a5-b1ee-81e49782bc9c.bam.2/wqyeeHIFmBa5o3CEyKF0GRqwQpmDQ1M.1_94 [getxattrs,stat] v0'0 uv0 ack = -2 ((2) No such file or directory)) v6 ==== 313+0+0 (3339030988 0 0) 0x7f8ed400d130 con 0x7f8f5c1b2f00
2015-01-02 14:23:06.912300 7f8e7ffd7700 20 prepare_atomic_for_write_impl: state is not atomic. state=0x7f8f5c1bb288
2015-01-02 14:23:06.912326 7f8e7ffd7700 20 RGWDataChangesLog::add_entry() bucket.name=cghub-tcga now=2015-01-02 14:23:06.912325 cur_expiration=2015-01-02 14:23:35.680232
2015-01-02 14:23:06.912489 7f8e7ffd7700 1 -- 172.16.30.1:0/3227803 --> 172.16.30.15:6960/3389118 -- osd_op(client.1565140.0:1183 .dir.us-phx.1453348.1 [call rgw.bucket_prepare_op] 33.2acd6d1e ondisk+write+known_if_redirected e8332) v4 -- ?+0 0x7f8f5c1bba10 con 0x7f9180030010
2015-01-02 14:23:06.937066 7f91f67d0700 1 -- 172.16.30.1:0/3227803 <== osd.449 172.16.30.15:6960/3389118 262 ==== osd_op_reply(1181 .dir.us-phx.1453348.1 [call] v8332'654022 uv654022 ondisk = 0) v6 ==== 188+0+0 (3374365143 0 0) 0x7f8fd8005440 con 0x7f9180030010
2015-01-02 14:23:07.039251 7f91f67d0700 1 -- 172.16.30.1:0/3227803 <== osd.449 172.16.30.15:6960/3389118 263 ==== osd_op_reply(1183 .dir.us-phx.1453348.1 [call] v8332'654023 uv654023 ondisk = 0) v6 ==== 188+0+0 (2786612486 0 0) 0x7f8fd8005440 con 0x7f9180030010
2015-01-02 14:23:07.039442 7f8e7ffd7700 1 -- 172.16.30.1:0/3227803 --> 172.16.30.15:6995/3389704 -- osd_op(client.1565140.0:1184 us-phx.1453348.1__shadow_140a474a-8b92-48a5-b1ee-81e49782bc9c.bam.2/wqyeeHIFmBa5o3CEyKF0GRqwQpmDQ1M.1_94 [call refcount.put] 27.226c1eab ondisk+write+known_if_redirected e8332) v4 -- ?+0 0x7f8f5c1b6c50 con 0x7f8f5c1b2f00
2015-01-02 14:23:07.049921 7f91f67d0700 1 -- 172.16.30.1:0/3227803 <== osd.413 172.16.30.15:6995/3389704 2 ==== osd_op_reply(1184 us-phx.1453348.1__shadow_140a474a-8b92-48a5-b1ee-81e49782bc9c.bam.2/wqyeeHIFmBa5o3CEyKF0GRqwQpmDQ1M.1_94 [call] v0'0 uv2238 ondisk = -2 ((2) No such file or directory)) v6 ==== 271+0+0 (4282844809 0 0) 0x7f8ed400d670 con 0x7f8f5c1b2f00
2015-01-02 14:23:07.050165 7f8e7ffd7700 1 -- 172.16.30.1:0/3227803 --> 172.16.30.15:6960/3389118 -- osd_op(client.1565140.0:1185 .dir.us-phx.1453348.1 [call rgw.bucket_complete_op] 33.2acd6d1e ack+ondisk+write+known_if_redirected e8332) v4 -- ?+0 0x7f8f5c1bb980 con 0x7f9180030010
2015-01-02 14:23:07.050226 7f8e7ffd7700 20 RGWObjManifest::operator++(): rule->part_size=0 rules.size()=1
2015-01-02 14:23:07.050230 7f8e7ffd7700 0 RGWObjManifest::operator++(): result: ofs=398458880 stripe_ofs=398458880 part_ofs=0 rule->part_size=0
2015-01-02 14:23:07.050259 7f8e7ffd7700 20 get_obj_state: rctx=0x7f8e7ffd61d0 obj=cghub-tcga:_shadow_140a474a-8b92-48a5-b1ee-81e49782bc9c.bam.2/wqyeeHIFmBa5o3CEyKF0GRqwQpmDQ1M.1_95 state=0x7f8f5c1bd6b8 s->prefetch_data=0
2015-01-02 14:23:07.050405 7f8e7ffd7700 1 -- 172.16.30.1:0/3227803 --> 172.16.30.15:6910/3388439 -- osd_op(client.1565140.0:1186 us-phx.1453348.1__shadow_140a474a-8b92-48a5-b1ee-81e49782bc9c.bam.2/wqyeeHIFmBa5o3CEyKF0GRqwQpmDQ1M.1_95 [getxattrs,stat] 27.85a048b8 ack+read+known_if_redirected e8332) v4 -- ?+0 0x7f8f5c1bb980 con 0x7f8f5c1bc240
2015-01-02 14:23:07.057927 7f91f67d0700 1 -- 172.16.30.1:0/3227803 <== osd.498 172.16.30.15:6910/3388439 1 ==== osd_op_reply(1186 us-phx.1453348.1__shadow_140a474a-8b92-48a5-b1ee-81e49782bc9c.bam.2/wqyeeHIFmBa5o3CEyKF0GRqwQpmDQ1M.1_95 [getxattrs,stat] v0'0 uv0 ack = -2 ((2) No such file or directory)) v6 ==== 313+0+0 (1561961982 0 0) 0x7f8ee000d130 con 0x7f8f5c1bc240
2015-01-02 14:23:07.058095 7f8e7ffd7700 20 prepare_atomic_for_write_impl: state is not atomic. state=0x7f8f5c1bd6b8
2015-01-02 14:23:07.058122 7f8e7ffd7700 20 RGWDataChangesLog::add_entry() bucket.name=cghub-tcga now=2015-01-02 14:23:07.058121 cur_expiration=2015-01-02 14:23:35.680232
2015-01-02 14:23:07.058288 7f8e7ffd7700 1 -- 172.16.30.1:0/3227803 --> 172.16.30.15:6960/3389118 -- osd_op(client.1565140.0:1187 .dir.us-phx.1453348.1 [call rgw.bucket_prepare_op] 33.2acd6d1e ondisk+write+known_if_redirected e8332) v4 -- ?+0 0x7f8f5c1bca80 con 0x7f9180030010
2015-01-02 14:23:07.104294 7f91f67d0700 1 -- 172.16.30.1:0/3227803 <== osd.449 172.16.30.15:6960/3389118 264 ==== osd_op_reply(1185 .dir.us-phx.1453348.1 [call] v8332'654024 uv654024 ondisk = 0) v6 ==== 188+0+0 (1935842243 0 0) 0x7f8fd8005440 con 0x7f9180030010
2015-01-02 14:23:07.113378 7f91f67d0700 1 -- 172.16.30.1:0/3227803 <== osd.449 172.16.30.15:6960/3389118 265 ==== osd_op_reply(1187 .dir.us-phx.1453348.1 [call] v8332'654025 uv654025 ondisk = 0) v6 ==== 188+0+0 (475690770 0 0) 0x7f8fd8005440 con 0x7f9180030010
2015-01-02 14:23:07.113571 7f8e7ffd7700 1 -- 172.16.30.1:0/3227803 --> 172.16.30.15:6910/3388439 -- osd_op(client.1565140.0:1188 us-phx.1453348.1__shadow_140a474a-8b92-48a5-b1ee-81e49782bc9c.bam.2/wqyeeHIFmBa5o3CEyKF0GRqwQpmDQ1M.1_95 [call refcount.put] 27.85a048b8 ondisk+write+known_if_redirected e8332) v4 -- ?+0 0x7f8f5c1bb980 con 0x7f8f5c1bc240
2015-01-02 14:23:07.121680 7f91f67d0700 1 -- 172.16.30.1:0/3227803 <== osd.498 172.16.30.15:6910/3388439 2 ==== osd_op_reply(1188 us-phx.1453348.1__shadow_140a474a-8b92-48a5-b1ee-81e49782bc9c.bam.2/wqyeeHIFmBa5o3CEyKF0GRqwQpmDQ1M.1_95 [call] v0'0 uv2184 ondisk = -2 ((2) No such file or directory)) v6 ==== 271+0+0 (3869041524 0 0) 0x7f8ee000d670 con 0x7f8f5c1bc240
2015-01-02 14:23:07.121901 7f8e7ffd7700 1 -- 172.16.30.1:0/3227803 --> 172.16.30.15:6960/3389118 -- osd_op(client.1565140.0:1189 .dir.us-phx.1453348.1 [call rgw.bucket_complete_op] 33.2acd6d1e ack+ondisk+write+known_if_redirected e8332) v4 -- ?+0 0x7f8f5c1b6c50 con 0x7f9180030010
2015-01-02 14:23:07.121961 7f8e7ffd7700 20 RGWObjManifest::operator++(): rule->part_size=0 rules.size()=1
2015-01-02 14:23:07.121966 7f8e7ffd7700 0 RGWObjManifest::operator++(): result: ofs=402653184 stripe_ofs=402653184 part_ofs=0 rule->part_size=0
2015-01-02 14:23:07.121995 7f8e7ffd7700 20 get_obj_state: rctx=0x7f8e7ffd61d0 obj=cghub-tcga:_shadow_140a474a-8b92-48a5-b1ee-81e49782bc9c.bam.2/wqyeeHIFmBa5o3CEyKF0GRqwQpmDQ1M.1_96 state=0x7f8f5c1c3118 s->prefetch_data=0
2015-01-02 14:23:07.122159 7f8e7ffd7700 1 -- 172.16.30.1:0/3227803 --> 172.16.30.8:7000/2660121 -- osd_op(client.1565140.0:1190 us-phx.1453348.1__shadow_140a474a-8b92-48a5-b1ee-81e49782bc9c.bam.2/wqyeeHIFmBa5o3CEyKF0GRqwQpmDQ1M.1_96 [getxattrs,stat] 27.ba068cfa ack+read+known_if_redirected e8332) v4 -- ?+0 0x7f8f5c1c2ac0 con 0x7f8f5c1c2950
2015-01-02 14:23:07.129053 7f91f67d0700 1 -- 172.16.30.1:0/3227803 <== osd.108 172.16.30.8:7000/2660121 1 ==== osd_op_reply(1190 us-phx.1453348.1__shadow_140a474a-8b92-48a5-b1ee-81e49782bc9c.bam.2/wqyeeHIFmBa5o3CEyKF0GRqwQpmDQ1M.1_96 [getxattrs,stat] v0'0 uv0 ack = -2 ((2) No such file or directory)) v6 ==== 313+0+0 (2277337373 0 0) 0x7f8ee800d130 con 0x7f8f5c1c2950
2015-01-02 14:23:07.129261 7f8e7ffd7700 20 prepare_atomic_for_write_impl: state is not atomic. state=0x7f8f5c1c3118
2015-01-02 14:23:07.129287 7f8e7ffd7700 20 RGWDataChangesLog::add_entry() bucket.name=cghub-tcga now=2015-01-02 14:23:07.129286 cur_expiration=2015-01-02 14:23:35.680232
