2015-01-02 14:22:21.666774 7f92035d3840 0 ceph version 0.87 (c51c8f9d80fa4e0168aa52685b8de40e42758578), process radosgw, pid 2227799
2015-01-02 14:22:21.673046 7f92035d3840 1 -- :/0 messenger.start
2015-01-02 14:22:21.674928 7f92035d3840 1 -- :/3227803 --> 172.16.30.10:6789/0 -- auth(proto 0 39 bytes epoch 0) v1 -- ?+0 0x1d8b8b0 con 0x1d8b4c0
2015-01-02 14:22:21.675442 7f92035cb700 1 -- 172.16.30.1:0/3227803 learned my addr 172.16.30.1:0/3227803
2015-01-02 14:22:21.676430 7f91f67d0700 1 -- 172.16.30.1:0/3227803 <== mon.1 172.16.30.10:6789/0 1 ==== mon_map magic: 0 v1 ==== 506+0+0 (486452812 0 0) 0x7f91dc000bf0 con 0x1d8b4c0
2015-01-02 14:22:21.676627 7f91f67d0700 1 -- 172.16.30.1:0/3227803 <== mon.1 172.16.30.10:6789/0 2 ==== auth_reply(proto 2 0 (0) Success) v1 ==== 33+0+0 (2228698689 0 0) 0x7f91dc0010b0 con 0x1d8b4c0
2015-01-02 14:22:21.676974 7f91f67d0700 1 -- 172.16.30.1:0/3227803 --> 172.16.30.10:6789/0 -- auth(proto 2 32 bytes epoch 0) v1 -- ?+0 0x7f91e00015c0 con 0x1d8b4c0
2015-01-02 14:22:21.677775 7f91f67d0700 1 -- 172.16.30.1:0/3227803 <== mon.1 172.16.30.10:6789/0 3 ==== auth_reply(proto 2 0 (0) Success) v1 ==== 222+0+0 (2020127818 0 0) 0x7f91dc0010b0 con 0x1d8b4c0
2015-01-02 14:22:21.678040 7f91f67d0700 1 -- 172.16.30.1:0/3227803 --> 172.16.30.10:6789/0 -- auth(proto 2 181 bytes epoch 0) v1 -- ?+0 0x7f91e00037b0 con 0x1d8b4c0
2015-01-02 14:22:21.679004 7f91f67d0700 1 -- 172.16.30.1:0/3227803 <== mon.1 172.16.30.10:6789/0 4 ==== auth_reply(proto 2 0 (0) Success) v1 ==== 425+0+0 (1429368652 0 0) 0x7f91dc0008c0 con 0x1d8b4c0
2015-01-02 14:22:21.679195 7f91f67d0700 1 -- 172.16.30.1:0/3227803 --> 172.16.30.10:6789/0 -- mon_subscribe({monmap=0+}) v2 -- ?+0 0x1d8bc70 con 0x1d8b4c0
2015-01-02 14:22:21.679374 7f92035d3840 1 -- 172.16.30.1:0/3227803 --> 172.16.30.10:6789/0 -- mon_subscribe({monmap=2+,osdmap=0}) v2 -- ?+0 0x1d85d70 con 0x1d8b4c0
2015-01-02 14:22:21.679487 7f92035d3840 1 -- 172.16.30.1:0/3227803 --> 172.16.30.10:6789/0 -- mon_subscribe({monmap=2+,osdmap=0}) v2 -- ?+0 0x1d8c290 con 0x1d8b4c0
2015-01-02 14:22:21.679724 7f91ee7fc700 2 RGWDataChangesLog::ChangesRenewThread: start
2015-01-02 14:22:21.679894 7f91f67d0700 1 -- 172.16.30.1:0/3227803 <== mon.1 172.16.30.10:6789/0 5 ==== mon_map magic: 0 v1 ==== 506+0+0 (486452812 0 0) 0x7f91dc001340 con 0x1d8b4c0
2015-01-02 14:22:21.680009 7f91f67d0700 1 -- 172.16.30.1:0/3227803 <== mon.1 172.16.30.10:6789/0 6 ==== mon_subscribe_ack(300s) v1 ==== 20+0+0 (538483382 0 0) 0x7f91dc0015f0 con 0x1d8b4c0
2015-01-02 14:22:21.683803 7f91f67d0700 1 -- 172.16.30.1:0/3227803 <== mon.1 172.16.30.10:6789/0 7 ==== osd_map(8332..8332 src has 7797..8332) v3 ==== 529166+0+0 (3529124171 0 0) 0x7f91dc0008c0 con 0x1d8b4c0
2015-01-02 14:22:21.688297 7f91f67d0700 1 -- 172.16.30.1:0/3227803 <== mon.1 172.16.30.10:6789/0 8 ==== mon_subscribe_ack(300s) v1 ==== 20+0+0 (538483382 0 0) 0x7f91dc001430 con 0x1d8b4c0
2015-01-02 14:22:21.688344 7f91f67d0700 1 -- 172.16.30.1:0/3227803 <== mon.1 172.16.30.10:6789/0 9 ==== osd_map(8332..8332 src has 7797..8332) v3 ==== 529166+0+0 (3529124171 0 0) 0x7f91dc001770 con 0x1d8b4c0
2015-01-02 14:22:21.688343 7f92035d3840 20 get_obj_state: rctx=0x1d8a760 obj=.us.rgw.root:region_info.us state=0x1d8e4c8 s->prefetch_data=0
2015-01-02 14:22:21.688476 7f91f67d0700 1 -- 172.16.30.1:0/3227803 <== mon.1 172.16.30.10:6789/0 10 ==== mon_subscribe_ack(300s) v1 ==== 20+0+0 (538483382 0 0) 0x7f91dc001c20 con 0x1d8b4c0
2015-01-02 14:22:21.688494 7f92035d3840 10 cache get: name=.us.rgw.root+region_info.us : miss
2015-01-02 14:22:21.688813 7f92035d3840 1 -- 172.16.30.1:0/3227803 --> 172.16.30.3:6900/3600723 -- osd_op(client.1565140.0:1 region_info.us [getxattrs,stat] 28.5f61cfc6 ack+read+known_if_redirected e8332) v4 -- ?+0 0x1d90790 con 0x1d903e0
2015-01-02 14:22:21.696097 7f91f67d0700 1 -- 172.16.30.1:0/3227803 <== osd.741 172.16.30.3:6900/3600723 1 ==== osd_op_reply(1 region_info.us [getxattrs,stat] v0'0 uv2 ondisk = 0) v6 ==== 223+0+20 (2997348256 0 2938738031) 0x7f91cc000c40 con 0x1d903e0
2015-01-02 14:22:21.696234 7f92035d3840 10 cache put: name=.us.rgw.root+region_info.us
2015-01-02 14:22:21.696264 7f92035d3840 10 adding .us.rgw.root+region_info.us to cache LRU end
2015-01-02 14:22:21.696282 7f92035d3840 20 get_obj_state: s->obj_tag was set empty
2015-01-02 14:22:21.696305 7f92035d3840 10 cache get: name=.us.rgw.root+region_info.us : type miss (requested=1, cached=6)
2015-01-02 14:22:21.696324 7f92035d3840 20 get_obj_state: rctx=0x1d8a760 obj=.us.rgw.root:region_info.us state=0x1d8e4c8 s->prefetch_data=0
2015-01-02 14:22:21.696333 7f92035d3840 10 cache get: name=.us.rgw.root+region_info.us : hit
2015-01-02 14:22:21.696339 7f92035d3840 20 get_obj_state: s->obj_tag was set empty
2015-01-02 14:22:21.696360 7f92035d3840 20 get_obj_state: rctx=0x1d8a760 obj=.us.rgw.root:region_info.us state=0x1d8e4c8 s->prefetch_data=0
2015-01-02 14:22:21.696364 7f92035d3840 20 state for obj=.us.rgw.root:region_info.us is not atomic, not appending atomic test
2015-01-02 14:22:21.696367 7f92035d3840 20 rados->read obj-ofs=0 read_ofs=0 read_len=524288
2015-01-02 14:22:21.696425 7f92035d3840 1 -- 172.16.30.1:0/3227803 --> 172.16.30.3:6900/3600723 -- osd_op(client.1565140.0:2 region_info.us [read 0~524288] 28.5f61cfc6 ack+read+known_if_redirected e8332) v4 -- ?+0 0x1d91300 con 0x1d903e0
2015-01-02 14:22:21.699058 7f91f67d0700 1 -- 172.16.30.1:0/3227803 <== osd.741 172.16.30.3:6900/3600723 2 ==== osd_op_reply(2 region_info.us [read 0~234] v0'0 uv2 ondisk = 0) v6 ==== 181+0+234 (3993529503 0 1289849551) 0x7f91cc000c40 con 0x1d903e0
2015-01-02 14:22:21.699164 7f92035d3840 20 rados->read r=0 bl.length=234
2015-01-02 14:22:21.699219 7f92035d3840 10 cache put: name=.us.rgw.root+region_info.us
2015-01-02 14:22:21.699232 7f92035d3840 10 moving .us.rgw.root+region_info.us to cache LRU end
2015-01-02 14:22:21.699301 7f92035d3840 20 get_obj_state: rctx=0x1d91540 obj=.us-phx.rgw.root:zone_info.us-phx state=0x1d8e318 s->prefetch_data=0
2015-01-02 14:22:21.699318 7f92035d3840 10 cache get: name=.us-phx.rgw.root+zone_info.us-phx : miss
2015-01-02 14:22:21.699465 7f92035d3840 1 -- 172.16.30.1:0/3227803 --> 172.16.30.12:7065/1401967 -- osd_op(client.1565140.0:3 zone_info.us-phx [getxattrs,stat] 30.6fbe205f ack+read+known_if_redirected e8332) v4 -- ?+0 0x1d94550 con 0x1d94160
2015-01-02 14:22:21.707989 7f91f67d0700 1 -- 172.16.30.1:0/3227803 <== osd.335 172.16.30.12:7065/1401967 1 ==== osd_op_reply(3 zone_info.us-phx [getxattrs,stat] v0'0 uv4 ondisk = 0) v6 ==== 225+0+20 (3470484936 0 2995669149) 0x7f91c4000c40 con 0x1d94160
2015-01-02 14:22:21.708078 7f92035d3840 10 cache put: name=.us-phx.rgw.root+zone_info.us-phx
2015-01-02 14:22:21.708093 7f92035d3840 10 adding .us-phx.rgw.root+zone_info.us-phx to cache LRU end
2015-01-02 14:22:21.708101 7f92035d3840 20 get_obj_state: s->obj_tag was set empty
2015-01-02 14:22:21.708113 7f92035d3840 10 cache get: name=.us-phx.rgw.root+zone_info.us-phx : type miss (requested=1, cached=6)
2015-01-02 14:22:21.708128 7f92035d3840 20 get_obj_state: rctx=0x1d931b0 obj=.us-phx.rgw.root:zone_info.us-phx state=0x1d8e318 s->prefetch_data=0
2015-01-02 14:22:21.708135 7f92035d3840 10 cache get: name=.us-phx.rgw.root+zone_info.us-phx : hit
2015-01-02 14:22:21.708141 7f92035d3840 20 get_obj_state: s->obj_tag was set empty
2015-01-02 14:22:21.708153 7f92035d3840 20 get_obj_state: rctx=0x1d931b0 obj=.us-phx.rgw.root:zone_info.us-phx state=0x1d8e318 s->prefetch_data=0
2015-01-02 14:22:21.708156 7f92035d3840 20 state for obj=.us-phx.rgw.root:zone_info.us-phx is not atomic, not appending atomic test
2015-01-02 14:22:21.708159 7f92035d3840 20 rados->read obj-ofs=0 read_ofs=0 read_len=524288
2015-01-02 14:22:21.708230 7f92035d3840 1 -- 172.16.30.1:0/3227803 --> 172.16.30.12:7065/1401967 -- osd_op(client.1565140.0:4 zone_info.us-phx [read 0~524288] 30.6fbe205f ack+read+known_if_redirected e8332) v4 -- ?+0 0x1d95150 con 0x1d94160
2015-01-02 14:22:21.711764 7f91f67d0700 1 -- 172.16.30.1:0/3227803 <== osd.335 172.16.30.12:7065/1401967 2 ==== osd_op_reply(4 zone_info.us-phx [read 0~1059] v0'0 uv4 ondisk = 0) v6 ==== 183+0+1059 (3085618240 0 2610716165) 0x7f91c4000b90 con 0x1d94160
2015-01-02 14:22:21.711876 7f92035d3840 20 rados->read r=0 bl.length=1059
2015-01-02 14:22:21.711926 7f92035d3840 10 cache put: name=.us-phx.rgw.root+zone_info.us-phx
2015-01-02 14:22:21.711930 7f92035d3840 10 moving .us-phx.rgw.root+zone_info.us-phx to cache LRU end
2015-01-02 14:22:21.711973 7f92035d3840 2 zone us-phx is master
2015-01-02 14:22:21.712015 7f92035d3840 20 get_obj_state: rctx=0x1d95360 obj=.us-phx.rgw.root:region_map state=0x1d95748 s->prefetch_data=0
2015-01-02 14:22:21.712038 7f92035d3840 10 cache get: name=.us-phx.rgw.root+region_map : miss
2015-01-02 14:22:21.712190 7f92035d3840 1 -- 172.16.30.1:0/3227803 --> 172.16.30.5:6880/3331511 -- osd_op(client.1565140.0:5 region_map [getxattrs,stat] 30.bd31b503 ack+read+known_if_redirected e8332) v4 -- ?+0 0x1d98940 con 0x1d98580
2015-01-02 14:22:21.727228 7f91f67d0700 1 -- 172.16.30.1:0/3227803 <== osd.229 172.16.30.5:6880/3331511 1 ==== osd_op_reply(5 region_map [getxattrs,stat] v0'0 uv4 ondisk = 0) v6 ==== 219+0+20 (3582568398 0 1231475109) 0x7f91bc000c40 con 0x1d98580
2015-01-02 14:22:21.727364 7f92035d3840 10 cache put: name=.us-phx.rgw.root+region_map
2015-01-02 14:22:21.727398 7f92035d3840 10 adding .us-phx.rgw.root+region_map to cache LRU end
2015-01-02 14:22:21.727406 7f92035d3840 20 get_obj_state: s->obj_tag was set empty
2015-01-02 14:22:21.727418 7f92035d3840 10 cache get: name=.us-phx.rgw.root+region_map : type miss (requested=1, cached=6)
2015-01-02 14:22:21.727431 7f92035d3840 20 get_obj_state: rctx=0x1d95360 obj=.us-phx.rgw.root:region_map state=0x1d95748 s->prefetch_data=0
2015-01-02 14:22:21.727439 7f92035d3840 10 cache get: name=.us-phx.rgw.root+region_map : hit
2015-01-02 14:22:21.727445 7f92035d3840 20 get_obj_state: s->obj_tag was set empty
2015-01-02 14:22:21.727456 7f92035d3840 20 get_obj_state: rctx=0x1d95360 obj=.us-phx.rgw.root:region_map state=0x1d95748 s->prefetch_data=0
2015-01-02 14:22:21.727460 7f92035d3840 20 state for obj=.us-phx.rgw.root:region_map is not atomic, not appending atomic test
2015-01-02 14:22:21.727462 7f92035d3840 20 rados->read obj-ofs=0 read_ofs=0 read_len=524288
2015-01-02 14:22:21.727521 7f92035d3840 1 -- 172.16.30.1:0/3227803 --> 172.16.30.5:6880/3331511 -- osd_op(client.1565140.0:6 region_map [read 0~524288] 30.bd31b503 ack+read+known_if_redirected e8332) v4 -- ?+0 0x1d99470 con 0x1d98580
2015-01-02 14:22:21.731196 7f91f67d0700 1 -- 172.16.30.1:0/3227803 <== osd.229 172.16.30.5:6880/3331511 2 ==== osd_op_reply(6 region_map [read 0~302] v0'0 uv4 ondisk = 0) v6 ==== 177+0+302 (3712331270 0 917944721) 0x7f91bc000c40 con 0x1d98580
2015-01-02 14:22:21.731312 7f92035d3840 20 rados->read r=0 bl.length=302
2015-01-02 14:22:21.731362 7f92035d3840 10 cache put: name=.us-phx.rgw.root+region_map
2015-01-02 14:22:21.731376 7f92035d3840 10 moving .us-phx.rgw.root+region_map to cache LRU end
2015-01-02 14:22:21.731608 7f92035d3840 1 -- 172.16.30.1:0/3227803 --> 172.16.30.9:6910/79673 -- osd_op(client.1565140.0:7 notify.0 [create 0~0] 31.4322fa9f ondisk+write+known_if_redirected e8332) v4 -- ?+0 0x1d9bfc0 con 0x1d9bc00
2015-01-02 14:22:21.764607 7f91f67d0700 1 -- 172.16.30.1:0/3227803 <== osd.195 172.16.30.9:6910/79673 1 ==== osd_op_reply(7 notify.0 [create 0~0] v8332'28 uv28 ondisk = 0) v6 ==== 175+0+0 (1231526636 0 0) 0x7f91b4000aa0 con 0x1d9bc00
2015-01-02 14:22:21.764880 7f92035d3840 1 -- 172.16.30.1:0/3227803 --> 172.16.30.9:6910/79673 -- osd_op(client.1565140.0:8 notify.0 [watch add cookie 1 ver 0] 31.4322fa9f ondisk+write+known_if_redirected e8332) v4 -- ?+0 0x1d9c920 con 0x1d9bc00
2015-01-02 14:22:21.786221 7f91f67d0700 1 -- 172.16.30.1:0/3227803 <== osd.195 172.16.30.9:6910/79673 2 ==== osd_op_reply(8 notify.0 [watch add cookie 1 ver 0] v8332'29 uv28 ondisk = 0) v6 ==== 175+0+0 (3397618362 0 0) 0x7f91b4000aa0 con 0x1d9bc00
2015-01-02 14:22:21.786405 7f92035d3840 1 -- 172.16.30.1:0/3227803 --> 172.16.30.12:7065/1401967 -- osd_op(client.1565140.0:9 notify.1 [create 0~0] 31.16dafda0 ondisk+write+known_if_redirected e8332) v4 -- ?+0 0x1d9c830 con 0x1d94160
2015-01-02 14:22:21.830912 7f91f67d0700 1 -- 172.16.30.1:0/3227803 <== osd.335 172.16.30.12:7065/1401967 3 ==== osd_op_reply(9 notify.1 [create 0~0] v8332'28 uv28 ondisk = 0) v6 ==== 175+0+0 (751434214 0 0) 0x7f91c4000b90 con 0x1d94160
2015-01-02 14:22:21.831134 7f92035d3840 1 -- 172.16.30.1:0/3227803 --> 172.16.30.12:7065/1401967 -- osd_op(client.1565140.0:10 notify.1 [watch add cookie 2 ver 0] 31.16dafda0 ondisk+write+known_if_redirected e8332) v4 -- ?+0 0x1d9d1d0 con 0x1d94160
2015-01-02 14:22:21.855126 7f91f67d0700 1 -- 172.16.30.1:0/3227803 <== osd.335 172.16.30.12:7065/1401967 4 ==== osd_op_reply(10 notify.1 [watch add cookie 2 ver 0] v8332'29 uv28 ondisk = 0) v6 ==== 175+0+0 (277036310 0 0) 0x7f91c4000b90 con 0x1d94160
2015-01-02 14:22:21.855393 7f92035d3840 1 -- 172.16.30.1:0/3227803 --> 172.16.30.17:7040/106399 -- osd_op(client.1565140.0:11 notify.2 [create 0~0] 31.88aa5c95 ondisk+write+known_if_redirected e8332) v4 -- ?+0 0x1d9e630 con 0x1d9e2b0
2015-01-02 14:22:21.897578 7f91f67d0700 1 -- 172.16.30.1:0/3227803 <== osd.613 172.16.30.17:7040/106399 1 ==== osd_op_reply(11 notify.2 [create 0~0] v8332'28 uv28 ondisk = 0) v6 ==== 175+0+0 (1551794541 0 0) 0x7f91ac000aa0 con 0x1d9e2b0
2015-01-02 14:22:21.897808 7f92035d3840 1 -- 172.16.30.1:0/3227803 --> 172.16.30.17:7040/106399 -- osd_op(client.1565140.0:12 notify.2 [watch add cookie 3 ver 0] 31.88aa5c95 ondisk+write+known_if_redirected e8332) v4 -- ?+0 0x1d9eeb0 con 0x1d9e2b0
2015-01-02 14:22:21.921456 7f91f67d0700 1 -- 172.16.30.1:0/3227803 <== osd.613 172.16.30.17:7040/106399 2 ==== osd_op_reply(12 notify.2 [watch add cookie 3 ver 0] v8332'29 uv28 ondisk = 0) v6 ==== 175+0+0 (4127859792 0 0) 0x7f91ac000aa0 con 0x1d9e2b0
2015-01-02 14:22:21.921737 7f92035d3840 1 -- 172.16.30.1:0/3227803 --> 172.16.30.3:6995/3602459 -- osd_op(client.1565140.0:13 notify.3 [create 0~0] 31.f8c99aee ondisk+write+known_if_redirected e8332) v4 -- ?+0 0x1da0370 con 0x1d9fff0
2015-01-02 14:22:21.963649 7f91f67d0700 1 -- 172.16.30.1:0/3227803 <== osd.698 172.16.30.3:6995/3602459 1 ==== osd_op_reply(13 notify.3 [create 0~0] v8332'28 uv28 ondisk = 0) v6 ==== 175+0+0 (4163693004 0 0) 0x7f91a4000aa0 con 0x1d9fff0
2015-01-02 14:22:21.963866 7f92035d3840 1 -- 172.16.30.1:0/3227803 --> 172.16.30.3:6995/3602459 -- osd_op(client.1565140.0:14 notify.3 [watch add cookie 4 ver 0] 31.f8c99aee ondisk+write+known_if_redirected e8332) v4 -- ?+0 0x1da0c20 con 0x1d9fff0
2015-01-02 14:22:21.983862 7f91f67d0700 1 -- 172.16.30.1:0/3227803 <== osd.698 172.16.30.3:6995/3602459 2 ==== osd_op_reply(14 notify.3 [watch add cookie 4 ver 0] v8332'29 uv28 ondisk = 0) v6 ==== 175+0+0 (3201823361 0 0) 0x7f91a4000aa0 con 0x1d9fff0
2015-01-02 14:22:21.984142 7f92035d3840 1 -- 172.16.30.1:0/3227803 --> 172.16.30.6:6850/546593 -- osd_op(client.1565140.0:15 notify.4 [create 0~0] 31.a204812d ondisk+write+known_if_redirected e8332) v4 -- ?+0 0x1da2080 con 0x1da1d00
2015-01-02 14:22:22.020818 7f91f67d0700 1 -- 172.16.30.1:0/3227803 <== osd.255 172.16.30.6:6850/546593 1 ==== osd_op_reply(15 notify.4 [create 0~0] v8332'28 uv28 ondisk = 0) v6 ==== 175+0+0 (202534856 0 0) 0x7f919c000aa0 con 0x1da1d00
2015-01-02 14:22:22.021045 7f92035d3840 1 -- 172.16.30.1:0/3227803 --> 172.16.30.6:6850/546593 -- osd_op(client.1565140.0:16 notify.4 [watch add cookie 5 ver 0] 31.a204812d ondisk+write+known_if_redirected e8332) v4 -- ?+0 0x1da2930 con 0x1da1d00
2015-01-02 14:22:22.037012 7f91f67d0700 1 -- 172.16.30.1:0/3227803 <== osd.255 172.16.30.6:6850/546593 2 ==== osd_op_reply(16 notify.4 [watch add cookie 5 ver 0] v8332'29 uv28 ondisk = 0) v6 ==== 175+0+0 (3705083208 0 0) 0x7f919c000aa0 con 0x1da1d00
2015-01-02 14:22:22.037344 7f92035d3840 1 -- 172.16.30.1:0/3227803 --> 172.16.30.5:6915/3332014 -- osd_op(client.1565140.0:17 notify.5 [create 0~0] 31.31099063 ondisk+write+known_if_redirected e8332) v4 -- ?+0 0x1da3d90 con 0x1da3a10
2015-01-02 14:22:22.077278 7f91f67d0700 1 -- 172.16.30.1:0/3227803 <== osd.194 172.16.30.5:6915/3332014 1 ==== osd_op_reply(17 notify.5 [create 0~0] v8332'28 uv28 ondisk = 0) v6 ==== 175+0+0 (3475034521 0 0) 0x7f9194000aa0 con 0x1da3a10
2015-01-02 14:22:22.077507 7f92035d3840 1 -- 172.16.30.1:0/3227803 --> 172.16.30.5:6915/3332014 -- osd_op(client.1565140.0:18 notify.5 [watch add cookie 6 ver 0] 31.31099063 ondisk+write+known_if_redirected e8332) v4 -- ?+0 0x1da4640 con 0x1da3a10
2015-01-02 14:22:22.109766 7f91f67d0700 1 -- 172.16.30.1:0/3227803 <== osd.194 172.16.30.5:6915/3332014 2 ==== osd_op_reply(18 notify.5 [watch add cookie 6 ver 0] v8332'29 uv28 ondisk = 0) v6 ==== 175+0+0 (2689302463 0 0) 0x7f9194000aa0 con 0x1da3a10
2015-01-02 14:22:22.110038 7f92035d3840 1 -- 172.16.30.1:0/3227803 --> 172.16.30.13:6880/3096079 -- osd_op(client.1565140.0:19 notify.6 [create 0~0] 31.97c520d4 ondisk+write+known_if_redirected e8332) v4 -- ?+0 0x1da5aa0 con 0x1da5720
2015-01-02 14:22:22.155954 7f91f67d0700 1 -- 172.16.30.1:0/3227803 <== osd.521 172.16.30.13:6880/3096079 1 ==== osd_op_reply(19 notify.6 [create 0~0] v8332'28 uv28 ondisk = 0) v6 ==== 175+0+0 (231262812 0 0) 0x7f918c000aa0 con 0x1da5720
2015-01-02 14:22:22.156179 7f92035d3840 1 -- 172.16.30.1:0/3227803 --> 172.16.30.13:6880/3096079 -- osd_op(client.1565140.0:20 notify.6 [watch add cookie 7 ver 0] 31.97c520d4 ondisk+write+known_if_redirected e8332) v4 -- ?+0 0x1da6350 con 0x1da5720
2015-01-02 14:22:22.176250 7f91f67d0700 1 -- 172.16.30.1:0/3227803 <== osd.521 172.16.30.13:6880/3096079 2 ==== osd_op_reply(20 notify.6 [watch add cookie 7 ver 0] v8332'29 uv28 ondisk = 0) v6 ==== 175+0+0 (4103931319 0 0) 0x7f918c000aa0 con 0x1da5720
2015-01-02 14:22:22.176543 7f92035d3840 1 -- 172.16.30.1:0/3227803 --> 172.16.30.8:7105/2661906 -- osd_op(client.1565140.0:21 notify.7 [create 0~0] 31.84ada7c9 ondisk+write+known_if_redirected e8332) v4 -- ?+0 0x1da77b0 con 0x1da7430
2015-01-02 14:22:22.217723 7f91f67d0700 1 -- 172.16.30.1:0/3227803 <== osd.4 172.16.30.8:7105/2661906 1 ==== osd_op_reply(21 notify.7 [create 0~0] v8332'28 uv28 ondisk = 0) v6 ==== 175+0+0 (423317787 0 0) 0x7f9184000aa0 con 0x1da7430
2015-01-02 14:22:22.217948 7f92035d3840 1 -- 172.16.30.1:0/3227803 --> 172.16.30.8:7105/2661906 -- osd_op(client.1565140.0:22 notify.7 [watch add cookie 8 ver 0] 31.84ada7c9 ondisk+write+known_if_redirected e8332) v4 -- ?+0 0x1da8060 con 0x1da7430
2015-01-02 14:22:22.253416 7f91f67d0700 1 -- 172.16.30.1:0/3227803 <== osd.4 172.16.30.8:7105/2661906 2 ==== osd_op_reply(22 notify.7 [watch add cookie 8 ver 0] v8332'29 uv28 ondisk = 0) v6 ==== 175+0+0 (2862871852 0 0) 0x7f9184000aa0 con 0x1da7430
2015-01-02 14:22:22.253817 7f91ed1ed700 2 garbage collection: start
2015-01-02 14:22:22.254682 7f918bfff700 20 UserSyncThread: start
2015-01-02 14:22:22.254678 7f91ec9ec700 20 BucketsSyncThread: start
2015-01-02 14:22:22.254968 7f918bfff700 0 ERROR: can't get key: ret=-2
2015-01-02 14:22:22.254982 7f918bfff700 0 ERROR: sync_all_users() returned ret=-2
2015-01-02 14:22:22.255265 7f91ed1ed700 1 -- 172.16.30.1:0/3227803 --> 172.16.30.9:7055/82030 -- osd_op(client.1565140.0:23 gc.230 [call lock.lock] 32.1e0f6f0d ondisk+write+known_if_redirected e8332) v4 -- ?+0 0x7f9180004630 con 0x7f9180002e90
2015-01-02 14:22:22.255449 7f92035d3840 0 framework: fastcgi
2015-01-02 14:22:22.255467 7f92035d3840 0 framework: civetweb
2015-01-02 14:22:22.255482 7f92035d3840 0 framework conf key: port, val: 7480
2015-01-02 14:22:22.255515 7f92035d3840 0 starting handler: civetweb
2015-01-02 14:22:22.288129 7f92035d3840 0 starting handler: fastcgi
2015-01-02 14:22:22.294911 7f8e827dc700 10 allocated request req=0x7f8f4801b870
2015-01-02 14:22:22.306399 7f91f67d0700 1 -- 172.16.30.1:0/3227803 <== osd.50 172.16.30.9:7055/82030 1 ==== osd_op_reply(23 gc.230 [call] v8332'41 uv41 ondisk = 0) v6 ==== 173+0+0 (335233216 0 0) 0x7f8f6c0052b0 con 0x7f9180002e90
2015-01-02 14:22:22.306588 7f91ed1ed700 1 -- 172.16.30.1:0/3227803 --> 172.16.30.9:7055/82030 -- osd_op(client.1565140.0:24 gc.230 [call rgw.gc_list] 32.1e0f6f0d ack+read+known_if_redirected e8332) v4 -- ?+0 0x7f9180000d80 con 0x7f9180002e90
2015-01-02 14:22:22.315135 7f91f67d0700 1 -- 172.16.30.1:0/3227803 <== osd.50 172.16.30.9:7055/82030 2 ==== osd_op_reply(24 gc.230 [call] v0'0 uv41 ondisk = 0) v6 ==== 173+0+11 (169310042 0 1993775135) 0x7f8f6c0052b0 con 0x7f9180002e90
2015-01-02 14:22:22.315294 7f91ed1ed700 1 -- 172.16.30.1:0/3227803 --> 172.16.30.9:7055/82030 -- osd_op(client.1565140.0:25 gc.230 [call lock.unlock] 32.1e0f6f0d ondisk+write+known_if_redirected e8332) v4 -- ?+0 0x7f9180000d00 con 0x7f9180002e90
2015-01-02 14:22:22.339887 7f91f67d0700 1 -- 172.16.30.1:0/3227803 <== osd.50 172.16.30.9:7055/82030 3 ==== osd_op_reply(25 gc.230 [call] v8332'42 uv42 ondisk = 0) v6 ==== 173+0+0 (2481743181 0 0) 0x7f8f6c0052b0 con 0x7f9180002e90
2015-01-02 14:22:22.340097 7f91ed1ed700 1 -- 172.16.30.1:0/3227803 --> 172.16.30.15:6925/3388602 -- osd_op(client.1565140.0:26 gc.231 [call lock.lock] 32.e4e5cc8e ondisk+write+known_if_redirected e8332) v4 -- ?+0 0x7f9180008660 con 0x7f91800082a0
2015-01-02 14:22:22.388172 7f91f67d0700 1 -- 172.16.30.1:0/3227803 <== osd.483 172.16.30.15:6925/3388602 1 ==== osd_op_reply(26 gc.231 [call] v8332'81 uv81 ondisk = 0) v6 ==== 173+0+0 (1626368280 0 0) 0x7f8f740052b0 con 0x7f91800082a0
2015-01-02 14:22:22.388389 7f91ed1ed700 1 -- 172.16.30.1:0/3227803 --> 172.16.30.15:6925/3388602 -- osd_op(client.1565140.0:27 gc.231 [call rgw.gc_list] 32.e4e5cc8e ack+read+known_if_redirected e8332) v4 -- ?+0 0x7f9180008660 con 0x7f91800082a0
2015-01-02 14:22:22.393781 7f91f67d0700 1 -- 172.16.30.1:0/3227803 <== osd.483 172.16.30.15:6925/3388602 2 ==== osd_op_reply(27 gc.231 [call] v0'0 uv81 ondisk = 0) v6 ==== 173+0+11 (3480688767 0 1993775135) 0x7f8f740052b0 con 0x7f91800082a0
2015-01-02 14:22:22.393980 7f91ed1ed700 1 -- 172.16.30.1:0/3227803 --> 172.16.30.15:6925/3388602 -- osd_op(client.1565140.0:28 gc.231 [call lock.unlock] 32.e4e5cc8e ondisk+write+known_if_redirected e8332) v4 -- ?+0 0x7f9180008660 con 0x7f91800082a0
2015-01-02 14:22:22.419908 7f91f67d0700 1 -- 172.16.30.1:0/3227803 <== osd.483 172.16.30.15:6925/3388602 3 ==== osd_op_reply(28 gc.231 [call] v8332'82 uv82 ondisk = 0) v6 ==== 173+0+0 (3773254805 0 0) 0x7f8f740052b0 con 0x7f91800082a0
2015-01-02 14:22:22.420190 7f91ed1ed700 1 -- 172.16.30.1:0/3227803 --> 172.16.30.13:7090/3099576 -- osd_op(client.1565140.0:29 gc.232 [call lock.lock] 32.a15aff03 ondisk+write+known_if_redirected e8332) v4 -- ?+0 0x7f918000c650 con 0x7f918000c2a0
2015-01-02 14:22:22.464321 7f91f67d0700 1 -- 172.16.30.1:0/3227803 <== osd.317 172.16.30.13:7090/3099576 1 ==== osd_op_reply(29 gc.232 [call] v8332'41 uv41 ondisk = 0) v6 ==== 173+0+0 (3976959682 0 0) 0x7f8f7c0052b0 con 0x7f918000c2a0
2015-01-02 14:22:22.464535 7f91ed1ed700 1 -- 172.16.30.1:0/3227803 --> 172.16.30.13:7090/3099576 -- osd_op(client.1565140.0:30 gc.232 [call rgw.gc_list] 32.a15aff03 ack+read+known_if_redirected e8332) v4 -- ?+0 0x7f918000c650 con 0x7f918000c2a0
2015-01-02 14:22:22.473336 7f91f67d0700 1 -- 172.16.30.1:0/3227803 <== osd.317 172.16.30.13:7090/3099576 2 ==== osd_op_reply(30 gc.232 [call] v0'0 uv41 ondisk = 0) v6 ==== 173+0+11 (4108820824 0 1993775135) 0x7f8f7c0052b0 con 0x7f918000c2a0
2015-01-02 14:22:22.473538 7f91ed1ed700 1 -- 172.16.30.1:0/3227803 --> 172.16.30.13:7090/3099576 -- osd_op(client.1565140.0:31 gc.232 [call lock.unlock] 32.a15aff03 ondisk+write+known_if_redirected e8332) v4 -- ?+0 0x7f918000c650 con 0x7f918000c2a0
2015-01-02 14:22:22.500574 7f91f67d0700 1 -- 172.16.30.1:0/3227803 <== osd.317 172.16.30.13:7090/3099576 3 ==== osd_op_reply(31 gc.232 [call] v8332'42 uv42 ondisk = 0) v6 ==== 173+0+0 (1830597455 0 0) 0x7f8f7c0052b0 con 0x7f918000c2a0
2015-01-02 14:22:22.500863 7f91ed1ed700 1 -- 172.16.30.1:0/3227803 --> 172.16.30.3:7065/3603586 -- osd_op(client.1565140.0:32 gc.233 [call lock.lock] 32.ad8679f4 ondisk+write+known_if_redirected e8332) v4 -- ?+0 0x7f91800103c0 con 0x7f9180010010
2015-01-02 14:22:22.563706 7f91f67d0700 1 -- 172.16.30.1:0/3227803 <== osd.670 172.16.30.3:7065/3603586 1 ==== osd_op_reply(32 gc.233 [call] v8332'88 uv88 ondisk = 0) v6 ==== 173+0+0 (231108721 0 0) 0x7f8f880052b0 con 0x7f9180010010
2015-01-02 14:22:22.563925 7f91ed1ed700 1 -- 172.16.30.1:0/3227803 --> 172.16.30.3:7065/3603586 -- osd_op(client.1565140.0:33 gc.233 [call rgw.gc_list] 32.ad8679f4 ack+read+known_if_redirected e8332) v4 -- ?+0 0x7f91800103c0 con 0x7f9180010010
2015-01-02 14:22:22.572361 7f91f67d0700 1 -- 172.16.30.1:0/3227803 <== osd.670 172.16.30.3:7065/3603586 2 ==== osd_op_reply(33 gc.233 [call] v0'0 uv88 ondisk = 0) v6 ==== 173+0+11 (1586562293 0 1993775135) 0x7f8f880052b0 con 0x7f9180010010
2015-01-02 14:22:22.572551 7f91ed1ed700 1 -- 172.16.30.1:0/3227803 --> 172.16.30.3:7065/3603586 -- osd_op(client.1565140.0:34 gc.233 [call lock.unlock] 32.ad8679f4 ondisk+write+known_if_redirected e8332) v4 -- ?+0 0x7f91800103c0 con 0x7f9180010010
2015-01-02 14:22:22.597260 7f91f67d0700 1 -- 172.16.30.1:0/3227803 <== osd.670 172.16.30.3:7065/3603586 3 ==== osd_op_reply(34 gc.233 [call] v8332'89 uv89 ondisk = 0) v6 ==== 173+0+0 (1800673206 0 0) 0x7f8f880052b0 con 0x7f9180010010
2015-01-02 14:22:22.597500 7f91ed1ed700 1 -- 172.16.30.1:0/3227803 --> 172.16.30.7:6945/3610335 -- osd_op(client.1565140.0:35 gc.234 [call lock.lock] 32.186d8881 ondisk+write+known_if_redirected e8332) v4 -- ?+0 0x7f9180014650 con 0x7f91800142a0
2015-01-02 14:22:22.654552 7f91f67d0700 1 -- 172.16.30.1:0/3227803 <== osd.162 172.16.30.7:6945/3610335 1 ==== osd_op_reply(35 gc.234 [call] v8332'81 uv81 ondisk = 0) v6 ==== 173+0+0 (2053431842 0 0) 0x7f8f940052b0 con 0x7f91800142a0
2015-01-02 14:22:22.654795 7f91ed1ed700 1 -- 172.16.30.1:0/3227803 --> 172.16.30.7:6945/3610335 -- osd_op(client.1565140.0:36 gc.234 [call rgw.gc_list] 32.186d8881 ack+read+known_if_redirected e8332) v4 -- ?+0 0x7f9180014650 con 0x7f91800142a0
2015-01-02 14:22:22.660115 7f91f67d0700 1 -- 172.16.30.1:0/3227803 <== osd.162 172.16.30.7:6945/3610335 2 ==== osd_op_reply(36 gc.234 [call] v0'0 uv81 ondisk = 0) v6 ==== 173+0+11 (3588461381 0 1993775135) 0x7f8f940052b0 con 0x7f91800142a0
2015-01-02 14:22:22.660321 7f91ed1ed700 1 -- 172.16.30.1:0/3227803 --> 172.16.30.7:6945/3610335 -- osd_op(client.1565140.0:37 gc.234 [call lock.unlock] 32.186d8881 ondisk+write+known_if_redirected e8332) v4 -- ?+0 0x7f9180014650 con 0x7f91800142a0
2015-01-02 14:22:22.778434 7f91f67d0700 1 -- 172.16.30.1:0/3227803 <== osd.162 172.16.30.7:6945/3610335 3 ==== osd_op_reply(37 gc.234 [call] v8332'82 uv82 ondisk = 0) v6 ==== 173+0+0 (4201891759 0 0) 0x7f8f940052b0 con 0x7f91800142a0
2015-01-02 14:22:22.778724 7f91ed1ed700 1 -- 172.16.30.1:0/3227803 --> 172.16.30.15:6945/3388884 -- osd_op(client.1565140.0:38 gc.235 [call lock.lock] 32.4d1cd92a ondisk+write+known_if_redirected e8332) v4 -- ?+0 0x7f91800183c0 con 0x7f9180018010
2015-01-02 14:22:22.835986 7f91f67d0700 1 -- 172.16.30.1:0/3227803 <== osd.464 172.16.30.15:6945/3388884 1 ==== osd_op_reply(38 gc.235 [call] v8332'83 uv83 ondisk = 0) v6 ==== 173+0+0 (975327887 0 0) 0x7f8f9c0052b0 con 0x7f9180018010
2015-01-02 14:22:22.836204 7f91ed1ed700 1 -- 172.16.30.1:0/3227803 --> 172.16.30.15:6945/3388884 -- osd_op(client.1565140.0:39 gc.235 [call rgw.gc_list] 32.4d1cd92a ack+read+known_if_redirected e8332) v4 -- ?+0 0x7f91800183c0 con 0x7f9180018010
2015-01-02 14:22:22.842245 7f91f67d0700 1 -- 172.16.30.1:0/3227803 <== osd.464 172.16.30.15:6945/3388884 2 ==== osd_op_reply(39 gc.235 [call] v0'0 uv83 ondisk = 0) v6 ==== 173+0+11 (2912381854 0 1993775135) 0x7f8f9c0052b0 con 0x7f9180018010
2015-01-02 14:22:22.842469 7f91ed1ed700 1 -- 172.16.30.1:0/3227803 --> 172.16.30.15:6945/3388884 -- osd_op(client.1565140.0:40 gc.235 [call lock.unlock] 32.4d1cd92a ondisk+write+known_if_redirected e8332) v4 -- ?+0 0x7f91800183c0 con 0x7f9180018010
2015-01-02 14:22:22.865408 7f91f67d0700 1 -- 172.16.30.1:0/3227803 <== osd.464 172.16.30.15:6945/3388884 3 ==== osd_op_reply(40 gc.235 [call] v8332'84 uv84 ondisk = 0) v6 ==== 173+0+0 (1926464871 0 0) 0x7f8f9c0052b0 con 0x7f9180018010
2015-01-02 14:22:22.865696 7f91ed1ed700 1 -- 172.16.30.1:0/3227803 --> 172.16.30.13:7070/3099191 -- osd_op(client.1565140.0:41 gc.236 [call lock.lock] 32.b39a7608 ondisk+write+known_if_redirected e8332) v4 -- ?+0 0x7f918001c390 con 0x7f918001c010
2015-01-02 14:22:22.918374 7f91f67d0700 1 -- 172.16.30.1:0/3227803 <== osd.337 172.16.30.13:7070/3099191 1 ==== osd_op_reply(41 gc.236 [call] v8332'41 uv41 ondisk = 0) v6 ==== 173+0+0 (77254115 0 0) 0x7f8fa40052b0 con 0x7f918001c010
2015-01-02 14:22:22.918601 7f91ed1ed700 1 -- 172.16.30.1:0/3227803 --> 172.16.30.13:7070/3099191 -- osd_op(client.1565140.0:42 gc.236 [call rgw.gc_list] 32.b39a7608 ack+read+known_if_redirected e8332) v4 -- ?+0 0x7f918001c390 con 0x7f918001c010
2015-01-02 14:22:22.925057 7f91f67d0700 1 -- 172.16.30.1:0/3227803 <== osd.337 172.16.30.13:7070/3099191 2 ==== osd_op_reply(42 gc.236 [call] v0'0 uv41 ondisk = 0) v6 ==== 173+0+11 (494336633 0 1993775135) 0x7f8fa40052b0 con 0x7f918001c010
2015-01-02 14:22:22.925252 7f91ed1ed700 1 -- 172.16.30.1:0/3227803 --> 172.16.30.13:7070/3099191 -- osd_op(client.1565140.0:43 gc.236 [call lock.unlock] 32.b39a7608 ondisk+write+known_if_redirected e8332) v4 -- ?+0 0x7f918001c390 con 0x7f918001c010
2015-01-02 14:22:22.947459 7f91f67d0700 1 -- 172.16.30.1:0/3227803 <== osd.337 172.16.30.13:7070/3099191 3 ==== osd_op_reply(43 gc.236 [call] v8332'42 uv42 ondisk = 0) v6 ==== 173+0+0 (2223892590 0 0) 0x7f8fa40052b0 con 0x7f918001c010
2015-01-02 14:22:22.947747 7f91ed1ed700 1 -- 172.16.30.1:0/3227803 --> 172.16.30.12:6910/1399183 -- osd_op(client.1565140.0:44 gc.237 [call lock.lock] 32.99b1cba1 ondisk+write+known_if_redirected e8332) v4 -- ?+0 0x7f9180020390 con 0x7f9180020010
2015-01-02 14:22:22.985403 7f91f67d0700 1 -- 172.16.30.1:0/3227803 <== osd.493 172.16.30.12:6910/1399183 1 ==== osd_op_reply(44 gc.237 [call] v8332'83 uv83 ondisk = 0) v6 ==== 173+0+0 (938139292 0 0) 0x7f8fac0052b0 con 0x7f9180020010
2015-01-02 14:22:22.985637 7f91ed1ed700 1 -- 172.16.30.1:0/3227803 --> 172.16.30.12:6910/1399183 -- osd_op(client.1565140.0:45 gc.237 [call rgw.gc_list] 32.99b1cba1 ack+read+known_if_redirected e8332) v4 -- ?+0 0x7f9180020390 con 0x7f9180020010
2015-01-02 14:22:22.990657 7f91f67d0700 1 -- 172.16.30.1:0/3227803 <== osd.493 172.16.30.12:6910/1399183 2 ==== osd_op_reply(45 gc.237 [call] v0'0 uv83 ondisk = 0) v6 ==== 173+0+11 (2690639757 0 1993775135) 0x7f8fac0052b0 con 0x7f9180020010
2015-01-02 14:22:22.990870 7f91ed1ed700 1 -- 172.16.30.1:0/3227803 --> 172.16.30.12:6910/1399183 -- osd_op(client.1565140.0:46 gc.237 [call lock.unlock] 32.99b1cba1 ondisk+write+known_if_redirected e8332) v4 -- ?+0 0x7f9180020390 con 0x7f9180020010
2015-01-02 14:22:23.011445 7f91f67d0700 1 -- 172.16.30.1:0/3227803 <== osd.493 172.16.30.12:6910/1399183 3 ==== osd_op_reply(46 gc.237 [call] v8332'84 uv84 ondisk = 0) v6 ==== 173+0+0 (2132478324 0 0) 0x7f8fac0052b0 con 0x7f9180020010
2015-01-02 14:22:23.011727 7f91ed1ed700 1 -- 172.16.30.1:0/3227803 --> 172.16.30.6:7030/549853 -- osd_op(client.1565140.0:47 gc.238 [call lock.lock] 32.c87e132 ondisk+write+known_if_redirected e8332) v4 -- ?+0 0x7f9180024390 con 0x7f9180024010
2015-01-02 14:22:23.052051 7f91f67d0700 1 -- 172.16.30.1:0/3227803 <== osd.76 172.16.30.6:7030/549853 1 ==== osd_op_reply(47 gc.238 [call] v8332'83 uv83 ondisk = 0) v6 ==== 173+0+0 (124528102 0 0) 0x7f8fb40052b0 con 0x7f9180024010
2015-01-02 14:22:23.052238 7f91ed1ed700 1 -- 172.16.30.1:0/3227803 --> 172.16.30.6:7030/549853 -- osd_op(client.1565140.0:48 gc.238 [call rgw.gc_list] 32.c87e132 ack+read+known_if_redirected e8332) v4 -- ?+0 0x7f9180024390 con 0x7f9180024010
2015-01-02 14:22:23.059804 7f91f67d0700 1 -- 172.16.30.1:0/3227803 <== osd.76 172.16.30.6:7030/549853 2 ==== osd_op_reply(48 gc.238 [call] v0'0 uv83 ondisk = 0) v6 ==== 173+0+11 (2430147831 0 1993775135) 0x7f8fb40052b0 con 0x7f9180024010
2015-01-02 14:22:23.060002 7f91ed1ed700 1 -- 172.16.30.1:0/3227803 --> 172.16.30.6:7030/549853 -- osd_op(client.1565140.0:49 gc.238 [call lock.unlock] 32.c87e132 ondisk+write+known_if_redirected e8332) v4 -- ?+0 0x7f9180024390 con 0x7f9180024010
2015-01-02 14:22:23.079073 7f91f67d0700 1 -- 172.16.30.1:0/3227803 <== osd.76 172.16.30.6:7030/549853 3 ==== osd_op_reply(49 gc.238 [call] v8332'84 uv84 ondisk = 0) v6 ==== 173+0+0 (1335751182 0 0) 0x7f8fb40052b0 con 0x7f9180024010
2015-01-02 14:22:23.079353 7f91ed1ed700 1 -- 172.16.30.1:0/3227803 --> 172.16.30.8:6995/2660037 -- osd_op(client.1565140.0:50 gc.239 [call lock.lock] 32.f28dbfb2 ondisk+write+known_if_redirected e8332) v4 -- ?+0 0x7f9180028390 con 0x7f9180028010
2015-01-02 14:22:23.128076 7f91f67d0700 1 -- 172.16.30.1:0/3227803 <== osd.113 172.16.30.8:6995/2660037 1 ==== osd_op_reply(50 gc.239 [call] v8332'44 uv44 ondisk = 0) v6 ==== 173+0+0 (4162548681 0 0) 0x7f8fc80052b0 con 0x7f9180028010
2015-01-02 14:22:23.128307 7f91ed1ed700 1 -- 172.16.30.1:0/3227803 --> 172.16.30.8:6995/2660037 -- osd_op(client.1565140.0:51 gc.239 [call rgw.gc_list] 32.f28dbfb2 ack+read+known_if_redirected e8332) v4 -- ?+0 0x7f9180028390 con 0x7f9180028010
2015-01-02 14:22:23.141000 7f91f67d0700 1 -- 172.16.30.1:0/3227803 <== osd.113 172.16.30.8:6995/2660037 2 ==== osd_op_reply(51 gc.239 [call] v0'0 uv44 ondisk = 0) v6 ==== 173+0+11 (2374692996 0 1993775135) 0x7f8fc80052b0 con 0x7f9180028010
2015-01-02 14:22:23.141242 7f91ed1ed700 1 -- 172.16.30.1:0/3227803 --> 172.16.30.8:6995/2660037 -- osd_op(client.1565140.0:52 gc.239 [call lock.unlock] 32.f28dbfb2 ondisk+write+known_if_redirected e8332) v4 -- ?+0 0x7f9180028390 con 0x7f9180028010
2015-01-02 14:22:23.166171 7f91f67d0700 1 -- 172.16.30.1:0/3227803 <== osd.113 172.16.30.8:6995/2660037 3 ==== osd_op_reply(52 gc.239 [call] v8332'45 uv45 ondisk = 0) v6 ==== 173+0+0 (2659783694 0 0) 0x7f8fc80052b0 con 0x7f9180028010
2015-01-02 14:22:23.166453 7f91ed1ed700 1 -- 172.16.30.1:0/3227803 --> 172.16.30.14:7100/3143718 -- osd_op(client.1565140.0:53 gc.240 [call lock.lock] 32.67a26cf7 ondisk+write+known_if_redirected e8332) v4 -- ?+0 0x7f918002c390 con 0x7f918002c010
2015-01-02 14:22:23.213229 7f91f67d0700 1 -- 172.16.30.1:0/3227803 <== osd.302 172.16.30.14:7100/3143718 1 ==== osd_op_reply(53 gc.240 [call] v8332'41 uv41 ondisk = 0) v6 ==== 173+0+0 (1838643083 0 0) 0x7f8fd00052b0 con 0x7f918002c010
2015-01-02 14:22:23.213456 7f91ed1ed700 1 -- 172.16.30.1:0/3227803 --> 172.16.30.14:7100/3143718 -- osd_op(client.1565140.0:54 gc.240 [call rgw.gc_list] 32.67a26cf7 ack+read+known_if_redirected e8332) v4 -- ?+0 0x7f918002c390 con 0x7f918002c010
2015-01-02 14:22:23.220901 7f91f67d0700 1 -- 172.16.30.1:0/3227803 <== osd.302 172.16.30.14:7100/3143718 2 ==== osd_op_reply(54 gc.240 [call] v0'0 uv41 ondisk = 0) v6 ==== 173+0+11 (1954234385 0 1993775135) 0x7f8fd00052b0 con 0x7f918002c010
2015-01-02 14:22:23.221104 7f91ed1ed700 1 -- 172.16.30.1:0/3227803 --> 172.16.30.14:7100/3143718 -- osd_op(client.1565140.0:55 gc.240 [call lock.unlock] 32.67a26cf7 ondisk+write+known_if_redirected e8332) v4 -- ?+0 0x7f918002c390 con 0x7f918002c010
2015-01-02 14:22:23.246905 7f91f67d0700 1 -- 172.16.30.1:0/3227803 <== osd.302 172.16.30.14:7100/3143718 3 ==== osd_op_reply(55 gc.240 [call] v8332'42 uv42 ondisk = 0) v6 ==== 173+0+0 (3984609798 0 0) 0x7f8fd00052b0 con 0x7f918002c010
2015-01-02 14:22:23.247205 7f91ed1ed700 1 -- 172.16.30.1:0/3227803 --> 172.16.30.15:6960/3389118 -- osd_op(client.1565140.0:56 gc.241 [call lock.lock] 32.ecbb0db3 ondisk+write+known_if_redirected e8332) v4 -- ?+0 0x7f9180030390 con 0x7f9180030010
2015-01-02 14:22:23.284037 7f91f67d0700 1 -- 172.16.30.1:0/3227803 <== osd.449 172.16.30.15:6960/3389118 1 ==== osd_op_reply(56 gc.241 [call] v8332'88 uv88 ondisk = 0) v6 ==== 173+0+0 (3655515416 0 0) 0x7f8fd80052b0 con 0x7f9180030010
2015-01-02 14:22:23.284267 7f91ed1ed700 1 -- 172.16.30.1:0/3227803 --> 172.16.30.15:6960/3389118 -- osd_op(client.1565140.0:57 gc.241 [call rgw.gc_list] 32.ecbb0db3 ack+read+known_if_redirected e8332) v4 -- ?+0 0x7f9180030390 con 0x7f9180030010
2015-01-02 14:22:23.291798 7f91f67d0700 1 -- 172.16.30.1:0/3227803 <== osd.449 172.16.30.15:6960/3389118 2 ==== osd_op_reply(57 gc.241 [call] v0'0 uv88 ondisk = 0) v6 ==== 173+0+11 (2327169436 0 1993775135) 0x7f8fd80052b0 con 0x7f9180030010
2015-01-02 14:22:23.291956 7f91ed1ed700 1 -- 172.16.30.1:0/3227803 --> 172.16.30.15:6960/3389118 -- osd_op(client.1565140.0:58 gc.241 [call lock.unlock] 32.ecbb0db3 ondisk+write+known_if_redirected e8332) v4 -- ?+0 0x7f9180030390 con 0x7f9180030010
2015-01-02 14:22:23.313499 7f91f67d0700 1 -- 172.16.30.1:0/3227803 <== osd.449 172.16.30.15:6960/3389118 3 ==== osd_op_reply(58 gc.241 [call] v8332'89 uv89 ondisk = 0) v6 ==== 173+0+0 (3211844319 0 0) 0x7f8fd80052b0 con 0x7f9180030010
2015-01-02 14:22:23.313799 7f91ed1ed700 1 -- 172.16.30.1:0/3227803 --> 172.16.30.3:6890/3600555 -- osd_op(client.1565140.0:59 gc.242 [call lock.lock] 32.c01a2c8d ondisk+write+known_if_redirected e8332) v4 -- ?+0 0x7f9180034520 con 0x7f9180034010
2015-01-02 14:22:23.357662 7f91f67d0700 1 -- 172.16.30.1:0/3227803 <== osd.745 172.16.30.3:6890/3600555 1 ==== osd_op_reply(59 gc.242 [call] v8332'41 uv41 ondisk = 0) v6 ==== 173+0+0 (1087481835 0 0) 0x7f8fe00052b0 con 0x7f9180034010
2015-01-02 14:22:23.357896 7f91ed1ed700 1 -- 172.16.30.1:0/3227803 --> 172.16.30.3:6890/3600555 -- osd_op(client.1565140.0:60 gc.242 [call rgw.gc_list] 32.c01a2c8d ack+read+known_if_redirected e8332) v4 -- ?+0 0x7f9180034520 con 0x7f9180034010
2015-01-02 14:22:23.364182 7f91f67d0700 1 -- 172.16.30.1:0/3227803 <== osd.745 172.16.30.3:6890/3600555 2 ==== osd_op_reply(60 gc.242 [call] v0'0 uv41 ondisk = 0) v6 ==== 173+0+11 (1497206897 0 1993775135) 0x7f8fe00052b0 con 0x7f9180034010
2015-01-02 14:22:23.364383 7f91ed1ed700 1 -- 172.16.30.1:0/3227803 --> 172.16.30.3:6890/3600555 -- osd_op(client.1565140.0:61 gc.242 [call lock.unlock] 32.c01a2c8d ondisk+write+known_if_redirected e8332) v4 -- ?+0 0x7f9180034520 con 0x7f9180034010
2015-01-02 14:22:23.383792 7f91f67d0700 1 -- 172.16.30.1:0/3227803 <== osd.745 172.16.30.3:6890/3600555 3 ==== osd_op_reply(61 gc.242 [call] v8332'42 uv42 ondisk = 0) v6 ==== 173+0+0 (3234234982 0 0) 0x7f8fe00052b0 con 0x7f9180034010
2015-01-02 14:22:23.384088 7f91ed1ed700 1 -- 172.16.30.1:0/3227803 --> 172.16.30.7:6815/3608655 -- osd_op(client.1565140.0:62 gc.243 [call lock.lock] 32.a44e2203 ondisk+write+known_if_redirected e8332) v4 -- ?+0 0x7f9180038390 con 0x7f9180038010
2015-01-02 14:22:23.541745 7f91f67d0700 1 -- 172.16.30.1:0/3227803 <== osd.292 172.16.30.7:6815/3608655 1 ==== osd_op_reply(62 gc.243 [call] v8332'87 uv87 ondisk = 0) v6 ==== 173+0+0 (3769111088 0 0) 0x7f8fe80052b0 con 0x7f9180038010
2015-01-02 14:22:23.541935 7f91ed1ed700 1 -- 172.16.30.1:0/3227803 --> 172.16.30.7:6815/3608655 -- osd_op(client.1565140.0:63 gc.243 [call rgw.gc_list] 32.a44e2203 ack+read+known_if_redirected e8332) v4 -- ?+0 0x7f9180038390 con 0x7f9180038010
2015-01-02 14:22:23.554160 7f91f67d0700 1 -- 172.16.30.1:0/3227803 <== osd.292 172.16.30.7:6815/3608655 2 ==== osd_op_reply(63 gc.243 [call] v0'0 uv87 ondisk = 0) v6 ==== 173+0+11 (125418445 0 1993775135) 0x7f8fe80052b0 con 0x7f9180038010
2015-01-02 14:22:23.554353 7f91ed1ed700 1 -- 172.16.30.1:0/3227803 --> 172.16.30.7:6815/3608655 -- osd_op(client.1565140.0:64 gc.243 [call lock.unlock] 32.a44e2203 ondisk+write+known_if_redirected e8332) v4 -- ?+0 0x7f9180038390 con 0x7f9180038010
2015-01-02 14:22:23.581041 7f91f67d0700 1 -- 172.16.30.1:0/3227803 <== osd.292 172.16.30.7:6815/3608655 3 ==== osd_op_reply(64 gc.243 [call] v8332'88 uv88 ondisk = 0) v6 ==== 173+0+0 (1014519779 0 0) 0x7f8fe80052b0 con 0x7f9180038010
2015-01-02 14:22:23.581328 7f91ed1ed700 1 -- 172.16.30.1:0/3227803 --> 172.16.30.5:6850/3331205 -- osd_op(client.1565140.0:65 gc.244 [call lock.lock] 32.692a6fd7 ondisk+write+known_if_redirected e8332) v4 -- ?+0 0x7f918003c390 con 0x7f918003c010
2015-01-02 14:22:23.630238 7f91f67d0700 1 -- 172.16.30.1:0/3227803 <== osd.259 172.16.30.5:6850/3331205 1 ==== osd_op_reply(65 gc.244 [call] v8332'85 uv85 ondisk = 0) v6 ==== 173+0+0 (3402886546 0 0) 0x7f8fec0052b0 con 0x7f918003c010
2015-01-02 14:22:23.630482 7f91ed1ed700 1 -- 172.16.30.1:0/3227803 --> 172.16.30.5:6850/3331205 -- osd_op(client.1565140.0:66 gc.244 [call rgw.gc_list] 32.692a6fd7 ack+read+known_if_redirected e8332) v4 -- ?+0 0x7f918003c390 con 0x7f918003c010
2015-01-02 14:22:23.638654 7f91f67d0700 1 -- 172.16.30.1:0/3227803 <== osd.259 172.16.30.5:6850/3331205 2 ==== osd_op_reply(66 gc.244 [call] v0'0 uv85 ondisk = 0) v6 ==== 173+0+11 (355470361 0 1993775135) 0x7f8fec0052b0 con 0x7f918003c010
2015-01-02 14:22:23.638856 7f91ed1ed700 1 -- 172.16.30.1:0/3227803 --> 172.16.30.5:6850/3331205 -- osd_op(client.1565140.0:67 gc.244 [call lock.unlock] 32.692a6fd7 ondisk+write+known_if_redirected e8332) v4 -- ?+0 0x7f918003c390 con 0x7f918003c010
2015-01-02 14:22:23.666933 7f91f67d0700 1 -- 172.16.30.1:0/3227803 <== osd.259 172.16.30.5:6850/3331205 3 ==== osd_op_reply(67 gc.244 [call] v8332'86 uv86 ondisk = 0) v6 ==== 173+0+0 (1254410271 0 0) 0x7f8fec0052b0 con 0x7f918003c010
2015-01-02 14:22:23.667221 7f91ed1ed700 1 -- 172.16.30.1:0/3227803 --> 172.16.30.16:6880/2752616 -- osd_op(client.1565140.0:68 gc.245 [call lock.lock] 32.c1027265 ondisk+write+known_if_redirected e8332) v4 -- ?+0 0x7f9180040390 con 0x7f9180040010
2015-01-02 14:22:23.709282 7f91f67d0700 1 -- 172.16.30.1:0/3227803 <== osd.552 172.16.30.16:6880/2752616 1 ==== osd_op_reply(68 gc.245 [call] v8332'41 uv41 ondisk = 0) v6 ==== 173+0+0 (677534867 0 0) 0x7f8ff00052b0 con 0x7f9180040010
2015-01-02 14:22:23.709509 7f91ed1ed700 1 -- 172.16.30.1:0/3227803 --> 172.16.30.16:6880/2752616 -- osd_op(client.1565140.0:69 gc.245 [call rgw.gc_list] 32.c1027265 ack+read+known_if_redirected e8332) v4 -- ?+0 0x7f9180040390 con 0x7f9180040010
2015-01-02 14:22:23.717751 7f91f67d0700 1 -- 172.16.30.1:0/3227803 <== osd.552 172.16.30.16:6880/2752616 2 ==== osd_op_reply(69 gc.245 [call] v0'0 uv41 ondisk = 0) v6 ==== 173+0+11 (831417097 0 1993775135) 0x7f8ff00052b0 con 0x7f9180040010
2015-01-02 14:22:23.717909 7f91ed1ed700 1 -- 172.16.30.1:0/3227803 --> 172.16.30.16:6880/2752616 -- osd_op(client.1565140.0:70 gc.245 [call lock.unlock] 32.c1027265 ondisk+write+known_if_redirected e8332) v4 -- ?+0 0x7f9180040390 con 0x7f9180040010
2015-01-02 14:22:23.737522 7f91f67d0700 1 -- 172.16.30.1:0/3227803 <== osd.552 172.16.30.16:6880/2752616 3 ==== osd_op_reply(70 gc.245 [call] v8332'42 uv42 ondisk = 0) v6 ==== 173+0+0 (2826271006 0 0) 0x7f8ff00052b0 con 0x7f9180040010
2015-01-02 14:22:23.737804 7f91ed1ed700 1 -- 172.16.30.1:0/3227803 --> 172.16.30.16:6875/2752521 -- osd_op(client.1565140.0:71 gc.246 [call lock.lock] 32.2555f5d4 ondisk+write+known_if_redirected e8332) v4 -- ?+0 0x7f9180044390 con 0x7f9180044010
2015-01-02 14:22:23.800897 7f91f67d0700 1 -- 172.16.30.1:0/3227803 <== osd.557 172.16.30.16:6875/2752521 1 ==== osd_op_reply(71 gc.246 [call] v8332'83 uv83 ondisk = 0) v6 ==== 173+0+0 (3985276995 0 0) 0x7f90000052b0 con 0x7f9180044010
2015-01-02 14:22:23.801171 7f91ed1ed700 1 -- 172.16.30.1:0/3227803 --> 172.16.30.16:6875/2752521 -- osd_op(client.1565140.0:72 gc.246 [call rgw.gc_list] 32.2555f5d4 ack+read+known_if_redirected e8332) v4 -- ?+0 0x7f9180044390 con 0x7f9180044010
2015-01-02 14:22:23.810418 7f91f67d0700 1 -- 172.16.30.1:0/3227803 <== osd.557 172.16.30.16:6875/2752521 2 ==== osd_op_reply(72 gc.246 [call] v0'0 uv83 ondisk = 0) v6 ==== 173+0+11 (2050996562 0 1993775135) 0x7f90000052b0 con 0x7f9180044010
2015-01-02 14:22:23.810626 7f91ed1ed700 1 -- 172.16.30.1:0/3227803 --> 172.16.30.16:6875/2752521 -- osd_op(client.1565140.0:73 gc.246 [call lock.unlock] 32.2555f5d4 ondisk+write+known_if_redirected e8332) v4 -- ?+0 0x7f9180044390 con 0x7f9180044010
2015-01-02 14:22:23.907217 7f91f67d0700 1 -- 172.16.30.1:0/3227803 <== osd.557 172.16.30.16:6875/2752521 3 ==== osd_op_reply(73 gc.246 [call] v8332'84 uv84 ondisk = 0) v6 ==== 173+0+0 (2776324011 0 0) 0x7f90000052b0 con 0x7f9180044010
2015-01-02 14:22:23.907416 7f91ed1ed700 1 -- 172.16.30.1:0/3227803 --> 172.16.30.15:6945/3388884 -- osd_op(client.1565140.0:74 gc.247 [call lock.lock] 32.fc02a12a ondisk+write+known_if_redirected e8332) v4 -- ?+0 0x7f9180044390 con 0x7f9180018010
2015-01-02 14:22:23.931705 7f91f67d0700 1 -- 172.16.30.1:0/3227803 <== osd.464 172.16.30.15:6945/3388884 4 ==== osd_op_reply(74 gc.247 [call] v8332'85 uv85 ondisk = 0) v6 ==== 173+0+0 (2746201484 0 0) 0x7f8f9c0052b0 con 0x7f9180018010
2015-01-02 14:22:23.931897 7f91ed1ed700 1 -- 172.16.30.1:0/3227803 --> 172.16.30.15:6945/3388884 -- osd_op(client.1565140.0:75 gc.247 [call rgw.gc_list] 32.fc02a12a ack+read+known_if_redirected e8332) v4 -- ?+0 0x7f9180044390 con 0x7f9180018010
2015-01-02 14:22:23.935878 7f91f67d0700 1 -- 172.16.30.1:0/3227803 <== osd.464 172.16.30.15:6945/3388884 5 ==== osd_op_reply(75 gc.247 [call] v0'0 uv85 ondisk = 0) v6 ==== 173+0+11 (2085377031 0 1993775135) 0x7f8f9c0052b0 con 0x7f9180018010
2015-01-02 14:22:23.936104 7f91ed1ed700 1 -- 172.16.30.1:0/3227803 --> 172.16.30.15:6945/3388884 -- osd_op(client.1565140.0:76 gc.247 [call lock.unlock] 32.fc02a12a ondisk+write+known_if_redirected e8332) v4 -- ?+0 0x7f9180044390 con 0x7f9180018010
2015-01-02 14:22:24.053207 7f91f67d0700 1 -- 172.16.30.1:0/3227803 <== osd.464 172.16.30.15:6945/3388884 6 ==== osd_op_reply(76 gc.247 [call] v8332'86 uv86 ondisk = 0) v6 ==== 173+0+0 (599298049 0 0) 0x7f8f9c0052b0 con 0x7f9180018010
2015-01-02 14:22:24.053494 7f91ed1ed700 1 -- 172.16.30.1:0/3227803 --> 172.16.30.3:7030/3602996 -- osd_op(client.1565140.0:77 gc.248 [call lock.lock] 32.5f9afda ondisk+write+known_if_redirected e8332) v4 -- ?+0 0x7f91800488c0 con 0x7f9180048540
2015-01-02 14:22:24.100314 7f91f67d0700 1 -- 172.16.30.1:0/3227803 <== osd.684 172.16.30.3:7030/3602996 1 ==== osd_op_reply(77 gc.248 [call] v8332'83 uv83 ondisk = 0) v6 ==== 173+0+0 (2213854363 0 0) 0x7f90080052b0 con 0x7f9180048540
2015-01-02 14:22:24.100548 7f91ed1ed700 1 -- 172.16.30.1:0/3227803 --> 172.16.30.3:7030/3602996 -- osd_op(client.1565140.0:78 gc.248 [call rgw.gc_list] 32.5f9afda ack+read+known_if_redirected e8332) v4 -- ?+0 0x7f91800488c0 con 0x7f9180048540
2015-01-02 14:22:24.111781 7f91f67d0700 1 -- 172.16.30.1:0/3227803 <== osd.684 172.16.30.3:7030/3602996 2 ==== osd_op_reply(78 gc.248 [call] v0'0 uv83 ondisk = 0) v6 ==== 173+0+11 (339838346 0 1993775135) 0x7f90080052b0 con 0x7f9180048540
2015-01-02 14:22:24.111983 7f91ed1ed700 1 -- 172.16.30.1:0/3227803 --> 172.16.30.3:7030/3602996 -- osd_op(client.1565140.0:79 gc.248 [call lock.unlock] 32.5f9afda ondisk+write+known_if_redirected e8332) v4 -- ?+0 0x7f91800488c0 con 0x7f9180048540
2015-01-02 14:22:24.137623 7f91f67d0700 1 -- 172.16.30.1:0/3227803 <== osd.684 172.16.30.3:7030/3602996 3 ==== osd_op_reply(79 gc.248 [call] v8332'84 uv84 ondisk = 0) v6 ==== 173+0+0 (3406130035 0 0) 0x7f90080052b0 con 0x7f9180048540
2015-01-02 14:22:24.137922 7f91ed1ed700 1 -- 172.16.30.1:0/3227803 --> 172.16.30.7:7055/3612338 -- osd_op(client.1565140.0:80 gc.249 [call lock.lock] 32.ddaea130 ondisk+write+known_if_redirected e8332) v4 -- ?+0 0x7f918004c3c0 con 0x7f918004c010
2015-01-02 14:22:24.178762 7f91f67d0700 1 -- 172.16.30.1:0/3227803 <== osd.54 172.16.30.7:7055/3612338 1 ==== osd_op_reply(80 gc.249 [call] v8332'85 uv85 ondisk = 0) v6 ==== 173+0+0 (2746089092 0 0) 0x7f90100052b0 con 0x7f918004c010
2015-01-02 14:22:24.178907 7f91ed1ed700 1 -- 172.16.30.1:0/3227803 --> 172.16.30.7:7055/3612338 -- osd_op(client.1565140.0:81 gc.249 [call rgw.gc_list] 32.ddaea130 ack+read+known_if_redirected e8332) v4 -- ?+0 0x7f918004c3c0 con 0x7f918004c010
2015-01-02 14:22:24.183995 7f91f67d0700 1 -- 172.16.30.1:0/3227803 <== osd.54 172.16.30.7:7055/3612338 2 ==== osd_op_reply(81 gc.249 [call] v0'0 uv85 ondisk = 0) v6 ==== 173+0+11 (2085494543 0 1993775135) 0x7f90100052b0 con 0x7f918004c010
2015-01-02 14:22:24.184106 7f91ed1ed700 1 -- 172.16.30.1:0/3227803 --> 172.16.30.7:7055/3612338 -- osd_op(client.1565140.0:82 gc.249 [call lock.unlock] 32.ddaea130 ondisk+write+known_if_redirected e8332) v4 -- ?+0 0x7f918004c3c0 con 0x7f918004c010
2015-01-02 14:22:24.205707 7f91f67d0700 1 -- 172.16.30.1:0/3227803 <== osd.54 172.16.30.7:7055/3612338 3 ==== osd_op_reply(82 gc.249 [call] v8332'86 uv86 ondisk = 0) v6 ==== 173+0+0 (599448329 0 0) 0x7f90100052b0 con 0x7f918004c010
2015-01-02 14:22:24.205879 7f91ed1ed700 1 -- 172.16.30.1:0/3227803 --> 172.16.30.9:6830/78641 -- osd_op(client.1565140.0:83 gc.250 [call lock.lock] 32.18aeb880 ondisk+write+known_if_redirected e8332) v4 -- ?+0 0x7f91800503c0 con 0x7f9180050010
2015-01-02 14:22:24.251664 7f91f67d0700 1 -- 172.16.30.1:0/3227803 <== osd.276 172.16.30.9:6830/78641 1 ==== osd_op_reply(83 gc.250 [call] v8332'41 uv41 ondisk = 0) v6 ==== 173+0+0 (1150256711 0 0) 0x7f901c0052b0 con 0x7f9180050010
2015-01-02 14:22:24.251806 7f91ed1ed700 1 -- 172.16.30.1:0/3227803 --> 172.16.30.9:6830/78641 -- osd_op(client.1565140.0:84 gc.250 [call rgw.gc_list] 32.18aeb880 ack+read+known_if_redirected e8332) v4 -- ?+0 0x7f91800503c0 con 0x7f9180050010
2015-01-02 14:22:24.259563 7f91f67d0700 1 -- 172.16.30.1:0/3227803 <== osd.276 172.16.30.9:6830/78641 2 ==== osd_op_reply(84 gc.250 [call] v0'0 uv41 ondisk = 0) v6 ==== 173+0+11 (1566814685 0 1993775135) 0x7f901c0052b0 con 0x7f9180050010
2015-01-02 14:22:24.259687 7f91ed1ed700 1 -- 172.16.30.1:0/3227803 --> 172.16.30.9:6830/78641 -- osd_op(client.1565140.0:85 gc.250 [call lock.unlock] 32.18aeb880 ondisk+write+known_if_redirected e8332) v4 -- ?+0 0x7f91800503c0 con 0x7f9180050010
2015-01-02 14:22:24.281994 7f91f67d0700 1 -- 172.16.30.1:0/3227803 <== osd.276 172.16.30.9:6830/78641 3 ==== osd_op_reply(85 gc.250 [call] v8332'42 uv42 ondisk = 0) v6 ==== 173+0+0 (3298337738 0 0) 0x7f901c0052b0 con 0x7f9180050010
