2015-01-02 14:22:41.560296 7f91f67d0700 1 -- 172.16.30.1:0/3227803 <== osd.489 172.16.30.12:6915/1399277 3 ==== osd_op_reply(697 gc.198 [call] v8332'42 uv42 ondisk = 0) v6 ==== 173+0+0 (2745110443 0 0) 0x7f8ec800b810 con 0x7f91802bc010
2015-01-02 14:22:41.560588 7f91ed1ed700 1 -- 172.16.30.1:0/3227803 --> 172.16.30.7:7090/3612953 -- osd_op(client.1565140.0:698 gc.199 [call lock.lock] 32.6f39cc87 ondisk+write+known_if_redirected e8332) v4 -- ?+0 0x7f91802c03c0 con 0x7f91802c0010
2015-01-02 14:22:41.680692 7f91f6fd1700 1 -- 172.16.30.1:0/3227803 --> 172.16.30.12:7065/1401967 -- ping magic: 0 v1 -- ?+0 0x7f9134006fe0 con 0x1d94160
2015-01-02 14:22:41.680729 7f91f6fd1700 1 -- 172.16.30.1:0/3227803 --> 172.16.30.9:6910/79673 -- ping magic: 0 v1 -- ?+0 0x7f9134007e60 con 0x1d9bc00
2015-01-02 14:22:41.680745 7f91f6fd1700 1 -- 172.16.30.1:0/3227803 --> 172.16.30.17:7040/106399 -- ping magic: 0 v1 -- ?+0 0x7f9134008460 con 0x1d9e2b0
2015-01-02 14:22:41.680758 7f91f6fd1700 1 -- 172.16.30.1:0/3227803 --> 172.16.30.3:6995/3602459 -- ping magic: 0 v1 -- ?+0 0x7f9134008160 con 0x1d9fff0
2015-01-02 14:22:41.680772 7f91f6fd1700 1 -- 172.16.30.1:0/3227803 --> 172.16.30.6:6850/546593 -- ping magic: 0 v1 -- ?+0 0x7f913400c1c0 con 0x1da1d00
2015-01-02 14:22:41.680786 7f91f6fd1700 1 -- 172.16.30.1:0/3227803 --> 172.16.30.5:6915/3332014 -- ping magic: 0 v1 -- ?+0 0x7f913400c4c0 con 0x1da3a10
2015-01-02 14:22:41.680822 7f91f6fd1700 1 -- 172.16.30.1:0/3227803 --> 172.16.30.13:6880/3096079 -- ping magic: 0 v1 -- ?+0 0x7f913400c7c0 con 0x1da5720
2015-01-02 14:22:41.680848 7f91f6fd1700 1 -- 172.16.30.1:0/3227803 --> 172.16.30.8:7105/2661906 -- ping magic: 0 v1 -- ?+0 0x7f913400cac0 con 0x1da7430
2015-01-02 14:22:41.711874 7f91f67d0700 1 -- 172.16.30.1:0/3227803 <== osd.17 172.16.30.7:7090/3612953 1 ==== osd_op_reply(698 gc.199 [call] v8332'41 uv41 ondisk = 0) v6 ==== 173+0+0 (2635938509 0 0) 0x7f8ed00097e0 con 0x7f91802c0010
2015-01-02 14:22:41.712103 7f91ed1ed700 1 -- 172.16.30.1:0/3227803 --> 172.16.30.7:7090/3612953 -- osd_op(client.1565140.0:699 gc.199 [call rgw.gc_list] 32.6f39cc87 ack+read+known_if_redirected e8332) v4 -- ?+0 0x7f91802c03c0 con 0x7f91802c0010
2015-01-02 14:22:41.718895 7f91f67d0700 1 -- 172.16.30.1:0/3227803 <== osd.17 172.16.30.7:7090/3612953 2 ==== osd_op_reply(699 gc.199 [call] v0'0 uv41 ondisk = 0) v6 ==== 173+0+11 (2230390103 0 1993775135) 0x7f8ed00097e0 con 0x7f91802c0010
2015-01-02 14:22:41.719099 7f91ed1ed700 1 -- 172.16.30.1:0/3227803 --> 172.16.30.7:7090/3612953 -- osd_op(client.1565140.0:700 gc.199 [call lock.unlock] 32.6f39cc87 ondisk+write+known_if_redirected e8332) v4 -- ?+0 0x7f91802c03c0 con 0x7f91802c0010
2015-01-02 14:22:41.749766 7f91f67d0700 1 -- 172.16.30.1:0/3227803 <== osd.17 172.16.30.7:7090/3612953 3 ==== osd_op_reply(700 gc.199 [call] v8332'42 uv42 ondisk = 0) v6 ==== 173+0+0 (487202624 0 0) 0x7f8ed00097e0 con 0x7f91802c0010
2015-01-02 14:22:41.749964 7f91ed1ed700 1 -- 172.16.30.1:0/3227803 --> 172.16.30.17:7040/106399 -- osd_op(client.1565140.0:701 gc.200 [call lock.lock] 32.a74b875a ondisk+write+known_if_redirected e8332) v4 -- ?+0 0x7f91802c03c0 con 0x1d9e2b0
2015-01-02 14:22:41.781651 7f91f67d0700 1 -- 172.16.30.1:0/3227803 <== osd.613 172.16.30.17:7040/106399 3 ==== osd_op_reply(701 gc.200 [call] v8332'43 uv43 ondisk = 0) v6 ==== 173+0+0 (914503658 0 0) 0x7f91ac002550 con 0x1d9e2b0
2015-01-02 14:22:41.781842 7f91ed1ed700 1 -- 172.16.30.1:0/3227803 --> 172.16.30.17:7040/106399 -- osd_op(client.1565140.0:702 gc.200 [call rgw.gc_list] 32.a74b875a ack+read+known_if_redirected e8332) v4 -- ?+0 0x7f91802c03c0 con 0x1d9e2b0
2015-01-02 14:22:41.790750 7f91f67d0700 1 -- 172.16.30.1:0/3227803 <== osd.613 172.16.30.17:7040/106399 4 ==== osd_op_reply(702 gc.200 [call] v0'0 uv43 ondisk = 0) v6 ==== 173+0+11 (391923718 0 1993775135) 0x7f91ac002550 con 0x1d9e2b0
2015-01-02 14:22:41.790949 7f91ed1ed700 1 -- 172.16.30.1:0/3227803 --> 172.16.30.17:7040/106399 -- osd_op(client.1565140.0:703 gc.200 [call lock.unlock] 32.a74b875a ondisk+write+known_if_redirected e8332) v4 -- ?+0 0x7f91802c03c0 con 0x1d9e2b0
2015-01-02 14:22:41.813708 7f91f67d0700 1 -- 172.16.30.1:0/3227803 <== osd.613 172.16.30.17:7040/106399 5 ==== osd_op_reply(703 gc.200 [call] v8332'44 uv44 ondisk = 0) v6 ==== 173+0+0 (2121523202 0 0) 0x7f91ac002550 con 0x1d9e2b0
2015-01-02 14:22:41.813997 7f91ed1ed700 1 -- 172.16.30.1:0/3227803 --> 172.16.30.14:7070/3143141 -- osd_op(client.1565140.0:704 gc.201 [call lock.lock] 32.6bdbff42 ondisk+write+known_if_redirected e8332) v4 -- ?+0 0x7f91802c4890 con 0x7f91802c44e0
2015-01-02 14:22:41.853827 7f91f67d0700 1 -- 172.16.30.1:0/3227803 <== osd.332 172.16.30.14:7070/3143141 1 ==== osd_op_reply(704 gc.201 [call] v8332'44 uv44 ondisk = 0) v6 ==== 173+0+0 (1718629813 0 0) 0x7f8ed80097e0 con 0x7f91802c44e0
2015-01-02 14:22:41.854049 7f91ed1ed700 1 -- 172.16.30.1:0/3227803 --> 172.16.30.14:7070/3143141 -- osd_op(client.1565140.0:705 gc.201 [call rgw.gc_list] 32.6bdbff42 ack+read+known_if_redirected e8332) v4 -- ?+0 0x7f91802c4890 con 0x7f91802c44e0
2015-01-02 14:22:41.861236 7f91f67d0700 1 -- 172.16.30.1:0/3227803 <== osd.332 172.16.30.14:7070/3143141 2 ==== osd_op_reply(705 gc.201 [call] v0'0 uv44 ondisk = 0) v6 ==== 173+0+11 (333559544 0 1993775135) 0x7f8ed80097e0 con 0x7f91802c44e0
2015-01-02 14:22:41.861436 7f91ed1ed700 1 -- 172.16.30.1:0/3227803 --> 172.16.30.14:7070/3143141 -- osd_op(client.1565140.0:706 gc.201 [call lock.unlock] 32.6bdbff42 ondisk+write+known_if_redirected e8332) v4 -- ?+0 0x7f91802c4890 con 0x7f91802c44e0
2015-01-02 14:22:41.884187 7f91f67d0700 1 -- 172.16.30.1:0/3227803 <== osd.332 172.16.30.14:7070/3143141 3 ==== osd_op_reply(706 gc.201 [call] v8332'45 uv45 ondisk = 0) v6 ==== 173+0+0 (14832242 0 0) 0x7f8ed80097e0 con 0x7f91802c44e0
2015-01-02 14:22:41.884497 7f91ed1ed700 1 -- 172.16.30.1:0/3227803 --> 172.16.30.6:7070/550484 -- osd_op(client.1565140.0:707 gc.202 [call lock.lock] 32.cb245d65 ondisk+write+known_if_redirected e8332) v4 -- ?+0 0x7f91802c83c0 con 0x7f91802c8010
2015-01-02 14:22:41.921479 7f91f67d0700 1 -- 172.16.30.1:0/3227803 <== osd.35 172.16.30.6:7070/550484 1 ==== osd_op_reply(707 gc.202 [call] v8332'41 uv41 ondisk = 0) v6 ==== 173+0+0 (3520206249 0 0) 0x7f8edc0097e0 con 0x7f91802c8010
2015-01-02 14:22:41.921670 7f91ed1ed700 1 -- 172.16.30.1:0/3227803 --> 172.16.30.6:7070/550484 -- osd_op(client.1565140.0:708 gc.202 [call rgw.gc_list] 32.cb245d65 ack+read+known_if_redirected e8332) v4 -- ?+0 0x7f91802c83c0 con 0x7f91802c8010
2015-01-02 14:22:41.925629 7f91f67d0700 1 -- 172.16.30.1:0/3227803 <== osd.35 172.16.30.6:7070/550484 2 ==== osd_op_reply(708 gc.202 [call] v0'0 uv41 ondisk = 0) v6 ==== 173+0+11 (3359515187 0 1993775135) 0x7f8edc0097e0 con 0x7f91802c8010
2015-01-02 14:22:41.925827 7f91ed1ed700 1 -- 172.16.30.1:0/3227803 --> 172.16.30.6:7070/550484 -- osd_op(client.1565140.0:709 gc.202 [call lock.unlock] 32.cb245d65 ondisk+write+known_if_redirected e8332) v4 -- ?+0 0x7f91802c83c0 con 0x7f91802c8010
2015-01-02 14:22:41.945913 7f91f67d0700 1 -- 172.16.30.1:0/3227803 <== osd.35 172.16.30.6:7070/550484 3 ==== osd_op_reply(709 gc.202 [call] v8332'42 uv42 ondisk = 0) v6 ==== 173+0+0 (1371877412 0 0) 0x7f8edc0097e0 con 0x7f91802c8010
2015-01-02 14:22:41.946201 7f91ed1ed700 1 -- 172.16.30.1:0/3227803 --> 172.16.30.14:7085/3143407 -- osd_op(client.1565140.0:710 gc.203 [call lock.lock] 32.42da0099 ondisk+write+known_if_redirected e8332) v4 -- ?+0 0x7f91802cc3c0 con 0x7f91802cc010
2015-01-02 14:22:41.983652 7f91f67d0700 1 -- 172.16.30.1:0/3227803 <== osd.316 172.16.30.14:7085/3143407 1 ==== osd_op_reply(710 gc.203 [call] v8332'41 uv41 ondisk = 0) v6 ==== 173+0+0 (3770767632 0 0) 0x7f8eec0097e0 con 0x7f91802cc010
2015-01-02 14:22:41.983875 7f91ed1ed700 1 -- 172.16.30.1:0/3227803 --> 172.16.30.14:7085/3143407 -- osd_op(client.1565140.0:711 gc.203 [call rgw.gc_list] 32.42da0099 ack+read+known_if_redirected e8332) v4 -- ?+0 0x7f91802cc3c0 con 0x7f91802cc010
2015-01-02 14:22:41.994291 7f91f67d0700 1 -- 172.16.30.1:0/3227803 <== osd.316 172.16.30.14:7085/3143407 2 ==== osd_op_reply(711 gc.203 [call] v0'0 uv41 ondisk = 0) v6 ==== 173+0+11 (4180504202 0 1993775135) 0x7f8eec0097e0 con 0x7f91802cc010
2015-01-02 14:22:41.994490 7f91ed1ed700 1 -- 172.16.30.1:0/3227803 --> 172.16.30.14:7085/3143407 -- osd_op(client.1565140.0:712 gc.203 [call lock.unlock] 32.42da0099 ondisk+write+known_if_redirected e8332) v4 -- ?+0 0x7f91802cc3c0 con 0x7f91802cc010
2015-01-02 14:22:42.015640 7f91f67d0700 1 -- 172.16.30.1:0/3227803 <== osd.316 172.16.30.14:7085/3143407 3 ==== osd_op_reply(712 gc.203 [call] v8332'42 uv42 ondisk = 0) v6 ==== 173+0+0 (1624669341 0 0) 0x7f8eec0097e0 con 0x7f91802cc010
2015-01-02 14:22:42.015797 7f91ed1ed700 1 -- 172.16.30.1:0/3227803 --> 172.16.30.6:7030/549853 -- osd_op(client.1565140.0:713 gc.204 [call lock.lock] 32.617919ab ondisk+write+known_if_redirected e8332) v4 -- ?+0 0x7f91802cc3c0 con 0x7f9180024010
2015-01-02 14:22:42.060608 7f91f67d0700 1 -- 172.16.30.1:0/3227803 <== osd.76 172.16.30.6:7030/549853 4 ==== osd_op_reply(713 gc.204 [call] v8332'43 uv43 ondisk = 0) v6 ==== 173+0+0 (3909844299 0 0) 0x7f8fb40052b0 con 0x7f9180024010
2015-01-02 14:22:42.060767 7f91ed1ed700 1 -- 172.16.30.1:0/3227803 --> 172.16.30.6:7030/549853 -- osd_op(client.1565140.0:714 gc.204 [call rgw.gc_list] 32.617919ab ack+read+known_if_redirected e8332) v4 -- ?+0 0x7f91802cc3c0 con 0x7f9180024010
2015-01-02 14:22:42.066838 7f91f67d0700 1 -- 172.16.30.1:0/3227803 <== osd.76 172.16.30.6:7030/549853 5 ==== osd_op_reply(714 gc.204 [call] v0'0 uv43 ondisk = 0) v6 ==== 173+0+11 (3369403047 0 1993775135) 0x7f8fb4005680 con 0x7f9180024010
2015-01-02 14:22:42.067040 7f91ed1ed700 1 -- 172.16.30.1:0/3227803 --> 172.16.30.6:7030/549853 -- osd_op(client.1565140.0:715 gc.204 [call lock.unlock] 32.617919ab ondisk+write+known_if_redirected e8332) v4 -- ?+0 0x7f91802cc3c0 con 0x7f9180024010
2015-01-02 14:22:42.088167 7f91f67d0700 1 -- 172.16.30.1:0/3227803 <== osd.76 172.16.30.6:7030/549853 6 ==== osd_op_reply(715 gc.204 [call] v8332'44 uv44 ondisk = 0) v6 ==== 173+0+0 (2717559459 0 0) 0x7f8fb4005680 con 0x7f9180024010
2015-01-02 14:22:42.088448 7f91ed1ed700 1 -- 172.16.30.1:0/3227803 --> 172.16.30.3:6925/3601158 -- osd_op(client.1565140.0:716 gc.205 [call lock.lock] 32.e7dc687b ondisk+write+known_if_redirected e8332) v4 -- ?+0 0x7f91802d0890 con 0x7f91802d04e0
2015-01-02 14:22:42.131555 7f91f67d0700 1 -- 172.16.30.1:0/3227803 <== osd.731 172.16.30.3:6925/3601158 1 ==== osd_op_reply(716 gc.205 [call] v8332'41 uv41 ondisk = 0) v6 ==== 173+0+0 (3682010987 0 0) 0x7f8ef40097e0 con 0x7f91802d04e0
2015-01-02 14:22:42.131779 7f91ed1ed700 1 -- 172.16.30.1:0/3227803 --> 172.16.30.3:6925/3601158 -- osd_op(client.1565140.0:717 gc.205 [call rgw.gc_list] 32.e7dc687b ack+read+known_if_redirected e8332) v4 -- ?+0 0x7f91802d0890 con 0x7f91802d04e0
2015-01-02 14:22:42.140320 7f91f67d0700 1 -- 172.16.30.1:0/3227803 <== osd.731 172.16.30.3:6925/3601158 2 ==== osd_op_reply(717 gc.205 [call] v0'0 uv41 ondisk = 0) v6 ==== 173+0+11 (3264950513 0 1993775135) 0x7f8ef40097e0 con 0x7f91802d04e0
2015-01-02 14:22:42.140521 7f91ed1ed700 1 -- 172.16.30.1:0/3227803 --> 172.16.30.3:6925/3601158 -- osd_op(client.1565140.0:718 gc.205 [call lock.unlock] 32.e7dc687b ondisk+write+known_if_redirected e8332) v4 -- ?+0 0x7f91802d0890 con 0x7f91802d04e0
2015-01-02 14:22:42.164675 7f91f67d0700 1 -- 172.16.30.1:0/3227803 <== osd.731 172.16.30.3:6925/3601158 3 ==== osd_op_reply(718 gc.205 [call] v8332'42 uv42 ondisk = 0) v6 ==== 173+0+0 (1533027046 0 0) 0x7f8ef40097e0 con 0x7f91802d04e0
2015-01-02 14:22:42.164870 7f91ed1ed700 1 -- 172.16.30.1:0/3227803 --> 172.16.30.6:7030/549853 -- osd_op(client.1565140.0:719 gc.206 [call lock.lock] 32.dd2ed532 ondisk+write+known_if_redirected e8332) v4 -- ?+0 0x7f91802d0890 con 0x7f9180024010
2015-01-02 14:22:42.202547 7f91f67d0700 1 -- 172.16.30.1:0/3227803 <== osd.76 172.16.30.6:7030/549853 7 ==== osd_op_reply(719 gc.206 [call] v8332'85 uv85 ondisk = 0) v6 ==== 173+0+0 (3483588580 0 0) 0x7f8fb4005270 con 0x7f9180024010
2015-01-02 14:22:42.202740 7f91ed1ed700 1 -- 172.16.30.1:0/3227803 --> 172.16.30.6:7030/549853 -- osd_op(client.1565140.0:720 gc.206 [call rgw.gc_list] 32.dd2ed532 ack+read+known_if_redirected e8332) v4 -- ?+0 0x7f91802d0890 con 0x7f9180024010
2015-01-02 14:22:42.208997 7f91f67d0700 1 -- 172.16.30.1:0/3227803 <== osd.76 172.16.30.6:7030/549853 8 ==== osd_op_reply(720 gc.206 [call] v0'0 uv85 ondisk = 0) v6 ==== 173+0+11 (272676463 0 1993775135) 0x7f8fb4005680 con 0x7f9180024010
2015-01-02 14:22:42.209226 7f91ed1ed700 1 -- 172.16.30.1:0/3227803 --> 172.16.30.6:7030/549853 -- osd_op(client.1565140.0:721 gc.206 [call lock.unlock] 32.dd2ed532 ondisk+write+known_if_redirected e8332) v4 -- ?+0 0x7f91802d0890 con 0x7f9180024010
2015-01-02 14:22:42.234009 7f91f67d0700 1 -- 172.16.30.1:0/3227803 <== osd.76 172.16.30.6:7030/549853 9 ==== osd_op_reply(721 gc.206 [call] v8332'86 uv86 ondisk = 0) v6 ==== 173+0+0 (1337225833 0 0) 0x7f8fb4005290 con 0x7f9180024010
2015-01-02 14:22:42.234308 7f91ed1ed700 1 -- 172.16.30.1:0/3227803 --> 172.16.30.12:7045/1813886 -- osd_op(client.1565140.0:722 gc.207 [call lock.lock] 32.ecd10bbe ondisk+write+known_if_redirected e8332) v4 -- ?+0 0x7f91802d4890 con 0x7f91802d44e0
2015-01-02 14:22:42.279527 7f91f67d0700 1 -- 172.16.30.1:0/3227803 <== osd.355 172.16.30.12:7045/1813886 1 ==== osd_op_reply(722 gc.207 [call] v8332'41 uv41 ondisk = 0) v6 ==== 173+0+0 (2424760150 0 0) 0x7f8ef80097e0 con 0x7f91802d44e0
2015-01-02 14:22:42.279756 7f91ed1ed700 1 -- 172.16.30.1:0/3227803 --> 172.16.30.12:7045/1813886 -- osd_op(client.1565140.0:723 gc.207 [call rgw.gc_list] 32.ecd10bbe ack+read+known_if_redirected e8332) v4 -- ?+0 0x7f91802d4890 con 0x7f91802d44e0
2015-01-02 14:22:42.286348 7f91f67d0700 1 -- 172.16.30.1:0/3227803 <== osd.355 172.16.30.12:7045/1813886 2 ==== osd_op_reply(723 gc.207 [call] v0'0 uv41 ondisk = 0) v6 ==== 173+0+11 (2305478860 0 1993775135) 0x7f8ef80097e0 con 0x7f91802d44e0
2015-01-02 14:22:42.286548 7f91ed1ed700 1 -- 172.16.30.1:0/3227803 --> 172.16.30.12:7045/1813886 -- osd_op(client.1565140.0:724 gc.207 [call lock.unlock] 32.ecd10bbe ondisk+write+known_if_redirected e8332) v4 -- ?+0 0x7f91802d4890 con 0x7f91802d44e0
2015-01-02 14:22:42.307580 7f91f67d0700 1 -- 172.16.30.1:0/3227803 <== osd.355 172.16.30.12:7045/1813886 3 ==== osd_op_reply(724 gc.207 [call] v8332'42 uv42 ondisk = 0) v6 ==== 173+0+0 (277988059 0 0) 0x7f8ef80097e0 con 0x7f91802d44e0
2015-01-02 14:22:42.307835 7f91ed1ed700 1 -- 172.16.30.1:0/3227803 --> 172.16.30.17:6960/104854 -- osd_op(client.1565140.0:725 gc.208 [call lock.lock] 32.3cc0c4ca ondisk+write+known_if_redirected e8332) v4 -- ?+0 0x7f91802d83c0 con 0x7f91802d8010
2015-01-02 14:22:42.358652 7f91f67d0700 1 -- 172.16.30.1:0/3227803 <== osd.629 172.16.30.17:6960/104854 1 ==== osd_op_reply(725 gc.208 [call] v8332'43 uv43 ondisk = 0) v6 ==== 173+0+0 (1015494155 0 0) 0x7f8f040097e0 con 0x7f91802d8010
2015-01-02 14:22:42.358884 7f91ed1ed700 1 -- 172.16.30.1:0/3227803 --> 172.16.30.17:6960/104854 -- osd_op(client.1565140.0:726 gc.208 [call rgw.gc_list] 32.3cc0c4ca ack+read+known_if_redirected e8332) v4 -- ?+0 0x7f91802d83c0 con 0x7f91802d8010
2015-01-02 14:22:42.364206 7f91f67d0700 1 -- 172.16.30.1:0/3227803 <== osd.629 172.16.30.17:6960/104854 2 ==== osd_op_reply(726 gc.208 [call] v0'0 uv43 ondisk = 0) v6 ==== 173+0+11 (492390887 0 1993775135) 0x7f8f0400b200 con 0x7f91802d8010
2015-01-02 14:22:42.364405 7f91ed1ed700 1 -- 172.16.30.1:0/3227803 --> 172.16.30.17:6960/104854 -- osd_op(client.1565140.0:727 gc.208 [call lock.unlock] 32.3cc0c4ca ondisk+write+known_if_redirected e8332) v4 -- ?+0 0x7f91802d83c0 con 0x7f91802d8010
2015-01-02 14:22:42.389295 7f91f67d0700 1 -- 172.16.30.1:0/3227803 <== osd.629 172.16.30.17:6960/104854 3 ==== osd_op_reply(727 gc.208 [call] v8332'44 uv44 ondisk = 0) v6 ==== 173+0+0 (1953948131 0 0) 0x7f8f0400b200 con 0x7f91802d8010
2015-01-02 14:22:42.389583 7f91ed1ed700 1 -- 172.16.30.1:0/3227803 --> 172.16.30.15:6965/3389253 -- osd_op(client.1565140.0:728 gc.209 [call lock.lock] 32.47836b98 ondisk+write+known_if_redirected e8332) v4 -- ?+0 0x7f91802dc3c0 con 0x7f91802dc010
2015-01-02 14:22:42.438044 7f91f67d0700 1 -- 172.16.30.1:0/3227803 <== osd.444 172.16.30.15:6965/3389253 1 ==== osd_op_reply(728 gc.209 [call] v8332'41 uv41 ondisk = 0) v6 ==== 173+0+0 (3634455986 0 0) 0x7f8f0c0097e0 con 0x7f91802dc010
2015-01-02 14:22:42.438273 7f91ed1ed700 1 -- 172.16.30.1:0/3227803 --> 172.16.30.15:6965/3389253 -- osd_op(client.1565140.0:729 gc.209 [call rgw.gc_list] 32.47836b98 ack+read+known_if_redirected e8332) v4 -- ?+0 0x7f91802dc3c0 con 0x7f91802dc010
2015-01-02 14:22:42.446634 7f91f67d0700 1 -- 172.16.30.1:0/3227803 <== osd.444 172.16.30.15:6965/3389253 2 ==== osd_op_reply(729 gc.209 [call] v0'0 uv41 ondisk = 0) v6 ==== 173+0+11 (3243069992 0 1993775135) 0x7f8f0c00b200 con 0x7f91802dc010
2015-01-02 14:22:42.446838 7f91ed1ed700 1 -- 172.16.30.1:0/3227803 --> 172.16.30.15:6965/3389253 -- osd_op(client.1565140.0:730 gc.209 [call lock.unlock] 32.47836b98 ondisk+write+known_if_redirected e8332) v4 -- ?+0 0x7f91802dc3c0 con 0x7f91802dc010
2015-01-02 14:22:42.470647 7f91f67d0700 1 -- 172.16.30.1:0/3227803 <== osd.444 172.16.30.15:6965/3389253 3 ==== osd_op_reply(730 gc.209 [call] v8332'42 uv42 ondisk = 0) v6 ==== 173+0+0 (1488339007 0 0) 0x7f8f0c00b200 con 0x7f91802dc010
2015-01-02 14:22:42.470945 7f91ed1ed700 1 -- 172.16.30.1:0/3227803 --> 172.16.30.13:6890/3096243 -- osd_op(client.1565140.0:731 gc.210 [call lock.lock] 32.63bbf5ba ondisk+write+known_if_redirected e8332) v4 -- ?+0 0x7f91802e03c0 con 0x7f91802e0010
2015-01-02 14:22:42.533593 7f91f67d0700 1 -- 172.16.30.1:0/3227803 <== osd.513 172.16.30.13:6890/3096243 1 ==== osd_op_reply(731 gc.210 [call] v8332'81 uv81 ondisk = 0) v6 ==== 173+0+0 (1045702181 0 0) 0x7f8f100097e0 con 0x7f91802e0010
2015-01-02 14:22:42.533824 7f91ed1ed700 1 -- 172.16.30.1:0/3227803 --> 172.16.30.13:6890/3096243 -- osd_op(client.1565140.0:732 gc.210 [call rgw.gc_list] 32.63bbf5ba ack+read+known_if_redirected e8332) v4 -- ?+0 0x7f91802e03c0 con 0x7f91802e0010
2015-01-02 14:22:42.539941 7f91f67d0700 1 -- 172.16.30.1:0/3227803 <== osd.513 172.16.30.13:6890/3096243 2 ==== osd_op_reply(732 gc.210 [call] v0'0 uv81 ondisk = 0) v6 ==== 173+0+11 (2446546754 0 1993775135) 0x7f8f100097e0 con 0x7f91802e0010
2015-01-02 14:22:42.540144 7f91ed1ed700 1 -- 172.16.30.1:0/3227803 --> 172.16.30.13:6890/3096243 -- osd_op(client.1565140.0:733 gc.210 [call lock.unlock] 32.63bbf5ba ondisk+write+known_if_redirected e8332) v4 -- ?+0 0x7f91802e03c0 con 0x7f91802e0010
2015-01-02 14:22:42.651769 7f91f67d0700 1 -- 172.16.30.1:0/3227803 <== osd.513 172.16.30.13:6890/3096243 3 ==== osd_op_reply(733 gc.210 [call] v8332'82 uv82 ondisk = 0) v6 ==== 173+0+0 (3192062888 0 0) 0x7f8f100097e0 con 0x7f91802e0010
2015-01-02 14:22:42.652058 7f91ed1ed700 1 -- 172.16.30.1:0/3227803 --> 172.16.30.8:7055/2660944 -- osd_op(client.1565140.0:734 gc.211 [call lock.lock] 32.f9b3f7ad ondisk+write+known_if_redirected e8332) v4 -- ?+0 0x7f91802e43c0 con 0x7f91802e4010
2015-01-02 14:22:42.694205 7f91f67d0700 1 -- 172.16.30.1:0/3227803 <== osd.53 172.16.30.8:7055/2660944 1 ==== osd_op_reply(734 gc.211 [call] v8332'41 uv41 ondisk = 0) v6 ==== 173+0+0 (306809600 0 0) 0x7f8f140097e0 con 0x7f91802e4010
2015-01-02 14:22:42.694438 7f91ed1ed700 1 -- 172.16.30.1:0/3227803 --> 172.16.30.8:7055/2660944 -- osd_op(client.1565140.0:735 gc.211 [call rgw.gc_list] 32.f9b3f7ad ack+read+known_if_redirected e8332) v4 -- ?+0 0x7f91802e43c0 con 0x7f91802e4010
2015-01-02 14:22:42.702437 7f91f67d0700 1 -- 172.16.30.1:0/3227803 <== osd.53 172.16.30.8:7055/2660944 2 ==== osd_op_reply(735 gc.211 [call] v0'0 uv41 ondisk = 0) v6 ==== 173+0+11 (195411098 0 1993775135) 0x7f8f140097e0 con 0x7f91802e4010
2015-01-02 14:22:42.702640 7f91ed1ed700 1 -- 172.16.30.1:0/3227803 --> 172.16.30.8:7055/2660944 -- osd_op(client.1565140.0:736 gc.211 [call lock.unlock] 32.f9b3f7ad ondisk+write+known_if_redirected e8332) v4 -- ?+0 0x7f91802e43c0 con 0x7f91802e4010
2015-01-02 14:22:42.726033 7f91f67d0700 1 -- 172.16.30.1:0/3227803 <== osd.53 172.16.30.8:7055/2660944 3 ==== osd_op_reply(736 gc.211 [call] v8332'42 uv42 ondisk = 0) v6 ==== 173+0+0 (2455678605 0 0) 0x7f8f140097e0 con 0x7f91802e4010
2015-01-02 14:22:42.726353 7f91ed1ed700 1 -- 172.16.30.1:0/3227803 --> 172.16.30.9:6930/79926 -- osd_op(client.1565140.0:737 gc.212 [call lock.lock] 32.b67c7e48 ondisk+write+known_if_redirected e8332) v4 -- ?+0 0x7f91802e83c0 con 0x7f91802e8010
2015-01-02 14:22:42.778778 7f91f67d0700 1 -- 172.16.30.1:0/3227803 <== osd.175 172.16.30.9:6930/79926 1 ==== osd_op_reply(737 gc.212 [call] v8332'41 uv41 ondisk = 0) v6 ==== 173+0+0 (2648327837 0 0) 0x7f8f240097e0 con 0x7f91802e8010
2015-01-02 14:22:42.779006 7f91ed1ed700 1 -- 172.16.30.1:0/3227803 --> 172.16.30.9:6930/79926 -- osd_op(client.1565140.0:738 gc.212 [call rgw.gc_list] 32.b67c7e48 ack+read+known_if_redirected e8332) v4 -- ?+0 0x7f91802e83c0 con 0x7f91802e8010
2015-01-02 14:22:42.785941 7f91f67d0700 1 -- 172.16.30.1:0/3227803 <== osd.175 172.16.30.9:6930/79926 2 ==== osd_op_reply(738 gc.212 [call] v0'0 uv41 ondisk = 0) v6 ==== 173+0+11 (2218160391 0 1993775135) 0x7f8f2400b200 con 0x7f91802e8010
2015-01-02 14:22:42.786144 7f91ed1ed700 1 -- 172.16.30.1:0/3227803 --> 172.16.30.9:6930/79926 -- osd_op(client.1565140.0:739 gc.212 [call lock.unlock] 32.b67c7e48 ondisk+write+known_if_redirected e8332) v4 -- ?+0 0x7f91802e83c0 con 0x7f91802e8010
2015-01-02 14:22:42.812748 7f91f67d0700 1 -- 172.16.30.1:0/3227803 <== osd.175 172.16.30.9:6930/79926 3 ==== osd_op_reply(739 gc.212 [call] v8332'42 uv42 ondisk = 0) v6 ==== 173+0+0 (499999504 0 0) 0x7f8f2400b200 con 0x7f91802e8010
2015-01-02 14:22:42.813035 7f91ed1ed700 1 -- 172.16.30.1:0/3227803 --> 172.16.30.5:6910/3331882 -- osd_op(client.1565140.0:740 gc.213 [call lock.lock] 32.e5af0035 ondisk+write+known_if_redirected e8332) v4 -- ?+0 0x7f91802ec3c0 con 0x7f91802ec010
2015-01-02 14:22:42.855132 7f91f67d0700 1 -- 172.16.30.1:0/3227803 <== osd.199 172.16.30.5:6910/3331882 1 ==== osd_op_reply(740 gc.213 [call] v8332'41 uv41 ondisk = 0) v6 ==== 173+0+0 (4066452118 0 0) 0x7f8f2c0097e0 con 0x7f91802ec010
2015-01-02 14:22:42.855367 7f91ed1ed700 1 -- 172.16.30.1:0/3227803 --> 172.16.30.5:6910/3331882 -- osd_op(client.1565140.0:741 gc.213 [call rgw.gc_list] 32.e5af0035 ack+read+known_if_redirected e8332) v4 -- ?+0 0x7f91802ec3c0 con 0x7f91802ec010
2015-01-02 14:22:42.863799 7f91f67d0700 1 -- 172.16.30.1:0/3227803 <== osd.199 172.16.30.5:6910/3331882 2 ==== osd_op_reply(741 gc.213 [call] v0'0 uv41 ondisk = 0) v6 ==== 173+0+11 (3951891724 0 1993775135) 0x7f8f2c0097e0 con 0x7f91802ec010
2015-01-02 14:22:42.864001 7f91ed1ed700 1 -- 172.16.30.1:0/3227803 --> 172.16.30.5:6910/3331882 -- osd_op(client.1565140.0:742 gc.213 [call lock.unlock] 32.e5af0035 ondisk+write+known_if_redirected e8332) v4 -- ?+0 0x7f91802ec3c0 con 0x7f91802ec010
2015-01-02 14:22:42.887910 7f91f67d0700 1 -- 172.16.30.1:0/3227803 <== osd.199 172.16.30.5:6910/3331882 3 ==== osd_op_reply(742 gc.213 [call] v8332'42 uv42 ondisk = 0) v6 ==== 173+0+0 (1920337691 0 0) 0x7f8f2c0097e0 con 0x7f91802ec010
2015-01-02 14:22:42.888200 7f91ed1ed700 1 -- 172.16.30.1:0/3227803 --> 172.16.30.17:6860/103462 -- osd_op(client.1565140.0:743 gc.214 [call lock.lock] 32.5f6f34c8 ondisk+write+known_if_redirected e8332) v4 -- ?+0 0x7f91802f03c0 con 0x7f91802f0010
2015-01-02 14:22:42.939620 7f91f67d0700 1 -- 172.16.30.1:0/3227803 <== osd.649 172.16.30.17:6860/103462 1 ==== osd_op_reply(743 gc.214 [call] v8332'41 uv41 ondisk = 0) v6 ==== 173+0+0 (1414050665 0 0) 0x7f8f340097e0 con 0x7f91802f0010
2015-01-02 14:22:42.939851 7f91ed1ed700 1 -- 172.16.30.1:0/3227803 --> 172.16.30.17:6860/103462 -- osd_op(client.1565140.0:744 gc.214 [call rgw.gc_list] 32.5f6f34c8 ack+read+known_if_redirected e8332) v4 -- ?+0 0x7f91802f03c0 con 0x7f91802f0010
2015-01-02 14:22:42.947524 7f91f67d0700 1 -- 172.16.30.1:0/3227803 <== osd.649 172.16.30.17:6860/103462 2 ==== osd_op_reply(744 gc.214 [call] v0'0 uv41 ondisk = 0) v6 ==== 173+0+11 (1302627571 0 1993775135) 0x7f8f340097e0 con 0x7f91802f0010
2015-01-02 14:22:42.947728 7f91ed1ed700 1 -- 172.16.30.1:0/3227803 --> 172.16.30.17:6860/103462 -- osd_op(client.1565140.0:745 gc.214 [call lock.unlock] 32.5f6f34c8 ondisk+write+known_if_redirected e8332) v4 -- ?+0 0x7f91802f03c0 con 0x7f91802f0010
2015-01-02 14:22:42.972812 7f91f67d0700 1 -- 172.16.30.1:0/3227803 <== osd.649 172.16.30.17:6860/103462 3 ==== osd_op_reply(745 gc.214 [call] v8332'42 uv42 ondisk = 0) v6 ==== 173+0+0 (3563034340 0 0) 0x7f8f340097e0 con 0x7f91802f0010
2015-01-02 14:22:42.973099 7f91ed1ed700 1 -- 172.16.30.1:0/3227803 --> 172.16.30.14:6965/3141333 -- osd_op(client.1565140.0:746 gc.215 [call lock.lock] 32.eb33ed50 ondisk+write+known_if_redirected e8332) v4 -- ?+0 0x7f91802f43c0 con 0x7f91802f4010
2015-01-02 14:22:43.018564 7f91f67d0700 1 -- 172.16.30.1:0/3227803 <== osd.435 172.16.30.14:6965/3141333 1 ==== osd_op_reply(746 gc.215 [call] v8332'43 uv43 ondisk = 0) v6 ==== 173+0+0 (952597745 0 0) 0x7f8f3c0097e0 con 0x7f91802f4010
2015-01-02 14:22:43.018808 7f91ed1ed700 1 -- 172.16.30.1:0/3227803 --> 172.16.30.14:6965/3141333 -- osd_op(client.1565140.0:747 gc.215 [call rgw.gc_list] 32.eb33ed50 ack+read+known_if_redirected e8332) v4 -- ?+0 0x7f91802f43c0 con 0x7f91802f4010
2015-01-02 14:22:43.025638 7f91f67d0700 1 -- 172.16.30.1:0/3227803 <== osd.435 172.16.30.14:6965/3141333 2 ==== osd_op_reply(747 gc.215 [call] v0'0 uv43 ondisk = 0) v6 ==== 173+0+11 (421069597 0 1993775135) 0x7f8f3c0097e0 con 0x7f91802f4010
2015-01-02 14:22:43.025840 7f91ed1ed700 1 -- 172.16.30.1:0/3227803 --> 172.16.30.14:6965/3141333 -- osd_op(client.1565140.0:748 gc.215 [call lock.unlock] 32.eb33ed50 ondisk+write+known_if_redirected e8332) v4 -- ?+0 0x7f91802f43c0 con 0x7f91802f4010
2015-01-02 14:22:43.050627 7f91f67d0700 1 -- 172.16.30.1:0/3227803 <== osd.435 172.16.30.14:6965/3141333 3 ==== osd_op_reply(748 gc.215 [call] v8332'44 uv44 ondisk = 0) v6 ==== 173+0+0 (1882630937 0 0) 0x7f8f3c0097e0 con 0x7f91802f4010
2015-01-02 14:22:43.050822 7f91ed1ed700 1 -- 172.16.30.1:0/3227803 --> 172.16.30.7:6860/3609104 -- osd_op(client.1565140.0:749 gc.216 [call lock.lock] 32.d1ad767f ondisk+write+known_if_redirected e8332) v4 -- ?+0 0x7f91802f43c0 con 0x7f918025a010
2015-01-02 14:22:43.094192 7f91f67d0700 1 -- 172.16.30.1:0/3227803 <== osd.247 172.16.30.7:6860/3609104 4 ==== osd_op_reply(749 gc.216 [call] v8332'41 uv41 ondisk = 0) v6 ==== 173+0+0 (1327473752 0 0) 0x7f91580052b0 con 0x7f918025a010
2015-01-02 14:22:43.094386 7f91ed1ed700 1 -- 172.16.30.1:0/3227803 --> 172.16.30.7:6860/3609104 -- osd_op(client.1565140.0:750 gc.216 [call rgw.gc_list] 32.d1ad767f ack+read+known_if_redirected e8332) v4 -- ?+0 0x7f91802f43c0 con 0x7f918025a010
2015-01-02 14:22:43.099915 7f91f67d0700 1 -- 172.16.30.1:0/3227803 <== osd.247 172.16.30.7:6860/3609104 5 ==== osd_op_reply(750 gc.216 [call] v0'0 uv41 ondisk = 0) v6 ==== 173+0+11 (1458803650 0 1993775135) 0x7f9158005680 con 0x7f918025a010
2015-01-02 14:22:43.100115 7f91ed1ed700 1 -- 172.16.30.1:0/3227803 --> 172.16.30.7:6860/3609104 -- osd_op(client.1565140.0:751 gc.216 [call lock.unlock] 32.d1ad767f ondisk+write+known_if_redirected e8332) v4 -- ?+0 0x7f91802f43c0 con 0x7f918025a010
2015-01-02 14:22:43.119425 7f91f67d0700 1 -- 172.16.30.1:0/3227803 <== osd.247 172.16.30.7:6860/3609104 6 ==== osd_op_reply(751 gc.216 [call] v8332'42 uv42 ondisk = 0) v6 ==== 173+0+0 (3473441237 0 0) 0x7f9158005680 con 0x7f918025a010
2015-01-02 14:22:43.119620 7f91ed1ed700 1 -- 172.16.30.1:0/3227803 --> 172.16.30.13:6855/3095806 -- osd_op(client.1565140.0:752 gc.217 [call lock.lock] 32.6685f875 ondisk+write+known_if_redirected e8332) v4 -- ?+0 0x7f91802f43c0 con 0x7f9180168010
2015-01-02 14:22:43.156135 7f91f67d0700 1 -- 172.16.30.1:0/3227803 <== osd.545 172.16.30.13:6855/3095806 4 ==== osd_op_reply(752 gc.217 [call] v8332'43 uv43 ondisk = 0) v6 ==== 173+0+0 (2834148312 0 0) 0x7f8f340097e0 con 0x7f9180168010
2015-01-02 14:22:43.156334 7f91ed1ed700 1 -- 172.16.30.1:0/3227803 --> 172.16.30.13:6855/3095806 -- osd_op(client.1565140.0:753 gc.217 [call rgw.gc_list] 32.6685f875 ack+read+known_if_redirected e8332) v4 -- ?+0 0x7f91802f43c0 con 0x7f9180168010
2015-01-02 14:22:43.161678 7f91f67d0700 1 -- 172.16.30.1:0/3227803 <== osd.545 172.16.30.13:6855/3095806 5 ==== osd_op_reply(753 gc.217 [call] v0'0 uv43 ondisk = 0) v6 ==== 173+0+11 (2301875252 0 1993775135) 0x7f8f340097e0 con 0x7f9180168010
2015-01-02 14:22:43.161873 7f91ed1ed700 1 -- 172.16.30.1:0/3227803 --> 172.16.30.13:6855/3095806 -- osd_op(client.1565140.0:754 gc.217 [call lock.unlock] 32.6685f875 ondisk+write+known_if_redirected e8332) v4 -- ?+0 0x7f91802f6da0 con 0x7f9180168010
2015-01-02 14:22:43.182204 7f91f67d0700 1 -- 172.16.30.1:0/3227803 <== osd.545 172.16.30.13:6855/3095806 6 ==== osd_op_reply(754 gc.217 [call] v8332'44 uv44 ondisk = 0) v6 ==== 173+0+0 (3759963184 0 0) 0x7f8f340097e0 con 0x7f9180168010
2015-01-02 14:22:43.182494 7f91ed1ed700 1 -- 172.16.30.1:0/3227803 --> 172.16.30.16:6840/2752130 -- osd_op(client.1565140.0:755 gc.218 [call lock.lock] 32.ede40140 ondisk+write+known_if_redirected e8332) v4 -- ?+0 0x7f9180083000 con 0x7f91802f8a20
2015-01-02 14:22:43.227047 7f91f67d0700 1 -- 172.16.30.1:0/3227803 <== osd.597 172.16.30.16:6840/2752130 1 ==== osd_op_reply(755 gc.218 [call] v8332'43 uv43 ondisk = 0) v6 ==== 173+0+0 (1404778418 0 0) 0x7f8f44005590 con 0x7f91802f8a20
2015-01-02 14:22:43.227277 7f91ed1ed700 1 -- 172.16.30.1:0/3227803 --> 172.16.30.16:6840/2752130 -- osd_op(client.1565140.0:756 gc.218 [call rgw.gc_list] 32.ede40140 ack+read+known_if_redirected e8332) v4 -- ?+0 0x7f9180083000 con 0x7f91802f8a20
2015-01-02 14:22:43.232525 7f91f67d0700 1 -- 172.16.30.1:0/3227803 <== osd.597 172.16.30.16:6840/2752130 2 ==== osd_op_reply(756 gc.218 [call] v0'0 uv43 ondisk = 0) v6 ==== 173+0+11 (1919240286 0 1993775135) 0x7f8f440071e0 con 0x7f91802f8a20
2015-01-02 14:22:43.232748 7f91ed1ed700 1 -- 172.16.30.1:0/3227803 --> 172.16.30.16:6840/2752130 -- osd_op(client.1565140.0:757 gc.218 [call lock.unlock] 32.ede40140 ondisk+write+known_if_redirected e8332) v4 -- ?+0 0x7f9180083000 con 0x7f91802f8a20
2015-01-02 14:22:43.252767 7f91f67d0700 1 -- 172.16.30.1:0/3227803 <== osd.597 172.16.30.16:6840/2752130 3 ==== osd_op_reply(757 gc.218 [call] v8332'44 uv44 ondisk = 0) v6 ==== 173+0+0 (457891930 0 0) 0x7f8f440071e0 con 0x7f91802f8a20
2015-01-02 14:22:43.253111 7f91ed1ed700 1 -- 172.16.30.1:0/3227803 --> 172.16.30.15:6825/3387441 -- osd_op(client.1565140.0:758 gc.219 [call lock.lock] 32.3d849bea ondisk+write+known_if_redirected e8332) v4 -- ?+0 0x7f91802fccf0 con 0x7f91802fa640
2015-01-02 14:22:43.300945 7f91f67d0700 1 -- 172.16.30.1:0/3227803 <== osd.578 172.16.30.15:6825/3387441 1 ==== osd_op_reply(758 gc.219 [call] v8332'41 uv41 ondisk = 0) v6 ==== 173+0+0 (426209199 0 0) 0x7f8f4c005590 con 0x7f91802fa640
2015-01-02 14:22:43.301171 7f91ed1ed700 1 -- 172.16.30.1:0/3227803 --> 172.16.30.15:6825/3387441 -- osd_op(client.1565140.0:759 gc.219 [call rgw.gc_list] 32.3d849bea ack+read+known_if_redirected e8332) v4 -- ?+0 0x7f918015c390 con 0x7f91802fa640
2015-01-02 14:22:43.310443 7f91f67d0700 1 -- 172.16.30.1:0/3227803 <== osd.578 172.16.30.15:6825/3387441 2 ==== osd_op_reply(759 gc.219 [call] v0'0 uv41 ondisk = 0) v6 ==== 173+0+11 (9132085 0 1993775135) 0x7f8f4c0071e0 con 0x7f91802fa640
2015-01-02 14:22:43.310643 7f91ed1ed700 1 -- 172.16.30.1:0/3227803 --> 172.16.30.15:6825/3387441 -- osd_op(client.1565140.0:760 gc.219 [call lock.unlock] 32.3d849bea ondisk+write+known_if_redirected e8332) v4 -- ?+0 0x7f918015c390 con 0x7f91802fa640
2015-01-02 14:22:43.335273 7f91f67d0700 1 -- 172.16.30.1:0/3227803 <== osd.578 172.16.30.15:6825/3387441 3 ==== osd_op_reply(760 gc.219 [call] v8332'42 uv42 ondisk = 0) v6 ==== 173+0+0 (2574273058 0 0) 0x7f8f4c0071e0 con 0x7f91802fa640
2015-01-02 14:22:43.335470 7f91ed1ed700 1 -- 172.16.30.1:0/3227803 --> 172.16.30.5:6850/3331205 -- osd_op(client.1565140.0:761 gc.220 [call lock.lock] 32.729d38cf ondisk+write+known_if_redirected e8332) v4 -- ?+0 0x7f918015c390 con 0x7f918003c010
2015-01-02 14:22:43.374307 7f91f67d0700 1 -- 172.16.30.1:0/3227803 <== osd.259 172.16.30.5:6850/3331205 10 ==== osd_op_reply(761 gc.220 [call] v8332'41 uv41 ondisk = 0) v6 ==== 173+0+0 (3892225616 0 0) 0x7f8fec005580 con 0x7f918003c010
2015-01-02 14:22:43.374504 7f91ed1ed700 1 -- 172.16.30.1:0/3227803 --> 172.16.30.5:6850/3331205 -- osd_op(client.1565140.0:762 gc.220 [call rgw.gc_list] 32.729d38cf ack+read+known_if_redirected e8332) v4 -- ?+0 0x7f918015c390 con 0x7f918003c010
2015-01-02 14:22:43.379999 7f91f67d0700 1 -- 172.16.30.1:0/3227803 <== osd.259 172.16.30.5:6850/3331205 11 ==== osd_op_reply(762 gc.220 [call] v0'0 uv41 ondisk = 0) v6 ==== 173+0+11 (4262629834 0 1993775135) 0x7f8fec005580 con 0x7f918003c010
2015-01-02 14:22:43.380151 7f91ed1ed700 1 -- 172.16.30.1:0/3227803 --> 172.16.30.5:6850/3331205 -- osd_op(client.1565140.0:763 gc.220 [call lock.unlock] 32.729d38cf ondisk+write+known_if_redirected e8332) v4 -- ?+0 0x7f918015c390 con 0x7f918003c010
2015-01-02 14:22:43.404645 7f91f67d0700 1 -- 172.16.30.1:0/3227803 <== osd.259 172.16.30.5:6850/3331205 12 ==== osd_op_reply(763 gc.220 [call] v8332'42 uv42 ondisk = 0) v6 ==== 173+0+0 (1743356893 0 0) 0x7f8fec005580 con 0x7f918003c010
2015-01-02 14:22:43.404842 7f91ed1ed700 1 -- 172.16.30.1:0/3227803 --> 172.16.30.13:6890/3096243 -- osd_op(client.1565140.0:764 gc.221 [call lock.lock] 32.c62a39ba ondisk+write+known_if_redirected e8332) v4 -- ?+0 0x7f918015c390 con 0x7f91802e0010
2015-01-02 14:22:43.450859 7f91f67d0700 1 -- 172.16.30.1:0/3227803 <== osd.513 172.16.30.13:6890/3096243 4 ==== osd_op_reply(764 gc.221 [call] v8332'83 uv83 ondisk = 0) v6 ==== 173+0+0 (2639536140 0 0) 0x7f8f100097e0 con 0x7f91802e0010
2015-01-02 14:22:43.451057 7f91ed1ed700 1 -- 172.16.30.1:0/3227803 --> 172.16.30.13:6890/3096243 -- osd_op(client.1565140.0:765 gc.221 [call rgw.gc_list] 32.c62a39ba ack+read+known_if_redirected e8332) v4 -- ?+0 0x7f918015c390 con 0x7f91802e0010
2015-01-02 14:22:43.457355 7f91f67d0700 1 -- 172.16.30.1:0/3227803 <== osd.513 172.16.30.13:6890/3096243 5 ==== osd_op_reply(765 gc.221 [call] v0'0 uv83 ondisk = 0) v6 ==== 173+0+11 (182524189 0 1993775135) 0x7f8f100097e0 con 0x7f91802e0010
2015-01-02 14:22:43.457556 7f91ed1ed700 1 -- 172.16.30.1:0/3227803 --> 172.16.30.13:6890/3096243 -- osd_op(client.1565140.0:766 gc.221 [call lock.unlock] 32.c62a39ba ondisk+write+known_if_redirected e8332) v4 -- ?+0 0x7f918015c390 con 0x7f91802e0010
2015-01-02 14:22:43.478306 7f91f67d0700 1 -- 172.16.30.1:0/3227803 <== osd.513 172.16.30.13:6890/3096243 6 ==== osd_op_reply(766 gc.221 [call] v8332'84 uv84 ondisk = 0) v6 ==== 173+0+0 (3584423908 0 0) 0x7f8f100097e0 con 0x7f91802e0010
2015-01-02 14:22:43.478517 7f91ed1ed700 1 -- 172.16.30.1:0/3227803 --> 172.16.30.15:6925/3388602 -- osd_op(client.1565140.0:767 gc.222 [call lock.lock] 32.c01e8c8e ondisk+write+known_if_redirected e8332) v4 -- ?+0 0x7f918015c390 con 0x7f91800082a0
2015-01-02 14:22:43.510689 7f91f67d0700 1 -- 172.16.30.1:0/3227803 <== osd.483 172.16.30.15:6925/3388602 4 ==== osd_op_reply(767 gc.222 [call] v8332'83 uv83 ondisk = 0) v6 ==== 173+0+0 (2167961916 0 0) 0x7f8f740052b0 con 0x7f91800082a0
2015-01-02 14:22:43.510882 7f91ed1ed700 1 -- 172.16.30.1:0/3227803 --> 172.16.30.15:6925/3388602 -- osd_op(client.1565140.0:768 gc.222 [call rgw.gc_list] 32.c01e8c8e ack+read+known_if_redirected e8332) v4 -- ?+0 0x7f91802fed80 con 0x7f91800082a0
2015-01-02 14:22:43.516759 7f91f67d0700 1 -- 172.16.30.1:0/3227803 <== osd.483 172.16.30.15:6925/3388602 5 ==== osd_op_reply(768 gc.222 [call] v0'0 uv83 ondisk = 0) v6 ==== 173+0+11 (378355757 0 1993775135) 0x7f8f74005680 con 0x7f91800082a0
2015-01-02 14:22:43.516953 7f91ed1ed700 1 -- 172.16.30.1:0/3227803 --> 172.16.30.15:6925/3388602 -- osd_op(client.1565140.0:769 gc.222 [call lock.unlock] 32.c01e8c8e ondisk+write+known_if_redirected e8332) v4 -- ?+0 0x7f91802fed80 con 0x7f91800082a0
2015-01-02 14:22:43.546552 7f91f67d0700 1 -- 172.16.30.1:0/3227803 <== osd.483 172.16.30.15:6925/3388602 6 ==== osd_op_reply(769 gc.222 [call] v8332'84 uv84 ondisk = 0) v6 ==== 173+0+0 (3385437908 0 0) 0x7f8f74005680 con 0x7f91800082a0
2015-01-02 14:22:43.546854 7f91ed1ed700 1 -- 172.16.30.1:0/3227803 --> 172.16.30.14:7035/3142641 -- osd_op(client.1565140.0:770 gc.223 [call lock.lock] 32.ab010056 ondisk+write+known_if_redirected e8332) v4 -- ?+0 0x7f91803021b0 con 0x7f9180300df0
2015-01-02 14:22:43.594896 7f91f67d0700 1 -- 172.16.30.1:0/3227803 <== osd.367 172.16.30.14:7035/3142641 1 ==== osd_op_reply(770 gc.223 [call] v8332'41 uv41 ondisk = 0) v6 ==== 173+0+0 (1174317491 0 0) 0x7f8f5c005590 con 0x7f9180300df0
2015-01-02 14:22:43.595124 7f91ed1ed700 1 -- 172.16.30.1:0/3227803 --> 172.16.30.14:7035/3142641 -- osd_op(client.1565140.0:771 gc.223 [call rgw.gc_list] 32.ab010056 ack+read+known_if_redirected e8332) v4 -- ?+0 0x7f91803021b0 con 0x7f9180300df0
2015-01-02 14:22:43.609930 7f91f67d0700 1 -- 172.16.30.1:0/3227803 <== osd.367 172.16.30.14:7035/3142641 2 ==== osd_op_reply(771 gc.223 [call] v0'0 uv41 ondisk = 0) v6 ==== 173+0+11 (1544724009 0 1993775135) 0x7f8f5c0071e0 con 0x7f9180300df0
2015-01-02 14:22:43.610132 7f91ed1ed700 1 -- 172.16.30.1:0/3227803 --> 172.16.30.14:7035/3142641 -- osd_op(client.1565140.0:772 gc.223 [call lock.unlock] 32.ab010056 ondisk+write+known_if_redirected e8332) v4 -- ?+0 0x7f91803021b0 con 0x7f9180300df0
2015-01-02 14:22:43.636395 7f91f67d0700 1 -- 172.16.30.1:0/3227803 <== osd.367 172.16.30.14:7035/3142641 3 ==== osd_op_reply(772 gc.223 [call] v8332'42 uv42 ondisk = 0) v6 ==== 173+0+0 (3320417342 0 0) 0x7f8f5c0071e0 con 0x7f9180300df0
2015-01-02 14:22:43.636595 7f91ed1ed700 1 -- 172.16.30.1:0/3227803 --> 172.16.30.9:6835/78794 -- osd_op(client.1565140.0:773 gc.224 [call lock.lock] 32.87d368b6 ondisk+write+known_if_redirected e8332) v4 -- ?+0 0x7f91803021b0 con 0x7f9180158010
2015-01-02 14:22:43.673564 7f91f67d0700 1 -- 172.16.30.1:0/3227803 <== osd.271 172.16.30.9:6835/78794 4 ==== osd_op_reply(773 gc.224 [call] v8332'41 uv41 ondisk = 0) v6 ==== 173+0+0 (1747610803 0 0) 0x7f8f100097e0 con 0x7f9180158010
2015-01-02 14:22:43.673722 7f91ed1ed700 1 -- 172.16.30.1:0/3227803 --> 172.16.30.9:6835/78794 -- osd_op(client.1565140.0:774 gc.224 [call rgw.gc_list] 32.87d368b6 ack+read+known_if_redirected e8332) v4 -- ?+0 0x7f91803021b0 con 0x7f9180158010
2015-01-02 14:22:43.680022 7f91ee7fc700 2 RGWDataChangesLog::ChangesRenewThread: start
2015-01-02 14:22:43.681161 7f91f67d0700 1 -- 172.16.30.1:0/3227803 <== osd.271 172.16.30.9:6835/78794 5 ==== osd_op_reply(774 gc.224 [call] v0'0 uv41 ondisk = 0) v6 ==== 173+0+11 (1908824873 0 1993775135) 0x7f8f100097e0 con 0x7f9180158010
2015-01-02 14:22:43.681361 7f91ed1ed700 1 -- 172.16.30.1:0/3227803 --> 172.16.30.9:6835/78794 -- osd_op(client.1565140.0:775 gc.224 [call lock.unlock] 32.87d368b6 ondisk+write+known_if_redirected e8332) v4 -- ?+0 0x7f91803021b0 con 0x7f9180158010
2015-01-02 14:22:43.697986 7f91f67d0700 1 -- 172.16.30.1:0/3227803 <== osd.271 172.16.30.9:6835/78794 6 ==== osd_op_reply(775 gc.224 [call] v8332'42 uv42 ondisk = 0) v6 ==== 173+0+0 (3896330558 0 0) 0x7f8f100097e0 con 0x7f9180158010
2015-01-02 14:22:43.698296 7f91ed1ed700 1 -- 172.16.30.1:0/3227803 --> 172.16.30.8:6940/2659201 -- osd_op(client.1565140.0:776 gc.225 [call lock.lock] 32.9da2cd69 ondisk+write+known_if_redirected e8332) v4 -- ?+0 0x7f9180306830 con 0x7f9180306480
2015-01-02 14:22:43.743302 7f91f67d0700 1 -- 172.16.30.1:0/3227803 <== osd.168 172.16.30.8:6940/2659201 1 ==== osd_op_reply(776 gc.225 [call] v8332'43 uv43 ondisk = 0) v6 ==== 173+0+0 (271557150 0 0) 0x7f8f64005590 con 0x7f9180306480
2015-01-02 14:22:43.743530 7f91ed1ed700 1 -- 172.16.30.1:0/3227803 --> 172.16.30.8:6940/2659201 -- osd_op(client.1565140.0:777 gc.225 [call rgw.gc_list] 32.9da2cd69 ack+read+known_if_redirected e8332) v4 -- ?+0 0x7f9180306830 con 0x7f9180306480
2015-01-02 14:22:43.751456 7f91f67d0700 1 -- 172.16.30.1:0/3227803 <== osd.168 172.16.30.8:6940/2659201 2 ==== osd_op_reply(777 gc.225 [call] v0'0 uv43 ondisk = 0) v6 ==== 173+0+11 (837934578 0 1993775135) 0x7f8f640071e0 con 0x7f9180306480
2015-01-02 14:22:43.751658 7f91ed1ed700 1 -- 172.16.30.1:0/3227803 --> 172.16.30.8:6940/2659201 -- osd_op(client.1565140.0:778 gc.225 [call lock.unlock] 32.9da2cd69 ondisk+write+known_if_redirected e8332) v4 -- ?+0 0x7f9180306830 con 0x7f9180306480
2015-01-02 14:22:43.773590 7f91f67d0700 1 -- 172.16.30.1:0/3227803 <== osd.168 172.16.30.8:6940/2659201 3 ==== osd_op_reply(778 gc.225 [call] v8332'44 uv44 ondisk = 0) v6 ==== 173+0+0 (1490974198 0 0) 0x7f8f640071e0 con 0x7f9180306480
2015-01-02 14:22:43.773778 7f91ed1ed700 1 -- 172.16.30.1:0/3227803 --> 172.16.30.7:7045/3612219 -- osd_op(client.1565140.0:779 gc.226 [call lock.lock] 32.b393ef78 ondisk+write+known_if_redirected e8332) v4 -- ?+0 0x7f9180306830 con 0x7f918021a010
2015-01-02 14:22:43.814156 7f91f67d0700 1 -- 172.16.30.1:0/3227803 <== osd.62 172.16.30.7:7045/3612219 4 ==== osd_op_reply(779 gc.226 [call] v8332'41 uv41 ondisk = 0) v6 ==== 173+0+0 (1089507068 0 0) 0x7f90c80050d0 con 0x7f918021a010
2015-01-02 14:22:43.814346 7f91ed1ed700 1 -- 172.16.30.1:0/3227803 --> 172.16.30.7:7045/3612219 -- osd_op(client.1565140.0:780 gc.226 [call rgw.gc_list] 32.b393ef78 ack+read+known_if_redirected e8332) v4 -- ?+0 0x7f9180306830 con 0x7f918021a010
2015-01-02 14:22:43.820298 7f91f67d0700 1 -- 172.16.30.1:0/3227803 <== osd.62 172.16.30.7:7045/3612219 5 ==== osd_op_reply(780 gc.226 [call] v0'0 uv41 ondisk = 0) v6 ==== 173+0+11 (1495054694 0 1993775135) 0x7f90c80050d0 con 0x7f918021a010
2015-01-02 14:22:43.820490 7f91ed1ed700 1 -- 172.16.30.1:0/3227803 --> 172.16.30.7:7045/3612219 -- osd_op(client.1565140.0:781 gc.226 [call lock.unlock] 32.b393ef78 ondisk+write+known_if_redirected e8332) v4 -- ?+0 0x7f9180306830 con 0x7f918021a010
2015-01-02 14:22:43.842755 7f91f67d0700 1 -- 172.16.30.1:0/3227803 <== osd.62 172.16.30.7:7045/3612219 6 ==== osd_op_reply(781 gc.226 [call] v8332'42 uv42 ondisk = 0) v6 ==== 173+0+0 (3236408177 0 0) 0x7f90c80050d0 con 0x7f918021a010
2015-01-02 14:22:43.842948 7f91ed1ed700 1 -- 172.16.30.1:0/3227803 --> 172.16.30.3:7065/3603586 -- osd_op(client.1565140.0:782 gc.227 [call lock.lock] 32.42f1bacb ondisk+write+known_if_redirected e8332) v4 -- ?+0 0x7f9180306830 con 0x7f9180010010
2015-01-02 14:22:43.879794 7f91f67d0700 1 -- 172.16.30.1:0/3227803 <== osd.670 172.16.30.3:7065/3603586 7 ==== osd_op_reply(782 gc.227 [call] v8332'43 uv43 ondisk = 0) v6 ==== 173+0+0 (1418407887 0 0) 0x7f8f88005270 con 0x7f9180010010
2015-01-02 14:22:43.879983 7f91ed1ed700 1 -- 172.16.30.1:0/3227803 --> 172.16.30.3:7065/3603586 -- osd_op(client.1565140.0:783 gc.227 [call rgw.gc_list] 32.42f1bacb ack+read+known_if_redirected e8332) v4 -- ?+0 0x7f9180306830 con 0x7f9180010010
2015-01-02 14:22:43.884601 7f91f67d0700 1 -- 172.16.30.1:0/3227803 <== osd.670 172.16.30.3:7065/3603586 8 ==== osd_op_reply(783 gc.227 [call] v0'0 uv43 ondisk = 0) v6 ==== 173+0+11 (1968525347 0 1993775135) 0x7f8f88005680 con 0x7f9180010010
2015-01-02 14:22:43.884803 7f91ed1ed700 1 -- 172.16.30.1:0/3227803 --> 172.16.30.3:7065/3603586 -- osd_op(client.1565140.0:784 gc.227 [call lock.unlock] 32.42f1bacb ondisk+write+known_if_redirected e8332) v4 -- ?+0 0x7f9180308da0 con 0x7f9180010010
2015-01-02 14:22:43.905174 7f91f67d0700 1 -- 172.16.30.1:0/3227803 <== osd.670 172.16.30.3:7065/3603586 9 ==== osd_op_reply(784 gc.227 [call] v8332'44 uv44 ondisk = 0) v6 ==== 173+0+0 (477820967 0 0) 0x7f8f88005290 con 0x7f9180010010
2015-01-02 14:22:43.905472 7f91ed1ed700 1 -- 172.16.30.1:0/3227803 --> 172.16.30.4:6980/3110938 -- osd_op(client.1565140.0:785 gc.228 [call lock.lock] 32.4a1e0003 ondisk+write+known_if_redirected e8332) v4 -- ?+0 0x7f918008b000 con 0x7f918030aa20
2015-01-02 14:22:43.957463 7f91f67d0700 1 -- 172.16.30.1:0/3227803 <== osd.711 172.16.30.4:6980/3110938 1 ==== osd_op_reply(785 gc.228 [call] v8332'41 uv41 ondisk = 0) v6 ==== 173+0+0 (922978379 0 0) 0x7f8f6c0052b0 con 0x7f918030aa20
2015-01-02 14:22:43.957719 7f91ed1ed700 1 -- 172.16.30.1:0/3227803 --> 172.16.30.4:6980/3110938 -- osd_op(client.1565140.0:786 gc.228 [call rgw.gc_list] 32.4a1e0003 ack+read+known_if_redirected e8332) v4 -- ?+0 0x7f918008b000 con 0x7f918030aa20
2015-01-02 14:22:43.965182 7f91f67d0700 1 -- 172.16.30.1:0/3227803 <== osd.711 172.16.30.4:6980/3110938 2 ==== osd_op_reply(786 gc.228 [call] v0'0 uv41 ondisk = 0) v6 ==== 173+0+11 (787464145 0 1993775135) 0x7f8f6c0052b0 con 0x7f918030aa20
2015-01-02 14:22:43.965387 7f91ed1ed700 1 -- 172.16.30.1:0/3227803 --> 172.16.30.4:6980/3110938 -- osd_op(client.1565140.0:787 gc.228 [call lock.unlock] 32.4a1e0003 ondisk+write+known_if_redirected e8332) v4 -- ?+0 0x7f918008b000 con 0x7f918030aa20
2015-01-02 14:22:43.989700 7f91f67d0700 1 -- 172.16.30.1:0/3227803 <== osd.711 172.16.30.4:6980/3110938 3 ==== osd_op_reply(787 gc.228 [call] v8332'42 uv42 ondisk = 0) v6 ==== 173+0+0 (3071585734 0 0) 0x7f8f6c0052b0 con 0x7f918030aa20
2015-01-02 14:22:43.989992 7f91ed1ed700 1 -- 172.16.30.1:0/3227803 --> 172.16.30.4:7015/3111519 -- osd_op(client.1565140.0:788 gc.229 [call lock.lock] 32.9aec13ac ondisk+write+known_if_redirected e8332) v4 -- ?+0 0x7f918030c9f0 con 0x7f918030c640
2015-01-02 14:22:44.039973 7f91f67d0700 1 -- 172.16.30.1:0/3227803 <== osd.699 172.16.30.4:7015/3111519 1 ==== osd_op_reply(788 gc.229 [call] v8332'43 uv43 ondisk = 0) v6 ==== 173+0+0 (753281354 0 0) 0x7f8f74005270 con 0x7f918030c640
2015-01-02 14:22:44.040200 7f91ed1ed700 1 -- 172.16.30.1:0/3227803 --> 172.16.30.4:7015/3111519 -- osd_op(client.1565140.0:789 gc.229 [call rgw.gc_list] 32.9aec13ac ack+read+known_if_redirected e8332) v4 -- ?+0 0x7f918030c9f0 con 0x7f918030c640
2015-01-02 14:22:44.049187 7f91f67d0700 1 -- 172.16.30.1:0/3227803 <== osd.699 172.16.30.4:7015/3111519 2 ==== osd_op_reply(789 gc.229 [call] v0'0 uv43 ondisk = 0) v6 ==== 173+0+11 (221796006 0 1993775135) 0x7f8f74005270 con 0x7f918030c640
2015-01-02 14:22:44.049352 7f91ed1ed700 1 -- 172.16.30.1:0/3227803 --> 172.16.30.4:7015/3111519 -- osd_op(client.1565140.0:790 gc.229 [call lock.unlock] 32.9aec13ac ondisk+write+known_if_redirected e8332) v4 -- ?+0 0x7f918030c9f0 con 0x7f918030c640
2015-01-02 14:22:44.073684 7f91f67d0700 1 -- 172.16.30.1:0/3227803 <== osd.699 172.16.30.4:7015/3111519 3 ==== osd_op_reply(790 gc.229 [call] v8332'44 uv44 ondisk = 0) v6 ==== 173+0+0 (1679294114 0 0) 0x7f8f74005270 con 0x7f918030c640
2015-01-02 14:22:44.073779 7f91ed1ed700 2 garbage collection: stop
2015-01-02 14:22:46.681089 7f91f6fd1700 1 -- 172.16.30.1:0/3227803 --> 172.16.30.12:7065/1401967 -- ping magic: 0 v1 -- ?+0 0x7f9134006fe0 con 0x1d94160
2015-01-02 14:22:46.681180 7f91f6fd1700 1 -- 172.16.30.1:0/3227803 --> 172.16.30.9:6910/79673 -- ping magic: 0 v1 -- ?+0 0x7f9134008460 con 0x1d9bc00
2015-01-02 14:22:46.681201 7f91f6fd1700 1 -- 172.16.30.1:0/3227803 --> 172.16.30.17:7040/106399 -- ping magic: 0 v1 -- ?+0 0x7f9134008160 con 0x1d9e2b0
2015-01-02 14:22:46.681217 7f91f6fd1700 1 -- 172.16.30.1:0/3227803 --> 172.16.30.3:6995/3602459 -- ping magic: 0 v1 -- ?+0 0x7f913400c7c0 con 0x1d9fff0
2015-01-02 14:22:46.681235 7f91f6fd1700 1 -- 172.16.30.1:0/3227803 --> 172.16.30.6:6850/546593 -- ping magic: 0 v1 -- ?+0 0x7f913400cdc0 con 0x1da1d00
2015-01-02 14:22:46.681253 7f91f6fd1700 1 -- 172.16.30.1:0/3227803 --> 172.16.30.5:6915/3332014 -- ping magic: 0 v1 -- ?+0 0x7f913400d0c0 con 0x1da3a10
2015-01-02 14:22:46.681315 7f91f6fd1700 1 -- 172.16.30.1:0/3227803 --> 172.16.30.13:6880/3096079 -- ping magic: 0 v1 -- ?+0 0x7f913400d3c0 con 0x1da5720
2015-01-02 14:22:46.681345 7f91f6fd1700 1 -- 172.16.30.1:0/3227803 --> 172.16.30.8:7105/2661906 -- ping magic: 0 v1 -- ?+0 0x7f9134006fe0 con 0x1da7430
2015-01-02 14:22:51.681602 7f91f6fd1700 1 -- 172.16.30.1:0/3227803 --> 172.16.30.12:7065/1401967 -- ping magic: 0 v1 -- ?+0 0x7f913400c7c0 con 0x1d94160
2015-01-02 14:22:51.681639 7f91f6fd1700 1 -- 172.16.30.1:0/3227803 --> 172.16.30.9:6910/79673 -- ping magic: 0 v1 -- ?+0 0x7f913400cdc0 con 0x1d9bc00
2015-01-02 14:22:51.681654 7f91f6fd1700 1 -- 172.16.30.1:0/3227803 --> 172.16.30.17:7040/106399 -- ping magic: 0 v1 -- ?+0 0x7f913400d0c0 con 0x1d9e2b0
2015-01-02 14:22:51.681668 7f91f6fd1700 1 -- 172.16.30.1:0/3227803 --> 172.16.30.3:6995/3602459 -- ping magic: 0 v1 -- ?+0 0x7f913400d640 con 0x1d9fff0
2015-01-02 14:22:51.681683 7f91f6fd1700 1 -- 172.16.30.1:0/3227803 --> 172.16.30.6:6850/546593 -- ping magic: 0 v1 -- ?+0 0x7f913400d940 con 0x1da1d00
2015-01-02 14:22:51.681697 7f91f6fd1700 1 -- 172.16.30.1:0/3227803 --> 172.16.30.5:6915/3332014 -- ping magic: 0 v1 -- ?+0 0x7f913400dc40 con 0x1da3a10
2015-01-02 14:22:51.681735 7f91f6fd1700 1 -- 172.16.30.1:0/3227803 --> 172.16.30.13:6880/3096079 -- ping magic: 0 v1 -- ?+0 0x7f9134008760 con 0x1da5720
2015-01-02 14:22:51.681762 7f91f6fd1700 1 -- 172.16.30.1:0/3227803 --> 172.16.30.8:7105/2661906 -- ping magic: 0 v1 -- ?+0 0x7f9134008990 con 0x1da7430
2015-01-02 14:22:53.637627 7f8e827dc700 20 enqueued request req=0x7f8f4801b870
2015-01-02 14:22:53.637659 7f8e827dc700 20 RGWWQ:
2015-01-02 14:22:53.637663 7f8e827dc700 20 req: 0x7f8f4801b870
2015-01-02 14:22:53.637675 7f8e827dc700 10 allocated request req=0x7f8f4801c270
2015-01-02 14:22:53.637724 7f8e7ffd7700 20 dequeued request req=0x7f8f4801b870
2015-01-02 14:22:53.637740 7f8e7ffd7700 20 RGWWQ: empty
2015-01-02 14:22:53.637856 7f8e7ffd7700 20 CONTENT_LENGTH=0
2015-01-02 14:22:53.637869 7f8e7ffd7700 20 CONTEXT_DOCUMENT_ROOT=/var/www
2015-01-02 14:22:53.637871 7f8e7ffd7700 20 CONTEXT_PREFIX=
2015-01-02 14:22:53.637873 7f8e7ffd7700 20 DOCUMENT_ROOT=/var/www
2015-01-02 14:22:53.637874 7f8e7ffd7700 20 FCGI_ROLE=RESPONDER
2015-01-02 14:22:53.637876 7f8e7ffd7700 20 GATEWAY_INTERFACE=CGI/1.1
2015-01-02 14:22:53.637877 7f8e7ffd7700 20 HTTP_ACCEPT_ENCODING=identity
2015-01-02 14:22:53.637879 7f8e7ffd7700 20 HTTP_AUTHORIZATION=AWS IC9B3TY1O2YBGVBETSRL:/lt61d/ztAyp8AA3jdX42fHi+M0=
