2015-01-02 14:22:53.912430 7f8e7ffd7700 10 RGWRados::cls_bucket_list: got _multipart_e71963df-a9a5-489f-bcbe-34c8aaae2303.bam.2/zY9DYe-Qik1haSKQIoWIv8ebeQbH_CX.meta
2015-01-02 14:22:53.912433 7f8e7ffd7700 10 RGWRados::cls_bucket_list: got _multipart_e71963df-a9a5-489f-bcbe-34c8aaae2303.bam.2/zaFsLgRhpT9QRlCckwQyChCHQsLZcBp.meta
2015-01-02 14:22:53.912436 7f8e7ffd7700 10 RGWRados::cls_bucket_list: got _multipart_e7b8b6cb-7da3-4ca1-ab88-156e31796882.bam.2/-ZaK2Vct0nNi8bpsIlTg8HG_tjkRZ3C.meta
2015-01-02 14:22:53.912439 7f8e7ffd7700 10 RGWRados::cls_bucket_list: got _multipart_e7b8b6cb-7da3-4ca1-ab88-156e31796882.bam.2/8BFdBdRJyVX5_tvy4nF81ydBf9nwQDe.meta
2015-01-02 14:22:53.912441 7f8e7ffd7700 10 RGWRados::cls_bucket_list: got _multipart_e7b8b6cb-7da3-4ca1-ab88-156e31796882.bam.2/ENaXCJ9vRpU8m_pSq0q0PVxDgw4-Cfy.meta
2015-01-02 14:22:53.912444 7f8e7ffd7700 10 RGWRados::cls_bucket_list: got _multipart_e7b8b6cb-7da3-4ca1-ab88-156e31796882.bam.2/Pc0EDHqfS6XiWe82_YYzpdVhHcL2R0-.meta
2015-01-02 14:22:53.912447 7f8e7ffd7700 10 RGWRados::cls_bucket_list: got _multipart_e7b8b6cb-7da3-4ca1-ab88-156e31796882.bam.2/StBhE75UMmSSQ08Qb-1BSC54BYp2Hts.meta
2015-01-02 14:22:53.912450 7f8e7ffd7700 10 RGWRados::cls_bucket_list: got _multipart_e7b8b6cb-7da3-4ca1-ab88-156e31796882.bam.2/ed_fw8_xyp1recXSa1c5anJ8KdzRaNj.meta
2015-01-02 14:22:53.912453 7f8e7ffd7700 10 RGWRados::cls_bucket_list: got _multipart_e7b8b6cb-7da3-4ca1-ab88-156e31796882.bam.2/igZNtjg9r9G9ZyUyqUB3T9WK6f2cVNt.meta
2015-01-02 14:22:53.912456 7f8e7ffd7700 10 RGWRados::cls_bucket_list: got _multipart_e85b2870-7564-4782-b515-862a7ef585ed.bam.2/NCgt8vUNQjDzudODBHYlB3eNEy0Dvaq.10
2015-01-02 14:22:53.912459 7f8e7ffd7700 10 RGWRados::cls_bucket_list: got _multipart_e85b2870-7564-4782-b515-862a7ef585ed.bam.2/NCgt8vUNQjDzudODBHYlB3eNEy0Dvaq.20
2015-01-02 14:22:53.912462 7f8e7ffd7700 10 RGWRados::cls_bucket_list: got _multipart_e85b2870-7564-4782-b515-862a7ef585ed.bam.2/NCgt8vUNQjDzudODBHYlB3eNEy0Dvaq.21
2015-01-02 14:22:53.912465 7f8e7ffd7700 10 RGWRados::cls_bucket_list: got _multipart_e85b2870-7564-4782-b515-862a7ef585ed.bam.2/NCgt8vUNQjDzudODBHYlB3eNEy0Dvaq.22
2015-01-02 14:22:53.912469 7f8e7ffd7700 10 RGWRados::cls_bucket_list: got _multipart_e85b2870-7564-4782-b515-862a7ef585ed.bam.2/NCgt8vUNQjDzudODBHYlB3eNEy0Dvaq.23
2015-01-02 14:22:53.912472 7f8e7ffd7700 10 RGWRados::cls_bucket_list: got _multipart_e85b2870-7564-4782-b515-862a7ef585ed.bam.2/NCgt8vUNQjDzudODBHYlB3eNEy0Dvaq.24
2015-01-02 14:22:53.912475 7f8e7ffd7700 10 RGWRados::cls_bucket_list: got _multipart_e85b2870-7564-4782-b515-862a7ef585ed.bam.2/NCgt8vUNQjDzudODBHYlB3eNEy0Dvaq.25
2015-01-02 14:22:53.912478 7f8e7ffd7700 10 RGWRados::cls_bucket_list: got _multipart_e85b2870-7564-4782-b515-862a7ef585ed.bam.2/NCgt8vUNQjDzudODBHYlB3eNEy0Dvaq.26
2015-01-02 14:22:53.912481 7f8e7ffd7700 10 RGWRados::cls_bucket_list: got _multipart_e85b2870-7564-4782-b515-862a7ef585ed.bam.2/NCgt8vUNQjDzudODBHYlB3eNEy0Dvaq.27
2015-01-02 14:22:53.912484 7f8e7ffd7700 10 RGWRados::cls_bucket_list: got _multipart_e85b2870-7564-4782-b515-862a7ef585ed.bam.2/NCgt8vUNQjDzudODBHYlB3eNEy0Dvaq.28
2015-01-02 14:22:53.912487 7f8e7ffd7700 10 RGWRados::cls_bucket_list: got _multipart_e85b2870-7564-4782-b515-862a7ef585ed.bam.2/NCgt8vUNQjDzudODBHYlB3eNEy0Dvaq.29
2015-01-02 14:22:53.912490 7f8e7ffd7700 10 RGWRados::cls_bucket_list: got _multipart_e85b2870-7564-4782-b515-862a7ef585ed.bam.2/NCgt8vUNQjDzudODBHYlB3eNEy0Dvaq.8
2015-01-02 14:22:53.912493 7f8e7ffd7700 10 RGWRados::cls_bucket_list: got _multipart_e85b2870-7564-4782-b515-862a7ef585ed.bam.2/NCgt8vUNQjDzudODBHYlB3eNEy0Dvaq.9
2015-01-02 14:22:53.912496 7f8e7ffd7700 10 RGWRados::cls_bucket_list: got _multipart_e85b2870-7564-4782-b515-862a7ef585ed.bam.2/NCgt8vUNQjDzudODBHYlB3eNEy0Dvaq.meta
2015-01-02 14:22:53.912500 7f8e7ffd7700 10 RGWRados::cls_bucket_list: got _multipart_e8bd3e0d-7037-47ee-9479-42103e1f3bdd.bam.2/6NWn-d2-rODRsU5UQvJjA9h7ldP5ukL.meta
2015-01-02 14:22:53.912503 7f8e7ffd7700 10 RGWRados::cls_bucket_list: got _multipart_e8bd3e0d-7037-47ee-9479-42103e1f3bdd.bam.bai.2/qa8uvwjSuJHanLkD3qeAnlsi5NG0Iu7.meta
2015-01-02 14:22:53.912506 7f8e7ffd7700 10 RGWRados::cls_bucket_list: got _multipart_f29d5968-ec5f-4d08-a6ab-78a6f7c2d4a5.bam.zIfQYcy2_WfOJPGSyZGGJmi7sDQxxcG.10
2015-01-02 14:22:53.912509 7f8e7ffd7700 10 RGWRados::cls_bucket_list: got _multipart_f948fcf4-e2b6-4660-9c0b-981b9f3c2013.bam.bai.2/mrKDpGwXnDjEK-Y-nTklDarS0avLO0j.1
2015-01-02 14:22:53.912512 7f8e7ffd7700 10 RGWRados::cls_bucket_list: got _multipart_f98d1a54-8e0b-41a9-8279-e28039bbd3cc.bam.2/UpztBbj2gUT9Pec1m7CbqOLCPLvszGr.meta
2015-01-02 14:22:53.912516 7f8e7ffd7700 10 RGWRados::cls_bucket_list: got _multipart_ff258e70-4a00-45b4-bda9-9134b05c0319.bam.2/3jihhPvO6ZFC6rDtBleZG7jUy3r7pdD.meta
2015-01-02 14:22:53.912518 7f8e7ffd7700 10 RGWRados::cls_bucket_list: got _multipart_ff258e70-4a00-45b4-bda9-9134b05c0319.bam.bai.2/AAcluB2ybacuYM7Wkk-hwc07KslkHGW.meta
2015-01-02 14:22:53.912521 7f8e7ffd7700 10 RGWRados::cls_bucket_list: got _multipart_ff258e70-4a00-45b4-bda9-9134b05c0319.bam.bai.2/IFi3tpuymzRajPHLXjKWTyHAxA9tJGi.meta
2015-01-02 14:22:53.912525 7f8e7ffd7700 10 RGWRados::cls_bucket_list: got _multipart_ff258e70-4a00-45b4-bda9-9134b05c0319.bam.bai.2/ItuFBewOYokJO1dqZgIBJw_7WZm2-t2.meta
2015-01-02 14:22:53.912528 7f8e7ffd7700 10 RGWRados::cls_bucket_list: got _multipart_ff258e70-4a00-45b4-bda9-9134b05c0319.bam.bai.2/UK57LQB2BgMaXXQ8RLLhLg5KjkMtgoy.meta
2015-01-02 14:22:53.912531 7f8e7ffd7700 10 RGWRados::cls_bucket_list: got _multipart_ff258e70-4a00-45b4-bda9-9134b05c0319.bam.bai.2/jKX8Ondy4K6Ysh-yIt8W6aDktxJ8iVn.meta
2015-01-02 14:22:53.915817 7f8e7ffd7700 2 req 1:0.277901:s3:GET /cghub-tcga/:list_bucket_multiparts:http status=200
2015-01-02 14:22:53.915943 7f8e7ffd7700 1 ====== req done req=0x7f8f4801b870 http_status=200 ======
2015-01-02 14:22:56.682028 7f91f6fd1700 1 -- 172.16.30.1:0/3227803 --> 172.16.30.12:7065/1401967 -- ping magic: 0 v1 -- ?+0 0x7f913400c7c0 con 0x1d94160
2015-01-02 14:22:56.682074 7f91f6fd1700 1 -- 172.16.30.1:0/3227803 --> 172.16.30.9:6910/79673 -- ping magic: 0 v1 -- ?+0 0x7f913400cdc0 con 0x1d9bc00
2015-01-02 14:22:56.682092 7f91f6fd1700 1 -- 172.16.30.1:0/3227803 --> 172.16.30.17:7040/106399 -- ping magic: 0 v1 -- ?+0 0x7f913400d940 con 0x1d9e2b0
2015-01-02 14:22:56.682107 7f91f6fd1700 1 -- 172.16.30.1:0/3227803 --> 172.16.30.3:6995/3602459 -- ping magic: 0 v1 -- ?+0 0x7f9134008760 con 0x1d9fff0
2015-01-02 14:22:56.682126 7f91f6fd1700 1 -- 172.16.30.1:0/3227803 --> 172.16.30.6:6850/546593 -- ping magic: 0 v1 -- ?+0 0x7f9134008c90 con 0x1da1d00
2015-01-02 14:22:56.682152 7f91f6fd1700 1 -- 172.16.30.1:0/3227803 --> 172.16.30.5:6915/3332014 -- ping magic: 0 v1 -- ?+0 0x7f9134008f90 con 0x1da3a10
2015-01-02 14:22:56.682192 7f91f6fd1700 1 -- 172.16.30.1:0/3227803 --> 172.16.30.13:6880/3096079 -- ping magic: 0 v1 -- ?+0 0x7f9134009290 con 0x1da5720
2015-01-02 14:22:56.682218 7f91f6fd1700 1 -- 172.16.30.1:0/3227803 --> 172.16.30.8:7105/2661906 -- ping magic: 0 v1 -- ?+0 0x7f9134009590 con 0x1da7430
2015-01-02 14:22:59.713772 7f8e827dc700 20 enqueued request req=0x7f8f4801c270
2015-01-02 14:22:59.713806 7f8e827dc700 20 RGWWQ:
2015-01-02 14:22:59.713811 7f8e827dc700 20 req: 0x7f8f4801c270
2015-01-02 14:22:59.713823 7f8e827dc700 10 allocated request req=0x7f8f4801c850
2015-01-02 14:22:59.713864 7f8e7ffd7700 20 dequeued request req=0x7f8f4801c270
2015-01-02 14:22:59.714042 7f8e7ffd7700 20 RGWWQ: empty
2015-01-02 14:22:59.714137 7f8e7ffd7700 20 CONTENT_LENGTH=0
2015-01-02 14:22:59.714145 7f8e7ffd7700 20 CONTEXT_DOCUMENT_ROOT=/var/www
2015-01-02 14:22:59.714147 7f8e7ffd7700 20 CONTEXT_PREFIX=
2015-01-02 14:22:59.714162 7f8e7ffd7700 20 DOCUMENT_ROOT=/var/www
2015-01-02 14:22:59.714164 7f8e7ffd7700 20 FCGI_ROLE=RESPONDER
2015-01-02 14:22:59.714166 7f8e7ffd7700 20 GATEWAY_INTERFACE=CGI/1.1
2015-01-02 14:22:59.714168 7f8e7ffd7700 20 HTTP_ACCEPT_ENCODING=identity
2015-01-02 14:22:59.714169 7f8e7ffd7700 20 HTTP_AUTHORIZATION=AWS IC9B3TY1O2YBGVBETSRL:ZMj/nAK/vK8s65AtX/yJKHaIFIw=
2015-01-02 14:22:59.714171 7f8e7ffd7700 20 HTTP_DATE=Fri, 02 Jan 2015 14:22:59 GMT
2015-01-02 14:22:59.714173 7f8e7ffd7700 20 HTTP_HOST=172.16.80.2
2015-01-02 14:22:59.714175 7f8e7ffd7700 20 HTTP_USER_AGENT=Boto/2.34.0 Python/2.7.6 Linux/3.13.0-24-generic
2015-01-02 14:22:59.714176 7f8e7ffd7700 20 PATH=/usr/local/sbin:/usr/local/bin:/usr/sbin:/usr/bin:/sbin:/bin
2015-01-02 14:22:59.714178 7f8e7ffd7700 20 QUERY_STRING=page=cghub-tcga¶ms=/140a474a-8b92-48a5-b1ee-81e49782bc9c.bam&uploadId=2/wqyeeHIFmBa5o3CEyKF0GRqwQpmDQ1M
2015-01-02 14:22:59.714183 7f8e7ffd7700 20 REMOTE_ADDR=172.16.2.206
2015-01-02 14:22:59.714184 7f8e7ffd7700 20 REMOTE_PORT=34550
2015-01-02 14:22:59.714186 7f8e7ffd7700 20 REQUEST_METHOD=DELETE
2015-01-02 14:22:59.714188 7f8e7ffd7700 20 REQUEST_SCHEME=http
2015-01-02 14:22:59.714189 7f8e7ffd7700 20 REQUEST_URI=/cghub-tcga/140a474a-8b92-48a5-b1ee-81e49782bc9c.bam?uploadId=2/wqyeeHIFmBa5o3CEyKF0GRqwQpmDQ1M
2015-01-02 14:22:59.714191 7f8e7ffd7700 20 SCRIPT_FILENAME=/var/www/s3gw.fcgi
2015-01-02 14:22:59.714193 7f8e7ffd7700 20 SCRIPT_NAME=/cghub-tcga/140a474a-8b92-48a5-b1ee-81e49782bc9c.bam
2015-01-02 14:22:59.714194 7f8e7ffd7700 20 SCRIPT_URI=http://172.16.80.2/cghub-tcga/140a474a-8b92-48a5-b1ee-81e49782bc9c.bam
2015-01-02 14:22:59.714197 7f8e7ffd7700 20 SCRIPT_URL=/cghub-tcga/140a474a-8b92-48a5-b1ee-81e49782bc9c.bam
2015-01-02 14:22:59.714198 7f8e7ffd7700 20 SERVER_ADDR=172.16.80.2
2015-01-02 14:22:59.714200 7f8e7ffd7700 20 SERVER_ADMIN=foo@bar.com@phx-r1-head1
2015-01-02 14:22:59.714202 7f8e7ffd7700 20 SERVER_NAME=172.16.80.2
2015-01-02 14:22:59.714203 7f8e7ffd7700 20 SERVER_PORT=80
2015-01-02 14:22:59.714205 7f8e7ffd7700 20 SERVER_PROTOCOL=HTTP/1.1
2015-01-02 14:22:59.714206 7f8e7ffd7700 20 SERVER_SIGNATURE=
Apache/2.4.7 (Ubuntu) Server at 172.16.80.2 Port 80
2015-01-02 14:22:59.714208 7f8e7ffd7700 20 SERVER_SOFTWARE=Apache/2.4.7 (Ubuntu)
2015-01-02 14:22:59.714211 7f8e7ffd7700 1 ====== starting new request req=0x7f8f4801c270 =====
2015-01-02 14:22:59.714237 7f8e7ffd7700 2 req 2:0.000026::DELETE /cghub-tcga/140a474a-8b92-48a5-b1ee-81e49782bc9c.bam::initializing
2015-01-02 14:22:59.714314 7f8e7ffd7700 10 s->object=140a474a-8b92-48a5-b1ee-81e49782bc9c.bam s->bucket=cghub-tcga
2015-01-02 14:22:59.714325 7f8e7ffd7700 2 req 2:0.000114:s3:DELETE /cghub-tcga/140a474a-8b92-48a5-b1ee-81e49782bc9c.bam::getting op
2015-01-02 14:22:59.714334 7f8e7ffd7700 2 req 2:0.000123:s3:DELETE /cghub-tcga/140a474a-8b92-48a5-b1ee-81e49782bc9c.bam:abort_multipart:authorizing
2015-01-02 14:22:59.714395 7f8e7ffd7700 10 get_canon_resource(): dest=/cghub-tcga/140a474a-8b92-48a5-b1ee-81e49782bc9c.bam?uploadId=2/wqyeeHIFmBa5o3CEyKF0GRqwQpmDQ1M
2015-01-02 14:22:59.714401 7f8e7ffd7700 10 auth_hdr: DELETE Fri, 02 Jan 2015 14:22:59 GMT /cghub-tcga/140a474a-8b92-48a5-b1ee-81e49782bc9c.bam?uploadId=2/wqyeeHIFmBa5o3CEyKF0GRqwQpmDQ1M
2015-01-02 14:22:59.714524 7f8e7ffd7700 15 calculated digest=ZMj/nAK/vK8s65AtX/yJKHaIFIw=
2015-01-02 14:22:59.714529 7f8e7ffd7700 15 auth_sign=ZMj/nAK/vK8s65AtX/yJKHaIFIw=
2015-01-02 14:22:59.714531 7f8e7ffd7700 15 compare=0
2015-01-02 14:22:59.714536 7f8e7ffd7700 2 req 2:0.000326:s3:DELETE /cghub-tcga/140a474a-8b92-48a5-b1ee-81e49782bc9c.bam:abort_multipart:reading permissions
2015-01-02 14:22:59.714586 7f8e7ffd7700 15 Read AccessControlPolicycghubcghubcghubcghubFULL_CONTROL
2015-01-02 14:22:59.714601 7f8e7ffd7700 2 req 2:0.000391:s3:DELETE /cghub-tcga/140a474a-8b92-48a5-b1ee-81e49782bc9c.bam:abort_multipart:init op
2015-01-02 14:22:59.714609 7f8e7ffd7700 2 req 2:0.000398:s3:DELETE /cghub-tcga/140a474a-8b92-48a5-b1ee-81e49782bc9c.bam:abort_multipart:verifying op mask
2015-01-02 14:22:59.714613 7f8e7ffd7700 20 required_mask= 4 user.op_mask=7
2015-01-02 14:22:59.714614 7f8e7ffd7700 2 req 2:0.000404:s3:DELETE /cghub-tcga/140a474a-8b92-48a5-b1ee-81e49782bc9c.bam:abort_multipart:verifying op permissions
2015-01-02 14:22:59.714619 7f8e7ffd7700 5 Searching permissions for uid=cghub mask=50
2015-01-02 14:22:59.714622 7f8e7ffd7700 5 Found permission: 15
2015-01-02 14:22:59.714626 7f8e7ffd7700 5 Searching permissions for group=1 mask=50
2015-01-02 14:22:59.714629 7f8e7ffd7700 5 Permissions for group not found
2015-01-02 14:22:59.714631 7f8e7ffd7700 5 Searching permissions for group=2 mask=50
2015-01-02 14:22:59.714633 7f8e7ffd7700 5 Permissions for group not found
2015-01-02 14:22:59.714635 7f8e7ffd7700 5 Getting permissions id=cghub owner=cghub perm=2
2015-01-02 14:22:59.714638 7f8e7ffd7700 10 uid=cghub requested perm (type)=2, policy perm=2, user_perm_mask=2, acl perm=2
2015-01-02 14:22:59.714641 7f8e7ffd7700 2 req 2:0.000431:s3:DELETE /cghub-tcga/140a474a-8b92-48a5-b1ee-81e49782bc9c.bam:abort_multipart:verifying op params
2015-01-02 14:22:59.714645 7f8e7ffd7700 2 req 2:0.000435:s3:DELETE /cghub-tcga/140a474a-8b92-48a5-b1ee-81e49782bc9c.bam:abort_multipart:executing
2015-01-02 14:22:59.714692 7f8e7ffd7700 20 get_obj_state: rctx=0x7f8e7ffd61d0 obj=cghub-tcga:_multipart_140a474a-8b92-48a5-b1ee-81e49782bc9c.bam.2/wqyeeHIFmBa5o3CEyKF0GRqwQpmDQ1M.meta state=0x7f8f5c015968 s->prefetch_data=0
2015-01-02 14:22:59.714968 7f8e7ffd7700 1 -- 172.16.30.1:0/3227803 --> 172.16.30.13:6845/3095708 -- osd_op(client.1565140.0:801 us-phx.1453348.1__multipart_140a474a-8b92-48a5-b1ee-81e49782bc9c.bam.2/wqyeeHIFmBa5o3CEyKF0GRqwQpmDQ1M.meta [getxattrs,stat] 27.1d8c2439 ack+read+known_if_redirected e8332) v4 -- ?+0 0x7f8f5c081e80 con 0x7f8f5c0939c0
2015-01-02 14:22:59.727102 7f91f67d0700 1 -- 172.16.30.1:0/3227803 <== osd.555 172.16.30.13:6845/3095708 1 ==== osd_op_reply(801 us-phx.1453348.1__multipart_140a474a-8b92-48a5-b1ee-81e49782bc9c.bam.2/wqyeeHIFmBa5o3CEyKF0GRqwQpmDQ1M.meta [getxattrs,stat] v0'0 uv2465 ondisk = 0) v6 ==== 316+0+167 (1065398295 0 564617439) 0x7f8fa8007180 con 0x7f8f5c0939c0
2015-01-02 14:22:59.727279 7f8e7ffd7700 20 get_obj_state: s->obj_tag was set empty
2015-01-02 14:22:59.727303 7f8e7ffd7700 20 Read xattr: user.rgw.acl
2015-01-02 14:22:59.727308 7f8e7ffd7700 20 Read xattr: user.rgw.idtag
2015-01-02 14:22:59.727310 7f8e7ffd7700 20 Read xattr: user.rgw.manifest
2015-01-02 14:22:59.727454 7f8e7ffd7700 1 -- 172.16.30.1:0/3227803 --> 172.16.30.13:6845/3095708 -- osd_op(client.1565140.0:802 us-phx.1453348.1__multipart_140a474a-8b92-48a5-b1ee-81e49782bc9c.bam.2/wqyeeHIFmBa5o3CEyKF0GRqwQpmDQ1M.meta [omap-get-vals 0~29] 27.1d8c2439 ack+read+known_if_redirected e8332) v4 -- ?+0 0x7f8f5c081e80 con 0x7f8f5c0939c0
2015-01-02 14:22:59.763870 7f91f67d0700 1 -- 172.16.30.1:0/3227803 <== osd.555 172.16.30.13:6845/3095708 2 ==== osd_op_reply(802 us-phx.1453348.1__multipart_140a474a-8b92-48a5-b1ee-81e49782bc9c.bam.2/wqyeeHIFmBa5o3CEyKF0GRqwQpmDQ1M.meta [omap-get-vals 0~29] v0'0 uv2465 ondisk = 0) v6 ==== 274+0+58594 (1137315716 0 504151349) 0x7f8fa8007c20 con 0x7f8f5c0939c0
2015-01-02 14:22:59.766951 7f8e7ffd7700 1 -- 172.16.30.1:0/3227803 --> 172.16.30.13:6845/3095708 -- osd_op(client.1565140.0:803 us-phx.1453348.1__multipart_140a474a-8b92-48a5-b1ee-81e49782bc9c.bam.2/wqyeeHIFmBa5o3CEyKF0GRqwQpmDQ1M.meta [omap-get-vals 0~16] 27.1d8c2439 ack+read+known_if_redirected e8332) v4 -- ?+0 0x7f8f5c081e80 con 0x7f8f5c0939c0
2015-01-02 14:22:59.792037 7f91f67d0700 1 -- 172.16.30.1:0/3227803 <== osd.555 172.16.30.13:6845/3095708 3 ==== osd_op_reply(803 us-phx.1453348.1__multipart_140a474a-8b92-48a5-b1ee-81e49782bc9c.bam.2/wqyeeHIFmBa5o3CEyKF0GRqwQpmDQ1M.meta [omap-get-vals 0~16] v0'0 uv2465 ondisk = 0) v6 ==== 274+0+58594 (4118450528 0 504151349) 0x7f8fa8007c20 con 0x7f8f5c0939c0
2015-01-02 14:22:59.796738 7f8e7ffd7700 20 get_obj_state: rctx=0x7f8e7ffd61d0 obj=cghub-tcga:_multipart_140a474a-8b92-48a5-b1ee-81e49782bc9c.bam.2/wqyeeHIFmBa5o3CEyKF0GRqwQpmDQ1M.1 state=0x7f8f5c01d3e8 s->prefetch_data=0
2015-01-02 14:22:59.796928 7f8e7ffd7700 1 -- 172.16.30.1:0/3227803 --> 172.16.30.7:7105/3613486 -- osd_op(client.1565140.0:804 us-phx.1453348.1__multipart_140a474a-8b92-48a5-b1ee-81e49782bc9c.bam.2/wqyeeHIFmBa5o3CEyKF0GRqwQpmDQ1M.1 [getxattrs,stat] 27.dd2ccbc0 ack+read+known_if_redirected e8332) v4 -- ?+0 0x7f8f5c081e80 con 0x7f8f5c08b510
2015-01-02 14:22:59.807535 7f91f67d0700 1 -- 172.16.30.1:0/3227803 <== osd.3 172.16.30.7:7105/3613486 1 ==== osd_op_reply(804 us-phx.1453348.1__multipart_140a474a-8b92-48a5-b1ee-81e49782bc9c.bam.2/wqyeeHIFmBa5o3CEyKF0GRqwQpmDQ1M.1 [getxattrs,stat] v0'0 uv0 ack = -2 ((2) No such file or directory)) v6 ==== 313+0+0 (1138249307 0 0) 0x7f8fb0005dd0 con 0x7f8f5c08b510
2015-01-02 14:22:59.807793 7f8e7ffd7700 20 prepare_atomic_for_write_impl: state is not atomic. state=0x7f8f5c01d3e8
2015-01-02 14:22:59.807824 7f8e7ffd7700 20 RGWDataChangesLog::add_entry() bucket.name=cghub-tcga now=2015-01-02 14:22:59.807824 cur_expiration=0.000000
2015-01-02 14:22:59.807859 7f8e7ffd7700 20 RGWDataChangesLog::add_entry() sending update with now=2015-01-02 14:22:59.807824 cur_expiration=2015-01-02 14:23:29.807824
2015-01-02 14:22:59.808054 7f8e7ffd7700 1 -- 172.16.30.1:0/3227803 --> 172.16.30.15:7105/3391722 -- osd_op(client.1565140.0:805 data_log.112 [call log.add] 35.f1e5afa4 ondisk+write+known_if_redirected e8332) v4 -- ?+0 0x7f8f5c081e80 con 0x7f8f5c0bb280
2015-01-02 14:22:59.854433 7f91f67d0700 1 -- 172.16.30.1:0/3227803 <== osd.303 172.16.30.15:7105/3391722 1 ==== osd_op_reply(805 data_log.112 [call] v8332'897 uv897 ondisk = 0) v6 ==== 179+0+0 (3174087509 0 0) 0x7f8fb8007180 con 0x7f8f5c0bb280
2015-01-02 14:22:59.854716 7f8e7ffd7700 1 -- 172.16.30.1:0/3227803 --> 172.16.30.15:6960/3389118 -- osd_op(client.1565140.0:806 .dir.us-phx.1453348.1 [call rgw.bucket_prepare_op] 33.2acd6d1e ondisk+write+known_if_redirected e8332) v4 -- ?+0 0x7f8f5c081e80 con 0x7f9180030010
2015-01-02 14:22:59.904242 7f91f67d0700 1 -- 172.16.30.1:0/3227803 <== osd.449 172.16.30.15:6960/3389118 12 ==== osd_op_reply(806 .dir.us-phx.1453348.1 [call] v8332'653835 uv653835 ondisk = 0) v6 ==== 188+0+0 (620010893 0 0) 0x7f8fd80051e0 con 0x7f9180030010
2015-01-02 14:22:59.904444 7f8e7ffd7700 1 -- 172.16.30.1:0/3227803 --> 172.16.30.7:7105/3613486 -- osd_op(client.1565140.0:807 us-phx.1453348.1__multipart_140a474a-8b92-48a5-b1ee-81e49782bc9c.bam.2/wqyeeHIFmBa5o3CEyKF0GRqwQpmDQ1M.1 [call refcount.put] 27.dd2ccbc0 ondisk+write+known_if_redirected e8332) v4 -- ?+0 0x7f8f5c081e80 con 0x7f8f5c08b510
2015-01-02 14:22:59.912740 7f91f67d0700 1 -- 172.16.30.1:0/3227803 <== osd.3 172.16.30.7:7105/3613486 2 ==== osd_op_reply(807 us-phx.1453348.1__multipart_140a474a-8b92-48a5-b1ee-81e49782bc9c.bam.2/wqyeeHIFmBa5o3CEyKF0GRqwQpmDQ1M.1 [call] v0'0 uv2080 ondisk = -2 ((2) No such file or directory)) v6 ==== 271+0+0 (317906444 0 0) 0x7f8fb0005dd0 con 0x7f8f5c08b510
2015-01-02 14:22:59.912990 7f8e7ffd7700 1 -- 172.16.30.1:0/3227803 --> 172.16.30.15:6960/3389118 -- osd_op(client.1565140.0:808 .dir.us-phx.1453348.1 [call rgw.bucket_complete_op] 33.2acd6d1e ack+ondisk+write+known_if_redirected e8332) v4 -- ?+0 0x7f8f5c081e80 con 0x7f9180030010
2015-01-02 14:22:59.913057 7f8e7ffd7700 20 RGWObjManifest::operator++(): rule->part_size=0 rules.size()=1
2015-01-02 14:22:59.913062 7f8e7ffd7700 0 RGWObjManifest::operator++(): result: ofs=4194304 stripe_ofs=4194304 part_ofs=0 rule->part_size=0
2015-01-02 14:22:59.913090 7f8e7ffd7700 20 get_obj_state: rctx=0x7f8e7ffd61d0 obj=cghub-tcga:_shadow_140a474a-8b92-48a5-b1ee-81e49782bc9c.bam.2/wqyeeHIFmBa5o3CEyKF0GRqwQpmDQ1M.1_1 state=0x7f8f5c011978 s->prefetch_data=0
2015-01-02 14:22:59.913277 7f8e7ffd7700 1 -- 172.16.30.1:0/3227803 --> 172.16.30.8:7005/2660174 -- osd_op(client.1565140.0:809 us-phx.1453348.1__shadow_140a474a-8b92-48a5-b1ee-81e49782bc9c.bam.2/wqyeeHIFmBa5o3CEyKF0GRqwQpmDQ1M.1_1 [getxattrs,stat] 27.5e2ee15d ack+read+known_if_redirected e8332) v4 -- ?+0 0x7f8f5c081e80 con 0x7f8f5c08d770
2015-01-02 14:22:59.924125 7f91f67d0700 1 -- 172.16.30.1:0/3227803 <== osd.103 172.16.30.8:7005/2660174 1 ==== osd_op_reply(809 us-phx.1453348.1__shadow_140a474a-8b92-48a5-b1ee-81e49782bc9c.bam.2/wqyeeHIFmBa5o3CEyKF0GRqwQpmDQ1M.1_1 [getxattrs,stat] v0'0 uv0 ack = -2 ((2) No such file or directory)) v6 ==== 312+0+0 (3420511785 0 0) 0x7f8fbc007180 con 0x7f8f5c08d770
2015-01-02 14:22:59.924294 7f8e7ffd7700 20 prepare_atomic_for_write_impl: state is not atomic. state=0x7f8f5c011978
2015-01-02 14:22:59.924321 7f8e7ffd7700 20 RGWDataChangesLog::add_entry() bucket.name=cghub-tcga now=2015-01-02 14:22:59.924321 cur_expiration=2015-01-02 14:23:29.807824
2015-01-02 14:22:59.924471 7f8e7ffd7700 1 -- 172.16.30.1:0/3227803 --> 172.16.30.15:6960/3389118 -- osd_op(client.1565140.0:810 .dir.us-phx.1453348.1 [call rgw.bucket_prepare_op] 33.2acd6d1e ondisk+write+known_if_redirected e8332) v4 -- ?+0 0x7f8f5c081e80 con 0x7f9180030010
2015-01-02 14:22:59.946093 7f91f67d0700 1 -- 172.16.30.1:0/3227803 <== osd.449 172.16.30.15:6960/3389118 13 ==== osd_op_reply(808 .dir.us-phx.1453348.1 [call] v8332'653836 uv653836 ondisk = 0) v6 ==== 188+0+0 (1706017139 0 0) 0x7f8fd80051e0 con 0x7f9180030010
2015-01-02 14:22:59.961178 7f91f67d0700 1 -- 172.16.30.1:0/3227803 <== osd.449 172.16.30.15:6960/3389118 14 ==== osd_op_reply(810 .dir.us-phx.1453348.1 [call] v8332'653837 uv653837 ondisk = 0) v6 ==== 188+0+0 (3460584869 0 0) 0x7f8fd80051e0 con 0x7f9180030010
2015-01-02 14:22:59.961381 7f8e7ffd7700 1 -- 172.16.30.1:0/3227803 --> 172.16.30.8:7005/2660174 -- osd_op(client.1565140.0:811 us-phx.1453348.1__shadow_140a474a-8b92-48a5-b1ee-81e49782bc9c.bam.2/wqyeeHIFmBa5o3CEyKF0GRqwQpmDQ1M.1_1 [call refcount.put] 27.5e2ee15d ondisk+write+known_if_redirected e8332) v4 -- ?+0 0x7f8f5c081e80 con 0x7f8f5c08d770
2015-01-02 14:22:59.969815 7f91f67d0700 1 -- 172.16.30.1:0/3227803 <== osd.103 172.16.30.8:7005/2660174 2 ==== osd_op_reply(811 us-phx.1453348.1__shadow_140a474a-8b92-48a5-b1ee-81e49782bc9c.bam.2/wqyeeHIFmBa5o3CEyKF0GRqwQpmDQ1M.1_1 [call] v0'0 uv2281 ondisk = -2 ((2) No such file or directory)) v6 ==== 270+0+0 (3805058668 0 0) 0x7f8fbc0078c0 con 0x7f8f5c08d770
2015-01-02 14:22:59.970035 7f8e7ffd7700 1 -- 172.16.30.1:0/3227803 --> 172.16.30.15:6960/3389118 -- osd_op(client.1565140.0:812 .dir.us-phx.1453348.1 [call rgw.bucket_complete_op] 33.2acd6d1e ack+ondisk+write+known_if_redirected e8332) v4 -- ?+0 0x7f8f5c081e80 con 0x7f9180030010
2015-01-02 14:22:59.970094 7f8e7ffd7700 20 RGWObjManifest::operator++(): rule->part_size=0 rules.size()=1
2015-01-02 14:22:59.970099 7f8e7ffd7700 0 RGWObjManifest::operator++(): result: ofs=8388608 stripe_ofs=8388608 part_ofs=0 rule->part_size=0
2015-01-02 14:22:59.970126 7f8e7ffd7700 20 get_obj_state: rctx=0x7f8e7ffd61d0 obj=cghub-tcga:_shadow_140a474a-8b92-48a5-b1ee-81e49782bc9c.bam.2/wqyeeHIFmBa5o3CEyKF0GRqwQpmDQ1M.1_2 state=0x7f8f5c0420d8 s->prefetch_data=0
2015-01-02 14:22:59.970278 7f8e7ffd7700 1 -- 172.16.30.1:0/3227803 --> 172.16.30.9:7030/81506 -- osd_op(client.1565140.0:813 us-phx.1453348.1__shadow_140a474a-8b92-48a5-b1ee-81e49782bc9c.bam.2/wqyeeHIFmBa5o3CEyKF0GRqwQpmDQ1M.1_2 [getxattrs,stat] 27.49c5a567 ack+read+known_if_redirected e8332) v4 -- ?+0 0x7f8f5c081e80 con 0x7f8f5c048620
2015-01-02 14:22:59.982223 7f91f67d0700 1 -- 172.16.30.1:0/3227803 <== osd.75 172.16.30.9:7030/81506 1 ==== osd_op_reply(813 us-phx.1453348.1__shadow_140a474a-8b92-48a5-b1ee-81e49782bc9c.bam.2/wqyeeHIFmBa5o3CEyKF0GRqwQpmDQ1M.1_2 [getxattrs,stat] v0'0 uv0 ack = -2 ((2) No such file or directory)) v6 ==== 312+0+0 (4287560679 0 0) 0x7f8fc4007180 con 0x7f8f5c048620
2015-01-02 14:22:59.982395 7f8e7ffd7700 20 prepare_atomic_for_write_impl: state is not atomic. state=0x7f8f5c0420d8
2015-01-02 14:22:59.982423 7f8e7ffd7700 20 RGWDataChangesLog::add_entry() bucket.name=cghub-tcga now=2015-01-02 14:22:59.982422 cur_expiration=2015-01-02 14:23:29.807824
2015-01-02 14:22:59.982555 7f8e7ffd7700 1 -- 172.16.30.1:0/3227803 --> 172.16.30.15:6960/3389118 -- osd_op(client.1565140.0:814 .dir.us-phx.1453348.1 [call rgw.bucket_prepare_op] 33.2acd6d1e ondisk+write+known_if_redirected e8332) v4 -- ?+0 0x7f8f5c081e80 con 0x7f9180030010
2015-01-02 14:23:00.002613 7f91f67d0700 1 -- 172.16.30.1:0/3227803 <== osd.449 172.16.30.15:6960/3389118 15 ==== osd_op_reply(812 .dir.us-phx.1453348.1 [call] v8332'653838 uv653838 ack = 0) v6 ==== 188+0+0 (1641638547 0 0) 0x7f8fd80051e0 con 0x7f9180030010
2015-01-02 14:23:00.002739 7f91f67d0700 1 -- 172.16.30.1:0/3227803 <== osd.449 172.16.30.15:6960/3389118 16 ==== osd_op_reply(812 .dir.us-phx.1453348.1 [call] v8332'653838 uv653838 ondisk = 0) v6 ==== 188+0+0 (3963154640 0 0) 0x7f8fd8005770 con 0x7f9180030010
2015-01-02 14:23:00.019890 7f91f67d0700 1 -- 172.16.30.1:0/3227803 <== osd.449 172.16.30.15:6960/3389118 17 ==== osd_op_reply(814 .dir.us-phx.1453348.1 [call] v8332'653839 uv653839 ondisk = 0) v6 ==== 188+0+0 (683743215 0 0) 0x7f8fd8005820 con 0x7f9180030010
2015-01-02 14:23:00.020080 7f8e7ffd7700 1 -- 172.16.30.1:0/3227803 --> 172.16.30.9:7030/81506 -- osd_op(client.1565140.0:815 us-phx.1453348.1__shadow_140a474a-8b92-48a5-b1ee-81e49782bc9c.bam.2/wqyeeHIFmBa5o3CEyKF0GRqwQpmDQ1M.1_2 [call refcount.put] 27.49c5a567 ondisk+write+known_if_redirected e8332) v4 -- ?+0 0x7f8f5c081e80 con 0x7f8f5c048620
2015-01-02 14:23:00.031821 7f91f67d0700 1 -- 172.16.30.1:0/3227803 <== osd.75 172.16.30.9:7030/81506 2 ==== osd_op_reply(815 us-phx.1453348.1__shadow_140a474a-8b92-48a5-b1ee-81e49782bc9c.bam.2/wqyeeHIFmBa5o3CEyKF0GRqwQpmDQ1M.1_2 [call] v0'0 uv2105 ondisk = -2 ((2) No such file or directory)) v6 ==== 270+0+0 (4191084955 0 0) 0x7f8fc40050d0 con 0x7f8f5c048620
2015-01-02 14:23:00.032041 7f8e7ffd7700 1 -- 172.16.30.1:0/3227803 --> 172.16.30.15:6960/3389118 -- osd_op(client.1565140.0:816 .dir.us-phx.1453348.1 [call rgw.bucket_complete_op] 33.2acd6d1e ack+ondisk+write+known_if_redirected e8332) v4 -- ?+0 0x7f8f5c081e80 con 0x7f9180030010
2015-01-02 14:23:00.032099 7f8e7ffd7700 20 RGWObjManifest::operator++(): rule->part_size=0 rules.size()=1
2015-01-02 14:23:00.032104 7f8e7ffd7700 0 RGWObjManifest::operator++(): result: ofs=12582912 stripe_ofs=12582912 part_ofs=0 rule->part_size=0
2015-01-02 14:23:00.032133 7f8e7ffd7700 20 get_obj_state: rctx=0x7f8e7ffd61d0 obj=cghub-tcga:_shadow_140a474a-8b92-48a5-b1ee-81e49782bc9c.bam.2/wqyeeHIFmBa5o3CEyKF0GRqwQpmDQ1M.1_3 state=0x7f8f5c0d3118 s->prefetch_data=0
2015-01-02 14:23:00.032189 7f8e7ffd7700 1 -- 172.16.30.1:0/3227803 --> 172.16.30.9:7030/81506 -- osd_op(client.1565140.0:817 us-phx.1453348.1__shadow_140a474a-8b92-48a5-b1ee-81e49782bc9c.bam.2/wqyeeHIFmBa5o3CEyKF0GRqwQpmDQ1M.1_3 [getxattrs,stat] 27.edf44bd0 ack+read+known_if_redirected e8332) v4 -- ?+0 0x7f8f5c099d30 con 0x7f8f5c048620
2015-01-02 14:23:00.036449 7f91f67d0700 1 -- 172.16.30.1:0/3227803 <== osd.75 172.16.30.9:7030/81506 3 ==== osd_op_reply(817 us-phx.1453348.1__shadow_140a474a-8b92-48a5-b1ee-81e49782bc9c.bam.2/wqyeeHIFmBa5o3CEyKF0GRqwQpmDQ1M.1_3 [getxattrs,stat] v0'0 uv0 ack = -2 ((2) No such file or directory)) v6 ==== 312+0+0 (1235628237 0 0) 0x7f8fc40050d0 con 0x7f8f5c048620
2015-01-02 14:23:00.036618 7f8e7ffd7700 20 prepare_atomic_for_write_impl: state is not atomic. state=0x7f8f5c0d3118
2015-01-02 14:23:00.036645 7f8e7ffd7700 20 RGWDataChangesLog::add_entry() bucket.name=cghub-tcga now=2015-01-02 14:23:00.036645 cur_expiration=2015-01-02 14:23:29.807824
2015-01-02 14:23:00.036784 7f8e7ffd7700 1 -- 172.16.30.1:0/3227803 --> 172.16.30.15:6960/3389118 -- osd_op(client.1565140.0:818 .dir.us-phx.1453348.1 [call rgw.bucket_prepare_op] 33.2acd6d1e ondisk+write+known_if_redirected e8332) v4 -- ?+0 0x7f8f5c081e80 con 0x7f9180030010
2015-01-02 14:23:00.076091 7f91f67d0700 1 -- 172.16.30.1:0/3227803 <== osd.449 172.16.30.15:6960/3389118 18 ==== osd_op_reply(816 .dir.us-phx.1453348.1 [call] v8332'653840 uv653840 ack = 0) v6 ==== 188+0+0 (4130609664 0 0) 0x7f8fd8008a90 con 0x7f9180030010
2015-01-02 14:23:00.076501 7f91f67d0700 1 -- 172.16.30.1:0/3227803 <== osd.449 172.16.30.15:6960/3389118 19 ==== osd_op_reply(816 .dir.us-phx.1453348.1 [call] v8332'653840 uv653840 ondisk = 0) v6 ==== 188+0+0 (2077589571 0 0) 0x7f8fd8005490 con 0x7f9180030010
2015-01-02 14:23:00.089799 7f91f67d0700 1 -- 172.16.30.1:0/3227803 <== osd.449 172.16.30.15:6960/3389118 20 ==== osd_op_reply(818 .dir.us-phx.1453348.1 [call] v8332'653841 uv653841 ondisk = 0) v6 ==== 188+0+0 (3207358332 0 0) 0x7f8fd8008910 con 0x7f9180030010
2015-01-02 14:23:00.089998 7f8e7ffd7700 1 -- 172.16.30.1:0/3227803 --> 172.16.30.9:7030/81506 -- osd_op(client.1565140.0:819 us-phx.1453348.1__shadow_140a474a-8b92-48a5-b1ee-81e49782bc9c.bam.2/wqyeeHIFmBa5o3CEyKF0GRqwQpmDQ1M.1_3 [call refcount.put] 27.edf44bd0 ondisk+write+known_if_redirected e8332) v4 -- ?+0 0x7f8f5c081e80 con 0x7f8f5c048620
2015-01-02 14:23:00.098981 7f91f67d0700 1 -- 172.16.30.1:0/3227803 <== osd.75 172.16.30.9:7030/81506 4 ==== osd_op_reply(819 us-phx.1453348.1__shadow_140a474a-8b92-48a5-b1ee-81e49782bc9c.bam.2/wqyeeHIFmBa5o3CEyKF0GRqwQpmDQ1M.1_3 [call] v0'0 uv2033 ondisk = -2 ((2) No such file or directory)) v6 ==== 270+0+0 (2490817655 0 0) 0x7f8fc40050d0 con 0x7f8f5c048620
2015-01-02 14:23:00.099203 7f8e7ffd7700 1 -- 172.16.30.1:0/3227803 --> 172.16.30.15:6960/3389118 -- osd_op(client.1565140.0:820 .dir.us-phx.1453348.1 [call rgw.bucket_complete_op] 33.2acd6d1e ack+ondisk+write+known_if_redirected e8332) v4 -- ?+0 0x7f8f5c081e80 con 0x7f9180030010
2015-01-02 14:23:00.099263 7f8e7ffd7700 20 RGWObjManifest::operator++(): rule->part_size=0 rules.size()=1
2015-01-02 14:23:00.099267 7f8e7ffd7700 0 RGWObjManifest::operator++(): result: ofs=16777216 stripe_ofs=16777216 part_ofs=0 rule->part_size=0
2015-01-02 14:23:00.099295 7f8e7ffd7700 20 get_obj_state: rctx=0x7f8e7ffd61d0 obj=cghub-tcga:_shadow_140a474a-8b92-48a5-b1ee-81e49782bc9c.bam.2/wqyeeHIFmBa5o3CEyKF0GRqwQpmDQ1M.1_4 state=0x7f8f5c0d3588 s->prefetch_data=0
2015-01-02 14:23:00.099444 7f8e7ffd7700 1 -- 172.16.30.1:0/3227803 --> 172.16.30.8:6850/2658159 -- osd_op(client.1565140.0:821 us-phx.1453348.1__shadow_140a474a-8b92-48a5-b1ee-81e49782bc9c.bam.2/wqyeeHIFmBa5o3CEyKF0GRqwQpmDQ1M.1_4 [getxattrs,stat] 27.dc22fb2 ack+read+known_if_redirected e8332) v4 -- ?+0 0x7f8f5c081e80 con 0x7f8f5c045d60
2015-01-02 14:23:00.108487 7f91f67d0700 1 -- 172.16.30.1:0/3227803 <== osd.258 172.16.30.8:6850/2658159 1 ==== osd_op_reply(821 us-phx.1453348.1__shadow_140a474a-8b92-48a5-b1ee-81e49782bc9c.bam.2/wqyeeHIFmBa5o3CEyKF0GRqwQpmDQ1M.1_4 [getxattrs,stat] v0'0 uv0 ack = -2 ((2) No such file or directory)) v6 ==== 312+0+0 (3246454610 0 0) 0x7f8fcc007180 con 0x7f8f5c045d60
2015-01-02 14:23:00.108654 7f8e7ffd7700 20 prepare_atomic_for_write_impl: state is not atomic. state=0x7f8f5c0d3588
2015-01-02 14:23:00.108681 7f8e7ffd7700 20 RGWDataChangesLog::add_entry() bucket.name=cghub-tcga now=2015-01-02 14:23:00.108681 cur_expiration=2015-01-02 14:23:29.807824
2015-01-02 14:23:00.108816 7f8e7ffd7700 1 -- 172.16.30.1:0/3227803 --> 172.16.30.15:6960/3389118 -- osd_op(client.1565140.0:822 .dir.us-phx.1453348.1 [call rgw.bucket_prepare_op] 33.2acd6d1e ondisk+write+known_if_redirected e8332) v4 -- ?+0 0x7f8f5c081e80 con 0x7f9180030010
2015-01-02 14:23:00.141294 7f91f67d0700 1 -- 172.16.30.1:0/3227803 <== osd.449 172.16.30.15:6960/3389118 21 ==== osd_op_reply(820 .dir.us-phx.1453348.1 [call] v8332'653842 uv653842 ondisk = 0) v6 ==== 188+0+0 (2639315465 0 0) 0x7f8fd80050d0 con 0x7f9180030010
2015-01-02 14:23:00.147955 7f91f67d0700 1 -- 172.16.30.1:0/3227803 <== osd.449 172.16.30.15:6960/3389118 22 ==== osd_op_reply(822 .dir.us-phx.1453348.1 [call] v8332'653843 uv653843 ondisk = 0) v6 ==== 188+0+0 (1504257334 0 0) 0x7f8fd80050d0 con 0x7f9180030010
2015-01-02 14:23:00.148154 7f8e7ffd7700 1 -- 172.16.30.1:0/3227803 --> 172.16.30.8:6850/2658159 -- osd_op(client.1565140.0:823 us-phx.1453348.1__shadow_140a474a-8b92-48a5-b1ee-81e49782bc9c.bam.2/wqyeeHIFmBa5o3CEyKF0GRqwQpmDQ1M.1_4 [call refcount.put] 27.dc22fb2 ondisk+write+known_if_redirected e8332) v4 -- ?+0 0x7f8f5c081e80 con 0x7f8f5c045d60
2015-01-02 14:23:00.160494 7f91f67d0700 1 -- 172.16.30.1:0/3227803 <== osd.258 172.16.30.8:6850/2658159 2 ==== osd_op_reply(823 us-phx.1453348.1__shadow_140a474a-8b92-48a5-b1ee-81e49782bc9c.bam.2/wqyeeHIFmBa5o3CEyKF0GRqwQpmDQ1M.1_4 [call] v0'0 uv2454 ondisk = -2 ((2) No such file or directory)) v6 ==== 270+0+0 (1397653119 0 0) 0x7f8fcc005100 con 0x7f8f5c045d60
2015-01-02 14:23:00.160717 7f8e7ffd7700 1 -- 172.16.30.1:0/3227803 --> 172.16.30.15:6960/3389118 -- osd_op(client.1565140.0:824 .dir.us-phx.1453348.1 [call rgw.bucket_complete_op] 33.2acd6d1e ack+ondisk+write+known_if_redirected e8332) v4 -- ?+0 0x7f8f5c081e80 con 0x7f9180030010
2015-01-02 14:23:00.160775 7f8e7ffd7700 20 RGWObjManifest::operator++(): rule->part_size=0 rules.size()=1
2015-01-02 14:23:00.160780 7f8e7ffd7700 0 RGWObjManifest::operator++(): result: ofs=20971520 stripe_ofs=20971520 part_ofs=0 rule->part_size=0
2015-01-02 14:23:00.160808 7f8e7ffd7700 20 get_obj_state: rctx=0x7f8e7ffd61d0 obj=cghub-tcga:_shadow_140a474a-8b92-48a5-b1ee-81e49782bc9c.bam.2/wqyeeHIFmBa5o3CEyKF0GRqwQpmDQ1M.1_5 state=0x7f8f5c0d39f8 s->prefetch_data=0
2015-01-02 14:23:00.160966 7f8e7ffd7700 1 -- 172.16.30.1:0/3227803 --> 172.16.30.9:6915/79714 -- osd_op(client.1565140.0:825 us-phx.1453348.1__shadow_140a474a-8b92-48a5-b1ee-81e49782bc9c.bam.2/wqyeeHIFmBa5o3CEyKF0GRqwQpmDQ1M.1_5 [getxattrs,stat] 27.c9be8857 ack+read+known_if_redirected e8332) v4 -- ?+0 0x7f8f5c081e80 con 0x7f8f5c059a20
2015-01-02 14:23:00.170377 7f91f67d0700 1 -- 172.16.30.1:0/3227803 <== osd.190 172.16.30.9:6915/79714 1 ==== osd_op_reply(825 us-phx.1453348.1__shadow_140a474a-8b92-48a5-b1ee-81e49782bc9c.bam.2/wqyeeHIFmBa5o3CEyKF0GRqwQpmDQ1M.1_5 [getxattrs,stat] v0'0 uv0 ack = -2 ((2) No such file or directory)) v6 ==== 312+0+0 (110526052 0 0) 0x7f8fd4007180 con 0x7f8f5c059a20
2015-01-02 14:23:00.170547 7f8e7ffd7700 20 prepare_atomic_for_write_impl: state is not atomic. state=0x7f8f5c0d39f8
2015-01-02 14:23:00.170575 7f8e7ffd7700 20 RGWDataChangesLog::add_entry() bucket.name=cghub-tcga now=2015-01-02 14:23:00.170574 cur_expiration=2015-01-02 14:23:29.807824
2015-01-02 14:23:00.170707 7f8e7ffd7700 1 -- 172.16.30.1:0/3227803 --> 172.16.30.15:6960/3389118 -- osd_op(client.1565140.0:826 .dir.us-phx.1453348.1 [call rgw.bucket_prepare_op] 33.2acd6d1e ondisk+write+known_if_redirected e8332) v4 -- ?+0 0x7f8f5c081e80 con 0x7f9180030010
2015-01-02 14:23:00.195473 7f91f67d0700 1 -- 172.16.30.1:0/3227803 <== osd.449 172.16.30.15:6960/3389118 23 ==== osd_op_reply(824 .dir.us-phx.1453348.1 [call] v8332'653844 uv653844 ack = 0) v6 ==== 188+0+0 (1054009445 0 0) 0x7f8fd8005440 con 0x7f9180030010
2015-01-02 14:23:00.196002 7f91f67d0700 1 -- 172.16.30.1:0/3227803 <== osd.449 172.16.30.15:6960/3389118 24 ==== osd_op_reply(824 .dir.us-phx.1453348.1 [call] v8332'653844 uv653844 ondisk = 0) v6 ==== 188+0+0 (3006493222 0 0) 0x7f8fd8005440 con 0x7f9180030010
2015-01-02 14:23:00.203536 7f91f67d0700 1 -- 172.16.30.1:0/3227803 <== osd.449 172.16.30.15:6960/3389118 25 ==== osd_op_reply(826 .dir.us-phx.1453348.1 [call] v8332'653845 uv653845 ondisk = 0) v6 ==== 188+0+0 (2009765145 0 0) 0x7f8fd8005440 con 0x7f9180030010
2015-01-02 14:23:00.203730 7f8e7ffd7700 1 -- 172.16.30.1:0/3227803 --> 172.16.30.9:6915/79714 -- osd_op(client.1565140.0:827 us-phx.1453348.1__shadow_140a474a-8b92-48a5-b1ee-81e49782bc9c.bam.2/wqyeeHIFmBa5o3CEyKF0GRqwQpmDQ1M.1_5 [call refcount.put] 27.c9be8857 ondisk+write+known_if_redirected e8332) v4 -- ?+0 0x7f8f5c081e80 con 0x7f8f5c059a20
2015-01-02 14:23:00.218034 7f91f67d0700 1 -- 172.16.30.1:0/3227803 <== osd.190 172.16.30.9:6915/79714 2 ==== osd_op_reply(827 us-phx.1453348.1__shadow_140a474a-8b92-48a5-b1ee-81e49782bc9c.bam.2/wqyeeHIFmBa5o3CEyKF0GRqwQpmDQ1M.1_5 [call] v0'0 uv2217 ondisk = -2 ((2) No such file or directory)) v6 ==== 270+0+0 (2721571204 0 0) 0x7f8fd40078c0 con 0x7f8f5c059a20
2015-01-02 14:23:00.218249 7f8e7ffd7700 1 -- 172.16.30.1:0/3227803 --> 172.16.30.15:6960/3389118 -- osd_op(client.1565140.0:828 .dir.us-phx.1453348.1 [call rgw.bucket_complete_op] 33.2acd6d1e ack+ondisk+write+known_if_redirected e8332) v4 -- ?+0 0x7f8f5c081e80 con 0x7f9180030010
2015-01-02 14:23:00.218307 7f8e7ffd7700 20 RGWObjManifest::operator++(): rule->part_size=0 rules.size()=1
2015-01-02 14:23:00.218312 7f8e7ffd7700 0 RGWObjManifest::operator++(): result: ofs=25165824 stripe_ofs=25165824 part_ofs=0 rule->part_size=0
2015-01-02 14:23:00.218340 7f8e7ffd7700 20 get_obj_state: rctx=0x7f8e7ffd61d0 obj=cghub-tcga:_shadow_140a474a-8b92-48a5-b1ee-81e49782bc9c.bam.2/wqyeeHIFmBa5o3CEyKF0GRqwQpmDQ1M.1_6 state=0x7f8f5c0cb098 s->prefetch_data=0
2015-01-02 14:23:00.218494 7f8e7ffd7700 1 -- 172.16.30.1:0/3227803 --> 172.16.30.16:7025/2755079 -- osd_op(client.1565140.0:829 us-phx.1453348.1__shadow_140a474a-8b92-48a5-b1ee-81e49782bc9c.bam.2/wqyeeHIFmBa5o3CEyKF0GRqwQpmDQ1M.1_6 [getxattrs,stat] 27.30d91943 ack+read+known_if_redirected e8332) v4 -- ?+0 0x7f8f5c081e80 con 0x7f8f5c07f5c0
2015-01-02 14:23:00.226380 7f91f67d0700 1 -- 172.16.30.1:0/3227803 <== osd.379 172.16.30.16:7025/2755079 1 ==== osd_op_reply(829 us-phx.1453348.1__shadow_140a474a-8b92-48a5-b1ee-81e49782bc9c.bam.2/wqyeeHIFmBa5o3CEyKF0GRqwQpmDQ1M.1_6 [getxattrs,stat] v0'0 uv0 ack = -2 ((2) No such file or directory)) v6 ==== 312+0+0 (3300952872 0 0) 0x7f8fdc007180 con 0x7f8f5c07f5c0
2015-01-02 14:23:00.226528 7f8e7ffd7700 20 prepare_atomic_for_write_impl: state is not atomic. state=0x7f8f5c0cb098
2015-01-02 14:23:00.226548 7f8e7ffd7700 20 RGWDataChangesLog::add_entry() bucket.name=cghub-tcga now=2015-01-02 14:23:00.226547 cur_expiration=2015-01-02 14:23:29.807824
2015-01-02 14:23:00.226682 7f8e7ffd7700 1 -- 172.16.30.1:0/3227803 --> 172.16.30.15:6960/3389118 -- osd_op(client.1565140.0:830 .dir.us-phx.1453348.1 [call rgw.bucket_prepare_op] 33.2acd6d1e ondisk+write+known_if_redirected e8332) v4 -- ?+0 0x7f8f5c081e80 con 0x7f9180030010
2015-01-02 14:23:00.252354 7f91f67d0700 1 -- 172.16.30.1:0/3227803 <== osd.449 172.16.30.15:6960/3389118 26 ==== osd_op_reply(828 .dir.us-phx.1453348.1 [call] v8332'653846 uv653846 ondisk = 0) v6 ==== 188+0+0 (1438003308 0 0) 0x7f8fd8005440 con 0x7f9180030010
2015-01-02 14:23:00.265349 7f91f67d0700 1 -- 172.16.30.1:0/3227803 <== osd.449 172.16.30.15:6960/3389118 27 ==== osd_op_reply(830 .dir.us-phx.1453348.1 [call] v8332'653847 uv653847 ondisk = 0) v6 ==== 188+0+0 (2437928787 0 0) 0x7f8fd80050d0 con 0x7f9180030010
2015-01-02 14:23:00.265537 7f8e7ffd7700 1 -- 172.16.30.1:0/3227803 --> 172.16.30.16:7025/2755079 -- osd_op(client.1565140.0:831 us-phx.1453348.1__shadow_140a474a-8b92-48a5-b1ee-81e49782bc9c.bam.2/wqyeeHIFmBa5o3CEyKF0GRqwQpmDQ1M.1_6 [call refcount.put] 27.30d91943 ondisk+write+known_if_redirected e8332) v4 -- ?+0 0x7f8f5c081e80 con 0x7f8f5c07f5c0
2015-01-02 14:23:00.273275 7f91f67d0700 1 -- 172.16.30.1:0/3227803 <== osd.379 172.16.30.16:7025/2755079 2 ==== osd_op_reply(831 us-phx.1453348.1__shadow_140a474a-8b92-48a5-b1ee-81e49782bc9c.bam.2/wqyeeHIFmBa5o3CEyKF0GRqwQpmDQ1M.1_6 [call] v0'0 uv2198 ondisk = -2 ((2) No such file or directory)) v6 ==== 270+0+0 (2577978514 0 0) 0x7f8fdc0050d0 con 0x7f8f5c07f5c0
2015-01-02 14:23:00.273491 7f8e7ffd7700 1 -- 172.16.30.1:0/3227803 --> 172.16.30.15:6960/3389118 -- osd_op(client.1565140.0:832 .dir.us-phx.1453348.1 [call rgw.bucket_complete_op] 33.2acd6d1e ack+ondisk+write+known_if_redirected e8332) v4 -- ?+0 0x7f8f5c081e80 con 0x7f9180030010
2015-01-02 14:23:00.273551 7f8e7ffd7700 20 RGWObjManifest::operator++(): rule->part_size=0 rules.size()=1
2015-01-02 14:23:00.273556 7f8e7ffd7700 0 RGWObjManifest::operator++(): result: ofs=29360128 stripe_ofs=29360128 part_ofs=0 rule->part_size=0
2015-01-02 14:23:00.273584 7f8e7ffd7700 20 get_obj_state: rctx=0x7f8e7ffd61d0 obj=cghub-tcga:_shadow_140a474a-8b92-48a5-b1ee-81e49782bc9c.bam.2/wqyeeHIFmBa5o3CEyKF0GRqwQpmDQ1M.1_7 state=0x7f8f5c0cb508 s->prefetch_data=0
2015-01-02 14:23:00.273735 7f8e7ffd7700 1 -- 172.16.30.1:0/3227803 --> 172.16.30.13:7100/3099667 -- osd_op(client.1565140.0:833 us-phx.1453348.1__shadow_140a474a-8b92-48a5-b1ee-81e49782bc9c.bam.2/wqyeeHIFmBa5o3CEyKF0GRqwQpmDQ1M.1_7 [getxattrs,stat] 27.74729368 ack+read+known_if_redirected e8332) v4 -- ?+0 0x7f8f5c081e80 con 0x7f8f5c075690
2015-01-02 14:23:00.282752 7f91f67d0700 1 -- 172.16.30.1:0/3227803 <== osd.307 172.16.30.13:7100/3099667 1 ==== osd_op_reply(833 us-phx.1453348.1__shadow_140a474a-8b92-48a5-b1ee-81e49782bc9c.bam.2/wqyeeHIFmBa5o3CEyKF0GRqwQpmDQ1M.1_7 [getxattrs,stat] v0'0 uv0 ack = -2 ((2) No such file or directory)) v6 ==== 312+0+0 (1006069084 0 0) 0x7f8fe4005dd0 con 0x7f8f5c075690
2015-01-02 14:23:00.282928 7f8e7ffd7700 20 prepare_atomic_for_write_impl: state is not atomic. state=0x7f8f5c0cb508
2015-01-02 14:23:00.282955 7f8e7ffd7700 20 RGWDataChangesLog::add_entry() bucket.name=cghub-tcga now=2015-01-02 14:23:00.282955 cur_expiration=2015-01-02 14:23:29.807824
2015-01-02 14:23:00.283092 7f8e7ffd7700 1 -- 172.16.30.1:0/3227803 --> 172.16.30.15:6960/3389118 -- osd_op(client.1565140.0:834 .dir.us-phx.1453348.1 [call rgw.bucket_prepare_op] 33.2acd6d1e ondisk+write+known_if_redirected e8332) v4 -- ?+0 0x7f8f5c081e80 con 0x7f9180030010
2015-01-02 14:23:00.318347 7f91f67d0700 1 -- 172.16.30.1:0/3227803 <== osd.449 172.16.30.15:6960/3389118 28 ==== osd_op_reply(832 .dir.us-phx.1453348.1 [call] v8332'653848 uv653848 ondisk = 0) v6 ==== 188+0+0 (4025750136 0 0) 0x7f8fd80050d0 con 0x7f9180030010
2015-01-02 14:23:00.329403 7f91f67d0700 1 -- 172.16.30.1:0/3227803 <== osd.449 172.16.30.15:6960/3389118 29 ==== osd_op_reply(834 .dir.us-phx.1453348.1 [call] v8332'653849 uv653849 ondisk = 0) v6 ==== 188+0+0 (722335047 0 0) 0x7f8fd80050d0 con 0x7f9180030010
2015-01-02 14:23:00.329556 7f8e7ffd7700 1 -- 172.16.30.1:0/3227803 --> 172.16.30.13:7100/3099667 -- osd_op(client.1565140.0:835 us-phx.1453348.1__shadow_140a474a-8b92-48a5-b1ee-81e49782bc9c.bam.2/wqyeeHIFmBa5o3CEyKF0GRqwQpmDQ1M.1_7 [call refcount.put] 27.74729368 ondisk+write+known_if_redirected e8332) v4 -- ?+0 0x7f8f5c081e80 con 0x7f8f5c075690
2015-01-02 14:23:00.343315 7f91f67d0700 1 -- 172.16.30.1:0/3227803 <== osd.307 172.16.30.13:7100/3099667 2 ==== osd_op_reply(835 us-phx.1453348.1__shadow_140a474a-8b92-48a5-b1ee-81e49782bc9c.bam.2/wqyeeHIFmBa5o3CEyKF0GRqwQpmDQ1M.1_7 [call] v0'0 uv1852 ondisk = -2 ((2) No such file or directory)) v6 ==== 270+0+0 (4054789947 0 0) 0x7f8fe4006570 con 0x7f8f5c075690
2015-01-02 14:23:00.343535 7f8e7ffd7700 1 -- 172.16.30.1:0/3227803 --> 172.16.30.15:6960/3389118 -- osd_op(client.1565140.0:836 .dir.us-phx.1453348.1 [call rgw.bucket_complete_op] 33.2acd6d1e ack+ondisk+write+known_if_redirected e8332) v4 -- ?+0 0x7f8f5c081e80 con 0x7f9180030010
2015-01-02 14:23:00.343597 7f8e7ffd7700 20 RGWObjManifest::operator++(): rule->part_size=0 rules.size()=1
2015-01-02 14:23:00.343602 7f8e7ffd7700 0 RGWObjManifest::operator++(): result: ofs=33554432 stripe_ofs=33554432 part_ofs=0 rule->part_size=0
2015-01-02 14:23:00.343631 7f8e7ffd7700 20 get_obj_state: rctx=0x7f8e7ffd61d0 obj=cghub-tcga:_shadow_140a474a-8b92-48a5-b1ee-81e49782bc9c.bam.2/wqyeeHIFmBa5o3CEyKF0GRqwQpmDQ1M.1_8 state=0x7f8f5c0cb978 s->prefetch_data=0
2015-01-02 14:23:00.343690 7f8e7ffd7700 1 -- 172.16.30.1:0/3227803 --> 172.16.30.7:7090/3612953 -- osd_op(client.1565140.0:837 us-phx.1453348.1__shadow_140a474a-8b92-48a5-b1ee-81e49782bc9c.bam.2/wqyeeHIFmBa5o3CEyKF0GRqwQpmDQ1M.1_8 [getxattrs,stat] 27.6a223c7e ack+read+known_if_redirected e8332) v4 -- ?+0 0x7f8f5c030be0 con 0x7f91802c0010
2015-01-02 14:23:00.351116 7f91f67d0700 1 -- 172.16.30.1:0/3227803 <== osd.17 172.16.30.7:7090/3612953 4 ==== osd_op_reply(837 us-phx.1453348.1__shadow_140a474a-8b92-48a5-b1ee-81e49782bc9c.bam.2/wqyeeHIFmBa5o3CEyKF0GRqwQpmDQ1M.1_8 [getxattrs,stat] v0'0 uv0 ack = -2 ((2) No such file or directory)) v6 ==== 312+0+0 (3331679751 0 0) 0x7f8ed00097e0 con 0x7f91802c0010
2015-01-02 14:23:00.351285 7f8e7ffd7700 20 prepare_atomic_for_write_impl: state is not atomic. state=0x7f8f5c0cb978
2015-01-02 14:23:00.351311 7f8e7ffd7700 20 RGWDataChangesLog::add_entry() bucket.name=cghub-tcga now=2015-01-02 14:23:00.351311 cur_expiration=2015-01-02 14:23:29.807824
2015-01-02 14:23:00.351446 7f8e7ffd7700 1 -- 172.16.30.1:0/3227803 --> 172.16.30.15:6960/3389118 -- osd_op(client.1565140.0:838 .dir.us-phx.1453348.1 [call rgw.bucket_prepare_op] 33.2acd6d1e ondisk+write+known_if_redirected e8332) v4 -- ?+0 0x7f8f5c081e80 con 0x7f9180030010
2015-01-02 14:23:00.382659 7f91f67d0700 1 -- 172.16.30.1:0/3227803 <== osd.449 172.16.30.15:6960/3389118 30 ==== osd_op_reply(836 .dir.us-phx.1453348.1 [call] v8332'653850 uv653850 ack = 0) v6 ==== 188+0+0 (2224081521 0 0) 0x7f8fd80050d0 con 0x7f9180030010
2015-01-02 14:23:00.382721 7f91f67d0700 1 -- 172.16.30.1:0/3227803 <== osd.449 172.16.30.15:6960/3389118 31 ==== osd_op_reply(836 .dir.us-phx.1453348.1 [call] v8332'653850 uv653850 ondisk = 0) v6 ==== 188+0+0 (158421042 0 0) 0x7f8fd8005fe0 con 0x7f9180030010
2015-01-02 14:23:00.395370 7f91f67d0700 1 -- 172.16.30.1:0/3227803 <== osd.449 172.16.30.15:6960/3389118 32 ==== osd_op_reply(838 .dir.us-phx.1453348.1 [call] v8332'653851 uv653851 ondisk = 0) v6 ==== 188+0+0 (3448289037 0 0) 0x7f8fd80050d0 con 0x7f9180030010
2015-01-02 14:23:00.395525 7f8e7ffd7700 1 -- 172.16.30.1:0/3227803 --> 172.16.30.7:7090/3612953 -- osd_op(client.1565140.0:839 us-phx.1453348.1__shadow_140a474a-8b92-48a5-b1ee-81e49782bc9c.bam.2/wqyeeHIFmBa5o3CEyKF0GRqwQpmDQ1M.1_8 [call refcount.put] 27.6a223c7e ondisk+write+known_if_redirected e8332) v4 -- ?+0 0x7f8f5c081e80 con 0x7f91802c0010
2015-01-02 14:23:00.404117 7f91f67d0700 1 -- 172.16.30.1:0/3227803 <== osd.17 172.16.30.7:7090/3612953 5 ==== osd_op_reply(839 us-phx.1453348.1__shadow_140a474a-8b92-48a5-b1ee-81e49782bc9c.bam.2/wqyeeHIFmBa5o3CEyKF0GRqwQpmDQ1M.1_8 [call] v0'0 uv1824 ondisk = -2 ((2) No such file or directory)) v6 ==== 270+0+0 (657776966 0 0) 0x7f8ed000b730 con 0x7f91802c0010
2015-01-02 14:23:00.404339 7f8e7ffd7700 1 -- 172.16.30.1:0/3227803 --> 172.16.30.15:6960/3389118 -- osd_op(client.1565140.0:840 .dir.us-phx.1453348.1 [call rgw.bucket_complete_op] 33.2acd6d1e ack+ondisk+write+known_if_redirected e8332) v4 -- ?+0 0x7f8f5c081e80 con 0x7f9180030010
2015-01-02 14:23:00.404401 7f8e7ffd7700 20 RGWObjManifest::operator++(): rule->part_size=0 rules.size()=1
2015-01-02 14:23:00.404406 7f8e7ffd7700 0 RGWObjManifest::operator++(): result: ofs=37748736 stripe_ofs=37748736 part_ofs=0 rule->part_size=0
2015-01-02 14:23:00.404435 7f8e7ffd7700 20 get_obj_state: rctx=0x7f8e7ffd61d0 obj=cghub-tcga:_shadow_140a474a-8b92-48a5-b1ee-81e49782bc9c.bam.2/wqyeeHIFmBa5o3CEyKF0GRqwQpmDQ1M.1_9 state=0x7f8f5c0cf0d8 s->prefetch_data=0
2015-01-02 14:23:00.404596 7f8e7ffd7700 1 -- 172.16.30.1:0/3227803 --> 172.16.30.9:6900/79523 -- osd_op(client.1565140.0:841 us-phx.1453348.1__shadow_140a474a-8b92-48a5-b1ee-81e49782bc9c.bam.2/wqyeeHIFmBa5o3CEyKF0GRqwQpmDQ1M.1_9 [getxattrs,stat] 27.30114c6d ack+read+known_if_redirected e8332) v4 -- ?+0 0x7f8f5c081e80 con 0x7f8f5c05d970
2015-01-02 14:23:00.411798 7f91f67d0700 1 -- 172.16.30.1:0/3227803 <== osd.205 172.16.30.9:6900/79523 1 ==== osd_op_reply(841 us-phx.1453348.1__shadow_140a474a-8b92-48a5-b1ee-81e49782bc9c.bam.2/wqyeeHIFmBa5o3CEyKF0GRqwQpmDQ1M.1_9 [getxattrs,stat] v0'0 uv0 ack = -2 ((2) No such file or directory)) v6 ==== 312+0+0 (4031818584 0 0) 0x7f8ff8007180 con 0x7f8f5c05d970
2015-01-02 14:23:00.411965 7f8e7ffd7700 20 prepare_atomic_for_write_impl: state is not atomic. state=0x7f8f5c0cf0d8
2015-01-02 14:23:00.411991 7f8e7ffd7700 20 RGWDataChangesLog::add_entry() bucket.name=cghub-tcga now=2015-01-02 14:23:00.411990 cur_expiration=2015-01-02 14:23:29.807824
2015-01-02 14:23:00.412125 7f8e7ffd7700 1 -- 172.16.30.1:0/3227803 --> 172.16.30.15:6960/3389118 -- osd_op(client.1565140.0:842 .dir.us-phx.1453348.1 [call rgw.bucket_prepare_op] 33.2acd6d1e ondisk+write+known_if_redirected e8332) v4 -- ?+0 0x7f8f5c081e80 con 0x7f9180030010
2015-01-02 14:23:00.436096 7f91f67d0700 1 -- 172.16.30.1:0/3227803 <== osd.449 172.16.30.15:6960/3389118 33 ==== osd_op_reply(840 .dir.us-phx.1453348.1 [call] v8332'653852 uv653852 ondisk = 0) v6 ==== 188+0+0 (655548445 0 0) 0x7f8fd80050d0 con 0x7f9180030010
2015-01-02 14:23:00.447237 7f91f67d0700 1 -- 172.16.30.1:0/3227803 <== osd.449 172.16.30.15:6960/3389118 34 ==== osd_op_reply(842 .dir.us-phx.1453348.1 [call] v8332'653853 uv653853 ondisk = 0) v6 ==== 188+0+0 (3823830818 0 0) 0x7f8fd80050d0 con 0x7f9180030010
2015-01-02 14:23:00.447431 7f8e7ffd7700 1 -- 172.16.30.1:0/3227803 --> 172.16.30.9:6900/79523 -- osd_op(client.1565140.0:843 us-phx.1453348.1__shadow_140a474a-8b92-48a5-b1ee-81e49782bc9c.bam.2/wqyeeHIFmBa5o3CEyKF0GRqwQpmDQ1M.1_9 [call refcount.put] 27.30114c6d ondisk+write+known_if_redirected e8332) v4 -- ?+0 0x7f8f5c081e80 con 0x7f8f5c05d970
2015-01-02 14:23:00.457038 7f91f67d0700 1 -- 172.16.30.1:0/3227803 <== osd.205 172.16.30.9:6900/79523 2 ==== osd_op_reply(843 us-phx.1453348.1__shadow_140a474a-8b92-48a5-b1ee-81e49782bc9c.bam.2/wqyeeHIFmBa5o3CEyKF0GRqwQpmDQ1M.1_9 [call] v0'0 uv2006 ondisk = -2 ((2) No such file or directory)) v6 ==== 270+0+0 (1566602087 0 0) 0x7f8ff80078c0 con 0x7f8f5c05d970
2015-01-02 14:23:00.457254 7f8e7ffd7700 1 -- 172.16.30.1:0/3227803 --> 172.16.30.15:6960/3389118 -- osd_op(client.1565140.0:844 .dir.us-phx.1453348.1 [call rgw.bucket_complete_op] 33.2acd6d1e ack+ondisk+write+known_if_redirected e8332) v4 -- ?+0 0x7f8f5c081e80 con 0x7f9180030010
2015-01-02 14:23:00.457315 7f8e7ffd7700 20 RGWObjManifest::operator++(): rule->part_size=0 rules.size()=1
2015-01-02 14:23:00.457320 7f8e7ffd7700 0 RGWObjManifest::operator++(): result: ofs=41943040 stripe_ofs=41943040 part_ofs=0 rule->part_size=0
2015-01-02 14:23:00.457350 7f8e7ffd7700 20 get_obj_state: rctx=0x7f8e7ffd61d0 obj=cghub-tcga:_shadow_140a474a-8b92-48a5-b1ee-81e49782bc9c.bam.2/wqyeeHIFmBa5o3CEyKF0GRqwQpmDQ1M.1_10 state=0x7f8f5c0cf548 s->prefetch_data=0
2015-01-02 14:23:00.457502 7f8e7ffd7700 1 -- 172.16.30.1:0/3227803 --> 172.16.30.7:6875/3609248 -- osd_op(client.1565140.0:845 us-phx.1453348.1__shadow_140a474a-8b92-48a5-b1ee-81e49782bc9c.bam.2/wqyeeHIFmBa5o3CEyKF0GRqwQpmDQ1M.1_10 [getxattrs,stat] 27.d246da2e ack+read+known_if_redirected e8332) v4 -- ?+0 0x7f8f5c081e80 con 0x7f8f5c0360a0
