2015-01-02 14:23:04.286141 7f8e7ffd7700 0 RGWObjManifest::operator++(): result: ofs=285212672 stripe_ofs=285212672 part_ofs=0 rule->part_size=0
2015-01-02 14:23:04.286169 7f8e7ffd7700 20 get_obj_state: rctx=0x7f8e7ffd61d0 obj=cghub-tcga:_shadow_140a474a-8b92-48a5-b1ee-81e49782bc9c.bam.2/wqyeeHIFmBa5o3CEyKF0GRqwQpmDQ1M.1_68 state=0x7f8f5c183518 s->prefetch_data=0
2015-01-02 14:23:04.286223 7f8e7ffd7700 1 -- 172.16.30.1:0/3227803 --> 172.16.30.14:6995/3141842 -- osd_op(client.1565140.0:1077 us-phx.1453348.1__shadow_140a474a-8b92-48a5-b1ee-81e49782bc9c.bam.2/wqyeeHIFmBa5o3CEyKF0GRqwQpmDQ1M.1_68 [getxattrs,stat] 27.abcef92b ack+read+known_if_redirected e8332) v4 -- ?+0 0x7f8f5c17c200 con 0x7f91801ee540
2015-01-02 14:23:04.290148 7f91f67d0700 1 -- 172.16.30.1:0/3227803 <== osd.406 172.16.30.14:6995/3141842 4 ==== osd_op_reply(1077 us-phx.1453348.1__shadow_140a474a-8b92-48a5-b1ee-81e49782bc9c.bam.2/wqyeeHIFmBa5o3CEyKF0GRqwQpmDQ1M.1_68 [getxattrs,stat] v0'0 uv0 ack = -2 ((2) No such file or directory)) v6 ==== 313+0+0 (1153662777 0 0) 0x7f90680050d0 con 0x7f91801ee540
2015-01-02 14:23:04.290313 7f8e7ffd7700 20 prepare_atomic_for_write_impl: state is not atomic. state=0x7f8f5c183518
2015-01-02 14:23:04.290339 7f8e7ffd7700 20 RGWDataChangesLog::add_entry() bucket.name=cghub-tcga now=2015-01-02 14:23:04.290338 cur_expiration=2015-01-02 14:23:29.807824
2015-01-02 14:23:04.290493 7f8e7ffd7700 1 -- 172.16.30.1:0/3227803 --> 172.16.30.15:6960/3389118 -- osd_op(client.1565140.0:1078 .dir.us-phx.1453348.1 [call rgw.bucket_prepare_op] 33.2acd6d1e ondisk+write+known_if_redirected e8332) v4 -- ?+0 0x7f8f5c17c000 con 0x7f9180030010
2015-01-02 14:23:04.407321 7f91f67d0700 1 -- 172.16.30.1:0/3227803 <== osd.449 172.16.30.15:6960/3389118 191 ==== osd_op_reply(1076 .dir.us-phx.1453348.1 [call] v8332'653970 uv653970 ack = 0) v6 ==== 188+0+0 (389400938 0 0) 0x7f8fd80050d0 con 0x7f9180030010
2015-01-02 14:23:04.408099 7f91f67d0700 1 -- 172.16.30.1:0/3227803 <== osd.449 172.16.30.15:6960/3389118 192 ==== osd_op_reply(1076 .dir.us-phx.1453348.1 [call] v8332'653970 uv653970 ondisk = 0) v6 ==== 188+0+0 (2597606185 0 0) 0x7f8fd80050d0 con 0x7f9180030010
2015-01-02 14:23:04.412613 7f91f67d0700 1 -- 172.16.30.1:0/3227803 <== osd.449 172.16.30.15:6960/3389118 193 ==== osd_op_reply(1078 .dir.us-phx.1453348.1 [call] v8332'653971 uv653971 ondisk = 0) v6 ==== 188+0+0 (4125933560 0 0) 0x7f8fd80050d0 con 0x7f9180030010
2015-01-02 14:23:04.412762 7f8e7ffd7700 1 -- 172.16.30.1:0/3227803 --> 172.16.30.14:6995/3141842 -- osd_op(client.1565140.0:1079 us-phx.1453348.1__shadow_140a474a-8b92-48a5-b1ee-81e49782bc9c.bam.2/wqyeeHIFmBa5o3CEyKF0GRqwQpmDQ1M.1_68 [call refcount.put] 27.abcef92b ondisk+write+known_if_redirected e8332) v4 -- ?+0 0x7f8f5c183050 con 0x7f91801ee540
2015-01-02 14:23:04.421175 7f91f67d0700 1 -- 172.16.30.1:0/3227803 <== osd.406 172.16.30.14:6995/3141842 5 ==== osd_op_reply(1079 us-phx.1453348.1__shadow_140a474a-8b92-48a5-b1ee-81e49782bc9c.bam.2/wqyeeHIFmBa5o3CEyKF0GRqwQpmDQ1M.1_68 [call] v0'0 uv2182 ondisk = -2 ((2) No such file or directory)) v6 ==== 271+0+0 (720518862 0 0) 0x7f9068007470 con 0x7f91801ee540
2015-01-02 14:23:04.421330 7f8e7ffd7700 1 -- 172.16.30.1:0/3227803 --> 172.16.30.15:6960/3389118 -- osd_op(client.1565140.0:1080 .dir.us-phx.1453348.1 [call rgw.bucket_complete_op] 33.2acd6d1e ack+ondisk+write+known_if_redirected e8332) v4 -- ?+0 0x7f8f5c183050 con 0x7f9180030010
2015-01-02 14:23:04.421368 7f8e7ffd7700 20 RGWObjManifest::operator++(): rule->part_size=0 rules.size()=1
2015-01-02 14:23:04.421373 7f8e7ffd7700 0 RGWObjManifest::operator++(): result: ofs=289406976 stripe_ofs=289406976 part_ofs=0 rule->part_size=0
2015-01-02 14:23:04.421397 7f8e7ffd7700 20 get_obj_state: rctx=0x7f8e7ffd61d0 obj=cghub-tcga:_shadow_140a474a-8b92-48a5-b1ee-81e49782bc9c.bam.2/wqyeeHIFmBa5o3CEyKF0GRqwQpmDQ1M.1_69 state=0x7f8f5c17ca48 s->prefetch_data=0
2015-01-02 14:23:04.421507 7f8e7ffd7700 1 -- 172.16.30.1:0/3227803 --> 172.16.30.12:7025/1401212 -- osd_op(client.1565140.0:1081 us-phx.1453348.1__shadow_140a474a-8b92-48a5-b1ee-81e49782bc9c.bam.2/wqyeeHIFmBa5o3CEyKF0GRqwQpmDQ1M.1_69 [getxattrs,stat] 27.66a7ec0b ack+read+known_if_redirected e8332) v4 -- ?+0 0x7f8f5c181010 con 0x7f8f5c17eb60
2015-01-02 14:23:04.428199 7f91f67d0700 1 -- 172.16.30.1:0/3227803 <== osd.375 172.16.30.12:7025/1401212 1 ==== osd_op_reply(1081 us-phx.1453348.1__shadow_140a474a-8b92-48a5-b1ee-81e49782bc9c.bam.2/wqyeeHIFmBa5o3CEyKF0GRqwQpmDQ1M.1_69 [getxattrs,stat] v0'0 uv0 ack = -2 ((2) No such file or directory)) v6 ==== 313+0+0 (1718314490 0 0) 0x7f9194002550 con 0x7f8f5c17eb60
2015-01-02 14:23:04.428318 7f8e7ffd7700 20 prepare_atomic_for_write_impl: state is not atomic. state=0x7f8f5c17ca48
2015-01-02 14:23:04.428335 7f8e7ffd7700 20 RGWDataChangesLog::add_entry() bucket.name=cghub-tcga now=2015-01-02 14:23:04.428335 cur_expiration=2015-01-02 14:23:29.807824
2015-01-02 14:23:04.428417 7f8e7ffd7700 1 -- 172.16.30.1:0/3227803 --> 172.16.30.15:6960/3389118 -- osd_op(client.1565140.0:1082 .dir.us-phx.1453348.1 [call rgw.bucket_prepare_op] 33.2acd6d1e ondisk+write+known_if_redirected e8332) v4 -- ?+0 0x7f8f5c187010 con 0x7f9180030010
2015-01-02 14:23:04.460813 7f91f67d0700 1 -- 172.16.30.1:0/3227803 <== osd.449 172.16.30.15:6960/3389118 194 ==== osd_op_reply(1080 .dir.us-phx.1453348.1 [call] v8332'653972 uv653972 ack = 0) v6 ==== 188+0+0 (961968453 0 0) 0x7f8fd80050d0 con 0x7f9180030010
2015-01-02 14:23:04.461236 7f91f67d0700 1 -- 172.16.30.1:0/3227803 <== osd.449 172.16.30.15:6960/3389118 195 ==== osd_op_reply(1080 .dir.us-phx.1453348.1 [call] v8332'653972 uv653972 ondisk = 0) v6 ==== 188+0+0 (3031950086 0 0) 0x7f8fd80050d0 con 0x7f9180030010
2015-01-02 14:23:04.465390 7f91f67d0700 1 -- 172.16.30.1:0/3227803 <== osd.449 172.16.30.15:6960/3389118 196 ==== osd_op_reply(1082 .dir.us-phx.1453348.1 [call] v8332'653973 uv653973 ondisk = 0) v6 ==== 188+0+0 (3683586007 0 0) 0x7f8fd80050d0 con 0x7f9180030010
2015-01-02 14:23:04.465564 7f8e7ffd7700 1 -- 172.16.30.1:0/3227803 --> 172.16.30.12:7025/1401212 -- osd_op(client.1565140.0:1083 us-phx.1453348.1__shadow_140a474a-8b92-48a5-b1ee-81e49782bc9c.bam.2/wqyeeHIFmBa5o3CEyKF0GRqwQpmDQ1M.1_69 [call refcount.put] 27.66a7ec0b ondisk+write+known_if_redirected e8332) v4 -- ?+0 0x7f8f5c187050 con 0x7f8f5c17eb60
2015-01-02 14:23:04.475202 7f91f67d0700 1 -- 172.16.30.1:0/3227803 <== osd.375 172.16.30.12:7025/1401212 2 ==== osd_op_reply(1083 us-phx.1453348.1__shadow_140a474a-8b92-48a5-b1ee-81e49782bc9c.bam.2/wqyeeHIFmBa5o3CEyKF0GRqwQpmDQ1M.1_69 [call] v0'0 uv1989 ondisk = -2 ((2) No such file or directory)) v6 ==== 271+0+0 (2873661196 0 0) 0x7f9194004680 con 0x7f8f5c17eb60
2015-01-02 14:23:04.475393 7f8e7ffd7700 1 -- 172.16.30.1:0/3227803 --> 172.16.30.15:6960/3389118 -- osd_op(client.1565140.0:1084 .dir.us-phx.1453348.1 [call rgw.bucket_complete_op] 33.2acd6d1e ack+ondisk+write+known_if_redirected e8332) v4 -- ?+0 0x7f8f5c187050 con 0x7f9180030010
2015-01-02 14:23:04.475429 7f8e7ffd7700 20 RGWObjManifest::operator++(): rule->part_size=0 rules.size()=1
2015-01-02 14:23:04.475432 7f8e7ffd7700 0 RGWObjManifest::operator++(): result: ofs=293601280 stripe_ofs=293601280 part_ofs=0 rule->part_size=0
2015-01-02 14:23:04.475453 7f8e7ffd7700 20 get_obj_state: rctx=0x7f8e7ffd61d0 obj=cghub-tcga:_shadow_140a474a-8b92-48a5-b1ee-81e49782bc9c.bam.2/wqyeeHIFmBa5o3CEyKF0GRqwQpmDQ1M.1_70 state=0x7f8f5c1879a8 s->prefetch_data=0
2015-01-02 14:23:04.475491 7f8e7ffd7700 1 -- 172.16.30.1:0/3227803 --> 172.16.30.8:6915/2658840 -- osd_op(client.1565140.0:1085 us-phx.1453348.1__shadow_140a474a-8b92-48a5-b1ee-81e49782bc9c.bam.2/wqyeeHIFmBa5o3CEyKF0GRqwQpmDQ1M.1_70 [getxattrs,stat] 27.f403e06b ack+read+known_if_redirected e8332) v4 -- ?+0 0x7f8f5c180670 con 0x7f8f5c15c290
2015-01-02 14:23:04.482155 7f91f67d0700 1 -- 172.16.30.1:0/3227803 <== osd.193 172.16.30.8:6915/2658840 3 ==== osd_op_reply(1085 us-phx.1453348.1__shadow_140a474a-8b92-48a5-b1ee-81e49782bc9c.bam.2/wqyeeHIFmBa5o3CEyKF0GRqwQpmDQ1M.1_70 [getxattrs,stat] v0'0 uv0 ack = -2 ((2) No such file or directory)) v6 ==== 313+0+0 (4058313510 0 0) 0x7f9130005390 con 0x7f8f5c15c290
2015-01-02 14:23:04.482320 7f8e7ffd7700 20 prepare_atomic_for_write_impl: state is not atomic. state=0x7f8f5c1879a8
2015-01-02 14:23:04.482336 7f8e7ffd7700 20 RGWDataChangesLog::add_entry() bucket.name=cghub-tcga now=2015-01-02 14:23:04.482335 cur_expiration=2015-01-02 14:23:29.807824
2015-01-02 14:23:04.482431 7f8e7ffd7700 1 -- 172.16.30.1:0/3227803 --> 172.16.30.15:6960/3389118 -- osd_op(client.1565140.0:1086 .dir.us-phx.1453348.1 [call rgw.bucket_prepare_op] 33.2acd6d1e ondisk+write+known_if_redirected e8332) v4 -- ?+0 0x7f8f5c1806a0 con 0x7f9180030010
2015-01-02 14:23:04.609020 7f91f67d0700 1 -- 172.16.30.1:0/3227803 <== osd.449 172.16.30.15:6960/3389118 197 ==== osd_op_reply(1084 .dir.us-phx.1453348.1 [call] v8332'653974 uv653974 ack = 0) v6 ==== 188+0+0 (3755162383 0 0) 0x7f8fd80050d0 con 0x7f9180030010
2015-01-02 14:23:04.609881 7f91f67d0700 1 -- 172.16.30.1:0/3227803 <== osd.449 172.16.30.15:6960/3389118 198 ==== osd_op_reply(1084 .dir.us-phx.1453348.1 [call] v8332'653974 uv653974 ondisk = 0) v6 ==== 188+0+0 (1379049804 0 0) 0x7f8fd80050d0 con 0x7f9180030010
2015-01-02 14:23:04.632267 7f91f67d0700 1 -- 172.16.30.1:0/3227803 <== osd.449 172.16.30.15:6960/3389118 199 ==== osd_op_reply(1086 .dir.us-phx.1453348.1 [call] v8332'653975 uv653975 ondisk = 0) v6 ==== 188+0+0 (1024085405 0 0) 0x7f8fd80050d0 con 0x7f9180030010
2015-01-02 14:23:04.632440 7f8e7ffd7700 1 -- 172.16.30.1:0/3227803 --> 172.16.30.8:6915/2658840 -- osd_op(client.1565140.0:1087 us-phx.1453348.1__shadow_140a474a-8b92-48a5-b1ee-81e49782bc9c.bam.2/wqyeeHIFmBa5o3CEyKF0GRqwQpmDQ1M.1_70 [call refcount.put] 27.f403e06b ondisk+write+known_if_redirected e8332) v4 -- ?+0 0x7f8f5c180d70 con 0x7f8f5c15c290
2015-01-02 14:23:04.642409 7f91f67d0700 1 -- 172.16.30.1:0/3227803 <== osd.193 172.16.30.8:6915/2658840 4 ==== osd_op_reply(1087 us-phx.1453348.1__shadow_140a474a-8b92-48a5-b1ee-81e49782bc9c.bam.2/wqyeeHIFmBa5o3CEyKF0GRqwQpmDQ1M.1_70 [call] v0'0 uv2195 ondisk = -2 ((2) No such file or directory)) v6 ==== 271+0+0 (2720023986 0 0) 0x7f9130005760 con 0x7f8f5c15c290
2015-01-02 14:23:04.642636 7f8e7ffd7700 1 -- 172.16.30.1:0/3227803 --> 172.16.30.15:6960/3389118 -- osd_op(client.1565140.0:1088 .dir.us-phx.1453348.1 [call rgw.bucket_complete_op] 33.2acd6d1e ack+ondisk+write+known_if_redirected e8332) v4 -- ?+0 0x7f8f5c180d70 con 0x7f9180030010
2015-01-02 14:23:04.642698 7f8e7ffd7700 20 RGWObjManifest::operator++(): rule->part_size=0 rules.size()=1
2015-01-02 14:23:04.642703 7f8e7ffd7700 0 RGWObjManifest::operator++(): result: ofs=297795584 stripe_ofs=297795584 part_ofs=0 rule->part_size=0
2015-01-02 14:23:04.642737 7f8e7ffd7700 20 get_obj_state: rctx=0x7f8e7ffd61d0 obj=cghub-tcga:_shadow_140a474a-8b92-48a5-b1ee-81e49782bc9c.bam.2/wqyeeHIFmBa5o3CEyKF0GRqwQpmDQ1M.1_71 state=0x7f8f5c180518 s->prefetch_data=0
2015-01-02 14:23:04.642897 7f8e7ffd7700 1 -- 172.16.30.1:0/3227803 --> 172.16.30.16:7045/2755365 -- osd_op(client.1565140.0:1089 us-phx.1453348.1__shadow_140a474a-8b92-48a5-b1ee-81e49782bc9c.bam.2/wqyeeHIFmBa5o3CEyKF0GRqwQpmDQ1M.1_71 [getxattrs,stat] 27.b5a5bc15 ack+read+known_if_redirected e8332) v4 -- ?+0 0x7f8f5c180d70 con 0x7f8f5c182cc0
2015-01-02 14:23:04.654408 7f91f67d0700 1 -- 172.16.30.1:0/3227803 <== osd.359 172.16.30.16:7045/2755365 1 ==== osd_op_reply(1089 us-phx.1453348.1__shadow_140a474a-8b92-48a5-b1ee-81e49782bc9c.bam.2/wqyeeHIFmBa5o3CEyKF0GRqwQpmDQ1M.1_71 [getxattrs,stat] v0'0 uv0 ack = -2 ((2) No such file or directory)) v6 ==== 313+0+0 (3874260219 0 0) 0x7f919c002550 con 0x7f8f5c182cc0
2015-01-02 14:23:04.654589 7f8e7ffd7700 20 prepare_atomic_for_write_impl: state is not atomic. state=0x7f8f5c180518
2015-01-02 14:23:04.654617 7f8e7ffd7700 20 RGWDataChangesLog::add_entry() bucket.name=cghub-tcga now=2015-01-02 14:23:04.654616 cur_expiration=2015-01-02 14:23:29.807824
2015-01-02 14:23:04.654755 7f8e7ffd7700 1 -- 172.16.30.1:0/3227803 --> 172.16.30.15:6960/3389118 -- osd_op(client.1565140.0:1090 .dir.us-phx.1453348.1 [call rgw.bucket_prepare_op] 33.2acd6d1e ondisk+write+known_if_redirected e8332) v4 -- ?+0 0x7f8f5c1817e0 con 0x7f9180030010
2015-01-02 14:23:04.683098 7f91f67d0700 1 -- 172.16.30.1:0/3227803 <== osd.449 172.16.30.15:6960/3389118 200 ==== osd_op_reply(1088 .dir.us-phx.1453348.1 [call] v8332'653976 uv653976 ack = 0) v6 ==== 188+0+0 (1704007963 0 0) 0x7f8fd80050d0 con 0x7f9180030010
2015-01-02 14:23:04.683943 7f91f67d0700 1 -- 172.16.30.1:0/3227803 <== osd.449 172.16.30.15:6960/3389118 201 ==== osd_op_reply(1088 .dir.us-phx.1453348.1 [call] v8332'653976 uv653976 ondisk = 0) v6 ==== 188+0+0 (3899687768 0 0) 0x7f8fd80050d0 con 0x7f9180030010
2015-01-02 14:23:04.688091 7f91f67d0700 1 -- 172.16.30.1:0/3227803 <== osd.449 172.16.30.15:6960/3389118 202 ==== osd_op_reply(1090 .dir.us-phx.1453348.1 [call] v8332'653977 uv653977 ondisk = 0) v6 ==== 188+0+0 (2269671305 0 0) 0x7f8fd80050d0 con 0x7f9180030010
2015-01-02 14:23:04.688287 7f8e7ffd7700 1 -- 172.16.30.1:0/3227803 --> 172.16.30.16:7045/2755365 -- osd_op(client.1565140.0:1091 us-phx.1453348.1__shadow_140a474a-8b92-48a5-b1ee-81e49782bc9c.bam.2/wqyeeHIFmBa5o3CEyKF0GRqwQpmDQ1M.1_71 [call refcount.put] 27.b5a5bc15 ondisk+write+known_if_redirected e8332) v4 -- ?+0 0x7f8f5c18b0e0 con 0x7f8f5c182cc0
2015-01-02 14:23:04.702220 7f91f67d0700 1 -- 172.16.30.1:0/3227803 <== osd.359 172.16.30.16:7045/2755365 2 ==== osd_op_reply(1091 us-phx.1453348.1__shadow_140a474a-8b92-48a5-b1ee-81e49782bc9c.bam.2/wqyeeHIFmBa5o3CEyKF0GRqwQpmDQ1M.1_71 [call] v0'0 uv1875 ondisk = -2 ((2) No such file or directory)) v6 ==== 271+0+0 (2279690184 0 0) 0x7f919c0045b0 con 0x7f8f5c182cc0
2015-01-02 14:23:04.702444 7f8e7ffd7700 1 -- 172.16.30.1:0/3227803 --> 172.16.30.15:6960/3389118 -- osd_op(client.1565140.0:1092 .dir.us-phx.1453348.1 [call rgw.bucket_complete_op] 33.2acd6d1e ack+ondisk+write+known_if_redirected e8332) v4 -- ?+0 0x7f8f5c180d70 con 0x7f9180030010
2015-01-02 14:23:04.702504 7f8e7ffd7700 20 RGWObjManifest::operator++(): rule->part_size=0 rules.size()=1
2015-01-02 14:23:04.702508 7f8e7ffd7700 0 RGWObjManifest::operator++(): result: ofs=301989888 stripe_ofs=301989888 part_ofs=0 rule->part_size=0
2015-01-02 14:23:04.702538 7f8e7ffd7700 20 get_obj_state: rctx=0x7f8e7ffd61d0 obj=cghub-tcga:_shadow_140a474a-8b92-48a5-b1ee-81e49782bc9c.bam.2/wqyeeHIFmBa5o3CEyKF0GRqwQpmDQ1M.1_72 state=0x7f8f5c181668 s->prefetch_data=0
2015-01-02 14:23:04.702594 7f8e7ffd7700 1 -- 172.16.30.1:0/3227803 --> 172.16.30.14:6810/3139214 -- osd_op(client.1565140.0:1093 us-phx.1453348.1__shadow_140a474a-8b92-48a5-b1ee-81e49782bc9c.bam.2/wqyeeHIFmBa5o3CEyKF0GRqwQpmDQ1M.1_72 [getxattrs,stat] 27.37aff2cc ack+read+known_if_redirected e8332) v4 -- ?+0 0x7f8f5c183fc0 con 0x7f918012c010
2015-01-02 14:23:04.707444 7f91f67d0700 1 -- 172.16.30.1:0/3227803 <== osd.588 172.16.30.14:6810/3139214 7 ==== osd_op_reply(1093 us-phx.1453348.1__shadow_140a474a-8b92-48a5-b1ee-81e49782bc9c.bam.2/wqyeeHIFmBa5o3CEyKF0GRqwQpmDQ1M.1_72 [getxattrs,stat] v0'0 uv0 ack = -2 ((2) No such file or directory)) v6 ==== 313+0+0 (1060011900 0 0) 0x7f8eb00097e0 con 0x7f918012c010
2015-01-02 14:23:04.707630 7f8e7ffd7700 20 prepare_atomic_for_write_impl: state is not atomic. state=0x7f8f5c181668
2015-01-02 14:23:04.707656 7f8e7ffd7700 20 RGWDataChangesLog::add_entry() bucket.name=cghub-tcga now=2015-01-02 14:23:04.707655 cur_expiration=2015-01-02 14:23:29.807824
2015-01-02 14:23:04.707815 7f8e7ffd7700 1 -- 172.16.30.1:0/3227803 --> 172.16.30.15:6960/3389118 -- osd_op(client.1565140.0:1094 .dir.us-phx.1453348.1 [call rgw.bucket_prepare_op] 33.2acd6d1e ondisk+write+known_if_redirected e8332) v4 -- ?+0 0x7f8f5c18b870 con 0x7f9180030010
2015-01-02 14:23:04.813874 7f91f67d0700 1 -- 172.16.30.1:0/3227803 <== osd.449 172.16.30.15:6960/3389118 203 ==== osd_op_reply(1092 .dir.us-phx.1453348.1 [call] v8332'653978 uv653978 ack = 0) v6 ==== 188+0+0 (2199149393 0 0) 0x7f8fd80050d0 con 0x7f9180030010
2015-01-02 14:23:04.813954 7f91f67d0700 1 -- 172.16.30.1:0/3227803 <== osd.449 172.16.30.15:6960/3389118 204 ==== osd_op_reply(1092 .dir.us-phx.1453348.1 [call] v8332'653978 uv653978 ondisk = 0) v6 ==== 188+0+0 (250986770 0 0) 0x7f8fd80062c0 con 0x7f9180030010
2015-01-02 14:23:04.822246 7f91f67d0700 1 -- 172.16.30.1:0/3227803 <== osd.449 172.16.30.15:6960/3389118 205 ==== osd_op_reply(1094 .dir.us-phx.1453348.1 [call] v8332'653979 uv653979 ondisk = 0) v6 ==== 188+0+0 (1640836547 0 0) 0x7f8fd80050d0 con 0x7f9180030010
2015-01-02 14:23:04.822464 7f8e7ffd7700 1 -- 172.16.30.1:0/3227803 --> 172.16.30.14:6810/3139214 -- osd_op(client.1565140.0:1095 us-phx.1453348.1__shadow_140a474a-8b92-48a5-b1ee-81e49782bc9c.bam.2/wqyeeHIFmBa5o3CEyKF0GRqwQpmDQ1M.1_72 [call refcount.put] 27.37aff2cc ondisk+write+known_if_redirected e8332) v4 -- ?+0 0x7f8f5c18bd60 con 0x7f918012c010
2015-01-02 14:23:04.833341 7f91f67d0700 1 -- 172.16.30.1:0/3227803 <== osd.588 172.16.30.14:6810/3139214 8 ==== osd_op_reply(1095 us-phx.1453348.1__shadow_140a474a-8b92-48a5-b1ee-81e49782bc9c.bam.2/wqyeeHIFmBa5o3CEyKF0GRqwQpmDQ1M.1_72 [call] v0'0 uv2469 ondisk = -2 ((2) No such file or directory)) v6 ==== 271+0+0 (2335163133 0 0) 0x7f8eb000b200 con 0x7f918012c010
2015-01-02 14:23:04.833455 7f8e7ffd7700 1 -- 172.16.30.1:0/3227803 --> 172.16.30.15:6960/3389118 -- osd_op(client.1565140.0:1096 .dir.us-phx.1453348.1 [call rgw.bucket_complete_op] 33.2acd6d1e ack+ondisk+write+known_if_redirected e8332) v4 -- ?+0 0x7f8f5c18b870 con 0x7f9180030010
2015-01-02 14:23:04.833491 7f8e7ffd7700 20 RGWObjManifest::operator++(): rule->part_size=0 rules.size()=1
2015-01-02 14:23:04.833495 7f8e7ffd7700 0 RGWObjManifest::operator++(): result: ofs=306184192 stripe_ofs=306184192 part_ofs=0 rule->part_size=0
2015-01-02 14:23:04.833517 7f8e7ffd7700 20 get_obj_state: rctx=0x7f8e7ffd61d0 obj=cghub-tcga:_shadow_140a474a-8b92-48a5-b1ee-81e49782bc9c.bam.2/wqyeeHIFmBa5o3CEyKF0GRqwQpmDQ1M.1_73 state=0x7f8f5c184808 s->prefetch_data=0
2015-01-02 14:23:04.833627 7f8e7ffd7700 1 -- 172.16.30.1:0/3227803 --> 172.16.30.17:6990/105540 -- osd_op(client.1565140.0:1097 us-phx.1453348.1__shadow_140a474a-8b92-48a5-b1ee-81e49782bc9c.bam.2/wqyeeHIFmBa5o3CEyKF0GRqwQpmDQ1M.1_73 [getxattrs,stat] 27.51718c4d ack+read+known_if_redirected e8332) v4 -- ?+0 0x7f8f5c18b870 con 0x7f8f5c1869b0
2015-01-02 14:23:04.839656 7f91f67d0700 1 -- 172.16.30.1:0/3227803 <== osd.623 172.16.30.17:6990/105540 1 ==== osd_op_reply(1097 us-phx.1453348.1__shadow_140a474a-8b92-48a5-b1ee-81e49782bc9c.bam.2/wqyeeHIFmBa5o3CEyKF0GRqwQpmDQ1M.1_73 [getxattrs,stat] v0'0 uv0 ack = -2 ((2) No such file or directory)) v6 ==== 313+0+0 (2757273446 0 0) 0x7f91a4002a00 con 0x7f8f5c1869b0
2015-01-02 14:23:04.839841 7f8e7ffd7700 20 prepare_atomic_for_write_impl: state is not atomic. state=0x7f8f5c184808
2015-01-02 14:23:04.839868 7f8e7ffd7700 20 RGWDataChangesLog::add_entry() bucket.name=cghub-tcga now=2015-01-02 14:23:04.839868 cur_expiration=2015-01-02 14:23:29.807824
2015-01-02 14:23:04.840009 7f8e7ffd7700 1 -- 172.16.30.1:0/3227803 --> 172.16.30.15:6960/3389118 -- osd_op(client.1565140.0:1098 .dir.us-phx.1453348.1 [call rgw.bucket_prepare_op] 33.2acd6d1e ondisk+write+known_if_redirected e8332) v4 -- ?+0 0x7f8f5c18f010 con 0x7f9180030010
2015-01-02 14:23:04.874045 7f91f67d0700 1 -- 172.16.30.1:0/3227803 <== osd.449 172.16.30.15:6960/3389118 206 ==== osd_op_reply(1096 .dir.us-phx.1453348.1 [call] v8332'653980 uv653980 ack = 0) v6 ==== 188+0+0 (2910317438 0 0) 0x7f8fd8005440 con 0x7f9180030010
2015-01-02 14:23:04.875155 7f91f67d0700 1 -- 172.16.30.1:0/3227803 <== osd.449 172.16.30.15:6960/3389118 207 ==== osd_op_reply(1096 .dir.us-phx.1453348.1 [call] v8332'653980 uv653980 ondisk = 0) v6 ==== 188+0+0 (546730301 0 0) 0x7f8fd8005440 con 0x7f9180030010
2015-01-02 14:23:04.888541 7f91f67d0700 1 -- 172.16.30.1:0/3227803 <== osd.449 172.16.30.15:6960/3389118 208 ==== osd_op_reply(1098 .dir.us-phx.1453348.1 [call] v8332'653981 uv653981 ondisk = 0) v6 ==== 188+0+0 (1336843756 0 0) 0x7f8fd8005440 con 0x7f9180030010
2015-01-02 14:23:04.888729 7f8e7ffd7700 1 -- 172.16.30.1:0/3227803 --> 172.16.30.17:6990/105540 -- osd_op(client.1565140.0:1099 us-phx.1453348.1__shadow_140a474a-8b92-48a5-b1ee-81e49782bc9c.bam.2/wqyeeHIFmBa5o3CEyKF0GRqwQpmDQ1M.1_73 [call refcount.put] 27.51718c4d ondisk+write+known_if_redirected e8332) v4 -- ?+0 0x7f8f5c18b870 con 0x7f8f5c1869b0
2015-01-02 14:23:04.901996 7f91f67d0700 1 -- 172.16.30.1:0/3227803 <== osd.623 172.16.30.17:6990/105540 2 ==== osd_op_reply(1099 us-phx.1453348.1__shadow_140a474a-8b92-48a5-b1ee-81e49782bc9c.bam.2/wqyeeHIFmBa5o3CEyKF0GRqwQpmDQ1M.1_73 [call] v0'0 uv2128 ondisk = -2 ((2) No such file or directory)) v6 ==== 271+0+0 (477672701 0 0) 0x7f91a4002a00 con 0x7f8f5c1869b0
2015-01-02 14:23:04.902241 7f8e7ffd7700 1 -- 172.16.30.1:0/3227803 --> 172.16.30.15:6960/3389118 -- osd_op(client.1565140.0:1100 .dir.us-phx.1453348.1 [call rgw.bucket_complete_op] 33.2acd6d1e ack+ondisk+write+known_if_redirected e8332) v4 -- ?+0 0x7f8f5c18b870 con 0x7f9180030010
2015-01-02 14:23:04.902301 7f8e7ffd7700 20 RGWObjManifest::operator++(): rule->part_size=0 rules.size()=1
2015-01-02 14:23:04.902306 7f8e7ffd7700 0 RGWObjManifest::operator++(): result: ofs=310378496 stripe_ofs=310378496 part_ofs=0 rule->part_size=0
2015-01-02 14:23:04.902337 7f8e7ffd7700 20 get_obj_state: rctx=0x7f8e7ffd61d0 obj=cghub-tcga:_shadow_140a474a-8b92-48a5-b1ee-81e49782bc9c.bam.2/wqyeeHIFmBa5o3CEyKF0GRqwQpmDQ1M.1_74 state=0x7f8f5c1892f8 s->prefetch_data=0
2015-01-02 14:23:04.902494 7f8e7ffd7700 1 -- 172.16.30.1:0/3227803 --> 172.16.30.9:6855/78869 -- osd_op(client.1565140.0:1101 us-phx.1453348.1__shadow_140a474a-8b92-48a5-b1ee-81e49782bc9c.bam.2/wqyeeHIFmBa5o3CEyKF0GRqwQpmDQ1M.1_74 [getxattrs,stat] 27.b31e8e03 ack+read+known_if_redirected e8332) v4 -- ?+0 0x7f8f5c18b870 con 0x7f8f5c18d010
2015-01-02 14:23:04.911351 7f91f67d0700 1 -- 172.16.30.1:0/3227803 <== osd.251 172.16.30.9:6855/78869 1 ==== osd_op_reply(1101 us-phx.1453348.1__shadow_140a474a-8b92-48a5-b1ee-81e49782bc9c.bam.2/wqyeeHIFmBa5o3CEyKF0GRqwQpmDQ1M.1_74 [getxattrs,stat] v0'0 uv0 ack = -2 ((2) No such file or directory)) v6 ==== 313+0+0 (4085553947 0 0) 0x7f91ac002550 con 0x7f8f5c18d010
2015-01-02 14:23:04.911521 7f8e7ffd7700 20 prepare_atomic_for_write_impl: state is not atomic. state=0x7f8f5c1892f8
2015-01-02 14:23:04.911547 7f8e7ffd7700 20 RGWDataChangesLog::add_entry() bucket.name=cghub-tcga now=2015-01-02 14:23:04.911547 cur_expiration=2015-01-02 14:23:29.807824
2015-01-02 14:23:04.911707 7f8e7ffd7700 1 -- 172.16.30.1:0/3227803 --> 172.16.30.15:6960/3389118 -- osd_op(client.1565140.0:1102 .dir.us-phx.1453348.1 [call rgw.bucket_prepare_op] 33.2acd6d1e ondisk+write+known_if_redirected e8332) v4 -- ?+0 0x7f8f5c18f560 con 0x7f9180030010
2015-01-02 14:23:05.042861 7f91f67d0700 1 -- 172.16.30.1:0/3227803 <== osd.449 172.16.30.15:6960/3389118 209 ==== osd_op_reply(1100 .dir.us-phx.1453348.1 [call] v8332'653982 uv653982 ack = 0) v6 ==== 188+0+0 (1274194228 0 0) 0x7f8fd8005440 con 0x7f9180030010
2015-01-02 14:23:05.042933 7f91f67d0700 1 -- 172.16.30.1:0/3227803 <== osd.449 172.16.30.15:6960/3389118 210 ==== osd_op_reply(1100 .dir.us-phx.1453348.1 [call] v8332'653982 uv653982 ondisk = 0) v6 ==== 188+0+0 (3323147127 0 0) 0x7f8fd8009120 con 0x7f9180030010
2015-01-02 14:23:05.065384 7f91f67d0700 1 -- 172.16.30.1:0/3227803 <== osd.449 172.16.30.15:6960/3389118 211 ==== osd_op_reply(1102 .dir.us-phx.1453348.1 [call] v8332'653983 uv653983 ondisk = 0) v6 ==== 188+0+0 (2838224806 0 0) 0x7f8fd8005440 con 0x7f9180030010
2015-01-02 14:23:05.065501 7f8e7ffd7700 1 -- 172.16.30.1:0/3227803 --> 172.16.30.9:6855/78869 -- osd_op(client.1565140.0:1103 us-phx.1453348.1__shadow_140a474a-8b92-48a5-b1ee-81e49782bc9c.bam.2/wqyeeHIFmBa5o3CEyKF0GRqwQpmDQ1M.1_74 [call refcount.put] 27.b31e8e03 ondisk+write+known_if_redirected e8332) v4 -- ?+0 0x7f8f5c18b870 con 0x7f8f5c18d010
2015-01-02 14:23:05.074502 7f91f67d0700 1 -- 172.16.30.1:0/3227803 <== osd.251 172.16.30.9:6855/78869 2 ==== osd_op_reply(1103 us-phx.1453348.1__shadow_140a474a-8b92-48a5-b1ee-81e49782bc9c.bam.2/wqyeeHIFmBa5o3CEyKF0GRqwQpmDQ1M.1_74 [call] v0'0 uv2382 ondisk = -2 ((2) No such file or directory)) v6 ==== 271+0+0 (2263696635 0 0) 0x7f91ac0045b0 con 0x7f8f5c18d010
2015-01-02 14:23:05.074650 7f8e7ffd7700 1 -- 172.16.30.1:0/3227803 --> 172.16.30.15:6960/3389118 -- osd_op(client.1565140.0:1104 .dir.us-phx.1453348.1 [call rgw.bucket_complete_op] 33.2acd6d1e ack+ondisk+write+known_if_redirected e8332) v4 -- ?+0 0x7f8f5c18b870 con 0x7f9180030010
2015-01-02 14:23:05.074686 7f8e7ffd7700 20 RGWObjManifest::operator++(): rule->part_size=0 rules.size()=1
2015-01-02 14:23:05.074689 7f8e7ffd7700 0 RGWObjManifest::operator++(): result: ofs=314572800 stripe_ofs=314572800 part_ofs=0 rule->part_size=0
2015-01-02 14:23:05.074706 7f8e7ffd7700 20 get_obj_state: rctx=0x7f8e7ffd61d0 obj=cghub-tcga:_shadow_140a474a-8b92-48a5-b1ee-81e49782bc9c.bam.2/wqyeeHIFmBa5o3CEyKF0GRqwQpmDQ1M.1_75 state=0x7f8f5c18fb38 s->prefetch_data=0
2015-01-02 14:23:05.074798 7f8e7ffd7700 1 -- 172.16.30.1:0/3227803 --> 172.16.30.16:6990/2754498 -- osd_op(client.1565140.0:1105 us-phx.1453348.1__shadow_140a474a-8b92-48a5-b1ee-81e49782bc9c.bam.2/wqyeeHIFmBa5o3CEyKF0GRqwQpmDQ1M.1_75 [getxattrs,stat] 27.ddfe6b8b ack+read+known_if_redirected e8332) v4 -- ?+0 0x7f8f5c18c560 con 0x7f8f5c18c3f0
2015-01-02 14:23:05.088668 7f91f67d0700 1 -- 172.16.30.1:0/3227803 <== osd.414 172.16.30.16:6990/2754498 1 ==== osd_op_reply(1105 us-phx.1453348.1__shadow_140a474a-8b92-48a5-b1ee-81e49782bc9c.bam.2/wqyeeHIFmBa5o3CEyKF0GRqwQpmDQ1M.1_75 [getxattrs,stat] v0'0 uv0 ack = -2 ((2) No such file or directory)) v6 ==== 313+0+0 (3951052553 0 0) 0x7f91b4002550 con 0x7f8f5c18c3f0
2015-01-02 14:23:05.088835 7f8e7ffd7700 20 prepare_atomic_for_write_impl: state is not atomic. state=0x7f8f5c18fb38
2015-01-02 14:23:05.088854 7f8e7ffd7700 20 RGWDataChangesLog::add_entry() bucket.name=cghub-tcga now=2015-01-02 14:23:05.088853 cur_expiration=2015-01-02 14:23:29.807824
2015-01-02 14:23:05.088978 7f8e7ffd7700 1 -- 172.16.30.1:0/3227803 --> 172.16.30.15:6960/3389118 -- osd_op(client.1565140.0:1106 .dir.us-phx.1453348.1 [call rgw.bucket_prepare_op] 33.2acd6d1e ondisk+write+known_if_redirected e8332) v4 -- ?+0 0x7f8f5c18c560 con 0x7f9180030010
2015-01-02 14:23:05.104115 7f91f67d0700 1 -- 172.16.30.1:0/3227803 <== osd.449 172.16.30.15:6960/3389118 212 ==== osd_op_reply(1104 .dir.us-phx.1453348.1 [call] v8332'653984 uv653984 ack = 0) v6 ==== 188+0+0 (2269215913 0 0) 0x7f8fd8005440 con 0x7f9180030010
2015-01-02 14:23:05.104813 7f91f67d0700 1 -- 172.16.30.1:0/3227803 <== osd.449 172.16.30.15:6960/3389118 213 ==== osd_op_reply(1104 .dir.us-phx.1453348.1 [call] v8332'653984 uv653984 ondisk = 0) v6 ==== 188+0+0 (178317034 0 0) 0x7f8fd8005440 con 0x7f9180030010
2015-01-02 14:23:05.114087 7f91f67d0700 1 -- 172.16.30.1:0/3227803 <== osd.449 172.16.30.15:6960/3389118 214 ==== osd_op_reply(1106 .dir.us-phx.1453348.1 [call] v8332'653985 uv653985 ondisk = 0) v6 ==== 188+0+0 (1704462907 0 0) 0x7f8fd8005440 con 0x7f9180030010
2015-01-02 14:23:05.114244 7f8e7ffd7700 1 -- 172.16.30.1:0/3227803 --> 172.16.30.16:6990/2754498 -- osd_op(client.1565140.0:1107 us-phx.1453348.1__shadow_140a474a-8b92-48a5-b1ee-81e49782bc9c.bam.2/wqyeeHIFmBa5o3CEyKF0GRqwQpmDQ1M.1_75 [call refcount.put] 27.ddfe6b8b ondisk+write+known_if_redirected e8332) v4 -- ?+0 0x7f8f5c18cd20 con 0x7f8f5c18c3f0
2015-01-02 14:23:05.133990 7f91f67d0700 1 -- 172.16.30.1:0/3227803 <== osd.414 172.16.30.16:6990/2754498 2 ==== osd_op_reply(1107 us-phx.1453348.1__shadow_140a474a-8b92-48a5-b1ee-81e49782bc9c.bam.2/wqyeeHIFmBa5o3CEyKF0GRqwQpmDQ1M.1_75 [call] v0'0 uv2148 ondisk = -2 ((2) No such file or directory)) v6 ==== 271+0+0 (2782567201 0 0) 0x7f91b4004680 con 0x7f8f5c18c3f0
2015-01-02 14:23:05.134165 7f8e7ffd7700 1 -- 172.16.30.1:0/3227803 --> 172.16.30.15:6960/3389118 -- osd_op(client.1565140.0:1108 .dir.us-phx.1453348.1 [call rgw.bucket_complete_op] 33.2acd6d1e ack+ondisk+write+known_if_redirected e8332) v4 -- ?+0 0x7f8f5c18cd20 con 0x7f9180030010
2015-01-02 14:23:05.134208 7f8e7ffd7700 20 RGWObjManifest::operator++(): rule->part_size=0 rules.size()=1
2015-01-02 14:23:05.134211 7f8e7ffd7700 0 RGWObjManifest::operator++(): result: ofs=318767104 stripe_ofs=318767104 part_ofs=0 rule->part_size=0
2015-01-02 14:23:05.134232 7f8e7ffd7700 20 get_obj_state: rctx=0x7f8e7ffd61d0 obj=cghub-tcga:_shadow_140a474a-8b92-48a5-b1ee-81e49782bc9c.bam.2/wqyeeHIFmBa5o3CEyKF0GRqwQpmDQ1M.1_76 state=0x7f8f5c1952c8 s->prefetch_data=0
2015-01-02 14:23:05.134272 7f8e7ffd7700 1 -- 172.16.30.1:0/3227803 --> 172.16.30.3:6835/3600033 -- osd_op(client.1565140.0:1109 us-phx.1453348.1__shadow_140a474a-8b92-48a5-b1ee-81e49782bc9c.bam.2/wqyeeHIFmBa5o3CEyKF0GRqwQpmDQ1M.1_76 [getxattrs,stat] 27.6908ed4 ack+read+known_if_redirected e8332) v4 -- ?+0 0x7f8f5c193fc0 con 0x7f8f5c147e90
2015-01-02 14:23:05.138475 7f91f67d0700 1 -- 172.16.30.1:0/3227803 <== osd.767 172.16.30.3:6835/3600033 3 ==== osd_op_reply(1109 us-phx.1453348.1__shadow_140a474a-8b92-48a5-b1ee-81e49782bc9c.bam.2/wqyeeHIFmBa5o3CEyKF0GRqwQpmDQ1M.1_76 [getxattrs,stat] v0'0 uv0 ack = -2 ((2) No such file or directory)) v6 ==== 313+0+0 (278909307 0 0) 0x7f90f0005390 con 0x7f8f5c147e90
2015-01-02 14:23:05.138621 7f8e7ffd7700 20 prepare_atomic_for_write_impl: state is not atomic. state=0x7f8f5c1952c8
2015-01-02 14:23:05.138647 7f8e7ffd7700 20 RGWDataChangesLog::add_entry() bucket.name=cghub-tcga now=2015-01-02 14:23:05.138646 cur_expiration=2015-01-02 14:23:29.807824
2015-01-02 14:23:05.138807 7f8e7ffd7700 1 -- 172.16.30.1:0/3227803 --> 172.16.30.15:6960/3389118 -- osd_op(client.1565140.0:1110 .dir.us-phx.1453348.1 [call rgw.bucket_prepare_op] 33.2acd6d1e ondisk+write+known_if_redirected e8332) v4 -- ?+0 0x7f8f5c1958d0 con 0x7f9180030010
2015-01-02 14:23:05.240157 7f91f67d0700 1 -- 172.16.30.1:0/3227803 <== osd.449 172.16.30.15:6960/3389118 215 ==== osd_op_reply(1108 .dir.us-phx.1453348.1 [call] v8332'653986 uv653986 ack = 0) v6 ==== 188+0+0 (1640251107 0 0) 0x7f8fd8005440 con 0x7f9180030010
2015-01-02 14:23:05.240883 7f91f67d0700 1 -- 172.16.30.1:0/3227803 <== osd.449 172.16.30.15:6960/3389118 216 ==== osd_op_reply(1108 .dir.us-phx.1453348.1 [call] v8332'653986 uv653986 ondisk = 0) v6 ==== 188+0+0 (3961889952 0 0) 0x7f8fd8005440 con 0x7f9180030010
2015-01-02 14:23:05.247614 7f91f67d0700 1 -- 172.16.30.1:0/3227803 <== osd.449 172.16.30.15:6960/3389118 217 ==== osd_op_reply(1110 .dir.us-phx.1453348.1 [call] v8332'653987 uv653987 ondisk = 0) v6 ==== 188+0+0 (2199734385 0 0) 0x7f8fd8005440 con 0x7f9180030010
2015-01-02 14:23:05.247810 7f8e7ffd7700 1 -- 172.16.30.1:0/3227803 --> 172.16.30.3:6835/3600033 -- osd_op(client.1565140.0:1111 us-phx.1453348.1__shadow_140a474a-8b92-48a5-b1ee-81e49782bc9c.bam.2/wqyeeHIFmBa5o3CEyKF0GRqwQpmDQ1M.1_76 [call refcount.put] 27.6908ed4 ondisk+write+known_if_redirected e8332) v4 -- ?+0 0x7f8f5c18cd20 con 0x7f8f5c147e90
2015-01-02 14:23:05.259758 7f91f67d0700 1 -- 172.16.30.1:0/3227803 <== osd.767 172.16.30.3:6835/3600033 4 ==== osd_op_reply(1111 us-phx.1453348.1__shadow_140a474a-8b92-48a5-b1ee-81e49782bc9c.bam.2/wqyeeHIFmBa5o3CEyKF0GRqwQpmDQ1M.1_76 [call] v0'0 uv2358 ondisk = -2 ((2) No such file or directory)) v6 ==== 271+0+0 (4243061892 0 0) 0x7f90f0005760 con 0x7f8f5c147e90
2015-01-02 14:23:05.259976 7f8e7ffd7700 1 -- 172.16.30.1:0/3227803 --> 172.16.30.15:6960/3389118 -- osd_op(client.1565140.0:1112 .dir.us-phx.1453348.1 [call rgw.bucket_complete_op] 33.2acd6d1e ack+ondisk+write+known_if_redirected e8332) v4 -- ?+0 0x7f8f5c18cd20 con 0x7f9180030010
2015-01-02 14:23:05.260036 7f8e7ffd7700 20 RGWObjManifest::operator++(): rule->part_size=0 rules.size()=1
2015-01-02 14:23:05.260041 7f8e7ffd7700 0 RGWObjManifest::operator++(): result: ofs=322961408 stripe_ofs=322961408 part_ofs=0 rule->part_size=0
2015-01-02 14:23:05.260070 7f8e7ffd7700 20 get_obj_state: rctx=0x7f8e7ffd61d0 obj=cghub-tcga:_shadow_140a474a-8b92-48a5-b1ee-81e49782bc9c.bam.2/wqyeeHIFmBa5o3CEyKF0GRqwQpmDQ1M.1_77 state=0x7f8f5c194808 s->prefetch_data=0
2015-01-02 14:23:05.260223 7f8e7ffd7700 1 -- 172.16.30.1:0/3227803 --> 172.16.30.5:6960/3332628 -- osd_op(client.1565140.0:1113 us-phx.1453348.1__shadow_140a474a-8b92-48a5-b1ee-81e49782bc9c.bam.2/wqyeeHIFmBa5o3CEyKF0GRqwQpmDQ1M.1_77 [getxattrs,stat] 27.9ea85fc7 ack+read+known_if_redirected e8332) v4 -- ?+0 0x7f8f5c18cd20 con 0x7f8f5c18dae0
2015-01-02 14:23:05.269809 7f91f67d0700 1 -- 172.16.30.1:0/3227803 <== osd.149 172.16.30.5:6960/3332628 1 ==== osd_op_reply(1113 us-phx.1453348.1__shadow_140a474a-8b92-48a5-b1ee-81e49782bc9c.bam.2/wqyeeHIFmBa5o3CEyKF0GRqwQpmDQ1M.1_77 [getxattrs,stat] v0'0 uv0 ack = -2 ((2) No such file or directory)) v6 ==== 313+0+0 (2017447687 0 0) 0x7f91bc001100 con 0x7f8f5c18dae0
2015-01-02 14:23:05.269993 7f8e7ffd7700 20 prepare_atomic_for_write_impl: state is not atomic. state=0x7f8f5c194808
2015-01-02 14:23:05.270020 7f8e7ffd7700 20 RGWDataChangesLog::add_entry() bucket.name=cghub-tcga now=2015-01-02 14:23:05.270019 cur_expiration=2015-01-02 14:23:29.807824
2015-01-02 14:23:05.270153 7f8e7ffd7700 1 -- 172.16.30.1:0/3227803 --> 172.16.30.15:6960/3389118 -- osd_op(client.1565140.0:1114 .dir.us-phx.1453348.1 [call rgw.bucket_prepare_op] 33.2acd6d1e ondisk+write+known_if_redirected e8332) v4 -- ?+0 0x7f8f5c187fb0 con 0x7f9180030010
2015-01-02 14:23:05.313672 7f91f67d0700 1 -- 172.16.30.1:0/3227803 <== osd.449 172.16.30.15:6960/3389118 218 ==== osd_op_reply(1112 .dir.us-phx.1453348.1 [call] v8332'653988 uv653988 ack = 0) v6 ==== 188+0+0 (1336381132 0 0) 0x7f8fd8005440 con 0x7f9180030010
2015-01-02 14:23:05.314424 7f91f67d0700 1 -- 172.16.30.1:0/3227803 <== osd.449 172.16.30.15:6960/3389118 219 ==== osd_op_reply(1112 .dir.us-phx.1453348.1 [call] v8332'653988 uv653988 ondisk = 0) v6 ==== 188+0+0 (3259372687 0 0) 0x7f8fd8005440 con 0x7f9180030010
2015-01-02 14:23:05.315467 7f91f67d0700 1 -- 172.16.30.1:0/3227803 <== osd.449 172.16.30.15:6960/3389118 220 ==== osd_op_reply(1114 .dir.us-phx.1453348.1 [call] v8332'653989 uv653989 ondisk = 0) v6 ==== 188+0+0 (2910779486 0 0) 0x7f8fd8005440 con 0x7f9180030010
2015-01-02 14:23:05.315670 7f8e7ffd7700 1 -- 172.16.30.1:0/3227803 --> 172.16.30.5:6960/3332628 -- osd_op(client.1565140.0:1115 us-phx.1453348.1__shadow_140a474a-8b92-48a5-b1ee-81e49782bc9c.bam.2/wqyeeHIFmBa5o3CEyKF0GRqwQpmDQ1M.1_77 [call refcount.put] 27.9ea85fc7 ondisk+write+known_if_redirected e8332) v4 -- ?+0 0x7f8f5c18cd20 con 0x7f8f5c18dae0
2015-01-02 14:23:05.325011 7f91f67d0700 1 -- 172.16.30.1:0/3227803 <== osd.149 172.16.30.5:6960/3332628 2 ==== osd_op_reply(1115 us-phx.1453348.1__shadow_140a474a-8b92-48a5-b1ee-81e49782bc9c.bam.2/wqyeeHIFmBa5o3CEyKF0GRqwQpmDQ1M.1_77 [call] v0'0 uv2344 ondisk = -2 ((2) No such file or directory)) v6 ==== 271+0+0 (2811880015 0 0) 0x7f91bc001100 con 0x7f8f5c18dae0
2015-01-02 14:23:05.325289 7f8e7ffd7700 1 -- 172.16.30.1:0/3227803 --> 172.16.30.15:6960/3389118 -- osd_op(client.1565140.0:1116 .dir.us-phx.1453348.1 [call rgw.bucket_complete_op] 33.2acd6d1e ack+ondisk+write+known_if_redirected e8332) v4 -- ?+0 0x7f8f5c18e320 con 0x7f9180030010
2015-01-02 14:23:05.325348 7f8e7ffd7700 20 RGWObjManifest::operator++(): rule->part_size=0 rules.size()=1
2015-01-02 14:23:05.325353 7f8e7ffd7700 0 RGWObjManifest::operator++(): result: ofs=327155712 stripe_ofs=327155712 part_ofs=0 rule->part_size=0
2015-01-02 14:23:05.325384 7f8e7ffd7700 20 get_obj_state: rctx=0x7f8e7ffd61d0 obj=cghub-tcga:_shadow_140a474a-8b92-48a5-b1ee-81e49782bc9c.bam.2/wqyeeHIFmBa5o3CEyKF0GRqwQpmDQ1M.1_78 state=0x7f8f5c18e848 s->prefetch_data=0
2015-01-02 14:23:05.325439 7f8e7ffd7700 1 -- 172.16.30.1:0/3227803 --> 172.16.30.7:6865/3609148 -- osd_op(client.1565140.0:1117 us-phx.1453348.1__shadow_140a474a-8b92-48a5-b1ee-81e49782bc9c.bam.2/wqyeeHIFmBa5o3CEyKF0GRqwQpmDQ1M.1_78 [getxattrs,stat] 27.ebaf8d54 ack+read+known_if_redirected e8332) v4 -- ?+0 0x7f8f5c197010 con 0x7f9180242010
2015-01-02 14:23:05.330719 7f91f67d0700 1 -- 172.16.30.1:0/3227803 <== osd.242 172.16.30.7:6865/3609148 4 ==== osd_op_reply(1117 us-phx.1453348.1__shadow_140a474a-8b92-48a5-b1ee-81e49782bc9c.bam.2/wqyeeHIFmBa5o3CEyKF0GRqwQpmDQ1M.1_78 [getxattrs,stat] v0'0 uv0 ack = -2 ((2) No such file or directory)) v6 ==== 313+0+0 (1906882696 0 0) 0x7f91140050d0 con 0x7f9180242010
2015-01-02 14:23:05.330884 7f8e7ffd7700 20 prepare_atomic_for_write_impl: state is not atomic. state=0x7f8f5c18e848
2015-01-02 14:23:05.330911 7f8e7ffd7700 20 RGWDataChangesLog::add_entry() bucket.name=cghub-tcga now=2015-01-02 14:23:05.330910 cur_expiration=2015-01-02 14:23:29.807824
2015-01-02 14:23:05.331046 7f8e7ffd7700 1 -- 172.16.30.1:0/3227803 --> 172.16.30.15:6960/3389118 -- osd_op(client.1565140.0:1118 .dir.us-phx.1453348.1 [call rgw.bucket_prepare_op] 33.2acd6d1e ondisk+write+known_if_redirected e8332) v4 -- ?+0 0x7f8f5c197010 con 0x7f9180030010
2015-01-02 14:23:05.454555 7f91f67d0700 1 -- 172.16.30.1:0/3227803 <== osd.449 172.16.30.15:6960/3389118 221 ==== osd_op_reply(1116 .dir.us-phx.1453348.1 [call] v8332'653990 uv653990 ack = 0) v6 ==== 188+0+0 (2837630086 0 0) 0x7f8fd8005440 con 0x7f9180030010
2015-01-02 14:23:05.455696 7f91f67d0700 1 -- 172.16.30.1:0/3227803 <== osd.449 172.16.30.15:6960/3389118 222 ==== osd_op_reply(1116 .dir.us-phx.1453348.1 [call] v8332'653990 uv653990 ondisk = 0) v6 ==== 188+0+0 (616781509 0 0) 0x7f8fd8005440 con 0x7f9180030010
2015-01-02 14:23:05.480660 7f91f67d0700 1 -- 172.16.30.1:0/3227803 <== osd.449 172.16.30.15:6960/3389118 223 ==== osd_op_reply(1118 .dir.us-phx.1453348.1 [call] v8332'653991 uv653991 ondisk = 0) v6 ==== 188+0+0 (1274788372 0 0) 0x7f8fd8005440 con 0x7f9180030010
2015-01-02 14:23:05.480849 7f8e7ffd7700 1 -- 172.16.30.1:0/3227803 --> 172.16.30.7:6865/3609148 -- osd_op(client.1565140.0:1119 us-phx.1453348.1__shadow_140a474a-8b92-48a5-b1ee-81e49782bc9c.bam.2/wqyeeHIFmBa5o3CEyKF0GRqwQpmDQ1M.1_78 [call refcount.put] 27.ebaf8d54 ondisk+write+known_if_redirected e8332) v4 -- ?+0 0x7f8f5c18ec30 con 0x7f9180242010
2015-01-02 14:23:05.490630 7f91f67d0700 1 -- 172.16.30.1:0/3227803 <== osd.242 172.16.30.7:6865/3609148 5 ==== osd_op_reply(1119 us-phx.1453348.1__shadow_140a474a-8b92-48a5-b1ee-81e49782bc9c.bam.2/wqyeeHIFmBa5o3CEyKF0GRqwQpmDQ1M.1_78 [call] v0'0 uv2048 ondisk = -2 ((2) No such file or directory)) v6 ==== 271+0+0 (1388470719 0 0) 0x7f9114007470 con 0x7f9180242010
2015-01-02 14:23:05.490862 7f8e7ffd7700 1 -- 172.16.30.1:0/3227803 --> 172.16.30.15:6960/3389118 -- osd_op(client.1565140.0:1120 .dir.us-phx.1453348.1 [call rgw.bucket_complete_op] 33.2acd6d1e ack+ondisk+write+known_if_redirected e8332) v4 -- ?+0 0x7f8f5c18f050 con 0x7f9180030010
2015-01-02 14:23:05.490923 7f8e7ffd7700 20 RGWObjManifest::operator++(): rule->part_size=0 rules.size()=1
2015-01-02 14:23:05.490927 7f8e7ffd7700 0 RGWObjManifest::operator++(): result: ofs=331350016 stripe_ofs=331350016 part_ofs=0 rule->part_size=0
2015-01-02 14:23:05.490957 7f8e7ffd7700 20 get_obj_state: rctx=0x7f8e7ffd61d0 obj=cghub-tcga:_shadow_140a474a-8b92-48a5-b1ee-81e49782bc9c.bam.2/wqyeeHIFmBa5o3CEyKF0GRqwQpmDQ1M.1_79 state=0x7f8f5c199298 s->prefetch_data=0
2015-01-02 14:23:05.491100 7f8e7ffd7700 1 -- 172.16.30.1:0/3227803 --> 172.16.30.17:7025/106118 -- osd_op(client.1565140.0:1121 us-phx.1453348.1__shadow_140a474a-8b92-48a5-b1ee-81e49782bc9c.bam.2/wqyeeHIFmBa5o3CEyKF0GRqwQpmDQ1M.1_79 [getxattrs,stat] 27.e551ad93 ack+read+known_if_redirected e8332) v4 -- ?+0 0x7f8f5c18f050 con 0x7f8f5c197030
2015-01-02 14:23:05.506335 7f91f67d0700 1 -- 172.16.30.1:0/3227803 <== osd.616 172.16.30.17:7025/106118 1 ==== osd_op_reply(1121 us-phx.1453348.1__shadow_140a474a-8b92-48a5-b1ee-81e49782bc9c.bam.2/wqyeeHIFmBa5o3CEyKF0GRqwQpmDQ1M.1_79 [getxattrs,stat] v0'0 uv0 ack = -2 ((2) No such file or directory)) v6 ==== 313+0+0 (3237659387 0 0) 0x7f91c4000de0 con 0x7f8f5c197030
2015-01-02 14:23:05.506505 7f8e7ffd7700 20 prepare_atomic_for_write_impl: state is not atomic. state=0x7f8f5c199298
2015-01-02 14:23:05.506532 7f8e7ffd7700 20 RGWDataChangesLog::add_entry() bucket.name=cghub-tcga now=2015-01-02 14:23:05.506531 cur_expiration=2015-01-02 14:23:29.807824
2015-01-02 14:23:05.506700 7f8e7ffd7700 1 -- 172.16.30.1:0/3227803 --> 172.16.30.15:6960/3389118 -- osd_op(client.1565140.0:1122 .dir.us-phx.1453348.1 [call rgw.bucket_prepare_op] 33.2acd6d1e ondisk+write+known_if_redirected e8332) v4 -- ?+0 0x7f8f5c199cf0 con 0x7f9180030010
2015-01-02 14:23:05.523625 7f91f67d0700 1 -- 172.16.30.1:0/3227803 <== osd.449 172.16.30.15:6960/3389118 224 ==== osd_op_reply(1120 .dir.us-phx.1453348.1 [call] v8332'653992 uv653992 ondisk = 0) v6 ==== 188+0+0 (2659284177 0 0) 0x7f8fd8005440 con 0x7f9180030010
2015-01-02 14:23:05.533801 7f91f67d0700 1 -- 172.16.30.1:0/3227803 <== osd.449 172.16.30.15:6960/3389118 225 ==== osd_op_reply(1122 .dir.us-phx.1453348.1 [call] v8332'653993 uv653993 ondisk = 0) v6 ==== 188+0+0 (4055472128 0 0) 0x7f8fd8005440 con 0x7f9180030010
2015-01-02 14:23:05.533996 7f8e7ffd7700 1 -- 172.16.30.1:0/3227803 --> 172.16.30.17:7025/106118 -- osd_op(client.1565140.0:1123 us-phx.1453348.1__shadow_140a474a-8b92-48a5-b1ee-81e49782bc9c.bam.2/wqyeeHIFmBa5o3CEyKF0GRqwQpmDQ1M.1_79 [call refcount.put] 27.e551ad93 ondisk+write+known_if_redirected e8332) v4 -- ?+0 0x7f8f5c18f050 con 0x7f8f5c197030
2015-01-02 14:23:05.556122 7f91f67d0700 1 -- 172.16.30.1:0/3227803 <== osd.616 172.16.30.17:7025/106118 2 ==== osd_op_reply(1123 us-phx.1453348.1__shadow_140a474a-8b92-48a5-b1ee-81e49782bc9c.bam.2/wqyeeHIFmBa5o3CEyKF0GRqwQpmDQ1M.1_79 [call] v0'0 uv2300 ondisk = -2 ((2) No such file or directory)) v6 ==== 271+0+0 (1861889115 0 0) 0x7f91c4001a70 con 0x7f8f5c197030
2015-01-02 14:23:05.556341 7f8e7ffd7700 1 -- 172.16.30.1:0/3227803 --> 172.16.30.15:6960/3389118 -- osd_op(client.1565140.0:1124 .dir.us-phx.1453348.1 [call rgw.bucket_complete_op] 33.2acd6d1e ack+ondisk+write+known_if_redirected e8332) v4 -- ?+0 0x7f8f5c18f050 con 0x7f9180030010
2015-01-02 14:23:05.556401 7f8e7ffd7700 20 RGWObjManifest::operator++(): rule->part_size=0 rules.size()=1
2015-01-02 14:23:05.556406 7f8e7ffd7700 0 RGWObjManifest::operator++(): result: ofs=335544320 stripe_ofs=335544320 part_ofs=0 rule->part_size=0
2015-01-02 14:23:05.556436 7f8e7ffd7700 20 get_obj_state: rctx=0x7f8e7ffd61d0 obj=cghub-tcga:_shadow_140a474a-8b92-48a5-b1ee-81e49782bc9c.bam.2/wqyeeHIFmBa5o3CEyKF0GRqwQpmDQ1M.1_80 state=0x7f8f5c197d38 s->prefetch_data=0
2015-01-02 14:23:05.556586 7f8e7ffd7700 1 -- 172.16.30.1:0/3227803 --> 172.16.30.14:6805/3139200 -- osd_op(client.1565140.0:1125 us-phx.1453348.1__shadow_140a474a-8b92-48a5-b1ee-81e49782bc9c.bam.2/wqyeeHIFmBa5o3CEyKF0GRqwQpmDQ1M.1_80 [getxattrs,stat] 27.183cbce8 ack+read+known_if_redirected e8332) v4 -- ?+0 0x7f8f5c18f050 con 0x7f8f5c19b900
2015-01-02 14:23:05.565982 7f91f67d0700 1 -- 172.16.30.1:0/3227803 <== osd.784 172.16.30.14:6805/3139200 1 ==== osd_op_reply(1125 us-phx.1453348.1__shadow_140a474a-8b92-48a5-b1ee-81e49782bc9c.bam.2/wqyeeHIFmBa5o3CEyKF0GRqwQpmDQ1M.1_80 [getxattrs,stat] v0'0 uv0 ack = -2 ((2) No such file or directory)) v6 ==== 313+0+0 (2395904876 0 0) 0x7f91cc000fd0 con 0x7f8f5c19b900
2015-01-02 14:23:05.566117 7f8e7ffd7700 20 prepare_atomic_for_write_impl: state is not atomic. state=0x7f8f5c197d38
2015-01-02 14:23:05.566142 7f8e7ffd7700 20 RGWDataChangesLog::add_entry() bucket.name=cghub-tcga now=2015-01-02 14:23:05.566142 cur_expiration=2015-01-02 14:23:29.807824
2015-01-02 14:23:05.566301 7f8e7ffd7700 1 -- 172.16.30.1:0/3227803 --> 172.16.30.15:6960/3389118 -- osd_op(client.1565140.0:1126 .dir.us-phx.1453348.1 [call rgw.bucket_prepare_op] 33.2acd6d1e ondisk+write+known_if_redirected e8332) v4 -- ?+0 0x7f8f5c19d290 con 0x7f9180030010
2015-01-02 14:23:05.605357 7f91f67d0700 1 -- 172.16.30.1:0/3227803 <== osd.449 172.16.30.15:6960/3389118 226 ==== osd_op_reply(1124 .dir.us-phx.1453348.1 [call] v8332'653994 uv653994 ondisk = 0) v6 ==== 188+0+0 (2013542043 0 0) 0x7f8fd8005440 con 0x7f9180030010
2015-01-02 14:23:05.614368 7f91f67d0700 1 -- 172.16.30.1:0/3227803 <== osd.449 172.16.30.15:6960/3389118 227 ==== osd_op_reply(1126 .dir.us-phx.1453348.1 [call] v8332'653995 uv653995 ondisk = 0) v6 ==== 188+0+0 (389864010 0 0) 0x7f8fd8005440 con 0x7f9180030010
2015-01-02 14:23:05.614558 7f8e7ffd7700 1 -- 172.16.30.1:0/3227803 --> 172.16.30.14:6805/3139200 -- osd_op(client.1565140.0:1127 us-phx.1453348.1__shadow_140a474a-8b92-48a5-b1ee-81e49782bc9c.bam.2/wqyeeHIFmBa5o3CEyKF0GRqwQpmDQ1M.1_80 [call refcount.put] 27.183cbce8 ondisk+write+known_if_redirected e8332) v4 -- ?+0 0x7f8f5c18f050 con 0x7f8f5c19b900
2015-01-02 14:23:05.624395 7f91f67d0700 1 -- 172.16.30.1:0/3227803 <== osd.784 172.16.30.14:6805/3139200 2 ==== osd_op_reply(1127 us-phx.1453348.1__shadow_140a474a-8b92-48a5-b1ee-81e49782bc9c.bam.2/wqyeeHIFmBa5o3CEyKF0GRqwQpmDQ1M.1_80 [call] v0'0 uv2045 ondisk = -2 ((2) No such file or directory)) v6 ==== 271+0+0 (2081428404 0 0) 0x7f91cc001ad0 con 0x7f8f5c19b900
2015-01-02 14:23:05.624633 7f8e7ffd7700 1 -- 172.16.30.1:0/3227803 --> 172.16.30.15:6960/3389118 -- osd_op(client.1565140.0:1128 .dir.us-phx.1453348.1 [call rgw.bucket_complete_op] 33.2acd6d1e ack+ondisk+write+known_if_redirected e8332) v4 -- ?+0 0x7f8f5c18f050 con 0x7f9180030010
2015-01-02 14:23:05.624692 7f8e7ffd7700 20 RGWObjManifest::operator++(): rule->part_size=0 rules.size()=1
2015-01-02 14:23:05.624697 7f8e7ffd7700 0 RGWObjManifest::operator++(): result: ofs=339738624 stripe_ofs=339738624 part_ofs=0 rule->part_size=0
2015-01-02 14:23:05.624726 7f8e7ffd7700 20 get_obj_state: rctx=0x7f8e7ffd61d0 obj=cghub-tcga:_shadow_140a474a-8b92-48a5-b1ee-81e49782bc9c.bam.2/wqyeeHIFmBa5o3CEyKF0GRqwQpmDQ1M.1_81 state=0x7f8f5c19d868 s->prefetch_data=0
2015-01-02 14:23:05.624874 7f8e7ffd7700 1 -- 172.16.30.1:0/3227803 --> 172.16.30.8:7030/2660552 -- osd_op(client.1565140.0:1129 us-phx.1453348.1__shadow_140a474a-8b92-48a5-b1ee-81e49782bc9c.bam.2/wqyeeHIFmBa5o3CEyKF0GRqwQpmDQ1M.1_81 [getxattrs,stat] 27.eeb67e28 ack+read+known_if_redirected e8332) v4 -- ?+0 0x7f8f5c18f050 con 0x7f8f5c19a3c0
2015-01-02 14:23:05.630506 7f91f67d0700 1 -- 172.16.30.1:0/3227803 <== osd.78 172.16.30.8:7030/2660552 1 ==== osd_op_reply(1129 us-phx.1453348.1__shadow_140a474a-8b92-48a5-b1ee-81e49782bc9c.bam.2/wqyeeHIFmBa5o3CEyKF0GRqwQpmDQ1M.1_81 [getxattrs,stat] v0'0 uv0 ack = -2 ((2) No such file or directory)) v6 ==== 313+0+0 (1916955769 0 0) 0x7f91d4000c70 con 0x7f8f5c19a3c0
2015-01-02 14:23:05.630671 7f8e7ffd7700 20 prepare_atomic_for_write_impl: state is not atomic. state=0x7f8f5c19d868
2015-01-02 14:23:05.630698 7f8e7ffd7700 20 RGWDataChangesLog::add_entry() bucket.name=cghub-tcga now=2015-01-02 14:23:05.630697 cur_expiration=2015-01-02 14:23:29.807824
2015-01-02 14:23:05.630855 7f8e7ffd7700 1 -- 172.16.30.1:0/3227803 --> 172.16.30.15:6960/3389118 -- osd_op(client.1565140.0:1130 .dir.us-phx.1453348.1 [call rgw.bucket_prepare_op] 33.2acd6d1e ondisk+write+known_if_redirected e8332) v4 -- ?+0 0x7f8f5c19ac00 con 0x7f9180030010
2015-01-02 14:23:05.665692 7f91f67d0700 1 -- 172.16.30.1:0/3227803 <== osd.449 172.16.30.15:6960/3389118 228 ==== osd_op_reply(1128 .dir.us-phx.1453348.1 [call] v8332'653996 uv653996 ack = 0) v6 ==== 188+0+0 (3682999543 0 0) 0x7f8fd8005440 con 0x7f9180030010
2015-01-02 14:23:05.666491 7f91f67d0700 1 -- 172.16.30.1:0/3227803 <== osd.449 172.16.30.15:6960/3389118 229 ==== osd_op_reply(1128 .dir.us-phx.1453348.1 [call] v8332'653996 uv653996 ondisk = 0) v6 ==== 188+0+0 (1449625268 0 0) 0x7f8fd8005440 con 0x7f9180030010
2015-01-02 14:23:05.680190 7f91ee7fc700 2 RGWDataChangesLog::ChangesRenewThread: start
2015-01-02 14:23:05.680332 7f91ee7fc700 1 -- 172.16.30.1:0/3227803 --> 172.16.30.15:7105/3391722 -- osd_op(client.1565140.0:1131 data_log.112 [call log.add] 35.f1e5afa4 ondisk+write+known_if_redirected e8332) v4 -- ?+0 0x7f91d40044e0 con 0x7f8f5c0bb280
2015-01-02 14:23:05.681338 7f91f67d0700 1 -- 172.16.30.1:0/3227803 <== osd.449 172.16.30.15:6960/3389118 230 ==== osd_op_reply(1130 .dir.us-phx.1453348.1 [call] v8332'653997 uv653997 ondisk = 0) v6 ==== 188+0+0 (962554469 0 0) 0x7f8fd8005440 con 0x7f9180030010
2015-01-02 14:23:05.681491 7f8e7ffd7700 1 -- 172.16.30.1:0/3227803 --> 172.16.30.8:7030/2660552 -- osd_op(client.1565140.0:1132 us-phx.1453348.1__shadow_140a474a-8b92-48a5-b1ee-81e49782bc9c.bam.2/wqyeeHIFmBa5o3CEyKF0GRqwQpmDQ1M.1_81 [call refcount.put] 27.eeb67e28 ondisk+write+known_if_redirected e8332) v4 -- ?+0 0x7f8f5c18f050 con 0x7f8f5c19a3c0
2015-01-02 14:23:05.691508 7f91f67d0700 1 -- 172.16.30.1:0/3227803 <== osd.78 172.16.30.8:7030/2660552 2 ==== osd_op_reply(1132 us-phx.1453348.1__shadow_140a474a-8b92-48a5-b1ee-81e49782bc9c.bam.2/wqyeeHIFmBa5o3CEyKF0GRqwQpmDQ1M.1_81 [call] v0'0 uv1773 ondisk = -2 ((2) No such file or directory)) v6 ==== 271+0+0 (80842487 0 0) 0x7f91d4004b50 con 0x7f8f5c19a3c0
2015-01-02 14:23:05.691724 7f8e7ffd7700 1 -- 172.16.30.1:0/3227803 --> 172.16.30.15:6960/3389118 -- osd_op(client.1565140.0:1133 .dir.us-phx.1453348.1 [call rgw.bucket_complete_op] 33.2acd6d1e ack+ondisk+write+known_if_redirected e8332) v4 -- ?+0 0x7f8f5c18f050 con 0x7f9180030010
2015-01-02 14:23:05.691784 7f8e7ffd7700 20 RGWObjManifest::operator++(): rule->part_size=0 rules.size()=1
2015-01-02 14:23:05.691788 7f8e7ffd7700 0 RGWObjManifest::operator++(): result: ofs=343932928 stripe_ofs=343932928 part_ofs=0 rule->part_size=0
2015-01-02 14:23:05.691818 7f8e7ffd7700 20 get_obj_state: rctx=0x7f8e7ffd61d0 obj=cghub-tcga:_shadow_140a474a-8b92-48a5-b1ee-81e49782bc9c.bam.2/wqyeeHIFmBa5o3CEyKF0GRqwQpmDQ1M.1_82 state=0x7f8f5c19f248 s->prefetch_data=0
2015-01-02 14:23:05.691963 7f8e7ffd7700 1 -- 172.16.30.1:0/3227803 --> 172.16.30.3:6855/3600222 -- osd_op(client.1565140.0:1134 us-phx.1453348.1__shadow_140a474a-8b92-48a5-b1ee-81e49782bc9c.bam.2/wqyeeHIFmBa5o3CEyKF0GRqwQpmDQ1M.1_82 [getxattrs,stat] 27.a7b37b2e ack+read+known_if_redirected e8332) v4 -- ?+0 0x7f8f5c18f050 con 0x7f8f5c1a0e50
