2014-12-17 09:40:47.379076 7f9f9effd700 1 -- 192.168.122.110:0/1025602 --> 192.168.122.113:6800/23617 -- osd_op(client.7734.0:857 gc.169 [call rgw.gc_list] 92.92b413f ack+read+known_if_redirected e283) v4 -- ?+0 0x7f9f700400e0 con 0x24d4e20
2014-12-17 09:40:47.379564 7f9fb37fe700 1 -- 192.168.122.110:0/1025602 <== osd.2 192.168.122.113:6800/23617 272 ==== osd_op_reply(857 gc.169 [call] v0'0 uv15 ondisk = 0) v6 ==== 173+0+11 (893397213 0 1993775135) 0x7f9f8c020230 con 0x24d4e20
2014-12-17 09:40:47.379601 7f9f9effd700 1 -- 192.168.122.110:0/1025602 --> 192.168.122.113:6800/23617 -- osd_op(client.7734.0:858 gc.169 [call lock.unlock] 92.92b413f ondisk+write+known_if_redirected e283) v4 -- ?+0 0x7f9f700400e0 con 0x24d4e20
2014-12-17 09:40:47.381465 7f9fb37fe700 1 -- 192.168.122.110:0/1025602 <== osd.2 192.168.122.113:6800/23617 273 ==== osd_op_reply(858 gc.169 [call] v283'16 uv16 ondisk = 0) v6 ==== 173+0+0 (2621370405 0 0) 0x7f9f8c020230 con 0x24d4e20
2014-12-17 09:40:47.381508 7f9f9effd700 1 -- 192.168.122.110:0/1025602 --> 192.168.122.113:6800/23617 -- osd_op(client.7734.0:859 gc.170 [call lock.lock] 92.ce588083 ondisk+write+known_if_redirected e283) v4 -- ?+0 0x7f9f700400e0 con 0x24d4e20
2014-12-17 09:40:47.383286 7f9fb37fe700 1 -- 192.168.122.110:0/1025602 <== osd.2 192.168.122.113:6800/23617 274 ==== osd_op_reply(859 gc.170 [call] v283'7 uv7 ondisk = 0) v6 ==== 173+0+0 (3547700341 0 0) 0x7f9f8c020160 con 0x24d4e20
2014-12-17 09:40:47.383347 7f9f9effd700 1 -- 192.168.122.110:0/1025602 --> 192.168.122.113:6800/23617 -- osd_op(client.7734.0:860 gc.170 [call rgw.gc_list] 92.ce588083 ack+read+known_if_redirected e283) v4 -- ?+0 0x7f9f700ee1b0 con 0x24d4e20
2014-12-17 09:40:47.383834 7f9fb37fe700 1 -- 192.168.122.110:0/1025602 <== osd.2 192.168.122.113:6800/23617 275 ==== osd_op_reply(860 gc.170 [call] v0'0 uv7 ondisk = 0) v6 ==== 173+0+11 (1807577601 0 1993775135) 0x7f9f8c020230 con 0x24d4e20
2014-12-17 09:40:47.383869 7f9f9effd700 1 -- 192.168.122.110:0/1025602 --> 192.168.122.113:6800/23617 -- osd_op(client.7734.0:861 gc.170 [call lock.unlock] 92.ce588083 ondisk+write+known_if_redirected e283) v4 -- ?+0 0x7f9f700400e0 con 0x24d4e20
2014-12-17 09:40:47.386062 7f9fb37fe700 1 -- 192.168.122.110:0/1025602 <== osd.2 192.168.122.113:6800/23617 276 ==== osd_op_reply(861 gc.170 [call] v283'8 uv8 ondisk = 0) v6 ==== 173+0+0 (262527398 0 0) 0x7f9f8c020230 con 0x24d4e20
2014-12-17 09:40:47.386123 7f9f9effd700 1 -- 192.168.122.110:0/1025602 --> 192.168.122.111:6800/17009 -- osd_op(client.7734.0:862 gc.171 [call lock.lock] 92.d6dbd71f ondisk+write+known_if_redirected e283) v4 -- ?+0 0x7f9f700ee1b0 con 0x24e4b10
2014-12-17 09:40:47.397351 7f9fb37fe700 1 -- 192.168.122.110:0/1025602 <== osd.0 192.168.122.111:6800/17009 266 ==== osd_op_reply(862 gc.171 [call] v283'7 uv7 ondisk = 0) v6 ==== 173+0+0 (2243684691 0 0) 0x7f9f78001ca0 con 0x24e4b10
2014-12-17 09:40:47.397420 7f9f9effd700 1 -- 192.168.122.110:0/1025602 --> 192.168.122.111:6800/17009 -- osd_op(client.7734.0:863 gc.171 [call rgw.gc_list] 92.d6dbd71f ack+read+known_if_redirected e283) v4 -- ?+0 0x7f9f700400e0 con 0x24e4b10
2014-12-17 09:40:47.397995 7f9fb37fe700 1 -- 192.168.122.110:0/1025602 <== osd.0 192.168.122.111:6800/17009 267 ==== osd_op_reply(863 gc.171 [call] v0'0 uv7 ondisk = 0) v6 ==== 173+0+11 (1030948647 0 1993775135) 0x7f9f78001ca0 con 0x24e4b10
2014-12-17 09:40:47.398048 7f9f9effd700 1 -- 192.168.122.110:0/1025602 --> 192.168.122.111:6800/17009 -- osd_op(client.7734.0:864 gc.171 [call lock.unlock] 92.d6dbd71f ondisk+write+known_if_redirected e283) v4 -- ?+0 0x7f9f700ee1b0 con 0x24e4b10
2014-12-17 09:40:47.400258 7f9fb37fe700 1 -- 192.168.122.110:0/1025602 <== osd.0 192.168.122.111:6800/17009 268 ==== osd_op_reply(864 gc.171 [call] v283'8 uv8 ondisk = 0) v6 ==== 173+0+0 (1500228736 0 0) 0x7f9f78001ca0 con 0x24e4b10
2014-12-17 09:40:47.400307 7f9f9effd700 1 -- 192.168.122.110:0/1025602 --> 192.168.122.113:6800/23617 -- osd_op(client.7734.0:865 gc.172 [call lock.lock] 92.edffd5ff ondisk+write+known_if_redirected e283) v4 -- ?+0 0x7f9f700400e0 con 0x24d4e20
2014-12-17 09:40:47.402656 7f9fb37fe700 1 -- 192.168.122.110:0/1025602 <== osd.2 192.168.122.113:6800/23617 277 ==== osd_op_reply(865 gc.172 [call] v283'17 uv17 ondisk = 0) v6 ==== 173+0+0 (3590909955 0 0) 0x7f9f8c020160 con 0x24d4e20
2014-12-17 09:40:47.402721 7f9f9effd700 1 -- 192.168.122.110:0/1025602 --> 192.168.122.113:6800/23617 -- osd_op(client.7734.0:866 gc.172 [call rgw.gc_list] 92.edffd5ff ack+read+known_if_redirected e283) v4 -- ?+0 0x7f9f700400e0 con 0x24d4e20
2014-12-17 09:40:47.403338 7f9fb37fe700 1 -- 192.168.122.110:0/1025602 <== osd.2 192.168.122.113:6800/23617 278 ==== osd_op_reply(866 gc.172 [call] v0'0 uv17 ondisk = 0) v6 ==== 173+0+11 (3806917548 0 1993775135) 0x7f9f8c020210 con 0x24d4e20
2014-12-17 09:40:47.403384 7f9f9effd700 1 -- 192.168.122.110:0/1025602 --> 192.168.122.113:6800/23617 -- osd_op(client.7734.0:867 gc.172 [call lock.unlock] 92.edffd5ff ondisk+write+known_if_redirected e283) v4 -- ?+0 0x7f9f700400e0 con 0x24d4e20
2014-12-17 09:40:47.405367 7f9fb37fe700 1 -- 192.168.122.110:0/1025602 <== osd.2 192.168.122.113:6800/23617 279 ==== osd_op_reply(867 gc.172 [call] v283'18 uv18 ondisk = 0) v6 ==== 173+0+0 (1444926862 0 0) 0x7f9f8c020160 con 0x24d4e20
2014-12-17 09:40:47.405449 7f9f9effd700 1 -- 192.168.122.110:0/1025602 --> 192.168.122.113:6800/23617 -- osd_op(client.7734.0:868 gc.173 [call lock.lock] 92.1adeed95 ondisk+write+known_if_redirected e283) v4 -- ?+0 0x7f9f700f01b0 con 0x24d4e20
2014-12-17 09:40:47.407679 7f9fb37fe700 1 -- 192.168.122.110:0/1025602 <== osd.2 192.168.122.113:6800/23617 280 ==== osd_op_reply(868 gc.173 [call] v283'11 uv11 ondisk = 0) v6 ==== 173+0+0 (2944402828 0 0) 0x7f9f8c020220 con 0x24d4e20
2014-12-17 09:40:47.407745 7f9f9effd700 1 -- 192.168.122.110:0/1025602 --> 192.168.122.113:6800/23617 -- osd_op(client.7734.0:869 gc.173 [call rgw.gc_list] 92.1adeed95 ack+read+known_if_redirected e283) v4 -- ?+0 0x7f9f700400e0 con 0x24d4e20
2014-12-17 09:40:47.408316 7f9fb37fe700 1 -- 192.168.122.110:0/1025602 <== osd.2 192.168.122.113:6800/23617 281 ==== osd_op_reply(869 gc.173 [call] v0'0 uv11 ondisk = 0) v6 ==== 173+0+11 (2279955148 0 1993775135) 0x7f9f8c020230 con 0x24d4e20
2014-12-17 09:40:47.408353 7f9f9effd700 1 -- 192.168.122.110:0/1025602 --> 192.168.122.113:6800/23617 -- osd_op(client.7734.0:870 gc.173 [call lock.unlock] 92.1adeed95 ondisk+write+known_if_redirected e283) v4 -- ?+0 0x7f9f700f01b0 con 0x24d4e20
2014-12-17 09:40:47.410410 7f9fb37fe700 1 -- 192.168.122.110:0/1025602 <== osd.2 192.168.122.113:6800/23617 282 ==== osd_op_reply(870 gc.173 [call] v283'12 uv12 ondisk = 0) v6 ==== 173+0+0 (3882996324 0 0) 0x7f9f8c020230 con 0x24d4e20
2014-12-17 09:40:47.410464 7f9f9effd700 1 -- 192.168.122.110:0/1025602 --> 192.168.122.113:6800/23617 -- osd_op(client.7734.0:871 gc.174 [call lock.lock] 92.54fa2ee7 ondisk+write+known_if_redirected e283) v4 -- ?+0 0x7f9f700400e0 con 0x24d4e20
2014-12-17 09:40:47.412503 7f9fb37fe700 1 -- 192.168.122.110:0/1025602 <== osd.2 192.168.122.113:6800/23617 283 ==== osd_op_reply(871 gc.174 [call] v283'9 uv9 ondisk = 0) v6 ==== 173+0+0 (3583993961 0 0) 0x7f9f8c020160 con 0x24d4e20
2014-12-17 09:40:47.412549 7f9f9effd700 1 -- 192.168.122.110:0/1025602 --> 192.168.122.113:6800/23617 -- osd_op(client.7734.0:872 gc.174 [call rgw.gc_list] 92.54fa2ee7 ack+read+known_if_redirected e283) v4 -- ?+0 0x7f9f700f01b0 con 0x24d4e20
2014-12-17 09:40:47.413134 7f9fb37fe700 1 -- 192.168.122.110:0/1025602 <== osd.2 192.168.122.113:6800/23617 284 ==== osd_op_reply(872 gc.174 [call] v0'0 uv9 ondisk = 0) v6 ==== 173+0+11 (3318251359 0 1993775135) 0x7f9f8c020230 con 0x24d4e20
2014-12-17 09:40:47.413170 7f9f9effd700 1 -- 192.168.122.110:0/1025602 --> 192.168.122.113:6800/23617 -- osd_op(client.7734.0:873 gc.174 [call lock.unlock] 92.54fa2ee7 ondisk+write+known_if_redirected e283) v4 -- ?+0 0x7f9f700400e0 con 0x24d4e20
2014-12-17 09:40:47.415413 7f9fb37fe700 1 -- 192.168.122.110:0/1025602 <== osd.2 192.168.122.113:6800/23617 285 ==== osd_op_reply(873 gc.174 [call] v283'10 uv10 ondisk = 0) v6 ==== 173+0+0 (1434996196 0 0) 0x7f9f8c020230 con 0x24d4e20
2014-12-17 09:40:47.415466 7f9f9effd700 1 -- 192.168.122.110:0/1025602 --> 192.168.122.112:6800/23010 -- osd_op(client.7734.0:874 gc.175 [call lock.lock] 92.bbeef324 ondisk+write+known_if_redirected e283) v4 -- ?+0 0x7f9f700400e0 con 0x24d1730
2014-12-17 09:40:47.417509 7f9fb37fe700 1 -- 192.168.122.110:0/1025602 <== osd.1 192.168.122.112:6800/23010 321 ==== osd_op_reply(874 gc.175 [call] v283'7 uv7 ondisk = 0) v6 ==== 173+0+0 (1897553412 0 0) 0x7f9f94026e90 con 0x24d1730
2014-12-17 09:40:47.417575 7f9f9effd700 1 -- 192.168.122.110:0/1025602 --> 192.168.122.112:6800/23010 -- osd_op(client.7734.0:875 gc.175 [call rgw.gc_list] 92.bbeef324 ack+read+known_if_redirected e283) v4 -- ?+0 0x7f9f700400e0 con 0x24d1730
2014-12-17 09:40:47.418085 7f9fb37fe700 1 -- 192.168.122.110:0/1025602 <== osd.1 192.168.122.112:6800/23010 322 ==== osd_op_reply(875 gc.175 [call] v0'0 uv7 ondisk = 0) v6 ==== 173+0+11 (3386028144 0 1993775135) 0x7f9f94026f60 con 0x24d1730
2014-12-17 09:40:47.418131 7f9f9effd700 1 -- 192.168.122.110:0/1025602 --> 192.168.122.112:6800/23010 -- osd_op(client.7734.0:876 gc.175 [call lock.unlock] 92.bbeef324 ondisk+write+known_if_redirected e283) v4 -- ?+0 0x7f9f700f21b0 con 0x24d1730
2014-12-17 09:40:47.420002 7f9fb37fe700 1 -- 192.168.122.110:0/1025602 <== osd.1 192.168.122.112:6800/23010 323 ==== osd_op_reply(876 gc.175 [call] v283'8 uv8 ondisk = 0) v6 ==== 173+0+0 (2915703767 0 0) 0x7f9f94026f60 con 0x24d1730
2014-12-17 09:40:47.420045 7f9f9effd700 1 -- 192.168.122.110:0/1025602 --> 192.168.122.112:6800/23010 -- osd_op(client.7734.0:877 gc.176 [call lock.lock] 92.efb591b5 ondisk+write+known_if_redirected e283) v4 -- ?+0 0x7f9f700400e0 con 0x24d1730
2014-12-17 09:40:47.422055 7f9fb37fe700 1 -- 192.168.122.110:0/1025602 <== osd.1 192.168.122.112:6800/23010 324 ==== osd_op_reply(877 gc.176 [call] v283'3 uv3 ondisk = 0) v6 ==== 173+0+0 (4129170912 0 0) 0x7f9f94026f40 con 0x24d1730
2014-12-17 09:40:47.422113 7f9f9effd700 1 -- 192.168.122.110:0/1025602 --> 192.168.122.112:6800/23010 -- osd_op(client.7734.0:878 gc.176 [call rgw.gc_list] 92.efb591b5 ack+read+known_if_redirected e283) v4 -- ?+0 0x7f9f700f21b0 con 0x24d1730
2014-12-17 09:40:47.422630 7f9fb37fe700 1 -- 192.168.122.110:0/1025602 <== osd.1 192.168.122.112:6800/23010 325 ==== osd_op_reply(878 gc.176 [call] v0'0 uv3 ondisk = 0) v6 ==== 173+0+11 (1051876216 0 1993775135) 0x7f9f94026e00 con 0x24d1730
2014-12-17 09:40:47.422675 7f9f9effd700 1 -- 192.168.122.110:0/1025602 --> 192.168.122.112:6800/23010 -- osd_op(client.7734.0:879 gc.176 [call lock.unlock] 92.efb591b5 ondisk+write+known_if_redirected e283) v4 -- ?+0 0x7f9f700400e0 con 0x24d1730
2014-12-17 09:40:47.424428 7f9fb37fe700 1 -- 192.168.122.110:0/1025602 <== osd.1 192.168.122.112:6800/23010 326 ==== osd_op_reply(879 gc.176 [call] v283'4 uv4 ondisk = 0) v6 ==== 173+0+0 (3203396104 0 0) 0x7f9f940273c0 con 0x24d1730
2014-12-17 09:40:47.424470 7f9f9effd700 1 -- 192.168.122.110:0/1025602 --> 192.168.122.113:6800/23617 -- osd_op(client.7734.0:880 gc.177 [call lock.lock] 92.7ea96415 ondisk+write+known_if_redirected e283) v4 -- ?+0 0x7f9f700f21b0 con 0x24d4e20
2014-12-17 09:40:47.426488 7f9fb37fe700 1 -- 192.168.122.110:0/1025602 <== osd.2 192.168.122.113:6800/23617 286 ==== osd_op_reply(880 gc.177 [call] v283'13 uv13 ondisk = 0) v6 ==== 173+0+0 (1545782111 0 0) 0x7f9f8c020160 con 0x24d4e20
2014-12-17 09:40:47.426534 7f9f9effd700 1 -- 192.168.122.110:0/1025602 --> 192.168.122.113:6800/23617 -- osd_op(client.7734.0:881 gc.177 [call rgw.gc_list] 92.7ea96415 ack+read+known_if_redirected e283) v4 -- ?+0 0x7f9f700400e0 con 0x24d4e20
2014-12-17 09:40:47.426993 7f9fb37fe700 1 -- 192.168.122.110:0/1025602 <== osd.2 192.168.122.113:6800/23617 287 ==== osd_op_reply(881 gc.177 [call] v0'0 uv13 ondisk = 0) v6 ==== 173+0+11 (1007764613 0 1993775135) 0x7f9f8c020210 con 0x24d4e20
2014-12-17 09:40:47.427028 7f9f9effd700 1 -- 192.168.122.110:0/1025602 --> 192.168.122.113:6800/23617 -- osd_op(client.7734.0:882 gc.177 [call lock.unlock] 92.7ea96415 ondisk+write+known_if_redirected e283) v4 -- ?+0 0x7f9f700400e0 con 0x24d4e20
2014-12-17 09:40:47.429012 7f9fb37fe700 1 -- 192.168.122.110:0/1025602 <== osd.2 192.168.122.113:6800/23617 288 ==== osd_op_reply(882 gc.177 [call] v283'14 uv14 ondisk = 0) v6 ==== 173+0+0 (3694520018 0 0) 0x7f9f8c020160 con 0x24d4e20
2014-12-17 09:40:47.429054 7f9f9effd700 1 -- 192.168.122.110:0/1025602 --> 192.168.122.112:6800/23010 -- osd_op(client.7734.0:883 gc.178 [call lock.lock] 92.bc6c5db5 ondisk+write+known_if_redirected e283) v4 -- ?+0 0x7f9f700400e0 con 0x24d1730
2014-12-17 09:40:47.430910 7f9fb37fe700 1 -- 192.168.122.110:0/1025602 <== osd.1 192.168.122.112:6800/23010 327 ==== osd_op_reply(883 gc.178 [call] v283'5 uv5 ondisk = 0) v6 ==== 173+0+0 (927167512 0 0) 0x7f9f940273c0 con 0x24d1730
2014-12-17 09:40:47.430969 7f9f9effd700 1 -- 192.168.122.110:0/1025602 --> 192.168.122.112:6800/23010 -- osd_op(client.7734.0:884 gc.178 [call rgw.gc_list] 92.bc6c5db5 ack+read+known_if_redirected e283) v4 -- ?+0 0x7f9f700f41b0 con 0x24d1730
2014-12-17 09:40:47.431466 7f9fb37fe700 1 -- 192.168.122.110:0/1025602 <== osd.1 192.168.122.112:6800/23010 328 ==== osd_op_reply(884 gc.178 [call] v0'0 uv5 ondisk = 0) v6 ==== 173+0+11 (3082408474 0 1993775135) 0x7f9f94027090 con 0x24d1730
2014-12-17 09:40:47.431501 7f9f9effd700 1 -- 192.168.122.110:0/1025602 --> 192.168.122.112:6800/23010 -- osd_op(client.7734.0:885 gc.178 [call lock.unlock] 92.bc6c5db5 ondisk+write+known_if_redirected e283) v4 -- ?+0 0x7f9f700400e0 con 0x24d1730
2014-12-17 09:40:47.433195 7f9fb37fe700 1 -- 192.168.122.110:0/1025602 <== osd.1 192.168.122.112:6800/23010 329 ==== osd_op_reply(885 gc.178 [call] v283'6 uv6 ondisk = 0) v6 ==== 173+0+0 (3075756437 0 0) 0x7f9f94027820 con 0x24d1730
2014-12-17 09:40:47.433236 7f9f9effd700 1 -- 192.168.122.110:0/1025602 --> 192.168.122.113:6800/23617 -- osd_op(client.7734.0:886 gc.179 [call lock.lock] 92.2ae3d666 ondisk+write+known_if_redirected e283) v4 -- ?+0 0x7f9f700f41b0 con 0x24d4e20
2014-12-17 09:40:47.435062 7f9fb37fe700 1 -- 192.168.122.110:0/1025602 <== osd.2 192.168.122.113:6800/23617 289 ==== osd_op_reply(886 gc.179 [call] v283'17 uv17 ondisk = 0) v6 ==== 173+0+0 (320129186 0 0) 0x7f9f8c020220 con 0x24d4e20
2014-12-17 09:40:47.435109 7f9f9effd700 1 -- 192.168.122.110:0/1025602 --> 192.168.122.113:6800/23617 -- osd_op(client.7734.0:887 gc.179 [call rgw.gc_list] 92.2ae3d666 ack+read+known_if_redirected e283) v4 -- ?+0 0x7f9f700400e0 con 0x24d4e20
2014-12-17 09:40:47.435671 7f9fb37fe700 1 -- 192.168.122.110:0/1025602 <== osd.2 192.168.122.113:6800/23617 290 ==== osd_op_reply(887 gc.179 [call] v0'0 uv17 ondisk = 0) v6 ==== 173+0+11 (670354189 0 1993775135) 0x7f9f8c020230 con 0x24d4e20
2014-12-17 09:40:47.435706 7f9f9effd700 1 -- 192.168.122.110:0/1025602 --> 192.168.122.113:6800/23617 -- osd_op(client.7734.0:888 gc.179 [call lock.unlock] 92.2ae3d666 ondisk+write+known_if_redirected e283) v4 -- ?+0 0x7f9f700f41b0 con 0x24d4e20
2014-12-17 09:40:47.437697 7f9fb37fe700 1 -- 192.168.122.110:0/1025602 <== osd.2 192.168.122.113:6800/23617 291 ==== osd_op_reply(888 gc.179 [call] v283'18 uv18 ondisk = 0) v6 ==== 173+0+0 (2466508079 0 0) 0x7f9f8c020230 con 0x24d4e20
2014-12-17 09:40:47.437740 7f9f9effd700 1 -- 192.168.122.110:0/1025602 --> 192.168.122.113:6800/23617 -- osd_op(client.7734.0:889 gc.180 [call lock.lock] 92.12d29f73 ondisk+write+known_if_redirected e283) v4 -- ?+0 0x7f9f700400e0 con 0x24d4e20
2014-12-17 09:40:47.439640 7f9fb37fe700 1 -- 192.168.122.110:0/1025602 <== osd.2 192.168.122.113:6800/23617 292 ==== osd_op_reply(889 gc.180 [call] v283'15 uv15 ondisk = 0) v6 ==== 173+0+0 (835418839 0 0) 0x7f9f8c020160 con 0x24d4e20
2014-12-17 09:40:47.439704 7f9f9effd700 1 -- 192.168.122.110:0/1025602 --> 192.168.122.113:6800/23617 -- osd_op(client.7734.0:890 gc.180 [call rgw.gc_list] 92.12d29f73 ack+read+known_if_redirected e283) v4 -- ?+0 0x7f9f700400e0 con 0x24d4e20
2014-12-17 09:40:47.440234 7f9fb37fe700 1 -- 192.168.122.110:0/1025602 <== osd.2 192.168.122.113:6800/23617 293 ==== osd_op_reply(890 gc.180 [call] v0'0 uv15 ondisk = 0) v6 ==== 173+0+11 (1774892411 0 1993775135) 0x7f9f8c020230 con 0x24d4e20
2014-12-17 09:40:47.440268 7f9f9effd700 1 -- 192.168.122.110:0/1025602 --> 192.168.122.113:6800/23617 -- osd_op(client.7734.0:891 gc.180 [call lock.unlock] 92.12d29f73 ondisk+write+known_if_redirected e283) v4 -- ?+0 0x7f9f700400e0 con 0x24d4e20
2014-12-17 09:40:47.442077 7f9fb37fe700 1 -- 192.168.122.110:0/1025602 <== osd.2 192.168.122.113:6800/23617 294 ==== osd_op_reply(891 gc.180 [call] v283'16 uv16 ondisk = 0) v6 ==== 173+0+0 (3233049987 0 0) 0x7f9f8c020230 con 0x24d4e20
2014-12-17 09:40:47.442137 7f9f9effd700 1 -- 192.168.122.110:0/1025602 --> 192.168.122.113:6800/23617 -- osd_op(client.7734.0:892 gc.181 [call lock.lock] 92.fc519498 ondisk+write+known_if_redirected e283) v4 -- ?+0 0x7f9f700f61b0 con 0x24d4e20
2014-12-17 09:40:47.444863 7f9fb37fe700 1 -- 192.168.122.110:0/1025602 <== osd.2 192.168.122.113:6800/23617 295 ==== osd_op_reply(892 gc.181 [call] v283'13 uv13 ondisk = 0) v6 ==== 173+0+0 (554197690 0 0) 0x7f9f8c020160 con 0x24d4e20
2014-12-17 09:40:47.444949 7f9f9effd700 1 -- 192.168.122.110:0/1025602 --> 192.168.122.113:6800/23617 -- osd_op(client.7734.0:893 gc.181 [call rgw.gc_list] 92.fc519498 ack+read+known_if_redirected e283) v4 -- ?+0 0x7f9f700400e0 con 0x24d4e20
2014-12-17 09:40:47.445513 7f9fb37fe700 1 -- 192.168.122.110:0/1025602 <== osd.2 192.168.122.113:6800/23617 296 ==== osd_op_reply(893 gc.181 [call] v0'0 uv13 ondisk = 0) v6 ==== 173+0+11 (1094444384 0 1993775135) 0x7f9f8c020210 con 0x24d4e20
2014-12-17 09:40:47.445565 7f9f9effd700 1 -- 192.168.122.110:0/1025602 --> 192.168.122.113:6800/23617 -- osd_op(client.7734.0:894 gc.181 [call lock.unlock] 92.fc519498 ondisk+write+known_if_redirected e283) v4 -- ?+0 0x7f9f700f61b0 con 0x24d4e20
2014-12-17 09:40:47.447860 7f9fb37fe700 1 -- 192.168.122.110:0/1025602 <== osd.2 192.168.122.113:6800/23617 297 ==== osd_op_reply(894 gc.181 [call] v283'14 uv14 ondisk = 0) v6 ==== 173+0+0 (2703181623 0 0) 0x7f9f8c020160 con 0x24d4e20
2014-12-17 09:40:47.447933 7f9f9effd700 1 -- 192.168.122.110:0/1025602 --> 192.168.122.112:6800/23010 -- osd_op(client.7734.0:895 gc.182 [call lock.lock] 92.6e3a3762 ondisk+write+known_if_redirected e283) v4 -- ?+0 0x7f9f700400e0 con 0x24d1730
2014-12-17 09:40:47.450110 7f9fb37fe700 1 -- 192.168.122.110:0/1025602 <== osd.1 192.168.122.112:6800/23010 330 ==== osd_op_reply(895 gc.182 [call] v283'5 uv5 ondisk = 0) v6 ==== 173+0+0 (2897126601 0 0) 0x7f9f94027090 con 0x24d1730
2014-12-17 09:40:47.450182 7f9f9effd700 1 -- 192.168.122.110:0/1025602 --> 192.168.122.112:6800/23010 -- osd_op(client.7734.0:896 gc.182 [call rgw.gc_list] 92.6e3a3762 ack+read+known_if_redirected e283) v4 -- ?+0 0x7f9f700f61b0 con 0x24d1730
2014-12-17 09:40:47.450698 7f9fb37fe700 1 -- 192.168.122.110:0/1025602 <== osd.1 192.168.122.112:6800/23010 331 ==== osd_op_reply(896 gc.182 [call] v0'0 uv5 ondisk = 0) v6 ==== 173+0+11 (743703243 0 1993775135) 0x7f9f94027090 con 0x24d1730
2014-12-17 09:40:47.450746 7f9f9effd700 1 -- 192.168.122.110:0/1025602 --> 192.168.122.112:6800/23010 -- osd_op(client.7734.0:897 gc.182 [call lock.unlock] 92.6e3a3762 ondisk+write+known_if_redirected e283) v4 -- ?+0 0x7f9f700400e0 con 0x24d1730
2014-12-17 09:40:47.453158 7f9fb37fe700 1 -- 192.168.122.110:0/1025602 <== osd.1 192.168.122.112:6800/23010 332 ==== osd_op_reply(897 gc.182 [call] v283'6 uv6 ondisk = 0) v6 ==== 173+0+0 (750354756 0 0) 0x7f9f94027090 con 0x24d1730
2014-12-17 09:40:47.453233 7f9f9effd700 1 -- 192.168.122.110:0/1025602 --> 192.168.122.113:6800/23617 -- osd_op(client.7734.0:898 gc.183 [call lock.lock] 92.45d85dad ondisk+write+known_if_redirected e283) v4 -- ?+0 0x7f9f700400e0 con 0x24d4e20
2014-12-17 09:40:47.455226 7f9fb37fe700 1 -- 192.168.122.110:0/1025602 <== osd.2 192.168.122.113:6800/23617 298 ==== osd_op_reply(898 gc.183 [call] v283'5 uv5 ondisk = 0) v6 ==== 173+0+0 (232398779 0 0) 0x7f9f8c020220 con 0x24d4e20
2014-12-17 09:40:47.455284 7f9f9effd700 1 -- 192.168.122.110:0/1025602 --> 192.168.122.113:6800/23617 -- osd_op(client.7734.0:899 gc.183 [call rgw.gc_list] 92.45d85dad ack+read+known_if_redirected e283) v4 -- ?+0 0x7f9f700400e0 con 0x24d4e20
2014-12-17 09:40:47.455749 7f9fb37fe700 1 -- 192.168.122.110:0/1025602 <== osd.2 192.168.122.113:6800/23617 299 ==== osd_op_reply(899 gc.183 [call] v0'0 uv5 ondisk = 0) v6 ==== 173+0+11 (2367732153 0 1993775135) 0x7f9f8c020230 con 0x24d4e20
2014-12-17 09:40:47.455802 7f9f9effd700 1 -- 192.168.122.110:0/1025602 --> 192.168.122.113:6800/23617 -- osd_op(client.7734.0:900 gc.183 [call lock.unlock] 92.45d85dad ondisk+write+known_if_redirected e283) v4 -- ?+0 0x7f9f700f81b0 con 0x24d4e20
2014-12-17 09:40:47.457817 7f9fb37fe700 1 -- 192.168.122.110:0/1025602 <== osd.2 192.168.122.113:6800/23617 300 ==== osd_op_reply(900 gc.183 [call] v283'6 uv6 ondisk = 0) v6 ==== 173+0+0 (2379037238 0 0) 0x7f9f8c020230 con 0x24d4e20
2014-12-17 09:40:47.457869 7f9f9effd700 1 -- 192.168.122.110:0/1025602 --> 192.168.122.111:6800/17009 -- osd_op(client.7734.0:901 gc.184 [call lock.lock] 92.6d487b11 ondisk+write+known_if_redirected e283) v4 -- ?+0 0x7f9f700400e0 con 0x24e4b10
2014-12-17 09:40:47.459735 7f9fb37fe700 1 -- 192.168.122.110:0/1025602 <== osd.0 192.168.122.111:6800/17009 269 ==== osd_op_reply(901 gc.184 [call] v283'13 uv13 ondisk = 0) v6 ==== 173+0+0 (1522266771 0 0) 0x7f9f78001ca0 con 0x24e4b10
2014-12-17 09:40:47.459783 7f9f9effd700 1 -- 192.168.122.110:0/1025602 --> 192.168.122.111:6800/17009 -- osd_op(client.7734.0:902 gc.184 [call rgw.gc_list] 92.6d487b11 ack+read+known_if_redirected e283) v4 -- ?+0 0x7f9f700f81b0 con 0x24e4b10
2014-12-17 09:40:47.460247 7f9fb37fe700 1 -- 192.168.122.110:0/1025602 <== osd.0 192.168.122.111:6800/17009 270 ==== osd_op_reply(902 gc.184 [call] v0'0 uv13 ondisk = 0) v6 ==== 173+0+11 (982021449 0 1993775135) 0x7f9f78001ca0 con 0x24e4b10
2014-12-17 09:40:47.460282 7f9f9effd700 1 -- 192.168.122.110:0/1025602 --> 192.168.122.111:6800/17009 -- osd_op(client.7734.0:903 gc.184 [call lock.unlock] 92.6d487b11 ondisk+write+known_if_redirected e283) v4 -- ?+0 0x7f9f700400e0 con 0x24e4b10
2014-12-17 09:40:47.461925 7f9fb37fe700 1 -- 192.168.122.110:0/1025602 <== osd.0 192.168.122.111:6800/17009 271 ==== osd_op_reply(903 gc.184 [call] v283'14 uv14 ondisk = 0) v6 ==== 173+0+0 (3668760350 0 0) 0x7f9f78001ca0 con 0x24e4b10
2014-12-17 09:40:47.461984 7f9f9effd700 1 -- 192.168.122.110:0/1025602 --> 192.168.122.111:6800/17009 -- osd_op(client.7734.0:904 gc.185 [call lock.lock] 92.bcd71481 ondisk+write+known_if_redirected e283) v4 -- ?+0 0x7f9f700f81b0 con 0x24e4b10
2014-12-17 09:40:47.463892 7f9fb37fe700 1 -- 192.168.122.110:0/1025602 <== osd.0 192.168.122.111:6800/17009 272 ==== osd_op_reply(904 gc.185 [call] v283'9 uv9 ondisk = 0) v6 ==== 173+0+0 (2339896668 0 0) 0x7f9f78001ca0 con 0x24e4b10
2014-12-17 09:40:47.463946 7f9f9effd700 1 -- 192.168.122.110:0/1025602 --> 192.168.122.111:6800/17009 -- osd_op(client.7734.0:905 gc.185 [call rgw.gc_list] 92.bcd71481 ack+read+known_if_redirected e283) v4 -- ?+0 0x7f9f700400e0 con 0x24e4b10
2014-12-17 09:40:47.464403 7f9fb37fe700 1 -- 192.168.122.110:0/1025602 <== osd.0 192.168.122.111:6800/17009 273 ==== osd_op_reply(905 gc.185 [call] v0'0 uv9 ondisk = 0) v6 ==== 173+0+11 (2602625642 0 1993775135) 0x7f9f78001ca0 con 0x24e4b10
2014-12-17 09:40:47.464438 7f9f9effd700 1 -- 192.168.122.110:0/1025602 --> 192.168.122.111:6800/17009 -- osd_op(client.7734.0:906 gc.185 [call lock.unlock] 92.bcd71481 ondisk+write+known_if_redirected e283) v4 -- ?+0 0x7f9f700400e0 con 0x24e4b10
2014-12-17 09:40:47.466145 7f9fb37fe700 1 -- 192.168.122.110:0/1025602 <== osd.0 192.168.122.111:6800/17009 274 ==== osd_op_reply(906 gc.185 [call] v283'10 uv10 ondisk = 0) v6 ==== 173+0+0 (190896337 0 0) 0x7f9f78001ca0 con 0x24e4b10
2014-12-17 09:40:47.466199 7f9f9effd700 1 -- 192.168.122.110:0/1025602 --> 192.168.122.113:6800/23617 -- osd_op(client.7734.0:907 gc.186 [call lock.lock] 92.69d5f1d5 ondisk+write+known_if_redirected e283) v4 -- ?+0 0x7f9f700400e0 con 0x24d4e20
2014-12-17 09:40:47.468284 7f9fb37fe700 1 -- 192.168.122.110:0/1025602 <== osd.2 192.168.122.113:6800/23617 301 ==== osd_op_reply(907 gc.186 [call] v283'15 uv15 ondisk = 0) v6 ==== 173+0+0 (4094961047 0 0) 0x7f9f8c020160 con 0x24d4e20
2014-12-17 09:40:47.468365 7f9f9effd700 1 -- 192.168.122.110:0/1025602 --> 192.168.122.113:6800/23617 -- osd_op(client.7734.0:908 gc.186 [call rgw.gc_list] 92.69d5f1d5 ack+read+known_if_redirected e283) v4 -- ?+0 0x7f9f700fa1b0 con 0x24d4e20
2014-12-17 09:40:47.468980 7f9fb37fe700 1 -- 192.168.122.110:0/1025602 <== osd.2 192.168.122.113:6800/23617 302 ==== osd_op_reply(908 gc.186 [call] v0'0 uv15 ondisk = 0) v6 ==== 173+0+11 (2887117371 0 1993775135) 0x7f9f8c020230 con 0x24d4e20
2014-12-17 09:40:47.469031 7f9f9effd700 1 -- 192.168.122.110:0/1025602 --> 192.168.122.113:6800/23617 -- osd_op(client.7734.0:909 gc.186 [call lock.unlock] 92.69d5f1d5 ondisk+write+known_if_redirected e283) v4 -- ?+0 0x7f9f700400e0 con 0x24d4e20
2014-12-17 09:40:47.470986 7f9fb37fe700 1 -- 192.168.122.110:0/1025602 <== osd.2 192.168.122.113:6800/23617 303 ==== osd_op_reply(909 gc.186 [call] v283'16 uv16 ondisk = 0) v6 ==== 173+0+0 (90911427 0 0) 0x7f9f8c020230 con 0x24d4e20
2014-12-17 09:40:47.471044 7f9f9effd700 1 -- 192.168.122.110:0/1025602 --> 192.168.122.112:6800/23010 -- osd_op(client.7734.0:910 gc.187 [call lock.lock] 92.7c37c534 ondisk+write+known_if_redirected e283) v4 -- ?+0 0x7f9f700fa1b0 con 0x24d1730
2014-12-17 09:40:47.473375 7f9fb37fe700 1 -- 192.168.122.110:0/1025602 <== osd.1 192.168.122.112:6800/23010 333 ==== osd_op_reply(910 gc.187 [call] v283'17 uv17 ondisk = 0) v6 ==== 173+0+0 (1750358421 0 0) 0x7f9f94026e30 con 0x24d1730
2014-12-17 09:40:47.473465 7f9f9effd700 1 -- 192.168.122.110:0/1025602 --> 192.168.122.112:6800/23010 -- osd_op(client.7734.0:911 gc.187 [call rgw.gc_list] 92.7c37c534 ack+read+known_if_redirected e283) v4 -- ?+0 0x7f9f700400e0 con 0x24d1730
2014-12-17 09:40:47.474412 7f9fb37fe700 1 -- 192.168.122.110:0/1025602 <== osd.1 192.168.122.112:6800/23010 334 ==== osd_op_reply(911 gc.187 [call] v0'0 uv17 ondisk = 0) v6 ==== 173+0+11 (1555323450 0 1993775135) 0x7f9f9402b120 con 0x24d1730
2014-12-17 09:40:47.474472 7f9f9effd700 1 -- 192.168.122.110:0/1025602 --> 192.168.122.112:6800/23010 -- osd_op(client.7734.0:912 gc.187 [call lock.unlock] 92.7c37c534 ondisk+write+known_if_redirected e283) v4 -- ?+0 0x7f9f700fa1b0 con 0x24d1730
2014-12-17 09:40:47.479240 7f9fb37fe700 1 -- 192.168.122.110:0/1025602 <== osd.1 192.168.122.112:6800/23010 335 ==== osd_op_reply(912 gc.187 [call] v283'18 uv18 ondisk = 0) v6 ==== 173+0+0 (3896736792 0 0) 0x7f9f9402a0d0 con 0x24d1730
2014-12-17 09:40:47.479334 7f9f9effd700 1 -- 192.168.122.110:0/1025602 --> 192.168.122.112:6800/23010 -- osd_op(client.7734.0:913 gc.188 [call lock.lock] 92.3a02e737 ondisk+write+known_if_redirected e283) v4 -- ?+0 0x7f9f700400e0 con 0x24d1730
2014-12-17 09:40:47.479888 7f2d018b3700 1 -- 192.168.122.110:0/1025622 <== mon.1 192.168.122.112:6789/0 26 ==== pool_op_reply(tid 28 (0) Success v284) v1 ==== 43+0+0 (3361311298 0 0) 0x7f2cec0008c0 con 0x18f83e0
2014-12-17 09:40:47.479936 7f2d018b3700 1 -- 192.168.122.110:0/1025622 --> 192.168.122.112:6789/0 -- mon_subscribe({monmap=2+,osdmap=284}) v2 -- ?+0 0x7f2cf000b830 con 0x18f83e0
2014-12-17 09:40:47.480720 7f9fb37fe700 1 -- 192.168.122.110:0/1025602 <== osd.1 192.168.122.112:6800/23010 336 ==== osd_map(284..284 src has 1..284) v3 ==== 429+0+0 (4132345225 0 0) 0x7f9f94026fb0 con 0x24d1730
2014-12-17 09:40:47.481987 7f9fb37fe700 1 -- 192.168.122.110:0/1025602 <== osd.1 192.168.122.112:6800/23010 337 ==== osd_op_reply(913 gc.188 [call] v284'5 uv5 ondisk = 0) v6 ==== 173+0+0 (2361596671 0 0) 0x7f9f94026df0 con 0x24d1730
2014-12-17 09:40:47.482063 7f9f9effd700 1 -- 192.168.122.110:0/1025602 --> 192.168.122.112:6800/23010 -- osd_op(client.7734.0:914 gc.188 [call rgw.gc_list] 92.3a02e737 ack+read+known_if_redirected e284) v4 -- ?+0 0x7f9f700400e0 con 0x24d1730
2014-12-17 09:40:47.482525 7f9fb37fe700 1 -- 192.168.122.110:0/1025602 <== osd.1 192.168.122.112:6800/23010 338 ==== osd_op_reply(914 gc.188 [call] v0'0 uv5 ondisk = 0) v6 ==== 173+0+11 (3255308760 0 1993775135) 0x7f9f94026df0 con 0x24d1730
2014-12-17 09:40:47.482573 7f9f9effd700 1 -- 192.168.122.110:0/1025602 --> 192.168.122.112:6800/23010 -- osd_op(client.7734.0:915 gc.188 [call lock.unlock] 92.3a02e737 ondisk+write+known_if_redirected e284) v4 -- ?+0 0x7f9f700400e0 con 0x24d1730
2014-12-17 09:40:47.484064 7f2d018b3700 1 -- 192.168.122.110:0/1025622 <== mon.1 192.168.122.112:6789/0 27 ==== osd_map(284..284 src has 1..284) v3 ==== 429+0+0 (4132345225 0 0) 0x7f2cec002680 con 0x18f83e0
2014-12-17 09:40:47.484165 7f2d018b3700 1 -- 192.168.122.110:0/1025622 <== mon.1 192.168.122.112:6789/0 28 ==== mon_subscribe_ack(300s) v1 ==== 20+0+0 (4048590127 0 0) 0x7f2cec004010 con 0x18f83e0
2014-12-17 09:40:47.484191 7f2d0b943880 20 get_obj_state: rctx=0x1925e60 obj=.users.email:smead@hpc8888.com state=0x1927808 s->prefetch_data=0
2014-12-17 09:40:47.484199 7f2d0b943880 10 cache get: name=.users.email+smead@hpc8888.com : miss
2014-12-17 09:40:47.484218 7f2d0b943880 1 -- 192.168.122.110:0/1025622 --> 192.168.122.113:6800/23617 -- osd_op(client.7738.0:29 smead@hpc8888.com [getxattrs,stat] 94.bdd965b5 ack+read+known_if_redirected e284) v4 -- ?+0 0x19262b0 con 0x1910df0
2014-12-17 09:40:47.484882 7f9fb37fe700 1 -- 192.168.122.110:0/1025602 <== osd.1 192.168.122.112:6800/23010 339 ==== osd_op_reply(915 gc.188 [call] v284'6 uv6 ondisk = 0) v6 ==== 173+0+0 (215236466 0 0) 0x7f9f94027ca0 con 0x24d1730
2014-12-17 09:40:47.484955 7f9f9effd700 1 -- 192.168.122.110:0/1025602 --> 192.168.122.111:6800/17009 -- osd_op(client.7734.0:916 gc.189 [call lock.lock] 92.62159757 ondisk+write+known_if_redirected e284) v4 -- ?+0 0x7f9f700fc1b0 con 0x24e4b10
2014-12-17 09:40:47.490300 7f9fb37fe700 1 -- 192.168.122.110:0/1025602 <== osd.0 192.168.122.111:6800/17009 275 ==== osd_op_reply(916 gc.189 [call] v284'9 uv9 ondisk = 0) v6 ==== 173+0+0 (1053793937 0 0) 0x7f9f78001ca0 con 0x24e4b10
2014-12-17 09:40:47.490379 7f9f9effd700 1 -- 192.168.122.110:0/1025602 --> 192.168.122.111:6800/17009 -- osd_op(client.7734.0:917 gc.189 [call rgw.gc_list] 92.62159757 ack+read+known_if_redirected e284) v4 -- ?+0 0x7f9f700400e0 con 0x24e4b10
2014-12-17 09:40:47.499455 7f9fb37fe700 1 -- 192.168.122.110:0/1025602 <== osd.0 192.168.122.111:6800/17009 276 ==== osd_op_reply(917 gc.189 [call] v0'0 uv9 ondisk = 0) v6 ==== 173+0+11 (3769181314 0 1993775135) 0x7f9f78001ca0 con 0x24e4b10
2014-12-17 09:40:47.499551 7f9f9effd700 1 -- 192.168.122.110:0/1025602 --> 192.168.122.111:6800/17009 -- osd_op(client.7734.0:918 gc.189 [call lock.unlock] 92.62159757 ondisk+write+known_if_redirected e284) v4 -- ?+0 0x7f9f700fc1b0 con 0x24e4b10
2014-12-17 09:40:47.506919 7f9fb37fe700 1 -- 192.168.122.110:0/1025602 <== osd.0 192.168.122.111:6800/17009 277 ==== osd_op_reply(918 gc.189 [call] v284'10 uv10 ondisk = 0) v6 ==== 173+0+0 (3201874716 0 0) 0x7f9f78001ca0 con 0x24e4b10
2014-12-17 09:40:47.507025 7f9f9effd700 1 -- 192.168.122.110:0/1025602 --> 192.168.122.113:6800/23617 -- osd_op(client.7734.0:919 gc.190 [call lock.lock] 92.ba91098 ondisk+write+known_if_redirected e284) v4 -- ?+0 0x7f9f700400e0 con 0x24d4e20
2014-12-17 09:40:47.521199 7f9fb37fe700 1 -- 192.168.122.110:0/1025602 <== osd.2 192.168.122.113:6800/23617 304 ==== osd_op_reply(919 gc.190 [call] v284'15 uv15 ondisk = 0) v6 ==== 173+0+0 (2562962415 0 0) 0x7f9f8c020160 con 0x24d4e20
2014-12-17 09:40:47.521282 7f9f9effd700 1 -- 192.168.122.110:0/1025602 --> 192.168.122.113:6800/23617 -- osd_op(client.7734.0:920 gc.190 [call rgw.gc_list] 92.ba91098 ack+read+known_if_redirected e284) v4 -- ?+0 0x7f9f700fc1b0 con 0x24d4e20
2014-12-17 09:40:47.585015 7f9fb37fe700 1 -- 192.168.122.110:0/1025602 <== osd.2 192.168.122.113:6800/23617 305 ==== osd_op_reply(920 gc.190 [call] v0'0 uv15 ondisk = 0) v6 ==== 173+0+11 (250859878 0 1993775135) 0x7f9f8c020210 con 0x24d4e20
2014-12-17 09:40:47.585124 7f9f9effd700 1 -- 192.168.122.110:0/1025602 --> 192.168.122.113:6800/23617 -- osd_op(client.7734.0:921 gc.190 [call lock.unlock] 92.ba91098 ondisk+write+known_if_redirected e284) v4 -- ?+0 0x7f9f700400e0 con 0x24d4e20
2014-12-17 09:40:47.586782 7f9fb37fe700 1 -- 192.168.122.110:0/1025602 <== osd.2 192.168.122.113:6800/23617 306 ==== osd_op_reply(921 gc.190 [call] v284'16 uv16 ondisk = 0) v6 ==== 173+0+0 (1773970619 0 0) 0x7f9f8c020160 con 0x24d4e20
2014-12-17 09:40:47.586848 7f9f9effd700 1 -- 192.168.122.110:0/1025602 --> 192.168.122.111:6800/17009 -- osd_op(client.7734.0:922 gc.191 [call lock.lock] 92.d6d69abd ondisk+write+known_if_redirected e284) v4 -- ?+0 0x7f9f700400e0 con 0x24e4b10
2014-12-17 09:40:47.588751 7f9fb37fe700 1 -- 192.168.122.110:0/1025602 <== osd.0 192.168.122.111:6800/17009 278 ==== osd_op_reply(922 gc.191 [call] v284'9 uv9 ondisk = 0) v6 ==== 173+0+0 (1127160373 0 0) 0x7f9f78001ca0 con 0x24e4b10
2014-12-17 09:40:47.588822 7f9f9effd700 1 -- 192.168.122.110:0/1025602 --> 192.168.122.111:6800/17009 -- osd_op(client.7734.0:923 gc.191 [call rgw.gc_list] 92.d6d69abd ack+read+known_if_redirected e284) v4 -- ?+0 0x7f9f700400e0 con 0x24e4b10
2014-12-17 09:40:47.645283 7f9fb37fe700 1 -- 192.168.122.110:0/1025602 <== osd.0 192.168.122.111:6800/17009 279 ==== osd_op_reply(923 gc.191 [call] v0'0 uv9 ondisk = 0) v6 ==== 173+0+11 (2638848038 0 1993775135) 0x7f9f78001ca0 con 0x24e4b10
2014-12-17 09:40:47.645378 7f9f9effd700 1 -- 192.168.122.110:0/1025602 --> 192.168.122.111:6800/17009 -- osd_op(client.7734.0:924 gc.191 [call lock.unlock] 92.d6d69abd ondisk+write+known_if_redirected e284) v4 -- ?+0 0x7f9f700fe1b0 con 0x24e4b10
2014-12-17 09:40:47.648029 7f9fb37fe700 1 -- 192.168.122.110:0/1025602 <== osd.0 192.168.122.111:6800/17009 280 ==== osd_op_reply(924 gc.191 [call] v284'10 uv10 ondisk = 0) v6 ==== 173+0+0 (3275243448 0 0) 0x7f9f78001ca0 con 0x24e4b10
2014-12-17 09:40:47.648087 7f9f9effd700 1 -- 192.168.122.110:0/1025602 --> 192.168.122.113:6800/23617 -- osd_op(client.7734.0:925 gc.192 [call lock.lock] 92.edf8ad83 ondisk+write+known_if_redirected e284) v4 -- ?+0 0x7f9f700400e0 con 0x24d4e20
2014-12-17 09:40:47.650441 7f9fb37fe700 1 -- 192.168.122.110:0/1025602 <== osd.2 192.168.122.113:6800/23617 307 ==== osd_op_reply(925 gc.192 [call] v284'9 uv9 ondisk = 0) v6 ==== 173+0+0 (3656143702 0 0) 0x7f9f8c020220 con 0x24d4e20
2014-12-17 09:40:47.650519 7f9f9effd700 1 -- 192.168.122.110:0/1025602 --> 192.168.122.113:6800/23617 -- osd_op(client.7734.0:926 gc.192 [call rgw.gc_list] 92.edf8ad83 ack+read+known_if_redirected e284) v4 -- ?+0 0x7f9f700fe1b0 con 0x24d4e20
2014-12-17 09:40:47.651343 7f9fb37fe700 1 -- 192.168.122.110:0/1025602 <== osd.2 192.168.122.113:6800/23617 308 ==== osd_op_reply(926 gc.192 [call] v0'0 uv9 ondisk = 0) v6 ==== 173+0+11 (126544197 0 1993775135) 0x7f9f8c020230 con 0x24d4e20
2014-12-17 09:40:47.651426 7f9f9effd700 1 -- 192.168.122.110:0/1025602 --> 192.168.122.113:6800/23617 -- osd_op(client.7734.0:927 gc.192 [call lock.unlock] 92.edf8ad83 ondisk+write+known_if_redirected e284) v4 -- ?+0 0x7f9f700400e0 con 0x24d4e20
2014-12-17 09:40:47.653576 7f9fb37fe700 1 -- 192.168.122.110:0/1025602 <== osd.2 192.168.122.113:6800/23617 309 ==== osd_op_reply(927 gc.192 [call] v284'10 uv10 ondisk = 0) v6 ==== 173+0+0 (1509652187 0 0) 0x7f9f8c020230 con 0x24d4e20
2014-12-17 09:40:47.653666 7f9f9effd700 1 -- 192.168.122.110:0/1025602 --> 192.168.122.113:6800/23617 -- osd_op(client.7734.0:928 gc.193 [call lock.lock] 92.1732ee53 ondisk+write+known_if_redirected e284) v4 -- ?+0 0x7f9f700fe1b0 con 0x24d4e20
2014-12-17 09:40:47.655729 7f9fb37fe700 1 -- 192.168.122.110:0/1025602 <== osd.2 192.168.122.113:6800/23617 310 ==== osd_op_reply(928 gc.193 [call] v284'15 uv15 ondisk = 0) v6 ==== 173+0+0 (383022209 0 0) 0x7f9f8c020160 con 0x24d4e20
2014-12-17 09:40:47.655800 7f9f9effd700 1 -- 192.168.122.110:0/1025602 --> 192.168.122.113:6800/23617 -- osd_op(client.7734.0:929 gc.193 [call rgw.gc_list] 92.1732ee53 ack+read+known_if_redirected e284) v4 -- ?+0 0x7f9f700400e0 con 0x24d4e20
2014-12-17 09:40:47.656349 7f9fb37fe700 1 -- 192.168.122.110:0/1025602 <== osd.2 192.168.122.113:6800/23617 311 ==== osd_op_reply(929 gc.193 [call] v0'0 uv15 ondisk = 0) v6 ==== 173+0+11 (2162431496 0 1993775135) 0x7f9f8c020230 con 0x24d4e20
2014-12-17 09:40:47.656424 7f9f9effd700 1 -- 192.168.122.110:0/1025602 --> 192.168.122.113:6800/23617 -- osd_op(client.7734.0:930 gc.193 [call lock.unlock] 92.1732ee53 ondisk+write+known_if_redirected e284) v4 -- ?+0 0x7f9f700400e0 con 0x24d4e20
2014-12-17 09:40:47.658465 7f9fb37fe700 1 -- 192.168.122.110:0/1025602 <== osd.2 192.168.122.113:6800/23617 312 ==== osd_op_reply(930 gc.193 [call] v284'16 uv16 ondisk = 0) v6 ==== 173+0+0 (3886769109 0 0) 0x7f9f8c020230 con 0x24d4e20
2014-12-17 09:40:47.658542 7f9f9effd700 1 -- 192.168.122.110:0/1025602 --> 192.168.122.113:6800/23617 -- osd_op(client.7734.0:931 gc.194 [call lock.lock] 92.550a5d2d ondisk+write+known_if_redirected e284) v4 -- ?+0 0x7f9f700400e0 con 0x24d4e20
2014-12-17 09:40:47.660639 7f9fb37fe700 1 -- 192.168.122.110:0/1025602 <== osd.2 192.168.122.113:6800/23617 313 ==== osd_op_reply(931 gc.194 [call] v284'7 uv7 ondisk = 0) v6 ==== 173+0+0 (2672954659 0 0) 0x7f9f8c020160 con 0x24d4e20
2014-12-17 09:40:47.660719 7f9f9effd700 1 -- 192.168.122.110:0/1025602 --> 192.168.122.113:6800/23617 -- osd_op(client.7734.0:932 gc.194 [call rgw.gc_list] 92.550a5d2d ack+read+known_if_redirected e284) v4 -- ?+0 0x7f9f701001b0 con 0x24d4e20
2014-12-17 09:40:47.661255 7f9fb37fe700 1 -- 192.168.122.110:0/1025602 <== osd.2 192.168.122.113:6800/23617 314 ==== osd_op_reply(932 gc.194 [call] v0'0 uv7 ondisk = 0) v6 ==== 173+0+11 (3920318066 0 1993775135) 0x7f9f8c020210 con 0x24d4e20
2014-12-17 09:40:47.661297 7f9f9effd700 1 -- 192.168.122.110:0/1025602 --> 192.168.122.113:6800/23617 -- osd_op(client.7734.0:933 gc.194 [call lock.unlock] 92.550a5d2d ondisk+write+known_if_redirected e284) v4 -- ?+0 0x7f9f700400e0 con 0x24d4e20
2014-12-17 09:40:47.663063 7f9fb37fe700 1 -- 192.168.122.110:0/1025602 <== osd.2 192.168.122.113:6800/23617 315 ==== osd_op_reply(933 gc.194 [call] v284'8 uv8 ondisk = 0) v6 ==== 173+0+0 (1132611824 0 0) 0x7f9f8c020160 con 0x24d4e20
2014-12-17 09:40:47.663126 7f9f9effd700 1 -- 192.168.122.110:0/1025602 --> 192.168.122.113:6800/23617 -- osd_op(client.7734.0:934 gc.195 [call lock.lock] 92.56c8d073 ondisk+write+known_if_redirected e284) v4 -- ?+0 0x7f9f701001b0 con 0x24d4e20
2014-12-17 09:40:47.665477 7f9fb37fe700 1 -- 192.168.122.110:0/1025602 <== osd.2 192.168.122.113:6800/23617 316 ==== osd_op_reply(934 gc.195 [call] v284'17 uv17 ondisk = 0) v6 ==== 173+0+0 (1601639872 0 0) 0x7f9f8c020220 con 0x24d4e20
2014-12-17 09:40:47.665551 7f9f9effd700 1 -- 192.168.122.110:0/1025602 --> 192.168.122.113:6800/23617 -- osd_op(client.7734.0:935 gc.195 [call rgw.gc_list] 92.56c8d073 ack+read+known_if_redirected e284) v4 -- ?+0 0x7f9f700400e0 con 0x24d4e20
2014-12-17 09:40:47.666232 7f9fb37fe700 1 -- 192.168.122.110:0/1025602 <== osd.2 192.168.122.113:6800/23617 317 ==== osd_op_reply(935 gc.195 [call] v0'0 uv17 ondisk = 0) v6 ==== 173+0+11 (2779167562 0 1993775135) 0x7f9f8c020230 con 0x24d4e20
2014-12-17 09:40:47.666281 7f9f9effd700 1 -- 192.168.122.110:0/1025602 --> 192.168.122.113:6800/23617 -- osd_op(client.7734.0:936 gc.195 [call lock.unlock] 92.56c8d073 ondisk+write+known_if_redirected e284) v4 -- ?+0 0x7f9f701001b0 con 0x24d4e20
2014-12-17 09:40:47.668311 7f9fb37fe700 1 -- 192.168.122.110:0/1025602 <== osd.2 192.168.122.113:6800/23617 318 ==== osd_op_reply(936 gc.195 [call] v284'18 uv18 ondisk = 0) v6 ==== 173+0+0 (3747622989 0 0) 0x7f9f8c020230 con 0x24d4e20
2014-12-17 09:40:47.668359 7f9f9effd700 1 -- 192.168.122.110:0/1025602 --> 192.168.122.112:6800/23010 -- osd_op(client.7734.0:937 gc.196 [call lock.lock] 92.514af1ee ondisk+write+known_if_redirected e284) v4 -- ?+0 0x7f9f700400e0 con 0x24d1730
2014-12-17 09:40:47.670433 7f9fb37fe700 1 -- 192.168.122.110:0/1025602 <== osd.1 192.168.122.112:6800/23010 340 ==== osd_op_reply(937 gc.196 [call] v284'17 uv17 ondisk = 0) v6 ==== 173+0+0 (3114619753 0 0) 0x7f9f94026df0 con 0x24d1730
2014-12-17 09:40:47.670491 7f9f9effd700 1 -- 192.168.122.110:0/1025602 --> 192.168.122.112:6800/23010 -- osd_op(client.7734.0:938 gc.196 [call rgw.gc_list] 92.514af1ee ack+read+known_if_redirected e284) v4 -- ?+0 0x7f9f700400e0 con 0x24d1730
2014-12-17 09:40:47.671061 7f9fb37fe700 1 -- 192.168.122.110:0/1025602 <== osd.1 192.168.122.112:6800/23010 341 ==== osd_op_reply(938 gc.196 [call] v0'0 uv17 ondisk = 0) v6 ==== 173+0+11 (1131740643 0 1993775135) 0x7f9f94026ec0 con 0x24d1730
2014-12-17 09:40:47.671101 7f9f9effd700 1 -- 192.168.122.110:0/1025602 --> 192.168.122.112:6800/23010 -- osd_op(client.7734.0:939 gc.196 [call lock.unlock] 92.514af1ee ondisk+write+known_if_redirected e284) v4 -- ?+0 0x7f9f700400e0 con 0x24d1730
2014-12-17 09:40:47.672986 7f9fb37fe700 1 -- 192.168.122.110:0/1025602 <== osd.1 192.168.122.112:6800/23010 342 ==== osd_op_reply(939 gc.196 [call] v284'18 uv18 ondisk = 0) v6 ==== 173+0+0 (967997156 0 0) 0x7f9f9402acb0 con 0x24d1730
2014-12-17 09:40:47.673054 7f9f9effd700 1 -- 192.168.122.110:0/1025602 --> 192.168.122.113:6800/23617 -- osd_op(client.7734.0:940 gc.197 [call lock.lock] 92.4f667980 ondisk+write+known_if_redirected e284) v4 -- ?+0 0x7f9f701021b0 con 0x24d4e20
2014-12-17 09:40:47.675351 7f9fb37fe700 1 -- 192.168.122.110:0/1025602 <== osd.2 192.168.122.113:6800/23617 319 ==== osd_op_reply(940 gc.197 [call] v284'5 uv5 ondisk = 0) v6 ==== 173+0+0 (55147928 0 0) 0x7f9f8c020160 con 0x24d4e20
2014-12-17 09:40:47.675412 7f9f9effd700 1 -- 192.168.122.110:0/1025602 --> 192.168.122.113:6800/23617 -- osd_op(client.7734.0:941 gc.197 [call rgw.gc_list] 92.4f667980 ack+read+known_if_redirected e284) v4 -- ?+0 0x7f9f700400e0 con 0x24d4e20
2014-12-17 09:40:47.675857 7f9fb37fe700 1 -- 192.168.122.110:0/1025602 <== osd.2 192.168.122.113:6800/23617 320 ==== osd_op_reply(941 gc.197 [call] v0'0 uv5 ondisk = 0) v6 ==== 173+0+11 (1300395711 0 1993775135) 0x7f9f8c020230 con 0x24d4e20
2014-12-17 09:40:47.675893 7f9f9effd700 1 -- 192.168.122.110:0/1025602 --> 192.168.122.113:6800/23617 -- osd_op(client.7734.0:942 gc.197 [call lock.unlock] 92.4f667980 ondisk+write+known_if_redirected e284) v4 -- ?+0 0x7f9f701021b0 con 0x24d4e20
2014-12-17 09:40:47.677641 7f9fb37fe700 1 -- 192.168.122.110:0/1025602 <== osd.2 192.168.122.113:6800/23617 321 ==== osd_op_reply(942 gc.197 [call] v284'6 uv6 ondisk = 0) v6 ==== 173+0+0 (2203998229 0 0) 0x7f9f8c020230 con 0x24d4e20
2014-12-17 09:40:47.677697 7f9f9effd700 1 -- 192.168.122.110:0/1025602 --> 192.168.122.113:6800/23617 -- osd_op(client.7734.0:943 gc.198 [call lock.lock] 92.1090680a ondisk+write+known_if_redirected e284) v4 -- ?+0 0x7f9f700400e0 con 0x24d4e20
2014-12-17 09:40:47.679817 7f9fb37fe700 1 -- 192.168.122.110:0/1025602 <== osd.2 192.168.122.113:6800/23617 322 ==== osd_op_reply(943 gc.198 [call] v284'15 uv15 ondisk = 0) v6 ==== 173+0+0 (3853877574 0 0) 0x7f9f8c020160 con 0x24d4e20
2014-12-17 09:40:47.679893 7f9f9effd700 1 -- 192.168.122.110:0/1025602 --> 192.168.122.113:6800/23617 -- osd_op(client.7734.0:944 gc.198 [call rgw.gc_list] 92.1090680a ack+read+known_if_redirected e284) v4 -- ?+0 0x7f9f701021b0 con 0x24d4e20
2014-12-17 09:40:47.680526 7f9fb37fe700 1 -- 192.168.122.110:0/1025602 <== osd.2 192.168.122.113:6800/23617 323 ==== osd_op_reply(944 gc.198 [call] v0'0 uv15 ondisk = 0) v6 ==== 173+0+11 (1938154447 0 1993775135) 0x7f9f8c020210 con 0x24d4e20
2014-12-17 09:40:47.680567 7f9f9effd700 1 -- 192.168.122.110:0/1025602 --> 192.168.122.113:6800/23617 -- osd_op(client.7734.0:945 gc.198 [call lock.unlock] 92.1090680a ondisk+write+known_if_redirected e284) v4 -- ?+0 0x7f9f700400e0 con 0x24d4e20
2014-12-17 09:40:47.682477 7f9fb37fe700 1 -- 192.168.122.110:0/1025602 <== osd.2 192.168.122.113:6800/23617 324 ==== osd_op_reply(945 gc.198 [call] v284'16 uv16 ondisk = 0) v6 ==== 173+0+0 (348821010 0 0) 0x7f9f8c020160 con 0x24d4e20
2014-12-17 09:40:47.682524 7f9f9effd700 1 -- 192.168.122.110:0/1025602 --> 192.168.122.112:6800/23010 -- osd_op(client.7734.0:946 gc.199 [call lock.lock] 92.6f39cc87 ondisk+write+known_if_redirected e284) v4 -- ?+0 0x7f9f700400e0 con 0x24d1730
2014-12-17 09:40:47.684462 7f9fb37fe700 1 -- 192.168.122.110:0/1025602 <== osd.1 192.168.122.112:6800/23010 343 ==== osd_op_reply(946 gc.199 [call] v284'11 uv11 ondisk = 0) v6 ==== 173+0+0 (2479252424 0 0) 0x7f9f9402a050 con 0x24d1730
2014-12-17 09:40:47.684519 7f9f9effd700 1 -- 192.168.122.110:0/1025602 --> 192.168.122.112:6800/23010 -- osd_op(client.7734.0:947 gc.199 [call rgw.gc_list] 92.6f39cc87 ack+read+known_if_redirected e284) v4 -- ?+0 0x7f9f700400e0 con 0x24d1730
2014-12-17 09:40:47.685079 7f9fb37fe700 1 -- 192.168.122.110:0/1025602 <== osd.1 192.168.122.112:6800/23010 344 ==== osd_op_reply(947 gc.199 [call] v0'0 uv11 ondisk = 0) v6 ==== 173+0+11 (1972539821 0 1993775135) 0x7f9f94026f50 con 0x24d1730
2014-12-17 09:40:47.685136 7f9f9effd700 1 -- 192.168.122.110:0/1025602 --> 192.168.122.112:6800/23010 -- osd_op(client.7734.0:948 gc.199 [call lock.unlock] 92.6f39cc87 ondisk+write+known_if_redirected e284) v4 -- ?+0 0x7f9f701041b0 con 0x24d1730
2014-12-17 09:40:47.686876 7f9fb37fe700 1 -- 192.168.122.110:0/1025602 <== osd.1 192.168.122.112:6800/23010 345 ==== osd_op_reply(948 gc.199 [call] v284'12 uv12 ondisk = 0) v6 ==== 173+0+0 (3677860896 0 0) 0x7f9f94026f50 con 0x24d1730
2014-12-17 09:40:47.686928 7f9f9effd700 1 -- 192.168.122.110:0/1025602 --> 192.168.122.113:6800/23617 -- osd_op(client.7734.0:949 gc.200 [call lock.lock] 92.a74b875a ondisk+write+known_if_redirected e284) v4 -- ?+0 0x7f9f700400e0 con 0x24d4e20
2014-12-17 09:40:47.689246 7f9fb37fe700 1 -- 192.168.122.110:0/1025602 <== osd.2 192.168.122.113:6800/23617 325 ==== osd_op_reply(949 gc.200 [call] v284'5 uv5 ondisk = 0) v6 ==== 173+0+0 (1688080049 0 0) 0x7f9f8c020220 con 0x24d4e20
2014-12-17 09:40:47.689313 7f9f9effd700 1 -- 192.168.122.110:0/1025602 --> 192.168.122.113:6800/23617 -- osd_op(client.7734.0:950 gc.200 [call rgw.gc_list] 92.a74b875a ack+read+known_if_redirected e284) v4 -- ?+0 0x7f9f701041b0 con 0x24d4e20
2014-12-17 09:40:47.689925 7f9fb37fe700 1 -- 192.168.122.110:0/1025602 <== osd.2 192.168.122.113:6800/23617 326 ==== osd_op_reply(950 gc.200 [call] v0'0 uv5 ondisk = 0) v6 ==== 173+0+11 (710215062 0 1993775135) 0x7f9f8c020230 con 0x24d4e20
2014-12-17 09:40:47.689972 7f9f9effd700 1 -- 192.168.122.110:0/1025602 --> 192.168.122.113:6800/23617 -- osd_op(client.7734.0:951 gc.200 [call lock.unlock] 92.a74b875a ondisk+write+known_if_redirected e284) v4 -- ?+0 0x7f9f700400e0 con 0x24d4e20
2014-12-17 09:40:47.691750 7f9fb37fe700 1 -- 192.168.122.110:0/1025602 <== osd.2 192.168.122.113:6800/23617 327 ==== osd_op_reply(951 gc.200 [call] v284'6 uv6 ondisk = 0) v6 ==== 173+0+0 (3834194748 0 0) 0x7f9f8c020230 con 0x24d4e20
2014-12-17 09:40:47.691794 7f9f9effd700 1 -- 192.168.122.110:0/1025602 --> 192.168.122.113:6800/23617 -- osd_op(client.7734.0:952 gc.201 [call lock.lock] 92.6bdbff42 ondisk+write+known_if_redirected e284) v4 -- ?+0 0x7f9f701041b0 con 0x24d4e20
2014-12-17 09:40:47.693598 7f9fb37fe700 1 -- 192.168.122.110:0/1025602 <== osd.2 192.168.122.113:6800/23617 328 ==== osd_op_reply(952 gc.201 [call] v284'5 uv5 ondisk = 0) v6 ==== 173+0+0 (1766661604 0 0) 0x7f9f8c020160 con 0x24d4e20
2014-12-17 09:40:47.693654 7f9f9effd700 1 -- 192.168.122.110:0/1025602 --> 192.168.122.113:6800/23617 -- osd_op(client.7734.0:953 gc.201 [call rgw.gc_list] 92.6bdbff42 ack+read+known_if_redirected e284) v4 -- ?+0 0x7f9f700400e0 con 0x24d4e20
2014-12-17 09:40:47.694158 7f9fb37fe700 1 -- 192.168.122.110:0/1025602 <== osd.2 192.168.122.113:6800/23617 329 ==== osd_op_reply(953 gc.201 [call] v0'0 uv5 ondisk = 0) v6 ==== 173+0+11 (663099075 0 1993775135) 0x7f9f8c020230 con 0x24d4e20
2014-12-17 09:40:47.694197 7f9f9effd700 1 -- 192.168.122.110:0/1025602 --> 192.168.122.113:6800/23617 -- osd_op(client.7734.0:954 gc.201 [call lock.unlock] 92.6bdbff42 ondisk+write+known_if_redirected e284) v4 -- ?+0 0x7f9f700400e0 con 0x24d4e20
2014-12-17 09:40:47.695941 7f9fb37fe700 1 -- 192.168.122.110:0/1025602 <== osd.2 192.168.122.113:6800/23617 330 ==== osd_op_reply(954 gc.201 [call] v284'6 uv6 ondisk = 0) v6 ==== 173+0+0 (3915004009 0 0) 0x7f9f8c020230 con 0x24d4e20
2014-12-17 09:40:47.695988 7f9f9effd700 1 -- 192.168.122.110:0/1025602 --> 192.168.122.111:6800/17009 -- osd_op(client.7734.0:955 gc.202 [call lock.lock] 92.cb245d65 ondisk+write+known_if_redirected e284) v4 -- ?+0 0x7f9f700400e0 con 0x24e4b10
2014-12-17 09:40:47.697862 7f9fb37fe700 1 -- 192.168.122.110:0/1025602 <== osd.0 192.168.122.111:6800/17009 281 ==== osd_op_reply(955 gc.202 [call] v284'7 uv7 ondisk = 0) v6 ==== 173+0+0 (2211327218 0 0) 0x7f9f78001ca0 con 0x24e4b10
2014-12-17 09:40:47.697920 7f9f9effd700 1 -- 192.168.122.110:0/1025602 --> 192.168.122.111:6800/17009 -- osd_op(client.7734.0:956 gc.202 [call rgw.gc_list] 92.cb245d65 ack+read+known_if_redirected e284) v4 -- ?+0 0x7f9f701061b0 con 0x24e4b10
2014-12-17 09:40:47.698465 7f9fb37fe700 1 -- 192.168.122.110:0/1025602 <== osd.0 192.168.122.111:6800/17009 282 ==== osd_op_reply(956 gc.202 [call] v0'0 uv7 ondisk = 0) v6 ==== 173+0+11 (4114050979 0 1993775135) 0x7f9f78001ca0 con 0x24e4b10
2014-12-17 09:40:47.698503 7f9f9effd700 1 -- 192.168.122.110:0/1025602 --> 192.168.122.111:6800/17009 -- osd_op(client.7734.0:957 gc.202 [call lock.unlock] 92.cb245d65 ondisk+write+known_if_redirected e284) v4 -- ?+0 0x7f9f700400e0 con 0x24e4b10
2014-12-17 09:40:47.700253 7f9fb37fe700 1 -- 192.168.122.110:0/1025602 <== osd.0 192.168.122.111:6800/17009 283 ==== osd_op_reply(957 gc.202 [call] v284'8 uv8 ondisk = 0) v6 ==== 173+0+0 (1595828513 0 0) 0x7f9f78001ca0 con 0x24e4b10
