2014-12-17 09:40:48.492305 7f9f9effd700 1 -- 192.168.122.110:0/1025602 --> 192.168.122.111:6800/17009 -- osd_op(client.7734.0:1372 gc.341 [call lock.lock] 92.504547d2 ondisk+write+known_if_redirected e284) v4 -- ?+0 0x7f9f7016e1b0 con 0x24e4b10
2014-12-17 09:40:48.494941 7f9fb37fe700 1 -- 192.168.122.110:0/1025602 <== osd.0 192.168.122.111:6800/17009 407 ==== osd_op_reply(1372 gc.341 [call] v284'11 uv11 ondisk = 0) v6 ==== 173+0+0 (3689725090 0 0) 0x7f9f78001ca0 con 0x24e4b10
2014-12-17 09:40:48.495044 7f9f9effd700 1 -- 192.168.122.110:0/1025602 --> 192.168.122.111:6800/17009 -- osd_op(client.7734.0:1373 gc.341 [call rgw.gc_list] 92.504547d2 ack+read+known_if_redirected e284) v4 -- ?+0 0x7f9f700400e0 con 0x24e4b10
2014-12-17 09:40:48.505126 7f9fb37fe700 1 -- 192.168.122.110:0/1025602 <== osd.0 192.168.122.111:6800/17009 408 ==== osd_map(285..285 src has 1..285) v3 ==== 230+0+0 (1647023094 0 0) 0x7f9f78001ca0 con 0x24e4b10
2014-12-17 09:40:48.505223 7f9fb37fe700 1 -- 192.168.122.110:0/1025602 <== osd.0 192.168.122.111:6800/17009 409 ==== osd_op_reply(1373 gc.341 [call] v0'0 uv11 ondisk = 0) v6 ==== 173+0+11 (3208506120 0 1993775135) 0x7f9f78021ae0 con 0x24e4b10
2014-12-17 09:40:48.505280 7f9f9effd700 1 -- 192.168.122.110:0/1025602 --> 192.168.122.111:6800/17009 -- osd_op(client.7734.0:1374 gc.341 [call lock.unlock] 92.504547d2 ondisk+write+known_if_redirected e285) v4 -- ?+0 0x7f9f7016e1b0 con 0x24e4b10
2014-12-17 09:40:48.513908 7f9fb37fe700 1 -- 192.168.122.110:0/1025602 <== osd.0 192.168.122.111:6800/17009 410 ==== osd_op_reply(1374 gc.341 [call] v285'12 uv12 ondisk = 0) v6 ==== 173+0+0 (3871069636 0 0) 0x7f9f78001f80 con 0x24e4b10
2014-12-17 09:40:48.514007 7f9f9effd700 1 -- 192.168.122.110:0/1025602 --> 192.168.122.112:6800/23010 -- osd_op(client.7734.0:1375 gc.342 [call lock.lock] 92.b905f406 ondisk+write+known_if_redirected e285) v4 -- ?+0 0x7f9f700400e0 con 0x24d1730
2014-12-17 09:40:48.550009 7f2d018b3700 1 -- 192.168.122.110:0/1025622 <== osd.2 192.168.122.113:6800/23617 5 ==== osd_op_reply(29 smead@hpc8888.com [getxattrs,stat] v0'0 uv0 ack = -2 ((2) No such file or directory)) v6 ==== 226+0+0 (1539433030 0 0) 0x7f2cd4000da0 con 0x1910df0
2014-12-17 09:40:48.550149 7f2d0b943880 10 cache put: name=.users.email+smead@hpc8888.com
2014-12-17 09:40:48.550158 7f2d0b943880 10 adding .users.email+smead@hpc8888.com to cache LRU end
2014-12-17 09:40:48.550186 7f2d0b943880 1 -- 192.168.122.110:0/1025622 --> 192.168.122.112:6789/0 -- mon_get_version(what=osdmap handle=5) v1 -- ?+0 0x1925f80 con 0x18f83e0
2014-12-17 09:40:48.551045 7f2d018b3700 1 -- 192.168.122.110:0/1025622 <== mon.1 192.168.122.112:6789/0 29 ==== mon_check_map_ack(handle=5 version=285) v2 ==== 24+0+0 (3721462783 0 0) 0x7f2cec002a50 con 0x18f83e0
2014-12-17 09:40:48.551131 7f2cfb7fe700 1 -- 192.168.122.110:0/1025622 --> 192.168.122.112:6789/0 -- mon_subscribe({monmap=2+,osdmap=285}) v2 -- ?+0 0x7f2cc8000a70 con 0x18f83e0
2014-12-17 09:40:48.551414 7f2d018b3700 1 -- 192.168.122.110:0/1025622 <== mon.1 192.168.122.112:6789/0 30 ==== osd_map(285..285 src has 1..285) v3 ==== 230+0+0 (1647023094 0 0) 0x7f2cec003b30 con 0x18f83e0
2014-12-17 09:40:48.551477 7f2d018b3700 1 -- 192.168.122.110:0/1025622 <== mon.1 192.168.122.112:6789/0 31 ==== mon_subscribe_ack(300s) v1 ==== 20+0+0 (4048590127 0 0) 0x7f2cec002a50 con 0x18f83e0
2014-12-17 09:40:48.551794 7f2d0b943880 1 -- 192.168.122.110:0/1025622 --> 192.168.122.112:6789/0 -- pool_op(create pool 0 auid 0 tid 30 name .users v284) v4 -- ?+0 0x19262b0 con 0x18f83e0
2014-12-17 09:40:48.566477 7f9fb37fe700 1 -- 192.168.122.110:0/1025602 <== osd.1 192.168.122.112:6800/23010 487 ==== osd_op_reply(1375 gc.342 [call] v285'15 uv15 ondisk = 0) v6 ==== 173+0+0 (2737106456 0 0) 0x7f9f94026ed0 con 0x24d1730
2014-12-17 09:40:48.566574 7f9f9effd700 1 -- 192.168.122.110:0/1025602 --> 192.168.122.112:6800/23010 -- osd_op(client.7734.0:1376 gc.342 [call rgw.gc_list] 92.b905f406 ack+read+known_if_redirected e285) v4 -- ?+0 0x7f9f7016e1b0 con 0x24d1730
2014-12-17 09:40:48.663774 7f9fb37fe700 1 -- 192.168.122.110:0/1025602 <== osd.1 192.168.122.112:6800/23010 488 ==== osd_op_reply(1376 gc.342 [call] v0'0 uv15 ondisk = 0) v6 ==== 173+0+11 (3258423248 0 1993775135) 0x7f9f94026f80 con 0x24d1730
2014-12-17 09:40:48.663874 7f9f9effd700 1 -- 192.168.122.110:0/1025602 --> 192.168.122.112:6800/23010 -- osd_op(client.7734.0:1377 gc.342 [call lock.unlock] 92.b905f406 ondisk+write+known_if_redirected e285) v4 -- ?+0 0x7f9f700400e0 con 0x24d1730
2014-12-17 09:40:48.673565 7f9fb37fe700 1 -- 192.168.122.110:0/1025602 <== osd.1 192.168.122.112:6800/23010 489 ==== osd_op_reply(1377 gc.342 [call] v285'16 uv16 ondisk = 0) v6 ==== 173+0+0 (1381759308 0 0) 0x7f9f94026ed0 con 0x24d1730
2014-12-17 09:40:48.673653 7f9f9effd700 1 -- 192.168.122.110:0/1025602 --> 192.168.122.113:6800/23617 -- osd_op(client.7734.0:1378 gc.343 [call lock.lock] 92.cff5890 ondisk+write+known_if_redirected e285) v4 -- ?+0 0x7f9f700400e0 con 0x24d4e20
2014-12-17 09:40:48.675852 7f9fb37fe700 1 -- 192.168.122.110:0/1025602 <== osd.2 192.168.122.113:6800/23617 481 ==== osd_op_reply(1378 gc.343 [call] v285'15 uv15 ondisk = 0) v6 ==== 173+0+0 (3639631285 0 0) 0x7f9f8c020160 con 0x24d4e20
2014-12-17 09:40:48.675908 7f9f9effd700 1 -- 192.168.122.110:0/1025602 --> 192.168.122.113:6800/23617 -- osd_op(client.7734.0:1379 gc.343 [call rgw.gc_list] 92.cff5890 ack+read+known_if_redirected e285) v4 -- ?+0 0x7f9f700400e0 con 0x24d4e20
2014-12-17 09:40:48.676426 7f9fb37fe700 1 -- 192.168.122.110:0/1025602 <== osd.2 192.168.122.113:6800/23617 482 ==== osd_op_reply(1379 gc.343 [call] v0'0 uv15 ondisk = 0) v6 ==== 173+0+11 (3118670973 0 1993775135) 0x7f9f8c020230 con 0x24d4e20
2014-12-17 09:40:48.676477 7f9f9effd700 1 -- 192.168.122.110:0/1025602 --> 192.168.122.113:6800/23617 -- osd_op(client.7734.0:1380 gc.343 [call lock.unlock] 92.cff5890 ondisk+write+known_if_redirected e285) v4 -- ?+0 0x7f9f701701b0 con 0x24d4e20
2014-12-17 09:40:48.678160 7f9fb37fe700 1 -- 192.168.122.110:0/1025602 <== osd.2 192.168.122.113:6800/23617 483 ==== osd_op_reply(1380 gc.343 [call] v285'16 uv16 ondisk = 0) v6 ==== 173+0+0 (697256673 0 0) 0x7f9f8c020230 con 0x24d4e20
2014-12-17 09:40:48.678209 7f9f9effd700 1 -- 192.168.122.110:0/1025602 --> 192.168.122.113:6800/23617 -- osd_op(client.7734.0:1381 gc.344 [call lock.lock] 92.fda185c3 ondisk+write+known_if_redirected e285) v4 -- ?+0 0x7f9f700400e0 con 0x24d4e20
2014-12-17 09:40:48.680361 7f9fb37fe700 1 -- 192.168.122.110:0/1025602 <== osd.2 192.168.122.113:6800/23617 484 ==== osd_op_reply(1381 gc.344 [call] v285'21 uv21 ondisk = 0) v6 ==== 173+0+0 (3932175281 0 0) 0x7f9f8c020160 con 0x24d4e20
2014-12-17 09:40:48.680432 7f9f9effd700 1 -- 192.168.122.110:0/1025602 --> 192.168.122.113:6800/23617 -- osd_op(client.7734.0:1382 gc.344 [call rgw.gc_list] 92.fda185c3 ack+read+known_if_redirected e285) v4 -- ?+0 0x7f9f701701b0 con 0x24d4e20
2014-12-17 09:40:48.681057 7f9fb37fe700 1 -- 192.168.122.110:0/1025602 <== osd.2 192.168.122.113:6800/23617 485 ==== osd_op_reply(1382 gc.344 [call] v0'0 uv21 ondisk = 0) v6 ==== 173+0+11 (2549489302 0 1993775135) 0x7f9f8c020210 con 0x24d4e20
2014-12-17 09:40:48.681135 7f9f9effd700 1 -- 192.168.122.110:0/1025602 --> 192.168.122.113:6800/23617 -- osd_op(client.7734.0:1383 gc.344 [call lock.unlock] 92.fda185c3 ondisk+write+known_if_redirected e285) v4 -- ?+0 0x7f9f700400e0 con 0x24d4e20
2014-12-17 09:40:48.727191 7f9fb37fe700 1 -- 192.168.122.110:0/1025602 <== osd.2 192.168.122.113:6800/23617 486 ==== osd_op_reply(1383 gc.344 [call] v285'22 uv22 ondisk = 0) v6 ==== 173+0+0 (1786191420 0 0) 0x7f9f8c020160 con 0x24d4e20
2014-12-17 09:40:48.727257 7f9f9effd700 1 -- 192.168.122.110:0/1025602 --> 192.168.122.111:6800/17009 -- osd_op(client.7734.0:1384 gc.345 [call lock.lock] 92.8e003a52 ondisk+write+known_if_redirected e285) v4 -- ?+0 0x7f9f701701b0 con 0x24e4b10
2014-12-17 09:40:48.729830 7f9fb37fe700 1 -- 192.168.122.110:0/1025602 <== osd.0 192.168.122.111:6800/17009 411 ==== osd_op_reply(1384 gc.345 [call] v285'13 uv13 ondisk = 0) v6 ==== 173+0+0 (4023569975 0 0) 0x7f9f78001eb0 con 0x24e4b10
2014-12-17 09:40:48.729904 7f9f9effd700 1 -- 192.168.122.110:0/1025602 --> 192.168.122.111:6800/17009 -- osd_op(client.7734.0:1385 gc.345 [call rgw.gc_list] 92.8e003a52 ack+read+known_if_redirected e285) v4 -- ?+0 0x7f9f700400e0 con 0x24e4b10
2014-12-17 09:40:48.730800 7f9fb37fe700 1 -- 192.168.122.110:0/1025602 <== osd.0 192.168.122.111:6800/17009 412 ==== osd_op_reply(1385 gc.345 [call] v0'0 uv13 ondisk = 0) v6 ==== 173+0+11 (3069443977 0 1993775135) 0x7f9f78001e00 con 0x24e4b10
2014-12-17 09:40:48.730864 7f9f9effd700 1 -- 192.168.122.110:0/1025602 --> 192.168.122.111:6800/17009 -- osd_op(client.7734.0:1386 gc.345 [call lock.unlock] 92.8e003a52 ondisk+write+known_if_redirected e285) v4 -- ?+0 0x7f9f700400e0 con 0x24e4b10
2014-12-17 09:40:48.733538 7f9fb37fe700 1 -- 192.168.122.110:0/1025602 <== osd.0 192.168.122.111:6800/17009 413 ==== osd_op_reply(1386 gc.345 [call] v285'14 uv14 ondisk = 0) v6 ==== 173+0+0 (1875241914 0 0) 0x7f9f78001e00 con 0x24e4b10
2014-12-17 09:40:48.733613 7f9f9effd700 1 -- 192.168.122.110:0/1025602 --> 192.168.122.113:6800/23617 -- osd_op(client.7734.0:1387 gc.346 [call lock.lock] 92.6c77ab2f ondisk+write+known_if_redirected e285) v4 -- ?+0 0x7f9f700400e0 con 0x24d4e20
2014-12-17 09:40:48.736716 7f9fb37fe700 1 -- 192.168.122.110:0/1025602 <== osd.2 192.168.122.113:6800/23617 487 ==== osd_op_reply(1387 gc.346 [call] v285'7 uv7 ondisk = 0) v6 ==== 173+0+0 (1322434475 0 0) 0x7f9f8c020220 con 0x24d4e20
2014-12-17 09:40:48.736830 7f9f9effd700 1 -- 192.168.122.110:0/1025602 --> 192.168.122.113:6800/23617 -- osd_op(client.7734.0:1388 gc.346 [call rgw.gc_list] 92.6c77ab2f ack+read+known_if_redirected e285) v4 -- ?+0 0x7f9f701721b0 con 0x24d4e20
2014-12-17 09:40:48.737589 7f9fb37fe700 1 -- 192.168.122.110:0/1025602 <== osd.2 192.168.122.113:6800/23617 488 ==== osd_op_reply(1388 gc.346 [call] v0'0 uv7 ondisk = 0) v6 ==== 173+0+11 (3473467323 0 1993775135) 0x7f9f8c020230 con 0x24d4e20
2014-12-17 09:40:48.737666 7f9f9effd700 1 -- 192.168.122.110:0/1025602 --> 192.168.122.113:6800/23617 -- osd_op(client.7734.0:1389 gc.346 [call lock.unlock] 92.6c77ab2f ondisk+write+known_if_redirected e285) v4 -- ?+0 0x7f9f700400e0 con 0x24d4e20
2014-12-17 09:40:48.740437 7f9fb37fe700 1 -- 192.168.122.110:0/1025602 <== osd.2 192.168.122.113:6800/23617 489 ==== osd_op_reply(1389 gc.346 [call] v285'8 uv8 ondisk = 0) v6 ==== 173+0+0 (2449668728 0 0) 0x7f9f8c020230 con 0x24d4e20
2014-12-17 09:40:48.740505 7f9f9effd700 1 -- 192.168.122.110:0/1025602 --> 192.168.122.113:6800/23617 -- osd_op(client.7734.0:1390 gc.347 [call lock.lock] 92.4012ee2d ondisk+write+known_if_redirected e285) v4 -- ?+0 0x7f9f701721b0 con 0x24d4e20
2014-12-17 09:40:48.742997 7f9fb37fe700 1 -- 192.168.122.110:0/1025602 <== osd.2 192.168.122.113:6800/23617 490 ==== osd_op_reply(1390 gc.347 [call] v285'11 uv11 ondisk = 0) v6 ==== 173+0+0 (876518358 0 0) 0x7f9f8c020160 con 0x24d4e20
2014-12-17 09:40:48.743071 7f9f9effd700 1 -- 192.168.122.110:0/1025602 --> 192.168.122.113:6800/23617 -- osd_op(client.7734.0:1391 gc.347 [call rgw.gc_list] 92.4012ee2d ack+read+known_if_redirected e285) v4 -- ?+0 0x7f9f700400e0 con 0x24d4e20
2014-12-17 09:40:48.743709 7f9fb37fe700 1 -- 192.168.122.110:0/1025602 <== osd.2 192.168.122.113:6800/23617 491 ==== osd_op_reply(1391 gc.347 [call] v0'0 uv11 ondisk = 0) v6 ==== 173+0+11 (625570546 0 1993775135) 0x7f9f8c020230 con 0x24d4e20
2014-12-17 09:40:48.743775 7f9f9effd700 1 -- 192.168.122.110:0/1025602 --> 192.168.122.113:6800/23617 -- osd_op(client.7734.0:1392 gc.347 [call lock.unlock] 92.4012ee2d ondisk+write+known_if_redirected e285) v4 -- ?+0 0x7f9f701721b0 con 0x24d4e20
2014-12-17 09:40:48.746147 7f9fb37fe700 1 -- 192.168.122.110:0/1025602 <== osd.2 192.168.122.113:6800/23617 492 ==== osd_op_reply(1392 gc.347 [call] v285'12 uv12 ondisk = 0) v6 ==== 173+0+0 (2093960254 0 0) 0x7f9f8c020230 con 0x24d4e20
2014-12-17 09:40:48.746216 7f9f9effd700 1 -- 192.168.122.110:0/1025602 --> 192.168.122.112:6800/23010 -- osd_op(client.7734.0:1393 gc.348 [call lock.lock] 92.50ddaa87 ondisk+write+known_if_redirected e285) v4 -- ?+0 0x7f9f700400e0 con 0x24d1730
2014-12-17 09:40:48.748822 7f9fb37fe700 1 -- 192.168.122.110:0/1025602 <== osd.1 192.168.122.112:6800/23010 490 ==== osd_op_reply(1393 gc.348 [call] v285'15 uv15 ondisk = 0) v6 ==== 173+0+0 (1460054716 0 0) 0x7f9f94026e70 con 0x24d1730
2014-12-17 09:40:48.748912 7f9f9effd700 1 -- 192.168.122.110:0/1025602 --> 192.168.122.112:6800/23010 -- osd_op(client.7734.0:1394 gc.348 [call rgw.gc_list] 92.50ddaa87 ack+read+known_if_redirected e285) v4 -- ?+0 0x7f9f700400e0 con 0x24d1730
2014-12-17 09:40:48.749594 7f9fb37fe700 1 -- 192.168.122.110:0/1025602 <== osd.1 192.168.122.112:6800/23010 491 ==== osd_op_reply(1394 gc.348 [call] v0'0 uv15 ondisk = 0) v6 ==== 173+0+11 (907400052 0 1993775135) 0x7f9f94026e70 con 0x24d1730
2014-12-17 09:40:48.749673 7f9f9effd700 1 -- 192.168.122.110:0/1025602 --> 192.168.122.112:6800/23010 -- osd_op(client.7734.0:1395 gc.348 [call lock.unlock] 92.50ddaa87 ondisk+write+known_if_redirected e285) v4 -- ?+0 0x7f9f700400e0 con 0x24d1730
2014-12-17 09:40:48.751996 7f9fb37fe700 1 -- 192.168.122.110:0/1025602 <== osd.1 192.168.122.112:6800/23010 492 ==== osd_op_reply(1395 gc.348 [call] v285'16 uv16 ondisk = 0) v6 ==== 173+0+0 (2792996328 0 0) 0x7f9f940277d0 con 0x24d1730
2014-12-17 09:40:48.752079 7f9f9effd700 1 -- 192.168.122.110:0/1025602 --> 192.168.122.111:6800/17009 -- osd_op(client.7734.0:1396 gc.349 [call lock.lock] 92.553c4fce ondisk+write+known_if_redirected e285) v4 -- ?+0 0x7f9f701741b0 con 0x24e4b10
2014-12-17 09:40:48.754749 7f9fb37fe700 1 -- 192.168.122.110:0/1025602 <== osd.0 192.168.122.111:6800/17009 414 ==== osd_op_reply(1396 gc.349 [call] v285'15 uv15 ondisk = 0) v6 ==== 173+0+0 (542006383 0 0) 0x7f9f78001e90 con 0x24e4b10
2014-12-17 09:40:48.754820 7f9f9effd700 1 -- 192.168.122.110:0/1025602 --> 192.168.122.111:6800/17009 -- osd_op(client.7734.0:1397 gc.349 [call rgw.gc_list] 92.553c4fce ack+read+known_if_redirected e285) v4 -- ?+0 0x7f9f700400e0 con 0x24e4b10
2014-12-17 09:40:48.755494 7f9fb37fe700 1 -- 192.168.122.110:0/1025602 <== osd.0 192.168.122.111:6800/17009 415 ==== osd_op_reply(1397 gc.349 [call] v0'0 uv15 ondisk = 0) v6 ==== 173+0+11 (1096623527 0 1993775135) 0x7f9f7801c470 con 0x24e4b10
2014-12-17 09:40:48.755546 7f9f9effd700 1 -- 192.168.122.110:0/1025602 --> 192.168.122.111:6800/17009 -- osd_op(client.7734.0:1398 gc.349 [call lock.unlock] 92.553c4fce ondisk+write+known_if_redirected e285) v4 -- ?+0 0x7f9f701741b0 con 0x24e4b10
2014-12-17 09:40:48.757709 7f9fb37fe700 1 -- 192.168.122.110:0/1025602 <== osd.0 192.168.122.111:6800/17009 416 ==== osd_op_reply(1398 gc.349 [call] v285'16 uv16 ondisk = 0) v6 ==== 173+0+0 (3509668667 0 0) 0x7f9f7801c470 con 0x24e4b10
2014-12-17 09:40:48.757767 7f9f9effd700 1 -- 192.168.122.110:0/1025602 --> 192.168.122.112:6800/23010 -- osd_op(client.7734.0:1399 gc.350 [call lock.lock] 92.6f4b61e4 ondisk+write+known_if_redirected e285) v4 -- ?+0 0x7f9f700400e0 con 0x24d1730
2014-12-17 09:40:48.760455 7f9fb37fe700 1 -- 192.168.122.110:0/1025602 <== osd.1 192.168.122.112:6800/23010 493 ==== osd_op_reply(1399 gc.350 [call] v285'11 uv11 ondisk = 0) v6 ==== 173+0+0 (1810616604 0 0) 0x7f9f94026d70 con 0x24d1730
2014-12-17 09:40:48.760551 7f9f9effd700 1 -- 192.168.122.110:0/1025602 --> 192.168.122.112:6800/23010 -- osd_op(client.7734.0:1400 gc.350 [call rgw.gc_list] 92.6f4b61e4 ack+read+known_if_redirected e285) v4 -- ?+0 0x7f9f701741b0 con 0x24d1730
2014-12-17 09:40:48.761242 7f9fb37fe700 1 -- 192.168.122.110:0/1025602 <== osd.1 192.168.122.112:6800/23010 494 ==== osd_op_reply(1400 gc.350 [call] v0'0 uv11 ondisk = 0) v6 ==== 173+0+11 (2057058360 0 1993775135) 0x7f9f94026d70 con 0x24d1730
2014-12-17 09:40:48.761296 7f9f9effd700 1 -- 192.168.122.110:0/1025602 --> 192.168.122.112:6800/23010 -- osd_op(client.7734.0:1401 gc.350 [call lock.unlock] 92.6f4b61e4 ondisk+write+known_if_redirected e285) v4 -- ?+0 0x7f9f700400e0 con 0x24d1730
2014-12-17 09:40:48.783339 7f9fb37fe700 1 -- 192.168.122.110:0/1025602 <== osd.1 192.168.122.112:6800/23010 495 ==== osd_op_reply(1401 gc.350 [call] v285'12 uv12 ondisk = 0) v6 ==== 173+0+0 (588908276 0 0) 0x7f9f94026d70 con 0x24d1730
2014-12-17 09:40:48.783476 7f9f9effd700 1 -- 192.168.122.110:0/1025602 --> 192.168.122.113:6800/23617 -- osd_op(client.7734.0:1402 gc.351 [call lock.lock] 92.d2c52a7 ondisk+write+known_if_redirected e285) v4 -- ?+0 0x7f9f700400e0 con 0x24d4e20
2014-12-17 09:40:48.788204 7f9fb37fe700 1 -- 192.168.122.110:0/1025602 <== osd.2 192.168.122.113:6800/23617 493 ==== osd_op_reply(1402 gc.351 [call] v285'13 uv13 ondisk = 0) v6 ==== 173+0+0 (3147403072 0 0) 0x7f9f8c020160 con 0x24d4e20
2014-12-17 09:40:48.788300 7f9f9effd700 1 -- 192.168.122.110:0/1025602 --> 192.168.122.113:6800/23617 -- osd_op(client.7734.0:1403 gc.351 [call rgw.gc_list] 92.d2c52a7 ack+read+known_if_redirected e285) v4 -- ?+0 0x7f9f700400e0 con 0x24d4e20
2014-12-17 09:40:48.789037 7f9fb37fe700 1 -- 192.168.122.110:0/1025602 <== osd.2 192.168.122.113:6800/23617 494 ==== osd_op_reply(1403 gc.351 [call] v0'0 uv13 ondisk = 0) v6 ==== 173+0+11 (3803758334 0 1993775135) 0x7f9f8c020210 con 0x24d4e20
2014-12-17 09:40:48.789102 7f9f9effd700 1 -- 192.168.122.110:0/1025602 --> 192.168.122.113:6800/23617 -- osd_op(client.7734.0:1404 gc.351 [call lock.unlock] 92.d2c52a7 ondisk+write+known_if_redirected e285) v4 -- ?+0 0x7f9f701761b0 con 0x24d4e20
2014-12-17 09:40:48.800764 7f9fb37fe700 1 -- 192.168.122.110:0/1025602 <== osd.2 192.168.122.113:6800/23617 495 ==== osd_op_reply(1404 gc.351 [call] v285'14 uv14 ondisk = 0) v6 ==== 173+0+0 (999205581 0 0) 0x7f9f8c020160 con 0x24d4e20
2014-12-17 09:40:48.800836 7f9f9effd700 1 -- 192.168.122.110:0/1025602 --> 192.168.122.112:6800/23010 -- osd_op(client.7734.0:1405 gc.352 [call lock.lock] 92.69928dae ondisk+write+known_if_redirected e285) v4 -- ?+0 0x7f9f700400e0 con 0x24d1730
2014-12-17 09:40:48.803431 7f9fb37fe700 1 -- 192.168.122.110:0/1025602 <== osd.1 192.168.122.112:6800/23010 496 ==== osd_op_reply(1405 gc.352 [call] v285'19 uv19 ondisk = 0) v6 ==== 173+0+0 (3367256547 0 0) 0x7f9f94026d70 con 0x24d1730
2014-12-17 09:40:48.803534 7f9f9effd700 1 -- 192.168.122.110:0/1025602 --> 192.168.122.112:6800/23010 -- osd_op(client.7734.0:1406 gc.352 [call rgw.gc_list] 92.69928dae ack+read+known_if_redirected e285) v4 -- ?+0 0x7f9f701761b0 con 0x24d1730
2014-12-17 09:40:48.804114 7f9fb37fe700 1 -- 192.168.122.110:0/1025602 <== osd.1 192.168.122.112:6800/23010 497 ==== osd_op_reply(1406 gc.352 [call] v0'0 uv19 ondisk = 0) v6 ==== 173+0+11 (4252286046 0 1993775135) 0x7f9f94026d70 con 0x24d1730
2014-12-17 09:40:48.804160 7f9f9effd700 1 -- 192.168.122.110:0/1025602 --> 192.168.122.112:6800/23010 -- osd_op(client.7734.0:1407 gc.352 [call lock.unlock] 92.69928dae ondisk+write+known_if_redirected e285) v4 -- ?+0 0x7f9f700400e0 con 0x24d1730
2014-12-17 09:40:48.806345 7f9fb37fe700 1 -- 192.168.122.110:0/1025602 <== osd.1 192.168.122.112:6800/23010 498 ==== osd_op_reply(1407 gc.352 [call] v285'20 uv20 ondisk = 0) v6 ==== 173+0+0 (2152044043 0 0) 0x7f9f94026d70 con 0x24d1730
2014-12-17 09:40:48.806445 7f9f9effd700 1 -- 192.168.122.110:0/1025602 --> 192.168.122.113:6800/23617 -- osd_op(client.7734.0:1408 gc.353 [call lock.lock] 92.661a43de ondisk+write+known_if_redirected e285) v4 -- ?+0 0x7f9f701761b0 con 0x24d4e20
2014-12-17 09:40:48.808953 7f9fb37fe700 1 -- 192.168.122.110:0/1025602 <== osd.2 192.168.122.113:6800/23617 496 ==== osd_op_reply(1408 gc.353 [call] v285'7 uv7 ondisk = 0) v6 ==== 173+0+0 (2658467428 0 0) 0x7f9f8c020220 con 0x24d4e20
2014-12-17 09:40:48.809028 7f9f9effd700 1 -- 192.168.122.110:0/1025602 --> 192.168.122.113:6800/23617 -- osd_op(client.7734.0:1409 gc.353 [call rgw.gc_list] 92.661a43de ack+read+known_if_redirected e285) v4 -- ?+0 0x7f9f700400e0 con 0x24d4e20
2014-12-17 09:40:48.809660 7f9fb37fe700 1 -- 192.168.122.110:0/1025602 <== osd.2 192.168.122.113:6800/23617 497 ==== osd_op_reply(1409 gc.353 [call] v0'0 uv7 ondisk = 0) v6 ==== 173+0+11 (531539572 0 1993775135) 0x7f9f8c020230 con 0x24d4e20
2014-12-17 09:40:48.809711 7f9f9effd700 1 -- 192.168.122.110:0/1025602 --> 192.168.122.113:6800/23617 -- osd_op(client.7734.0:1410 gc.353 [call lock.unlock] 92.661a43de ondisk+write+known_if_redirected e285) v4 -- ?+0 0x7f9f700400e0 con 0x24d4e20
2014-12-17 09:40:48.811468 7f9fb37fe700 1 -- 192.168.122.110:0/1025602 <== osd.2 192.168.122.113:6800/23617 498 ==== osd_op_reply(1410 gc.353 [call] v285'8 uv8 ondisk = 0) v6 ==== 173+0+0 (1118092215 0 0) 0x7f9f8c020230 con 0x24d4e20
2014-12-17 09:40:48.811528 7f9f9effd700 1 -- 192.168.122.110:0/1025602 --> 192.168.122.112:6800/23010 -- osd_op(client.7734.0:1411 gc.354 [call lock.lock] 92.e2a175ea ondisk+write+known_if_redirected e285) v4 -- ?+0 0x7f9f700400e0 con 0x24d1730
2014-12-17 09:40:48.813792 7f9fb37fe700 1 -- 192.168.122.110:0/1025602 <== osd.1 192.168.122.112:6800/23010 499 ==== osd_op_reply(1411 gc.354 [call] v285'15 uv15 ondisk = 0) v6 ==== 173+0+0 (3739950184 0 0) 0x7f9f94026d70 con 0x24d1730
2014-12-17 09:40:48.813876 7f9f9effd700 1 -- 192.168.122.110:0/1025602 --> 192.168.122.112:6800/23010 -- osd_op(client.7734.0:1412 gc.354 [call rgw.gc_list] 92.e2a175ea ack+read+known_if_redirected e285) v4 -- ?+0 0x7f9f701781b0 con 0x24d1730
2014-12-17 09:40:48.814408 7f9fb37fe700 1 -- 192.168.122.110:0/1025602 <== osd.1 192.168.122.112:6800/23010 500 ==== osd_op_reply(1412 gc.354 [call] v0'0 uv15 ondisk = 0) v6 ==== 173+0+11 (3220727200 0 1993775135) 0x7f9f94026d70 con 0x24d1730
2014-12-17 09:40:48.814450 7f9f9effd700 1 -- 192.168.122.110:0/1025602 --> 192.168.122.112:6800/23010 -- osd_op(client.7734.0:1413 gc.354 [call lock.unlock] 92.e2a175ea ondisk+write+known_if_redirected e285) v4 -- ?+0 0x7f9f700400e0 con 0x24d1730
2014-12-17 09:40:48.816257 7f9fb37fe700 1 -- 192.168.122.110:0/1025602 <== osd.1 192.168.122.112:6800/23010 501 ==== osd_op_reply(1413 gc.354 [call] v285'16 uv16 ondisk = 0) v6 ==== 173+0+0 (798231356 0 0) 0x7f9f94026d70 con 0x24d1730
2014-12-17 09:40:48.816311 7f9f9effd700 1 -- 192.168.122.110:0/1025602 --> 192.168.122.113:6800/23617 -- osd_op(client.7734.0:1414 gc.355 [call lock.lock] 92.f3d8ab33 ondisk+write+known_if_redirected e285) v4 -- ?+0 0x7f9f701781b0 con 0x24d4e20
2014-12-17 09:40:48.818145 7f9fb37fe700 1 -- 192.168.122.110:0/1025602 <== osd.2 192.168.122.113:6800/23617 499 ==== osd_op_reply(1414 gc.355 [call] v285'21 uv21 ondisk = 0) v6 ==== 173+0+0 (2446240388 0 0) 0x7f9f8c020160 con 0x24d4e20
2014-12-17 09:40:48.818201 7f9f9effd700 1 -- 192.168.122.110:0/1025602 --> 192.168.122.113:6800/23617 -- osd_op(client.7734.0:1415 gc.355 [call rgw.gc_list] 92.f3d8ab33 ack+read+known_if_redirected e285) v4 -- ?+0 0x7f9f700400e0 con 0x24d4e20
2014-12-17 09:40:48.818701 7f9fb37fe700 1 -- 192.168.122.110:0/1025602 <== osd.2 192.168.122.113:6800/23617 500 ==== osd_op_reply(1415 gc.355 [call] v0'0 uv21 ondisk = 0) v6 ==== 173+0+11 (3965226915 0 1993775135) 0x7f9f8c020230 con 0x24d4e20
2014-12-17 09:40:48.818742 7f9f9effd700 1 -- 192.168.122.110:0/1025602 --> 192.168.122.113:6800/23617 -- osd_op(client.7734.0:1416 gc.355 [call lock.unlock] 92.f3d8ab33 ondisk+write+known_if_redirected e285) v4 -- ?+0 0x7f9f701781b0 con 0x24d4e20
2014-12-17 09:40:48.820401 7f9fb37fe700 1 -- 192.168.122.110:0/1025602 <== osd.2 192.168.122.113:6800/23617 501 ==== osd_op_reply(1416 gc.355 [call] v285'22 uv22 ondisk = 0) v6 ==== 173+0+0 (299470601 0 0) 0x7f9f8c020230 con 0x24d4e20
2014-12-17 09:40:48.820452 7f9f9effd700 1 -- 192.168.122.110:0/1025602 --> 192.168.122.113:6800/23617 -- osd_op(client.7734.0:1417 gc.356 [call lock.lock] 92.4fd05103 ondisk+write+known_if_redirected e285) v4 -- ?+0 0x7f9f700400e0 con 0x24d4e20
2014-12-17 09:40:48.822435 7f9fb37fe700 1 -- 192.168.122.110:0/1025602 <== osd.2 192.168.122.113:6800/23617 502 ==== osd_op_reply(1417 gc.356 [call] v285'23 uv23 ondisk = 0) v6 ==== 173+0+0 (3220070257 0 0) 0x7f9f8c020160 con 0x24d4e20
2014-12-17 09:40:48.822494 7f9f9effd700 1 -- 192.168.122.110:0/1025602 --> 192.168.122.113:6800/23617 -- osd_op(client.7734.0:1418 gc.356 [call rgw.gc_list] 92.4fd05103 ack+read+known_if_redirected e285) v4 -- ?+0 0x7f9f700400e0 con 0x24d4e20
2014-12-17 09:40:48.822997 7f9fb37fe700 1 -- 192.168.122.110:0/1025602 <== osd.2 192.168.122.113:6800/23617 503 ==== osd_op_reply(1418 gc.356 [call] v0'0 uv23 ondisk = 0) v6 ==== 173+0+11 (4199166496 0 1993775135) 0x7f9f8c020210 con 0x24d4e20
2014-12-17 09:40:48.823038 7f9f9effd700 1 -- 192.168.122.110:0/1025602 --> 192.168.122.113:6800/23617 -- osd_op(client.7734.0:1419 gc.356 [call lock.unlock] 92.4fd05103 ondisk+write+known_if_redirected e285) v4 -- ?+0 0x7f9f700400e0 con 0x24d4e20
2014-12-17 09:40:48.824790 7f9fb37fe700 1 -- 192.168.122.110:0/1025602 <== osd.2 192.168.122.113:6800/23617 504 ==== osd_op_reply(1419 gc.356 [call] v285'24 uv24 ondisk = 0) v6 ==== 173+0+0 (1665014434 0 0) 0x7f9f8c020160 con 0x24d4e20
2014-12-17 09:40:48.824858 7f9f9effd700 1 -- 192.168.122.110:0/1025602 --> 192.168.122.111:6800/17009 -- osd_op(client.7734.0:1420 gc.357 [call lock.lock] 92.ee717714 ondisk+write+known_if_redirected e285) v4 -- ?+0 0x7f9f7017a1b0 con 0x24e4b10
2014-12-17 09:40:48.826889 7f9fb37fe700 1 -- 192.168.122.110:0/1025602 <== osd.0 192.168.122.111:6800/17009 417 ==== osd_op_reply(1420 gc.357 [call] v285'15 uv15 ondisk = 0) v6 ==== 173+0+0 (1011340035 0 0) 0x7f9f78020050 con 0x24e4b10
2014-12-17 09:40:48.826948 7f9f9effd700 1 -- 192.168.122.110:0/1025602 --> 192.168.122.111:6800/17009 -- osd_op(client.7734.0:1421 gc.357 [call rgw.gc_list] 92.ee717714 ack+read+known_if_redirected e285) v4 -- ?+0 0x7f9f700400e0 con 0x24e4b10
2014-12-17 09:40:48.827436 7f9fb37fe700 1 -- 192.168.122.110:0/1025602 <== osd.0 192.168.122.111:6800/17009 418 ==== osd_op_reply(1421 gc.357 [call] v0'0 uv15 ondisk = 0) v6 ==== 173+0+11 (1565829835 0 1993775135) 0x7f9f78001c70 con 0x24e4b10
2014-12-17 09:40:48.827493 7f9f9effd700 1 -- 192.168.122.110:0/1025602 --> 192.168.122.111:6800/17009 -- osd_op(client.7734.0:1422 gc.357 [call lock.unlock] 92.ee717714 ondisk+write+known_if_redirected e285) v4 -- ?+0 0x7f9f7017a1b0 con 0x24e4b10
2014-12-17 09:40:48.829325 7f9fb37fe700 1 -- 192.168.122.110:0/1025602 <== osd.0 192.168.122.111:6800/17009 419 ==== osd_op_reply(1422 gc.357 [call] v285'16 uv16 ondisk = 0) v6 ==== 173+0+0 (3443049559 0 0) 0x7f9f78001c70 con 0x24e4b10
2014-12-17 09:40:48.829385 7f9f9effd700 1 -- 192.168.122.110:0/1025602 --> 192.168.122.112:6800/23010 -- osd_op(client.7734.0:1423 gc.358 [call lock.lock] 92.3f038df5 ondisk+write+known_if_redirected e285) v4 -- ?+0 0x7f9f700400e0 con 0x24d1730
2014-12-17 09:40:48.831687 7f9fb37fe700 1 -- 192.168.122.110:0/1025602 <== osd.1 192.168.122.112:6800/23010 502 ==== osd_op_reply(1423 gc.358 [call] v285'13 uv13 ondisk = 0) v6 ==== 173+0+0 (1510902544 0 0) 0x7f9f94026d70 con 0x24d1730
2014-12-17 09:40:48.831762 7f9f9effd700 1 -- 192.168.122.110:0/1025602 --> 192.168.122.112:6800/23010 -- osd_op(client.7734.0:1424 gc.358 [call rgw.gc_list] 92.3f038df5 ack+read+known_if_redirected e285) v4 -- ?+0 0x7f9f7017a1b0 con 0x24d1730
2014-12-17 09:40:48.832363 7f9fb37fe700 1 -- 192.168.122.110:0/1025602 <== osd.1 192.168.122.112:6800/23010 503 ==== osd_op_reply(1424 gc.358 [call] v0'0 uv13 ondisk = 0) v6 ==== 173+0+11 (53459630 0 1993775135) 0x7f9f94026d70 con 0x24d1730
2014-12-17 09:40:48.832418 7f9f9effd700 1 -- 192.168.122.110:0/1025602 --> 192.168.122.112:6800/23010 -- osd_op(client.7734.0:1425 gc.358 [call lock.unlock] 92.3f038df5 ondisk+write+known_if_redirected e285) v4 -- ?+0 0x7f9f700400e0 con 0x24d1730
2014-12-17 09:40:48.834276 7f9fb37fe700 1 -- 192.168.122.110:0/1025602 <== osd.1 192.168.122.112:6800/23010 504 ==== osd_op_reply(1425 gc.358 [call] v285'14 uv14 ondisk = 0) v6 ==== 173+0+0 (3659116189 0 0) 0x7f9f94026d70 con 0x24d1730
2014-12-17 09:40:48.834326 7f9f9effd700 1 -- 192.168.122.110:0/1025602 --> 192.168.122.113:6800/23617 -- osd_op(client.7734.0:1426 gc.359 [call lock.lock] 92.dc13c66 ondisk+write+known_if_redirected e285) v4 -- ?+0 0x7f9f700400e0 con 0x24d4e20
2014-12-17 09:40:48.836079 7f9fb37fe700 1 -- 192.168.122.110:0/1025602 <== osd.2 192.168.122.113:6800/23617 505 ==== osd_op_reply(1426 gc.359 [call] v285'19 uv19 ondisk = 0) v6 ==== 173+0+0 (888767423 0 0) 0x7f9f8c020220 con 0x24d4e20
2014-12-17 09:40:48.836132 7f9f9effd700 1 -- 192.168.122.110:0/1025602 --> 192.168.122.113:6800/23617 -- osd_op(client.7734.0:1427 gc.359 [call rgw.gc_list] 92.dc13c66 ack+read+known_if_redirected e285) v4 -- ?+0 0x7f9f700400e0 con 0x24d4e20
2014-12-17 09:40:48.836628 7f9fb37fe700 1 -- 192.168.122.110:0/1025602 <== osd.2 192.168.122.113:6800/23617 506 ==== osd_op_reply(1427 gc.359 [call] v0'0 uv19 ondisk = 0) v6 ==== 173+0+11 (20545026 0 1993775135) 0x7f9f8c020230 con 0x24d4e20
2014-12-17 09:40:48.836693 7f9f9effd700 1 -- 192.168.122.110:0/1025602 --> 192.168.122.113:6800/23617 -- osd_op(client.7734.0:1428 gc.359 [call lock.unlock] 92.dc13c66 ondisk+write+known_if_redirected e285) v4 -- ?+0 0x7f9f7017c1b0 con 0x24d4e20
2014-12-17 09:40:48.838423 7f9fb37fe700 1 -- 192.168.122.110:0/1025602 <== osd.2 192.168.122.113:6800/23617 507 ==== osd_op_reply(1428 gc.359 [call] v285'20 uv20 ondisk = 0) v6 ==== 173+0+0 (2080920663 0 0) 0x7f9f8c020230 con 0x24d4e20
2014-12-17 09:40:48.838473 7f9f9effd700 1 -- 192.168.122.110:0/1025602 --> 192.168.122.113:6800/23617 -- osd_op(client.7734.0:1429 gc.360 [call lock.lock] 92.ef18c708 ondisk+write+known_if_redirected e285) v4 -- ?+0 0x7f9f700400e0 con 0x24d4e20
2014-12-17 09:40:48.840366 7f9fb37fe700 1 -- 192.168.122.110:0/1025602 <== osd.2 192.168.122.113:6800/23617 508 ==== osd_op_reply(1429 gc.360 [call] v285'17 uv17 ondisk = 0) v6 ==== 173+0+0 (453097747 0 0) 0x7f9f8c020160 con 0x24d4e20
2014-12-17 09:40:48.840431 7f9f9effd700 1 -- 192.168.122.110:0/1025602 --> 192.168.122.113:6800/23617 -- osd_op(client.7734.0:1430 gc.360 [call rgw.gc_list] 92.ef18c708 ack+read+known_if_redirected e285) v4 -- ?+0 0x7f9f7017c1b0 con 0x24d4e20
2014-12-17 09:40:48.840934 7f9fb37fe700 1 -- 192.168.122.110:0/1025602 <== osd.2 192.168.122.113:6800/23617 509 ==== osd_op_reply(1430 gc.360 [call] v0'0 uv17 ondisk = 0) v6 ==== 173+0+11 (385027288 0 1993775135) 0x7f9f8c020230 con 0x24d4e20
2014-12-17 09:40:48.840974 7f9f9effd700 1 -- 192.168.122.110:0/1025602 --> 192.168.122.113:6800/23617 -- osd_op(client.7734.0:1431 gc.360 [call lock.unlock] 92.ef18c708 ondisk+write+known_if_redirected e285) v4 -- ?+0 0x7f9f700400e0 con 0x24d4e20
2014-12-17 09:40:48.842840 7f9fb37fe700 1 -- 192.168.122.110:0/1025602 <== osd.2 192.168.122.113:6800/23617 510 ==== osd_op_reply(1431 gc.360 [call] v285'18 uv18 ondisk = 0) v6 ==== 173+0+0 (2601950366 0 0) 0x7f9f8c020230 con 0x24d4e20
2014-12-17 09:40:48.842901 7f9f9effd700 1 -- 192.168.122.110:0/1025602 --> 192.168.122.111:6800/17009 -- osd_op(client.7734.0:1432 gc.361 [call lock.lock] 92.4b192ce5 ondisk+write+known_if_redirected e285) v4 -- ?+0 0x7f9f7017c1b0 con 0x24e4b10
2014-12-17 09:40:48.844781 7f9fb37fe700 1 -- 192.168.122.110:0/1025602 <== osd.0 192.168.122.111:6800/17009 420 ==== osd_op_reply(1432 gc.361 [call] v285'11 uv11 ondisk = 0) v6 ==== 173+0+0 (2564127910 0 0) 0x7f9f7801c530 con 0x24e4b10
2014-12-17 09:40:48.844845 7f9f9effd700 1 -- 192.168.122.110:0/1025602 --> 192.168.122.111:6800/17009 -- osd_op(client.7734.0:1433 gc.361 [call rgw.gc_list] 92.4b192ce5 ack+read+known_if_redirected e285) v4 -- ?+0 0x7f9f700400e0 con 0x24e4b10
2014-12-17 09:40:48.845389 7f9fb37fe700 1 -- 192.168.122.110:0/1025602 <== osd.0 192.168.122.111:6800/17009 421 ==== osd_op_reply(1433 gc.361 [call] v0'0 uv11 ondisk = 0) v6 ==== 173+0+11 (2309133698 0 1993775135) 0x7f9f7801c600 con 0x24e4b10
2014-12-17 09:40:48.845439 7f9f9effd700 1 -- 192.168.122.110:0/1025602 --> 192.168.122.111:6800/17009 -- osd_op(client.7734.0:1434 gc.361 [call lock.unlock] 92.4b192ce5 ondisk+write+known_if_redirected e285) v4 -- ?+0 0x7f9f700400e0 con 0x24e4b10
2014-12-17 09:40:48.847204 7f9fb37fe700 1 -- 192.168.122.110:0/1025602 <== osd.0 192.168.122.111:6800/17009 422 ==== osd_op_reply(1434 gc.361 [call] v285'12 uv12 ondisk = 0) v6 ==== 173+0+0 (3492064078 0 0) 0x7f9f7801c600 con 0x24e4b10
2014-12-17 09:40:48.847252 7f9f9effd700 1 -- 192.168.122.110:0/1025602 --> 192.168.122.111:6800/17009 -- osd_op(client.7734.0:1435 gc.362 [call lock.lock] 92.817acdbd ondisk+write+known_if_redirected e285) v4 -- ?+0 0x7f9f700400e0 con 0x24e4b10
2014-12-17 09:40:48.849248 7f9fb37fe700 1 -- 192.168.122.110:0/1025602 <== osd.0 192.168.122.111:6800/17009 423 ==== osd_op_reply(1435 gc.362 [call] v285'13 uv13 ondisk = 0) v6 ==== 173+0+0 (2282138183 0 0) 0x7f9f78001ed0 con 0x24e4b10
2014-12-17 09:40:48.849323 7f9f9effd700 1 -- 192.168.122.110:0/1025602 --> 192.168.122.111:6800/17009 -- osd_op(client.7734.0:1436 gc.362 [call rgw.gc_list] 92.817acdbd ack+read+known_if_redirected e285) v4 -- ?+0 0x7f9f7017e1b0 con 0x24e4b10
2014-12-17 09:40:48.849882 7f9fb37fe700 1 -- 192.168.122.110:0/1025602 <== osd.0 192.168.122.111:6800/17009 424 ==== osd_op_reply(1436 gc.362 [call] v0'0 uv13 ondisk = 0) v6 ==== 173+0+11 (3509033977 0 1993775135) 0x7f9f7801c470 con 0x24e4b10
2014-12-17 09:40:48.849926 7f9f9effd700 1 -- 192.168.122.110:0/1025602 --> 192.168.122.111:6800/17009 -- osd_op(client.7734.0:1437 gc.362 [call lock.unlock] 92.817acdbd ondisk+write+known_if_redirected e285) v4 -- ?+0 0x7f9f700400e0 con 0x24e4b10
2014-12-17 09:40:48.851584 7f9fb37fe700 1 -- 192.168.122.110:0/1025602 <== osd.0 192.168.122.111:6800/17009 425 ==== osd_op_reply(1437 gc.362 [call] v285'14 uv14 ondisk = 0) v6 ==== 173+0+0 (135368650 0 0) 0x7f9f7801c470 con 0x24e4b10
2014-12-17 09:40:48.851634 7f9f9effd700 1 -- 192.168.122.110:0/1025602 --> 192.168.122.112:6800/23010 -- osd_op(client.7734.0:1438 gc.363 [call lock.lock] 92.ef6124b4 ondisk+write+known_if_redirected e285) v4 -- ?+0 0x7f9f7017e1b0 con 0x24d1730
2014-12-17 09:40:48.853781 7f9fb37fe700 1 -- 192.168.122.110:0/1025602 <== osd.1 192.168.122.112:6800/23010 505 ==== osd_op_reply(1438 gc.363 [call] v285'27 uv27 ondisk = 0) v6 ==== 173+0+0 (2630078883 0 0) 0x7f9f94026d70 con 0x24d1730
2014-12-17 09:40:48.853839 7f9f9effd700 1 -- 192.168.122.110:0/1025602 --> 192.168.122.112:6800/23010 -- osd_op(client.7734.0:1439 gc.363 [call rgw.gc_list] 92.ef6124b4 ack+read+known_if_redirected e285) v4 -- ?+0 0x7f9f700400e0 con 0x24d1730
2014-12-17 09:40:48.854353 7f9fb37fe700 1 -- 192.168.122.110:0/1025602 <== osd.1 192.168.122.112:6800/23010 506 ==== osd_op_reply(1439 gc.363 [call] v0'0 uv27 ondisk = 0) v6 ==== 173+0+11 (1237978566 0 1993775135) 0x7f9f94026d70 con 0x24d1730
2014-12-17 09:40:48.854402 7f9f9effd700 1 -- 192.168.122.110:0/1025602 --> 192.168.122.112:6800/23010 -- osd_op(client.7734.0:1440 gc.363 [call lock.unlock] 92.ef6124b4 ondisk+write+known_if_redirected e285) v4 -- ?+0 0x7f9f7017e1b0 con 0x24d1730
2014-12-17 09:40:48.868789 7f9fb37fe700 1 -- 192.168.122.110:0/1025602 <== osd.1 192.168.122.112:6800/23010 507 ==== osd_op_reply(1440 gc.363 [call] v285'28 uv28 ondisk = 0) v6 ==== 173+0+0 (3560048203 0 0) 0x7f9f94026d70 con 0x24d1730
2014-12-17 09:40:48.868849 7f9f9effd700 1 -- 192.168.122.110:0/1025602 --> 192.168.122.112:6800/23010 -- osd_op(client.7734.0:1441 gc.364 [call lock.lock] 92.51df55f4 ondisk+write+known_if_redirected e285) v4 -- ?+0 0x7f9f700400e0 con 0x24d1730
2014-12-17 09:40:48.870976 7f9fb37fe700 1 -- 192.168.122.110:0/1025602 <== osd.1 192.168.122.112:6800/23010 508 ==== osd_op_reply(1441 gc.364 [call] v285'29 uv29 ondisk = 0) v6 ==== 173+0+0 (535212657 0 0) 0x7f9f94026d70 con 0x24d1730
2014-12-17 09:40:48.871046 7f9f9effd700 1 -- 192.168.122.110:0/1025602 --> 192.168.122.112:6800/23010 -- osd_op(client.7734.0:1442 gc.364 [call rgw.gc_list] 92.51df55f4 ack+read+known_if_redirected e285) v4 -- ?+0 0x7f9f700400e0 con 0x24d1730
2014-12-17 09:40:48.871606 7f9fb37fe700 1 -- 192.168.122.110:0/1025602 <== osd.1 192.168.122.112:6800/23010 509 ==== osd_op_reply(1442 gc.364 [call] v0'0 uv29 ondisk = 0) v6 ==== 173+0+11 (2193208974 0 1993775135) 0x7f9f94026d70 con 0x24d1730
2014-12-17 09:40:48.871662 7f9f9effd700 1 -- 192.168.122.110:0/1025602 --> 192.168.122.112:6800/23010 -- osd_op(client.7734.0:1443 gc.364 [call lock.unlock] 92.51df55f4 ondisk+write+known_if_redirected e285) v4 -- ?+0 0x7f9f700400e0 con 0x24d1730
2014-12-17 09:40:48.873716 7f9fb37fe700 1 -- 192.168.122.110:0/1025602 <== osd.1 192.168.122.112:6800/23010 510 ==== osd_op_reply(1443 gc.364 [call] v285'30 uv30 ondisk = 0) v6 ==== 173+0+0 (2683410428 0 0) 0x7f9f94026d70 con 0x24d1730
2014-12-17 09:40:48.873780 7f9f9effd700 1 -- 192.168.122.110:0/1025602 --> 192.168.122.111:6800/17009 -- osd_op(client.7734.0:1444 gc.365 [call lock.lock] 92.33a82d0d ondisk+write+known_if_redirected e285) v4 -- ?+0 0x7f9f701801b0 con 0x24e4b10
2014-12-17 09:40:48.876066 7f9fb37fe700 1 -- 192.168.122.110:0/1025602 <== osd.0 192.168.122.111:6800/17009 426 ==== osd_op_reply(1444 gc.365 [call] v285'17 uv17 ondisk = 0) v6 ==== 173+0+0 (3893637440 0 0) 0x7f9f78001c70 con 0x24e4b10
2014-12-17 09:40:48.876130 7f9f9effd700 1 -- 192.168.122.110:0/1025602 --> 192.168.122.111:6800/17009 -- osd_op(client.7734.0:1445 gc.365 [call rgw.gc_list] 92.33a82d0d ack+read+known_if_redirected e285) v4 -- ?+0 0x7f9f700400e0 con 0x24e4b10
2014-12-17 09:40:48.876702 7f9fb37fe700 1 -- 192.168.122.110:0/1025602 <== osd.0 192.168.122.111:6800/17009 427 ==== osd_op_reply(1445 gc.365 [call] v0'0 uv17 ondisk = 0) v6 ==== 173+0+11 (3857089675 0 1993775135) 0x7f9f78001d40 con 0x24e4b10
2014-12-17 09:40:48.876743 7f9f9effd700 1 -- 192.168.122.110:0/1025602 --> 192.168.122.111:6800/17009 -- osd_op(client.7734.0:1446 gc.365 [call lock.unlock] 92.33a82d0d ondisk+write+known_if_redirected e285) v4 -- ?+0 0x7f9f701801b0 con 0x24e4b10
2014-12-17 09:40:48.878557 7f9fb37fe700 1 -- 192.168.122.110:0/1025602 <== osd.0 192.168.122.111:6800/17009 428 ==== osd_op_reply(1446 gc.365 [call] v285'18 uv18 ondisk = 0) v6 ==== 173+0+0 (1745032397 0 0) 0x7f9f78001d40 con 0x24e4b10
2014-12-17 09:40:48.878605 7f9f9effd700 1 -- 192.168.122.110:0/1025602 --> 192.168.122.112:6800/23010 -- osd_op(client.7734.0:1447 gc.366 [call lock.lock] 92.30ebccf4 ondisk+write+known_if_redirected e285) v4 -- ?+0 0x7f9f700400e0 con 0x24d1730
2014-12-17 09:40:48.880932 7f9fb37fe700 1 -- 192.168.122.110:0/1025602 <== osd.1 192.168.122.112:6800/23010 511 ==== osd_op_reply(1447 gc.366 [call] v285'31 uv31 ondisk = 0) v6 ==== 173+0+0 (1339742698 0 0) 0x7f9f94026d70 con 0x24d1730
2014-12-17 09:40:48.880992 7f9f9effd700 1 -- 192.168.122.110:0/1025602 --> 192.168.122.112:6800/23010 -- osd_op(client.7734.0:1448 gc.366 [call rgw.gc_list] 92.30ebccf4 ack+read+known_if_redirected e285) v4 -- ?+0 0x7f9f701801b0 con 0x24d1730
2014-12-17 09:40:48.881624 7f9fb37fe700 1 -- 192.168.122.110:0/1025602 <== osd.1 192.168.122.112:6800/23010 512 ==== osd_op_reply(1448 gc.366 [call] v0'0 uv31 ondisk = 0) v6 ==== 173+0+11 (3937899875 0 1993775135) 0x7f9f94026d70 con 0x24d1730
2014-12-17 09:40:48.881674 7f9f9effd700 1 -- 192.168.122.110:0/1025602 --> 192.168.122.112:6800/23010 -- osd_op(client.7734.0:1449 gc.366 [call lock.unlock] 92.30ebccf4 ondisk+write+known_if_redirected e285) v4 -- ?+0 0x7f9f700400e0 con 0x24d1730
2014-12-17 09:40:48.883725 7f9fb37fe700 1 -- 192.168.122.110:0/1025602 <== osd.1 192.168.122.112:6800/23010 513 ==== osd_op_reply(1449 gc.366 [call] v285'32 uv32 ondisk = 0) v6 ==== 173+0+0 (3858459568 0 0) 0x7f9f94026d70 con 0x24d1730
2014-12-17 09:40:48.883774 7f9f9effd700 1 -- 192.168.122.110:0/1025602 --> 192.168.122.113:6800/23617 -- osd_op(client.7734.0:1450 gc.367 [call lock.lock] 92.dee3a493 ondisk+write+known_if_redirected e285) v4 -- ?+0 0x7f9f700400e0 con 0x24d4e20
2014-12-17 09:40:48.886053 7f9fb37fe700 1 -- 192.168.122.110:0/1025602 <== osd.2 192.168.122.113:6800/23617 511 ==== osd_op_reply(1450 gc.367 [call] v285'23 uv23 ondisk = 0) v6 ==== 173+0+0 (1274190131 0 0) 0x7f9f8c020160 con 0x24d4e20
2014-12-17 09:40:48.886125 7f9f9effd700 1 -- 192.168.122.110:0/1025602 --> 192.168.122.113:6800/23617 -- osd_op(client.7734.0:1451 gc.367 [call rgw.gc_list] 92.dee3a493 ack+read+known_if_redirected e285) v4 -- ?+0 0x7f9f700400e0 con 0x24d4e20
2014-12-17 09:40:48.886619 7f9fb37fe700 1 -- 192.168.122.110:0/1025602 <== osd.2 192.168.122.113:6800/23617 512 ==== osd_op_reply(1451 gc.367 [call] v0'0 uv23 ondisk = 0) v6 ==== 173+0+11 (240579682 0 1993775135) 0x7f9f8c020210 con 0x24d4e20
2014-12-17 09:40:48.886676 7f9f9effd700 1 -- 192.168.122.110:0/1025602 --> 192.168.122.113:6800/23617 -- osd_op(client.7734.0:1452 gc.367 [call lock.unlock] 92.dee3a493 ondisk+write+known_if_redirected e285) v4 -- ?+0 0x7f9f701821b0 con 0x24d4e20
2014-12-17 09:40:48.888662 7f9fb37fe700 1 -- 192.168.122.110:0/1025602 <== osd.2 192.168.122.113:6800/23617 513 ==== osd_op_reply(1452 gc.367 [call] v285'24 uv24 ondisk = 0) v6 ==== 173+0+0 (2535644384 0 0) 0x7f9f8c020160 con 0x24d4e20
2014-12-17 09:40:48.888717 7f9f9effd700 1 -- 192.168.122.110:0/1025602 --> 192.168.122.112:6800/23010 -- osd_op(client.7734.0:1453 gc.368 [call lock.lock] 92.e20288a3 ondisk+write+known_if_redirected e285) v4 -- ?+0 0x7f9f700400e0 con 0x24d1730
2014-12-17 09:40:48.891072 7f9fb37fe700 1 -- 192.168.122.110:0/1025602 <== osd.1 192.168.122.112:6800/23010 514 ==== osd_op_reply(1453 gc.368 [call] v285'13 uv13 ondisk = 0) v6 ==== 173+0+0 (2257797678 0 0) 0x7f9f94026d70 con 0x24d1730
2014-12-17 09:40:48.891146 7f9f9effd700 1 -- 192.168.122.110:0/1025602 --> 192.168.122.112:6800/23010 -- osd_op(client.7734.0:1454 gc.368 [call rgw.gc_list] 92.e20288a3 ack+read+known_if_redirected e285) v4 -- ?+0 0x7f9f701821b0 con 0x24d1730
2014-12-17 09:40:48.891669 7f9fb37fe700 1 -- 192.168.122.110:0/1025602 <== osd.1 192.168.122.112:6800/23010 515 ==== osd_op_reply(1454 gc.368 [call] v0'0 uv13 ondisk = 0) v6 ==== 173+0+11 (3753014160 0 1993775135) 0x7f9f94026d70 con 0x24d1730
2014-12-17 09:40:48.891720 7f9f9effd700 1 -- 192.168.122.110:0/1025602 --> 192.168.122.112:6800/23010 -- osd_op(client.7734.0:1455 gc.368 [call lock.unlock] 92.e20288a3 ondisk+write+known_if_redirected e285) v4 -- ?+0 0x7f9f700400e0 con 0x24d1730
2014-12-17 09:40:48.893656 7f9fb37fe700 1 -- 192.168.122.110:0/1025602 <== osd.1 192.168.122.112:6800/23010 516 ==== osd_op_reply(1455 gc.368 [call] v285'14 uv14 ondisk = 0) v6 ==== 173+0+0 (109340579 0 0) 0x7f9f94026d70 con 0x24d1730
2014-12-17 09:40:48.893722 7f9f9effd700 1 -- 192.168.122.110:0/1025602 --> 192.168.122.113:6800/23617 -- osd_op(client.7734.0:1456 gc.369 [call lock.lock] 92.1be6c666 ondisk+write+known_if_redirected e285) v4 -- ?+0 0x7f9f701821b0 con 0x24d4e20
2014-12-17 09:40:48.895659 7f9fb37fe700 1 -- 192.168.122.110:0/1025602 <== osd.2 192.168.122.113:6800/23617 514 ==== osd_op_reply(1456 gc.369 [call] v285'21 uv21 ondisk = 0) v6 ==== 173+0+0 (2809091951 0 0) 0x7f9f8c020220 con 0x24d4e20
2014-12-17 09:40:48.895722 7f9f9effd700 1 -- 192.168.122.110:0/1025602 --> 192.168.122.113:6800/23617 -- osd_op(client.7734.0:1457 gc.369 [call rgw.gc_list] 92.1be6c666 ack+read+known_if_redirected e285) v4 -- ?+0 0x7f9f700400e0 con 0x24d4e20
2014-12-17 09:40:48.896223 7f9fb37fe700 1 -- 192.168.122.110:0/1025602 <== osd.2 192.168.122.113:6800/23617 515 ==== osd_op_reply(1457 gc.369 [call] v0'0 uv21 ondisk = 0) v6 ==== 173+0+11 (3673780808 0 1993775135) 0x7f9f8c020230 con 0x24d4e20
2014-12-17 09:40:48.896282 7f9f9effd700 1 -- 192.168.122.110:0/1025602 --> 192.168.122.113:6800/23617 -- osd_op(client.7734.0:1458 gc.369 [call lock.unlock] 92.1be6c666 ondisk+write+known_if_redirected e285) v4 -- ?+0 0x7f9f700400e0 con 0x24d4e20
2014-12-17 09:40:48.897976 7f9fb37fe700 1 -- 192.168.122.110:0/1025602 <== osd.2 192.168.122.113:6800/23617 516 ==== osd_op_reply(1458 gc.369 [call] v285'22 uv22 ondisk = 0) v6 ==== 173+0+0 (662205154 0 0) 0x7f9f8c020230 con 0x24d4e20
2014-12-17 09:40:48.898038 7f9f9effd700 1 -- 192.168.122.110:0/1025602 --> 192.168.122.113:6800/23617 -- osd_op(client.7734.0:1459 gc.370 [call lock.lock] 92.d9f6c6b8 ondisk+write+known_if_redirected e285) v4 -- ?+0 0x7f9f700400e0 con 0x24d4e20
2014-12-17 09:40:48.900056 7f9fb37fe700 1 -- 192.168.122.110:0/1025602 <== osd.2 192.168.122.113:6800/23617 517 ==== osd_op_reply(1459 gc.370 [call] v285'19 uv19 ondisk = 0) v6 ==== 173+0+0 (1943503492 0 0) 0x7f9f8c020160 con 0x24d4e20
2014-12-17 09:40:48.900145 7f9f9effd700 1 -- 192.168.122.110:0/1025602 --> 192.168.122.113:6800/23617 -- osd_op(client.7734.0:1460 gc.370 [call rgw.gc_list] 92.d9f6c6b8 ack+read+known_if_redirected e285) v4 -- ?+0 0x7f9f701841b0 con 0x24d4e20
2014-12-17 09:40:48.900692 7f9fb37fe700 1 -- 192.168.122.110:0/1025602 <== osd.2 192.168.122.113:6800/23617 518 ==== osd_op_reply(1460 gc.370 [call] v0'0 uv19 ondisk = 0) v6 ==== 173+0+11 (1175945017 0 1993775135) 0x7f9f8c020230 con 0x24d4e20
2014-12-17 09:40:48.900746 7f9f9effd700 1 -- 192.168.122.110:0/1025602 --> 192.168.122.113:6800/23617 -- osd_op(client.7734.0:1461 gc.370 [call lock.unlock] 92.d9f6c6b8 ondisk+write+known_if_redirected e285) v4 -- ?+0 0x7f9f700400e0 con 0x24d4e20
2014-12-17 09:40:48.902832 7f9fb37fe700 1 -- 192.168.122.110:0/1025602 <== osd.2 192.168.122.113:6800/23617 519 ==== osd_op_reply(1461 gc.370 [call] v285'20 uv20 ondisk = 0) v6 ==== 173+0+0 (992367980 0 0) 0x7f9f8c020230 con 0x24d4e20
2014-12-17 09:40:48.902882 7f9f9effd700 1 -- 192.168.122.110:0/1025602 --> 192.168.122.112:6800/23010 -- osd_op(client.7734.0:1462 gc.371 [call lock.lock] 92.10e8f17c ondisk+write+known_if_redirected e285) v4 -- ?+0 0x7f9f701841b0 con 0x24d1730
2014-12-17 09:40:48.905023 7f9fb37fe700 1 -- 192.168.122.110:0/1025602 <== osd.1 192.168.122.112:6800/23010 517 ==== osd_op_reply(1462 gc.371 [call] v285'15 uv15 ondisk = 0) v6 ==== 173+0+0 (2443365463 0 0) 0x7f9f94026d70 con 0x24d1730
2014-12-17 09:40:48.905081 7f9f9effd700 1 -- 192.168.122.110:0/1025602 --> 192.168.122.112:6800/23010 -- osd_op(client.7734.0:1463 gc.371 [call rgw.gc_list] 92.10e8f17c ack+read+known_if_redirected e285) v4 -- ?+0 0x7f9f700400e0 con 0x24d1730
2014-12-17 09:40:48.905588 7f9fb37fe700 1 -- 192.168.122.110:0/1025602 <== osd.1 192.168.122.112:6800/23010 518 ==== osd_op_reply(1463 gc.371 [call] v0'0 uv15 ondisk = 0) v6 ==== 173+0+11 (4038178207 0 1993775135) 0x7f9f94026d70 con 0x24d1730
2014-12-17 09:40:48.905631 7f9f9effd700 1 -- 192.168.122.110:0/1025602 --> 192.168.122.112:6800/23010 -- osd_op(client.7734.0:1464 gc.371 [call lock.unlock] 92.10e8f17c ondisk+write+known_if_redirected e285) v4 -- ?+0 0x7f9f701841b0 con 0x24d1730
2014-12-17 09:40:48.907352 7f9fb37fe700 1 -- 192.168.122.110:0/1025602 <== osd.1 192.168.122.112:6800/23010 519 ==== osd_op_reply(1464 gc.371 [call] v285'16 uv16 ondisk = 0) v6 ==== 173+0+0 (1625152259 0 0) 0x7f9f94026d70 con 0x24d1730
2014-12-17 09:40:48.907420 7f9f9effd700 1 -- 192.168.122.110:0/1025602 --> 192.168.122.111:6800/17009 -- osd_op(client.7734.0:1465 gc.372 [call lock.lock] 92.6e737305 ondisk+write+known_if_redirected e285) v4 -- ?+0 0x7f9f700400e0 con 0x24e4b10
2014-12-17 09:40:48.909587 7f9fb37fe700 1 -- 192.168.122.110:0/1025602 <== osd.0 192.168.122.111:6800/17009 429 ==== osd_op_reply(1465 gc.372 [call] v285'15 uv15 ondisk = 0) v6 ==== 173+0+0 (1448487808 0 0) 0x7f9f78001e60 con 0x24e4b10
2014-12-17 09:40:48.909666 7f9f9effd700 1 -- 192.168.122.110:0/1025602 --> 192.168.122.111:6800/17009 -- osd_op(client.7734.0:1466 gc.372 [call rgw.gc_list] 92.6e737305 ack+read+known_if_redirected e285) v4 -- ?+0 0x7f9f700400e0 con 0x24e4b10
2014-12-17 09:40:48.910167 7f9fb37fe700 1 -- 192.168.122.110:0/1025602 <== osd.0 192.168.122.111:6800/17009 430 ==== osd_op_reply(1466 gc.372 [call] v0'0 uv15 ondisk = 0) v6 ==== 173+0+11 (927289928 0 1993775135) 0x7f9f7801c540 con 0x24e4b10
2014-12-17 09:40:48.910210 7f9f9effd700 1 -- 192.168.122.110:0/1025602 --> 192.168.122.111:6800/17009 -- osd_op(client.7734.0:1467 gc.372 [call lock.unlock] 92.6e737305 ondisk+write+known_if_redirected e285) v4 -- ?+0 0x7f9f700400e0 con 0x24e4b10
2014-12-17 09:40:48.911955 7f9fb37fe700 1 -- 192.168.122.110:0/1025602 <== osd.0 192.168.122.111:6800/17009 431 ==== osd_op_reply(1467 gc.372 [call] v285'16 uv16 ondisk = 0) v6 ==== 173+0+0 (2804497620 0 0) 0x7f9f78001ca0 con 0x24e4b10
2014-12-17 09:40:48.912025 7f9f9effd700 1 -- 192.168.122.110:0/1025602 --> 192.168.122.112:6800/23010 -- osd_op(client.7734.0:1468 gc.373 [call lock.lock] 92.d57c636a ondisk+write+known_if_redirected e285) v4 -- ?+0 0x7f9f701861b0 con 0x24d1730
2014-12-17 09:40:48.914055 7f9fb37fe700 1 -- 192.168.122.110:0/1025602 <== osd.1 192.168.122.112:6800/23010 520 ==== osd_op_reply(1468 gc.373 [call] v285'17 uv17 ondisk = 0) v6 ==== 173+0+0 (2216105777 0 0) 0x7f9f94026d70 con 0x24d1730
2014-12-17 09:40:48.914121 7f9f9effd700 1 -- 192.168.122.110:0/1025602 --> 192.168.122.112:6800/23010 -- osd_op(client.7734.0:1469 gc.373 [call rgw.gc_list] 92.d57c636a ack+read+known_if_redirected e285) v4 -- ?+0 0x7f9f700400e0 con 0x24d1730
2014-12-17 09:40:48.914691 7f9fb37fe700 1 -- 192.168.122.110:0/1025602 <== osd.1 192.168.122.112:6800/23010 521 ==== osd_op_reply(1469 gc.373 [call] v0'0 uv17 ondisk = 0) v6 ==== 173+0+11 (2313528058 0 1993775135) 0x7f9f94026d70 con 0x24d1730
2014-12-17 09:40:48.914730 7f9f9effd700 1 -- 192.168.122.110:0/1025602 --> 192.168.122.112:6800/23010 -- osd_op(client.7734.0:1470 gc.373 [call lock.unlock] 92.d57c636a ondisk+write+known_if_redirected e285) v4 -- ?+0 0x7f9f701861b0 con 0x24d1730
2014-12-17 09:40:48.916530 7f9fb37fe700 1 -- 192.168.122.110:0/1025602 <== osd.1 192.168.122.112:6800/23010 522 ==== osd_op_reply(1470 gc.373 [call] v285'18 uv18 ondisk = 0) v6 ==== 173+0+0 (67121852 0 0) 0x7f9f94026d70 con 0x24d1730
2014-12-17 09:40:48.916599 7f9f9effd700 1 -- 192.168.122.110:0/1025602 --> 192.168.122.111:6800/17009 -- osd_op(client.7734.0:1471 gc.374 [call lock.lock] 92.f4c9d1a0 ondisk+write+known_if_redirected e285) v4 -- ?+0 0x7f9f700400e0 con 0x24e4b10
