2014-12-17 09:40:39.089104 7f9fc2dea880 0 ceph version 0.89 (68fdc0f68e6a04e283d2c5140832a3175b4f9840), process radosgw, pid 25602
2014-12-17 09:40:39.094552 7f9fc2dea880 1 -- :/0 messenger.start
2014-12-17 09:40:39.095078 7f9fc2dea880 1 -- :/1025602 --> 192.168.122.111:6789/0 -- auth(proto 0 36 bytes epoch 0) v1 -- ?+0 0x24c4010 con 0x24876f0
2014-12-17 09:40:39.095953 7f9fc2de2700 1 -- 192.168.122.110:0/1025602 learned my addr 192.168.122.110:0/1025602
2014-12-17 09:40:39.097055 7f9fb37fe700 1 -- 192.168.122.110:0/1025602 <== mon.0 192.168.122.111:6789/0 1 ==== mon_map magic: 0 v1 ==== 485+0+0 (4229114471 0 0) 0x7f9fa0000bd0 con 0x24876f0
2014-12-17 09:40:39.097157 7f9fb37fe700 1 -- 192.168.122.110:0/1025602 <== mon.0 192.168.122.111:6789/0 2 ==== auth_reply(proto 2 0 (0) Success) v1 ==== 33+0+0 (1404346673 0 0) 0x7f9fa00010d0 con 0x24876f0
2014-12-17 09:40:39.097373 7f9fb37fe700 1 -- 192.168.122.110:0/1025602 --> 192.168.122.111:6789/0 -- auth(proto 2 32 bytes epoch 0) v1 -- ?+0 0x7f9fa4001690 con 0x24876f0
2014-12-17 09:40:39.098067 7f9fb37fe700 1 -- 192.168.122.110:0/1025602 <== mon.0 192.168.122.111:6789/0 3 ==== auth_reply(proto 2 0 (0) Success) v1 ==== 222+0+0 (2816961488 0 0) 0x7f9fa00010d0 con 0x24876f0
2014-12-17 09:40:39.098207 7f9fb37fe700 1 -- 192.168.122.110:0/1025602 --> 192.168.122.111:6789/0 -- auth(proto 2 181 bytes epoch 0) v1 -- ?+0 0x7f9fa4002210 con 0x24876f0
2014-12-17 09:40:39.098955 7f9fb37fe700 1 -- 192.168.122.110:0/1025602 <== mon.0 192.168.122.111:6789/0 4 ==== auth_reply(proto 2 0 (0) Success) v1 ==== 425+0+0 (643381467 0 0) 0x7f9fa00008c0 con 0x24876f0
2014-12-17 09:40:39.099059 7f9fb37fe700 1 -- 192.168.122.110:0/1025602 --> 192.168.122.111:6789/0 -- mon_subscribe({monmap=0+}) v2 -- ?+0 0x24c4540 con 0x24876f0
2014-12-17 09:40:39.099212 7f9fc2dea880 1 -- 192.168.122.110:0/1025602 --> 192.168.122.111:6789/0 -- mon_subscribe({monmap=2+,osdmap=0}) v2 -- ?+0 0x24c4010 con 0x24876f0
2014-12-17 09:40:39.099298 7f9fc2dea880 1 -- 192.168.122.110:0/1025602 --> 192.168.122.111:6789/0 -- mon_subscribe({monmap=2+,osdmap=0}) v2 -- ?+0 0x24c4bd0 con 0x24876f0
2014-12-17 09:40:39.099744 7f9f9f7fe700 2 RGWDataChangesLog::ChangesRenewThread: start
2014-12-17 09:40:39.099945 7f9fb37fe700 1 -- 192.168.122.110:0/1025602 <== mon.0 192.168.122.111:6789/0 5 ==== mon_map magic: 0 v1 ==== 485+0+0 (4229114471 0 0) 0x7f9fa00013e0 con 0x24876f0
2014-12-17 09:40:39.100080 7f9fb37fe700 1 -- 192.168.122.110:0/1025602 <== mon.0 192.168.122.111:6789/0 6 ==== mon_subscribe_ack(300s) v1 ==== 20+0+0 (4048590127 0 0) 0x7f9fa0001690 con 0x24876f0
2014-12-17 09:40:39.100139 7f9fb37fe700 1 -- 192.168.122.110:0/1025602 <== mon.0 192.168.122.111:6789/0 7 ==== osd_map(275..275 src has 1..275) v3 ==== 2918+0+0 (1124364036 0 0) 0x7f9fa0002480 con 0x24876f0
2014-12-17 09:40:39.100387 7f9fb37fe700 1 -- 192.168.122.110:0/1025602 <== mon.0 192.168.122.111:6789/0 8 ==== mon_subscribe_ack(300s) v1 ==== 20+0+0 (4048590127 0 0) 0x7f9fa0002890 con 0x24876f0
2014-12-17 09:40:39.100411 7f9fc2dea880 1 -- 192.168.122.110:0/1025602 --> 192.168.122.111:6789/0 -- mon_get_version(what=osdmap handle=1) v1 -- ?+0 0x24c87d0 con 0x24876f0
2014-12-17 09:40:39.100484 7f9fb37fe700 1 -- 192.168.122.110:0/1025602 <== mon.0 192.168.122.111:6789/0 9 ==== osd_map(275..275 src has 1..275) v3 ==== 2918+0+0 (1124364036 0 0) 0x7f9fa0003780 con 0x24876f0
2014-12-17 09:40:39.100539 7f9fb37fe700 1 -- 192.168.122.110:0/1025602 <== mon.0 192.168.122.111:6789/0 10 ==== mon_subscribe_ack(300s) v1 ==== 20+0+0 (4048590127 0 0) 0x7f9fa00008c0 con 0x24876f0
2014-12-17 09:40:39.100893 7f9fb37fe700 1 -- 192.168.122.110:0/1025602 <== mon.0 192.168.122.111:6789/0 11 ==== mon_check_map_ack(handle=1 version=275) v2 ==== 24+0+0 (2434992868 0 0) 0x7f9fa0002890 con 0x24876f0
2014-12-17 09:40:39.101026 7f9fc2dea880 10 cache get: name=.rgw+.pools.avail : miss
2014-12-17 09:40:39.101057 7f9fc2dea880 1 -- 192.168.122.110:0/1025602 --> 192.168.122.111:6789/0 -- mon_get_version(what=osdmap handle=2) v1 -- ?+0 0x24c9130 con 0x24876f0
2014-12-17 09:40:39.101441 7f9fb37fe700 1 -- 192.168.122.110:0/1025602 <== mon.0 192.168.122.111:6789/0 12 ==== mon_check_map_ack(handle=2 version=275) v2 ==== 24+0+0 (1511996295 0 0) 0x7f9fa00008c0 con 0x24876f0
2014-12-17 09:40:39.101503 7f9fc2dea880 10 cache put: name=.rgw+.pools.avail
2014-12-17 09:40:39.101539 7f9fc2dea880 10 adding .rgw+.pools.avail to cache LRU end
2014-12-17 09:40:39.101542 7f9fc2dea880 0 couldn't find old data placement pools config, setting up new ones for the zone
2014-12-17 09:40:39.101627 7f9fc2dea880 1 -- 192.168.122.110:0/1025602 --> 192.168.122.111:6789/0 -- mon_get_version(what=osdmap handle=3) v1 -- ?+0 0x24c9bc0 con 0x24876f0
2014-12-17 09:40:39.101995 7f9fb37fe700 1 -- 192.168.122.110:0/1025602 <== mon.0 192.168.122.111:6789/0 13 ==== mon_check_map_ack(handle=3 version=275) v2 ==== 24+0+0 (3763403017 0 0) 0x7f9fa0002890 con 0x24876f0
2014-12-17 09:40:39.102094 7f9fc2dea880 1 -- 192.168.122.110:0/1025602 --> 192.168.122.111:6789/0 -- pool_op(create pool 0 auid 0 tid 1 name .rgw.root v0) v4 -- ?+0 0x24cb010 con 0x24876f0
2014-12-17 09:40:39.170111 7f9fb37fe700 1 -- 192.168.122.110:0/1025602 <== mon.0 192.168.122.111:6789/0 14 ==== pool_op_reply(tid 1 (0) Success v276) v1 ==== 43+0+0 (2287339167 0 0) 0x7f9fa0002b20 con 0x24876f0
2014-12-17 09:40:39.170215 7f9fb37fe700 1 -- 192.168.122.110:0/1025602 --> 192.168.122.111:6789/0 -- mon_subscribe({monmap=2+,osdmap=276}) v2 -- ?+0 0x7f9fa4006250 con 0x24876f0
2014-12-17 09:40:39.199131 7f9fb37fe700 1 -- 192.168.122.110:0/1025602 <== mon.0 192.168.122.111:6789/0 15 ==== osd_map(276..276 src has 1..276) v3 ==== 426+0+0 (3408577894 0 0) 0x7f9fa0003780 con 0x24876f0
2014-12-17 09:40:39.199277 7f9fb37fe700 1 -- 192.168.122.110:0/1025602 <== mon.0 192.168.122.111:6789/0 16 ==== mon_subscribe_ack(300s) v1 ==== 20+0+0 (4048590127 0 0) 0x7f9fa0002890 con 0x24876f0
2014-12-17 09:40:39.199638 7f9fc2dea880 1 -- 192.168.122.110:0/1025602 --> 192.168.122.112:6800/23010 -- osd_op(client.7734.0:2 zone_info.default [writefull 0~678] 89.e01f9ae ondisk+write+known_if_redirected e276) v4 -- ?+0 0x24d2af0 con 0x24d1730
2014-12-17 09:40:40.391964 7f9fb37fe700 1 -- 192.168.122.110:0/1025602 <== osd.1 192.168.122.112:6800/23010 1 ==== osd_op_reply(2 zone_info.default [writefull 0~678] v277'1 uv1 ondisk = 0) v6 ==== 184+0+0 (1895374279 0 0) 0x7f9f94000aa0 con 0x24d1730
2014-12-17 09:40:40.392077 7f9fc2dea880 10 cache put: name=.rgw.root+zone_info.default
2014-12-17 09:40:40.392085 7f9fc2dea880 10 adding .rgw.root+zone_info.default to cache LRU end
2014-12-17 09:40:40.392152 7f9fc2dea880 1 -- 192.168.122.110:0/1025602 --> 192.168.122.112:6800/23010 -- osd_op(client.7734.0:3 region_info.default [create 0~0,writefull 0~145] 89.43611588 ondisk+write+known_if_redirected e276) v4 -- ?+0 0x24d35d0 con 0x24d1730
2014-12-17 09:40:40.392814 7f9fb37fe700 1 -- 192.168.122.110:0/1025602 <== osd.1 192.168.122.112:6800/23010 2 ==== osd_map(277..277 src has 1..277) v3 ==== 230+0+0 (718123810 0 0) 0x7f9f94000aa0 con 0x24d1730
2014-12-17 09:40:40.394515 7f9fb37fe700 1 -- 192.168.122.110:0/1025602 <== osd.1 192.168.122.112:6800/23010 3 ==== osd_op_reply(3 region_info.default [create 0~0,writefull 0~145] v277'1 uv1 ondisk = 0) v6 ==== 228+0+0 (3831347422 0 0) 0x7f9f94000aa0 con 0x24d1730
2014-12-17 09:40:40.394578 7f9fc2dea880 10 cache put: name=.rgw.root+region_info.default
2014-12-17 09:40:40.394586 7f9fc2dea880 10 adding .rgw.root+region_info.default to cache LRU end
2014-12-17 09:40:40.394633 7f9fc2dea880 1 -- 192.168.122.110:0/1025602 --> 192.168.122.112:6800/23010 -- osd_op(client.7734.0:4 default.region [writefull 0~17] 89.9a566808 ondisk+write+known_if_redirected e277) v4 -- ?+0 0x24d3190 con 0x24d1730
2014-12-17 09:40:40.396754 7f9fb37fe700 1 -- 192.168.122.110:0/1025602 <== osd.1 192.168.122.112:6800/23010 4 ==== osd_op_reply(4 default.region [writefull 0~17] v277'2 uv2 ondisk = 0) v6 ==== 181+0+0 (2028712150 0 0) 0x7f9f94000aa0 con 0x24d1730
2014-12-17 09:40:40.396817 7f9fc2dea880 10 cache put: name=.rgw.root+default.region
2014-12-17 09:40:40.396823 7f9fc2dea880 10 adding .rgw.root+default.region to cache LRU end
2014-12-17 09:40:40.396854 7f9fc2dea880 20 get_obj_state: rctx=0x24c9a50 obj=.rgw.root:default.region state=0x24d7098 s->prefetch_data=0
2014-12-17 09:40:40.396866 7f9fc2dea880 10 cache get: name=.rgw.root+default.region : type miss (requested=6, cached=3)
2014-12-17 09:40:40.396890 7f9fc2dea880 1 -- 192.168.122.110:0/1025602 --> 192.168.122.112:6800/23010 -- osd_op(client.7734.0:5 default.region [getxattrs,stat] 89.9a566808 ack+read+known_if_redirected e277) v4 -- ?+0 0x24d7740 con 0x24d1730
2014-12-17 09:40:40.397357 7f9fb37fe700 1 -- 192.168.122.110:0/1025602 <== osd.1 192.168.122.112:6800/23010 5 ==== osd_op_reply(5 default.region [getxattrs,stat] v0'0 uv2 ondisk = 0) v6 ==== 223+0+20 (2879600405 0 3860833528) 0x7f9f94002840 con 0x24d1730
2014-12-17 09:40:40.397404 7f9fc2dea880 10 cache put: name=.rgw.root+default.region
2014-12-17 09:40:40.397408 7f9fc2dea880 10 moving .rgw.root+default.region to cache LRU end
2014-12-17 09:40:40.397416 7f9fc2dea880 20 get_obj_state: s->obj_tag was set empty
2014-12-17 09:40:40.397421 7f9fc2dea880 10 cache get: name=.rgw.root+default.region : hit
2014-12-17 09:40:40.397433 7f9fc2dea880 20 get_obj_state: rctx=0x24c98c0 obj=.rgw.root:region_info.default state=0x24d7098 s->prefetch_data=0
2014-12-17 09:40:40.397436 7f9fc2dea880 10 cache get: name=.rgw.root+region_info.default : type miss (requested=6, cached=3)
2014-12-17 09:40:40.397447 7f9fc2dea880 1 -- 192.168.122.110:0/1025602 --> 192.168.122.112:6800/23010 -- osd_op(client.7734.0:6 region_info.default [getxattrs,stat] 89.43611588 ack+read+known_if_redirected e277) v4 -- ?+0 0x24d7910 con 0x24d1730
2014-12-17 09:40:40.397867 7f9fb37fe700 1 -- 192.168.122.110:0/1025602 <== osd.1 192.168.122.112:6800/23010 6 ==== osd_op_reply(6 region_info.default [getxattrs,stat] v0'0 uv1 ondisk = 0) v6 ==== 228+0+20 (857032283 0 1462690048) 0x7f9f94006050 con 0x24d1730
2014-12-17 09:40:40.397911 7f9fc2dea880 10 cache put: name=.rgw.root+region_info.default
2014-12-17 09:40:40.397915 7f9fc2dea880 10 moving .rgw.root+region_info.default to cache LRU end
2014-12-17 09:40:40.397918 7f9fc2dea880 20 get_obj_state: s->obj_tag was set empty
2014-12-17 09:40:40.397921 7f9fc2dea880 10 cache get: name=.rgw.root+region_info.default : hit
2014-12-17 09:40:40.397937 7f9fc2dea880 20 get_obj_state: rctx=0x24c98c0 obj=.rgw.root:zone_info.default state=0x24d7098 s->prefetch_data=0
2014-12-17 09:40:40.397941 7f9fc2dea880 10 cache get: name=.rgw.root+zone_info.default : type miss (requested=6, cached=3)
2014-12-17 09:40:40.397952 7f9fc2dea880 1 -- 192.168.122.110:0/1025602 --> 192.168.122.112:6800/23010 -- osd_op(client.7734.0:7 zone_info.default [getxattrs,stat] 89.e01f9ae ack+read+known_if_redirected e277) v4 -- ?+0 0x24ca680 con 0x24d1730
2014-12-17 09:40:40.398384 7f9fb37fe700 1 -- 192.168.122.110:0/1025602 <== osd.1 192.168.122.112:6800/23010 7 ==== osd_op_reply(7 zone_info.default [getxattrs,stat] v0'0 uv1 ondisk = 0) v6 ==== 226+0+20 (2337369186 0 3485970181) 0x7f9f94000aa0 con 0x24d1730
2014-12-17 09:40:40.398424 7f9fc2dea880 10 cache put: name=.rgw.root+zone_info.default
2014-12-17 09:40:40.398428 7f9fc2dea880 10 moving .rgw.root+zone_info.default to cache LRU end
2014-12-17 09:40:40.398431 7f9fc2dea880 20 get_obj_state: s->obj_tag was set empty
2014-12-17 09:40:40.398434 7f9fc2dea880 10 cache get: name=.rgw.root+zone_info.default : hit
2014-12-17 09:40:40.398448 7f9fc2dea880 2 zone default is master
2014-12-17 09:40:40.398456 7f9fc2dea880 20 get_obj_state: rctx=0x24ca640 obj=.rgw.root:region_map state=0x24d7098 s->prefetch_data=0
2014-12-17 09:40:40.398459 7f9fc2dea880 10 cache get: name=.rgw.root+region_map : miss
2014-12-17 09:40:40.398524 7f9fc2dea880 1 -- 192.168.122.110:0/1025602 --> 192.168.122.113:6800/23617 -- osd_op(client.7734.0:8 region_map [getxattrs,stat] 89.bd31b503 ack+read+known_if_redirected e277) v4 -- ?+0 0x24dd410 con 0x24d4e20
2014-12-17 09:40:40.399833 7f9fb37fe700 1 -- 192.168.122.110:0/1025602 <== osd.2 192.168.122.113:6800/23617 1 ==== osd_op_reply(8 region_map [getxattrs,stat] v0'0 uv0 ack = -2 ((2) No such file or directory)) v6 ==== 219+0+0 (3053698341 0 0) 0x7f9f8c000ad0 con 0x24d4e20
2014-12-17 09:40:40.399917 7f9fc2dea880 10 cache put: name=.rgw.root+region_map
2014-12-17 09:40:40.399922 7f9fc2dea880 10 adding .rgw.root+region_map to cache LRU end
2014-12-17 09:40:40.399939 7f9fc2dea880 1 -- 192.168.122.110:0/1025602 --> 192.168.122.111:6789/0 -- mon_get_version(what=osdmap handle=4) v1 -- ?+0 0x24dd410 con 0x24876f0
2014-12-17 09:40:40.400292 7f9fb37fe700 1 -- 192.168.122.110:0/1025602 <== mon.0 192.168.122.111:6789/0 17 ==== mon_check_map_ack(handle=4 version=277) v2 ==== 24+0+0 (4001099350 0 0) 0x7f9fa00008c0 con 0x24876f0
2014-12-17 09:40:40.400336 7f9fc2dea880 1 -- 192.168.122.110:0/1025602 --> 192.168.122.111:6789/0 -- pool_op(create pool 0 auid 0 tid 9 name .rgw.control v276) v4 -- ?+0 0x24d7010 con 0x24876f0
2014-12-17 09:40:41.264788 7f9fb37fe700 1 -- 192.168.122.110:0/1025602 <== mon.0 192.168.122.111:6789/0 18 ==== pool_op_reply(tid 9 (0) Success v278) v1 ==== 43+0+0 (3643734036 0 0) 0x7f9fa0002b20 con 0x24876f0
2014-12-17 09:40:41.264870 7f9fb37fe700 1 -- 192.168.122.110:0/1025602 --> 192.168.122.111:6789/0 -- mon_subscribe({monmap=2+,osdmap=278}) v2 -- ?+0 0x7f9fa4007e60 con 0x24876f0
2014-12-17 09:40:41.273857 7f9fb37fe700 1 -- 192.168.122.110:0/1025602 <== mon.0 192.168.122.111:6789/0 19 ==== osd_map(278..278 src has 1..278) v3 ==== 429+0+0 (1144767432 0 0) 0x7f9fa0003780 con 0x24876f0
2014-12-17 09:40:41.273995 7f9fb37fe700 1 -- 192.168.122.110:0/1025602 <== mon.0 192.168.122.111:6789/0 20 ==== mon_subscribe_ack(300s) v1 ==== 20+0+0 (4048590127 0 0) 0x7f9fa00008c0 con 0x24876f0
2014-12-17 09:40:41.274069 7f9fc2dea880 1 -- 192.168.122.110:0/1025602 --> 192.168.122.112:6800/23010 -- osd_op(client.7734.0:10 notify.0 [create 0~0] 90.4322fa9f ondisk+write+known_if_redirected e278) v4 -- ?+0 0x24dda60 con 0x24d1730
2014-12-17 09:40:41.387793 7f2d0b943880 1 -- :/0 messenger.start
2014-12-17 09:40:41.388522 7f2d0b943880 1 -- :/1025622 --> 192.168.122.112:6789/0 -- auth(proto 0 36 bytes epoch 0) v1 -- ?+0 0x18f8780 con 0x18f83e0
2014-12-17 09:40:41.390279 7f2d0b93b700 1 -- 192.168.122.110:0/1025622 learned my addr 192.168.122.110:0/1025622
2014-12-17 09:40:41.391394 7f2d018b3700 1 -- 192.168.122.110:0/1025622 <== mon.1 192.168.122.112:6789/0 1 ==== mon_map magic: 0 v1 ==== 485+0+0 (4229114471 0 0) 0x7f2cec000bd0 con 0x18f83e0
2014-12-17 09:40:41.391507 7f2d018b3700 1 -- 192.168.122.110:0/1025622 <== mon.1 192.168.122.112:6789/0 2 ==== auth_reply(proto 2 0 (0) Success) v1 ==== 33+0+0 (2738306030 0 0) 0x7f2cec0010d0 con 0x18f83e0
2014-12-17 09:40:41.391720 7f2d018b3700 1 -- 192.168.122.110:0/1025622 --> 192.168.122.112:6789/0 -- auth(proto 2 32 bytes epoch 0) v1 -- ?+0 0x7f2cf0001690 con 0x18f83e0
2014-12-17 09:40:41.392410 7f2d018b3700 1 -- 192.168.122.110:0/1025622 <== mon.1 192.168.122.112:6789/0 3 ==== auth_reply(proto 2 0 (0) Success) v1 ==== 222+0+0 (474596673 0 0) 0x7f2cec0010d0 con 0x18f83e0
2014-12-17 09:40:41.392579 7f2d018b3700 1 -- 192.168.122.110:0/1025622 --> 192.168.122.112:6789/0 -- auth(proto 2 181 bytes epoch 0) v1 -- ?+0 0x7f2cf0002210 con 0x18f83e0
2014-12-17 09:40:41.393225 7f2d018b3700 1 -- 192.168.122.110:0/1025622 <== mon.1 192.168.122.112:6789/0 4 ==== auth_reply(proto 2 0 (0) Success) v1 ==== 425+0+0 (3301964497 0 0) 0x7f2cec0008c0 con 0x18f83e0
2014-12-17 09:40:41.393324 7f2d018b3700 1 -- 192.168.122.110:0/1025622 --> 192.168.122.112:6789/0 -- mon_subscribe({monmap=0+}) v2 -- ?+0 0x18f8a70 con 0x18f83e0
2014-12-17 09:40:41.393383 7f2d0b943880 1 -- 192.168.122.110:0/1025622 --> 192.168.122.112:6789/0 -- mon_subscribe({monmap=2+,osdmap=0}) v2 -- ?+0 0x18f8780 con 0x18f83e0
2014-12-17 09:40:41.393429 7f2d0b943880 1 -- 192.168.122.110:0/1025622 --> 192.168.122.112:6789/0 -- mon_subscribe({monmap=2+,osdmap=0}) v2 -- ?+0 0x18f4230 con 0x18f83e0
2014-12-17 09:40:41.393943 7f2cf9efa700 2 RGWDataChangesLog::ChangesRenewThread: start
2014-12-17 09:40:41.394459 7f2d018b3700 1 -- 192.168.122.110:0/1025622 <== mon.1 192.168.122.112:6789/0 5 ==== mon_map magic: 0 v1 ==== 485+0+0 (4229114471 0 0) 0x7f2cec0013e0 con 0x18f83e0
2014-12-17 09:40:41.394536 7f2d018b3700 1 -- 192.168.122.110:0/1025622 <== mon.1 192.168.122.112:6789/0 6 ==== mon_subscribe_ack(300s) v1 ==== 20+0+0 (4048590127 0 0) 0x7f2cec001690 con 0x18f83e0
2014-12-17 09:40:41.394572 7f2d018b3700 1 -- 192.168.122.110:0/1025622 <== mon.1 192.168.122.112:6789/0 7 ==== osd_map(278..278 src has 1..278) v3 ==== 3361+0+0 (1570626327 0 0) 0x7f2cec002680 con 0x18f83e0
2014-12-17 09:40:41.394807 7f2d018b3700 1 -- 192.168.122.110:0/1025622 <== mon.1 192.168.122.112:6789/0 8 ==== mon_subscribe_ack(300s) v1 ==== 20+0+0 (4048590127 0 0) 0x7f2cec002a50 con 0x18f83e0
2014-12-17 09:40:41.394825 7f2d018b3700 1 -- 192.168.122.110:0/1025622 <== mon.1 192.168.122.112:6789/0 9 ==== osd_map(278..278 src has 1..278) v3 ==== 3361+0+0 (1570626327 0 0) 0x7f2cec003b30 con 0x18f83e0
2014-12-17 09:40:41.394835 7f2d018b3700 1 -- 192.168.122.110:0/1025622 <== mon.1 192.168.122.112:6789/0 10 ==== mon_subscribe_ack(300s) v1 ==== 20+0+0 (4048590127 0 0) 0x7f2cec004010 con 0x18f83e0
2014-12-17 09:40:41.394870 7f2d0b943880 20 get_obj_state: rctx=0x18f8780 obj=.rgw.root:default.region state=0x18f6448 s->prefetch_data=0
2014-12-17 09:40:41.394886 7f2d0b943880 10 cache get: name=.rgw.root+default.region : miss
2014-12-17 09:40:41.395021 7f2d0b943880 1 -- 192.168.122.110:0/1025622 --> 192.168.122.112:6800/23010 -- osd_op(client.7738.0:1 default.region [getxattrs,stat] 89.9a566808 ack+read+known_if_redirected e278) v4 -- ?+0 0x1904560 con 0x19031e0
2014-12-17 09:40:41.397246 7f2d018b3700 1 -- 192.168.122.110:0/1025622 <== osd.1 192.168.122.112:6800/23010 1 ==== osd_op_reply(1 default.region [getxattrs,stat] v0'0 uv2 ondisk = 0) v6 ==== 223+0+20 (4255902231 0 3860833528) 0x7f2cdc000c40 con 0x19031e0
2014-12-17 09:40:41.397325 7f2d0b943880 10 cache put: name=.rgw.root+default.region
2014-12-17 09:40:41.397332 7f2d0b943880 10 adding .rgw.root+default.region to cache LRU end
2014-12-17 09:40:41.397338 7f2d0b943880 20 get_obj_state: s->obj_tag was set empty
2014-12-17 09:40:41.397347 7f2d0b943880 10 cache get: name=.rgw.root+default.region : type miss (requested=1, cached=6)
2014-12-17 09:40:41.397356 7f2d0b943880 20 get_obj_state: rctx=0x18f8780 obj=.rgw.root:default.region state=0x18f6448 s->prefetch_data=0
2014-12-17 09:40:41.397360 7f2d0b943880 10 cache get: name=.rgw.root+default.region : hit
2014-12-17 09:40:41.397363 7f2d0b943880 20 get_obj_state: s->obj_tag was set empty
2014-12-17 09:40:41.397372 7f2d0b943880 20 get_obj_state: rctx=0x18f8780 obj=.rgw.root:default.region state=0x18f6448 s->prefetch_data=0
2014-12-17 09:40:41.397374 7f2d0b943880 20 state for obj=.rgw.root:default.region is not atomic, not appending atomic test
2014-12-17 09:40:41.397375 7f2d0b943880 20 rados->read obj-ofs=0 read_ofs=0 read_len=524288
2014-12-17 09:40:41.397399 7f2d0b943880 1 -- 192.168.122.110:0/1025622 --> 192.168.122.112:6800/23010 -- osd_op(client.7738.0:2 default.region [read 0~524288] 89.9a566808 ack+read+known_if_redirected e278) v4 -- ?+0 0x1905010 con 0x19031e0
2014-12-17 09:40:41.398693 7f2d018b3700 1 -- 192.168.122.110:0/1025622 <== osd.1 192.168.122.112:6800/23010 2 ==== osd_op_reply(2 default.region [read 0~17] v0'0 uv2 ondisk = 0) v6 ==== 181+0+17 (374263641 0 2082767461) 0x7f2cdc000c40 con 0x19031e0
2014-12-17 09:40:41.398775 7f2d0b943880 20 rados->read r=0 bl.length=17
2014-12-17 09:40:41.398818 7f2d0b943880 10 cache put: name=.rgw.root+default.region
2014-12-17 09:40:41.398822 7f2d0b943880 10 moving .rgw.root+default.region to cache LRU end
2014-12-17 09:40:41.398851 7f2d0b943880 20 get_obj_state: rctx=0x18f8780 obj=.rgw.root:region_info.default state=0x1904e78 s->prefetch_data=0
2014-12-17 09:40:41.398859 7f2d0b943880 10 cache get: name=.rgw.root+region_info.default : miss
2014-12-17 09:40:41.398891 7f2d0b943880 1 -- 192.168.122.110:0/1025622 --> 192.168.122.112:6800/23010 -- osd_op(client.7738.0:3 region_info.default [getxattrs,stat] 89.43611588 ack+read+known_if_redirected e278) v4 -- ?+0 0x1907010 con 0x19031e0
2014-12-17 09:40:41.399557 7f2d018b3700 1 -- 192.168.122.110:0/1025622 <== osd.1 192.168.122.112:6800/23010 3 ==== osd_op_reply(3 region_info.default [getxattrs,stat] v0'0 uv1 ondisk = 0) v6 ==== 228+0+20 (1696439129 0 1462690048) 0x7f2cdc000c40 con 0x19031e0
2014-12-17 09:40:41.399594 7f2d0b943880 10 cache put: name=.rgw.root+region_info.default
2014-12-17 09:40:41.399598 7f2d0b943880 10 adding .rgw.root+region_info.default to cache LRU end
2014-12-17 09:40:41.399603 7f2d0b943880 20 get_obj_state: s->obj_tag was set empty
2014-12-17 09:40:41.399607 7f2d0b943880 10 cache get: name=.rgw.root+region_info.default : type miss (requested=1, cached=6)
2014-12-17 09:40:41.399613 7f2d0b943880 20 get_obj_state: rctx=0x18f8780 obj=.rgw.root:region_info.default state=0x1904e78 s->prefetch_data=0
2014-12-17 09:40:41.399616 7f2d0b943880 10 cache get: name=.rgw.root+region_info.default : hit
2014-12-17 09:40:41.399619 7f2d0b943880 20 get_obj_state: s->obj_tag was set empty
2014-12-17 09:40:41.399624 7f2d0b943880 20 get_obj_state: rctx=0x18f8780 obj=.rgw.root:region_info.default state=0x1904e78 s->prefetch_data=0
2014-12-17 09:40:41.399625 7f2d0b943880 20 state for obj=.rgw.root:region_info.default is not atomic, not appending atomic test
2014-12-17 09:40:41.399626 7f2d0b943880 20 rados->read obj-ofs=0 read_ofs=0 read_len=524288
2014-12-17 09:40:41.399640 7f2d0b943880 1 -- 192.168.122.110:0/1025622 --> 192.168.122.112:6800/23010 -- osd_op(client.7738.0:4 region_info.default [read 0~524288] 89.43611588 ack+read+known_if_redirected e278) v4 -- ?+0 0x1907640 con 0x19031e0
2014-12-17 09:40:41.400862 7f2d018b3700 1 -- 192.168.122.110:0/1025622 <== osd.1 192.168.122.112:6800/23010 4 ==== osd_op_reply(4 region_info.default [read 0~145] v0'0 uv1 ondisk = 0) v6 ==== 186+0+145 (2845033244 0 4143625220) 0x7f2cdc001140 con 0x19031e0
2014-12-17 09:40:41.400902 7f2d0b943880 20 rados->read r=0 bl.length=145
2014-12-17 09:40:41.400919 7f2d0b943880 10 cache put: name=.rgw.root+region_info.default
2014-12-17 09:40:41.400921 7f2d0b943880 10 moving .rgw.root+region_info.default to cache LRU end
2014-12-17 09:40:41.400945 7f2d0b943880 20 get_obj_state: rctx=0x1905f30 obj=.rgw.root:zone_info.default state=0x1907c18 s->prefetch_data=0
2014-12-17 09:40:41.400950 7f2d0b943880 10 cache get: name=.rgw.root+zone_info.default : miss
2014-12-17 09:40:41.400969 7f2d0b943880 1 -- 192.168.122.110:0/1025622 --> 192.168.122.112:6800/23010 -- osd_op(client.7738.0:5 zone_info.default [getxattrs,stat] 89.e01f9ae ack+read+known_if_redirected e278) v4 -- ?+0 0x19093e0 con 0x19031e0
2014-12-17 09:40:41.401818 7f2d018b3700 1 -- 192.168.122.110:0/1025622 <== osd.1 192.168.122.112:6800/23010 5 ==== osd_op_reply(5 zone_info.default [getxattrs,stat] v0'0 uv1 ondisk = 0) v6 ==== 226+0+20 (3713642848 0 3485970181) 0x7f2cdc000c40 con 0x19031e0
2014-12-17 09:40:41.401860 7f2d0b943880 10 cache put: name=.rgw.root+zone_info.default
2014-12-17 09:40:41.401865 7f2d0b943880 10 adding .rgw.root+zone_info.default to cache LRU end
2014-12-17 09:40:41.401870 7f2d0b943880 20 get_obj_state: s->obj_tag was set empty
2014-12-17 09:40:41.401874 7f2d0b943880 10 cache get: name=.rgw.root+zone_info.default : type miss (requested=1, cached=6)
2014-12-17 09:40:41.401880 7f2d0b943880 20 get_obj_state: rctx=0x1905f30 obj=.rgw.root:zone_info.default state=0x19092a8 s->prefetch_data=0
2014-12-17 09:40:41.401884 7f2d0b943880 10 cache get: name=.rgw.root+zone_info.default : hit
2014-12-17 09:40:41.401886 7f2d0b943880 20 get_obj_state: s->obj_tag was set empty
2014-12-17 09:40:41.401891 7f2d0b943880 20 get_obj_state: rctx=0x1905f30 obj=.rgw.root:zone_info.default state=0x19092a8 s->prefetch_data=0
2014-12-17 09:40:41.401893 7f2d0b943880 20 state for obj=.rgw.root:zone_info.default is not atomic, not appending atomic test
2014-12-17 09:40:41.401894 7f2d0b943880 20 rados->read obj-ofs=0 read_ofs=0 read_len=524288
2014-12-17 09:40:41.401908 7f2d0b943880 1 -- 192.168.122.110:0/1025622 --> 192.168.122.112:6800/23010 -- osd_op(client.7738.0:6 zone_info.default [read 0~524288] 89.e01f9ae ack+read+known_if_redirected e278) v4 -- ?+0 0x1909bf0 con 0x19031e0
2014-12-17 09:40:41.402771 7f2d018b3700 1 -- 192.168.122.110:0/1025622 <== osd.1 192.168.122.112:6800/23010 6 ==== osd_op_reply(6 zone_info.default [read 0~678] v0'0 uv1 ondisk = 0) v6 ==== 184+0+678 (2739624420 0 714617163) 0x7f2cdc000c40 con 0x19031e0
2014-12-17 09:40:41.402808 7f2d0b943880 20 rados->read r=0 bl.length=678
2014-12-17 09:40:41.402822 7f2d0b943880 10 cache put: name=.rgw.root+zone_info.default
2014-12-17 09:40:41.402824 7f2d0b943880 10 moving .rgw.root+zone_info.default to cache LRU end
2014-12-17 09:40:41.402842 7f2d0b943880 2 zone default is master
2014-12-17 09:40:41.402852 7f2d0b943880 20 get_obj_state: rctx=0x1909b80 obj=.rgw.root:region_map state=0x190a288 s->prefetch_data=0
2014-12-17 09:40:41.402857 7f2d0b943880 10 cache get: name=.rgw.root+region_map : miss
2014-12-17 09:40:41.402925 7f2d0b943880 1 -- 192.168.122.110:0/1025622 --> 192.168.122.113:6800/23617 -- osd_op(client.7738.0:7 region_map [getxattrs,stat] 89.bd31b503 ack+read+known_if_redirected e278) v4 -- ?+0 0x19121a0 con 0x1910df0
2014-12-17 09:40:41.404626 7f2d018b3700 1 -- 192.168.122.110:0/1025622 <== osd.2 192.168.122.113:6800/23617 1 ==== osd_op_reply(7 region_map [getxattrs,stat] v0'0 uv0 ack = -2 ((2) No such file or directory)) v6 ==== 219+0+0 (3758841895 0 0) 0x7f2cd4000ad0 con 0x1910df0
2014-12-17 09:40:41.404769 7f2d0b943880 10 cache put: name=.rgw.root+region_map
2014-12-17 09:40:41.404783 7f2d0b943880 10 adding .rgw.root+region_map to cache LRU end
2014-12-17 09:40:41.404851 7f2d0b943880 1 -- 192.168.122.110:0/1025622 --> 192.168.122.112:6800/23010 -- osd_op(client.7738.0:8 notify.0 [create 0~0] 90.4322fa9f ondisk+write+known_if_redirected e278) v4 -- ?+0 0x190a200 con 0x19031e0
2014-12-17 09:40:42.418527 7f2d018b3700 1 -- 192.168.122.110:0/1025622 <== osd.1 192.168.122.112:6800/23010 7 ==== osd_op_reply(8 notify.0 [create 0~0] v279'1 uv1 ondisk = 0) v6 ==== 175+0+0 (4232934154 0 0) 0x7f2cdc000c40 con 0x19031e0
2014-12-17 09:40:42.418842 7f9fb37fe700 1 -- 192.168.122.110:0/1025602 <== osd.1 192.168.122.112:6800/23010 8 ==== osd_op_reply(10 notify.0 [create 0~0] v279'2 uv2 ondisk = 0) v6 ==== 175+0+0 (1770688613 0 0) 0x7f9f94000aa0 con 0x24d1730
2014-12-17 09:40:42.418635 7f2d0b943880 1 -- 192.168.122.110:0/1025622 --> 192.168.122.112:6800/23010 -- osd_op(client.7738.0:9 notify.0 [watch add cookie 1 ver 0] 90.4322fa9f ondisk+write+known_if_redirected e278) v4 -- ?+0 0x1912a90 con 0x19031e0
2014-12-17 09:40:42.418942 7f9fc2dea880 1 -- 192.168.122.110:0/1025602 --> 192.168.122.112:6800/23010 -- osd_op(client.7734.0:11 notify.0 [watch add cookie 1 ver 0] 90.4322fa9f ondisk+write+known_if_redirected e278) v4 -- ?+0 0x24de150 con 0x24d1730
2014-12-17 09:40:42.419407 7f2d018b3700 1 -- 192.168.122.110:0/1025622 <== osd.1 192.168.122.112:6800/23010 8 ==== osd_map(279..279 src has 1..279) v3 ==== 230+0+0 (3567875361 0 0) 0x7f2cdc001790 con 0x19031e0
2014-12-17 09:40:42.419615 7f9fb37fe700 1 -- 192.168.122.110:0/1025602 <== osd.1 192.168.122.112:6800/23010 9 ==== osd_map(279..279 src has 1..279) v3 ==== 230+0+0 (3567875361 0 0) 0x7f9f94000aa0 con 0x24d1730
2014-12-17 09:40:42.424585 7f2d018b3700 1 -- 192.168.122.110:0/1025622 <== osd.1 192.168.122.112:6800/23010 9 ==== osd_op_reply(9 notify.0 [watch add cookie 1 ver 0] v279'3 uv2 ondisk = 0) v6 ==== 175+0+0 (3933110323 0 0) 0x7f2cdc000cc0 con 0x19031e0
2014-12-17 09:40:42.424681 7f2d0b943880 1 -- 192.168.122.110:0/1025622 --> 192.168.122.112:6800/23010 -- osd_op(client.7738.0:10 notify.1 [create 0~0] 90.16dafda0 ondisk+write+known_if_redirected e279) v4 -- ?+0 0x1912a90 con 0x19031e0
2014-12-17 09:40:42.425574 7f9fb37fe700 1 -- 192.168.122.110:0/1025602 <== osd.1 192.168.122.112:6800/23010 10 ==== osd_op_reply(11 notify.0 [watch add cookie 1 ver 0] v279'4 uv2 ondisk = 0) v6 ==== 175+0+0 (3189865618 0 0) 0x7f9f94000aa0 con 0x24d1730
2014-12-17 09:40:42.425659 7f9fc2dea880 1 -- 192.168.122.110:0/1025602 --> 192.168.122.112:6800/23010 -- osd_op(client.7734.0:12 notify.1 [create 0~0] 90.16dafda0 ondisk+write+known_if_redirected e279) v4 -- ?+0 0x24de150 con 0x24d1730
2014-12-17 09:40:42.480203 7f9fb37fe700 1 -- 192.168.122.110:0/1025602 <== osd.1 192.168.122.112:6800/23010 11 ==== osd_op_reply(12 notify.1 [create 0~0] v279'1 uv1 ondisk = 0) v6 ==== 175+0+0 (2581794816 0 0) 0x7f9f94002750 con 0x24d1730
2014-12-17 09:40:42.480293 7f9fc2dea880 1 -- 192.168.122.110:0/1025602 --> 192.168.122.112:6800/23010 -- osd_op(client.7734.0:13 notify.1 [watch add cookie 2 ver 0] 90.16dafda0 ondisk+write+known_if_redirected e279) v4 -- ?+0 0x24de910 con 0x24d1730
2014-12-17 09:40:42.480400 7f2d018b3700 1 -- 192.168.122.110:0/1025622 <== osd.1 192.168.122.112:6800/23010 10 ==== osd_op_reply(10 notify.1 [create 0~0] v279'2 uv2 ondisk = 0) v6 ==== 175+0+0 (203748207 0 0) 0x7f2cdc000cf0 con 0x19031e0
2014-12-17 09:40:42.480485 7f2d0b943880 1 -- 192.168.122.110:0/1025622 --> 192.168.122.112:6800/23010 -- osd_op(client.7738.0:11 notify.1 [watch add cookie 2 ver 0] 90.16dafda0 ondisk+write+known_if_redirected e279) v4 -- ?+0 0x1913330 con 0x19031e0
2014-12-17 09:40:42.482585 7f9fb37fe700 1 -- 192.168.122.110:0/1025602 <== osd.1 192.168.122.112:6800/23010 12 ==== osd_op_reply(13 notify.1 [watch add cookie 2 ver 0] v279'3 uv2 ondisk = 0) v6 ==== 175+0+0 (812529567 0 0) 0x7f9f94000a60 con 0x24d1730
2014-12-17 09:40:42.482641 7f9fc2dea880 1 -- 192.168.122.110:0/1025602 --> 192.168.122.112:6800/23010 -- osd_op(client.7734.0:14 notify.2 [create 0~0] 90.88aa5c95 ondisk+write+known_if_redirected e279) v4 -- ?+0 0x24de910 con 0x24d1730
2014-12-17 09:40:42.483514 7f2d018b3700 1 -- 192.168.122.110:0/1025622 <== osd.1 192.168.122.112:6800/23010 11 ==== osd_op_reply(11 notify.1 [watch add cookie 2 ver 0] v279'4 uv2 ondisk = 0) v6 ==== 175+0+0 (1679936318 0 0) 0x7f2cdc000c40 con 0x19031e0
2014-12-17 09:40:42.483584 7f2d0b943880 1 -- 192.168.122.110:0/1025622 --> 192.168.122.112:6800/23010 -- osd_op(client.7738.0:12 notify.2 [create 0~0] 90.88aa5c95 ondisk+write+known_if_redirected e279) v4 -- ?+0 0x1913330 con 0x19031e0
2014-12-17 09:40:42.485670 7f9fb37fe700 1 -- 192.168.122.110:0/1025602 <== osd.1 192.168.122.112:6800/23010 13 ==== osd_op_reply(14 notify.2 [create 0~0] v279'1 uv1 ondisk = 0) v6 ==== 175+0+0 (3914623115 0 0) 0x7f9f94002750 con 0x24d1730
2014-12-17 09:40:42.485664 7f2d018b3700 1 -- 192.168.122.110:0/1025622 <== osd.1 192.168.122.112:6800/23010 12 ==== osd_op_reply(12 notify.2 [create 0~0] v279'2 uv2 ondisk = 0) v6 ==== 175+0+0 (2090044388 0 0) 0x7f2cdc000c40 con 0x19031e0
2014-12-17 09:40:42.485751 7f9fc2dea880 1 -- 192.168.122.110:0/1025602 --> 192.168.122.112:6800/23010 -- osd_op(client.7734.0:15 notify.2 [watch add cookie 3 ver 0] 90.88aa5c95 ondisk+write+known_if_redirected e279) v4 -- ?+0 0x24df0d0 con 0x24d1730
2014-12-17 09:40:42.485860 7f2d0b943880 1 -- 192.168.122.110:0/1025622 --> 192.168.122.112:6800/23010 -- osd_op(client.7738.0:13 notify.2 [watch add cookie 3 ver 0] 90.88aa5c95 ondisk+write+known_if_redirected e279) v4 -- ?+0 0x1913b70 con 0x19031e0
2014-12-17 09:40:42.487666 7f9fb37fe700 1 -- 192.168.122.110:0/1025602 <== osd.1 192.168.122.112:6800/23010 14 ==== osd_op_reply(15 notify.2 [watch add cookie 3 ver 0] v279'3 uv2 ondisk = 0) v6 ==== 175+0+0 (3605475033 0 0) 0x7f9f94000a60 con 0x24d1730
2014-12-17 09:40:42.487731 7f9fc2dea880 1 -- 192.168.122.110:0/1025602 --> 192.168.122.112:6800/23010 -- osd_op(client.7734.0:16 notify.3 [create 0~0] 90.f8c99aee ondisk+write+known_if_redirected e279) v4 -- ?+0 0x24df0d0 con 0x24d1730
2014-12-17 09:40:42.488316 7f2d018b3700 1 -- 192.168.122.110:0/1025622 <== osd.1 192.168.122.112:6800/23010 13 ==== osd_op_reply(13 notify.2 [watch add cookie 3 ver 0] v279'4 uv2 ondisk = 0) v6 ==== 175+0+0 (2192102008 0 0) 0x7f2cdc000c40 con 0x19031e0
2014-12-17 09:40:42.488378 7f2d0b943880 1 -- 192.168.122.110:0/1025622 --> 192.168.122.112:6800/23010 -- osd_op(client.7738.0:14 notify.3 [create 0~0] 90.f8c99aee ondisk+write+known_if_redirected e279) v4 -- ?+0 0x1913b70 con 0x19031e0
2014-12-17 09:40:42.489911 7f9fb37fe700 1 -- 192.168.122.110:0/1025602 <== osd.1 192.168.122.112:6800/23010 15 ==== osd_op_reply(16 notify.3 [create 0~0] v279'1 uv1 ondisk = 0) v6 ==== 175+0+0 (1292238890 0 0) 0x7f9f94002750 con 0x24d1730
2014-12-17 09:40:42.489973 7f9fc2dea880 1 -- 192.168.122.110:0/1025602 --> 192.168.122.112:6800/23010 -- osd_op(client.7734.0:17 notify.3 [watch add cookie 4 ver 0] 90.f8c99aee ondisk+write+known_if_redirected e279) v4 -- ?+0 0x24df9c0 con 0x24d1730
2014-12-17 09:40:42.490655 7f2d018b3700 1 -- 192.168.122.110:0/1025622 <== osd.1 192.168.122.112:6800/23010 14 ==== osd_op_reply(14 notify.3 [create 0~0] v279'2 uv2 ondisk = 0) v6 ==== 175+0+0 (3636585285 0 0) 0x7f2cdc000c40 con 0x19031e0
2014-12-17 09:40:42.490718 7f2d0b943880 1 -- 192.168.122.110:0/1025622 --> 192.168.122.112:6800/23010 -- osd_op(client.7738.0:15 notify.3 [watch add cookie 4 ver 0] 90.f8c99aee ondisk+write+known_if_redirected e279) v4 -- ?+0 0x1914460 con 0x19031e0
2014-12-17 09:40:42.493622 7f9fb37fe700 1 -- 192.168.122.110:0/1025602 <== osd.1 192.168.122.112:6800/23010 16 ==== osd_op_reply(17 notify.3 [watch add cookie 4 ver 0] v279'3 uv2 ondisk = 0) v6 ==== 175+0+0 (2654664712 0 0) 0x7f9f94000a60 con 0x24d1730
2014-12-17 09:40:42.493813 7f9fc2dea880 1 -- 192.168.122.110:0/1025602 --> 192.168.122.111:6800/17009 -- osd_op(client.7734.0:18 notify.4 [create 0~0] 90.a204812d ondisk+write+known_if_redirected e279) v4 -- ?+0 0x24e5e90 con 0x24e4b10
2014-12-17 09:40:42.494191 7f2d018b3700 1 -- 192.168.122.110:0/1025622 <== osd.1 192.168.122.112:6800/23010 15 ==== osd_op_reply(15 notify.3 [watch add cookie 4 ver 0] v279'4 uv2 ondisk = 0) v6 ==== 175+0+0 (3396666537 0 0) 0x7f2cdc000c40 con 0x19031e0
2014-12-17 09:40:42.494486 7f2d0b943880 1 -- 192.168.122.110:0/1025622 --> 192.168.122.111:6800/17009 -- osd_op(client.7738.0:16 notify.4 [create 0~0] 90.a204812d ondisk+write+known_if_redirected e279) v4 -- ?+0 0x191a890 con 0x19195b0
2014-12-17 09:40:42.497197 7f9fb37fe700 1 -- 192.168.122.110:0/1025602 <== osd.0 192.168.122.111:6800/17009 1 ==== osd_op_reply(18 notify.4 [create 0~0] v279'1 uv1 ondisk = 0) v6 ==== 175+0+0 (3107489326 0 0) 0x7f9f78000aa0 con 0x24e4b10
2014-12-17 09:40:42.497273 7f9fc2dea880 1 -- 192.168.122.110:0/1025602 --> 192.168.122.111:6800/17009 -- osd_op(client.7734.0:19 notify.4 [watch add cookie 5 ver 0] 90.a204812d ondisk+write+known_if_redirected e279) v4 -- ?+0 0x24e6710 con 0x24e4b10
2014-12-17 09:40:42.498324 7f2d018b3700 1 -- 192.168.122.110:0/1025622 <== osd.0 192.168.122.111:6800/17009 1 ==== osd_op_reply(16 notify.4 [create 0~0] v279'2 uv2 ondisk = 0) v6 ==== 175+0+0 (754935105 0 0) 0x7f2ccc000aa0 con 0x19195b0
2014-12-17 09:40:42.498383 7f2d0b943880 1 -- 192.168.122.110:0/1025622 --> 192.168.122.111:6800/17009 -- osd_op(client.7738.0:17 notify.4 [watch add cookie 5 ver 0] 90.a204812d ondisk+write+known_if_redirected e279) v4 -- ?+0 0x191b080 con 0x19195b0
2014-12-17 09:40:42.499657 7f9fb37fe700 1 -- 192.168.122.110:0/1025602 <== osd.0 192.168.122.111:6800/17009 2 ==== osd_op_reply(19 notify.4 [watch add cookie 5 ver 0] v279'3 uv2 ondisk = 0) v6 ==== 175+0+0 (4231667649 0 0) 0x7f9f78000aa0 con 0x24e4b10
2014-12-17 09:40:42.499718 7f9fc2dea880 1 -- 192.168.122.110:0/1025602 --> 192.168.122.111:6800/17009 -- osd_op(client.7734.0:20 notify.5 [create 0~0] 90.31099063 ondisk+write+known_if_redirected e279) v4 -- ?+0 0x24e6640 con 0x24e4b10
2014-12-17 09:40:42.500472 7f2d018b3700 1 -- 192.168.122.110:0/1025622 <== osd.0 192.168.122.111:6800/17009 2 ==== osd_op_reply(17 notify.4 [watch add cookie 5 ver 0] v279'4 uv2 ondisk = 0) v6 ==== 175+0+0 (2826298208 0 0) 0x7f2ccc000aa0 con 0x19195b0
2014-12-17 09:40:42.500524 7f2d0b943880 1 -- 192.168.122.110:0/1025622 --> 192.168.122.111:6800/17009 -- osd_op(client.7738.0:18 notify.5 [create 0~0] 90.31099063 ondisk+write+known_if_redirected e279) v4 -- ?+0 0x191af90 con 0x19195b0
2014-12-17 09:40:42.502273 7f9fb37fe700 1 -- 192.168.122.110:0/1025602 <== osd.0 192.168.122.111:6800/17009 3 ==== osd_op_reply(20 notify.5 [create 0~0] v279'1 uv1 ondisk = 0) v6 ==== 175+0+0 (2047490175 0 0) 0x7f9f78002550 con 0x24e4b10
2014-12-17 09:40:42.502338 7f9fc2dea880 1 -- 192.168.122.110:0/1025602 --> 192.168.122.111:6800/17009 -- osd_op(client.7734.0:21 notify.5 [watch add cookie 6 ver 0] 90.31099063 ondisk+write+known_if_redirected e279) v4 -- ?+0 0x24e6ed0 con 0x24e4b10
2014-12-17 09:40:42.502497 7f2d018b3700 1 -- 192.168.122.110:0/1025622 <== osd.0 192.168.122.111:6800/17009 3 ==== osd_op_reply(18 notify.5 [create 0~0] v279'2 uv2 ondisk = 0) v6 ==== 175+0+0 (4023245584 0 0) 0x7f2ccc002550 con 0x19195b0
2014-12-17 09:40:42.502541 7f2d0b943880 1 -- 192.168.122.110:0/1025622 --> 192.168.122.111:6800/17009 -- osd_op(client.7738.0:19 notify.5 [watch add cookie 6 ver 0] 90.31099063 ondisk+write+known_if_redirected e279) v4 -- ?+0 0x191b970 con 0x19195b0
2014-12-17 09:40:42.504436 7f9fb37fe700 1 -- 192.168.122.110:0/1025602 <== osd.0 192.168.122.111:6800/17009 4 ==== osd_op_reply(21 notify.5 [watch add cookie 6 ver 0] v279'3 uv2 ondisk = 0) v6 ==== 175+0+0 (2158392630 0 0) 0x7f9f78002550 con 0x24e4b10
2014-12-17 09:40:42.504495 7f9fc2dea880 1 -- 192.168.122.110:0/1025602 --> 192.168.122.111:6800/17009 -- osd_op(client.7734.0:22 notify.6 [create 0~0] 90.97c520d4 ondisk+write+known_if_redirected e279) v4 -- ?+0 0x24e6ed0 con 0x24e4b10
2014-12-17 09:40:42.505113 7f2d018b3700 1 -- 192.168.122.110:0/1025622 <== osd.0 192.168.122.111:6800/17009 4 ==== osd_op_reply(19 notify.5 [watch add cookie 6 ver 0] v279'4 uv2 ondisk = 0) v6 ==== 175+0+0 (3572074903 0 0) 0x7f2ccc002550 con 0x19195b0
2014-12-17 09:40:42.505156 7f2d0b943880 1 -- 192.168.122.110:0/1025622 --> 192.168.122.111:6800/17009 -- osd_op(client.7738.0:20 notify.6 [create 0~0] 90.97c520d4 ondisk+write+known_if_redirected e279) v4 -- ?+0 0x191b880 con 0x19195b0
2014-12-17 09:40:42.506582 7f9fb37fe700 1 -- 192.168.122.110:0/1025602 <== osd.0 192.168.122.111:6800/17009 5 ==== osd_op_reply(22 notify.6 [create 0~0] v279'1 uv1 ondisk = 0) v6 ==== 175+0+0 (3101828026 0 0) 0x7f9f78002550 con 0x24e4b10
2014-12-17 09:40:42.506638 7f9fc2dea880 1 -- 192.168.122.110:0/1025602 --> 192.168.122.111:6800/17009 -- osd_op(client.7734.0:23 notify.6 [watch add cookie 7 ver 0] 90.97c520d4 ondisk+write+known_if_redirected e279) v4 -- ?+0 0x24e7800 con 0x24e4b10
2014-12-17 09:40:42.507370 7f2d018b3700 1 -- 192.168.122.110:0/1025622 <== osd.0 192.168.122.111:6800/17009 5 ==== osd_op_reply(20 notify.6 [create 0~0] v279'2 uv2 ondisk = 0) v6 ==== 175+0+0 (757448917 0 0) 0x7f2ccc002550 con 0x19195b0
2014-12-17 09:40:42.507443 7f2d0b943880 1 -- 192.168.122.110:0/1025622 --> 192.168.122.111:6800/17009 -- osd_op(client.7738.0:21 notify.6 [watch add cookie 7 ver 0] 90.97c520d4 ondisk+write+known_if_redirected e279) v4 -- ?+0 0x191c220 con 0x19195b0
2014-12-17 09:40:42.508336 7f9fb37fe700 1 -- 192.168.122.110:0/1025602 <== osd.0 192.168.122.111:6800/17009 6 ==== osd_op_reply(23 notify.6 [watch add cookie 7 ver 0] v279'3 uv2 ondisk = 0) v6 ==== 175+0+0 (3564113726 0 0) 0x7f9f78002550 con 0x24e4b10
2014-12-17 09:40:42.508403 7f9fc2dea880 1 -- 192.168.122.110:0/1025602 --> 192.168.122.113:6800/23617 -- osd_op(client.7734.0:24 notify.7 [create 0~0] 90.84ada7c9 ondisk+write+known_if_redirected e279) v4 -- ?+0 0x24e7710 con 0x24d4e20
2014-12-17 09:40:42.509749 7f2d018b3700 1 -- 192.168.122.110:0/1025622 <== osd.0 192.168.122.111:6800/17009 6 ==== osd_op_reply(21 notify.6 [watch add cookie 7 ver 0] v279'4 uv2 ondisk = 0) v6 ==== 175+0+0 (2151674783 0 0) 0x7f2ccc002550 con 0x19195b0
2014-12-17 09:40:42.509827 7f2d0b943880 1 -- 192.168.122.110:0/1025622 --> 192.168.122.113:6800/23617 -- osd_op(client.7738.0:22 notify.7 [create 0~0] 90.84ada7c9 ondisk+write+known_if_redirected e279) v4 -- ?+0 0x191c130 con 0x1910df0
2014-12-17 09:40:42.511527 7f9fb37fe700 1 -- 192.168.122.110:0/1025602 <== osd.2 192.168.122.113:6800/23617 2 ==== osd_op_reply(24 notify.7 [create 0~0] v279'1 uv1 ondisk = 0) v6 ==== 175+0+0 (2886842621 0 0) 0x7f9f8c000ad0 con 0x24d4e20
2014-12-17 09:40:42.511619 7f9fc2dea880 1 -- 192.168.122.110:0/1025602 --> 192.168.122.113:6800/23617 -- osd_op(client.7734.0:25 notify.7 [watch add cookie 8 ver 0] 90.84ada7c9 ondisk+write+known_if_redirected e279) v4 -- ?+0 0x24e80b0 con 0x24d4e20
2014-12-17 09:40:42.512750 7f2d018b3700 1 -- 192.168.122.110:0/1025622 <== osd.2 192.168.122.113:6800/23617 2 ==== osd_op_reply(22 notify.7 [create 0~0] v279'2 uv2 ondisk = 0) v6 ==== 175+0+0 (970349458 0 0) 0x7f2cd4000ad0 con 0x1910df0
2014-12-17 09:40:42.512819 7f2d0b943880 1 -- 192.168.122.110:0/1025622 --> 192.168.122.113:6800/23617 -- osd_op(client.7738.0:23 notify.7 [watch add cookie 8 ver 0] 90.84ada7c9 ondisk+write+known_if_redirected e279) v4 -- ?+0 0x191cad0 con 0x1910df0
2014-12-17 09:40:42.513828 7f9fb37fe700 1 -- 192.168.122.110:0/1025602 <== osd.2 192.168.122.113:6800/23617 3 ==== osd_op_reply(25 notify.7 [watch add cookie 8 ver 0] v279'3 uv2 ondisk = 0) v6 ==== 175+0+0 (2320433061 0 0) 0x7f9f8c000ad0 con 0x24d4e20
2014-12-17 09:40:42.513891 7f9fc2dea880 1 -- 192.168.122.110:0/1025602 --> 192.168.122.111:6789/0 -- mon_get_version(what=osdmap handle=5) v1 -- ?+0 0x24e7dc0 con 0x24876f0
2014-12-17 09:40:42.514177 7f9fb37fe700 1 -- 192.168.122.110:0/1025602 <== mon.0 192.168.122.111:6789/0 21 ==== mon_check_map_ack(handle=5 version=279) v2 ==== 24+0+0 (3049275861 0 0) 0x7f9fa0002890 con 0x24876f0
2014-12-17 09:40:42.514223 7f9fc2dea880 1 -- 192.168.122.110:0/1025602 --> 192.168.122.111:6789/0 -- pool_op(create pool 0 auid 0 tid 26 name .rgw v278) v4 -- ?+0 0x24e8120 con 0x24876f0
2014-12-17 09:40:42.514822 7f2d018b3700 1 -- 192.168.122.110:0/1025622 <== osd.2 192.168.122.113:6800/23617 3 ==== osd_op_reply(23 notify.7 [watch add cookie 8 ver 0] v279'4 uv2 ondisk = 0) v6 ==== 175+0+0 (3724608260 0 0) 0x7f2cd4000ad0 con 0x1910df0
2014-12-17 09:40:42.514882 7f2d0b943880 1 -- 192.168.122.110:0/1025622 --> 192.168.122.112:6789/0 -- mon_get_version(what=osdmap handle=1) v1 -- ?+0 0x191c7e0 con 0x18f83e0
2014-12-17 09:40:42.515250 7f2d018b3700 1 -- 192.168.122.110:0/1025622 <== mon.1 192.168.122.112:6789/0 11 ==== mon_check_map_ack(handle=1 version=279) v2 ==== 24+0+0 (1462216207 0 0) 0x7f2cec002a50 con 0x18f83e0
2014-12-17 09:40:42.515295 7f2d0b943880 1 -- 192.168.122.110:0/1025622 --> 192.168.122.112:6789/0 -- pool_op(create pool 0 auid 0 tid 24 name .rgw v0) v4 -- ?+0 0x191cb40 con 0x18f83e0
2014-12-17 09:40:43.329881 7f9fb37fe700 1 -- 192.168.122.110:0/1025602 <== mon.0 192.168.122.111:6789/0 22 ==== pool_op_reply(tid 26 (0) Success v280) v1 ==== 43+0+0 (1789425492 0 0) 0x7f9fa0002b20 con 0x24876f0
2014-12-17 09:40:43.329958 7f9fb37fe700 1 -- 192.168.122.110:0/1025602 --> 192.168.122.111:6789/0 -- mon_subscribe({monmap=2+,osdmap=280}) v2 -- ?+0 0x7f9fa400a6b0 con 0x24876f0
2014-12-17 09:40:43.331265 7f2d018b3700 1 -- 192.168.122.110:0/1025622 <== mon.1 192.168.122.112:6789/0 12 ==== pool_op_reply(tid 24 (0) Success v280) v1 ==== 43+0+0 (1789425492 0 0) 0x7f2cec0008c0 con 0x18f83e0
2014-12-17 09:40:43.331333 7f2d018b3700 1 -- 192.168.122.110:0/1025622 --> 192.168.122.112:6789/0 -- mon_subscribe({monmap=2+,osdmap=280}) v2 -- ?+0 0x7f2cf00089c0 con 0x18f83e0
2014-12-17 09:40:43.332585 7f2d018b3700 1 -- 192.168.122.110:0/1025622 <== mon.1 192.168.122.112:6789/0 13 ==== osd_map(280..280 src has 1..280) v3 ==== 421+0+0 (2291629408 0 0) 0x7f2cec002680 con 0x18f83e0
2014-12-17 09:40:43.332778 7f2d018b3700 1 -- 192.168.122.110:0/1025622 <== mon.1 192.168.122.112:6789/0 14 ==== mon_subscribe_ack(300s) v1 ==== 20+0+0 (4048590127 0 0) 0x7f2cec002a50 con 0x18f83e0
2014-12-17 09:40:43.332848 7f2d0b943880 1 -- 192.168.122.110:0/1025622 --> 192.168.122.112:6789/0 -- mon_get_version(what=osdmap handle=2) v1 -- ?+0 0x191d090 con 0x18f83e0
2014-12-17 09:40:43.333230 7f2d018b3700 1 -- 192.168.122.110:0/1025622 <== mon.1 192.168.122.112:6789/0 15 ==== mon_check_map_ack(handle=2 version=280) v2 ==== 24+0+0 (3221386323 0 0) 0x7f2cec004010 con 0x18f83e0
2014-12-17 09:40:43.333296 7f2d0b943880 1 -- 192.168.122.110:0/1025622 --> 192.168.122.112:6789/0 -- pool_op(create pool 0 auid 0 tid 25 name .rgw.gc v280) v4 -- ?+0 0x191d3f0 con 0x18f83e0
2014-12-17 09:40:43.334967 7f9fb37fe700 1 -- 192.168.122.110:0/1025602 <== mon.0 192.168.122.111:6789/0 23 ==== osd_map(280..280 src has 1..280) v3 ==== 421+0+0 (2291629408 0 0) 0x7f9fa0003780 con 0x24876f0
2014-12-17 09:40:43.335122 7f9fb37fe700 1 -- 192.168.122.110:0/1025602 <== mon.0 192.168.122.111:6789/0 24 ==== mon_subscribe_ack(300s) v1 ==== 20+0+0 (4048590127 0 0) 0x7f9fa0002890 con 0x24876f0
2014-12-17 09:40:43.335274 7f9fc2dea880 1 -- 192.168.122.110:0/1025602 --> 192.168.122.111:6789/0 -- mon_get_version(what=osdmap handle=6) v1 -- ?+0 0x24e8670 con 0x24876f0
2014-12-17 09:40:43.335696 7f9fb37fe700 1 -- 192.168.122.110:0/1025602 <== mon.0 192.168.122.111:6789/0 25 ==== mon_check_map_ack(handle=6 version=280) v2 ==== 24+0+0 (585470857 0 0) 0x7f9fa00008c0 con 0x24876f0
2014-12-17 09:40:43.335790 7f9fc2dea880 1 -- 192.168.122.110:0/1025602 --> 192.168.122.111:6789/0 -- pool_op(create pool 0 auid 0 tid 27 name .rgw.gc v280) v4 -- ?+0 0x24e8a50 con 0x24876f0
2014-12-17 09:40:44.099375 7f9fb3fff700 1 -- 192.168.122.110:0/1025602 --> 192.168.122.111:6789/0 -- mon_subscribe({monmap=2+,osdmap=281}) v2 -- ?+0 0x7f9f7c000a90 con 0x24876f0
2014-12-17 09:40:44.099400 7f9fb3fff700 1 -- 192.168.122.110:0/1025602 --> 192.168.122.112:6800/23010 -- ping magic: 0 v1 -- ?+0 0x7f9f7c000f70 con 0x24d1730
2014-12-17 09:40:44.099422 7f9fb3fff700 1 -- 192.168.122.110:0/1025602 --> 192.168.122.113:6800/23617 -- ping magic: 0 v1 -- ?+0 0x7f9f7c0012d0 con 0x24d4e20
2014-12-17 09:40:44.099433 7f9fb3fff700 1 -- 192.168.122.110:0/1025602 --> 192.168.122.111:6800/17009 -- ping magic: 0 v1 -- ?+0 0x7f9f7c001630 con 0x24e4b10
2014-12-17 09:40:44.100269 7f9fb37fe700 1 -- 192.168.122.110:0/1025602 <== mon.0 192.168.122.111:6789/0 26 ==== mon_subscribe_ack(300s) v1 ==== 20+0+0 (4048590127 0 0) 0x7f9fa0002890 con 0x24876f0
2014-12-17 09:40:44.344747 7f9fb37fe700 1 -- 192.168.122.110:0/1025602 <== mon.0 192.168.122.111:6789/0 27 ==== osd_map(281..281 src has 1..281) v3 ==== 448+0+0 (906497269 0 0) 0x7f9fa0003780 con 0x24876f0
2014-12-17 09:40:44.344895 7f9fb37fe700 1 -- 192.168.122.110:0/1025602 <== mon.0 192.168.122.111:6789/0 28 ==== pool_op_reply(tid 27 (0) Success v281) v1 ==== 43+0+0 (3236049769 0 0) 0x7f9fa0002b20 con 0x24876f0
2014-12-17 09:40:44.345333 7f9f9e7fc700 20 BucketsSyncThread: start
2014-12-17 09:40:44.345268 7f9f9effd700 2 garbage collection: start
2014-12-17 09:40:44.345485 7f9f9dffb700 20 UserSyncThread: start
2014-12-17 09:40:44.345508 7f9f9dffb700 0 ERROR: can't get key: ret=-2
2014-12-17 09:40:44.345512 7f9f9dffb700 0 ERROR: sync_all_users() returned ret=-2
2014-12-17 09:40:44.345485 7f9f9effd700 1 -- 192.168.122.110:0/1025602 --> 192.168.122.112:6800/23010 -- osd_op(client.7734.0:28 gc.414 [call lock.lock] 92.d7e4ff6c ondisk+write+known_if_redirected e281) v4 -- ?+0 0x7f9f70002050 con 0x24d1730
2014-12-17 09:40:44.346108 7f9fc2dea880 0 framework: fastcgi
2014-12-17 09:40:44.346121 7f9fc2dea880 0 framework: civetweb
2014-12-17 09:40:44.346131 7f9fc2dea880 0 framework conf key: port, val: 7480
2014-12-17 09:40:44.346143 7f9fc2dea880 0 starting handler: civetweb
2014-12-17 09:40:44.352959 7f9fc2dea880 0 starting handler: fastcgi
2014-12-17 09:40:44.355731 7f9f417a2700 10 allocated request req=0x7f9f94025800
2014-12-17 09:40:44.381699 7f2d018b3700 1 -- 192.168.122.110:0/1025622 <== mon.1 192.168.122.112:6789/0 16 ==== pool_op_reply(tid 25 (0) Success v281) v1 ==== 43+0+0 (3236049769 0 0) 0x7f2cec0008c0 con 0x18f83e0
2014-12-17 09:40:44.381790 7f2d018b3700 1 -- 192.168.122.110:0/1025622 --> 192.168.122.112:6789/0 -- mon_subscribe({monmap=2+,osdmap=281}) v2 -- ?+0 0x7f2cf00096f0 con 0x18f83e0
2014-12-17 09:40:44.386521 7f2d018b3700 1 -- 192.168.122.110:0/1025622 <== mon.1 192.168.122.112:6789/0 17 ==== osd_map(281..281 src has 1..281) v3 ==== 448+0+0 (906497269 0 0) 0x7f2cec003b30 con 0x18f83e0
2014-12-17 09:40:44.386665 7f2d018b3700 1 -- 192.168.122.110:0/1025622 <== mon.1 192.168.122.112:6789/0 18 ==== mon_subscribe_ack(300s) v1 ==== 20+0+0 (4048590127 0 0) 0x7f2cec004010 con 0x18f83e0
2014-12-17 09:40:44.386955 7f2d0b943880 1 -- 192.168.122.110:0/1025622 --> 192.168.122.112:6789/0 -- mon_get_version(what=osdmap handle=3) v1 -- ?+0 0x1924d10 con 0x18f83e0
2014-12-17 09:40:44.402612 7f2d018b3700 1 -- 192.168.122.110:0/1025622 <== mon.1 192.168.122.112:6789/0 19 ==== mon_check_map_ack(handle=3 version=281) v2 ==== 24+0+0 (2286009123 0 0) 0x7f2cec002a50 con 0x18f83e0
2014-12-17 09:40:44.402727 7f2d0b943880 1 -- 192.168.122.110:0/1025622 --> 192.168.122.112:6789/0 -- pool_op(create pool 0 auid 0 tid 26 name .users.uid v281) v4 -- ?+0 0x1925170 con 0x18f83e0
2014-12-17 09:40:45.425915 7f2d018b3700 1 -- 192.168.122.110:0/1025622 <== mon.1 192.168.122.112:6789/0 20 ==== pool_op_reply(tid 26 (0) Success v282) v1 ==== 43+0+0 (1003522527 0 0) 0x7f2cec0008c0 con 0x18f83e0
2014-12-17 09:40:45.426005 7f2d018b3700 1 -- 192.168.122.110:0/1025622 --> 192.168.122.112:6789/0 -- mon_subscribe({monmap=2+,osdmap=282}) v2 -- ?+0 0x7f2cf000a4a0 con 0x18f83e0
2014-12-17 09:40:45.426782 7f2d018b3700 1 -- 192.168.122.110:0/1025622 <== mon.1 192.168.122.112:6789/0 21 ==== osd_map(282..282 src has 1..282) v3 ==== 451+0+0 (2577776618 0 0) 0x7f2cec002680 con 0x18f83e0
