2014-12-17 09:40:46.324968 7f9f9effd700 1 -- 192.168.122.110:0/1025602 --> 192.168.122.113:6800/23617 -- osd_op(client.7734.0:340 gc.518 [call lock.lock] 92.38346a66 ondisk+write+known_if_redirected e282) v4 -- ?+0 0x7f9f7006c1b0 con 0x24d4e20
2014-12-17 09:40:46.326822 7f9fb37fe700 1 -- 192.168.122.110:0/1025602 <== osd.2 192.168.122.113:6800/23617 100 ==== osd_op_reply(340 gc.518 [call] v282'9 uv9 ondisk = 0) v6 ==== 173+0+0 (354851545 0 0) 0x7f9f8c020120 con 0x24d4e20
2014-12-17 09:40:46.326867 7f9f9effd700 1 -- 192.168.122.110:0/1025602 --> 192.168.122.113:6800/23617 -- osd_op(client.7734.0:341 gc.518 [call rgw.gc_list] 92.38346a66 ack+read+known_if_redirected e282) v4 -- ?+0 0x7f9f700400e0 con 0x24d4e20
2014-12-17 09:40:46.327308 7f9fb37fe700 1 -- 192.168.122.110:0/1025602 <== osd.2 192.168.122.113:6800/23617 101 ==== osd_op_reply(341 gc.518 [call] v0'0 uv9 ondisk = 0) v6 ==== 173+0+11 (4065498798 0 1993775135) 0x7f9f8c020120 con 0x24d4e20
2014-12-17 09:40:46.327343 7f9f9effd700 1 -- 192.168.122.110:0/1025602 --> 192.168.122.113:6800/23617 -- osd_op(client.7734.0:342 gc.518 [call lock.unlock] 92.38346a66 ondisk+write+known_if_redirected e282) v4 -- ?+0 0x7f9f7006c1b0 con 0x24d4e20
2014-12-17 09:40:46.329168 7f9fb37fe700 1 -- 192.168.122.110:0/1025602 <== osd.2 192.168.122.113:6800/23617 102 ==== osd_op_reply(342 gc.518 [call] v282'10 uv10 ondisk = 0) v6 ==== 173+0+0 (2503065428 0 0) 0x7f9f8c020120 con 0x24d4e20
2014-12-17 09:40:46.329214 7f9f9effd700 1 -- 192.168.122.110:0/1025602 --> 192.168.122.112:6800/23010 -- osd_op(client.7734.0:343 gc.519 [call lock.lock] 92.f0df97cb ondisk+write+known_if_redirected e282) v4 -- ?+0 0x7f9f700400e0 con 0x24d1730
2014-12-17 09:40:46.331378 7f9fb37fe700 1 -- 192.168.122.110:0/1025602 <== osd.1 192.168.122.112:6800/23010 123 ==== osd_op_reply(343 gc.519 [call] v282'5 uv5 ondisk = 0) v6 ==== 173+0+0 (2222877483 0 0) 0x7f9f9402b050 con 0x24d1730
2014-12-17 09:40:46.331464 7f9f9effd700 1 -- 192.168.122.110:0/1025602 --> 192.168.122.112:6800/23010 -- osd_op(client.7734.0:344 gc.519 [call rgw.gc_list] 92.f0df97cb ack+read+known_if_redirected e282) v4 -- ?+0 0x7f9f7006c1b0 con 0x24d1730
2014-12-17 09:40:46.331989 7f9fb37fe700 1 -- 192.168.122.110:0/1025602 <== osd.1 192.168.122.112:6800/23010 124 ==== osd_op_reply(344 gc.519 [call] v0'0 uv5 ondisk = 0) v6 ==== 173+0+11 (4087862888 0 1993775135) 0x7f9f9402a180 con 0x24d1730
2014-12-17 09:40:46.332029 7f9f9effd700 1 -- 192.168.122.110:0/1025602 --> 192.168.122.112:6800/23010 -- osd_op(client.7734.0:345 gc.519 [call lock.unlock] 92.f0df97cb ondisk+write+known_if_redirected e282) v4 -- ?+0 0x7f9f700400e0 con 0x24d1730
2014-12-17 09:40:46.336870 7f9fb37fe700 1 -- 192.168.122.110:0/1025602 <== osd.1 192.168.122.112:6800/23010 125 ==== osd_op_reply(345 gc.519 [call] v282'6 uv6 ondisk = 0) v6 ==== 173+0+0 (74010278 0 0) 0x7f9f9402ad00 con 0x24d1730
2014-12-17 09:40:46.336919 7f9f9effd700 1 -- 192.168.122.110:0/1025602 --> 192.168.122.113:6800/23617 -- osd_op(client.7734.0:346 gc.520 [call lock.lock] 92.c8737409 ondisk+write+known_if_redirected e282) v4 -- ?+0 0x7f9f700400e0 con 0x24d4e20
2014-12-17 09:40:46.339304 7f9fb37fe700 1 -- 192.168.122.110:0/1025602 <== osd.2 192.168.122.113:6800/23617 103 ==== osd_op_reply(346 gc.520 [call] v282'7 uv7 ondisk = 0) v6 ==== 173+0+0 (1520974496 0 0) 0x7f9f8c020120 con 0x24d4e20
2014-12-17 09:40:46.339381 7f9f9effd700 1 -- 192.168.122.110:0/1025602 --> 192.168.122.113:6800/23617 -- osd_op(client.7734.0:347 gc.520 [call rgw.gc_list] 92.c8737409 ack+read+known_if_redirected e282) v4 -- ?+0 0x7f9f700400e0 con 0x24d4e20
2014-12-17 09:40:46.339856 7f9fb37fe700 1 -- 192.168.122.110:0/1025602 <== osd.2 192.168.122.113:6800/23617 104 ==== osd_op_reply(347 gc.520 [call] v0'0 uv7 ondisk = 0) v6 ==== 173+0+11 (356765589 0 1993775135) 0x7f9f8c020120 con 0x24d4e20
2014-12-17 09:40:46.339924 7f9f9effd700 1 -- 192.168.122.110:0/1025602 --> 192.168.122.113:6800/23617 -- osd_op(client.7734.0:348 gc.520 [call lock.unlock] 92.c8737409 ondisk+write+known_if_redirected e282) v4 -- ?+0 0x7f9f7006e1b0 con 0x24d4e20
2014-12-17 09:40:46.341939 7f9fb37fe700 1 -- 192.168.122.110:0/1025602 <== osd.2 192.168.122.113:6800/23617 105 ==== osd_op_reply(348 gc.520 [call] v282'8 uv8 ondisk = 0) v6 ==== 173+0+0 (2256043891 0 0) 0x7f9f8c020120 con 0x24d4e20
2014-12-17 09:40:46.341991 7f9f9effd700 1 -- 192.168.122.110:0/1025602 --> 192.168.122.113:6800/23617 -- osd_op(client.7734.0:349 gc.0 [call lock.lock] 92.990e66d8 ondisk+write+known_if_redirected e282) v4 -- ?+0 0x7f9f700400e0 con 0x24d4e20
2014-12-17 09:40:46.344026 7f9fb37fe700 1 -- 192.168.122.110:0/1025602 <== osd.2 192.168.122.113:6800/23617 106 ==== osd_op_reply(349 gc.0 [call] v282'3 uv3 ondisk = 0) v6 ==== 171+0+0 (2109414541 0 0) 0x7f9f8c020120 con 0x24d4e20
2014-12-17 09:40:46.344088 7f9f9effd700 1 -- 192.168.122.110:0/1025602 --> 192.168.122.113:6800/23617 -- osd_op(client.7734.0:350 gc.0 [call rgw.gc_list] 92.990e66d8 ack+read+known_if_redirected e282) v4 -- ?+0 0x7f9f7006e1b0 con 0x24d4e20
2014-12-17 09:40:46.344600 7f9fb37fe700 1 -- 192.168.122.110:0/1025602 <== osd.2 192.168.122.113:6800/23617 107 ==== osd_op_reply(350 gc.0 [call] v0'0 uv3 ondisk = 0) v6 ==== 171+0+11 (1110735188 0 1993775135) 0x7f9f8c020690 con 0x24d4e20
2014-12-17 09:40:46.344637 7f9f9effd700 1 -- 192.168.122.110:0/1025602 --> 192.168.122.113:6800/23617 -- osd_op(client.7734.0:351 gc.0 [call lock.unlock] 92.990e66d8 ondisk+write+known_if_redirected e282) v4 -- ?+0 0x7f9f700400e0 con 0x24d4e20
2014-12-17 09:40:46.346622 7f9fb37fe700 1 -- 192.168.122.110:0/1025602 <== osd.2 192.168.122.113:6800/23617 108 ==== osd_op_reply(351 gc.0 [call] v282'4 uv4 ondisk = 0) v6 ==== 171+0+0 (894094181 0 0) 0x7f9f8c0237b0 con 0x24d4e20
2014-12-17 09:40:46.346685 7f9f9effd700 1 -- 192.168.122.110:0/1025602 --> 192.168.122.112:6800/23010 -- osd_op(client.7734.0:352 gc.1 [call lock.lock] 92.6830fb87 ondisk+write+known_if_redirected e282) v4 -- ?+0 0x7f9f7006e1b0 con 0x24d1730
2014-12-17 09:40:46.348589 7f9fb37fe700 1 -- 192.168.122.110:0/1025602 <== osd.1 192.168.122.112:6800/23010 126 ==== osd_op_reply(352 gc.1 [call] v282'3 uv3 ondisk = 0) v6 ==== 171+0+0 (3960044833 0 0) 0x7f9f9402a940 con 0x24d1730
2014-12-17 09:40:46.348641 7f9f9effd700 1 -- 192.168.122.110:0/1025602 --> 192.168.122.112:6800/23010 -- osd_op(client.7734.0:353 gc.1 [call rgw.gc_list] 92.6830fb87 ack+read+known_if_redirected e282) v4 -- ?+0 0x7f9f700400e0 con 0x24d1730
2014-12-17 09:40:46.349135 7f9fb37fe700 1 -- 192.168.122.110:0/1025602 <== osd.1 192.168.122.112:6800/23010 127 ==== osd_op_reply(353 gc.1 [call] v0'0 uv3 ondisk = 0) v6 ==== 171+0+11 (3548780792 0 1993775135) 0x7f9f9402a100 con 0x24d1730
2014-12-17 09:40:46.349176 7f9f9effd700 1 -- 192.168.122.110:0/1025602 --> 192.168.122.112:6800/23010 -- osd_op(client.7734.0:354 gc.1 [call lock.unlock] 92.6830fb87 ondisk+write+known_if_redirected e282) v4 -- ?+0 0x7f9f700400e0 con 0x24d1730
2014-12-17 09:40:46.350885 7f9fb37fe700 1 -- 192.168.122.110:0/1025602 <== osd.1 192.168.122.112:6800/23010 128 ==== osd_op_reply(354 gc.1 [call] v282'4 uv4 ondisk = 0) v6 ==== 171+0+0 (2767760073 0 0) 0x7f9f94027000 con 0x24d1730
2014-12-17 09:40:46.350931 7f9f9effd700 1 -- 192.168.122.110:0/1025602 --> 192.168.122.113:6800/23617 -- osd_op(client.7734.0:355 gc.2 [call lock.lock] 92.3b1b8c5b ondisk+write+known_if_redirected e282) v4 -- ?+0 0x7f9f700400e0 con 0x24d4e20
2014-12-17 09:40:46.352908 7f9fb37fe700 1 -- 192.168.122.110:0/1025602 <== osd.2 192.168.122.113:6800/23617 109 ==== osd_op_reply(355 gc.2 [call] v282'3 uv3 ondisk = 0) v6 ==== 171+0+0 (3405654791 0 0) 0x7f9f8c020650 con 0x24d4e20
2014-12-17 09:40:46.352971 7f9f9effd700 1 -- 192.168.122.110:0/1025602 --> 192.168.122.113:6800/23617 -- osd_op(client.7734.0:356 gc.2 [call rgw.gc_list] 92.3b1b8c5b ack+read+known_if_redirected e282) v4 -- ?+0 0x7f9f700701b0 con 0x24d4e20
2014-12-17 09:40:46.353456 7f9fb37fe700 1 -- 192.168.122.110:0/1025602 <== osd.2 192.168.122.113:6800/23617 110 ==== osd_op_reply(356 gc.2 [call] v0'0 uv3 ondisk = 0) v6 ==== 171+0+11 (4117843678 0 1993775135) 0x7f9f8c020340 con 0x24d4e20
2014-12-17 09:40:46.353490 7f9f9effd700 1 -- 192.168.122.110:0/1025602 --> 192.168.122.113:6800/23617 -- osd_op(client.7734.0:357 gc.2 [call lock.unlock] 92.3b1b8c5b ondisk+write+known_if_redirected e282) v4 -- ?+0 0x7f9f700400e0 con 0x24d4e20
2014-12-17 09:40:46.355275 7f9fb37fe700 1 -- 192.168.122.110:0/1025602 <== osd.2 192.168.122.113:6800/23617 111 ==== osd_op_reply(357 gc.2 [call] v282'4 uv4 ondisk = 0) v6 ==== 171+0+0 (2182085871 0 0) 0x7f9f8c0202e0 con 0x24d4e20
2014-12-17 09:40:46.355316 7f9f9effd700 1 -- 192.168.122.110:0/1025602 --> 192.168.122.111:6800/17009 -- osd_op(client.7734.0:358 gc.3 [call lock.lock] 92.7820b530 ondisk+write+known_if_redirected e282) v4 -- ?+0 0x7f9f700701b0 con 0x24e4b10
2014-12-17 09:40:46.357176 7f9fb37fe700 1 -- 192.168.122.110:0/1025602 <== osd.0 192.168.122.111:6800/17009 118 ==== osd_op_reply(358 gc.3 [call] v282'9 uv9 ondisk = 0) v6 ==== 171+0+0 (1038731926 0 0) 0x7f9f78001f10 con 0x24e4b10
2014-12-17 09:40:46.357230 7f9f9effd700 1 -- 192.168.122.110:0/1025602 --> 192.168.122.111:6800/17009 -- osd_op(client.7734.0:359 gc.3 [call rgw.gc_list] 92.7820b530 ack+read+known_if_redirected e282) v4 -- ?+0 0x7f9f700400e0 con 0x24e4b10
2014-12-17 09:40:46.357818 7f9fb37fe700 1 -- 192.168.122.110:0/1025602 <== osd.0 192.168.122.111:6800/17009 119 ==== osd_op_reply(359 gc.3 [call] v0'0 uv9 ondisk = 0) v6 ==== 171+0+11 (3667773153 0 1993775135) 0x7f9f78001f10 con 0x24e4b10
2014-12-17 09:40:46.357852 7f9f9effd700 1 -- 192.168.122.110:0/1025602 --> 192.168.122.111:6800/17009 -- osd_op(client.7734.0:360 gc.3 [call lock.unlock] 92.7820b530 ondisk+write+known_if_redirected e282) v4 -- ?+0 0x7f9f700701b0 con 0x24e4b10
2014-12-17 09:40:46.359622 7f9fb37fe700 1 -- 192.168.122.110:0/1025602 <== osd.0 192.168.122.111:6800/17009 120 ==== osd_op_reply(360 gc.3 [call] v282'10 uv10 ondisk = 0) v6 ==== 171+0+0 (3187601179 0 0) 0x7f9f78001f10 con 0x24e4b10
2014-12-17 09:40:46.359675 7f9f9effd700 1 -- 192.168.122.110:0/1025602 --> 192.168.122.112:6800/23010 -- osd_op(client.7734.0:361 gc.4 [call lock.lock] 92.370bf669 ondisk+write+known_if_redirected e282) v4 -- ?+0 0x7f9f700400e0 con 0x24d1730
2014-12-17 09:40:46.361667 7f9fb37fe700 1 -- 192.168.122.110:0/1025602 <== osd.1 192.168.122.112:6800/23010 129 ==== osd_op_reply(361 gc.4 [call] v282'3 uv3 ondisk = 0) v6 ==== 171+0+0 (3417596356 0 0) 0x7f9f94026d70 con 0x24d1730
2014-12-17 09:40:46.361715 7f9f9effd700 1 -- 192.168.122.110:0/1025602 --> 192.168.122.112:6800/23010 -- osd_op(client.7734.0:362 gc.4 [call rgw.gc_list] 92.370bf669 ack+read+known_if_redirected e282) v4 -- ?+0 0x7f9f700400e0 con 0x24d1730
2014-12-17 09:40:46.362246 7f9fb37fe700 1 -- 192.168.122.110:0/1025602 <== osd.1 192.168.122.112:6800/23010 130 ==== osd_op_reply(362 gc.4 [call] v0'0 uv3 ondisk = 0) v6 ==== 171+0+11 (4097508381 0 1993775135) 0x7f9f94026e40 con 0x24d1730
2014-12-17 09:40:46.362295 7f9f9effd700 1 -- 192.168.122.110:0/1025602 --> 192.168.122.112:6800/23010 -- osd_op(client.7734.0:363 gc.4 [call lock.unlock] 92.370bf669 ondisk+write+known_if_redirected e282) v4 -- ?+0 0x7f9f700400e0 con 0x24d1730
2014-12-17 09:40:46.363897 7f9fb37fe700 1 -- 192.168.122.110:0/1025602 <== osd.1 192.168.122.112:6800/23010 131 ==== osd_op_reply(363 gc.4 [call] v282'4 uv4 ondisk = 0) v6 ==== 171+0+0 (2202383916 0 0) 0x7f9f94026e40 con 0x24d1730
2014-12-17 09:40:46.363949 7f9f9effd700 1 -- 192.168.122.110:0/1025602 --> 192.168.122.112:6800/23010 -- osd_op(client.7734.0:364 gc.5 [call lock.lock] 92.15a298d6 ondisk+write+known_if_redirected e282) v4 -- ?+0 0x7f9f700721b0 con 0x24d1730
2014-12-17 09:40:46.365727 7f9fb37fe700 1 -- 192.168.122.110:0/1025602 <== osd.1 192.168.122.112:6800/23010 132 ==== osd_op_reply(364 gc.5 [call] v282'5 uv5 ondisk = 0) v6 ==== 171+0+0 (3046594677 0 0) 0x7f9f94026e40 con 0x24d1730
2014-12-17 09:40:46.365773 7f9f9effd700 1 -- 192.168.122.110:0/1025602 --> 192.168.122.112:6800/23010 -- osd_op(client.7734.0:365 gc.5 [call rgw.gc_list] 92.15a298d6 ack+read+known_if_redirected e282) v4 -- ?+0 0x7f9f700400e0 con 0x24d1730
2014-12-17 09:40:46.366260 7f9fb37fe700 1 -- 192.168.122.110:0/1025602 <== osd.1 192.168.122.112:6800/23010 133 ==== osd_op_reply(365 gc.5 [call] v0'0 uv5 ondisk = 0) v6 ==== 171+0+11 (3259950390 0 1993775135) 0x7f9f94026f10 con 0x24d1730
2014-12-17 09:40:46.366296 7f9f9effd700 1 -- 192.168.122.110:0/1025602 --> 192.168.122.112:6800/23010 -- osd_op(client.7734.0:366 gc.5 [call lock.unlock] 92.15a298d6 ondisk+write+known_if_redirected e282) v4 -- ?+0 0x7f9f700721b0 con 0x24d1730
2014-12-17 09:40:46.367965 7f9fb37fe700 1 -- 192.168.122.110:0/1025602 <== osd.1 192.168.122.112:6800/23010 134 ==== osd_op_reply(366 gc.5 [call] v282'6 uv6 ondisk = 0) v6 ==== 171+0+0 (897613304 0 0) 0x7f9f94026f10 con 0x24d1730
2014-12-17 09:40:46.368008 7f9f9effd700 1 -- 192.168.122.110:0/1025602 --> 192.168.122.111:6800/17009 -- osd_op(client.7734.0:367 gc.6 [call lock.lock] 92.170a8acf ondisk+write+known_if_redirected e282) v4 -- ?+0 0x7f9f700400e0 con 0x24e4b10
2014-12-17 09:40:46.370133 7f9fb37fe700 1 -- 192.168.122.110:0/1025602 <== osd.0 192.168.122.111:6800/17009 121 ==== osd_op_reply(367 gc.6 [call] v282'3 uv3 ondisk = 0) v6 ==== 171+0+0 (3082500605 0 0) 0x7f9f78001c00 con 0x24e4b10
2014-12-17 09:40:46.370188 7f9f9effd700 1 -- 192.168.122.110:0/1025602 --> 192.168.122.111:6800/17009 -- osd_op(client.7734.0:368 gc.6 [call rgw.gc_list] 92.170a8acf ack+read+known_if_redirected e282) v4 -- ?+0 0x7f9f700721b0 con 0x24e4b10
2014-12-17 09:40:46.370757 7f9fb37fe700 1 -- 192.168.122.110:0/1025602 <== osd.0 192.168.122.111:6800/17009 122 ==== osd_op_reply(368 gc.6 [call] v0'0 uv3 ondisk = 0) v6 ==== 171+0+11 (2285132836 0 1993775135) 0x7f9f78001f10 con 0x24e4b10
2014-12-17 09:40:46.370792 7f9f9effd700 1 -- 192.168.122.110:0/1025602 --> 192.168.122.111:6800/17009 -- osd_op(client.7734.0:369 gc.6 [call lock.unlock] 92.170a8acf ondisk+write+known_if_redirected e282) v4 -- ?+0 0x7f9f700400e0 con 0x24e4b10
2014-12-17 09:40:46.372670 7f9fb37fe700 1 -- 192.168.122.110:0/1025602 <== osd.0 192.168.122.111:6800/17009 123 ==== osd_op_reply(369 gc.6 [call] v282'4 uv4 ondisk = 0) v6 ==== 171+0+0 (4283100693 0 0) 0x7f9f7801c830 con 0x24e4b10
2014-12-17 09:40:46.372710 7f9f9effd700 1 -- 192.168.122.110:0/1025602 --> 192.168.122.112:6800/23010 -- osd_op(client.7734.0:370 gc.7 [call lock.lock] 92.21d2251d ondisk+write+known_if_redirected e282) v4 -- ?+0 0x7f9f700400e0 con 0x24d1730
2014-12-17 09:40:46.374616 7f9fb37fe700 1 -- 192.168.122.110:0/1025602 <== osd.1 192.168.122.112:6800/23010 135 ==== osd_op_reply(370 gc.7 [call] v282'1 uv1 ondisk = 0) v6 ==== 171+0+0 (3312075277 0 0) 0x7f9f94026d20 con 0x24d1730
2014-12-17 09:40:46.374674 7f9f9effd700 1 -- 192.168.122.110:0/1025602 --> 192.168.122.112:6800/23010 -- osd_op(client.7734.0:371 gc.7 [call rgw.gc_list] 92.21d2251d ack+read+known_if_redirected e282) v4 -- ?+0 0x7f9f700400e0 con 0x24d1730
2014-12-17 09:40:46.375130 7f9fb37fe700 1 -- 192.168.122.110:0/1025602 <== osd.1 192.168.122.112:6800/23010 136 ==== osd_op_reply(371 gc.7 [call] v0'0 uv1 ondisk = 0) v6 ==== 171+0+11 (3268898722 0 1993775135) 0x7f9f94026d20 con 0x24d1730
2014-12-17 09:40:46.375178 7f9f9effd700 1 -- 192.168.122.110:0/1025602 --> 192.168.122.112:6800/23010 -- osd_op(client.7734.0:372 gc.7 [call lock.unlock] 92.21d2251d ondisk+write+known_if_redirected e282) v4 -- ?+0 0x7f9f700741b0 con 0x24d1730
2014-12-17 09:40:46.376900 7f9fb37fe700 1 -- 192.168.122.110:0/1025602 <== osd.1 192.168.122.112:6800/23010 137 ==== osd_op_reply(372 gc.7 [call] v282'2 uv2 ondisk = 0) v6 ==== 171+0+0 (1165846400 0 0) 0x7f9f940276e0 con 0x24d1730
2014-12-17 09:40:46.376948 7f9f9effd700 1 -- 192.168.122.110:0/1025602 --> 192.168.122.111:6800/17009 -- osd_op(client.7734.0:373 gc.8 [call lock.lock] 92.61b8e3df ondisk+write+known_if_redirected e282) v4 -- ?+0 0x7f9f700400e0 con 0x24e4b10
2014-12-17 09:40:46.378895 7f9fb37fe700 1 -- 192.168.122.110:0/1025602 <== osd.0 192.168.122.111:6800/17009 124 ==== osd_op_reply(373 gc.8 [call] v282'5 uv5 ondisk = 0) v6 ==== 171+0+0 (2069208946 0 0) 0x7f9f78001f10 con 0x24e4b10
2014-12-17 09:40:46.378938 7f9f9effd700 1 -- 192.168.122.110:0/1025602 --> 192.168.122.111:6800/17009 -- osd_op(client.7734.0:374 gc.8 [call rgw.gc_list] 92.61b8e3df ack+read+known_if_redirected e282) v4 -- ?+0 0x7f9f700741b0 con 0x24e4b10
2014-12-17 09:40:46.379528 7f9fb37fe700 1 -- 192.168.122.110:0/1025602 <== osd.0 192.168.122.111:6800/17009 125 ==== osd_op_reply(374 gc.8 [call] v0'0 uv5 ondisk = 0) v6 ==== 171+0+11 (210510385 0 1993775135) 0x7f9f78001f10 con 0x24e4b10
2014-12-17 09:40:46.379561 7f9f9effd700 1 -- 192.168.122.110:0/1025602 --> 192.168.122.111:6800/17009 -- osd_op(client.7734.0:375 gc.8 [call lock.unlock] 92.61b8e3df ondisk+write+known_if_redirected e282) v4 -- ?+0 0x7f9f700400e0 con 0x24e4b10
2014-12-17 09:40:46.381442 7f9fb37fe700 1 -- 192.168.122.110:0/1025602 <== osd.0 192.168.122.111:6800/17009 126 ==== osd_op_reply(375 gc.8 [call] v282'6 uv6 ondisk = 0) v6 ==== 171+0+0 (4215454463 0 0) 0x7f9f7801fc90 con 0x24e4b10
2014-12-17 09:40:46.381483 7f9f9effd700 1 -- 192.168.122.110:0/1025602 --> 192.168.122.113:6800/23617 -- osd_op(client.7734.0:376 gc.9 [call lock.lock] 92.3768e783 ondisk+write+known_if_redirected e282) v4 -- ?+0 0x7f9f700741b0 con 0x24d4e20
2014-12-17 09:40:46.383508 7f9fb37fe700 1 -- 192.168.122.110:0/1025602 <== osd.2 192.168.122.113:6800/23617 112 ==== osd_op_reply(376 gc.9 [call] v282'1 uv1 ondisk = 0) v6 ==== 171+0+0 (3685796208 0 0) 0x7f9f8c0202c0 con 0x24d4e20
2014-12-17 09:40:46.383558 7f9f9effd700 1 -- 192.168.122.110:0/1025602 --> 192.168.122.113:6800/23617 -- osd_op(client.7734.0:377 gc.9 [call rgw.gc_list] 92.3768e783 ack+read+known_if_redirected e282) v4 -- ?+0 0x7f9f700400e0 con 0x24d4e20
2014-12-17 09:40:46.384022 7f9fb37fe700 1 -- 192.168.122.110:0/1025602 <== osd.2 192.168.122.113:6800/23617 113 ==== osd_op_reply(377 gc.9 [call] v0'0 uv1 ondisk = 0) v6 ==== 171+0+11 (3691898079 0 1993775135) 0x7f9f8c020650 con 0x24d4e20
2014-12-17 09:40:46.384055 7f9f9effd700 1 -- 192.168.122.110:0/1025602 --> 192.168.122.113:6800/23617 -- osd_op(client.7734.0:378 gc.9 [call lock.unlock] 92.3768e783 ondisk+write+known_if_redirected e282) v4 -- ?+0 0x7f9f700400e0 con 0x24d4e20
2014-12-17 09:40:46.385803 7f9fb37fe700 1 -- 192.168.122.110:0/1025602 <== osd.2 192.168.122.113:6800/23617 114 ==== osd_op_reply(378 gc.9 [call] v282'2 uv2 ondisk = 0) v6 ==== 171+0+0 (1537731837 0 0) 0x7f9f8c0237b0 con 0x24d4e20
2014-12-17 09:40:46.385843 7f9f9effd700 1 -- 192.168.122.110:0/1025602 --> 192.168.122.112:6800/23010 -- osd_op(client.7734.0:379 gc.10 [call lock.lock] 92.eaec33ee ondisk+write+known_if_redirected e282) v4 -- ?+0 0x7f9f700400e0 con 0x24d1730
2014-12-17 09:40:46.387791 7f9fb37fe700 1 -- 192.168.122.110:0/1025602 <== osd.1 192.168.122.112:6800/23010 138 ==== osd_op_reply(379 gc.10 [call] v282'5 uv5 ondisk = 0) v6 ==== 172+0+0 (835069778 0 0) 0x7f9f94026c40 con 0x24d1730
2014-12-17 09:40:46.387854 7f9f9effd700 1 -- 192.168.122.110:0/1025602 --> 192.168.122.112:6800/23010 -- osd_op(client.7734.0:380 gc.10 [call rgw.gc_list] 92.eaec33ee ack+read+known_if_redirected e282) v4 -- ?+0 0x7f9f700761b0 con 0x24d1730
2014-12-17 09:40:46.388312 7f9fb37fe700 1 -- 192.168.122.110:0/1025602 <== osd.1 192.168.122.112:6800/23010 139 ==== osd_op_reply(380 gc.10 [call] v0'0 uv5 ondisk = 0) v6 ==== 172+0+11 (1176476177 0 1993775135) 0x7f9f940276b0 con 0x24d1730
2014-12-17 09:40:46.388346 7f9f9effd700 1 -- 192.168.122.110:0/1025602 --> 192.168.122.112:6800/23010 -- osd_op(client.7734.0:381 gc.10 [call lock.unlock] 92.eaec33ee ondisk+write+known_if_redirected e282) v4 -- ?+0 0x7f9f700400e0 con 0x24d1730
2014-12-17 09:40:46.390154 7f9fb37fe700 1 -- 192.168.122.110:0/1025602 <== osd.1 192.168.122.112:6800/23010 140 ==== osd_op_reply(381 gc.10 [call] v282'6 uv6 ondisk = 0) v6 ==== 172+0+0 (2983264991 0 0) 0x7f9f94026c40 con 0x24d1730
2014-12-17 09:40:46.390194 7f9f9effd700 1 -- 192.168.122.110:0/1025602 --> 192.168.122.113:6800/23617 -- osd_op(client.7734.0:382 gc.11 [call lock.lock] 92.6a0e9a15 ondisk+write+known_if_redirected e282) v4 -- ?+0 0x7f9f700761b0 con 0x24d4e20
2014-12-17 09:40:46.392079 7f9fb37fe700 1 -- 192.168.122.110:0/1025602 <== osd.2 192.168.122.113:6800/23617 115 ==== osd_op_reply(382 gc.11 [call] v282'3 uv3 ondisk = 0) v6 ==== 172+0+0 (2327094573 0 0) 0x7f9f8c020650 con 0x24d4e20
2014-12-17 09:40:46.392142 7f9f9effd700 1 -- 192.168.122.110:0/1025602 --> 192.168.122.113:6800/23617 -- osd_op(client.7734.0:383 gc.11 [call rgw.gc_list] 92.6a0e9a15 ack+read+known_if_redirected e282) v4 -- ?+0 0x7f9f700400e0 con 0x24d4e20
2014-12-17 09:40:46.392590 7f9fb37fe700 1 -- 192.168.122.110:0/1025602 <== osd.2 192.168.122.113:6800/23617 116 ==== osd_op_reply(383 gc.11 [call] v0'0 uv3 ondisk = 0) v6 ==== 172+0+11 (3040592116 0 1993775135) 0x7f9f8c020650 con 0x24d4e20
2014-12-17 09:40:46.392623 7f9f9effd700 1 -- 192.168.122.110:0/1025602 --> 192.168.122.113:6800/23617 -- osd_op(client.7734.0:384 gc.11 [call lock.unlock] 92.6a0e9a15 ondisk+write+known_if_redirected e282) v4 -- ?+0 0x7f9f700761b0 con 0x24d4e20
2014-12-17 09:40:46.393482 7f2d020b4700 1 -- 192.168.122.110:0/1025622 --> 192.168.122.112:6789/0 -- mon_subscribe({monmap=2+,osdmap=283}) v2 -- ?+0 0x7f2cc4000a90 con 0x18f83e0
2014-12-17 09:40:46.393496 7f2d020b4700 1 -- 192.168.122.110:0/1025622 --> 192.168.122.112:6800/23010 -- ping magic: 0 v1 -- ?+0 0x7f2cc4000f70 con 0x19031e0
2014-12-17 09:40:46.393502 7f2d020b4700 1 -- 192.168.122.110:0/1025622 --> 192.168.122.113:6800/23617 -- ping magic: 0 v1 -- ?+0 0x7f2cc40012d0 con 0x1910df0
2014-12-17 09:40:46.393508 7f2d020b4700 1 -- 192.168.122.110:0/1025622 --> 192.168.122.111:6800/17009 -- ping magic: 0 v1 -- ?+0 0x7f2cc40015d0 con 0x19195b0
2014-12-17 09:40:46.393896 7f2d018b3700 1 -- 192.168.122.110:0/1025622 <== mon.1 192.168.122.112:6789/0 23 ==== mon_subscribe_ack(300s) v1 ==== 20+0+0 (4048590127 0 0) 0x7f2cec004010 con 0x18f83e0
2014-12-17 09:40:46.394959 7f9fb37fe700 1 -- 192.168.122.110:0/1025602 <== osd.2 192.168.122.113:6800/23617 117 ==== osd_op_reply(384 gc.11 [call] v282'4 uv4 ondisk = 0) v6 ==== 172+0+0 (3259331269 0 0) 0x7f9f8c020710 con 0x24d4e20
2014-12-17 09:40:46.395013 7f9f9effd700 1 -- 192.168.122.110:0/1025602 --> 192.168.122.113:6800/23617 -- osd_op(client.7734.0:385 gc.12 [call lock.lock] 92.a45046b8 ondisk+write+known_if_redirected e282) v4 -- ?+0 0x7f9f700400e0 con 0x24d4e20
2014-12-17 09:40:46.397260 7f9fb37fe700 1 -- 192.168.122.110:0/1025602 <== osd.2 192.168.122.113:6800/23617 118 ==== osd_op_reply(385 gc.12 [call] v282'1 uv1 ondisk = 0) v6 ==== 172+0+0 (4229461530 0 0) 0x7f9f8c020220 con 0x24d4e20
2014-12-17 09:40:46.397310 7f9f9effd700 1 -- 192.168.122.110:0/1025602 --> 192.168.122.113:6800/23617 -- osd_op(client.7734.0:386 gc.12 [call rgw.gc_list] 92.a45046b8 ack+read+known_if_redirected e282) v4 -- ?+0 0x7f9f700400e0 con 0x24d4e20
2014-12-17 09:40:46.397844 7f9fb37fe700 1 -- 192.168.122.110:0/1025602 <== osd.2 192.168.122.113:6800/23617 119 ==== osd_op_reply(386 gc.12 [call] v0'0 uv1 ondisk = 0) v6 ==== 172+0+11 (4221918133 0 1993775135) 0x7f9f8c020230 con 0x24d4e20
2014-12-17 09:40:46.397882 7f9f9effd700 1 -- 192.168.122.110:0/1025602 --> 192.168.122.113:6800/23617 -- osd_op(client.7734.0:387 gc.12 [call lock.unlock] 92.a45046b8 ondisk+write+known_if_redirected e282) v4 -- ?+0 0x7f9f700400e0 con 0x24d4e20
2014-12-17 09:40:46.400068 7f9fb37fe700 1 -- 192.168.122.110:0/1025602 <== osd.2 192.168.122.113:6800/23617 120 ==== osd_op_reply(387 gc.12 [call] v282'2 uv2 ondisk = 0) v6 ==== 172+0+0 (2081379223 0 0) 0x7f9f8c020230 con 0x24d4e20
2014-12-17 09:40:46.400155 7f9f9effd700 1 -- 192.168.122.110:0/1025602 --> 192.168.122.112:6800/23010 -- osd_op(client.7734.0:388 gc.13 [call lock.lock] 92.48504074 ondisk+write+known_if_redirected e282) v4 -- ?+0 0x7f9f700781b0 con 0x24d1730
2014-12-17 09:40:46.402524 7f9fb37fe700 1 -- 192.168.122.110:0/1025602 <== osd.1 192.168.122.112:6800/23010 141 ==== osd_op_reply(388 gc.13 [call] v282'7 uv7 ondisk = 0) v6 ==== 172+0+0 (2535147173 0 0) 0x7f9f94026c40 con 0x24d1730
2014-12-17 09:40:46.402600 7f9f9effd700 1 -- 192.168.122.110:0/1025602 --> 192.168.122.112:6800/23010 -- osd_op(client.7734.0:389 gc.13 [call rgw.gc_list] 92.48504074 ack+read+known_if_redirected e282) v4 -- ?+0 0x7f9f700400e0 con 0x24d1730
2014-12-17 09:40:46.403274 7f9fb37fe700 1 -- 192.168.122.110:0/1025602 <== osd.1 192.168.122.112:6800/23010 142 ==== osd_op_reply(389 gc.13 [call] v0'0 uv7 ondisk = 0) v6 ==== 172+0+11 (3639653264 0 1993775135) 0x7f9f94027930 con 0x24d1730
2014-12-17 09:40:46.403315 7f9f9effd700 1 -- 192.168.122.110:0/1025602 --> 192.168.122.112:6800/23010 -- osd_op(client.7734.0:390 gc.13 [call lock.unlock] 92.48504074 ondisk+write+known_if_redirected e282) v4 -- ?+0 0x7f9f700781b0 con 0x24d1730
2014-12-17 09:40:46.405767 7f9fb37fe700 1 -- 192.168.122.110:0/1025602 <== osd.1 192.168.122.112:6800/23010 143 ==== osd_op_reply(390 gc.13 [call] v282'8 uv8 ondisk = 0) v6 ==== 172+0+0 (1271595894 0 0) 0x7f9f940273b0 con 0x24d1730
2014-12-17 09:40:46.405863 7f9f9effd700 1 -- 192.168.122.110:0/1025602 --> 192.168.122.111:6800/17009 -- osd_op(client.7734.0:391 gc.14 [call lock.lock] 92.94de7ebe ondisk+write+known_if_redirected e282) v4 -- ?+0 0x7f9f700400e0 con 0x24e4b10
2014-12-17 09:40:46.408259 7f9fb37fe700 1 -- 192.168.122.110:0/1025602 <== osd.0 192.168.122.111:6800/17009 127 ==== osd_op_reply(391 gc.14 [call] v282'5 uv5 ondisk = 0) v6 ==== 172+0+0 (515298918 0 0) 0x7f9f78001f10 con 0x24e4b10
2014-12-17 09:40:46.408348 7f9f9effd700 1 -- 192.168.122.110:0/1025602 --> 192.168.122.111:6800/17009 -- osd_op(client.7734.0:392 gc.14 [call rgw.gc_list] 92.94de7ebe ack+read+known_if_redirected e282) v4 -- ?+0 0x7f9f700781b0 con 0x24e4b10
2014-12-17 09:40:46.409006 7f9fb37fe700 1 -- 192.168.122.110:0/1025602 <== osd.0 192.168.122.111:6800/17009 128 ==== osd_op_reply(392 gc.14 [call] v0'0 uv5 ondisk = 0) v6 ==== 172+0+11 (1768909605 0 1993775135) 0x7f9f78001f10 con 0x24e4b10
2014-12-17 09:40:46.409063 7f9f9effd700 1 -- 192.168.122.110:0/1025602 --> 192.168.122.111:6800/17009 -- osd_op(client.7734.0:393 gc.14 [call lock.unlock] 92.94de7ebe ondisk+write+known_if_redirected e282) v4 -- ?+0 0x7f9f700400e0 con 0x24e4b10
2014-12-17 09:40:46.410914 7f9fb37fe700 1 -- 192.168.122.110:0/1025602 <== osd.0 192.168.122.111:6800/17009 129 ==== osd_op_reply(393 gc.14 [call] v282'6 uv6 ondisk = 0) v6 ==== 172+0+0 (2661413867 0 0) 0x7f9f78001f10 con 0x24e4b10
2014-12-17 09:40:46.410969 7f9f9effd700 1 -- 192.168.122.110:0/1025602 --> 192.168.122.112:6800/23010 -- osd_op(client.7734.0:394 gc.15 [call lock.lock] 92.685c6f7 ondisk+write+known_if_redirected e282) v4 -- ?+0 0x7f9f700400e0 con 0x24d1730
2014-12-17 09:40:46.412986 7f9fb37fe700 1 -- 192.168.122.110:0/1025602 <== osd.1 192.168.122.112:6800/23010 144 ==== osd_op_reply(394 gc.15 [call] v282'1 uv1 ondisk = 0) v6 ==== 172+0+0 (1029148321 0 0) 0x7f9f94026ea0 con 0x24d1730
2014-12-17 09:40:46.413046 7f9f9effd700 1 -- 192.168.122.110:0/1025602 --> 192.168.122.112:6800/23010 -- osd_op(client.7734.0:395 gc.15 [call rgw.gc_list] 92.685c6f7 ack+read+known_if_redirected e282) v4 -- ?+0 0x7f9f700400e0 con 0x24d1730
2014-12-17 09:40:46.413529 7f9fb37fe700 1 -- 192.168.122.110:0/1025602 <== osd.1 192.168.122.112:6800/23010 145 ==== osd_op_reply(395 gc.15 [call] v0'0 uv1 ondisk = 0) v6 ==== 172+0+11 (988455694 0 1993775135) 0x7f9f9402ad60 con 0x24d1730
2014-12-17 09:40:46.413588 7f9f9effd700 1 -- 192.168.122.110:0/1025602 --> 192.168.122.112:6800/23010 -- osd_op(client.7734.0:396 gc.15 [call lock.unlock] 92.685c6f7 ondisk+write+known_if_redirected e282) v4 -- ?+0 0x7f9f7007a1b0 con 0x24d1730
2014-12-17 09:40:46.415671 7f9fb37fe700 1 -- 192.168.122.110:0/1025602 <== osd.1 192.168.122.112:6800/23010 146 ==== osd_op_reply(396 gc.15 [call] v282'2 uv2 ondisk = 0) v6 ==== 172+0+0 (3175131948 0 0) 0x7f9f9402acb0 con 0x24d1730
2014-12-17 09:40:46.415722 7f9f9effd700 1 -- 192.168.122.110:0/1025602 --> 192.168.122.113:6800/23617 -- osd_op(client.7734.0:397 gc.16 [call lock.lock] 92.c2ff39f3 ondisk+write+known_if_redirected e282) v4 -- ?+0 0x7f9f700400e0 con 0x24d4e20
2014-12-17 09:40:46.417765 7f9fb37fe700 1 -- 192.168.122.110:0/1025602 <== osd.2 192.168.122.113:6800/23617 121 ==== osd_op_reply(397 gc.16 [call] v282'7 uv7 ondisk = 0) v6 ==== 172+0+0 (1467639237 0 0) 0x7f9f8c020160 con 0x24d4e20
2014-12-17 09:40:46.417823 7f9f9effd700 1 -- 192.168.122.110:0/1025602 --> 192.168.122.113:6800/23617 -- osd_op(client.7734.0:398 gc.16 [call rgw.gc_list] 92.c2ff39f3 ack+read+known_if_redirected e282) v4 -- ?+0 0x7f9f7007a1b0 con 0x24d4e20
2014-12-17 09:40:46.418308 7f9fb37fe700 1 -- 192.168.122.110:0/1025602 <== osd.2 192.168.122.113:6800/23617 122 ==== osd_op_reply(398 gc.16 [call] v0'0 uv7 ondisk = 0) v6 ==== 172+0+11 (412193008 0 1993775135) 0x7f9f8c020230 con 0x24d4e20
2014-12-17 09:40:46.418350 7f9f9effd700 1 -- 192.168.122.110:0/1025602 --> 192.168.122.113:6800/23617 -- osd_op(client.7734.0:399 gc.16 [call lock.unlock] 92.c2ff39f3 ondisk+write+known_if_redirected e282) v4 -- ?+0 0x7f9f700400e0 con 0x24d4e20
2014-12-17 09:40:46.420231 7f9fb37fe700 1 -- 192.168.122.110:0/1025602 <== osd.2 192.168.122.113:6800/23617 123 ==== osd_op_reply(399 gc.16 [call] v282'8 uv8 ondisk = 0) v6 ==== 172+0+0 (2343182358 0 0) 0x7f9f8c020230 con 0x24d4e20
2014-12-17 09:40:46.420286 7f9f9effd700 1 -- 192.168.122.110:0/1025602 --> 192.168.122.112:6800/23010 -- osd_op(client.7734.0:400 gc.17 [call lock.lock] 92.fe80bd8c ondisk+write+known_if_redirected e282) v4 -- ?+0 0x7f9f7007a1b0 con 0x24d1730
2014-12-17 09:40:46.422272 7f9fb37fe700 1 -- 192.168.122.110:0/1025602 <== osd.1 192.168.122.112:6800/23010 147 ==== osd_op_reply(400 gc.17 [call] v282'5 uv5 ondisk = 0) v6 ==== 172+0+0 (1245106272 0 0) 0x7f9f9402a050 con 0x24d1730
2014-12-17 09:40:46.422326 7f9f9effd700 1 -- 192.168.122.110:0/1025602 --> 192.168.122.112:6800/23010 -- osd_op(client.7734.0:401 gc.17 [call rgw.gc_list] 92.fe80bd8c ack+read+known_if_redirected e282) v4 -- ?+0 0x7f9f700400e0 con 0x24d1730
2014-12-17 09:40:46.422843 7f9fb37fe700 1 -- 192.168.122.110:0/1025602 <== osd.1 192.168.122.112:6800/23010 148 ==== osd_op_reply(401 gc.17 [call] v0'0 uv5 ondisk = 0) v6 ==== 172+0+11 (1039101219 0 1993775135) 0x7f9f94026f60 con 0x24d1730
2014-12-17 09:40:46.422878 7f9f9effd700 1 -- 192.168.122.110:0/1025602 --> 192.168.122.112:6800/23010 -- osd_op(client.7734.0:402 gc.17 [call lock.unlock] 92.fe80bd8c ondisk+write+known_if_redirected e282) v4 -- ?+0 0x7f9f700400e0 con 0x24d1730
2014-12-17 09:40:46.425015 7f9fb37fe700 1 -- 192.168.122.110:0/1025602 <== osd.1 192.168.122.112:6800/23010 149 ==== osd_op_reply(402 gc.17 [call] v282'6 uv6 ondisk = 0) v6 ==== 172+0+0 (3391223277 0 0) 0x7f9f94026eb0 con 0x24d1730
2014-12-17 09:40:46.425093 7f9f9effd700 1 -- 192.168.122.110:0/1025602 --> 192.168.122.112:6800/23010 -- osd_op(client.7734.0:403 gc.18 [call lock.lock] 92.90752cb4 ondisk+write+known_if_redirected e282) v4 -- ?+0 0x7f9f700400e0 con 0x24d1730
2014-12-17 09:40:46.426870 7f9fb37fe700 1 -- 192.168.122.110:0/1025602 <== osd.1 192.168.122.112:6800/23010 150 ==== osd_op_reply(403 gc.18 [call] v282'9 uv9 ondisk = 0) v6 ==== 172+0+0 (235516443 0 0) 0x7f9f94026eb0 con 0x24d1730
2014-12-17 09:40:46.426925 7f9f9effd700 1 -- 192.168.122.110:0/1025602 --> 192.168.122.112:6800/23010 -- osd_op(client.7734.0:404 gc.18 [call rgw.gc_list] 92.90752cb4 ack+read+known_if_redirected e282) v4 -- ?+0 0x7f9f7007c1b0 con 0x24d1730
2014-12-17 09:40:46.427403 7f9fb37fe700 1 -- 192.168.122.110:0/1025602 <== osd.1 192.168.122.112:6800/23010 151 ==== osd_op_reply(404 gc.18 [call] v0'0 uv9 ondisk = 0) v6 ==== 172+0+11 (3917332076 0 1993775135) 0x7f9f94026eb0 con 0x24d1730
2014-12-17 09:40:46.427447 7f9f9effd700 1 -- 192.168.122.110:0/1025602 --> 192.168.122.112:6800/23010 -- osd_op(client.7734.0:405 gc.18 [call lock.unlock] 92.90752cb4 ondisk+write+known_if_redirected e282) v4 -- ?+0 0x7f9f700400e0 con 0x24d1730
2014-12-17 09:40:46.429257 7f9fb37fe700 1 -- 192.168.122.110:0/1025602 <== osd.1 192.168.122.112:6800/23010 152 ==== osd_op_reply(405 gc.18 [call] v282'10 uv10 ondisk = 0) v6 ==== 172+0+0 (2384369558 0 0) 0x7f9f94026de0 con 0x24d1730
2014-12-17 09:40:46.429300 7f9f9effd700 1 -- 192.168.122.110:0/1025602 --> 192.168.122.113:6800/23617 -- osd_op(client.7734.0:406 gc.19 [call lock.lock] 92.3abc5326 ondisk+write+known_if_redirected e282) v4 -- ?+0 0x7f9f7007c1b0 con 0x24d4e20
2014-12-17 09:40:46.430968 7f9fb37fe700 1 -- 192.168.122.110:0/1025602 <== osd.2 192.168.122.113:6800/23617 124 ==== osd_op_reply(406 gc.19 [call] v282'11 uv11 ondisk = 0) v6 ==== 172+0+0 (2623111017 0 0) 0x7f9f8c020160 con 0x24d4e20
2014-12-17 09:40:46.431013 7f9f9effd700 1 -- 192.168.122.110:0/1025602 --> 192.168.122.113:6800/23617 -- osd_op(client.7734.0:407 gc.19 [call rgw.gc_list] 92.3abc5326 ack+read+known_if_redirected e282) v4 -- ?+0 0x7f9f700400e0 con 0x24d4e20
2014-12-17 09:40:46.431446 7f9fb37fe700 1 -- 192.168.122.110:0/1025602 <== osd.2 192.168.122.113:6800/23617 125 ==== osd_op_reply(407 gc.19 [call] v0'0 uv11 ondisk = 0) v6 ==== 172+0+11 (1126120296 0 1993775135) 0x7f9f8c020210 con 0x24d4e20
2014-12-17 09:40:46.431481 7f9f9effd700 1 -- 192.168.122.110:0/1025602 --> 192.168.122.113:6800/23617 -- osd_op(client.7734.0:408 gc.19 [call lock.unlock] 92.3abc5326 ondisk+write+known_if_redirected e282) v4 -- ?+0 0x7f9f7007c1b0 con 0x24d4e20
2014-12-17 09:40:46.433197 7f9fb37fe700 1 -- 192.168.122.110:0/1025602 <== osd.2 192.168.122.113:6800/23617 126 ==== osd_op_reply(408 gc.19 [call] v282'12 uv12 ondisk = 0) v6 ==== 172+0+0 (3567822977 0 0) 0x7f9f8c020160 con 0x24d4e20
2014-12-17 09:40:46.433239 7f9f9effd700 1 -- 192.168.122.110:0/1025602 --> 192.168.122.113:6800/23617 -- osd_op(client.7734.0:409 gc.20 [call lock.lock] 92.9955331c ondisk+write+known_if_redirected e282) v4 -- ?+0 0x7f9f700400e0 con 0x24d4e20
2014-12-17 09:40:46.435131 7f9fb37fe700 1 -- 192.168.122.110:0/1025602 <== osd.2 192.168.122.113:6800/23617 127 ==== osd_op_reply(409 gc.20 [call] v282'3 uv3 ondisk = 0) v6 ==== 172+0+0 (519876877 0 0) 0x7f9f8c020220 con 0x24d4e20
2014-12-17 09:40:46.435183 7f9f9effd700 1 -- 192.168.122.110:0/1025602 --> 192.168.122.113:6800/23617 -- osd_op(client.7734.0:410 gc.20 [call rgw.gc_list] 92.9955331c ack+read+known_if_redirected e282) v4 -- ?+0 0x7f9f700400e0 con 0x24d4e20
2014-12-17 09:40:46.435712 7f9fb37fe700 1 -- 192.168.122.110:0/1025602 <== osd.2 192.168.122.113:6800/23617 128 ==== osd_op_reply(410 gc.20 [call] v0'0 uv3 ondisk = 0) v6 ==== 172+0+11 (561239252 0 1993775135) 0x7f9f8c020230 con 0x24d4e20
2014-12-17 09:40:46.435747 7f9f9effd700 1 -- 192.168.122.110:0/1025602 --> 192.168.122.113:6800/23617 -- osd_op(client.7734.0:411 gc.20 [call lock.unlock] 92.9955331c ondisk+write+known_if_redirected e282) v4 -- ?+0 0x7f9f700400e0 con 0x24d4e20
2014-12-17 09:40:46.437636 7f9fb37fe700 1 -- 192.168.122.110:0/1025602 <== osd.2 192.168.122.113:6800/23617 129 ==== osd_op_reply(411 gc.20 [call] v282'4 uv4 ondisk = 0) v6 ==== 172+0+0 (1443718885 0 0) 0x7f9f8c020230 con 0x24d4e20
2014-12-17 09:40:46.437703 7f9f9effd700 1 -- 192.168.122.110:0/1025602 --> 192.168.122.112:6800/23010 -- osd_op(client.7734.0:412 gc.21 [call lock.lock] 92.6dc01772 ondisk+write+known_if_redirected e282) v4 -- ?+0 0x7f9f7007e1b0 con 0x24d1730
2014-12-17 09:40:46.439952 7f9fb37fe700 1 -- 192.168.122.110:0/1025602 <== osd.1 192.168.122.112:6800/23010 153 ==== osd_op_reply(412 gc.21 [call] v282'5 uv5 ondisk = 0) v6 ==== 172+0+0 (3660693795 0 0) 0x7f9f94026de0 con 0x24d1730
2014-12-17 09:40:46.440028 7f9f9effd700 1 -- 192.168.122.110:0/1025602 --> 192.168.122.112:6800/23010 -- osd_op(client.7734.0:413 gc.21 [call rgw.gc_list] 92.6dc01772 ack+read+known_if_redirected e282) v4 -- ?+0 0x7f9f700400e0 con 0x24d1730
2014-12-17 09:40:46.440549 7f9fb37fe700 1 -- 192.168.122.110:0/1025602 <== osd.1 192.168.122.112:6800/23010 154 ==== osd_op_reply(413 gc.21 [call] v0'0 uv5 ondisk = 0) v6 ==== 172+0+11 (2917694560 0 1993775135) 0x7f9f94026eb0 con 0x24d1730
2014-12-17 09:40:46.440590 7f9f9effd700 1 -- 192.168.122.110:0/1025602 --> 192.168.122.112:6800/23010 -- osd_op(client.7734.0:414 gc.21 [call lock.unlock] 92.6dc01772 ondisk+write+known_if_redirected e282) v4 -- ?+0 0x7f9f7007e1b0 con 0x24d1730
2014-12-17 09:40:46.442273 7f9fb37fe700 1 -- 192.168.122.110:0/1025602 <== osd.1 192.168.122.112:6800/23010 155 ==== osd_op_reply(414 gc.21 [call] v282'6 uv6 ondisk = 0) v6 ==== 172+0+0 (1512498350 0 0) 0x7f9f94026eb0 con 0x24d1730
2014-12-17 09:40:46.442347 7f9f9effd700 1 -- 192.168.122.110:0/1025602 --> 192.168.122.111:6800/17009 -- osd_op(client.7734.0:415 gc.22 [call lock.lock] 92.97748d0d ondisk+write+known_if_redirected e282) v4 -- ?+0 0x7f9f700400e0 con 0x24e4b10
2014-12-17 09:40:46.445986 7f2d018b3700 1 -- 192.168.122.110:0/1025622 <== mon.1 192.168.122.112:6789/0 24 ==== osd_map(283..283 src has 1..283) v3 ==== 230+0+0 (1440730180 0 0) 0x7f2cec003b30 con 0x18f83e0
2014-12-17 09:40:46.449828 7f9fb37fe700 1 -- 192.168.122.110:0/1025602 <== osd.0 192.168.122.111:6800/17009 130 ==== osd_op_reply(415 gc.22 [call] v282'3 uv3 ondisk = 0) v6 ==== 172+0+0 (4126894548 0 0) 0x7f9f78001f10 con 0x24e4b10
2014-12-17 09:40:46.449932 7f9f9effd700 1 -- 192.168.122.110:0/1025602 --> 192.168.122.111:6800/17009 -- osd_op(client.7734.0:416 gc.22 [call rgw.gc_list] 92.97748d0d ack+read+known_if_redirected e282) v4 -- ?+0 0x7f9f7007e1b0 con 0x24e4b10
2014-12-17 09:40:46.453313 7f9fb37fe700 1 -- 192.168.122.110:0/1025602 <== osd.0 192.168.122.111:6800/17009 131 ==== osd_map(283..283 src has 1..283) v3 ==== 230+0+0 (1440730180 0 0) 0x7f9f78001f10 con 0x24e4b10
2014-12-17 09:40:46.453427 7f9fb37fe700 1 -- 192.168.122.110:0/1025602 <== osd.0 192.168.122.111:6800/17009 132 ==== osd_op_reply(416 gc.22 [call] v0'0 uv3 ondisk = 0) v6 ==== 172+0+11 (1223797186 0 1993775135) 0x7f9f78020050 con 0x24e4b10
2014-12-17 09:40:46.453493 7f9f9effd700 1 -- 192.168.122.110:0/1025602 --> 192.168.122.111:6800/17009 -- osd_op(client.7734.0:417 gc.22 [call lock.unlock] 92.97748d0d ondisk+write+known_if_redirected e283) v4 -- ?+0 0x7f9f700400e0 con 0x24e4b10
2014-12-17 09:40:46.482898 7f9fb37fe700 1 -- 192.168.122.110:0/1025602 <== osd.0 192.168.122.111:6800/17009 133 ==== osd_op_reply(417 gc.22 [call] v283'4 uv4 ondisk = 0) v6 ==== 172+0+0 (3366715570 0 0) 0x7f9f78001f10 con 0x24e4b10
2014-12-17 09:40:46.483000 7f9f9effd700 1 -- 192.168.122.110:0/1025602 --> 192.168.122.111:6800/17009 -- osd_op(client.7734.0:418 gc.23 [call lock.lock] 92.64f84676 ondisk+write+known_if_redirected e283) v4 -- ?+0 0x7f9f700400e0 con 0x24e4b10
2014-12-17 09:40:46.493772 7f9fb37fe700 1 -- 192.168.122.110:0/1025602 <== osd.0 192.168.122.111:6800/17009 134 ==== osd_op_reply(418 gc.23 [call] v283'3 uv3 ondisk = 0) v6 ==== 172+0+0 (4054357155 0 0) 0x7f9f78001d90 con 0x24e4b10
2014-12-17 09:40:46.493854 7f9f9effd700 1 -- 192.168.122.110:0/1025602 --> 192.168.122.111:6800/17009 -- osd_op(client.7734.0:419 gc.23 [call rgw.gc_list] 92.64f84676 ack+read+known_if_redirected e283) v4 -- ?+0 0x7f9f700400e0 con 0x24e4b10
2014-12-17 09:40:46.591229 7f9fb37fe700 1 -- 192.168.122.110:0/1025602 <== osd.0 192.168.122.111:6800/17009 135 ==== osd_op_reply(419 gc.23 [call] v0'0 uv3 ondisk = 0) v6 ==== 172+0+11 (956623419 0 1993775135) 0x7f9f78001d90 con 0x24e4b10
2014-12-17 09:40:46.591330 7f9f9effd700 1 -- 192.168.122.110:0/1025602 --> 192.168.122.111:6800/17009 -- osd_op(client.7734.0:420 gc.23 [call lock.unlock] 92.64f84676 ondisk+write+known_if_redirected e283) v4 -- ?+0 0x7f9f700801b0 con 0x24e4b10
2014-12-17 09:40:46.591987 7f2d018b3700 1 -- 192.168.122.110:0/1025622 <== osd.2 192.168.122.113:6800/23617 4 ==== osd_op_reply(27 sterling [call,getxattrs,stat] v0'0 uv0 ack = -2 ((2) No such file or directory)) v6 ==== 259+0+0 (1669818534 0 0) 0x7f2cd4000ad0 con 0x1910df0
2014-12-17 09:40:46.592100 7f2d0b943880 10 cache put: name=.users.uid+sterling
2014-12-17 09:40:46.592109 7f2d0b943880 10 adding .users.uid+sterling to cache LRU end
2014-12-17 09:40:46.592140 7f2d0b943880 1 -- 192.168.122.110:0/1025622 --> 192.168.122.112:6789/0 -- mon_get_version(what=osdmap handle=4) v1 -- ?+0 0x1925450 con 0x18f83e0
2014-12-17 09:40:46.592512 7f2d018b3700 1 -- 192.168.122.110:0/1025622 <== mon.1 192.168.122.112:6789/0 25 ==== mon_check_map_ack(handle=4 version=283) v2 ==== 24+0+0 (1080950935 0 0) 0x7f2cec004010 con 0x18f83e0
2014-12-17 09:40:46.592550 7f2d0b943880 1 -- 192.168.122.110:0/1025622 --> 192.168.122.112:6789/0 -- pool_op(create pool 0 auid 0 tid 28 name .users.email v282) v4 -- ?+0 0x19273d0 con 0x18f83e0
2014-12-17 09:40:46.599820 7f9fb37fe700 1 -- 192.168.122.110:0/1025602 <== osd.0 192.168.122.111:6800/17009 136 ==== osd_op_reply(420 gc.23 [call] v283'4 uv4 ondisk = 0) v6 ==== 172+0+0 (3109634891 0 0) 0x7f9f78001d90 con 0x24e4b10
2014-12-17 09:40:46.599917 7f9f9effd700 1 -- 192.168.122.110:0/1025602 --> 192.168.122.112:6800/23010 -- osd_op(client.7734.0:421 gc.24 [call lock.lock] 92.8bdc9d ondisk+write+known_if_redirected e283) v4 -- ?+0 0x7f9f700400e0 con 0x24d1730
2014-12-17 09:40:46.603834 7f9fb37fe700 1 -- 192.168.122.110:0/1025602 <== osd.1 192.168.122.112:6800/23010 156 ==== osd_op_reply(421 gc.24 [call] v283'3 uv3 ondisk = 0) v6 ==== 172+0+0 (1454720478 0 0) 0x7f9f9402b050 con 0x24d1730
2014-12-17 09:40:46.603906 7f9f9effd700 1 -- 192.168.122.110:0/1025602 --> 192.168.122.112:6800/23010 -- osd_op(client.7734.0:422 gc.24 [call rgw.gc_list] 92.8bdc9d ack+read+known_if_redirected e283) v4 -- ?+0 0x7f9f700801b0 con 0x24d1730
2014-12-17 09:40:46.604522 7f9fb37fe700 1 -- 192.168.122.110:0/1025602 <== osd.1 192.168.122.112:6800/23010 157 ==== osd_op_reply(422 gc.24 [call] v0'0 uv3 ondisk = 0) v6 ==== 172+0+11 (2652453702 0 1993775135) 0x7f9f9402a050 con 0x24d1730
2014-12-17 09:40:46.604575 7f9f9effd700 1 -- 192.168.122.110:0/1025602 --> 192.168.122.112:6800/23010 -- osd_op(client.7734.0:423 gc.24 [call lock.unlock] 92.8bdc9d ondisk+write+known_if_redirected e283) v4 -- ?+0 0x7f9f700400e0 con 0x24d1730
2014-12-17 09:40:46.606955 7f9fb37fe700 1 -- 192.168.122.110:0/1025602 <== osd.1 192.168.122.112:6800/23010 158 ==== osd_op_reply(423 gc.24 [call] v283'4 uv4 ondisk = 0) v6 ==== 172+0+0 (507810358 0 0) 0x7f9f9402acb0 con 0x24d1730
2014-12-17 09:40:46.607022 7f9f9effd700 1 -- 192.168.122.110:0/1025602 --> 192.168.122.113:6800/23617 -- osd_op(client.7734.0:424 gc.25 [call lock.lock] 92.51baec8a ondisk+write+known_if_redirected e283) v4 -- ?+0 0x7f9f700801b0 con 0x24d4e20
2014-12-17 09:40:46.609021 7f9fb37fe700 1 -- 192.168.122.110:0/1025602 <== osd.2 192.168.122.113:6800/23617 130 ==== osd_op_reply(424 gc.25 [call] v283'1 uv1 ondisk = 0) v6 ==== 172+0+0 (1924109139 0 0) 0x7f9f8c020160 con 0x24d4e20
2014-12-17 09:40:46.609071 7f9f9effd700 1 -- 192.168.122.110:0/1025602 --> 192.168.122.113:6800/23617 -- osd_op(client.7734.0:425 gc.25 [call rgw.gc_list] 92.51baec8a ack+read+known_if_redirected e283) v4 -- ?+0 0x7f9f700400e0 con 0x24d4e20
2014-12-17 09:40:46.609469 7f9fb37fe700 1 -- 192.168.122.110:0/1025602 <== osd.2 192.168.122.113:6800/23617 131 ==== osd_op_reply(425 gc.25 [call] v0'0 uv1 ondisk = 0) v6 ==== 172+0+11 (2184291773 0 1993775135) 0x7f9f8c020230 con 0x24d4e20
2014-12-17 09:40:46.609503 7f9f9effd700 1 -- 192.168.122.110:0/1025602 --> 192.168.122.113:6800/23617 -- osd_op(client.7734.0:426 gc.25 [call lock.unlock] 92.51baec8a ondisk+write+known_if_redirected e283) v4 -- ?+0 0x7f9f700400e0 con 0x24d4e20
2014-12-17 09:40:46.611202 7f9fb37fe700 1 -- 192.168.122.110:0/1025602 <== osd.2 192.168.122.113:6800/23617 132 ==== osd_op_reply(426 gc.25 [call] v283'2 uv2 ondisk = 0) v6 ==== 172+0+0 (4072191710 0 0) 0x7f9f8c020230 con 0x24d4e20
2014-12-17 09:40:46.611243 7f9f9effd700 1 -- 192.168.122.110:0/1025602 --> 192.168.122.111:6800/17009 -- osd_op(client.7734.0:427 gc.26 [call lock.lock] 92.386217e ondisk+write+known_if_redirected e283) v4 -- ?+0 0x7f9f700400e0 con 0x24e4b10
2014-12-17 09:40:46.613200 7f9fb37fe700 1 -- 192.168.122.110:0/1025602 <== osd.0 192.168.122.111:6800/17009 137 ==== osd_op_reply(427 gc.26 [call] v283'7 uv7 ondisk = 0) v6 ==== 172+0+0 (1433083235 0 0) 0x7f9f7801c4d0 con 0x24e4b10
2014-12-17 09:40:46.613270 7f9f9effd700 1 -- 192.168.122.110:0/1025602 --> 192.168.122.111:6800/17009 -- osd_op(client.7734.0:428 gc.26 [call rgw.gc_list] 92.386217e ack+read+known_if_redirected e283) v4 -- ?+0 0x7f9f700821b0 con 0x24e4b10
2014-12-17 09:40:46.613760 7f9fb37fe700 1 -- 192.168.122.110:0/1025602 <== osd.0 192.168.122.111:6800/17009 138 ==== osd_op_reply(428 gc.26 [call] v0'0 uv7 ondisk = 0) v6 ==== 172+0+11 (3986944791 0 1993775135) 0x7f9f7801c580 con 0x24e4b10
2014-12-17 09:40:46.613795 7f9f9effd700 1 -- 192.168.122.110:0/1025602 --> 192.168.122.111:6800/17009 -- osd_op(client.7734.0:429 gc.26 [call lock.unlock] 92.386217e ondisk+write+known_if_redirected e283) v4 -- ?+0 0x7f9f700400e0 con 0x24e4b10
2014-12-17 09:40:46.615380 7f9fb37fe700 1 -- 192.168.122.110:0/1025602 <== osd.0 192.168.122.111:6800/17009 139 ==== osd_op_reply(429 gc.26 [call] v283'8 uv8 ondisk = 0) v6 ==== 172+0+0 (2310756528 0 0) 0x7f9f7801c950 con 0x24e4b10
2014-12-17 09:40:46.615431 7f9f9effd700 1 -- 192.168.122.110:0/1025602 --> 192.168.122.112:6800/23010 -- osd_op(client.7734.0:430 gc.27 [call lock.lock] 92.eba9ff7b ondisk+write+known_if_redirected e283) v4 -- ?+0 0x7f9f700821b0 con 0x24d1730
2014-12-17 09:40:46.617551 7f9fb37fe700 1 -- 192.168.122.110:0/1025602 <== osd.1 192.168.122.112:6800/23010 159 ==== osd_op_reply(430 gc.27 [call] v283'5 uv5 ondisk = 0) v6 ==== 172+0+0 (548421736 0 0) 0x7f9f9402a1c0 con 0x24d1730
2014-12-17 09:40:46.617614 7f9f9effd700 1 -- 192.168.122.110:0/1025602 --> 192.168.122.112:6800/23010 -- osd_op(client.7734.0:431 gc.27 [call rgw.gc_list] 92.eba9ff7b ack+read+known_if_redirected e283) v4 -- ?+0 0x7f9f700400e0 con 0x24d1730
2014-12-17 09:40:46.618119 7f9fb37fe700 1 -- 192.168.122.110:0/1025602 <== osd.1 192.168.122.112:6800/23010 160 ==== osd_op_reply(431 gc.27 [call] v0'0 uv5 ondisk = 0) v6 ==== 172+0+11 (2689263210 0 1993775135) 0x7f9f94026f60 con 0x24d1730
2014-12-17 09:40:46.618168 7f9f9effd700 1 -- 192.168.122.110:0/1025602 --> 192.168.122.112:6800/23010 -- osd_op(client.7734.0:432 gc.27 [call lock.unlock] 92.eba9ff7b ondisk+write+known_if_redirected e283) v4 -- ?+0 0x7f9f700821b0 con 0x24d1730
2014-12-17 09:40:46.619911 7f9fb37fe700 1 -- 192.168.122.110:0/1025602 <== osd.1 192.168.122.112:6800/23010 161 ==== osd_op_reply(432 gc.27 [call] v283'6 uv6 ondisk = 0) v6 ==== 172+0+0 (2695325157 0 0) 0x7f9f94026f60 con 0x24d1730
2014-12-17 09:40:46.619959 7f9f9effd700 1 -- 192.168.122.110:0/1025602 --> 192.168.122.112:6800/23010 -- osd_op(client.7734.0:433 gc.28 [call lock.lock] 92.4070ac6b ondisk+write+known_if_redirected e283) v4 -- ?+0 0x7f9f700400e0 con 0x24d1730
2014-12-17 09:40:46.621667 7f9fb37fe700 1 -- 192.168.122.110:0/1025602 <== osd.1 192.168.122.112:6800/23010 162 ==== osd_op_reply(433 gc.28 [call] v283'5 uv5 ondisk = 0) v6 ==== 172+0+0 (1675442942 0 0) 0x7f9f94026df0 con 0x24d1730
2014-12-17 09:40:46.621715 7f9f9effd700 1 -- 192.168.122.110:0/1025602 --> 192.168.122.112:6800/23010 -- osd_op(client.7734.0:434 gc.28 [call rgw.gc_list] 92.4070ac6b ack+read+known_if_redirected e283) v4 -- ?+0 0x7f9f700400e0 con 0x24d1730
2014-12-17 09:40:46.622190 7f9fb37fe700 1 -- 192.168.122.110:0/1025602 <== osd.1 192.168.122.112:6800/23010 163 ==== osd_op_reply(434 gc.28 [call] v0'0 uv5 ondisk = 0) v6 ==== 172+0+11 (3811024124 0 1993775135) 0x7f9f94026ec0 con 0x24d1730
2014-12-17 09:40:46.622236 7f9f9effd700 1 -- 192.168.122.110:0/1025602 --> 192.168.122.112:6800/23010 -- osd_op(client.7734.0:435 gc.28 [call lock.unlock] 92.4070ac6b ondisk+write+known_if_redirected e283) v4 -- ?+0 0x7f9f700400e0 con 0x24d1730
2014-12-17 09:40:46.623904 7f9fb37fe700 1 -- 192.168.122.110:0/1025602 <== osd.1 192.168.122.112:6800/23010 164 ==== osd_op_reply(435 gc.28 [call] v283'6 uv6 ondisk = 0) v6 ==== 172+0+0 (3821674355 0 0) 0x7f9f94026ec0 con 0x24d1730
2014-12-17 09:40:46.623970 7f9f9effd700 1 -- 192.168.122.110:0/1025602 --> 192.168.122.112:6800/23010 -- osd_op(client.7734.0:436 gc.29 [call lock.lock] 92.65639084 ondisk+write+known_if_redirected e283) v4 -- ?+0 0x7f9f700841b0 con 0x24d1730
2014-12-17 09:40:46.625721 7f9fb37fe700 1 -- 192.168.122.110:0/1025602 <== osd.1 192.168.122.112:6800/23010 165 ==== osd_op_reply(436 gc.29 [call] v283'1 uv1 ondisk = 0) v6 ==== 172+0+0 (3340018073 0 0) 0x7f9f94026c80 con 0x24d1730
2014-12-17 09:40:46.625781 7f9f9effd700 1 -- 192.168.122.110:0/1025602 --> 192.168.122.112:6800/23010 -- osd_op(client.7734.0:437 gc.29 [call rgw.gc_list] 92.65639084 ack+read+known_if_redirected e283) v4 -- ?+0 0x7f9f700400e0 con 0x24d1730
2014-12-17 09:40:46.626397 7f9fb37fe700 1 -- 192.168.122.110:0/1025602 <== osd.1 192.168.122.112:6800/23010 166 ==== osd_op_reply(437 gc.29 [call] v0'0 uv1 ondisk = 0) v6 ==== 172+0+11 (931829623 0 1993775135) 0x7f9f94026d30 con 0x24d1730
2014-12-17 09:40:46.626458 7f9f9effd700 1 -- 192.168.122.110:0/1025602 --> 192.168.122.112:6800/23010 -- osd_op(client.7734.0:438 gc.29 [call lock.unlock] 92.65639084 ondisk+write+known_if_redirected e283) v4 -- ?+0 0x7f9f700841b0 con 0x24d1730
2014-12-17 09:40:46.628096 7f9fb37fe700 1 -- 192.168.122.110:0/1025602 <== osd.1 192.168.122.112:6800/23010 167 ==== osd_op_reply(438 gc.29 [call] v283'2 uv2 ondisk = 0) v6 ==== 172+0+0 (1191412756 0 0) 0x7f9f94026c80 con 0x24d1730
2014-12-17 09:40:46.628141 7f9f9effd700 1 -- 192.168.122.110:0/1025602 --> 192.168.122.112:6800/23010 -- osd_op(client.7734.0:439 gc.30 [call lock.lock] 92.36574d2e ondisk+write+known_if_redirected e283) v4 -- ?+0 0x7f9f700400e0 con 0x24d1730
2014-12-17 09:40:46.629964 7f9fb37fe700 1 -- 192.168.122.110:0/1025602 <== osd.1 192.168.122.112:6800/23010 168 ==== osd_op_reply(439 gc.30 [call] v283'7 uv7 ondisk = 0) v6 ==== 172+0+0 (22838696 0 0) 0x7f9f94026c80 con 0x24d1730
