2014-12-17 09:40:49.110975 7f9f9effd700 1 -- 192.168.122.110:0/1025602 --> 192.168.122.112:6800/23010 -- osd_op(client.7734.0:1573 gc.408 [call lock.lock] 92.32969323 ondisk+write+known_if_redirected e285) v4 -- ?+0 0x7f9f700400e0 con 0x24d1730
2014-12-17 09:40:49.113255 7f9fb37fe700 1 -- 192.168.122.110:0/1025602 <== osd.1 192.168.122.112:6800/23010 562 ==== osd_op_reply(1573 gc.408 [call] v285'15 uv15 ondisk = 0) v6 ==== 173+0+0 (1466521756 0 0) 0x7f9f94026d70 con 0x24d1730
2014-12-17 09:40:49.113317 7f9f9effd700 1 -- 192.168.122.110:0/1025602 --> 192.168.122.112:6800/23010 -- osd_op(client.7734.0:1574 gc.408 [call rgw.gc_list] 92.32969323 ack+read+known_if_redirected e285) v4 -- ?+0 0x7f9f701a01b0 con 0x24d1730
2014-12-17 09:40:49.113827 7f9fb37fe700 1 -- 192.168.122.110:0/1025602 <== osd.1 192.168.122.112:6800/23010 563 ==== osd_op_reply(1574 gc.408 [call] v0'0 uv15 ondisk = 0) v6 ==== 173+0+11 (913973588 0 1993775135) 0x7f9f94026d70 con 0x24d1730
2014-12-17 09:40:49.113865 7f9f9effd700 1 -- 192.168.122.110:0/1025602 --> 192.168.122.112:6800/23010 -- osd_op(client.7734.0:1575 gc.408 [call lock.unlock] 92.32969323 ondisk+write+known_if_redirected e285) v4 -- ?+0 0x7f9f700400e0 con 0x24d1730
2014-12-17 09:40:49.116830 7f9fb37fe700 1 -- 192.168.122.110:0/1025602 <== osd.1 192.168.122.112:6800/23010 564 ==== osd_op_reply(1575 gc.408 [call] v285'16 uv16 ondisk = 0) v6 ==== 173+0+0 (2786480072 0 0) 0x7f9f94026d70 con 0x24d1730
2014-12-17 09:40:49.116880 7f9f9effd700 1 -- 192.168.122.110:0/1025602 --> 192.168.122.113:6800/23617 -- osd_op(client.7734.0:1576 gc.409 [call lock.lock] 92.86147c6d ondisk+write+known_if_redirected e285) v4 -- ?+0 0x7f9f701a01b0 con 0x24d4e20
2014-12-17 09:40:49.119110 7f9fb37fe700 1 -- 192.168.122.110:0/1025602 <== osd.2 192.168.122.113:6800/23617 562 ==== osd_op_reply(1576 gc.409 [call] v285'13 uv13 ondisk = 0) v6 ==== 173+0+0 (3156604207 0 0) 0x7f9f8c020160 con 0x24d4e20
2014-12-17 09:40:49.119166 7f9f9effd700 1 -- 192.168.122.110:0/1025602 --> 192.168.122.113:6800/23617 -- osd_op(client.7734.0:1577 gc.409 [call rgw.gc_list] 92.86147c6d ack+read+known_if_redirected e285) v4 -- ?+0 0x7f9f700400e0 con 0x24d4e20
2014-12-17 09:40:49.119751 7f9fb37fe700 1 -- 192.168.122.110:0/1025602 <== osd.2 192.168.122.113:6800/23617 563 ==== osd_op_reply(1577 gc.409 [call] v0'0 uv13 ondisk = 0) v6 ==== 173+0+11 (3842294929 0 1993775135) 0x7f9f8c020230 con 0x24d4e20
2014-12-17 09:40:49.119803 7f9f9effd700 1 -- 192.168.122.110:0/1025602 --> 192.168.122.113:6800/23617 -- osd_op(client.7734.0:1578 gc.409 [call lock.unlock] 92.86147c6d ondisk+write+known_if_redirected e285) v4 -- ?+0 0x7f9f700400e0 con 0x24d4e20
2014-12-17 09:40:49.122120 7f9fb37fe700 1 -- 192.168.122.110:0/1025602 <== osd.2 192.168.122.113:6800/23617 564 ==== osd_op_reply(1578 gc.409 [call] v285'14 uv14 ondisk = 0) v6 ==== 173+0+0 (1009963170 0 0) 0x7f9f8c020230 con 0x24d4e20
2014-12-17 09:40:49.122166 7f9f9effd700 1 -- 192.168.122.110:0/1025602 --> 192.168.122.111:6800/17009 -- osd_op(client.7734.0:1579 gc.410 [call lock.lock] 92.9a92b0d ondisk+write+known_if_redirected e285) v4 -- ?+0 0x7f9f700400e0 con 0x24e4b10
2014-12-17 09:40:49.124399 7f9fb37fe700 1 -- 192.168.122.110:0/1025602 <== osd.0 192.168.122.111:6800/17009 453 ==== osd_op_reply(1579 gc.410 [call] v285'21 uv21 ondisk = 0) v6 ==== 173+0+0 (316182359 0 0) 0x7f9f7801cb50 con 0x24e4b10
2014-12-17 09:40:49.124461 7f9f9effd700 1 -- 192.168.122.110:0/1025602 --> 192.168.122.111:6800/17009 -- osd_op(client.7734.0:1580 gc.410 [call rgw.gc_list] 92.9a92b0d ack+read+known_if_redirected e285) v4 -- ?+0 0x7f9f701a21b0 con 0x24e4b10
2014-12-17 09:40:49.125163 7f9fb37fe700 1 -- 192.168.122.110:0/1025602 <== osd.0 192.168.122.111:6800/17009 454 ==== osd_op_reply(1580 gc.410 [call] v0'0 uv21 ondisk = 0) v6 ==== 173+0+11 (1867426416 0 1993775135) 0x7f9f78001f90 con 0x24e4b10
2014-12-17 09:40:49.125225 7f9f9effd700 1 -- 192.168.122.110:0/1025602 --> 192.168.122.111:6800/17009 -- osd_op(client.7734.0:1581 gc.410 [call lock.unlock] 92.9a92b0d ondisk+write+known_if_redirected e285) v4 -- ?+0 0x7f9f700400e0 con 0x24e4b10
2014-12-17 09:40:49.127212 7f9fb37fe700 1 -- 192.168.122.110:0/1025602 <== osd.0 192.168.122.111:6800/17009 455 ==== osd_op_reply(1581 gc.410 [call] v285'22 uv22 ondisk = 0) v6 ==== 173+0+0 (2463083226 0 0) 0x7f9f78001f90 con 0x24e4b10
2014-12-17 09:40:49.127274 7f9f9effd700 1 -- 192.168.122.110:0/1025602 --> 192.168.122.111:6800/17009 -- osd_op(client.7734.0:1582 gc.411 [call lock.lock] 92.295dcad7 ondisk+write+known_if_redirected e285) v4 -- ?+0 0x7f9f701a21b0 con 0x24e4b10
2014-12-17 09:40:49.129067 7f9fb37fe700 1 -- 192.168.122.110:0/1025602 <== osd.0 192.168.122.111:6800/17009 456 ==== osd_op_reply(1582 gc.411 [call] v285'21 uv21 ondisk = 0) v6 ==== 173+0+0 (2422361207 0 0) 0x7f9f7801fc20 con 0x24e4b10
2014-12-17 09:40:49.129125 7f9f9effd700 1 -- 192.168.122.110:0/1025602 --> 192.168.122.111:6800/17009 -- osd_op(client.7734.0:1583 gc.411 [call rgw.gc_list] 92.295dcad7 ack+read+known_if_redirected e285) v4 -- ?+0 0x7f9f700400e0 con 0x24e4b10
2014-12-17 09:40:49.129778 7f9fb37fe700 1 -- 192.168.122.110:0/1025602 <== osd.0 192.168.122.111:6800/17009 457 ==== osd_op_reply(1583 gc.411 [call] v0'0 uv21 ondisk = 0) v6 ==== 173+0+11 (3992217936 0 1993775135) 0x7f9f78001e60 con 0x24e4b10
2014-12-17 09:40:49.129823 7f9f9effd700 1 -- 192.168.122.110:0/1025602 --> 192.168.122.111:6800/17009 -- osd_op(client.7734.0:1584 gc.411 [call lock.unlock] 92.295dcad7 ondisk+write+known_if_redirected e285) v4 -- ?+0 0x7f9f701a21b0 con 0x24e4b10
2014-12-17 09:40:49.131907 7f9fb37fe700 1 -- 192.168.122.110:0/1025602 <== osd.0 192.168.122.111:6800/17009 458 ==== osd_op_reply(1584 gc.411 [call] v285'22 uv22 ondisk = 0) v6 ==== 173+0+0 (276130298 0 0) 0x7f9f78001e60 con 0x24e4b10
2014-12-17 09:40:49.131963 7f9f9effd700 1 -- 192.168.122.110:0/1025602 --> 192.168.122.112:6800/23010 -- osd_op(client.7734.0:1585 gc.412 [call lock.lock] 92.999b91b7 ondisk+write+known_if_redirected e285) v4 -- ?+0 0x7f9f700400e0 con 0x24d1730
2014-12-17 09:40:49.134144 7f9fb37fe700 1 -- 192.168.122.110:0/1025602 <== osd.1 192.168.122.112:6800/23010 565 ==== osd_op_reply(1585 gc.412 [call] v285'17 uv17 ondisk = 0) v6 ==== 173+0+0 (3805899644 0 0) 0x7f9f94026d70 con 0x24d1730
2014-12-17 09:40:49.134202 7f9f9effd700 1 -- 192.168.122.110:0/1025602 --> 192.168.122.112:6800/23010 -- osd_op(client.7734.0:1586 gc.412 [call rgw.gc_list] 92.999b91b7 ack+read+known_if_redirected e285) v4 -- ?+0 0x7f9f700400e0 con 0x24d1730
2014-12-17 09:40:49.134702 7f9fb37fe700 1 -- 192.168.122.110:0/1025602 <== osd.1 192.168.122.112:6800/23010 566 ==== osd_op_reply(1586 gc.412 [call] v0'0 uv17 ondisk = 0) v6 ==== 173+0+11 (4012629687 0 1993775135) 0x7f9f94026d70 con 0x24d1730
2014-12-17 09:40:49.134751 7f9f9effd700 1 -- 192.168.122.110:0/1025602 --> 192.168.122.112:6800/23010 -- osd_op(client.7734.0:1587 gc.412 [call lock.unlock] 92.999b91b7 ondisk+write+known_if_redirected e285) v4 -- ?+0 0x7f9f700400e0 con 0x24d1730
2014-12-17 09:40:49.136716 7f9fb37fe700 1 -- 192.168.122.110:0/1025602 <== osd.1 192.168.122.112:6800/23010 567 ==== osd_op_reply(1587 gc.412 [call] v285'18 uv18 ondisk = 0) v6 ==== 173+0+0 (1657687793 0 0) 0x7f9f94026d70 con 0x24d1730
2014-12-17 09:40:49.136780 7f9f9effd700 1 -- 192.168.122.110:0/1025602 --> 192.168.122.113:6800/23617 -- osd_op(client.7734.0:1588 gc.413 [call lock.lock] 92.cdd67442 ondisk+write+known_if_redirected e285) v4 -- ?+0 0x7f9f701a41b0 con 0x24d4e20
2014-12-17 09:40:49.139080 7f9fb37fe700 1 -- 192.168.122.110:0/1025602 <== osd.2 192.168.122.113:6800/23617 565 ==== osd_op_reply(1588 gc.413 [call] v285'9 uv9 ondisk = 0) v6 ==== 173+0+0 (2957571235 0 0) 0x7f9f8c020160 con 0x24d4e20
2014-12-17 09:40:49.139145 7f9f9effd700 1 -- 192.168.122.110:0/1025602 --> 192.168.122.113:6800/23617 -- osd_op(client.7734.0:1589 gc.413 [call rgw.gc_list] 92.cdd67442 ack+read+known_if_redirected e285) v4 -- ?+0 0x7f9f700400e0 con 0x24d4e20
2014-12-17 09:40:49.139715 7f9fb37fe700 1 -- 192.168.122.110:0/1025602 <== osd.2 192.168.122.113:6800/23617 566 ==== osd_op_reply(1589 gc.413 [call] v0'0 uv9 ondisk = 0) v6 ==== 173+0+11 (2567788017 0 1993775135) 0x7f9f8c020210 con 0x24d4e20
2014-12-17 09:40:49.139762 7f9f9effd700 1 -- 192.168.122.110:0/1025602 --> 192.168.122.113:6800/23617 -- osd_op(client.7734.0:1590 gc.413 [call lock.unlock] 92.cdd67442 ondisk+write+known_if_redirected e285) v4 -- ?+0 0x7f9f701a41b0 con 0x24d4e20
2014-12-17 09:40:49.141731 7f9fb37fe700 1 -- 192.168.122.110:0/1025602 <== osd.2 192.168.122.113:6800/23617 567 ==== osd_op_reply(1590 gc.413 [call] v285'10 uv10 ondisk = 0) v6 ==== 173+0+0 (811585838 0 0) 0x7f9f8c020160 con 0x24d4e20
2014-12-17 09:40:49.141768 7f9f9effd700 2 garbage collection: stop
2014-12-17 09:40:49.536159 7f9fb37fe700 1 -- 192.168.122.110:0/1025602 <== mon.0 192.168.122.111:6789/0 30 ==== osd_map(286..286 src has 1..286) v3 ==== 423+0+0 (1684642410 0 0) 0x7f9fa001c550 con 0x24876f0
2014-12-17 09:40:49.547565 7f2d018b3700 1 -- 192.168.122.110:0/1025622 <== mon.1 192.168.122.112:6789/0 32 ==== pool_op_reply(tid 30 (0) Success v286) v1 ==== 43+0+0 (2569106633 0 0) 0x7f2cec0008c0 con 0x18f83e0
2014-12-17 09:40:49.547661 7f2d018b3700 1 -- 192.168.122.110:0/1025622 --> 192.168.122.112:6789/0 -- mon_subscribe({monmap=2+,osdmap=286}) v2 -- ?+0 0x7f2cf000cbc0 con 0x18f83e0
2014-12-17 09:40:49.548362 7f2d018b3700 1 -- 192.168.122.110:0/1025622 <== mon.1 192.168.122.112:6789/0 33 ==== osd_map(286..286 src has 1..286) v3 ==== 423+0+0 (1684642410 0 0) 0x7f2cec002680 con 0x18f83e0
2014-12-17 09:40:49.548546 7f2d018b3700 1 -- 192.168.122.110:0/1025622 <== mon.1 192.168.122.112:6789/0 34 ==== mon_subscribe_ack(300s) v1 ==== 20+0+0 (4048590127 0 0) 0x7f2cec002a50 con 0x18f83e0
2014-12-17 09:40:49.548606 7f2d0b943880 20 get_obj_state: rctx=0x1925e60 obj=.users:12345 state=0x1927808 s->prefetch_data=0
2014-12-17 09:40:49.548616 7f2d0b943880 10 cache get: name=.users+12345 : miss
2014-12-17 09:40:49.548669 7f2d0b943880 1 -- 192.168.122.110:0/1025622 --> 192.168.122.112:6800/23010 -- osd_op(client.7738.0:31 12345 [getxattrs,stat] 95.8f40d3da ack+read+known_if_redirected e286) v4 -- ?+0 0x1927d50 con 0x19031e0
2014-12-17 09:40:50.645604 7f2d018b3700 1 -- 192.168.122.110:0/1025622 <== osd.1 192.168.122.112:6800/23010 16 ==== osd_op_reply(31 12345 [getxattrs,stat] v0'0 uv0 ack = -2 ((2) No such file or directory)) v6 ==== 214+0+0 (1011325839 0 0) 0x7f2cdc000c40 con 0x19031e0
2014-12-17 09:40:50.645740 7f2d0b943880 10 cache put: name=.users+12345
2014-12-17 09:40:50.645749 7f2d0b943880 10 adding .users+12345 to cache LRU end
2014-12-17 09:40:50.645792 7f2d0b943880 20 get_obj_state: rctx=0x1925e60 obj=.users:12345 state=0x1927808 s->prefetch_data=0
2014-12-17 09:40:50.645799 7f2d0b943880 10 cache get: name=.users+12345 : type miss (requested=6, cached=0)
2014-12-17 09:40:50.645841 7f2d0b943880 1 -- 192.168.122.110:0/1025622 --> 192.168.122.112:6800/23010 -- osd_op(client.7738.0:32 12345 [getxattrs,stat] 95.8f40d3da ack+read+known_if_redirected e286) v4 -- ?+0 0x1928450 con 0x19031e0
2014-12-17 09:40:50.646721 7f2d018b3700 1 -- 192.168.122.110:0/1025622 <== osd.1 192.168.122.112:6800/23010 17 ==== osd_map(287..287 src has 1..287) v3 ==== 230+0+0 (2147896083 0 0) 0x7f2cdc000c40 con 0x19031e0
2014-12-17 09:40:50.646782 7f2d018b3700 1 -- 192.168.122.110:0/1025622 <== osd.1 192.168.122.112:6800/23010 18 ==== osd_op_reply(32 12345 [getxattrs,stat] v0'0 uv0 ack = -2 ((2) No such file or directory)) v6 ==== 214+0+0 (1011325839 0 0) 0x7f2cdc0010c0 con 0x19031e0
2014-12-17 09:40:50.646831 7f2d0b943880 10 cache put: name=.users+12345
2014-12-17 09:40:50.646835 7f2d0b943880 10 moving .users+12345 to cache LRU end
2014-12-17 09:40:50.646909 7f2d0b943880 20 get_obj_state: rctx=0x1926830 obj=.users:12345 state=0x1927808 s->prefetch_data=0
2014-12-17 09:40:50.646914 7f2d0b943880 10 cache get: name=.users+12345 : type miss (requested=6, cached=0)
2014-12-17 09:40:50.646932 7f2d0b943880 1 -- 192.168.122.110:0/1025622 --> 192.168.122.112:6800/23010 -- osd_op(client.7738.0:33 12345 [getxattrs,stat] 95.8f40d3da ack+read+known_if_redirected e287) v4 -- ?+0 0x19289f0 con 0x19031e0
2014-12-17 09:40:50.648005 7f2d018b3700 1 -- 192.168.122.110:0/1025622 <== osd.1 192.168.122.112:6800/23010 19 ==== osd_op_reply(33 12345 [getxattrs,stat] v0'0 uv0 ack = -2 ((2) No such file or directory)) v6 ==== 214+0+0 (1011325839 0 0) 0x7f2cdc0010c0 con 0x19031e0
2014-12-17 09:40:50.648084 7f2d0b943880 10 cache put: name=.users+12345
2014-12-17 09:40:50.648089 7f2d0b943880 10 moving .users+12345 to cache LRU end
2014-12-17 09:40:50.648165 7f2d0b943880 1 -- 192.168.122.110:0/1025622 --> 192.168.122.113:6800/23617 -- osd_op(client.7738.0:34 sterling [call version.set,writefull 0~229] 93.1c6b199b ondisk+write+known_if_redirected e287) v4 -- ?+0 0x1928a00 con 0x1910df0
2014-12-17 09:40:50.654598 7f2d018b3700 1 -- 192.168.122.110:0/1025622 <== osd.2 192.168.122.113:6800/23617 6 ==== osd_op_reply(34 sterling [call,writefull 0~229] v287'1 uv1 ondisk = 0) v6 ==== 217+0+0 (202658938 0 0) 0x7f2cd40015c0 con 0x1910df0
2014-12-17 09:40:50.654760 7f2d0b943880 10 cache put: name=.users.uid+sterling
2014-12-17 09:40:50.654766 7f2d0b943880 10 moving .users.uid+sterling to cache LRU end
2014-12-17 09:40:50.654791 7f2d0b943880 10 distributing notification oid=notify.6 bl.length()=457
2014-12-17 09:40:50.654868 7f2d0b943880 1 -- 192.168.122.110:0/1025622 --> 192.168.122.111:6800/17009 -- osd_op(client.7738.0:35 notify.6 [notify 9~0] 90.97c520d4 ondisk+read+known_if_redirected e287) v4 -- ?+0 0x192c590 con 0x19195b0
2014-12-17 09:40:50.655771 7f2d018b3700 1 -- 192.168.122.110:0/1025622 <== osd.0 192.168.122.111:6800/17009 7 ==== watch-notify(c=7 v=2 i=1232655613965 opcode=1 r = 0) v2 ==== 491+0+0 (2619568834 0 0) 0x7f2ccc002550 con 0x19195b0
2014-12-17 09:40:50.655791 7f2d018b3700 1 -- 192.168.122.110:0/1025622 <== osd.0 192.168.122.111:6800/17009 8 ==== osd_op_reply(35 notify.6 [notify 9~0] v0'0 uv2 ondisk = 0) v6 ==== 175+0+0 (1271403834 0 0) 0x7f2ccc002970 con 0x19195b0
2014-12-17 09:40:50.655718 7f9fb37fe700 1 -- 192.168.122.110:0/1025602 <== osd.0 192.168.122.111:6800/17009 459 ==== watch-notify(c=7 v=2 i=1232655613965 opcode=1 r = 0) v2 ==== 491+0+0 (2619568834 0 0) 0x7f9f78001e60 con 0x24e4b10
2014-12-17 09:40:50.655757 7f9f9ffff700 10 RGWWatcher::notify() opcode=1 ver=2 bl.length()=457
2014-12-17 09:40:50.655769 7f9f9ffff700 10 cache put: name=.users.uid+sterling
2014-12-17 09:40:50.655773 7f9f9ffff700 10 adding .users.uid+sterling to cache LRU end
2014-12-17 09:40:50.655801 7f9f9ffff700 1 -- 192.168.122.110:0/1025602 --> 192.168.122.111:6800/17009 -- osd_op(client.7734.0:1591 notify.6 [notify-ack 1232655613965~2] 90.97c520d4 read+known_if_redirected e286) v4 -- ?+0 0x7f9fa801c570 con 0x24e4b10
2014-12-17 09:40:50.655822 7f2cfa6fb700 10 RGWWatcher::notify() opcode=1 ver=2 bl.length()=457
2014-12-17 09:40:50.655856 7f2cfa6fb700 10 cache put: name=.users.uid+sterling
2014-12-17 09:40:50.655858 7f2cfa6fb700 10 moving .users.uid+sterling to cache LRU end
2014-12-17 09:40:50.655879 7f2cfa6fb700 1 -- 192.168.122.110:0/1025622 --> 192.168.122.111:6800/17009 -- osd_op(client.7738.0:36 notify.6 [notify-ack 1232655613965~2] 90.97c520d4 read+known_if_redirected e287) v4 -- ?+0 0x7f2cbc002210 con 0x19195b0
2014-12-17 09:40:50.657580 7f9fb37fe700 1 -- 192.168.122.110:0/1025602 <== osd.0 192.168.122.111:6800/17009 460 ==== osd_map(287..287 src has 1..287) v3 ==== 230+0+0 (2147896083 0 0) 0x7f9f78001f10 con 0x24e4b10
2014-12-17 09:40:50.657641 7f9fb37fe700 1 -- 192.168.122.110:0/1025602 <== osd.0 192.168.122.111:6800/17009 461 ==== osd_op_reply(1591 notify.6 [notify-ack 1232655613965~2] v0'0 uv2 ondisk = 0) v6 ==== 175+0+0 (2423800724 0 0) 0x7f9f78021d30 con 0x24e4b10
2014-12-17 09:40:50.657538 7f2d018b3700 1 -- 192.168.122.110:0/1025622 <== osd.0 192.168.122.111:6800/17009 9 ==== watch-notify(c=9 v=2 i=1232655613965 opcode=1 r = 0) v2 ==== 491+0+0 (3098449212 0 0) 0x7f2ccc002970 con 0x19195b0
2014-12-17 09:40:50.657566 7f2d018b3700 1 -- 192.168.122.110:0/1025622 <== osd.0 192.168.122.111:6800/17009 10 ==== osd_op_reply(36 notify.6 [notify-ack 1232655613965~2] v0'0 uv2 ondisk = 0) v6 ==== 175+0+0 (2423800724 0 0) 0x7f2ccc002c90 con 0x19195b0
2014-12-17 09:40:50.657680 7f2d0b943880 1 -- 192.168.122.110:0/1025622 --> 192.168.122.113:6800/23617 -- osd_op(client.7738.0:37 smead@hpc8888.com [writefull 0~12] 94.bdd965b5 ondisk+write+known_if_redirected e287) v4 -- ?+0 0x1927780 con 0x1910df0
2014-12-17 09:40:50.661331 7f2d018b3700 1 -- 192.168.122.110:0/1025622 <== osd.2 192.168.122.113:6800/23617 7 ==== osd_op_reply(37 smead@hpc8888.com [writefull 0~12] v287'1 uv1 ondisk = 0) v6 ==== 184+0+0 (3941072941 0 0) 0x7f2cd4000b90 con 0x1910df0
2014-12-17 09:40:50.661411 7f2d0b943880 10 cache put: name=.users.email+smead@hpc8888.com
2014-12-17 09:40:50.661416 7f2d0b943880 10 moving .users.email+smead@hpc8888.com to cache LRU end
2014-12-17 09:40:50.661430 7f2d0b943880 10 distributing notification oid=notify.2 bl.length()=242
2014-12-17 09:40:50.661471 7f2d0b943880 1 -- 192.168.122.110:0/1025622 --> 192.168.122.112:6800/23010 -- osd_op(client.7738.0:38 notify.2 [notify 10~0] 90.88aa5c95 ondisk+read+known_if_redirected e287) v4 -- ?+0 0x1928980 con 0x19031e0
2014-12-17 09:40:50.662524 7f9fb37fe700 1 -- 192.168.122.110:0/1025602 <== osd.1 192.168.122.112:6800/23010 568 ==== watch-notify(c=3 v=2 i=1232655613970 opcode=1 r = 0) v2 ==== 276+0+0 (3875790809 0 0) 0x7f9f94026d70 con 0x24d1730
2014-12-17 09:40:50.662562 7f9f9ffff700 10 RGWWatcher::notify() opcode=1 ver=2 bl.length()=242
2014-12-17 09:40:50.662573 7f9f9ffff700 10 cache put: name=.users.email+smead@hpc8888.com
2014-12-17 09:40:50.662578 7f9f9ffff700 10 adding .users.email+smead@hpc8888.com to cache LRU end
2014-12-17 09:40:50.662598 7f9f9ffff700 1 -- 192.168.122.110:0/1025602 --> 192.168.122.112:6800/23010 -- osd_op(client.7734.0:1592 notify.2 [notify-ack 1232655613970~2] 90.88aa5c95 read+known_if_redirected e287) v4 -- ?+0 0x7f9fa801e010 con 0x24d1730
2014-12-17 09:40:50.662760 7f2d018b3700 1 -- 192.168.122.110:0/1025622 <== osd.1 192.168.122.112:6800/23010 20 ==== watch-notify(c=3 v=2 i=1232655613970 opcode=1 r = 0) v2 ==== 276+0+0 (3875790809 0 0) 0x7f2cdc0011e0 con 0x19031e0
2014-12-17 09:40:50.662799 7f2d018b3700 1 -- 192.168.122.110:0/1025622 <== osd.1 192.168.122.112:6800/23010 21 ==== osd_op_reply(38 notify.2 [notify 10~0] v0'0 uv2 ondisk = 0) v6 ==== 175+0+0 (2781907629 0 0) 0x7f2cdc000bc0 con 0x19031e0
2014-12-17 09:40:50.662836 7f2cfa6fb700 10 RGWWatcher::notify() opcode=1 ver=2 bl.length()=242
2014-12-17 09:40:50.662851 7f2cfa6fb700 10 cache put: name=.users.email+smead@hpc8888.com
2014-12-17 09:40:50.662855 7f2cfa6fb700 10 moving .users.email+smead@hpc8888.com to cache LRU end
2014-12-17 09:40:50.662882 7f2cfa6fb700 1 -- 192.168.122.110:0/1025622 --> 192.168.122.112:6800/23010 -- osd_op(client.7738.0:39 notify.2 [notify-ack 1232655613970~2] 90.88aa5c95 read+known_if_redirected e287) v4 -- ?+0 0x7f2cbc002a80 con 0x19031e0
2014-12-17 09:40:50.663532 7f2d018b3700 1 -- 192.168.122.110:0/1025622 <== osd.1 192.168.122.112:6800/23010 22 ==== watch-notify(c=10 v=2 i=1232655613970 opcode=1 r = 0) v2 ==== 276+0+0 (3926350110 0 0) 0x7f2cdc0011e0 con 0x19031e0
2014-12-17 09:40:50.663557 7f2d018b3700 1 -- 192.168.122.110:0/1025622 <== osd.1 192.168.122.112:6800/23010 23 ==== osd_op_reply(39 notify.2 [notify-ack 1232655613970~2] v0'0 uv2 ondisk = 0) v6 ==== 175+0+0 (3261775568 0 0) 0x7f2cdc001940 con 0x19031e0
2014-12-17 09:40:50.663835 7f9fb37fe700 1 -- 192.168.122.110:0/1025602 <== osd.1 192.168.122.112:6800/23010 569 ==== osd_op_reply(1592 notify.2 [notify-ack 1232655613970~2] v0'0 uv2 ondisk = 0) v6 ==== 175+0+0 (3261775568 0 0) 0x7f9f94026e30 con 0x24d1730
2014-12-17 09:40:50.663623 7f2d0b943880 1 -- 192.168.122.110:0/1025622 --> 192.168.122.112:6800/23010 -- osd_op(client.7738.0:40 12345 [writefull 0~12] 95.8f40d3da ondisk+write+known_if_redirected e287) v4 -- ?+0 0x19285d0 con 0x19031e0
2014-12-17 09:40:50.683017 7f2d018b3700 1 -- 192.168.122.110:0/1025622 <== osd.1 192.168.122.112:6800/23010 24 ==== osd_op_reply(40 12345 [writefull 0~12] v287'1 uv1 ondisk = 0) v6 ==== 172+0+0 (2552102840 0 0) 0x7f2cdc0011e0 con 0x19031e0
2014-12-17 09:40:50.683086 7f2d0b943880 10 cache put: name=.users+12345
2014-12-17 09:40:50.683092 7f2d0b943880 10 moving .users+12345 to cache LRU end
2014-12-17 09:40:50.683105 7f2d0b943880 10 distributing notification oid=notify.7 bl.length()=194
2014-12-17 09:40:50.683140 7f2d0b943880 1 -- 192.168.122.110:0/1025622 --> 192.168.122.113:6800/23617 -- osd_op(client.7738.0:41 notify.7 [notify 11~0] 90.84ada7c9 ondisk+read+known_if_redirected e287) v4 -- ?+0 0x1932290 con 0x1910df0
2014-12-17 09:40:50.683915 7f2d018b3700 1 -- 192.168.122.110:0/1025622 <== osd.2 192.168.122.113:6800/23617 8 ==== watch-notify(c=8 v=2 i=1232655613979 opcode=1 r = 0) v2 ==== 228+0+0 (2166480506 0 0) 0x7f2cd4001770 con 0x1910df0
2014-12-17 09:40:50.683936 7f2cfa6fb700 10 RGWWatcher::notify() opcode=1 ver=2 bl.length()=194
2014-12-17 09:40:50.683949 7f2cfa6fb700 10 cache put: name=.users+12345
2014-12-17 09:40:50.683951 7f2cfa6fb700 10 moving .users+12345 to cache LRU end
2014-12-17 09:40:50.683967 7f2cfa6fb700 1 -- 192.168.122.110:0/1025622 --> 192.168.122.113:6800/23617 -- osd_op(client.7738.0:42 notify.7 [notify-ack 1232655613979~2] 90.84ada7c9 read+known_if_redirected e287) v4 -- ?+0 0x7f2cbc001290 con 0x1910df0
2014-12-17 09:40:50.684025 7f2d018b3700 1 -- 192.168.122.110:0/1025622 <== osd.2 192.168.122.113:6800/23617 9 ==== osd_op_reply(41 notify.7 [notify 11~0] v0'0 uv2 ondisk = 0) v6 ==== 175+0+0 (1990933270 0 0) 0x7f2cd4000df0 con 0x1910df0
2014-12-17 09:40:50.684702 7f2d018b3700 1 -- 192.168.122.110:0/1025622 <== osd.2 192.168.122.113:6800/23617 10 ==== osd_op_reply(42 notify.7 [notify-ack 1232655613979~2] v0'0 uv2 ondisk = 0) v6 ==== 175+0+0 (3075726023 0 0) 0x7f2cd4000c70 con 0x1910df0
2014-12-17 09:40:50.684719 7f2d018b3700 1 -- 192.168.122.110:0/1025622 <== osd.2 192.168.122.113:6800/23617 11 ==== watch-notify(c=11 v=2 i=1232655613979 opcode=1 r = 0) v2 ==== 228+0+0 (2306316425 0 0) 0x7f2cd4001130 con 0x1910df0
2014-12-17 09:40:50.683954 7f9fb37fe700 1 -- 192.168.122.110:0/1025602 <== osd.2 192.168.122.113:6800/23617 568 ==== watch-notify(c=8 v=2 i=1232655613979 opcode=1 r = 0) v2 ==== 228+0+0 (2166480506 0 0) 0x7f9f8c020250 con 0x24d4e20
2014-12-17 09:40:50.683979 7f9f9ffff700 10 RGWWatcher::notify() opcode=1 ver=2 bl.length()=194
2014-12-17 09:40:50.683990 7f9f9ffff700 10 cache put: name=.users+12345
2014-12-17 09:40:50.683994 7f9f9ffff700 10 adding .users+12345 to cache LRU end
2014-12-17 09:40:50.684015 7f9f9ffff700 1 -- 192.168.122.110:0/1025602 --> 192.168.122.113:6800/23617 -- osd_op(client.7734.0:1593 notify.7 [notify-ack 1232655613979~2] 90.84ada7c9 read+known_if_redirected e287) v4 -- ?+0 0x7f9fa801d320 con 0x24d4e20
2014-12-17 09:40:50.684673 7f9fb37fe700 1 -- 192.168.122.110:0/1025602 <== osd.2 192.168.122.113:6800/23617 569 ==== osd_op_reply(1593 notify.7 [notify-ack 1232655613979~2] v0'0 uv2 ondisk = 0) v6 ==== 175+0+0 (3075726023 0 0) 0x7f9f8c020650 con 0x24d4e20
2014-12-17 09:40:50.684864 7f2d0b943880 1 -- 192.168.122.110:0/1025622 --> 192.168.122.112:6800/23010 -- osd_op(client.7738.0:43 notify.0 [watch remove cookie 1 ver 0] 90.4322fa9f ondisk+write+known_if_redirected e287) v4 -- ?+0 0x190a200 con 0x19031e0
2014-12-17 09:40:50.708566 7f2d018b3700 1 -- 192.168.122.110:0/1025622 <== osd.1 192.168.122.112:6800/23010 25 ==== osd_op_reply(43 notify.0 [watch remove cookie 1 ver 0] v287'5 uv2 ondisk = 0) v6 ==== 175+0+0 (844891040 0 0) 0x7f2cdc001940 con 0x19031e0
2014-12-17 09:40:50.708685 7f2d0b943880 1 -- 192.168.122.110:0/1025622 --> 192.168.122.112:6800/23010 -- osd_op(client.7738.0:44 notify.1 [watch remove cookie 2 ver 0] 90.16dafda0 ondisk+write+known_if_redirected e287) v4 -- ?+0 0x190a200 con 0x19031e0
2014-12-17 09:40:50.723390 7f2d018b3700 1 -- 192.168.122.110:0/1025622 <== osd.1 192.168.122.112:6800/23010 26 ==== osd_op_reply(44 notify.1 [watch remove cookie 2 ver 0] v287'5 uv2 ondisk = 0) v6 ==== 175+0+0 (3898389516 0 0) 0x7f2cdc0011e0 con 0x19031e0
2014-12-17 09:40:50.723490 7f2d0b943880 1 -- 192.168.122.110:0/1025622 --> 192.168.122.112:6800/23010 -- osd_op(client.7738.0:45 notify.2 [watch remove cookie 3 ver 0] 90.88aa5c95 ondisk+write+known_if_redirected e287) v4 -- ?+0 0x1912890 con 0x19031e0
2014-12-17 09:40:50.726723 7f2d018b3700 1 -- 192.168.122.110:0/1025622 <== osd.1 192.168.122.112:6800/23010 27 ==== osd_op_reply(45 notify.2 [watch remove cookie 3 ver 0] v287'5 uv2 ondisk = 0) v6 ==== 175+0+0 (248884554 0 0) 0x7f2cdc0011e0 con 0x19031e0
2014-12-17 09:40:50.726816 7f2d0b943880 1 -- 192.168.122.110:0/1025622 --> 192.168.122.112:6800/23010 -- osd_op(client.7738.0:46 notify.3 [watch remove cookie 4 ver 0] 90.f8c99aee ondisk+write+known_if_redirected e287) v4 -- ?+0 0x190a200 con 0x19031e0
2014-12-17 09:40:50.734853 7f2d018b3700 1 -- 192.168.122.110:0/1025622 <== osd.1 192.168.122.112:6800/23010 28 ==== osd_op_reply(46 notify.3 [watch remove cookie 4 ver 0] v287'5 uv2 ondisk = 0) v6 ==== 175+0+0 (1174961051 0 0) 0x7f2cdc0011e0 con 0x19031e0
2014-12-17 09:40:50.734950 7f2d0b943880 1 -- 192.168.122.110:0/1025622 --> 192.168.122.111:6800/17009 -- osd_op(client.7738.0:47 notify.4 [watch remove cookie 5 ver 0] 90.a204812d ondisk+write+known_if_redirected e287) v4 -- ?+0 0x1913130 con 0x19195b0
2014-12-17 09:40:50.736829 7f2d018b3700 1 -- 192.168.122.110:0/1025622 <== osd.0 192.168.122.111:6800/17009 11 ==== osd_op_reply(47 notify.4 [watch remove cookie 5 ver 0] v287'5 uv2 ondisk = 0) v6 ==== 175+0+0 (604544082 0 0) 0x7f2ccc002970 con 0x19195b0
2014-12-17 09:40:50.736921 7f2d0b943880 1 -- 192.168.122.110:0/1025622 --> 192.168.122.111:6800/17009 -- osd_op(client.7738.0:48 notify.5 [watch remove cookie 6 ver 0] 90.31099063 ondisk+write+known_if_redirected e287) v4 -- ?+0 0x1913a60 con 0x19195b0
2014-12-17 09:40:50.739541 7f2d018b3700 1 -- 192.168.122.110:0/1025622 <== osd.0 192.168.122.111:6800/17009 12 ==== osd_op_reply(48 notify.5 [watch remove cookie 6 ver 0] v287'5 uv2 ondisk = 0) v6 ==== 175+0+0 (1486157477 0 0) 0x7f2ccc000d70 con 0x19195b0
2014-12-17 09:40:50.739624 7f2d0b943880 1 -- 192.168.122.110:0/1025622 --> 192.168.122.111:6800/17009 -- osd_op(client.7738.0:49 notify.6 [watch remove cookie 7 ver 0] 90.97c520d4 ondisk+write+known_if_redirected e287) v4 -- ?+0 0x190a200 con 0x19195b0
2014-12-17 09:40:50.741810 7f2d018b3700 1 -- 192.168.122.110:0/1025622 <== osd.0 192.168.122.111:6800/17009 13 ==== osd_op_reply(49 notify.6 [watch remove cookie 7 ver 0] v287'5 uv2 ondisk = 0) v6 ==== 175+0+0 (205687981 0 0) 0x7f2ccc002970 con 0x19195b0
2014-12-17 09:40:50.741881 7f2d0b943880 1 -- 192.168.122.110:0/1025622 --> 192.168.122.113:6800/23617 -- osd_op(client.7738.0:50 notify.7 [watch remove cookie 8 ver 0] 90.84ada7c9 ondisk+write+known_if_redirected e287) v4 -- ?+0 0x191a890 con 0x1910df0
2014-12-17 09:40:50.743983 7f2d018b3700 1 -- 192.168.122.110:0/1025622 <== osd.2 192.168.122.113:6800/23617 12 ==== osd_op_reply(50 notify.7 [watch remove cookie 8 ver 0] v287'5 uv2 ondisk = 0) v6 ==== 175+0+0 (1383889974 0 0) 0x7f2cd4000c70 con 0x1910df0
2014-12-17 09:40:50.744257 7f2d0b943880 1 -- 192.168.122.110:0/1025622 mark_down 0x19195b0 -- 0x1915310
2014-12-17 09:40:50.744304 7f2d0b943880 1 -- 192.168.122.110:0/1025622 mark_down 0x19031e0 -- 0x18fef40
2014-12-17 09:40:50.744329 7f2d0b943880 1 -- 192.168.122.110:0/1025622 mark_down 0x1910df0 -- 0x190cb50
2014-12-17 09:40:50.744710 7f2d0b943880 1 -- 192.168.122.110:0/1025622 mark_down 0x18f83e0 -- 0x18fa010
2014-12-17 09:40:50.744736 7f2d0b943880 1 -- 192.168.122.110:0/1025622 mark_down_all
2014-12-17 09:40:50.744935 7f2d0b943880 1 -- 192.168.122.110:0/1025622 shutdown complete.
2014-12-17 09:40:54.099767 7f9fb3fff700 1 -- 192.168.122.110:0/1025602 --> 192.168.122.111:6789/0 -- mon_subscribe({monmap=2+,osdmap=288}) v2 -- ?+0 0x7f9f7c01c510 con 0x24876f0
2014-12-17 09:40:54.099790 7f9fb3fff700 1 -- 192.168.122.110:0/1025602 --> 192.168.122.112:6800/23010 -- ping magic: 0 v1 -- ?+0 0x7f9f7c01ccf0 con 0x24d1730
2014-12-17 09:40:54.099806 7f9fb3fff700 1 -- 192.168.122.110:0/1025602 --> 192.168.122.113:6800/23617 -- ping magic: 0 v1 -- ?+0 0x7f9f7c01d540 con 0x24d4e20
2014-12-17 09:40:54.099818 7f9fb3fff700 1 -- 192.168.122.110:0/1025602 --> 192.168.122.111:6800/17009 -- ping magic: 0 v1 -- ?+0 0x7f9f7c01d840 con 0x24e4b10
2014-12-17 09:40:54.100965 7f9fb37fe700 1 -- 192.168.122.110:0/1025602 <== mon.0 192.168.122.111:6789/0 31 ==== mon_subscribe_ack(300s) v1 ==== 20+0+0 (4048590127 0 0) 0x7f9fa001c200 con 0x24876f0
2014-12-17 09:40:59.099972 7f9fb3fff700 1 -- 192.168.122.110:0/1025602 --> 192.168.122.112:6800/23010 -- ping magic: 0 v1 -- ?+0 0x7f9f7c01d840 con 0x24d1730
2014-12-17 09:40:59.100024 7f9fb3fff700 1 -- 192.168.122.110:0/1025602 --> 192.168.122.113:6800/23617 -- ping magic: 0 v1 -- ?+0 0x7f9f7c01d540 con 0x24d4e20
2014-12-17 09:40:59.100036 7f9fb3fff700 1 -- 192.168.122.110:0/1025602 --> 192.168.122.111:6800/17009 -- ping magic: 0 v1 -- ?+0 0x7f9f7c01db40 con 0x24e4b10
2014-12-17 09:41:01.099910 7f9f9f7fe700 2 RGWDataChangesLog::ChangesRenewThread: start
2014-12-17 09:41:04.100205 7f9fb3fff700 1 -- 192.168.122.110:0/1025602 --> 192.168.122.112:6800/23010 -- ping magic: 0 v1 -- ?+0 0x7f9f7c01d540 con 0x24d1730
2014-12-17 09:41:04.100260 7f9fb3fff700 1 -- 192.168.122.110:0/1025602 --> 192.168.122.113:6800/23617 -- ping magic: 0 v1 -- ?+0 0x7f9f7c01d840 con 0x24d4e20
2014-12-17 09:41:04.100295 7f9fb3fff700 1 -- 192.168.122.110:0/1025602 --> 192.168.122.111:6800/17009 -- ping magic: 0 v1 -- ?+0 0x7f9f7c01df10 con 0x24e4b10
2014-12-17 09:41:09.100453 7f9fb3fff700 1 -- 192.168.122.110:0/1025602 --> 192.168.122.112:6800/23010 -- ping magic: 0 v1 -- ?+0 0x7f9f7c01df10 con 0x24d1730
2014-12-17 09:41:09.100506 7f9fb3fff700 1 -- 192.168.122.110:0/1025602 --> 192.168.122.113:6800/23617 -- ping magic: 0 v1 -- ?+0 0x7f9f7c01d840 con 0x24d4e20
2014-12-17 09:41:09.100518 7f9fb3fff700 1 -- 192.168.122.110:0/1025602 --> 192.168.122.111:6800/17009 -- ping magic: 0 v1 -- ?+0 0x7f9f7c01e360 con 0x24e4b10
2014-12-17 09:41:14.000700 7f9f77fff700 20 RGWEnv::set(): HTTP_HOST: cephadm.hpc8888.com:7480
2014-12-17 09:41:14.000722 7f9f77fff700 20 RGWEnv::set(): HTTP_ACCEPT_ENCODING: identity
2014-12-17 09:41:14.000739 7f9f77fff700 20 RGWEnv::set(): HTTP_AUTHORIZATION: AWS 12345:hAbLQXicS0ehkyrWYw63rTQ7j8o=
2014-12-17 09:41:14.000742 7f9f77fff700 20 RGWEnv::set(): CONTENT_LENGTH: 10485760
2014-12-17 09:41:14.000744 7f9f77fff700 20 RGWEnv::set(): CONTENT_TYPE: application/octet-stream
2014-12-17 09:41:14.000745 7f9f77fff700 20 RGWEnv::set(): HTTP_X_AMZ_DATE: Wed, 17 Dec 2014 01:41:16 +0000
2014-12-17 09:41:14.000748 7f9f77fff700 20 RGWEnv::set(): HTTP_X_AMZ_META_S3CMD_ATTRS: uid:1050/gname:richard/uname:richard/gid:1050/mode:33204/mtime:1418658647/atime:1418777949/md5:f1c9645dbc14efddc7d8a322685f26eb/ctime:1418658647
2014-12-17 09:41:14.000752 7f9f77fff700 20 RGWEnv::set(): REQUEST_METHOD: PUT
2014-12-17 09:41:14.000753 7f9f77fff700 20 RGWEnv::set(): REQUEST_URI: /test6/data1
2014-12-17 09:41:14.000754 7f9f77fff700 20 RGWEnv::set(): QUERY_STRING:
2014-12-17 09:41:14.000756 7f9f77fff700 20 RGWEnv::set(): REMOTE_USER:
2014-12-17 09:41:14.000757 7f9f77fff700 20 RGWEnv::set(): SCRIPT_URI: /test6/data1
2014-12-17 09:41:14.000759 7f9f77fff700 20 RGWEnv::set(): SERVER_PORT: 7480
2014-12-17 09:41:14.000760 7f9f77fff700 20 CONTENT_LENGTH=10485760
2014-12-17 09:41:14.000761 7f9f77fff700 20 CONTENT_TYPE=application/octet-stream
2014-12-17 09:41:14.000761 7f9f77fff700 20 HTTP_ACCEPT_ENCODING=identity
2014-12-17 09:41:14.000762 7f9f77fff700 20 HTTP_AUTHORIZATION=AWS 12345:hAbLQXicS0ehkyrWYw63rTQ7j8o=
2014-12-17 09:41:14.000763 7f9f77fff700 20 HTTP_HOST=cephadm.hpc8888.com:7480
2014-12-17 09:41:14.000764 7f9f77fff700 20 HTTP_X_AMZ_DATE=Wed, 17 Dec 2014 01:41:16 +0000
2014-12-17 09:41:14.000766 7f9f77fff700 20 HTTP_X_AMZ_META_S3CMD_ATTRS=uid:1050/gname:richard/uname:richard/gid:1050/mode:33204/mtime:1418658647/atime:1418777949/md5:f1c9645dbc14efddc7d8a322685f26eb/ctime:1418658647
2014-12-17 09:41:14.000768 7f9f77fff700 20 QUERY_STRING=
2014-12-17 09:41:14.000780 7f9f77fff700 20 REMOTE_USER=
2014-12-17 09:41:14.000781 7f9f77fff700 20 REQUEST_METHOD=PUT
2014-12-17 09:41:14.000782 7f9f77fff700 20 REQUEST_URI=/test6/data1
2014-12-17 09:41:14.000782 7f9f77fff700 20 SCRIPT_URI=/test6/data1
2014-12-17 09:41:14.000783 7f9f77fff700 20 SERVER_PORT=7480
2014-12-17 09:41:14.000785 7f9f77fff700 20 RGWEnv::set(): HTTP_HOST: cephadm.hpc8888.com:7480
2014-12-17 09:41:14.000787 7f9f77fff700 20 RGWEnv::set(): HTTP_ACCEPT_ENCODING: identity
2014-12-17 09:41:14.000788 7f9f77fff700 20 RGWEnv::set(): HTTP_AUTHORIZATION: AWS 12345:hAbLQXicS0ehkyrWYw63rTQ7j8o=
2014-12-17 09:41:14.000789 7f9f77fff700 20 RGWEnv::set(): CONTENT_LENGTH: 10485760
2014-12-17 09:41:14.000790 7f9f77fff700 20 RGWEnv::set(): CONTENT_TYPE: application/octet-stream
2014-12-17 09:41:14.000791 7f9f77fff700 20 RGWEnv::set(): HTTP_X_AMZ_DATE: Wed, 17 Dec 2014 01:41:16 +0000
2014-12-17 09:41:14.000793 7f9f77fff700 20 RGWEnv::set(): HTTP_X_AMZ_META_S3CMD_ATTRS: uid:1050/gname:richard/uname:richard/gid:1050/mode:33204/mtime:1418658647/atime:1418777949/md5:f1c9645dbc14efddc7d8a322685f26eb/ctime:1418658647
2014-12-17 09:41:14.000794 7f9f77fff700 20 RGWEnv::set(): REQUEST_METHOD: PUT
2014-12-17 09:41:14.000795 7f9f77fff700 20 RGWEnv::set(): REQUEST_URI: /test6/data1
2014-12-17 09:41:14.000796 7f9f77fff700 20 RGWEnv::set(): QUERY_STRING:
2014-12-17 09:41:14.000797 7f9f77fff700 20 RGWEnv::set(): REMOTE_USER:
2014-12-17 09:41:14.000798 7f9f77fff700 20 RGWEnv::set(): SCRIPT_URI: /test6/data1
2014-12-17 09:41:14.000800 7f9f77fff700 20 RGWEnv::set(): SERVER_PORT: 7480
2014-12-17 09:41:14.000801 7f9f77fff700 20 CONTENT_LENGTH=10485760
2014-12-17 09:41:14.000801 7f9f77fff700 20 CONTENT_TYPE=application/octet-stream
2014-12-17 09:41:14.000802 7f9f77fff700 20 HTTP_ACCEPT_ENCODING=identity
2014-12-17 09:41:14.000802 7f9f77fff700 20 HTTP_AUTHORIZATION=AWS 12345:hAbLQXicS0ehkyrWYw63rTQ7j8o=
2014-12-17 09:41:14.000803 7f9f77fff700 20 HTTP_HOST=cephadm.hpc8888.com:7480
2014-12-17 09:41:14.000804 7f9f77fff700 20 HTTP_X_AMZ_DATE=Wed, 17 Dec 2014 01:41:16 +0000
2014-12-17 09:41:14.000805 7f9f77fff700 20 HTTP_X_AMZ_META_S3CMD_ATTRS=uid:1050/gname:richard/uname:richard/gid:1050/mode:33204/mtime:1418658647/atime:1418777949/md5:f1c9645dbc14efddc7d8a322685f26eb/ctime:1418658647
2014-12-17 09:41:14.000806 7f9f77fff700 20 QUERY_STRING=
2014-12-17 09:41:14.000807 7f9f77fff700 20 REMOTE_USER=
2014-12-17 09:41:14.000808 7f9f77fff700 20 REQUEST_METHOD=PUT
2014-12-17 09:41:14.000820 7f9f77fff700 20 REQUEST_URI=/test6/data1
2014-12-17 09:41:14.000823 7f9f77fff700 20 SCRIPT_URI=/test6/data1
2014-12-17 09:41:14.000823 7f9f77fff700 20 SERVER_PORT=7480
2014-12-17 09:41:14.000827 7f9f77fff700 1 ====== starting new request req=0x7f9f840040f0 =====
2014-12-17 09:41:14.000845 7f9f77fff700 2 req 0:0.000020::PUT /test6/data1::initializing
2014-12-17 09:41:14.000849 7f9f77fff700 10 host=cephadm.hpc8888.com:7480 rgw_dns_name=cephadm.hpc8888.com
2014-12-17 09:41:14.000863 7f9f77fff700 10 meta>> HTTP_X_AMZ_DATE
2014-12-17 09:41:14.000869 7f9f77fff700 10 meta>> HTTP_X_AMZ_META_S3CMD_ATTRS
2014-12-17 09:41:14.000873 7f9f77fff700 10 x>> x-amz-date:Wed, 17 Dec 2014 01:41:16 +0000
2014-12-17 09:41:14.000874 7f9f77fff700 10 x>> x-amz-meta-s3cmd-attrs:uid:1050/gname:richard/uname:richard/gid:1050/mode:33204/mtime:1418658647/atime:1418777949/md5:f1c9645dbc14efddc7d8a322685f26eb/ctime:1418658647
2014-12-17 09:41:14.000905 7f9f77fff700 10 s->object=data1 s->bucket=test6
2014-12-17 09:41:14.000911 7f9f77fff700 2 req 0:0.000087:s3:PUT /test6/data1::getting op
2014-12-17 09:41:14.000916 7f9f77fff700 2 req 0:0.000092:s3:PUT /test6/data1:put_obj:authorizing
2014-12-17 09:41:14.000943 7f9f77fff700 20 get_obj_state: rctx=0x7f9f84024ee0 obj=.users:12345 state=0x7f9f84025198 s->prefetch_data=0
2014-12-17 09:41:14.000950 7f9f77fff700 10 cache get: name=.users+12345 : type miss (requested=6, cached=3)
2014-12-17 09:41:14.001005 7f9f77fff700 1 -- 192.168.122.110:0/1025602 --> 192.168.122.112:6800/23010 -- osd_op(client.7734.0:1594 12345 [getxattrs,stat] 95.8f40d3da ack+read+known_if_redirected e287) v4 -- ?+0 0x7f9f84026030 con 0x24d1730
2014-12-17 09:41:14.002311 7f9fb37fe700 1 -- 192.168.122.110:0/1025602 <== osd.1 192.168.122.112:6800/23010 570 ==== osd_op_reply(1594 12345 [getxattrs,stat] v0'0 uv1 ondisk = 0) v6 ==== 214+0+20 (810822731 0 350326988) 0x7f9f94026d70 con 0x24d1730
2014-12-17 09:41:14.002393 7f9f77fff700 10 cache put: name=.users+12345
2014-12-17 09:41:14.002397 7f9f77fff700 10 moving .users+12345 to cache LRU end
2014-12-17 09:41:14.002402 7f9f77fff700 20 get_obj_state: s->obj_tag was set empty
2014-12-17 09:41:14.002408 7f9f77fff700 10 cache get: name=.users+12345 : hit
2014-12-17 09:41:14.002424 7f9f77fff700 20 get_obj_state: rctx=0x7f9f84025110 obj=.users.uid:sterling state=0x7f9f84025e78 s->prefetch_data=0
2014-12-17 09:41:14.002429 7f9f77fff700 10 cache get: name=.users.uid+sterling : type miss (requested=22, cached=19)
2014-12-17 09:41:14.002461 7f9f77fff700 1 -- 192.168.122.110:0/1025602 --> 192.168.122.113:6800/23617 -- osd_op(client.7734.0:1595 sterling [call version.read,getxattrs,stat] 93.1c6b199b ack+read+known_if_redirected e287) v4 -- ?+0 0x7f9f84026d60 con 0x24d4e20
2014-12-17 09:41:14.003639 7f9fb37fe700 1 -- 192.168.122.110:0/1025602 <== osd.2 192.168.122.113:6800/23617 570 ==== osd_op_reply(1595 sterling [call,getxattrs,stat] v0'0 uv1 ondisk = 0) v6 ==== 259+0+139 (589452719 0 1665154536) 0x7f9f8c0206f0 con 0x24d4e20
2014-12-17 09:41:14.003742 7f9f77fff700 10 cache put: name=.users.uid+sterling
2014-12-17 09:41:14.003755 7f9f77fff700 10 moving .users.uid+sterling to cache LRU end
2014-12-17 09:41:14.003763 7f9f77fff700 20 get_obj_state: s->obj_tag was set empty
2014-12-17 09:41:14.003771 7f9f77fff700 10 cache get: name=.users.uid+sterling : hit
2014-12-17 09:41:14.003819 7f9f77fff700 10 chain_cache_entry: cache_locator=.users.uid+sterling
2014-12-17 09:41:14.003905 7f9f77fff700 10 get_canon_resource(): dest=/test6/data1
2014-12-17 09:41:14.003918 7f9f77fff700 10 auth_hdr: PUT application/octet-stream x-amz-date:Wed, 17 Dec 2014 01:41:16 +0000 x-amz-meta-s3cmd-attrs:uid:1050/gname:richard/uname:richard/gid:1050/mode:33204/mtime:1418658647/atime:1418777949/md5:f1c9645dbc14efddc7d8a322685f26eb/ctime:1418658647 /test6/data1
2014-12-17 09:41:14.004018 7f9f77fff700 15 calculated digest=hAbLQXicS0ehkyrWYw63rTQ7j8o=
2014-12-17 09:41:14.004030 7f9f77fff700 15 auth_sign=hAbLQXicS0ehkyrWYw63rTQ7j8o=
2014-12-17 09:41:14.004043 7f9f77fff700 15 compare=0
2014-12-17 09:41:14.004057 7f9f77fff700 2 req 0:0.003232:s3:PUT /test6/data1:put_obj:reading permissions
2014-12-17 09:41:14.004086 7f9f77fff700 20 get_obj_state: rctx=0x7f9f77ffa1a0 obj=.rgw:test6 state=0x7f9f84026eb8 s->prefetch_data=0
2014-12-17 09:41:14.004096 7f9f77fff700 10 cache get: name=.rgw+test6 : miss
2014-12-17 09:41:14.004132 7f9f77fff700 1 -- 192.168.122.110:0/1025602 --> 192.168.122.112:6800/23010 -- osd_op(client.7734.0:1596 test6 [call version.read,getxattrs,stat] 91.6f1d9a1e ack+read+known_if_redirected e287) v4 -- ?+0 0x7f9f84028d60 con 0x24d1730
2014-12-17 09:41:14.004940 7f9fb37fe700 1 -- 192.168.122.110:0/1025602 <== osd.1 192.168.122.112:6800/23010 571 ==== osd_op_reply(1596 test6 [call,getxattrs,stat] v0'0 uv0 ack = -2 ((2) No such file or directory)) v6 ==== 256+0+0 (3185282323 0 0) 0x7f9f94026d70 con 0x24d1730
2014-12-17 09:41:14.005091 7f9f77fff700 10 cache put: name=.rgw+test6
2014-12-17 09:41:14.005111 7f9f77fff700 10 adding .rgw+test6 to cache LRU end
2014-12-17 09:41:14.005126 7f9f77fff700 10 read_permissions on test6(@[]):data1 only_bucket=1 ret=-2002
2014-12-17 09:41:14.005219 7f9f77fff700 2 req 0:0.004395:s3:PUT /test6/data1:put_obj:http status=404
2014-12-17 09:41:14.005231 7f9f77fff700 1 ====== req done req=0x7f9f840040f0 http_status=404 ======
2014-12-17 09:41:14.005242 7f9f77fff700 20 process_request() returned -2002
2014-12-17 09:41:14.100628 7f9fb3fff700 1 -- 192.168.122.110:0/1025602 --> 192.168.122.112:6800/23010 -- ping magic: 0 v1 -- ?+0 0x7f9f7c01d840 con 0x24d1730
2014-12-17 09:41:14.100669 7f9fb3fff700 1 -- 192.168.122.110:0/1025602 --> 192.168.122.113:6800/23617 -- ping magic: 0 v1 -- ?+0 0x7f9f7c01df10 con 0x24d4e20
2014-12-17 09:41:14.100676 7f9fb3fff700 1 -- 192.168.122.110:0/1025602 --> 192.168.122.111:6800/17009 -- ping magic: 0 v1 -- ?+0 0x7f9f7c01e7b0 con 0x24e4b10
2014-12-17 09:41:14.104459 7f9f77fff700 1 civetweb: 0x7f9f84004380: 192.168.122.1 - - [17/Dec/2014:09:41:13 +0800] "PUT /test6/data1 HTTP/1.1" -1 0 - -
2014-12-17 09:41:14.200427 7f9f777fe700 20 RGWEnv::set(): HTTP_HOST: cephadm.hpc8888.com:7480
2014-12-17 09:41:14.200441 7f9f777fe700 20 RGWEnv::set(): HTTP_ACCEPT_ENCODING: identity
2014-12-17 09:41:14.200444 7f9f777fe700 20 RGWEnv::set(): HTTP_AUTHORIZATION: AWS 12345:LLI7i87EfGPcxLIsgOdfyZYdm84=
2014-12-17 09:41:14.200445 7f9f777fe700 20 RGWEnv::set(): CONTENT_LENGTH: 10485760
2014-12-17 09:41:14.200446 7f9f777fe700 20 RGWEnv::set(): CONTENT_TYPE: application/octet-stream
2014-12-17 09:41:14.200447 7f9f777fe700 20 RGWEnv::set(): HTTP_X_AMZ_DATE: Wed, 17 Dec 2014 01:41:16 +0000
2014-12-17 09:41:14.200449 7f9f777fe700 20 RGWEnv::set(): HTTP_X_AMZ_META_S3CMD_ATTRS: uid:1050/gname:richard/uname:richard/gid:1050/mode:33204/mtime:1418658647/atime:1418777949/md5:f1c9645dbc14efddc7d8a322685f26eb/ctime:1418658647
2014-12-17 09:41:14.200453 7f9f777fe700 20 RGWEnv::set(): REQUEST_METHOD: PUT
2014-12-17 09:41:14.200454 7f9f777fe700 20 RGWEnv::set(): REQUEST_URI: /test6/data2
2014-12-17 09:41:14.200455 7f9f777fe700 20 RGWEnv::set(): QUERY_STRING:
2014-12-17 09:41:14.200456 7f9f777fe700 20 RGWEnv::set(): REMOTE_USER:
2014-12-17 09:41:14.200456 7f9f777fe700 20 RGWEnv::set(): SCRIPT_URI: /test6/data2
2014-12-17 09:41:14.200460 7f9f777fe700 20 RGWEnv::set(): SERVER_PORT: 7480
2014-12-17 09:41:14.200461 7f9f777fe700 20 CONTENT_LENGTH=10485760
2014-12-17 09:41:14.200461 7f9f777fe700 20 CONTENT_TYPE=application/octet-stream
2014-12-17 09:41:14.200462 7f9f777fe700 20 HTTP_ACCEPT_ENCODING=identity
2014-12-17 09:41:14.200462 7f9f777fe700 20 HTTP_AUTHORIZATION=AWS 12345:LLI7i87EfGPcxLIsgOdfyZYdm84=
2014-12-17 09:41:14.200463 7f9f777fe700 20 HTTP_HOST=cephadm.hpc8888.com:7480
2014-12-17 09:41:14.200463 7f9f777fe700 20 HTTP_X_AMZ_DATE=Wed, 17 Dec 2014 01:41:16 +0000
2014-12-17 09:41:14.200463 7f9f777fe700 20 HTTP_X_AMZ_META_S3CMD_ATTRS=uid:1050/gname:richard/uname:richard/gid:1050/mode:33204/mtime:1418658647/atime:1418777949/md5:f1c9645dbc14efddc7d8a322685f26eb/ctime:1418658647
2014-12-17 09:41:14.200464 7f9f777fe700 20 QUERY_STRING=
2014-12-17 09:41:14.200465 7f9f777fe700 20 REMOTE_USER=
2014-12-17 09:41:14.200465 7f9f777fe700 20 REQUEST_METHOD=PUT
2014-12-17 09:41:14.200465 7f9f777fe700 20 REQUEST_URI=/test6/data2
2014-12-17 09:41:14.200466 7f9f777fe700 20 SCRIPT_URI=/test6/data2
2014-12-17 09:41:14.200466 7f9f777fe700 20 SERVER_PORT=7480
2014-12-17 09:41:14.200467 7f9f777fe700 20 RGWEnv::set(): HTTP_HOST: cephadm.hpc8888.com:7480
2014-12-17 09:41:14.200468 7f9f777fe700 20 RGWEnv::set(): HTTP_ACCEPT_ENCODING: identity
2014-12-17 09:41:14.200469 7f9f777fe700 20 RGWEnv::set(): HTTP_AUTHORIZATION: AWS 12345:LLI7i87EfGPcxLIsgOdfyZYdm84=
2014-12-17 09:41:14.200470 7f9f777fe700 20 RGWEnv::set(): CONTENT_LENGTH: 10485760
2014-12-17 09:41:14.200471 7f9f777fe700 20 RGWEnv::set(): CONTENT_TYPE: application/octet-stream
2014-12-17 09:41:14.200471 7f9f777fe700 20 RGWEnv::set(): HTTP_X_AMZ_DATE: Wed, 17 Dec 2014 01:41:16 +0000
2014-12-17 09:41:14.200472 7f9f777fe700 20 RGWEnv::set(): HTTP_X_AMZ_META_S3CMD_ATTRS: uid:1050/gname:richard/uname:richard/gid:1050/mode:33204/mtime:1418658647/atime:1418777949/md5:f1c9645dbc14efddc7d8a322685f26eb/ctime:1418658647
2014-12-17 09:41:14.200473 7f9f777fe700 20 RGWEnv::set(): REQUEST_METHOD: PUT
2014-12-17 09:41:14.200474 7f9f777fe700 20 RGWEnv::set(): REQUEST_URI: /test6/data2
2014-12-17 09:41:14.200474 7f9f777fe700 20 RGWEnv::set(): QUERY_STRING:
2014-12-17 09:41:14.200475 7f9f777fe700 20 RGWEnv::set(): REMOTE_USER:
2014-12-17 09:41:14.200476 7f9f777fe700 20 RGWEnv::set(): SCRIPT_URI: /test6/data2
2014-12-17 09:41:14.200477 7f9f777fe700 20 RGWEnv::set(): SERVER_PORT: 7480
2014-12-17 09:41:14.200477 7f9f777fe700 20 CONTENT_LENGTH=10485760
2014-12-17 09:41:14.200477 7f9f777fe700 20 CONTENT_TYPE=application/octet-stream
2014-12-17 09:41:14.200478 7f9f777fe700 20 HTTP_ACCEPT_ENCODING=identity
2014-12-17 09:41:14.200478 7f9f777fe700 20 HTTP_AUTHORIZATION=AWS 12345:LLI7i87EfGPcxLIsgOdfyZYdm84=
2014-12-17 09:41:14.200479 7f9f777fe700 20 HTTP_HOST=cephadm.hpc8888.com:7480
2014-12-17 09:41:14.200479 7f9f777fe700 20 HTTP_X_AMZ_DATE=Wed, 17 Dec 2014 01:41:16 +0000
2014-12-17 09:41:14.200479 7f9f777fe700 20 HTTP_X_AMZ_META_S3CMD_ATTRS=uid:1050/gname:richard/uname:richard/gid:1050/mode:33204/mtime:1418658647/atime:1418777949/md5:f1c9645dbc14efddc7d8a322685f26eb/ctime:1418658647
2014-12-17 09:41:14.200480 7f9f777fe700 20 QUERY_STRING=
2014-12-17 09:41:14.200480 7f9f777fe700 20 REMOTE_USER=
2014-12-17 09:41:14.200481 7f9f777fe700 20 REQUEST_METHOD=PUT
2014-12-17 09:41:14.200481 7f9f777fe700 20 REQUEST_URI=/test6/data2
2014-12-17 09:41:14.200482 7f9f777fe700 20 SCRIPT_URI=/test6/data2
2014-12-17 09:41:14.200482 7f9f777fe700 20 SERVER_PORT=7480
2014-12-17 09:41:14.200483 7f9f777fe700 1 ====== starting new request req=0x7f9f8c020040 =====
2014-12-17 09:41:14.200492 7f9f777fe700 2 req 0:0.000009::PUT /test6/data2::initializing
2014-12-17 09:41:14.200495 7f9f777fe700 10 host=cephadm.hpc8888.com:7480 rgw_dns_name=cephadm.hpc8888.com
2014-12-17 09:41:14.200503 7f9f777fe700 10 meta>> HTTP_X_AMZ_DATE
2014-12-17 09:41:14.200506 7f9f777fe700 10 meta>> HTTP_X_AMZ_META_S3CMD_ATTRS
2014-12-17 09:41:14.200508 7f9f777fe700 10 x>> x-amz-date:Wed, 17 Dec 2014 01:41:16 +0000
2014-12-17 09:41:14.200508 7f9f777fe700 10 x>> x-amz-meta-s3cmd-attrs:uid:1050/gname:richard/uname:richard/gid:1050/mode:33204/mtime:1418658647/atime:1418777949/md5:f1c9645dbc14efddc7d8a322685f26eb/ctime:1418658647
2014-12-17 09:41:14.200520 7f9f777fe700 10 s->object=data2 s->bucket=test6
2014-12-17 09:41:14.200522 7f9f777fe700 2 req 0:0.000039:s3:PUT /test6/data2::getting op
2014-12-17 09:41:14.200525 7f9f777fe700 2 req 0:0.000042:s3:PUT /test6/data2:put_obj:authorizing
2014-12-17 09:41:14.200547 7f9f777fe700 10 get_canon_resource(): dest=/test6/data2
2014-12-17 09:41:14.200549 7f9f777fe700 10 auth_hdr: PUT application/octet-stream x-amz-date:Wed, 17 Dec 2014 01:41:16 +0000 x-amz-meta-s3cmd-attrs:uid:1050/gname:richard/uname:richard/gid:1050/mode:33204/mtime:1418658647/atime:1418777949/md5:f1c9645dbc14efddc7d8a322685f26eb/ctime:1418658647 /test6/data2
2014-12-17 09:41:14.200591 7f9f777fe700 15 calculated digest=LLI7i87EfGPcxLIsgOdfyZYdm84=
2014-12-17 09:41:14.200592 7f9f777fe700 15 auth_sign=LLI7i87EfGPcxLIsgOdfyZYdm84=
2014-12-17 09:41:14.200593 7f9f777fe700 15 compare=0
2014-12-17 09:41:14.200594 7f9f777fe700 2 req 0:0.000111:s3:PUT /test6/data2:put_obj:reading permissions
2014-12-17 09:41:14.200613 7f9f777fe700 20 get_obj_state: rctx=0x7f9f777f91a0 obj=.rgw:test6 state=0x7f9f8c023a58 s->prefetch_data=0
2014-12-17 09:41:14.200617 7f9f777fe700 10 cache get: name=.rgw+test6 : type miss (requested=22, cached=0)
2014-12-17 09:41:14.200674 7f9f777fe700 1 -- 192.168.122.110:0/1025602 --> 192.168.122.112:6800/23010 -- osd_op(client.7734.0:1597 test6 [call version.read,getxattrs,stat] 91.6f1d9a1e ack+read+known_if_redirected e287) v4 -- ?+0 0x7f9f8c024bf0 con 0x24d1730
2014-12-17 09:41:14.201719 7f9fb37fe700 1 -- 192.168.122.110:0/1025602 <== osd.1 192.168.122.112:6800/23010 572 ==== osd_op_reply(1597 test6 [call,getxattrs,stat] v0'0 uv0 ack = -2 ((2) No such file or directory)) v6 ==== 256+0+0 (3185282323 0 0) 0x7f9f94026d70 con 0x24d1730
2014-12-17 09:41:14.201837 7f9f777fe700 10 cache put: name=.rgw+test6
2014-12-17 09:41:14.201844 7f9f777fe700 10 moving .rgw+test6 to cache LRU end
2014-12-17 09:41:14.201854 7f9f777fe700 10 read_permissions on test6(@[]):data2 only_bucket=1 ret=-2002
2014-12-17 09:41:14.201922 7f9f777fe700 2 req 0:0.001439:s3:PUT /test6/data2:put_obj:http status=404
2014-12-17 09:41:14.201930 7f9f777fe700 1 ====== req done req=0x7f9f8c020040 http_status=404 ======
2014-12-17 09:41:14.201935 7f9f777fe700 20 process_request() returned -2002
2014-12-17 09:41:14.279879 7f9f777fe700 1 civetweb: 0x7f9f8c0015c0: 192.168.122.1 - - [17/Dec/2014:09:41:14 +0800] "PUT /test6/data2 HTTP/1.1" -1 0 - -
2014-12-17 09:41:19.100822 7f9fb3fff700 1 -- 192.168.122.110:0/1025602 --> 192.168.122.112:6800/23010 -- ping magic: 0 v1 -- ?+0 0x7f9f7c01d840 con 0x24d1730
2014-12-17 09:41:19.100875 7f9fb3fff700 1 -- 192.168.122.110:0/1025602 --> 192.168.122.113:6800/23617 -- ping magic: 0 v1 -- ?+0 0x7f9f7c01df10 con 0x24d4e20
2014-12-17 09:41:19.100886 7f9fb3fff700 1 -- 192.168.122.110:0/1025602 --> 192.168.122.111:6800/17009 -- ping magic: 0 v1 -- ?+0 0x7f9f7c01ec00 con 0x24e4b10
2014-12-17 09:41:19.346754 7f9f767fc700 20 RGWEnv::set(): HTTP_HOST: cephadm.hpc8888.com:7480
2014-12-17 09:41:19.346770 7f9f767fc700 20 RGWEnv::set(): HTTP_ACCEPT_ENCODING: identity
2014-12-17 09:41:19.346773 7f9f767fc700 20 RGWEnv::set(): CONTENT_LENGTH: 0
2014-12-17 09:41:19.346775 7f9f767fc700 20 RGWEnv::set(): HTTP_AUTHORIZATION: AWS 12345:NUjpJFUzyF/Tilxba/6idJ9LgHA=
2014-12-17 09:41:19.346777 7f9f767fc700 20 RGWEnv::set(): HTTP_X_AMZ_DATE: Wed, 17 Dec 2014 01:41:21 +0000
2014-12-17 09:41:19.346778 7f9f767fc700 20 RGWEnv::set(): REQUEST_METHOD: PUT
2014-12-17 09:41:19.346780 7f9f767fc700 20 RGWEnv::set(): REQUEST_URI: /test/
2014-12-17 09:41:19.346781 7f9f767fc700 20 RGWEnv::set(): QUERY_STRING:
2014-12-17 09:41:19.346783 7f9f767fc700 20 RGWEnv::set(): REMOTE_USER:
