2014-12-17 09:43:17.663880 7f9f9effd700 1 -- 192.168.122.110:0/1025602 --> 192.168.122.111:6800/17009 -- osd_op(client.7734.0:3281 gc.245 [call rgw.gc_list] 92.c1027265 ack+read+known_if_redirected e291) v4 -- ?+0 0x7f9f700400e0 con 0x24e4b10
2014-12-17 09:43:17.664255 7f9fb37fe700 1 -- 192.168.122.110:0/1025602 <== osd.0 192.168.122.111:6800/17009 970 ==== osd_op_reply(3281 gc.245 [call] v0'0 uv27 ondisk = 0) v6 ==== 173+0+11 (2688989823 0 1993775135) 0x7f9f7801c470 con 0x24e4b10
2014-12-17 09:43:17.664293 7f9f9effd700 1 -- 192.168.122.110:0/1025602 --> 192.168.122.111:6800/17009 -- osd_op(client.7734.0:3282 gc.245 [call lock.unlock] 92.c1027265 ondisk+write+known_if_redirected e291) v4 -- ?+0 0x7f9f700400e0 con 0x24e4b10
2014-12-17 09:43:17.665806 7f9fb37fe700 1 -- 192.168.122.110:0/1025602 <== osd.0 192.168.122.111:6800/17009 971 ==== osd_op_reply(3282 gc.245 [call] v291'28 uv28 ondisk = 0) v6 ==== 173+0+0 (1766348952 0 0) 0x7f9f78001d70 con 0x24e4b10
2014-12-17 09:43:17.665862 7f9f9effd700 1 -- 192.168.122.110:0/1025602 --> 192.168.122.111:6800/17009 -- osd_op(client.7734.0:3283 gc.246 [call lock.lock] 92.2555f5d4 ondisk+write+known_if_redirected e291) v4 -- ?+0 0x7f9f703281b0 con 0x24e4b10
2014-12-17 09:43:17.667413 7f9fb37fe700 1 -- 192.168.122.110:0/1025602 <== osd.0 192.168.122.111:6800/17009 972 ==== osd_op_reply(3283 gc.246 [call] v291'31 uv31 ondisk = 0) v6 ==== 173+0+0 (2657078305 0 0) 0x7f9f78001d70 con 0x24e4b10
2014-12-17 09:43:17.667456 7f9f9effd700 1 -- 192.168.122.110:0/1025602 --> 192.168.122.111:6800/17009 -- osd_op(client.7734.0:3284 gc.246 [call rgw.gc_list] 92.2555f5d4 ack+read+known_if_redirected e291) v4 -- ?+0 0x7f9f700400e0 con 0x24e4b10
2014-12-17 09:43:17.667852 7f9fb37fe700 1 -- 192.168.122.110:0/1025602 <== osd.0 192.168.122.111:6800/17009 973 ==== osd_op_reply(3284 gc.246 [call] v0'0 uv31 ondisk = 0) v6 ==== 173+0+11 (1875143106 0 1993775135) 0x7f9f7801c470 con 0x24e4b10
2014-12-17 09:43:17.667888 7f9f9effd700 1 -- 192.168.122.110:0/1025602 --> 192.168.122.111:6800/17009 -- osd_op(client.7734.0:3285 gc.246 [call lock.unlock] 92.2555f5d4 ondisk+write+known_if_redirected e291) v4 -- ?+0 0x7f9f703281b0 con 0x24e4b10
2014-12-17 09:43:17.669392 7f9fb37fe700 1 -- 192.168.122.110:0/1025602 <== osd.0 192.168.122.111:6800/17009 974 ==== osd_op_reply(3285 gc.246 [call] v291'32 uv32 ondisk = 0) v6 ==== 173+0+0 (880705147 0 0) 0x7f9f78001d70 con 0x24e4b10
2014-12-17 09:43:17.669436 7f9f9effd700 1 -- 192.168.122.110:0/1025602 --> 192.168.122.112:6800/23010 -- osd_op(client.7734.0:3286 gc.247 [call lock.lock] 92.fc02a12a ondisk+write+known_if_redirected e291) v4 -- ?+0 0x7f9f700400e0 con 0x24d1730
2014-12-17 09:43:17.671183 7f9fb37fe700 1 -- 192.168.122.110:0/1025602 <== osd.1 192.168.122.112:6800/23010 1181 ==== osd_op_reply(3286 gc.247 [call] v291'35 uv35 ondisk = 0) v6 ==== 173+0+0 (3559906838 0 0) 0x7f9f9402c3d0 con 0x24d1730
2014-12-17 09:43:17.671236 7f9f9effd700 1 -- 192.168.122.110:0/1025602 --> 192.168.122.112:6800/23010 -- osd_op(client.7734.0:3287 gc.247 [call rgw.gc_list] 92.fc02a12a ack+read+known_if_redirected e291) v4 -- ?+0 0x7f9f703281b0 con 0x24d1730
2014-12-17 09:43:17.671677 7f9fb37fe700 1 -- 192.168.122.110:0/1025602 <== osd.1 192.168.122.112:6800/23010 1182 ==== osd_op_reply(3287 gc.247 [call] v0'0 uv35 ondisk = 0) v6 ==== 173+0+11 (4235715571 0 1993775135) 0x7f9f9402b620 con 0x24d1730
2014-12-17 09:43:17.671714 7f9f9effd700 1 -- 192.168.122.110:0/1025602 --> 192.168.122.112:6800/23010 -- osd_op(client.7734.0:3288 gc.247 [call lock.unlock] 92.fc02a12a ondisk+write+known_if_redirected e291) v4 -- ?+0 0x7f9f700400e0 con 0x24d1730
2014-12-17 09:43:17.673391 7f9fb37fe700 1 -- 192.168.122.110:0/1025602 <== osd.1 192.168.122.112:6800/23010 1183 ==== osd_op_reply(3288 gc.247 [call] v291'36 uv36 ondisk = 0) v6 ==== 173+0+0 (2631797246 0 0) 0x7f9f9402b620 con 0x24d1730
2014-12-17 09:43:17.673436 7f9f9effd700 1 -- 192.168.122.110:0/1025602 --> 192.168.122.113:6800/23617 -- osd_op(client.7734.0:3289 gc.248 [call lock.lock] 92.5f9afda ondisk+write+known_if_redirected e291) v4 -- ?+0 0x7f9f700400e0 con 0x24d4e20
2014-12-17 09:43:17.675200 7f9fb37fe700 1 -- 192.168.122.110:0/1025602 <== osd.2 192.168.122.113:6800/23617 1207 ==== osd_op_reply(3289 gc.248 [call] v291'19 uv19 ondisk = 0) v6 ==== 173+0+0 (2900791463 0 0) 0x7f9f8c027900 con 0x24d4e20
2014-12-17 09:43:17.675251 7f9f9effd700 1 -- 192.168.122.110:0/1025602 --> 192.168.122.113:6800/23617 -- osd_op(client.7734.0:3290 gc.248 [call rgw.gc_list] 92.5f9afda ack+read+known_if_redirected e291) v4 -- ?+0 0x7f9f700400e0 con 0x24d4e20
2014-12-17 09:43:17.675686 7f9fb37fe700 1 -- 192.168.122.110:0/1025602 <== osd.2 192.168.122.113:6800/23617 1208 ==== osd_op_reply(3290 gc.248 [call] v0'0 uv19 ondisk = 0) v6 ==== 173+0+11 (3452994672 0 1993775135) 0x7f9f8c027900 con 0x24d4e20
2014-12-17 09:43:17.675737 7f9f9effd700 1 -- 192.168.122.110:0/1025602 --> 192.168.122.113:6800/23617 -- osd_op(client.7734.0:3291 gc.248 [call lock.unlock] 92.5f9afda ondisk+write+known_if_redirected e291) v4 -- ?+0 0x7f9f7032a1b0 con 0x24d4e20
2014-12-17 09:43:17.677411 7f9fb37fe700 1 -- 192.168.122.110:0/1025602 <== osd.2 192.168.122.113:6800/23617 1209 ==== osd_op_reply(3291 gc.248 [call] v291'20 uv20 ondisk = 0) v6 ==== 173+0+0 (3826730831 0 0) 0x7f9f8c0239d0 con 0x24d4e20
2014-12-17 09:43:17.677455 7f9f9effd700 1 -- 192.168.122.110:0/1025602 --> 192.168.122.111:6800/17009 -- osd_op(client.7734.0:3292 gc.249 [call lock.lock] 92.ddaea130 ondisk+write+known_if_redirected e291) v4 -- ?+0 0x7f9f700400e0 con 0x24e4b10
2014-12-17 09:43:17.679260 7f9fb37fe700 1 -- 192.168.122.110:0/1025602 <== osd.0 192.168.122.111:6800/17009 975 ==== osd_op_reply(3292 gc.249 [call] v291'47 uv47 ondisk = 0) v6 ==== 173+0+0 (2297099584 0 0) 0x7f9f78001d70 con 0x24e4b10
2014-12-17 09:43:17.679318 7f9f9effd700 1 -- 192.168.122.110:0/1025602 --> 192.168.122.111:6800/17009 -- osd_op(client.7734.0:3293 gc.249 [call rgw.gc_list] 92.ddaea130 ack+read+known_if_redirected e291) v4 -- ?+0 0x7f9f7032a1b0 con 0x24e4b10
2014-12-17 09:43:17.679920 7f9fb37fe700 1 -- 192.168.122.110:0/1025602 <== osd.0 192.168.122.111:6800/17009 976 ==== osd_op_reply(3293 gc.249 [call] v0'0 uv47 ondisk = 0) v6 ==== 173+0+11 (807369105 0 1993775135) 0x7f9f7801c470 con 0x24e4b10
2014-12-17 09:43:17.679957 7f9f9effd700 1 -- 192.168.122.110:0/1025602 --> 192.168.122.111:6800/17009 -- osd_op(client.7734.0:3294 gc.249 [call lock.unlock] 92.ddaea130 ondisk+write+known_if_redirected e291) v4 -- ?+0 0x7f9f700400e0 con 0x24e4b10
2014-12-17 09:43:17.681552 7f9fb37fe700 1 -- 192.168.122.110:0/1025602 <== osd.0 192.168.122.111:6800/17009 977 ==== osd_op_reply(3294 gc.249 [call] v291'48 uv48 ondisk = 0) v6 ==== 173+0+0 (2039865876 0 0) 0x7f9f78001d70 con 0x24e4b10
2014-12-17 09:43:17.681595 7f9f9effd700 1 -- 192.168.122.110:0/1025602 --> 192.168.122.113:6800/23617 -- osd_op(client.7734.0:3295 gc.250 [call lock.lock] 92.18aeb880 ondisk+write+known_if_redirected e291) v4 -- ?+0 0x7f9f7032a1b0 con 0x24d4e20
2014-12-17 09:43:17.683873 7f9fb37fe700 1 -- 192.168.122.110:0/1025602 <== osd.2 192.168.122.113:6800/23617 1210 ==== osd_op_reply(3295 gc.250 [call] v291'23 uv23 ondisk = 0) v6 ==== 173+0+0 (294860282 0 0) 0x7f9f8c027900 con 0x24d4e20
2014-12-17 09:43:17.683924 7f9f9effd700 1 -- 192.168.122.110:0/1025602 --> 192.168.122.113:6800/23617 -- osd_op(client.7734.0:3296 gc.250 [call rgw.gc_list] 92.18aeb880 ack+read+known_if_redirected e291) v4 -- ?+0 0x7f9f700400e0 con 0x24d4e20
2014-12-17 09:43:17.684370 7f9fb37fe700 1 -- 192.168.122.110:0/1025602 <== osd.2 192.168.122.113:6800/23617 1211 ==== osd_op_reply(3296 gc.250 [call] v0'0 uv23 ondisk = 0) v6 ==== 173+0+11 (12693953 0 1993775135) 0x7f9f8c027900 con 0x24d4e20
2014-12-17 09:43:17.684406 7f9f9effd700 1 -- 192.168.122.110:0/1025602 --> 192.168.122.113:6800/23617 -- osd_op(client.7734.0:3297 gc.250 [call lock.unlock] 92.18aeb880 ondisk+write+known_if_redirected e291) v4 -- ?+0 0x7f9f700400e0 con 0x24d4e20
2014-12-17 09:43:17.685973 7f9fb37fe700 1 -- 192.168.122.110:0/1025602 <== osd.2 192.168.122.113:6800/23617 1212 ==== osd_op_reply(3297 gc.250 [call] v291'24 uv24 ondisk = 0) v6 ==== 173+0+0 (3443748905 0 0) 0x7f9f8c0239d0 con 0x24d4e20
2014-12-17 09:43:17.686006 7f9f9effd700 2 garbage collection: stop
2014-12-17 09:43:19.106057 7f9fb3fff700 1 -- 192.168.122.110:0/1025602 --> 192.168.122.112:6800/23010 -- ping magic: 0 v1 -- ?+0 0x7f9f7c0a9310 con 0x24d1730
2014-12-17 09:43:19.106109 7f9fb3fff700 1 -- 192.168.122.110:0/1025602 --> 192.168.122.113:6800/23617 -- ping magic: 0 v1 -- ?+0 0x7f9f7c0a9760 con 0x24d4e20
2014-12-17 09:43:19.106121 7f9fb3fff700 1 -- 192.168.122.110:0/1025602 --> 192.168.122.111:6800/17009 -- ping magic: 0 v1 -- ?+0 0x7f9f7c0ae750 con 0x24e4b10
2014-12-17 09:43:24.106272 7f9fb3fff700 1 -- 192.168.122.110:0/1025602 --> 192.168.122.112:6800/23010 -- ping magic: 0 v1 -- ?+0 0x7f9f7c0a9310 con 0x24d1730
2014-12-17 09:43:24.106335 7f9fb3fff700 1 -- 192.168.122.110:0/1025602 --> 192.168.122.113:6800/23617 -- ping magic: 0 v1 -- ?+0 0x7f9f7c0a9760 con 0x24d4e20
2014-12-17 09:43:24.106347 7f9fb3fff700 1 -- 192.168.122.110:0/1025602 --> 192.168.122.111:6800/17009 -- ping magic: 0 v1 -- ?+0 0x7f9f7c0acb50 con 0x24e4b10
2014-12-17 09:43:29.106515 7f9fb3fff700 1 -- 192.168.122.110:0/1025602 --> 192.168.122.112:6800/23010 -- ping magic: 0 v1 -- ?+0 0x7f9f7c0acb50 con 0x24d1730
2014-12-17 09:43:29.106573 7f9fb3fff700 1 -- 192.168.122.110:0/1025602 --> 192.168.122.113:6800/23617 -- ping magic: 0 v1 -- ?+0 0x7f9f7c0a9760 con 0x24d4e20
2014-12-17 09:43:29.106592 7f9fb3fff700 1 -- 192.168.122.110:0/1025602 --> 192.168.122.111:6800/17009 -- ping magic: 0 v1 -- ?+0 0x7f9f7c0ab420 con 0x24e4b10
2014-12-17 09:43:34.106754 7f9fb3fff700 1 -- 192.168.122.110:0/1025602 --> 192.168.122.112:6800/23010 -- ping magic: 0 v1 -- ?+0 0x7f9f7c0ab420 con 0x24d1730
2014-12-17 09:43:34.106805 7f9fb3fff700 1 -- 192.168.122.110:0/1025602 --> 192.168.122.113:6800/23617 -- ping magic: 0 v1 -- ?+0 0x7f9f7c0a9760 con 0x24d4e20
2014-12-17 09:43:34.106817 7f9fb3fff700 1 -- 192.168.122.110:0/1025602 --> 192.168.122.111:6800/17009 -- ping magic: 0 v1 -- ?+0 0x7f9f7c0ab870 con 0x24e4b10
2014-12-17 09:43:35.101044 7f9f9f7fe700 2 RGWDataChangesLog::ChangesRenewThread: start
2014-12-17 09:43:39.106965 7f9fb3fff700 1 -- 192.168.122.110:0/1025602 --> 192.168.122.112:6800/23010 -- ping magic: 0 v1 -- ?+0 0x7f9f7c0ab870 con 0x24d1730
2014-12-17 09:43:39.107004 7f9fb3fff700 1 -- 192.168.122.110:0/1025602 --> 192.168.122.113:6800/23617 -- ping magic: 0 v1 -- ?+0 0x7f9f7c0a9760 con 0x24d4e20
2014-12-17 09:43:39.107022 7f9fb3fff700 1 -- 192.168.122.110:0/1025602 --> 192.168.122.111:6800/17009 -- ping magic: 0 v1 -- ?+0 0x7f9f7c0b51a0 con 0x24e4b10
2014-12-17 09:43:44.107173 7f9fb3fff700 1 -- 192.168.122.110:0/1025602 --> 192.168.122.112:6800/23010 -- ping magic: 0 v1 -- ?+0 0x7f9f7c0ab870 con 0x24d1730
2014-12-17 09:43:44.107216 7f9fb3fff700 1 -- 192.168.122.110:0/1025602 --> 192.168.122.113:6800/23617 -- ping magic: 0 v1 -- ?+0 0x7f9f7c0a9760 con 0x24d4e20
2014-12-17 09:43:44.107236 7f9fb3fff700 1 -- 192.168.122.110:0/1025602 --> 192.168.122.111:6800/17009 -- ping magic: 0 v1 -- ?+0 0x7f9f7c0b55f0 con 0x24e4b10
2014-12-17 09:43:44.345485 7f9f9e7fc700 20 BucketsSyncThread: sync user=sterling bucket=test(@{i=.rgw.buckets.index,e=.rgw.buckets.extra}.rgw.buckets[default.7734.1])
2014-12-17 09:43:44.345668 7f9f9e7fc700 1 -- 192.168.122.110:0/1025602 --> 192.168.122.113:6800/23617 -- osd_op(client.7734.0:3298 .dir.default.7734.1 [call rgw.bucket_list] 96.dc8be1fd ack+read+known_if_redirected e291) v4 -- ?+0 0x25193b0 con 0x24d4e20
2014-12-17 09:43:44.347503 7f9fb37fe700 1 -- 192.168.122.110:0/1025602 <== osd.2 192.168.122.113:6800/23617 1213 ==== osd_op_reply(3298 .dir.default.7734.1 [call] v0'0 uv17 ondisk = 0) v6 ==== 186+0+86 (1037825025 0 1058885618) 0x7f9f8c027900 con 0x24d4e20
2014-12-17 09:43:44.347675 7f9f9e7fc700 1 -- 192.168.122.110:0/1025602 --> 192.168.122.113:6800/23617 -- osd_op(client.7734.0:3299 sterling.buckets [call user.set_buckets_info] 93.a7d18d8c ondisk+write+known_if_redirected e291) v4 -- ?+0 0x2519d30 con 0x24d4e20
2014-12-17 09:43:44.352770 7f9fb37fe700 1 -- 192.168.122.110:0/1025602 <== osd.2 192.168.122.113:6800/23617 1214 ==== osd_op_reply(3299 sterling.buckets [call] v291'2 uv2 ondisk = 0) v6 ==== 183+0+0 (1159516626 0 0) 0x7f9f8c0239d0 con 0x24d4e20
2014-12-17 09:43:49.107388 7f9fb3fff700 1 -- 192.168.122.110:0/1025602 --> 192.168.122.112:6800/23010 -- ping magic: 0 v1 -- ?+0 0x7f9f7c0b55f0 con 0x24d1730
2014-12-17 09:43:49.107431 7f9fb3fff700 1 -- 192.168.122.110:0/1025602 --> 192.168.122.113:6800/23617 -- ping magic: 0 v1 -- ?+0 0x7f9f7c0a9760 con 0x24d4e20
2014-12-17 09:43:49.107442 7f9fb3fff700 1 -- 192.168.122.110:0/1025602 --> 192.168.122.111:6800/17009 -- ping magic: 0 v1 -- ?+0 0x7f9f7c0b5a40 con 0x24e4b10
2014-12-17 09:43:54.107586 7f9fb3fff700 1 -- 192.168.122.110:0/1025602 --> 192.168.122.112:6800/23010 -- ping magic: 0 v1 -- ?+0 0x7f9f7c0b55f0 con 0x24d1730
2014-12-17 09:43:54.107636 7f9fb3fff700 1 -- 192.168.122.110:0/1025602 --> 192.168.122.113:6800/23617 -- ping magic: 0 v1 -- ?+0 0x7f9f7c0a9760 con 0x24d4e20
2014-12-17 09:43:54.107666 7f9fb3fff700 1 -- 192.168.122.110:0/1025602 --> 192.168.122.111:6800/17009 -- ping magic: 0 v1 -- ?+0 0x7f9f7c0b5e90 con 0x24e4b10
2014-12-17 09:43:57.101244 7f9f9f7fe700 2 RGWDataChangesLog::ChangesRenewThread: start
2014-12-17 09:43:59.107822 7f9fb3fff700 1 -- 192.168.122.110:0/1025602 --> 192.168.122.112:6800/23010 -- ping magic: 0 v1 -- ?+0 0x7f9f7c0b55f0 con 0x24d1730
2014-12-17 09:43:59.107875 7f9fb3fff700 1 -- 192.168.122.110:0/1025602 --> 192.168.122.113:6800/23617 -- ping magic: 0 v1 -- ?+0 0x7f9f7c0a9760 con 0x24d4e20
2014-12-17 09:43:59.107887 7f9fb3fff700 1 -- 192.168.122.110:0/1025602 --> 192.168.122.111:6800/17009 -- ping magic: 0 v1 -- ?+0 0x7f9f7c0b62e0 con 0x24e4b10
2014-12-17 09:44:04.108027 7f9fb3fff700 1 -- 192.168.122.110:0/1025602 --> 192.168.122.112:6800/23010 -- ping magic: 0 v1 -- ?+0 0x7f9f7c0b62e0 con 0x24d1730
2014-12-17 09:44:04.108079 7f9fb3fff700 1 -- 192.168.122.110:0/1025602 --> 192.168.122.113:6800/23617 -- ping magic: 0 v1 -- ?+0 0x7f9f7c0a9760 con 0x24d4e20
2014-12-17 09:44:04.108091 7f9fb3fff700 1 -- 192.168.122.110:0/1025602 --> 192.168.122.111:6800/17009 -- ping magic: 0 v1 -- ?+0 0x7f9f7c0b6730 con 0x24e4b10
2014-12-17 09:44:09.108245 7f9fb3fff700 1 -- 192.168.122.110:0/1025602 --> 192.168.122.112:6800/23010 -- ping magic: 0 v1 -- ?+0 0x7f9f7c0b6730 con 0x24d1730
2014-12-17 09:44:09.108294 7f9fb3fff700 1 -- 192.168.122.110:0/1025602 --> 192.168.122.113:6800/23617 -- ping magic: 0 v1 -- ?+0 0x7f9f7c0a9760 con 0x24d4e20
2014-12-17 09:44:09.108304 7f9fb3fff700 1 -- 192.168.122.110:0/1025602 --> 192.168.122.111:6800/17009 -- ping magic: 0 v1 -- ?+0 0x7f9f7c0b6b80 con 0x24e4b10
2014-12-17 09:44:12.099482 7f9fb1ffb700 1 -- 192.168.122.110:0/1025602 --> 192.168.122.111:6789/0 -- mon_subscribe({monmap=2+,osdmap=292}) v2 -- ?+0 0x7f9f80028720 con 0x24876f0
2014-12-17 09:44:12.100248 7f9fb37fe700 1 -- 192.168.122.110:0/1025602 <== mon.0 192.168.122.111:6789/0 40 ==== mon_subscribe_ack(300s) v1 ==== 20+0+0 (4048590127 0 0) 0x7f9fa0029b10 con 0x24876f0
2014-12-17 09:44:14.108453 7f9fb3fff700 1 -- 192.168.122.110:0/1025602 --> 192.168.122.112:6800/23010 -- ping magic: 0 v1 -- ?+0 0x7f9f7c0b6b80 con 0x24d1730
2014-12-17 09:44:14.108508 7f9fb3fff700 1 -- 192.168.122.110:0/1025602 --> 192.168.122.113:6800/23617 -- ping magic: 0 v1 -- ?+0 0x7f9f7c0b6730 con 0x24d4e20
2014-12-17 09:44:14.108529 7f9fb3fff700 1 -- 192.168.122.110:0/1025602 --> 192.168.122.111:6800/17009 -- ping magic: 0 v1 -- ?+0 0x7f9f7c0aff80 con 0x24e4b10
2014-12-17 09:44:19.101378 7f9f9f7fe700 2 RGWDataChangesLog::ChangesRenewThread: start
2014-12-17 09:44:19.108689 7f9fb3fff700 1 -- 192.168.122.110:0/1025602 --> 192.168.122.112:6800/23010 -- ping magic: 0 v1 -- ?+0 0x7f9f7c0b6b80 con 0x24d1730
2014-12-17 09:44:19.108732 7f9fb3fff700 1 -- 192.168.122.110:0/1025602 --> 192.168.122.113:6800/23617 -- ping magic: 0 v1 -- ?+0 0x7f9f7c0b6730 con 0x24d4e20
2014-12-17 09:44:19.108744 7f9fb3fff700 1 -- 192.168.122.110:0/1025602 --> 192.168.122.111:6800/17009 -- ping magic: 0 v1 -- ?+0 0x7f9f7c0b03d0 con 0x24e4b10
2014-12-17 09:44:24.108892 7f9fb3fff700 1 -- 192.168.122.110:0/1025602 --> 192.168.122.112:6800/23010 -- ping magic: 0 v1 -- ?+0 0x7f9f7c0b03d0 con 0x24d1730
2014-12-17 09:44:24.108945 7f9fb3fff700 1 -- 192.168.122.110:0/1025602 --> 192.168.122.113:6800/23617 -- ping magic: 0 v1 -- ?+0 0x7f9f7c0b6730 con 0x24d4e20
2014-12-17 09:44:24.108957 7f9fb3fff700 1 -- 192.168.122.110:0/1025602 --> 192.168.122.111:6800/17009 -- ping magic: 0 v1 -- ?+0 0x7f9f7c0b0820 con 0x24e4b10
2014-12-17 09:44:29.109108 7f9fb3fff700 1 -- 192.168.122.110:0/1025602 --> 192.168.122.112:6800/23010 -- ping magic: 0 v1 -- ?+0 0x7f9f7c0b0820 con 0x24d1730
2014-12-17 09:44:29.109161 7f9fb3fff700 1 -- 192.168.122.110:0/1025602 --> 192.168.122.113:6800/23617 -- ping magic: 0 v1 -- ?+0 0x7f9f7c0b6730 con 0x24d4e20
2014-12-17 09:44:29.109173 7f9fb3fff700 1 -- 192.168.122.110:0/1025602 --> 192.168.122.111:6800/17009 -- ping magic: 0 v1 -- ?+0 0x7f9f7c0b0c70 con 0x24e4b10
2014-12-17 09:44:34.109356 7f9fb3fff700 1 -- 192.168.122.110:0/1025602 --> 192.168.122.112:6800/23010 -- ping magic: 0 v1 -- ?+0 0x7f9f7c0b0c70 con 0x24d1730
2014-12-17 09:44:34.109414 7f9fb3fff700 1 -- 192.168.122.110:0/1025602 --> 192.168.122.113:6800/23617 -- ping magic: 0 v1 -- ?+0 0x7f9f7c0b6730 con 0x24d4e20
2014-12-17 09:44:34.109436 7f9fb3fff700 1 -- 192.168.122.110:0/1025602 --> 192.168.122.111:6800/17009 -- ping magic: 0 v1 -- ?+0 0x7f9f7c0b10c0 con 0x24e4b10
2014-12-17 09:44:39.109600 7f9fb3fff700 1 -- 192.168.122.110:0/1025602 --> 192.168.122.112:6800/23010 -- ping magic: 0 v1 -- ?+0 0x7f9f7c0b10c0 con 0x24d1730
2014-12-17 09:44:39.109668 7f9fb3fff700 1 -- 192.168.122.110:0/1025602 --> 192.168.122.113:6800/23617 -- ping magic: 0 v1 -- ?+0 0x7f9f7c0b6730 con 0x24d4e20
2014-12-17 09:44:39.109680 7f9fb3fff700 1 -- 192.168.122.110:0/1025602 --> 192.168.122.111:6800/17009 -- ping magic: 0 v1 -- ?+0 0x7f9f7c0b1510 con 0x24e4b10
2014-12-17 09:44:41.101531 7f9f9f7fe700 2 RGWDataChangesLog::ChangesRenewThread: start
2014-12-17 09:44:44.109835 7f9fb3fff700 1 -- 192.168.122.110:0/1025602 --> 192.168.122.112:6800/23010 -- ping magic: 0 v1 -- ?+0 0x7f9f7c0b6730 con 0x24d1730
2014-12-17 09:44:44.109889 7f9fb3fff700 1 -- 192.168.122.110:0/1025602 --> 192.168.122.113:6800/23617 -- ping magic: 0 v1 -- ?+0 0x7f9f7c0b1510 con 0x24d4e20
2014-12-17 09:44:44.109901 7f9fb3fff700 1 -- 192.168.122.110:0/1025602 --> 192.168.122.111:6800/17009 -- ping magic: 0 v1 -- ?+0 0x7f9f7c0b1960 con 0x24e4b10
2014-12-17 09:44:49.110056 7f9fb3fff700 1 -- 192.168.122.110:0/1025602 --> 192.168.122.112:6800/23010 -- ping magic: 0 v1 -- ?+0 0x7f9f7c0b1510 con 0x24d1730
2014-12-17 09:44:49.110105 7f9fb3fff700 1 -- 192.168.122.110:0/1025602 --> 192.168.122.113:6800/23617 -- ping magic: 0 v1 -- ?+0 0x7f9f7c0b1960 con 0x24d4e20
2014-12-17 09:44:49.110116 7f9fb3fff700 1 -- 192.168.122.110:0/1025602 --> 192.168.122.111:6800/17009 -- ping magic: 0 v1 -- ?+0 0x7f9f7c0b1db0 con 0x24e4b10
2014-12-17 09:44:54.110286 7f9fb3fff700 1 -- 192.168.122.110:0/1025602 --> 192.168.122.112:6800/23010 -- ping magic: 0 v1 -- ?+0 0x7f9f7c0b1960 con 0x24d1730
2014-12-17 09:44:54.110341 7f9fb3fff700 1 -- 192.168.122.110:0/1025602 --> 192.168.122.113:6800/23617 -- ping magic: 0 v1 -- ?+0 0x7f9f7c0b1db0 con 0x24d4e20
2014-12-17 09:44:54.110367 7f9fb3fff700 1 -- 192.168.122.110:0/1025602 --> 192.168.122.111:6800/17009 -- ping magic: 0 v1 -- ?+0 0x7f9f7c0b2200 con 0x24e4b10
2014-12-17 09:44:59.110529 7f9fb3fff700 1 -- 192.168.122.110:0/1025602 --> 192.168.122.112:6800/23010 -- ping magic: 0 v1 -- ?+0 0x7f9f7c0b1db0 con 0x24d1730
2014-12-17 09:44:59.110582 7f9fb3fff700 1 -- 192.168.122.110:0/1025602 --> 192.168.122.113:6800/23617 -- ping magic: 0 v1 -- ?+0 0x7f9f7c0b2200 con 0x24d4e20
2014-12-17 09:44:59.110595 7f9fb3fff700 1 -- 192.168.122.110:0/1025602 --> 192.168.122.111:6800/17009 -- ping magic: 0 v1 -- ?+0 0x7f9f7c0b2650 con 0x24e4b10
2014-12-17 09:45:03.101682 7f9f9f7fe700 2 RGWDataChangesLog::ChangesRenewThread: start
2014-12-17 09:45:04.110747 7f9fb3fff700 1 -- 192.168.122.110:0/1025602 --> 192.168.122.112:6800/23010 -- ping magic: 0 v1 -- ?+0 0x7f9f7c0b2200 con 0x24d1730
2014-12-17 09:45:04.110800 7f9fb3fff700 1 -- 192.168.122.110:0/1025602 --> 192.168.122.113:6800/23617 -- ping magic: 0 v1 -- ?+0 0x7f9f7c0b2650 con 0x24d4e20
2014-12-17 09:45:04.110812 7f9fb3fff700 1 -- 192.168.122.110:0/1025602 --> 192.168.122.111:6800/17009 -- ping magic: 0 v1 -- ?+0 0x7f9f7c0b2aa0 con 0x24e4b10
2014-12-17 09:45:09.110976 7f9fb3fff700 1 -- 192.168.122.110:0/1025602 --> 192.168.122.112:6800/23010 -- ping magic: 0 v1 -- ?+0 0x7f9f7c0b2200 con 0x24d1730
2014-12-17 09:45:09.111025 7f9fb3fff700 1 -- 192.168.122.110:0/1025602 --> 192.168.122.113:6800/23617 -- ping magic: 0 v1 -- ?+0 0x7f9f7c0b2aa0 con 0x24d4e20
2014-12-17 09:45:09.111039 7f9fb3fff700 1 -- 192.168.122.110:0/1025602 --> 192.168.122.111:6800/17009 -- ping magic: 0 v1 -- ?+0 0x7f9f7c0b2ef0 con 0x24e4b10
2014-12-17 09:45:14.111215 7f9fb3fff700 1 -- 192.168.122.110:0/1025602 --> 192.168.122.112:6800/23010 -- ping magic: 0 v1 -- ?+0 0x7f9f7c0b2200 con 0x24d1730
2014-12-17 09:45:14.111270 7f9fb3fff700 1 -- 192.168.122.110:0/1025602 --> 192.168.122.113:6800/23617 -- ping magic: 0 v1 -- ?+0 0x7f9f7c0b2ef0 con 0x24d4e20
2014-12-17 09:45:14.111285 7f9fb3fff700 1 -- 192.168.122.110:0/1025602 --> 192.168.122.111:6800/17009 -- ping magic: 0 v1 -- ?+0 0x7f9f7c0b3340 con 0x24e4b10
2014-12-17 09:45:19.111435 7f9fb3fff700 1 -- 192.168.122.110:0/1025602 --> 192.168.122.112:6800/23010 -- ping magic: 0 v1 -- ?+0 0x7f9f7c0b2200 con 0x24d1730
2014-12-17 09:45:19.111482 7f9fb3fff700 1 -- 192.168.122.110:0/1025602 --> 192.168.122.113:6800/23617 -- ping magic: 0 v1 -- ?+0 0x7f9f7c0b3340 con 0x24d4e20
2014-12-17 09:45:19.111492 7f9fb3fff700 1 -- 192.168.122.110:0/1025602 --> 192.168.122.111:6800/17009 -- ping magic: 0 v1 -- ?+0 0x7f9f7c0b3790 con 0x24e4b10