2014-12-08 18:14:02.562291 7f28fcb46700 10 osd.70 pg_epoch: 71594 pg[218.372( v 71581'2 (0'0,71581'2] local-les=71435 n=2 ec=71423 les/c 71590/71590 71591/71593/71425) [63,70,68] r=1 lpr=71593 pi=71423-71592/10 crt=0'0 lcod 0'0 inactive NOTIFY] take_waiters
2014-12-08 18:14:02.562298 7f28fcb46700 20 osd.70 pg_epoch: 71594 pg[218.372( v 71581'2 (0'0,71581'2] local-les=71435 n=2 ec=71423 les/c 71590/71590 71591/71593/71425) [63,70,68] r=1 lpr=71593 pi=71423-71592/10 crt=0'0 lcod 0'0 inactive NOTIFY] handle_activate_map: Not dirtying info: last_persisted is 71593 while current is 71594
2014-12-08 18:14:02.562306 7f28fcb46700 10 osd.70 pg_epoch: 71594 pg[218.372( v 71581'2 (0'0,71581'2] local-les=71435 n=2 ec=71423 les/c 71590/71590 71591/71593/71425) [63,70,68] r=1 lpr=71593 pi=71423-71592/10 crt=0'0 lcod 0'0 inactive NOTIFY] handle_peering_event: epoch_sent: 71594 epoch_requested: 71594 NullEvt
2014-12-08 18:14:02.562314 7f28fcb46700 10 log is not dirty
2014-12-08 18:14:02.562332 7f2904b56700 10 osd.70 71594 do_waiters -- start
2014-12-08 18:14:02.562334 7f2904b56700 10 osd.70 71594 do_waiters -- finish --
2014-12-08 18:14:02.562336 7f2904b56700 20 osd.70 71594 _dispatch 0x12c19a20 pg_notify(19.6e(150) epoch 71594) v5
2014-12-08 18:14:02.562339 7f28fcb46700 20 PGPool::update cached_removed_snaps [] newly_removed_snaps [] snapc 0=[] (no change)
2014-12-08 18:14:02.562344 7f28fc345700 20 osd.70 71594 share_map_peer 0x12a1fc80 already has epoch 71594
2014-12-08 18:14:02.562343 7f28fcb46700 10 osd.70 pg_epoch: 71594 pg[217.198( v 71377'26 (0'0,71377'26] local-les=71593 n=6 ec=71094 les/c 71593/71593 71591/71591/71096) [25,75,70] r=2 lpr=71591 pi=71094-71590/26 luod=0'0 crt=71377'24 lcod 0'0 active] state: Started advmap
2014-12-08 18:14:02.562348 7f28fc345700 7 osd.70 71594 do_notifies osd 77 on 1 PGs
2014-12-08 18:14:02.562351 7f28fcb46700 10 osd.70 pg_epoch: 71594 pg[217.198( v 71377'26 (0'0,71377'26] local-les=71593 n=6 ec=71094 les/c 71593/71593 71591/71591/71096) [25,75,70] r=2 lpr=71591 pi=71094-71590/26 luod=0'0 crt=71377'24 lcod 0'0 active] check_recovery_sources no source osds () went down
2014-12-08 18:14:02.562366 7f2904b56700 7 osd.70 71594 handle_pg_notify from osd.76
2014-12-08 18:14:02.562363 7f28fcb46700 10 osd.70 pg_epoch: 71594 pg[217.198( v 71377'26 (0'0,71377'26] local-les=71593 n=6 ec=71094 les/c 71593/71593 71591/71591/71096) [25,75,70] r=2 lpr=71591 pi=71094-71590/26 luod=0'0 crt=71377'24 lcod 0'0 active] handle_activate_map
2014-12-08 18:14:02.562368 7f2904b56700 15 osd.70 71594 require_same_or_newer_map 71594 (i am 71594) 0x12c19a20
2014-12-08 18:14:02.562369 7f28fc345700 20 osd.70 71594 do_infos sending info 218.1e1( v 71581'1 (0'0,71581'1] local-les=71594 n=1 ec=71423 les/c 71590/71590 71591/71593/71593) to shard 4
2014-12-08 18:14:02.562376 7f28fc345700 20 osd.70 71594 share_map_peer 0x118b9e40 already has epoch 71594
2014-12-08 18:14:02.562374 7f28fcb46700 10 osd.70 pg_epoch: 71594 pg[217.198( v 71377'26 (0'0,71377'26] local-les=71593 n=6 ec=71094 les/c 71593/71593 71591/71591/71096) [25,75,70] r=2 lpr=71591 pi=71094-71590/26 luod=0'0 crt=71377'24 lcod 0'0 active] take_waiters
2014-12-08 18:14:02.562382 7f28fcb46700 20 osd.70 pg_epoch: 71594 pg[217.198( v 71377'26 (0'0,71377'26] local-les=71593 n=6 ec=71094 les/c 71593/71593 71591/71591/71096) [25,75,70] r=2 lpr=71591 pi=71094-71590/26 luod=0'0 crt=71377'24 lcod 0'0 active] handle_activate_map: Not dirtying info: last_persisted is 71593 while current is 71594
2014-12-08 18:14:02.562394 7f28fc345700 20 osd.70 71594 do_infos sending info 218.1e3( v 71581'1 (0'0,71581'1] local-les=71594 n=1 ec=71423 les/c 71585/71583 71591/71593/71593) to shard 14
2014-12-08 18:14:02.562390 7f28fcb46700 10 osd.70 pg_epoch: 71594 pg[217.198( v 71377'26 (0'0,71377'26] local-les=71593 n=6 ec=71094 les/c 71593/71593 71591/71591/71096) [25,75,70] r=2 lpr=71591 pi=71094-71590/26 luod=0'0 crt=71377'24 lcod 0'0 active] handle_peering_event: epoch_sent: 71594 epoch_requested: 71594 NullEvt
2014-12-08 18:14:02.562402 7f28fc345700 20 osd.70 71594 share_map_peer 0x1268bce0 already has epoch 71594
2014-12-08 18:14:02.562403 7f28fcb46700 10 log is not dirty
2014-12-08 18:14:02.562404 7f2904b56700 10 osd.70 71594 do_waiters -- start
2014-12-08 18:14:02.562407 7f2904b56700 10 osd.70 71594 do_waiters -- finish
2014-12-08 18:14:02.562426 7f28fc345700 20 osd.70 71594 do_infos sending info 218.1e1( v 71581'1 (0'0,71581'1] local-les=71594 n=1 ec=71423 les/c 71590/71590 71591/71593/71593) to shard 21
2014-12-08 18:14:02.562416 7f28fcb46700 10 osd.70 pg_epoch: 71593 pg[217.370( v 71377'12257 (71377'9256,71377'12257] local-les=71592 n=16 ec=71094 les/c 71592/71592 71591/71591/71591) [70,10,56] r=0 lpr=71591 crt=71377'12255 lcod 0'0 mlcod 0'0 active+clean] handle_advance_map [70,10,56]/[70,10,56] -- 70/70 --
2014-12-08 18:14:02.568448 7f2904b56700 20 osd.70 71594 _dispatch 0x12f8ad00 pg_notify(19.6e(150) epoch 71594) v5
2014-12-08 18:14:02.568452 7f28fcb46700 10 log is not dirty
2014-12-08 18:14:02.568445 7f28fc345700 10 osd.70 pg_epoch: 71594 pg[218.4f3( v 71581'3 (0'0,71581'3] local-les=71594 n=3 ec=71423 les/c 71590/71583 71591/71593/71593) [70,76,3] r=0 lpr=71593 pi=71432-71592/6 crt=71580'1 lcod 0'0 mlcod 0'0 inactive] activate peer osd.3 218.4f3( v 71581'3 (0'0,71581'3] local-les=71590 n=3 ec=71423 les/c 71590/71583 71591/71593/71593)
2014-12-08 18:14:02.568455 7f28fc345700 10 osd.70 pg_epoch: 71594 pg[218.4f3( v 71581'3 (0'0,71581'3] local-les=71594 n=3 ec=71423 les/c 71590/71583 71591/71593/71593) [70,76,3] r=0 lpr=71593 pi=71432-71592/6 crt=71580'1 lcod 0'0 mlcod 0'0 inactive] activate peer osd.3 is up to date, queueing in pending_activators
2014-12-08 18:14:02.568456 7f290a83a700 10 osd.70 pg_epoch: 71594 pg[218.38( v 71581'3 (0'0,71581'3] local-les=71434 n=3 ec=71423 les/c 71590/71583 71591/71594/71425) [56,17,70] r=2 lpr=71594 pi=71423-71593/10 crt=71580'1 lcod 0'0 inactive NOTIFY] flushed
2014-12-08 18:14:02.568461 7f28fcb46700 10 osd.70 pg_epoch: 71593 pg[216.196( v 71093'258 (0'0,71093'258] local-les=71449 n=122 ec=70987 les/c 71590/71583 71591/71591/71444) [21,70,68]/[21,68,17] r=-1 lpr=71591 pi=70987-71590/33 crt=71093'256 lcod 0'0 remapped NOTIFY] handle_advance_map [21,70,68]/[21,70,68] -- 21/21
2014-12-08 18:14:02.568473 7f28fcb46700 20 PGPool::update cached_removed_snaps [] newly_removed_snaps [] snapc 0=[] (no change)
2014-12-08 18:14:02.568468 7f28fc345700 10 osd.70 pg_epoch: 71594 pg[218.4f3( v 71581'3 (0'0,71581'3] local-les=71594 n=3 ec=71423 les/c 71590/71583 71591/71593/71593) [70,76,3] r=0 lpr=71593 pi=71432-71592/6 crt=71580'1 lcod 0'0 mlcod 0'0 inactive] activate peer osd.3 218.4f3( v 71581'3 (0'0,71581'3] local-les=71590 n=3 ec=71423 les/c 71590/71583 71591/71593/71593) uptodate
2014-12-08 18:14:02.568478 7f2904b56700 7 osd.70 71594 handle_pg_notify from osd.4
2014-12-08 18:14:02.568481 7f2904b56700 15 osd.70 71594 require_same_or_newer_map 71594 (i am 71594) 0x12f8ad00
2014-12-08 18:14:02.568476 7f28fcb46700 10 osd.70 pg_epoch: 71594 pg[216.196( v 71093'258 (0'0,71093'258] local-les=71449 n=122 ec=70987 les/c 71590/71583 71591/71591/71444) [21,70,68]/[21,68,17] r=-1 lpr=71591 pi=70987-71590/33 crt=71093'256 lcod 0'0 remapped NOTIFY] state: Started advmap
2014-12-08 18:14:02.568478 7f28fc345700 10 osd.70 pg_epoch: 71594 pg[218.4f3( v 71581'3 (0'0,71581'3] local-les=71594 n=3 ec=71423 les/c 71590/71583 71591/71593/71593) [70,76,3] r=0 lpr=71593 pi=71432-71592/6 crt=71580'1 lcod 0'0 mlcod 0'0 inactive] activate peer osd.76 218.4f3( v 71581'3 (0'0,71581'3] local-les=71590 n=3 ec=71423 les/c 71590/71583 71591/71593/71593)
2014-12-08 18:14:02.568485 7f28fcb46700 20 osd.70 pg_epoch: 71594 pg[216.196( v 71093'258 (0'0,71093'258] local-les=71449 n=122 ec=70987 les/c 71590/71583 71591/71591/71444) [21,70,68]/[21,68,17] r=-1 lpr=71591 pi=70987-71590/33 crt=71093'256 lcod 0'0 remapped NOTIFY] new interval newup [21,70,68] newacting [21,70,68]
2014-12-08 18:14:02.568488 7f28fc345700 10 osd.70 pg_epoch: 71594 pg[218.4f3( v 71581'3 (0'0,71581'3] local-les=71594 n=3 ec=71423 les/c 71590/71583 71591/71593/71593) [70,76,3] r=0 lpr=71593 pi=71432-71592/6 crt=71580'1 lcod 0'0 mlcod 0'0 inactive] activate peer osd.76 is up to date, queueing in pending_activators
2014-12-08 18:14:02.568493 7f28fcb46700 10 osd.70 pg_epoch: 71594 pg[216.196( v 71093'258 (0'0,71093'258] local-les=71449 n=122 ec=70987 les/c 71590/71583 71591/71591/71444) [21,70,68]/[21,68,17] r=-1 lpr=71591 pi=70987-71590/33 crt=71093'256 lcod 0'0 remapped NOTIFY] state: should_restart_peering, transitioning to Reset
2014-12-08 18:14:02.568502 7f28fcb46700 5 osd.70 pg_epoch: 71594 pg[216.196( v 71093'258 (0'0,71093'258] local-les=71449 n=122 ec=70987 les/c 71590/71583 71591/71591/71444) [21,70,68]/[21,68,17] r=-1 lpr=71591 pi=70987-71590/33 crt=71093'256 lcod 0'0 remapped NOTIFY] exit Started/Stray 1.921920 10 0.000562
2014-12-08 18:14:02.568517 7f2904b56700 10 osd.70 71594 do_waiters -- start
2014-12-08 18:14:02.568511 7f28fc345700 10 osd.70 pg_epoch: 71594 pg[218.4f3( v 71581'3 (0'0,71581'3] local-les=71594 n=3 ec=71423 les/c 71590/71583 71591/71593/71593) [70,76,3] r=0 lpr=71593 pi=71432-71592/6 crt=71580'1 lcod 0'0 mlcod 0'0 inactive] activate peer osd.76 218.4f3( v 71581'3 (0'0,71581'3] local-les=71590 n=3 ec=71423 les/c 71590/71583 71591/71593/71593) uptodate
2014-12-08 18:14:02.568519 7f2904b56700 10 osd.70 71594 do_waiters -- finish
2014-12-08 18:14:02.568515 7f28fcb46700 5 osd.70 pg_epoch: 71594 pg[216.196( v 71093'258 (0'0,71093'258] local-les=71449 n=122 ec=70987 les/c 71590/71583 71591/71591/71444) [21,70,68]/[21,68,17] r=-1 lpr=71591 pi=70987-71590/33 crt=71093'256 lcod 0'0 remapped NOTIFY] exit Started 1.921996 0 0.000000
2014-12-08 18:14:02.568522 7f28fc345700 10 osd.70 pg_epoch: 71594 pg[218.4f3( v 71581'3 (0'0,71581'3] local-les=71594 n=3 ec=71423 les/c 71590/71583 71591/71593/71593) [70,76,3] r=0 lpr=71593 pi=71432-71592/6 crt=71580'1 lcod 0'0 mlcod 0'0 inactive] needs_recovery is recovered --
2014-12-08 18:14:02.617316 7f28fcb46700 10 osd.70 pg_epoch: 71594 pg[19.6e( v 51072'48910307 (50495'48906592,51072'48910307] local-les=51066 n=855 ec=21298 les/c 51101/50495 71591/71591/71591) [70,16,13] r=0 lpr=71591 pi=50489-71590/150 crt=51071'48910301 lcod 0'0 mlcod 0'0 incomplete] handle_peering_event: epoch_sent: 71594 epoch_requested: 71594 MNotifyRec from 16 notify: (query_epoch:71594, epoch_sent:71594, info:19.6e( empty local-les=0 n=0 ec=21298 les/c 51101/50495 71591/71591/71591)) features: 0x3fffffffffff
2014-12-08 18:14:02.617333 7f28fc345700 10 log is not dirty
2014-12-08 18:14:02.617337 7f2904b56700 7 osd.70 71594 handle_pg_info pg_info(1 pgs e71594:218.2a2) v4 from osd.76
2014-12-08 18:14:02.617341 7f2904b56700 15 osd.70 71594 require_same_or_newer_map 71594 (i am 71594) 0x13ef10e0
2014-12-08 18:14:02.617341 7f28fc345700 20 osd.70 71594 share_map_peer 0x12839760 already has epoch 71594
2014-12-08 18:14:02.617335 7f28fcb46700 7 osd.70 pg_epoch: 71594 pg[19.6e( v 51072'48910307 (50495'48906592,51072'48910307] local-les=51066 n=855 ec=21298 les/c 51101/50495 71591/71591/71591) [70,16,13] r=0 lpr=71591 pi=50489-71590/150 crt=51071'48910301 lcod 0'0 mlcod 0'0 incomplete] state: handle_pg_notify from osd.16
2014-12-08 18:14:02.617346 7f28fc345700 7 osd.70 71594 do_notifies osd 17 on 1 PGs
2014-12-08 18:14:02.617351 7f28fcb46700 10 osd.70 pg_epoch: 71594 pg[19.6e( v 51072'48910307 (50495'48906592,51072'48910307] local-les=51066 n=855 ec=21298 les/c 51101/50495 71591/71591/71591) [70,16,13] r=0 lpr=71591 pi=50489-71590/150 crt=51071'48910301 lcod 0'0 mlcod 0'0 incomplete] state: pg[19.6e( v 51072'48910307 (50495'48906592,51072'48910307] local-les=51066 n=855 ec=21298 les/c 51101/50495 71591/71591/71591) [70,16,13] r=0 lpr=71591 pi=50489-71590/150 crt=51071'48910301 lcod 0'0 mlcod 0'0 incomplete] got dup osd.16 info 19.6e( empty local-les=0 n=0 ec=21298 les/c 51101/50495 71591/71591/71591), identical to ours
2014-12-08 18:14:02.617374 7f28fcb46700 10 log is not dirty
2014-12-08 18:14:02.617378 7f2904b56700 10 osd.70 71594 do_waiters -- start
2014-12-08 18:14:02.617381 7f2904b56700 10 osd.70 71594 do_waiters -- finish
2014-12-08 18:14:02.617380 7f28fcb46700 10 osd.70 pg_epoch: 71594 pg[216.29a( v 71093'209 (0'0,71093'209] local-les=71453 n=104 ec=70987 les/c 71585/71583 71591/71593/71444) [19,70,14] r=1 lpr=71593 pi=70987-71592/32 crt=71093'207 lcod 0'0 inactive NOTIFY] handle_peering_event: epoch_sent: 71594 epoch_requested: 71594 MInfoRec from 19 info: 216.29a( v 71093'209 (0'0,71093'209] local-les=71594 n=104 ec=70987 les/c 71585/71583 71591/71593/71444)
2014-12-08 18:14:02.617398 7f2904b56700 10 osd.70 71594 do_waiters -- start
2014-12-08 18:14:02.617401 7f2904b56700 10 osd.70 71594 do_waiters -- finish
2014-12-08 18:14:02.617393 7f28fcb46700 10 osd.70 pg_epoch: 71594 pg[216.29a( v 71093'209 (0'0,71093'209] local-les=71453 n=104 ec=70987 les/c 71585/71583 71591/71593/71444) [19,70,14] r=1 lpr=71593 pi=70987-71592/32 crt=71093'207 lcod 0'0 inactive NOTIFY] state: got info from osd.19 216.29a( v 71093'209 (0'0,71093'209] local-les=71594 n=104 ec=70987 les/c 71585/71583 71591/71593/71444)
2014-12-08 18:14:02.617403 7f2904b56700 20 osd.70 71594 _dispatch 0x12eaa000 pg_info(1 pgs e71594:218.464) v4
2014-12-08 18:14:02.617408 7f28fcb46700 5 osd.70 pg_epoch: 71594 pg[216.29a( v 71093'209 (0'0,71093'209] local-les=71453 n=104 ec=70987 les/c 71585/71583 71591/71593/71444) [19,70,14] r=1 lpr=71593 pi=70987-71592/32 crt=71093'207 lcod 0'0 inactive NOTIFY] exit Started/Stray 0.639907 7 0.000399
2014-12-08 18:14:02.617402 7f28fc345700 10 osd.70 pg_epoch: 71594 pg[216.355( v 71097'225 (0'0,71097'225] local-les=71594 n=109 ec=70987 les/c 71585/71583 71591/71593/71593) [70,8,78] r=0 lpr=71593 pi=71432-71592/5 crt=71097'225 lcod 0'0 mlcod 0'0 inactive] handle_peering_event: epoch_sent: 71594 epoch_requested: 71594 MNotifyRec from 8 notify: (query_epoch:71594, epoch_sent:71594, info:216.355( v 71097'225 (0'0,71097'225] local-les=71585 n=109 ec=70987 les/c 71585/71583 71591/71593/71593)) features: 0x3fffffffffff
2014-12-08 18:14:02.617423 7f28fcb46700 5 osd.70 pg_epoch: 71594 pg[216.29a( v 71093'209 (0'0,71093'209] local-les=71453 n=104 ec=70987 les/c 71585/71583 71591/71593/71444) [19,70,14] r=1 lpr=71593 pi=70987-71592/32 crt=71093'207 lcod 0'0 inactive NOTIFY] enter Started/ReplicaActive
2014-12-08 18:14:02.617437 7f2904b56700 7 osd.70 71594 handle_pg_info pg_info(1 pgs e71594:218.464) v4 from osd.66
2014-12-08 18:14:02.617427 7f28fc345700 10 osd.70 pg_epoch: 71594 pg[216.355( v 71097'225 (0'0,71097'225] local-les=71594 n=109 ec=70987 les/c 71585/71583 71591/71593/71593) [70,8,78] r=0 lpr=71593 pi=71432-71592/5 crt=71097'225 lcod 0'0 mlcod 0'0 inactive] state: Active: got notify from 8, already have info from that osd, ignoring
2014-12-08 18:14:02.617441 7f2904b56700 15 osd.70 71594 require_same_or_newer_map 71594 (i am 71594) 0x12eaa000
2014-12-08 18:14:02.617444 7f28fc345700 10 log is not dirty
2014-12-08 18:14:02.617440 7f28fcb46700 5 osd.70 pg_epoch: 71594 pg[216.29a( v 71093'209 (0'0,71093'209] local-les=71453 n=104 ec=70987 les/c 71585/71583 71591/71593/71444) [19,70,14] r=1 lpr=71593 pi=70987-71592/32 crt=71093'207 lcod 0'0 inactive NOTIFY] enter Started/ReplicaActive/RepNotRecovering
2014-12-08 18:14:02.617454 7f28fcb46700 10 osd.70 pg_epoch: 71594 pg[216.29a( v 71093'209 (0'0,71093'209] local-les=71453 n=104 ec=70987 les/c 71585/71583 71591/71593/71444) [19,70,14] r=1 lpr=71593 pi=70987-71592/32 crt=71093'207 lcod 0'0 inactive NOTIFY] state: In ReplicaActive, about to call activate
2014-12-08 18:14:02.617472 7f2904b56700 10 osd.70 71594 do_waiters -- start
2014-12-08 18:14:02.617466 7f28fcb46700 10 osd.70 pg_epoch: 71594 pg[216.29a( v 71093'209 (0'0,71093'209] local-les=71594 n=104 ec=70987 les/c 71585/71583 71591/71593/71444) [19,70,14] r=1 lpr=71593 pi=70987-71592/32 crt=71093'207 lcod 0'0 inactive] activate - no missing, moving last_complete 71093'209 -> 71093'209
2014-12-08 18:14:02.617476 7f2904b56700 10 osd.70 71594 do_waiters -- finish --
2014-12-08 18:14:02.618068 7f28fcb46700 10 osd.70 pg_epoch: 71594 pg[19.6e( v 51072'48910307 (50495'48906592,51072'48910307] local-les=51066 n=855 ec=21298 les/c 51101/50495 71591/71591/71591) [70,16,13] r=0 lpr=71591 pi=50489-71590/150 crt=51071'48910301 lcod 0'0 mlcod 0'0 incomplete] handle_peering_event: epoch_sent: 71594 epoch_requested: 71594 MNotifyRec from 58 notify: (query_epoch:71594, epoch_sent:71594, info:19.6e( empty local-les=0 n=0 ec=21298 les/c 51101/50495 71591/71591/71591)) features: 0x3fffffffffff
2014-12-08 18:14:02.618082 7f28fc345700 10 osd.70 pg_epoch: 71594 pg[218.4d( v 71581'1 (0'0,71581'1] local-les=71594 n=1 ec=71423 les/c 71585/71583 71591/71593/71425) [6,19,70] r=2 lpr=71593 pi=71423-71592/11 crt=0'0 lcod 0'0 inactive] activate - no missing, moving last_complete 71581'1 -> 71581'1
2014-12-08 18:14:02.618060 7f2904b56700 10 osd.70 71594 do_waiters -- finish
2014-12-08 18:14:02.618102 7f2904b56700 20 osd.70 71594 _dispatch 0x135bed20 pg_info(1 pgs e71594:218.75f) v4
2014-12-08 18:14:02.618090 7f28fcb46700 7 osd.70 pg_epoch: 71594 pg[19.6e( v 51072'48910307 (50495'48906592,51072'48910307] local-les=51066 n=855 ec=21298 les/c 51101/50495 71591/71591/71591) [70,16,13] r=0 lpr=71591 pi=50489-71590/150 crt=51071'48910301 lcod 0'0 mlcod 0'0 incomplete] state: handle_pg_notify from osd.58
2014-12-08 18:14:02.618096 7f28fc345700 10 osd.70 pg_epoch: 71594 pg[218.4d( v 71581'1 (0'0,71581'1] local-les=71594 n=1 ec=71423 les/c 71585/71583 71591/71593/71425) [6,19,70] r=2 lpr=71593 pi=71423-71592/11 crt=0'0 lcod 0'0 inactive] state: Activate Finished
2014-12-08 18:14:02.618112 7f28fcb46700 10 osd.70 pg_epoch: 71594 pg[19.6e( v 51072'48910307 (50495'48906592,51072'48910307] local-les=51066 n=855 ec=21298 les/c 51101/50495 71591/71591/71591) [70,16,13] r=0 lpr=71591 pi=50489-71590/150 crt=51071'48910301 lcod 0'0 mlcod 0'0 incomplete] state: pg[19.6e( v 51072'48910307 (50495'48906592,51072'48910307] local-les=51066 n=855 ec=21298 les/c 51101/50495 71591/71591/71591) [70,16,13] r=0 lpr=71591 pi=50489-71590/150 crt=51071'48910301 lcod 0'0 mlcod 0'0 incomplete] got dup osd.58 info 19.6e( empty local-les=0 n=0 ec=21298 les/c 51101/50495 71591/71591/71591), identical to ours
2014-12-08 18:14:02.618141 7f28fcb46700 10 log is not dirty
2014-12-08 18:14:02.618147 7f2904b56700 7 osd.70 71594 handle_pg_info pg_info(1 pgs e71594:218.75f) v4 from osd.10
2014-12-08 18:14:02.618150 7f2904b56700 15 osd.70 71594 require_same_or_newer_map 71594 (i am 71594) 0x135bed20
2014-12-08 18:14:02.618156 7f28fc345700 10 log is not dirty
2014-12-08 18:14:02.618150 7f28fcb46700 10 osd.70 pg_epoch: 71594 pg[19.6e( v 51072'48910307 (50495'48906592,51072'48910307] local-les=51066 n=855 ec=21298 les/c 51101/50495 71591/71591/71591) [70,16,13] r=0 lpr=71591 pi=50489-71590/150 crt=51071'48910301 lcod 0'0 mlcod 0'0 incomplete] handle_peering_event: epoch_sent: 71594 epoch_requested: 71594 MNotifyRec from 76 notify: (query_epoch:71594, epoch_sent:71594, info:19.6e( empty local-les=0 n=0 ec=21298 les/c 51101/50495 71591/71591/71591)) features: 0x3fffffffffff
2014-12-08 18:14:02.618162 7f28fcb46700 7 osd.70 pg_epoch: 71594 pg[19.6e( v 51072'48910307 (50495'48906592,51072'48910307] local-les=51066 n=855 ec=21298 les/c 51101/50495 71591/71591/71591) [70,16,13] r=0 lpr=71591 pi=50489-71590/150 crt=51071'48910301 lcod 0'0 mlcod 0'0 incomplete] state: handle_pg_notify from osd.76
2014-12-08 18:14:02.618186 7f2904b56700 10 osd.70 71594 do_waiters -- start
2014-12-08 18:14:02.618173 7f28fcb46700 10 osd.70 pg_epoch: 71594 pg[19.6e( v 51072'48910307 (50495'48906592,51072'48910307] local-les=51066 n=855 ec=21298 les/c 51101/50495 71591/71591/71591) [70,16,13] r=0 lpr=71591 pi=50489-71590/150 crt=51071'48910301 lcod 0'0 mlcod 0'0 incomplete] state: pg[19.6e( v 51072'48910307 (50495'48906592,51072'48910307] local-les=51066 n=855 ec=21298 les/c 51101/50495 71591/71591/71591) [70,16,13] r=0 lpr=71591 pi=50489-71590/150 crt=51071'48910301 lcod 0'0 mlcod 0'0 incomplete] got dup osd.76 info 19.6e( empty local-les=0 n=0 ec=21298 les/c 51101/50495 71591/71591/71591), identical to ours
2014-12-08 18:14:02.618189 7f2904b56700 10 osd.70 71594 do_waiters -- finish
2014-12-08 18:14:02.618192 7f28fcb46700 10 log is not dirty
2014-12-08 18:14:02.618174 7f28fc345700 10 osd.70 pg_epoch: 71594 pg[20.64( v 57981'40 (0'0,57981'40] local-les=71434 n=40 ec=21299 les/c 71590/71583 71591/71593/70961) [75,70] r=1 lpr=71593 pi=71183-71592/19 crt=57981'40 lcod 0'0 inactive NOTIFY] handle_peering_event: epoch_sent: 71594 epoch_requested: 71594 MInfoRec from 75 info: 20.64( v 57981'40 (0'0,57981'40] local-les=71594 n=40 ec=21299 les/c 71590/71583 71591/71593/70961)
2014-12-08 18:14:02.618197 7f28fcb46700 10 osd.70 pg_epoch: 71594 pg[218.51( v 71581'3 (0'0,71581'3] local-les=71594 n=3 ec=71423 les/c 71585/71583 71591/71593/71593) [70,66,75] r=0 lpr=71593 pi=71432-71592/6 crt=71580'1 lcod 0'0 mlcod 0'0 inactive] handle_peering_event: epoch_sent: 71594 epoch_requested: 71594 MNotifyRec from 66 notify: (query_epoch:71594, epoch_sent:71594, info:218.51( v 71581'3 (0'0,71581'3] local-les=71585 n=3 ec=71423 les/c 71585/71583 71591/71593/71593)) features: 0x3fffffffffff
2014-12-08 18:14:02.618208 7f2904b56700 10 osd.70 71594 do_waiters -- start
2014-12-08 18:14:02.618211 7f2904b56700 10 osd.70 71594 do_waiters -- finish
2014-12-08 18:14:02.618196 7f28fc345700 10 osd.70 pg_epoch: 71594 pg[20.64( v 57981'40 (0'0,57981'40] local-les=71434 n=40 ec=21299 les/c 71590/71583 71591/71593/70961) [75,70] r=1 lpr=71593 pi=71183-71592/19 crt=57981'40 lcod 0'0 inactive NOTIFY] state: got info from osd.75 20.64( v 57981'40 (0'0,57981'40] local-les=71594 n=40 ec=21299 les/c 71590/71583 71591/71593/70961)
2014-12-08 18:14:02.618214 7f2904b56700 20 osd.70 71594 _dispatch 0x13f943a0 pg_info(1 pgs e71594:216.12) v4
2014-12-08 18:14:02.618210 7f28fcb46700 10 osd.70 pg_epoch: 71594 pg[218.51( v 71581'3 (0'0,71581'3] local-les=71594 n=3 ec=71423 les/c 71585/71583 71591/71593/71593) [70,66,75] r=0 lpr=71593 pi=71432-71592/6 crt=71580'1 lcod 0'0 mlcod 0'0 inactive] state: Active: got notify from 66, already have info from that osd, ignoring
2014-12-08 18:14:02.618224 7f28fcb46700 10 log is not dirty
2014-12-08 18:14:02.618218 7f28fc345700 5 osd.70 pg_epoch: 71594 pg[20.64( v 57981'40 (0'0,57981'40] local-les=71434 n=40 ec=21299 les/c 71590/71583 71591/71593/70961) [75,70] r=1 lpr=71593 pi=71183-71592/19 crt=57981'40 lcod 0'0 inactive NOTIFY] exit Started/Stray 0.730945 7 0.000276
2014-12-08 18:14:02.618228 7f28fcb46700 10 osd.70 pg_epoch: 71594 pg[216.2e7( v 71097'253 (0'0,71097'253] local-les=71594 n=117 ec=70987 les/c 71585/71583 71591/71593/71593) [70,22,76] r=0 lpr=71593 pi=71432-71592/5 crt=71097'251 lcod 0'0 mlcod 0'0 inactive] handle_peering_event: epoch_sent: 71594 epoch_requested: 71594 MNotifyRec from 64 notify: (query_epoch:71594, epoch_sent:71594, info:216.2e7( v 71097'253 lc 71097'13 (0'0,71097'253] local-les=71585 n=117 ec=70987 les/c 71585/71583 71591/71593/71593)) features: 0x3fffffffffff
2014-12-08 18:14:02.618241 7f28fcb46700 10 osd.70 pg_epoch: 71594 pg[216.2e7( v 71097'253 (0'0,71097'253] local-les=71594 n=117 ec=70987 les/c 71585/71583 71591/71593/71593) [70,22,76] r=0 lpr=71593 pi=71432-71592/5 crt=71097'251 lcod 0'0 mlcod 0'0 inactive] state: Active: got notify from 64, already have info from that osd, ignoring
2014-12-08 18:14:02.618255 7f28fcb46700 10 log is not dirty
2014-12-08 18:14:02.618255 7f2904b56700 7 osd.70 71594 handle_pg_info pg_info(1 pgs e71594:216.12) v4 from osd.77
2014-12-08 18:14:02.618242 7f28fc345700 5 osd.70 pg_epoch: 71594 pg[20.64( v 57981'40 (0'0,57981'40] local-les=71434 n=40 ec=21299 les/c 71590/71583 71591/71593/70961) [75,70] r=1 lpr=71593 pi=71183-71592/19 crt=57981'40 lcod 0'0 inactive NOTIFY] enter Started/ReplicaActive
2014-12-08 18:14:02.618262 7f2904b56700 15 osd.70 71594 require_same_or_newer_map 71594 (i am 71594) 0x13f943a0
2014-12-08 18:14:02.618260 7f28fcb46700 10 osd.70 pg_epoch: 71594 pg[19.6e( v 51072'48910307 (50495'48906592,51072'48910307] local-les=51066 n=855 ec=21298 les/c 51101/50495 71591/71591/71591) [70,16,13] r=0 lpr=71591 pi=50489-71590/150 crt=51071'48910301 lcod 0'0 mlcod 0'0 incomplete] handle_peering_event: epoch_sent: 71594 epoch_requested: 71594 MNotifyRec from 4 notify: (query_epoch:71594, epoch_sent:71594, info:19.6e( v 51072'48910307 (50495'48906592,51072'48910307] local-les=51066 n=855 ec=21298 les/c 51101/50495 71591/71591/71591)) features: 0x3fffffffffff
2014-12-08 18:14:02.618268 7f28fc345700 5 osd.70 pg_epoch: 71594 pg[20.64( v 57981'40 (0'0,57981'40] local-les=71434 n=40 ec=21299 les/c 71590/71583 71591/71593/70961) [75,70] r=1 lpr=71593 pi=71183-71592/19 crt=57981'40 lcod 0'0 inactive NOTIFY] enter Started/ReplicaActive/RepNotRecovering
2014-12-08 18:14:02.618279 7f28fcb46700 7 osd.70 pg_epoch: 71594 pg[19.6e( v 51072'48910307 (50495'48906592,51072'48910307] local-les=51066 n=855 ec=21298 les/c 51101/50495 71591/71591/71591) [70,16,13] r=0 lpr=71591 pi=50489-71590/150 crt=51071'48910301 lcod 0'0 mlcod 0'0 incomplete] state: handle_pg_notify from osd.4
2014-12-08 18:14:02.618292 7f2904b56700 10 osd.70 71594 do_waiters -- start
2014-12-08 18:14:02.618294 7f2904b56700 10 osd.70 71594 do_waiters -- finish
2014-12-08 18:14:02.618287 7f28fc345700 10 osd.70 pg_epoch: 71594 pg[20.64( v 57981'40 (0'0,57981'40] local-les=71434 n=40 ec=21299 les/c 71590/71583 71591/71593/70961) [75,70] r=1 lpr=71593 pi=71183-71592/19 crt=57981'40 lcod 0'0 inactive NOTIFY] state: In ReplicaActive, about to call activate
2014-12-08 18:14:02.618311 7f2904b56700 10 osd.70 71594 do_waiters -- start
2014-12-08 18:14:02.618313 7f2904b56700 10 osd.70 71594 do_waiters -- finish
2014-12-08 18:14:02.618293 7f28fcb46700 10 osd.70 pg_epoch: 71594 pg[19.6e( v 51072'48910307 (50495'48906592,51072'48910307] local-les=51066 n=855 ec=21298 les/c 51101/50495 71591/71591/71591) [70,16,13] r=0 lpr=71591 pi=50489-71590/150 crt=51071'48910301 lcod 0'0 mlcod 0'0 incomplete] state: pg[19.6e( v 51072'48910307 (50495'48906592,51072'48910307] local-les=51066 n=855 ec=21298 les/c 51101/50495 71591/71591/71591) [70,16,13] r=0 lpr=71591 pi=50489-71590/150 crt=51071'48910301 lcod 0'0 mlcod 0'0 incomplete] got dup osd.4 info 19.6e( v 51072'48910307 (50495'48906592,51072'48910307] local-les=51066 n=855 ec=21298 les/c 51101/50495 71591/71591/71591), identical to ours
2014-12-08 18:14:02.618315 7f2904b56700 20 osd.70 71594 _dispatch 0x12eabe00 pg_info(1 pgs e71594:218.47e) v4
2014-12-08 18:14:02.618319 7f28fcb46700 10 log is not dirty
2014-12-08 18:14:02.618307 7f28fc345700 10 osd.70 pg_epoch: 71594 pg[20.64( v 57981'40 (0'0,57981'40] local-les=71594 n=40 ec=21299 les/c 71590/71583 71591/71593/70961) [75,70] r=1 lpr=71593 pi=71183-71592/19 crt=57981'40 lcod 0'0 inactive] activate - no missing, moving last_complete 57981'40 -> 57981'40
2014-12-08 18:14:02.618325 7f28fcb46700 10 osd.70 pg_epoch: 71594 pg[218.1e3( v 71581'1 (0'0,71581'1] local-les=71594 n=1 ec=71423 les/c 71585/71583 71591/71593/71593) [70,76,14] r=0 lpr=71593 pi=71432-71592/6 crt=0'0 lcod 0'0 mlcod 0'0 inactive] handle_peering_event: epoch_sent: 71594 epoch_requested: 71594 MNotifyRec from 63 notify: (query_epoch:71594, epoch_sent:71594, info:218.1e3( v 71581'1 lc 0'0 (0'0,71581'1] local-les=71585 n=1 ec=71423 les/c 71585/71583 71591/71593/71593)) features: 0x3fffffffffff
2014-12-08 18:14:02.618331 7f28fc345700 10 osd.70 pg_epoch: 71594 pg[20.64( v 57981'40 (0'0,57981'40] local-les=71594 n=40 ec=21299 les/c 71590/71583 71591/71593/70961) [75,70] r=1 lpr=71593 pi=71183-71592/19 crt=57981'40 lcod 0'0 inactive] state: Activate Finished
2014-12-08 18:14:02.618341 7f28fcb46700 10 osd.70 pg_epoch: 71594 pg[218.1e3( v 71581'1 (0'0,71581'1] local-les=71594 n=1 ec=71423 les/c 71585/71583 71591/71593/71593) [70,76,14] r=0 lpr=71593 pi=71432-71592/6 crt=0'0 lcod 0'0 mlcod 0'0 inactive] state: Active: got notify from 63, already have info from that osd, ignoring
2014-12-08 18:14:02.618352 7f2904b56700 7 osd.70 71594 handle_pg_info pg_info(1 pgs e71594:218.47e) v4 from osd.14
2014-12-08 18:14:02.618356 7f2904b56700 15 osd.70 71594 require_same_or_newer_map 71594 (i am 71594) 0x12eabe00
2014-12-08 18:14:02.618357 7f28fcb46700 10 log is not dirty
2014-12-08 18:14:02.618362 7f28fcb46700 10 osd.70 pg_epoch: 71594 pg[218.7aa( empty local-les=71457 n=0 ec=71423 les/c 71585/71585 71591/71593/71456) [25,70,58] r=1 lpr=71593 pi=71444-71592/6 crt=0'0 inactive NOTIFY] handle_peering_event: epoch_sent: 71594 epoch_requested: 71594 MLogRec from 25
2014-12-08 18:14:02.618374 7f28fcb46700 10 osd.70 pg_epoch: 71594 pg[218.7aa( empty local-les=71457 n=0 ec=71423 les/c 71585/71585 71591/71593/71456) [25,70,58] r=1 lpr=71593 pi=71444-71592/6 crt=0'0 inactive NOTIFY] state: got info+log from osd.25 218.7aa( empty local-les=71594 n=0 ec=71423 les/c 71585/71585 71591/71593/71456) log((0'0,0'0], crt=0'0)
2014-12-08 18:14:02.618386 7f2904b56700 10 osd.70 71594 do_waiters -- start
2014-12-08 18:14:02.618389 7f2904b56700 10 osd.70 71594 do_waiters -- finish
2014-12-08 18:14:02.618387 7f28fcb46700 10 merge_log log((0'0,0'0], crt=0'0) from osd.25 into log((0'0,0'0], crt=0'0)
2014-12-08 18:14:02.618396 7f28fcb46700 10 merge_log result log((0'0,0'0], crt=0'0) missing(0) changed=0
2014-12-08 18:14:02.618400 7f28fc345700 10 log is not dirty
2014-12-08 18:14:02.618405 7f2904b56700 10 osd.70 71594 do_waiters -- start
2014-12-08 18:14:02.618408 7f2904b56700 10 osd.70 71594 do_waiters -- finish
2014-12-08 18:14:02.618400 7f28fcb46700 5 osd.70 pg_epoch: 71594 pg[218.7aa( empty local-les=71457 n=0 ec=71423 les/c 71585/71585 71591/71593/71456) [25,70,58] r=1 lpr=71593 pi=71444-71592/6 crt=0'0 inactive NOTIFY] exit Started/Stray 0.643274 7 0.004031
2014-12-08 18:14:02.618410 7f2904b56700 20 osd.70 71594 _dispatch 0x12eadde0 pg_info(1 pgs e71594:218.6ae) v4 --
2014-12-08 18:14:02.635546 7f2904b56700 20 osd.70 71594 _dispatch 0x135ba960 pg_notify(19.6e(150) epoch 71594) v5
2014-12-08 18:14:02.635540 7f28fc345700 10 osd.70 pg_epoch: 71594 pg[218.18a( v 71581'3 (0'0,71581'3] local-les=71434 n=3 ec=71423 les/c 71585/71583 71591/71593/71587) [78,24,70] r=2 lpr=71593 pi=71423-71592/10 crt=71580'1 lcod 0'0 inactive NOTIFY] state: In ReplicaActive, about to call activate
2014-12-08 18:14:02.635540 7f28fcb46700 10 osd.70 pg_epoch: 71594 pg[218.1e3( v 71581'1 (0'0,71581'1] local-les=71594 n=1 ec=71423 les/c 71585/71583 71591/71593/71593) [70,76,14] r=0 lpr=71593 pi=71432-71592/6 crt=0'0 lcod 0'0 mlcod 0'0 inactive] state: Active: got notify from 76, already have info from that osd, ignoring
2014-12-08 18:14:02.635559 7f28fcb46700 10 log is not dirty
2014-12-08 18:14:02.635556 7f28fc345700 10 osd.70 pg_epoch: 71594 pg[218.18a( v 71581'3 (0'0,71581'3] local-les=71594 n=3 ec=71423 les/c 71585/71583 71591/71593/71587) [78,24,70] r=2 lpr=71593 pi=71423-71592/10 crt=71580'1 lcod 0'0 inactive] activate - no missing, moving last_complete 71581'3 -> 71581'3
2014-12-08 18:14:02.635570 7f2904b56700 7 osd.70 71594 handle_pg_notify from osd.30
2014-12-08 18:14:02.635573 7f2904b56700 15 osd.70 71594 require_same_or_newer_map 71594 (i am 71594) 0x135ba960
2014-12-08 18:14:02.635565 7f28fc345700 10 osd.70 pg_epoch: 71594 pg[218.18a( v 71581'3 (0'0,71581'3] local-les=71594 n=3 ec=71423 les/c 71585/71583 71591/71593/71587) [78,24,70] r=2 lpr=71593 pi=71423-71592/10 crt=71580'1 lcod 0'0 inactive] state: Activate Finished
2014-12-08 18:14:02.635567 7f28fcb46700 10 osd.70 pg_epoch: 71594 pg[218.4f3( v 71581'3 (0'0,71581'3] local-les=71594 n=3 ec=71423 les/c 71590/71583 71591/71593/71593) [70,76,3] r=0 lpr=71593 pi=71432-71592/6 crt=71580'1 lcod 0'0 mlcod 0'0 inactive] handle_peering_event: epoch_sent: 71594 epoch_requested: 71594 MNotifyRec from 76 notify: (query_epoch:71594, epoch_sent:71594, info:218.4f3( v 71581'3 (0'0,71581'3] local-les=71590 n=3 ec=71423 les/c 71590/71583 71591/71593/71593)) features: 0x3fffffffffff
2014-12-08 18:14:02.635582 7f28fcb46700 10 osd.70 pg_epoch: 71594 pg[218.4f3( v 71581'3 (0'0,71581'3] local-les=71594 n=3 ec=71423 les/c 71590/71583 71591/71593/71593) [70,76,3] r=0 lpr=71593 pi=71432-71592/6 crt=71580'1 lcod 0'0 mlcod 0'0 inactive] state: Active: got notify from 76, already have info from that osd, ignoring
2014-12-08 18:14:02.635591 7f28fcb46700 10 log is not dirty
2014-12-08 18:14:02.635595 7f2904b56700 10 osd.70 71594 do_waiters -- start
2014-12-08 18:14:02.635597 7f2904b56700 10 osd.70 71594 do_waiters -- finish
2014-12-08 18:14:02.635595 7f28fcb46700 10 osd.70 pg_epoch: 71594 pg[218.16c( v 71581'1 (0'0,71581'1] local-les=71433 n=1 ec=71423 les/c 71585/71583 71591/71593/71425) [6,56,70] r=2 lpr=71593 pi=71423-71592/10 crt=0'0 lcod 0'0 inactive NOTIFY] handle_peering_event: epoch_sent: 71594 epoch_requested: 71594 MInfoRec from 6 info: 218.16c( v 71581'1 (0'0,71581'1] local-les=71594 n=1 ec=71423 les/c 71585/71583 71591/71593/71425)
2014-12-08 18:14:02.635608 7f28fc345700 10 log is not dirty
2014-12-08 18:14:02.635606 7f28fcb46700 10 osd.70 pg_epoch: 71594 pg[218.16c( v 71581'1 (0'0,71581'1] local-les=71433 n=1 ec=71423 les/c 71585/71583 71591/71593/71425) [6,56,70] r=2 lpr=71593 pi=71423-71592/10 crt=0'0 lcod 0'0 inactive NOTIFY] state: got info from osd.6 218.16c( v 71581'1 (0'0,71581'1] local-les=71594 n=1 ec=71423 les/c 71585/71583 71591/71593/71425)
2014-12-08 18:14:02.635617 7f28fcb46700 5 osd.70 pg_epoch: 71594 pg[218.16c( v 71581'1 (0'0,71581'1] local-les=71433 n=1 ec=71423 les/c 71585/71583 71591/71593/71425) [6,56,70] r=2 lpr=71593 pi=71423-71592/10 crt=0'0 lcod 0'0 inactive NOTIFY] exit Started/Stray 0.668477 7 0.000198
2014-12-08 18:14:02.635621 7f28fc345700 10 osd.70 pg_epoch: 71594 pg[218.785( v 71581'2 (0'0,71581'2] local-les=71594 n=2 ec=71423 les/c 71585/71586 71591/71593/71593) [70,18,78] r=0 lpr=71593 pi=71432-71592/6 crt=0'0 lcod 0'0 mlcod 0'0 degraded] handle_peering_event: epoch_sent: 71594 epoch_requested: 71594 MNotifyRec from 63 notify: (query_epoch:71594, epoch_sent:71594, info:218.785( v 71581'2 (0'0,71581'2] local-les=71585 n=2 ec=71423 les/c 71585/71586 71591/71593/71593)) features: 0x3fffffffffff
2014-12-08 18:14:02.635630 7f28fcb46700 5 osd.70 pg_epoch: 71594 pg[218.16c( v 71581'1 (0'0,71581'1] local-les=71433 n=1 ec=71423 les/c 71585/71583 71591/71593/71425) [6,56,70] r=2 lpr=71593 pi=71423-71592/10 crt=0'0 lcod 0'0 inactive NOTIFY] enter Started/ReplicaActive
2014-12-08 18:14:02.635635 7f28fc345700 10 osd.70 pg_epoch: 71594 pg[218.785( v 71581'2 (0'0,71581'2] local-les=71594 n=2 ec=71423 les/c 71585/71586 71591/71593/71593) [70,18,78] r=0 lpr=71593 pi=71432-71592/6 crt=0'0 lcod 0'0 mlcod 0'0 degraded] state: Active: got notify from 63, already have info from that osd, ignoring
2014-12-08 18:14:02.635646 7f28fc345700 10 log is not dirty --
2014-12-08 18:14:02.657517 7f28fc345700 10 osd.70 pg_epoch: 71594 pg[19.6e( v 51072'48910307 (50495'48906592,51072'48910307] local-les=51066 n=855 ec=21298 les/c 51101/50495 71591/71591/71591) [70,16,13] r=0 lpr=71591 pi=50489-71590/150 crt=51071'48910301 lcod 0'0 mlcod 0'0 incomplete] handle_peering_event: epoch_sent: 71594 epoch_requested: 71594 MNotifyRec from 30 notify: (query_epoch:71594, epoch_sent:71594, info:19.6e( empty local-les=0 n=0 ec=21298 les/c 51101/50495 71591/71591/71591)) features: 0x3fffffffffff
2014-12-08 18:14:02.657533 7f28fc345700 7 osd.70 pg_epoch: 71594 pg[19.6e( v 51072'48910307 (50495'48906592,51072'48910307] local-les=51066 n=855 ec=21298 les/c 51101/50495 71591/71591/71591) [70,16,13] r=0 lpr=71591 pi=50489-71590/150 crt=51071'48910301 lcod 0'0 mlcod 0'0 incomplete] state: handle_pg_notify from osd.30
2014-12-08 18:14:02.657542 7f28fc345700 10 osd.70 pg_epoch: 71594 pg[19.6e( v 51072'48910307 (50495'48906592,51072'48910307] local-les=51066 n=855 ec=21298 les/c 51101/50495 71591/71591/71591) [70,16,13] r=0 lpr=71591 pi=50489-71590/150 crt=51071'48910301 lcod 0'0 mlcod 0'0 incomplete] state: pg[19.6e( v 51072'48910307 (50495'48906592,51072'48910307] local-les=51066 n=855 ec=21298 les/c 51101/50495 71591/71591/71591) [70,16,13] r=0 lpr=71591 pi=50489-71590/150 crt=51071'48910301 lcod 0'0 mlcod 0'0 incomplete] got dup osd.30 info 19.6e( empty local-les=0 n=0 ec=21298 les/c 51101/50495 71591/71591/71591), identical to ours
2014-12-08 18:14:02.657569 7f28fc345700 10 log is not dirty
2014-12-08 18:14:02.657574 7f28fc345700 10 osd.70 pg_epoch: 71594 pg[216.ab( v 71097'289 (0'0,71097'289] local-les=71594 n=133 ec=70987 les/c 71594/71583 71591/71593/71168) [20,64,70] r=2 lpr=71593 pi=71183-71592/17 luod=0'0 crt=71097'289 lcod 0'0 active] handle_peering_event: epoch_sent: 71594 epoch_requested: 71594 MInfoRec from 20 info: 216.ab( v 71097'289 (0'0,71097'289] local-les=71594 n=133 ec=70987 les/c 71594/71594 71591/71593/71168)
2014-12-08 18:14:02.657597 7f28fc345700 10 log is not dirty
2014-12-08 18:14:02.657592 7f28fcb46700 10 osd.70 pg_epoch: 71594 pg[218.2ef( v 71581'2 (0'0,71581'2] local-les=71594 n=2 ec=71423 les/c 71594/71583 71591/71593/71587) [68,70,4] r=1 lpr=71593 pi=71423-71592/10 luod=0'0 crt=0'0 lcod 0'0 active] handle_peering_event: epoch_sent: 71594 epoch_requested: 71594 MInfoRec from 68 info: 218.2ef( v 71581'2 (0'0,71581'2] local-les=71594 n=2 ec=71423 les/c 71594/71594 71591/71593/71587)
2014-12-08 18:14:02.657608 7f28fc345700 10 osd.70 pg_epoch: 71594 pg[218.697( empty local-les=71594 n=0 ec=71423 les/c 71585/71585 71591/71593/71425) [20,70,4] r=1 lpr=71593 pi=71423-71592/10 crt=0'0 active] handle_peering_event: epoch_sent: 71594 epoch_requested: 71594 MInfoRec from 20 info: 218.697( empty local-les=71594 n=0 ec=71423 les/c 71594/71585 71591/71593/71425)
2014-12-08 18:14:02.657632 7f28fc345700 10 log is not dirty
2014-12-08 18:14:02.657631 7f28fcb46700 10 log is not dirty
2014-12-08 18:14:02.657661 7f28fcb46700 10 osd.70 pg_epoch: 71594 pg[217.3f7( v 71376'21 (0'0,71376'21] local-les=71594 n=7 ec=71094 les/c 71594/71583 71591/71593/71593) [70,56,68] r=0 lpr=71593 pi=71432-71592/5 crt=71097'19 lcod 0'0 mlcod 0'0 inactive] handle_peering_event: epoch_sent: 71594 epoch_requested: 71594 AllReplicasActivated
2014-12-08 18:14:02.657682 7f28fcb46700 10 osd.70 pg_epoch: 71594 pg[217.3f7( v 71376'21 (0'0,71376'21] local-les=71594 n=7 ec=71094 les/c 71594/71583 71591/71593/71593) [70,56,68] r=0 lpr=71593 pi=71432-71592/5 crt=71097'19 lcod 0'0 mlcod 0'0 active] check_local
2014-12-08 18:14:02.657692 7f28fcb46700 15 osd.70 pg_epoch: 71594 pg[217.3f7( v 71376'21 (0'0,71376'21] local-les=71594 n=7 ec=71094 les/c 71594/71583 71591/71593/71593) [70,56,68] r=0 lpr=71593 pi=71432-71592/5 crt=71097'19 lcod 0'0 mlcod 0'0 active] requeue_ops
2014-12-08 18:14:02.657704 7f28fcb46700 10 osd.70 pg_epoch: 71594 pg[217.3f7( v 71376'21 (0'0,71376'21] local-les=71594 n=7 ec=71094 les/c 71594/71583 71591/71593/71593) [70,56,68] r=0 lpr=71593 pi=71432-71592/5 crt=71097'19 lcod 0'0 mlcod 0'0 active] needs_recovery is recovered
2014-12-08 18:14:02.657715 7f28fcb46700 10 osd.70 pg_epoch: 71594 pg[217.3f7( v 71376'21 (0'0,71376'21] local-les=71594 n=7 ec=71094 les/c 71594/71583 71591/71593/71593) [70,56,68] r=0 lpr=71593 pi=71432-71592/5 crt=71097'19 lcod 0'0 mlcod 0'0 active] needs_backfill does not need backfill
2014-12-08 18:14:02.657725 7f28fcb46700 10 osd.70 pg_epoch: 71594 pg[217.3f7( v 71376'21 (0'0,71376'21] local-les=71594 n=7 ec=71094 les/c 71594/71583 71591/71593/71593) [70,56,68] r=0 lpr=71593 pi=71432-71592/5 crt=71097'19 lcod 0'0 mlcod 0'0 active] activate all replicas clean, no recovery
2014-12-08 18:14:02.657749 7f28fcb46700 15 osd.70 pg_epoch: 71594 pg[217.3f7( v 71376'21 (0'0,71376'21] local-les=71594 n=7 ec=71094 les/c 71594/71583 71591/71593/71593) [70,56,68] r=0 lpr=71593 pi=71432-71592/5 crt=71097'19 lcod 0'0 mlcod 0'0 active] publish_stats_to_osd 71594:173
2014-12-08 18:14:02.657759 7f28fc345700 10 osd.70 pg_epoch: 71594 pg[218.697( empty local-les=71594 n=0 ec=71423 les/c 71594/71585 71591/71593/71425) [20,70,4] r=1 lpr=71593 pi=71423-71592/10 crt=0'0 active] handle_peering_event: epoch_sent: 71594 epoch_requested: 71594 MInfoRec from 20 info: 218.697( empty local-les=71594 n=0 ec=71423 les/c 71594/71594 71591/71593/71425)
2014-12-08 18:14:02.657763 7f28fcb46700 20 osd.70 pg_epoch: 71594 pg[217.3f7( v 71376'21 (0'0,71376'21] local-les=71594 n=7 ec=71094 les/c 71594/71583 71591/71593/71593) [70,56,68] r=0 lpr=71593 pi=71432-71592/5 crt=71097'19 lcod 0'0 mlcod 0'0 active] hit_set_clear
2014-12-08 18:14:02.657787 7f28fc345700 10 log is not dirty
2014-12-08 18:14:02.657780 7f28fcb46700 20 osd.70 pg_epoch: 71594 pg[217.3f7( v 71376'21 (0'0,71376'21] local-les=71594 n=7 ec=71094 les/c 71594/71583 71591/71593/71593) [70,56,68] r=0 lpr=71593 pi=71432-71592/5 crt=71097'19 lcod 0'0 mlcod 0'0 active] agent_stop
2014-12-08 18:14:02.657794 7f28fcb46700 10 log is not dirty
2014-12-08 18:14:02.657801 7f28fcb46700 10 osd.70 pg_epoch: 71594 pg[218.79a( v 71581'5 (0'0,71581'5] local-les=71594 n=5 ec=71423 les/c 71590/71583 71591/71593/71425) [18,75,70] r=2 lpr=71593 pi=71423-71592/10 luod=0'0 crt=71581'3 lcod 0'0 active] handle_peering_event: epoch_sent: 71594 epoch_requested: 71594 FlushedEvt --
2014-12-08 18:14:02.682447 7f2911047700 20 osd.70 71594 19.6e heartbeat_peers 0,4,11,13,16,20,30,31,56,58,59,63,70,76
2014-12-08 18:14:02.682442 7f28f6b3a700 10 osd.70 pg_epoch: 71594 pg[218.785( v 71581'2 (0'0,71581'2] local-les=71594 n=2 ec=71423 les/c 71594/71586 71591/71593/71593) [70,18,78] r=0 lpr=71593 pi=71432-71592/6 rops=1 crt=0'0 lcod 0'0 mlcod 0'0 active+recovering+degraded] populate_obc_watchers 23550785/rbd_data.653afa79e2a9e3.0000000000000489/head//218
2014-12-08 18:14:02.682455 7f2911047700 20 osd.70 71594 19.6d heartbeat_peers
2014-12-08 18:14:02.682458 7f2911047700 20 osd.70 71594 218.6c7 heartbeat_peers 10,18,70
2014-12-08 18:14:02.682461 7f2911047700 20 osd.70 71594 218.6c4 heartbeat_peers 13,70,76
2014-12-08 18:14:02.682457 7f28f6b3a700 20 osd.70 pg_epoch: 71594 pg[218.785( v 71581'2 (0'0,71581'2] local-les=71594 n=2 ec=71423 les/c 71594/71586 71591/71593/71593) [70,18,78] r=0 lpr=71593 pi=71432-71592/6 rops=1 crt=0'0 lcod 0'0 mlcod 0'0 active+recovering+degraded] ReplicatedPG::check_blacklisted_obc_watchers for obc 23550785/rbd_data.653afa79e2a9e3.0000000000000489/head//218
2014-12-08 18:14:02.682464 7f2911047700 20 osd.70 71594 218.562 heartbeat_peers
2014-12-08 18:14:02.682466 7f2911047700 20 osd.70 71594 218.5e heartbeat_peers
2014-12-08 18:14:02.682468 7f2911047700 20 osd.70 71594 218.5f heartbeat_peers 15,24,70
2014-12-08 18:14:02.682470 7f2911047700 20 osd.70 71594 217.235 heartbeat_peers
2014-12-08 18:14:02.682465 7f28f6b3a700 10 osd.70 pg_epoch: 71594 pg[218.785( v 71581'2 (0'0,71581'2] local-les=71594 n=2 ec=71423 les/c 71594/71586 71591/71593/71593) [70,18,78] r=0 lpr=71593 pi=71432-71592/6 rops=1 crt=0'0 lcod 0'0 mlcod 0'0 active+recovering+degraded] get_object_context: creating obc from disk: 0x13171600
2014-12-08 18:14:02.682472 7f2911047700 20 osd.70 71594 218.38e heartbeat_peers 3,13,70
2014-12-08 18:14:02.682475 7f2911047700 20 osd.70 71594 218.38f heartbeat_peers 23,25,70
2014-12-08 18:14:02.682478 7f2911047700 20 osd.70 71594 218.38c heartbeat_peers
2014-12-08 18:14:02.682479 7f2911047700 20 osd.70 71594 217.51 heartbeat_peers
2014-12-08 18:14:02.682481 7f2911047700 20 osd.70 71594 216.380 heartbeat_peers
2014-12-08 18:14:02.682483 7f2911047700 20 osd.70 71594 218.51 heartbeat_peers 6,24,66,70,75
2014-12-08 18:14:02.682486 7f2911047700 20 osd.70 71594 218.380 heartbeat_peers
2014-12-08 18:14:02.682474 7f28f6b3a700 10 osd.70 pg_epoch: 71594 pg[218.785( v 71581'2 (0'0,71581'2] local-les=71594 n=2 ec=71423 les/c 71594/71586 71591/71593/71593) [70,18,78] r=0 lpr=71593 pi=71432-71592/6 rops=1 crt=0'0 lcod 0'0 mlcod 0'0 active+recovering+degraded] get_object_context: 0x13171600 23550785/rbd_data.653afa79e2a9e3.0000000000000489/head//218 rwstate(none n=0 w=0) oi: 23550785/rbd_data.653afa79e2a9e3.0000000000000489/head//218(71581'2 client.6634234.0:2333 wrlock_by=unknown.0.0:0 dirty s 8388608 uv2) ssc: 0x45fbdc0 snapset: 0=[]:[]+head
2014-12-08 18:14:02.682488 7f2911047700 20 osd.70 71594 218.518 heartbeat_peers
2014-12-08 18:14:02.682493 7f2911047700 20 osd.70 71594 217.22d heartbeat_peers --
2014-12-08 18:14:03.264994 7f28fbb44700 10 osd.70 71594 dequeue_op 0x4481900 prio 63 cost 0 latency 0.000534 osd_op(client.6443001.0:180 rbd_data.5d886f14455c93.000000000000009b [delete] 19.3458066e RETRY=39 ack+ondisk+retry+write e71594) v4 pg pg[19.6e( v 51072'48910307 (50495'48906592,51072'48910307] local-les=51066 n=855 ec=21298 les/c 51101/50495 71591/71591/71591) [70,16,13] r=0 lpr=71591 pi=50489-71590/150 crt=51071'48910301 lcod 0'0 mlcod 0'0 incomplete]
2014-12-08 18:14:03.265028 7f28fbb44700 20 osd.70 pg_epoch: 71594 pg[19.6e( v 51072'48910307 (50495'48906592,51072'48910307] local-les=51066 n=855 ec=21298 les/c 51101/50495 71591/71591/71591) [70,16,13] r=0 lpr=71591 pi=50489-71590/150 crt=51071'48910301 lcod 0'0 mlcod 0'0 incomplete] op_has_sufficient_caps pool=19 (volumes ) owner=0 need_read_cap=0 need_write_cap=1 need_class_read_cap=0 need_class_write_cap=0 -> yes
2014-12-08 18:14:03.265039 7f28d9bb2700 20 osd.70 71594 should_share_map client.6443001 172.16.5.116:0/109013063 71594
2014-12-08 18:14:03.265042 7f28fbb44700 10 osd.70 pg_epoch: 71594 pg[19.6e( v 51072'48910307 (50495'48906592,51072'48910307] local-les=51066 n=855 ec=21298 les/c 51101/50495 71591/71591/71591) [70,16,13] r=0 lpr=71591 pi=50489-71590/150 crt=51071'48910301 lcod 0'0 mlcod 0'0 incomplete] can_handle_while_inactive: 0x4481900
2014-12-08 18:14:03.265052 7f28fbb44700 10 osd.70 71594 dequeue_op 0x4481900 finish
2014-12-08 18:14:03.265055 7f28d9bb2700 15 osd.70 71594 enqueue_op 0x4481a00 prio 63 cost 0 latency 0.000131 osd_op(client.6443001.0:402 rbd_data.5d886f14455c93.0000000000000179 [delete] 19.93050fee RETRY=39 ack+ondisk+retry+write e71594) v4
2014-12-08 18:14:03.265084 7f28f933f700 10 osd.70 71594 dequeue_op 0x4481a00 prio 63 cost 0 latency 0.000160 osd_op(client.6443001.0:402 rbd_data.5d886f14455c93.0000000000000179 [delete] 19.93050fee RETRY=39 ack+ondisk+retry+write e71594) v4 pg pg[19.6e( v 51072'48910307 (50495'48906592,51072'48910307] local-les=51066 n=855 ec=21298 les/c 51101/50495 71591/71591/71591) [70,16,13] r=0 lpr=71591 pi=50489-71590/150 crt=51071'48910301 lcod 0'0 mlcod 0'0 incomplete]
2014-12-08 18:14:03.265152 7f28f933f700 20 osd.70 pg_epoch: 71594 pg[19.6e( v 51072'48910307 (50495'48906592,51072'48910307] local-les=51066 n=855 ec=21298 les/c 51101/50495 71591/71591/71591) [70,16,13] r=0 lpr=71591 pi=50489-71590/150 crt=51071'48910301 lcod 0'0 mlcod 0'0 incomplete] op_has_sufficient_caps pool=19 (volumes ) owner=0 need_read_cap=0 need_write_cap=1 need_class_read_cap=0 need_class_write_cap=0 -> yes
2014-12-08 18:14:03.265203 7f28f933f700 10 osd.70 pg_epoch: 71594 pg[19.6e( v 51072'48910307 (50495'48906592,51072'48910307] local-les=51066 n=855 ec=21298 les/c 51101/50495 71591/71591/71591) [70,16,13] r=0 lpr=71591 pi=50489-71590/150 crt=51071'48910301 lcod 0'0 mlcod 0'0 incomplete] can_handle_while_inactive: 0x4481a00
2014-12-08 18:14:03.265213 7f28f933f700 10 osd.70 71594 dequeue_op 0x4481a00 finish
2014-12-08 18:14:03.265219 7f28d9bb2700 20 osd.70 71594 should_share_map client.6443001 172.16.5.116:0/109013063 71594
2014-12-08 18:14:03.265249 7f28d9bb2700 15 osd.70 71594 enqueue_op 0x1285de00 prio 63 cost 0 latency 0.000173 osd_op(client.6443001.0:513 rbd_data.5d886f14455c93.00000000000001e8 [delete] 19.557e676e RETRY=39 ack+ondisk+retry+write e71594) v4
2014-12-08 18:14:03.265353 7f28fbb44700 10 osd.70 71594 dequeue_op 0x1285de00 prio 63 cost 0 latency 0.000278 osd_op(client.6443001.0:513 rbd_data.5d886f14455c93.00000000000001e8 [delete] 19.557e676e RETRY=39 ack+ondisk+retry+write e71594) v4 pg pg[19.6e( v 51072'48910307 (50495'48906592,51072'48910307] local-les=51066 n=855 ec=21298 les/c 51101/50495 71591/71591/71591) [70,16,13] r=0 lpr=71591 pi=50489-71590/150 crt=51071'48910301 lcod 0'0 mlcod 0'0 incomplete]
2014-12-08 18:14:03.265386 7f28fbb44700 20 osd.70 pg_epoch: 71594 pg[19.6e( v 51072'48910307 (50495'48906592,51072'48910307] local-les=51066 n=855 ec=21298 les/c 51101/50495 71591/71591/71591) [70,16,13] r=0 lpr=71591 pi=50489-71590/150 crt=51071'48910301 lcod 0'0 mlcod 0'0 incomplete] op_has_sufficient_caps pool=19 (volumes ) owner=0 need_read_cap=0 need_write_cap=1 need_class_read_cap=0 need_class_write_cap=0 -> yes
2014-12-08 18:14:03.265402 7f28d9bb2700 20 osd.70 71594 should_share_map client.6443001 172.16.5.116:0/109013063 71594
2014-12-08 18:14:03.265402 7f28fbb44700 10 osd.70 pg_epoch: 71594 pg[19.6e( v 51072'48910307 (50495'48906592,51072'48910307] local-les=51066 n=855 ec=21298 les/c 51101/50495 71591/71591/71591) [70,16,13] r=0 lpr=71591 pi=50489-71590/150 crt=51071'48910301 lcod 0'0 mlcod 0'0 incomplete] can_handle_while_inactive: 0x1285de00
2014-12-08 18:14:03.265410 7f28fbb44700 10 osd.70 71594 dequeue_op 0x1285de00 finish
2014-12-08 18:14:03.265418 7f28d9bb2700 15 osd.70 71594 enqueue_op 0x1285dc00 prio 63 cost 0 latency 0.000131 osd_op(client.6443001.0:547 rbd_data.5d886f14455c93.000000000000020a [delete] 19.5052c9ee RETRY=39 ack+ondisk+retry+write e71594) v4
2014-12-08 18:14:03.265440 7f28f933f700 10 osd.70 71594 dequeue_op 0x1285dc00 prio 63 cost 0 latency 0.000153 osd_op(client.6443001.0:547 rbd_data.5d886f14455c93.000000000000020a [delete] 19.5052c9ee RETRY=39 ack+ondisk+retry+write e71594) v4 pg pg[19.6e( v 51072'48910307 (50495'48906592,51072'48910307] local-les=51066 n=855 ec=21298 les/c 51101/50495 71591/71591/71591) [70,16,13] r=0 lpr=71591 pi=50489-71590/150 crt=51071'48910301 lcod 0'0 mlcod 0'0 incomplete]
