2014-12-08 18:14:01.445785 7f28fbb44700 20 osd.70 pg_epoch: 71592 pg[19.6e( v 51072'48910307 (50495'48906592,51072'48910307] local-les=51066 n=855 ec=21298 les/c 51101/50495 71591/71591/71591) [70,16,13] r=0 lpr=71591 pi=50489-71590/150 crt=51071'48910301 lcod 0'0 mlcod 0'0 incomplete] op_has_sufficient_caps pool=19 (volumes ) owner=0 need_read_cap=0 need_write_cap=1 need_class_read_cap=0 need_class_write_cap=0 -> yes
2014-12-08 18:14:01.445820 7f28dabc2700 20 osd.70 71592 should_share_map client.3273605 172.16.5.108:0/1015139 71592
2014-12-08 18:14:01.445854 7f28dabc2700 15 osd.70 71592 enqueue_op 0x447fb00 prio 63 cost 4096 latency 0.000149 osd_op(client.3273605.0:6509140 rbd_data.31f5466c26f78a.0000000000000a17 [set-alloc-hint object_size 8388608 write_size 8388608,write 32768~4096] 19.8b7d6b6e RETRY=104 ack+ondisk+retry+write e71592) v4
2014-12-08 18:14:01.445818 7f28fbb44700 10 osd.70 pg_epoch: 71592 pg[19.6e( v 51072'48910307 (50495'48906592,51072'48910307] local-les=51066 n=855 ec=21298 les/c 51101/50495 71591/71591/71591) [70,16,13] r=0 lpr=71591 pi=50489-71590/150 crt=51071'48910301 lcod 0'0 mlcod 0'0 incomplete] can_handle_while_inactive: 0x4481700
2014-12-08 18:14:01.445934 7f28fbb44700 10 osd.70 71592 dequeue_op 0x4481700 finish
2014-12-08 18:14:01.445998 7f28f933f700 10 osd.70 71592 dequeue_op 0x447fb00 prio 63 cost 4096 latency 0.000292 osd_op(client.3273605.0:6509140 rbd_data.31f5466c26f78a.0000000000000a17 [set-alloc-hint object_size 8388608 write_size 8388608,write 32768~4096] 19.8b7d6b6e RETRY=104 ack+ondisk+retry+write e71592) v4 pg pg[19.6e( v 51072'48910307 (50495'48906592,51072'48910307] local-les=51066 n=855 ec=21298 les/c 51101/50495 71591/71591/71591) [70,16,13] r=0 lpr=71591 pi=50489-71590/150 crt=51071'48910301 lcod 0'0 mlcod 0'0 incomplete]
2014-12-08 18:14:01.446035 7f28dabc2700 20 osd.70 71592 should_share_map client.3273605 172.16.5.108:0/1015139 71592
2014-12-08 18:14:01.446045 7f28f933f700 20 osd.70 pg_epoch: 71592 pg[19.6e( v 51072'48910307 (50495'48906592,51072'48910307] local-les=51066 n=855 ec=21298 les/c 51101/50495 71591/71591/71591) [70,16,13] r=0 lpr=71591 pi=50489-71590/150 crt=51071'48910301 lcod 0'0 mlcod 0'0 incomplete] op_has_sufficient_caps pool=19 (volumes ) owner=0 need_read_cap=0 need_write_cap=1 need_class_read_cap=0 need_class_write_cap=0 -> yes
2014-12-08 18:14:01.446055 7f28dabc2700 15 osd.70 71592 enqueue_op 0x4481800 prio 63 cost 4096 latency 0.000160 osd_op(client.3273605.0:6518766 rbd_data.31f5466c26f78a.0000000000000a17 [set-alloc-hint object_size 8388608 write_size 8388608,write 36864~4096] 19.8b7d6b6e RETRY=45 ack+ondisk+retry+write e71592) v4
2014-12-08 18:14:01.446058 7f28f933f700 10 osd.70 pg_epoch: 71592 pg[19.6e( v 51072'48910307 (50495'48906592,51072'48910307] local-les=51066 n=855 ec=21298 les/c 51101/50495 71591/71591/71591) [70,16,13] r=0 lpr=71591 pi=50489-71590/150 crt=51071'48910301 lcod 0'0 mlcod 0'0 incomplete] can_handle_while_inactive: 0x447fb00
2014-12-08 18:14:01.446070 7f28f933f700 10 osd.70 71592 dequeue_op 0x447fb00 finish
2014-12-08 18:14:01.446078 7f28f933f700 10 osd.70 71592 dequeue_op 0x4481800 prio 63 cost 4096 latency 0.000182 osd_op(client.3273605.0:6518766 rbd_data.31f5466c26f78a.0000000000000a17 [set-alloc-hint object_size 8388608 write_size 8388608,write 36864~4096] 19.8b7d6b6e RETRY=45 ack+ondisk+retry+write e71592) v4 pg pg[19.6e( v 51072'48910307 (50495'48906592,51072'48910307] local-les=51066 n=855 ec=21298 les/c 51101/50495 71591/71591/71591) [70,16,13] r=0 lpr=71591 pi=50489-71590/150 crt=51071'48910301 lcod 0'0 mlcod 0'0 incomplete]
2014-12-08 18:14:01.446100 7f28f933f700 20 osd.70 pg_epoch: 71592 pg[19.6e( v 51072'48910307 (50495'48906592,51072'48910307] local-les=51066 n=855 ec=21298 les/c 51101/50495 71591/71591/71591) [70,16,13] r=0 lpr=71591 pi=50489-71590/150 crt=51071'48910301 lcod 0'0 mlcod 0'0 incomplete] op_has_sufficient_caps pool=19 (volumes ) owner=0 need_read_cap=0 need_write_cap=1 need_class_read_cap=0 need_class_write_cap=0 -> yes
2014-12-08 18:14:01.446112 7f28f933f700 10 osd.70 pg_epoch: 71592 pg[19.6e( v 51072'48910307 (50495'48906592,51072'48910307] local-les=51066 n=855 ec=21298 les/c 51101/50495 71591/71591/71591) [70,16,13] r=0 lpr=71591 pi=50489-71590/150 crt=51071'48910301 lcod 0'0 mlcod 0'0 incomplete] can_handle_while_inactive: 0x4481800
2014-12-08 18:14:01.446120 7f28f933f700 10 osd.70 71592 dequeue_op 0x4481800 finish
2014-12-08 18:14:01.529894 7f2904b56700 10 osd.70 71592 do_waiters -- start
2014-12-08 18:14:01.529899 7f2904b56700 10 osd.70 71592 do_waiters -- finish
2014-12-08 18:14:01.529901 7f2904b56700 20 osd.70 71592 _dispatch 0x12f8a760 pg_info(1 pgs e71592:218.428(3)) v4
2014-12-08 18:14:01.529934 7f2904b56700 7 osd.70 71592 handle_pg_info pg_info(1 pgs e71592:218.428(3)) v4 from osd.75
2014-12-08 18:14:01.529938 7f2904b56700 15 osd.70 71592 require_same_or_newer_map 71592 (i am 71592) 0x12f8a760
2014-12-08 18:14:01.529999 7f2904b56700 10 osd.70 71592 do_waiters -- start
2014-12-08 18:14:01.530002 7f2904b56700 10 osd.70 71592 do_waiters -- finish
2014-12-08 18:14:01.529995 7f28fc345700 10 osd.70 pg_epoch: 71592 pg[218.428( v 71581'2 (0'0,71581'2] local-les=71457 n=2 ec=71423 les/c 71585/71583 71591/71591/71587) [75,70,7] r=1 lpr=71591 pi=71423-71590/11 crt=0'0 lcod 0'0 inactive NOTIFY] handle_peering_event: epoch_sent: 71592 epoch_requested: 71592 MInfoRec from 75 info: 218.428( v 71581'2 (0'0,71581'2] local-les=71592 n=2 ec=71423 les/c 71585/71583 71591/71591/71587)
2014-12-08 18:14:01.530017 7f28fc345700 10 osd.70 pg_epoch: 71592 pg[218.428( v 71581'2 (0'0,71581'2] local-les=71457 n=2 ec=71423 les/c 71585/71583 71591/71591/71587) [75,70,7] r=1 lpr=71591 pi=71423-71590/11 crt=0'0 lcod 0'0 inactive NOTIFY] state: got info from osd.75 218.428( v 71581'2 (0'0,71581'2] local-les=71592 n=2 ec=71423 les/c 71585/71583 71591/71591/71587)
2014-12-08 18:14:01.530031 7f28fc345700 5 osd.70 pg_epoch: 71592 pg[218.428( v 71581'2 (0'0,71581'2] local-les=71457 n=2 ec=71423 les/c 71585/71583 71591/71591/71587) [75,70,7] r=1 lpr=71591 pi=71423-71590/11 crt=0'0 lcod 0'0 inactive NOTIFY] exit Started/Stray 0.511360 5 0.000179
2014-12-08 18:14:01.530043 7f28fc345700 5 osd.70 pg_epoch: 71592 pg[218.428( v 71581'2 (0'0,71581'2] local-les=71457 n=2 ec=71423 les/c 71585/71583 71591/71591/71587) [75,70,7] r=1 lpr=71591 pi=71423-71590/11 crt=0'0 lcod 0'0 inactive NOTIFY] enter Started/ReplicaActive
2014-12-08 18:14:01.530054 7f28fc345700 5 osd.70 pg_epoch: 71592 pg[218.428( v 71581'2 (0'0,71581'2] local-les=71457 n=2 ec=71423 les/c 71585/71583 71591/71591/71587) [75,70,7] r=1 lpr=71591 pi=71423-71590/11 crt=0'0 lcod 0'0 inactive NOTIFY] enter Started/ReplicaActive/RepNotRecovering
2014-12-08 18:14:01.530065 7f28fc345700 10 osd.70 pg_epoch: 71592 pg[218.428( v 71581'2 (0'0,71581'2] local-les=71457 n=2 ec=71423 les/c 71585/71583 71591/71591/71587) [75,70,7] r=1 lpr=71591 pi=71423-71590/11 crt=0'0 lcod 0'0 inactive NOTIFY] state: In ReplicaActive, about to call activate
2014-12-08 18:14:01.530075 7f28fc345700 10 osd.70 pg_epoch: 71592 pg[218.428( v 71581'2 (0'0,71581'2] local-les=71592 n=2 ec=71423 les/c 71585/71583 71591/71591/71587) [75,70,7] r=1 lpr=71591 pi=71423-71590/11 crt=0'0 lcod 0'0 inactive] activate - no missing, moving last_complete 71581'2 -> 71581'2
2014-12-08 18:14:01.530084 7f28fc345700 10 osd.70 pg_epoch: 71592 pg[218.428( v 71581'2 (0'0,71581'2] local-les=71592 n=2 ec=71423 les/c 71585/71583 71591/71591/71587) [75,70,7] r=1 lpr=71591 pi=71423-71590/11 crt=0'0 lcod 0'0 inactive] state: Activate Finished
2014-12-08 18:14:01.530124 7f28fc345700 10 log is not dirty
2014-12-08 18:14:01.530553 7f2904b56700 10 osd.70 71592 do_waiters -- start
2014-12-08 18:14:01.530556 7f2904b56700 10 osd.70 71592 do_waiters -- finish
2014-12-08 18:14:01.530559 7f2904b56700 20 osd.70 71592 _dispatch 0x12c481c0 osd_map(71582..71591 src has 50399..71591) v3 --
2014-12-08 18:14:01.879281 7f2904b56700 10 osd.70 pg_epoch: 71592 pg[19.6e( v 51072'48910307 (50495'48906592,51072'48910307] local-les=51066 n=855 ec=21298 les/c 51101/50495 71591/71591/71591) [70,16,13] r=0 lpr=71591 pi=50489-71590/150 crt=51071'48910301 lcod 0'0 mlcod 0'0 incomplete] null
2014-12-08 18:14:01.879292 7f2904b56700 10 osd.70 pg_epoch: 71592 pg[19.6d( v 71397'33614009 (70963'33611008,71397'33614009] local-les=71592 n=896 ec=21298 les/c 71583/71583 71591/71591/71169) [4,70,69] r=1 lpr=71591 pi=71156-71590/27 luod=0'0 crt=71397'33614007 lcod 0'0 active] null
2014-12-08 18:14:01.879293 7f28fcb46700 10 osd.70 pg_epoch: 71592 pg[19.5a( v 71397'49665417 (50495'49662416,71397'49665417] local-les=71592 n=896 ec=21298 les/c 71592/71592 71591/71591/71591) [70,20,21] r=0 lpr=71591 crt=71397'49665415 lcod 0'0 mlcod 0'0 active+clean] handle_advance_map [70,20,21]/[70,20,21] -- 70/70
2014-12-08 18:14:01.879309 7f28fcb46700 20 PGPool::update cached_removed_snaps [1~1] newly_removed_snaps [] snapc 2=[] (no change)
2014-12-08 18:14:01.879299 7f28fc345700 10 osd.70 pg_epoch: 71593 pg[216.243( v 71097'212 (0'0,71097'212] local-les=71593 n=101 ec=70987 les/c 71585/71583 71591/71592/71592) [70,23,6] r=0 lpr=71592 pi=71444-71591/5 crt=71097'210 lcod 0'0 mlcod 0'0 inactive] activate peer osd.6 216.243( v 71097'212 (0'0,71097'212] local-les=71585 n=101 ec=70987 les/c 71585/71583 71591/71592/71592)
2014-12-08 18:14:01.879305 7f2904b56700 10 osd.70 pg_epoch: 71592 pg[218.6c7( v 71581'2 (0'0,71581'2] local-les=71433 n=2 ec=71423 les/c 71590/71583 71591/71592/71592) [70,10,18] r=0 lpr=71592 pi=71432-71591/6 crt=0'0 lcod 0'0 mlcod 0'0 peering] null
2014-12-08 18:14:01.879314 7f28fcb46700 10 osd.70 pg_epoch: 71593 pg[19.5a( v 71397'49665417 (50495'49662416,71397'49665417] local-les=71592 n=896 ec=21298 les/c 71592/71592 71591/71591/71591) [70,20,21] r=0 lpr=71591 crt=71397'49665415 lcod 0'0 mlcod 0'0 active+clean] state: Active advmap
2014-12-08 18:14:01.879317 7f28fc345700 10 osd.70 pg_epoch: 71593 pg[216.243( v 71097'212 (0'0,71097'212] local-les=71593 n=101 ec=70987 les/c 71585/71583 71591/71592/71592) [70,23,6] r=0 lpr=71592 pi=71444-71591/5 crt=71097'210 lcod 0'0 mlcod 0'0 inactive] activate peer osd.6 is up to date, queueing in pending_activators
2014-12-08 18:14:01.879323 7f2904b56700 10 osd.70 pg_epoch: 71592 pg[218.6c4( v 71581'3 (0'0,71581'3] local-les=71437 n=3 ec=71423 les/c 71590/71583 71591/71592/71592) [70,76,13] r=0 lpr=71592 pi=71432-71591/6 crt=71580'1 lcod 0'0 mlcod 0'0 peering] null
2014-12-08 18:14:01.879330 7f28fcb46700 10 osd.70 pg_epoch: 71593 pg[19.5a( v 71397'49665417 (50495'49662416,71397'49665417] local-les=71592 n=896 ec=21298 les/c 71592/71592 71591/71591/71591) [70,20,21] r=0 lpr=71591 crt=71397'49665415 lcod 0'0 mlcod 0'0 active+clean] state: Started advmap
2014-12-08 18:14:01.879337 7f2904b56700 10 osd.70 pg_epoch: 71592 pg[218.562( v 71581'3 (0'0,71581'3] local-les=71437 n=3 ec=71423 les/c 71590/71583 71591/71592/71425) [9,18,70] r=2 lpr=71592 pi=71423-71591/10 crt=71580'1 lcod 0'0 inactive NOTIFY] null
2014-12-08 18:14:01.879340 7f28fcb46700 10 osd.70 pg_epoch: 71593 pg[19.5a( v 71397'49665417 (50495'49662416,71397'49665417] local-les=71592 n=896 ec=21298 les/c 71592/71592 71591/71591/71591) [70,20,21] r=0 lpr=71591 crt=71397'49665415 lcod 0'0 mlcod 0'0 active+clean] check_recovery_sources no source osds () went down
2014-12-08 18:14:01.879337 7f28fc345700 10 osd.70 pg_epoch: 71593 pg[216.243( v 71097'212 (0'0,71097'212] local-les=71593 n=101 ec=70987 les/c 71585/71583 71591/71592/71592) [70,23,6] r=0 lpr=71592 pi=71444-71591/5 crt=71097'210 lcod 0'0 mlcod 0'0 inactive] activate peer osd.6 216.243( v 71097'212 (0'0,71097'212] local-les=71585 n=101 ec=70987 les/c 71585/71583 71591/71592/71592) uptodate
2014-12-08 18:14:01.879355 7f28fcb46700 10 osd.70 pg_epoch: 71593 pg[19.5a( v 71397'49665417 (50495'49662416,71397'49665417] local-les=71592 n=896 ec=21298 les/c 71592/71592 71591/71591/71591) [70,20,21] r=0 lpr=71591 crt=71397'49665415 lcod 0'0 mlcod 0'0 active+clean] handle_activate_map
2014-12-08 18:14:01.879354 7f2904b56700 10 osd.70 pg_epoch: 71592 pg[218.5e( empty local-les=71592 n=0 ec=71423 les/c 71592/71592 71591/71591/71425) [16,22,70] r=2 lpr=71591 pi=71423-71590/8 crt=0'0 active] null
2014-12-08 18:14:01.879353 7f28fc345700 10 osd.70 pg_epoch: 71593 pg[216.243( v 71097'212 (0'0,71097'212] local-les=71593 n=101 ec=70987 les/c 71585/71583 71591/71592/71592) [70,23,6] r=0 lpr=71592 pi=71444-71591/5 crt=71097'210 lcod 0'0 mlcod 0'0 inactive] activate peer osd.23 216.243( v 71097'212 (0'0,71097'212] local-les=71585 n=101 ec=70987 les/c 71585/71583 71591/71592/71592)
2014-12-08 18:14:01.879369 7f28fcb46700 10 osd.70 pg_epoch: 71593 pg[19.5a( v 71397'49665417 (50495'49662416,71397'49665417] local-les=71592 n=896 ec=21298 les/c 71592/71592 71591/71591/71591) [70,20,21] r=0 lpr=71591 crt=71397'49665415 lcod 0'0 mlcod 0'0 active+clean] state: Active: handling ActMap
2014-12-08 18:14:01.879371 7f28fc345700 10 osd.70 pg_epoch: 71593 pg[216.243( v 71097'212 (0'0,71097'212] local-les=71593 n=101 ec=70987 les/c 71585/71583 71591/71592/71592) [70,23,6] r=0 lpr=71592 pi=71444-71591/5 crt=71097'210 lcod 0'0 mlcod 0'0 inactive] activate peer osd.23 is up to date, queueing in pending_activators
2014-12-08 18:14:01.879373 7f2904b56700 10 osd.70 pg_epoch: 71592 pg[218.5f( v 71580'2 (0'0,71580'2] local-les=71437 n=2 ec=71423 les/c 71585/71583 71591/71592/71592) [70,15,24] r=0 lpr=71592 pi=71432-71591/6 crt=0'0 lcod 0'0 mlcod 0'0 peering] null
2014-12-08 18:14:01.879381 7f28fcb46700 7 osd.70 pg_epoch: 71593 pg[19.5a( v 71397'49665417 (50495'49662416,71397'49665417] local-les=71592 n=896 ec=21298 les/c 71592/71592 71591/71591/71591) [70,20,21] r=0 lpr=71591 crt=71397'49665415 lcod 0'0 mlcod 0'0 active+clean] state: handle ActMap primary
2014-12-08 18:14:01.879386 7f28fc345700 10 osd.70 pg_epoch: 71593 pg[216.243( v 71097'212 (0'0,71097'212] local-les=71593 n=101 ec=70987 les/c 71585/71583 71591/71592/71592) [70,23,6] r=0 lpr=71592 pi=71444-71591/5 crt=71097'210 lcod 0'0 mlcod 0'0 inactive] activate peer osd.23 216.243( v 71097'212 (0'0,71097'212] local-les=71585 n=101 ec=70987 les/c 71585/71583 71591/71592/71592) uptodate --
2014-12-08 18:14:01.883815 7f2904b56700 20 osd.70 71593 19.6e heartbeat_peers 0,4,11,13,16,20,30,31,56,58,59,63,70,76
2014-12-08 18:14:01.883821 7f2904b56700 20 osd.70 71593 19.6d heartbeat_peers
2014-12-08 18:14:01.883822 7f2904b56700 20 osd.70 71593 218.6c7 heartbeat_peers 10,18,70,76
2014-12-08 18:14:01.883825 7f2904b56700 20 osd.70 71593 218.6c4 heartbeat_peers 13,15,70,76
2014-12-08 18:14:01.883828 7f2904b56700 20 osd.70 71593 218.562 heartbeat_peers
2014-12-08 18:14:01.883829 7f2904b56700 20 osd.70 71593 218.5e heartbeat_peers
2014-12-08 18:14:01.883831 7f2904b56700 20 osd.70 71593 218.5f heartbeat_peers 9,15,24,70
2014-12-08 18:14:01.883833 7f2904b56700 20 osd.70 71593 217.235 heartbeat_peers
2014-12-08 18:14:01.883835 7f2904b56700 20 osd.70 71593 218.38e heartbeat_peers 3,5,13,70
2014-12-08 18:14:01.883837 7f2904b56700 20 osd.70 71593 218.38f heartbeat_peers 23,25,58,70
2014-12-08 18:14:01.883840 7f2904b56700 20 osd.70 71593 218.38c heartbeat_peers
2014-12-08 18:14:01.883841 7f2904b56700 20 osd.70 71593 217.51 heartbeat_peers
2014-12-08 18:14:01.883842 7f2904b56700 20 osd.70 71593 216.380 heartbeat_peers
2014-12-08 18:14:01.883844 7f2904b56700 20 osd.70 71593 218.51 heartbeat_peers
2014-12-08 18:14:01.883846 7f2904b56700 20 osd.70 71593 218.380 heartbeat_peers
2014-12-08 18:14:01.883847 7f2904b56700 20 osd.70 71593 218.518 heartbeat_peers
2014-12-08 18:14:01.883848 7f2904b56700 20 osd.70 71593 217.22d heartbeat_peers
2014-12-08 18:14:01.883849 7f2904b56700 20 osd.70 71593 216.384 heartbeat_peers
2014-12-08 18:14:01.883844 7f28fc345700 10 osd.70 71593 send_incremental_map 71592 -> 71593 to 0x12711080 172.16.10.103:6809/23410
2014-12-08 18:14:01.883851 7f2904b56700 20 osd.70 71593 216.22f heartbeat_peers 6,21,70
2014-12-08 18:14:01.883855 7f2904b56700 20 osd.70 71593 218.4b heartbeat_peers --
2014-12-08 18:14:01.887576 7f2904b56700 20 osd.70 71593 _dispatch 0x12eac940 pg_notify(19.6e(150) epoch 71593) v5
2014-12-08 18:14:01.887572 7f28fcb46700 10 osd.70 pg_epoch: 71593 pg[217.3f7( v 71376'21 (0'0,71376'21] local-les=71434 n=7 ec=71094 les/c 71585/71583 71591/71593/71593) [70,56,68] r=0 lpr=71593 pi=71432-71592/5 crt=71097'19 lcod 0'0 mlcod 0'0 peering] state: querying info from osd.68
2014-12-08 18:14:01.887575 7f28fc345700 10 osd.70 pg_epoch: 71593 pg[217.399( v 71377'57 (0'0,71377'57] local-les=71445 n=12 ec=71094 les/c 71590/71583 71591/71592/71592) [70,25,58] r=0 lpr=71592 pi=71444-71591/6 crt=71377'54 lcod 0'0 mlcod 0'0 peering] state: Started advmap
2014-12-08 18:14:01.887597 7f2903353700 20 osd.70 71593 share_map_peer 0x1264ef20 already has epoch 71593
2014-12-08 18:14:01.887590 7f28fcb46700 15 osd.70 pg_epoch: 71593 pg[217.3f7( v 71376'21 (0'0,71376'21] local-les=71434 n=7 ec=71094 les/c 71585/71583 71591/71593/71593) [70,56,68] r=0 lpr=71593 pi=71432-71592/5 crt=71097'19 lcod 0'0 mlcod 0'0 peering] publish_stats_to_osd 71593:168
2014-12-08 18:14:01.887591 7f28fc345700 10 osd.70 pg_epoch: 71593 pg[217.399( v 71377'57 (0'0,71377'57] local-les=71445 n=12 ec=71094 les/c 71590/71583 71591/71592/71592) [70,25,58] r=0 lpr=71592 pi=71444-71591/6 crt=71377'54 lcod 0'0 mlcod 0'0 peering] check_recovery_sources no source osds () went down
2014-12-08 18:14:01.887609 7f2904b56700 7 osd.70 71593 handle_pg_notify from osd.16
2014-12-08 18:14:01.887612 7f2904b56700 15 osd.70 71593 require_same_or_newer_map 71593 (i am 71593) 0x12eac940
2014-12-08 18:14:01.887605 7f28fcb46700 20 osd.70 pg_epoch: 71593 pg[217.3f7( v 71376'21 (0'0,71376'21] local-les=71434 n=7 ec=71094 les/c 71585/71583 71591/71593/71593) [70,56,68] r=0 lpr=71593 pi=71432-71592/5 crt=71097'19 lcod 0'0 mlcod 0'0 peering] handle_activate_map: Not dirtying info: last_persisted is 71591 while current is 71593
2014-12-08 18:14:01.887628 7f2903353700 10 osd.70 71593 note_peer_epoch osd.11 has 71593
2014-12-08 18:14:01.887619 7f28fcb46700 10 osd.70 pg_epoch: 71593 pg[217.3f7( v 71376'21 (0'0,71376'21] local-les=71434 n=7 ec=71094 les/c 71585/71583 71591/71593/71593) [70,56,68] r=0 lpr=71593 pi=71432-71592/5 crt=71097'19 lcod 0'0 mlcod 0'0 peering] handle_peering_event: epoch_sent: 71593 epoch_requested: 71593 NullEvt
2014-12-08 18:14:01.887615 7f28fc345700 10 osd.70 pg_epoch: 71593 pg[217.399( v 71377'57 (0'0,71377'57] local-les=71445 n=12 ec=71094 les/c 71590/71583 71591/71592/71592) [70,25,58] r=0 lpr=71592 pi=71444-71591/6 crt=71377'54 lcod 0'0 mlcod 0'0 peering] handle_activate_map
2014-12-08 18:14:01.887633 7f2903353700 20 osd.70 71593 share_map_peer 0x12239ce0 already has epoch 71593
2014-12-08 18:14:01.887634 7f2904b56700 10 osd.70 71593 do_waiters -- start
2014-12-08 18:14:01.887637 7f2904b56700 10 osd.70 71593 do_waiters -- finish
2014-12-08 18:14:01.887646 7f2903353700 20 osd.70 71593 share_map_peer 0x12239ce0 already has epoch 71593
2014-12-08 18:14:01.887635 7f28fc345700 7 osd.70 pg_epoch: 71593 pg[217.399( v 71377'57 (0'0,71377'57] local-les=71445 n=12 ec=71094 les/c 71590/71583 71591/71592/71592) [70,25,58] r=0 lpr=71592 pi=71444-71591/6 crt=71377'54 lcod 0'0 mlcod 0'0 peering] state: handle ActMap primary
2014-12-08 18:14:01.887658 7f2903353700 10 osd.70 71593 note_peer_epoch osd.30 has 71593
2014-12-08 18:14:01.887661 7f28fcb46700 10 log is not dirty
2014-12-08 18:14:01.887661 7f2903353700 20 osd.70 71593 share_map_peer 0x127a5020 already has epoch 71593
2014-12-08 18:14:01.887652 7f28fc345700 15 osd.70 pg_epoch: 71593 pg[217.399( v 71377'57 (0'0,71377'57] local-les=71445 n=12 ec=71094 les/c 71590/71583 71591/71592/71592) [70,25,58] r=0 lpr=71592 pi=71444-71591/6 crt=71377'54 lcod 0'0 mlcod 0'0 peering] publish_stats_to_osd 71593:5117 --
2014-12-08 18:14:01.888283 7f2904b56700 20 osd.70 71593 _dispatch 0x12c6fc20 pg_notify(217.399(28),19.6e(150) epoch 71593) v5
2014-12-08 18:14:01.888271 7f28fc345700 20 osd.70 pg_epoch: 71593 pg[216.ab( v 71097'289 (0'0,71097'289] local-les=71437 n=133 ec=70987 les/c 71585/71583 71591/71592/71168) [20,64,70]/[20,64,13] r=-1 lpr=71592 pi=71183-71591/16 crt=71097'289 lcod 0'0 remapped NOTIFY] set_last_peering_reset 71593
2014-12-08 18:14:01.888278 7f28fcb46700 10 osd.70 pg_epoch: 71593 pg[217.bd( v 71377'4132 (71377'1131,71377'4132] local-les=71592 n=13 ec=71094 les/c 71592/71592 71591/71591/71591) [70,7,25] r=0 lpr=71591 crt=71377'4130 lcod 0'0 mlcod 0'0 active+clean] check_recovery_sources no source osds () went down
2014-12-08 18:14:01.888299 7f2903353700 20 osd.70 71593 share_map_peer 0x12623a20 already has epoch 71593
2014-12-08 18:14:01.888291 7f28fc345700 10 osd.70 pg_epoch: 71593 pg[216.ab( v 71097'289 (0'0,71097'289] local-les=71437 n=133 ec=70987 les/c 71585/71583 71591/71592/71168) [20,64,70]/[20,64,13] r=-1 lpr=71593 pi=71183-71591/16 crt=71097'289 lcod 0'0 remapped NOTIFY] Clearing blocked outgoing recovery messages
2014-12-08 18:14:01.888294 7f28fcb46700 10 osd.70 pg_epoch: 71593 pg[217.bd( v 71377'4132 (71377'1131,71377'4132] local-les=71592 n=13 ec=71094 les/c 71592/71592 71591/71591/71591) [70,7,25] r=0 lpr=71591 crt=71377'4130 lcod 0'0 mlcod 0'0 active+clean] handle_activate_map
2014-12-08 18:14:01.888315 7f2904b56700 7 osd.70 71593 handle_pg_notify from osd.58
2014-12-08 18:14:01.888317 7f2903353700 20 osd.70 71593 share_map_peer 0x1281f600 already has epoch 71593
2014-12-08 18:14:01.888317 7f2904b56700 15 osd.70 71593 require_same_or_newer_map 71593 (i am 71593) 0x12c6fc20
2014-12-08 18:14:01.888308 7f28fcb46700 10 osd.70 pg_epoch: 71593 pg[217.bd( v 71377'4132 (71377'1131,71377'4132] local-les=71592 n=13 ec=71094 les/c 71592/71592 71591/71591/71591) [70,7,25] r=0 lpr=71591 crt=71377'4130 lcod 0'0 mlcod 0'0 active+clean] state: Active: handling ActMap
2014-12-08 18:14:01.888309 7f28fc345700 10 osd.70 pg_epoch: 71593 pg[216.ab( v 71097'289 (0'0,71097'289] local-les=71437 n=133 ec=70987 les/c 71585/71583 71591/71592/71168) [20,64,70]/[20,64,13] r=-1 lpr=71593 pi=71183-71591/16 crt=71097'289 lcod 0'0 remapped NOTIFY] Not blocking outgoing recovery messages
2014-12-08 18:14:01.888323 7f28fcb46700 7 osd.70 pg_epoch: 71593 pg[217.bd( v 71377'4132 (71377'1131,71377'4132] local-les=71592 n=13 ec=71094 les/c 71592/71592 71591/71591/71591) [70,7,25] r=0 lpr=71591 crt=71377'4130 lcod 0'0 mlcod 0'0 active+clean] state: handle ActMap primary
2014-12-08 18:14:01.888325 7f28fc345700 10 osd.70 pg_epoch: 71593 pg[216.ab( v 71097'289 (0'0,71097'289] local-les=71437 n=133 ec=70987 les/c 71585/71583 71591/71592/71168) [20,64,70]/[20,64,13] r=-1 lpr=71593 pi=71183-71591/16 crt=71097'289 lcod 0'0 remapped NOTIFY] state: Reset advmap
2014-12-08 18:14:01.888336 7f2903353700 20 osd.70 71593 share_map_peer 0x1281f600 already has epoch 71593
2014-12-08 18:14:01.888335 7f28fcb46700 15 osd.70 pg_epoch: 71593 pg[217.bd( v 71377'4132 (71377'1131,71377'4132] local-les=71592 n=13 ec=71094 les/c 71592/71592 71591/71591/71591) [70,7,25] r=0 lpr=71591 crt=71377'4130 lcod 0'0 mlcod 0'0 active+clean] publish_stats_to_osd 71593:22936
2014-12-08 18:14:01.888339 7f28fc345700 10 osd.70 pg_epoch: 71593 pg[216.ab( v 71097'289 (0'0,71097'289] local-les=71437 n=133 ec=70987 les/c 71585/71583 71591/71592/71168) [20,64,70]/[20,64,13] r=-1 lpr=71593 pi=71183-71591/16 crt=71097'289 lcod 0'0 remapped NOTIFY] _calc_past_interval_range: already have past intervals back to 71583
2014-12-08 18:14:01.888349 7f28fcb46700 10 osd.70 pg_epoch: 71593 pg[217.bd( v 71377'4132 (71377'1131,71377'4132] local-les=71592 n=13 ec=71094 les/c 71592/71592 71591/71591/71591) [70,7,25] r=0 lpr=71591 crt=71377'4130 lcod 0'0 mlcod 0'0 active+clean] take_waiters
2014-12-08 18:14:01.888359 7f2904b56700 10 osd.70 71593 do_waiters -- start
2014-12-08 18:14:01.888358 7f2903353700 20 osd.70 71593 share_map_peer 0x12889ce0 already has epoch 71593
2014-12-08 18:14:01.888363 7f2904b56700 10 osd.70 71593 do_waiters -- finish
2014-12-08 18:14:01.888356 7f28fc345700 20 osd.70 pg_epoch: 71593 pg[216.ab( v 71097'289 (0'0,71097'289] local-les=71437 n=133 ec=70987 les/c 71585/71583 71591/71592/71168) [20,64,70]/[20,64,13] r=-1 lpr=71593 pi=71183-71591/16 crt=71097'289 lcod 0'0 remapped NOTIFY] new interval newup [20,64,70] newacting [20,64,70] --
2014-12-08 18:14:01.888442 7f2904b56700 20 osd.70 71593 _dispatch 0x12ceb0e0 pg_notify(19.6e(150),218.6c7(5),218.6c4(5) epoch 71593) v5
2014-12-08 18:14:01.888435 7f28fc345700 10 osd.70 pg_epoch: 71593 pg[216.ab( v 71097'289 (0'0,71097'289] local-les=71437 n=133 ec=70987 les/c 71585/71583 71591/71593/71168) [20,64,70] r=2 lpr=71593 pi=71183-71592/17 crt=71097'289 lcod 0'0 inactive NOTIFY] up [20,64,70] -> [20,64,70], acting [20,64,13] -> [20,64,70], acting_primary 20 -> 20, up_primary 20 -> 20, role -1 -> 2
2014-12-08 18:14:01.888448 7f28fcb46700 10 osd.70 pg_epoch: 71593 pg[216.213( v 71093'217 (0'0,71093'217] local-les=71438 n=101 ec=70987 les/c 71585/71583 71591/71591/70989) [13,17,70]/[13,17,77] r=-1 lpr=71591 pi=70987-71590/23 crt=71093'214 lcod 0'0 remapped NOTIFY] handle_activate_map
2014-12-08 18:14:01.888452 7f28fc345700 10 osd.70 pg_epoch: 71593 pg[216.ab( v 71097'289 (0'0,71097'289] local-les=71437 n=133 ec=70987 les/c 71585/71583 71591/71593/71168) [20,64,70] r=2 lpr=71593 pi=71183-71592/17 crt=71097'289 lcod 0'0 inactive NOTIFY] on_change
2014-12-08 18:14:01.888470 7f2904b56700 7 osd.70 71593 handle_pg_notify from osd.76
2014-12-08 18:14:01.888463 7f28fc345700 15 osd.70 pg_epoch: 71593 pg[216.ab( v 71097'289 (0'0,71097'289] local-les=71437 n=133 ec=70987 les/c 71585/71583 71591/71593/71168) [20,64,70] r=2 lpr=71593 pi=71183-71592/17 crt=71097'289 lcod 0'0 inactive NOTIFY] publish_stats_to_osd -- not primary
2014-12-08 18:14:01.888472 7f2904b56700 15 osd.70 71593 require_same_or_newer_map 71593 (i am 71593) 0x12ceb0e0
2014-12-08 18:14:01.888472 7f28fc345700 15 osd.70 pg_epoch: 71593 pg[216.ab( v 71097'289 (0'0,71097'289] local-les=71437 n=133 ec=70987 les/c 71585/71583 71591/71593/71168) [20,64,70] r=2 lpr=71593 pi=71183-71592/17 crt=71097'289 lcod 0'0 inactive NOTIFY] requeue_ops
2014-12-08 18:14:01.888481 7f28fc345700 10 osd.70 pg_epoch: 71593 pg[216.ab( v 71097'289 (0'0,71097'289] local-les=71437 n=133 ec=70987 les/c 71585/71583 71591/71593/71168) [20,64,70] r=2 lpr=71593 pi=71183-71592/17 crt=71097'289 lcod 0'0 inactive NOTIFY] cancel_copy_ops
2014-12-08 18:14:01.888487 7f2903353700 20 osd.70 71593 share_map_peer 0x11a2eb00 already has epoch 71593
2014-12-08 18:14:01.888489 7f28fc345700 10 osd.70 pg_epoch: 71593 pg[216.ab( v 71097'289 (0'0,71097'289] local-les=71437 n=133 ec=70987 les/c 71585/71583 71591/71593/71168) [20,64,70] r=2 lpr=71593 pi=71183-71592/17 crt=71097'289 lcod 0'0 inactive NOTIFY] cancel_flush_ops
2014-12-08 18:14:01.888487 7f28fcb46700 10 osd.70 pg_epoch: 71593 pg[216.213( v 71093'217 (0'0,71093'217] local-les=71438 n=101 ec=70987 les/c 71585/71583 71591/71591/70989) [13,17,70]/[13,17,77] r=-1 lpr=71591 pi=70987-71590/23 crt=71093'214 lcod 0'0 remapped NOTIFY] take_waiters
2014-12-08 18:14:01.888506 7f2903353700 10 osd.70 71593 note_peer_epoch osd.77 has 71593
2014-12-08 18:14:01.888510 7f2903353700 20 osd.70 71593 share_map_peer 0x12a1fc80 already has epoch 71593
2014-12-08 18:14:01.888502 7f28fc345700 10 osd.70 pg_epoch: 71593 pg[216.ab( v 71097'289 (0'0,71097'289] local-les=71437 n=133 ec=70987 les/c 71585/71583 71591/71593/71168) [20,64,70] r=2 lpr=71593 pi=71183-71592/17 crt=71097'289 lcod 0'0 inactive NOTIFY] on_change_cleanup
2014-12-08 18:14:01.888513 7f2904b56700 10 osd.70 71593 do_waiters -- start
2014-12-08 18:14:01.888516 7f2904b56700 10 osd.70 71593 do_waiters -- finish
2014-12-08 18:14:01.888503 7f28fcb46700 20 osd.70 pg_epoch: 71593 pg[216.213( v 71093'217 (0'0,71093'217] local-les=71438 n=101 ec=70987 les/c 71585/71583 71591/71591/70989) [13,17,70]/[13,17,77] r=-1 lpr=71591 pi=70987-71590/23 crt=71093'214 lcod 0'0 remapped NOTIFY] handle_activate_map: Not dirtying info: last_persisted is 71591 while current is 71593
2014-12-08 18:14:01.888516 7f28fc345700 10 osd.70 pg_epoch: 71593 pg[216.ab( v 71097'289 (0'0,71097'289] local-les=71437 n=133 ec=70987 les/c 71585/71583 71591/71593/71168) [20,64,70] r=2 lpr=71593 pi=71183-71592/17 crt=71097'289 lcod 0'0 inactive NOTIFY] on_change
2014-12-08 18:14:01.888519 7f28fcb46700 10 osd.70 pg_epoch: 71593 pg[216.213( v 71093'217 (0'0,71093'217] local-les=71438 n=101 ec=70987 les/c 71585/71583 71591/71591/70989) [13,17,70]/[13,17,77] r=-1 lpr=71591 pi=70987-71590/23 crt=71093'214 lcod 0'0 remapped NOTIFY] handle_peering_event: epoch_sent: 71593 epoch_requested: 71593 NullEvt
2014-12-08 18:14:01.888531 7f28fcb46700 10 log is not dirty --
2014-12-08 18:14:01.894447 7f2904b56700 20 osd.70 71593 _dispatch 0x44fb0e0 pg_notify(19.6e(150) epoch 71593) v5
2014-12-08 18:14:01.894432 7f28fc345700 10 osd.70 pg_epoch: 71592 pg[216.39e( v 71422'199 (0'0,71422'199] local-les=71592 n=94 ec=70987 les/c 71592/71592 71591/71591/71587) [64,70,76] r=1 lpr=71591 pi=71156-71590/18 luod=0'0 crt=71097'198 lcod 0'0 active] handle_advance_map [64,70,76]/[64,70,76] -- 64/64
2014-12-08 18:14:01.894453 7f28fc345700 20 PGPool::update cached_removed_snaps [] newly_removed_snaps [] snapc 0=[] (no change)
2014-12-08 18:14:01.894453 7f28fcb46700 10 osd.70 pg_epoch: 71593 pg[218.3e2( empty local-les=71438 n=0 ec=71423 les/c 71585/71585 71591/71592/71425) [13,19,70] r=2 lpr=71592 pi=71423-71591/9 crt=0'0 inactive NOTIFY] handle_activate_map
2014-12-08 18:14:01.894458 7f28fc345700 10 osd.70 pg_epoch: 71593 pg[216.39e( v 71422'199 (0'0,71422'199] local-les=71592 n=94 ec=70987 les/c 71592/71592 71591/71591/71587) [64,70,76] r=1 lpr=71591 pi=71156-71590/18 luod=0'0 crt=71097'198 lcod 0'0 active] state: Started advmap
2014-12-08 18:14:01.894476 7f2904b56700 7 osd.70 71593 handle_pg_notify from osd.4
2014-12-08 18:14:01.894478 7f2904b56700 15 osd.70 71593 require_same_or_newer_map 71593 (i am 71593) 0x44fb0e0
2014-12-08 18:14:01.894472 7f28fc345700 10 osd.70 pg_epoch: 71593 pg[216.39e( v 71422'199 (0'0,71422'199] local-les=71592 n=94 ec=70987 les/c 71592/71592 71591/71591/71587) [64,70,76] r=1 lpr=71591 pi=71156-71590/18 luod=0'0 crt=71097'198 lcod 0'0 active] check_recovery_sources no source osds () went down
2014-12-08 18:14:01.894484 7f28fc345700 10 osd.70 pg_epoch: 71593 pg[216.39e( v 71422'199 (0'0,71422'199] local-les=71592 n=94 ec=70987 les/c 71592/71592 71591/71591/71587) [64,70,76] r=1 lpr=71591 pi=71156-71590/18 luod=0'0 crt=71097'198 lcod 0'0 active] handle_activate_map
2014-12-08 18:14:01.894492 7f28fcb46700 10 osd.70 pg_epoch: 71593 pg[218.3e2( empty local-les=71438 n=0 ec=71423 les/c 71585/71585 71591/71592/71425) [13,19,70] r=2 lpr=71592 pi=71423-71591/9 crt=0'0 inactive NOTIFY] take_waiters
2014-12-08 18:14:01.894493 7f28fc345700 10 osd.70 pg_epoch: 71593 pg[216.39e( v 71422'199 (0'0,71422'199] local-les=71592 n=94 ec=70987 les/c 71592/71592 71591/71591/71587) [64,70,76] r=1 lpr=71591 pi=71156-71590/18 luod=0'0 crt=71097'198 lcod 0'0 active] take_waiters
2014-12-08 18:14:01.894503 7f2904b56700 10 osd.70 71593 do_waiters -- start
2014-12-08 18:14:01.894505 7f2904b56700 10 osd.70 71593 do_waiters -- finish
2014-12-08 18:14:01.894503 7f28fcb46700 20 osd.70 pg_epoch: 71593 pg[218.3e2( empty local-les=71438 n=0 ec=71423 les/c 71585/71585 71591/71592/71425) [13,19,70] r=2 lpr=71592 pi=71423-71591/9 crt=0'0 inactive NOTIFY] handle_activate_map: Not dirtying info: last_persisted is 71592 while current is 71593
2014-12-08 18:14:01.894505 7f28fc345700 20 osd.70 pg_epoch: 71593 pg[216.39e( v 71422'199 (0'0,71422'199] local-les=71592 n=94 ec=70987 les/c 71592/71592 71591/71591/71587) [64,70,76] r=1 lpr=71591 pi=71156-71590/18 luod=0'0 crt=71097'198 lcod 0'0 active] handle_activate_map: Not dirtying info: last_persisted is 71592 while current is 71593
2014-12-08 18:14:01.894515 7f28fcb46700 10 osd.70 pg_epoch: 71593 pg[218.3e2( empty local-les=71438 n=0 ec=71423 les/c 71585/71585 71591/71592/71425) [13,19,70] r=2 lpr=71592 pi=71423-71591/9 crt=0'0 inactive NOTIFY] handle_peering_event: epoch_sent: 71593 epoch_requested: 71593 NullEvt
2014-12-08 18:14:01.894526 7f28fcb46700 10 log is not dirty
2014-12-08 18:14:01.894518 7f28fc345700 10 osd.70 pg_epoch: 71593 pg[216.39e( v 71422'199 (0'0,71422'199] local-les=71592 n=94 ec=70987 les/c 71592/71592 71591/71591/71587) [64,70,76] r=1 lpr=71591 pi=71156-71590/18 luod=0'0 crt=71097'198 lcod 0'0 active] handle_peering_event: epoch_sent: 71593 epoch_requested: 71593 NullEvt
2014-12-08 18:14:01.894531 7f28fc345700 10 log is not dirty
2014-12-08 18:14:01.894531 7f28fcb46700 10 osd.70 71593 queue_want_up_thru want 71593 <= queued 71593, currently 71592
2014-12-08 18:14:01.894538 7f28fcb46700 20 osd.70 71593 share_map_peer 0x128a0b00 already has epoch 71593 --
2014-12-08 18:14:01.894982 7f2904b56700 20 osd.70 71593 _dispatch 0x12f892c0 pg_notify(19.6e(150) epoch 71593) v5
2014-12-08 18:14:01.894973 7f28fc345700 10 osd.70 pg_epoch: 71593 pg[218.a3( v 71581'1 (0'0,71581'1] local-les=71434 n=1 ec=71423 les/c 71585/71583 71591/71593/71593) [70,20,23] r=0 lpr=71593 pi=71432-71592/6 crt=0'0 lcod 0'0 mlcod 0'0 inactive] on_role_change
2014-12-08 18:14:01.894979 7f28fcb46700 10 osd.70 pg_epoch: 71593 pg[19.6a( v 71397'36030933 (50495'36027932,71397'36030933] local-les=71592 n=942 ec=21298 les/c 71592/71592 71591/71591/69763) [13,58,70] r=2 lpr=71591 pi=57840-71590/51 luod=0'0 crt=71397'36030931 lcod 0'0 active] take_waiters
2014-12-08 18:14:01.894987 7f28fc345700 15 osd.70 pg_epoch: 71593 pg[218.a3( v 71581'1 (0'0,71581'1] local-les=71434 n=1 ec=71423 les/c 71585/71583 71591/71593/71593) [70,20,23] r=0 lpr=71593 pi=71432-71592/6 crt=0'0 lcod 0'0 mlcod 0'0 inactive] requeue_ops
2014-12-08 18:14:01.894993 7f28fcb46700 20 osd.70 pg_epoch: 71593 pg[19.6a( v 71397'36030933 (50495'36027932,71397'36030933] local-les=71592 n=942 ec=21298 les/c 71592/71592 71591/71591/69763) [13,58,70] r=2 lpr=71591 pi=57840-71590/51 luod=0'0 crt=71397'36030931 lcod 0'0 active] handle_activate_map: Not dirtying info: last_persisted is 71592 while current is 71593
2014-12-08 18:14:01.894999 7f28fc345700 10 osd.70 pg_epoch: 71593 pg[218.a3( v 71581'1 (0'0,71581'1] local-les=71434 n=1 ec=71423 les/c 71585/71583 71591/71593/71593) [70,20,23] r=0 lpr=71593 pi=71432-71592/6 crt=0'0 lcod 0'0 mlcod 0'0 inactive] cancel_recovery
2014-12-08 18:14:01.895016 7f2904b56700 7 osd.70 71593 handle_pg_notify from osd.30
2014-12-08 18:14:01.895019 7f2904b56700 15 osd.70 71593 require_same_or_newer_map 71593 (i am 71593) 0x12f892c0
2014-12-08 18:14:01.895007 7f28fcb46700 10 osd.70 pg_epoch: 71593 pg[19.6a( v 71397'36030933 (50495'36027932,71397'36030933] local-les=71592 n=942 ec=21298 les/c 71592/71592 71591/71591/69763) [13,58,70] r=2 lpr=71591 pi=57840-71590/51 luod=0'0 crt=71397'36030931 lcod 0'0 active] handle_peering_event: epoch_sent: 71593 epoch_requested: 71593 NullEvt
2014-12-08 18:14:01.895011 7f28fc345700 10 osd.70 pg_epoch: 71593 pg[218.a3( v 71581'1 (0'0,71581'1] local-les=71434 n=1 ec=71423 les/c 71585/71583 71591/71593/71593) [70,20,23] r=0 lpr=71593 pi=71432-71592/6 crt=0'0 lcod 0'0 mlcod 0'0 inactive] clear_recovery_state
2014-12-08 18:14:01.895023 7f28fcb46700 10 log is not dirty
2014-12-08 18:14:01.895025 7f28fc345700 10 osd.70 pg_epoch: 71593 pg[218.a3( v 71581'1 (0'0,71581'1] local-les=71434 n=1 ec=71423 les/c 71585/71583 71591/71593/71593) [70,20,23] r=0 lpr=71593 pi=71432-71592/6 crt=0'0 lcod 0'0 mlcod 0'0 inactive] check_recovery_sources no source osds () went down
2014-12-08 18:14:01.895039 7f2904b56700 10 osd.70 71593 do_waiters -- start
2014-12-08 18:14:01.895042 7f2904b56700 10 osd.70 71593 do_waiters -- finish
2014-12-08 18:14:01.895034 7f28fcb46700 10 osd.70 pg_epoch: 71592 pg[20.6e( v 57981'62 (0'0,57981'62] local-les=71433 n=59 ec=21299 les/c 71585/71583 71591/71592/71592) [70,78] r=0 lpr=71592 pi=71432-71591/6 crt=57981'62 lcod 0'0 mlcod 0'0 peering] handle_advance_map [70,78]/[70,78] -- 70/70
2014-12-08 18:14:01.895040 7f28fc345700 10 osd.70 pg_epoch: 71593 pg[218.a3( v 71581'1 (0'0,71581'1] local-les=71434 n=1 ec=71423 les/c 71585/71583 71591/71593/71593) [70,20,23] r=0 lpr=71593 pi=71432-71592/6 crt=0'0 lcod 0'0 mlcod 0'0 inactive] handle_activate_map
2014-12-08 18:14:01.895051 7f28fcb46700 20 PGPool::update cached_removed_snaps [1~1,9~2,d~2] newly_removed_snaps [] snapc f=[] (no change)
2014-12-08 18:14:01.895053 7f28fc345700 10 osd.70 pg_epoch: 71593 pg[218.a3( v 71581'1 (0'0,71581'1] local-les=71434 n=1 ec=71423 les/c 71585/71583 71591/71593/71593) [70,20,23] r=0 lpr=71593 pi=71432-71592/6 crt=0'0 lcod 0'0 mlcod 0'0 inactive] update_heartbeat_peers -> 20,23,70
2014-12-08 18:14:01.895063 7f28fc345700 20 osd.70 71593 need_heartbeat_peer_update
2014-12-08 18:14:01.895059 7f28fcb46700 10 osd.70 pg_epoch: 71593 pg[20.6e( v 57981'62 (0'0,57981'62] local-les=71433 n=59 ec=21299 les/c 71585/71583 71591/71592/71592) [70,78] r=0 lpr=71592 pi=71432-71591/6 crt=57981'62 lcod 0'0 mlcod 0'0 peering] state: Peering advmap
2014-12-08 18:14:01.895065 7f28fc345700 10 osd.70 pg_epoch: 71593 pg[218.a3( v 71581'1 (0'0,71581'1] local-les=71434 n=1 ec=71423 les/c 71585/71583 71591/71593/71593) [70,20,23] r=0 lpr=71593 pi=71432-71592/6 crt=0'0 lcod 0'0 mlcod 0'0 inactive] take_waiters --
2014-12-08 18:14:01.896794 7f28fcb46700 10 osd.70 pg_epoch: 71592 pg[19.6e( v 51072'48910307 (50495'48906592,51072'48910307] local-les=51066 n=855 ec=21298 les/c 51101/50495 71591/71591/71591) [70,16,13] r=0 lpr=71591 pi=50489-71590/150 crt=51071'48910301 lcod 0'0 mlcod 0'0 incomplete] handle_advance_map [70,16,13]/[70,16,13] -- 70/70
2014-12-08 18:14:01.896795 7f28fc345700 10 osd.70 pg_epoch: 71593 pg[218.4b( v 71581'2 (0'0,71581'2] local-les=71448 n=2 ec=71423 les/c 71590/71583 71591/71591/71425) [18,17,70]/[18,17,25] r=-1 lpr=71591 pi=71423-71590/11 crt=0'0 lcod 0'0 remapped NOTIFY] handle_activate_map
2014-12-08 18:14:01.896812 7f28fcb46700 20 PGPool::update cached_removed_snaps [1~1] newly_removed_snaps [] snapc 2=[] (no change)
2014-12-08 18:14:01.896816 7f2904b56700 10 osd.70 71593 do_waiters -- start
2014-12-08 18:14:01.896818 7f2904b56700 10 osd.70 71593 do_waiters -- finish
2014-12-08 18:14:01.896818 7f2904b56700 20 osd.70 71593 _dispatch 0x135c0d00 pg_query(218.343 epoch 71593) v3
2014-12-08 18:14:01.896818 7f28fcb46700 10 osd.70 pg_epoch: 71593 pg[19.6e( v 51072'48910307 (50495'48906592,51072'48910307] local-les=51066 n=855 ec=21298 les/c 51101/50495 71591/71591/71591) [70,16,13] r=0 lpr=71591 pi=50489-71590/150 crt=51071'48910301 lcod 0'0 mlcod 0'0 incomplete] state: Peering advmap
2014-12-08 18:14:01.896842 7f2904b56700 7 osd.70 71593 handle_pg_query from osd.15 epoch 71593
2014-12-08 18:14:01.896832 7f28fcb46700 10 osd.70 pg_epoch: 71593 pg[19.6e( v 51072'48910307 (50495'48906592,51072'48910307] local-les=51066 n=855 ec=21298 les/c 51101/50495 71591/71591/71591) [70,16,13] r=0 lpr=71591 pi=50489-71590/150 crt=51071'48910301 lcod 0'0 mlcod 0'0 incomplete] state: Started advmap
2014-12-08 18:14:01.896844 7f2904b56700 15 osd.70 71593 require_same_or_newer_map 71593 (i am 71593) 0x135c0d00
2014-12-08 18:14:01.896834 7f28fc345700 10 osd.70 pg_epoch: 71593 pg[218.4b( v 71581'2 (0'0,71581'2] local-les=71448 n=2 ec=71423 les/c 71590/71583 71591/71591/71425) [18,17,70]/[18,17,25] r=-1 lpr=71591 pi=71423-71590/11 crt=0'0 lcod 0'0 remapped NOTIFY] take_waiters
2014-12-08 18:14:01.896851 7f28fcb46700 10 osd.70 pg_epoch: 71593 pg[19.6e( v 51072'48910307 (50495'48906592,51072'48910307] local-les=51066 n=855 ec=21298 les/c 51101/50495 71591/71591/71591) [70,16,13] r=0 lpr=71591 pi=50489-71590/150 crt=51071'48910301 lcod 0'0 mlcod 0'0 incomplete] check_recovery_sources no source osds () went down
2014-12-08 18:14:01.896847 7f290a83a700 10 osd.70 pg_epoch: 71593 pg[216.23b( v 71422'256 (0'0,71422'256] local-les=71593 n=122 ec=70987 les/c 71585/71583 71591/71592/71592) [70,24,63] r=0 lpr=71592 pi=71432-71591/6 crt=71097'255 lcod 0'0 mlcod 0'0 inactive] _activate_committed 71593 peer_activated now 70 last_epoch_started 71585 same_interval_since 71592
2014-12-08 18:14:01.896857 7f2904b56700 10 osd.70 pg_epoch: 71592 pg[218.343( empty local-les=71457 n=0 ec=71423 les/c 71585/71585 71591/71591/71456) [15,70,76]/[15,76,68] r=-1 lpr=71591 pi=71444-71590/6 crt=0'0 remapped NOTIFY] handle_query query(info 0'0) from replica 15
2014-12-08 18:14:01.896855 7f28fc345700 20 osd.70 pg_epoch: 71593 pg[218.4b( v 71581'2 (0'0,71581'2] local-les=71448 n=2 ec=71423 les/c 71590/71583 71591/71591/71425) [18,17,70]/[18,17,25] r=-1 lpr=71591 pi=71423-71590/11 crt=0'0 lcod 0'0 remapped NOTIFY] handle_activate_map: Not dirtying info: last_persisted is 71591 while current is 71593
2014-12-08 18:14:01.896871 7f290a83a700 10 osd.70 pg_epoch: 71593 pg[216.23b( v 71422'256 (0'0,71422'256] local-les=71593 n=122 ec=70987 les/c 71585/71583 71591/71592/71592) [70,24,63] r=0 lpr=71592 pi=71432-71591/6 crt=71097'255 lcod 0'0 mlcod 0'0 inactive] flushed
2014-12-08 18:14:01.896868 7f28fcb46700 10 osd.70 pg_epoch: 71593 pg[19.6e( v 51072'48910307 (50495'48906592,51072'48910307] local-les=51066 n=855 ec=21298 les/c 51101/50495 71591/71591/71591) [70,16,13] r=0 lpr=71591 pi=50489-71590/150 crt=51071'48910301 lcod 0'0 mlcod 0'0 incomplete] handle_activate_map
2014-12-08 18:14:01.896886 7f2904b56700 10 osd.70 71593 do_waiters -- start
2014-12-08 18:14:01.896888 7f2904b56700 10 osd.70 71593 do_waiters -- finish
2014-12-08 18:14:01.896883 7f28fc345700 10 osd.70 pg_epoch: 71593 pg[218.4b( v 71581'2 (0'0,71581'2] local-les=71448 n=2 ec=71423 les/c 71590/71583 71591/71591/71425) [18,17,70]/[18,17,25] r=-1 lpr=71591 pi=71423-71590/11 crt=0'0 lcod 0'0 remapped NOTIFY] handle_peering_event: epoch_sent: 71593 epoch_requested: 71593 NullEvt
2014-12-08 18:14:01.896900 7f2904b56700 10 osd.70 71593 do_waiters -- start
2014-12-08 18:14:01.896902 7f2904b56700 10 osd.70 71593 do_waiters -- finish
2014-12-08 18:14:01.896888 7f28fcb46700 7 osd.70 pg_epoch: 71593 pg[19.6e( v 51072'48910307 (50495'48906592,51072'48910307] local-les=51066 n=855 ec=21298 les/c 51101/50495 71591/71591/71591) [70,16,13] r=0 lpr=71591 pi=50489-71590/150 crt=51071'48910301 lcod 0'0 mlcod 0'0 incomplete] state: handle ActMap primary
2014-12-08 18:14:01.896904 7f28fc345700 10 log is not dirty
2014-12-08 18:14:01.896903 7f2904b56700 20 osd.70 71593 _dispatch 0x12eaa960 pg_notify(218.3c2(4) epoch 71593) v5
2014-12-08 18:14:01.896912 7f28fcb46700 15 osd.70 pg_epoch: 71593 pg[19.6e( v 51072'48910307 (50495'48906592,51072'48910307] local-les=51066 n=855 ec=21298 les/c 51101/50495 71591/71591/71591) [70,16,13] r=0 lpr=71591 pi=50489-71590/150 crt=51071'48910301 lcod 0'0 mlcod 0'0 incomplete] publish_stats_to_osd 71593:63844733
2014-12-08 18:14:01.896923 7f28fc345700 10 osd.70 pg_epoch: 71592 pg[217.220( v 71377'4112 (71377'1111,71377'4112] local-les=71592 n=14 ec=71094 les/c 71592/71592 71591/71591/71589) [68,18,70] r=2 lpr=71591 pi=71183-71590/23 luod=0'0 crt=71377'4110 lcod 0'0 active] handle_advance_map [68,18,70]/[68,18,70] -- 68/68
2014-12-08 18:14:01.896929 7f28fcb46700 10 osd.70 pg_epoch: 71593 pg[19.6e( v 51072'48910307 (50495'48906592,51072'48910307] local-les=51066 n=855 ec=21298 les/c 51101/50495 71591/71591/71591) [70,16,13] r=0 lpr=71591 pi=50489-71590/150 crt=51071'48910301 lcod 0'0 mlcod 0'0 incomplete] take_waiters
2014-12-08 18:14:01.896945 7f2904b56700 7 osd.70 71593 handle_pg_notify from osd.24
2014-12-08 18:14:01.896947 7f2904b56700 15 osd.70 71593 require_same_or_newer_map 71593 (i am 71593) 0x12eaa960
2014-12-08 18:14:01.896950 7f28fc345700 20 PGPool::update cached_removed_snaps [] newly_removed_snaps [] snapc 0=[] (no change)
2014-12-08 18:14:01.896950 7f28fcb46700 20 osd.70 pg_epoch: 71593 pg[19.6e( v 51072'48910307 (50495'48906592,51072'48910307] local-les=51066 n=855 ec=21298 les/c 51101/50495 71591/71591/71591) [70,16,13] r=0 lpr=71591 pi=50489-71590/150 crt=51071'48910301 lcod 0'0 mlcod 0'0 incomplete] handle_activate_map: Not dirtying info: last_persisted is 71591 while current is 71593
2014-12-08 18:14:01.896968 7f2904b56700 10 osd.70 71593 do_waiters -- start
2014-12-08 18:14:01.896970 7f2904b56700 10 osd.70 71593 do_waiters -- finish
2014-12-08 18:14:01.896958 7f28fc345700 10 osd.70 pg_epoch: 71593 pg[217.220( v 71377'4112 (71377'1111,71377'4112] local-les=71592 n=14 ec=71094 les/c 71592/71592 71591/71591/71589) [68,18,70] r=2 lpr=71591 pi=71183-71590/23 luod=0'0 crt=71377'4110 lcod 0'0 active] state: Started advmap
2014-12-08 18:14:01.896982 7f2904b56700 10 osd.70 71593 do_waiters -- start
2014-12-08 18:14:01.896984 7f2904b56700 10 osd.70 71593 do_waiters -- finish
2014-12-08 18:14:01.896969 7f28fcb46700 10 osd.70 pg_epoch: 71593 pg[19.6e( v 51072'48910307 (50495'48906592,51072'48910307] local-les=51066 n=855 ec=21298 les/c 51101/50495 71591/71591/71591) [70,16,13] r=0 lpr=71591 pi=50489-71590/150 crt=51071'48910301 lcod 0'0 mlcod 0'0 incomplete] handle_peering_event: epoch_sent: 71593 epoch_requested: 71593 NullEvt
2014-12-08 18:14:01.896985 7f2904b56700 20 osd.70 71593 _dispatch 0x12f81e00 pg_notify(216.2e7(4) epoch 71593) v5
2014-12-08 18:14:01.896989 7f28fcb46700 10 log is not dirty
2014-12-08 18:14:01.896980 7f28fc345700 10 osd.70 pg_epoch: 71593 pg[217.220( v 71377'4112 (71377'1111,71377'4112] local-les=71592 n=14 ec=71094 les/c 71592/71592 71591/71591/71589) [68,18,70] r=2 lpr=71591 pi=71183-71590/23 luod=0'0 crt=71377'4110 lcod 0'0 active] check_recovery_sources no source osds () went down
2014-12-08 18:14:01.897004 7f2904b56700 7 osd.70 71593 handle_pg_notify from osd.64
2014-12-08 18:14:01.897006 7f2904b56700 15 osd.70 71593 require_same_or_newer_map 71593 (i am 71593) 0x12f81e00
2014-12-08 18:14:01.897011 7f28fc345700 10 osd.70 pg_epoch: 71593 pg[217.220( v 71377'4112 (71377'1111,71377'4112] local-les=71592 n=14 ec=71094 les/c 71592/71592 71591/71591/71589) [68,18,70] r=2 lpr=71591 pi=71183-71590/23 luod=0'0 crt=71377'4110 lcod 0'0 active] handle_activate_map
2014-12-08 18:14:01.897025 7f2904b56700 10 osd.70 71593 do_waiters -- start
2014-12-08 18:14:01.897026 7f2904b56700 10 osd.70 71593 do_waiters -- finish
2014-12-08 18:14:01.897022 7f28fc345700 10 osd.70 pg_epoch: 71593 pg[217.220( v 71377'4112 (71377'1111,71377'4112] local-les=71592 n=14 ec=71094 les/c 71592/71592 71591/71591/71589) [68,18,70] r=2 lpr=71591 pi=71183-71590/23 luod=0'0 crt=71377'4110 lcod 0'0 active] take_waiters
2014-12-08 18:14:01.897030 7f28fc345700 20 osd.70 pg_epoch: 71593 pg[217.220( v 71377'4112 (71377'1111,71377'4112] local-les=71592 n=14 ec=71094 les/c 71592/71592 71591/71591/71589) [68,18,70] r=2 lpr=71591 pi=71183-71590/23 luod=0'0 crt=71377'4110 lcod 0'0 active] handle_activate_map: Not dirtying info: last_persisted is 71592 while current is 71593
2014-12-08 18:14:01.897039 7f2904b56700 10 osd.70 71593 do_waiters -- start
2014-12-08 18:14:01.897042 7f2904b56700 10 osd.70 71593 do_waiters -- finish
2014-12-08 18:14:01.897044 7f2904b56700 20 osd.70 71593 _dispatch 0x12c6e960 pg_notify(216.3c5(33) epoch 71593) v5
2014-12-08 18:14:01.897040 7f28fc345700 10 osd.70 pg_epoch: 71593 pg[217.220( v 71377'4112 (71377'1111,71377'4112] local-les=71592 n=14 ec=71094 les/c 71592/71592 71591/71591/71589) [68,18,70] r=2 lpr=71591 pi=71183-71590/23 luod=0'0 crt=71377'4110 lcod 0'0 active] handle_peering_event: epoch_sent: 71593 epoch_requested: 71593 NullEvt
2014-12-08 18:14:01.897053 7f28fc345700 10 log is not dirty
2014-12-08 18:14:01.897035 7f28fcb46700 10 osd.70 pg_epoch: 71592 pg[19.6d( v 71397'33614009 (70963'33611008,71397'33614009] local-les=71592 n=896 ec=21298 les/c 71583/71583 71591/71591/71169) [4,70,69] r=1 lpr=71591 pi=71156-71590/27 luod=0'0 crt=71397'33614007 lcod 0'0 active] handle_advance_map [4,70,69]/[4,70,69] -- 4/4
2014-12-08 18:14:01.897064 7f28fcb46700 20 PGPool::update cached_removed_snaps [1~1] newly_removed_snaps [] snapc 2=[] (no change)
2014-12-08 18:14:01.897067 7f28fc345700 10 osd.70 pg_epoch: 71592 pg[216.3b8( v 71097'270 (0'0,71097'270] local-les=71437 n=130 ec=70987 les/c 71585/71583 71591/71591/71587) [58,70,18]/[58,18,13] r=-1 lpr=71591 pi=70987-71590/26 crt=71097'270 lcod 0'0 remapped NOTIFY] handle_advance_map [58,70,18]/[58,18,13] -- 58/58
2014-12-08 18:14:01.897070 7f28fcb46700 10 osd.70 pg_epoch: 71593 pg[19.6d( v 71397'33614009 (70963'33611008,71397'33614009] local-les=71592 n=896 ec=21298 les/c 71583/71583 71591/71591/71169) [4,70,69] r=1 lpr=71591 pi=71156-71590/27 luod=0'0 crt=71397'33614007 lcod 0'0 active] state: Started advmap
2014-12-08 18:14:01.897081 7f2904b56700 7 osd.70 71593 handle_pg_notify from osd.1 --
2014-12-08 18:14:01.931297 7f28fbb44700 10 osd.70 71593 dequeue_op 0x1285ce00 prio 63 cost 917504 latency 0.007363 osd_op(client.1195889.0:533240 rbd_data.124045103eaad3.00000000000007be [set-alloc-hint object_size 8388608 write_size 8388608,write 0~917504] 19.2fb9d06e RETRY=14 ack+ondisk+retry+write e71593) v4 pg pg[19.6e( v 51072'48910307 (50495'48906592,51072'48910307] local-les=51066 n=855 ec=21298 les/c 51101/50495 71591/71591/71591) [70,16,13] r=0 lpr=71591 pi=50489-71590/150 crt=51071'48910301 lcod 0'0 mlcod 0'0 incomplete]
2014-12-08 18:14:01.931327 7f28fc345700 10 osd.70 pg_epoch: 71593 pg[217.1ed( v 71377'36 (0'0,71377'36] local-les=71433 n=14 ec=71094 les/c 71585/71583 71591/71593/71168) [20,70,5] r=1 lpr=71593 pi=71183-71592/17 crt=71377'34 lcod 0'0 inactive NOTIFY] cancel_flush_ops
2014-12-08 18:14:01.931341 7f2904b56700 10 osd.70 71593 do_waiters -- start
2014-12-08 18:14:01.931344 7f2904b56700 10 osd.70 71593 do_waiters -- finish
2014-12-08 18:14:01.931351 7f2904b56700 20 osd.70 71593 _dispatch 0x12eab2c0 pg_notify(216.23b(5) epoch 71593) v5
2014-12-08 18:14:01.931340 7f28fc345700 10 osd.70 pg_epoch: 71593 pg[217.1ed( v 71377'36 (0'0,71377'36] local-les=71433 n=14 ec=71094 les/c 71585/71583 71591/71593/71168) [20,70,5] r=1 lpr=71593 pi=71183-71592/17 crt=71377'34 lcod 0'0 inactive NOTIFY] on_change_cleanup
