2014-12-08 18:14:03.265508 7f28f933f700 20 osd.70 pg_epoch: 71594 pg[19.6e( v 51072'48910307 (50495'48906592,51072'48910307] local-les=51066 n=855 ec=21298 les/c 51101/50495 71591/71591/71591) [70,16,13] r=0 lpr=71591 pi=50489-71590/150 crt=51071'48910301 lcod 0'0 mlcod 0'0 incomplete] op_has_sufficient_caps pool=19 (volumes ) owner=0 need_read_cap=0 need_write_cap=1 need_class_read_cap=0 need_class_write_cap=0 -> yes
2014-12-08 18:14:03.265559 7f28f933f700 10 osd.70 pg_epoch: 71594 pg[19.6e( v 51072'48910307 (50495'48906592,51072'48910307] local-les=51066 n=855 ec=21298 les/c 51101/50495 71591/71591/71591) [70,16,13] r=0 lpr=71591 pi=50489-71590/150 crt=51071'48910301 lcod 0'0 mlcod 0'0 incomplete] can_handle_while_inactive: 0x1285dc00
2014-12-08 18:14:03.265573 7f28f933f700 10 osd.70 71594 dequeue_op 0x1285dc00 finish
2014-12-08 18:14:03.265574 7f28d9bb2700 20 osd.70 71594 should_share_map client.6443001 172.16.5.116:0/109013063 71594
2014-12-08 18:14:03.265590 7f28d9bb2700 15 osd.70 71594 enqueue_op 0x1285c800 prio 63 cost 0 latency 0.000155 osd_op(client.6443001.0:641 rbd_data.5d886f14455c93.0000000000000268 [delete] 19.4826cf6e RETRY=39 ack+ondisk+retry+write e71594) v4
2014-12-08 18:14:03.265668 7f28fbb44700 10 osd.70 71594 dequeue_op 0x1285c800 prio 63 cost 0 latency 0.000232 osd_op(client.6443001.0:641 rbd_data.5d886f14455c93.0000000000000268 [delete] 19.4826cf6e RETRY=39 ack+ondisk+retry+write e71594) v4 pg pg[19.6e( v 51072'48910307 (50495'48906592,51072'48910307] local-les=51066 n=855 ec=21298 les/c 51101/50495 71591/71591/71591) [70,16,13] r=0 lpr=71591 pi=50489-71590/150 crt=51071'48910301 lcod 0'0 mlcod 0'0 incomplete]
2014-12-08 18:14:03.265715 7f28fbb44700 20 osd.70 pg_epoch: 71594 pg[19.6e( v 51072'48910307 (50495'48906592,51072'48910307] local-les=51066 n=855 ec=21298 les/c 51101/50495 71591/71591/71591) [70,16,13] r=0 lpr=71591 pi=50489-71590/150 crt=51071'48910301 lcod 0'0 mlcod 0'0 incomplete] op_has_sufficient_caps pool=19 (volumes ) owner=0 need_read_cap=0 need_write_cap=1 need_class_read_cap=0 need_class_write_cap=0 -> yes
2014-12-08 18:14:03.265729 7f28fbb44700 10 osd.70 pg_epoch: 71594 pg[19.6e( v 51072'48910307 (50495'48906592,51072'48910307] local-les=51066 n=855 ec=21298 les/c 51101/50495 71591/71591/71591) [70,16,13] r=0 lpr=71591 pi=50489-71590/150 crt=51071'48910301 lcod 0'0 mlcod 0'0 incomplete] can_handle_while_inactive: 0x1285c800
2014-12-08 18:14:03.265736 7f28fbb44700 10 osd.70 71594 dequeue_op 0x1285c800 finish
2014-12-08 18:14:03.265740 7f28d9bb2700 20 osd.70 71594 should_share_map client.6443001 172.16.5.116:0/109013063 71594
2014-12-08 18:14:03.265756 7f28d9bb2700 15 osd.70 71594 enqueue_op 0x1285e400 prio 63 cost 0 latency 0.000116 osd_op(client.6443001.0:642 rbd_data.5d886f14455c93.0000000000000269 [delete] 19.8b6d1e6e RETRY=39 ack+ondisk+retry+write e71594) v4
2014-12-08 18:14:03.265811 7f28f933f700 10 osd.70 71594 dequeue_op 0x1285e400 prio 63 cost 0 latency 0.000171 osd_op(client.6443001.0:642 rbd_data.5d886f14455c93.0000000000000269 [delete] 19.8b6d1e6e RETRY=39 ack+ondisk+retry+write e71594) v4 pg pg[19.6e( v 51072'48910307 (50495'48906592,51072'48910307] local-les=51066 n=855 ec=21298 les/c 51101/50495 71591/71591/71591) [70,16,13] r=0 lpr=71591 pi=50489-71590/150 crt=51071'48910301 lcod 0'0 mlcod 0'0 incomplete]
2014-12-08 18:14:03.265868 7f28f933f700 20 osd.70 pg_epoch: 71594 pg[19.6e( v 51072'48910307 (50495'48906592,51072'48910307] local-les=51066 n=855 ec=21298 les/c 51101/50495 71591/71591/71591) [70,16,13] r=0 lpr=71591 pi=50489-71590/150 crt=51071'48910301 lcod 0'0 mlcod 0'0 incomplete] op_has_sufficient_caps pool=19 (volumes ) owner=0 need_read_cap=0 need_write_cap=1 need_class_read_cap=0 need_class_write_cap=0 -> yes
2014-12-08 18:14:03.265907 7f28f933f700 10 osd.70 pg_epoch: 71594 pg[19.6e( v 51072'48910307 (50495'48906592,51072'48910307] local-les=51066 n=855 ec=21298 les/c 51101/50495 71591/71591/71591) [70,16,13] r=0 lpr=71591 pi=50489-71590/150 crt=51071'48910301 lcod 0'0 mlcod 0'0 incomplete] can_handle_while_inactive: 0x1285e400
2014-12-08 18:14:03.265916 7f28f933f700 10 osd.70 71594 dequeue_op 0x1285e400 finish
2014-12-08 18:14:03.265923 7f28d9bb2700 20 osd.70 71594 should_share_map client.6443001 172.16.5.116:0/109013063 71594
2014-12-08 18:14:03.265939 7f28d9bb2700 15 osd.70 71594 enqueue_op 0x1285c900 prio 63 cost 0 latency 0.000146 osd_op(client.6443001.0:785 rbd_data.5d886f14455c93.00000000000002f8 [delete] 19.5522f0ee RETRY=39 ack+ondisk+retry+write e71594) v4
2014-12-08 18:14:03.265996 7f28fbb44700 10 osd.70 71594 dequeue_op 0x1285c900 prio 63 cost 0 latency 0.000203 osd_op(client.6443001.0:785 rbd_data.5d886f14455c93.00000000000002f8 [delete] 19.5522f0ee RETRY=39 ack+ondisk+retry+write e71594) v4 pg pg[19.6e( v 51072'48910307 (50495'48906592,51072'48910307] local-les=51066 n=855 ec=21298 les/c 51101/50495 71591/71591/71591) [70,16,13] r=0 lpr=71591 pi=50489-71590/150 crt=51071'48910301 lcod 0'0 mlcod 0'0 incomplete]
2014-12-08 18:14:03.266047 7f28fbb44700 20 osd.70 pg_epoch: 71594 pg[19.6e( v 51072'48910307 (50495'48906592,51072'48910307] local-les=51066 n=855 ec=21298 les/c 51101/50495 71591/71591/71591) [70,16,13] r=0 lpr=71591 pi=50489-71590/150 crt=51071'48910301 lcod 0'0 mlcod 0'0 incomplete] op_has_sufficient_caps pool=19 (volumes ) owner=0 need_read_cap=0 need_write_cap=1 need_class_read_cap=0 need_class_write_cap=0 -> yes
2014-12-08 18:14:03.266082 7f28fbb44700 10 osd.70 pg_epoch: 71594 pg[19.6e( v 51072'48910307 (50495'48906592,51072'48910307] local-les=51066 n=855 ec=21298 les/c 51101/50495 71591/71591/71591) [70,16,13] r=0 lpr=71591 pi=50489-71590/150 crt=51071'48910301 lcod 0'0 mlcod 0'0 incomplete] can_handle_while_inactive: 0x1285c900
2014-12-08 18:14:03.266091 7f28fbb44700 10 osd.70 71594 dequeue_op 0x1285c900 finish
2014-12-08 18:14:03.266100 7f28d9bb2700 20 osd.70 71594 should_share_map client.6443001 172.16.5.116:0/109013063 71594
2014-12-08 18:14:03.266117 7f28d9bb2700 15 osd.70 71594 enqueue_op 0x1285e100 prio 63 cost 0 latency 0.000144 osd_op(client.6443001.0:956 rbd_data.5d886f14455c93.00000000000003a3 [delete] 19.f90d486e RETRY=39 ack+ondisk+retry+write e71594) v4
2014-12-08 18:14:03.266176 7f28f933f700 10 osd.70 71594 dequeue_op 0x1285e100 prio 63 cost 0 latency 0.000202 osd_op(client.6443001.0:956 rbd_data.5d886f14455c93.00000000000003a3 [delete] 19.f90d486e RETRY=39 ack+ondisk+retry+write e71594) v4 pg pg[19.6e( v 51072'48910307 (50495'48906592,51072'48910307] local-les=51066 n=855 ec=21298 les/c 51101/50495 71591/71591/71591) [70,16,13] r=0 lpr=71591 pi=50489-71590/150 crt=51071'48910301 lcod 0'0 mlcod 0'0 incomplete]
2014-12-08 18:14:03.266225 7f28f933f700 20 osd.70 pg_epoch: 71594 pg[19.6e( v 51072'48910307 (50495'48906592,51072'48910307] local-les=51066 n=855 ec=21298 les/c 51101/50495 71591/71591/71591) [70,16,13] r=0 lpr=71591 pi=50489-71590/150 crt=51071'48910301 lcod 0'0 mlcod 0'0 incomplete] op_has_sufficient_caps pool=19 (volumes ) owner=0 need_read_cap=0 need_write_cap=1 need_class_read_cap=0 need_class_write_cap=0 -> yes
2014-12-08 18:14:03.266244 7f28f933f700 10 osd.70 pg_epoch: 71594 pg[19.6e( v 51072'48910307 (50495'48906592,51072'48910307] local-les=51066 n=855 ec=21298 les/c 51101/50495 71591/71591/71591) [70,16,13] r=0 lpr=71591 pi=50489-71590/150 crt=51071'48910301 lcod 0'0 mlcod 0'0 incomplete] can_handle_while_inactive: 0x1285e100
2014-12-08 18:14:03.266259 7f28f933f700 10 osd.70 71594 dequeue_op 0x1285e100 finish
2014-12-08 18:14:03.266304 7f28d9bb2700 20 osd.70 71594 should_share_map client.6443001 172.16.5.116:0/109013063 71594
2014-12-08 18:14:03.266323 7f28d9bb2700 15 osd.70 71594 enqueue_op 0x1285e000 prio 63 cost 0 latency 0.000152 osd_op(client.6443001.0:1014 rbd_data.5d886f14455c93.00000000000003dd [delete] 19.f28d3b6e RETRY=39 ack+ondisk+retry+write e71594) v4
2014-12-08 18:14:03.266343 7f28fbb44700 10 osd.70 71594 dequeue_op 0x1285e000 prio 63 cost 0 latency 0.000172 osd_op(client.6443001.0:1014 rbd_data.5d886f14455c93.00000000000003dd [delete] 19.f28d3b6e RETRY=39 ack+ondisk+retry+write e71594) v4 pg pg[19.6e( v 51072'48910307 (50495'48906592,51072'48910307] local-les=51066 n=855 ec=21298 les/c 51101/50495 71591/71591/71591) [70,16,13] r=0 lpr=71591 pi=50489-71590/150 crt=51071'48910301 lcod 0'0 mlcod 0'0 incomplete]
2014-12-08 18:14:03.266366 7f28fbb44700 20 osd.70 pg_epoch: 71594 pg[19.6e( v 51072'48910307 (50495'48906592,51072'48910307] local-les=51066 n=855 ec=21298 les/c 51101/50495 71591/71591/71591) [70,16,13] r=0 lpr=71591 pi=50489-71590/150 crt=51071'48910301 lcod 0'0 mlcod 0'0 incomplete] op_has_sufficient_caps pool=19 (volumes ) owner=0 need_read_cap=0 need_write_cap=1 need_class_read_cap=0 need_class_write_cap=0 -> yes
2014-12-08 18:14:03.266379 7f28fbb44700 10 osd.70 pg_epoch: 71594 pg[19.6e( v 51072'48910307 (50495'48906592,51072'48910307] local-les=51066 n=855 ec=21298 les/c 51101/50495 71591/71591/71591) [70,16,13] r=0 lpr=71591 pi=50489-71590/150 crt=51071'48910301 lcod 0'0 mlcod 0'0 incomplete] can_handle_while_inactive: 0x1285e000
2014-12-08 18:14:03.266386 7f28fbb44700 10 osd.70 71594 dequeue_op 0x1285e000 finish
2014-12-08 18:14:03.266413 7f28d9bb2700 20 osd.70 71594 should_share_map client.6443001 172.16.5.116:0/109013063 71594
2014-12-08 18:14:03.266431 7f28d9bb2700 15 osd.70 71594 enqueue_op 0x1285f500 prio 63 cost 0 latency 0.000089 osd_op(client.6443001.0:1320 rbd_data.5d886f14455c93.000000000000050f [delete] 19.6bd2726e RETRY=39 ack+ondisk+retry+write e71594) v4
2014-12-08 18:14:03.266480 7f28f933f700 10 osd.70 71594 dequeue_op 0x1285f500 prio 63 cost 0 latency 0.000137 osd_op(client.6443001.0:1320 rbd_data.5d886f14455c93.000000000000050f [delete] 19.6bd2726e RETRY=39 ack+ondisk+retry+write e71594) v4 pg pg[19.6e( v 51072'48910307 (50495'48906592,51072'48910307] local-les=51066 n=855 ec=21298 les/c 51101/50495 71591/71591/71591) [70,16,13] r=0 lpr=71591 pi=50489-71590/150 crt=51071'48910301 lcod 0'0 mlcod 0'0 incomplete]
2014-12-08 18:14:03.266519 7f28f933f700 20 osd.70 pg_epoch: 71594 pg[19.6e( v 51072'48910307 (50495'48906592,51072'48910307] local-les=51066 n=855 ec=21298 les/c 51101/50495 71591/71591/71591) [70,16,13] r=0 lpr=71591 pi=50489-71590/150 crt=51071'48910301 lcod 0'0 mlcod 0'0 incomplete] op_has_sufficient_caps pool=19 (volumes ) owner=0 need_read_cap=0 need_write_cap=1 need_class_read_cap=0 need_class_write_cap=0 -> yes
2014-12-08 18:14:03.266532 7f28f933f700 10 osd.70 pg_epoch: 71594 pg[19.6e( v 51072'48910307 (50495'48906592,51072'48910307] local-les=51066 n=855 ec=21298 les/c 51101/50495 71591/71591/71591) [70,16,13] r=0 lpr=71591 pi=50489-71590/150 crt=51071'48910301 lcod 0'0 mlcod 0'0 incomplete] can_handle_while_inactive: 0x1285f500
2014-12-08 18:14:03.266540 7f28f933f700 10 osd.70 71594 dequeue_op 0x1285f500 finish
2014-12-08 18:14:03.317364 7f2900b4e700 20 osd.70 71594 share_map_peer 0x12711080 already has epoch 71594
2014-12-08 18:14:03.317525 7f2902351700 20 osd.70 71594 share_map_peer 0x12711080 already has epoch 71594
2014-12-08 18:14:03.372991 7f2902351700 20 osd.70 71594 share_map_peer 0x129c5760 already has epoch 71594
2014-12-08 18:14:03.373072 7f2900b4e700 20 osd.70 71594 share_map_peer 0x129c5760 already has epoch 71594
2014-12-08 18:14:03.509920 7f2900b4e700 20 osd.70 71594 share_map_peer 0x1281f600 already has epoch 71594
2014-12-08 18:14:03.510093 7f2902351700 20 osd.70 71594 share_map_peer 0x1281f600 already has epoch 71594
2014-12-08 18:14:03.529651 7f2900b4e700 20 osd.70 71594 share_map_peer 0x12769700 already has epoch 71594
2014-12-08 18:14:03.529769 7f2902351700 20 osd.70 71594 share_map_peer 0x12769700 already has epoch 71594
2014-12-08 18:14:03.550646 7f2906359700 10 osd.70 71594 do_waiters -- start
2014-12-08 18:14:03.550651 7f2906359700 10 osd.70 71594 do_waiters -- finish
2014-12-08 18:14:03.550654 7f2906359700 20 osd.70 71594 _dispatch 0x12c15840 osd_map(71595..71595 src has 50399..71595) v3
2014-12-08 18:14:03.550712 7f2906359700 3 osd.70 71594 handle_osd_map epochs [71595,71595], i have 71594, src has [50399,71595]
2014-12-08 18:14:03.550720 7f2906359700 10 osd.70 71594 handle_osd_map got inc map for epoch 71595
2014-12-08 18:14:03.552251 7f2906359700 10 osd.70 71594 advance to epoch 71595 (<= newest 71595)
2014-12-08 18:14:03.552287 7f2906359700 7 osd.70 71595 advance_map epoch 71595
2014-12-08 18:14:03.552301 7f2906359700 10 osd.70 71595 write_superblock sb(5509ebdb-0310-4919-ae72-ee26c6358258 osd.70 603f74ce-40a0-43de-8388-a8468497416a e71595 [50399,71595] lci=[71591,71595])
2014-12-08 18:14:03.552393 7f2906359700 7 osd.70 71595 consume_map version 71595
2014-12-08 18:14:03.552752 7f2906359700 10 osd.70 pg_epoch: 71594 pg[216.257( v 71097'238 (0'0,71097'238] local-les=71593 n=110 ec=70987 les/c 71593/71593 71591/71591/71168) [8,70,16] r=1 lpr=71591 pi=70987-71590/29 luod=0'0 crt=71097'236 lcod 0'0 active] null
2014-12-08 18:14:03.552814 7f2906359700 10 osd.70 pg_epoch: 71594 pg[216.249( v 71097'244 (0'0,71097'244] local-les=71593 n=119 ec=70987 les/c 71593/71593 71591/71592/71592) [70,68,5] r=0 lpr=71592 crt=71097'244 lcod 0'0 mlcod 0'0 active+clean] null --
2014-12-08 18:14:03.555113 7f2906359700 10 osd.70 pg_epoch: 71594 pg[19.6e( v 51072'48910307 (50495'48906592,51072'48910307] local-les=51066 n=855 ec=21298 les/c 51101/50495 71591/71591/71591) [70,16,13] r=0 lpr=71591 pi=50489-71590/150 crt=51071'48910301 lcod 0'0 mlcod 0'0 incomplete] null
2014-12-08 18:14:03.555130 7f28fcb46700 20 osd.70 pg_epoch: 71595 pg[218.553( empty local-les=71435 n=0 ec=71423 les/c 71589/71589 71591/71594/71425) [17,70,63] r=1 lpr=71594 pi=71423-71593/10 crt=0'0 inactive NOTIFY] handle_activate_map: Not dirtying info: last_persisted is 71594 while current is 71595
2014-12-08 18:14:03.555133 7f28fc345700 10 osd.70 pg_epoch: 71595 pg[217.27a( v 71377'12225 (71377'9224,71377'12225] local-les=71592 n=9 ec=71094 les/c 71592/71592 71591/71591/71591) [70,8,1] r=0 lpr=71591 crt=71377'12222 lcod 0'0 mlcod 0'0 active+clean] handle_peering_event: epoch_sent: 71595 epoch_requested: 71595 NullEvt
2014-12-08 18:14:03.555152 7f28fc345700 10 log is not dirty
2014-12-08 18:14:03.555147 7f28fcb46700 10 osd.70 pg_epoch: 71595 pg[218.553( empty local-les=71435 n=0 ec=71423 les/c 71589/71589 71591/71594/71425) [17,70,63] r=1 lpr=71594 pi=71423-71593/10 crt=0'0 inactive NOTIFY] handle_peering_event: epoch_sent: 71595 epoch_requested: 71595 NullEvt
2014-12-08 18:14:03.555164 7f28fcb46700 10 log is not dirty
2014-12-08 18:14:03.555147 7f2906359700 10 osd.70 pg_epoch: 71594 pg[19.6d( v 71397'33614009 (70963'33611008,71397'33614009] local-les=71592 n=896 ec=21298 les/c 71592/71593 71591/71591/71169) [4,70,69] r=1 lpr=71591 pi=71156-71590/27 luod=0'0 crt=71397'33614007 lcod 0'0 active] null
2014-12-08 18:14:03.555172 7f28fc345700 10 osd.70 pg_epoch: 71594 pg[218.5ad( empty local-les=71593 n=0 ec=71423 les/c 71593/71593 71591/71592/71444) [7,70,13] r=1 lpr=71592 pi=71423-71591/11 crt=0'0 active] handle_advance_map [7,70,13]/[7,70,13] -- 7/7
2014-12-08 18:14:03.555178 7f2906359700 10 osd.70 pg_epoch: 71594 pg[218.6c7( v 71581'2 (0'0,71581'2] local-les=71593 n=2 ec=71423 les/c 71593/71593 71591/71592/71592) [70,10,18] r=0 lpr=71592 crt=0'0 lcod 0'0 mlcod 0'0 active+clean] null
2014-12-08 18:14:03.555192 7f28fc345700 20 PGPool::update cached_removed_snaps [] newly_removed_snaps [] snapc 0=[] (no change)
2014-12-08 18:14:03.555189 7f28fcb46700 10 osd.70 pg_epoch: 71594 pg[216.3fb( empty local-les=71592 n=0 ec=70987 les/c 71592/71592 71591/71591/70989) [14,64,70] r=2 lpr=71591 pi=71136-71590/17 crt=0'0 active] handle_advance_map [14,64,70]/[14,64,70] -- 14/14
2014-12-08 18:14:03.555211 7f28fcb46700 20 PGPool::update cached_removed_snaps [] newly_removed_snaps [] snapc 0=[] (no change)
2014-12-08 18:14:03.555199 7f28fc345700 10 osd.70 pg_epoch: 71595 pg[218.5ad( empty local-les=71593 n=0 ec=71423 les/c 71593/71593 71591/71592/71444) [7,70,13] r=1 lpr=71592 pi=71423-71591/11 crt=0'0 active] state: Started advmap
2014-12-08 18:14:03.555199 7f2906359700 10 osd.70 pg_epoch: 71594 pg[218.6c4( v 71581'3 (0'0,71581'3] local-les=71593 n=3 ec=71423 les/c 71593/71593 71591/71592/71592) [70,76,13] r=0 lpr=71592 crt=71580'1 lcod 0'0 mlcod 0'0 active+clean] null
2014-12-08 18:14:03.555218 7f28fc345700 10 osd.70 pg_epoch: 71595 pg[218.5ad( empty local-les=71593 n=0 ec=71423 les/c 71593/71593 71591/71592/71444) [7,70,13] r=1 lpr=71592 pi=71423-71591/11 crt=0'0 active] check_recovery_sources no source osds () went down
2014-12-08 18:14:03.555218 7f28fcb46700 10 osd.70 pg_epoch: 71595 pg[216.3fb( empty local-les=71592 n=0 ec=70987 les/c 71592/71592 71591/71591/70989) [14,64,70] r=2 lpr=71591 pi=71136-71590/17 crt=0'0 active] state: Started advmap
2014-12-08 18:14:03.555225 7f2906359700 10 osd.70 pg_epoch: 71594 pg[218.562( v 71581'3 (0'0,71581'3] local-les=71593 n=3 ec=71423 les/c 71593/71593 71591/71592/71425) [9,18,70] r=2 lpr=71592 pi=71423-71591/10 luod=0'0 crt=71580'1 lcod 0'0 active] null
2014-12-08 18:14:03.555244 7f28fcb46700 10 osd.70 pg_epoch: 71595 pg[216.3fb( empty local-les=71592 n=0 ec=70987 les/c 71592/71592 71591/71591/70989) [14,64,70] r=2 lpr=71591 pi=71136-71590/17 crt=0'0 active] check_recovery_sources no source osds () went down
2014-12-08 18:14:03.555246 7f28fc345700 10 osd.70 pg_epoch: 71595 pg[218.5ad( empty local-les=71593 n=0 ec=71423 les/c 71593/71593 71591/71592/71444) [7,70,13] r=1 lpr=71592 pi=71423-71591/11 crt=0'0 active] handle_activate_map
2014-12-08 18:14:03.555248 7f2906359700 10 osd.70 pg_epoch: 71594 pg[218.5e( empty local-les=71592 n=0 ec=71423 les/c 71592/71592 71591/71591/71425) [16,22,70] r=2 lpr=71591 pi=71423-71590/8 crt=0'0 active] null
2014-12-08 18:14:03.555263 7f28fc345700 10 osd.70 pg_epoch: 71595 pg[218.5ad( empty local-les=71593 n=0 ec=71423 les/c 71593/71593 71591/71592/71444) [7,70,13] r=1 lpr=71592 pi=71423-71591/11 crt=0'0 active] take_waiters --
2014-12-08 18:14:03.562006 7f2906359700 20 osd.70 71595 19.6e heartbeat_peers 0,4,11,13,16,20,30,31,56,58,59,63,70,76
2014-12-08 18:14:03.562011 7f28fcb46700 20 PGPool::update cached_removed_snaps [] newly_removed_snaps [] snapc 0=[] (no change)
2014-12-08 18:14:03.562001 7f28fc345700 10 osd.70 pg_epoch: 71595 pg[218.57c( v 71424'1 (0'0,71424'1] local-les=71592 n=1 ec=71423 les/c 71592/71592 71591/71591/71425) [24,16,70] r=2 lpr=71591 pi=71423-71590/8 luod=0'0 crt=71424'1 lcod 0'0 active] handle_activate_map
2014-12-08 18:14:03.562018 7f2906359700 20 osd.70 71595 19.6d heartbeat_peers
2014-12-08 18:14:03.562023 7f2906359700 20 osd.70 71595 218.6c7 heartbeat_peers 10,18,70
2014-12-08 18:14:03.562027 7f2906359700 20 osd.70 71595 218.6c4 heartbeat_peers 13,70,76
2014-12-08 18:14:03.562031 7f2906359700 20 osd.70 71595 218.562 heartbeat_peers
2014-12-08 18:14:03.562018 7f28fc345700 10 osd.70 pg_epoch: 71595 pg[218.57c( v 71424'1 (0'0,71424'1] local-les=71592 n=1 ec=71423 les/c 71592/71592 71591/71591/71425) [24,16,70] r=2 lpr=71591 pi=71423-71590/8 luod=0'0 crt=71424'1 lcod 0'0 active] take_waiters
2014-12-08 18:14:03.562035 7f2906359700 20 osd.70 71595 218.5e heartbeat_peers
2014-12-08 18:14:03.562017 7f28fcb46700 10 osd.70 pg_epoch: 71595 pg[216.392( v 71093'208 (0'0,71093'208] local-les=71593 n=104 ec=70987 les/c 71593/71593 71591/71591/70989) [69,7,70] r=2 lpr=71591 pi=71183-71590/17 luod=0'0 crt=71093'208 lcod 0'0 active] state: Started advmap
2014-12-08 18:14:03.562038 7f2906359700 20 osd.70 71595 218.5f heartbeat_peers 15,24,70
2014-12-08 18:14:03.562042 7f2906359700 20 osd.70 71595 217.235 heartbeat_peers
2014-12-08 18:14:03.562046 7f2906359700 20 osd.70 71595 218.38e heartbeat_peers 3,13,70
2014-12-08 18:14:03.562049 7f2906359700 20 osd.70 71595 218.38f heartbeat_peers 23,25,70
2014-12-08 18:14:03.562037 7f28fc345700 20 osd.70 pg_epoch: 71595 pg[218.57c( v 71424'1 (0'0,71424'1] local-les=71592 n=1 ec=71423 les/c 71592/71592 71591/71591/71425) [24,16,70] r=2 lpr=71591 pi=71423-71590/8 luod=0'0 crt=71424'1 lcod 0'0 active] handle_activate_map: Not dirtying info: last_persisted is 71592 while current is 71595
2014-12-08 18:14:03.562054 7f2906359700 20 osd.70 71595 218.38c heartbeat_peers
2014-12-08 18:14:03.562040 7f28fcb46700 10 osd.70 pg_epoch: 71595 pg[216.392( v 71093'208 (0'0,71093'208] local-les=71593 n=104 ec=70987 les/c 71593/71593 71591/71591/70989) [69,7,70] r=2 lpr=71591 pi=71183-71590/17 luod=0'0 crt=71093'208 lcod 0'0 active] check_recovery_sources no source osds () went down
2014-12-08 18:14:03.562057 7f2906359700 20 osd.70 71595 217.51 heartbeat_peers
2014-12-08 18:14:03.562060 7f2906359700 20 osd.70 71595 216.380 heartbeat_peers
2014-12-08 18:14:03.562063 7f2906359700 20 osd.70 71595 218.51 heartbeat_peers 66,70,75
2014-12-08 18:14:03.562068 7f2906359700 20 osd.70 71595 218.380 heartbeat_peers --
2014-12-08 18:14:03.562152 7f28fcb46700 10 osd.70 pg_epoch: 71594 pg[19.6e( v 51072'48910307 (50495'48906592,51072'48910307] local-les=51066 n=855 ec=21298 les/c 51101/50495 71591/71591/71591) [70,16,13] r=0 lpr=71591 pi=50489-71590/150 crt=51071'48910301 lcod 0'0 mlcod 0'0 incomplete] handle_advance_map [70,16,13]/[70,16,13] -- 70/70
2014-12-08 18:14:03.562174 7f2906359700 20 osd.70 71595 218.692 heartbeat_peers
2014-12-08 18:14:03.562162 7f28fc345700 10 osd.70 pg_epoch: 71595 pg[217.399( v 71377'57 (0'0,71377'57] local-les=71593 n=12 ec=71094 les/c 71593/71593 71591/71592/71592) [70,25,58] r=0 lpr=71592 crt=71377'54 lcod 0'0 mlcod 0'0 active+clean] check_recovery_sources no source osds () went down
2014-12-08 18:14:03.562177 7f2906359700 20 osd.70 71595 218.3a1 heartbeat_peers 23,69,70
2014-12-08 18:14:03.562178 7f28fcb46700 20 PGPool::update cached_removed_snaps [1~1] newly_removed_snaps [] snapc 2=[] (no change)
2014-12-08 18:14:03.562181 7f2906359700 20 osd.70 71595 216.1cd heartbeat_peers
2014-12-08 18:14:03.562184 7f2906359700 20 osd.70 71595 217.3a5 heartbeat_peers
2014-12-08 18:14:03.562186 7f2906359700 20 osd.70 71595 218.3a4 heartbeat_peers 6,66,70
2014-12-08 18:14:03.562191 7f2906359700 20 osd.70 71595 218.697 heartbeat_peers
2014-12-08 18:14:03.562194 7f2906359700 20 osd.70 71595 217.1c0 heartbeat_peers
2014-12-08 18:14:03.562196 7f2906359700 20 osd.70 71595 216.358 heartbeat_peers
2014-12-08 18:14:03.562185 7f28fc345700 10 osd.70 pg_epoch: 71595 pg[217.399( v 71377'57 (0'0,71377'57] local-les=71593 n=12 ec=71094 les/c 71593/71593 71591/71592/71592) [70,25,58] r=0 lpr=71592 crt=71377'54 lcod 0'0 mlcod 0'0 active+clean] handle_activate_map
2014-12-08 18:14:03.562200 7f2906359700 20 osd.70 71595 218.1c0 heartbeat_peers
2014-12-08 18:14:03.562187 7f28fcb46700 10 osd.70 pg_epoch: 71595 pg[19.6e( v 51072'48910307 (50495'48906592,51072'48910307] local-les=51066 n=855 ec=21298 les/c 51101/50495 71591/71591/71591) [70,16,13] r=0 lpr=71591 pi=50489-71590/150 crt=51071'48910301 lcod 0'0 mlcod 0'0 incomplete] state: Peering advmap
2014-12-08 18:14:03.562203 7f2906359700 20 osd.70 71595 217.6a heartbeat_peers 19,24,70
2014-12-08 18:14:03.562208 7f2906359700 20 osd.70 71595 218.531 heartbeat_peers
2014-12-08 18:14:03.562210 7f2906359700 20 osd.70 71595 217.6f heartbeat_peers 17,66,70
2014-12-08 18:14:03.562215 7f2906359700 20 osd.70 71595 218.536 heartbeat_peers 9,70,75
2014-12-08 18:14:03.562203 7f28fc345700 10 osd.70 pg_epoch: 71595 pg[217.399( v 71377'57 (0'0,71377'57] local-les=71593 n=12 ec=71094 les/c 71593/71593 71591/71592/71592) [70,25,58] r=0 lpr=71592 crt=71377'54 lcod 0'0 mlcod 0'0 active+clean] state: Active: handling ActMap
2014-12-08 18:14:03.562219 7f2906359700 20 osd.70 71595 218.534 heartbeat_peers
2014-12-08 18:14:03.562222 7f2906359700 20 osd.70 71595 218.535 heartbeat_peers
2014-12-08 18:14:03.562209 7f28fcb46700 10 osd.70 pg_epoch: 71595 pg[19.6e( v 51072'48910307 (50495'48906592,51072'48910307] local-les=51066 n=855 ec=21298 les/c 51101/50495 71591/71591/71591) [70,16,13] r=0 lpr=71591 pi=50489-71590/150 crt=51071'48910301 lcod 0'0 mlcod 0'0 incomplete] state: Started advmap
2014-12-08 18:14:03.562226 7f2906359700 20 osd.70 71595 216.1f9 heartbeat_peers 9,70,77
2014-12-08 18:14:03.562220 7f28fc345700 7 osd.70 pg_epoch: 71595 pg[217.399( v 71377'57 (0'0,71377'57] local-les=71593 n=12 ec=71094 les/c 71593/71593 71591/71592/71592) [70,25,58] r=0 lpr=71592 crt=71377'54 lcod 0'0 mlcod 0'0 active+clean] state: handle ActMap primary
2014-12-08 18:14:03.562236 7f2906359700 20 osd.70 71595 217.350 heartbeat_peers
2014-12-08 18:14:03.562239 7f2906359700 20 osd.70 71595 217.1fa heartbeat_peers 14,69,70
2014-12-08 18:14:03.562244 7f2906359700 20 osd.70 71595 218.351 heartbeat_peers
2014-12-08 18:14:03.562246 7f2906359700 20 osd.70 71595 218.1fe heartbeat_peers 6,15,70
2014-12-08 18:14:03.562250 7f2906359700 20 osd.70 71595 217.1fd heartbeat_peers
2014-12-08 18:14:03.562239 7f28fc345700 15 osd.70 pg_epoch: 71595 pg[217.399( v 71377'57 (0'0,71377'57] local-les=71593 n=12 ec=71094 les/c 71593/71593 71591/71592/71592) [70,25,58] r=0 lpr=71592 crt=71377'54 lcod 0'0 mlcod 0'0 active+clean] publish_stats_to_osd 71595:5123
2014-12-08 18:14:03.562253 7f2906359700 20 osd.70 71595 218.1fc heartbeat_peers
2014-12-08 18:14:03.562238 7f28fcb46700 10 osd.70 pg_epoch: 71595 pg[19.6e( v 51072'48910307 (50495'48906592,51072'48910307] local-les=51066 n=855 ec=21298 les/c 51101/50495 71591/71591/71591) [70,16,13] r=0 lpr=71591 pi=50489-71590/150 crt=51071'48910301 lcod 0'0 mlcod 0'0 incomplete] check_recovery_sources no source osds () went down
2014-12-08 18:14:03.562257 7f2906359700 20 osd.70 71595 216.67 heartbeat_peers
2014-12-08 18:14:03.562259 7f2906359700 20 osd.70 71595 216.355 heartbeat_peers 8,70,78
2014-12-08 18:14:03.562263 7f2906359700 20 osd.70 71595 217.18 heartbeat_peers 15,56,70
2014-12-08 18:14:03.562267 7f2906359700 20 osd.70 71595 218.684 heartbeat_peers
2014-12-08 18:14:03.562256 7f28fc345700 10 osd.70 pg_epoch: 71595 pg[217.399( v 71377'57 (0'0,71377'57] local-les=71593 n=12 ec=71094 les/c 71593/71593 71591/71592/71592) [70,25,58] r=0 lpr=71592 crt=71377'54 lcod 0'0 mlcod 0'0 active+clean] take_waiters
2014-12-08 18:14:03.562270 7f2906359700 20 osd.70 71595 218.685 heartbeat_peers 10,18,70
2014-12-08 18:14:03.562274 7f2906359700 20 osd.70 71595 216.1b heartbeat_peers
2014-12-08 18:14:03.562262 7f28fcb46700 10 osd.70 pg_epoch: 71595 pg[19.6e( v 51072'48910307 (50495'48906592,51072'48910307] local-les=51066 n=855 ec=21298 les/c 51101/50495 71591/71591/71591) [70,16,13] r=0 lpr=71591 pi=50489-71590/150 crt=51071'48910301 lcod 0'0 mlcod 0'0 incomplete] handle_activate_map
2014-12-08 18:14:03.562278 7f2906359700 20 osd.70 71595 218.1f6 heartbeat_peers
2014-12-08 18:14:03.562281 7f2906359700 20 osd.70 71595 216.1f4 heartbeat_peers 8,58,70
2014-12-08 18:14:03.562285 7f2906359700 20 osd.70 71595 216.1f6 heartbeat_peers
2014-12-08 18:14:03.562271 7f28fc345700 20 osd.70 pg_epoch: 71595 pg[217.399( v 71377'57 (0'0,71377'57] local-les=71593 n=12 ec=71094 les/c 71593/71593 71591/71592/71592) [70,25,58] r=0 lpr=71592 crt=71377'54 lcod 0'0 mlcod 0'0 active+clean] handle_activate_map: Not dirtying info: last_persisted is 71593 while current is 71595
2014-12-08 18:14:03.562288 7f2906359700 20 osd.70 71595 216.10 heartbeat_peers
2014-12-08 18:14:03.562281 7f28fcb46700 7 osd.70 pg_epoch: 71595 pg[19.6e( v 51072'48910307 (50495'48906592,51072'48910307] local-les=51066 n=855 ec=21298 les/c 51101/50495 71591/71591/71591) [70,16,13] r=0 lpr=71591 pi=50489-71590/150 crt=51071'48910301 lcod 0'0 mlcod 0'0 incomplete] state: handle ActMap primary
2014-12-08 18:14:03.562291 7f2906359700 20 osd.70 71595 216.11 heartbeat_peers
2014-12-08 18:14:03.562290 7f28fc345700 10 osd.70 pg_epoch: 71595 pg[217.399( v 71377'57 (0'0,71377'57] local-les=71593 n=12 ec=71094 les/c 71593/71593 71591/71592/71592) [70,25,58] r=0 lpr=71592 crt=71377'54 lcod 0'0 mlcod 0'0 active+clean] handle_peering_event: epoch_sent: 71595 epoch_requested: 71595 NullEvt
2014-12-08 18:14:03.562304 7f2906359700 20 osd.70 71595 216.1e8 heartbeat_peers 21,69,70
2014-12-08 18:14:03.562308 7f28fc345700 10 log is not dirty
2014-12-08 18:14:03.562309 7f2906359700 20 osd.70 71595 216.12 heartbeat_peers
2014-12-08 18:14:03.562311 7f2906359700 20 osd.70 71595 218.343 heartbeat_peers
2014-12-08 18:14:03.562314 7f2906359700 20 osd.70 71595 217.1ed heartbeat_peers
2014-12-08 18:14:03.562316 7f2906359700 20 osd.70 71595 218.4df heartbeat_peers
2014-12-08 18:14:03.562319 7f2906359700 20 osd.70 71595 218.345 heartbeat_peers
2014-12-08 18:14:03.562305 7f28fcb46700 15 osd.70 pg_epoch: 71595 pg[19.6e( v 51072'48910307 (50495'48906592,51072'48910307] local-les=51066 n=855 ec=21298 les/c 51101/50495 71591/71591/71591) [70,16,13] r=0 lpr=71591 pi=50489-71590/150 crt=51071'48910301 lcod 0'0 mlcod 0'0 incomplete] publish_stats_to_osd 71595:63844735
2014-12-08 18:14:03.562321 7f2906359700 20 osd.70 71595 218.1e3 heartbeat_peers 14,70,76
2014-12-08 18:14:03.562325 7f2906359700 20 osd.70 71595 218.1e0 heartbeat_peers
2014-12-08 18:14:03.562328 7f2906359700 20 osd.70 71595 218.1e1 heartbeat_peers 4,21,70
2014-12-08 18:14:03.562332 7f2906359700 20 osd.70 71595 218.e heartbeat_peers
2014-12-08 18:14:03.562335 7f2906359700 20 osd.70 71595 218.1e4 heartbeat_peers
2014-12-08 18:14:03.562322 7f28fcb46700 10 osd.70 pg_epoch: 71595 pg[19.6e( v 51072'48910307 (50495'48906592,51072'48910307] local-les=51066 n=855 ec=21298 les/c 51101/50495 71591/71591/71591) [70,16,13] r=0 lpr=71591 pi=50489-71590/150 crt=51071'48910301 lcod 0'0 mlcod 0'0 incomplete] take_waiters
2014-12-08 18:14:03.562338 7f2906359700 20 osd.70 71595 217.37c heartbeat_peers 58,69,70
2014-12-08 18:14:03.562342 7f2906359700 20 osd.70 71595 217.e heartbeat_peers
2014-12-08 18:14:03.562326 7f28fc345700 10 osd.70 pg_epoch: 71594 pg[216.ab( v 71097'289 (0'0,71097'289] local-les=71594 n=133 ec=70987 les/c 71594/71594 71591/71593/71168) [20,64,70] r=2 lpr=71593 pi=71183-71592/17 luod=0'0 crt=71097'289 lcod 0'0 active] handle_advance_map [20,64,70]/[20,64,70] -- 20/20
2014-12-08 18:14:03.562345 7f2906359700 20 osd.70 71595 218.6ae heartbeat_peers
2014-12-08 18:14:03.562348 7f2906359700 20 osd.70 71595 218.6af heartbeat_peers
2014-12-08 18:14:03.562348 7f28fc345700 20 PGPool::update cached_removed_snaps [] newly_removed_snaps [] snapc 0=[] (no change)
2014-12-08 18:14:03.562351 7f2906359700 20 osd.70 71595 218.372 heartbeat_peers
2014-12-08 18:14:03.562354 7f2906359700 20 osd.70 71595 217.198 heartbeat_peers
2014-12-08 18:14:03.562340 7f28fcb46700 20 osd.70 pg_epoch: 71595 pg[19.6e( v 51072'48910307 (50495'48906592,51072'48910307] local-les=51066 n=855 ec=21298 les/c 51101/50495 71591/71591/71591) [70,16,13] r=0 lpr=71591 pi=50489-71590/150 crt=51071'48910301 lcod 0'0 mlcod 0'0 incomplete] handle_activate_map: Not dirtying info: last_persisted is 71591 while current is 71595
2014-12-08 18:14:03.562357 7f2906359700 20 osd.70 71595 217.370 heartbeat_peers 10,56,70
2014-12-08 18:14:03.562361 7f2906359700 20 osd.70 71595 216.3 heartbeat_peers 16,56,70
2014-12-08 18:14:03.562365 7f2906359700 20 osd.70 71595 218.6a1 heartbeat_peers
2014-12-08 18:14:03.562368 7f2906359700 20 osd.70 71595 218.374 heartbeat_peers
2014-12-08 18:14:03.562354 7f28fc345700 10 osd.70 pg_epoch: 71595 pg[216.ab( v 71097'289 (0'0,71097'289] local-les=71594 n=133 ec=70987 les/c 71594/71594 71591/71593/71168) [20,64,70] r=2 lpr=71593 pi=71183-71592/17 luod=0'0 crt=71097'289 lcod 0'0 active] state: Started advmap
2014-12-08 18:14:03.562371 7f2906359700 20 osd.70 71595 216.19f heartbeat_peers
2014-12-08 18:14:03.562357 7f28fcb46700 10 osd.70 pg_epoch: 71595 pg[19.6e( v 51072'48910307 (50495'48906592,51072'48910307] local-les=51066 n=855 ec=21298 les/c 51101/50495 71591/71591/71591) [70,16,13] r=0 lpr=71591 pi=50489-71590/150 crt=51071'48910301 lcod 0'0 mlcod 0'0 incomplete] handle_peering_event: epoch_sent: 71595 epoch_requested: 71595 NullEvt
2014-12-08 18:14:03.562374 7f2906359700 20 osd.70 71595 218.192 heartbeat_peers
2014-12-08 18:14:03.562377 7f28fcb46700 10 log is not dirty
2014-12-08 18:14:03.562378 7f2906359700 20 osd.70 71595 218.38 heartbeat_peers
2014-12-08 18:14:03.562381 7f2906359700 20 osd.70 71595 217.368 heartbeat_peers 10,18,70
2014-12-08 18:14:03.562384 7f2906359700 20 osd.70 71595 217.36b heartbeat_peers
2014-12-08 18:14:03.562387 7f2906359700 20 osd.70 71595 218.3d heartbeat_peers
2014-12-08 18:14:03.562374 7f28fc345700 10 osd.70 pg_epoch: 71595 pg[216.ab( v 71097'289 (0'0,71097'289] local-les=71594 n=133 ec=70987 les/c 71594/71594 71591/71593/71168) [20,64,70] r=2 lpr=71593 pi=71183-71592/17 luod=0'0 crt=71097'289 lcod 0'0 active] check_recovery_sources no source osds () went down
2014-12-08 18:14:03.562390 7f2906359700 20 osd.70 71595 216.196 heartbeat_peers
2014-12-08 18:14:03.562392 7f2906359700 20 osd.70 71595 218.4c4 heartbeat_peers
2014-12-08 18:14:03.562395 7f2906359700 20 osd.70 71595 218.18a heartbeat_peers
2014-12-08 18:14:03.562397 7f2906359700 20 osd.70 71595 217.36e heartbeat_peers
2014-12-08 18:14:03.562401 7f2906359700 20 osd.70 71595 217.32 heartbeat_peers
2014-12-08 18:14:03.562403 7f2906359700 20 osd.70 71595 218.36 heartbeat_peers
2014-12-08 18:14:03.562406 7f2906359700 20 osd.70 71595 216.362 heartbeat_peers
2014-12-08 18:14:03.562409 7f2906359700 20 osd.70 71595 217.34 heartbeat_peers 4,17,70
2014-12-08 18:14:03.562396 7f28fc345700 10 osd.70 pg_epoch: 71595 pg[216.ab( v 71097'289 (0'0,71097'289] local-les=71594 n=133 ec=70987 les/c 71594/71594 71591/71593/71168) [20,64,70] r=2 lpr=71593 pi=71183-71592/17 luod=0'0 crt=71097'289 lcod 0'0 active] handle_activate_map
2014-12-08 18:14:03.562413 7f2906359700 20 osd.70 71595 218.34 heartbeat_peers
2014-12-08 18:14:03.562395 7f28fcb46700 10 osd.70 pg_epoch: 71594 pg[19.6d( v 71397'33614009 (70963'33611008,71397'33614009] local-les=71592 n=896 ec=21298 les/c 71592/71593 71591/71591/71169) [4,70,69] r=1 lpr=71591 pi=71156-71590/27 luod=0'0 crt=71397'33614007 lcod 0'0 active] handle_advance_map [4,70,69]/[4,70,69] -- 4/4
2014-12-08 18:14:03.562416 7f2906359700 20 osd.70 71595 217.36 heartbeat_peers
2014-12-08 18:14:03.562419 7f2906359700 20 osd.70 71595 218.4ff heartbeat_peers --
2014-12-08 18:14:03.572712 7f2904b56700 20 osd.70 71595 _dispatch 0x13efde00 pg_notify(19.6e(150) epoch 71595) v5
2014-12-08 18:14:03.572706 7f28fcb46700 10 osd.70 pg_epoch: 71595 pg[218.3a4( empty local-les=71592 n=0 ec=71423 les/c 71592/71592 71591/71591/71591) [70,6,66] r=0 lpr=71591 crt=0'0 mlcod 0'0 active+clean] state: Active advmap
2014-12-08 18:14:03.572717 7f28fcb46700 10 osd.70 pg_epoch: 71595 pg[218.3a4( empty local-les=71592 n=0 ec=71423 les/c 71592/71592 71591/71591/71591) [70,6,66] r=0 lpr=71591 crt=0'0 mlcod 0'0 active+clean] state: Started advmap
2014-12-08 18:14:03.572710 7f28fc345700 10 osd.70 pg_epoch: 71595 pg[218.1c0( v 71581'3 (0'0,71581'3] local-les=71594 n=3 ec=71423 les/c 71594/71594 71591/71593/71425) [75,70,3] r=1 lpr=71593 pi=71423-71592/10 luod=0'0 crt=71580'1 lcod 0'0 active] handle_peering_event: epoch_sent: 71595 epoch_requested: 71595 NullEvt
2014-12-08 18:14:03.572741 7f28fc345700 10 log is not dirty
2014-12-08 18:14:03.572745 7f2904b56700 7 osd.70 71595 handle_pg_notify from osd.58
2014-12-08 18:14:03.572738 7f28fcb46700 10 osd.70 pg_epoch: 71595 pg[218.3a4( empty local-les=71592 n=0 ec=71423 les/c 71592/71592 71591/71591/71591) [70,6,66] r=0 lpr=71591 crt=0'0 mlcod 0'0 active+clean] check_recovery_sources no source osds () went down
2014-12-08 18:14:03.572748 7f2904b56700 15 osd.70 71595 require_same_or_newer_map 71595 (i am 71595) 0x13efde00
2014-12-08 18:14:03.572758 7f28fcb46700 10 osd.70 pg_epoch: 71595 pg[218.3a4( empty local-les=71592 n=0 ec=71423 les/c 71592/71592 71591/71591/71591) [70,6,66] r=0 lpr=71591 crt=0'0 mlcod 0'0 active+clean] handle_activate_map
2014-12-08 18:14:03.572769 7f28fcb46700 10 osd.70 pg_epoch: 71595 pg[218.3a4( empty local-les=71592 n=0 ec=71423 les/c 71592/71592 71591/71591/71591) [70,6,66] r=0 lpr=71591 crt=0'0 mlcod 0'0 active+clean] state: Active: handling ActMap
2014-12-08 18:14:03.572776 7f2904b56700 10 osd.70 71595 do_waiters -- start
2014-12-08 18:14:03.572778 7f2904b56700 10 osd.70 71595 do_waiters -- finish
2014-12-08 18:14:03.572759 7f28fc345700 10 osd.70 pg_epoch: 71594 pg[217.6a( v 71376'14 (0'0,71376'14] local-les=71593 n=7 ec=71094 les/c 71593/71593 71591/71592/71592) [70,24,19] r=0 lpr=71592 crt=71097'12 lcod 0'0 mlcod 0'0 active+clean] handle_advance_map [70,24,19]/[70,24,19] -- 70/70
2014-12-08 18:14:03.572777 7f28fcb46700 7 osd.70 pg_epoch: 71595 pg[218.3a4( empty local-les=71592 n=0 ec=71423 les/c 71592/71592 71591/71591/71591) [70,6,66] r=0 lpr=71591 crt=0'0 mlcod 0'0 active+clean] state: handle ActMap primary
2014-12-08 18:14:03.572786 7f28fc345700 20 PGPool::update cached_removed_snaps [] newly_removed_snaps [] snapc 0=[] (no change)
2014-12-08 18:14:03.572788 7f28fcb46700 15 osd.70 pg_epoch: 71595 pg[218.3a4( empty local-les=71592 n=0 ec=71423 les/c 71592/71592 71591/71591/71591) [70,6,66] r=0 lpr=71591 crt=0'0 mlcod 0'0 active+clean] publish_stats_to_osd 71595:32
2014-12-08 18:14:03.572791 7f28fc345700 10 osd.70 pg_epoch: 71595 pg[217.6a( v 71376'14 (0'0,71376'14] local-les=71593 n=7 ec=71094 les/c 71593/71593 71591/71592/71592) [70,24,19] r=0 lpr=71592 crt=71097'12 lcod 0'0 mlcod 0'0 active+clean] state: Active advmap
2014-12-08 18:14:03.572797 7f28fcb46700 10 osd.70 pg_epoch: 71595 pg[218.3a4( empty local-les=71592 n=0 ec=71423 les/c 71592/71592 71591/71591/71591) [70,6,66] r=0 lpr=71591 crt=0'0 mlcod 0'0 active+clean] take_waiters
2014-12-08 18:14:03.572806 7f28fc345700 10 osd.70 pg_epoch: 71595 pg[217.6a( v 71376'14 (0'0,71376'14] local-les=71593 n=7 ec=71094 les/c 71593/71593 71591/71592/71592) [70,24,19] r=0 lpr=71592 crt=71097'12 lcod 0'0 mlcod 0'0 active+clean] state: Started advmap
2014-12-08 18:14:03.572806 7f28fcb46700 20 osd.70 pg_epoch: 71595 pg[218.3a4( empty local-les=71592 n=0 ec=71423 les/c 71592/71592 71591/71591/71591) [70,6,66] r=0 lpr=71591 crt=0'0 mlcod 0'0 active+clean] handle_activate_map: Not dirtying info: last_persisted is 71592 while current is 71595
2014-12-08 18:14:03.572816 7f28fcb46700 10 osd.70 pg_epoch: 71595 pg[218.3a4( empty local-les=71592 n=0 ec=71423 les/c 71592/71592 71591/71591/71591) [70,6,66] r=0 lpr=71591 crt=0'0 mlcod 0'0 active+clean] handle_peering_event: epoch_sent: 71595 epoch_requested: 71595 NullEvt --
2014-12-08 18:14:03.572892 7f2904b56700 20 osd.70 71595 _dispatch 0x12c70ee0 pg_notify(19.6e(150) epoch 71595) v5
2014-12-08 18:14:03.572889 7f28fc345700 10 osd.70 pg_epoch: 71595 pg[217.6a( v 71376'14 (0'0,71376'14] local-les=71593 n=7 ec=71094 les/c 71593/71593 71591/71592/71592) [70,24,19] r=0 lpr=71592 crt=71097'12 lcod 0'0 mlcod 0'0 active+clean] take_waiters
2014-12-08 18:14:03.572897 7f28fc345700 20 osd.70 pg_epoch: 71595 pg[217.6a( v 71376'14 (0'0,71376'14] local-les=71593 n=7 ec=71094 les/c 71593/71593 71591/71592/71592) [70,24,19] r=0 lpr=71592 crt=71097'12 lcod 0'0 mlcod 0'0 active+clean] handle_activate_map: Not dirtying info: last_persisted is 71593 while current is 71595
2014-12-08 18:14:03.572899 7f28fcb46700 10 osd.70 pg_epoch: 71595 pg[218.697( empty local-les=71594 n=0 ec=71423 les/c 71594/71594 71591/71593/71425) [20,70,4] r=1 lpr=71593 pi=71423-71592/10 crt=0'0 active] handle_activate_map
2014-12-08 18:14:03.572910 7f28fcb46700 10 osd.70 pg_epoch: 71595 pg[218.697( empty local-les=71594 n=0 ec=71423 les/c 71594/71594 71591/71593/71425) [20,70,4] r=1 lpr=71593 pi=71423-71592/10 crt=0'0 active] take_waiters
2014-12-08 18:14:03.572919 7f2904b56700 7 osd.70 71595 handle_pg_notify from osd.76
2014-12-08 18:14:03.572909 7f28fc345700 10 osd.70 pg_epoch: 71595 pg[217.6a( v 71376'14 (0'0,71376'14] local-les=71593 n=7 ec=71094 les/c 71593/71593 71591/71592/71592) [70,24,19] r=0 lpr=71592 crt=71097'12 lcod 0'0 mlcod 0'0 active+clean] handle_peering_event: epoch_sent: 71595 epoch_requested: 71595 NullEvt
2014-12-08 18:14:03.572921 7f2904b56700 15 osd.70 71595 require_same_or_newer_map 71595 (i am 71595) 0x12c70ee0
2014-12-08 18:14:03.572927 7f28fc345700 10 log is not dirty
2014-12-08 18:14:03.572920 7f28fcb46700 20 osd.70 pg_epoch: 71595 pg[218.697( empty local-les=71594 n=0 ec=71423 les/c 71594/71594 71591/71593/71425) [20,70,4] r=1 lpr=71593 pi=71423-71592/10 crt=0'0 active] handle_activate_map: Not dirtying info: last_persisted is 71594 while current is 71595
2014-12-08 18:14:03.572931 7f28fcb46700 10 osd.70 pg_epoch: 71595 pg[218.697( empty local-les=71594 n=0 ec=71423 les/c 71594/71594 71591/71593/71425) [20,70,4] r=1 lpr=71593 pi=71423-71592/10 crt=0'0 active] handle_peering_event: epoch_sent: 71595 epoch_requested: 71595 NullEvt
2014-12-08 18:14:03.572940 7f28fcb46700 10 log is not dirty
2014-12-08 18:14:03.572946 7f2904b56700 10 osd.70 71595 do_waiters -- start
2014-12-08 18:14:03.572947 7f2904b56700 10 osd.70 71595 do_waiters -- finish
2014-12-08 18:14:03.572941 7f28fc345700 10 osd.70 pg_epoch: 71594 pg[218.531( v 71580'1 (0'0,71580'1] local-les=71593 n=1 ec=71423 les/c 71593/71593 71591/71592/71425) [18,14,70] r=2 lpr=71592 pi=71423-71591/10 luod=0'0 crt=0'0 lcod 0'0 active] handle_advance_map [18,14,70]/[18,14,70] -- 18/18
2014-12-08 18:14:03.572954 7f28fc345700 20 PGPool::update cached_removed_snaps [] newly_removed_snaps [] snapc 0=[] (no change)
2014-12-08 18:14:03.572958 7f28fc345700 10 osd.70 pg_epoch: 71595 pg[218.531( v 71580'1 (0'0,71580'1] local-les=71593 n=1 ec=71423 les/c 71593/71593 71591/71592/71425) [18,14,70] r=2 lpr=71592 pi=71423-71591/10 luod=0'0 crt=0'0 lcod 0'0 active] state: Started advmap
2014-12-08 18:14:03.572966 7f28fc345700 10 osd.70 pg_epoch: 71595 pg[218.531( v 71580'1 (0'0,71580'1] local-les=71593 n=1 ec=71423 les/c 71593/71593 71591/71592/71425) [18,14,70] r=2 lpr=71592 pi=71423-71591/10 luod=0'0 crt=0'0 lcod 0'0 active] check_recovery_sources no source osds () went down
2014-12-08 18:14:03.572985 7f28fc345700 10 osd.70 pg_epoch: 71595 pg[218.531( v 71580'1 (0'0,71580'1] local-les=71593 n=1 ec=71423 les/c 71593/71593 71591/71592/71425) [18,14,70] r=2 lpr=71592 pi=71423-71591/10 luod=0'0 crt=0'0 lcod 0'0 active] handle_activate_map
2014-12-08 18:14:03.572987 7f28fcb46700 10 osd.70 pg_epoch: 71594 pg[218.685( v 71581'2 (0'0,71581'2] local-les=71594 n=2 ec=71423 les/c 71594/71594 71591/71593/71593) [70,10,18] r=0 lpr=71593 crt=0'0 lcod 0'0 mlcod 0'0 active+clean] handle_advance_map [70,10,18]/[70,10,18] -- 70/70
2014-12-08 18:14:03.572996 7f28fc345700 10 osd.70 pg_epoch: 71595 pg[218.531( v 71580'1 (0'0,71580'1] local-les=71593 n=1 ec=71423 les/c 71593/71593 71591/71592/71425) [18,14,70] r=2 lpr=71592 pi=71423-71591/10 luod=0'0 crt=0'0 lcod 0'0 active] take_waiters --
2014-12-08 18:14:03.605159 7f28fc345700 10 osd.70 pg_epoch: 71595 pg[19.6e( v 51072'48910307 (50495'48906592,51072'48910307] local-les=51066 n=855 ec=21298 les/c 51101/50495 71591/71591/71591) [70,16,13] r=0 lpr=71591 pi=50489-71590/150 crt=51071'48910301 lcod 0'0 mlcod 0'0 incomplete] handle_peering_event: epoch_sent: 71595 epoch_requested: 71595 MNotifyRec from 58 notify: (query_epoch:71595, epoch_sent:71595, info:19.6e( empty local-les=0 n=0 ec=21298 les/c 51101/50495 71591/71591/71591)) features: 0x3fffffffffff
2014-12-08 18:14:03.605180 7f28fc345700 7 osd.70 pg_epoch: 71595 pg[19.6e( v 51072'48910307 (50495'48906592,51072'48910307] local-les=51066 n=855 ec=21298 les/c 51101/50495 71591/71591/71591) [70,16,13] r=0 lpr=71591 pi=50489-71590/150 crt=51071'48910301 lcod 0'0 mlcod 0'0 incomplete] state: handle_pg_notify from osd.58
2014-12-08 18:14:03.605172 7f290a83a700 10 osd.70 pg_epoch: 71595 pg[216.3b8( v 71097'270 (0'0,71097'270] local-les=71595 n=130 ec=70987 les/c 71585/71583 71591/71594/71587) [58,70,18] r=1 lpr=71594 pi=70987-71593/27 crt=71097'270 lcod 0'0 inactive] _activate_committed 71595 telling primary
2014-12-08 18:14:03.605203 7f290a83a700 20 osd.70 71595 share_map_peer 0x12838f20 already has epoch 71595
2014-12-08 18:14:03.605186 7f28fcb46700 10 osd.70 pg_epoch: 71595 pg[217.36( v 71377'48 (0'0,71377'48] local-les=71450 n=12 ec=71094 les/c 71585/71583 71591/71594/71444) [23,70,14] r=1 lpr=71594 pi=71183-71593/20 crt=71377'46 lcod 0'0 inactive NOTIFY] handle_peering_event: epoch_sent: 71595 epoch_requested: 71595 MInfoRec from 23 info: 217.36( v 71377'48 (0'0,71377'48] local-les=71595 n=12 ec=71094 les/c 71585/71583 71591/71594/71444)
2014-12-08 18:14:03.605194 7f28fc345700 10 osd.70 pg_epoch: 71595 pg[19.6e( v 51072'48910307 (50495'48906592,51072'48910307] local-les=51066 n=855 ec=21298 les/c 51101/50495 71591/71591/71591) [70,16,13] r=0 lpr=71591 pi=50489-71590/150 crt=51071'48910301 lcod 0'0 mlcod 0'0 incomplete] state: pg[19.6e( v 51072'48910307 (50495'48906592,51072'48910307] local-les=51066 n=855 ec=21298 les/c 51101/50495 71591/71591/71591) [70,16,13] r=0 lpr=71591 pi=50489-71590/150 crt=51071'48910301 lcod 0'0 mlcod 0'0 incomplete] got dup osd.58 info 19.6e( empty local-les=0 n=0 ec=21298 les/c 51101/50495 71591/71591/71591), identical to ours
2014-12-08 18:14:03.605214 7f28fc345700 10 log is not dirty
2014-12-08 18:14:03.605218 7f28fc345700 10 osd.70 pg_epoch: 71595 pg[19.6e( v 51072'48910307 (50495'48906592,51072'48910307] local-les=51066 n=855 ec=21298 les/c 51101/50495 71591/71591/71591) [70,16,13] r=0 lpr=71591 pi=50489-71590/150 crt=51071'48910301 lcod 0'0 mlcod 0'0 incomplete] handle_peering_event: epoch_sent: 71595 epoch_requested: 71595 MNotifyRec from 76 notify: (query_epoch:71595, epoch_sent:71595, info:19.6e( empty local-les=0 n=0 ec=21298 les/c 51101/50495 71591/71591/71591)) features: 0x3fffffffffff
2014-12-08 18:14:03.605211 7f28fcb46700 10 osd.70 pg_epoch: 71595 pg[217.36( v 71377'48 (0'0,71377'48] local-les=71450 n=12 ec=71094 les/c 71585/71583 71591/71594/71444) [23,70,14] r=1 lpr=71594 pi=71183-71593/20 crt=71377'46 lcod 0'0 inactive NOTIFY] state: got info from osd.23 217.36( v 71377'48 (0'0,71377'48] local-les=71595 n=12 ec=71094 les/c 71585/71583 71591/71594/71444)
2014-12-08 18:14:03.605230 7f28fc345700 7 osd.70 pg_epoch: 71595 pg[19.6e( v 51072'48910307 (50495'48906592,51072'48910307] local-les=51066 n=855 ec=21298 les/c 51101/50495 71591/71591/71591) [70,16,13] r=0 lpr=71591 pi=50489-71590/150 crt=51071'48910301 lcod 0'0 mlcod 0'0 incomplete] state: handle_pg_notify from osd.76
2014-12-08 18:14:03.605231 7f290a83a700 10 osd.70 pg_epoch: 71595 pg[216.3b8( v 71097'270 (0'0,71097'270] local-les=71595 n=130 ec=70987 les/c 71585/71583 71591/71594/71587) [58,70,18] r=1 lpr=71594 pi=70987-71593/27 luod=0'0 crt=71097'270 lcod 0'0 active] flushed
2014-12-08 18:14:03.605233 7f28fcb46700 5 osd.70 pg_epoch: 71595 pg[217.36( v 71377'48 (0'0,71377'48] local-les=71450 n=12 ec=71094 les/c 71585/71583 71591/71594/71444) [23,70,14] r=1 lpr=71594 pi=71183-71593/20 crt=71377'46 lcod 0'0 inactive NOTIFY] exit Started/Stray 1.041987 7 0.000315
2014-12-08 18:14:03.605243 7f28fc345700 10 osd.70 pg_epoch: 71595 pg[19.6e( v 51072'48910307 (50495'48906592,51072'48910307] local-les=51066 n=855 ec=21298 les/c 51101/50495 71591/71591/71591) [70,16,13] r=0 lpr=71591 pi=50489-71590/150 crt=51071'48910301 lcod 0'0 mlcod 0'0 incomplete] state: pg[19.6e( v 51072'48910307 (50495'48906592,51072'48910307] local-les=51066 n=855 ec=21298 les/c 51101/50495 71591/71591/71591) [70,16,13] r=0 lpr=71591 pi=50489-71590/150 crt=51071'48910301 lcod 0'0 mlcod 0'0 incomplete] got dup osd.76 info 19.6e( empty local-les=0 n=0 ec=21298 les/c 51101/50495 71591/71591/71591), identical to ours
2014-12-08 18:14:03.605270 7f28fc345700 10 log is not dirty
2014-12-08 18:14:03.605259 7f28fcb46700 5 osd.70 pg_epoch: 71595 pg[217.36( v 71377'48 (0'0,71377'48] local-les=71450 n=12 ec=71094 les/c 71585/71583 71591/71594/71444) [23,70,14] r=1 lpr=71594 pi=71183-71593/20 crt=71377'46 lcod 0'0 inactive NOTIFY] enter Started/ReplicaActive
2014-12-08 18:14:03.605260 7f290a83a700 10 osd.70 pg_epoch: 71595 pg[218.38( v 71581'3 (0'0,71581'3] local-les=71595 n=3 ec=71423 les/c 71590/71583 71591/71594/71425) [56,17,70] r=2 lpr=71594 pi=71423-71593/10 crt=71580'1 lcod 0'0 inactive] _activate_committed 71595 telling primary
2014-12-08 18:14:03.605274 7f28fc345700 10 osd.70 pg_epoch: 71595 pg[217.21d( v 71097'9 (0'0,71097'9] local-les=71595 n=6 ec=71094 les/c 71585/71583 71591/71594/71594) [70,6,14] r=0 lpr=71594 pi=71432-71593/6 crt=71097'9 lcod 0'0 mlcod 0'0 inactive] handle_peering_event: epoch_sent: 71595 epoch_requested: 71595 MNotifyRec from 6 notify: (query_epoch:71595, epoch_sent:71595, info:217.21d( v 71097'9 (0'0,71097'9] local-les=71585 n=6 ec=71094 les/c 71585/71583 71591/71594/71594)) features: 0x3fffffffffff
2014-12-08 18:14:03.605289 7f290a83a700 20 osd.70 71595 share_map_peer 0x126b8680 already has epoch 71595
2014-12-08 18:14:03.605280 7f28fcb46700 5 osd.70 pg_epoch: 71595 pg[217.36( v 71377'48 (0'0,71377'48] local-les=71450 n=12 ec=71094 les/c 71585/71583 71591/71594/71444) [23,70,14] r=1 lpr=71594 pi=71183-71593/20 crt=71377'46 lcod 0'0 inactive NOTIFY] enter Started/ReplicaActive/RepNotRecovering
2014-12-08 18:14:03.605287 7f28fc345700 10 osd.70 pg_epoch: 71595 pg[217.21d( v 71097'9 (0'0,71097'9] local-les=71595 n=6 ec=71094 les/c 71585/71583 71591/71594/71594) [70,6,14] r=0 lpr=71594 pi=71432-71593/6 crt=71097'9 lcod 0'0 mlcod 0'0 inactive] state: Active: got notify from 6, already have info from that osd, ignoring
2014-12-08 18:14:03.605305 7f28fc345700 10 log is not dirty
2014-12-08 18:14:03.605306 7f28fcb46700 10 osd.70 pg_epoch: 71595 pg[217.36( v 71377'48 (0'0,71377'48] local-les=71450 n=12 ec=71094 les/c 71585/71583 71591/71594/71444) [23,70,14] r=1 lpr=71594 pi=71183-71593/20 crt=71377'46 lcod 0'0 inactive NOTIFY] state: In ReplicaActive, about to call activate
2014-12-08 18:14:03.605309 7f28fc345700 10 osd.70 pg_epoch: 71595 pg[218.553( empty local-les=71435 n=0 ec=71423 les/c 71589/71589 71591/71594/71425) [17,70,63] r=1 lpr=71594 pi=71423-71593/10 crt=0'0 inactive NOTIFY] handle_peering_event: epoch_sent: 71595 epoch_requested: 71595 MLogRec from 17
