2014-12-08 18:14:00.521528 7f28fc345700 15 osd.70 pg_epoch: 71582 pg[218.1c0( v 71581'3 (0'0,71581'3] local-les=71434 n=3 ec=71423 les/c 71434/71434 71582/71582/71425) [75,3] r=-1 lpr=71582 pi=71423-71581/5 crt=71580'1 lcod 0'0 inactive NOTIFY] publish_stats_to_osd -- not primary
2014-12-08 18:14:00.521527 7f28fcb46700 15 osd.70 pg_epoch: 71587 pg[216.42( v 71097'231 (0'0,71097'231] local-les=71437 n=109 ec=70987 les/c 71437/71437 71587/71587/70989) [9,10] r=-1 lpr=71587 pi=70987-71586/25 crt=71097'229 lcod 0'0 inactive NOTIFY] requeue_ops
2014-12-08 18:14:00.521536 7f2904b56700 7 osd.70 71591 handle_pg_notify from osd.63
2014-12-08 18:14:00.521538 7f2904b56700 15 osd.70 71591 require_same_or_newer_map 71591 (i am 71591) 0x12b76b40
2014-12-08 18:14:00.521537 7f28fc345700 15 osd.70 pg_epoch: 71582 pg[218.1c0( v 71581'3 (0'0,71581'3] local-les=71434 n=3 ec=71423 les/c 71434/71434 71582/71582/71425) [75,3] r=-1 lpr=71582 pi=71423-71581/5 crt=71580'1 lcod 0'0 inactive NOTIFY] requeue_ops
2014-12-08 18:14:00.521539 7f28fcb46700 10 osd.70 pg_epoch: 71587 pg[216.42( v 71097'231 (0'0,71097'231] local-les=71437 n=109 ec=70987 les/c 71437/71437 71587/71587/70989) [9,10] r=-1 lpr=71587 pi=70987-71586/25 crt=71097'229 lcod 0'0 inactive NOTIFY] cancel_copy_ops
2014-12-08 18:14:00.521550 7f28fc345700 10 osd.70 pg_epoch: 71582 pg[218.1c0( v 71581'3 (0'0,71581'3] local-les=71434 n=3 ec=71423 les/c 71434/71434 71582/71582/71425) [75,3] r=-1 lpr=71582 pi=71423-71581/5 crt=71580'1 lcod 0'0 inactive NOTIFY] cancel_copy_ops
2014-12-08 18:14:00.521549 7f28fcb46700 10 osd.70 pg_epoch: 71587 pg[216.42( v 71097'231 (0'0,71097'231] local-les=71437 n=109 ec=70987 les/c 71437/71437 71587/71587/70989) [9,10] r=-1 lpr=71587 pi=70987-71586/25 crt=71097'229 lcod 0'0 inactive NOTIFY] cancel_flush_ops
2014-12-08 18:14:00.521558 7f28fc345700 10 osd.70 pg_epoch: 71582 pg[218.1c0( v 71581'3 (0'0,71581'3] local-les=71434 n=3 ec=71423 les/c 71434/71434 71582/71582/71425) [75,3] r=-1 lpr=71582 pi=71423-71581/5 crt=71580'1 lcod 0'0 inactive NOTIFY] cancel_flush_ops
2014-12-08 18:14:00.521566 7f2904b56700 10 osd.70 71591 do_waiters -- start
2014-12-08 18:14:00.521559 7f28fcb46700 10 osd.70 pg_epoch: 71587 pg[216.42( v 71097'231 (0'0,71097'231] local-les=71437 n=109 ec=70987 les/c 71437/71437 71587/71587/70989) [9,10] r=-1 lpr=71587 pi=70987-71586/25 crt=71097'229 lcod 0'0 inactive NOTIFY] on_change_cleanup
2014-12-08 18:14:00.521569 7f2904b56700 10 osd.70 71591 do_waiters -- finish
2014-12-08 18:14:00.521566 7f28fc345700 10 osd.70 pg_epoch: 71582 pg[218.1c0( v 71581'3 (0'0,71581'3] local-les=71434 n=3 ec=71423 les/c 71434/71434 71582/71582/71425) [75,3] r=-1 lpr=71582 pi=71423-71581/5 crt=71580'1 lcod 0'0 inactive NOTIFY] on_change_cleanup
2014-12-08 18:14:00.521580 7f2904b56700 10 osd.70 71591 do_waiters -- start
2014-12-08 18:14:00.521570 7f28fcb46700 10 osd.70 pg_epoch: 71587 pg[216.42( v 71097'231 (0'0,71097'231] local-les=71437 n=109 ec=70987 les/c 71437/71437 71587/71587/70989) [9,10] r=-1 lpr=71587 pi=70987-71586/25 crt=71097'229 lcod 0'0 inactive NOTIFY] on_change
2014-12-08 18:14:00.521576 7f28fc345700 10 osd.70 pg_epoch: 71582 pg[218.1c0( v 71581'3 (0'0,71581'3] local-les=71434 n=3 ec=71423 les/c 71434/71434 71582/71582/71425) [75,3] r=-1 lpr=71582 pi=71423-71581/5 crt=71580'1 lcod 0'0 inactive NOTIFY] on_change
2014-12-08 18:14:00.521583 7f2904b56700 10 osd.70 71591 do_waiters -- finish --
2014-12-08 18:14:00.521588 7f2904b56700 20 osd.70 71591 _dispatch 0x12b763c0 pg_notify(19.6e epoch 71591) v5
2014-12-08 18:14:00.521590 7f28fc345700 20 osd.70 pg_epoch: 71582 pg[218.1c0( v 71581'3 (0'0,71581'3] local-les=71434 n=3 ec=71423 les/c 71434/71434 71582/71582/71425) [75,3] r=-1 lpr=71582 pi=71423-71581/5 crt=71580'1 lcod 0'0 inactive NOTIFY] exit NotTrimming
2014-12-08 18:14:00.521597 7f28fc345700 20 osd.70 pg_epoch: 71582 pg[218.1c0( v 71581'3 (0'0,71581'3] local-les=71434 n=3 ec=71423 les/c 71434/71434 71582/71582/71425) [75,3] r=-1 lpr=71582 pi=71423-71581/5 crt=71580'1 lcod 0'0 inactive NOTIFY] enter NotTrimming
2014-12-08 18:14:00.521605 7f2904b56700 7 osd.70 71591 handle_pg_notify from osd.56
2014-12-08 18:14:00.521606 7f2904b56700 15 osd.70 71591 require_same_or_newer_map 71591 (i am 71591) 0x12b763c0
2014-12-08 18:14:00.521603 7f28fc345700 10 osd.70 pg_epoch: 71582 pg[218.1c0( v 71581'3 (0'0,71581'3] local-les=71434 n=3 ec=71423 les/c 71434/71434 71582/71582/71425) [75,3] r=-1 lpr=71582 pi=71423-71581/5 crt=71580'1 lcod 0'0 inactive NOTIFY] on_role_change
2014-12-08 18:14:00.521608 7f28fc345700 15 osd.70 pg_epoch: 71582 pg[218.1c0( v 71581'3 (0'0,71581'3] local-les=71434 n=3 ec=71423 les/c 71434/71434 71582/71582/71425) [75,3] r=-1 lpr=71582 pi=71423-71581/5 crt=71580'1 lcod 0'0 inactive NOTIFY] requeue_ops
2014-12-08 18:14:00.521615 7f28fc345700 10 osd.70 pg_epoch: 71582 pg[218.1c0( v 71581'3 (0'0,71581'3] local-les=71434 n=3 ec=71423 les/c 71434/71434 71582/71582/71425) [75,3] r=-1 lpr=71582 pi=71423-71581/5 crt=71580'1 lcod 0'0 inactive NOTIFY] cancel_recovery
2014-12-08 18:14:00.521621 7f2904b56700 10 osd.70 71591 do_waiters -- start
2014-12-08 18:14:00.521622 7f2904b56700 10 osd.70 71591 do_waiters -- finish
2014-12-08 18:14:00.521620 7f28fc345700 10 osd.70 pg_epoch: 71582 pg[218.1c0( v 71581'3 (0'0,71581'3] local-les=71434 n=3 ec=71423 les/c 71434/71434 71582/71582/71425) [75,3] r=-1 lpr=71582 pi=71423-71581/5 crt=71580'1 lcod 0'0 inactive NOTIFY] clear_recovery_state
2014-12-08 18:14:00.521627 7f28fc345700 10 osd.70 pg_epoch: 71582 pg[218.1c0( v 71581'3 (0'0,71581'3] local-les=71434 n=3 ec=71423 les/c 71434/71434 71582/71582/71425) [75,3] r=-1 lpr=71582 pi=71423-71581/5 crt=71580'1 lcod 0'0 inactive NOTIFY] check_recovery_sources no source osds () went down
2014-12-08 18:14:00.521640 7f28fc345700 10 osd.70 pg_epoch: 71582 pg[218.1c0( v 71581'3 (0'0,71581'3] local-les=71434 n=3 ec=71423 les/c 71434/71434 71582/71582/71425) [75,3] r=-1 lpr=71582 pi=71423-71581/5 crt=71580'1 lcod 0'0 inactive NOTIFY] handle_advance_map [75,3]/[75,3] -- 75/75
2014-12-08 18:14:00.521647 7f28fc345700 20 PGPool::update cached_removed_snaps [] newly_removed_snaps [] snapc 0=[] (no change)
2014-12-08 18:14:00.521649 7f28fc345700 10 osd.70 pg_epoch: 71583 pg[218.1c0( v 71581'3 (0'0,71581'3] local-les=71434 n=3 ec=71423 les/c 71434/71434 71582/71582/71425) [75,3] r=-1 lpr=71582 pi=71423-71581/5 crt=71580'1 lcod 0'0 inactive NOTIFY] state: Reset advmap
2014-12-08 18:14:00.521655 7f28fc345700 10 osd.70 pg_epoch: 71583 pg[218.1c0( v 71581'3 (0'0,71581'3] local-les=71434 n=3 ec=71423 les/c 71434/71434 71582/71582/71425) [75,3] r=-1 lpr=71582 pi=71423-71581/5 crt=71580'1 lcod 0'0 inactive NOTIFY] _calc_past_interval_range: already have past intervals back to 71434
2014-12-08 18:14:00.521661 7f28fc345700 10 osd.70 pg_epoch: 71583 pg[218.1c0( v 71581'3 (0'0,71581'3] local-les=71434 n=3 ec=71423 les/c 71434/71434 71582/71582/71425) [75,3] r=-1 lpr=71582 pi=71423-71581/5 crt=71580'1 lcod 0'0 inactive NOTIFY] check_recovery_sources no source osds () went down
2014-12-08 18:14:00.521672 7f28fc345700 10 osd.70 pg_epoch: 71583 pg[218.1c0( v 71581'3 (0'0,71581'3] local-les=71434 n=3 ec=71423 les/c 71434/71434 71582/71582/71425) [75,3] r=-1 lpr=71582 pi=71423-71581/5 crt=71580'1 lcod 0'0 inactive NOTIFY] handle_advance_map [75,6,7]/[75,6,7] -- 75/75
2014-12-08 18:14:00.521679 7f28fc345700 20 PGPool::update cached_removed_snaps [] newly_removed_snaps [] snapc 0=[] (no change)
2014-12-08 18:14:00.521681 7f28fc345700 10 osd.70 pg_epoch: 71584 pg[218.1c0( v 71581'3 (0'0,71581'3] local-les=71434 n=3 ec=71423 les/c 71434/71434 71582/71582/71425) [75,3] r=-1 lpr=71582 pi=71423-71581/5 crt=71580'1 lcod 0'0 inactive NOTIFY] state: Reset advmap
2014-12-08 18:14:00.521686 7f28fc345700 10 osd.70 pg_epoch: 71584 pg[218.1c0( v 71581'3 (0'0,71581'3] local-les=71434 n=3 ec=71423 les/c 71434/71434 71582/71582/71425) [75,3] r=-1 lpr=71582 pi=71423-71581/5 crt=71580'1 lcod 0'0 inactive NOTIFY] _calc_past_interval_range: already have past intervals back to 71434 --
2014-12-08 18:14:00.526202 7f2904b56700 20 osd.70 71591 _dispatch 0x12c18940 pg_notify(19.6e epoch 71591) v5
2014-12-08 18:14:00.526196 7f28fc345700 10 osd.70 pg_epoch: 71587 pg[218.1c0( v 71581'3 (0'0,71581'3] local-les=71434 n=3 ec=71423 les/c 71434/71434 71587/71587/71425) [75,3] r=-1 lpr=71587 pi=71423-71586/7 crt=71580'1 lcod 0'0 inactive NOTIFY] check_recovery_sources no source osds () went down
2014-12-08 18:14:00.526189 7f28fcb46700 10 osd.70 pg_epoch: 71589 pg[216.42( v 71097'231 (0'0,71097'231] local-les=71437 n=109 ec=70987 les/c 71437/71437 71587/71589/70989) [9,10]/[9,10,76] r=-1 lpr=71589 pi=70987-71588/26 crt=71097'229 lcod 0'0 remapped NOTIFY] clear_recovery_state
2014-12-08 18:14:00.526222 7f2904b56700 7 osd.70 71591 handle_pg_notify from osd.20
2014-12-08 18:14:00.526224 7f2904b56700 15 osd.70 71591 require_same_or_newer_map 71591 (i am 71591) 0x12c18940
2014-12-08 18:14:00.526216 7f28fc345700 10 osd.70 pg_epoch: 71587 pg[218.1c0( v 71581'3 (0'0,71581'3] local-les=71434 n=3 ec=71423 les/c 71434/71434 71587/71587/71425) [75,3] r=-1 lpr=71587 pi=71423-71586/7 crt=71580'1 lcod 0'0 inactive NOTIFY] handle_advance_map [75,3]/[75,3] -- 75/75
2014-12-08 18:14:00.526229 7f28fc345700 20 PGPool::update cached_removed_snaps [] newly_removed_snaps [] snapc 0=[] (no change)
2014-12-08 18:14:00.526216 7f28fcb46700 10 osd.70 pg_epoch: 71589 pg[216.42( v 71097'231 (0'0,71097'231] local-les=71437 n=109 ec=70987 les/c 71437/71437 71587/71589/70989) [9,10]/[9,10,76] r=-1 lpr=71589 pi=70987-71588/26 crt=71097'229 lcod 0'0 remapped NOTIFY] check_recovery_sources no source osds () went down
2014-12-08 18:14:00.526234 7f28fc345700 10 osd.70 pg_epoch: 71588 pg[218.1c0( v 71581'3 (0'0,71581'3] local-les=71434 n=3 ec=71423 les/c 71434/71434 71587/71587/71425) [75,3] r=-1 lpr=71587 pi=71423-71586/7 crt=71580'1 lcod 0'0 inactive NOTIFY] state: Reset advmap
2014-12-08 18:14:00.526240 7f28fc345700 10 osd.70 pg_epoch: 71588 pg[218.1c0( v 71581'3 (0'0,71581'3] local-les=71434 n=3 ec=71423 les/c 71434/71434 71587/71587/71425) [75,3] r=-1 lpr=71587 pi=71423-71586/7 crt=71580'1 lcod 0'0 inactive NOTIFY] _calc_past_interval_range: already have past intervals back to 71434
2014-12-08 18:14:00.526249 7f2904b56700 10 osd.70 71591 do_waiters -- start
2014-12-08 18:14:00.526251 7f2904b56700 10 osd.70 71591 do_waiters -- finish
2014-12-08 18:14:00.526248 7f28fc345700 10 osd.70 pg_epoch: 71588 pg[218.1c0( v 71581'3 (0'0,71581'3] local-les=71434 n=3 ec=71423 les/c 71434/71434 71587/71587/71425) [75,3] r=-1 lpr=71587 pi=71423-71586/7 crt=71580'1 lcod 0'0 inactive NOTIFY] check_recovery_sources no source osds () went down
2014-12-08 18:14:00.526260 7f2904b56700 10 osd.70 71591 do_waiters -- start
2014-12-08 18:14:00.526261 7f2904b56700 10 osd.70 71591 do_waiters -- finish
2014-12-08 18:14:00.526262 7f2904b56700 20 osd.70 71591 _dispatch 0x12cedc00 pg_notify(217.214(37) epoch 71591) v5
2014-12-08 18:14:00.526263 7f28fc345700 10 osd.70 pg_epoch: 71588 pg[218.1c0( v 71581'3 (0'0,71581'3] local-les=71434 n=3 ec=71423 les/c 71434/71434 71587/71587/71425) [75,3] r=-1 lpr=71587 pi=71423-71586/7 crt=71580'1 lcod 0'0 inactive NOTIFY] handle_advance_map [75,3]/[75,3] -- 75/75
2014-12-08 18:14:00.526251 7f28fcb46700 10 osd.70 pg_epoch: 71589 pg[216.42( v 71097'231 (0'0,71097'231] local-les=71437 n=109 ec=70987 les/c 71437/71437 71587/71589/70989) [9,10]/[9,10,76] r=-1 lpr=71589 pi=70987-71588/26 crt=71097'229 lcod 0'0 remapped NOTIFY] handle_advance_map [9,10]/[9,10,76] -- 9/9
2014-12-08 18:14:00.526277 7f28fc345700 20 PGPool::update cached_removed_snaps [] newly_removed_snaps [] snapc 0=[] (no change)
2014-12-08 18:14:00.526280 7f28fcb46700 20 PGPool::update cached_removed_snaps [] newly_removed_snaps [] snapc 0=[] (no change)
2014-12-08 18:14:00.526284 7f2904b56700 7 osd.70 71591 handle_pg_notify from osd.4 --
2014-12-08 18:14:00.526390 7f2904b56700 20 osd.70 71591 _dispatch 0x12c18b20 pg_notify(19.6e(150) epoch 71591) v5
2014-12-08 18:14:00.526387 7f28fc345700 10 osd.70 pg_epoch: 71590 pg[218.1c0( v 71581'3 (0'0,71581'3] local-les=71434 n=3 ec=71423 les/c 71434/71434 71587/71587/71425) [75,3] r=-1 lpr=71590 pi=71423-71586/7 crt=71580'1 lcod 0'0 inactive NOTIFY] Not blocking outgoing recovery messages
2014-12-08 18:14:00.526392 7f28fcb46700 20 osd.70 pg_epoch: 71591 pg[216.42( v 71097'231 (0'0,71097'231] local-les=71437 n=109 ec=70987 les/c 71437/71437 71587/71589/70989) [9,10]/[9,10,76] r=-1 lpr=71589 pi=70987-71588/26 crt=71097'229 lcod 0'0 remapped NOTIFY] new interval newup [9,10,70] newacting [9,10,76]
2014-12-08 18:14:00.526409 7f2904b56700 7 osd.70 71591 handle_pg_notify from osd.4
2014-12-08 18:14:00.526404 7f28fc345700 10 osd.70 pg_epoch: 71590 pg[218.1c0( v 71581'3 (0'0,71581'3] local-les=71434 n=3 ec=71423 les/c 71434/71434 71587/71587/71425) [75,3]/[75,3,6] r=-1 lpr=71590 pi=71423-71589/8 crt=71580'1 lcod 0'0 remapped NOTIFY] start_peering_interval: check_new_interval output: generate_past_intervals interval(71587-71589 up [75,3](75) acting [75,3](75)): not rw, up_thru 71588 up_from 69683 last_epoch_clean 71434 generate_past_intervals interval(71587-71589 up [75,3](75) acting [75,3](75) maybe_went_rw) : primary up 69683-71588 includes interval
2014-12-08 18:14:00.526414 7f2904b56700 15 osd.70 71591 require_same_or_newer_map 71591 (i am 71591) 0x12c18b20
2014-12-08 18:14:00.526414 7f28fc345700 10 osd.70 pg_epoch: 71590 pg[218.1c0( v 71581'3 (0'0,71581'3] local-les=71434 n=3 ec=71423 les/c 71434/71434 71587/71587/71425) [75,3]/[75,3,6] r=-1 lpr=71590 pi=71423-71589/8 crt=71580'1 lcod 0'0 remapped NOTIFY] noting past interval(71587-71589 up [75,3](75) acting [75,3](75) maybe_went_rw)
2014-12-08 18:14:00.526414 7f28fcb46700 10 osd.70 pg_epoch: 71591 pg[216.42( v 71097'231 (0'0,71097'231] local-les=71437 n=109 ec=70987 les/c 71437/71437 71587/71589/70989) [9,10]/[9,10,76] r=-1 lpr=71589 pi=70987-71588/26 crt=71097'229 lcod 0'0 remapped NOTIFY] state: should restart peering, calling start_peering_interval again
2014-12-08 18:14:00.526435 7f2904b56700 10 osd.70 71591 do_waiters -- start
2014-12-08 18:14:00.526436 7f2904b56700 10 osd.70 71591 do_waiters -- finish
2014-12-08 18:14:00.526426 7f28fc345700 10 osd.70 pg_epoch: 71590 pg[218.1c0( v 71581'3 (0'0,71581'3] local-les=71434 n=3 ec=71423 les/c 71434/71434 71587/71590/71425) [75,3]/[75,3,6] r=-1 lpr=71590 pi=71423-71589/8 crt=71580'1 lcod 0'0 remapped NOTIFY] up [75,3] -> [75,3], acting [75,3] -> [75,3,6], acting_primary 75 -> 75, up_primary 75 -> 75, role -1 -> -1
2014-12-08 18:14:00.526438 7f28fc345700 10 osd.70 pg_epoch: 71590 pg[218.1c0( v 71581'3 (0'0,71581'3] local-les=71434 n=3 ec=71423 les/c 71434/71434 71587/71590/71425) [75,3]/[75,3,6] r=-1 lpr=71590 pi=71423-71589/8 crt=71580'1 lcod 0'0 remapped NOTIFY] on_change
2014-12-08 18:14:00.526436 7f28fcb46700 20 osd.70 pg_epoch: 71591 pg[216.42( v 71097'231 (0'0,71097'231] local-les=71437 n=109 ec=70987 les/c 71437/71437 71587/71589/70989) [9,10]/[9,10,76] r=-1 lpr=71589 pi=70987-71588/26 crt=71097'229 lcod 0'0 remapped NOTIFY] set_last_peering_reset 71591
2014-12-08 18:14:00.526447 7f28fc345700 15 osd.70 pg_epoch: 71590 pg[218.1c0( v 71581'3 (0'0,71581'3] local-les=71434 n=3 ec=71423 les/c 71434/71434 71587/71590/71425) [75,3]/[75,3,6] r=-1 lpr=71590 pi=71423-71589/8 crt=71580'1 lcod 0'0 remapped NOTIFY] publish_stats_to_osd -- not primary
2014-12-08 18:14:00.526456 7f28fc345700 15 osd.70 pg_epoch: 71590 pg[218.1c0( v 71581'3 (0'0,71581'3] local-les=71434 n=3 ec=71423 les/c 71434/71434 71587/71590/71425) [75,3]/[75,3,6] r=-1 lpr=71590 pi=71423-71589/8 crt=71580'1 lcod 0'0 remapped NOTIFY] requeue_ops
2014-12-08 18:14:00.526455 7f28fcb46700 10 osd.70 pg_epoch: 71591 pg[216.42( v 71097'231 (0'0,71097'231] local-les=71437 n=109 ec=70987 les/c 71437/71437 71587/71589/70989) [9,10]/[9,10,76] r=-1 lpr=71591 pi=70987-71588/26 crt=71097'229 lcod 0'0 remapped NOTIFY] Clearing blocked outgoing recovery messages
2014-12-08 18:14:00.526465 7f28fc345700 10 osd.70 pg_epoch: 71590 pg[218.1c0( v 71581'3 (0'0,71581'3] local-les=71434 n=3 ec=71423 les/c 71434/71434 71587/71590/71425) [75,3]/[75,3,6] r=-1 lpr=71590 pi=71423-71589/8 crt=71580'1 lcod 0'0 remapped NOTIFY] cancel_copy_ops
2014-12-08 18:14:00.526472 7f28fc345700 10 osd.70 pg_epoch: 71590 pg[218.1c0( v 71581'3 (0'0,71581'3] local-les=71434 n=3 ec=71423 les/c 71434/71434 71587/71590/71425) [75,3]/[75,3,6] r=-1 lpr=71590 pi=71423-71589/8 crt=71580'1 lcod 0'0 remapped NOTIFY] cancel_flush_ops
2014-12-08 18:14:00.526471 7f28fcb46700 10 osd.70 pg_epoch: 71591 pg[216.42( v 71097'231 (0'0,71097'231] local-les=71437 n=109 ec=70987 les/c 71437/71437 71587/71589/70989) [9,10]/[9,10,76] r=-1 lpr=71591 pi=70987-71588/26 crt=71097'229 lcod 0'0 remapped NOTIFY] Not blocking outgoing recovery messages --
2014-12-08 18:14:00.549070 7f2904b56700 20 osd.70 71591 _dispatch 0x12c17e00 pg_notify(19.6e(150) epoch 71591) v5
2014-12-08 18:14:00.549075 7f28fc345700 10 osd.70 pg_epoch: 71582 pg[217.350( v 71377'4121 (71377'1120,71377'4121] local-les=71446 n=17 ec=71094 les/c 71446/71448 71444/71444/71096) [13,70,7] r=1 lpr=71448 pi=71183-71443/19 crt=71377'4119 lcod 0'0 inactive NOTIFY] state: Started advmap
2014-12-08 18:14:00.549088 7f28fc345700 20 osd.70 pg_epoch: 71582 pg[217.350( v 71377'4121 (71377'1120,71377'4121] local-les=71446 n=17 ec=71094 les/c 71446/71448 71444/71444/71096) [13,70,7] r=1 lpr=71448 pi=71183-71443/19 crt=71377'4119 lcod 0'0 inactive NOTIFY] new interval newup [13,7] newacting [13,7]
2014-12-08 18:14:00.549077 7f28fcb46700 20 PGPool::update cached_removed_snaps [] newly_removed_snaps [] snapc 0=[] (no change)
2014-12-08 18:14:00.549100 7f28fc345700 10 osd.70 pg_epoch: 71582 pg[217.350( v 71377'4121 (71377'1120,71377'4121] local-les=71446 n=17 ec=71094 les/c 71446/71448 71444/71444/71096) [13,70,7] r=1 lpr=71448 pi=71183-71443/19 crt=71377'4119 lcod 0'0 inactive NOTIFY] state: should_restart_peering, transitioning to Reset
2014-12-08 18:14:00.549109 7f28fcb46700 10 osd.70 pg_epoch: 71585 pg[216.1d0( v 71097'265 (0'0,71097'265] local-les=71437 n=123 ec=70987 les/c 71437/71437 71584/71584/71584) [22,13,20] r=-1 lpr=71584 pi=71432-71583/2 crt=71097'265 lcod 0'0 inactive NOTIFY] state: Reset advmap
2014-12-08 18:14:00.549124 7f2904b56700 7 osd.70 71591 handle_pg_notify from osd.76
2014-12-08 18:14:00.549116 7f28fc345700 5 osd.70 pg_epoch: 71582 pg[217.350( v 71377'4121 (71377'1120,71377'4121] local-les=71446 n=17 ec=71094 les/c 71446/71448 71444/71444/71096) [13,70,7] r=1 lpr=71448 pi=71183-71443/19 crt=71377'4119 lcod 0'0 inactive NOTIFY] exit Started/Stray 2.590350 3 0.000134
2014-12-08 18:14:00.549128 7f2904b56700 15 osd.70 71591 require_same_or_newer_map 71591 (i am 71591) 0x12c17e00
2014-12-08 18:14:00.549122 7f28fcb46700 10 osd.70 pg_epoch: 71585 pg[216.1d0( v 71097'265 (0'0,71097'265] local-les=71437 n=123 ec=70987 les/c 71437/71437 71584/71584/71584) [22,13,20] r=-1 lpr=71584 pi=71432-71583/2 crt=71097'265 lcod 0'0 inactive NOTIFY] _calc_past_interval_range: already have past intervals back to 71437
2014-12-08 18:14:00.549132 7f28fc345700 5 osd.70 pg_epoch: 71582 pg[217.350( v 71377'4121 (71377'1120,71377'4121] local-les=71446 n=17 ec=71094 les/c 71446/71448 71444/71444/71096) [13,70,7] r=1 lpr=71448 pi=71183-71443/19 crt=71377'4119 lcod 0'0 inactive NOTIFY] exit Started 2.590407 0 0.000000
2014-12-08 18:14:00.549136 7f28fcb46700 10 osd.70 pg_epoch: 71585 pg[216.1d0( v 71097'265 (0'0,71097'265] local-les=71437 n=123 ec=70987 les/c 71437/71437 71584/71584/71584) [22,13,20] r=-1 lpr=71584 pi=71432-71583/2 crt=71097'265 lcod 0'0 inactive NOTIFY] check_recovery_sources no source osds () went down
2014-12-08 18:14:00.549149 7f28fc345700 5 osd.70 pg_epoch: 71582 pg[217.350( v 71377'4121 (71377'1120,71377'4121] local-les=71446 n=17 ec=71094 les/c 71446/71448 71444/71444/71096) [13,70,7] r=1 lpr=71448 pi=71183-71443/19 crt=71377'4119 lcod 0'0 inactive NOTIFY] enter Reset
2014-12-08 18:14:00.549157 7f28fcb46700 10 osd.70 pg_epoch: 71585 pg[216.1d0( v 71097'265 (0'0,71097'265] local-les=71437 n=123 ec=70987 les/c 71437/71437 71584/71584/71584) [22,13,20] r=-1 lpr=71584 pi=71432-71583/2 crt=71097'265 lcod 0'0 inactive NOTIFY] handle_advance_map [22,13,20]/[22,13,20] -- 22/22
2014-12-08 18:14:00.549172 7f28fcb46700 20 PGPool::update cached_removed_snaps [] newly_removed_snaps [] snapc 0=[] (no change)
2014-12-08 18:14:00.549163 7f28fc345700 20 osd.70 pg_epoch: 71582 pg[217.350( v 71377'4121 (71377'1120,71377'4121] local-les=71446 n=17 ec=71094 les/c 71446/71448 71444/71444/71096) [13,70,7] r=1 lpr=71448 pi=71183-71443/19 crt=71377'4119 lcod 0'0 inactive NOTIFY] set_last_peering_reset 71582
2014-12-08 18:14:00.549177 7f2904b56700 10 osd.70 71591 do_waiters -- start
2014-12-08 18:14:00.549182 7f2904b56700 10 osd.70 71591 do_waiters -- finish
2014-12-08 18:14:00.549175 7f28fcb46700 10 osd.70 pg_epoch: 71586 pg[216.1d0( v 71097'265 (0'0,71097'265] local-les=71437 n=123 ec=70987 les/c 71437/71437 71584/71584/71584) [22,13,20] r=-1 lpr=71584 pi=71432-71583/2 crt=71097'265 lcod 0'0 inactive NOTIFY] state: Reset advmap
2014-12-08 18:14:00.549178 7f28fc345700 10 osd.70 pg_epoch: 71582 pg[217.350( v 71377'4121 (71377'1120,71377'4121] local-les=71446 n=17 ec=71094 les/c 71446/71448 71444/71444/71096) [13,70,7] r=1 lpr=71582 pi=71183-71443/19 crt=71377'4119 lcod 0'0 inactive NOTIFY] Clearing blocked outgoing recovery messages
2014-12-08 18:14:00.549189 7f28fcb46700 10 osd.70 pg_epoch: 71586 pg[216.1d0( v 71097'265 (0'0,71097'265] local-les=71437 n=123 ec=70987 les/c 71437/71437 71584/71584/71584) [22,13,20] r=-1 lpr=71584 pi=71432-71583/2 crt=71097'265 lcod 0'0 inactive NOTIFY] _calc_past_interval_range: already have past intervals back to 71437 --
2014-12-08 18:14:00.551049 7f2904b56700 20 osd.70 71591 _dispatch 0x12cec940 pg_notify(19.6e epoch 71591) v5
2014-12-08 18:14:00.551050 7f28fc345700 1 osd.70 pg_epoch: 71591 pg[217.350( v 71377'4121 (71377'1120,71377'4121] local-les=71446 n=17 ec=71094 les/c 71446/71448 71591/71591/71096) [13,70,7] r=1 lpr=71591 pi=71183-71590/24 crt=71377'4119 lcod 0'0 inactive NOTIFY] state: transitioning to Stray
2014-12-08 18:14:00.551066 7f28fc345700 5 osd.70 pg_epoch: 71591 pg[217.350( v 71377'4121 (71377'1120,71377'4121] local-les=71446 n=17 ec=71094 les/c 71446/71448 71591/71591/71096) [13,70,7] r=1 lpr=71591 pi=71183-71590/24 crt=71377'4119 lcod 0'0 inactive NOTIFY] exit Start 0.000028 0 0.000000
2014-12-08 18:14:00.551085 7f2904b56700 7 osd.70 71591 handle_pg_notify from osd.0
2014-12-08 18:14:00.551080 7f28fc345700 5 osd.70 pg_epoch: 71591 pg[217.350( v 71377'4121 (71377'1120,71377'4121] local-les=71446 n=17 ec=71094 les/c 71446/71448 71591/71591/71096) [13,70,7] r=1 lpr=71591 pi=71183-71590/24 crt=71377'4119 lcod 0'0 inactive NOTIFY] enter Started/Stray
2014-12-08 18:14:00.551088 7f2904b56700 15 osd.70 71591 require_same_or_newer_map 71591 (i am 71591) 0x12cec940
2014-12-08 18:14:00.551095 7f28fc345700 20 osd.70 pg_epoch: 71591 pg[217.350( v 71377'4121 (71377'1120,71377'4121] local-les=71446 n=17 ec=71094 les/c 71446/71448 71591/71591/71096) [13,70,7] r=1 lpr=71591 pi=71183-71590/24 crt=71377'4119 lcod 0'0 inactive NOTIFY] handle_activate_map: Not dirtying info: last_persisted is 71448 while current is 71591
2014-12-08 18:14:00.551106 7f28fc345700 10 osd.70 pg_epoch: 71591 pg[217.350( v 71377'4121 (71377'1120,71377'4121] local-les=71446 n=17 ec=71094 les/c 71446/71448 71591/71591/71096) [13,70,7] r=1 lpr=71591 pi=71183-71590/24 crt=71377'4119 lcod 0'0 inactive NOTIFY] handle_peering_event: epoch_sent: 71591 epoch_requested: 71591 NullEvt
2014-12-08 18:14:00.551127 7f2904b56700 10 osd.70 71591 do_waiters -- start
2014-12-08 18:14:00.551130 7f2904b56700 10 osd.70 71591 do_waiters -- finish
2014-12-08 18:14:00.551159 7f28fc345700 10 log is not dirty
2014-12-08 18:14:00.551191 7f28fc345700 10 osd.70 pg_epoch: 71581 pg[217.1fa( v 71377'4113 (71377'1112,71377'4113] local-les=71440 n=11 ec=71094 les/c 71440/71440 71432/71439/71439) [70,14,69] r=0 lpr=71440 crt=71377'4110 lcod 0'0 mlcod 0'0 peering] handle_advance_map [14,69]/[14,69] -- 14/14
2014-12-08 18:14:00.551208 7f28fc345700 20 PGPool::update cached_removed_snaps [] newly_removed_snaps [] snapc 0=[] (no change)
2014-12-08 18:14:00.551214 7f28fc345700 10 osd.70 pg_epoch: 71582 pg[217.1fa( v 71377'4113 (71377'1112,71377'4113] local-les=71440 n=11 ec=71094 les/c 71440/71440 71432/71439/71439) [70,14,69] r=0 lpr=71440 crt=71377'4110 lcod 0'0 mlcod 0'0 peering] state: Peering advmap
2014-12-08 18:14:00.551223 7f28fc345700 10 osd.70 pg_epoch: 71582 pg[217.1fa( v 71377'4113 (71377'1112,71377'4113] local-les=71440 n=11 ec=71094 les/c 71440/71440 71432/71439/71439) [70,14,69] r=0 lpr=71440 crt=71377'4110 lcod 0'0 mlcod 0'0 peering] PriorSet: affected_by_map osd.70 now down
2014-12-08 18:14:00.551232 7f28fc345700 1 osd.70 pg_epoch: 71582 pg[217.1fa( v 71377'4113 (71377'1112,71377'4113] local-les=71440 n=11 ec=71094 les/c 71440/71440 71432/71439/71439) [70,14,69] r=0 lpr=71440 crt=71377'4110 lcod 0'0 mlcod 0'0 peering] state: Peering, affected_by_map, going to Reset
2014-12-08 18:14:00.551242 7f28fc345700 5 osd.70 pg_epoch: 71582 pg[217.1fa( v 71377'4113 (71377'1112,71377'4113] local-les=71440 n=11 ec=71094 les/c 71440/71440 71432/71439/71439) [70,14,69] r=0 lpr=71440 crt=71377'4110 lcod 0'0 mlcod 0'0 peering] exit Started/Primary/Peering/GetInfo 2.576648 2 0.000155
2014-12-08 18:14:00.551254 7f28fc345700 10 osd.70 pg_epoch: 71582 pg[217.1fa( v 71377'4113 (71377'1112,71377'4113] local-les=71440 n=11 ec=71094 les/c 71440/71440 71432/71439/71439) [70,14,69] r=0 lpr=71440 crt=71377'4110 lcod 0'0 mlcod 0'0 peering] state: Leaving Peering
2014-12-08 18:14:00.551263 7f28fc345700 5 osd.70 pg_epoch: 71582 pg[217.1fa( v 71377'4113 (71377'1112,71377'4113] local-les=71440 n=11 ec=71094 les/c 71440/71440 71432/71439/71439) [70,14,69] r=0 lpr=71440 crt=71377'4110 lcod 0'0 mlcod 0'0 peering] exit Started/Primary/Peering 2.576677 0 0.000000
2014-12-08 18:14:00.551276 7f28fc345700 5 osd.70 pg_epoch: 71582 pg[217.1fa( v 71377'4113 (71377'1112,71377'4113] local-les=71440 n=11 ec=71094 les/c 71440/71440 71432/71439/71439) [70,14,69] r=0 lpr=71440 crt=71377'4110 lcod 0'0 mlcod 0'0 inactive] exit Started/Primary 2.576696 0 0.000000
2014-12-08 18:14:00.551287 7f28fc345700 5 osd.70 pg_epoch: 71582 pg[217.1fa( v 71377'4113 (71377'1112,71377'4113] local-les=71440 n=11 ec=71094 les/c 71440/71440 71432/71439/71439) [70,14,69] r=0 lpr=71440 crt=71377'4110 lcod 0'0 mlcod 0'0 inactive] exit Started 2.576746 0 0.000000 --
2014-12-08 18:14:00.630932 7f2904b56700 20 osd.70 71591 _dispatch 0x12b761e0 pg_notify(19.6e epoch 71591) v5
2014-12-08 18:14:00.630983 7f2904b56700 7 osd.70 71591 handle_pg_notify from osd.59
2014-12-08 18:14:00.630986 7f2904b56700 15 osd.70 71591 require_same_or_newer_map 71591 (i am 71591) 0x12b761e0
2014-12-08 18:14:00.630989 7f2902351700 20 osd.70 71591 share_map_peer 0x12769700 already has epoch 71591
2014-12-08 18:14:00.631020 7f2904b56700 10 osd.70 71591 do_waiters -- start
2014-12-08 18:14:00.631022 7f2904b56700 10 osd.70 71591 do_waiters -- finish
2014-12-08 18:14:00.630935 7f28fcb46700 10 osd.70 pg_epoch: 71589 pg[218.38( v 71581'3 (0'0,71581'3] local-les=71434 n=3 ec=71423 les/c 71434/71434 71587/71589/71425) [56,17]/[56,17,15] r=-1 lpr=71589 pi=71423-71588/8 crt=71580'1 lcod 0'0 remapped NOTIFY] up [56,17] -> [56,17], acting [56,17] -> [56,17,15], acting_primary 56 -> 56, up_primary 56 -> 56, role -1 -> -1
2014-12-08 18:14:00.631075 7f28fcb46700 10 osd.70 pg_epoch: 71589 pg[218.38( v 71581'3 (0'0,71581'3] local-les=71434 n=3 ec=71423 les/c 71434/71434 71587/71589/71425) [56,17]/[56,17,15] r=-1 lpr=71589 pi=71423-71588/8 crt=71580'1 lcod 0'0 remapped NOTIFY] on_change
2014-12-08 18:14:00.631074 7f28fc345700 10 osd.70 pg_epoch: 71586 pg[217.2e( v 71377'4787 (71377'1786,71377'4787] local-les=71436 n=13 ec=71094 les/c 71436/71436 71584/71585/71585) [21,68,16]/[16,68] r=-1 lpr=71585 pi=71435-71584/3 crt=71377'4784 lcod 0'0 remapped NOTIFY] handle_advance_map [68,16]/[16,68] -- 68/16
2014-12-08 18:14:00.631090 7f28fcb46700 15 osd.70 pg_epoch: 71589 pg[218.38( v 71581'3 (0'0,71581'3] local-les=71434 n=3 ec=71423 les/c 71434/71434 71587/71589/71425) [56,17]/[56,17,15] r=-1 lpr=71589 pi=71423-71588/8 crt=71580'1 lcod 0'0 remapped NOTIFY] publish_stats_to_osd -- not primary
2014-12-08 18:14:00.631101 7f28fc345700 20 PGPool::update cached_removed_snaps [] newly_removed_snaps [] snapc 0=[] (no change)
2014-12-08 18:14:00.631101 7f28fcb46700 15 osd.70 pg_epoch: 71589 pg[218.38( v 71581'3 (0'0,71581'3] local-les=71434 n=3 ec=71423 les/c 71434/71434 71587/71589/71425) [56,17]/[56,17,15] r=-1 lpr=71589 pi=71423-71588/8 crt=71580'1 lcod 0'0 remapped NOTIFY] requeue_ops
2014-12-08 18:14:00.631110 7f28fc345700 10 osd.70 pg_epoch: 71587 pg[217.2e( v 71377'4787 (71377'1786,71377'4787] local-les=71436 n=13 ec=71094 les/c 71436/71436 71584/71585/71585) [21,68,16]/[16,68] r=-1 lpr=71585 pi=71435-71584/3 crt=71377'4784 lcod 0'0 remapped NOTIFY] state: Reset advmap
2014-12-08 18:14:00.631122 7f28fc345700 10 osd.70 pg_epoch: 71587 pg[217.2e( v 71377'4787 (71377'1786,71377'4787] local-les=71436 n=13 ec=71094 les/c 71436/71436 71584/71585/71585) [21,68,16]/[16,68] r=-1 lpr=71585 pi=71435-71584/3 crt=71377'4784 lcod 0'0 remapped NOTIFY] _calc_past_interval_range: already have past intervals back to 71436
2014-12-08 18:14:00.631126 7f28fcb46700 10 osd.70 pg_epoch: 71589 pg[218.38( v 71581'3 (0'0,71581'3] local-les=71434 n=3 ec=71423 les/c 71434/71434 71587/71589/71425) [56,17]/[56,17,15] r=-1 lpr=71589 pi=71423-71588/8 crt=71580'1 lcod 0'0 remapped NOTIFY] cancel_copy_ops
2014-12-08 18:14:00.631137 7f28fcb46700 10 osd.70 pg_epoch: 71589 pg[218.38( v 71581'3 (0'0,71581'3] local-les=71434 n=3 ec=71423 les/c 71434/71434 71587/71589/71425) [56,17]/[56,17,15] r=-1 lpr=71589 pi=71423-71588/8 crt=71580'1 lcod 0'0 remapped NOTIFY] cancel_flush_ops
2014-12-08 18:14:00.631136 7f28fc345700 20 osd.70 pg_epoch: 71587 pg[217.2e( v 71377'4787 (71377'1786,71377'4787] local-les=71436 n=13 ec=71094 les/c 71436/71436 71584/71585/71585) [21,68,16]/[16,68] r=-1 lpr=71585 pi=71435-71584/3 crt=71377'4784 lcod 0'0 remapped NOTIFY] new interval newup [68,16] newacting [16,68]
2014-12-08 18:14:00.631147 7f28fc345700 10 osd.70 pg_epoch: 71587 pg[217.2e( v 71377'4787 (71377'1786,71377'4787] local-les=71436 n=13 ec=71094 les/c 71436/71436 71584/71585/71585) [21,68,16]/[16,68] r=-1 lpr=71585 pi=71435-71584/3 crt=71377'4784 lcod 0'0 remapped NOTIFY] state: should restart peering, calling start_peering_interval again
2014-12-08 18:14:00.631149 7f28fcb46700 10 osd.70 pg_epoch: 71589 pg[218.38( v 71581'3 (0'0,71581'3] local-les=71434 n=3 ec=71423 les/c 71434/71434 71587/71589/71425) [56,17]/[56,17,15] r=-1 lpr=71589 pi=71423-71588/8 crt=71580'1 lcod 0'0 remapped NOTIFY] on_change_cleanup
2014-12-08 18:14:00.631159 7f28fc345700 20 osd.70 pg_epoch: 71587 pg[217.2e( v 71377'4787 (71377'1786,71377'4787] local-les=71436 n=13 ec=71094 les/c 71436/71436 71584/71585/71585) [21,68,16]/[16,68] r=-1 lpr=71585 pi=71435-71584/3 crt=71377'4784 lcod 0'0 remapped NOTIFY] set_last_peering_reset 71587
2014-12-08 18:14:00.631160 7f28fcb46700 10 osd.70 pg_epoch: 71589 pg[218.38( v 71581'3 (0'0,71581'3] local-les=71434 n=3 ec=71423 les/c 71434/71434 71587/71589/71425) [56,17]/[56,17,15] r=-1 lpr=71589 pi=71423-71588/8 crt=71580'1 lcod 0'0 remapped NOTIFY] on_change --
2014-12-08 18:14:00.765763 7f2904b56700 10 osd.70 pg_epoch: 71591 pg[19.6e( v 51072'48910307 (50495'48906592,51072'48910307] local-les=51066 n=855 ec=21298 les/c 51101/50495 71591/71591/71591) [70,16,13] r=0 lpr=71591 pi=50489-71590/150 crt=51071'48910301 lcod 0'0 mlcod 0'0 peering] null
2014-12-08 18:14:00.765776 7f28fc345700 10 osd.70 pg_epoch: 71592 pg[218.338( empty local-les=71436 n=0 ec=71423 les/c 71436/71436 71591/71591/71425) [23,63,70]/[23,63,21] r=-1 lpr=71591 pi=71423-71590/8 crt=0'0 remapped NOTIFY] check_recovery_sources no source osds () went down
2014-12-08 18:14:00.765782 7f2904b56700 10 osd.70 pg_epoch: 71591 pg[19.6d( v 71397'33614009 (70963'33611008,71397'33614009] local-les=71439 n=896 ec=21298 les/c 71439/71439 71591/71591/71169) [4,70,69] r=1 lpr=71591 pi=71156-71590/27 crt=71397'33614007 lcod 0'0 inactive NOTIFY] null
2014-12-08 18:14:00.765799 7f28fc345700 10 osd.70 pg_epoch: 71592 pg[218.338( empty local-les=71436 n=0 ec=71423 les/c 71436/71436 71591/71591/71425) [23,63,70]/[23,63,21] r=-1 lpr=71591 pi=71423-71590/8 crt=0'0 remapped NOTIFY] handle_activate_map
2014-12-08 18:14:00.765799 7f2904b56700 10 osd.70 pg_epoch: 71591 pg[218.6c7( v 71581'2 (0'0,71581'2] local-les=71433 n=2 ec=71423 les/c 71433/71433 71591/71591/71587) [70,10,18]/[10,18,76] r=-1 lpr=71591 pi=71432-71590/5 crt=0'0 lcod 0'0 remapped NOTIFY] null
2014-12-08 18:14:00.765816 7f2904b56700 10 osd.70 pg_epoch: 71591 pg[218.6c4( v 71581'3 (0'0,71581'3] local-les=71437 n=3 ec=71423 les/c 71437/71437 71591/71591/71587) [70,76,13]/[76,13,15] r=-1 lpr=71591 pi=71432-71590/5 crt=71580'1 lcod 0'0 remapped NOTIFY] null
2014-12-08 18:14:00.765830 7f28fc345700 10 osd.70 pg_epoch: 71592 pg[218.338( empty local-les=71436 n=0 ec=71423 les/c 71436/71436 71591/71591/71425) [23,63,70]/[23,63,21] r=-1 lpr=71591 pi=71423-71590/8 crt=0'0 remapped NOTIFY] update_heartbeat_peers unchanged
2014-12-08 18:14:00.765834 7f2904b56700 10 osd.70 pg_epoch: 71591 pg[218.562( v 71581'3 (0'0,71581'3] local-les=71437 n=3 ec=71423 les/c 71437/71437 71591/71591/71425) [9,18,70]/[9,18,58] r=-1 lpr=71591 pi=71423-71590/9 crt=71580'1 lcod 0'0 remapped NOTIFY] null
2014-12-08 18:14:00.765842 7f28fc345700 10 osd.70 pg_epoch: 71592 pg[218.338( empty local-les=71436 n=0 ec=71423 les/c 71436/71436 71591/71591/71425) [23,63,70]/[23,63,21] r=-1 lpr=71591 pi=71423-71590/8 crt=0'0 remapped NOTIFY] take_waiters
2014-12-08 18:14:00.765854 7f28fc345700 5 osd.70 pg_epoch: 71592 pg[218.338( empty local-les=71436 n=0 ec=71423 les/c 71436/71436 71591/71591/71425) [23,63,70]/[23,63,21] r=-1 lpr=71591 pi=71423-71590/8 crt=0'0 remapped NOTIFY] exit Reset 0.002027 11 0.001725
2014-12-08 18:14:00.765853 7f2904b56700 10 osd.70 pg_epoch: 71591 pg[218.5e( empty local-les=71435 n=0 ec=71423 les/c 71435/71435 71591/71591/71425) [16,22,70] r=2 lpr=71591 pi=71423-71590/8 crt=0'0 inactive NOTIFY] null
2014-12-08 18:14:00.765868 7f28fc345700 5 osd.70 pg_epoch: 71592 pg[218.338( empty local-les=71436 n=0 ec=71423 les/c 71436/71436 71591/71591/71425) [23,63,70]/[23,63,21] r=-1 lpr=71591 pi=71423-71590/8 crt=0'0 remapped NOTIFY] enter Started
2014-12-08 18:14:00.765872 7f2904b56700 10 osd.70 pg_epoch: 71591 pg[218.5f( v 71580'2 (0'0,71580'2] local-les=71437 n=2 ec=71423 les/c 71437/71437 71591/71591/71587) [70,15,24]/[15,24,9] r=-1 lpr=71591 pi=71432-71590/5 crt=0'0 lcod 0'0 remapped NOTIFY] null
2014-12-08 18:14:00.765879 7f28fc345700 5 osd.70 pg_epoch: 71592 pg[218.338( empty local-les=71436 n=0 ec=71423 les/c 71436/71436 71591/71591/71425) [23,63,70]/[23,63,21] r=-1 lpr=71591 pi=71423-71590/8 crt=0'0 remapped NOTIFY] enter Start
2014-12-08 18:14:00.765889 7f28fc345700 1 osd.70 pg_epoch: 71592 pg[218.338( empty local-les=71436 n=0 ec=71423 les/c 71436/71436 71591/71591/71425) [23,63,70]/[23,63,21] r=-1 lpr=71591 pi=71423-71590/8 crt=0'0 remapped NOTIFY] state: transitioning to Stray
2014-12-08 18:14:00.765890 7f2904b56700 10 osd.70 pg_epoch: 71591 pg[217.235( v 71377'4108 (71377'1107,71377'4108] local-les=71435 n=11 ec=71094 les/c 71435/71435 71591/71591/71589) [78,25,70] r=2 lpr=71591 pi=71094-71590/32 crt=71377'4105 lcod 0'0 inactive NOTIFY] null
2014-12-08 18:14:00.765903 7f28fc345700 5 osd.70 pg_epoch: 71592 pg[218.338( empty local-les=71436 n=0 ec=71423 les/c 71436/71436 71591/71591/71425) [23,63,70]/[23,63,21] r=-1 lpr=71591 pi=71423-71590/8 crt=0'0 remapped NOTIFY] exit Start 0.000024 0 0.000000
2014-12-08 18:14:00.765906 7f2904b56700 10 osd.70 pg_epoch: 71591 pg[218.38e( empty local-les=71437 n=0 ec=71423 les/c 71437/71437 71591/71591/71587) [70,13,3]/[13,3,5] r=-1 lpr=71591 pi=71432-71590/5 crt=0'0 remapped NOTIFY] null
2014-12-08 18:14:00.765917 7f28fc345700 5 osd.70 pg_epoch: 71592 pg[218.338( empty local-les=71436 n=0 ec=71423 les/c 71436/71436 71591/71591/71425) [23,63,70]/[23,63,21] r=-1 lpr=71591 pi=71423-71590/8 crt=0'0 remapped NOTIFY] enter Started/Stray
2014-12-08 18:14:00.765921 7f2904b56700 10 osd.70 pg_epoch: 71591 pg[218.38f( empty local-les=71457 n=0 ec=71423 les/c 71457/71457 71591/71591/71587) [70,23,25]/[23,25,58] r=-1 lpr=71591 pi=71456-71590/4 crt=0'0 remapped NOTIFY] null
2014-12-08 18:14:00.765932 7f28fc345700 20 osd.70 pg_epoch: 71592 pg[218.338( empty local-les=71436 n=0 ec=71423 les/c 71436/71436 71591/71591/71425) [23,63,70]/[23,63,21] r=-1 lpr=71591 pi=71423-71590/8 crt=0'0 remapped NOTIFY] handle_activate_map: Not dirtying info: last_persisted is 71436 while current is 71592 --
2014-12-08 18:14:00.826376 7f2904b56700 20 osd.70 71592 19.6e heartbeat_peers 13,16,70
2014-12-08 18:14:00.826382 7f2904b56700 20 osd.70 71592 19.6d heartbeat_peers
2014-12-08 18:14:00.826384 7f2904b56700 20 osd.70 71592 218.6c7 heartbeat_peers
2014-12-08 18:14:00.826375 7f28fc345700 10 osd.70 pg_epoch: 71590 pg[218.7e8( v 71581'1 (0'0,71581'1] local-les=71438 n=1 ec=71423 les/c 71438/71438 71587/71587/71425) [69,77] r=-1 lpr=71587 pi=71423-71586/7 crt=0'0 lcod 0'0 inactive NOTIFY] _calc_past_interval_range: already have past intervals back to 71438
2014-12-08 18:14:00.831463 7f2904b56700 20 osd.70 71592 218.6c4 heartbeat_peers
2014-12-08 18:14:00.831477 7f2904b56700 20 osd.70 71592 218.562 heartbeat_peers
2014-12-08 18:14:00.826383 7f28fcb46700 10 osd.70 pg_epoch: 71583 pg[216.16e( empty local-les=71434 n=0 ec=70987 les/c 71434/71434 71582/71582/70989) [78,56] r=-1 lpr=71582 pi=71401-71581/5 crt=0'0 inactive NOTIFY] handle_advance_map [78,56,16]/[78,56,16] -- 78/78
2014-12-08 18:14:00.831479 7f2904b56700 20 osd.70 71592 218.5e heartbeat_peers
2014-12-08 18:14:00.831481 7f2904b56700 20 osd.70 71592 218.5f heartbeat_peers
2014-12-08 18:14:00.831482 7f2904b56700 20 osd.70 71592 217.235 heartbeat_peers
2014-12-08 18:14:00.831484 7f2904b56700 20 osd.70 71592 218.38e heartbeat_peers
2014-12-08 18:14:00.831486 7f2904b56700 20 osd.70 71592 218.38f heartbeat_peers
2014-12-08 18:14:00.831487 7f2904b56700 20 osd.70 71592 218.38c heartbeat_peers
2014-12-08 18:14:00.831489 7f2904b56700 20 osd.70 71592 217.51 heartbeat_peers
2014-12-08 18:14:00.831491 7f2904b56700 20 osd.70 71592 216.380 heartbeat_peers
2014-12-08 18:14:00.831493 7f2904b56700 20 osd.70 71592 218.51 heartbeat_peers 66,70,75
2014-12-08 18:14:00.831490 7f28fcb46700 20 PGPool::update cached_removed_snaps [] newly_removed_snaps [] snapc 0=[] (no change)
2014-12-08 18:14:00.831500 7f2904b56700 20 osd.70 71592 218.380 heartbeat_peers
2014-12-08 18:14:00.831501 7f2904b56700 20 osd.70 71592 218.518 heartbeat_peers
2014-12-08 18:14:00.831503 7f2904b56700 20 osd.70 71592 217.22d heartbeat_peers
2014-12-08 18:14:00.831505 7f2904b56700 20 osd.70 71592 216.384 heartbeat_peers --
2014-12-08 18:14:00.833186 7f2904b56700 20 osd.70 71592 _dispatch 0x12f894a0 pg_notify(19.6e(150) epoch 71592) v5
2014-12-08 18:14:00.833184 7f28fcb46700 10 osd.70 pg_epoch: 71585 pg[216.2f8( empty local-les=71437 n=0 ec=70987 les/c 71437/71437 71584/71584/70989) [23,75,9] r=-1 lpr=71584 pi=71401-71583/6 crt=0'0 inactive NOTIFY] _calc_past_interval_range: already have past intervals back to 71437
2014-12-08 18:14:00.833191 7f28fcb46700 10 osd.70 pg_epoch: 71585 pg[216.2f8( empty local-les=71437 n=0 ec=70987 les/c 71437/71437 71584/71584/70989) [23,75,9] r=-1 lpr=71584 pi=71401-71583/6 crt=0'0 inactive NOTIFY] check_recovery_sources no source osds () went down
2014-12-08 18:14:00.833202 7f28fcb46700 10 osd.70 pg_epoch: 71585 pg[216.2f8( empty local-les=71437 n=0 ec=70987 les/c 71437/71437 71584/71584/70989) [23,75,9] r=-1 lpr=71584 pi=71401-71583/6 crt=0'0 inactive NOTIFY] handle_advance_map [23,75,9]/[23,75,9] -- 23/23
2014-12-08 18:14:00.833209 7f28fcb46700 20 PGPool::update cached_removed_snaps [] newly_removed_snaps [] snapc 0=[] (no change)
2014-12-08 18:14:00.833184 7f28fc345700 10 osd.70 pg_epoch: 71584 pg[218.611( empty local-les=71434 n=0 ec=71423 les/c 71434/71434 71584/71584/71425) [22,25,76] r=-1 lpr=71584 pi=71423-71583/6 crt=0'0 inactive NOTIFY] up [22,76] -> [22,25,76], acting [22,76] -> [22,25,76], acting_primary 22 -> 22, up_primary 22 -> 22, role -1 -> -1
2014-12-08 18:14:00.833212 7f2904b56700 7 osd.70 71592 handle_pg_notify from osd.30
2014-12-08 18:14:00.833213 7f2904b56700 15 osd.70 71592 require_same_or_newer_map 71592 (i am 71592) 0x12f894a0
2014-12-08 18:14:00.833211 7f28fcb46700 10 osd.70 pg_epoch: 71586 pg[216.2f8( empty local-les=71437 n=0 ec=70987 les/c 71437/71437 71584/71584/70989) [23,75,9] r=-1 lpr=71584 pi=71401-71583/6 crt=0'0 inactive NOTIFY] state: Reset advmap
2014-12-08 18:14:00.833211 7f28fc345700 10 osd.70 pg_epoch: 71584 pg[218.611( empty local-les=71434 n=0 ec=71423 les/c 71434/71434 71584/71584/71425) [22,25,76] r=-1 lpr=71584 pi=71423-71583/6 crt=0'0 inactive NOTIFY] on_change
2014-12-08 18:14:00.833218 7f28fcb46700 10 osd.70 pg_epoch: 71586 pg[216.2f8( empty local-les=71437 n=0 ec=70987 les/c 71437/71437 71584/71584/70989) [23,75,9] r=-1 lpr=71584 pi=71401-71583/6 crt=0'0 inactive NOTIFY] _calc_past_interval_range: already have past intervals back to 71437
2014-12-08 18:14:00.833222 7f28fc345700 15 osd.70 pg_epoch: 71584 pg[218.611( empty local-les=71434 n=0 ec=71423 les/c 71434/71434 71584/71584/71425) [22,25,76] r=-1 lpr=71584 pi=71423-71583/6 crt=0'0 inactive NOTIFY] publish_stats_to_osd -- not primary
2014-12-08 18:14:00.833231 7f2904b56700 10 osd.70 71592 do_waiters -- start
2014-12-08 18:14:00.833225 7f28fcb46700 10 osd.70 pg_epoch: 71586 pg[216.2f8( empty local-les=71437 n=0 ec=70987 les/c 71437/71437 71584/71584/70989) [23,75,9] r=-1 lpr=71584 pi=71401-71583/6 crt=0'0 inactive NOTIFY] check_recovery_sources no source osds () went down
2014-12-08 18:14:00.833233 7f2904b56700 10 osd.70 71592 do_waiters -- finish
2014-12-08 18:14:00.833234 7f28fc345700 15 osd.70 pg_epoch: 71584 pg[218.611( empty local-les=71434 n=0 ec=71423 les/c 71434/71434 71584/71584/71425) [22,25,76] r=-1 lpr=71584 pi=71423-71583/6 crt=0'0 inactive NOTIFY] requeue_ops
2014-12-08 18:14:00.833240 7f28fcb46700 10 osd.70 pg_epoch: 71586 pg[216.2f8( empty local-les=71437 n=0 ec=70987 les/c 71437/71437 71584/71584/70989) [23,75,9] r=-1 lpr=71584 pi=71401-71583/6 crt=0'0 inactive NOTIFY] handle_advance_map [23,9]/[23,9] -- 23/23
2014-12-08 18:14:00.833248 7f28fcb46700 20 PGPool::update cached_removed_snaps [] newly_removed_snaps [] snapc 0=[] (no change)
2014-12-08 18:14:00.833243 7f28fc345700 10 osd.70 pg_epoch: 71584 pg[218.611( empty local-les=71434 n=0 ec=71423 les/c 71434/71434 71584/71584/71425) [22,25,76] r=-1 lpr=71584 pi=71423-71583/6 crt=0'0 inactive NOTIFY] cancel_copy_ops
2014-12-08 18:14:00.833250 7f28fcb46700 10 osd.70 pg_epoch: 71587 pg[216.2f8( empty local-les=71437 n=0 ec=70987 les/c 71437/71437 71584/71584/70989) [23,75,9] r=-1 lpr=71584 pi=71401-71583/6 crt=0'0 inactive NOTIFY] state: Reset advmap
2014-12-08 18:14:00.833253 7f28fc345700 10 osd.70 pg_epoch: 71584 pg[218.611( empty local-les=71434 n=0 ec=71423 les/c 71434/71434 71584/71584/71425) [22,25,76] r=-1 lpr=71584 pi=71423-71583/6 crt=0'0 inactive NOTIFY] cancel_flush_ops --
2014-12-08 18:14:00.844057 7f2904b56700 20 osd.70 71592 _dispatch 0x12b725a0 pg_notify(19.6e(150) epoch 71592) v5
2014-12-08 18:14:00.844084 7f2904b56700 7 osd.70 71592 handle_pg_notify from osd.4
2014-12-08 18:14:00.844087 7f2904b56700 15 osd.70 71592 require_same_or_newer_map 71592 (i am 71592) 0x12b725a0
2014-12-08 18:14:00.844087 7f28fcb46700 10 osd.70 pg_epoch: 71592 pg[218.452( v 71581'3 (0'0,71581'3] local-les=71450 n=3 ec=71423 les/c 71450/71450 71591/71591/71444) [21,63,70]/[21,63,68] r=-1 lpr=71591 pi=71423-71590/11 crt=71580'1 lcod 0'0 remapped NOTIFY] handle_activate_map
2014-12-08 18:14:00.844115 7f2904b56700 10 osd.70 71592 do_waiters -- start
2014-12-08 18:14:00.844110 7f28fcb46700 10 osd.70 pg_epoch: 71592 pg[218.452( v 71581'3 (0'0,71581'3] local-les=71450 n=3 ec=71423 les/c 71450/71450 71591/71591/71444) [21,63,70]/[21,63,68] r=-1 lpr=71591 pi=71423-71590/11 crt=71580'1 lcod 0'0 remapped NOTIFY] update_heartbeat_peers unchanged
2014-12-08 18:14:00.844118 7f2904b56700 10 osd.70 71592 do_waiters -- finish
2014-12-08 18:14:00.844105 7f28fc345700 10 osd.70 pg_epoch: 71592 pg[218.611( empty local-les=71434 n=0 ec=71423 les/c 71434/71434 71591/71591/71425) [22,70,76]/[22,76,25] r=-1 lpr=71591 pi=71423-71590/9 crt=0'0 remapped NOTIFY] handle_activate_map
2014-12-08 18:14:00.844119 7f28fcb46700 10 osd.70 pg_epoch: 71592 pg[218.452( v 71581'3 (0'0,71581'3] local-les=71450 n=3 ec=71423 les/c 71450/71450 71591/71591/71444) [21,63,70]/[21,63,68] r=-1 lpr=71591 pi=71423-71590/11 crt=71580'1 lcod 0'0 remapped NOTIFY] take_waiters
2014-12-08 18:14:00.844127 7f28fcb46700 5 osd.70 pg_epoch: 71592 pg[218.452( v 71581'3 (0'0,71581'3] local-les=71450 n=3 ec=71423 les/c 71450/71450 71591/71591/71444) [21,63,70]/[21,63,68] r=-1 lpr=71591 pi=71423-71590/11 crt=71580'1 lcod 0'0 remapped NOTIFY] exit Reset 4.191756 13 0.001350
2014-12-08 18:14:00.844138 7f28fcb46700 5 osd.70 pg_epoch: 71592 pg[218.452( v 71581'3 (0'0,71581'3] local-les=71450 n=3 ec=71423 les/c 71450/71450 71591/71591/71444) [21,63,70]/[21,63,68] r=-1 lpr=71591 pi=71423-71590/11 crt=71580'1 lcod 0'0 remapped NOTIFY] enter Started
2014-12-08 18:14:00.844143 7f28fc345700 10 osd.70 pg_epoch: 71592 pg[218.611( empty local-les=71434 n=0 ec=71423 les/c 71434/71434 71591/71591/71425) [22,70,76]/[22,76,25] r=-1 lpr=71591 pi=71423-71590/9 crt=0'0 remapped NOTIFY] update_heartbeat_peers unchanged
2014-12-08 18:14:00.844151 7f28fc345700 10 osd.70 pg_epoch: 71592 pg[218.611( empty local-les=71434 n=0 ec=71423 les/c 71434/71434 71591/71591/71425) [22,70,76]/[22,76,25] r=-1 lpr=71591 pi=71423-71590/9 crt=0'0 remapped NOTIFY] take_waiters
2014-12-08 18:14:00.844149 7f28fcb46700 5 osd.70 pg_epoch: 71592 pg[218.452( v 71581'3 (0'0,71581'3] local-les=71450 n=3 ec=71423 les/c 71450/71450 71591/71591/71444) [21,63,70]/[21,63,68] r=-1 lpr=71591 pi=71423-71590/11 crt=71580'1 lcod 0'0 remapped NOTIFY] enter Start
2014-12-08 18:14:00.844159 7f28fc345700 5 osd.70 pg_epoch: 71592 pg[218.611( empty local-les=71434 n=0 ec=71423 les/c 71434/71434 71591/71591/71425) [22,70,76]/[22,76,25] r=-1 lpr=71591 pi=71423-71590/9 crt=0'0 remapped NOTIFY] exit Reset 0.011528 11 0.011042
2014-12-08 18:14:00.844163 7f28fcb46700 1 osd.70 pg_epoch: 71592 pg[218.452( v 71581'3 (0'0,71581'3] local-les=71450 n=3 ec=71423 les/c 71450/71450 71591/71591/71444) [21,63,70]/[21,63,68] r=-1 lpr=71591 pi=71423-71590/11 crt=71580'1 lcod 0'0 remapped NOTIFY] state: transitioning to Stray
2014-12-08 18:14:00.844174 7f2904b56700 10 osd.70 71592 do_waiters -- start
2014-12-08 18:14:00.844169 7f28fc345700 5 osd.70 pg_epoch: 71592 pg[218.611( empty local-les=71434 n=0 ec=71423 les/c 71434/71434 71591/71591/71425) [22,70,76]/[22,76,25] r=-1 lpr=71591 pi=71423-71590/9 crt=0'0 remapped NOTIFY] enter Started
2014-12-08 18:14:00.844176 7f2904b56700 10 osd.70 71592 do_waiters -- finish
2014-12-08 18:14:00.844178 7f2904b56700 20 osd.70 71592 _dispatch 0x12b79c00 pg_notify(217.bb(5) epoch 71592) v5
2014-12-08 18:14:00.844177 7f28fc345700 5 osd.70 pg_epoch: 71592 pg[218.611( empty local-les=71434 n=0 ec=71423 les/c 71434/71434 71591/71591/71425) [22,70,76]/[22,76,25] r=-1 lpr=71591 pi=71423-71590/9 crt=0'0 remapped NOTIFY] enter Start --
2014-12-08 18:14:00.850061 7f2904b56700 20 osd.70 71592 _dispatch 0x12f80960 pg_notify(217.399(28),19.6e(150) epoch 71592) v5
2014-12-08 18:14:00.850071 7f28fc345700 10 log is not dirty
2014-12-08 18:14:00.850079 7f2904b56700 7 osd.70 71592 handle_pg_notify from osd.58
2014-12-08 18:14:00.850081 7f2904b56700 15 osd.70 71592 require_same_or_newer_map 71592 (i am 71592) 0x12f80960
2014-12-08 18:14:00.850105 7f2904b56700 10 osd.70 71592 do_waiters -- start
2014-12-08 18:14:00.850107 7f2904b56700 10 osd.70 71592 do_waiters -- finish
2014-12-08 18:14:00.850098 7f28fcb46700 10 osd.70 pg_epoch: 71581 pg[217.2fd( v 71377'4110 (71377'1109,71377'4110] local-les=71446 n=14 ec=71094 les/c 71446/71447 71444/71444/71433) [70,10,19] r=0 lpr=71447 crt=71377'4107 lcod 0'0 mlcod 0'0 peering] handle_advance_map [10,19]/[10,19] -- 10/10
2014-12-08 18:14:00.850099 7f28fc345700 10 osd.70 pg_epoch: 71581 pg[218.7b7( v 71581'1 (0'0,71581'1] local-les=71457 n=1 ec=71423 les/c 71457/71457 71456/71456/71425) [58,17,70] r=2 lpr=71581 pi=71423-71455/7 crt=0'0 lcod 0'0 inactive NOTIFY] handle_advance_map [58,17]/[58,17] -- 58/58
2014-12-08 18:14:00.850113 7f28fcb46700 20 PGPool::update cached_removed_snaps [] newly_removed_snaps [] snapc 0=[] (no change)
2014-12-08 18:14:00.850114 7f28fc345700 20 PGPool::update cached_removed_snaps [] newly_removed_snaps [] snapc 0=[] (no change)
2014-12-08 18:14:00.850117 7f28fc345700 10 osd.70 pg_epoch: 71582 pg[218.7b7( v 71581'1 (0'0,71581'1] local-les=71457 n=1 ec=71423 les/c 71457/71457 71456/71456/71425) [58,17,70] r=2 lpr=71581 pi=71423-71455/7 crt=0'0 lcod 0'0 inactive NOTIFY] state: Reset advmap
2014-12-08 18:14:00.850118 7f28fcb46700 10 osd.70 pg_epoch: 71582 pg[217.2fd( v 71377'4110 (71377'1109,71377'4110] local-les=71446 n=14 ec=71094 les/c 71446/71447 71444/71444/71433) [70,10,19] r=0 lpr=71447 crt=71377'4107 lcod 0'0 mlcod 0'0 peering] state: Peering advmap
2014-12-08 18:14:00.850125 7f28fc345700 10 osd.70 pg_epoch: 71582 pg[218.7b7( v 71581'1 (0'0,71581'1] local-les=71457 n=1 ec=71423 les/c 71457/71457 71456/71456/71425) [58,17,70] r=2 lpr=71581 pi=71423-71455/7 crt=0'0 lcod 0'0 inactive NOTIFY] _calc_past_interval_range: already have past intervals back to 71457
