2014-12-08 18:13:57.778295 7f28fcb46700 10 osd.70 pg_epoch: 71581 pg[19.6e( v 51072'48910307 (50495'48906592,51072'48910307] local-les=51066 n=855 ec=21298 les/c 51101/50495 71456/71456/71432) [70,16,13] r=0 lpr=71456 pi=50489-71455/146 crt=51071'48910301 lcod 0'0 mlcod 0'0 peering] PriorSet: build_prior interval(51147-51147 up [11](11) acting [11](11))
2014-12-08 18:13:57.778309 7f28fc345700 10 osd.70 pg_epoch: 71448 pg[217.220( v 71377'4112 (71377'1111,71377'4112] local-les=71434 n=14 ec=71094 les/c 71434/71434 71432/71433/71433) [68,18,70] r=2 lpr=71434 pi=71183-71432/17 crt=71377'4110 lcod 0'0 inactive NOTIFY] state: Reset advmap
2014-12-08 18:13:57.778310 7f28fcb46700 10 osd.70 pg_epoch: 71581 pg[19.6e( v 51072'48910307 (50495'48906592,51072'48910307] local-les=51066 n=855 ec=21298 les/c 51101/50495 71456/71456/71432) [70,16,13] r=0 lpr=71456 pi=50489-71455/146 crt=51071'48910301 lcod 0'0 mlcod 0'0 peering] PriorSet: build_prior interval(51140-51146 up [4,11](4) acting [4,11](4) maybe_went_rw)
2014-12-08 18:13:57.778327 7f28fcb46700 10 osd.70 pg_epoch: 71581 pg[19.6e( v 51072'48910307 (50495'48906592,51072'48910307] local-les=51066 n=855 ec=21298 les/c 51101/50495 71456/71456/71432) [70,16,13] r=0 lpr=71456 pi=50489-71455/146 crt=51071'48910301 lcod 0'0 mlcod 0'0 peering] PriorSet: build_prior interval(51119-51139 up [11,31](11) acting [11,31](11) maybe_went_rw)
2014-12-08 18:13:57.778325 7f28fc345700 10 osd.70 pg_epoch: 71448 pg[217.220( v 71377'4112 (71377'1111,71377'4112] local-les=71434 n=14 ec=71094 les/c 71434/71434 71432/71433/71433) [68,18,70] r=2 lpr=71434 pi=71183-71432/17 crt=71377'4110 lcod 0'0 inactive NOTIFY] _calc_past_interval_range: already have past intervals back to 71434
2014-12-08 18:13:57.778338 7f28fcb46700 10 osd.70 pg_epoch: 71581 pg[19.6e( v 51072'48910307 (50495'48906592,51072'48910307] local-les=51066 n=855 ec=21298 les/c 51101/50495 71456/71456/71432) [70,16,13] r=0 lpr=71456 pi=50489-71455/146 crt=51071'48910301 lcod 0'0 mlcod 0'0 peering] PriorSet: build_prior interval(51100-51118 up [11,31](11) acting [0](0) maybe_went_rw)
2014-12-08 18:13:57.778340 7f28fc345700 10 osd.70 pg_epoch: 71448 pg[217.220( v 71377'4112 (71377'1111,71377'4112] local-les=71434 n=14 ec=71094 les/c 71434/71434 71432/71433/71433) [68,18,70] r=2 lpr=71434 pi=71183-71432/17 crt=71377'4110 lcod 0'0 inactive NOTIFY] check_recovery_sources no source osds () went down
2014-12-08 18:13:57.778349 7f28fcb46700 10 osd.70 pg_epoch: 71581 pg[19.6e( v 51072'48910307 (50495'48906592,51072'48910307] local-les=51066 n=855 ec=21298 les/c 51101/50495 71456/71456/71432) [70,16,13] r=0 lpr=71456 pi=50489-71455/146 crt=51071'48910301 lcod 0'0 mlcod 0'0 peering] PriorSet: build_prior interval(51073-51099 up [11,31](11) acting [11,31](11) maybe_went_rw)
2014-12-08 18:13:57.778367 7f28fc345700 10 osd.70 pg_epoch: 71448 pg[217.220( v 71377'4112 (71377'1111,71377'4112] local-les=71434 n=14 ec=71094 les/c 71434/71434 71432/71433/71433) [68,18,70] r=2 lpr=71434 pi=71183-71432/17 crt=71377'4110 lcod 0'0 inactive NOTIFY] handle_advance_map [68,18,70]/[68,18,70] -- 68/68
2014-12-08 18:13:57.778374 7f28fcb46700 10 osd.70 pg_epoch: 71581 pg[19.6e( v 51072'48910307 (50495'48906592,51072'48910307] local-les=51066 n=855 ec=21298 les/c 51101/50495 71456/71456/71432) [70,16,13] r=0 lpr=71456 pi=50489-71455/146 crt=51071'48910301 lcod 0'0 mlcod 0'0 peering] PriorSet: build_prior final: probe 0,4,11,13,16,20,30,31,56,58,59,63,70,76 down blocked_by {}
2014-12-08 18:13:57.778388 7f28fc345700 20 PGPool::update cached_removed_snaps [] newly_removed_snaps [] snapc 0=[] (no change)
2014-12-08 18:13:57.778387 7f28fcb46700 10 osd.70 pg_epoch: 71581 pg[19.6e( v 51072'48910307 (50495'48906592,51072'48910307] local-les=51066 n=855 ec=21298 les/c 51101/50495 71456/71456/71432) [70,16,13] r=0 lpr=71456 pi=50489-71455/146 crt=51071'48910301 lcod 0'0 mlcod 0'0 peering] up_thru 71491 >= same_since 71456, all is well
2014-12-08 18:13:57.778397 7f28fcb46700 10 osd.70 pg_epoch: 71581 pg[19.6e( v 51072'48910307 (50495'48906592,51072'48910307] local-les=51066 n=855 ec=21298 les/c 51101/50495 71456/71456/71432) [70,16,13] r=0 lpr=71456 pi=50489-71455/146 crt=51071'48910301 lcod 0'0 mlcod 0'0 peering] state: querying info from osd.0
2014-12-08 18:13:57.778392 7f28fc345700 10 osd.70 pg_epoch: 71449 pg[217.220( v 71377'4112 (71377'1111,71377'4112] local-les=71434 n=14 ec=71094 les/c 71434/71434 71432/71433/71433) [68,18,70] r=2 lpr=71434 pi=71183-71432/17 crt=71377'4110 lcod 0'0 inactive NOTIFY] state: Reset advmap
2014-12-08 18:13:57.778409 7f28fcb46700 10 osd.70 pg_epoch: 71581 pg[19.6e( v 51072'48910307 (50495'48906592,51072'48910307] local-les=51066 n=855 ec=21298 les/c 51101/50495 71456/71456/71432) [70,16,13] r=0 lpr=71456 pi=50489-71455/146 crt=51071'48910301 lcod 0'0 mlcod 0'0 peering] state: querying info from osd.4
2014-12-08 18:13:57.778411 7f28fc345700 10 osd.70 pg_epoch: 71449 pg[217.220( v 71377'4112 (71377'1111,71377'4112] local-les=71434 n=14 ec=71094 les/c 71434/71434 71432/71433/71433) [68,18,70] r=2 lpr=71434 pi=71183-71432/17 crt=71377'4110 lcod 0'0 inactive NOTIFY] _calc_past_interval_range: already have past intervals back to 71434
2014-12-08 18:13:57.778419 7f28fcb46700 10 osd.70 pg_epoch: 71581 pg[19.6e( v 51072'48910307 (50495'48906592,51072'48910307] local-les=51066 n=855 ec=21298 les/c 51101/50495 71456/71456/71432) [70,16,13] r=0 lpr=71456 pi=50489-71455/146 crt=51071'48910301 lcod 0'0 mlcod 0'0 peering] state: querying info from osd.11
2014-12-08 18:13:57.778428 7f28fcb46700 10 osd.70 pg_epoch: 71581 pg[19.6e( v 51072'48910307 (50495'48906592,51072'48910307] local-les=51066 n=855 ec=21298 les/c 51101/50495 71456/71456/71432) [70,16,13] r=0 lpr=71456 pi=50489-71455/146 crt=51071'48910301 lcod 0'0 mlcod 0'0 peering] state: querying info from osd.13
2014-12-08 18:13:57.778436 7f28fcb46700 10 osd.70 pg_epoch: 71581 pg[19.6e( v 51072'48910307 (50495'48906592,51072'48910307] local-les=51066 n=855 ec=21298 les/c 51101/50495 71456/71456/71432) [70,16,13] r=0 lpr=71456 pi=50489-71455/146 crt=51071'48910301 lcod 0'0 mlcod 0'0 peering] state: querying info from osd.16
2014-12-08 18:13:57.778445 7f28fcb46700 10 osd.70 pg_epoch: 71581 pg[19.6e( v 51072'48910307 (50495'48906592,51072'48910307] local-les=51066 n=855 ec=21298 les/c 51101/50495 71456/71456/71432) [70,16,13] r=0 lpr=71456 pi=50489-71455/146 crt=51071'48910301 lcod 0'0 mlcod 0'0 peering] state: querying info from osd.20
2014-12-08 18:13:57.778428 7f28fc345700 10 osd.70 pg_epoch: 71449 pg[217.220( v 71377'4112 (71377'1111,71377'4112] local-les=71434 n=14 ec=71094 les/c 71434/71434 71432/71433/71433) [68,18,70] r=2 lpr=71434 pi=71183-71432/17 crt=71377'4110 lcod 0'0 inactive NOTIFY] check_recovery_sources no source osds () went down
2014-12-08 18:13:57.778456 7f28fcb46700 10 osd.70 pg_epoch: 71581 pg[19.6e( v 51072'48910307 (50495'48906592,51072'48910307] local-les=51066 n=855 ec=21298 les/c 51101/50495 71456/71456/71432) [70,16,13] r=0 lpr=71456 pi=50489-71455/146 crt=51071'48910301 lcod 0'0 mlcod 0'0 peering] state: querying info from osd.30
2014-12-08 18:13:57.778463 7f28fcb46700 10 osd.70 pg_epoch: 71581 pg[19.6e( v 51072'48910307 (50495'48906592,51072'48910307] local-les=51066 n=855 ec=21298 les/c 51101/50495 71456/71456/71432) [70,16,13] r=0 lpr=71456 pi=50489-71455/146 crt=51071'48910301 lcod 0'0 mlcod 0'0 peering] state: querying info from osd.31
2014-12-08 18:13:57.778469 7f28fc345700 10 osd.70 pg_epoch: 71449 pg[217.220( v 71377'4112 (71377'1111,71377'4112] local-les=71434 n=14 ec=71094 les/c 71434/71434 71432/71433/71433) [68,18,70] r=2 lpr=71434 pi=71183-71432/17 crt=71377'4110 lcod 0'0 inactive NOTIFY] handle_advance_map [68,18,70]/[68,18,70] -- 68/68
2014-12-08 18:13:57.778473 7f28fcb46700 10 osd.70 pg_epoch: 71581 pg[19.6e( v 51072'48910307 (50495'48906592,51072'48910307] local-les=51066 n=855 ec=21298 les/c 51101/50495 71456/71456/71432) [70,16,13] r=0 lpr=71456 pi=50489-71455/146 crt=51071'48910301 lcod 0'0 mlcod 0'0 peering] state: querying info from osd.56
2014-12-08 18:13:57.778482 7f28fc345700 20 PGPool::update cached_removed_snaps [] newly_removed_snaps [] snapc 0=[] (no change)
2014-12-08 18:13:57.778483 7f28fcb46700 10 osd.70 pg_epoch: 71581 pg[19.6e( v 51072'48910307 (50495'48906592,51072'48910307] local-les=51066 n=855 ec=21298 les/c 51101/50495 71456/71456/71432) [70,16,13] r=0 lpr=71456 pi=50489-71455/146 crt=51071'48910301 lcod 0'0 mlcod 0'0 peering] state: querying info from osd.58
2014-12-08 18:13:57.778485 7f28fc345700 10 osd.70 pg_epoch: 71450 pg[217.220( v 71377'4112 (71377'1111,71377'4112] local-les=71434 n=14 ec=71094 les/c 71434/71434 71432/71433/71433) [68,18,70] r=2 lpr=71434 pi=71183-71432/17 crt=71377'4110 lcod 0'0 inactive NOTIFY] state: Reset advmap
2014-12-08 18:13:57.778493 7f28fcb46700 10 osd.70 pg_epoch: 71581 pg[19.6e( v 51072'48910307 (50495'48906592,51072'48910307] local-les=51066 n=855 ec=21298 les/c 51101/50495 71456/71456/71432) [70,16,13] r=0 lpr=71456 pi=50489-71455/146 crt=51071'48910301 lcod 0'0 mlcod 0'0 peering] state: querying info from osd.59
2014-12-08 18:13:57.778494 7f28fc345700 10 osd.70 pg_epoch: 71450 pg[217.220( v 71377'4112 (71377'1111,71377'4112] local-les=71434 n=14 ec=71094 les/c 71434/71434 71432/71433/71433) [68,18,70] r=2 lpr=71434 pi=71183-71432/17 crt=71377'4110 lcod 0'0 inactive NOTIFY] _calc_past_interval_range: already have past intervals back to 71434
2014-12-08 18:13:57.778503 7f28fcb46700 10 osd.70 pg_epoch: 71581 pg[19.6e( v 51072'48910307 (50495'48906592,51072'48910307] local-les=51066 n=855 ec=21298 les/c 51101/50495 71456/71456/71432) [70,16,13] r=0 lpr=71456 pi=50489-71455/146 crt=51071'48910301 lcod 0'0 mlcod 0'0 peering] state: querying info from osd.63
2014-12-08 18:13:57.778504 7f28fc345700 10 osd.70 pg_epoch: 71450 pg[217.220( v 71377'4112 (71377'1111,71377'4112] local-les=71434 n=14 ec=71094 les/c 71434/71434 71432/71433/71433) [68,18,70] r=2 lpr=71434 pi=71183-71432/17 crt=71377'4110 lcod 0'0 inactive NOTIFY] check_recovery_sources no source osds () went down
2014-12-08 18:13:57.778513 7f28fcb46700 10 osd.70 pg_epoch: 71581 pg[19.6e( v 51072'48910307 (50495'48906592,51072'48910307] local-les=51066 n=855 ec=21298 les/c 51101/50495 71456/71456/71432) [70,16,13] r=0 lpr=71456 pi=50489-71455/146 crt=51071'48910301 lcod 0'0 mlcod 0'0 peering] state: querying info from osd.76
2014-12-08 18:13:57.778520 7f28fc345700 10 osd.70 pg_epoch: 71450 pg[217.220( v 71377'4112 (71377'1111,71377'4112] local-les=71434 n=14 ec=71094 les/c 71434/71434 71432/71433/71433) [68,18,70] r=2 lpr=71434 pi=71183-71432/17 crt=71377'4110 lcod 0'0 inactive NOTIFY] handle_advance_map [68,18,70]/[68,18,70] -- 68/68
2014-12-08 18:13:57.778531 7f28fc345700 20 PGPool::update cached_removed_snaps [] newly_removed_snaps [] snapc 0=[] (no change)
2014-12-08 18:13:57.778523 7f28fcb46700 15 osd.70 pg_epoch: 71581 pg[19.6e( v 51072'48910307 (50495'48906592,51072'48910307] local-les=51066 n=855 ec=21298 les/c 51101/50495 71456/71456/71432) [70,16,13] r=0 lpr=71456 pi=50489-71455/146 crt=51071'48910301 lcod 0'0 mlcod 0'0 peering] publish_stats_to_osd 71581:63844727
2014-12-08 18:13:57.778533 7f28fc345700 10 osd.70 pg_epoch: 71451 pg[217.220( v 71377'4112 (71377'1111,71377'4112] local-les=71434 n=14 ec=71094 les/c 71434/71434 71432/71433/71433) [68,18,70] r=2 lpr=71434 pi=71183-71432/17 crt=71377'4110 lcod 0'0 inactive NOTIFY] state: Reset advmap
2014-12-08 18:13:57.778536 7f28fcb46700 20 osd.70 pg_epoch: 71581 pg[19.6e( v 51072'48910307 (50495'48906592,51072'48910307] local-les=51066 n=855 ec=21298 les/c 51101/50495 71456/71456/71432) [70,16,13] r=0 lpr=71456 pi=50489-71455/146 crt=51071'48910301 lcod 0'0 mlcod 0'0 peering] handle_activate_map: Not dirtying info: last_persisted is 71456 while current is 71581
2014-12-08 18:13:57.778543 7f28fc345700 10 osd.70 pg_epoch: 71451 pg[217.220( v 71377'4112 (71377'1111,71377'4112] local-les=71434 n=14 ec=71094 les/c 71434/71434 71432/71433/71433) [68,18,70] r=2 lpr=71434 pi=71183-71432/17 crt=71377'4110 lcod 0'0 inactive NOTIFY] _calc_past_interval_range: already have past intervals back to 71434
2014-12-08 18:13:57.778548 7f28fcb46700 10 osd.70 pg_epoch: 71581 pg[19.6e( v 51072'48910307 (50495'48906592,51072'48910307] local-les=51066 n=855 ec=21298 les/c 51101/50495 71456/71456/71432) [70,16,13] r=0 lpr=71456 pi=50489-71455/146 crt=51071'48910301 lcod 0'0 mlcod 0'0 peering] handle_peering_event: epoch_sent: 71581 epoch_requested: 71581 NullEvt
2014-12-08 18:13:57.778554 7f28fc345700 10 osd.70 pg_epoch: 71451 pg[217.220( v 71377'4112 (71377'1111,71377'4112] local-les=71434 n=14 ec=71094 les/c 71434/71434 71432/71433/71433) [68,18,70] r=2 lpr=71434 pi=71183-71432/17 crt=71377'4110 lcod 0'0 inactive NOTIFY] check_recovery_sources no source osds () went down
2014-12-08 18:13:57.778563 7f28fcb46700 10 write_log with: dirty_to: 0'0, dirty_from: 4294967295'18446744073709551615, dirty_divergent_priors: 0, writeout_from: 4294967295'18446744073709551615, trimmed:
2014-12-08 18:13:57.778570 7f28fc345700 10 osd.70 pg_epoch: 71451 pg[217.220( v 71377'4112 (71377'1111,71377'4112] local-les=71434 n=14 ec=71094 les/c 71434/71434 71432/71433/71433) [68,18,70] r=2 lpr=71434 pi=71183-71432/17 crt=71377'4110 lcod 0'0 inactive NOTIFY] handle_advance_map [68,18,70]/[68,18,70] -- 68/68
2014-12-08 18:13:57.778579 7f28fc345700 20 PGPool::update cached_removed_snaps [] newly_removed_snaps [] snapc 0=[] (no change)
2014-12-08 18:13:57.778584 7f28fc345700 10 osd.70 pg_epoch: 71452 pg[217.220( v 71377'4112 (71377'1111,71377'4112] local-les=71434 n=14 ec=71094 les/c 71434/71434 71432/71433/71433) [68,18,70] r=2 lpr=71434 pi=71183-71432/17 crt=71377'4110 lcod 0'0 inactive NOTIFY] state: Reset advmap
2014-12-08 18:13:57.778590 7f28fc345700 10 osd.70 pg_epoch: 71452 pg[217.220( v 71377'4112 (71377'1111,71377'4112] local-les=71434 n=14 ec=71094 les/c 71434/71434 71432/71433/71433) [68,18,70] r=2 lpr=71434 pi=71183-71432/17 crt=71377'4110 lcod 0'0 inactive NOTIFY] _calc_past_interval_range: already have past intervals back to 71434
2014-12-08 18:13:57.778599 7f28fc345700 10 osd.70 pg_epoch: 71452 pg[217.220( v 71377'4112 (71377'1111,71377'4112] local-les=71434 n=14 ec=71094 les/c 71434/71434 71432/71433/71433) [68,18,70] r=2 lpr=71434 pi=71183-71432/17 crt=71377'4110 lcod 0'0 inactive NOTIFY] check_recovery_sources no source osds () went down
2014-12-08 18:13:57.778617 7f28fc345700 10 osd.70 pg_epoch: 71452 pg[217.220( v 71377'4112 (71377'1111,71377'4112] local-les=71434 n=14 ec=71094 les/c 71434/71434 71432/71433/71433) [68,18,70] r=2 lpr=71434 pi=71183-71432/17 crt=71377'4110 lcod 0'0 inactive NOTIFY] handle_advance_map [68,18,70]/[68,18,70] -- 68/68
2014-12-08 18:13:57.778629 7f28fc345700 20 PGPool::update cached_removed_snaps [] newly_removed_snaps [] snapc 0=[] (no change)
2014-12-08 18:13:57.778631 7f28fc345700 10 osd.70 pg_epoch: 71453 pg[217.220( v 71377'4112 (71377'1111,71377'4112] local-les=71434 n=14 ec=71094 les/c 71434/71434 71432/71433/71433) [68,18,70] r=2 lpr=71434 pi=71183-71432/17 crt=71377'4110 lcod 0'0 inactive NOTIFY] state: Reset advmap
2014-12-08 18:13:57.778638 7f28fc345700 10 osd.70 pg_epoch: 71453 pg[217.220( v 71377'4112 (71377'1111,71377'4112] local-les=71434 n=14 ec=71094 les/c 71434/71434 71432/71433/71433) [68,18,70] r=2 lpr=71434 pi=71183-71432/17 crt=71377'4110 lcod 0'0 inactive NOTIFY] _calc_past_interval_range: already have past intervals back to 71434
2014-12-08 18:13:57.778644 7f28fc345700 10 osd.70 pg_epoch: 71453 pg[217.220( v 71377'4112 (71377'1111,71377'4112] local-les=71434 n=14 ec=71094 les/c 71434/71434 71432/71433/71433) [68,18,70] r=2 lpr=71434 pi=71183-71432/17 crt=71377'4110 lcod 0'0 inactive NOTIFY] check_recovery_sources no source osds () went down
2014-12-08 18:13:57.778660 7f28fc345700 10 osd.70 pg_epoch: 71453 pg[217.220( v 71377'4112 (71377'1111,71377'4112] local-les=71434 n=14 ec=71094 les/c 71434/71434 71432/71433/71433) [68,18,70] r=2 lpr=71434 pi=71183-71432/17 crt=71377'4110 lcod 0'0 inactive NOTIFY] handle_advance_map [68,18,70]/[68,18,70] -- 68/68
2014-12-08 18:13:57.778658 7f28fcb46700 10 osd.70 pg_epoch: 71439 pg[19.6d( v 71397'33614009 (70963'33611008,71397'33614009] local-les=71439 n=896 ec=21298 les/c 71439/71439 71432/71438/71169) [4,70,69] r=1 lpr=71439 pi=71156-71437/22 crt=71397'33614007 lcod 0'0 inactive NOTIFY] handle_advance_map [4,70,69]/[4,70,69] -- 4/4
2014-12-08 18:13:57.778671 7f28fc345700 20 PGPool::update cached_removed_snaps [] newly_removed_snaps [] snapc 0=[] (no change)
2014-12-08 18:13:57.778678 7f28fcb46700 20 PGPool::update cached_removed_snaps [1~1] newly_removed_snaps [] snapc 2=[] (no change)
2014-12-08 18:13:57.778678 7f28fc345700 10 osd.70 pg_epoch: 71454 pg[217.220( v 71377'4112 (71377'1111,71377'4112] local-les=71434 n=14 ec=71094 les/c 71434/71434 71432/71433/71433) [68,18,70] r=2 lpr=71434 pi=71183-71432/17 crt=71377'4110 lcod 0'0 inactive NOTIFY] state: Reset advmap
2014-12-08 18:13:57.778683 7f28fcb46700 10 osd.70 pg_epoch: 71440 pg[19.6d( v 71397'33614009 (70963'33611008,71397'33614009] local-les=71439 n=896 ec=21298 les/c 71439/71439 71432/71438/71169) [4,70,69] r=1 lpr=71439 pi=71156-71437/22 crt=71397'33614007 lcod 0'0 inactive NOTIFY] state: Reset advmap
2014-12-08 18:13:57.778688 7f28fc345700 10 osd.70 pg_epoch: 71454 pg[217.220( v 71377'4112 (71377'1111,71377'4112] local-les=71434 n=14 ec=71094 les/c 71434/71434 71432/71433/71433) [68,18,70] r=2 lpr=71434 pi=71183-71432/17 crt=71377'4110 lcod 0'0 inactive NOTIFY] _calc_past_interval_range: already have past intervals back to 71434
2014-12-08 18:13:57.778698 7f28fc345700 10 osd.70 pg_epoch: 71454 pg[217.220( v 71377'4112 (71377'1111,71377'4112] local-les=71434 n=14 ec=71094 les/c 71434/71434 71432/71433/71433) [68,18,70] r=2 lpr=71434 pi=71183-71432/17 crt=71377'4110 lcod 0'0 inactive NOTIFY] check_recovery_sources no source osds () went down --
2014-12-08 18:13:59.777307 7f2904b56700 10 osd.70 pg_epoch: 71581 pg[19.6e( v 51072'48910307 (50495'48906592,51072'48910307] local-les=51066 n=855 ec=21298 les/c 51101/50495 71456/71456/71432) [70,16,13] r=0 lpr=71456 pi=50489-71455/146 crt=51071'48910301 lcod 0'0 mlcod 0'0 peering] null
2014-12-08 18:13:59.777328 7f2904b56700 10 osd.70 pg_epoch: 71581 pg[19.6d( v 71397'33614009 (70963'33611008,71397'33614009] local-les=71439 n=896 ec=21298 les/c 71439/71439 71432/71438/71169) [4,70,69] r=1 lpr=71439 pi=71156-71437/22 crt=71397'33614007 lcod 0'0 inactive NOTIFY] null
2014-12-08 18:13:59.777350 7f2904b56700 10 osd.70 pg_epoch: 71581 pg[218.6c7( v 71581'2 (0'0,71581'2] local-les=71433 n=2 ec=71423 les/c 71433/71433 71432/71432/71432) [70,10,18] r=0 lpr=71581 crt=0'0 lcod 0'0 mlcod 0'0 inactive] null
2014-12-08 18:13:59.777368 7f2904b56700 10 osd.70 pg_epoch: 71581 pg[218.6c4( v 71581'3 (0'0,71581'3] local-les=71437 n=3 ec=71423 les/c 71437/71437 71432/71432/71432) [70,76,13] r=0 lpr=71581 crt=71580'1 lcod 0'0 mlcod 0'0 inactive] null
2014-12-08 18:13:59.777384 7f2904b56700 10 osd.70 pg_epoch: 71581 pg[218.562( v 71581'3 (0'0,71581'3] local-les=71437 n=3 ec=71423 les/c 71437/71437 71432/71432/71425) [9,18,70] r=2 lpr=71581 pi=71423-71431/4 crt=71580'1 lcod 0'0 inactive NOTIFY] null
2014-12-08 18:13:59.777409 7f2904b56700 10 osd.70 pg_epoch: 71581 pg[218.5e( empty local-les=71435 n=0 ec=71423 les/c 71435/71435 71432/71432/71425) [16,22,70] r=2 lpr=71435 pi=71423-71431/4 crt=0'0 inactive NOTIFY] null
2014-12-08 18:13:59.777425 7f2904b56700 10 osd.70 pg_epoch: 71581 pg[218.5f( v 71580'2 (0'0,71580'2] local-les=71437 n=2 ec=71423 les/c 71437/71437 71432/71432/71432) [70,15,24] r=0 lpr=71580 crt=0'0 lcod 0'0 mlcod 0'0 peering] null
2014-12-08 18:13:59.777444 7f2904b56700 10 osd.70 pg_epoch: 71581 pg[217.235( v 71377'4108 (71377'1107,71377'4108] local-les=71435 n=11 ec=71094 les/c 71435/71435 71432/71434/71434) [78,25,70] r=2 lpr=71435 pi=71094-71433/26 crt=71377'4105 lcod 0'0 inactive NOTIFY] null
2014-12-08 18:13:59.777462 7f2904b56700 10 osd.70 pg_epoch: 71581 pg[218.38e( empty local-les=71437 n=0 ec=71423 les/c 71437/71437 71432/71432/71432) [70,13,3] r=0 lpr=71437 crt=0'0 mlcod 0'0 peering] null
2014-12-08 18:13:59.777478 7f2904b56700 10 osd.70 pg_epoch: 71581 pg[218.38f( empty local-les=71457 n=0 ec=71423 les/c 71457/71457 71456/71456/71432) [70,23,25] r=0 lpr=71457 crt=0'0 mlcod 0'0 peering] null
2014-12-08 18:13:59.777496 7f2904b56700 10 osd.70 pg_epoch: 71581 pg[218.38c( empty local-les=71448 n=0 ec=71423 les/c 71448/71448 71444/71444/71444) [9,18,70] r=2 lpr=71448 pi=71423-71443/6 crt=0'0 inactive NOTIFY] null
2014-12-08 18:13:59.777513 7f2904b56700 10 osd.70 pg_epoch: 71581 pg[217.51( v 71377'4117 (71377'1116,71377'4117] local-les=71435 n=16 ec=71094 les/c 71435/71435 71432/71434/71096) [75,17,70] r=2 lpr=71435 pi=71183-71433/16 crt=71377'4114 lcod 0'0 inactive NOTIFY] null
2014-12-08 18:13:59.777532 7f2904b56700 10 osd.70 pg_epoch: 71581 pg[216.380( v 70990'233 (0'0,70990'233] local-les=71447 n=112 ec=70987 les/c 71447/71453 71444/71444/71444) [17,70,7] r=1 lpr=71453 pi=70987-71443/26 crt=70990'231 lcod 0'0 inactive NOTIFY] null
2014-12-08 18:13:59.777551 7f2904b56700 10 osd.70 pg_epoch: 71581 pg[218.51( v 71581'3 (0'0,71581'3] local-les=71433 n=3 ec=71423 les/c 71433/71434 71432/71432/71432) [70,66,75] r=0 lpr=71581 crt=71580'1 lcod 0'0 mlcod 0'0 inactive] null
2014-12-08 18:13:59.777567 7f2904b56700 10 osd.70 pg_epoch: 71581 pg[218.380( empty local-les=71450 n=0 ec=71423 les/c 71450/71450 71444/71444/71425) [18,21,70] r=2 lpr=71450 pi=71423-71443/6 crt=0'0 inactive NOTIFY] null
2014-12-08 18:13:59.777582 7f2904b56700 10 osd.70 pg_epoch: 71581 pg[218.518( v 71581'1 (0'0,71581'1] local-les=71433 n=1 ec=71423 les/c 71433/71433 71432/71432/71432) [68,6,70] r=2 lpr=71581 pi=71423-71431/4 crt=0'0 lcod 0'0 inactive NOTIFY] null
2014-12-08 18:13:59.777599 7f2904b56700 10 osd.70 pg_epoch: 71581 pg[217.22d( v 71377'4107 (71377'1106,71377'4107] local-les=71437 n=8 ec=71094 les/c 71437/71437 71432/71436/71436) [63,70,1] r=1 lpr=71437 pi=71094-71435/26 crt=71377'4104 lcod 0'0 inactive NOTIFY] null
2014-12-08 18:13:59.777616 7f2904b56700 10 osd.70 pg_epoch: 71581 pg[216.384( v 70990'209 (0'0,70990'209] local-les=71435 n=101 ec=70987 les/c 71435/71435 71432/71432/71432) [77,22,70] r=2 lpr=71435 pi=70987-71431/22 crt=70990'207 lcod 0'0 inactive NOTIFY] null
2014-12-08 18:13:59.777633 7f2904b56700 10 osd.70 pg_epoch: 71581 pg[216.22f( v 71097'207 (0'0,71097'207] local-les=71450 n=99 ec=70987 les/c 71450/71450 71444/71444/71432) [70,6,21] r=0 lpr=71450 crt=71097'205 lcod 0'0 mlcod 0'0 peering] null
2014-12-08 18:13:59.777650 7f2904b56700 10 osd.70 pg_epoch: 71581 pg[218.4b( v 71581'2 (0'0,71581'2] local-les=71448 n=2 ec=71423 les/c 71448/71453 71444/71444/71425) [18,17,70] r=2 lpr=71581 pi=71423-71443/6 crt=0'0 lcod 0'0 inactive NOTIFY] null
2014-12-08 18:13:59.777667 7f2904b56700 10 osd.70 pg_epoch: 71581 pg[217.220( v 71377'4112 (71377'1111,71377'4112] local-les=71434 n=14 ec=71094 les/c 71434/71434 71432/71433/71433) [68,18,70] r=2 lpr=71434 pi=71183-71432/17 crt=71377'4110 lcod 0'0 inactive NOTIFY] null --
2014-12-08 18:14:00.274128 7f2904b56700 20 osd.70 71591 19.6e heartbeat_peers 13,16,70
2014-12-08 18:14:00.274134 7f28fcb46700 10 log is not dirty
2014-12-08 18:14:00.274130 7f28fc345700 10 osd.70 pg_epoch: 71582 pg[216.ee( empty local-les=71437 n=0 ec=70987 les/c 71437/71437 71432/71432/70989) [9,8,70] r=2 lpr=71582 pi=71401-71431/4 crt=0'0 inactive NOTIFY] state: should restart peering, calling start_peering_interval again
2014-12-08 18:14:00.274137 7f28fc345700 20 osd.70 pg_epoch: 71582 pg[216.ee( empty local-les=71437 n=0 ec=70987 les/c 71437/71437 71432/71432/70989) [9,8,70] r=2 lpr=71582 pi=71401-71431/4 crt=0'0 inactive NOTIFY] set_last_peering_reset 71582
2014-12-08 18:14:00.274154 7f28fc345700 10 osd.70 pg_epoch: 71582 pg[216.ee( empty local-les=71437 n=0 ec=70987 les/c 71437/71437 71432/71432/70989) [9,8] r=-1 lpr=71582 pi=71401-71581/5 crt=0'0 inactive NOTIFY] start_peering_interval: check_new_interval output: generate_past_intervals interval(71432-71581 up [9,8,70](9) acting [9,8,70](9)): not rw, up_thru 71514 up_from 69689 last_epoch_clean 71437 generate_past_intervals interval(71432-71581 up [9,8,70](9) acting [9,8,70](9) maybe_went_rw) : primary up 69689-71514 includes interval
2014-12-08 18:14:00.274159 7f28fcb46700 10 osd.70 pg_epoch: 71581 pg[19.5a( v 71397'49665417 (50495'49662416,71397'49665417] local-les=71434 n=896 ec=21298 les/c 71434/71434 71432/71433/71433) [70,20,21] r=0 lpr=71434 crt=71397'49665415 lcod 0'0 mlcod 0'0 peering] handle_advance_map [20,21]/[20,21] -- 20/20
2014-12-08 18:14:00.274170 7f28fc345700 10 osd.70 pg_epoch: 71582 pg[216.ee( empty local-les=71437 n=0 ec=70987 les/c 71437/71437 71432/71432/70989) [9,8] r=-1 lpr=71582 pi=71401-71581/5 crt=0'0 inactive NOTIFY] noting past interval(71432-71581 up [9,8,70](9) acting [9,8,70](9) maybe_went_rw)
2014-12-08 18:14:00.274179 7f28fcb46700 20 PGPool::update cached_removed_snaps [1~1] newly_removed_snaps [] snapc 2=[] (no change)
2014-12-08 18:14:00.274177 7f28fc345700 10 osd.70 pg_epoch: 71582 pg[216.ee( empty local-les=71437 n=0 ec=70987 les/c 71437/71437 71582/71582/70989) [9,8] r=-1 lpr=71582 pi=71401-71581/5 crt=0'0 inactive NOTIFY] up [9,8,70] -> [9,8], acting [9,8,70] -> [9,8], acting_primary 9 -> 9, up_primary 9 -> 9, role 2 -> -1
2014-12-08 18:14:00.274184 7f28fc345700 10 osd.70 pg_epoch: 71582 pg[216.ee( empty local-les=71437 n=0 ec=70987 les/c 71437/71437 71582/71582/70989) [9,8] r=-1 lpr=71582 pi=71401-71581/5 crt=0'0 inactive NOTIFY] on_change
2014-12-08 18:14:00.274190 7f28fc345700 15 osd.70 pg_epoch: 71582 pg[216.ee( empty local-les=71437 n=0 ec=70987 les/c 71437/71437 71582/71582/70989) [9,8] r=-1 lpr=71582 pi=71401-71581/5 crt=0'0 inactive NOTIFY] publish_stats_to_osd -- not primary
2014-12-08 18:14:00.274189 7f2904b56700 10 osd.70 71591 _add_heartbeat_peer: new peer osd.0 172.16.10.102:6990/4210 172.16.10.102:6991/4210
2014-12-08 18:14:00.274185 7f28fcb46700 10 osd.70 pg_epoch: 71582 pg[19.5a( v 71397'49665417 (50495'49662416,71397'49665417] local-les=71434 n=896 ec=21298 les/c 71434/71434 71432/71433/71433) [70,20,21] r=0 lpr=71434 crt=71397'49665415 lcod 0'0 mlcod 0'0 peering] state: Peering advmap
2014-12-08 18:14:00.274197 7f28fc345700 15 osd.70 pg_epoch: 71582 pg[216.ee( empty local-les=71437 n=0 ec=70987 les/c 71437/71437 71582/71582/70989) [9,8] r=-1 lpr=71582 pi=71401-71581/5 crt=0'0 inactive NOTIFY] requeue_ops
2014-12-08 18:14:00.274204 7f28fc345700 10 osd.70 pg_epoch: 71582 pg[216.ee( empty local-les=71437 n=0 ec=70987 les/c 71437/71437 71582/71582/70989) [9,8] r=-1 lpr=71582 pi=71401-71581/5 crt=0'0 inactive NOTIFY] cancel_copy_ops
2014-12-08 18:14:00.274204 7f28fcb46700 10 osd.70 pg_epoch: 71582 pg[19.5a( v 71397'49665417 (50495'49662416,71397'49665417] local-les=71434 n=896 ec=21298 les/c 71434/71434 71432/71433/71433) [70,20,21] r=0 lpr=71434 crt=71397'49665415 lcod 0'0 mlcod 0'0 peering] PriorSet: affected_by_map osd.70 now down
2014-12-08 18:14:00.274209 7f28fc345700 10 osd.70 pg_epoch: 71582 pg[216.ee( empty local-les=71437 n=0 ec=70987 les/c 71437/71437 71582/71582/70989) [9,8] r=-1 lpr=71582 pi=71401-71581/5 crt=0'0 inactive NOTIFY] cancel_flush_ops
2014-12-08 18:14:00.274215 7f28fc345700 10 osd.70 pg_epoch: 71582 pg[216.ee( empty local-les=71437 n=0 ec=70987 les/c 71437/71437 71582/71582/70989) [9,8] r=-1 lpr=71582 pi=71401-71581/5 crt=0'0 inactive NOTIFY] on_change_cleanup
2014-12-08 18:14:00.274212 7f28fcb46700 1 osd.70 pg_epoch: 71582 pg[19.5a( v 71397'49665417 (50495'49662416,71397'49665417] local-les=71434 n=896 ec=21298 les/c 71434/71434 71432/71433/71433) [70,20,21] r=0 lpr=71434 crt=71397'49665415 lcod 0'0 mlcod 0'0 peering] state: Peering, affected_by_map, going to Reset --
2014-12-08 18:14:00.295754 7f2904b56700 20 osd.70 71591 _dispatch 0x12ca5860 pg_notify(19.6e(150) epoch 71591) v5
2014-12-08 18:14:00.295751 7f28fcb46700 10 osd.70 pg_epoch: 71587 pg[216.269( v 71097'270 (0'0,71097'270] local-les=71449 n=128 ec=70987 les/c 71449/71449 71587/71587/70989) [75,9] r=-1 lpr=71587 pi=70987-71586/29 crt=71097'268 lcod 0'0 inactive NOTIFY] on_change
2014-12-08 18:14:00.295756 7f28fc345700 10 osd.70 pg_epoch: 71591 pg[217.246( v 71377'15269 (71377'12268,71377'15269] local-les=71451 n=13 ec=71094 les/c 71451/71451 71591/71591/71591) [70,21,3] r=0 lpr=71591 pi=71450-71590/6 crt=71377'15266 lcod 0'0 mlcod 0'0 peering] PriorSet: build_prior interval(71587-71589 up [21,3](21) acting [3,21](3) maybe_went_rw)
2014-12-08 18:14:00.295765 7f28fcb46700 15 osd.70 pg_epoch: 71587 pg[216.269( v 71097'270 (0'0,71097'270] local-les=71449 n=128 ec=70987 les/c 71449/71449 71587/71587/70989) [75,9] r=-1 lpr=71587 pi=70987-71586/29 crt=71097'268 lcod 0'0 inactive NOTIFY] publish_stats_to_osd -- not primary
2014-12-08 18:14:00.295780 7f28fcb46700 15 osd.70 pg_epoch: 71587 pg[216.269( v 71097'270 (0'0,71097'270] local-les=71449 n=128 ec=70987 les/c 71449/71449 71587/71587/70989) [75,9] r=-1 lpr=71587 pi=70987-71586/29 crt=71097'268 lcod 0'0 inactive NOTIFY] requeue_ops
2014-12-08 18:14:00.295774 7f28fc345700 10 osd.70 pg_epoch: 71591 pg[217.246( v 71377'15269 (71377'12268,71377'15269] local-les=71451 n=13 ec=71094 les/c 71451/71451 71591/71591/71591) [70,21,3] r=0 lpr=71591 pi=71450-71590/6 crt=71377'15266 lcod 0'0 mlcod 0'0 peering] PriorSet: build_prior interval(71585-71586 up [23,21,3](23) acting [3,21](3) maybe_went_rw)
2014-12-08 18:14:00.295793 7f28fcb46700 10 osd.70 pg_epoch: 71587 pg[216.269( v 71097'270 (0'0,71097'270] local-les=71449 n=128 ec=70987 les/c 71449/71449 71587/71587/70989) [75,9] r=-1 lpr=71587 pi=70987-71586/29 crt=71097'268 lcod 0'0 inactive NOTIFY] cancel_copy_ops
2014-12-08 18:14:00.295807 7f2904b56700 7 osd.70 71591 handle_pg_notify from osd.58
2014-12-08 18:14:00.295810 7f2904b56700 15 osd.70 71591 require_same_or_newer_map 71591 (i am 71591) 0x12ca5860
2014-12-08 18:14:00.295803 7f28fc345700 10 osd.70 pg_epoch: 71591 pg[217.246( v 71377'15269 (71377'12268,71377'15269] local-les=71451 n=13 ec=71094 les/c 71451/71451 71591/71591/71591) [70,21,3] r=0 lpr=71591 pi=71450-71590/6 crt=71377'15266 lcod 0'0 mlcod 0'0 peering] PriorSet: build_prior interval(71584-71584 up [23,21,3](23) acting [23,21,3](23))
2014-12-08 18:14:00.295808 7f28fcb46700 10 osd.70 pg_epoch: 71587 pg[216.269( v 71097'270 (0'0,71097'270] local-les=71449 n=128 ec=70987 les/c 71449/71449 71587/71587/70989) [75,9] r=-1 lpr=71587 pi=70987-71586/29 crt=71097'268 lcod 0'0 inactive NOTIFY] cancel_flush_ops
2014-12-08 18:14:00.295819 7f28fc345700 10 osd.70 pg_epoch: 71591 pg[217.246( v 71377'15269 (71377'12268,71377'15269] local-les=71451 n=13 ec=71094 les/c 71451/71451 71591/71591/71591) [70,21,3] r=0 lpr=71591 pi=71450-71590/6 crt=71377'15266 lcod 0'0 mlcod 0'0 peering] PriorSet: build_prior interval(71582-71583 up [21,3](21) acting [21,3](21) maybe_went_rw)
2014-12-08 18:14:00.295825 7f28fcb46700 10 osd.70 pg_epoch: 71587 pg[216.269( v 71097'270 (0'0,71097'270] local-les=71449 n=128 ec=70987 les/c 71449/71449 71587/71587/70989) [75,9] r=-1 lpr=71587 pi=70987-71586/29 crt=71097'268 lcod 0'0 inactive NOTIFY] on_change_cleanup
2014-12-08 18:14:00.295845 7f2904b56700 10 osd.70 71591 do_waiters -- start
2014-12-08 18:14:00.295848 7f2904b56700 10 osd.70 71591 do_waiters -- finish
2014-12-08 18:14:00.295836 7f28fc345700 10 osd.70 pg_epoch: 71591 pg[217.246( v 71377'15269 (71377'12268,71377'15269] local-les=71451 n=13 ec=71094 les/c 71451/71451 71591/71591/71591) [70,21,3] r=0 lpr=71591 pi=71450-71590/6 crt=71377'15266 lcod 0'0 mlcod 0'0 peering] PriorSet: build_prior interval(71450-71581 up [70,21,3](70) acting [70,21,3](70) maybe_went_rw)
2014-12-08 18:14:00.295843 7f28fcb46700 10 osd.70 pg_epoch: 71587 pg[216.269( v 71097'270 (0'0,71097'270] local-les=71449 n=128 ec=70987 les/c 71449/71449 71587/71587/70989) [75,9] r=-1 lpr=71587 pi=70987-71586/29 crt=71097'268 lcod 0'0 inactive NOTIFY] on_change
2014-12-08 18:14:00.295864 7f2904b56700 10 osd.70 71591 do_waiters -- start
2014-12-08 18:14:00.295853 7f28fc345700 10 osd.70 pg_epoch: 71591 pg[217.246( v 71377'15269 (71377'12268,71377'15269] local-les=71451 n=13 ec=71094 les/c 71451/71451 71591/71591/71591) [70,21,3] r=0 lpr=71591 pi=71450-71590/6 crt=71377'15266 lcod 0'0 mlcod 0'0 peering] PriorSet: build_prior final: probe 3,21,70 down blocked_by {}
2014-12-08 18:14:00.295867 7f2904b56700 10 osd.70 71591 do_waiters -- finish
2014-12-08 18:14:00.295873 7f2904b56700 20 osd.70 71591 _dispatch 0x12c70760 pg_notify(19.71(23) epoch 71591) v5 --
2014-12-08 18:14:00.305095 7f2904b56700 20 osd.70 71591 _dispatch 0x12ca5680 pg_notify(19.6e(150) epoch 71591) v5
2014-12-08 18:14:00.305095 7f28fcb46700 20 osd.70 pg_epoch: 71582 pg[19.5e( v 71422'34705118 (70963'34702116,71422'34705118] local-les=71436 n=884 ec=21298 les/c 71436/71436 71432/71435/69765) [3,16,70] r=2 lpr=71436 pi=69698-71434/36 crt=71397'34705115 lcod 0'0 inactive NOTIFY] set_last_peering_reset 71582
2014-12-08 18:14:00.305110 7f28fcb46700 10 osd.70 pg_epoch: 71582 pg[19.5e( v 71422'34705118 (70963'34702116,71422'34705118] local-les=71436 n=884 ec=21298 les/c 71436/71436 71432/71435/69765) [3,16,70] r=2 lpr=71582 pi=69698-71434/36 crt=71397'34705115 lcod 0'0 inactive NOTIFY] Clearing blocked outgoing recovery messages
2014-12-08 18:14:00.305137 7f2904b56700 7 osd.70 71591 handle_pg_notify from osd.30
2014-12-08 18:14:00.305140 7f2904b56700 15 osd.70 71591 require_same_or_newer_map 71591 (i am 71591) 0x12ca5680
2014-12-08 18:14:00.305129 7f28fcb46700 10 osd.70 pg_epoch: 71582 pg[19.5e( v 71422'34705118 (70963'34702116,71422'34705118] local-les=71436 n=884 ec=21298 les/c 71436/71436 71432/71435/69765) [3,16,70] r=2 lpr=71582 pi=69698-71434/36 crt=71397'34705115 lcod 0'0 inactive NOTIFY] Not blocking outgoing recovery messages
2014-12-08 18:14:00.305144 7f28fcb46700 10 osd.70 pg_epoch: 71582 pg[19.5e( v 71422'34705118 (70963'34702116,71422'34705118] local-les=71436 n=884 ec=21298 les/c 71436/71436 71432/71435/69765) [3,16,70] r=2 lpr=71582 pi=69698-71434/36 crt=71397'34705115 lcod 0'0 inactive NOTIFY] state: Reset advmap
2014-12-08 18:14:00.305159 7f28fcb46700 10 osd.70 pg_epoch: 71582 pg[19.5e( v 71422'34705118 (70963'34702116,71422'34705118] local-les=71436 n=884 ec=21298 les/c 71436/71436 71432/71435/69765) [3,16,70] r=2 lpr=71582 pi=69698-71434/36 crt=71397'34705115 lcod 0'0 inactive NOTIFY] _calc_past_interval_range: already have past intervals back to 71436
2014-12-08 18:14:00.305171 7f28fcb46700 20 osd.70 pg_epoch: 71582 pg[19.5e( v 71422'34705118 (70963'34702116,71422'34705118] local-les=71436 n=884 ec=21298 les/c 71436/71436 71432/71435/69765) [3,16,70] r=2 lpr=71582 pi=69698-71434/36 crt=71397'34705115 lcod 0'0 inactive NOTIFY] new interval newup [3,16] newacting [3,16]
2014-12-08 18:14:00.305181 7f2904b56700 10 osd.70 71591 do_waiters -- start
2014-12-08 18:14:00.305184 7f2904b56700 10 osd.70 71591 do_waiters -- finish
2014-12-08 18:14:00.305183 7f28fcb46700 10 osd.70 pg_epoch: 71582 pg[19.5e( v 71422'34705118 (70963'34702116,71422'34705118] local-les=71436 n=884 ec=21298 les/c 71436/71436 71432/71435/69765) [3,16,70] r=2 lpr=71582 pi=69698-71434/36 crt=71397'34705115 lcod 0'0 inactive NOTIFY] state: should restart peering, calling start_peering_interval again
2014-12-08 18:14:00.305206 7f2904b56700 10 osd.70 71591 do_waiters -- start
2014-12-08 18:14:00.305208 7f2904b56700 10 osd.70 71591 do_waiters -- finish
2014-12-08 18:14:00.305195 7f28fcb46700 20 osd.70 pg_epoch: 71582 pg[19.5e( v 71422'34705118 (70963'34702116,71422'34705118] local-les=71436 n=884 ec=21298 les/c 71436/71436 71432/71435/69765) [3,16,70] r=2 lpr=71582 pi=69698-71434/36 crt=71397'34705115 lcod 0'0 inactive NOTIFY] set_last_peering_reset 71582
2014-12-08 18:14:00.305209 7f2904b56700 20 osd.70 71591 _dispatch 0x12b75840 pg_notify(19.30(68),218.3dd(7) epoch 71591) v5
2014-12-08 18:14:00.305236 7f2904b56700 7 osd.70 71591 handle_pg_notify from osd.8
2014-12-08 18:14:00.305239 7f2904b56700 15 osd.70 71591 require_same_or_newer_map 71591 (i am 71591) 0x12b75840
2014-12-08 18:14:00.305225 7f28fcb46700 10 osd.70 pg_epoch: 71582 pg[19.5e( v 71422'34705118 (70963'34702116,71422'34705118] local-les=71436 n=884 ec=21298 les/c 71436/71436 71432/71435/69765) [3,16] r=-1 lpr=71582 pi=69698-71581/37 crt=71397'34705115 lcod 0'0 inactive NOTIFY] start_peering_interval: check_new_interval output: generate_past_intervals interval(71435-71581 up [3,16,70](3) acting [3,16,70](3)): not rw, up_thru 71503 up_from 69692 last_epoch_clean 71436 generate_past_intervals interval(71435-71581 up [3,16,70](3) acting [3,16,70](3) maybe_went_rw) : primary up 69692-71503 includes interval --
2014-12-08 18:14:00.306751 7f2904b56700 20 osd.70 71591 _dispatch 0x12c70b20 pg_notify(19.6e(150) epoch 71591) v5
2014-12-08 18:14:00.306752 7f28fcb46700 10 osd.70 pg_epoch: 71591 pg[19.5e( v 71422'34705118 (70963'34702116,71422'34705118] local-les=71436 n=884 ec=21298 les/c 71436/71436 71591/71591/69765) [3,16,70] r=2 lpr=71591 pi=69698-71590/41 crt=71397'34705115 lcod 0'0 inactive NOTIFY] handle_activate_map
2014-12-08 18:14:00.306785 7f2904b56700 7 osd.70 71591 handle_pg_notify from osd.76
2014-12-08 18:14:00.306787 7f2904b56700 15 osd.70 71591 require_same_or_newer_map 71591 (i am 71591) 0x12c70b20
2014-12-08 18:14:00.306813 7f2904b56700 10 osd.70 71591 do_waiters -- start
2014-12-08 18:14:00.306816 7f2904b56700 10 osd.70 71591 do_waiters -- finish
2014-12-08 18:14:00.306841 7f28fcb46700 10 osd.70 pg_epoch: 71591 pg[19.5e( v 71422'34705118 (70963'34702116,71422'34705118] local-les=71436 n=884 ec=21298 les/c 71436/71436 71591/71591/69765) [3,16,70] r=2 lpr=71591 pi=69698-71590/41 crt=71397'34705115 lcod 0'0 inactive NOTIFY] update_heartbeat_peers unchanged
2014-12-08 18:14:00.306849 7f28fcb46700 10 osd.70 pg_epoch: 71591 pg[19.5e( v 71422'34705118 (70963'34702116,71422'34705118] local-les=71436 n=884 ec=21298 les/c 71436/71436 71591/71591/69765) [3,16,70] r=2 lpr=71591 pi=69698-71590/41 crt=71397'34705115 lcod 0'0 inactive NOTIFY] take_waiters
2014-12-08 18:14:00.306857 7f28fcb46700 5 osd.70 pg_epoch: 71591 pg[19.5e( v 71422'34705118 (70963'34702116,71422'34705118] local-les=71436 n=884 ec=21298 les/c 71436/71436 71591/71591/69765) [3,16,70] r=2 lpr=71591 pi=69698-71590/41 crt=71397'34705115 lcod 0'0 inactive NOTIFY] exit Reset 0.001776 10 0.001505
2014-12-08 18:14:00.306868 7f2904b56700 10 osd.70 71591 do_waiters -- start
2014-12-08 18:14:00.306871 7f2904b56700 10 osd.70 71591 do_waiters -- finish
2014-12-08 18:14:00.306873 7f2904b56700 20 osd.70 71591 _dispatch 0x12cd1a40 pg_query(218.4d epoch 71591) v3
2014-12-08 18:14:00.306868 7f28fcb46700 5 osd.70 pg_epoch: 71591 pg[19.5e( v 71422'34705118 (70963'34702116,71422'34705118] local-les=71436 n=884 ec=21298 les/c 71436/71436 71591/71591/69765) [3,16,70] r=2 lpr=71591 pi=69698-71590/41 crt=71397'34705115 lcod 0'0 inactive NOTIFY] enter Started
2014-12-08 18:14:00.306879 7f28fcb46700 5 osd.70 pg_epoch: 71591 pg[19.5e( v 71422'34705118 (70963'34702116,71422'34705118] local-les=71436 n=884 ec=21298 les/c 71436/71436 71591/71591/69765) [3,16,70] r=2 lpr=71591 pi=69698-71590/41 crt=71397'34705115 lcod 0'0 inactive NOTIFY] enter Start
2014-12-08 18:14:00.306888 7f28fcb46700 1 osd.70 pg_epoch: 71591 pg[19.5e( v 71422'34705118 (70963'34702116,71422'34705118] local-les=71436 n=884 ec=21298 les/c 71436/71436 71591/71591/69765) [3,16,70] r=2 lpr=71591 pi=69698-71590/41 crt=71397'34705115 lcod 0'0 inactive NOTIFY] state: transitioning to Stray
2014-12-08 18:14:00.306896 7f28fcb46700 5 osd.70 pg_epoch: 71591 pg[19.5e( v 71422'34705118 (70963'34702116,71422'34705118] local-les=71436 n=884 ec=21298 les/c 71436/71436 71591/71591/69765) [3,16,70] r=2 lpr=71591 pi=69698-71590/41 crt=71397'34705115 lcod 0'0 inactive NOTIFY] exit Start 0.000017 0 0.000000
2014-12-08 18:14:00.306907 7f28fcb46700 5 osd.70 pg_epoch: 71591 pg[19.5e( v 71422'34705118 (70963'34702116,71422'34705118] local-les=71436 n=884 ec=21298 les/c 71436/71436 71591/71591/69765) [3,16,70] r=2 lpr=71591 pi=69698-71590/41 crt=71397'34705115 lcod 0'0 inactive NOTIFY] enter Started/Stray
2014-12-08 18:14:00.306919 7f28fcb46700 20 osd.70 pg_epoch: 71591 pg[19.5e( v 71422'34705118 (70963'34702116,71422'34705118] local-les=71436 n=884 ec=21298 les/c 71436/71436 71591/71591/69765) [3,16,70] r=2 lpr=71591 pi=69698-71590/41 crt=71397'34705115 lcod 0'0 inactive NOTIFY] handle_activate_map: Not dirtying info: last_persisted is 71436 while current is 71591
2014-12-08 18:14:00.306927 7f28fcb46700 10 osd.70 pg_epoch: 71591 pg[19.5e( v 71422'34705118 (70963'34702116,71422'34705118] local-les=71436 n=884 ec=21298 les/c 71436/71436 71591/71591/69765) [3,16,70] r=2 lpr=71591 pi=69698-71590/41 crt=71397'34705115 lcod 0'0 inactive NOTIFY] handle_peering_event: epoch_sent: 71591 epoch_requested: 71591 NullEvt
2014-12-08 18:14:00.306976 7f28fcb46700 10 log is not dirty
2014-12-08 18:14:00.307009 7f28fcb46700 10 osd.70 pg_epoch: 71581 pg[216.3c4( v 71097'219 (0'0,71097'219] local-les=71437 n=102 ec=70987 les/c 71437/71438 71432/71432/71432) [70,69,77] r=0 lpr=71438 crt=71097'219 lcod 0'0 mlcod 0'0 peering] handle_advance_map [69,77]/[69,77] -- 69/69 --
2014-12-08 18:14:00.308550 7f2904b56700 20 osd.70 71591 _dispatch 0x12c6e1e0 pg_notify(19.6e(150) epoch 71591) v5
2014-12-08 18:14:00.308547 7f28fcb46700 10 osd.70 pg_epoch: 71591 pg[216.3c4( v 71097'219 (0'0,71097'219] local-les=71437 n=102 ec=70987 les/c 71437/71438 71591/71591/71591) [70,69,77] r=0 lpr=71591 pi=71432-71590/4 crt=71097'219 lcod 0'0 mlcod 0'0 inactive NOTIFY] on_change_cleanup
2014-12-08 18:14:00.308555 7f28fcb46700 10 osd.70 pg_epoch: 71591 pg[216.3c4( v 71097'219 (0'0,71097'219] local-les=71437 n=102 ec=70987 les/c 71437/71438 71591/71591/71591) [70,69,77] r=0 lpr=71591 pi=71432-71590/4 crt=71097'219 lcod 0'0 mlcod 0'0 inactive NOTIFY] on_change
2014-12-08 18:14:00.308566 7f28fcb46700 20 osd.70 pg_epoch: 71591 pg[216.3c4( v 71097'219 (0'0,71097'219] local-les=71437 n=102 ec=70987 les/c 71437/71438 71591/71591/71591) [70,69,77] r=0 lpr=71591 pi=71432-71590/4 crt=71097'219 lcod 0'0 mlcod 0'0 inactive NOTIFY] exit NotTrimming
2014-12-08 18:14:00.308586 7f2904b56700 7 osd.70 71591 handle_pg_notify from osd.4
2014-12-08 18:14:00.308580 7f28fcb46700 20 osd.70 pg_epoch: 71591 pg[216.3c4( v 71097'219 (0'0,71097'219] local-les=71437 n=102 ec=70987 les/c 71437/71438 71591/71591/71591) [70,69,77] r=0 lpr=71591 pi=71432-71590/4 crt=71097'219 lcod 0'0 mlcod 0'0 inactive NOTIFY] enter NotTrimming
2014-12-08 18:14:00.308589 7f2904b56700 15 osd.70 71591 require_same_or_newer_map 71591 (i am 71591) 0x12c6e1e0
2014-12-08 18:14:00.308590 7f28fcb46700 15 osd.70 pg_epoch: 71591 pg[216.3c4( v 71097'219 (0'0,71097'219] local-les=71437 n=102 ec=70987 les/c 71437/71438 71591/71591/71591) [70,69,77] r=0 lpr=71591 pi=71432-71590/4 crt=71097'219 lcod 0'0 mlcod 0'0 inactive] clear_stats
2014-12-08 18:14:00.308599 7f28fcb46700 15 osd.70 pg_epoch: 71591 pg[216.3c4( v 71097'219 (0'0,71097'219] local-les=71437 n=102 ec=70987 les/c 71437/71438 71591/71591/71591) [70,69,77] r=0 lpr=71591 pi=71432-71590/4 crt=71097'219 lcod 0'0 mlcod 0'0 inactive] requeue_ops
2014-12-08 18:14:00.308607 7f28fcb46700 10 osd.70 pg_epoch: 71591 pg[216.3c4( v 71097'219 (0'0,71097'219] local-les=71437 n=102 ec=70987 les/c 71437/71438 71591/71591/71591) [70,69,77] r=0 lpr=71591 pi=71432-71590/4 crt=71097'219 lcod 0'0 mlcod 0'0 inactive] on_role_change
2014-12-08 18:14:00.308615 7f28fcb46700 15 osd.70 pg_epoch: 71591 pg[216.3c4( v 71097'219 (0'0,71097'219] local-les=71437 n=102 ec=70987 les/c 71437/71438 71591/71591/71591) [70,69,77] r=0 lpr=71591 pi=71432-71590/4 crt=71097'219 lcod 0'0 mlcod 0'0 inactive] requeue_ops
2014-12-08 18:14:00.308627 7f2904b56700 10 osd.70 71591 do_waiters -- start
2014-12-08 18:14:00.308623 7f28fcb46700 10 osd.70 pg_epoch: 71591 pg[216.3c4( v 71097'219 (0'0,71097'219] local-les=71437 n=102 ec=70987 les/c 71437/71438 71591/71591/71591) [70,69,77] r=0 lpr=71591 pi=71432-71590/4 crt=71097'219 lcod 0'0 mlcod 0'0 inactive] cancel_recovery
2014-12-08 18:14:00.308630 7f2904b56700 10 osd.70 71591 do_waiters -- finish
2014-12-08 18:14:00.308631 7f28fcb46700 10 osd.70 pg_epoch: 71591 pg[216.3c4( v 71097'219 (0'0,71097'219] local-les=71437 n=102 ec=70987 les/c 71437/71438 71591/71591/71591) [70,69,77] r=0 lpr=71591 pi=71432-71590/4 crt=71097'219 lcod 0'0 mlcod 0'0 inactive] clear_recovery_state
2014-12-08 18:14:00.308640 7f28fcb46700 10 osd.70 pg_epoch: 71591 pg[216.3c4( v 71097'219 (0'0,71097'219] local-les=71437 n=102 ec=70987 les/c 71437/71438 71591/71591/71591) [70,69,77] r=0 lpr=71591 pi=71432-71590/4 crt=71097'219 lcod 0'0 mlcod 0'0 inactive] check_recovery_sources no source osds () went down
2014-12-08 18:14:00.308647 7f2904b56700 10 osd.70 71591 do_waiters -- start
2014-12-08 18:14:00.308649 7f2904b56700 10 osd.70 71591 do_waiters -- finish
2014-12-08 18:14:00.308651 7f2904b56700 20 osd.70 71591 _dispatch 0x12cd0960 pg_notify(216.25e(17) epoch 71591) v5
2014-12-08 18:14:00.308653 7f28fcb46700 10 osd.70 pg_epoch: 71591 pg[216.3c4( v 71097'219 (0'0,71097'219] local-les=71437 n=102 ec=70987 les/c 71437/71438 71591/71591/71591) [70,69,77] r=0 lpr=71591 pi=71432-71590/4 crt=71097'219 lcod 0'0 mlcod 0'0 inactive] handle_activate_map
2014-12-08 18:14:00.308663 7f28fcb46700 10 osd.70 pg_epoch: 71591 pg[216.3c4( v 71097'219 (0'0,71097'219] local-les=71437 n=102 ec=70987 les/c 71437/71438 71591/71591/71591) [70,69,77] r=0 lpr=71591 pi=71432-71590/4 crt=71097'219 lcod 0'0 mlcod 0'0 inactive] update_heartbeat_peers 69,70,77 unchanged --
2014-12-08 18:14:00.328661 7f2904b56700 20 osd.70 71591 _dispatch 0x12ead840 pg_notify(19.6e(150) epoch 71591) v5
2014-12-08 18:14:00.328659 7f28fcb46700 10 osd.70 pg_epoch: 71581 pg[218.553( empty local-les=71435 n=0 ec=71423 les/c 71435/71435 71432/71432/71425) [17,70,63] r=1 lpr=71435 pi=71423-71431/4 crt=0'0 inactive NOTIFY] handle_advance_map [17,63]/[17,63] -- 17/17
2014-12-08 18:14:00.328683 7f2904b56700 7 osd.70 71591 handle_pg_notify from osd.16
2014-12-08 18:14:00.328669 7f28fc345700 10 osd.70 pg_epoch: 71591 pg[218.5ad( empty local-les=71448 n=0 ec=71423 les/c 71448/71449 71591/71591/71444) [7,70,13]/[7,13,8] r=-1 lpr=71591 pi=71423-71590/10 crt=0'0 remapped NOTIFY] update_heartbeat_peers unchanged
2014-12-08 18:14:00.328685 7f2904b56700 15 osd.70 71591 require_same_or_newer_map 71591 (i am 71591) 0x12ead840
2014-12-08 18:14:00.328688 7f28fcb46700 20 PGPool::update cached_removed_snaps [] newly_removed_snaps [] snapc 0=[] (no change)
2014-12-08 18:14:00.328686 7f28fc345700 10 osd.70 pg_epoch: 71591 pg[218.5ad( empty local-les=71448 n=0 ec=71423 les/c 71448/71449 71591/71591/71444) [7,70,13]/[7,13,8] r=-1 lpr=71591 pi=71423-71590/10 crt=0'0 remapped NOTIFY] take_waiters
2014-12-08 18:14:00.328696 7f28fcb46700 10 osd.70 pg_epoch: 71582 pg[218.553( empty local-les=71435 n=0 ec=71423 les/c 71435/71435 71432/71432/71425) [17,70,63] r=1 lpr=71435 pi=71423-71431/4 crt=0'0 inactive NOTIFY] state: Started advmap
2014-12-08 18:14:00.328700 7f28fc345700 5 osd.70 pg_epoch: 71591 pg[218.5ad( empty local-les=71448 n=0 ec=71423 les/c 71448/71449 71591/71591/71444) [7,70,13]/[7,13,8] r=-1 lpr=71591 pi=71423-71590/10 crt=0'0 remapped NOTIFY] exit Reset 0.007551 10 0.007242
2014-12-08 18:14:00.328709 7f28fcb46700 20 osd.70 pg_epoch: 71582 pg[218.553( empty local-les=71435 n=0 ec=71423 les/c 71435/71435 71432/71432/71425) [17,70,63] r=1 lpr=71435 pi=71423-71431/4 crt=0'0 inactive NOTIFY] new interval newup [17,63] newacting [17,63]
2014-12-08 18:14:00.328718 7f28fc345700 5 osd.70 pg_epoch: 71591 pg[218.5ad( empty local-les=71448 n=0 ec=71423 les/c 71448/71449 71591/71591/71444) [7,70,13]/[7,13,8] r=-1 lpr=71591 pi=71423-71590/10 crt=0'0 remapped NOTIFY] enter Started
2014-12-08 18:14:00.328727 7f2904b56700 10 osd.70 71591 do_waiters -- start
2014-12-08 18:14:00.328729 7f2904b56700 10 osd.70 71591 do_waiters -- finish
2014-12-08 18:14:00.328722 7f28fcb46700 10 osd.70 pg_epoch: 71582 pg[218.553( empty local-les=71435 n=0 ec=71423 les/c 71435/71435 71432/71432/71425) [17,70,63] r=1 lpr=71435 pi=71423-71431/4 crt=0'0 inactive NOTIFY] state: should_restart_peering, transitioning to Reset
2014-12-08 18:14:00.328727 7f28fc345700 5 osd.70 pg_epoch: 71591 pg[218.5ad( empty local-les=71448 n=0 ec=71423 les/c 71448/71449 71591/71591/71444) [7,70,13]/[7,13,8] r=-1 lpr=71591 pi=71423-71590/10 crt=0'0 remapped NOTIFY] enter Start
2014-12-08 18:14:00.328739 7f28fcb46700 5 osd.70 pg_epoch: 71582 pg[218.553( empty local-les=71435 n=0 ec=71423 les/c 71435/71435 71432/71432/71425) [17,70,63] r=1 lpr=71435 pi=71423-71431/4 crt=0'0 inactive NOTIFY] exit Started/Stray 2.915548 3 0.000091
2014-12-08 18:14:00.328760 7f28fcb46700 5 osd.70 pg_epoch: 71582 pg[218.553( empty local-les=71435 n=0 ec=71423 les/c 71435/71435 71432/71432/71425) [17,70,63] r=1 lpr=71435 pi=71423-71431/4 crt=0'0 inactive NOTIFY] exit Started 2.915599 0 0.000000
2014-12-08 18:14:00.328773 7f28fcb46700 5 osd.70 pg_epoch: 71582 pg[218.553( empty local-les=71435 n=0 ec=71423 les/c 71435/71435 71432/71432/71425) [17,70,63] r=1 lpr=71435 pi=71423-71431/4 crt=0'0 inactive NOTIFY] enter Reset
2014-12-08 18:14:00.328745 7f28fc345700 1 osd.70 pg_epoch: 71591 pg[218.5ad( empty local-les=71448 n=0 ec=71423 les/c 71448/71449 71591/71591/71444) [7,70,13]/[7,13,8] r=-1 lpr=71591 pi=71423-71590/10 crt=0'0 remapped NOTIFY] state: transitioning to Stray
2014-12-08 18:14:00.328794 7f2904b56700 10 osd.70 71591 do_waiters -- start
2014-12-08 18:14:00.328798 7f2904b56700 10 osd.70 71591 do_waiters -- finish --
2014-12-08 18:14:00.430519 7f28fc345700 10 osd.70 pg_epoch: 71581 pg[19.6e( v 51072'48910307 (50495'48906592,51072'48910307] local-les=51066 n=855 ec=21298 les/c 51101/50495 71456/71456/71432) [70,16,13] r=0 lpr=71456 pi=50489-71455/146 crt=51071'48910301 lcod 0'0 mlcod 0'0 peering] handle_advance_map [16,13]/[16,13] -- 16/16
