2014-12-08 18:14:01.931344 7f28fcb46700 10 osd.70 pg_epoch: 71593 pg[218.685( v 71581'2 (0'0,71581'2] local-les=71433 n=2 ec=71423 les/c 71585/71583 71591/71591/71587) [70,10,18] r=0 lpr=71593 pi=71432-71592/6 crt=0'0 lcod 0'0 mlcod 0'0 inactive NOTIFY] start_peering_interval: check_new_interval output: generate_past_intervals interval(71591-71592 up [70,10,18](70) acting [10,18,6](10)): not rw, up_thru 71591 up_from 69670 last_epoch_clean 71583 generate_past_intervals interval(71591-71592 up [70,10,18](70) acting [10,18,6](10) maybe_went_rw) : primary up 69670-71591 includes interval
2014-12-08 18:14:01.931359 7f28fc345700 10 osd.70 pg_epoch: 71593 pg[217.1ed( v 71377'36 (0'0,71377'36] local-les=71433 n=14 ec=71094 les/c 71585/71583 71591/71593/71168) [20,70,5] r=1 lpr=71593 pi=71183-71592/17 crt=71377'34 lcod 0'0 inactive NOTIFY] on_change
2014-12-08 18:14:01.931380 7f2904b56700 7 osd.70 71593 handle_pg_notify from osd.24
2014-12-08 18:14:01.931382 7f2904b56700 15 osd.70 71593 require_same_or_newer_map 71593 (i am 71593) 0x12eab2c0
2014-12-08 18:14:01.931375 7f28fc345700 20 osd.70 pg_epoch: 71593 pg[217.1ed( v 71377'36 (0'0,71377'36] local-les=71433 n=14 ec=71094 les/c 71585/71583 71591/71593/71168) [20,70,5] r=1 lpr=71593 pi=71183-71592/17 crt=71377'34 lcod 0'0 inactive NOTIFY] exit NotTrimming
2014-12-08 18:14:01.931374 7f28fcb46700 10 osd.70 pg_epoch: 71593 pg[218.685( v 71581'2 (0'0,71581'2] local-les=71433 n=2 ec=71423 les/c 71585/71583 71591/71591/71587) [70,10,18] r=0 lpr=71593 pi=71432-71592/6 crt=0'0 lcod 0'0 mlcod 0'0 inactive NOTIFY] noting past interval(71591-71592 up [70,10,18](70) acting [10,18,6](10) maybe_went_rw)
2014-12-08 18:14:01.931390 7f28fc345700 20 osd.70 pg_epoch: 71593 pg[217.1ed( v 71377'36 (0'0,71377'36] local-les=71433 n=14 ec=71094 les/c 71585/71583 71591/71593/71168) [20,70,5] r=1 lpr=71593 pi=71183-71592/17 crt=71377'34 lcod 0'0 inactive NOTIFY] enter NotTrimming
2014-12-08 18:14:01.931411 7f2904b56700 10 osd.70 71593 do_waiters -- start
2014-12-08 18:14:01.931413 7f2904b56700 10 osd.70 71593 do_waiters -- finish
2014-12-08 18:14:01.931405 7f28fc345700 10 osd.70 pg_epoch: 71593 pg[217.1ed( v 71377'36 (0'0,71377'36] local-les=71433 n=14 ec=71094 les/c 71585/71583 71591/71593/71168) [20,70,5] r=1 lpr=71593 pi=71183-71592/17 crt=71377'34 lcod 0'0 inactive NOTIFY] on_role_change
2014-12-08 18:14:01.931417 7f28fc345700 15 osd.70 pg_epoch: 71593 pg[217.1ed( v 71377'36 (0'0,71377'36] local-les=71433 n=14 ec=71094 les/c 71585/71583 71591/71593/71168) [20,70,5] r=1 lpr=71593 pi=71183-71592/17 crt=71377'34 lcod 0'0 inactive NOTIFY] requeue_ops
2014-12-08 18:14:01.931400 7f28fcb46700 10 osd.70 pg_epoch: 71593 pg[218.685( v 71581'2 (0'0,71581'2] local-les=71433 n=2 ec=71423 les/c 71585/71583 71591/71593/71593) [70,10,18] r=0 lpr=71593 pi=71432-71592/6 crt=0'0 lcod 0'0 mlcod 0'0 inactive NOTIFY] up [70,10,18] -> [70,10,18], acting [10,18,6] -> [70,10,18], acting_primary 10 -> 70, up_primary 70 -> 70, role -1 -> 0
2014-12-08 18:14:01.931436 7f2904b56700 10 osd.70 71593 do_waiters -- start --
2014-12-08 18:14:01.931593 7f28fbb44700 20 osd.70 pg_epoch: 71593 pg[19.6e( v 51072'48910307 (50495'48906592,51072'48910307] local-les=51066 n=855 ec=21298 les/c 51101/50495 71591/71591/71591) [70,16,13] r=0 lpr=71591 pi=50489-71590/150 crt=51071'48910301 lcod 0'0 mlcod 0'0 incomplete] op_has_sufficient_caps pool=19 (volumes ) owner=0 need_read_cap=0 need_write_cap=1 need_class_read_cap=0 need_class_write_cap=0 -> yes
2014-12-08 18:14:01.931620 7f28fcb46700 15 osd.70 pg_epoch: 71593 pg[218.685( v 71581'2 (0'0,71581'2] local-les=71433 n=2 ec=71423 les/c 71585/71583 71591/71593/71593) [70,10,18] r=0 lpr=71593 pi=71432-71592/6 crt=0'0 lcod 0'0 mlcod 0'0 inactive NOTIFY] requeue_ops
2014-12-08 18:14:01.931629 7f28fc345700 5 osd.70 pg_epoch: 71593 pg[217.1ed( v 71377'36 (0'0,71377'36] local-les=71433 n=14 ec=71094 les/c 71585/71583 71591/71593/71168) [20,70,5] r=1 lpr=71593 pi=71183-71592/17 crt=71377'34 lcod 0'0 inactive NOTIFY] exit Start 0.000039 0 0.000000
2014-12-08 18:14:01.931633 7f28fbb44700 10 osd.70 pg_epoch: 71593 pg[19.6e( v 51072'48910307 (50495'48906592,51072'48910307] local-les=51066 n=855 ec=21298 les/c 51101/50495 71591/71591/71591) [70,16,13] r=0 lpr=71591 pi=50489-71590/150 crt=51071'48910301 lcod 0'0 mlcod 0'0 incomplete] can_handle_while_inactive: 0x1285ce00
2014-12-08 18:14:01.931652 7f28fbb44700 10 osd.70 71593 dequeue_op 0x1285ce00 finish
2014-12-08 18:14:01.931652 7f28fc345700 5 osd.70 pg_epoch: 71593 pg[217.1ed( v 71377'36 (0'0,71377'36] local-les=71433 n=14 ec=71094 les/c 71585/71583 71591/71593/71168) [20,70,5] r=1 lpr=71593 pi=71183-71592/17 crt=71377'34 lcod 0'0 inactive NOTIFY] enter Started/Stray
2014-12-08 18:14:01.931662 7f2904b56700 7 osd.70 71593 handle_pg_info pg_info(1 pgs e71593:218.270(4)) v4 from osd.4
2014-12-08 18:14:01.931670 7f2904b56700 15 osd.70 71593 require_same_or_newer_map 71593 (i am 71593) 0x44fc3a0
2014-12-08 18:14:01.931650 7f28fcb46700 15 osd.70 pg_epoch: 71593 pg[218.685( v 71581'2 (0'0,71581'2] local-les=71433 n=2 ec=71423 les/c 71585/71583 71591/71593/71593) [70,10,18] r=0 lpr=71593 pi=71432-71592/6 crt=0'0 lcod 0'0 mlcod 0'0 inactive NOTIFY] requeue_ops
2014-12-08 18:14:01.931672 7f28fc345700 20 osd.70 pg_epoch: 71593 pg[217.1ed( v 71377'36 (0'0,71377'36] local-les=71433 n=14 ec=71094 les/c 71585/71583 71591/71593/71168) [20,70,5] r=1 lpr=71593 pi=71183-71592/17 crt=71377'34 lcod 0'0 inactive NOTIFY] handle_activate_map: Not dirtying info: last_persisted is 71592 while current is 71593
2014-12-08 18:14:01.931673 7f28fcb46700 10 osd.70 pg_epoch: 71593 pg[218.685( v 71581'2 (0'0,71581'2] local-les=71433 n=2 ec=71423 les/c 71585/71583 71591/71593/71593) [70,10,18] r=0 lpr=71593 pi=71432-71592/6 crt=0'0 lcod 0'0 mlcod 0'0 inactive NOTIFY] on_change_cleanup
2014-12-08 18:14:01.931687 7f28fc345700 10 osd.70 pg_epoch: 71593 pg[217.1ed( v 71377'36 (0'0,71377'36] local-les=71433 n=14 ec=71094 les/c 71585/71583 71591/71593/71168) [20,70,5] r=1 lpr=71593 pi=71183-71592/17 crt=71377'34 lcod 0'0 inactive NOTIFY] handle_peering_event: epoch_sent: 71593 epoch_requested: 71593 NullEvt
2014-12-08 18:14:01.931711 7f2904b56700 10 osd.70 71593 do_waiters -- start
2014-12-08 18:14:01.931714 7f2904b56700 10 osd.70 71593 do_waiters -- finish
2014-12-08 18:14:01.931695 7f28fcb46700 10 osd.70 pg_epoch: 71593 pg[218.685( v 71581'2 (0'0,71581'2] local-les=71433 n=2 ec=71423 les/c 71585/71583 71591/71593/71593) [70,10,18] r=0 lpr=71593 pi=71432-71592/6 crt=0'0 lcod 0'0 mlcod 0'0 inactive NOTIFY] on_change
2014-12-08 18:14:01.931727 7f2904b56700 10 osd.70 71593 do_waiters -- start
2014-12-08 18:14:01.931728 7f2904b56700 10 osd.70 71593 do_waiters -- finish
2014-12-08 18:14:01.931730 7f2904b56700 20 osd.70 71593 _dispatch 0x13ef3c00 pg_query(218.18a epoch 71593) v3
2014-12-08 18:14:01.931718 7f28fcb46700 20 osd.70 pg_epoch: 71593 pg[218.685( v 71581'2 (0'0,71581'2] local-les=71433 n=2 ec=71423 les/c 71585/71583 71591/71593/71593) [70,10,18] r=0 lpr=71593 pi=71432-71592/6 crt=0'0 lcod 0'0 mlcod 0'0 inactive NOTIFY] exit NotTrimming
2014-12-08 18:14:01.931744 7f28fc345700 10 log is not dirty
2014-12-08 18:14:01.931753 7f2904b56700 7 osd.70 71593 handle_pg_query from osd.78 epoch 71593
2014-12-08 18:14:01.931755 7f2904b56700 15 osd.70 71593 require_same_or_newer_map 71593 (i am 71593) 0x13ef3c00
2014-12-08 18:14:01.931737 7f28fcb46700 20 osd.70 pg_epoch: 71593 pg[218.685( v 71581'2 (0'0,71581'2] local-les=71433 n=2 ec=71423 les/c 71585/71583 71591/71593/71593) [70,10,18] r=0 lpr=71593 pi=71432-71592/6 crt=0'0 lcod 0'0 mlcod 0'0 inactive NOTIFY] enter NotTrimming
2014-12-08 18:14:01.931759 7f28fcb46700 15 osd.70 pg_epoch: 71593 pg[218.685( v 71581'2 (0'0,71581'2] local-les=71433 n=2 ec=71423 les/c 71585/71583 71591/71593/71593) [70,10,18] r=0 lpr=71593 pi=71432-71592/6 crt=0'0 lcod 0'0 mlcod 0'0 inactive] clear_stats --
2014-12-08 18:14:01.933195 7f28f933f700 10 osd.70 71593 dequeue_op 0x1285ca00 prio 63 cost 1048576 latency 0.001915 osd_op(client.1195889.0:533241 rbd_data.124045103eaad3.00000000000007be [set-alloc-hint object_size 8388608 write_size 8388608,write 917504~1048576] 19.2fb9d06e RETRY=14 ack+ondisk+retry+write e71593) v4 pg pg[19.6e( v 51072'48910307 (50495'48906592,51072'48910307] local-les=51066 n=855 ec=21298 les/c 51101/50495 71591/71591/71591) [70,16,13] r=0 lpr=71591 pi=50489-71590/150 crt=51071'48910301 lcod 0'0 mlcod 0'0 incomplete]
2014-12-08 18:14:01.933232 7f2904b56700 20 osd.70 71593 _dispatch 0x13efd4a0 pg_notify(216.1f4(4) epoch 71593) v5
2014-12-08 18:14:01.933220 7f28fcb46700 20 osd.70 pg_epoch: 71593 pg[216.1b( v 71093'263 (0'0,71093'263] local-les=71450 n=121 ec=70987 les/c 71585/71583 71591/71593/71587) [58,23,70] r=2 lpr=71593 pi=70987-71592/31 crt=71093'261 lcod 0'0 inactive NOTIFY] enter NotTrimming
2014-12-08 18:14:01.933234 7f28fc345700 10 osd.70 pg_epoch: 71593 pg[218.1e3( v 71581'1 (0'0,71581'1] local-les=71435 n=1 ec=71423 les/c 71585/71583 71591/71591/71587) [70,76,14]/[76,14,1] r=-1 lpr=71591 pi=71432-71590/5 crt=0'0 lcod 0'0 remapped NOTIFY] state: should_restart_peering, transitioning to Reset
2014-12-08 18:14:01.933243 7f28fcb46700 10 osd.70 pg_epoch: 71593 pg[216.1b( v 71093'263 (0'0,71093'263] local-les=71450 n=121 ec=70987 les/c 71585/71583 71591/71593/71587) [58,23,70] r=2 lpr=71593 pi=70987-71592/31 crt=71093'261 lcod 0'0 inactive NOTIFY] on_role_change
2014-12-08 18:14:01.933251 7f28fc345700 5 osd.70 pg_epoch: 71593 pg[218.1e3( v 71581'1 (0'0,71581'1] local-les=71435 n=1 ec=71423 les/c 71585/71583 71591/71591/71587) [70,76,14]/[76,14,1] r=-1 lpr=71591 pi=71432-71590/5 crt=0'0 lcod 0'0 remapped NOTIFY] exit Started/Stray 1.366116 7 0.000167
2014-12-08 18:14:01.933278 7f2904b56700 7 osd.70 71593 handle_pg_notify from osd.58
2014-12-08 18:14:01.933252 7f28f933f700 20 osd.70 pg_epoch: 71593 pg[19.6e( v 51072'48910307 (50495'48906592,51072'48910307] local-les=51066 n=855 ec=21298 les/c 51101/50495 71591/71591/71591) [70,16,13] r=0 lpr=71591 pi=50489-71590/150 crt=51071'48910301 lcod 0'0 mlcod 0'0 incomplete] op_has_sufficient_caps pool=19 (volumes ) owner=0 need_read_cap=0 need_write_cap=1 need_class_read_cap=0 need_class_write_cap=0 -> yes
2014-12-08 18:14:01.933282 7f2904b56700 15 osd.70 71593 require_same_or_newer_map 71593 (i am 71593) 0x13efd4a0
2014-12-08 18:14:01.933274 7f28fc345700 5 osd.70 pg_epoch: 71593 pg[218.1e3( v 71581'1 (0'0,71581'1] local-les=71435 n=1 ec=71423 les/c 71585/71583 71591/71591/71587) [70,76,14]/[76,14,1] r=-1 lpr=71591 pi=71432-71590/5 crt=0'0 lcod 0'0 remapped NOTIFY] exit Started 1.366177 0 0.000000
2014-12-08 18:14:01.933268 7f28fcb46700 15 osd.70 pg_epoch: 71593 pg[216.1b( v 71093'263 (0'0,71093'263] local-les=71450 n=121 ec=70987 les/c 71585/71583 71591/71593/71587) [58,23,70] r=2 lpr=71593 pi=70987-71592/31 crt=71093'261 lcod 0'0 inactive NOTIFY] requeue_ops
2014-12-08 18:14:01.933292 7f28fc345700 5 osd.70 pg_epoch: 71593 pg[218.1e3( v 71581'1 (0'0,71581'1] local-les=71435 n=1 ec=71423 les/c 71585/71583 71591/71591/71587) [70,76,14]/[76,14,1] r=-1 lpr=71591 pi=71432-71590/5 crt=0'0 lcod 0'0 remapped NOTIFY] enter Reset
2014-12-08 18:14:01.933284 7f28f933f700 10 osd.70 pg_epoch: 71593 pg[19.6e( v 51072'48910307 (50495'48906592,51072'48910307] local-les=51066 n=855 ec=21298 les/c 51101/50495 71591/71591/71591) [70,16,13] r=0 lpr=71591 pi=50489-71590/150 crt=51071'48910301 lcod 0'0 mlcod 0'0 incomplete] can_handle_while_inactive: 0x1285ca00
2014-12-08 18:14:01.933312 7f28f933f700 10 osd.70 71593 dequeue_op 0x1285ca00 finish
2014-12-08 18:14:01.933294 7f28fcb46700 10 osd.70 pg_epoch: 71593 pg[216.1b( v 71093'263 (0'0,71093'263] local-les=71450 n=121 ec=70987 les/c 71585/71583 71591/71593/71587) [58,23,70] r=2 lpr=71593 pi=70987-71592/31 crt=71093'261 lcod 0'0 inactive NOTIFY] cancel_recovery
2014-12-08 18:14:01.933310 7f28fc345700 20 osd.70 pg_epoch: 71593 pg[218.1e3( v 71581'1 (0'0,71581'1] local-les=71435 n=1 ec=71423 les/c 71585/71583 71591/71591/71587) [70,76,14]/[76,14,1] r=-1 lpr=71591 pi=71432-71590/5 crt=0'0 lcod 0'0 remapped NOTIFY] set_last_peering_reset 71593
2014-12-08 18:14:01.933327 7f2904b56700 10 osd.70 71593 do_waiters -- start
2014-12-08 18:14:01.933333 7f2904b56700 10 osd.70 71593 do_waiters -- finish
2014-12-08 18:14:01.933319 7f28fcb46700 10 osd.70 pg_epoch: 71593 pg[216.1b( v 71093'263 (0'0,71093'263] local-les=71450 n=121 ec=70987 les/c 71585/71583 71591/71593/71587) [58,23,70] r=2 lpr=71593 pi=70987-71592/31 crt=71093'261 lcod 0'0 inactive NOTIFY] clear_recovery_state
2014-12-08 18:14:01.933326 7f28fc345700 10 osd.70 pg_epoch: 71593 pg[218.1e3( v 71581'1 (0'0,71581'1] local-les=71435 n=1 ec=71423 les/c 71585/71583 71591/71591/71587) [70,76,14]/[76,14,1] r=-1 lpr=71593 pi=71432-71590/5 crt=0'0 lcod 0'0 remapped NOTIFY] Clearing blocked outgoing recovery messages
2014-12-08 18:14:01.933343 7f28fc345700 10 osd.70 pg_epoch: 71593 pg[218.1e3( v 71581'1 (0'0,71581'1] local-les=71435 n=1 ec=71423 les/c 71585/71583 71591/71591/71587) [70,76,14]/[76,14,1] r=-1 lpr=71593 pi=71432-71590/5 crt=0'0 lcod 0'0 remapped NOTIFY] Not blocking outgoing recovery messages
2014-12-08 18:14:01.933361 7f2904b56700 10 osd.70 71593 do_waiters -- start
2014-12-08 18:14:01.933344 7f28fcb46700 10 osd.70 pg_epoch: 71593 pg[216.1b( v 71093'263 (0'0,71093'263] local-les=71450 n=121 ec=70987 les/c 71585/71583 71591/71593/71587) [58,23,70] r=2 lpr=71593 pi=70987-71592/31 crt=71093'261 lcod 0'0 inactive NOTIFY] check_recovery_sources no source osds () went down
2014-12-08 18:14:01.933364 7f2904b56700 10 osd.70 71593 do_waiters -- finish
2014-12-08 18:14:01.933355 7f28fc345700 10 osd.70 pg_epoch: 71593 pg[218.1e3( v 71581'1 (0'0,71581'1] local-les=71435 n=1 ec=71423 les/c 71585/71583 71591/71591/71587) [70,76,14]/[76,14,1] r=-1 lpr=71593 pi=71432-71590/5 crt=0'0 lcod 0'0 remapped NOTIFY] state: Reset advmap
2014-12-08 18:14:01.933371 7f2904b56700 20 osd.70 71593 _dispatch 0x13efe3a0 pg_notify(218.131(10) epoch 71593) v5
2014-12-08 18:14:01.933368 7f28fc345700 10 osd.70 pg_epoch: 71593 pg[218.1e3( v 71581'1 (0'0,71581'1] local-les=71435 n=1 ec=71423 les/c 71585/71583 71591/71591/71587) [70,76,14]/[76,14,1] r=-1 lpr=71593 pi=71432-71590/5 crt=0'0 lcod 0'0 remapped NOTIFY] _calc_past_interval_range: already have past intervals back to 71583
2014-12-08 18:14:01.933379 7f28fc345700 20 osd.70 pg_epoch: 71593 pg[218.1e3( v 71581'1 (0'0,71581'1] local-les=71435 n=1 ec=71423 les/c 71585/71583 71591/71591/71587) [70,76,14]/[76,14,1] r=-1 lpr=71593 pi=71432-71590/5 crt=0'0 lcod 0'0 remapped NOTIFY] new interval newup [70,76,14] newacting [70,76,14]
2014-12-08 18:14:01.933395 7f2904b56700 7 osd.70 71593 handle_pg_notify from osd.76
2014-12-08 18:14:01.933398 7f2904b56700 15 osd.70 71593 require_same_or_newer_map 71593 (i am 71593) 0x13efe3a0
2014-12-08 18:14:01.933381 7f28fcb46700 10 osd.70 pg_epoch: 71593 pg[216.1b( v 71093'263 (0'0,71093'263] local-les=71450 n=121 ec=70987 les/c 71585/71583 71591/71593/71587) [58,23,70] r=2 lpr=71593 pi=70987-71592/31 crt=71093'261 lcod 0'0 inactive NOTIFY] handle_activate_map
2014-12-08 18:14:01.933393 7f28fc345700 10 osd.70 pg_epoch: 71593 pg[218.1e3( v 71581'1 (0'0,71581'1] local-les=71435 n=1 ec=71423 les/c 71585/71583 71591/71591/71587) [70,76,14]/[76,14,1] r=-1 lpr=71593 pi=71432-71590/5 crt=0'0 lcod 0'0 remapped NOTIFY] state: should restart peering, calling start_peering_interval again
2014-12-08 18:14:01.933409 7f28fc345700 20 osd.70 pg_epoch: 71593 pg[218.1e3( v 71581'1 (0'0,71581'1] local-les=71435 n=1 ec=71423 les/c 71585/71583 71591/71591/71587) [70,76,14]/[76,14,1] r=-1 lpr=71593 pi=71432-71590/5 crt=0'0 lcod 0'0 remapped NOTIFY] set_last_peering_reset 71593 --
2014-12-08 18:14:01.999522 7f28fc345700 10 osd.70 pg_epoch: 71593 pg[19.6e( v 51072'48910307 (50495'48906592,51072'48910307] local-les=51066 n=855 ec=21298 les/c 51101/50495 71591/71591/71591) [70,16,13] r=0 lpr=71591 pi=50489-71590/150 crt=51071'48910301 lcod 0'0 mlcod 0'0 incomplete] handle_peering_event: epoch_sent: 71593 epoch_requested: 71593 MNotifyRec from 16 notify: (query_epoch:71593, epoch_sent:71593, info:19.6e( empty local-les=0 n=0 ec=21298 les/c 51101/50495 71591/71591/71591)) features: 0x3fffffffffff
2014-12-08 18:14:01.999538 7f2904b56700 10 osd.70 71593 do_waiters -- start
2014-12-08 18:14:01.999541 7f2904b56700 10 osd.70 71593 do_waiters -- finish
2014-12-08 18:14:01.999540 7f28fcb46700 20 osd.70 pg_epoch: 71593 pg[216.c3( v 71097'230 (0'0,71097'230] local-les=71436 n=111 ec=70987 les/c 71585/71583 71591/71593/70989) [23,78,70] r=2 lpr=71593 pi=71183-71592/18 crt=71097'230 lcod 0'0 inactive NOTIFY] exit NotTrimming
2014-12-08 18:14:01.999542 7f28fc345700 7 osd.70 pg_epoch: 71593 pg[19.6e( v 51072'48910307 (50495'48906592,51072'48910307] local-les=51066 n=855 ec=21298 les/c 51101/50495 71591/71591/71591) [70,16,13] r=0 lpr=71591 pi=50489-71590/150 crt=51071'48910301 lcod 0'0 mlcod 0'0 incomplete] state: handle_pg_notify from osd.16
2014-12-08 18:14:01.999547 7f28fcb46700 20 osd.70 pg_epoch: 71593 pg[216.c3( v 71097'230 (0'0,71097'230] local-les=71436 n=111 ec=70987 les/c 71585/71583 71591/71593/70989) [23,78,70] r=2 lpr=71593 pi=71183-71592/18 crt=71097'230 lcod 0'0 inactive NOTIFY] enter NotTrimming
2014-12-08 18:14:01.999554 7f28fcb46700 10 osd.70 pg_epoch: 71593 pg[216.c3( v 71097'230 (0'0,71097'230] local-les=71436 n=111 ec=70987 les/c 71585/71583 71591/71593/70989) [23,78,70] r=2 lpr=71593 pi=71183-71592/18 crt=71097'230 lcod 0'0 inactive NOTIFY] on_role_change
2014-12-08 18:14:01.999552 7f28fc345700 10 osd.70 pg_epoch: 71593 pg[19.6e( v 51072'48910307 (50495'48906592,51072'48910307] local-les=51066 n=855 ec=21298 les/c 51101/50495 71591/71591/71591) [70,16,13] r=0 lpr=71591 pi=50489-71590/150 crt=51071'48910301 lcod 0'0 mlcod 0'0 incomplete] state: pg[19.6e( v 51072'48910307 (50495'48906592,51072'48910307] local-les=51066 n=855 ec=21298 les/c 51101/50495 71591/71591/71591) [70,16,13] r=0 lpr=71591 pi=50489-71590/150 crt=51071'48910301 lcod 0'0 mlcod 0'0 incomplete] got dup osd.16 info 19.6e( empty local-les=0 n=0 ec=21298 les/c 51101/50495 71591/71591/71591), identical to ours
2014-12-08 18:14:01.999568 7f28fc345700 10 log is not dirty
2014-12-08 18:14:01.999561 7f28fcb46700 15 osd.70 pg_epoch: 71593 pg[216.c3( v 71097'230 (0'0,71097'230] local-les=71436 n=111 ec=70987 les/c 71585/71583 71591/71593/70989) [23,78,70] r=2 lpr=71593 pi=71183-71592/18 crt=71097'230 lcod 0'0 inactive NOTIFY] requeue_ops
2014-12-08 18:14:01.999573 7f28fc345700 10 osd.70 pg_epoch: 71593 pg[20.64( v 57981'40 (0'0,57981'40] local-les=71434 n=40 ec=21299 les/c 71590/71583 71591/71593/70961) [75,70] r=1 lpr=71593 pi=71183-71592/19 crt=57981'40 lcod 0'0 inactive NOTIFY] handle_peering_event: epoch_sent: 71593 epoch_requested: 71593 FlushedEvt
2014-12-08 18:14:01.999580 7f28fcb46700 10 osd.70 pg_epoch: 71593 pg[216.c3( v 71097'230 (0'0,71097'230] local-les=71436 n=111 ec=70987 les/c 71585/71583 71591/71593/70989) [23,78,70] r=2 lpr=71593 pi=71183-71592/18 crt=71097'230 lcod 0'0 inactive NOTIFY] cancel_recovery
2014-12-08 18:14:01.999587 7f2904b56700 10 osd.70 71593 do_waiters -- start
2014-12-08 18:14:01.999583 7f28fc345700 15 osd.70 pg_epoch: 71593 pg[20.64( v 57981'40 (0'0,57981'40] local-les=71434 n=40 ec=21299 les/c 71590/71583 71591/71593/70961) [75,70] r=1 lpr=71593 pi=71183-71592/19 crt=57981'40 lcod 0'0 inactive NOTIFY] requeue_ops
2014-12-08 18:14:01.999590 7f2904b56700 10 osd.70 71593 do_waiters -- finish
2014-12-08 18:14:01.999592 7f28fc345700 10 log is not dirty
2014-12-08 18:14:01.999587 7f28fcb46700 10 osd.70 pg_epoch: 71593 pg[216.c3( v 71097'230 (0'0,71097'230] local-les=71436 n=111 ec=70987 les/c 71585/71583 71591/71593/70989) [23,78,70] r=2 lpr=71593 pi=71183-71592/18 crt=71097'230 lcod 0'0 inactive NOTIFY] clear_recovery_state
2014-12-08 18:14:01.999592 7f2904b56700 20 osd.70 71593 _dispatch 0x1335ab20 pg_notify(218.75f(10) epoch 71593) v5
2014-12-08 18:14:01.999595 7f28fc345700 20 osd.70 71593 share_map_peer 0x126955a0 already has epoch 71593
2014-12-08 18:14:01.999597 7f28fc345700 7 osd.70 71593 do_notifies osd 10 on 1 PGs
2014-12-08 18:14:01.999597 7f28fcb46700 10 osd.70 pg_epoch: 71593 pg[216.c3( v 71097'230 (0'0,71097'230] local-les=71436 n=111 ec=70987 les/c 71585/71583 71591/71593/70989) [23,78,70] r=2 lpr=71593 pi=71183-71592/18 crt=71097'230 lcod 0'0 inactive NOTIFY] check_recovery_sources no source osds () went down
2014-12-08 18:14:01.999613 7f28fc345700 20 osd.70 71593 share_map_peer 0x1268bce0 already has epoch 71593
2014-12-08 18:14:01.999615 7f28fc345700 7 osd.70 71593 do_notifies osd 14 on 1 PGs
2014-12-08 18:14:01.999613 7f28fcb46700 10 osd.70 pg_epoch: 71593 pg[216.c3( v 71097'230 (0'0,71097'230] local-les=71436 n=111 ec=70987 les/c 71585/71583 71591/71593/70989) [23,78,70] r=2 lpr=71593 pi=71183-71592/18 crt=71097'230 lcod 0'0 inactive NOTIFY] handle_activate_map
2014-12-08 18:14:01.999624 7f2904b56700 7 osd.70 71593 handle_pg_notify from osd.1
2014-12-08 18:14:01.999626 7f2904b56700 15 osd.70 71593 require_same_or_newer_map 71593 (i am 71593) 0x1335ab20
2014-12-08 18:14:01.999627 7f28fc345700 20 osd.70 71593 share_map_peer 0x1281f600 already has epoch 71593
2014-12-08 18:14:01.999628 7f28fc345700 7 osd.70 71593 do_notifies osd 20 on 1 PGs --
2014-12-08 18:14:02.000126 7f28fc345700 10 osd.70 pg_epoch: 71593 pg[19.6e( v 51072'48910307 (50495'48906592,51072'48910307] local-les=51066 n=855 ec=21298 les/c 51101/50495 71591/71591/71591) [70,16,13] r=0 lpr=71591 pi=50489-71590/150 crt=51071'48910301 lcod 0'0 mlcod 0'0 incomplete] handle_peering_event: epoch_sent: 71593 epoch_requested: 71593 MNotifyRec from 58 notify: (query_epoch:71593, epoch_sent:71593, info:19.6e( empty local-les=0 n=0 ec=21298 les/c 51101/50495 71591/71591/71591)) features: 0x3fffffffffff
2014-12-08 18:14:02.000134 7f28fcb46700 15 osd.70 pg_epoch: 71593 pg[218.431( empty local-les=71433 n=0 ec=71423 les/c 71585/71585 71591/71593/71593) [70,78,1] r=0 lpr=71593 pi=71432-71592/6 crt=0'0 mlcod 0'0 inactive NOTIFY] requeue_ops
2014-12-08 18:14:02.000136 7f28fc345700 7 osd.70 pg_epoch: 71593 pg[19.6e( v 51072'48910307 (50495'48906592,51072'48910307] local-les=51066 n=855 ec=21298 les/c 51101/50495 71591/71591/71591) [70,16,13] r=0 lpr=71591 pi=50489-71590/150 crt=51071'48910301 lcod 0'0 mlcod 0'0 incomplete] state: handle_pg_notify from osd.58
2014-12-08 18:14:02.000139 7f28fcb46700 10 osd.70 pg_epoch: 71593 pg[218.431( empty local-les=71433 n=0 ec=71423 les/c 71585/71585 71591/71593/71593) [70,78,1] r=0 lpr=71593 pi=71432-71592/6 crt=0'0 mlcod 0'0 inactive NOTIFY] on_change_cleanup
2014-12-08 18:14:02.000146 7f28fcb46700 10 osd.70 pg_epoch: 71593 pg[218.431( empty local-les=71433 n=0 ec=71423 les/c 71585/71585 71591/71593/71593) [70,78,1] r=0 lpr=71593 pi=71432-71592/6 crt=0'0 mlcod 0'0 inactive NOTIFY] on_change
2014-12-08 18:14:02.000144 7f28fc345700 10 osd.70 pg_epoch: 71593 pg[19.6e( v 51072'48910307 (50495'48906592,51072'48910307] local-les=51066 n=855 ec=21298 les/c 51101/50495 71591/71591/71591) [70,16,13] r=0 lpr=71591 pi=50489-71590/150 crt=51071'48910301 lcod 0'0 mlcod 0'0 incomplete] state: pg[19.6e( v 51072'48910307 (50495'48906592,51072'48910307] local-les=51066 n=855 ec=21298 les/c 51101/50495 71591/71591/71591) [70,16,13] r=0 lpr=71591 pi=50489-71590/150 crt=51071'48910301 lcod 0'0 mlcod 0'0 incomplete] got dup osd.58 info 19.6e( empty local-les=0 n=0 ec=21298 les/c 51101/50495 71591/71591/71591), identical to ours
2014-12-08 18:14:02.000153 7f28fcb46700 20 osd.70 pg_epoch: 71593 pg[218.431( empty local-les=71433 n=0 ec=71423 les/c 71585/71585 71591/71593/71593) [70,78,1] r=0 lpr=71593 pi=71432-71592/6 crt=0'0 mlcod 0'0 inactive NOTIFY] exit NotTrimming
2014-12-08 18:14:02.000159 7f28fc345700 10 log is not dirty
2014-12-08 18:14:02.000159 7f28fcb46700 20 osd.70 pg_epoch: 71593 pg[218.431( empty local-les=71433 n=0 ec=71423 les/c 71585/71585 71591/71593/71593) [70,78,1] r=0 lpr=71593 pi=71432-71592/6 crt=0'0 mlcod 0'0 inactive NOTIFY] enter NotTrimming
2014-12-08 18:14:02.000162 7f28fc345700 10 osd.70 pg_epoch: 71593 pg[217.399( v 71377'57 (0'0,71377'57] local-les=71593 n=12 ec=71094 les/c 71590/71583 71591/71592/71592) [70,25,58] r=0 lpr=71592 pi=71444-71591/6 crt=71377'54 lcod 0'0 mlcod 0'0 inactive] handle_peering_event: epoch_sent: 71593 epoch_requested: 71593 FlushedEvt
2014-12-08 18:14:02.000166 7f28fcb46700 15 osd.70 pg_epoch: 71593 pg[218.431( empty local-les=71433 n=0 ec=71423 les/c 71585/71585 71591/71593/71593) [70,78,1] r=0 lpr=71593 pi=71432-71592/6 crt=0'0 mlcod 0'0 inactive] clear_stats
2014-12-08 18:14:02.000171 7f28fc345700 15 osd.70 pg_epoch: 71593 pg[217.399( v 71377'57 (0'0,71377'57] local-les=71593 n=12 ec=71094 les/c 71590/71583 71591/71592/71592) [70,25,58] r=0 lpr=71592 pi=71444-71591/6 crt=71377'54 lcod 0'0 mlcod 0'0 inactive] requeue_ops
2014-12-08 18:14:02.000172 7f28fcb46700 15 osd.70 pg_epoch: 71593 pg[218.431( empty local-les=71433 n=0 ec=71423 les/c 71585/71585 71591/71593/71593) [70,78,1] r=0 lpr=71593 pi=71432-71592/6 crt=0'0 mlcod 0'0 inactive] requeue_ops
2014-12-08 18:14:02.000179 7f28fc345700 10 log is not dirty
2014-12-08 18:14:02.000178 7f28fcb46700 10 osd.70 pg_epoch: 71593 pg[218.431( empty local-les=71433 n=0 ec=71423 les/c 71585/71585 71591/71593/71593) [70,78,1] r=0 lpr=71593 pi=71432-71592/6 crt=0'0 mlcod 0'0 inactive] on_role_change
2014-12-08 18:14:02.000201 7f28fcb46700 15 osd.70 pg_epoch: 71593 pg[218.431( empty local-les=71433 n=0 ec=71423 les/c 71585/71585 71591/71593/71593) [70,78,1] r=0 lpr=71593 pi=71432-71592/6 crt=0'0 mlcod 0'0 inactive] requeue_ops
2014-12-08 18:14:02.000213 7f28fcb46700 10 osd.70 pg_epoch: 71593 pg[218.431( empty local-les=71433 n=0 ec=71423 les/c 71585/71585 71591/71593/71593) [70,78,1] r=0 lpr=71593 pi=71432-71592/6 crt=0'0 mlcod 0'0 inactive] cancel_recovery
2014-12-08 18:14:02.000222 7f28fcb46700 10 osd.70 pg_epoch: 71593 pg[218.431( empty local-les=71433 n=0 ec=71423 les/c 71585/71585 71591/71593/71593) [70,78,1] r=0 lpr=71593 pi=71432-71592/6 crt=0'0 mlcod 0'0 inactive] clear_recovery_state
2014-12-08 18:14:02.000233 7f28fcb46700 10 osd.70 pg_epoch: 71593 pg[218.431( empty local-les=71433 n=0 ec=71423 les/c 71585/71585 71591/71593/71593) [70,78,1] r=0 lpr=71593 pi=71432-71592/6 crt=0'0 mlcod 0'0 inactive] check_recovery_sources no source osds () went down
2014-12-08 18:14:02.000233 7f28fc345700 10 osd.70 pg_epoch: 71593 pg[19.6e( v 51072'48910307 (50495'48906592,51072'48910307] local-les=51066 n=855 ec=21298 les/c 51101/50495 71591/71591/71591) [70,16,13] r=0 lpr=71591 pi=50489-71590/150 crt=51071'48910301 lcod 0'0 mlcod 0'0 incomplete] handle_peering_event: epoch_sent: 71593 epoch_requested: 71593 MNotifyRec from 76 notify: (query_epoch:71593, epoch_sent:71593, info:19.6e( empty local-les=0 n=0 ec=21298 les/c 51101/50495 71591/71591/71591)) features: 0x3fffffffffff
2014-12-08 18:14:02.000248 7f28fcb46700 10 osd.70 pg_epoch: 71593 pg[218.431( empty local-les=71433 n=0 ec=71423 les/c 71585/71585 71591/71593/71593) [70,78,1] r=0 lpr=71593 pi=71432-71592/6 crt=0'0 mlcod 0'0 inactive] handle_activate_map
2014-12-08 18:14:02.000257 7f28fcb46700 10 osd.70 pg_epoch: 71593 pg[218.431( empty local-les=71433 n=0 ec=71423 les/c 71585/71585 71591/71593/71593) [70,78,1] r=0 lpr=71593 pi=71432-71592/6 crt=0'0 mlcod 0'0 inactive] update_heartbeat_peers -> 1,70,78
2014-12-08 18:14:02.000264 7f28fcb46700 20 osd.70 71593 need_heartbeat_peer_update
2014-12-08 18:14:02.000254 7f28fc345700 7 osd.70 pg_epoch: 71593 pg[19.6e( v 51072'48910307 (50495'48906592,51072'48910307] local-les=51066 n=855 ec=21298 les/c 51101/50495 71591/71591/71591) [70,16,13] r=0 lpr=71591 pi=50489-71590/150 crt=51071'48910301 lcod 0'0 mlcod 0'0 incomplete] state: handle_pg_notify from osd.76
2014-12-08 18:14:02.000265 7f28fcb46700 10 osd.70 pg_epoch: 71593 pg[218.431( empty local-les=71433 n=0 ec=71423 les/c 71585/71585 71591/71593/71593) [70,78,1] r=0 lpr=71593 pi=71432-71592/6 crt=0'0 mlcod 0'0 inactive] take_waiters
2014-12-08 18:14:02.000272 7f28fcb46700 5 osd.70 pg_epoch: 71593 pg[218.431( empty local-les=71433 n=0 ec=71423 les/c 71585/71585 71591/71593/71593) [70,78,1] r=0 lpr=71593 pi=71432-71592/6 crt=0'0 mlcod 0'0 inactive] exit Reset 0.000293 1 0.000302
2014-12-08 18:14:02.000267 7f28fc345700 10 osd.70 pg_epoch: 71593 pg[19.6e( v 51072'48910307 (50495'48906592,51072'48910307] local-les=51066 n=855 ec=21298 les/c 51101/50495 71591/71591/71591) [70,16,13] r=0 lpr=71591 pi=50489-71590/150 crt=51071'48910301 lcod 0'0 mlcod 0'0 incomplete] state: pg[19.6e( v 51072'48910307 (50495'48906592,51072'48910307] local-les=51066 n=855 ec=21298 les/c 51101/50495 71591/71591/71591) [70,16,13] r=0 lpr=71591 pi=50489-71590/150 crt=51071'48910301 lcod 0'0 mlcod 0'0 incomplete] got dup osd.76 info 19.6e( empty local-les=0 n=0 ec=21298 les/c 51101/50495 71591/71591/71591), identical to ours
2014-12-08 18:14:02.000279 7f28fcb46700 5 osd.70 pg_epoch: 71593 pg[218.431( empty local-les=71433 n=0 ec=71423 les/c 71585/71585 71591/71593/71593) [70,78,1] r=0 lpr=71593 pi=71432-71592/6 crt=0'0 mlcod 0'0 inactive] enter Started
2014-12-08 18:14:02.000285 7f28fc345700 10 log is not dirty
2014-12-08 18:14:02.000286 7f28fcb46700 5 osd.70 pg_epoch: 71593 pg[218.431( empty local-les=71433 n=0 ec=71423 les/c 71585/71585 71591/71593/71593) [70,78,1] r=0 lpr=71593 pi=71432-71592/6 crt=0'0 mlcod 0'0 inactive] enter Start
2014-12-08 18:14:02.000291 7f28fcb46700 1 osd.70 pg_epoch: 71593 pg[218.431( empty local-les=71433 n=0 ec=71423 les/c 71585/71585 71591/71593/71593) [70,78,1] r=0 lpr=71593 pi=71432-71592/6 crt=0'0 mlcod 0'0 inactive] state: transitioning to Primary
2014-12-08 18:14:02.000291 7f28fc345700 10 osd.70 pg_epoch: 71593 pg[218.6c7( v 71581'2 (0'0,71581'2] local-les=71593 n=2 ec=71423 les/c 71590/71583 71591/71592/71592) [70,10,18] r=0 lpr=71592 pi=71432-71591/6 crt=0'0 lcod 0'0 mlcod 0'0 inactive] handle_peering_event: epoch_sent: 71593 epoch_requested: 71593 MNotifyRec from 76 notify: (query_epoch:71593, epoch_sent:71593, info:218.6c7( v 71581'2 lc 0'0 (0'0,71581'2] local-les=71590 n=2 ec=71423 les/c 71590/71583 71591/71592/71592)) features: 0x3fffffffffff
2014-12-08 18:14:02.000299 7f28fcb46700 5 osd.70 pg_epoch: 71593 pg[218.431( empty local-les=71433 n=0 ec=71423 les/c 71585/71585 71591/71593/71593) [70,78,1] r=0 lpr=71593 pi=71432-71592/6 crt=0'0 mlcod 0'0 inactive] exit Start 0.000014 0 0.000000
2014-12-08 18:14:02.000306 7f28fcb46700 5 osd.70 pg_epoch: 71593 pg[218.431( empty local-les=71433 n=0 ec=71423 les/c 71585/71585 71591/71593/71593) [70,78,1] r=0 lpr=71593 pi=71432-71592/6 crt=0'0 mlcod 0'0 inactive] enter Started/Primary
2014-12-08 18:14:02.000304 7f28fc345700 10 osd.70 pg_epoch: 71593 pg[218.6c7( v 71581'2 (0'0,71581'2] local-les=71593 n=2 ec=71423 les/c 71590/71583 71591/71592/71592) [70,10,18] r=0 lpr=71592 pi=71432-71591/6 crt=0'0 lcod 0'0 mlcod 0'0 inactive] state: Active: got notify from 76, already have info from that osd, ignoring
2014-12-08 18:14:02.000313 7f28fc345700 10 log is not dirty
2014-12-08 18:14:02.000313 7f28fcb46700 5 osd.70 pg_epoch: 71593 pg[218.431( empty local-les=71433 n=0 ec=71423 les/c 71585/71585 71591/71593/71593) [70,78,1] r=0 lpr=71593 pi=71432-71592/6 crt=0'0 mlcod 0'0 inactive] enter Started/Primary/Peering
2014-12-08 18:14:02.000319 7f28fcb46700 5 osd.70 pg_epoch: 71593 pg[218.431( empty local-les=71433 n=0 ec=71423 les/c 71585/71585 71591/71593/71593) [70,78,1] r=0 lpr=71593 pi=71432-71592/6 crt=0'0 mlcod 0'0 peering] enter Started/Primary/Peering/GetInfo
2014-12-08 18:14:02.000317 7f28fc345700 10 osd.70 pg_epoch: 71593 pg[218.6c4( v 71581'3 (0'0,71581'3] local-les=71593 n=3 ec=71423 les/c 71590/71583 71591/71592/71592) [70,76,13] r=0 lpr=71592 pi=71432-71591/6 crt=71580'1 lcod 0'0 mlcod 0'0 inactive] handle_peering_event: epoch_sent: 71593 epoch_requested: 71593 MNotifyRec from 76 notify: (query_epoch:71593, epoch_sent:71593, info:218.6c4( v 71581'3 (0'0,71581'3] local-les=71590 n=3 ec=71423 les/c 71590/71583 71591/71592/71592)) features: 0x3fffffffffff
2014-12-08 18:14:02.000325 7f28fcb46700 10 osd.70 pg_epoch: 71593 pg[218.431( empty local-les=71433 n=0 ec=71423 les/c 71585/71585 71591/71593/71593) [70,78,1] r=0 lpr=71593 pi=71432-71592/6 crt=0'0 mlcod 0'0 peering] _calc_past_interval_range: already have past intervals back to 71585
2014-12-08 18:14:02.000329 7f28fc345700 10 osd.70 pg_epoch: 71593 pg[218.6c4( v 71581'3 (0'0,71581'3] local-les=71593 n=3 ec=71423 les/c 71590/71583 71591/71592/71592) [70,76,13] r=0 lpr=71592 pi=71432-71591/6 crt=71580'1 lcod 0'0 mlcod 0'0 inactive] state: Active: got notify from 76, already have info from that osd, ignoring
2014-12-08 18:14:02.000340 7f28fc345700 10 log is not dirty
2014-12-08 18:14:02.000333 7f28fcb46700 10 osd.70 pg_epoch: 71593 pg[218.431( empty local-les=71433 n=0 ec=71423 les/c 71585/71585 71591/71593/71593) [70,78,1] r=0 lpr=71593 pi=71432-71592/6 crt=0'0 mlcod 0'0 peering] PriorSet: build_prior interval(71591-71592 up [70,78,1](70) acting [78,1,14](78) maybe_went_rw)
2014-12-08 18:14:02.000330 7f290a83a700 10 osd.70 pg_epoch: 71593 pg[216.3cd( v 71097'258 (0'0,71097'258] local-les=71593 n=120 ec=70987 les/c 71590/71583 71591/71592/71168) [18,5,70] r=2 lpr=71592 pi=70987-71591/34 crt=71097'256 lcod 0'0 inactive] _activate_committed 71593 telling primary
2014-12-08 18:14:02.000346 7f28fcb46700 10 osd.70 pg_epoch: 71593 pg[218.431( empty local-les=71433 n=0 ec=71423 les/c 71585/71585 71591/71593/71593) [70,78,1] r=0 lpr=71593 pi=71432-71592/6 crt=0'0 mlcod 0'0 peering] PriorSet: build_prior interval(71590-71590 up [78,1](78) acting [78,1,14](78))
2014-12-08 18:14:02.000345 7f28fc345700 10 osd.70 pg_epoch: 71593 pg[218.51( v 71581'3 (0'0,71581'3] local-les=71433 n=3 ec=71423 les/c 71585/71583 71591/71593/71593) [70,66,75] r=0 lpr=71593 pi=71432-71592/6 crt=71580'1 lcod 0'0 mlcod 0'0 peering] handle_peering_event: epoch_sent: 71593 epoch_requested: 71593 MNotifyRec from 6 notify: (query_epoch:71593, epoch_sent:71593, info:218.51( v 71581'3 lc 0'0 (0'0,71581'3] local-les=71585 n=3 ec=71423 les/c 71585/71583 71591/71593/71593)) features: 0x3fffffffffff
2014-12-08 18:14:02.000356 7f28fcb46700 10 osd.70 pg_epoch: 71593 pg[218.431( empty local-les=71433 n=0 ec=71423 les/c 71585/71585 71591/71593/71593) [70,78,1] r=0 lpr=71593 pi=71432-71592/6 crt=0'0 mlcod 0'0 peering] PriorSet: build_prior interval(71587-71589 up [78,1](78) acting [78,1](78) maybe_went_rw) --
2014-12-08 18:14:02.000866 7f28fc345700 10 osd.70 pg_epoch: 71593 pg[19.6e( v 51072'48910307 (50495'48906592,51072'48910307] local-les=51066 n=855 ec=21298 les/c 51101/50495 71591/71591/71591) [70,16,13] r=0 lpr=71591 pi=50489-71590/150 crt=51071'48910301 lcod 0'0 mlcod 0'0 incomplete] handle_peering_event: epoch_sent: 71593 epoch_requested: 71593 MNotifyRec from 4 notify: (query_epoch:71593, epoch_sent:71593, info:19.6e( v 51072'48910307 (50495'48906592,51072'48910307] local-les=51066 n=855 ec=21298 les/c 51101/50495 71591/71591/71591)) features: 0x3fffffffffff
2014-12-08 18:14:02.000875 7f28fc345700 7 osd.70 pg_epoch: 71593 pg[19.6e( v 51072'48910307 (50495'48906592,51072'48910307] local-les=51066 n=855 ec=21298 les/c 51101/50495 71591/71591/71591) [70,16,13] r=0 lpr=71591 pi=50489-71590/150 crt=51071'48910301 lcod 0'0 mlcod 0'0 incomplete] state: handle_pg_notify from osd.4
2014-12-08 18:14:02.000883 7f28fcb46700 10 osd.70 pg_epoch: 71593 pg[218.760( empty local-les=71433 n=0 ec=71423 les/c 71590/71590 71591/71593/71425) [18,70,5] r=1 lpr=71593 pi=71423-71592/10 crt=0'0 inactive NOTIFY] update_heartbeat_peers unchanged
2014-12-08 18:14:02.000890 7f28fcb46700 10 osd.70 pg_epoch: 71593 pg[218.760( empty local-les=71433 n=0 ec=71423 les/c 71590/71590 71591/71593/71425) [18,70,5] r=1 lpr=71593 pi=71423-71592/10 crt=0'0 inactive NOTIFY] take_waiters
2014-12-08 18:14:02.000882 7f28fc345700 10 osd.70 pg_epoch: 71593 pg[19.6e( v 51072'48910307 (50495'48906592,51072'48910307] local-les=51066 n=855 ec=21298 les/c 51101/50495 71591/71591/71591) [70,16,13] r=0 lpr=71591 pi=50489-71590/150 crt=51071'48910301 lcod 0'0 mlcod 0'0 incomplete] state: pg[19.6e( v 51072'48910307 (50495'48906592,51072'48910307] local-les=51066 n=855 ec=21298 les/c 51101/50495 71591/71591/71591) [70,16,13] r=0 lpr=71591 pi=50489-71590/150 crt=51071'48910301 lcod 0'0 mlcod 0'0 incomplete] got dup osd.4 info 19.6e( v 51072'48910307 (50495'48906592,51072'48910307] local-les=51066 n=855 ec=21298 les/c 51101/50495 71591/71591/71591), identical to ours
2014-12-08 18:14:02.000898 7f28fc345700 10 log is not dirty
2014-12-08 18:14:02.000896 7f28fcb46700 5 osd.70 pg_epoch: 71593 pg[218.760( empty local-les=71433 n=0 ec=71423 les/c 71590/71590 71591/71593/71425) [18,70,5] r=1 lpr=71593 pi=71423-71592/10 crt=0'0 inactive NOTIFY] exit Reset 0.000224 1 0.000230
2014-12-08 18:14:02.000903 7f28fcb46700 5 osd.70 pg_epoch: 71593 pg[218.760( empty local-les=71433 n=0 ec=71423 les/c 71590/71590 71591/71593/71425) [18,70,5] r=1 lpr=71593 pi=71423-71592/10 crt=0'0 inactive NOTIFY] enter Started
2014-12-08 18:14:02.000901 7f28fc345700 10 osd.70 pg_epoch: 71593 pg[217.399( v 71377'57 (0'0,71377'57] local-les=71593 n=12 ec=71094 les/c 71590/71583 71591/71592/71592) [70,25,58] r=0 lpr=71592 pi=71444-71591/6 crt=71377'54 lcod 0'0 mlcod 0'0 inactive] handle_peering_event: epoch_sent: 71593 epoch_requested: 71593 MNotifyRec from 25 notify: (query_epoch:71593, epoch_sent:71593, info:217.399( v 71377'57 (0'0,71377'57] local-les=71590 n=12 ec=71094 les/c 71590/71583 71591/71592/71592)) features: 0x3fffffffffff
2014-12-08 18:14:02.000912 7f28fcb46700 5 osd.70 pg_epoch: 71593 pg[218.760( empty local-les=71433 n=0 ec=71423 les/c 71590/71590 71591/71593/71425) [18,70,5] r=1 lpr=71593 pi=71423-71592/10 crt=0'0 inactive NOTIFY] enter Start
2014-12-08 18:14:02.000914 7f28fc345700 10 osd.70 pg_epoch: 71593 pg[217.399( v 71377'57 (0'0,71377'57] local-les=71593 n=12 ec=71094 les/c 71590/71583 71591/71592/71592) [70,25,58] r=0 lpr=71592 pi=71444-71591/6 crt=71377'54 lcod 0'0 mlcod 0'0 inactive] state: Active: got notify from 25, already have info from that osd, ignoring
2014-12-08 18:14:02.000922 7f28fc345700 10 log is not dirty
2014-12-08 18:14:02.000918 7f28fcb46700 1 osd.70 pg_epoch: 71593 pg[218.760( empty local-les=71433 n=0 ec=71423 les/c 71590/71590 71591/71593/71425) [18,70,5] r=1 lpr=71593 pi=71423-71592/10 crt=0'0 inactive NOTIFY] state: transitioning to Stray
2014-12-08 18:14:02.000926 7f28fcb46700 5 osd.70 pg_epoch: 71593 pg[218.760( empty local-les=71433 n=0 ec=71423 les/c 71590/71590 71591/71593/71425) [18,70,5] r=1 lpr=71593 pi=71423-71592/10 crt=0'0 inactive NOTIFY] exit Start 0.000014 0 0.000000
2014-12-08 18:14:02.000926 7f28fc345700 10 osd.70 pg_epoch: 71593 pg[218.71a( v 71581'3 (0'0,71581'3] local-les=71433 n=3 ec=71423 les/c 71589/71589 71591/71593/71425) [10,70,4] r=1 lpr=71593 pi=71423-71592/10 crt=71580'1 lcod 0'0 inactive NOTIFY] handle_peering_event: epoch_sent: 71593 epoch_requested: 71593 MQuery from 10 query_epoch 71593 query: query(info 0'0)
2014-12-08 18:14:02.000933 7f28fcb46700 5 osd.70 pg_epoch: 71593 pg[218.760( empty local-les=71433 n=0 ec=71423 les/c 71590/71590 71591/71593/71425) [18,70,5] r=1 lpr=71593 pi=71423-71592/10 crt=0'0 inactive NOTIFY] enter Started/Stray
2014-12-08 18:14:02.000936 7f28fc345700 10 osd.70 pg_epoch: 71593 pg[218.71a( v 71581'3 (0'0,71581'3] local-les=71433 n=3 ec=71423 les/c 71589/71589 71591/71593/71425) [10,70,4] r=1 lpr=71593 pi=71423-71592/10 crt=71580'1 lcod 0'0 inactive NOTIFY] sending info
2014-12-08 18:14:02.000941 7f28fcb46700 20 osd.70 pg_epoch: 71593 pg[218.760( empty local-les=71433 n=0 ec=71423 les/c 71590/71590 71591/71593/71425) [18,70,5] r=1 lpr=71593 pi=71423-71592/10 crt=0'0 inactive NOTIFY] handle_activate_map: Not dirtying info: last_persisted is 71592 while current is 71593
2014-12-08 18:14:02.000948 7f28fcb46700 10 osd.70 pg_epoch: 71593 pg[218.760( empty local-les=71433 n=0 ec=71423 les/c 71590/71590 71591/71593/71425) [18,70,5] r=1 lpr=71593 pi=71423-71592/10 crt=0'0 inactive NOTIFY] handle_peering_event: epoch_sent: 71593 epoch_requested: 71593 NullEvt
2014-12-08 18:14:02.000959 7f28fc345700 10 log is not dirty
2014-12-08 18:14:02.000962 7f28fc345700 10 osd.70 pg_epoch: 71593 pg[19.6e( v 51072'48910307 (50495'48906592,51072'48910307] local-les=51066 n=855 ec=21298 les/c 51101/50495 71591/71591/71591) [70,16,13] r=0 lpr=71591 pi=50489-71590/150 crt=51071'48910301 lcod 0'0 mlcod 0'0 incomplete] handle_peering_event: epoch_sent: 71593 epoch_requested: 71593 MNotifyRec from 30 notify: (query_epoch:71593, epoch_sent:71593, info:19.6e( empty local-les=0 n=0 ec=21298 les/c 51101/50495 71591/71591/71591)) features: 0x3fffffffffff
2014-12-08 18:14:02.000971 7f28fc345700 7 osd.70 pg_epoch: 71593 pg[19.6e( v 51072'48910307 (50495'48906592,51072'48910307] local-les=51066 n=855 ec=21298 les/c 51101/50495 71591/71591/71591) [70,16,13] r=0 lpr=71591 pi=50489-71590/150 crt=51071'48910301 lcod 0'0 mlcod 0'0 incomplete] state: handle_pg_notify from osd.30
2014-12-08 18:14:02.000978 7f28fcb46700 10 log is not dirty
2014-12-08 18:14:02.000978 7f28fc345700 10 osd.70 pg_epoch: 71593 pg[19.6e( v 51072'48910307 (50495'48906592,51072'48910307] local-les=51066 n=855 ec=21298 les/c 51101/50495 71591/71591/71591) [70,16,13] r=0 lpr=71591 pi=50489-71590/150 crt=51071'48910301 lcod 0'0 mlcod 0'0 incomplete] state: pg[19.6e( v 51072'48910307 (50495'48906592,51072'48910307] local-les=51066 n=855 ec=21298 les/c 51101/50495 71591/71591/71591) [70,16,13] r=0 lpr=71591 pi=50489-71590/150 crt=51071'48910301 lcod 0'0 mlcod 0'0 incomplete] got dup osd.30 info 19.6e( empty local-les=0 n=0 ec=21298 les/c 51101/50495 71591/71591/71591), identical to ours
2014-12-08 18:14:02.000992 7f28fc345700 10 log is not dirty
2014-12-08 18:14:02.000995 7f28fc345700 10 osd.70 pg_epoch: 71593 pg[218.3dd( v 71581'2 (0'0,71581'2] local-les=71437 n=2 ec=71423 les/c 71585/71583 71591/71593/71593) [70,66,14] r=0 lpr=71593 pi=71432-71592/6 crt=0'0 lcod 0'0 mlcod 0'0 peering] handle_peering_event: epoch_sent: 71593 epoch_requested: 71593 MNotifyRec from 8 notify: (query_epoch:71593, epoch_sent:71593, info:218.3dd( v 71581'2 lc 0'0 (0'0,71581'2] local-les=71585 n=2 ec=71423 les/c 71585/71583 71591/71593/71593)) features: 0x3fffffffffff
2014-12-08 18:14:02.001003 7f28fc345700 10 osd.70 pg_epoch: 71593 pg[218.3dd( v 71581'2 (0'0,71581'2] local-les=71437 n=2 ec=71423 les/c 71585/71583 71591/71593/71593) [70,66,14] r=0 lpr=71593 pi=71432-71592/6 crt=0'0 lcod 0'0 mlcod 0'0 peering] got osd.8 218.3dd( v 71581'2 lc 0'0 (0'0,71581'2] local-les=71585 n=2 ec=71423 les/c 71585/71583 71591/71593/71593)
2014-12-08 18:14:02.001002 7f28fcb46700 10 osd.70 pg_epoch: 71592 pg[218.589( empty local-les=71433 n=0 ec=71423 les/c 71585/71585 71591/71591/71425) [18,70,6]/[18,6,21] r=-1 lpr=71591 pi=71423-71590/8 crt=0'0 remapped NOTIFY] handle_advance_map [18,70,6]/[18,70,6] -- 18/18
2014-12-08 18:14:02.001015 7f28fcb46700 20 PGPool::update cached_removed_snaps [] newly_removed_snaps [] snapc 0=[] (no change)
2014-12-08 18:14:02.001015 7f28fc345700 10 osd.70 pg_epoch: 71593 pg[218.3dd( v 71581'2 (0'0,71581'2] local-les=71437 n=2 ec=71423 les/c 71585/71583 71591/71593/71593) [70,66,14] r=0 lpr=71593 pi=71432-71592/6 crt=0'0 lcod 0'0 mlcod 0'0 peering] osd.8 has stray content: 218.3dd( v 71581'2 lc 0'0 (0'0,71581'2] local-les=71585 n=2 ec=71423 les/c 71585/71583 71591/71593/71593)
2014-12-08 18:14:02.001018 7f28fcb46700 10 osd.70 pg_epoch: 71593 pg[218.589( empty local-les=71433 n=0 ec=71423 les/c 71585/71585 71591/71591/71425) [18,70,6]/[18,6,21] r=-1 lpr=71591 pi=71423-71590/8 crt=0'0 remapped NOTIFY] state: Started advmap
2014-12-08 18:14:02.001026 7f28fc345700 10 osd.70 pg_epoch: 71593 pg[218.3dd( v 71581'2 (0'0,71581'2] local-les=71437 n=2 ec=71423 les/c 71585/71583 71591/71593/71593) [70,66,14] r=0 lpr=71593 pi=71432-71592/6 crt=0'0 lcod 0'0 mlcod 0'0 peering] update_heartbeat_peers 13,14,66,70 -> 8,13,14,66,70
2014-12-08 18:14:02.001028 7f28fcb46700 20 osd.70 pg_epoch: 71593 pg[218.589( empty local-les=71433 n=0 ec=71423 les/c 71585/71585 71591/71591/71425) [18,70,6]/[18,6,21] r=-1 lpr=71591 pi=71423-71590/8 crt=0'0 remapped NOTIFY] new interval newup [18,70,6] newacting [18,70,6]
2014-12-08 18:14:02.001034 7f28fc345700 20 osd.70 71593 need_heartbeat_peer_update
2014-12-08 18:14:02.001035 7f28fcb46700 10 osd.70 pg_epoch: 71593 pg[218.589( empty local-les=71433 n=0 ec=71423 les/c 71585/71585 71591/71591/71425) [18,70,6]/[18,6,21] r=-1 lpr=71591 pi=71423-71590/8 crt=0'0 remapped NOTIFY] state: should_restart_peering, transitioning to Reset
2014-12-08 18:14:02.001035 7f28fc345700 20 osd.70 pg_epoch: 71593 pg[218.3dd( v 71581'2 (0'0,71581'2] local-les=71437 n=2 ec=71423 les/c 71585/71583 71591/71593/71593) [70,66,14] r=0 lpr=71593 pi=71432-71592/6 crt=0'0 lcod 0'0 mlcod 0'0 peering] state: Adding osd: 8 features: 3fffffffffff
2014-12-08 18:14:02.001044 7f28fc345700 10 log is not dirty
2014-12-08 18:14:02.001043 7f28fcb46700 5 osd.70 pg_epoch: 71593 pg[218.589( empty local-les=71433 n=0 ec=71423 les/c 71585/71585 71591/71591/71425) [18,70,6]/[18,6,21] r=-1 lpr=71591 pi=71423-71590/8 crt=0'0 remapped NOTIFY] exit Started/Stray 0.997633 5 0.000105
2014-12-08 18:14:02.001051 7f28fcb46700 5 osd.70 pg_epoch: 71593 pg[218.589( empty local-les=71433 n=0 ec=71423 les/c 71585/71585 71591/71591/71425) [18,70,6]/[18,6,21] r=-1 lpr=71591 pi=71423-71590/8 crt=0'0 remapped NOTIFY] exit Started 0.997676 0 0.000000
2014-12-08 18:14:02.001048 7f28fc345700 10 osd.70 pg_epoch: 71593 pg[216.3c5( v 71097'233 (0'0,71097'233] local-les=71593 n=113 ec=70987 les/c 71585/71583 71591/71592/71592) [70,5,20] r=0 lpr=71592 pi=71444-71591/5 crt=71097'233 lcod 0'0 mlcod 0'0 inactive] handle_peering_event: epoch_sent: 71593 epoch_requested: 71593 MNotifyRec from 5 notify: (query_epoch:71593, epoch_sent:71593, info:216.3c5( v 71097'233 (0'0,71097'233] local-les=71585 n=113 ec=70987 les/c 71585/71583 71591/71592/71592)) features: 0x3fffffffffff
2014-12-08 18:14:02.001058 7f28fcb46700 5 osd.70 pg_epoch: 71593 pg[218.589( empty local-les=71433 n=0 ec=71423 les/c 71585/71585 71591/71591/71425) [18,70,6]/[18,6,21] r=-1 lpr=71591 pi=71423-71590/8 crt=0'0 remapped NOTIFY] enter Reset
2014-12-08 18:14:02.001061 7f28fc345700 10 osd.70 pg_epoch: 71593 pg[216.3c5( v 71097'233 (0'0,71097'233] local-les=71593 n=113 ec=70987 les/c 71585/71583 71591/71592/71592) [70,5,20] r=0 lpr=71592 pi=71444-71591/5 crt=71097'233 lcod 0'0 mlcod 0'0 inactive] state: Active: got notify from 5, already have info from that osd, ignoring
2014-12-08 18:14:02.001069 7f28fc345700 10 log is not dirty
2014-12-08 18:14:02.001065 7f28fcb46700 20 osd.70 pg_epoch: 71593 pg[218.589( empty local-les=71433 n=0 ec=71423 les/c 71585/71585 71591/71591/71425) [18,70,6]/[18,6,21] r=-1 lpr=71591 pi=71423-71590/8 crt=0'0 remapped NOTIFY] set_last_peering_reset 71593 --
2014-12-08 18:14:02.283055 7f28fbb44700 10 osd.70 71593 dequeue_op 0x4481600 prio 63 cost 0 latency 0.000230 osd_op(client.6634234.0:1291 rbd_data.124045103eaad3.0000000000000270 [sparse-read 0~8388608] 19.d0d3a06e RETRY=4 ack+retry+read e71593) v4 pg pg[19.6e( v 51072'48910307 (50495'48906592,51072'48910307] local-les=51066 n=855 ec=21298 les/c 51101/50495 71591/71591/71591) [70,16,13] r=0 lpr=71591 pi=50489-71590/150 crt=51071'48910301 lcod 0'0 mlcod 0'0 incomplete]
2014-12-08 18:14:02.283106 7f28fbb44700 20 osd.70 pg_epoch: 71593 pg[19.6e( v 51072'48910307 (50495'48906592,51072'48910307] local-les=51066 n=855 ec=21298 les/c 51101/50495 71591/71591/71591) [70,16,13] r=0 lpr=71591 pi=50489-71590/150 crt=51071'48910301 lcod 0'0 mlcod 0'0 incomplete] op_has_sufficient_caps pool=19 (volumes ) owner=0 need_read_cap=1 need_write_cap=0 need_class_read_cap=0 need_class_write_cap=0 -> yes
2014-12-08 18:14:02.283138 7f28d9fb6700 20 osd.70 71593 should_share_map client.6634234 172.16.5.105:0/1017156 71593
2014-12-08 18:14:02.283133 7f28fbb44700 10 osd.70 pg_epoch: 71593 pg[19.6e( v 51072'48910307 (50495'48906592,51072'48910307] local-les=51066 n=855 ec=21298 les/c 51101/50495 71591/71591/71591) [70,16,13] r=0 lpr=71591 pi=50489-71590/150 crt=51071'48910301 lcod 0'0 mlcod 0'0 incomplete] can_handle_while_inactive: 0x4481600
2014-12-08 18:14:02.283147 7f28fbb44700 10 osd.70 71593 dequeue_op 0x4481600 finish
2014-12-08 18:14:02.283156 7f28d9fb6700 15 osd.70 71593 enqueue_op 0x1285f600 prio 63 cost 0 latency 0.000120 osd_op(client.6634234.0:1569 rbd_data.124045103eaad3.00000000000002fd [sparse-read 0~8388608] 19.2b4576ee RETRY=4 ack+retry+read e71593) v4
2014-12-08 18:14:02.283200 7f28f933f700 10 osd.70 71593 dequeue_op 0x1285f600 prio 63 cost 0 latency 0.000163 osd_op(client.6634234.0:1569 rbd_data.124045103eaad3.00000000000002fd [sparse-read 0~8388608] 19.2b4576ee RETRY=4 ack+retry+read e71593) v4 pg pg[19.6e( v 51072'48910307 (50495'48906592,51072'48910307] local-les=51066 n=855 ec=21298 les/c 51101/50495 71591/71591/71591) [70,16,13] r=0 lpr=71591 pi=50489-71590/150 crt=51071'48910301 lcod 0'0 mlcod 0'0 incomplete]
2014-12-08 18:14:02.283257 7f28d9fb6700 20 osd.70 71593 should_share_map client.6634234 172.16.5.105:0/1017156 71593
2014-12-08 18:14:02.283254 7f28f933f700 20 osd.70 pg_epoch: 71593 pg[19.6e( v 51072'48910307 (50495'48906592,51072'48910307] local-les=51066 n=855 ec=21298 les/c 51101/50495 71591/71591/71591) [70,16,13] r=0 lpr=71591 pi=50489-71590/150 crt=51071'48910301 lcod 0'0 mlcod 0'0 incomplete] op_has_sufficient_caps pool=19 (volumes ) owner=0 need_read_cap=1 need_write_cap=0 need_class_read_cap=0 need_class_write_cap=0 -> yes
2014-12-08 18:14:02.283277 7f28d9fb6700 15 osd.70 71593 enqueue_op 0x447fe00 prio 63 cost 0 latency 0.000101 osd_op(client.6634234.0:1598 rbd_data.124045103eaad3.0000000000000310 [sparse-read 0~8388608] 19.bd03a26e RETRY=4 ack+retry+read e71593) v4
