2014-12-08 18:14:00.850128 7f28fcb46700 10 osd.70 pg_epoch: 71582 pg[217.2fd( v 71377'4110 (71377'1109,71377'4110] local-les=71446 n=14 ec=71094 les/c 71446/71447 71444/71444/71433) [70,10,19] r=0 lpr=71447 crt=71377'4107 lcod 0'0 mlcod 0'0 peering] PriorSet: affected_by_map osd.70 now down
2014-12-08 18:14:00.850135 7f28fc345700 20 osd.70 pg_epoch: 71582 pg[218.7b7( v 71581'1 (0'0,71581'1] local-les=71457 n=1 ec=71423 les/c 71457/71457 71456/71456/71425) [58,17,70] r=2 lpr=71581 pi=71423-71455/7 crt=0'0 lcod 0'0 inactive NOTIFY] new interval newup [58,17] newacting [58,17]
2014-12-08 18:14:00.850135 7f28fcb46700 1 osd.70 pg_epoch: 71582 pg[217.2fd( v 71377'4110 (71377'1109,71377'4110] local-les=71446 n=14 ec=71094 les/c 71446/71447 71444/71444/71433) [70,10,19] r=0 lpr=71447 crt=71377'4107 lcod 0'0 mlcod 0'0 peering] state: Peering, affected_by_map, going to Reset
2014-12-08 18:14:00.850143 7f28fc345700 10 osd.70 pg_epoch: 71582 pg[218.7b7( v 71581'1 (0'0,71581'1] local-les=71457 n=1 ec=71423 les/c 71457/71457 71456/71456/71425) [58,17,70] r=2 lpr=71581 pi=71423-71455/7 crt=0'0 lcod 0'0 inactive NOTIFY] state: should restart peering, calling start_peering_interval again
2014-12-08 18:14:00.850151 7f28fc345700 20 osd.70 pg_epoch: 71582 pg[218.7b7( v 71581'1 (0'0,71581'1] local-les=71457 n=1 ec=71423 les/c 71457/71457 71456/71456/71425) [58,17,70] r=2 lpr=71581 pi=71423-71455/7 crt=0'0 lcod 0'0 inactive NOTIFY] set_last_peering_reset 71582
2014-12-08 18:14:00.850148 7f28fcb46700 5 osd.70 pg_epoch: 71582 pg[217.2fd( v 71377'4110 (71377'1109,71377'4110] local-les=71446 n=14 ec=71094 les/c 71446/71447 71444/71444/71433) [70,10,19] r=0 lpr=71447 crt=71377'4107 lcod 0'0 mlcod 0'0 peering] exit Started/Primary/Peering/GetInfo 2.337991 2 0.000167
2014-12-08 18:14:00.850158 7f28fc345700 10 osd.70 pg_epoch: 71582 pg[218.7b7( v 71581'1 (0'0,71581'1] local-les=71457 n=1 ec=71423 les/c 71457/71457 71456/71456/71425) [58,17,70] r=2 lpr=71582 pi=71423-71455/7 crt=0'0 lcod 0'0 inactive NOTIFY] Clearing blocked outgoing recovery messages
2014-12-08 18:14:00.850167 7f2904b56700 10 osd.70 71592 do_waiters -- start --
2014-12-08 18:14:00.850170 7f2904b56700 20 osd.70 71592 _dispatch 0x12b79660 pg_notify(19.6e(150),218.6c7(5),218.6c4(5) epoch 71592) v5
2014-12-08 18:14:00.850165 7f28fcb46700 10 osd.70 pg_epoch: 71582 pg[217.2fd( v 71377'4110 (71377'1109,71377'4110] local-les=71446 n=14 ec=71094 les/c 71446/71447 71444/71444/71433) [70,10,19] r=0 lpr=71447 crt=71377'4107 lcod 0'0 mlcod 0'0 peering] state: Leaving Peering
2014-12-08 18:14:00.850170 7f28fc345700 10 osd.70 pg_epoch: 71582 pg[218.7b7( v 71581'1 (0'0,71581'1] local-les=71457 n=1 ec=71423 les/c 71457/71457 71456/71456/71425) [58,17,70] r=2 lpr=71582 pi=71423-71455/7 crt=0'0 lcod 0'0 inactive NOTIFY] Not blocking outgoing recovery messages
2014-12-08 18:14:00.850178 7f28fcb46700 5 osd.70 pg_epoch: 71582 pg[217.2fd( v 71377'4110 (71377'1109,71377'4110] local-les=71446 n=14 ec=71094 les/c 71446/71447 71444/71444/71433) [70,10,19] r=0 lpr=71447 crt=71377'4107 lcod 0'0 mlcod 0'0 peering] exit Started/Primary/Peering 2.338028 0 0.000000
2014-12-08 18:14:00.850194 7f2904b56700 7 osd.70 71592 handle_pg_notify from osd.76
2014-12-08 18:14:00.850188 7f28fcb46700 5 osd.70 pg_epoch: 71582 pg[217.2fd( v 71377'4110 (71377'1109,71377'4110] local-les=71446 n=14 ec=71094 les/c 71446/71447 71444/71444/71433) [70,10,19] r=0 lpr=71447 crt=71377'4107 lcod 0'0 mlcod 0'0 inactive] exit Started/Primary 2.338046 0 0.000000
2014-12-08 18:14:00.850186 7f28fc345700 10 osd.70 pg_epoch: 71582 pg[218.7b7( v 71581'1 (0'0,71581'1] local-les=71457 n=1 ec=71423 les/c 71457/71457 71456/71456/71425) [58,17] r=-1 lpr=71582 pi=71423-71581/8 crt=0'0 lcod 0'0 inactive NOTIFY] start_peering_interval: check_new_interval output: generate_past_intervals interval(71456-71581 up [58,17,70](58) acting [58,17,70](58)): not rw, up_thru 71456 up_from 69683 last_epoch_clean 71457 generate_past_intervals interval(71456-71581 up [58,17,70](58) acting [58,17,70](58) maybe_went_rw) : primary up 69683-71456 includes interval
2014-12-08 18:14:00.850198 7f2904b56700 15 osd.70 71592 require_same_or_newer_map 71592 (i am 71592) 0x12b79660
2014-12-08 18:14:00.850198 7f28fcb46700 5 osd.70 pg_epoch: 71582 pg[217.2fd( v 71377'4110 (71377'1109,71377'4110] local-les=71446 n=14 ec=71094 les/c 71446/71447 71444/71444/71433) [70,10,19] r=0 lpr=71447 crt=71377'4107 lcod 0'0 mlcod 0'0 inactive] exit Started 2.338089 0 0.000000
2014-12-08 18:14:00.850198 7f28fc345700 10 osd.70 pg_epoch: 71582 pg[218.7b7( v 71581'1 (0'0,71581'1] local-les=71457 n=1 ec=71423 les/c 71457/71457 71456/71456/71425) [58,17] r=-1 lpr=71582 pi=71423-71581/8 crt=0'0 lcod 0'0 inactive NOTIFY] noting past interval(71456-71581 up [58,17,70](58) acting [58,17,70](58) maybe_went_rw)
2014-12-08 18:14:00.850207 7f28fcb46700 5 osd.70 pg_epoch: 71582 pg[217.2fd( v 71377'4110 (71377'1109,71377'4110] local-les=71446 n=14 ec=71094 les/c 71446/71447 71444/71444/71433) [70,10,19] r=0 lpr=71447 crt=71377'4107 lcod 0'0 mlcod 0'0 inactive] enter Reset
2014-12-08 18:14:00.850208 7f28fc345700 10 osd.70 pg_epoch: 71582 pg[218.7b7( v 71581'1 (0'0,71581'1] local-les=71457 n=1 ec=71423 les/c 71457/71457 71582/71582/71425) [58,17] r=-1 lpr=71582 pi=71423-71581/8 crt=0'0 lcod 0'0 inactive NOTIFY] up [58,17,70] -> [58,17], acting [58,17,70] -> [58,17], acting_primary 58 -> 58, up_primary 58 -> 58, role 2 -> -1
2014-12-08 18:14:00.850214 7f28fcb46700 20 osd.70 pg_epoch: 71582 pg[217.2fd( v 71377'4110 (71377'1109,71377'4110] local-les=71446 n=14 ec=71094 les/c 71446/71447 71444/71444/71433) [70,10,19] r=0 lpr=71447 crt=71377'4107 lcod 0'0 mlcod 0'0 inactive] set_last_peering_reset 71582
2014-12-08 18:14:00.850218 7f28fc345700 10 osd.70 pg_epoch: 71582 pg[218.7b7( v 71581'1 (0'0,71581'1] local-les=71457 n=1 ec=71423 les/c 71457/71457 71582/71582/71425) [58,17] r=-1 lpr=71582 pi=71423-71581/8 crt=0'0 lcod 0'0 inactive NOTIFY] on_change
2014-12-08 18:14:00.850222 7f28fcb46700 10 osd.70 pg_epoch: 71582 pg[217.2fd( v 71377'4110 (71377'1109,71377'4110] local-les=71446 n=14 ec=71094 les/c 71446/71447 71444/71444/71433) [70,10,19] r=0 lpr=71582 crt=71377'4107 lcod 0'0 mlcod 0'0 inactive] Clearing blocked outgoing recovery messages
2014-12-08 18:14:00.850226 7f28fc345700 15 osd.70 pg_epoch: 71582 pg[218.7b7( v 71581'1 (0'0,71581'1] local-les=71457 n=1 ec=71423 les/c 71457/71457 71582/71582/71425) [58,17] r=-1 lpr=71582 pi=71423-71581/8 crt=0'0 lcod 0'0 inactive NOTIFY] publish_stats_to_osd -- not primary
2014-12-08 18:14:00.850235 7f2904b56700 10 osd.70 71592 do_waiters -- start
2014-12-08 18:14:00.850237 7f2904b56700 10 osd.70 71592 do_waiters -- finish
2014-12-08 18:14:00.850232 7f28fcb46700 10 osd.70 pg_epoch: 71582 pg[217.2fd( v 71377'4110 (71377'1109,71377'4110] local-les=71446 n=14 ec=71094 les/c 71446/71447 71444/71444/71433) [70,10,19] r=0 lpr=71582 crt=71377'4107 lcod 0'0 mlcod 0'0 inactive] Not blocking outgoing recovery messages --
2014-12-08 18:14:00.857439 7f2904b56700 20 osd.70 71592 _dispatch 0x12b72780 pg_notify(19.6e(150) epoch 71592) v5
2014-12-08 18:14:00.857442 7f28fc345700 20 PGPool::update cached_removed_snaps [] newly_removed_snaps [] snapc 0=[] (no change)
2014-12-08 18:14:00.857445 7f28fc345700 10 osd.70 pg_epoch: 71587 pg[216.2e2( v 71097'191 (0'0,71097'191] local-les=71433 n=91 ec=70987 les/c 71433/71433 71584/71584/71168) [20,78,10] r=-1 lpr=71584 pi=70987-71583/26 crt=71097'189 lcod 0'0 inactive NOTIFY] state: Reset advmap
2014-12-08 18:14:00.857448 7f28fcb46700 15 osd.70 pg_epoch: 71591 pg[218.2fc( empty local-les=71434 n=0 ec=71423 les/c 71434/71434 71591/71591/71591) [70,16,75] r=0 lpr=71591 pi=71432-71590/4 crt=0'0 mlcod 0'0 inactive NOTIFY] requeue_ops
2014-12-08 18:14:00.857452 7f28fc345700 10 osd.70 pg_epoch: 71587 pg[216.2e2( v 71097'191 (0'0,71097'191] local-les=71433 n=91 ec=70987 les/c 71433/71433 71584/71584/71168) [20,78,10] r=-1 lpr=71584 pi=70987-71583/26 crt=71097'189 lcod 0'0 inactive NOTIFY] _calc_past_interval_range: already have past intervals back to 71433
2014-12-08 18:14:00.857461 7f2904b56700 7 osd.70 71592 handle_pg_notify from osd.16
2014-12-08 18:14:00.857456 7f28fcb46700 10 osd.70 pg_epoch: 71591 pg[218.2fc( empty local-les=71434 n=0 ec=71423 les/c 71434/71434 71591/71591/71591) [70,16,75] r=0 lpr=71591 pi=71432-71590/4 crt=0'0 mlcod 0'0 inactive NOTIFY] on_change_cleanup
2014-12-08 18:14:00.857463 7f2904b56700 15 osd.70 71592 require_same_or_newer_map 71592 (i am 71592) 0x12b72780
2014-12-08 18:14:00.857462 7f28fc345700 20 osd.70 pg_epoch: 71587 pg[216.2e2( v 71097'191 (0'0,71097'191] local-les=71433 n=91 ec=70987 les/c 71433/71433 71584/71584/71168) [20,78,10] r=-1 lpr=71584 pi=70987-71583/26 crt=71097'189 lcod 0'0 inactive NOTIFY] new interval newup [20,10] newacting [20,10]
2014-12-08 18:14:00.857465 7f28fcb46700 10 osd.70 pg_epoch: 71591 pg[218.2fc( empty local-les=71434 n=0 ec=71423 les/c 71434/71434 71591/71591/71591) [70,16,75] r=0 lpr=71591 pi=71432-71590/4 crt=0'0 mlcod 0'0 inactive NOTIFY] on_change
2014-12-08 18:14:00.857470 7f28fc345700 10 osd.70 pg_epoch: 71587 pg[216.2e2( v 71097'191 (0'0,71097'191] local-les=71433 n=91 ec=70987 les/c 71433/71433 71584/71584/71168) [20,78,10] r=-1 lpr=71584 pi=70987-71583/26 crt=71097'189 lcod 0'0 inactive NOTIFY] state: should restart peering, calling start_peering_interval again
2014-12-08 18:14:00.857472 7f28fcb46700 20 osd.70 pg_epoch: 71591 pg[218.2fc( empty local-les=71434 n=0 ec=71423 les/c 71434/71434 71591/71591/71591) [70,16,75] r=0 lpr=71591 pi=71432-71590/4 crt=0'0 mlcod 0'0 inactive NOTIFY] exit NotTrimming
2014-12-08 18:14:00.857478 7f28fc345700 20 osd.70 pg_epoch: 71587 pg[216.2e2( v 71097'191 (0'0,71097'191] local-les=71433 n=91 ec=70987 les/c 71433/71433 71584/71584/71168) [20,78,10] r=-1 lpr=71584 pi=70987-71583/26 crt=71097'189 lcod 0'0 inactive NOTIFY] set_last_peering_reset 71587
2014-12-08 18:14:00.857480 7f28fcb46700 20 osd.70 pg_epoch: 71591 pg[218.2fc( empty local-les=71434 n=0 ec=71423 les/c 71434/71434 71591/71591/71591) [70,16,75] r=0 lpr=71591 pi=71432-71590/4 crt=0'0 mlcod 0'0 inactive NOTIFY] enter NotTrimming
2014-12-08 18:14:00.857486 7f2904b56700 10 osd.70 71592 do_waiters -- start
2014-12-08 18:14:00.857489 7f2904b56700 10 osd.70 71592 do_waiters -- finish
2014-12-08 18:14:00.857487 7f28fcb46700 15 osd.70 pg_epoch: 71591 pg[218.2fc( empty local-les=71434 n=0 ec=71423 les/c 71434/71434 71591/71591/71591) [70,16,75] r=0 lpr=71591 pi=71432-71590/4 crt=0'0 mlcod 0'0 inactive] clear_stats
2014-12-08 18:14:00.857486 7f28fc345700 10 osd.70 pg_epoch: 71587 pg[216.2e2( v 71097'191 (0'0,71097'191] local-les=71433 n=91 ec=70987 les/c 71433/71433 71584/71584/71168) [20,78,10] r=-1 lpr=71587 pi=70987-71583/26 crt=71097'189 lcod 0'0 inactive NOTIFY] Clearing blocked outgoing recovery messages
2014-12-08 18:14:00.857494 7f28fcb46700 15 osd.70 pg_epoch: 71591 pg[218.2fc( empty local-les=71434 n=0 ec=71423 les/c 71434/71434 71591/71591/71591) [70,16,75] r=0 lpr=71591 pi=71432-71590/4 crt=0'0 mlcod 0'0 inactive] requeue_ops
2014-12-08 18:14:00.857494 7f28fc345700 10 osd.70 pg_epoch: 71587 pg[216.2e2( v 71097'191 (0'0,71097'191] local-les=71433 n=91 ec=70987 les/c 71433/71433 71584/71584/71168) [20,78,10] r=-1 lpr=71587 pi=70987-71583/26 crt=71097'189 lcod 0'0 inactive NOTIFY] Not blocking outgoing recovery messages
2014-12-08 18:14:00.857501 7f28fcb46700 10 osd.70 pg_epoch: 71591 pg[218.2fc( empty local-les=71434 n=0 ec=71423 les/c 71434/71434 71591/71591/71591) [70,16,75] r=0 lpr=71591 pi=71432-71590/4 crt=0'0 mlcod 0'0 inactive] on_role_change --
2014-12-08 18:14:00.996680 7f28fcb46700 10 osd.70 pg_epoch: 71591 pg[19.6e( v 51072'48910307 (50495'48906592,51072'48910307] local-les=51066 n=855 ec=21298 les/c 51101/50495 71591/71591/71591) [70,16,13] r=0 lpr=71591 pi=50489-71590/150 crt=51071'48910301 lcod 0'0 mlcod 0'0 peering] handle_advance_map [70,16,13]/[70,16,13] -- 70/70
2014-12-08 18:14:00.996697 7f28fc345700 15 osd.70 pg_epoch: 71582 pg[218.431( empty local-les=71433 n=0 ec=71423 les/c 71433/71433 71582/71582/71582) [78,1] r=-1 lpr=71582 pi=71432-71581/1 crt=0'0 inactive NOTIFY] requeue_ops
2014-12-08 18:14:00.996701 7f28fcb46700 20 PGPool::update cached_removed_snaps [1~1] newly_removed_snaps [] snapc 2=[] (no change)
2014-12-08 18:14:00.996702 7f28fc345700 10 osd.70 pg_epoch: 71582 pg[218.431( empty local-les=71433 n=0 ec=71423 les/c 71433/71433 71582/71582/71582) [78,1] r=-1 lpr=71582 pi=71432-71581/1 crt=0'0 inactive NOTIFY] cancel_recovery
2014-12-08 18:14:00.996707 7f28fc345700 10 osd.70 pg_epoch: 71582 pg[218.431( empty local-les=71433 n=0 ec=71423 les/c 71433/71433 71582/71582/71582) [78,1] r=-1 lpr=71582 pi=71432-71581/1 crt=0'0 inactive NOTIFY] clear_recovery_state
2014-12-08 18:14:00.996706 7f28fcb46700 10 osd.70 pg_epoch: 71592 pg[19.6e( v 51072'48910307 (50495'48906592,51072'48910307] local-les=51066 n=855 ec=21298 les/c 51101/50495 71591/71591/71591) [70,16,13] r=0 lpr=71591 pi=50489-71590/150 crt=51071'48910301 lcod 0'0 mlcod 0'0 peering] state: Peering advmap
2014-12-08 18:14:00.996715 7f28fc345700 10 osd.70 pg_epoch: 71582 pg[218.431( empty local-les=71433 n=0 ec=71423 les/c 71433/71433 71582/71582/71582) [78,1] r=-1 lpr=71582 pi=71432-71581/1 crt=0'0 inactive NOTIFY] check_recovery_sources no source osds () went down
2014-12-08 18:14:00.996720 7f28fcb46700 10 osd.70 pg_epoch: 71592 pg[19.6e( v 51072'48910307 (50495'48906592,51072'48910307] local-les=51066 n=855 ec=21298 les/c 51101/50495 71591/71591/71591) [70,16,13] r=0 lpr=71591 pi=50489-71590/150 crt=51071'48910301 lcod 0'0 mlcod 0'0 peering] adjust_need_up_thru now 71591, need_up_thru now false
2014-12-08 18:14:00.996727 7f28fc345700 10 osd.70 pg_epoch: 71582 pg[218.431( empty local-les=71433 n=0 ec=71423 les/c 71433/71433 71582/71582/71582) [78,1] r=-1 lpr=71582 pi=71432-71581/1 crt=0'0 inactive NOTIFY] handle_advance_map [78,1]/[78,1] -- 78/78
2014-12-08 18:14:00.996736 7f28fc345700 20 PGPool::update cached_removed_snaps [] newly_removed_snaps [] snapc 0=[] (no change)
2014-12-08 18:14:00.996728 7f28fcb46700 10 osd.70 pg_epoch: 71592 pg[19.6e( v 51072'48910307 (50495'48906592,51072'48910307] local-les=51066 n=855 ec=21298 les/c 51101/50495 71591/71591/71591) [70,16,13] r=0 lpr=71591 pi=50489-71590/150 crt=51071'48910301 lcod 0'0 mlcod 0'0 peering] state: Started advmap
2014-12-08 18:14:00.996739 7f28fc345700 10 osd.70 pg_epoch: 71583 pg[218.431( empty local-les=71433 n=0 ec=71423 les/c 71433/71433 71582/71582/71582) [78,1] r=-1 lpr=71582 pi=71432-71581/1 crt=0'0 inactive NOTIFY] state: Reset advmap
2014-12-08 18:14:00.996746 7f28fc345700 10 osd.70 pg_epoch: 71583 pg[218.431( empty local-les=71433 n=0 ec=71423 les/c 71433/71433 71582/71582/71582) [78,1] r=-1 lpr=71582 pi=71432-71581/1 crt=0'0 inactive NOTIFY] _calc_past_interval_range: already have past intervals back to 71433
2014-12-08 18:14:00.996741 7f28fcb46700 10 osd.70 pg_epoch: 71592 pg[19.6e( v 51072'48910307 (50495'48906592,51072'48910307] local-les=51066 n=855 ec=21298 les/c 51101/50495 71591/71591/71591) [70,16,13] r=0 lpr=71591 pi=50489-71590/150 crt=51071'48910301 lcod 0'0 mlcod 0'0 peering] check_recovery_sources no source osds () went down
2014-12-08 18:14:00.996753 7f28fc345700 10 osd.70 pg_epoch: 71583 pg[218.431( empty local-les=71433 n=0 ec=71423 les/c 71433/71433 71582/71582/71582) [78,1] r=-1 lpr=71582 pi=71432-71581/1 crt=0'0 inactive NOTIFY] check_recovery_sources no source osds () went down
2014-12-08 18:14:00.996758 7f28fcb46700 10 osd.70 pg_epoch: 71592 pg[19.6e( v 51072'48910307 (50495'48906592,51072'48910307] local-les=51066 n=855 ec=21298 les/c 51101/50495 71591/71591/71591) [70,16,13] r=0 lpr=71591 pi=50489-71590/150 crt=51071'48910301 lcod 0'0 mlcod 0'0 peering] handle_activate_map
2014-12-08 18:14:00.996763 7f28fc345700 10 osd.70 pg_epoch: 71583 pg[218.431( empty local-les=71433 n=0 ec=71423 les/c 71433/71433 71582/71582/71582) [78,1] r=-1 lpr=71582 pi=71432-71581/1 crt=0'0 inactive NOTIFY] handle_advance_map [14,20,1]/[14,20,1] -- 14/14
2014-12-08 18:14:00.996772 7f28fc345700 20 PGPool::update cached_removed_snaps [] newly_removed_snaps [] snapc 0=[] (no change)
2014-12-08 18:14:00.996769 7f28fcb46700 7 osd.70 pg_epoch: 71592 pg[19.6e( v 51072'48910307 (50495'48906592,51072'48910307] local-les=51066 n=855 ec=21298 les/c 51101/50495 71591/71591/71591) [70,16,13] r=0 lpr=71591 pi=50489-71590/150 crt=51071'48910301 lcod 0'0 mlcod 0'0 peering] state: handle ActMap primary
2014-12-08 18:14:00.996773 7f28fc345700 10 osd.70 pg_epoch: 71584 pg[218.431( empty local-les=71433 n=0 ec=71423 les/c 71433/71433 71582/71582/71582) [78,1] r=-1 lpr=71582 pi=71432-71581/1 crt=0'0 inactive NOTIFY] state: Reset advmap
2014-12-08 18:14:00.996781 7f28fc345700 10 osd.70 pg_epoch: 71584 pg[218.431( empty local-les=71433 n=0 ec=71423 les/c 71433/71433 71582/71582/71582) [78,1] r=-1 lpr=71582 pi=71432-71581/1 crt=0'0 inactive NOTIFY] _calc_past_interval_range: already have past intervals back to 71433
2014-12-08 18:14:00.996786 7f28fc345700 20 osd.70 pg_epoch: 71584 pg[218.431( empty local-les=71433 n=0 ec=71423 les/c 71433/71433 71582/71582/71582) [78,1] r=-1 lpr=71582 pi=71432-71581/1 crt=0'0 inactive NOTIFY] new interval newup [14,20,1] newacting [14,20,1]
2014-12-08 18:14:00.996784 7f28fcb46700 15 osd.70 pg_epoch: 71592 pg[19.6e( v 51072'48910307 (50495'48906592,51072'48910307] local-les=51066 n=855 ec=21298 les/c 51101/50495 71591/71591/71591) [70,16,13] r=0 lpr=71591 pi=50489-71590/150 crt=51071'48910301 lcod 0'0 mlcod 0'0 peering] publish_stats_to_osd 71592:63844730
2014-12-08 18:14:00.996793 7f28fc345700 10 osd.70 pg_epoch: 71584 pg[218.431( empty local-les=71433 n=0 ec=71423 les/c 71433/71433 71582/71582/71582) [78,1] r=-1 lpr=71582 pi=71432-71581/1 crt=0'0 inactive NOTIFY] state: should restart peering, calling start_peering_interval again
2014-12-08 18:14:00.996800 7f28fc345700 20 osd.70 pg_epoch: 71584 pg[218.431( empty local-les=71433 n=0 ec=71423 les/c 71433/71433 71582/71582/71582) [78,1] r=-1 lpr=71582 pi=71432-71581/1 crt=0'0 inactive NOTIFY] set_last_peering_reset 71584
2014-12-08 18:14:00.996797 7f28fcb46700 10 osd.70 pg_epoch: 71592 pg[19.6e( v 51072'48910307 (50495'48906592,51072'48910307] local-les=51066 n=855 ec=21298 les/c 51101/50495 71591/71591/71591) [70,16,13] r=0 lpr=71591 pi=50489-71590/150 crt=51071'48910301 lcod 0'0 mlcod 0'0 peering] take_waiters
2014-12-08 18:14:00.996806 7f28fc345700 10 osd.70 pg_epoch: 71584 pg[218.431( empty local-les=71433 n=0 ec=71423 les/c 71433/71433 71582/71582/71582) [78,1] r=-1 lpr=71584 pi=71432-71581/1 crt=0'0 inactive NOTIFY] Clearing blocked outgoing recovery messages
2014-12-08 18:14:00.996811 7f28fc345700 10 osd.70 pg_epoch: 71584 pg[218.431( empty local-les=71433 n=0 ec=71423 les/c 71433/71433 71582/71582/71582) [78,1] r=-1 lpr=71584 pi=71432-71581/1 crt=0'0 inactive NOTIFY] Not blocking outgoing recovery messages
2014-12-08 18:14:00.996820 7f28fc345700 10 osd.70 pg_epoch: 71584 pg[218.431( empty local-les=71433 n=0 ec=71423 les/c 71433/71433 71582/71582/71582) [14,20,1] r=-1 lpr=71584 pi=71432-71583/2 crt=0'0 inactive NOTIFY] start_peering_interval: check_new_interval output: generate_past_intervals interval(71582-71583 up [78,1](78) acting [78,1](78)): not rw, up_thru 71582 up_from 69689 last_epoch_clean 71433 generate_past_intervals interval(71582-71583 up [78,1](78) acting [78,1](78) maybe_went_rw) : primary up 69689-71582 includes interval
2014-12-08 18:14:00.996826 7f28fc345700 10 osd.70 pg_epoch: 71584 pg[218.431( empty local-les=71433 n=0 ec=71423 les/c 71433/71433 71582/71582/71582) [14,20,1] r=-1 lpr=71584 pi=71432-71583/2 crt=0'0 inactive NOTIFY] noting past interval(71582-71583 up [78,1](78) acting [78,1](78) maybe_went_rw)
2014-12-08 18:14:00.996832 7f28fc345700 10 osd.70 pg_epoch: 71584 pg[218.431( empty local-les=71433 n=0 ec=71423 les/c 71433/71433 71584/71584/71584) [14,20,1] r=-1 lpr=71584 pi=71432-71583/2 crt=0'0 inactive NOTIFY] up [78,1] -> [14,20,1], acting [78,1] -> [14,20,1], acting_primary 78 -> 14, up_primary 78 -> 14, role -1 -> -1
2014-12-08 18:14:00.996831 7f28fcb46700 20 osd.70 pg_epoch: 71592 pg[19.6e( v 51072'48910307 (50495'48906592,51072'48910307] local-les=51066 n=855 ec=21298 les/c 51101/50495 71591/71591/71591) [70,16,13] r=0 lpr=71591 pi=50489-71590/150 crt=51071'48910301 lcod 0'0 mlcod 0'0 peering] handle_activate_map: Not dirtying info: last_persisted is 71591 while current is 71592
2014-12-08 18:14:00.996844 7f28fc345700 10 osd.70 pg_epoch: 71584 pg[218.431( empty local-les=71433 n=0 ec=71423 les/c 71433/71433 71584/71584/71584) [14,20,1] r=-1 lpr=71584 pi=71432-71583/2 crt=0'0 inactive NOTIFY] on_change
2014-12-08 18:14:00.996850 7f28fc345700 15 osd.70 pg_epoch: 71584 pg[218.431( empty local-les=71433 n=0 ec=71423 les/c 71433/71433 71584/71584/71584) [14,20,1] r=-1 lpr=71584 pi=71432-71583/2 crt=0'0 inactive NOTIFY] publish_stats_to_osd -- not primary
2014-12-08 18:14:00.996846 7f28fcb46700 10 osd.70 pg_epoch: 71592 pg[19.6e( v 51072'48910307 (50495'48906592,51072'48910307] local-les=51066 n=855 ec=21298 les/c 51101/50495 71591/71591/71591) [70,16,13] r=0 lpr=71591 pi=50489-71590/150 crt=51071'48910301 lcod 0'0 mlcod 0'0 peering] handle_peering_event: epoch_sent: 71591 epoch_requested: 71591 MNotifyRec from 58 notify: (query_epoch:71591, epoch_sent:71591, info:19.6e( empty local-les=0 n=0 ec=21298 les/c 51101/50495 71591/71591/71591)) features: 0x3fffffffffff
2014-12-08 18:14:00.996856 7f28fc345700 15 osd.70 pg_epoch: 71584 pg[218.431( empty local-les=71433 n=0 ec=71423 les/c 71433/71433 71584/71584/71584) [14,20,1] r=-1 lpr=71584 pi=71432-71583/2 crt=0'0 inactive NOTIFY] requeue_ops
2014-12-08 18:14:00.996862 7f28fc345700 10 osd.70 pg_epoch: 71584 pg[218.431( empty local-les=71433 n=0 ec=71423 les/c 71433/71433 71584/71584/71584) [14,20,1] r=-1 lpr=71584 pi=71432-71583/2 crt=0'0 inactive NOTIFY] cancel_copy_ops
2014-12-08 18:14:00.996860 7f28fcb46700 10 osd.70 pg_epoch: 71592 pg[19.6e( v 51072'48910307 (50495'48906592,51072'48910307] local-les=51066 n=855 ec=21298 les/c 51101/50495 71591/71591/71591) [70,16,13] r=0 lpr=71591 pi=50489-71590/150 crt=51071'48910301 lcod 0'0 mlcod 0'0 peering] got osd.58 19.6e( empty local-les=0 n=0 ec=21298 les/c 51101/50495 71591/71591/71591)
2014-12-08 18:14:00.996869 7f28fc345700 10 osd.70 pg_epoch: 71584 pg[218.431( empty local-les=71433 n=0 ec=71423 les/c 71433/71433 71584/71584/71584) [14,20,1] r=-1 lpr=71584 pi=71432-71583/2 crt=0'0 inactive NOTIFY] cancel_flush_ops
2014-12-08 18:14:00.996874 7f28fc345700 10 osd.70 pg_epoch: 71584 pg[218.431( empty local-les=71433 n=0 ec=71423 les/c 71433/71433 71584/71584/71584) [14,20,1] r=-1 lpr=71584 pi=71432-71583/2 crt=0'0 inactive NOTIFY] on_change_cleanup
2014-12-08 18:14:00.996879 7f28fc345700 10 osd.70 pg_epoch: 71584 pg[218.431( empty local-les=71433 n=0 ec=71423 les/c 71433/71433 71584/71584/71584) [14,20,1] r=-1 lpr=71584 pi=71432-71583/2 crt=0'0 inactive NOTIFY] on_change
2014-12-08 18:14:00.996876 7f28fcb46700 10 osd.70 pg_epoch: 71592 pg[19.6e( v 51072'48910307 (50495'48906592,51072'48910307] local-les=51066 n=855 ec=21298 les/c 51101/50495 71591/71591/71591) [70,16,13] r=0 lpr=71591 pi=50489-71590/150 crt=51071'48910301 lcod 0'0 mlcod 0'0 peering] osd.58 has stray content: 19.6e( empty local-les=0 n=0 ec=21298 les/c 51101/50495 71591/71591/71591)
2014-12-08 18:14:00.996886 7f28fc345700 20 osd.70 pg_epoch: 71584 pg[218.431( empty local-les=71433 n=0 ec=71423 les/c 71433/71433 71584/71584/71584) [14,20,1] r=-1 lpr=71584 pi=71432-71583/2 crt=0'0 inactive NOTIFY] exit NotTrimming
2014-12-08 18:14:00.996893 7f28fc345700 20 osd.70 pg_epoch: 71584 pg[218.431( empty local-les=71433 n=0 ec=71423 les/c 71433/71433 71584/71584/71584) [14,20,1] r=-1 lpr=71584 pi=71432-71583/2 crt=0'0 inactive NOTIFY] enter NotTrimming
2014-12-08 18:14:00.996890 7f28fcb46700 10 osd.70 pg_epoch: 71592 pg[19.6e( v 51072'48910307 (50495'48906592,51072'48910307] local-les=51066 n=855 ec=21298 les/c 51101/50495 71591/71591/71591) [70,16,13] r=0 lpr=71591 pi=50489-71590/150 crt=51071'48910301 lcod 0'0 mlcod 0'0 peering] update_heartbeat_peers 13,16,70 -> 13,16,58,70
2014-12-08 18:14:00.996903 7f28fcb46700 20 osd.70 71592 need_heartbeat_peer_update
2014-12-08 18:14:00.996899 7f28fc345700 10 osd.70 pg_epoch: 71584 pg[218.431( empty local-les=71433 n=0 ec=71423 les/c 71433/71433 71584/71584/71584) [14,20,1] r=-1 lpr=71584 pi=71432-71583/2 crt=0'0 inactive NOTIFY] pg[218.431( empty local-les=71433 n=0 ec=71423 les/c 71433/71433 71584/71584/71584) [14,20,1] r=-1 lpr=71584 pi=71432-71583/2 crt=0'0 inactive NOTIFY] [78,1] -> [14,20,1], acting primary 78 -> 14
2014-12-08 18:14:00.996909 7f28fc345700 10 osd.70 pg_epoch: 71584 pg[218.431( empty local-les=71433 n=0 ec=71423 les/c 71433/71433 71584/71584/71584) [14,20,1] r=-1 lpr=71584 pi=71432-71583/2 crt=0'0 inactive NOTIFY] cancel_recovery
2014-12-08 18:14:00.996905 7f28fcb46700 20 osd.70 pg_epoch: 71592 pg[19.6e( v 51072'48910307 (50495'48906592,51072'48910307] local-les=51066 n=855 ec=21298 les/c 51101/50495 71591/71591/71591) [70,16,13] r=0 lpr=71591 pi=50489-71590/150 crt=51071'48910301 lcod 0'0 mlcod 0'0 peering] state: Adding osd: 58 features: 3fffffffffff
2014-12-08 18:14:00.996918 7f28fcb46700 10 log is not dirty
2014-12-08 18:14:00.996916 7f28fc345700 10 osd.70 pg_epoch: 71584 pg[218.431( empty local-les=71433 n=0 ec=71423 les/c 71433/71433 71584/71584/71584) [14,20,1] r=-1 lpr=71584 pi=71432-71583/2 crt=0'0 inactive NOTIFY] clear_recovery_state
2014-12-08 18:14:00.996922 7f28fc345700 10 osd.70 pg_epoch: 71584 pg[218.431( empty local-les=71433 n=0 ec=71423 les/c 71433/71433 71584/71584/71584) [14,20,1] r=-1 lpr=71584 pi=71432-71583/2 crt=0'0 inactive NOTIFY] check_recovery_sources no source osds () went down
2014-12-08 18:14:00.996931 7f28fcb46700 10 osd.70 71592 queue_want_up_thru want 71592 <= queued 71592, currently 71591
2014-12-08 18:14:00.996935 7f28fcb46700 20 osd.70 71592 share_map_peer 0x12750420 don't know epoch, doing nothing
2014-12-08 18:14:00.996932 7f28fc345700 10 osd.70 pg_epoch: 71584 pg[218.431( empty local-les=71433 n=0 ec=71423 les/c 71433/71433 71584/71584/71584) [14,20,1] r=-1 lpr=71584 pi=71432-71583/2 crt=0'0 inactive NOTIFY] handle_advance_map [14,20,1]/[14,20,1] -- 14/14
2014-12-08 18:14:00.996938 7f28fcb46700 7 osd.70 71592 do_notifies osd 3 on 1 PGs
2014-12-08 18:14:00.996941 7f28fc345700 20 PGPool::update cached_removed_snaps [] newly_removed_snaps [] snapc 0=[] (no change)
2014-12-08 18:14:00.996943 7f28fc345700 10 osd.70 pg_epoch: 71585 pg[218.431( empty local-les=71433 n=0 ec=71423 les/c 71433/71433 71584/71584/71584) [14,20,1] r=-1 lpr=71584 pi=71432-71583/2 crt=0'0 inactive NOTIFY] state: Reset advmap
2014-12-08 18:14:00.996948 7f28fc345700 10 osd.70 pg_epoch: 71585 pg[218.431( empty local-les=71433 n=0 ec=71423 les/c 71433/71433 71584/71584/71584) [14,20,1] r=-1 lpr=71584 pi=71432-71583/2 crt=0'0 inactive NOTIFY] _calc_past_interval_range: already have past intervals back to 71433
2014-12-08 18:14:00.996955 7f28fc345700 10 osd.70 pg_epoch: 71585 pg[218.431( empty local-les=71433 n=0 ec=71423 les/c 71433/71433 71584/71584/71584) [14,20,1] r=-1 lpr=71584 pi=71432-71583/2 crt=0'0 inactive NOTIFY] check_recovery_sources no source osds () went down
2014-12-08 18:14:00.996936 7f28fbb44700 10 osd.70 71592 dequeue_op 0x1285d300 prio 63 cost 4096 latency 0.220713 osd_op(client.3273665.0:2102384 rbd_data.31f57912639066.0000000000000001 [stat,set-alloc-hint object_size 8388608 write_size 8388608,write 3440640~4096] 19.e66bec6e RETRY=100 ack+ondisk+retry+write e71592) v4 pg pg[19.6e( v 51072'48910307 (50495'48906592,51072'48910307] local-les=51066 n=855 ec=21298 les/c 51101/50495 71591/71591/71591) [70,16,13] r=0 lpr=71591 pi=50489-71590/150 crt=51071'48910301 lcod 0'0 mlcod 0'0 peering]
2014-12-08 18:14:00.996964 7f28fcb46700 20 osd.70 71592 share_map_peer 0x118b9e40 don't know epoch, doing nothing
2014-12-08 18:14:00.996967 7f28fcb46700 7 osd.70 71592 do_notifies osd 4 on 1 PGs
2014-12-08 18:14:00.996964 7f28fc345700 10 osd.70 pg_epoch: 71585 pg[218.431( empty local-les=71433 n=0 ec=71423 les/c 71433/71433 71584/71584/71584) [14,20,1] r=-1 lpr=71584 pi=71432-71583/2 crt=0'0 inactive NOTIFY] handle_advance_map [14,20,1]/[14,20,1] -- 14/14
2014-12-08 18:14:00.996972 7f28fc345700 20 PGPool::update cached_removed_snaps [] newly_removed_snaps [] snapc 0=[] (no change)
2014-12-08 18:14:00.996974 7f28fc345700 10 osd.70 pg_epoch: 71586 pg[218.431( empty local-les=71433 n=0 ec=71423 les/c 71433/71433 71584/71584/71584) [14,20,1] r=-1 lpr=71584 pi=71432-71583/2 crt=0'0 inactive NOTIFY] state: Reset advmap
2014-12-08 18:14:00.996983 7f28fcb46700 20 osd.70 71592 share_map_peer 0x1262d9c0 already has epoch 71592
2014-12-08 18:14:00.996986 7f28fcb46700 7 osd.70 71592 do_notifies osd 5 on 1 PGs
2014-12-08 18:14:00.996984 7f28fc345700 10 osd.70 pg_epoch: 71586 pg[218.431( empty local-les=71433 n=0 ec=71423 les/c 71433/71433 71584/71584/71584) [14,20,1] r=-1 lpr=71584 pi=71432-71583/2 crt=0'0 inactive NOTIFY] _calc_past_interval_range: already have past intervals back to 71433
2014-12-08 18:14:00.996993 7f28fc345700 10 osd.70 pg_epoch: 71586 pg[218.431( empty local-les=71433 n=0 ec=71423 les/c 71433/71433 71584/71584/71584) [14,20,1] r=-1 lpr=71584 pi=71432-71583/2 crt=0'0 inactive NOTIFY] check_recovery_sources no source osds () went down
2014-12-08 18:14:00.996987 7f28fbb44700 20 osd.70 pg_epoch: 71592 pg[19.6e( v 51072'48910307 (50495'48906592,51072'48910307] local-les=51066 n=855 ec=21298 les/c 51101/50495 71591/71591/71591) [70,16,13] r=0 lpr=71591 pi=50489-71590/150 crt=51071'48910301 lcod 0'0 mlcod 0'0 peering] op_has_sufficient_caps pool=19 (volumes ) owner=0 need_read_cap=1 need_write_cap=1 need_class_read_cap=0 need_class_write_cap=0 -> yes
2014-12-08 18:14:00.997002 7f28fcb46700 20 osd.70 71592 share_map_peer 0x127b7fa0 already has epoch 71592
2014-12-08 18:14:00.997004 7f28fcb46700 7 osd.70 71592 do_notifies osd 7 on 1 PGs
2014-12-08 18:14:00.997003 7f28fc345700 10 osd.70 pg_epoch: 71586 pg[218.431( empty local-les=71433 n=0 ec=71423 les/c 71433/71433 71584/71584/71584) [14,20,1] r=-1 lpr=71584 pi=71432-71583/2 crt=0'0 inactive NOTIFY] handle_advance_map [78,1]/[78,1] -- 78/78
2014-12-08 18:14:00.997013 7f28fc345700 20 PGPool::update cached_removed_snaps [] newly_removed_snaps [] snapc 0=[] (no change)
2014-12-08 18:14:00.997003 7f28fbb44700 10 osd.70 pg_epoch: 71592 pg[19.6e( v 51072'48910307 (50495'48906592,51072'48910307] local-les=51066 n=855 ec=21298 les/c 51101/50495 71591/71591/71591) [70,16,13] r=0 lpr=71591 pi=50489-71590/150 crt=51071'48910301 lcod 0'0 mlcod 0'0 peering] can_handle_while_inactive: 0x1285d300
2014-12-08 18:14:00.997018 7f28fbb44700 10 osd.70 71592 dequeue_op 0x1285d300 finish
2014-12-08 18:14:00.997017 7f28fc345700 10 osd.70 pg_epoch: 71587 pg[218.431( empty local-les=71433 n=0 ec=71423 les/c 71433/71433 71584/71584/71584) [14,20,1] r=-1 lpr=71584 pi=71432-71583/2 crt=0'0 inactive NOTIFY] state: Reset advmap
2014-12-08 18:14:00.997022 7f28fcb46700 20 osd.70 71592 share_map_peer 0x127f8100 don't know epoch, doing nothing
2014-12-08 18:14:00.997025 7f28fcb46700 7 osd.70 71592 do_notifies osd 9 on 2 PGs
2014-12-08 18:14:00.997022 7f28fc345700 10 osd.70 pg_epoch: 71587 pg[218.431( empty local-les=71433 n=0 ec=71423 les/c 71433/71433 71584/71584/71584) [14,20,1] r=-1 lpr=71584 pi=71432-71583/2 crt=0'0 inactive NOTIFY] _calc_past_interval_range: already have past intervals back to 71433
2014-12-08 18:14:00.997029 7f28fc345700 20 osd.70 pg_epoch: 71587 pg[218.431( empty local-les=71433 n=0 ec=71423 les/c 71433/71433 71584/71584/71584) [14,20,1] r=-1 lpr=71584 pi=71432-71583/2 crt=0'0 inactive NOTIFY] new interval newup [78,1] newacting [78,1]
2014-12-08 18:14:00.997035 7f28fc345700 10 osd.70 pg_epoch: 71587 pg[218.431( empty local-les=71433 n=0 ec=71423 les/c 71433/71433 71584/71584/71584) [14,20,1] r=-1 lpr=71584 pi=71432-71583/2 crt=0'0 inactive NOTIFY] state: should restart peering, calling start_peering_interval again
2014-12-08 18:14:00.997041 7f28fc345700 20 osd.70 pg_epoch: 71587 pg[218.431( empty local-les=71433 n=0 ec=71423 les/c 71433/71433 71584/71584/71584) [14,20,1] r=-1 lpr=71584 pi=71432-71583/2 crt=0'0 inactive NOTIFY] set_last_peering_reset 71587
2014-12-08 18:14:00.997044 7f28fcb46700 20 osd.70 71592 share_map_peer 0x126b8c00 don't know epoch, doing nothing
2014-12-08 18:14:00.997047 7f28fcb46700 7 osd.70 71592 do_notifies osd 16 on 1 PGs
2014-12-08 18:14:00.997046 7f28fc345700 10 osd.70 pg_epoch: 71587 pg[218.431( empty local-les=71433 n=0 ec=71423 les/c 71433/71433 71584/71584/71584) [14,20,1] r=-1 lpr=71587 pi=71432-71583/2 crt=0'0 inactive NOTIFY] Clearing blocked outgoing recovery messages
2014-12-08 18:14:00.997030 7f28f933f700 10 osd.70 71592 dequeue_op 0x1285d400 prio 63 cost 4096 latency 0.220541 osd_op(client.3273665.0:2102385 rbd_data.31f57912639066.0000000000000001 [stat,set-alloc-hint object_size 8388608 write_size 8388608,write 3457024~4096] 19.e66bec6e RETRY=100 ack+ondisk+retry+write e71592) v4 pg pg[19.6e( v 51072'48910307 (50495'48906592,51072'48910307] local-les=51066 n=855 ec=21298 les/c 51101/50495 71591/71591/71591) [70,16,13] r=0 lpr=71591 pi=50489-71590/150 crt=51071'48910301 lcod 0'0 mlcod 0'0 peering]
2014-12-08 18:14:00.997054 7f28fc345700 10 osd.70 pg_epoch: 71587 pg[218.431( empty local-les=71433 n=0 ec=71423 les/c 71433/71433 71584/71584/71584) [14,20,1] r=-1 lpr=71587 pi=71432-71583/2 crt=0'0 inactive NOTIFY] Not blocking outgoing recovery messages
2014-12-08 18:14:00.997065 7f28fcb46700 20 osd.70 71592 share_map_peer 0x126b8940 don't know epoch, doing nothing
2014-12-08 18:14:00.997067 7f28fcb46700 7 osd.70 71592 do_notifies osd 19 on 1 PGs
2014-12-08 18:14:00.997065 7f28fc345700 10 osd.70 pg_epoch: 71587 pg[218.431( empty local-les=71433 n=0 ec=71423 les/c 71433/71433 71584/71584/71584) [78,1] r=-1 lpr=71587 pi=71432-71586/3 crt=0'0 inactive NOTIFY] start_peering_interval: check_new_interval output: generate_past_intervals interval(71584-71586 up [14,20,1](14) acting [14,20,1](14)): not rw, up_thru 71585 up_from 69670 last_epoch_clean 71433 generate_past_intervals interval(71584-71586 up [14,20,1](14) acting [14,20,1](14) maybe_went_rw) : primary up 69670-71585 includes interval
2014-12-08 18:14:00.997075 7f28fc345700 10 osd.70 pg_epoch: 71587 pg[218.431( empty local-les=71433 n=0 ec=71423 les/c 71433/71433 71584/71584/71584) [78,1] r=-1 lpr=71587 pi=71432-71586/3 crt=0'0 inactive NOTIFY] noting past interval(71584-71586 up [14,20,1](14) acting [14,20,1](14) maybe_went_rw)
2014-12-08 18:14:00.997083 7f28fcb46700 20 osd.70 71592 share_map_peer 0x1268b760 don't know epoch, doing nothing
2014-12-08 18:14:00.997086 7f28fcb46700 7 osd.70 71592 do_notifies osd 23 on 2 PGs
2014-12-08 18:14:00.997081 7f28fc345700 10 osd.70 pg_epoch: 71587 pg[218.431( empty local-les=71433 n=0 ec=71423 les/c 71433/71433 71587/71587/71587) [78,1] r=-1 lpr=71587 pi=71432-71586/3 crt=0'0 inactive NOTIFY] up [14,20,1] -> [78,1], acting [14,20,1] -> [78,1], acting_primary 14 -> 78, up_primary 14 -> 78, role -1 -> -1
2014-12-08 18:14:00.997076 7f28f933f700 20 osd.70 pg_epoch: 71592 pg[19.6e( v 51072'48910307 (50495'48906592,51072'48910307] local-les=51066 n=855 ec=21298 les/c 51101/50495 71591/71591/71591) [70,16,13] r=0 lpr=71591 pi=50489-71590/150 crt=51071'48910301 lcod 0'0 mlcod 0'0 peering] op_has_sufficient_caps pool=19 (volumes ) owner=0 need_read_cap=1 need_write_cap=1 need_class_read_cap=0 need_class_write_cap=0 -> yes
2014-12-08 18:14:00.997091 7f28fc345700 10 osd.70 pg_epoch: 71587 pg[218.431( empty local-les=71433 n=0 ec=71423 les/c 71433/71433 71587/71587/71587) [78,1] r=-1 lpr=71587 pi=71432-71586/3 crt=0'0 inactive NOTIFY] on_change
2014-12-08 18:14:00.997096 7f28fc345700 15 osd.70 pg_epoch: 71587 pg[218.431( empty local-les=71433 n=0 ec=71423 les/c 71433/71433 71587/71587/71587) [78,1] r=-1 lpr=71587 pi=71432-71586/3 crt=0'0 inactive NOTIFY] publish_stats_to_osd -- not primary
2014-12-08 18:14:00.997095 7f28f933f700 10 osd.70 pg_epoch: 71592 pg[19.6e( v 51072'48910307 (50495'48906592,51072'48910307] local-les=51066 n=855 ec=21298 les/c 51101/50495 71591/71591/71591) [70,16,13] r=0 lpr=71591 pi=50489-71590/150 crt=51071'48910301 lcod 0'0 mlcod 0'0 peering] can_handle_while_inactive: 0x1285d400
2014-12-08 18:14:00.997105 7f28f933f700 10 osd.70 71592 dequeue_op 0x1285d400 finish
2014-12-08 18:14:00.997104 7f28fcb46700 20 osd.70 71592 share_map_peer 0x12769700 already has epoch 71592
2014-12-08 18:14:00.997102 7f28fc345700 15 osd.70 pg_epoch: 71587 pg[218.431( empty local-les=71433 n=0 ec=71423 les/c 71433/71433 71587/71587/71587) [78,1] r=-1 lpr=71587 pi=71432-71586/3 crt=0'0 inactive NOTIFY] requeue_ops
2014-12-08 18:14:00.997108 7f28fcb46700 7 osd.70 71592 do_notifies osd 25 on 1 PGs
2014-12-08 18:14:00.997109 7f28fc345700 10 osd.70 pg_epoch: 71587 pg[218.431( empty local-les=71433 n=0 ec=71423 les/c 71433/71433 71587/71587/71587) [78,1] r=-1 lpr=71587 pi=71432-71586/3 crt=0'0 inactive NOTIFY] cancel_copy_ops
2014-12-08 18:14:00.997115 7f28fc345700 10 osd.70 pg_epoch: 71587 pg[218.431( empty local-les=71433 n=0 ec=71423 les/c 71433/71433 71587/71587/71587) [78,1] r=-1 lpr=71587 pi=71432-71586/3 crt=0'0 inactive NOTIFY] cancel_flush_ops
2014-12-08 18:14:00.997120 7f28fc345700 10 osd.70 pg_epoch: 71587 pg[218.431( empty local-les=71433 n=0 ec=71423 les/c 71433/71433 71587/71587/71587) [78,1] r=-1 lpr=71587 pi=71432-71586/3 crt=0'0 inactive NOTIFY] on_change_cleanup
2014-12-08 18:14:00.997124 7f28fcb46700 20 osd.70 71592 share_map_peer 0x126b8680 already has epoch 71592
2014-12-08 18:14:00.997126 7f28fcb46700 7 osd.70 71592 do_notifies osd 56 on 1 PGs
2014-12-08 18:14:00.997125 7f28fc345700 10 osd.70 pg_epoch: 71587 pg[218.431( empty local-les=71433 n=0 ec=71423 les/c 71433/71433 71587/71587/71587) [78,1] r=-1 lpr=71587 pi=71432-71586/3 crt=0'0 inactive NOTIFY] on_change
2014-12-08 18:14:00.997133 7f28fc345700 20 osd.70 pg_epoch: 71587 pg[218.431( empty local-les=71433 n=0 ec=71423 les/c 71433/71433 71587/71587/71587) [78,1] r=-1 lpr=71587 pi=71432-71586/3 crt=0'0 inactive NOTIFY] exit NotTrimming
2014-12-08 18:14:00.997139 7f28fc345700 20 osd.70 pg_epoch: 71587 pg[218.431( empty local-les=71433 n=0 ec=71423 les/c 71433/71433 71587/71587/71587) [78,1] r=-1 lpr=71587 pi=71432-71586/3 crt=0'0 inactive NOTIFY] enter NotTrimming
2014-12-08 18:14:00.997143 7f28fcb46700 20 osd.70 71592 share_map_peer 0x12889ce0 don't know epoch, doing nothing
2014-12-08 18:14:00.997146 7f28fcb46700 7 osd.70 71592 do_notifies osd 66 on 1 PGs
2014-12-08 18:14:00.997143 7f28fc345700 10 osd.70 pg_epoch: 71587 pg[218.431( empty local-les=71433 n=0 ec=71423 les/c 71433/71433 71587/71587/71587) [78,1] r=-1 lpr=71587 pi=71432-71586/3 crt=0'0 inactive NOTIFY] pg[218.431( empty local-les=71433 n=0 ec=71423 les/c 71433/71433 71587/71587/71587) [78,1] r=-1 lpr=71587 pi=71432-71586/3 crt=0'0 inactive NOTIFY] [14,20,1] -> [78,1], acting primary 14 -> 78
2014-12-08 18:14:00.997155 7f28fc345700 10 osd.70 pg_epoch: 71587 pg[218.431( empty local-les=71433 n=0 ec=71423 les/c 71433/71433 71587/71587/71587) [78,1] r=-1 lpr=71587 pi=71432-71586/3 crt=0'0 inactive NOTIFY] cancel_recovery
2014-12-08 18:14:00.997159 7f28fc345700 10 osd.70 pg_epoch: 71587 pg[218.431( empty local-les=71433 n=0 ec=71423 les/c 71433/71433 71587/71587/71587) [78,1] r=-1 lpr=71587 pi=71432-71586/3 crt=0'0 inactive NOTIFY] clear_recovery_state
2014-12-08 18:14:00.997166 7f28fc345700 10 osd.70 pg_epoch: 71587 pg[218.431( empty local-les=71433 n=0 ec=71423 les/c 71433/71433 71587/71587/71587) [78,1] r=-1 lpr=71587 pi=71432-71586/3 crt=0'0 inactive NOTIFY] check_recovery_sources no source osds () went down
2014-12-08 18:14:00.997179 7f28fc345700 10 osd.70 pg_epoch: 71587 pg[218.431( empty local-les=71433 n=0 ec=71423 les/c 71433/71433 71587/71587/71587) [78,1] r=-1 lpr=71587 pi=71432-71586/3 crt=0'0 inactive NOTIFY] handle_advance_map [78,1]/[78,1] -- 78/78
2014-12-08 18:14:00.997186 7f28fc345700 20 PGPool::update cached_removed_snaps [] newly_removed_snaps [] snapc 0=[] (no change) --
2014-12-08 18:14:01.016564 7f28fcb46700 10 osd.70 pg_epoch: 71592 pg[19.6e( v 51072'48910307 (50495'48906592,51072'48910307] local-les=51066 n=855 ec=21298 les/c 51101/50495 71591/71591/71591) [70,16,13] r=0 lpr=71591 pi=50489-71590/150 crt=51071'48910301 lcod 0'0 mlcod 0'0 peering] handle_peering_event: epoch_sent: 71591 epoch_requested: 71591 MNotifyRec from 30 notify: (query_epoch:71591, epoch_sent:71591, info:19.6e( empty local-les=0 n=0 ec=21298 les/c 51101/50495 71591/71591/71591)) features: 0x3fffffffffff
2014-12-08 18:14:01.016576 7f28fc345700 10 osd.70 pg_epoch: 71586 pg[218.71a( v 71581'3 (0'0,71581'3] local-les=71433 n=3 ec=71423 les/c 71433/71433 71584/71584/71425) [10,68,4] r=-1 lpr=71584 pi=71423-71583/6 crt=71580'1 lcod 0'0 inactive NOTIFY] handle_advance_map [10,4]/[10,4] -- 10/10
2014-12-08 18:14:01.016583 7f28fc345700 20 PGPool::update cached_removed_snaps [] newly_removed_snaps [] snapc 0=[] (no change)
2014-12-08 18:14:01.016586 7f28fc345700 10 osd.70 pg_epoch: 71587 pg[218.71a( v 71581'3 (0'0,71581'3] local-les=71433 n=3 ec=71423 les/c 71433/71433 71584/71584/71425) [10,68,4] r=-1 lpr=71584 pi=71423-71583/6 crt=71580'1 lcod 0'0 inactive NOTIFY] state: Reset advmap
2014-12-08 18:14:01.016582 7f28fcb46700 10 osd.70 pg_epoch: 71592 pg[19.6e( v 51072'48910307 (50495'48906592,51072'48910307] local-les=51066 n=855 ec=21298 les/c 51101/50495 71591/71591/71591) [70,16,13] r=0 lpr=71591 pi=50489-71590/150 crt=51071'48910301 lcod 0'0 mlcod 0'0 peering] got osd.30 19.6e( empty local-les=0 n=0 ec=21298 les/c 51101/50495 71591/71591/71591)
2014-12-08 18:14:01.016593 7f28fc345700 10 osd.70 pg_epoch: 71587 pg[218.71a( v 71581'3 (0'0,71581'3] local-les=71433 n=3 ec=71423 les/c 71433/71433 71584/71584/71425) [10,68,4] r=-1 lpr=71584 pi=71423-71583/6 crt=71580'1 lcod 0'0 inactive NOTIFY] _calc_past_interval_range: already have past intervals back to 71433
2014-12-08 18:14:01.016601 7f28fc345700 20 osd.70 pg_epoch: 71587 pg[218.71a( v 71581'3 (0'0,71581'3] local-les=71433 n=3 ec=71423 les/c 71433/71433 71584/71584/71425) [10,68,4] r=-1 lpr=71584 pi=71423-71583/6 crt=71580'1 lcod 0'0 inactive NOTIFY] new interval newup [10,4] newacting [10,4]
2014-12-08 18:14:01.016609 7f28fc345700 10 osd.70 pg_epoch: 71587 pg[218.71a( v 71581'3 (0'0,71581'3] local-les=71433 n=3 ec=71423 les/c 71433/71433 71584/71584/71425) [10,68,4] r=-1 lpr=71584 pi=71423-71583/6 crt=71580'1 lcod 0'0 inactive NOTIFY] state: should restart peering, calling start_peering_interval again
2014-12-08 18:14:01.016600 7f28fcb46700 10 osd.70 pg_epoch: 71592 pg[19.6e( v 51072'48910307 (50495'48906592,51072'48910307] local-les=51066 n=855 ec=21298 les/c 51101/50495 71591/71591/71591) [70,16,13] r=0 lpr=71591 pi=50489-71590/150 crt=51071'48910301 lcod 0'0 mlcod 0'0 peering] osd.30 has stray content: 19.6e( empty local-les=0 n=0 ec=21298 les/c 51101/50495 71591/71591/71591)
2014-12-08 18:14:01.016616 7f28fc345700 20 osd.70 pg_epoch: 71587 pg[218.71a( v 71581'3 (0'0,71581'3] local-les=71433 n=3 ec=71423 les/c 71433/71433 71584/71584/71425) [10,68,4] r=-1 lpr=71584 pi=71423-71583/6 crt=71580'1 lcod 0'0 inactive NOTIFY] set_last_peering_reset 71587
2014-12-08 18:14:01.016624 7f28fc345700 10 osd.70 pg_epoch: 71587 pg[218.71a( v 71581'3 (0'0,71581'3] local-les=71433 n=3 ec=71423 les/c 71433/71433 71584/71584/71425) [10,68,4] r=-1 lpr=71587 pi=71423-71583/6 crt=71580'1 lcod 0'0 inactive NOTIFY] Clearing blocked outgoing recovery messages
2014-12-08 18:14:01.016618 7f28fcb46700 10 osd.70 pg_epoch: 71592 pg[19.6e( v 51072'48910307 (50495'48906592,51072'48910307] local-les=51066 n=855 ec=21298 les/c 51101/50495 71591/71591/71591) [70,16,13] r=0 lpr=71591 pi=50489-71590/150 crt=51071'48910301 lcod 0'0 mlcod 0'0 peering] update_heartbeat_peers 13,16,58,70 -> 13,16,30,58,70
2014-12-08 18:14:01.016633 7f28fcb46700 20 osd.70 71592 need_heartbeat_peer_update
2014-12-08 18:14:01.016632 7f28fc345700 10 osd.70 pg_epoch: 71587 pg[218.71a( v 71581'3 (0'0,71581'3] local-les=71433 n=3 ec=71423 les/c 71433/71433 71584/71584/71425) [10,68,4] r=-1 lpr=71587 pi=71423-71583/6 crt=71580'1 lcod 0'0 inactive NOTIFY] Not blocking outgoing recovery messages
2014-12-08 18:14:01.016636 7f28fcb46700 20 osd.70 pg_epoch: 71592 pg[19.6e( v 51072'48910307 (50495'48906592,51072'48910307] local-les=51066 n=855 ec=21298 les/c 51101/50495 71591/71591/71591) [70,16,13] r=0 lpr=71591 pi=50489-71590/150 crt=51071'48910301 lcod 0'0 mlcod 0'0 peering] state: Adding osd: 30 features: 3fffffffffff
2014-12-08 18:14:01.016649 7f28fcb46700 10 log is not dirty
2014-12-08 18:14:01.016647 7f28fc345700 10 osd.70 pg_epoch: 71587 pg[218.71a( v 71581'3 (0'0,71581'3] local-les=71433 n=3 ec=71423 les/c 71433/71433 71584/71584/71425) [10,4] r=-1 lpr=71587 pi=71423-71586/7 crt=71580'1 lcod 0'0 inactive NOTIFY] start_peering_interval: check_new_interval output: generate_past_intervals interval(71584-71586 up [10,68,4](10) acting [10,68,4](10)): not rw, up_thru 71585 up_from 69670 last_epoch_clean 71433 generate_past_intervals interval(71584-71586 up [10,68,4](10) acting [10,68,4](10) maybe_went_rw) : primary up 69670-71585 includes interval
2014-12-08 18:14:01.016657 7f28fc345700 10 osd.70 pg_epoch: 71587 pg[218.71a( v 71581'3 (0'0,71581'3] local-les=71433 n=3 ec=71423 les/c 71433/71433 71584/71584/71425) [10,4] r=-1 lpr=71587 pi=71423-71586/7 crt=71580'1 lcod 0'0 inactive NOTIFY] noting past interval(71584-71586 up [10,68,4](10) acting [10,68,4](10) maybe_went_rw)
2014-12-08 18:14:01.016656 7f28fcb46700 10 osd.70 pg_epoch: 71592 pg[218.3dd( v 71581'2 (0'0,71581'2] local-les=71437 n=2 ec=71423 les/c 71437/71437 71591/71592/71592) [70,66,14]/[66,14,8] r=-1 lpr=71592 pi=71432-71591/5 crt=0'0 lcod 0'0 remapped NOTIFY] handle_peering_event: epoch_sent: 71591 epoch_requested: 71591 MNotifyRec from 8 notify: (query_epoch:71591, epoch_sent:71591, info:218.3dd( v 71581'2 lc 0'0 (0'0,71581'2] local-les=71585 n=2 ec=71423 les/c 71585/71583 71591/71591/71591)) features: 0x3fffffffffff
2014-12-08 18:14:01.016666 7f28fc345700 10 osd.70 pg_epoch: 71587 pg[218.71a( v 71581'3 (0'0,71581'3] local-les=71433 n=3 ec=71423 les/c 71433/71433 71587/71587/71425) [10,4] r=-1 lpr=71587 pi=71423-71586/7 crt=71580'1 lcod 0'0 inactive NOTIFY] up [10,68,4] -> [10,4], acting [10,68,4] -> [10,4], acting_primary 10 -> 10, up_primary 10 -> 10, role -1 -> -1
2014-12-08 18:14:01.016669 7f28fcb46700 10 osd.70 pg_epoch: 71592 pg[218.3dd( v 71581'2 (0'0,71581'2] local-les=71437 n=2 ec=71423 les/c 71437/71437 71591/71592/71592) [70,66,14]/[66,14,8] r=-1 lpr=71592 pi=71432-71591/5 crt=0'0 lcod 0'0 remapped NOTIFY] old_peering_msg reply_epoch 71591 query_epoch 71591 last_peering_reset 71592
2014-12-08 18:14:01.016682 7f28fcb46700 10 log is not dirty
2014-12-08 18:14:01.016675 7f28fc345700 10 osd.70 pg_epoch: 71587 pg[218.71a( v 71581'3 (0'0,71581'3] local-les=71433 n=3 ec=71423 les/c 71433/71433 71587/71587/71425) [10,4] r=-1 lpr=71587 pi=71423-71586/7 crt=71580'1 lcod 0'0 inactive NOTIFY] on_change
2014-12-08 18:14:01.016687 7f28fc345700 15 osd.70 pg_epoch: 71587 pg[218.71a( v 71581'3 (0'0,71581'3] local-les=71433 n=3 ec=71423 les/c 71433/71433 71587/71587/71425) [10,4] r=-1 lpr=71587 pi=71423-71586/7 crt=71580'1 lcod 0'0 inactive NOTIFY] publish_stats_to_osd -- not primary
2014-12-08 18:14:01.016693 7f28fc345700 15 osd.70 pg_epoch: 71587 pg[218.71a( v 71581'3 (0'0,71581'3] local-les=71433 n=3 ec=71423 les/c 71433/71433 71587/71587/71425) [10,4] r=-1 lpr=71587 pi=71423-71586/7 crt=71580'1 lcod 0'0 inactive NOTIFY] requeue_ops
2014-12-08 18:14:01.016691 7f28fcb46700 10 osd.70 pg_epoch: 71592 pg[217.bb( v 71377'16307 (71377'13306,71377'16307] local-les=71435 n=22 ec=71094 les/c 71586/71583 71591/71591/71591) [70,78,25] r=0 lpr=71591 pi=71434-71590/6 crt=71377'16305 lcod 0'0 mlcod 0'0 peering] handle_peering_event: epoch_sent: 71591 epoch_requested: 71591 MNotifyRec from 5 notify: (query_epoch:71591, epoch_sent:71591, info:217.bb( v 71377'16307 (71377'13307,71377'16307] lb 0//0//-1 local-les=0 n=0 ec=71094 les/c 71586/71583 71591/71591/71591)) features: 0x3fffffffffff
2014-12-08 18:14:01.016701 7f28fc345700 10 osd.70 pg_epoch: 71587 pg[218.71a( v 71581'3 (0'0,71581'3] local-les=71433 n=3 ec=71423 les/c 71433/71433 71587/71587/71425) [10,4] r=-1 lpr=71587 pi=71423-71586/7 crt=71580'1 lcod 0'0 inactive NOTIFY] cancel_copy_ops
2014-12-08 18:14:01.016707 7f28fc345700 10 osd.70 pg_epoch: 71587 pg[218.71a( v 71581'3 (0'0,71581'3] local-les=71433 n=3 ec=71423 les/c 71433/71433 71587/71587/71425) [10,4] r=-1 lpr=71587 pi=71423-71586/7 crt=71580'1 lcod 0'0 inactive NOTIFY] cancel_flush_ops
2014-12-08 18:14:01.016714 7f28fc345700 10 osd.70 pg_epoch: 71587 pg[218.71a( v 71581'3 (0'0,71581'3] local-les=71433 n=3 ec=71423 les/c 71433/71433 71587/71587/71425) [10,4] r=-1 lpr=71587 pi=71423-71586/7 crt=71580'1 lcod 0'0 inactive NOTIFY] on_change_cleanup
2014-12-08 18:14:01.016707 7f28fcb46700 10 osd.70 pg_epoch: 71592 pg[217.bb( v 71377'16307 (71377'13306,71377'16307] local-les=71435 n=22 ec=71094 les/c 71586/71583 71591/71591/71591) [70,78,25] r=0 lpr=71591 pi=71434-71590/6 crt=71377'16305 lcod 0'0 mlcod 0'0 peering] got osd.5 217.bb( v 71377'16307 (71377'13307,71377'16307] lb 0//0//-1 local-les=0 n=0 ec=71094 les/c 71586/71583 71591/71591/71591)
2014-12-08 18:14:01.016722 7f28fc345700 10 osd.70 pg_epoch: 71587 pg[218.71a( v 71581'3 (0'0,71581'3] local-les=71433 n=3 ec=71423 les/c 71433/71433 71587/71587/71425) [10,4] r=-1 lpr=71587 pi=71423-71586/7 crt=71580'1 lcod 0'0 inactive NOTIFY] on_change
2014-12-08 18:14:01.016729 7f28fc345700 20 osd.70 pg_epoch: 71587 pg[218.71a( v 71581'3 (0'0,71581'3] local-les=71433 n=3 ec=71423 les/c 71433/71433 71587/71587/71425) [10,4] r=-1 lpr=71587 pi=71423-71586/7 crt=71580'1 lcod 0'0 inactive NOTIFY] exit NotTrimming
