2014-12-08 18:14:01.016727 7f28fcb46700 10 osd.70 pg_epoch: 71592 pg[217.bb( v 71377'16307 (71377'13306,71377'16307] local-les=71435 n=22 ec=71094 les/c 71586/71583 71591/71591/71591) [70,78,25] r=0 lpr=71591 pi=71434-71590/6 crt=71377'16305 lcod 0'0 mlcod 0'0 peering] osd.5 has stray content: 217.bb( v 71377'16307 (71377'13307,71377'16307] lb 0//0//-1 local-les=0 n=0 ec=71094 les/c 71586/71583 71591/71591/71591) --
2014-12-08 18:14:01.020602 7f28fcb46700 10 osd.70 pg_epoch: 71592 pg[19.6e( v 51072'48910307 (50495'48906592,51072'48910307] local-les=51066 n=855 ec=21298 les/c 51101/50495 71591/71591/71591) [70,16,13] r=0 lpr=71591 pi=50489-71590/150 crt=51071'48910301 lcod 0'0 mlcod 0'0 peering] handle_peering_event: epoch_sent: 71591 epoch_requested: 71591 MNotifyRec from 76 notify: (query_epoch:71591, epoch_sent:71591, info:19.6e( empty local-les=0 n=0 ec=21298 les/c 51101/50495 71591/71591/71591)) features: 0x3fffffffffff
2014-12-08 18:14:01.020617 7f28fc345700 10 osd.70 pg_epoch: 71585 pg[217.fc( v 71377'4103 (71377'1102,71377'4103] local-les=71434 n=12 ec=71094 les/c 71434/71434 71584/71585/71168) [18,4,64]/[18,4] r=-1 lpr=71585 pi=71094-71584/31 crt=71377'4100 lcod 0'0 remapped NOTIFY] on_change_cleanup
2014-12-08 18:14:01.020623 7f28fc345700 10 osd.70 pg_epoch: 71585 pg[217.fc( v 71377'4103 (71377'1102,71377'4103] local-les=71434 n=12 ec=71094 les/c 71434/71434 71584/71585/71168) [18,4,64]/[18,4] r=-1 lpr=71585 pi=71094-71584/31 crt=71377'4100 lcod 0'0 remapped NOTIFY] on_change
2014-12-08 18:14:01.020622 7f28fcb46700 10 osd.70 pg_epoch: 71592 pg[19.6e( v 51072'48910307 (50495'48906592,51072'48910307] local-les=51066 n=855 ec=21298 les/c 51101/50495 71591/71591/71591) [70,16,13] r=0 lpr=71591 pi=50489-71590/150 crt=51071'48910301 lcod 0'0 mlcod 0'0 peering] got osd.76 19.6e( empty local-les=0 n=0 ec=21298 les/c 51101/50495 71591/71591/71591)
2014-12-08 18:14:01.020631 7f28fc345700 20 osd.70 pg_epoch: 71585 pg[217.fc( v 71377'4103 (71377'1102,71377'4103] local-les=71434 n=12 ec=71094 les/c 71434/71434 71584/71585/71168) [18,4,64]/[18,4] r=-1 lpr=71585 pi=71094-71584/31 crt=71377'4100 lcod 0'0 remapped NOTIFY] exit NotTrimming
2014-12-08 18:14:01.020638 7f28fc345700 20 osd.70 pg_epoch: 71585 pg[217.fc( v 71377'4103 (71377'1102,71377'4103] local-les=71434 n=12 ec=71094 les/c 71434/71434 71584/71585/71168) [18,4,64]/[18,4] r=-1 lpr=71585 pi=71094-71584/31 crt=71377'4100 lcod 0'0 remapped NOTIFY] enter NotTrimming
2014-12-08 18:14:01.020638 7f28fcb46700 10 osd.70 pg_epoch: 71592 pg[19.6e( v 51072'48910307 (50495'48906592,51072'48910307] local-les=51066 n=855 ec=21298 les/c 51101/50495 71591/71591/71591) [70,16,13] r=0 lpr=71591 pi=50489-71590/150 crt=51071'48910301 lcod 0'0 mlcod 0'0 peering] osd.76 has stray content: 19.6e( empty local-les=0 n=0 ec=21298 les/c 51101/50495 71591/71591/71591)
2014-12-08 18:14:01.020647 7f28fc345700 10 osd.70 pg_epoch: 71585 pg[217.fc( v 71377'4103 (71377'1102,71377'4103] local-les=71434 n=12 ec=71094 les/c 71434/71434 71584/71585/71168) [18,4,64]/[18,4] r=-1 lpr=71585 pi=71094-71584/31 crt=71377'4100 lcod 0'0 remapped NOTIFY] cancel_recovery
2014-12-08 18:14:01.020653 7f28fc345700 10 osd.70 pg_epoch: 71585 pg[217.fc( v 71377'4103 (71377'1102,71377'4103] local-les=71434 n=12 ec=71094 les/c 71434/71434 71584/71585/71168) [18,4,64]/[18,4] r=-1 lpr=71585 pi=71094-71584/31 crt=71377'4100 lcod 0'0 remapped NOTIFY] clear_recovery_state
2014-12-08 18:14:01.020651 7f28fcb46700 10 osd.70 pg_epoch: 71592 pg[19.6e( v 51072'48910307 (50495'48906592,51072'48910307] local-les=51066 n=855 ec=21298 les/c 51101/50495 71591/71591/71591) [70,16,13] r=0 lpr=71591 pi=50489-71590/150 crt=51071'48910301 lcod 0'0 mlcod 0'0 peering] update_heartbeat_peers 13,16,30,58,70 -> 13,16,30,58,70,76
2014-12-08 18:14:01.020664 7f28fcb46700 20 osd.70 71592 need_heartbeat_peer_update
2014-12-08 18:14:01.020662 7f28fc345700 10 osd.70 pg_epoch: 71585 pg[217.fc( v 71377'4103 (71377'1102,71377'4103] local-les=71434 n=12 ec=71094 les/c 71434/71434 71584/71585/71168) [18,4,64]/[18,4] r=-1 lpr=71585 pi=71094-71584/31 crt=71377'4100 lcod 0'0 remapped NOTIFY] check_recovery_sources no source osds () went down
2014-12-08 18:14:01.020666 7f28fcb46700 20 osd.70 pg_epoch: 71592 pg[19.6e( v 51072'48910307 (50495'48906592,51072'48910307] local-les=51066 n=855 ec=21298 les/c 51101/50495 71591/71591/71591) [70,16,13] r=0 lpr=71591 pi=50489-71590/150 crt=51071'48910301 lcod 0'0 mlcod 0'0 peering] state: Adding osd: 76 features: 3fffffffffff
2014-12-08 18:14:01.020677 7f28fcb46700 10 log is not dirty
2014-12-08 18:14:01.020676 7f28fc345700 10 osd.70 pg_epoch: 71585 pg[217.fc( v 71377'4103 (71377'1102,71377'4103] local-les=71434 n=12 ec=71094 les/c 71434/71434 71584/71585/71168) [18,4,64]/[18,4] r=-1 lpr=71585 pi=71094-71584/31 crt=71377'4100 lcod 0'0 remapped NOTIFY] handle_advance_map [18,4,64]/[18,4] -- 18/18
2014-12-08 18:14:01.020684 7f28fc345700 20 PGPool::update cached_removed_snaps [] newly_removed_snaps [] snapc 0=[] (no change)
2014-12-08 18:14:01.020686 7f28fc345700 10 osd.70 pg_epoch: 71586 pg[217.fc( v 71377'4103 (71377'1102,71377'4103] local-les=71434 n=12 ec=71094 les/c 71434/71434 71584/71585/71168) [18,4,64]/[18,4] r=-1 lpr=71585 pi=71094-71584/31 crt=71377'4100 lcod 0'0 remapped NOTIFY] state: Reset advmap
2014-12-08 18:14:01.020693 7f28fc345700 10 osd.70 pg_epoch: 71586 pg[217.fc( v 71377'4103 (71377'1102,71377'4103] local-les=71434 n=12 ec=71094 les/c 71434/71434 71584/71585/71168) [18,4,64]/[18,4] r=-1 lpr=71585 pi=71094-71584/31 crt=71377'4100 lcod 0'0 remapped NOTIFY] _calc_past_interval_range: already have past intervals back to 71434
2014-12-08 18:14:01.020690 7f28fcb46700 10 osd.70 pg_epoch: 71591 pg[218.4d( v 71581'1 (0'0,71581'1] local-les=71457 n=1 ec=71423 les/c 71457/71457 71591/71591/71425) [6,19,70] r=2 lpr=71591 pi=71423-71590/9 crt=0'0 lcod 0'0 inactive NOTIFY] handle_advance_map [6,19,70]/[6,19,9] -- 6/6
2014-12-08 18:14:01.020705 7f28fcb46700 20 PGPool::update cached_removed_snaps [] newly_removed_snaps [] snapc 0=[] (no change)
2014-12-08 18:14:01.020701 7f28fc345700 10 osd.70 pg_epoch: 71586 pg[217.fc( v 71377'4103 (71377'1102,71377'4103] local-les=71434 n=12 ec=71094 les/c 71434/71434 71584/71585/71168) [18,4,64]/[18,4] r=-1 lpr=71585 pi=71094-71584/31 crt=71377'4100 lcod 0'0 remapped NOTIFY] check_recovery_sources no source osds () went down
2014-12-08 18:14:01.020710 7f28fcb46700 10 osd.70 pg_epoch: 71592 pg[218.4d( v 71581'1 (0'0,71581'1] local-les=71457 n=1 ec=71423 les/c 71457/71457 71591/71591/71425) [6,19,70] r=2 lpr=71591 pi=71423-71590/9 crt=0'0 lcod 0'0 inactive NOTIFY] state: Started advmap
2014-12-08 18:14:01.020715 7f28fc345700 10 osd.70 pg_epoch: 71586 pg[217.fc( v 71377'4103 (71377'1102,71377'4103] local-les=71434 n=12 ec=71094 les/c 71434/71434 71584/71585/71168) [18,4,64]/[18,4] r=-1 lpr=71585 pi=71094-71584/31 crt=71377'4100 lcod 0'0 remapped NOTIFY] handle_advance_map [18,4]/[18,4] -- 18/18
2014-12-08 18:14:01.020725 7f28fc345700 20 PGPool::update cached_removed_snaps [] newly_removed_snaps [] snapc 0=[] (no change)
2014-12-08 18:14:01.020719 7f28fcb46700 20 osd.70 pg_epoch: 71592 pg[218.4d( v 71581'1 (0'0,71581'1] local-les=71457 n=1 ec=71423 les/c 71457/71457 71591/71591/71425) [6,19,70] r=2 lpr=71591 pi=71423-71590/9 crt=0'0 lcod 0'0 inactive NOTIFY] new interval newup [6,19,70] newacting [6,19,9]
2014-12-08 18:14:01.020728 7f28fc345700 10 osd.70 pg_epoch: 71587 pg[217.fc( v 71377'4103 (71377'1102,71377'4103] local-les=71434 n=12 ec=71094 les/c 71434/71434 71584/71585/71168) [18,4,64]/[18,4] r=-1 lpr=71585 pi=71094-71584/31 crt=71377'4100 lcod 0'0 remapped NOTIFY] state: Reset advmap
2014-12-08 18:14:01.020730 7f28fcb46700 10 osd.70 pg_epoch: 71592 pg[218.4d( v 71581'1 (0'0,71581'1] local-les=71457 n=1 ec=71423 les/c 71457/71457 71591/71591/71425) [6,19,70] r=2 lpr=71591 pi=71423-71590/9 crt=0'0 lcod 0'0 inactive NOTIFY] state: should_restart_peering, transitioning to Reset
2014-12-08 18:14:01.020737 7f28fc345700 10 osd.70 pg_epoch: 71587 pg[217.fc( v 71377'4103 (71377'1102,71377'4103] local-les=71434 n=12 ec=71094 les/c 71434/71434 71584/71585/71168) [18,4,64]/[18,4] r=-1 lpr=71585 pi=71094-71584/31 crt=71377'4100 lcod 0'0 remapped NOTIFY] _calc_past_interval_range: already have past intervals back to 71434
2014-12-08 18:14:01.020745 7f28fcb46700 5 osd.70 pg_epoch: 71592 pg[218.4d( v 71581'1 (0'0,71581'1] local-les=71457 n=1 ec=71423 les/c 71457/71457 71591/71591/71425) [6,19,70] r=2 lpr=71591 pi=71423-71590/9 crt=0'0 lcod 0'0 inactive NOTIFY] exit Started/Stray 0.502858 2 0.000120
2014-12-08 18:14:01.020747 7f28fc345700 20 osd.70 pg_epoch: 71587 pg[217.fc( v 71377'4103 (71377'1102,71377'4103] local-les=71434 n=12 ec=71094 les/c 71434/71434 71584/71585/71168) [18,4,64]/[18,4] r=-1 lpr=71585 pi=71094-71584/31 crt=71377'4100 lcod 0'0 remapped NOTIFY] new interval newup [18,4] newacting [18,4]
2014-12-08 18:14:01.020756 7f28fc345700 10 osd.70 pg_epoch: 71587 pg[217.fc( v 71377'4103 (71377'1102,71377'4103] local-les=71434 n=12 ec=71094 les/c 71434/71434 71584/71585/71168) [18,4,64]/[18,4] r=-1 lpr=71585 pi=71094-71584/31 crt=71377'4100 lcod 0'0 remapped NOTIFY] state: should restart peering, calling start_peering_interval again
2014-12-08 18:14:01.020757 7f28fcb46700 5 osd.70 pg_epoch: 71592 pg[218.4d( v 71581'1 (0'0,71581'1] local-les=71457 n=1 ec=71423 les/c 71457/71457 71591/71591/71425) [6,19,70] r=2 lpr=71591 pi=71423-71590/9 crt=0'0 lcod 0'0 inactive NOTIFY] exit Started 0.502915 0 0.000000
2014-12-08 18:14:01.020764 7f28fc345700 20 osd.70 pg_epoch: 71587 pg[217.fc( v 71377'4103 (71377'1102,71377'4103] local-les=71434 n=12 ec=71094 les/c 71434/71434 71584/71585/71168) [18,4,64]/[18,4] r=-1 lpr=71585 pi=71094-71584/31 crt=71377'4100 lcod 0'0 remapped NOTIFY] set_last_peering_reset 71587 --
2014-12-08 18:14:01.026014 7f28fcb46700 10 osd.70 pg_epoch: 71592 pg[19.6e( v 51072'48910307 (50495'48906592,51072'48910307] local-les=51066 n=855 ec=21298 les/c 51101/50495 71591/71591/71591) [70,16,13] r=0 lpr=71591 pi=50489-71590/150 crt=51071'48910301 lcod 0'0 mlcod 0'0 peering] handle_peering_event: epoch_sent: 71591 epoch_requested: 71591 MNotifyRec from 4 notify: (query_epoch:71591, epoch_sent:71591, info:19.6e( v 51072'48910307 (50495'48906592,51072'48910307] local-les=51066 n=855 ec=21298 les/c 51101/50495 71591/71591/71591)) features: 0x3fffffffffff
2014-12-08 18:14:01.026032 7f28fcb46700 10 osd.70 pg_epoch: 71592 pg[19.6e( v 51072'48910307 (50495'48906592,51072'48910307] local-les=51066 n=855 ec=21298 les/c 51101/50495 71591/71591/71591) [70,16,13] r=0 lpr=71591 pi=50489-71590/150 crt=51071'48910301 lcod 0'0 mlcod 0'0 peering] got osd.4 19.6e( v 51072'48910307 (50495'48906592,51072'48910307] local-les=51066 n=855 ec=21298 les/c 51101/50495 71591/71591/71591)
2014-12-08 18:14:01.026037 7f28fc345700 10 osd.70 pg_epoch: 71592 pg[19.30( v 71397'38291943 (70960'38288942,71397'38291943] local-les=71445 n=911 ec=21298 les/c 71583/71583 71591/71591/71591) [70,66,1] r=0 lpr=71591 pi=71444-71590/6 crt=71397'38291940 lcod 0'0 mlcod 0'0 peering] calc_acting osd.1 19.30( v 71397'38291943 (70960'38288942,71397'38291943] local-les=71586 n=911 ec=21298 les/c 71583/71583 71591/71591/71591)
2014-12-08 18:14:01.026054 7f2904b56700 7 osd.70 71592 handle_pg_info pg_info(1 pgs e71592:20.31(3)) v4 from osd.16
2014-12-08 18:14:01.026047 7f28fc345700 10 osd.70 pg_epoch: 71592 pg[19.30( v 71397'38291943 (70960'38288942,71397'38291943] local-les=71445 n=911 ec=21298 les/c 71583/71583 71591/71591/71591) [70,66,1] r=0 lpr=71591 pi=71444-71590/6 crt=71397'38291940 lcod 0'0 mlcod 0'0 peering] calc_acting osd.8 19.30( v 71397'38291943 (70960'38288943,71397'38291943] lb 0//0//-1 local-les=0 n=0 ec=21298 les/c 71583/71583 71591/71591/71591)
2014-12-08 18:14:01.026058 7f2904b56700 15 osd.70 71592 require_same_or_newer_map 71592 (i am 71592) 0x12b79c00
2014-12-08 18:14:01.026047 7f28fcb46700 10 osd.70 pg_epoch: 71592 pg[19.6e( v 51072'48910307 (50495'48906592,51072'48910307] local-les=51066 n=855 ec=21298 les/c 51101/50495 71591/71591/71591) [70,16,13] r=0 lpr=71591 pi=50489-71590/150 crt=51071'48910301 lcod 0'0 mlcod 0'0 peering] osd.4 has stray content: 19.6e( v 51072'48910307 (50495'48906592,51072'48910307] local-les=51066 n=855 ec=21298 les/c 51101/50495 71591/71591/71591)
2014-12-08 18:14:01.026060 7f28fc345700 10 osd.70 pg_epoch: 71592 pg[19.30( v 71397'38291943 (70960'38288942,71397'38291943] local-les=71445 n=911 ec=21298 les/c 71583/71583 71591/71591/71591) [70,66,1] r=0 lpr=71591 pi=71444-71590/6 crt=71397'38291940 lcod 0'0 mlcod 0'0 peering] calc_acting osd.66 19.30( v 71397'38291943 (70960'38288942,71397'38291943] local-les=71583 n=911 ec=21298 les/c 71583/71583 71591/71591/71591)
2014-12-08 18:14:01.026066 7f28fcb46700 10 osd.70 pg_epoch: 71592 pg[19.6e( v 51072'48910307 (50495'48906592,51072'48910307] local-les=51066 n=855 ec=21298 les/c 51101/50495 71591/71591/71591) [70,16,13] r=0 lpr=71591 pi=50489-71590/150 crt=51071'48910301 lcod 0'0 mlcod 0'0 peering] update_heartbeat_peers 13,16,30,58,70,76 -> 4,13,16,30,58,70,76
2014-12-08 18:14:01.026071 7f28fc345700 10 osd.70 pg_epoch: 71592 pg[19.30( v 71397'38291943 (70960'38288942,71397'38291943] local-les=71445 n=911 ec=21298 les/c 71583/71583 71591/71591/71591) [70,66,1] r=0 lpr=71591 pi=71444-71590/6 crt=71397'38291940 lcod 0'0 mlcod 0'0 peering] calc_acting osd.70 19.30( v 71397'38291943 (70960'38288942,71397'38291943] local-les=71445 n=911 ec=21298 les/c 71583/71583 71591/71591/71591)
2014-12-08 18:14:01.026081 7f28fcb46700 20 osd.70 71592 need_heartbeat_peer_update
2014-12-08 18:14:01.026083 7f2904b56700 10 osd.70 71592 do_waiters -- start
2014-12-08 18:14:01.026086 7f2904b56700 10 osd.70 71592 do_waiters -- finish
2014-12-08 18:14:01.026083 7f28fc345700 10 osd.70 pg_epoch: 71592 pg[19.30( v 71397'38291943 (70960'38288942,71397'38291943] local-les=71445 n=911 ec=21298 les/c 71583/71583 71591/71591/71591) [70,66,1] r=0 lpr=71591 pi=71444-71590/6 crt=71397'38291940 lcod 0'0 mlcod 0'0 peering] calc_acting prefer osd.70 because it is current primary
2014-12-08 18:14:01.026084 7f28fcb46700 20 osd.70 pg_epoch: 71592 pg[19.6e( v 51072'48910307 (50495'48906592,51072'48910307] local-les=51066 n=855 ec=21298 les/c 51101/50495 71591/71591/71591) [70,16,13] r=0 lpr=71591 pi=50489-71590/150 crt=51071'48910301 lcod 0'0 mlcod 0'0 peering] state: Adding osd: 4 features: 3fffffffffff
2014-12-08 18:14:01.026121 7f28fcb46700 10 log is not dirty
2014-12-08 18:14:01.026113 7f28fc345700 10 osd.70 pg_epoch: 71592 pg[19.30( v 71397'38291943 (70960'38288942,71397'38291943] local-les=71445 n=911 ec=21298 les/c 71583/71583 71591/71591/71591) [70,66,1] r=0 lpr=71591 pi=71444-71590/6 crt=71397'38291940 lcod 0'0 mlcod 0'0 peering] calc_acting newest update on osd.70 with 19.30( v 71397'38291943 (70960'38288942,71397'38291943] local-les=71445 n=911 ec=21298 les/c 71583/71583 71591/71591/71591) up_primary: 70) selected as primary calc_acting primary is osd.70 with 19.30( v 71397'38291943 (70960'38288942,71397'38291943] local-les=71445 n=911 ec=21298 les/c 71583/71583 71591/71591/71591) osd.66 (up) accepted 19.30( v 71397'38291943 (70960'38288942,71397'38291943] local-les=71583 n=911 ec=21298 les/c 71583/71583 71591/71591/71591) osd.1 (up) accepted 19.30( v 71397'38291943 (70960'38288942,71397'38291943] local-les=71586 n=911 ec=21298 les/c 71583/71583 71591/71591/71591)
2014-12-08 18:14:01.026127 7f28fcb46700 10 osd.70 pg_epoch: 71592 pg[19.0( v 71377'41814799 (71180'41811798,71377'41814799] local-les=71436 n=828 ec=21298 les/c 71436/71436 71591/71591/71589) [63,70,14] r=1 lpr=71591 pi=57611-71590/80 crt=71377'41814797 lcod 0'0 inactive NOTIFY] handle_peering_event: epoch_sent: 71591 epoch_requested: 71591 MQuery from 63 query_epoch 71591 query: query(info 0'0)
2014-12-08 18:14:01.026140 7f28fcb46700 10 osd.70 pg_epoch: 71592 pg[19.0( v 71377'41814799 (71180'41811798,71377'41814799] local-les=71436 n=828 ec=21298 les/c 71590/71590 71591/71591/71589) [63,70,14] r=1 lpr=71591 pi=57611-71590/80 crt=71377'41814797 lcod 0'0 inactive NOTIFY] sending info
2014-12-08 18:14:01.026138 7f28fc345700 10 osd.70 pg_epoch: 71592 pg[19.30( v 71397'38291943 (70960'38288942,71397'38291943] local-les=71445 n=911 ec=21298 les/c 71583/71583 71591/71591/71591) [70,66,1] r=0 lpr=71591 pi=71444-71590/6 crt=71397'38291940 lcod 0'0 mlcod 0'0 peering] actingbackfill is 1,66,70
2014-12-08 18:14:01.026152 7f28fc345700 10 osd.70 pg_epoch: 71592 pg[19.30( v 71397'38291943 (70960'38288942,71397'38291943] local-les=71445 n=911 ec=21298 les/c 71583/71583 71591/71591/71591) [70,66,1] r=0 lpr=71591 pi=71444-71590/6 crt=71397'38291940 lcod 0'0 mlcod 0'0 peering] choose_acting want [70,66,1] (== acting) backfill_targets
2014-12-08 18:14:01.026169 7f28fc345700 10 osd.70 pg_epoch: 71592 pg[19.30( v 71397'38291943 (70960'38288942,71397'38291943] local-les=71445 n=911 ec=21298 les/c 71583/71583 71591/71591/71591) [70,66,1] r=0 lpr=71591 pi=71444-71590/6 crt=71397'38291940 lcod 0'0 mlcod 0'0 peering] state: leaving GetLog
2014-12-08 18:14:01.026186 7f28fc345700 5 osd.70 pg_epoch: 71592 pg[19.30( v 71397'38291943 (70960'38288942,71397'38291943] local-les=71445 n=911 ec=21298 les/c 71583/71583 71591/71591/71591) [70,66,1] r=0 lpr=71591 pi=71444-71590/6 crt=71397'38291940 lcod 0'0 mlcod 0'0 peering] exit Started/Primary/Peering/GetLog 0.000174 0 0.000000
2014-12-08 18:14:01.026219 7f28fc345700 15 osd.70 pg_epoch: 71592 pg[19.30( v 71397'38291943 (70960'38288942,71397'38291943] local-les=71445 n=911 ec=21298 les/c 71583/71583 71591/71591/71591) [70,66,1] r=0 lpr=71591 pi=71444-71590/6 crt=71397'38291940 lcod 0'0 mlcod 0'0 peering] publish_stats_to_osd 71592:46072339
2014-12-08 18:14:01.026227 7f28fc345700 5 osd.70 pg_epoch: 71592 pg[19.30( v 71397'38291943 (70960'38288942,71397'38291943] local-les=71445 n=911 ec=21298 les/c 71583/71583 71591/71591/71591) [70,66,1] r=0 lpr=71591 pi=71444-71590/6 crt=71397'38291940 lcod 0'0 mlcod 0'0 peering] enter Started/Primary/Peering/GetMissing
2014-12-08 18:14:01.026234 7f28fc345700 10 osd.70 pg_epoch: 71592 pg[19.30( v 71397'38291943 (70960'38288942,71397'38291943] local-les=71445 n=911 ec=21298 les/c 71583/71583 71591/71591/71591) [70,66,1] r=0 lpr=71591 pi=71444-71590/6 crt=71397'38291940 lcod 0'0 mlcod 0'0 peering] state: osd.1 has no missing, identical log
2014-12-08 18:14:01.026243 7f28fc345700 10 osd.70 pg_epoch: 71592 pg[19.30( v 71397'38291943 (70960'38288942,71397'38291943] local-les=71445 n=911 ec=21298 les/c 71583/71583 71591/71591/71591) [70,66,1] r=0 lpr=71591 pi=71444-71590/6 crt=71397'38291940 lcod 0'0 mlcod 0'0 peering] state: osd.66 has no missing, identical log
2014-12-08 18:14:01.026252 7f28fc345700 5 osd.70 pg_epoch: 71592 pg[19.30( v 71397'38291943 (70960'38288942,71397'38291943] local-les=71445 n=911 ec=21298 les/c 71583/71583 71591/71591/71591) [70,66,1] r=0 lpr=71591 pi=71444-71590/6 crt=71397'38291940 lcod 0'0 mlcod 0'0 peering] exit Started/Primary/Peering/GetMissing 0.000025 0 0.000000
2014-12-08 18:14:01.026260 7f28fc345700 15 osd.70 pg_epoch: 71592 pg[19.30( v 71397'38291943 (70960'38288942,71397'38291943] local-les=71445 n=911 ec=21298 les/c 71583/71583 71591/71591/71591) [70,66,1] r=0 lpr=71591 pi=71444-71590/6 crt=71397'38291940 lcod 0'0 mlcod 0'0 peering] publish_stats_to_osd 71592:46072340
2014-12-08 18:14:01.026267 7f28fc345700 10 osd.70 pg_epoch: 71592 pg[19.30( v 71397'38291943 (70960'38288942,71397'38291943] local-les=71445 n=911 ec=21298 les/c 71583/71583 71591/71591/71591) [70,66,1] r=0 lpr=71591 pi=71444-71590/6 crt=71397'38291940 lcod 0'0 mlcod 0'0 peering] state: Leaving Peering --
2014-12-08 18:14:01.045753 7f28fcb46700 10 osd.70 pg_epoch: 71592 pg[19.6e( v 51072'48910307 (50495'48906592,51072'48910307] local-les=51066 n=855 ec=21298 les/c 51101/50495 71591/71591/71591) [70,16,13] r=0 lpr=71591 pi=50489-71590/150 crt=51071'48910301 lcod 0'0 mlcod 0'0 peering] handle_peering_event: epoch_sent: 71591 epoch_requested: 71591 MNotifyRec from 16 notify: (query_epoch:71591, epoch_sent:71591, info:19.6e( empty local-les=0 n=0 ec=21298 les/c 51101/50495 71591/71591/71591)) features: 0x3fffffffffff
2014-12-08 18:14:01.045763 7f28fc345700 10 osd.70 pg_epoch: 71592 pg[218.39f( empty local-les=71446 n=0 ec=71423 les/c 71585/71585 71591/71591/71591) [70,13,16] r=0 lpr=71591 pi=71444-71590/4 crt=0'0 mlcod 0'0 peering] got osd.13 218.39f( empty local-les=71585 n=0 ec=71423 les/c 71585/71585 71591/71591/71591)
2014-12-08 18:14:01.045768 7f28fcb46700 10 osd.70 pg_epoch: 71592 pg[19.6e( v 51072'48910307 (50495'48906592,51072'48910307] local-les=51066 n=855 ec=21298 les/c 51101/50495 71591/71591/71591) [70,16,13] r=0 lpr=71591 pi=50489-71590/150 crt=51071'48910301 lcod 0'0 mlcod 0'0 peering] got osd.16 19.6e( empty local-les=0 n=0 ec=21298 les/c 51101/50495 71591/71591/71591)
2014-12-08 18:14:01.045790 7f28fc345700 10 osd.70 pg_epoch: 71592 pg[218.39f( empty local-les=71446 n=0 ec=71423 les/c 71585/71585 71591/71591/71591) [70,13,16] r=0 lpr=71591 pi=71444-71590/4 crt=0'0 mlcod 0'0 peering] update_heartbeat_peers 13,16,22,70 unchanged
2014-12-08 18:14:01.045795 7f28fcb46700 10 osd.70 pg_epoch: 71592 pg[19.6e( v 51072'48910307 (50495'48906592,51072'48910307] local-les=51066 n=855 ec=21298 les/c 51101/50495 71591/71591/71591) [70,16,13] r=0 lpr=71591 pi=50489-71590/150 crt=51071'48910301 lcod 0'0 mlcod 0'0 peering] update_heartbeat_peers 4,13,16,30,58,70,76 unchanged
2014-12-08 18:14:01.045805 7f28fc345700 20 osd.70 pg_epoch: 71592 pg[218.39f( empty local-les=71446 n=0 ec=71423 les/c 71585/71585 71591/71591/71591) [70,13,16] r=0 lpr=71591 pi=71444-71590/4 crt=0'0 mlcod 0'0 peering] state: Adding osd: 13 features: 3fffffffffff
2014-12-08 18:14:01.045809 7f28fcb46700 20 osd.70 pg_epoch: 71592 pg[19.6e( v 51072'48910307 (50495'48906592,51072'48910307] local-les=51066 n=855 ec=21298 les/c 51101/50495 71591/71591/71591) [70,16,13] r=0 lpr=71591 pi=50489-71590/150 crt=51071'48910301 lcod 0'0 mlcod 0'0 peering] state: Adding osd: 16 features: 3fffffffffff
2014-12-08 18:14:01.045821 7f28fcb46700 10 log is not dirty
2014-12-08 18:14:01.045822 7f28fc345700 10 log is not dirty
2014-12-08 18:14:01.045826 7f28fcb46700 10 osd.70 pg_epoch: 71592 pg[216.29a( v 71093'209 (0'0,71093'209] local-les=71453 n=104 ec=70987 les/c 71453/71453 71591/71591/71444) [19,70,14]/[19,14,58] r=-1 lpr=71591 pi=70987-71590/31 crt=71093'207 lcod 0'0 remapped NOTIFY] handle_peering_event: epoch_sent: 71591 epoch_requested: 71591 MQuery from 19 query_epoch 71591 query: query(info 0'0)
2014-12-08 18:14:01.045840 7f28fcb46700 10 osd.70 pg_epoch: 71592 pg[216.29a( v 71093'209 (0'0,71093'209] local-les=71453 n=104 ec=70987 les/c 71585/71583 71591/71591/71444) [19,70,14]/[19,14,58] r=-1 lpr=71591 pi=70987-71590/31 crt=71093'207 lcod 0'0 remapped NOTIFY] sending info
2014-12-08 18:14:01.045832 7f28fc345700 10 osd.70 pg_epoch: 71592 pg[217.fc( v 71377'4103 (71377'1102,71377'4103] local-les=71434 n=12 ec=71094 les/c 71434/71434 71591/71591/71168) [18,4,70] r=2 lpr=71591 pi=71094-71590/33 crt=71377'4100 lcod 0'0 inactive NOTIFY] handle_peering_event: epoch_sent: 71591 epoch_requested: 71591 MQuery from 18 query_epoch 71591 query: query(info 0'0)
2014-12-08 18:14:01.045852 7f28fc345700 10 osd.70 pg_epoch: 71592 pg[217.fc( v 71377'4103 (71377'1102,71377'4103] local-les=71434 n=12 ec=71094 les/c 71588/71588 71591/71591/71168) [18,4,70] r=2 lpr=71591 pi=71094-71590/33 crt=71377'4100 lcod 0'0 inactive NOTIFY] sending info
2014-12-08 18:14:01.045898 7f28fcb46700 10 log is not dirty
2014-12-08 18:14:01.045905 7f28fcb46700 10 osd.70 pg_epoch: 71592 pg[217.18( v 71377'4106 (71377'1105,71377'4106] local-les=71445 n=8 ec=71094 les/c 71586/71583 71591/71591/71591) [70,56,15] r=0 lpr=71591 pi=71444-71590/6 crt=71377'4103 lcod 0'0 mlcod 0'0 peering] handle_peering_event: epoch_sent: 71591 epoch_requested: 71591 MNotifyRec from 56 notify: (query_epoch:71591, epoch_sent:71591, info:217.18( v 71377'4106 (71377'1105,71377'4106] local-les=71586 n=8 ec=71094 les/c 71586/71583 71591/71591/71591)) features: 0x3fffffffffff
2014-12-08 18:14:01.045922 7f28fcb46700 10 osd.70 pg_epoch: 71592 pg[217.18( v 71377'4106 (71377'1105,71377'4106] local-les=71445 n=8 ec=71094 les/c 71586/71583 71591/71591/71591) [70,56,15] r=0 lpr=71591 pi=71444-71590/6 crt=71377'4103 lcod 0'0 mlcod 0'0 peering] got osd.56 217.18( v 71377'4106 (71377'1105,71377'4106] local-les=71586 n=8 ec=71094 les/c 71586/71583 71591/71591/71591)
2014-12-08 18:14:01.045944 7f28fc345700 10 log is not dirty
2014-12-08 18:14:01.045945 7f28fcb46700 10 osd.70 pg_epoch: 71592 pg[217.18( v 71377'4106 (71377'1105,71377'4106] local-les=71445 n=8 ec=71094 les/c 71586/71583 71591/71591/71591) [70,56,15] r=0 lpr=71591 pi=71444-71590/6 crt=71377'4103 lcod 0'0 mlcod 0'0 peering] update_heartbeat_peers 4,9,15,56,70 unchanged
2014-12-08 18:14:01.045957 7f28fcb46700 20 osd.70 pg_epoch: 71592 pg[217.18( v 71377'4106 (71377'1105,71377'4106] local-les=71445 n=8 ec=71094 les/c 71586/71583 71591/71591/71591) [70,56,15] r=0 lpr=71591 pi=71444-71590/6 crt=71377'4103 lcod 0'0 mlcod 0'0 peering] state: Adding osd: 56 features: 3fffffffffff
2014-12-08 18:14:01.045953 7f28fc345700 10 osd.70 pg_epoch: 71592 pg[218.760( empty local-les=71433 n=0 ec=71423 les/c 71433/71433 71591/71591/71425) [18,70,5]/[18,5,25] r=-1 lpr=71591 pi=71423-71590/9 crt=0'0 remapped NOTIFY] handle_peering_event: epoch_sent: 71591 epoch_requested: 71591 MQuery from 18 query_epoch 71591 query: query(info 0'0)
2014-12-08 18:14:01.045966 7f28fcb46700 10 osd.70 pg_epoch: 71592 pg[217.18( v 71377'4106 (71377'1105,71377'4106] local-les=71445 n=8 ec=71094 les/c 71586/71583 71591/71591/71591) [70,56,15] r=0 lpr=71591 pi=71444-71590/6 crt=71377'4103 lcod 0'0 mlcod 0'0 peering] state: last maybe_went_rw interval was interval(71587-71589 up [56,15](56) acting [15,56](15) maybe_went_rw)
2014-12-08 18:14:01.045975 7f28fc345700 10 osd.70 pg_epoch: 71592 pg[218.760( empty local-les=71433 n=0 ec=71423 les/c 71590/71590 71591/71591/71425) [18,70,5]/[18,5,25] r=-1 lpr=71591 pi=71423-71590/9 crt=0'0 remapped NOTIFY] sending info
2014-12-08 18:14:01.047030 7f28fcb46700 20 osd.70 pg_epoch: 71592 pg[217.18( v 71377'4106 (71377'1105,71377'4106] local-les=71445 n=8 ec=71094 les/c 71586/71583 71591/71591/71591) [70,56,15] r=0 lpr=71591 pi=71444-71590/6 crt=71377'4103 lcod 0'0 mlcod 0'0 peering] state: Common features: 3fffffffffff
2014-12-08 18:14:01.047047 7f28fcb46700 5 osd.70 pg_epoch: 71592 pg[217.18( v 71377'4106 (71377'1105,71377'4106] local-les=71445 n=8 ec=71094 les/c 71586/71583 71591/71591/71591) [70,56,15] r=0 lpr=71591 pi=71444-71590/6 crt=71377'4103 lcod 0'0 mlcod 0'0 peering] exit Started/Primary/Peering/GetInfo 0.460160 7 0.000645
2014-12-08 18:14:01.047052 7f2904b56700 10 osd.70 71592 do_waiters -- start
2014-12-08 18:14:01.047057 7f2904b56700 10 osd.70 71592 do_waiters -- finish
2014-12-08 18:14:01.047058 7f2904b56700 20 osd.70 71592 _dispatch 0x12cd0960 pg_notify(218.279(4) epoch 71592) v5 --
2014-12-08 18:14:01.103973 7f28fcb46700 10 osd.70 pg_epoch: 71592 pg[19.6e( v 51072'48910307 (50495'48906592,51072'48910307] local-les=51066 n=855 ec=21298 les/c 51101/50495 71591/71591/71591) [70,16,13] r=0 lpr=71591 pi=50489-71590/150 crt=51071'48910301 lcod 0'0 mlcod 0'0 peering] handle_peering_event: epoch_sent: 71591 epoch_requested: 71591 MNotifyRec from 13 notify: (query_epoch:71591, epoch_sent:71591, info:19.6e( DNE empty local-les=0 n=0 ec=0 les/c 0/0 0/0/0)) features: 0x3fffffffffff
2014-12-08 18:14:01.103970 7f28fc345700 10 osd.70 pg_epoch: 71592 pg[217.bb( v 71377'16307 (71377'13306,71377'16307] local-les=71592 n=22 ec=71094 les/c 71586/71583 71591/71591/71591) [70,78,25] r=0 lpr=71591 pi=71434-71590/6 crt=71377'16305 lcod 0'0 mlcod 0'0 inactive] handle_peering_event: epoch_sent: 71591 epoch_requested: 71591 MNotifyRec from 78 notify: (query_epoch:71591, epoch_sent:71591, info:217.bb( v 71377'16307 (71377'13306,71377'16307] local-les=71590 n=22 ec=71094 les/c 71586/71583 71591/71591/71591)) features: 0x3fffffffffff
2014-12-08 18:14:01.103995 7f28fcb46700 10 osd.70 pg_epoch: 71592 pg[19.6e( v 51072'48910307 (50495'48906592,51072'48910307] local-les=51066 n=855 ec=21298 les/c 51101/50495 71591/71591/71591) [70,16,13] r=0 lpr=71591 pi=50489-71590/150 crt=51071'48910301 lcod 0'0 mlcod 0'0 peering] got osd.13 19.6e( DNE empty local-les=0 n=0 ec=0 les/c 0/0 0/0/0)
2014-12-08 18:14:01.103996 7f28fc345700 10 osd.70 pg_epoch: 71592 pg[217.bb( v 71377'16307 (71377'13306,71377'16307] local-les=71592 n=22 ec=71094 les/c 71586/71583 71591/71591/71591) [70,78,25] r=0 lpr=71591 pi=71434-71590/6 crt=71377'16305 lcod 0'0 mlcod 0'0 inactive] state: Active: got notify from 78, already have info from that osd, ignoring
2014-12-08 18:14:01.104012 7f28fc345700 10 log is not dirty
2014-12-08 18:14:01.104014 7f2904b56700 10 osd.70 71592 do_waiters -- start
2014-12-08 18:14:01.104016 7f2904b56700 10 osd.70 71592 do_waiters -- finish
2014-12-08 18:14:01.104015 7f28fcb46700 10 osd.70 pg_epoch: 71592 pg[19.6e( v 51072'48910307 (50495'48906592,51072'48910307] local-les=51066 n=855 ec=21298 les/c 51101/50495 71591/71591/71591) [70,16,13] r=0 lpr=71591 pi=50489-71590/150 crt=51071'48910301 lcod 0'0 mlcod 0'0 peering] update_heartbeat_peers 4,13,16,30,58,70,76 unchanged
2014-12-08 18:14:01.104030 7f2904b56700 10 osd.70 71592 do_waiters -- start
2014-12-08 18:14:01.104024 7f28fcb46700 20 osd.70 pg_epoch: 71592 pg[19.6e( v 51072'48910307 (50495'48906592,51072'48910307] local-les=51066 n=855 ec=21298 les/c 51101/50495 71591/71591/71591) [70,16,13] r=0 lpr=71591 pi=50489-71590/150 crt=51071'48910301 lcod 0'0 mlcod 0'0 peering] state: Adding osd: 13 features: 3fffffffffff
2014-12-08 18:14:01.104032 7f2904b56700 10 osd.70 71592 do_waiters -- finish
2014-12-08 18:14:01.104033 7f28fcb46700 10 log is not dirty
2014-12-08 18:14:01.104033 7f2904b56700 20 osd.70 71592 _dispatch 0x12cf7fe0 pg_info(1 pgs e71592:217.15a) v4
2014-12-08 18:14:01.104058 7f2904b56700 7 osd.70 71592 handle_pg_info pg_info(1 pgs e71592:217.15a) v4 from osd.15
2014-12-08 18:14:01.104061 7f2904b56700 15 osd.70 71592 require_same_or_newer_map 71592 (i am 71592) 0x12cf7fe0
2014-12-08 18:14:01.104090 7f2904b56700 10 osd.70 71592 do_waiters -- start
2014-12-08 18:14:01.104093 7f2904b56700 10 osd.70 71592 do_waiters -- finish
2014-12-08 18:14:01.104328 7f2904b56700 10 osd.70 71592 do_waiters -- start
2014-12-08 18:14:01.104330 7f2904b56700 10 osd.70 71592 do_waiters -- finish
2014-12-08 18:14:01.104331 7f2904b56700 20 osd.70 71592 _dispatch 0x12cf74a0 pg_info(1 pgs e71592:218.40e) v4
2014-12-08 18:14:01.104391 7f2904b56700 7 osd.70 71592 handle_pg_info pg_info(1 pgs e71592:218.40e) v4 from osd.64
2014-12-08 18:14:01.104394 7f2904b56700 15 osd.70 71592 require_same_or_newer_map 71592 (i am 71592) 0x12cf74a0
2014-12-08 18:14:01.104424 7f2904b56700 10 osd.70 71592 do_waiters -- start
2014-12-08 18:14:01.104426 7f2904b56700 10 osd.70 71592 do_waiters -- finish
2014-12-08 18:14:01.104803 7f2904b56700 10 osd.70 71592 do_waiters -- start
2014-12-08 18:14:01.104806 7f2904b56700 10 osd.70 71592 do_waiters -- finish
2014-12-08 18:14:01.104807 7f2904b56700 20 osd.70 71592 _dispatch 0x12cf7860 pg_info(1 pgs e71592:216.2a1) v4
2014-12-08 18:14:01.104828 7f2904b56700 7 osd.70 71592 handle_pg_info pg_info(1 pgs e71592:216.2a1) v4 from osd.16
2014-12-08 18:14:01.104830 7f2904b56700 15 osd.70 71592 require_same_or_newer_map 71592 (i am 71592) 0x12cf7860
2014-12-08 18:14:01.104857 7f2904b56700 10 osd.70 71592 do_waiters -- start --
2014-12-08 18:14:01.105105 7f28fcb46700 10 osd.70 pg_epoch: 71592 pg[19.6e( v 51072'48910307 (50495'48906592,51072'48910307] local-les=51066 n=855 ec=21298 les/c 51101/50495 71591/71591/71591) [70,16,13] r=0 lpr=71591 pi=50489-71590/150 crt=51071'48910301 lcod 0'0 mlcod 0'0 peering] handle_peering_event: epoch_sent: 71591 epoch_requested: 71591 MNotifyRec from 16 notify: (query_epoch:71591, epoch_sent:71591, info:19.6e( empty local-les=0 n=0 ec=21298 les/c 51101/50495 71591/71591/71591)) features: 0x3fffffffffff
2014-12-08 18:14:01.105118 7f28fc345700 10 osd.70 pg_epoch: 71592 pg[217.3a5( v 71377'8160 (71377'5159,71377'8160] local-les=71439 n=11 ec=71094 les/c 71583/71583 71591/71591/71585) [69,13,70]/[13,69] r=-1 lpr=71591 pi=71183-71590/22 crt=71377'8158 lcod 0'0 remapped NOTIFY] handle_peering_event: epoch_sent: 71591 epoch_requested: 71591 FlushedEvt
2014-12-08 18:14:01.105124 7f28fcb46700 10 osd.70 pg_epoch: 71592 pg[19.6e( v 51072'48910307 (50495'48906592,51072'48910307] local-les=51066 n=855 ec=21298 les/c 51101/50495 71591/71591/71591) [70,16,13] r=0 lpr=71591 pi=50489-71590/150 crt=51071'48910301 lcod 0'0 mlcod 0'0 peering] got dup osd.16 info 19.6e( empty local-les=0 n=0 ec=21298 les/c 51101/50495 71591/71591/71591), identical to ours
2014-12-08 18:14:01.105139 7f28fcb46700 10 log is not dirty
2014-12-08 18:14:01.105132 7f28fc345700 15 osd.70 pg_epoch: 71592 pg[217.3a5( v 71377'8160 (71377'5159,71377'8160] local-les=71439 n=11 ec=71094 les/c 71583/71583 71591/71591/71585) [69,13,70]/[13,69] r=-1 lpr=71591 pi=71183-71590/22 crt=71377'8158 lcod 0'0 remapped NOTIFY] requeue_ops
2014-12-08 18:14:01.105143 7f28fc345700 10 log is not dirty
2014-12-08 18:14:01.105144 7f28fcb46700 10 osd.70 pg_epoch: 71592 pg[19.6e( v 51072'48910307 (50495'48906592,51072'48910307] local-les=51066 n=855 ec=21298 les/c 51101/50495 71591/71591/71591) [70,16,13] r=0 lpr=71591 pi=50489-71590/150 crt=51071'48910301 lcod 0'0 mlcod 0'0 peering] handle_peering_event: epoch_sent: 71591 epoch_requested: 71591 MNotifyRec from 58 notify: (query_epoch:71591, epoch_sent:71591, info:19.6e( empty local-les=0 n=0 ec=21298 les/c 51101/50495 71591/71591/71591)) features: 0x3fffffffffff
2014-12-08 18:14:01.105147 7f28fc345700 10 osd.70 pg_epoch: 71592 pg[217.3bd( v 71377'8155 (71377'5154,71377'8155] local-les=71436 n=11 ec=71094 les/c 71588/71589 71591/71591/71096) [3,68,70] r=2 lpr=71591 pi=71183-71590/21 crt=71377'8151 lcod 0'0 inactive NOTIFY] handle_peering_event: epoch_sent: 71591 epoch_requested: 71591 FlushedEvt
2014-12-08 18:14:01.105161 7f28fc345700 15 osd.70 pg_epoch: 71592 pg[217.3bd( v 71377'8155 (71377'5154,71377'8155] local-les=71436 n=11 ec=71094 les/c 71588/71589 71591/71591/71096) [3,68,70] r=2 lpr=71591 pi=71183-71590/21 crt=71377'8151 lcod 0'0 inactive NOTIFY] requeue_ops
2014-12-08 18:14:01.105156 7f28fcb46700 10 osd.70 pg_epoch: 71592 pg[19.6e( v 51072'48910307 (50495'48906592,51072'48910307] local-les=51066 n=855 ec=21298 les/c 51101/50495 71591/71591/71591) [70,16,13] r=0 lpr=71591 pi=50489-71590/150 crt=51071'48910301 lcod 0'0 mlcod 0'0 peering] got dup osd.58 info 19.6e( empty local-les=0 n=0 ec=21298 les/c 51101/50495 71591/71591/71591), identical to ours
2014-12-08 18:14:01.105174 7f28fc345700 10 log is not dirty
2014-12-08 18:14:01.105177 7f28fcb46700 10 log is not dirty
2014-12-08 18:14:01.105178 7f28fc345700 10 osd.70 pg_epoch: 71592 pg[218.4d( v 71581'1 (0'0,71581'1] local-les=71457 n=1 ec=71423 les/c 71457/71457 71591/71592/71425) [6,19,70]/[6,19,9] r=-1 lpr=71592 pi=71423-71591/10 crt=0'0 lcod 0'0 remapped NOTIFY] handle_peering_event: epoch_sent: 71591 epoch_requested: 71591 FlushedEvt
2014-12-08 18:14:01.105190 7f28fc345700 10 osd.70 pg_epoch: 71592 pg[218.4d( v 71581'1 (0'0,71581'1] local-les=71457 n=1 ec=71423 les/c 71457/71457 71591/71592/71425) [6,19,70]/[6,19,9] r=-1 lpr=71592 pi=71423-71591/10 crt=0'0 lcod 0'0 remapped NOTIFY] old_peering_msg reply_epoch 71591 query_epoch 71591 last_peering_reset 71592
2014-12-08 18:14:01.105201 7f28fc345700 10 log is not dirty
2014-12-08 18:14:01.105184 7f28fcb46700 10 osd.70 pg_epoch: 71592 pg[217.22d( v 71377'4107 (71377'1106,71377'4107] local-les=71437 n=8 ec=71094 les/c 71583/71583 71591/71591/71590) [63,70,1] r=1 lpr=71591 pi=71094-71590/32 crt=71377'4104 lcod 0'0 inactive NOTIFY] handle_peering_event: epoch_sent: 71591 epoch_requested: 71591 FlushedEvt
2014-12-08 18:14:01.105206 7f28fc345700 20 osd.70 71592 share_map_peer 0x128fe6e0 don't know epoch, doing nothing
2014-12-08 18:14:01.105209 7f28fc345700 7 osd.70 71592 do_notifies osd 75 on 1 PGs
2014-12-08 18:14:01.105209 7f28fcb46700 15 osd.70 pg_epoch: 71592 pg[217.22d( v 71377'4107 (71377'1106,71377'4107] local-les=71437 n=8 ec=71094 les/c 71583/71583 71591/71591/71590) [63,70,1] r=1 lpr=71591 pi=71094-71590/32 crt=71377'4104 lcod 0'0 inactive NOTIFY] requeue_ops
2014-12-08 18:14:01.105223 7f28fcb46700 10 log is not dirty
2014-12-08 18:14:01.105229 7f28fcb46700 10 osd.70 pg_epoch: 71592 pg[19.6e( v 51072'48910307 (50495'48906592,51072'48910307] local-les=51066 n=855 ec=21298 les/c 51101/50495 71591/71591/71591) [70,16,13] r=0 lpr=71591 pi=50489-71590/150 crt=51071'48910301 lcod 0'0 mlcod 0'0 peering] handle_peering_event: epoch_sent: 71591 epoch_requested: 71591 MNotifyRec from 11 notify: (query_epoch:71591, epoch_sent:71591, info:19.6e( DNE empty local-les=0 n=0 ec=0 les/c 0/0 0/0/0)) features: 0x3fffffffffff
2014-12-08 18:14:01.105242 7f28fcb46700 10 osd.70 pg_epoch: 71592 pg[19.6e( v 51072'48910307 (50495'48906592,51072'48910307] local-les=51066 n=855 ec=21298 les/c 51101/50495 71591/71591/71591) [70,16,13] r=0 lpr=71591 pi=50489-71590/150 crt=51071'48910301 lcod 0'0 mlcod 0'0 peering] got osd.11 19.6e( DNE empty local-les=0 n=0 ec=0 les/c 0/0 0/0/0)
2014-12-08 18:14:01.105248 7f28fc345700 10 osd.70 pg_epoch: 71592 pg[218.697( empty local-les=71434 n=0 ec=71423 les/c 71434/71434 71591/71592/71425) [20,70,4]/[20,4,15] r=-1 lpr=71592 pi=71423-71591/9 crt=0'0 remapped NOTIFY] handle_peering_event: epoch_sent: 71591 epoch_requested: 71591 FlushedEvt
2014-12-08 18:14:01.105260 7f28fc345700 10 osd.70 pg_epoch: 71592 pg[218.697( empty local-les=71434 n=0 ec=71423 les/c 71434/71434 71591/71592/71425) [20,70,4]/[20,4,15] r=-1 lpr=71592 pi=71423-71591/9 crt=0'0 remapped NOTIFY] old_peering_msg reply_epoch 71591 query_epoch 71591 last_peering_reset 71592
2014-12-08 18:14:01.105258 7f28fcb46700 10 osd.70 pg_epoch: 71592 pg[19.6e( v 51072'48910307 (50495'48906592,51072'48910307] local-les=51066 n=855 ec=21298 les/c 51101/50495 71591/71591/71591) [70,16,13] r=0 lpr=71591 pi=50489-71590/150 crt=51071'48910301 lcod 0'0 mlcod 0'0 peering] osd.11 has stray content: 19.6e( DNE empty local-les=0 n=0 ec=0 les/c 0/0 0/0/0)
2014-12-08 18:14:01.105271 7f28fc345700 10 log is not dirty
2014-12-08 18:14:01.105273 7f28fcb46700 10 osd.70 pg_epoch: 71592 pg[19.6e( v 51072'48910307 (50495'48906592,51072'48910307] local-les=51066 n=855 ec=21298 les/c 51101/50495 71591/71591/71591) [70,16,13] r=0 lpr=71591 pi=50489-71590/150 crt=51071'48910301 lcod 0'0 mlcod 0'0 peering] update_heartbeat_peers 4,13,16,30,58,70,76 -> 4,11,13,16,30,58,70,76
2014-12-08 18:14:01.105276 7f28fc345700 10 osd.70 pg_epoch: 71592 pg[217.1c0( v 71377'4125 (71377'1124,71377'4125] local-les=71437 n=14 ec=71094 les/c 71588/71589 71591/71591/71096) [15,70,75] r=1 lpr=71591 pi=71094-71590/30 crt=71377'4123 lcod 0'0 inactive NOTIFY] handle_peering_event: epoch_sent: 71591 epoch_requested: 71591 FlushedEvt
2014-12-08 18:14:01.105288 7f28fcb46700 20 osd.70 71592 need_heartbeat_peer_update
2014-12-08 18:14:01.105291 7f28fc345700 15 osd.70 pg_epoch: 71592 pg[217.1c0( v 71377'4125 (71377'1124,71377'4125] local-les=71437 n=14 ec=71094 les/c 71588/71589 71591/71591/71096) [15,70,75] r=1 lpr=71591 pi=71094-71590/30 crt=71377'4123 lcod 0'0 inactive NOTIFY] requeue_ops
2014-12-08 18:14:01.105301 7f28fc345700 10 log is not dirty
2014-12-08 18:14:01.105291 7f28fcb46700 20 osd.70 pg_epoch: 71592 pg[19.6e( v 51072'48910307 (50495'48906592,51072'48910307] local-les=51066 n=855 ec=21298 les/c 51101/50495 71591/71591/71591) [70,16,13] r=0 lpr=71591 pi=50489-71590/150 crt=51071'48910301 lcod 0'0 mlcod 0'0 peering] state: Adding osd: 11 features: 3fffffffffff
2014-12-08 18:14:01.105304 7f28fcb46700 10 log is not dirty
2014-12-08 18:14:01.105551 7f28fc345700 10 osd.70 pg_epoch: 71592 pg[216.358( v 71422'212 (0'0,71422'212] local-les=71450 n=100 ec=70987 les/c 71450/71450 71591/71592/71444) [5,77,70] r=2 lpr=71592 pi=71183-71591/18 crt=71097'211 lcod 0'0 inactive NOTIFY] handle_peering_event: epoch_sent: 71591 epoch_requested: 71591 FlushedEvt
2014-12-08 18:14:01.105566 7f28fc345700 10 osd.70 pg_epoch: 71592 pg[216.358( v 71422'212 (0'0,71422'212] local-les=71450 n=100 ec=70987 les/c 71450/71450 71591/71592/71444) [5,77,70] r=2 lpr=71592 pi=71183-71591/18 crt=71097'211 lcod 0'0 inactive NOTIFY] old_peering_msg reply_epoch 71591 query_epoch 71591 last_peering_reset 71592
2014-12-08 18:14:01.105574 7f28fc345700 10 log is not dirty
2014-12-08 18:14:01.105579 7f28fc345700 10 osd.70 pg_epoch: 71592 pg[217.214( v 71377'21369 (71377'18368,71377'21369] local-les=71592 n=14 ec=71094 les/c 71589/71589 71591/71591/71591) [70,9,4] r=0 lpr=71591 pi=71438-71590/6 crt=71377'21367 lcod 0'0 mlcod 0'0 inactive] handle_peering_event: epoch_sent: 71591 epoch_requested: 71591 MNotifyRec from 4 notify: (query_epoch:71591, epoch_sent:71591, info:217.214( v 71377'21369 (71377'18368,71377'21369] local-les=71589 n=14 ec=71094 les/c 71589/71589 71591/71591/71591)) features: 0x3fffffffffff
2014-12-08 18:14:01.105592 7f28fc345700 10 osd.70 pg_epoch: 71592 pg[217.214( v 71377'21369 (71377'18368,71377'21369] local-les=71592 n=14 ec=71094 les/c 71589/71589 71591/71591/71591) [70,9,4] r=0 lpr=71591 pi=71438-71590/6 crt=71377'21367 lcod 0'0 mlcod 0'0 inactive] state: Active: got notify from 4, already have info from that osd, ignoring
2014-12-08 18:14:01.105601 7f28fc345700 10 log is not dirty
2014-12-08 18:14:01.105605 7f28fc345700 10 osd.70 pg_epoch: 71592 pg[216.42( v 71097'231 (0'0,71097'231] local-les=71437 n=109 ec=70987 les/c 71437/71437 71591/71592/70989) [9,10,70] r=2 lpr=71592 pi=70987-71591/28 crt=71097'229 lcod 0'0 inactive NOTIFY] handle_peering_event: epoch_sent: 71591 epoch_requested: 71591 FlushedEvt
2014-12-08 18:14:01.105614 7f28fc345700 10 osd.70 pg_epoch: 71592 pg[216.42( v 71097'231 (0'0,71097'231] local-les=71437 n=109 ec=70987 les/c 71437/71437 71591/71592/70989) [9,10,70] r=2 lpr=71592 pi=70987-71591/28 crt=71097'229 lcod 0'0 inactive NOTIFY] old_peering_msg reply_epoch 71591 query_epoch 71591 last_peering_reset 71592
2014-12-08 18:14:01.105622 7f28fc345700 10 log is not dirty
2014-12-08 18:14:01.105638 7f28fc345700 10 osd.70 pg_epoch: 71591 pg[218.1c0( v 71581'3 (0'0,71581'3] local-les=71434 n=3 ec=71423 les/c 71434/71434 71591/71591/71425) [75,70,3]/[75,3,6] r=-1 lpr=71591 pi=71423-71590/9 crt=71580'1 lcod 0'0 remapped NOTIFY] handle_advance_map [75,70,3]/[75,3,6] -- 75/75
2014-12-08 18:14:01.105652 7f28fc345700 20 PGPool::update cached_removed_snaps [] newly_removed_snaps [] snapc 0=[] (no change)
2014-12-08 18:14:01.105656 7f28fc345700 10 osd.70 pg_epoch: 71592 pg[218.1c0( v 71581'3 (0'0,71581'3] local-les=71434 n=3 ec=71423 les/c 71434/71434 71591/71591/71425) [75,70,3]/[75,3,6] r=-1 lpr=71591 pi=71423-71590/9 crt=71580'1 lcod 0'0 remapped NOTIFY] state: Started advmap
2014-12-08 18:14:01.105666 7f28fc345700 10 osd.70 pg_epoch: 71592 pg[218.1c0( v 71581'3 (0'0,71581'3] local-les=71434 n=3 ec=71423 les/c 71434/71434 71591/71591/71425) [75,70,3]/[75,3,6] r=-1 lpr=71591 pi=71423-71590/9 crt=71580'1 lcod 0'0 remapped NOTIFY] check_recovery_sources no source osds () went down
2014-12-08 18:14:01.105684 7f28fc345700 10 osd.70 pg_epoch: 71592 pg[218.1c0( v 71581'3 (0'0,71581'3] local-les=71434 n=3 ec=71423 les/c 71434/71434 71591/71591/71425) [75,70,3]/[75,3,6] r=-1 lpr=71591 pi=71423-71590/9 crt=71580'1 lcod 0'0 remapped NOTIFY] handle_activate_map
2014-12-08 18:14:01.105711 7f28fc345700 10 osd.70 pg_epoch: 71592 pg[218.1c0( v 71581'3 (0'0,71581'3] local-les=71434 n=3 ec=71423 les/c 71434/71434 71591/71591/71425) [75,70,3]/[75,3,6] r=-1 lpr=71591 pi=71423-71590/9 crt=71580'1 lcod 0'0 remapped NOTIFY] take_waiters
2014-12-08 18:14:01.105725 7f28fc345700 20 osd.70 pg_epoch: 71592 pg[218.1c0( v 71581'3 (0'0,71581'3] local-les=71434 n=3 ec=71423 les/c 71434/71434 71591/71591/71425) [75,70,3]/[75,3,6] r=-1 lpr=71591 pi=71423-71590/9 crt=71580'1 lcod 0'0 remapped NOTIFY] handle_activate_map: Not dirtying info: last_persisted is 71591 while current is 71592
2014-12-08 18:14:01.105736 7f28fcb46700 10 osd.70 pg_epoch: 71592 pg[19.6e( v 51072'48910307 (50495'48906592,51072'48910307] local-les=51066 n=855 ec=21298 les/c 51101/50495 71591/71591/71591) [70,16,13] r=0 lpr=71591 pi=50489-71590/150 crt=51071'48910301 lcod 0'0 mlcod 0'0 peering] handle_peering_event: epoch_sent: 71591 epoch_requested: 71591 MNotifyRec from 31 notify: (query_epoch:71591, epoch_sent:71591, info:19.6e( DNE empty local-les=0 n=0 ec=0 les/c 0/0 0/0/0)) features: 0x3fffffffffff
2014-12-08 18:14:01.105739 7f28fc345700 10 osd.70 pg_epoch: 71592 pg[218.1c0( v 71581'3 (0'0,71581'3] local-les=71434 n=3 ec=71423 les/c 71434/71434 71591/71591/71425) [75,70,3]/[75,3,6] r=-1 lpr=71591 pi=71423-71590/9 crt=71580'1 lcod 0'0 remapped NOTIFY] handle_peering_event: epoch_sent: 71591 epoch_requested: 71591 FlushedEvt
2014-12-08 18:14:01.105759 7f28fcb46700 10 osd.70 pg_epoch: 71592 pg[19.6e( v 51072'48910307 (50495'48906592,51072'48910307] local-les=51066 n=855 ec=21298 les/c 51101/50495 71591/71591/71591) [70,16,13] r=0 lpr=71591 pi=50489-71590/150 crt=51071'48910301 lcod 0'0 mlcod 0'0 peering] got osd.31 19.6e( DNE empty local-les=0 n=0 ec=0 les/c 0/0 0/0/0)
2014-12-08 18:14:01.105771 7f28fc345700 15 osd.70 pg_epoch: 71592 pg[218.1c0( v 71581'3 (0'0,71581'3] local-les=71434 n=3 ec=71423 les/c 71434/71434 71591/71591/71425) [75,70,3]/[75,3,6] r=-1 lpr=71591 pi=71423-71590/9 crt=71580'1 lcod 0'0 remapped NOTIFY] requeue_ops
2014-12-08 18:14:01.105786 7f28fc345700 10 log is not dirty
2014-12-08 18:14:01.105782 7f28fcb46700 10 osd.70 pg_epoch: 71592 pg[19.6e( v 51072'48910307 (50495'48906592,51072'48910307] local-les=51066 n=855 ec=21298 les/c 51101/50495 71591/71591/71591) [70,16,13] r=0 lpr=71591 pi=50489-71590/150 crt=51071'48910301 lcod 0'0 mlcod 0'0 peering] osd.31 has stray content: 19.6e( DNE empty local-les=0 n=0 ec=0 les/c 0/0 0/0/0)
2014-12-08 18:14:01.105795 7f28fc345700 10 osd.70 pg_epoch: 71592 pg[217.6a( v 71376'14 (0'0,71376'14] local-les=71447 n=7 ec=71094 les/c 71447/71448 71591/71592/71592) [70,24,19] r=0 lpr=71592 pi=71444-71591/6 crt=71097'12 lcod 0'0 mlcod 0'0 peering] handle_peering_event: epoch_sent: 71591 epoch_requested: 71591 FlushedEvt
2014-12-08 18:14:01.105795 7f28fcb46700 10 osd.70 pg_epoch: 71592 pg[19.6e( v 51072'48910307 (50495'48906592,51072'48910307] local-les=51066 n=855 ec=21298 les/c 51101/50495 71591/71591/71591) [70,16,13] r=0 lpr=71591 pi=50489-71590/150 crt=51071'48910301 lcod 0'0 mlcod 0'0 peering] update_heartbeat_peers 4,11,13,16,30,58,70,76 -> 4,11,13,16,30,31,58,70,76
2014-12-08 18:14:01.105816 7f28fcb46700 20 osd.70 71592 need_heartbeat_peer_update
2014-12-08 18:14:01.105811 7f28fc345700 10 osd.70 pg_epoch: 71592 pg[217.6a( v 71376'14 (0'0,71376'14] local-les=71447 n=7 ec=71094 les/c 71447/71448 71591/71592/71592) [70,24,19] r=0 lpr=71592 pi=71444-71591/6 crt=71097'12 lcod 0'0 mlcod 0'0 peering] old_peering_msg reply_epoch 71591 query_epoch 71591 last_peering_reset 71592
2014-12-08 18:14:01.105821 7f28fc345700 10 log is not dirty
2014-12-08 18:14:01.105824 7f2904b56700 10 osd.70 71592 do_waiters -- start
2014-12-08 18:14:01.105828 7f2904b56700 10 osd.70 71592 do_waiters -- finish
2014-12-08 18:14:01.105820 7f28fcb46700 20 osd.70 pg_epoch: 71592 pg[19.6e( v 51072'48910307 (50495'48906592,51072'48910307] local-les=51066 n=855 ec=21298 les/c 51101/50495 71591/71591/71591) [70,16,13] r=0 lpr=71591 pi=50489-71590/150 crt=51071'48910301 lcod 0'0 mlcod 0'0 peering] state: Adding osd: 31 features: 3fffffffffff
2014-12-08 18:14:01.105832 7f2904b56700 20 osd.70 71592 _dispatch 0x12cf9de0 pg_info(1 pgs e71592:218.40e) v4
2014-12-08 18:14:01.105836 7f28fcb46700 10 log is not dirty
2014-12-08 18:14:01.105825 7f28fc345700 10 osd.70 pg_epoch: 71592 pg[217.42( v 71377'43 (0'0,71377'43] local-les=71438 n=8 ec=71094 les/c 71438/71438 71591/71592/71096) [13,70,77] r=1 lpr=71592 pi=71183-71591/17 crt=71377'40 lcod 0'0 inactive NOTIFY] handle_peering_event: epoch_sent: 71591 epoch_requested: 71591 FlushedEvt
2014-12-08 18:14:01.105844 7f28fc345700 10 osd.70 pg_epoch: 71592 pg[217.42( v 71377'43 (0'0,71377'43] local-les=71438 n=8 ec=71094 les/c 71438/71438 71591/71592/71096) [13,70,77] r=1 lpr=71592 pi=71183-71591/17 crt=71377'40 lcod 0'0 inactive NOTIFY] old_peering_msg reply_epoch 71591 query_epoch 71591 last_peering_reset 71592
2014-12-08 18:14:01.105859 7f28fc345700 10 log is not dirty
2014-12-08 18:14:01.105845 7f28fcb46700 10 osd.70 pg_epoch: 71592 pg[216.384( v 70990'209 (0'0,70990'209] local-les=71435 n=101 ec=70987 les/c 71435/71435 71591/71592/71587) [77,22,70] r=2 lpr=71592 pi=70987-71591/27 crt=70990'207 lcod 0'0 inactive NOTIFY] handle_peering_event: epoch_sent: 71591 epoch_requested: 71591 FlushedEvt
2014-12-08 18:14:01.105873 7f2904b56700 7 osd.70 71592 handle_pg_info pg_info(1 pgs e71592:218.40e) v4 from osd.6
2014-12-08 18:14:01.105876 7f2904b56700 15 osd.70 71592 require_same_or_newer_map 71592 (i am 71592) 0x12cf9de0
2014-12-08 18:14:01.105865 7f28fc345700 10 osd.70 pg_epoch: 71592 pg[218.531( v 71580'1 (0'0,71580'1] local-les=71433 n=1 ec=71423 les/c 71433/71433 71591/71592/71425) [18,14,70] r=2 lpr=71592 pi=71423-71591/10 crt=0'0 lcod 0'0 inactive NOTIFY] handle_peering_event: epoch_sent: 71591 epoch_requested: 71591 FlushedEvt
2014-12-08 18:14:01.105868 7f28fcb46700 10 osd.70 pg_epoch: 71592 pg[216.384( v 70990'209 (0'0,70990'209] local-les=71435 n=101 ec=70987 les/c 71435/71435 71591/71592/71587) [77,22,70] r=2 lpr=71592 pi=70987-71591/27 crt=70990'207 lcod 0'0 inactive NOTIFY] old_peering_msg reply_epoch 71591 query_epoch 71591 last_peering_reset 71592
2014-12-08 18:14:01.105889 7f28fcb46700 10 log is not dirty
