2014-12-08 18:14:01.108363 7f28fc345700 10 osd.70 pg_epoch: 71592 pg[217.370( v 71377'12257 (71377'9256,71377'12257] local-les=71592 n=16 ec=71094 les/c 71588/71588 71591/71591/71591) [70,10,56] r=0 lpr=71591 pi=71434-71590/5 crt=71377'12255 lcod 0'0 mlcod 0'0 inactive] handle_peering_event: epoch_sent: 71591 epoch_requested: 71591 MNotifyRec from 56 notify: (query_epoch:71591, epoch_sent:71591, info:217.370( v 71377'12257 (71377'9256,71377'12257] local-les=71588 n=16 ec=71094 les/c 71588/71588 71591/71591/71591)) features: 0x3fffffffffff
2014-12-08 18:14:01.108376 7f28fc345700 10 osd.70 pg_epoch: 71592 pg[217.370( v 71377'12257 (71377'9256,71377'12257] local-les=71592 n=16 ec=71094 les/c 71588/71588 71591/71591/71591) [70,10,56] r=0 lpr=71591 pi=71434-71590/5 crt=71377'12255 lcod 0'0 mlcod 0'0 inactive] state: Active: got notify from 56, already have info from that osd, ignoring
2014-12-08 18:14:01.108385 7f28fc345700 10 log is not dirty
2014-12-08 18:14:01.108374 7f28fcb46700 10 osd.70 pg_epoch: 71592 pg[19.6e( v 51072'48910307 (50495'48906592,51072'48910307] local-les=51066 n=855 ec=21298 les/c 51101/50495 71591/71591/71591) [70,16,13] r=0 lpr=71591 pi=50489-71590/150 crt=51071'48910301 lcod 0'0 mlcod 0'0 peering] calc_acting osd.63 19.6e( DNE empty local-les=0 n=0 ec=0 les/c 0/0 0/0/0)
2014-12-08 18:14:01.108388 7f28fc345700 10 osd.70 pg_epoch: 71592 pg[217.18( v 71377'4106 (71377'1105,71377'4106] local-les=71592 n=8 ec=71094 les/c 71586/71583 71591/71591/71591) [70,56,15] r=0 lpr=71591 pi=71444-71590/6 crt=71377'4103 lcod 0'0 mlcod 0'0 inactive] handle_peering_event: epoch_sent: 71591 epoch_requested: 71591 MNotifyRec from 56 notify: (query_epoch:71591, epoch_sent:71591, info:217.18( v 71377'4106 (71377'1105,71377'4106] local-les=71586 n=8 ec=71094 les/c 71586/71583 71591/71591/71591)) features: 0x3fffffffffff
2014-12-08 18:14:01.108401 7f28fc345700 10 osd.70 pg_epoch: 71592 pg[217.18( v 71377'4106 (71377'1105,71377'4106] local-les=71592 n=8 ec=71094 les/c 71586/71583 71591/71591/71591) [70,56,15] r=0 lpr=71591 pi=71444-71590/6 crt=71377'4103 lcod 0'0 mlcod 0'0 inactive] state: Active: got notify from 56, already have info from that osd, ignoring
2014-12-08 18:14:01.108411 7f28fc345700 10 log is not dirty
2014-12-08 18:14:01.108391 7f28fcb46700 10 osd.70 pg_epoch: 71592 pg[19.6e( v 51072'48910307 (50495'48906592,51072'48910307] local-les=51066 n=855 ec=21298 les/c 51101/50495 71591/71591/71591) [70,16,13] r=0 lpr=71591 pi=50489-71590/150 crt=51071'48910301 lcod 0'0 mlcod 0'0 peering] calc_acting osd.70 19.6e( v 51072'48910307 (50495'48906592,51072'48910307] local-les=51066 n=855 ec=21298 les/c 51101/50495 71591/71591/71591)
2014-12-08 18:14:01.108415 7f28fc345700 10 osd.70 pg_epoch: 71592 pg[217.32( v 71377'8183 (71377'5182,71377'8183] local-les=71438 n=15 ec=71094 les/c 71590/71590 71591/71591/71096) [23,22,70] r=2 lpr=71591 pi=71183-71590/21 crt=71377'8181 lcod 0'0 inactive NOTIFY] handle_peering_event: epoch_sent: 71591 epoch_requested: 71591 FlushedEvt
2014-12-08 18:14:01.108414 7f28fcb46700 10 osd.70 pg_epoch: 71592 pg[19.6e( v 51072'48910307 (50495'48906592,51072'48910307] local-les=51066 n=855 ec=21298 les/c 51101/50495 71591/71591/71591) [70,16,13] r=0 lpr=71591 pi=50489-71590/150 crt=51071'48910301 lcod 0'0 mlcod 0'0 peering] calc_acting osd.76 19.6e( empty local-les=0 n=0 ec=21298 les/c 51101/50495 71591/71591/71591)
2014-12-08 18:14:01.108430 7f28fc345700 15 osd.70 pg_epoch: 71592 pg[217.32( v 71377'8183 (71377'5182,71377'8183] local-les=71438 n=15 ec=71094 les/c 71590/71590 71591/71591/71096) [23,22,70] r=2 lpr=71591 pi=71183-71590/21 crt=71377'8181 lcod 0'0 inactive NOTIFY] requeue_ops
2014-12-08 18:14:01.108440 7f28fc345700 10 log is not dirty
2014-12-08 18:14:01.108431 7f28fcb46700 10 osd.70 pg_epoch: 71592 pg[19.6e( v 51072'48910307 (50495'48906592,51072'48910307] local-les=51066 n=855 ec=21298 les/c 51101/50495 71591/71591/71591) [70,16,13] r=0 lpr=71591 pi=50489-71590/150 crt=51071'48910301 lcod 0'0 mlcod 0'0 peering] choose_acting failed
2014-12-08 18:14:01.108444 7f28fc345700 10 osd.70 pg_epoch: 71592 pg[216.1b1( v 71097'260 (0'0,71097'260] local-les=71434 n=123 ec=70987 les/c 71585/71583 71591/71591/70989) [22,70,18]/[22,18,16] r=-1 lpr=71591 pi=71183-71590/16 crt=71097'260 lcod 0'0 remapped NOTIFY] handle_peering_event: epoch_sent: 71591 epoch_requested: 71591 FlushedEvt
2014-12-08 18:14:01.108456 7f28fc345700 15 osd.70 pg_epoch: 71592 pg[216.1b1( v 71097'260 (0'0,71097'260] local-les=71434 n=123 ec=70987 les/c 71585/71583 71591/71591/70989) [22,70,18]/[22,18,16] r=-1 lpr=71591 pi=71183-71590/16 crt=71097'260 lcod 0'0 remapped NOTIFY] requeue_ops
2014-12-08 18:14:01.108466 7f28fc345700 10 log is not dirty
2014-12-08 18:14:01.108452 7f28fcb46700 5 osd.70 pg_epoch: 71592 pg[19.6e( v 51072'48910307 (50495'48906592,51072'48910307] local-les=51066 n=855 ec=21298 les/c 51101/50495 71591/71591/71591) [70,16,13] r=0 lpr=71591 pi=50489-71590/150 crt=51071'48910301 lcod 0'0 mlcod 0'0 peering] exit Started/Primary/Peering/GetLog 0.000289 0 0.000000
2014-12-08 18:14:01.108471 7f28fcb46700 15 osd.70 pg_epoch: 71592 pg[19.6e( v 51072'48910307 (50495'48906592,51072'48910307] local-les=51066 n=855 ec=21298 les/c 51101/50495 71591/71591/71591) [70,16,13] r=0 lpr=71591 pi=50489-71590/150 crt=51071'48910301 lcod 0'0 mlcod 0'0 peering] publish_stats_to_osd 71592:63844731
2014-12-08 18:14:01.108481 7f28fcb46700 5 osd.70 pg_epoch: 71592 pg[19.6e( v 51072'48910307 (50495'48906592,51072'48910307] local-les=51066 n=855 ec=21298 les/c 51101/50495 71591/71591/71591) [70,16,13] r=0 lpr=71591 pi=50489-71590/150 crt=51071'48910301 lcod 0'0 mlcod 0'0 peering] enter Started/Primary/Peering/Incomplete
2014-12-08 18:14:01.108479 7f28fc345700 10 osd.70 pg_epoch: 71591 pg[218.36( empty local-les=71438 n=0 ec=71423 les/c 71438/71438 71591/71591/71587) [69,70,77] r=1 lpr=71591 pi=71423-71590/8 crt=0'0 inactive NOTIFY] handle_advance_map [69,70,77]/[69,70,77] -- 69/69
2014-12-08 18:14:01.108495 7f28fc345700 20 PGPool::update cached_removed_snaps [] newly_removed_snaps [] snapc 0=[] (no change)
2014-12-08 18:14:01.108495 7f28fcb46700 15 osd.70 pg_epoch: 71592 pg[19.6e( v 51072'48910307 (50495'48906592,51072'48910307] local-les=51066 n=855 ec=21298 les/c 51101/50495 71591/71591/71591) [70,16,13] r=0 lpr=71591 pi=50489-71590/150 crt=51071'48910301 lcod 0'0 mlcod 0'0 incomplete] publish_stats_to_osd 71592:63844732
2014-12-08 18:14:01.108500 7f28fc345700 10 osd.70 pg_epoch: 71592 pg[218.36( empty local-les=71438 n=0 ec=71423 les/c 71438/71438 71591/71591/71587) [69,70,77] r=1 lpr=71591 pi=71423-71590/8 crt=0'0 inactive NOTIFY] state: Started advmap
2014-12-08 18:14:01.108508 7f28fcb46700 10 log is not dirty
2014-12-08 18:14:01.108510 7f28fc345700 10 osd.70 pg_epoch: 71592 pg[218.36( empty local-les=71438 n=0 ec=71423 les/c 71438/71438 71591/71591/71587) [69,70,77] r=1 lpr=71591 pi=71423-71590/8 crt=0'0 inactive NOTIFY] check_recovery_sources no source osds () went down
2014-12-08 18:14:01.108516 7f28fcb46700 10 osd.70 pg_epoch: 71592 pg[218.38( v 71581'3 (0'0,71581'3] local-les=71434 n=3 ec=71423 les/c 71590/71583 71591/71591/71425) [56,17,70]/[56,17,15] r=-1 lpr=71591 pi=71423-71590/9 crt=71580'1 lcod 0'0 remapped NOTIFY] handle_peering_event: epoch_sent: 71591 epoch_requested: 71591 FlushedEvt
2014-12-08 18:14:01.108522 7f28fc345700 10 osd.70 pg_epoch: 71592 pg[218.36( empty local-les=71438 n=0 ec=71423 les/c 71438/71438 71591/71591/71587) [69,70,77] r=1 lpr=71591 pi=71423-71590/8 crt=0'0 inactive NOTIFY] handle_activate_map
2014-12-08 18:14:01.108530 7f28fcb46700 15 osd.70 pg_epoch: 71592 pg[218.38( v 71581'3 (0'0,71581'3] local-les=71434 n=3 ec=71423 les/c 71590/71583 71591/71591/71425) [56,17,70]/[56,17,15] r=-1 lpr=71591 pi=71423-71590/9 crt=71580'1 lcod 0'0 remapped NOTIFY] requeue_ops
2014-12-08 18:14:01.108539 7f28fcb46700 10 log is not dirty
2014-12-08 18:14:01.108541 7f28fc345700 10 osd.70 pg_epoch: 71592 pg[218.36( empty local-les=71438 n=0 ec=71423 les/c 71438/71438 71591/71591/71587) [69,70,77] r=1 lpr=71591 pi=71423-71590/8 crt=0'0 inactive NOTIFY] take_waiters
2014-12-08 18:14:01.108545 7f28fcb46700 10 osd.70 pg_epoch: 71592 pg[217.2e( v 71377'4787 (71377'1786,71377'4787] local-les=71436 n=13 ec=71094 les/c 71583/71583 71591/71591/71585) [70,68,16]/[16,68] r=-1 lpr=71591 pi=71435-71590/5 crt=71377'4784 lcod 0'0 remapped NOTIFY] handle_peering_event: epoch_sent: 71591 epoch_requested: 71591 FlushedEvt
2014-12-08 18:14:01.108550 7f28fc345700 20 osd.70 pg_epoch: 71592 pg[218.36( empty local-les=71438 n=0 ec=71423 les/c 71438/71438 71591/71591/71587) [69,70,77] r=1 lpr=71591 pi=71423-71590/8 crt=0'0 inactive NOTIFY] handle_activate_map: Not dirtying info: last_persisted is 71591 while current is 71592
2014-12-08 18:14:01.108560 7f28fc345700 10 osd.70 pg_epoch: 71592 pg[218.36( empty local-les=71438 n=0 ec=71423 les/c 71438/71438 71591/71591/71587) [69,70,77] r=1 lpr=71591 pi=71423-71590/8 crt=0'0 inactive NOTIFY] handle_peering_event: epoch_sent: 71591 epoch_requested: 71591 FlushedEvt
2014-12-08 18:14:01.108560 7f28fcb46700 15 osd.70 pg_epoch: 71592 pg[217.2e( v 71377'4787 (71377'1786,71377'4787] local-les=71436 n=13 ec=71094 les/c 71583/71583 71591/71591/71585) [70,68,16]/[16,68] r=-1 lpr=71591 pi=71435-71590/5 crt=71377'4784 lcod 0'0 remapped NOTIFY] requeue_ops
2014-12-08 18:14:01.108574 7f28fcb46700 10 log is not dirty
2014-12-08 18:14:01.108570 7f28fc345700 15 osd.70 pg_epoch: 71592 pg[218.36( empty local-les=71438 n=0 ec=71423 les/c 71438/71438 71591/71591/71587) [69,70,77] r=1 lpr=71591 pi=71423-71590/8 crt=0'0 inactive NOTIFY] requeue_ops
2014-12-08 18:14:01.108579 7f28fc345700 10 log is not dirty
2014-12-08 18:14:01.108579 7f28fcb46700 10 osd.70 pg_epoch: 71592 pg[217.187( v 71377'12194 (71377'9193,71377'12194] local-les=71435 n=10 ec=71094 les/c 71583/71583 71591/71591/71096) [19,70,66] r=1 lpr=71591 pi=71136-71590/21 crt=71377'12191 lcod 0'0 inactive NOTIFY] handle_peering_event: epoch_sent: 71591 epoch_requested: 71591 FlushedEvt
2014-12-08 18:14:01.108584 7f28fc345700 10 osd.70 pg_epoch: 71592 pg[216.362( v 71097'201 (0'0,71097'201] local-les=71435 n=95 ec=70987 les/c 71589/71583 71591/71591/71587) [78,70,5]/[78,5,17] r=-1 lpr=71591 pi=70987-71590/27 crt=71097'199 lcod 0'0 remapped NOTIFY] handle_peering_event: epoch_sent: 71591 epoch_requested: 71591 FlushedEvt
2014-12-08 18:14:01.108593 7f28fcb46700 15 osd.70 pg_epoch: 71592 pg[217.187( v 71377'12194 (71377'9193,71377'12194] local-les=71435 n=10 ec=71094 les/c 71583/71583 71591/71591/71096) [19,70,66] r=1 lpr=71591 pi=71136-71590/21 crt=71377'12191 lcod 0'0 inactive NOTIFY] requeue_ops
2014-12-08 18:14:01.108604 7f28fcb46700 10 log is not dirty
2014-12-08 18:14:01.108599 7f28fc345700 15 osd.70 pg_epoch: 71592 pg[216.362( v 71097'201 (0'0,71097'201] local-les=71435 n=95 ec=70987 les/c 71589/71583 71591/71591/71587) [78,70,5]/[78,5,17] r=-1 lpr=71591 pi=70987-71590/27 crt=71097'199 lcod 0'0 remapped NOTIFY] requeue_ops --
2014-12-08 18:14:01.110197 7f28fcb46700 10 osd.70 pg_epoch: 71592 pg[19.6e( v 51072'48910307 (50495'48906592,51072'48910307] local-les=51066 n=855 ec=21298 les/c 51101/50495 71591/71591/71591) [70,16,13] r=0 lpr=71591 pi=50489-71590/150 crt=51071'48910301 lcod 0'0 mlcod 0'0 incomplete] handle_peering_event: epoch_sent: 71592 epoch_requested: 71592 NullEvt
2014-12-08 18:14:01.110210 7f28fcb46700 10 log is not dirty
2014-12-08 18:14:01.110201 7f28fc345700 10 osd.70 pg_epoch: 71592 pg[217.206( v 71377'1055 (0'0,71377'1055] local-les=71448 n=11 ec=71094 les/c 71448/71448 71591/71592/71096) [76,70,13] r=1 lpr=71592 pi=71094-71591/26 crt=71377'1053 lcod 0'0 inactive NOTIFY] handle_peering_event: epoch_sent: 71592 epoch_requested: 71592 NullEvt
2014-12-08 18:14:01.110214 7f28fc345700 10 log is not dirty
2014-12-08 18:14:01.110215 7f28fcb46700 10 osd.70 pg_epoch: 71592 pg[19.6d( v 71397'33614009 (70963'33611008,71397'33614009] local-les=71439 n=896 ec=21298 les/c 71583/71583 71591/71591/71169) [4,70,69] r=1 lpr=71591 pi=71156-71590/27 crt=71397'33614007 lcod 0'0 inactive NOTIFY] handle_peering_event: epoch_sent: 71592 epoch_requested: 71592 NullEvt
2014-12-08 18:14:01.110218 7f28fc345700 10 osd.70 pg_epoch: 71592 pg[216.39e( v 71422'199 (0'0,71422'199] local-les=71436 n=94 ec=70987 les/c 71583/71583 71591/71591/71587) [64,70,76] r=1 lpr=71591 pi=71156-71590/18 crt=71097'198 lcod 0'0 inactive NOTIFY] handle_peering_event: epoch_sent: 71592 epoch_requested: 71592 NullEvt
2014-12-08 18:14:01.110228 7f28fcb46700 10 log is not dirty
2014-12-08 18:14:01.110234 7f28fc345700 10 log is not dirty
2014-12-08 18:14:01.110246 7f28fcb46700 10 osd.70 pg_epoch: 71592 pg[218.6c7( v 71581'2 (0'0,71581'2] local-les=71433 n=2 ec=71423 les/c 71433/71433 71591/71592/71592) [70,10,18] r=0 lpr=71592 pi=71432-71591/6 crt=0'0 lcod 0'0 mlcod 0'0 peering] handle_peering_event: epoch_sent: 71592 epoch_requested: 71592 NullEvt
2014-12-08 18:14:01.110259 7f28fcb46700 10 log is not dirty
2014-12-08 18:14:01.110250 7f28fc345700 10 osd.70 pg_epoch: 71592 pg[218.a3( v 71581'1 (0'0,71581'1] local-les=71434 n=1 ec=71423 les/c 71434/71436 71591/71592/71592) [70,20,23]/[20,23,75] r=-1 lpr=71592 pi=71432-71591/5 crt=0'0 lcod 0'0 remapped NOTIFY] handle_peering_event: epoch_sent: 71592 epoch_requested: 71592 NullEvt
2014-12-08 18:14:01.110264 7f28fc345700 10 log is not dirty
2014-12-08 18:14:01.110264 7f28fcb46700 10 osd.70 pg_epoch: 71592 pg[218.6c4( v 71581'3 (0'0,71581'3] local-les=71437 n=3 ec=71423 les/c 71437/71437 71591/71592/71592) [70,76,13] r=0 lpr=71592 pi=71432-71591/6 crt=71580'1 lcod 0'0 mlcod 0'0 peering] handle_peering_event: epoch_sent: 71592 epoch_requested: 71592 NullEvt
2014-12-08 18:14:01.110277 7f28fcb46700 10 log is not dirty
2014-12-08 18:14:01.110268 7f28fc345700 10 osd.70 pg_epoch: 71592 pg[19.6a( v 71397'36030933 (50495'36027932,71397'36030933] local-les=71439 n=942 ec=21298 les/c 71588/71590 71591/71591/69763) [13,58,70] r=2 lpr=71591 pi=57840-71590/51 crt=71397'36030931 lcod 0'0 inactive NOTIFY] handle_peering_event: epoch_sent: 71592 epoch_requested: 71592 NullEvt
2014-12-08 18:14:01.110282 7f28fc345700 10 log is not dirty
2014-12-08 18:14:01.110286 7f28fc345700 10 osd.70 71592 queue_want_up_thru want 71592 <= queued 71592, currently 71591
2014-12-08 18:14:01.110282 7f28fcb46700 10 osd.70 pg_epoch: 71592 pg[218.562( v 71581'3 (0'0,71581'3] local-les=71437 n=3 ec=71423 les/c 71437/71437 71591/71592/71425) [9,18,70] r=2 lpr=71592 pi=71423-71591/10 crt=71580'1 lcod 0'0 inactive NOTIFY] handle_peering_event: epoch_sent: 71592 epoch_requested: 71592 NullEvt
2014-12-08 18:14:01.110294 7f28fcb46700 10 log is not dirty
2014-12-08 18:14:01.110298 7f28fcb46700 10 osd.70 pg_epoch: 71592 pg[218.5e( empty local-les=71435 n=0 ec=71423 les/c 71585/71585 71591/71591/71425) [16,22,70] r=2 lpr=71591 pi=71423-71590/8 crt=0'0 inactive NOTIFY] handle_peering_event: epoch_sent: 71592 epoch_requested: 71592 NullEvt
2014-12-08 18:14:01.110308 7f28fcb46700 10 log is not dirty --
2014-12-08 18:14:01.114563 7f28fc345700 10 osd.70 pg_epoch: 71592 pg[19.6e( v 51072'48910307 (50495'48906592,51072'48910307] local-les=51066 n=855 ec=21298 les/c 51101/50495 71591/71591/71591) [70,16,13] r=0 lpr=71591 pi=50489-71590/150 crt=51071'48910301 lcod 0'0 mlcod 0'0 incomplete] handle_peering_event: epoch_sent: 71592 epoch_requested: 71592 MNotifyRec from 30 notify: (query_epoch:71592, epoch_sent:71592, info:19.6e( empty local-les=0 n=0 ec=21298 les/c 51101/50495 71591/71591/71591)) features: 0x3fffffffffff
2014-12-08 18:14:01.114576 7f28fc345700 7 osd.70 pg_epoch: 71592 pg[19.6e( v 51072'48910307 (50495'48906592,51072'48910307] local-les=51066 n=855 ec=21298 les/c 51101/50495 71591/71591/71591) [70,16,13] r=0 lpr=71591 pi=50489-71590/150 crt=51071'48910301 lcod 0'0 mlcod 0'0 incomplete] state: handle_pg_notify from osd.30
2014-12-08 18:14:01.114585 7f28fc345700 10 osd.70 pg_epoch: 71592 pg[19.6e( v 51072'48910307 (50495'48906592,51072'48910307] local-les=51066 n=855 ec=21298 les/c 51101/50495 71591/71591/71591) [70,16,13] r=0 lpr=71591 pi=50489-71590/150 crt=51071'48910301 lcod 0'0 mlcod 0'0 incomplete] state: pg[19.6e( v 51072'48910307 (50495'48906592,51072'48910307] local-les=51066 n=855 ec=21298 les/c 51101/50495 71591/71591/71591) [70,16,13] r=0 lpr=71591 pi=50489-71590/150 crt=51071'48910301 lcod 0'0 mlcod 0'0 incomplete] got dup osd.30 info 19.6e( empty local-les=0 n=0 ec=21298 les/c 51101/50495 71591/71591/71591), identical to ours
2014-12-08 18:14:01.114599 7f28fc345700 10 log is not dirty
2014-12-08 18:14:01.114603 7f28fcb46700 10 log is not dirty
2014-12-08 18:14:01.114602 7f28fc345700 10 osd.70 pg_epoch: 71592 pg[19.30( v 71397'38291943 (70960'38288942,71397'38291943] local-les=71592 n=911 ec=21298 les/c 71583/71583 71591/71591/71591) [70,66,1] r=0 lpr=71591 pi=71444-71590/6 crt=71397'38291940 lcod 0'0 mlcod 0'0 inactive] handle_peering_event: epoch_sent: 71592 epoch_requested: 71592 MNotifyRec from 8 notify: (query_epoch:71592, epoch_sent:71592, info:19.30( v 71397'38291943 (70960'38288943,71397'38291943] lb 0//0//-1 local-les=0 n=0 ec=21298 les/c 71583/71583 71591/71591/71591)) features: 0x3fffffffffff
2014-12-08 18:14:01.114612 7f28fc345700 10 osd.70 pg_epoch: 71592 pg[19.30( v 71397'38291943 (70960'38288942,71397'38291943] local-les=71592 n=911 ec=21298 les/c 71583/71583 71591/71591/71591) [70,66,1] r=0 lpr=71591 pi=71444-71590/6 crt=71397'38291940 lcod 0'0 mlcod 0'0 inactive] state: Active: got notify from 8, already have info from that osd, ignoring
2014-12-08 18:14:01.114619 7f28fc345700 10 log is not dirty
2014-12-08 18:14:01.114623 7f28fc345700 10 osd.70 pg_epoch: 71592 pg[216.3c5( v 71097'233 (0'0,71097'233] local-les=71449 n=113 ec=70987 les/c 71449/71450 71591/71592/71592) [70,5,20] r=0 lpr=71592 pi=71444-71591/5 crt=71097'233 lcod 0'0 mlcod 0'0 peering] handle_peering_event: epoch_sent: 71592 epoch_requested: 71592 MNotifyRec from 5 notify: (query_epoch:71592, epoch_sent:71592, info:216.3c5( v 71097'233 (0'0,71097'233] local-les=71585 n=113 ec=70987 les/c 71585/71583 71591/71592/71592)) features: 0x3fffffffffff
2014-12-08 18:14:01.114634 7f28fc345700 10 osd.70 pg_epoch: 71592 pg[216.3c5( v 71097'233 (0'0,71097'233] local-les=71449 n=113 ec=70987 les/c 71449/71450 71591/71592/71592) [70,5,20] r=0 lpr=71592 pi=71444-71591/5 crt=71097'233 lcod 0'0 mlcod 0'0 peering] got osd.5 216.3c5( v 71097'233 (0'0,71097'233] local-les=71585 n=113 ec=70987 les/c 71585/71583 71591/71592/71592)
2014-12-08 18:14:01.114628 7f28fcb46700 10 osd.70 pg_epoch: 71592 pg[218.705( v 71581'1 (0'0,71581'1] local-les=71437 n=1 ec=71423 les/c 71437/71437 71591/71592/71592) [70,56,22] r=0 lpr=71592 pi=71432-71591/6 crt=0'0 lcod 0'0 mlcod 0'0 peering] handle_peering_event: epoch_sent: 71592 epoch_requested: 71592 MNotifyRec from 56 notify: (query_epoch:71592, epoch_sent:71592, info:218.705( v 71581'1 (0'0,71581'1] local-les=71585 n=1 ec=71423 les/c 71585/71586 71591/71592/71592)) features: 0x3fffffffffff
2014-12-08 18:14:01.114651 7f28fc345700 10 osd.70 pg_epoch: 71592 pg[216.3c5( v 71097'233 (0'0,71097'233] local-les=71449 n=113 ec=70987 les/c 71585/71583 71591/71592/71592) [70,5,20] r=0 lpr=71592 pi=71444-71591/5 crt=71097'233 lcod 0'0 mlcod 0'0 peering] update_heartbeat_peers 5,20,70 unchanged
2014-12-08 18:14:01.114653 7f28fcb46700 10 osd.70 pg_epoch: 71592 pg[218.705( v 71581'1 (0'0,71581'1] local-les=71437 n=1 ec=71423 les/c 71437/71437 71591/71592/71592) [70,56,22] r=0 lpr=71592 pi=71432-71591/6 crt=0'0 lcod 0'0 mlcod 0'0 peering] got osd.56 218.705( v 71581'1 (0'0,71581'1] local-les=71585 n=1 ec=71423 les/c 71585/71586 71591/71592/71592)
2014-12-08 18:14:01.114663 7f28fc345700 10 osd.70 pg_epoch: 71592 pg[216.3c5( v 71097'233 (0'0,71097'233] local-les=71449 n=113 ec=70987 les/c 71585/71583 71591/71592/71592) [70,5,20] r=0 lpr=71592 pi=71444-71591/5 crt=71097'233 lcod 0'0 mlcod 0'0 peering] state: last_epoch_started moved forward, rebuilding prior
2014-12-08 18:14:01.114672 7f28fc345700 10 osd.70 pg_epoch: 71592 pg[216.3c5( v 71097'233 (0'0,71097'233] local-les=71449 n=113 ec=70987 les/c 71585/71583 71591/71592/71592) [70,5,20] r=0 lpr=71592 pi=71444-71591/5 crt=71097'233 lcod 0'0 mlcod 0'0 peering] PriorSet: build_prior interval(71591-71591 up [70,5,20](70) acting [5,20,1](5))
2014-12-08 18:14:01.114673 7f28fcb46700 10 osd.70 pg_epoch: 71592 pg[218.705( v 71581'1 (0'0,71581'1] local-les=71437 n=1 ec=71423 les/c 71585/71586 71591/71592/71592) [70,56,22] r=0 lpr=71592 pi=71432-71591/6 crt=0'0 lcod 0'0 mlcod 0'0 peering] update_heartbeat_peers 22,56,70 unchanged
2014-12-08 18:14:01.114684 7f28fc345700 10 osd.70 pg_epoch: 71592 pg[216.3c5( v 71097'233 (0'0,71097'233] local-les=71449 n=113 ec=70987 les/c 71585/71583 71591/71592/71592) [70,5,20] r=0 lpr=71592 pi=71444-71591/5 crt=71097'233 lcod 0'0 mlcod 0'0 peering] PriorSet: build_prior interval(71587-71590 up [5,20](5) acting [5,20](5) maybe_went_rw)
2014-12-08 18:14:01.114686 7f28fcb46700 10 osd.70 pg_epoch: 71592 pg[218.705( v 71581'1 (0'0,71581'1] local-les=71437 n=1 ec=71423 les/c 71585/71586 71591/71592/71592) [70,56,22] r=0 lpr=71592 pi=71432-71591/6 crt=0'0 lcod 0'0 mlcod 0'0 peering] state: last_epoch_started moved forward, rebuilding prior
2014-12-08 18:14:01.114696 7f28fc345700 10 osd.70 pg_epoch: 71592 pg[216.3c5( v 71097'233 (0'0,71097'233] local-les=71449 n=113 ec=70987 les/c 71585/71583 71591/71592/71592) [70,5,20] r=0 lpr=71592 pi=71444-71591/5 crt=71097'233 lcod 0'0 mlcod 0'0 peering] PriorSet: build_prior interval(71584-71586 up [1,5,20](1) acting [1,5,20](1) maybe_went_rw)
2014-12-08 18:14:01.114699 7f28fcb46700 10 osd.70 pg_epoch: 71592 pg[218.705( v 71581'1 (0'0,71581'1] local-les=71437 n=1 ec=71423 les/c 71585/71586 71591/71592/71592) [70,56,22] r=0 lpr=71592 pi=71432-71591/6 crt=0'0 lcod 0'0 mlcod 0'0 peering] PriorSet: build_prior interval(71591-71591 up [70,56,22](70) acting [56,22,9](56))
2014-12-08 18:14:01.114707 7f28fc345700 10 osd.70 pg_epoch: 71592 pg[216.3c5( v 71097'233 (0'0,71097'233] local-les=71449 n=113 ec=70987 les/c 71585/71583 71591/71592/71592) [70,5,20] r=0 lpr=71592 pi=71444-71591/5 crt=71097'233 lcod 0'0 mlcod 0'0 peering] PriorSet: build_prior interval(71582-71583 up [5,20](5) acting [5,20](5) maybe_went_rw)
2014-12-08 18:14:01.114713 7f28fcb46700 10 osd.70 pg_epoch: 71592 pg[218.705( v 71581'1 (0'0,71581'1] local-les=71437 n=1 ec=71423 les/c 71585/71586 71591/71592/71592) [70,56,22] r=0 lpr=71592 pi=71432-71591/6 crt=0'0 lcod 0'0 mlcod 0'0 peering] PriorSet: build_prior interval(71590-71590 up [56,22](56) acting [56,22,9](56))
2014-12-08 18:14:01.114718 7f28fc345700 10 osd.70 pg_epoch: 71592 pg[216.3c5( v 71097'233 (0'0,71097'233] local-les=71449 n=113 ec=70987 les/c 71585/71583 71591/71592/71592) [70,5,20] r=0 lpr=71592 pi=71444-71591/5 crt=71097'233 lcod 0'0 mlcod 0'0 peering] PriorSet: build_prior final: probe 1,5,20,70 down blocked_by {} --
2014-12-08 18:14:01.115027 7f28fc345700 10 osd.70 pg_epoch: 71592 pg[19.6e( v 51072'48910307 (50495'48906592,51072'48910307] local-les=51066 n=855 ec=21298 les/c 51101/50495 71591/71591/71591) [70,16,13] r=0 lpr=71591 pi=50489-71590/150 crt=51071'48910301 lcod 0'0 mlcod 0'0 incomplete] handle_peering_event: epoch_sent: 71592 epoch_requested: 71592 MNotifyRec from 4 notify: (query_epoch:71592, epoch_sent:71592, info:19.6e( v 51072'48910307 (50495'48906592,51072'48910307] local-les=51066 n=855 ec=21298 les/c 51101/50495 71591/71591/71591)) features: 0x3fffffffffff
2014-12-08 18:14:01.115036 7f28fcb46700 10 osd.70 pg_epoch: 71592 pg[216.3cd( v 71097'258 (0'0,71097'258] local-les=71449 n=120 ec=70987 les/c 71449/71450 71591/71592/71168) [18,5,70] r=2 lpr=71592 pi=70987-71591/34 crt=71097'256 lcod 0'0 inactive NOTIFY] handle_peering_event: epoch_sent: 71592 epoch_requested: 71592 MQuery from 18 query_epoch 71592 query: query(info 0'0)
2014-12-08 18:14:01.115039 7f28fc345700 7 osd.70 pg_epoch: 71592 pg[19.6e( v 51072'48910307 (50495'48906592,51072'48910307] local-les=51066 n=855 ec=21298 les/c 51101/50495 71591/71591/71591) [70,16,13] r=0 lpr=71591 pi=50489-71590/150 crt=51071'48910301 lcod 0'0 mlcod 0'0 incomplete] state: handle_pg_notify from osd.4
2014-12-08 18:14:01.115049 7f28fcb46700 10 osd.70 pg_epoch: 71592 pg[216.3cd( v 71097'258 (0'0,71097'258] local-les=71449 n=120 ec=70987 les/c 71590/71583 71591/71592/71168) [18,5,70] r=2 lpr=71592 pi=70987-71591/34 crt=71097'256 lcod 0'0 inactive NOTIFY] sending info
2014-12-08 18:14:01.115049 7f28fc345700 10 osd.70 pg_epoch: 71592 pg[19.6e( v 51072'48910307 (50495'48906592,51072'48910307] local-les=51066 n=855 ec=21298 les/c 51101/50495 71591/71591/71591) [70,16,13] r=0 lpr=71591 pi=50489-71590/150 crt=51071'48910301 lcod 0'0 mlcod 0'0 incomplete] state: pg[19.6e( v 51072'48910307 (50495'48906592,51072'48910307] local-les=51066 n=855 ec=21298 les/c 51101/50495 71591/71591/71591) [70,16,13] r=0 lpr=71591 pi=50489-71590/150 crt=51071'48910301 lcod 0'0 mlcod 0'0 incomplete] got dup osd.4 info 19.6e( v 51072'48910307 (50495'48906592,51072'48910307] local-les=51066 n=855 ec=21298 les/c 51101/50495 71591/71591/71591), identical to ours
2014-12-08 18:14:01.115068 7f28fc345700 10 log is not dirty
2014-12-08 18:14:01.115071 7f28fc345700 10 osd.70 pg_epoch: 71592 pg[217.bb( v 71377'16307 (71377'13306,71377'16307] local-les=71592 n=22 ec=71094 les/c 71586/71583 71591/71591/71591) [70,78,25] r=0 lpr=71591 pi=71434-71590/6 crt=71377'16305 lcod 0'0 mlcod 0'0 inactive] handle_peering_event: epoch_sent: 71592 epoch_requested: 71592 MNotifyRec from 78 notify: (query_epoch:71592, epoch_sent:71592, info:217.bb( v 71377'16307 (71377'13306,71377'16307] local-les=71590 n=22 ec=71094 les/c 71586/71583 71591/71591/71591)) features: 0x3fffffffffff
2014-12-08 18:14:01.115080 7f28fc345700 10 osd.70 pg_epoch: 71592 pg[217.bb( v 71377'16307 (71377'13306,71377'16307] local-les=71592 n=22 ec=71094 les/c 71586/71583 71591/71591/71591) [70,78,25] r=0 lpr=71591 pi=71434-71590/6 crt=71377'16305 lcod 0'0 mlcod 0'0 inactive] state: Active: got notify from 78, already have info from that osd, ignoring
2014-12-08 18:14:01.115087 7f28fc345700 10 log is not dirty
2014-12-08 18:14:01.115091 7f28fc345700 10 osd.70 pg_epoch: 71592 pg[218.38f( empty local-les=71457 n=0 ec=71423 les/c 71457/71457 71591/71592/71592) [70,23,25] r=0 lpr=71592 pi=71456-71591/5 crt=0'0 mlcod 0'0 peering] handle_peering_event: epoch_sent: 71592 epoch_requested: 71592 MNotifyRec from 25 notify: (query_epoch:71592, epoch_sent:71592, info:218.38f( empty local-les=71585 n=0 ec=71423 les/c 71585/71585 71591/71592/71592)) features: 0x3fffffffffff
2014-12-08 18:14:01.115104 7f28fcb46700 10 log is not dirty
2014-12-08 18:14:01.115103 7f28fc345700 10 osd.70 pg_epoch: 71592 pg[218.38f( empty local-les=71457 n=0 ec=71423 les/c 71457/71457 71591/71592/71592) [70,23,25] r=0 lpr=71592 pi=71456-71591/5 crt=0'0 mlcod 0'0 peering] got osd.25 218.38f( empty local-les=71585 n=0 ec=71423 les/c 71585/71585 71591/71592/71592)
2014-12-08 18:14:01.115111 7f28fcb46700 10 osd.70 pg_epoch: 71592 pg[218.73e( v 71581'2 (0'0,71581'2] local-les=71449 n=2 ec=71423 les/c 71449/71450 71591/71592/71425) [7,70,9] r=1 lpr=71592 pi=71423-71591/12 crt=71424'1 lcod 0'0 inactive NOTIFY] handle_peering_event: epoch_sent: 71592 epoch_requested: 71592 MQuery from 7 query_epoch 71592 query: query(info 0'0)
2014-12-08 18:14:01.115116 7f28fc345700 10 osd.70 pg_epoch: 71592 pg[218.38f( empty local-les=71457 n=0 ec=71423 les/c 71585/71585 71591/71592/71592) [70,23,25] r=0 lpr=71592 pi=71456-71591/5 crt=0'0 mlcod 0'0 peering] update_heartbeat_peers 23,25,70 unchanged
2014-12-08 18:14:01.115126 7f28fc345700 10 osd.70 pg_epoch: 71592 pg[218.38f( empty local-les=71457 n=0 ec=71423 les/c 71585/71585 71591/71592/71592) [70,23,25] r=0 lpr=71592 pi=71456-71591/5 crt=0'0 mlcod 0'0 peering] state: last_epoch_started moved forward, rebuilding prior
2014-12-08 18:14:01.115124 7f28fcb46700 10 osd.70 pg_epoch: 71592 pg[218.73e( v 71581'2 (0'0,71581'2] local-les=71449 n=2 ec=71423 les/c 71590/71590 71591/71592/71425) [7,70,9] r=1 lpr=71592 pi=71423-71591/12 crt=71424'1 lcod 0'0 inactive NOTIFY] sending info
2014-12-08 18:14:01.115135 7f28fc345700 10 osd.70 pg_epoch: 71592 pg[218.38f( empty local-les=71457 n=0 ec=71423 les/c 71585/71585 71591/71592/71592) [70,23,25] r=0 lpr=71592 pi=71456-71591/5 crt=0'0 mlcod 0'0 peering] PriorSet: build_prior interval(71591-71591 up [70,23,25](70) acting [23,25,58](23))
2014-12-08 18:14:01.115144 7f28fcb46700 10 log is not dirty
2014-12-08 18:14:01.115143 7f28fc345700 10 osd.70 pg_epoch: 71592 pg[218.38f( empty local-les=71457 n=0 ec=71423 les/c 71585/71585 71591/71592/71592) [70,23,25] r=0 lpr=71592 pi=71456-71591/5 crt=0'0 mlcod 0'0 peering] PriorSet: build_prior interval(71587-71590 up [23,25](23) acting [23,25](23) maybe_went_rw)
2014-12-08 18:14:01.115152 7f28fc345700 10 osd.70 pg_epoch: 71592 pg[218.38f( empty local-les=71457 n=0 ec=71423 les/c 71585/71585 71591/71592/71592) [70,23,25] r=0 lpr=71592 pi=71456-71591/5 crt=0'0 mlcod 0'0 peering] PriorSet: build_prior interval(71584-71586 up [58,23,25](58) acting [58,23,25](58) maybe_went_rw)
2014-12-08 18:14:01.115151 7f28fcb46700 10 osd.70 pg_epoch: 71592 pg[216.ee( empty local-les=71437 n=0 ec=70987 les/c 71437/71437 71591/71592/70989) [9,8,70] r=2 lpr=71592 pi=71401-71591/10 crt=0'0 inactive NOTIFY] handle_peering_event: epoch_sent: 71592 epoch_requested: 71592 MQuery from 9 query_epoch 71592 query: query(info 0'0)
2014-12-08 18:14:01.115163 7f28fc345700 10 osd.70 pg_epoch: 71592 pg[218.38f( empty local-les=71457 n=0 ec=71423 les/c 71585/71585 71591/71592/71592) [70,23,25] r=0 lpr=71592 pi=71456-71591/5 crt=0'0 mlcod 0'0 peering] PriorSet: build_prior interval(71582-71583 up [23,25](23) acting [23,25](23) maybe_went_rw)
2014-12-08 18:14:01.115165 7f28fcb46700 10 osd.70 pg_epoch: 71592 pg[216.ee( empty local-les=71437 n=0 ec=70987 les/c 71590/71590 71591/71592/70989) [9,8,70] r=2 lpr=71592 pi=71401-71591/10 crt=0'0 inactive NOTIFY] sending info
2014-12-08 18:14:01.115174 7f28fc345700 10 osd.70 pg_epoch: 71592 pg[218.38f( empty local-les=71457 n=0 ec=71423 les/c 71585/71585 71591/71592/71592) [70,23,25] r=0 lpr=71592 pi=71456-71591/5 crt=0'0 mlcod 0'0 peering] PriorSet: build_prior final: probe 23,25,58,70 down blocked_by {}
2014-12-08 18:14:01.115184 7f28fcb46700 10 log is not dirty --
2014-12-08 18:14:01.119719 7f28fc345700 10 osd.70 pg_epoch: 71592 pg[19.6e( v 51072'48910307 (50495'48906592,51072'48910307] local-les=51066 n=855 ec=21298 les/c 51101/50495 71591/71591/71591) [70,16,13] r=0 lpr=71591 pi=50489-71590/150 crt=51071'48910301 lcod 0'0 mlcod 0'0 incomplete] handle_peering_event: epoch_sent: 71592 epoch_requested: 71592 MNotifyRec from 58 notify: (query_epoch:71592, epoch_sent:71592, info:19.6e( empty local-les=0 n=0 ec=21298 les/c 51101/50495 71591/71591/71591)) features: 0x3fffffffffff
2014-12-08 18:14:01.119730 7f28fcb46700 10 osd.70 pg_epoch: 71592 pg[217.399( v 71377'57 (0'0,71377'57] local-les=71445 n=12 ec=71094 les/c 71590/71583 71591/71592/71592) [70,25,58] r=0 lpr=71592 pi=71444-71591/6 crt=71377'54 lcod 0'0 mlcod 0'0 peering] state: osd.58 has no missing, identical log
2014-12-08 18:14:01.119734 7f28fc345700 7 osd.70 pg_epoch: 71592 pg[19.6e( v 51072'48910307 (50495'48906592,51072'48910307] local-les=51066 n=855 ec=21298 les/c 51101/50495 71591/71591/71591) [70,16,13] r=0 lpr=71591 pi=50489-71590/150 crt=51071'48910301 lcod 0'0 mlcod 0'0 incomplete] state: handle_pg_notify from osd.58
2014-12-08 18:14:01.119744 7f28fcb46700 10 osd.70 pg_epoch: 71592 pg[217.399( v 71377'57 (0'0,71377'57] local-les=71445 n=12 ec=71094 les/c 71590/71583 71591/71592/71592) [70,25,58] r=0 lpr=71592 pi=71444-71591/6 crt=71377'54 lcod 0'0 mlcod 0'0 peering] state: still need up_thru update before going active
2014-12-08 18:14:01.119746 7f28fc345700 10 osd.70 pg_epoch: 71592 pg[19.6e( v 51072'48910307 (50495'48906592,51072'48910307] local-les=51066 n=855 ec=21298 les/c 51101/50495 71591/71591/71591) [70,16,13] r=0 lpr=71591 pi=50489-71590/150 crt=51071'48910301 lcod 0'0 mlcod 0'0 incomplete] state: pg[19.6e( v 51072'48910307 (50495'48906592,51072'48910307] local-les=51066 n=855 ec=21298 les/c 51101/50495 71591/71591/71591) [70,16,13] r=0 lpr=71591 pi=50489-71590/150 crt=51071'48910301 lcod 0'0 mlcod 0'0 incomplete] got dup osd.58 info 19.6e( empty local-les=0 n=0 ec=21298 les/c 51101/50495 71591/71591/71591), identical to ours
2014-12-08 18:14:01.119765 7f28fc345700 10 log is not dirty
2014-12-08 18:14:01.119760 7f28fcb46700 5 osd.70 pg_epoch: 71592 pg[217.399( v 71377'57 (0'0,71377'57] local-les=71445 n=12 ec=71094 les/c 71590/71583 71591/71592/71592) [70,25,58] r=0 lpr=71592 pi=71444-71591/6 crt=71377'54 lcod 0'0 mlcod 0'0 peering] exit Started/Primary/Peering/GetMissing 0.000059 0 0.000000
2014-12-08 18:14:01.119770 7f28fc345700 10 osd.70 pg_epoch: 71592 pg[19.6e( v 51072'48910307 (50495'48906592,51072'48910307] local-les=51066 n=855 ec=21298 les/c 51101/50495 71591/71591/71591) [70,16,13] r=0 lpr=71591 pi=50489-71590/150 crt=51071'48910301 lcod 0'0 mlcod 0'0 incomplete] handle_peering_event: epoch_sent: 71592 epoch_requested: 71592 MNotifyRec from 76 notify: (query_epoch:71592, epoch_sent:71592, info:19.6e( empty local-les=0 n=0 ec=21298 les/c 51101/50495 71591/71591/71591)) features: 0x3fffffffffff
2014-12-08 18:14:01.119779 7f28fc345700 7 osd.70 pg_epoch: 71592 pg[19.6e( v 51072'48910307 (50495'48906592,51072'48910307] local-les=51066 n=855 ec=21298 les/c 51101/50495 71591/71591/71591) [70,16,13] r=0 lpr=71591 pi=50489-71590/150 crt=51071'48910301 lcod 0'0 mlcod 0'0 incomplete] state: handle_pg_notify from osd.76
2014-12-08 18:14:01.119777 7f28fcb46700 15 osd.70 pg_epoch: 71592 pg[217.399( v 71377'57 (0'0,71377'57] local-les=71445 n=12 ec=71094 les/c 71590/71583 71591/71592/71592) [70,25,58] r=0 lpr=71592 pi=71444-71591/6 crt=71377'54 lcod 0'0 mlcod 0'0 peering] publish_stats_to_osd 71592:5116
2014-12-08 18:14:01.119789 7f28fc345700 10 osd.70 pg_epoch: 71592 pg[19.6e( v 51072'48910307 (50495'48906592,51072'48910307] local-les=51066 n=855 ec=21298 les/c 51101/50495 71591/71591/71591) [70,16,13] r=0 lpr=71591 pi=50489-71590/150 crt=51071'48910301 lcod 0'0 mlcod 0'0 incomplete] state: pg[19.6e( v 51072'48910307 (50495'48906592,51072'48910307] local-les=51066 n=855 ec=21298 les/c 51101/50495 71591/71591/71591) [70,16,13] r=0 lpr=71591 pi=50489-71590/150 crt=51071'48910301 lcod 0'0 mlcod 0'0 incomplete] got dup osd.76 info 19.6e( empty local-les=0 n=0 ec=21298 les/c 51101/50495 71591/71591/71591), identical to ours
2014-12-08 18:14:01.119804 7f28fc345700 10 log is not dirty
2014-12-08 18:14:01.119794 7f28fcb46700 5 osd.70 pg_epoch: 71592 pg[217.399( v 71377'57 (0'0,71377'57] local-les=71445 n=12 ec=71094 les/c 71590/71583 71591/71592/71592) [70,25,58] r=0 lpr=71592 pi=71444-71591/6 crt=71377'54 lcod 0'0 mlcod 0'0 peering] enter Started/Primary/Peering/WaitUpThru
2014-12-08 18:14:01.119810 7f28fcb46700 10 log is not dirty
2014-12-08 18:14:01.119807 7f28fc345700 10 osd.70 pg_epoch: 71592 pg[218.6c7( v 71581'2 (0'0,71581'2] local-les=71433 n=2 ec=71423 les/c 71590/71583 71591/71592/71592) [70,10,18] r=0 lpr=71592 pi=71432-71591/6 crt=0'0 lcod 0'0 mlcod 0'0 peering] handle_peering_event: epoch_sent: 71592 epoch_requested: 71592 MNotifyRec from 76 notify: (query_epoch:71592, epoch_sent:71592, info:218.6c7( v 71581'2 lc 0'0 (0'0,71581'2] local-les=71590 n=2 ec=71423 les/c 71590/71583 71591/71592/71592)) features: 0x3fffffffffff
2014-12-08 18:14:01.119823 7f2904b56700 10 osd.70 71592 do_waiters -- start
2014-12-08 18:14:01.119827 7f2904b56700 10 osd.70 71592 do_waiters -- finish
2014-12-08 18:14:01.119829 7f2904b56700 20 osd.70 71592 _dispatch 0x12cec940 pg_info(1 pgs e71592:217.86) v4
2014-12-08 18:14:01.119821 7f28fc345700 10 osd.70 pg_epoch: 71592 pg[218.6c7( v 71581'2 (0'0,71581'2] local-les=71433 n=2 ec=71423 les/c 71590/71583 71591/71592/71592) [70,10,18] r=0 lpr=71592 pi=71432-71591/6 crt=0'0 lcod 0'0 mlcod 0'0 peering] got osd.76 218.6c7( v 71581'2 lc 0'0 (0'0,71581'2] local-les=71590 n=2 ec=71423 les/c 71590/71583 71591/71592/71592)
2014-12-08 18:14:01.119816 7f290a83a700 10 osd.70 pg_epoch: 71592 pg[19.57( v 71397'43972637 (51252'43969636,71397'43972637] local-les=71592 n=872 ec=21298 les/c 71590/71590 71591/71591/71507) [23,14,70] r=2 lpr=71591 pi=69651-71590/65 crt=71397'43972635 lcod 0'0 inactive] _activate_committed 71592 telling primary
2014-12-08 18:14:01.119844 7f290a83a700 20 osd.70 71592 share_map_peer 0x1268b760 don't know epoch, doing nothing
2014-12-08 18:14:01.119837 7f28fc345700 10 osd.70 pg_epoch: 71592 pg[218.6c7( v 71581'2 (0'0,71581'2] local-les=71433 n=2 ec=71423 les/c 71590/71583 71591/71592/71592) [70,10,18] r=0 lpr=71592 pi=71432-71591/6 crt=0'0 lcod 0'0 mlcod 0'0 peering] osd.76 has stray content: 218.6c7( v 71581'2 lc 0'0 (0'0,71581'2] local-les=71590 n=2 ec=71423 les/c 71590/71583 71591/71592/71592)
2014-12-08 18:14:01.119839 7f28fcb46700 10 osd.70 pg_epoch: 71592 pg[218.39f( empty local-les=71592 n=0 ec=71423 les/c 71585/71585 71591/71591/71591) [70,13,16] r=0 lpr=71591 pi=71444-71590/4 crt=0'0 mlcod 0'0 inactive] handle_peering_event: epoch_sent: 71592 epoch_requested: 71592 MNotifyRec from 13 notify: (query_epoch:71592, epoch_sent:71592, info:218.39f( empty local-les=71585 n=0 ec=71423 les/c 71585/71585 71591/71591/71591)) features: 0x3fffffffffff
2014-12-08 18:14:01.119852 7f28fc345700 10 osd.70 pg_epoch: 71592 pg[218.6c7( v 71581'2 (0'0,71581'2] local-les=71433 n=2 ec=71423 les/c 71590/71583 71591/71592/71592) [70,10,18] r=0 lpr=71592 pi=71432-71591/6 crt=0'0 lcod 0'0 mlcod 0'0 peering] update_heartbeat_peers 10,18,70 -> 10,18,70,76
2014-12-08 18:14:01.119865 7f28fc345700 20 osd.70 71592 need_heartbeat_peer_update
2014-12-08 18:14:01.119871 7f2904b56700 7 osd.70 71592 handle_pg_info pg_info(1 pgs e71592:217.86) v4 from osd.63
2014-12-08 18:14:01.119877 7f2904b56700 15 osd.70 71592 require_same_or_newer_map 71592 (i am 71592) 0x12cec940
2014-12-08 18:14:01.119870 7f290a83a700 10 osd.70 pg_epoch: 71592 pg[19.57( v 71397'43972637 (51252'43969636,71397'43972637] local-les=71592 n=872 ec=21298 les/c 71590/71590 71591/71591/71507) [23,14,70] r=2 lpr=71591 pi=69651-71590/65 luod=0'0 crt=71397'43972635 lcod 0'0 active] flushed
2014-12-08 18:14:01.119869 7f28fc345700 20 osd.70 pg_epoch: 71592 pg[218.6c7( v 71581'2 (0'0,71581'2] local-les=71433 n=2 ec=71423 les/c 71590/71583 71591/71592/71592) [70,10,18] r=0 lpr=71592 pi=71432-71591/6 crt=0'0 lcod 0'0 mlcod 0'0 peering] state: Adding osd: 76 features: 3fffffffffff
2014-12-08 18:14:01.119868 7f28fcb46700 10 osd.70 pg_epoch: 71592 pg[218.39f( empty local-les=71592 n=0 ec=71423 les/c 71585/71585 71591/71591/71591) [70,13,16] r=0 lpr=71591 pi=71444-71590/4 crt=0'0 mlcod 0'0 inactive] state: Active: got notify from 13, already have info from that osd, ignoring
2014-12-08 18:14:01.119892 7f28fc345700 10 log is not dirty --
2014-12-08 18:14:01.123843 7f28fc345700 10 osd.70 pg_epoch: 71592 pg[19.6e( v 51072'48910307 (50495'48906592,51072'48910307] local-les=51066 n=855 ec=21298 les/c 51101/50495 71591/71591/71591) [70,16,13] r=0 lpr=71591 pi=50489-71590/150 crt=51071'48910301 lcod 0'0 mlcod 0'0 incomplete] handle_peering_event: epoch_sent: 71592 epoch_requested: 71592 MNotifyRec from 16 notify: (query_epoch:71592, epoch_sent:71592, info:19.6e( empty local-les=0 n=0 ec=21298 les/c 51101/50495 71591/71591/71591)) features: 0x3fffffffffff
2014-12-08 18:14:01.123858 7f28fc345700 7 osd.70 pg_epoch: 71592 pg[19.6e( v 51072'48910307 (50495'48906592,51072'48910307] local-les=51066 n=855 ec=21298 les/c 51101/50495 71591/71591/71591) [70,16,13] r=0 lpr=71591 pi=50489-71590/150 crt=51071'48910301 lcod 0'0 mlcod 0'0 incomplete] state: handle_pg_notify from osd.16
2014-12-08 18:14:01.123871 7f28fc345700 10 osd.70 pg_epoch: 71592 pg[19.6e( v 51072'48910307 (50495'48906592,51072'48910307] local-les=51066 n=855 ec=21298 les/c 51101/50495 71591/71591/71591) [70,16,13] r=0 lpr=71591 pi=50489-71590/150 crt=51071'48910301 lcod 0'0 mlcod 0'0 incomplete] state: pg[19.6e( v 51072'48910307 (50495'48906592,51072'48910307] local-les=51066 n=855 ec=21298 les/c 51101/50495 71591/71591/71591) [70,16,13] r=0 lpr=71591 pi=50489-71590/150 crt=51071'48910301 lcod 0'0 mlcod 0'0 incomplete] got dup osd.16 info 19.6e( empty local-les=0 n=0 ec=21298 les/c 51101/50495 71591/71591/71591), identical to ours
2014-12-08 18:14:01.123902 7f28fc345700 10 log is not dirty
2014-12-08 18:14:01.123917 7f2904b56700 7 osd.70 71592 handle_pg_info pg_info(1 pgs e71592:218.5e) v4 from osd.16
2014-12-08 18:14:01.123923 7f2904b56700 15 osd.70 71592 require_same_or_newer_map 71592 (i am 71592) 0x12ca7a20
2014-12-08 18:14:01.123912 7f28fc345700 10 osd.70 pg_epoch: 71592 pg[217.2fd( v 71377'4110 (71377'1109,71377'4110] local-les=71592 n=14 ec=71094 les/c 71589/71589 71591/71591/71591) [70,10,19] r=0 lpr=71591 pi=71444-71590/5 crt=71377'4107 lcod 0'0 mlcod 0'0 inactive] handle_peering_event: epoch_sent: 71592 epoch_requested: 71592 MNotifyRec from 19 notify: (query_epoch:71592, epoch_sent:71592, info:217.2fd( v 71377'4110 (71377'1109,71377'4110] local-les=71589 n=14 ec=71094 les/c 71589/71589 71591/71591/71591)) features: 0x3fffffffffff
2014-12-08 18:14:01.123931 7f28fc345700 10 osd.70 pg_epoch: 71592 pg[217.2fd( v 71377'4110 (71377'1109,71377'4110] local-les=71592 n=14 ec=71094 les/c 71589/71589 71591/71591/71591) [70,10,19] r=0 lpr=71591 pi=71444-71590/5 crt=71377'4107 lcod 0'0 mlcod 0'0 inactive] state: Active: got notify from 19, already have info from that osd, ignoring
2014-12-08 18:14:01.123940 7f28fc345700 10 log is not dirty
2014-12-08 18:14:01.123945 7f28fc345700 10 osd.70 pg_epoch: 71592 pg[216.3( v 70990'236 (0'0,70990'236] local-les=71592 n=109 ec=70987 les/c 71585/71583 71591/71591/71591) [70,16,56] r=0 lpr=71591 pi=71432-71590/4 crt=70990'236 lcod 0'0 mlcod 0'0 inactive] handle_peering_event: epoch_sent: 71592 epoch_requested: 71592 MNotifyRec from 56 notify: (query_epoch:71592, epoch_sent:71592, info:216.3( v 70990'236 (0'0,70990'236] local-les=71585 n=109 ec=70987 les/c 71585/71583 71591/71591/71591)) features: 0x3fffffffffff
2014-12-08 18:14:01.123961 7f28fc345700 10 osd.70 pg_epoch: 71592 pg[216.3( v 70990'236 (0'0,70990'236] local-les=71592 n=109 ec=70987 les/c 71585/71583 71591/71591/71591) [70,16,56] r=0 lpr=71591 pi=71432-71590/4 crt=70990'236 lcod 0'0 mlcod 0'0 inactive] state: Active: got notify from 56, already have info from that osd, ignoring
2014-12-08 18:14:01.123969 7f2904b56700 10 osd.70 71592 do_waiters -- start
2014-12-08 18:14:01.123970 7f28fc345700 10 log is not dirty
2014-12-08 18:14:01.123977 7f2904b56700 10 osd.70 71592 do_waiters -- finish
2014-12-08 18:14:01.123982 7f28fc345700 10 osd.70 pg_epoch: 71592 pg[217.370( v 71377'12257 (71377'9256,71377'12257] local-les=71592 n=16 ec=71094 les/c 71588/71588 71591/71591/71591) [70,10,56] r=0 lpr=71591 pi=71434-71590/5 crt=71377'12255 lcod 0'0 mlcod 0'0 inactive] handle_peering_event: epoch_sent: 71592 epoch_requested: 71592 MNotifyRec from 56 notify: (query_epoch:71592, epoch_sent:71592, info:217.370( v 71377'12257 (71377'9256,71377'12257] local-les=71588 n=16 ec=71094 les/c 71588/71588 71591/71591/71591)) features: 0x3fffffffffff
2014-12-08 18:14:01.123998 7f28fc345700 10 osd.70 pg_epoch: 71592 pg[217.370( v 71377'12257 (71377'9256,71377'12257] local-les=71592 n=16 ec=71094 les/c 71588/71588 71591/71591/71591) [70,10,56] r=0 lpr=71591 pi=71434-71590/5 crt=71377'12255 lcod 0'0 mlcod 0'0 inactive] state: Active: got notify from 56, already have info from that osd, ignoring
2014-12-08 18:14:01.124007 7f28fc345700 10 log is not dirty
2014-12-08 18:14:01.124013 7f28fc345700 10 osd.70 pg_epoch: 71592 pg[218.38f( empty local-les=71457 n=0 ec=71423 les/c 71585/71585 71591/71592/71592) [70,23,25] r=0 lpr=71592 pi=71456-71591/5 crt=0'0 mlcod 0'0 peering] handle_peering_event: epoch_sent: 71592 epoch_requested: 71592 MNotifyRec from 23 notify: (query_epoch:71592, epoch_sent:71592, info:218.38f( empty local-les=71585 n=0 ec=71423 les/c 71585/71585 71591/71592/71592)) features: 0x3fffffffffff
2014-12-08 18:14:01.124028 7f28fc345700 10 osd.70 pg_epoch: 71592 pg[218.38f( empty local-les=71457 n=0 ec=71423 les/c 71585/71585 71591/71592/71592) [70,23,25] r=0 lpr=71592 pi=71456-71591/5 crt=0'0 mlcod 0'0 peering] got osd.23 218.38f( empty local-les=71585 n=0 ec=71423 les/c 71585/71585 71591/71592/71592)
2014-12-08 18:14:01.124042 7f28fc345700 10 osd.70 pg_epoch: 71592 pg[218.38f( empty local-les=71457 n=0 ec=71423 les/c 71585/71585 71591/71592/71592) [70,23,25] r=0 lpr=71592 pi=71456-71591/5 crt=0'0 mlcod 0'0 peering] update_heartbeat_peers 23,25,70 unchanged
2014-12-08 18:14:01.124050 7f28fc345700 20 osd.70 pg_epoch: 71592 pg[218.38f( empty local-les=71457 n=0 ec=71423 les/c 71585/71585 71591/71592/71592) [70,23,25] r=0 lpr=71592 pi=71456-71591/5 crt=0'0 mlcod 0'0 peering] state: Adding osd: 23 features: 3fffffffffff
2014-12-08 18:14:01.124060 7f28fc345700 10 log is not dirty
2014-12-08 18:14:01.124066 7f28fc345700 10 osd.70 pg_epoch: 71592 pg[218.3a1( v 71581'1 (0'0,71581'1] local-les=71451 n=1 ec=71423 les/c 71585/71583 71591/71591/71591) [70,23,69] r=0 lpr=71591 pi=71444-71590/4 crt=0'0 lcod 0'0 mlcod 0'0 peering] handle_peering_event: epoch_sent: 71592 epoch_requested: 71592 MNotifyRec from 23 notify: (query_epoch:71592, epoch_sent:71592, info:218.3a1( v 71581'1 (0'0,71581'1] local-les=71585 n=1 ec=71423 les/c 71585/71583 71591/71591/71591)) features: 0x3fffffffffff --
2014-12-08 18:14:01.445398 7f28fbb44700 10 osd.70 71592 dequeue_op 0x4481500 prio 63 cost 4096 latency 0.000413 osd_op(client.3273605.0:6509137 rbd_data.31f5466c26f78a.0000000000000a17 [set-alloc-hint object_size 8388608 write_size 8388608,write 0~4096] 19.8b7d6b6e RETRY=104 ack+ondisk+retry+write e71592) v4 pg pg[19.6e( v 51072'48910307 (50495'48906592,51072'48910307] local-les=51066 n=855 ec=21298 les/c 51101/50495 71591/71591/71591) [70,16,13] r=0 lpr=71591 pi=50489-71590/150 crt=51071'48910301 lcod 0'0 mlcod 0'0 incomplete]
2014-12-08 18:14:01.445497 7f28dabc2700 20 osd.70 71592 should_share_map client.3273605 172.16.5.108:0/1015139 71592
2014-12-08 18:14:01.445485 7f28fbb44700 20 osd.70 pg_epoch: 71592 pg[19.6e( v 51072'48910307 (50495'48906592,51072'48910307] local-les=51066 n=855 ec=21298 les/c 51101/50495 71591/71591/71591) [70,16,13] r=0 lpr=71591 pi=50489-71590/150 crt=51071'48910301 lcod 0'0 mlcod 0'0 incomplete] op_has_sufficient_caps pool=19 (volumes ) owner=0 need_read_cap=0 need_write_cap=1 need_class_read_cap=0 need_class_write_cap=0 -> yes
2014-12-08 18:14:01.445505 7f28fbb44700 10 osd.70 pg_epoch: 71592 pg[19.6e( v 51072'48910307 (50495'48906592,51072'48910307] local-les=51066 n=855 ec=21298 les/c 51101/50495 71591/71591/71591) [70,16,13] r=0 lpr=71591 pi=50489-71590/150 crt=51071'48910301 lcod 0'0 mlcod 0'0 incomplete] can_handle_while_inactive: 0x4481500
2014-12-08 18:14:01.445519 7f28fbb44700 10 osd.70 71592 dequeue_op 0x4481500 finish
2014-12-08 18:14:01.445519 7f28dabc2700 15 osd.70 71592 enqueue_op 0x447ec00 prio 63 cost 4096 latency 0.000162 osd_op(client.3273605.0:6509138 rbd_data.31f5466c26f78a.0000000000000a17 [set-alloc-hint object_size 8388608 write_size 8388608,write 4096~4096] 19.8b7d6b6e RETRY=104 ack+ondisk+retry+write e71592) v4
2014-12-08 18:14:01.445590 7f28f933f700 10 osd.70 71592 dequeue_op 0x447ec00 prio 63 cost 4096 latency 0.000232 osd_op(client.3273605.0:6509138 rbd_data.31f5466c26f78a.0000000000000a17 [set-alloc-hint object_size 8388608 write_size 8388608,write 4096~4096] 19.8b7d6b6e RETRY=104 ack+ondisk+retry+write e71592) v4 pg pg[19.6e( v 51072'48910307 (50495'48906592,51072'48910307] local-les=51066 n=855 ec=21298 les/c 51101/50495 71591/71591/71591) [70,16,13] r=0 lpr=71591 pi=50489-71590/150 crt=51071'48910301 lcod 0'0 mlcod 0'0 incomplete]
2014-12-08 18:14:01.445643 7f28f933f700 20 osd.70 pg_epoch: 71592 pg[19.6e( v 51072'48910307 (50495'48906592,51072'48910307] local-les=51066 n=855 ec=21298 les/c 51101/50495 71591/71591/71591) [70,16,13] r=0 lpr=71591 pi=50489-71590/150 crt=51071'48910301 lcod 0'0 mlcod 0'0 incomplete] op_has_sufficient_caps pool=19 (volumes ) owner=0 need_read_cap=0 need_write_cap=1 need_class_read_cap=0 need_class_write_cap=0 -> yes
2014-12-08 18:14:01.445656 7f28dabc2700 20 osd.70 71592 should_share_map client.3273605 172.16.5.108:0/1015139 71592
2014-12-08 18:14:01.445658 7f28f933f700 10 osd.70 pg_epoch: 71592 pg[19.6e( v 51072'48910307 (50495'48906592,51072'48910307] local-les=51066 n=855 ec=21298 les/c 51101/50495 71591/71591/71591) [70,16,13] r=0 lpr=71591 pi=50489-71590/150 crt=51071'48910301 lcod 0'0 mlcod 0'0 incomplete] can_handle_while_inactive: 0x447ec00
2014-12-08 18:14:01.445670 7f28f933f700 10 osd.70 71592 dequeue_op 0x447ec00 finish
2014-12-08 18:14:01.445677 7f28dabc2700 15 osd.70 71592 enqueue_op 0x4481700 prio 63 cost 24576 latency 0.000130 osd_op(client.3273605.0:6509139 rbd_data.31f5466c26f78a.0000000000000a17 [set-alloc-hint object_size 8388608 write_size 8388608,write 8192~24576] 19.8b7d6b6e RETRY=104 ack+ondisk+retry+write e71592) v4
2014-12-08 18:14:01.445741 7f28fbb44700 10 osd.70 71592 dequeue_op 0x4481700 prio 63 cost 24576 latency 0.000194 osd_op(client.3273605.0:6509139 rbd_data.31f5466c26f78a.0000000000000a17 [set-alloc-hint object_size 8388608 write_size 8388608,write 8192~24576] 19.8b7d6b6e RETRY=104 ack+ondisk+retry+write e71592) v4 pg pg[19.6e( v 51072'48910307 (50495'48906592,51072'48910307] local-les=51066 n=855 ec=21298 les/c 51101/50495 71591/71591/71591) [70,16,13] r=0 lpr=71591 pi=50489-71590/150 crt=51071'48910301 lcod 0'0 mlcod 0'0 incomplete]
