2014-12-08 18:14:02.283282 7f28f933f700 10 osd.70 pg_epoch: 71593 pg[19.6e( v 51072'48910307 (50495'48906592,51072'48910307] local-les=51066 n=855 ec=21298 les/c 51101/50495 71591/71591/71591) [70,16,13] r=0 lpr=71591 pi=50489-71590/150 crt=51071'48910301 lcod 0'0 mlcod 0'0 incomplete] can_handle_while_inactive: 0x1285f600
2014-12-08 18:14:02.283299 7f28f933f700 10 osd.70 71593 dequeue_op 0x1285f600 finish
2014-12-08 18:14:02.283316 7f28fbb44700 10 osd.70 71593 dequeue_op 0x447fe00 prio 63 cost 0 latency 0.000139 osd_op(client.6634234.0:1598 rbd_data.124045103eaad3.0000000000000310 [sparse-read 0~8388608] 19.bd03a26e RETRY=4 ack+retry+read e71593) v4 pg pg[19.6e( v 51072'48910307 (50495'48906592,51072'48910307] local-les=51066 n=855 ec=21298 les/c 51101/50495 71591/71591/71591) [70,16,13] r=0 lpr=71591 pi=50489-71590/150 crt=51071'48910301 lcod 0'0 mlcod 0'0 incomplete]
2014-12-08 18:14:02.283355 7f28fbb44700 20 osd.70 pg_epoch: 71593 pg[19.6e( v 51072'48910307 (50495'48906592,51072'48910307] local-les=51066 n=855 ec=21298 les/c 51101/50495 71591/71591/71591) [70,16,13] r=0 lpr=71591 pi=50489-71590/150 crt=51071'48910301 lcod 0'0 mlcod 0'0 incomplete] op_has_sufficient_caps pool=19 (volumes ) owner=0 need_read_cap=1 need_write_cap=0 need_class_read_cap=0 need_class_write_cap=0 -> yes
2014-12-08 18:14:02.283370 7f28fbb44700 10 osd.70 pg_epoch: 71593 pg[19.6e( v 51072'48910307 (50495'48906592,51072'48910307] local-les=51066 n=855 ec=21298 les/c 51101/50495 71591/71591/71591) [70,16,13] r=0 lpr=71591 pi=50489-71590/150 crt=51071'48910301 lcod 0'0 mlcod 0'0 incomplete] can_handle_while_inactive: 0x447fe00
2014-12-08 18:14:02.283380 7f28d9fb6700 20 osd.70 71593 should_share_map client.6634234 172.16.5.105:0/1017156 71593
2014-12-08 18:14:02.283382 7f28fbb44700 10 osd.70 71593 dequeue_op 0x447fe00 finish
2014-12-08 18:14:02.283397 7f28d9fb6700 15 osd.70 71593 enqueue_op 0x1285ff00 prio 63 cost 0 latency 0.000098 osd_op(client.6634234.0:1799 rbd_data.124045103eaad3.0000000000000378 [sparse-read 0~8388608] 19.e8b6396e RETRY=4 ack+retry+read e71593) v4
2014-12-08 18:14:02.283429 7f28f933f700 10 osd.70 71593 dequeue_op 0x1285ff00 prio 63 cost 0 latency 0.000129 osd_op(client.6634234.0:1799 rbd_data.124045103eaad3.0000000000000378 [sparse-read 0~8388608] 19.e8b6396e RETRY=4 ack+retry+read e71593) v4 pg pg[19.6e( v 51072'48910307 (50495'48906592,51072'48910307] local-les=51066 n=855 ec=21298 les/c 51101/50495 71591/71591/71591) [70,16,13] r=0 lpr=71591 pi=50489-71590/150 crt=51071'48910301 lcod 0'0 mlcod 0'0 incomplete]
2014-12-08 18:14:02.283467 7f28f933f700 20 osd.70 pg_epoch: 71593 pg[19.6e( v 51072'48910307 (50495'48906592,51072'48910307] local-les=51066 n=855 ec=21298 les/c 51101/50495 71591/71591/71591) [70,16,13] r=0 lpr=71591 pi=50489-71590/150 crt=51071'48910301 lcod 0'0 mlcod 0'0 incomplete] op_has_sufficient_caps pool=19 (volumes ) owner=0 need_read_cap=1 need_write_cap=0 need_class_read_cap=0 need_class_write_cap=0 -> yes
2014-12-08 18:14:02.283496 7f28f933f700 10 osd.70 pg_epoch: 71593 pg[19.6e( v 51072'48910307 (50495'48906592,51072'48910307] local-les=51066 n=855 ec=21298 les/c 51101/50495 71591/71591/71591) [70,16,13] r=0 lpr=71591 pi=50489-71590/150 crt=51071'48910301 lcod 0'0 mlcod 0'0 incomplete] can_handle_while_inactive: 0x1285ff00
2014-12-08 18:14:02.283509 7f28f933f700 10 osd.70 71593 dequeue_op 0x1285ff00 finish
2014-12-08 18:14:02.283529 7f28d9fb6700 20 osd.70 71593 should_share_map client.6634234 172.16.5.105:0/1017156 71593
2014-12-08 18:14:02.283547 7f28d9fb6700 15 osd.70 71593 enqueue_op 0x1285f100 prio 63 cost 0 latency 0.000128 osd_op(client.6634234.0:2106 rbd_data.124045103eaad3.0000000000000419 [sparse-read 0~8388608] 19.fe2a22ee RETRY=4 ack+retry+read e71593) v4
2014-12-08 18:14:02.283573 7f2904b56700 10 osd.70 71593 do_waiters -- start
2014-12-08 18:14:02.283575 7f2904b56700 10 osd.70 71593 do_waiters -- finish
2014-12-08 18:14:02.283577 7f2904b56700 20 osd.70 71593 _dispatch 0x13f54580 pg_info(1 pgs e71593:217.36e(4)) v4
2014-12-08 18:14:02.283606 7f2904b56700 7 osd.70 71593 handle_pg_info pg_info(1 pgs e71593:217.36e(4)) v4 from osd.69
2014-12-08 18:14:02.283584 7f28fbb44700 10 osd.70 71593 dequeue_op 0x1285f100 prio 63 cost 0 latency 0.000166 osd_op(client.6634234.0:2106 rbd_data.124045103eaad3.0000000000000419 [sparse-read 0~8388608] 19.fe2a22ee RETRY=4 ack+retry+read e71593) v4 pg pg[19.6e( v 51072'48910307 (50495'48906592,51072'48910307] local-les=51066 n=855 ec=21298 les/c 51101/50495 71591/71591/71591) [70,16,13] r=0 lpr=71591 pi=50489-71590/150 crt=51071'48910301 lcod 0'0 mlcod 0'0 incomplete]
2014-12-08 18:14:02.283617 7f2904b56700 15 osd.70 71593 require_same_or_newer_map 71593 (i am 71593) 0x13f54580
2014-12-08 18:14:02.283647 7f28fbb44700 20 osd.70 pg_epoch: 71593 pg[19.6e( v 51072'48910307 (50495'48906592,51072'48910307] local-les=51066 n=855 ec=21298 les/c 51101/50495 71591/71591/71591) [70,16,13] r=0 lpr=71591 pi=50489-71590/150 crt=51071'48910301 lcod 0'0 mlcod 0'0 incomplete] op_has_sufficient_caps pool=19 (volumes ) owner=0 need_read_cap=1 need_write_cap=0 need_class_read_cap=0 need_class_write_cap=0 -> yes
2014-12-08 18:14:02.283674 7f28fbb44700 10 osd.70 pg_epoch: 71593 pg[19.6e( v 51072'48910307 (50495'48906592,51072'48910307] local-les=51066 n=855 ec=21298 les/c 51101/50495 71591/71591/71591) [70,16,13] r=0 lpr=71591 pi=50489-71590/150 crt=51071'48910301 lcod 0'0 mlcod 0'0 incomplete] can_handle_while_inactive: 0x1285f100
2014-12-08 18:14:02.283683 7f28fbb44700 10 osd.70 71593 dequeue_op 0x1285f100 finish
2014-12-08 18:14:02.283697 7f2904b56700 10 osd.70 71593 do_waiters -- start
2014-12-08 18:14:02.283700 7f2904b56700 10 osd.70 71593 do_waiters -- finish
2014-12-08 18:14:02.283704 7f28d9fb6700 20 osd.70 71593 should_share_map client.6634234 172.16.5.105:0/1017156 71593
2014-12-08 18:14:02.283695 7f28fcb46700 10 osd.70 pg_epoch: 71593 pg[217.36e( v 71377'4109 (71377'1108,71377'4109] local-les=71440 n=11 ec=71094 les/c 71583/71583 71591/71591/71096) [69,18,70] r=2 lpr=71591 pi=71183-71590/21 crt=71377'4106 lcod 0'0 inactive NOTIFY] handle_peering_event: epoch_sent: 71593 epoch_requested: 71593 MInfoRec from 69 info: 217.36e( v 71377'4109 (71377'1108,71377'4109] local-les=71593 n=11 ec=71094 les/c 71583/71583 71591/71591/71096)
2014-12-08 18:14:02.283727 7f28d9fb6700 15 osd.70 71593 enqueue_op 0x1285f200 prio 63 cost 0 latency 0.000152 osd_op(client.6634234.0:2303 rbd_data.124045103eaad3.000000000000047c [sparse-read 0~8388608] 19.16b8f4ee RETRY=4 ack+retry+read e71593) v4
2014-12-08 18:14:02.283724 7f28fcb46700 10 osd.70 pg_epoch: 71593 pg[217.36e( v 71377'4109 (71377'1108,71377'4109] local-les=71440 n=11 ec=71094 les/c 71583/71583 71591/71591/71096) [69,18,70] r=2 lpr=71591 pi=71183-71590/21 crt=71377'4106 lcod 0'0 inactive NOTIFY] state: got info from osd.69 217.36e( v 71377'4109 (71377'1108,71377'4109] local-les=71593 n=11 ec=71094 les/c 71583/71583 71591/71591/71096)
2014-12-08 18:14:02.283738 7f28fcb46700 5 osd.70 pg_epoch: 71593 pg[217.36e( v 71377'4109 (71377'1108,71377'4109] local-les=71440 n=11 ec=71094 les/c 71583/71583 71591/71591/71096) [69,18,70] r=2 lpr=71591 pi=71183-71590/21 crt=71377'4106 lcod 0'0 inactive NOTIFY] exit Started/Stray 1.624856 10 0.000328
2014-12-08 18:14:02.283750 7f28fcb46700 5 osd.70 pg_epoch: 71593 pg[217.36e( v 71377'4109 (71377'1108,71377'4109] local-les=71440 n=11 ec=71094 les/c 71583/71583 71591/71591/71096) [69,18,70] r=2 lpr=71591 pi=71183-71590/21 crt=71377'4106 lcod 0'0 inactive NOTIFY] enter Started/ReplicaActive
2014-12-08 18:14:02.283763 7f28fcb46700 5 osd.70 pg_epoch: 71593 pg[217.36e( v 71377'4109 (71377'1108,71377'4109] local-les=71440 n=11 ec=71094 les/c 71583/71583 71591/71591/71096) [69,18,70] r=2 lpr=71591 pi=71183-71590/21 crt=71377'4106 lcod 0'0 inactive NOTIFY] enter Started/ReplicaActive/RepNotRecovering
2014-12-08 18:14:02.283773 7f28fcb46700 10 osd.70 pg_epoch: 71593 pg[217.36e( v 71377'4109 (71377'1108,71377'4109] local-les=71440 n=11 ec=71094 les/c 71583/71583 71591/71591/71096) [69,18,70] r=2 lpr=71591 pi=71183-71590/21 crt=71377'4106 lcod 0'0 inactive NOTIFY] state: In ReplicaActive, about to call activate
2014-12-08 18:14:02.283784 7f28fcb46700 10 osd.70 pg_epoch: 71593 pg[217.36e( v 71377'4109 (71377'1108,71377'4109] local-les=71593 n=11 ec=71094 les/c 71583/71583 71591/71591/71096) [69,18,70] r=2 lpr=71591 pi=71183-71590/21 crt=71377'4106 lcod 0'0 inactive] activate - no missing, moving last_complete 71377'4109 -> 71377'4109
2014-12-08 18:14:02.283769 7f28f933f700 10 osd.70 71593 dequeue_op 0x1285f200 prio 63 cost 0 latency 0.000194 osd_op(client.6634234.0:2303 rbd_data.124045103eaad3.000000000000047c [sparse-read 0~8388608] 19.16b8f4ee RETRY=4 ack+retry+read e71593) v4 pg pg[19.6e( v 51072'48910307 (50495'48906592,51072'48910307] local-les=51066 n=855 ec=21298 les/c 51101/50495 71591/71591/71591) [70,16,13] r=0 lpr=71591 pi=50489-71590/150 crt=51071'48910301 lcod 0'0 mlcod 0'0 incomplete]
2014-12-08 18:14:02.283813 7f28f933f700 20 osd.70 pg_epoch: 71593 pg[19.6e( v 51072'48910307 (50495'48906592,51072'48910307] local-les=51066 n=855 ec=21298 les/c 51101/50495 71591/71591/71591) [70,16,13] r=0 lpr=71591 pi=50489-71590/150 crt=51071'48910301 lcod 0'0 mlcod 0'0 incomplete] op_has_sufficient_caps pool=19 (volumes ) owner=0 need_read_cap=1 need_write_cap=0 need_class_read_cap=0 need_class_write_cap=0 -> yes
2014-12-08 18:14:02.283835 7f28f933f700 10 osd.70 pg_epoch: 71593 pg[19.6e( v 51072'48910307 (50495'48906592,51072'48910307] local-les=51066 n=855 ec=21298 les/c 51101/50495 71591/71591/71591) [70,16,13] r=0 lpr=71591 pi=50489-71590/150 crt=51071'48910301 lcod 0'0 mlcod 0'0 incomplete] can_handle_while_inactive: 0x1285f200
2014-12-08 18:14:02.283851 7f28f933f700 10 osd.70 71593 dequeue_op 0x1285f200 finish
2014-12-08 18:14:02.283850 7f28d9fb6700 20 osd.70 71593 should_share_map client.6634234 172.16.5.105:0/1017156 71593
2014-12-08 18:14:02.283872 7f28d9fb6700 15 osd.70 71593 enqueue_op 0x1285fa00 prio 63 cost 0 latency 0.000117 osd_op(client.6634234.0:2335 rbd_data.124045103eaad3.000000000000048c [sparse-read 0~8388608] 19.d02440ee RETRY=4 ack+retry+read e71593) v4
2014-12-08 18:14:02.283907 7f28fbb44700 10 osd.70 71593 dequeue_op 0x1285fa00 prio 63 cost 0 latency 0.000152 osd_op(client.6634234.0:2335 rbd_data.124045103eaad3.000000000000048c [sparse-read 0~8388608] 19.d02440ee RETRY=4 ack+retry+read e71593) v4 pg pg[19.6e( v 51072'48910307 (50495'48906592,51072'48910307] local-les=51066 n=855 ec=21298 les/c 51101/50495 71591/71591/71591) [70,16,13] r=0 lpr=71591 pi=50489-71590/150 crt=51071'48910301 lcod 0'0 mlcod 0'0 incomplete]
2014-12-08 18:14:02.283943 7f28fbb44700 20 osd.70 pg_epoch: 71593 pg[19.6e( v 51072'48910307 (50495'48906592,51072'48910307] local-les=51066 n=855 ec=21298 les/c 51101/50495 71591/71591/71591) [70,16,13] r=0 lpr=71591 pi=50489-71590/150 crt=51071'48910301 lcod 0'0 mlcod 0'0 incomplete] op_has_sufficient_caps pool=19 (volumes ) owner=0 need_read_cap=1 need_write_cap=0 need_class_read_cap=0 need_class_write_cap=0 -> yes
2014-12-08 18:14:02.283957 7f28fbb44700 10 osd.70 pg_epoch: 71593 pg[19.6e( v 51072'48910307 (50495'48906592,51072'48910307] local-les=51066 n=855 ec=21298 les/c 51101/50495 71591/71591/71591) [70,16,13] r=0 lpr=71591 pi=50489-71590/150 crt=51071'48910301 lcod 0'0 mlcod 0'0 incomplete] can_handle_while_inactive: 0x1285fa00
2014-12-08 18:14:02.283966 7f28fbb44700 10 osd.70 71593 dequeue_op 0x1285fa00 finish
2014-12-08 18:14:02.284081 7f28fcb46700 10 osd.70 pg_epoch: 71593 pg[217.36e( v 71377'4109 (71377'1108,71377'4109] local-les=71593 n=11 ec=71094 les/c 71583/71583 71591/71591/71096) [69,18,70] r=2 lpr=71591 pi=71183-71590/21 crt=71377'4106 lcod 0'0 inactive] state: Activate Finished
2014-12-08 18:14:02.284100 7f28d9fb6700 20 osd.70 71593 should_share_map client.6634234 172.16.5.105:0/1017156 71593
2014-12-08 18:14:02.284119 7f28d9fb6700 15 osd.70 71593 enqueue_op 0x1285f000 prio 63 cost 0 latency 0.000221 osd_op(client.6634234.0:2599 rbd_data.124045103eaad3.0000000000000517 [sparse-read 0~8388608] 19.bc52096e RETRY=4 ack+retry+read e71593) v4
2014-12-08 18:14:02.284149 7f28fcb46700 10 log is not dirty
2014-12-08 18:14:02.284158 7f28f933f700 10 osd.70 71593 dequeue_op 0x1285f000 prio 63 cost 0 latency 0.000260 osd_op(client.6634234.0:2599 rbd_data.124045103eaad3.0000000000000517 [sparse-read 0~8388608] 19.bc52096e RETRY=4 ack+retry+read e71593) v4 pg pg[19.6e( v 51072'48910307 (50495'48906592,51072'48910307] local-les=51066 n=855 ec=21298 les/c 51101/50495 71591/71591/71591) [70,16,13] r=0 lpr=71591 pi=50489-71590/150 crt=51071'48910301 lcod 0'0 mlcod 0'0 incomplete]
2014-12-08 18:14:02.284234 7f28f933f700 20 osd.70 pg_epoch: 71593 pg[19.6e( v 51072'48910307 (50495'48906592,51072'48910307] local-les=51066 n=855 ec=21298 les/c 51101/50495 71591/71591/71591) [70,16,13] r=0 lpr=71591 pi=50489-71590/150 crt=51071'48910301 lcod 0'0 mlcod 0'0 incomplete] op_has_sufficient_caps pool=19 (volumes ) owner=0 need_read_cap=1 need_write_cap=0 need_class_read_cap=0 need_class_write_cap=0 -> yes
2014-12-08 18:14:02.284250 7f28f933f700 10 osd.70 pg_epoch: 71593 pg[19.6e( v 51072'48910307 (50495'48906592,51072'48910307] local-les=51066 n=855 ec=21298 les/c 51101/50495 71591/71591/71591) [70,16,13] r=0 lpr=71591 pi=50489-71590/150 crt=51071'48910301 lcod 0'0 mlcod 0'0 incomplete] can_handle_while_inactive: 0x1285f000
2014-12-08 18:14:02.284263 7f28d9fb6700 20 osd.70 71593 should_share_map client.6634234 172.16.5.105:0/1017156 71593
2014-12-08 18:14:02.284266 7f28f933f700 10 osd.70 71593 dequeue_op 0x1285f000 finish
2014-12-08 18:14:02.284284 7f28d9fb6700 15 osd.70 71593 enqueue_op 0x1285ef00 prio 63 cost 0 latency 0.000140 osd_op(client.6634234.0:3022 rbd_data.124045103eaad3.00000000000005eb [sparse-read 0~8388608] 19.d827eee RETRY=4 ack+retry+read e71593) v4
2014-12-08 18:14:02.284312 7f2904b56700 10 osd.70 71593 do_waiters -- start
2014-12-08 18:14:02.284316 7f2904b56700 10 osd.70 71593 do_waiters -- finish
2014-12-08 18:14:02.284318 7f2904b56700 20 osd.70 71593 _dispatch 0x134caa00 pg_log(218.36 epoch 71593 log log((0'0,0'0], crt=0'0) query_epoch 71593) v4
2014-12-08 18:14:02.284317 7f28fbb44700 10 osd.70 71593 dequeue_op 0x1285ef00 prio 63 cost 0 latency 0.000172 osd_op(client.6634234.0:3022 rbd_data.124045103eaad3.00000000000005eb [sparse-read 0~8388608] 19.d827eee RETRY=4 ack+retry+read e71593) v4 pg pg[19.6e( v 51072'48910307 (50495'48906592,51072'48910307] local-les=51066 n=855 ec=21298 les/c 51101/50495 71591/71591/71591) [70,16,13] r=0 lpr=71591 pi=50489-71590/150 crt=51071'48910301 lcod 0'0 mlcod 0'0 incomplete]
2014-12-08 18:14:02.284365 7f2904b56700 7 osd.70 71593 handle_pg_log pg_log(218.36 epoch 71593 log log((0'0,0'0], crt=0'0) query_epoch 71593) v4 from osd.69
2014-12-08 18:14:02.284370 7f2904b56700 15 osd.70 71593 require_same_or_newer_map 71593 (i am 71593) 0x134caa00
2014-12-08 18:14:02.284356 7f28fbb44700 20 osd.70 pg_epoch: 71593 pg[19.6e( v 51072'48910307 (50495'48906592,51072'48910307] local-les=51066 n=855 ec=21298 les/c 51101/50495 71591/71591/71591) [70,16,13] r=0 lpr=71591 pi=50489-71590/150 crt=51071'48910301 lcod 0'0 mlcod 0'0 incomplete] op_has_sufficient_caps pool=19 (volumes ) owner=0 need_read_cap=1 need_write_cap=0 need_class_read_cap=0 need_class_write_cap=0 -> yes
2014-12-08 18:14:02.284380 7f28fbb44700 10 osd.70 pg_epoch: 71593 pg[19.6e( v 51072'48910307 (50495'48906592,51072'48910307] local-les=51066 n=855 ec=21298 les/c 51101/50495 71591/71591/71591) [70,16,13] r=0 lpr=71591 pi=50489-71590/150 crt=51071'48910301 lcod 0'0 mlcod 0'0 incomplete] can_handle_while_inactive: 0x1285ef00
2014-12-08 18:14:02.284395 7f28fbb44700 10 osd.70 71593 dequeue_op 0x1285ef00 finish
2014-12-08 18:14:02.284407 7f28d9fb6700 20 osd.70 71593 should_share_map client.6634234 172.16.5.105:0/1017156 71593
2014-12-08 18:14:02.284435 7f28d9fb6700 15 osd.70 71593 enqueue_op 0x1285fe00 prio 63 cost 0 latency 0.000127 osd_op(client.6634234.0:3146 rbd_data.124045103eaad3.0000000000000630 [sparse-read 0~8388608] 19.d00e23ee RETRY=4 ack+retry+read e71593) v4
2014-12-08 18:14:02.284429 7f28fc345700 10 osd.70 pg_epoch: 71593 pg[218.36( empty local-les=71438 n=0 ec=71423 les/c 71438/71438 71591/71591/71587) [69,70,77] r=1 lpr=71591 pi=71423-71590/8 crt=0'0 inactive NOTIFY] handle_peering_event: epoch_sent: 71593 epoch_requested: 71593 MLogRec from 69
2014-12-08 18:14:02.284457 7f28fc345700 10 osd.70 pg_epoch: 71593 pg[218.36( empty local-les=71438 n=0 ec=71423 les/c 71438/71438 71591/71591/71587) [69,70,77] r=1 lpr=71591 pi=71423-71590/8 crt=0'0 inactive NOTIFY] state: got info+log from osd.69 218.36( empty local-les=71593 n=0 ec=71423 les/c 71585/71585 71591/71591/71587) log((0'0,0'0], crt=0'0)
2014-12-08 18:14:02.284473 7f28fc345700 10 merge_log log((0'0,0'0], crt=0'0) from osd.69 into log((0'0,0'0], crt=0'0)
2014-12-08 18:14:02.284475 7f2904b56700 10 osd.70 71593 do_waiters -- start
2014-12-08 18:14:02.284480 7f2904b56700 10 osd.70 71593 do_waiters -- finish
2014-12-08 18:14:02.284479 7f28fc345700 10 merge_log result log((0'0,0'0], crt=0'0) missing(0) changed=0
2014-12-08 18:14:02.284485 7f28fc345700 5 osd.70 pg_epoch: 71593 pg[218.36( empty local-les=71438 n=0 ec=71423 les/c 71438/71438 71591/71591/71587) [69,70,77] r=1 lpr=71591 pi=71423-71590/8 crt=0'0 inactive NOTIFY] exit Started/Stray 1.612859 10 0.000390
2014-12-08 18:14:02.284501 7f28fc345700 5 osd.70 pg_epoch: 71593 pg[218.36( empty local-les=71438 n=0 ec=71423 les/c 71438/71438 71591/71591/71587) [69,70,77] r=1 lpr=71591 pi=71423-71590/8 crt=0'0 inactive NOTIFY] enter Started/ReplicaActive
2014-12-08 18:14:02.284532 7f28fc345700 5 osd.70 pg_epoch: 71593 pg[218.36( empty local-les=71438 n=0 ec=71423 les/c 71438/71438 71591/71591/71587) [69,70,77] r=1 lpr=71591 pi=71423-71590/8 crt=0'0 inactive NOTIFY] enter Started/ReplicaActive/RepNotRecovering
2014-12-08 18:14:02.284546 7f28fc345700 10 osd.70 pg_epoch: 71593 pg[218.36( empty local-les=71438 n=0 ec=71423 les/c 71438/71438 71591/71591/71587) [69,70,77] r=1 lpr=71591 pi=71423-71590/8 crt=0'0 inactive NOTIFY] state: In ReplicaActive, about to call activate
2014-12-08 18:14:02.284540 7f28f933f700 10 osd.70 71593 dequeue_op 0x1285fe00 prio 63 cost 0 latency 0.000232 osd_op(client.6634234.0:3146 rbd_data.124045103eaad3.0000000000000630 [sparse-read 0~8388608] 19.d00e23ee RETRY=4 ack+retry+read e71593) v4 pg pg[19.6e( v 51072'48910307 (50495'48906592,51072'48910307] local-les=51066 n=855 ec=21298 les/c 51101/50495 71591/71591/71591) [70,16,13] r=0 lpr=71591 pi=50489-71590/150 crt=51071'48910301 lcod 0'0 mlcod 0'0 incomplete]
2014-12-08 18:14:02.284561 7f28fc345700 10 osd.70 pg_epoch: 71593 pg[218.36( empty local-les=71593 n=0 ec=71423 les/c 71438/71438 71591/71591/71587) [69,70,77] r=1 lpr=71591 pi=71423-71590/8 crt=0'0 inactive] activate - no missing, moving last_complete 0'0 -> 0'0
2014-12-08 18:14:02.284575 7f28fc345700 10 osd.70 pg_epoch: 71593 pg[218.36( empty local-les=71593 n=0 ec=71423 les/c 71438/71438 71591/71591/71587) [69,70,77] r=1 lpr=71591 pi=71423-71590/8 crt=0'0 inactive] state: Activate Finished
2014-12-08 18:14:02.284591 7f28f933f700 20 osd.70 pg_epoch: 71593 pg[19.6e( v 51072'48910307 (50495'48906592,51072'48910307] local-les=51066 n=855 ec=21298 les/c 51101/50495 71591/71591/71591) [70,16,13] r=0 lpr=71591 pi=50489-71590/150 crt=51071'48910301 lcod 0'0 mlcod 0'0 incomplete] op_has_sufficient_caps pool=19 (volumes ) owner=0 need_read_cap=1 need_write_cap=0 need_class_read_cap=0 need_class_write_cap=0 -> yes
2014-12-08 18:14:02.284606 7f290a83a700 10 osd.70 pg_epoch: 71593 pg[218.1f6( empty local-les=71593 n=0 ec=71423 les/c 71585/71585 71591/71591/71425) [69,70,20] r=1 lpr=71591 pi=71423-71590/8 crt=0'0 inactive] _activate_committed 71593 telling primary
2014-12-08 18:14:02.284610 7f28f933f700 10 osd.70 pg_epoch: 71593 pg[19.6e( v 51072'48910307 (50495'48906592,51072'48910307] local-les=51066 n=855 ec=21298 les/c 51101/50495 71591/71591/71591) [70,16,13] r=0 lpr=71591 pi=50489-71590/150 crt=51071'48910301 lcod 0'0 mlcod 0'0 incomplete] can_handle_while_inactive: 0x1285fe00
2014-12-08 18:14:02.284626 7f28f933f700 10 osd.70 71593 dequeue_op 0x1285fe00 finish
2014-12-08 18:14:02.284628 7f290a83a700 20 osd.70 71593 share_map_peer 0x11a2eb00 already has epoch 71593
2014-12-08 18:14:02.284642 7f28fc345700 10 log is not dirty
2014-12-08 18:14:02.284649 7f290a83a700 10 osd.70 pg_epoch: 71593 pg[218.1f6( empty local-les=71593 n=0 ec=71423 les/c 71585/71585 71591/71591/71425) [69,70,20] r=1 lpr=71591 pi=71423-71590/8 crt=0'0 active] flushed
2014-12-08 18:14:02.284699 7f28fcb46700 10 osd.70 pg_epoch: 71593 pg[218.1f6( empty local-les=71593 n=0 ec=71423 les/c 71585/71585 71591/71591/71425) [69,70,20] r=1 lpr=71591 pi=71423-71590/8 crt=0'0 active] handle_peering_event: epoch_sent: 71593 epoch_requested: 71593 FlushedEvt
2014-12-08 18:14:02.284730 7f28fcb46700 15 osd.70 pg_epoch: 71593 pg[218.1f6( empty local-les=71593 n=0 ec=71423 les/c 71585/71585 71591/71591/71425) [69,70,20] r=1 lpr=71591 pi=71423-71590/8 crt=0'0 active] requeue_ops
2014-12-08 18:14:02.284743 7f28fcb46700 10 log is not dirty
2014-12-08 18:14:02.284841 7f290a83a700 10 osd.70 pg_epoch: 71593 pg[217.36e( v 71377'4109 (71377'1108,71377'4109] local-les=71593 n=11 ec=71094 les/c 71583/71583 71591/71591/71096) [69,18,70] r=2 lpr=71591 pi=71183-71590/21 crt=71377'4106 lcod 0'0 inactive] _activate_committed 71593 telling primary
2014-12-08 18:14:02.284874 7f290a83a700 20 osd.70 71593 share_map_peer 0x11a2eb00 already has epoch 71593
2014-12-08 18:14:02.284898 7f290a83a700 10 osd.70 pg_epoch: 71593 pg[217.36e( v 71377'4109 (71377'1108,71377'4109] local-les=71593 n=11 ec=71094 les/c 71583/71583 71591/71591/71096) [69,18,70] r=2 lpr=71591 pi=71183-71590/21 luod=0'0 crt=71377'4106 lcod 0'0 active] flushed
2014-12-08 18:14:02.284934 7f28fc345700 10 osd.70 pg_epoch: 71593 pg[217.36e( v 71377'4109 (71377'1108,71377'4109] local-les=71593 n=11 ec=71094 les/c 71583/71583 71591/71591/71096) [69,18,70] r=2 lpr=71591 pi=71183-71590/21 luod=0'0 crt=71377'4106 lcod 0'0 active] handle_peering_event: epoch_sent: 71593 epoch_requested: 71593 FlushedEvt
2014-12-08 18:14:02.284970 7f28fc345700 15 osd.70 pg_epoch: 71593 pg[217.36e( v 71377'4109 (71377'1108,71377'4109] local-les=71593 n=11 ec=71094 les/c 71583/71583 71591/71591/71096) [69,18,70] r=2 lpr=71591 pi=71183-71590/21 luod=0'0 crt=71377'4106 lcod 0'0 active] requeue_ops
2014-12-08 18:14:02.284990 7f28fc345700 10 log is not dirty
2014-12-08 18:14:02.285151 7f290a83a700 10 osd.70 pg_epoch: 71593 pg[218.36( empty local-les=71593 n=0 ec=71423 les/c 71438/71438 71591/71591/71587) [69,70,77] r=1 lpr=71591 pi=71423-71590/8 crt=0'0 inactive] _activate_committed 71593 telling primary
2014-12-08 18:14:02.285184 7f2904b56700 10 osd.70 71593 do_waiters -- start
2014-12-08 18:14:02.285187 7f2904b56700 10 osd.70 71593 do_waiters -- finish
2014-12-08 18:14:02.285188 7f2904b56700 20 osd.70 71593 _dispatch 0x12b79660 pg_info(1 pgs e71593:218.61a) v4
2014-12-08 18:14:02.285188 7f290a83a700 20 osd.70 71593 share_map_peer 0x11a2eb00 already has epoch 71593
2014-12-08 18:14:02.285217 7f290a83a700 10 osd.70 pg_epoch: 71593 pg[218.36( empty local-les=71593 n=0 ec=71423 les/c 71438/71438 71591/71591/71587) [69,70,77] r=1 lpr=71591 pi=71423-71590/8 crt=0'0 active] flushed
2014-12-08 18:14:02.285224 7f2904b56700 7 osd.70 71593 handle_pg_info pg_info(1 pgs e71593:218.61a) v4 from osd.6 --
2014-12-08 18:14:02.530268 7f2906359700 10 osd.70 pg_epoch: 71593 pg[19.6e( v 51072'48910307 (50495'48906592,51072'48910307] local-les=51066 n=855 ec=21298 les/c 51101/50495 71591/71591/71591) [70,16,13] r=0 lpr=71591 pi=50489-71590/150 crt=51071'48910301 lcod 0'0 mlcod 0'0 incomplete] null
2014-12-08 18:14:02.530288 7f28fc345700 10 osd.70 pg_epoch: 71594 pg[218.279( empty local-les=71593 n=0 ec=71423 les/c 71593/71593 71591/71592/71592) [70,18,64] r=0 lpr=71592 crt=0'0 mlcod 0'0 active+clean] handle_peering_event: epoch_sent: 71594 epoch_requested: 71594 NullEvt
2014-12-08 18:14:02.530295 7f28fc345700 10 log is not dirty
2014-12-08 18:14:02.530294 7f28fcb46700 5 osd.70 pg_epoch: 71594 pg[218.553( empty local-les=71435 n=0 ec=71423 les/c 71589/71589 71591/71591/71425) [17,70,63]/[17,63,75] r=-1 lpr=71591 pi=71423-71590/9 crt=0'0 remapped NOTIFY] exit Started 2.194882 0 0.000000
2014-12-08 18:14:02.530291 7f2906359700 10 osd.70 pg_epoch: 71593 pg[19.6d( v 71397'33614009 (70963'33611008,71397'33614009] local-les=71592 n=896 ec=21298 les/c 71592/71593 71591/71591/71169) [4,70,69] r=1 lpr=71591 pi=71156-71590/27 luod=0'0 crt=71397'33614007 lcod 0'0 active] null
2014-12-08 18:14:02.530302 7f28fcb46700 5 osd.70 pg_epoch: 71594 pg[218.553( empty local-les=71435 n=0 ec=71423 les/c 71589/71589 71591/71591/71425) [17,70,63]/[17,63,75] r=-1 lpr=71591 pi=71423-71590/9 crt=0'0 remapped NOTIFY] enter Reset
2014-12-08 18:14:02.530306 7f28fc345700 10 osd.70 pg_epoch: 71593 pg[217.27a( v 71377'12225 (71377'9224,71377'12225] local-les=71592 n=9 ec=71094 les/c 71592/71592 71591/71591/71591) [70,8,1] r=0 lpr=71591 crt=71377'12222 lcod 0'0 mlcod 0'0 active+clean] handle_advance_map [70,8,1]/[70,8,1] -- 70/70
2014-12-08 18:14:02.530311 7f28fcb46700 20 osd.70 pg_epoch: 71594 pg[218.553( empty local-les=71435 n=0 ec=71423 les/c 71589/71589 71591/71591/71425) [17,70,63]/[17,63,75] r=-1 lpr=71591 pi=71423-71590/9 crt=0'0 remapped NOTIFY] set_last_peering_reset 71594
2014-12-08 18:14:02.530317 7f28fc345700 20 PGPool::update cached_removed_snaps [] newly_removed_snaps [] snapc 0=[] (no change)
2014-12-08 18:14:02.530318 7f28fcb46700 10 osd.70 pg_epoch: 71594 pg[218.553( empty local-les=71435 n=0 ec=71423 les/c 71589/71589 71591/71591/71425) [17,70,63]/[17,63,75] r=-1 lpr=71594 pi=71423-71590/9 crt=0'0 remapped NOTIFY] Clearing blocked outgoing recovery messages
2014-12-08 18:14:02.530312 7f2906359700 10 osd.70 pg_epoch: 71593 pg[218.6c7( v 71581'2 (0'0,71581'2] local-les=71593 n=2 ec=71423 les/c 71593/71593 71591/71592/71592) [70,10,18] r=0 lpr=71592 crt=0'0 lcod 0'0 mlcod 0'0 active+clean] null
2014-12-08 18:14:02.530321 7f28fc345700 10 osd.70 pg_epoch: 71594 pg[217.27a( v 71377'12225 (71377'9224,71377'12225] local-les=71592 n=9 ec=71094 les/c 71592/71592 71591/71591/71591) [70,8,1] r=0 lpr=71591 crt=71377'12222 lcod 0'0 mlcod 0'0 active+clean] state: Active advmap
2014-12-08 18:14:02.530327 7f28fcb46700 10 osd.70 pg_epoch: 71594 pg[218.553( empty local-les=71435 n=0 ec=71423 les/c 71589/71589 71591/71591/71425) [17,70,63]/[17,63,75] r=-1 lpr=71594 pi=71423-71590/9 crt=0'0 remapped NOTIFY] Not blocking outgoing recovery messages
2014-12-08 18:14:02.530330 7f28fc345700 10 osd.70 pg_epoch: 71594 pg[217.27a( v 71377'12225 (71377'9224,71377'12225] local-les=71592 n=9 ec=71094 les/c 71592/71592 71591/71591/71591) [70,8,1] r=0 lpr=71591 crt=71377'12222 lcod 0'0 mlcod 0'0 active+clean] state: Started advmap
2014-12-08 18:14:02.530336 7f28fcb46700 10 osd.70 pg_epoch: 71594 pg[218.553( empty local-les=71435 n=0 ec=71423 les/c 71589/71589 71591/71591/71425) [17,70,63]/[17,63,75] r=-1 lpr=71594 pi=71423-71590/9 crt=0'0 remapped NOTIFY] state: Reset advmap
2014-12-08 18:14:02.530331 7f2906359700 10 osd.70 pg_epoch: 71593 pg[218.6c4( v 71581'3 (0'0,71581'3] local-les=71593 n=3 ec=71423 les/c 71593/71593 71591/71592/71592) [70,76,13] r=0 lpr=71592 crt=71580'1 lcod 0'0 mlcod 0'0 active+clean] null
2014-12-08 18:14:02.530339 7f28fc345700 10 osd.70 pg_epoch: 71594 pg[217.27a( v 71377'12225 (71377'9224,71377'12225] local-les=71592 n=9 ec=71094 les/c 71592/71592 71591/71591/71591) [70,8,1] r=0 lpr=71591 crt=71377'12222 lcod 0'0 mlcod 0'0 active+clean] check_recovery_sources no source osds () went down
2014-12-08 18:14:02.530343 7f28fcb46700 10 osd.70 pg_epoch: 71594 pg[218.553( empty local-les=71435 n=0 ec=71423 les/c 71589/71589 71591/71591/71425) [17,70,63]/[17,63,75] r=-1 lpr=71594 pi=71423-71590/9 crt=0'0 remapped NOTIFY] _calc_past_interval_range: already have past intervals back to 71589
2014-12-08 18:14:02.530349 7f28fc345700 10 osd.70 pg_epoch: 71594 pg[217.27a( v 71377'12225 (71377'9224,71377'12225] local-les=71592 n=9 ec=71094 les/c 71592/71592 71591/71591/71591) [70,8,1] r=0 lpr=71591 crt=71377'12222 lcod 0'0 mlcod 0'0 active+clean] handle_activate_map
2014-12-08 18:14:02.530351 7f28fcb46700 20 osd.70 pg_epoch: 71594 pg[218.553( empty local-les=71435 n=0 ec=71423 les/c 71589/71589 71591/71591/71425) [17,70,63]/[17,63,75] r=-1 lpr=71594 pi=71423-71590/9 crt=0'0 remapped NOTIFY] new interval newup [17,70,63] newacting [17,70,63]
2014-12-08 18:14:02.530356 7f28fc345700 10 osd.70 pg_epoch: 71594 pg[217.27a( v 71377'12225 (71377'9224,71377'12225] local-les=71592 n=9 ec=71094 les/c 71592/71592 71591/71591/71591) [70,8,1] r=0 lpr=71591 crt=71377'12222 lcod 0'0 mlcod 0'0 active+clean] state: Active: handling ActMap --
2014-12-08 18:14:02.536639 7f28fc345700 10 osd.70 pg_epoch: 71593 pg[19.6e( v 51072'48910307 (50495'48906592,51072'48910307] local-les=51066 n=855 ec=21298 les/c 51101/50495 71591/71591/71591) [70,16,13] r=0 lpr=71591 pi=50489-71590/150 crt=51071'48910301 lcod 0'0 mlcod 0'0 incomplete] handle_advance_map [70,16,13]/[70,16,13] -- 70/70
2014-12-08 18:14:02.536659 7f28fc345700 20 PGPool::update cached_removed_snaps [1~1] newly_removed_snaps [] snapc 2=[] (no change)
2014-12-08 18:14:02.536645 7f28fcb46700 10 osd.70 pg_epoch: 71594 pg[217.3f7( v 71376'21 (0'0,71376'21] local-les=71594 n=7 ec=71094 les/c 71585/71583 71591/71593/71593) [70,56,68] r=0 lpr=71593 pi=71432-71592/5 crt=71097'19 lcod 0'0 mlcod 0'0 inactive] activate peer osd.68 217.3f7( v 71376'21 (0'0,71376'21] local-les=71585 n=7 ec=71094 les/c 71585/71583 71591/71593/71593) uptodate
2014-12-08 18:14:02.535843 7f2906359700 10 osd.70 pg_epoch: 71593 pg[216.175( empty local-les=71435 n=0 ec=70987 les/c 71585/71585 71591/71593/71593) [70,78,5] r=0 lpr=71593 pi=71432-71592/6 crt=0'0 mlcod 0'0 peering] null
2014-12-08 18:14:02.536665 7f28fcb46700 10 osd.70 pg_epoch: 71594 pg[217.3f7( v 71376'21 (0'0,71376'21] local-les=71594 n=7 ec=71094 les/c 71585/71583 71591/71593/71593) [70,56,68] r=0 lpr=71593 pi=71432-71592/5 crt=71097'19 lcod 0'0 mlcod 0'0 inactive] needs_recovery is recovered
2014-12-08 18:14:02.536666 7f28fc345700 10 osd.70 pg_epoch: 71594 pg[19.6e( v 51072'48910307 (50495'48906592,51072'48910307] local-les=51066 n=855 ec=21298 les/c 51101/50495 71591/71591/71591) [70,16,13] r=0 lpr=71591 pi=50489-71590/150 crt=51071'48910301 lcod 0'0 mlcod 0'0 incomplete] state: Peering advmap
2014-12-08 18:14:02.536677 7f2906359700 10 osd.70 pg_epoch: 71593 pg[218.63e( empty local-les=71437 n=0 ec=71423 les/c 71585/71585 71591/71593/71587) [68,76,70] r=2 lpr=71593 pi=71423-71592/9 crt=0'0 inactive NOTIFY] null
2014-12-08 18:14:02.536682 7f28fcb46700 10 osd.70 pg_epoch: 71594 pg[217.3f7( v 71376'21 (0'0,71376'21] local-les=71594 n=7 ec=71094 les/c 71585/71583 71591/71593/71593) [70,56,68] r=0 lpr=71593 pi=71432-71592/5 crt=71097'19 lcod 0'0 mlcod 0'0 inactive] state: Activate Finished
2014-12-08 18:14:02.536687 7f28fc345700 10 osd.70 pg_epoch: 71594 pg[19.6e( v 51072'48910307 (50495'48906592,51072'48910307] local-les=51066 n=855 ec=21298 les/c 51101/50495 71591/71591/71591) [70,16,13] r=0 lpr=71591 pi=50489-71590/150 crt=51071'48910301 lcod 0'0 mlcod 0'0 incomplete] state: Started advmap
2014-12-08 18:14:02.536700 7f28fcb46700 5 osd.70 pg_epoch: 71594 pg[217.3f7( v 71376'21 (0'0,71376'21] local-les=71594 n=7 ec=71094 les/c 71585/71583 71591/71593/71593) [70,56,68] r=0 lpr=71593 pi=71432-71592/5 crt=71097'19 lcod 0'0 mlcod 0'0 inactive] enter Started/Primary/Active/Activating
2014-12-08 18:14:02.536705 7f28fc345700 10 osd.70 pg_epoch: 71594 pg[19.6e( v 51072'48910307 (50495'48906592,51072'48910307] local-les=51066 n=855 ec=21298 les/c 51101/50495 71591/71591/71591) [70,16,13] r=0 lpr=71591 pi=50489-71590/150 crt=51071'48910301 lcod 0'0 mlcod 0'0 incomplete] check_recovery_sources no source osds () went down
2014-12-08 18:14:02.536719 7f28fcb46700 20 osd.70 pg_epoch: 71594 pg[217.3f7( v 71376'21 (0'0,71376'21] local-les=71594 n=7 ec=71094 les/c 71585/71583 71591/71593/71593) [70,56,68] r=0 lpr=71593 pi=71432-71592/5 crt=71097'19 lcod 0'0 mlcod 0'0 inactive] handle_activate_map: Not dirtying info: last_persisted is 71593 while current is 71594
2014-12-08 18:14:02.536720 7f2906359700 10 osd.70 pg_epoch: 71593 pg[218.4a7( empty local-les=71592 n=0 ec=71423 les/c 71592/71593 71591/71591/71591) [70,56,21] r=0 lpr=71591 crt=0'0 mlcod 0'0 active+clean] null
2014-12-08 18:14:02.536727 7f28fc345700 10 osd.70 pg_epoch: 71594 pg[19.6e( v 51072'48910307 (50495'48906592,51072'48910307] local-les=51066 n=855 ec=21298 les/c 51101/50495 71591/71591/71591) [70,16,13] r=0 lpr=71591 pi=50489-71590/150 crt=51071'48910301 lcod 0'0 mlcod 0'0 incomplete] handle_activate_map
2014-12-08 18:14:02.536735 7f28fcb46700 10 osd.70 pg_epoch: 71594 pg[217.3f7( v 71376'21 (0'0,71376'21] local-les=71594 n=7 ec=71094 les/c 71585/71583 71591/71593/71593) [70,56,68] r=0 lpr=71593 pi=71432-71592/5 crt=71097'19 lcod 0'0 mlcod 0'0 inactive] handle_peering_event: epoch_sent: 71594 epoch_requested: 71594 NullEvt
2014-12-08 18:14:02.536745 7f28fc345700 7 osd.70 pg_epoch: 71594 pg[19.6e( v 51072'48910307 (50495'48906592,51072'48910307] local-les=51066 n=855 ec=21298 les/c 51101/50495 71591/71591/71591) [70,16,13] r=0 lpr=71591 pi=50489-71590/150 crt=51071'48910301 lcod 0'0 mlcod 0'0 incomplete] state: handle ActMap primary
2014-12-08 18:14:02.536744 7f2906359700 10 osd.70 pg_epoch: 71593 pg[218.16e( v 71581'2 (0'0,71581'2] local-les=71450 n=2 ec=71423 les/c 71585/71585 71591/71593/71593) [70,23,63] r=0 lpr=71593 pi=71444-71592/5 crt=0'0 lcod 0'0 mlcod 0'0 peering] null
2014-12-08 18:14:02.536764 7f28fc345700 15 osd.70 pg_epoch: 71594 pg[19.6e( v 51072'48910307 (50495'48906592,51072'48910307] local-les=51066 n=855 ec=21298 les/c 51101/50495 71591/71591/71591) [70,16,13] r=0 lpr=71591 pi=50489-71590/150 crt=51071'48910301 lcod 0'0 mlcod 0'0 incomplete] publish_stats_to_osd 71594:63844734
2014-12-08 18:14:02.536778 7f28fc345700 10 osd.70 pg_epoch: 71594 pg[19.6e( v 51072'48910307 (50495'48906592,51072'48910307] local-les=51066 n=855 ec=21298 les/c 51101/50495 71591/71591/71591) [70,16,13] r=0 lpr=71591 pi=50489-71590/150 crt=51071'48910301 lcod 0'0 mlcod 0'0 incomplete] take_waiters
2014-12-08 18:14:02.536776 7f2906359700 10 osd.70 pg_epoch: 71593 pg[218.16c( v 71581'1 (0'0,71581'1] local-les=71433 n=1 ec=71423 les/c 71585/71583 71591/71593/71425) [6,56,70] r=2 lpr=71593 pi=71423-71592/10 crt=0'0 lcod 0'0 inactive NOTIFY] null
2014-12-08 18:14:02.536793 7f28fcb46700 10 log is not dirty
2014-12-08 18:14:02.536791 7f28fc345700 20 osd.70 pg_epoch: 71594 pg[19.6e( v 51072'48910307 (50495'48906592,51072'48910307] local-les=51066 n=855 ec=21298 les/c 51101/50495 71591/71591/71591) [70,16,13] r=0 lpr=71591 pi=50489-71590/150 crt=51071'48910301 lcod 0'0 mlcod 0'0 incomplete] handle_activate_map: Not dirtying info: last_persisted is 71591 while current is 71594
2014-12-08 18:14:02.536797 7f2906359700 10 osd.70 pg_epoch: 71593 pg[216.16e( empty local-les=71592 n=0 ec=70987 les/c 71592/71592 71591/71591/70989) [78,56,70] r=2 lpr=71591 pi=71401-71590/8 crt=0'0 active] null
2014-12-08 18:14:02.536807 7f28fc345700 10 osd.70 pg_epoch: 71594 pg[19.6e( v 51072'48910307 (50495'48906592,51072'48910307] local-les=51066 n=855 ec=21298 les/c 51101/50495 71591/71591/71591) [70,16,13] r=0 lpr=71591 pi=50489-71590/150 crt=51071'48910301 lcod 0'0 mlcod 0'0 incomplete] handle_peering_event: epoch_sent: 71594 epoch_requested: 71594 NullEvt
2014-12-08 18:14:02.536814 7f2906359700 10 osd.70 pg_epoch: 71593 pg[216.2f8( empty local-les=71437 n=0 ec=70987 les/c 71585/71585 71591/71593/70989) [23,70,9] r=1 lpr=71593 pi=71401-71592/9 crt=0'0 inactive NOTIFY] null
2014-12-08 18:14:02.536825 7f28fc345700 10 log is not dirty
2014-12-08 18:14:02.536834 7f2906359700 10 osd.70 pg_epoch: 71593 pg[218.452( v 71581'3 (0'0,71581'3] local-les=71450 n=3 ec=71423 les/c 71589/71589 71591/71593/71444) [21,63,70] r=2 lpr=71593 pi=71423-71592/12 crt=71580'1 lcod 0'0 inactive NOTIFY] null
2014-12-08 18:14:02.536829 7f28fcb46700 10 osd.70 pg_epoch: 71593 pg[19.71( v 71379'39954249 (70963'39951247,71379'39954249] local-les=71592 n=908 ec=21298 les/c 71592/71592 71591/71591/71591) [70,10,76] r=0 lpr=71591 crt=71379'39954249 lcod 0'0 mlcod 0'0 active+clean] handle_advance_map [70,10,76]/[70,10,76] -- 70/70
2014-12-08 18:14:02.536853 7f28fcb46700 20 PGPool::update cached_removed_snaps [1~1] newly_removed_snaps [] snapc 2=[] (no change)
2014-12-08 18:14:02.536853 7f2906359700 10 osd.70 pg_epoch: 71593 pg[217.165( v 71377'4090 (71377'1089,71377'4090] local-les=71592 n=8 ec=71094 les/c 71592/71592 71591/71591/71096) [64,5,70] r=2 lpr=71591 pi=71094-71590/32 luod=0'0 crt=71377'4087 lcod 0'0 active] null
2014-12-08 18:14:02.536860 7f28fcb46700 10 osd.70 pg_epoch: 71594 pg[19.71( v 71379'39954249 (70963'39951247,71379'39954249] local-les=71592 n=908 ec=21298 les/c 71592/71592 71591/71591/71591) [70,10,76] r=0 lpr=71591 crt=71379'39954249 lcod 0'0 mlcod 0'0 active+clean] state: Active advmap
2014-12-08 18:14:02.536869 7f2906359700 10 osd.70 pg_epoch: 71593 pg[217.2fd( v 71377'4110 (71377'1109,71377'4110] local-les=71592 n=14 ec=71094 les/c 71592/71592 71591/71591/71591) [70,10,19] r=0 lpr=71591 crt=71377'4107 lcod 0'0 mlcod 0'0 active+clean] null
2014-12-08 18:14:02.536875 7f28fcb46700 10 osd.70 pg_epoch: 71594 pg[19.71( v 71379'39954249 (70963'39951247,71379'39954249] local-les=71592 n=908 ec=21298 les/c 71592/71592 71591/71591/71591) [70,10,76] r=0 lpr=71591 crt=71379'39954249 lcod 0'0 mlcod 0'0 active+clean] state: Started advmap
2014-12-08 18:14:02.536884 7f2906359700 10 osd.70 pg_epoch: 71593 pg[218.2fc( empty local-les=71592 n=0 ec=71423 les/c 71592/71592 71591/71591/71591) [70,16,75] r=0 lpr=71591 crt=0'0 mlcod 0'0 active+clean] null
2014-12-08 18:14:02.536891 7f28fcb46700 10 osd.70 pg_epoch: 71594 pg[19.71( v 71379'39954249 (70963'39951247,71379'39954249] local-les=71592 n=908 ec=21298 les/c 71592/71592 71591/71591/71591) [70,10,76] r=0 lpr=71591 crt=71379'39954249 lcod 0'0 mlcod 0'0 active+clean] check_recovery_sources no source osds () went down
2014-12-08 18:14:02.536897 7f2906359700 10 osd.70 pg_epoch: 71593 pg[216.167( v 71422'250 (0'0,71422'250] local-les=71446 n=117 ec=70987 les/c 71590/71583 71591/71593/70989) [25,9,70] r=2 lpr=71593 pi=71183-71592/21 crt=71097'248 lcod 0'0 inactive NOTIFY] null
2014-12-08 18:14:02.536910 7f2906359700 10 osd.70 pg_epoch: 71593 pg[218.118( v 71581'3 (0'0,71581'3] local-les=71445 n=3 ec=71423 les/c 71585/71583 71591/71593/71425) [6,23,70] r=2 lpr=71593 pi=71423-71592/12 crt=71424'2 lcod 0'0 inactive NOTIFY] null
2014-12-08 18:14:02.536912 7f28fcb46700 10 osd.70 pg_epoch: 71594 pg[19.71( v 71379'39954249 (70963'39951247,71379'39954249] local-les=71592 n=908 ec=21298 les/c 71592/71592 71591/71591/71591) [70,10,76] r=0 lpr=71591 crt=71379'39954249 lcod 0'0 mlcod 0'0 active+clean] handle_activate_map
2014-12-08 18:14:02.536925 7f28fcb46700 10 osd.70 pg_epoch: 71594 pg[19.71( v 71379'39954249 (70963'39951247,71379'39954249] local-les=71592 n=908 ec=21298 les/c 71592/71592 71591/71591/71591) [70,10,76] r=0 lpr=71591 crt=71379'39954249 lcod 0'0 mlcod 0'0 active+clean] state: Active: handling ActMap
2014-12-08 18:14:02.536926 7f2906359700 10 osd.70 pg_epoch: 71593 pg[218.785( v 71581'2 (0'0,71581'2] local-les=71435 n=2 ec=71423 les/c 71585/71586 71591/71593/71593) [70,18,78] r=0 lpr=71593 pi=71432-71592/6 crt=0'0 lcod 0'0 mlcod 0'0 peering] null
2014-12-08 18:14:02.536937 7f28fcb46700 7 osd.70 pg_epoch: 71594 pg[19.71( v 71379'39954249 (70963'39951247,71379'39954249] local-les=71592 n=908 ec=21298 les/c 71592/71592 71591/71591/71591) [70,10,76] r=0 lpr=71591 crt=71379'39954249 lcod 0'0 mlcod 0'0 active+clean] state: handle ActMap primary
2014-12-08 18:14:02.536944 7f2906359700 10 osd.70 pg_epoch: 71593 pg[216.11b( v 71093'250 (0'0,71093'250] local-les=71435 n=119 ec=70987 les/c 71585/71583 71591/71593/71587) [63,70,16] r=1 lpr=71593 pi=70987-71592/29 crt=71093'248 lcod 0'0 inactive NOTIFY] null
2014-12-08 18:14:02.536952 7f28fcb46700 15 osd.70 pg_epoch: 71594 pg[19.71( v 71379'39954249 (70963'39951247,71379'39954249] local-les=71592 n=908 ec=21298 les/c 71592/71592 71591/71591/71591) [70,10,76] r=0 lpr=71591 crt=71379'39954249 lcod 0'0 mlcod 0'0 active+clean] publish_stats_to_osd 71594:45391760
2014-12-08 18:14:02.536963 7f2906359700 10 osd.70 pg_epoch: 71593 pg[218.11d( v 71580'1 (0'0,71580'1] local-les=71593 n=1 ec=71423 les/c 71593/71593 71591/71591/71591) [70,25,17] r=0 lpr=71591 crt=0'0 lcod 0'0 mlcod 0'0 active+clean] null --
2014-12-08 18:14:02.540221 7f2906359700 20 osd.70 71594 19.6e heartbeat_peers 0,4,11,13,16,20,30,31,56,58,59,63,70,76
2014-12-08 18:14:02.540241 7f2906359700 20 osd.70 71594 19.6d heartbeat_peers
2014-12-08 18:14:02.540244 7f2906359700 20 osd.70 71594 218.6c7 heartbeat_peers 10,18,70
2014-12-08 18:14:02.540253 7f2906359700 20 osd.70 71594 218.6c4 heartbeat_peers 13,70,76
2014-12-08 18:14:02.540256 7f2906359700 20 osd.70 71594 218.562 heartbeat_peers
2014-12-08 18:14:02.540259 7f2906359700 20 osd.70 71594 218.5e heartbeat_peers
2014-12-08 18:14:02.540261 7f2906359700 20 osd.70 71594 218.5f heartbeat_peers 15,24,70
2014-12-08 18:14:02.540264 7f2906359700 20 osd.70 71594 217.235 heartbeat_peers
2014-12-08 18:14:02.540267 7f2906359700 20 osd.70 71594 218.38e heartbeat_peers 3,13,70
2014-12-08 18:14:02.540270 7f2906359700 20 osd.70 71594 218.38f heartbeat_peers 23,25,70
2014-12-08 18:14:02.540274 7f2906359700 20 osd.70 71594 218.38c heartbeat_peers
2014-12-08 18:14:02.540277 7f2906359700 20 osd.70 71594 217.51 heartbeat_peers
2014-12-08 18:14:02.540280 7f2906359700 20 osd.70 71594 216.380 heartbeat_peers
2014-12-08 18:14:02.540283 7f2906359700 20 osd.70 71594 218.51 heartbeat_peers 6,24,66,70,75
2014-12-08 18:14:02.540287 7f2906359700 20 osd.70 71594 218.380 heartbeat_peers
2014-12-08 18:14:02.540290 7f2906359700 20 osd.70 71594 218.518 heartbeat_peers
2014-12-08 18:14:02.540271 7f28fc345700 5 osd.70 pg_epoch: 71594 pg[216.380( v 70990'233 (0'0,70990'233] local-les=71447 n=112 ec=70987 les/c 71589/71583 71591/71594/71444) [17,70,7] r=1 lpr=71594 pi=70987-71593/32 crt=70990'231 lcod 0'0 inactive NOTIFY] enter Started
2014-12-08 18:14:02.540293 7f2906359700 20 osd.70 71594 217.22d heartbeat_peers
2014-12-08 18:14:02.540296 7f2906359700 20 osd.70 71594 216.384 heartbeat_peers
2014-12-08 18:14:02.540300 7f2906359700 20 osd.70 71594 216.22f heartbeat_peers 6,21,70
2014-12-08 18:14:02.540304 7f2906359700 20 osd.70 71594 218.4b heartbeat_peers --
2014-12-08 18:14:02.561181 7f2904b56700 20 osd.70 71594 _dispatch 0x12cf74a0 pg_notify(19.6e(150) epoch 71594) v5
2014-12-08 18:14:02.561174 7f28fcb46700 5 osd.70 pg_epoch: 71594 pg[218.685( v 71581'2 (0'0,71581'2] local-les=71433 n=2 ec=71423 les/c 71585/71583 71591/71593/71593) [70,10,18] r=0 lpr=71593 pi=71432-71592/6 crt=0'0 lcod 0'0 mlcod 0'0 inactive] enter Started/Primary/Active
2014-12-08 18:14:02.561173 7f28fc345700 10 osd.70 pg_epoch: 71593 pg[217.37c( v 71377'8150 (71377'5149,71377'8150] local-les=71592 n=10 ec=71094 les/c 71592/71593 71591/71591/71591) [70,58,69] r=0 lpr=71591 crt=71377'8146 lcod 0'0 mlcod 0'0 active+clean] handle_advance_map [70,58,69]/[70,58,69] -- 70/70
2014-12-08 18:14:02.561184 7f290a83a700 10 osd.70 pg_epoch: 71594 pg[218.1e1( v 71581'1 (0'0,71581'1] local-les=71594 n=1 ec=71423 les/c 71590/71590 71591/71593/71593) [70,21,4] r=0 lpr=71593 pi=71444-71592/6 crt=0'0 lcod 0'0 mlcod 0'0 inactive] flushed
2014-12-08 18:14:02.561195 7f28fc345700 20 PGPool::update cached_removed_snaps [] newly_removed_snaps [] snapc 0=[] (no change)
2014-12-08 18:14:02.561192 7f28fcb46700 10 osd.70 pg_epoch: 71594 pg[218.685( v 71581'2 (0'0,71581'2] local-les=71433 n=2 ec=71423 les/c 71585/71583 71591/71593/71593) [70,10,18] r=0 lpr=71593 pi=71432-71592/6 crt=0'0 lcod 0'0 mlcod 0'0 inactive] state: In Active, about to call activate
2014-12-08 18:14:02.561201 7f28fc345700 10 osd.70 pg_epoch: 71594 pg[217.37c( v 71377'8150 (71377'5149,71377'8150] local-les=71592 n=10 ec=71094 les/c 71592/71593 71591/71591/71591) [70,58,69] r=0 lpr=71591 crt=71377'8146 lcod 0'0 mlcod 0'0 active+clean] state: Active advmap
2014-12-08 18:14:02.561210 7f28fcb46700 20 osd.70 pg_epoch: 71594 pg[218.685( v 71581'2 (0'0,71581'2] local-les=71594 n=2 ec=71423 les/c 71585/71583 71591/71593/71593) [70,10,18] r=0 lpr=71593 pi=71432-71592/6 crt=0'0 lcod 0'0 mlcod 0'0 inactive] activate - purged_snaps [] cached_removed_snaps []
2014-12-08 18:14:02.561214 7f28fc345700 10 osd.70 pg_epoch: 71594 pg[217.37c( v 71377'8150 (71377'5149,71377'8150] local-les=71592 n=10 ec=71094 les/c 71592/71593 71591/71591/71591) [70,58,69] r=0 lpr=71591 crt=71377'8146 lcod 0'0 mlcod 0'0 active+clean] state: Started advmap
2014-12-08 18:14:02.561224 7f2904b56700 7 osd.70 71594 handle_pg_notify from osd.16
2014-12-08 18:14:02.561228 7f2904b56700 15 osd.70 71594 require_same_or_newer_map 71594 (i am 71594) 0x12cf74a0
2014-12-08 18:14:02.561222 7f28fcb46700 10 osd.70 pg_epoch: 71594 pg[218.685( v 71581'2 (0'0,71581'2] local-les=71594 n=2 ec=71423 les/c 71585/71583 71591/71593/71593) [70,10,18] r=0 lpr=71593 pi=71432-71592/6 crt=0'0 lcod 0'0 mlcod 0'0 inactive] activate - snap_trimq []
2014-12-08 18:14:02.561226 7f28fc345700 10 osd.70 pg_epoch: 71594 pg[217.37c( v 71377'8150 (71377'5149,71377'8150] local-les=71592 n=10 ec=71094 les/c 71592/71593 71591/71591/71591) [70,58,69] r=0 lpr=71591 crt=71377'8146 lcod 0'0 mlcod 0'0 active+clean] check_recovery_sources no source osds () went down
2014-12-08 18:14:02.561233 7f28fcb46700 10 osd.70 pg_epoch: 71594 pg[218.685( v 71581'2 (0'0,71581'2] local-les=71594 n=2 ec=71423 les/c 71585/71583 71591/71593/71593) [70,10,18] r=0 lpr=71593 pi=71432-71592/6 crt=0'0 lcod 0'0 mlcod 0'0 inactive] activate - no missing, moving last_complete 71581'2 -> 71581'2
2014-12-08 18:14:02.561240 7f28fc345700 10 osd.70 pg_epoch: 71594 pg[217.37c( v 71377'8150 (71377'5149,71377'8150] local-les=71592 n=10 ec=71094 les/c 71592/71593 71591/71591/71591) [70,58,69] r=0 lpr=71591 crt=71377'8146 lcod 0'0 mlcod 0'0 active+clean] handle_activate_map
2014-12-08 18:14:02.561244 7f28fcb46700 10 osd.70 pg_epoch: 71594 pg[218.685( v 71581'2 (0'0,71581'2] local-les=71594 n=2 ec=71423 les/c 71585/71583 71591/71593/71593) [70,10,18] r=0 lpr=71593 pi=71432-71592/6 crt=0'0 lcod 0'0 mlcod 0'0 inactive] activate peer osd.10 218.685( v 71581'2 (0'0,71581'2] local-les=71585 n=2 ec=71423 les/c 71585/71583 71591/71593/71593)
2014-12-08 18:14:02.561251 7f28fc345700 10 osd.70 pg_epoch: 71594 pg[217.37c( v 71377'8150 (71377'5149,71377'8150] local-les=71592 n=10 ec=71094 les/c 71592/71593 71591/71591/71591) [70,58,69] r=0 lpr=71591 crt=71377'8146 lcod 0'0 mlcod 0'0 active+clean] state: Active: handling ActMap
2014-12-08 18:14:02.561265 7f2904b56700 10 osd.70 71594 do_waiters -- start
2014-12-08 18:14:02.561260 7f28fcb46700 10 osd.70 pg_epoch: 71594 pg[218.685( v 71581'2 (0'0,71581'2] local-les=71594 n=2 ec=71423 les/c 71585/71583 71591/71593/71593) [70,10,18] r=0 lpr=71593 pi=71432-71592/6 crt=0'0 lcod 0'0 mlcod 0'0 inactive] activate peer osd.10 is up to date, queueing in pending_activators
2014-12-08 18:14:02.561268 7f2904b56700 10 osd.70 71594 do_waiters -- finish
2014-12-08 18:14:02.561261 7f28fc345700 7 osd.70 pg_epoch: 71594 pg[217.37c( v 71377'8150 (71377'5149,71377'8150] local-les=71592 n=10 ec=71094 les/c 71592/71593 71591/71591/71591) [70,58,69] r=0 lpr=71591 crt=71377'8146 lcod 0'0 mlcod 0'0 active+clean] state: handle ActMap primary --
2014-12-08 18:14:02.562170 7f2904b56700 20 osd.70 71594 _dispatch 0x12f8d4a0 pg_notify(19.6e(150) epoch 71594) v5
2014-12-08 18:14:02.562197 7f2904b56700 7 osd.70 71594 handle_pg_notify from osd.58
2014-12-08 18:14:02.562197 7f28fc345700 20 osd.70 71594 share_map_peer 0x1281f600 already has epoch 71594
2014-12-08 18:14:02.562199 7f2904b56700 15 osd.70 71594 require_same_or_newer_map 71594 (i am 71594) 0x12f8d4a0
2014-12-08 18:14:02.562201 7f28fc345700 7 osd.70 71594 do_notifies osd 20 on 1 PGs
2014-12-08 18:14:02.562225 7f28fc345700 10 osd.70 71594 send_incremental_map 71593 -> 71594 to 0x118ba3c0 172.16.10.101:6953/19844
2014-12-08 18:14:02.562235 7f2904b56700 10 osd.70 71594 do_waiters -- start
2014-12-08 18:14:02.562237 7f2904b56700 10 osd.70 71594 do_waiters -- finish
2014-12-08 18:14:02.562224 7f28fcb46700 10 osd.70 pg_epoch: 71593 pg[218.372( v 71581'2 (0'0,71581'2] local-les=71435 n=2 ec=71423 les/c 71590/71590 71591/71593/71425) [63,70,68] r=1 lpr=71593 pi=71423-71592/10 crt=0'0 lcod 0'0 inactive NOTIFY] handle_advance_map [63,70,68]/[63,70,68] -- 63/63
2014-12-08 18:14:02.562244 7f28fcb46700 20 PGPool::update cached_removed_snaps [] newly_removed_snaps [] snapc 0=[] (no change)
2014-12-08 18:14:02.562253 7f28fc345700 10 osd.70 71594 note_peer_epoch osd.22 has 71594
2014-12-08 18:14:02.562250 7f28fcb46700 10 osd.70 pg_epoch: 71594 pg[218.372( v 71581'2 (0'0,71581'2] local-les=71435 n=2 ec=71423 les/c 71590/71590 71591/71593/71425) [63,70,68] r=1 lpr=71593 pi=71423-71592/10 crt=0'0 lcod 0'0 inactive NOTIFY] state: Started advmap
2014-12-08 18:14:02.562256 7f28fc345700 7 osd.70 71594 do_notifies osd 22 on 1 PGs
2014-12-08 18:14:02.562259 7f28fcb46700 10 osd.70 pg_epoch: 71594 pg[218.372( v 71581'2 (0'0,71581'2] local-les=71435 n=2 ec=71423 les/c 71590/71590 71591/71593/71425) [63,70,68] r=1 lpr=71593 pi=71423-71592/10 crt=0'0 lcod 0'0 inactive NOTIFY] check_recovery_sources no source osds () went down
2014-12-08 18:14:02.562275 7f28fcb46700 10 osd.70 pg_epoch: 71594 pg[218.372( v 71581'2 (0'0,71581'2] local-les=71435 n=2 ec=71423 les/c 71590/71590 71591/71593/71425) [63,70,68] r=1 lpr=71593 pi=71423-71592/10 crt=0'0 lcod 0'0 inactive NOTIFY] handle_activate_map
