2014-12-08 18:14:00.437308 7f28fcb46700 10 osd.70 pg_epoch: 71584 pg[218.57c( v 71424'1 (0'0,71424'1] local-les=71434 n=1 ec=71423 les/c 71434/71434 71582/71582/71425) [24,16] r=-1 lpr=71582 pi=71423-71581/5 crt=71424'1 lcod 0'0 inactive NOTIFY] state: should restart peering, calling start_peering_interval again
2014-12-08 18:14:00.437314 7f28fcb46700 20 osd.70 pg_epoch: 71584 pg[218.57c( v 71424'1 (0'0,71424'1] local-les=71434 n=1 ec=71423 les/c 71434/71434 71582/71582/71425) [24,16] r=-1 lpr=71582 pi=71423-71581/5 crt=71424'1 lcod 0'0 inactive NOTIFY] set_last_peering_reset 71584
2014-12-08 18:14:00.437313 7f28fc345700 10 osd.70 pg_epoch: 71591 pg[19.6e( v 51072'48910307 (50495'48906592,51072'48910307] local-les=51066 n=855 ec=21298 les/c 51101/50495 71591/71591/71591) [70,16,13] r=0 lpr=71591 pi=50489-71590/150 crt=51071'48910301 lcod 0'0 mlcod 0'0 peering] PriorSet: build_prior interval(51467-51482 up [11](11) acting [11](11) maybe_went_rw)
2014-12-08 18:14:00.437319 7f28fcb46700 10 osd.70 pg_epoch: 71584 pg[218.57c( v 71424'1 (0'0,71424'1] local-les=71434 n=1 ec=71423 les/c 71434/71434 71582/71582/71425) [24,16] r=-1 lpr=71584 pi=71423-71581/5 crt=71424'1 lcod 0'0 inactive NOTIFY] Clearing blocked outgoing recovery messages
2014-12-08 18:14:00.437320 7f28fc345700 10 osd.70 pg_epoch: 71591 pg[19.6e( v 51072'48910307 (50495'48906592,51072'48910307] local-les=51066 n=855 ec=21298 les/c 51101/50495 71591/71591/71591) [70,16,13] r=0 lpr=71591 pi=50489-71590/150 crt=51071'48910301 lcod 0'0 mlcod 0'0 peering] PriorSet: build_prior interval(51363-51466 up [4,11](4) acting [4,11](4) maybe_went_rw)
2014-12-08 18:14:00.437326 7f28fcb46700 10 osd.70 pg_epoch: 71584 pg[218.57c( v 71424'1 (0'0,71424'1] local-les=71434 n=1 ec=71423 les/c 71434/71434 71582/71582/71425) [24,16] r=-1 lpr=71584 pi=71423-71581/5 crt=71424'1 lcod 0'0 inactive NOTIFY] Not blocking outgoing recovery messages
2014-12-08 18:14:00.437328 7f28fc345700 10 osd.70 pg_epoch: 71591 pg[19.6e( v 51072'48910307 (50495'48906592,51072'48910307] local-les=51066 n=855 ec=21298 les/c 51101/50495 71591/71591/71591) [70,16,13] r=0 lpr=71591 pi=50489-71590/150 crt=51071'48910301 lcod 0'0 mlcod 0'0 peering] PriorSet: build_prior interval(51338-51362 up [11](11) acting [11](11) maybe_went_rw)
2014-12-08 18:14:00.437335 7f28fc345700 10 osd.70 pg_epoch: 71591 pg[19.6e( v 51072'48910307 (50495'48906592,51072'48910307] local-les=51066 n=855 ec=21298 les/c 51101/50495 71591/71591/71591) [70,16,13] r=0 lpr=71591 pi=50489-71590/150 crt=51071'48910301 lcod 0'0 mlcod 0'0 peering] PriorSet: build_prior interval(51148-51337 up [4,11](4) acting [4,11](4) maybe_went_rw)
2014-12-08 18:14:00.437337 7f28fcb46700 10 osd.70 pg_epoch: 71584 pg[218.57c( v 71424'1 (0'0,71424'1] local-les=71434 n=1 ec=71423 les/c 71434/71434 71582/71582/71425) [24,16,56] r=-1 lpr=71584 pi=71423-71583/6 crt=71424'1 lcod 0'0 inactive NOTIFY] start_peering_interval: check_new_interval output: generate_past_intervals interval(71582-71583 up [24,16](24) acting [24,16](24)): not rw, up_thru 71582 up_from 69676 last_epoch_clean 71434 generate_past_intervals interval(71582-71583 up [24,16](24) acting [24,16](24) maybe_went_rw) : primary up 69676-71582 includes interval
2014-12-08 18:14:00.437342 7f28fc345700 10 osd.70 pg_epoch: 71591 pg[19.6e( v 51072'48910307 (50495'48906592,51072'48910307] local-les=51066 n=855 ec=21298 les/c 51101/50495 71591/71591/71591) [70,16,13] r=0 lpr=71591 pi=50489-71590/150 crt=51071'48910301 lcod 0'0 mlcod 0'0 peering] PriorSet: build_prior interval(51147-51147 up [11](11) acting [11](11))
2014-12-08 18:14:00.437345 7f28fcb46700 10 osd.70 pg_epoch: 71584 pg[218.57c( v 71424'1 (0'0,71424'1] local-les=71434 n=1 ec=71423 les/c 71434/71434 71582/71582/71425) [24,16,56] r=-1 lpr=71584 pi=71423-71583/6 crt=71424'1 lcod 0'0 inactive NOTIFY] noting past interval(71582-71583 up [24,16](24) acting [24,16](24) maybe_went_rw)
2014-12-08 18:14:00.437349 7f28fc345700 10 osd.70 pg_epoch: 71591 pg[19.6e( v 51072'48910307 (50495'48906592,51072'48910307] local-les=51066 n=855 ec=21298 les/c 51101/50495 71591/71591/71591) [70,16,13] r=0 lpr=71591 pi=50489-71590/150 crt=51071'48910301 lcod 0'0 mlcod 0'0 peering] PriorSet: build_prior interval(51140-51146 up [4,11](4) acting [4,11](4) maybe_went_rw)
2014-12-08 18:14:00.437352 7f28fcb46700 10 osd.70 pg_epoch: 71584 pg[218.57c( v 71424'1 (0'0,71424'1] local-les=71434 n=1 ec=71423 les/c 71434/71434 71584/71584/71425) [24,16,56] r=-1 lpr=71584 pi=71423-71583/6 crt=71424'1 lcod 0'0 inactive NOTIFY] up [24,16] -> [24,16,56], acting [24,16] -> [24,16,56], acting_primary 24 -> 24, up_primary 24 -> 24, role -1 -> -1
2014-12-08 18:14:00.437357 7f28fc345700 10 osd.70 pg_epoch: 71591 pg[19.6e( v 51072'48910307 (50495'48906592,51072'48910307] local-les=51066 n=855 ec=21298 les/c 51101/50495 71591/71591/71591) [70,16,13] r=0 lpr=71591 pi=50489-71590/150 crt=51071'48910301 lcod 0'0 mlcod 0'0 peering] PriorSet: build_prior interval(51119-51139 up [11,31](11) acting [11,31](11) maybe_went_rw)
2014-12-08 18:14:00.437360 7f28fcb46700 10 osd.70 pg_epoch: 71584 pg[218.57c( v 71424'1 (0'0,71424'1] local-les=71434 n=1 ec=71423 les/c 71434/71434 71584/71584/71425) [24,16,56] r=-1 lpr=71584 pi=71423-71583/6 crt=71424'1 lcod 0'0 inactive NOTIFY] on_change
2014-12-08 18:14:00.437365 7f28fc345700 10 osd.70 pg_epoch: 71591 pg[19.6e( v 51072'48910307 (50495'48906592,51072'48910307] local-les=51066 n=855 ec=21298 les/c 51101/50495 71591/71591/71591) [70,16,13] r=0 lpr=71591 pi=50489-71590/150 crt=51071'48910301 lcod 0'0 mlcod 0'0 peering] PriorSet: build_prior interval(51100-51118 up [11,31](11) acting [0](0) maybe_went_rw)
2014-12-08 18:14:00.437368 7f28fcb46700 15 osd.70 pg_epoch: 71584 pg[218.57c( v 71424'1 (0'0,71424'1] local-les=71434 n=1 ec=71423 les/c 71434/71434 71584/71584/71425) [24,16,56] r=-1 lpr=71584 pi=71423-71583/6 crt=71424'1 lcod 0'0 inactive NOTIFY] publish_stats_to_osd -- not primary
2014-12-08 18:14:00.437372 7f28fc345700 10 osd.70 pg_epoch: 71591 pg[19.6e( v 51072'48910307 (50495'48906592,51072'48910307] local-les=51066 n=855 ec=21298 les/c 51101/50495 71591/71591/71591) [70,16,13] r=0 lpr=71591 pi=50489-71590/150 crt=51071'48910301 lcod 0'0 mlcod 0'0 peering] PriorSet: build_prior interval(51073-51099 up [11,31](11) acting [11,31](11) maybe_went_rw)
2014-12-08 18:14:00.437380 7f28fc345700 10 osd.70 pg_epoch: 71591 pg[19.6e( v 51072'48910307 (50495'48906592,51072'48910307] local-les=51066 n=855 ec=21298 les/c 51101/50495 71591/71591/71591) [70,16,13] r=0 lpr=71591 pi=50489-71590/150 crt=51071'48910301 lcod 0'0 mlcod 0'0 peering] PriorSet: build_prior final: probe 0,4,11,13,16,20,30,31,56,58,59,63,70,76 down blocked_by {}
2014-12-08 18:14:00.437379 7f28fcb46700 15 osd.70 pg_epoch: 71584 pg[218.57c( v 71424'1 (0'0,71424'1] local-les=71434 n=1 ec=71423 les/c 71434/71434 71584/71584/71425) [24,16,56] r=-1 lpr=71584 pi=71423-71583/6 crt=71424'1 lcod 0'0 inactive NOTIFY] requeue_ops
2014-12-08 18:14:00.437388 7f28fc345700 10 osd.70 pg_epoch: 71591 pg[19.6e( v 51072'48910307 (50495'48906592,51072'48910307] local-les=51066 n=855 ec=21298 les/c 51101/50495 71591/71591/71591) [70,16,13] r=0 lpr=71591 pi=50489-71590/150 crt=51071'48910301 lcod 0'0 mlcod 0'0 peering] up_thru 71491 < same_since 71591, must notify monitor
2014-12-08 18:14:00.437389 7f28fcb46700 10 osd.70 pg_epoch: 71584 pg[218.57c( v 71424'1 (0'0,71424'1] local-les=71434 n=1 ec=71423 les/c 71434/71434 71584/71584/71425) [24,16,56] r=-1 lpr=71584 pi=71423-71583/6 crt=71424'1 lcod 0'0 inactive NOTIFY] cancel_copy_ops
2014-12-08 18:14:00.437397 7f28fc345700 10 osd.70 pg_epoch: 71591 pg[19.6e( v 51072'48910307 (50495'48906592,51072'48910307] local-les=51066 n=855 ec=21298 les/c 51101/50495 71591/71591/71591) [70,16,13] r=0 lpr=71591 pi=50489-71590/150 crt=51071'48910301 lcod 0'0 mlcod 0'0 peering] state: querying info from osd.0
2014-12-08 18:14:00.437400 7f28fcb46700 10 osd.70 pg_epoch: 71584 pg[218.57c( v 71424'1 (0'0,71424'1] local-les=71434 n=1 ec=71423 les/c 71434/71434 71584/71584/71425) [24,16,56] r=-1 lpr=71584 pi=71423-71583/6 crt=71424'1 lcod 0'0 inactive NOTIFY] cancel_flush_ops
2014-12-08 18:14:00.437409 7f28fc345700 10 osd.70 pg_epoch: 71591 pg[19.6e( v 51072'48910307 (50495'48906592,51072'48910307] local-les=51066 n=855 ec=21298 les/c 51101/50495 71591/71591/71591) [70,16,13] r=0 lpr=71591 pi=50489-71590/150 crt=51071'48910301 lcod 0'0 mlcod 0'0 peering] state: querying info from osd.4
2014-12-08 18:14:00.437410 7f28fcb46700 10 osd.70 pg_epoch: 71584 pg[218.57c( v 71424'1 (0'0,71424'1] local-les=71434 n=1 ec=71423 les/c 71434/71434 71584/71584/71425) [24,16,56] r=-1 lpr=71584 pi=71423-71583/6 crt=71424'1 lcod 0'0 inactive NOTIFY] on_change_cleanup
2014-12-08 18:14:00.437416 7f28fc345700 10 osd.70 pg_epoch: 71591 pg[19.6e( v 51072'48910307 (50495'48906592,51072'48910307] local-les=51066 n=855 ec=21298 les/c 51101/50495 71591/71591/71591) [70,16,13] r=0 lpr=71591 pi=50489-71590/150 crt=51071'48910301 lcod 0'0 mlcod 0'0 peering] state: querying info from osd.11
2014-12-08 18:14:00.437423 7f28fc345700 10 osd.70 pg_epoch: 71591 pg[19.6e( v 51072'48910307 (50495'48906592,51072'48910307] local-les=51066 n=855 ec=21298 les/c 51101/50495 71591/71591/71591) [70,16,13] r=0 lpr=71591 pi=50489-71590/150 crt=51071'48910301 lcod 0'0 mlcod 0'0 peering] state: querying info from osd.13
2014-12-08 18:14:00.437420 7f28fcb46700 10 osd.70 pg_epoch: 71584 pg[218.57c( v 71424'1 (0'0,71424'1] local-les=71434 n=1 ec=71423 les/c 71434/71434 71584/71584/71425) [24,16,56] r=-1 lpr=71584 pi=71423-71583/6 crt=71424'1 lcod 0'0 inactive NOTIFY] on_change
2014-12-08 18:14:00.437430 7f28fc345700 10 osd.70 pg_epoch: 71591 pg[19.6e( v 51072'48910307 (50495'48906592,51072'48910307] local-les=51066 n=855 ec=21298 les/c 51101/50495 71591/71591/71591) [70,16,13] r=0 lpr=71591 pi=50489-71590/150 crt=51071'48910301 lcod 0'0 mlcod 0'0 peering] state: querying info from osd.16
2014-12-08 18:14:00.437433 7f28fcb46700 20 osd.70 pg_epoch: 71584 pg[218.57c( v 71424'1 (0'0,71424'1] local-les=71434 n=1 ec=71423 les/c 71434/71434 71584/71584/71425) [24,16,56] r=-1 lpr=71584 pi=71423-71583/6 crt=71424'1 lcod 0'0 inactive NOTIFY] exit NotTrimming
2014-12-08 18:14:00.437437 7f28fc345700 10 osd.70 pg_epoch: 71591 pg[19.6e( v 51072'48910307 (50495'48906592,51072'48910307] local-les=51066 n=855 ec=21298 les/c 51101/50495 71591/71591/71591) [70,16,13] r=0 lpr=71591 pi=50489-71590/150 crt=51071'48910301 lcod 0'0 mlcod 0'0 peering] state: querying info from osd.20
2014-12-08 18:14:00.437440 7f28fcb46700 20 osd.70 pg_epoch: 71584 pg[218.57c( v 71424'1 (0'0,71424'1] local-les=71434 n=1 ec=71423 les/c 71434/71434 71584/71584/71425) [24,16,56] r=-1 lpr=71584 pi=71423-71583/6 crt=71424'1 lcod 0'0 inactive NOTIFY] enter NotTrimming
2014-12-08 18:14:00.437444 7f28fc345700 10 osd.70 pg_epoch: 71591 pg[19.6e( v 51072'48910307 (50495'48906592,51072'48910307] local-les=51066 n=855 ec=21298 les/c 51101/50495 71591/71591/71591) [70,16,13] r=0 lpr=71591 pi=50489-71590/150 crt=51071'48910301 lcod 0'0 mlcod 0'0 peering] state: querying info from osd.30
2014-12-08 18:14:00.437447 7f28fcb46700 10 osd.70 pg_epoch: 71584 pg[218.57c( v 71424'1 (0'0,71424'1] local-les=71434 n=1 ec=71423 les/c 71434/71434 71584/71584/71425) [24,16,56] r=-1 lpr=71584 pi=71423-71583/6 crt=71424'1 lcod 0'0 inactive NOTIFY] cancel_recovery
2014-12-08 18:14:00.437452 7f28fcb46700 10 osd.70 pg_epoch: 71584 pg[218.57c( v 71424'1 (0'0,71424'1] local-les=71434 n=1 ec=71423 les/c 71434/71434 71584/71584/71425) [24,16,56] r=-1 lpr=71584 pi=71423-71583/6 crt=71424'1 lcod 0'0 inactive NOTIFY] clear_recovery_state
2014-12-08 18:14:00.437452 7f28fc345700 10 osd.70 pg_epoch: 71591 pg[19.6e( v 51072'48910307 (50495'48906592,51072'48910307] local-les=51066 n=855 ec=21298 les/c 51101/50495 71591/71591/71591) [70,16,13] r=0 lpr=71591 pi=50489-71590/150 crt=51071'48910301 lcod 0'0 mlcod 0'0 peering] state: querying info from osd.31
2014-12-08 18:14:00.437459 7f28fc345700 10 osd.70 pg_epoch: 71591 pg[19.6e( v 51072'48910307 (50495'48906592,51072'48910307] local-les=51066 n=855 ec=21298 les/c 51101/50495 71591/71591/71591) [70,16,13] r=0 lpr=71591 pi=50489-71590/150 crt=51071'48910301 lcod 0'0 mlcod 0'0 peering] state: querying info from osd.56
2014-12-08 18:14:00.437459 7f28fcb46700 10 osd.70 pg_epoch: 71584 pg[218.57c( v 71424'1 (0'0,71424'1] local-les=71434 n=1 ec=71423 les/c 71434/71434 71584/71584/71425) [24,16,56] r=-1 lpr=71584 pi=71423-71583/6 crt=71424'1 lcod 0'0 inactive NOTIFY] check_recovery_sources no source osds () went down
2014-12-08 18:14:00.437466 7f28fc345700 10 osd.70 pg_epoch: 71591 pg[19.6e( v 51072'48910307 (50495'48906592,51072'48910307] local-les=51066 n=855 ec=21298 les/c 51101/50495 71591/71591/71591) [70,16,13] r=0 lpr=71591 pi=50489-71590/150 crt=51071'48910301 lcod 0'0 mlcod 0'0 peering] state: querying info from osd.58
2014-12-08 18:14:00.437473 7f28fc345700 10 osd.70 pg_epoch: 71591 pg[19.6e( v 51072'48910307 (50495'48906592,51072'48910307] local-les=51066 n=855 ec=21298 les/c 51101/50495 71591/71591/71591) [70,16,13] r=0 lpr=71591 pi=50489-71590/150 crt=51071'48910301 lcod 0'0 mlcod 0'0 peering] state: querying info from osd.59
2014-12-08 18:14:00.437474 7f28fcb46700 10 osd.70 pg_epoch: 71584 pg[218.57c( v 71424'1 (0'0,71424'1] local-les=71434 n=1 ec=71423 les/c 71434/71434 71584/71584/71425) [24,16,56] r=-1 lpr=71584 pi=71423-71583/6 crt=71424'1 lcod 0'0 inactive NOTIFY] handle_advance_map [24,16,56]/[24,16,56] -- 24/24
2014-12-08 18:14:00.437482 7f28fcb46700 20 PGPool::update cached_removed_snaps [] newly_removed_snaps [] snapc 0=[] (no change)
2014-12-08 18:14:00.437480 7f28fc345700 10 osd.70 pg_epoch: 71591 pg[19.6e( v 51072'48910307 (50495'48906592,51072'48910307] local-les=51066 n=855 ec=21298 les/c 51101/50495 71591/71591/71591) [70,16,13] r=0 lpr=71591 pi=50489-71590/150 crt=51071'48910301 lcod 0'0 mlcod 0'0 peering] state: querying info from osd.63
2014-12-08 18:14:00.437484 7f28fcb46700 10 osd.70 pg_epoch: 71585 pg[218.57c( v 71424'1 (0'0,71424'1] local-les=71434 n=1 ec=71423 les/c 71434/71434 71584/71584/71425) [24,16,56] r=-1 lpr=71584 pi=71423-71583/6 crt=71424'1 lcod 0'0 inactive NOTIFY] state: Reset advmap
2014-12-08 18:14:00.437488 7f28fc345700 10 osd.70 pg_epoch: 71591 pg[19.6e( v 51072'48910307 (50495'48906592,51072'48910307] local-les=51066 n=855 ec=21298 les/c 51101/50495 71591/71591/71591) [70,16,13] r=0 lpr=71591 pi=50489-71590/150 crt=51071'48910301 lcod 0'0 mlcod 0'0 peering] state: querying info from osd.76
2014-12-08 18:14:00.437491 7f28fcb46700 10 osd.70 pg_epoch: 71585 pg[218.57c( v 71424'1 (0'0,71424'1] local-les=71434 n=1 ec=71423 les/c 71434/71434 71584/71584/71425) [24,16,56] r=-1 lpr=71584 pi=71423-71583/6 crt=71424'1 lcod 0'0 inactive NOTIFY] _calc_past_interval_range: already have past intervals back to 71434
2014-12-08 18:14:00.437496 7f28fc345700 15 osd.70 pg_epoch: 71591 pg[19.6e( v 51072'48910307 (50495'48906592,51072'48910307] local-les=51066 n=855 ec=21298 les/c 51101/50495 71591/71591/71591) [70,16,13] r=0 lpr=71591 pi=50489-71590/150 crt=51071'48910301 lcod 0'0 mlcod 0'0 peering] publish_stats_to_osd 71591:63844729
2014-12-08 18:14:00.437498 7f28fcb46700 10 osd.70 pg_epoch: 71585 pg[218.57c( v 71424'1 (0'0,71424'1] local-les=71434 n=1 ec=71423 les/c 71434/71434 71584/71584/71425) [24,16,56] r=-1 lpr=71584 pi=71423-71583/6 crt=71424'1 lcod 0'0 inactive NOTIFY] check_recovery_sources no source osds () went down
2014-12-08 18:14:00.437504 7f28fc345700 20 osd.70 pg_epoch: 71591 pg[19.6e( v 51072'48910307 (50495'48906592,51072'48910307] local-les=51066 n=855 ec=21298 les/c 51101/50495 71591/71591/71591) [70,16,13] r=0 lpr=71591 pi=50489-71590/150 crt=51071'48910301 lcod 0'0 mlcod 0'0 peering] handle_activate_map: Not dirtying info: last_persisted is 71456 while current is 71591
2014-12-08 18:14:00.437508 7f28fcb46700 10 osd.70 pg_epoch: 71585 pg[218.57c( v 71424'1 (0'0,71424'1] local-les=71434 n=1 ec=71423 les/c 71434/71434 71584/71584/71425) [24,16,56] r=-1 lpr=71584 pi=71423-71583/6 crt=71424'1 lcod 0'0 inactive NOTIFY] handle_advance_map [24,16,56]/[24,16,56] -- 24/24
2014-12-08 18:14:00.437516 7f28fcb46700 20 PGPool::update cached_removed_snaps [] newly_removed_snaps [] snapc 0=[] (no change)
2014-12-08 18:14:00.437511 7f28fc345700 10 osd.70 pg_epoch: 71591 pg[19.6e( v 51072'48910307 (50495'48906592,51072'48910307] local-les=51066 n=855 ec=21298 les/c 51101/50495 71591/71591/71591) [70,16,13] r=0 lpr=71591 pi=50489-71590/150 crt=51071'48910301 lcod 0'0 mlcod 0'0 peering] handle_peering_event: epoch_sent: 71591 epoch_requested: 71591 NullEvt
2014-12-08 18:14:00.437518 7f28fcb46700 10 osd.70 pg_epoch: 71586 pg[218.57c( v 71424'1 (0'0,71424'1] local-les=71434 n=1 ec=71423 les/c 71434/71434 71584/71584/71425) [24,16,56] r=-1 lpr=71584 pi=71423-71583/6 crt=71424'1 lcod 0'0 inactive NOTIFY] state: Reset advmap
2014-12-08 18:14:00.437523 7f28fcb46700 10 osd.70 pg_epoch: 71586 pg[218.57c( v 71424'1 (0'0,71424'1] local-les=71434 n=1 ec=71423 les/c 71434/71434 71584/71584/71425) [24,16,56] r=-1 lpr=71584 pi=71423-71583/6 crt=71424'1 lcod 0'0 inactive NOTIFY] _calc_past_interval_range: already have past intervals back to 71434
2014-12-08 18:14:00.437529 7f28fcb46700 10 osd.70 pg_epoch: 71586 pg[218.57c( v 71424'1 (0'0,71424'1] local-les=71434 n=1 ec=71423 les/c 71434/71434 71584/71584/71425) [24,16,56] r=-1 lpr=71584 pi=71423-71583/6 crt=71424'1 lcod 0'0 inactive NOTIFY] check_recovery_sources no source osds () went down
2014-12-08 18:14:00.437539 7f28fcb46700 10 osd.70 pg_epoch: 71586 pg[218.57c( v 71424'1 (0'0,71424'1] local-les=71434 n=1 ec=71423 les/c 71434/71434 71584/71584/71425) [24,16,56] r=-1 lpr=71584 pi=71423-71583/6 crt=71424'1 lcod 0'0 inactive NOTIFY] handle_advance_map [24,16]/[24,16] -- 24/24
2014-12-08 18:14:00.437546 7f28fcb46700 20 PGPool::update cached_removed_snaps [] newly_removed_snaps [] snapc 0=[] (no change)
2014-12-08 18:14:00.437548 7f28fcb46700 10 osd.70 pg_epoch: 71587 pg[218.57c( v 71424'1 (0'0,71424'1] local-les=71434 n=1 ec=71423 les/c 71434/71434 71584/71584/71425) [24,16,56] r=-1 lpr=71584 pi=71423-71583/6 crt=71424'1 lcod 0'0 inactive NOTIFY] state: Reset advmap
2014-12-08 18:14:00.437553 7f28fcb46700 10 osd.70 pg_epoch: 71587 pg[218.57c( v 71424'1 (0'0,71424'1] local-les=71434 n=1 ec=71423 les/c 71434/71434 71584/71584/71425) [24,16,56] r=-1 lpr=71584 pi=71423-71583/6 crt=71424'1 lcod 0'0 inactive NOTIFY] _calc_past_interval_range: already have past intervals back to 71434
2014-12-08 18:14:00.437558 7f28fcb46700 20 osd.70 pg_epoch: 71587 pg[218.57c( v 71424'1 (0'0,71424'1] local-les=71434 n=1 ec=71423 les/c 71434/71434 71584/71584/71425) [24,16,56] r=-1 lpr=71584 pi=71423-71583/6 crt=71424'1 lcod 0'0 inactive NOTIFY] new interval newup [24,16] newacting [24,16]
2014-12-08 18:14:00.437564 7f28fcb46700 10 osd.70 pg_epoch: 71587 pg[218.57c( v 71424'1 (0'0,71424'1] local-les=71434 n=1 ec=71423 les/c 71434/71434 71584/71584/71425) [24,16,56] r=-1 lpr=71584 pi=71423-71583/6 crt=71424'1 lcod 0'0 inactive NOTIFY] state: should restart peering, calling start_peering_interval again
2014-12-08 18:14:00.437577 7f28fcb46700 20 osd.70 pg_epoch: 71587 pg[218.57c( v 71424'1 (0'0,71424'1] local-les=71434 n=1 ec=71423 les/c 71434/71434 71584/71584/71425) [24,16,56] r=-1 lpr=71584 pi=71423-71583/6 crt=71424'1 lcod 0'0 inactive NOTIFY] set_last_peering_reset 71587
2014-12-08 18:14:00.437582 7f28fcb46700 10 osd.70 pg_epoch: 71587 pg[218.57c( v 71424'1 (0'0,71424'1] local-les=71434 n=1 ec=71423 les/c 71434/71434 71584/71584/71425) [24,16,56] r=-1 lpr=71587 pi=71423-71583/6 crt=71424'1 lcod 0'0 inactive NOTIFY] Clearing blocked outgoing recovery messages
2014-12-08 18:14:00.437588 7f28fcb46700 10 osd.70 pg_epoch: 71587 pg[218.57c( v 71424'1 (0'0,71424'1] local-les=71434 n=1 ec=71423 les/c 71434/71434 71584/71584/71425) [24,16,56] r=-1 lpr=71587 pi=71423-71583/6 crt=71424'1 lcod 0'0 inactive NOTIFY] Not blocking outgoing recovery messages
2014-12-08 18:14:00.437602 7f28fc345700 10 log is not dirty
2014-12-08 18:14:00.437598 7f28fcb46700 10 osd.70 pg_epoch: 71587 pg[218.57c( v 71424'1 (0'0,71424'1] local-les=71434 n=1 ec=71423 les/c 71434/71434 71584/71584/71425) [24,16] r=-1 lpr=71587 pi=71423-71586/7 crt=71424'1 lcod 0'0 inactive NOTIFY] start_peering_interval: check_new_interval output: generate_past_intervals interval(71584-71586 up [24,16,56](24) acting [24,16,56](24)): not rw, up_thru 71585 up_from 69676 last_epoch_clean 71434 generate_past_intervals interval(71584-71586 up [24,16,56](24) acting [24,16,56](24) maybe_went_rw) : primary up 69676-71585 includes interval
2014-12-08 18:14:00.437605 7f28fcb46700 10 osd.70 pg_epoch: 71587 pg[218.57c( v 71424'1 (0'0,71424'1] local-les=71434 n=1 ec=71423 les/c 71434/71434 71584/71584/71425) [24,16] r=-1 lpr=71587 pi=71423-71586/7 crt=71424'1 lcod 0'0 inactive NOTIFY] noting past interval(71584-71586 up [24,16,56](24) acting [24,16,56](24) maybe_went_rw)
2014-12-08 18:14:00.437611 7f28fcb46700 10 osd.70 pg_epoch: 71587 pg[218.57c( v 71424'1 (0'0,71424'1] local-les=71434 n=1 ec=71423 les/c 71434/71434 71587/71587/71425) [24,16] r=-1 lpr=71587 pi=71423-71586/7 crt=71424'1 lcod 0'0 inactive NOTIFY] up [24,16,56] -> [24,16], acting [24,16,56] -> [24,16], acting_primary 24 -> 24, up_primary 24 -> 24, role -1 -> -1
2014-12-08 18:14:00.437618 7f28fcb46700 10 osd.70 pg_epoch: 71587 pg[218.57c( v 71424'1 (0'0,71424'1] local-les=71434 n=1 ec=71423 les/c 71434/71434 71587/71587/71425) [24,16] r=-1 lpr=71587 pi=71423-71586/7 crt=71424'1 lcod 0'0 inactive NOTIFY] on_change
2014-12-08 18:14:00.437623 7f28fcb46700 15 osd.70 pg_epoch: 71587 pg[218.57c( v 71424'1 (0'0,71424'1] local-les=71434 n=1 ec=71423 les/c 71434/71434 71587/71587/71425) [24,16] r=-1 lpr=71587 pi=71423-71586/7 crt=71424'1 lcod 0'0 inactive NOTIFY] publish_stats_to_osd -- not primary --
2014-12-08 18:14:00.482727 7f2904b56700 20 osd.70 71591 _dispatch 0x12c181c0 pg_notify(19.6e epoch 71591) v5
2014-12-08 18:14:00.482717 7f28fcb46700 10 osd.70 pg_epoch: 71583 pg[217.220( v 71377'4112 (71377'1111,71377'4112] local-les=71434 n=14 ec=71094 les/c 71434/71434 71582/71582/71433) [68,18] r=-1 lpr=71582 pi=71183-71581/18 crt=71377'4110 lcod 0'0 inactive NOTIFY] handle_advance_map [15,18,17]/[15,18,17] -- 15/15
2014-12-08 18:14:00.482731 7f28fcb46700 20 PGPool::update cached_removed_snaps [] newly_removed_snaps [] snapc 0=[] (no change)
2014-12-08 18:14:00.482729 7f28fc345700 5 osd.70 pg_epoch: 71582 pg[218.7f( empty local-les=71437 n=0 ec=71423 les/c 71437/71437 71432/71432/71425) [77,70,18] r=1 lpr=71437 pi=71423-71431/4 crt=0'0 inactive NOTIFY] exit Started/Stray 2.535925 3 0.000120
2014-12-08 18:14:00.482735 7f28fcb46700 10 osd.70 pg_epoch: 71584 pg[217.220( v 71377'4112 (71377'1111,71377'4112] local-les=71434 n=14 ec=71094 les/c 71434/71434 71582/71582/71433) [68,18] r=-1 lpr=71582 pi=71183-71581/18 crt=71377'4110 lcod 0'0 inactive NOTIFY] state: Reset advmap
2014-12-08 18:14:00.482739 7f28fc345700 5 osd.70 pg_epoch: 71582 pg[218.7f( empty local-les=71437 n=0 ec=71423 les/c 71437/71437 71432/71432/71425) [77,70,18] r=1 lpr=71437 pi=71423-71431/4 crt=0'0 inactive NOTIFY] exit Started 2.535965 0 0.000000
2014-12-08 18:14:00.482750 7f28fc345700 5 osd.70 pg_epoch: 71582 pg[218.7f( empty local-les=71437 n=0 ec=71423 les/c 71437/71437 71432/71432/71425) [77,70,18] r=1 lpr=71437 pi=71423-71431/4 crt=0'0 inactive NOTIFY] enter Reset
2014-12-08 18:14:00.482759 7f2904b56700 7 osd.70 71591 handle_pg_notify from osd.13
2014-12-08 18:14:00.482761 7f2904b56700 15 osd.70 71591 require_same_or_newer_map 71591 (i am 71591) 0x12c181c0
2014-12-08 18:14:00.482748 7f28fcb46700 10 osd.70 pg_epoch: 71584 pg[217.220( v 71377'4112 (71377'1111,71377'4112] local-les=71434 n=14 ec=71094 les/c 71434/71434 71582/71582/71433) [68,18] r=-1 lpr=71582 pi=71183-71581/18 crt=71377'4110 lcod 0'0 inactive NOTIFY] _calc_past_interval_range: already have past intervals back to 71434
2014-12-08 18:14:00.482759 7f28dd8ef700 10 osd.70 71591 OSD::ms_get_authorizer type=osd
2014-12-08 18:14:00.482763 7f28fc345700 20 osd.70 pg_epoch: 71582 pg[218.7f( empty local-les=71437 n=0 ec=71423 les/c 71437/71437 71432/71432/71425) [77,70,18] r=1 lpr=71437 pi=71423-71431/4 crt=0'0 inactive NOTIFY] set_last_peering_reset 71582
2014-12-08 18:14:00.482755 7f28ddbf2700 10 osd.70 71591 new session (outgoing) 0x128dd980 con=0x1264ef20 addr=172.16.10.102:6989/4210
2014-12-08 18:14:00.482769 7f28fc345700 10 osd.70 pg_epoch: 71582 pg[218.7f( empty local-les=71437 n=0 ec=71423 les/c 71437/71437 71432/71432/71425) [77,70,18] r=1 lpr=71582 pi=71423-71431/4 crt=0'0 inactive NOTIFY] Clearing blocked outgoing recovery messages
2014-12-08 18:14:00.482768 7f28fcb46700 20 osd.70 pg_epoch: 71584 pg[217.220( v 71377'4112 (71377'1111,71377'4112] local-les=71434 n=14 ec=71094 les/c 71434/71434 71582/71582/71433) [68,18] r=-1 lpr=71582 pi=71183-71581/18 crt=71377'4110 lcod 0'0 inactive NOTIFY] new interval newup [15,18,17] newacting [15,18,17]
2014-12-08 18:14:00.482779 7f28fc345700 10 osd.70 pg_epoch: 71582 pg[218.7f( empty local-les=71437 n=0 ec=71423 les/c 71437/71437 71432/71432/71425) [77,70,18] r=1 lpr=71582 pi=71423-71431/4 crt=0'0 inactive NOTIFY] Not blocking outgoing recovery messages
2014-12-08 18:14:00.482782 7f28fcb46700 10 osd.70 pg_epoch: 71584 pg[217.220( v 71377'4112 (71377'1111,71377'4112] local-les=71434 n=14 ec=71094 les/c 71434/71434 71582/71582/71433) [68,18] r=-1 lpr=71582 pi=71183-71581/18 crt=71377'4110 lcod 0'0 inactive NOTIFY] state: should restart peering, calling start_peering_interval again
2014-12-08 18:14:00.482795 7f2904b56700 10 osd.70 71591 do_waiters -- start
2014-12-08 18:14:00.482798 7f2904b56700 10 osd.70 71591 do_waiters -- finish
2014-12-08 18:14:00.482789 7f28fc345700 10 osd.70 pg_epoch: 71582 pg[218.7f( empty local-les=71437 n=0 ec=71423 les/c 71437/71437 71432/71432/71425) [77,70,18] r=1 lpr=71582 pi=71423-71431/4 crt=0'0 inactive NOTIFY] state: Reset advmap
2014-12-08 18:14:00.482794 7f28fcb46700 20 osd.70 pg_epoch: 71584 pg[217.220( v 71377'4112 (71377'1111,71377'4112] local-les=71434 n=14 ec=71094 les/c 71434/71434 71582/71582/71433) [68,18] r=-1 lpr=71582 pi=71183-71581/18 crt=71377'4110 lcod 0'0 inactive NOTIFY] set_last_peering_reset 71584 --
2014-12-08 18:14:00.483542 7f2904b56700 20 osd.70 71591 _dispatch 0x12c19840 pg_notify(19.6e(150) epoch 71591) v5
2014-12-08 18:14:00.483539 7f28fc345700 15 osd.70 pg_epoch: 71587 pg[218.7f( empty local-les=71437 n=0 ec=71423 les/c 71437/71437 71587/71587/71425) [77,18] r=-1 lpr=71587 pi=71423-71586/7 crt=0'0 inactive NOTIFY] publish_stats_to_osd -- not primary
2014-12-08 18:14:00.483545 7f28fc345700 15 osd.70 pg_epoch: 71587 pg[218.7f( empty local-les=71437 n=0 ec=71423 les/c 71437/71437 71587/71587/71425) [77,18] r=-1 lpr=71587 pi=71423-71586/7 crt=0'0 inactive NOTIFY] requeue_ops
2014-12-08 18:14:00.483553 7f28fc345700 10 osd.70 pg_epoch: 71587 pg[218.7f( empty local-les=71437 n=0 ec=71423 les/c 71437/71437 71587/71587/71425) [77,18] r=-1 lpr=71587 pi=71423-71586/7 crt=0'0 inactive NOTIFY] cancel_copy_ops
2014-12-08 18:14:00.483566 7f2904b56700 7 osd.70 71591 handle_pg_notify from osd.16
2014-12-08 18:14:00.483547 7f28fcb46700 10 osd.70 pg_epoch: 71586 pg[217.220( v 71377'4112 (71377'1111,71377'4112] local-les=71434 n=14 ec=71094 les/c 71434/71434 71584/71585/71585) [15,18,17]/[18,68] r=-1 lpr=71585 pi=71183-71584/20 crt=71377'4110 lcod 0'0 remapped NOTIFY] check_recovery_sources no source osds () went down
2014-12-08 18:14:00.483562 7f28fc345700 10 osd.70 pg_epoch: 71587 pg[218.7f( empty local-les=71437 n=0 ec=71423 les/c 71437/71437 71587/71587/71425) [77,18] r=-1 lpr=71587 pi=71423-71586/7 crt=0'0 inactive NOTIFY] cancel_flush_ops
2014-12-08 18:14:00.483568 7f2904b56700 15 osd.70 71591 require_same_or_newer_map 71591 (i am 71591) 0x12c19840
2014-12-08 18:14:00.483568 7f28fc345700 10 osd.70 pg_epoch: 71587 pg[218.7f( empty local-les=71437 n=0 ec=71423 les/c 71437/71437 71587/71587/71425) [77,18] r=-1 lpr=71587 pi=71423-71586/7 crt=0'0 inactive NOTIFY] on_change_cleanup
2014-12-08 18:14:00.483578 7f28fc345700 10 osd.70 pg_epoch: 71587 pg[218.7f( empty local-les=71437 n=0 ec=71423 les/c 71437/71437 71587/71587/71425) [77,18] r=-1 lpr=71587 pi=71423-71586/7 crt=0'0 inactive NOTIFY] on_change
2014-12-08 18:14:00.483588 7f28fc345700 20 osd.70 pg_epoch: 71587 pg[218.7f( empty local-les=71437 n=0 ec=71423 les/c 71437/71437 71587/71587/71425) [77,18] r=-1 lpr=71587 pi=71423-71586/7 crt=0'0 inactive NOTIFY] exit NotTrimming
2014-12-08 18:14:00.483579 7f28fcb46700 10 osd.70 pg_epoch: 71586 pg[217.220( v 71377'4112 (71377'1111,71377'4112] local-les=71434 n=14 ec=71094 les/c 71434/71434 71584/71585/71585) [15,18,17]/[18,68] r=-1 lpr=71585 pi=71183-71584/20 crt=71377'4110 lcod 0'0 remapped NOTIFY] handle_advance_map [68,18]/[18,68] -- 68/18
2014-12-08 18:14:00.483595 7f28fc345700 20 osd.70 pg_epoch: 71587 pg[218.7f( empty local-les=71437 n=0 ec=71423 les/c 71437/71437 71587/71587/71425) [77,18] r=-1 lpr=71587 pi=71423-71586/7 crt=0'0 inactive NOTIFY] enter NotTrimming
2014-12-08 18:14:00.483600 7f28fcb46700 20 PGPool::update cached_removed_snaps [] newly_removed_snaps [] snapc 0=[] (no change)
2014-12-08 18:14:00.483602 7f2904b56700 10 osd.70 71591 do_waiters -- start
2014-12-08 18:14:00.483604 7f2904b56700 10 osd.70 71591 do_waiters -- finish
2014-12-08 18:14:00.483601 7f28fc345700 10 osd.70 pg_epoch: 71587 pg[218.7f( empty local-les=71437 n=0 ec=71423 les/c 71437/71437 71587/71587/71425) [77,18] r=-1 lpr=71587 pi=71423-71586/7 crt=0'0 inactive NOTIFY] cancel_recovery
2014-12-08 18:14:00.483608 7f28fc345700 10 osd.70 pg_epoch: 71587 pg[218.7f( empty local-les=71437 n=0 ec=71423 les/c 71437/71437 71587/71587/71425) [77,18] r=-1 lpr=71587 pi=71423-71586/7 crt=0'0 inactive NOTIFY] clear_recovery_state
2014-12-08 18:14:00.483604 7f28fcb46700 10 osd.70 pg_epoch: 71587 pg[217.220( v 71377'4112 (71377'1111,71377'4112] local-les=71434 n=14 ec=71094 les/c 71434/71434 71584/71585/71585) [15,18,17]/[18,68] r=-1 lpr=71585 pi=71183-71584/20 crt=71377'4110 lcod 0'0 remapped NOTIFY] state: Reset advmap
2014-12-08 18:14:00.483617 7f28fc345700 10 osd.70 pg_epoch: 71587 pg[218.7f( empty local-les=71437 n=0 ec=71423 les/c 71437/71437 71587/71587/71425) [77,18] r=-1 lpr=71587 pi=71423-71586/7 crt=0'0 inactive NOTIFY] check_recovery_sources no source osds () went down
2014-12-08 18:14:00.483616 7f28fcb46700 10 osd.70 pg_epoch: 71587 pg[217.220( v 71377'4112 (71377'1111,71377'4112] local-les=71434 n=14 ec=71094 les/c 71434/71434 71584/71585/71585) [15,18,17]/[18,68] r=-1 lpr=71585 pi=71183-71584/20 crt=71377'4110 lcod 0'0 remapped NOTIFY] _calc_past_interval_range: already have past intervals back to 71434 --
2014-12-08 18:14:00.483666 7f2904b56700 20 osd.70 71591 _dispatch 0x12b77e00 pg_notify(19.6e(150) epoch 71591) v5
2014-12-08 18:14:00.483656 7f28fcb46700 20 osd.70 pg_epoch: 71587 pg[217.220( v 71377'4112 (71377'1111,71377'4112] local-les=71434 n=14 ec=71094 les/c 71434/71434 71584/71585/71585) [15,18,17]/[18,68] r=-1 lpr=71585 pi=71183-71584/20 crt=71377'4110 lcod 0'0 remapped NOTIFY] set_last_peering_reset 71587
2014-12-08 18:14:00.483671 7f28fcb46700 10 osd.70 pg_epoch: 71587 pg[217.220( v 71377'4112 (71377'1111,71377'4112] local-les=71434 n=14 ec=71094 les/c 71434/71434 71584/71585/71585) [15,18,17]/[18,68] r=-1 lpr=71587 pi=71183-71584/20 crt=71377'4110 lcod 0'0 remapped NOTIFY] Clearing blocked outgoing recovery messages
2014-12-08 18:14:00.483685 7f2904b56700 7 osd.70 71591 handle_pg_notify from osd.58
2014-12-08 18:14:00.483688 7f2904b56700 15 osd.70 71591 require_same_or_newer_map 71591 (i am 71591) 0x12b77e00
2014-12-08 18:14:00.483684 7f28fcb46700 10 osd.70 pg_epoch: 71587 pg[217.220( v 71377'4112 (71377'1111,71377'4112] local-les=71434 n=14 ec=71094 les/c 71434/71434 71584/71585/71585) [15,18,17]/[18,68] r=-1 lpr=71587 pi=71183-71584/20 crt=71377'4110 lcod 0'0 remapped NOTIFY] Not blocking outgoing recovery messages
2014-12-08 18:14:00.483681 7f28fc345700 10 osd.70 pg_epoch: 71588 pg[218.7f( empty local-les=71437 n=0 ec=71423 les/c 71437/71437 71587/71587/71425) [77,18] r=-1 lpr=71587 pi=71423-71586/7 crt=0'0 inactive NOTIFY] handle_advance_map [77,18]/[77,18] -- 77/77
2014-12-08 18:14:00.483700 7f28fc345700 20 PGPool::update cached_removed_snaps [] newly_removed_snaps [] snapc 0=[] (no change)
2014-12-08 18:14:00.483702 7f28fcb46700 10 osd.70 pg_epoch: 71587 pg[217.220( v 71377'4112 (71377'1111,71377'4112] local-les=71434 n=14 ec=71094 les/c 71434/71434 71584/71585/71585) [68,18]/[18,68] r=-1 lpr=71587 pi=71183-71586/21 crt=71377'4110 lcod 0'0 remapped NOTIFY] start_peering_interval: check_new_interval output: generate_past_intervals interval(71585-71586 up [15,18,17](15) acting [18,68](18)): not rw, up_thru 71585 up_from 69663 last_epoch_clean 71434 generate_past_intervals interval(71585-71586 up [15,18,17](15) acting [18,68](18) maybe_went_rw) : primary up 69663-71585 includes interval
2014-12-08 18:14:00.483717 7f2904b56700 10 osd.70 71591 do_waiters -- start
2014-12-08 18:14:00.483718 7f2904b56700 10 osd.70 71591 do_waiters -- finish
2014-12-08 18:14:00.483704 7f28fc345700 10 osd.70 pg_epoch: 71589 pg[218.7f( empty local-les=71437 n=0 ec=71423 les/c 71437/71437 71587/71587/71425) [77,18] r=-1 lpr=71587 pi=71423-71586/7 crt=0'0 inactive NOTIFY] state: Reset advmap
2014-12-08 18:14:00.483716 7f28fcb46700 10 osd.70 pg_epoch: 71587 pg[217.220( v 71377'4112 (71377'1111,71377'4112] local-les=71434 n=14 ec=71094 les/c 71434/71434 71584/71585/71585) [68,18]/[18,68] r=-1 lpr=71587 pi=71183-71586/21 crt=71377'4110 lcod 0'0 remapped NOTIFY] noting past interval(71585-71586 up [15,18,17](15) acting [18,68](18) maybe_went_rw)
2014-12-08 18:14:00.483724 7f28fc345700 10 osd.70 pg_epoch: 71589 pg[218.7f( empty local-les=71437 n=0 ec=71423 les/c 71437/71437 71587/71587/71425) [77,18] r=-1 lpr=71587 pi=71423-71586/7 crt=0'0 inactive NOTIFY] _calc_past_interval_range: already have past intervals back to 71437
2014-12-08 18:14:00.483733 7f28fc345700 10 osd.70 pg_epoch: 71589 pg[218.7f( empty local-les=71437 n=0 ec=71423 les/c 71437/71437 71587/71587/71425) [77,18] r=-1 lpr=71587 pi=71423-71586/7 crt=0'0 inactive NOTIFY] check_recovery_sources no source osds () went down
2014-12-08 18:14:00.483730 7f28fcb46700 10 osd.70 pg_epoch: 71587 pg[217.220( v 71377'4112 (71377'1111,71377'4112] local-les=71434 n=14 ec=71094 les/c 71434/71434 71587/71587/71585) [68,18]/[18,68] r=-1 lpr=71587 pi=71183-71586/21 crt=71377'4110 lcod 0'0 remapped NOTIFY] up [15,18,17] -> [68,18], acting [18,68] -> [18,68], acting_primary 18 -> 18, up_primary 15 -> 68, role -1 -> -1
2014-12-08 18:14:00.483747 7f2904b56700 10 osd.70 71591 do_waiters -- start
2014-12-08 18:14:00.483749 7f2904b56700 10 osd.70 71591 do_waiters -- finish
2014-12-08 18:14:00.483742 7f28fcb46700 10 osd.70 pg_epoch: 71587 pg[217.220( v 71377'4112 (71377'1111,71377'4112] local-les=71434 n=14 ec=71094 les/c 71434/71434 71587/71587/71585) [68,18]/[18,68] r=-1 lpr=71587 pi=71183-71586/21 crt=71377'4110 lcod 0'0 remapped NOTIFY] on_change --
2014-12-08 18:14:00.483812 7f2904b56700 20 osd.70 71591 _dispatch 0x12b79c00 pg_notify(19.6e epoch 71591) v5
2014-12-08 18:14:00.483805 7f290a83a700 10 osd.70 pg_epoch: 71591 pg[217.22d( v 71377'4107 (71377'1106,71377'4107] local-les=71437 n=8 ec=71094 les/c 71437/71437 71591/71591/71590) [63,70,1] r=1 lpr=71591 pi=71094-71590/32 crt=71377'4104 lcod 0'0 inactive NOTIFY] flushed
2014-12-08 18:14:00.483814 7f28fcb46700 10 osd.70 pg_epoch: 71587 pg[217.220( v 71377'4112 (71377'1111,71377'4112] local-les=71434 n=14 ec=71094 les/c 71434/71434 71587/71587/71585) [68,18]/[18,68] r=-1 lpr=71587 pi=71183-71586/21 crt=71377'4110 lcod 0'0 remapped NOTIFY] on_change
2014-12-08 18:14:00.483820 7f28fc345700 10 osd.70 pg_epoch: 71590 pg[218.7f( empty local-les=71437 n=0 ec=71423 les/c 71437/71437 71587/71587/71425) [77,18] r=-1 lpr=71587 pi=71423-71586/7 crt=0'0 inactive NOTIFY] handle_advance_map [77,70,18]/[77,70,18] -- 77/77
2014-12-08 18:14:00.483838 7f28fc345700 20 PGPool::update cached_removed_snaps [] newly_removed_snaps [] snapc 0=[] (no change)
2014-12-08 18:14:00.483839 7f2904b56700 7 osd.70 71591 handle_pg_notify from osd.11
2014-12-08 18:14:00.483841 7f2904b56700 15 osd.70 71591 require_same_or_newer_map 71591 (i am 71591) 0x12b79c00
2014-12-08 18:14:00.483835 7f28fcb46700 20 osd.70 pg_epoch: 71587 pg[217.220( v 71377'4112 (71377'1111,71377'4112] local-les=71434 n=14 ec=71094 les/c 71434/71434 71587/71587/71585) [68,18]/[18,68] r=-1 lpr=71587 pi=71183-71586/21 crt=71377'4110 lcod 0'0 remapped NOTIFY] exit NotTrimming
2014-12-08 18:14:00.483841 7f28fc345700 10 osd.70 pg_epoch: 71591 pg[218.7f( empty local-les=71437 n=0 ec=71423 les/c 71437/71437 71587/71587/71425) [77,18] r=-1 lpr=71587 pi=71423-71586/7 crt=0'0 inactive NOTIFY] state: Reset advmap
2014-12-08 18:14:00.483854 7f28fc345700 10 osd.70 pg_epoch: 71591 pg[218.7f( empty local-les=71437 n=0 ec=71423 les/c 71437/71437 71587/71587/71425) [77,18] r=-1 lpr=71587 pi=71423-71586/7 crt=0'0 inactive NOTIFY] _calc_past_interval_range: already have past intervals back to 71437
2014-12-08 18:14:00.483853 7f28fcb46700 20 osd.70 pg_epoch: 71587 pg[217.220( v 71377'4112 (71377'1111,71377'4112] local-les=71434 n=14 ec=71094 les/c 71434/71434 71587/71587/71585) [68,18]/[18,68] r=-1 lpr=71587 pi=71183-71586/21 crt=71377'4110 lcod 0'0 remapped NOTIFY] enter NotTrimming
2014-12-08 18:14:00.483862 7f28fc345700 20 osd.70 pg_epoch: 71591 pg[218.7f( empty local-les=71437 n=0 ec=71423 les/c 71437/71437 71587/71587/71425) [77,18] r=-1 lpr=71587 pi=71423-71586/7 crt=0'0 inactive NOTIFY] new interval newup [77,70,18] newacting [77,70,18]
2014-12-08 18:14:00.483874 7f2904b56700 10 osd.70 71591 do_waiters -- start
2014-12-08 18:14:00.483870 7f28fc345700 10 osd.70 pg_epoch: 71591 pg[218.7f( empty local-les=71437 n=0 ec=71423 les/c 71437/71437 71587/71587/71425) [77,18] r=-1 lpr=71587 pi=71423-71586/7 crt=0'0 inactive NOTIFY] state: should restart peering, calling start_peering_interval again
2014-12-08 18:14:00.483877 7f2904b56700 10 osd.70 71591 do_waiters -- finish
2014-12-08 18:14:00.483868 7f28fcb46700 10 osd.70 pg_epoch: 71587 pg[217.220( v 71377'4112 (71377'1111,71377'4112] local-les=71434 n=14 ec=71094 les/c 71434/71434 71587/71587/71585) [68,18]/[18,68] r=-1 lpr=71587 pi=71183-71586/21 crt=71377'4110 lcod 0'0 remapped NOTIFY] cancel_recovery
2014-12-08 18:14:00.483878 7f28fc345700 20 osd.70 pg_epoch: 71591 pg[218.7f( empty local-les=71437 n=0 ec=71423 les/c 71437/71437 71587/71587/71425) [77,18] r=-1 lpr=71587 pi=71423-71586/7 crt=0'0 inactive NOTIFY] set_last_peering_reset 71591
2014-12-08 18:14:00.483883 7f28fc345700 10 osd.70 pg_epoch: 71591 pg[218.7f( empty local-les=71437 n=0 ec=71423 les/c 71437/71437 71587/71587/71425) [77,18] r=-1 lpr=71591 pi=71423-71586/7 crt=0'0 inactive NOTIFY] Clearing blocked outgoing recovery messages
2014-12-08 18:14:00.483883 7f28fcb46700 10 osd.70 pg_epoch: 71587 pg[217.220( v 71377'4112 (71377'1111,71377'4112] local-les=71434 n=14 ec=71094 les/c 71434/71434 71587/71587/71585) [68,18]/[18,68] r=-1 lpr=71587 pi=71183-71586/21 crt=71377'4110 lcod 0'0 remapped NOTIFY] clear_recovery_state
2014-12-08 18:14:00.483891 7f28fc345700 10 osd.70 pg_epoch: 71591 pg[218.7f( empty local-les=71437 n=0 ec=71423 les/c 71437/71437 71587/71587/71425) [77,18] r=-1 lpr=71591 pi=71423-71586/7 crt=0'0 inactive NOTIFY] Not blocking outgoing recovery messages
2014-12-08 18:14:00.483897 7f2904b56700 10 osd.70 71591 do_waiters -- start --
2014-12-08 18:14:00.483948 7f2904b56700 20 osd.70 71591 _dispatch 0x12c19a20 pg_notify(19.6e epoch 71591) v5
2014-12-08 18:14:00.483943 7f28fc345700 15 osd.70 pg_epoch: 71591 pg[218.7f( empty local-les=71437 n=0 ec=71423 les/c 71437/71437 71591/71591/71425) [77,70,18] r=1 lpr=71591 pi=71423-71590/8 crt=0'0 inactive NOTIFY] publish_stats_to_osd -- not primary
2014-12-08 18:14:00.483939 7f28fcb46700 10 osd.70 pg_epoch: 71588 pg[217.220( v 71377'4112 (71377'1111,71377'4112] local-les=71434 n=14 ec=71094 les/c 71434/71434 71587/71587/71585) [68,18]/[18,68] r=-1 lpr=71587 pi=71183-71586/21 crt=71377'4110 lcod 0'0 remapped NOTIFY] state: Reset advmap
2014-12-08 18:14:00.483953 7f28fc345700 15 osd.70 pg_epoch: 71591 pg[218.7f( empty local-les=71437 n=0 ec=71423 les/c 71437/71437 71591/71591/71425) [77,70,18] r=1 lpr=71591 pi=71423-71590/8 crt=0'0 inactive NOTIFY] requeue_ops
2014-12-08 18:14:00.483953 7f28fcb46700 10 osd.70 pg_epoch: 71588 pg[217.220( v 71377'4112 (71377'1111,71377'4112] local-les=71434 n=14 ec=71094 les/c 71434/71434 71587/71587/71585) [68,18]/[18,68] r=-1 lpr=71587 pi=71183-71586/21 crt=71377'4110 lcod 0'0 remapped NOTIFY] _calc_past_interval_range: already have past intervals back to 71434
2014-12-08 18:14:00.483961 7f28fc345700 10 osd.70 pg_epoch: 71591 pg[218.7f( empty local-les=71437 n=0 ec=71423 les/c 71437/71437 71591/71591/71425) [77,70,18] r=1 lpr=71591 pi=71423-71590/8 crt=0'0 inactive NOTIFY] cancel_copy_ops
2014-12-08 18:14:00.483970 7f28fc345700 10 osd.70 pg_epoch: 71591 pg[218.7f( empty local-les=71437 n=0 ec=71423 les/c 71437/71437 71591/71591/71425) [77,70,18] r=1 lpr=71591 pi=71423-71590/8 crt=0'0 inactive NOTIFY] cancel_flush_ops
2014-12-08 18:14:00.483967 7f28fcb46700 10 osd.70 pg_epoch: 71588 pg[217.220( v 71377'4112 (71377'1111,71377'4112] local-les=71434 n=14 ec=71094 les/c 71434/71434 71587/71587/71585) [68,18]/[18,68] r=-1 lpr=71587 pi=71183-71586/21 crt=71377'4110 lcod 0'0 remapped NOTIFY] check_recovery_sources no source osds () went down
2014-12-08 18:14:00.483978 7f28fc345700 10 osd.70 pg_epoch: 71591 pg[218.7f( empty local-les=71437 n=0 ec=71423 les/c 71437/71437 71591/71591/71425) [77,70,18] r=1 lpr=71591 pi=71423-71590/8 crt=0'0 inactive NOTIFY] on_change_cleanup
2014-12-08 18:14:00.483982 7f2904b56700 7 osd.70 71591 handle_pg_notify from osd.31
2014-12-08 18:14:00.483986 7f2904b56700 15 osd.70 71591 require_same_or_newer_map 71591 (i am 71591) 0x12c19a20
2014-12-08 18:14:00.483983 7f28fc345700 10 osd.70 pg_epoch: 71591 pg[218.7f( empty local-les=71437 n=0 ec=71423 les/c 71437/71437 71591/71591/71425) [77,70,18] r=1 lpr=71591 pi=71423-71590/8 crt=0'0 inactive NOTIFY] on_change
2014-12-08 18:14:00.483986 7f28fcb46700 10 osd.70 pg_epoch: 71588 pg[217.220( v 71377'4112 (71377'1111,71377'4112] local-les=71434 n=14 ec=71094 les/c 71434/71434 71587/71587/71585) [68,18]/[18,68] r=-1 lpr=71587 pi=71183-71586/21 crt=71377'4110 lcod 0'0 remapped NOTIFY] handle_advance_map [68,18]/[68,18] -- 68/68
2014-12-08 18:14:00.490407 7f28fc345700 20 osd.70 pg_epoch: 71591 pg[218.7f( empty local-les=71437 n=0 ec=71423 les/c 71437/71437 71591/71591/71425) [77,70,18] r=1 lpr=71591 pi=71423-71590/8 crt=0'0 inactive NOTIFY] exit NotTrimming
2014-12-08 18:14:00.484269 7f290a83a700 10 osd.70 pg_epoch: 71591 pg[216.384( v 70990'209 (0'0,70990'209] local-les=71435 n=101 ec=70987 les/c 71435/71435 71591/71591/71587) [77,22,70]/[77,22,25] r=-1 lpr=71591 pi=70987-71590/26 crt=70990'207 lcod 0'0 remapped NOTIFY] flushed
2014-12-08 18:14:00.490435 7f28fc345700 20 osd.70 pg_epoch: 71591 pg[218.7f( empty local-les=71437 n=0 ec=71423 les/c 71437/71437 71591/71591/71425) [77,70,18] r=1 lpr=71591 pi=71423-71590/8 crt=0'0 inactive NOTIFY] enter NotTrimming
2014-12-08 18:14:00.490435 7f28fcb46700 20 PGPool::update cached_removed_snaps [] newly_removed_snaps [] snapc 0=[] (no change)
2014-12-08 18:14:00.490448 7f2904b56700 10 osd.70 71591 do_waiters -- start
2014-12-08 18:14:00.490444 7f28fc345700 10 osd.70 pg_epoch: 71591 pg[218.7f( empty local-les=71437 n=0 ec=71423 les/c 71437/71437 71591/71591/71425) [77,70,18] r=1 lpr=71591 pi=71423-71590/8 crt=0'0 inactive NOTIFY] on_role_change
2014-12-08 18:14:00.490457 7f2904b56700 10 osd.70 71591 do_waiters -- finish
2014-12-08 18:14:00.490458 7f28fc345700 15 osd.70 pg_epoch: 71591 pg[218.7f( empty local-les=71437 n=0 ec=71423 les/c 71437/71437 71591/71591/71425) [77,70,18] r=1 lpr=71591 pi=71423-71590/8 crt=0'0 inactive NOTIFY] requeue_ops --
2014-12-08 18:14:00.490478 7f2904b56700 20 osd.70 71591 _dispatch 0x12b79a20 pg_notify(19.6e(150) epoch 71591) v5
2014-12-08 18:14:00.490466 7f290a83a700 10 osd.70 pg_epoch: 71591 pg[218.4b( v 71581'2 (0'0,71581'2] local-les=71448 n=2 ec=71423 les/c 71448/71453 71591/71591/71425) [18,17,70]/[18,17,25] r=-1 lpr=71591 pi=71423-71590/11 crt=0'0 lcod 0'0 remapped NOTIFY] flushed
2014-12-08 18:14:00.490480 7f28fcb46700 10 osd.70 pg_epoch: 71589 pg[217.220( v 71377'4112 (71377'1111,71377'4112] local-les=71434 n=14 ec=71094 les/c 71434/71434 71587/71587/71585) [68,18]/[18,68] r=-1 lpr=71587 pi=71183-71586/21 crt=71377'4110 lcod 0'0 remapped NOTIFY] _calc_past_interval_range: already have past intervals back to 71434
2014-12-08 18:14:00.490485 7f28fc345700 10 osd.70 pg_epoch: 71591 pg[218.7f( empty local-les=71437 n=0 ec=71423 les/c 71437/71437 71591/71591/71425) [77,70,18] r=1 lpr=71591 pi=71423-71590/8 crt=0'0 inactive NOTIFY] check_recovery_sources no source osds () went down
2014-12-08 18:14:00.490503 7f2904b56700 7 osd.70 71591 handle_pg_notify from osd.30
2014-12-08 18:14:00.490505 7f2904b56700 15 osd.70 71591 require_same_or_newer_map 71591 (i am 71591) 0x12b79a20
2014-12-08 18:14:00.490498 7f28fcb46700 20 osd.70 pg_epoch: 71589 pg[217.220( v 71377'4112 (71377'1111,71377'4112] local-les=71434 n=14 ec=71094 les/c 71434/71434 71587/71587/71585) [68,18]/[18,68] r=-1 lpr=71587 pi=71183-71586/21 crt=71377'4110 lcod 0'0 remapped NOTIFY] new interval newup [68,18] newacting [68,18]
2014-12-08 18:14:00.490511 7f28fcb46700 10 osd.70 pg_epoch: 71589 pg[217.220( v 71377'4112 (71377'1111,71377'4112] local-les=71434 n=14 ec=71094 les/c 71434/71434 71587/71587/71585) [68,18]/[18,68] r=-1 lpr=71587 pi=71183-71586/21 crt=71377'4110 lcod 0'0 remapped NOTIFY] state: should restart peering, calling start_peering_interval again
2014-12-08 18:14:00.490517 7f28fc345700 10 osd.70 pg_epoch: 71591 pg[218.7f( empty local-les=71437 n=0 ec=71423 les/c 71437/71437 71591/71591/71425) [77,70,18] r=1 lpr=71591 pi=71423-71590/8 crt=0'0 inactive NOTIFY] handle_activate_map
2014-12-08 18:14:00.490524 7f28fcb46700 20 osd.70 pg_epoch: 71589 pg[217.220( v 71377'4112 (71377'1111,71377'4112] local-les=71434 n=14 ec=71094 les/c 71434/71434 71587/71587/71585) [68,18]/[18,68] r=-1 lpr=71587 pi=71183-71586/21 crt=71377'4110 lcod 0'0 remapped NOTIFY] set_last_peering_reset 71589
2014-12-08 18:14:00.490536 7f2904b56700 10 osd.70 71591 do_waiters -- start
2014-12-08 18:14:00.490538 7f2904b56700 10 osd.70 71591 do_waiters -- finish
2014-12-08 18:14:00.490534 7f28fcb46700 10 osd.70 pg_epoch: 71589 pg[217.220( v 71377'4112 (71377'1111,71377'4112] local-les=71434 n=14 ec=71094 les/c 71434/71434 71587/71587/71585) [68,18]/[18,68] r=-1 lpr=71589 pi=71183-71586/21 crt=71377'4110 lcod 0'0 remapped NOTIFY] Clearing blocked outgoing recovery messages
2014-12-08 18:14:00.490546 7f28fcb46700 10 osd.70 pg_epoch: 71589 pg[217.220( v 71377'4112 (71377'1111,71377'4112] local-les=71434 n=14 ec=71094 les/c 71434/71434 71587/71587/71585) [68,18]/[18,68] r=-1 lpr=71589 pi=71183-71586/21 crt=71377'4110 lcod 0'0 remapped NOTIFY] Not blocking outgoing recovery messages
2014-12-08 18:14:00.490553 7f28fc345700 10 osd.70 pg_epoch: 71591 pg[218.7f( empty local-les=71437 n=0 ec=71423 les/c 71437/71437 71591/71591/71425) [77,70,18] r=1 lpr=71591 pi=71423-71590/8 crt=0'0 inactive NOTIFY] update_heartbeat_peers unchanged
2014-12-08 18:14:00.490560 7f28fc345700 10 osd.70 pg_epoch: 71591 pg[218.7f( empty local-les=71437 n=0 ec=71423 les/c 71437/71437 71591/71591/71425) [77,70,18] r=1 lpr=71591 pi=71423-71590/8 crt=0'0 inactive NOTIFY] take_waiters
2014-12-08 18:14:00.490566 7f28fc345700 5 osd.70 pg_epoch: 71591 pg[218.7f( empty local-les=71437 n=0 ec=71423 les/c 71437/71437 71591/71591/71425) [77,70,18] r=1 lpr=71591 pi=71423-71590/8 crt=0'0 inactive NOTIFY] exit Reset 0.007816 10 0.007550
2014-12-08 18:14:00.490577 7f28fc345700 5 osd.70 pg_epoch: 71591 pg[218.7f( empty local-les=71437 n=0 ec=71423 les/c 71437/71437 71591/71591/71425) [77,70,18] r=1 lpr=71591 pi=71423-71590/8 crt=0'0 inactive NOTIFY] enter Started
2014-12-08 18:14:00.490577 7f28fcb46700 10 osd.70 pg_epoch: 71589 pg[217.220( v 71377'4112 (71377'1111,71377'4112] local-les=71434 n=14 ec=71094 les/c 71434/71434 71587/71587/71585) [68,18] r=-1 lpr=71589 pi=71183-71588/22 crt=71377'4110 lcod 0'0 inactive NOTIFY] start_peering_interval: check_new_interval output: generate_past_intervals interval(71587-71588 up [68,18](68) acting [18,68](18)): not rw, up_thru 71587 up_from 69663 last_epoch_clean 71434 generate_past_intervals interval(71587-71588 up [68,18](68) acting [18,68](18) maybe_went_rw) : primary up 69663-71587 includes interval --
2014-12-08 18:14:00.521500 7f2904b56700 20 osd.70 71591 _dispatch 0x12b76b40 pg_notify(19.6e epoch 71591) v5
2014-12-08 18:14:00.521506 7f28fc345700 10 osd.70 pg_epoch: 71582 pg[218.1c0( v 71581'3 (0'0,71581'3] local-les=71434 n=3 ec=71423 les/c 71434/71434 71582/71582/71425) [75,3] r=-1 lpr=71582 pi=71423-71581/5 crt=71580'1 lcod 0'0 inactive NOTIFY] up [75,70,3] -> [75,3], acting [75,70,3] -> [75,3], acting_primary 75 -> 75, up_primary 75 -> 75, role 1 -> -1
2014-12-08 18:14:00.521515 7f28fcb46700 15 osd.70 pg_epoch: 71587 pg[216.42( v 71097'231 (0'0,71097'231] local-les=71437 n=109 ec=70987 les/c 71437/71437 71587/71587/70989) [9,10] r=-1 lpr=71587 pi=70987-71586/25 crt=71097'229 lcod 0'0 inactive NOTIFY] publish_stats_to_osd -- not primary
2014-12-08 18:14:00.521518 7f28fc345700 10 osd.70 pg_epoch: 71582 pg[218.1c0( v 71581'3 (0'0,71581'3] local-les=71434 n=3 ec=71423 les/c 71434/71434 71582/71582/71425) [75,3] r=-1 lpr=71582 pi=71423-71581/5 crt=71580'1 lcod 0'0 inactive NOTIFY] on_change
