2014-12-08 18:13:53.031099 7f291ac78900 10 osd.70 71581 pgid 19.6e coll 19.6e_head
2014-12-08 18:13:53.031314 7f291ac78900 20 osd.70 0 get_map 71456 - loading and decoding 0x4457000
2014-12-08 18:13:53.043827 7f291ac78900 10 osd.70 0 add_map_bl 71456 60749 bytes
2014-12-08 18:13:53.044362 7f291ac78900 10 osd.70 71581 _open_lock_pg 19.6e
2014-12-08 18:13:53.044379 7f291ac78900 10 osd.70 71581 _get_pool 19
2014-12-08 18:13:53.044433 7f291ac78900 5 osd.70 pg_epoch: 71456 pg[19.6e(unlocked)] enter Initial
2014-12-08 18:13:53.044448 7f291ac78900 20 osd.70 pg_epoch: 71456 pg[19.6e(unlocked)] enter NotTrimming
2014-12-08 18:13:53.044689 7f291ac78900 10 read_log
2014-12-08 18:13:53.044851 7f291ac78900 20 read_log 50495'48906593 (50495'48906384) modify 54b74ee/rbd_data.12896844d9a421.000000000001a8b8/head//19 by client.1214845.0:4802589437
2014-11-24 12:54:18.683780
2014-12-08 18:13:53.044868 7f291ac78900 20 read_log 50495'48906594 (50495'48906593) modify 54b74ee/rbd_data.12896844d9a421.000000000001a8b8/head//19 by client.1214845.0:4802589438
2014-11-24 12:54:18.683883
2014-12-08 18:13:53.044911 7f291ac78900 20 read_log 50495'48906595 (50495'48906569) modify c83f0bee/rbd_data.12896844d9a421.00000000000194e4/head//19 by client.1214845.0:4802589490
2014-11-24 12:54:18.723121
2014-12-08 18:13:53.044927 7f291ac78900 20 read_log 50495'48906596 (50495'48906415) modify fee4cdee/rbd_data.12896844d9a421.0000000000019cd1/head//19 by client.1214845.0:4802590141
2014-11-24 12:54:19.047180
2014-12-08 18:13:53.044963 7f291ac78900 20 read_log 50495'48906597 (50495'48906596) modify fee4cdee/rbd_data.12896844d9a421.0000000000019cd1/head//19 by client.1214845.0:4802590142
2014-11-24 12:54:19.047259
2014-12-08 18:13:53.044972 7f291ac78900 20 read_log 50495'48906598 (50495'48906181) modify 87d6e76e/rbd_data.12896844d9a421.0000000000018afe/head//19 by client.1214845.0:4802590567
2014-11-24 12:54:19.250604
2014-12-08 18:13:53.044981 7f291ac78900 20 read_log 50495'48906599 (50495'48906598) modify 87d6e76e/rbd_data.12896844d9a421.0000000000018afe/head//19 by client.1214845.0:4802590568
2014-11-24 12:54:19.250677
2014-12-08 18:13:53.044990 7f291ac78900 20 read_log 50495'48906600 (50495'48906599) modify 87d6e76e/rbd_data.12896844d9a421.0000000000018afe/head//19 by client.1214845.0:4802590569
2014-11-24 12:54:19.250751
2014-12-08 18:13:53.044999 7f291ac78900 20 read_log 50495'48906601 (50495'48906166) modify 82dd80ee/rbd_data.12896844d9a421.000000000001a4df/head//19 by client.1214845.0:4802590592
2014-11-24 12:54:19.253041
2014-12-08 18:13:53.045008 7f291ac78900 20 read_log 50495'48906602 (50495'48906601) modify 82dd80ee/rbd_data.12896844d9a421.000000000001a4df/head//19 by client.1214845.0:4802590593
2014-11-24 12:54:19.253107
2014-12-08 18:13:53.045016 7f291ac78900 20 read_log 50495'48906603 (50495'48906469) modify 2dbd756e/rbd_data.12896844d9a421.000000000001cf6b/head//19 by client.1214845.0:4802590622
2014-11-24 12:54:19.272292
2014-12-08 18:13:53.045025 7f291ac78900 20 read_log 50495'48906604 (50495'48906498) modify 100c05ee/rbd_data.12896844d9a421.000000000001a8ca/head//19 by client.1214845.0:4802591042
2014-11-24 12:54:19.490890
2014-12-08 18:13:53.045034 7f291ac78900 20 read_log 50495'48906605 (50495'48906604) modify 100c05ee/rbd_data.12896844d9a421.000000000001a8ca/head//19 by client.1214845.0:4802591043
2014-11-24 12:54:19.490981
2014-12-08 18:13:53.045042 7f291ac78900 20 read_log 50495'48906606 (50495'48906459) modify 148e96e/rbd_data.12896844d9a421.00000000000184b4/head//19 by client.1214845.0:4802591172
2014-11-24 12:54:19.532481
2014-12-08 18:13:53.045067 7f291ac78900 20 read_log 50495'48906607 (50495'48906606) modify 148e96e/rbd_data.12896844d9a421.00000000000184b4/head//19 by client.1214845.0:4802591174
2014-11-24 12:54:19.532646
2014-12-08 18:13:53.045076 7f291ac78900 20 read_log 50495'48906608 (50495'48906607) modify 148e96e/rbd_data.12896844d9a421.00000000000184b4/head//19 by client.1214845.0:4802591175
2014-11-24 12:54:19.532790
2014-12-08 18:13:53.045085 7f291ac78900 20 read_log 50495'48906609 (50495'48906585) modify 9e148dee/rbd_data.12896844d9a421.000000000001a65e/head//19 by client.1214845.0:4802591487
2014-11-24 12:54:19.666505
2014-12-08 18:13:53.045093 7f291ac78900 20 read_log 50495'48906610 (50495'48906609) modify 9e148dee/rbd_data.12896844d9a421.000000000001a65e/head//19 by client.1214845.0:4802591488
2014-11-24 12:54:19.666578
2014-12-08 18:13:53.045102 7f291ac78900 20 read_log 50495'48906611 (50495'48906610) modify 9e148dee/rbd_data.12896844d9a421.000000000001a65e/head//19 by client.1214845.0:4802591489
2014-11-24 12:54:19.666778 --
2014-12-08 18:13:53.094748 7f291ac78900 10 osd.70 pg_epoch: 71456 pg[19.6e( v 51072'48910307 (50495'48906592,51072'48910307] local-les=51066 n=855 ec=21298 les/c 51101/50495 71456/71456/71432) [70,16,13] r=0 lpr=0 pi=50489-71455/146 crt=51071'48910301 lcod 0'0 mlcod 0'0 inactive] handle_loaded
2014-12-08 18:13:53.094766 7f291ac78900 5 osd.70 pg_epoch: 71456 pg[19.6e( v 51072'48910307 (50495'48906592,51072'48910307] local-les=51066 n=855 ec=21298 les/c 51101/50495 71456/71456/71432) [70,16,13] r=0 lpr=0 pi=50489-71455/146 crt=51071'48910301 lcod 0'0 mlcod 0'0 inactive] exit Initial 0.050334 0 0.000000
2014-12-08 18:13:53.094777 7f291ac78900 5 osd.70 pg_epoch: 71456 pg[19.6e( v 51072'48910307 (50495'48906592,51072'48910307] local-les=51066 n=855 ec=21298 les/c 51101/50495 71456/71456/71432) [70,16,13] r=0 lpr=0 pi=50489-71455/146 crt=51071'48910301 lcod 0'0 mlcod 0'0 inactive] enter Reset
2014-12-08 18:13:53.094783 7f291ac78900 20 osd.70 pg_epoch: 71456 pg[19.6e( v 51072'48910307 (50495'48906592,51072'48910307] local-les=51066 n=855 ec=21298 les/c 51101/50495 71456/71456/71432) [70,16,13] r=0 lpr=0 pi=50489-71455/146 crt=51071'48910301 lcod 0'0 mlcod 0'0 inactive] set_last_peering_reset 71456
2014-12-08 18:13:53.094790 7f291ac78900 10 osd.70 pg_epoch: 71456 pg[19.6e( v 51072'48910307 (50495'48906592,51072'48910307] local-les=51066 n=855 ec=21298 les/c 51101/50495 71456/71456/71432) [70,16,13] r=0 lpr=71456 pi=50489-71455/146 crt=51071'48910301 lcod 0'0 mlcod 0'0 inactive] Clearing blocked outgoing recovery messages
2014-12-08 18:13:53.094798 7f291ac78900 10 osd.70 pg_epoch: 71456 pg[19.6e( v 51072'48910307 (50495'48906592,51072'48910307] local-les=51066 n=855 ec=21298 les/c 51101/50495 71456/71456/71432) [70,16,13] r=0 lpr=71456 pi=50489-71455/146 crt=51071'48910301 lcod 0'0 mlcod 0'0 inactive] Not blocking outgoing recovery messages
2014-12-08 18:13:53.094804 7f291ac78900 10 osd.70 71581 load_pgs loaded pg[19.6e( v 51072'48910307 (50495'48906592,51072'48910307] local-les=51066 n=855 ec=21298 les/c 51101/50495 71456/71456/71432) [70,16,13] r=0 lpr=71456 pi=50489-71455/146 crt=51071'48910301 lcod 0'0 mlcod 0'0 inactive] log((50495'48906592,51072'48910307], crt=51071'48910301)
2014-12-08 18:13:53.094814 7f291ac78900 10 osd.70 71581 pgid 19.71 coll 19.71_head
2014-12-08 18:13:53.094925 7f291ac78900 10 osd.70 71581 _open_lock_pg 19.71
2014-12-08 18:13:53.094933 7f291ac78900 10 osd.70 71581 _get_pool 19
2014-12-08 18:13:53.094963 7f291ac78900 5 osd.70 pg_epoch: 71435 pg[19.71(unlocked)] enter Initial
2014-12-08 18:13:53.094974 7f291ac78900 20 osd.70 pg_epoch: 71435 pg[19.71(unlocked)] enter NotTrimming
2014-12-08 18:13:53.095048 7f291ac78900 10 read_log
2014-12-08 18:13:53.096421 7f291ac78900 20 read_log 70963'39951248 (70963'39951247) modify 56a8be71/rbd_data.6240a2667d211e.0000000000000175/head//19 by client.6526574.0:148554
2014-12-03 20:04:45.554380
2014-12-08 18:13:53.096438 7f291ac78900 20 read_log 70963'39951249 (70963'39951248) modify 56a8be71/rbd_data.6240a2667d211e.0000000000000175/head//19 by client.6526574.0:148559
2014-12-03 20:04:45.602376
2014-12-08 18:13:53.096455 7f291ac78900 20 read_log 70963'39951250 (70963'39951249) modify 56a8be71/rbd_data.6240a2667d211e.0000000000000175/head//19 by client.6526574.0:148564
2014-12-03 20:04:45.650812
2014-12-08 18:13:53.096467 7f291ac78900 20 read_log 70963'39951251 (70963'39951250) modify 56a8be71/rbd_data.6240a2667d211e.0000000000000175/head//19 by client.6526574.0:148569
2014-12-03 20:04:45.722570
2014-12-08 18:13:53.096483 7f291ac78900 20 read_log 70963'39951252 (70963'39951251) modify 56a8be71/rbd_data.6240a2667d211e.0000000000000175/head//19 by client.6526574.0:148574
2014-12-03 20:04:45.767044
2014-12-08 18:13:53.096499 7f291ac78900 20 read_log 70963'39951253 (70963'39951252) modify 56a8be71/rbd_data.6240a2667d211e.0000000000000175/head//19 by client.6526574.0:148579
2014-12-03 20:04:45.801471
2014-12-08 18:13:53.096526 7f291ac78900 20 read_log 70963'39951254 (70963'39951253) modify 56a8be71/rbd_data.6240a2667d211e.0000000000000175/head//19 by client.6526574.0:148584
2014-12-03 20:04:45.836752
2014-12-08 18:13:53.096543 7f291ac78900 20 read_log 70963'39951255 (70963'39951254) modify 56a8be71/rbd_data.6240a2667d211e.0000000000000175/head//19 by client.6526574.0:148589
2014-12-03 20:04:45.881899
2014-12-08 18:13:53.096573 7f291ac78900 20 read_log 70963'39951256 (70963'39951255) modify 56a8be71/rbd_data.6240a2667d211e.0000000000000175/head//19 by client.6526574.0:148594
2014-12-03 20:04:45.922103
2014-12-08 18:13:53.096589 7f291ac78900 20 read_log 70963'39951257 (70963'39951256) modify 56a8be71/rbd_data.6240a2667d211e.0000000000000175/head//19 by client.6526574.0:148599
2014-12-03 20:04:45.966544
2014-12-08 18:13:53.096604 7f291ac78900 20 read_log 70963'39951258 (70963'39951257) modify 56a8be71/rbd_data.6240a2667d211e.0000000000000175/head//19 by client.6526574.0:148604
2014-12-03 20:04:46.016796
2014-12-08 18:13:53.096619 7f291ac78900 20 read_log 70963'39951259 (70963'39951258) modify 56a8be71/rbd_data.6240a2667d211e.0000000000000175/head//19 by client.6526574.0:148609
2014-12-03 20:04:46.069626
2014-12-08 18:13:53.096634 7f291ac78900 20 read_log 70963'39951260 (70963'39951259) modify 56a8be71/rbd_data.6240a2667d211e.0000000000000175/head//19 by client.6526574.0:148614
2014-12-03 20:04:46.118789
2014-12-08 18:13:53.096648 7f291ac78900 20 read_log 70963'39951261 (70963'39951260) modify 56a8be71/rbd_data.6240a2667d211e.0000000000000175/head//19 by client.6526574.0:148619
2014-12-03 20:04:46.164894 --
2014-12-08 18:13:56.679015 7f291ac78900 10 osd.70 pg_epoch: 71456 pg[19.6e(unlocked)] _calc_past_interval_range: already have past intervals back to 50495
2014-12-08 18:13:56.679020 7f291ac78900 10 osd.70 pg_epoch: 71439 pg[19.6d(unlocked)] _calc_past_interval_range: already have past intervals back to 71439
2014-12-08 18:13:56.679024 7f291ac78900 10 osd.70 pg_epoch: 71581 pg[218.6c7(unlocked)] _calc_past_interval_range start epoch 71433 >= end epoch 71432, nothing to do
2014-12-08 18:13:56.679027 7f291ac78900 10 osd.70 pg_epoch: 71581 pg[218.6c4(unlocked)] _calc_past_interval_range start epoch 71437 >= end epoch 71432, nothing to do
2014-12-08 18:13:56.679030 7f291ac78900 10 osd.70 pg_epoch: 71581 pg[218.562(unlocked)] _calc_past_interval_range: already have past intervals back to 71437
2014-12-08 18:13:56.679034 7f291ac78900 10 osd.70 pg_epoch: 71435 pg[218.5e(unlocked)] _calc_past_interval_range: already have past intervals back to 71435
2014-12-08 18:13:56.679037 7f291ac78900 10 osd.70 pg_epoch: 71580 pg[218.5f(unlocked)] _calc_past_interval_range start epoch 71437 >= end epoch 71432, nothing to do
2014-12-08 18:13:56.679041 7f291ac78900 10 osd.70 pg_epoch: 71435 pg[217.235(unlocked)] _calc_past_interval_range: already have past intervals back to 71435
2014-12-08 18:13:56.679045 7f291ac78900 10 osd.70 pg_epoch: 71437 pg[218.38e(unlocked)] _calc_past_interval_range start epoch 71437 >= end epoch 71432, nothing to do
2014-12-08 18:13:56.679048 7f291ac78900 10 osd.70 pg_epoch: 71457 pg[218.38f(unlocked)] _calc_past_interval_range start epoch 71457 >= end epoch 71456, nothing to do
2014-12-08 18:13:56.679051 7f291ac78900 10 osd.70 pg_epoch: 71448 pg[218.38c(unlocked)] _calc_past_interval_range: already have past intervals back to 71448
2014-12-08 18:13:56.679055 7f291ac78900 10 osd.70 pg_epoch: 71435 pg[217.51(unlocked)] _calc_past_interval_range: already have past intervals back to 71435
2014-12-08 18:13:56.679071 7f291ac78900 10 osd.70 pg_epoch: 71453 pg[216.380(unlocked)] _calc_past_interval_range: already have past intervals back to 71453
2014-12-08 18:13:56.679074 7f291ac78900 10 osd.70 pg_epoch: 71581 pg[218.51(unlocked)] _calc_past_interval_range start epoch 71434 >= end epoch 71432, nothing to do
2014-12-08 18:13:56.679078 7f291ac78900 10 osd.70 pg_epoch: 71450 pg[218.380(unlocked)] _calc_past_interval_range: already have past intervals back to 71450
2014-12-08 18:13:56.679082 7f291ac78900 10 osd.70 pg_epoch: 71581 pg[218.518(unlocked)] _calc_past_interval_range: already have past intervals back to 71433
2014-12-08 18:13:56.679087 7f291ac78900 10 osd.70 pg_epoch: 71437 pg[217.22d(unlocked)] _calc_past_interval_range: already have past intervals back to 71437
2014-12-08 18:13:56.679097 7f291ac78900 10 osd.70 pg_epoch: 71435 pg[216.384(unlocked)] _calc_past_interval_range: already have past intervals back to 71435
2014-12-08 18:13:56.679102 7f291ac78900 10 osd.70 pg_epoch: 71450 pg[216.22f(unlocked)] _calc_past_interval_range start epoch 71450 >= end epoch 71444, nothing to do
2014-12-08 18:13:56.679111 7f291ac78900 10 osd.70 pg_epoch: 71581 pg[218.4b(unlocked)] _calc_past_interval_range: already have past intervals back to 71453
2014-12-08 18:13:56.679115 7f291ac78900 10 osd.70 pg_epoch: 71434 pg[217.220(unlocked)] _calc_past_interval_range: already have past intervals back to 71434 --
2014-12-08 18:13:56.700970 7f291ac78900 10 osd.70 pg_epoch: 71456 pg[19.6e( v 51072'48910307 (50495'48906592,51072'48910307] local-les=51066 n=855 ec=21298 les/c 51101/50495 71456/71456/71432) [70,16,13] r=0 lpr=71456 pi=50489-71455/146 crt=51071'48910301 lcod 0'0 mlcod 0'0 inactive] null
2014-12-08 18:13:56.700984 7f291ac78900 10 osd.70 pg_epoch: 71439 pg[19.6d( v 71397'33614009 (70963'33611008,71397'33614009] local-les=71439 n=896 ec=21298 les/c 71439/71439 71432/71438/71169) [4,70,69] r=1 lpr=71439 pi=71156-71437/22 crt=71397'33614007 lcod 0'0 inactive NOTIFY] null
2014-12-08 18:13:56.700998 7f291ac78900 10 osd.70 pg_epoch: 71581 pg[218.6c7( v 71581'2 (0'0,71581'2] local-les=71433 n=2 ec=71423 les/c 71433/71433 71432/71432/71432) [70,10,18] r=0 lpr=71581 crt=0'0 lcod 0'0 mlcod 0'0 inactive] null
2014-12-08 18:13:56.701010 7f291ac78900 10 osd.70 pg_epoch: 71581 pg[218.6c4( v 71581'3 (0'0,71581'3] local-les=71437 n=3 ec=71423 les/c 71437/71437 71432/71432/71432) [70,76,13] r=0 lpr=71581 crt=71580'1 lcod 0'0 mlcod 0'0 inactive] null
2014-12-08 18:13:56.701019 7f291ac78900 10 osd.70 pg_epoch: 71581 pg[218.562( v 71581'3 (0'0,71581'3] local-les=71437 n=3 ec=71423 les/c 71437/71437 71432/71432/71425) [9,18,70] r=2 lpr=71581 pi=71423-71431/4 crt=71580'1 lcod 0'0 inactive NOTIFY] null
2014-12-08 18:13:56.701030 7f291ac78900 10 osd.70 pg_epoch: 71435 pg[218.5e( empty local-les=71435 n=0 ec=71423 les/c 71435/71435 71432/71432/71425) [16,22,70] r=2 lpr=71435 pi=71423-71431/4 crt=0'0 inactive NOTIFY] null
2014-12-08 18:13:56.701260 7f291ac78900 10 osd.70 pg_epoch: 71580 pg[218.5f( v 71580'2 (0'0,71580'2] local-les=71437 n=2 ec=71423 les/c 71437/71437 71432/71432/71432) [70,15,24] r=0 lpr=71580 crt=0'0 lcod 0'0 mlcod 0'0 inactive] null
2014-12-08 18:13:56.701271 7f291ac78900 10 osd.70 pg_epoch: 71435 pg[217.235( v 71377'4108 (71377'1107,71377'4108] local-les=71435 n=11 ec=71094 les/c 71435/71435 71432/71434/71434) [78,25,70] r=2 lpr=71435 pi=71094-71433/26 crt=71377'4105 lcod 0'0 inactive NOTIFY] null
2014-12-08 18:13:56.701285 7f291ac78900 10 osd.70 pg_epoch: 71437 pg[218.38e( empty local-les=71437 n=0 ec=71423 les/c 71437/71437 71432/71432/71432) [70,13,3] r=0 lpr=71437 crt=0'0 mlcod 0'0 inactive] null
2014-12-08 18:13:56.701428 7f28fcb46700 10 osd.70 pg_epoch: 71486 pg[216.249( v 71097'244 (0'0,71097'244] local-les=71457 n=119 ec=70987 les/c 71457/71486 71456/71456/71432) [70,68,5] r=0 lpr=71486 crt=71097'244 lcod 0'0 mlcod 0'0 inactive] handle_advance_map [70,68,5]/[70,68,5] -- 70/70
2014-12-08 18:13:56.701452 7f28fcb46700 20 PGPool::update cached_removed_snaps [] newly_removed_snaps [] snapc 0=[] (no change)
2014-12-08 18:13:56.701440 7f28fc345700 10 osd.70 pg_epoch: 71435 pg[216.257( v 71097'238 (0'0,71097'238] local-les=71434 n=110 ec=70987 les/c 71434/71434 71432/71432/71168) [8,70,16] r=1 lpr=71434 pi=70987-71431/25 crt=71097'236 lcod 0'0 inactive NOTIFY] handle_advance_map [8,70,16]/[8,70,16] -- 8/8
2014-12-08 18:13:56.701464 7f28fc345700 20 PGPool::update cached_removed_snaps [] newly_removed_snaps [] snapc 0=[] (no change)
2014-12-08 18:13:56.701463 7f28fcb46700 10 osd.70 pg_epoch: 71487 pg[216.249( v 71097'244 (0'0,71097'244] local-les=71457 n=119 ec=70987 les/c 71457/71486 71456/71456/71432) [70,68,5] r=0 lpr=71486 crt=71097'244 lcod 0'0 mlcod 0'0 inactive] state: Reset advmap
2014-12-08 18:13:56.701474 7f28fcb46700 10 osd.70 pg_epoch: 71487 pg[216.249( v 71097'244 (0'0,71097'244] local-les=71457 n=119 ec=70987 les/c 71457/71486 71456/71456/71432) [70,68,5] r=0 lpr=71486 crt=71097'244 lcod 0'0 mlcod 0'0 inactive] _calc_past_interval_range start epoch 71486 >= end epoch 71456, nothing to do
2014-12-08 18:13:56.701469 7f28fc345700 10 osd.70 pg_epoch: 71436 pg[216.257( v 71097'238 (0'0,71097'238] local-les=71434 n=110 ec=70987 les/c 71434/71434 71432/71432/71168) [8,70,16] r=1 lpr=71434 pi=70987-71431/25 crt=71097'236 lcod 0'0 inactive NOTIFY] state: Reset advmap
2014-12-08 18:13:56.701489 7f28fcb46700 10 osd.70 pg_epoch: 71487 pg[216.249( v 71097'244 (0'0,71097'244] local-les=71457 n=119 ec=70987 les/c 71457/71486 71456/71456/71432) [70,68,5] r=0 lpr=71486 crt=71097'244 lcod 0'0 mlcod 0'0 inactive] check_recovery_sources no source osds () went down
2014-12-08 18:13:56.701493 7f28fc345700 10 osd.70 pg_epoch: 71436 pg[216.257( v 71097'238 (0'0,71097'238] local-les=71434 n=110 ec=70987 les/c 71434/71434 71432/71432/71168) [8,70,16] r=1 lpr=71434 pi=70987-71431/25 crt=71097'236 lcod 0'0 inactive NOTIFY] _calc_past_interval_range: already have past intervals back to 71434
2014-12-08 18:13:56.701507 7f28fcb46700 20 osd.70 71581 get_map 71488 - loading and decoding 0x5535e00
2014-12-08 18:13:56.701295 7f291ac78900 10 osd.70 pg_epoch: 71457 pg[218.38f( empty local-les=71457 n=0 ec=71423 les/c 71457/71457 71456/71456/71432) [70,23,25] r=0 lpr=71457 crt=0'0 mlcod 0'0 inactive] null
2014-12-08 18:13:56.701508 7f28fc345700 10 osd.70 pg_epoch: 71436 pg[216.257( v 71097'238 (0'0,71097'238] local-les=71434 n=110 ec=70987 les/c 71434/71434 71432/71432/71168) [8,70,16] r=1 lpr=71434 pi=70987-71431/25 crt=71097'236 lcod 0'0 inactive NOTIFY] check_recovery_sources no source osds () went down --
2014-12-08 18:13:57.761701 7f28fcb46700 10 osd.70 pg_epoch: 71456 pg[19.6e( v 51072'48910307 (50495'48906592,51072'48910307] local-les=51066 n=855 ec=21298 les/c 51101/50495 71456/71456/71432) [70,16,13] r=0 lpr=71456 pi=50489-71455/146 crt=51071'48910301 lcod 0'0 mlcod 0'0 inactive] handle_advance_map [70,16,13]/[70,16,13] -- 70/70
2014-12-08 18:13:57.761708 7f28fc345700 10 osd.70 pg_epoch: 71581 pg[216.384( v 70990'209 (0'0,70990'209] local-les=71435 n=101 ec=70987 les/c 71435/71435 71432/71432/71432) [77,22,70] r=2 lpr=71435 pi=70987-71431/22 crt=70990'207 lcod 0'0 inactive NOTIFY] state: Reset advmap
2014-12-08 18:13:57.761718 7f28fcb46700 20 PGPool::update cached_removed_snaps [1~1] newly_removed_snaps [] snapc 2=[] (no change)
2014-12-08 18:13:57.761717 7f28fc345700 10 osd.70 pg_epoch: 71581 pg[216.384( v 70990'209 (0'0,70990'209] local-les=71435 n=101 ec=70987 les/c 71435/71435 71432/71432/71432) [77,22,70] r=2 lpr=71435 pi=70987-71431/22 crt=70990'207 lcod 0'0 inactive NOTIFY] _calc_past_interval_range: already have past intervals back to 71435
2014-12-08 18:13:57.761725 7f28fcb46700 10 osd.70 pg_epoch: 71457 pg[19.6e( v 51072'48910307 (50495'48906592,51072'48910307] local-les=51066 n=855 ec=21298 les/c 51101/50495 71456/71456/71432) [70,16,13] r=0 lpr=71456 pi=50489-71455/146 crt=51071'48910301 lcod 0'0 mlcod 0'0 inactive] state: Reset advmap
2014-12-08 18:13:57.761733 7f28fcb46700 10 osd.70 pg_epoch: 71457 pg[19.6e( v 51072'48910307 (50495'48906592,51072'48910307] local-les=51066 n=855 ec=21298 les/c 51101/50495 71456/71456/71432) [70,16,13] r=0 lpr=71456 pi=50489-71455/146 crt=51071'48910301 lcod 0'0 mlcod 0'0 inactive] _calc_past_interval_range: already have past intervals back to 50495
2014-12-08 18:13:57.761729 7f28fc345700 10 osd.70 pg_epoch: 71581 pg[216.384( v 70990'209 (0'0,70990'209] local-les=71435 n=101 ec=70987 les/c 71435/71435 71432/71432/71432) [77,22,70] r=2 lpr=71435 pi=70987-71431/22 crt=70990'207 lcod 0'0 inactive NOTIFY] check_recovery_sources no source osds () went down
2014-12-08 18:13:57.761745 7f28fcb46700 10 osd.70 pg_epoch: 71457 pg[19.6e( v 51072'48910307 (50495'48906592,51072'48910307] local-les=51066 n=855 ec=21298 les/c 51101/50495 71456/71456/71432) [70,16,13] r=0 lpr=71456 pi=50489-71455/146 crt=51071'48910301 lcod 0'0 mlcod 0'0 inactive] check_recovery_sources no source osds () went down
2014-12-08 18:13:57.761760 7f28fcb46700 10 osd.70 pg_epoch: 71457 pg[19.6e( v 51072'48910307 (50495'48906592,51072'48910307] local-les=51066 n=855 ec=21298 les/c 51101/50495 71456/71456/71432) [70,16,13] r=0 lpr=71456 pi=50489-71455/146 crt=51071'48910301 lcod 0'0 mlcod 0'0 inactive] handle_advance_map [70,16,13]/[70,16,13] -- 70/70
2014-12-08 18:13:57.761769 7f28fcb46700 20 PGPool::update cached_removed_snaps [1~1] newly_removed_snaps [] snapc 2=[] (no change)
2014-12-08 18:13:57.761761 7f28fc345700 10 osd.70 pg_epoch: 71581 pg[216.384( v 70990'209 (0'0,70990'209] local-les=71435 n=101 ec=70987 les/c 71435/71435 71432/71432/71432) [77,22,70] r=2 lpr=71435 pi=70987-71431/22 crt=70990'207 lcod 0'0 inactive NOTIFY] handle_activate_map
2014-12-08 18:13:57.761771 7f28fcb46700 10 osd.70 pg_epoch: 71458 pg[19.6e( v 51072'48910307 (50495'48906592,51072'48910307] local-les=51066 n=855 ec=21298 les/c 51101/50495 71456/71456/71432) [70,16,13] r=0 lpr=71456 pi=50489-71455/146 crt=51071'48910301 lcod 0'0 mlcod 0'0 inactive] state: Reset advmap
2014-12-08 18:13:57.761779 7f28fcb46700 10 osd.70 pg_epoch: 71458 pg[19.6e( v 51072'48910307 (50495'48906592,51072'48910307] local-les=51066 n=855 ec=21298 les/c 51101/50495 71456/71456/71432) [70,16,13] r=0 lpr=71456 pi=50489-71455/146 crt=51071'48910301 lcod 0'0 mlcod 0'0 inactive] _calc_past_interval_range: already have past intervals back to 50495
2014-12-08 18:13:57.761786 7f28fcb46700 10 osd.70 pg_epoch: 71458 pg[19.6e( v 51072'48910307 (50495'48906592,51072'48910307] local-les=51066 n=855 ec=21298 les/c 51101/50495 71456/71456/71432) [70,16,13] r=0 lpr=71456 pi=50489-71455/146 crt=51071'48910301 lcod 0'0 mlcod 0'0 inactive] check_recovery_sources no source osds () went down
2014-12-08 18:13:57.761799 7f28fcb46700 10 osd.70 pg_epoch: 71458 pg[19.6e( v 51072'48910307 (50495'48906592,51072'48910307] local-les=51066 n=855 ec=21298 les/c 51101/50495 71456/71456/71432) [70,16,13] r=0 lpr=71456 pi=50489-71455/146 crt=51071'48910301 lcod 0'0 mlcod 0'0 inactive] handle_advance_map [70,16,13]/[70,16,13] -- 70/70
2014-12-08 18:13:57.761808 7f28fcb46700 20 PGPool::update cached_removed_snaps [1~1] newly_removed_snaps [] snapc 2=[] (no change)
2014-12-08 18:13:57.761810 7f28fcb46700 10 osd.70 pg_epoch: 71459 pg[19.6e( v 51072'48910307 (50495'48906592,51072'48910307] local-les=51066 n=855 ec=21298 les/c 51101/50495 71456/71456/71432) [70,16,13] r=0 lpr=71456 pi=50489-71455/146 crt=51071'48910301 lcod 0'0 mlcod 0'0 inactive] state: Reset advmap
2014-12-08 18:13:57.761816 7f28fcb46700 10 osd.70 pg_epoch: 71459 pg[19.6e( v 51072'48910307 (50495'48906592,51072'48910307] local-les=51066 n=855 ec=21298 les/c 51101/50495 71456/71456/71432) [70,16,13] r=0 lpr=71456 pi=50489-71455/146 crt=51071'48910301 lcod 0'0 mlcod 0'0 inactive] _calc_past_interval_range: already have past intervals back to 50495
2014-12-08 18:13:57.761813 7f28fc345700 10 osd.70 pg_epoch: 71581 pg[216.384( v 70990'209 (0'0,70990'209] local-les=71435 n=101 ec=70987 les/c 71435/71435 71432/71432/71432) [77,22,70] r=2 lpr=71435 pi=70987-71431/22 crt=70990'207 lcod 0'0 inactive NOTIFY] update_heartbeat_peers unchanged
2014-12-08 18:13:57.761824 7f28fc345700 10 osd.70 pg_epoch: 71581 pg[216.384( v 70990'209 (0'0,70990'209] local-les=71435 n=101 ec=70987 les/c 71435/71435 71432/71432/71432) [77,22,70] r=2 lpr=71435 pi=70987-71431/22 crt=70990'207 lcod 0'0 inactive NOTIFY] take_waiters
2014-12-08 18:13:57.761823 7f28fcb46700 10 osd.70 pg_epoch: 71459 pg[19.6e( v 51072'48910307 (50495'48906592,51072'48910307] local-les=51066 n=855 ec=21298 les/c 51101/50495 71456/71456/71432) [70,16,13] r=0 lpr=71456 pi=50489-71455/146 crt=51071'48910301 lcod 0'0 mlcod 0'0 inactive] check_recovery_sources no source osds () went down
2014-12-08 18:13:57.761832 7f28fc345700 5 osd.70 pg_epoch: 71581 pg[216.384( v 70990'209 (0'0,70990'209] local-les=71435 n=101 ec=70987 les/c 71435/71435 71432/71432/71432) [77,22,70] r=2 lpr=71435 pi=70987-71431/22 crt=70990'207 lcod 0'0 inactive NOTIFY] exit Reset 3.896814 147 0.007942
2014-12-08 18:13:57.761837 7f28fcb46700 10 osd.70 pg_epoch: 71459 pg[19.6e( v 51072'48910307 (50495'48906592,51072'48910307] local-les=51066 n=855 ec=21298 les/c 51101/50495 71456/71456/71432) [70,16,13] r=0 lpr=71456 pi=50489-71455/146 crt=51071'48910301 lcod 0'0 mlcod 0'0 inactive] handle_advance_map [70,16,13]/[70,16,13] -- 70/70
2014-12-08 18:13:57.761846 7f28fcb46700 20 PGPool::update cached_removed_snaps [1~1] newly_removed_snaps [] snapc 2=[] (no change)
2014-12-08 18:13:57.761841 7f28fc345700 5 osd.70 pg_epoch: 71581 pg[216.384( v 70990'209 (0'0,70990'209] local-les=71435 n=101 ec=70987 les/c 71435/71435 71432/71432/71432) [77,22,70] r=2 lpr=71435 pi=70987-71431/22 crt=70990'207 lcod 0'0 inactive NOTIFY] enter Started
2014-12-08 18:13:57.761849 7f28fc345700 5 osd.70 pg_epoch: 71581 pg[216.384( v 70990'209 (0'0,70990'209] local-les=71435 n=101 ec=70987 les/c 71435/71435 71432/71432/71432) [77,22,70] r=2 lpr=71435 pi=70987-71431/22 crt=70990'207 lcod 0'0 inactive NOTIFY] enter Start
2014-12-08 18:13:57.761848 7f28fcb46700 10 osd.70 pg_epoch: 71460 pg[19.6e( v 51072'48910307 (50495'48906592,51072'48910307] local-les=51066 n=855 ec=21298 les/c 51101/50495 71456/71456/71432) [70,16,13] r=0 lpr=71456 pi=50489-71455/146 crt=51071'48910301 lcod 0'0 mlcod 0'0 inactive] state: Reset advmap
2014-12-08 18:13:57.761859 7f28fcb46700 10 osd.70 pg_epoch: 71460 pg[19.6e( v 51072'48910307 (50495'48906592,51072'48910307] local-les=51066 n=855 ec=21298 les/c 51101/50495 71456/71456/71432) [70,16,13] r=0 lpr=71456 pi=50489-71455/146 crt=51071'48910301 lcod 0'0 mlcod 0'0 inactive] _calc_past_interval_range: already have past intervals back to 50495
2014-12-08 18:13:57.761858 7f28fc345700 1 osd.70 pg_epoch: 71581 pg[216.384( v 70990'209 (0'0,70990'209] local-les=71435 n=101 ec=70987 les/c 71435/71435 71432/71432/71432) [77,22,70] r=2 lpr=71435 pi=70987-71431/22 crt=70990'207 lcod 0'0 inactive NOTIFY] state: transitioning to Stray
2014-12-08 18:13:57.761868 7f28fcb46700 10 osd.70 pg_epoch: 71460 pg[19.6e( v 51072'48910307 (50495'48906592,51072'48910307] local-les=51066 n=855 ec=21298 les/c 51101/50495 71456/71456/71432) [70,16,13] r=0 lpr=71456 pi=50489-71455/146 crt=51071'48910301 lcod 0'0 mlcod 0'0 inactive] check_recovery_sources no source osds () went down
2014-12-08 18:13:57.761871 7f28fc345700 5 osd.70 pg_epoch: 71581 pg[216.384( v 70990'209 (0'0,70990'209] local-les=71435 n=101 ec=70987 les/c 71435/71435 71432/71432/71432) [77,22,70] r=2 lpr=71435 pi=70987-71431/22 crt=70990'207 lcod 0'0 inactive NOTIFY] exit Start 0.000023 0 0.000000
2014-12-08 18:13:57.761880 7f28fc345700 5 osd.70 pg_epoch: 71581 pg[216.384( v 70990'209 (0'0,70990'209] local-les=71435 n=101 ec=70987 les/c 71435/71435 71432/71432/71432) [77,22,70] r=2 lpr=71435 pi=70987-71431/22 crt=70990'207 lcod 0'0 inactive NOTIFY] enter Started/Stray
2014-12-08 18:13:57.761881 7f28fcb46700 10 osd.70 pg_epoch: 71460 pg[19.6e( v 51072'48910307 (50495'48906592,51072'48910307] local-les=51066 n=855 ec=21298 les/c 51101/50495 71456/71456/71432) [70,16,13] r=0 lpr=71456 pi=50489-71455/146 crt=51071'48910301 lcod 0'0 mlcod 0'0 inactive] handle_advance_map [70,16,13]/[70,16,13] -- 70/70
2014-12-08 18:13:57.761890 7f28fcb46700 20 PGPool::update cached_removed_snaps [1~1] newly_removed_snaps [] snapc 2=[] (no change)
2014-12-08 18:13:57.761890 7f28fc345700 20 osd.70 pg_epoch: 71581 pg[216.384( v 70990'209 (0'0,70990'209] local-les=71435 n=101 ec=70987 les/c 71435/71435 71432/71432/71432) [77,22,70] r=2 lpr=71435 pi=70987-71431/22 crt=70990'207 lcod 0'0 inactive NOTIFY] handle_activate_map: Not dirtying info: last_persisted is 71435 while current is 71581
2014-12-08 18:13:57.765738 7f28fcb46700 10 osd.70 pg_epoch: 71461 pg[19.6e( v 51072'48910307 (50495'48906592,51072'48910307] local-les=51066 n=855 ec=21298 les/c 51101/50495 71456/71456/71432) [70,16,13] r=0 lpr=71456 pi=50489-71455/146 crt=51071'48910301 lcod 0'0 mlcod 0'0 inactive] state: Reset advmap
2014-12-08 18:13:57.765742 7f28fc345700 10 osd.70 pg_epoch: 71581 pg[216.384( v 70990'209 (0'0,70990'209] local-les=71435 n=101 ec=70987 les/c 71435/71435 71432/71432/71432) [77,22,70] r=2 lpr=71435 pi=70987-71431/22 crt=70990'207 lcod 0'0 inactive NOTIFY] handle_peering_event: epoch_sent: 71581 epoch_requested: 71581 NullEvt
2014-12-08 18:13:57.762133 7f290a83a700 10 osd.70 pg_epoch: 71581 pg[216.392( v 71093'208 (0'0,71093'208] local-les=71438 n=104 ec=70987 les/c 71438/71438 71432/71432/70989) [69,7,70] r=2 lpr=71438 pi=71183-71431/13 crt=71093'208 lcod 0'0 inactive NOTIFY] flushed
2014-12-08 18:13:57.765751 7f28fcb46700 10 osd.70 pg_epoch: 71461 pg[19.6e( v 51072'48910307 (50495'48906592,51072'48910307] local-les=51066 n=855 ec=21298 les/c 51101/50495 71456/71456/71432) [70,16,13] r=0 lpr=71456 pi=50489-71455/146 crt=51071'48910301 lcod 0'0 mlcod 0'0 inactive] _calc_past_interval_range: already have past intervals back to 50495
2014-12-08 18:13:57.765756 7f28fc345700 10 write_log with: dirty_to: 0'0, dirty_from: 4294967295'18446744073709551615, dirty_divergent_priors: 0, writeout_from: 4294967295'18446744073709551615, trimmed:
2014-12-08 18:13:57.765760 7f28fcb46700 10 osd.70 pg_epoch: 71461 pg[19.6e( v 51072'48910307 (50495'48906592,51072'48910307] local-les=51066 n=855 ec=21298 les/c 51101/50495 71456/71456/71432) [70,16,13] r=0 lpr=71456 pi=50489-71455/146 crt=51071'48910301 lcod 0'0 mlcod 0'0 inactive] check_recovery_sources no source osds () went down
2014-12-08 18:13:57.765776 7f28fcb46700 10 osd.70 pg_epoch: 71461 pg[19.6e( v 51072'48910307 (50495'48906592,51072'48910307] local-les=51066 n=855 ec=21298 les/c 51101/50495 71456/71456/71432) [70,16,13] r=0 lpr=71456 pi=50489-71455/146 crt=51071'48910301 lcod 0'0 mlcod 0'0 inactive] handle_advance_map [70,16,13]/[70,16,13] -- 70/70
2014-12-08 18:13:57.765785 7f28fcb46700 20 PGPool::update cached_removed_snaps [1~1] newly_removed_snaps [] snapc 2=[] (no change)
2014-12-08 18:13:57.765788 7f28fcb46700 10 osd.70 pg_epoch: 71462 pg[19.6e( v 51072'48910307 (50495'48906592,51072'48910307] local-les=51066 n=855 ec=21298 les/c 51101/50495 71456/71456/71432) [70,16,13] r=0 lpr=71456 pi=50489-71455/146 crt=51071'48910301 lcod 0'0 mlcod 0'0 inactive] state: Reset advmap
2014-12-08 18:13:57.765795 7f28fcb46700 10 osd.70 pg_epoch: 71462 pg[19.6e( v 51072'48910307 (50495'48906592,51072'48910307] local-les=51066 n=855 ec=21298 les/c 51101/50495 71456/71456/71432) [70,16,13] r=0 lpr=71456 pi=50489-71455/146 crt=51071'48910301 lcod 0'0 mlcod 0'0 inactive] _calc_past_interval_range: already have past intervals back to 50495
2014-12-08 18:13:57.765802 7f28fcb46700 10 osd.70 pg_epoch: 71462 pg[19.6e( v 51072'48910307 (50495'48906592,51072'48910307] local-les=51066 n=855 ec=21298 les/c 51101/50495 71456/71456/71432) [70,16,13] r=0 lpr=71456 pi=50489-71455/146 crt=51071'48910301 lcod 0'0 mlcod 0'0 inactive] check_recovery_sources no source osds () went down
2014-12-08 18:13:57.765802 7f28fc345700 10 osd.70 pg_epoch: 71450 pg[216.22f( v 71097'207 (0'0,71097'207] local-les=71450 n=99 ec=70987 les/c 71450/71450 71444/71444/71432) [70,6,21] r=0 lpr=71450 crt=71097'205 lcod 0'0 mlcod 0'0 inactive] handle_advance_map [70,6,21]/[70,6,21] -- 70/70
2014-12-08 18:13:57.765815 7f28fcb46700 10 osd.70 pg_epoch: 71462 pg[19.6e( v 51072'48910307 (50495'48906592,51072'48910307] local-les=51066 n=855 ec=21298 les/c 51101/50495 71456/71456/71432) [70,16,13] r=0 lpr=71456 pi=50489-71455/146 crt=51071'48910301 lcod 0'0 mlcod 0'0 inactive] handle_advance_map [70,16,13]/[70,16,13] -- 70/70
2014-12-08 18:13:57.765824 7f28fcb46700 20 PGPool::update cached_removed_snaps [1~1] newly_removed_snaps [] snapc 2=[] (no change)
2014-12-08 18:13:57.765824 7f28fc345700 20 PGPool::update cached_removed_snaps [] newly_removed_snaps [] snapc 0=[] (no change)
2014-12-08 18:13:57.765826 7f28fcb46700 10 osd.70 pg_epoch: 71463 pg[19.6e( v 51072'48910307 (50495'48906592,51072'48910307] local-les=51066 n=855 ec=21298 les/c 51101/50495 71456/71456/71432) [70,16,13] r=0 lpr=71456 pi=50489-71455/146 crt=51071'48910301 lcod 0'0 mlcod 0'0 inactive] state: Reset advmap
2014-12-08 18:13:57.765834 7f28fcb46700 10 osd.70 pg_epoch: 71463 pg[19.6e( v 51072'48910307 (50495'48906592,51072'48910307] local-les=51066 n=855 ec=21298 les/c 51101/50495 71456/71456/71432) [70,16,13] r=0 lpr=71456 pi=50489-71455/146 crt=51071'48910301 lcod 0'0 mlcod 0'0 inactive] _calc_past_interval_range: already have past intervals back to 50495
2014-12-08 18:13:57.765829 7f28fc345700 10 osd.70 pg_epoch: 71451 pg[216.22f( v 71097'207 (0'0,71097'207] local-les=71450 n=99 ec=70987 les/c 71450/71450 71444/71444/71432) [70,6,21] r=0 lpr=71450 crt=71097'205 lcod 0'0 mlcod 0'0 inactive] state: Reset advmap
2014-12-08 18:13:57.765841 7f28fcb46700 10 osd.70 pg_epoch: 71463 pg[19.6e( v 51072'48910307 (50495'48906592,51072'48910307] local-les=51066 n=855 ec=21298 les/c 51101/50495 71456/71456/71432) [70,16,13] r=0 lpr=71456 pi=50489-71455/146 crt=51071'48910301 lcod 0'0 mlcod 0'0 inactive] check_recovery_sources no source osds () went down
2014-12-08 18:13:57.765846 7f28fc345700 10 osd.70 pg_epoch: 71451 pg[216.22f( v 71097'207 (0'0,71097'207] local-les=71450 n=99 ec=70987 les/c 71450/71450 71444/71444/71432) [70,6,21] r=0 lpr=71450 crt=71097'205 lcod 0'0 mlcod 0'0 inactive] _calc_past_interval_range start epoch 71450 >= end epoch 71444, nothing to do
2014-12-08 18:13:57.765854 7f28fcb46700 10 osd.70 pg_epoch: 71463 pg[19.6e( v 51072'48910307 (50495'48906592,51072'48910307] local-les=51066 n=855 ec=21298 les/c 51101/50495 71456/71456/71432) [70,16,13] r=0 lpr=71456 pi=50489-71455/146 crt=51071'48910301 lcod 0'0 mlcod 0'0 inactive] handle_advance_map [70,16,13]/[70,16,13] -- 70/70
2014-12-08 18:13:57.765862 7f28fcb46700 20 PGPool::update cached_removed_snaps [1~1] newly_removed_snaps [] snapc 2=[] (no change)
2014-12-08 18:13:57.765864 7f28fcb46700 10 osd.70 pg_epoch: 71464 pg[19.6e( v 51072'48910307 (50495'48906592,51072'48910307] local-les=51066 n=855 ec=21298 les/c 51101/50495 71456/71456/71432) [70,16,13] r=0 lpr=71456 pi=50489-71455/146 crt=51071'48910301 lcod 0'0 mlcod 0'0 inactive] state: Reset advmap
2014-12-08 18:13:57.765860 7f28fc345700 10 osd.70 pg_epoch: 71451 pg[216.22f( v 71097'207 (0'0,71097'207] local-les=71450 n=99 ec=70987 les/c 71450/71450 71444/71444/71432) [70,6,21] r=0 lpr=71450 crt=71097'205 lcod 0'0 mlcod 0'0 inactive] check_recovery_sources no source osds () went down
2014-12-08 18:13:57.765871 7f28fcb46700 10 osd.70 pg_epoch: 71464 pg[19.6e( v 51072'48910307 (50495'48906592,51072'48910307] local-les=51066 n=855 ec=21298 les/c 51101/50495 71456/71456/71432) [70,16,13] r=0 lpr=71456 pi=50489-71455/146 crt=51071'48910301 lcod 0'0 mlcod 0'0 inactive] _calc_past_interval_range: already have past intervals back to 50495
2014-12-08 18:13:57.765878 7f28fcb46700 10 osd.70 pg_epoch: 71464 pg[19.6e( v 51072'48910307 (50495'48906592,51072'48910307] local-les=51066 n=855 ec=21298 les/c 51101/50495 71456/71456/71432) [70,16,13] r=0 lpr=71456 pi=50489-71455/146 crt=51071'48910301 lcod 0'0 mlcod 0'0 inactive] check_recovery_sources no source osds () went down
2014-12-08 18:13:57.765884 7f28fc345700 10 osd.70 pg_epoch: 71451 pg[216.22f( v 71097'207 (0'0,71097'207] local-les=71450 n=99 ec=70987 les/c 71450/71450 71444/71444/71432) [70,6,21] r=0 lpr=71450 crt=71097'205 lcod 0'0 mlcod 0'0 inactive] handle_advance_map [70,6,21]/[70,6,21] -- 70/70
2014-12-08 18:13:57.765890 7f28fcb46700 10 osd.70 pg_epoch: 71464 pg[19.6e( v 51072'48910307 (50495'48906592,51072'48910307] local-les=51066 n=855 ec=21298 les/c 51101/50495 71456/71456/71432) [70,16,13] r=0 lpr=71456 pi=50489-71455/146 crt=51071'48910301 lcod 0'0 mlcod 0'0 inactive] handle_advance_map [70,16,13]/[70,16,13] -- 70/70
2014-12-08 18:13:57.765900 7f28fc345700 20 PGPool::update cached_removed_snaps [] newly_removed_snaps [] snapc 0=[] (no change)
2014-12-08 18:13:57.765902 7f28fcb46700 20 PGPool::update cached_removed_snaps [1~1] newly_removed_snaps [] snapc 2=[] (no change)
2014-12-08 18:13:57.765904 7f28fcb46700 10 osd.70 pg_epoch: 71465 pg[19.6e( v 51072'48910307 (50495'48906592,51072'48910307] local-les=51066 n=855 ec=21298 les/c 51101/50495 71456/71456/71432) [70,16,13] r=0 lpr=71456 pi=50489-71455/146 crt=51071'48910301 lcod 0'0 mlcod 0'0 inactive] state: Reset advmap
2014-12-08 18:13:57.765904 7f28fc345700 10 osd.70 pg_epoch: 71452 pg[216.22f( v 71097'207 (0'0,71097'207] local-les=71450 n=99 ec=70987 les/c 71450/71450 71444/71444/71432) [70,6,21] r=0 lpr=71450 crt=71097'205 lcod 0'0 mlcod 0'0 inactive] state: Reset advmap
2014-12-08 18:13:57.765911 7f28fcb46700 10 osd.70 pg_epoch: 71465 pg[19.6e( v 51072'48910307 (50495'48906592,51072'48910307] local-les=51066 n=855 ec=21298 les/c 51101/50495 71456/71456/71432) [70,16,13] r=0 lpr=71456 pi=50489-71455/146 crt=51071'48910301 lcod 0'0 mlcod 0'0 inactive] _calc_past_interval_range: already have past intervals back to 50495
2014-12-08 18:13:57.765919 7f28fcb46700 10 osd.70 pg_epoch: 71465 pg[19.6e( v 51072'48910307 (50495'48906592,51072'48910307] local-les=51066 n=855 ec=21298 les/c 51101/50495 71456/71456/71432) [70,16,13] r=0 lpr=71456 pi=50489-71455/146 crt=51071'48910301 lcod 0'0 mlcod 0'0 inactive] check_recovery_sources no source osds () went down
2014-12-08 18:13:57.765917 7f28fc345700 10 osd.70 pg_epoch: 71452 pg[216.22f( v 71097'207 (0'0,71097'207] local-les=71450 n=99 ec=70987 les/c 71450/71450 71444/71444/71432) [70,6,21] r=0 lpr=71450 crt=71097'205 lcod 0'0 mlcod 0'0 inactive] _calc_past_interval_range start epoch 71450 >= end epoch 71444, nothing to do
2014-12-08 18:13:57.765929 7f28fc345700 10 osd.70 pg_epoch: 71452 pg[216.22f( v 71097'207 (0'0,71097'207] local-les=71450 n=99 ec=70987 les/c 71450/71450 71444/71444/71432) [70,6,21] r=0 lpr=71450 crt=71097'205 lcod 0'0 mlcod 0'0 inactive] check_recovery_sources no source osds () went down
2014-12-08 18:13:57.765933 7f28fcb46700 10 osd.70 pg_epoch: 71465 pg[19.6e( v 51072'48910307 (50495'48906592,51072'48910307] local-les=51066 n=855 ec=21298 les/c 51101/50495 71456/71456/71432) [70,16,13] r=0 lpr=71456 pi=50489-71455/146 crt=51071'48910301 lcod 0'0 mlcod 0'0 inactive] handle_advance_map [70,16,13]/[70,16,13] -- 70/70
2014-12-08 18:13:57.765942 7f28fcb46700 20 PGPool::update cached_removed_snaps [1~1] newly_removed_snaps [] snapc 2=[] (no change)
2014-12-08 18:13:57.765944 7f28fcb46700 10 osd.70 pg_epoch: 71466 pg[19.6e( v 51072'48910307 (50495'48906592,51072'48910307] local-les=51066 n=855 ec=21298 les/c 51101/50495 71456/71456/71432) [70,16,13] r=0 lpr=71456 pi=50489-71455/146 crt=51071'48910301 lcod 0'0 mlcod 0'0 inactive] state: Reset advmap
2014-12-08 18:13:57.765951 7f28fcb46700 10 osd.70 pg_epoch: 71466 pg[19.6e( v 51072'48910307 (50495'48906592,51072'48910307] local-les=51066 n=855 ec=21298 les/c 51101/50495 71456/71456/71432) [70,16,13] r=0 lpr=71456 pi=50489-71455/146 crt=51071'48910301 lcod 0'0 mlcod 0'0 inactive] _calc_past_interval_range: already have past intervals back to 50495
2014-12-08 18:13:57.765957 7f28fcb46700 10 osd.70 pg_epoch: 71466 pg[19.6e( v 51072'48910307 (50495'48906592,51072'48910307] local-les=51066 n=855 ec=21298 les/c 51101/50495 71456/71456/71432) [70,16,13] r=0 lpr=71456 pi=50489-71455/146 crt=51071'48910301 lcod 0'0 mlcod 0'0 inactive] check_recovery_sources no source osds () went down
2014-12-08 18:13:57.765971 7f28fcb46700 10 osd.70 pg_epoch: 71466 pg[19.6e( v 51072'48910307 (50495'48906592,51072'48910307] local-les=51066 n=855 ec=21298 les/c 51101/50495 71456/71456/71432) [70,16,13] r=0 lpr=71456 pi=50489-71455/146 crt=51071'48910301 lcod 0'0 mlcod 0'0 inactive] handle_advance_map [70,16,13]/[70,16,13] -- 70/70
2014-12-08 18:13:57.765979 7f28fcb46700 20 PGPool::update cached_removed_snaps [1~1] newly_removed_snaps [] snapc 2=[] (no change)
2014-12-08 18:13:57.765981 7f28fcb46700 10 osd.70 pg_epoch: 71467 pg[19.6e( v 51072'48910307 (50495'48906592,51072'48910307] local-les=51066 n=855 ec=21298 les/c 51101/50495 71456/71456/71432) [70,16,13] r=0 lpr=71456 pi=50489-71455/146 crt=51071'48910301 lcod 0'0 mlcod 0'0 inactive] state: Reset advmap
2014-12-08 18:13:57.765988 7f28fcb46700 10 osd.70 pg_epoch: 71467 pg[19.6e( v 51072'48910307 (50495'48906592,51072'48910307] local-les=51066 n=855 ec=21298 les/c 51101/50495 71456/71456/71432) [70,16,13] r=0 lpr=71456 pi=50489-71455/146 crt=51071'48910301 lcod 0'0 mlcod 0'0 inactive] _calc_past_interval_range: already have past intervals back to 50495
2014-12-08 18:13:57.765951 7f28fc345700 10 osd.70 pg_epoch: 71452 pg[216.22f( v 71097'207 (0'0,71097'207] local-les=71450 n=99 ec=70987 les/c 71450/71450 71444/71444/71432) [70,6,21] r=0 lpr=71450 crt=71097'205 lcod 0'0 mlcod 0'0 inactive] handle_advance_map [70,6,21]/[70,6,21] -- 70/70
2014-12-08 18:13:57.765999 7f28fc345700 20 PGPool::update cached_removed_snaps [] newly_removed_snaps [] snapc 0=[] (no change)
2014-12-08 18:13:57.765995 7f28fcb46700 10 osd.70 pg_epoch: 71467 pg[19.6e( v 51072'48910307 (50495'48906592,51072'48910307] local-les=51066 n=855 ec=21298 les/c 51101/50495 71456/71456/71432) [70,16,13] r=0 lpr=71456 pi=50489-71455/146 crt=51071'48910301 lcod 0'0 mlcod 0'0 inactive] check_recovery_sources no source osds () went down
2014-12-08 18:13:57.766003 7f28fc345700 10 osd.70 pg_epoch: 71453 pg[216.22f( v 71097'207 (0'0,71097'207] local-les=71450 n=99 ec=70987 les/c 71450/71450 71444/71444/71432) [70,6,21] r=0 lpr=71450 crt=71097'205 lcod 0'0 mlcod 0'0 inactive] state: Reset advmap
2014-12-08 18:13:57.766008 7f28fcb46700 10 osd.70 pg_epoch: 71467 pg[19.6e( v 51072'48910307 (50495'48906592,51072'48910307] local-les=51066 n=855 ec=21298 les/c 51101/50495 71456/71456/71432) [70,16,13] r=0 lpr=71456 pi=50489-71455/146 crt=51071'48910301 lcod 0'0 mlcod 0'0 inactive] handle_advance_map [70,16,13]/[70,16,13] -- 70/70
2014-12-08 18:13:57.766018 7f28fcb46700 20 PGPool::update cached_removed_snaps [1~1] newly_removed_snaps [] snapc 2=[] (no change)
2014-12-08 18:13:57.766014 7f28fc345700 10 osd.70 pg_epoch: 71453 pg[216.22f( v 71097'207 (0'0,71097'207] local-les=71450 n=99 ec=70987 les/c 71450/71450 71444/71444/71432) [70,6,21] r=0 lpr=71450 crt=71097'205 lcod 0'0 mlcod 0'0 inactive] _calc_past_interval_range start epoch 71450 >= end epoch 71444, nothing to do
2014-12-08 18:13:57.766020 7f28fcb46700 10 osd.70 pg_epoch: 71468 pg[19.6e( v 51072'48910307 (50495'48906592,51072'48910307] local-les=51066 n=855 ec=21298 les/c 51101/50495 71456/71456/71432) [70,16,13] r=0 lpr=71456 pi=50489-71455/146 crt=51071'48910301 lcod 0'0 mlcod 0'0 inactive] state: Reset advmap
2014-12-08 18:13:57.766023 7f28fc345700 10 osd.70 pg_epoch: 71453 pg[216.22f( v 71097'207 (0'0,71097'207] local-les=71450 n=99 ec=70987 les/c 71450/71450 71444/71444/71432) [70,6,21] r=0 lpr=71450 crt=71097'205 lcod 0'0 mlcod 0'0 inactive] check_recovery_sources no source osds () went down
2014-12-08 18:13:57.766027 7f28fcb46700 10 osd.70 pg_epoch: 71468 pg[19.6e( v 51072'48910307 (50495'48906592,51072'48910307] local-les=51066 n=855 ec=21298 les/c 51101/50495 71456/71456/71432) [70,16,13] r=0 lpr=71456 pi=50489-71455/146 crt=51071'48910301 lcod 0'0 mlcod 0'0 inactive] _calc_past_interval_range: already have past intervals back to 50495
2014-12-08 18:13:57.766034 7f28fcb46700 10 osd.70 pg_epoch: 71468 pg[19.6e( v 51072'48910307 (50495'48906592,51072'48910307] local-les=51066 n=855 ec=21298 les/c 51101/50495 71456/71456/71432) [70,16,13] r=0 lpr=71456 pi=50489-71455/146 crt=51071'48910301 lcod 0'0 mlcod 0'0 inactive] check_recovery_sources no source osds () went down
2014-12-08 18:13:57.766040 7f28fc345700 10 osd.70 pg_epoch: 71453 pg[216.22f( v 71097'207 (0'0,71097'207] local-les=71450 n=99 ec=70987 les/c 71450/71450 71444/71444/71432) [70,6,21] r=0 lpr=71450 crt=71097'205 lcod 0'0 mlcod 0'0 inactive] handle_advance_map [70,6,21]/[70,6,21] -- 70/70
2014-12-08 18:13:57.766049 7f28fc345700 20 PGPool::update cached_removed_snaps [] newly_removed_snaps [] snapc 0=[] (no change)
2014-12-08 18:13:57.766047 7f28fcb46700 10 osd.70 pg_epoch: 71468 pg[19.6e( v 51072'48910307 (50495'48906592,51072'48910307] local-les=51066 n=855 ec=21298 les/c 51101/50495 71456/71456/71432) [70,16,13] r=0 lpr=71456 pi=50489-71455/146 crt=51071'48910301 lcod 0'0 mlcod 0'0 inactive] handle_advance_map [70,16,13]/[70,16,13] -- 70/70
2014-12-08 18:13:57.766055 7f28fcb46700 20 PGPool::update cached_removed_snaps [1~1] newly_removed_snaps [] snapc 2=[] (no change)
2014-12-08 18:13:57.766057 7f28fcb46700 10 osd.70 pg_epoch: 71469 pg[19.6e( v 51072'48910307 (50495'48906592,51072'48910307] local-les=51066 n=855 ec=21298 les/c 51101/50495 71456/71456/71432) [70,16,13] r=0 lpr=71456 pi=50489-71455/146 crt=51071'48910301 lcod 0'0 mlcod 0'0 inactive] state: Reset advmap
2014-12-08 18:13:57.766064 7f28fcb46700 10 osd.70 pg_epoch: 71469 pg[19.6e( v 51072'48910307 (50495'48906592,51072'48910307] local-les=51066 n=855 ec=21298 les/c 51101/50495 71456/71456/71432) [70,16,13] r=0 lpr=71456 pi=50489-71455/146 crt=51071'48910301 lcod 0'0 mlcod 0'0 inactive] _calc_past_interval_range: already have past intervals back to 50495
2014-12-08 18:13:57.766051 7f28fc345700 10 osd.70 pg_epoch: 71454 pg[216.22f( v 71097'207 (0'0,71097'207] local-les=71450 n=99 ec=70987 les/c 71450/71450 71444/71444/71432) [70,6,21] r=0 lpr=71450 crt=71097'205 lcod 0'0 mlcod 0'0 inactive] state: Reset advmap
2014-12-08 18:13:57.766070 7f28fcb46700 10 osd.70 pg_epoch: 71469 pg[19.6e( v 51072'48910307 (50495'48906592,51072'48910307] local-les=51066 n=855 ec=21298 les/c 51101/50495 71456/71456/71432) [70,16,13] r=0 lpr=71456 pi=50489-71455/146 crt=51071'48910301 lcod 0'0 mlcod 0'0 inactive] check_recovery_sources no source osds () went down
2014-12-08 18:13:57.766074 7f28fc345700 10 osd.70 pg_epoch: 71454 pg[216.22f( v 71097'207 (0'0,71097'207] local-les=71450 n=99 ec=70987 les/c 71450/71450 71444/71444/71432) [70,6,21] r=0 lpr=71450 crt=71097'205 lcod 0'0 mlcod 0'0 inactive] _calc_past_interval_range start epoch 71450 >= end epoch 71444, nothing to do
2014-12-08 18:13:57.766082 7f28fc345700 10 osd.70 pg_epoch: 71454 pg[216.22f( v 71097'207 (0'0,71097'207] local-les=71450 n=99 ec=70987 les/c 71450/71450 71444/71444/71432) [70,6,21] r=0 lpr=71450 crt=71097'205 lcod 0'0 mlcod 0'0 inactive] check_recovery_sources no source osds () went down
2014-12-08 18:13:57.766083 7f28fcb46700 10 osd.70 pg_epoch: 71469 pg[19.6e( v 51072'48910307 (50495'48906592,51072'48910307] local-les=51066 n=855 ec=21298 les/c 51101/50495 71456/71456/71432) [70,16,13] r=0 lpr=71456 pi=50489-71455/146 crt=51071'48910301 lcod 0'0 mlcod 0'0 inactive] handle_advance_map [70,16,13]/[70,16,13] -- 70/70
2014-12-08 18:13:57.766092 7f28fcb46700 20 PGPool::update cached_removed_snaps [1~1] newly_removed_snaps [] snapc 2=[] (no change)
2014-12-08 18:13:57.766094 7f28fcb46700 10 osd.70 pg_epoch: 71470 pg[19.6e( v 51072'48910307 (50495'48906592,51072'48910307] local-les=51066 n=855 ec=21298 les/c 51101/50495 71456/71456/71432) [70,16,13] r=0 lpr=71456 pi=50489-71455/146 crt=51071'48910301 lcod 0'0 mlcod 0'0 inactive] state: Reset advmap
2014-12-08 18:13:57.766097 7f28fc345700 10 osd.70 pg_epoch: 71454 pg[216.22f( v 71097'207 (0'0,71097'207] local-les=71450 n=99 ec=70987 les/c 71450/71450 71444/71444/71432) [70,6,21] r=0 lpr=71450 crt=71097'205 lcod 0'0 mlcod 0'0 inactive] handle_advance_map [70,6,21]/[70,6,21] -- 70/70
2014-12-08 18:13:57.766100 7f28fcb46700 10 osd.70 pg_epoch: 71470 pg[19.6e( v 51072'48910307 (50495'48906592,51072'48910307] local-les=51066 n=855 ec=21298 les/c 51101/50495 71456/71456/71432) [70,16,13] r=0 lpr=71456 pi=50489-71455/146 crt=51071'48910301 lcod 0'0 mlcod 0'0 inactive] _calc_past_interval_range: already have past intervals back to 50495
2014-12-08 18:13:57.766107 7f28fc345700 20 PGPool::update cached_removed_snaps [] newly_removed_snaps [] snapc 0=[] (no change)
2014-12-08 18:13:57.766107 7f28fcb46700 10 osd.70 pg_epoch: 71470 pg[19.6e( v 51072'48910307 (50495'48906592,51072'48910307] local-les=51066 n=855 ec=21298 les/c 51101/50495 71456/71456/71432) [70,16,13] r=0 lpr=71456 pi=50489-71455/146 crt=51071'48910301 lcod 0'0 mlcod 0'0 inactive] check_recovery_sources no source osds () went down
2014-12-08 18:13:57.766109 7f28fc345700 10 osd.70 pg_epoch: 71455 pg[216.22f( v 71097'207 (0'0,71097'207] local-les=71450 n=99 ec=70987 les/c 71450/71450 71444/71444/71432) [70,6,21] r=0 lpr=71450 crt=71097'205 lcod 0'0 mlcod 0'0 inactive] state: Reset advmap
2014-12-08 18:13:57.766106 7f290a83a700 10 osd.70 pg_epoch: 71581 pg[216.384( v 70990'209 (0'0,70990'209] local-les=71435 n=101 ec=70987 les/c 71435/71435 71432/71432/71432) [77,22,70] r=2 lpr=71435 pi=70987-71431/22 crt=70990'207 lcod 0'0 inactive NOTIFY] flushed
