2014-09-18 18:08:36.693832 7f4c97241700 1 osd.42 pg_epoch: 11715 pg[2.237( v 6819'24076 (4155'21085,6819'24076] local-les=11494 n=554 ec=188 les/c 11494/10726 11715/11715/11015) [20,30,42]/[6,42] r=1 lpr=11715 pi=2483-11714/131 crt=6745'24067 lcod 0'0 remapped NOTIFY] state: transitioning to Stray -1227>
2014-09-18 18:08:36.693844 7f4c96a40700 5 osd.42 pg_epoch: 11715 pg[2.654( v 6778'24660 (4157'21684,6778'24660] local-les=11712 n=529 ec=188 les/c 11505/11100 11715/11715/11332) [60,27,20]/[35,42] r=1 lpr=11715 pi=10768-11714/12 crt=6775'24651 lcod 0'0 remapped NOTIFY] enter Started -1226>
2014-09-18 18:08:36.693845 7f4c97241700 5 osd.42 pg_epoch: 11715 pg[2.237( v 6819'24076 (4155'21085,6819'24076] local-les=11494 n=554 ec=188 les/c 11494/10726 11715/11715/11015) [20,30,42]/[6,42] r=1 lpr=11715 pi=2483-11714/131 crt=6745'24067 lcod 0'0 remapped NOTIFY] exit Start 0.000025 0 0.000000 -1225>
2014-09-18 18:08:36.693853 7f4c96a40700 5 osd.42 pg_epoch: 11715 pg[2.654( v 6778'24660 (4157'21684,6778'24660] local-les=11712 n=529 ec=188 les/c 11505/11100 11715/11715/11332) [60,27,20]/[35,42] r=1 lpr=11715 pi=10768-11714/12 crt=6775'24651 lcod 0'0 remapped NOTIFY] enter Start -1224>
2014-09-18 18:08:36.693861 7f4c96a40700 1 osd.42 pg_epoch: 11715 pg[2.654( v 6778'24660 (4157'21684,6778'24660] local-les=11712 n=529 ec=188 les/c 11505/11100 11715/11715/11332) [60,27,20]/[35,42] r=1 lpr=11715 pi=10768-11714/12 crt=6775'24651 lcod 0'0 remapped NOTIFY] state: transitioning to Stray -1223>
2014-09-18 18:08:36.693876 7f4c96a40700 5 osd.42 pg_epoch: 11715 pg[2.654( v 6778'24660 (4157'21684,6778'24660] local-les=11712 n=529 ec=188 les/c 11505/11100 11715/11715/11332) [60,27,20]/[35,42] r=1 lpr=11715 pi=10768-11714/12 crt=6775'24651 lcod 0'0 remapped NOTIFY] exit Start 0.000023 0 0.000000 -1222>
2014-09-18 18:08:36.693858 7f4c97241700 5 osd.42 pg_epoch: 11715 pg[2.237( v 6819'24076 (4155'21085,6819'24076] local-les=11494 n=554 ec=188 les/c 11494/10726 11715/11715/11015) [20,30,42]/[6,42] r=1 lpr=11715 pi=2483-11714/131 crt=6745'24067 lcod 0'0 remapped NOTIFY] enter Started/Stray -1221>
2014-09-18 18:08:36.693887 7f4c96a40700 5 osd.42 pg_epoch: 11715 pg[2.654( v 6778'24660 (4157'21684,6778'24660] local-les=11712 n=529 ec=188 les/c 11505/11100 11715/11715/11332) [60,27,20]/[35,42] r=1 lpr=11715 pi=10768-11714/12 crt=6775'24651 lcod 0'0 remapped NOTIFY] enter Started/Stray -1220>
2014-09-18 18:08:36.694006 7f4c97241700 5 osd.42 pg_epoch: 11715 pg[2.78f( v 6789'22964 (4127'19523,6789'22964] local-les=11709 n=505 ec=188 les/c 11703/11020 11714/11714/11258) [27,42,1]/[42,35] r=0 lpr=11714 pi=5697-11713/157 bft=1,27 crt=0'0 lcod 0'0 mlcod 0'0 remapped+peering] exit Started/Primary/Peering/WaitUpThru 0.827881 5 0.000651 -1219>
2014-09-18 18:08:36.694029 7f4c97241700 5 osd.42 pg_epoch: 11715 pg[2.78f( v 6789'22964 (4127'19523,6789'22964] local-les=11709 n=505 ec=188 les/c 11703/11020 11714/11714/11258) [27,42,1]/[42,35] r=0 lpr=11714 pi=5697-11713/157 bft=1,27 crt=0'0 lcod 0'0 mlcod 0'0 remapped+peering] exit Started/Primary/Peering 1.009396 0 0.000000 -1218>
2014-09-18 18:08:36.694048 7f4c97241700 5 osd.42 pg_epoch: 11715 pg[2.78f( v 6789'22964 (4127'19523,6789'22964] local-les=11709 n=505 ec=188 les/c 11703/11020 11714/11714/11258) [27,42,1]/[42,35] r=0 lpr=11714 pi=5697-11713/157 bft=1,27 crt=0'0 lcod 0'0 mlcod 0'0 remapped] enter Started/Primary/Active -1217>
2014-09-18 18:08:36.694071 7f4c9f251700 1 -- 10.242.42.178:6807/2483 <== osd.35 10.242.42.164:6811/17421 3701 ==== pg_notify(2.2c7(139) epoch 11715) v5 ==== 8651+0+0 (2905702966 0 0) 0xfcc85a0 con 0xcbecec0 -1216>
2014-09-18 18:08:36.694094 7f4c9f251700 5 -- op tracker -- , seq: 86306, time:
2014-09-18 18:08:36.693918, event: header_read, op: pg_notify(2.2c7(139) epoch 11715) -1215>
2014-09-18 18:08:36.694109 7f4c9f251700 5 -- op tracker -- , seq: 86306, time:
2014-09-18 18:08:36.693919, event: throttled, op: pg_notify(2.2c7(139) epoch 11715) -1214>
2014-09-18 18:08:36.694116 7f4c9f251700 5 -- op tracker -- , seq: 86306, time:
2014-09-18 18:08:36.694057, event: all_read, op: pg_notify(2.2c7(139) epoch 11715) -1213>
2014-09-18 18:08:36.694125 7f4c9f251700 5 -- op tracker -- , seq: 86306, time:
2014-09-18 18:08:36.694088, event: dispatched, op: pg_notify(2.2c7(139) epoch 11715) -1212>
2014-09-18 18:08:36.694136 7f4c9f251700 5 -- op tracker -- , seq: 86306, time:
2014-09-18 18:08:36.694133, event: waiting_for_osdmap, op: pg_notify(2.2c7(139) epoch 11715) -1211>
2014-09-18 18:08:36.694148 7f4c9f251700 5 -- op tracker -- , seq: 86306, time:
2014-09-18 18:08:36.694146, event: started, op: pg_notify(2.2c7(139) epoch 11715) -1210>
2014-09-18 18:08:36.694165 7f4c9f251700 5 -- op tracker -- , seq: 86306, time:
2014-09-18 18:08:36.694163, event: done, op: pg_notify(2.2c7(139) epoch 11715) -1209>
2014-09-18 18:08:36.694143 7f4c96a40700 5 osd.42 pg_epoch: 11715 pg[2.376( v 6772'25996 (4155'22997,6772'25996] local-les=11491 n=524 ec=188 les/c 11491/11491 11490/11490/9945) [42,9,58] r=0 lpr=11490 crt=6764'25987 lcod 0'0 mlcod 0'0 active+clean] exit Started/Primary/Active/Clean 385.004214 670 0.001844 -1208>
2014-09-18 18:08:36.694181 7f4c96a40700 5 osd.42 pg_epoch: 11715 pg[2.376( v 6772'25996 (4155'22997,6772'25996] local-les=11491 n=524 ec=188 les/c 11491/11491 11490/11490/9945) [42,9,58] r=0 lpr=11490 crt=6764'25987 lcod 0'0 mlcod 0'0 active] exit Started/Primary/Active 385.053188 0 0.000000 -1207>
2014-09-18 18:08:36.694183 7f4c9f251700 1 -- 10.242.42.178:6807/2483 <== osd.58 10.242.42.176:6835/46756 47 ==== pg_notify(2.763(68) epoch 11715) v5 ==== 4550+0+0 (3831805237 0 0) 0x21cea1e0 con 0x142f8260 -1206>
2014-09-18 18:08:36.694193 7f4c96a40700 5 osd.42 pg_epoch: 11715 pg[2.376( v 6772'25996 (4155'22997,6772'25996] local-les=11491 n=524 ec=188 les/c 11491/11491 11490/11490/9945) [42,9,58] r=0 lpr=11490 crt=6764'25987 lcod 0'0 mlcod 0'0 active] exit Started/Primary 386.057639 0 0.000000 -1205>
2014-09-18 18:08:36.694197 7f4c9f251700 5 -- op tracker -- , seq: 86307, time:
2014-09-18 18:08:36.694045, event: header_read, op: pg_notify(2.763(68) epoch 11715) -1204>
2014-09-18 18:08:36.694202 7f4c96a40700 5 osd.42 pg_epoch: 11715 pg[2.376( v 6772'25996 (4155'22997,6772'25996] local-les=11491 n=524 ec=188 les/c 11491/11491 11490/11490/9945) [42,9,58] r=0 lpr=11490 crt=6764'25987 lcod 0'0 mlcod 0'0 active] exit Started 386.057699 0 0.000000 -1203>
2014-09-18 18:08:36.694206 7f4c9f251700 5 -- op tracker -- , seq: 86307, time:
2014-09-18 18:08:36.694046, event: throttled, op: pg_notify(2.763(68) epoch 11715) -1202>
2014-09-18 18:08:36.694212 7f4c96a40700 5 osd.42 pg_epoch: 11715 pg[2.376( v 6772'25996 (4155'22997,6772'25996] local-les=11491 n=524 ec=188 les/c 11491/11491 11490/11490/9945) [42,9,58] r=0 lpr=11490 crt=6764'25987 lcod 0'0 mlcod 0'0 active] enter Reset -1201>
2014-09-18 18:08:36.694216 7f4c9f251700 5 -- op tracker -- , seq: 86307, time:
2014-09-18 18:08:36.694156, event: all_read, op: pg_notify(2.763(68) epoch 11715) -1200>
2014-09-18 18:08:36.694222 7f4c9f251700 5 -- op tracker -- , seq: 86307, time:
2014-09-18 18:08:36.694192, event: dispatched, op: pg_notify(2.763(68) epoch 11715) -1199>
2014-09-18 18:08:36.694229 7f4c9f251700 5 -- op tracker -- , seq: 86307, time:
2014-09-18 18:08:36.694228, event: waiting_for_osdmap, op: pg_notify(2.763(68) epoch 11715) -1198>
2014-09-18 18:08:36.694237 7f4c9f251700 5 -- op tracker -- , seq: 86307, time:
2014-09-18 18:08:36.694235, event: started, op: pg_notify(2.763(68) epoch 11715) -1197>
2014-09-18 18:08:36.694251 7f4c9f251700 5 -- op tracker -- , seq: 86307, time:
2014-09-18 18:08:36.694249, event: done, op: pg_notify(2.763(68) epoch 11715) -1196>
2014-09-18 18:08:36.694322 7f4c96a40700 5 osd.42 pg_epoch: 11715 pg[2.376( v 6772'25996 (4155'22997,6772'25996] local-les=11491 n=524 ec=188 les/c 11491/11491 11715/11715/9945) [42,24,58] r=0 lpr=11715 pi=11490-11714/1 crt=6764'25987 lcod 0'0 mlcod 0'0 inactive] exit Reset 0.000110 1 0.000176 -1195>
2014-09-18 18:08:36.694343 7f4c96a40700 5 osd.42 pg_epoch: 11715 pg[2.376( v 6772'25996 (4155'22997,6772'25996] local-les=11491 n=524 ec=188 les/c 11491/11491 11715/11715/9945) [42,24,58] r=0 lpr=11715 pi=11490-11714/1 crt=6764'25987 lcod 0'0 mlcod 0'0 inactive] enter Started -1194>
2014-09-18 18:08:36.694356 7f4c96a40700 5 osd.42 pg_epoch: 11715 pg[2.376( v 6772'25996 (4155'22997,6772'25996] local-les=11491 n=524 ec=188 les/c 11491/11491 11715/11715/9945) [42,24,58] r=0 lpr=11715 pi=11490-11714/1 crt=6764'25987 lcod 0'0 mlcod 0'0 inactive] enter Start -1193>
2014-09-18 18:08:36.694368 7f4c96a40700 1 osd.42 pg_epoch: 11715 pg[2.376( v 6772'25996 (4155'22997,6772'25996] local-les=11491 n=524 ec=188 les/c 11491/11491 11715/11715/9945) [42,24,58] r=0 lpr=11715 pi=11490-11714/1 crt=6764'25987 lcod 0'0 mlcod 0'0 inactive] state: transitioning to Primary -1192>
2014-09-18 18:08:36.694382 7f4c96a40700 5 osd.42 pg_epoch: 11715 pg[2.376( v 6772'25996 (4155'22997,6772'25996] local-les=11491 n=524 ec=188 les/c 11491/11491 11715/11715/9945) [42,24,58] r=0 lpr=11715 pi=11490-11714/1 crt=6764'25987 lcod 0'0 mlcod 0'0 inactive] exit Start 0.000026 0 0.000000 -1191>
2014-09-18 18:08:36.694463 7f4c96a40700 5 osd.42 pg_epoch: 11715 pg[2.376( v 6772'25996 (4155'22997,6772'25996] local-les=11491 n=524 ec=188 les/c 11491/11491 11715/11715/9945) [42,24,58] r=0 lpr=11715 pi=11490-11714/1 crt=6764'25987 lcod 0'0 mlcod 0'0 inactive] enter Started/Primary -1190>
2014-09-18 18:08:36.694479 7f4c96a40700 5 osd.42 pg_epoch: 11715 pg[2.376( v 6772'25996 (4155'22997,6772'25996] local-les=11491 n=524 ec=188 les/c 11491/11491 11715/11715/9945) [42,24,58] r=0 lpr=11715 pi=11490-11714/1 crt=6764'25987 lcod 0'0 mlcod 0'0 inactive] enter Started/Primary/Peering -1189>
2014-09-18 18:08:36.694487 7f4c97241700 5 osd.42 pg_epoch: 11715 pg[2.78f( v 6789'22964 (4127'19523,6789'22964] local-les=11715 n=505 ec=188 les/c 11703/11020 11714/11714/11258) [27,42,1]/[42,35] r=0 lpr=11714 pi=5697-11713/157 bft=1,27 crt=0'0 lcod 0'0 mlcod 0'0 undersized+degraded+remapped] enter Started/Primary/Active/Activating -1188>
2014-09-18 18:08:36.694491 7f4c96a40700 5 osd.42 pg_epoch: 11715 pg[2.376( v 6772'25996 (4155'22997,6772'25996] local-les=11491 n=524 ec=188 les/c 11491/11491 11715/11715/9945) [42,24,58] r=0 lpr=11715 pi=11490-11714/1 crt=6764'25987 lcod 0'0 mlcod 0'0 peering] enter Started/Primary/Peering/GetInfo -1187>
2014-09-18 18:08:36.694687 7f4c97241700 1 -- 10.242.42.178:6807/2483 --> 10.242.42.166:6808/22481 -- pg_notify(2.237(131) epoch 11715) v5 -- ?+0 0xf5783a0 con 0x1088aec0 -1186>
2014-09-18 18:08:36.694704 7f4c97241700 1 -- 10.242.42.178:6807/2483 --> 10.242.42.164:6817/19139 -- pg_query(2.2d8 epoch 11715) v3 -- ?+0 0xf5772c0 con 0x10f60520 -1185>
2014-09-18 18:08:36.694723 7f4c97241700 1 -- 10.242.42.178:6807/2483 --> 10.242.42.174:6801/21548 -- pg_query(2.2d8 epoch 11715) v3 -- ?+0 0x2b93c760 con 0x1395f8c0 -1184>
2014-09-18 18:08:36.694771 7f4c97241700 1 -- 10.242.42.178:6807/2483 --> 10.242.42.164:6857/39817 -- osd_map(11715..11715 src has 1..11715) v3 -- ?+0 0xf85cd00 con 0x12b3b2e0 -1183>
2014-09-18 18:08:36.694847 7f4c97241700 1 -- 10.242.42.178:6807/2483 --> 10.242.42.164:6857/39817 -- pg_info(1 pgs e11715:2.78f(157)) v4 -- ?+0 0xe147c20 con 0x12b3b2e0 -1182>
2014-09-18 18:08:36.694962 7f4c97241700 1 -- 10.242.42.178:6807/2483 --> 10.242.42.174:6801/21548 -- pg_info(1 pgs e11715:2.78f(157)) v4 -- ?+0 0xe146960 con 0x1395f8c0 -1181>
2014-09-18 18:08:36.694942 7f4c96a40700 5 osd.42 pg_epoch: 11715 pg[2.4c0( v 6835'27134 (4119'23725,6835'27134] local-les=11491 n=496 ec=188 les/c 11491/10727 11490/11490/11490) [32,42,9]/[9,42] r=1 lpr=11490 pi=10726-11489/8 luod=0'0 crt=6835'27134 lcod 0'0 active+remapped] exit Started/ReplicaActive/RepNotRecovering 385.032747 672 0.001224 -1180>
2014-09-18 18:08:36.695082 7f4c97241700 1 -- 10.242.42.178:6807/2483 --> 10.242.42.164:6811/17421 -- osd_map(11715..11715 src has 1..11715) v3 -- ?+0 0x10d166c0 con 0xcbecec0 -1179>
2014-09-18 18:08:36.695070 7f4c96a40700 5 osd.42 pg_epoch: 11715 pg[2.4c0( v 6835'27134 (4119'23725,6835'27134] local-les=11491 n=496 ec=188 les/c 11491/10727 11490/11490/11490) [32,42,9]/[9,42] r=1 lpr=11490 pi=10726-11489/8 luod=0'0 crt=6835'27134 lcod 0'0 active+remapped] exit Started/ReplicaActive 385.032887 0 0.000000 -1178>
2014-09-18 18:08:36.695126 7f4c96a40700 5 osd.42 pg_epoch: 11715 pg[2.4c0( v 6835'27134 (4119'23725,6835'27134] local-les=11491 n=496 ec=188 les/c 11491/10727 11490/11490/11490) [32,42,9]/[9,42] r=1 lpr=11490 pi=10726-11489/8 luod=0'0 crt=6835'27134 lcod 0'0 active+remapped] exit Started 386.058710 0 0.000000 -1177>
2014-09-18 18:08:36.695115 7f4c97241700 1 -- 10.242.42.178:6807/2483 --> 10.242.42.164:6811/17421 -- pg_info(1 pgs e11715:2.78f(157)) v4 -- ?+0 0xf192f00 con 0xcbecec0 -1176>
2014-09-18 18:08:36.695138 7f4c96a40700 5 osd.42 pg_epoch: 11715 pg[2.4c0( v 6835'27134 (4119'23725,6835'27134] local-les=11491 n=496 ec=188 les/c 11491/10727 11490/11490/11490) [32,42,9]/[9,42] r=1 lpr=11490 pi=10726-11489/8 luod=0'0 crt=6835'27134 lcod 0'0 active+remapped] enter Reset -1175>
2014-09-18 18:08:36.695405 7f4c96a40700 5 osd.42 pg_epoch: 11715 pg[2.4c0( v 6835'27134 (4119'23725,6835'27134] local-les=11491 n=496 ec=188 les/c 11491/10727 11715/11715/11490) [32,42,3]/[9,42] r=1 lpr=11715 pi=10726-11714/9 crt=6835'27134 lcod 0'0 remapped NOTIFY] exit Reset 0.000268 1 0.000260 -1174>
2014-09-18 18:08:36.695433 7f4c96a40700 5 osd.42 pg_epoch: 11715 pg[2.4c0( v 6835'27134 (4119'23725,6835'27134] local-les=11491 n=496 ec=188 les/c 11491/10727 11715/11715/11490) [32,42,3]/[9,42] r=1 lpr=11715 pi=10726-11714/9 crt=6835'27134 lcod 0'0 remapped NOTIFY] enter Started -1173>
2014-09-18 18:08:36.695447 7f4c96a40700 5 osd.42 pg_epoch: 11715 pg[2.4c0( v 6835'27134 (4119'23725,6835'27134] local-les=11491 n=496 ec=188 les/c 11491/10727 11715/11715/11490) [32,42,3]/[9,42] r=1 lpr=11715 pi=10726-11714/9 crt=6835'27134 lcod 0'0 remapped NOTIFY] enter Start -1172>
2014-09-18 18:08:36.695459 7f4c96a40700 1 osd.42 pg_epoch: 11715 pg[2.4c0( v 6835'27134 (4119'23725,6835'27134] local-les=11491 n=496 ec=188 les/c 11491/10727 11715/11715/11490) [32,42,3]/[9,42] r=1 lpr=11715 pi=10726-11714/9 crt=6835'27134 lcod 0'0 remapped NOTIFY] state: transitioning to Stray -1171>
2014-09-18 18:08:36.695413 7f4c97241700 5 osd.42 pg_epoch: 11715 pg[2.67b( v 6745'24728 (4138'21305,6745'24728] local-les=11709 n=520 ec=188 les/c 11709/11573 11708/11708/11572) [9,27,10]/[9,42] r=1 lpr=11708 pi=11491-11707/4 luod=0'0 crt=6745'24728 lcod 0'0 active+remapped] exit Started/ReplicaActive/RepNotRecovering 5.523492 18 0.000343 -1170>
2014-09-18 18:08:36.695511 7f4c97241700 5 osd.42 pg_epoch: 11715 pg[2.67b( v 6745'24728 (4138'21305,6745'24728] local-les=11709 n=520 ec=188 les/c 11709/11573 11708/11708/11572) [9,27,10]/[9,42] r=1 lpr=11708 pi=11491-11707/4 luod=0'0 crt=6745'24728 lcod 0'0 active+remapped] exit Started/ReplicaActive 5.523646 0 0.000000 -1169>
2014-09-18 18:08:36.695473 7f4c96a40700 5 osd.42 pg_epoch: 11715 pg[2.4c0( v 6835'27134 (4119'23725,6835'27134] local-les=11491 n=496 ec=188 les/c 11491/10727 11715/11715/11490) [32,42,3]/[9,42] r=1 lpr=11715 pi=10726-11714/9 crt=6835'27134 lcod 0'0 remapped NOTIFY] exit Start 0.000026 0 0.000000 -1168>
2014-09-18 18:08:36.695526 7f4c97241700 5 osd.42 pg_epoch: 11715 pg[2.67b( v 6745'24728 (4138'21305,6745'24728] local-les=11709 n=520 ec=188 les/c 11709/11573 11708/11708/11572) [9,27,10]/[9,42] r=1 lpr=11708 pi=11491-11707/4 luod=0'0 crt=6745'24728 lcod 0'0 active+remapped] exit Started 6.972767 0 0.000000 -1167>
2014-09-18 18:08:36.695527 7f4c96a40700 5 osd.42 pg_epoch: 11715 pg[2.4c0( v 6835'27134 (4119'23725,6835'27134] local-les=11491 n=496 ec=188 les/c 11491/10727 11715/11715/11490) [32,42,3]/[9,42] r=1 lpr=11715 pi=10726-11714/9 crt=6835'27134 lcod 0'0 remapped NOTIFY] enter Started/Stray -1166>
2014-09-18 18:08:36.695541 7f4c97241700 5 osd.42 pg_epoch: 11715 pg[2.67b( v 6745'24728 (4138'21305,6745'24728] local-les=11709 n=520 ec=188 les/c 11709/11573 11708/11708/11572) [9,27,10]/[9,42] r=1 lpr=11708 pi=11491-11707/4 luod=0'0 crt=6745'24728 lcod 0'0 active+remapped] enter Reset -1165>
2014-09-18 18:08:36.695581 7f4c97241700 5 osd.42 pg_epoch: 11715 pg[2.67b( v 6745'24728 (4138'21305,6745'24728] local-les=11709 n=520 ec=188 les/c 11709/11573 11715/11715/11572) [6,27,10]/[9,42] r=1 lpr=11715 pi=11491-11714/5 crt=6745'24728 lcod 0'0 remapped NOTIFY] exit Reset 0.000039 1 0.000161 -1164>
2014-09-18 18:08:36.695607 7f4c97241700 5 osd.42 pg_epoch: 11715 pg[2.67b( v 6745'24728 (4138'21305,6745'24728] local-les=11709 n=520 ec=188 les/c 11709/11573 11715/11715/11572) [6,27,10]/[9,42] r=1 lpr=11715 pi=11491-11714/5 crt=6745'24728 lcod 0'0 remapped NOTIFY] enter Started -1163>
2014-09-18 18:08:36.695617 7f4c97241700 5 osd.42 pg_epoch: 11715 pg[2.67b( v 6745'24728 (4138'21305,6745'24728] local-les=11709 n=520 ec=188 les/c 11709/11573 11715/11715/11572) [6,27,10]/[9,42] r=1 lpr=11715 pi=11491-11714/5 crt=6745'24728 lcod 0'0 remapped NOTIFY] enter Start -1162>
2014-09-18 18:08:36.695626 7f4c97241700 1 osd.42 pg_epoch: 11715 pg[2.67b( v 6745'24728 (4138'21305,6745'24728] local-les=11709 n=520 ec=188 les/c 11709/11573 11715/11715/11572) [6,27,10]/[9,42] r=1 lpr=11715 pi=11491-11714/5 crt=6745'24728 lcod 0'0 remapped NOTIFY] state: transitioning to Stray -1161>
2014-09-18 18:08:36.695634 7f4c9f251700 1 -- 10.242.42.178:6807/2483 <== osd.1 10.242.42.164:6857/39817 9 ==== pg_notify(2.78f(157),2.4c6(15) epoch 11715) v5 ==== 10940+0+0 (620305890 0 0) 0xe147c20 con 0x12b3b2e0 -1160>
2014-09-18 18:08:36.695637 7f4c97241700 5 osd.42 pg_epoch: 11715 pg[2.67b( v 6745'24728 (4138'21305,6745'24728] local-les=11709 n=520 ec=188 les/c 11709/11573 11715/11715/11572) [6,27,10]/[9,42] r=1 lpr=11715 pi=11491-11714/5 crt=6745'24728 lcod 0'0 remapped NOTIFY] exit Start 0.000020 0 0.000000 -1159>
2014-09-18 18:08:36.695648 7f4c9f251700 5 -- op tracker -- , seq: 86308, time:
2014-09-18 18:08:36.695420, event: header_read, op: pg_notify(2.78f(157),2.4c6(15) epoch 11715) -1158>
2014-09-18 18:08:36.695649 7f4c97241700 5 osd.42 pg_epoch: 11715 pg[2.67b( v 6745'24728 (4138'21305,6745'24728] local-les=11709 n=520 ec=188 les/c 11709/11573 11715/11715/11572) [6,27,10]/[9,42] r=1 lpr=11715 pi=11491-11714/5 crt=6745'24728 lcod 0'0 remapped NOTIFY] enter Started/Stray -1157>
2014-09-18 18:08:36.695655 7f4c9f251700 5 -- op tracker -- , seq: 86308, time:
2014-09-18 18:08:36.695421, event: throttled, op: pg_notify(2.78f(157),2.4c6(15) epoch 11715) -1156>
2014-09-18 18:08:36.695660 7f4c9f251700 5 -- op tracker -- , seq: 86308, time:
2014-09-18 18:08:36.695621, event: all_read, op: pg_notify(2.78f(157),2.4c6(15) epoch 11715) -1155>
2014-09-18 18:08:36.695667 7f4c9f251700 5 -- op tracker -- , seq: 86308, time:
2014-09-18 18:08:36.695644, event: dispatched, op: pg_notify(2.78f(157),2.4c6(15) epoch 11715) -1154>
2014-09-18 18:08:36.695674 7f4c9f251700 5 -- op tracker -- , seq: 86308, time:
2014-09-18 18:08:36.695672, event: waiting_for_osdmap, op: pg_notify(2.78f(157),2.4c6(15) epoch 11715) -1153>
2014-09-18 18:08:36.695682 7f4c9f251700 5 -- op tracker -- , seq: 86308, time:
2014-09-18 18:08:36.695680, event: started, op: pg_notify(2.78f(157),2.4c6(15) epoch 11715) -1152>
2014-09-18 18:08:36.695710 7f4c9f251700 5 -- op tracker -- , seq: 86308, time:
2014-09-18 18:08:36.695708, event: done, op: pg_notify(2.78f(157),2.4c6(15) epoch 11715) -1151>
2014-09-18 18:08:36.695826 7f4c96a40700 5 osd.42 pg_epoch: 11715 pg[2.250( v 6704'25402 (4156'22291,6704'25402] local-les=11507 n=547 ec=188 les/c 11507/10663 11504/11504/10662) [10,27,6]/[10,42] r=1 lpr=11504 pi=10123-11503/15 luod=0'0 crt=6704'25402 active+remapped] exit Started/ReplicaActive/RepNotRecovering 367.560098 624 0.001251 -1150>
2014-09-18 18:08:36.695845 7f4c96a40700 5 osd.42 pg_epoch: 11715 pg[2.250( v 6704'25402 (4156'22291,6704'25402] local-les=11507 n=547 ec=188 les/c 11507/10663 11504/11504/10662) [10,27,6]/[10,42] r=1 lpr=11504 pi=10123-11503/15 luod=0'0 crt=6704'25402 active+remapped] exit Started/ReplicaActive 367.560163 0 0.000000 -1149>
2014-09-18 18:08:36.695855 7f4c96a40700 5 osd.42 pg_epoch: 11715 pg[2.250( v 6704'25402 (4156'22291,6704'25402] local-les=11507 n=547 ec=188 les/c 11507/10663 11504/11504/10662) [10,27,6]/[10,42] r=1 lpr=11504 pi=10123-11503/15 luod=0'0 crt=6704'25402 active+remapped] exit Started 371.049244 0 0.000000 -1148>
2014-09-18 18:08:36.695864 7f4c96a40700 5 osd.42 pg_epoch: 11715 pg[2.250( v 6704'25402 (4156'22291,6704'25402] local-les=11507 n=547 ec=188 les/c 11507/10663 11504/11504/10662) [10,27,6]/[10,42] r=1 lpr=11504 pi=10123-11503/15 luod=0'0 crt=6704'25402 active+remapped] enter Reset -1147>
2014-09-18 18:08:36.695868 7f4c97241700 5 osd.42 pg_epoch: 11715 pg[2.b5( v 6775'26858 (4157'23883,6775'26858] local-les=11456 n=524 ec=188 les/c 11456/10730 11455/11455/11153) [11,56,27]/[56,42] r=1 lpr=11455 pi=10199-11454/20 luod=0'0 crt=6775'26858 active+remapped] exit Started/ReplicaActive/RepNotRecovering 426.699175 777 0.001379 -1146>
2014-09-18 18:08:36.695889 7f4c97241700 5 osd.42 pg_epoch: 11715 pg[2.b5( v 6775'26858 (4157'23883,6775'26858] local-les=11456 n=524 ec=188 les/c 11456/10730 11455/11455/11153) [11,56,27]/[56,42] r=1 lpr=11455 pi=10199-11454/20 luod=0'0 crt=6775'26858 active+remapped] exit Started/ReplicaActive 426.699249 0 0.000000 -1145>
2014-09-18 18:08:36.695903 7f4c97241700 5 osd.42 pg_epoch: 11715 pg[2.b5( v 6775'26858 (4157'23883,6775'26858] local-les=11456 n=524 ec=188 les/c 11456/10730 11455/11455/11153) [11,56,27]/[56,42] r=1 lpr=11455 pi=10199-11454/20 luod=0'0 crt=6775'26858 active+remapped] exit Started 427.863945 0 0.000000 -1144>
2014-09-18 18:08:36.695915 7f4c97241700 5 osd.42 pg_epoch: 11715 pg[2.b5( v 6775'26858 (4157'23883,6775'26858] local-les=11456 n=524 ec=188 les/c 11456/10730 11455/11455/11153) [11,56,27]/[56,42] r=1 lpr=11455 pi=10199-11454/20 luod=0'0 crt=6775'26858 active+remapped] enter Reset -1143>
2014-09-18 18:08:36.695935 7f4c96a40700 5 osd.42 pg_epoch: 11715 pg[2.250( v 6704'25402 (4156'22291,6704'25402] local-les=11507 n=547 ec=188 les/c 11507/10663 11715/11715/10662) [10,27,9]/[10,42] r=1 lpr=11715 pi=10123-11714/16 crt=6704'25402 remapped NOTIFY] exit Reset 0.000071 1 0.000066 -1142>
2014-09-18 18:08:36.696000 7f4c96a40700 5 osd.42 pg_epoch: 11715 pg[2.250( v 6704'25402 (4156'22291,6704'25402] local-les=11507 n=547 ec=188 les/c 11507/10663 11715/11715/10662) [10,27,9]/[10,42] r=1 lpr=11715 pi=10123-11714/16 crt=6704'25402 remapped NOTIFY] enter Started -1141>
2014-09-18 18:08:36.696009 7f4c96a40700 5 osd.42 pg_epoch: 11715 pg[2.250( v 6704'25402 (4156'22291,6704'25402] local-les=11507 n=547 ec=188 les/c 11507/10663 11715/11715/10662) [10,27,9]/[10,42] r=1 lpr=11715 pi=10123-11714/16 crt=6704'25402 remapped NOTIFY] enter Start -1140>
2014-09-18 18:08:36.696017 7f4c96a40700 1 osd.42 pg_epoch: 11715 pg[2.250( v 6704'25402 (4156'22291,6704'25402] local-les=11507 n=547 ec=188 les/c 11507/10663 11715/11715/10662) [10,27,9]/[10,42] r=1 lpr=11715 pi=10123-11714/16 crt=6704'25402 remapped NOTIFY] state: transitioning to Stray -1139>
2014-09-18 18:08:36.696025 7f4c96a40700 5 osd.42 pg_epoch: 11715 pg[2.250( v 6704'25402 (4156'22291,6704'25402] local-les=11507 n=547 ec=188 les/c 11507/10663 11715/11715/10662) [10,27,9]/[10,42] r=1 lpr=11715 pi=10123-11714/16 crt=6704'25402 remapped NOTIFY] exit Start 0.000016 0 0.000000 -1138>
2014-09-18 18:08:36.696004 7f4c97241700 5 osd.42 pg_epoch: 11715 pg[2.b5( v 6775'26858 (4157'23883,6775'26858] local-les=11456 n=524 ec=188 les/c 11456/10730 11715/11715/11153) [11,27,9]/[56,42] r=1 lpr=11715 pi=10199-11714/21 crt=6775'26858 remapped NOTIFY] exit Reset 0.000089 1 0.000081 -1137>
2014-09-18 18:08:36.696037 7f4c96a40700 5 osd.42 pg_epoch: 11715 pg[2.250( v 6704'25402 (4156'22291,6704'25402] local-les=11507 n=547 ec=188 les/c 11507/10663 11715/11715/10662) [10,27,9]/[10,42] r=1 lpr=11715 pi=10123-11714/16 crt=6704'25402 remapped NOTIFY] enter Started/Stray -1136>
2014-09-18 18:08:36.696044 7f4c97241700 5 osd.42 pg_epoch: 11715 pg[2.b5( v 6775'26858 (4157'23883,6775'26858] local-les=11456 n=524 ec=188 les/c 11456/10730 11715/11715/11153) [11,27,9]/[56,42] r=1 lpr=11715 pi=10199-11714/21 crt=6775'26858 remapped NOTIFY] enter Started -1135>
2014-09-18 18:08:36.696056 7f4c97241700 5 osd.42 pg_epoch: 11715 pg[2.b5( v 6775'26858 (4157'23883,6775'26858] local-les=11456 n=524 ec=188 les/c 11456/10730 11715/11715/11153) [11,27,9]/[56,42] r=1 lpr=11715 pi=10199-11714/21 crt=6775'26858 remapped NOTIFY] enter Start -1134>
2014-09-18 18:08:36.696067 7f4c97241700 1 osd.42 pg_epoch: 11715 pg[2.b5( v 6775'26858 (4157'23883,6775'26858] local-les=11456 n=524 ec=188 les/c 11456/10730 11715/11715/11153) [11,27,9]/[56,42] r=1 lpr=11715 pi=10199-11714/21 crt=6775'26858 remapped NOTIFY] state: transitioning to Stray -1133>
2014-09-18 18:08:36.696080 7f4c97241700 5 osd.42 pg_epoch: 11715 pg[2.b5( v 6775'26858 (4157'23883,6775'26858] local-les=11456 n=524 ec=188 les/c 11456/10730 11715/11715/11153) [11,27,9]/[56,42] r=1 lpr=11715 pi=10199-11714/21 crt=6775'26858 remapped NOTIFY] exit Start 0.000024 0 0.000000 -1132>
2014-09-18 18:08:36.696093 7f4c97241700 5 osd.42 pg_epoch: 11715 pg[2.b5( v 6775'26858 (4157'23883,6775'26858] local-les=11456 n=524 ec=188 les/c 11456/10730 11715/11715/11153) [11,27,9]/[56,42] r=1 lpr=11715 pi=10199-11714/21 crt=6775'26858 remapped NOTIFY] enter Started/Stray -1131>
2014-09-18 18:08:36.696115 7f4c96a40700 1 -- 10.242.42.178:6807/2483 --> 10.242.42.166:6826/24959 -- pg_notify(2.4c0(9) epoch 11715) v5 -- ?+0 0xf2b01c0 con 0x1395ec60 -1130>
2014-09-18 18:08:36.696133 7f4c96a40700 1 -- 10.242.42.178:6807/2483 --> 10.242.42.168:6845/1010695 -- osd_map(11713..11715 src has 1..11715) v3 -- ?+0 0xcc03cc0 con 0x12b53020 -1129>
2014-09-18 18:08:36.696143 7f4c96a40700 1 -- 10.242.42.178:6807/2483 --> 10.242.42.168:6845/1010695 -- pg_notify(2.250(16) epoch 11715) v5 -- ?+0 0x104130e0 con 0x12b53020 -1128>
2014-09-18 18:08:36.696182 7f4c96a40700 1 -- 10.242.42.178:6807/2483 --> 10.242.42.164:6811/17421 -- pg_notify(2.654(12) epoch 11715) v5 -- ?+0 0x10413fe0 con 0xcbecec0 -1127>
2014-09-18 18:08:36.696208 7f4c96a40700 1 -- 10.242.42.178:6807/2483 --> 10.242.42.166:6826/24959 -- pg_query(2.376 epoch 11715) v3 -- ?+0 0x10413e00 con 0x1395ec60 -1126>
2014-09-18 18:08:36.696287 7f4c96a40700 1 -- 10.242.42.178:6807/2483 --> 10.242.42.172:6802/5612 -- pg_query(2.376 epoch 11715) v3 -- ?+0 0x104150c0 con 0xdd8c940 -1125>
2014-09-18 18:08:36.696304 7f4c96a40700 1 -- 10.242.42.178:6807/2483 --> 10.242.42.176:6835/46756 -- pg_query(2.376 epoch 11715) v3 -- ?+0 0x104125a0 con 0x142f8260 -1124>
2014-09-18 18:08:36.696610 7f4c97241700 1 -- 10.242.42.178:6807/2483 --> 10.242.42.166:6826/24959 -- pg_notify(2.67b(5) epoch 11715) v5 -- ?+0 0xf972000 con 0x1395ec60 -1123>
2014-09-18 18:08:36.696674 7f4c97241700 1 -- 10.242.42.178:6807/2483 --> 10.242.42.178:6819/4507 -- osd_map(11715..11715 src has 1..11715) v3 -- ?+0 0x11bb9840 con 0x23a74f20 -1122>
2014-09-18 18:08:36.696687 7f4c97241700 1 -- 10.242.42.178:6807/2483 --> 10.242.42.178:6819/4507 -- pg_notify(2.68e(181) epoch 11715) v5 -- ?+0 0xe1acd00 con 0x23a74f20 -1121>
2014-09-18 18:08:36.696697 7f4c9f251700 1 -- 10.242.42.178:6807/2483 <== osd.24 10.242.42.172:6802/5612 2376 ==== pg_notify(2.376 epoch 11715) v5 ==== 722+0+0 (3597790752 0 0) 0x104150c0 con 0xdd8c940 -1120>
2014-09-18 18:08:36.696713 7f4c9f251700 5 -- op tracker -- , seq: 86309, time:
2014-09-18 18:08:36.696640, event: header_read, op: pg_notify(2.376 epoch 11715) -1119>
2014-09-18 18:08:36.696722 7f4c9f251700 5 -- op tracker -- , seq: 86309, time:
2014-09-18 18:08:36.696641, event: throttled, op: pg_notify(2.376 epoch 11715) -1118>
2014-09-18 18:08:36.696722 7f4c97241700 1 -- 10.242.42.178:6807/2483 --> 10.242.42.172:6837/36458 -- osd_map(11714..11715 src has 1..11715) v3 -- ?+0 0x11bb9600 con 0x14358260 -1117>
2014-09-18 18:08:36.696729 7f4c9f251700 5 -- op tracker -- , seq: 86309, time:
2014-09-18 18:08:36.696683, event: all_read, op: pg_notify(2.376 epoch 11715) -1116>
2014-09-18 18:08:36.696735 7f4c9f251700 5 -- op tracker -- , seq: 86309, time:
2014-09-18 18:08:36.696709, event: dispatched, op: pg_notify(2.376 epoch 11715) -1115>
2014-09-18 18:08:36.696740 7f4c9f251700 5 -- op tracker -- , seq: 86309, time:
2014-09-18 18:08:36.696739, event: waiting_for_osdmap, op: pg_notify(2.376 epoch 11715) -1114>
2014-09-18 18:08:36.696748 7f4c9f251700 5 -- op tracker -- , seq: 86309, time:
2014-09-18 18:08:36.696746, event: started, op: pg_notify(2.376 epoch 11715) -1113>
2014-09-18 18:08:36.696756 7f4c97241700 1 -- 10.242.42.178:6807/2483 --> 10.242.42.172:6837/36458 -- pg_notify(2.b5(21) epoch 11715) v5 -- ?+0 0xe1aab40 con 0x14358260 -1112>
2014-09-18 18:08:36.696761 7f4c9f251700 5 -- op tracker -- , seq: 86309, time:
2014-09-18 18:08:36.696760, event: done, op: pg_notify(2.376 epoch 11715) -1111>
2014-09-18 18:08:36.696912 7f4c96a40700 1 -- 10.242.42.178:6807/2483 --> 10.242.42.166:6808/22481 -- pg_notify(2.4e8(8) epoch 11715) v5 -- ?+0 0x1213bde0 con 0x1088aec0 -1110>
2014-09-18 18:08:36.696934 7f4c96a40700 1 -- 10.242.42.178:6807/2483 --> 10.242.42.168:6840/1010879 -- pg_notify(2.30f(11),2.756(28) epoch 11715) v5 -- ?+0 0x128cc940 con 0x140f95a0 -1109>
2014-09-18 18:08:36.696951 7f4c96a40700 1 -- 10.242.42.178:6807/2483 --> 10.242.42.176:6814/1099 -- pg_notify(0.34(23) epoch 11715) v5 -- ?+0 0xedfd660 con 0x1395ef20 -1108>
2014-09-18 18:08:36.697020 7f4c96a40700 1 -- 10.242.42.178:6807/2483 --> 10.242.42.164:6811/17421 -- pg_notify(2.654(12) epoch 11715) v5 -- ?+0 0x2b92ef00 con 0xcbecec0 -1107>
2014-09-18 18:08:36.697050 7f4c96a40700 1 -- 10.242.42.178:6807/2483 --> 10.242.42.178:6817/7086 -- pg_notify(2.3c6(24) epoch 11715) v5 -- ?+0 0xf4883a0 con 0x1395f1e0 -1106>
2014-09-18 18:08:36.697135 7f4c97241700 1 -- 10.242.42.178:6807/2483 --> 10.242.42.168:6845/1010695 -- pg_notify(2.250(16) epoch 11715) v5 -- ?+0 0xe958d00 con 0x12b53020 -1105>
2014-09-18 18:08:36.697151 7f4c97241700 1 -- 10.242.42.178:6807/2483 --> 10.242.42.172:6837/36458 -- pg_notify(2.b5(21) epoch 11715) v5 -- ?+0 0x24f6fde0 con 0x14358260 -1104>
2014-09-18 18:08:36.697172 7f4c9f251700 1 -- 10.242.42.178:6807/2483 <== osd.35 10.242.42.164:6811/17421 3702 ==== pg_notify(2.40a(162) epoch 11715) v5 ==== 9736+0+0 (4062722493 0 0) 0x10413fe0 con 0xcbecec0 -1103>
2014-09-18 18:08:36.697188 7f4c9f251700 5 -- op tracker -- , seq: 86310, time:
2014-09-18 18:08:36.697047, event: header_read, op: pg_notify(2.40a(162) epoch 11715) -1102>
2014-09-18 18:08:36.697198 7f4c9f251700 5 -- op tracker -- , seq: 86310, time:
2014-09-18 18:08:36.697048, event: throttled, op: pg_notify(2.40a(162) epoch 11715) -1101>
2014-09-18 18:08:36.697204 7f4c9f251700 5 -- op tracker -- , seq: 86310, time:
2014-09-18 18:08:36.697159, event: all_read, op: pg_notify(2.40a(162) epoch 11715) -1100>
2014-09-18 18:08:36.697210 7f4c9f251700 5 -- op tracker -- , seq: 86310, time:
2014-09-18 18:08:36.697185, event: dispatched, op: pg_notify(2.40a(162) epoch 11715) -1099>
2014-09-18 18:08:36.697217 7f4c9f251700 5 -- op tracker -- , seq: 86310, time:
2014-09-18 18:08:36.697215, event: waiting_for_osdmap, op: pg_notify(2.40a(162) epoch 11715) -1098>
2014-09-18 18:08:36.697234 7f4c9f251700 5 -- op tracker -- , seq: 86310, time:
2014-09-18 18:08:36.697232, event: started, op: pg_notify(2.40a(162) epoch 11715) -1097>
2014-09-18 18:08:36.697252 7f4c9f251700 5 -- op tracker -- , seq: 86310, time:
2014-09-18 18:08:36.697251, event: done, op: pg_notify(2.40a(162) epoch 11715) -1096>
2014-09-18 18:08:36.697671 7f4c9f251700 1 -- 10.242.42.178:6807/2483 <== osd.58 10.242.42.176:6835/46756 48 ==== pg_notify(2.376(58) epoch 11715) v5 ==== 3960+0+0 (507216016 0 0) 0x104125a0 con 0x142f8260 -1095>
2014-09-18 18:08:36.697703 7f4c9f251700 5 -- op tracker -- , seq: 86311, time:
2014-09-18 18:08:36.697608, event: header_read, op: pg_notify(2.376(58) epoch 11715) -1094>
2014-09-18 18:08:36.697712 7f4c9f251700 5 -- op tracker -- , seq: 86311, time:
2014-09-18 18:08:36.697609, event: throttled, op: pg_notify(2.376(58) epoch 11715) -1093>
2014-09-18 18:08:36.697720 7f4c9f251700 5 -- op tracker -- , seq: 86311, time:
2014-09-18 18:08:36.697660, event: all_read, op: pg_notify(2.376(58) epoch 11715) -1092>
2014-09-18 18:08:36.697726 7f4c9f251700 5 -- op tracker -- , seq: 86311, time:
2014-09-18 18:08:36.697699, event: dispatched, op: pg_notify(2.376(58) epoch 11715) -1091>
2014-09-18 18:08:36.697732 7f4c9f251700 5 -- op tracker -- , seq: 86311, time:
2014-09-18 18:08:36.697731, event: waiting_for_osdmap, op: pg_notify(2.376(58) epoch 11715) -1090>
2014-09-18 18:08:36.697740 7f4c9f251700 5 -- op tracker -- , seq: 86311, time:
2014-09-18 18:08:36.697739, event: started, op: pg_notify(2.376(58) epoch 11715) -1089>
2014-09-18 18:08:36.697756 7f4c9f251700 5 -- op tracker -- , seq: 86311, time:
2014-09-18 18:08:36.697755, event: done, op: pg_notify(2.376(58) epoch 11715) -1088>
2014-09-18 18:08:36.697969 7f4c9f251700 1 -- 10.242.42.178:6807/2483 <== osd.35 10.242.42.164:6811/17421 3703 ==== pg_notify(2.186(12),2.719(17),2.71c(12),2.457(21) epoch 11715) v5 ==== 6174+0+0 (662014541 0 0) 0x2b92ef00 con 0xcbecec0 -1087>
2014-09-18 18:08:36.697991 7f4c9f251700 5 -- op tracker -- , seq: 86312, time:
2014-09-18 18:08:36.697907, event: header_read, op: pg_notify(2.186(12),2.719(17),2.71c(12),2.457(21) epoch 11715) -1086>
2014-09-18 18:08:36.698000 7f4c9f251700 5 -- op tracker -- , seq: 86312, time:
2014-09-18 18:08:36.697907, event: throttled, op: pg_notify(2.186(12),2.719(17),2.71c(12),2.457(21) epoch 11715) -1085>
2014-09-18 18:08:36.698006 7f4c9f251700 5 -- op tracker -- , seq: 86312, time:
2014-09-18 18:08:36.697959, event: all_read, op: pg_notify(2.186(12),2.719(17),2.71c(12),2.457(21) epoch 11715) -1084>
2014-09-18 18:08:36.698013 7f4c9f251700 5 -- op tracker -- , seq: 86312, time:
2014-09-18 18:08:36.697988, event: dispatched, op: pg_notify(2.186(12),2.719(17),2.71c(12),2.457(21) epoch 11715) -1083>
2014-09-18 18:08:36.698020 7f4c9f251700 5 -- op tracker -- , seq: 86312, time:
2014-09-18 18:08:36.698018, event: waiting_for_osdmap, op: pg_notify(2.186(12),2.719(17),2.71c(12),2.457(21) epoch 11715) -1082>
2014-09-18 18:08:36.698028 7f4c9f251700 5 -- op tracker -- , seq: 86312, time:
2014-09-18 18:08:36.698026, event: started, op: pg_notify(2.186(12),2.719(17),2.71c(12),2.457(21) epoch 11715) -1081>
2014-09-18 18:08:36.698081 7f4c9f251700 5 -- op tracker -- , seq: 86312, time:
2014-09-18 18:08:36.698079, event: done, op: pg_notify(2.186(12),2.719(17),2.71c(12),2.457(21) epoch 11715) -1080>
2014-09-18 18:08:36.698785 7f4c9f251700 1 -- 10.242.42.178:6807/2483 <== osd.35 10.242.42.164:6811/17421 3704 ==== pg_notify(2.1bb(9) epoch 11715) v5 ==== 1189+0+0 (3057728084 0 0) 0xf192f00 con 0xcbecec0 -1079>
2014-09-18 18:08:36.698800 7f4c9f251700 5 -- op tracker -- , seq: 86313, time:
2014-09-18 18:08:36.698747, event: header_read, op: pg_notify(2.1bb(9) epoch 11715) -1078>
2014-09-18 18:08:36.698818 7f4c9f251700 5 -- op tracker -- , seq: 86313, time:
2014-09-18 18:08:36.698748, event: throttled, op: pg_notify(2.1bb(9) epoch 11715) -1077>
2014-09-18 18:08:36.698824 7f4c9f251700 5 -- op tracker -- , seq: 86313, time:
2014-09-18 18:08:36.698773, event: all_read, op: pg_notify(2.1bb(9) epoch 11715) -1076>
2014-09-18 18:08:36.698830 7f4c9f251700 5 -- op tracker -- , seq: 86313, time:
2014-09-18 18:08:36.698796, event: dispatched, op: pg_notify(2.1bb(9) epoch 11715) -1075>
2014-09-18 18:08:36.698836 7f4c9f251700 5 -- op tracker -- , seq: 86313, time:
2014-09-18 18:08:36.698835, event: waiting_for_osdmap, op: pg_notify(2.1bb(9) epoch 11715) -1074>
2014-09-18 18:08:36.698842 7f4c9f251700 5 -- op tracker -- , seq: 86313, time:
2014-09-18 18:08:36.698840, event: started, op: pg_notify(2.1bb(9) epoch 11715) -1073>
2014-09-18 18:08:36.698903 7f4c9f251700 5 -- op tracker -- , seq: 86313, time:
2014-09-18 18:08:36.698901, event: done, op: pg_notify(2.1bb(9) epoch 11715) -1072>
2014-09-18 18:08:36.701105 7f4c9f251700 1 -- 10.242.42.178:6807/2483 <== osd.35 10.242.42.164:6811/17421 3705 ==== pg_notify(2.78f(58) epoch 11715) v5 ==== 3828+0+0 (2813574610 0 0) 0xfccaee0 con 0xcbecec0 -1071>
2014-09-18 18:08:36.701121 7f4c9f251700 5 -- op tracker -- , seq: 86314, time:
2014-09-18 18:08:36.701008, event: header_read, op: pg_notify(2.78f(58) epoch 11715) -1070>
2014-09-18 18:08:36.701130 7f4c9f251700 5 -- op tracker -- , seq: 86314, time:
2014-09-18 18:08:36.701009, event: throttled, op: pg_notify(2.78f(58) epoch 11715) -1069>
2014-09-18 18:08:36.701136 7f4c9f251700 5 -- op tracker -- , seq: 86314, time:
2014-09-18 18:08:36.701068, event: all_read, op: pg_notify(2.78f(58) epoch 11715) -1068>
2014-09-18 18:08:36.701143 7f4c9f251700 5 -- op tracker -- , seq: 86314, time:
2014-09-18 18:08:36.701117, event: dispatched, op: pg_notify(2.78f(58) epoch 11715) -1067>
2014-09-18 18:08:36.701149 7f4c9f251700 5 -- op tracker -- , seq: 86314, time:
2014-09-18 18:08:36.701148, event: waiting_for_osdmap, op: pg_notify(2.78f(58) epoch 11715) -1066>
2014-09-18 18:08:36.701157 7f4c9f251700 5 -- op tracker -- , seq: 86314, time:
2014-09-18 18:08:36.701155, event: started, op: pg_notify(2.78f(58) epoch 11715) -1065>
2014-09-18 18:08:36.701174 7f4c9f251700 5 -- op tracker -- , seq: 86314, time:
2014-09-18 18:08:36.701172, event: done, op: pg_notify(2.78f(58) epoch 11715) -1064>
2014-09-18 18:08:36.704164 7f4c9f251700 1 -- 10.242.42.178:6807/2483 <== osd.27 10.242.42.174:6801/21548 950 ==== pg_notify(2.204(10) epoch 11715) v5 ==== 1276+0+0 (3082602235 0 0) 0xe146960 con 0x1395f8c0 -1063>
2014-09-18 18:08:36.704193 7f4c9f251700 5 -- op tracker -- , seq: 86315, time:
2014-09-18 18:08:36.704105, event: header_read, op: pg_notify(2.204(10) epoch 11715) -1062>
2014-09-18 18:08:36.704204 7f4c9f251700 5 -- op tracker -- , seq: 86315, time:
2014-09-18 18:08:36.704106, event: throttled, op: pg_notify(2.204(10) epoch 11715) -1061>
2014-09-18 18:08:36.704210 7f4c9f251700 5 -- op tracker -- , seq: 86315, time:
2014-09-18 18:08:36.704150, event: all_read, op: pg_notify(2.204(10) epoch 11715) -1060>
2014-09-18 18:08:36.704216 7f4c9f251700 5 -- op tracker -- , seq: 86315, time:
2014-09-18 18:08:36.704189, event: dispatched, op: pg_notify(2.204(10) epoch 11715) -1059>
2014-09-18 18:08:36.704223 7f4c9f251700 5 -- op tracker -- , seq: 86315, time:
2014-09-18 18:08:36.704221, event: waiting_for_osdmap, op: pg_notify(2.204(10) epoch 11715) -1058>
2014-09-18 18:08:36.704231 7f4c9f251700 5 -- op tracker -- , seq: 86315, time:
2014-09-18 18:08:36.704229, event: started, op: pg_notify(2.204(10) epoch 11715) -1057>
2014-09-18 18:08:36.704255 7f4c9f251700 5 -- op tracker -- , seq: 86315, time:
2014-09-18 18:08:36.704253, event: done, op: pg_notify(2.204(10) epoch 11715) -1056>
2014-09-18 18:08:36.706572 7f4c9f251700 1 -- 10.242.42.178:6807/2483 <== osd.27 10.242.42.174:6801/21548 951 ==== pg_notify(2.2d8(174) epoch 11715) v5 ==== 10808+0+0 (2893517736 0 0) 0x2b93c760 con 0x1395f8c0 -1055>
2014-09-18 18:08:36.706588 7f4c9f251700 5 -- op tracker -- , seq: 86316, time:
2014-09-18 18:08:36.706445, event: header_read, op: pg_notify(2.2d8(174) epoch 11715) -1054>
2014-09-18 18:08:36.706596 7f4c9f251700 5 -- op tracker -- , seq: 86316, time:
2014-09-18 18:08:36.706447, event: throttled, op: pg_notify(2.2d8(174) epoch 11715) -1053>
2014-09-18 18:08:36.706602 7f4c9f251700 5 -- op tracker -- , seq: 86316, time:
2014-09-18 18:08:36.706559, event: all_read, op: pg_notify(2.2d8(174) epoch 11715) -1052>
2014-09-18 18:08:36.706608 7f4c9f251700 5 -- op tracker -- , seq: 86316, time:
2014-09-18 18:08:36.706584, event: dispatched, op: pg_notify(2.2d8(174) epoch 11715) -1051>
2014-09-18 18:08:36.706614 7f4c9f251700 5 -- op tracker -- , seq: 86316, time:
2014-09-18 18:08:36.706613, event: waiting_for_osdmap, op: pg_notify(2.2d8(174) epoch 11715) -1050>
2014-09-18 18:08:36.706622 7f4c9f251700 5 -- op tracker -- , seq: 86316, time:
2014-09-18 18:08:36.706621, event: started, op: pg_notify(2.2d8(174) epoch 11715) -1049>
2014-09-18 18:08:36.706638 7f4c9f251700 5 -- op tracker -- , seq: 86316, time:
2014-09-18 18:08:36.706637, event: done, op: pg_notify(2.2d8(174) epoch 11715) -1048>
2014-09-18 18:08:36.720410 7f4c9f251700 1 -- 10.242.42.178:6807/2483 <== osd.27 10.242.42.174:6801/21548 952 ==== pg_notify(2.204(10) epoch 11715) v5 ==== 1276+0+0 (3082602235 0 0) 0x21cfc940 con 0x1395f8c0 -1047>
2014-09-18 18:08:36.720430 7f4c9f251700 5 -- op tracker -- , seq: 86317, time:
2014-09-18 18:08:36.720308, event: header_read, op: pg_notify(2.204(10) epoch 11715) -1046>
2014-09-18 18:08:36.720440 7f4c9f251700 5 -- op tracker -- , seq: 86317, time:
2014-09-18 18:08:36.720322, event: throttled, op: pg_notify(2.204(10) epoch 11715) -1045>
2014-09-18 18:08:36.720451 7f4c9f251700 5 -- op tracker -- , seq: 86317, time:
2014-09-18 18:08:36.720361, event: all_read, op: pg_notify(2.204(10) epoch 11715) -1044>
2014-09-18 18:08:36.720462 7f4c9f251700 5 -- op tracker -- , seq: 86317, time:
2014-09-18 18:08:36.720425, event: dispatched, op: pg_notify(2.204(10) epoch 11715) -1043>
2014-09-18 18:08:36.720468 7f4c9f251700 5 -- op tracker -- , seq: 86317, time:
2014-09-18 18:08:36.720467, event: waiting_for_osdmap, op: pg_notify(2.204(10) epoch 11715) -1042>
2014-09-18 18:08:36.720476 7f4c9f251700 5 -- op tracker -- , seq: 86317, time:
2014-09-18 18:08:36.720475, event: started, op: pg_notify(2.204(10) epoch 11715) -1041>
2014-09-18 18:08:36.720495 7f4c9f251700 5 -- op tracker -- , seq: 86317, time:
2014-09-18 18:08:36.720493, event: done, op: pg_notify(2.204(10) epoch 11715) -1040>
2014-09-18 18:08:36.721203 7f4c9f251700 1 -- 10.242.42.178:6807/2483 <== osd.27 10.242.42.174:6801/21548 953 ==== pg_info(1 pgs e11715:2.78f) v4 ==== 738+0+0 (3876468942 0 0) 0x19f38d00 con 0x1395f8c0 -1039>
2014-09-18 18:08:36.721223 7f4c9f251700 5 -- op tracker -- , seq: 86318, time:
2014-09-18 18:08:36.721133, event: header_read, op: pg_info(1 pgs e11715:2.78f) -1038>
2014-09-18 18:08:36.721233 7f4c9f251700 5 -- op tracker -- , seq: 86318, time:
2014-09-18 18:08:36.721133, event: throttled, op: pg_info(1 pgs e11715:2.78f) -1037>
2014-09-18 18:08:36.721239 7f4c9f251700 5 -- op tracker -- , seq: 86318, time:
2014-09-18 18:08:36.721159, event: all_read, op: pg_info(1 pgs e11715:2.78f) -1036>
2014-09-18 18:08:36.721245 7f4c9f251700 5 -- op tracker -- , seq: 86318, time:
2014-09-18 18:08:36.721218, event: dispatched, op: pg_info(1 pgs e11715:2.78f) -1035>
2014-09-18 18:08:36.721252 7f4c9f251700 5 -- op tracker -- , seq: 86318, time:
2014-09-18 18:08:36.721250, event: waiting_for_osdmap, op: pg_info(1 pgs e11715:2.78f) -1034>
2014-09-18 18:08:36.721260 7f4c9f251700 5 -- op tracker -- , seq: 86318, time:
2014-09-18 18:08:36.721258, event: started, op: pg_info(1 pgs e11715:2.78f) -1033>
2014-09-18 18:08:36.721277 7f4c9f251700 5 -- op tracker -- , seq: 86318, time:
2014-09-18 18:08:36.721276, event: done, op: pg_info(1 pgs e11715:2.78f) -1032>
2014-09-18 18:08:36.721728 7f4c9f251700 1 -- 10.242.42.178:6807/2483 <== osd.27 10.242.42.174:6801/21548 954 ==== pg_notify(2.2d8(174) epoch 11715) v5 ==== 10808+0+0 (2893517736 0 0) 0x104143a0 con 0x1395f8c0 -1031>
2014-09-18 18:08:36.721748 7f4c9f251700 5 -- op tracker -- , seq: 86319, time:
2014-09-18 18:08:36.721575, event: header_read, op: pg_notify(2.2d8(174) epoch 11715) -1030>
2014-09-18 18:08:36.721758 7f4c9f251700 5 -- op tracker -- , seq: 86319, time:
2014-09-18 18:08:36.721576, event: throttled, op: pg_notify(2.2d8(174) epoch 11715) -1029>
2014-09-18 18:08:36.721764 7f4c9f251700 5 -- op tracker -- , seq: 86319, time:
2014-09-18 18:08:36.721691, event: all_read, op: pg_notify(2.2d8(174) epoch 11715) -1028>
2014-09-18 18:08:36.721770 7f4c9f251700 5 -- op tracker -- , seq: 86319, time:
2014-09-18 18:08:36.721743, event: dispatched, op: pg_notify(2.2d8(174) epoch 11715) -1027>
2014-09-18 18:08:36.721777 7f4c9f251700 5 -- op tracker -- , seq: 86319, time:
2014-09-18 18:08:36.721775, event: waiting_for_osdmap, op: pg_notify(2.2d8(174) epoch 11715) -1026>
2014-09-18 18:08:36.721785 7f4c9f251700 5 -- op tracker -- , seq: 86319, time:
2014-09-18 18:08:36.721783, event: started, op: pg_notify(2.2d8(174) epoch 11715) -1025>
2014-09-18 18:08:36.721803 7f4c9f251700 5 -- op tracker -- , seq: 86319, time:
2014-09-18 18:08:36.721801, event: done, op: pg_notify(2.2d8(174) epoch 11715) -1024>
2014-09-18 18:08:36.735497 7f4caae41700 5 osd.42 11715 tick -1023>
2014-09-18 18:08:36.745642 7f4c9b249700 1 -- 10.242.42.178:6811/2483 <== osd.37 10.242.42.168:0/18319 109 ==== osd_ping(ping e11715 stamp
2014-09-18 18:08:36.612236) v2 ==== 47+0+0 (1909511321 0 0) 0x117383c0 con 0x11ffdce0 -1022>
2014-09-18 18:08:36.745674 7f4c9b249700 1 -- 10.242.42.178:6811/2483 --> 10.242.42.168:0/18319 -- osd_ping(ping_reply e11715 stamp
2014-09-18 18:08:36.612236) v2 -- ?+0 0x2b986d20 con 0x11ffdce0 -1021>
2014-09-18 18:08:36.745711 7f4c9ca4c700 1 -- 10.242.42.178:6813/2483 <== osd.37 10.242.42.168:0/18319 109 ==== osd_ping(ping e11715 stamp
2014-09-18 18:08:36.612236) v2 ==== 47+0+0 (1909511321 0 0) 0x11fd0b40 con 0x110bb860 -1020>
2014-09-18 18:08:36.745741 7f4c9ca4c700 1 -- 10.242.42.178:6813/2483 --> 10.242.42.168:0/18319 -- osd_ping(ping_reply e11715 stamp
2014-09-18 18:08:36.612236) v2 -- ?+0 0xfae9a20 con 0x110bb860 -1019>
2014-09-18 18:08:36.751017 7f4c9f251700 1 -- 10.242.42.178:6807/2483 <== osd.9 10.242.42.166:6826/24959 3251 ==== osd_map(11715..11715 src has 1..11715) v3 ==== 3478+0+0 (3560729998 0 0) 0x10d18640 con 0x1395ec60 -1018>
2014-09-18 18:08:36.751034 7f4c9f251700 3 osd.42 11715 handle_osd_map epochs [11715,11715], i have 11715, src has [1,11715] -1017>
2014-09-18 18:08:36.751063 7f4c9f251700 1 -- 10.242.42.178:6807/2483 <== osd.9 10.242.42.166:6826/24959 3252 ==== pg_notify(2.71(19) epoch 11715) v5 ==== 1795+0+0 (2939585226 0 0) 0xf972000 con 0x1395ec60 -1016>
2014-09-18 18:08:36.751074 7f4c9f251700 5 -- op tracker -- , seq: 86320, time:
2014-09-18 18:08:36.751017, event: header_read, op: pg_notify(2.71(19) epoch 11715) -1015>
2014-09-18 18:08:36.751083 7f4c9f251700 5 -- op tracker -- , seq: 86320, time:
2014-09-18 18:08:36.751018, event: throttled, op: pg_notify(2.71(19) epoch 11715) -1014>
2014-09-18 18:08:36.751089 7f4c9f251700 5 -- op tracker -- , seq: 86320, time:
2014-09-18 18:08:36.751053, event: all_read, op: pg_notify(2.71(19) epoch 11715) -1013>
2014-09-18 18:08:36.751095 7f4c9f251700 5 -- op tracker -- , seq: 86320, time:
2014-09-18 18:08:36.751071, event: dispatched, op: pg_notify(2.71(19) epoch 11715) -1012>
2014-09-18 18:08:36.751101 7f4c9f251700 5 -- op tracker -- , seq: 86320, time:
2014-09-18 18:08:36.751100, event: waiting_for_osdmap, op: pg_notify(2.71(19) epoch 11715) -1011>
2014-09-18 18:08:36.751109 7f4c9f251700 5 -- op tracker -- , seq: 86320, time:
2014-09-18 18:08:36.751107, event: started, op: pg_notify(2.71(19) epoch 11715) -1010>
2014-09-18 18:08:36.751126 7f4c9f251700 5 -- op tracker -- , seq: 86320, time:
2014-09-18 18:08:36.751125, event: done, op: pg_notify(2.71(19) epoch 11715) -1009>
2014-09-18 18:08:36.753141 7f4c9f251700 1 -- 10.242.42.178:6807/2483 <== osd.9 10.242.42.166:6826/24959 3253 ==== pg_notify(2.376(10) epoch 11715) v5 ==== 1296+0+0 (1718467983 0 0) 0x10413e00 con 0x1395ec60 -1008>
2014-09-18 18:08:36.753155 7f4c9f251700 5 -- op tracker -- , seq: 86321, time:
2014-09-18 18:08:36.753100, event: header_read, op: pg_notify(2.376(10) epoch 11715) -1007>
2014-09-18 18:08:36.753163 7f4c9f251700 5 -- op tracker -- , seq: 86321, time:
2014-09-18 18:08:36.753100, event: throttled, op: pg_notify(2.376(10) epoch 11715) -1006>
2014-09-18 18:08:36.753169 7f4c9f251700 5 -- op tracker -- , seq: 86321, time:
2014-09-18 18:08:36.753130, event: all_read, op: pg_notify(2.376(10) epoch 11715) -1005>
2014-09-18 18:08:36.753175 7f4c9f251700 5 -- op tracker -- , seq: 86321, time:
2014-09-18 18:08:36.753152, event: dispatched, op: pg_notify(2.376(10) epoch 11715) -1004>
2014-09-18 18:08:36.753182 7f4c9f251700 5 -- op tracker -- , seq: 86321, time:
2014-09-18 18:08:36.753180, event: waiting_for_osdmap, op: pg_notify(2.376(10) epoch 11715) -1003>
2014-09-18 18:08:36.753189 7f4c9f251700 5 -- op tracker -- , seq: 86321, time:
2014-09-18 18:08:36.753188, event: started, op: pg_notify(2.376(10) epoch 11715) -1002>
2014-09-18 18:08:36.753205 7f4c9f251700 5 -- op tracker -- , seq: 86321, time:
2014-09-18 18:08:36.753204, event: done, op: pg_notify(2.376(10) epoch 11715) -1001>
2014-09-18 18:08:36.753221 7f4c97241700 5 osd.42 pg_epoch: 11715 pg[2.376( v 6772'25996 (4155'22997,6772'25996] local-les=11491 n=524 ec=188 les/c 11491/11491 11715/11715/9945) [42,24,58] r=0 lpr=11715 pi=11490-11714/1 crt=6764'25987 lcod 0'0 mlcod 0'0 peering] exit Started/Primary/Peering/GetInfo 0.058731 5 0.000270 -1000>
2014-09-18 18:08:36.753342 7f4c97241700 5 osd.42 pg_epoch: 11715 pg[2.376( v 6772'25996 (4155'22997,6772'25996] local-les=11491 n=524 ec=188 les/c 11491/11491 11715/11715/9945) [42,24,58] r=0 lpr=11715 pi=11490-11714/1 crt=6764'25987 lcod 0'0 mlcod 0'0 peering] enter Started/Primary/Peering/GetLog -999>
2014-09-18 18:08:36.753435 7f4c97241700 5 osd.42 pg_epoch: 11715 pg[2.376( v 6772'25996 (4155'22997,6772'25996] local-les=11491 n=524 ec=188 les/c 11491/11491 11715/11715/9945) [42,24,58] r=0 lpr=11715 pi=11490-11714/1 crt=6764'25987 lcod 0'0 mlcod 0'0 peering] exit Started/Primary/Peering/GetLog 0.000093 0 0.000000 -998>
2014-09-18 18:08:36.753458 7f4c97241700 5 osd.42 pg_epoch: 11715 pg[2.376( v 6772'25996 (4155'22997,6772'25996] local-les=11491 n=524 ec=188 les/c 11491/11491 11715/11715/9945) [42,24,58] r=0 lpr=11715 pi=11490-11714/1 crt=6764'25987 lcod 0'0 mlcod 0'0 peering] exit Started/Primary/Peering 0.058979 0 0.000000 -997>
