2014-09-18 18:08:37.615717) v2 -- ?+0 0xf4effe0 con 0x1d5bc7e0 -449>
2014-09-18 18:08:37.616302 7f4c9ca4c700 1 -- 10.242.42.178:6813/2483 --> 10.242.42.164:0/15878 -- osd_ping(ping_reply e11715 stamp
2014-09-18 18:08:37.615717) v2 -- ?+0 0xf2b5660 con 0x142e8260 -448>
2014-09-18 18:08:37.678179 7f4c775e0700 2 -- 10.242.42.178:6807/2483 >> 10.242.42.164:6857/39817 pipe(0x10b659c0 sd=59 :6807 s=1 pgs=32 cs=2 l=0 c=0x12b3b2e0).connect error 10.242.42.164:6857/39817, (111) Connection refused -447>
2014-09-18 18:08:37.678214 7f4c775e0700 2 -- 10.242.42.178:6807/2483 >> 10.242.42.164:6857/39817 pipe(0x10b659c0 sd=59 :6807 s=1 pgs=32 cs=2 l=0 c=0x12b3b2e0).fault (111) Connection refused -446>
2014-09-18 18:08:37.685694 7f4ca0a54700 1 -- 10.242.42.178:6801/2483 <== mon.2 10.242.42.188:6789/0 34 ==== osd_map(11716..11716 src has 1..11716) v3 ==== 1237+0+0 (716772192 0 0) 0x15e31680 con 0x111771e0 -445>
2014-09-18 18:08:37.685808 7f4ca0a54700 3 osd.42 11715 handle_osd_map epochs [11716,11716], i have 11715, src has [1,11716] -444>
2014-09-18 18:08:37.688084 7f4c97241700 10 monclient: _send_mon_message to mon.rack2-ram-3 at 10.242.42.188:6789/0 -443>
2014-09-18 18:08:37.688094 7f4c97241700 1 -- 10.242.42.178:6801/2483 --> 10.242.42.188:6789/0 -- osd_pgtemp(e11716 {2.376=[42,58,9],2.763=[13,58,24]} v11716) v1 -- ?+0 0x12218c00 con 0x111771e0 -442>
2014-09-18 18:08:37.688116 7f4c9f251700 1 -- 10.242.42.178:6807/2483 <== osd.32 10.242.42.176:6814/1099 552 ==== osd_map(11716..11716 src has 1..11716) v3 ==== 1237+0+0 (716772192 0 0) 0xe269600 con 0x1395ef20 -441>
2014-09-18 18:08:37.688528 7f4c9f251700 3 osd.42 11716 handle_osd_map epochs [11716,11716], i have 11716, src has [1,11716] -440>
2014-09-18 18:08:37.688544 7f4c9f251700 1 -- 10.242.42.178:6807/2483 <== osd.32 10.242.42.176:6814/1099 553 ==== pg_log(0.34 epoch 11716 log log((0'0,0'0], crt=0'0) query_epoch 11716) v4 ==== 802+0+0 (2973945909 0 0) 0x10bea700 con 0x1395ef20 -439>
2014-09-18 18:08:37.688564 7f4c9f251700 5 -- op tracker -- , seq: 86364, time:
2014-09-18 18:08:37.688119, event: header_read, op: pg_log(0.34 epoch 11716 log log((0'0,0'0], crt=0'0) query_epoch 11716) -438>
2014-09-18 18:08:37.688579 7f4c9f251700 5 -- op tracker -- , seq: 86364, time:
2014-09-18 18:08:37.688120, event: throttled, op: pg_log(0.34 epoch 11716 log log((0'0,0'0], crt=0'0) query_epoch 11716) -437>
2014-09-18 18:08:37.688588 7f4c9f251700 5 -- op tracker -- , seq: 86364, time:
2014-09-18 18:08:37.688147, event: all_read, op: pg_log(0.34 epoch 11716 log log((0'0,0'0], crt=0'0) query_epoch 11716) -436>
2014-09-18 18:08:37.688596 7f4c9f251700 5 -- op tracker -- , seq: 86364, time:
2014-09-18 18:08:37.688558, event: dispatched, op: pg_log(0.34 epoch 11716 log log((0'0,0'0], crt=0'0) query_epoch 11716) -435>
2014-09-18 18:08:37.688606 7f4c9f251700 5 -- op tracker -- , seq: 86364, time:
2014-09-18 18:08:37.688603, event: waiting_for_osdmap, op: pg_log(0.34 epoch 11716 log log((0'0,0'0], crt=0'0) query_epoch 11716) -434>
2014-09-18 18:08:37.688617 7f4c9f251700 5 -- op tracker -- , seq: 86364, time:
2014-09-18 18:08:37.688613, event: started, op: pg_log(0.34 epoch 11716 log log((0'0,0'0], crt=0'0) query_epoch 11716) -433>
2014-09-18 18:08:37.688636 7f4c9f251700 5 -- op tracker -- , seq: 86364, time:
2014-09-18 18:08:37.688633, event: done, op: pg_log(0.34 epoch 11716 log log((0'0,0'0], crt=0'0) query_epoch 11716) -432>
2014-09-18 18:08:37.688649 7f4c9f251700 1 -- 10.242.42.178:6807/2483 <== osd.11 10.242.42.168:6804/17298 57 ==== osd_map(11716..11716 src has 1..11716) v3 ==== 1237+0+0 (716772192 0 0) 0xe339840 con 0x1395f340 -431>
2014-09-18 18:08:37.688660 7f4c9f251700 3 osd.42 11716 handle_osd_map epochs [11716,11716], i have 11716, src has [1,11716] -430>
2014-09-18 18:08:37.688629 7f4ca0a54700 1 -- 10.242.42.178:6801/2483 <== mon.2 10.242.42.188:6789/0 35 ==== osd_map(11712..11716 src has 1..11716) v3 ==== 6539+0+0 (787435063 0 0) 0x11174ac0 con 0x111771e0 -429>
2014-09-18 18:08:37.688667 7f4c9f251700 1 -- 10.242.42.178:6807/2483 <== osd.11 10.242.42.168:6804/17298 58 ==== pg_notify(2.1d8(9) epoch 11716) v5 ==== 1261+0+0 (2298600024 0 0) 0xfa270e0 con 0x1395f340 -428>
2014-09-18 18:08:37.688675 7f4ca0a54700 3 osd.42 11716 handle_osd_map epochs [11712,11716], i have 11716, src has [1,11716] -427>
2014-09-18 18:08:37.688698 7f4c9f251700 5 -- op tracker -- , seq: 86365, time:
2014-09-18 18:08:37.688455, event: header_read, op: pg_notify(2.1d8(9) epoch 11716) -426>
2014-09-18 18:08:37.688707 7f4c9f251700 5 -- op tracker -- , seq: 86365, time:
2014-09-18 18:08:37.688456, event: throttled, op: pg_notify(2.1d8(9) epoch 11716) -425>
2014-09-18 18:08:37.688714 7f4c9f251700 5 -- op tracker -- , seq: 86365, time:
2014-09-18 18:08:37.688494, event: all_read, op: pg_notify(2.1d8(9) epoch 11716) -424>
2014-09-18 18:08:37.688726 7f4c9f251700 5 -- op tracker -- , seq: 86365, time:
2014-09-18 18:08:37.688675, event: dispatched, op: pg_notify(2.1d8(9) epoch 11716) -423>
2014-09-18 18:08:37.688737 7f4c9f251700 5 -- op tracker -- , seq: 86365, time:
2014-09-18 18:08:37.688734, event: waiting_for_osdmap, op: pg_notify(2.1d8(9) epoch 11716) -422>
2014-09-18 18:08:37.688761 7f4c9f251700 5 -- op tracker -- , seq: 86365, time:
2014-09-18 18:08:37.688758, event: started, op: pg_notify(2.1d8(9) epoch 11716) -421>
2014-09-18 18:08:37.688782 7f4c9f251700 5 -- op tracker -- , seq: 86365, time:
2014-09-18 18:08:37.688780, event: done, op: pg_notify(2.1d8(9) epoch 11716) -420>
2014-09-18 18:08:37.688799 7f4c9f251700 1 -- 10.242.42.178:6807/2483 <== osd.56 10.242.42.172:6837/36458 1055 ==== osd_map(11716..11716 src has 1..11716) v3 ==== 1237+0+0 (716772192 0 0) 0x11bb9600 con 0x14358260 -419>
2014-09-18 18:08:37.688811 7f4c9f251700 3 osd.42 11716 handle_osd_map epochs [11716,11716], i have 11716, src has [1,11716] -418>
2014-09-18 18:08:37.688818 7f4c9f251700 1 -- 10.242.42.178:6807/2483 <== osd.56 10.242.42.172:6837/36458 1056 ==== pg_notify(2.719(17) epoch 11716) v5 ==== 1601+0+0 (446595105 0 0) 0x24f6fde0 con 0x14358260 -417>
2014-09-18 18:08:37.688830 7f4c9f251700 5 -- op tracker -- , seq: 86366, time:
2014-09-18 18:08:37.688725, event: header_read, op: pg_notify(2.719(17) epoch 11716) -416>
2014-09-18 18:08:37.688839 7f4c9f251700 5 -- op tracker -- , seq: 86366, time:
2014-09-18 18:08:37.688726, event: throttled, op: pg_notify(2.719(17) epoch 11716) -415>
2014-09-18 18:08:37.688846 7f4c9f251700 5 -- op tracker -- , seq: 86366, time:
2014-09-18 18:08:37.688796, event: all_read, op: pg_notify(2.719(17) epoch 11716) -414>
2014-09-18 18:08:37.688854 7f4c9f251700 5 -- op tracker -- , seq: 86366, time:
2014-09-18 18:08:37.688826, event: dispatched, op: pg_notify(2.719(17) epoch 11716) -413>
2014-09-18 18:08:37.688862 7f4c9f251700 5 -- op tracker -- , seq: 86366, time:
2014-09-18 18:08:37.688860, event: waiting_for_osdmap, op: pg_notify(2.719(17) epoch 11716) -412>
2014-09-18 18:08:37.688873 7f4c9f251700 5 -- op tracker -- , seq: 86366, time:
2014-09-18 18:08:37.688870, event: started, op: pg_notify(2.719(17) epoch 11716) -411>
2014-09-18 18:08:37.688909 7f4c9f251700 5 -- op tracker -- , seq: 86366, time:
2014-09-18 18:08:37.688906, event: done, op: pg_notify(2.719(17) epoch 11716) -410>
2014-09-18 18:08:37.688923 7f4c9f251700 1 -- 10.242.42.178:6807/2483 <== osd.24 10.242.42.172:6802/5612 2377 ==== osd_map(11716..11716 src has 1..11716) v3 ==== 1237+0+0 (716772192 0 0) 0xe267d40 con 0xdd8c940 -409>
2014-09-18 18:08:37.688936 7f4c9f251700 3 osd.42 11716 handle_osd_map epochs [11716,11716], i have 11716, src has [1,11716] -408>
2014-09-18 18:08:37.688994 7f4c9f251700 1 -- 10.242.42.178:6807/2483 <== osd.24 10.242.42.172:6802/5612 2378 ==== pg_notify(2.457(21) epoch 11716) v5 ==== 1875+0+0 (981432886 0 0) 0xf1ed660 con 0xdd8c940 -407>
2014-09-18 18:08:37.689014 7f4c9f251700 5 -- op tracker -- , seq: 86367, time:
2014-09-18 18:08:37.688924, event: header_read, op: pg_notify(2.457(21) epoch 11716) -406>
2014-09-18 18:08:37.689026 7f4c9f251700 5 -- op tracker -- , seq: 86367, time:
2014-09-18 18:08:37.688925, event: throttled, op: pg_notify(2.457(21) epoch 11716) -405>
2014-09-18 18:08:37.689033 7f4c9f251700 5 -- op tracker -- , seq: 86367, time:
2014-09-18 18:08:37.688971, event: all_read, op: pg_notify(2.457(21) epoch 11716) -404>
2014-09-18 18:08:37.689039 7f4c9f251700 5 -- op tracker -- , seq: 86367, time:
2014-09-18 18:08:37.689009, event: dispatched, op: pg_notify(2.457(21) epoch 11716) -403>
2014-09-18 18:08:37.689047 7f4c9f251700 5 -- op tracker -- , seq: 86367, time:
2014-09-18 18:08:37.689044, event: waiting_for_osdmap, op: pg_notify(2.457(21) epoch 11716) -402>
2014-09-18 18:08:37.689056 7f4c9f251700 5 -- op tracker -- , seq: 86367, time:
2014-09-18 18:08:37.689053, event: started, op: pg_notify(2.457(21) epoch 11716) -401>
2014-09-18 18:08:37.689076 7f4c9f251700 5 -- op tracker -- , seq: 86367, time:
2014-09-18 18:08:37.689073, event: done, op: pg_notify(2.457(21) epoch 11716) -400>
2014-09-18 18:08:37.689431 7f4c97241700 1 -- 10.242.42.178:6807/2483 --> 10.242.42.166:6808/22481 -- osd_map(11716..11716 src has 1..11716) v3 -- ?+0 0x12bf0000 con 0x1088aec0 -399>
2014-09-18 18:08:37.689510 7f4c97241700 1 -- 10.242.42.178:6807/2483 --> 10.242.42.166:6808/22481 -- pg_notify(2.43f(14) epoch 11716) v5 -- ?+0 0xf91af00 con 0x1088aec0 -398>
2014-09-18 18:08:37.689595 7f4c97241700 1 -- 10.242.42.178:6807/2483 --> 10.242.42.168:6840/1010879 -- osd_map(11716..11716 src has 1..11716) v3 -- ?+0 0x12bf06c0 con 0x140f95a0 -397>
2014-09-18 18:08:37.689662 7f4c97241700 1 -- 10.242.42.178:6807/2483 --> 10.242.42.168:6840/1010879 -- pg_notify(2.30f(11) epoch 11716) v5 -- ?+0 0x2b94cb20 con 0x140f95a0 -396>
2014-09-18 18:08:37.689734 7f4c9f251700 1 -- 10.242.42.178:6807/2483 <== osd.53 10.242.42.170:6816/2318 800 ==== osd_map(11716..11716 src has 1..11716) v3 ==== 1237+0+0 (716772192 0 0) 0x2d7fbf80 con 0xe9a27e0 -395>
2014-09-18 18:08:37.689751 7f4c9f251700 3 osd.42 11716 handle_osd_map epochs [11716,11716], i have 11716, src has [1,11716] -394>
2014-09-18 18:08:37.689822 7f4c97241700 1 -- 10.242.42.178:6807/2483 --> 10.242.42.176:6829/1204 -- osd_map(11716..11716 src has 1..11716) v3 -- ?+0 0x12bf3a80 con 0x1395edc0 -393>
2014-09-18 18:08:37.689853 7f4c97241700 1 -- 10.242.42.178:6807/2483 --> 10.242.42.176:6829/1204 -- pg_notify(2.6b3(79) epoch 11716) v5 -- ?+0 0xf2b1a20 con 0x1395edc0 -392>
2014-09-18 18:08:37.689919 7f4c97241700 1 -- 10.242.42.178:6807/2483 --> 10.242.42.178:6817/7086 -- osd_map(11716..11716 src has 1..11716) v3 -- ?+0 0xe2ee640 con 0x1395f1e0 -391>
2014-09-18 18:08:37.689954 7f4c97241700 1 -- 10.242.42.178:6807/2483 --> 10.242.42.178:6817/7086 -- pg_notify(2.3c6(24) epoch 11716) v5 -- ?+0 0xf2b1840 con 0x1395f1e0 -390>
2014-09-18 18:08:37.689984 7f4c97241700 10 monclient: _send_mon_message to mon.rack2-ram-3 at 10.242.42.188:6789/0 -389>
2014-09-18 18:08:37.689993 7f4c97241700 1 -- 10.242.42.178:6801/2483 --> 10.242.42.188:6789/0 -- osd_pgtemp(e11716 {2.376=[42,58,9],2.763=[13,58,24]} v11716) v1 -- ?+0 0x1259a200 con 0x111771e0 -388>
2014-09-18 18:08:37.690155 7f4c9f251700 1 -- 10.242.42.178:6807/2483 <== osd.35 10.242.42.164:6811/17421 3707 ==== osd_map(11716..11716 src has 1..11716) v3 ==== 1237+0+0 (716772192 0 0) 0x10d166c0 con 0xcbecec0 -387>
2014-09-18 18:08:37.690181 7f4c9f251700 3 osd.42 11716 handle_osd_map epochs [11716,11716], i have 11716, src has [1,11716] -386>
2014-09-18 18:08:37.690188 7f4c9f251700 1 -- 10.242.42.178:6807/2483 <== osd.58 10.242.42.176:6835/46756 49 ==== osd_map(11716..11716 src has 1..11716) v3 ==== 1237+0+0 (716772192 0 0) 0x24dbed00 con 0x142f8260 -385>
2014-09-18 18:08:37.690197 7f4c9f251700 3 osd.42 11716 handle_osd_map epochs [11716,11716], i have 11716, src has [1,11716] -384>
2014-09-18 18:08:37.690338 7f4c9f251700 1 -- 10.242.42.178:6807/2483 <== osd.53 10.242.42.170:6816/2318 801 ==== pg_notify(2.2d8(174) epoch 11716) v5 ==== 10808+0+0 (718826160 0 0) 0x14220b20 con 0xe9a27e0 -383>
2014-09-18 18:08:37.690354 7f4c9f251700 5 -- op tracker -- , seq: 86368, time:
2014-09-18 18:08:37.689819, event: header_read, op: pg_notify(2.2d8(174) epoch 11716) -382>
2014-09-18 18:08:37.690364 7f4c9f251700 5 -- op tracker -- , seq: 86368, time:
2014-09-18 18:08:37.689820, event: throttled, op: pg_notify(2.2d8(174) epoch 11716) -381>
2014-09-18 18:08:37.690371 7f4c9f251700 5 -- op tracker -- , seq: 86368, time:
2014-09-18 18:08:37.690083, event: all_read, op: pg_notify(2.2d8(174) epoch 11716) -380>
2014-09-18 18:08:37.690376 7f4c9f251700 5 -- op tracker -- , seq: 86368, time:
2014-09-18 18:08:37.690349, event: dispatched, op: pg_notify(2.2d8(174) epoch 11716) -379>
2014-09-18 18:08:37.690383 7f4c9f251700 5 -- op tracker -- , seq: 86368, time:
2014-09-18 18:08:37.690381, event: waiting_for_osdmap, op: pg_notify(2.2d8(174) epoch 11716) -378>
2014-09-18 18:08:37.690392 7f4c9f251700 5 -- op tracker -- , seq: 86368, time:
2014-09-18 18:08:37.690390, event: started, op: pg_notify(2.2d8(174) epoch 11716) -377>
2014-09-18 18:08:37.690411 7f4c9f251700 5 -- op tracker -- , seq: 86368, time:
2014-09-18 18:08:37.690409, event: done, op: pg_notify(2.2d8(174) epoch 11716) -376>
2014-09-18 18:08:37.690435 7f4c9f251700 1 -- 10.242.42.178:6807/2483 <== osd.35 10.242.42.164:6811/17421 3708 ==== pg_notify(2.4f6(12) epoch 11716) v5 ==== 1382+0+0 (3315879697 0 0) 0x853eb20 con 0xcbecec0 -375>
2014-09-18 18:08:37.690448 7f4c9f251700 5 -- op tracker -- , seq: 86369, time:
2014-09-18 18:08:37.690024, event: header_read, op: pg_notify(2.4f6(12) epoch 11716) -374>
2014-09-18 18:08:37.690456 7f4c9f251700 5 -- op tracker -- , seq: 86369, time:
2014-09-18 18:08:37.690025, event: throttled, op: pg_notify(2.4f6(12) epoch 11716) -373>
2014-09-18 18:08:37.690462 7f4c9f251700 5 -- op tracker -- , seq: 86369, time:
2014-09-18 18:08:37.690071, event: all_read, op: pg_notify(2.4f6(12) epoch 11716) -372>
2014-09-18 18:08:37.690467 7f4c9f251700 5 -- op tracker -- , seq: 86369, time:
2014-09-18 18:08:37.690445, event: dispatched, op: pg_notify(2.4f6(12) epoch 11716) -371>
2014-09-18 18:08:37.690475 7f4c9f251700 5 -- op tracker -- , seq: 86369, time:
2014-09-18 18:08:37.690472, event: waiting_for_osdmap, op: pg_notify(2.4f6(12) epoch 11716) -370>
2014-09-18 18:08:37.690482 7f4c9f251700 5 -- op tracker -- , seq: 86369, time:
2014-09-18 18:08:37.690480, event: started, op: pg_notify(2.4f6(12) epoch 11716) -369>
2014-09-18 18:08:37.690517 7f4c9f251700 5 -- op tracker -- , seq: 86369, time:
2014-09-18 18:08:37.690512, event: done, op: pg_notify(2.4f6(12) epoch 11716) -368>
2014-09-18 18:08:37.690536 7f4c9f251700 1 -- 10.242.42.178:6807/2483 <== osd.58 10.242.42.176:6835/46756 50 ==== pg_notify(2.376(59) epoch 11716) v5 ==== 4019+0+0 (1638015776 0 0) 0x21cea5a0 con 0x142f8260 -367>
2014-09-18 18:08:37.690558 7f4c9f251700 5 -- op tracker -- , seq: 86370, time:
2014-09-18 18:08:37.690160, event: header_read, op: pg_notify(2.376(59) epoch 11716) -366>
2014-09-18 18:08:37.690566 7f4c9f251700 5 -- op tracker -- , seq: 86370, time:
2014-09-18 18:08:37.690161, event: throttled, op: pg_notify(2.376(59) epoch 11716) -365>
2014-09-18 18:08:37.690572 7f4c9f251700 5 -- op tracker -- , seq: 86370, time:
2014-09-18 18:08:37.690256, event: all_read, op: pg_notify(2.376(59) epoch 11716) -364>
2014-09-18 18:08:37.690578 7f4c9f251700 5 -- op tracker -- , seq: 86370, time:
2014-09-18 18:08:37.690555, event: dispatched, op: pg_notify(2.376(59) epoch 11716) -363>
2014-09-18 18:08:37.690585 7f4c9f251700 5 -- op tracker -- , seq: 86370, time:
2014-09-18 18:08:37.690584, event: waiting_for_osdmap, op: pg_notify(2.376(59) epoch 11716) -362>
2014-09-18 18:08:37.690593 7f4c9f251700 5 -- op tracker -- , seq: 86370, time:
2014-09-18 18:08:37.690591, event: started, op: pg_notify(2.376(59) epoch 11716) -361>
2014-09-18 18:08:37.690608 7f4c9f251700 5 -- op tracker -- , seq: 86370, time:
2014-09-18 18:08:37.690606, event: done, op: pg_notify(2.376(59) epoch 11716) -360>
2014-09-18 18:08:37.690664 7f4c97241700 1 -- 10.242.42.178:6807/2483 --> 10.242.42.176:6814/1099 -- osd_map(11716..11716 src has 1..11716) v3 -- ?+0 0xe2ee880 con 0x1395ef20 -359>
2014-09-18 18:08:37.690672 7f4c9f251700 1 -- 10.242.42.178:6807/2483 <== osd.22 10.242.42.172:6815/37668 1210 ==== osd_map(11716..11716 src has 1..11716) v3 ==== 1237+0+0 (716772192 0 0) 0x2db47840 con 0x1088b440 -358>
2014-09-18 18:08:37.690690 7f4c9f251700 3 osd.42 11716 handle_osd_map epochs [11716,11716], i have 11716, src has [1,11716] -357>
2014-09-18 18:08:37.690691 7f4c97241700 1 -- 10.242.42.178:6807/2483 --> 10.242.42.176:6814/1099 -- pg_notify(0.34(23) epoch 11716) v5 -- ?+0 0xf2b0ee0 con 0x1395ef20 -356>
2014-09-18 18:08:37.690738 7f4c97241700 10 monclient: _send_mon_message to mon.rack2-ram-3 at 10.242.42.188:6789/0 -355>
2014-09-18 18:08:37.690750 7f4c97241700 1 -- 10.242.42.178:6801/2483 --> 10.242.42.188:6789/0 -- osd_pgtemp(e11716 {2.376=[42,58,9],2.763=[13,58,24]} v11716) v1 -- ?+0 0x1259a800 con 0x111771e0 -354>
2014-09-18 18:08:37.690890 7f4c97241700 5 osd.42 pg_epoch: 11716 pg[2.2d8( v 6825'27712 (4157'24703,6825'27712] local-les=11505 n=502 ec=188 les/c 11505/9946 11715/11715/11491) [2,27,42]/[42] r=0 lpr=11715 pi=3414-11714/174 bft=2,27 crt=6745'27699 lcod 0'0 mlcod 0'0 remapped+peering] exit Started/Primary/Peering/WaitUpThru 0.845451 4 0.000298 -353>
2014-09-18 18:08:37.690940 7f4c97241700 5 osd.42 pg_epoch: 11716 pg[2.2d8( v 6825'27712 (4157'24703,6825'27712] local-les=11505 n=502 ec=188 les/c 11505/9946 11715/11715/11491) [2,27,42]/[42] r=0 lpr=11715 pi=3414-11714/174 bft=2,27 crt=6745'27699 lcod 0'0 mlcod 0'0 remapped+peering] exit Started/Primary/Peering 0.998355 0 0.000000 -352>
2014-09-18 18:08:37.690965 7f4c9f251700 1 -- 10.242.42.178:6807/2483 <== osd.22 10.242.42.172:6815/37668 1211 ==== pg_notify(2.2d8(174) epoch 11716) v5 ==== 10808+0+0 (718826160 0 0) 0xf8125a0 con 0x1088b440 -351>
2014-09-18 18:08:37.690982 7f4c9f251700 5 -- op tracker -- , seq: 86371, time:
2014-09-18 18:08:37.690793, event: header_read, op: pg_notify(2.2d8(174) epoch 11716) -350>
2014-09-18 18:08:37.690997 7f4c9f251700 5 -- op tracker -- , seq: 86371, time:
2014-09-18 18:08:37.690793, event: throttled, op: pg_notify(2.2d8(174) epoch 11716) -349>
2014-09-18 18:08:37.691004 7f4c9f251700 5 -- op tracker -- , seq: 86371, time:
2014-09-18 18:08:37.690948, event: all_read, op: pg_notify(2.2d8(174) epoch 11716) -348>
2014-09-18 18:08:37.691018 7f4c9f251700 5 -- op tracker -- , seq: 86371, time:
2014-09-18 18:08:37.690978, event: dispatched, op: pg_notify(2.2d8(174) epoch 11716) -347>
2014-09-18 18:08:37.691025 7f4c9f251700 5 -- op tracker -- , seq: 86371, time:
2014-09-18 18:08:37.691023, event: waiting_for_osdmap, op: pg_notify(2.2d8(174) epoch 11716) -346>
2014-09-18 18:08:37.691034 7f4c9f251700 5 -- op tracker -- , seq: 86371, time:
2014-09-18 18:08:37.691032, event: started, op: pg_notify(2.2d8(174) epoch 11716) -345>
2014-09-18 18:08:37.690962 7f4c97241700 5 osd.42 pg_epoch: 11716 pg[2.2d8( v 6825'27712 (4157'24703,6825'27712] local-les=11505 n=502 ec=188 les/c 11505/9946 11715/11715/11491) [2,27,42]/[42] r=0 lpr=11715 pi=3414-11714/174 bft=2,27 crt=6745'27699 lcod 0'0 mlcod 0'0 remapped] enter Started/Primary/Active -344>
2014-09-18 18:08:37.691056 7f4c96a40700 5 osd.42 pg_epoch: 11716 pg[2.204( v 6810'26722 (4155'23721,6810'26722] local-les=11491 n=533 ec=188 les/c 11491/10727 11715/11715/9945) [42,27,0]/[42,9] r=0 lpr=11715 pi=10726-11714/10 bft=0,27 crt=6779'26713 lcod 0'0 mlcod 0'0 remapped+peering] exit Started/Primary/Peering/WaitUpThru 0.128295 3 0.000401 -343>
2014-09-18 18:08:37.691210 7f4c96a40700 5 osd.42 pg_epoch: 11716 pg[2.204( v 6810'26722 (4155'23721,6810'26722] local-les=11491 n=533 ec=188 les/c 11491/10727 11715/11715/9945) [42,27,0]/[42,9] r=0 lpr=11715 pi=10726-11714/10 bft=0,27 crt=6779'26713 lcod 0'0 mlcod 0'0 remapped+peering] exit Started/Primary/Peering 0.998879 0 0.000000 -342>
2014-09-18 18:08:37.691225 7f4c96a40700 5 osd.42 pg_epoch: 11716 pg[2.204( v 6810'26722 (4155'23721,6810'26722] local-les=11491 n=533 ec=188 les/c 11491/10727 11715/11715/9945) [42,27,0]/[42,9] r=0 lpr=11715 pi=10726-11714/10 bft=0,27 crt=6779'26713 lcod 0'0 mlcod 0'0 remapped] enter Started/Primary/Active -341>
2014-09-18 18:08:37.691722 7f4c97241700 0 log_channel(default) log [INF] : 2.2d8 restarting backfill on osd.2 from (0'0,0'0] MAX to 6825'27712 -340>
2014-09-18 18:08:37.691823 7f4c96a40700 0 log_channel(default) log [INF] : 2.204 restarting backfill on osd.0 from (0'0,0'0] MAX to 6810'26722 -339>
2014-09-18 18:08:37.693054 7f4c96a40700 1 -- 10.242.42.178:6807/2483 --> 10.242.42.164:6801/15878 -- osd_map(11716..11716 src has 1..11716) v3 -- ?+0 0x1533dcc0 con 0x10a878c0 -338>
2014-09-18 18:08:37.693074 7f4c96a40700 1 -- 10.242.42.178:6807/2483 --> 10.242.42.164:6801/15878 -- pg_log(2.204 epoch 11716 log log((4155'23721,6810'26722], crt=6779'26713) query_epoch 11716) v4 -- ?+0 0x10f71500 con 0x10a878c0 -337>
2014-09-18 18:08:37.693514 7f4c97241700 1 -- 10.242.42.178:6807/2483 --> 10.242.42.164:6817/19139 -- osd_map(11716..11716 src has 1..11716) v3 -- ?+0 0x2db45b00 con 0x10f60520 -336>
2014-09-18 18:08:37.693532 7f4c97241700 1 -- 10.242.42.178:6807/2483 --> 10.242.42.164:6817/19139 -- pg_log(2.2d8 epoch 11716 log log((4157'24703,6825'27712], crt=6745'27699) query_epoch 11716) v4 -- ?+0 0x22ed9500 con 0x10f60520 -335>
2014-09-18 18:08:37.693864 7f4c97241700 5 osd.42 pg_epoch: 11716 pg[2.2d8( v 6825'27712 (4157'24703,6825'27712] local-les=11716 n=502 ec=188 les/c 11505/9946 11715/11715/11491) [2,27,42]/[42] r=0 lpr=11715 pi=3414-11714/174 bft=2,27 crt=6745'27699 lcod 0'0 mlcod 0'0 undersized+degraded+remapped] enter Started/Primary/Active/Activating -334>
2014-09-18 18:08:37.693776 7f4c96a40700 5 osd.42 pg_epoch: 11716 pg[2.204( v 6810'26722 (4155'23721,6810'26722] local-les=11716 n=533 ec=188 les/c 11491/10727 11715/11715/9945) [42,27,0]/[42,9] r=0 lpr=11715 pi=10726-11714/10 bft=0,27 crt=6779'26713 lcod 0'0 mlcod 0'0 undersized+degraded+remapped] enter Started/Primary/Active/Activating -333>
2014-09-18 18:08:37.696871 7f4c9f251700 5 -- op tracker -- , seq: 86371, time:
2014-09-18 18:08:37.696864, event: done, op: pg_notify(2.2d8(174) epoch 11716) -332>
2014-09-18 18:08:37.696963 7f4c96a40700 5 osd.42 pg_epoch: 11716 pg[2.763( empty local-les=0 n=0 ec=188 les/c 11403/11403 11715/11715/11715) [42,2,58] r=0 lpr=11715 pi=6625-11714/56 crt=0'0 mlcod 0'0 inactive] exit Started/Primary/Peering/WaitActingChange 0.851797 1 0.000328 -331>
2014-09-18 18:08:37.696981 7f4c96a40700 5 osd.42 pg_epoch: 11716 pg[2.763( empty local-les=0 n=0 ec=188 les/c 11403/11403 11715/11715/11715) [42,2,58] r=0 lpr=11715 pi=6625-11714/56 crt=0'0 mlcod 0'0 inactive] exit Started/Primary 0.851823 0 0.000000 -330>
2014-09-18 18:08:37.696985 7f4c9f251700 1 -- 10.242.42.178:6807/2483 <== osd.63 10.242.42.178:6803/2487 1278 ==== osd_map(11716..11716 src has 1..11716) v3 ==== 1237+0+0 (716772192 0 0) 0xeee8900 con 0xe8db760 -329>
2014-09-18 18:08:37.696990 7f4c96a40700 5 osd.42 pg_epoch: 11716 pg[2.763( empty local-les=0 n=0 ec=188 les/c 11403/11403 11715/11715/11715) [42,2,58] r=0 lpr=11715 pi=6625-11714/56 crt=0'0 mlcod 0'0 inactive] exit Started 1.010512 0 0.000000 -328>
2014-09-18 18:08:37.697006 7f4c9f251700 3 osd.42 11716 handle_osd_map epochs [11716,11716], i have 11716, src has [1,11716] -327>
2014-09-18 18:08:37.697013 7f4c9f251700 1 -- 10.242.42.178:6807/2483 <== osd.13 10.242.42.168:6840/1010879 309 ==== osd_map(11716..11716 src has 1..11716) v3 ==== 1237+0+0 (716772192 0 0) 0x12bf06c0 con 0x140f95a0 -326>
2014-09-18 18:08:37.697025 7f4c9f251700 3 osd.42 11716 handle_osd_map epochs [11716,11716], i have 11716, src has [1,11716] -325>
2014-09-18 18:08:37.697012 7f4c96a40700 5 osd.42 pg_epoch: 11716 pg[2.763( empty local-les=0 n=0 ec=188 les/c 11403/11403 11715/11715/11715) [42,2,58] r=0 lpr=11715 pi=6625-11714/56 crt=0'0 mlcod 0'0 inactive] enter Reset -324>
2014-09-18 18:08:37.697032 7f4c9f251700 1 -- 10.242.42.178:6807/2483 <== osd.10 10.242.42.168:6845/1010695 504 ==== osd_map(11716..11716 src has 1..11716) v3 ==== 1237+0+0 (716772192 0 0) 0xcc03cc0 con 0x12b53020 -323>
2014-09-18 18:08:37.697040 7f4c9f251700 3 osd.42 11716 handle_osd_map epochs [11716,11716], i have 11716, src has [1,11716] -322>
2014-09-18 18:08:37.697043 7f4c9f251700 1 -- 10.242.42.178:6807/2483 <== osd.56 10.242.42.172:6837/36458 1057 ==== pg_info(1 pgs e11716:2.b5(24)) v4 ==== 2030+0+0 (493810373 0 0) 0xe1aab40 con 0x14358260 -321>
2014-09-18 18:08:37.697055 7f4c9f251700 5 -- op tracker -- , seq: 86372, time:
2014-09-18 18:08:37.694404, event: header_read, op: pg_info(1 pgs e11716:2.b5(24)) -320>
2014-09-18 18:08:37.697063 7f4c9f251700 5 -- op tracker -- , seq: 86372, time:
2014-09-18 18:08:37.694405, event: throttled, op: pg_info(1 pgs e11716:2.b5(24)) -319>
2014-09-18 18:08:37.697070 7f4c9f251700 5 -- op tracker -- , seq: 86372, time:
2014-09-18 18:08:37.694456, event: all_read, op: pg_info(1 pgs e11716:2.b5(24)) -318>
2014-09-18 18:08:37.697076 7f4c9f251700 5 -- op tracker -- , seq: 86372, time:
2014-09-18 18:08:37.697052, event: dispatched, op: pg_info(1 pgs e11716:2.b5(24)) -317>
2014-09-18 18:08:37.697082 7f4c9f251700 5 -- op tracker -- , seq: 86372, time:
2014-09-18 18:08:37.697080, event: waiting_for_osdmap, op: pg_info(1 pgs e11716:2.b5(24)) -316>
2014-09-18 18:08:37.697090 7f4c9f251700 5 -- op tracker -- , seq: 86372, time:
2014-09-18 18:08:37.697088, event: started, op: pg_info(1 pgs e11716:2.b5(24)) -315>
2014-09-18 18:08:37.697106 7f4c9f251700 5 -- op tracker -- , seq: 86372, time:
2014-09-18 18:08:37.697104, event: done, op: pg_info(1 pgs e11716:2.b5(24)) -314>
2014-09-18 18:08:37.697123 7f4c9f251700 1 -- 10.242.42.178:6807/2483 <== osd.35 10.242.42.164:6811/17421 3709 ==== pg_info(1 pgs e11716:2.654(11)) v4 ==== 1327+0+0 (2485865603 0 0) 0x1213a940 con 0xcbecec0 -313>
2014-09-18 18:08:37.697134 7f4c9f251700 5 -- op tracker -- , seq: 86373, time:
2014-09-18 18:08:37.696577, event: header_read, op: pg_info(1 pgs e11716:2.654(11)) -312>
2014-09-18 18:08:37.697142 7f4c9f251700 5 -- op tracker -- , seq: 86373, time:
2014-09-18 18:08:37.696578, event: throttled, op: pg_info(1 pgs e11716:2.654(11)) -311>
2014-09-18 18:08:37.697150 7f4c9f251700 5 -- op tracker -- , seq: 86373, time:
2014-09-18 18:08:37.696613, event: all_read, op: pg_info(1 pgs e11716:2.654(11)) -310>
2014-09-18 18:08:37.697159 7f4c9f251700 5 -- op tracker -- , seq: 86373, time:
2014-09-18 18:08:37.697132, event: dispatched, op: pg_info(1 pgs e11716:2.654(11)) -309>
2014-09-18 18:08:37.697170 7f4c9f251700 5 -- op tracker -- , seq: 86373, time:
2014-09-18 18:08:37.697167, event: waiting_for_osdmap, op: pg_info(1 pgs e11716:2.654(11)) -308>
2014-09-18 18:08:37.697183 7f4c9f251700 5 -- op tracker -- , seq: 86373, time:
2014-09-18 18:08:37.697180, event: started, op: pg_info(1 pgs e11716:2.654(11)) -307>
2014-09-18 18:08:37.697204 7f4c9f251700 5 -- op tracker -- , seq: 86373, time:
2014-09-18 18:08:37.697201, event: done, op: pg_info(1 pgs e11716:2.654(11)) -306>
2014-09-18 18:08:37.697221 7f4c9f251700 1 -- 10.242.42.178:6807/2483 <== osd.45 10.242.42.178:6817/7086 3 ==== osd_map(11716..11716 src has 1..11716) v3 ==== 1237+0+0 (716772192 0 0) 0xe2ee640 con 0x1395f1e0 -305>
2014-09-18 18:08:37.697237 7f4c9f251700 3 osd.42 11716 handle_osd_map epochs [11716,11716], i have 11716, src has [1,11716] -304>
2014-09-18 18:08:37.697245 7f4c9f251700 1 -- 10.242.42.178:6807/2483 <== osd.24 10.242.42.172:6802/5612 2379 ==== pg_notify(2.2c7(139) epoch 11716) v5 ==== 8651+0+0 (1563004678 0 0) 0xf1ed0c0 con 0xdd8c940 -303>
2014-09-18 18:08:37.697260 7f4c9f251700 5 -- op tracker -- , seq: 86374, time:
2014-09-18 18:08:37.695487, event: header_read, op: pg_notify(2.2c7(139) epoch 11716) -302>
2014-09-18 18:08:37.697269 7f4c9f251700 5 -- op tracker -- , seq: 86374, time:
2014-09-18 18:08:37.695488, event: throttled, op: pg_notify(2.2c7(139) epoch 11716) -301>
2014-09-18 18:08:37.697274 7f4c9f251700 5 -- op tracker -- , seq: 86374, time:
2014-09-18 18:08:37.695677, event: all_read, op: pg_notify(2.2c7(139) epoch 11716) -300>
2014-09-18 18:08:37.697280 7f4c9f251700 5 -- op tracker -- , seq: 86374, time:
2014-09-18 18:08:37.697256, event: dispatched, op: pg_notify(2.2c7(139) epoch 11716) -299>
2014-09-18 18:08:37.697287 7f4c9f251700 5 -- op tracker -- , seq: 86374, time:
2014-09-18 18:08:37.697285, event: waiting_for_osdmap, op: pg_notify(2.2c7(139) epoch 11716) -298>
2014-09-18 18:08:37.697296 7f4c9f251700 5 -- op tracker -- , seq: 86374, time:
2014-09-18 18:08:37.697293, event: started, op: pg_notify(2.2c7(139) epoch 11716) -297>
2014-09-18 18:08:37.697318 7f4c9f251700 5 -- op tracker -- , seq: 86374, time:
2014-09-18 18:08:37.697316, event: done, op: pg_notify(2.2c7(139) epoch 11716) -296>
2014-09-18 18:08:37.697308 7f4c96a40700 5 osd.42 pg_epoch: 11716 pg[2.763( empty local-les=0 n=0 ec=188 les/c 11403/11403 11715/11716/11716) [42,2,58]/[13,58,24] r=-1 lpr=11716 pi=6625-11715/57 crt=0'0 remapped NOTIFY] exit Reset 0.000296 1 0.000105 -295>
2014-09-18 18:08:37.697334 7f4c96a40700 5 osd.42 pg_epoch: 11716 pg[2.763( empty local-les=0 n=0 ec=188 les/c 11403/11403 11715/11716/11716) [42,2,58]/[13,58,24] r=-1 lpr=11716 pi=6625-11715/57 crt=0'0 remapped NOTIFY] enter Started -294>
2014-09-18 18:08:37.697342 7f4c9f251700 1 -- 10.242.42.178:6807/2483 <== osd.39 10.242.42.172:6816/2660 2610 ==== osd_map(11716..11716 src has 1..11716) v3 ==== 1237+0+0 (716772192 0 0) 0x14408b40 con 0x4900b00 -293>
2014-09-18 18:08:37.697343 7f4c96a40700 5 osd.42 pg_epoch: 11716 pg[2.763( empty local-les=0 n=0 ec=188 les/c 11403/11403 11715/11716/11716) [42,2,58]/[13,58,24] r=-1 lpr=11716 pi=6625-11715/57 crt=0'0 remapped NOTIFY] enter Start -292>
2014-09-18 18:08:37.697364 7f4c96a40700 1 osd.42 pg_epoch: 11716 pg[2.763( empty local-les=0 n=0 ec=188 les/c 11403/11403 11715/11716/11716) [42,2,58]/[13,58,24] r=-1 lpr=11716 pi=6625-11715/57 crt=0'0 remapped NOTIFY] state: transitioning to Stray -291>
2014-09-18 18:08:37.697356 7f4c9f251700 3 osd.42 11716 handle_osd_map epochs [11716,11716], i have 11716, src has [1,11716] -290>
2014-09-18 18:08:37.697399 7f4c9f251700 1 -- 10.242.42.178:6807/2483 <== osd.55 10.242.42.172:6829/19404 2025 ==== osd_map(11716..11716 src has 1..11716) v3 ==== 1237+0+0 (716772192 0 0) 0x10e22000 con 0xe2d9a20 -289>
2014-09-18 18:08:37.697413 7f4c9f251700 3 osd.42 11716 handle_osd_map epochs [11716,11716], i have 11716, src has [1,11716] -288>
2014-09-18 18:08:37.697424 7f4c97241700 1 -- 10.242.42.178:6807/2483 --> 10.242.42.166:6808/22481 -- pg_notify(2.237(131) epoch 11716) v5 -- ?+0 0x19f22d20 con 0x1088aec0 -287>
2014-09-18 18:08:37.697376 7f4c96a40700 5 osd.42 pg_epoch: 11716 pg[2.763( empty local-les=0 n=0 ec=188 les/c 11403/11403 11715/11716/11716) [42,2,58]/[13,58,24] r=-1 lpr=11716 pi=6625-11715/57 crt=0'0 remapped NOTIFY] exit Start 0.000033 0 0.000000 -286>
2014-09-18 18:08:37.697450 7f4c97241700 1 -- 10.242.42.178:6807/2483 --> 10.242.42.174:6801/21548 -- osd_map(11716..11716 src has 1..11716) v3 -- ?+0 0xe2edb00 con 0x1395f8c0 -285>
2014-09-18 18:08:37.697448 7f4c96a40700 5 osd.42 pg_epoch: 11716 pg[2.763( empty local-les=0 n=0 ec=188 les/c 11403/11403 11715/11716/11716) [42,2,58]/[13,58,24] r=-1 lpr=11716 pi=6625-11715/57 crt=0'0 remapped NOTIFY] enter Started/Stray -284>
2014-09-18 18:08:37.697476 7f4c97241700 1 -- 10.242.42.178:6807/2483 --> 10.242.42.174:6801/21548 -- pg_info(1 pgs e11716:2.2d8(174)) v4 -- ?+0 0x19f24ee0 con 0x1395f8c0 -283>
2014-09-18 18:08:37.697426 7f4c9f251700 1 -- 10.242.42.178:6807/2483 <== osd.63 10.242.42.178:6803/2487 1279 ==== pg_notify(2.17e(17) epoch 11716) v5 ==== 1593+0+0 (473903931 0 0) 0xf1e8ee0 con 0xe8db760 -282>
2014-09-18 18:08:37.697542 7f4c9f251700 5 -- op tracker -- , seq: 86375, time:
2014-09-18 18:08:37.692246, event: header_read, op: pg_notify(2.17e(17) epoch 11716) -281>
2014-09-18 18:08:37.697553 7f4c9f251700 5 -- op tracker -- , seq: 86375, time:
2014-09-18 18:08:37.692246, event: throttled, op: pg_notify(2.17e(17) epoch 11716) -280>
2014-09-18 18:08:37.697563 7f4c9f251700 5 -- op tracker -- , seq: 86375, time:
2014-09-18 18:08:37.692293, event: all_read, op: pg_notify(2.17e(17) epoch 11716) -279>
2014-09-18 18:08:37.697573 7f4c9f251700 5 -- op tracker -- , seq: 86375, time:
2014-09-18 18:08:37.697536, event: dispatched, op: pg_notify(2.17e(17) epoch 11716) -278>
2014-09-18 18:08:37.697583 7f4c9f251700 5 -- op tracker -- , seq: 86375, time:
2014-09-18 18:08:37.697580, event: waiting_for_osdmap, op: pg_notify(2.17e(17) epoch 11716) -277>
2014-09-18 18:08:37.697594 7f4c9f251700 5 -- op tracker -- , seq: 86375, time:
2014-09-18 18:08:37.697592, event: started, op: pg_notify(2.17e(17) epoch 11716) -276>
2014-09-18 18:08:37.697625 7f4c9f251700 5 -- op tracker -- , seq: 86375, time:
2014-09-18 18:08:37.697623, event: done, op: pg_notify(2.17e(17) epoch 11716) -275>
2014-09-18 18:08:37.697642 7f4c9f251700 1 -- 10.242.42.178:6807/2483 <== osd.13 10.242.42.168:6840/1010879 310 ==== pg_info(1 pgs e11716:2.30f(11)) v4 ==== 1355+0+0 (1661189465 0 0) 0x2b94cb20 con 0x140f95a0 -274>
2014-09-18 18:08:37.697656 7f4c9f251700 5 -- op tracker -- , seq: 86376, time:
2014-09-18 18:08:37.695143, event: header_read, op: pg_info(1 pgs e11716:2.30f(11)) -273>
2014-09-18 18:08:37.697666 7f4c9f251700 5 -- op tracker -- , seq: 86376, time:
2014-09-18 18:08:37.695144, event: throttled, op: pg_info(1 pgs e11716:2.30f(11)) -272>
2014-09-18 18:08:37.697675 7f4c9f251700 5 -- op tracker -- , seq: 86376, time:
2014-09-18 18:08:37.695183, event: all_read, op: pg_info(1 pgs e11716:2.30f(11)) -271>
2014-09-18 18:08:37.697685 7f4c9f251700 5 -- op tracker -- , seq: 86376, time:
2014-09-18 18:08:37.697651, event: dispatched, op: pg_info(1 pgs e11716:2.30f(11)) -270>
2014-09-18 18:08:37.697695 7f4c9f251700 5 -- op tracker -- , seq: 86376, time:
2014-09-18 18:08:37.697693, event: waiting_for_osdmap, op: pg_info(1 pgs e11716:2.30f(11)) -269>
2014-09-18 18:08:37.697707 7f4c9f251700 5 -- op tracker -- , seq: 86376, time:
2014-09-18 18:08:37.697704, event: started, op: pg_info(1 pgs e11716:2.30f(11)) -268>
2014-09-18 18:08:37.697726 7f4c9f251700 5 -- op tracker -- , seq: 86376, time:
2014-09-18 18:08:37.697724, event: done, op: pg_info(1 pgs e11716:2.30f(11)) -267>
2014-09-18 18:08:37.697740 7f4c9f251700 1 -- 10.242.42.178:6807/2483 <== osd.10 10.242.42.168:6845/1010695 505 ==== pg_info(1 pgs e11716:2.250(7)) v4 ==== 1103+0+0 (2900770596 0 0) 0xe958d00 con 0x12b53020 -266>
2014-09-18 18:08:37.697752 7f4c97241700 10 monclient: _send_mon_message to mon.rack2-ram-3 at 10.242.42.188:6789/0 -265>
2014-09-18 18:08:37.697763 7f4c97241700 1 -- 10.242.42.178:6801/2483 --> 10.242.42.188:6789/0 -- osd_pgtemp(e11716 {2.376=[42,58,9]} v11716) v1 -- ?+0 0xdbfa600 con 0x111771e0 -264>
2014-09-18 18:08:37.697752 7f4c9f251700 5 -- op tracker -- , seq: 86377, time:
2014-09-18 18:08:37.697021, event: header_read, op: pg_info(1 pgs e11716:2.250(7)) -263>
2014-09-18 18:08:37.697777 7f4c9f251700 5 -- op tracker -- , seq: 86377, time:
2014-09-18 18:08:37.697022, event: throttled, op: pg_info(1 pgs e11716:2.250(7)) -262>
2014-09-18 18:08:37.697787 7f4c9f251700 5 -- op tracker -- , seq: 86377, time:
2014-09-18 18:08:37.697056, event: all_read, op: pg_info(1 pgs e11716:2.250(7)) -261>
2014-09-18 18:08:37.697797 7f4c9f251700 5 -- op tracker -- , seq: 86377, time:
2014-09-18 18:08:37.697748, event: dispatched, op: pg_info(1 pgs e11716:2.250(7)) -260>
2014-09-18 18:08:37.697807 7f4c9f251700 5 -- op tracker -- , seq: 86377, time:
2014-09-18 18:08:37.697805, event: waiting_for_osdmap, op: pg_info(1 pgs e11716:2.250(7)) -259>
2014-09-18 18:08:37.697819 7f4c9f251700 5 -- op tracker -- , seq: 86377, time:
2014-09-18 18:08:37.697816, event: started, op: pg_info(1 pgs e11716:2.250(7)) -258>
2014-09-18 18:08:37.697897 7f4c9f251700 5 -- op tracker -- , seq: 86377, time:
2014-09-18 18:08:37.697894, event: done, op: pg_info(1 pgs e11716:2.250(7)) -257>
2014-09-18 18:08:37.698050 7f4c9f251700 1 -- 10.242.42.178:6807/2483 <== osd.35 10.242.42.164:6811/17421 3710 ==== pg_notify(2.3b6(10) epoch 11716) v5 ==== 1260+0+0 (1098065193 0 0) 0x1213a760 con 0xcbecec0 -256>
2014-09-18 18:08:37.698065 7f4c9f251700 5 -- op tracker -- , seq: 86378, time:
2014-09-18 18:08:37.697078, event: header_read, op: pg_notify(2.3b6(10) epoch 11716) -255>
2014-09-18 18:08:37.698076 7f4c9f251700 5 -- op tracker -- , seq: 86378, time:
2014-09-18 18:08:37.697079, event: throttled, op: pg_notify(2.3b6(10) epoch 11716) -254>
2014-09-18 18:08:37.698086 7f4c9f251700 5 -- op tracker -- , seq: 86378, time:
2014-09-18 18:08:37.697111, event: all_read, op: pg_notify(2.3b6(10) epoch 11716) -253>
2014-09-18 18:08:37.698096 7f4c9f251700 5 -- op tracker -- , seq: 86378, time:
2014-09-18 18:08:37.698061, event: dispatched, op: pg_notify(2.3b6(10) epoch 11716) -252>
2014-09-18 18:08:37.698106 7f4c9f251700 5 -- op tracker -- , seq: 86378, time:
2014-09-18 18:08:37.698103, event: waiting_for_osdmap, op: pg_notify(2.3b6(10) epoch 11716) -251>
2014-09-18 18:08:37.698118 7f4c9f251700 5 -- op tracker -- , seq: 86378, time:
2014-09-18 18:08:37.698115, event: started, op: pg_notify(2.3b6(10) epoch 11716) -250>
2014-09-18 18:08:37.698138 7f4c9f251700 5 -- op tracker -- , seq: 86378, time:
2014-09-18 18:08:37.698136, event: done, op: pg_notify(2.3b6(10) epoch 11716) -249>
2014-09-18 18:08:37.698018 7f4c97241700 5 osd.42 pg_epoch: 11716 pg[2.376( v 6772'25996 (4155'22997,6772'25996] local-les=11491 n=524 ec=188 les/c 11491/11491 11715/11715/9945) [42,24,58] r=0 lpr=11715 pi=11490-11714/1 crt=6764'25987 lcod 0'0 mlcod 0'0 inactive] exit Started/Primary/Peering/WaitActingChange 0.944532 2 0.000287 -248>
2014-09-18 18:08:37.698148 7f4c97241700 5 osd.42 pg_epoch: 11716 pg[2.376( v 6772'25996 (4155'22997,6772'25996] local-les=11491 n=524 ec=188 les/c 11491/11491 11715/11715/9945) [42,24,58] r=0 lpr=11715 pi=11490-11714/1 crt=6764'25987 lcod 0'0 mlcod 0'0 inactive] exit Started/Primary 0.944669 0 0.000000 -247>
2014-09-18 18:08:37.698163 7f4c97241700 5 osd.42 pg_epoch: 11716 pg[2.376( v 6772'25996 (4155'22997,6772'25996] local-les=11491 n=524 ec=188 les/c 11491/11491 11715/11715/9945) [42,24,58] r=0 lpr=11715 pi=11490-11714/1 crt=6764'25987 lcod 0'0 mlcod 0'0 inactive] exit Started 1.003820 0 0.000000 -246>
2014-09-18 18:08:37.698151 7f4c9f251700 1 -- 10.242.42.178:6807/2483 <== osd.23 10.242.42.172:6819/11463 3322 ==== osd_map(11716..11716 src has 1..11716) v3 ==== 1237+0+0 (716772192 0 0) 0x10d17b00 con 0x4900580 -245>
2014-09-18 18:08:37.698176 7f4c97241700 5 osd.42 pg_epoch: 11716 pg[2.376( v 6772'25996 (4155'22997,6772'25996] local-les=11491 n=524 ec=188 les/c 11491/11491 11715/11715/9945) [42,24,58] r=0 lpr=11715 pi=11490-11714/1 crt=6764'25987 lcod 0'0 mlcod 0'0 inactive] enter Reset -244>
2014-09-18 18:08:37.698184 7f4c9f251700 3 osd.42 11716 handle_osd_map epochs [11716,11716], i have 11716, src has [1,11716] -243>
2014-09-18 18:08:37.698184 7f4c96a40700 1 -- 10.242.42.178:6807/2483 --> 10.242.42.168:6840/1010879 -- pg_notify(2.5a2(14),2.756(28),2.763(57) epoch 11716) v5 -- ?+0 0x2b9410c0 con 0x140f95a0 -242>
2014-09-18 18:08:37.698197 7f4c9f251700 1 -- 10.242.42.178:6807/2483 <== osd.39 10.242.42.172:6816/2660 2611 ==== pg_notify(2.71c(12) epoch 11716) v5 ==== 1424+0+0 (4112249701 0 0) 0xf05bfe0 con 0x4900b00 -241>
2014-09-18 18:08:37.698211 7f4c9f251700 5 -- op tracker -- , seq: 86379, time:
2014-09-18 18:08:37.696189, event: header_read, op: pg_notify(2.71c(12) epoch 11716) -240>
2014-09-18 18:08:37.698211 7f4c96a40700 1 -- 10.242.42.178:6807/2483 --> 10.242.42.166:6826/24959 -- osd_map(11716..11716 src has 1..11716) v3 -- ?+0 0x11172000 con 0x1395ec60 -239>
2014-09-18 18:08:37.698214 7f4c97241700 5 osd.42 pg_epoch: 11716 pg[2.376( v 6772'25996 (4155'22997,6772'25996] local-les=11491 n=524 ec=188 les/c 11491/11491 11715/11716/9945) [42,24,58]/[42,58,9] r=0 lpr=11716 pi=11490-11715/2 crt=6764'25987 lcod 0'0 mlcod 0'0 remapped] exit Reset 0.000038 1 0.000193 -238>
2014-09-18 18:08:37.698225 7f4c9f251700 5 -- op tracker -- , seq: 86379, time:
2014-09-18 18:08:37.696190, event: throttled, op: pg_notify(2.71c(12) epoch 11716) -237>
2014-09-18 18:08:37.698233 7f4c9f251700 5 -- op tracker -- , seq: 86379, time:
2014-09-18 18:08:37.696247, event: all_read, op: pg_notify(2.71c(12) epoch 11716) -236>
2014-09-18 18:08:37.698241 7f4c9f251700 5 -- op tracker -- , seq: 86379, time:
2014-09-18 18:08:37.698206, event: dispatched, op: pg_notify(2.71c(12) epoch 11716) -235>
2014-09-18 18:08:37.698251 7f4c9f251700 5 -- op tracker -- , seq: 86379, time:
2014-09-18 18:08:37.698248, event: waiting_for_osdmap, op: pg_notify(2.71c(12) epoch 11716) -234>
2014-09-18 18:08:37.698273 7f4c9f251700 5 -- op tracker -- , seq: 86379, time:
2014-09-18 18:08:37.698270, event: started, op: pg_notify(2.71c(12) epoch 11716) -233>
2014-09-18 18:08:37.698293 7f4c9f251700 5 -- op tracker -- , seq: 86379, time:
2014-09-18 18:08:37.698291, event: done, op: pg_notify(2.71c(12) epoch 11716) -232>
2014-09-18 18:08:37.698308 7f4c9f251700 1 -- 10.242.42.178:6807/2483 <== osd.55 10.242.42.172:6829/19404 2026 ==== pg_notify(2.26d(9) epoch 11716) v5 ==== 1257+0+0 (1772439243 0 0) 0x1310c960 con 0xe2d9a20 -231>
2014-09-18 18:08:37.698321 7f4c9f251700 5 -- op tracker -- , seq: 86380, time:
2014-09-18 18:08:37.693661, event: header_read, op: pg_notify(2.26d(9) epoch 11716) -230>
2014-09-18 18:08:37.698334 7f4c9f251700 5 -- op tracker -- , seq: 86380, time:
2014-09-18 18:08:37.693662, event: throttled, op: pg_notify(2.26d(9) epoch 11716) -229>
2014-09-18 18:08:37.698345 7f4c9f251700 5 -- op tracker -- , seq: 86380, time:
2014-09-18 18:08:37.693724, event: all_read, op: pg_notify(2.26d(9) epoch 11716) -228>
2014-09-18 18:08:37.698355 7f4c9f251700 5 -- op tracker -- , seq: 86380, time:
2014-09-18 18:08:37.698317, event: dispatched, op: pg_notify(2.26d(9) epoch 11716) -227>
2014-09-18 18:08:37.698365 7f4c9f251700 5 -- op tracker -- , seq: 86380, time:
2014-09-18 18:08:37.698362, event: waiting_for_osdmap, op: pg_notify(2.26d(9) epoch 11716) -226>
2014-09-18 18:08:37.698377 7f4c9f251700 5 -- op tracker -- , seq: 86380, time:
2014-09-18 18:08:37.698374, event: started, op: pg_notify(2.26d(9) epoch 11716) -225>
2014-09-18 18:08:37.698356 7f4c96a40700 1 -- 10.242.42.178:6807/2483 --> 10.242.42.166:6826/24959 -- pg_info(1 pgs e11716:2.204(10)) v4 -- ?+0 0x2b93e1e0 con 0x1395ec60 -224>
2014-09-18 18:08:37.698397 7f4c9f251700 5 -- op tracker -- , seq: 86380, time:
2014-09-18 18:08:37.698395, event: done, op: pg_notify(2.26d(9) epoch 11716) -223>
2014-09-18 18:08:37.698229 7f4c97241700 5 osd.42 pg_epoch: 11716 pg[2.376( v 6772'25996 (4155'22997,6772'25996] local-les=11491 n=524 ec=188 les/c 11491/11491 11715/11716/9945) [42,24,58]/[42,58,9] r=0 lpr=11716 pi=11490-11715/2 crt=6764'25987 lcod 0'0 mlcod 0'0 remapped] enter Started -222>
2014-09-18 18:08:37.698410 7f4c9f251700 1 -- 10.242.42.178:6807/2483 <== osd.13 10.242.42.168:6840/1010879 311 ==== pg_info(1 pgs e11716:2.756(17)) v4 ==== 1641+0+0 (2027987582 0 0) 0x128cc940 con 0x140f95a0 -221>
2014-09-18 18:08:37.698415 7f4c97241700 5 osd.42 pg_epoch: 11716 pg[2.376( v 6772'25996 (4155'22997,6772'25996] local-les=11491 n=524 ec=188 les/c 11491/11491 11715/11716/9945) [42,24,58]/[42,58,9] r=0 lpr=11716 pi=11490-11715/2 crt=6764'25987 lcod 0'0 mlcod 0'0 remapped] enter Start -220>
2014-09-18 18:08:37.698425 7f4c9f251700 5 -- op tracker -- , seq: 86381, time:
2014-09-18 18:08:37.695458, event: header_read, op: pg_info(1 pgs e11716:2.756(17)) -219>
2014-09-18 18:08:37.698427 7f4c97241700 1 osd.42 pg_epoch: 11716 pg[2.376( v 6772'25996 (4155'22997,6772'25996] local-les=11491 n=524 ec=188 les/c 11491/11491 11715/11716/9945) [42,24,58]/[42,58,9] r=0 lpr=11716 pi=11490-11715/2 crt=6764'25987 lcod 0'0 mlcod 0'0 remapped] state: transitioning to Primary -218>
2014-09-18 18:08:37.698436 7f4c9f251700 5 -- op tracker -- , seq: 86381, time:
2014-09-18 18:08:37.695458, event: throttled, op: pg_info(1 pgs e11716:2.756(17)) -217>
2014-09-18 18:08:37.698440 7f4c97241700 5 osd.42 pg_epoch: 11716 pg[2.376( v 6772'25996 (4155'22997,6772'25996] local-les=11491 n=524 ec=188 les/c 11491/11491 11715/11716/9945) [42,24,58]/[42,58,9] r=0 lpr=11716 pi=11490-11715/2 crt=6764'25987 lcod 0'0 mlcod 0'0 remapped] exit Start 0.000025 0 0.000000 -216>
2014-09-18 18:08:37.698446 7f4c9f251700 5 -- op tracker -- , seq: 86381, time:
2014-09-18 18:08:37.695518, event: all_read, op: pg_info(1 pgs e11716:2.756(17)) -215>
2014-09-18 18:08:37.698448 7f4c96a40700 1 -- 10.242.42.178:6807/2483 --> 10.242.42.174:6801/21548 -- pg_info(1 pgs e11716:2.204(10)) v4 -- ?+0 0xf4872c0 con 0x1395f8c0 -214>
2014-09-18 18:08:37.698454 7f4c97241700 5 osd.42 pg_epoch: 11716 pg[2.376( v 6772'25996 (4155'22997,6772'25996] local-les=11491 n=524 ec=188 les/c 11491/11491 11715/11716/9945) [42,24,58]/[42,58,9] r=0 lpr=11716 pi=11490-11715/2 crt=6764'25987 lcod 0'0 mlcod 0'0 remapped] enter Started/Primary -213>
2014-09-18 18:08:37.698459 7f4c9f251700 5 -- op tracker -- , seq: 86381, time:
2014-09-18 18:08:37.698418, event: dispatched, op: pg_info(1 pgs e11716:2.756(17)) -212>
2014-09-18 18:08:37.698465 7f4c97241700 5 osd.42 pg_epoch: 11716 pg[2.376( v 6772'25996 (4155'22997,6772'25996] local-les=11491 n=524 ec=188 les/c 11491/11491 11715/11716/9945) [42,24,58]/[42,58,9] r=0 lpr=11716 pi=11490-11715/2 crt=6764'25987 lcod 0'0 mlcod 0'0 remapped] enter Started/Primary/Peering -211>
2014-09-18 18:08:37.698471 7f4c9f251700 5 -- op tracker -- , seq: 86381, time:
2014-09-18 18:08:37.698467, event: waiting_for_osdmap, op: pg_info(1 pgs e11716:2.756(17)) -210>
2014-09-18 18:08:37.698483 7f4c9f251700 5 -- op tracker -- , seq: 86381, time:
2014-09-18 18:08:37.698478, event: started, op: pg_info(1 pgs e11716:2.756(17)) -209>
2014-09-18 18:08:37.698475 7f4c97241700 5 osd.42 pg_epoch: 11716 pg[2.376( v 6772'25996 (4155'22997,6772'25996] local-les=11491 n=524 ec=188 les/c 11491/11491 11715/11716/9945) [42,24,58]/[42,58,9] r=0 lpr=11716 pi=11490-11715/2 crt=6764'25987 lcod 0'0 mlcod 0'0 remapped+peering] enter Started/Primary/Peering/GetInfo -208>
2014-09-18 18:08:37.698501 7f4c9f251700 5 -- op tracker -- , seq: 86381, time:
2014-09-18 18:08:37.698499, event: done, op: pg_info(1 pgs e11716:2.756(17)) -207>
2014-09-18 18:08:37.698515 7f4c9f251700 1 -- 10.242.42.178:6807/2483 <== osd.23 10.242.42.172:6819/11463 3323 ==== pg_notify(2.4f6(184) epoch 11716) v5 ==== 11296+0+0 (2594191586 0 0) 0xf72ed20 con 0x4900580 -206>
2014-09-18 18:08:37.698527 7f4c9f251700 5 -- op tracker -- , seq: 86382, time:
2014-09-18 18:08:37.697756, event: header_read, op: pg_notify(2.4f6(184) epoch 11716) -205>
2014-09-18 18:08:37.698549 7f4c9f251700 5 -- op tracker -- , seq: 86382, time:
2014-09-18 18:08:37.697757, event: throttled, op: pg_notify(2.4f6(184) epoch 11716) -204>
2014-09-18 18:08:37.698559 7f4c9f251700 5 -- op tracker -- , seq: 86382, time:
2014-09-18 18:08:37.698013, event: all_read, op: pg_notify(2.4f6(184) epoch 11716) -203>
2014-09-18 18:08:37.698569 7f4c9f251700 5 -- op tracker -- , seq: 86382, time:
2014-09-18 18:08:37.698523, event: dispatched, op: pg_notify(2.4f6(184) epoch 11716) -202>
2014-09-18 18:08:37.698579 7f4c9f251700 5 -- op tracker -- , seq: 86382, time:
2014-09-18 18:08:37.698576, event: waiting_for_osdmap, op: pg_notify(2.4f6(184) epoch 11716) -201>
2014-09-18 18:08:37.698591 7f4c9f251700 5 -- op tracker -- , seq: 86382, time:
2014-09-18 18:08:37.698588, event: started, op: pg_notify(2.4f6(184) epoch 11716) -200>
2014-09-18 18:08:37.698772 7f4c9f251700 5 -- op tracker -- , seq: 86382, time:
2014-09-18 18:08:37.698769, event: done, op: pg_notify(2.4f6(184) epoch 11716) -199>
2014-09-18 18:08:37.699219 7f4c9f251700 1 -- 10.242.42.178:6807/2483 <== osd.45 10.242.42.178:6817/7086 4 ==== pg_log(2.3c6 epoch 11716 log log((4155'24411,6840'27412], crt=6790'27403) query_epoch 11716) v4 ==== 308324+0+0 (1162585662 0 0) 0x22ff1800 con 0x1395f1e0 -198>
2014-09-18 18:08:37.699357 7f4c9f251700 5 -- op tracker -- , seq: 86383, time:
2014-09-18 18:08:37.695730, event: header_read, op: pg_log(2.3c6 epoch 11716 log log((4155'24411,6840'27412], crt=6790'27403) query_epoch 11716) -197>
2014-09-18 18:08:37.699424 7f4c9f251700 5 -- op tracker -- , seq: 86383, time:
2014-09-18 18:08:37.695731, event: throttled, op: pg_log(2.3c6 epoch 11716 log log((4155'24411,6840'27412], crt=6790'27403) query_epoch 11716) -196>
2014-09-18 18:08:37.699459 7f4c9f251700 5 -- op tracker -- , seq: 86383, time:
2014-09-18 18:08:37.698709, event: all_read, op: pg_log(2.3c6 epoch 11716 log log((4155'24411,6840'27412], crt=6790'27403) query_epoch 11716) -195>
2014-09-18 18:08:37.699470 7f4c9f251700 5 -- op tracker -- , seq: 86383, time:
2014-09-18 18:08:37.699339, event: dispatched, op: pg_log(2.3c6 epoch 11716 log log((4155'24411,6840'27412], crt=6790'27403) query_epoch 11716) -194>
2014-09-18 18:08:37.699496 7f4c97241700 10 monclient: _send_mon_message to mon.rack2-ram-3 at 10.242.42.188:6789/0 -193>
2014-09-18 18:08:37.699505 7f4c97241700 1 -- 10.242.42.178:6801/2483 --> 10.242.42.188:6789/0 -- osd_alive(want up_thru 11716 have 11716) v1 -- ?+0 0xf91cb20 con 0x111771e0 -192>
2014-09-18 18:08:37.699518 7f4c97241700 1 -- 10.242.42.178:6807/2483 --> 10.242.42.166:6826/24959 -- pg_notify(2.4c0(9) epoch 11716) v5 -- ?+0 0xf91c940 con 0x1395ec60 -191>
2014-09-18 18:08:37.699534 7f4c97241700 1 -- 10.242.42.178:6807/2483 --> 10.242.42.164:6811/17421 -- osd_map(11716..11716 src has 1..11716) v3 -- ?+0 0x14409d40 con 0xcbecec0 -190>
2014-09-18 18:08:37.699544 7f4c97241700 1 -- 10.242.42.178:6807/2483 --> 10.242.42.164:6811/17421 -- pg_notify(2.654(12) epoch 11716) v5 -- ?+0 0xf91d840 con 0xcbecec0 -189>
2014-09-18 18:08:37.699481 7f4c9f251700 5 -- op tracker -- , seq: 86383, time:
2014-09-18 18:08:37.699478, event: waiting_for_osdmap, op: pg_log(2.3c6 epoch 11716 log log((4155'24411,6840'27412], crt=6790'27403) query_epoch 11716) -188>
