2014-09-18 18:00:19.873474 7f4c8bb1d700 0 -- 10.242.42.178:0/2483 >> 10.242.42.176:6838/11580 pipe(0x125d4dc0 sd=202 :0 s=1 pgs=0 cs=0 l=1 c=0x101ce420).fault
2014-09-18 18:00:19.873619 7f4c8c123700 0 -- 10.242.42.178:0/2483 >> 10.242.42.176:6837/11580 pipe(0xe970dc0 sd=193 :0 s=1 pgs=0 cs=0 l=1 c=0x101e3a20).fault
2014-09-18 18:00:19.873648 7f4c87add700 0 -- 10.242.42.178:6807/2483 >> 10.242.42.176:6836/11580 pipe(0xe255700 sd=48 :6807 s=2 pgs=4411 cs=3 l=0 c=0x49039c0).fault with nothing to send, going to standby
2014-09-18 18:00:19.896479 7f4c8238d700 0 -- 10.242.42.178:0/2483 >> 10.242.42.176:6833/9454 pipe(0x1d62c100 sd=195 :0 s=1 pgs=0 cs=0 l=1 c=0x101ce160).fault
2014-09-18 18:00:19.896506 7f4c8a608700 0 -- 10.242.42.178:6807/2483 >> 10.242.42.176:6831/9454 pipe(0xe254100 sd=38 :6807 s=2 pgs=4204 cs=3 l=0 c=0xdd8d2e0).fault with nothing to send, going to standby
2014-09-18 18:00:19.896619 7f4c7d842700 0 -- 10.242.42.178:0/2483 >> 10.242.42.176:6832/9454 pipe(0x125d58c0 sd=195 :0 s=1 pgs=0 cs=0 l=1 c=0x101ce2c0).fault
2014-09-18 18:00:19.903274 7f4c743ae700 0 -- 10.242.42.178:6807/2483 >> 10.242.42.176:6804/38919 pipe(0x123c3c80 sd=52 :6807 s=2 pgs=19 cs=1 l=0 c=0x10736940).fault with nothing to send, going to standby
2014-09-18 18:00:19.904519 7f4c8c628700 0 -- 10.242.42.178:0/2483 >> 10.242.42.176:6841/38919 pipe(0xe2538c0 sd=74 :0 s=1 pgs=0 cs=0 l=1 c=0x101cf080).fault
2014-09-18 18:00:19.904524 7f4c8c325700 0 -- 10.242.42.178:0/2483 >> 10.242.42.176:6840/38919 pipe(0xe2559c0 sd=142 :0 s=1 pgs=0 cs=0 l=1 c=0x101cfce0).fault
2014-09-18 18:00:20.605692 7f4c889ec700 0 -- 10.242.42.178:6807/2483 >> 10.242.42.176:6804/38919 pipe(0x123c3c80 sd=40 :6807 s=1 pgs=19 cs=2 l=0 c=0x10736940).fault
2014-09-18 18:00:22.634101 7f4c853bd700 0 -- 10.242.42.178:6807/2483 >> 10.242.42.174:6833/18678 pipe(0x123c0000 sd=48 :6807 s=1 pgs=9 cs=2 l=0 c=0x107372e0).fault
2014-09-18 18:00:23.159366 7f4c8c426700 0 -- 10.242.42.178:6807/2483 >> 10.242.42.176:6845/46347 pipe(0x21f0c840 sd=144 :6807 s=2 pgs=16 cs=1 l=0 c=0x142f7600).fault, initiating reconnect
2014-09-18 18:00:23.159623 7f4c87cdf700 0 -- 10.242.42.178:6807/2483 >> 10.242.42.176:6845/46347 pipe(0x21f0c840 sd=64 :6807 s=1 pgs=16 cs=2 l=0 c=0x142f7600).fault
2014-09-18 18:00:23.159733 7f4c891f4700 0 -- 10.242.42.178:0/2483 >> 10.242.42.176:6846/46347 pipe(0xe970b00 sd=74 :0 s=1 pgs=0 cs=0 l=1 c=0x101d07e0).fault
2014-09-18 18:00:23.159773 7f4c87add700 0 -- 10.242.42.178:0/2483 >> 10.242.42.176:6847/46347 pipe(0x13d0eb00 sd=85 :0 s=1 pgs=0 cs=0 l=1 c=0x12836c60).fault
2014-09-18 18:00:30.748333 7f4c7d53f700 0 -- 10.242.42.178:6807/2483 >> 10.242.42.176:6848/47577 pipe(0x11074840 sd=161 :6807 s=2 pgs=18 cs=1 l=0 c=0x1395fa20).fault, initiating reconnect
2014-09-18 18:00:30.748495 7f4ca11d7700 0 -- 10.242.42.178:6807/2483 >> 10.242.42.176:6848/47577 pipe(0x11074840 sd=40 :6807 s=1 pgs=18 cs=2 l=0 c=0x1395fa20).fault
2014-09-18 18:00:30.748698 7f4c893f6700 0 -- 10.242.42.178:0/2483 >> 10.242.42.176:6860/47577 pipe(0x140f0940 sd=48 :0 s=1 pgs=0 cs=0 l=1 c=0x1e1c4160).fault
2014-09-18 18:00:30.748705 7f4c8ba1c700 0 -- 10.242.42.178:0/2483 >> 10.242.42.176:6861/47577 pipe(0x140ee000 sd=52 :0 s=1 pgs=0 cs=0 l=1 c=0x23a9fde0).fault
2014-09-18 18:00:30.836695 7f4c71681700 0 -- 10.242.42.178:6807/2483 >> 10.242.42.168:6836/13436 pipe(0x123c3700 sd=53 :6807 s=2 pgs=41 cs=1 l=0 c=0x14aa78c0).fault with nothing to send, going to standby
2014-09-18 18:00:37.137591 7f4ca8339700 0 -- 10.242.42.178:6807/2483 >> 10.242.42.176:6862/49029 pipe(0x11077440 sd=222 :6807 s=2 pgs=17 cs=1 l=0 c=0x1395f760).fault with nothing to send, going to standby
2014-09-18 18:00:37.137981 7f4c72b96700 0 -- 10.242.42.178:0/2483 >> 10.242.42.176:6864/49029 pipe(0x2a5ce3c0 sd=287 :0 s=1 pgs=0 cs=0 l=1 c=0x1395ffa0).fault
2014-09-18 18:00:37.138001 7f4c83ca6700 0 -- 10.242.42.178:0/2483 >> 10.242.42.176:6863/49029 pipe(0x2a5cfc80 sd=195 :0 s=1 pgs=0 cs=0 l=1 c=0x1395fe40).fault
2014-09-18 18:00:37.520880 7f4ca14da700 0 -- 10.242.42.178:6807/2483 >> 10.242.42.176:6862/49029 pipe(0x11077440 sd=195 :6807 s=1 pgs=17 cs=2 l=0 c=0x1395f760).fault
2014-09-18 18:00:55.813980 7f4caae41700 -1 osd.42 11426 heartbeat_check: no reply from osd.41 since back
2014-09-18 18:00:35.473662 front
2014-09-18 18:00:35.473662 (cutoff
2014-09-18 18:00:35.813962)
2014-09-18 18:00:56.480531 7f4c8fa32700 -1 osd.42 11426 heartbeat_check: no reply from osd.41 since back
2014-09-18 18:00:35.473662 front
2014-09-18 18:00:35.473662 (cutoff
2014-09-18 18:00:36.480528)
2014-09-18 18:00:56.814088 7f4caae41700 -1 osd.42 11426 heartbeat_check: no reply from osd.41 since back
2014-09-18 18:00:35.473662 front
2014-09-18 18:00:35.473662 (cutoff
2014-09-18 18:00:36.814084)
2014-09-18 18:00:57.814196 7f4caae41700 -1 osd.42 11426 heartbeat_check: no reply from osd.41 since back
2014-09-18 18:00:35.473662 front
2014-09-18 18:00:35.473662 (cutoff
2014-09-18 18:00:37.814191)
2014-09-18 18:01:00.614797 7f4c97241700 0 log_channel(default) log [INF] : 2.2c7 restarting backfill on osd.0 from (0'0,0'0] MAX to 6805'24696
2014-09-18 18:01:01.729264 7f4c97241700 0 log_channel(default) log [INF] : 2.74e restarting backfill on osd.4 from (0'0,0'0] MAX to 6775'35284
2014-09-18 18:01:02.098621 7f4c97241700 0 log_channel(default) log [INF] : 2.71 restarting backfill on osd.2 from (0'0,0'0] MAX to 6845'29618
2014-09-18 18:01:02.103370 7f4c97241700 0 log_channel(default) log [INF] : 2.1d8 restarting backfill on osd.2 from (0'0,0'0] MAX to 6865'30228
2014-09-18 18:01:02.476415 7f4c97241700 0 log_channel(default) log [INF] : 2.799 restarting backfill on osd.3 from (0'0,0'0] MAX to 6761'29900
2014-09-18 18:01:05.734697 7f4c892f5700 0 -- 10.242.42.178:6807/2483 >> 10.242.42.168:6831/1010800 pipe(0x11e03700 sd=68 :6807 s=2 pgs=6207 cs=3 l=0 c=0xfc71440).fault with nothing to send, going to standby
2014-09-18 18:01:29.877196 7f4c96a40700 0 log_channel(default) log [INF] : 2.1d8 restarting backfill on osd.11 from (0'0,0'0] MAX to 6865'30228
2014-09-18 18:01:31.628117 7f4c97241700 0 log_channel(default) log [INF] : 2.799 restarting backfill on osd.47 from (0'0,0'0] MAX to 6761'29900
2014-09-18 18:01:32.640103 7f4c96a40700 0 log_channel(default) log [INF] : 2.646 restarting backfill on osd.47 from (0'0,0'0] MAX to 6825'27460
2014-09-18 18:01:58.794830 7f4c78bf6700 0 -- 10.242.42.178:6807/2483 >> 10.242.42.176:6851/46765 pipe(0x11075b80 sd=267 :6807 s=2 pgs=29 cs=1 l=0 c=0x1395fb80).fault with nothing to send, going to standby
2014-09-18 18:01:58.795480 7f4c8a608700 0 -- 10.242.42.178:0/2483 >> 10.242.42.176:6852/46765 pipe(0x11e00000 sd=99 :0 s=1 pgs=0 cs=0 l=1 c=0x10387fa0).fault
2014-09-18 18:01:58.795587 7f4c8c628700 0 -- 10.242.42.178:0/2483 >> 10.242.42.176:6853/46765 pipe(0x11e03700 sd=141 :0 s=1 pgs=0 cs=0 l=1 c=0x10a5d020).fault
2014-09-18 18:01:59.366535 7f4c80670700 0 -- 10.242.42.178:6807/2483 >> 10.242.42.176:6811/8573 pipe(0xecf8580 sd=214 :6807 s=2 pgs=4272 cs=3 l=0 c=0xdd8a420).fault with nothing to send, going to standby
2014-09-18 18:01:59.366570 7f4c898fb700 0 -- 10.242.42.178:0/2483 >> 10.242.42.176:6812/8573 pipe(0x13d51440 sd=64 :0 s=1 pgs=0 cs=0 l=1 c=0x10a5cc00).fault
2014-09-18 18:01:59.366574 7f4c8c325700 0 -- 10.242.42.178:0/2483 >> 10.242.42.176:6813/8573 pipe(0x13d51c80 sd=202 :0 s=1 pgs=0 cs=0 l=1 c=0x10a5bfa0).fault
2014-09-18 18:01:59.645855 7f4c7c731700 0 -- 10.242.42.178:6807/2483 >> 10.242.42.176:6811/8573 pipe(0xecf8580 sd=212 :6807 s=1 pgs=4272 cs=4 l=0 c=0xdd8a420).fault
2014-09-18 18:02:00.438269 7f4c78cf7700 0 -- 10.242.42.178:6807/2483 >> 10.242.42.176:6856/46772 pipe(0x12591340 sd=260 :6807 s=2 pgs=14 cs=1 l=0 c=0x139619c0).fault with nothing to send, going to standby
2014-09-18 18:02:00.438978 7f4c878db700 0 -- 10.242.42.178:0/2483 >> 10.242.42.176:6857/46772 pipe(0x13d50940 sd=218 :0 s=1 pgs=0 cs=0 l=1 c=0x10a5d5a0).fault
2014-09-18 18:02:00.439017 7f4c7d842700 0 -- 10.242.42.178:0/2483 >> 10.242.42.176:6858/46772 pipe(0x13d51180 sd=222 :0 s=1 pgs=0 cs=0 l=1 c=0x10a5d860).fault
2014-09-18 18:02:00.913819 7f4c78df8700 0 -- 10.242.42.178:6807/2483 >> 10.242.42.176:6856/46772 pipe(0x12591340 sd=95 :6807 s=1 pgs=14 cs=2 l=0 c=0x139619c0).fault
2014-09-18 18:02:01.543228 7f4c762cd700 0 -- 10.242.42.178:6807/2483 >> 10.242.42.166:6820/22971 pipe(0x123c2680 sd=30 :6807 s=2 pgs=20 cs=1 l=0 c=0x1088bc80).fault with nothing to send, going to standby
2014-09-18 18:02:01.544604 7f4c854be700 0 -- 10.242.42.178:0/2483 >> 10.242.42.166:6844/22971 pipe(0x140ee840 sd=111 :0 s=1 pgs=0 cs=0 l=1 c=0x10a5d2e0).fault
2014-09-18 18:02:01.544609 7f4c8b517700 0 -- 10.242.42.178:0/2483 >> 10.242.42.166:6821/22971 pipe(0x13d50100 sd=72 :0 s=1 pgs=0 cs=0 l=1 c=0x10a5bce0).fault
2014-09-18 18:02:01.957319 7f4c761cc700 0 -- 10.242.42.178:6807/2483 >> 10.242.42.166:6820/22971 pipe(0x123c2680 sd=30 :6807 s=1 pgs=20 cs=2 l=0 c=0x1088bc80).fault
2014-09-18 18:02:26.652023 7f4c96a40700 0 log_channel(default) log [INF] : 2.4f6 restarting backfill on osd.27 from (0'0,0'0] MAX to 6873'32776
2014-09-18 18:02:26.659272 7f4c97241700 0 log_channel(default) log [INF] : 2.74e restarting backfill on osd.27 from (0'0,0'0] MAX to 6775'35284
2014-09-18 18:02:26.664367 7f4c96a40700 0 log_channel(default) log [INF] : 2.2d8 restarting backfill on osd.27 from (0'0,0'0] MAX to 6825'27712
2014-09-18 18:02:26.669106 7f4c96a40700 0 log_channel(default) log [INF] : 2.410 restarting backfill on osd.27 from (0'0,0'0] MAX to 6840'31228
2014-09-18 18:02:27.510390 7f4c96a40700 0 log_channel(default) log [INF] : 2.799 restarting backfill on osd.27 from (0'0,0'0] MAX to 6761'29900
2014-09-18 18:02:27.657871 7f4c97241700 0 log_channel(default) log [INF] : 2.7fa restarting backfill on osd.27 from (0'0,0'0] MAX to 6761'32700
2014-09-18 18:02:27.663992 7f4c96a40700 0 log_channel(default) log [INF] : 2.5b4 restarting backfill on osd.27 from (0'0,0'0] MAX to 6792'28596
2014-09-18 18:02:27.665005 7f4c97241700 0 log_channel(default) log [INF] : 2.403 restarting backfill on osd.27 from (0'0,0'0] MAX to 6774'31098
2014-09-18 18:02:27.827551 7f4c97241700 0 log_channel(default) log [INF] : 2.78f restarting backfill on osd.27 from (0'0,0'0] MAX to 6789'22964
2014-09-18 18:02:28.553199 7f4c97241700 0 log_channel(default) log [INF] : 2.3b6 restarting backfill on osd.27 from (0'0,0'0] MAX to 6856'30926
2014-09-18 18:02:28.553601 7f4c96a40700 0 log_channel(default) log [INF] : 2.62 restarting backfill on osd.27 from (0'0,0'0] MAX to 6775'23328
2014-09-18 18:02:29.137174 7f4c97241700 0 log_channel(default) log [INF] : 2.11b restarting backfill on osd.27 from (0'0,0'0] MAX to 6775'28078
2014-09-18 18:02:35.632591 7f4c97241700 0 log_channel(default) log [INF] : 2.4f6 restarting backfill on osd.3 from (0'0,0'0] MAX to 6873'32776
2014-09-18 18:02:35.638187 7f4c96a40700 0 log_channel(default) log [INF] : 2.3b6 restarting backfill on osd.3 from (0'0,0'0] MAX to 6856'30926
2014-09-18 18:02:35.864902 7f4c97241700 0 log_channel(default) log [INF] : 2.719 restarting backfill on osd.47 from (0'0,0'0] MAX to 6842'29696
2014-09-18 18:02:37.909333 7f4ca16dc700 0 -- 10.242.42.178:6807/2483 >> 10.242.42.168:6806/10347 pipe(0x123c0840 sd=279 :6807 s=2 pgs=49 cs=1 l=0 c=0x111e5c80).fault with nothing to send, going to standby
2014-09-18 18:03:11.530999 7f4c97241700 0 log_channel(default) log [INF] : 2.719 restarting backfill on osd.48 from (0'0,0'0] MAX to 6842'29696
2014-09-18 18:06:01.663049 7f4c96a40700 0 log_channel(default) log [INF] : 2.457 restarting backfill on osd.32 from (0'0,0'0] MAX to 6761'29864
2014-09-18 18:06:01.670575 7f4c97241700 0 log_channel(default) log [INF] : 2.71 restarting backfill on osd.58 from (0'0,0'0] MAX to 6845'29618
2014-09-18 18:06:02.663900 7f4c96a40700 0 log_channel(default) log [INF] : 2.178 restarting backfill on osd.32 from (0'0,0'0] MAX to 6874'18440
2014-09-18 18:06:02.667965 7f4c96a40700 0 log_channel(default) log [INF] : 2.519 restarting backfill on osd.57 from (0'0,0'0] MAX to 6868'25546
2014-09-18 18:06:02.668813 7f4c97241700 0 log_channel(default) log [INF] : 2.4c9 restarting backfill on osd.32 from (0'0,0'0] MAX to 6835'28020
2014-09-18 18:06:03.181932 7f4c775e0700 0 -- 10.242.42.178:6807/2483 >> 10.242.42.164:6807/17207 pipe(0x21f0db80 sd=246 :6807 s=2 pgs=29 cs=1 l=0 c=0x13a4ffa0).fault with nothing to send, going to standby
2014-09-18 18:06:03.182588 7f4c88aed700 0 -- 10.242.42.178:0/2483 >> 10.242.42.164:6808/17207 pipe(0x1443a580 sd=114 :0 s=1 pgs=0 cs=0 l=1 c=0x1d55f8c0).fault
2014-09-18 18:06:03.182607 7f4c84bb5700 0 -- 10.242.42.178:0/2483 >> 10.242.42.164:6809/17207 pipe(0x1443b8c0 sd=287 :0 s=1 pgs=0 cs=0 l=1 c=0x1d560aa0).fault
2014-09-18 18:06:03.447186 7f4c96a40700 0 log_channel(default) log [INF] : 2.1a2 restarting backfill on osd.58 from (0'0,0'0] MAX to 6869'33524
2014-09-18 18:06:15.882213 7f4c71984700 0 -- 10.242.42.178:6807/2483 >> 10.242.42.164:6810/28634 pipe(0xecf9080 sd=102 :6807 s=2 pgs=32 cs=1 l=0 c=0x1395e9a0).fault, initiating reconnect
2014-09-18 18:06:15.882360 7f4c885e8700 0 -- 10.242.42.178:6807/2483 >> 10.242.42.164:6810/28634 pipe(0xecf9080 sd=102 :6807 s=1 pgs=32 cs=2 l=0 c=0x1395e9a0).fault
2014-09-18 18:06:15.882928 7f4c790fb700 0 -- 10.242.42.178:0/2483 >> 10.242.42.164:6840/28634 pipe(0x125d79c0 sd=167 :0 s=1 pgs=0 cs=0 l=1 c=0x1d7c92e0).fault
2014-09-18 18:06:15.882956 7f4c740ab700 0 -- 10.242.42.178:0/2483 >> 10.242.42.164:6841/28634 pipe(0x125d7c80 sd=246 :0 s=1 pgs=0 cs=0 l=1 c=0x1d7c9180).fault
2014-09-18 18:06:21.886402 7f4c88aed700 0 -- 10.242.42.178:6807/2483 >> 10.242.42.164:6842/29102 pipe(0xecf8840 sd=167 :6807 s=2 pgs=25 cs=1 l=0 c=0x1395e840).fault, initiating reconnect
2014-09-18 18:06:21.886606 7f4c775e0700 0 -- 10.242.42.178:6807/2483 >> 10.242.42.164:6842/29102 pipe(0xecf8840 sd=36 :6807 s=1 pgs=25 cs=2 l=0 c=0x1395e840).fault
2014-09-18 18:06:21.886811 7f4c84bb5700 0 -- 10.242.42.178:0/2483 >> 10.242.42.164:6843/29102 pipe(0xe80b440 sd=167 :0 s=1 pgs=0 cs=0 l=1 c=0x141b83c0).fault
2014-09-18 18:06:21.886881 7f4c773de700 0 -- 10.242.42.178:0/2483 >> 10.242.42.164:6844/29102 pipe(0xe808dc0 sd=287 :0 s=1 pgs=0 cs=0 l=1 c=0x141b6840).fault
2014-09-18 18:06:28.530618 7f4c82b95700 0 -- 10.242.42.178:6807/2483 >> 10.242.42.164:6845/29579 pipe(0xecf8dc0 sd=117 :6807 s=2 pgs=32 cs=1 l=0 c=0x1395e6e0).fault with nothing to send, going to standby
2014-09-18 18:06:28.531367 7f4c775e0700 0 -- 10.242.42.178:0/2483 >> 10.242.42.164:6846/29579 pipe(0xe808840 sd=114 :0 s=1 pgs=0 cs=0 l=1 c=0x141b7760).fault
2014-09-18 18:06:28.531381 7f4c88aed700 0 -- 10.242.42.178:0/2483 >> 10.242.42.164:6847/29579 pipe(0xe80bc80 sd=70 :0 s=1 pgs=0 cs=0 l=1 c=0x141b7ce0).fault
2014-09-18 18:06:34.670406 7f4c773de700 0 -- 10.242.42.178:6807/2483 >> 10.242.42.164:6848/30058 pipe(0xecfb180 sd=114 :6807 s=2 pgs=28 cs=1 l=0 c=0x1395e580).fault with nothing to send, going to standby
2014-09-18 18:06:34.671032 7f4c7f55f700 0 -- 10.242.42.178:0/2483 >> 10.242.42.164:6849/30058 pipe(0xe8098c0 sd=205 :0 s=1 pgs=0 cs=0 l=1 c=0x1d662840).fault
2014-09-18 18:06:34.671045 7f4c80b75700 0 -- 10.242.42.178:0/2483 >> 10.242.42.164:6850/30058 pipe(0xe809600 sd=246 :0 s=1 pgs=0 cs=0 l=1 c=0x1da6e000).fault
2014-09-18 18:06:40.695562 7f4c82b95700 0 -- 10.242.42.178:6807/2483 >> 10.242.42.164:6851/30534 pipe(0xecfa3c0 sd=117 :6807 s=2 pgs=33 cs=1 l=0 c=0x1395e420).fault, initiating reconnect
2014-09-18 18:06:40.695658 7f4c775e0700 0 -- 10.242.42.178:6807/2483 >> 10.242.42.164:6851/30534 pipe(0xecfa3c0 sd=117 :6807 s=1 pgs=33 cs=2 l=0 c=0x1395e420).fault
2014-09-18 18:06:40.696205 7f4ca853b700 0 -- 10.242.42.178:0/2483 >> 10.242.42.164:6852/30534 pipe(0x123c2680 sd=140 :0 s=1 pgs=0 cs=0 l=1 c=0x120fb440).fault
2014-09-18 18:06:40.696234 7f4c88aed700 0 -- 10.242.42.178:0/2483 >> 10.242.42.164:6853/30534 pipe(0xfd04dc0 sd=246 :0 s=1 pgs=0 cs=0 l=1 c=0x1395e6e0).fault
2014-09-18 18:06:45.907725 7f4c84bb5700 0 -- 10.242.42.178:6807/2483 >> 10.242.42.164:6854/31029 pipe(0xecf9340 sd=117 :6807 s=2 pgs=33 cs=1 l=0 c=0x1395e2c0).fault, initiating reconnect
2014-09-18 18:06:45.907877 7f4c7f55f700 0 -- 10.242.42.178:6807/2483 >> 10.242.42.164:6854/31029 pipe(0xecf9340 sd=117 :6807 s=1 pgs=33 cs=2 l=0 c=0x1395e2c0).fault
2014-09-18 18:06:45.908315 7f4c80b75700 0 -- 10.242.42.178:0/2483 >> 10.242.42.164:6855/31029 pipe(0xfd07700 sd=167 :0 s=1 pgs=0 cs=0 l=1 c=0x1395e580).fault
2014-09-18 18:06:45.908355 7f4c773de700 0 -- 10.242.42.178:0/2483 >> 10.242.42.164:6856/31029 pipe(0xfd05080 sd=246 :0 s=1 pgs=0 cs=0 l=1 c=0x1277c7e0).fault
2014-09-18 18:06:51.908751 7f4c775e0700 0 -- 10.242.42.178:6807/2483 >> 10.242.42.164:6857/31492 pipe(0xecfb440 sd=117 :6807 s=2 pgs=32 cs=1 l=0 c=0x1395e160).fault, initiating reconnect
2014-09-18 18:06:51.908849 7f4c88aed700 0 -- 10.242.42.178:6807/2483 >> 10.242.42.164:6857/31492 pipe(0xecfb440 sd=117 :6807 s=1 pgs=32 cs=2 l=0 c=0x1395e160).fault
2014-09-18 18:06:51.909212 7f4c80b75700 0 -- 10.242.42.178:0/2483 >> 10.242.42.164:6858/31492 pipe(0x1443bb80 sd=174 :0 s=1 pgs=0 cs=0 l=1 c=0x1d5a7b80).fault
2014-09-18 18:06:51.909220 7f4c84bb5700 0 -- 10.242.42.178:0/2483 >> 10.242.42.164:6859/31492 pipe(0xfd04dc0 sd=114 :0 s=1 pgs=0 cs=0 l=1 c=0xe567600).fault
2014-09-18 18:07:00.893201 7f4c7f55f700 0 -- 10.242.42.178:6807/2483 >> 10.242.42.164:6860/31971 pipe(0xecfac00 sd=117 :6807 s=2 pgs=33 cs=1 l=0 c=0x1395e000).fault with nothing to send, going to standby
2014-09-18 18:07:00.893609 7f4c82b95700 0 -- 10.242.42.178:0/2483 >> 10.242.42.164:6861/31971 pipe(0x1443b340 sd=205 :0 s=1 pgs=0 cs=0 l=1 c=0x1217a580).fault
2014-09-18 18:07:00.893636 7f4ca853b700 0 -- 10.242.42.178:0/2483 >> 10.242.42.164:6862/31971 pipe(0x146b6dc0 sd=142 :0 s=1 pgs=0 cs=0 l=1 c=0x1db34000).fault
2014-09-18 18:07:06.902178 7f4c84bb5700 0 -- 10.242.42.178:6807/2483 >> 10.242.42.164:6807/32449 pipe(0xecf82c0 sd=39 :6807 s=2 pgs=20 cs=1 l=0 c=0x10b262c0).fault, initiating reconnect
2014-09-18 18:07:06.902264 7f4c773de700 0 -- 10.242.42.178:0/2483 >> 10.242.42.164:6808/32449 pipe(0x1443c3c0 sd=30 :0 s=1 pgs=0 cs=0 l=1 c=0x14f4db20).fault
2014-09-18 18:07:06.902276 7f4c88aed700 0 -- 10.242.42.178:6807/2483 >> 10.242.42.164:6807/32449 pipe(0xecf82c0 sd=39 :6807 s=1 pgs=20 cs=2 l=0 c=0x10b262c0).fault
2014-09-18 18:07:06.902316 7f4ca853b700 0 -- 10.242.42.178:0/2483 >> 10.242.42.164:6809/32449 pipe(0x1443d180 sd=246 :0 s=1 pgs=0 cs=0 l=1 c=0x14f4cd60).fault
2014-09-18 18:07:13.002558 7f4c7f55f700 0 -- 10.242.42.178:6807/2483 >> 10.242.42.164:6863/32993 pipe(0x150159c0 sd=140 :6807 s=2 pgs=16 cs=1 l=0 c=0x10b269a0).fault, initiating reconnect
2014-09-18 18:07:13.002679 7f4c82b95700 0 -- 10.242.42.178:6807/2483 >> 10.242.42.164:6863/32993 pipe(0x150159c0 sd=102 :6807 s=1 pgs=16 cs=2 l=0 c=0x10b269a0).fault
2014-09-18 18:07:13.003326 7f4c88aed700 0 -- 10.242.42.178:0/2483 >> 10.242.42.164:6864/32993 pipe(0x1443bb80 sd=140 :0 s=1 pgs=0 cs=0 l=1 c=0x14f4ba20).fault
2014-09-18 18:07:13.003351 7f4ca853b700 0 -- 10.242.42.178:0/2483 >> 10.242.42.164:6865/32993 pipe(0x1443b340 sd=82 :0 s=1 pgs=0 cs=0 l=1 c=0x14f4d700).fault
2014-09-18 18:07:19.106836 7f4c84bb5700 0 -- 10.242.42.178:6807/2483 >> 10.242.42.164:6866/33469 pipe(0xe973180 sd=114 :6807 s=2 pgs=24 cs=1 l=0 c=0x141b6000).fault, initiating reconnect
2014-09-18 18:07:19.106944 7f4c773de700 0 -- 10.242.42.178:6807/2483 >> 10.242.42.164:6866/33469 pipe(0xe973180 sd=59 :6807 s=1 pgs=24 cs=2 l=0 c=0x141b6000).fault
2014-09-18 18:07:19.107671 7f4c80b75700 0 -- 10.242.42.178:0/2483 >> 10.242.42.164:6867/33469 pipe(0x125d6680 sd=114 :0 s=1 pgs=0 cs=0 l=1 c=0x110e63c0).fault
2014-09-18 18:07:19.107698 7f4c775e0700 0 -- 10.242.42.178:0/2483 >> 10.242.42.164:6868/33469 pipe(0xfd05b80 sd=246 :0 s=1 pgs=0 cs=0 l=1 c=0x12df5080).fault
2014-09-18 18:07:25.207619 7f4c82b95700 0 -- 10.242.42.178:6807/2483 >> 10.242.42.164:6869/33945 pipe(0xe9739c0 sd=117 :6807 s=2 pgs=32 cs=1 l=0 c=0x141b6b00).fault, initiating reconnect
2014-09-18 18:07:25.207753 7f4ca853b700 0 -- 10.242.42.178:6807/2483 >> 10.242.42.164:6869/33945 pipe(0xe9739c0 sd=117 :6807 s=1 pgs=32 cs=2 l=0 c=0x141b6b00).fault
2014-09-18 18:07:25.208318 7f4c7f55f700 0 -- 10.242.42.178:0/2483 >> 10.242.42.164:6870/33945 pipe(0x1443a2c0 sd=70 :0 s=1 pgs=0 cs=0 l=1 c=0x11177a20).fault
2014-09-18 18:07:25.208342 7f4c88aed700 0 -- 10.242.42.178:0/2483 >> 10.242.42.164:6871/33945 pipe(0x1443a840 sd=114 :0 s=1 pgs=0 cs=0 l=1 c=0x10dbc680).fault
2014-09-18 18:07:30.871741 7f4c84bb5700 0 -- 10.242.42.178:6807/2483 >> 10.242.42.164:6810/34424 pipe(0xe971340 sd=36 :6807 s=2 pgs=32 cs=1 l=0 c=0x141b7ce0).fault, initiating reconnect
2014-09-18 18:07:30.871839 7f4c80b75700 0 -- 10.242.42.178:6807/2483 >> 10.242.42.164:6810/34424 pipe(0xe971340 sd=36 :6807 s=1 pgs=32 cs=2 l=0 c=0x141b7ce0).fault
2014-09-18 18:07:30.872095 7f4ca853b700 0 -- 10.242.42.178:0/2483 >> 10.242.42.164:6840/34424 pipe(0xfd04dc0 sd=174 :0 s=1 pgs=0 cs=0 l=1 c=0xf151c80).fault
2014-09-18 18:07:30.872152 7f4c7f55f700 0 -- 10.242.42.178:0/2483 >> 10.242.42.164:6841/34424 pipe(0xfd05b80 sd=29 :0 s=1 pgs=0 cs=0 l=1 c=0xf151860).fault
2014-09-18 18:07:36.923383 7f4c82b95700 0 -- 10.242.42.178:6807/2483 >> 10.242.42.164:6842/34895 pipe(0x102e6dc0 sd=140 :6807 s=2 pgs=33 cs=1 l=0 c=0x141b7760).fault with nothing to send, going to standby
2014-09-18 18:07:36.923823 7f4c773de700 0 -- 10.242.42.178:0/2483 >> 10.242.42.164:6843/34895 pipe(0x1443adc0 sd=70 :0 s=1 pgs=0 cs=0 l=1 c=0x1e1c42c0).fault
2014-09-18 18:07:36.923866 7f4c775e0700 0 -- 10.242.42.178:0/2483 >> 10.242.42.164:6844/34895 pipe(0x1443c940 sd=39 :0 s=1 pgs=0 cs=0 l=1 c=0x1e1c4420).fault
2014-09-18 18:07:43.034566 7f4c84bb5700 0 -- 10.242.42.178:6807/2483 >> 10.242.42.164:6872/35399 pipe(0x1d62cec0 sd=114 :6807 s=2 pgs=32 cs=1 l=0 c=0x141b7080).fault with nothing to send, going to standby
2014-09-18 18:07:43.034707 7f4c80b75700 0 -- 10.242.42.178:0/2483 >> 10.242.42.164:6873/35399 pipe(0x1443a840 sd=205 :0 s=1 pgs=0 cs=0 l=1 c=0x1e1c4000).fault
2014-09-18 18:07:43.034720 7f4c7f55f700 0 -- 10.242.42.178:0/2483 >> 10.242.42.164:6874/35399 pipe(0x1443a2c0 sd=246 :0 s=1 pgs=0 cs=0 l=1 c=0x1e1c6940).fault
2014-09-18 18:07:49.047399 7f4c8e22f700 0 -- 10.242.42.178:6807/2483 >> 10.242.42.164:6845/35878 pipe(0x140eeb00 sd=142 :6807 s=2 pgs=28 cs=1 l=0 c=0x141b7340).fault, initiating reconnect
2014-09-18 18:07:49.047654 7f4c82b95700 0 -- 10.242.42.178:6807/2483 >> 10.242.42.164:6845/35878 pipe(0x140eeb00 sd=127 :6807 s=1 pgs=28 cs=2 l=0 c=0x141b7340).fault
2014-09-18 18:07:49.048205 7f4c775e0700 0 -- 10.242.42.178:0/2483 >> 10.242.42.164:6846/35878 pipe(0x10b63600 sd=142 :0 s=1 pgs=0 cs=0 l=1 c=0x12df49a0).fault
2014-09-18 18:07:49.048272 7f4c773de700 0 -- 10.242.42.178:0/2483 >> 10.242.42.164:6847/35878 pipe(0xe4b0100 sd=117 :0 s=1 pgs=0 cs=0 l=1 c=0x12df46e0).fault
2014-09-18 18:07:55.167177 7f4ca853b700 0 -- 10.242.42.178:6807/2483 >> 10.242.42.164:6875/36362 pipe(0x14b519c0 sd=127 :6807 s=2 pgs=32 cs=1 l=0 c=0x141b8100).fault, initiating reconnect
2014-09-18 18:07:55.167365 7f4c7f55f700 0 -- 10.242.42.178:6807/2483 >> 10.242.42.164:6875/36362 pipe(0x14b519c0 sd=29 :6807 s=1 pgs=32 cs=2 l=0 c=0x141b8100).fault
2014-09-18 18:07:55.167962 7f4c80b75700 0 -- 10.242.42.178:0/2483 >> 10.242.42.164:6876/36362 pipe(0x1443c940 sd=127 :0 s=1 pgs=0 cs=0 l=1 c=0x141b9c80).fault
2014-09-18 18:07:55.167980 7f4c8e22f700 0 -- 10.242.42.178:0/2483 >> 10.242.42.164:6877/36362 pipe(0x1443adc0 sd=140 :0 s=1 pgs=0 cs=0 l=1 c=0x141b92e0).fault
2014-09-18 18:08:00.931638 7f4c82b95700 0 -- 10.242.42.178:6807/2483 >> 10.242.42.164:6848/36851 pipe(0x14b4e000 sd=82 :6807 s=2 pgs=32 cs=1 l=0 c=0x13aaf600).fault, initiating reconnect
2014-09-18 18:08:00.931770 7f4c773de700 0 -- 10.242.42.178:6807/2483 >> 10.242.42.164:6848/36851 pipe(0x14b4e000 sd=22 :6807 s=1 pgs=32 cs=2 l=0 c=0x13aaf600).fault
2014-09-18 18:08:00.932375 7f4c7f55f700 0 -- 10.242.42.178:0/2483 >> 10.242.42.164:6849/36851 pipe(0x102e8100 sd=82 :0 s=1 pgs=0 cs=0 l=1 c=0x110e5ce0).fault
2014-09-18 18:08:00.932402 7f4c80b75700 0 -- 10.242.42.178:0/2483 >> 10.242.42.164:6850/36851 pipe(0x102e9700 sd=246 :0 s=1 pgs=0 cs=0 l=1 c=0x110e6100).fault
2014-09-18 18:08:06.936809 7f4ca853b700 0 -- 10.242.42.178:6807/2483 >> 10.242.42.164:6878/37327 pipe(0x10b65c80 sd=117 :6807 s=2 pgs=24 cs=1 l=0 c=0x10387e40).fault with nothing to send, going to standby
2014-09-18 18:08:06.937463 7f4c82b95700 0 -- 10.242.42.178:0/2483 >> 10.242.42.164:6879/37327 pipe(0x12b82100 sd=31 :0 s=1 pgs=0 cs=0 l=1 c=0x10b271e0).fault
2014-09-18 18:08:06.937567 7f4c80b75700 0 -- 10.242.42.178:0/2483 >> 10.242.42.164:6880/37327 pipe(0x12b802c0 sd=246 :0 s=1 pgs=0 cs=0 l=1 c=0x111e4940).fault
2014-09-18 18:08:13.018829 7f4c773de700 0 -- 10.242.42.178:6807/2483 >> 10.242.42.164:6881/37802 pipe(0x10b64680 sd=114 :6807 s=2 pgs=32 cs=1 l=0 c=0x103862c0).fault, initiating reconnect
2014-09-18 18:08:13.018936 7f4c7f55f700 0 -- 10.242.42.178:6807/2483 >> 10.242.42.164:6881/37802 pipe(0x10b64680 sd=70 :6807 s=1 pgs=32 cs=2 l=0 c=0x103862c0).fault
2014-09-18 18:08:13.019543 7f4c775e0700 0 -- 10.242.42.178:0/2483 >> 10.242.42.164:6882/37802 pipe(0x47563c0 sd=114 :0 s=1 pgs=0 cs=0 l=1 c=0x13aae160).fault
2014-09-18 18:08:13.019593 7f4c84bb5700 0 -- 10.242.42.178:0/2483 >> 10.242.42.164:6883/37802 pipe(0x4754580 sd=246 :0 s=1 pgs=0 cs=0 l=1 c=0x13ab0940).fault
2014-09-18 18:08:16.842340 7f4c96a40700 0 log_channel(default) log [INF] : 2.4f6 restarting backfill on osd.48 from (0'0,0'0] MAX to 6873'32776
2014-09-18 18:08:16.843944 7f4c97241700 0 log_channel(default) log [INF] : 2.62 restarting backfill on osd.47 from (0'0,0'0] MAX to 6775'23328
2014-09-18 18:08:16.852641 7f4c97241700 0 log_channel(default) log [INF] : 2.4b1 restarting backfill on osd.48 from (0'0,0'0] MAX to 6745'24816
2014-09-18 18:08:16.855520 7f4c97241700 0 log_channel(default) log [INF] : 2.4c1 restarting backfill on osd.6 from (0'0,0'0] MAX to 6761'26972
2014-09-18 18:08:16.992095 7f4c97241700 0 log_channel(default) log [INF] : 2.519 restarting backfill on osd.9 from (0'0,0'0] MAX to 6868'25546
2014-09-18 18:08:19.335041 7f4c82b95700 0 -- 10.242.42.178:6807/2483 >> 10.242.42.164:6851/38278 pipe(0x10b65700 sd=127 :6807 s=2 pgs=33 cs=1 l=0 c=0x12b3ac00).fault with nothing to send, going to standby
2014-09-18 18:08:19.335812 7f4c773de700 0 -- 10.242.42.178:0/2483 >> 10.242.42.164:6853/38278 pipe(0x24d143c0 sd=70 :0 s=1 pgs=0 cs=0 l=1 c=0x100c3600).fault
2014-09-18 18:08:19.335832 7f4c84bb5700 0 -- 10.242.42.178:0/2483 >> 10.242.42.164:6852/38278 pipe(0x24d13340 sd=31 :0 s=1 pgs=0 cs=0 l=1 c=0x100c4d60).fault
2014-09-18 18:08:23.923764 7f4c96a40700 0 log_channel(default) log [INF] : 2.4c1 restarting backfill on osd.48 from (0'0,0'0] MAX to 6761'26972
2014-09-18 18:08:25.144743 7f4c7f55f700 0 -- 10.242.42.178:6807/2483 >> 10.242.42.164:6884/38815 pipe(0x10b62580 sd=142 :6807 s=2 pgs=32 cs=1 l=0 c=0x12b3a680).fault, initiating reconnect
2014-09-18 18:08:25.144892 7f4c775e0700 0 -- 10.242.42.178:6807/2483 >> 10.242.42.164:6884/38815 pipe(0x10b62580 sd=142 :6807 s=1 pgs=32 cs=2 l=0 c=0x12b3a680).fault
2014-09-18 18:08:25.145416 7f4c84bb5700 0 -- 10.242.42.178:0/2483 >> 10.242.42.164:6886/38815 pipe(0xe548b00 sd=167 :0 s=1 pgs=0 cs=0 l=1 c=0x21dde2c0).fault
2014-09-18 18:08:25.145417 7f4c82b95700 0 -- 10.242.42.178:0/2483 >> 10.242.42.164:6885/38815 pipe(0xe5482c0 sd=127 :0 s=1 pgs=0 cs=0 l=1 c=0x21de0940).fault
2014-09-18 18:08:28.330059 7f4c97241700 0 log_channel(default) log [INF] : 2.410 restarting backfill on osd.6 from (0'0,0'0] MAX to 6840'31228
2014-09-18 18:08:30.680342 7f4c97241700 0 log_channel(default) log [INF] : 2.178 restarting backfill on osd.20 from (0'0,0'0] MAX to 6874'18440
2014-09-18 18:08:30.681038 7f4c96a40700 0 log_channel(default) log [INF] : 2.6f8 restarting backfill on osd.35 from (0'0,0'0] MAX to 6788'24342
2014-09-18 18:08:30.684715 7f4c97241700 0 log_channel(default) log [INF] : 2.179 restarting backfill on osd.35 from (0'0,0'0] MAX to 6752'29654
2014-09-18 18:08:30.688104 7f4c97241700 0 log_channel(default) log [INF] : 2.410 restarting backfill on osd.56 from (0'0,0'0] MAX to 6840'31228
2014-09-18 18:08:30.688533 7f4c96a40700 0 log_channel(default) log [INF] : 2.11b restarting backfill on osd.9 from (0'0,0'0] MAX to 6775'28078
2014-09-18 18:08:30.975106 7f4ca853b700 0 -- 10.242.42.178:6807/2483 >> 10.242.42.164:6854/39317 pipe(0x10b64940 sd=127 :6807 s=2 pgs=32 cs=1 l=0 c=0x12b3aec0).fault with nothing to send, going to standby
2014-09-18 18:08:30.975610 7f4c71984700 0 -- 10.242.42.178:0/2483 >> 10.242.42.164:6856/39317 pipe(0x13d50680 sd=199 :0 s=1 pgs=0 cs=0 l=1 c=0x23a746e0).fault
2014-09-18 18:08:30.975635 7f4c790fb700 0 -- 10.242.42.178:0/2483 >> 10.242.42.164:6855/39317 pipe(0x10b64680 sd=29 :0 s=1 pgs=0 cs=0 l=1 c=0x23a75760).fault
2014-09-18 18:08:31.338216 7f4c773de700 0 -- 10.242.42.178:6807/2483 >> 10.242.42.164:6854/39317 pipe(0x10b64940 sd=93 :6807 s=1 pgs=32 cs=2 l=0 c=0x12b3aec0).fault
2014-09-18 18:08:32.435228 7f4c97241700 0 log_channel(default) log [INF] : 2.519 restarting backfill on osd.4 from (0'0,0'0] MAX to 6868'25546
2014-09-18 18:08:36.959506 7f4c8e22f700 0 -- 10.242.42.178:6807/2483 >> 10.242.42.164:6857/39817 pipe(0x10b659c0 sd=59 :6807 s=2 pgs=32 cs=1 l=0 c=0x12b3b2e0).fault with nothing to send, going to standby
2014-09-18 18:08:36.959913 7f4c773de700 0 -- 10.242.42.178:0/2483 >> 10.242.42.164:6859/39817 pipe(0x14b50100 sd=70 :0 s=1 pgs=0 cs=0 l=1 c=0x23a77b20).fault
2014-09-18 18:08:36.959917 7f4c71984700 0 -- 10.242.42.178:0/2483 >> 10.242.42.164:6858/39817 pipe(0x14b4e000 sd=54 :0 s=1 pgs=0 cs=0 l=1 c=0x23a779c0).fault
2014-09-18 18:08:37.077672 7f4c775e0700 0 -- 10.242.42.178:6807/2483 >> 10.242.42.164:6857/39817 pipe(0x10b659c0 sd=59 :6807 s=1 pgs=32 cs=2 l=0 c=0x12b3b2e0).fault
2014-09-18 18:08:37.691722 7f4c97241700 0 log_channel(default) log [INF] : 2.2d8 restarting backfill on osd.2 from (0'0,0'0] MAX to 6825'27712
2014-09-18 18:08:37.691823 7f4c96a40700 0 log_channel(default) log [INF] : 2.204 restarting backfill on osd.0 from (0'0,0'0] MAX to 6810'26722
2014-09-18 18:08:37.717934 7f4c96a40700 -1 osd/PGLog.h: In function 'void PGLog::IndexedLog::claim_log_and_clear_rollback_info(const pg_log_t&)' thread 7f4c96a40700 time
2014-09-18 18:08:37.701817 osd/PGLog.h: 87: FAILED assert(rollback_info_trimmed_to == head) ceph version 0.84-sd-sprint4 (3215c520e1306f50d0094b5646636c02456c9df4) 1: (ceph::__ceph_assert_fail(char const*, char const*, int, char const*)+0x8b) [0xb776db] 2: (PG::RecoveryState::Stray::react(PG::MLogRec const&)+0x1f9) [0x7e1d19] 3: (boost::statechart::simple_state, (boost::statechart::history_mode)0>::react_impl(boost::statechart::event_base const&, void const*)+0x1f4) [0x81a944] 4: (boost::statechart::state_machine, boost::statechart::null_exception_translator>::send_event(boost::statechart::event_base const&)+0x5b) [0x805d6b] 5: (PG::handle_peering_event(std::tr1::shared_ptr, PG::RecoveryCtx*)+0x1ce) [0x7b5b8e] 6: (OSD::process_peering_events(std::list > const&, ThreadPool::TPHandle&)+0x2b0) [0x6a3140] 7: (OSD::PeeringWQ::_process(std::list > const&, ThreadPool::TPHandle&)+0x18) [0x6f83c8] 8: (ThreadPool::worker(ThreadPool::WorkThread*)+0xa46) [0xb68866] 9: (ThreadPool::WorkThread::entry()+0x10) [0xb69910] 10: (()+0x8182) [0x7f4cb21da182] 11: (clone()+0x6d) [0x7f4cb05c030d] NOTE: a copy of the executable, or `objdump -rdS ` is needed to interpret this. --- begin dump of recent events --- -10000>
2014-09-18 18:08:22.915663 7f4c9f251700 5 -- op tracker -- , seq: 85539, time:
2014-09-18 18:08:22.915661, event: started, op: pg_notify(2.1bb(9) epoch 11701) -9999>
2014-09-18 18:08:22.915684 7f4c9f251700 5 -- op tracker -- , seq: 85539, time:
2014-09-18 18:08:22.915682, event: done, op: pg_notify(2.1bb(9) epoch 11701) -9998>
2014-09-18 18:08:22.915711 7f4c96a40700 1 -- 10.242.42.178:6807/2483 --> 10.242.42.166:6808/22481 -- osd_map(11701..11701 src has 1..11701) v3 -- ?+0 0x24d1d180 con 0x1088aec0 -9997>
2014-09-18 18:08:22.915736 7f4c96a40700 1 -- 10.242.42.178:6807/2483 --> 10.242.42.166:6808/22481 -- pg_query(2.410 epoch 11701) v3 -- ?+0 0xf6dfa40 con 0x1088aec0 -9996>
2014-09-18 18:08:22.915751 7f4c96a40700 1 -- 10.242.42.178:6807/2483 --> 10.242.42.174:6801/21548 -- pg_query(2.410 epoch 11701) v3 -- ?+0 0x2b93c940 con 0x1395f8c0 -9995>
2014-09-18 18:08:22.915875 7f4c9f251700 1 -- 10.242.42.178:6807/2483 <== osd.35 10.242.42.164:6811/17421 3570 ==== pg_notify(2.2c7(139) epoch 11701) v5 ==== 8651+0+0 (1542592925 0 0) 0x11bc1de0 con 0xcbecec0 -9994>
2014-09-18 18:08:22.915899 7f4c9f251700 5 -- op tracker -- , seq: 85540, time:
2014-09-18 18:08:22.915694, event: header_read, op: pg_notify(2.2c7(139) epoch 11701) -9993>
2014-09-18 18:08:22.915911 7f4c9f251700 5 -- op tracker -- , seq: 85540, time:
2014-09-18 18:08:22.915697, event: throttled, op: pg_notify(2.2c7(139) epoch 11701) -9992>
2014-09-18 18:08:22.915918 7f4c9f251700 5 -- op tracker -- , seq: 85540, time:
2014-09-18 18:08:22.915852, event: all_read, op: pg_notify(2.2c7(139) epoch 11701) -9991>
2014-09-18 18:08:22.915925 7f4c9f251700 5 -- op tracker -- , seq: 85540, time:
2014-09-18 18:08:22.915893, event: dispatched, op: pg_notify(2.2c7(139) epoch 11701) -9990>
2014-09-18 18:08:22.915933 7f4c9f251700 5 -- op tracker -- , seq: 85540, time:
2014-09-18 18:08:22.915930, event: waiting_for_osdmap, op: pg_notify(2.2c7(139) epoch 11701) -9989>
2014-09-18 18:08:22.915943 7f4c9f251700 5 -- op tracker -- , seq: 85540, time:
2014-09-18 18:08:22.915940, event: started, op: pg_notify(2.2c7(139) epoch 11701) -9988>
2014-09-18 18:08:22.915969 7f4c9f251700 5 -- op tracker -- , seq: 85540, time:
2014-09-18 18:08:22.915966, event: done, op: pg_notify(2.2c7(139) epoch 11701) -9987>
2014-09-18 18:08:22.916053 7f4c9f251700 1 -- 10.242.42.178:6807/2483 <== osd.22 10.242.42.172:6815/37668 1179 ==== pg_notify(2.1d8(9) epoch 11701) v5 ==== 1261+0+0 (1225975860 0 0) 0x11bbed20 con 0x1088b440 -9986>
2014-09-18 18:08:22.916067 7f4c9f251700 5 -- op tracker -- , seq: 85541, time:
2014-09-18 18:08:22.915900, event: header_read, op: pg_notify(2.1d8(9) epoch 11701) -9985>
2014-09-18 18:08:22.916076 7f4c9f251700 5 -- op tracker -- , seq: 85541, time:
2014-09-18 18:08:22.915901, event: throttled, op: pg_notify(2.1d8(9) epoch 11701) -9984>
2014-09-18 18:08:22.916082 7f4c9f251700 5 -- op tracker -- , seq: 85541, time:
2014-09-18 18:08:22.915938, event: all_read, op: pg_notify(2.1d8(9) epoch 11701) -9983>
2014-09-18 18:08:22.916088 7f4c9f251700 5 -- op tracker -- , seq: 85541, time:
2014-09-18 18:08:22.916063, event: dispatched, op: pg_notify(2.1d8(9) epoch 11701) -9982>
2014-09-18 18:08:22.916095 7f4c9f251700 5 -- op tracker -- , seq: 85541, time:
2014-09-18 18:08:22.916093, event: waiting_for_osdmap, op: pg_notify(2.1d8(9) epoch 11701) -9981>
2014-09-18 18:08:22.916103 7f4c9f251700 5 -- op tracker -- , seq: 85541, time:
2014-09-18 18:08:22.916101, event: started, op: pg_notify(2.1d8(9) epoch 11701) -9980>
2014-09-18 18:08:22.916125 7f4c9f251700 5 -- op tracker -- , seq: 85541, time:
2014-09-18 18:08:22.916123, event: done, op: pg_notify(2.1d8(9) epoch 11701) -9979>
2014-09-18 18:08:22.918087 7f4c9f251700 1 -- 10.242.42.178:6807/2483 <== osd.30 10.242.42.176:6829/1204 101 ==== osd_map(11701..11701 src has 1..11701) v3 ==== 2801+0+0 (2938961775 0 0) 0x24d1b200 con 0x1395edc0 -9978>
2014-09-18 18:08:22.918104 7f4c9f251700 3 osd.42 11701 handle_osd_map epochs [11701,11701], i have 11701, src has [1,11701] -9977>
2014-09-18 18:08:22.918113 7f4c9f251700 1 -- 10.242.42.178:6807/2483 <== osd.30 10.242.42.176:6829/1204 102 ==== pg_query(2.6e3 epoch 11701) v3 ==== 144+0+0 (3264362380 0 0) 0xf91da20 con 0x1395edc0 -9976>
2014-09-18 18:08:22.918123 7f4c9f251700 5 -- op tracker -- , seq: 85542, time:
2014-09-18 18:08:22.918087, event: header_read, op: pg_query(2.6e3 epoch 11701) -9975>
2014-09-18 18:08:22.918132 7f4c9f251700 5 -- op tracker -- , seq: 85542, time:
2014-09-18 18:08:22.918088, event: throttled, op: pg_query(2.6e3 epoch 11701) -9974>
2014-09-18 18:08:22.918139 7f4c9f251700 5 -- op tracker -- , seq: 85542, time:
2014-09-18 18:08:22.918107, event: all_read, op: pg_query(2.6e3 epoch 11701) -9973>
2014-09-18 18:08:22.918145 7f4c9f251700 5 -- op tracker -- , seq: 85542, time:
2014-09-18 18:08:22.918120, event: dispatched, op: pg_query(2.6e3 epoch 11701) -9972>
2014-09-18 18:08:22.918152 7f4c9f251700 5 -- op tracker -- , seq: 85542, time:
2014-09-18 18:08:22.918150, event: waiting_for_osdmap, op: pg_query(2.6e3 epoch 11701) -9971>
2014-09-18 18:08:22.918160 7f4c9f251700 5 -- op tracker -- , seq: 85542, time:
2014-09-18 18:08:22.918158, event: started, op: pg_query(2.6e3 epoch 11701) -9970>
2014-09-18 18:08:22.918174 7f4c9f251700 5 -- op tracker -- , seq: 85542, time:
2014-09-18 18:08:22.918172, event: done, op: pg_query(2.6e3 epoch 11701) -9969>
2014-09-18 18:08:22.918203 7f4c97241700 1 -- 10.242.42.178:6807/2483 --> 10.242.42.176:6829/1204 -- pg_notify(2.6e3(27) epoch 11701) v5 -- ?+0 0xe1ac760 con 0x1395edc0 -9968>
2014-09-18 18:08:22.918383 7f4c9f251700 1 -- 10.242.42.178:6807/2483 <== osd.32 10.242.42.176:6814/1099 509 ==== osd_map(11701..11701 src has 1..11701) v3 ==== 2801+0+0 (2938961775 0 0) 0x2fba0640 con 0x1395ef20 -9967>
2014-09-18 18:08:22.918397 7f4c9f251700 3 osd.42 11701 handle_osd_map epochs [11701,11701], i have 11701, src has [1,11701] -9966>
2014-09-18 18:08:22.918441 7f4c9f251700 1 -- 10.242.42.178:6807/2483 <== osd.32 10.242.42.176:6814/1099 510 ==== pg_notify(2.1d8(20) epoch 11701) v5 ==== 1878+0+0 (3574000922 0 0) 0x11bc10c0 con 0x1395ef20 -9965>
2014-09-18 18:08:22.918451 7f4c9f251700 5 -- op tracker -- , seq: 85543, time:
2014-09-18 18:08:22.918398, event: header_read, op: pg_notify(2.1d8(20) epoch 11701) -9964>
2014-09-18 18:08:22.918460 7f4c9f251700 5 -- op tracker -- , seq: 85543, time:
2014-09-18 18:08:22.918398, event: throttled, op: pg_notify(2.1d8(20) epoch 11701) -9963>
2014-09-18 18:08:22.918466 7f4c9f251700 5 -- op tracker -- , seq: 85543, time:
2014-09-18 18:08:22.918431, event: all_read, op: pg_notify(2.1d8(20) epoch 11701) -9962>
2014-09-18 18:08:22.918471 7f4c9f251700 5 -- op tracker -- , seq: 85543, time:
2014-09-18 18:08:22.918449, event: dispatched, op: pg_notify(2.1d8(20) epoch 11701) -9961>
2014-09-18 18:08:22.918479 7f4c9f251700 5 -- op tracker -- , seq: 85543, time:
2014-09-18 18:08:22.918477, event: waiting_for_osdmap, op: pg_notify(2.1d8(20) epoch 11701) -9960>
2014-09-18 18:08:22.918492 7f4c9f251700 5 -- op tracker -- , seq: 85543, time:
2014-09-18 18:08:22.918490, event: started, op: pg_notify(2.1d8(20) epoch 11701) -9959>
2014-09-18 18:08:22.918509 7f4c9f251700 5 -- op tracker -- , seq: 85543, time:
2014-09-18 18:08:22.918508, event: done, op: pg_notify(2.1d8(20) epoch 11701) -9958>
2014-09-18 18:08:22.918551 7f4c9f251700 1 -- 10.242.42.178:6807/2483 <== osd.55 10.242.42.172:6829/19404 1993 ==== osd_map(11701..11701 src has 1..11701) v3 ==== 2801+0+0 (2938961775 0 0) 0x24d1c880 con 0xe2d9a20 -9957>
2014-09-18 18:08:22.918563 7f4c9f251700 3 osd.42 11701 handle_osd_map epochs [11701,11701], i have 11701, src has [1,11701] -9956>
2014-09-18 18:08:22.918630 7f4c9f251700 1 -- 10.242.42.178:6807/2483 <== osd.55 10.242.42.172:6829/19404 1994 ==== pg_notify(2.1d8(15),2.26d(9) epoch 11701) v5 ==== 2848+0+0 (1408539259 0 0) 0xe76dc20 con 0xe2d9a20 -9955>
2014-09-18 18:08:22.918652 7f4c9f251700 5 -- op tracker -- , seq: 85544, time:
2014-09-18 18:08:22.918560, event: header_read, op: pg_notify(2.1d8(15),2.26d(9) epoch 11701) -9954>
2014-09-18 18:08:22.918665 7f4c9f251700 5 -- op tracker -- , seq: 85544, time:
2014-09-18 18:08:22.918560, event: throttled, op: pg_notify(2.1d8(15),2.26d(9) epoch 11701) -9953>
2014-09-18 18:08:22.918676 7f4c9f251700 5 -- op tracker -- , seq: 85544, time:
2014-09-18 18:08:22.918613, event: all_read, op: pg_notify(2.1d8(15),2.26d(9) epoch 11701) -9952>
2014-09-18 18:08:22.918683 7f4c9f251700 5 -- op tracker -- , seq: 85544, time:
2014-09-18 18:08:22.918646, event: dispatched, op: pg_notify(2.1d8(15),2.26d(9) epoch 11701) -9951>
2014-09-18 18:08:22.918690 7f4c9f251700 5 -- op tracker -- , seq: 85544, time:
2014-09-18 18:08:22.918688, event: waiting_for_osdmap, op: pg_notify(2.1d8(15),2.26d(9) epoch 11701) -9950>
2014-09-18 18:08:22.918702 7f4c9f251700 5 -- op tracker -- , seq: 85544, time:
2014-09-18 18:08:22.918700, event: started, op: pg_notify(2.1d8(15),2.26d(9) epoch 11701) -9949>
2014-09-18 18:08:22.918730 7f4c9f251700 5 -- op tracker -- , seq: 85544, time:
2014-09-18 18:08:22.918729, event: done, op: pg_notify(2.1d8(15),2.26d(9) epoch 11701) -9948>
2014-09-18 18:08:22.918732 7f4c97241700 5 osd.42 pg_epoch: 11701 pg[2.1d8( v 6865'30228 (4155'27332,6865'30228] local-les=11485 n=492 ec=188 les/c 11485/11160 11701/11701/11159) [42,22,27]/[42,32,55] r=0 lpr=11701 pi=11159-11700/9 crt=6865'30228 mlcod 0'0 remapped+peering] exit Started/Primary/Peering/GetInfo 0.005008 7 0.000142 -9947>
2014-09-18 18:08:22.918776 7f4c97241700 5 osd.42 pg_epoch: 11701 pg[2.1d8( v 6865'30228 (4155'27332,6865'30228] local-les=11485 n=492 ec=188 les/c 11485/11160 11701/11701/11159) [42,22,27]/[42,32,55] r=0 lpr=11701 pi=11159-11700/9 crt=6865'30228 mlcod 0'0 remapped+peering] enter Started/Primary/Peering/GetLog -9946>
2014-09-18 18:08:22.918849 7f4c9f251700 1 -- 10.242.42.178:6807/2483 <== osd.55 10.242.42.172:6829/19404 1995 ==== pg_notify(2.1d8(15) epoch 11701) v5 ==== 1603+0+0 (175927692 0 0) 0x21cea3c0 con 0xe2d9a20 -9945>
2014-09-18 18:08:22.918849 7f4c97241700 5 osd.42 pg_epoch: 11701 pg[2.1d8( v 6865'30228 (4155'27332,6865'30228] local-les=11485 n=492 ec=188 les/c 11485/11160 11701/11701/11159) [42,22,27]/[42,32,55] r=0 lpr=11701 pi=11159-11700/9 bft=22,27 crt=6865'30228 mlcod 0'0 remapped+peering] exit Started/Primary/Peering/GetLog 0.000074 0 0.000000 -9944>
2014-09-18 18:08:22.918866 7f4c9f251700 5 -- op tracker -- , seq: 85545, time:
2014-09-18 18:08:22.918802, event: header_read, op: pg_notify(2.1d8(15) epoch 11701) -9943>
2014-09-18 18:08:22.918868 7f4c97241700 5 osd.42 pg_epoch: 11701 pg[2.1d8( v 6865'30228 (4155'27332,6865'30228] local-les=11485 n=492 ec=188 les/c 11485/11160 11701/11701/11159) [42,22,27]/[42,32,55] r=0 lpr=11701 pi=11159-11700/9 bft=22,27 crt=6865'30228 mlcod 0'0 remapped+peering] enter Started/Primary/Peering/GetMissing -9942>
2014-09-18 18:08:22.918875 7f4c9f251700 5 -- op tracker -- , seq: 85545, time:
2014-09-18 18:08:22.918803, event: throttled, op: pg_notify(2.1d8(15) epoch 11701) -9941>
2014-09-18 18:08:22.918881 7f4c9f251700 5 -- op tracker -- , seq: 85545, time:
2014-09-18 18:08:22.918838, event: all_read, op: pg_notify(2.1d8(15) epoch 11701) -9940>
2014-09-18 18:08:22.918886 7f4c9f251700 5 -- op tracker -- , seq: 85545, time:
2014-09-18 18:08:22.918863, event: dispatched, op: pg_notify(2.1d8(15) epoch 11701) -9939>
2014-09-18 18:08:22.918893 7f4c9f251700 5 -- op tracker -- , seq: 85545, time:
2014-09-18 18:08:22.918892, event: waiting_for_osdmap, op: pg_notify(2.1d8(15) epoch 11701) -9938>
2014-09-18 18:08:22.918901 7f4c9f251700 5 -- op tracker -- , seq: 85545, time:
2014-09-18 18:08:22.918899, event: started, op: pg_notify(2.1d8(15) epoch 11701) -9937>
2014-09-18 18:08:22.918941 7f4c97241700 5 osd.42 pg_epoch: 11701 pg[2.1d8( v 6865'30228 (4155'27332,6865'30228] local-les=11485 n=492 ec=188 les/c 11485/11160 11701/11701/11159) [42,22,27]/[42,32,55] r=0 lpr=11701 pi=11159-11700/9 bft=22,27 crt=6865'30228 mlcod 0'0 remapped+peering] exit Started/Primary/Peering/GetMissing 0.000073 0 0.000000 -9936>
2014-09-18 18:08:22.918955 7f4c97241700 5 osd.42 pg_epoch: 11701 pg[2.1d8( v 6865'30228 (4155'27332,6865'30228] local-les=11485 n=492 ec=188 les/c 11485/11160 11701/11701/11159) [42,22,27]/[42,32,55] r=0 lpr=11701 pi=11159-11700/9 bft=22,27 crt=6865'30228 mlcod 0'0 remapped+peering] enter Started/Primary/Peering/WaitUpThru -9935>
2014-09-18 18:08:22.919031 7f4c9f251700 5 -- op tracker -- , seq: 85545, time:
2014-09-18 18:08:22.919029, event: done, op: pg_notify(2.1d8(15) epoch 11701) -9934>
2014-09-18 18:08:22.919804 7f4c9f251700 1 -- 10.242.42.178:6807/2483 <== osd.32 10.242.42.176:6814/1099 511 ==== pg_notify(2.4d0(10) epoch 11701) v5 ==== 1292+0+0 (1707998440 0 0) 0xf099c00 con 0x1395ef20 -9933>
2014-09-18 18:08:22.919818 7f4c9f251700 5 -- op tracker -- , seq: 85546, time:
2014-09-18 18:08:22.919761, event: header_read, op: pg_notify(2.4d0(10) epoch 11701) -9932>
2014-09-18 18:08:22.919826 7f4c9f251700 5 -- op tracker -- , seq: 85546, time:
2014-09-18 18:08:22.919762, event: throttled, op: pg_notify(2.4d0(10) epoch 11701) -9931>
2014-09-18 18:08:22.919832 7f4c9f251700 5 -- op tracker -- , seq: 85546, time:
2014-09-18 18:08:22.919792, event: all_read, op: pg_notify(2.4d0(10) epoch 11701) -9930>
2014-09-18 18:08:22.919836 7f4c9f251700 5 -- op tracker -- , seq: 85546, time:
2014-09-18 18:08:22.919815, event: dispatched, op: pg_notify(2.4d0(10) epoch 11701) -9929>
2014-09-18 18:08:22.919841 7f4c9f251700 5 -- op tracker -- , seq: 85546, time:
2014-09-18 18:08:22.919839, event: waiting_for_osdmap, op: pg_notify(2.4d0(10) epoch 11701) -9928>
2014-09-18 18:08:22.919846 7f4c9f251700 5 -- op tracker -- , seq: 85546, time:
2014-09-18 18:08:22.919845, event: started, op: pg_notify(2.4d0(10) epoch 11701) -9927>
2014-09-18 18:08:22.919861 7f4c9f251700 5 -- op tracker -- , seq: 85546, time:
2014-09-18 18:08:22.919860, event: done, op: pg_notify(2.4d0(10) epoch 11701) -9926>
2014-09-18 18:08:22.922131 7f4c9f251700 1 -- 10.242.42.178:6807/2483 <== osd.32 10.242.42.176:6814/1099 512 ==== pg_notify(2.1d8(20) epoch 11701) v5 ==== 1878+0+0 (3574000922 0 0) 0x14221de0 con 0x1395ef20 -9925>
2014-09-18 18:08:22.922147 7f4c9f251700 5 -- op tracker -- , seq: 85547, time:
2014-09-18 18:08:22.922067, event: header_read, op: pg_notify(2.1d8(20) epoch 11701) -9924>
2014-09-18 18:08:22.922159 7f4c9f251700 5 -- op tracker -- , seq: 85547, time:
2014-09-18 18:08:22.922068, event: throttled, op: pg_notify(2.1d8(20) epoch 11701) -9923>
2014-09-18 18:08:22.922169 7f4c9f251700 5 -- op tracker -- , seq: 85547, time:
2014-09-18 18:08:22.922117, event: all_read, op: pg_notify(2.1d8(20) epoch 11701) -9922>
2014-09-18 18:08:22.922179 7f4c9f251700 5 -- op tracker -- , seq: 85547, time:
2014-09-18 18:08:22.922143, event: dispatched, op: pg_notify(2.1d8(20) epoch 11701) -9921>
2014-09-18 18:08:22.922187 7f4c9f251700 5 -- op tracker -- , seq: 85547, time:
2014-09-18 18:08:22.922185, event: waiting_for_osdmap, op: pg_notify(2.1d8(20) epoch 11701) -9920>
2014-09-18 18:08:22.922197 7f4c9f251700 5 -- op tracker -- , seq: 85547, time:
2014-09-18 18:08:22.922195, event: started, op: pg_notify(2.1d8(20) epoch 11701) -9919>
2014-09-18 18:08:22.922214 7f4c9f251700 5 -- op tracker -- , seq: 85547, time:
2014-09-18 18:08:22.922212, event: done, op: pg_notify(2.1d8(20) epoch 11701) -9918>
2014-09-18 18:08:22.925732 7f4c9f251700 1 -- 10.242.42.178:6807/2483 <== osd.27 10.242.42.174:6801/21548 895 ==== pg_notify(2.410(11) epoch 11701) v5 ==== 1287+0+0 (781577358 0 0) 0x2b93c940 con 0x1395f8c0 -9917>
2014-09-18 18:08:22.925748 7f4c9f251700 5 -- op tracker -- , seq: 85548, time:
2014-09-18 18:08:22.925656, event: header_read, op: pg_notify(2.410(11) epoch 11701) -9916>
2014-09-18 18:08:22.925758 7f4c9f251700 5 -- op tracker -- , seq: 85548, time:
2014-09-18 18:08:22.925657, event: throttled, op: pg_notify(2.410(11) epoch 11701) -9915>
2014-09-18 18:08:22.925778 7f4c9f251700 5 -- op tracker -- , seq: 85548, time:
2014-09-18 18:08:22.925703, event: all_read, op: pg_notify(2.410(11) epoch 11701) -9914>
2014-09-18 18:08:22.925788 7f4c9f251700 5 -- op tracker -- , seq: 85548, time:
2014-09-18 18:08:22.925744, event: dispatched, op: pg_notify(2.410(11) epoch 11701) -9913>
2014-09-18 18:08:22.925795 7f4c9f251700 5 -- op tracker -- , seq: 85548, time:
2014-09-18 18:08:22.925793, event: waiting_for_osdmap, op: pg_notify(2.410(11) epoch 11701) -9912>
2014-09-18 18:08:22.925802 7f4c9f251700 5 -- op tracker -- , seq: 85548, time:
2014-09-18 18:08:22.925801, event: started, op: pg_notify(2.410(11) epoch 11701) -9911>
2014-09-18 18:08:22.925820 7f4c9f251700 5 -- op tracker -- , seq: 85548, time:
2014-09-18 18:08:22.925818, event: done, op: pg_notify(2.410(11) epoch 11701) -9910>
2014-09-18 18:08:22.928128 7f4c9f251700 1 -- 10.242.42.178:6807/2483 <== osd.27 10.242.42.174:6801/21548 896 ==== pg_notify(2.4c1(15) epoch 11701) v5 ==== 1507+0+0 (1692337956 0 0) 0x11bbe5a0 con 0x1395f8c0 -9909>
2014-09-18 18:08:22.928143 7f4c9f251700 5 -- op tracker -- , seq: 85549, time:
2014-09-18 18:08:22.928081, event: header_read, op: pg_notify(2.4c1(15) epoch 11701) -9908>
2014-09-18 18:08:22.928152 7f4c9f251700 5 -- op tracker -- , seq: 85549, time:
2014-09-18 18:08:22.928082, event: throttled, op: pg_notify(2.4c1(15) epoch 11701) -9907>
2014-09-18 18:08:22.928158 7f4c9f251700 5 -- op tracker -- , seq: 85549, time:
2014-09-18 18:08:22.928116, event: all_read, op: pg_notify(2.4c1(15) epoch 11701) -9906>
2014-09-18 18:08:22.928164 7f4c9f251700 5 -- op tracker -- , seq: 85549, time:
2014-09-18 18:08:22.928140, event: dispatched, op: pg_notify(2.4c1(15) epoch 11701) -9905>
2014-09-18 18:08:22.928170 7f4c9f251700 5 -- op tracker -- , seq: 85549, time:
2014-09-18 18:08:22.928169, event: waiting_for_osdmap, op: pg_notify(2.4c1(15) epoch 11701) -9904>
2014-09-18 18:08:22.928178 7f4c9f251700 5 -- op tracker -- , seq: 85549, time:
2014-09-18 18:08:22.928176, event: started, op: pg_notify(2.4c1(15) epoch 11701) -9903>
2014-09-18 18:08:22.928194 7f4c9f251700 5 -- op tracker -- , seq: 85549, time:
2014-09-18 18:08:22.928193, event: done, op: pg_notify(2.4c1(15) epoch 11701) -9902>
2014-09-18 18:08:22.928211 7f4c97241700 5 osd.42 pg_epoch: 11701 pg[2.4c1( v 6761'26972 (4138'23485,6761'26972] local-les=11696 n=535 ec=188 les/c 11696/9946 11701/11701/10779) [48,42,27]/[42] r=0 lpr=11701 pi=9903-11700/15 crt=6761'26972 lcod 0'0 mlcod 0'0 remapped+peering] exit Started/Primary/Peering/GetInfo 0.014114 3 0.000110 -9901>
