2014-09-18 18:08:36.974113, event: all_read, op: pg_notify(2.1a2(20) epoch 11715) -719>
2014-09-18 18:08:36.974172 7f4c9f251700 5 -- op tracker -- , seq: 86344, time:
2014-09-18 18:08:36.974142, event: dispatched, op: pg_notify(2.1a2(20) epoch 11715) -718>
2014-09-18 18:08:36.974182 7f4c9f251700 5 -- op tracker -- , seq: 86344, time:
2014-09-18 18:08:36.974179, event: waiting_for_osdmap, op: pg_notify(2.1a2(20) epoch 11715) -717>
2014-09-18 18:08:36.974195 7f4c9f251700 5 -- op tracker -- , seq: 86344, time:
2014-09-18 18:08:36.974192, event: started, op: pg_notify(2.1a2(20) epoch 11715) -716>
2014-09-18 18:08:36.974235 7f4c9f251700 5 -- op tracker -- , seq: 86344, time:
2014-09-18 18:08:36.974233, event: done, op: pg_notify(2.1a2(20) epoch 11715) -715>
2014-09-18 18:08:36.974267 7f4c96a40700 10 monclient: _send_mon_message to mon.rack2-ram-3 at 10.242.42.188:6789/0 -714>
2014-09-18 18:08:36.974276 7f4c96a40700 1 -- 10.242.42.178:6801/2483 --> 10.242.42.188:6789/0 -- osd_pgtemp(e11715 {2.376=[42,58,9],2.763=[13,58,24]} v11715) v1 -- ?+0 0x143b4600 con 0x111771e0 -713>
2014-09-18 18:08:36.985748 7f4c9f251700 1 -- 10.242.42.178:6807/2483 <== osd.4 10.242.42.164:6819/22324 1292 ==== osd_map(11715..11715 src has 1..11715) v3 ==== 3478+0+0 (3560729998 0 0) 0xeeea400 con 0x1f102840 -712>
2014-09-18 18:08:36.985769 7f4c9f251700 3 osd.42 11715 handle_osd_map epochs [11715,11715], i have 11715, src has [1,11715] -711>
2014-09-18 18:08:36.985788 7f4c9f251700 1 -- 10.242.42.178:6807/2483 <== osd.4 10.242.42.164:6819/22324 1293 ==== pg_notify(2.4f6(15) epoch 11715) v5 ==== 1543+0+0 (2985096385 0 0) 0xe1a2780 con 0x1f102840 -710>
2014-09-18 18:08:36.985799 7f4c9f251700 5 -- op tracker -- , seq: 86345, time:
2014-09-18 18:08:36.985746, event: header_read, op: pg_notify(2.4f6(15) epoch 11715) -709>
2014-09-18 18:08:36.985807 7f4c9f251700 5 -- op tracker -- , seq: 86345, time:
2014-09-18 18:08:36.985746, event: throttled, op: pg_notify(2.4f6(15) epoch 11715) -708>
2014-09-18 18:08:36.985816 7f4c9f251700 5 -- op tracker -- , seq: 86345, time:
2014-09-18 18:08:36.985778, event: all_read, op: pg_notify(2.4f6(15) epoch 11715) -707>
2014-09-18 18:08:36.985824 7f4c9f251700 5 -- op tracker -- , seq: 86345, time:
2014-09-18 18:08:36.985796, event: dispatched, op: pg_notify(2.4f6(15) epoch 11715) -706>
2014-09-18 18:08:36.985832 7f4c9f251700 5 -- op tracker -- , seq: 86345, time:
2014-09-18 18:08:36.985831, event: waiting_for_osdmap, op: pg_notify(2.4f6(15) epoch 11715) -705>
2014-09-18 18:08:36.985840 7f4c9f251700 5 -- op tracker -- , seq: 86345, time:
2014-09-18 18:08:36.985838, event: started, op: pg_notify(2.4f6(15) epoch 11715) -704>
2014-09-18 18:08:36.985858 7f4c9f251700 5 -- op tracker -- , seq: 86345, time:
2014-09-18 18:08:36.985857, event: done, op: pg_notify(2.4f6(15) epoch 11715) -703>
2014-09-18 18:08:36.985892 7f4c97241700 10 monclient: _send_mon_message to mon.rack2-ram-3 at 10.242.42.188:6789/0 -702>
2014-09-18 18:08:36.985904 7f4c97241700 1 -- 10.242.42.178:6801/2483 --> 10.242.42.188:6789/0 -- osd_pgtemp(e11715 {2.376=[42,58,9],2.763=[13,58,24]} v11715) v1 -- ?+0 0x119f7c00 con 0x111771e0 -701>
2014-09-18 18:08:36.988134 7f4c9f251700 1 -- 10.242.42.178:6807/2483 <== osd.9 10.242.42.166:6826/24959 3260 ==== pg_notify(2.74e(11) epoch 11715) v5 ==== 1303+0+0 (2639101182 0 0) 0x2b93e1e0 con 0x1395ec60 -700>
2014-09-18 18:08:36.988149 7f4c9f251700 5 -- op tracker -- , seq: 86346, time:
2014-09-18 18:08:36.988070, event: header_read, op: pg_notify(2.74e(11) epoch 11715) -699>
2014-09-18 18:08:36.988157 7f4c9f251700 5 -- op tracker -- , seq: 86346, time:
2014-09-18 18:08:36.988071, event: throttled, op: pg_notify(2.74e(11) epoch 11715) -698>
2014-09-18 18:08:36.988163 7f4c9f251700 5 -- op tracker -- , seq: 86346, time:
2014-09-18 18:08:36.988108, event: all_read, op: pg_notify(2.74e(11) epoch 11715) -697>
2014-09-18 18:08:36.988169 7f4c9f251700 5 -- op tracker -- , seq: 86346, time:
2014-09-18 18:08:36.988145, event: dispatched, op: pg_notify(2.74e(11) epoch 11715) -696>
2014-09-18 18:08:36.988175 7f4c9f251700 5 -- op tracker -- , seq: 86346, time:
2014-09-18 18:08:36.988174, event: waiting_for_osdmap, op: pg_notify(2.74e(11) epoch 11715) -695>
2014-09-18 18:08:36.988183 7f4c9f251700 5 -- op tracker -- , seq: 86346, time:
2014-09-18 18:08:36.988182, event: started, op: pg_notify(2.74e(11) epoch 11715) -694>
2014-09-18 18:08:36.988207 7f4c9f251700 5 -- op tracker -- , seq: 86346, time:
2014-09-18 18:08:36.988204, event: done, op: pg_notify(2.74e(11) epoch 11715) -693>
2014-09-18 18:08:36.988246 7f4c96a40700 10 monclient: _send_mon_message to mon.rack2-ram-3 at 10.242.42.188:6789/0 -692>
2014-09-18 18:08:36.988256 7f4c96a40700 1 -- 10.242.42.178:6801/2483 --> 10.242.42.188:6789/0 -- osd_pgtemp(e11715 {2.376=[42,58,9],2.763=[13,58,24]} v11715) v1 -- ?+0 0x143b3600 con 0x111771e0 -691>
2014-09-18 18:08:37.002523 7f4c9f251700 1 -- 10.242.42.178:6807/2483 <== osd.6 10.242.42.166:6808/22481 5136 ==== pg_notify(2.4c1(15) epoch 11715) v5 ==== 1507+0+0 (1154921543 0 0) 0xe76d860 con 0x1088aec0 -690>
2014-09-18 18:08:37.002721 7f4c9f251700 5 -- op tracker -- , seq: 86347, time:
2014-09-18 18:08:37.002411, event: header_read, op: pg_notify(2.4c1(15) epoch 11715) -689>
2014-09-18 18:08:37.002730 7f4c9f251700 5 -- op tracker -- , seq: 86347, time:
2014-09-18 18:08:37.002412, event: throttled, op: pg_notify(2.4c1(15) epoch 11715) -688>
2014-09-18 18:08:37.002737 7f4c9f251700 5 -- op tracker -- , seq: 86347, time:
2014-09-18 18:08:37.002504, event: all_read, op: pg_notify(2.4c1(15) epoch 11715) -687>
2014-09-18 18:08:37.002741 7f4c9f251700 5 -- op tracker -- , seq: 86347, time:
2014-09-18 18:08:37.002715, event: dispatched, op: pg_notify(2.4c1(15) epoch 11715) -686>
2014-09-18 18:08:37.002749 7f4c9f251700 5 -- op tracker -- , seq: 86347, time:
2014-09-18 18:08:37.002748, event: waiting_for_osdmap, op: pg_notify(2.4c1(15) epoch 11715) -685>
2014-09-18 18:08:37.002759 7f4c9f251700 5 -- op tracker -- , seq: 86347, time:
2014-09-18 18:08:37.002757, event: started, op: pg_notify(2.4c1(15) epoch 11715) -684>
2014-09-18 18:08:37.002778 7f4c9f251700 5 -- op tracker -- , seq: 86347, time:
2014-09-18 18:08:37.002776, event: done, op: pg_notify(2.4c1(15) epoch 11715) -683>
2014-09-18 18:08:37.002892 7f4c97241700 10 monclient: _send_mon_message to mon.rack2-ram-3 at 10.242.42.188:6789/0 -682>
2014-09-18 18:08:37.002902 7f4c97241700 1 -- 10.242.42.178:6801/2483 --> 10.242.42.188:6789/0 -- osd_pgtemp(e11715 {2.376=[42,58,9],2.763=[13,58,24]} v11715) v1 -- ?+0 0x119f7e00 con 0x111771e0 -681>
2014-09-18 18:08:37.012313 7f4c9f251700 1 -- 10.242.42.178:6807/2483 <== osd.6 10.242.42.166:6808/22481 5137 ==== pg_notify(2.62(44) epoch 11715) v5 ==== 3220+0+0 (1242916863 0 0) 0xe76e760 con 0x1088aec0 -680>
2014-09-18 18:08:37.012336 7f4c9f251700 5 -- op tracker -- , seq: 86348, time:
2014-09-18 18:08:37.012243, event: header_read, op: pg_notify(2.62(44) epoch 11715) -679>
2014-09-18 18:08:37.012359 7f4c9f251700 5 -- op tracker -- , seq: 86348, time:
2014-09-18 18:08:37.012244, event: throttled, op: pg_notify(2.62(44) epoch 11715) -678>
2014-09-18 18:08:37.012368 7f4c9f251700 5 -- op tracker -- , seq: 86348, time:
2014-09-18 18:08:37.012296, event: all_read, op: pg_notify(2.62(44) epoch 11715) -677>
2014-09-18 18:08:37.012377 7f4c9f251700 5 -- op tracker -- , seq: 86348, time:
2014-09-18 18:08:37.012331, event: dispatched, op: pg_notify(2.62(44) epoch 11715) -676>
2014-09-18 18:08:37.012385 7f4c9f251700 5 -- op tracker -- , seq: 86348, time:
2014-09-18 18:08:37.012383, event: waiting_for_osdmap, op: pg_notify(2.62(44) epoch 11715) -675>
2014-09-18 18:08:37.012394 7f4c9f251700 5 -- op tracker -- , seq: 86348, time:
2014-09-18 18:08:37.012393, event: started, op: pg_notify(2.62(44) epoch 11715) -674>
2014-09-18 18:08:37.012414 7f4c9f251700 5 -- op tracker -- , seq: 86348, time:
2014-09-18 18:08:37.012413, event: done, op: pg_notify(2.62(44) epoch 11715) -673>
2014-09-18 18:08:37.012435 7f4c96a40700 10 monclient: _send_mon_message to mon.rack2-ram-3 at 10.242.42.188:6789/0 -672>
2014-09-18 18:08:37.012446 7f4c96a40700 1 -- 10.242.42.178:6801/2483 --> 10.242.42.188:6789/0 -- osd_pgtemp(e11715 {2.376=[42,58,9],2.763=[13,58,24]} v11715) v1 -- ?+0 0x143b4a00 con 0x111771e0 -671>
2014-09-18 18:08:37.022118 7f4c9b249700 1 -- 10.242.42.178:6811/2483 <== osd.32 10.242.42.176:0/1099 114 ==== osd_ping(ping e11715 stamp
2014-09-18 23:37:41.769863) v2 ==== 47+0+0 (1276189138 0 0) 0x2b9301c0 con 0x12abd080 -670>
2014-09-18 18:08:37.022164 7f4c9b249700 1 -- 10.242.42.178:6811/2483 --> 10.242.42.176:0/1099 -- osd_ping(ping_reply e11715 stamp
2014-09-18 23:37:41.769863) v2 -- ?+0 0xe0bd840 con 0x12abd080 -669>
2014-09-18 18:08:37.022160 7f4c9ca4c700 1 -- 10.242.42.178:6813/2483 <== osd.32 10.242.42.176:0/1099 114 ==== osd_ping(ping e11715 stamp
2014-09-18 23:37:41.769863) v2 ==== 47+0+0 (1276189138 0 0) 0xe1a2b40 con 0x110bb2e0 -668>
2014-09-18 18:08:37.022195 7f4c9ca4c700 1 -- 10.242.42.178:6813/2483 --> 10.242.42.176:0/1099 -- osd_ping(ping_reply e11715 stamp
2014-09-18 23:37:41.769863) v2 -- ?+0 0xf7a8ee0 con 0x110bb2e0 -667>
2014-09-18 18:08:37.022738 7f4c9f251700 1 -- 10.242.42.178:6807/2483 <== osd.6 10.242.42.166:6808/22481 5138 ==== pg_notify(2.3b6(10) epoch 11715) v5 ==== 1260+0+0 (1669275590 0 0) 0xe76d0e0 con 0x1088aec0 -666>
2014-09-18 18:08:37.022755 7f4c9f251700 5 -- op tracker -- , seq: 86349, time:
2014-09-18 18:08:37.022692, event: header_read, op: pg_notify(2.3b6(10) epoch 11715) -665>
2014-09-18 18:08:37.022763 7f4c9f251700 5 -- op tracker -- , seq: 86349, time:
2014-09-18 18:08:37.022692, event: throttled, op: pg_notify(2.3b6(10) epoch 11715) -664>
2014-09-18 18:08:37.022769 7f4c9f251700 5 -- op tracker -- , seq: 86349, time:
2014-09-18 18:08:37.022725, event: all_read, op: pg_notify(2.3b6(10) epoch 11715) -663>
2014-09-18 18:08:37.022775 7f4c9f251700 5 -- op tracker -- , seq: 86349, time:
2014-09-18 18:08:37.022751, event: dispatched, op: pg_notify(2.3b6(10) epoch 11715) -662>
2014-09-18 18:08:37.022782 7f4c9f251700 5 -- op tracker -- , seq: 86349, time:
2014-09-18 18:08:37.022780, event: waiting_for_osdmap, op: pg_notify(2.3b6(10) epoch 11715) -661>
2014-09-18 18:08:37.022794 7f4c9f251700 5 -- op tracker -- , seq: 86349, time:
2014-09-18 18:08:37.022791, event: started, op: pg_notify(2.3b6(10) epoch 11715) -660>
2014-09-18 18:08:37.022822 7f4c9f251700 5 -- op tracker -- , seq: 86349, time:
2014-09-18 18:08:37.022819, event: done, op: pg_notify(2.3b6(10) epoch 11715) -659>
2014-09-18 18:08:37.022838 7f4c97241700 10 monclient: _send_mon_message to mon.rack2-ram-3 at 10.242.42.188:6789/0 -658>
2014-09-18 18:08:37.022848 7f4c97241700 1 -- 10.242.42.178:6801/2483 --> 10.242.42.188:6789/0 -- osd_pgtemp(e11715 {2.376=[42,58,9],2.763=[13,58,24]} v11715) v1 -- ?+0 0x119f8000 con 0x111771e0 -657>
2014-09-18 18:08:37.033197 7f4c9f251700 1 -- 10.242.42.178:6807/2483 <== osd.6 10.242.42.166:6808/22481 5139 ==== pg_notify(2.6f8(10),2.517(11),2.519(23) epoch 11715) v5 ==== 4538+0+0 (3784163492 0 0) 0xe76fa20 con 0x1088aec0 -656>
2014-09-18 18:08:37.033214 7f4c9f251700 5 -- op tracker -- , seq: 86350, time:
2014-09-18 18:08:37.033077, event: header_read, op: pg_notify(2.6f8(10),2.517(11),2.519(23) epoch 11715) -655>
2014-09-18 18:08:37.033222 7f4c9f251700 5 -- op tracker -- , seq: 86350, time:
2014-09-18 18:08:37.033081, event: throttled, op: pg_notify(2.6f8(10),2.517(11),2.519(23) epoch 11715) -654>
2014-09-18 18:08:37.033226 7f4c9f251700 5 -- op tracker -- , seq: 86350, time:
2014-09-18 18:08:37.033171, event: all_read, op: pg_notify(2.6f8(10),2.517(11),2.519(23) epoch 11715) -653>
2014-09-18 18:08:37.033231 7f4c9f251700 5 -- op tracker -- , seq: 86350, time:
2014-09-18 18:08:37.033210, event: dispatched, op: pg_notify(2.6f8(10),2.517(11),2.519(23) epoch 11715) -652>
2014-09-18 18:08:37.033238 7f4c9f251700 5 -- op tracker -- , seq: 86350, time:
2014-09-18 18:08:37.033236, event: waiting_for_osdmap, op: pg_notify(2.6f8(10),2.517(11),2.519(23) epoch 11715) -651>
2014-09-18 18:08:37.033252 7f4c9f251700 5 -- op tracker -- , seq: 86350, time:
2014-09-18 18:08:37.033250, event: started, op: pg_notify(2.6f8(10),2.517(11),2.519(23) epoch 11715) -650>
2014-09-18 18:08:37.033305 7f4c9f251700 5 -- op tracker -- , seq: 86350, time:
2014-09-18 18:08:37.033303, event: done, op: pg_notify(2.6f8(10),2.517(11),2.519(23) epoch 11715) -649>
2014-09-18 18:08:37.033320 7f4c96a40700 10 monclient: _send_mon_message to mon.rack2-ram-3 at 10.242.42.188:6789/0 -648>
2014-09-18 18:08:37.033321 7f4c9f251700 1 -- 10.242.42.178:6807/2483 <== osd.6 10.242.42.166:6808/22481 5140 ==== pg_query(2.237 epoch 11715) v3 ==== 144+0+0 (800850753 0 0) 0xe76eee0 con 0x1088aec0 -647>
2014-09-18 18:08:37.033334 7f4c96a40700 1 -- 10.242.42.178:6801/2483 --> 10.242.42.188:6789/0 -- osd_pgtemp(e11715 {2.376=[42,58,9],2.763=[13,58,24]} v11715) v1 -- ?+0 0xdbfa800 con 0x111771e0 -646>
2014-09-18 18:08:37.033345 7f4c9f251700 5 -- op tracker -- , seq: 86351, time:
2014-09-18 18:08:37.033197, event: header_read, op: pg_query(2.237 epoch 11715) -645>
2014-09-18 18:08:37.033348 7f4c97241700 10 monclient: _send_mon_message to mon.rack2-ram-3 at 10.242.42.188:6789/0 -644>
2014-09-18 18:08:37.033353 7f4c9f251700 5 -- op tracker -- , seq: 86351, time:
2014-09-18 18:08:37.033197, event: throttled, op: pg_query(2.237 epoch 11715) -643>
2014-09-18 18:08:37.033365 7f4c97241700 1 -- 10.242.42.178:6801/2483 --> 10.242.42.188:6789/0 -- osd_pgtemp(e11715 {2.376=[42,58,9],2.763=[13,58,24]} v11715) v1 -- ?+0 0x119f9a00 con 0x111771e0 -642>
2014-09-18 18:08:37.033372 7f4c9f251700 5 -- op tracker -- , seq: 86351, time:
2014-09-18 18:08:37.033212, event: all_read, op: pg_query(2.237 epoch 11715) -641>
2014-09-18 18:08:37.033380 7f4c9f251700 5 -- op tracker -- , seq: 86351, time:
2014-09-18 18:08:37.033342, event: dispatched, op: pg_query(2.237 epoch 11715) -640>
2014-09-18 18:08:37.033386 7f4c9f251700 5 -- op tracker -- , seq: 86351, time:
2014-09-18 18:08:37.033385, event: waiting_for_osdmap, op: pg_query(2.237 epoch 11715) -639>
2014-09-18 18:08:37.033394 7f4c9f251700 5 -- op tracker -- , seq: 86351, time:
2014-09-18 18:08:37.033393, event: started, op: pg_query(2.237 epoch 11715) -638>
2014-09-18 18:08:37.033407 7f4c9f251700 5 -- op tracker -- , seq: 86351, time:
2014-09-18 18:08:37.033406, event: done, op: pg_query(2.237 epoch 11715) -637>
2014-09-18 18:08:37.033936 7f4c96a40700 1 -- 10.242.42.178:6807/2483 --> 10.242.42.166:6808/22481 -- pg_notify(2.237(131) epoch 11715) v5 -- ?+0 0x21cfc940 con 0x1088aec0 -636>
2014-09-18 18:08:37.033951 7f4c96a40700 10 monclient: _send_mon_message to mon.rack2-ram-3 at 10.242.42.188:6789/0 -635>
2014-09-18 18:08:37.033968 7f4c96a40700 1 -- 10.242.42.178:6801/2483 --> 10.242.42.188:6789/0 -- osd_pgtemp(e11715 {2.376=[42,58,9],2.763=[13,58,24]} v11715) v1 -- ?+0 0x1259b600 con 0x111771e0 -634>
2014-09-18 18:08:37.077150 7f4c9f251700 1 -- 10.242.42.178:6807/2483 <== osd.35 10.242.42.164:6811/17421 3706 ==== pg_info(1 pgs e11715:2.78f) v4 ==== 738+0+0 (676955059 0 0) 0xfcc81e0 con 0xcbecec0 -633>
2014-09-18 18:08:37.077177 7f4c9f251700 5 -- op tracker -- , seq: 86352, time:
2014-09-18 18:08:37.077057, event: header_read, op: pg_info(1 pgs e11715:2.78f) -632>
2014-09-18 18:08:37.077185 7f4c9f251700 5 -- op tracker -- , seq: 86352, time:
2014-09-18 18:08:37.077060, event: throttled, op: pg_info(1 pgs e11715:2.78f) -631>
2014-09-18 18:08:37.077203 7f4c9f251700 5 -- op tracker -- , seq: 86352, time:
2014-09-18 18:08:37.077117, event: all_read, op: pg_info(1 pgs e11715:2.78f) -630>
2014-09-18 18:08:37.077207 7f4c9f251700 5 -- op tracker -- , seq: 86352, time:
2014-09-18 18:08:37.077170, event: dispatched, op: pg_info(1 pgs e11715:2.78f) -629>
2014-09-18 18:08:37.077212 7f4c9f251700 5 -- op tracker -- , seq: 86352, time:
2014-09-18 18:08:37.077211, event: waiting_for_osdmap, op: pg_info(1 pgs e11715:2.78f) -628>
2014-09-18 18:08:37.077220 7f4c9f251700 5 -- op tracker -- , seq: 86352, time:
2014-09-18 18:08:37.077219, event: started, op: pg_info(1 pgs e11715:2.78f) -627>
2014-09-18 18:08:37.077241 7f4c9f251700 5 -- op tracker -- , seq: 86352, time:
2014-09-18 18:08:37.077240, event: done, op: pg_info(1 pgs e11715:2.78f) -626>
2014-09-18 18:08:37.077450 7f4c97241700 1 -- 10.242.42.178:6807/2483 --> 10.242.42.164:6857/39817 -- pg_info(1 pgs e11715:2.78f) v4 -- ?+0 0x2b93ffe0 con 0x12b3b2e0 -625>
2014-09-18 18:08:37.077475 7f4c97241700 1 -- 10.242.42.178:6807/2483 --> 10.242.42.174:6801/21548 -- pg_info(1 pgs e11715:2.78f) v4 -- ?+0 0x853fde0 con 0x1395f8c0 -624>
2014-09-18 18:08:37.077490 7f4c97241700 1 -- 10.242.42.178:6807/2483 --> 10.242.42.164:6811/17421 -- pg_info(1 pgs e11715:2.78f) v4 -- ?+0 0x853eb20 con 0xcbecec0 -623>
2014-09-18 18:08:37.077553 7f4c97241700 10 monclient: _send_mon_message to mon.rack2-ram-3 at 10.242.42.188:6789/0 -622>
2014-09-18 18:08:37.077560 7f4c97241700 1 -- 10.242.42.178:6801/2483 --> 10.242.42.188:6789/0 -- osd_pgtemp(e11715 {2.376=[42,58,9],2.763=[13,58,24]} v11715) v1 -- ?+0 0x119f8200 con 0x111771e0 -621>
2014-09-18 18:08:37.077596 7f4c97241700 5 osd.42 pg_epoch: 11715 pg[2.78f( v 6789'22964 (4127'19523,6789'22964] local-les=11715 n=505 ec=188 les/c 11715/11020 11714/11714/11258) [27,42,1]/[42,35] r=0 lpr=11714 pi=5697-11713/157 bft=1,27 crt=0'0 lcod 0'0 mlcod 0'0 active+undersized+degraded+remapped] on activate: bft=1,27 from 0//0//-1 -620>
2014-09-18 18:08:37.077630 7f4c775e0700 2 -- 10.242.42.178:6807/2483 >> 10.242.42.164:6857/39817 pipe(0x10b659c0 sd=59 :6807 s=1 pgs=32 cs=2 l=0 c=0x12b3b2e0).connect error 10.242.42.164:6857/39817, (111) Connection refused -619>
2014-09-18 18:08:37.077644 7f4c97241700 5 osd.42 pg_epoch: 11715 pg[2.78f( v 6789'22964 (4127'19523,6789'22964] local-les=11715 n=505 ec=188 les/c 11715/11020 11714/11714/11258) [27,42,1]/[42,35] r=0 lpr=11714 pi=5697-11713/157 bft=1,27 crt=0'0 lcod 0'0 mlcod 0'0 active+undersized+degraded+remapped] target shard 1 from 0//0//-1 -618>
2014-09-18 18:08:37.077650 7f4c775e0700 2 -- 10.242.42.178:6807/2483 >> 10.242.42.164:6857/39817 pipe(0x10b659c0 sd=59 :6807 s=1 pgs=32 cs=2 l=0 c=0x12b3b2e0).fault (111) Connection refused -617>
2014-09-18 18:08:37.077662 7f4c97241700 5 osd.42 pg_epoch: 11715 pg[2.78f( v 6789'22964 (4127'19523,6789'22964] local-les=11715 n=505 ec=188 les/c 11715/11020 11714/11714/11258) [27,42,1]/[42,35] r=0 lpr=11714 pi=5697-11713/157 bft=1,27 crt=0'0 lcod 0'0 mlcod 0'0 active+undersized+degraded+remapped] target shard 27 from 0//0//-1 -616>
2014-09-18 18:08:37.077672 7f4c775e0700 0 -- 10.242.42.178:6807/2483 >> 10.242.42.164:6857/39817 pipe(0x10b659c0 sd=59 :6807 s=1 pgs=32 cs=2 l=0 c=0x12b3b2e0).fault -615>
2014-09-18 18:08:37.077689 7f4c97241700 10 monclient: _send_mon_message to mon.rack2-ram-3 at 10.242.42.188:6789/0 -614>
2014-09-18 18:08:37.077692 7f4c97241700 1 -- 10.242.42.178:6801/2483 --> 10.242.42.188:6789/0 -- osd_pgtemp(e11715 {2.376=[42,58,9],2.763=[13,58,24]} v11715) v1 -- ?+0 0x119f8800 con 0x111771e0 -613>
2014-09-18 18:08:37.077732 7f4c775e0700 2 -- 10.242.42.178:6807/2483 >> 10.242.42.164:6857/39817 pipe(0x10b659c0 sd=59 :6807 s=1 pgs=32 cs=2 l=0 c=0x12b3b2e0).connect error 10.242.42.164:6857/39817, (111) Connection refused -612>
2014-09-18 18:08:37.077758 7f4c775e0700 2 -- 10.242.42.178:6807/2483 >> 10.242.42.164:6857/39817 pipe(0x10b659c0 sd=59 :6807 s=1 pgs=32 cs=2 l=0 c=0x12b3b2e0).fault (111) Connection refused -611>
2014-09-18 18:08:37.077703 7f4c97241700 5 osd.42 pg_epoch: 11715 pg[2.78f( v 6789'22964 (4127'19523,6789'22964] local-les=11715 n=505 ec=188 les/c 11715/11020 11714/11714/11258) [27,42,1]/[42,35] r=0 lpr=11714 pi=5697-11713/157 bft=1,27 crt=0'0 lcod 0'0 mlcod 0'0 active+undersized+degraded+remapped] exit Started/Primary/Active/Activating 0.383216 10 0.000845 -610>
2014-09-18 18:08:37.077811 7f4c97241700 5 osd.42 pg_epoch: 11715 pg[2.78f( v 6789'22964 (4127'19523,6789'22964] local-les=11715 n=505 ec=188 les/c 11715/11020 11714/11714/11258) [27,42,1]/[42,35] r=0 lpr=11714 pi=5697-11713/157 bft=1,27 crt=0'0 lcod 0'0 mlcod 0'0 active+undersized+degraded+remapped] enter Started/Primary/Active/WaitLocalBackfillReserved -609>
2014-09-18 18:08:37.077843 7f4c97241700 10 monclient: _send_mon_message to mon.rack2-ram-3 at 10.242.42.188:6789/0 -608>
2014-09-18 18:08:37.077849 7f4c97241700 1 -- 10.242.42.178:6801/2483 --> 10.242.42.188:6789/0 -- osd_pgtemp(e11715 {2.376=[42,58,9],2.763=[13,58,24]} v11715) v1 -- ?+0 0x1236e800 con 0x111771e0 -607>
2014-09-18 18:08:37.139140 7f4c9f251700 1 -- 10.242.42.178:6807/2483 <== osd.9 10.242.42.166:6826/24959 3261 ==== pg_notify(2.799(9),2.4d0(10) epoch 11715) v5 ==== 2509+0+0 (753437082 0 0) 0x2b940940 con 0x1395ec60 -606>
2014-09-18 18:08:37.139159 7f4c9f251700 5 -- op tracker -- , seq: 86353, time:
2014-09-18 18:08:37.139063, event: header_read, op: pg_notify(2.799(9),2.4d0(10) epoch 11715) -605>
2014-09-18 18:08:37.139168 7f4c9f251700 5 -- op tracker -- , seq: 86353, time:
2014-09-18 18:08:37.139065, event: throttled, op: pg_notify(2.799(9),2.4d0(10) epoch 11715) -604>
2014-09-18 18:08:37.139172 7f4c9f251700 5 -- op tracker -- , seq: 86353, time:
2014-09-18 18:08:37.139114, event: all_read, op: pg_notify(2.799(9),2.4d0(10) epoch 11715) -603>
2014-09-18 18:08:37.139177 7f4c9f251700 5 -- op tracker -- , seq: 86353, time:
2014-09-18 18:08:37.139155, event: dispatched, op: pg_notify(2.799(9),2.4d0(10) epoch 11715) -602>
2014-09-18 18:08:37.139181 7f4c9f251700 5 -- op tracker -- , seq: 86353, time:
2014-09-18 18:08:37.139179, event: waiting_for_osdmap, op: pg_notify(2.799(9),2.4d0(10) epoch 11715) -601>
2014-09-18 18:08:37.139200 7f4c9f251700 5 -- op tracker -- , seq: 86353, time:
2014-09-18 18:08:37.139198, event: started, op: pg_notify(2.799(9),2.4d0(10) epoch 11715) -600>
2014-09-18 18:08:37.139226 7f4c9f251700 5 -- op tracker -- , seq: 86353, time:
2014-09-18 18:08:37.139224, event: done, op: pg_notify(2.799(9),2.4d0(10) epoch 11715) -599>
2014-09-18 18:08:37.139308 7f4c96a40700 10 monclient: _send_mon_message to mon.rack2-ram-3 at 10.242.42.188:6789/0 -598>
2014-09-18 18:08:37.139318 7f4c96a40700 1 -- 10.242.42.178:6801/2483 --> 10.242.42.188:6789/0 -- osd_pgtemp(e11715 {2.376=[42,58,9],2.763=[13,58,24]} v11715) v1 -- ?+0 0x1259ac00 con 0x111771e0 -597>
2014-09-18 18:08:37.139962 7f4c9f251700 1 -- 10.242.42.178:6807/2483 <== osd.9 10.242.42.166:6826/24959 3262 ==== pg_notify(2.4b1(13),2.4c1(15),2.78f(55),2.4c6(15) epoch 11715) v5 ==== 8086+0+0 (3189623008 0 0) 0x2b9401c0 con 0x1395ec60 -596>
2014-09-18 18:08:37.139974 7f4c9f251700 5 -- op tracker -- , seq: 86354, time:
2014-09-18 18:08:37.139826, event: header_read, op: pg_notify(2.4b1(13),2.4c1(15),2.78f(55),2.4c6(15) epoch 11715) -595>
2014-09-18 18:08:37.140028 7f4c9f251700 5 -- op tracker -- , seq: 86354, time:
2014-09-18 18:08:37.139828, event: throttled, op: pg_notify(2.4b1(13),2.4c1(15),2.78f(55),2.4c6(15) epoch 11715) -594>
2014-09-18 18:08:37.140032 7f4c9f251700 5 -- op tracker -- , seq: 86354, time:
2014-09-18 18:08:37.139938, event: all_read, op: pg_notify(2.4b1(13),2.4c1(15),2.78f(55),2.4c6(15) epoch 11715) -593>
2014-09-18 18:08:37.140037 7f4c9f251700 5 -- op tracker -- , seq: 86354, time:
2014-09-18 18:08:37.139971, event: dispatched, op: pg_notify(2.4b1(13),2.4c1(15),2.78f(55),2.4c6(15) epoch 11715) -592>
2014-09-18 18:08:37.140042 7f4c9f251700 5 -- op tracker -- , seq: 86354, time:
2014-09-18 18:08:37.140040, event: waiting_for_osdmap, op: pg_notify(2.4b1(13),2.4c1(15),2.78f(55),2.4c6(15) epoch 11715) -591>
2014-09-18 18:08:37.140053 7f4c9f251700 5 -- op tracker -- , seq: 86354, time:
2014-09-18 18:08:37.140051, event: started, op: pg_notify(2.4b1(13),2.4c1(15),2.78f(55),2.4c6(15) epoch 11715) -590>
2014-09-18 18:08:37.140112 7f4c9f251700 5 -- op tracker -- , seq: 86354, time:
2014-09-18 18:08:37.140110, event: done, op: pg_notify(2.4b1(13),2.4c1(15),2.78f(55),2.4c6(15) epoch 11715) -589>
2014-09-18 18:08:37.140130 7f4c9f251700 1 -- 10.242.42.178:6807/2483 <== osd.9 10.242.42.166:6826/24959 3263 ==== pg_query(2.4c0 epoch 11715) v3 ==== 144+0+0 (2046328476 0 0) 0x2b941480 con 0x1395ec60 -588>
2014-09-18 18:08:37.140140 7f4c9f251700 5 -- op tracker -- , seq: 86355, time:
2014-09-18 18:08:37.139965, event: header_read, op: pg_query(2.4c0 epoch 11715) -587>
2014-09-18 18:08:37.140147 7f4c9f251700 5 -- op tracker -- , seq: 86355, time:
2014-09-18 18:08:37.139966, event: throttled, op: pg_query(2.4c0 epoch 11715) -586>
2014-09-18 18:08:37.140269 7f4c9f251700 5 -- op tracker -- , seq: 86355, time:
2014-09-18 18:08:37.139985, event: all_read, op: pg_query(2.4c0 epoch 11715) -585>
2014-09-18 18:08:37.140276 7f4c9f251700 5 -- op tracker -- , seq: 86355, time:
2014-09-18 18:08:37.140138, event: dispatched, op: pg_query(2.4c0 epoch 11715) -584>
2014-09-18 18:08:37.140283 7f4c9f251700 5 -- op tracker -- , seq: 86355, time:
2014-09-18 18:08:37.140281, event: waiting_for_osdmap, op: pg_query(2.4c0 epoch 11715) -583>
2014-09-18 18:08:37.140283 7f4c96a40700 10 monclient: _send_mon_message to mon.rack2-ram-3 at 10.242.42.188:6789/0 -582>
2014-09-18 18:08:37.140291 7f4c9f251700 5 -- op tracker -- , seq: 86355, time:
2014-09-18 18:08:37.140289, event: started, op: pg_query(2.4c0 epoch 11715) -581>
2014-09-18 18:08:37.140290 7f4c96a40700 1 -- 10.242.42.178:6801/2483 --> 10.242.42.188:6789/0 -- osd_pgtemp(e11715 {2.376=[42,58,9],2.763=[13,58,24]} v11715) v1 -- ?+0 0x1259bc00 con 0x111771e0 -580>
2014-09-18 18:08:37.140312 7f4c9f251700 5 -- op tracker -- , seq: 86355, time:
2014-09-18 18:08:37.140311, event: done, op: pg_query(2.4c0 epoch 11715) -579>
2014-09-18 18:08:37.140318 7f4c97241700 10 monclient: _send_mon_message to mon.rack2-ram-3 at 10.242.42.188:6789/0 -578>
2014-09-18 18:08:37.140324 7f4c9f251700 1 -- 10.242.42.178:6807/2483 <== osd.9 10.242.42.166:6826/24959 3264 ==== pg_notify(2.204(64) epoch 11715) v5 ==== 4270+0+0 (1224785509 0 0) 0xddf2b40 con 0x1395ec60 -577>
2014-09-18 18:08:37.140328 7f4c97241700 1 -- 10.242.42.178:6801/2483 --> 10.242.42.188:6789/0 -- osd_pgtemp(e11715 {2.376=[42,58,9],2.763=[13,58,24]} v11715) v1 -- ?+0 0x1236c800 con 0x111771e0 -576>
2014-09-18 18:08:37.140331 7f4c9f251700 5 -- op tracker -- , seq: 86356, time:
2014-09-18 18:08:37.140028, event: header_read, op: pg_notify(2.204(64) epoch 11715) -575>
2014-09-18 18:08:37.140342 7f4c96a40700 1 -- 10.242.42.178:6807/2483 --> 10.242.42.166:6826/24959 -- pg_notify(2.4c0(9) epoch 11715) v5 -- ?+0 0x2b94c580 con 0x1395ec60 -574>
2014-09-18 18:08:37.140348 7f4c9f251700 5 -- op tracker -- , seq: 86356, time:
2014-09-18 18:08:37.140029, event: throttled, op: pg_notify(2.204(64) epoch 11715) -573>
2014-09-18 18:08:37.140354 7f4c96a40700 10 monclient: _send_mon_message to mon.rack2-ram-3 at 10.242.42.188:6789/0 -572>
2014-09-18 18:08:37.140356 7f4c9f251700 5 -- op tracker -- , seq: 86356, time:
2014-09-18 18:08:37.140099, event: all_read, op: pg_notify(2.204(64) epoch 11715) -571>
2014-09-18 18:08:37.140357 7f4c96a40700 1 -- 10.242.42.178:6801/2483 --> 10.242.42.188:6789/0 -- osd_pgtemp(e11715 {2.376=[42,58,9],2.763=[13,58,24]} v11715) v1 -- ?+0 0x1259b400 con 0x111771e0 -570>
2014-09-18 18:08:37.140369 7f4c9f251700 5 -- op tracker -- , seq: 86356, time:
2014-09-18 18:08:37.140329, event: dispatched, op: pg_notify(2.204(64) epoch 11715) -569>
2014-09-18 18:08:37.140374 7f4c9f251700 5 -- op tracker -- , seq: 86356, time:
2014-09-18 18:08:37.140373, event: waiting_for_osdmap, op: pg_notify(2.204(64) epoch 11715) -568>
2014-09-18 18:08:37.140381 7f4c9f251700 5 -- op tracker -- , seq: 86356, time:
2014-09-18 18:08:37.140380, event: started, op: pg_notify(2.204(64) epoch 11715) -567>
2014-09-18 18:08:37.140397 7f4c9f251700 5 -- op tracker -- , seq: 86356, time:
2014-09-18 18:08:37.140396, event: done, op: pg_notify(2.204(64) epoch 11715) -566>
2014-09-18 18:08:37.140433 7f4c97241700 10 monclient: _send_mon_message to mon.rack2-ram-3 at 10.242.42.188:6789/0 -565>
2014-09-18 18:08:37.140440 7f4c97241700 1 -- 10.242.42.178:6801/2483 --> 10.242.42.188:6789/0 -- osd_pgtemp(e11715 {2.376=[42,58,9],2.763=[13,58,24]} v11715) v1 -- ?+0 0x1236f400 con 0x111771e0 -564>
2014-09-18 18:08:37.160129 7f4c71984700 2 -- 10.242.42.178:0/2483 >> 10.242.42.164:6858/39817 pipe(0x14b4e000 sd=70 :0 s=1 pgs=0 cs=0 l=1 c=0x23a779c0).connect error 10.242.42.164:6858/39817, (111) Connection refused -563>
2014-09-18 18:08:37.160148 7f4c71984700 2 -- 10.242.42.178:0/2483 >> 10.242.42.164:6858/39817 pipe(0x14b4e000 sd=70 :0 s=1 pgs=0 cs=0 l=1 c=0x23a779c0).fault (111) Connection refused -562>
2014-09-18 18:08:37.160263 7f4c773de700 2 -- 10.242.42.178:0/2483 >> 10.242.42.164:6859/39817 pipe(0x14b50100 sd=54 :0 s=1 pgs=0 cs=0 l=1 c=0x23a77b20).connect error 10.242.42.164:6859/39817, (111) Connection refused -561>
2014-09-18 18:08:37.160284 7f4c773de700 2 -- 10.242.42.178:0/2483 >> 10.242.42.164:6859/39817 pipe(0x14b50100 sd=54 :0 s=1 pgs=0 cs=0 l=1 c=0x23a77b20).fault (111) Connection refused -560>
2014-09-18 18:08:37.195941 7f4c9b249700 1 -- 10.242.42.178:6811/2483 <== osd.13 10.242.42.168:0/10879 697 ==== osd_ping(ping e11715 stamp
2014-09-18 18:08:37.062403) v2 ==== 47+0+0 (3218866893 0 0) 0x2b928ee0 con 0x140f7b80 -559>
2014-09-18 18:08:37.195976 7f4c9b249700 1 -- 10.242.42.178:6811/2483 --> 10.242.42.168:0/10879 -- osd_ping(ping_reply e11715 stamp
2014-09-18 18:08:37.062403) v2 -- ?+0 0x2b9301c0 con 0x140f7b80 -558>
2014-09-18 18:08:37.195990 7f4c9ca4c700 1 -- 10.242.42.178:6813/2483 <== osd.13 10.242.42.168:0/10879 697 ==== osd_ping(ping e11715 stamp
2014-09-18 18:08:37.062403) v2 ==== 47+0+0 (3218866893 0 0) 0x24f781e0 con 0x109f9de0 -557>
2014-09-18 18:08:37.196019 7f4c9ca4c700 1 -- 10.242.42.178:6813/2483 --> 10.242.42.168:0/10879 -- osd_ping(ping_reply e11715 stamp
2014-09-18 18:08:37.062403) v2 -- ?+0 0xe1a2b40 con 0x109f9de0 -556>
2014-09-18 18:08:37.201548 7f4c9f251700 1 -- 10.242.42.178:6807/2483 <== osd.9 10.242.42.166:6826/24959 3265 ==== pg_notify(2.376(10) epoch 11715) v5 ==== 1296+0+0 (1718467983 0 0) 0x2b94c580 con 0x1395ec60 -555>
2014-09-18 18:08:37.201567 7f4c9f251700 5 -- op tracker -- , seq: 86357, time:
2014-09-18 18:08:37.201420, event: header_read, op: pg_notify(2.376(10) epoch 11715) -554>
2014-09-18 18:08:37.201578 7f4c9f251700 5 -- op tracker -- , seq: 86357, time:
2014-09-18 18:08:37.201421, event: throttled, op: pg_notify(2.376(10) epoch 11715) -553>
2014-09-18 18:08:37.201585 7f4c9f251700 5 -- op tracker -- , seq: 86357, time:
2014-09-18 18:08:37.201447, event: all_read, op: pg_notify(2.376(10) epoch 11715) -552>
2014-09-18 18:08:37.201592 7f4c9f251700 5 -- op tracker -- , seq: 86357, time:
2014-09-18 18:08:37.201563, event: dispatched, op: pg_notify(2.376(10) epoch 11715) -551>
2014-09-18 18:08:37.201600 7f4c9f251700 5 -- op tracker -- , seq: 86357, time:
2014-09-18 18:08:37.201598, event: waiting_for_osdmap, op: pg_notify(2.376(10) epoch 11715) -550>
2014-09-18 18:08:37.201608 7f4c9f251700 5 -- op tracker -- , seq: 86357, time:
2014-09-18 18:08:37.201607, event: started, op: pg_notify(2.376(10) epoch 11715) -549>
2014-09-18 18:08:37.201649 7f4c9f251700 5 -- op tracker -- , seq: 86357, time:
2014-09-18 18:08:37.201647, event: done, op: pg_notify(2.376(10) epoch 11715) -548>
2014-09-18 18:08:37.201676 7f4c96a40700 10 monclient: _send_mon_message to mon.rack2-ram-3 at 10.242.42.188:6789/0 -547>
2014-09-18 18:08:37.201689 7f4c96a40700 1 -- 10.242.42.178:6801/2483 --> 10.242.42.188:6789/0 -- osd_pgtemp(e11715 {2.376=[42,58,9],2.763=[13,58,24]} v11715) v1 -- ?+0 0x1df16600 con 0x111771e0 -546>
2014-09-18 18:08:37.277943 7f4c775e0700 2 -- 10.242.42.178:6807/2483 >> 10.242.42.164:6857/39817 pipe(0x10b659c0 sd=59 :6807 s=1 pgs=32 cs=2 l=0 c=0x12b3b2e0).connect error 10.242.42.164:6857/39817, (111) Connection refused -545>
2014-09-18 18:08:37.277979 7f4c775e0700 2 -- 10.242.42.178:6807/2483 >> 10.242.42.164:6857/39817 pipe(0x10b659c0 sd=59 :6807 s=1 pgs=32 cs=2 l=0 c=0x12b3b2e0).fault (111) Connection refused -544>
2014-09-18 18:08:37.326475 7f4c9f251700 1 -- 10.242.42.178:6807/2483 <== osd.3 10.242.42.164:6823/20623 709 ==== osd_map(11715..11715 src has 1..11715) v3 ==== 3478+0+0 (3560729998 0 0) 0x11bb8640 con 0x1f103e40 -543>
2014-09-18 18:08:37.326513 7f4c9f251700 3 osd.42 11715 handle_osd_map epochs [11715,11715], i have 11715, src has [1,11715] -542>
2014-09-18 18:08:37.326521 7f4c9f251700 1 -- 10.242.42.178:6807/2483 <== osd.3 10.242.42.164:6823/20623 710 ==== pg_notify(2.4f6(15) epoch 11715) v5 ==== 1543+0+0 (1166490647 0 0) 0xe1ad840 con 0x1f103e40 -541>
2014-09-18 18:08:37.326550 7f4c9f251700 5 -- op tracker -- , seq: 86358, time:
2014-09-18 18:08:37.326469, event: header_read, op: pg_notify(2.4f6(15) epoch 11715) -540>
2014-09-18 18:08:37.326566 7f4c9f251700 5 -- op tracker -- , seq: 86358, time:
2014-09-18 18:08:37.326469, event: throttled, op: pg_notify(2.4f6(15) epoch 11715) -539>
2014-09-18 18:08:37.326571 7f4c9f251700 5 -- op tracker -- , seq: 86358, time:
2014-09-18 18:08:37.326503, event: all_read, op: pg_notify(2.4f6(15) epoch 11715) -538>
2014-09-18 18:08:37.326575 7f4c9f251700 5 -- op tracker -- , seq: 86358, time:
2014-09-18 18:08:37.326527, event: dispatched, op: pg_notify(2.4f6(15) epoch 11715) -537>
2014-09-18 18:08:37.326580 7f4c9f251700 5 -- op tracker -- , seq: 86358, time:
2014-09-18 18:08:37.326579, event: waiting_for_osdmap, op: pg_notify(2.4f6(15) epoch 11715) -536>
2014-09-18 18:08:37.326588 7f4c9f251700 5 -- op tracker -- , seq: 86358, time:
2014-09-18 18:08:37.326586, event: started, op: pg_notify(2.4f6(15) epoch 11715) -535>
2014-09-18 18:08:37.326609 7f4c9f251700 5 -- op tracker -- , seq: 86358, time:
2014-09-18 18:08:37.326608, event: done, op: pg_notify(2.4f6(15) epoch 11715) -534>
2014-09-18 18:08:37.326663 7f4c97241700 10 monclient: _send_mon_message to mon.rack2-ram-3 at 10.242.42.188:6789/0 -533>
2014-09-18 18:08:37.326674 7f4c97241700 1 -- 10.242.42.178:6801/2483 --> 10.242.42.188:6789/0 -- osd_pgtemp(e11715 {2.376=[42,58,9],2.763=[13,58,24]} v11715) v1 -- ?+0 0x1236ce00 con 0x111771e0 -532>
2014-09-18 18:08:37.329651 7f4c9f251700 1 -- 10.242.42.178:6807/2483 <== osd.3 10.242.42.164:6823/20623 711 ==== pg_notify(2.799(10) epoch 11715) v5 ==== 1280+0+0 (810957233 0 0) 0xe1ac1c0 con 0x1f103e40 -531>
2014-09-18 18:08:37.329671 7f4c9f251700 5 -- op tracker -- , seq: 86359, time:
2014-09-18 18:08:37.329562, event: header_read, op: pg_notify(2.799(10) epoch 11715) -530>
2014-09-18 18:08:37.329679 7f4c9f251700 5 -- op tracker -- , seq: 86359, time:
2014-09-18 18:08:37.329563, event: throttled, op: pg_notify(2.799(10) epoch 11715) -529>
2014-09-18 18:08:37.329685 7f4c9f251700 5 -- op tracker -- , seq: 86359, time:
2014-09-18 18:08:37.329616, event: all_read, op: pg_notify(2.799(10) epoch 11715) -528>
2014-09-18 18:08:37.329693 7f4c9f251700 5 -- op tracker -- , seq: 86359, time:
2014-09-18 18:08:37.329666, event: dispatched, op: pg_notify(2.799(10) epoch 11715) -527>
2014-09-18 18:08:37.329700 7f4c9f251700 5 -- op tracker -- , seq: 86359, time:
2014-09-18 18:08:37.329698, event: waiting_for_osdmap, op: pg_notify(2.799(10) epoch 11715) -526>
2014-09-18 18:08:37.329708 7f4c9f251700 5 -- op tracker -- , seq: 86359, time:
2014-09-18 18:08:37.329706, event: started, op: pg_notify(2.799(10) epoch 11715) -525>
2014-09-18 18:08:37.329727 7f4c9f251700 5 -- op tracker -- , seq: 86359, time:
2014-09-18 18:08:37.329725, event: done, op: pg_notify(2.799(10) epoch 11715) -524>
2014-09-18 18:08:37.329777 7f4c96a40700 10 monclient: _send_mon_message to mon.rack2-ram-3 at 10.242.42.188:6789/0 -523>
2014-09-18 18:08:37.329786 7f4c96a40700 1 -- 10.242.42.178:6801/2483 --> 10.242.42.188:6789/0 -- osd_pgtemp(e11715 {2.376=[42,58,9],2.763=[13,58,24]} v11715) v1 -- ?+0 0x1df17a00 con 0x111771e0 -522>
2014-09-18 18:08:37.330438 7f4c9f251700 1 -- 10.242.42.178:6807/2483 <== osd.3 10.242.42.164:6823/20623 712 ==== pg_notify(2.4c6(15) epoch 11715) v5 ==== 1511+0+0 (2713662297 0 0) 0xe1aaf00 con 0x1f103e40 -521>
2014-09-18 18:08:37.330457 7f4c9f251700 5 -- op tracker -- , seq: 86360, time:
2014-09-18 18:08:37.330385, event: header_read, op: pg_notify(2.4c6(15) epoch 11715) -520>
2014-09-18 18:08:37.330468 7f4c9f251700 5 -- op tracker -- , seq: 86360, time:
2014-09-18 18:08:37.330386, event: throttled, op: pg_notify(2.4c6(15) epoch 11715) -519>
2014-09-18 18:08:37.330474 7f4c9f251700 5 -- op tracker -- , seq: 86360, time:
2014-09-18 18:08:37.330417, event: all_read, op: pg_notify(2.4c6(15) epoch 11715) -518>
2014-09-18 18:08:37.330480 7f4c9f251700 5 -- op tracker -- , seq: 86360, time:
2014-09-18 18:08:37.330453, event: dispatched, op: pg_notify(2.4c6(15) epoch 11715) -517>
2014-09-18 18:08:37.330487 7f4c9f251700 5 -- op tracker -- , seq: 86360, time:
2014-09-18 18:08:37.330485, event: waiting_for_osdmap, op: pg_notify(2.4c6(15) epoch 11715) -516>
2014-09-18 18:08:37.330495 7f4c9f251700 5 -- op tracker -- , seq: 86360, time:
2014-09-18 18:08:37.330493, event: started, op: pg_notify(2.4c6(15) epoch 11715) -515>
2014-09-18 18:08:37.330514 7f4c9f251700 5 -- op tracker -- , seq: 86360, time:
2014-09-18 18:08:37.330513, event: done, op: pg_notify(2.4c6(15) epoch 11715) -514>
2014-09-18 18:08:37.330531 7f4c97241700 10 monclient: _send_mon_message to mon.rack2-ram-3 at 10.242.42.188:6789/0 -513>
2014-09-18 18:08:37.330548 7f4c97241700 1 -- 10.242.42.178:6801/2483 --> 10.242.42.188:6789/0 -- osd_pgtemp(e11715 {2.376=[42,58,9],2.763=[13,58,24]} v11715) v1 -- ?+0 0x1236d800 con 0x111771e0 -512>
2014-09-18 18:08:37.439771 7f4c9f251700 1 -- 10.242.42.178:6807/2483 <== osd.20 10.242.42.172:6822/33871 1738 ==== osd_map(11715..11715 src has 1..11715) v3 ==== 3478+0+0 (3560729998 0 0) 0xf85b440 con 0x4900000 -511>
2014-09-18 18:08:37.439799 7f4c9f251700 3 osd.42 11715 handle_osd_map epochs [11715,11715], i have 11715, src has [1,11715] -510>
2014-09-18 18:08:37.439874 7f4c9f251700 1 -- 10.242.42.178:6807/2483 <== osd.20 10.242.42.172:6822/33871 1739 ==== pg_notify(2.e0(79) epoch 11715) v5 ==== 5119+0+0 (208618616 0 0) 0xf1ec580 con 0x4900000 -509>
2014-09-18 18:08:37.439887 7f4c9f251700 5 -- op tracker -- , seq: 86361, time:
2014-09-18 18:08:37.439777, event: header_read, op: pg_notify(2.e0(79) epoch 11715) -508>
2014-09-18 18:08:37.439898 7f4c9f251700 5 -- op tracker -- , seq: 86361, time:
2014-09-18 18:08:37.439777, event: throttled, op: pg_notify(2.e0(79) epoch 11715) -507>
2014-09-18 18:08:37.439907 7f4c9f251700 5 -- op tracker -- , seq: 86361, time:
2014-09-18 18:08:37.439863, event: all_read, op: pg_notify(2.e0(79) epoch 11715) -506>
2014-09-18 18:08:37.439914 7f4c9f251700 5 -- op tracker -- , seq: 86361, time:
2014-09-18 18:08:37.439882, event: dispatched, op: pg_notify(2.e0(79) epoch 11715) -505>
2014-09-18 18:08:37.439922 7f4c9f251700 5 -- op tracker -- , seq: 86361, time:
2014-09-18 18:08:37.439921, event: waiting_for_osdmap, op: pg_notify(2.e0(79) epoch 11715) -504>
2014-09-18 18:08:37.439933 7f4c9f251700 5 -- op tracker -- , seq: 86361, time:
2014-09-18 18:08:37.439932, event: started, op: pg_notify(2.e0(79) epoch 11715) -503>
2014-09-18 18:08:37.439956 7f4c9f251700 5 -- op tracker -- , seq: 86361, time:
2014-09-18 18:08:37.439954, event: done, op: pg_notify(2.e0(79) epoch 11715) -502>
2014-09-18 18:08:37.439987 7f4c96a40700 10 monclient: _send_mon_message to mon.rack2-ram-3 at 10.242.42.188:6789/0 -501>
2014-09-18 18:08:37.439999 7f4c96a40700 1 -- 10.242.42.178:6801/2483 --> 10.242.42.188:6789/0 -- osd_pgtemp(e11715 {2.376=[42,58,9],2.763=[13,58,24]} v11715) v1 -- ?+0 0x1df14c00 con 0x111771e0 -500>
2014-09-18 18:08:37.460146 7f4c9b249700 1 -- 10.242.42.178:6811/2483 <== osd.55 10.242.42.172:0/19404 1106 ==== osd_ping(ping e11715 stamp
2014-09-18 23:37:26.564484) v2 ==== 47+0+0 (3573977207 0 0) 0x1368c960 con 0xeddec60 -499>
2014-09-18 18:08:37.460153 7f4c9ca4c700 1 -- 10.242.42.178:6813/2483 <== osd.55 10.242.42.172:0/19404 1106 ==== osd_ping(ping e11715 stamp
2014-09-18 23:37:26.564484) v2 ==== 47+0+0 (3573977207 0 0) 0xf8730e0 con 0x4b7ab00 -498>
2014-09-18 18:08:37.460199 7f4c9ca4c700 1 -- 10.242.42.178:6813/2483 --> 10.242.42.172:0/19404 -- osd_ping(ping_reply e11715 stamp
2014-09-18 23:37:26.564484) v2 -- ?+0 0x24f781e0 con 0x4b7ab00 -497>
2014-09-18 18:08:37.460229 7f4c9b249700 1 -- 10.242.42.178:6811/2483 --> 10.242.42.172:0/19404 -- osd_ping(ping_reply e11715 stamp
2014-09-18 23:37:26.564484) v2 -- ?+0 0x2b928ee0 con 0xeddec60 -496>
2014-09-18 18:08:37.490328 7f4c9b249700 1 -- 10.242.42.178:6811/2483 <== osd.35 10.242.42.164:0/17421 166 ==== osd_ping(ping e11715 stamp
2014-09-18 18:08:37.489189) v2 ==== 47+0+0 (47936436 0 0) 0xf096b40 con 0x1d5bcd60 -495>
2014-09-18 18:08:37.490337 7f4c9ca4c700 1 -- 10.242.42.178:6813/2483 <== osd.35 10.242.42.164:0/17421 166 ==== osd_ping(ping e11715 stamp
2014-09-18 18:08:37.489189) v2 ==== 47+0+0 (47936436 0 0) 0xf0b8760 con 0x142e9700 -494>
2014-09-18 18:08:37.490373 7f4c9b249700 1 -- 10.242.42.178:6811/2483 --> 10.242.42.164:0/17421 -- osd_ping(ping_reply e11715 stamp
2014-09-18 18:08:37.489189) v2 -- ?+0 0x1368c960 con 0x1d5bcd60 -493>
2014-09-18 18:08:37.490403 7f4c9ca4c700 1 -- 10.242.42.178:6813/2483 --> 10.242.42.164:0/17421 -- osd_ping(ping_reply e11715 stamp
2014-09-18 18:08:37.489189) v2 -- ?+0 0xf8730e0 con 0x142e9700 -492>
2014-09-18 18:08:37.497579 7f4c9b249700 1 -- 10.242.42.178:6811/2483 <== osd.46 10.242.42.178:0/4507 119 ==== osd_ping(ping e11715 stamp
2014-09-18 18:08:37.496989) v2 ==== 47+0+0 (1230090616 0 0) 0xf4effe0 con 0x10a5c3c0 -491>
2014-09-18 18:08:37.497594 7f4c9ca4c700 1 -- 10.242.42.178:6813/2483 <== osd.46 10.242.42.178:0/4507 119 ==== osd_ping(ping e11715 stamp
2014-09-18 18:08:37.496989) v2 ==== 47+0+0 (1230090616 0 0) 0xf2b5660 con 0x110bb5a0 -490>
2014-09-18 18:08:37.497617 7f4c9b249700 1 -- 10.242.42.178:6811/2483 --> 10.242.42.178:0/4507 -- osd_ping(ping_reply e11715 stamp
2014-09-18 18:08:37.496989) v2 -- ?+0 0xf096b40 con 0x10a5c3c0 -489>
2014-09-18 18:08:37.497758 7f4c9ca4c700 1 -- 10.242.42.178:6813/2483 --> 10.242.42.178:0/4507 -- osd_ping(ping_reply e11715 stamp
2014-09-18 18:08:37.496989) v2 -- ?+0 0xf0b8760 con 0x110bb5a0 -488>
2014-09-18 18:08:37.560287 7f4c71984700 2 -- 10.242.42.178:0/2483 >> 10.242.42.164:6858/39817 pipe(0x14b4e000 sd=70 :0 s=1 pgs=0 cs=0 l=1 c=0x23a779c0).connect error 10.242.42.164:6858/39817, (111) Connection refused -487>
2014-09-18 18:08:37.560324 7f4c71984700 2 -- 10.242.42.178:0/2483 >> 10.242.42.164:6858/39817 pipe(0x14b4e000 sd=70 :0 s=1 pgs=0 cs=0 l=1 c=0x23a779c0).fault (111) Connection refused -486>
2014-09-18 18:08:37.560400 7f4c773de700 2 -- 10.242.42.178:0/2483 >> 10.242.42.164:6859/39817 pipe(0x14b50100 sd=54 :0 s=1 pgs=0 cs=0 l=1 c=0x23a77b20).connect error 10.242.42.164:6859/39817, (111) Connection refused -485>
2014-09-18 18:08:37.560434 7f4c773de700 2 -- 10.242.42.178:0/2483 >> 10.242.42.164:6859/39817 pipe(0x14b50100 sd=54 :0 s=1 pgs=0 cs=0 l=1 c=0x23a77b20).fault (111) Connection refused -484>
2014-09-18 18:08:37.562366 7f4c9f251700 1 -- 10.242.42.178:6807/2483 <== osd.0 10.242.42.164:6801/15878 979 ==== osd_map(11715..11715 src has 1..11715) v3 ==== 3478+0+0 (3560729998 0 0) 0x10d19180 con 0x10a878c0 -483>
2014-09-18 18:08:37.562390 7f4c9f251700 3 osd.42 11715 handle_osd_map epochs [11715,11715], i have 11715, src has [1,11715] -482>
2014-09-18 18:08:37.562398 7f4c9f251700 1 -- 10.242.42.178:6807/2483 <== osd.0 10.242.42.164:6801/15878 980 ==== pg_notify(2.204 epoch 11715) v5 ==== 722+0+0 (3204286541 0 0) 0x24fd2580 con 0x10a878c0 -481>
2014-09-18 18:08:37.562409 7f4c9f251700 5 -- op tracker -- , seq: 86362, time:
2014-09-18 18:08:37.562338, event: header_read, op: pg_notify(2.204 epoch 11715) -480>
2014-09-18 18:08:37.562430 7f4c9f251700 5 -- op tracker -- , seq: 86362, time:
2014-09-18 18:08:37.562338, event: throttled, op: pg_notify(2.204 epoch 11715) -479>
2014-09-18 18:08:37.562436 7f4c9f251700 5 -- op tracker -- , seq: 86362, time:
2014-09-18 18:08:37.562358, event: all_read, op: pg_notify(2.204 epoch 11715) -478>
2014-09-18 18:08:37.562442 7f4c9f251700 5 -- op tracker -- , seq: 86362, time:
2014-09-18 18:08:37.562405, event: dispatched, op: pg_notify(2.204 epoch 11715) -477>
2014-09-18 18:08:37.562448 7f4c9f251700 5 -- op tracker -- , seq: 86362, time:
2014-09-18 18:08:37.562447, event: waiting_for_osdmap, op: pg_notify(2.204 epoch 11715) -476>
2014-09-18 18:08:37.562458 7f4c9f251700 5 -- op tracker -- , seq: 86362, time:
2014-09-18 18:08:37.562456, event: started, op: pg_notify(2.204 epoch 11715) -475>
2014-09-18 18:08:37.562478 7f4c9f251700 5 -- op tracker -- , seq: 86362, time:
2014-09-18 18:08:37.562477, event: done, op: pg_notify(2.204 epoch 11715) -474>
2014-09-18 18:08:37.562516 7f4c97241700 5 osd.42 pg_epoch: 11715 pg[2.204( v 6810'26722 (4155'23721,6810'26722] local-les=11491 n=533 ec=188 les/c 11491/10727 11715/11715/9945) [42,27,0]/[42,9] r=0 lpr=11715 pi=10726-11714/10 crt=6779'26713 lcod 0'0 mlcod 0'0 remapped+peering] exit Started/Primary/Peering/GetInfo 0.870045 6 0.000376 -473>
2014-09-18 18:08:37.562554 7f4c97241700 5 osd.42 pg_epoch: 11715 pg[2.204( v 6810'26722 (4155'23721,6810'26722] local-les=11491 n=533 ec=188 les/c 11491/10727 11715/11715/9945) [42,27,0]/[42,9] r=0 lpr=11715 pi=10726-11714/10 crt=6779'26713 lcod 0'0 mlcod 0'0 remapped+peering] enter Started/Primary/Peering/GetLog -472>
2014-09-18 18:08:37.562715 7f4c97241700 5 osd.42 pg_epoch: 11715 pg[2.204( v 6810'26722 (4155'23721,6810'26722] local-les=11491 n=533 ec=188 les/c 11491/10727 11715/11715/9945) [42,27,0]/[42,9] r=0 lpr=11715 pi=10726-11714/10 bft=0,27 crt=6779'26713 lcod 0'0 mlcod 0'0 remapped+peering] exit Started/Primary/Peering/GetLog 0.000162 0 0.000000 -471>
2014-09-18 18:08:37.562734 7f4c97241700 5 osd.42 pg_epoch: 11715 pg[2.204( v 6810'26722 (4155'23721,6810'26722] local-les=11491 n=533 ec=188 les/c 11491/10727 11715/11715/9945) [42,27,0]/[42,9] r=0 lpr=11715 pi=10726-11714/10 bft=0,27 crt=6779'26713 lcod 0'0 mlcod 0'0 remapped+peering] enter Started/Primary/Peering/GetMissing -470>
2014-09-18 18:08:37.562750 7f4c97241700 5 osd.42 pg_epoch: 11715 pg[2.204( v 6810'26722 (4155'23721,6810'26722] local-les=11491 n=533 ec=188 les/c 11491/10727 11715/11715/9945) [42,27,0]/[42,9] r=0 lpr=11715 pi=10726-11714/10 bft=0,27 crt=6779'26713 lcod 0'0 mlcod 0'0 remapped+peering] exit Started/Primary/Peering/GetMissing 0.000015 0 0.000000 -469>
2014-09-18 18:08:37.562761 7f4c97241700 5 osd.42 pg_epoch: 11715 pg[2.204( v 6810'26722 (4155'23721,6810'26722] local-les=11491 n=533 ec=188 les/c 11491/10727 11715/11715/9945) [42,27,0]/[42,9] r=0 lpr=11715 pi=10726-11714/10 bft=0,27 crt=6779'26713 lcod 0'0 mlcod 0'0 remapped+peering] enter Started/Primary/Peering/WaitUpThru -468>
2014-09-18 18:08:37.562935 7f4c97241700 10 monclient: _send_mon_message to mon.rack2-ram-3 at 10.242.42.188:6789/0 -467>
2014-09-18 18:08:37.562942 7f4c97241700 1 -- 10.242.42.178:6801/2483 --> 10.242.42.188:6789/0 -- osd_pgtemp(e11715 {2.376=[42,58,9],2.763=[13,58,24]} v11715) v1 -- ?+0 0x1221aa00 con 0x111771e0 -466>
2014-09-18 18:08:37.563148 7f4c96a40700 10 monclient: _send_mon_message to mon.rack2-ram-3 at 10.242.42.188:6789/0 -465>
2014-09-18 18:08:37.563156 7f4c96a40700 1 -- 10.242.42.178:6801/2483 --> 10.242.42.188:6789/0 -- osd_pgtemp(e11715 {2.376=[42,58,9],2.763=[13,58,24]} v11715) v1 -- ?+0 0x1df15e00 con 0x111771e0 -464>
2014-09-18 18:08:37.565827 7f4c9f251700 1 -- 10.242.42.178:6807/2483 <== osd.0 10.242.42.164:6801/15878 981 ==== pg_notify(2.517(11),2.4c6(15) epoch 11715) v5 ==== 2834+0+0 (3845042622 0 0) 0x1624f4a0 con 0x10a878c0 -463>
2014-09-18 18:08:37.565845 7f4c9f251700 5 -- op tracker -- , seq: 86363, time:
2014-09-18 18:08:37.565758, event: header_read, op: pg_notify(2.517(11),2.4c6(15) epoch 11715) -462>
2014-09-18 18:08:37.565854 7f4c9f251700 5 -- op tracker -- , seq: 86363, time:
2014-09-18 18:08:37.565759, event: throttled, op: pg_notify(2.517(11),2.4c6(15) epoch 11715) -461>
2014-09-18 18:08:37.565861 7f4c9f251700 5 -- op tracker -- , seq: 86363, time:
2014-09-18 18:08:37.565805, event: all_read, op: pg_notify(2.517(11),2.4c6(15) epoch 11715) -460>
2014-09-18 18:08:37.565867 7f4c9f251700 5 -- op tracker -- , seq: 86363, time:
2014-09-18 18:08:37.565840, event: dispatched, op: pg_notify(2.517(11),2.4c6(15) epoch 11715) -459>
2014-09-18 18:08:37.565873 7f4c9f251700 5 -- op tracker -- , seq: 86363, time:
2014-09-18 18:08:37.565872, event: waiting_for_osdmap, op: pg_notify(2.517(11),2.4c6(15) epoch 11715) -458>
2014-09-18 18:08:37.565881 7f4c9f251700 5 -- op tracker -- , seq: 86363, time:
2014-09-18 18:08:37.565880, event: started, op: pg_notify(2.517(11),2.4c6(15) epoch 11715) -457>
2014-09-18 18:08:37.565930 7f4c9f251700 5 -- op tracker -- , seq: 86363, time:
2014-09-18 18:08:37.565928, event: done, op: pg_notify(2.517(11),2.4c6(15) epoch 11715) -456>
2014-09-18 18:08:37.565940 7f4c97241700 10 monclient: _send_mon_message to mon.rack2-ram-3 at 10.242.42.188:6789/0 -455>
2014-09-18 18:08:37.565951 7f4c97241700 1 -- 10.242.42.178:6801/2483 --> 10.242.42.188:6789/0 -- osd_pgtemp(e11715 {2.376=[42,58,9],2.763=[13,58,24]} v11715) v1 -- ?+0 0x1221b400 con 0x111771e0 -454>
2014-09-18 18:08:37.565972 7f4c96a40700 10 monclient: _send_mon_message to mon.rack2-ram-3 at 10.242.42.188:6789/0 -453>
2014-09-18 18:08:37.565982 7f4c96a40700 1 -- 10.242.42.178:6801/2483 --> 10.242.42.188:6789/0 -- osd_pgtemp(e11715 {2.376=[42,58,9],2.763=[13,58,24]} v11715) v1 -- ?+0 0x1df17400 con 0x111771e0 -452>
2014-09-18 18:08:37.616233 7f4c9b249700 1 -- 10.242.42.178:6811/2483 <== osd.0 10.242.42.164:0/15878 162 ==== osd_ping(ping e11715 stamp
2014-09-18 18:08:37.615717) v2 ==== 47+0+0 (2689429952 0 0) 0xf5765a0 con 0x1d5bc7e0 -451>
2014-09-18 18:08:37.616252 7f4c9ca4c700 1 -- 10.242.42.178:6813/2483 <== osd.0 10.242.42.164:0/15878 162 ==== osd_ping(ping e11715 stamp
2014-09-18 18:08:37.615717) v2 ==== 47+0+0 (2689429952 0 0) 0x2b9221e0 con 0x142e8260 -450>
2014-09-18 18:08:37.616263 7f4c9b249700 1 -- 10.242.42.178:6811/2483 --> 10.242.42.164:0/15878 -- osd_ping(ping_reply e11715 stamp
