2014-09-18 18:08:36.689573 7f4c9f251700 1 -- 10.242.42.178:6807/2483 <== osd.24 10.242.42.172:6802/5612 2372 ==== pg_notify(2.457(21) epoch 11715) v5 ==== 1875+0+0 (2950121765 0 0) 0xf2b8760 con 0xdd8c940 -1458>
2014-09-18 18:08:36.689581 7f4c9f251700 5 -- op tracker -- , seq: 86288, time:
2014-09-18 18:08:36.687942, event: header_read, op: pg_notify(2.457(21) epoch 11715) -1457>
2014-09-18 18:08:36.689586 7f4c9f251700 5 -- op tracker -- , seq: 86288, time:
2014-09-18 18:08:36.687942, event: throttled, op: pg_notify(2.457(21) epoch 11715) -1456>
2014-09-18 18:08:36.689589 7f4c9f251700 5 -- op tracker -- , seq: 86288, time:
2014-09-18 18:08:36.687981, event: all_read, op: pg_notify(2.457(21) epoch 11715) -1455>
2014-09-18 18:08:36.689593 7f4c9f251700 5 -- op tracker -- , seq: 86288, time:
2014-09-18 18:08:36.689579, event: dispatched, op: pg_notify(2.457(21) epoch 11715) -1454>
2014-09-18 18:08:36.689598 7f4c9f251700 5 -- op tracker -- , seq: 86288, time:
2014-09-18 18:08:36.689596, event: waiting_for_osdmap, op: pg_notify(2.457(21) epoch 11715) -1453>
2014-09-18 18:08:36.689603 7f4c9f251700 5 -- op tracker -- , seq: 86288, time:
2014-09-18 18:08:36.689601, event: started, op: pg_notify(2.457(21) epoch 11715) -1452>
2014-09-18 18:08:36.689615 7f4c9f251700 5 -- op tracker -- , seq: 86288, time:
2014-09-18 18:08:36.689613, event: done, op: pg_notify(2.457(21) epoch 11715) -1451>
2014-09-18 18:08:36.689625 7f4c9f251700 1 -- 10.242.42.178:6807/2483 <== osd.23 10.242.42.172:6819/11463 3320 ==== pg_notify(2.17e(17) epoch 11715) v5 ==== 1593+0+0 (3023352550 0 0) 0x12112d20 con 0x4900580 -1450>
2014-09-18 18:08:36.689632 7f4c9f251700 5 -- op tracker -- , seq: 86289, time:
2014-09-18 18:08:36.685602, event: header_read, op: pg_notify(2.17e(17) epoch 11715) -1449>
2014-09-18 18:08:36.689637 7f4c9f251700 5 -- op tracker -- , seq: 86289, time:
2014-09-18 18:08:36.685603, event: throttled, op: pg_notify(2.17e(17) epoch 11715) -1448>
2014-09-18 18:08:36.689640 7f4c9f251700 5 -- op tracker -- , seq: 86289, time:
2014-09-18 18:08:36.685653, event: all_read, op: pg_notify(2.17e(17) epoch 11715) -1447>
2014-09-18 18:08:36.689644 7f4c9f251700 5 -- op tracker -- , seq: 86289, time:
2014-09-18 18:08:36.689630, event: dispatched, op: pg_notify(2.17e(17) epoch 11715) -1446>
2014-09-18 18:08:36.689649 7f4c9f251700 5 -- op tracker -- , seq: 86289, time:
2014-09-18 18:08:36.689647, event: waiting_for_osdmap, op: pg_notify(2.17e(17) epoch 11715) -1445>
2014-09-18 18:08:36.689654 7f4c9f251700 5 -- op tracker -- , seq: 86289, time:
2014-09-18 18:08:36.689652, event: started, op: pg_notify(2.17e(17) epoch 11715) -1444>
2014-09-18 18:08:36.689664 7f4c9f251700 5 -- op tracker -- , seq: 86289, time:
2014-09-18 18:08:36.689663, event: done, op: pg_notify(2.17e(17) epoch 11715) -1443>
2014-09-18 18:08:36.689677 7f4c9f251700 1 -- 10.242.42.178:6807/2483 <== osd.55 10.242.42.172:6829/19404 2024 ==== pg_notify(2.26d(9) epoch 11715) v5 ==== 1257+0+0 (2228899848 0 0) 0xf1ee780 con 0xe2d9a20 -1442>
2014-09-18 18:08:36.689684 7f4c9f251700 5 -- op tracker -- , seq: 86290, time:
2014-09-18 18:08:36.687673, event: header_read, op: pg_notify(2.26d(9) epoch 11715) -1441>
2014-09-18 18:08:36.689689 7f4c9f251700 5 -- op tracker -- , seq: 86290, time:
2014-09-18 18:08:36.687674, event: throttled, op: pg_notify(2.26d(9) epoch 11715) -1440>
2014-09-18 18:08:36.689693 7f4c9f251700 5 -- op tracker -- , seq: 86290, time:
2014-09-18 18:08:36.687710, event: all_read, op: pg_notify(2.26d(9) epoch 11715) -1439>
2014-09-18 18:08:36.689697 7f4c9f251700 5 -- op tracker -- , seq: 86290, time:
2014-09-18 18:08:36.689682, event: dispatched, op: pg_notify(2.26d(9) epoch 11715) -1438>
2014-09-18 18:08:36.689701 7f4c9f251700 5 -- op tracker -- , seq: 86290, time:
2014-09-18 18:08:36.689700, event: waiting_for_osdmap, op: pg_notify(2.26d(9) epoch 11715) -1437>
2014-09-18 18:08:36.689706 7f4c9f251700 5 -- op tracker -- , seq: 86290, time:
2014-09-18 18:08:36.689705, event: started, op: pg_notify(2.26d(9) epoch 11715) -1436>
2014-09-18 18:08:36.689717 7f4c9f251700 5 -- op tracker -- , seq: 86290, time:
2014-09-18 18:08:36.689716, event: done, op: pg_notify(2.26d(9) epoch 11715) -1435>
2014-09-18 18:08:36.689726 7f4c9f251700 1 -- 10.242.42.178:6807/2483 <== osd.53 10.242.42.170:6816/2318 799 ==== pg_notify(2.2d8(174) epoch 11715) v5 ==== 10808+0+0 (2960755102 0 0) 0x1421f860 con 0xe9a27e0 -1434>
2014-09-18 18:08:36.689733 7f4c9f251700 5 -- op tracker -- , seq: 86291, time:
2014-09-18 18:08:36.686788, event: header_read, op: pg_notify(2.2d8(174) epoch 11715) -1433>
2014-09-18 18:08:36.689738 7f4c9f251700 5 -- op tracker -- , seq: 86291, time:
2014-09-18 18:08:36.686789, event: throttled, op: pg_notify(2.2d8(174) epoch 11715) -1432>
2014-09-18 18:08:36.689742 7f4c9f251700 5 -- op tracker -- , seq: 86291, time:
2014-09-18 18:08:36.686981, event: all_read, op: pg_notify(2.2d8(174) epoch 11715) -1431>
2014-09-18 18:08:36.689746 7f4c9f251700 5 -- op tracker -- , seq: 86291, time:
2014-09-18 18:08:36.689731, event: dispatched, op: pg_notify(2.2d8(174) epoch 11715) -1430>
2014-09-18 18:08:36.689750 7f4c9f251700 5 -- op tracker -- , seq: 86291, time:
2014-09-18 18:08:36.689748, event: waiting_for_osdmap, op: pg_notify(2.2d8(174) epoch 11715) -1429>
2014-09-18 18:08:36.689754 7f4c9f251700 5 -- op tracker -- , seq: 86291, time:
2014-09-18 18:08:36.689753, event: started, op: pg_notify(2.2d8(174) epoch 11715) -1428>
2014-09-18 18:08:36.689766 7f4c9f251700 5 -- op tracker -- , seq: 86291, time:
2014-09-18 18:08:36.689764, event: done, op: pg_notify(2.2d8(174) epoch 11715) -1427>
2014-09-18 18:08:36.689821 7f4c9f251700 1 -- 10.242.42.178:6807/2483 <== osd.13 10.242.42.168:6840/1010879 308 ==== pg_notify(2.763(56) epoch 11715) v5 ==== 3866+0+0 (3924089360 0 0) 0xf2b8b20 con 0x140f95a0 -1426>
2014-09-18 18:08:36.689829 7f4c9f251700 5 -- op tracker -- , seq: 86292, time:
2014-09-18 18:08:36.687890, event: header_read, op: pg_notify(2.763(56) epoch 11715) -1425>
2014-09-18 18:08:36.689834 7f4c9f251700 5 -- op tracker -- , seq: 86292, time:
2014-09-18 18:08:36.687890, event: throttled, op: pg_notify(2.763(56) epoch 11715) -1424>
2014-09-18 18:08:36.689838 7f4c9f251700 5 -- op tracker -- , seq: 86292, time:
2014-09-18 18:08:36.687945, event: all_read, op: pg_notify(2.763(56) epoch 11715) -1423>
2014-09-18 18:08:36.689842 7f4c9f251700 5 -- op tracker -- , seq: 86292, time:
2014-09-18 18:08:36.689827, event: dispatched, op: pg_notify(2.763(56) epoch 11715) -1422>
2014-09-18 18:08:36.689846 7f4c9f251700 5 -- op tracker -- , seq: 86292, time:
2014-09-18 18:08:36.689845, event: waiting_for_osdmap, op: pg_notify(2.763(56) epoch 11715) -1421>
2014-09-18 18:08:36.689851 7f4c9f251700 5 -- op tracker -- , seq: 86292, time:
2014-09-18 18:08:36.689850, event: started, op: pg_notify(2.763(56) epoch 11715) -1420>
2014-09-18 18:08:36.689863 7f4c9f251700 5 -- op tracker -- , seq: 86292, time:
2014-09-18 18:08:36.689861, event: done, op: pg_notify(2.763(56) epoch 11715) -1419>
2014-09-18 18:08:36.689879 7f4c9f251700 1 -- 10.242.42.178:6807/2483 <== osd.10 10.242.42.168:6845/1010695 503 ==== pg_query(2.250 epoch 11715) v3 ==== 144+0+0 (1985393488 0 0) 0xf29b4a0 con 0x12b53020 -1418>
2014-09-18 18:08:36.689886 7f4c9f251700 5 -- op tracker -- , seq: 86293, time:
2014-09-18 18:08:36.688187, event: header_read, op: pg_query(2.250 epoch 11715) -1417>
2014-09-18 18:08:36.689891 7f4c9f251700 5 -- op tracker -- , seq: 86293, time:
2014-09-18 18:08:36.688188, event: throttled, op: pg_query(2.250 epoch 11715) -1416>
2014-09-18 18:08:36.689895 7f4c9f251700 5 -- op tracker -- , seq: 86293, time:
2014-09-18 18:08:36.688225, event: all_read, op: pg_query(2.250 epoch 11715) -1415>
2014-09-18 18:08:36.689899 7f4c9f251700 5 -- op tracker -- , seq: 86293, time:
2014-09-18 18:08:36.689884, event: dispatched, op: pg_query(2.250 epoch 11715) -1414>
2014-09-18 18:08:36.689903 7f4c9f251700 5 -- op tracker -- , seq: 86293, time:
2014-09-18 18:08:36.689902, event: waiting_for_osdmap, op: pg_query(2.250 epoch 11715) -1413>
2014-09-18 18:08:36.689909 7f4c9f251700 5 -- op tracker -- , seq: 86293, time:
2014-09-18 18:08:36.689907, event: started, op: pg_query(2.250 epoch 11715) -1412>
2014-09-18 18:08:36.689867 7f4c96a40700 5 osd.42 pg_epoch: 11715 pg[2.5a2( v 6810'33332 (4131'30045,6810'33332] lb 0//0//-1 local-les=0 n=0 ec=188 les/c 11272/10658 11715/11715/10657) [9,13,57]/[13,16] r=-1 lpr=11715 pi=10657-11714/14 crt=0'0 lcod 0'0 remapped NOTIFY] exit Reset 0.000337 1 0.000215 -1411>
2014-09-18 18:08:36.689918 7f4c9f251700 5 -- op tracker -- , seq: 86293, time:
2014-09-18 18:08:36.689916, event: done, op: pg_query(2.250 epoch 11715) -1410>
2014-09-18 18:08:36.689913 7f4c96a40700 5 osd.42 pg_epoch: 11715 pg[2.5a2( v 6810'33332 (4131'30045,6810'33332] lb 0//0//-1 local-les=0 n=0 ec=188 les/c 11272/10658 11715/11715/10657) [9,13,57]/[13,16] r=-1 lpr=11715 pi=10657-11714/14 crt=0'0 lcod 0'0 remapped NOTIFY] enter Started -1409>
2014-09-18 18:08:36.689924 7f4c9f251700 1 -- 10.242.42.178:6807/2483 <== osd.56 10.242.42.172:6837/36458 1053 ==== pg_notify(2.719(17) epoch 11715) v5 ==== 1601+0+0 (2610697462 0 0) 0xf72fc20 con 0x14358260 -1408>
2014-09-18 18:08:36.689956 7f4c9f251700 5 -- op tracker -- , seq: 86294, time:
2014-09-18 18:08:36.687459, event: header_read, op: pg_notify(2.719(17) epoch 11715) -1407>
2014-09-18 18:08:36.689962 7f4c9f251700 5 -- op tracker -- , seq: 86294, time:
2014-09-18 18:08:36.687463, event: throttled, op: pg_notify(2.719(17) epoch 11715) -1406>
2014-09-18 18:08:36.689966 7f4c9f251700 5 -- op tracker -- , seq: 86294, time:
2014-09-18 18:08:36.687507, event: all_read, op: pg_notify(2.719(17) epoch 11715) -1405>
2014-09-18 18:08:36.689970 7f4c9f251700 5 -- op tracker -- , seq: 86294, time:
2014-09-18 18:08:36.689951, event: dispatched, op: pg_notify(2.719(17) epoch 11715) -1404>
2014-09-18 18:08:36.689974 7f4c9f251700 5 -- op tracker -- , seq: 86294, time:
2014-09-18 18:08:36.689973, event: waiting_for_osdmap, op: pg_notify(2.719(17) epoch 11715) -1403>
2014-09-18 18:08:36.689979 7f4c9f251700 5 -- op tracker -- , seq: 86294, time:
2014-09-18 18:08:36.689978, event: started, op: pg_notify(2.719(17) epoch 11715) -1402>
2014-09-18 18:08:36.690000 7f4c9f251700 5 -- op tracker -- , seq: 86294, time:
2014-09-18 18:08:36.689997, event: done, op: pg_notify(2.719(17) epoch 11715) -1401>
2014-09-18 18:08:36.690014 7f4c9f251700 1 -- 10.242.42.178:6807/2483 <== osd.22 10.242.42.172:6815/37668 1208 ==== osd_map(11715..11715 src has 1..11715) v3 ==== 3478+0+0 (3560729998 0 0) 0x2db46880 con 0x1088b440 -1400>
2014-09-18 18:08:36.690022 7f4c9f251700 3 osd.42 11715 handle_osd_map epochs [11715,11715], i have 11715, src has [1,11715] -1399>
2014-09-18 18:08:36.690026 7f4c9f251700 1 -- 10.242.42.178:6807/2483 <== osd.58 10.242.42.176:6835/46756 46 ==== pg_notify(2.763(68) epoch 11715) v5 ==== 4550+0+0 (3831805237 0 0) 0xf6dffe0 con 0x142f8260 -1398>
2014-09-18 18:08:36.690033 7f4c9f251700 5 -- op tracker -- , seq: 86295, time:
2014-09-18 18:08:36.688665, event: header_read, op: pg_notify(2.763(68) epoch 11715) -1397>
2014-09-18 18:08:36.690038 7f4c9f251700 5 -- op tracker -- , seq: 86295, time:
2014-09-18 18:08:36.688666, event: throttled, op: pg_notify(2.763(68) epoch 11715) -1396>
2014-09-18 18:08:36.690042 7f4c9f251700 5 -- op tracker -- , seq: 86295, time:
2014-09-18 18:08:36.688787, event: all_read, op: pg_notify(2.763(68) epoch 11715) -1395>
2014-09-18 18:08:36.690046 7f4c9f251700 5 -- op tracker -- , seq: 86295, time:
2014-09-18 18:08:36.690031, event: dispatched, op: pg_notify(2.763(68) epoch 11715) -1394>
2014-09-18 18:08:36.690050 7f4c9f251700 5 -- op tracker -- , seq: 86295, time:
2014-09-18 18:08:36.690049, event: waiting_for_osdmap, op: pg_notify(2.763(68) epoch 11715) -1393>
2014-09-18 18:08:36.690056 7f4c9f251700 5 -- op tracker -- , seq: 86295, time:
2014-09-18 18:08:36.690054, event: started, op: pg_notify(2.763(68) epoch 11715) -1392>
2014-09-18 18:08:36.690067 7f4c9f251700 5 -- op tracker -- , seq: 86295, time:
2014-09-18 18:08:36.690065, event: done, op: pg_notify(2.763(68) epoch 11715) -1391>
2014-09-18 18:08:36.690086 7f4c9f251700 1 -- 10.242.42.178:6807/2483 <== osd.23 10.242.42.172:6819/11463 3321 ==== pg_notify(2.1bb(9) epoch 11715) v5 ==== 1189+0+0 (449349703 0 0) 0xf731840 con 0x4900580 -1390>
2014-09-18 18:08:36.689950 7f4c96a40700 5 osd.42 pg_epoch: 11715 pg[2.5a2( v 6810'33332 (4131'30045,6810'33332] lb 0//0//-1 local-les=0 n=0 ec=188 les/c 11272/10658 11715/11715/10657) [9,13,57]/[13,16] r=-1 lpr=11715 pi=10657-11714/14 crt=0'0 lcod 0'0 remapped NOTIFY] enter Start -1389>
2014-09-18 18:08:36.690093 7f4c9f251700 5 -- op tracker -- , seq: 86296, time:
2014-09-18 18:08:36.687031, event: header_read, op: pg_notify(2.1bb(9) epoch 11715) -1388>
2014-09-18 18:08:36.690098 7f4c9f251700 5 -- op tracker -- , seq: 86296, time:
2014-09-18 18:08:36.687032, event: throttled, op: pg_notify(2.1bb(9) epoch 11715) -1387>
2014-09-18 18:08:36.690093 7f4c96a40700 1 osd.42 pg_epoch: 11715 pg[2.5a2( v 6810'33332 (4131'30045,6810'33332] lb 0//0//-1 local-les=0 n=0 ec=188 les/c 11272/10658 11715/11715/10657) [9,13,57]/[13,16] r=-1 lpr=11715 pi=10657-11714/14 crt=0'0 lcod 0'0 remapped NOTIFY] state: transitioning to Stray -1386>
2014-09-18 18:08:36.690102 7f4c9f251700 5 -- op tracker -- , seq: 86296, time:
2014-09-18 18:08:36.687086, event: all_read, op: pg_notify(2.1bb(9) epoch 11715) -1385>
2014-09-18 18:08:36.690106 7f4c9f251700 5 -- op tracker -- , seq: 86296, time:
2014-09-18 18:08:36.690091, event: dispatched, op: pg_notify(2.1bb(9) epoch 11715) -1384>
2014-09-18 18:08:36.690111 7f4c9f251700 5 -- op tracker -- , seq: 86296, time:
2014-09-18 18:08:36.690109, event: waiting_for_osdmap, op: pg_notify(2.1bb(9) epoch 11715) -1383>
2014-09-18 18:08:36.690105 7f4c96a40700 5 osd.42 pg_epoch: 11715 pg[2.5a2( v 6810'33332 (4131'30045,6810'33332] lb 0//0//-1 local-les=0 n=0 ec=188 les/c 11272/10658 11715/11715/10657) [9,13,57]/[13,16] r=-1 lpr=11715 pi=10657-11714/14 crt=0'0 lcod 0'0 remapped NOTIFY] exit Start 0.000155 0 0.000000 -1382>
2014-09-18 18:08:36.690116 7f4c9f251700 5 -- op tracker -- , seq: 86296, time:
2014-09-18 18:08:36.690114, event: started, op: pg_notify(2.1bb(9) epoch 11715) -1381>
2014-09-18 18:08:36.690117 7f4c96a40700 5 osd.42 pg_epoch: 11715 pg[2.5a2( v 6810'33332 (4131'30045,6810'33332] lb 0//0//-1 local-les=0 n=0 ec=188 les/c 11272/10658 11715/11715/10657) [9,13,57]/[13,16] r=-1 lpr=11715 pi=10657-11714/14 crt=0'0 lcod 0'0 remapped NOTIFY] enter Started/Stray -1380>
2014-09-18 18:08:36.690127 7f4c9f251700 5 -- op tracker -- , seq: 86296, time:
2014-09-18 18:08:36.690126, event: done, op: pg_notify(2.1bb(9) epoch 11715) -1379>
2014-09-18 18:08:36.690137 7f4c9f251700 1 -- 10.242.42.178:6807/2483 <== osd.22 10.242.42.172:6815/37668 1209 ==== pg_notify(2.2d8(174) epoch 11715) v5 ==== 10808+0+0 (2960755102 0 0) 0xf1f12a0 con 0x1088b440 -1378>
2014-09-18 18:08:36.690144 7f4c9f251700 5 -- op tracker -- , seq: 86297, time:
2014-09-18 18:08:36.689520, event: header_read, op: pg_notify(2.2d8(174) epoch 11715) -1377>
2014-09-18 18:08:36.690148 7f4c9f251700 5 -- op tracker -- , seq: 86297, time:
2014-09-18 18:08:36.689520, event: throttled, op: pg_notify(2.2d8(174) epoch 11715) -1376>
2014-09-18 18:08:36.690152 7f4c9f251700 5 -- op tracker -- , seq: 86297, time:
2014-09-18 18:08:36.689833, event: all_read, op: pg_notify(2.2d8(174) epoch 11715) -1375>
2014-09-18 18:08:36.690156 7f4c9f251700 5 -- op tracker -- , seq: 86297, time:
2014-09-18 18:08:36.690142, event: dispatched, op: pg_notify(2.2d8(174) epoch 11715) -1374>
2014-09-18 18:08:36.690160 7f4c9f251700 5 -- op tracker -- , seq: 86297, time:
2014-09-18 18:08:36.690159, event: waiting_for_osdmap, op: pg_notify(2.2d8(174) epoch 11715) -1373>
2014-09-18 18:08:36.690165 7f4c9f251700 5 -- op tracker -- , seq: 86297, time:
2014-09-18 18:08:36.690164, event: started, op: pg_notify(2.2d8(174) epoch 11715) -1372>
2014-09-18 18:08:36.690175 7f4c9f251700 5 -- op tracker -- , seq: 86297, time:
2014-09-18 18:08:36.690174, event: done, op: pg_notify(2.2d8(174) epoch 11715) -1371>
2014-09-18 18:08:36.690234 7f4c9f251700 1 -- 10.242.42.178:6807/2483 <== osd.24 10.242.42.172:6802/5612 2373 ==== pg_notify(2.2c7(139) epoch 11715) v5 ==== 8651+0+0 (1820753373 0 0) 0x12ba3a20 con 0xdd8c940 -1370>
2014-09-18 18:08:36.690243 7f4c9f251700 5 -- op tracker -- , seq: 86298, time:
2014-09-18 18:08:36.689926, event: header_read, op: pg_notify(2.2c7(139) epoch 11715) -1369>
2014-09-18 18:08:36.690248 7f4c9f251700 5 -- op tracker -- , seq: 86298, time:
2014-09-18 18:08:36.689927, event: throttled, op: pg_notify(2.2c7(139) epoch 11715) -1368>
2014-09-18 18:08:36.690252 7f4c9f251700 5 -- op tracker -- , seq: 86298, time:
2014-09-18 18:08:36.690117, event: all_read, op: pg_notify(2.2c7(139) epoch 11715) -1367>
2014-09-18 18:08:36.690256 7f4c9f251700 5 -- op tracker -- , seq: 86298, time:
2014-09-18 18:08:36.690240, event: dispatched, op: pg_notify(2.2c7(139) epoch 11715) -1366>
2014-09-18 18:08:36.690260 7f4c9f251700 5 -- op tracker -- , seq: 86298, time:
2014-09-18 18:08:36.690258, event: waiting_for_osdmap, op: pg_notify(2.2c7(139) epoch 11715) -1365>
2014-09-18 18:08:36.690267 7f4c9f251700 5 -- op tracker -- , seq: 86298, time:
2014-09-18 18:08:36.690265, event: started, op: pg_notify(2.2c7(139) epoch 11715) -1364>
2014-09-18 18:08:36.690302 7f4c9f251700 5 -- op tracker -- , seq: 86298, time:
2014-09-18 18:08:36.690299, event: done, op: pg_notify(2.2c7(139) epoch 11715) -1363>
2014-09-18 18:08:36.690380 7f4c9f251700 1 -- 10.242.42.178:6807/2483 <== osd.24 10.242.42.172:6802/5612 2374 ==== pg_notify(2.763(1) epoch 11715) v5 ==== 805+0+0 (2832021918 0 0) 0x12ba2940 con 0xdd8c940 -1362>
2014-09-18 18:08:36.690390 7f4c9f251700 5 -- op tracker -- , seq: 86299, time:
2014-09-18 18:08:36.690131, event: header_read, op: pg_notify(2.763(1) epoch 11715) -1361>
2014-09-18 18:08:36.690396 7f4c9f251700 5 -- op tracker -- , seq: 86299, time:
2014-09-18 18:08:36.690132, event: throttled, op: pg_notify(2.763(1) epoch 11715) -1360>
2014-09-18 18:08:36.690400 7f4c9f251700 5 -- op tracker -- , seq: 86299, time:
2014-09-18 18:08:36.690157, event: all_read, op: pg_notify(2.763(1) epoch 11715) -1359>
2014-09-18 18:08:36.690404 7f4c9f251700 5 -- op tracker -- , seq: 86299, time:
2014-09-18 18:08:36.690387, event: dispatched, op: pg_notify(2.763(1) epoch 11715) -1358>
2014-09-18 18:08:36.690408 7f4c9f251700 5 -- op tracker -- , seq: 86299, time:
2014-09-18 18:08:36.690407, event: waiting_for_osdmap, op: pg_notify(2.763(1) epoch 11715) -1357>
2014-09-18 18:08:36.690413 7f4c9f251700 5 -- op tracker -- , seq: 86299, time:
2014-09-18 18:08:36.690412, event: started, op: pg_notify(2.763(1) epoch 11715) -1356>
2014-09-18 18:08:36.690442 7f4c9f251700 5 -- op tracker -- , seq: 86299, time:
2014-09-18 18:08:36.690440, event: done, op: pg_notify(2.763(1) epoch 11715) -1355>
2014-09-18 18:08:36.690469 7f4c9f251700 1 -- 10.242.42.178:6807/2483 <== osd.35 10.242.42.164:6811/17421 3699 ==== pg_notify(2.3b6(10) epoch 11715) v5 ==== 1260+0+0 (4042584236 0 0) 0xde61c00 con 0xcbecec0 -1354>
2014-09-18 18:08:36.690477 7f4c9f251700 5 -- op tracker -- , seq: 86300, time:
2014-09-18 18:08:36.690291, event: header_read, op: pg_notify(2.3b6(10) epoch 11715) -1353>
2014-09-18 18:08:36.690482 7f4c9f251700 5 -- op tracker -- , seq: 86300, time:
2014-09-18 18:08:36.690292, event: throttled, op: pg_notify(2.3b6(10) epoch 11715) -1352>
2014-09-18 18:08:36.690486 7f4c9f251700 5 -- op tracker -- , seq: 86300, time:
2014-09-18 18:08:36.690350, event: all_read, op: pg_notify(2.3b6(10) epoch 11715) -1351>
2014-09-18 18:08:36.690490 7f4c9f251700 5 -- op tracker -- , seq: 86300, time:
2014-09-18 18:08:36.690475, event: dispatched, op: pg_notify(2.3b6(10) epoch 11715) -1350>
2014-09-18 18:08:36.690494 7f4c9f251700 5 -- op tracker -- , seq: 86300, time:
2014-09-18 18:08:36.690493, event: waiting_for_osdmap, op: pg_notify(2.3b6(10) epoch 11715) -1349>
2014-09-18 18:08:36.690499 7f4c9f251700 5 -- op tracker -- , seq: 86300, time:
2014-09-18 18:08:36.690498, event: started, op: pg_notify(2.3b6(10) epoch 11715) -1348>
2014-09-18 18:08:36.690523 7f4c9f251700 5 -- op tracker -- , seq: 86300, time:
2014-09-18 18:08:36.690521, event: done, op: pg_notify(2.3b6(10) epoch 11715) -1347>
2014-09-18 18:08:36.690582 7f4c96a40700 5 osd.42 pg_epoch: 11715 pg[2.756( v 6789'26114 (4075'22603,6789'26114] local-les=11709 n=512 ec=188 les/c 11709/10658 11708/11708/10657) [9,30,51]/[13,42] r=1 lpr=11708 pi=9952-11707/27 luod=0'0 crt=6789'26114 active+remapped] exit Started/ReplicaActive/RepNotRecovering 5.996748 18 0.000276 -1346>
2014-09-18 18:08:36.690602 7f4c96a40700 5 osd.42 pg_epoch: 11715 pg[2.756( v 6789'26114 (4075'22603,6789'26114] local-les=11709 n=512 ec=188 les/c 11709/10658 11708/11708/10657) [9,30,51]/[13,42] r=1 lpr=11708 pi=9952-11707/27 luod=0'0 crt=6789'26114 active+remapped] exit Started/ReplicaActive 5.996780 0 0.000000 -1345>
2014-09-18 18:08:36.688087 7f4c97241700 5 osd.42 pg_epoch: 11715 pg[2.43f( v 6775'27542 (4108'23989,6775'27542] local-les=11518 n=526 ec=188 les/c 11518/11259 11715/11715/11015) [20,42,27]/[6,42] r=1 lpr=11715 pi=9903-11714/14 crt=6775'27542 lcod 0'0 remapped NOTIFY] exit Reset 0.000403 1 0.000384 -1344>
2014-09-18 18:08:36.690648 7f4c97241700 5 osd.42 pg_epoch: 11715 pg[2.43f( v 6775'27542 (4108'23989,6775'27542] local-les=11518 n=526 ec=188 les/c 11518/11259 11715/11715/11015) [20,42,27]/[6,42] r=1 lpr=11715 pi=9903-11714/14 crt=6775'27542 lcod 0'0 remapped NOTIFY] enter Started -1343>
2014-09-18 18:08:36.690664 7f4c97241700 5 osd.42 pg_epoch: 11715 pg[2.43f( v 6775'27542 (4108'23989,6775'27542] local-les=11518 n=526 ec=188 les/c 11518/11259 11715/11715/11015) [20,42,27]/[6,42] r=1 lpr=11715 pi=9903-11714/14 crt=6775'27542 lcod 0'0 remapped NOTIFY] enter Start -1342>
2014-09-18 18:08:36.690677 7f4c97241700 1 osd.42 pg_epoch: 11715 pg[2.43f( v 6775'27542 (4108'23989,6775'27542] local-les=11518 n=526 ec=188 les/c 11518/11259 11715/11715/11015) [20,42,27]/[6,42] r=1 lpr=11715 pi=9903-11714/14 crt=6775'27542 lcod 0'0 remapped NOTIFY] state: transitioning to Stray -1341>
2014-09-18 18:08:36.690693 7f4c97241700 5 osd.42 pg_epoch: 11715 pg[2.43f( v 6775'27542 (4108'23989,6775'27542] local-les=11518 n=526 ec=188 les/c 11518/11259 11715/11715/11015) [20,42,27]/[6,42] r=1 lpr=11715 pi=9903-11714/14 crt=6775'27542 lcod 0'0 remapped NOTIFY] exit Start 0.000029 0 0.000000 -1340>
2014-09-18 18:08:36.690708 7f4c97241700 5 osd.42 pg_epoch: 11715 pg[2.43f( v 6775'27542 (4108'23989,6775'27542] local-les=11518 n=526 ec=188 les/c 11518/11259 11715/11715/11015) [20,42,27]/[6,42] r=1 lpr=11715 pi=9903-11714/14 crt=6775'27542 lcod 0'0 remapped NOTIFY] enter Started/Stray -1339>
2014-09-18 18:08:36.690617 7f4c96a40700 5 osd.42 pg_epoch: 11715 pg[2.756( v 6789'26114 (4075'22603,6789'26114] local-les=11709 n=512 ec=188 les/c 11709/10658 11708/11708/10657) [9,30,51]/[13,42] r=1 lpr=11708 pi=9952-11707/27 luod=0'0 crt=6789'26114 active+remapped] exit Started 6.971504 0 0.000000 -1338>
2014-09-18 18:08:36.690962 7f4c96a40700 5 osd.42 pg_epoch: 11715 pg[2.756( v 6789'26114 (4075'22603,6789'26114] local-les=11709 n=512 ec=188 les/c 11709/10658 11708/11708/10657) [9,30,51]/[13,42] r=1 lpr=11708 pi=9952-11707/27 luod=0'0 crt=6789'26114 active+remapped] enter Reset -1337>
2014-09-18 18:08:36.691115 7f4c97241700 5 osd.42 pg_epoch: 11715 pg[2.30f( v 6742'23732 (4157'20731,6742'23732] lb 0//0//-1 local-les=0 n=0 ec=188 les/c 11349/10658 11504/11504/10657) [6,13,27]/[13,44] r=-1 lpr=11504 pi=10657-11503/10 crt=0'0 lcod 0'0 remapped NOTIFY] exit Started/Stray 371.052401 633 0.011039 -1336>
2014-09-18 18:08:36.691145 7f4c97241700 5 osd.42 pg_epoch: 11715 pg[2.30f( v 6742'23732 (4157'20731,6742'23732] lb 0//0//-1 local-les=0 n=0 ec=188 les/c 11349/10658 11504/11504/10657) [6,13,27]/[13,44] r=-1 lpr=11504 pi=10657-11503/10 crt=0'0 lcod 0'0 remapped NOTIFY] exit Started 371.052466 0 0.000000 -1335>
2014-09-18 18:08:36.691161 7f4c97241700 5 osd.42 pg_epoch: 11715 pg[2.30f( v 6742'23732 (4157'20731,6742'23732] lb 0//0//-1 local-les=0 n=0 ec=188 les/c 11349/10658 11504/11504/10657) [6,13,27]/[13,44] r=-1 lpr=11504 pi=10657-11503/10 crt=0'0 lcod 0'0 remapped NOTIFY] enter Reset -1334>
2014-09-18 18:08:36.691254 7f4c97241700 5 osd.42 pg_epoch: 11715 pg[2.30f( v 6742'23732 (4157'20731,6742'23732] lb 0//0//-1 local-les=0 n=0 ec=188 les/c 11349/10658 11715/11715/10657) [58,48,42]/[13,44] r=-1 lpr=11715 pi=10657-11714/11 crt=0'0 lcod 0'0 remapped NOTIFY] exit Reset 0.000093 1 0.000084 -1333>
2014-09-18 18:08:36.691270 7f4c97241700 5 osd.42 pg_epoch: 11715 pg[2.30f( v 6742'23732 (4157'20731,6742'23732] lb 0//0//-1 local-les=0 n=0 ec=188 les/c 11349/10658 11715/11715/10657) [58,48,42]/[13,44] r=-1 lpr=11715 pi=10657-11714/11 crt=0'0 lcod 0'0 remapped NOTIFY] enter Started -1332>
2014-09-18 18:08:36.691284 7f4c97241700 5 osd.42 pg_epoch: 11715 pg[2.30f( v 6742'23732 (4157'20731,6742'23732] lb 0//0//-1 local-les=0 n=0 ec=188 les/c 11349/10658 11715/11715/10657) [58,48,42]/[13,44] r=-1 lpr=11715 pi=10657-11714/11 crt=0'0 lcod 0'0 remapped NOTIFY] enter Start -1331>
2014-09-18 18:08:36.691296 7f4c97241700 1 osd.42 pg_epoch: 11715 pg[2.30f( v 6742'23732 (4157'20731,6742'23732] lb 0//0//-1 local-les=0 n=0 ec=188 les/c 11349/10658 11715/11715/10657) [58,48,42]/[13,44] r=-1 lpr=11715 pi=10657-11714/11 crt=0'0 lcod 0'0 remapped NOTIFY] state: transitioning to Stray -1330>
2014-09-18 18:08:36.691311 7f4c97241700 5 osd.42 pg_epoch: 11715 pg[2.30f( v 6742'23732 (4157'20731,6742'23732] lb 0//0//-1 local-les=0 n=0 ec=188 les/c 11349/10658 11715/11715/10657) [58,48,42]/[13,44] r=-1 lpr=11715 pi=10657-11714/11 crt=0'0 lcod 0'0 remapped NOTIFY] exit Start 0.000027 0 0.000000 -1329>
2014-09-18 18:08:36.691325 7f4c97241700 5 osd.42 pg_epoch: 11715 pg[2.30f( v 6742'23732 (4157'20731,6742'23732] lb 0//0//-1 local-les=0 n=0 ec=188 les/c 11349/10658 11715/11715/10657) [58,48,42]/[13,44] r=-1 lpr=11715 pi=10657-11714/11 crt=0'0 lcod 0'0 remapped NOTIFY] enter Started/Stray -1328>
2014-09-18 18:08:36.691308 7f4c96a40700 5 osd.42 pg_epoch: 11715 pg[2.756( v 6789'26114 (4075'22603,6789'26114] local-les=11709 n=512 ec=188 les/c 11709/10658 11715/11715/10657) [6,30,51]/[13,42] r=1 lpr=11715 pi=9952-11714/28 crt=6789'26114 remapped NOTIFY] exit Reset 0.000345 1 0.000426 -1327>
2014-09-18 18:08:36.691363 7f4c96a40700 5 osd.42 pg_epoch: 11715 pg[2.756( v 6789'26114 (4075'22603,6789'26114] local-les=11709 n=512 ec=188 les/c 11709/10658 11715/11715/10657) [6,30,51]/[13,42] r=1 lpr=11715 pi=9952-11714/28 crt=6789'26114 remapped NOTIFY] enter Started -1326>
2014-09-18 18:08:36.691402 7f4c96a40700 5 osd.42 pg_epoch: 11715 pg[2.756( v 6789'26114 (4075'22603,6789'26114] local-les=11709 n=512 ec=188 les/c 11709/10658 11715/11715/10657) [6,30,51]/[13,42] r=1 lpr=11715 pi=9952-11714/28 crt=6789'26114 remapped NOTIFY] enter Start -1325>
2014-09-18 18:08:36.691443 7f4c97241700 1 -- 10.242.42.178:6807/2483 --> 10.242.42.166:6808/22481 -- osd_map(11715..11715 src has 1..11715) v3 -- ?+0 0x12bf1b00 con 0x1088aec0 -1324>
2014-09-18 18:08:36.691409 7f4c96a40700 1 osd.42 pg_epoch: 11715 pg[2.756( v 6789'26114 (4075'22603,6789'26114] local-les=11709 n=512 ec=188 les/c 11709/10658 11715/11715/10657) [6,30,51]/[13,42] r=1 lpr=11715 pi=9952-11714/28 crt=6789'26114 remapped NOTIFY] state: transitioning to Stray -1323>
2014-09-18 18:08:36.691461 7f4c96a40700 5 osd.42 pg_epoch: 11715 pg[2.756( v 6789'26114 (4075'22603,6789'26114] local-les=11709 n=512 ec=188 les/c 11709/10658 11715/11715/10657) [6,30,51]/[13,42] r=1 lpr=11715 pi=9952-11714/28 crt=6789'26114 remapped NOTIFY] exit Start 0.000059 0 0.000000 -1322>
2014-09-18 18:08:36.691470 7f4c96a40700 5 osd.42 pg_epoch: 11715 pg[2.756( v 6789'26114 (4075'22603,6789'26114] local-les=11709 n=512 ec=188 les/c 11709/10658 11715/11715/10657) [6,30,51]/[13,42] r=1 lpr=11715 pi=9952-11714/28 crt=6789'26114 remapped NOTIFY] enter Started/Stray -1321>
2014-09-18 18:08:36.691504 7f4c97241700 1 -- 10.242.42.178:6807/2483 --> 10.242.42.166:6808/22481 -- pg_notify(2.43f(14) epoch 11715) v5 -- ?+0 0x21e10780 con 0x1088aec0 -1320>
2014-09-18 18:08:36.691589 7f4c97241700 1 -- 10.242.42.178:6807/2483 --> 10.242.42.168:6840/1010879 -- pg_notify(2.30f(11) epoch 11715) v5 -- ?+0 0x121134a0 con 0x140f95a0 -1319>
2014-09-18 18:08:36.691617 7f4c97241700 1 -- 10.242.42.178:6807/2483 --> 10.242.42.176:6829/1204 -- osd_map(11715..11715 src has 1..11715) v3 -- ?+0 0x11bb93c0 con 0x1395edc0 -1318>
2014-09-18 18:08:36.691637 7f4c97241700 1 -- 10.242.42.178:6807/2483 --> 10.242.42.176:6829/1204 -- pg_notify(2.6b3(79) epoch 11715) v5 -- ?+0 0x12c114a0 con 0x1395edc0 -1317>
2014-09-18 18:08:36.691686 7f4c97241700 1 -- 10.242.42.178:6807/2483 --> 10.242.42.178:6817/7086 -- osd_map(11715..11715 src has 1..11715) v3 -- ?+0 0x11bb81c0 con 0x1395f1e0 -1316>
2014-09-18 18:08:36.691704 7f4c97241700 1 -- 10.242.42.178:6807/2483 --> 10.242.42.178:6817/7086 -- pg_notify(2.3c6(24) epoch 11715) v5 -- ?+0 0x12c130c0 con 0x1395f1e0 -1315>
2014-09-18 18:08:36.691793 7f4c96a40700 5 osd.42 pg_epoch: 11715 pg[2.204( v 6810'26722 (4155'23721,6810'26722] local-les=11491 n=533 ec=188 les/c 11491/10727 11490/11490/9945) [42,27,9]/[42,9] r=0 lpr=11490 pi=10726-11489/9 bft=27 crt=6779'26713 lcod 0'0 mlcod 0'0 active+undersized+degraded+remapped+wait_backfill+backfill_toofull] exit Started/Primary/Active/WaitLocalBackfillReserved 145.591870 328 0.001743 -1314>
2014-09-18 18:08:36.692007 7f4c96a40700 5 osd.42 pg_epoch: 11715 pg[2.204( v 6810'26722 (4155'23721,6810'26722] local-les=11491 n=533 ec=188 les/c 11491/10727 11490/11490/9945) [42,27,9]/[42,9] r=0 lpr=11490 pi=10726-11489/9 bft=27 crt=6779'26713 lcod 0'0 mlcod 0'0 active+undersized+degraded+remapped+wait_backfill+backfill_toofull] exit Started/Primary/Active 385.053296 0 0.000000 -1313>
2014-09-18 18:08:36.692167 7f4c96a40700 5 osd.42 pg_epoch: 11715 pg[2.204( v 6810'26722 (4155'23721,6810'26722] local-les=11491 n=533 ec=188 les/c 11491/10727 11490/11490/9945) [42,27,9]/[42,9] r=0 lpr=11490 pi=10726-11489/9 bft=27 crt=6779'26713 lcod 0'0 mlcod 0'0 active+remapped] exit Started/Primary 386.060018 0 0.000000 -1312>
2014-09-18 18:08:36.692202 7f4c96a40700 5 osd.42 pg_epoch: 11715 pg[2.204( v 6810'26722 (4155'23721,6810'26722] local-les=11491 n=533 ec=188 les/c 11491/10727 11490/11490/9945) [42,27,9]/[42,9] r=0 lpr=11490 pi=10726-11489/9 bft=27 crt=6779'26713 lcod 0'0 mlcod 0'0 active+remapped] exit Started 386.060110 0 0.000000 -1311>
2014-09-18 18:08:36.692215 7f4c96a40700 5 osd.42 pg_epoch: 11715 pg[2.204( v 6810'26722 (4155'23721,6810'26722] local-les=11491 n=533 ec=188 les/c 11491/10727 11490/11490/9945) [42,27,9]/[42,9] r=0 lpr=11490 pi=10726-11489/9 bft=27 crt=6779'26713 lcod 0'0 mlcod 0'0 active+remapped] enter Reset -1310>
2014-09-18 18:08:36.692130 7f4c97241700 5 osd.42 pg_epoch: 11715 pg[2.2d8( v 6825'27712 (4157'24703,6825'27712] local-les=11505 n=502 ec=188 les/c 11505/9946 11504/11504/11491) [9,27,42]/[42] r=0 lpr=11504 pi=3414-11503/173 bft=9,27 crt=6745'27699 lcod 0'0 mlcod 0'0 active+undersized+degraded+remapped+backfill_toofull] exit Started/Primary/Active/NotBackfilling 5.201419 26 0.000108 -1309>
2014-09-18 18:08:36.692265 7f4c96a40700 5 osd.42 pg_epoch: 11715 pg[2.204( v 6810'26722 (4155'23721,6810'26722] local-les=11491 n=533 ec=188 les/c 11491/10727 11715/11715/9945) [42,27,0]/[42,9] r=0 lpr=11715 pi=10726-11714/10 crt=6779'26713 lcod 0'0 mlcod 0'0 remapped] exit Reset 0.000050 1 0.000470 -1308>
2014-09-18 18:08:36.692268 7f4c97241700 5 osd.42 pg_epoch: 11715 pg[2.2d8( v 6825'27712 (4157'24703,6825'27712] local-les=11505 n=502 ec=188 les/c 11505/9946 11504/11504/11491) [9,27,42]/[42] r=0 lpr=11504 pi=3414-11503/173 bft=9,27 crt=6745'27699 lcod 0'0 mlcod 0'0 active+undersized+degraded+remapped+backfill_toofull] exit Started/Primary/Active 370.028391 0 0.000000 -1307>
2014-09-18 18:08:36.692280 7f4c96a40700 5 osd.42 pg_epoch: 11715 pg[2.204( v 6810'26722 (4155'23721,6810'26722] local-les=11491 n=533 ec=188 les/c 11491/10727 11715/11715/9945) [42,27,0]/[42,9] r=0 lpr=11715 pi=10726-11714/10 crt=6779'26713 lcod 0'0 mlcod 0'0 remapped] enter Started -1306>
2014-09-18 18:08:36.692291 7f4c96a40700 5 osd.42 pg_epoch: 11715 pg[2.204( v 6810'26722 (4155'23721,6810'26722] local-les=11491 n=533 ec=188 les/c 11491/10727 11715/11715/9945) [42,27,0]/[42,9] r=0 lpr=11715 pi=10726-11714/10 crt=6779'26713 lcod 0'0 mlcod 0'0 remapped] enter Start -1305>
2014-09-18 18:08:36.692299 7f4c96a40700 1 osd.42 pg_epoch: 11715 pg[2.204( v 6810'26722 (4155'23721,6810'26722] local-les=11491 n=533 ec=188 les/c 11491/10727 11715/11715/9945) [42,27,0]/[42,9] r=0 lpr=11715 pi=10726-11714/10 crt=6779'26713 lcod 0'0 mlcod 0'0 remapped] state: transitioning to Primary -1304>
2014-09-18 18:08:36.692283 7f4c97241700 5 osd.42 pg_epoch: 11715 pg[2.2d8( v 6825'27712 (4157'24703,6825'27712] local-les=11505 n=502 ec=188 les/c 11505/9946 11504/11504/11491) [9,27,42]/[42] r=0 lpr=11504 pi=3414-11503/173 bft=9,27 crt=6745'27699 lcod 0'0 mlcod 0'0 active+remapped] exit Started/Primary 371.049210 0 0.000000 -1303>
2014-09-18 18:08:36.692309 7f4c96a40700 5 osd.42 pg_epoch: 11715 pg[2.204( v 6810'26722 (4155'23721,6810'26722] local-les=11491 n=533 ec=188 les/c 11491/10727 11715/11715/9945) [42,27,0]/[42,9] r=0 lpr=11715 pi=10726-11714/10 crt=6779'26713 lcod 0'0 mlcod 0'0 remapped] exit Start 0.000019 0 0.000000 -1302>
2014-09-18 18:08:36.692313 7f4c97241700 5 osd.42 pg_epoch: 11715 pg[2.2d8( v 6825'27712 (4157'24703,6825'27712] local-les=11505 n=502 ec=188 les/c 11505/9946 11504/11504/11491) [9,27,42]/[42] r=0 lpr=11504 pi=3414-11503/173 bft=9,27 crt=6745'27699 lcod 0'0 mlcod 0'0 active+remapped] exit Started 371.049306 0 0.000000 -1301>
2014-09-18 18:08:36.692321 7f4c96a40700 5 osd.42 pg_epoch: 11715 pg[2.204( v 6810'26722 (4155'23721,6810'26722] local-les=11491 n=533 ec=188 les/c 11491/10727 11715/11715/9945) [42,27,0]/[42,9] r=0 lpr=11715 pi=10726-11714/10 crt=6779'26713 lcod 0'0 mlcod 0'0 remapped] enter Started/Primary -1300>
2014-09-18 18:08:36.692325 7f4c97241700 5 osd.42 pg_epoch: 11715 pg[2.2d8( v 6825'27712 (4157'24703,6825'27712] local-les=11505 n=502 ec=188 les/c 11505/9946 11504/11504/11491) [9,27,42]/[42] r=0 lpr=11504 pi=3414-11503/173 bft=9,27 crt=6745'27699 lcod 0'0 mlcod 0'0 active+remapped] enter Reset -1299>
2014-09-18 18:08:36.692331 7f4c96a40700 5 osd.42 pg_epoch: 11715 pg[2.204( v 6810'26722 (4155'23721,6810'26722] local-les=11491 n=533 ec=188 les/c 11491/10727 11715/11715/9945) [42,27,0]/[42,9] r=0 lpr=11715 pi=10726-11714/10 crt=6779'26713 lcod 0'0 mlcod 0'0 remapped] enter Started/Primary/Peering -1298>
2014-09-18 18:08:36.692375 7f4c97241700 5 osd.42 pg_epoch: 11715 pg[2.2d8( v 6825'27712 (4157'24703,6825'27712] local-les=11505 n=502 ec=188 les/c 11505/9946 11715/11715/11491) [2,27,42]/[42] r=0 lpr=11715 pi=3414-11714/174 crt=6745'27699 lcod 0'0 mlcod 0'0 remapped] exit Reset 0.000050 1 0.000243 -1297>
2014-09-18 18:08:36.692471 7f4c97241700 5 osd.42 pg_epoch: 11715 pg[2.2d8( v 6825'27712 (4157'24703,6825'27712] local-les=11505 n=502 ec=188 les/c 11505/9946 11715/11715/11491) [2,27,42]/[42] r=0 lpr=11715 pi=3414-11714/174 crt=6745'27699 lcod 0'0 mlcod 0'0 remapped] enter Started -1296>
2014-09-18 18:08:36.692504 7f4c9f251700 1 -- 10.242.42.178:6807/2483 <== osd.56 10.242.42.172:6837/36458 1054 ==== pg_query(2.b5 epoch 11715) v3 ==== 144+0+0 (2247502035 0 0) 0xf72f4a0 con 0x14358260 -1295>
2014-09-18 18:08:36.692482 7f4c97241700 5 osd.42 pg_epoch: 11715 pg[2.2d8( v 6825'27712 (4157'24703,6825'27712] local-les=11505 n=502 ec=188 les/c 11505/9946 11715/11715/11491) [2,27,42]/[42] r=0 lpr=11715 pi=3414-11714/174 crt=6745'27699 lcod 0'0 mlcod 0'0 remapped] enter Start -1294>
2014-09-18 18:08:36.692522 7f4c9f251700 5 -- op tracker -- , seq: 86301, time:
2014-09-18 18:08:36.692463, event: header_read, op: pg_query(2.b5 epoch 11715) -1293>
2014-09-18 18:08:36.692535 7f4c9f251700 5 -- op tracker -- , seq: 86301, time:
2014-09-18 18:08:36.692464, event: throttled, op: pg_query(2.b5 epoch 11715) -1292>
2014-09-18 18:08:36.692532 7f4c97241700 1 osd.42 pg_epoch: 11715 pg[2.2d8( v 6825'27712 (4157'24703,6825'27712] local-les=11505 n=502 ec=188 les/c 11505/9946 11715/11715/11491) [2,27,42]/[42] r=0 lpr=11715 pi=3414-11714/174 crt=6745'27699 lcod 0'0 mlcod 0'0 remapped] state: transitioning to Primary -1291>
2014-09-18 18:08:36.692471 7f4c96a40700 5 osd.42 pg_epoch: 11715 pg[2.204( v 6810'26722 (4155'23721,6810'26722] local-les=11491 n=533 ec=188 les/c 11491/10727 11715/11715/9945) [42,27,0]/[42,9] r=0 lpr=11715 pi=10726-11714/10 crt=6779'26713 lcod 0'0 mlcod 0'0 remapped+peering] enter Started/Primary/Peering/GetInfo -1290>
2014-09-18 18:08:36.692549 7f4c9f251700 5 -- op tracker -- , seq: 86301, time:
2014-09-18 18:08:36.692485, event: all_read, op: pg_query(2.b5 epoch 11715) -1289>
2014-09-18 18:08:36.692553 7f4c97241700 5 osd.42 pg_epoch: 11715 pg[2.2d8( v 6825'27712 (4157'24703,6825'27712] local-les=11505 n=502 ec=188 les/c 11505/9946 11715/11715/11491) [2,27,42]/[42] r=0 lpr=11715 pi=3414-11714/174 crt=6745'27699 lcod 0'0 mlcod 0'0 remapped] exit Start 0.000071 0 0.000000 -1288>
2014-09-18 18:08:36.692563 7f4c9f251700 5 -- op tracker -- , seq: 86301, time:
2014-09-18 18:08:36.692516, event: dispatched, op: pg_query(2.b5 epoch 11715) -1287>
2014-09-18 18:08:36.692577 7f4c9f251700 5 -- op tracker -- , seq: 86301, time:
2014-09-18 18:08:36.692575, event: waiting_for_osdmap, op: pg_query(2.b5 epoch 11715) -1286>
2014-09-18 18:08:36.692572 7f4c97241700 5 osd.42 pg_epoch: 11715 pg[2.2d8( v 6825'27712 (4157'24703,6825'27712] local-les=11505 n=502 ec=188 les/c 11505/9946 11715/11715/11491) [2,27,42]/[42] r=0 lpr=11715 pi=3414-11714/174 crt=6745'27699 lcod 0'0 mlcod 0'0 remapped] enter Started/Primary -1285>
2014-09-18 18:08:36.692587 7f4c9f251700 5 -- op tracker -- , seq: 86301, time:
2014-09-18 18:08:36.692585, event: started, op: pg_query(2.b5 epoch 11715) -1284>
2014-09-18 18:08:36.692586 7f4c97241700 5 osd.42 pg_epoch: 11715 pg[2.2d8( v 6825'27712 (4157'24703,6825'27712] local-les=11505 n=502 ec=188 les/c 11505/9946 11715/11715/11491) [2,27,42]/[42] r=0 lpr=11715 pi=3414-11714/174 crt=6745'27699 lcod 0'0 mlcod 0'0 remapped] enter Started/Primary/Peering -1283>
2014-09-18 18:08:36.692601 7f4c9f251700 5 -- op tracker -- , seq: 86301, time:
2014-09-18 18:08:36.692600, event: done, op: pg_query(2.b5 epoch 11715) -1282>
2014-09-18 18:08:36.692613 7f4c9f251700 1 -- 10.242.42.178:6807/2483 <== osd.24 10.242.42.172:6802/5612 2375 ==== pg_notify(2.763(1) epoch 11715) v5 ==== 805+0+0 (2832021918 0 0) 0xf1eba40 con 0xdd8c940 -1281>
2014-09-18 18:08:36.692623 7f4c9f251700 5 -- op tracker -- , seq: 86302, time:
2014-09-18 18:08:36.692558, event: header_read, op: pg_notify(2.763(1) epoch 11715) -1280>
2014-09-18 18:08:36.692630 7f4c9f251700 5 -- op tracker -- , seq: 86302, time:
2014-09-18 18:08:36.692559, event: throttled, op: pg_notify(2.763(1) epoch 11715) -1279>
2014-09-18 18:08:36.692637 7f4c9f251700 5 -- op tracker -- , seq: 86302, time:
2014-09-18 18:08:36.692589, event: all_read, op: pg_notify(2.763(1) epoch 11715) -1278>
2014-09-18 18:08:36.692643 7f4c9f251700 5 -- op tracker -- , seq: 86302, time:
2014-09-18 18:08:36.692621, event: dispatched, op: pg_notify(2.763(1) epoch 11715) -1277>
2014-09-18 18:08:36.692650 7f4c9f251700 5 -- op tracker -- , seq: 86302, time:
2014-09-18 18:08:36.692648, event: waiting_for_osdmap, op: pg_notify(2.763(1) epoch 11715) -1276>
2014-09-18 18:08:36.692658 7f4c9f251700 5 -- op tracker -- , seq: 86302, time:
2014-09-18 18:08:36.692656, event: started, op: pg_notify(2.763(1) epoch 11715) -1275>
2014-09-18 18:08:36.692673 7f4c9f251700 5 -- op tracker -- , seq: 86302, time:
2014-09-18 18:08:36.692672, event: done, op: pg_notify(2.763(1) epoch 11715) -1274>
2014-09-18 18:08:36.692643 7f4c97241700 5 osd.42 pg_epoch: 11715 pg[2.2d8( v 6825'27712 (4157'24703,6825'27712] local-les=11505 n=502 ec=188 les/c 11505/9946 11715/11715/11491) [2,27,42]/[42] r=0 lpr=11715 pi=3414-11714/174 crt=6745'27699 lcod 0'0 mlcod 0'0 remapped+peering] enter Started/Primary/Peering/GetInfo -1273>
2014-09-18 18:08:36.692785 7f4c9f251700 1 -- 10.242.42.178:6807/2483 <== osd.35 10.242.42.164:6811/17421 3700 ==== pg_notify(2.517(11) epoch 11715) v5 ==== 1343+0+0 (554478604 0 0) 0xfccad00 con 0xcbecec0 -1272>
2014-09-18 18:08:36.692808 7f4c9f251700 5 -- op tracker -- , seq: 86303, time:
2014-09-18 18:08:36.692712, event: header_read, op: pg_notify(2.517(11) epoch 11715) -1271>
2014-09-18 18:08:36.692823 7f4c9f251700 5 -- op tracker -- , seq: 86303, time:
2014-09-18 18:08:36.692713, event: throttled, op: pg_notify(2.517(11) epoch 11715) -1270>
2014-09-18 18:08:36.692834 7f4c9f251700 5 -- op tracker -- , seq: 86303, time:
2014-09-18 18:08:36.692772, event: all_read, op: pg_notify(2.517(11) epoch 11715) -1269>
2014-09-18 18:08:36.692843 7f4c9f251700 5 -- op tracker -- , seq: 86303, time:
2014-09-18 18:08:36.692802, event: dispatched, op: pg_notify(2.517(11) epoch 11715) -1268>
2014-09-18 18:08:36.692853 7f4c9f251700 5 -- op tracker -- , seq: 86303, time:
2014-09-18 18:08:36.692850, event: waiting_for_osdmap, op: pg_notify(2.517(11) epoch 11715) -1267>
2014-09-18 18:08:36.692872 7f4c9f251700 5 -- op tracker -- , seq: 86303, time:
2014-09-18 18:08:36.692869, event: started, op: pg_notify(2.517(11) epoch 11715) -1266>
2014-09-18 18:08:36.692923 7f4c9f251700 5 -- op tracker -- , seq: 86303, time:
2014-09-18 18:08:36.692920, event: done, op: pg_notify(2.517(11) epoch 11715) -1265>
2014-09-18 18:08:36.693048 7f4c96a40700 10 monclient: _send_mon_message to mon.rack2-ram-3 at 10.242.42.188:6789/0 -1264>
2014-09-18 18:08:36.693059 7f4c96a40700 1 -- 10.242.42.178:6801/2483 --> 10.242.42.188:6789/0 -- osd_alive(want up_thru 11715 have 11715) v1 -- ?+0 0x21e11860 con 0x111771e0 -1263>
2014-09-18 18:08:36.693132 7f4c96a40700 1 -- 10.242.42.178:6807/2483 --> 10.242.42.168:6840/1010879 -- pg_notify(2.5a2(14),2.756(28) epoch 11715) v5 -- ?+0 0x21e110e0 con 0x140f95a0 -1262>
2014-09-18 18:08:36.693169 7f4c9f251700 1 -- 10.242.42.178:6807/2483 <== osd.1 10.242.42.164:6857/39817 8 ==== pg_notify(2.1a2(20) epoch 11715) v5 ==== 1798+0+0 (3888766600 0 0) 0xf726b40 con 0x12b3b2e0 -1261>
2014-09-18 18:08:36.693190 7f4c9f251700 5 -- op tracker -- , seq: 86304, time:
2014-09-18 18:08:36.692944, event: header_read, op: pg_notify(2.1a2(20) epoch 11715) -1260>
2014-09-18 18:08:36.693204 7f4c9f251700 5 -- op tracker -- , seq: 86304, time:
2014-09-18 18:08:36.692945, event: throttled, op: pg_notify(2.1a2(20) epoch 11715) -1259>
2014-09-18 18:08:36.693214 7f4c9f251700 5 -- op tracker -- , seq: 86304, time:
2014-09-18 18:08:36.693001, event: all_read, op: pg_notify(2.1a2(20) epoch 11715) -1258>
2014-09-18 18:08:36.693224 7f4c9f251700 5 -- op tracker -- , seq: 86304, time:
2014-09-18 18:08:36.693185, event: dispatched, op: pg_notify(2.1a2(20) epoch 11715) -1257>
2014-09-18 18:08:36.693234 7f4c9f251700 5 -- op tracker -- , seq: 86304, time:
2014-09-18 18:08:36.693231, event: waiting_for_osdmap, op: pg_notify(2.1a2(20) epoch 11715) -1256>
2014-09-18 18:08:36.693247 7f4c9f251700 5 -- op tracker -- , seq: 86304, time:
2014-09-18 18:08:36.693244, event: started, op: pg_notify(2.1a2(20) epoch 11715) -1255>
2014-09-18 18:08:36.693271 7f4c9f251700 5 -- op tracker -- , seq: 86304, time:
2014-09-18 18:08:36.693268, event: done, op: pg_notify(2.1a2(20) epoch 11715) -1254>
2014-09-18 18:08:36.693288 7f4c9f251700 1 -- 10.242.42.178:6807/2483 <== osd.32 10.242.42.176:6814/1099 551 ==== pg_notify(2.4d0(10) epoch 11715) v5 ==== 1292+0+0 (1130396050 0 0) 0xe0c9480 con 0x1395ef20 -1253>
2014-09-18 18:08:36.693306 7f4c9f251700 5 -- op tracker -- , seq: 86305, time:
2014-09-18 18:08:36.693010, event: header_read, op: pg_notify(2.4d0(10) epoch 11715) -1252>
2014-09-18 18:08:36.693318 7f4c9f251700 5 -- op tracker -- , seq: 86305, time:
2014-09-18 18:08:36.693011, event: throttled, op: pg_notify(2.4d0(10) epoch 11715) -1251>
2014-09-18 18:08:36.693325 7f4c9f251700 5 -- op tracker -- , seq: 86305, time:
2014-09-18 18:08:36.693051, event: all_read, op: pg_notify(2.4d0(10) epoch 11715) -1250>
2014-09-18 18:08:36.693332 7f4c9f251700 5 -- op tracker -- , seq: 86305, time:
2014-09-18 18:08:36.693301, event: dispatched, op: pg_notify(2.4d0(10) epoch 11715) -1249>
2014-09-18 18:08:36.693338 7f4c9f251700 5 -- op tracker -- , seq: 86305, time:
2014-09-18 18:08:36.693337, event: waiting_for_osdmap, op: pg_notify(2.4d0(10) epoch 11715) -1248>
2014-09-18 18:08:36.693347 7f4c9f251700 5 -- op tracker -- , seq: 86305, time:
2014-09-18 18:08:36.693345, event: started, op: pg_notify(2.4d0(10) epoch 11715) -1247>
2014-09-18 18:08:36.693344 7f4c96a40700 1 -- 10.242.42.178:6807/2483 --> 10.242.42.164:6801/15878 -- osd_map(11712..11715 src has 1..11715) v3 -- ?+0 0x10d19180 con 0x10a878c0 -1246>
2014-09-18 18:08:36.693362 7f4c9f251700 5 -- op tracker -- , seq: 86305, time:
2014-09-18 18:08:36.693360, event: done, op: pg_notify(2.4d0(10) epoch 11715) -1245>
2014-09-18 18:08:36.693364 7f4c96a40700 1 -- 10.242.42.178:6807/2483 --> 10.242.42.164:6801/15878 -- pg_query(2.204 epoch 11715) v3 -- ?+0 0x24fd2580 con 0x10a878c0 -1244>
2014-09-18 18:08:36.693406 7f4c96a40700 1 -- 10.242.42.178:6807/2483 --> 10.242.42.166:6826/24959 -- osd_map(11713..11715 src has 1..11715) v3 -- ?+0 0x10d18640 con 0x1395ec60 -1243>
2014-09-18 18:08:36.693427 7f4c96a40700 1 -- 10.242.42.178:6807/2483 --> 10.242.42.166:6826/24959 -- pg_query(2.204 epoch 11715) v3 -- ?+0 0x21cfda20 con 0x1395ec60 -1242>
2014-09-18 18:08:36.693467 7f4c96a40700 1 -- 10.242.42.178:6807/2483 --> 10.242.42.174:6801/21548 -- osd_map(11715..11715 src has 1..11715) v3 -- ?+0 0x10d16d80 con 0x1395f8c0 -1241>
2014-09-18 18:08:36.693484 7f4c96a40700 1 -- 10.242.42.178:6807/2483 --> 10.242.42.174:6801/21548 -- pg_query(2.204 epoch 11715) v3 -- ?+0 0x21cfc940 con 0x1395f8c0 -1240>
2014-09-18 18:08:36.693553 7f4c97241700 5 osd.42 pg_epoch: 11715 pg[2.237( v 6819'24076 (4155'21085,6819'24076] local-les=11494 n=554 ec=188 les/c 11494/10726 11483/11489/11015) [6,30,42]/[6,42] r=1 lpr=11489 pi=2483-11488/130 luod=0'0 crt=6745'24067 lcod 0'0 active+remapped] exit Started/ReplicaActive/RepNotRecovering 381.608037 663 0.001473 -1239>
2014-09-18 18:08:36.693572 7f4c97241700 5 osd.42 pg_epoch: 11715 pg[2.237( v 6819'24076 (4155'21085,6819'24076] local-les=11494 n=554 ec=188 les/c 11494/10726 11483/11489/11015) [6,30,42]/[6,42] r=1 lpr=11489 pi=2483-11488/130 luod=0'0 crt=6745'24067 lcod 0'0 active+remapped] exit Started/ReplicaActive 381.608083 0 0.000000 -1238>
2014-09-18 18:08:36.693587 7f4c97241700 5 osd.42 pg_epoch: 11715 pg[2.237( v 6819'24076 (4155'21085,6819'24076] local-les=11494 n=554 ec=188 les/c 11494/10726 11483/11489/11015) [6,30,42]/[6,42] r=1 lpr=11489 pi=2483-11488/130 luod=0'0 crt=6745'24067 lcod 0'0 active+remapped] exit Started 386.969167 0 0.000000 -1237>
2014-09-18 18:08:36.693599 7f4c97241700 5 osd.42 pg_epoch: 11715 pg[2.237( v 6819'24076 (4155'21085,6819'24076] local-les=11494 n=554 ec=188 les/c 11494/10726 11483/11489/11015) [6,30,42]/[6,42] r=1 lpr=11489 pi=2483-11488/130 luod=0'0 crt=6745'24067 lcod 0'0 active+remapped] enter Reset -1236>
2014-09-18 18:08:36.693608 7f4c96a40700 5 osd.42 pg_epoch: 11715 pg[2.654( v 6778'24660 (4157'21684,6778'24660] local-les=11712 n=529 ec=188 les/c 11505/11100 11708/11708/11332) [60,27,6]/[35,42] r=1 lpr=11708 pi=10768-11707/11 luod=0'0 crt=6775'24651 lcod 0'0 active+remapped] exit Started/ReplicaActive/RepNotRecovering 2.584778 8 0.000487 -1235>
2014-09-18 18:08:36.693644 7f4c96a40700 5 osd.42 pg_epoch: 11715 pg[2.654( v 6778'24660 (4157'21684,6778'24660] local-les=11712 n=529 ec=188 les/c 11505/11100 11708/11708/11332) [60,27,6]/[35,42] r=1 lpr=11708 pi=10768-11707/11 luod=0'0 crt=6775'24651 lcod 0'0 active+remapped] exit Started/ReplicaActive 2.584827 0 0.000000 -1234>
2014-09-18 18:08:36.693654 7f4c96a40700 5 osd.42 pg_epoch: 11715 pg[2.654( v 6778'24660 (4157'21684,6778'24660] local-les=11712 n=529 ec=188 les/c 11505/11100 11708/11708/11332) [60,27,6]/[35,42] r=1 lpr=11708 pi=10768-11707/11 luod=0'0 crt=6775'24651 lcod 0'0 active+remapped] exit Started 6.970660 0 0.000000 -1233>
2014-09-18 18:08:36.693667 7f4c96a40700 5 osd.42 pg_epoch: 11715 pg[2.654( v 6778'24660 (4157'21684,6778'24660] local-les=11712 n=529 ec=188 les/c 11505/11100 11708/11708/11332) [60,27,6]/[35,42] r=1 lpr=11708 pi=10768-11707/11 luod=0'0 crt=6775'24651 lcod 0'0 active+remapped] enter Reset -1232>
2014-09-18 18:08:36.693792 7f4c97241700 5 osd.42 pg_epoch: 11715 pg[2.237( v 6819'24076 (4155'21085,6819'24076] local-les=11494 n=554 ec=188 les/c 11494/10726 11715/11715/11015) [20,30,42]/[6,42] r=1 lpr=11715 pi=2483-11714/131 crt=6745'24067 lcod 0'0 remapped NOTIFY] exit Reset 0.000193 1 0.000086 -1231>
2014-09-18 18:08:36.693808 7f4c97241700 5 osd.42 pg_epoch: 11715 pg[2.237( v 6819'24076 (4155'21085,6819'24076] local-les=11494 n=554 ec=188 les/c 11494/10726 11715/11715/11015) [20,30,42]/[6,42] r=1 lpr=11715 pi=2483-11714/131 crt=6745'24067 lcod 0'0 remapped NOTIFY] enter Started -1230>
2014-09-18 18:08:36.693821 7f4c97241700 5 osd.42 pg_epoch: 11715 pg[2.237( v 6819'24076 (4155'21085,6819'24076] local-les=11494 n=554 ec=188 les/c 11494/10726 11715/11715/11015) [20,30,42]/[6,42] r=1 lpr=11715 pi=2483-11714/131 crt=6745'24067 lcod 0'0 remapped NOTIFY] enter Start -1229>
2014-09-18 18:08:36.693794 7f4c96a40700 5 osd.42 pg_epoch: 11715 pg[2.654( v 6778'24660 (4157'21684,6778'24660] local-les=11712 n=529 ec=188 les/c 11505/11100 11715/11715/11332) [60,27,20]/[35,42] r=1 lpr=11715 pi=10768-11714/12 crt=6775'24651 lcod 0'0 remapped NOTIFY] exit Reset 0.000127 1 0.000137 -1228>
