2014-09-18 18:08:36.753468 7f4c97241700 5 osd.42 pg_epoch: 11715 pg[2.376( v 6772'25996 (4155'22997,6772'25996] local-les=11491 n=524 ec=188 les/c 11491/11491 11715/11715/9945) [42,24,58] r=0 lpr=11715 pi=11490-11714/1 crt=6764'25987 lcod 0'0 mlcod 0'0 inactive] exit Started/Primary 0.059006 0 0.000000 -996>
2014-09-18 18:08:36.753478 7f4c97241700 5 osd.42 pg_epoch: 11715 pg[2.376( v 6772'25996 (4155'22997,6772'25996] local-les=11491 n=524 ec=188 les/c 11491/11491 11715/11715/9945) [42,24,58] r=0 lpr=11715 pi=11490-11714/1 crt=6764'25987 lcod 0'0 mlcod 0'0 inactive] enter Started/Primary -995>
2014-09-18 18:08:36.753486 7f4c97241700 5 osd.42 pg_epoch: 11715 pg[2.376( v 6772'25996 (4155'22997,6772'25996] local-les=11491 n=524 ec=188 les/c 11491/11491 11715/11715/9945) [42,24,58] r=0 lpr=11715 pi=11490-11714/1 crt=6764'25987 lcod 0'0 mlcod 0'0 inactive] enter Started/Primary/Peering/WaitActingChange -994>
2014-09-18 18:08:36.753513 7f4c97241700 10 monclient: _send_mon_message to mon.rack2-ram-3 at 10.242.42.188:6789/0 -993>
2014-09-18 18:08:36.753519 7f4c97241700 1 -- 10.242.42.178:6801/2483 --> 10.242.42.188:6789/0 -- osd_pgtemp(e11715 {2.376=[42,58,9]} v11715) v1 -- ?+0 0x143b5c00 con 0x111771e0 -992>
2014-09-18 18:08:36.756384 7f4c9f251700 1 -- 10.242.42.178:6807/2483 <== osd.9 10.242.42.166:6826/24959 3254 ==== pg_query(2.67b epoch 11715) v3 ==== 144+0+0 (831056390 0 0) 0xf2b01c0 con 0x1395ec60 -991>
2014-09-18 18:08:36.756396 7f4c9f251700 5 -- op tracker -- , seq: 86322, time:
2014-09-18 18:08:36.756352, event: header_read, op: pg_query(2.67b epoch 11715) -990>
2014-09-18 18:08:36.756402 7f4c9f251700 5 -- op tracker -- , seq: 86322, time:
2014-09-18 18:08:36.756353, event: throttled, op: pg_query(2.67b epoch 11715) -989>
2014-09-18 18:08:36.756406 7f4c9f251700 5 -- op tracker -- , seq: 86322, time:
2014-09-18 18:08:36.756373, event: all_read, op: pg_query(2.67b epoch 11715) -988>
2014-09-18 18:08:36.756410 7f4c9f251700 5 -- op tracker -- , seq: 86322, time:
2014-09-18 18:08:36.756393, event: dispatched, op: pg_query(2.67b epoch 11715) -987>
2014-09-18 18:08:36.756414 7f4c9f251700 5 -- op tracker -- , seq: 86322, time:
2014-09-18 18:08:36.756413, event: waiting_for_osdmap, op: pg_query(2.67b epoch 11715) -986>
2014-09-18 18:08:36.756420 7f4c9f251700 5 -- op tracker -- , seq: 86322, time:
2014-09-18 18:08:36.756418, event: started, op: pg_query(2.67b epoch 11715) -985>
2014-09-18 18:08:36.756432 7f4c9f251700 5 -- op tracker -- , seq: 86322, time:
2014-09-18 18:08:36.756430, event: done, op: pg_query(2.67b epoch 11715) -984>
2014-09-18 18:08:36.756450 7f4c96a40700 1 -- 10.242.42.178:6807/2483 --> 10.242.42.166:6826/24959 -- pg_notify(2.67b(5) epoch 11715) v5 -- ?+0 0xf487c20 con 0x1395ec60 -983>
2014-09-18 18:08:36.756478 7f4c96a40700 10 monclient: _send_mon_message to mon.rack2-ram-3 at 10.242.42.188:6789/0 -982>
2014-09-18 18:08:36.756482 7f4c96a40700 1 -- 10.242.42.178:6801/2483 --> 10.242.42.188:6789/0 -- osd_pgtemp(e11715 {2.376=[42,58,9]} v11715) v1 -- ?+0 0x1416d800 con 0x111771e0 -981>
2014-09-18 18:08:36.770240 7f4c9f251700 1 -- 10.242.42.178:6807/2483 <== osd.1 10.242.42.164:6857/39817 10 ==== pg_info(1 pgs e11715:2.78f) v4 ==== 738+0+0 (3876468942 0 0) 0xf7283a0 con 0x12b3b2e0 -980>
2014-09-18 18:08:36.770261 7f4c9f251700 5 -- op tracker -- , seq: 86323, time:
2014-09-18 18:08:36.770192, event: header_read, op: pg_info(1 pgs e11715:2.78f) -979>
2014-09-18 18:08:36.770277 7f4c9f251700 5 -- op tracker -- , seq: 86323, time:
2014-09-18 18:08:36.770193, event: throttled, op: pg_info(1 pgs e11715:2.78f) -978>
2014-09-18 18:08:36.770286 7f4c9f251700 5 -- op tracker -- , seq: 86323, time:
2014-09-18 18:08:36.770222, event: all_read, op: pg_info(1 pgs e11715:2.78f) -977>
2014-09-18 18:08:36.770293 7f4c9f251700 5 -- op tracker -- , seq: 86323, time:
2014-09-18 18:08:36.770256, event: dispatched, op: pg_info(1 pgs e11715:2.78f) -976>
2014-09-18 18:08:36.770299 7f4c9f251700 5 -- op tracker -- , seq: 86323, time:
2014-09-18 18:08:36.770298, event: waiting_for_osdmap, op: pg_info(1 pgs e11715:2.78f) -975>
2014-09-18 18:08:36.770311 7f4c9f251700 5 -- op tracker -- , seq: 86323, time:
2014-09-18 18:08:36.770308, event: started, op: pg_info(1 pgs e11715:2.78f) -974>
2014-09-18 18:08:36.770337 7f4c9f251700 5 -- op tracker -- , seq: 86323, time:
2014-09-18 18:08:36.770334, event: done, op: pg_info(1 pgs e11715:2.78f) -973>
2014-09-18 18:08:36.770349 7f4c97241700 10 monclient: _send_mon_message to mon.rack2-ram-3 at 10.242.42.188:6789/0 -972>
2014-09-18 18:08:36.770358 7f4c97241700 1 -- 10.242.42.178:6801/2483 --> 10.242.42.188:6789/0 -- osd_pgtemp(e11715 {2.376=[42,58,9]} v11715) v1 -- ?+0 0x143b4000 con 0x111771e0 -971>
2014-09-18 18:08:36.812361 7f4c9f251700 1 -- 10.242.42.178:6807/2483 <== osd.6 10.242.42.166:6808/22481 5127 ==== pg_notify(2.62(44) epoch 11713) v5 ==== 3220+0+0 (877466242 0 0) 0x1213bde0 con 0x1088aec0 -970>
2014-09-18 18:08:36.812396 7f4c9f251700 5 -- op tracker -- , seq: 86324, time:
2014-09-18 18:08:36.812208, event: header_read, op: pg_notify(2.62(44) epoch 11713) -969>
2014-09-18 18:08:36.812412 7f4c9f251700 5 -- op tracker -- , seq: 86324, time:
2014-09-18 18:08:36.812211, event: throttled, op: pg_notify(2.62(44) epoch 11713) -968>
2014-09-18 18:08:36.812419 7f4c9f251700 5 -- op tracker -- , seq: 86324, time:
2014-09-18 18:08:36.812330, event: all_read, op: pg_notify(2.62(44) epoch 11713) -967>
2014-09-18 18:08:36.812425 7f4c9f251700 5 -- op tracker -- , seq: 86324, time:
2014-09-18 18:08:36.812387, event: dispatched, op: pg_notify(2.62(44) epoch 11713) -966>
2014-09-18 18:08:36.812432 7f4c9f251700 5 -- op tracker -- , seq: 86324, time:
2014-09-18 18:08:36.812431, event: waiting_for_osdmap, op: pg_notify(2.62(44) epoch 11713) -965>
2014-09-18 18:08:36.812442 7f4c9f251700 5 -- op tracker -- , seq: 86324, time:
2014-09-18 18:08:36.812440, event: started, op: pg_notify(2.62(44) epoch 11713) -964>
2014-09-18 18:08:36.812489 7f4c96a40700 10 monclient: _send_mon_message to mon.rack2-ram-3 at 10.242.42.188:6789/0 -963>
2014-09-18 18:08:36.812499 7f4c96a40700 1 -- 10.242.42.178:6801/2483 --> 10.242.42.188:6789/0 -- osd_pgtemp(e11715 {2.376=[42,58,9]} v11715) v1 -- ?+0 0x1416da00 con 0x111771e0 -962>
2014-09-18 18:08:36.812570 7f4c9f251700 5 -- op tracker -- , seq: 86324, time:
2014-09-18 18:08:36.812568, event: done, op: pg_notify(2.62(44) epoch 11713) -961>
2014-09-18 18:08:36.816099 7f4c9f251700 1 -- 10.242.42.178:6807/2483 <== osd.6 10.242.42.166:6808/22481 5128 ==== pg_notify(2.3b6(10) epoch 11713) v5 ==== 1260+0+0 (2893521525 0 0) 0xf5783a0 con 0x1088aec0 -960>
2014-09-18 18:08:36.816119 7f4c9f251700 5 -- op tracker -- , seq: 86325, time:
2014-09-18 18:08:36.816031, event: header_read, op: pg_notify(2.3b6(10) epoch 11713) -959>
2014-09-18 18:08:36.816130 7f4c9f251700 5 -- op tracker -- , seq: 86325, time:
2014-09-18 18:08:36.816032, event: throttled, op: pg_notify(2.3b6(10) epoch 11713) -958>
2014-09-18 18:08:36.816137 7f4c9f251700 5 -- op tracker -- , seq: 86325, time:
2014-09-18 18:08:36.816065, event: all_read, op: pg_notify(2.3b6(10) epoch 11713) -957>
2014-09-18 18:08:36.816143 7f4c9f251700 5 -- op tracker -- , seq: 86325, time:
2014-09-18 18:08:36.816115, event: dispatched, op: pg_notify(2.3b6(10) epoch 11713) -956>
2014-09-18 18:08:36.816150 7f4c9f251700 5 -- op tracker -- , seq: 86325, time:
2014-09-18 18:08:36.816148, event: waiting_for_osdmap, op: pg_notify(2.3b6(10) epoch 11713) -955>
2014-09-18 18:08:36.816158 7f4c9f251700 5 -- op tracker -- , seq: 86325, time:
2014-09-18 18:08:36.816156, event: started, op: pg_notify(2.3b6(10) epoch 11713) -954>
2014-09-18 18:08:36.816177 7f4c9f251700 5 -- op tracker -- , seq: 86325, time:
2014-09-18 18:08:36.816176, event: done, op: pg_notify(2.3b6(10) epoch 11713) -953>
2014-09-18 18:08:36.816196 7f4c97241700 10 monclient: _send_mon_message to mon.rack2-ram-3 at 10.242.42.188:6789/0 -952>
2014-09-18 18:08:36.816204 7f4c97241700 1 -- 10.242.42.178:6801/2483 --> 10.242.42.188:6789/0 -- osd_pgtemp(e11715 {2.376=[42,58,9]} v11715) v1 -- ?+0 0x143b3000 con 0x111771e0 -951>
2014-09-18 18:08:36.816637 7f4c9f251700 1 -- 10.242.42.178:6807/2483 <== osd.2 10.242.42.164:6817/19139 1865 ==== osd_map(11713..11713 src has 1..11713) v3 ==== 235+0+0 (831042895 0 0) 0x1533a480 con 0x10f60520 -950>
2014-09-18 18:08:36.816663 7f4c9f251700 3 osd.42 11715 handle_osd_map epochs [11713,11713], i have 11715, src has [1,11713] -949>
2014-09-18 18:08:36.816675 7f4c9f251700 1 -- 10.242.42.178:6807/2483 <== osd.2 10.242.42.164:6817/19139 1866 ==== pg_notify(2.4f6(15) epoch 11713) v5 ==== 1581+0+0 (323309909 0 0) 0xf5772c0 con 0x10f60520 -948>
2014-09-18 18:08:36.816686 7f4c9f251700 5 -- op tracker -- , seq: 86326, time:
2014-09-18 18:08:36.816606, event: header_read, op: pg_notify(2.4f6(15) epoch 11713) -947>
2014-09-18 18:08:36.816696 7f4c9f251700 5 -- op tracker -- , seq: 86326, time:
2014-09-18 18:08:36.816606, event: throttled, op: pg_notify(2.4f6(15) epoch 11713) -946>
2014-09-18 18:08:36.816703 7f4c9f251700 5 -- op tracker -- , seq: 86326, time:
2014-09-18 18:08:36.816644, event: all_read, op: pg_notify(2.4f6(15) epoch 11713) -945>
2014-09-18 18:08:36.816709 7f4c9f251700 5 -- op tracker -- , seq: 86326, time:
2014-09-18 18:08:36.816683, event: dispatched, op: pg_notify(2.4f6(15) epoch 11713) -944>
2014-09-18 18:08:36.816716 7f4c9f251700 5 -- op tracker -- , seq: 86326, time:
2014-09-18 18:08:36.816714, event: waiting_for_osdmap, op: pg_notify(2.4f6(15) epoch 11713) -943>
2014-09-18 18:08:36.816724 7f4c9f251700 5 -- op tracker -- , seq: 86326, time:
2014-09-18 18:08:36.816722, event: started, op: pg_notify(2.4f6(15) epoch 11713) -942>
2014-09-18 18:08:36.816759 7f4c9f251700 5 -- op tracker -- , seq: 86326, time:
2014-09-18 18:08:36.816758, event: done, op: pg_notify(2.4f6(15) epoch 11713) -941>
2014-09-18 18:08:36.816774 7f4c96a40700 10 monclient: _send_mon_message to mon.rack2-ram-3 at 10.242.42.188:6789/0 -940>
2014-09-18 18:08:36.816812 7f4c96a40700 1 -- 10.242.42.178:6801/2483 --> 10.242.42.188:6789/0 -- osd_pgtemp(e11715 {2.376=[42,58,9]} v11715) v1 -- ?+0 0x1416a400 con 0x111771e0 -939>
2014-09-18 18:08:36.819475 7f4c9f251700 1 -- 10.242.42.178:6807/2483 <== osd.6 10.242.42.166:6808/22481 5129 ==== pg_notify(2.6f8(10),2.517(11),2.519(23) epoch 11713) v5 ==== 4538+0+0 (862895070 0 0) 0x21e10780 con 0x1088aec0 -938>
2014-09-18 18:08:36.819493 7f4c9f251700 5 -- op tracker -- , seq: 86327, time:
2014-09-18 18:08:36.819398, event: header_read, op: pg_notify(2.6f8(10),2.517(11),2.519(23) epoch 11713) -937>
2014-09-18 18:08:36.819504 7f4c9f251700 5 -- op tracker -- , seq: 86327, time:
2014-09-18 18:08:36.819399, event: throttled, op: pg_notify(2.6f8(10),2.517(11),2.519(23) epoch 11713) -936>
2014-09-18 18:08:36.819511 7f4c9f251700 5 -- op tracker -- , seq: 86327, time:
2014-09-18 18:08:36.819461, event: all_read, op: pg_notify(2.6f8(10),2.517(11),2.519(23) epoch 11713) -935>
2014-09-18 18:08:36.819517 7f4c9f251700 5 -- op tracker -- , seq: 86327, time:
2014-09-18 18:08:36.819489, event: dispatched, op: pg_notify(2.6f8(10),2.517(11),2.519(23) epoch 11713) -934>
2014-09-18 18:08:36.819524 7f4c9f251700 5 -- op tracker -- , seq: 86327, time:
2014-09-18 18:08:36.819522, event: waiting_for_osdmap, op: pg_notify(2.6f8(10),2.517(11),2.519(23) epoch 11713) -933>
2014-09-18 18:08:36.819532 7f4c9f251700 5 -- op tracker -- , seq: 86327, time:
2014-09-18 18:08:36.819530, event: started, op: pg_notify(2.6f8(10),2.517(11),2.519(23) epoch 11713) -932>
2014-09-18 18:08:36.819563 7f4c9f251700 5 -- op tracker -- , seq: 86327, time:
2014-09-18 18:08:36.819561, event: done, op: pg_notify(2.6f8(10),2.517(11),2.519(23) epoch 11713) -931>
2014-09-18 18:08:36.819591 7f4c96a40700 10 monclient: _send_mon_message to mon.rack2-ram-3 at 10.242.42.188:6789/0 -930>
2014-09-18 18:08:36.819599 7f4c96a40700 1 -- 10.242.42.178:6801/2483 --> 10.242.42.188:6789/0 -- osd_pgtemp(e11715 {2.376=[42,58,9]} v11715) v1 -- ?+0 0x14f12000 con 0x111771e0 -929>
2014-09-18 18:08:36.819622 7f4c97241700 10 monclient: _send_mon_message to mon.rack2-ram-3 at 10.242.42.188:6789/0 -928>
2014-09-18 18:08:36.819635 7f4c97241700 1 -- 10.242.42.178:6801/2483 --> 10.242.42.188:6789/0 -- osd_pgtemp(e11715 {2.376=[42,58,9]} v11715) v1 -- ?+0 0x143b3800 con 0x111771e0 -927>
2014-09-18 18:08:36.819710 7f4c9f251700 1 -- 10.242.42.178:6807/2483 <== osd.2 10.242.42.164:6817/19139 1867 ==== pg_notify(2.517(11) epoch 11713) v5 ==== 1335+0+0 (1301671767 0 0) 0xf2b8ee0 con 0x10f60520 -926>
2014-09-18 18:08:36.819728 7f4c9f251700 5 -- op tracker -- , seq: 86328, time:
2014-09-18 18:08:36.819636, event: header_read, op: pg_notify(2.517(11) epoch 11713) -925>
2014-09-18 18:08:36.819738 7f4c9f251700 5 -- op tracker -- , seq: 86328, time:
2014-09-18 18:08:36.819637, event: throttled, op: pg_notify(2.517(11) epoch 11713) -924>
2014-09-18 18:08:36.819748 7f4c9f251700 5 -- op tracker -- , seq: 86328, time:
2014-09-18 18:08:36.819697, event: all_read, op: pg_notify(2.517(11) epoch 11713) -923>
2014-09-18 18:08:36.819758 7f4c9f251700 5 -- op tracker -- , seq: 86328, time:
2014-09-18 18:08:36.819723, event: dispatched, op: pg_notify(2.517(11) epoch 11713) -922>
2014-09-18 18:08:36.819768 7f4c9f251700 5 -- op tracker -- , seq: 86328, time:
2014-09-18 18:08:36.819766, event: waiting_for_osdmap, op: pg_notify(2.517(11) epoch 11713) -921>
2014-09-18 18:08:36.819780 7f4c9f251700 5 -- op tracker -- , seq: 86328, time:
2014-09-18 18:08:36.819777, event: started, op: pg_notify(2.517(11) epoch 11713) -920>
2014-09-18 18:08:36.819801 7f4c9f251700 5 -- op tracker -- , seq: 86328, time:
2014-09-18 18:08:36.819799, event: done, op: pg_notify(2.517(11) epoch 11713) -919>
2014-09-18 18:08:36.819810 7f4c96a40700 10 monclient: _send_mon_message to mon.rack2-ram-3 at 10.242.42.188:6789/0 -918>
2014-09-18 18:08:36.819815 7f4c96a40700 1 -- 10.242.42.178:6801/2483 --> 10.242.42.188:6789/0 -- osd_pgtemp(e11715 {2.376=[42,58,9]} v11715) v1 -- ?+0 0x14f14e00 con 0x111771e0 -917>
2014-09-18 18:08:36.820216 7f4c9f251700 1 -- 10.242.42.178:6807/2483 <== osd.2 10.242.42.164:6817/19139 1868 ==== pg_notify(2.1d8(9) epoch 11713) v5 ==== 1261+0+0 (561800178 0 0) 0xec69a40 con 0x10f60520 -916>
2014-09-18 18:08:36.820232 7f4c9f251700 5 -- op tracker -- , seq: 86329, time:
2014-09-18 18:08:36.820163, event: header_read, op: pg_notify(2.1d8(9) epoch 11713) -915>
2014-09-18 18:08:36.820243 7f4c9f251700 5 -- op tracker -- , seq: 86329, time:
2014-09-18 18:08:36.820164, event: throttled, op: pg_notify(2.1d8(9) epoch 11713) -914>
2014-09-18 18:08:36.820253 7f4c9f251700 5 -- op tracker -- , seq: 86329, time:
2014-09-18 18:08:36.820203, event: all_read, op: pg_notify(2.1d8(9) epoch 11713) -913>
2014-09-18 18:08:36.820263 7f4c9f251700 5 -- op tracker -- , seq: 86329, time:
2014-09-18 18:08:36.820228, event: dispatched, op: pg_notify(2.1d8(9) epoch 11713) -912>
2014-09-18 18:08:36.820273 7f4c9f251700 5 -- op tracker -- , seq: 86329, time:
2014-09-18 18:08:36.820270, event: waiting_for_osdmap, op: pg_notify(2.1d8(9) epoch 11713) -911>
2014-09-18 18:08:36.820284 7f4c9f251700 5 -- op tracker -- , seq: 86329, time:
2014-09-18 18:08:36.820281, event: started, op: pg_notify(2.1d8(9) epoch 11713) -910>
2014-09-18 18:08:36.820306 7f4c9f251700 5 -- op tracker -- , seq: 86329, time:
2014-09-18 18:08:36.820304, event: done, op: pg_notify(2.1d8(9) epoch 11713) -909>
2014-09-18 18:08:36.820353 7f4c97241700 10 monclient: _send_mon_message to mon.rack2-ram-3 at 10.242.42.188:6789/0 -908>
2014-09-18 18:08:36.820362 7f4c97241700 1 -- 10.242.42.178:6801/2483 --> 10.242.42.188:6789/0 -- osd_pgtemp(e11715 {2.376=[42,58,9]} v11715) v1 -- ?+0 0x143b5400 con 0x111771e0 -907>
2014-09-18 18:08:36.844685 7f4c9f251700 1 -- 10.242.42.178:6807/2483 <== osd.2 10.242.42.164:6817/19139 1869 ==== osd_map(11714..11715 src has 1..11715) v3 ==== 4843+0+0 (2326239219 0 0) 0x1440a1c0 con 0x10f60520 -906>
2014-09-18 18:08:36.844717 7f4c9f251700 3 osd.42 11715 handle_osd_map epochs [11714,11715], i have 11715, src has [1,11715] -905>
2014-09-18 18:08:36.844728 7f4c9f251700 1 -- 10.242.42.178:6807/2483 <== osd.2 10.242.42.164:6817/19139 1870 ==== pg_notify(2.763 epoch 11715) v5 ==== 722+0+0 (2192209722 0 0) 0xf09b0e0 con 0x10f60520 -904>
2014-09-18 18:08:36.844744 7f4c9f251700 5 -- op tracker -- , seq: 86330, time:
2014-09-18 18:08:36.844687, event: header_read, op: pg_notify(2.763 epoch 11715) -903>
2014-09-18 18:08:36.844760 7f4c9f251700 5 -- op tracker -- , seq: 86330, time:
2014-09-18 18:08:36.844687, event: throttled, op: pg_notify(2.763 epoch 11715) -902>
2014-09-18 18:08:36.844779 7f4c9f251700 5 -- op tracker -- , seq: 86330, time:
2014-09-18 18:08:36.844715, event: all_read, op: pg_notify(2.763 epoch 11715) -901>
2014-09-18 18:08:36.844789 7f4c9f251700 5 -- op tracker -- , seq: 86330, time:
2014-09-18 18:08:36.844738, event: dispatched, op: pg_notify(2.763 epoch 11715) -900>
2014-09-18 18:08:36.844799 7f4c9f251700 5 -- op tracker -- , seq: 86330, time:
2014-09-18 18:08:36.844797, event: waiting_for_osdmap, op: pg_notify(2.763 epoch 11715) -899>
2014-09-18 18:08:36.844811 7f4c9f251700 5 -- op tracker -- , seq: 86330, time:
2014-09-18 18:08:36.844809, event: started, op: pg_notify(2.763 epoch 11715) -898>
2014-09-18 18:08:36.844836 7f4c9f251700 5 -- op tracker -- , seq: 86330, time:
2014-09-18 18:08:36.844834, event: done, op: pg_notify(2.763 epoch 11715) -897>
2014-09-18 18:08:36.844864 7f4c96a40700 5 osd.42 pg_epoch: 11715 pg[2.763( empty local-les=0 n=0 ec=188 les/c 11403/11403 11715/11715/11715) [42,2,58] r=0 lpr=11715 pi=6625-11714/56 crt=0'0 mlcod 0'0 peering] exit Started/Primary/Peering/GetInfo 0.158315 7 0.000182 -896>
2014-09-18 18:08:36.844948 7f4c9f251700 1 -- 10.242.42.178:6807/2483 <== osd.2 10.242.42.164:6817/19139 1871 ==== pg_notify(2.4f6(15) epoch 11715) v5 ==== 1581+0+0 (3163922072 0 0) 0xf09cb20 con 0x10f60520 -895>
2014-09-18 18:08:36.844961 7f4c9f251700 5 -- op tracker -- , seq: 86331, time:
2014-09-18 18:08:36.844905, event: header_read, op: pg_notify(2.4f6(15) epoch 11715) -894>
2014-09-18 18:08:36.844972 7f4c9f251700 5 -- op tracker -- , seq: 86331, time:
2014-09-18 18:08:36.844906, event: throttled, op: pg_notify(2.4f6(15) epoch 11715) -893>
2014-09-18 18:08:36.844932 7f4c96a40700 5 osd.42 pg_epoch: 11715 pg[2.763( empty local-les=0 n=0 ec=188 les/c 11403/11403 11715/11715/11715) [42,2,58] r=0 lpr=11715 pi=6625-11714/56 crt=0'0 mlcod 0'0 peering] enter Started/Primary/Peering/GetLog -892>
2014-09-18 18:08:36.844982 7f4c9f251700 5 -- op tracker -- , seq: 86331, time:
2014-09-18 18:08:36.844937, event: all_read, op: pg_notify(2.4f6(15) epoch 11715) -891>
2014-09-18 18:08:36.845003 7f4c9f251700 5 -- op tracker -- , seq: 86331, time:
2014-09-18 18:08:36.844957, event: dispatched, op: pg_notify(2.4f6(15) epoch 11715) -890>
2014-09-18 18:08:36.845013 7f4c9f251700 5 -- op tracker -- , seq: 86331, time:
2014-09-18 18:08:36.845011, event: waiting_for_osdmap, op: pg_notify(2.4f6(15) epoch 11715) -889>
2014-09-18 18:08:36.845025 7f4c9f251700 5 -- op tracker -- , seq: 86331, time:
2014-09-18 18:08:36.845022, event: started, op: pg_notify(2.4f6(15) epoch 11715) -888>
2014-09-18 18:08:36.845057 7f4c9f251700 5 -- op tracker -- , seq: 86331, time:
2014-09-18 18:08:36.845055, event: done, op: pg_notify(2.4f6(15) epoch 11715) -887>
2014-09-18 18:08:36.845061 7f4c96a40700 5 osd.42 pg_epoch: 11715 pg[2.763( empty local-les=0 n=0 ec=188 les/c 11403/11403 11715/11715/11715) [42,2,58] r=0 lpr=11715 pi=6625-11714/56 crt=0'0 mlcod 0'0 peering] exit Started/Primary/Peering/GetLog 0.000129 0 0.000000 -886>
2014-09-18 18:08:36.845070 7f4c9f251700 1 -- 10.242.42.178:6807/2483 <== osd.2 10.242.42.164:6817/19139 1872 ==== pg_notify(2.2d8 epoch 11715) v5 ==== 722+0+0 (2127269869 0 0) 0xf09b2c0 con 0x10f60520 -885>
2014-09-18 18:08:36.845085 7f4c9f251700 5 -- op tracker -- , seq: 86332, time:
2014-09-18 18:08:36.844957, event: header_read, op: pg_notify(2.2d8 epoch 11715) -884>
2014-09-18 18:08:36.845090 7f4c97241700 10 monclient: _send_mon_message to mon.rack2-ram-3 at 10.242.42.188:6789/0 -883>
2014-09-18 18:08:36.845095 7f4c9f251700 5 -- op tracker -- , seq: 86332, time:
2014-09-18 18:08:36.844957, event: throttled, op: pg_notify(2.2d8 epoch 11715) -882>
2014-09-18 18:08:36.845101 7f4c97241700 1 -- 10.242.42.178:6801/2483 --> 10.242.42.188:6789/0 -- osd_pgtemp(e11715 {2.376=[42,58,9],2.763=[13,58,24]} v11715) v1 -- ?+0 0x143b3a00 con 0x111771e0 -881>
2014-09-18 18:08:36.845105 7f4c9f251700 5 -- op tracker -- , seq: 86332, time:
2014-09-18 18:08:36.844975, event: all_read, op: pg_notify(2.2d8 epoch 11715) -880>
2014-09-18 18:08:36.845126 7f4c9f251700 5 -- op tracker -- , seq: 86332, time:
2014-09-18 18:08:36.845081, event: dispatched, op: pg_notify(2.2d8 epoch 11715) -879>
2014-09-18 18:08:36.845136 7f4c9f251700 5 -- op tracker -- , seq: 86332, time:
2014-09-18 18:08:36.845134, event: waiting_for_osdmap, op: pg_notify(2.2d8 epoch 11715) -878>
2014-09-18 18:08:36.845076 7f4c96a40700 5 osd.42 pg_epoch: 11715 pg[2.763( empty local-les=0 n=0 ec=188 les/c 11403/11403 11715/11715/11715) [42,2,58] r=0 lpr=11715 pi=6625-11714/56 crt=0'0 mlcod 0'0 peering] exit Started/Primary/Peering 0.158557 0 0.000000 -877>
2014-09-18 18:08:36.845148 7f4c9f251700 5 -- op tracker -- , seq: 86332, time:
2014-09-18 18:08:36.845146, event: started, op: pg_notify(2.2d8 epoch 11715) -876>
2014-09-18 18:08:36.845148 7f4c96a40700 5 osd.42 pg_epoch: 11715 pg[2.763( empty local-les=0 n=0 ec=188 les/c 11403/11403 11715/11715/11715) [42,2,58] r=0 lpr=11715 pi=6625-11714/56 crt=0'0 mlcod 0'0 inactive] exit Started/Primary 0.158637 0 0.000000 -875>
2014-09-18 18:08:36.845157 7f4c96a40700 5 osd.42 pg_epoch: 11715 pg[2.763( empty local-les=0 n=0 ec=188 les/c 11403/11403 11715/11715/11715) [42,2,58] r=0 lpr=11715 pi=6625-11714/56 crt=0'0 mlcod 0'0 inactive] enter Started/Primary -874>
2014-09-18 18:08:36.845165 7f4c96a40700 5 osd.42 pg_epoch: 11715 pg[2.763( empty local-les=0 n=0 ec=188 les/c 11403/11403 11715/11715/11715) [42,2,58] r=0 lpr=11715 pi=6625-11714/56 crt=0'0 mlcod 0'0 inactive] enter Started/Primary/Peering/WaitActingChange -873>
2014-09-18 18:08:36.845171 7f4c9f251700 5 -- op tracker -- , seq: 86332, time:
2014-09-18 18:08:36.845168, event: done, op: pg_notify(2.2d8 epoch 11715) -872>
2014-09-18 18:08:36.845183 7f4c96a40700 10 monclient: _send_mon_message to mon.rack2-ram-3 at 10.242.42.188:6789/0 -871>
2014-09-18 18:08:36.845188 7f4c96a40700 1 -- 10.242.42.178:6801/2483 --> 10.242.42.188:6789/0 -- osd_pgtemp(e11715 {2.376=[42,58,9],2.763=[13,58,24]} v11715) v1 -- ?+0 0xfcf3a00 con 0x111771e0 -870>
2014-09-18 18:08:36.845183 7f4c97241700 5 osd.42 pg_epoch: 11715 pg[2.2d8( v 6825'27712 (4157'24703,6825'27712] local-les=11505 n=502 ec=188 les/c 11505/9946 11715/11715/11491) [2,27,42]/[42] r=0 lpr=11715 pi=3414-11714/174 crt=6745'27699 lcod 0'0 mlcod 0'0 remapped+peering] exit Started/Primary/Peering/GetInfo 0.152540 6 0.000535 -869>
2014-09-18 18:08:36.845219 7f4c97241700 5 osd.42 pg_epoch: 11715 pg[2.2d8( v 6825'27712 (4157'24703,6825'27712] local-les=11505 n=502 ec=188 les/c 11505/9946 11715/11715/11491) [2,27,42]/[42] r=0 lpr=11715 pi=3414-11714/174 crt=6745'27699 lcod 0'0 mlcod 0'0 remapped+peering] enter Started/Primary/Peering/GetLog -868>
2014-09-18 18:08:36.845257 7f4c97241700 5 osd.42 pg_epoch: 11715 pg[2.2d8( v 6825'27712 (4157'24703,6825'27712] local-les=11505 n=502 ec=188 les/c 11505/9946 11715/11715/11491) [2,27,42]/[42] r=0 lpr=11715 pi=3414-11714/174 bft=2,27 crt=6745'27699 lcod 0'0 mlcod 0'0 remapped+peering] exit Started/Primary/Peering/GetLog 0.000037 0 0.000000 -867>
2014-09-18 18:08:36.845350 7f4c97241700 5 osd.42 pg_epoch: 11715 pg[2.2d8( v 6825'27712 (4157'24703,6825'27712] local-les=11505 n=502 ec=188 les/c 11505/9946 11715/11715/11491) [2,27,42]/[42] r=0 lpr=11715 pi=3414-11714/174 bft=2,27 crt=6745'27699 lcod 0'0 mlcod 0'0 remapped+peering] enter Started/Primary/Peering/GetMissing -866>
2014-09-18 18:08:36.845423 7f4c97241700 5 osd.42 pg_epoch: 11715 pg[2.2d8( v 6825'27712 (4157'24703,6825'27712] local-les=11505 n=502 ec=188 les/c 11505/9946 11715/11715/11491) [2,27,42]/[42] r=0 lpr=11715 pi=3414-11714/174 bft=2,27 crt=6745'27699 lcod 0'0 mlcod 0'0 remapped+peering] exit Started/Primary/Peering/GetMissing 0.000072 0 0.000000 -865>
2014-09-18 18:08:36.845439 7f4c97241700 5 osd.42 pg_epoch: 11715 pg[2.2d8( v 6825'27712 (4157'24703,6825'27712] local-les=11505 n=502 ec=188 les/c 11505/9946 11715/11715/11491) [2,27,42]/[42] r=0 lpr=11715 pi=3414-11714/174 bft=2,27 crt=6745'27699 lcod 0'0 mlcod 0'0 remapped+peering] enter Started/Primary/Peering/WaitUpThru -864>
2014-09-18 18:08:36.845538 7f4c97241700 10 monclient: _send_mon_message to mon.rack2-ram-3 at 10.242.42.188:6789/0 -863>
2014-09-18 18:08:36.845558 7f4c97241700 1 -- 10.242.42.178:6801/2483 --> 10.242.42.188:6789/0 -- osd_pgtemp(e11715 {2.376=[42,58,9],2.763=[13,58,24]} v11715) v1 -- ?+0 0x12599600 con 0x111771e0 -862>
2014-09-18 18:08:36.845852 7f4c96a40700 10 monclient: _send_mon_message to mon.rack2-ram-3 at 10.242.42.188:6789/0 -861>
2014-09-18 18:08:36.845865 7f4c96a40700 1 -- 10.242.42.178:6801/2483 --> 10.242.42.188:6789/0 -- osd_pgtemp(e11715 {2.376=[42,58,9],2.763=[13,58,24]} v11715) v1 -- ?+0 0xfcf1a00 con 0x111771e0 -860>
2014-09-18 18:08:36.846991 7f4c9f251700 1 -- 10.242.42.178:6807/2483 <== osd.6 10.242.42.166:6808/22481 5130 ==== osd_map(11715..11715 src has 1..11715) v3 ==== 3478+0+0 (3560729998 0 0) 0x12bf1b00 con 0x1088aec0 -859>
2014-09-18 18:08:36.847012 7f4c9f251700 3 osd.42 11715 handle_osd_map epochs [11715,11715], i have 11715, src has [1,11715] -858>
2014-09-18 18:08:36.847074 7f4c9f251700 1 -- 10.242.42.178:6807/2483 <== osd.6 10.242.42.166:6808/22481 5131 ==== pg_notify(2.11b(8),2.120(11) epoch 11715) v5 ==== 2507+0+0 (3825173911 0 0) 0xe76cb40 con 0x1088aec0 -857>
2014-09-18 18:08:36.847096 7f4c9f251700 5 -- op tracker -- , seq: 86333, time:
2014-09-18 18:08:36.846994, event: header_read, op: pg_notify(2.11b(8),2.120(11) epoch 11715) -856>
2014-09-18 18:08:36.847109 7f4c9f251700 5 -- op tracker -- , seq: 86333, time:
2014-09-18 18:08:36.846994, event: throttled, op: pg_notify(2.11b(8),2.120(11) epoch 11715) -855>
2014-09-18 18:08:36.847113 7f4c9f251700 5 -- op tracker -- , seq: 86333, time:
2014-09-18 18:08:36.847057, event: all_read, op: pg_notify(2.11b(8),2.120(11) epoch 11715) -854>
2014-09-18 18:08:36.847122 7f4c9f251700 5 -- op tracker -- , seq: 86333, time:
2014-09-18 18:08:36.847093, event: dispatched, op: pg_notify(2.11b(8),2.120(11) epoch 11715) -853>
2014-09-18 18:08:36.847127 7f4c9f251700 5 -- op tracker -- , seq: 86333, time:
2014-09-18 18:08:36.847125, event: waiting_for_osdmap, op: pg_notify(2.11b(8),2.120(11) epoch 11715) -852>
2014-09-18 18:08:36.847138 7f4c9f251700 5 -- op tracker -- , seq: 86333, time:
2014-09-18 18:08:36.847137, event: started, op: pg_notify(2.11b(8),2.120(11) epoch 11715) -851>
2014-09-18 18:08:36.847166 7f4c9f251700 5 -- op tracker -- , seq: 86333, time:
2014-09-18 18:08:36.847164, event: done, op: pg_notify(2.11b(8),2.120(11) epoch 11715) -850>
2014-09-18 18:08:36.847186 7f4c97241700 10 monclient: _send_mon_message to mon.rack2-ram-3 at 10.242.42.188:6789/0 -849>
2014-09-18 18:08:36.847197 7f4c97241700 1 -- 10.242.42.178:6801/2483 --> 10.242.42.188:6789/0 -- osd_pgtemp(e11715 {2.376=[42,58,9],2.763=[13,58,24]} v11715) v1 -- ?+0 0x1259b400 con 0x111771e0 -848>
2014-09-18 18:08:36.847221 7f4c96a40700 10 monclient: _send_mon_message to mon.rack2-ram-3 at 10.242.42.188:6789/0 -847>
2014-09-18 18:08:36.847232 7f4c96a40700 1 -- 10.242.42.178:6801/2483 --> 10.242.42.188:6789/0 -- osd_pgtemp(e11715 {2.376=[42,58,9],2.763=[13,58,24]} v11715) v1 -- ?+0 0xfcf1000 con 0x111771e0 -846>
2014-09-18 18:08:36.848444 7f4c9f251700 1 -- 10.242.42.178:6807/2483 <== osd.2 10.242.42.164:6817/19139 1873 ==== pg_notify(2.517(11) epoch 11715) v5 ==== 1335+0+0 (1336319703 0 0) 0xf09d660 con 0x10f60520 -845>
2014-09-18 18:08:36.848460 7f4c9f251700 5 -- op tracker -- , seq: 86334, time:
2014-09-18 18:08:36.848371, event: header_read, op: pg_notify(2.517(11) epoch 11715) -844>
2014-09-18 18:08:36.848478 7f4c9f251700 5 -- op tracker -- , seq: 86334, time:
2014-09-18 18:08:36.848372, event: throttled, op: pg_notify(2.517(11) epoch 11715) -843>
2014-09-18 18:08:36.848484 7f4c9f251700 5 -- op tracker -- , seq: 86334, time:
2014-09-18 18:08:36.848430, event: all_read, op: pg_notify(2.517(11) epoch 11715) -842>
2014-09-18 18:08:36.848490 7f4c9f251700 5 -- op tracker -- , seq: 86334, time:
2014-09-18 18:08:36.848456, event: dispatched, op: pg_notify(2.517(11) epoch 11715) -841>
2014-09-18 18:08:36.848497 7f4c9f251700 5 -- op tracker -- , seq: 86334, time:
2014-09-18 18:08:36.848495, event: waiting_for_osdmap, op: pg_notify(2.517(11) epoch 11715) -840>
2014-09-18 18:08:36.848504 7f4c9f251700 5 -- op tracker -- , seq: 86334, time:
2014-09-18 18:08:36.848503, event: started, op: pg_notify(2.517(11) epoch 11715) -839>
2014-09-18 18:08:36.848522 7f4c9f251700 5 -- op tracker -- , seq: 86334, time:
2014-09-18 18:08:36.848520, event: done, op: pg_notify(2.517(11) epoch 11715) -838>
2014-09-18 18:08:36.848540 7f4c97241700 10 monclient: _send_mon_message to mon.rack2-ram-3 at 10.242.42.188:6789/0 -837>
2014-09-18 18:08:36.848548 7f4c97241700 1 -- 10.242.42.178:6801/2483 --> 10.242.42.188:6789/0 -- osd_pgtemp(e11715 {2.376=[42,58,9],2.763=[13,58,24]} v11715) v1 -- ?+0 0x1259bc00 con 0x111771e0 -836>
2014-09-18 18:08:36.849214 7f4c9f251700 1 -- 10.242.42.178:6807/2483 <== osd.2 10.242.42.164:6817/19139 1874 ==== pg_notify(2.1d8(9) epoch 11715) v5 ==== 1261+0+0 (2562675737 0 0) 0x19f22d20 con 0x10f60520 -835>
2014-09-18 18:08:36.849230 7f4c9f251700 5 -- op tracker -- , seq: 86335, time:
2014-09-18 18:08:36.849150, event: header_read, op: pg_notify(2.1d8(9) epoch 11715) -834>
2014-09-18 18:08:36.849241 7f4c9f251700 5 -- op tracker -- , seq: 86335, time:
2014-09-18 18:08:36.849150, event: throttled, op: pg_notify(2.1d8(9) epoch 11715) -833>
2014-09-18 18:08:36.849251 7f4c9f251700 5 -- op tracker -- , seq: 86335, time:
2014-09-18 18:08:36.849199, event: all_read, op: pg_notify(2.1d8(9) epoch 11715) -832>
2014-09-18 18:08:36.849261 7f4c9f251700 5 -- op tracker -- , seq: 86335, time:
2014-09-18 18:08:36.849225, event: dispatched, op: pg_notify(2.1d8(9) epoch 11715) -831>
2014-09-18 18:08:36.849271 7f4c9f251700 5 -- op tracker -- , seq: 86335, time:
2014-09-18 18:08:36.849269, event: waiting_for_osdmap, op: pg_notify(2.1d8(9) epoch 11715) -830>
2014-09-18 18:08:36.849283 7f4c9f251700 5 -- op tracker -- , seq: 86335, time:
2014-09-18 18:08:36.849280, event: started, op: pg_notify(2.1d8(9) epoch 11715) -829>
2014-09-18 18:08:36.849307 7f4c9f251700 5 -- op tracker -- , seq: 86335, time:
2014-09-18 18:08:36.849304, event: done, op: pg_notify(2.1d8(9) epoch 11715) -828>
2014-09-18 18:08:36.849360 7f4c96a40700 10 monclient: _send_mon_message to mon.rack2-ram-3 at 10.242.42.188:6789/0 -827>
2014-09-18 18:08:36.849384 7f4c96a40700 1 -- 10.242.42.178:6801/2483 --> 10.242.42.188:6789/0 -- osd_pgtemp(e11715 {2.376=[42,58,9],2.763=[13,58,24]} v11715) v1 -- ?+0 0xfcf3200 con 0x111771e0 -826>
2014-09-18 18:08:36.914988 7f4c9f251700 1 -- 10.242.42.178:6807/2483 <== osd.9 10.242.42.166:6826/24959 3255 ==== pg_notify(2.204(64) epoch 11715) v5 ==== 4270+0+0 (1224785509 0 0) 0xf487c20 con 0x1395ec60 -825>
2014-09-18 18:08:36.915028 7f4c9f251700 5 -- op tracker -- , seq: 86336, time:
2014-09-18 18:08:36.914841, event: header_read, op: pg_notify(2.204(64) epoch 11715) -824>
2014-09-18 18:08:36.915040 7f4c9f251700 5 -- op tracker -- , seq: 86336, time:
2014-09-18 18:08:36.914843, event: throttled, op: pg_notify(2.204(64) epoch 11715) -823>
2014-09-18 18:08:36.915046 7f4c9f251700 5 -- op tracker -- , seq: 86336, time:
2014-09-18 18:08:36.914945, event: all_read, op: pg_notify(2.204(64) epoch 11715) -822>
2014-09-18 18:08:36.915052 7f4c9f251700 5 -- op tracker -- , seq: 86336, time:
2014-09-18 18:08:36.915021, event: dispatched, op: pg_notify(2.204(64) epoch 11715) -821>
2014-09-18 18:08:36.915060 7f4c9f251700 5 -- op tracker -- , seq: 86336, time:
2014-09-18 18:08:36.915058, event: waiting_for_osdmap, op: pg_notify(2.204(64) epoch 11715) -820>
2014-09-18 18:08:36.915070 7f4c9f251700 5 -- op tracker -- , seq: 86336, time:
2014-09-18 18:08:36.915068, event: started, op: pg_notify(2.204(64) epoch 11715) -819>
2014-09-18 18:08:36.915091 7f4c9f251700 5 -- op tracker -- , seq: 86336, time:
2014-09-18 18:08:36.915089, event: done, op: pg_notify(2.204(64) epoch 11715) -818>
2014-09-18 18:08:36.915121 7f4c97241700 10 monclient: _send_mon_message to mon.rack2-ram-3 at 10.242.42.188:6789/0 -817>
2014-09-18 18:08:36.915131 7f4c97241700 1 -- 10.242.42.178:6801/2483 --> 10.242.42.188:6789/0 -- osd_pgtemp(e11715 {2.376=[42,58,9],2.763=[13,58,24]} v11715) v1 -- ?+0 0x1259ac00 con 0x111771e0 -816>
2014-09-18 18:08:36.917201 7f4c9f251700 1 -- 10.242.42.178:6807/2483 <== osd.9 10.242.42.166:6826/24959 3256 ==== pg_notify(2.519(4) epoch 11715) v5 ==== 962+0+0 (2923169691 0 0) 0x21cfda20 con 0x1395ec60 -815>
2014-09-18 18:08:36.917226 7f4c9f251700 5 -- op tracker -- , seq: 86337, time:
2014-09-18 18:08:36.917150, event: header_read, op: pg_notify(2.519(4) epoch 11715) -814>
2014-09-18 18:08:36.917242 7f4c9f251700 5 -- op tracker -- , seq: 86337, time:
2014-09-18 18:08:36.917152, event: throttled, op: pg_notify(2.519(4) epoch 11715) -813>
2014-09-18 18:08:36.917253 7f4c9f251700 5 -- op tracker -- , seq: 86337, time:
2014-09-18 18:08:36.917182, event: all_read, op: pg_notify(2.519(4) epoch 11715) -812>
2014-09-18 18:08:36.917263 7f4c9f251700 5 -- op tracker -- , seq: 86337, time:
2014-09-18 18:08:36.917219, event: dispatched, op: pg_notify(2.519(4) epoch 11715) -811>
2014-09-18 18:08:36.917274 7f4c9f251700 5 -- op tracker -- , seq: 86337, time:
2014-09-18 18:08:36.917272, event: waiting_for_osdmap, op: pg_notify(2.519(4) epoch 11715) -810>
2014-09-18 18:08:36.917286 7f4c9f251700 5 -- op tracker -- , seq: 86337, time:
2014-09-18 18:08:36.917283, event: started, op: pg_notify(2.519(4) epoch 11715) -809>
2014-09-18 18:08:36.917315 7f4c9f251700 5 -- op tracker -- , seq: 86337, time:
2014-09-18 18:08:36.917313, event: done, op: pg_notify(2.519(4) epoch 11715) -808>
2014-09-18 18:08:36.917382 7f4c96a40700 10 monclient: _send_mon_message to mon.rack2-ram-3 at 10.242.42.188:6789/0 -807>
2014-09-18 18:08:36.917398 7f4c96a40700 1 -- 10.242.42.178:6801/2483 --> 10.242.42.188:6789/0 -- osd_pgtemp(e11715 {2.376=[42,58,9],2.763=[13,58,24]} v11715) v1 -- ?+0 0xfcf3600 con 0x111771e0 -806>
2014-09-18 18:08:36.919750 7f4c9f251700 1 -- 10.242.42.178:6807/2483 <== osd.9 10.242.42.166:6826/24959 3257 ==== pg_notify(2.2d8(174) epoch 11715) v5 ==== 10808+0+0 (1672781233 0 0) 0x2b93ffe0 con 0x1395ec60 -805>
2014-09-18 18:08:36.919770 7f4c9f251700 5 -- op tracker -- , seq: 86338, time:
2014-09-18 18:08:36.919559, event: header_read, op: pg_notify(2.2d8(174) epoch 11715) -804>
2014-09-18 18:08:36.919780 7f4c9f251700 5 -- op tracker -- , seq: 86338, time:
2014-09-18 18:08:36.919560, event: throttled, op: pg_notify(2.2d8(174) epoch 11715) -803>
2014-09-18 18:08:36.919786 7f4c9f251700 5 -- op tracker -- , seq: 86338, time:
2014-09-18 18:08:36.919699, event: all_read, op: pg_notify(2.2d8(174) epoch 11715) -802>
2014-09-18 18:08:36.919792 7f4c9f251700 5 -- op tracker -- , seq: 86338, time:
2014-09-18 18:08:36.919765, event: dispatched, op: pg_notify(2.2d8(174) epoch 11715) -801>
2014-09-18 18:08:36.919799 7f4c9f251700 5 -- op tracker -- , seq: 86338, time:
2014-09-18 18:08:36.919797, event: waiting_for_osdmap, op: pg_notify(2.2d8(174) epoch 11715) -800>
2014-09-18 18:08:36.919807 7f4c9f251700 5 -- op tracker -- , seq: 86338, time:
2014-09-18 18:08:36.919805, event: started, op: pg_notify(2.2d8(174) epoch 11715) -799>
2014-09-18 18:08:36.919826 7f4c9f251700 5 -- op tracker -- , seq: 86338, time:
2014-09-18 18:08:36.919824, event: done, op: pg_notify(2.2d8(174) epoch 11715) -798>
2014-09-18 18:08:36.919851 7f4c97241700 10 monclient: _send_mon_message to mon.rack2-ram-3 at 10.242.42.188:6789/0 -797>
2014-09-18 18:08:36.919860 7f4c97241700 1 -- 10.242.42.178:6801/2483 --> 10.242.42.188:6789/0 -- osd_pgtemp(e11715 {2.376=[42,58,9],2.763=[13,58,24]} v11715) v1 -- ?+0 0x1259a800 con 0x111771e0 -796>
2014-09-18 18:08:36.921439 7f4c9f251700 1 -- 10.242.42.178:6807/2483 <== osd.9 10.242.42.166:6826/24959 3258 ==== pg_notify(2.410(12) epoch 11715) v5 ==== 1376+0+0 (800186017 0 0) 0x2b941a20 con 0x1395ec60 -795>
2014-09-18 18:08:36.921458 7f4c9f251700 5 -- op tracker -- , seq: 86339, time:
2014-09-18 18:08:36.921367, event: header_read, op: pg_notify(2.410(12) epoch 11715) -794>
2014-09-18 18:08:36.921469 7f4c9f251700 5 -- op tracker -- , seq: 86339, time:
2014-09-18 18:08:36.921368, event: throttled, op: pg_notify(2.410(12) epoch 11715) -793>
2014-09-18 18:08:36.921475 7f4c9f251700 5 -- op tracker -- , seq: 86339, time:
2014-09-18 18:08:36.921402, event: all_read, op: pg_notify(2.410(12) epoch 11715) -792>
2014-09-18 18:08:36.921481 7f4c9f251700 5 -- op tracker -- , seq: 86339, time:
2014-09-18 18:08:36.921454, event: dispatched, op: pg_notify(2.410(12) epoch 11715) -791>
2014-09-18 18:08:36.921488 7f4c9f251700 5 -- op tracker -- , seq: 86339, time:
2014-09-18 18:08:36.921486, event: waiting_for_osdmap, op: pg_notify(2.410(12) epoch 11715) -790>
2014-09-18 18:08:36.921496 7f4c9f251700 5 -- op tracker -- , seq: 86339, time:
2014-09-18 18:08:36.921494, event: started, op: pg_notify(2.410(12) epoch 11715) -789>
2014-09-18 18:08:36.921514 7f4c9f251700 5 -- op tracker -- , seq: 86339, time:
2014-09-18 18:08:36.921513, event: done, op: pg_notify(2.410(12) epoch 11715) -788>
2014-09-18 18:08:36.921570 7f4c96a40700 10 monclient: _send_mon_message to mon.rack2-ram-3 at 10.242.42.188:6789/0 -787>
2014-09-18 18:08:36.921581 7f4c96a40700 1 -- 10.242.42.178:6801/2483 --> 10.242.42.188:6789/0 -- osd_pgtemp(e11715 {2.376=[42,58,9],2.763=[13,58,24]} v11715) v1 -- ?+0 0xfcf2600 con 0x111771e0 -786>
2014-09-18 18:08:36.922332 7f4c9f251700 1 -- 10.242.42.178:6807/2483 <== osd.9 10.242.42.166:6826/24959 3259 ==== pg_notify(2.186(12) epoch 11715) v5 ==== 1386+0+0 (628231526 0 0) 0x2b93fc20 con 0x1395ec60 -785>
2014-09-18 18:08:36.922357 7f4c9f251700 5 -- op tracker -- , seq: 86340, time:
2014-09-18 18:08:36.922281, event: header_read, op: pg_notify(2.186(12) epoch 11715) -784>
2014-09-18 18:08:36.922371 7f4c9f251700 5 -- op tracker -- , seq: 86340, time:
2014-09-18 18:08:36.922282, event: throttled, op: pg_notify(2.186(12) epoch 11715) -783>
2014-09-18 18:08:36.922381 7f4c9f251700 5 -- op tracker -- , seq: 86340, time:
2014-09-18 18:08:36.922316, event: all_read, op: pg_notify(2.186(12) epoch 11715) -782>
2014-09-18 18:08:36.922391 7f4c9f251700 5 -- op tracker -- , seq: 86340, time:
2014-09-18 18:08:36.922351, event: dispatched, op: pg_notify(2.186(12) epoch 11715) -781>
2014-09-18 18:08:36.922402 7f4c9f251700 5 -- op tracker -- , seq: 86340, time:
2014-09-18 18:08:36.922400, event: waiting_for_osdmap, op: pg_notify(2.186(12) epoch 11715) -780>
2014-09-18 18:08:36.922413 7f4c9f251700 5 -- op tracker -- , seq: 86340, time:
2014-09-18 18:08:36.922411, event: started, op: pg_notify(2.186(12) epoch 11715) -779>
2014-09-18 18:08:36.922434 7f4c9f251700 5 -- op tracker -- , seq: 86340, time:
2014-09-18 18:08:36.922432, event: done, op: pg_notify(2.186(12) epoch 11715) -778>
2014-09-18 18:08:36.922453 7f4c97241700 10 monclient: _send_mon_message to mon.rack2-ram-3 at 10.242.42.188:6789/0 -777>
2014-09-18 18:08:36.922462 7f4c97241700 1 -- 10.242.42.178:6801/2483 --> 10.242.42.188:6789/0 -- osd_pgtemp(e11715 {2.376=[42,58,9],2.763=[13,58,24]} v11715) v1 -- ?+0 0x5143000 con 0x111771e0 -776>
2014-09-18 18:08:36.929308 7f4c9f251700 1 -- 10.242.42.178:6807/2483 <== osd.6 10.242.42.166:6808/22481 5132 ==== pg_notify(2.40a(162),2.410(12) epoch 11715) v5 ==== 11062+0+0 (785501698 0 0) 0xe76c000 con 0x1088aec0 -775>
2014-09-18 18:08:36.929331 7f4c9f251700 5 -- op tracker -- , seq: 86341, time:
2014-09-18 18:08:36.929142, event: header_read, op: pg_notify(2.40a(162),2.410(12) epoch 11715) -774>
2014-09-18 18:08:36.929341 7f4c9f251700 5 -- op tracker -- , seq: 86341, time:
2014-09-18 18:08:36.929146, event: throttled, op: pg_notify(2.40a(162),2.410(12) epoch 11715) -773>
2014-09-18 18:08:36.929349 7f4c9f251700 5 -- op tracker -- , seq: 86341, time:
2014-09-18 18:08:36.929288, event: all_read, op: pg_notify(2.40a(162),2.410(12) epoch 11715) -772>
2014-09-18 18:08:36.929356 7f4c9f251700 5 -- op tracker -- , seq: 86341, time:
2014-09-18 18:08:36.929326, event: dispatched, op: pg_notify(2.40a(162),2.410(12) epoch 11715) -771>
2014-09-18 18:08:36.929364 7f4c9f251700 5 -- op tracker -- , seq: 86341, time:
2014-09-18 18:08:36.929362, event: waiting_for_osdmap, op: pg_notify(2.40a(162),2.410(12) epoch 11715) -770>
2014-09-18 18:08:36.929373 7f4c9f251700 5 -- op tracker -- , seq: 86341, time:
2014-09-18 18:08:36.929371, event: started, op: pg_notify(2.40a(162),2.410(12) epoch 11715) -769>
2014-09-18 18:08:36.929408 7f4c9f251700 5 -- op tracker -- , seq: 86341, time:
2014-09-18 18:08:36.929406, event: done, op: pg_notify(2.40a(162),2.410(12) epoch 11715) -768>
2014-09-18 18:08:36.929432 7f4c97241700 10 monclient: _send_mon_message to mon.rack2-ram-3 at 10.242.42.188:6789/0 -767>
2014-09-18 18:08:36.929442 7f4c97241700 1 -- 10.242.42.178:6801/2483 --> 10.242.42.188:6789/0 -- osd_pgtemp(e11715 {2.376=[42,58,9],2.763=[13,58,24]} v11715) v1 -- ?+0 0x119f6400 con 0x111771e0 -766>
2014-09-18 18:08:36.931176 7f4c9f251700 1 -- 10.242.42.178:6807/2483 <== osd.6 10.242.42.166:6808/22481 5133 ==== pg_query(2.43f epoch 11715) v3 ==== 144+0+0 (408489788 0 0) 0xe76c960 con 0x1088aec0 -765>
2014-09-18 18:08:36.931197 7f4c9f251700 5 -- op tracker -- , seq: 86342, time:
2014-09-18 18:08:36.931133, event: header_read, op: pg_query(2.43f epoch 11715) -764>
2014-09-18 18:08:36.931211 7f4c9f251700 5 -- op tracker -- , seq: 86342, time:
2014-09-18 18:08:36.931137, event: throttled, op: pg_query(2.43f epoch 11715) -763>
2014-09-18 18:08:36.931221 7f4c9f251700 5 -- op tracker -- , seq: 86342, time:
2014-09-18 18:08:36.931160, event: all_read, op: pg_query(2.43f epoch 11715) -762>
2014-09-18 18:08:36.931230 7f4c9f251700 5 -- op tracker -- , seq: 86342, time:
2014-09-18 18:08:36.931192, event: dispatched, op: pg_query(2.43f epoch 11715) -761>
2014-09-18 18:08:36.931240 7f4c9f251700 5 -- op tracker -- , seq: 86342, time:
2014-09-18 18:08:36.931238, event: waiting_for_osdmap, op: pg_query(2.43f epoch 11715) -760>
2014-09-18 18:08:36.931252 7f4c9f251700 5 -- op tracker -- , seq: 86342, time:
2014-09-18 18:08:36.931250, event: started, op: pg_query(2.43f epoch 11715) -759>
2014-09-18 18:08:36.931275 7f4c9f251700 5 -- op tracker -- , seq: 86342, time:
2014-09-18 18:08:36.931273, event: done, op: pg_query(2.43f epoch 11715) -758>
2014-09-18 18:08:36.931536 7f4c96a40700 1 -- 10.242.42.178:6807/2483 --> 10.242.42.166:6808/22481 -- pg_notify(2.43f(14) epoch 11715) v5 -- ?+0 0xe1aa1e0 con 0x1088aec0 -757>
2014-09-18 18:08:36.931556 7f4c96a40700 10 monclient: _send_mon_message to mon.rack2-ram-3 at 10.242.42.188:6789/0 -756>
2014-09-18 18:08:36.931561 7f4c96a40700 1 -- 10.242.42.178:6801/2483 --> 10.242.42.188:6789/0 -- osd_pgtemp(e11715 {2.376=[42,58,9],2.763=[13,58,24]} v11715) v1 -- ?+0 0x143b2c00 con 0x111771e0 -755>
2014-09-18 18:08:36.931978 7f4c9f251700 1 -- 10.242.42.178:6807/2483 <== osd.6 10.242.42.166:6808/22481 5134 ==== pg_notify(2.179(10) epoch 11715) v5 ==== 1276+0+0 (3191187933 0 0) 0xe1aa1e0 con 0x1088aec0 -754>
2014-09-18 18:08:36.931998 7f4c9f251700 5 -- op tracker -- , seq: 86343, time:
2014-09-18 18:08:36.931894, event: header_read, op: pg_notify(2.179(10) epoch 11715) -753>
2014-09-18 18:08:36.932009 7f4c9f251700 5 -- op tracker -- , seq: 86343, time:
2014-09-18 18:08:36.931895, event: throttled, op: pg_notify(2.179(10) epoch 11715) -752>
2014-09-18 18:08:36.932017 7f4c9f251700 5 -- op tracker -- , seq: 86343, time:
2014-09-18 18:08:36.931937, event: all_read, op: pg_notify(2.179(10) epoch 11715) -751>
2014-09-18 18:08:36.932026 7f4c9f251700 5 -- op tracker -- , seq: 86343, time:
2014-09-18 18:08:36.931994, event: dispatched, op: pg_notify(2.179(10) epoch 11715) -750>
2014-09-18 18:08:36.932032 7f4c9f251700 5 -- op tracker -- , seq: 86343, time:
2014-09-18 18:08:36.932031, event: waiting_for_osdmap, op: pg_notify(2.179(10) epoch 11715) -749>
2014-09-18 18:08:36.932041 7f4c9f251700 5 -- op tracker -- , seq: 86343, time:
2014-09-18 18:08:36.932039, event: started, op: pg_notify(2.179(10) epoch 11715) -748>
2014-09-18 18:08:36.932060 7f4c9f251700 5 -- op tracker -- , seq: 86343, time:
2014-09-18 18:08:36.932058, event: done, op: pg_notify(2.179(10) epoch 11715) -747>
2014-09-18 18:08:36.932081 7f4c97241700 10 monclient: _send_mon_message to mon.rack2-ram-3 at 10.242.42.188:6789/0 -746>
2014-09-18 18:08:36.932091 7f4c97241700 1 -- 10.242.42.178:6801/2483 --> 10.242.42.188:6789/0 -- osd_pgtemp(e11715 {2.376=[42,58,9],2.763=[13,58,24]} v11715) v1 -- ?+0 0x119f7800 con 0x111771e0 -745>
2014-09-18 18:08:36.941818 7f4c9b249700 1 -- 10.242.42.178:6811/2483 <== osd.14 10.242.42.168:0/16237 143 ==== osd_ping(ping e11715 stamp
2014-09-18 18:08:36.808387) v2 ==== 47+0+0 (4208886028 0 0) 0xe0bd840 con 0x101cc3c0 -744>
2014-09-18 18:08:36.941849 7f4c9b249700 1 -- 10.242.42.178:6811/2483 --> 10.242.42.168:0/16237 -- osd_ping(ping_reply e11715 stamp
2014-09-18 18:08:36.808387) v2 -- ?+0 0x117383c0 con 0x101cc3c0 -743>
2014-09-18 18:08:36.941861 7f4c9ca4c700 1 -- 10.242.42.178:6813/2483 <== osd.14 10.242.42.168:0/16237 143 ==== osd_ping(ping e11715 stamp
2014-09-18 18:08:36.808387) v2 ==== 47+0+0 (4208886028 0 0) 0xf7a8ee0 con 0xcc49a20 -742>
2014-09-18 18:08:36.941889 7f4c9ca4c700 1 -- 10.242.42.178:6813/2483 --> 10.242.42.168:0/16237 -- osd_ping(ping_reply e11715 stamp
2014-09-18 18:08:36.808387) v2 -- ?+0 0x11fd0b40 con 0xcc49a20 -741>
2014-09-18 18:08:36.959454 7f4c8e22f700 2 -- 10.242.42.178:6807/2483 >> 10.242.42.164:6857/39817 pipe(0x10b659c0 sd=59 :6807 s=2 pgs=32 cs=1 l=0 c=0x12b3b2e0).reader couldn't read tag, (0) Success -740>
2014-09-18 18:08:36.959484 7f4c8e22f700 2 -- 10.242.42.178:6807/2483 >> 10.242.42.164:6857/39817 pipe(0x10b659c0 sd=59 :6807 s=2 pgs=32 cs=1 l=0 c=0x12b3b2e0).fault (0) Success -739>
2014-09-18 18:08:36.959506 7f4c8e22f700 0 -- 10.242.42.178:6807/2483 >> 10.242.42.164:6857/39817 pipe(0x10b659c0 sd=59 :6807 s=2 pgs=32 cs=1 l=0 c=0x12b3b2e0).fault with nothing to send, going to standby -738>
2014-09-18 18:08:36.959595 7f4c71984700 2 -- 10.242.42.178:0/2483 >> 10.242.42.164:6859/39817 pipe(0x14b50680 sd=70 :36903 s=2 pgs=7 cs=1 l=1 c=0x2a7f5860).reader couldn't read tag, (0) Success -737>
2014-09-18 18:08:36.959600 7f4c885e8700 2 -- 10.242.42.178:0/2483 >> 10.242.42.164:6858/39817 pipe(0x14b4edc0 sd=54 :46648 s=2 pgs=7 cs=1 l=1 c=0x1d7c8ec0).reader couldn't read tag, (0) Success -736>
2014-09-18 18:08:36.959654 7f4c885e8700 2 -- 10.242.42.178:0/2483 >> 10.242.42.164:6858/39817 pipe(0x14b4edc0 sd=54 :46648 s=2 pgs=7 cs=1 l=1 c=0x1d7c8ec0).fault (0) Success -735>
2014-09-18 18:08:36.959648 7f4c71984700 2 -- 10.242.42.178:0/2483 >> 10.242.42.164:6859/39817 pipe(0x14b50680 sd=70 :36903 s=2 pgs=7 cs=1 l=1 c=0x2a7f5860).fault (0) Success -734>
2014-09-18 18:08:36.959749 7f4c9da4e700 1 -- 10.242.42.178:0/2483 mark_down 0x2a7f5860 -- pipe dne -733>
2014-09-18 18:08:36.959848 7f4c71984700 2 -- 10.242.42.178:0/2483 >> 10.242.42.164:6858/39817 pipe(0x14b4e000 sd=54 :0 s=1 pgs=0 cs=0 l=1 c=0x23a779c0).connect error 10.242.42.164:6858/39817, (111) Connection refused -732>
2014-09-18 18:08:36.959860 7f4c773de700 2 -- 10.242.42.178:0/2483 >> 10.242.42.164:6859/39817 pipe(0x14b50100 sd=70 :0 s=1 pgs=0 cs=0 l=1 c=0x23a77b20).connect error 10.242.42.164:6859/39817, (111) Connection refused -731>
2014-09-18 18:08:36.959885 7f4c773de700 2 -- 10.242.42.178:0/2483 >> 10.242.42.164:6859/39817 pipe(0x14b50100 sd=70 :0 s=1 pgs=0 cs=0 l=1 c=0x23a77b20).fault (111) Connection refused -730>
2014-09-18 18:08:36.959883 7f4c71984700 2 -- 10.242.42.178:0/2483 >> 10.242.42.164:6858/39817 pipe(0x14b4e000 sd=54 :0 s=1 pgs=0 cs=0 l=1 c=0x23a779c0).fault (111) Connection refused -729>
2014-09-18 18:08:36.959913 7f4c773de700 0 -- 10.242.42.178:0/2483 >> 10.242.42.164:6859/39817 pipe(0x14b50100 sd=70 :0 s=1 pgs=0 cs=0 l=1 c=0x23a77b20).fault -728>
2014-09-18 18:08:36.959917 7f4c71984700 0 -- 10.242.42.178:0/2483 >> 10.242.42.164:6858/39817 pipe(0x14b4e000 sd=54 :0 s=1 pgs=0 cs=0 l=1 c=0x23a779c0).fault -727>
2014-09-18 18:08:36.959966 7f4c773de700 2 -- 10.242.42.178:0/2483 >> 10.242.42.164:6859/39817 pipe(0x14b50100 sd=54 :0 s=1 pgs=0 cs=0 l=1 c=0x23a77b20).connect error 10.242.42.164:6859/39817, (111) Connection refused -726>
2014-09-18 18:08:36.959971 7f4c71984700 2 -- 10.242.42.178:0/2483 >> 10.242.42.164:6858/39817 pipe(0x14b4e000 sd=70 :0 s=1 pgs=0 cs=0 l=1 c=0x23a779c0).connect error 10.242.42.164:6858/39817, (111) Connection refused -725>
2014-09-18 18:08:36.960003 7f4c71984700 2 -- 10.242.42.178:0/2483 >> 10.242.42.164:6858/39817 pipe(0x14b4e000 sd=70 :0 s=1 pgs=0 cs=0 l=1 c=0x23a779c0).fault (111) Connection refused -724>
2014-09-18 18:08:36.959987 7f4c773de700 2 -- 10.242.42.178:0/2483 >> 10.242.42.164:6859/39817 pipe(0x14b50100 sd=54 :0 s=1 pgs=0 cs=0 l=1 c=0x23a77b20).fault (111) Connection refused -723>
2014-09-18 18:08:36.974129 7f4c9f251700 1 -- 10.242.42.178:6807/2483 <== osd.6 10.242.42.166:6808/22481 5135 ==== pg_notify(2.1a2(20) epoch 11715) v5 ==== 1798+0+0 (3888766600 0 0) 0xe76f0c0 con 0x1088aec0 -722>
2014-09-18 18:08:36.974147 7f4c9f251700 5 -- op tracker -- , seq: 86344, time:
2014-09-18 18:08:36.974061, event: header_read, op: pg_notify(2.1a2(20) epoch 11715) -721>
2014-09-18 18:08:36.974158 7f4c9f251700 5 -- op tracker -- , seq: 86344, time:
2014-09-18 18:08:36.974062, event: throttled, op: pg_notify(2.1a2(20) epoch 11715) -720>
2014-09-18 18:08:36.974165 7f4c9f251700 5 -- op tracker -- , seq: 86344, time:
