2014-09-18 18:08:29.719923 7f4c97241700 5 osd.42 pg_epoch: 11708 pg[2.6f8( v 6788'24342 (4060'20573,6788'24342] local-les=11485 n=519 ec=188 les/c 11485/10730 11483/11483/9945) [42,6,30]/[42,30] r=0 lpr=11483 pi=10729-11482/9 bft=6 crt=6788'24342 lcod 0'0 mlcod 0'0 active+remapped] enter Reset -6199>
2014-09-18 18:08:29.719981 7f4c97241700 5 osd.42 pg_epoch: 11708 pg[2.6f8( v 6788'24342 (4060'20573,6788'24342] local-les=11485 n=519 ec=188 les/c 11485/10730 11708/11708/9945) [42,35,30]/[42,30] r=0 lpr=11708 pi=10729-11707/10 crt=6788'24342 lcod 0'0 mlcod 0'0 remapped] exit Reset 0.000057 1 0.000265 -6198>
2014-09-18 18:08:29.720016 7f4c9f251700 1 -- 10.242.42.178:6807/2483 <== osd.53 10.242.42.170:6816/2318 784 ==== osd_map(11708..11708 src has 1..11708) v3 ==== 4044+0+0 (1164821003 0 0) 0x2d7fbb00 con 0xe9a27e0 -6197>
2014-09-18 18:08:29.720030 7f4c9f251700 3 osd.42 11708 handle_osd_map epochs [11708,11708], i have 11708, src has [1,11708] -6196>
2014-09-18 18:08:29.720018 7f4c97241700 5 osd.42 pg_epoch: 11708 pg[2.6f8( v 6788'24342 (4060'20573,6788'24342] local-les=11485 n=519 ec=188 les/c 11485/10730 11708/11708/9945) [42,35,30]/[42,30] r=0 lpr=11708 pi=10729-11707/10 crt=6788'24342 lcod 0'0 mlcod 0'0 remapped] enter Started -6195>
2014-09-18 18:08:29.720051 7f4c97241700 5 osd.42 pg_epoch: 11708 pg[2.6f8( v 6788'24342 (4060'20573,6788'24342] local-les=11485 n=519 ec=188 les/c 11485/10730 11708/11708/9945) [42,35,30]/[42,30] r=0 lpr=11708 pi=10729-11707/10 crt=6788'24342 lcod 0'0 mlcod 0'0 remapped] enter Start -6194>
2014-09-18 18:08:29.720066 7f4c97241700 1 osd.42 pg_epoch: 11708 pg[2.6f8( v 6788'24342 (4060'20573,6788'24342] local-les=11485 n=519 ec=188 les/c 11485/10730 11708/11708/9945) [42,35,30]/[42,30] r=0 lpr=11708 pi=10729-11707/10 crt=6788'24342 lcod 0'0 mlcod 0'0 remapped] state: transitioning to Primary -6193>
2014-09-18 18:08:29.720106 7f4c9f251700 1 -- 10.242.42.178:6807/2483 <== osd.13 10.242.42.168:6840/1010879 299 ==== osd_map(11708..11708 src has 1..11708) v3 ==== 4044+0+0 (1164821003 0 0) 0x24d1a480 con 0x140f95a0 -6192>
2014-09-18 18:08:29.720106 7f4c97241700 5 osd.42 pg_epoch: 11708 pg[2.6f8( v 6788'24342 (4060'20573,6788'24342] local-les=11485 n=519 ec=188 les/c 11485/10730 11708/11708/9945) [42,35,30]/[42,30] r=0 lpr=11708 pi=10729-11707/10 crt=6788'24342 lcod 0'0 mlcod 0'0 remapped] exit Start 0.000054 0 0.000000 -6191>
2014-09-18 18:08:29.720120 7f4c9f251700 3 osd.42 11708 handle_osd_map epochs [11708,11708], i have 11708, src has [1,11708] -6190>
2014-09-18 18:08:29.720119 7f4c97241700 5 osd.42 pg_epoch: 11708 pg[2.6f8( v 6788'24342 (4060'20573,6788'24342] local-les=11485 n=519 ec=188 les/c 11485/10730 11708/11708/9945) [42,35,30]/[42,30] r=0 lpr=11708 pi=10729-11707/10 crt=6788'24342 lcod 0'0 mlcod 0'0 remapped] enter Started/Primary -6189>
2014-09-18 18:08:29.720131 7f4c97241700 5 osd.42 pg_epoch: 11708 pg[2.6f8( v 6788'24342 (4060'20573,6788'24342] local-les=11485 n=519 ec=188 les/c 11485/10730 11708/11708/9945) [42,35,30]/[42,30] r=0 lpr=11708 pi=10729-11707/10 crt=6788'24342 lcod 0'0 mlcod 0'0 remapped] enter Started/Primary/Peering -6188>
2014-09-18 18:08:29.720144 7f4c97241700 5 osd.42 pg_epoch: 11708 pg[2.6f8( v 6788'24342 (4060'20573,6788'24342] local-les=11485 n=519 ec=188 les/c 11485/10730 11708/11708/9945) [42,35,30]/[42,30] r=0 lpr=11708 pi=10729-11707/10 crt=6788'24342 lcod 0'0 mlcod 0'0 remapped+peering] enter Started/Primary/Peering/GetInfo -6187>
2014-09-18 18:08:29.720159 7f4c9f251700 1 -- 10.242.42.178:6807/2483 <== osd.13 10.242.42.168:6840/1010879 300 ==== pg_query(2.756 epoch 11708) v3 ==== 144+0+0 (3363559458 0 0) 0xf811de0 con 0x140f95a0 -6186>
2014-09-18 18:08:29.720172 7f4c9f251700 5 -- op tracker -- , seq: 85866, time:
2014-09-18 18:08:29.720115, event: header_read, op: pg_query(2.756 epoch 11708) -6185>
2014-09-18 18:08:29.720181 7f4c9f251700 5 -- op tracker -- , seq: 85866, time:
2014-09-18 18:08:29.720116, event: throttled, op: pg_query(2.756 epoch 11708) -6184>
2014-09-18 18:08:29.720187 7f4c9f251700 5 -- op tracker -- , seq: 85866, time:
2014-09-18 18:08:29.720144, event: all_read, op: pg_query(2.756 epoch 11708) -6183>
2014-09-18 18:08:29.720193 7f4c9f251700 5 -- op tracker -- , seq: 85866, time:
2014-09-18 18:08:29.720167, event: dispatched, op: pg_query(2.756 epoch 11708) -6182>
2014-09-18 18:08:29.720200 7f4c9f251700 5 -- op tracker -- , seq: 85866, time:
2014-09-18 18:08:29.720198, event: waiting_for_osdmap, op: pg_query(2.756 epoch 11708) -6181>
2014-09-18 18:08:29.720208 7f4c9f251700 5 -- op tracker -- , seq: 85866, time:
2014-09-18 18:08:29.720206, event: started, op: pg_query(2.756 epoch 11708) -6180>
2014-09-18 18:08:29.720242 7f4c9f251700 5 -- op tracker -- , seq: 85866, time:
2014-09-18 18:08:29.720240, event: done, op: pg_query(2.756 epoch 11708) -6179>
2014-09-18 18:08:29.720253 7f4c9f251700 1 -- 10.242.42.178:6807/2483 <== osd.53 10.242.42.170:6816/2318 785 ==== pg_notify(2.2d8(173) epoch 11708) v5 ==== 10757+0+0 (443447201 0 0) 0x1421e5a0 con 0xe9a27e0 -6178>
2014-09-18 18:08:29.720267 7f4c9f251700 5 -- op tracker -- , seq: 85867, time:
2014-09-18 18:08:29.720014, event: header_read, op: pg_notify(2.2d8(173) epoch 11708) -6177>
2014-09-18 18:08:29.720275 7f4c9f251700 5 -- op tracker -- , seq: 85867, time:
2014-09-18 18:08:29.720015, event: throttled, op: pg_notify(2.2d8(173) epoch 11708) -6176>
2014-09-18 18:08:29.720283 7f4c9f251700 5 -- op tracker -- , seq: 85867, time:
2014-09-18 18:08:29.720198, event: all_read, op: pg_notify(2.2d8(173) epoch 11708) -6175>
2014-09-18 18:08:29.720290 7f4c9f251700 5 -- op tracker -- , seq: 85867, time:
2014-09-18 18:08:29.720262, event: dispatched, op: pg_notify(2.2d8(173) epoch 11708) -6174>
2014-09-18 18:08:29.720297 7f4c9f251700 5 -- op tracker -- , seq: 85867, time:
2014-09-18 18:08:29.720295, event: waiting_for_osdmap, op: pg_notify(2.2d8(173) epoch 11708) -6173>
2014-09-18 18:08:29.720306 7f4c9f251700 5 -- op tracker -- , seq: 85867, time:
2014-09-18 18:08:29.720304, event: started, op: pg_notify(2.2d8(173) epoch 11708) -6172>
2014-09-18 18:08:29.720309 7f4ca0a54700 1 -- 10.242.42.178:6801/2483 <== mon.2 10.242.42.188:6789/0 27 ==== osd_map(11704..11708 src has 1..11708) v3 ==== 5186+0+0 (3949358766 0 0) 0xf954400 con 0x111771e0 -6171>
2014-09-18 18:08:29.720315 7f4c97241700 5 osd.42 pg_epoch: 11708 pg[2.352( v 6785'33670 (4157'30669,6785'33670] lb 0//0//-1 local-les=0 n=0 ec=188 les/c 11341/10662 11483/11483/11483) [32,3,46]/[32,46] r=-1 lpr=11483 pi=10661-11482/10 crt=0'0 lcod 0'0 remapped NOTIFY] exit Started/Stray 385.737911 675 0.007962 -6170>
2014-09-18 18:08:29.720325 7f4c9f251700 5 -- op tracker -- , seq: 85867, time:
2014-09-18 18:08:29.720323, event: done, op: pg_notify(2.2d8(173) epoch 11708) -6169>
2014-09-18 18:08:29.720330 7f4c97241700 5 osd.42 pg_epoch: 11708 pg[2.352( v 6785'33670 (4157'30669,6785'33670] lb 0//0//-1 local-les=0 n=0 ec=188 les/c 11341/10662 11483/11483/11483) [32,3,46]/[32,46] r=-1 lpr=11483 pi=10661-11482/10 crt=0'0 lcod 0'0 remapped NOTIFY] exit Started 385.737976 0 0.000000 -6168>
2014-09-18 18:08:29.720338 7f4c97241700 5 osd.42 pg_epoch: 11708 pg[2.352( v 6785'33670 (4157'30669,6785'33670] lb 0//0//-1 local-les=0 n=0 ec=188 les/c 11341/10662 11483/11483/11483) [32,3,46]/[32,46] r=-1 lpr=11483 pi=10661-11482/10 crt=0'0 lcod 0'0 remapped NOTIFY] enter Reset -6167>
2014-09-18 18:08:29.720345 7f4ca0a54700 3 osd.42 11708 handle_osd_map epochs [11704,11708], i have 11708, src has [1,11708] -6166>
2014-09-18 18:08:29.720465 7f4c97241700 5 osd.42 pg_epoch: 11708 pg[2.352( v 6785'33670 (4157'30669,6785'33670] lb 0//0//-1 local-les=0 n=0 ec=188 les/c 11341/10662 11708/11708/11483) [32,42,47]/[32,46] r=-1 lpr=11708 pi=10661-11707/11 crt=0'0 lcod 0'0 remapped NOTIFY] exit Reset 0.000127 1 0.000056 -6165>
2014-09-18 18:08:29.720481 7f4c97241700 5 osd.42 pg_epoch: 11708 pg[2.352( v 6785'33670 (4157'30669,6785'33670] lb 0//0//-1 local-les=0 n=0 ec=188 les/c 11341/10662 11708/11708/11483) [32,42,47]/[32,46] r=-1 lpr=11708 pi=10661-11707/11 crt=0'0 lcod 0'0 remapped NOTIFY] enter Started -6164>
2014-09-18 18:08:29.720491 7f4c97241700 5 osd.42 pg_epoch: 11708 pg[2.352( v 6785'33670 (4157'30669,6785'33670] lb 0//0//-1 local-les=0 n=0 ec=188 les/c 11341/10662 11708/11708/11483) [32,42,47]/[32,46] r=-1 lpr=11708 pi=10661-11707/11 crt=0'0 lcod 0'0 remapped NOTIFY] enter Start -6163>
2014-09-18 18:08:29.720500 7f4c97241700 1 osd.42 pg_epoch: 11708 pg[2.352( v 6785'33670 (4157'30669,6785'33670] lb 0//0//-1 local-les=0 n=0 ec=188 les/c 11341/10662 11708/11708/11483) [32,42,47]/[32,46] r=-1 lpr=11708 pi=10661-11707/11 crt=0'0 lcod 0'0 remapped NOTIFY] state: transitioning to Stray -6162>
2014-09-18 18:08:29.720516 7f4c97241700 5 osd.42 pg_epoch: 11708 pg[2.352( v 6785'33670 (4157'30669,6785'33670] lb 0//0//-1 local-les=0 n=0 ec=188 les/c 11341/10662 11708/11708/11483) [32,42,47]/[32,46] r=-1 lpr=11708 pi=10661-11707/11 crt=0'0 lcod 0'0 remapped NOTIFY] exit Start 0.000025 0 0.000000 -6161>
2014-09-18 18:08:29.720530 7f4c97241700 5 osd.42 pg_epoch: 11708 pg[2.352( v 6785'33670 (4157'30669,6785'33670] lb 0//0//-1 local-les=0 n=0 ec=188 les/c 11341/10662 11708/11708/11483) [32,42,47]/[32,46] r=-1 lpr=11708 pi=10661-11707/11 crt=0'0 lcod 0'0 remapped NOTIFY] enter Started/Stray -6160>
2014-09-18 18:08:29.720562 7f4c9f251700 1 -- 10.242.42.178:6807/2483 <== osd.63 10.242.42.178:6803/2487 1262 ==== osd_map(11708..11708 src has 1..11708) v3 ==== 4044+0+0 (1164821003 0 0) 0x14408d80 con 0xe8db760 -6159>
2014-09-18 18:08:29.720584 7f4c9f251700 3 osd.42 11708 handle_osd_map epochs [11708,11708], i have 11708, src has [1,11708] -6158>
2014-09-18 18:08:29.720701 7f4c9f251700 1 -- 10.242.42.178:6807/2483 <== osd.63 10.242.42.178:6803/2487 1263 ==== pg_notify(2.17e(17) epoch 11708) v5 ==== 1593+0+0 (2773586974 0 0) 0xf0ddc00 con 0xe8db760 -6157>
2014-09-18 18:08:29.720719 7f4c9f251700 5 -- op tracker -- , seq: 85868, time:
2014-09-18 18:08:29.720565, event: header_read, op: pg_notify(2.17e(17) epoch 11708) -6156>
2014-09-18 18:08:29.720732 7f4c9f251700 5 -- op tracker -- , seq: 85868, time:
2014-09-18 18:08:29.720566, event: throttled, op: pg_notify(2.17e(17) epoch 11708) -6155>
2014-09-18 18:08:29.720742 7f4c9f251700 5 -- op tracker -- , seq: 85868, time:
2014-09-18 18:08:29.720675, event: all_read, op: pg_notify(2.17e(17) epoch 11708) -6154>
2014-09-18 18:08:29.720746 7f4c97241700 1 -- 10.242.42.178:6807/2483 --> 10.242.42.168:6840/1010879 -- pg_notify(2.756(27) epoch 11708) v5 -- ?+0 0xf72f2c0 con 0x140f95a0 -6153>
2014-09-18 18:08:29.720752 7f4c9f251700 5 -- op tracker -- , seq: 85868, time:
2014-09-18 18:08:29.720714, event: dispatched, op: pg_notify(2.17e(17) epoch 11708) -6152>
2014-09-18 18:08:29.720760 7f4c97241700 1 -- 10.242.42.178:6807/2483 --> 10.242.42.176:6814/1099 -- pg_notify(2.352(11) epoch 11708) v5 -- ?+0 0x146deb40 con 0x1395ef20 -6151>
2014-09-18 18:08:29.720761 7f4c9f251700 5 -- op tracker -- , seq: 85868, time:
2014-09-18 18:08:29.720758, event: waiting_for_osdmap, op: pg_notify(2.17e(17) epoch 11708) -6150>
2014-09-18 18:08:29.720776 7f4c9f251700 5 -- op tracker -- , seq: 85868, time:
2014-09-18 18:08:29.720774, event: started, op: pg_notify(2.17e(17) epoch 11708) -6149>
2014-09-18 18:08:29.720778 7f4c97241700 1 -- 10.242.42.178:6807/2483 --> 10.242.42.176:6829/1204 -- pg_query(2.6f8 epoch 11708) v3 -- ?+0 0x2b940940 con 0x1395edc0 -6148>
2014-09-18 18:08:29.720797 7f4c9f251700 5 -- op tracker -- , seq: 85868, time:
2014-09-18 18:08:29.720795, event: done, op: pg_notify(2.17e(17) epoch 11708) -6147>
2014-09-18 18:08:29.720871 7f4c97241700 1 -- 10.242.42.178:6807/2483 --> 10.242.42.164:6811/17421 -- pg_query(2.6f8 epoch 11708) v3 -- ?+0 0x2b93e1e0 con 0xcbecec0 -6146>
2014-09-18 18:08:29.721189 7f4c97241700 5 osd.42 pg_epoch: 11708 pg[2.11b( v 6775'28078 (4153'25079,6775'28078] local-les=11507 n=460 ec=188 les/c 11507/10662 11504/11504/11258) [27,6,42]/[42] r=0 lpr=11504 pi=5116-11503/26 bft=6,27 crt=6775'28075 lcod 0'0 mlcod 0'0 active+undersized+degraded+remapped+wait_backfill+backfill_toofull] exit Started/Primary/Active/WaitLocalBackfillReserved 138.712556 307 0.001275 -6145>
2014-09-18 18:08:29.721208 7f4c97241700 5 osd.42 pg_epoch: 11708 pg[2.11b( v 6775'28078 (4153'25079,6775'28078] local-les=11507 n=460 ec=188 les/c 11507/10662 11504/11504/11258) [27,6,42]/[42] r=0 lpr=11504 pi=5116-11503/26 bft=6,27 crt=6775'28075 lcod 0'0 mlcod 0'0 active+undersized+degraded+remapped+wait_backfill+backfill_toofull] exit Started/Primary/Active 360.584521 0 0.000000 -6144>
2014-09-18 18:08:29.721219 7f4c97241700 5 osd.42 pg_epoch: 11708 pg[2.11b( v 6775'28078 (4153'25079,6775'28078] local-les=11507 n=460 ec=188 les/c 11507/10662 11504/11504/11258) [27,6,42]/[42] r=0 lpr=11504 pi=5116-11503/26 bft=6,27 crt=6775'28075 lcod 0'0 mlcod 0'0 active+remapped] exit Started/Primary 364.073883 0 0.000000 -6143>
2014-09-18 18:08:29.721228 7f4c97241700 5 osd.42 pg_epoch: 11708 pg[2.11b( v 6775'28078 (4153'25079,6775'28078] local-les=11507 n=460 ec=188 les/c 11507/10662 11504/11504/11258) [27,6,42]/[42] r=0 lpr=11504 pi=5116-11503/26 bft=6,27 crt=6775'28075 lcod 0'0 mlcod 0'0 active+remapped] exit Started 364.073975 0 0.000000 -6142>
2014-09-18 18:08:29.721235 7f4c97241700 5 osd.42 pg_epoch: 11708 pg[2.11b( v 6775'28078 (4153'25079,6775'28078] local-les=11507 n=460 ec=188 les/c 11507/10662 11504/11504/11258) [27,6,42]/[42] r=0 lpr=11504 pi=5116-11503/26 bft=6,27 crt=6775'28075 lcod 0'0 mlcod 0'0 active+remapped] enter Reset -6141>
2014-09-18 18:08:29.721334 7f4c97241700 5 osd.42 pg_epoch: 11708 pg[2.11b( v 6775'28078 (4153'25079,6775'28078] local-les=11507 n=460 ec=188 les/c 11507/10662 11708/11708/11258) [27,9,42]/[42] r=0 lpr=11708 pi=5116-11707/27 crt=6775'28075 lcod 0'0 mlcod 0'0 remapped] exit Reset 0.000099 1 0.000145 -6140>
2014-09-18 18:08:29.721352 7f4c97241700 5 osd.42 pg_epoch: 11708 pg[2.11b( v 6775'28078 (4153'25079,6775'28078] local-les=11507 n=460 ec=188 les/c 11507/10662 11708/11708/11258) [27,9,42]/[42] r=0 lpr=11708 pi=5116-11707/27 crt=6775'28075 lcod 0'0 mlcod 0'0 remapped] enter Started -6139>
2014-09-18 18:08:29.721362 7f4c97241700 5 osd.42 pg_epoch: 11708 pg[2.11b( v 6775'28078 (4153'25079,6775'28078] local-les=11507 n=460 ec=188 les/c 11507/10662 11708/11708/11258) [27,9,42]/[42] r=0 lpr=11708 pi=5116-11707/27 crt=6775'28075 lcod 0'0 mlcod 0'0 remapped] enter Start -6138>
2014-09-18 18:08:29.721371 7f4c97241700 1 osd.42 pg_epoch: 11708 pg[2.11b( v 6775'28078 (4153'25079,6775'28078] local-les=11507 n=460 ec=188 les/c 11507/10662 11708/11708/11258) [27,9,42]/[42] r=0 lpr=11708 pi=5116-11707/27 crt=6775'28075 lcod 0'0 mlcod 0'0 remapped] state: transitioning to Primary -6137>
2014-09-18 18:08:29.721383 7f4c97241700 5 osd.42 pg_epoch: 11708 pg[2.11b( v 6775'28078 (4153'25079,6775'28078] local-les=11507 n=460 ec=188 les/c 11507/10662 11708/11708/11258) [27,9,42]/[42] r=0 lpr=11708 pi=5116-11707/27 crt=6775'28075 lcod 0'0 mlcod 0'0 remapped] exit Start 0.000021 0 0.000000 -6136>
2014-09-18 18:08:29.721434 7f4c9f251700 1 -- 10.242.42.178:6807/2483 <== osd.22 10.242.42.172:6815/37668 1194 ==== osd_map(11708..11708 src has 1..11708) v3 ==== 4044+0+0 (1164821003 0 0) 0x1182ab40 con 0x1088b440 -6135>
2014-09-18 18:08:29.721449 7f4c9f251700 3 osd.42 11708 handle_osd_map epochs [11708,11708], i have 11708, src has [1,11708] -6134>
2014-09-18 18:08:29.721498 7f4c9f251700 1 -- 10.242.42.178:6807/2483 <== osd.24 10.242.42.172:6802/5612 2351 ==== osd_map(11708..11708 src has 1..11708) v3 ==== 4044+0+0 (1164821003 0 0) 0xe2681c0 con 0xdd8c940 -6133>
2014-09-18 18:08:29.721512 7f4c9f251700 3 osd.42 11708 handle_osd_map epochs [11708,11708], i have 11708, src has [1,11708] -6132>
2014-09-18 18:08:29.721594 7f4c96a40700 5 osd.42 pg_epoch: 11708 pg[2.78f( v 6789'22964 (4127'19523,6789'22964] local-les=11703 n=505 ec=188 les/c 11703/11020 11707/11707/11258) [27,42]/[42,35] r=0 lpr=11707 pi=5697-11706/154 bft=27 crt=0'0 lcod 0'0 mlcod 0'0 remapped+peering] exit Started/Primary/Peering/WaitUpThru 0.872157 4 0.000528 -6131>
2014-09-18 18:08:29.721394 7f4c97241700 5 osd.42 pg_epoch: 11708 pg[2.11b( v 6775'28078 (4153'25079,6775'28078] local-les=11507 n=460 ec=188 les/c 11507/10662 11708/11708/11258) [27,9,42]/[42] r=0 lpr=11708 pi=5116-11707/27 crt=6775'28075 lcod 0'0 mlcod 0'0 remapped] enter Started/Primary -6130>
2014-09-18 18:08:29.721657 7f4c97241700 5 osd.42 pg_epoch: 11708 pg[2.11b( v 6775'28078 (4153'25079,6775'28078] local-les=11507 n=460 ec=188 les/c 11507/10662 11708/11708/11258) [27,9,42]/[42] r=0 lpr=11708 pi=5116-11707/27 crt=6775'28075 lcod 0'0 mlcod 0'0 remapped] enter Started/Primary/Peering -6129>
2014-09-18 18:08:29.721681 7f4c97241700 5 osd.42 pg_epoch: 11708 pg[2.11b( v 6775'28078 (4153'25079,6775'28078] local-les=11507 n=460 ec=188 les/c 11507/10662 11708/11708/11258) [27,9,42]/[42] r=0 lpr=11708 pi=5116-11707/27 crt=6775'28075 lcod 0'0 mlcod 0'0 remapped+peering] enter Started/Primary/Peering/GetInfo -6128>
2014-09-18 18:08:29.721656 7f4c96a40700 5 osd.42 pg_epoch: 11708 pg[2.78f( v 6789'22964 (4127'19523,6789'22964] local-les=11703 n=505 ec=188 les/c 11703/11020 11707/11707/11258) [27,42]/[42,35] r=0 lpr=11707 pi=5697-11706/154 bft=27 crt=0'0 lcod 0'0 mlcod 0'0 remapped+peering] exit Started/Primary/Peering 1.008526 0 0.000000 -6127>
2014-09-18 18:08:29.721699 7f4c96a40700 5 osd.42 pg_epoch: 11708 pg[2.78f( v 6789'22964 (4127'19523,6789'22964] local-les=11703 n=505 ec=188 les/c 11703/11020 11707/11707/11258) [27,42]/[42,35] r=0 lpr=11707 pi=5697-11706/154 bft=27 crt=0'0 lcod 0'0 mlcod 0'0 remapped] exit Started/Primary 1.008578 0 0.000000 -6126>
2014-09-18 18:08:29.721747 7f4c9f251700 1 -- 10.242.42.178:6807/2483 <== osd.24 10.242.42.172:6802/5612 2352 ==== pg_notify(2.2c7(139) epoch 11708) v5 ==== 8651+0+0 (3367366939 0 0) 0xf2b7860 con 0xdd8c940 -6125>
2014-09-18 18:08:29.721747 7f4c96a40700 5 osd.42 pg_epoch: 11708 pg[2.78f( v 6789'22964 (4127'19523,6789'22964] local-les=11703 n=505 ec=188 les/c 11703/11020 11707/11707/11258) [27,42]/[42,35] r=0 lpr=11707 pi=5697-11706/154 bft=27 crt=0'0 lcod 0'0 mlcod 0'0 remapped] exit Started 1.008698 0 0.000000 -6124>
2014-09-18 18:08:29.721762 7f4c96a40700 5 osd.42 pg_epoch: 11708 pg[2.78f( v 6789'22964 (4127'19523,6789'22964] local-les=11703 n=505 ec=188 les/c 11703/11020 11707/11707/11258) [27,42]/[42,35] r=0 lpr=11707 pi=5697-11706/154 bft=27 crt=0'0 lcod 0'0 mlcod 0'0 remapped] enter Reset -6123>
2014-09-18 18:08:29.721764 7f4c9f251700 5 -- op tracker -- , seq: 85869, time:
2014-09-18 18:08:29.721558, event: header_read, op: pg_notify(2.2c7(139) epoch 11708) -6122>
2014-09-18 18:08:29.721776 7f4c9f251700 5 -- op tracker -- , seq: 85869, time:
2014-09-18 18:08:29.721559, event: throttled, op: pg_notify(2.2c7(139) epoch 11708) -6121>
2014-09-18 18:08:29.721788 7f4c9f251700 5 -- op tracker -- , seq: 85869, time:
2014-09-18 18:08:29.721728, event: all_read, op: pg_notify(2.2c7(139) epoch 11708) -6120>
2014-09-18 18:08:29.721808 7f4c9f251700 5 -- op tracker -- , seq: 85869, time:
2014-09-18 18:08:29.721759, event: dispatched, op: pg_notify(2.2c7(139) epoch 11708) -6119>
2014-09-18 18:08:29.721811 7f4c96a40700 5 osd.42 pg_epoch: 11708 pg[2.78f( v 6789'22964 (4127'19523,6789'22964] local-les=11703 n=505 ec=188 les/c 11703/11020 11708/11708/11258) [27,42,1]/[42,35] r=0 lpr=11708 pi=5697-11707/155 crt=0'0 lcod 0'0 mlcod 0'0 remapped] exit Reset 0.000049 1 0.000215 -6118>
2014-09-18 18:08:29.721827 7f4c9f251700 5 -- op tracker -- , seq: 85869, time:
2014-09-18 18:08:29.721824, event: waiting_for_osdmap, op: pg_notify(2.2c7(139) epoch 11708) -6117>
2014-09-18 18:08:29.721834 7f4c9f251700 5 -- op tracker -- , seq: 85869, time:
2014-09-18 18:08:29.721833, event: started, op: pg_notify(2.2c7(139) epoch 11708) -6116>
2014-09-18 18:08:29.721827 7f4c96a40700 5 osd.42 pg_epoch: 11708 pg[2.78f( v 6789'22964 (4127'19523,6789'22964] local-les=11703 n=505 ec=188 les/c 11703/11020 11708/11708/11258) [27,42,1]/[42,35] r=0 lpr=11708 pi=5697-11707/155 crt=0'0 lcod 0'0 mlcod 0'0 remapped] enter Started -6115>
2014-09-18 18:08:29.721838 7f4c96a40700 5 osd.42 pg_epoch: 11708 pg[2.78f( v 6789'22964 (4127'19523,6789'22964] local-les=11703 n=505 ec=188 les/c 11703/11020 11708/11708/11258) [27,42,1]/[42,35] r=0 lpr=11708 pi=5697-11707/155 crt=0'0 lcod 0'0 mlcod 0'0 remapped] enter Start -6114>
2014-09-18 18:08:29.721848 7f4c9f251700 5 -- op tracker -- , seq: 85869, time:
2014-09-18 18:08:29.721847, event: done, op: pg_notify(2.2c7(139) epoch 11708) -6113>
2014-09-18 18:08:29.721848 7f4c96a40700 1 osd.42 pg_epoch: 11708 pg[2.78f( v 6789'22964 (4127'19523,6789'22964] local-les=11703 n=505 ec=188 les/c 11703/11020 11708/11708/11258) [27,42,1]/[42,35] r=0 lpr=11708 pi=5697-11707/155 crt=0'0 lcod 0'0 mlcod 0'0 remapped] state: transitioning to Primary -6112>
2014-09-18 18:08:29.721861 7f4c96a40700 5 osd.42 pg_epoch: 11708 pg[2.78f( v 6789'22964 (4127'19523,6789'22964] local-les=11703 n=505 ec=188 les/c 11703/11020 11708/11708/11258) [27,42,1]/[42,35] r=0 lpr=11708 pi=5697-11707/155 crt=0'0 lcod 0'0 mlcod 0'0 remapped] exit Start 0.000022 0 0.000000 -6111>
2014-09-18 18:08:29.721874 7f4c96a40700 5 osd.42 pg_epoch: 11708 pg[2.78f( v 6789'22964 (4127'19523,6789'22964] local-les=11703 n=505 ec=188 les/c 11703/11020 11708/11708/11258) [27,42,1]/[42,35] r=0 lpr=11708 pi=5697-11707/155 crt=0'0 lcod 0'0 mlcod 0'0 remapped] enter Started/Primary -6110>
2014-09-18 18:08:29.721885 7f4c96a40700 5 osd.42 pg_epoch: 11708 pg[2.78f( v 6789'22964 (4127'19523,6789'22964] local-les=11703 n=505 ec=188 les/c 11703/11020 11708/11708/11258) [27,42,1]/[42,35] r=0 lpr=11708 pi=5697-11707/155 crt=0'0 lcod 0'0 mlcod 0'0 remapped] enter Started/Primary/Peering -6109>
2014-09-18 18:08:29.721920 7f4c9f251700 1 -- 10.242.42.178:6807/2483 <== osd.22 10.242.42.172:6815/37668 1195 ==== pg_notify(2.2d8(173) epoch 11708) v5 ==== 10757+0+0 (443447201 0 0) 0x1390ab40 con 0x1088b440 -6108>
2014-09-18 18:08:29.721932 7f4c96a40700 5 osd.42 pg_epoch: 11708 pg[2.78f( v 6789'22964 (4127'19523,6789'22964] local-les=11703 n=505 ec=188 les/c 11703/11020 11708/11708/11258) [27,42,1]/[42,35] r=0 lpr=11708 pi=5697-11707/155 crt=0'0 lcod 0'0 mlcod 0'0 remapped+peering] enter Started/Primary/Peering/GetInfo -6107>
2014-09-18 18:08:29.721940 7f4c9f251700 5 -- op tracker -- , seq: 85870, time:
2014-09-18 18:08:29.721472, event: header_read, op: pg_notify(2.2d8(173) epoch 11708) -6106>
2014-09-18 18:08:29.721950 7f4c9f251700 5 -- op tracker -- , seq: 85870, time:
2014-09-18 18:08:29.721473, event: throttled, op: pg_notify(2.2d8(173) epoch 11708) -6105>
2014-09-18 18:08:29.721956 7f4c9f251700 5 -- op tracker -- , seq: 85870, time:
2014-09-18 18:08:29.721793, event: all_read, op: pg_notify(2.2d8(173) epoch 11708) -6104>
2014-09-18 18:08:29.721963 7f4c9f251700 5 -- op tracker -- , seq: 85870, time:
2014-09-18 18:08:29.721935, event: dispatched, op: pg_notify(2.2d8(173) epoch 11708) -6103>
2014-09-18 18:08:29.721966 7f4c97241700 1 -- 10.242.42.178:6807/2483 --> 10.242.42.166:6826/24959 -- pg_query(2.11b epoch 11708) v3 -- ?+0 0x1393c940 con 0x1395ec60 -6102>
2014-09-18 18:08:29.721970 7f4c9f251700 5 -- op tracker -- , seq: 85870, time:
2014-09-18 18:08:29.721968, event: waiting_for_osdmap, op: pg_notify(2.2d8(173) epoch 11708) -6101>
2014-09-18 18:08:29.721986 7f4c97241700 1 -- 10.242.42.178:6807/2483 --> 10.242.42.174:6801/21548 -- osd_map(11708..11708 src has 1..11708) v3 -- ?+0 0xe937440 con 0x1395f8c0 -6100>
2014-09-18 18:08:29.721995 7f4c97241700 1 -- 10.242.42.178:6807/2483 --> 10.242.42.174:6801/21548 -- pg_query(2.11b epoch 11708) v3 -- ?+0 0x1393d2a0 con 0x1395f8c0 -6099>
2014-09-18 18:08:29.722012 7f4c9f251700 5 -- op tracker -- , seq: 85870, time:
2014-09-18 18:08:29.722000, event: started, op: pg_notify(2.2d8(173) epoch 11708) -6098>
2014-09-18 18:08:29.722037 7f4c9f251700 5 -- op tracker -- , seq: 85870, time:
2014-09-18 18:08:29.722034, event: done, op: pg_notify(2.2d8(173) epoch 11708) -6097>
2014-09-18 18:08:29.722071 7f4c9f251700 1 -- 10.242.42.178:6807/2483 <== osd.35 10.242.42.164:6811/17421 3630 ==== osd_map(11708..11708 src has 1..11708) v3 ==== 4044+0+0 (1164821003 0 0) 0x10d19a80 con 0xcbecec0 -6096>
2014-09-18 18:08:29.722086 7f4c9f251700 3 osd.42 11708 handle_osd_map epochs [11708,11708], i have 11708, src has [1,11708] -6095>
2014-09-18 18:08:29.722113 7f4c9f251700 1 -- 10.242.42.178:6807/2483 <== osd.24 10.242.42.172:6802/5612 2353 ==== pg_notify(2.457(21) epoch 11708) v5 ==== 1875+0+0 (2899030829 0 0) 0xf2b8ee0 con 0xdd8c940 -6094>
2014-09-18 18:08:29.722127 7f4c9f251700 5 -- op tracker -- , seq: 85871, time:
2014-09-18 18:08:29.721949, event: header_read, op: pg_notify(2.457(21) epoch 11708) -6093>
2014-09-18 18:08:29.722147 7f4c9f251700 5 -- op tracker -- , seq: 85871, time:
2014-09-18 18:08:29.721950, event: throttled, op: pg_notify(2.457(21) epoch 11708) -6092>
2014-09-18 18:08:29.722155 7f4c9f251700 5 -- op tracker -- , seq: 85871, time:
2014-09-18 18:08:29.722017, event: all_read, op: pg_notify(2.457(21) epoch 11708) -6091>
2014-09-18 18:08:29.722160 7f4c9f251700 5 -- op tracker -- , seq: 85871, time:
2014-09-18 18:08:29.722123, event: dispatched, op: pg_notify(2.457(21) epoch 11708) -6090>
2014-09-18 18:08:29.722165 7f4c9f251700 5 -- op tracker -- , seq: 85871, time:
2014-09-18 18:08:29.722163, event: waiting_for_osdmap, op: pg_notify(2.457(21) epoch 11708) -6089>
2014-09-18 18:08:29.722172 7f4c9f251700 5 -- op tracker -- , seq: 85871, time:
2014-09-18 18:08:29.722170, event: started, op: pg_notify(2.457(21) epoch 11708) -6088>
2014-09-18 18:08:29.722199 7f4c9f251700 5 -- op tracker -- , seq: 85871, time:
2014-09-18 18:08:29.722196, event: done, op: pg_notify(2.457(21) epoch 11708) -6087>
2014-09-18 18:08:29.722214 7f4c9f251700 1 -- 10.242.42.178:6807/2483 <== osd.35 10.242.42.164:6811/17421 3631 ==== pg_notify(2.179 epoch 11708) v5 ==== 722+0+0 (4234603849 0 0) 0x1247dfe0 con 0xcbecec0 -6086>
2014-09-18 18:08:29.722225 7f4c9f251700 5 -- op tracker -- , seq: 85872, time:
2014-09-18 18:08:29.721939, event: header_read, op: pg_notify(2.179 epoch 11708) -6085>
2014-09-18 18:08:29.722232 7f4c9f251700 5 -- op tracker -- , seq: 85872, time:
2014-09-18 18:08:29.721940, event: throttled, op: pg_notify(2.179 epoch 11708) -6084>
2014-09-18 18:08:29.722237 7f4c9f251700 5 -- op tracker -- , seq: 85872, time:
2014-09-18 18:08:29.721977, event: all_read, op: pg_notify(2.179 epoch 11708) -6083>
2014-09-18 18:08:29.722152 7f4c97241700 5 osd.42 pg_epoch: 11708 pg[2.67b( v 6745'24728 (4138'21305,6745'24728] local-les=11600 n=520 ec=188 les/c 11600/11573 11598/11599/11572) [9,42,57]/[9,42] r=1 lpr=11599 pi=11491-11598/3 luod=0'0 crt=6745'24728 lcod 0'0 active+remapped] exit Started/ReplicaActive/RepNotRecovering 147.043374 324 0.000710 -6082>
2014-09-18 18:08:29.722243 7f4c9f251700 5 -- op tracker -- , seq: 85872, time:
2014-09-18 18:08:29.722222, event: dispatched, op: pg_notify(2.179 epoch 11708) -6081>
2014-09-18 18:08:29.722250 7f4c9f251700 5 -- op tracker -- , seq: 85872, time:
2014-09-18 18:08:29.722248, event: waiting_for_osdmap, op: pg_notify(2.179 epoch 11708) -6080>
2014-09-18 18:08:29.722256 7f4c9f251700 5 -- op tracker -- , seq: 85872, time:
2014-09-18 18:08:29.722254, event: started, op: pg_notify(2.179 epoch 11708) -6079>
2014-09-18 18:08:29.722247 7f4c97241700 5 osd.42 pg_epoch: 11708 pg[2.67b( v 6745'24728 (4138'21305,6745'24728] local-les=11600 n=520 ec=188 les/c 11600/11573 11598/11599/11572) [9,42,57]/[9,42] r=1 lpr=11599 pi=11491-11598/3 luod=0'0 crt=6745'24728 lcod 0'0 active+remapped] exit Started/ReplicaActive 147.043480 0 0.000000 -6078>
2014-09-18 18:08:29.722267 7f4c9f251700 5 -- op tracker -- , seq: 85872, time:
2014-09-18 18:08:29.722266, event: done, op: pg_notify(2.179 epoch 11708) -6077>
2014-09-18 18:08:29.722264 7f4c97241700 5 osd.42 pg_epoch: 11708 pg[2.67b( v 6745'24728 (4138'21305,6745'24728] local-les=11600 n=520 ec=188 les/c 11600/11573 11598/11599/11572) [9,42,57]/[9,42] r=1 lpr=11599 pi=11491-11598/3 luod=0'0 crt=6745'24728 lcod 0'0 active+remapped] exit Started 148.046003 0 0.000000 -6076>
2014-09-18 18:08:29.722274 7f4c9f251700 1 -- 10.242.42.178:6807/2483 <== osd.32 10.242.42.176:6814/1099 527 ==== osd_map(11708..11708 src has 1..11708) v3 ==== 4044+0+0 (1164821003 0 0) 0x10d18d00 con 0x1395ef20 -6075>
2014-09-18 18:08:29.722281 7f4c9f251700 3 osd.42 11708 handle_osd_map epochs [11708,11708], i have 11708, src has [1,11708] -6074>
2014-09-18 18:08:29.722277 7f4c97241700 5 osd.42 pg_epoch: 11708 pg[2.67b( v 6745'24728 (4138'21305,6745'24728] local-les=11600 n=520 ec=188 les/c 11600/11573 11598/11599/11572) [9,42,57]/[9,42] r=1 lpr=11599 pi=11491-11598/3 luod=0'0 crt=6745'24728 lcod 0'0 active+remapped] enter Reset -6073>
2014-09-18 18:08:29.722285 7f4c9f251700 1 -- 10.242.42.178:6807/2483 <== osd.35 10.242.42.164:6811/17421 3632 ==== pg_notify(2.4f6(12) epoch 11708) v5 ==== 1382+0+0 (3527153425 0 0) 0xe1ab0e0 con 0xcbecec0 -6072>
2014-09-18 18:08:29.722291 7f4c9f251700 5 -- op tracker -- , seq: 85873, time:
2014-09-18 18:08:29.721995, event: header_read, op: pg_notify(2.4f6(12) epoch 11708) -6071>
2014-09-18 18:08:29.722296 7f4c9f251700 5 -- op tracker -- , seq: 85873, time:
2014-09-18 18:08:29.721996, event: throttled, op: pg_notify(2.4f6(12) epoch 11708) -6070>
2014-09-18 18:08:29.722300 7f4c9f251700 5 -- op tracker -- , seq: 85873, time:
2014-09-18 18:08:29.722045, event: all_read, op: pg_notify(2.4f6(12) epoch 11708) -6069>
2014-09-18 18:08:29.722304 7f4c9f251700 5 -- op tracker -- , seq: 85873, time:
2014-09-18 18:08:29.722289, event: dispatched, op: pg_notify(2.4f6(12) epoch 11708) -6068>
2014-09-18 18:08:29.722308 7f4c9f251700 5 -- op tracker -- , seq: 85873, time:
2014-09-18 18:08:29.722307, event: waiting_for_osdmap, op: pg_notify(2.4f6(12) epoch 11708) -6067>
2014-09-18 18:08:29.722313 7f4c9f251700 5 -- op tracker -- , seq: 85873, time:
2014-09-18 18:08:29.722312, event: started, op: pg_notify(2.4f6(12) epoch 11708) -6066>
2014-09-18 18:08:29.722324 7f4c9f251700 5 -- op tracker -- , seq: 85873, time:
2014-09-18 18:08:29.722323, event: done, op: pg_notify(2.4f6(12) epoch 11708) -6065>
2014-09-18 18:08:29.722331 7f4c9f251700 1 -- 10.242.42.178:6807/2483 <== osd.32 10.242.42.176:6814/1099 528 ==== pg_query(2.352 epoch 11708) v3 ==== 144+0+0 (4042539466 0 0) 0x146deb40 con 0x1395ef20 -6064>
2014-09-18 18:08:29.722338 7f4c9f251700 5 -- op tracker -- , seq: 85874, time:
2014-09-18 18:08:29.722124, event: header_read, op: pg_query(2.352 epoch 11708) -6063>
2014-09-18 18:08:29.722342 7f4c9f251700 5 -- op tracker -- , seq: 85874, time:
2014-09-18 18:08:29.722126, event: throttled, op: pg_query(2.352 epoch 11708) -6062>
2014-09-18 18:08:29.722287 7f4c96a40700 5 osd.42 pg_epoch: 11708 pg[2.519( v 6868'25546 (4121'22075,6868'25546] local-les=11696 n=504 ec=188 les/c 11696/11586 11695/11695/9945) [42,57,9]/[42,6] r=0 lpr=11695 pi=11585-11694/3 bft=9,57 crt=6868'25546 lcod 0'0 mlcod 0'0 active+undersized+degraded+remapped+wait_backfill] exit Started/Primary/Active/WaitLocalBackfillReserved 7.698050 22 0.000118 -6061>
2014-09-18 18:08:29.722346 7f4c9f251700 5 -- op tracker -- , seq: 85874, time:
2014-09-18 18:08:29.722164, event: all_read, op: pg_query(2.352 epoch 11708) -6060>
2014-09-18 18:08:29.722350 7f4c9f251700 5 -- op tracker -- , seq: 85874, time:
2014-09-18 18:08:29.722336, event: dispatched, op: pg_query(2.352 epoch 11708) -6059>
2014-09-18 18:08:29.722355 7f4c9f251700 5 -- op tracker -- , seq: 85874, time:
2014-09-18 18:08:29.722353, event: waiting_for_osdmap, op: pg_query(2.352 epoch 11708) -6058>
2014-09-18 18:08:29.722349 7f4c96a40700 5 osd.42 pg_epoch: 11708 pg[2.519( v 6868'25546 (4121'22075,6868'25546] local-les=11696 n=504 ec=188 les/c 11696/11586 11695/11695/9945) [42,57,9]/[42,6] r=0 lpr=11695 pi=11585-11694/3 bft=9,57 crt=6868'25546 lcod 0'0 mlcod 0'0 active+undersized+degraded+remapped+wait_backfill] exit Started/Primary/Active 12.730504 0 0.000000 -6057>
2014-09-18 18:08:29.722360 7f4c9f251700 5 -- op tracker -- , seq: 85874, time:
2014-09-18 18:08:29.722358, event: started, op: pg_query(2.352 epoch 11708) -6056>
2014-09-18 18:08:29.722369 7f4c9f251700 5 -- op tracker -- , seq: 85874, time:
2014-09-18 18:08:29.722367, event: done, op: pg_query(2.352 epoch 11708) -6055>
2014-09-18 18:08:29.722362 7f4c96a40700 5 osd.42 pg_epoch: 11708 pg[2.519( v 6868'25546 (4121'22075,6868'25546] local-les=11696 n=504 ec=188 les/c 11696/11586 11695/11695/9945) [42,57,9]/[42,6] r=0 lpr=11695 pi=11585-11694/3 bft=9,57 crt=6868'25546 lcod 0'0 mlcod 0'0 active+remapped] exit Started/Primary 13.878525 0 0.000000 -6054>
2014-09-18 18:08:29.722377 7f4c9f251700 1 -- 10.242.42.178:6807/2483 <== osd.35 10.242.42.164:6811/17421 3633 ==== pg_notify(2.6f8 epoch 11708) v5 ==== 722+0+0 (3711463301 0 0) 0x2b93e1e0 con 0xcbecec0 -6053>
2014-09-18 18:08:29.722387 7f4c9f251700 5 -- op tracker -- , seq: 85875, time:
2014-09-18 18:08:29.722105, event: header_read, op: pg_notify(2.6f8 epoch 11708) -6052>
2014-09-18 18:08:29.722393 7f4c9f251700 5 -- op tracker -- , seq: 85875, time:
2014-09-18 18:08:29.722105, event: throttled, op: pg_notify(2.6f8 epoch 11708) -6051>
2014-09-18 18:08:29.722397 7f4c9f251700 5 -- op tracker -- , seq: 85875, time:
2014-09-18 18:08:29.722135, event: all_read, op: pg_notify(2.6f8 epoch 11708) -6050>
2014-09-18 18:08:29.722400 7f4c9f251700 5 -- op tracker -- , seq: 85875, time:
2014-09-18 18:08:29.722385, event: dispatched, op: pg_notify(2.6f8 epoch 11708) -6049>
2014-09-18 18:08:29.722405 7f4c9f251700 5 -- op tracker -- , seq: 85875, time:
2014-09-18 18:08:29.722403, event: waiting_for_osdmap, op: pg_notify(2.6f8 epoch 11708) -6048>
2014-09-18 18:08:29.722410 7f4c9f251700 5 -- op tracker -- , seq: 85875, time:
2014-09-18 18:08:29.722408, event: started, op: pg_notify(2.6f8 epoch 11708) -6047>
2014-09-18 18:08:29.722420 7f4c9f251700 5 -- op tracker -- , seq: 85875, time:
2014-09-18 18:08:29.722418, event: done, op: pg_notify(2.6f8 epoch 11708) -6046>
2014-09-18 18:08:29.722376 7f4c96a40700 5 osd.42 pg_epoch: 11708 pg[2.519( v 6868'25546 (4121'22075,6868'25546] local-les=11696 n=504 ec=188 les/c 11696/11586 11695/11695/9945) [42,57,9]/[42,6] r=0 lpr=11695 pi=11585-11694/3 bft=9,57 crt=6868'25546 lcod 0'0 mlcod 0'0 active+remapped] exit Started 13.878580 0 0.000000 -6045>
2014-09-18 18:08:29.722436 7f4c96a40700 5 osd.42 pg_epoch: 11708 pg[2.519( v 6868'25546 (4121'22075,6868'25546] local-les=11696 n=504 ec=188 les/c 11696/11586 11695/11695/9945) [42,57,9]/[42,6] r=0 lpr=11695 pi=11585-11694/3 bft=9,57 crt=6868'25546 lcod 0'0 mlcod 0'0 active+remapped] enter Reset -6044>
2014-09-18 18:08:29.722509 7f4c96a40700 5 osd.42 pg_epoch: 11708 pg[2.519( v 6868'25546 (4121'22075,6868'25546] local-les=11696 n=504 ec=188 les/c 11696/11586 11708/11708/9945) [42,57,4]/[42,6] r=0 lpr=11708 pi=11585-11707/4 crt=6868'25546 lcod 0'0 mlcod 0'0 remapped] exit Reset 0.000073 1 0.000260 -6043>
2014-09-18 18:08:29.722528 7f4c96a40700 5 osd.42 pg_epoch: 11708 pg[2.519( v 6868'25546 (4121'22075,6868'25546] local-les=11696 n=504 ec=188 les/c 11696/11586 11708/11708/9945) [42,57,4]/[42,6] r=0 lpr=11708 pi=11585-11707/4 crt=6868'25546 lcod 0'0 mlcod 0'0 remapped] enter Started -6042>
2014-09-18 18:08:29.722535 7f4c96a40700 5 osd.42 pg_epoch: 11708 pg[2.519( v 6868'25546 (4121'22075,6868'25546] local-les=11696 n=504 ec=188 les/c 11696/11586 11708/11708/9945) [42,57,4]/[42,6] r=0 lpr=11708 pi=11585-11707/4 crt=6868'25546 lcod 0'0 mlcod 0'0 remapped] enter Start -6041>
2014-09-18 18:08:29.722549 7f4c96a40700 1 osd.42 pg_epoch: 11708 pg[2.519( v 6868'25546 (4121'22075,6868'25546] local-les=11696 n=504 ec=188 les/c 11696/11586 11708/11708/9945) [42,57,4]/[42,6] r=0 lpr=11708 pi=11585-11707/4 crt=6868'25546 lcod 0'0 mlcod 0'0 remapped] state: transitioning to Primary -6040>
2014-09-18 18:08:29.722556 7f4c96a40700 5 osd.42 pg_epoch: 11708 pg[2.519( v 6868'25546 (4121'22075,6868'25546] local-les=11696 n=504 ec=188 les/c 11696/11586 11708/11708/9945) [42,57,4]/[42,6] r=0 lpr=11708 pi=11585-11707/4 crt=6868'25546 lcod 0'0 mlcod 0'0 remapped] exit Start 0.000022 0 0.000000 -6039>
2014-09-18 18:08:29.722563 7f4c96a40700 5 osd.42 pg_epoch: 11708 pg[2.519( v 6868'25546 (4121'22075,6868'25546] local-les=11696 n=504 ec=188 les/c 11696/11586 11708/11708/9945) [42,57,4]/[42,6] r=0 lpr=11708 pi=11585-11707/4 crt=6868'25546 lcod 0'0 mlcod 0'0 remapped] enter Started/Primary -6038>
2014-09-18 18:08:29.722570 7f4c96a40700 5 osd.42 pg_epoch: 11708 pg[2.519( v 6868'25546 (4121'22075,6868'25546] local-les=11696 n=504 ec=188 les/c 11696/11586 11708/11708/9945) [42,57,4]/[42,6] r=0 lpr=11708 pi=11585-11707/4 crt=6868'25546 lcod 0'0 mlcod 0'0 remapped] enter Started/Primary/Peering -6037>
2014-09-18 18:08:29.722581 7f4c96a40700 5 osd.42 pg_epoch: 11708 pg[2.519( v 6868'25546 (4121'22075,6868'25546] local-les=11696 n=504 ec=188 les/c 11696/11586 11708/11708/9945) [42,57,4]/[42,6] r=0 lpr=11708 pi=11585-11707/4 crt=6868'25546 lcod 0'0 mlcod 0'0 remapped+peering] enter Started/Primary/Peering/GetInfo -6036>
2014-09-18 18:08:29.722728 7f4c97241700 5 osd.42 pg_epoch: 11708 pg[2.67b( v 6745'24728 (4138'21305,6745'24728] local-les=11600 n=520 ec=188 les/c 11600/11573 11708/11708/11572) [9,27,10]/[9,42] r=1 lpr=11708 pi=11491-11707/4 crt=6745'24728 lcod 0'0 remapped NOTIFY] exit Reset 0.000451 1 0.000514 -6035>
2014-09-18 18:08:29.722760 7f4c97241700 5 osd.42 pg_epoch: 11708 pg[2.67b( v 6745'24728 (4138'21305,6745'24728] local-les=11600 n=520 ec=188 les/c 11600/11573 11708/11708/11572) [9,27,10]/[9,42] r=1 lpr=11708 pi=11491-11707/4 crt=6745'24728 lcod 0'0 remapped NOTIFY] enter Started -6034>
2014-09-18 18:08:29.722770 7f4c97241700 5 osd.42 pg_epoch: 11708 pg[2.67b( v 6745'24728 (4138'21305,6745'24728] local-les=11600 n=520 ec=188 les/c 11600/11573 11708/11708/11572) [9,27,10]/[9,42] r=1 lpr=11708 pi=11491-11707/4 crt=6745'24728 lcod 0'0 remapped NOTIFY] enter Start -6033>
2014-09-18 18:08:29.722780 7f4c97241700 1 osd.42 pg_epoch: 11708 pg[2.67b( v 6745'24728 (4138'21305,6745'24728] local-les=11600 n=520 ec=188 les/c 11600/11573 11708/11708/11572) [9,27,10]/[9,42] r=1 lpr=11708 pi=11491-11707/4 crt=6745'24728 lcod 0'0 remapped NOTIFY] state: transitioning to Stray -6032>
2014-09-18 18:08:29.722792 7f4c97241700 5 osd.42 pg_epoch: 11708 pg[2.67b( v 6745'24728 (4138'21305,6745'24728] local-les=11600 n=520 ec=188 les/c 11600/11573 11708/11708/11572) [9,27,10]/[9,42] r=1 lpr=11708 pi=11491-11707/4 crt=6745'24728 lcod 0'0 remapped NOTIFY] exit Start 0.000021 0 0.000000 -6031>
2014-09-18 18:08:29.722790 7f4c96a40700 5 osd.42 pg_epoch: 11708 pg[2.654( v 6778'24660 (4157'21684,6778'24660] local-les=11505 n=529 ec=188 les/c 11505/11100 11504/11504/11332) [47,27,42]/[35,42] r=1 lpr=11504 pi=10768-11503/10 luod=0'0 crt=6775'24651 lcod 0'0 active+remapped] exit Started/ReplicaActive/RepNotRecovering 362.208778 609 0.001535 -6030>
2014-09-18 18:08:29.722804 7f4c97241700 5 osd.42 pg_epoch: 11708 pg[2.67b( v 6745'24728 (4138'21305,6745'24728] local-les=11600 n=520 ec=188 les/c 11600/11573 11708/11708/11572) [9,27,10]/[9,42] r=1 lpr=11708 pi=11491-11707/4 crt=6745'24728 lcod 0'0 remapped NOTIFY] enter Started/Stray -6029>
2014-09-18 18:08:29.722815 7f4c96a40700 5 osd.42 pg_epoch: 11708 pg[2.654( v 6778'24660 (4157'21684,6778'24660] local-les=11505 n=529 ec=188 les/c 11505/11100 11504/11504/11332) [47,27,42]/[35,42] r=1 lpr=11504 pi=10768-11503/10 luod=0'0 crt=6775'24651 lcod 0'0 active+remapped] exit Started/ReplicaActive 362.208836 0 0.000000 -6028>
2014-09-18 18:08:29.722824 7f4c96a40700 5 osd.42 pg_epoch: 11708 pg[2.654( v 6778'24660 (4157'21684,6778'24660] local-les=11505 n=529 ec=188 les/c 11505/11100 11504/11504/11332) [47,27,42]/[35,42] r=1 lpr=11504 pi=10768-11503/10 luod=0'0 crt=6775'24651 lcod 0'0 active+remapped] exit Started 364.077663 0 0.000000 -6027>
2014-09-18 18:08:29.722836 7f4c96a40700 5 osd.42 pg_epoch: 11708 pg[2.654( v 6778'24660 (4157'21684,6778'24660] local-les=11505 n=529 ec=188 les/c 11505/11100 11504/11504/11332) [47,27,42]/[35,42] r=1 lpr=11504 pi=10768-11503/10 luod=0'0 crt=6775'24651 lcod 0'0 active+remapped] enter Reset -6026>
2014-09-18 18:08:29.722973 7f4c96a40700 5 osd.42 pg_epoch: 11708 pg[2.654( v 6778'24660 (4157'21684,6778'24660] local-les=11505 n=529 ec=188 les/c 11505/11100 11708/11708/11332) [60,27,6]/[35,42] r=1 lpr=11708 pi=10768-11707/11 crt=6775'24651 lcod 0'0 remapped NOTIFY] exit Reset 0.000137 1 0.000093 -6025>
2014-09-18 18:08:29.722995 7f4c96a40700 5 osd.42 pg_epoch: 11708 pg[2.654( v 6778'24660 (4157'21684,6778'24660] local-les=11505 n=529 ec=188 les/c 11505/11100 11708/11708/11332) [60,27,6]/[35,42] r=1 lpr=11708 pi=10768-11707/11 crt=6775'24651 lcod 0'0 remapped NOTIFY] enter Started -6024>
2014-09-18 18:08:29.723004 7f4c96a40700 5 osd.42 pg_epoch: 11708 pg[2.654( v 6778'24660 (4157'21684,6778'24660] local-les=11505 n=529 ec=188 les/c 11505/11100 11708/11708/11332) [60,27,6]/[35,42] r=1 lpr=11708 pi=10768-11707/11 crt=6775'24651 lcod 0'0 remapped NOTIFY] enter Start -6023>
2014-09-18 18:08:29.723065 7f4c96a40700 1 osd.42 pg_epoch: 11708 pg[2.654( v 6778'24660 (4157'21684,6778'24660] local-les=11505 n=529 ec=188 les/c 11505/11100 11708/11708/11332) [60,27,6]/[35,42] r=1 lpr=11708 pi=10768-11707/11 crt=6775'24651 lcod 0'0 remapped NOTIFY] state: transitioning to Stray -6022>
2014-09-18 18:08:29.723083 7f4c96a40700 5 osd.42 pg_epoch: 11708 pg[2.654( v 6778'24660 (4157'21684,6778'24660] local-les=11505 n=529 ec=188 les/c 11505/11100 11708/11708/11332) [60,27,6]/[35,42] r=1 lpr=11708 pi=10768-11707/11 crt=6775'24651 lcod 0'0 remapped NOTIFY] exit Start 0.000079 0 0.000000 -6021>
2014-09-18 18:08:29.723082 7f4c97241700 5 osd.42 pg_epoch: 11708 pg[2.410( v 6840'31228 (4052'27523,6840'31228] local-les=11706 n=527 ec=188 les/c 11706/9946 11701/11701/9945) [42,6,27]/[42] r=0 lpr=11701 pi=9945-11700/11 bft=6,27 crt=6840'31228 lcod 0'0 mlcod 0'0 active+undersized+degraded+remapped+wait_backfill] exit Started/Primary/Active/WaitLocalBackfillReserved 0.406198 1 0.000081 -6020>
2014-09-18 18:08:29.723099 7f4c96a40700 5 osd.42 pg_epoch: 11708 pg[2.654( v 6778'24660 (4157'21684,6778'24660] local-les=11505 n=529 ec=188 les/c 11505/11100 11708/11708/11332) [60,27,6]/[35,42] r=1 lpr=11708 pi=10768-11707/11 crt=6775'24651 lcod 0'0 remapped NOTIFY] enter Started/Stray -6019>
2014-09-18 18:08:29.723104 7f4c97241700 5 osd.42 pg_epoch: 11708 pg[2.410( v 6840'31228 (4052'27523,6840'31228] local-les=11706 n=527 ec=188 les/c 11706/9946 11701/11701/9945) [42,6,27]/[42] r=0 lpr=11701 pi=9945-11700/11 bft=6,27 crt=6840'31228 lcod 0'0 mlcod 0'0 active+undersized+degraded+remapped+wait_backfill] exit Started/Primary/Active 1.393271 0 0.000000 -6018>
2014-09-18 18:08:29.723123 7f4c97241700 5 osd.42 pg_epoch: 11708 pg[2.410( v 6840'31228 (4052'27523,6840'31228] local-les=11706 n=527 ec=188 les/c 11706/9946 11701/11701/9945) [42,6,27]/[42] r=0 lpr=11701 pi=9945-11700/11 bft=6,27 crt=6840'31228 lcod 0'0 mlcod 0'0 active+remapped] exit Started/Primary 6.808691 0 0.000000 -6017>
2014-09-18 18:08:29.723193 7f4c97241700 5 osd.42 pg_epoch: 11708 pg[2.410( v 6840'31228 (4052'27523,6840'31228] local-les=11706 n=527 ec=188 les/c 11706/9946 11701/11701/9945) [42,6,27]/[42] r=0 lpr=11701 pi=9945-11700/11 bft=6,27 crt=6840'31228 lcod 0'0 mlcod 0'0 active+remapped] exit Started 6.808811 0 0.000000 -6016>
2014-09-18 18:08:29.723226 7f4c97241700 5 osd.42 pg_epoch: 11708 pg[2.410( v 6840'31228 (4052'27523,6840'31228] local-les=11706 n=527 ec=188 les/c 11706/9946 11701/11701/9945) [42,6,27]/[42] r=0 lpr=11701 pi=9945-11700/11 bft=6,27 crt=6840'31228 lcod 0'0 mlcod 0'0 active+remapped] enter Reset -6015>
2014-09-18 18:08:29.723332 7f4c96a40700 1 -- 10.242.42.178:6807/2483 --> 10.242.42.164:6811/17421 -- pg_notify(2.654(11) epoch 11708) v5 -- ?+0 0x12139fe0 con 0xcbecec0 -6014>
2014-09-18 18:08:29.723371 7f4c96a40700 1 -- 10.242.42.178:6807/2483 --> 10.242.42.164:6854/39317 -- osd_map(11704..11708 src has 1..11708) v3 -- ?+0 0x1533dcc0 con 0x12b3aec0 -6013>
2014-09-18 18:08:29.723382 7f4c96a40700 1 -- 10.242.42.178:6807/2483 --> 10.242.42.164:6854/39317 -- pg_query(2.78f epoch 11708) v3 -- ?+0 0x12139a40 con 0x12b3aec0 -6012>
2014-09-18 18:08:29.723430 7f4c96a40700 1 -- 10.242.42.178:6807/2483 --> 10.242.42.164:6819/22324 -- osd_map(11708..11708 src has 1..11708) v3 -- ?+0 0x1533a6c0 con 0x1f102840 -6011>
2014-09-18 18:08:29.723456 7f4c96a40700 1 -- 10.242.42.178:6807/2483 --> 10.242.42.164:6819/22324 -- pg_query(2.519 epoch 11708) v3 -- ?+0 0x1368cf00 con 0x1f102840 -6010>
2014-09-18 18:08:29.723455 7f4c97241700 5 osd.42 pg_epoch: 11708 pg[2.410( v 6840'31228 (4052'27523,6840'31228] local-les=11706 n=527 ec=188 les/c 11706/9946 11708/11708/9945) [42,56,27]/[42] r=0 lpr=11708 pi=9945-11707/12 crt=6840'31228 lcod 0'0 mlcod 0'0 remapped] exit Reset 0.000229 1 0.000210 -6009>
2014-09-18 18:08:29.723475 7f4c97241700 5 osd.42 pg_epoch: 11708 pg[2.410( v 6840'31228 (4052'27523,6840'31228] local-les=11706 n=527 ec=188 les/c 11706/9946 11708/11708/9945) [42,56,27]/[42] r=0 lpr=11708 pi=9945-11707/12 crt=6840'31228 lcod 0'0 mlcod 0'0 remapped] enter Started -6008>
2014-09-18 18:08:29.723483 7f4c97241700 5 osd.42 pg_epoch: 11708 pg[2.410( v 6840'31228 (4052'27523,6840'31228] local-les=11706 n=527 ec=188 les/c 11706/9946 11708/11708/9945) [42,56,27]/[42] r=0 lpr=11708 pi=9945-11707/12 crt=6840'31228 lcod 0'0 mlcod 0'0 remapped] enter Start -6007>
2014-09-18 18:08:29.723490 7f4c97241700 1 osd.42 pg_epoch: 11708 pg[2.410( v 6840'31228 (4052'27523,6840'31228] local-les=11706 n=527 ec=188 les/c 11706/9946 11708/11708/9945) [42,56,27]/[42] r=0 lpr=11708 pi=9945-11707/12 crt=6840'31228 lcod 0'0 mlcod 0'0 remapped] state: transitioning to Primary -6006>
2014-09-18 18:08:29.723484 7f4c96a40700 1 -- 10.242.42.178:6807/2483 --> 10.242.42.166:6808/22481 -- osd_map(11708..11708 src has 1..11708) v3 -- ?+0 0x1533da80 con 0x1088aec0 -6005>
2014-09-18 18:08:29.723500 7f4c97241700 5 osd.42 pg_epoch: 11708 pg[2.410( v 6840'31228 (4052'27523,6840'31228] local-les=11706 n=527 ec=188 les/c 11706/9946 11708/11708/9945) [42,56,27]/[42] r=0 lpr=11708 pi=9945-11707/12 crt=6840'31228 lcod 0'0 mlcod 0'0 remapped] exit Start 0.000017 0 0.000000 -6004>
2014-09-18 18:08:29.723509 7f4c97241700 5 osd.42 pg_epoch: 11708 pg[2.410( v 6840'31228 (4052'27523,6840'31228] local-les=11706 n=527 ec=188 les/c 11706/9946 11708/11708/9945) [42,56,27]/[42] r=0 lpr=11708 pi=9945-11707/12 crt=6840'31228 lcod 0'0 mlcod 0'0 remapped] enter Started/Primary -6003>
2014-09-18 18:08:29.723512 7f4c96a40700 1 -- 10.242.42.178:6807/2483 --> 10.242.42.166:6808/22481 -- pg_query(2.519 epoch 11708) v3 -- ?+0 0x1368cd20 con 0x1088aec0 -6002>
2014-09-18 18:08:29.723518 7f4c97241700 5 osd.42 pg_epoch: 11708 pg[2.410( v 6840'31228 (4052'27523,6840'31228] local-les=11706 n=527 ec=188 les/c 11706/9946 11708/11708/9945) [42,56,27]/[42] r=0 lpr=11708 pi=9945-11707/12 crt=6840'31228 lcod 0'0 mlcod 0'0 remapped] enter Started/Primary/Peering -6001>
2014-09-18 18:08:29.723526 7f4c97241700 5 osd.42 pg_epoch: 11708 pg[2.410( v 6840'31228 (4052'27523,6840'31228] local-les=11706 n=527 ec=188 les/c 11706/9946 11708/11708/9945) [42,56,27]/[42] r=0 lpr=11708 pi=9945-11707/12 crt=6840'31228 lcod 0'0 mlcod 0'0 remapped+peering] enter Started/Primary/Peering/GetInfo -6000>
2014-09-18 18:08:29.723587 7f4c96a40700 1 -- 10.242.42.178:6807/2483 --> 10.242.42.174:6801/21548 -- pg_query(2.78f epoch 11708) v3 -- ?+0 0x2b987860 con 0x1395f8c0 -5999>
2014-09-18 18:08:29.723623 7f4c96a40700 1 -- 10.242.42.178:6807/2483 --> 10.242.42.164:6811/17421 -- pg_query(2.78f epoch 11708) v3 -- ?+0 0x2b9863c0 con 0xcbecec0 -5998>
2014-09-18 18:08:29.723642 7f4c96a40700 1 -- 10.242.42.178:6807/2483 --> 10.242.42.176:6801/988 -- pg_query(2.519 epoch 11708) v3 -- ?+0 0x2b987e00 con 0x1395f080 -5997>
2014-09-18 18:08:29.723722 7f4c96a40700 5 osd.42 pg_epoch: 11708 pg[2.1bb( v 6791'24086 (4155'21085,6791'24086] local-les=11407 n=551 ec=188 les/c 11407/9946 11406/11406/9945) [42,27,0]/[42] r=0 lpr=11406 pi=9945-11405/9 bft=0,27 crt=6752'24077 lcod 0'0 mlcod 0'0 active+undersized+degraded+remapped+wait_backfill+backfill_toofull] exit Started/Primary/Active/WaitLocalBackfillReserved 139.933053 514 0.002899 -5996>
2014-09-18 18:08:29.723745 7f4c96a40700 5 osd.42 pg_epoch: 11708 pg[2.1bb( v 6791'24086 (4155'21085,6791'24086] local-les=11407 n=551 ec=188 les/c 11407/9946 11406/11406/9945) [42,27,0]/[42] r=0 lpr=11406 pi=9945-11405/9 bft=0,27 crt=6752'24077 lcod 0'0 mlcod 0'0 active+undersized+degraded+remapped+wait_backfill+backfill_toofull] enter Started/Primary/Active/WaitRemoteBackfillReserved -5995>
2014-09-18 18:08:29.723772 7f4c96a40700 1 -- 10.242.42.178:6807/2483 --> 10.242.42.164:6801/15878 -- MBackfillReserve REQUEST pgid: 2.1bb, query_epoch: 11708, prio: 202 v3 -- ?+0 0xf788580 con 0x10a878c0 -5994>
2014-09-18 18:08:29.724043 7f4c96a40700 1 -- 10.242.42.178:6807/2483 --> 10.242.42.168:6840/1010879 -- pg_notify(2.756(27) epoch 11708) v5 -- ?+0 0x12ba23a0 con 0x140f95a0 -5993>
2014-09-18 18:08:29.724058 7f4c96a40700 1 -- 10.242.42.178:6807/2483 --> 10.242.42.176:6814/1099 -- pg_notify(2.352(11) epoch 11708) v5 -- ?+0 0xfccab20 con 0x1395ef20 -5992>
2014-09-18 18:08:29.724078 7f4c97241700 5 osd.42 pg_epoch: 11708 pg[2.e0( v 6854'28782 (4157'25783,6854'28782] local-les=11407 n=509 ec=188 les/c 11407/9946 11406/11406/10777) [27,42,0]/[42] r=0 lpr=11406 pi=5117-11405/79 bft=0,27 crt=6854'28778 lcod 0'0 mlcod 0'0 active+undersized+degraded+remapped+wait_backfill+backfill_toofull] exit Started/Primary/Active/WaitLocalBackfillReserved 139.946582 413 0.003388 -5991>
2014-09-18 18:08:29.724108 7f4c97241700 5 osd.42 pg_epoch: 11708 pg[2.e0( v 6854'28782 (4157'25783,6854'28782] local-les=11407 n=509 ec=188 les/c 11407/9946 11406/11406/10777) [27,42,0]/[42] r=0 lpr=11406 pi=5117-11405/79 bft=0,27 crt=6854'28778 lcod 0'0 mlcod 0'0 active+undersized+degraded+remapped+wait_backfill+backfill_toofull] enter Started/Primary/Active/WaitRemoteBackfillReserved -5990>
