2014-09-18 18:08:29.117289 7f4c9da4e700 1 -- 10.242.42.178:0/2483 <== osd.63 10.242.42.178:6809/2487 331 ==== osd_ping(ping_reply e11707 stamp
2014-09-18 18:08:29.115622) v2 ==== 47+0+0 (1827334824 0 0) 0xec68780 con 0x1d996c00 -6426>
2014-09-18 18:08:29.117300 7f4c9da4e700 1 -- 10.242.42.178:0/2483 <== osd.0 10.242.42.164:6802/15878 190 ==== osd_ping(ping_reply e11705 stamp
2014-09-18 18:08:29.115622) v2 ==== 47+0+0 (2644782002 0 0) 0x21ced480 con 0x4751e40 -6425>
2014-09-18 18:08:29.117314 7f4c9da4e700 1 -- 10.242.42.178:6807/2483 --> 10.242.42.164:6801/15878 -- osd_map(11707..11707 src has 1..11707) v3 -- ?+0 0x24dbef40 con 0x10a878c0 -6424>
2014-09-18 18:08:29.117324 7f4c9da4e700 1 -- 10.242.42.178:0/2483 <== osd.0 10.242.42.164:6803/15878 190 ==== osd_ping(ping_reply e11705 stamp
2014-09-18 18:08:29.115622) v2 ==== 47+0+0 (2644782002 0 0) 0x121130e0 con 0x149b0ec0 -6423>
2014-09-18 18:08:29.117477 7f4c9da4e700 1 -- 10.242.42.178:0/2483 <== osd.35 10.242.42.164:6813/17421 187 ==== osd_ping(ping_reply e11707 stamp
2014-09-18 18:08:29.115622) v2 ==== 47+0+0 (1827334824 0 0) 0x1368e940 con 0x125239c0 -6422>
2014-09-18 18:08:29.117492 7f4c9da4e700 1 -- 10.242.42.178:0/2483 <== osd.35 10.242.42.164:6814/17421 187 ==== osd_ping(ping_reply e11707 stamp
2014-09-18 18:08:29.115622) v2 ==== 47+0+0 (1827334824 0 0) 0x21cec580 con 0x11d45860 -6421>
2014-09-18 18:08:29.117504 7f4c9da4e700 1 -- 10.242.42.178:0/2483 <== osd.39 10.242.42.172:6817/2660 185 ==== osd_ping(ping_reply e11707 stamp
2014-09-18 18:08:29.115622) v2 ==== 47+0+0 (1827334824 0 0) 0xf2b12a0 con 0x238dc420 -6420>
2014-09-18 18:08:29.117515 7f4c9da4e700 1 -- 10.242.42.178:0/2483 <== osd.39 10.242.42.172:6818/2660 185 ==== osd_ping(ping_reply e11707 stamp
2014-09-18 18:08:29.115622) v2 ==== 47+0+0 (1827334824 0 0) 0x853e3a0 con 0x238dcb00 -6419>
2014-09-18 18:08:29.117526 7f4c9da4e700 1 -- 10.242.42.178:0/2483 <== osd.58 10.242.42.176:6839/46756 160 ==== osd_ping(ping_reply e11707 stamp
2014-09-18 18:08:29.115622) v2 ==== 47+0+0 (1827334824 0 0) 0x121392c0 con 0x1d7c7a20 -6418>
2014-09-18 18:08:29.117538 7f4c9da4e700 1 -- 10.242.42.178:0/2483 <== osd.58 10.242.42.176:6842/46756 160 ==== osd_ping(ping_reply e11707 stamp
2014-09-18 18:08:29.115622) v2 ==== 47+0+0 (1827334824 0 0) 0xf93ad20 con 0x1da543c0 -6417>
2014-09-18 18:08:29.124476 7f4c9f251700 1 -- 10.242.42.178:6807/2483 <== osd.9 10.242.42.166:6826/24959 3177 ==== pg_notify(2.4b1(13) epoch 11707) v5 ==== 1441+0+0 (2617996800 0 0) 0xf80eb40 con 0x1395ec60 -6416>
2014-09-18 18:08:29.124498 7f4c9f251700 5 -- op tracker -- , seq: 85853, time:
2014-09-18 18:08:29.124387, event: header_read, op: pg_notify(2.4b1(13) epoch 11707) -6415>
2014-09-18 18:08:29.124509 7f4c9f251700 5 -- op tracker -- , seq: 85853, time:
2014-09-18 18:08:29.124389, event: throttled, op: pg_notify(2.4b1(13) epoch 11707) -6414>
2014-09-18 18:08:29.124515 7f4c9f251700 5 -- op tracker -- , seq: 85853, time:
2014-09-18 18:08:29.124437, event: all_read, op: pg_notify(2.4b1(13) epoch 11707) -6413>
2014-09-18 18:08:29.124521 7f4c9f251700 5 -- op tracker -- , seq: 85853, time:
2014-09-18 18:08:29.124492, event: dispatched, op: pg_notify(2.4b1(13) epoch 11707) -6412>
2014-09-18 18:08:29.124528 7f4c9f251700 5 -- op tracker -- , seq: 85853, time:
2014-09-18 18:08:29.124526, event: waiting_for_osdmap, op: pg_notify(2.4b1(13) epoch 11707) -6411>
2014-09-18 18:08:29.124536 7f4c9f251700 5 -- op tracker -- , seq: 85853, time:
2014-09-18 18:08:29.124534, event: started, op: pg_notify(2.4b1(13) epoch 11707) -6410>
2014-09-18 18:08:29.124559 7f4c9f251700 5 -- op tracker -- , seq: 85853, time:
2014-09-18 18:08:29.124557, event: done, op: pg_notify(2.4b1(13) epoch 11707) -6409>
2014-09-18 18:08:29.125554 7f4c9f251700 1 -- 10.242.42.178:6807/2483 <== osd.9 10.242.42.166:6826/24959 3178 ==== pg_notify(2.4c1(15),2.78f(52),2.4c6(15),2.799(9),2.4d0(10) epoch 11707) v5 ==== 8993+0+0 (2480297588 0 0) 0xf80ffe0 con 0x1395ec60 -6408>
2014-09-18 18:08:29.125576 7f4c9f251700 5 -- op tracker -- , seq: 85854, time:
2014-09-18 18:08:29.125418, event: header_read, op: pg_notify(2.4c1(15),2.78f(52),2.4c6(15),2.799(9),2.4d0(10) epoch 11707) -6407>
2014-09-18 18:08:29.125587 7f4c9f251700 5 -- op tracker -- , seq: 85854, time:
2014-09-18 18:08:29.125419, event: throttled, op: pg_notify(2.4c1(15),2.78f(52),2.4c6(15),2.799(9),2.4d0(10) epoch 11707) -6406>
2014-09-18 18:08:29.125594 7f4c9f251700 5 -- op tracker -- , seq: 85854, time:
2014-09-18 18:08:29.125518, event: all_read, op: pg_notify(2.4c1(15),2.78f(52),2.4c6(15),2.799(9),2.4d0(10) epoch 11707) -6405>
2014-09-18 18:08:29.125601 7f4c9f251700 5 -- op tracker -- , seq: 85854, time:
2014-09-18 18:08:29.125571, event: dispatched, op: pg_notify(2.4c1(15),2.78f(52),2.4c6(15),2.799(9),2.4d0(10) epoch 11707) -6404>
2014-09-18 18:08:29.125608 7f4c9f251700 5 -- op tracker -- , seq: 85854, time:
2014-09-18 18:08:29.125606, event: waiting_for_osdmap, op: pg_notify(2.4c1(15),2.78f(52),2.4c6(15),2.799(9),2.4d0(10) epoch 11707) -6403>
2014-09-18 18:08:29.125617 7f4c9f251700 5 -- op tracker -- , seq: 85854, time:
2014-09-18 18:08:29.125615, event: started, op: pg_notify(2.4c1(15),2.78f(52),2.4c6(15),2.799(9),2.4d0(10) epoch 11707) -6402>
2014-09-18 18:08:29.125676 7f4c9f251700 5 -- op tracker -- , seq: 85854, time:
2014-09-18 18:08:29.125674, event: done, op: pg_notify(2.4c1(15),2.78f(52),2.4c6(15),2.799(9),2.4d0(10) epoch 11707) -6401>
2014-09-18 18:08:29.177828 7f4c9ca4c700 1 -- 10.242.42.178:6813/2483 <== osd.30 10.242.42.176:0/1204 119 ==== osd_ping(ping e11707 stamp
2014-09-18 23:37:33.925580) v2 ==== 47+0+0 (1279453163 0 0) 0xf189a20 con 0x110bbc80 -6400>
2014-09-18 18:08:29.177823 7f4c9b249700 1 -- 10.242.42.178:6811/2483 <== osd.30 10.242.42.176:0/1204 119 ==== osd_ping(ping e11707 stamp
2014-09-18 23:37:33.925580) v2 ==== 47+0+0 (1279453163 0 0) 0x24fd1a40 con 0x12abd1e0 -6399>
2014-09-18 18:08:29.177870 7f4c9b249700 1 -- 10.242.42.178:6811/2483 --> 10.242.42.176:0/1204 -- osd_ping(ping_reply e11707 stamp
2014-09-18 23:37:33.925580) v2 -- ?+0 0xf728760 con 0x12abd1e0 -6398>
2014-09-18 18:08:29.177906 7f4c9ca4c700 1 -- 10.242.42.178:6813/2483 --> 10.242.42.176:0/1204 -- osd_ping(ping_reply e11707 stamp
2014-09-18 23:37:33.925580) v2 -- ?+0 0x1368c780 con 0x110bbc80 -6397>
2014-09-18 18:08:29.190156 7f4c9ca4c700 1 -- 10.242.42.178:6813/2483 <== osd.13 10.242.42.168:0/10879 693 ==== osd_ping(ping e11707 stamp
2014-09-18 18:08:29.056890) v2 ==== 47+0+0 (25221496 0 0) 0xe288760 con 0x109f9de0 -6396>
2014-09-18 18:08:29.190171 7f4c9b249700 1 -- 10.242.42.178:6811/2483 <== osd.13 10.242.42.168:0/10879 693 ==== osd_ping(ping e11707 stamp
2014-09-18 18:08:29.056890) v2 ==== 47+0+0 (25221496 0 0) 0xf93c1c0 con 0x140f7b80 -6395>
2014-09-18 18:08:29.190182 7f4c9ca4c700 1 -- 10.242.42.178:6813/2483 --> 10.242.42.168:0/10879 -- osd_ping(ping_reply e11707 stamp
2014-09-18 18:08:29.056890) v2 -- ?+0 0xf189a20 con 0x109f9de0 -6394>
2014-09-18 18:08:29.190221 7f4c9b249700 1 -- 10.242.42.178:6811/2483 --> 10.242.42.168:0/10879 -- osd_ping(ping_reply e11707 stamp
2014-09-18 18:08:29.056890) v2 -- ?+0 0x24fd1a40 con 0x140f7b80 -6393>
2014-09-18 18:08:29.195980 7f4c9b249700 1 -- 10.242.42.178:6811/2483 <== osd.11 10.242.42.168:0/17298 125 ==== osd_ping(ping e11707 stamp
2014-09-18 18:08:29.062946) v2 ==== 47+0+0 (2123676592 0 0) 0xf09b2c0 con 0x101cd180 -6392>
2014-09-18 18:08:29.196008 7f4c9b249700 1 -- 10.242.42.178:6811/2483 --> 10.242.42.168:0/17298 -- osd_ping(ping_reply e11707 stamp
2014-09-18 18:08:29.062946) v2 -- ?+0 0xf93c1c0 con 0x101cd180 -6391>
2014-09-18 18:08:29.196029 7f4c9ca4c700 1 -- 10.242.42.178:6813/2483 <== osd.11 10.242.42.168:0/17298 125 ==== osd_ping(ping e11707 stamp
2014-09-18 18:08:29.062946) v2 ==== 47+0+0 (2123676592 0 0) 0xe76c960 con 0xcc49e40 -6390>
2014-09-18 18:08:29.196054 7f4c9ca4c700 1 -- 10.242.42.178:6813/2483 --> 10.242.42.168:0/17298 -- osd_ping(ping_reply e11707 stamp
2014-09-18 18:08:29.062946) v2 -- ?+0 0xe288760 con 0xcc49e40 -6389>
2014-09-18 18:08:29.316303 7f4c9f251700 1 -- 10.242.42.178:6807/2483 <== osd.6 10.242.42.166:6808/22481 5077 ==== pg_info(1 pgs e11706:2.410) v4 ==== 718+0+0 (1084840817 0 0) 0xf09fa40 con 0x1088aec0 -6388>
2014-09-18 18:08:29.316333 7f4c9f251700 5 -- op tracker -- , seq: 85855, time:
2014-09-18 18:08:29.316155, event: header_read, op: pg_info(1 pgs e11706:2.410) -6387>
2014-09-18 18:08:29.316346 7f4c9f251700 5 -- op tracker -- , seq: 85855, time:
2014-09-18 18:08:29.316157, event: throttled, op: pg_info(1 pgs e11706:2.410) -6386>
2014-09-18 18:08:29.316354 7f4c9f251700 5 -- op tracker -- , seq: 85855, time:
2014-09-18 18:08:29.316198, event: all_read, op: pg_info(1 pgs e11706:2.410) -6385>
2014-09-18 18:08:29.316369 7f4c9f251700 5 -- op tracker -- , seq: 85855, time:
2014-09-18 18:08:29.316326, event: dispatched, op: pg_info(1 pgs e11706:2.410) -6384>
2014-09-18 18:08:29.316377 7f4c9f251700 5 -- op tracker -- , seq: 85855, time:
2014-09-18 18:08:29.316376, event: waiting_for_osdmap, op: pg_info(1 pgs e11706:2.410) -6383>
2014-09-18 18:08:29.316387 7f4c9f251700 5 -- op tracker -- , seq: 85855, time:
2014-09-18 18:08:29.316385, event: started, op: pg_info(1 pgs e11706:2.410) -6382>
2014-09-18 18:08:29.316408 7f4c9f251700 5 -- op tracker -- , seq: 85855, time:
2014-09-18 18:08:29.316407, event: done, op: pg_info(1 pgs e11706:2.410) -6381>
2014-09-18 18:08:29.316447 7f4c97241700 1 -- 10.242.42.178:6807/2483 --> 10.242.42.166:6808/22481 -- pg_info(1 pgs e11707:2.410) v4 -- ?+0 0x2b923a40 con 0x1088aec0 -6380>
2014-09-18 18:08:29.316541 7f4c97241700 1 -- 10.242.42.178:6807/2483 --> 10.242.42.174:6801/21548 -- pg_info(1 pgs e11707:2.410) v4 -- ?+0 0xe0c9660 con 0x1395f8c0 -6379>
2014-09-18 18:08:29.316763 7f4c97241700 5 osd.42 pg_epoch: 11707 pg[2.410( v 6840'31228 (4052'27523,6840'31228] local-les=11706 n=527 ec=188 les/c 11706/9946 11701/11701/9945) [42,6,27]/[42] r=0 lpr=11701 pi=9945-11700/11 bft=6,27 crt=6840'31228 lcod 0'0 mlcod 0'0 active+undersized+degraded+remapped] on activate: bft=6,27 from 0//0//-1 -6378>
2014-09-18 18:08:29.316818 7f4c97241700 5 osd.42 pg_epoch: 11707 pg[2.410( v 6840'31228 (4052'27523,6840'31228] local-les=11706 n=527 ec=188 les/c 11706/9946 11701/11701/9945) [42,6,27]/[42] r=0 lpr=11701 pi=9945-11700/11 bft=6,27 crt=6840'31228 lcod 0'0 mlcod 0'0 active+undersized+degraded+remapped] target shard 6 from 0//0//-1 -6377>
2014-09-18 18:08:29.316832 7f4c97241700 5 osd.42 pg_epoch: 11707 pg[2.410( v 6840'31228 (4052'27523,6840'31228] local-les=11706 n=527 ec=188 les/c 11706/9946 11701/11701/9945) [42,6,27]/[42] r=0 lpr=11701 pi=9945-11700/11 bft=6,27 crt=6840'31228 lcod 0'0 mlcod 0'0 active+undersized+degraded+remapped] target shard 27 from 0//0//-1 -6376>
2014-09-18 18:08:29.316868 7f4c97241700 5 osd.42 pg_epoch: 11707 pg[2.410( v 6840'31228 (4052'27523,6840'31228] local-les=11706 n=527 ec=188 les/c 11706/9946 11701/11701/9945) [42,6,27]/[42] r=0 lpr=11701 pi=9945-11700/11 bft=6,27 crt=6840'31228 lcod 0'0 mlcod 0'0 active+undersized+degraded+remapped] exit Started/Primary/Active/Activating 0.986188 10 0.001622 -6375>
2014-09-18 18:08:29.316884 7f4c97241700 5 osd.42 pg_epoch: 11707 pg[2.410( v 6840'31228 (4052'27523,6840'31228] local-les=11706 n=527 ec=188 les/c 11706/9946 11701/11701/9945) [42,6,27]/[42] r=0 lpr=11701 pi=9945-11700/11 bft=6,27 crt=6840'31228 lcod 0'0 mlcod 0'0 active+undersized+degraded+remapped] enter Started/Primary/Active/WaitLocalBackfillReserved -6374>
2014-09-18 18:08:29.355989 7f4c9f251700 1 -- 10.242.42.178:6807/2483 <== osd.4 10.242.42.164:6819/22324 1276 ==== pg_notify(2.4f6(15) epoch 11707) v5 ==== 1543+0+0 (2557559339 0 0) 0xf097c20 con 0x1f102840 -6373>
2014-09-18 18:08:29.356017 7f4c9f251700 5 -- op tracker -- , seq: 85856, time:
2014-09-18 18:08:29.355894, event: header_read, op: pg_notify(2.4f6(15) epoch 11707) -6372>
2014-09-18 18:08:29.356032 7f4c9f251700 5 -- op tracker -- , seq: 85856, time:
2014-09-18 18:08:29.355897, event: throttled, op: pg_notify(2.4f6(15) epoch 11707) -6371>
2014-09-18 18:08:29.356041 7f4c9f251700 5 -- op tracker -- , seq: 85856, time:
2014-09-18 18:08:29.355967, event: all_read, op: pg_notify(2.4f6(15) epoch 11707) -6370>
2014-09-18 18:08:29.356048 7f4c9f251700 5 -- op tracker -- , seq: 85856, time:
2014-09-18 18:08:29.356010, event: dispatched, op: pg_notify(2.4f6(15) epoch 11707) -6369>
2014-09-18 18:08:29.356056 7f4c9f251700 5 -- op tracker -- , seq: 85856, time:
2014-09-18 18:08:29.356055, event: waiting_for_osdmap, op: pg_notify(2.4f6(15) epoch 11707) -6368>
2014-09-18 18:08:29.356067 7f4c9f251700 5 -- op tracker -- , seq: 85856, time:
2014-09-18 18:08:29.356065, event: started, op: pg_notify(2.4f6(15) epoch 11707) -6367>
2014-09-18 18:08:29.356091 7f4c9f251700 5 -- op tracker -- , seq: 85856, time:
2014-09-18 18:08:29.356090, event: done, op: pg_notify(2.4f6(15) epoch 11707) -6366>
2014-09-18 18:08:29.370786 7f4c9f251700 1 -- 10.242.42.178:6807/2483 <== osd.47 10.242.42.164:6831/25184 337 ==== pg_notify(2.719(17) epoch 11706) v5 ==== 1601+0+0 (1834606333 0 0) 0xf2b0940 con 0x12562260 -6365>
2014-09-18 18:08:29.370817 7f4c9f251700 5 -- op tracker -- , seq: 85857, time:
2014-09-18 18:08:29.370668, event: header_read, op: pg_notify(2.719(17) epoch 11706) -6364>
2014-09-18 18:08:29.370834 7f4c9f251700 5 -- op tracker -- , seq: 85857, time:
2014-09-18 18:08:29.370671, event: throttled, op: pg_notify(2.719(17) epoch 11706) -6363>
2014-09-18 18:08:29.370842 7f4c9f251700 5 -- op tracker -- , seq: 85857, time:
2014-09-18 18:08:29.370739, event: all_read, op: pg_notify(2.719(17) epoch 11706) -6362>
2014-09-18 18:08:29.370850 7f4c9f251700 5 -- op tracker -- , seq: 85857, time:
2014-09-18 18:08:29.370810, event: dispatched, op: pg_notify(2.719(17) epoch 11706) -6361>
2014-09-18 18:08:29.370859 7f4c9f251700 5 -- op tracker -- , seq: 85857, time:
2014-09-18 18:08:29.370857, event: waiting_for_osdmap, op: pg_notify(2.719(17) epoch 11706) -6360>
2014-09-18 18:08:29.370869 7f4c9f251700 5 -- op tracker -- , seq: 85857, time:
2014-09-18 18:08:29.370868, event: started, op: pg_notify(2.719(17) epoch 11706) -6359>
2014-09-18 18:08:29.370894 7f4c9f251700 5 -- op tracker -- , seq: 85857, time:
2014-09-18 18:08:29.370893, event: done, op: pg_notify(2.719(17) epoch 11706) -6358>
2014-09-18 18:08:29.387827 7f4c9f251700 1 -- 10.242.42.178:6807/2483 <== osd.47 10.242.42.164:6831/25184 338 ==== pg_notify(2.719(17) epoch 11707) v5 ==== 1601+0+0 (2205226650 0 0) 0x11739680 con 0x12562260 -6357>
2014-09-18 18:08:29.387847 7f4c9f251700 5 -- op tracker -- , seq: 85858, time:
2014-09-18 18:08:29.387726, event: header_read, op: pg_notify(2.719(17) epoch 11707) -6356>
2014-09-18 18:08:29.387862 7f4c9f251700 5 -- op tracker -- , seq: 85858, time:
2014-09-18 18:08:29.387727, event: throttled, op: pg_notify(2.719(17) epoch 11707) -6355>
2014-09-18 18:08:29.387870 7f4c9f251700 5 -- op tracker -- , seq: 85858, time:
2014-09-18 18:08:29.387806, event: all_read, op: pg_notify(2.719(17) epoch 11707) -6354>
2014-09-18 18:08:29.387877 7f4c9f251700 5 -- op tracker -- , seq: 85858, time:
2014-09-18 18:08:29.387843, event: dispatched, op: pg_notify(2.719(17) epoch 11707) -6353>
2014-09-18 18:08:29.387884 7f4c9f251700 5 -- op tracker -- , seq: 85858, time:
2014-09-18 18:08:29.387883, event: waiting_for_osdmap, op: pg_notify(2.719(17) epoch 11707) -6352>
2014-09-18 18:08:29.387893 7f4c9f251700 5 -- op tracker -- , seq: 85858, time:
2014-09-18 18:08:29.387891, event: started, op: pg_notify(2.719(17) epoch 11707) -6351>
2014-09-18 18:08:29.387913 7f4c9f251700 5 -- op tracker -- , seq: 85858, time:
2014-09-18 18:08:29.387912, event: done, op: pg_notify(2.719(17) epoch 11707) -6350>
2014-09-18 18:08:29.439303 7f4c9b249700 1 -- 10.242.42.178:6811/2483 <== osd.37 10.242.42.168:0/18319 104 ==== osd_ping(ping e11707 stamp
2014-09-18 18:08:29.305897) v2 ==== 47+0+0 (1930642079 0 0) 0x1173b660 con 0x11ffdce0 -6349>
2014-09-18 18:08:29.439345 7f4c9b249700 1 -- 10.242.42.178:6811/2483 --> 10.242.42.168:0/18319 -- osd_ping(ping_reply e11707 stamp
2014-09-18 18:08:29.305897) v2 -- ?+0 0xf09b2c0 con 0x11ffdce0 -6348>
2014-09-18 18:08:29.439343 7f4c9ca4c700 1 -- 10.242.42.178:6813/2483 <== osd.37 10.242.42.168:0/18319 104 ==== osd_ping(ping e11707 stamp
2014-09-18 18:08:29.305897) v2 ==== 47+0+0 (1930642079 0 0) 0xf09e780 con 0x110bb860 -6347>
2014-09-18 18:08:29.439385 7f4c9ca4c700 1 -- 10.242.42.178:6813/2483 --> 10.242.42.168:0/18319 -- osd_ping(ping_reply e11707 stamp
2014-09-18 18:08:29.305897) v2 -- ?+0 0xe76c960 con 0x110bb860 -6346>
2014-09-18 18:08:29.454534 7f4c9f251700 1 -- 10.242.42.178:6807/2483 <== osd.6 10.242.42.166:6808/22481 5078 ==== pg_notify(2.62(44) epoch 11707) v5 ==== 3220+0+0 (1267055609 0 0) 0x2b923a40 con 0x1088aec0 -6345>
2014-09-18 18:08:29.454581 7f4c9f251700 5 -- op tracker -- , seq: 85859, time:
2014-09-18 18:08:29.454423, event: header_read, op: pg_notify(2.62(44) epoch 11707) -6344>
2014-09-18 18:08:29.454604 7f4c9f251700 5 -- op tracker -- , seq: 85859, time:
2014-09-18 18:08:29.454425, event: throttled, op: pg_notify(2.62(44) epoch 11707) -6343>
2014-09-18 18:08:29.454610 7f4c9f251700 5 -- op tracker -- , seq: 85859, time:
2014-09-18 18:08:29.454515, event: all_read, op: pg_notify(2.62(44) epoch 11707) -6342>
2014-09-18 18:08:29.454619 7f4c9f251700 5 -- op tracker -- , seq: 85859, time:
2014-09-18 18:08:29.454574, event: dispatched, op: pg_notify(2.62(44) epoch 11707) -6341>
2014-09-18 18:08:29.454639 7f4c9f251700 5 -- op tracker -- , seq: 85859, time:
2014-09-18 18:08:29.454638, event: waiting_for_osdmap, op: pg_notify(2.62(44) epoch 11707) -6340>
2014-09-18 18:08:29.454653 7f4c9f251700 5 -- op tracker -- , seq: 85859, time:
2014-09-18 18:08:29.454651, event: started, op: pg_notify(2.62(44) epoch 11707) -6339>
2014-09-18 18:08:29.454679 7f4c9f251700 5 -- op tracker -- , seq: 85859, time:
2014-09-18 18:08:29.454677, event: done, op: pg_notify(2.62(44) epoch 11707) -6338>
2014-09-18 18:08:29.457051 7f4c9f251700 1 -- 10.242.42.178:6807/2483 <== osd.6 10.242.42.166:6808/22481 5079 ==== pg_notify(2.3b6(10) epoch 11707) v5 ==== 1260+0+0 (1749223122 0 0) 0xf09f2c0 con 0x1088aec0 -6337>
2014-09-18 18:08:29.457078 7f4c9f251700 5 -- op tracker -- , seq: 85860, time:
2014-09-18 18:08:29.456973, event: header_read, op: pg_notify(2.3b6(10) epoch 11707) -6336>
2014-09-18 18:08:29.457098 7f4c9f251700 5 -- op tracker -- , seq: 85860, time:
2014-09-18 18:08:29.456975, event: throttled, op: pg_notify(2.3b6(10) epoch 11707) -6335>
2014-09-18 18:08:29.457109 7f4c9f251700 5 -- op tracker -- , seq: 85860, time:
2014-09-18 18:08:29.457032, event: all_read, op: pg_notify(2.3b6(10) epoch 11707) -6334>
2014-09-18 18:08:29.457120 7f4c9f251700 5 -- op tracker -- , seq: 85860, time:
2014-09-18 18:08:29.457071, event: dispatched, op: pg_notify(2.3b6(10) epoch 11707) -6333>
2014-09-18 18:08:29.457125 7f4c9f251700 5 -- op tracker -- , seq: 85860, time:
2014-09-18 18:08:29.457124, event: waiting_for_osdmap, op: pg_notify(2.3b6(10) epoch 11707) -6332>
2014-09-18 18:08:29.457135 7f4c9f251700 5 -- op tracker -- , seq: 85860, time:
2014-09-18 18:08:29.457133, event: started, op: pg_notify(2.3b6(10) epoch 11707) -6331>
2014-09-18 18:08:29.457157 7f4c9f251700 5 -- op tracker -- , seq: 85860, time:
2014-09-18 18:08:29.457156, event: done, op: pg_notify(2.3b6(10) epoch 11707) -6330>
2014-09-18 18:08:29.459817 7f4c9f251700 1 -- 10.242.42.178:6807/2483 <== osd.6 10.242.42.166:6808/22481 5080 ==== pg_notify(2.517(11) epoch 11707) v5 ==== 1335+0+0 (986406390 0 0) 0xf09ffe0 con 0x1088aec0 -6329>
2014-09-18 18:08:29.459843 7f4c9f251700 5 -- op tracker -- , seq: 85861, time:
2014-09-18 18:08:29.459707, event: header_read, op: pg_notify(2.517(11) epoch 11707) -6328>
2014-09-18 18:08:29.459861 7f4c9f251700 5 -- op tracker -- , seq: 85861, time:
2014-09-18 18:08:29.459708, event: throttled, op: pg_notify(2.517(11) epoch 11707) -6327>
2014-09-18 18:08:29.459873 7f4c9f251700 5 -- op tracker -- , seq: 85861, time:
2014-09-18 18:08:29.459776, event: all_read, op: pg_notify(2.517(11) epoch 11707) -6326>
2014-09-18 18:08:29.459884 7f4c9f251700 5 -- op tracker -- , seq: 85861, time:
2014-09-18 18:08:29.459836, event: dispatched, op: pg_notify(2.517(11) epoch 11707) -6325>
2014-09-18 18:08:29.459895 7f4c9f251700 5 -- op tracker -- , seq: 85861, time:
2014-09-18 18:08:29.459892, event: waiting_for_osdmap, op: pg_notify(2.517(11) epoch 11707) -6324>
2014-09-18 18:08:29.459917 7f4c9f251700 5 -- op tracker -- , seq: 85861, time:
2014-09-18 18:08:29.459914, event: started, op: pg_notify(2.517(11) epoch 11707) -6323>
2014-09-18 18:08:29.459944 7f4c9f251700 5 -- op tracker -- , seq: 85861, time:
2014-09-18 18:08:29.459942, event: done, op: pg_notify(2.517(11) epoch 11707) -6322>
2014-09-18 18:08:29.552227 7f4c9b249700 1 -- 10.242.42.178:6811/2483 <== osd.39 10.242.42.172:0/2660 1589 ==== osd_ping(ping e11707 stamp
2014-09-18 23:37:18.656246) v2 ==== 47+0+0 (1038745667 0 0) 0xfccb480 con 0x4750840 -6321>
2014-09-18 18:08:29.552266 7f4c9b249700 1 -- 10.242.42.178:6811/2483 --> 10.242.42.172:0/2660 -- osd_ping(ping_reply e11707 stamp
2014-09-18 23:37:18.656246) v2 -- ?+0 0x1173b660 con 0x4750840 -6320>
2014-09-18 18:08:29.552944 7f4c9ca4c700 1 -- 10.242.42.178:6813/2483 <== osd.39 10.242.42.172:0/2660 1589 ==== osd_ping(ping e11707 stamp
2014-09-18 23:37:18.656246) v2 ==== 47+0+0 (1038745667 0 0) 0x11b11840 con 0xec39340 -6319>
2014-09-18 18:08:29.552964 7f4c9ca4c700 1 -- 10.242.42.178:6813/2483 --> 10.242.42.172:0/2660 -- osd_ping(ping_reply e11707 stamp
2014-09-18 23:37:18.656246) v2 -- ?+0 0xf09e780 con 0xec39340 -6318>
2014-09-18 18:08:29.713736 7f4c9f251700 1 -- 10.242.42.178:6807/2483 <== osd.20 10.242.42.172:6822/33871 1721 ==== osd_map(11708..11708 src has 1..11708) v3 ==== 4044+0+0 (1164821003 0 0) 0xef59a80 con 0x4900000 -6317>
2014-09-18 18:08:29.713886 7f4c9f251700 3 osd.42 11707 handle_osd_map epochs [11708,11708], i have 11707, src has [1,11708] -6316>
2014-09-18 18:08:29.716458 7f4c97241700 5 osd.42 pg_epoch: 11708 pg[2.13( v 6725'30144 (4155'27145,6725'30144] local-les=11506 n=484 ec=188 les/c 11506/11491 11504/11505/11490) [9,42,27]/[9,42] r=1 lpr=11505 pi=11258-11504/5 luod=0'0 crt=6705'30135 lcod 0'0 active+remapped] exit Started/ReplicaActive/RepNotRecovering 362.044558 606 0.001478 -6315>
2014-09-18 18:08:29.716519 7f4c97241700 5 osd.42 pg_epoch: 11708 pg[2.13( v 6725'30144 (4155'27145,6725'30144] local-les=11506 n=484 ec=188 les/c 11506/11491 11504/11505/11490) [9,42,27]/[9,42] r=1 lpr=11505 pi=11258-11504/5 luod=0'0 crt=6705'30135 lcod 0'0 active+remapped] exit Started/ReplicaActive 362.044634 0 0.000000 -6314>
2014-09-18 18:08:29.716544 7f4c97241700 5 osd.42 pg_epoch: 11708 pg[2.13( v 6725'30144 (4155'27145,6725'30144] local-les=11506 n=484 ec=188 les/c 11506/11491 11504/11505/11490) [9,42,27]/[9,42] r=1 lpr=11505 pi=11258-11504/5 luod=0'0 crt=6705'30135 lcod 0'0 active+remapped] exit Started 363.064988 0 0.000000 -6313>
2014-09-18 18:08:29.716560 7f4c97241700 5 osd.42 pg_epoch: 11708 pg[2.13( v 6725'30144 (4155'27145,6725'30144] local-les=11506 n=484 ec=188 les/c 11506/11491 11504/11505/11490) [9,42,27]/[9,42] r=1 lpr=11505 pi=11258-11504/5 luod=0'0 crt=6705'30135 lcod 0'0 active+remapped] enter Reset -6312>
2014-09-18 18:08:29.716628 7f4c96a40700 5 osd.42 pg_epoch: 11708 pg[2.178( v 6874'18440 (4157'15439,6874'18440] local-les=11600 n=501 ec=188 les/c 11600/11571 11598/11599/9945) [42,32,9]/[42,9] r=0 lpr=11599 pi=11570-11598/2 bft=32 crt=6810'18431 lcod 0'0 mlcod 0'0 active+undersized+degraded+remapped+wait_backfill] exit Started/Primary/Active/WaitLocalBackfillReserved 146.964923 322 0.002632 -6311>
2014-09-18 18:08:29.716642 7f4c9f251700 1 -- 10.242.42.178:6807/2483 <== osd.20 10.242.42.172:6822/33871 1722 ==== pg_notify(2.e0(79) epoch 11708) v5 ==== 5119+0+0 (2590511559 0 0) 0xf1ecb20 con 0x4900000 -6310>
2014-09-18 18:08:29.716659 7f4c96a40700 5 osd.42 pg_epoch: 11708 pg[2.178( v 6874'18440 (4157'15439,6874'18440] local-les=11600 n=501 ec=188 les/c 11600/11571 11598/11599/9945) [42,32,9]/[42,9] r=0 lpr=11599 pi=11570-11598/2 bft=32 crt=6810'18431 lcod 0'0 mlcod 0'0 active+undersized+degraded+remapped+wait_backfill] exit Started/Primary/Active 147.053241 0 0.000000 -6309>
2014-09-18 18:08:29.716666 7f4c9f251700 5 -- op tracker -- , seq: 85862, time:
2014-09-18 18:08:29.713753, event: header_read, op: pg_notify(2.e0(79) epoch 11708) -6308>
2014-09-18 18:08:29.716676 7f4c9f251700 5 -- op tracker -- , seq: 85862, time:
2014-09-18 18:08:29.713753, event: throttled, op: pg_notify(2.e0(79) epoch 11708) -6307>
2014-09-18 18:08:29.716683 7f4c9f251700 5 -- op tracker -- , seq: 85862, time:
2014-09-18 18:08:29.713854, event: all_read, op: pg_notify(2.e0(79) epoch 11708) -6306>
2014-09-18 18:08:29.716679 7f4c96a40700 5 osd.42 pg_epoch: 11708 pg[2.178( v 6874'18440 (4157'15439,6874'18440] local-les=11600 n=501 ec=188 les/c 11600/11571 11598/11599/9945) [42,32,9]/[42,9] r=0 lpr=11599 pi=11570-11598/2 bft=32 crt=6810'18431 lcod 0'0 mlcod 0'0 active+remapped] exit Started/Primary 148.047358 0 0.000000 -6305>
2014-09-18 18:08:29.716689 7f4c9f251700 5 -- op tracker -- , seq: 85862, time:
2014-09-18 18:08:29.716663, event: dispatched, op: pg_notify(2.e0(79) epoch 11708) -6304>
2014-09-18 18:08:29.716704 7f4c9f251700 5 -- op tracker -- , seq: 85862, time:
2014-09-18 18:08:29.716703, event: waiting_for_osdmap, op: pg_notify(2.e0(79) epoch 11708) -6303>
2014-09-18 18:08:29.716697 7f4c96a40700 5 osd.42 pg_epoch: 11708 pg[2.178( v 6874'18440 (4157'15439,6874'18440] local-les=11600 n=501 ec=188 les/c 11600/11571 11598/11599/9945) [42,32,9]/[42,9] r=0 lpr=11599 pi=11570-11598/2 bft=32 crt=6810'18431 lcod 0'0 mlcod 0'0 active+remapped] exit Started 148.047417 0 0.000000 -6302>
2014-09-18 18:08:29.716711 7f4c9f251700 5 -- op tracker -- , seq: 85862, time:
2014-09-18 18:08:29.716710, event: started, op: pg_notify(2.e0(79) epoch 11708) -6301>
2014-09-18 18:08:29.716725 7f4c9f251700 5 -- op tracker -- , seq: 85862, time:
2014-09-18 18:08:29.716723, event: done, op: pg_notify(2.e0(79) epoch 11708) -6300>
2014-09-18 18:08:29.716711 7f4c96a40700 5 osd.42 pg_epoch: 11708 pg[2.178( v 6874'18440 (4157'15439,6874'18440] local-les=11600 n=501 ec=188 les/c 11600/11571 11598/11599/9945) [42,32,9]/[42,9] r=0 lpr=11599 pi=11570-11598/2 bft=32 crt=6810'18431 lcod 0'0 mlcod 0'0 active+remapped] enter Reset -6299>
2014-09-18 18:08:29.716909 7f4c96a40700 5 osd.42 pg_epoch: 11708 pg[2.178( v 6874'18440 (4157'15439,6874'18440] local-les=11600 n=501 ec=188 les/c 11600/11571 11708/11708/9945) [42,32,20]/[42,9] r=0 lpr=11708 pi=11570-11707/3 crt=6810'18431 lcod 0'0 mlcod 0'0 remapped] exit Reset 0.000198 1 0.000280 -6298>
2014-09-18 18:08:29.716922 7f4c96a40700 5 osd.42 pg_epoch: 11708 pg[2.178( v 6874'18440 (4157'15439,6874'18440] local-les=11600 n=501 ec=188 les/c 11600/11571 11708/11708/9945) [42,32,20]/[42,9] r=0 lpr=11708 pi=11570-11707/3 crt=6810'18431 lcod 0'0 mlcod 0'0 remapped] enter Started -6297>
2014-09-18 18:08:29.716929 7f4c96a40700 5 osd.42 pg_epoch: 11708 pg[2.178( v 6874'18440 (4157'15439,6874'18440] local-les=11600 n=501 ec=188 les/c 11600/11571 11708/11708/9945) [42,32,20]/[42,9] r=0 lpr=11708 pi=11570-11707/3 crt=6810'18431 lcod 0'0 mlcod 0'0 remapped] enter Start -6296>
2014-09-18 18:08:29.716918 7f4c97241700 5 osd.42 pg_epoch: 11708 pg[2.13( v 6725'30144 (4155'27145,6725'30144] local-les=11506 n=484 ec=188 les/c 11506/11491 11708/11708/11490) [20,42,27]/[9,42] r=1 lpr=11708 pi=11258-11707/6 crt=6705'30135 lcod 0'0 remapped NOTIFY] exit Reset 0.000358 1 0.000145 -6295>
2014-09-18 18:08:29.716935 7f4c96a40700 1 osd.42 pg_epoch: 11708 pg[2.178( v 6874'18440 (4157'15439,6874'18440] local-les=11600 n=501 ec=188 les/c 11600/11571 11708/11708/9945) [42,32,20]/[42,9] r=0 lpr=11708 pi=11570-11707/3 crt=6810'18431 lcod 0'0 mlcod 0'0 remapped] state: transitioning to Primary -6294>
2014-09-18 18:08:29.716939 7f4c97241700 5 osd.42 pg_epoch: 11708 pg[2.13( v 6725'30144 (4155'27145,6725'30144] local-les=11506 n=484 ec=188 les/c 11506/11491 11708/11708/11490) [20,42,27]/[9,42] r=1 lpr=11708 pi=11258-11707/6 crt=6705'30135 lcod 0'0 remapped NOTIFY] enter Started -6293>
2014-09-18 18:08:29.716943 7f4c96a40700 5 osd.42 pg_epoch: 11708 pg[2.178( v 6874'18440 (4157'15439,6874'18440] local-les=11600 n=501 ec=188 les/c 11600/11571 11708/11708/9945) [42,32,20]/[42,9] r=0 lpr=11708 pi=11570-11707/3 crt=6810'18431 lcod 0'0 mlcod 0'0 remapped] exit Start 0.000014 0 0.000000 -6292>
2014-09-18 18:08:29.716952 7f4c96a40700 5 osd.42 pg_epoch: 11708 pg[2.178( v 6874'18440 (4157'15439,6874'18440] local-les=11600 n=501 ec=188 les/c 11600/11571 11708/11708/9945) [42,32,20]/[42,9] r=0 lpr=11708 pi=11570-11707/3 crt=6810'18431 lcod 0'0 mlcod 0'0 remapped] enter Started/Primary -6291>
2014-09-18 18:08:29.716950 7f4c97241700 5 osd.42 pg_epoch: 11708 pg[2.13( v 6725'30144 (4155'27145,6725'30144] local-les=11506 n=484 ec=188 les/c 11506/11491 11708/11708/11490) [20,42,27]/[9,42] r=1 lpr=11708 pi=11258-11707/6 crt=6705'30135 lcod 0'0 remapped NOTIFY] enter Start -6290>
2014-09-18 18:08:29.716962 7f4c96a40700 5 osd.42 pg_epoch: 11708 pg[2.178( v 6874'18440 (4157'15439,6874'18440] local-les=11600 n=501 ec=188 les/c 11600/11571 11708/11708/9945) [42,32,20]/[42,9] r=0 lpr=11708 pi=11570-11707/3 crt=6810'18431 lcod 0'0 mlcod 0'0 remapped] enter Started/Primary/Peering -6289>
2014-09-18 18:08:29.716964 7f4c97241700 1 osd.42 pg_epoch: 11708 pg[2.13( v 6725'30144 (4155'27145,6725'30144] local-les=11506 n=484 ec=188 les/c 11506/11491 11708/11708/11490) [20,42,27]/[9,42] r=1 lpr=11708 pi=11258-11707/6 crt=6705'30135 lcod 0'0 remapped NOTIFY] state: transitioning to Stray -6288>
2014-09-18 18:08:29.716971 7f4c96a40700 5 osd.42 pg_epoch: 11708 pg[2.178( v 6874'18440 (4157'15439,6874'18440] local-les=11600 n=501 ec=188 les/c 11600/11571 11708/11708/9945) [42,32,20]/[42,9] r=0 lpr=11708 pi=11570-11707/3 crt=6810'18431 lcod 0'0 mlcod 0'0 remapped+peering] enter Started/Primary/Peering/GetInfo -6287>
2014-09-18 18:08:29.716985 7f4c97241700 5 osd.42 pg_epoch: 11708 pg[2.13( v 6725'30144 (4155'27145,6725'30144] local-les=11506 n=484 ec=188 les/c 11506/11491 11708/11708/11490) [20,42,27]/[9,42] r=1 lpr=11708 pi=11258-11707/6 crt=6705'30135 lcod 0'0 remapped NOTIFY] exit Start 0.000035 0 0.000000 -6286>
2014-09-18 18:08:29.717002 7f4c97241700 5 osd.42 pg_epoch: 11708 pg[2.13( v 6725'30144 (4155'27145,6725'30144] local-les=11506 n=484 ec=188 les/c 11506/11491 11708/11708/11490) [20,42,27]/[9,42] r=1 lpr=11708 pi=11258-11707/6 crt=6705'30135 lcod 0'0 remapped NOTIFY] enter Started/Stray -6285>
2014-09-18 18:08:29.717269 7f4c96a40700 5 osd.42 pg_epoch: 11708 pg[2.179( v 6752'29654 (4088'25910,6752'29654] local-les=11485 n=519 ec=188 les/c 11485/10657 11482/11482/9945) [42,6,57]/[42,57] r=0 lpr=11482 pi=10656-11481/9 bft=6 crt=6752'29654 lcod 0'0 mlcod 0'0 active+undersized+degraded+remapped+wait_backfill] exit Started/Primary/Active/WaitRemoteBackfillReserved 148.708716 328 0.001783 -6284>
2014-09-18 18:08:29.717398 7f4c96a40700 5 osd.42 pg_epoch: 11708 pg[2.179( v 6752'29654 (4088'25910,6752'29654] local-les=11485 n=519 ec=188 les/c 11485/10657 11482/11482/9945) [42,6,57]/[42,57] r=0 lpr=11482 pi=10656-11481/9 bft=6 crt=6752'29654 lcod 0'0 mlcod 0'0 active+undersized+degraded+remapped+wait_backfill] exit Started/Primary/Active 383.529627 0 0.000000 -6283>
2014-09-18 18:08:29.717429 7f4c97241700 5 osd.42 pg_epoch: 11708 pg[0.12( empty local-les=11409 n=0 ec=1 les/c 11409/11411 11406/11406/11015) [6,42,27] r=1 lpr=11406 pi=3487-11405/26 crt=0'0 active] exit Started/ReplicaActive/RepNotRecovering 478.541312 898 0.001358 -6282>
2014-09-18 18:08:29.717446 7f4c97241700 5 osd.42 pg_epoch: 11708 pg[0.12( empty local-les=11409 n=0 ec=1 les/c 11409/11411 11406/11406/11015) [6,42,27] r=1 lpr=11406 pi=3487-11405/26 crt=0'0 active] exit Started/ReplicaActive 478.541340 0 0.000000 -6281>
2014-09-18 18:08:29.717460 7f4c97241700 5 osd.42 pg_epoch: 11708 pg[0.12( empty local-les=11409 n=0 ec=1 les/c 11409/11411 11406/11406/11015) [6,42,27] r=1 lpr=11406 pi=3487-11405/26 crt=0'0 active] exit Started 482.088029 0 0.000000 -6280>
2014-09-18 18:08:29.717471 7f4c97241700 5 osd.42 pg_epoch: 11708 pg[0.12( empty local-les=11409 n=0 ec=1 les/c 11409/11411 11406/11406/11015) [6,42,27] r=1 lpr=11406 pi=3487-11405/26 crt=0'0 active] enter Reset -6279>
2014-09-18 18:08:29.717421 7f4c96a40700 5 osd.42 pg_epoch: 11708 pg[2.179( v 6752'29654 (4088'25910,6752'29654] local-les=11485 n=519 ec=188 les/c 11485/10657 11482/11482/9945) [42,6,57]/[42,57] r=0 lpr=11482 pi=10656-11481/9 bft=6 crt=6752'29654 lcod 0'0 mlcod 0'0 active+remapped] exit Started/Primary 386.752746 0 0.000000 -6278>
2014-09-18 18:08:29.717485 7f4c96a40700 5 osd.42 pg_epoch: 11708 pg[2.179( v 6752'29654 (4088'25910,6752'29654] local-les=11485 n=519 ec=188 les/c 11485/10657 11482/11482/9945) [42,6,57]/[42,57] r=0 lpr=11482 pi=10656-11481/9 bft=6 crt=6752'29654 lcod 0'0 mlcod 0'0 active+remapped] exit Started 386.752860 0 0.000000 -6277>
2014-09-18 18:08:29.717499 7f4c96a40700 5 osd.42 pg_epoch: 11708 pg[2.179( v 6752'29654 (4088'25910,6752'29654] local-les=11485 n=519 ec=188 les/c 11485/10657 11482/11482/9945) [42,6,57]/[42,57] r=0 lpr=11482 pi=10656-11481/9 bft=6 crt=6752'29654 lcod 0'0 mlcod 0'0 active+remapped] enter Reset -6276>
2014-09-18 18:08:29.717539 7f4c97241700 5 osd.42 pg_epoch: 11708 pg[0.12( empty local-les=11409 n=0 ec=1 les/c 11409/11411 11708/11708/11708) [9,42,27] r=1 lpr=11708 pi=3487-11707/27 crt=0'0 inactive NOTIFY] exit Reset 0.000067 1 0.000081 -6275>
2014-09-18 18:08:29.717552 7f4c97241700 5 osd.42 pg_epoch: 11708 pg[0.12( empty local-les=11409 n=0 ec=1 les/c 11409/11411 11708/11708/11708) [9,42,27] r=1 lpr=11708 pi=3487-11707/27 crt=0'0 inactive NOTIFY] enter Started -6274>
2014-09-18 18:08:29.717564 7f4c97241700 5 osd.42 pg_epoch: 11708 pg[0.12( empty local-les=11409 n=0 ec=1 les/c 11409/11411 11708/11708/11708) [9,42,27] r=1 lpr=11708 pi=3487-11707/27 crt=0'0 inactive NOTIFY] enter Start -6273>
2014-09-18 18:08:29.717574 7f4c97241700 1 osd.42 pg_epoch: 11708 pg[0.12( empty local-les=11409 n=0 ec=1 les/c 11409/11411 11708/11708/11708) [9,42,27] r=1 lpr=11708 pi=3487-11707/27 crt=0'0 inactive NOTIFY] state: transitioning to Stray -6272>
2014-09-18 18:08:29.717586 7f4c97241700 5 osd.42 pg_epoch: 11708 pg[0.12( empty local-les=11409 n=0 ec=1 les/c 11409/11411 11708/11708/11708) [9,42,27] r=1 lpr=11708 pi=3487-11707/27 crt=0'0 inactive NOTIFY] exit Start 0.000023 0 0.000000 -6271>
2014-09-18 18:08:29.717598 7f4c97241700 5 osd.42 pg_epoch: 11708 pg[0.12( empty local-les=11409 n=0 ec=1 les/c 11409/11411 11708/11708/11708) [9,42,27] r=1 lpr=11708 pi=3487-11707/27 crt=0'0 inactive NOTIFY] enter Started/Stray -6270>
2014-09-18 18:08:29.717704 7f4c96a40700 5 osd.42 pg_epoch: 11708 pg[2.179( v 6752'29654 (4088'25910,6752'29654] local-les=11485 n=519 ec=188 les/c 11485/10657 11708/11708/9945) [42,35,57]/[42,57] r=0 lpr=11708 pi=10656-11707/10 crt=6752'29654 lcod 0'0 mlcod 0'0 remapped] exit Reset 0.000205 1 0.000434 -6269>
2014-09-18 18:08:29.717720 7f4c96a40700 5 osd.42 pg_epoch: 11708 pg[2.179( v 6752'29654 (4088'25910,6752'29654] local-les=11485 n=519 ec=188 les/c 11485/10657 11708/11708/9945) [42,35,57]/[42,57] r=0 lpr=11708 pi=10656-11707/10 crt=6752'29654 lcod 0'0 mlcod 0'0 remapped] enter Started -6268>
2014-09-18 18:08:29.717745 7f4c96a40700 5 osd.42 pg_epoch: 11708 pg[2.179( v 6752'29654 (4088'25910,6752'29654] local-les=11485 n=519 ec=188 les/c 11485/10657 11708/11708/9945) [42,35,57]/[42,57] r=0 lpr=11708 pi=10656-11707/10 crt=6752'29654 lcod 0'0 mlcod 0'0 remapped] enter Start -6267>
2014-09-18 18:08:29.717760 7f4c96a40700 1 osd.42 pg_epoch: 11708 pg[2.179( v 6752'29654 (4088'25910,6752'29654] local-les=11485 n=519 ec=188 les/c 11485/10657 11708/11708/9945) [42,35,57]/[42,57] r=0 lpr=11708 pi=10656-11707/10 crt=6752'29654 lcod 0'0 mlcod 0'0 remapped] state: transitioning to Primary -6266>
2014-09-18 18:08:29.717771 7f4c96a40700 5 osd.42 pg_epoch: 11708 pg[2.179( v 6752'29654 (4088'25910,6752'29654] local-les=11485 n=519 ec=188 les/c 11485/10657 11708/11708/9945) [42,35,57]/[42,57] r=0 lpr=11708 pi=10656-11707/10 crt=6752'29654 lcod 0'0 mlcod 0'0 remapped] exit Start 0.000026 0 0.000000 -6265>
2014-09-18 18:08:29.717782 7f4c96a40700 5 osd.42 pg_epoch: 11708 pg[2.179( v 6752'29654 (4088'25910,6752'29654] local-les=11485 n=519 ec=188 les/c 11485/10657 11708/11708/9945) [42,35,57]/[42,57] r=0 lpr=11708 pi=10656-11707/10 crt=6752'29654 lcod 0'0 mlcod 0'0 remapped] enter Started/Primary -6264>
2014-09-18 18:08:29.717791 7f4c96a40700 5 osd.42 pg_epoch: 11708 pg[2.179( v 6752'29654 (4088'25910,6752'29654] local-les=11485 n=519 ec=188 les/c 11485/10657 11708/11708/9945) [42,35,57]/[42,57] r=0 lpr=11708 pi=10656-11707/10 crt=6752'29654 lcod 0'0 mlcod 0'0 remapped] enter Started/Primary/Peering -6263>
2014-09-18 18:08:29.717801 7f4c96a40700 5 osd.42 pg_epoch: 11708 pg[2.179( v 6752'29654 (4088'25910,6752'29654] local-les=11485 n=519 ec=188 les/c 11485/10657 11708/11708/9945) [42,35,57]/[42,57] r=0 lpr=11708 pi=10656-11707/10 crt=6752'29654 lcod 0'0 mlcod 0'0 remapped+peering] enter Started/Primary/Peering/GetInfo -6262>
2014-09-18 18:08:29.718517 7f4c97241700 1 -- 10.242.42.178:6807/2483 --> 10.242.42.166:6826/24959 -- osd_map(11708..11708 src has 1..11708) v3 -- ?+0 0xe2ef600 con 0x1395ec60 -6261>
2014-09-18 18:08:29.718564 7f4c97241700 1 -- 10.242.42.178:6807/2483 --> 10.242.42.166:6826/24959 -- pg_notify(2.13(6),0.12(27) epoch 11708) v5 -- ?+0 0xe9590c0 con 0x1395ec60 -6260>
2014-09-18 18:08:29.718580 7f4c97241700 1 -- 10.242.42.178:6807/2483 --> 10.242.42.168:6840/1010879 -- osd_map(11708..11708 src has 1..11708) v3 -- ?+0 0x24d1a480 con 0x140f95a0 -6259>
2014-09-18 18:08:29.718593 7f4c97241700 1 -- 10.242.42.178:6807/2483 --> 10.242.42.168:6840/1010879 -- pg_notify(2.30f(10) epoch 11708) v5 -- ?+0 0xe959840 con 0x140f95a0 -6258>
2014-09-18 18:08:29.718578 7f4c9f251700 1 -- 10.242.42.178:6807/2483 <== osd.27 10.242.42.174:6801/21548 923 ==== osd_map(11708..11708 src has 1..11708) v3 ==== 4044+0+0 (1164821003 0 0) 0x19df1f80 con 0x1395f8c0 -6257>
2014-09-18 18:08:29.718645 7f4c9f251700 3 osd.42 11708 handle_osd_map epochs [11708,11708], i have 11708, src has [1,11708] -6256>
2014-09-18 18:08:29.718695 7f4c97241700 1 -- 10.242.42.178:6807/2483 --> 10.242.42.176:6829/1204 -- osd_map(11708..11708 src has 1..11708) v3 -- ?+0 0x24d1a900 con 0x1395edc0 -6255>
2014-09-18 18:08:29.718712 7f4c97241700 1 -- 10.242.42.178:6807/2483 --> 10.242.42.176:6829/1204 -- pg_notify(2.6b3(79) epoch 11708) v5 -- ?+0 0x21cfa1e0 con 0x1395edc0 -6254>
2014-09-18 18:08:29.718764 7f4c97241700 1 -- 10.242.42.178:6807/2483 --> 10.242.42.178:6817/7086 -- osd_map(11708..11708 src has 1..11708) v3 -- ?+0 0x15e32f40 con 0x1395f1e0 -6253>
2014-09-18 18:08:29.718780 7f4c97241700 1 -- 10.242.42.178:6807/2483 --> 10.242.42.178:6817/7086 -- pg_notify(2.3c6(23) epoch 11708) v5 -- ?+0 0x21cfba40 con 0x1395f1e0 -6252>
2014-09-18 18:08:29.718807 7f4c96a40700 10 monclient: _send_mon_message to mon.rack2-ram-3 at 10.242.42.188:6789/0 -6251>
2014-09-18 18:08:29.718826 7f4c96a40700 1 -- 10.242.42.178:6801/2483 --> 10.242.42.188:6789/0 -- osd_alive(want up_thru 11708 have 11708) v1 -- ?+0 0xda31660 con 0x111771e0 -6250>
2014-09-18 18:08:29.718861 7f4c96a40700 1 -- 10.242.42.178:6807/2483 --> 10.242.42.168:6840/1010879 -- pg_notify(2.5a2(13) epoch 11708) v5 -- ?+0 0xda30ee0 con 0x140f95a0 -6249>
2014-09-18 18:08:29.718880 7f4c96a40700 1 -- 10.242.42.178:6807/2483 --> 10.242.42.166:6826/24959 -- pg_query(2.178 epoch 11708) v3 -- ?+0 0x1247d0e0 con 0x1395ec60 -6248>
2014-09-18 18:08:29.718899 7f4c96a40700 1 -- 10.242.42.178:6807/2483 --> 10.242.42.172:6822/33871 -- osd_map(11708..11708 src has 1..11708) v3 -- ?+0 0x10d19180 con 0x4900000 -6247>
2014-09-18 18:08:29.718915 7f4c96a40700 1 -- 10.242.42.178:6807/2483 --> 10.242.42.172:6822/33871 -- pg_query(2.178 epoch 11708) v3 -- ?+0 0x1247ed00 con 0x4900000 -6246>
2014-09-18 18:08:29.718929 7f4c96a40700 1 -- 10.242.42.178:6807/2483 --> 10.242.42.176:6814/1099 -- osd_map(11708..11708 src has 1..11708) v3 -- ?+0 0x10d18d00 con 0x1395ef20 -6245>
2014-09-18 18:08:29.718946 7f4c96a40700 1 -- 10.242.42.178:6807/2483 --> 10.242.42.176:6814/1099 -- pg_query(2.178 epoch 11708) v3 -- ?+0 0x1247c780 con 0x1395ef20 -6244>
2014-09-18 18:08:29.718930 7f4c97241700 5 osd.42 pg_epoch: 11708 pg[2.756( v 6789'26114 (4075'22603,6789'26114] local-les=11702 n=512 ec=188 les/c 11702/10658 11701/11701/10657) [9,13,30]/[13,42] r=1 lpr=11701 pi=9952-11700/26 luod=0'0 crt=6789'26114 active+remapped] exit Started/ReplicaActive/RepNotRecovering 5.795304 18 0.000458 -6243>
2014-09-18 18:08:29.719000 7f4c97241700 5 osd.42 pg_epoch: 11708 pg[2.756( v 6789'26114 (4075'22603,6789'26114] local-les=11702 n=512 ec=188 les/c 11702/10658 11701/11701/10657) [9,13,30]/[13,42] r=1 lpr=11701 pi=9952-11700/26 luod=0'0 crt=6789'26114 active+remapped] exit Started/ReplicaActive 5.795447 0 0.000000 -6242>
2014-09-18 18:08:29.719013 7f4c97241700 5 osd.42 pg_epoch: 11708 pg[2.756( v 6789'26114 (4075'22603,6789'26114] local-les=11702 n=512 ec=188 les/c 11702/10658 11701/11701/10657) [9,13,30]/[13,42] r=1 lpr=11701 pi=9952-11700/26 luod=0'0 crt=6789'26114 active+remapped] exit Started 6.807533 0 0.000000 -6241>
2014-09-18 18:08:29.719023 7f4c97241700 5 osd.42 pg_epoch: 11708 pg[2.756( v 6789'26114 (4075'22603,6789'26114] local-les=11702 n=512 ec=188 les/c 11702/10658 11701/11701/10657) [9,13,30]/[13,42] r=1 lpr=11701 pi=9952-11700/26 luod=0'0 crt=6789'26114 active+remapped] enter Reset -6240>
2014-09-18 18:08:29.719042 7f4c96a40700 1 -- 10.242.42.178:6807/2483 --> 10.242.42.164:6811/17421 -- osd_map(11708..11708 src has 1..11708) v3 -- ?+0 0x10d19a80 con 0xcbecec0 -6239>
2014-09-18 18:08:29.718842 7f4c9f251700 1 -- 10.242.42.178:6807/2483 <== osd.27 10.242.42.174:6801/21548 924 ==== pg_notify(2.78f(155) epoch 11708) v5 ==== 9335+0+0 (4194529238 0 0) 0xe0c9660 con 0x1395f8c0 -6238>
2014-09-18 18:08:29.719064 7f4c96a40700 1 -- 10.242.42.178:6807/2483 --> 10.242.42.164:6811/17421 -- pg_query(2.179 epoch 11708) v3 -- ?+0 0x1247dfe0 con 0xcbecec0 -6237>
2014-09-18 18:08:29.719074 7f4c9f251700 5 -- op tracker -- , seq: 85863, time:
2014-09-18 18:08:29.718663, event: header_read, op: pg_notify(2.78f(155) epoch 11708) -6236>
2014-09-18 18:08:29.719077 7f4c96a40700 1 -- 10.242.42.178:6807/2483 --> 10.242.42.176:6801/988 -- osd_map(11708..11708 src has 1..11708) v3 -- ?+0 0x10d18640 con 0x1395f080 -6235>
2014-09-18 18:08:29.719084 7f4c9f251700 5 -- op tracker -- , seq: 85863, time:
2014-09-18 18:08:29.718664, event: throttled, op: pg_notify(2.78f(155) epoch 11708) -6234>
2014-09-18 18:08:29.719090 7f4c9f251700 5 -- op tracker -- , seq: 85863, time:
2014-09-18 18:08:29.718826, event: all_read, op: pg_notify(2.78f(155) epoch 11708) -6233>
2014-09-18 18:08:29.719090 7f4c96a40700 1 -- 10.242.42.178:6807/2483 --> 10.242.42.176:6801/988 -- pg_query(2.179 epoch 11708) v3 -- ?+0 0x1247d2c0 con 0x1395f080 -6232>
2014-09-18 18:08:29.719097 7f4c9f251700 5 -- op tracker -- , seq: 85863, time:
2014-09-18 18:08:29.719068, event: dispatched, op: pg_notify(2.78f(155) epoch 11708) -6231>
2014-09-18 18:08:29.719104 7f4c9f251700 5 -- op tracker -- , seq: 85863, time:
2014-09-18 18:08:29.719102, event: waiting_for_osdmap, op: pg_notify(2.78f(155) epoch 11708) -6230>
2014-09-18 18:08:29.719100 7f4c97241700 5 osd.42 pg_epoch: 11708 pg[2.756( v 6789'26114 (4075'22603,6789'26114] local-les=11702 n=512 ec=188 les/c 11702/10658 11708/11708/10657) [9,30,51]/[13,42] r=1 lpr=11708 pi=9952-11707/27 crt=6789'26114 remapped NOTIFY] exit Reset 0.000077 1 0.000136 -6229>
2014-09-18 18:08:29.719114 7f4c9f251700 5 -- op tracker -- , seq: 85863, time:
2014-09-18 18:08:29.719111, event: started, op: pg_notify(2.78f(155) epoch 11708) -6228>
2014-09-18 18:08:29.719114 7f4c97241700 5 osd.42 pg_epoch: 11708 pg[2.756( v 6789'26114 (4075'22603,6789'26114] local-les=11702 n=512 ec=188 les/c 11702/10658 11708/11708/10657) [9,30,51]/[13,42] r=1 lpr=11708 pi=9952-11707/27 crt=6789'26114 remapped NOTIFY] enter Started -6227>
2014-09-18 18:08:29.719134 7f4c9f251700 5 -- op tracker -- , seq: 85863, time:
2014-09-18 18:08:29.719132, event: done, op: pg_notify(2.78f(155) epoch 11708) -6226>
2014-09-18 18:08:29.719125 7f4c97241700 5 osd.42 pg_epoch: 11708 pg[2.756( v 6789'26114 (4075'22603,6789'26114] local-les=11702 n=512 ec=188 les/c 11702/10658 11708/11708/10657) [9,30,51]/[13,42] r=1 lpr=11708 pi=9952-11707/27 crt=6789'26114 remapped NOTIFY] enter Start -6225>
2014-09-18 18:08:29.719164 7f4c97241700 1 osd.42 pg_epoch: 11708 pg[2.756( v 6789'26114 (4075'22603,6789'26114] local-les=11702 n=512 ec=188 les/c 11702/10658 11708/11708/10657) [9,30,51]/[13,42] r=1 lpr=11708 pi=9952-11707/27 crt=6789'26114 remapped NOTIFY] state: transitioning to Stray -6224>
2014-09-18 18:08:29.719172 7f4c97241700 5 osd.42 pg_epoch: 11708 pg[2.756( v 6789'26114 (4075'22603,6789'26114] local-les=11702 n=512 ec=188 les/c 11702/10658 11708/11708/10657) [9,30,51]/[13,42] r=1 lpr=11708 pi=9952-11707/27 crt=6789'26114 remapped NOTIFY] exit Start 0.000047 0 0.000000 -6223>
2014-09-18 18:08:29.719180 7f4c97241700 5 osd.42 pg_epoch: 11708 pg[2.756( v 6789'26114 (4075'22603,6789'26114] local-les=11702 n=512 ec=188 les/c 11702/10658 11708/11708/10657) [9,30,51]/[13,42] r=1 lpr=11708 pi=9952-11707/27 crt=6789'26114 remapped NOTIFY] enter Started/Stray -6222>
2014-09-18 18:08:29.719578 7f4c9f251700 1 -- 10.242.42.178:6807/2483 <== osd.56 10.242.42.172:6837/36458 1036 ==== osd_map(11708..11708 src has 1..11708) v3 ==== 4044+0+0 (1164821003 0 0) 0xcc02f40 con 0x14358260 -6221>
2014-09-18 18:08:29.719599 7f4c9f251700 3 osd.42 11708 handle_osd_map epochs [11708,11708], i have 11708, src has [1,11708] -6220>
2014-09-18 18:08:29.719606 7f4c9f251700 1 -- 10.242.42.178:6807/2483 <== osd.56 10.242.42.172:6837/36458 1037 ==== pg_notify(2.719(17) epoch 11708) v5 ==== 1601+0+0 (1293383990 0 0) 0xf7303a0 con 0x14358260 -6219>
2014-09-18 18:08:29.719618 7f4c9f251700 5 -- op tracker -- , seq: 85864, time:
2014-09-18 18:08:29.719399, event: header_read, op: pg_notify(2.719(17) epoch 11708) -6218>
2014-09-18 18:08:29.719650 7f4c9f251700 5 -- op tracker -- , seq: 85864, time:
2014-09-18 18:08:29.719399, event: throttled, op: pg_notify(2.719(17) epoch 11708) -6217>
2014-09-18 18:08:29.719656 7f4c9f251700 5 -- op tracker -- , seq: 85864, time:
2014-09-18 18:08:29.719444, event: all_read, op: pg_notify(2.719(17) epoch 11708) -6216>
2014-09-18 18:08:29.719662 7f4c9f251700 5 -- op tracker -- , seq: 85864, time:
2014-09-18 18:08:29.719614, event: dispatched, op: pg_notify(2.719(17) epoch 11708) -6215>
2014-09-18 18:08:29.719670 7f4c9f251700 5 -- op tracker -- , seq: 85864, time:
2014-09-18 18:08:29.719668, event: waiting_for_osdmap, op: pg_notify(2.719(17) epoch 11708) -6214>
2014-09-18 18:08:29.719679 7f4c9f251700 5 -- op tracker -- , seq: 85864, time:
2014-09-18 18:08:29.719676, event: started, op: pg_notify(2.719(17) epoch 11708) -6213>
2014-09-18 18:08:29.719718 7f4c9f251700 5 -- op tracker -- , seq: 85864, time:
2014-09-18 18:08:29.719715, event: done, op: pg_notify(2.719(17) epoch 11708) -6212>
2014-09-18 18:08:29.719713 7f4c97241700 5 osd.42 pg_epoch: 11708 pg[2.6f8( v 6788'24342 (4060'20573,6788'24342] local-les=11485 n=519 ec=188 les/c 11485/10730 11483/11483/9945) [42,6,30]/[42,30] r=0 lpr=11483 pi=10729-11482/9 bft=6 crt=6788'24342 lcod 0'0 mlcod 0'0 active+undersized+degraded+remapped+wait_backfill] exit Started/Primary/Active/WaitRemoteBackfillReserved 148.716289 328 0.001672 -6211>
2014-09-18 18:08:29.719757 7f4c97241700 5 osd.42 pg_epoch: 11708 pg[2.6f8( v 6788'24342 (4060'20573,6788'24342] local-les=11485 n=519 ec=188 les/c 11485/10730 11483/11483/9945) [42,6,30]/[42,30] r=0 lpr=11483 pi=10729-11482/9 bft=6 crt=6788'24342 lcod 0'0 mlcod 0'0 active+undersized+degraded+remapped+wait_backfill] exit Started/Primary/Active 383.620736 0 0.000000 -6210>
2014-09-18 18:08:29.719791 7f4c9f251700 1 -- 10.242.42.178:6807/2483 <== osd.20 10.242.42.172:6822/33871 1723 ==== pg_notify(2.178 epoch 11708) v5 ==== 722+0+0 (412618369 0 0) 0x1247ed00 con 0x4900000 -6209>
2014-09-18 18:08:29.719805 7f4c9f251700 5 -- op tracker -- , seq: 85865, time:
2014-09-18 18:08:29.719727, event: header_read, op: pg_notify(2.178 epoch 11708) -6208>
2014-09-18 18:08:29.719814 7f4c9f251700 5 -- op tracker -- , seq: 85865, time:
2014-09-18 18:08:29.719728, event: throttled, op: pg_notify(2.178 epoch 11708) -6207>
2014-09-18 18:08:29.719822 7f4c9f251700 5 -- op tracker -- , seq: 85865, time:
2014-09-18 18:08:29.719756, event: all_read, op: pg_notify(2.178 epoch 11708) -6206>
2014-09-18 18:08:29.719828 7f4c9f251700 5 -- op tracker -- , seq: 85865, time:
2014-09-18 18:08:29.719800, event: dispatched, op: pg_notify(2.178 epoch 11708) -6205>
2014-09-18 18:08:29.719835 7f4c9f251700 5 -- op tracker -- , seq: 85865, time:
2014-09-18 18:08:29.719833, event: waiting_for_osdmap, op: pg_notify(2.178 epoch 11708) -6204>
2014-09-18 18:08:29.719844 7f4c9f251700 5 -- op tracker -- , seq: 85865, time:
2014-09-18 18:08:29.719841, event: started, op: pg_notify(2.178 epoch 11708) -6203>
2014-09-18 18:08:29.719861 7f4c9f251700 5 -- op tracker -- , seq: 85865, time:
2014-09-18 18:08:29.719859, event: done, op: pg_notify(2.178 epoch 11708) -6202>
2014-09-18 18:08:29.719792 7f4c97241700 5 osd.42 pg_epoch: 11708 pg[2.6f8( v 6788'24342 (4060'20573,6788'24342] local-les=11485 n=519 ec=188 les/c 11485/10730 11483/11483/9945) [42,6,30]/[42,30] r=0 lpr=11483 pi=10729-11482/9 bft=6 crt=6788'24342 lcod 0'0 mlcod 0'0 active+remapped] exit Started/Primary 385.737845 0 0.000000 -6201>
2014-09-18 18:08:29.719902 7f4c97241700 5 osd.42 pg_epoch: 11708 pg[2.6f8( v 6788'24342 (4060'20573,6788'24342] local-les=11485 n=519 ec=188 les/c 11485/10730 11483/11483/9945) [42,6,30]/[42,30] r=0 lpr=11483 pi=10729-11482/9 bft=6 crt=6788'24342 lcod 0'0 mlcod 0'0 active+remapped] exit Started 385.737994 0 0.000000 -6200>
