2014-09-18 18:08:31.334429 7f4c9f251700 5 -- op tracker -- , seq: 86008, time:
2014-09-18 18:08:31.334427, event: done, op: pg_notify(2.71c(12),2.457(21) epoch 11709) -4650>
2014-09-18 18:08:31.336557 7f4c9f251700 1 -- 10.242.42.178:6807/2483 <== osd.35 10.242.42.164:6811/17421 3643 ==== pg_notify(2.78f(56) epoch 11709) v5 ==== 3722+0+0 (3336787197 0 0) 0xf93a000 con 0xcbecec0 -4649>
2014-09-18 18:08:31.336576 7f4c9f251700 5 -- op tracker -- , seq: 86009, time:
2014-09-18 18:08:31.336441, event: header_read, op: pg_notify(2.78f(56) epoch 11709) -4648>
2014-09-18 18:08:31.336587 7f4c9f251700 5 -- op tracker -- , seq: 86009, time:
2014-09-18 18:08:31.336442, event: throttled, op: pg_notify(2.78f(56) epoch 11709) -4647>
2014-09-18 18:08:31.336593 7f4c9f251700 5 -- op tracker -- , seq: 86009, time:
2014-09-18 18:08:31.336543, event: all_read, op: pg_notify(2.78f(56) epoch 11709) -4646>
2014-09-18 18:08:31.336599 7f4c9f251700 5 -- op tracker -- , seq: 86009, time:
2014-09-18 18:08:31.336572, event: dispatched, op: pg_notify(2.78f(56) epoch 11709) -4645>
2014-09-18 18:08:31.336606 7f4c9f251700 5 -- op tracker -- , seq: 86009, time:
2014-09-18 18:08:31.336605, event: waiting_for_osdmap, op: pg_notify(2.78f(56) epoch 11709) -4644>
2014-09-18 18:08:31.336614 7f4c9f251700 5 -- op tracker -- , seq: 86009, time:
2014-09-18 18:08:31.336612, event: started, op: pg_notify(2.78f(56) epoch 11709) -4643>
2014-09-18 18:08:31.336632 7f4c9f251700 5 -- op tracker -- , seq: 86009, time:
2014-09-18 18:08:31.336631, event: done, op: pg_notify(2.78f(56) epoch 11709) -4642>
2014-09-18 18:08:31.336658 7f4c97241700 5 osd.42 pg_epoch: 11709 pg[2.78f( v 6789'22964 (4127'19523,6789'22964] local-les=11703 n=505 ec=188 les/c 11703/11020 11708/11708/11258) [27,42,1]/[42,35] r=0 lpr=11708 pi=5697-11707/155 crt=0'0 lcod 0'0 mlcod 0'0 remapped+peering] exit Started/Primary/Peering/GetInfo 1.614726 13 0.000266 -4641>
2014-09-18 18:08:31.336685 7f4c97241700 5 osd.42 pg_epoch: 11709 pg[2.78f( v 6789'22964 (4127'19523,6789'22964] local-les=11703 n=505 ec=188 les/c 11703/11020 11708/11708/11258) [27,42,1]/[42,35] r=0 lpr=11708 pi=5697-11707/155 crt=0'0 lcod 0'0 mlcod 0'0 remapped+peering] enter Started/Primary/Peering/GetLog -4640>
2014-09-18 18:08:31.336928 7f4c97241700 5 osd.42 pg_epoch: 11709 pg[2.78f( v 6789'22964 (4127'19523,6789'22964] local-les=11703 n=505 ec=188 les/c 11703/11020 11708/11708/11258) [27,42,1]/[42,35] r=0 lpr=11708 pi=5697-11707/155 bft=1,27 crt=0'0 lcod 0'0 mlcod 0'0 remapped+peering] exit Started/Primary/Peering/GetLog 0.000242 0 0.000000 -4639>
2014-09-18 18:08:31.336946 7f4c97241700 5 osd.42 pg_epoch: 11709 pg[2.78f( v 6789'22964 (4127'19523,6789'22964] local-les=11703 n=505 ec=188 les/c 11703/11020 11708/11708/11258) [27,42,1]/[42,35] r=0 lpr=11708 pi=5697-11707/155 bft=1,27 crt=0'0 lcod 0'0 mlcod 0'0 remapped+peering] enter Started/Primary/Peering/GetMissing -4638>
2014-09-18 18:08:31.337043 7f4c97241700 5 osd.42 pg_epoch: 11709 pg[2.78f( v 6789'22964 (4127'19523,6789'22964] local-les=11703 n=505 ec=188 les/c 11703/11020 11708/11708/11258) [27,42,1]/[42,35] r=0 lpr=11708 pi=5697-11707/155 bft=1,27 crt=0'0 lcod 0'0 mlcod 0'0 remapped+peering] exit Started/Primary/Peering/GetMissing 0.000097 0 0.000000 -4637>
2014-09-18 18:08:31.337057 7f4c97241700 5 osd.42 pg_epoch: 11709 pg[2.78f( v 6789'22964 (4127'19523,6789'22964] local-les=11703 n=505 ec=188 les/c 11703/11020 11708/11708/11258) [27,42,1]/[42,35] r=0 lpr=11708 pi=5697-11707/155 bft=1,27 crt=0'0 lcod 0'0 mlcod 0'0 remapped+peering] exit Started/Primary/Peering 1.615172 0 0.000000 -4636>
2014-09-18 18:08:31.337071 7f4c97241700 5 osd.42 pg_epoch: 11709 pg[2.78f( v 6789'22964 (4127'19523,6789'22964] local-les=11703 n=505 ec=188 les/c 11703/11020 11708/11708/11258) [27,42,1]/[42,35] r=0 lpr=11708 pi=5697-11707/155 bft=1,27 crt=0'0 lcod 0'0 mlcod 0'0 remapped] enter Started/Primary/Active -4635>
2014-09-18 18:08:31.337544 7f4c97241700 5 osd.42 pg_epoch: 11709 pg[2.78f( v 6789'22964 (4127'19523,6789'22964] local-les=11709 n=505 ec=188 les/c 11703/11020 11708/11708/11258) [27,42,1]/[42,35] r=0 lpr=11708 pi=5697-11707/155 bft=1,27 crt=0'0 lcod 0'0 mlcod 0'0 undersized+degraded+remapped] enter Started/Primary/Active/Activating -4634>
2014-09-18 18:08:31.337934 7f4c97241700 1 -- 10.242.42.178:6807/2483 --> 10.242.42.164:6854/39317 -- osd_map(11709..11709 src has 1..11709) v3 -- ?+0 0x2db45b00 con 0x12b3aec0 -4633>
2014-09-18 18:08:31.338054 7f4c9f251700 1 -- 10.242.42.178:6807/2483 <== osd.35 10.242.42.164:6811/17421 3644 ==== pg_notify(2.78f(56) epoch 11709) v5 ==== 3722+0+0 (396383107 0 0) 0xf93b0e0 con 0xcbecec0 -4632>
2014-09-18 18:08:31.338081 7f4c97241700 1 -- 10.242.42.178:6807/2483 --> 10.242.42.164:6854/39317 -- pg_info(1 pgs e11709:2.78f(155)) v4 -- ?+0 0x21e11a40 con 0x12b3aec0 -4631>
2014-09-18 18:08:31.338106 7f4c9f251700 5 -- op tracker -- , seq: 86010, time:
2014-09-18 18:08:31.337929, event: header_read, op: pg_notify(2.78f(56) epoch 11709) -4630>
2014-09-18 18:08:31.338135 7f4c9f251700 5 -- op tracker -- , seq: 86010, time:
2014-09-18 18:08:31.337930, event: throttled, op: pg_notify(2.78f(56) epoch 11709) -4629>
2014-09-18 18:08:31.338147 7f4c9f251700 5 -- op tracker -- , seq: 86010, time:
2014-09-18 18:08:31.338019, event: all_read, op: pg_notify(2.78f(56) epoch 11709) -4628>
2014-09-18 18:08:31.338156 7f4c9f251700 5 -- op tracker -- , seq: 86010, time:
2014-09-18 18:08:31.338070, event: dispatched, op: pg_notify(2.78f(56) epoch 11709) -4627>
2014-09-18 18:08:31.338165 7f4c9f251700 5 -- op tracker -- , seq: 86010, time:
2014-09-18 18:08:31.338162, event: waiting_for_osdmap, op: pg_notify(2.78f(56) epoch 11709) -4626>
2014-09-18 18:08:31.338176 7f4c9f251700 5 -- op tracker -- , seq: 86010, time:
2014-09-18 18:08:31.338173, event: started, op: pg_notify(2.78f(56) epoch 11709) -4625>
2014-09-18 18:08:31.338155 7f4c773de700 2 -- 10.242.42.178:6807/2483 >> 10.242.42.164:6854/39317 pipe(0x10b64940 sd=93 :6807 s=1 pgs=32 cs=2 l=0 c=0x12b3aec0).connect error 10.242.42.164:6854/39317, (111) Connection refused -4624>
2014-09-18 18:08:31.338200 7f4c9f251700 5 -- op tracker -- , seq: 86010, time:
2014-09-18 18:08:31.338198, event: done, op: pg_notify(2.78f(56) epoch 11709) -4623>
2014-09-18 18:08:31.338203 7f4c97241700 1 -- 10.242.42.178:6807/2483 --> 10.242.42.174:6801/21548 -- pg_info(1 pgs e11709:2.78f(155)) v4 -- ?+0 0xf1ea5a0 con 0x1395f8c0 -4622>
2014-09-18 18:08:31.338206 7f4c773de700 2 -- 10.242.42.178:6807/2483 >> 10.242.42.164:6854/39317 pipe(0x10b64940 sd=93 :6807 s=1 pgs=32 cs=2 l=0 c=0x12b3aec0).fault (111) Connection refused -4621>
2014-09-18 18:08:31.338216 7f4c773de700 0 -- 10.242.42.178:6807/2483 >> 10.242.42.164:6854/39317 pipe(0x10b64940 sd=93 :6807 s=1 pgs=32 cs=2 l=0 c=0x12b3aec0).fault -4620>
2014-09-18 18:08:31.338268 7f4c773de700 2 -- 10.242.42.178:6807/2483 >> 10.242.42.164:6854/39317 pipe(0x10b64940 sd=93 :6807 s=1 pgs=32 cs=2 l=0 c=0x12b3aec0).connect error 10.242.42.164:6854/39317, (111) Connection refused -4619>
2014-09-18 18:08:31.338290 7f4c773de700 2 -- 10.242.42.178:6807/2483 >> 10.242.42.164:6854/39317 pipe(0x10b64940 sd=93 :6807 s=1 pgs=32 cs=2 l=0 c=0x12b3aec0).fault (111) Connection refused -4618>
2014-09-18 18:08:31.338293 7f4c97241700 1 -- 10.242.42.178:6807/2483 --> 10.242.42.164:6811/17421 -- pg_info(1 pgs e11709:2.78f(155)) v4 -- ?+0 0xf810b20 con 0xcbecec0 -4617>
2014-09-18 18:08:31.339966 7f4c9f251700 1 -- 10.242.42.178:6807/2483 <== osd.27 10.242.42.174:6801/21548 937 ==== pg_info(1 pgs e11709:2.78f) v4 ==== 738+0+0 (2012454504 0 0) 0xf1ea5a0 con 0x1395f8c0 -4616>
2014-09-18 18:08:31.339985 7f4c9f251700 5 -- op tracker -- , seq: 86011, time:
2014-09-18 18:08:31.339902, event: header_read, op: pg_info(1 pgs e11709:2.78f) -4615>
2014-09-18 18:08:31.339995 7f4c9f251700 5 -- op tracker -- , seq: 86011, time:
2014-09-18 18:08:31.339903, event: throttled, op: pg_info(1 pgs e11709:2.78f) -4614>
2014-09-18 18:08:31.340002 7f4c9f251700 5 -- op tracker -- , seq: 86011, time:
2014-09-18 18:08:31.339928, event: all_read, op: pg_info(1 pgs e11709:2.78f) -4613>
2014-09-18 18:08:31.340008 7f4c9f251700 5 -- op tracker -- , seq: 86011, time:
2014-09-18 18:08:31.339981, event: dispatched, op: pg_info(1 pgs e11709:2.78f) -4612>
2014-09-18 18:08:31.340014 7f4c9f251700 5 -- op tracker -- , seq: 86011, time:
2014-09-18 18:08:31.340013, event: waiting_for_osdmap, op: pg_info(1 pgs e11709:2.78f) -4611>
2014-09-18 18:08:31.340023 7f4c9f251700 5 -- op tracker -- , seq: 86011, time:
2014-09-18 18:08:31.340021, event: started, op: pg_info(1 pgs e11709:2.78f) -4610>
2014-09-18 18:08:31.340040 7f4c9f251700 5 -- op tracker -- , seq: 86011, time:
2014-09-18 18:08:31.340039, event: done, op: pg_info(1 pgs e11709:2.78f) -4609>
2014-09-18 18:08:31.375757 7f4c9f251700 1 -- 10.242.42.178:6807/2483 <== osd.0 10.242.42.164:6801/15878 963 ==== osd_map(11709..11709 src has 1..11709) v3 ==== 1350+0+0 (3586054905 0 0) 0x11bb81c0 con 0x10a878c0 -4608>
2014-09-18 18:08:31.375786 7f4c9f251700 3 osd.42 11709 handle_osd_map epochs [11709,11709], i have 11709, src has [1,11709] -4607>
2014-09-18 18:08:31.375868 7f4c9f251700 1 -- 10.242.42.178:6807/2483 <== osd.0 10.242.42.164:6801/15878 964 ==== pg_notify(2.517(11),2.4c6(15) epoch 11709) v5 ==== 2834+0+0 (3560189037 0 0) 0x1624ef00 con 0x10a878c0 -4606>
2014-09-18 18:08:31.375885 7f4c9f251700 5 -- op tracker -- , seq: 86012, time:
2014-09-18 18:08:31.375761, event: header_read, op: pg_notify(2.517(11),2.4c6(15) epoch 11709) -4605>
2014-09-18 18:08:31.375898 7f4c9f251700 5 -- op tracker -- , seq: 86012, time:
2014-09-18 18:08:31.375761, event: throttled, op: pg_notify(2.517(11),2.4c6(15) epoch 11709) -4604>
2014-09-18 18:08:31.375909 7f4c9f251700 5 -- op tracker -- , seq: 86012, time:
2014-09-18 18:08:31.375852, event: all_read, op: pg_notify(2.517(11),2.4c6(15) epoch 11709) -4603>
2014-09-18 18:08:31.375919 7f4c9f251700 5 -- op tracker -- , seq: 86012, time:
2014-09-18 18:08:31.375880, event: dispatched, op: pg_notify(2.517(11),2.4c6(15) epoch 11709) -4602>
2014-09-18 18:08:31.375924 7f4c9f251700 5 -- op tracker -- , seq: 86012, time:
2014-09-18 18:08:31.375923, event: waiting_for_osdmap, op: pg_notify(2.517(11),2.4c6(15) epoch 11709) -4601>
2014-09-18 18:08:31.375932 7f4c9f251700 5 -- op tracker -- , seq: 86012, time:
2014-09-18 18:08:31.375930, event: started, op: pg_notify(2.517(11),2.4c6(15) epoch 11709) -4600>
2014-09-18 18:08:31.375971 7f4c9f251700 5 -- op tracker -- , seq: 86012, time:
2014-09-18 18:08:31.375968, event: done, op: pg_notify(2.517(11),2.4c6(15) epoch 11709) -4599>
2014-09-18 18:08:31.385137 7f4c9ca4c700 1 -- 10.242.42.178:6813/2483 <== osd.22 10.242.42.172:0/37668 440 ==== osd_ping(ping e11709 stamp
2014-09-18 23:37:20.489420) v2 ==== 47+0+0 (401398823 0 0) 0xf160ee0 con 0x109caf20 -4598>
2014-09-18 18:08:31.385156 7f4c9b249700 1 -- 10.242.42.178:6811/2483 <== osd.22 10.242.42.172:0/37668 440 ==== osd_ping(ping e11709 stamp
2014-09-18 23:37:20.489420) v2 ==== 47+0+0 (401398823 0 0) 0xf93a3c0 con 0x14393340 -4597>
2014-09-18 18:08:31.385165 7f4c9ca4c700 1 -- 10.242.42.178:6813/2483 --> 10.242.42.172:0/37668 -- osd_ping(ping_reply e11709 stamp
2014-09-18 23:37:20.489420) v2 -- ?+0 0x21f06940 con 0x109caf20 -4596>
2014-09-18 18:08:31.385213 7f4c9b249700 1 -- 10.242.42.178:6811/2483 --> 10.242.42.172:0/37668 -- osd_ping(ping_reply e11709 stamp
2014-09-18 23:37:20.489420) v2 -- ?+0 0x100f0940 con 0x14393340 -4595>
2014-09-18 18:08:31.398076 7f4c9ca4c700 1 -- 10.242.42.178:6813/2483 <== osd.11 10.242.42.168:0/17298 127 ==== osd_ping(ping e11709 stamp
2014-09-18 18:08:31.264901) v2 ==== 47+0+0 (1293500640 0 0) 0xe76e940 con 0xcc49e40 -4594>
2014-09-18 18:08:31.398075 7f4c9b249700 1 -- 10.242.42.178:6811/2483 <== osd.11 10.242.42.168:0/17298 127 ==== osd_ping(ping e11709 stamp
2014-09-18 18:08:31.264901) v2 ==== 47+0+0 (1293500640 0 0) 0xf09be00 con 0x101cd180 -4593>
2014-09-18 18:08:31.398122 7f4c9ca4c700 1 -- 10.242.42.178:6813/2483 --> 10.242.42.168:0/17298 -- osd_ping(ping_reply e11709 stamp
2014-09-18 18:08:31.264901) v2 -- ?+0 0xf160ee0 con 0xcc49e40 -4592>
2014-09-18 18:08:31.398150 7f4c9b249700 1 -- 10.242.42.178:6811/2483 --> 10.242.42.168:0/17298 -- osd_ping(ping_reply e11709 stamp
2014-09-18 18:08:31.264901) v2 -- ?+0 0xf93a3c0 con 0x101cd180 -4591>
2014-09-18 18:08:31.416632 7f4c8fa32700 5 osd.42 11709 heartbeat: osd_stat(228 GB used, 138 GB avail, 366 GB total, peers [0,1,2,3,4,6,9,11,20,22,23,24,27,30,32,35,39,43,47,48,53,55,56,57,58,59,63]/[] op hist []) -4590>
2014-09-18 18:08:31.416648 7f4c8fa32700 1 -- 10.242.42.178:0/2483 --> 10.242.42.164:6802/15878 -- osd_ping(ping e11709 stamp
2014-09-18 18:08:31.416647) v2 -- ?+0 0xf6deb40 con 0x4751e40 -4589>
2014-09-18 18:08:31.416666 7f4c8fa32700 1 -- 10.242.42.178:0/2483 --> 10.242.42.164:6803/15878 -- osd_ping(ping e11709 stamp
2014-09-18 18:08:31.416647) v2 -- ?+0 0xf6e0d00 con 0x149b0ec0 -4588>
2014-09-18 18:08:31.416677 7f4c8fa32700 1 -- 10.242.42.178:0/2483 --> 10.242.42.164:6855/39317 -- osd_ping(ping e11709 stamp
2014-09-18 18:08:31.416647) v2 -- ?+0 0xf6e01c0 con 0x23a75760 -4587>
2014-09-18 18:08:31.416701 7f4c8fa32700 1 -- 10.242.42.178:0/2483 --> 10.242.42.164:6856/39317 -- osd_ping(ping e11709 stamp
2014-09-18 18:08:31.416647) v2 -- ?+0 0xf6e0580 con 0x23a746e0 -4586>
2014-09-18 18:08:31.416712 7f4c8fa32700 1 -- 10.242.42.178:0/2483 --> 10.242.42.164:6818/19139 -- osd_ping(ping e11709 stamp
2014-09-18 18:08:31.416647) v2 -- ?+0 0xf6de960 con 0x12b6a940 -4585>
2014-09-18 18:08:31.416727 7f4c8fa32700 1 -- 10.242.42.178:0/2483 --> 10.242.42.164:6820/19139 -- osd_ping(ping e11709 stamp
2014-09-18 18:08:31.416647) v2 -- ?+0 0xf6dfa40 con 0x1d518aa0 -4584>
2014-09-18 18:08:31.416742 7f4c8fa32700 1 -- 10.242.42.178:0/2483 --> 10.242.42.164:6824/20623 -- osd_ping(ping e11709 stamp
2014-09-18 18:08:31.416647) v2 -- ?+0 0xf6e1de0 con 0x1d662b00 -4583>
2014-09-18 18:08:31.416759 7f4c8fa32700 1 -- 10.242.42.178:0/2483 --> 10.242.42.164:6825/20623 -- osd_ping(ping e11709 stamp
2014-09-18 18:08:31.416647) v2 -- ?+0 0xfa261e0 con 0x1d6629a0 -4582>
2014-09-18 18:08:31.416778 7f4c8fa32700 1 -- 10.242.42.178:0/2483 --> 10.242.42.164:6826/22324 -- osd_ping(ping e11709 stamp
2014-09-18 18:08:31.416647) v2 -- ?+0 0xfa29480 con 0x1277db20 -4581>
2014-09-18 18:08:31.416803 7f4c8fa32700 1 -- 10.242.42.178:0/2483 --> 10.242.42.164:6828/22324 -- osd_ping(ping e11709 stamp
2014-09-18 18:08:31.416647) v2 -- ?+0 0xfa29a20 con 0x1277d180 -4580>
2014-09-18 18:08:31.416815 7f4c8fa32700 1 -- 10.242.42.178:0/2483 --> 10.242.42.166:6810/22481 -- osd_ping(ping e11709 stamp
2014-09-18 18:08:31.416647) v2 -- ?+0 0xfa27c20 con 0x1096fa20 -4579>
2014-09-18 18:08:31.416826 7f4c8fa32700 1 -- 10.242.42.178:0/2483 --> 10.242.42.166:6813/22481 -- osd_ping(ping e11709 stamp
2014-09-18 18:08:31.416647) v2 -- ?+0 0xfa29840 con 0x10970520 -4578>
2014-09-18 18:08:31.416836 7f4c8fa32700 1 -- 10.242.42.178:0/2483 --> 10.242.42.166:6827/24959 -- osd_ping(ping e11709 stamp
2014-09-18 18:08:31.416647) v2 -- ?+0 0xfa281c0 con 0x1db5c420 -4577>
2014-09-18 18:08:31.416840 7f4c71984700 2 -- 10.242.42.178:0/2483 >> 10.242.42.164:6856/39317 pipe(0x13d50680 sd=54 :0 s=1 pgs=0 cs=0 l=1 c=0x23a746e0).connect error 10.242.42.164:6856/39317, (111) Connection refused -4576>
2014-09-18 18:08:31.416840 7f4c790fb700 2 -- 10.242.42.178:0/2483 >> 10.242.42.164:6855/39317 pipe(0x10b64680 sd=29 :0 s=1 pgs=0 cs=0 l=1 c=0x23a75760).connect error 10.242.42.164:6855/39317, (111) Connection refused -4575>
2014-09-18 18:08:31.416857 7f4c8fa32700 1 -- 10.242.42.178:0/2483 --> 10.242.42.166:6840/24959 -- osd_ping(ping e11709 stamp
2014-09-18 18:08:31.416647) v2 -- ?+0 0xfa27860 con 0x1db5c160 -4574>
2014-09-18 18:08:31.416876 7f4c71984700 2 -- 10.242.42.178:0/2483 >> 10.242.42.164:6856/39317 pipe(0x13d50680 sd=54 :0 s=1 pgs=0 cs=0 l=1 c=0x23a746e0).fault (111) Connection refused -4573>
2014-09-18 18:08:31.416880 7f4c790fb700 2 -- 10.242.42.178:0/2483 >> 10.242.42.164:6855/39317 pipe(0x10b64680 sd=29 :0 s=1 pgs=0 cs=0 l=1 c=0x23a75760).fault (111) Connection refused -4572>
2014-09-18 18:08:31.416889 7f4c8fa32700 1 -- 10.242.42.178:0/2483 --> 10.242.42.168:6822/17298 -- osd_ping(ping e11709 stamp
2014-09-18 18:08:31.416647) v2 -- ?+0 0xfa28940 con 0x1217b760 -4571>
2014-09-18 18:08:31.416907 7f4c8fa32700 1 -- 10.242.42.178:0/2483 --> 10.242.42.168:6823/17298 -- osd_ping(ping e11709 stamp
2014-09-18 18:08:31.416647) v2 -- ?+0 0xfa29de0 con 0x1217c7e0 -4570>
2014-09-18 18:08:31.416927 7f4c8fa32700 1 -- 10.242.42.178:0/2483 --> 10.242.42.172:6823/33871 -- osd_ping(ping e11709 stamp
2014-09-18 18:08:31.416647) v2 -- ?+0 0xfa26780 con 0xe58a9a0 -4569>
2014-09-18 18:08:31.416937 7f4c8fa32700 1 -- 10.242.42.178:0/2483 --> 10.242.42.172:6825/33871 -- osd_ping(ping e11709 stamp
2014-09-18 18:08:31.416647) v2 -- ?+0 0xfa26f00 con 0xe58a840 -4568>
2014-09-18 18:08:31.416948 7f4c8fa32700 1 -- 10.242.42.178:0/2483 --> 10.242.42.172:6820/37668 -- osd_ping(ping e11709 stamp
2014-09-18 18:08:31.416647) v2 -- ?+0 0x100f12a0 con 0x10a407e0 -4567>
2014-09-18 18:08:31.416963 7f4c8fa32700 1 -- 10.242.42.178:0/2483 --> 10.242.42.172:6832/37668 -- osd_ping(ping e11709 stamp
2014-09-18 18:08:31.416647) v2 -- ?+0 0x100f0580 con 0x10a40260 -4566>
2014-09-18 18:08:31.416991 7f4c8fa32700 1 -- 10.242.42.178:0/2483 --> 10.242.42.172:6826/11463 -- osd_ping(ping e11709 stamp
2014-09-18 18:08:31.416647) v2 -- ?+0 0x100f0ee0 con 0xe417b20 -4565>
2014-09-18 18:08:31.417004 7f4c8fa32700 1 -- 10.242.42.178:0/2483 --> 10.242.42.172:6827/11463 -- osd_ping(ping e11709 stamp
2014-09-18 18:08:31.416647) v2 -- ?+0 0x100efa40 con 0xe58ab00 -4564>
2014-09-18 18:08:31.417016 7f4c8fa32700 1 -- 10.242.42.178:0/2483 --> 10.242.42.172:6803/5612 -- osd_ping(ping e11709 stamp
2014-09-18 18:08:31.416647) v2 -- ?+0 0x100eef00 con 0xeff6f20 -4563>
2014-09-18 18:08:31.417030 7f4c8fa32700 1 -- 10.242.42.178:0/2483 --> 10.242.42.172:6810/5612 -- osd_ping(ping e11709 stamp
2014-09-18 18:08:31.416647) v2 -- ?+0 0x100f1480 con 0xeff6c60 -4562>
2014-09-18 18:08:31.417035 7f4c9da4e700 1 -- 10.242.42.178:0/2483 <== osd.3 10.242.42.164:6825/20623 171 ==== osd_ping(ping_reply e11709 stamp
2014-09-18 18:08:31.416647) v2 ==== 47+0+0 (515126043 0 0) 0xf242b40 con 0x1d6629a0 -4561>
2014-09-18 18:08:31.417048 7f4c8fa32700 1 -- 10.242.42.178:0/2483 --> 10.242.42.174:6802/21548 -- osd_ping(ping e11709 stamp
2014-09-18 18:08:31.416647) v2 -- ?+0 0x100f1660 con 0x1da53a20 -4560>
2014-09-18 18:08:31.417096 7f4c8fa32700 1 -- 10.242.42.178:0/2483 --> 10.242.42.174:6803/21548 -- osd_ping(ping e11709 stamp
2014-09-18 18:08:31.416647) v2 -- ?+0 0x853cd20 con 0x1da53760 -4559>
2014-09-18 18:08:31.417134 7f4c8fa32700 1 -- 10.242.42.178:0/2483 --> 10.242.42.176:6830/1204 -- osd_ping(ping e11709 stamp
2014-09-18 18:08:31.416647) v2 -- ?+0 0x853f2a0 con 0x1db5cdc0 -4558>
2014-09-18 18:08:31.417162 7f4c8fa32700 1 -- 10.242.42.178:0/2483 --> 10.242.42.176:6831/1204 -- osd_ping(ping e11709 stamp
2014-09-18 18:08:31.416647) v2 -- ?+0 0x853c780 con 0x1db5cc60 -4557>
2014-09-18 18:08:31.417178 7f4c8fa32700 1 -- 10.242.42.178:0/2483 --> 10.242.42.176:6825/1099 -- osd_ping(ping e11709 stamp
2014-09-18 18:08:31.416647) v2 -- ?+0 0x19e48960 con 0x1db5da20 -4556>
2014-09-18 18:08:31.417200 7f4c8fa32700 1 -- 10.242.42.178:0/2483 --> 10.242.42.176:6826/1099 -- osd_ping(ping e11709 stamp
2014-09-18 18:08:31.416647) v2 -- ?+0 0x19e48780 con 0x1db5db80 -4555>
2014-09-18 18:08:31.417211 7f4c8fa32700 1 -- 10.242.42.178:0/2483 --> 10.242.42.164:6813/17421 -- osd_ping(ping e11709 stamp
2014-09-18 18:08:31.416647) v2 -- ?+0 0x19e4b840 con 0x125239c0 -4554>
2014-09-18 18:08:31.417222 7f4c8fa32700 1 -- 10.242.42.178:0/2483 --> 10.242.42.164:6814/17421 -- osd_ping(ping e11709 stamp
2014-09-18 18:08:31.416647) v2 -- ?+0 0x19e492c0 con 0x11d45860 -4553>
2014-09-18 18:08:31.417233 7f4c8fa32700 1 -- 10.242.42.178:0/2483 --> 10.242.42.172:6817/2660 -- osd_ping(ping e11709 stamp
2014-09-18 18:08:31.416647) v2 -- ?+0 0x2b94d0c0 con 0x238dc420 -4552>
2014-09-18 18:08:31.417243 7f4c8fa32700 1 -- 10.242.42.178:0/2483 --> 10.242.42.172:6818/2660 -- osd_ping(ping e11709 stamp
2014-09-18 18:08:31.416647) v2 -- ?+0 0x2b94af00 con 0x238dcb00 -4551>
2014-09-18 18:08:31.417253 7f4c8fa32700 1 -- 10.242.42.178:0/2483 --> 10.242.42.178:6843/4511 -- osd_ping(ping e11709 stamp
2014-09-18 18:08:31.416647) v2 -- ?+0 0x2b94d2a0 con 0x149b1de0 -4550>
2014-09-18 18:08:31.417263 7f4c8fa32700 1 -- 10.242.42.178:0/2483 --> 10.242.42.178:6845/4511 -- osd_ping(ping e11709 stamp
2014-09-18 18:08:31.416647) v2 -- ?+0 0x2b94b680 con 0x149b07e0 -4549>
2014-09-18 18:08:31.417274 7f4c8fa32700 1 -- 10.242.42.178:0/2483 --> 10.242.42.164:6832/25184 -- osd_ping(ping e11709 stamp
2014-09-18 18:08:31.416647) v2 -- ?+0 0x2b94bfe0 con 0x1217d180 -4548>
2014-09-18 18:08:31.417293 7f4c8fa32700 1 -- 10.242.42.178:0/2483 --> 10.242.42.164:6833/25184 -- osd_ping(ping e11709 stamp
2014-09-18 18:08:31.416647) v2 -- ?+0 0x2b94b4a0 con 0x1217caa0 -4547>
2014-09-18 18:08:31.417304 7f4c8fa32700 1 -- 10.242.42.178:0/2483 --> 10.242.42.164:6837/27583 -- osd_ping(ping e11709 stamp
2014-09-18 18:08:31.416647) v2 -- ?+0 0xf810940 con 0x10db26e0 -4546>
2014-09-18 18:08:31.417322 7f4c8fa32700 1 -- 10.242.42.178:0/2483 --> 10.242.42.164:6838/27583 -- osd_ping(ping e11709 stamp
2014-09-18 18:08:31.416647) v2 -- ?+0 0xf80f680 con 0x10db4ec0 -4545>
2014-09-18 18:08:31.417341 7f4c8fa32700 1 -- 10.242.42.178:0/2483 --> 10.242.42.170:6826/2318 -- osd_ping(ping e11709 stamp
2014-09-18 18:08:31.416647) v2 -- ?+0 0xf810580 con 0x1db5c6e0 -4544>
2014-09-18 18:08:31.417353 7f4c8fa32700 1 -- 10.242.42.178:0/2483 --> 10.242.42.170:6832/2318 -- osd_ping(ping e11709 stamp
2014-09-18 18:08:31.416647) v2 -- ?+0 0xf099480 con 0x1db5e260 -4543>
2014-09-18 18:08:31.417365 7f4c8fa32700 1 -- 10.242.42.178:0/2483 --> 10.242.42.172:6830/19404 -- osd_ping(ping e11709 stamp
2014-09-18 18:08:31.416647) v2 -- ?+0 0x21e10000 con 0xe58d180 -4542>
2014-09-18 18:08:31.417377 7f4c8fa32700 1 -- 10.242.42.178:0/2483 --> 10.242.42.172:6831/19404 -- osd_ping(ping e11709 stamp
2014-09-18 18:08:31.416647) v2 -- ?+0 0x21e114a0 con 0xe58d020 -4541>
2014-09-18 18:08:31.417390 7f4c8fa32700 1 -- 10.242.42.178:0/2483 --> 10.242.42.172:6840/36458 -- osd_ping(ping e11709 stamp
2014-09-18 18:08:31.416647) v2 -- ?+0 0x1247d4a0 con 0x1364b700 -4540>
2014-09-18 18:08:31.417401 7f4c8fa32700 1 -- 10.242.42.178:0/2483 --> 10.242.42.172:6842/36458 -- osd_ping(ping e11709 stamp
2014-09-18 18:08:31.416647) v2 -- ?+0 0x1247c1e0 con 0x1364b860 -4539>
2014-09-18 18:08:31.417411 7f4c8fa32700 1 -- 10.242.42.178:0/2483 --> 10.242.42.176:6802/988 -- osd_ping(ping e11709 stamp
2014-09-18 18:08:31.416647) v2 -- ?+0 0x1247e3a0 con 0x1db5d600 -4538>
2014-09-18 18:08:31.417431 7f4c8fa32700 1 -- 10.242.42.178:0/2483 --> 10.242.42.176:6803/988 -- osd_ping(ping e11709 stamp
2014-09-18 18:08:31.416647) v2 -- ?+0 0xde5e3c0 con 0x1db5dfa0 -4537>
2014-09-18 18:08:31.417449 7f4c8fa32700 1 -- 10.242.42.178:0/2483 --> 10.242.42.176:6839/46756 -- osd_ping(ping e11709 stamp
2014-09-18 18:08:31.416647) v2 -- ?+0 0x21d15c00 con 0x1d7c7a20 -4536>
2014-09-18 18:08:31.417466 7f4c8fa32700 1 -- 10.242.42.178:0/2483 --> 10.242.42.176:6842/46756 -- osd_ping(ping e11709 stamp
2014-09-18 18:08:31.416647) v2 -- ?+0 0xe7761c0 con 0x1da543c0 -4535>
2014-09-18 18:08:31.417483 7f4c8fa32700 1 -- 10.242.42.178:0/2483 --> 10.242.42.178:6842/4508 -- osd_ping(ping e11709 stamp
2014-09-18 18:08:31.416647) v2 -- ?+0 0xe775c20 con 0x1d7c6580 -4534>
2014-09-18 18:08:31.417497 7f4c8fa32700 1 -- 10.242.42.178:0/2483 --> 10.242.42.178:6844/4508 -- osd_ping(ping e11709 stamp
2014-09-18 18:08:31.416647) v2 -- ?+0 0xe7770c0 con 0x1d7c9440 -4533>
2014-09-18 18:08:31.417516 7f4c8fa32700 1 -- 10.242.42.178:0/2483 --> 10.242.42.178:6805/2487 -- osd_ping(ping e11709 stamp
2014-09-18 18:08:31.416647) v2 -- ?+0 0xe777480 con 0x1d996aa0 -4532>
2014-09-18 18:08:31.417528 7f4c8fa32700 1 -- 10.242.42.178:0/2483 --> 10.242.42.178:6809/2487 -- osd_ping(ping e11709 stamp
2014-09-18 18:08:31.416647) v2 -- ?+0 0xe7743c0 con 0x1d996c00 -4531>
2014-09-18 18:08:31.417559 7f4c9da4e700 1 -- 10.242.42.178:0/2483 <== osd.4 10.242.42.164:6826/22324 165 ==== osd_ping(ping_reply e11709 stamp
2014-09-18 18:08:31.416647) v2 ==== 47+0+0 (515126043 0 0) 0x12ba30c0 con 0x1277db20 -4530>
2014-09-18 18:08:31.417643 7f4c9da4e700 1 -- 10.242.42.178:0/2483 <== osd.4 10.242.42.164:6828/22324 165 ==== osd_ping(ping_reply e11709 stamp
2014-09-18 18:08:31.416647) v2 ==== 47+0+0 (515126043 0 0) 0x19f23c20 con 0x1277d180 -4529>
2014-09-18 18:08:31.417662 7f4c9da4e700 1 -- 10.242.42.178:0/2483 <== osd.43 10.242.42.178:6843/4511 163 ==== osd_ping(ping_reply e11709 stamp
2014-09-18 18:08:31.416647) v2 ==== 47+0+0 (515126043 0 0) 0xf6e0760 con 0x149b1de0 -4528>
2014-09-18 18:08:31.417678 7f4c9da4e700 1 -- 10.242.42.178:0/2483 <== osd.43 10.242.42.178:6845/4511 163 ==== osd_ping(ping_reply e11709 stamp
2014-09-18 18:08:31.416647) v2 ==== 47+0+0 (515126043 0 0) 0x1390af00 con 0x149b07e0 -4527>
2014-09-18 18:08:31.417697 7f4c9da4e700 1 -- 10.242.42.178:0/2483 <== osd.58 10.242.42.176:6839/46756 161 ==== osd_ping(ping_reply e11709 stamp
2014-09-18 18:08:31.416647) v2 ==== 47+0+0 (515126043 0 0) 0xf7a9840 con 0x1d7c7a20 -4526>
2014-09-18 18:08:31.417710 7f4c9da4e700 1 -- 10.242.42.178:0/2483 <== osd.58 10.242.42.176:6842/46756 161 ==== osd_ping(ping_reply e11709 stamp
2014-09-18 18:08:31.416647) v2 ==== 47+0+0 (515126043 0 0) 0xf1e63c0 con 0x1da543c0 -4525>
2014-09-18 18:08:31.417727 7f4c9da4e700 1 -- 10.242.42.178:0/2483 <== osd.27 10.242.42.174:6802/21548 160 ==== osd_ping(ping_reply e11709 stamp
2014-09-18 18:08:31.416647) v2 ==== 47+0+0 (515126043 0 0) 0xf274940 con 0x1da53a20 -4524>
2014-09-18 18:08:31.417740 7f4c9da4e700 1 -- 10.242.42.178:0/2483 <== osd.27 10.242.42.174:6803/21548 160 ==== osd_ping(ping_reply e11709 stamp
2014-09-18 18:08:31.416647) v2 ==== 47+0+0 (515126043 0 0) 0x12139860 con 0x1da53760 -4523>
2014-09-18 18:08:31.417751 7f4c9da4e700 1 -- 10.242.42.178:0/2483 <== osd.11 10.242.42.168:6822/17298 138 ==== osd_ping(ping_reply e11709 stamp
2014-09-18 18:08:31.416647) v2 ==== 47+0+0 (515126043 0 0) 0x24f7a940 con 0x1217b760 -4522>
2014-09-18 18:08:31.417762 7f4c9da4e700 1 -- 10.242.42.178:0/2483 <== osd.11 10.242.42.168:6823/17298 138 ==== osd_ping(ping_reply e11709 stamp
2014-09-18 18:08:31.416647) v2 ==== 47+0+0 (515126043 0 0) 0xf80ed20 con 0x1217c7e0 -4521>
2014-09-18 18:08:31.417780 7f4c9da4e700 1 -- 10.242.42.178:0/2483 <== osd.47 10.242.42.164:6832/25184 138 ==== osd_ping(ping_reply e11709 stamp
2014-09-18 18:08:31.416647) v2 ==== 47+0+0 (515126043 0 0) 0x1390be00 con 0x1217d180 -4520>
2014-09-18 18:08:31.417792 7f4c9da4e700 1 -- 10.242.42.178:0/2483 <== osd.47 10.242.42.164:6833/25184 138 ==== osd_ping(ping_reply e11709 stamp
2014-09-18 18:08:31.416647) v2 ==== 47+0+0 (515126043 0 0) 0xf1065a0 con 0x1217caa0 -4519>
2014-09-18 18:08:31.417803 7f4c9da4e700 1 -- 10.242.42.178:0/2483 <== osd.57 10.242.42.176:6802/988 126 ==== osd_ping(ping_reply e11709 stamp
2014-09-18 18:08:31.416647) v2 ==== 47+0+0 (515126043 0 0) 0xe0c70e0 con 0x1db5d600 -4518>
2014-09-18 18:08:31.417815 7f4c9da4e700 1 -- 10.242.42.178:0/2483 <== osd.57 10.242.42.176:6803/988 126 ==== osd_ping(ping_reply e11709 stamp
2014-09-18 18:08:31.416647) v2 ==== 47+0+0 (515126043 0 0) 0xe146f00 con 0x1db5dfa0 -4517>
2014-09-18 18:08:31.417826 7f4c9da4e700 1 -- 10.242.42.178:0/2483 <== osd.32 10.242.42.176:6825/1099 126 ==== osd_ping(ping_reply e11709 stamp
2014-09-18 18:08:31.416647) v2 ==== 47+0+0 (515126043 0 0) 0xfae8940 con 0x1db5da20 -4516>
2014-09-18 18:08:31.417837 7f4c9da4e700 1 -- 10.242.42.178:0/2483 <== osd.32 10.242.42.176:6826/1099 126 ==== osd_ping(ping_reply e11709 stamp
2014-09-18 18:08:31.416647) v2 ==== 47+0+0 (515126043 0 0) 0x128cb0e0 con 0x1db5db80 -4515>
2014-09-18 18:08:31.417848 7f4c9da4e700 1 -- 10.242.42.178:0/2483 <== osd.30 10.242.42.176:6830/1204 126 ==== osd_ping(ping_reply e11709 stamp
2014-09-18 18:08:31.416647) v2 ==== 47+0+0 (515126043 0 0) 0xfc56000 con 0x1db5cdc0 -4514>
2014-09-18 18:08:31.417860 7f4c9da4e700 1 -- 10.242.42.178:0/2483 <== osd.30 10.242.42.176:6831/1204 126 ==== osd_ping(ping_reply e11709 stamp
2014-09-18 18:08:31.416647) v2 ==== 47+0+0 (515126043 0 0) 0x10415480 con 0x1db5cc60 -4513>
2014-09-18 18:08:31.417870 7f4c9da4e700 1 -- 10.242.42.178:0/2483 <== osd.9 10.242.42.166:6827/24959 124 ==== osd_ping(ping_reply e11709 stamp
2014-09-18 18:08:31.416647) v2 ==== 47+0+0 (515126043 0 0) 0x11b0e1e0 con 0x1db5c420 -4512>
2014-09-18 18:08:31.417882 7f4c9da4e700 1 -- 10.242.42.178:0/2483 <== osd.9 10.242.42.166:6840/24959 124 ==== osd_ping(ping_reply e11709 stamp
2014-09-18 18:08:31.416647) v2 ==== 47+0+0 (515126043 0 0) 0xe1490c0 con 0x1db5c160 -4511>
2014-09-18 18:08:31.417892 7f4c9da4e700 1 -- 10.242.42.178:0/2483 <== osd.53 10.242.42.170:6826/2318 124 ==== osd_ping(ping_reply e11709 stamp
2014-09-18 18:08:31.416647) v2 ==== 47+0+0 (515126043 0 0) 0xf29ab40 con 0x1db5c6e0 -4510>
2014-09-18 18:08:31.417904 7f4c9da4e700 1 -- 10.242.42.178:0/2483 <== osd.53 10.242.42.170:6832/2318 124 ==== osd_ping(ping_reply e11709 stamp
2014-09-18 18:08:31.416647) v2 ==== 47+0+0 (515126043 0 0) 0xe0c8ee0 con 0x1db5e260 -4509>
2014-09-18 18:08:31.417915 7f4c9da4e700 1 -- 10.242.42.178:0/2483 <== osd.48 10.242.42.164:6837/27583 104 ==== osd_ping(ping_reply e11709 stamp
2014-09-18 18:08:31.416647) v2 ==== 47+0+0 (515126043 0 0) 0x1247cd20 con 0x10db26e0 -4508>
2014-09-18 18:08:31.417927 7f4c9da4e700 1 -- 10.242.42.178:0/2483 <== osd.48 10.242.42.164:6838/27583 104 ==== osd_ping(ping_reply e11709 stamp
2014-09-18 18:08:31.416647) v2 ==== 47+0+0 (515126043 0 0) 0xf0e3860 con 0x10db4ec0 -4507>
2014-09-18 18:08:31.417937 7f4c9da4e700 1 -- 10.242.42.178:0/2483 <== osd.59 10.242.42.178:6842/4508 1 ==== osd_ping(ping_reply e11709 stamp
2014-09-18 18:08:31.416647) v2 ==== 47+0+0 (515126043 0 0) 0x1393da20 con 0x1d7c6580 -4506>
2014-09-18 18:08:31.417949 7f4c9da4e700 1 -- 10.242.42.178:0/2483 <== osd.59 10.242.42.178:6844/4508 1 ==== osd_ping(ping_reply e11709 stamp
2014-09-18 18:08:31.416647) v2 ==== 47+0+0 (515126043 0 0) 0x2b930b20 con 0x1d7c9440 -4505>
2014-09-18 18:08:31.417961 7f4c9da4e700 1 -- 10.242.42.178:0/2483 <== osd.23 10.242.42.172:6826/11463 1577 ==== osd_ping(ping_reply e11709 stamp
2014-09-18 18:08:31.416647) v2 ==== 47+0+0 (515126043 0 0) 0x2b94c580 con 0xe417b20 -4504>
2014-09-18 18:08:31.417972 7f4c9da4e700 1 -- 10.242.42.178:0/2483 <== osd.23 10.242.42.172:6827/11463 1577 ==== osd_ping(ping_reply e11709 stamp
2014-09-18 18:08:31.416647) v2 ==== 47+0+0 (515126043 0 0) 0xe7752c0 con 0xe58ab00 -4503>
2014-09-18 18:08:31.417983 7f4c9da4e700 1 -- 10.242.42.178:0/2483 <== osd.20 10.242.42.172:6823/33871 1577 ==== osd_ping(ping_reply e11709 stamp
2014-09-18 18:08:31.416647) v2 ==== 47+0+0 (515126043 0 0) 0xfa270e0 con 0xe58a9a0 -4502>
2014-09-18 18:08:31.417995 7f4c9da4e700 1 -- 10.242.42.178:0/2483 <== osd.20 10.242.42.172:6825/33871 1577 ==== osd_ping(ping_reply e11709 stamp
2014-09-18 18:08:31.416647) v2 ==== 47+0+0 (515126043 0 0) 0xf9732c0 con 0xe58a840 -4501>
2014-09-18 18:08:31.418005 7f4c9da4e700 1 -- 10.242.42.178:0/2483 <== osd.55 10.242.42.172:6830/19404 1577 ==== osd_ping(ping_reply e11709 stamp
2014-09-18 18:08:31.416647) v2 ==== 47+0+0 (515126043 0 0) 0xf1e9de0 con 0xe58d180 -4500>
2014-09-18 18:08:31.418017 7f4c9da4e700 1 -- 10.242.42.178:0/2483 <== osd.55 10.242.42.172:6831/19404 1577 ==== osd_ping(ping_reply e11709 stamp
2014-09-18 18:08:31.416647) v2 ==== 47+0+0 (515126043 0 0) 0xf7a9c00 con 0xe58d020 -4499>
2014-09-18 18:08:31.418027 7f4c9da4e700 1 -- 10.242.42.178:0/2483 <== osd.56 10.242.42.172:6840/36458 657 ==== osd_ping(ping_reply e11709 stamp
2014-09-18 18:08:31.416647) v2 ==== 47+0+0 (515126043 0 0) 0x24fa10e0 con 0x1364b700 -4498>
2014-09-18 18:08:31.418039 7f4c9da4e700 1 -- 10.242.42.178:0/2483 <== osd.56 10.242.42.172:6842/36458 657 ==== osd_ping(ping_reply e11709 stamp
2014-09-18 18:08:31.416647) v2 ==== 47+0+0 (515126043 0 0) 0xf15ffe0 con 0x1364b860 -4497>
2014-09-18 18:08:31.418049 7f4c9da4e700 1 -- 10.242.42.178:0/2483 <== osd.6 10.242.42.166:6810/22481 457 ==== osd_ping(ping_reply e11707 stamp
2014-09-18 18:08:31.416647) v2 ==== 47+0+0 (143328964 0 0) 0x2b924760 con 0x1096fa20 -4496>
2014-09-18 18:08:31.418061 7f4c9da4e700 1 -- 10.242.42.178:0/2483 <== osd.6 10.242.42.166:6813/22481 457 ==== osd_ping(ping_reply e11707 stamp
2014-09-18 18:08:31.416647) v2 ==== 47+0+0 (143328964 0 0) 0xe76f0c0 con 0x10970520 -4495>
2014-09-18 18:08:31.418071 7f4c9da4e700 1 -- 10.242.42.178:0/2483 <== osd.22 10.242.42.172:6820/37668 451 ==== osd_ping(ping_reply e11709 stamp
2014-09-18 18:08:31.416647) v2 ==== 47+0+0 (515126043 0 0) 0xf975a20 con 0x10a407e0 -4494>
2014-09-18 18:08:31.418083 7f4c9da4e700 1 -- 10.242.42.178:0/2483 <== osd.22 10.242.42.172:6832/37668 451 ==== osd_ping(ping_reply e11709 stamp
2014-09-18 18:08:31.416647) v2 ==== 47+0+0 (515126043 0 0) 0xf243a40 con 0x10a40260 -4493>
2014-09-18 18:08:31.418093 7f4c9da4e700 1 -- 10.242.42.178:0/2483 <== osd.24 10.242.42.172:6803/5612 343 ==== osd_ping(ping_reply e11709 stamp
2014-09-18 18:08:31.416647) v2 ==== 47+0+0 (515126043 0 0) 0xf0b6780 con 0xeff6f20 -4492>
2014-09-18 18:08:31.418104 7f4c9da4e700 1 -- 10.242.42.178:0/2483 <== osd.24 10.242.42.172:6810/5612 343 ==== osd_ping(ping_reply e11709 stamp
2014-09-18 18:08:31.416647) v2 ==== 47+0+0 (515126043 0 0) 0x24fa1680 con 0xeff6c60 -4491>
2014-09-18 18:08:31.418115 7f4c9da4e700 1 -- 10.242.42.178:0/2483 <== osd.63 10.242.42.178:6805/2487 332 ==== osd_ping(ping_reply e11709 stamp
2014-09-18 18:08:31.416647) v2 ==== 47+0+0 (515126043 0 0) 0x1368e3a0 con 0x1d996aa0 -4490>
2014-09-18 18:08:31.418128 7f4c9da4e700 1 -- 10.242.42.178:0/2483 <== osd.63 10.242.42.178:6809/2487 332 ==== osd_ping(ping_reply e11709 stamp
2014-09-18 18:08:31.416647) v2 ==== 47+0+0 (515126043 0 0) 0xf3432c0 con 0x1d996c00 -4489>
2014-09-18 18:08:31.418138 7f4c9da4e700 1 -- 10.242.42.178:0/2483 <== osd.0 10.242.42.164:6802/15878 191 ==== osd_ping(ping_reply e11709 stamp
2014-09-18 18:08:31.416647) v2 ==== 47+0+0 (515126043 0 0) 0xf7283a0 con 0x4751e40 -4488>
2014-09-18 18:08:31.418150 7f4c9da4e700 1 -- 10.242.42.178:0/2483 <== osd.0 10.242.42.164:6803/15878 191 ==== osd_ping(ping_reply e11709 stamp
2014-09-18 18:08:31.416647) v2 ==== 47+0+0 (515126043 0 0) 0x21f06d00 con 0x149b0ec0 -4487>
2014-09-18 18:08:31.418161 7f4c9da4e700 1 -- 10.242.42.178:0/2483 <== osd.35 10.242.42.164:6813/17421 188 ==== osd_ping(ping_reply e11709 stamp
2014-09-18 18:08:31.416647) v2 ==== 47+0+0 (515126043 0 0) 0xf93cb20 con 0x125239c0 -4486>
2014-09-18 18:08:31.418172 7f4c9da4e700 1 -- 10.242.42.178:0/2483 <== osd.35 10.242.42.164:6814/17421 188 ==== osd_ping(ping_reply e11709 stamp
2014-09-18 18:08:31.416647) v2 ==== 47+0+0 (515126043 0 0) 0x10415de0 con 0x11d45860 -4485>
2014-09-18 18:08:31.418183 7f4c9da4e700 1 -- 10.242.42.178:0/2483 <== osd.39 10.242.42.172:6817/2660 186 ==== osd_ping(ping_reply e11709 stamp
2014-09-18 18:08:31.416647) v2 ==== 47+0+0 (515126043 0 0) 0xf2b01c0 con 0x238dc420 -4484>
2014-09-18 18:08:31.418195 7f4c9da4e700 1 -- 10.242.42.178:0/2483 <== osd.39 10.242.42.172:6818/2660 186 ==== osd_ping(ping_reply e11709 stamp
2014-09-18 18:08:31.416647) v2 ==== 47+0+0 (515126043 0 0) 0xf91c940 con 0x238dcb00 -4483>
2014-09-18 18:08:31.418205 7f4c9da4e700 1 -- 10.242.42.178:0/2483 <== osd.2 10.242.42.164:6818/19139 182 ==== osd_ping(ping_reply e11709 stamp
2014-09-18 18:08:31.416647) v2 ==== 47+0+0 (515126043 0 0) 0xfc581c0 con 0x12b6a940 -4482>
2014-09-18 18:08:31.418217 7f4c9da4e700 1 -- 10.242.42.178:0/2483 <== osd.2 10.242.42.164:6820/19139 182 ==== osd_ping(ping_reply e11709 stamp
2014-09-18 18:08:31.416647) v2 ==== 47+0+0 (515126043 0 0) 0xec683c0 con 0x1d518aa0 -4481>
2014-09-18 18:08:31.418227 7f4c9da4e700 1 -- 10.242.42.178:0/2483 <== osd.3 10.242.42.164:6824/20623 171 ==== osd_ping(ping_reply e11709 stamp
2014-09-18 18:08:31.416647) v2 ==== 47+0+0 (515126043 0 0) 0x2b9292a0 con 0x1d662b00 -4480>
2014-09-18 18:08:31.487446 7f4c9f251700 1 -- 10.242.42.178:6807/2483 <== osd.0 10.242.42.164:6801/15878 965 ==== MBackfillReserve GRANT pgid: 2.1bb, query_epoch: 11709 v3 ==== 30+0+0 (3112237280 0 0) 0x1624e960 con 0x10a878c0 -4479>
2014-09-18 18:08:31.487475 7f4c9f251700 5 -- op tracker -- , seq: 86013, time:
2014-09-18 18:08:31.487346, event: header_read, op: MBackfillReserve GRANT pgid: 2.1bb, query_epoch: 11709 -4478>
2014-09-18 18:08:31.487488 7f4c9f251700 5 -- op tracker -- , seq: 86013, time:
2014-09-18 18:08:31.487348, event: throttled, op: MBackfillReserve GRANT pgid: 2.1bb, query_epoch: 11709 -4477>
2014-09-18 18:08:31.487496 7f4c9f251700 5 -- op tracker -- , seq: 86013, time:
2014-09-18 18:08:31.487396, event: all_read, op: MBackfillReserve GRANT pgid: 2.1bb, query_epoch: 11709 -4476>
2014-09-18 18:08:31.487503 7f4c9f251700 5 -- op tracker -- , seq: 86013, time:
2014-09-18 18:08:31.487468, event: dispatched, op: MBackfillReserve GRANT pgid: 2.1bb, query_epoch: 11709 -4475>
2014-09-18 18:08:31.487511 7f4c9f251700 5 -- op tracker -- , seq: 86013, time:
2014-09-18 18:08:31.487510, event: waiting_for_osdmap, op: MBackfillReserve GRANT pgid: 2.1bb, query_epoch: 11709 -4474>
2014-09-18 18:08:31.487531 7f4c9f251700 5 -- op tracker -- , seq: 86013, time:
2014-09-18 18:08:31.487530, event: done, op: MBackfillReserve GRANT pgid: 2.1bb, query_epoch: 11709 -4473>
2014-09-18 18:08:31.487550 7f4c97241700 1 -- 10.242.42.178:6807/2483 --> 10.242.42.174:6801/21548 -- MBackfillReserve REQUEST pgid: 2.1bb, query_epoch: 11709, prio: 202 v3 -- ?+0 0xf80e5a0 con 0x1395f8c0 -4472>
2014-09-18 18:08:31.488198 7f4c9f251700 1 -- 10.242.42.178:6807/2483 <== osd.27 10.242.42.174:6801/21548 938 ==== MBackfillReserve REJECT pgid: 2.1bb, query_epoch: 11709 v3 ==== 30+0+0 (2687497417 0 0) 0xf80e5a0 con 0x1395f8c0 -4471>
2014-09-18 18:08:31.488218 7f4c9f251700 5 -- op tracker -- , seq: 86014, time:
2014-09-18 18:08:31.488100, event: header_read, op: MBackfillReserve REJECT pgid: 2.1bb, query_epoch: 11709 -4470>
2014-09-18 18:08:31.488228 7f4c9f251700 5 -- op tracker -- , seq: 86014, time:
2014-09-18 18:08:31.488101, event: throttled, op: MBackfillReserve REJECT pgid: 2.1bb, query_epoch: 11709 -4469>
2014-09-18 18:08:31.488234 7f4c9f251700 5 -- op tracker -- , seq: 86014, time:
2014-09-18 18:08:31.488135, event: all_read, op: MBackfillReserve REJECT pgid: 2.1bb, query_epoch: 11709 -4468>
2014-09-18 18:08:31.488240 7f4c9f251700 5 -- op tracker -- , seq: 86014, time:
2014-09-18 18:08:31.488213, event: dispatched, op: MBackfillReserve REJECT pgid: 2.1bb, query_epoch: 11709 -4467>
2014-09-18 18:08:31.488247 7f4c9f251700 5 -- op tracker -- , seq: 86014, time:
2014-09-18 18:08:31.488245, event: waiting_for_osdmap, op: MBackfillReserve REJECT pgid: 2.1bb, query_epoch: 11709 -4466>
2014-09-18 18:08:31.488261 7f4c9f251700 5 -- op tracker -- , seq: 86014, time:
2014-09-18 18:08:31.488260, event: done, op: MBackfillReserve REJECT pgid: 2.1bb, query_epoch: 11709 -4465>
2014-09-18 18:08:31.488309 7f4c96a40700 1 -- 10.242.42.178:6807/2483 --> 10.242.42.164:6801/15878 -- MBackfillReserve REJECT pgid: 2.1bb, query_epoch: 11709 v3 -- ?+0 0x24fd1c20 con 0x10a878c0 -4464>
2014-09-18 18:08:31.488332 7f4c97241700 5 osd.42 pg_epoch: 11709 pg[2.2c7( v 6805'24696 (4143'21695,6805'24696] local-les=11430 n=499 ec=188 les/c 11430/9946 11429/11429/10779) [27,42,0]/[42] r=0 lpr=11429 pi=3160-11428/139 bft=0,27 crt=6788'24687 lcod 0'0 mlcod 0'0 active+undersized+degraded+remapped+wait_backfill+backfill_toofull] exit Started/Primary/Active/WaitLocalBackfillReserved 141.695906 520 0.002473 -4463>
2014-09-18 18:08:31.488414 7f4c97241700 5 osd.42 pg_epoch: 11709 pg[2.2c7( v 6805'24696 (4143'21695,6805'24696] local-les=11430 n=499 ec=188 les/c 11430/9946 11429/11429/10779) [27,42,0]/[42] r=0 lpr=11429 pi=3160-11428/139 bft=0,27 crt=6788'24687 lcod 0'0 mlcod 0'0 active+undersized+degraded+remapped+wait_backfill+backfill_toofull] enter Started/Primary/Active/WaitRemoteBackfillReserved -4462>
2014-09-18 18:08:31.488429 7f4c97241700 1 -- 10.242.42.178:6807/2483 --> 10.242.42.164:6801/15878 -- MBackfillReserve REQUEST pgid: 2.2c7, query_epoch: 11709, prio: 202 v3 -- ?+0 0xf1e9a20 con 0x10a878c0 -4461>
2014-09-18 18:08:31.488328 7f4c96a40700 5 osd.42 pg_epoch: 11709 pg[2.1bb( v 6791'24086 (4155'21085,6791'24086] local-les=11407 n=551 ec=188 les/c 11407/9946 11406/11406/9945) [42,27,0]/[42] r=0 lpr=11406 pi=9945-11405/9 bft=0,27 crt=6752'24077 lcod 0'0 mlcod 0'0 active+undersized+degraded+remapped+backfill_toofull] exit Started/Primary/Active/WaitRemoteBackfillReserved 1.764584 8 0.000213 -4460>
2014-09-18 18:08:31.488477 7f4c96a40700 5 osd.42 pg_epoch: 11709 pg[2.1bb( v 6791'24086 (4155'21085,6791'24086] local-les=11407 n=551 ec=188 les/c 11407/9946 11406/11406/9945) [42,27,0]/[42] r=0 lpr=11406 pi=9945-11405/9 bft=0,27 crt=6752'24077 lcod 0'0 mlcod 0'0 active+undersized+degraded+remapped+backfill_toofull] enter Started/Primary/Active/NotBackfilling -4459>
2014-09-18 18:08:31.488816 7f4c9f251700 1 -- 10.242.42.178:6807/2483 <== osd.0 10.242.42.164:6801/15878 966 ==== MBackfillReserve GRANT pgid: 2.e0, query_epoch: 11709 v3 ==== 30+0+0 (1837258881 0 0) 0xf1e9a20 con 0x10a878c0 -4458>
2014-09-18 18:08:31.488835 7f4c9f251700 5 -- op tracker -- , seq: 86015, time:
2014-09-18 18:08:31.488775, event: header_read, op: MBackfillReserve GRANT pgid: 2.e0, query_epoch: 11709 -4457>
2014-09-18 18:08:31.488845 7f4c9f251700 5 -- op tracker -- , seq: 86015, time:
2014-09-18 18:08:31.488776, event: throttled, op: MBackfillReserve GRANT pgid: 2.e0, query_epoch: 11709 -4456>
2014-09-18 18:08:31.488851 7f4c9f251700 5 -- op tracker -- , seq: 86015, time:
2014-09-18 18:08:31.488789, event: all_read, op: MBackfillReserve GRANT pgid: 2.e0, query_epoch: 11709 -4455>
2014-09-18 18:08:31.488857 7f4c9f251700 5 -- op tracker -- , seq: 86015, time:
2014-09-18 18:08:31.488831, event: dispatched, op: MBackfillReserve GRANT pgid: 2.e0, query_epoch: 11709 -4454>
2014-09-18 18:08:31.488863 7f4c9f251700 5 -- op tracker -- , seq: 86015, time:
2014-09-18 18:08:31.488862, event: waiting_for_osdmap, op: MBackfillReserve GRANT pgid: 2.e0, query_epoch: 11709 -4453>
2014-09-18 18:08:31.488877 7f4c9f251700 5 -- op tracker -- , seq: 86015, time:
2014-09-18 18:08:31.488876, event: done, op: MBackfillReserve GRANT pgid: 2.e0, query_epoch: 11709 -4452>
2014-09-18 18:08:31.488884 7f4c97241700 1 -- 10.242.42.178:6807/2483 --> 10.242.42.174:6801/21548 -- MBackfillReserve REQUEST pgid: 2.e0, query_epoch: 11709, prio: 202 v3 -- ?+0 0xf1e9840 con 0x1395f8c0 -4451>
2014-09-18 18:08:31.489330 7f4c9f251700 1 -- 10.242.42.178:6807/2483 <== osd.27 10.242.42.174:6801/21548 939 ==== MBackfillReserve REJECT pgid: 2.e0, query_epoch: 11709 v3 ==== 30+0+0 (1949127848 0 0) 0xf1e9840 con 0x1395f8c0 -4450>
2014-09-18 18:08:31.489349 7f4c9f251700 5 -- op tracker -- , seq: 86016, time:
2014-09-18 18:08:31.489265, event: header_read, op: MBackfillReserve REJECT pgid: 2.e0, query_epoch: 11709 -4449>
2014-09-18 18:08:31.489359 7f4c9f251700 5 -- op tracker -- , seq: 86016, time:
2014-09-18 18:08:31.489266, event: throttled, op: MBackfillReserve REJECT pgid: 2.e0, query_epoch: 11709 -4448>
2014-09-18 18:08:31.489365 7f4c9f251700 5 -- op tracker -- , seq: 86016, time:
2014-09-18 18:08:31.489283, event: all_read, op: MBackfillReserve REJECT pgid: 2.e0, query_epoch: 11709 -4447>
2014-09-18 18:08:31.489371 7f4c9f251700 5 -- op tracker -- , seq: 86016, time:
2014-09-18 18:08:31.489345, event: dispatched, op: MBackfillReserve REJECT pgid: 2.e0, query_epoch: 11709 -4446>
2014-09-18 18:08:31.489377 7f4c9f251700 5 -- op tracker -- , seq: 86016, time:
2014-09-18 18:08:31.489376, event: waiting_for_osdmap, op: MBackfillReserve REJECT pgid: 2.e0, query_epoch: 11709 -4445>
2014-09-18 18:08:31.489391 7f4c9f251700 5 -- op tracker -- , seq: 86016, time:
2014-09-18 18:08:31.489389, event: done, op: MBackfillReserve REJECT pgid: 2.e0, query_epoch: 11709 -4444>
2014-09-18 18:08:31.489439 7f4c96a40700 1 -- 10.242.42.178:6807/2483 --> 10.242.42.164:6801/15878 -- MBackfillReserve REJECT pgid: 2.e0, query_epoch: 11709 v3 -- ?+0 0x21e103c0 con 0x10a878c0 -4443>
2014-09-18 18:08:31.489487 7f4c97241700 5 osd.42 pg_epoch: 11709 pg[2.719( v 6842'29696 (4073'25919,6842'29696] local-les=11531 n=513 ec=188 les/c 11531/9946 11530/11530/9945) [42,27,48]/[42] r=0 lpr=11530 pi=9945-11529/17 bft=27,48 crt=6842'29696 lcod 0'0 mlcod 0'0 active+undersized+degraded+remapped+wait_backfill+backfill_toofull] exit Started/Primary/Active/WaitLocalBackfillReserved 141.696956 624 0.004440 -4442>
2014-09-18 18:08:31.489503 7f4c97241700 5 osd.42 pg_epoch: 11709 pg[2.719( v 6842'29696 (4073'25919,6842'29696] local-les=11531 n=513 ec=188 les/c 11531/9946 11530/11530/9945) [42,27,48]/[42] r=0 lpr=11530 pi=9945-11529/17 bft=27,48 crt=6842'29696 lcod 0'0 mlcod 0'0 active+undersized+degraded+remapped+wait_backfill+backfill_toofull] enter Started/Primary/Active/WaitRemoteBackfillReserved -4441>
2014-09-18 18:08:31.489515 7f4c97241700 1 -- 10.242.42.178:6807/2483 --> 10.242.42.174:6801/21548 -- MBackfillReserve REQUEST pgid: 2.719, query_epoch: 11709, prio: 202 v3 -- ?+0 0xf1e6d20 con 0x1395f8c0 -4440>
2014-09-18 18:08:31.489551 7f4c96a40700 5 osd.42 pg_epoch: 11709 pg[2.e0( v 6854'28782 (4157'25783,6854'28782] local-les=11407 n=509 ec=188 les/c 11407/9946 11406/11406/10777) [27,42,0]/[42] r=0 lpr=11406 pi=5117-11405/79 bft=0,27 crt=6854'28778 lcod 0'0 mlcod 0'0 active+undersized+degraded+remapped+backfill_toofull] exit Started/Primary/Active/WaitRemoteBackfillReserved 1.765443 6 0.000086 -4439>
2014-09-18 18:08:31.489570 7f4c96a40700 5 osd.42 pg_epoch: 11709 pg[2.e0( v 6854'28782 (4157'25783,6854'28782] local-les=11407 n=509 ec=188 les/c 11407/9946 11406/11406/10777) [27,42,0]/[42] r=0 lpr=11406 pi=5117-11405/79 bft=0,27 crt=6854'28778 lcod 0'0 mlcod 0'0 active+undersized+degraded+remapped+backfill_toofull] enter Started/Primary/Active/NotBackfilling -4438>
2014-09-18 18:08:31.490003 7f4c9f251700 1 -- 10.242.42.178:6807/2483 <== osd.27 10.242.42.174:6801/21548 940 ==== MBackfillReserve REJECT pgid: 2.719, query_epoch: 11709 v3 ==== 30+0+0 (877081962 0 0) 0xf1e6d20 con 0x1395f8c0 -4437>
2014-09-18 18:08:31.490022 7f4c9f251700 5 -- op tracker -- , seq: 86017, time:
2014-09-18 18:08:31.489902, event: header_read, op: MBackfillReserve REJECT pgid: 2.719, query_epoch: 11709 -4436>
2014-09-18 18:08:31.490033 7f4c9f251700 5 -- op tracker -- , seq: 86017, time:
2014-09-18 18:08:31.489903, event: throttled, op: MBackfillReserve REJECT pgid: 2.719, query_epoch: 11709 -4435>
2014-09-18 18:08:31.490039 7f4c9f251700 5 -- op tracker -- , seq: 86017, time:
2014-09-18 18:08:31.489934, event: all_read, op: MBackfillReserve REJECT pgid: 2.719, query_epoch: 11709 -4434>
2014-09-18 18:08:31.490045 7f4c9f251700 5 -- op tracker -- , seq: 86017, time:
2014-09-18 18:08:31.490018, event: dispatched, op: MBackfillReserve REJECT pgid: 2.719, query_epoch: 11709 -4433>
2014-09-18 18:08:31.490051 7f4c9f251700 5 -- op tracker -- , seq: 86017, time:
2014-09-18 18:08:31.490050, event: waiting_for_osdmap, op: MBackfillReserve REJECT pgid: 2.719, query_epoch: 11709 -4432>
2014-09-18 18:08:31.490066 7f4c9f251700 5 -- op tracker -- , seq: 86017, time:
2014-09-18 18:08:31.490064, event: done, op: MBackfillReserve REJECT pgid: 2.719, query_epoch: 11709 -4431>
2014-09-18 18:08:31.490098 7f4c97241700 5 osd.42 pg_epoch: 11709 pg[2.719( v 6842'29696 (4073'25919,6842'29696] local-les=11531 n=513 ec=188 les/c 11531/9946 11530/11530/9945) [42,27,48]/[42] r=0 lpr=11530 pi=9945-11529/17 bft=27,48 crt=6842'29696 lcod 0'0 mlcod 0'0 active+undersized+degraded+remapped+backfill_toofull] exit Started/Primary/Active/WaitRemoteBackfillReserved 0.000595 1 0.000039 -4430>
2014-09-18 18:08:31.490113 7f4c97241700 5 osd.42 pg_epoch: 11709 pg[2.719( v 6842'29696 (4073'25919,6842'29696] local-les=11531 n=513 ec=188 les/c 11531/9946 11530/11530/9945) [42,27,48]/[42] r=0 lpr=11530 pi=9945-11529/17 bft=27,48 crt=6842'29696 lcod 0'0 mlcod 0'0 active+undersized+degraded+remapped+backfill_toofull] enter Started/Primary/Active/NotBackfilling -4429>
2014-09-18 18:08:31.490122 7f4c96a40700 5 osd.42 pg_epoch: 11709 pg[2.2d8( v 6825'27712 (4157'24703,6825'27712] local-les=11505 n=502 ec=188 les/c 11505/9946 11504/11504/11491) [9,27,42]/[42] r=0 lpr=11504 pi=3414-11503/173 bft=9,27 crt=6745'27699 lcod 0'0 mlcod 0'0 active+undersized+degraded+remapped+wait_backfill+backfill_toofull] exit Started/Primary/Active/WaitLocalBackfillReserved 141.696720 521 0.002379 -4428>
2014-09-18 18:08:31.490146 7f4c96a40700 5 osd.42 pg_epoch: 11709 pg[2.2d8( v 6825'27712 (4157'24703,6825'27712] local-les=11505 n=502 ec=188 les/c 11505/9946 11504/11504/11491) [9,27,42]/[42] r=0 lpr=11504 pi=3414-11503/173 bft=9,27 crt=6745'27699 lcod 0'0 mlcod 0'0 active+undersized+degraded+remapped+wait_backfill+backfill_toofull] enter Started/Primary/Active/WaitRemoteBackfillReserved -4427>
2014-09-18 18:08:31.490169 7f4c96a40700 1 -- 10.242.42.178:6807/2483 --> 10.242.42.166:6826/24959 -- MBackfillReserve REQUEST pgid: 2.2d8, query_epoch: 11709, prio: 202 v3 -- ?+0 0xf867c20 con 0x1395ec60 -4426>
2014-09-18 18:08:31.490621 7f4c9f251700 1 -- 10.242.42.178:6807/2483 <== osd.9 10.242.42.166:6826/24959 3207 ==== MBackfillReserve REJECT pgid: 2.2d8, query_epoch: 11709 v3 ==== 30+0+0 (117260603 0 0) 0xf867c20 con 0x1395ec60 -4425>
2014-09-18 18:08:31.490641 7f4c9f251700 5 -- op tracker -- , seq: 86018, time:
2014-09-18 18:08:31.490547, event: header_read, op: MBackfillReserve REJECT pgid: 2.2d8, query_epoch: 11709 -4424>
2014-09-18 18:08:31.490651 7f4c9f251700 5 -- op tracker -- , seq: 86018, time:
2014-09-18 18:08:31.490548, event: throttled, op: MBackfillReserve REJECT pgid: 2.2d8, query_epoch: 11709 -4423>
2014-09-18 18:08:31.490657 7f4c9f251700 5 -- op tracker -- , seq: 86018, time:
