2014-09-18 18:08:23.913866 7f4c8fa32700 1 -- 10.242.42.178:0/2483 --> 10.242.42.164:6813/17421 -- osd_ping(ping e11701 stamp
2014-09-18 18:08:23.913378) v2 -- ?+0 0x24dead00 con 0x125239c0 -9637>
2014-09-18 18:08:23.913883 7f4c8fa32700 1 -- 10.242.42.178:0/2483 --> 10.242.42.164:6814/17421 -- osd_ping(ping e11701 stamp
2014-09-18 18:08:23.913378) v2 -- ?+0 0x24de94a0 con 0x11d45860 -9636>
2014-09-18 18:08:23.913904 7f4c8fa32700 1 -- 10.242.42.178:0/2483 --> 10.242.42.172:6817/2660 -- osd_ping(ping e11701 stamp
2014-09-18 18:08:23.913378) v2 -- ?+0 0x24de9a40 con 0x238dc420 -9635>
2014-09-18 18:08:23.913919 7f4c8fa32700 1 -- 10.242.42.178:0/2483 --> 10.242.42.172:6818/2660 -- osd_ping(ping e11701 stamp
2014-09-18 18:08:23.913378) v2 -- ?+0 0x24dea580 con 0x238dcb00 -9634>
2014-09-18 18:08:23.913933 7f4c8fa32700 1 -- 10.242.42.178:0/2483 --> 10.242.42.178:6843/4511 -- osd_ping(ping e11701 stamp
2014-09-18 18:08:23.913378) v2 -- ?+0 0x12ba0960 con 0x149b1de0 -9633>
2014-09-18 18:08:23.913945 7f4c8fa32700 1 -- 10.242.42.178:0/2483 --> 10.242.42.178:6845/4511 -- osd_ping(ping e11701 stamp
2014-09-18 18:08:23.913378) v2 -- ?+0 0x12ba2b20 con 0x149b07e0 -9632>
2014-09-18 18:08:23.913961 7f4c8fa32700 1 -- 10.242.42.178:0/2483 --> 10.242.42.164:6832/25184 -- osd_ping(ping e11701 stamp
2014-09-18 18:08:23.913378) v2 -- ?+0 0x12ba2ee0 con 0x1217d180 -9631>
2014-09-18 18:08:23.913975 7f4c8fa32700 1 -- 10.242.42.178:0/2483 --> 10.242.42.164:6833/25184 -- osd_ping(ping e11701 stamp
2014-09-18 18:08:23.913378) v2 -- ?+0 0x12ba0b40 con 0x1217caa0 -9630>
2014-09-18 18:08:23.914014 7f4c8fa32700 1 -- 10.242.42.178:0/2483 --> 10.242.42.164:6837/27583 -- osd_ping(ping e11701 stamp
2014-09-18 18:08:23.913378) v2 -- ?+0 0x12ba0f00 con 0x10db26e0 -9629>
2014-09-18 18:08:23.914032 7f4c8fa32700 1 -- 10.242.42.178:0/2483 --> 10.242.42.164:6838/27583 -- osd_ping(ping e11701 stamp
2014-09-18 18:08:23.913378) v2 -- ?+0 0x12ba3de0 con 0x10db4ec0 -9628>
2014-09-18 18:08:23.914073 7f4c8fa32700 1 -- 10.242.42.178:0/2483 --> 10.242.42.170:6826/2318 -- osd_ping(ping e11701 stamp
2014-09-18 18:08:23.913378) v2 -- ?+0 0x12ba12c0 con 0x1db5c6e0 -9627>
2014-09-18 18:08:23.914091 7f4c8fa32700 1 -- 10.242.42.178:0/2483 --> 10.242.42.170:6832/2318 -- osd_ping(ping e11701 stamp
2014-09-18 18:08:23.913378) v2 -- ?+0 0x12ba0d20 con 0x1db5e260 -9626>
2014-09-18 18:08:23.914113 7f4c8fa32700 1 -- 10.242.42.178:0/2483 --> 10.242.42.172:6830/19404 -- osd_ping(ping e11701 stamp
2014-09-18 18:08:23.913378) v2 -- ?+0 0x12ba3480 con 0xe58d180 -9625>
2014-09-18 18:08:23.914129 7f4c8fa32700 1 -- 10.242.42.178:0/2483 --> 10.242.42.172:6831/19404 -- osd_ping(ping e11701 stamp
2014-09-18 18:08:23.913378) v2 -- ?+0 0x12ba2760 con 0xe58d020 -9624>
2014-09-18 18:08:23.914212 7f4c8fa32700 1 -- 10.242.42.178:0/2483 --> 10.242.42.172:6840/36458 -- osd_ping(ping e11701 stamp
2014-09-18 18:08:23.913378) v2 -- ?+0 0x12ba3660 con 0x1364b700 -9623>
2014-09-18 18:08:23.914243 7f4c8fa32700 1 -- 10.242.42.178:0/2483 --> 10.242.42.172:6842/36458 -- osd_ping(ping e11701 stamp
2014-09-18 18:08:23.913378) v2 -- ?+0 0x12ba01e0 con 0x1364b860 -9622>
2014-09-18 18:08:23.914266 7f4c8fa32700 1 -- 10.242.42.178:0/2483 --> 10.242.42.176:6802/988 -- osd_ping(ping e11701 stamp
2014-09-18 18:08:23.913378) v2 -- ?+0 0xe76da40 con 0x1db5d600 -9621>
2014-09-18 18:08:23.914281 7f4c8fa32700 1 -- 10.242.42.178:0/2483 --> 10.242.42.176:6803/988 -- osd_ping(ping e11701 stamp
2014-09-18 18:08:23.913378) v2 -- ?+0 0xe76d2c0 con 0x1db5dfa0 -9620>
2014-09-18 18:08:23.914304 7f4c8fa32700 1 -- 10.242.42.178:0/2483 --> 10.242.42.176:6839/46756 -- osd_ping(ping e11701 stamp
2014-09-18 18:08:23.913378) v2 -- ?+0 0xe76e3a0 con 0x1d7c7a20 -9619>
2014-09-18 18:08:23.914319 7f4c8fa32700 1 -- 10.242.42.178:0/2483 --> 10.242.42.176:6842/46756 -- osd_ping(ping e11701 stamp
2014-09-18 18:08:23.913378) v2 -- ?+0 0xf09cee0 con 0x1da543c0 -9618>
2014-09-18 18:08:23.914333 7f4c8fa32700 1 -- 10.242.42.178:0/2483 --> 10.242.42.178:6805/2487 -- osd_ping(ping e11701 stamp
2014-09-18 18:08:23.913378) v2 -- ?+0 0xf09a5a0 con 0x1d996aa0 -9617>
2014-09-18 18:08:23.914349 7f4c8fa32700 1 -- 10.242.42.178:0/2483 --> 10.242.42.178:6809/2487 -- osd_ping(ping e11701 stamp
2014-09-18 18:08:23.913378) v2 -- ?+0 0xf09bfe0 con 0x1d996c00 -9616>
2014-09-18 18:08:23.914385 7f4c9da4e700 1 -- 10.242.42.178:0/2483 <== osd.0 10.242.42.164:6803/15878 188 ==== osd_ping(ping_reply e11701 stamp
2014-09-18 18:08:23.913378) v2 ==== 47+0+0 (1862046528 0 0) 0x2b93b0e0 con 0x149b0ec0 -9615>
2014-09-18 18:08:23.914417 7f4c9da4e700 1 -- 10.242.42.178:0/2483 <== osd.39 10.242.42.172:6818/2660 183 ==== osd_ping(ping_reply e11702 stamp
2014-09-18 18:08:23.913378) v2 ==== 47+0+0 (3876926167 0 0) 0x1393a3c0 con 0x238dcb00 -9614>
2014-09-18 18:08:23.914461 7f4c9da4e700 1 -- 10.242.42.178:0/2483 <== osd.2 10.242.42.164:6820/19139 179 ==== osd_ping(ping_reply e11701 stamp
2014-09-18 18:08:23.913378) v2 ==== 47+0+0 (1862046528 0 0) 0x2b987e00 con 0x1d518aa0 -9613>
2014-09-18 18:08:23.914481 7f4c9da4e700 1 -- 10.242.42.178:0/2483 <== osd.3 10.242.42.164:6824/20623 168 ==== osd_ping(ping_reply e11701 stamp
2014-09-18 18:08:23.913378) v2 ==== 47+0+0 (1862046528 0 0) 0x24dea3a0 con 0x1d662b00 -9612>
2014-09-18 18:08:23.914499 7f4c9da4e700 1 -- 10.242.42.178:0/2483 <== osd.3 10.242.42.164:6825/20623 168 ==== osd_ping(ping_reply e11701 stamp
2014-09-18 18:08:23.913378) v2 ==== 47+0+0 (1862046528 0 0) 0xf5783a0 con 0x1d6629a0 -9611>
2014-09-18 18:08:23.914518 7f4c9da4e700 1 -- 10.242.42.178:0/2483 <== osd.4 10.242.42.164:6826/22324 162 ==== osd_ping(ping_reply e11699 stamp
2014-09-18 18:08:23.913378) v2 ==== 47+0+0 (2026088095 0 0) 0xf874940 con 0x1277db20 -9610>
2014-09-18 18:08:23.915066 7f4c9da4e700 1 -- 10.242.42.178:6807/2483 --> 10.242.42.164:6819/22324 -- osd_map(11700..11701 src has 1..11701) v3 -- ?+0 0x10e23200 con 0x1f102840 -9609>
2014-09-18 18:08:23.915095 7f4c9da4e700 1 -- 10.242.42.178:0/2483 <== osd.4 10.242.42.164:6828/22324 162 ==== osd_ping(ping_reply e11699 stamp
2014-09-18 18:08:23.913378) v2 ==== 47+0+0 (2026088095 0 0) 0xf96c1c0 con 0x1277d180 -9608>
2014-09-18 18:08:23.915124 7f4c9da4e700 1 -- 10.242.42.178:0/2483 <== osd.43 10.242.42.178:6843/4511 160 ==== osd_ping(ping_reply e11702 stamp
2014-09-18 18:08:23.913378) v2 ==== 47+0+0 (3876926167 0 0) 0xfae74a0 con 0x149b1de0 -9607>
2014-09-18 18:08:23.915147 7f4c9da4e700 1 -- 10.242.42.178:0/2483 <== osd.58 10.242.42.176:6839/46756 158 ==== osd_ping(ping_reply e11702 stamp
2014-09-18 18:08:23.913378) v2 ==== 47+0+0 (3876926167 0 0) 0x12112960 con 0x1d7c7a20 -9606>
2014-09-18 18:08:23.915169 7f4c9da4e700 1 -- 10.242.42.178:0/2483 <== osd.58 10.242.42.176:6842/46756 158 ==== osd_ping(ping_reply e11702 stamp
2014-09-18 18:08:23.913378) v2 ==== 47+0+0 (3876926167 0 0) 0xf2b0ee0 con 0x1da543c0 -9605>
2014-09-18 18:08:23.915186 7f4c9da4e700 1 -- 10.242.42.178:0/2483 <== osd.27 10.242.42.174:6802/21548 157 ==== osd_ping(ping_reply e11702 stamp
2014-09-18 18:08:23.913378) v2 ==== 47+0+0 (3876926167 0 0) 0xf275c00 con 0x1da53a20 -9604>
2014-09-18 18:08:23.915260 7f4c9da4e700 1 -- 10.242.42.178:0/2483 <== osd.27 10.242.42.174:6803/21548 157 ==== osd_ping(ping_reply e11702 stamp
2014-09-18 18:08:23.913378) v2 ==== 47+0+0 (3876926167 0 0) 0x1393dc00 con 0x1da53760 -9603>
2014-09-18 18:08:23.915269 7f4c96a40700 5 osd.42 pg_epoch: 11702 pg[2.3b5( v 6760'24794 (4083'21161,6760'24794] local-les=11491 n=522 ec=188 les/c 11491/11491 11701/11701/11701) [24,27,42] r=2 lpr=11701 pi=2630-11700/64 crt=6750'24785 lcod 0'0 inactive NOTIFY] exit Started/Stray 1.007100 4 0.000245 -9602>
2014-09-18 18:08:23.915301 7f4c9da4e700 1 -- 10.242.42.178:0/2483 <== osd.11 10.242.42.168:6822/17298 135 ==== osd_ping(ping_reply e11702 stamp
2014-09-18 18:08:23.913378) v2 ==== 47+0+0 (3876926167 0 0) 0xe76c780 con 0x1217b760 -9601>
2014-09-18 18:08:23.915317 7f4c96a40700 5 osd.42 pg_epoch: 11702 pg[2.3b5( v 6760'24794 (4083'21161,6760'24794] local-les=11491 n=522 ec=188 les/c 11491/11491 11701/11701/11701) [24,27,42] r=2 lpr=11701 pi=2630-11700/64 crt=6750'24785 lcod 0'0 inactive NOTIFY] exit Started 1.007209 0 0.000000 -9600>
2014-09-18 18:08:23.915336 7f4c96a40700 5 osd.42 pg_epoch: 11702 pg[2.3b5( v 6760'24794 (4083'21161,6760'24794] local-les=11491 n=522 ec=188 les/c 11491/11491 11701/11701/11701) [24,27,42] r=2 lpr=11701 pi=2630-11700/64 crt=6750'24785 lcod 0'0 inactive NOTIFY] enter Reset -9599>
2014-09-18 18:08:23.915340 7f4c9da4e700 1 -- 10.242.42.178:0/2483 <== osd.11 10.242.42.168:6823/17298 135 ==== osd_ping(ping_reply e11702 stamp
2014-09-18 18:08:23.913378) v2 ==== 47+0+0 (3876926167 0 0) 0xf0dc3a0 con 0x1217c7e0 -9598>
2014-09-18 18:08:23.915377 7f4c9da4e700 1 -- 10.242.42.178:0/2483 <== osd.47 10.242.42.164:6832/25184 135 ==== osd_ping(ping_reply e11701 stamp
2014-09-18 18:08:23.913378) v2 ==== 47+0+0 (1862046528 0 0) 0xf09c580 con 0x1217d180 -9597>
2014-09-18 18:08:23.915408 7f4c9da4e700 1 -- 10.242.42.178:6807/2483 --> 10.242.42.164:6831/25184 -- osd_map(11702..11702 src has 1..11702) v3 -- ?+0 0x10e23f80 con 0x12562260 -9596>
2014-09-18 18:08:23.915425 7f4c9da4e700 1 -- 10.242.42.178:0/2483 <== osd.47 10.242.42.164:6833/25184 135 ==== osd_ping(ping_reply e11701 stamp
2014-09-18 18:08:23.913378) v2 ==== 47+0+0 (1862046528 0 0) 0xf866b40 con 0x1217caa0 -9595>
2014-09-18 18:08:23.915457 7f4c9da4e700 1 -- 10.242.42.178:0/2483 <== osd.57 10.242.42.176:6802/988 123 ==== osd_ping(ping_reply e11702 stamp
2014-09-18 18:08:23.913378) v2 ==== 47+0+0 (3876926167 0 0) 0xe0c9660 con 0x1db5d600 -9594>
2014-09-18 18:08:23.915476 7f4c9da4e700 1 -- 10.242.42.178:0/2483 <== osd.57 10.242.42.176:6803/988 123 ==== osd_ping(ping_reply e11702 stamp
2014-09-18 18:08:23.913378) v2 ==== 47+0+0 (3876926167 0 0) 0xe9fef00 con 0x1db5dfa0 -9593>
2014-09-18 18:08:23.915499 7f4ca0a54700 1 -- 10.242.42.178:6801/2483 <== mon.2 10.242.42.188:6789/0 24 ==== osd_map(11699..11702 src has 1..11702) v3 ==== 5463+0+0 (2524449185 0 0) 0x1182b200 con 0x111771e0 -9592>
2014-09-18 18:08:23.915543 7f4c9da4e700 1 -- 10.242.42.178:0/2483 <== osd.32 10.242.42.176:6825/1099 123 ==== osd_ping(ping_reply e11701 stamp
2014-09-18 18:08:23.913378) v2 ==== 47+0+0 (1862046528 0 0) 0xf93b0e0 con 0x1db5da20 -9591>
2014-09-18 18:08:23.915574 7f4c9da4e700 1 -- 10.242.42.178:6807/2483 --> 10.242.42.176:6814/1099 -- osd_map(11702..11702 src has 1..11702) v3 -- ?+0 0x1182da80 con 0x1395ef20 -9590>
2014-09-18 18:08:23.915591 7f4c9da4e700 1 -- 10.242.42.178:0/2483 <== osd.32 10.242.42.176:6826/1099 123 ==== osd_ping(ping_reply e11701 stamp
2014-09-18 18:08:23.913378) v2 ==== 47+0+0 (1862046528 0 0) 0x24de8780 con 0x1db5db80 -9589>
2014-09-18 18:08:23.915646 7f4c96a40700 5 osd.42 pg_epoch: 11702 pg[2.3b5( v 6760'24794 (4083'21161,6760'24794] local-les=11491 n=522 ec=188 les/c 11491/11491 11701/11702/11702) [24,27,42]/[9,27,42] r=2 lpr=11702 pi=2630-11701/65 crt=6750'24785 lcod 0'0 remapped NOTIFY] exit Reset 0.000310 1 0.000124 -9588>
2014-09-18 18:08:23.915672 7f4c96a40700 5 osd.42 pg_epoch: 11702 pg[2.3b5( v 6760'24794 (4083'21161,6760'24794] local-les=11491 n=522 ec=188 les/c 11491/11491 11701/11702/11702) [24,27,42]/[9,27,42] r=2 lpr=11702 pi=2630-11701/65 crt=6750'24785 lcod 0'0 remapped NOTIFY] enter Started -9587>
2014-09-18 18:08:23.915682 7f4c96a40700 5 osd.42 pg_epoch: 11702 pg[2.3b5( v 6760'24794 (4083'21161,6760'24794] local-les=11491 n=522 ec=188 les/c 11491/11491 11701/11702/11702) [24,27,42]/[9,27,42] r=2 lpr=11702 pi=2630-11701/65 crt=6750'24785 lcod 0'0 remapped NOTIFY] enter Start -9586>
2014-09-18 18:08:23.915697 7f4c9da4e700 1 -- 10.242.42.178:0/2483 <== osd.30 10.242.42.176:6830/1204 123 ==== osd_ping(ping_reply e11702 stamp
2014-09-18 18:08:23.913378) v2 ==== 47+0+0 (3876926167 0 0) 0x104123c0 con 0x1db5cdc0 -9585>
2014-09-18 18:08:23.915708 7f4ca0a54700 3 osd.42 11702 handle_osd_map epochs [11699,11702], i have 11702, src has [1,11702] -9584>
2014-09-18 18:08:23.915702 7f4c9f251700 1 -- 10.242.42.178:6807/2483 <== osd.13 10.242.42.168:6840/1010879 297 ==== pg_info(1 pgs e11702:2.756(15)) v4 ==== 1531+0+0 (4110897726 0 0) 0xe1abfe0 con 0x140f95a0 -9583>
2014-09-18 18:08:23.915714 7f4c9da4e700 1 -- 10.242.42.178:0/2483 <== osd.30 10.242.42.176:6831/1204 123 ==== osd_ping(ping_reply e11702 stamp
2014-09-18 18:08:23.913378) v2 ==== 47+0+0 (3876926167 0 0) 0xf872f00 con 0x1db5cc60 -9582>
2014-09-18 18:08:23.915726 7f4c9f251700 5 -- op tracker -- , seq: 85573, time:
2014-09-18 18:08:23.911327, event: header_read, op: pg_info(1 pgs e11702:2.756(15)) -9581>
2014-09-18 18:08:23.915728 7f4c9da4e700 1 -- 10.242.42.178:0/2483 <== osd.9 10.242.42.166:6827/24959 121 ==== osd_ping(ping_reply e11701 stamp
2014-09-18 18:08:23.913378) v2 ==== 47+0+0 (1862046528 0 0) 0xf875480 con 0x1db5c420 -9580>
2014-09-18 18:08:23.915740 7f4c9f251700 5 -- op tracker -- , seq: 85573, time:
2014-09-18 18:08:23.911328, event: throttled, op: pg_info(1 pgs e11702:2.756(15)) -9579>
2014-09-18 18:08:23.915746 7f4c9f251700 5 -- op tracker -- , seq: 85573, time:
2014-09-18 18:08:23.911376, event: all_read, op: pg_info(1 pgs e11702:2.756(15)) -9578>
2014-09-18 18:08:23.915749 7f4c9da4e700 1 -- 10.242.42.178:6807/2483 --> 10.242.42.166:6826/24959 -- osd_map(11702..11702 src has 1..11702) v3 -- ?+0 0x2db44fc0 con 0x1395ec60 -9577>
2014-09-18 18:08:23.915752 7f4c9f251700 5 -- op tracker -- , seq: 85573, time:
2014-09-18 18:08:23.915721, event: dispatched, op: pg_info(1 pgs e11702:2.756(15)) -9576>
2014-09-18 18:08:23.915760 7f4c9f251700 5 -- op tracker -- , seq: 85573, time:
2014-09-18 18:08:23.915758, event: waiting_for_osdmap, op: pg_info(1 pgs e11702:2.756(15)) -9575>
2014-09-18 18:08:23.915770 7f4c9f251700 5 -- op tracker -- , seq: 85573, time:
2014-09-18 18:08:23.915769, event: started, op: pg_info(1 pgs e11702:2.756(15)) -9574>
2014-09-18 18:08:23.915767 7f4c9da4e700 1 -- 10.242.42.178:0/2483 <== osd.9 10.242.42.166:6840/24959 121 ==== osd_ping(ping_reply e11701 stamp
2014-09-18 18:08:23.913378) v2 ==== 47+0+0 (1862046528 0 0) 0xea010c0 con 0x1db5c160 -9573>
2014-09-18 18:08:23.915690 7f4c96a40700 1 osd.42 pg_epoch: 11702 pg[2.3b5( v 6760'24794 (4083'21161,6760'24794] local-les=11491 n=522 ec=188 les/c 11491/11491 11701/11702/11702) [24,27,42]/[9,27,42] r=2 lpr=11702 pi=2630-11701/65 crt=6750'24785 lcod 0'0 remapped NOTIFY] state: transitioning to Stray -9572>
2014-09-18 18:08:23.915809 7f4c9da4e700 1 -- 10.242.42.178:0/2483 <== osd.53 10.242.42.170:6826/2318 121 ==== osd_ping(ping_reply e11701 stamp
2014-09-18 18:08:23.913378) v2 ==== 47+0+0 (1862046528 0 0) 0x12112000 con 0x1db5c6e0 -9571>
2014-09-18 18:08:23.915812 7f4c96a40700 5 osd.42 pg_epoch: 11702 pg[2.3b5( v 6760'24794 (4083'21161,6760'24794] local-les=11491 n=522 ec=188 les/c 11491/11491 11701/11702/11702) [24,27,42]/[9,27,42] r=2 lpr=11702 pi=2630-11701/65 crt=6750'24785 lcod 0'0 remapped NOTIFY] exit Start 0.000130 0 0.000000 -9570>
2014-09-18 18:08:23.915838 7f4c9da4e700 1 -- 10.242.42.178:6807/2483 --> 10.242.42.170:6816/2318 -- osd_map(11702..11702 src has 1..11702) v3 -- ?+0 0x2db46880 con 0xe9a27e0 -9569>
2014-09-18 18:08:23.915837 7f4c96a40700 5 osd.42 pg_epoch: 11702 pg[2.3b5( v 6760'24794 (4083'21161,6760'24794] local-les=11491 n=522 ec=188 les/c 11491/11491 11701/11702/11702) [24,27,42]/[9,27,42] r=2 lpr=11702 pi=2630-11701/65 crt=6750'24785 lcod 0'0 remapped NOTIFY] enter Started/Stray -9568>
2014-09-18 18:08:23.915859 7f4c9da4e700 1 -- 10.242.42.178:0/2483 <== osd.53 10.242.42.170:6832/2318 121 ==== osd_ping(ping_reply e11701 stamp
2014-09-18 18:08:23.913378) v2 ==== 47+0+0 (1862046528 0 0) 0x2b923a40 con 0x1db5e260 -9567>
2014-09-18 18:08:23.915882 7f4c9da4e700 1 -- 10.242.42.178:0/2483 <== osd.48 10.242.42.164:6837/27583 101 ==== osd_ping(ping_reply e11702 stamp
2014-09-18 18:08:23.913378) v2 ==== 47+0+0 (3876926167 0 0) 0xfae7fe0 con 0x10db26e0 -9566>
2014-09-18 18:08:23.915902 7f4c9da4e700 1 -- 10.242.42.178:0/2483 <== osd.48 10.242.42.164:6838/27583 101 ==== osd_ping(ping_reply e11702 stamp
2014-09-18 18:08:23.913378) v2 ==== 47+0+0 (3876926167 0 0) 0x19f36960 con 0x10db4ec0 -9565>
2014-09-18 18:08:23.915919 7f4c9da4e700 1 -- 10.242.42.178:0/2483 <== osd.23 10.242.42.172:6826/11463 1574 ==== osd_ping(ping_reply e11702 stamp
2014-09-18 18:08:23.913378) v2 ==== 47+0+0 (3876926167 0 0) 0xf160760 con 0xe417b20 -9564>
2014-09-18 18:08:23.915976 7f4c9f251700 5 -- op tracker -- , seq: 85573, time:
2014-09-18 18:08:23.915974, event: done, op: pg_info(1 pgs e11702:2.756(15)) -9563>
2014-09-18 18:08:23.915939 7f4c9da4e700 1 -- 10.242.42.178:0/2483 <== osd.23 10.242.42.172:6827/11463 1574 ==== osd_ping(ping_reply e11702 stamp
2014-09-18 18:08:23.913378) v2 ==== 47+0+0 (3876926167 0 0) 0xe1a50c0 con 0xe58ab00 -9562>
2014-09-18 18:08:23.916239 7f4c9da4e700 1 -- 10.242.42.178:0/2483 <== osd.20 10.242.42.172:6823/33871 1574 ==== osd_ping(ping_reply e11702 stamp
2014-09-18 18:08:23.913378) v2 ==== 47+0+0 (3876926167 0 0) 0xe7952c0 con 0xe58a9a0 -9561>
2014-09-18 18:08:23.916266 7f4c9da4e700 1 -- 10.242.42.178:0/2483 <== osd.20 10.242.42.172:6825/33871 1574 ==== osd_ping(ping_reply e11702 stamp
2014-09-18 18:08:23.913378) v2 ==== 47+0+0 (3876926167 0 0) 0xe958ee0 con 0xe58a840 -9560>
2014-09-18 18:08:23.916286 7f4c9da4e700 1 -- 10.242.42.178:0/2483 <== osd.55 10.242.42.172:6830/19404 1574 ==== osd_ping(ping_reply e11701 stamp
2014-09-18 18:08:23.913378) v2 ==== 47+0+0 (1862046528 0 0) 0xe1a5840 con 0xe58d180 -9559>
2014-09-18 18:08:23.916310 7f4c9da4e700 1 -- 10.242.42.178:6807/2483 --> 10.242.42.172:6829/19404 -- osd_map(11702..11702 src has 1..11702) v3 -- ?+0 0x2db45b00 con 0xe2d9a20 -9558>
2014-09-18 18:08:23.916330 7f4c9da4e700 1 -- 10.242.42.178:0/2483 <== osd.55 10.242.42.172:6831/19404 1574 ==== osd_ping(ping_reply e11701 stamp
2014-09-18 18:08:23.913378) v2 ==== 47+0+0 (1862046528 0 0) 0xf1e9840 con 0xe58d020 -9557>
2014-09-18 18:08:23.916162 7f4c9f251700 1 -- 10.242.42.178:6807/2483 <== osd.56 10.242.42.172:6837/36458 1024 ==== osd_map(11702..11702 src has 1..11702) v3 ==== 2225+0+0 (1197198746 0 0) 0xe939840 con 0x14358260 -9556>
2014-09-18 18:08:23.916364 7f4c9f251700 3 osd.42 11702 handle_osd_map epochs [11702,11702], i have 11702, src has [1,11702] -9555>
2014-09-18 18:08:23.916375 7f4c9f251700 1 -- 10.242.42.178:6807/2483 <== osd.43 10.242.42.178:6841/4511 2 ==== osd_map(11702..11702 src has 1..11702) v3 ==== 2225+0+0 (1197198746 0 0) 0x14409b00 con 0x101e38c0 -9554>
2014-09-18 18:08:23.916385 7f4c9f251700 3 osd.42 11702 handle_osd_map epochs [11702,11702], i have 11702, src has [1,11702] -9553>
2014-09-18 18:08:23.916389 7f4c9f251700 1 -- 10.242.42.178:6807/2483 <== osd.58 10.242.42.176:6835/46756 43 ==== osd_map(11702..11702 src has 1..11702) v3 ==== 2225+0+0 (1197198746 0 0) 0x10d18640 con 0x142f8260 -9552>
2014-09-18 18:08:23.916397 7f4c9f251700 3 osd.42 11702 handle_osd_map epochs [11702,11702], i have 11702, src has [1,11702] -9551>
2014-09-18 18:08:23.916401 7f4c9f251700 1 -- 10.242.42.178:6807/2483 <== osd.27 10.242.42.174:6801/21548 900 ==== osd_map(11702..11702 src has 1..11702) v3 ==== 2225+0+0 (1197198746 0 0) 0x2fb9f440 con 0x1395f8c0 -9550>
2014-09-18 18:08:23.916409 7f4c9f251700 3 osd.42 11702 handle_osd_map epochs [11702,11702], i have 11702, src has [1,11702] -9549>
2014-09-18 18:08:23.916414 7f4c9f251700 1 -- 10.242.42.178:6807/2483 <== osd.11 10.242.42.168:6804/17298 27 ==== osd_map(11702..11702 src has 1..11702) v3 ==== 2225+0+0 (1197198746 0 0) 0x24dbd680 con 0x1395f340 -9548>
2014-09-18 18:08:23.916422 7f4c9f251700 3 osd.42 11702 handle_osd_map epochs [11702,11702], i have 11702, src has [1,11702] -9547>
2014-09-18 18:08:23.916426 7f4c9f251700 1 -- 10.242.42.178:6807/2483 <== osd.57 10.242.42.176:6801/988 114 ==== osd_map(11702..11702 src has 1..11702) v3 ==== 2225+0+0 (1197198746 0 0) 0x2fb9e000 con 0x1395f080 -9546>
2014-09-18 18:08:23.916435 7f4c9f251700 3 osd.42 11702 handle_osd_map epochs [11702,11702], i have 11702, src has [1,11702] -9545>
2014-09-18 18:08:23.916439 7f4c9f251700 1 -- 10.242.42.178:6807/2483 <== osd.30 10.242.42.176:6829/1204 103 ==== osd_map(11702..11702 src has 1..11702) v3 ==== 2225+0+0 (1197198746 0 0) 0x1e282fc0 con 0x1395edc0 -9544>
2014-09-18 18:08:23.916446 7f4c9f251700 3 osd.42 11702 handle_osd_map epochs [11702,11702], i have 11702, src has [1,11702] -9543>
2014-09-18 18:08:23.916450 7f4c9f251700 1 -- 10.242.42.178:6807/2483 <== osd.48 10.242.42.164:6836/27583 11 ==== osd_map(11702..11702 src has 1..11702) v3 ==== 2225+0+0 (1197198746 0 0) 0x11bb93c0 con 0x10aebe40 -9542>
2014-09-18 18:08:23.916458 7f4c9f251700 3 osd.42 11702 handle_osd_map epochs [11702,11702], i have 11702, src has [1,11702] -9541>
2014-09-18 18:08:23.916464 7f4c9f251700 1 -- 10.242.42.178:6807/2483 <== osd.24 10.242.42.172:6802/5612 2330 ==== osd_map(11702..11702 src has 1..11702) v3 ==== 2225+0+0 (1197198746 0 0) 0xeee9d40 con 0xdd8c940 -9540>
2014-09-18 18:08:23.916472 7f4c9f251700 3 osd.42 11702 handle_osd_map epochs [11702,11702], i have 11702, src has [1,11702] -9539>
2014-09-18 18:08:23.916477 7f4c9f251700 1 -- 10.242.42.178:6807/2483 <== osd.23 10.242.42.172:6819/11463 3266 ==== osd_map(11702..11702 src has 1..11702) v3 ==== 2225+0+0 (1197198746 0 0) 0x24d1bb00 con 0x4900580 -9538>
2014-09-18 18:08:23.916485 7f4c9f251700 3 osd.42 11702 handle_osd_map epochs [11702,11702], i have 11702, src has [1,11702] -9537>
2014-09-18 18:08:23.916493 7f4c9f251700 1 -- 10.242.42.178:6807/2483 <== osd.39 10.242.42.172:6816/2660 2582 ==== osd_map(11702..11702 src has 1..11702) v3 ==== 2225+0+0 (1197198746 0 0) 0x19df1f80 con 0x4900b00 -9536>
2014-09-18 18:08:23.916502 7f4c9f251700 3 osd.42 11702 handle_osd_map epochs [11702,11702], i have 11702, src has [1,11702] -9535>
2014-09-18 18:08:23.916509 7f4c9f251700 1 -- 10.242.42.178:6807/2483 <== osd.20 10.242.42.172:6822/33871 1709 ==== osd_map(11702..11702 src has 1..11702) v3 ==== 2225+0+0 (1197198746 0 0) 0x24dbc6c0 con 0x4900000 -9534>
2014-09-18 18:08:23.916518 7f4c9f251700 3 osd.42 11702 handle_osd_map epochs [11702,11702], i have 11702, src has [1,11702] -9533>
2014-09-18 18:08:23.916508 7f4c9da4e700 1 -- 10.242.42.178:0/2483 <== osd.56 10.242.42.172:6840/36458 654 ==== osd_ping(ping_reply e11702 stamp
2014-09-18 18:08:23.913378) v2 ==== 47+0+0 (3876926167 0 0) 0xf12d480 con 0x1364b700 -9532>
2014-09-18 18:08:23.916523 7f4c9f251700 1 -- 10.242.42.178:6807/2483 <== osd.56 10.242.42.172:6837/36458 1025 ==== pg_notify(2.719(17) epoch 11702) v5 ==== 1601+0+0 (4234779878 0 0) 0x2b93fe00 con 0x14358260 -9531>
2014-09-18 18:08:23.916548 7f4c9f251700 5 -- op tracker -- , seq: 85574, time:
2014-09-18 18:08:23.916236, event: header_read, op: pg_notify(2.719(17) epoch 11702) -9530>
2014-09-18 18:08:23.916564 7f4c9f251700 5 -- op tracker -- , seq: 85574, time:
2014-09-18 18:08:23.916237, event: throttled, op: pg_notify(2.719(17) epoch 11702) -9529>
2014-09-18 18:08:23.916546 7f4c9da4e700 1 -- 10.242.42.178:0/2483 <== osd.56 10.242.42.172:6842/36458 654 ==== osd_ping(ping_reply e11702 stamp
2014-09-18 18:08:23.913378) v2 ==== 47+0+0 (3876926167 0 0) 0xf4e6d20 con 0x1364b860 -9528>
2014-09-18 18:08:23.916573 7f4c9f251700 5 -- op tracker -- , seq: 85574, time:
2014-09-18 18:08:23.916296, event: all_read, op: pg_notify(2.719(17) epoch 11702) -9527>
2014-09-18 18:08:23.916578 7f4c9f251700 5 -- op tracker -- , seq: 85574, time:
2014-09-18 18:08:23.916541, event: dispatched, op: pg_notify(2.719(17) epoch 11702) -9526>
2014-09-18 18:08:23.916584 7f4c9f251700 5 -- op tracker -- , seq: 85574, time:
2014-09-18 18:08:23.916583, event: waiting_for_osdmap, op: pg_notify(2.719(17) epoch 11702) -9525>
2014-09-18 18:08:23.916582 7f4c9da4e700 1 -- 10.242.42.178:0/2483 <== osd.6 10.242.42.166:6810/22481 454 ==== osd_ping(ping_reply e11700 stamp
2014-09-18 18:08:23.913378) v2 ==== 47+0+0 (375124941 0 0) 0x128cb4a0 con 0x1096fa20 -9524>
2014-09-18 18:08:23.916593 7f4c9f251700 5 -- op tracker -- , seq: 85574, time:
2014-09-18 18:08:23.916591, event: started, op: pg_notify(2.719(17) epoch 11702) -9523>
2014-09-18 18:08:23.916610 7f4c9f251700 5 -- op tracker -- , seq: 85574, time:
2014-09-18 18:08:23.916609, event: done, op: pg_notify(2.719(17) epoch 11702) -9522>
2014-09-18 18:08:23.916625 7f4c9f251700 1 -- 10.242.42.178:6807/2483 <== osd.27 10.242.42.174:6801/21548 901 ==== pg_notify(2.1d8(9) epoch 11702) v5 ==== 1261+0+0 (784760658 0 0) 0xf93a5a0 con 0x1395f8c0 -9521>
2014-09-18 18:08:23.916637 7f4c9f251700 5 -- op tracker -- , seq: 85575, time:
2014-09-18 18:08:23.913445, event: header_read, op: pg_notify(2.1d8(9) epoch 11702) -9520>
2014-09-18 18:08:23.916642 7f4c9f251700 5 -- op tracker -- , seq: 85575, time:
2014-09-18 18:08:23.913446, event: throttled, op: pg_notify(2.1d8(9) epoch 11702) -9519>
2014-09-18 18:08:23.916646 7f4c9f251700 5 -- op tracker -- , seq: 85575, time:
2014-09-18 18:08:23.913483, event: all_read, op: pg_notify(2.1d8(9) epoch 11702) -9518>
2014-09-18 18:08:23.916652 7f4c9f251700 5 -- op tracker -- , seq: 85575, time:
2014-09-18 18:08:23.916635, event: dispatched, op: pg_notify(2.1d8(9) epoch 11702) -9517>
2014-09-18 18:08:23.916659 7f4c9f251700 5 -- op tracker -- , seq: 85575, time:
2014-09-18 18:08:23.916657, event: waiting_for_osdmap, op: pg_notify(2.1d8(9) epoch 11702) -9516>
2014-09-18 18:08:23.916664 7f4c9f251700 5 -- op tracker -- , seq: 85575, time:
2014-09-18 18:08:23.916663, event: started, op: pg_notify(2.1d8(9) epoch 11702) -9515>
2014-09-18 18:08:23.916696 7f4c9f251700 5 -- op tracker -- , seq: 85575, time:
2014-09-18 18:08:23.916695, event: done, op: pg_notify(2.1d8(9) epoch 11702) -9514>
2014-09-18 18:08:23.916708 7f4c9f251700 1 -- 10.242.42.178:6807/2483 <== osd.11 10.242.42.168:6804/17298 28 ==== pg_info(1 pgs e11702:2.29c(20)) v4 ==== 1786+0+0 (2162697931 0 0) 0xe1abc20 con 0x1395f340 -9513>
2014-09-18 18:08:23.916718 7f4c9f251700 5 -- op tracker -- , seq: 85576, time:
2014-09-18 18:08:23.915811, event: header_read, op: pg_info(1 pgs e11702:2.29c(20)) -9512>
2014-09-18 18:08:23.916725 7f4c9f251700 5 -- op tracker -- , seq: 85576, time:
2014-09-18 18:08:23.915812, event: throttled, op: pg_info(1 pgs e11702:2.29c(20)) -9511>
2014-09-18 18:08:23.916731 7f4c9f251700 5 -- op tracker -- , seq: 85576, time:
2014-09-18 18:08:23.915856, event: all_read, op: pg_info(1 pgs e11702:2.29c(20)) -9510>
2014-09-18 18:08:23.916737 7f4c9f251700 5 -- op tracker -- , seq: 85576, time:
2014-09-18 18:08:23.916716, event: dispatched, op: pg_info(1 pgs e11702:2.29c(20)) -9509>
2014-09-18 18:08:23.916743 7f4c9f251700 5 -- op tracker -- , seq: 85576, time:
2014-09-18 18:08:23.916742, event: waiting_for_osdmap, op: pg_info(1 pgs e11702:2.29c(20)) -9508>
2014-09-18 18:08:23.916751 7f4c9f251700 5 -- op tracker -- , seq: 85576, time:
2014-09-18 18:08:23.916749, event: started, op: pg_info(1 pgs e11702:2.29c(20)) -9507>
2014-09-18 18:08:23.916764 7f4c9f251700 5 -- op tracker -- , seq: 85576, time:
2014-09-18 18:08:23.916763, event: done, op: pg_info(1 pgs e11702:2.29c(20)) -9506>
2014-09-18 18:08:23.916775 7f4c9f251700 1 -- 10.242.42.178:6807/2483 <== osd.23 10.242.42.172:6819/11463 3267 ==== pg_notify(2.4f6(184) epoch 11702) v5 ==== 11296+0+0 (511599619 0 0) 0x24fd3840 con 0x4900580 -9505>
2014-09-18 18:08:23.916786 7f4c9f251700 5 -- op tracker -- , seq: 85577, time:
2014-09-18 18:08:23.915646, event: header_read, op: pg_notify(2.4f6(184) epoch 11702) -9504>
2014-09-18 18:08:23.916793 7f4c9f251700 5 -- op tracker -- , seq: 85577, time:
2014-09-18 18:08:23.915647, event: throttled, op: pg_notify(2.4f6(184) epoch 11702) -9503>
2014-09-18 18:08:23.916798 7f4c9f251700 5 -- op tracker -- , seq: 85577, time:
2014-09-18 18:08:23.915902, event: all_read, op: pg_notify(2.4f6(184) epoch 11702) -9502>
2014-09-18 18:08:23.916803 7f4c9f251700 5 -- op tracker -- , seq: 85577, time:
2014-09-18 18:08:23.916783, event: dispatched, op: pg_notify(2.4f6(184) epoch 11702) -9501>
2014-09-18 18:08:23.916808 7f4c9f251700 5 -- op tracker -- , seq: 85577, time:
2014-09-18 18:08:23.916807, event: waiting_for_osdmap, op: pg_notify(2.4f6(184) epoch 11702) -9500>
2014-09-18 18:08:23.916815 7f4c9f251700 5 -- op tracker -- , seq: 85577, time:
2014-09-18 18:08:23.916814, event: started, op: pg_notify(2.4f6(184) epoch 11702) -9499>
2014-09-18 18:08:23.916811 7f4c9da4e700 1 -- 10.242.42.178:6807/2483 --> 10.242.42.166:6808/22481 -- osd_map(11702..11702 src has 1..11702) v3 -- ?+0 0x2db473c0 con 0x1088aec0 -9498>
2014-09-18 18:08:23.916833 7f4c9da4e700 1 -- 10.242.42.178:0/2483 <== osd.6 10.242.42.166:6813/22481 454 ==== osd_ping(ping_reply e11700 stamp
2014-09-18 18:08:23.913378) v2 ==== 47+0+0 (375124941 0 0) 0x21f050e0 con 0x10970520 -9497>
2014-09-18 18:08:23.916881 7f4c9da4e700 1 -- 10.242.42.178:0/2483 <== osd.22 10.242.42.172:6820/37668 448 ==== osd_ping(ping_reply e11701 stamp
2014-09-18 18:08:23.913378) v2 ==== 47+0+0 (1862046528 0 0) 0xf974b20 con 0x10a407e0 -9496>
2014-09-18 18:08:23.916885 7f4c96a40700 1 -- 10.242.42.178:6807/2483 --> 10.242.42.166:6826/24959 -- pg_notify(2.3b5(65) epoch 11702) v5 -- ?+0 0xe1aaf00 con 0x1395ec60 -9495>
2014-09-18 18:08:23.916901 7f4c9da4e700 1 -- 10.242.42.178:6807/2483 --> 10.242.42.172:6815/37668 -- osd_map(11702..11702 src has 1..11702) v3 -- ?+0 0xf85b440 con 0x1088b440 -9494>
2014-09-18 18:08:23.916914 7f4c9da4e700 1 -- 10.242.42.178:0/2483 <== osd.22 10.242.42.172:6832/37668 448 ==== osd_ping(ping_reply e11701 stamp
2014-09-18 18:08:23.913378) v2 ==== 47+0+0 (1862046528 0 0) 0xf242000 con 0x10a40260 -9493>
2014-09-18 18:08:23.916951 7f4c9da4e700 1 -- 10.242.42.178:0/2483 <== osd.24 10.242.42.172:6803/5612 340 ==== osd_ping(ping_reply e11702 stamp
2014-09-18 18:08:23.913378) v2 ==== 47+0+0 (3876926167 0 0) 0xf96d0c0 con 0xeff6f20 -9492>
2014-09-18 18:08:23.916972 7f4c9da4e700 1 -- 10.242.42.178:0/2483 <== osd.24 10.242.42.172:6810/5612 340 ==== osd_ping(ping_reply e11702 stamp
2014-09-18 18:08:23.913378) v2 ==== 47+0+0 (3876926167 0 0) 0x24fa32a0 con 0xeff6c60 -9491>
2014-09-18 18:08:23.916986 7f4c9da4e700 1 -- 10.242.42.178:0/2483 <== osd.63 10.242.42.178:6805/2487 329 ==== osd_ping(ping_reply e11701 stamp
2014-09-18 18:08:23.913378) v2 ==== 47+0+0 (1862046528 0 0) 0x1368fde0 con 0x1d996aa0 -9490>
2014-09-18 18:08:23.917000 7f4c9da4e700 1 -- 10.242.42.178:6807/2483 --> 10.242.42.178:6803/2487 -- osd_map(11702..11702 src has 1..11702) v3 -- ?+0 0xf85a000 con 0xe8db760 -9489>
2014-09-18 18:08:23.917013 7f4c9da4e700 1 -- 10.242.42.178:0/2483 <== osd.63 10.242.42.178:6809/2487 329 ==== osd_ping(ping_reply e11701 stamp
2014-09-18 18:08:23.913378) v2 ==== 47+0+0 (1862046528 0 0) 0xec68d20 con 0x1d996c00 -9488>
2014-09-18 18:08:23.917042 7f4c9da4e700 1 -- 10.242.42.178:0/2483 <== osd.0 10.242.42.164:6802/15878 188 ==== osd_ping(ping_reply e11701 stamp
2014-09-18 18:08:23.913378) v2 ==== 47+0+0 (1862046528 0 0) 0xfae6b40 con 0x4751e40 -9487>
2014-09-18 18:08:23.917060 7f4c9da4e700 1 -- 10.242.42.178:6807/2483 --> 10.242.42.164:6801/15878 -- osd_map(11702..11702 src has 1..11702) v3 -- ?+0 0xf85c880 con 0x10a878c0 -9486>
2014-09-18 18:08:23.917071 7f4c9f251700 5 -- op tracker -- , seq: 85577, time:
2014-09-18 18:08:23.917065, event: done, op: pg_notify(2.4f6(184) epoch 11702) -9485>
2014-09-18 18:08:23.917071 7f4c9da4e700 1 -- 10.242.42.178:0/2483 <== osd.35 10.242.42.164:6813/17421 185 ==== osd_ping(ping_reply e11701 stamp
2014-09-18 18:08:23.913378) v2 ==== 47+0+0 (1862046528 0 0) 0xeb79e00 con 0x125239c0 -9484>
2014-09-18 18:08:23.917089 7f4c9da4e700 1 -- 10.242.42.178:6807/2483 --> 10.242.42.164:6811/17421 -- osd_map(11702..11702 src has 1..11702) v3 -- ?+0 0xf85bb00 con 0xcbecec0 -9483>
2014-09-18 18:08:23.917100 7f4c9f251700 1 -- 10.242.42.178:6807/2483 <== osd.39 10.242.42.172:6816/2660 2583 ==== pg_notify(2.71c(12) epoch 11702) v5 ==== 1424+0+0 (3547524162 0 0) 0xf6e1de0 con 0x4900b00 -9482>
2014-09-18 18:08:23.917106 7f4c9da4e700 1 -- 10.242.42.178:0/2483 <== osd.35 10.242.42.164:6814/17421 185 ==== osd_ping(ping_reply e11701 stamp
2014-09-18 18:08:23.913378) v2 ==== 47+0+0 (1862046528 0 0) 0xf1ec1c0 con 0x11d45860 -9481>
2014-09-18 18:08:23.917116 7f4c9f251700 5 -- op tracker -- , seq: 85578, time:
2014-09-18 18:08:23.914729, event: header_read, op: pg_notify(2.71c(12) epoch 11702) -9480>
2014-09-18 18:08:23.917125 7f4c9f251700 5 -- op tracker -- , seq: 85578, time:
2014-09-18 18:08:23.914730, event: throttled, op: pg_notify(2.71c(12) epoch 11702) -9479>
2014-09-18 18:08:23.917124 7f4c9da4e700 1 -- 10.242.42.178:0/2483 <== osd.39 10.242.42.172:6817/2660 183 ==== osd_ping(ping_reply e11702 stamp
2014-09-18 18:08:23.913378) v2 ==== 47+0+0 (3876926167 0 0) 0xf29af00 con 0x238dc420 -9478>
2014-09-18 18:08:23.917133 7f4c9f251700 5 -- op tracker -- , seq: 85578, time:
2014-09-18 18:08:23.914763, event: all_read, op: pg_notify(2.71c(12) epoch 11702) -9477>
2014-09-18 18:08:23.917136 7f4c9da4e700 1 -- 10.242.42.178:0/2483 <== osd.43 10.242.42.178:6845/4511 160 ==== osd_ping(ping_reply e11702 stamp
2014-09-18 18:08:23.913378) v2 ==== 47+0+0 (3876926167 0 0) 0x12c11680 con 0x149b07e0 -9476>
2014-09-18 18:08:23.917141 7f4c9f251700 5 -- op tracker -- , seq: 85578, time:
2014-09-18 18:08:23.917111, event: dispatched, op: pg_notify(2.71c(12) epoch 11702) -9475>
2014-09-18 18:08:23.917148 7f4c9f251700 5 -- op tracker -- , seq: 85578, time:
2014-09-18 18:08:23.917147, event: waiting_for_osdmap, op: pg_notify(2.71c(12) epoch 11702) -9474>
2014-09-18 18:08:23.917156 7f4c9f251700 5 -- op tracker -- , seq: 85578, time:
2014-09-18 18:08:23.917153, event: started, op: pg_notify(2.71c(12) epoch 11702) -9473>
2014-09-18 18:08:23.917173 7f4c9f251700 5 -- op tracker -- , seq: 85578, time:
2014-09-18 18:08:23.917171, event: done, op: pg_notify(2.71c(12) epoch 11702) -9472>
2014-09-18 18:08:23.917183 7f4c9f251700 1 -- 10.242.42.178:6807/2483 <== osd.20 10.242.42.172:6822/33871 1710 ==== pg_notify(2.e0(79) epoch 11702) v5 ==== 5119+0+0 (2141318656 0 0) 0xf1ed840 con 0x4900000 -9471>
2014-09-18 18:08:23.917195 7f4c9f251700 5 -- op tracker -- , seq: 85579, time:
2014-09-18 18:08:23.916374, event: header_read, op: pg_notify(2.e0(79) epoch 11702) -9470>
2014-09-18 18:08:23.917203 7f4c9f251700 5 -- op tracker -- , seq: 85579, time:
2014-09-18 18:08:23.916375, event: throttled, op: pg_notify(2.e0(79) epoch 11702) -9469>
2014-09-18 18:08:23.917210 7f4c9f251700 5 -- op tracker -- , seq: 85579, time:
2014-09-18 18:08:23.916482, event: all_read, op: pg_notify(2.e0(79) epoch 11702) -9468>
2014-09-18 18:08:23.917217 7f4c9f251700 5 -- op tracker -- , seq: 85579, time:
2014-09-18 18:08:23.917192, event: dispatched, op: pg_notify(2.e0(79) epoch 11702) -9467>
2014-09-18 18:08:23.917225 7f4c9f251700 5 -- op tracker -- , seq: 85579, time:
2014-09-18 18:08:23.917222, event: waiting_for_osdmap, op: pg_notify(2.e0(79) epoch 11702) -9466>
2014-09-18 18:08:23.917234 7f4c9f251700 5 -- op tracker -- , seq: 85579, time:
2014-09-18 18:08:23.917231, event: started, op: pg_notify(2.e0(79) epoch 11702) -9465>
2014-09-18 18:08:23.917253 7f4c9f251700 5 -- op tracker -- , seq: 85579, time:
2014-09-18 18:08:23.917251, event: done, op: pg_notify(2.e0(79) epoch 11702) -9464>
2014-09-18 18:08:23.917271 7f4c9f251700 1 -- 10.242.42.178:6807/2483 <== osd.11 10.242.42.168:6804/17298 29 ==== pg_notify(2.1d8(9) epoch 11702) v5 ==== 1261+0+0 (784760658 0 0) 0x100efa40 con 0x1395f340 -9463>
2014-09-18 18:08:23.917283 7f4c9f251700 5 -- op tracker -- , seq: 85580, time:
2014-09-18 18:08:23.916042, event: header_read, op: pg_notify(2.1d8(9) epoch 11702) -9462>
2014-09-18 18:08:23.917291 7f4c9f251700 5 -- op tracker -- , seq: 85580, time:
2014-09-18 18:08:23.916043, event: throttled, op: pg_notify(2.1d8(9) epoch 11702) -9461>
2014-09-18 18:08:23.917299 7f4c9f251700 5 -- op tracker -- , seq: 85580, time:
2014-09-18 18:08:23.916082, event: all_read, op: pg_notify(2.1d8(9) epoch 11702) -9460>
2014-09-18 18:08:23.917304 7f4c9f251700 5 -- op tracker -- , seq: 85580, time:
2014-09-18 18:08:23.917279, event: dispatched, op: pg_notify(2.1d8(9) epoch 11702) -9459>
2014-09-18 18:08:23.917309 7f4c9f251700 5 -- op tracker -- , seq: 85580, time:
2014-09-18 18:08:23.917307, event: waiting_for_osdmap, op: pg_notify(2.1d8(9) epoch 11702) -9458>
2014-09-18 18:08:23.917314 7f4c9f251700 5 -- op tracker -- , seq: 85580, time:
2014-09-18 18:08:23.917313, event: started, op: pg_notify(2.1d8(9) epoch 11702) -9457>
2014-09-18 18:08:23.917326 7f4c9f251700 5 -- op tracker -- , seq: 85580, time:
2014-09-18 18:08:23.917325, event: done, op: pg_notify(2.1d8(9) epoch 11702) -9456>
2014-09-18 18:08:23.917334 7f4c9f251700 1 -- 10.242.42.178:6807/2483 <== osd.24 10.242.42.172:6802/5612 2331 ==== pg_notify(2.2c7(139) epoch 11702) v5 ==== 8651+0+0 (3946967282 0 0) 0xe1ad480 con 0xdd8c940 -9455>
2014-09-18 18:08:23.917342 7f4c9f251700 5 -- op tracker -- , seq: 85581, time:
2014-09-18 18:08:23.916942, event: header_read, op: pg_notify(2.2c7(139) epoch 11702) -9454>
2014-09-18 18:08:23.917346 7f4c9f251700 5 -- op tracker -- , seq: 85581, time:
2014-09-18 18:08:23.916943, event: throttled, op: pg_notify(2.2c7(139) epoch 11702) -9453>
2014-09-18 18:08:23.917350 7f4c9f251700 5 -- op tracker -- , seq: 85581, time:
2014-09-18 18:08:23.917152, event: all_read, op: pg_notify(2.2c7(139) epoch 11702) -9452>
2014-09-18 18:08:23.917354 7f4c9f251700 5 -- op tracker -- , seq: 85581, time:
2014-09-18 18:08:23.917339, event: dispatched, op: pg_notify(2.2c7(139) epoch 11702) -9451>
2014-09-18 18:08:23.917358 7f4c9f251700 5 -- op tracker -- , seq: 85581, time:
2014-09-18 18:08:23.917357, event: waiting_for_osdmap, op: pg_notify(2.2c7(139) epoch 11702) -9450>
2014-09-18 18:08:23.917363 7f4c9f251700 5 -- op tracker -- , seq: 85581, time:
2014-09-18 18:08:23.917362, event: started, op: pg_notify(2.2c7(139) epoch 11702) -9449>
2014-09-18 18:08:23.917374 7f4c9f251700 5 -- op tracker -- , seq: 85581, time:
2014-09-18 18:08:23.917373, event: done, op: pg_notify(2.2c7(139) epoch 11702) -9448>
2014-09-18 18:08:23.917418 7f4c9f251700 1 -- 10.242.42.178:6807/2483 <== osd.23 10.242.42.172:6819/11463 3268 ==== pg_notify(2.17e(17) epoch 11702) v5 ==== 1593+0+0 (2095721058 0 0) 0x2b93ffe0 con 0x4900580 -9447>
2014-09-18 18:08:23.917420 7f4c97241700 1 -- 10.242.42.178:6807/2483 --> 10.242.42.168:6840/1010879 -- osd_map(11702..11702 src has 1..11702) v3 -- ?+0 0x2fb9ff80 con 0x140f95a0 -9446>
2014-09-18 18:08:23.917426 7f4c9f251700 5 -- op tracker -- , seq: 85582, time:
2014-09-18 18:08:23.915943, event: header_read, op: pg_notify(2.17e(17) epoch 11702) -9445>
2014-09-18 18:08:23.917431 7f4c9f251700 5 -- op tracker -- , seq: 85582, time:
2014-09-18 18:08:23.915944, event: throttled, op: pg_notify(2.17e(17) epoch 11702) -9444>
2014-09-18 18:08:23.917435 7f4c9f251700 5 -- op tracker -- , seq: 85582, time:
2014-09-18 18:08:23.916005, event: all_read, op: pg_notify(2.17e(17) epoch 11702) -9443>
2014-09-18 18:08:23.917439 7f4c9f251700 5 -- op tracker -- , seq: 85582, time:
2014-09-18 18:08:23.917424, event: dispatched, op: pg_notify(2.17e(17) epoch 11702) -9442>
2014-09-18 18:08:23.917443 7f4c9f251700 5 -- op tracker -- , seq: 85582, time:
2014-09-18 18:08:23.917442, event: waiting_for_osdmap, op: pg_notify(2.17e(17) epoch 11702) -9441>
2014-09-18 18:08:23.917448 7f4c9f251700 5 -- op tracker -- , seq: 85582, time:
2014-09-18 18:08:23.917447, event: started, op: pg_notify(2.17e(17) epoch 11702) -9440>
2014-09-18 18:08:23.917460 7f4c9f251700 5 -- op tracker -- , seq: 85582, time:
2014-09-18 18:08:23.917458, event: done, op: pg_notify(2.17e(17) epoch 11702) -9439>
2014-09-18 18:08:23.917436 7f4c97241700 1 -- 10.242.42.178:6807/2483 --> 10.242.42.168:6840/1010879 -- pg_notify(2.30f(10) epoch 11702) v5 -- ?+0 0x100f1a20 con 0x140f95a0 -9438>
2014-09-18 18:08:23.917485 7f4c97241700 1 -- 10.242.42.178:6807/2483 --> 10.242.42.176:6829/1204 -- pg_notify(2.6b3(79) epoch 11702) v5 -- ?+0 0x12c11a40 con 0x1395edc0 -9437>
2014-09-18 18:08:23.917614 7f4c97241700 1 -- 10.242.42.178:6807/2483 --> 10.242.42.168:6809/18319 -- osd_map(11702..11702 src has 1..11702) v3 -- ?+0 0x1182ab40 con 0x1395eb00 -9436>
2014-09-18 18:08:23.917815 7f4c9f251700 1 -- 10.242.42.178:6807/2483 <== osd.27 10.242.42.174:6801/21548 902 ==== pg_notify(2.78f(153) epoch 11702) v5 ==== 9229+0+0 (1305360145 0 0) 0xf8741c0 con 0x1395f8c0 -9435>
2014-09-18 18:08:23.917839 7f4c97241700 1 -- 10.242.42.178:6807/2483 --> 10.242.42.168:6809/18319 -- pg_notify(2.6a6(17) epoch 11702) v5 -- ?+0 0xe1acd00 con 0x1395eb00 -9434>
2014-09-18 18:08:23.917842 7f4c9f251700 5 -- op tracker -- , seq: 85583, time:
2014-09-18 18:08:23.917653, event: header_read, op: pg_notify(2.78f(153) epoch 11702) -9433>
2014-09-18 18:08:23.917851 7f4c9f251700 5 -- op tracker -- , seq: 85583, time:
2014-09-18 18:08:23.917654, event: throttled, op: pg_notify(2.78f(153) epoch 11702) -9432>
2014-09-18 18:08:23.917858 7f4c9f251700 5 -- op tracker -- , seq: 85583, time:
2014-09-18 18:08:23.917797, event: all_read, op: pg_notify(2.78f(153) epoch 11702) -9431>
2014-09-18 18:08:23.917863 7f4c9f251700 5 -- op tracker -- , seq: 85583, time:
2014-09-18 18:08:23.917836, event: dispatched, op: pg_notify(2.78f(153) epoch 11702) -9430>
2014-09-18 18:08:23.917867 7f4c9f251700 5 -- op tracker -- , seq: 85583, time:
2014-09-18 18:08:23.917866, event: waiting_for_osdmap, op: pg_notify(2.78f(153) epoch 11702) -9429>
2014-09-18 18:08:23.917873 7f4c9f251700 5 -- op tracker -- , seq: 85583, time:
2014-09-18 18:08:23.917872, event: started, op: pg_notify(2.78f(153) epoch 11702) -9428>
2014-09-18 18:08:23.917889 7f4c9f251700 5 -- op tracker -- , seq: 85583, time:
2014-09-18 18:08:23.917887, event: done, op: pg_notify(2.78f(153) epoch 11702) -9427>
2014-09-18 18:08:23.917892 7f4c97241700 1 -- 10.242.42.178:6807/2483 --> 10.242.42.178:6817/7086 -- osd_map(11702..11702 src has 1..11702) v3 -- ?+0 0x1182cd00 con 0x1395f1e0 -9426>
2014-09-18 18:08:23.917905 7f4c97241700 1 -- 10.242.42.178:6807/2483 --> 10.242.42.178:6817/7086 -- pg_notify(2.3c6(23) epoch 11702) v5 -- ?+0 0xe1aab40 con 0x1395f1e0 -9425>
2014-09-18 18:08:23.917913 7f4c9f251700 1 -- 10.242.42.178:6807/2483 <== osd.23 10.242.42.172:6819/11463 3269 ==== pg_notify(2.1bb(9) epoch 11702) v5 ==== 1189+0+0 (34004194 0 0) 0x2b941480 con 0x4900580 -9424>
2014-09-18 18:08:23.917927 7f4c9f251700 5 -- op tracker -- , seq: 85584, time:
2014-09-18 18:08:23.917780, event: header_read, op: pg_notify(2.1bb(9) epoch 11702) -9423>
2014-09-18 18:08:23.917937 7f4c9f251700 5 -- op tracker -- , seq: 85584, time:
2014-09-18 18:08:23.917781, event: throttled, op: pg_notify(2.1bb(9) epoch 11702) -9422>
2014-09-18 18:08:23.917950 7f4c9f251700 5 -- op tracker -- , seq: 85584, time:
2014-09-18 18:08:23.917833, event: all_read, op: pg_notify(2.1bb(9) epoch 11702) -9421>
2014-09-18 18:08:23.917956 7f4c9f251700 5 -- op tracker -- , seq: 85584, time:
2014-09-18 18:08:23.917923, event: dispatched, op: pg_notify(2.1bb(9) epoch 11702) -9420>
2014-09-18 18:08:23.917963 7f4c9f251700 5 -- op tracker -- , seq: 85584, time:
2014-09-18 18:08:23.917961, event: waiting_for_osdmap, op: pg_notify(2.1bb(9) epoch 11702) -9419>
2014-09-18 18:08:23.917972 7f4c9f251700 5 -- op tracker -- , seq: 85584, time:
2014-09-18 18:08:23.917970, event: started, op: pg_notify(2.1bb(9) epoch 11702) -9418>
2014-09-18 18:08:23.917992 7f4c9f251700 5 -- op tracker -- , seq: 85584, time:
2014-09-18 18:08:23.917989, event: done, op: pg_notify(2.1bb(9) epoch 11702) -9417>
2014-09-18 18:08:23.918202 7f4c96a40700 1 -- 10.242.42.178:6807/2483 --> 10.242.42.168:6804/17298 -- pg_notify(2.29c(79) epoch 11702) v5 -- ?+0 0xf488940 con 0x1395f340 -9416>
2014-09-18 18:08:23.918421 7f4c9f251700 1 -- 10.242.42.178:6807/2483 <== osd.2 10.242.42.164:6817/19139 1822 ==== osd_map(11702..11702 src has 1..11702) v3 ==== 2225+0+0 (1197198746 0 0) 0x1182c400 con 0x10f60520 -9415>
2014-09-18 18:08:23.918442 7f4c9f251700 3 osd.42 11702 handle_osd_map epochs [11702,11702], i have 11702, src has [1,11702] -9414>
2014-09-18 18:08:23.918500 7f4c9f251700 1 -- 10.242.42.178:6807/2483 <== osd.2 10.242.42.164:6817/19139 1823 ==== pg_notify(2.4f6(15) epoch 11702) v5 ==== 1581+0+0 (808019215 0 0) 0x1310c1e0 con 0x10f60520 -9413>
2014-09-18 18:08:23.918518 7f4c9f251700 5 -- op tracker -- , seq: 85585, time:
2014-09-18 18:08:23.918417, event: header_read, op: pg_notify(2.4f6(15) epoch 11702) -9412>
2014-09-18 18:08:23.918526 7f4c9f251700 5 -- op tracker -- , seq: 85585, time:
2014-09-18 18:08:23.918417, event: throttled, op: pg_notify(2.4f6(15) epoch 11702) -9411>
2014-09-18 18:08:23.918532 7f4c9f251700 5 -- op tracker -- , seq: 85585, time:
2014-09-18 18:08:23.918484, event: all_read, op: pg_notify(2.4f6(15) epoch 11702) -9410>
2014-09-18 18:08:23.918549 7f4c9f251700 5 -- op tracker -- , seq: 85585, time:
2014-09-18 18:08:23.918513, event: dispatched, op: pg_notify(2.4f6(15) epoch 11702) -9409>
2014-09-18 18:08:23.918557 7f4c9f251700 5 -- op tracker -- , seq: 85585, time:
2014-09-18 18:08:23.918555, event: waiting_for_osdmap, op: pg_notify(2.4f6(15) epoch 11702) -9408>
2014-09-18 18:08:23.918565 7f4c9f251700 5 -- op tracker -- , seq: 85585, time:
2014-09-18 18:08:23.918563, event: started, op: pg_notify(2.4f6(15) epoch 11702) -9407>
2014-09-18 18:08:23.918584 7f4c9f251700 5 -- op tracker -- , seq: 85585, time:
2014-09-18 18:08:23.918581, event: done, op: pg_notify(2.4f6(15) epoch 11702) -9406>
2014-09-18 18:08:23.919049 7f4c97241700 1 -- 10.242.42.178:6807/2483 --> 10.242.42.168:6840/1010879 -- pg_notify(2.5a2(13),2.756(26) epoch 11702) v5 -- ?+0 0xf05ba40 con 0x140f95a0 -9405>
2014-09-18 18:08:23.919128 7f4c97241700 1 -- 10.242.42.178:6807/2483 --> 10.242.42.176:6829/1204 -- pg_notify(2.6e3(27) epoch 11702) v5 -- ?+0 0xf05b4a0 con 0x1395edc0 -9404>
2014-09-18 18:08:23.919176 7f4c9f251700 1 -- 10.242.42.178:6807/2483 <== osd.63 10.242.42.178:6803/2487 1250 ==== osd_map(11702..11702 src has 1..11702) v3 ==== 2225+0+0 (1197198746 0 0) 0xf85a000 con 0xe8db760 -9403>
2014-09-18 18:08:23.919191 7f4c9f251700 3 osd.42 11702 handle_osd_map epochs [11702,11702], i have 11702, src has [1,11702] -9402>
2014-09-18 18:08:23.919198 7f4c9f251700 1 -- 10.242.42.178:6807/2483 <== osd.63 10.242.42.178:6803/2487 1251 ==== pg_notify(2.17e(17) epoch 11702) v5 ==== 1593+0+0 (2095721058 0 0) 0xf109480 con 0xe8db760 -9401>
2014-09-18 18:08:23.919209 7f4c9f251700 5 -- op tracker -- , seq: 85586, time:
2014-09-18 18:08:23.919098, event: header_read, op: pg_notify(2.17e(17) epoch 11702) -9400>
2014-09-18 18:08:23.919215 7f4c9f251700 5 -- op tracker -- , seq: 85586, time:
2014-09-18 18:08:23.919098, event: throttled, op: pg_notify(2.17e(17) epoch 11702) -9399>
2014-09-18 18:08:23.919220 7f4c9f251700 5 -- op tracker -- , seq: 85586, time:
2014-09-18 18:08:23.919140, event: all_read, op: pg_notify(2.17e(17) epoch 11702) -9398>
2014-09-18 18:08:23.919227 7f4c9f251700 5 -- op tracker -- , seq: 85586, time:
2014-09-18 18:08:23.919206, event: dispatched, op: pg_notify(2.17e(17) epoch 11702) -9397>
2014-09-18 18:08:23.919234 7f4c9f251700 5 -- op tracker -- , seq: 85586, time:
2014-09-18 18:08:23.919232, event: waiting_for_osdmap, op: pg_notify(2.17e(17) epoch 11702) -9396>
2014-09-18 18:08:23.919244 7f4c9f251700 5 -- op tracker -- , seq: 85586, time:
2014-09-18 18:08:23.919241, event: started, op: pg_notify(2.17e(17) epoch 11702) -9395>
2014-09-18 18:08:23.919263 7f4c9f251700 5 -- op tracker -- , seq: 85586, time:
2014-09-18 18:08:23.919261, event: done, op: pg_notify(2.17e(17) epoch 11702) -9394>
2014-09-18 18:08:23.919057 7f4c96a40700 5 osd.42 pg_epoch: 11702 pg[2.78f( v 6789'22964 (4127'19523,6789'22964] local-les=11698 n=505 ec=188 les/c 11698/11020 11701/11701/11258) [27,42]/[42,35] r=0 lpr=11701 pi=5697-11700/152 bft=27 crt=0'0 lcod 0'0 mlcod 0'0 remapped+peering] exit Started/Primary/Peering/WaitUpThru 0.393063 3 0.000464 -9393>
2014-09-18 18:08:23.919363 7f4c96a40700 5 osd.42 pg_epoch: 11702 pg[2.78f( v 6789'22964 (4127'19523,6789'22964] local-les=11698 n=505 ec=188 les/c 11698/11020 11701/11701/11258) [27,42]/[42,35] r=0 lpr=11701 pi=5697-11700/152 bft=27 crt=0'0 lcod 0'0 mlcod 0'0 remapped+peering] exit Started/Primary/Peering 1.006732 0 0.000000 -9392>
2014-09-18 18:08:23.919430 7f4c9f251700 1 -- 10.242.42.178:6807/2483 <== osd.22 10.242.42.172:6815/37668 1180 ==== osd_map(11702..11702 src has 1..11702) v3 ==== 2225+0+0 (1197198746 0 0) 0xf85b440 con 0x1088b440 -9391>
2014-09-18 18:08:23.919443 7f4c9f251700 3 osd.42 11702 handle_osd_map epochs [11702,11702], i have 11702, src has [1,11702] -9390>
2014-09-18 18:08:23.919376 7f4c96a40700 5 osd.42 pg_epoch: 11702 pg[2.78f( v 6789'22964 (4127'19523,6789'22964] local-les=11698 n=505 ec=188 les/c 11698/11020 11701/11701/11258) [27,42]/[42,35] r=0 lpr=11701 pi=5697-11700/152 bft=27 crt=0'0 lcod 0'0 mlcod 0'0 remapped] exit Started/Primary 1.006759 0 0.000000 -9389>
2014-09-18 18:08:23.919467 7f4c96a40700 5 osd.42 pg_epoch: 11702 pg[2.78f( v 6789'22964 (4127'19523,6789'22964] local-les=11698 n=505 ec=188 les/c 11698/11020 11701/11701/11258) [27,42]/[42,35] r=0 lpr=11701 pi=5697-11700/152 bft=27 crt=0'0 lcod 0'0 mlcod 0'0 remapped] exit Started 1.006927 0 0.000000 -9388>
2014-09-18 18:08:23.919479 7f4c96a40700 5 osd.42 pg_epoch: 11702 pg[2.78f( v 6789'22964 (4127'19523,6789'22964] local-les=11698 n=505 ec=188 les/c 11698/11020 11701/11701/11258) [27,42]/[42,35] r=0 lpr=11701 pi=5697-11700/152 bft=27 crt=0'0 lcod 0'0 mlcod 0'0 remapped] enter Reset -9387>
2014-09-18 18:08:23.919518 7f4c96a40700 5 osd.42 pg_epoch: 11702 pg[2.78f( v 6789'22964 (4127'19523,6789'22964] local-les=11698 n=505 ec=188 les/c 11698/11020 11702/11702/11258) [27,42,1]/[42,35] r=0 lpr=11702 pi=5697-11701/153 crt=0'0 lcod 0'0 mlcod 0'0 remapped] exit Reset 0.000039 1 0.000461 -9386>
2014-09-18 18:08:23.919531 7f4c96a40700 5 osd.42 pg_epoch: 11702 pg[2.78f( v 6789'22964 (4127'19523,6789'22964] local-les=11698 n=505 ec=188 les/c 11698/11020 11702/11702/11258) [27,42,1]/[42,35] r=0 lpr=11702 pi=5697-11701/153 crt=0'0 lcod 0'0 mlcod 0'0 remapped] enter Started -9385>
