2014-08-22 11:23:09.028435 7f5cf35fc700 15 client.4132.objecter _session_op_remove 2 630
2014-08-22 11:23:09.028440 7f5cf35fc700 5 client.4132.objecter 43 unacked, 30 uncommitted
2014-08-22 11:23:09.028445 7f5cf35fc700 20 librados: complete_aio_write 0x1c7f470
2014-08-22 11:23:09.028448 7f5cf35fc700 20 client.4132.objecter put_session s=0x80ba10 osd=2 10
2014-08-22 11:23:09.029215 7f5cf33fa700 10 client.4132.objecter ms_dispatch 0x7c7380 osd_op_reply(612 mira09725123-145 [write 719678~755728] v16'159 uv159 ack = 0) v6
2014-08-22 11:23:09.029222 7f5cf33fa700 10 client.4132.objecter in handle_osd_op_reply
2014-08-22 11:23:09.029255 7f5cf33fa700 20 client.4132.objecter get_session s=0x7ff390 osd=3 24
2014-08-22 11:23:09.029261 7f5cf33fa700 7 client.4132.objecter handle_osd_op_reply 612 ack v 16'159 uv 159 in 2.79ac3524 attempt 0
2014-08-22 11:23:09.029267 7f5cf33fa700 10 client.4132.objecter op 0 rval 0 len 0
2014-08-22 11:23:09.029269 7f5cf33fa700 15 client.4132.objecter handle_osd_op_reply ack
2014-08-22 11:23:09.029272 7f5cf33fa700 5 client.4132.objecter 42 unacked, 30 uncommitted
2014-08-22 11:23:09.029278 7f5cf33fa700 20 client.4132.objecter put_session s=0x7ff390 osd=3 25
2014-08-22 11:23:09.030174 7f5cf35fc700 10 client.4132.objecter ms_dispatch 0x7c7380 osd_op_reply(631 mira09725123-149 [setxattr (55),truncate 117173] v16'149 uv149 ack = 0) v6
2014-08-22 11:23:09.030179 7f5cf35fc700 10 client.4132.objecter in handle_osd_op_reply
2014-08-22 11:23:09.030181 7f5cf35fc700 20 client.4132.objecter get_session s=0x80ba10 osd=2 9
2014-08-22 11:23:09.030184 7f5cf35fc700 7 client.4132.objecter handle_osd_op_reply 631 ack v 16'149 uv 149 in 2.7d9b6be5 attempt 0
2014-08-22 11:23:09.030188 7f5cf35fc700 10 client.4132.objecter op 0 rval 0 len 0
2014-08-22 11:23:09.030190 7f5cf35fc700 10 client.4132.objecter op 1 rval 0 len 0
2014-08-22 11:23:09.030192 7f5cf35fc700 15 client.4132.objecter handle_osd_op_reply ack
2014-08-22 11:23:09.030193 7f5cf35fc700 5 client.4132.objecter 41 unacked, 30 uncommitted
2014-08-22 11:23:09.030197 7f5cf35fc700 20 client.4132.objecter put_session s=0x80ba10 osd=2 10
2014-08-22 11:23:09.030274 7f5cf35fc700 10 client.4132.objecter ms_dispatch 0x7c7380 osd_op_reply(631 mira09725123-149 [setxattr (55),truncate 117173] v16'149 uv149 ondisk = 0) v6
2014-08-22 11:23:09.030279 7f5cf35fc700 10 client.4132.objecter in handle_osd_op_reply
2014-08-22 11:23:09.030281 7f5cf35fc700 20 client.4132.objecter get_session s=0x80ba10 osd=2 9
2014-08-22 11:23:09.030284 7f5cf35fc700 7 client.4132.objecter handle_osd_op_reply 631 ondisk v 16'149 uv 149 in 2.7d9b6be5 attempt 0
2014-08-22 11:23:09.030287 7f5cf35fc700 10 client.4132.objecter op 0 rval 0 len 0
2014-08-22 11:23:09.030289 7f5cf35fc700 10 client.4132.objecter op 1 rval 0 len 0
2014-08-22 11:23:09.030291 7f5cf35fc700 15 client.4132.objecter handle_osd_op_reply safe
2014-08-22 11:23:09.030293 7f5cf35fc700 15 client.4132.objecter handle_osd_op_reply completed tid 631
2014-08-22 11:23:09.030295 7f5cf35fc700 15 client.4132.objecter finish_op 631
2014-08-22 11:23:09.030298 7f5cf35fc700 20 client.4132.objecter put_session s=0x80ba10 osd=2 10
2014-08-22 11:23:09.030300 7f5cf35fc700 15 client.4132.objecter _session_op_remove 2 631
2014-08-22 11:23:09.030305 7f5cf35fc700 5 client.4132.objecter 41 unacked, 29 uncommitted
2014-08-22 11:23:09.030308 7f5cf35fc700 20 librados: complete_aio_write 0x25d3640
2014-08-22 11:23:09.030311 7f5cf35fc700 20 client.4132.objecter put_session s=0x80ba10 osd=2 9
2014-08-22 11:23:09.030878 7f5cf33fa700 10 client.4132.objecter ms_dispatch 0x7c7380 osd_op_reply(612 mira09725123-145 [write 719678~755728] v16'159 uv159 ondisk = 0) v6
2014-08-22 11:23:09.030883 7f5cf33fa700 10 client.4132.objecter in handle_osd_op_reply
2014-08-22 11:23:09.030885 7f5cf33fa700 20 client.4132.objecter get_session s=0x7ff390 osd=3 24
2014-08-22 11:23:09.030887 7f5cf33fa700 7 client.4132.objecter handle_osd_op_reply 612 ondisk v 16'159 uv 159 in 2.79ac3524 attempt 0
2014-08-22 11:23:09.030891 7f5cf33fa700 10 client.4132.objecter op 0 rval 0 len 0
2014-08-22 11:23:09.030893 7f5cf33fa700 15 client.4132.objecter handle_osd_op_reply safe
2014-08-22 11:23:09.030894 7f5cf33fa700 15 client.4132.objecter handle_osd_op_reply completed tid 612
2014-08-22 11:23:09.030896 7f5cf33fa700 15 client.4132.objecter finish_op 612
2014-08-22 11:23:09.030900 7f5cf33fa700 20 client.4132.objecter put_session s=0x7ff390 osd=3 25
2014-08-22 11:23:09.030902 7f5cf33fa700 15 client.4132.objecter _session_op_remove 3 612
2014-08-22 11:23:09.030916 7f5cf35fc700 10 client.4132.objecter ms_dispatch 0x7c7380 osd_op_reply(632 mira09725123-149 [read 0~1] v0'0 uv149 ondisk = 0) v6
2014-08-22 11:23:09.030921 7f5cf35fc700 10 client.4132.objecter in handle_osd_op_reply
2014-08-22 11:23:09.030923 7f5cf35fc700 20 client.4132.objecter get_session s=0x80ba10 osd=2 8
2014-08-22 11:23:09.030926 7f5cf35fc700 7 client.4132.objecter handle_osd_op_reply 632 ondisk v 0'0 uv 149 in 2.7d9b6be5 attempt 0
2014-08-22 11:23:09.030930 7f5cf35fc700 10 client.4132.objecter op 0 rval 0 len 1
2014-08-22 11:23:09.030932 7f5cf35fc700 15 client.4132.objecter handle_osd_op_reply ack
2014-08-22 11:23:09.030934 7f5cf35fc700 15 client.4132.objecter handle_osd_op_reply completed tid 632
2014-08-22 11:23:09.030935 7f5cf35fc700 15 client.4132.objecter finish_op 632
2014-08-22 11:23:09.030939 7f5cf35fc700 20 client.4132.objecter put_session s=0x80ba10 osd=2 9
2014-08-22 11:23:09.030941 7f5cf35fc700 15 client.4132.objecter _session_op_remove 2 632
2014-08-22 11:23:09.030945 7f5cf35fc700 5 client.4132.objecter 40 unacked, 28 uncommitted
2014-08-22 11:23:09.030950 7f5cf35fc700 20 client.4132.objecter put_session s=0x80ba10 osd=2 8
2014-08-22 11:23:09.031044 7f5cf32f9700 10 client.4132.objecter ms_dispatch 0x7c7380 osd_op_reply(636 mira09725123-151 [write 521136~657722] v16'165 uv165 ondisk = 0) v6
2014-08-22 11:23:09.031049 7f5cf32f9700 10 client.4132.objecter in handle_osd_op_reply
2014-08-22 11:23:09.031051 7f5cf32f9700 20 client.4132.objecter get_session s=0x801010 osd=5 13
2014-08-22 11:23:09.031054 7f5cf32f9700 7 client.4132.objecter handle_osd_op_reply 636 ondisk v 16'165 uv 165 in 2.540c5a1b attempt 0
2014-08-22 11:23:09.031057 7f5cf32f9700 10 client.4132.objecter op 0 rval 0 len 0
2014-08-22 11:23:09.031059 7f5cf32f9700 15 client.4132.objecter handle_osd_op_reply ack
2014-08-22 11:23:09.031061 7f5cf32f9700 15 client.4132.objecter handle_osd_op_reply safe
2014-08-22 11:23:09.031063 7f5cf32f9700 15 client.4132.objecter handle_osd_op_reply completed tid 636
2014-08-22 11:23:09.031064 7f5cf32f9700 15 client.4132.objecter finish_op 636
2014-08-22 11:23:09.031062 7f5cf33fa700 5 client.4132.objecter 39 unacked, 27 uncommitted
2014-08-22 11:23:09.031068 7f5cf33fa700 20 librados: complete_aio_write 0x7f1950
2014-08-22 11:23:09.031068 7f5cf32f9700 20 client.4132.objecter put_session s=0x801010 osd=5 14
2014-08-22 11:23:09.031070 7f5cf32f9700 15 client.4132.objecter _session_op_remove 5 636
2014-08-22 11:23:09.031072 7f5cf33fa700 20 client.4132.objecter put_session s=0x7ff390 osd=3 24
2014-08-22 11:23:09.031148 7f5cf33fa700 10 client.4132.objecter ms_dispatch 0x7c7380 osd_op_reply(613 mira09725123-145 [write 2075089~620407] v16'160 uv160 ack = 0) v6
2014-08-22 11:23:09.031153 7f5cf33fa700 10 client.4132.objecter in handle_osd_op_reply
2014-08-22 11:23:09.031156 7f5cf33fa700 20 client.4132.objecter get_session s=0x7ff390 osd=3 23
2014-08-22 11:23:09.031158 7f5cf33fa700 7 client.4132.objecter handle_osd_op_reply 613 ack v 16'160 uv 160 in 2.79ac3524 attempt 0
2014-08-22 11:23:09.031160 7f5cf33fa700 10 client.4132.objecter op 0 rval 0 len 0
2014-08-22 11:23:09.031162 7f5cf33fa700 15 client.4132.objecter handle_osd_op_reply ack
2014-08-22 11:23:09.031163 7f5cf33fa700 5 client.4132.objecter 38 unacked, 27 uncommitted
2014-08-22 11:23:09.031166 7f5cf33fa700 20 client.4132.objecter put_session s=0x7ff390 osd=3 24
2014-08-22 11:23:09.031217 7f5cf33fa700 10 client.4132.objecter ms_dispatch 0x7c7380 osd_op_reply(613 mira09725123-145 [write 2075089~620407] v16'160 uv160 ondisk = 0) v6
2014-08-22 11:23:09.031220 7f5cf33fa700 10 client.4132.objecter in handle_osd_op_reply
2014-08-22 11:23:09.031221 7f5cf33fa700 20 client.4132.objecter get_session s=0x7ff390 osd=3 23
2014-08-22 11:23:09.031223 7f5cf33fa700 7 client.4132.objecter handle_osd_op_reply 613 ondisk v 16'160 uv 160 in 2.79ac3524 attempt 0
2014-08-22 11:23:09.031224 7f5cf33fa700 10 client.4132.objecter op 0 rval 0 len 0
2014-08-22 11:23:09.031226 7f5cf33fa700 15 client.4132.objecter handle_osd_op_reply safe
2014-08-22 11:23:09.031227 7f5cf33fa700 15 client.4132.objecter handle_osd_op_reply completed tid 613
2014-08-22 11:23:09.031228 7f5cf33fa700 15 client.4132.objecter finish_op 613
2014-08-22 11:23:09.031230 7f5cf33fa700 20 client.4132.objecter put_session s=0x7ff390 osd=3 24
2014-08-22 11:23:09.031231 7f5cf33fa700 15 client.4132.objecter _session_op_remove 3 613
2014-08-22 11:23:09.031281 7f5cf35fc700 10 client.4132.objecter ms_dispatch 0x7c7380 osd_op_reply(627 mira09725123-148 [write 420918~1] v16'150 uv150 ack = 0) v6
2014-08-22 11:23:09.031286 7f5cf35fc700 10 client.4132.objecter in handle_osd_op_reply
2014-08-22 11:23:09.031288 7f5cf35fc700 20 client.4132.objecter get_session s=0x80ba10 osd=2 7
2014-08-22 11:23:09.031291 7f5cf35fc700 7 client.4132.objecter handle_osd_op_reply 627 ack v 16'150 uv 150 in 2.b375f4a9 attempt 0
2014-08-22 11:23:09.031295 7f5cf35fc700 10 client.4132.objecter op 0 rval 0 len 0
2014-08-22 11:23:09.031297 7f5cf35fc700 15 client.4132.objecter handle_osd_op_reply ack
2014-08-22 11:23:09.031299 7f5cf35fc700 5 client.4132.objecter 37 unacked, 26 uncommitted
2014-08-22 11:23:09.031304 7f5cf35fc700 20 client.4132.objecter put_session s=0x80ba10 osd=2 8
2014-08-22 11:23:09.031370 7f5cf35fc700 10 client.4132.objecter ms_dispatch 0x7c7380 osd_op_reply(627 mira09725123-148 [write 420918~1] v16'150 uv150 ondisk = 0) v6
2014-08-22 11:23:09.031373 7f5cf35fc700 10 client.4132.objecter in handle_osd_op_reply
2014-08-22 11:23:09.031374 7f5cf35fc700 20 client.4132.objecter get_session s=0x80ba10 osd=2 7
2014-08-22 11:23:09.031376 7f5cf35fc700 7 client.4132.objecter handle_osd_op_reply 627 ondisk v 16'150 uv 150 in 2.b375f4a9 attempt 0
2014-08-22 11:23:09.031378 7f5cf35fc700 10 client.4132.objecter op 0 rval 0 len 0
2014-08-22 11:23:09.031379 7f5cf35fc700 15 client.4132.objecter handle_osd_op_reply safe
2014-08-22 11:23:09.031380 7f5cf35fc700 15 client.4132.objecter handle_osd_op_reply completed tid 627
2014-08-22 11:23:09.031381 7f5cf35fc700 15 client.4132.objecter finish_op 627
2014-08-22 11:23:09.031383 7f5cf35fc700 20 client.4132.objecter put_session s=0x80ba10 osd=2 8
2014-08-22 11:23:09.031385 7f5cf35fc700 15 client.4132.objecter _session_op_remove 2 627
2014-08-22 11:23:09.031382 7f5cf32f9700 5 client.4132.objecter 37 unacked, 25 uncommitted
2014-08-22 11:23:09.031388 7f5cf35fc700 5 client.4132.objecter 37 unacked, 25 uncommitted
2014-08-22 11:23:09.031388 7f5cf32f9700 20 librados: complete_aio_write 0x24099b0
2014-08-22 11:23:09.031390 7f5cf35fc700 20 librados: complete_aio_write 0x1bbf570
2014-08-22 11:23:09.031390 7f5cf32f9700 20 client.4132.objecter put_session s=0x801010 osd=5 13
2014-08-22 11:23:09.031391 7f5cf35fc700 20 client.4132.objecter put_session s=0x80ba10 osd=2 7
2014-08-22 11:23:09.031427 7f5cf33fa700 5 client.4132.objecter 37 unacked, 25 uncommitted
2014-08-22 11:23:09.031433 7f5cf33fa700 20 librados: complete_aio_write 0x9e51a0
2014-08-22 11:23:09.031437 7f5cf33fa700 20 client.4132.objecter put_session s=0x7ff390 osd=3 23
2014-08-22 11:23:09.031512 7f5cf33fa700 10 client.4132.objecter ms_dispatch 0x7c7380 osd_op_reply(614 mira09725123-145 [write 2719677~1] v16'161 uv161 ack = 0) v6
2014-08-22 11:23:09.031517 7f5cf33fa700 10 client.4132.objecter in handle_osd_op_reply
2014-08-22 11:23:09.031519 7f5cf33fa700 20 client.4132.objecter get_session s=0x7ff390 osd=3 22
2014-08-22 11:23:09.031521 7f5cf33fa700 7 client.4132.objecter handle_osd_op_reply 614 ack v 16'161 uv 161 in 2.79ac3524 attempt 0
2014-08-22 11:23:09.031525 7f5cf33fa700 10 client.4132.objecter op 0 rval 0 len 0
2014-08-22 11:23:09.031527 7f5cf33fa700 15 client.4132.objecter handle_osd_op_reply ack
2014-08-22 11:23:09.031529 7f5cf33fa700 5 client.4132.objecter 36 unacked, 25 uncommitted
2014-08-22 11:23:09.031533 7f5cf33fa700 20 client.4132.objecter put_session s=0x7ff390 osd=3 23
2014-08-22 11:23:09.031604 7f5cf33fa700 10 client.4132.objecter ms_dispatch 0x7c7380 osd_op_reply(614 mira09725123-145 [write 2719677~1] v16'161 uv161 ondisk = 0) v6
2014-08-22 11:23:09.031609 7f5cf33fa700 10 client.4132.objecter in handle_osd_op_reply
2014-08-22 11:23:09.031611 7f5cf33fa700 20 client.4132.objecter get_session s=0x7ff390 osd=3 22
2014-08-22 11:23:09.031613 7f5cf33fa700 7 client.4132.objecter handle_osd_op_reply 614 ondisk v 16'161 uv 161 in 2.79ac3524 attempt 0
2014-08-22 11:23:09.031617 7f5cf33fa700 10 client.4132.objecter op 0 rval 0 len 0
2014-08-22 11:23:09.031619 7f5cf33fa700 15 client.4132.objecter handle_osd_op_reply safe
2014-08-22 11:23:09.031621 7f5cf33fa700 15 client.4132.objecter handle_osd_op_reply completed tid 614
2014-08-22 11:23:09.031623 7f5cf33fa700 15 client.4132.objecter finish_op 614
2014-08-22 11:23:09.031626 7f5cf33fa700 20 client.4132.objecter put_session s=0x7ff390 osd=3 23
2014-08-22 11:23:09.031628 7f5cf33fa700 15 client.4132.objecter _session_op_remove 3 614
2014-08-22 11:23:09.031632 7f5cf33fa700 5 client.4132.objecter 36 unacked, 24 uncommitted
2014-08-22 11:23:09.031636 7f5cf33fa700 20 librados: complete_aio_write 0x8f34e0
2014-08-22 11:23:09.031638 7f5cf33fa700 20 client.4132.objecter put_session s=0x7ff390 osd=3 22
2014-08-22 11:23:09.031709 7f5cf33fa700 10 client.4132.objecter ms_dispatch 0x7c7380 osd_op_reply(615 mira09725123-145 [setxattr (55),truncate 2719678] v16'162 uv162 ack = 0) v6
2014-08-22 11:23:09.031714 7f5cf33fa700 10 client.4132.objecter in handle_osd_op_reply
2014-08-22 11:23:09.031716 7f5cf33fa700 20 client.4132.objecter get_session s=0x7ff390 osd=3 21
2014-08-22 11:23:09.031718 7f5cf33fa700 7 client.4132.objecter handle_osd_op_reply 615 ack v 16'162 uv 162 in 2.79ac3524 attempt 0
2014-08-22 11:23:09.031722 7f5cf33fa700 10 client.4132.objecter op 0 rval 0 len 0
2014-08-22 11:23:09.031724 7f5cf33fa700 10 client.4132.objecter op 1 rval 0 len 0
2014-08-22 11:23:09.031726 7f5cf33fa700 15 client.4132.objecter handle_osd_op_reply ack
2014-08-22 11:23:09.031728 7f5cf33fa700 5 client.4132.objecter 35 unacked, 24 uncommitted
2014-08-22 11:23:09.031732 7f5cf33fa700 20 client.4132.objecter put_session s=0x7ff390 osd=3 22
2014-08-22 11:23:09.031801 7f5cf33fa700 10 client.4132.objecter ms_dispatch 0x7c7380 osd_op_reply(615 mira09725123-145 [setxattr (55),truncate 2719678] v16'162 uv162 ondisk = 0) v6
2014-08-22 11:23:09.031806 7f5cf33fa700 10 client.4132.objecter in handle_osd_op_reply
2014-08-22 11:23:09.031808 7f5cf33fa700 20 client.4132.objecter get_session s=0x7ff390 osd=3 21
2014-08-22 11:23:09.031811 7f5cf33fa700 7 client.4132.objecter handle_osd_op_reply 615 ondisk v 16'162 uv 162 in 2.79ac3524 attempt 0
2014-08-22 11:23:09.031814 7f5cf33fa700 10 client.4132.objecter op 0 rval 0 len 0
2014-08-22 11:23:09.031816 7f5cf33fa700 10 client.4132.objecter op 1 rval 0 len 0
2014-08-22 11:23:09.031818 7f5cf33fa700 15 client.4132.objecter handle_osd_op_reply safe
2014-08-22 11:23:09.031820 7f5cf33fa700 15 client.4132.objecter handle_osd_op_reply completed tid 615
2014-08-22 11:23:09.031822 7f5cf33fa700 15 client.4132.objecter finish_op 615
2014-08-22 11:23:09.031825 7f5cf33fa700 20 client.4132.objecter put_session s=0x7ff390 osd=3 22
2014-08-22 11:23:09.031827 7f5cf33fa700 15 client.4132.objecter _session_op_remove 3 615
2014-08-22 11:23:09.031832 7f5cf33fa700 5 client.4132.objecter 35 unacked, 23 uncommitted
2014-08-22 11:23:09.031835 7f5cf33fa700 20 librados: complete_aio_write 0x21098f0
2014-08-22 11:23:09.031838 7f5cf33fa700 20 client.4132.objecter put_session s=0x7ff390 osd=3 21
2014-08-22 11:23:09.031914 7f5cf33fa700 10 client.4132.objecter ms_dispatch 0x7c7380 osd_op_reply(616 mira09725123-145 [read 0~1] v0'0 uv162 ondisk = 0) v6
2014-08-22 11:23:09.031919 7f5cf33fa700 10 client.4132.objecter in handle_osd_op_reply
2014-08-22 11:23:09.031921 7f5cf33fa700 20 client.4132.objecter get_session s=0x7ff390 osd=3 20
2014-08-22 11:23:09.031923 7f5cf33fa700 7 client.4132.objecter handle_osd_op_reply 616 ondisk v 0'0 uv 162 in 2.79ac3524 attempt 0
2014-08-22 11:23:09.031927 7f5cf33fa700 10 client.4132.objecter op 0 rval 0 len 1
2014-08-22 11:23:09.031929 7f5cf33fa700 15 client.4132.objecter handle_osd_op_reply ack
2014-08-22 11:23:09.031932 7f5cf33fa700 15 client.4132.objecter handle_osd_op_reply completed tid 616
2014-08-22 11:23:09.031933 7f5cf33fa700 15 client.4132.objecter finish_op 616
2014-08-22 11:23:09.031937 7f5cf33fa700 20 client.4132.objecter put_session s=0x7ff390 osd=3 21
2014-08-22 11:23:09.031939 7f5cf33fa700 15 client.4132.objecter _session_op_remove 3 616
2014-08-22 11:23:09.031943 7f5cf33fa700 5 client.4132.objecter 34 unacked, 23 uncommitted
2014-08-22 11:23:09.031947 7f5cf33fa700 20 client.4132.objecter put_session s=0x7ff390 osd=3 20
2014-08-22 11:23:09.033600 7f5cf32f9700 10 client.4132.objecter ms_dispatch 0x7c7380 osd_op_reply(623 mira09725123-147 [write 1620729~644446] v16'188 uv188 ondisk = 0) v6
2014-08-22 11:23:09.033605 7f5cf32f9700 10 client.4132.objecter in handle_osd_op_reply
2014-08-22 11:23:09.033607 7f5cf32f9700 20 client.4132.objecter get_session s=0x801010 osd=5 12
2014-08-22 11:23:09.033610 7f5cf32f9700 7 client.4132.objecter handle_osd_op_reply 623 ondisk v 16'188 uv 188 in 2.ca16eae6 attempt 0
2014-08-22 11:23:09.033613 7f5cf32f9700 10 client.4132.objecter op 0 rval 0 len 0
2014-08-22 11:23:09.033615 7f5cf32f9700 15 client.4132.objecter handle_osd_op_reply ack
2014-08-22 11:23:09.033617 7f5cf32f9700 15 client.4132.objecter handle_osd_op_reply safe
2014-08-22 11:23:09.033619 7f5cf32f9700 15 client.4132.objecter handle_osd_op_reply completed tid 623
2014-08-22 11:23:09.033620 7f5cf32f9700 15 client.4132.objecter finish_op 623
2014-08-22 11:23:09.033623 7f5cf32f9700 20 client.4132.objecter put_session s=0x801010 osd=5 13
2014-08-22 11:23:09.033626 7f5cf32f9700 15 client.4132.objecter _session_op_remove 5 623
2014-08-22 11:23:09.033703 7f5cf32f9700 5 client.4132.objecter 33 unacked, 22 uncommitted
2014-08-22 11:23:09.033710 7f5cf32f9700 20 librados: complete_aio_write 0xdc7730
2014-08-22 11:23:09.033712 7f5cf32f9700 20 client.4132.objecter put_session s=0x801010 osd=5 12
2014-08-22 11:23:09.033775 7f5cf32f9700 10 client.4132.objecter ms_dispatch 0x7c7380 osd_op_reply(624 mira09725123-147 [write 2628536~1] v16'189 uv189 ondisk = 0) v6
2014-08-22 11:23:09.033779 7f5cf32f9700 10 client.4132.objecter in handle_osd_op_reply
2014-08-22 11:23:09.033780 7f5cf32f9700 20 client.4132.objecter get_session s=0x801010 osd=5 11
2014-08-22 11:23:09.033782 7f5cf32f9700 7 client.4132.objecter handle_osd_op_reply 624 ondisk v 16'189 uv 189 in 2.ca16eae6 attempt 0
2014-08-22 11:23:09.033784 7f5cf32f9700 10 client.4132.objecter op 0 rval 0 len 0
2014-08-22 11:23:09.033785 7f5cf32f9700 15 client.4132.objecter handle_osd_op_reply ack
2014-08-22 11:23:09.033786 7f5cf32f9700 15 client.4132.objecter handle_osd_op_reply safe
2014-08-22 11:23:09.033787 7f5cf32f9700 15 client.4132.objecter handle_osd_op_reply completed tid 624
2014-08-22 11:23:09.033788 7f5cf32f9700 15 client.4132.objecter finish_op 624
2014-08-22 11:23:09.033790 7f5cf32f9700 20 client.4132.objecter put_session s=0x801010 osd=5 12
2014-08-22 11:23:09.033791 7f5cf32f9700 15 client.4132.objecter _session_op_remove 5 624
2014-08-22 11:23:09.033794 7f5cf32f9700 5 client.4132.objecter 32 unacked, 21 uncommitted
2014-08-22 11:23:09.033796 7f5cf32f9700 20 librados: complete_aio_write 0x2175de0
2014-08-22 11:23:09.033798 7f5cf32f9700 20 client.4132.objecter put_session s=0x801010 osd=5 11
2014-08-22 11:23:09.035054 7f5cf35fc700 10 client.4132.objecter ms_dispatch 0x7c7380 osd_op_reply(628 mira09725123-148 [setxattr (55),truncate 420919] v16'151 uv151 ack = 0) v6
2014-08-22 11:23:09.035061 7f5cf35fc700 10 client.4132.objecter in handle_osd_op_reply
2014-08-22 11:23:09.035063 7f5cf35fc700 20 client.4132.objecter get_session s=0x80ba10 osd=2 6
2014-08-22 11:23:09.035065 7f5cf35fc700 7 client.4132.objecter handle_osd_op_reply 628 ack v 16'151 uv 151 in 2.b375f4a9 attempt 0
2014-08-22 11:23:09.035069 7f5cf35fc700 10 client.4132.objecter op 0 rval 0 len 0
2014-08-22 11:23:09.035071 7f5cf35fc700 10 client.4132.objecter op 1 rval 0 len 0
2014-08-22 11:23:09.035073 7f5cf35fc700 15 client.4132.objecter handle_osd_op_reply ack
2014-08-22 11:23:09.035075 7f5cf35fc700 5 client.4132.objecter 31 unacked, 21 uncommitted
2014-08-22 11:23:09.035080 7f5cf35fc700 20 client.4132.objecter put_session s=0x80ba10 osd=2 7
2014-08-22 11:23:09.035153 7f5cf35fc700 10 client.4132.objecter ms_dispatch 0x7c7380 osd_op_reply(628 mira09725123-148 [setxattr (55),truncate 420919] v16'151 uv151 ondisk = 0) v6
2014-08-22 11:23:09.035157 7f5cf35fc700 10 client.4132.objecter in handle_osd_op_reply
2014-08-22 11:23:09.035158 7f5cf35fc700 20 client.4132.objecter get_session s=0x80ba10 osd=2 6
2014-08-22 11:23:09.035159 7f5cf35fc700 7 client.4132.objecter handle_osd_op_reply 628 ondisk v 16'151 uv 151 in 2.b375f4a9 attempt 0
2014-08-22 11:23:09.035161 7f5cf35fc700 10 client.4132.objecter op 0 rval 0 len 0
2014-08-22 11:23:09.035162 7f5cf35fc700 10 client.4132.objecter op 1 rval 0 len 0
2014-08-22 11:23:09.035163 7f5cf35fc700 15 client.4132.objecter handle_osd_op_reply safe
2014-08-22 11:23:09.035164 7f5cf35fc700 15 client.4132.objecter handle_osd_op_reply completed tid 628
2014-08-22 11:23:09.035165 7f5cf35fc700 15 client.4132.objecter finish_op 628
2014-08-22 11:23:09.035167 7f5cf35fc700 20 client.4132.objecter put_session s=0x80ba10 osd=2 7
2014-08-22 11:23:09.035170 7f5cf35fc700 15 client.4132.objecter _session_op_remove 2 628
2014-08-22 11:23:09.035175 7f5cf35fc700 5 client.4132.objecter 31 unacked, 20 uncommitted
2014-08-22 11:23:09.035178 7f5cf35fc700 20 librados: complete_aio_write 0x1c7fca0
2014-08-22 11:23:09.035181 7f5cf35fc700 20 client.4132.objecter put_session s=0x80ba10 osd=2 6
2014-08-22 11:23:09.035359 7f5cf33fa700 10 client.4132.objecter ms_dispatch 0x7c7380 osd_op_reply(605 mira09725123-143 [write 431042~659671] v16'163 uv163 ack = 0) v6
2014-08-22 11:23:09.035363 7f5cf33fa700 10 client.4132.objecter in handle_osd_op_reply
2014-08-22 11:23:09.035364 7f5cf33fa700 20 client.4132.objecter get_session s=0x7ff390 osd=3 19
2014-08-22 11:23:09.035366 7f5cf33fa700 7 client.4132.objecter handle_osd_op_reply 605 ack v 16'163 uv 163 in 2.bac9e6cc attempt 0
2014-08-22 11:23:09.035368 7f5cf33fa700 10 client.4132.objecter op 0 rval 0 len 0
2014-08-22 11:23:09.035369 7f5cf33fa700 15 client.4132.objecter handle_osd_op_reply ack
2014-08-22 11:23:09.035370 7f5cf33fa700 5 client.4132.objecter 30 unacked, 20 uncommitted
2014-08-22 11:23:09.035373 7f5cf33fa700 20 client.4132.objecter put_session s=0x7ff390 osd=3 20
2014-08-22 11:23:09.035682 7f5cf35fc700 10 client.4132.objecter ms_dispatch 0x7c7380 osd_op_reply(629 mira09725123-148 [read 0~1] v0'0 uv151 ondisk = 0) v6
2014-08-22 11:23:09.035686 7f5cf35fc700 10 client.4132.objecter in handle_osd_op_reply
2014-08-22 11:23:09.035687 7f5cf35fc700 20 client.4132.objecter get_session s=0x80ba10 osd=2 5
2014-08-22 11:23:09.035688 7f5cf35fc700 7 client.4132.objecter handle_osd_op_reply 629 ondisk v 0'0 uv 151 in 2.b375f4a9 attempt 0
2014-08-22 11:23:09.035690 7f5cf35fc700 10 client.4132.objecter op 0 rval 0 len 1
2014-08-22 11:23:09.035691 7f5cf35fc700 15 client.4132.objecter handle_osd_op_reply ack
2014-08-22 11:23:09.035692 7f5cf35fc700 15 client.4132.objecter handle_osd_op_reply completed tid 629
2014-08-22 11:23:09.035693 7f5cf35fc700 15 client.4132.objecter finish_op 629
2014-08-22 11:23:09.035695 7f5cf35fc700 20 client.4132.objecter put_session s=0x80ba10 osd=2 6
2014-08-22 11:23:09.035696 7f5cf35fc700 15 client.4132.objecter _session_op_remove 2 629
2014-08-22 11:23:09.035698 7f5cf35fc700 5 client.4132.objecter 29 unacked, 20 uncommitted
2014-08-22 11:23:09.035700 7f5cf35fc700 20 client.4132.objecter put_session s=0x80ba10 osd=2 5
2014-08-22 11:23:09.036362 7f5cf32f9700 10 client.4132.objecter ms_dispatch 0x7c7380 osd_op_reply(637 mira09725123-151 [write 1584841~428075] v16'166 uv166 ondisk = 0) v6
2014-08-22 11:23:09.036366 7f5cf32f9700 10 client.4132.objecter in handle_osd_op_reply
2014-08-22 11:23:09.036367 7f5cf32f9700 20 client.4132.objecter get_session s=0x801010 osd=5 10
2014-08-22 11:23:09.036368 7f5cf32f9700 7 client.4132.objecter handle_osd_op_reply 637 ondisk v 16'166 uv 166 in 2.540c5a1b attempt 0
2014-08-22 11:23:09.036370 7f5cf32f9700 10 client.4132.objecter op 0 rval 0 len 0
2014-08-22 11:23:09.036372 7f5cf32f9700 15 client.4132.objecter handle_osd_op_reply ack
2014-08-22 11:23:09.036373 7f5cf32f9700 15 client.4132.objecter handle_osd_op_reply safe
2014-08-22 11:23:09.036374 7f5cf32f9700 15 client.4132.objecter handle_osd_op_reply completed tid 637
2014-08-22 11:23:09.036375 7f5cf32f9700 15 client.4132.objecter finish_op 637
2014-08-22 11:23:09.036377 7f5cf32f9700 20 client.4132.objecter put_session s=0x801010 osd=5 11
2014-08-22 11:23:09.036378 7f5cf32f9700 15 client.4132.objecter _session_op_remove 5 637
2014-08-22 11:23:09.036435 7f5cf32f9700 5 client.4132.objecter 28 unacked, 19 uncommitted
2014-08-22 11:23:09.036439 7f5cf32f9700 20 librados: complete_aio_write 0xff90c0
2014-08-22 11:23:09.036441 7f5cf32f9700 20 client.4132.objecter put_session s=0x801010 osd=5 10
2014-08-22 11:23:09.036522 7f5cf32f9700 10 client.4132.objecter ms_dispatch 0x7c7380 osd_op_reply(625 mira09725123-147 [setxattr (55),truncate 2628537] v16'190 uv190 ondisk = 0) v6
2014-08-22 11:23:09.036526 7f5cf32f9700 10 client.4132.objecter in handle_osd_op_reply
2014-08-22 11:23:09.036527 7f5cf32f9700 20 client.4132.objecter get_session s=0x801010 osd=5 9
2014-08-22 11:23:09.036528 7f5cf32f9700 7 client.4132.objecter handle_osd_op_reply 625 ondisk v 16'190 uv 190 in 2.ca16eae6 attempt 0
2014-08-22 11:23:09.036530 7f5cf32f9700 10 client.4132.objecter op 0 rval 0 len 0
2014-08-22 11:23:09.036531 7f5cf32f9700 10 client.4132.objecter op 1 rval 0 len 0
2014-08-22 11:23:09.036532 7f5cf32f9700 15 client.4132.objecter handle_osd_op_reply ack
2014-08-22 11:23:09.036533 7f5cf32f9700 15 client.4132.objecter handle_osd_op_reply safe
2014-08-22 11:23:09.036534 7f5cf32f9700 15 client.4132.objecter handle_osd_op_reply completed tid 625
2014-08-22 11:23:09.036535 7f5cf32f9700 15 client.4132.objecter finish_op 625
2014-08-22 11:23:09.036537 7f5cf32f9700 20 client.4132.objecter put_session s=0x801010 osd=5 10
2014-08-22 11:23:09.036538 7f5cf32f9700 15 client.4132.objecter _session_op_remove 5 625
2014-08-22 11:23:09.036541 7f5cf32f9700 5 client.4132.objecter 27 unacked, 18 uncommitted
2014-08-22 11:23:09.036543 7f5cf32f9700 20 librados: complete_aio_write 0x248fdf0
2014-08-22 11:23:09.036545 7f5cf32f9700 20 client.4132.objecter put_session s=0x801010 osd=5 9
2014-08-22 11:23:09.036867 7f5cf33fa700 10 client.4132.objecter ms_dispatch 0x7c7380 osd_op_reply(605 mira09725123-143 [write 431042~659671] v16'163 uv163 ondisk = 0) v6
2014-08-22 11:23:09.036872 7f5cf33fa700 10 client.4132.objecter in handle_osd_op_reply
2014-08-22 11:23:09.036874 7f5cf33fa700 20 client.4132.objecter get_session s=0x7ff390 osd=3 19
2014-08-22 11:23:09.036875 7f5cf33fa700 7 client.4132.objecter handle_osd_op_reply 605 ondisk v 16'163 uv 163 in 2.bac9e6cc attempt 0
2014-08-22 11:23:09.036877 7f5cf33fa700 10 client.4132.objecter op 0 rval 0 len 0
2014-08-22 11:23:09.036878 7f5cf33fa700 15 client.4132.objecter handle_osd_op_reply safe
2014-08-22 11:23:09.036879 7f5cf33fa700 15 client.4132.objecter handle_osd_op_reply completed tid 605
2014-08-22 11:23:09.036880 7f5cf33fa700 15 client.4132.objecter finish_op 605
2014-08-22 11:23:09.036882 7f5cf33fa700 20 client.4132.objecter put_session s=0x7ff390 osd=3 20
2014-08-22 11:23:09.036883 7f5cf33fa700 15 client.4132.objecter _session_op_remove 3 605
2014-08-22 11:23:09.036969 7f5cf33fa700 5 client.4132.objecter 27 unacked, 17 uncommitted
2014-08-22 11:23:09.036993 7f5cf33fa700 20 librados: complete_aio_write 0xf33a00
2014-08-22 11:23:09.036995 7f5cf33fa700 20 client.4132.objecter put_session s=0x7ff390 osd=3 19
2014-08-22 11:23:09.037051 7f5cf33fa700 10 client.4132.objecter ms_dispatch 0x7c7380 osd_op_reply(606 mira09725123-143 [write 1231041~1] v16'164 uv164 ack = 0) v6
2014-08-22 11:23:09.037054 7f5cf33fa700 10 client.4132.objecter in handle_osd_op_reply
2014-08-22 11:23:09.037055 7f5cf33fa700 20 client.4132.objecter get_session s=0x7ff390 osd=3 18
2014-08-22 11:23:09.037057 7f5cf33fa700 7 client.4132.objecter handle_osd_op_reply 606 ack v 16'164 uv 164 in 2.bac9e6cc attempt 0
2014-08-22 11:23:09.037059 7f5cf33fa700 10 client.4132.objecter op 0 rval 0 len 0
2014-08-22 11:23:09.037060 7f5cf33fa700 15 client.4132.objecter handle_osd_op_reply ack
2014-08-22 11:23:09.037061 7f5cf33fa700 5 client.4132.objecter 26 unacked, 17 uncommitted
2014-08-22 11:23:09.037063 7f5cf33fa700 20 client.4132.objecter put_session s=0x7ff390 osd=3 19
2014-08-22 11:23:09.037120 7f5cf33fa700 10 client.4132.objecter ms_dispatch 0x7c7380 osd_op_reply(606 mira09725123-143 [write 1231041~1] v16'164 uv164 ondisk = 0) v6
2014-08-22 11:23:09.037123 7f5cf33fa700 10 client.4132.objecter in handle_osd_op_reply
2014-08-22 11:23:09.037124 7f5cf33fa700 20 client.4132.objecter get_session s=0x7ff390 osd=3 18
2014-08-22 11:23:09.037125 7f5cf33fa700 7 client.4132.objecter handle_osd_op_reply 606 ondisk v 16'164 uv 164 in 2.bac9e6cc attempt 0
2014-08-22 11:23:09.037127 7f5cf33fa700 10 client.4132.objecter op 0 rval 0 len 0
2014-08-22 11:23:09.037128 7f5cf33fa700 15 client.4132.objecter handle_osd_op_reply safe
2014-08-22 11:23:09.037129 7f5cf33fa700 15 client.4132.objecter handle_osd_op_reply completed tid 606
2014-08-22 11:23:09.037130 7f5cf33fa700 15 client.4132.objecter finish_op 606
2014-08-22 11:23:09.037132 7f5cf33fa700 20 client.4132.objecter put_session s=0x7ff390 osd=3 19
2014-08-22 11:23:09.037133 7f5cf33fa700 15 client.4132.objecter _session_op_remove 3 606
2014-08-22 11:23:09.037136 7f5cf33fa700 5 client.4132.objecter 26 unacked, 16 uncommitted
2014-08-22 11:23:09.037138 7f5cf33fa700 20 librados: complete_aio_write 0x210dd00
2014-08-22 11:23:09.037140 7f5cf33fa700 20 client.4132.objecter put_session s=0x7ff390 osd=3 18
2014-08-22 11:23:09.037773 7f5cf35fc700 10 client.4132.objecter ms_dispatch 0x7c7380 osd_op_reply(609 mira09725123-144 [write 527296~400000] v16'152 uv152 ack = 0) v6
2014-08-22 11:23:09.037779 7f5cf35fc700 10 client.4132.objecter in handle_osd_op_reply
2014-08-22 11:23:09.037781 7f5cf35fc700 20 client.4132.objecter get_session s=0x80ba10 osd=2 4
2014-08-22 11:23:09.037784 7f5cf35fc700 7 client.4132.objecter handle_osd_op_reply 609 ack v 16'152 uv 152 in 2.30262599 attempt 0
2014-08-22 11:23:09.037788 7f5cf35fc700 10 client.4132.objecter op 0 rval 0 len 0
2014-08-22 11:23:09.037791 7f5cf35fc700 15 client.4132.objecter handle_osd_op_reply ack
2014-08-22 11:23:09.037792 7f5cf35fc700 5 client.4132.objecter 25 unacked, 16 uncommitted
2014-08-22 11:23:09.037797 7f5cf35fc700 20 client.4132.objecter put_session s=0x80ba10 osd=2 5
2014-08-22 11:23:09.037862 7f5cf35fc700 10 client.4132.objecter ms_dispatch 0x7c7380 osd_op_reply(609 mira09725123-144 [write 527296~400000] v16'152 uv152 ondisk = 0) v6
2014-08-22 11:23:09.037865 7f5cf35fc700 10 client.4132.objecter in handle_osd_op_reply
2014-08-22 11:23:09.037866 7f5cf35fc700 20 client.4132.objecter get_session s=0x80ba10 osd=2 4
2014-08-22 11:23:09.037867 7f5cf35fc700 7 client.4132.objecter handle_osd_op_reply 609 ondisk v 16'152 uv 152 in 2.30262599 attempt 0
2014-08-22 11:23:09.037869 7f5cf35fc700 10 client.4132.objecter op 0 rval 0 len 0
2014-08-22 11:23:09.037871 7f5cf35fc700 15 client.4132.objecter handle_osd_op_reply safe
2014-08-22 11:23:09.037872 7f5cf35fc700 15 client.4132.objecter handle_osd_op_reply completed tid 609
2014-08-22 11:23:09.037872 7f5cf35fc700 15 client.4132.objecter finish_op 609
2014-08-22 11:23:09.037875 7f5cf35fc700 20 client.4132.objecter put_session s=0x80ba10 osd=2 5
2014-08-22 11:23:09.037876 7f5cf35fc700 15 client.4132.objecter _session_op_remove 2 609
2014-08-22 11:23:09.037952 7f5cf35fc700 5 client.4132.objecter 25 unacked, 15 uncommitted
2014-08-22 11:23:09.037957 7f5cf35fc700 20 librados: complete_aio_write 0x9e3010
2014-08-22 11:23:09.037959 7f5cf35fc700 20 client.4132.objecter put_session s=0x80ba10 osd=2 4
2014-08-22 11:23:09.038112 7f5cf32f9700 10 client.4132.objecter ms_dispatch 0x7c7380 osd_op_reply(604 mira09725123-142 [read 0~1] v0'0 uv160 ondisk = 0) v6
2014-08-22 11:23:09.038117 7f5cf32f9700 10 client.4132.objecter in handle_osd_op_reply
2014-08-22 11:23:09.038119 7f5cf32f9700 20 client.4132.objecter get_session s=0x801010 osd=5 8
2014-08-22 11:23:09.038121 7f5cf32f9700 7 client.4132.objecter handle_osd_op_reply 604 ondisk v 0'0 uv 160 in 2.88cb1967 attempt 0
2014-08-22 11:23:09.038125 7f5cf32f9700 10 client.4132.objecter op 0 rval 0 len 1
2014-08-22 11:23:09.038128 7f5cf32f9700 15 client.4132.objecter handle_osd_op_reply ack
2014-08-22 11:23:09.038130 7f5cf32f9700 15 client.4132.objecter handle_osd_op_reply completed tid 604
2014-08-22 11:23:09.038132 7f5cf32f9700 15 client.4132.objecter finish_op 604
2014-08-22 11:23:09.038136 7f5cf32f9700 20 client.4132.objecter put_session s=0x801010 osd=5 9
2014-08-22 11:23:09.038134 7f5cf33fa700 10 client.4132.objecter ms_dispatch 0x7c7380 osd_op_reply(607 mira09725123-143 [setxattr (55),truncate 1231042] v16'165 uv165 ack = 0) v6
2014-08-22 11:23:09.038139 7f5cf32f9700 15 client.4132.objecter _session_op_remove 5 604
2014-08-22 11:23:09.038140 7f5cf33fa700 10 client.4132.objecter in handle_osd_op_reply
2014-08-22 11:23:09.038142 7f5cf33fa700 20 client.4132.objecter get_session s=0x7ff390 osd=3 17
2014-08-22 11:23:09.038143 7f5cf32f9700 5 client.4132.objecter 24 unacked, 15 uncommitted
2014-08-22 11:23:09.038144 7f5cf33fa700 7 client.4132.objecter handle_osd_op_reply 607 ack v 16'165 uv 165 in 2.bac9e6cc attempt 0
2014-08-22 11:23:09.038148 7f5cf33fa700 10 client.4132.objecter op 0 rval 0 len 0
2014-08-22 11:23:09.038148 7f5cf32f9700 20 client.4132.objecter put_session s=0x801010 osd=5 8
2014-08-22 11:23:09.038150 7f5cf33fa700 10 client.4132.objecter op 1 rval 0 len 0
2014-08-22 11:23:09.038152 7f5cf33fa700 15 client.4132.objecter handle_osd_op_reply ack
2014-08-22 11:23:09.038154 7f5cf33fa700 5 client.4132.objecter 23 unacked, 15 uncommitted
2014-08-22 11:23:09.038158 7f5cf33fa700 20 client.4132.objecter put_session s=0x7ff390 osd=3 18
2014-08-22 11:23:09.038230 7f5cf33fa700 10 client.4132.objecter ms_dispatch 0x7c7380 osd_op_reply(607 mira09725123-143 [setxattr (55),truncate 1231042] v16'165 uv165 ondisk = 0) v6
2014-08-22 11:23:09.038229 7f5cf32f9700 10 client.4132.objecter ms_dispatch 0x7c7380 osd_op_reply(638 mira09725123-151 [write 2121135~1] v16'167 uv167 ondisk = 0) v6
2014-08-22 11:23:09.038233 7f5cf33fa700 10 client.4132.objecter in handle_osd_op_reply
2014-08-22 11:23:09.038234 7f5cf33fa700 20 client.4132.objecter get_session s=0x7ff390 osd=3 17
2014-08-22 11:23:09.038234 7f5cf32f9700 10 client.4132.objecter in handle_osd_op_reply
2014-08-22 11:23:09.038236 7f5cf33fa700 7 client.4132.objecter handle_osd_op_reply 607 ondisk v 16'165 uv 165 in 2.bac9e6cc attempt 0
2014-08-22 11:23:09.038237 7f5cf32f9700 20 client.4132.objecter get_session s=0x801010 osd=5 7
2014-08-22 11:23:09.038238 7f5cf33fa700 10 client.4132.objecter op 0 rval 0 len 0
2014-08-22 11:23:09.038239 7f5cf33fa700 10 client.4132.objecter op 1 rval 0 len 0
2014-08-22 11:23:09.038240 7f5cf33fa700 15 client.4132.objecter handle_osd_op_reply safe
2014-08-22 11:23:09.038242 7f5cf33fa700 15 client.4132.objecter handle_osd_op_reply completed tid 607
2014-08-22 11:23:09.038239 7f5cf32f9700 7 client.4132.objecter handle_osd_op_reply 638 ondisk v 16'167 uv 167 in 2.540c5a1b attempt 0
2014-08-22 11:23:09.038243 7f5cf33fa700 15 client.4132.objecter finish_op 607
2014-08-22 11:23:09.038243 7f5cf32f9700 10 client.4132.objecter op 0 rval 0 len 0
2014-08-22 11:23:09.038245 7f5cf33fa700 20 client.4132.objecter put_session s=0x7ff390 osd=3 18
2014-08-22 11:23:09.038246 7f5cf32f9700 15 client.4132.objecter handle_osd_op_reply ack
2014-08-22 11:23:09.038246 7f5cf33fa700 15 client.4132.objecter _session_op_remove 3 607
2014-08-22 11:23:09.038248 7f5cf32f9700 15 client.4132.objecter handle_osd_op_reply safe
2014-08-22 11:23:09.038250 7f5cf32f9700 15 client.4132.objecter handle_osd_op_reply completed tid 638
2014-08-22 11:23:09.038251 7f5cf33fa700 5 client.4132.objecter 22 unacked, 13 uncommitted
2014-08-22 11:23:09.038251 7f5cf32f9700 15 client.4132.objecter finish_op 638
2014-08-22 11:23:09.038253 7f5cf33fa700 20 librados: complete_aio_write 0xf0f990
2014-08-22 11:23:09.038254 7f5cf33fa700 20 client.4132.objecter put_session s=0x7ff390 osd=3 17
2014-08-22 11:23:09.038255 7f5cf32f9700 20 client.4132.objecter put_session s=0x801010 osd=5 8
2014-08-22 11:23:09.038257 7f5cf32f9700 15 client.4132.objecter _session_op_remove 5 638
2014-08-22 11:23:09.038263 7f5cf32f9700 5 client.4132.objecter 22 unacked, 13 uncommitted
2014-08-22 11:23:09.038267 7f5cf32f9700 20 librados: complete_aio_write 0xffdc90
2014-08-22 11:23:09.038270 7f5cf32f9700 20 client.4132.objecter put_session s=0x801010 osd=5 7
2014-08-22 11:23:09.038350 7f5cf33fa700 10 client.4132.objecter ms_dispatch 0x7c7380 osd_op_reply(608 mira09725123-143 [read 0~1] v0'0 uv165 ondisk = 0) v6
2014-08-22 11:23:09.038350 7f5cf32f9700 10 client.4132.objecter ms_dispatch 0x7c7380 osd_op_reply(639 mira09725123-151 [setxattr (55),truncate 2121136] v16'168 uv168 ondisk = 0) v6
2014-08-22 11:23:09.038355 7f5cf33fa700 10 client.4132.objecter in handle_osd_op_reply
2014-08-22 11:23:09.038355 7f5cf32f9700 10 client.4132.objecter in handle_osd_op_reply
2014-08-22 11:23:09.038357 7f5cf33fa700 20 client.4132.objecter get_session s=0x7ff390 osd=3 16
2014-08-22 11:23:09.038357 7f5cf32f9700 20 client.4132.objecter get_session s=0x801010 osd=5 6
2014-08-22 11:23:09.038360 7f5cf32f9700 7 client.4132.objecter handle_osd_op_reply 639 ondisk v 16'168 uv 168 in 2.540c5a1b attempt 0
2014-08-22 11:23:09.038360 7f5cf33fa700 7 client.4132.objecter handle_osd_op_reply 608 ondisk v 0'0 uv 165 in 2.bac9e6cc attempt 0
2014-08-22 11:23:09.038365 7f5cf33fa700 10 client.4132.objecter op 0 rval 0 len 1
2014-08-22 11:23:09.038364 7f5cf32f9700 10 client.4132.objecter op 0 rval 0 len 0
2014-08-22 11:23:09.038367 7f5cf33fa700 15 client.4132.objecter handle_osd_op_reply ack
2014-08-22 11:23:09.038367 7f5cf32f9700 10 client.4132.objecter op 1 rval 0 len 0
2014-08-22 11:23:09.038370 7f5cf33fa700 15 client.4132.objecter handle_osd_op_reply completed tid 608
2014-08-22 11:23:09.038370 7f5cf32f9700 15 client.4132.objecter handle_osd_op_reply ack
2014-08-22 11:23:09.038371 7f5cf33fa700 15 client.4132.objecter finish_op 608
2014-08-22 11:23:09.038372 7f5cf32f9700 15 client.4132.objecter handle_osd_op_reply safe
2014-08-22 11:23:09.038374 7f5cf32f9700 15 client.4132.objecter handle_osd_op_reply completed tid 639
2014-08-22 11:23:09.038376 7f5cf32f9700 15 client.4132.objecter finish_op 639
2014-08-22 11:23:09.038375 7f5cf33fa700 20 client.4132.objecter put_session s=0x7ff390 osd=3 17
2014-08-22 11:23:09.038378 7f5cf33fa700 15 client.4132.objecter _session_op_remove 3 608
2014-08-22 11:23:09.038379 7f5cf32f9700 20 client.4132.objecter put_session s=0x801010 osd=5 7
2014-08-22 11:23:09.038381 7f5cf32f9700 15 client.4132.objecter _session_op_remove 5 639
2014-08-22 11:23:09.038382 7f5cf33fa700 5 client.4132.objecter 20 unacked, 12 uncommitted
2014-08-22 11:23:09.038386 7f5cf32f9700 5 client.4132.objecter 20 unacked, 12 uncommitted
2014-08-22 11:23:09.038387 7f5cf33fa700 20 client.4132.objecter put_session s=0x7ff390 osd=3 16
2014-08-22 11:23:09.038390 7f5cf32f9700 20 librados: complete_aio_write 0xffd0c0
2014-08-22 11:23:09.038393 7f5cf32f9700 20 client.4132.objecter put_session s=0x801010 osd=5 6
2014-08-22 11:23:09.038461 7f5cf33fa700 10 client.4132.objecter ms_dispatch 0x7c7380 osd_op_reply(592 mira09725123-140 [write 730825~556738] v16'166 uv166 ack = 0) v6
2014-08-22 11:23:09.038466 7f5cf33fa700 10 client.4132.objecter in handle_osd_op_reply
2014-08-22 11:23:09.038467 7f5cf33fa700 20 client.4132.objecter get_session s=0x7ff390 osd=3 15
2014-08-22 11:23:09.038470 7f5cf33fa700 7 client.4132.objecter handle_osd_op_reply 592 ack v 16'166 uv 166 in 2.ae0c6588 attempt 0
2014-08-22 11:23:09.038474 7f5cf33fa700 10 client.4132.objecter op 0 rval 0 len 0
2014-08-22 11:23:09.038476 7f5cf33fa700 15 client.4132.objecter handle_osd_op_reply ack
2014-08-22 11:23:09.038478 7f5cf33fa700 5 client.4132.objecter 19 unacked, 12 uncommitted
2014-08-22 11:23:09.038481 7f5cf33fa700 20 client.4132.objecter put_session s=0x7ff390 osd=3 16
2014-08-22 11:23:09.038566 7f5cf33fa700 10 client.4132.objecter ms_dispatch 0x7c7380 osd_op_reply(592 mira09725123-140 [write 730825~556738] v16'166 uv166 ondisk = 0) v6
2014-08-22 11:23:09.038571 7f5cf33fa700 10 client.4132.objecter in handle_osd_op_reply
2014-08-22 11:23:09.038572 7f5cf33fa700 20 client.4132.objecter get_session s=0x7ff390 osd=3 15
2014-08-22 11:23:09.038573 7f5cf33fa700 7 client.4132.objecter handle_osd_op_reply 592 ondisk v 16'166 uv 166 in 2.ae0c6588 attempt 0
2014-08-22 11:23:09.038575 7f5cf33fa700 10 client.4132.objecter op 0 rval 0 len 0
2014-08-22 11:23:09.038577 7f5cf33fa700 15 client.4132.objecter handle_osd_op_reply safe
2014-08-22 11:23:09.038579 7f5cf33fa700 15 client.4132.objecter handle_osd_op_reply completed tid 592
2014-08-22 11:23:09.038581 7f5cf33fa700 15 client.4132.objecter finish_op 592
2014-08-22 11:23:09.038584 7f5cf33fa700 20 client.4132.objecter put_session s=0x7ff390 osd=3 16
2014-08-22 11:23:09.038587 7f5cf33fa700 15 client.4132.objecter _session_op_remove 3 592
2014-08-22 11:23:09.038704 7f5cf33fa700 5 client.4132.objecter 19 unacked, 11 uncommitted
2014-08-22 11:23:09.038711 7f5cf33fa700 20 librados: complete_aio_write 0x7ef050
2014-08-22 11:23:09.038716 7f5cf33fa700 20 client.4132.objecter put_session s=0x7ff390 osd=3 15
2014-08-22 11:23:09.038720 7f5cf35fc700 10 client.4132.objecter ms_dispatch 0x7c7380 osd_op_reply(610 mira09725123-144 [setxattr (55),truncate 927296] v16'153 uv153 ack = 0) v6
2014-08-22 11:23:09.038724 7f5cf35fc700 10 client.4132.objecter in handle_osd_op_reply
2014-08-22 11:23:09.038725 7f5cf35fc700 20 client.4132.objecter get_session s=0x80ba10 osd=2 3
2014-08-22 11:23:09.038726 7f5cf35fc700 7 client.4132.objecter handle_osd_op_reply 610 ack v 16'153 uv 153 in 2.30262599 attempt 0
2014-08-22 11:23:09.038728 7f5cf35fc700 10 client.4132.objecter op 0 rval 0 len 0
2014-08-22 11:23:09.038730 7f5cf35fc700 10 client.4132.objecter op 1 rval 0 len 0
2014-08-22 11:23:09.038730 7f5cf35fc700 15 client.4132.objecter handle_osd_op_reply ack
2014-08-22 11:23:09.038732 7f5cf35fc700 5 client.4132.objecter 18 unacked, 11 uncommitted
2014-08-22 11:23:09.038734 7f5cf35fc700 20 client.4132.objecter put_session s=0x80ba10 osd=2 4
2014-08-22 11:23:09.038793 7f5cf33fa700 10 client.4132.objecter ms_dispatch 0x7c7380 osd_op_reply(593 mira09725123-140 [write 1727019~766583] v16'167 uv167 ack = 0) v6
2014-08-22 11:23:09.038798 7f5cf33fa700 10 client.4132.objecter in handle_osd_op_reply
2014-08-22 11:23:09.038800 7f5cf33fa700 20 client.4132.objecter get_session s=0x7ff390 osd=3 14
2014-08-22 11:23:09.038803 7f5cf33fa700 7 client.4132.objecter handle_osd_op_reply 593 ack v 16'167 uv 167 in 2.ae0c6588 attempt 0
2014-08-22 11:23:09.038806 7f5cf33fa700 10 client.4132.objecter op 0 rval 0 len 0
2014-08-22 11:23:09.038808 7f5cf33fa700 15 client.4132.objecter handle_osd_op_reply ack
2014-08-22 11:23:09.038811 7f5cf33fa700 5 client.4132.objecter 17 unacked, 11 uncommitted
2014-08-22 11:23:09.038816 7f5cf33fa700 20 client.4132.objecter put_session s=0x7ff390 osd=3 15
2014-08-22 11:23:09.038889 7f5cf33fa700 10 client.4132.objecter ms_dispatch 0x7c7380 osd_op_reply(593 mira09725123-140 [write 1727019~766583] v16'167 uv167 ondisk = 0) v6
2014-08-22 11:23:09.038896 7f5cf33fa700 10 client.4132.objecter in handle_osd_op_reply
2014-08-22 11:23:09.038898 7f5cf33fa700 20 client.4132.objecter get_session s=0x7ff390 osd=3 14
2014-08-22 11:23:09.038900 7f5cf33fa700 7 client.4132.objecter handle_osd_op_reply 593 ondisk v 16'167 uv 167 in 2.ae0c6588 attempt 0
2014-08-22 11:23:09.038904 7f5cf33fa700 10 client.4132.objecter op 0 rval 0 len 0
2014-08-22 11:23:09.038906 7f5cf33fa700 15 client.4132.objecter handle_osd_op_reply safe
2014-08-22 11:23:09.038904 7f5cf35fc700 10 client.4132.objecter ms_dispatch 0x7c7380 osd_op_reply(610 mira09725123-144 [setxattr (55),truncate 927296] v16'153 uv153 ondisk = 0) v6
2014-08-22 11:23:09.038908 7f5cf35fc700 10 client.4132.objecter in handle_osd_op_reply
2014-08-22 11:23:09.038908 7f5cf33fa700 15 client.4132.objecter handle_osd_op_reply completed tid 593
2014-08-22 11:23:09.038909 7f5cf35fc700 20 client.4132.objecter get_session s=0x80ba10 osd=2 3
2014-08-22 11:23:09.038909 7f5cf33fa700 15 client.4132.objecter finish_op 593
2014-08-22 11:23:09.038910 7f5cf35fc700 7 client.4132.objecter handle_osd_op_reply 610 ondisk v 16'153 uv 153 in 2.30262599 attempt 0
2014-08-22 11:23:09.038912 7f5cf35fc700 10 client.4132.objecter op 0 rval 0 len 0
2014-08-22 11:23:09.038913 7f5cf35fc700 10 client.4132.objecter op 1 rval 0 len 0
2014-08-22 11:23:09.038914 7f5cf35fc700 15 client.4132.objecter handle_osd_op_reply safe
2014-08-22 11:23:09.038913 7f5cf33fa700 20 client.4132.objecter put_session s=0x7ff390 osd=3 15
2014-08-22 11:23:09.038915 7f5cf35fc700 15 client.4132.objecter handle_osd_op_reply completed tid 610
2014-08-22 11:23:09.038916 7f5cf35fc700 15 client.4132.objecter finish_op 610
2014-08-22 11:23:09.038916 7f5cf33fa700 15 client.4132.objecter _session_op_remove 3 593
2014-08-22 11:23:09.038918 7f5cf35fc700 20 client.4132.objecter put_session s=0x80ba10 osd=2 4
2014-08-22 11:23:09.038920 7f5cf35fc700 15 client.4132.objecter _session_op_remove 2 610
2014-08-22 11:23:09.038930 7f5cf35fc700 5 client.4132.objecter 17 unacked, 9 uncommitted
2014-08-22 11:23:09.038932 7f5cf35fc700 20 librados: complete_aio_write 0x2673c60
2014-08-22 11:23:09.038934 7f5cf35fc700 20 client.4132.objecter put_session s=0x80ba10 osd=2 3
2014-08-22 11:23:09.039060 7f5cf33fa700 5 client.4132.objecter 17 unacked, 9 uncommitted
2014-08-22 11:23:09.039066 7f5cf33fa700 20 librados: complete_aio_write 0x933a90
2014-08-22 11:23:09.039070 7f5cf33fa700 20 client.4132.objecter put_session s=0x7ff390 osd=3 14
2014-08-22 11:23:09.039146 7f5cf33fa700 10 client.4132.objecter ms_dispatch 0x7c7380 osd_op_reply(594 mira09725123-140 [write 2898847~419396] v16'168 uv168 ack = 0) v6
2014-08-22 11:23:09.039160 7f5cf33fa700 10 client.4132.objecter in handle_osd_op_reply
2014-08-22 11:23:09.039162 7f5cf33fa700 20 client.4132.objecter get_session s=0x7ff390 osd=3 13
2014-08-22 11:23:09.039165 7f5cf33fa700 7 client.4132.objecter handle_osd_op_reply 594 ack v 16'168 uv 168 in 2.ae0c6588 attempt 0
2014-08-22 11:23:09.039169 7f5cf33fa700 10 client.4132.objecter op 0 rval 0 len 0
2014-08-22 11:23:09.039171 7f5cf33fa700 15 client.4132.objecter handle_osd_op_reply ack
2014-08-22 11:23:09.039173 7f5cf33fa700 5 client.4132.objecter 16 unacked, 9 uncommitted
2014-08-22 11:23:09.039177 7f5cf33fa700 20 client.4132.objecter put_session s=0x7ff390 osd=3 14
2014-08-22 11:23:09.039253 7f5cf33fa700 10 client.4132.objecter ms_dispatch 0x7c7380 osd_op_reply(594 mira09725123-140 [write 2898847~419396] v16'168 uv168 ondisk = 0) v6
2014-08-22 11:23:09.039259 7f5cf33fa700 10 client.4132.objecter in handle_osd_op_reply
2014-08-22 11:23:09.039261 7f5cf33fa700 20 client.4132.objecter get_session s=0x7ff390 osd=3 13
2014-08-22 11:23:09.039263 7f5cf33fa700 7 client.4132.objecter handle_osd_op_reply 594 ondisk v 16'168 uv 168 in 2.ae0c6588 attempt 0
2014-08-22 11:23:09.039267 7f5cf33fa700 10 client.4132.objecter op 0 rval 0 len 0
2014-08-22 11:23:09.039269 7f5cf33fa700 15 client.4132.objecter handle_osd_op_reply safe
2014-08-22 11:23:09.039271 7f5cf33fa700 15 client.4132.objecter handle_osd_op_reply completed tid 594
2014-08-22 11:23:09.039273 7f5cf33fa700 15 client.4132.objecter finish_op 594
2014-08-22 11:23:09.039276 7f5cf33fa700 20 client.4132.objecter put_session s=0x7ff390 osd=3 14
2014-08-22 11:23:09.039279 7f5cf33fa700 15 client.4132.objecter _session_op_remove 3 594
2014-08-22 11:23:09.039373 7f5cf33fa700 5 client.4132.objecter 16 unacked, 8 uncommitted
2014-08-22 11:23:09.039379 7f5cf33fa700 20 librados: complete_aio_write 0xe85dd0
2014-08-22 11:23:09.039383 7f5cf33fa700 20 client.4132.objecter put_session s=0x7ff390 osd=3 13
2014-08-22 11:23:09.039456 7f5cf33fa700 10 client.4132.objecter ms_dispatch 0x7c7380 osd_op_reply(595 mira09725123-140 [write 3530824~1] v16'169 uv169 ack = 0) v6
2014-08-22 11:23:09.039459 7f5cf33fa700 10 client.4132.objecter in handle_osd_op_reply
2014-08-22 11:23:09.039460 7f5cf33fa700 20 client.4132.objecter get_session s=0x7ff390 osd=3 12
2014-08-22 11:23:09.039462 7f5cf33fa700 7 client.4132.objecter handle_osd_op_reply 595 ack v 16'169 uv 169 in 2.ae0c6588 attempt 0
2014-08-22 11:23:09.039464 7f5cf33fa700 10 client.4132.objecter op 0 rval 0 len 0
2014-08-22 11:23:09.039465 7f5cf33fa700 15 client.4132.objecter handle_osd_op_reply ack
2014-08-22 11:23:09.039466 7f5cf33fa700 5 client.4132.objecter 15 unacked, 8 uncommitted
2014-08-22 11:23:09.039469 7f5cf33fa700 20 client.4132.objecter put_session s=0x7ff390 osd=3 13
2014-08-22 11:23:09.039502 7f5cf35fc700 10 client.4132.objecter ms_dispatch 0x7c7380 osd_op_reply(611 mira09725123-144 [read 0~1] v0'0 uv153 ondisk = 0) v6
2014-08-22 11:23:09.039505 7f5cf35fc700 10 client.4132.objecter in handle_osd_op_reply
