2014-08-13 16:24:15.080960 7fd93dff0700 5 -- op tracker -- , seq: 768, time:
2014-08-13 16:24:15.080794, event: all_read, request: osd_sub_op(unknown.0.0:0 22.4aa 0//0//-1 [scrub-unreserve] v 0'0 snapset=0=[]:[] snapc=0=[]) v10 -7282>
2014-08-13 16:24:15.080969 7fd93dff0700 5 -- op tracker -- , seq: 768, time:
2014-08-13 16:24:15.080927, event: dispatched, request: osd_sub_op(unknown.0.0:0 22.4aa 0//0//-1 [scrub-unreserve] v 0'0 snapset=0=[]:[] snapc=0=[]) v10 -7281>
2014-08-13 16:24:15.080984 7fd93dff0700 5 -- op tracker -- , seq: 768, time:
2014-08-13 16:24:15.080984, event: waiting_for_osdmap, request: osd_sub_op(unknown.0.0:0 22.4aa 0//0//-1 [scrub-unreserve] v 0'0 snapset=0=[]:[] snapc=0=[]) v10 -7280>
2014-08-13 16:24:15.081038 7fd93dff0700 1 -- 192.168.1.115:6813/25220 <== osd.321 192.168.1.110:6812/43236 13 ==== pg_info(1 pgs e194449:22.4aa) v4 ==== 714+0+0 (1721136034 0 0) 0x9280e00 con 0x4fe4ba0 -7279>
2014-08-13 16:24:15.081060 7fd9371e5700 5 -- op tracker -- , seq: 768, time:
2014-08-13 16:24:15.081059, event: reached_pg, request: osd_sub_op(unknown.0.0:0 22.4aa 0//0//-1 [scrub-unreserve] v 0'0 snapset=0=[]:[] snapc=0=[]) v10 -7278>
2014-08-13 16:24:15.081105 7fd9371e5700 5 -- op tracker -- , seq: 768, time:
2014-08-13 16:24:15.081105, event: started, request: osd_sub_op(unknown.0.0:0 22.4aa 0//0//-1 [scrub-unreserve] v 0'0 snapset=0=[]:[] snapc=0=[]) v10 -7277>
2014-08-13 16:24:15.081125 7fd9371e5700 5 -- op tracker -- , seq: 768, time:
2014-08-13 16:24:15.081125, event: done, request: osd_sub_op(unknown.0.0:0 22.4aa 0//0//-1 [scrub-unreserve] v 0'0 snapset=0=[]:[] snapc=0=[]) v10 -7276>
2014-08-13 16:24:15.081181 7fd93dff0700 5 -- op tracker -- , seq: 769, time:
2014-08-13 16:24:15.080818, event: header_read, request: pg_info(1 pgs e194449:22.4aa) v4 -7275>
2014-08-13 16:24:15.081218 7fd93dff0700 5 -- op tracker -- , seq: 769, time:
2014-08-13 16:24:15.080819, event: throttled, request: pg_info(1 pgs e194449:22.4aa) v4 -7274>
2014-08-13 16:24:15.081226 7fd93dff0700 5 -- op tracker -- , seq: 769, time:
2014-08-13 16:24:15.080893, event: all_read, request: pg_info(1 pgs e194449:22.4aa) v4 -7273>
2014-08-13 16:24:15.081232 7fd93dff0700 5 -- op tracker -- , seq: 769, time:
2014-08-13 16:24:15.081057, event: dispatched, request: pg_info(1 pgs e194449:22.4aa) v4 -7272>
2014-08-13 16:24:15.081239 7fd93dff0700 5 -- op tracker -- , seq: 769, time:
2014-08-13 16:24:15.081239, event: waiting_for_osdmap, request: pg_info(1 pgs e194449:22.4aa) v4 -7271>
2014-08-13 16:24:15.081250 7fd93dff0700 5 -- op tracker -- , seq: 769, time:
2014-08-13 16:24:15.081250, event: started, request: pg_info(1 pgs e194449:22.4aa) v4 -7270>
2014-08-13 16:24:15.081284 7fd93dff0700 5 -- op tracker -- , seq: 769, time:
2014-08-13 16:24:15.081284, event: done, request: pg_info(1 pgs e194449:22.4aa) v4 -7269>
2014-08-13 16:24:15.315161 7fd93c1ed700 1 -- 192.168.100.115:6806/25220 <== osd.45 192.168.1.112:0/6040 6 ==== osd_ping(ping e194449 stamp
2014-08-13 16:24:15.315096) v2 ==== 47+0+0 (2521481291 0 0) 0x775bd40 con 0x7edcba0 -7268>
2014-08-13 16:24:15.315185 7fd93adeb700 1 -- 192.168.1.115:6817/25220 <== osd.45 192.168.1.112:0/6040 6 ==== osd_ping(ping e194449 stamp
2014-08-13 16:24:15.315096) v2 ==== 47+0+0 (2521481291 0 0) 0x775f8c0 con 0x7edac00 -7267>
2014-08-13 16:24:15.315240 7fd93c1ed700 1 -- 192.168.100.115:6806/25220 --> 192.168.1.112:0/6040 -- osd_ping(ping_reply e194449 stamp
2014-08-13 16:24:15.315096) v2 -- ?+0 0x9281340 con 0x7edcba0 -7266>
2014-08-13 16:24:15.315340 7fd93adeb700 1 -- 192.168.1.115:6817/25220 --> 192.168.1.112:0/6040 -- osd_ping(ping_reply e194449 stamp
2014-08-13 16:24:15.315096) v2 -- ?+0 0x775aa00 con 0x7edac00 -7265>
2014-08-13 16:24:15.333329 7fd93adeb700 1 -- 192.168.1.115:6817/25220 <== osd.30 192.168.100.107:0/55491 3 ==== osd_ping(ping e194449 stamp
2014-08-13 16:24:15.332837) v2 ==== 47+0+0 (12478672 0 0) 0x8eeb800 con 0x7eda100 -7264>
2014-08-13 16:24:15.333369 7fd93adeb700 1 -- 192.168.1.115:6817/25220 --> 192.168.100.107:0/55491 -- osd_ping(ping_reply e194449 stamp
2014-08-13 16:24:15.332837) v2 -- ?+0 0x775f8c0 con 0x7eda100 -7263>
2014-08-13 16:24:15.333359 7fd93c1ed700 1 -- 192.168.100.115:6806/25220 <== osd.30 192.168.100.107:0/55491 3 ==== osd_ping(ping e194449 stamp
2014-08-13 16:24:15.332837) v2 ==== 47+0+0 (12478672 0 0) 0x775e580 con 0x7edc0a0 -7262>
2014-08-13 16:24:15.333401 7fd93c1ed700 1 -- 192.168.100.115:6806/25220 --> 192.168.100.107:0/55491 -- osd_ping(ping_reply e194449 stamp
2014-08-13 16:24:15.332837) v2 -- ?+0 0x775bd40 con 0x7edc0a0 -7261>
2014-08-13 16:24:15.346266 7fd93c1ed700 1 -- 192.168.100.115:6806/25220 <== osd.371 192.168.100.102:0/16753 6 ==== osd_ping(ping e194449 stamp
2014-08-13 16:24:15.346144) v2 ==== 47+0+0 (3060446081 0 0) 0x81c7700 con 0x7ed8dc0 -7260>
2014-08-13 16:24:15.346297 7fd93adeb700 1 -- 192.168.1.115:6817/25220 <== osd.371 192.168.100.102:0/16753 6 ==== osd_ping(ping e194449 stamp
2014-08-13 16:24:15.346144) v2 ==== 47+0+0 (3060446081 0 0) 0x81c4b40 con 0x7ebee00 -7259>
2014-08-13 16:24:15.346321 7fd93c1ed700 1 -- 192.168.100.115:6806/25220 --> 192.168.100.102:0/16753 -- osd_ping(ping_reply e194449 stamp
2014-08-13 16:24:15.346144) v2 -- ?+0 0x775e580 con 0x7ed8dc0 -7258>
2014-08-13 16:24:15.346442 7fd93adeb700 1 -- 192.168.1.115:6817/25220 --> 192.168.100.102:0/16753 -- osd_ping(ping_reply e194449 stamp
2014-08-13 16:24:15.346144) v2 -- ?+0 0x8eeb800 con 0x7ebee00 -7257>
2014-08-13 16:24:15.616312 7fd93c1ed700 1 -- 192.168.100.115:6806/25220 <== osd.320 192.168.1.106:0/10050 4 ==== osd_ping(ping e194449 stamp
2014-08-13 16:24:15.615898) v2 ==== 47+0+0 (3146948533 0 0) 0x92871c0 con 0x7ab9ce0 -7256>
2014-08-13 16:24:15.616348 7fd93c1ed700 1 -- 192.168.100.115:6806/25220 --> 192.168.1.106:0/10050 -- osd_ping(ping_reply e194449 stamp
2014-08-13 16:24:15.615898) v2 -- ?+0 0x81c7700 con 0x7ab9ce0 -7255>
2014-08-13 16:24:15.616359 7fd93adeb700 1 -- 192.168.1.115:6817/25220 <== osd.320 192.168.1.106:0/10050 4 ==== osd_ping(ping e194449 stamp
2014-08-13 16:24:15.615898) v2 ==== 47+0+0 (3146948533 0 0) 0x9284ec0 con 0x7ab9a20 -7254>
2014-08-13 16:24:15.616387 7fd93adeb700 1 -- 192.168.1.115:6817/25220 --> 192.168.1.106:0/10050 -- osd_ping(ping_reply e194449 stamp
2014-08-13 16:24:15.615898) v2 -- ?+0 0x81c4b40 con 0x7ab9a20 -7253>
2014-08-13 16:24:15.643911 7fd93adeb700 1 -- 192.168.1.115:6817/25220 <== osd.334 192.168.1.104:0/62751 5 ==== osd_ping(ping e194449 stamp
2014-08-13 16:24:15.643973) v2 ==== 47+0+0 (925733172 0 0) 0x8c896c0 con 0x7d286e0 -7252>
2014-08-13 16:24:15.643932 7fd93c1ed700 1 -- 192.168.100.115:6806/25220 <== osd.334 192.168.1.104:0/62751 5 ==== osd_ping(ping e194449 stamp
2014-08-13 16:24:15.643973) v2 ==== 47+0+0 (925733172 0 0) 0x7d07700 con 0x7caf0c0 -7251>
2014-08-13 16:24:15.643941 7fd93adeb700 1 -- 192.168.1.115:6817/25220 --> 192.168.1.104:0/62751 -- osd_ping(ping_reply e194449 stamp
2014-08-13 16:24:15.643973) v2 -- ?+0 0x9284ec0 con 0x7d286e0 -7250>
2014-08-13 16:24:15.644029 7fd93c1ed700 1 -- 192.168.100.115:6806/25220 --> 192.168.1.104:0/62751 -- osd_ping(ping_reply e194449 stamp
2014-08-13 16:24:15.643973) v2 -- ?+0 0x92871c0 con 0x7caf0c0 -7249>
2014-08-13 16:24:15.720918 7fd93adeb700 1 -- 192.168.1.115:6817/25220 <== osd.304 192.168.100.101:0/22782 6 ==== osd_ping(ping e194449 stamp
2014-08-13 16:24:15.720752) v2 ==== 47+0+0 (2693454902 0 0) 0x81c2680 con 0x7edb180 -7248>
2014-08-13 16:24:15.720962 7fd93c1ed700 1 -- 192.168.100.115:6806/25220 <== osd.304 192.168.100.101:0/22782 6 ==== osd_ping(ping e194449 stamp
2014-08-13 16:24:15.720752) v2 ==== 47+0+0 (2693454902 0 0) 0x8eefa80 con 0x7ed82c0 -7247>
2014-08-13 16:24:15.720971 7fd93adeb700 1 -- 192.168.1.115:6817/25220 --> 192.168.100.101:0/22782 -- osd_ping(ping_reply e194449 stamp
2014-08-13 16:24:15.720752) v2 -- ?+0 0x8c896c0 con 0x7edb180 -7246>
2014-08-13 16:24:15.721004 7fd93c1ed700 1 -- 192.168.100.115:6806/25220 --> 192.168.100.101:0/22782 -- osd_ping(ping_reply e194449 stamp
2014-08-13 16:24:15.720752) v2 -- ?+0 0x7d07700 con 0x7ed82c0 -7245>
2014-08-13 16:24:15.761325 7fd93dff0700 1 -- 192.168.1.115:6813/25220 <== osd.373 192.168.1.108:6840/7435 22 ==== osd_sub_op(unknown.0.0:0 22.1fb 0//0//-1 [scrub-reserve] v 0'0 snapset=0=[]:[] snapc=0=[]) v10 ==== 1145+0+0 (1493162489 0 0) 0x863b700 con 0x51135a0 -7244>
2014-08-13 16:24:15.761380 7fd93dff0700 5 -- op tracker -- , seq: 770, time:
2014-08-13 16:24:15.761043, event: header_read, request: osd_sub_op(unknown.0.0:0 22.1fb 0//0//-1 [scrub-reserve] v 0'0 snapset=0=[]:[] snapc=0=[]) v10 -7243>
2014-08-13 16:24:15.761396 7fd93dff0700 5 -- op tracker -- , seq: 770, time:
2014-08-13 16:24:15.761048, event: throttled, request: osd_sub_op(unknown.0.0:0 22.1fb 0//0//-1 [scrub-reserve] v 0'0 snapset=0=[]:[] snapc=0=[]) v10 -7242>
2014-08-13 16:24:15.761406 7fd93dff0700 5 -- op tracker -- , seq: 770, time:
2014-08-13 16:24:15.761210, event: all_read, request: osd_sub_op(unknown.0.0:0 22.1fb 0//0//-1 [scrub-reserve] v 0'0 snapset=0=[]:[] snapc=0=[]) v10 -7241>
2014-08-13 16:24:15.761416 7fd93dff0700 5 -- op tracker -- , seq: 770, time:
2014-08-13 16:24:15.761371, event: dispatched, request: osd_sub_op(unknown.0.0:0 22.1fb 0//0//-1 [scrub-reserve] v 0'0 snapset=0=[]:[] snapc=0=[]) v10 -7240>
2014-08-13 16:24:15.761431 7fd93dff0700 5 -- op tracker -- , seq: 770, time:
2014-08-13 16:24:15.761431, event: waiting_for_osdmap, request: osd_sub_op(unknown.0.0:0 22.1fb 0//0//-1 [scrub-reserve] v 0'0 snapset=0=[]:[] snapc=0=[]) v10 -7239>
2014-08-13 16:24:15.761546 7fd9371e5700 5 -- op tracker -- , seq: 770, time:
2014-08-13 16:24:15.761545, event: reached_pg, request: osd_sub_op(unknown.0.0:0 22.1fb 0//0//-1 [scrub-reserve] v 0'0 snapset=0=[]:[] snapc=0=[]) v10 -7238>
2014-08-13 16:24:15.761589 7fd9371e5700 5 -- op tracker -- , seq: 770, time:
2014-08-13 16:24:15.761589, event: started, request: osd_sub_op(unknown.0.0:0 22.1fb 0//0//-1 [scrub-reserve] v 0'0 snapset=0=[]:[] snapc=0=[]) v10 -7237>
2014-08-13 16:24:15.761609 7fd9371e5700 1 -- 192.168.1.115:6813/25220 --> 192.168.1.108:6840/7435 -- osd_sub_op_reply(unknown.0.0:0 22.1fb 0//0//-1 [scrub-reserve] ack, result = 0) v2 -- ?+1 0x8d46680 con 0x51135a0 -7236>
2014-08-13 16:24:15.761639 7fd9371e5700 5 -- op tracker -- , seq: 770, time:
2014-08-13 16:24:15.761638, event: done, request: osd_sub_op(unknown.0.0:0 22.1fb 0//0//-1 [scrub-reserve] v 0'0 snapset=0=[]:[] snapc=0=[]) v10 -7235>
2014-08-13 16:24:15.765564 7fd93dff0700 1 -- 192.168.1.115:6813/25220 <== osd.373 192.168.1.108:6840/7435 23 ==== replica scrub(pg: 22.1fb,from:0'0,to:194215'522,epoch:194449,start:0//0//-1,end:66e8b9fb//0//-1,chunky:1,deep:0,version:5) v5 ==== 126+0+0 (2471566580 0 0) 0x859dc40 con 0x51135a0 -7234>
2014-08-13 16:24:15.810384 7fd93c1ed700 1 -- 192.168.100.115:6806/25220 <== osd.346 192.168.100.104:0/2308 5 ==== osd_ping(ping e194449 stamp
2014-08-13 16:24:15.810333) v2 ==== 47+0+0 (1579989887 0 0) 0x8c8e740 con 0x7d2a260 -7233>
2014-08-13 16:24:15.810436 7fd93c1ed700 1 -- 192.168.100.115:6806/25220 --> 192.168.100.104:0/2308 -- osd_ping(ping_reply e194449 stamp
2014-08-13 16:24:15.810333) v2 -- ?+0 0x8eefa80 con 0x7d2a260 -7232>
2014-08-13 16:24:15.810491 7fd93adeb700 1 -- 192.168.1.115:6817/25220 <== osd.346 192.168.100.104:0/2308 5 ==== osd_ping(ping e194449 stamp
2014-08-13 16:24:15.810333) v2 ==== 47+0+0 (1579989887 0 0) 0x87e78c0 con 0x7d28160 -7231>
2014-08-13 16:24:15.810543 7fd93adeb700 1 -- 192.168.1.115:6817/25220 --> 192.168.100.104:0/2308 -- osd_ping(ping_reply e194449 stamp
2014-08-13 16:24:15.810333) v2 -- ?+0 0x81c2680 con 0x7d28160 -7230>
2014-08-13 16:24:15.840139 7fd9353e2700 1 -- 192.168.1.115:6813/25220 --> 192.168.1.108:6840/7435 -- osd_sub_op(unknown.0.0:0 22.1fb 0//0//-1 [scrub-map] v 0'0 snapset=0=[]:[] snapc=0=[]) v10 -- ?+11497 0x7ec8b00 con 0x51135a0 -7229>
2014-08-13 16:24:15.852947 7fd9385e7700 10 monclient: tick -7228>
2014-08-13 16:24:15.852972 7fd9385e7700 10 monclient: _check_auth_rotating have uptodate secrets (they expire after
2014-08-13 16:23:45.852969) -7227>
2014-08-13 16:24:15.852985 7fd9385e7700 10 monclient: renew subs? (now:
2014-08-13 16:24:15.852985; renew after:
2014-08-13 16:26:33.460427) -- no -7226>
2014-08-13 16:24:15.853001 7fd9385e7700 10 log_queue is 2 last_log 2 sent 0 num 2 unsent 2 sending 2 -7225>
2014-08-13 16:24:15.853008 7fd9385e7700 10 will send
2014-08-13 16:24:07.081392 osd.4 192.168.100.115:6805/25220 1 : [WRN] pg 24.181 has invalid (post-split) stats; must scrub before tier agent can activate -7224>
2014-08-13 16:24:15.853047 7fd9385e7700 10 will send
2014-08-13 16:24:07.083929 osd.4 192.168.100.115:6805/25220 2 : [WRN] pg 24.1bb has invalid (post-split) stats; must scrub before tier agent can activate -7223>
2014-08-13 16:24:15.853059 7fd9385e7700 10 monclient: _send_mon_message to mon.storage0113-ib at 192.168.100.113:6789/0 -7222>
2014-08-13 16:24:15.853064 7fd9385e7700 1 -- 192.168.100.115:6805/25220 --> 192.168.100.113:6789/0 -- log(2 entries) v1 -- ?+0 0x7cf72c0 con 0x4e3dd80 -7221>
2014-08-13 16:24:15.854343 7fd94ac49700 5 osd.4 194449 tick -7220>
2014-08-13 16:24:15.858353 7fd93c1ed700 1 -- 192.168.100.115:6806/25220 <== osd.337 192.168.1.104:0/62197 4 ==== osd_ping(ping e194449 stamp
2014-08-13 16:24:15.858360) v2 ==== 47+0+0 (2008368855 0 0) 0x80dbb80 con 0x7ebd6a0 -7219>
2014-08-13 16:24:15.858406 7fd93c1ed700 1 -- 192.168.100.115:6806/25220 --> 192.168.1.104:0/62197 -- osd_ping(ping_reply e194449 stamp
2014-08-13 16:24:15.858360) v2 -- ?+0 0x8c8e740 con 0x7ebd6a0 -7218>
2014-08-13 16:24:15.858403 7fd93adeb700 1 -- 192.168.1.115:6817/25220 <== osd.337 192.168.1.104:0/62197 4 ==== osd_ping(ping e194449 stamp
2014-08-13 16:24:15.858360) v2 ==== 47+0+0 (2008368855 0 0) 0x87e4ec0 con 0x7ebc0a0 -7217>
2014-08-13 16:24:15.858457 7fd93adeb700 1 -- 192.168.1.115:6817/25220 --> 192.168.1.104:0/62197 -- osd_ping(ping_reply e194449 stamp
2014-08-13 16:24:15.858360) v2 -- ?+0 0x87e78c0 con 0x7ebc0a0 -7216>
2014-08-13 16:24:15.877899 7fd93dff0700 1 -- 192.168.1.115:6813/25220 <== osd.373 192.168.1.108:6840/7435 24 ==== replica scrub(pg: 22.1fb,from:0'0,to:192888'489,epoch:194449,start:66e8b9fb//0//-1,end:MAX,chunky:1,deep:0,version:5) v5 ==== 126+0+0 (2710380830 0 0) 0x7cf6e40 con 0x51135a0 -7215>
2014-08-13 16:24:15.884268 7fd9353e2700 1 -- 192.168.1.115:6813/25220 --> 192.168.1.108:6840/7435 -- osd_sub_op(unknown.0.0:0 22.1fb 0//0//-1 [scrub-map] v 0'0 snapset=0=[]:[] snapc=0=[]) v10 -- ?+1884 0x86de300 con 0x51135a0 -7214>
2014-08-13 16:24:15.912050 7fd93dff0700 1 -- 192.168.1.115:6813/25220 <== osd.373 192.168.1.108:6840/7435 25 ==== osd_sub_op(unknown.0.0:0 22.1fb 0//0//-1 [scrub-unreserve] v 0'0 snapset=0=[]:[] snapc=0=[]) v10 ==== 1145+0+0 (3383626332 0 0) 0x86de300 con 0x51135a0 -7213>
2014-08-13 16:24:15.912106 7fd93dff0700 5 -- op tracker -- , seq: 771, time:
2014-08-13 16:24:15.911837, event: header_read, request: osd_sub_op(unknown.0.0:0 22.1fb 0//0//-1 [scrub-unreserve] v 0'0 snapset=0=[]:[] snapc=0=[]) v10 -7212>
2014-08-13 16:24:15.912122 7fd93dff0700 5 -- op tracker -- , seq: 771, time:
2014-08-13 16:24:15.911840, event: throttled, request: osd_sub_op(unknown.0.0:0 22.1fb 0//0//-1 [scrub-unreserve] v 0'0 snapset=0=[]:[] snapc=0=[]) v10 -7211>
2014-08-13 16:24:15.912132 7fd93dff0700 5 -- op tracker -- , seq: 771, time:
2014-08-13 16:24:15.911965, event: all_read, request: osd_sub_op(unknown.0.0:0 22.1fb 0//0//-1 [scrub-unreserve] v 0'0 snapset=0=[]:[] snapc=0=[]) v10 -7210>
2014-08-13 16:24:15.912142 7fd93dff0700 5 -- op tracker -- , seq: 771, time:
2014-08-13 16:24:15.912099, event: dispatched, request: osd_sub_op(unknown.0.0:0 22.1fb 0//0//-1 [scrub-unreserve] v 0'0 snapset=0=[]:[] snapc=0=[]) v10 -7209>
2014-08-13 16:24:15.912174 7fd93dff0700 5 -- op tracker -- , seq: 771, time:
2014-08-13 16:24:15.912173, event: waiting_for_osdmap, request: osd_sub_op(unknown.0.0:0 22.1fb 0//0//-1 [scrub-unreserve] v 0'0 snapset=0=[]:[] snapc=0=[]) v10 -7208>
2014-08-13 16:24:15.912210 7fd93dff0700 1 -- 192.168.1.115:6813/25220 <== osd.373 192.168.1.108:6840/7435 26 ==== pg_info(1 pgs e194449:22.1fb) v4 ==== 714+0+0 (4174713179 0 0) 0x9281a40 con 0x51135a0 -7207>
2014-08-13 16:24:15.912231 7fd93dff0700 5 -- op tracker -- , seq: 772, time:
2014-08-13 16:24:15.911999, event: header_read, request: pg_info(1 pgs e194449:22.1fb) v4 -7206>
2014-08-13 16:24:15.912238 7fd93dff0700 5 -- op tracker -- , seq: 772, time:
2014-08-13 16:24:15.912000, event: throttled, request: pg_info(1 pgs e194449:22.1fb) v4 -7205>
2014-08-13 16:24:15.912244 7fd93dff0700 5 -- op tracker -- , seq: 772, time:
2014-08-13 16:24:15.912079, event: all_read, request: pg_info(1 pgs e194449:22.1fb) v4 -7204>
2014-08-13 16:24:15.912249 7fd93dff0700 5 -- op tracker -- , seq: 772, time:
2014-08-13 16:24:15.912229, event: dispatched, request: pg_info(1 pgs e194449:22.1fb) v4 -7203>
2014-08-13 16:24:15.912260 7fd93dff0700 5 -- op tracker -- , seq: 772, time:
2014-08-13 16:24:15.912260, event: waiting_for_osdmap, request: pg_info(1 pgs e194449:22.1fb) v4 -7202>
2014-08-13 16:24:15.912272 7fd93dff0700 5 -- op tracker -- , seq: 772, time:
2014-08-13 16:24:15.912272, event: started, request: pg_info(1 pgs e194449:22.1fb) v4 -7201>
2014-08-13 16:24:15.912288 7fd9367e4700 5 -- op tracker -- , seq: 771, time:
2014-08-13 16:24:15.912253, event: reached_pg, request: osd_sub_op(unknown.0.0:0 22.1fb 0//0//-1 [scrub-unreserve] v 0'0 snapset=0=[]:[] snapc=0=[]) v10 -7200>
2014-08-13 16:24:15.912333 7fd9367e4700 5 -- op tracker -- , seq: 771, time:
2014-08-13 16:24:15.912333, event: started, request: osd_sub_op(unknown.0.0:0 22.1fb 0//0//-1 [scrub-unreserve] v 0'0 snapset=0=[]:[] snapc=0=[]) v10 -7199>
2014-08-13 16:24:15.912353 7fd9367e4700 5 -- op tracker -- , seq: 771, time:
2014-08-13 16:24:15.912352, event: done, request: osd_sub_op(unknown.0.0:0 22.1fb 0//0//-1 [scrub-unreserve] v 0'0 snapset=0=[]:[] snapc=0=[]) v10 -7198>
2014-08-13 16:24:15.912422 7fd93dff0700 5 -- op tracker -- , seq: 772, time:
2014-08-13 16:24:15.912421, event: done, request: pg_info(1 pgs e194449:22.1fb) v4 -7197>
2014-08-13 16:24:15.914144 7fd93f3f2700 1 -- 192.168.100.115:6805/25220 <== mon.2 192.168.100.113:6789/0 23 ==== log(last 2) v1 ==== 24+0+0 (3957342332 0 0) 0x8db0380 con 0x4e3dd80 -7196>
2014-08-13 16:24:15.914188 7fd93f3f2700 10 handle_log_ack log(last 2) v1 -7195>
2014-08-13 16:24:15.914197 7fd93f3f2700 10 logged
2014-08-13 16:24:07.081392 osd.4 192.168.100.115:6805/25220 1 : [WRN] pg 24.181 has invalid (post-split) stats; must scrub before tier agent can activate -7194>
2014-08-13 16:24:15.914217 7fd93f3f2700 10 logged
2014-08-13 16:24:07.083929 osd.4 192.168.100.115:6805/25220 2 : [WRN] pg 24.1bb has invalid (post-split) stats; must scrub before tier agent can activate -7193>
2014-08-13 16:24:15.990456 7fd93adeb700 1 -- 192.168.1.115:6817/25220 <== osd.323 192.168.100.106:0/8118 5 ==== osd_ping(ping e194449 stamp
2014-08-13 16:24:15.989844) v2 ==== 47+0+0 (3003323037 0 0) 0x80da4c0 con 0x7d2ac00 -7192>
2014-08-13 16:24:15.990481 7fd93c1ed700 1 -- 192.168.100.115:6806/25220 <== osd.323 192.168.100.106:0/8118 5 ==== osd_ping(ping e194449 stamp
2014-08-13 16:24:15.989844) v2 ==== 47+0+0 (3003323037 0 0) 0x8c8a680 con 0x7d2c360 -7191>
2014-08-13 16:24:15.990512 7fd93adeb700 1 -- 192.168.1.115:6817/25220 --> 192.168.100.106:0/8118 -- osd_ping(ping_reply e194449 stamp
2014-08-13 16:24:15.989844) v2 -- ?+0 0x87e4ec0 con 0x7d2ac00 -7190>
2014-08-13 16:24:15.990564 7fd93c1ed700 1 -- 192.168.100.115:6806/25220 --> 192.168.100.106:0/8118 -- osd_ping(ping_reply e194449 stamp
2014-08-13 16:24:15.989844) v2 -- ?+0 0x80dbb80 con 0x7d2c360 -7189>
2014-08-13 16:24:15.993241 7fd93dff0700 1 -- 192.168.1.115:6813/25220 <== osd.358 192.168.1.114:6824/52078 15 ==== osd_sub_op(unknown.0.0:0 22.2d1 0//0//-1 [scrub-reserve] v 0'0 snapset=0=[]:[] snapc=0=[]) v10 ==== 1145+0+0 (1487161271 0 0) 0x863d800 con 0x50b9a20 -7188>
2014-08-13 16:24:15.993292 7fd93dff0700 5 -- op tracker -- , seq: 773, time:
2014-08-13 16:24:15.993032, event: header_read, request: osd_sub_op(unknown.0.0:0 22.2d1 0//0//-1 [scrub-reserve] v 0'0 snapset=0=[]:[] snapc=0=[]) v10 -7187>
2014-08-13 16:24:15.993308 7fd93dff0700 5 -- op tracker -- , seq: 773, time:
2014-08-13 16:24:15.993036, event: throttled, request: osd_sub_op(unknown.0.0:0 22.2d1 0//0//-1 [scrub-reserve] v 0'0 snapset=0=[]:[] snapc=0=[]) v10 -7186>
2014-08-13 16:24:15.993318 7fd93dff0700 5 -- op tracker -- , seq: 773, time:
2014-08-13 16:24:15.993159, event: all_read, request: osd_sub_op(unknown.0.0:0 22.2d1 0//0//-1 [scrub-reserve] v 0'0 snapset=0=[]:[] snapc=0=[]) v10 -7185>
2014-08-13 16:24:15.993327 7fd93dff0700 5 -- op tracker -- , seq: 773, time:
2014-08-13 16:24:15.993286, event: dispatched, request: osd_sub_op(unknown.0.0:0 22.2d1 0//0//-1 [scrub-reserve] v 0'0 snapset=0=[]:[] snapc=0=[]) v10 -7184>
2014-08-13 16:24:15.993345 7fd93dff0700 5 -- op tracker -- , seq: 773, time:
2014-08-13 16:24:15.993345, event: waiting_for_osdmap, request: osd_sub_op(unknown.0.0:0 22.2d1 0//0//-1 [scrub-reserve] v 0'0 snapset=0=[]:[] snapc=0=[]) v10 -7183>
2014-08-13 16:24:15.993447 7fd9371e5700 5 -- op tracker -- , seq: 773, time:
2014-08-13 16:24:15.993447, event: reached_pg, request: osd_sub_op(unknown.0.0:0 22.2d1 0//0//-1 [scrub-reserve] v 0'0 snapset=0=[]:[] snapc=0=[]) v10 -7182>
2014-08-13 16:24:15.993488 7fd9371e5700 5 -- op tracker -- , seq: 773, time:
2014-08-13 16:24:15.993488, event: started, request: osd_sub_op(unknown.0.0:0 22.2d1 0//0//-1 [scrub-reserve] v 0'0 snapset=0=[]:[] snapc=0=[]) v10 -7181>
2014-08-13 16:24:15.993507 7fd9371e5700 1 -- 192.168.1.115:6813/25220 --> 192.168.1.114:6824/52078 -- osd_sub_op_reply(unknown.0.0:0 22.2d1 0//0//-1 [scrub-reserve] ack, result = 0) v2 -- ?+1 0x8003200 con 0x50b9a20 -7180>
2014-08-13 16:24:15.993538 7fd9371e5700 5 -- op tracker -- , seq: 773, time:
2014-08-13 16:24:15.993538, event: done, request: osd_sub_op(unknown.0.0:0 22.2d1 0//0//-1 [scrub-reserve] v 0'0 snapset=0=[]:[] snapc=0=[]) v10 -7179>
2014-08-13 16:24:16.000968 7fd93dff0700 1 -- 192.168.1.115:6813/25220 <== osd.358 192.168.1.114:6824/52078 16 ==== replica scrub(pg: 22.2d1,from:0'0,to:194215'526,epoch:194449,start:0//0//-1,end:ad8a5ad1//0//-1,chunky:1,deep:0,version:5) v5 ==== 126+0+0 (3367477282 0 0) 0x859ec00 con 0x50b9a20 -7178>
2014-08-13 16:24:16.015327 7fd93dff0700 1 -- 192.168.1.115:6813/25220 <== osd.292 192.168.1.113:6812/16056 15 ==== osd_sub_op(unknown.0.0:0 22.3ad 0//0//-1 [scrub-reserve] v 0'0 snapset=0=[]:[] snapc=0=[]) v10 ==== 1145+0+0 (2879098172 0 0) 0x86dc200 con 0x510fd20 -7177>
2014-08-13 16:24:16.015384 7fd93dff0700 5 -- op tracker -- , seq: 774, time:
2014-08-13 16:24:16.015117, event: header_read, request: osd_sub_op(unknown.0.0:0 22.3ad 0//0//-1 [scrub-reserve] v 0'0 snapset=0=[]:[] snapc=0=[]) v10 -7176>
2014-08-13 16:24:16.015400 7fd93dff0700 5 -- op tracker -- , seq: 774, time:
2014-08-13 16:24:16.015120, event: throttled, request: osd_sub_op(unknown.0.0:0 22.3ad 0//0//-1 [scrub-reserve] v 0'0 snapset=0=[]:[] snapc=0=[]) v10 -7175>
2014-08-13 16:24:16.015410 7fd93dff0700 5 -- op tracker -- , seq: 774, time:
2014-08-13 16:24:16.015244, event: all_read, request: osd_sub_op(unknown.0.0:0 22.3ad 0//0//-1 [scrub-reserve] v 0'0 snapset=0=[]:[] snapc=0=[]) v10 -7174>
2014-08-13 16:24:16.015420 7fd93dff0700 5 -- op tracker -- , seq: 774, time:
2014-08-13 16:24:16.015377, event: dispatched, request: osd_sub_op(unknown.0.0:0 22.3ad 0//0//-1 [scrub-reserve] v 0'0 snapset=0=[]:[] snapc=0=[]) v10 -7173>
2014-08-13 16:24:16.015431 7fd93dff0700 5 -- op tracker -- , seq: 774, time:
2014-08-13 16:24:16.015430, event: waiting_for_osdmap, request: osd_sub_op(unknown.0.0:0 22.3ad 0//0//-1 [scrub-reserve] v 0'0 snapset=0=[]:[] snapc=0=[]) v10 -7172>
2014-08-13 16:24:16.015571 7fd9367e4700 5 -- op tracker -- , seq: 774, time:
2014-08-13 16:24:16.015571, event: reached_pg, request: osd_sub_op(unknown.0.0:0 22.3ad 0//0//-1 [scrub-reserve] v 0'0 snapset=0=[]:[] snapc=0=[]) v10 -7171>
2014-08-13 16:24:16.015625 7fd9367e4700 5 -- op tracker -- , seq: 774, time:
2014-08-13 16:24:16.015625, event: started, request: osd_sub_op(unknown.0.0:0 22.3ad 0//0//-1 [scrub-reserve] v 0'0 snapset=0=[]:[] snapc=0=[]) v10 -7170>
2014-08-13 16:24:16.015645 7fd9367e4700 1 -- 192.168.1.115:6813/25220 --> 192.168.1.113:6812/16056 -- osd_sub_op_reply(unknown.0.0:0 22.3ad 0//0//-1 [scrub-reserve] ack, result = 0) v2 -- ?+1 0x8002d00 con 0x510fd20 -7169>
2014-08-13 16:24:16.015679 7fd9367e4700 5 -- op tracker -- , seq: 774, time:
2014-08-13 16:24:16.015679, event: done, request: osd_sub_op(unknown.0.0:0 22.3ad 0//0//-1 [scrub-reserve] v 0'0 snapset=0=[]:[] snapc=0=[]) v10 -7168>
2014-08-13 16:24:16.017026 7fd93dff0700 1 -- 192.168.1.115:6813/25220 <== osd.292 192.168.1.113:6812/16056 16 ==== osd_sub_op(unknown.0.0:0 22.3ad 0//0//-1 [scrub-unreserve] v 0'0 snapset=0=[]:[] snapc=0=[]) v10 ==== 1145+0+0 (986341017 0 0) 0x86dac00 con 0x510fd20 -7167>
2014-08-13 16:24:16.017078 7fd93dff0700 5 -- op tracker -- , seq: 775, time:
2014-08-13 16:24:16.016816, event: header_read, request: osd_sub_op(unknown.0.0:0 22.3ad 0//0//-1 [scrub-unreserve] v 0'0 snapset=0=[]:[] snapc=0=[]) v10 -7166>
2014-08-13 16:24:16.017094 7fd93dff0700 5 -- op tracker -- , seq: 775, time:
2014-08-13 16:24:16.016819, event: throttled, request: osd_sub_op(unknown.0.0:0 22.3ad 0//0//-1 [scrub-unreserve] v 0'0 snapset=0=[]:[] snapc=0=[]) v10 -7165>
2014-08-13 16:24:16.017104 7fd93dff0700 5 -- op tracker -- , seq: 775, time:
2014-08-13 16:24:16.016945, event: all_read, request: osd_sub_op(unknown.0.0:0 22.3ad 0//0//-1 [scrub-unreserve] v 0'0 snapset=0=[]:[] snapc=0=[]) v10 -7164>
2014-08-13 16:24:16.017118 7fd93dff0700 5 -- op tracker -- , seq: 775, time:
2014-08-13 16:24:16.017071, event: dispatched, request: osd_sub_op(unknown.0.0:0 22.3ad 0//0//-1 [scrub-unreserve] v 0'0 snapset=0=[]:[] snapc=0=[]) v10 -7163>
2014-08-13 16:24:16.017134 7fd93dff0700 5 -- op tracker -- , seq: 775, time:
2014-08-13 16:24:16.017133, event: waiting_for_osdmap, request: osd_sub_op(unknown.0.0:0 22.3ad 0//0//-1 [scrub-unreserve] v 0'0 snapset=0=[]:[] snapc=0=[]) v10 -7162>
2014-08-13 16:24:16.017257 7fd9371e5700 5 -- op tracker -- , seq: 775, time:
2014-08-13 16:24:16.017257, event: reached_pg, request: osd_sub_op(unknown.0.0:0 22.3ad 0//0//-1 [scrub-unreserve] v 0'0 snapset=0=[]:[] snapc=0=[]) v10 -7161>
2014-08-13 16:24:16.017298 7fd9371e5700 5 -- op tracker -- , seq: 775, time:
2014-08-13 16:24:16.017297, event: started, request: osd_sub_op(unknown.0.0:0 22.3ad 0//0//-1 [scrub-unreserve] v 0'0 snapset=0=[]:[] snapc=0=[]) v10 -7160>
2014-08-13 16:24:16.017313 7fd9371e5700 5 -- op tracker -- , seq: 775, time:
2014-08-13 16:24:16.017313, event: done, request: osd_sub_op(unknown.0.0:0 22.3ad 0//0//-1 [scrub-unreserve] v 0'0 snapset=0=[]:[] snapc=0=[]) v10 -7159>
2014-08-13 16:24:16.048662 7fd9353e2700 1 -- 192.168.1.115:6813/25220 --> 192.168.1.114:6824/52078 -- osd_sub_op(unknown.0.0:0 22.2d1 0//0//-1 [scrub-map] v 0'0 snapset=0=[]:[] snapc=0=[]) v10 -- ?+11513 0x863d800 con 0x50b9a20 -7158>
2014-08-13 16:24:16.053390 7fd93dff0700 1 -- 192.168.1.115:6813/25220 <== osd.328 192.168.1.104:6812/64303 14 ==== osd_sub_op(unknown.0.0:0 22.1a0 0//0//-1 [scrub-reserve] v 0'0 snapset=0=[]:[] snapc=0=[]) v10 ==== 1145+0+0 (4136492510 0 0) 0x86dee00 con 0x4fe3700 -7157>
2014-08-13 16:24:16.053441 7fd93dff0700 5 -- op tracker -- , seq: 776, time:
2014-08-13 16:24:16.053199, event: header_read, request: osd_sub_op(unknown.0.0:0 22.1a0 0//0//-1 [scrub-reserve] v 0'0 snapset=0=[]:[] snapc=0=[]) v10 -7156>
2014-08-13 16:24:16.053457 7fd93dff0700 5 -- op tracker -- , seq: 776, time:
2014-08-13 16:24:16.053203, event: throttled, request: osd_sub_op(unknown.0.0:0 22.1a0 0//0//-1 [scrub-reserve] v 0'0 snapset=0=[]:[] snapc=0=[]) v10 -7155>
2014-08-13 16:24:16.053467 7fd93dff0700 5 -- op tracker -- , seq: 776, time:
2014-08-13 16:24:16.053306, event: all_read, request: osd_sub_op(unknown.0.0:0 22.1a0 0//0//-1 [scrub-reserve] v 0'0 snapset=0=[]:[] snapc=0=[]) v10 -7154>
2014-08-13 16:24:16.053480 7fd93dff0700 5 -- op tracker -- , seq: 776, time:
2014-08-13 16:24:16.053435, event: dispatched, request: osd_sub_op(unknown.0.0:0 22.1a0 0//0//-1 [scrub-reserve] v 0'0 snapset=0=[]:[] snapc=0=[]) v10 -7153>
2014-08-13 16:24:16.053491 7fd93dff0700 5 -- op tracker -- , seq: 776, time:
2014-08-13 16:24:16.053491, event: waiting_for_osdmap, request: osd_sub_op(unknown.0.0:0 22.1a0 0//0//-1 [scrub-reserve] v 0'0 snapset=0=[]:[] snapc=0=[]) v10 -7152>
2014-08-13 16:24:16.053611 7fd9367e4700 5 -- op tracker -- , seq: 776, time:
2014-08-13 16:24:16.053611, event: reached_pg, request: osd_sub_op(unknown.0.0:0 22.1a0 0//0//-1 [scrub-reserve] v 0'0 snapset=0=[]:[] snapc=0=[]) v10 -7151>
2014-08-13 16:24:16.053653 7fd9367e4700 5 -- op tracker -- , seq: 776, time:
2014-08-13 16:24:16.053652, event: started, request: osd_sub_op(unknown.0.0:0 22.1a0 0//0//-1 [scrub-reserve] v 0'0 snapset=0=[]:[] snapc=0=[]) v10 -7150>
2014-08-13 16:24:16.053671 7fd9367e4700 1 -- 192.168.1.115:6813/25220 --> 192.168.1.104:6812/64303 -- osd_sub_op_reply(unknown.0.0:0 22.1a0 0//0//-1 [scrub-reserve] ack, result = 0) v2 -- ?+1 0x8002a80 con 0x4fe3700 -7149>
2014-08-13 16:24:16.053700 7fd9367e4700 5 -- op tracker -- , seq: 776, time:
2014-08-13 16:24:16.053700, event: done, request: osd_sub_op(unknown.0.0:0 22.1a0 0//0//-1 [scrub-reserve] v 0'0 snapset=0=[]:[] snapc=0=[]) v10 -7148>
2014-08-13 16:24:16.055297 7fd93dff0700 1 -- 192.168.1.115:6813/25220 <== osd.328 192.168.1.104:6812/64303 15 ==== osd_sub_op(unknown.0.0:0 22.1a0 0//0//-1 [scrub-unreserve] v 0'0 snapset=0=[]:[] snapc=0=[]) v10 ==== 1145+0+0 (1742474875 0 0) 0x86d9600 con 0x4fe3700 -7147>
2014-08-13 16:24:16.055358 7fd93dff0700 5 -- op tracker -- , seq: 777, time:
2014-08-13 16:24:16.055079, event: header_read, request: osd_sub_op(unknown.0.0:0 22.1a0 0//0//-1 [scrub-unreserve] v 0'0 snapset=0=[]:[] snapc=0=[]) v10 -7146>
2014-08-13 16:24:16.055375 7fd93dff0700 5 -- op tracker -- , seq: 777, time:
2014-08-13 16:24:16.055082, event: throttled, request: osd_sub_op(unknown.0.0:0 22.1a0 0//0//-1 [scrub-unreserve] v 0'0 snapset=0=[]:[] snapc=0=[]) v10 -7145>
2014-08-13 16:24:16.055386 7fd93dff0700 5 -- op tracker -- , seq: 777, time:
2014-08-13 16:24:16.055214, event: all_read, request: osd_sub_op(unknown.0.0:0 22.1a0 0//0//-1 [scrub-unreserve] v 0'0 snapset=0=[]:[] snapc=0=[]) v10 -7144>
2014-08-13 16:24:16.055396 7fd93dff0700 5 -- op tracker -- , seq: 777, time:
2014-08-13 16:24:16.055346, event: dispatched, request: osd_sub_op(unknown.0.0:0 22.1a0 0//0//-1 [scrub-unreserve] v 0'0 snapset=0=[]:[] snapc=0=[]) v10 -7143>
2014-08-13 16:24:16.055411 7fd93dff0700 5 -- op tracker -- , seq: 777, time:
2014-08-13 16:24:16.055411, event: waiting_for_osdmap, request: osd_sub_op(unknown.0.0:0 22.1a0 0//0//-1 [scrub-unreserve] v 0'0 snapset=0=[]:[] snapc=0=[]) v10 -7142>
2014-08-13 16:24:16.055470 7fd9371e5700 5 -- op tracker -- , seq: 777, time:
2014-08-13 16:24:16.055469, event: reached_pg, request: osd_sub_op(unknown.0.0:0 22.1a0 0//0//-1 [scrub-unreserve] v 0'0 snapset=0=[]:[] snapc=0=[]) v10 -7141>
2014-08-13 16:24:16.055507 7fd9371e5700 5 -- op tracker -- , seq: 777, time:
2014-08-13 16:24:16.055507, event: started, request: osd_sub_op(unknown.0.0:0 22.1a0 0//0//-1 [scrub-unreserve] v 0'0 snapset=0=[]:[] snapc=0=[]) v10 -7140>
2014-08-13 16:24:16.055522 7fd9371e5700 5 -- op tracker -- , seq: 777, time:
2014-08-13 16:24:16.055522, event: done, request: osd_sub_op(unknown.0.0:0 22.1a0 0//0//-1 [scrub-unreserve] v 0'0 snapset=0=[]:[] snapc=0=[]) v10 -7139>
2014-08-13 16:24:16.088503 7fd93dff0700 1 -- 192.168.1.115:6813/25220 <== osd.358 192.168.1.114:6824/52078 17 ==== replica scrub(pg: 22.2d1,from:0'0,to:194215'525,epoch:194449,start:ad8a5ad1//0//-1,end:MAX,chunky:1,deep:0,version:5) v5 ==== 126+0+0 (898857157 0 0) 0x859e9c0 con 0x50b9a20 -7138>
2014-08-13 16:24:16.092955 7fd9353e2700 1 -- 192.168.1.115:6813/25220 --> 192.168.1.114:6824/52078 -- osd_sub_op(unknown.0.0:0 22.2d1 0//0//-1 [scrub-map] v 0'0 snapset=0=[]:[] snapc=0=[]) v10 -- ?+5476 0x863d800 con 0x50b9a20 -7137>
2014-08-13 16:24:16.103954 7fd93c1ed700 1 -- 192.168.100.115:6806/25220 <== osd.58 192.168.1.111:0/14316 3 ==== osd_ping(ping e194449 stamp
2014-08-13 16:24:16.103492) v2 ==== 47+0+0 (2438292156 0 0) 0x8eed940 con 0x7edc8e0 -7136>
2014-08-13 16:24:16.104009 7fd93c1ed700 1 -- 192.168.100.115:6806/25220 --> 192.168.1.111:0/14316 -- osd_ping(ping_reply e194449 stamp
2014-08-13 16:24:16.103492) v2 -- ?+0 0x8c8a680 con 0x7edc8e0 -7135>
2014-08-13 16:24:16.104047 7fd93adeb700 1 -- 192.168.1.115:6817/25220 <== osd.58 192.168.1.111:0/14316 3 ==== osd_ping(ping e194449 stamp
2014-08-13 16:24:16.103492) v2 ==== 47+0+0 (2438292156 0 0) 0x8c8c600 con 0x7eda940 -7134>
2014-08-13 16:24:16.104088 7fd93adeb700 1 -- 192.168.1.115:6817/25220 --> 192.168.1.111:0/14316 -- osd_ping(ping_reply e194449 stamp
2014-08-13 16:24:16.103492) v2 -- ?+0 0x80da4c0 con 0x7eda940 -7133>
2014-08-13 16:24:16.108536 7fd93c1ed700 1 -- 192.168.100.115:6806/25220 <== osd.364 192.168.100.114:0/52317 4 ==== osd_ping(ping e194449 stamp
2014-08-13 16:24:16.108546) v2 ==== 47+0+0 (1061598446 0 0) 0x87e4ec0 con 0x7ed9080 -7132>
2014-08-13 16:24:16.108544 7fd93adeb700 1 -- 192.168.1.115:6817/25220 <== osd.364 192.168.100.114:0/52317 4 ==== osd_ping(ping e194449 stamp
2014-08-13 16:24:16.108546) v2 ==== 47+0+0 (1061598446 0 0) 0x7d01a40 con 0x7ebf0c0 -7131>
2014-08-13 16:24:16.108572 7fd93c1ed700 1 -- 192.168.100.115:6806/25220 --> 192.168.100.114:0/52317 -- osd_ping(ping_reply e194449 stamp
2014-08-13 16:24:16.108546) v2 -- ?+0 0x8eed940 con 0x7ed9080 -7130>
2014-08-13 16:24:16.108766 7fd93adeb700 1 -- 192.168.1.115:6817/25220 --> 192.168.100.114:0/52317 -- osd_ping(ping_reply e194449 stamp
2014-08-13 16:24:16.108546) v2 -- ?+0 0x8c8c600 con 0x7ebf0c0 -7129>
2014-08-13 16:24:16.129253 7fd93dff0700 1 -- 192.168.1.115:6813/25220 <== osd.358 192.168.1.114:6824/52078 18 ==== osd_sub_op(unknown.0.0:0 22.2d1 0//0//-1 [scrub-unreserve] v 0'0 snapset=0=[]:[] snapc=0=[]) v10 ==== 1145+0+0 (3388314642 0 0) 0x863d800 con 0x50b9a20 -7128>
2014-08-13 16:24:16.129303 7fd93dff0700 5 -- op tracker -- , seq: 778, time:
2014-08-13 16:24:16.129084, event: header_read, request: osd_sub_op(unknown.0.0:0 22.2d1 0//0//-1 [scrub-unreserve] v 0'0 snapset=0=[]:[] snapc=0=[]) v10 -7127>
2014-08-13 16:24:16.129320 7fd93dff0700 5 -- op tracker -- , seq: 778, time:
2014-08-13 16:24:16.129086, event: throttled, request: osd_sub_op(unknown.0.0:0 22.2d1 0//0//-1 [scrub-unreserve] v 0'0 snapset=0=[]:[] snapc=0=[]) v10 -7126>
2014-08-13 16:24:16.129330 7fd93dff0700 5 -- op tracker -- , seq: 778, time:
2014-08-13 16:24:16.129194, event: all_read, request: osd_sub_op(unknown.0.0:0 22.2d1 0//0//-1 [scrub-unreserve] v 0'0 snapset=0=[]:[] snapc=0=[]) v10 -7125>
2014-08-13 16:24:16.129344 7fd93dff0700 5 -- op tracker -- , seq: 778, time:
2014-08-13 16:24:16.129297, event: dispatched, request: osd_sub_op(unknown.0.0:0 22.2d1 0//0//-1 [scrub-unreserve] v 0'0 snapset=0=[]:[] snapc=0=[]) v10 -7124>
2014-08-13 16:24:16.129359 7fd93dff0700 5 -- op tracker -- , seq: 778, time:
2014-08-13 16:24:16.129359, event: waiting_for_osdmap, request: osd_sub_op(unknown.0.0:0 22.2d1 0//0//-1 [scrub-unreserve] v 0'0 snapset=0=[]:[] snapc=0=[]) v10 -7123>
2014-08-13 16:24:16.129479 7fd9367e4700 5 -- op tracker -- , seq: 778, time:
2014-08-13 16:24:16.129479, event: reached_pg, request: osd_sub_op(unknown.0.0:0 22.2d1 0//0//-1 [scrub-unreserve] v 0'0 snapset=0=[]:[] snapc=0=[]) v10 -7122>
2014-08-13 16:24:16.129513 7fd93dff0700 1 -- 192.168.1.115:6813/25220 <== osd.358 192.168.1.114:6824/52078 19 ==== pg_info(1 pgs e194449:22.2d1) v4 ==== 714+0+0 (487866147 0 0) 0x9102bc0 con 0x50b9a20 -7121>
2014-08-13 16:24:16.129527 7fd9367e4700 5 -- op tracker -- , seq: 778, time:
2014-08-13 16:24:16.129527, event: started, request: osd_sub_op(unknown.0.0:0 22.2d1 0//0//-1 [scrub-unreserve] v 0'0 snapset=0=[]:[] snapc=0=[]) v10 -7120>
2014-08-13 16:24:16.129547 7fd93dff0700 5 -- op tracker -- , seq: 779, time:
2014-08-13 16:24:16.129273, event: header_read, request: pg_info(1 pgs e194449:22.2d1) v4 -7119>
2014-08-13 16:24:16.129560 7fd93dff0700 5 -- op tracker -- , seq: 779, time:
2014-08-13 16:24:16.129281, event: throttled, request: pg_info(1 pgs e194449:22.2d1) v4 -7118>
2014-08-13 16:24:16.129571 7fd93dff0700 5 -- op tracker -- , seq: 779, time:
2014-08-13 16:24:16.129398, event: all_read, request: pg_info(1 pgs e194449:22.2d1) v4 -7117>
2014-08-13 16:24:16.129577 7fd93dff0700 5 -- op tracker -- , seq: 779, time:
2014-08-13 16:24:16.129536, event: dispatched, request: pg_info(1 pgs e194449:22.2d1) v4 -7116>
2014-08-13 16:24:16.129584 7fd93dff0700 5 -- op tracker -- , seq: 779, time:
2014-08-13 16:24:16.129584, event: waiting_for_osdmap, request: pg_info(1 pgs e194449:22.2d1) v4 -7115>
2014-08-13 16:24:16.129608 7fd93dff0700 5 -- op tracker -- , seq: 779, time:
2014-08-13 16:24:16.129608, event: started, request: pg_info(1 pgs e194449:22.2d1) v4 -7114>
2014-08-13 16:24:16.129641 7fd93dff0700 5 -- op tracker -- , seq: 779, time:
2014-08-13 16:24:16.129641, event: done, request: pg_info(1 pgs e194449:22.2d1) v4 -7113>
2014-08-13 16:24:16.129674 7fd9367e4700 5 -- op tracker -- , seq: 778, time:
2014-08-13 16:24:16.129548, event: done, request: osd_sub_op(unknown.0.0:0 22.2d1 0//0//-1 [scrub-unreserve] v 0'0 snapset=0=[]:[] snapc=0=[]) v10 -7112>
2014-08-13 16:24:16.146788 7fd93adeb700 1 -- 192.168.1.115:6817/25220 <== osd.343 192.168.1.104:0/61960 6 ==== osd_ping(ping e194449 stamp
2014-08-13 16:24:16.146717) v2 ==== 47+0+0 (2279719988 0 0) 0x8c8d080 con 0x7d2aec0 -7111>
2014-08-13 16:24:16.146839 7fd93adeb700 1 -- 192.168.1.115:6817/25220 --> 192.168.1.104:0/61960 -- osd_ping(ping_reply e194449 stamp
2014-08-13 16:24:16.146717) v2 -- ?+0 0x7d01a40 con 0x7d2aec0 -7110>
2014-08-13 16:24:16.146889 7fd93c1ed700 1 -- 192.168.100.115:6806/25220 <== osd.343 192.168.1.104:0/61960 6 ==== osd_ping(ping e194449 stamp
2014-08-13 16:24:16.146717) v2 ==== 47+0+0 (2279719988 0 0) 0x775f540 con 0x7d2c620 -7109>
2014-08-13 16:24:16.146940 7fd93c1ed700 1 -- 192.168.100.115:6806/25220 --> 192.168.1.104:0/61960 -- osd_ping(ping_reply e194449 stamp
2014-08-13 16:24:16.146717) v2 -- ?+0 0x87e4ec0 con 0x7d2c620 -7108>
2014-08-13 16:24:16.336419 7fd93dff0700 1 -- 192.168.1.115:6813/25220 <== osd.334 192.168.1.104:6808/62751 13 ==== osd_sub_op(unknown.0.0:0 22.69f 0//0//-1 [scrub-reserve] v 0'0 snapset=0=[]:[] snapc=0=[]) v10 ==== 1145+0+0 (4028734706 0 0) 0x8639600 con 0x5112aa0 -7107>
2014-08-13 16:24:16.336475 7fd93dff0700 5 -- op tracker -- , seq: 780, time:
2014-08-13 16:24:16.336209, event: header_read, request: osd_sub_op(unknown.0.0:0 22.69f 0//0//-1 [scrub-reserve] v 0'0 snapset=0=[]:[] snapc=0=[]) v10 -7106>
2014-08-13 16:24:16.336491 7fd93dff0700 5 -- op tracker -- , seq: 780, time:
2014-08-13 16:24:16.336213, event: throttled, request: osd_sub_op(unknown.0.0:0 22.69f 0//0//-1 [scrub-reserve] v 0'0 snapset=0=[]:[] snapc=0=[]) v10 -7105>
2014-08-13 16:24:16.336501 7fd93dff0700 5 -- op tracker -- , seq: 780, time:
2014-08-13 16:24:16.336336, event: all_read, request: osd_sub_op(unknown.0.0:0 22.69f 0//0//-1 [scrub-reserve] v 0'0 snapset=0=[]:[] snapc=0=[]) v10 -7104>
2014-08-13 16:24:16.336514 7fd93dff0700 5 -- op tracker -- , seq: 780, time:
2014-08-13 16:24:16.336468, event: dispatched, request: osd_sub_op(unknown.0.0:0 22.69f 0//0//-1 [scrub-reserve] v 0'0 snapset=0=[]:[] snapc=0=[]) v10 -7103>
2014-08-13 16:24:16.336530 7fd93dff0700 5 -- op tracker -- , seq: 780, time:
2014-08-13 16:24:16.336530, event: waiting_for_osdmap, request: osd_sub_op(unknown.0.0:0 22.69f 0//0//-1 [scrub-reserve] v 0'0 snapset=0=[]:[] snapc=0=[]) v10 -7102>
2014-08-13 16:24:16.336663 7fd9367e4700 5 -- op tracker -- , seq: 780, time:
2014-08-13 16:24:16.336662, event: reached_pg, request: osd_sub_op(unknown.0.0:0 22.69f 0//0//-1 [scrub-reserve] v 0'0 snapset=0=[]:[] snapc=0=[]) v10 -7101>
2014-08-13 16:24:16.336704 7fd9367e4700 5 -- op tracker -- , seq: 780, time:
2014-08-13 16:24:16.336704, event: started, request: osd_sub_op(unknown.0.0:0 22.69f 0//0//-1 [scrub-reserve] v 0'0 snapset=0=[]:[] snapc=0=[]) v10 -7100>
2014-08-13 16:24:16.336725 7fd9367e4700 1 -- 192.168.1.115:6813/25220 --> 192.168.1.104:6808/62751 -- osd_sub_op_reply(unknown.0.0:0 22.69f 0//0//-1 [scrub-reserve] ack, result = 0) v2 -- ?+1 0x8d47d00 con 0x5112aa0 -7099>
2014-08-13 16:24:16.336756 7fd9367e4700 5 -- op tracker -- , seq: 780, time:
2014-08-13 16:24:16.336756, event: done, request: osd_sub_op(unknown.0.0:0 22.69f 0//0//-1 [scrub-reserve] v 0'0 snapset=0=[]:[] snapc=0=[]) v10 -7098>
2014-08-13 16:24:16.342028 7fd93dff0700 1 -- 192.168.1.115:6813/25220 <== osd.334 192.168.1.104:6808/62751 14 ==== replica scrub(pg: 22.69f,from:0'0,to:194215'527,epoch:194449,start:0//0//-1,end:13261e9f//0//-1,chunky:1,deep:0,version:5) v5 ==== 126+0+0 (42899418 0 0) 0x7b11440 con 0x5112aa0 -7097>
2014-08-13 16:24:16.346891 7fd9353e2700 1 -- 192.168.1.115:6813/25220 --> 192.168.1.104:6808/62751 -- osd_sub_op(unknown.0.0:0 22.69f 0//0//-1 [scrub-map] v 0'0 snapset=0=[]:[] snapc=0=[]) v10 -- ?+11555 0x863c200 con 0x5112aa0 -7096>
2014-08-13 16:24:16.361948 7fd933fe0700 5 osd.4 194449 heartbeat: osd_stat(8079 MB used, 2783 GB avail, 2791 GB total, peers [0,3,5,7,10,11,15,17,20,21,24,25,28,31,32,44,45,47,48,50,54,55,56,58,59,61,62,63,65,285,286,287,289,291,293,296,301,302,303,304,306,307,309,310,311,312,313,314,315,318,320,324,327,330,331,332,337,338,339,340,341,342,343,344,347,348,349,350,351,352,353,356,357,362,363,365,366,367,368,369,371,373,374,375,376,378,379,380,381,382,396,397]/[] op hist []) -7095>
2014-08-13 16:24:16.361995 7fd933fe0700 1 -- 192.168.1.115:0/25220 --> 192.168.1.115:6811/59615 -- osd_ping(ping e194449 stamp
2014-08-13 16:24:16.361992) v2 -- ?+0 0x87e2d80 con 0x8c391e0 -7094>
2014-08-13 16:24:16.362028 7fd933fe0700 1 -- 192.168.1.115:0/25220 --> 192.168.100.115:6825/59615 -- osd_ping(ping e194449 stamp
2014-08-13 16:24:16.361992) v2 -- ?+0 0x87e2bc0 con 0x8c38f20 -7093>
2014-08-13 16:24:16.362051 7fd933fe0700 1 -- 192.168.1.115:0/25220 --> 192.168.1.107:6841/56287 -- osd_ping(ping e194449 stamp
2014-08-13 16:24:16.361992) v2 -- ?+0 0x87e2a00 con 0x78844c0 -7092>
2014-08-13 16:24:16.362073 7fd933fe0700 1 -- 192.168.1.115:0/25220 --> 192.168.100.107:6845/56287 -- osd_ping(ping e194449 stamp
2014-08-13 16:24:16.361992) v2 -- ?+0 0x87e2840 con 0x7884200 -7091>
2014-08-13 16:24:16.362090 7fd933fe0700 1 -- 192.168.1.115:0/25220 --> 192.168.1.103:6830/40192 -- osd_ping(ping e194449 stamp
2014-08-13 16:24:16.361992) v2 -- ?+0 0x87e2680 con 0x78848e0 -7090>
2014-08-13 16:24:16.362107 7fd933fe0700 1 -- 192.168.1.115:0/25220 --> 192.168.100.103:6847/40192 -- osd_ping(ping e194449 stamp
2014-08-13 16:24:16.361992) v2 -- ?+0 0x87e24c0 con 0x7884620 -7089>
2014-08-13 16:24:16.362124 7fd933fe0700 1 -- 192.168.1.115:0/25220 --> 192.168.1.115:6839/62713 -- osd_ping(ping e194449 stamp
2014-08-13 16:24:16.361992) v2 -- ?+0 0x87e2300 con 0x8ba06e0 -7088>
2014-08-13 16:24:16.362145 7fd933fe0700 1 -- 192.168.1.115:0/25220 --> 192.168.100.115:6846/62713 -- osd_ping(ping e194449 stamp
2014-08-13 16:24:16.361992) v2 -- ?+0 0x87e2140 con 0x8c698c0 -7087>
2014-08-13 16:24:16.362173 7fd933fe0700 1 -- 192.168.1.115:0/25220 --> 192.168.1.115:6816/60573 -- osd_ping(ping e194449 stamp
2014-08-13 16:24:16.361992) v2 -- ?+0 0x87e1f80 con 0x794c360 -7086>
2014-08-13 16:24:16.362197 7fd933fe0700 1 -- 192.168.1.115:0/25220 --> 192.168.100.115:6834/60573 -- osd_ping(ping e194449 stamp
2014-08-13 16:24:16.361992) v2 -- ?+0 0x87e1dc0 con 0x794e300 -7085>
2014-08-13 16:24:16.362220 7fd933fe0700 1 -- 192.168.1.115:0/25220 --> 192.168.1.103:6814/37929 -- osd_ping(ping e194449 stamp
2014-08-13 16:24:16.361992) v2 -- ?+0 0x87e1c00 con 0x794e040 -7084>
2014-08-13 16:24:16.362240 7fd933fe0700 1 -- 192.168.1.115:0/25220 --> 192.168.100.103:6821/37929 -- osd_ping(ping e194449 stamp
2014-08-13 16:24:16.361992) v2 -- ?+0 0x87e1a40 con 0x794dd80 -7083>
2014-08-13 16:24:16.362258 7fd933fe0700 1 -- 192.168.1.115:0/25220 --> 192.168.1.107:6814/53408 -- osd_ping(ping e194449 stamp
2014-08-13 16:24:16.361992) v2 -- ?+0 0x87e1880 con 0x8c3a3c0 -7082>
2014-08-13 16:24:16.362281 7fd933fe0700 1 -- 192.168.1.115:0/25220 --> 192.168.100.107:6819/53408 -- osd_ping(ping e194449 stamp
2014-08-13 16:24:16.361992) v2 -- ?+0 0x87e16c0 con 0x8c3a100 -7081>
2014-08-13 16:24:16.362299 7fd933fe0700 1 -- 192.168.1.115:0/25220 --> 192.168.1.103:6812/37658 -- osd_ping(ping e194449 stamp
2014-08-13 16:24:16.361992) v2 -- ?+0 0x87e1500 con 0x8c3c0a0 -7080>
2014-08-13 16:24:16.362315 7fd933fe0700 1 -- 192.168.1.115:0/25220 --> 192.168.100.103:6818/37658 -- osd_ping(ping e194449 stamp
2014-08-13 16:24:16.361992) v2 -- ?+0 0x87e1340 con 0x8c3bde0 -7079>
2014-08-13 16:24:16.362333 7fd933fe0700 1 -- 192.168.1.115:0/25220 --> 192.168.1.103:6816/38269 -- osd_ping(ping e194449 stamp
2014-08-13 16:24:16.361992) v2 -- ?+0 0x87e1180 con 0x8babde0 -7078>
2014-08-13 16:24:16.362356 7fd933fe0700 1 -- 192.168.1.115:0/25220 --> 192.168.100.103:6827/38269 -- osd_ping(ping e194449 stamp
2014-08-13 16:24:16.361992) v2 -- ?+0 0x87e0fc0 con 0x8babb20 -7077>
2014-08-13 16:24:16.362375 7fd933fe0700 1 -- 192.168.1.115:0/25220 --> 192.168.1.107:6822/54786 -- osd_ping(ping e194449 stamp
2014-08-13 16:24:16.361992) v2 -- ?+0 0x87e0e00 con 0x8c3d6a0 -7076>
2014-08-13 16:24:16.362396 7fd933fe0700 1 -- 192.168.1.115:0/25220 --> 192.168.100.107:6838/54786 -- osd_ping(ping e194449 stamp
2014-08-13 16:24:16.361992) v2 -- ?+0 0x87e0c40 con 0x8c3d3e0 -7075>
2014-08-13 16:24:16.362417 7fd933fe0700 1 -- 192.168.1.115:0/25220 --> 192.168.1.107:6801/52669 -- osd_ping(ping e194449 stamp
2014-08-13 16:24:16.361992) v2 -- ?+0 0x87e0a80 con 0x8badac0 -7074>
2014-08-13 16:24:16.362439 7fd933fe0700 1 -- 192.168.1.115:0/25220 --> 192.168.100.107:6803/52669 -- osd_ping(ping e194449 stamp
2014-08-13 16:24:16.361992) v2 -- ?+0 0x87e08c0 con 0x8bad800 -7073>
2014-08-13 16:24:16.362459 7fd933fe0700 1 -- 192.168.1.115:0/25220 --> 192.168.1.103:6801/36920 -- osd_ping(ping e194449 stamp
2014-08-13 16:24:16.361992) v2 -- ?+0 0x87e0700 con 0x8bab860 -7072>
2014-08-13 16:24:16.362479 7fd933fe0700 1 -- 192.168.1.115:0/25220 --> 192.168.100.103:6802/36920 -- osd_ping(ping e194449 stamp
2014-08-13 16:24:16.361992) v2 -- ?+0 0x9287000 con 0x8bab5a0 -7071>
2014-08-13 16:24:16.362469 7fd93cbee700 1 -- 192.168.1.115:0/25220 <== osd.0 192.168.100.115:6825/59615 3 ==== osd_ping(ping_reply e194449 stamp
2014-08-13 16:24:16.361992) v2 ==== 47+0+0 (1423996366 0 0) 0x7758a80 con 0x8c38f20 -7070>
2014-08-13 16:24:16.362499 7fd933fe0700 1 -- 192.168.1.115:0/25220 --> 192.168.1.103:6808/37391 -- osd_ping(ping e194449 stamp
2014-08-13 16:24:16.361992) v2 -- ?+0 0x92824c0 con 0x8c69600 -7069>
2014-08-13 16:24:16.362518 7fd933fe0700 1 -- 192.168.1.115:0/25220 --> 192.168.100.103:6813/37391 -- osd_ping(ping e194449 stamp
2014-08-13 16:24:16.361992) v2 -- ?+0 0x899cb40 con 0x8c69340 -7068>
2014-08-13 16:24:16.362535 7fd933fe0700 1 -- 192.168.1.115:0/25220 --> 192.168.1.103:6832/41157 -- osd_ping(ping e194449 stamp
2014-08-13 16:24:16.361992) v2 -- ?+0 0x899c280 con 0x8baee00 -7067>
2014-08-13 16:24:16.362557 7fd933fe0700 1 -- 192.168.1.115:0/25220 --> 192.168.100.103:6850/41157 -- osd_ping(ping e194449 stamp
2014-08-13 16:24:16.361992) v2 -- ?+0 0x8ee8a80 con 0x8ba1a20 -7066>
2014-08-13 16:24:16.362574 7fd933fe0700 1 -- 192.168.1.115:0/25220 --> 192.168.1.115:6814/59915 -- osd_ping(ping e194449 stamp
2014-08-13 16:24:16.361992) v2 -- ?+0 0x8ee8380 con 0x8d21e40 -7065>
2014-08-13 16:24:16.362591 7fd933fe0700 1 -- 192.168.1.115:0/25220 --> 192.168.100.115:6831/59915 -- osd_ping(ping e194449 stamp
2014-08-13 16:24:16.361992) v2 -- ?+0 0x8eebd40 con 0x8d21b80 -7064>
2014-08-13 16:24:16.362610 7fd933fe0700 1 -- 192.168.1.115:0/25220 --> 192.168.1.111:6823/10782 -- osd_ping(ping e194449 stamp
2014-08-13 16:24:16.361992) v2 -- ?+0 0x8eef8c0 con 0x7fba3c0 -7063>
2014-08-13 16:24:16.362627 7fd933fe0700 1 -- 192.168.1.115:0/25220 --> 192.168.100.111:6802/10782 -- osd_ping(ping e194449 stamp
2014-08-13 16:24:16.361992) v2 -- ?+0 0x8eefa80 con 0x7fba260 -7062>
2014-08-13 16:24:16.362645 7fd933fe0700 1 -- 192.168.1.115:0/25220 --> 192.168.1.112:6829/6040 -- osd_ping(ping e194449 stamp
2014-08-13 16:24:16.361992) v2 -- ?+0 0x8eef700 con 0x8bad540 -7061>
2014-08-13 16:24:16.362661 7fd933fe0700 1 -- 192.168.1.115:0/25220 --> 192.168.100.112:6823/6040 -- osd_ping(ping e194449 stamp
2014-08-13 16:24:16.361992) v2 -- ?+0 0x8ee9500 con 0x8bad280 -7060>
2014-08-13 16:24:16.362680 7fd933fe0700 1 -- 192.168.1.115:0/25220 --> 192.168.1.111:6829/12102 -- osd_ping(ping e194449 stamp
2014-08-13 16:24:16.361992) v2 -- ?+0 0x91039c0 con 0x8c3cba0 -7059>
2014-08-13 16:24:16.362699 7fd933fe0700 1 -- 192.168.1.115:0/25220 --> 192.168.100.111:6815/12102 -- osd_ping(ping e194449 stamp
2014-08-13 16:24:16.361992) v2 -- ?+0 0x9101c00 con 0x8c3c8e0 -7058>
2014-08-13 16:24:16.362717 7fd933fe0700 1 -- 192.168.1.115:0/25220 --> 192.168.1.112:6839/8300 -- osd_ping(ping e194449 stamp
2014-08-13 16:24:16.361992) v2 -- ?+0 0x9103480 con 0x7fba100 -7057>
2014-08-13 16:24:16.362733 7fd933fe0700 1 -- 192.168.1.115:0/25220 --> 192.168.100.112:6842/8300 -- osd_ping(ping e194449 stamp
2014-08-13 16:24:16.361992) v2 -- ?+0 0x9103d40 con 0x7fb9fa0 -7056>
2014-08-13 16:24:16.362750 7fd933fe0700 1 -- 192.168.1.115:0/25220 --> 192.168.1.112:6843/9607 -- osd_ping(ping e194449 stamp
2014-08-13 16:24:16.361992) v2 -- ?+0 0x9107540 con 0x8d223c0 -7055>
2014-08-13 16:24:16.362770 7fd933fe0700 1 -- 192.168.1.115:0/25220 --> 192.168.100.112:6849/9607 -- osd_ping(ping e194449 stamp
2014-08-13 16:24:16.361992) v2 -- ?+0 0x9104b40 con 0x8d22100 -7054>
2014-08-13 16:24:16.362789 7fd933fe0700 1 -- 192.168.1.115:0/25220 --> 192.168.1.111:6837/14923 -- osd_ping(ping e194449 stamp
