2014-08-13 16:24:24.931717 7fd93adeb700 1 -- 192.168.1.115:6817/25220 --> 192.168.100.103:0/41157 -- osd_ping(ping_reply e194449 stamp
2014-08-13 16:24:24.931618) v2 -- ?+0 0x8408380 con 0x7ffeca0 -5485>
2014-08-13 16:24:24.931792 7fd93c1ed700 1 -- 192.168.100.115:6806/25220 <== osd.31 192.168.100.103:0/41157 6 ==== osd_ping(ping e194450 stamp
2014-08-13 16:24:24.931618) v2 ==== 47+0+0 (925007022 0 0) 0x9286200 con 0x7edbf40 -5484>
2014-08-13 16:24:24.931865 7fd93c1ed700 1 -- 192.168.100.115:6806/25220 --> 192.168.100.103:0/41157 -- osd_ping(ping_reply e194449 stamp
2014-08-13 16:24:24.931618) v2 -- ?+0 0x840fe00 con 0x7edbf40 -5483>
2014-08-13 16:24:25.003668 7fd93adeb700 1 -- 192.168.1.115:6817/25220 <== osd.51 192.168.1.112:0/6655 6 ==== osd_ping(ping e194450 stamp
2014-08-13 16:24:25.003626) v2 ==== 47+0+0 (3773656244 0 0) 0x87e7540 con 0x7edaec0 -5482>
2014-08-13 16:24:25.003722 7fd93adeb700 1 -- 192.168.1.115:6817/25220 --> 192.168.1.112:0/6655 -- osd_ping(ping_reply e194449 stamp
2014-08-13 16:24:25.003626) v2 -- ?+0 0x92801c0 con 0x7edaec0 -5481>
2014-08-13 16:24:25.003721 7fd93c1ed700 1 -- 192.168.100.115:6806/25220 <== osd.51 192.168.1.112:0/6655 6 ==== osd_ping(ping e194450 stamp
2014-08-13 16:24:25.003626) v2 ==== 47+0+0 (3773656244 0 0) 0x87e6900 con 0x7ed8000 -5480>
2014-08-13 16:24:25.003793 7fd93c1ed700 1 -- 192.168.100.115:6806/25220 --> 192.168.1.112:0/6655 -- osd_ping(ping_reply e194449 stamp
2014-08-13 16:24:25.003626) v2 -- ?+0 0x9286200 con 0x7ed8000 -5479>
2014-08-13 16:24:25.146015 7fd93c1ed700 1 -- 192.168.100.115:6806/25220 <== osd.358 192.168.100.114:0/52078 7 ==== osd_ping(ping e194450 stamp
2014-08-13 16:24:25.146042) v2 ==== 47+0+0 (1577523071 0 0) 0x9117000 con 0x7d29fa0 -5478>
2014-08-13 16:24:25.146073 7fd93c1ed700 1 -- 192.168.100.115:6806/25220 --> 192.168.100.114:0/52078 -- osd_ping(ping_reply e194449 stamp
2014-08-13 16:24:25.146042) v2 -- ?+0 0x87e6900 con 0x7d29fa0 -5477>
2014-08-13 16:24:25.146146 7fd93adeb700 1 -- 192.168.1.115:6817/25220 <== osd.358 192.168.100.114:0/52078 7 ==== osd_ping(ping e194450 stamp
2014-08-13 16:24:25.146042) v2 ==== 47+0+0 (1577523071 0 0) 0x9117e00 con 0x7d2b700 -5476>
2014-08-13 16:24:25.146207 7fd93adeb700 1 -- 192.168.1.115:6817/25220 --> 192.168.100.114:0/52078 -- osd_ping(ping_reply e194449 stamp
2014-08-13 16:24:25.146042) v2 -- ?+0 0x87e7540 con 0x7d2b700 -5475>
2014-08-13 16:24:25.187139 7fd9371e5700 5 -- op tracker -- , seq: 830, time:
2014-08-13 16:24:25.187138, event: reached_pg, request: osd_sub_op(unknown.0.0:0 22.1b8 0//0//-1 [scrub-map] v 0'0 snapset=0=[]:[] snapc=0=[]) v10 -5474>
2014-08-13 16:24:25.187199 7fd9371e5700 5 -- op tracker -- , seq: 830, time:
2014-08-13 16:24:25.187198, event: started, request: osd_sub_op(unknown.0.0:0 22.1b8 0//0//-1 [scrub-map] v 0'0 snapset=0=[]:[] snapc=0=[]) v10 -5473>
2014-08-13 16:24:25.187274 7fd9371e5700 5 -- op tracker -- , seq: 830, time:
2014-08-13 16:24:25.187274, event: done, request: osd_sub_op(unknown.0.0:0 22.1b8 0//0//-1 [scrub-map] v 0'0 snapset=0=[]:[] snapc=0=[]) v10 -5472>
2014-08-13 16:24:25.187346 7fd9371e5700 5 -- op tracker -- , seq: 832, time:
2014-08-13 16:24:25.187346, event: reached_pg, request: osd_sub_op(unknown.0.0:0 22.639 0//0//-1 [scrub-reserve] v 0'0 snapset=0=[]:[] snapc=0=[]) v10 -5471>
2014-08-13 16:24:25.187367 7fd9371e5700 5 -- op tracker -- , seq: 832, time:
2014-08-13 16:24:25.187367, event: started, request: osd_sub_op(unknown.0.0:0 22.639 0//0//-1 [scrub-reserve] v 0'0 snapset=0=[]:[] snapc=0=[]) v10 -5470>
2014-08-13 16:24:25.187390 7fd9371e5700 1 -- 192.168.1.115:6813/25220 --> 192.168.1.114:6840/55513 -- osd_sub_op_reply(unknown.0.0:0 22.639 0//0//-1 [scrub-reserve] ack, result = 0) v2 -- ?+1 0x8e8da00 con 0x5112520 -5469>
2014-08-13 16:24:25.187406 7fd9367e4700 5 -- op tracker -- , seq: 831, time:
2014-08-13 16:24:25.187367, event: reached_pg, request: osd_sub_op(unknown.0.0:0 22.1b8 0//0//-1 [scrub-map] v 0'0 snapset=0=[]:[] snapc=0=[]) v10 -5468>
2014-08-13 16:24:25.187455 7fd9367e4700 5 -- op tracker -- , seq: 831, time:
2014-08-13 16:24:25.187454, event: started, request: osd_sub_op(unknown.0.0:0 22.1b8 0//0//-1 [scrub-map] v 0'0 snapset=0=[]:[] snapc=0=[]) v10 -5467>
2014-08-13 16:24:25.187471 7fd9371e5700 5 -- op tracker -- , seq: 832, time:
2014-08-13 16:24:25.187428, event: done, request: osd_sub_op(unknown.0.0:0 22.639 0//0//-1 [scrub-reserve] v 0'0 snapset=0=[]:[] snapc=0=[]) v10 -5466>
2014-08-13 16:24:25.187519 7fd9371e5700 5 -- op tracker -- , seq: 833, time:
2014-08-13 16:24:25.187519, event: reached_pg, request: osd_sub_op(unknown.0.0:0 22.791 0//0//-1 [scrub-reserve] v 0'0 snapset=0=[]:[] snapc=0=[]) v10 -5465>
2014-08-13 16:24:25.187542 7fd9367e4700 5 -- op tracker -- , seq: 831, time:
2014-08-13 16:24:25.187529, event: done, request: osd_sub_op(unknown.0.0:0 22.1b8 0//0//-1 [scrub-map] v 0'0 snapset=0=[]:[] snapc=0=[]) v10 -5464>
2014-08-13 16:24:25.187580 7fd9371e5700 5 -- op tracker -- , seq: 833, time:
2014-08-13 16:24:25.187543, event: started, request: osd_sub_op(unknown.0.0:0 22.791 0//0//-1 [scrub-reserve] v 0'0 snapset=0=[]:[] snapc=0=[]) v10 -5463>
2014-08-13 16:24:25.187614 7fd9371e5700 1 -- 192.168.1.115:6813/25220 --> 192.168.1.107:6823/55491 -- osd_sub_op_reply(unknown.0.0:0 22.791 0//0//-1 [scrub-reserve] ack, result = 0) v2 -- ?+1 0x7bc5f00 con 0x4e4f900 -5462>
2014-08-13 16:24:25.187598 7fd9353e2700 2 osd.4 pg_epoch: 194449 pg[22.1b8( v 194215'479 (0'0,194215'479] local-les=194449 n=34 ec=183096 les/c 194449/194449 194447/194448/194448) [4,340,347] r=0 lpr=194448 crt=191648'362 lcod 0'0 mlcod 0'0 active+clean+scrubbing+deep] scrub osd.4 has 9 items -5461>
2014-08-13 16:24:25.187641 7fd9371e5700 5 -- op tracker -- , seq: 833, time:
2014-08-13 16:24:25.187641, event: done, request: osd_sub_op(unknown.0.0:0 22.791 0//0//-1 [scrub-reserve] v 0'0 snapset=0=[]:[] snapc=0=[]) v10 -5460>
2014-08-13 16:24:25.187643 7fd9353e2700 2 osd.4 pg_epoch: 194449 pg[22.1b8( v 194215'479 (0'0,194215'479] local-les=194449 n=34 ec=183096 les/c 194449/194449 194447/194448/194448) [4,340,347] r=0 lpr=194448 crt=191648'362 lcod 0'0 mlcod 0'0 active+clean+scrubbing+deep] scrub replica 340 has 9 items -5459>
2014-08-13 16:24:25.187670 7fd9353e2700 2 osd.4 pg_epoch: 194449 pg[22.1b8( v 194215'479 (0'0,194215'479] local-les=194449 n=34 ec=183096 les/c 194449/194449 194447/194448/194448) [4,340,347] r=0 lpr=194448 crt=191648'362 lcod 0'0 mlcod 0'0 active+clean+scrubbing+deep] scrub replica 347 has 9 items -5458>
2014-08-13 16:24:25.188018 7fd9353e2700 2 osd.4 pg_epoch: 194449 pg[22.1b8( v 194215'479 (0'0,194215'479] local-les=194449 n=34 ec=183096 les/c 194449/194449 194447/194448/194448) [4,340,347] r=0 lpr=194448 crt=191648'362 lcod 0'0 mlcod 0'0 active+clean+scrubbing+deep] -5457>
2014-08-13 16:24:25.188134 7fd9353e2700 0 log [INF] : 22.1b8 deep-scrub ok -5456>
2014-08-13 16:24:25.188304 7fd9353e2700 1 -- 192.168.1.115:6813/25220 --> 192.168.1.104:6806/62463 -- osd_map(194450..194450 src has 185139..194450) v3 -- ?+0 0x8d0a640 con 0x4fe69e0 -5455>
2014-08-13 16:24:25.188339 7fd9353e2700 1 -- 192.168.1.115:6813/25220 --> osd.340 192.168.1.104:6806/62463 -- osd_sub_op(unknown.0.0:0 22.1b8 0//0//-1 [scrub-unreserve] v 0'0 snapset=0=[]:[] snapc=0=[]) v10 -- ?+0 0x76fee00 -5454>
2014-08-13 16:24:25.188558 7fd9353e2700 1 -- 192.168.1.115:6813/25220 --> 192.168.1.106:6800/4640 -- osd_map(194450..194450 src has 185139..194450) v3 -- ?+0 0x8d0a1c0 con 0x50bbf40 -5453>
2014-08-13 16:24:25.188605 7fd9353e2700 1 -- 192.168.1.115:6813/25220 --> osd.347 192.168.1.106:6800/4640 -- osd_sub_op(unknown.0.0:0 22.1b8 0//0//-1 [scrub-unreserve] v 0'0 snapset=0=[]:[] snapc=0=[]) v10 -- ?+0 0x76fe300 -5452>
2014-08-13 16:24:25.188763 7fd9353e2700 1 -- 192.168.1.115:6813/25220 --> osd.340 192.168.1.104:6806/62463 -- pg_info(1 pgs e194449:22.1b8) v4 -- ?+0 0x79b8380 -5451>
2014-08-13 16:24:25.188843 7fd9353e2700 1 -- 192.168.1.115:6813/25220 --> osd.347 192.168.1.106:6800/4640 -- pg_info(1 pgs e194449:22.1b8) v4 -- ?+0 0x9110380 -5450>
2014-08-13 16:24:25.189376 7fd93dff0700 1 osd.4 194450 ms_handle_reset con 0x78b0580 session 0 -5449>
2014-08-13 16:24:25.189397 7fd94ac49700 5 osd.4 194450 tick -5448>
2014-08-13 16:24:25.189394 7fd93dff0700 1 -- 192.168.1.115:6813/25220 <== osd.324 192.168.1.104:6814/65209 11 ==== pg_notify(24.39a(27) epoch 194450) v5 ==== 2245+0+0 (2134286940 0 0) 0x81c55c0 con 0x7315ee0 -5447>
2014-08-13 16:24:25.189526 7fd94ac49700 1 -- 192.168.1.115:6813/25220 --> 192.168.1.112:6842/9607 -- osd_map(194450..194450 src has 185139..194450) v3 -- ?+0 0x7cf4ec0 con 0x508c620 -5446>
2014-08-13 16:24:25.189562 7fd94ac49700 1 -- 192.168.1.115:6813/25220 --> osd.50 192.168.1.112:6842/9607 -- osd_sub_op(unknown.0.0:0 22.6bd 0//0//-1 [scrub-reserve] v 0'0 snapset=0=[]:[] snapc=0=[]) v10 -- ?+0 0x76f8000 -5445>
2014-08-13 16:24:25.189609 7fd94ac49700 1 -- 192.168.1.115:6813/25220 --> 192.168.1.113:6808/15284 -- osd_map(194450..194450 src has 185139..194450) v3 -- ?+0 0x7cf69c0 con 0x4fdb2e0 -5444>
2014-08-13 16:24:25.189633 7fd94ac49700 1 -- 192.168.1.115:6813/25220 --> osd.289 192.168.1.113:6808/15284 -- osd_sub_op(unknown.0.0:0 22.6bd 0//0//-1 [scrub-reserve] v 0'0 snapset=0=[]:[] snapc=0=[]) v10 -- ?+0 0x86de300 -5443>
2014-08-13 16:24:25.189818 7fd93dff0700 5 -- op tracker -- , seq: 834, time:
2014-08-13 16:24:24.682697, event: header_read, request: pg_notify(24.39a(27) epoch 194450) v5 -5442>
2014-08-13 16:24:25.189849 7fd93dff0700 5 -- op tracker -- , seq: 834, time:
2014-08-13 16:24:24.682698, event: throttled, request: pg_notify(24.39a(27) epoch 194450) v5 -5441>
2014-08-13 16:24:25.189856 7fd93dff0700 5 -- op tracker -- , seq: 834, time:
2014-08-13 16:24:24.682831, event: all_read, request: pg_notify(24.39a(27) epoch 194450) v5 -5440>
2014-08-13 16:24:25.189862 7fd93dff0700 5 -- op tracker -- , seq: 834, time:
2014-08-13 16:24:25.189416, event: dispatched, request: pg_notify(24.39a(27) epoch 194450) v5 -5439>
2014-08-13 16:24:25.189870 7fd93dff0700 5 -- op tracker -- , seq: 834, time:
2014-08-13 16:24:25.189870, event: waiting_for_osdmap, request: pg_notify(24.39a(27) epoch 194450) v5 -5438>
2014-08-13 16:24:25.189880 7fd93dff0700 5 -- op tracker -- , seq: 834, time:
2014-08-13 16:24:25.189880, event: started, request: pg_notify(24.39a(27) epoch 194450) v5 -5437>
2014-08-13 16:24:25.189910 7fd93dff0700 5 -- op tracker -- , seq: 834, time:
2014-08-13 16:24:25.189910, event: done, request: pg_notify(24.39a(27) epoch 194450) v5 -5436>
2014-08-13 16:24:25.189945 7fd93dff0700 1 -- 192.168.1.115:6813/25220 <== osd.342 192.168.1.110:6802/41438 7 ==== osd_map(194450..194450 src has 185139..194450) v3 ==== 211+0+0 (2479179274 0 0) 0x7cf5100 con 0x7314fc0 -5435>
2014-08-13 16:24:25.189977 7fd93dff0700 3 osd.4 194450 handle_osd_map epochs [194450,194450], i have 194450, src has [185139,194450] -5434>
2014-08-13 16:24:25.189989 7fd93dff0700 1 -- 192.168.1.115:6813/25220 <== osd.302 192.168.1.113:6810/15731 6 ==== osd_map(194450..194450 src has 185139..194450) v3 ==== 211+0+0 (2479179274 0 0) 0x506e0c0 con 0x7316f60 -5433>
2014-08-13 16:24:25.190005 7fd93dff0700 3 osd.4 194450 handle_osd_map epochs [194450,194450], i have 194450, src has [185139,194450] -5432>
2014-08-13 16:24:25.189971 7fd9367e4700 5 osd.4 pg_epoch: 194450 pg[24.39a( v 194422'13151 lc 194370'13054 (192718'10533,194422'13151] local-les=194449 n=50 ec=192688 les/c 194449/194351 194447/194448/194445) [325,349,4]/[325,4,395] r=1 lpr=194448 pi=193304-194447/50 luod=0'0 crt=194422'13151 lcod 0'0 active+remapped m=49] exit Started/ReplicaActive/RepNotRecovering 19.699923 4 0.002320 -5431>
2014-08-13 16:24:25.190014 7fd93dff0700 1 -- 192.168.1.115:6813/25220 <== osd.48 192.168.1.112:6838/8300 5 ==== osd_map(194450..194450 src has 185139..194450) v3 ==== 211+0+0 (2479179274 0 0) 0x7b145c0 con 0x8da1760 -5430>
2014-08-13 16:24:25.190033 7fd93dff0700 3 osd.4 194450 handle_osd_map epochs [194450,194450], i have 194450, src has [185139,194450] -5429>
2014-08-13 16:24:25.190017 7fd9367e4700 5 osd.4 pg_epoch: 194450 pg[24.39a( v 194422'13151 lc 194370'13054 (192718'10533,194422'13151] local-les=194449 n=50 ec=192688 les/c 194449/194351 194447/194448/194445) [325,349,4]/[325,4,395] r=1 lpr=194448 pi=193304-194447/50 luod=0'0 crt=194422'13151 lcod 0'0 active+remapped m=49] exit Started/ReplicaActive 19.699996 0 0.000000 -5428>
2014-08-13 16:24:25.190049 7fd93dff0700 1 -- 192.168.1.115:6813/25220 <== osd.311 192.168.1.101:6816/24270 6 ==== osd_map(194450..194450 src has 185139..194450) v3 ==== 211+0+0 (2479179274 0 0) 0x7cf6540 con 0x8da5120 -5427>
2014-08-13 16:24:25.190066 7fd93dff0700 3 osd.4 194450 handle_osd_map epochs [194450,194450], i have 194450, src has [185139,194450] -5426>
2014-08-13 16:24:25.190054 7fd9367e4700 5 osd.4 pg_epoch: 194450 pg[24.39a( v 194422'13151 lc 194370'13054 (192718'10533,194422'13151] local-les=194449 n=50 ec=192688 les/c 194449/194351 194447/194448/194445) [325,349,4]/[325,4,395] r=1 lpr=194448 pi=193304-194447/50 luod=0'0 crt=194422'13151 lcod 0'0 active+remapped m=49] exit Started 20.784828 0 0.000000 -5425>
2014-08-13 16:24:25.190074 7fd93dff0700 1 -- 192.168.1.115:6813/25220 <== osd.363 192.168.1.102:6842/20017 7 ==== osd_map(194450..194450 src has 185139..194450) v3 ==== 211+0+0 (2479179274 0 0) 0x7e7cc80 con 0x72d9b80 -5424>
2014-08-13 16:24:25.190078 7fd9367e4700 5 osd.4 pg_epoch: 194450 pg[24.39a( v 194422'13151 lc 194370'13054 (192718'10533,194422'13151] local-les=194449 n=50 ec=192688 les/c 194449/194351 194447/194448/194445) [325,349,4]/[325,4,395] r=1 lpr=194448 pi=193304-194447/50 luod=0'0 crt=194422'13151 lcod 0'0 active+remapped m=49] enter Reset -5423>
2014-08-13 16:24:25.190091 7fd93dff0700 3 osd.4 194450 handle_osd_map epochs [194450,194450], i have 194450, src has [185139,194450] -5422>
2014-08-13 16:24:25.190100 7fd93dff0700 1 -- 192.168.1.115:6813/25220 <== osd.352 192.168.1.108:6826/4273 6 ==== osd_map(194450..194450 src has 185139..194450) v3 ==== 211+0+0 (2479179274 0 0) 0x7e7d340 con 0x72dfa60 -5421>
2014-08-13 16:24:25.190118 7fd93dff0700 3 osd.4 194450 handle_osd_map epochs [194450,194450], i have 194450, src has [185139,194450] -5420>
2014-08-13 16:24:25.190126 7fd93dff0700 1 -- 192.168.1.115:6813/25220 <== osd.366 192.168.1.108:6828/4534 5 ==== osd_map(194450..194450 src has 185139..194450) v3 ==== 211+0+0 (2479179274 0 0) 0x7e7ee40 con 0x72de9e0 -5419>
2014-08-13 16:24:25.190143 7fd93dff0700 3 osd.4 194450 handle_osd_map epochs [194450,194450], i have 194450, src has [185139,194450] -5418>
2014-08-13 16:24:25.190164 7fd9367e4700 5 osd.4 pg_epoch: 194450 pg[24.39a( v 194422'13151 lc 194370'13054 (192718'10533,194422'13151] local-les=194449 n=50 ec=192688 les/c 194449/194351 194450/194450/194450) [349,4]/[4,395] r=0 lpr=194450 pi=193304-194449/51 crt=194422'13151 lcod 0'0 mlcod 0'0 remapped m=49] exit Reset 0.000086 1 0.000192 -5417>
2014-08-13 16:24:25.190191 7fd93dff0700 1 -- 192.168.1.115:6813/25220 <== osd.0 192.168.1.115:6810/59615 6 ==== osd_map(194450..194450 src has 185139..194450) v3 ==== 211+0+0 (2479179274 0 0) 0x8598fc0 con 0x8e29fa0 -5416>
2014-08-13 16:24:25.190208 7fd93dff0700 3 osd.4 194450 handle_osd_map epochs [194450,194450], i have 194450, src has [185139,194450] -5415>
2014-08-13 16:24:25.190203 7fd9367e4700 5 osd.4 pg_epoch: 194450 pg[24.39a( v 194422'13151 lc 194370'13054 (192718'10533,194422'13151] local-les=194449 n=50 ec=192688 les/c 194449/194351 194450/194450/194450) [349,4]/[4,395] r=0 lpr=194450 pi=193304-194449/51 crt=194422'13151 lcod 0'0 mlcod 0'0 remapped m=49] enter Started -5414>
2014-08-13 16:24:25.190217 7fd93dff0700 1 -- 192.168.1.115:6813/25220 <== osd.369 192.168.1.108:6824/4037 9 ==== osd_map(194450..194450 src has 185139..194450) v3 ==== 211+0+0 (2479179274 0 0) 0x7e7d7c0 con 0x8e286e0 -5413>
2014-08-13 16:24:25.190231 7fd93dff0700 3 osd.4 194450 handle_osd_map epochs [194450,194450], i have 194450, src has [185139,194450] -5412>
2014-08-13 16:24:25.190227 7fd9367e4700 5 osd.4 pg_epoch: 194450 pg[24.39a( v 194422'13151 lc 194370'13054 (192718'10533,194422'13151] local-les=194449 n=50 ec=192688 les/c 194449/194351 194450/194450/194450) [349,4]/[4,395] r=0 lpr=194450 pi=193304-194449/51 crt=194422'13151 lcod 0'0 mlcod 0'0 remapped m=49] enter Start -5411>
2014-08-13 16:24:25.190244 7fd93dff0700 1 -- 192.168.1.115:6813/25220 <== osd.380 192.168.1.114:6822/51844 5 ==== osd_map(194450..194450 src has 185139..194450) v3 ==== 211+0+0 (2479179274 0 0) 0x7b14a40 con 0x8e2c360 -5410>
2014-08-13 16:24:25.190248 7fd9367e4700 1 osd.4 pg_epoch: 194450 pg[24.39a( v 194422'13151 lc 194370'13054 (192718'10533,194422'13151] local-les=194449 n=50 ec=192688 les/c 194449/194351 194450/194450/194450) [349,4]/[4,395] r=0 lpr=194450 pi=193304-194449/51 crt=194422'13151 lcod 0'0 mlcod 0'0 remapped m=49] state: transitioning to Primary -5409>
2014-08-13 16:24:25.190276 7fd9367e4700 5 osd.4 pg_epoch: 194450 pg[24.39a( v 194422'13151 lc 194370'13054 (192718'10533,194422'13151] local-les=194449 n=50 ec=192688 les/c 194449/194351 194450/194450/194450) [349,4]/[4,395] r=0 lpr=194450 pi=193304-194449/51 crt=194422'13151 lcod 0'0 mlcod 0'0 remapped m=49] exit Start 0.000050 0 0.000000 -5408>
2014-08-13 16:24:25.190301 7fd9367e4700 5 osd.4 pg_epoch: 194450 pg[24.39a( v 194422'13151 lc 194370'13054 (192718'10533,194422'13151] local-les=194449 n=50 ec=192688 les/c 194449/194351 194450/194450/194450) [349,4]/[4,395] r=0 lpr=194450 pi=193304-194449/51 crt=194422'13151 lcod 0'0 mlcod 0'0 remapped m=49] enter Started/Primary -5407>
2014-08-13 16:24:25.190323 7fd9367e4700 5 osd.4 pg_epoch: 194450 pg[24.39a( v 194422'13151 lc 194370'13054 (192718'10533,194422'13151] local-les=194449 n=50 ec=192688 les/c 194449/194351 194450/194450/194450) [349,4]/[4,395] r=0 lpr=194450 pi=193304-194449/51 crt=194422'13151 lcod 0'0 mlcod 0'0 remapped m=49] enter Started/Primary/Peering -5406>
2014-08-13 16:24:25.190261 7fd93dff0700 3 osd.4 194450 handle_osd_map epochs [194450,194450], i have 194450, src has [185139,194450] -5405>
2014-08-13 16:24:25.190346 7fd9367e4700 5 osd.4 pg_epoch: 194450 pg[24.39a( v 194422'13151 lc 194370'13054 (192718'10533,194422'13151] local-les=194449 n=50 ec=192688 les/c 194449/194351 194450/194450/194450) [349,4]/[4,395] r=0 lpr=194450 pi=193304-194449/51 crt=194422'13151 lcod 0'0 mlcod 0'0 remapped+peering m=49] enter Started/Primary/Peering/GetInfo -5404>
2014-08-13 16:24:25.190356 7fd93dff0700 1 -- 192.168.1.115:6813/25220 <== osd.307 192.168.1.109:6804/31016 6 ==== osd_map(194450..194450 src has 185139..194450) v3 ==== 211+0+0 (2479179274 0 0) 0x7e7b3c0 con 0x7379ce0 -5403>
2014-08-13 16:24:25.190382 7fd93dff0700 3 osd.4 194450 handle_osd_map epochs [194450,194450], i have 194450, src has [185139,194450] -5402>
2014-08-13 16:24:25.190396 7fd93dff0700 1 -- 192.168.1.115:6813/25220 <== osd.11 192.168.1.103:6813/37929 6 ==== osd_map(194450..194450 src has 185139..194450) v3 ==== 211+0+0 (2479179274 0 0) 0x7e7f2c0 con 0x73ca680 -5401>
2014-08-13 16:24:25.190415 7fd93dff0700 3 osd.4 194450 handle_osd_map epochs [194450,194450], i have 194450, src has [185139,194450] -5400>
2014-08-13 16:24:25.190387 7fd93c1ed700 1 -- 192.168.100.115:6806/25220 <== osd.5 192.168.1.103:0/40192 6 ==== osd_ping(ping e194450 stamp
2014-08-13 16:24:25.190276) v2 ==== 47+0+0 (1063272186 0 0) 0x8910c40 con 0x7eba680 -5399>
2014-08-13 16:24:25.190426 7fd93dff0700 1 -- 192.168.1.115:6813/25220 <== osd.339 192.168.1.110:6818/45268 12 ==== osd_map(194450..194450 src has 185139..194450) v3 ==== 211+0+0 (2479179274 0 0) 0x8bd5e80 con 0x73cdc20 -5398>
2014-08-13 16:24:25.190440 7fd93dff0700 3 osd.4 194450 handle_osd_map epochs [194450,194450], i have 194450, src has [185139,194450] -5397>
2014-08-13 16:24:25.190430 7fd93c1ed700 1 -- 192.168.100.115:6806/25220 --> 192.168.1.103:0/40192 -- osd_ping(ping_reply e194450 stamp
2014-08-13 16:24:25.190276) v2 -- ?+0 0x9117000 con 0x7eba680 -5396>
2014-08-13 16:24:25.190449 7fd93dff0700 1 -- 192.168.1.115:6813/25220 <== osd.306 192.168.1.101:6806/6812 3 ==== osd_map(194450..194450 src has 185139..194450) v3 ==== 211+0+0 (2479179274 0 0) 0x8599440 con 0x73ccba0 -5395>
2014-08-13 16:24:25.190462 7fd93dff0700 3 osd.4 194450 handle_osd_map epochs [194450,194450], i have 194450, src has [185139,194450] -5394>
2014-08-13 16:24:25.190471 7fd93dff0700 1 -- 192.168.1.115:6813/25220 <== osd.396 192.168.1.105:6814/41806 3 ==== osd_map(194450..194450 src has 185139..194450) v3 ==== 211+0+0 (2479179274 0 0) 0x7b169c0 con 0x7462100 -5393>
2014-08-13 16:24:25.190484 7fd93dff0700 3 osd.4 194450 handle_osd_map epochs [194450,194450], i have 194450, src has [185139,194450] -5392>
2014-08-13 16:24:25.190492 7fd93dff0700 1 -- 192.168.1.115:6813/25220 <== osd.365 192.168.1.102:6824/15623 8 ==== osd_map(194450..194450 src has 185139..194450) v3 ==== 211+0+0 (2479179274 0 0) 0x7cf60c0 con 0x7723440 -5391>
2014-08-13 16:24:25.190505 7fd93dff0700 3 osd.4 194450 handle_osd_map epochs [194450,194450], i have 194450, src has [185139,194450] -5390>
2014-08-13 16:24:25.190513 7fd93dff0700 1 -- 192.168.1.115:6813/25220 <== osd.26 192.168.1.115:6802/58522 1 ==== osd_map(194351..194450 src has 185139..194450) v3 ==== 85393+0+0 (127312512 0 0) 0x7cf0b40 con 0x7d2d120 -5389>
2014-08-13 16:24:25.190527 7fd93dff0700 3 osd.4 194450 handle_osd_map epochs [194351,194450], i have 194450, src has [185139,194450] -5388>
2014-08-13 16:24:25.190578 7fd93dff0700 1 -- 192.168.1.115:6813/25220 <== osd.314 192.168.1.101:6802/22303 5 ==== osd_map(194450..194450 src has 185139..194450) v3 ==== 211+0+0 (2479179274 0 0) 0x7e7e300 con 0x7d2d280 -5387>
2014-08-13 16:24:25.190597 7fd93dff0700 3 osd.4 194450 handle_osd_map epochs [194450,194450], i have 194450, src has [185139,194450] -5386>
2014-08-13 16:24:25.190577 7fd93adeb700 1 -- 192.168.1.115:6817/25220 <== osd.5 192.168.1.103:0/40192 6 ==== osd_ping(ping e194450 stamp
2014-08-13 16:24:25.190276) v2 ==== 47+0+0 (1063272186 0 0) 0x92863c0 con 0x7eb91e0 -5385>
2014-08-13 16:24:25.190606 7fd93dff0700 1 -- 192.168.1.115:6813/25220 <== osd.63 192.168.1.111:6830/12680 5 ==== osd_map(194450..194450 src has 185139..194450) v3 ==== 211+0+0 (2479179274 0 0) 0x7cf0d80 con 0x821f900 -5384>
2014-08-13 16:24:25.190608 7fd93adeb700 1 -- 192.168.1.115:6817/25220 --> 192.168.1.103:0/40192 -- osd_ping(ping_reply e194450 stamp
2014-08-13 16:24:25.190276) v2 -- ?+0 0x9117e00 con 0x7eb91e0 -5383>
2014-08-13 16:24:25.190620 7fd93dff0700 3 osd.4 194450 handle_osd_map epochs [194450,194450], i have 194450, src has [185139,194450] -5382>
2014-08-13 16:24:25.190628 7fd93dff0700 1 -- 192.168.1.115:6813/25220 <== osd.382 192.168.1.108:6800/30527 3 ==== osd_map(194450..194450 src has 185139..194450) v3 ==== 211+0+0 (2479179274 0 0) 0x33e3cc0 con 0x80c7e80 -5381>
2014-08-13 16:24:25.190642 7fd93dff0700 3 osd.4 194450 handle_osd_map epochs [194450,194450], i have 194450, src has [185139,194450] -5380>
2014-08-13 16:24:25.190626 7fd9367e4700 5 osd.4 pg_epoch: 194450 pg[24.34( v 194215'14514 (192718'11510,194215'14514] local-les=194448 n=-1 ec=192688 les/c 194448/194258 194447/194447/194444) [325,4] r=1 lpr=194447 pi=193125-194446/41 luod=0'0 crt=193305'14233 lcod 0'0 active] exit Started/ReplicaActive/RepNotRecovering 20.751386 7 0.000207 -5379>
2014-08-13 16:24:25.190650 7fd93dff0700 1 -- 192.168.1.115:6813/25220 <== osd.381 192.168.1.102:6822/15390 5 ==== osd_map(194450..194450 src has 185139..194450) v3 ==== 211+0+0 (2479179274 0 0) 0x7cf0000 con 0x80c7d20 -5378>
2014-08-13 16:24:25.190664 7fd93dff0700 3 osd.4 194450 handle_osd_map epochs [194450,194450], i have 194450, src has [185139,194450] -5377>
2014-08-13 16:24:25.190657 7fd9367e4700 5 osd.4 pg_epoch: 194450 pg[24.34( v 194215'14514 (192718'11510,194215'14514] local-les=194448 n=-1 ec=192688 les/c 194448/194258 194447/194447/194444) [325,4] r=1 lpr=194447 pi=193125-194446/41 luod=0'0 crt=193305'14233 lcod 0'0 active] exit Started/ReplicaActive 20.751445 0 0.000000 -5376>
2014-08-13 16:24:25.190673 7fd93dff0700 1 -- 192.168.1.115:6813/25220 <== osd.301 192.168.1.113:6814/16727 13 ==== osd_map(194450..194450 src has 185139..194450) v3 ==== 211+0+0 (2479179274 0 0) 0x7b16780 con 0x4e4b860 -5375>
2014-08-13 16:24:25.190687 7fd93dff0700 3 osd.4 194450 handle_osd_map epochs [194450,194450], i have 194450, src has [185139,194450] -5374>
2014-08-13 16:24:25.190678 7fd9367e4700 5 osd.4 pg_epoch: 194450 pg[24.34( v 194215'14514 (192718'11510,194215'14514] local-les=194448 n=-1 ec=192688 les/c 194448/194258 194447/194447/194444) [325,4] r=1 lpr=194447 pi=193125-194446/41 luod=0'0 crt=193305'14233 lcod 0'0 active] exit Started 21.577301 0 0.000000 -5373>
2014-08-13 16:24:25.190699 7fd93dff0700 1 -- 192.168.1.115:6813/25220 <== osd.58 192.168.1.111:6834/14316 17 ==== osd_map(194450..194450 src has 185139..194450) v3 ==== 211+0+0 (2479179274 0 0) 0x859bcc0 con 0x4e4dd80 -5372>
2014-08-13 16:24:25.190697 7fd9367e4700 5 osd.4 pg_epoch: 194450 pg[24.34( v 194215'14514 (192718'11510,194215'14514] local-les=194448 n=-1 ec=192688 les/c 194448/194258 194447/194447/194444) [325,4] r=1 lpr=194447 pi=193125-194446/41 luod=0'0 crt=193305'14233 lcod 0'0 active] enter Reset -5371>
2014-08-13 16:24:25.190714 7fd93dff0700 3 osd.4 194450 handle_osd_map epochs [194450,194450], i have 194450, src has [185139,194450] -5370>
2014-08-13 16:24:25.190723 7fd93dff0700 1 -- 192.168.1.115:6813/25220 <== osd.54 192.168.1.111:6836/14923 11 ==== osd_map(194450..194450 src has 185139..194450) v3 ==== 211+0+0 (2479179274 0 0) 0x8bd0b40 con 0x4e4ce60 -5369>
2014-08-13 16:24:25.190741 7fd93dff0700 3 osd.4 194450 handle_osd_map epochs [194450,194450], i have 194450, src has [185139,194450] -5368>
2014-08-13 16:24:25.190750 7fd93dff0700 1 -- 192.168.1.115:6813/25220 <== osd.30 192.168.1.107:6823/55491 18 ==== osd_map(194450..194450 src has 185139..194450) v3 ==== 211+0+0 (2479179274 0 0) 0x8bd3180 con 0x4e4f900 -5367>
2014-08-13 16:24:25.190759 7fd9367e4700 5 osd.4 pg_epoch: 194450 pg[24.34( v 194215'14514 (192718'11510,194215'14514] local-les=194448 n=-1 ec=192688 les/c 194448/194258 194450/194450/194450) [4] r=0 lpr=194450 pi=193125-194449/42 crt=193305'14233 lcod 0'0 mlcod 0'0 inactive] exit Reset 0.000061 1 0.000131 -5366>
2014-08-13 16:24:25.190764 7fd93dff0700 3 osd.4 194450 handle_osd_map epochs [194450,194450], i have 194450, src has [185139,194450] -5365>
2014-08-13 16:24:25.190784 7fd9367e4700 5 osd.4 pg_epoch: 194450 pg[24.34( v 194215'14514 (192718'11510,194215'14514] local-les=194448 n=-1 ec=192688 les/c 194448/194258 194450/194450/194450) [4] r=0 lpr=194450 pi=193125-194449/42 crt=193305'14233 lcod 0'0 mlcod 0'0 inactive] enter Started -5364>
2014-08-13 16:24:25.190788 7fd93dff0700 1 -- 192.168.1.115:6813/25220 <== osd.356 192.168.1.108:6832/5235 22 ==== osd_map(194450..194450 src has 185139..194450) v3 ==== 211+0+0 (2479179274 0 0) 0x859b180 con 0x4fd8000 -5363>
2014-08-13 16:24:25.190810 7fd9367e4700 5 osd.4 pg_epoch: 194450 pg[24.34( v 194215'14514 (192718'11510,194215'14514] local-les=194448 n=-1 ec=192688 les/c 194448/194258 194450/194450/194450) [4] r=0 lpr=194450 pi=193125-194449/42 crt=193305'14233 lcod 0'0 mlcod 0'0 inactive] enter Start -5362>
2014-08-13 16:24:25.190825 7fd9367e4700 1 osd.4 pg_epoch: 194450 pg[24.34( v 194215'14514 (192718'11510,194215'14514] local-les=194448 n=-1 ec=192688 les/c 194448/194258 194450/194450/194450) [4] r=0 lpr=194450 pi=193125-194449/42 crt=193305'14233 lcod 0'0 mlcod 0'0 inactive] state: transitioning to Primary -5361>
2014-08-13 16:24:25.190834 7fd93dff0700 3 osd.4 194450 handle_osd_map epochs [194450,194450], i have 194450, src has [185139,194450] -5360>
2014-08-13 16:24:25.190847 7fd9367e4700 5 osd.4 pg_epoch: 194450 pg[24.34( v 194215'14514 (192718'11510,194215'14514] local-les=194448 n=-1 ec=192688 les/c 194448/194258 194450/194450/194450) [4] r=0 lpr=194450 pi=193125-194449/42 crt=193305'14233 lcod 0'0 mlcod 0'0 inactive] exit Start 0.000037 0 0.000000 -5359>
2014-08-13 16:24:25.190868 7fd9367e4700 5 osd.4 pg_epoch: 194450 pg[24.34( v 194215'14514 (192718'11510,194215'14514] local-les=194448 n=-1 ec=192688 les/c 194448/194258 194450/194450/194450) [4] r=0 lpr=194450 pi=193125-194449/42 crt=193305'14233 lcod 0'0 mlcod 0'0 inactive] enter Started/Primary -5358>
2014-08-13 16:24:25.190863 7fd93dff0700 1 -- 192.168.1.115:6813/25220 <== osd.20 192.168.1.103:6815/38269 15 ==== osd_map(194450..194450 src has 185139..194450) v3 ==== 211+0+0 (2479179274 0 0) 0x8bd4ec0 con 0x4fe1600 -5357>
2014-08-13 16:24:25.190899 7fd93dff0700 3 osd.4 194450 handle_osd_map epochs [194450,194450], i have 194450, src has [185139,194450] -5356>
2014-08-13 16:24:25.190924 7fd93dff0700 1 -- 192.168.1.115:6813/25220 <== osd.61 192.168.1.111:6840/16566 14 ==== osd_map(194450..194450 src has 185139..194450) v3 ==== 211+0+0 (2479179274 0 0) 0x7e7b840 con 0x4fe40a0 -5355>
2014-08-13 16:24:25.190947 7fd93dff0700 3 osd.4 194450 handle_osd_map epochs [194450,194450], i have 194450, src has [185139,194450] -5354>
2014-08-13 16:24:25.190957 7fd93dff0700 1 -- 192.168.1.115:6813/25220 <== osd.340 192.168.1.104:6806/62463 18 ==== osd_map(194450..194450 src has 185139..194450) v3 ==== 211+0+0 (2479179274 0 0) 0x7cf0fc0 con 0x4fe69e0 -5353>
2014-08-13 16:24:25.190971 7fd93dff0700 3 osd.4 194450 handle_osd_map epochs [194450,194450], i have 194450, src has [185139,194450] -5352>
2014-08-13 16:24:25.190980 7fd93dff0700 1 -- 192.168.1.115:6813/25220 <== osd.45 192.168.1.112:6828/6040 17 ==== osd_map(194450..194450 src has 185139..194450) v3 ==== 211+0+0 (2479179274 0 0) 0x7b15a00 con 0x4fda940 -5351>
2014-08-13 16:24:25.190998 7fd93dff0700 3 osd.4 194450 handle_osd_map epochs [194450,194450], i have 194450, src has [185139,194450] -5350>
2014-08-13 16:24:25.190892 7fd9367e4700 5 osd.4 pg_epoch: 194450 pg[24.34( v 194215'14514 (192718'11510,194215'14514] local-les=194448 n=-1 ec=192688 les/c 194448/194258 194450/194450/194450) [4] r=0 lpr=194450 pi=193125-194449/42 crt=193305'14233 lcod 0'0 mlcod 0'0 inactive] enter Started/Primary/Peering -5349>
2014-08-13 16:24:25.191012 7fd93dff0700 1 -- 192.168.1.115:6813/25220 <== osd.13 192.168.1.115:6804/58748 1 ==== osd_map(194351..194450 src has 185139..194450) v3 ==== 85393+0+0 (127312512 0 0) 0x7cf18c0 con 0x4fd9b80 -5348>
2014-08-13 16:24:25.191032 7fd93dff0700 3 osd.4 194450 handle_osd_map epochs [194351,194450], i have 194450, src has [185139,194450] -5347>
2014-08-13 16:24:25.191020 7fd9367e4700 5 osd.4 pg_epoch: 194450 pg[24.34( v 194215'14514 (192718'11510,194215'14514] local-les=194448 n=-1 ec=192688 les/c 194448/194258 194450/194450/194450) [4] r=0 lpr=194450 pi=193125-194449/42 crt=193305'14233 lcod 0'0 mlcod 0'0 peering] enter Started/Primary/Peering/GetInfo -5346>
2014-08-13 16:24:25.191061 7fd9367e4700 5 osd.4 pg_epoch: 194450 pg[24.34( v 194215'14514 (192718'11510,194215'14514] local-les=194448 n=-1 ec=192688 les/c 194448/194258 194450/194450/194450) [4] r=0 lpr=194450 pi=193125-194449/42 crt=193305'14233 lcod 0'0 mlcod 0'0 peering] exit Started/Primary/Peering/GetInfo 0.000041 0 0.000000 -5345>
2014-08-13 16:24:25.191074 7fd93dff0700 1 -- 192.168.1.115:6813/25220 <== osd.289 192.168.1.113:6808/15284 18 ==== osd_map(194450..194450 src has 185139..194450) v3 ==== 211+0+0 (2479179274 0 0) 0x7cf69c0 con 0x4fdb2e0 -5344>
2014-08-13 16:24:25.191107 7fd93dff0700 3 osd.4 194450 handle_osd_map epochs [194450,194450], i have 194450, src has [185139,194450] -5343>
2014-08-13 16:24:25.191099 7fd9367e4700 5 osd.4 pg_epoch: 194450 pg[24.34( v 194215'14514 (192718'11510,194215'14514] local-les=194448 n=-1 ec=192688 les/c 194448/194258 194450/194450/194450) [4] r=0 lpr=194450 pi=193125-194449/42 crt=193305'14233 lcod 0'0 mlcod 0'0 peering] enter Started/Primary/Peering/GetLog -5342>
2014-08-13 16:24:25.191124 7fd93dff0700 1 -- 192.168.1.115:6813/25220 <== osd.31 192.168.1.103:6831/41157 14 ==== osd_map(194450..194450 src has 185139..194450) v3 ==== 211+0+0 (2479179274 0 0) 0x7cf1680 con 0x5089760 -5341>
2014-08-13 16:24:25.191140 7fd93dff0700 3 osd.4 194450 handle_osd_map epochs [194450,194450], i have 194450, src has [185139,194450] -5340>
2014-08-13 16:24:25.191149 7fd93dff0700 1 -- 192.168.1.115:6813/25220 <== osd.55 192.168.1.112:6834/6966 17 ==== osd_map(194450..194450 src has 185139..194450) v3 ==== 211+0+0 (2479179274 0 0) 0x8bd2d00 con 0x50889a0 -5339>
2014-08-13 16:24:25.191168 7fd93dff0700 3 osd.4 194450 handle_osd_map epochs [194450,194450], i have 194450, src has [185139,194450] -5338>
2014-08-13 16:24:25.191163 7fd9367e4700 5 osd.4 pg_epoch: 194450 pg[24.34( v 194215'14514 (192718'11510,194215'14514] local-les=194448 n=-1 ec=192688 les/c 194448/194258 194450/194450/194450) [4] r=0 lpr=194450 pi=193125-194449/42 crt=193305'14233 lcod 0'0 mlcod 0'0 peering] exit Started/Primary/Peering/GetLog 0.000065 0 0.000000 -5337>
2014-08-13 16:24:25.191199 7fd93dff0700 1 -- 192.168.1.115:6813/25220 <== osd.44 192.168.1.111:6822/10782 13 ==== osd_map(194450..194450 src has 185139..194450) v3 ==== 211+0+0 (2479179274 0 0) 0x8bd3a80 con 0x508a680 -5336>
2014-08-13 16:24:25.191200 7fd9367e4700 5 osd.4 pg_epoch: 194450 pg[24.34( v 194215'14514 (192718'11510,194215'14514] local-les=194448 n=-1 ec=192688 les/c 194448/194258 194450/194450/194450) [4] r=0 lpr=194450 pi=193125-194449/42 crt=193305'14233 lcod 0'0 mlcod 0'0 peering] enter Started/Primary/Peering/Incomplete -5335>
2014-08-13 16:24:25.191221 7fd93dff0700 3 osd.4 194450 handle_osd_map epochs [194450,194450], i have 194450, src has [185139,194450] -5334>
2014-08-13 16:24:25.191230 7fd93dff0700 1 -- 192.168.1.115:6813/25220 <== osd.50 192.168.1.112:6842/9607 14 ==== osd_map(194450..194450 src has 185139..194450) v3 ==== 211+0+0 (2479179274 0 0) 0x7cf4ec0 con 0x508c620 -5333>
2014-08-13 16:24:25.191248 7fd93dff0700 3 osd.4 194450 handle_osd_map epochs [194450,194450], i have 194450, src has [185139,194450] -5332>
2014-08-13 16:24:25.191256 7fd93dff0700 1 -- 192.168.1.115:6813/25220 <== osd.337 192.168.1.104:6804/62197 27 ==== osd_map(194450..194450 src has 185139..194450) v3 ==== 211+0+0 (2479179274 0 0) 0x8bd1440 con 0x508bde0 -5331>
2014-08-13 16:24:25.191274 7fd93dff0700 3 osd.4 194450 handle_osd_map epochs [194450,194450], i have 194450, src has [185139,194450] -5330>
2014-08-13 16:24:25.191286 7fd93dff0700 1 -- 192.168.1.115:6813/25220 <== osd.358 192.168.1.114:6824/52078 20 ==== osd_map(194450..194450 src has 185139..194450) v3 ==== 211+0+0 (2479179274 0 0) 0x7cf5a00 con 0x50b9a20 -5329>
2014-08-13 16:24:25.191303 7fd93dff0700 3 osd.4 194450 handle_osd_map epochs [194450,194450], i have 194450, src has [185139,194450] -5328>
2014-08-13 16:24:25.191316 7fd93dff0700 1 -- 192.168.1.115:6813/25220 <== osd.15 192.168.1.107:6812/53408 13 ==== osd_map(194450..194450 src has 185139..194450) v3 ==== 211+0+0 (2479179274 0 0) 0x7b17980 con 0x50ba520 -5327>
2014-08-13 16:24:25.191334 7fd93dff0700 3 osd.4 194450 handle_osd_map epochs [194450,194450], i have 194450, src has [185139,194450] -5326>
2014-08-13 16:24:25.191346 7fd93dff0700 1 -- 192.168.1.115:6813/25220 <== osd.51 192.168.1.112:6832/6655 14 ==== osd_map(194450..194450 src has 185139..194450) v3 ==== 211+0+0 (2479179274 0 0) 0x859f740 con 0x50bc4c0 -5325>
2014-08-13 16:24:25.191364 7fd93dff0700 3 osd.4 194450 handle_osd_map epochs [194450,194450], i have 194450, src has [185139,194450] -5324>
2014-08-13 16:24:25.191375 7fd93dff0700 1 -- 192.168.1.115:6813/25220 <== osd.347 192.168.1.106:6800/4640 10 ==== osd_map(194450..194450 src has 185139..194450) v3 ==== 211+0+0 (2479179274 0 0) 0x8d0a1c0 con 0x50bbf40 -5323>
2014-08-13 16:24:25.191392 7fd93dff0700 3 osd.4 194450 handle_osd_map epochs [194450,194450], i have 194450, src has [185139,194450] -5322>
2014-08-13 16:24:25.191403 7fd93dff0700 1 -- 192.168.1.115:6813/25220 <== osd.24 192.168.1.107:6800/52669 6 ==== osd_map(194450..194450 src has 185139..194450) v3 ==== 211+0+0 (2479179274 0 0) 0x7cf6780 con 0x50bfa60 -5321>
2014-08-13 16:24:25.191420 7fd93dff0700 3 osd.4 194450 handle_osd_map epochs [194450,194450], i have 194450, src has [185139,194450] -5320>
2014-08-13 16:24:25.191431 7fd93dff0700 1 -- 192.168.1.115:6813/25220 <== osd.362 192.168.1.108:6842/8170 14 ==== osd_map(194450..194450 src has 185139..194450) v3 ==== 211+0+0 (2479179274 0 0) 0x7b11b00 con 0x510b9c0 -5319>
2014-08-13 16:24:25.191448 7fd93dff0700 3 osd.4 194450 handle_osd_map epochs [194450,194450], i have 194450, src has [185139,194450] -5318>
2014-08-13 16:24:25.191460 7fd93dff0700 1 -- 192.168.1.115:6813/25220 <== osd.303 192.168.1.109:6802/30768 12 ==== osd_map(194450..194450 src has 185139..194450) v3 ==== 211+0+0 (2479179274 0 0) 0x7e7c5c0 con 0x5108b00 -5317>
2014-08-13 16:24:25.191487 7fd93dff0700 3 osd.4 194450 handle_osd_map epochs [194450,194450], i have 194450, src has [185139,194450] -5316>
2014-08-13 16:24:25.191501 7fd93dff0700 1 -- 192.168.1.115:6813/25220 <== osd.293 192.168.1.109:6816/33855 6 ==== osd_map(194450..194450 src has 185139..194450) v3 ==== 211+0+0 (2479179274 0 0) 0x7b14380 con 0x510dac0 -5315>
2014-08-13 16:24:25.191519 7fd93dff0700 3 osd.4 194450 handle_osd_map epochs [194450,194450], i have 194450, src has [185139,194450] -5314>
2014-08-13 16:24:25.191534 7fd93dff0700 1 -- 192.168.1.115:6813/25220 <== osd.395 192.168.1.105:6810/41287 1 ==== osd_map(194351..194450 src has 185139..194450) v3 ==== 85393+0+0 (127312512 0 0) 0x859dc40 con 0x51127e0 -5313>
2014-08-13 16:24:25.191551 7fd93dff0700 3 osd.4 194450 handle_osd_map epochs [194351,194450], i have 194450, src has [185139,194450] -5312>
2014-08-13 16:24:25.191605 7fd93dff0700 1 -- 192.168.1.115:6813/25220 <== osd.367 192.168.1.114:6840/55513 28 ==== osd_map(194450..194450 src has 185139..194450) v3 ==== 211+0+0 (2479179274 0 0) 0x859e300 con 0x5112520 -5311>
2014-08-13 16:24:25.191624 7fd93dff0700 3 osd.4 194450 handle_osd_map epochs [194450,194450], i have 194450, src has [185139,194450] -5310>
2014-08-13 16:24:25.191637 7fd93dff0700 1 -- 192.168.1.115:6813/25220 <== osd.371 192.168.1.102:6832/16753 11 ==== osd_map(194450..194450 src has 185139..194450) v3 ==== 211+0+0 (2479179274 0 0) 0x7b16c00 con 0x5112260 -5309>
2014-08-13 16:24:25.191654 7fd93dff0700 3 osd.4 194450 handle_osd_map epochs [194450,194450], i have 194450, src has [185139,194450] -5308>
2014-08-13 16:24:25.191666 7fd93dff0700 1 -- 192.168.1.115:6813/25220 <== osd.331 192.168.1.104:6816/837 9 ==== osd_map(194450..194450 src has 185139..194450) v3 ==== 211+0+0 (2479179274 0 0) 0x7e79440 con 0x5114620 -5307>
2014-08-13 16:24:25.191683 7fd93dff0700 3 osd.4 194450 handle_osd_map epochs [194450,194450], i have 194450, src has [185139,194450] -5306>
2014-08-13 16:24:25.191694 7fd93dff0700 1 -- 192.168.1.115:6813/25220 <== osd.320 192.168.1.106:6820/10050 16 ==== osd_map(194450..194450 src has 185139..194450) v3 ==== 211+0+0 (2479179274 0 0) 0x7e79b00 con 0x5114360 -5305>
2014-08-13 16:24:25.191711 7fd93dff0700 3 osd.4 194450 handle_osd_map epochs [194450,194450], i have 194450, src has [185139,194450] -5304>
2014-08-13 16:24:25.191719 7fd93dff0700 1 -- 192.168.1.115:6813/25220 <== osd.379 192.168.1.108:6830/4861 6 ==== osd_map(194450..194450 src has 185139..194450) v3 ==== 211+0+0 (2479179274 0 0) 0x7b172c0 con 0x5113de0 -5303>
2014-08-13 16:24:25.191736 7fd93dff0700 3 osd.4 194450 handle_osd_map epochs [194450,194450], i have 194450, src has [185139,194450] -5302>
2014-08-13 16:24:25.191748 7fd93dff0700 1 -- 192.168.1.115:6813/25220 <== osd.330 192.168.1.106:6802/4876 16 ==== osd_map(194450..194450 src has 185139..194450) v3 ==== 211+0+0 (2479179274 0 0) 0x859ad00 con 0x5113b20 -5301>
2014-08-13 16:24:25.191765 7fd93dff0700 3 osd.4 194450 handle_osd_map epochs [194450,194450], i have 194450, src has [185139,194450] -5300>
2014-08-13 16:24:25.191776 7fd93dff0700 1 -- 192.168.1.115:6813/25220 <== osd.327 192.168.1.106:6804/5112 9 ==== osd_map(194450..194450 src has 185139..194450) v3 ==== 211+0+0 (2479179274 0 0) 0x7e78fc0 con 0x5113860 -5299>
2014-08-13 16:24:25.191793 7fd93dff0700 3 osd.4 194450 handle_osd_map epochs [194450,194450], i have 194450, src has [185139,194450] -5298>
2014-08-13 16:24:25.191804 7fd93dff0700 1 -- 192.168.1.115:6813/25220 <== osd.397 192.168.1.105:6808/41085 23 ==== osd_map(194450..194450 src has 185139..194450) v3 ==== 211+0+0 (2479179274 0 0) 0x7b14800 con 0x5111fa0 -5297>
2014-08-13 16:24:25.191821 7fd93dff0700 3 osd.4 194450 handle_osd_map epochs [194450,194450], i have 194450, src has [185139,194450] -5296>
2014-08-13 16:24:25.191833 7fd93dff0700 1 -- 192.168.1.115:6813/25220 <== osd.373 192.168.1.108:6840/7435 27 ==== osd_map(194450..194450 src has 185139..194450) v3 ==== 211+0+0 (2479179274 0 0) 0x8bd33c0 con 0x51135a0 -5295>
2014-08-13 16:24:25.191851 7fd93dff0700 3 osd.4 194450 handle_osd_map epochs [194450,194450], i have 194450, src has [185139,194450] -5294>
2014-08-13 16:24:25.191865 7fd93dff0700 1 -- 192.168.1.115:6813/25220 <== osd.376 192.168.1.108:6838/6893 19 ==== osd_map(194450..194450 src has 185139..194450) v3 ==== 211+0+0 (2479179274 0 0) 0x859d100 con 0x5111a20 -5293>
2014-08-13 16:24:25.191883 7fd93dff0700 3 osd.4 194450 handle_osd_map epochs [194450,194450], i have 194450, src has [185139,194450] -5292>
2014-08-13 16:24:25.191894 7fd93dff0700 1 -- 192.168.1.115:6813/25220 <== osd.349 192.168.1.104:6800/61726 12 ==== osd_map(194450..194450 src has 185139..194450) v3 ==== 211+0+0 (2479179274 0 0) 0x7b14c80 con 0x7313860 -5291>
2014-08-13 16:24:25.191911 7fd93dff0700 3 osd.4 194450 handle_osd_map epochs [194450,194450], i have 194450, src has [185139,194450] -5290>
2014-08-13 16:24:25.191922 7fd93dff0700 1 -- 192.168.1.115:6813/25220 <== osd.368 192.168.1.102:6826/15861 7 ==== osd_map(194450..194450 src has 185139..194450) v3 ==== 211+0+0 (2479179274 0 0) 0x7b15340 con 0x7316720 -5289>
2014-08-13 16:24:25.191940 7fd93dff0700 3 osd.4 194450 handle_osd_map epochs [194450,194450], i have 194450, src has [185139,194450] -5288>
2014-08-13 16:24:25.191952 7fd93dff0700 1 -- 192.168.1.115:6813/25220 <== osd.342 192.168.1.110:6802/41438 8 ==== pg_notify(22.113(4),22.3e4(17) epoch 194450) v5 ==== 2595+0+0 (2320701836 0 0) 0x8c8d5c0 con 0x7314fc0 -5287>
2014-08-13 16:24:25.191972 7fd93dff0700 5 -- op tracker -- , seq: 835, time:
2014-08-13 16:24:24.718509, event: header_read, request: pg_notify(22.113(4),22.3e4(17) epoch 194450) v5 -5286>
2014-08-13 16:24:25.191987 7fd93dff0700 5 -- op tracker -- , seq: 835, time:
2014-08-13 16:24:24.718511, event: throttled, request: pg_notify(22.113(4),22.3e4(17) epoch 194450) v5 -5285>
2014-08-13 16:24:25.191998 7fd93dff0700 5 -- op tracker -- , seq: 835, time:
2014-08-13 16:24:24.718662, event: all_read, request: pg_notify(22.113(4),22.3e4(17) epoch 194450) v5 -5284>
2014-08-13 16:24:25.192008 7fd93dff0700 5 -- op tracker -- , seq: 835, time:
2014-08-13 16:24:25.191969, event: dispatched, request: pg_notify(22.113(4),22.3e4(17) epoch 194450) v5 -5283>
2014-08-13 16:24:25.192019 7fd93dff0700 5 -- op tracker -- , seq: 835, time:
2014-08-13 16:24:25.192019, event: waiting_for_osdmap, request: pg_notify(22.113(4),22.3e4(17) epoch 194450) v5 -5282>
2014-08-13 16:24:25.192033 7fd93dff0700 5 -- op tracker -- , seq: 835, time:
2014-08-13 16:24:25.192033, event: started, request: pg_notify(22.113(4),22.3e4(17) epoch 194450) v5 -5281>
2014-08-13 16:24:25.192077 7fd93dff0700 5 -- op tracker -- , seq: 835, time:
2014-08-13 16:24:25.192077, event: done, request: pg_notify(22.113(4),22.3e4(17) epoch 194450) v5 -5280>
2014-08-13 16:24:25.192108 7fd93dff0700 1 -- 192.168.1.115:6813/25220 <== osd.302 192.168.1.113:6810/15731 7 ==== pg_notify(22.22c(4) epoch 194450) v5 ==== 942+0+0 (3820857498 0 0) 0x9105400 con 0x7316f60 -5279>
2014-08-13 16:24:25.192128 7fd93dff0700 5 -- op tracker -- , seq: 836, time:
2014-08-13 16:24:24.715017, event: header_read, request: pg_notify(22.22c(4) epoch 194450) v5 -5278>
2014-08-13 16:24:25.192139 7fd93dff0700 5 -- op tracker -- , seq: 836, time:
2014-08-13 16:24:24.715019, event: throttled, request: pg_notify(22.22c(4) epoch 194450) v5 -5277>
2014-08-13 16:24:25.192149 7fd93dff0700 5 -- op tracker -- , seq: 836, time:
2014-08-13 16:24:24.715087, event: all_read, request: pg_notify(22.22c(4) epoch 194450) v5 -5276>
2014-08-13 16:24:25.192158 7fd93dff0700 5 -- op tracker -- , seq: 836, time:
2014-08-13 16:24:25.192126, event: dispatched, request: pg_notify(22.22c(4) epoch 194450) v5 -5275>
2014-08-13 16:24:25.192168 7fd93dff0700 5 -- op tracker -- , seq: 836, time:
2014-08-13 16:24:25.192168, event: waiting_for_osdmap, request: pg_notify(22.22c(4) epoch 194450) v5 -5274>
2014-08-13 16:24:25.192176 7fd93dff0700 5 -- op tracker -- , seq: 836, time:
2014-08-13 16:24:25.192176, event: started, request: pg_notify(22.22c(4) epoch 194450) v5 -5273>
2014-08-13 16:24:25.192212 7fd93dff0700 5 -- op tracker -- , seq: 836, time:
2014-08-13 16:24:25.192212, event: done, request: pg_notify(22.22c(4) epoch 194450) v5 -5272>
2014-08-13 16:24:25.192269 7fd93dff0700 1 -- 192.168.1.115:6813/25220 <== osd.48 192.168.1.112:6838/8300 6 ==== pg_notify(22.619(17) epoch 194450) v5 ==== 1665+0+0 (2086399844 0 0) 0x80d9a40 con 0x8da1760 -5271>
2014-08-13 16:24:25.192291 7fd93dff0700 5 -- op tracker -- , seq: 837, time:
2014-08-13 16:24:24.734926, event: header_read, request: pg_notify(22.619(17) epoch 194450) v5 -5270>
2014-08-13 16:24:25.192302 7fd93dff0700 5 -- op tracker -- , seq: 837, time:
2014-08-13 16:24:24.734927, event: throttled, request: pg_notify(22.619(17) epoch 194450) v5 -5269>
2014-08-13 16:24:25.192318 7fd93dff0700 5 -- op tracker -- , seq: 837, time:
2014-08-13 16:24:24.735030, event: all_read, request: pg_notify(22.619(17) epoch 194450) v5 -5268>
2014-08-13 16:24:25.192328 7fd93dff0700 5 -- op tracker -- , seq: 837, time:
2014-08-13 16:24:25.192288, event: dispatched, request: pg_notify(22.619(17) epoch 194450) v5 -5267>
2014-08-13 16:24:25.192338 7fd93dff0700 5 -- op tracker -- , seq: 837, time:
2014-08-13 16:24:25.192337, event: waiting_for_osdmap, request: pg_notify(22.619(17) epoch 194450) v5 -5266>
2014-08-13 16:24:25.192349 7fd93dff0700 5 -- op tracker -- , seq: 837, time:
2014-08-13 16:24:25.192349, event: started, request: pg_notify(22.619(17) epoch 194450) v5 -5265>
2014-08-13 16:24:25.192380 7fd93dff0700 5 -- op tracker -- , seq: 837, time:
2014-08-13 16:24:25.192379, event: done, request: pg_notify(22.619(17) epoch 194450) v5 -5264>
2014-08-13 16:24:25.192424 7fd93dff0700 1 -- 192.168.1.115:6813/25220 <== osd.311 192.168.1.101:6816/24270 7 ==== pg_notify(22.f3(15) epoch 194450) v5 ==== 1551+0+0 (273510896 0 0) 0x9280540 con 0x8da5120 -5263>
2014-08-13 16:24:25.192445 7fd93dff0700 5 -- op tracker -- , seq: 838, time:
2014-08-13 16:24:24.919087, event: header_read, request: pg_notify(22.f3(15) epoch 194450) v5 -5262>
2014-08-13 16:24:25.192456 7fd93dff0700 5 -- op tracker -- , seq: 838, time:
2014-08-13 16:24:24.919088, event: throttled, request: pg_notify(22.f3(15) epoch 194450) v5 -5261>
2014-08-13 16:24:25.192462 7fd93dff0700 5 -- op tracker -- , seq: 838, time:
2014-08-13 16:24:24.919190, event: all_read, request: pg_notify(22.f3(15) epoch 194450) v5 -5260>
2014-08-13 16:24:25.192470 7fd93dff0700 5 -- op tracker -- , seq: 838, time:
2014-08-13 16:24:25.192442, event: dispatched, request: pg_notify(22.f3(15) epoch 194450) v5 -5259>
2014-08-13 16:24:25.192480 7fd93dff0700 5 -- op tracker -- , seq: 838, time:
2014-08-13 16:24:25.192480, event: waiting_for_osdmap, request: pg_notify(22.f3(15) epoch 194450) v5 -5258>
2014-08-13 16:24:25.192491 7fd93dff0700 5 -- op tracker -- , seq: 838, time:
2014-08-13 16:24:25.192491, event: started, request: pg_notify(22.f3(15) epoch 194450) v5 -5257>
2014-08-13 16:24:25.192515 7fd93dff0700 5 -- op tracker -- , seq: 838, time:
2014-08-13 16:24:25.192515, event: done, request: pg_notify(22.f3(15) epoch 194450) v5 -5256>
2014-08-13 16:24:25.192540 7fd93dff0700 1 -- 192.168.1.115:6813/25220 <== osd.363 192.168.1.102:6842/20017 8 ==== pg_notify(22.99(4) epoch 194450) v5 ==== 942+0+0 (2531270626 0 0) 0x8c8de80 con 0x72d9b80 -5255>
2014-08-13 16:24:25.192559 7fd93dff0700 5 -- op tracker -- , seq: 839, time:
2014-08-13 16:24:24.729735, event: header_read, request: pg_notify(22.99(4) epoch 194450) v5 -5254>
2014-08-13 16:24:25.192570 7fd93dff0700 5 -- op tracker -- , seq: 839, time:
2014-08-13 16:24:24.729736, event: throttled, request: pg_notify(22.99(4) epoch 194450) v5 -5253>
2014-08-13 16:24:25.192579 7fd93dff0700 5 -- op tracker -- , seq: 839, time:
2014-08-13 16:24:24.729810, event: all_read, request: pg_notify(22.99(4) epoch 194450) v5 -5252>
2014-08-13 16:24:25.192588 7fd93dff0700 5 -- op tracker -- , seq: 839, time:
2014-08-13 16:24:25.192557, event: dispatched, request: pg_notify(22.99(4) epoch 194450) v5 -5251>
2014-08-13 16:24:25.192597 7fd93dff0700 5 -- op tracker -- , seq: 839, time:
2014-08-13 16:24:25.192597, event: waiting_for_osdmap, request: pg_notify(22.99(4) epoch 194450) v5 -5250>
2014-08-13 16:24:25.192608 7fd93dff0700 5 -- op tracker -- , seq: 839, time:
2014-08-13 16:24:25.192608, event: started, request: pg_notify(22.99(4) epoch 194450) v5 -5249>
2014-08-13 16:24:25.192631 7fd93dff0700 5 -- op tracker -- , seq: 839, time:
2014-08-13 16:24:25.192630, event: done, request: pg_notify(22.99(4) epoch 194450) v5 -5248>
2014-08-13 16:24:25.192654 7fd93dff0700 1 -- 192.168.1.115:6813/25220 <== osd.352 192.168.1.108:6826/4273 7 ==== pg_notify(22.4df(4) epoch 194450) v5 ==== 942+0+0 (4239931283 0 0) 0x87e39c0 con 0x72dfa60 -5247>
2014-08-13 16:24:25.192674 7fd93dff0700 5 -- op tracker -- , seq: 840, time:
2014-08-13 16:24:24.693087, event: header_read, request: pg_notify(22.4df(4) epoch 194450) v5 -5246>
2014-08-13 16:24:25.192687 7fd93dff0700 5 -- op tracker -- , seq: 840, time:
2014-08-13 16:24:24.693088, event: throttled, request: pg_notify(22.4df(4) epoch 194450) v5 -5245>
2014-08-13 16:24:25.192696 7fd93dff0700 5 -- op tracker -- , seq: 840, time:
2014-08-13 16:24:24.693194, event: all_read, request: pg_notify(22.4df(4) epoch 194450) v5 -5244>
