2014-08-13 16:24:19.617312 7fd93adeb700 1 -- 192.168.1.115:6817/25220 --> 192.168.1.108:0/5235 -- osd_ping(ping_reply e194449 stamp
2014-08-13 16:24:19.617011) v2 -- ?+0 0x775d940 con 0x7eda680 -6384>
2014-08-13 16:24:19.617352 7fd93c1ed700 1 -- 192.168.100.115:6806/25220 <== osd.356 192.168.1.108:0/5235 5 ==== osd_ping(ping e194449 stamp
2014-08-13 16:24:19.617011) v2 ==== 47+0+0 (1227906082 0 0) 0x9287e00 con 0x7edc620 -6383>
2014-08-13 16:24:19.617400 7fd93c1ed700 1 -- 192.168.100.115:6806/25220 --> 192.168.1.108:0/5235 -- osd_ping(ping_reply e194449 stamp
2014-08-13 16:24:19.617011) v2 -- ?+0 0x77596c0 con 0x7edc620 -6382>
2014-08-13 16:24:19.691232 7fd9353e2700 1 -- 192.168.1.115:6813/25220 --> 192.168.1.110:6820/46337 -- osd_sub_op(unknown.0.0:0 22.29a 0//0//-1 [scrub-map] v 0'0 snapset=0=[]:[] snapc=0=[]) v10 -- ?+2804 0x7ec8b00 con 0x4fe0000 -6381>
2014-08-13 16:24:19.694002 7fd93dff0700 1 -- 192.168.1.115:6813/25220 <== osd.345 192.168.1.110:6820/46337 27 ==== osd_sub_op(unknown.0.0:0 22.29a 0//0//-1 [scrub-unreserve] v 0'0 snapset=0=[]:[] snapc=0=[]) v10 ==== 1145+0+0 (3609597438 0 0) 0x7ec8b00 con 0x4fe0000 -6380>
2014-08-13 16:24:19.694061 7fd93dff0700 5 -- op tracker -- , seq: 804, time:
2014-08-13 16:24:19.693813, event: header_read, request: osd_sub_op(unknown.0.0:0 22.29a 0//0//-1 [scrub-unreserve] v 0'0 snapset=0=[]:[] snapc=0=[]) v10 -6379>
2014-08-13 16:24:19.694079 7fd93dff0700 5 -- op tracker -- , seq: 804, time:
2014-08-13 16:24:19.693816, event: throttled, request: osd_sub_op(unknown.0.0:0 22.29a 0//0//-1 [scrub-unreserve] v 0'0 snapset=0=[]:[] snapc=0=[]) v10 -6378>
2014-08-13 16:24:19.694089 7fd93dff0700 5 -- op tracker -- , seq: 804, time:
2014-08-13 16:24:19.693920, event: all_read, request: osd_sub_op(unknown.0.0:0 22.29a 0//0//-1 [scrub-unreserve] v 0'0 snapset=0=[]:[] snapc=0=[]) v10 -6377>
2014-08-13 16:24:19.694098 7fd93dff0700 5 -- op tracker -- , seq: 804, time:
2014-08-13 16:24:19.694054, event: dispatched, request: osd_sub_op(unknown.0.0:0 22.29a 0//0//-1 [scrub-unreserve] v 0'0 snapset=0=[]:[] snapc=0=[]) v10 -6376>
2014-08-13 16:24:19.694110 7fd93dff0700 5 -- op tracker -- , seq: 804, time:
2014-08-13 16:24:19.694109, event: waiting_for_osdmap, request: osd_sub_op(unknown.0.0:0 22.29a 0//0//-1 [scrub-unreserve] v 0'0 snapset=0=[]:[] snapc=0=[]) v10 -6375>
2014-08-13 16:24:19.694154 7fd93dff0700 1 -- 192.168.1.115:6813/25220 <== osd.345 192.168.1.110:6820/46337 28 ==== pg_info(1 pgs e194449:22.29a) v4 ==== 714+0+0 (1339832052 0 0) 0x87e63c0 con 0x4fe0000 -6374>
2014-08-13 16:24:19.694189 7fd93dff0700 5 -- op tracker -- , seq: 805, time:
2014-08-13 16:24:19.693945, event: header_read, request: pg_info(1 pgs e194449:22.29a) v4 -6373>
2014-08-13 16:24:19.694197 7fd93dff0700 5 -- op tracker -- , seq: 805, time:
2014-08-13 16:24:19.693947, event: throttled, request: pg_info(1 pgs e194449:22.29a) v4 -6372>
2014-08-13 16:24:19.694203 7fd93dff0700 5 -- op tracker -- , seq: 805, time:
2014-08-13 16:24:19.694024, event: all_read, request: pg_info(1 pgs e194449:22.29a) v4 -6371>
2014-08-13 16:24:19.694208 7fd93dff0700 5 -- op tracker -- , seq: 805, time:
2014-08-13 16:24:19.694186, event: dispatched, request: pg_info(1 pgs e194449:22.29a) v4 -6370>
2014-08-13 16:24:19.694224 7fd93dff0700 5 -- op tracker -- , seq: 805, time:
2014-08-13 16:24:19.694224, event: waiting_for_osdmap, request: pg_info(1 pgs e194449:22.29a) v4 -6369>
2014-08-13 16:24:19.694240 7fd9367e4700 5 -- op tracker -- , seq: 804, time:
2014-08-13 16:24:19.694215, event: reached_pg, request: osd_sub_op(unknown.0.0:0 22.29a 0//0//-1 [scrub-unreserve] v 0'0 snapset=0=[]:[] snapc=0=[]) v10 -6368>
2014-08-13 16:24:19.694306 7fd9367e4700 5 -- op tracker -- , seq: 804, time:
2014-08-13 16:24:19.694305, event: started, request: osd_sub_op(unknown.0.0:0 22.29a 0//0//-1 [scrub-unreserve] v 0'0 snapset=0=[]:[] snapc=0=[]) v10 -6367>
2014-08-13 16:24:19.694327 7fd9367e4700 5 -- op tracker -- , seq: 804, time:
2014-08-13 16:24:19.694327, event: done, request: osd_sub_op(unknown.0.0:0 22.29a 0//0//-1 [scrub-unreserve] v 0'0 snapset=0=[]:[] snapc=0=[]) v10 -6366>
2014-08-13 16:24:19.694378 7fd93dff0700 5 -- op tracker -- , seq: 805, time:
2014-08-13 16:24:19.694240, event: started, request: pg_info(1 pgs e194449:22.29a) v4 -6365>
2014-08-13 16:24:19.694444 7fd93dff0700 5 -- op tracker -- , seq: 805, time:
2014-08-13 16:24:19.694444, event: done, request: pg_info(1 pgs e194449:22.29a) v4 -6364>
2014-08-13 16:24:19.729230 7fd93adeb700 1 -- 192.168.1.115:6817/25220 <== osd.15 192.168.1.107:0/53408 5 ==== osd_ping(ping e194449 stamp
2014-08-13 16:24:19.728894) v2 ==== 47+0+0 (726534391 0 0) 0x7758000 con 0x7ebbde0 -6363>
2014-08-13 16:24:19.729284 7fd93adeb700 1 -- 192.168.1.115:6817/25220 --> 192.168.1.107:0/53408 -- osd_ping(ping_reply e194449 stamp
2014-08-13 16:24:19.728894) v2 -- ?+0 0x9285240 con 0x7ebbde0 -6362>
2014-08-13 16:24:19.729317 7fd93c1ed700 1 -- 192.168.100.115:6806/25220 <== osd.15 192.168.1.107:0/53408 5 ==== osd_ping(ping e194449 stamp
2014-08-13 16:24:19.728894) v2 ==== 47+0+0 (726534391 0 0) 0x81c1180 con 0x7ebd3e0 -6361>
2014-08-13 16:24:19.729367 7fd93c1ed700 1 -- 192.168.100.115:6806/25220 --> 192.168.1.107:0/53408 -- osd_ping(ping_reply e194449 stamp
2014-08-13 16:24:19.728894) v2 -- ?+0 0x9287e00 con 0x7ebd3e0 -6360>
2014-08-13 16:24:19.819480 7fd93c1ed700 1 -- 192.168.100.115:6806/25220 <== osd.20 192.168.1.103:0/38269 5 ==== osd_ping(ping e194449 stamp
2014-08-13 16:24:19.819429) v2 ==== 47+0+0 (687942081 0 0) 0x9287700 con 0x7ed8580 -6359>
2014-08-13 16:24:19.819536 7fd93c1ed700 1 -- 192.168.100.115:6806/25220 --> 192.168.1.103:0/38269 -- osd_ping(ping_reply e194449 stamp
2014-08-13 16:24:19.819429) v2 -- ?+0 0x81c1180 con 0x7ed8580 -6358>
2014-08-13 16:24:19.819626 7fd93adeb700 1 -- 192.168.1.115:6817/25220 <== osd.20 192.168.1.103:0/38269 5 ==== osd_ping(ping e194449 stamp
2014-08-13 16:24:19.819429) v2 ==== 47+0+0 (687942081 0 0) 0x7d00000 con 0x7ebe5c0 -6357>
2014-08-13 16:24:19.819672 7fd93adeb700 1 -- 192.168.1.115:6817/25220 --> 192.168.1.103:0/38269 -- osd_ping(ping_reply e194449 stamp
2014-08-13 16:24:19.819429) v2 -- ?+0 0x7758000 con 0x7ebe5c0 -6356>
2014-08-13 16:24:19.854933 7fd94ac49700 5 osd.4 194449 tick -6355>
2014-08-13 16:24:19.855042 7fd94ac49700 1 -- 192.168.1.115:6813/25220 --> osd.340 192.168.1.104:6806/62463 -- osd_sub_op(unknown.0.0:0 22.1b8 0//0//-1 [scrub-reserve] v 0'0 snapset=0=[]:[] snapc=0=[]) v10 -- ?+0 0x7ecac00 -6354>
2014-08-13 16:24:19.855092 7fd94ac49700 1 -- 192.168.1.115:6813/25220 --> osd.347 192.168.1.106:6800/4640 -- osd_sub_op(unknown.0.0:0 22.1b8 0//0//-1 [scrub-reserve] v 0'0 snapset=0=[]:[] snapc=0=[]) v10 -- ?+0 0x76f8b00 -6353>
2014-08-13 16:24:19.856563 7fd93dff0700 1 -- 192.168.1.115:6813/25220 <== osd.340 192.168.1.104:6806/62463 15 ==== osd_sub_op_reply(unknown.0.0:0 22.1b8 0//0//22 [scrub-reserve] ack, result = 0) v2 ==== 176+0+1 (2324805707 0 4067132163) 0x8003980 con 0x4fe69e0 -6352>
2014-08-13 16:24:19.856612 7fd93dff0700 5 -- op tracker -- , seq: 806, time:
2014-08-13 16:24:19.856395, event: header_read, request: osd_sub_op_reply(unknown.0.0:0 22.1b8 0//0//22 [scrub-reserve] ack, result = 0) v2 -6351>
2014-08-13 16:24:19.856627 7fd93dff0700 5 -- op tracker -- , seq: 806, time:
2014-08-13 16:24:19.856400, event: throttled, request: osd_sub_op_reply(unknown.0.0:0 22.1b8 0//0//22 [scrub-reserve] ack, result = 0) v2 -6350>
2014-08-13 16:24:19.856635 7fd93dff0700 5 -- op tracker -- , seq: 806, time:
2014-08-13 16:24:19.856518, event: all_read, request: osd_sub_op_reply(unknown.0.0:0 22.1b8 0//0//22 [scrub-reserve] ack, result = 0) v2 -6349>
2014-08-13 16:24:19.856643 7fd93dff0700 5 -- op tracker -- , seq: 806, time:
2014-08-13 16:24:19.856606, event: dispatched, request: osd_sub_op_reply(unknown.0.0:0 22.1b8 0//0//22 [scrub-reserve] ack, result = 0) v2 -6348>
2014-08-13 16:24:19.856652 7fd93dff0700 5 -- op tracker -- , seq: 806, time:
2014-08-13 16:24:19.856652, event: waiting_for_osdmap, request: osd_sub_op_reply(unknown.0.0:0 22.1b8 0//0//22 [scrub-reserve] ack, result = 0) v2 -6347>
2014-08-13 16:24:19.856697 7fd93dff0700 1 -- 192.168.1.115:6813/25220 <== osd.347 192.168.1.106:6800/4640 7 ==== osd_sub_op_reply(unknown.0.0:0 22.1b8 0//0//22 [scrub-reserve] ack, result = 0) v2 ==== 176+0+1 (1826512121 0 4067132163) 0x8002a80 con 0x50bbf40 -6346>
2014-08-13 16:24:19.856719 7fd93dff0700 5 -- op tracker -- , seq: 807, time:
2014-08-13 16:24:19.856520, event: header_read, request: osd_sub_op_reply(unknown.0.0:0 22.1b8 0//0//22 [scrub-reserve] ack, result = 0) v2 -6345>
2014-08-13 16:24:19.856729 7fd93dff0700 5 -- op tracker -- , seq: 807, time:
2014-08-13 16:24:19.856523, event: throttled, request: osd_sub_op_reply(unknown.0.0:0 22.1b8 0//0//22 [scrub-reserve] ack, result = 0) v2 -6344>
2014-08-13 16:24:19.856737 7fd93dff0700 5 -- op tracker -- , seq: 807, time:
2014-08-13 16:24:19.856617, event: all_read, request: osd_sub_op_reply(unknown.0.0:0 22.1b8 0//0//22 [scrub-reserve] ack, result = 0) v2 -6343>
2014-08-13 16:24:19.856744 7fd93dff0700 5 -- op tracker -- , seq: 807, time:
2014-08-13 16:24:19.856717, event: dispatched, request: osd_sub_op_reply(unknown.0.0:0 22.1b8 0//0//22 [scrub-reserve] ack, result = 0) v2 -6342>
2014-08-13 16:24:19.856753 7fd93dff0700 5 -- op tracker -- , seq: 807, time:
2014-08-13 16:24:19.856753, event: waiting_for_osdmap, request: osd_sub_op_reply(unknown.0.0:0 22.1b8 0//0//22 [scrub-reserve] ack, result = 0) v2 -6341>
2014-08-13 16:24:19.856768 7fd9367e4700 5 -- op tracker -- , seq: 806, time:
2014-08-13 16:24:19.856757, event: reached_pg, request: osd_sub_op_reply(unknown.0.0:0 22.1b8 0//0//22 [scrub-reserve] ack, result = 0) v2 -6340>
2014-08-13 16:24:19.856824 7fd9367e4700 5 -- op tracker -- , seq: 806, time:
2014-08-13 16:24:19.856824, event: started, request: osd_sub_op_reply(unknown.0.0:0 22.1b8 0//0//22 [scrub-reserve] ack, result = 0) v2 -6339>
2014-08-13 16:24:19.856844 7fd9367e4700 5 -- op tracker -- , seq: 806, time:
2014-08-13 16:24:19.856844, event: done, request: osd_sub_op_reply(unknown.0.0:0 22.1b8 0//0//22 [scrub-reserve] ack, result = 0) v2 -6338>
2014-08-13 16:24:19.856859 7fd9371e5700 5 -- op tracker -- , seq: 807, time:
2014-08-13 16:24:19.856849, event: reached_pg, request: osd_sub_op_reply(unknown.0.0:0 22.1b8 0//0//22 [scrub-reserve] ack, result = 0) v2 -6337>
2014-08-13 16:24:19.856919 7fd9371e5700 5 -- op tracker -- , seq: 807, time:
2014-08-13 16:24:19.856906, event: started, request: osd_sub_op_reply(unknown.0.0:0 22.1b8 0//0//22 [scrub-reserve] ack, result = 0) v2 -6336>
2014-08-13 16:24:19.856944 7fd9371e5700 5 -- op tracker -- , seq: 807, time:
2014-08-13 16:24:19.856944, event: done, request: osd_sub_op_reply(unknown.0.0:0 22.1b8 0//0//22 [scrub-reserve] ack, result = 0) v2 -6335>
2014-08-13 16:24:19.876131 7fd9353e2700 1 -- 192.168.1.115:6813/25220 --> osd.340 192.168.1.104:6806/62463 -- replica scrub(pg: 22.1b8,from:0'0,to:194215'478,epoch:194449,start:0//0//-1,end:2b4699b8//0//-1,chunky:1,deep:1,version:5) v5 -- ?+0 0x7cf1d40 -6334>
2014-08-13 16:24:19.876197 7fd9353e2700 1 -- 192.168.1.115:6813/25220 --> osd.347 192.168.1.106:6800/4640 -- replica scrub(pg: 22.1b8,from:0'0,to:194215'478,epoch:194449,start:0//0//-1,end:2b4699b8//0//-1,chunky:1,deep:1,version:5) v5 -- ?+0 0x7b11440 -6333>
2014-08-13 16:24:19.895950 7fd93c1ed700 1 -- 192.168.100.115:6806/25220 <== osd.373 192.168.1.108:0/7435 4 ==== osd_ping(ping e194449 stamp
2014-08-13 16:24:19.895614) v2 ==== 47+0+0 (2422189748 0 0) 0x9287e00 con 0x7eba3c0 -6332>
2014-08-13 16:24:19.896005 7fd93c1ed700 1 -- 192.168.100.115:6806/25220 --> 192.168.1.108:0/7435 -- osd_ping(ping_reply e194449 stamp
2014-08-13 16:24:19.895614) v2 -- ?+0 0x9287700 con 0x7eba3c0 -6331>
2014-08-13 16:24:19.895980 7fd93adeb700 1 -- 192.168.1.115:6817/25220 <== osd.373 192.168.1.108:0/7435 4 ==== osd_ping(ping e194449 stamp
2014-08-13 16:24:19.895614) v2 ==== 47+0+0 (2422189748 0 0) 0x7d032c0 con 0x7eb8f20 -6330>
2014-08-13 16:24:19.896074 7fd93adeb700 1 -- 192.168.1.115:6817/25220 --> 192.168.1.108:0/7435 -- osd_ping(ping_reply e194449 stamp
2014-08-13 16:24:19.895614) v2 -- ?+0 0x7d00000 con 0x7eb8f20 -6329>
2014-08-13 16:24:19.940416 7fd93adeb700 1 -- 192.168.1.115:6817/25220 <== osd.367 192.168.100.114:0/55513 5 ==== osd_ping(ping e194449 stamp
2014-08-13 16:24:19.940344) v2 ==== 47+0+0 (401801353 0 0) 0x9283800 con 0x7ffe880 -6328>
2014-08-13 16:24:19.940471 7fd93adeb700 1 -- 192.168.1.115:6817/25220 --> 192.168.100.114:0/55513 -- osd_ping(ping_reply e194449 stamp
2014-08-13 16:24:19.940344) v2 -- ?+0 0x7d032c0 con 0x7ffe880 -6327>
2014-08-13 16:24:19.940488 7fd93c1ed700 1 -- 192.168.100.115:6806/25220 <== osd.367 192.168.100.114:0/55513 5 ==== osd_ping(ping e194449 stamp
2014-08-13 16:24:19.940344) v2 ==== 47+0+0 (401801353 0 0) 0x9287c40 con 0x7edbb20 -6326>
2014-08-13 16:24:19.940537 7fd93c1ed700 1 -- 192.168.100.115:6806/25220 --> 192.168.100.114:0/55513 -- osd_ping(ping_reply e194449 stamp
2014-08-13 16:24:19.940344) v2 -- ?+0 0x9287e00 con 0x7edbb20 -6325>
2014-08-13 16:24:19.978451 7fd93adeb700 1 -- 192.168.1.115:6817/25220 <== osd.289 192.168.100.113:0/15284 5 ==== osd_ping(ping e194449 stamp
2014-08-13 16:24:19.978494) v2 ==== 47+0+0 (3837926667 0 0) 0x87e01c0 con 0x7d289a0 -6324>
2014-08-13 16:24:19.978442 7fd93c1ed700 1 -- 192.168.100.115:6806/25220 <== osd.289 192.168.100.113:0/15284 5 ==== osd_ping(ping e194449 stamp
2014-08-13 16:24:19.978494) v2 ==== 47+0+0 (3837926667 0 0) 0x9285400 con 0x7caf380 -6323>
2014-08-13 16:24:19.978496 7fd93adeb700 1 -- 192.168.1.115:6817/25220 --> 192.168.100.113:0/15284 -- osd_ping(ping_reply e194449 stamp
2014-08-13 16:24:19.978494) v2 -- ?+0 0x9283800 con 0x7d289a0 -6322>
2014-08-13 16:24:19.978578 7fd93c1ed700 1 -- 192.168.100.115:6806/25220 --> 192.168.100.113:0/15284 -- osd_ping(ping_reply e194449 stamp
2014-08-13 16:24:19.978494) v2 -- ?+0 0x9287c40 con 0x7caf380 -6321>
2014-08-13 16:24:20.016683 7fd93dff0700 1 -- 192.168.1.115:6813/25220 <== osd.292 192.168.1.113:6812/16056 21 ==== osd_sub_op(unknown.0.0:0 22.3ad 0//0//-1 [scrub-reserve] v 0'0 snapset=0=[]:[] snapc=0=[]) v10 ==== 1145+0+0 (2879098172 0 0) 0x8bc2c00 con 0x510fd20 -6320>
2014-08-13 16:24:20.016733 7fd93dff0700 5 -- op tracker -- , seq: 808, time:
2014-08-13 16:24:20.016522, event: header_read, request: osd_sub_op(unknown.0.0:0 22.3ad 0//0//-1 [scrub-reserve] v 0'0 snapset=0=[]:[] snapc=0=[]) v10 -6319>
2014-08-13 16:24:20.016755 7fd93dff0700 5 -- op tracker -- , seq: 808, time:
2014-08-13 16:24:20.016526, event: throttled, request: osd_sub_op(unknown.0.0:0 22.3ad 0//0//-1 [scrub-reserve] v 0'0 snapset=0=[]:[] snapc=0=[]) v10 -6318>
2014-08-13 16:24:20.016765 7fd93dff0700 5 -- op tracker -- , seq: 808, time:
2014-08-13 16:24:20.016642, event: all_read, request: osd_sub_op(unknown.0.0:0 22.3ad 0//0//-1 [scrub-reserve] v 0'0 snapset=0=[]:[] snapc=0=[]) v10 -6317>
2014-08-13 16:24:20.016774 7fd93dff0700 5 -- op tracker -- , seq: 808, time:
2014-08-13 16:24:20.016727, event: dispatched, request: osd_sub_op(unknown.0.0:0 22.3ad 0//0//-1 [scrub-reserve] v 0'0 snapset=0=[]:[] snapc=0=[]) v10 -6316>
2014-08-13 16:24:20.016786 7fd93dff0700 5 -- op tracker -- , seq: 808, time:
2014-08-13 16:24:20.016785, event: waiting_for_osdmap, request: osd_sub_op(unknown.0.0:0 22.3ad 0//0//-1 [scrub-reserve] v 0'0 snapset=0=[]:[] snapc=0=[]) v10 -6315>
2014-08-13 16:24:20.016941 7fd9367e4700 5 -- op tracker -- , seq: 808, time:
2014-08-13 16:24:20.016941, event: reached_pg, request: osd_sub_op(unknown.0.0:0 22.3ad 0//0//-1 [scrub-reserve] v 0'0 snapset=0=[]:[] snapc=0=[]) v10 -6314>
2014-08-13 16:24:20.016993 7fd9367e4700 5 -- op tracker -- , seq: 808, time:
2014-08-13 16:24:20.016993, event: started, request: osd_sub_op(unknown.0.0:0 22.3ad 0//0//-1 [scrub-reserve] v 0'0 snapset=0=[]:[] snapc=0=[]) v10 -6313>
2014-08-13 16:24:20.017016 7fd9367e4700 1 -- 192.168.1.115:6813/25220 --> 192.168.1.113:6812/16056 -- osd_sub_op_reply(unknown.0.0:0 22.3ad 0//0//-1 [scrub-reserve] ack, result = 0) v2 -- ?+1 0x8003980 con 0x510fd20 -6312>
2014-08-13 16:24:20.017051 7fd9367e4700 5 -- op tracker -- , seq: 808, time:
2014-08-13 16:24:20.017051, event: done, request: osd_sub_op(unknown.0.0:0 22.3ad 0//0//-1 [scrub-reserve] v 0'0 snapset=0=[]:[] snapc=0=[]) v10 -6311>
2014-08-13 16:24:20.018071 7fd93dff0700 1 -- 192.168.1.115:6813/25220 <== osd.292 192.168.1.113:6812/16056 22 ==== osd_sub_op(unknown.0.0:0 22.3ad 0//0//-1 [scrub-unreserve] v 0'0 snapset=0=[]:[] snapc=0=[]) v10 ==== 1145+0+0 (986341017 0 0) 0x8bc0000 con 0x510fd20 -6310>
2014-08-13 16:24:20.018118 7fd93dff0700 5 -- op tracker -- , seq: 809, time:
2014-08-13 16:24:20.017930, event: header_read, request: osd_sub_op(unknown.0.0:0 22.3ad 0//0//-1 [scrub-unreserve] v 0'0 snapset=0=[]:[] snapc=0=[]) v10 -6309>
2014-08-13 16:24:20.018134 7fd93dff0700 5 -- op tracker -- , seq: 809, time:
2014-08-13 16:24:20.017932, event: throttled, request: osd_sub_op(unknown.0.0:0 22.3ad 0//0//-1 [scrub-unreserve] v 0'0 snapset=0=[]:[] snapc=0=[]) v10 -6308>
2014-08-13 16:24:20.018143 7fd93dff0700 5 -- op tracker -- , seq: 809, time:
2014-08-13 16:24:20.018029, event: all_read, request: osd_sub_op(unknown.0.0:0 22.3ad 0//0//-1 [scrub-unreserve] v 0'0 snapset=0=[]:[] snapc=0=[]) v10 -6307>
2014-08-13 16:24:20.018164 7fd93dff0700 5 -- op tracker -- , seq: 809, time:
2014-08-13 16:24:20.018112, event: dispatched, request: osd_sub_op(unknown.0.0:0 22.3ad 0//0//-1 [scrub-unreserve] v 0'0 snapset=0=[]:[] snapc=0=[]) v10 -6306>
2014-08-13 16:24:20.018181 7fd93dff0700 5 -- op tracker -- , seq: 809, time:
2014-08-13 16:24:20.018181, event: waiting_for_osdmap, request: osd_sub_op(unknown.0.0:0 22.3ad 0//0//-1 [scrub-unreserve] v 0'0 snapset=0=[]:[] snapc=0=[]) v10 -6305>
2014-08-13 16:24:20.018242 7fd9371e5700 5 -- op tracker -- , seq: 809, time:
2014-08-13 16:24:20.018241, event: reached_pg, request: osd_sub_op(unknown.0.0:0 22.3ad 0//0//-1 [scrub-unreserve] v 0'0 snapset=0=[]:[] snapc=0=[]) v10 -6304>
2014-08-13 16:24:20.018281 7fd9371e5700 5 -- op tracker -- , seq: 809, time:
2014-08-13 16:24:20.018281, event: started, request: osd_sub_op(unknown.0.0:0 22.3ad 0//0//-1 [scrub-unreserve] v 0'0 snapset=0=[]:[] snapc=0=[]) v10 -6303>
2014-08-13 16:24:20.018297 7fd9371e5700 5 -- op tracker -- , seq: 809, time:
2014-08-13 16:24:20.018297, event: done, request: osd_sub_op(unknown.0.0:0 22.3ad 0//0//-1 [scrub-unreserve] v 0'0 snapset=0=[]:[] snapc=0=[]) v10 -6302>
2014-08-13 16:24:20.047596 7fd93c1ed700 1 -- 192.168.100.115:6806/25220 <== osd.371 192.168.100.102:0/16753 7 ==== osd_ping(ping e194449 stamp
2014-08-13 16:24:20.047224) v2 ==== 47+0+0 (4281827457 0 0) 0x9287e00 con 0x7ed8dc0 -6301>
2014-08-13 16:24:20.047614 7fd93adeb700 1 -- 192.168.1.115:6817/25220 <== osd.371 192.168.100.102:0/16753 7 ==== osd_ping(ping e194449 stamp
2014-08-13 16:24:20.047224) v2 ==== 47+0+0 (4281827457 0 0) 0x7d05b00 con 0x7ebee00 -6300>
2014-08-13 16:24:20.047646 7fd93c1ed700 1 -- 192.168.100.115:6806/25220 --> 192.168.100.102:0/16753 -- osd_ping(ping_reply e194449 stamp
2014-08-13 16:24:20.047224) v2 -- ?+0 0x9285400 con 0x7ed8dc0 -6299>
2014-08-13 16:24:20.047734 7fd93adeb700 1 -- 192.168.1.115:6817/25220 --> 192.168.100.102:0/16753 -- osd_ping(ping_reply e194449 stamp
2014-08-13 16:24:20.047224) v2 -- ?+0 0x87e01c0 con 0x7ebee00 -6298>
2014-08-13 16:24:20.054478 7fd93dff0700 1 -- 192.168.1.115:6813/25220 <== osd.328 192.168.1.104:6812/64303 18 ==== osd_sub_op(unknown.0.0:0 22.1a0 0//0//-1 [scrub-reserve] v 0'0 snapset=0=[]:[] snapc=0=[]) v10 ==== 1145+0+0 (4136492510 0 0) 0x863b700 con 0x4fe3700 -6297>
2014-08-13 16:24:20.054533 7fd93dff0700 5 -- op tracker -- , seq: 810, time:
2014-08-13 16:24:20.054258, event: header_read, request: osd_sub_op(unknown.0.0:0 22.1a0 0//0//-1 [scrub-reserve] v 0'0 snapset=0=[]:[] snapc=0=[]) v10 -6296>
2014-08-13 16:24:20.054549 7fd93dff0700 5 -- op tracker -- , seq: 810, time:
2014-08-13 16:24:20.054262, event: throttled, request: osd_sub_op(unknown.0.0:0 22.1a0 0//0//-1 [scrub-reserve] v 0'0 snapset=0=[]:[] snapc=0=[]) v10 -6295>
2014-08-13 16:24:20.054559 7fd93dff0700 5 -- op tracker -- , seq: 810, time:
2014-08-13 16:24:20.054407, event: all_read, request: osd_sub_op(unknown.0.0:0 22.1a0 0//0//-1 [scrub-reserve] v 0'0 snapset=0=[]:[] snapc=0=[]) v10 -6294>
2014-08-13 16:24:20.054569 7fd93dff0700 5 -- op tracker -- , seq: 810, time:
2014-08-13 16:24:20.054526, event: dispatched, request: osd_sub_op(unknown.0.0:0 22.1a0 0//0//-1 [scrub-reserve] v 0'0 snapset=0=[]:[] snapc=0=[]) v10 -6293>
2014-08-13 16:24:20.054584 7fd93dff0700 5 -- op tracker -- , seq: 810, time:
2014-08-13 16:24:20.054584, event: waiting_for_osdmap, request: osd_sub_op(unknown.0.0:0 22.1a0 0//0//-1 [scrub-reserve] v 0'0 snapset=0=[]:[] snapc=0=[]) v10 -6292>
2014-08-13 16:24:20.054707 7fd9367e4700 5 -- op tracker -- , seq: 810, time:
2014-08-13 16:24:20.054706, event: reached_pg, request: osd_sub_op(unknown.0.0:0 22.1a0 0//0//-1 [scrub-reserve] v 0'0 snapset=0=[]:[] snapc=0=[]) v10 -6291>
2014-08-13 16:24:20.054750 7fd9367e4700 5 -- op tracker -- , seq: 810, time:
2014-08-13 16:24:20.054750, event: started, request: osd_sub_op(unknown.0.0:0 22.1a0 0//0//-1 [scrub-reserve] v 0'0 snapset=0=[]:[] snapc=0=[]) v10 -6290>
2014-08-13 16:24:20.054769 7fd9367e4700 1 -- 192.168.1.115:6813/25220 --> 192.168.1.104:6812/64303 -- osd_sub_op_reply(unknown.0.0:0 22.1a0 0//0//-1 [scrub-reserve] ack, result = 0) v2 -- ?+1 0x8d47580 con 0x4fe3700 -6289>
2014-08-13 16:24:20.054801 7fd9367e4700 5 -- op tracker -- , seq: 810, time:
2014-08-13 16:24:20.054801, event: done, request: osd_sub_op(unknown.0.0:0 22.1a0 0//0//-1 [scrub-reserve] v 0'0 snapset=0=[]:[] snapc=0=[]) v10 -6288>
2014-08-13 16:24:20.055837 7fd93dff0700 1 -- 192.168.1.115:6813/25220 <== osd.328 192.168.1.104:6812/64303 19 ==== osd_sub_op(unknown.0.0:0 22.1a0 0//0//-1 [scrub-unreserve] v 0'0 snapset=0=[]:[] snapc=0=[]) v10 ==== 1145+0+0 (1742474875 0 0) 0x863ac00 con 0x4fe3700 -6287>
2014-08-13 16:24:20.055891 7fd93dff0700 5 -- op tracker -- , seq: 811, time:
2014-08-13 16:24:20.055692, event: header_read, request: osd_sub_op(unknown.0.0:0 22.1a0 0//0//-1 [scrub-unreserve] v 0'0 snapset=0=[]:[] snapc=0=[]) v10 -6286>
2014-08-13 16:24:20.055907 7fd93dff0700 5 -- op tracker -- , seq: 811, time:
2014-08-13 16:24:20.055694, event: throttled, request: osd_sub_op(unknown.0.0:0 22.1a0 0//0//-1 [scrub-unreserve] v 0'0 snapset=0=[]:[] snapc=0=[]) v10 -6285>
2014-08-13 16:24:20.055917 7fd93dff0700 5 -- op tracker -- , seq: 811, time:
2014-08-13 16:24:20.055771, event: all_read, request: osd_sub_op(unknown.0.0:0 22.1a0 0//0//-1 [scrub-unreserve] v 0'0 snapset=0=[]:[] snapc=0=[]) v10 -6284>
2014-08-13 16:24:20.055927 7fd93dff0700 5 -- op tracker -- , seq: 811, time:
2014-08-13 16:24:20.055884, event: dispatched, request: osd_sub_op(unknown.0.0:0 22.1a0 0//0//-1 [scrub-unreserve] v 0'0 snapset=0=[]:[] snapc=0=[]) v10 -6283>
2014-08-13 16:24:20.055938 7fd93dff0700 5 -- op tracker -- , seq: 811, time:
2014-08-13 16:24:20.055938, event: waiting_for_osdmap, request: osd_sub_op(unknown.0.0:0 22.1a0 0//0//-1 [scrub-unreserve] v 0'0 snapset=0=[]:[] snapc=0=[]) v10 -6282>
2014-08-13 16:24:20.055999 7fd9371e5700 5 -- op tracker -- , seq: 811, time:
2014-08-13 16:24:20.055998, event: reached_pg, request: osd_sub_op(unknown.0.0:0 22.1a0 0//0//-1 [scrub-unreserve] v 0'0 snapset=0=[]:[] snapc=0=[]) v10 -6281>
2014-08-13 16:24:20.056035 7fd9371e5700 5 -- op tracker -- , seq: 811, time:
2014-08-13 16:24:20.056035, event: started, request: osd_sub_op(unknown.0.0:0 22.1a0 0//0//-1 [scrub-unreserve] v 0'0 snapset=0=[]:[] snapc=0=[]) v10 -6280>
2014-08-13 16:24:20.056050 7fd9371e5700 5 -- op tracker -- , seq: 811, time:
2014-08-13 16:24:20.056050, event: done, request: osd_sub_op(unknown.0.0:0 22.1a0 0//0//-1 [scrub-unreserve] v 0'0 snapset=0=[]:[] snapc=0=[]) v10 -6279>
2014-08-13 16:24:20.092181 7fd93adeb700 1 -- 192.168.1.115:6817/25220 <== osd.323 192.168.100.106:0/8118 6 ==== osd_ping(ping e194449 stamp
2014-08-13 16:24:20.091495) v2 ==== 47+0+0 (3463985208 0 0) 0x7d03480 con 0x7d2ac00 -6278>
2014-08-13 16:24:20.092231 7fd93adeb700 1 -- 192.168.1.115:6817/25220 --> 192.168.100.106:0/8118 -- osd_ping(ping_reply e194449 stamp
2014-08-13 16:24:20.091495) v2 -- ?+0 0x7d05b00 con 0x7d2ac00 -6277>
2014-08-13 16:24:20.092245 7fd93c1ed700 1 -- 192.168.100.115:6806/25220 <== osd.323 192.168.100.106:0/8118 6 ==== osd_ping(ping e194449 stamp
2014-08-13 16:24:20.091495) v2 ==== 47+0+0 (3463985208 0 0) 0x8c88e00 con 0x7d2c360 -6276>
2014-08-13 16:24:20.092307 7fd93c1ed700 1 -- 192.168.100.115:6806/25220 --> 192.168.100.106:0/8118 -- osd_ping(ping_reply e194449 stamp
2014-08-13 16:24:20.091495) v2 -- ?+0 0x9287e00 con 0x7d2c360 -6275>
2014-08-13 16:24:20.213785 7fd93adeb700 1 -- 192.168.1.115:6817/25220 <== osd.364 192.168.100.114:0/52317 5 ==== osd_ping(ping e194449 stamp
2014-08-13 16:24:20.213748) v2 ==== 47+0+0 (1319163851 0 0) 0x80dbb80 con 0x7ebf0c0 -6274>
2014-08-13 16:24:20.213833 7fd93adeb700 1 -- 192.168.1.115:6817/25220 --> 192.168.100.114:0/52317 -- osd_ping(ping_reply e194449 stamp
2014-08-13 16:24:20.213748) v2 -- ?+0 0x7d03480 con 0x7ebf0c0 -6273>
2014-08-13 16:24:20.213833 7fd93c1ed700 1 -- 192.168.100.115:6806/25220 <== osd.364 192.168.100.114:0/52317 5 ==== osd_ping(ping e194449 stamp
2014-08-13 16:24:20.213748) v2 ==== 47+0+0 (1319163851 0 0) 0x7d04b40 con 0x7ed9080 -6272>
2014-08-13 16:24:20.213912 7fd93c1ed700 1 -- 192.168.100.115:6806/25220 --> 192.168.100.114:0/52317 -- osd_ping(ping_reply e194449 stamp
2014-08-13 16:24:20.213748) v2 -- ?+0 0x8c88e00 con 0x7ed9080 -6271>
2014-08-13 16:24:20.219779 7fd93c1ed700 1 -- 192.168.100.115:6806/25220 <== osd.320 192.168.1.106:0/10050 6 ==== osd_ping(ping e194449 stamp
2014-08-13 16:24:20.219072) v2 ==== 47+0+0 (1866521301 0 0) 0x9286580 con 0x7ab9ce0 -6270>
2014-08-13 16:24:20.219826 7fd93c1ed700 1 -- 192.168.100.115:6806/25220 --> 192.168.1.106:0/10050 -- osd_ping(ping_reply e194449 stamp
2014-08-13 16:24:20.219072) v2 -- ?+0 0x7d04b40 con 0x7ab9ce0 -6269>
2014-08-13 16:24:20.219920 7fd93adeb700 1 -- 192.168.1.115:6817/25220 <== osd.320 192.168.1.106:0/10050 6 ==== osd_ping(ping e194449 stamp
2014-08-13 16:24:20.219072) v2 ==== 47+0+0 (1866521301 0 0) 0x9285080 con 0x7ab9a20 -6268>
2014-08-13 16:24:20.219980 7fd93adeb700 1 -- 192.168.1.115:6817/25220 --> 192.168.1.106:0/10050 -- osd_ping(ping_reply e194449 stamp
2014-08-13 16:24:20.219072) v2 -- ?+0 0x80dbb80 con 0x7ab9a20 -6267>
2014-08-13 16:24:20.301982 7fd93c1ed700 1 -- 192.168.100.115:6806/25220 <== osd.51 192.168.1.112:0/6655 5 ==== osd_ping(ping e194449 stamp
2014-08-13 16:24:20.301881) v2 ==== 47+0+0 (4270016655 0 0) 0x87e3480 con 0x7ed8000 -6266>
2014-08-13 16:24:20.301965 7fd93adeb700 1 -- 192.168.1.115:6817/25220 <== osd.51 192.168.1.112:0/6655 5 ==== osd_ping(ping e194449 stamp
2014-08-13 16:24:20.301881) v2 ==== 47+0+0 (4270016655 0 0) 0x87e4b40 con 0x7edaec0 -6265>
2014-08-13 16:24:20.302041 7fd93c1ed700 1 -- 192.168.100.115:6806/25220 --> 192.168.1.112:0/6655 -- osd_ping(ping_reply e194449 stamp
2014-08-13 16:24:20.301881) v2 -- ?+0 0x9286580 con 0x7ed8000 -6264>
2014-08-13 16:24:20.302106 7fd93adeb700 1 -- 192.168.1.115:6817/25220 --> 192.168.1.112:0/6655 -- osd_ping(ping_reply e194449 stamp
2014-08-13 16:24:20.301881) v2 -- ?+0 0x9285080 con 0x7edaec0 -6263>
2014-08-13 16:24:20.399907 7fd93c1ed700 1 -- 192.168.100.115:6806/25220 <== osd.373 192.168.1.108:0/7435 5 ==== osd_ping(ping e194449 stamp
2014-08-13 16:24:20.399599) v2 ==== 47+0+0 (89761219 0 0) 0x9284280 con 0x7eba3c0 -6262>
2014-08-13 16:24:20.399958 7fd93adeb700 1 -- 192.168.1.115:6817/25220 <== osd.373 192.168.1.108:0/7435 5 ==== osd_ping(ping e194449 stamp
2014-08-13 16:24:20.399599) v2 ==== 47+0+0 (89761219 0 0) 0x7d03d40 con 0x7eb8f20 -6261>
2014-08-13 16:24:20.399952 7fd93c1ed700 1 -- 192.168.100.115:6806/25220 --> 192.168.1.108:0/7435 -- osd_ping(ping_reply e194449 stamp
2014-08-13 16:24:20.399599) v2 -- ?+0 0x87e3480 con 0x7eba3c0 -6260>
2014-08-13 16:24:20.400104 7fd93adeb700 1 -- 192.168.1.115:6817/25220 --> 192.168.1.108:0/7435 -- osd_ping(ping_reply e194449 stamp
2014-08-13 16:24:20.399599) v2 -- ?+0 0x87e4b40 con 0x7eb8f20 -6259>
2014-08-13 16:24:20.465730 7fd933fe0700 5 osd.4 194449 heartbeat: osd_stat(8079 MB used, 2783 GB avail, 2791 GB total, peers [0,3,5,7,10,11,15,17,20,21,24,25,28,31,32,44,45,47,48,50,54,55,56,58,59,61,62,63,65,285,286,287,289,291,293,296,301,302,303,304,306,307,309,310,311,312,313,314,315,318,320,324,327,330,331,332,337,338,339,340,341,342,343,344,347,348,349,350,351,352,353,356,357,362,363,365,366,367,368,369,371,373,374,375,376,378,379,380,381,382,396,397]/[] op hist []) -6258>
2014-08-13 16:24:20.465779 7fd933fe0700 1 -- 192.168.1.115:0/25220 --> 192.168.1.115:6811/59615 -- osd_ping(ping e194449 stamp
2014-08-13 16:24:20.465777) v2 -- ?+0 0x8917a80 con 0x8c391e0 -6257>
2014-08-13 16:24:20.465815 7fd933fe0700 1 -- 192.168.1.115:0/25220 --> 192.168.100.115:6825/59615 -- osd_ping(ping e194449 stamp
2014-08-13 16:24:20.465777) v2 -- ?+0 0x81c4b40 con 0x8c38f20 -6256>
2014-08-13 16:24:20.465837 7fd933fe0700 1 -- 192.168.1.115:0/25220 --> 192.168.1.107:6841/56287 -- osd_ping(ping e194449 stamp
2014-08-13 16:24:20.465777) v2 -- ?+0 0x81c7700 con 0x78844c0 -6255>
2014-08-13 16:24:20.465858 7fd933fe0700 1 -- 192.168.1.115:0/25220 --> 192.168.100.107:6845/56287 -- osd_ping(ping e194449 stamp
2014-08-13 16:24:20.465777) v2 -- ?+0 0x81c01c0 con 0x7884200 -6254>
2014-08-13 16:24:20.465877 7fd933fe0700 1 -- 192.168.1.115:0/25220 --> 192.168.1.103:6830/40192 -- osd_ping(ping e194449 stamp
2014-08-13 16:24:20.465777) v2 -- ?+0 0x81c1180 con 0x78848e0 -6253>
2014-08-13 16:24:20.465899 7fd933fe0700 1 -- 192.168.1.115:0/25220 --> 192.168.100.103:6847/40192 -- osd_ping(ping e194449 stamp
2014-08-13 16:24:20.465777) v2 -- ?+0 0x81c2140 con 0x7884620 -6252>
2014-08-13 16:24:20.465918 7fd933fe0700 1 -- 192.168.1.115:0/25220 --> 192.168.1.115:6839/62713 -- osd_ping(ping e194449 stamp
2014-08-13 16:24:20.465777) v2 -- ?+0 0x81c5cc0 con 0x8ba06e0 -6251>
2014-08-13 16:24:20.465934 7fd933fe0700 1 -- 192.168.1.115:0/25220 --> 192.168.100.115:6846/62713 -- osd_ping(ping e194449 stamp
2014-08-13 16:24:20.465777) v2 -- ?+0 0x7d02140 con 0x8c698c0 -6250>
2014-08-13 16:24:20.465951 7fd933fe0700 1 -- 192.168.1.115:0/25220 --> 192.168.1.115:6816/60573 -- osd_ping(ping e194449 stamp
2014-08-13 16:24:20.465777) v2 -- ?+0 0x7d06ac0 con 0x794c360 -6249>
2014-08-13 16:24:20.465968 7fd933fe0700 1 -- 192.168.1.115:0/25220 --> 192.168.100.115:6834/60573 -- osd_ping(ping e194449 stamp
2014-08-13 16:24:20.465777) v2 -- ?+0 0x7d00a80 con 0x794e300 -6248>
2014-08-13 16:24:20.465997 7fd933fe0700 1 -- 192.168.1.115:0/25220 --> 192.168.1.103:6814/37929 -- osd_ping(ping e194449 stamp
2014-08-13 16:24:20.465777) v2 -- ?+0 0x7d055c0 con 0x794e040 -6247>
2014-08-13 16:24:20.466015 7fd933fe0700 1 -- 192.168.1.115:0/25220 --> 192.168.100.103:6821/37929 -- osd_ping(ping e194449 stamp
2014-08-13 16:24:20.465777) v2 -- ?+0 0x7d00c40 con 0x794dd80 -6246>
2014-08-13 16:24:20.466040 7fd933fe0700 1 -- 192.168.1.115:0/25220 --> 192.168.1.107:6814/53408 -- osd_ping(ping e194449 stamp
2014-08-13 16:24:20.465777) v2 -- ?+0 0x7d05940 con 0x8c3a3c0 -6245>
2014-08-13 16:24:20.466057 7fd933fe0700 1 -- 192.168.1.115:0/25220 --> 192.168.100.107:6819/53408 -- osd_ping(ping e194449 stamp
2014-08-13 16:24:20.465777) v2 -- ?+0 0x7d05cc0 con 0x8c3a100 -6244>
2014-08-13 16:24:20.466074 7fd933fe0700 1 -- 192.168.1.115:0/25220 --> 192.168.1.103:6812/37658 -- osd_ping(ping e194449 stamp
2014-08-13 16:24:20.465777) v2 -- ?+0 0x7d04600 con 0x8c3c0a0 -6243>
2014-08-13 16:24:20.466091 7fd933fe0700 1 -- 192.168.1.115:0/25220 --> 192.168.100.103:6818/37658 -- osd_ping(ping e194449 stamp
2014-08-13 16:24:20.465777) v2 -- ?+0 0x7d04980 con 0x8c3bde0 -6242>
2014-08-13 16:24:20.466109 7fd933fe0700 1 -- 192.168.1.115:0/25220 --> 192.168.1.103:6816/38269 -- osd_ping(ping e194449 stamp
2014-08-13 16:24:20.465777) v2 -- ?+0 0x7d00540 con 0x8babde0 -6241>
2014-08-13 16:24:20.466132 7fd933fe0700 1 -- 192.168.1.115:0/25220 --> 192.168.100.103:6827/38269 -- osd_ping(ping e194449 stamp
2014-08-13 16:24:20.465777) v2 -- ?+0 0x7d07380 con 0x8babb20 -6240>
2014-08-13 16:24:20.466152 7fd933fe0700 1 -- 192.168.1.115:0/25220 --> 192.168.1.107:6822/54786 -- osd_ping(ping e194449 stamp
2014-08-13 16:24:20.465777) v2 -- ?+0 0x7d032c0 con 0x8c3d6a0 -6239>
2014-08-13 16:24:20.466184 7fd933fe0700 1 -- 192.168.1.115:0/25220 --> 192.168.100.107:6838/54786 -- osd_ping(ping e194449 stamp
2014-08-13 16:24:20.465777) v2 -- ?+0 0x7d063c0 con 0x8c3d3e0 -6238>
2014-08-13 16:24:20.466206 7fd933fe0700 1 -- 192.168.1.115:0/25220 --> 192.168.1.107:6801/52669 -- osd_ping(ping e194449 stamp
2014-08-13 16:24:20.465777) v2 -- ?+0 0x7d00fc0 con 0x8badac0 -6237>
2014-08-13 16:24:20.466224 7fd933fe0700 1 -- 192.168.1.115:0/25220 --> 192.168.100.107:6803/52669 -- osd_ping(ping e194449 stamp
2014-08-13 16:24:20.465777) v2 -- ?+0 0x7d03480 con 0x8bad800 -6236>
2014-08-13 16:24:20.466240 7fd933fe0700 1 -- 192.168.1.115:0/25220 --> 192.168.1.103:6801/36920 -- osd_ping(ping e194449 stamp
2014-08-13 16:24:20.465777) v2 -- ?+0 0x7d00000 con 0x8bab860 -6235>
2014-08-13 16:24:20.466257 7fd933fe0700 1 -- 192.168.1.115:0/25220 --> 192.168.100.103:6802/36920 -- osd_ping(ping e194449 stamp
2014-08-13 16:24:20.465777) v2 -- ?+0 0x8c88e00 con 0x8bab5a0 -6234>
2014-08-13 16:24:20.466273 7fd933fe0700 1 -- 192.168.1.115:0/25220 --> 192.168.1.103:6808/37391 -- osd_ping(ping e194449 stamp
2014-08-13 16:24:20.465777) v2 -- ?+0 0x8c8c600 con 0x8c69600 -6233>
2014-08-13 16:24:20.466292 7fd933fe0700 1 -- 192.168.1.115:0/25220 --> 192.168.100.103:6813/37391 -- osd_ping(ping e194449 stamp
2014-08-13 16:24:20.465777) v2 -- ?+0 0x9286580 con 0x8c69340 -6232>
2014-08-13 16:24:20.466310 7fd933fe0700 1 -- 192.168.1.115:0/25220 --> 192.168.1.103:6832/41157 -- osd_ping(ping e194449 stamp
2014-08-13 16:24:20.465777) v2 -- ?+0 0x9282f40 con 0x8baee00 -6231>
2014-08-13 16:24:20.466306 7fd93cbee700 1 -- 192.168.1.115:0/25220 <== osd.0 192.168.1.115:6811/59615 4 ==== osd_ping(ping_reply e194449 stamp
2014-08-13 16:24:20.465777) v2 ==== 47+0+0 (3407294819 0 0) 0x81c5400 con 0x8c391e0 -6230>
2014-08-13 16:24:20.466327 7fd933fe0700 1 -- 192.168.1.115:0/25220 --> 192.168.100.103:6850/41157 -- osd_ping(ping e194449 stamp
2014-08-13 16:24:20.465777) v2 -- ?+0 0x9285080 con 0x8ba1a20 -6229>
2014-08-13 16:24:20.466447 7fd933fe0700 1 -- 192.168.1.115:0/25220 --> 192.168.1.115:6814/59915 -- osd_ping(ping e194449 stamp
2014-08-13 16:24:20.465777) v2 -- ?+0 0x9284b40 con 0x8d21e40 -6228>
2014-08-13 16:24:20.466483 7fd933fe0700 1 -- 192.168.1.115:0/25220 --> 192.168.100.115:6831/59915 -- osd_ping(ping e194449 stamp
2014-08-13 16:24:20.465777) v2 -- ?+0 0x9287700 con 0x8d21b80 -6227>
2014-08-13 16:24:20.466503 7fd933fe0700 1 -- 192.168.1.115:0/25220 --> 192.168.1.111:6823/10782 -- osd_ping(ping e194449 stamp
2014-08-13 16:24:20.465777) v2 -- ?+0 0x9285b00 con 0x7fba3c0 -6226>
2014-08-13 16:24:20.466524 7fd933fe0700 1 -- 192.168.1.115:0/25220 --> 192.168.100.111:6802/10782 -- osd_ping(ping e194449 stamp
2014-08-13 16:24:20.465777) v2 -- ?+0 0x9282140 con 0x7fba260 -6225>
2014-08-13 16:24:20.466541 7fd933fe0700 1 -- 192.168.1.115:0/25220 --> 192.168.1.112:6829/6040 -- osd_ping(ping e194449 stamp
2014-08-13 16:24:20.465777) v2 -- ?+0 0x87e5940 con 0x8bad540 -6224>
2014-08-13 16:24:20.466557 7fd933fe0700 1 -- 192.168.1.115:0/25220 --> 192.168.100.112:6823/6040 -- osd_ping(ping e194449 stamp
2014-08-13 16:24:20.465777) v2 -- ?+0 0x87e6e40 con 0x8bad280 -6223>
2014-08-13 16:24:20.466575 7fd933fe0700 1 -- 192.168.1.115:0/25220 --> 192.168.1.111:6829/12102 -- osd_ping(ping e194449 stamp
2014-08-13 16:24:20.465777) v2 -- ?+0 0x87e3480 con 0x8c3cba0 -6222>
2014-08-13 16:24:20.466592 7fd933fe0700 1 -- 192.168.1.115:0/25220 --> 192.168.100.111:6815/12102 -- osd_ping(ping e194449 stamp
2014-08-13 16:24:20.465777) v2 -- ?+0 0x87e4b40 con 0x8c3c8e0 -6221>
2014-08-13 16:24:20.466617 7fd933fe0700 1 -- 192.168.1.115:0/25220 --> 192.168.1.112:6839/8300 -- osd_ping(ping e194449 stamp
2014-08-13 16:24:20.465777) v2 -- ?+0 0x8eea300 con 0x7fba100 -6220>
2014-08-13 16:24:20.466636 7fd933fe0700 1 -- 192.168.1.115:0/25220 --> 192.168.100.112:6842/8300 -- osd_ping(ping e194449 stamp
2014-08-13 16:24:20.465777) v2 -- ?+0 0x8eef380 con 0x7fb9fa0 -6219>
2014-08-13 16:24:20.466653 7fd933fe0700 1 -- 192.168.1.115:0/25220 --> 192.168.1.112:6843/9607 -- osd_ping(ping e194449 stamp
2014-08-13 16:24:20.465777) v2 -- ?+0 0x8eec280 con 0x8d223c0 -6218>
2014-08-13 16:24:20.466674 7fd933fe0700 1 -- 192.168.1.115:0/25220 --> 192.168.100.112:6849/9607 -- osd_ping(ping e194449 stamp
2014-08-13 16:24:20.465777) v2 -- ?+0 0x8eecb40 con 0x8d22100 -6217>
2014-08-13 16:24:20.466699 7fd933fe0700 1 -- 192.168.1.115:0/25220 --> 192.168.1.111:6837/14923 -- osd_ping(ping e194449 stamp
2014-08-13 16:24:20.465777) v2 -- ?+0 0x8ee9f80 con 0x8c3c620 -6216>
2014-08-13 16:24:20.466714 7fd933fe0700 1 -- 192.168.1.115:0/25220 --> 192.168.100.111:6833/14923 -- osd_ping(ping e194449 stamp
2014-08-13 16:24:20.465777) v2 -- ?+0 0x8eebf00 con 0x8c3c360 -6215>
2014-08-13 16:24:20.466730 7fd933fe0700 1 -- 192.168.1.115:0/25220 --> 192.168.1.112:6835/6966 -- osd_ping(ping e194449 stamp
2014-08-13 16:24:20.465777) v2 -- ?+0 0x8eeee40 con 0x8bafe80 -6214>
2014-08-13 16:24:20.466749 7fd933fe0700 1 -- 192.168.1.115:0/25220 --> 192.168.100.112:6836/6966 -- osd_ping(ping e194449 stamp
2014-08-13 16:24:20.465777) v2 -- ?+0 0x8eee580 con 0x8bafbc0 -6213>
2014-08-13 16:24:20.466779 7fd933fe0700 1 -- 192.168.1.115:0/25220 --> 192.168.1.111:6827/11446 -- osd_ping(ping e194449 stamp
2014-08-13 16:24:20.465777) v2 -- ?+0 0x8eec600 con 0x8c38c60 -6212>
2014-08-13 16:24:20.466796 7fd933fe0700 1 -- 192.168.1.115:0/25220 --> 192.168.100.111:6811/11446 -- osd_ping(ping e194449 stamp
2014-08-13 16:24:20.465777) v2 -- ?+0 0x8eecd00 con 0x8c389a0 -6211>
2014-08-13 16:24:20.466812 7fd933fe0700 1 -- 192.168.1.115:0/25220 --> 192.168.1.111:6835/14316 -- osd_ping(ping e194449 stamp
2014-08-13 16:24:20.465777) v2 -- ?+0 0x8eef1c0 con 0x8b68c60 -6210>
2014-08-13 16:24:20.466831 7fd933fe0700 1 -- 192.168.1.115:0/25220 --> 192.168.100.111:6829/14316 -- osd_ping(ping e194449 stamp
2014-08-13 16:24:20.465777) v2 -- ?+0 0x8ee88c0 con 0x8b68b00 -6209>
2014-08-13 16:24:20.466847 7fd933fe0700 1 -- 192.168.1.115:0/25220 --> 192.168.1.112:6823/5265 -- osd_ping(ping e194449 stamp
2014-08-13 16:24:20.465777) v2 -- ?+0 0x8eea140 con 0x8c6fe80 -6208>
2014-08-13 16:24:20.466868 7fd933fe0700 1 -- 192.168.1.115:0/25220 --> 192.168.100.112:6804/5265 -- osd_ping(ping e194449 stamp
2014-08-13 16:24:20.465777) v2 -- ?+0 0x8eee040 con 0x8c6fbc0 -6207>
2014-08-13 16:24:20.466885 7fd933fe0700 1 -- 192.168.1.115:0/25220 --> 192.168.1.111:6841/16566 -- osd_ping(ping e194449 stamp
2014-08-13 16:24:20.465777) v2 -- ?+0 0x8eee3c0 con 0x8b689a0 -6206>
2014-08-13 16:24:20.466904 7fd933fe0700 1 -- 192.168.1.115:0/25220 --> 192.168.100.111:6839/16566 -- osd_ping(ping e194449 stamp
2014-08-13 16:24:20.465777) v2 -- ?+0 0x8eee200 con 0x8b68840 -6205>
2014-08-13 16:24:20.466925 7fd933fe0700 1 -- 192.168.1.115:0/25220 --> 192.168.1.112:6825/5505 -- osd_ping(ping e194449 stamp
2014-08-13 16:24:20.465777) v2 -- ?+0 0x8eee900 con 0x7fb9e40 -6204>
2014-08-13 16:24:20.466948 7fd933fe0700 1 -- 192.168.1.115:0/25220 --> 192.168.100.112:6810/5505 -- osd_ping(ping e194449 stamp
2014-08-13 16:24:20.465777) v2 -- ?+0 0x8eeeac0 con 0x7fb9ce0 -6203>
2014-08-13 16:24:20.466968 7fd933fe0700 1 -- 192.168.1.115:0/25220 --> 192.168.1.111:6831/12680 -- osd_ping(ping e194449 stamp
2014-08-13 16:24:20.465777) v2 -- ?+0 0x8eec7c0 con 0x8c3b9c0 -6202>
2014-08-13 16:24:20.466988 7fd933fe0700 1 -- 192.168.1.115:0/25220 --> 192.168.100.111:6820/12680 -- osd_ping(ping e194449 stamp
2014-08-13 16:24:20.465777) v2 -- ?+0 0x8ee8540 con 0x8c3b700 -6201>
2014-08-13 16:24:20.467004 7fd933fe0700 1 -- 192.168.1.115:0/25220 --> 192.168.1.111:6843/17345 -- osd_ping(ping e194449 stamp
2014-08-13 16:24:20.465777) v2 -- ?+0 0x8ee96c0 con 0x7fbb020 -6200>
2014-08-13 16:24:20.467019 7fd933fe0700 1 -- 192.168.1.115:0/25220 --> 192.168.100.111:6842/17345 -- osd_ping(ping e194449 stamp
2014-08-13 16:24:20.465777) v2 -- ?+0 0x8eebb80 con 0x7fbaec0 -6199>
2014-08-13 16:24:20.467036 7fd933fe0700 1 -- 192.168.1.115:0/25220 --> 192.168.1.101:6823/26295 -- osd_ping(ping e194449 stamp
2014-08-13 16:24:20.465777) v2 -- ?+0 0x8eefc40 con 0x7fbb440 -6198>
2014-08-13 16:24:20.467055 7fd933fe0700 1 -- 192.168.1.115:0/25220 --> 192.168.100.101:6845/26295 -- osd_ping(ping e194449 stamp
2014-08-13 16:24:20.465777) v2 -- ?+0 0x8eed400 con 0x7fbb2e0 -6197>
2014-08-13 16:24:20.467070 7fd933fe0700 1 -- 192.168.1.115:0/25220 --> 192.168.1.113:6821/19173 -- osd_ping(ping e194449 stamp
2014-08-13 16:24:20.465777) v2 -- ?+0 0x8eed780 con 0x7ffd960 -6196>
2014-08-13 16:24:20.467096 7fd933fe0700 1 -- 192.168.1.115:0/25220 --> 192.168.100.113:6849/19173 -- osd_ping(ping e194449 stamp
2014-08-13 16:24:20.465777) v2 -- ?+0 0x8eedb00 con 0x7ffdc20 -6195>
2014-08-13 16:24:20.467114 7fd933fe0700 1 -- 192.168.1.115:0/25220 --> 192.168.1.109:6815/33435 -- osd_ping(ping e194449 stamp
2014-08-13 16:24:20.465777) v2 -- ?+0 0x8eed940 con 0x8d20840 -6194>
2014-08-13 16:24:20.467132 7fd933fe0700 1 -- 192.168.1.115:0/25220 --> 192.168.100.109:6839/33435 -- osd_ping(ping e194449 stamp
2014-08-13 16:24:20.465777) v2 -- ?+0 0x80d8a80 con 0x8d25960 -6193>
2014-08-13 16:24:20.467152 7fd933fe0700 1 -- 192.168.1.115:0/25220 --> 192.168.1.113:6809/15284 -- osd_ping(ping e194449 stamp
2014-08-13 16:24:20.465777) v2 -- ?+0 0x80dbf00 con 0x8d218c0 -6192>
2014-08-13 16:24:20.467168 7fd933fe0700 1 -- 192.168.1.115:0/25220 --> 192.168.100.113:6828/15284 -- osd_ping(ping e194449 stamp
2014-08-13 16:24:20.465777) v2 -- ?+0 0x80db480 con 0x8d21600 -6191>
2014-08-13 16:24:20.467204 7fd933fe0700 1 -- 192.168.1.115:0/25220 --> 192.168.1.101:6821/25633 -- osd_ping(ping e194449 stamp
2014-08-13 16:24:20.465777) v2 -- ?+0 0x80dfe00 con 0x7fbaaa0 -6190>
2014-08-13 16:24:20.467221 7fd933fe0700 1 -- 192.168.1.115:0/25220 --> 192.168.100.101:6841/25633 -- osd_ping(ping e194449 stamp
2014-08-13 16:24:20.465777) v2 -- ?+0 0x80d9340 con 0x7fba940 -6189>
2014-08-13 16:24:20.467239 7fd933fe0700 1 -- 192.168.1.115:0/25220 --> 192.168.1.109:6817/33855 -- osd_ping(ping e194449 stamp
2014-08-13 16:24:20.465777) v2 -- ?+0 0x80da300 con 0x8d26e00 -6188>
2014-08-13 16:24:20.467257 7fd933fe0700 1 -- 192.168.1.115:0/25220 --> 192.168.100.109:6844/33855 -- osd_ping(ping e194449 stamp
2014-08-13 16:24:20.465777) v2 -- ?+0 0x80dc440 con 0x8d26b40 -6187>
2014-08-13 16:24:20.467285 7fd933fe0700 1 -- 192.168.1.115:0/25220 --> 192.168.1.109:6807/31286 -- osd_ping(ping e194449 stamp
2014-08-13 16:24:20.465777) v2 -- ?+0 0x80d9500 con 0x8d21340 -6186>
2014-08-13 16:24:20.467302 7fd933fe0700 1 -- 192.168.1.115:0/25220 --> 192.168.100.109:6815/31286 -- osd_ping(ping e194449 stamp
2014-08-13 16:24:20.465777) v2 -- ?+0 0x7758a80 con 0x8d21080 -6185>
2014-08-13 16:24:20.467322 7fd933fe0700 1 -- 192.168.1.115:0/25220 --> 192.168.1.113:6815/16727 -- osd_ping(ping e194449 stamp
2014-08-13 16:24:20.465777) v2 -- ?+0 0x8575400 con 0x7ffdee0 -6184>
2014-08-13 16:24:20.467340 7fd933fe0700 1 -- 192.168.1.115:0/25220 --> 192.168.100.113:6840/16727 -- osd_ping(ping e194449 stamp
2014-08-13 16:24:20.465777) v2 -- ?+0 0x8575240 con 0x7ffdd80 -6183>
2014-08-13 16:24:20.467364 7fd933fe0700 1 -- 192.168.1.115:0/25220 --> 192.168.1.113:6811/15731 -- osd_ping(ping e194449 stamp
2014-08-13 16:24:20.465777) v2 -- ?+0 0x8575080 con 0x7fb9a20 -6182>
2014-08-13 16:24:20.467382 7fd933fe0700 1 -- 192.168.1.115:0/25220 --> 192.168.100.113:6834/15731 -- osd_ping(ping e194449 stamp
2014-08-13 16:24:20.465777) v2 -- ?+0 0x8574ec0 con 0x7fb98c0 -6181>
2014-08-13 16:24:20.467401 7fd933fe0700 1 -- 192.168.1.115:0/25220 --> 192.168.1.109:6803/30768 -- osd_ping(ping e194449 stamp
2014-08-13 16:24:20.465777) v2 -- ?+0 0x8574d00 con 0x8bab2e0 -6180>
2014-08-13 16:24:20.467417 7fd933fe0700 1 -- 192.168.1.115:0/25220 --> 192.168.100.109:6807/30768 -- osd_ping(ping e194449 stamp
2014-08-13 16:24:20.465777) v2 -- ?+0 0x8574b40 con 0x8bab020 -6179>
2014-08-13 16:24:20.467435 7fd933fe0700 1 -- 192.168.1.115:0/25220 --> 192.168.1.101:6809/22782 -- osd_ping(ping e194449 stamp
2014-08-13 16:24:20.465777) v2 -- ?+0 0x8574980 con 0x8c69080 -6178>
2014-08-13 16:24:20.467462 7fd933fe0700 1 -- 192.168.1.115:0/25220 --> 192.168.100.101:6812/22782 -- osd_ping(ping e194449 stamp
2014-08-13 16:24:20.465777) v2 -- ?+0 0x85747c0 con 0x8c68dc0 -6177>
2014-08-13 16:24:20.467480 7fd933fe0700 1 -- 192.168.1.115:0/25220 --> 192.168.1.101:6807/6812 -- osd_ping(ping e194449 stamp
2014-08-13 16:24:20.465777) v2 -- ?+0 0x8574600 con 0x8d256a0 -6176>
2014-08-13 16:24:20.467504 7fd933fe0700 1 -- 192.168.1.115:0/25220 --> 192.168.100.101:6805/6812 -- osd_ping(ping e194449 stamp
2014-08-13 16:24:20.465777) v2 -- ?+0 0x8574440 con 0x8d253e0 -6175>
2014-08-13 16:24:20.467522 7fd933fe0700 1 -- 192.168.1.115:0/25220 --> 192.168.1.109:6805/31016 -- osd_ping(ping e194449 stamp
2014-08-13 16:24:20.465777) v2 -- ?+0 0x8574280 con 0x8d20dc0 -6174>
2014-08-13 16:24:20.467541 7fd933fe0700 1 -- 192.168.1.115:0/25220 --> 192.168.100.109:6811/31016 -- osd_ping(ping e194449 stamp
2014-08-13 16:24:20.465777) v2 -- ?+0 0x85740c0 con 0x8d20b00 -6173>
2014-08-13 16:24:20.467557 7fd933fe0700 1 -- 192.168.1.115:0/25220 --> 192.168.1.101:6815/23703 -- osd_ping(ping e194449 stamp
2014-08-13 16:24:20.465777) v2 -- ?+0 0x8573f00 con 0x8d25120 -6172>
2014-08-13 16:24:20.467575 7fd933fe0700 1 -- 192.168.1.115:0/25220 --> 192.168.100.101:6825/23703 -- osd_ping(ping e194449 stamp
2014-08-13 16:24:20.465777) v2 -- ?+0 0x8573d40 con 0x8d24e60 -6171>
2014-08-13 16:24:20.467595 7fd933fe0700 1 -- 192.168.1.115:0/25220 --> 192.168.1.109:6813/32413 -- osd_ping(ping e194449 stamp
2014-08-13 16:24:20.465777) v2 -- ?+0 0x8573b80 con 0x8c3d120 -6170>
2014-08-13 16:24:20.467613 7fd933fe0700 1 -- 192.168.1.115:0/25220 --> 192.168.100.109:6833/32413 -- osd_ping(ping e194449 stamp
2014-08-13 16:24:20.465777) v2 -- ?+0 0x85739c0 con 0x8c3ce60 -6169>
2014-08-13 16:24:20.467633 7fd933fe0700 1 -- 192.168.1.115:0/25220 --> 192.168.1.101:6817/24270 -- osd_ping(ping e194449 stamp
2014-08-13 16:24:20.465777) v2 -- ?+0 0x8573800 con 0x7fbb180 -6168>
2014-08-13 16:24:20.467655 7fd933fe0700 1 -- 192.168.1.115:0/25220 --> 192.168.100.101:6831/24270 -- osd_ping(ping e194449 stamp
2014-08-13 16:24:20.465777) v2 -- ?+0 0x8573640 con 0x7fbca40 -6167>
2014-08-13 16:24:20.467671 7fd933fe0700 1 -- 192.168.1.115:0/25220 --> 192.168.1.113:6817/17521 -- osd_ping(ping e194449 stamp
2014-08-13 16:24:20.465777) v2 -- ?+0 0x8573480 con 0x7fbc780 -6166>
2014-08-13 16:24:20.467689 7fd933fe0700 1 -- 192.168.1.115:0/25220 --> 192.168.100.113:6843/17521 -- osd_ping(ping e194449 stamp
2014-08-13 16:24:20.465777) v2 -- ?+0 0x85732c0 con 0x7fbc4c0 -6165>
2014-08-13 16:24:20.467705 7fd933fe0700 1 -- 192.168.1.115:0/25220 --> 192.168.1.109:6821/35445 -- osd_ping(ping e194449 stamp
2014-08-13 16:24:20.465777) v2 -- ?+0 0x8573100 con 0x8c3aec0 -6164>
2014-08-13 16:24:20.467722 7fd933fe0700 1 -- 192.168.1.115:0/25220 --> 192.168.100.109:6850/35445 -- osd_ping(ping e194449 stamp
2014-08-13 16:24:20.465777) v2 -- ?+0 0x8572f40 con 0x8c3ac00 -6163>
2014-08-13 16:24:20.467739 7fd933fe0700 1 -- 192.168.1.115:0/25220 --> 192.168.1.101:6803/22303 -- osd_ping(ping e194449 stamp
2014-08-13 16:24:20.465777) v2 -- ?+0 0x8572d80 con 0x7fbad60 -6162>
2014-08-13 16:24:20.467760 7fd933fe0700 1 -- 192.168.1.115:0/25220 --> 192.168.100.101:6803/22303 -- osd_ping(ping e194449 stamp
2014-08-13 16:24:20.465777) v2 -- ?+0 0x8572bc0 con 0x7fbac00 -6161>
2014-08-13 16:24:20.467776 7fd933fe0700 1 -- 192.168.1.115:0/25220 --> 192.168.1.113:6801/14161 -- osd_ping(ping e194449 stamp
2014-08-13 16:24:20.465777) v2 -- ?+0 0x8572a00 con 0x8c3e880 -6160>
2014-08-13 16:24:20.467795 7fd933fe0700 1 -- 192.168.1.115:0/25220 --> 192.168.100.113:6801/14161 -- osd_ping(ping e194449 stamp
2014-08-13 16:24:20.465777) v2 -- ?+0 0x8572840 con 0x8c3e5c0 -6159>
2014-08-13 16:24:20.467813 7fd933fe0700 1 -- 192.168.1.115:0/25220 --> 192.168.1.110:6815/43857 -- osd_ping(ping e194449 stamp
2014-08-13 16:24:20.465777) v2 -- ?+0 0x8572680 con 0x8c3a940 -6158>
2014-08-13 16:24:20.467829 7fd933fe0700 1 -- 192.168.1.115:0/25220 --> 192.168.100.110:6840/43857 -- osd_ping(ping e194449 stamp
2014-08-13 16:24:20.465777) v2 -- ?+0 0x85724c0 con 0x8c3a680 -6157>
2014-08-13 16:24:20.467859 7fd933fe0700 1 -- 192.168.1.115:0/25220 --> 192.168.1.106:6821/10050 -- osd_ping(ping e194449 stamp
2014-08-13 16:24:20.465777) v2 -- ?+0 0x8572300 con 0x8c69fa0 -6156>
2014-08-13 16:24:20.467884 7fd933fe0700 1 -- 192.168.1.115:0/25220 --> 192.168.100.106:6849/10050 -- osd_ping(ping e194449 stamp
2014-08-13 16:24:20.465777) v2 -- ?+0 0x8572140 con 0x8c39fa0 -6155>
2014-08-13 16:24:20.467904 7fd933fe0700 1 -- 192.168.1.115:0/25220 --> 192.168.1.104:6815/65209 -- osd_ping(ping e194449 stamp
2014-08-13 16:24:20.465777) v2 -- ?+0 0x8571f80 con 0x7fb9760 -6154>
2014-08-13 16:24:20.467920 7fd933fe0700 1 -- 192.168.1.115:0/25220 --> 192.168.100.104:6840/65209 -- osd_ping(ping e194449 stamp
2014-08-13 16:24:20.465777) v2 -- ?+0 0x8571dc0 con 0x7fb9600 -6153>
2014-08-13 16:24:20.467938 7fd933fe0700 1 -- 192.168.1.115:0/25220 --> 192.168.1.106:6805/5112 -- osd_ping(ping e194449 stamp
2014-08-13 16:24:20.465777) v2 -- ?+0 0x8571c00 con 0x8c3e300 -6152>
2014-08-13 16:24:20.467954 7fd933fe0700 1 -- 192.168.1.115:0/25220 --> 192.168.100.106:6813/5112 -- osd_ping(ping e194449 stamp
2014-08-13 16:24:20.465777) v2 -- ?+0 0x8571a40 con 0x8c618c0 -6151>
2014-08-13 16:24:20.467971 7fd933fe0700 1 -- 192.168.1.115:0/25220 --> 192.168.1.106:6803/4876 -- osd_ping(ping e194449 stamp
