2014-08-13 16:24:25.201304 7fd9371e5700 5 osd.4 pg_epoch: 194450 pg[24.39a( v 194422'13151 lc 194370'13054 (192718'10533,194422'13151] local-les=194449 n=50 ec=192688 les/c 194449/194351 194450/194450/194450) [349,4]/[4,395] r=0 lpr=194450 pi=193304-194449/51 crt=194422'13151 lcod 0'0 mlcod 0'0 remapped+peering m=49] exit Started/Primary/Peering/GetLog 0.000079 0 0.000000 -4716>
2014-08-13 16:24:25.201321 7fd9367e4700 1 -- 192.168.100.115:6805/25220 --> 192.168.100.113:6789/0 -- osd_pgtemp(e194450 {24.39a=[4,395,13]} v194450) v1 -- ?+0 0x8019680 con 0x4e3dd80 -4715>
2014-08-13 16:24:25.201334 7fd93dff0700 5 -- op tracker -- , seq: 903, time:
2014-08-13 16:24:24.717940, event: header_read, request: pg_notify(22.775(4) epoch 194450) v5 -4714>
2014-08-13 16:24:25.201343 7fd93dff0700 5 -- op tracker -- , seq: 903, time:
2014-08-13 16:24:24.717941, event: throttled, request: pg_notify(22.775(4) epoch 194450) v5 -4713>
2014-08-13 16:24:25.201338 7fd9371e5700 5 osd.4 pg_epoch: 194450 pg[24.39a( v 194422'13151 lc 194370'13054 (192718'10533,194422'13151] local-les=194449 n=50 ec=192688 les/c 194449/194351 194450/194450/194450) [349,4]/[4,395] r=0 lpr=194450 pi=193304-194449/51 crt=194422'13151 lcod 0'0 mlcod 0'0 remapped+peering m=49] exit Started/Primary/Peering 0.011016 0 0.000000 -4712>
2014-08-13 16:24:25.201352 7fd93dff0700 5 -- op tracker -- , seq: 903, time:
2014-08-13 16:24:24.718012, event: all_read, request: pg_notify(22.775(4) epoch 194450) v5 -4711>
2014-08-13 16:24:25.201374 7fd93dff0700 5 -- op tracker -- , seq: 903, time:
2014-08-13 16:24:25.201330, event: dispatched, request: pg_notify(22.775(4) epoch 194450) v5 -4710>
2014-08-13 16:24:25.201370 7fd9371e5700 5 osd.4 pg_epoch: 194450 pg[24.39a( v 194422'13151 lc 194370'13054 (192718'10533,194422'13151] local-les=194449 n=50 ec=192688 les/c 194449/194351 194450/194450/194450) [349,4]/[4,395] r=0 lpr=194450 pi=193304-194449/51 crt=194422'13151 lcod 0'0 mlcod 0'0 remapped m=49] exit Started/Primary 0.011069 0 0.000000 -4709>
2014-08-13 16:24:25.201386 7fd93dff0700 5 -- op tracker -- , seq: 903, time:
2014-08-13 16:24:25.201385, event: waiting_for_osdmap, request: pg_notify(22.775(4) epoch 194450) v5 -4708>
2014-08-13 16:24:25.201397 7fd93dff0700 5 -- op tracker -- , seq: 903, time:
2014-08-13 16:24:25.201397, event: started, request: pg_notify(22.775(4) epoch 194450) v5 -4707>
2014-08-13 16:24:25.201392 7fd9371e5700 5 osd.4 pg_epoch: 194450 pg[24.39a( v 194422'13151 lc 194370'13054 (192718'10533,194422'13151] local-les=194449 n=50 ec=192688 les/c 194449/194351 194450/194450/194450) [349,4]/[4,395] r=0 lpr=194450 pi=193304-194449/51 crt=194422'13151 lcod 0'0 mlcod 0'0 remapped m=49] enter Started/Primary -4706>
2014-08-13 16:24:25.201412 7fd9371e5700 5 osd.4 pg_epoch: 194450 pg[24.39a( v 194422'13151 lc 194370'13054 (192718'10533,194422'13151] local-les=194449 n=50 ec=192688 les/c 194449/194351 194450/194450/194450) [349,4]/[4,395] r=0 lpr=194450 pi=193304-194449/51 crt=194422'13151 lcod 0'0 mlcod 0'0 remapped m=49] enter Started/Primary/Peering/WaitActingChange -4705>
2014-08-13 16:24:25.201423 7fd93dff0700 5 -- op tracker -- , seq: 903, time:
2014-08-13 16:24:25.201423, event: done, request: pg_notify(22.775(4) epoch 194450) v5 -4704>
2014-08-13 16:24:25.201448 7fd9371e5700 10 monclient: _send_mon_message to mon.storage0113-ib at 192.168.100.113:6789/0 -4703>
2014-08-13 16:24:25.201454 7fd93dff0700 1 -- 192.168.1.115:6813/25220 <== osd.303 192.168.1.109:6802/30768 15 ==== pg_notify(22.481(27) epoch 194450) v5 ==== 2235+0+0 (4130580896 0 0) 0x80dee40 con 0x5108b00 -4702>
2014-08-13 16:24:25.201463 7fd9371e5700 1 -- 192.168.100.115:6805/25220 --> 192.168.100.113:6789/0 -- osd_pgtemp(e194450 {24.39a=[4,395,13]} v194450) v1 -- ?+0 0x8019c20 con 0x4e3dd80 -4701>
2014-08-13 16:24:25.201475 7fd93dff0700 5 -- op tracker -- , seq: 904, time:
2014-08-13 16:24:24.842713, event: header_read, request: pg_notify(22.481(27) epoch 194450) v5 -4700>
2014-08-13 16:24:25.201503 7fd9367e4700 10 monclient: _send_mon_message to mon.storage0113-ib at 192.168.100.113:6789/0 -4699>
2014-08-13 16:24:25.201513 7fd93dff0700 5 -- op tracker -- , seq: 904, time:
2014-08-13 16:24:24.842716, event: throttled, request: pg_notify(22.481(27) epoch 194450) v5 -4698>
2014-08-13 16:24:25.201540 7fd93dff0700 5 -- op tracker -- , seq: 904, time:
2014-08-13 16:24:24.842873, event: all_read, request: pg_notify(22.481(27) epoch 194450) v5 -4697>
2014-08-13 16:24:25.201532 7fd9367e4700 1 -- 192.168.100.115:6805/25220 --> 192.168.100.113:6789/0 -- osd_pgtemp(e194450 {24.39a=[4,395,13]} v194450) v1 -- ?+0 0x801f620 con 0x4e3dd80 -4696>
2014-08-13 16:24:25.201555 7fd93dff0700 5 -- op tracker -- , seq: 904, time:
2014-08-13 16:24:25.201473, event: dispatched, request: pg_notify(22.481(27) epoch 194450) v5 -4695>
2014-08-13 16:24:25.201585 7fd93dff0700 5 -- op tracker -- , seq: 904, time:
2014-08-13 16:24:25.201585, event: waiting_for_osdmap, request: pg_notify(22.481(27) epoch 194450) v5 -4694>
2014-08-13 16:24:25.201600 7fd93dff0700 5 -- op tracker -- , seq: 904, time:
2014-08-13 16:24:25.201600, event: started, request: pg_notify(22.481(27) epoch 194450) v5 -4693>
2014-08-13 16:24:25.201650 7fd93dff0700 5 -- op tracker -- , seq: 904, time:
2014-08-13 16:24:25.201649, event: done, request: pg_notify(22.481(27) epoch 194450) v5 -4692>
2014-08-13 16:24:25.201670 7fd9371e5700 10 monclient: _send_mon_message to mon.storage0113-ib at 192.168.100.113:6789/0 -4691>
2014-08-13 16:24:25.201676 7fd93dff0700 1 -- 192.168.1.115:6813/25220 <== osd.349 192.168.1.104:6800/61726 15 ==== pg_notify(24.39a(41) epoch 194450) v5 ==== 2987+0+0 (2021156241 0 0) 0x8c89c00 con 0x7313860 -4690>
2014-08-13 16:24:25.201683 7fd9371e5700 1 -- 192.168.100.115:6805/25220 --> 192.168.100.113:6789/0 -- osd_pgtemp(e194450 {24.39a=[4,395,13]} v194450) v1 -- ?+0 0x801a1c0 con 0x4e3dd80 -4689>
2014-08-13 16:24:25.201701 7fd93dff0700 5 -- op tracker -- , seq: 905, time:
2014-08-13 16:24:25.195693, event: header_read, request: pg_notify(24.39a(41) epoch 194450) v5 -4688>
2014-08-13 16:24:25.201712 7fd93dff0700 5 -- op tracker -- , seq: 905, time:
2014-08-13 16:24:25.195696, event: throttled, request: pg_notify(24.39a(41) epoch 194450) v5 -4687>
2014-08-13 16:24:25.201722 7fd93dff0700 5 -- op tracker -- , seq: 905, time:
2014-08-13 16:24:25.195853, event: all_read, request: pg_notify(24.39a(41) epoch 194450) v5 -4686>
2014-08-13 16:24:25.201731 7fd93dff0700 5 -- op tracker -- , seq: 905, time:
2014-08-13 16:24:25.201698, event: dispatched, request: pg_notify(24.39a(41) epoch 194450) v5 -4685>
2014-08-13 16:24:25.201740 7fd93dff0700 5 -- op tracker -- , seq: 905, time:
2014-08-13 16:24:25.201740, event: waiting_for_osdmap, request: pg_notify(24.39a(41) epoch 194450) v5 -4684>
2014-08-13 16:24:25.201752 7fd93dff0700 5 -- op tracker -- , seq: 905, time:
2014-08-13 16:24:25.201751, event: started, request: pg_notify(24.39a(41) epoch 194450) v5 -4683>
2014-08-13 16:24:25.201778 7fd93dff0700 5 -- op tracker -- , seq: 905, time:
2014-08-13 16:24:25.201778, event: done, request: pg_notify(24.39a(41) epoch 194450) v5 -4682>
2014-08-13 16:24:25.201855 7fd9367e4700 10 monclient: _send_mon_message to mon.storage0113-ib at 192.168.100.113:6789/0 -4681>
2014-08-13 16:24:25.201880 7fd9367e4700 1 -- 192.168.100.115:6805/25220 --> 192.168.100.113:6789/0 -- osd_pgtemp(e194450 {24.39a=[4,395,13]} v194450) v1 -- ?+0 0x801a940 con 0x4e3dd80 -4680>
2014-08-13 16:24:25.267766 7fd93c1ed700 1 -- 192.168.100.115:6806/25220 <== osd.337 192.168.1.104:0/62197 6 ==== osd_ping(ping e194450 stamp
2014-08-13 16:24:25.267702) v2 ==== 47+0+0 (743776422 0 0) 0x81c2680 con 0x7ebd6a0 -4679>
2014-08-13 16:24:25.267776 7fd93adeb700 1 -- 192.168.1.115:6817/25220 <== osd.337 192.168.1.104:0/62197 6 ==== osd_ping(ping e194450 stamp
2014-08-13 16:24:25.267702) v2 ==== 47+0+0 (743776422 0 0) 0x87e4440 con 0x7ebc0a0 -4678>
2014-08-13 16:24:25.267817 7fd93c1ed700 1 -- 192.168.100.115:6806/25220 --> 192.168.1.104:0/62197 -- osd_ping(ping_reply e194450 stamp
2014-08-13 16:24:25.267702) v2 -- ?+0 0x8910c40 con 0x7ebd6a0 -4677>
2014-08-13 16:24:25.267868 7fd93adeb700 1 -- 192.168.1.115:6817/25220 --> 192.168.1.104:0/62197 -- osd_ping(ping_reply e194450 stamp
2014-08-13 16:24:25.267702) v2 -- ?+0 0x92863c0 con 0x7ebc0a0 -4676>
2014-08-13 16:24:25.335110 7fd93c1ed700 1 -- 192.168.100.115:6806/25220 <== osd.15 192.168.1.107:0/53408 9 ==== osd_ping(ping e194450 stamp
2014-08-13 16:24:25.334747) v2 ==== 47+0+0 (219990201 0 0) 0x9281f80 con 0x7ebd3e0 -4675>
2014-08-13 16:24:25.335165 7fd93adeb700 1 -- 192.168.1.115:6817/25220 <== osd.15 192.168.1.107:0/53408 9 ==== osd_ping(ping e194450 stamp
2014-08-13 16:24:25.334747) v2 ==== 47+0+0 (219990201 0 0) 0x8575e80 con 0x7ebbde0 -4674>
2014-08-13 16:24:25.335206 7fd93c1ed700 1 -- 192.168.100.115:6806/25220 --> 192.168.1.107:0/53408 -- osd_ping(ping_reply e194450 stamp
2014-08-13 16:24:25.334747) v2 -- ?+0 0x81c2680 con 0x7ebd3e0 -4673>
2014-08-13 16:24:25.335363 7fd93adeb700 1 -- 192.168.1.115:6817/25220 --> 192.168.1.107:0/53408 -- osd_ping(ping_reply e194450 stamp
2014-08-13 16:24:25.334747) v2 -- ?+0 0x87e4440 con 0x7ebbde0 -4672>
2014-08-13 16:24:25.394304 7fd93c1ed700 1 -- 192.168.100.115:6806/25220 <== osd.323 192.168.100.106:0/8118 7 ==== osd_ping(ping e194450 stamp
2014-08-13 16:24:25.393529) v2 ==== 47+0+0 (3251041798 0 0) 0x9286e40 con 0x7d2c360 -4671>
2014-08-13 16:24:25.394357 7fd93c1ed700 1 -- 192.168.100.115:6806/25220 --> 192.168.100.106:0/8118 -- osd_ping(ping_reply e194450 stamp
2014-08-13 16:24:25.393529) v2 -- ?+0 0x9281f80 con 0x7d2c360 -4670>
2014-08-13 16:24:25.394345 7fd93adeb700 1 -- 192.168.1.115:6817/25220 <== osd.323 192.168.100.106:0/8118 7 ==== osd_ping(ping e194450 stamp
2014-08-13 16:24:25.393529) v2 ==== 47+0+0 (3251041798 0 0) 0x7d06740 con 0x7d2ac00 -4669>
2014-08-13 16:24:25.394388 7fd93adeb700 1 -- 192.168.1.115:6817/25220 --> 192.168.100.106:0/8118 -- osd_ping(ping_reply e194450 stamp
2014-08-13 16:24:25.393529) v2 -- ?+0 0x8575e80 con 0x7d2ac00 -4668>
2014-08-13 16:24:25.423352 7fd93c1ed700 1 -- 192.168.100.115:6806/25220 <== osd.320 192.168.1.106:0/10050 8 ==== osd_ping(ping e194450 stamp
2014-08-13 16:24:25.422774) v2 ==== 47+0+0 (1601138379 0 0) 0x840f700 con 0x7ab9ce0 -4667>
2014-08-13 16:24:25.423402 7fd93c1ed700 1 -- 192.168.100.115:6806/25220 --> 192.168.1.106:0/10050 -- osd_ping(ping_reply e194450 stamp
2014-08-13 16:24:25.422774) v2 -- ?+0 0x9286e40 con 0x7ab9ce0 -4666>
2014-08-13 16:24:25.423433 7fd93adeb700 1 -- 192.168.1.115:6817/25220 <== osd.320 192.168.1.106:0/10050 8 ==== osd_ping(ping e194450 stamp
2014-08-13 16:24:25.422774) v2 ==== 47+0+0 (1601138379 0 0) 0x840fc40 con 0x7ab9a20 -4665>
2014-08-13 16:24:25.423513 7fd93adeb700 1 -- 192.168.1.115:6817/25220 --> 192.168.1.106:0/10050 -- osd_ping(ping_reply e194450 stamp
2014-08-13 16:24:25.422774) v2 -- ?+0 0x7d06740 con 0x7ab9a20 -4664>
2014-08-13 16:24:25.546570 7fd93dff0700 1 -- 192.168.1.115:6813/25220 <== osd.367 192.168.1.114:6840/55513 30 ==== osd_sub_op(unknown.0.0:0 22.639 0//0//-1 [scrub-reserve] v 0'0 snapset=0=[]:[] snapc=0=[]) v10 ==== 1145+0+0 (2415431945 0 0) 0x86db700 con 0x5112520 -4663>
2014-08-13 16:24:25.546623 7fd93dff0700 5 -- op tracker -- , seq: 906, time:
2014-08-13 16:24:25.546361, event: header_read, request: osd_sub_op(unknown.0.0:0 22.639 0//0//-1 [scrub-reserve] v 0'0 snapset=0=[]:[] snapc=0=[]) v10 -4662>
2014-08-13 16:24:25.546640 7fd93dff0700 5 -- op tracker -- , seq: 906, time:
2014-08-13 16:24:25.546365, event: throttled, request: osd_sub_op(unknown.0.0:0 22.639 0//0//-1 [scrub-reserve] v 0'0 snapset=0=[]:[] snapc=0=[]) v10 -4661>
2014-08-13 16:24:25.546649 7fd93dff0700 5 -- op tracker -- , seq: 906, time:
2014-08-13 16:24:25.546486, event: all_read, request: osd_sub_op(unknown.0.0:0 22.639 0//0//-1 [scrub-reserve] v 0'0 snapset=0=[]:[] snapc=0=[]) v10 -4660>
2014-08-13 16:24:25.546659 7fd93dff0700 5 -- op tracker -- , seq: 906, time:
2014-08-13 16:24:25.546617, event: dispatched, request: osd_sub_op(unknown.0.0:0 22.639 0//0//-1 [scrub-reserve] v 0'0 snapset=0=[]:[] snapc=0=[]) v10 -4659>
2014-08-13 16:24:25.546680 7fd93dff0700 5 -- op tracker -- , seq: 906, time:
2014-08-13 16:24:25.546680, event: waiting_for_osdmap, request: osd_sub_op(unknown.0.0:0 22.639 0//0//-1 [scrub-reserve] v 0'0 snapset=0=[]:[] snapc=0=[]) v10 -4658>
2014-08-13 16:24:25.546787 7fd9371e5700 5 -- op tracker -- , seq: 906, time:
2014-08-13 16:24:25.546787, event: reached_pg, request: osd_sub_op(unknown.0.0:0 22.639 0//0//-1 [scrub-reserve] v 0'0 snapset=0=[]:[] snapc=0=[]) v10 -4657>
2014-08-13 16:24:25.546828 7fd9371e5700 5 -- op tracker -- , seq: 906, time:
2014-08-13 16:24:25.546828, event: started, request: osd_sub_op(unknown.0.0:0 22.639 0//0//-1 [scrub-reserve] v 0'0 snapset=0=[]:[] snapc=0=[]) v10 -4656>
2014-08-13 16:24:25.546855 7fd9371e5700 1 -- 192.168.1.115:6813/25220 --> 192.168.1.114:6840/55513 -- osd_sub_op_reply(unknown.0.0:0 22.639 0//0//-1 [scrub-reserve] ack, result = 0) v2 -- ?+1 0x8d45780 con 0x5112520 -4655>
2014-08-13 16:24:25.546887 7fd9371e5700 5 -- op tracker -- , seq: 906, time:
2014-08-13 16:24:25.546887, event: done, request: osd_sub_op(unknown.0.0:0 22.639 0//0//-1 [scrub-reserve] v 0'0 snapset=0=[]:[] snapc=0=[]) v10 -4654>
2014-08-13 16:24:25.548141 7fd93dff0700 1 -- 192.168.1.115:6813/25220 <== osd.367 192.168.1.114:6840/55513 31 ==== osd_sub_op(unknown.0.0:0 22.639 0//0//-1 [scrub-unreserve] v 0'0 snapset=0=[]:[] snapc=0=[]) v10 ==== 1145+0+0 (514409132 0 0) 0x8bc3700 con 0x5112520 -4653>
2014-08-13 16:24:25.548204 7fd93dff0700 5 -- op tracker -- , seq: 907, time:
2014-08-13 16:24:25.547952, event: header_read, request: osd_sub_op(unknown.0.0:0 22.639 0//0//-1 [scrub-unreserve] v 0'0 snapset=0=[]:[] snapc=0=[]) v10 -4652>
2014-08-13 16:24:25.548220 7fd93dff0700 5 -- op tracker -- , seq: 907, time:
2014-08-13 16:24:25.547955, event: throttled, request: osd_sub_op(unknown.0.0:0 22.639 0//0//-1 [scrub-unreserve] v 0'0 snapset=0=[]:[] snapc=0=[]) v10 -4651>
2014-08-13 16:24:25.548230 7fd93dff0700 5 -- op tracker -- , seq: 907, time:
2014-08-13 16:24:25.548061, event: all_read, request: osd_sub_op(unknown.0.0:0 22.639 0//0//-1 [scrub-unreserve] v 0'0 snapset=0=[]:[] snapc=0=[]) v10 -4650>
2014-08-13 16:24:25.548245 7fd93dff0700 5 -- op tracker -- , seq: 907, time:
2014-08-13 16:24:25.548197, event: dispatched, request: osd_sub_op(unknown.0.0:0 22.639 0//0//-1 [scrub-unreserve] v 0'0 snapset=0=[]:[] snapc=0=[]) v10 -4649>
2014-08-13 16:24:25.548262 7fd93dff0700 5 -- op tracker -- , seq: 907, time:
2014-08-13 16:24:25.548262, event: waiting_for_osdmap, request: osd_sub_op(unknown.0.0:0 22.639 0//0//-1 [scrub-unreserve] v 0'0 snapset=0=[]:[] snapc=0=[]) v10 -4648>
2014-08-13 16:24:25.548331 7fd9367e4700 5 -- op tracker -- , seq: 907, time:
2014-08-13 16:24:25.548331, event: reached_pg, request: osd_sub_op(unknown.0.0:0 22.639 0//0//-1 [scrub-unreserve] v 0'0 snapset=0=[]:[] snapc=0=[]) v10 -4647>
2014-08-13 16:24:25.548377 7fd9367e4700 5 -- op tracker -- , seq: 907, time:
2014-08-13 16:24:25.548376, event: started, request: osd_sub_op(unknown.0.0:0 22.639 0//0//-1 [scrub-unreserve] v 0'0 snapset=0=[]:[] snapc=0=[]) v10 -4646>
2014-08-13 16:24:25.548392 7fd9367e4700 5 -- op tracker -- , seq: 907, time:
2014-08-13 16:24:25.548392, event: done, request: osd_sub_op(unknown.0.0:0 22.639 0//0//-1 [scrub-unreserve] v 0'0 snapset=0=[]:[] snapc=0=[]) v10 -4645>
2014-08-13 16:24:25.565025 7fd93adeb700 1 -- 192.168.1.115:6817/25220 <== osd.6 192.168.1.107:0/53141 8 ==== osd_ping(ping e194450 stamp
2014-08-13 16:24:25.564799) v2 ==== 47+0+0 (3651757998 0 0) 0x85763c0 con 0x7cae880 -4644>
2014-08-13 16:24:25.565050 7fd93c1ed700 1 -- 192.168.100.115:6806/25220 <== osd.6 192.168.1.107:0/53141 8 ==== osd_ping(ping e194450 stamp
2014-08-13 16:24:25.564799) v2 ==== 47+0+0 (3651757998 0 0) 0x775d780 con 0x7cae040 -4643>
2014-08-13 16:24:25.565072 7fd93adeb700 1 -- 192.168.1.115:6817/25220 --> 192.168.1.107:0/53141 -- osd_ping(ping_reply e194450 stamp
2014-08-13 16:24:25.564799) v2 -- ?+0 0x840fc40 con 0x7cae880 -4642>
2014-08-13 16:24:25.565130 7fd93c1ed700 1 -- 192.168.100.115:6806/25220 --> 192.168.1.107:0/53141 -- osd_ping(ping_reply e194450 stamp
2014-08-13 16:24:25.564799) v2 -- ?+0 0x840f700 con 0x7cae040 -4641>
2014-08-13 16:24:25.635471 7fd93dff0700 1 -- 192.168.1.115:6813/25220 <== osd.30 192.168.1.107:6823/55491 21 ==== osd_sub_op(unknown.0.0:0 22.791 0//0//-1 [scrub-reserve] v 0'0 snapset=0=[]:[] snapc=0=[]) v10 ==== 1145+0+0 (3179826951 0 0) 0x76fb700 con 0x4e4f900 -4640>
2014-08-13 16:24:25.635523 7fd93dff0700 5 -- op tracker -- , seq: 908, time:
2014-08-13 16:24:25.635273, event: header_read, request: osd_sub_op(unknown.0.0:0 22.791 0//0//-1 [scrub-reserve] v 0'0 snapset=0=[]:[] snapc=0=[]) v10 -4639>
2014-08-13 16:24:25.635539 7fd93dff0700 5 -- op tracker -- , seq: 908, time:
2014-08-13 16:24:25.635277, event: throttled, request: osd_sub_op(unknown.0.0:0 22.791 0//0//-1 [scrub-reserve] v 0'0 snapset=0=[]:[] snapc=0=[]) v10 -4638>
2014-08-13 16:24:25.635549 7fd93dff0700 5 -- op tracker -- , seq: 908, time:
2014-08-13 16:24:25.635387, event: all_read, request: osd_sub_op(unknown.0.0:0 22.791 0//0//-1 [scrub-reserve] v 0'0 snapset=0=[]:[] snapc=0=[]) v10 -4637>
2014-08-13 16:24:25.635558 7fd93dff0700 5 -- op tracker -- , seq: 908, time:
2014-08-13 16:24:25.635516, event: dispatched, request: osd_sub_op(unknown.0.0:0 22.791 0//0//-1 [scrub-reserve] v 0'0 snapset=0=[]:[] snapc=0=[]) v10 -4636>
2014-08-13 16:24:25.635574 7fd93dff0700 5 -- op tracker -- , seq: 908, time:
2014-08-13 16:24:25.635574, event: waiting_for_osdmap, request: osd_sub_op(unknown.0.0:0 22.791 0//0//-1 [scrub-reserve] v 0'0 snapset=0=[]:[] snapc=0=[]) v10 -4635>
2014-08-13 16:24:25.635674 7fd9371e5700 5 -- op tracker -- , seq: 908, time:
2014-08-13 16:24:25.635673, event: reached_pg, request: osd_sub_op(unknown.0.0:0 22.791 0//0//-1 [scrub-reserve] v 0'0 snapset=0=[]:[] snapc=0=[]) v10 -4634>
2014-08-13 16:24:25.635714 7fd9371e5700 5 -- op tracker -- , seq: 908, time:
2014-08-13 16:24:25.635714, event: started, request: osd_sub_op(unknown.0.0:0 22.791 0//0//-1 [scrub-reserve] v 0'0 snapset=0=[]:[] snapc=0=[]) v10 -4633>
2014-08-13 16:24:25.635733 7fd9371e5700 1 -- 192.168.1.115:6813/25220 --> 192.168.1.107:6823/55491 -- osd_sub_op_reply(unknown.0.0:0 22.791 0//0//-1 [scrub-reserve] ack, result = 0) v2 -- ?+1 0x8d45500 con 0x4e4f900 -4632>
2014-08-13 16:24:25.635762 7fd9371e5700 5 -- op tracker -- , seq: 908, time:
2014-08-13 16:24:25.635761, event: done, request: osd_sub_op(unknown.0.0:0 22.791 0//0//-1 [scrub-reserve] v 0'0 snapset=0=[]:[] snapc=0=[]) v10 -4631>
2014-08-13 16:24:25.637120 7fd93dff0700 1 -- 192.168.1.115:6813/25220 <== osd.30 192.168.1.107:6823/55491 22 ==== osd_sub_op(unknown.0.0:0 22.791 0//0//-1 [scrub-unreserve] v 0'0 snapset=0=[]:[] snapc=0=[]) v10 ==== 1145+0+0 (752458914 0 0) 0x8bc4200 con 0x4e4f900 -4630>
2014-08-13 16:24:25.637184 7fd93dff0700 5 -- op tracker -- , seq: 909, time:
2014-08-13 16:24:25.636939, event: header_read, request: osd_sub_op(unknown.0.0:0 22.791 0//0//-1 [scrub-unreserve] v 0'0 snapset=0=[]:[] snapc=0=[]) v10 -4629>
2014-08-13 16:24:25.637200 7fd93dff0700 5 -- op tracker -- , seq: 909, time:
2014-08-13 16:24:25.636942, event: throttled, request: osd_sub_op(unknown.0.0:0 22.791 0//0//-1 [scrub-unreserve] v 0'0 snapset=0=[]:[] snapc=0=[]) v10 -4628>
2014-08-13 16:24:25.637210 7fd93dff0700 5 -- op tracker -- , seq: 909, time:
2014-08-13 16:24:25.637038, event: all_read, request: osd_sub_op(unknown.0.0:0 22.791 0//0//-1 [scrub-unreserve] v 0'0 snapset=0=[]:[] snapc=0=[]) v10 -4627>
2014-08-13 16:24:25.637223 7fd93dff0700 5 -- op tracker -- , seq: 909, time:
2014-08-13 16:24:25.637177, event: dispatched, request: osd_sub_op(unknown.0.0:0 22.791 0//0//-1 [scrub-unreserve] v 0'0 snapset=0=[]:[] snapc=0=[]) v10 -4626>
2014-08-13 16:24:25.637238 7fd93dff0700 5 -- op tracker -- , seq: 909, time:
2014-08-13 16:24:25.637238, event: waiting_for_osdmap, request: osd_sub_op(unknown.0.0:0 22.791 0//0//-1 [scrub-unreserve] v 0'0 snapset=0=[]:[] snapc=0=[]) v10 -4625>
2014-08-13 16:24:25.637337 7fd9367e4700 5 -- op tracker -- , seq: 909, time:
2014-08-13 16:24:25.637337, event: reached_pg, request: osd_sub_op(unknown.0.0:0 22.791 0//0//-1 [scrub-unreserve] v 0'0 snapset=0=[]:[] snapc=0=[]) v10 -4624>
2014-08-13 16:24:25.637378 7fd9367e4700 5 -- op tracker -- , seq: 909, time:
2014-08-13 16:24:25.637378, event: started, request: osd_sub_op(unknown.0.0:0 22.791 0//0//-1 [scrub-unreserve] v 0'0 snapset=0=[]:[] snapc=0=[]) v10 -4623>
2014-08-13 16:24:25.637393 7fd9367e4700 5 -- op tracker -- , seq: 909, time:
2014-08-13 16:24:25.637393, event: done, request: osd_sub_op(unknown.0.0:0 22.791 0//0//-1 [scrub-unreserve] v 0'0 snapset=0=[]:[] snapc=0=[]) v10 -4622>
2014-08-13 16:24:25.648746 7fd93c1ed700 1 -- 192.168.100.115:6806/25220 <== osd.334 192.168.1.104:0/62751 7 ==== osd_ping(ping e194450 stamp
2014-08-13 16:24:25.648770) v2 ==== 47+0+0 (3535075126 0 0) 0x8c88000 con 0x7caf0c0 -4621>
2014-08-13 16:24:25.648762 7fd93adeb700 1 -- 192.168.1.115:6817/25220 <== osd.334 192.168.1.104:0/62751 7 ==== osd_ping(ping e194450 stamp
2014-08-13 16:24:25.648770) v2 ==== 47+0+0 (3535075126 0 0) 0x8c8d940 con 0x7d286e0 -4620>
2014-08-13 16:24:25.648798 7fd93c1ed700 1 -- 192.168.100.115:6806/25220 --> 192.168.1.104:0/62751 -- osd_ping(ping_reply e194450 stamp
2014-08-13 16:24:25.648770) v2 -- ?+0 0x775d780 con 0x7caf0c0 -4619>
2014-08-13 16:24:25.648852 7fd93adeb700 1 -- 192.168.1.115:6817/25220 --> 192.168.1.104:0/62751 -- osd_ping(ping_reply e194450 stamp
2014-08-13 16:24:25.648770) v2 -- ?+0 0x85763c0 con 0x7d286e0 -4618>
2014-08-13 16:24:25.690080 7fd93dff0700 1 -- 192.168.1.115:6813/25220 <== osd.26 192.168.1.115:6802/58522 3 ==== osd_map(194451..194451 src has 185139..194451) v3 ==== 1595+0+0 (2946913855 0 0) 0x7cf4140 con 0x7d2d120 -4617>
2014-08-13 16:24:25.690767 7fd93dff0700 3 osd.4 194450 handle_osd_map epochs [194451,194451], i have 194450, src has [185139,194451] -4616>
2014-08-13 16:24:25.696819 7fd93f3f2700 1 -- 192.168.100.115:6805/25220 <== mon.2 192.168.100.113:6789/0 25 ==== osd_map(194450..194451 src has 185139..194451) v3 ==== 1774+0+0 (2937653276 0 0) 0x5077980 con 0x4e3dd80 -4615>
2014-08-13 16:24:25.698262 7fd93dff0700 0 osd.4 194451 crush map has features 2578087936000, adjusting msgr requires for mons -4614>
2014-08-13 16:24:25.769615 7fd933fe0700 5 osd.4 194451 heartbeat: osd_stat(8081 MB used, 2783 GB avail, 2791 GB total, peers [0,3,5,7,10,11,15,17,20,21,24,25,28,31,32,44,45,47,48,50,54,55,56,58,59,61,62,63,65,285,286,287,289,291,293,296,301,302,303,304,306,307,309,310,311,312,313,314,315,318,320,324,327,330,331,332,337,338,339,340,341,342,343,344,347,348,349,350,351,352,353,356,357,362,363,365,366,367,368,369,371,373,374,375,376,378,379,380,381,382,396,397]/[] op hist []) -4613>
2014-08-13 16:24:25.769672 7fd933fe0700 1 -- 192.168.1.115:0/25220 --> 192.168.1.115:6811/59615 -- osd_ping(ping e194450 stamp
2014-08-13 16:24:25.769669) v2 -- ?+0 0x7ed3100 con 0x8c391e0 -4612>
2014-08-13 16:24:25.769706 7fd933fe0700 1 -- 192.168.1.115:0/25220 --> 192.168.100.115:6825/59615 -- osd_ping(ping e194450 stamp
2014-08-13 16:24:25.769669) v2 -- ?+0 0x7ed2f40 con 0x8c38f20 -4611>
2014-08-13 16:24:25.769732 7fd933fe0700 1 -- 192.168.1.115:0/25220 --> 192.168.1.107:6841/56287 -- osd_ping(ping e194450 stamp
2014-08-13 16:24:25.769669) v2 -- ?+0 0x83ca140 con 0x78844c0 -4610>
2014-08-13 16:24:25.769750 7fd933fe0700 1 -- 192.168.1.115:0/25220 --> 192.168.100.107:6845/56287 -- osd_ping(ping e194450 stamp
2014-08-13 16:24:25.769669) v2 -- ?+0 0x83c9f80 con 0x7884200 -4609>
2014-08-13 16:24:25.769767 7fd933fe0700 1 -- 192.168.1.115:0/25220 --> 192.168.1.103:6830/40192 -- osd_ping(ping e194450 stamp
2014-08-13 16:24:25.769669) v2 -- ?+0 0x83c9dc0 con 0x78848e0 -4608>
2014-08-13 16:24:25.769783 7fd933fe0700 1 -- 192.168.1.115:0/25220 --> 192.168.100.103:6847/40192 -- osd_ping(ping e194450 stamp
2014-08-13 16:24:25.769669) v2 -- ?+0 0x83c9c00 con 0x7884620 -4607>
2014-08-13 16:24:25.769807 7fd933fe0700 1 -- 192.168.1.115:0/25220 --> 192.168.1.115:6839/62713 -- osd_ping(ping e194450 stamp
2014-08-13 16:24:25.769669) v2 -- ?+0 0x83c9a40 con 0x8ba06e0 -4606>
2014-08-13 16:24:25.769829 7fd933fe0700 1 -- 192.168.1.115:0/25220 --> 192.168.100.115:6846/62713 -- osd_ping(ping e194450 stamp
2014-08-13 16:24:25.769669) v2 -- ?+0 0x83c9880 con 0x8c698c0 -4605>
2014-08-13 16:24:25.769845 7fd933fe0700 1 -- 192.168.1.115:0/25220 --> 192.168.1.115:6816/60573 -- osd_ping(ping e194450 stamp
2014-08-13 16:24:25.769669) v2 -- ?+0 0x83c8380 con 0x794c360 -4604>
2014-08-13 16:24:25.769864 7fd933fe0700 1 -- 192.168.1.115:0/25220 --> 192.168.100.115:6834/60573 -- osd_ping(ping e194450 stamp
2014-08-13 16:24:25.769669) v2 -- ?+0 0x83c9340 con 0x794e300 -4603>
2014-08-13 16:24:25.769885 7fd933fe0700 1 -- 192.168.1.115:0/25220 --> 192.168.1.103:6814/37929 -- osd_ping(ping e194450 stamp
2014-08-13 16:24:25.769669) v2 -- ?+0 0x83c8e00 con 0x794e040 -4602>
2014-08-13 16:24:25.769904 7fd933fe0700 1 -- 192.168.1.115:0/25220 --> 192.168.100.103:6821/37929 -- osd_ping(ping e194450 stamp
2014-08-13 16:24:25.769669) v2 -- ?+0 0x79be200 con 0x794dd80 -4601>
2014-08-13 16:24:25.769930 7fd933fe0700 1 -- 192.168.1.115:0/25220 --> 192.168.1.107:6814/53408 -- osd_ping(ping e194450 stamp
2014-08-13 16:24:25.769669) v2 -- ?+0 0x79bbd40 con 0x8c3a3c0 -4600>
2014-08-13 16:24:25.769947 7fd933fe0700 1 -- 192.168.1.115:0/25220 --> 192.168.100.107:6819/53408 -- osd_ping(ping e194450 stamp
2014-08-13 16:24:25.769669) v2 -- ?+0 0x79be740 con 0x8c3a100 -4599>
2014-08-13 16:24:25.769964 7fd933fe0700 1 -- 192.168.1.115:0/25220 --> 192.168.1.103:6812/37658 -- osd_ping(ping e194450 stamp
2014-08-13 16:24:25.769669) v2 -- ?+0 0x79b88c0 con 0x8c3c0a0 -4598>
2014-08-13 16:24:25.769992 7fd933fe0700 1 -- 192.168.1.115:0/25220 --> 192.168.100.103:6818/37658 -- osd_ping(ping e194450 stamp
2014-08-13 16:24:25.769669) v2 -- ?+0 0x79bc280 con 0x8c3bde0 -4597>
2014-08-13 16:24:25.770017 7fd933fe0700 1 -- 192.168.1.115:0/25220 --> 192.168.1.103:6816/38269 -- osd_ping(ping e194450 stamp
2014-08-13 16:24:25.769669) v2 -- ?+0 0x79bc7c0 con 0x8babde0 -4596>
2014-08-13 16:24:25.770035 7fd933fe0700 1 -- 192.168.1.115:0/25220 --> 192.168.100.103:6827/38269 -- osd_ping(ping e194450 stamp
2014-08-13 16:24:25.769669) v2 -- ?+0 0x79bb800 con 0x8babb20 -4595>
2014-08-13 16:24:25.770052 7fd933fe0700 1 -- 192.168.1.115:0/25220 --> 192.168.1.107:6822/54786 -- osd_ping(ping e194450 stamp
2014-08-13 16:24:25.769669) v2 -- ?+0 0x79b8e00 con 0x8c3d6a0 -4594>
2014-08-13 16:24:25.770068 7fd933fe0700 1 -- 192.168.1.115:0/25220 --> 192.168.100.107:6838/54786 -- osd_ping(ping e194450 stamp
2014-08-13 16:24:25.769669) v2 -- ?+0 0x79bf1c0 con 0x8c3d3e0 -4593>
2014-08-13 16:24:25.770086 7fd933fe0700 1 -- 192.168.1.115:0/25220 --> 192.168.1.107:6801/52669 -- osd_ping(ping e194450 stamp
2014-08-13 16:24:25.769669) v2 -- ?+0 0x79b9880 con 0x8badac0 -4592>
2014-08-13 16:24:25.770105 7fd933fe0700 1 -- 192.168.1.115:0/25220 --> 192.168.100.107:6803/52669 -- osd_ping(ping e194450 stamp
2014-08-13 16:24:25.769669) v2 -- ?+0 0x79b9dc0 con 0x8bad800 -4591>
2014-08-13 16:24:25.770121 7fd933fe0700 1 -- 192.168.1.115:0/25220 --> 192.168.1.103:6801/36920 -- osd_ping(ping e194450 stamp
2014-08-13 16:24:25.769669) v2 -- ?+0 0x79ba840 con 0x8bab860 -4590>
2014-08-13 16:24:25.770137 7fd933fe0700 1 -- 192.168.1.115:0/25220 --> 192.168.100.103:6802/36920 -- osd_ping(ping e194450 stamp
2014-08-13 16:24:25.769669) v2 -- ?+0 0x79bd240 con 0x8bab5a0 -4589>
2014-08-13 16:24:25.770154 7fd933fe0700 1 -- 192.168.1.115:0/25220 --> 192.168.1.103:6808/37391 -- osd_ping(ping e194450 stamp
2014-08-13 16:24:25.769669) v2 -- ?+0 0x79bd780 con 0x8c69600 -4588>
2014-08-13 16:24:25.770181 7fd933fe0700 1 -- 192.168.1.115:0/25220 --> 192.168.100.103:6813/37391 -- osd_ping(ping e194450 stamp
2014-08-13 16:24:25.769669) v2 -- ?+0 0x79bec80 con 0x8c69340 -4587>
2014-08-13 16:24:25.770205 7fd933fe0700 1 -- 192.168.1.115:0/25220 --> 192.168.1.103:6832/41157 -- osd_ping(ping e194450 stamp
2014-08-13 16:24:25.769669) v2 -- ?+0 0x79bad80 con 0x8baee00 -4586>
2014-08-13 16:24:25.770225 7fd933fe0700 1 -- 192.168.1.115:0/25220 --> 192.168.100.103:6850/41157 -- osd_ping(ping e194450 stamp
2014-08-13 16:24:25.769669) v2 -- ?+0 0x79ba300 con 0x8ba1a20 -4585>
2014-08-13 16:24:25.770242 7fd933fe0700 1 -- 192.168.1.115:0/25220 --> 192.168.1.115:6814/59915 -- osd_ping(ping e194450 stamp
2014-08-13 16:24:25.769669) v2 -- ?+0 0x79bfe00 con 0x8d21e40 -4584>
2014-08-13 16:24:25.770259 7fd933fe0700 1 -- 192.168.1.115:0/25220 --> 192.168.100.115:6831/59915 -- osd_ping(ping e194450 stamp
2014-08-13 16:24:25.769669) v2 -- ?+0 0x79bfc40 con 0x8d21b80 -4583>
2014-08-13 16:24:25.770281 7fd933fe0700 1 -- 192.168.1.115:0/25220 --> 192.168.1.111:6823/10782 -- osd_ping(ping e194450 stamp
2014-08-13 16:24:25.769669) v2 -- ?+0 0x79bf700 con 0x7fba3c0 -4582>
2014-08-13 16:24:25.770299 7fd933fe0700 1 -- 192.168.1.115:0/25220 --> 192.168.100.111:6802/10782 -- osd_ping(ping e194450 stamp
2014-08-13 16:24:25.769669) v2 -- ?+0 0x79bcd00 con 0x7fba260 -4581>
2014-08-13 16:24:25.770315 7fd933fe0700 1 -- 192.168.1.115:0/25220 --> 192.168.1.112:6829/6040 -- osd_ping(ping e194450 stamp
2014-08-13 16:24:25.769669) v2 -- ?+0 0x79bb2c0 con 0x8bad540 -4580>
2014-08-13 16:24:25.770331 7fd933fe0700 1 -- 192.168.1.115:0/25220 --> 192.168.100.112:6823/6040 -- osd_ping(ping e194450 stamp
2014-08-13 16:24:25.769669) v2 -- ?+0 0x79b9340 con 0x8bad280 -4579>
2014-08-13 16:24:25.770349 7fd933fe0700 1 -- 192.168.1.115:0/25220 --> 192.168.1.111:6829/12102 -- osd_ping(ping e194450 stamp
2014-08-13 16:24:25.769669) v2 -- ?+0 0x9107000 con 0x8c3cba0 -4578>
2014-08-13 16:24:25.770368 7fd933fe0700 1 -- 192.168.1.115:0/25220 --> 192.168.100.111:6815/12102 -- osd_ping(ping e194450 stamp
2014-08-13 16:24:25.769669) v2 -- ?+0 0x91024c0 con 0x8c3c8e0 -4577>
2014-08-13 16:24:25.770387 7fd933fe0700 1 -- 192.168.1.115:0/25220 --> 192.168.1.112:6839/8300 -- osd_ping(ping e194450 stamp
2014-08-13 16:24:25.769669) v2 -- ?+0 0x9105e80 con 0x7fba100 -4576>
2014-08-13 16:24:25.770410 7fd933fe0700 1 -- 192.168.1.115:0/25220 --> 192.168.100.112:6842/8300 -- osd_ping(ping e194450 stamp
2014-08-13 16:24:25.769669) v2 -- ?+0 0x9105400 con 0x7fb9fa0 -4575>
2014-08-13 16:24:25.770427 7fd933fe0700 1 -- 192.168.1.115:0/25220 --> 192.168.1.112:6843/9607 -- osd_ping(ping e194450 stamp
2014-08-13 16:24:25.769669) v2 -- ?+0 0x91063c0 con 0x8d223c0 -4574>
2014-08-13 16:24:25.770449 7fd933fe0700 1 -- 192.168.1.115:0/25220 --> 192.168.100.112:6849/9607 -- osd_ping(ping e194450 stamp
2014-08-13 16:24:25.769669) v2 -- ?+0 0x9106200 con 0x8d22100 -4573>
2014-08-13 16:24:25.770467 7fd933fe0700 1 -- 192.168.1.115:0/25220 --> 192.168.1.111:6837/14923 -- osd_ping(ping e194450 stamp
2014-08-13 16:24:25.769669) v2 -- ?+0 0x81c3d40 con 0x8c3c620 -4572>
2014-08-13 16:24:25.770482 7fd933fe0700 1 -- 192.168.1.115:0/25220 --> 192.168.100.111:6833/14923 -- osd_ping(ping e194450 stamp
2014-08-13 16:24:25.769669) v2 -- ?+0 0x81c7000 con 0x8c3c360 -4571>
2014-08-13 16:24:25.770504 7fd933fe0700 1 -- 192.168.1.115:0/25220 --> 192.168.1.112:6835/6966 -- osd_ping(ping e194450 stamp
2014-08-13 16:24:25.769669) v2 -- ?+0 0x79b9880 con 0x8bafe80 -4570>
2014-08-13 16:24:25.770523 7fd933fe0700 1 -- 192.168.1.115:0/25220 --> 192.168.100.112:6836/6966 -- osd_ping(ping e194450 stamp
2014-08-13 16:24:25.769669) v2 -- ?+0 0x79b9dc0 con 0x8bafbc0 -4569>
2014-08-13 16:24:25.770539 7fd933fe0700 1 -- 192.168.1.115:0/25220 --> 192.168.1.111:6827/11446 -- osd_ping(ping e194450 stamp
2014-08-13 16:24:25.769669) v2 -- ?+0 0x79ba840 con 0x8c38c60 -4568>
2014-08-13 16:24:25.770561 7fd933fe0700 1 -- 192.168.1.115:0/25220 --> 192.168.100.111:6811/11446 -- osd_ping(ping e194450 stamp
2014-08-13 16:24:25.769669) v2 -- ?+0 0x79bd240 con 0x8c389a0 -4567>
2014-08-13 16:24:25.770579 7fd933fe0700 1 -- 192.168.1.115:0/25220 --> 192.168.1.111:6835/14316 -- osd_ping(ping e194450 stamp
2014-08-13 16:24:25.769669) v2 -- ?+0 0x79bec80 con 0x8b68c60 -4566>
2014-08-13 16:24:25.770598 7fd933fe0700 1 -- 192.168.1.115:0/25220 --> 192.168.100.111:6829/14316 -- osd_ping(ping e194450 stamp
2014-08-13 16:24:25.769669) v2 -- ?+0 0x79bad80 con 0x8b68b00 -4565>
2014-08-13 16:24:25.770614 7fd933fe0700 1 -- 192.168.1.115:0/25220 --> 192.168.1.112:6823/5265 -- osd_ping(ping e194450 stamp
2014-08-13 16:24:25.769669) v2 -- ?+0 0x79bfc40 con 0x8c6fe80 -4564>
2014-08-13 16:24:25.770632 7fd933fe0700 1 -- 192.168.1.115:0/25220 --> 192.168.100.112:6804/5265 -- osd_ping(ping e194450 stamp
2014-08-13 16:24:25.769669) v2 -- ?+0 0x79bf700 con 0x8c6fbc0 -4563>
2014-08-13 16:24:25.770655 7fd933fe0700 1 -- 192.168.1.115:0/25220 --> 192.168.1.111:6841/16566 -- osd_ping(ping e194450 stamp
2014-08-13 16:24:25.769669) v2 -- ?+0 0x79bd780 con 0x8b689a0 -4562>
2014-08-13 16:24:25.770674 7fd933fe0700 1 -- 192.168.1.115:0/25220 --> 192.168.100.111:6839/16566 -- osd_ping(ping e194450 stamp
2014-08-13 16:24:25.769669) v2 -- ?+0 0x79bcd00 con 0x8b68840 -4561>
2014-08-13 16:24:25.770653 7fd93cbee700 1 -- 192.168.1.115:0/25220 <== osd.3 192.168.100.107:6845/56287 5 ==== osd_ping(ping_reply e194450 stamp
2014-08-13 16:24:25.769669) v2 ==== 47+0+0 (3394829026 0 0) 0x775e740 con 0x7884200 -4560>
2014-08-13 16:24:25.770691 7fd933fe0700 1 -- 192.168.1.115:0/25220 --> 192.168.1.112:6825/5505 -- osd_ping(ping e194450 stamp
2014-08-13 16:24:25.769669) v2 -- ?+0 0x79ba300 con 0x7fb9e40 -4559>
2014-08-13 16:24:25.770709 7fd933fe0700 1 -- 192.168.1.115:0/25220 --> 192.168.100.112:6810/5505 -- osd_ping(ping e194450 stamp
2014-08-13 16:24:25.769669) v2 -- ?+0 0x79b9340 con 0x7fb9ce0 -4558>
2014-08-13 16:24:25.770727 7fd933fe0700 1 -- 192.168.1.115:0/25220 --> 192.168.1.111:6831/12680 -- osd_ping(ping e194450 stamp
2014-08-13 16:24:25.769669) v2 -- ?+0 0x79bb2c0 con 0x8c3b9c0 -4557>
2014-08-13 16:24:25.770745 7fd933fe0700 1 -- 192.168.1.115:0/25220 --> 192.168.100.111:6820/12680 -- osd_ping(ping e194450 stamp
2014-08-13 16:24:25.769669) v2 -- ?+0 0x8c88e00 con 0x8c3b700 -4556>
2014-08-13 16:24:25.770768 7fd933fe0700 1 -- 192.168.1.115:0/25220 --> 192.168.1.111:6843/17345 -- osd_ping(ping e194450 stamp
2014-08-13 16:24:25.769669) v2 -- ?+0 0x8c8c600 con 0x7fbb020 -4555>
2014-08-13 16:24:25.770784 7fd933fe0700 1 -- 192.168.1.115:0/25220 --> 192.168.100.111:6842/17345 -- osd_ping(ping e194450 stamp
2014-08-13 16:24:25.769669) v2 -- ?+0 0x9287000 con 0x7fbaec0 -4554>
2014-08-13 16:24:25.770801 7fd933fe0700 1 -- 192.168.1.115:0/25220 --> 192.168.1.101:6823/26295 -- osd_ping(ping e194450 stamp
2014-08-13 16:24:25.769669) v2 -- ?+0 0x9286580 con 0x7fbb440 -4553>
2014-08-13 16:24:25.770825 7fd933fe0700 1 -- 192.168.1.115:0/25220 --> 192.168.100.101:6845/26295 -- osd_ping(ping e194450 stamp
2014-08-13 16:24:25.769669) v2 -- ?+0 0x9282f40 con 0x7fbb2e0 -4552>
2014-08-13 16:24:25.770843 7fd933fe0700 1 -- 192.168.1.115:0/25220 --> 192.168.1.113:6821/19173 -- osd_ping(ping e194450 stamp
2014-08-13 16:24:25.769669) v2 -- ?+0 0x9287700 con 0x7ffd960 -4551>
2014-08-13 16:24:25.770861 7fd933fe0700 1 -- 192.168.1.115:0/25220 --> 192.168.100.113:6849/19173 -- osd_ping(ping e194450 stamp
2014-08-13 16:24:25.769669) v2 -- ?+0 0x9285b00 con 0x7ffdc20 -4550>
2014-08-13 16:24:25.770883 7fd933fe0700 1 -- 192.168.1.115:0/25220 --> 192.168.1.109:6815/33435 -- osd_ping(ping e194450 stamp
2014-08-13 16:24:25.769669) v2 -- ?+0 0x92824c0 con 0x8d20840 -4549>
2014-08-13 16:24:25.770903 7fd933fe0700 1 -- 192.168.1.115:0/25220 --> 192.168.100.109:6839/33435 -- osd_ping(ping e194450 stamp
2014-08-13 16:24:25.769669) v2 -- ?+0 0x9282140 con 0x8d25960 -4548>
2014-08-13 16:24:25.770919 7fd933fe0700 1 -- 192.168.1.115:0/25220 --> 192.168.1.113:6809/15284 -- osd_ping(ping e194450 stamp
2014-08-13 16:24:25.769669) v2 -- ?+0 0x9285080 con 0x8d218c0 -4547>
2014-08-13 16:24:25.770936 7fd933fe0700 1 -- 192.168.1.115:0/25220 --> 192.168.100.113:6828/15284 -- osd_ping(ping e194450 stamp
2014-08-13 16:24:25.769669) v2 -- ?+0 0x899cb40 con 0x8d21600 -4546>
2014-08-13 16:24:25.770953 7fd933fe0700 1 -- 192.168.1.115:0/25220 --> 192.168.1.101:6821/25633 -- osd_ping(ping e194450 stamp
2014-08-13 16:24:25.769669) v2 -- ?+0 0x899c280 con 0x7fbaaa0 -4545>
2014-08-13 16:24:25.770969 7fd933fe0700 1 -- 192.168.1.115:0/25220 --> 192.168.100.101:6841/25633 -- osd_ping(ping e194450 stamp
2014-08-13 16:24:25.769669) v2 -- ?+0 0x8eebd40 con 0x7fba940 -4544>
2014-08-13 16:24:25.770988 7fd933fe0700 1 -- 192.168.1.115:0/25220 --> 192.168.1.109:6817/33855 -- osd_ping(ping e194450 stamp
2014-08-13 16:24:25.769669) v2 -- ?+0 0x8eef8c0 con 0x8d26e00 -4543>
2014-08-13 16:24:25.771005 7fd933fe0700 1 -- 192.168.1.115:0/25220 --> 192.168.100.109:6844/33855 -- osd_ping(ping e194450 stamp
2014-08-13 16:24:25.769669) v2 -- ?+0 0x8eefa80 con 0x8d26b40 -4542>
2014-08-13 16:24:25.771026 7fd933fe0700 1 -- 192.168.1.115:0/25220 --> 192.168.1.109:6807/31286 -- osd_ping(ping e194450 stamp
2014-08-13 16:24:25.769669) v2 -- ?+0 0x8ee8a80 con 0x8d21340 -4541>
2014-08-13 16:24:25.771042 7fd933fe0700 1 -- 192.168.1.115:0/25220 --> 192.168.100.109:6815/31286 -- osd_ping(ping e194450 stamp
2014-08-13 16:24:25.769669) v2 -- ?+0 0x8ee9500 con 0x8d21080 -4540>
2014-08-13 16:24:25.771059 7fd933fe0700 1 -- 192.168.1.115:0/25220 --> 192.168.1.113:6815/16727 -- osd_ping(ping e194450 stamp
2014-08-13 16:24:25.769669) v2 -- ?+0 0x8eef700 con 0x7ffdee0 -4539>
2014-08-13 16:24:25.771081 7fd933fe0700 1 -- 192.168.1.115:0/25220 --> 192.168.100.113:6840/16727 -- osd_ping(ping e194450 stamp
2014-08-13 16:24:25.769669) v2 -- ?+0 0x8eea300 con 0x7ffdd80 -4538>
2014-08-13 16:24:25.771098 7fd933fe0700 1 -- 192.168.1.115:0/25220 --> 192.168.1.113:6811/15731 -- osd_ping(ping e194450 stamp
2014-08-13 16:24:25.769669) v2 -- ?+0 0x8eec280 con 0x7fb9a20 -4537>
2014-08-13 16:24:25.771116 7fd933fe0700 1 -- 192.168.1.115:0/25220 --> 192.168.100.113:6834/15731 -- osd_ping(ping e194450 stamp
2014-08-13 16:24:25.769669) v2 -- ?+0 0x9105e80 con 0x7fb98c0 -4536>
2014-08-13 16:24:25.771134 7fd933fe0700 1 -- 192.168.1.115:0/25220 --> 192.168.1.109:6803/30768 -- osd_ping(ping e194450 stamp
2014-08-13 16:24:25.769669) v2 -- ?+0 0x9103480 con 0x8bab2e0 -4535>
2014-08-13 16:24:25.771152 7fd933fe0700 1 -- 192.168.1.115:0/25220 --> 192.168.100.109:6807/30768 -- osd_ping(ping e194450 stamp
2014-08-13 16:24:25.769669) v2 -- ?+0 0x9107000 con 0x8bab020 -4534>
2014-08-13 16:24:25.771187 7fd933fe0700 1 -- 192.168.1.115:0/25220 --> 192.168.1.101:6809/22782 -- osd_ping(ping e194450 stamp
2014-08-13 16:24:25.769669) v2 -- ?+0 0x91039c0 con 0x8c69080 -4533>
2014-08-13 16:24:25.771214 7fd933fe0700 1 -- 192.168.1.115:0/25220 --> 192.168.100.101:6812/22782 -- osd_ping(ping e194450 stamp
2014-08-13 16:24:25.769669) v2 -- ?+0 0x91024c0 con 0x8c68dc0 -4532>
2014-08-13 16:24:25.771233 7fd933fe0700 1 -- 192.168.1.115:0/25220 --> 192.168.1.101:6807/6812 -- osd_ping(ping e194450 stamp
2014-08-13 16:24:25.769669) v2 -- ?+0 0x9101c00 con 0x8d256a0 -4531>
2014-08-13 16:24:25.771252 7fd933fe0700 1 -- 192.168.1.115:0/25220 --> 192.168.100.101:6805/6812 -- osd_ping(ping e194450 stamp
2014-08-13 16:24:25.769669) v2 -- ?+0 0x91063c0 con 0x8d253e0 -4530>
2014-08-13 16:24:25.771276 7fd933fe0700 1 -- 192.168.1.115:0/25220 --> 192.168.1.109:6805/31016 -- osd_ping(ping e194450 stamp
2014-08-13 16:24:25.769669) v2 -- ?+0 0x9107540 con 0x8d20dc0 -4529>
2014-08-13 16:24:25.771301 7fd933fe0700 1 -- 192.168.1.115:0/25220 --> 192.168.100.109:6811/31016 -- osd_ping(ping e194450 stamp
2014-08-13 16:24:25.769669) v2 -- ?+0 0x8eec980 con 0x8d20b00 -4528>
2014-08-13 16:24:25.771318 7fd933fe0700 1 -- 192.168.1.115:0/25220 --> 192.168.1.101:6815/23703 -- osd_ping(ping e194450 stamp
2014-08-13 16:24:25.769669) v2 -- ?+0 0x8eefa80 con 0x8d25120 -4527>
2014-08-13 16:24:25.771348 7fd933fe0700 1 -- 192.168.1.115:0/25220 --> 192.168.100.101:6825/23703 -- osd_ping(ping e194450 stamp
2014-08-13 16:24:25.769669) v2 -- ?+0 0x8ee9c00 con 0x8d24e60 -4526>
2014-08-13 16:24:25.771366 7fd933fe0700 1 -- 192.168.1.115:0/25220 --> 192.168.1.109:6813/32413 -- osd_ping(ping e194450 stamp
2014-08-13 16:24:25.769669) v2 -- ?+0 0x8ee9500 con 0x8c3d120 -4525>
2014-08-13 16:24:25.771384 7fd933fe0700 1 -- 192.168.1.115:0/25220 --> 192.168.100.109:6833/32413 -- osd_ping(ping e194450 stamp
2014-08-13 16:24:25.769669) v2 -- ?+0 0x8eea680 con 0x8c3ce60 -4524>
2014-08-13 16:24:25.771401 7fd933fe0700 1 -- 192.168.1.115:0/25220 --> 192.168.1.101:6817/24270 -- osd_ping(ping e194450 stamp
2014-08-13 16:24:25.769669) v2 -- ?+0 0x8eebd40 con 0x7fbb180 -4523>
2014-08-13 16:24:25.771422 7fd933fe0700 1 -- 192.168.1.115:0/25220 --> 192.168.100.101:6831/24270 -- osd_ping(ping e194450 stamp
2014-08-13 16:24:25.769669) v2 -- ?+0 0x8eec0c0 con 0x7fbca40 -4522>
2014-08-13 16:24:25.771438 7fd933fe0700 1 -- 192.168.1.115:0/25220 --> 192.168.1.113:6817/17521 -- osd_ping(ping e194450 stamp
2014-08-13 16:24:25.769669) v2 -- ?+0 0x8eea300 con 0x7fbc780 -4521>
2014-08-13 16:24:25.771459 7fd933fe0700 1 -- 192.168.1.115:0/25220 --> 192.168.100.113:6843/17521 -- osd_ping(ping e194450 stamp
2014-08-13 16:24:25.769669) v2 -- ?+0 0x8ee9880 con 0x7fbc4c0 -4520>
2014-08-13 16:24:25.771475 7fd933fe0700 1 -- 192.168.1.115:0/25220 --> 192.168.1.109:6821/35445 -- osd_ping(ping e194450 stamp
2014-08-13 16:24:25.769669) v2 -- ?+0 0x8eeb100 con 0x8c3aec0 -4519>
2014-08-13 16:24:25.771495 7fd933fe0700 1 -- 192.168.1.115:0/25220 --> 192.168.100.109:6850/35445 -- osd_ping(ping e194450 stamp
2014-08-13 16:24:25.769669) v2 -- ?+0 0x8eec280 con 0x8c3ac00 -4518>
2014-08-13 16:24:25.771517 7fd933fe0700 1 -- 192.168.1.115:0/25220 --> 192.168.1.101:6803/22303 -- osd_ping(ping e194450 stamp
2014-08-13 16:24:25.769669) v2 -- ?+0 0x8ee9dc0 con 0x7fbad60 -4517>
2014-08-13 16:24:25.771534 7fd933fe0700 1 -- 192.168.1.115:0/25220 --> 192.168.100.101:6803/22303 -- osd_ping(ping e194450 stamp
2014-08-13 16:24:25.769669) v2 -- ?+0 0x8eed240 con 0x7fbac00 -4516>
2014-08-13 16:24:25.771553 7fd933fe0700 1 -- 192.168.1.115:0/25220 --> 192.168.1.113:6801/14161 -- osd_ping(ping e194450 stamp
2014-08-13 16:24:25.769669) v2 -- ?+0 0x8eed080 con 0x8c3e880 -4515>
2014-08-13 16:24:25.771572 7fd933fe0700 1 -- 192.168.1.115:0/25220 --> 192.168.100.113:6801/14161 -- osd_ping(ping e194450 stamp
2014-08-13 16:24:25.769669) v2 -- ?+0 0x8eeb2c0 con 0x8c3e5c0 -4514>
2014-08-13 16:24:25.771589 7fd933fe0700 1 -- 192.168.1.115:0/25220 --> 192.168.1.110:6815/43857 -- osd_ping(ping e194450 stamp
2014-08-13 16:24:25.769669) v2 -- ?+0 0x8eef700 con 0x8c3a940 -4513>
2014-08-13 16:24:25.771606 7fd933fe0700 1 -- 192.168.1.115:0/25220 --> 192.168.100.110:6840/43857 -- osd_ping(ping e194450 stamp
2014-08-13 16:24:25.769669) v2 -- ?+0 0x8ee8e00 con 0x8c3a680 -4512>
2014-08-13 16:24:25.771635 7fd933fe0700 1 -- 192.168.1.115:0/25220 --> 192.168.1.106:6821/10050 -- osd_ping(ping e194450 stamp
2014-08-13 16:24:25.769669) v2 -- ?+0 0x8eeb480 con 0x8c69fa0 -4511>
2014-08-13 16:24:25.771651 7fd933fe0700 1 -- 192.168.1.115:0/25220 --> 192.168.100.106:6849/10050 -- osd_ping(ping e194450 stamp
2014-08-13 16:24:25.769669) v2 -- ?+0 0x8c88e00 con 0x8c39fa0 -4510>
2014-08-13 16:24:25.771669 7fd933fe0700 1 -- 192.168.1.115:0/25220 --> 192.168.1.104:6815/65209 -- osd_ping(ping e194450 stamp
2014-08-13 16:24:25.769669) v2 -- ?+0 0x92824c0 con 0x7fb9760 -4509>
2014-08-13 16:24:25.771686 7fd933fe0700 1 -- 192.168.1.115:0/25220 --> 192.168.100.104:6840/65209 -- osd_ping(ping e194450 stamp
2014-08-13 16:24:25.769669) v2 -- ?+0 0x9282f40 con 0x7fb9600 -4508>
2014-08-13 16:24:25.771703 7fd933fe0700 1 -- 192.168.1.115:0/25220 --> 192.168.1.106:6805/5112 -- osd_ping(ping e194450 stamp
2014-08-13 16:24:25.769669) v2 -- ?+0 0x9285b00 con 0x8c3e300 -4507>
2014-08-13 16:24:25.771720 7fd933fe0700 1 -- 192.168.1.115:0/25220 --> 192.168.100.106:6813/5112 -- osd_ping(ping e194450 stamp
2014-08-13 16:24:25.769669) v2 -- ?+0 0x9285080 con 0x8c618c0 -4506>
2014-08-13 16:24:25.771738 7fd933fe0700 1 -- 192.168.1.115:0/25220 --> 192.168.1.106:6803/4876 -- osd_ping(ping e194450 stamp
2014-08-13 16:24:25.769669) v2 -- ?+0 0x9286580 con 0x8bac780 -4505>
2014-08-13 16:24:25.771756 7fd933fe0700 1 -- 192.168.1.115:0/25220 --> 192.168.100.106:6807/4876 -- osd_ping(ping e194450 stamp
2014-08-13 16:24:25.769669) v2 -- ?+0 0x9282140 con 0x8bac4c0 -4504>
2014-08-13 16:24:25.771773 7fd933fe0700 1 -- 192.168.1.115:0/25220 --> 192.168.1.104:6817/837 -- osd_ping(ping e194450 stamp
2014-08-13 16:24:25.769669) v2 -- ?+0 0x80dbf00 con 0x8bac200 -4503>
2014-08-13 16:24:25.771794 7fd933fe0700 1 -- 192.168.1.115:0/25220 --> 192.168.100.104:6843/837 -- osd_ping(ping e194450 stamp
2014-08-13 16:24:25.769669) v2 -- ?+0 0x80da300 con 0x8babf40 -4502>
2014-08-13 16:24:25.771811 7fd933fe0700 1 -- 192.168.1.115:0/25220 --> 192.168.1.110:6807/42024 -- osd_ping(ping e194450 stamp
2014-08-13 16:24:25.769669) v2 -- ?+0 0x80d9500 con 0x8d240a0 -4501>
2014-08-13 16:24:25.771834 7fd933fe0700 1 -- 192.168.1.115:0/25220 --> 192.168.100.110:6825/42024 -- osd_ping(ping e194450 stamp
2014-08-13 16:24:25.769669) v2 -- ?+0 0x80dfe00 con 0x8d23de0 -4500>
2014-08-13 16:24:25.771851 7fd933fe0700 1 -- 192.168.1.115:0/25220 --> 192.168.1.104:6805/62197 -- osd_ping(ping e194450 stamp
2014-08-13 16:24:25.769669) v2 -- ?+0 0x80dc440 con 0x8ba1760 -4499>
2014-08-13 16:24:25.771868 7fd933fe0700 1 -- 192.168.1.115:0/25220 --> 192.168.100.104:6816/62197 -- osd_ping(ping e194450 stamp
2014-08-13 16:24:25.769669) v2 -- ?+0 0x80d9340 con 0x8ba14a0 -4498>
2014-08-13 16:24:25.771885 7fd933fe0700 1 -- 192.168.1.115:0/25220 --> 192.168.1.106:6815/25893 -- osd_ping(ping e194450 stamp
2014-08-13 16:24:25.769669) v2 -- ?+0 0x80db480 con 0x8d26880 -4497>
2014-08-13 16:24:25.771901 7fd933fe0700 1 -- 192.168.1.115:0/25220 --> 192.168.100.106:6802/25893 -- osd_ping(ping e194450 stamp
2014-08-13 16:24:25.769669) v2 -- ?+0 0x80d8a80 con 0x8d265c0 -4496>
2014-08-13 16:24:25.771918 7fd933fe0700 1 -- 192.168.1.115:0/25220 --> 192.168.1.110:6819/45268 -- osd_ping(ping e194450 stamp
2014-08-13 16:24:25.769669) v2 -- ?+0 0x899c280 con 0x8baf900 -4495>
2014-08-13 16:24:25.771934 7fd933fe0700 1 -- 192.168.1.115:0/25220 --> 192.168.100.110:6846/45268 -- osd_ping(ping e194450 stamp
2014-08-13 16:24:25.769669) v2 -- ?+0 0x899cb40 con 0x8baf640 -4494>
2014-08-13 16:24:25.771952 7fd933fe0700 1 -- 192.168.1.115:0/25220 --> 192.168.1.104:6807/62463 -- osd_ping(ping e194450 stamp
2014-08-13 16:24:25.769669) v2 -- ?+0 0x7758a80 con 0x8bae040 -4493>
2014-08-13 16:24:25.771968 7fd933fe0700 1 -- 192.168.1.115:0/25220 --> 192.168.100.104:6822/62463 -- osd_ping(ping e194450 stamp
2014-08-13 16:24:25.769669) v2 -- ?+0 0x8575240 con 0x8badd80 -4492>
2014-08-13 16:24:25.771989 7fd933fe0700 1 -- 192.168.1.115:0/25220 --> 192.168.1.106:6819/9142 -- osd_ping(ping e194450 stamp
2014-08-13 16:24:25.769669) v2 -- ?+0 0x8575080 con 0x8d24620 -4491>
2014-08-13 16:24:25.772008 7fd933fe0700 1 -- 192.168.1.115:0/25220 --> 192.168.100.106:6846/9142 -- osd_ping(ping e194450 stamp
2014-08-13 16:24:25.769669) v2 -- ?+0 0x8574ec0 con 0x8d24360 -4490>
2014-08-13 16:24:25.772025 7fd933fe0700 1 -- 192.168.1.115:0/25220 --> 192.168.1.110:6803/41438 -- osd_ping(ping e194450 stamp
2014-08-13 16:24:25.769669) v2 -- ?+0 0x8574d00 con 0x8baf380 -4489>
2014-08-13 16:24:25.772043 7fd933fe0700 1 -- 192.168.1.115:0/25220 --> 192.168.100.110:6810/41438 -- osd_ping(ping e194450 stamp
2014-08-13 16:24:25.769669) v2 -- ?+0 0x8575400 con 0x8baf0c0 -4488>
2014-08-13 16:24:25.772061 7fd933fe0700 1 -- 192.168.1.115:0/25220 --> 192.168.1.104:6803/61960 -- osd_ping(ping e194450 stamp
2014-08-13 16:24:25.769669) v2 -- ?+0 0x85747c0 con 0x8b6e1a0 -4487>
2014-08-13 16:24:25.772084 7fd933fe0700 1 -- 192.168.1.115:0/25220 --> 192.168.100.104:6810/61960 -- osd_ping(ping e194450 stamp
2014-08-13 16:24:25.769669) v2 -- ?+0 0x8999a40 con 0x8b6e040 -4486>
2014-08-13 16:24:25.772107 7fd933fe0700 1 -- 192.168.1.115:0/25220 --> 192.168.1.106:6813/6757 -- osd_ping(ping e194450 stamp
2014-08-13 16:24:25.769669) v2 -- ?+0 0x899b480 con 0x8c39ce0 -4485>
2014-08-13 16:24:25.772124 7fd933fe0700 1 -- 192.168.1.115:0/25220 --> 192.168.100.106:6837/6757 -- osd_ping(ping e194450 stamp
2014-08-13 16:24:25.769669) v2 -- ?+0 0x899d780 con 0x8c39a20 -4484>
2014-08-13 16:24:25.772142 7fd933fe0700 1 -- 192.168.1.115:0/25220 --> 192.168.1.106:6801/4640 -- osd_ping(ping e194450 stamp
2014-08-13 16:24:25.769669) v2 -- ?+0 0x899f700 con 0x8d27380 -4483>
2014-08-13 16:24:25.772158 7fd933fe0700 1 -- 192.168.1.115:0/25220 --> 192.168.100.106:6803/4640 -- osd_ping(ping e194450 stamp
2014-08-13 16:24:25.769669) v2 -- ?+0 0x899b640 con 0x8d270c0 -4482>
2014-08-13 16:24:25.772183 7fd933fe0700 1 -- 192.168.1.115:0/25220 --> 192.168.1.110:6801/41204 -- osd_ping(ping e194450 stamp
2014-08-13 16:24:25.769669) v2 -- ?+0 0x899fe00 con 0x8d23b20 -4481>
2014-08-13 16:24:25.772200 7fd933fe0700 1 -- 192.168.1.115:0/25220 --> 192.168.100.110:6804/41204 -- osd_ping(ping e194450 stamp
2014-08-13 16:24:25.769669) v2 -- ?+0 0x8998700 con 0x8d27bc0 -4480>
2014-08-13 16:24:25.772216 7fd933fe0700 1 -- 192.168.1.115:0/25220 --> 192.168.1.104:6801/61726 -- osd_ping(ping e194450 stamp
2014-08-13 16:24:25.769669) v2 -- ?+0 0x899f540 con 0x8b6dee0 -4479>
2014-08-13 16:24:25.772233 7fd933fe0700 1 -- 192.168.1.115:0/25220 --> 192.168.100.104:6803/61726 -- osd_ping(ping e194450 stamp
2014-08-13 16:24:25.769669) v2 -- ?+0 0x899a300 con 0x8b6dd80 -4478>
2014-08-13 16:24:25.772250 7fd933fe0700 1 -- 192.168.1.115:0/25220 --> 192.168.1.114:6833/53185 -- osd_ping(ping e194450 stamp
2014-08-13 16:24:25.769669) v2 -- ?+0 0x899af40 con 0x7fba7e0 -4477>
2014-08-13 16:24:25.772269 7fd933fe0700 1 -- 192.168.1.115:0/25220 --> 192.168.100.114:6835/53185 -- osd_ping(ping e194450 stamp
2014-08-13 16:24:25.769669) v2 -- ?+0 0x899d5c0 con 0x7fba680 -4476>
