2014-08-13 16:24:07.739663 7fd93adeb700 1 -- 192.168.1.115:6817/25220 --> 192.168.1.110:0/46337 -- osd_ping(ping_reply e194449 stamp
2014-08-13 16:24:07.739069) v2 -- ?+0 0x80dd780 con 0x7ebc620 -8612>
2014-08-13 16:24:07.739767 7fd93c1ed700 1 -- 192.168.100.115:6806/25220 --> 192.168.1.110:0/46337 -- osd_ping(ping_reply e194449 stamp
2014-08-13 16:24:07.739069) v2 -- ?+0 0x7d04600 con 0x7eb9b80 -8611>
2014-08-13 16:24:07.864585 7fd93dff0700 1 -- 192.168.1.115:6813/25220 <== osd.345 192.168.1.110:6820/46337 14 ==== osd_sub_op(unknown.0.0:0 22.29a 0//0//-1 [scrub-reserve] v 0'0 snapset=0=[]:[] snapc=0=[]) v10 ==== 1145+0+0 (1182254683 0 0) 0x8638000 con 0x4fe0000 -8610>
2014-08-13 16:24:07.864638 7fd93dff0700 5 -- op tracker -- , seq: 708, time:
2014-08-13 16:24:07.864393, event: header_read, request: osd_sub_op(unknown.0.0:0 22.29a 0//0//-1 [scrub-reserve] v 0'0 snapset=0=[]:[] snapc=0=[]) v10 -8609>
2014-08-13 16:24:07.864654 7fd93dff0700 5 -- op tracker -- , seq: 708, time:
2014-08-13 16:24:07.864397, event: throttled, request: osd_sub_op(unknown.0.0:0 22.29a 0//0//-1 [scrub-reserve] v 0'0 snapset=0=[]:[] snapc=0=[]) v10 -8608>
2014-08-13 16:24:07.864664 7fd93dff0700 5 -- op tracker -- , seq: 708, time:
2014-08-13 16:24:07.864504, event: all_read, request: osd_sub_op(unknown.0.0:0 22.29a 0//0//-1 [scrub-reserve] v 0'0 snapset=0=[]:[] snapc=0=[]) v10 -8607>
2014-08-13 16:24:07.864673 7fd93dff0700 5 -- op tracker -- , seq: 708, time:
2014-08-13 16:24:07.864632, event: dispatched, request: osd_sub_op(unknown.0.0:0 22.29a 0//0//-1 [scrub-reserve] v 0'0 snapset=0=[]:[] snapc=0=[]) v10 -8606>
2014-08-13 16:24:07.864684 7fd93dff0700 5 -- op tracker -- , seq: 708, time:
2014-08-13 16:24:07.864684, event: waiting_for_osdmap, request: osd_sub_op(unknown.0.0:0 22.29a 0//0//-1 [scrub-reserve] v 0'0 snapset=0=[]:[] snapc=0=[]) v10 -8605>
2014-08-13 16:24:07.864788 7fd9371e5700 5 -- op tracker -- , seq: 708, time:
2014-08-13 16:24:07.864788, event: reached_pg, request: osd_sub_op(unknown.0.0:0 22.29a 0//0//-1 [scrub-reserve] v 0'0 snapset=0=[]:[] snapc=0=[]) v10 -8604>
2014-08-13 16:24:07.864829 7fd9371e5700 5 -- op tracker -- , seq: 708, time:
2014-08-13 16:24:07.864829, event: started, request: osd_sub_op(unknown.0.0:0 22.29a 0//0//-1 [scrub-reserve] v 0'0 snapset=0=[]:[] snapc=0=[]) v10 -8603>
2014-08-13 16:24:07.864848 7fd9371e5700 1 -- 192.168.1.115:6813/25220 --> 192.168.1.110:6820/46337 -- osd_sub_op_reply(unknown.0.0:0 22.29a 0//0//-1 [scrub-reserve] ack, result = 0) v2 -- ?+1 0x8e8df00 con 0x4fe0000 -8602>
2014-08-13 16:24:07.864877 7fd9371e5700 5 -- op tracker -- , seq: 708, time:
2014-08-13 16:24:07.864877, event: done, request: osd_sub_op(unknown.0.0:0 22.29a 0//0//-1 [scrub-reserve] v 0'0 snapset=0=[]:[] snapc=0=[]) v10 -8601>
2014-08-13 16:24:07.866010 7fd93dff0700 1 -- 192.168.1.115:6813/25220 <== osd.345 192.168.1.110:6820/46337 15 ==== osd_sub_op(unknown.0.0:0 22.29a 0//0//-1 [scrub-unreserve] v 0'0 snapset=0=[]:[] snapc=0=[]) v10 ==== 1145+0+0 (3609597438 0 0) 0x8639600 con 0x4fe0000 -8600>
2014-08-13 16:24:07.866061 7fd93dff0700 5 -- op tracker -- , seq: 709, time:
2014-08-13 16:24:07.865817, event: header_read, request: osd_sub_op(unknown.0.0:0 22.29a 0//0//-1 [scrub-unreserve] v 0'0 snapset=0=[]:[] snapc=0=[]) v10 -8599>
2014-08-13 16:24:07.866077 7fd93dff0700 5 -- op tracker -- , seq: 709, time:
2014-08-13 16:24:07.865820, event: throttled, request: osd_sub_op(unknown.0.0:0 22.29a 0//0//-1 [scrub-unreserve] v 0'0 snapset=0=[]:[] snapc=0=[]) v10 -8598>
2014-08-13 16:24:07.866088 7fd93dff0700 5 -- op tracker -- , seq: 709, time:
2014-08-13 16:24:07.865930, event: all_read, request: osd_sub_op(unknown.0.0:0 22.29a 0//0//-1 [scrub-unreserve] v 0'0 snapset=0=[]:[] snapc=0=[]) v10 -8597>
2014-08-13 16:24:07.866108 7fd93dff0700 5 -- op tracker -- , seq: 709, time:
2014-08-13 16:24:07.866055, event: dispatched, request: osd_sub_op(unknown.0.0:0 22.29a 0//0//-1 [scrub-unreserve] v 0'0 snapset=0=[]:[] snapc=0=[]) v10 -8596>
2014-08-13 16:24:07.866124 7fd93dff0700 5 -- op tracker -- , seq: 709, time:
2014-08-13 16:24:07.866124, event: waiting_for_osdmap, request: osd_sub_op(unknown.0.0:0 22.29a 0//0//-1 [scrub-unreserve] v 0'0 snapset=0=[]:[] snapc=0=[]) v10 -8595>
2014-08-13 16:24:07.866238 7fd9367e4700 5 -- op tracker -- , seq: 709, time:
2014-08-13 16:24:07.866237, event: reached_pg, request: osd_sub_op(unknown.0.0:0 22.29a 0//0//-1 [scrub-unreserve] v 0'0 snapset=0=[]:[] snapc=0=[]) v10 -8594>
2014-08-13 16:24:07.866278 7fd9367e4700 5 -- op tracker -- , seq: 709, time:
2014-08-13 16:24:07.866278, event: started, request: osd_sub_op(unknown.0.0:0 22.29a 0//0//-1 [scrub-unreserve] v 0'0 snapset=0=[]:[] snapc=0=[]) v10 -8593>
2014-08-13 16:24:07.866293 7fd9367e4700 5 -- op tracker -- , seq: 709, time:
2014-08-13 16:24:07.866293, event: done, request: osd_sub_op(unknown.0.0:0 22.29a 0//0//-1 [scrub-unreserve] v 0'0 snapset=0=[]:[] snapc=0=[]) v10 -8592>
2014-08-13 16:24:07.943873 7fd93dff0700 1 -- 192.168.1.115:6813/25220 <== osd.337 192.168.1.104:6804/62197 15 ==== osd_sub_op(unknown.0.0:0 22.4fe 0//0//-1 [scrub-reserve] v 0'0 snapset=0=[]:[] snapc=0=[]) v10 ==== 1145+0+0 (3786964101 0 0) 0x863c200 con 0x508bde0 -8591>
2014-08-13 16:24:07.943929 7fd93dff0700 5 -- op tracker -- , seq: 710, time:
2014-08-13 16:24:07.943678, event: header_read, request: osd_sub_op(unknown.0.0:0 22.4fe 0//0//-1 [scrub-reserve] v 0'0 snapset=0=[]:[] snapc=0=[]) v10 -8590>
2014-08-13 16:24:07.943946 7fd93dff0700 5 -- op tracker -- , seq: 710, time:
2014-08-13 16:24:07.943682, event: throttled, request: osd_sub_op(unknown.0.0:0 22.4fe 0//0//-1 [scrub-reserve] v 0'0 snapset=0=[]:[] snapc=0=[]) v10 -8589>
2014-08-13 16:24:07.943956 7fd93dff0700 5 -- op tracker -- , seq: 710, time:
2014-08-13 16:24:07.943793, event: all_read, request: osd_sub_op(unknown.0.0:0 22.4fe 0//0//-1 [scrub-reserve] v 0'0 snapset=0=[]:[] snapc=0=[]) v10 -8588>
2014-08-13 16:24:07.943965 7fd93dff0700 5 -- op tracker -- , seq: 710, time:
2014-08-13 16:24:07.943922, event: dispatched, request: osd_sub_op(unknown.0.0:0 22.4fe 0//0//-1 [scrub-reserve] v 0'0 snapset=0=[]:[] snapc=0=[]) v10 -8587>
2014-08-13 16:24:07.943976 7fd93dff0700 5 -- op tracker -- , seq: 710, time:
2014-08-13 16:24:07.943976, event: waiting_for_osdmap, request: osd_sub_op(unknown.0.0:0 22.4fe 0//0//-1 [scrub-reserve] v 0'0 snapset=0=[]:[] snapc=0=[]) v10 -8586>
2014-08-13 16:24:07.944080 7fd9371e5700 5 -- op tracker -- , seq: 710, time:
2014-08-13 16:24:07.944080, event: reached_pg, request: osd_sub_op(unknown.0.0:0 22.4fe 0//0//-1 [scrub-reserve] v 0'0 snapset=0=[]:[] snapc=0=[]) v10 -8585>
2014-08-13 16:24:07.944121 7fd9371e5700 5 -- op tracker -- , seq: 710, time:
2014-08-13 16:24:07.944121, event: started, request: osd_sub_op(unknown.0.0:0 22.4fe 0//0//-1 [scrub-reserve] v 0'0 snapset=0=[]:[] snapc=0=[]) v10 -8584>
2014-08-13 16:24:07.944140 7fd9371e5700 1 -- 192.168.1.115:6813/25220 --> 192.168.1.104:6804/62197 -- osd_sub_op_reply(unknown.0.0:0 22.4fe 0//0//-1 [scrub-reserve] ack, result = 0) v2 -- ?+1 0x8e8d780 con 0x508bde0 -8583>
2014-08-13 16:24:07.944173 7fd9371e5700 5 -- op tracker -- , seq: 710, time:
2014-08-13 16:24:07.944173, event: done, request: osd_sub_op(unknown.0.0:0 22.4fe 0//0//-1 [scrub-reserve] v 0'0 snapset=0=[]:[] snapc=0=[]) v10 -8582>
2014-08-13 16:24:07.945739 7fd93dff0700 1 -- 192.168.1.115:6813/25220 <== osd.337 192.168.1.104:6804/62197 16 ==== osd_sub_op(unknown.0.0:0 22.4fe 0//0//-1 [scrub-unreserve] v 0'0 snapset=0=[]:[] snapc=0=[]) v10 ==== 1145+0+0 (1894362912 0 0) 0x8638000 con 0x508bde0 -8581>
2014-08-13 16:24:07.945793 7fd93dff0700 5 -- op tracker -- , seq: 711, time:
2014-08-13 16:24:07.945573, event: header_read, request: osd_sub_op(unknown.0.0:0 22.4fe 0//0//-1 [scrub-unreserve] v 0'0 snapset=0=[]:[] snapc=0=[]) v10 -8580>
2014-08-13 16:24:07.945810 7fd93dff0700 5 -- op tracker -- , seq: 711, time:
2014-08-13 16:24:07.945576, event: throttled, request: osd_sub_op(unknown.0.0:0 22.4fe 0//0//-1 [scrub-unreserve] v 0'0 snapset=0=[]:[] snapc=0=[]) v10 -8579>
2014-08-13 16:24:07.945820 7fd93dff0700 5 -- op tracker -- , seq: 711, time:
2014-08-13 16:24:07.945674, event: all_read, request: osd_sub_op(unknown.0.0:0 22.4fe 0//0//-1 [scrub-unreserve] v 0'0 snapset=0=[]:[] snapc=0=[]) v10 -8578>
2014-08-13 16:24:07.945829 7fd93dff0700 5 -- op tracker -- , seq: 711, time:
2014-08-13 16:24:07.945784, event: dispatched, request: osd_sub_op(unknown.0.0:0 22.4fe 0//0//-1 [scrub-unreserve] v 0'0 snapset=0=[]:[] snapc=0=[]) v10 -8577>
2014-08-13 16:24:07.945854 7fd93dff0700 5 -- op tracker -- , seq: 711, time:
2014-08-13 16:24:07.945854, event: waiting_for_osdmap, request: osd_sub_op(unknown.0.0:0 22.4fe 0//0//-1 [scrub-unreserve] v 0'0 snapset=0=[]:[] snapc=0=[]) v10 -8576>
2014-08-13 16:24:07.945952 7fd9367e4700 5 -- op tracker -- , seq: 711, time:
2014-08-13 16:24:07.945951, event: reached_pg, request: osd_sub_op(unknown.0.0:0 22.4fe 0//0//-1 [scrub-unreserve] v 0'0 snapset=0=[]:[] snapc=0=[]) v10 -8575>
2014-08-13 16:24:07.945992 7fd9367e4700 5 -- op tracker -- , seq: 711, time:
2014-08-13 16:24:07.945992, event: started, request: osd_sub_op(unknown.0.0:0 22.4fe 0//0//-1 [scrub-unreserve] v 0'0 snapset=0=[]:[] snapc=0=[]) v10 -8574>
2014-08-13 16:24:07.946007 7fd9367e4700 5 -- op tracker -- , seq: 711, time:
2014-08-13 16:24:07.946007, event: done, request: osd_sub_op(unknown.0.0:0 22.4fe 0//0//-1 [scrub-unreserve] v 0'0 snapset=0=[]:[] snapc=0=[]) v10 -8573>
2014-08-13 16:24:07.958851 7fd93c1ed700 1 -- 192.168.100.115:6806/25220 <== osd.9 192.168.100.107:0/53997 3 ==== osd_ping(ping e194449 stamp
2014-08-13 16:24:07.958567) v2 ==== 47+0+0 (3179482034 0 0) 0x7d04b40 con 0x7d2f0c0 -8572>
2014-08-13 16:24:07.958905 7fd93c1ed700 1 -- 192.168.100.115:6806/25220 --> 192.168.100.107:0/53997 -- osd_ping(ping_reply e194449 stamp
2014-08-13 16:24:07.958567) v2 -- ?+0 0x775c7c0 con 0x7d2f0c0 -8571>
2014-08-13 16:24:07.958933 7fd93adeb700 1 -- 192.168.1.115:6817/25220 <== osd.9 192.168.100.107:0/53997 3 ==== osd_ping(ping e194449 stamp
2014-08-13 16:24:07.958567) v2 ==== 47+0+0 (3179482034 0 0) 0x7d03480 con 0x7d2dc20 -8570>
2014-08-13 16:24:07.958986 7fd93adeb700 1 -- 192.168.1.115:6817/25220 --> 192.168.100.107:0/53997 -- osd_ping(ping_reply e194449 stamp
2014-08-13 16:24:07.958567) v2 -- ?+0 0x4f8aa00 con 0x7d2dc20 -8569>
2014-08-13 16:24:08.093908 7fd93adeb700 1 -- 192.168.1.115:6817/25220 <== osd.51 192.168.1.112:0/6655 1 ==== osd_ping(ping e194449 stamp
2014-08-13 16:24:08.093868) v2 ==== 47+0+0 (3692436223 0 0) 0x8c8e740 con 0x7edaec0 -8568>
2014-08-13 16:24:08.093930 7fd93c1ed700 1 -- 192.168.100.115:6806/25220 <== osd.51 192.168.1.112:0/6655 1 ==== osd_ping(ping e194449 stamp
2014-08-13 16:24:08.093868) v2 ==== 47+0+0 (3692436223 0 0) 0x775fc40 con 0x7ed8000 -8567>
2014-08-13 16:24:08.093962 7fd93adeb700 1 -- 192.168.1.115:6817/25220 --> 192.168.1.112:0/6655 -- osd_ping(ping_reply e194449 stamp
2014-08-13 16:24:08.093868) v2 -- ?+0 0x7d03480 con 0x7edaec0 -8566>
2014-08-13 16:24:08.094017 7fd93c1ed700 1 -- 192.168.100.115:6806/25220 --> 192.168.1.112:0/6655 -- osd_ping(ping_reply e194449 stamp
2014-08-13 16:24:08.093868) v2 -- ?+0 0x7d04b40 con 0x7ed8000 -8565>
2014-08-13 16:24:08.127570 7fd9353e2700 1 -- 192.168.1.115:6813/25220 --> 192.168.1.106:6816/8118 -- osd_sub_op(unknown.0.0:0 22.12a 0//0//-1 [scrub-map] v 0'0 snapset=0=[]:[] snapc=0=[]) v10 -- ?+11507 0x7ecac00 con 0x4fdd3e0 -8564>
2014-08-13 16:24:08.135544 7fd93dff0700 1 -- 192.168.1.115:6813/25220 <== osd.323 192.168.1.106:6816/8118 11 ==== replica scrub(pg: 22.12a,from:0'0,to:194215'486,epoch:194449,start:825e692a//0//-1,end:MAX,chunky:1,deep:0,version:5) v5 ==== 126+0+0 (1688399103 0 0) 0x8bd0240 con 0x4fdd3e0 -8563>
2014-08-13 16:24:08.177362 7fd93adeb700 1 -- 192.168.1.115:6817/25220 <== osd.285 192.168.100.101:0/26295 1 ==== osd_ping(ping e194449 stamp
2014-08-13 16:24:08.177241) v2 ==== 47+0+0 (1305213926 0 0) 0x8ee9500 con 0x7ffeb40 -8562>
2014-08-13 16:24:08.177413 7fd93c1ed700 1 -- 192.168.100.115:6806/25220 <== osd.285 192.168.100.101:0/26295 1 ==== osd_ping(ping e194449 stamp
2014-08-13 16:24:08.177241) v2 ==== 47+0+0 (1305213926 0 0) 0x8eef700 con 0x7edbde0 -8561>
2014-08-13 16:24:08.177412 7fd93adeb700 1 -- 192.168.1.115:6817/25220 --> 192.168.100.101:0/26295 -- osd_ping(ping_reply e194449 stamp
2014-08-13 16:24:08.177241) v2 -- ?+0 0x8c8e740 con 0x7ffeb40 -8560>
2014-08-13 16:24:08.177550 7fd93c1ed700 1 -- 192.168.100.115:6806/25220 --> 192.168.100.101:0/26295 -- osd_ping(ping_reply e194449 stamp
2014-08-13 16:24:08.177241) v2 -- ?+0 0x775fc40 con 0x7edbde0 -8559>
2014-08-13 16:24:08.207362 7fd93c1ed700 1 -- 192.168.100.115:6806/25220 <== osd.346 192.168.100.104:0/2308 3 ==== osd_ping(ping e194449 stamp
2014-08-13 16:24:08.207260) v2 ==== 47+0+0 (1214645650 0 0) 0x7d055c0 con 0x7d2a260 -8558>
2014-08-13 16:24:08.207393 7fd93adeb700 1 -- 192.168.1.115:6817/25220 <== osd.346 192.168.100.104:0/2308 3 ==== osd_ping(ping e194449 stamp
2014-08-13 16:24:08.207260) v2 ==== 47+0+0 (1214645650 0 0) 0x8c8bb80 con 0x7d28160 -8557>
2014-08-13 16:24:08.207417 7fd93c1ed700 1 -- 192.168.100.115:6806/25220 --> 192.168.100.104:0/2308 -- osd_ping(ping_reply e194449 stamp
2014-08-13 16:24:08.207260) v2 -- ?+0 0x8eef700 con 0x7d2a260 -8556>
2014-08-13 16:24:08.207485 7fd93adeb700 1 -- 192.168.1.115:6817/25220 --> 192.168.100.104:0/2308 -- osd_ping(ping_reply e194449 stamp
2014-08-13 16:24:08.207260) v2 -- ?+0 0x8ee9500 con 0x7d28160 -8555>
2014-08-13 16:24:08.229009 7fd9353e2700 1 -- 192.168.1.115:6813/25220 --> 192.168.1.106:6816/8118 -- osd_sub_op(unknown.0.0:0 22.12a 0//0//-1 [scrub-map] v 0'0 snapset=0=[]:[] snapc=0=[]) v10 -- ?+7404 0x863d800 con 0x4fdd3e0 -8554>
2014-08-13 16:24:08.233040 7fd93dff0700 1 -- 192.168.1.115:6813/25220 <== osd.323 192.168.1.106:6816/8118 12 ==== osd_sub_op(unknown.0.0:0 22.12a 0//0//-1 [scrub-unreserve] v 0'0 snapset=0=[]:[] snapc=0=[]) v10 ==== 1145+0+0 (1166623239 0 0) 0x863d800 con 0x4fdd3e0 -8553>
2014-08-13 16:24:08.233096 7fd93dff0700 5 -- op tracker -- , seq: 712, time:
2014-08-13 16:24:08.232844, event: header_read, request: osd_sub_op(unknown.0.0:0 22.12a 0//0//-1 [scrub-unreserve] v 0'0 snapset=0=[]:[] snapc=0=[]) v10 -8552>
2014-08-13 16:24:08.233113 7fd93dff0700 5 -- op tracker -- , seq: 712, time:
2014-08-13 16:24:08.232848, event: throttled, request: osd_sub_op(unknown.0.0:0 22.12a 0//0//-1 [scrub-unreserve] v 0'0 snapset=0=[]:[] snapc=0=[]) v10 -8551>
2014-08-13 16:24:08.233124 7fd93dff0700 5 -- op tracker -- , seq: 712, time:
2014-08-13 16:24:08.232956, event: all_read, request: osd_sub_op(unknown.0.0:0 22.12a 0//0//-1 [scrub-unreserve] v 0'0 snapset=0=[]:[] snapc=0=[]) v10 -8550>
2014-08-13 16:24:08.233136 7fd93dff0700 5 -- op tracker -- , seq: 712, time:
2014-08-13 16:24:08.233089, event: dispatched, request: osd_sub_op(unknown.0.0:0 22.12a 0//0//-1 [scrub-unreserve] v 0'0 snapset=0=[]:[] snapc=0=[]) v10 -8549>
2014-08-13 16:24:08.233152 7fd93dff0700 5 -- op tracker -- , seq: 712, time:
2014-08-13 16:24:08.233151, event: waiting_for_osdmap, request: osd_sub_op(unknown.0.0:0 22.12a 0//0//-1 [scrub-unreserve] v 0'0 snapset=0=[]:[] snapc=0=[]) v10 -8548>
2014-08-13 16:24:08.233202 7fd93dff0700 1 -- 192.168.1.115:6813/25220 <== osd.323 192.168.1.106:6816/8118 13 ==== pg_info(1 pgs e194449:22.12a) v4 ==== 714+0+0 (3954340606 0 0) 0x8eeb640 con 0x4fdd3e0 -8547>
2014-08-13 16:24:08.233223 7fd93dff0700 5 -- op tracker -- , seq: 713, time:
2014-08-13 16:24:08.232982, event: header_read, request: pg_info(1 pgs e194449:22.12a) v4 -8546>
2014-08-13 16:24:08.233231 7fd93dff0700 5 -- op tracker -- , seq: 713, time:
2014-08-13 16:24:08.232984, event: throttled, request: pg_info(1 pgs e194449:22.12a) v4 -8545>
2014-08-13 16:24:08.233240 7fd93dff0700 5 -- op tracker -- , seq: 713, time:
2014-08-13 16:24:08.233049, event: all_read, request: pg_info(1 pgs e194449:22.12a) v4 -8544>
2014-08-13 16:24:08.233249 7fd93dff0700 5 -- op tracker -- , seq: 713, time:
2014-08-13 16:24:08.233221, event: dispatched, request: pg_info(1 pgs e194449:22.12a) v4 -8543>
2014-08-13 16:24:08.233259 7fd93dff0700 5 -- op tracker -- , seq: 713, time:
2014-08-13 16:24:08.233259, event: waiting_for_osdmap, request: pg_info(1 pgs e194449:22.12a) v4 -8542>
2014-08-13 16:24:08.233271 7fd93dff0700 5 -- op tracker -- , seq: 713, time:
2014-08-13 16:24:08.233271, event: started, request: pg_info(1 pgs e194449:22.12a) v4 -8541>
2014-08-13 16:24:08.233290 7fd9371e5700 5 -- op tracker -- , seq: 712, time:
2014-08-13 16:24:08.233275, event: reached_pg, request: osd_sub_op(unknown.0.0:0 22.12a 0//0//-1 [scrub-unreserve] v 0'0 snapset=0=[]:[] snapc=0=[]) v10 -8540>
2014-08-13 16:24:08.233338 7fd9371e5700 5 -- op tracker -- , seq: 712, time:
2014-08-13 16:24:08.233338, event: started, request: osd_sub_op(unknown.0.0:0 22.12a 0//0//-1 [scrub-unreserve] v 0'0 snapset=0=[]:[] snapc=0=[]) v10 -8539>
2014-08-13 16:24:08.233364 7fd9371e5700 5 -- op tracker -- , seq: 712, time:
2014-08-13 16:24:08.233364, event: done, request: osd_sub_op(unknown.0.0:0 22.12a 0//0//-1 [scrub-unreserve] v 0'0 snapset=0=[]:[] snapc=0=[]) v10 -8538>
2014-08-13 16:24:08.233385 7fd93dff0700 5 -- op tracker -- , seq: 713, time:
2014-08-13 16:24:08.233377, event: done, request: pg_info(1 pgs e194449:22.12a) v4 -8537>
2014-08-13 16:24:08.263850 7fd93dff0700 1 -- 192.168.1.115:6813/25220 <== osd.51 192.168.1.112:6832/6655 9 ==== osd_sub_op(unknown.0.0:0 22.537 0//0//-1 [scrub-reserve] v 0'0 snapset=0=[]:[] snapc=0=[]) v10 ==== 1145+0+0 (95788370 0 0) 0x8639600 con 0x50bc4c0 -8536>
2014-08-13 16:24:08.263903 7fd93dff0700 5 -- op tracker -- , seq: 714, time:
2014-08-13 16:24:08.263661, event: header_read, request: osd_sub_op(unknown.0.0:0 22.537 0//0//-1 [scrub-reserve] v 0'0 snapset=0=[]:[] snapc=0=[]) v10 -8535>
2014-08-13 16:24:08.263922 7fd93dff0700 5 -- op tracker -- , seq: 714, time:
2014-08-13 16:24:08.263664, event: throttled, request: osd_sub_op(unknown.0.0:0 22.537 0//0//-1 [scrub-reserve] v 0'0 snapset=0=[]:[] snapc=0=[]) v10 -8534>
2014-08-13 16:24:08.263936 7fd93dff0700 5 -- op tracker -- , seq: 714, time:
2014-08-13 16:24:08.263769, event: all_read, request: osd_sub_op(unknown.0.0:0 22.537 0//0//-1 [scrub-reserve] v 0'0 snapset=0=[]:[] snapc=0=[]) v10 -8533>
2014-08-13 16:24:08.263949 7fd93dff0700 5 -- op tracker -- , seq: 714, time:
2014-08-13 16:24:08.263897, event: dispatched, request: osd_sub_op(unknown.0.0:0 22.537 0//0//-1 [scrub-reserve] v 0'0 snapset=0=[]:[] snapc=0=[]) v10 -8532>
2014-08-13 16:24:08.263963 7fd93dff0700 5 -- op tracker -- , seq: 714, time:
2014-08-13 16:24:08.263963, event: waiting_for_osdmap, request: osd_sub_op(unknown.0.0:0 22.537 0//0//-1 [scrub-reserve] v 0'0 snapset=0=[]:[] snapc=0=[]) v10 -8531>
2014-08-13 16:24:08.264064 7fd9371e5700 5 -- op tracker -- , seq: 714, time:
2014-08-13 16:24:08.264064, event: reached_pg, request: osd_sub_op(unknown.0.0:0 22.537 0//0//-1 [scrub-reserve] v 0'0 snapset=0=[]:[] snapc=0=[]) v10 -8530>
2014-08-13 16:24:08.264108 7fd9371e5700 5 -- op tracker -- , seq: 714, time:
2014-08-13 16:24:08.264108, event: started, request: osd_sub_op(unknown.0.0:0 22.537 0//0//-1 [scrub-reserve] v 0'0 snapset=0=[]:[] snapc=0=[]) v10 -8529>
2014-08-13 16:24:08.264131 7fd9371e5700 1 -- 192.168.1.115:6813/25220 --> 192.168.1.112:6832/6655 -- osd_sub_op_reply(unknown.0.0:0 22.537 0//0//-1 [scrub-reserve] ack, result = 0) v2 -- ?+1 0x8004100 con 0x50bc4c0 -8528>
2014-08-13 16:24:08.264166 7fd9371e5700 5 -- op tracker -- , seq: 714, time:
2014-08-13 16:24:08.264166, event: done, request: osd_sub_op(unknown.0.0:0 22.537 0//0//-1 [scrub-reserve] v 0'0 snapset=0=[]:[] snapc=0=[]) v10 -8527>
2014-08-13 16:24:08.278636 7fd93dff0700 1 -- 192.168.1.115:6813/25220 <== osd.51 192.168.1.112:6832/6655 10 ==== replica scrub(pg: 22.537,from:0'0,to:194215'501,epoch:194449,start:0//0//-1,end:321ecd37//0//-1,chunky:1,deep:0,version:5) v5 ==== 126+0+0 (4095679556 0 0) 0x859fbc0 con 0x50bc4c0 -8526>
2014-08-13 16:24:08.334967 7fd93dff0700 1 -- 192.168.1.115:6813/25220 <== osd.334 192.168.1.104:6808/62751 9 ==== osd_sub_op(unknown.0.0:0 22.69f 0//0//-1 [scrub-reserve] v 0'0 snapset=0=[]:[] snapc=0=[]) v10 ==== 1145+0+0 (4028734706 0 0) 0x8638000 con 0x5112aa0 -8525>
2014-08-13 16:24:08.335017 7fd93dff0700 5 -- op tracker -- , seq: 715, time:
2014-08-13 16:24:08.334813, event: header_read, request: osd_sub_op(unknown.0.0:0 22.69f 0//0//-1 [scrub-reserve] v 0'0 snapset=0=[]:[] snapc=0=[]) v10 -8524>
2014-08-13 16:24:08.335036 7fd93dff0700 5 -- op tracker -- , seq: 715, time:
2014-08-13 16:24:08.334817, event: throttled, request: osd_sub_op(unknown.0.0:0 22.69f 0//0//-1 [scrub-reserve] v 0'0 snapset=0=[]:[] snapc=0=[]) v10 -8523>
2014-08-13 16:24:08.335047 7fd93dff0700 5 -- op tracker -- , seq: 715, time:
2014-08-13 16:24:08.334927, event: all_read, request: osd_sub_op(unknown.0.0:0 22.69f 0//0//-1 [scrub-reserve] v 0'0 snapset=0=[]:[] snapc=0=[]) v10 -8522>
2014-08-13 16:24:08.335056 7fd93dff0700 5 -- op tracker -- , seq: 715, time:
2014-08-13 16:24:08.335011, event: dispatched, request: osd_sub_op(unknown.0.0:0 22.69f 0//0//-1 [scrub-reserve] v 0'0 snapset=0=[]:[] snapc=0=[]) v10 -8521>
2014-08-13 16:24:08.335067 7fd93dff0700 5 -- op tracker -- , seq: 715, time:
2014-08-13 16:24:08.335067, event: waiting_for_osdmap, request: osd_sub_op(unknown.0.0:0 22.69f 0//0//-1 [scrub-reserve] v 0'0 snapset=0=[]:[] snapc=0=[]) v10 -8520>
2014-08-13 16:24:08.335170 7fd9367e4700 5 -- op tracker -- , seq: 715, time:
2014-08-13 16:24:08.335169, event: reached_pg, request: osd_sub_op(unknown.0.0:0 22.69f 0//0//-1 [scrub-reserve] v 0'0 snapset=0=[]:[] snapc=0=[]) v10 -8519>
2014-08-13 16:24:08.335224 7fd9367e4700 5 -- op tracker -- , seq: 715, time:
2014-08-13 16:24:08.335223, event: started, request: osd_sub_op(unknown.0.0:0 22.69f 0//0//-1 [scrub-reserve] v 0'0 snapset=0=[]:[] snapc=0=[]) v10 -8518>
2014-08-13 16:24:08.335243 7fd9367e4700 1 -- 192.168.1.115:6813/25220 --> 192.168.1.104:6808/62751 -- osd_sub_op_reply(unknown.0.0:0 22.69f 0//0//-1 [scrub-reserve] ack, result = 0) v2 -- ?+1 0x8003200 con 0x5112aa0 -8517>
2014-08-13 16:24:08.335274 7fd9367e4700 5 -- op tracker -- , seq: 715, time:
2014-08-13 16:24:08.335274, event: done, request: osd_sub_op(unknown.0.0:0 22.69f 0//0//-1 [scrub-reserve] v 0'0 snapset=0=[]:[] snapc=0=[]) v10 -8516>
2014-08-13 16:24:08.336749 7fd93dff0700 1 -- 192.168.1.115:6813/25220 <== osd.334 192.168.1.104:6808/62751 10 ==== osd_sub_op(unknown.0.0:0 22.69f 0//0//-1 [scrub-unreserve] v 0'0 snapset=0=[]:[] snapc=0=[]) v10 ==== 1145+0+0 (1634750295 0 0) 0x863b700 con 0x5112aa0 -8515>
2014-08-13 16:24:08.336797 7fd93dff0700 5 -- op tracker -- , seq: 716, time:
2014-08-13 16:24:08.336609, event: header_read, request: osd_sub_op(unknown.0.0:0 22.69f 0//0//-1 [scrub-unreserve] v 0'0 snapset=0=[]:[] snapc=0=[]) v10 -8514>
2014-08-13 16:24:08.336816 7fd93dff0700 5 -- op tracker -- , seq: 716, time:
2014-08-13 16:24:08.336612, event: throttled, request: osd_sub_op(unknown.0.0:0 22.69f 0//0//-1 [scrub-unreserve] v 0'0 snapset=0=[]:[] snapc=0=[]) v10 -8513>
2014-08-13 16:24:08.336827 7fd93dff0700 5 -- op tracker -- , seq: 716, time:
2014-08-13 16:24:08.336712, event: all_read, request: osd_sub_op(unknown.0.0:0 22.69f 0//0//-1 [scrub-unreserve] v 0'0 snapset=0=[]:[] snapc=0=[]) v10 -8512>
2014-08-13 16:24:08.336837 7fd93dff0700 5 -- op tracker -- , seq: 716, time:
2014-08-13 16:24:08.336792, event: dispatched, request: osd_sub_op(unknown.0.0:0 22.69f 0//0//-1 [scrub-unreserve] v 0'0 snapset=0=[]:[] snapc=0=[]) v10 -8511>
2014-08-13 16:24:08.336851 7fd93dff0700 5 -- op tracker -- , seq: 716, time:
2014-08-13 16:24:08.336850, event: waiting_for_osdmap, request: osd_sub_op(unknown.0.0:0 22.69f 0//0//-1 [scrub-unreserve] v 0'0 snapset=0=[]:[] snapc=0=[]) v10 -8510>
2014-08-13 16:24:08.336950 7fd9371e5700 5 -- op tracker -- , seq: 716, time:
2014-08-13 16:24:08.336949, event: reached_pg, request: osd_sub_op(unknown.0.0:0 22.69f 0//0//-1 [scrub-unreserve] v 0'0 snapset=0=[]:[] snapc=0=[]) v10 -8509>
2014-08-13 16:24:08.336990 7fd9371e5700 5 -- op tracker -- , seq: 716, time:
2014-08-13 16:24:08.336990, event: started, request: osd_sub_op(unknown.0.0:0 22.69f 0//0//-1 [scrub-unreserve] v 0'0 snapset=0=[]:[] snapc=0=[]) v10 -8508>
2014-08-13 16:24:08.337005 7fd9371e5700 5 -- op tracker -- , seq: 716, time:
2014-08-13 16:24:08.337005, event: done, request: osd_sub_op(unknown.0.0:0 22.69f 0//0//-1 [scrub-unreserve] v 0'0 snapset=0=[]:[] snapc=0=[]) v10 -8507>
2014-08-13 16:24:08.366661 7fd93c1ed700 1 -- 192.168.100.115:6806/25220 <== osd.397 192.168.1.105:0/41085 3 ==== osd_ping(ping e194449 stamp
2014-08-13 16:24:08.366100) v2 ==== 47+0+0 (2211113507 0 0) 0x7d001c0 con 0x7ebce60 -8506>
2014-08-13 16:24:08.366711 7fd93c1ed700 1 -- 192.168.100.115:6806/25220 --> 192.168.1.105:0/41085 -- osd_ping(ping_reply e194449 stamp
2014-08-13 16:24:08.366100) v2 -- ?+0 0x7d055c0 con 0x7ebce60 -8505>
2014-08-13 16:24:08.366716 7fd93adeb700 1 -- 192.168.1.115:6817/25220 <== osd.397 192.168.1.105:0/41085 3 ==== osd_ping(ping e194449 stamp
2014-08-13 16:24:08.366100) v2 ==== 47+0+0 (2211113507 0 0) 0x7d05080 con 0x7ebb860 -8504>
2014-08-13 16:24:08.366765 7fd93adeb700 1 -- 192.168.1.115:6817/25220 --> 192.168.1.105:0/41085 -- osd_ping(ping_reply e194449 stamp
2014-08-13 16:24:08.366100) v2 -- ?+0 0x8c8bb80 con 0x7ebb860 -8503>
2014-08-13 16:24:08.423306 7fd93adeb700 1 -- 192.168.1.115:6817/25220 <== osd.376 192.168.1.108:0/6893 2 ==== osd_ping(ping e194449 stamp
2014-08-13 16:24:08.422919) v2 ==== 47+0+0 (2542247066 0 0) 0x8eedb00 con 0x7d2b440 -8502>
2014-08-13 16:24:08.423314 7fd93c1ed700 1 -- 192.168.100.115:6806/25220 <== osd.376 192.168.1.108:0/6893 2 ==== osd_ping(ping e194449 stamp
2014-08-13 16:24:08.422919) v2 ==== 47+0+0 (2542247066 0 0) 0x8ee8a80 con 0x7d29ce0 -8501>
2014-08-13 16:24:08.423352 7fd93adeb700 1 -- 192.168.1.115:6817/25220 --> 192.168.1.108:0/6893 -- osd_ping(ping_reply e194449 stamp
2014-08-13 16:24:08.422919) v2 -- ?+0 0x7d05080 con 0x7d2b440 -8500>
2014-08-13 16:24:08.423424 7fd93c1ed700 1 -- 192.168.100.115:6806/25220 --> 192.168.1.108:0/6893 -- osd_ping(ping_reply e194449 stamp
2014-08-13 16:24:08.422919) v2 -- ?+0 0x7d001c0 con 0x7d29ce0 -8499>
2014-08-13 16:24:08.424986 7fd9353e2700 1 -- 192.168.1.115:6813/25220 --> 192.168.1.112:6832/6655 -- osd_sub_op(unknown.0.0:0 22.537 0//0//-1 [scrub-map] v 0'0 snapset=0=[]:[] snapc=0=[]) v10 -- ?+11547 0x863ee00 con 0x50bc4c0 -8498>
2014-08-13 16:24:08.430303 7fd93dff0700 1 -- 192.168.1.115:6813/25220 <== osd.51 192.168.1.112:6832/6655 11 ==== replica scrub(pg: 22.537,from:0'0,to:192888'461,epoch:194449,start:321ecd37//0//-1,end:MAX,chunky:1,deep:0,version:5) v5 ==== 126+0+0 (315550372 0 0) 0x859f980 con 0x50bc4c0 -8497>
2014-08-13 16:24:08.431854 7fd9353e2700 1 -- 192.168.1.115:6813/25220 --> 192.168.1.112:6832/6655 -- osd_sub_op(unknown.0.0:0 22.537 0//0//-1 [scrub-map] v 0'0 snapset=0=[]:[] snapc=0=[]) v10 -- ?+1425 0x7ecac00 con 0x50bc4c0 -8496>
2014-08-13 16:24:08.460857 7fd93dff0700 1 -- 192.168.1.115:6813/25220 <== osd.51 192.168.1.112:6832/6655 12 ==== osd_sub_op(unknown.0.0:0 22.537 0//0//-1 [scrub-unreserve] v 0'0 snapset=0=[]:[] snapc=0=[]) v10 ==== 1145+0+0 (2497990391 0 0) 0x7ecac00 con 0x50bc4c0 -8495>
2014-08-13 16:24:08.460913 7fd93dff0700 5 -- op tracker -- , seq: 717, time:
2014-08-13 16:24:08.460689, event: header_read, request: osd_sub_op(unknown.0.0:0 22.537 0//0//-1 [scrub-unreserve] v 0'0 snapset=0=[]:[] snapc=0=[]) v10 -8494>
2014-08-13 16:24:08.460930 7fd93dff0700 5 -- op tracker -- , seq: 717, time:
2014-08-13 16:24:08.460691, event: throttled, request: osd_sub_op(unknown.0.0:0 22.537 0//0//-1 [scrub-unreserve] v 0'0 snapset=0=[]:[] snapc=0=[]) v10 -8493>
2014-08-13 16:24:08.460940 7fd93dff0700 5 -- op tracker -- , seq: 717, time:
2014-08-13 16:24:08.460789, event: all_read, request: osd_sub_op(unknown.0.0:0 22.537 0//0//-1 [scrub-unreserve] v 0'0 snapset=0=[]:[] snapc=0=[]) v10 -8492>
2014-08-13 16:24:08.460949 7fd93dff0700 5 -- op tracker -- , seq: 717, time:
2014-08-13 16:24:08.460907, event: dispatched, request: osd_sub_op(unknown.0.0:0 22.537 0//0//-1 [scrub-unreserve] v 0'0 snapset=0=[]:[] snapc=0=[]) v10 -8491>
2014-08-13 16:24:08.460960 7fd93dff0700 5 -- op tracker -- , seq: 717, time:
2014-08-13 16:24:08.460960, event: waiting_for_osdmap, request: osd_sub_op(unknown.0.0:0 22.537 0//0//-1 [scrub-unreserve] v 0'0 snapset=0=[]:[] snapc=0=[]) v10 -8490>
2014-08-13 16:24:08.460999 7fd93dff0700 1 -- 192.168.1.115:6813/25220 <== osd.51 192.168.1.112:6832/6655 13 ==== pg_info(1 pgs e194449:22.537) v4 ==== 714+0+0 (3708548455 0 0) 0x8c8cec0 con 0x50bc4c0 -8489>
2014-08-13 16:24:08.461019 7fd93dff0700 5 -- op tracker -- , seq: 718, time:
2014-08-13 16:24:08.460833, event: header_read, request: pg_info(1 pgs e194449:22.537) v4 -8488>
2014-08-13 16:24:08.461027 7fd93dff0700 5 -- op tracker -- , seq: 718, time:
2014-08-13 16:24:08.460835, event: throttled, request: pg_info(1 pgs e194449:22.537) v4 -8487>
2014-08-13 16:24:08.461033 7fd93dff0700 5 -- op tracker -- , seq: 718, time:
2014-08-13 16:24:08.460910, event: all_read, request: pg_info(1 pgs e194449:22.537) v4 -8486>
2014-08-13 16:24:08.461038 7fd93dff0700 5 -- op tracker -- , seq: 718, time:
2014-08-13 16:24:08.461017, event: dispatched, request: pg_info(1 pgs e194449:22.537) v4 -8485>
2014-08-13 16:24:08.461044 7fd93dff0700 5 -- op tracker -- , seq: 718, time:
2014-08-13 16:24:08.461044, event: waiting_for_osdmap, request: pg_info(1 pgs e194449:22.537) v4 -8484>
2014-08-13 16:24:08.461052 7fd93dff0700 5 -- op tracker -- , seq: 718, time:
2014-08-13 16:24:08.461052, event: started, request: pg_info(1 pgs e194449:22.537) v4 -8483>
2014-08-13 16:24:08.461062 7fd9367e4700 5 -- op tracker -- , seq: 717, time:
2014-08-13 16:24:08.461061, event: reached_pg, request: osd_sub_op(unknown.0.0:0 22.537 0//0//-1 [scrub-unreserve] v 0'0 snapset=0=[]:[] snapc=0=[]) v10 -8482>
2014-08-13 16:24:08.461105 7fd9367e4700 5 -- op tracker -- , seq: 717, time:
2014-08-13 16:24:08.461105, event: started, request: osd_sub_op(unknown.0.0:0 22.537 0//0//-1 [scrub-unreserve] v 0'0 snapset=0=[]:[] snapc=0=[]) v10 -8481>
2014-08-13 16:24:08.461129 7fd9367e4700 5 -- op tracker -- , seq: 717, time:
2014-08-13 16:24:08.461129, event: done, request: osd_sub_op(unknown.0.0:0 22.537 0//0//-1 [scrub-unreserve] v 0'0 snapset=0=[]:[] snapc=0=[]) v10 -8480>
2014-08-13 16:24:08.461194 7fd93dff0700 5 -- op tracker -- , seq: 718, time:
2014-08-13 16:24:08.461193, event: done, request: pg_info(1 pgs e194449:22.537) v4 -8479>
2014-08-13 16:24:08.485404 7fd93adeb700 1 -- 192.168.1.115:6817/25220 <== osd.323 192.168.100.106:0/8118 2 ==== osd_ping(ping e194449 stamp
2014-08-13 16:24:08.484717) v2 ==== 47+0+0 (1178585415 0 0) 0x7d05080 con 0x7d2ac00 -8478>
2014-08-13 16:24:08.485454 7fd93adeb700 1 -- 192.168.1.115:6817/25220 --> 192.168.100.106:0/8118 -- osd_ping(ping_reply e194449 stamp
2014-08-13 16:24:08.484717) v2 -- ?+0 0x8eedb00 con 0x7d2ac00 -8477>
2014-08-13 16:24:08.485513 7fd93c1ed700 1 -- 192.168.100.115:6806/25220 <== osd.323 192.168.100.106:0/8118 2 ==== osd_ping(ping e194449 stamp
2014-08-13 16:24:08.484717) v2 ==== 47+0+0 (1178585415 0 0) 0x8ee96c0 con 0x7d2c360 -8476>
2014-08-13 16:24:08.485620 7fd93c1ed700 1 -- 192.168.100.115:6806/25220 --> 192.168.100.106:0/8118 -- osd_ping(ping_reply e194449 stamp
2014-08-13 16:24:08.484717) v2 -- ?+0 0x8ee8a80 con 0x7d2c360 -8475>
2014-08-13 16:24:08.509353 7fd93c1ed700 1 -- 192.168.100.115:6806/25220 <== osd.45 192.168.1.112:0/6040 2 ==== osd_ping(ping e194449 stamp
2014-08-13 16:24:08.509298) v2 ==== 47+0+0 (2116936334 0 0) 0x8eedb00 con 0x7edcba0 -8474>
2014-08-13 16:24:08.509361 7fd93adeb700 1 -- 192.168.1.115:6817/25220 <== osd.45 192.168.1.112:0/6040 2 ==== osd_ping(ping e194449 stamp
2014-08-13 16:24:08.509298) v2 ==== 47+0+0 (2116936334 0 0) 0x7d01500 con 0x7edac00 -8473>
2014-08-13 16:24:08.509405 7fd93c1ed700 1 -- 192.168.100.115:6806/25220 --> 192.168.1.112:0/6040 -- osd_ping(ping_reply e194449 stamp
2014-08-13 16:24:08.509298) v2 -- ?+0 0x8ee96c0 con 0x7edcba0 -8472>
2014-08-13 16:24:08.509614 7fd93adeb700 1 -- 192.168.1.115:6817/25220 --> 192.168.1.112:0/6040 -- osd_ping(ping_reply e194449 stamp
2014-08-13 16:24:08.509298) v2 -- ?+0 0x7d05080 con 0x7edac00 -8471>
2014-08-13 16:24:08.595572 7fd93adeb700 1 -- 192.168.1.115:6817/25220 <== osd.51 192.168.1.112:0/6655 2 ==== osd_ping(ping e194449 stamp
2014-08-13 16:24:08.595547) v2 ==== 47+0+0 (1083546050 0 0) 0x8ee96c0 con 0x7edaec0 -8470>
2014-08-13 16:24:08.595599 7fd93c1ed700 1 -- 192.168.100.115:6806/25220 <== osd.51 192.168.1.112:0/6655 2 ==== osd_ping(ping e194449 stamp
2014-08-13 16:24:08.595547) v2 ==== 47+0+0 (1083546050 0 0) 0x7d05080 con 0x7ed8000 -8469>
2014-08-13 16:24:08.595627 7fd93adeb700 1 -- 192.168.1.115:6817/25220 --> 192.168.1.112:0/6655 -- osd_ping(ping_reply e194449 stamp
2014-08-13 16:24:08.595547) v2 -- ?+0 0x7d01500 con 0x7edaec0 -8468>
2014-08-13 16:24:08.595686 7fd93c1ed700 1 -- 192.168.100.115:6806/25220 --> 192.168.1.112:0/6655 -- osd_ping(ping_reply e194449 stamp
2014-08-13 16:24:08.595547) v2 -- ?+0 0x8eedb00 con 0x7ed8000 -8467>
2014-08-13 16:24:08.637134 7fd93c1ed700 1 -- 192.168.100.115:6806/25220 <== osd.351 192.168.100.102:0/16444 5 ==== osd_ping(ping e194449 stamp
2014-08-13 16:24:08.637077) v2 ==== 47+0+0 (3985106055 0 0) 0x7d01a40 con 0x7ab8000 -8466>
2014-08-13 16:24:08.637232 7fd93c1ed700 1 -- 192.168.100.115:6806/25220 --> 192.168.100.102:0/16444 -- osd_ping(ping_reply e194449 stamp
2014-08-13 16:24:08.637077) v2 -- ?+0 0x7d05080 con 0x7ab8000 -8465>
2014-08-13 16:24:08.637142 7fd93adeb700 1 -- 192.168.1.115:6817/25220 <== osd.351 192.168.100.102:0/16444 5 ==== osd_ping(ping e194449 stamp
2014-08-13 16:24:08.637077) v2 ==== 47+0+0 (3985106055 0 0) 0x7d04d00 con 0x7ab8420 -8464>
2014-08-13 16:24:08.637345 7fd93adeb700 1 -- 192.168.1.115:6817/25220 --> 192.168.100.102:0/16444 -- osd_ping(ping_reply e194449 stamp
2014-08-13 16:24:08.637077) v2 -- ?+0 0x8ee96c0 con 0x7ab8420 -8463>
2014-08-13 16:24:08.714455 7fd93c1ed700 1 -- 192.168.100.115:6806/25220 <== osd.20 192.168.1.103:0/38269 2 ==== osd_ping(ping e194449 stamp
2014-08-13 16:24:08.714176) v2 ==== 47+0+0 (249256892 0 0) 0x7d02140 con 0x7ed8580 -8462>
2014-08-13 16:24:08.714510 7fd93c1ed700 1 -- 192.168.100.115:6806/25220 --> 192.168.1.103:0/38269 -- osd_ping(ping_reply e194449 stamp
2014-08-13 16:24:08.714176) v2 -- ?+0 0x7d01a40 con 0x7ed8580 -8461>
2014-08-13 16:24:08.714502 7fd93adeb700 1 -- 192.168.1.115:6817/25220 <== osd.20 192.168.1.103:0/38269 2 ==== osd_ping(ping e194449 stamp
2014-08-13 16:24:08.714176) v2 ==== 47+0+0 (249256892 0 0) 0x7d03f00 con 0x7ebe5c0 -8460>
2014-08-13 16:24:08.714552 7fd93adeb700 1 -- 192.168.1.115:6817/25220 --> 192.168.1.103:0/38269 -- osd_ping(ping_reply e194449 stamp
2014-08-13 16:24:08.714176) v2 -- ?+0 0x7d04d00 con 0x7ebe5c0 -8459>
2014-08-13 16:24:08.737842 7fd93adeb700 1 -- 192.168.1.115:6817/25220 <== osd.334 192.168.1.104:0/62751 2 ==== osd_ping(ping e194449 stamp
2014-08-13 16:24:08.737774) v2 ==== 47+0+0 (484210976 0 0) 0x775f000 con 0x7d286e0 -8458>
2014-08-13 16:24:08.737859 7fd93c1ed700 1 -- 192.168.100.115:6806/25220 <== osd.334 192.168.1.104:0/62751 2 ==== osd_ping(ping e194449 stamp
2014-08-13 16:24:08.737774) v2 ==== 47+0+0 (484210976 0 0) 0x7d01a40 con 0x7caf0c0 -8457>
2014-08-13 16:24:08.737892 7fd93adeb700 1 -- 192.168.1.115:6817/25220 --> 192.168.1.104:0/62751 -- osd_ping(ping_reply e194449 stamp
2014-08-13 16:24:08.737774) v2 -- ?+0 0x7d03f00 con 0x7d286e0 -8456>
2014-08-13 16:24:08.738005 7fd93c1ed700 1 -- 192.168.100.115:6806/25220 --> 192.168.1.104:0/62751 -- osd_ping(ping_reply e194449 stamp
2014-08-13 16:24:08.737774) v2 -- ?+0 0x7d02140 con 0x7caf0c0 -8455>
2014-08-13 16:24:08.780414 7fd93adeb700 1 -- 192.168.1.115:6817/25220 <== osd.328 192.168.100.104:0/64303 2 ==== osd_ping(ping e194449 stamp
2014-08-13 16:24:08.780430) v2 ==== 47+0+0 (291524437 0 0) 0x7759a40 con 0x7cae5c0 -8454>
2014-08-13 16:24:08.780467 7fd93adeb700 1 -- 192.168.1.115:6817/25220 --> 192.168.100.104:0/64303 -- osd_ping(ping_reply e194449 stamp
2014-08-13 16:24:08.780430) v2 -- ?+0 0x775f000 con 0x7cae5c0 -8453>
2014-08-13 16:24:08.780475 7fd93c1ed700 1 -- 192.168.100.115:6806/25220 <== osd.328 192.168.100.104:0/64303 2 ==== osd_ping(ping e194449 stamp
2014-08-13 16:24:08.780430) v2 ==== 47+0+0 (291524437 0 0) 0x7d03f00 con 0x7d2a520 -8452>
2014-08-13 16:24:08.780518 7fd93c1ed700 1 -- 192.168.100.115:6806/25220 --> 192.168.100.104:0/64303 -- osd_ping(ping_reply e194449 stamp
2014-08-13 16:24:08.780430) v2 -- ?+0 0x7d01a40 con 0x7d2a520 -8451>
2014-08-13 16:24:08.780905 7fd93adeb700 1 -- 192.168.1.115:6817/25220 <== osd.54 192.168.100.111:0/14923 1 ==== osd_ping(ping e194449 stamp
2014-08-13 16:24:08.780599) v2 ==== 47+0+0 (3652844002 0 0) 0x775f000 con 0x7ffe9e0 -8450>
2014-08-13 16:24:08.780953 7fd93adeb700 1 -- 192.168.1.115:6817/25220 --> 192.168.100.111:0/14923 -- osd_ping(ping_reply e194449 stamp
2014-08-13 16:24:08.780599) v2 -- ?+0 0x7759a40 con 0x7ffe9e0 -8449>
2014-08-13 16:24:08.781000 7fd93c1ed700 1 -- 192.168.100.115:6806/25220 <== osd.54 192.168.100.111:0/14923 1 ==== osd_ping(ping e194449 stamp
2014-08-13 16:24:08.780599) v2 ==== 47+0+0 (3652844002 0 0) 0x775f8c0 con 0x7edbc80 -8448>
2014-08-13 16:24:08.781043 7fd93c1ed700 1 -- 192.168.100.115:6806/25220 --> 192.168.100.111:0/14923 -- osd_ping(ping_reply e194449 stamp
2014-08-13 16:24:08.780599) v2 -- ?+0 0x7d03f00 con 0x7edbc80 -8447>
2014-08-13 16:24:08.782784 7fd93adeb700 1 -- 192.168.1.115:6817/25220 <== osd.5 192.168.1.103:0/40192 2 ==== osd_ping(ping e194449 stamp
2014-08-13 16:24:08.782777) v2 ==== 47+0+0 (361898427 0 0) 0x7d01a40 con 0x7eb91e0 -8446>
2014-08-13 16:24:08.782800 7fd93c1ed700 1 -- 192.168.100.115:6806/25220 <== osd.5 192.168.1.103:0/40192 2 ==== osd_ping(ping e194449 stamp
2014-08-13 16:24:08.782777) v2 ==== 47+0+0 (361898427 0 0) 0x7d04b40 con 0x7eba680 -8445>
2014-08-13 16:24:08.782823 7fd93adeb700 1 -- 192.168.1.115:6817/25220 --> 192.168.1.103:0/40192 -- osd_ping(ping_reply e194449 stamp
2014-08-13 16:24:08.782777) v2 -- ?+0 0x775f000 con 0x7eb91e0 -8444>
2014-08-13 16:24:08.782908 7fd93c1ed700 1 -- 192.168.100.115:6806/25220 --> 192.168.1.103:0/40192 -- osd_ping(ping_reply e194449 stamp
2014-08-13 16:24:08.782777) v2 -- ?+0 0x775f8c0 con 0x7eba680 -8443>
2014-08-13 16:24:08.799622 7fd93adeb700 1 -- 192.168.1.115:6817/25220 <== osd.17 192.168.100.103:0/37658 2 ==== osd_ping(ping e194449 stamp
2014-08-13 16:24:08.799452) v2 ==== 47+0+0 (1118068155 0 0) 0x775f000 con 0x7eda3c0 -8442>
2014-08-13 16:24:08.799634 7fd93c1ed700 1 -- 192.168.100.115:6806/25220 <== osd.17 192.168.100.103:0/37658 2 ==== osd_ping(ping e194449 stamp
2014-08-13 16:24:08.799452) v2 ==== 47+0+0 (1118068155 0 0) 0x775f8c0 con 0x7edc360 -8441>
2014-08-13 16:24:08.799672 7fd93adeb700 1 -- 192.168.1.115:6817/25220 --> 192.168.100.103:0/37658 -- osd_ping(ping_reply e194449 stamp
2014-08-13 16:24:08.799452) v2 -- ?+0 0x7d01a40 con 0x7eda3c0 -8440>
2014-08-13 16:24:08.799739 7fd93c1ed700 1 -- 192.168.100.115:6806/25220 --> 192.168.100.103:0/37658 -- osd_ping(ping_reply e194449 stamp
2014-08-13 16:24:08.799452) v2 -- ?+0 0x7d04b40 con 0x7edc360 -8439>
2014-08-13 16:24:08.829085 7fd93dff0700 1 -- 192.168.1.115:6813/25220 <== osd.321 192.168.1.110:6812/43236 9 ==== osd_sub_op(unknown.0.0:0 22.4aa 0//0//-1 [scrub-reserve] v 0'0 snapset=0=[]:[] snapc=0=[]) v10 ==== 1145+0+0 (1100188727 0 0) 0x863e300 con 0x4fe4ba0 -8438>
2014-08-13 16:24:08.829130 7fd93dff0700 5 -- op tracker -- , seq: 719, time:
2014-08-13 16:24:08.828931, event: header_read, request: osd_sub_op(unknown.0.0:0 22.4aa 0//0//-1 [scrub-reserve] v 0'0 snapset=0=[]:[] snapc=0=[]) v10 -8437>
2014-08-13 16:24:08.829159 7fd93dff0700 5 -- op tracker -- , seq: 719, time:
2014-08-13 16:24:08.828933, event: throttled, request: osd_sub_op(unknown.0.0:0 22.4aa 0//0//-1 [scrub-reserve] v 0'0 snapset=0=[]:[] snapc=0=[]) v10 -8436>
2014-08-13 16:24:08.829170 7fd93dff0700 5 -- op tracker -- , seq: 719, time:
2014-08-13 16:24:08.829049, event: all_read, request: osd_sub_op(unknown.0.0:0 22.4aa 0//0//-1 [scrub-reserve] v 0'0 snapset=0=[]:[] snapc=0=[]) v10 -8435>
2014-08-13 16:24:08.829184 7fd93dff0700 5 -- op tracker -- , seq: 719, time:
2014-08-13 16:24:08.829125, event: dispatched, request: osd_sub_op(unknown.0.0:0 22.4aa 0//0//-1 [scrub-reserve] v 0'0 snapset=0=[]:[] snapc=0=[]) v10 -8434>
2014-08-13 16:24:08.829196 7fd93dff0700 5 -- op tracker -- , seq: 719, time:
2014-08-13 16:24:08.829195, event: waiting_for_osdmap, request: osd_sub_op(unknown.0.0:0 22.4aa 0//0//-1 [scrub-reserve] v 0'0 snapset=0=[]:[] snapc=0=[]) v10 -8433>
2014-08-13 16:24:08.829304 7fd9367e4700 5 -- op tracker -- , seq: 719, time:
2014-08-13 16:24:08.829304, event: reached_pg, request: osd_sub_op(unknown.0.0:0 22.4aa 0//0//-1 [scrub-reserve] v 0'0 snapset=0=[]:[] snapc=0=[]) v10 -8432>
2014-08-13 16:24:08.829349 7fd9367e4700 5 -- op tracker -- , seq: 719, time:
2014-08-13 16:24:08.829349, event: started, request: osd_sub_op(unknown.0.0:0 22.4aa 0//0//-1 [scrub-reserve] v 0'0 snapset=0=[]:[] snapc=0=[]) v10 -8431>
2014-08-13 16:24:08.829369 7fd9367e4700 1 -- 192.168.1.115:6813/25220 --> 192.168.1.110:6812/43236 -- osd_sub_op_reply(unknown.0.0:0 22.4aa 0//0//-1 [scrub-reserve] ack, result = 0) v2 -- ?+1 0x8002f80 con 0x4fe4ba0 -8430>
2014-08-13 16:24:08.829410 7fd9367e4700 5 -- op tracker -- , seq: 719, time:
2014-08-13 16:24:08.829410, event: done, request: osd_sub_op(unknown.0.0:0 22.4aa 0//0//-1 [scrub-reserve] v 0'0 snapset=0=[]:[] snapc=0=[]) v10 -8429>
2014-08-13 16:24:08.832450 7fd93adeb700 1 -- 192.168.1.115:6817/25220 <== osd.367 192.168.100.114:0/55513 2 ==== osd_ping(ping e194449 stamp
2014-08-13 16:24:08.832517) v2 ==== 47+0+0 (734640390 0 0) 0x7d04b40 con 0x7ffe880 -8428>
2014-08-13 16:24:08.832461 7fd93c1ed700 1 -- 192.168.100.115:6806/25220 <== osd.367 192.168.100.114:0/55513 2 ==== osd_ping(ping e194449 stamp
2014-08-13 16:24:08.832517) v2 ==== 47+0+0 (734640390 0 0) 0x7d01a40 con 0x7edbb20 -8427>
2014-08-13 16:24:08.832502 7fd93adeb700 1 -- 192.168.1.115:6817/25220 --> 192.168.100.114:0/55513 -- osd_ping(ping_reply e194449 stamp
2014-08-13 16:24:08.832517) v2 -- ?+0 0x775f000 con 0x7ffe880 -8426>
2014-08-13 16:24:08.832641 7fd93c1ed700 1 -- 192.168.100.115:6806/25220 --> 192.168.100.114:0/55513 -- osd_ping(ping_reply e194449 stamp
2014-08-13 16:24:08.832517) v2 -- ?+0 0x775f8c0 con 0x7edbb20 -8425>
2014-08-13 16:24:08.835986 7fd93dff0700 1 -- 192.168.1.115:6813/25220 <== osd.321 192.168.1.110:6812/43236 10 ==== replica scrub(pg: 22.4aa,from:0'0,to:194215'473,epoch:194449,start:0//0//-1,end:f33d4caa//0//-1,chunky:1,deep:1,version:5) v5 ==== 126+0+0 (1088076081 0 0) 0x7cf5a00 con 0x4fe4ba0 -8424>
2014-08-13 16:24:08.838773 7fd93adeb700 1 -- 192.168.1.115:6817/25220 <== osd.321 192.168.1.110:0/43236 4 ==== osd_ping(ping e194449 stamp
2014-08-13 16:24:08.838431) v2 ==== 47+0+0 (4048840676 0 0) 0x7d01500 con 0x7eb8c60 -8423>
2014-08-13 16:24:08.838808 7fd93adeb700 1 -- 192.168.1.115:6817/25220 --> 192.168.1.110:0/43236 -- osd_ping(ping_reply e194449 stamp
2014-08-13 16:24:08.838431) v2 -- ?+0 0x7d04b40 con 0x7eb8c60 -8422>
2014-08-13 16:24:08.838810 7fd93c1ed700 1 -- 192.168.100.115:6806/25220 <== osd.321 192.168.1.110:0/43236 4 ==== osd_ping(ping e194449 stamp
2014-08-13 16:24:08.838431) v2 ==== 47+0+0 (4048840676 0 0) 0x775f000 con 0x7eba100 -8421>
2014-08-13 16:24:08.838862 7fd93c1ed700 1 -- 192.168.100.115:6806/25220 --> 192.168.1.110:0/43236 -- osd_ping(ping_reply e194449 stamp
2014-08-13 16:24:08.838431) v2 -- ?+0 0x7d01a40 con 0x7eba100 -8420>
2014-08-13 16:24:08.849041 7fd93c1ed700 1 -- 192.168.100.115:6806/25220 <== osd.337 192.168.1.104:0/62197 2 ==== osd_ping(ping e194449 stamp
2014-08-13 16:24:08.849113) v2 ==== 47+0+0 (3390280044 0 0) 0x8eedb00 con 0x7ebd6a0 -8419>
2014-08-13 16:24:08.849092 7fd93c1ed700 1 -- 192.168.100.115:6806/25220 --> 192.168.1.104:0/62197 -- osd_ping(ping_reply e194449 stamp
2014-08-13 16:24:08.849113) v2 -- ?+0 0x775f000 con 0x7ebd6a0 -8418>
2014-08-13 16:24:08.849100 7fd93adeb700 1 -- 192.168.1.115:6817/25220 <== osd.337 192.168.1.104:0/62197 2 ==== osd_ping(ping e194449 stamp
2014-08-13 16:24:08.849113) v2 ==== 47+0+0 (3390280044 0 0) 0x8eef8c0 con 0x7ebc0a0 -8417>
2014-08-13 16:24:08.849210 7fd93adeb700 1 -- 192.168.1.115:6817/25220 --> 192.168.1.104:0/62197 -- osd_ping(ping_reply e194449 stamp
2014-08-13 16:24:08.849113) v2 -- ?+0 0x7d01500 con 0x7ebc0a0 -8416>
2014-08-13 16:24:08.853053 7fd94ac49700 5 osd.4 194449 tick -8415>
2014-08-13 16:24:08.853311 7fd94ac49700 10 monclient: _send_mon_message to mon.storage0113-ib at 192.168.100.113:6789/0 -8414>
2014-08-13 16:24:08.853334 7fd94ac49700 1 -- 192.168.100.115:6805/25220 --> 192.168.100.113:6789/0 -- pg_stats(31 pgs tid 1 v 0) v1 -- ?+0 0x8003480 con 0x4e3dd80 -8413>
2014-08-13 16:24:08.865248 7fd93dff0700 1 -- 192.168.1.115:6813/25220 <== osd.345 192.168.1.110:6820/46337 16 ==== osd_sub_op(unknown.0.0:0 22.29a 0//0//-1 [scrub-reserve] v 0'0 snapset=0=[]:[] snapc=0=[]) v10 ==== 1145+0+0 (1182254683 0 0) 0x8bc1600 con 0x4fe0000 -8412>
2014-08-13 16:24:08.865299 7fd93dff0700 5 -- op tracker -- , seq: 720, time:
2014-08-13 16:24:08.865037, event: header_read, request: osd_sub_op(unknown.0.0:0 22.29a 0//0//-1 [scrub-reserve] v 0'0 snapset=0=[]:[] snapc=0=[]) v10 -8411>
2014-08-13 16:24:08.865316 7fd93dff0700 5 -- op tracker -- , seq: 720, time:
2014-08-13 16:24:08.865041, event: throttled, request: osd_sub_op(unknown.0.0:0 22.29a 0//0//-1 [scrub-reserve] v 0'0 snapset=0=[]:[] snapc=0=[]) v10 -8410>
2014-08-13 16:24:08.865326 7fd93dff0700 5 -- op tracker -- , seq: 720, time:
2014-08-13 16:24:08.865164, event: all_read, request: osd_sub_op(unknown.0.0:0 22.29a 0//0//-1 [scrub-reserve] v 0'0 snapset=0=[]:[] snapc=0=[]) v10 -8409>
2014-08-13 16:24:08.865335 7fd93dff0700 5 -- op tracker -- , seq: 720, time:
2014-08-13 16:24:08.865293, event: dispatched, request: osd_sub_op(unknown.0.0:0 22.29a 0//0//-1 [scrub-reserve] v 0'0 snapset=0=[]:[] snapc=0=[]) v10 -8408>
2014-08-13 16:24:08.865351 7fd93dff0700 5 -- op tracker -- , seq: 720, time:
2014-08-13 16:24:08.865351, event: waiting_for_osdmap, request: osd_sub_op(unknown.0.0:0 22.29a 0//0//-1 [scrub-reserve] v 0'0 snapset=0=[]:[] snapc=0=[]) v10 -8407>
2014-08-13 16:24:08.865454 7fd9371e5700 5 -- op tracker -- , seq: 720, time:
2014-08-13 16:24:08.865453, event: reached_pg, request: osd_sub_op(unknown.0.0:0 22.29a 0//0//-1 [scrub-reserve] v 0'0 snapset=0=[]:[] snapc=0=[]) v10 -8406>
2014-08-13 16:24:08.865495 7fd9371e5700 5 -- op tracker -- , seq: 720, time:
2014-08-13 16:24:08.865494, event: started, request: osd_sub_op(unknown.0.0:0 22.29a 0//0//-1 [scrub-reserve] v 0'0 snapset=0=[]:[] snapc=0=[]) v10 -8405>
2014-08-13 16:24:08.865515 7fd9371e5700 1 -- 192.168.1.115:6813/25220 --> 192.168.1.110:6820/46337 -- osd_sub_op_reply(unknown.0.0:0 22.29a 0//0//-1 [scrub-reserve] ack, result = 0) v2 -- ?+1 0x8003e80 con 0x4fe0000 -8404>
2014-08-13 16:24:08.865546 7fd9371e5700 5 -- op tracker -- , seq: 720, time:
2014-08-13 16:24:08.865546, event: done, request: osd_sub_op(unknown.0.0:0 22.29a 0//0//-1 [scrub-reserve] v 0'0 snapset=0=[]:[] snapc=0=[]) v10 -8403>
2014-08-13 16:24:08.866627 7fd93dff0700 1 -- 192.168.1.115:6813/25220 <== osd.345 192.168.1.110:6820/46337 17 ==== osd_sub_op(unknown.0.0:0 22.29a 0//0//-1 [scrub-unreserve] v 0'0 snapset=0=[]:[] snapc=0=[]) v10 ==== 1145+0+0 (3609597438 0 0) 0x8bc0b00 con 0x4fe0000 -8402>
2014-08-13 16:24:08.866680 7fd93dff0700 5 -- op tracker -- , seq: 721, time:
2014-08-13 16:24:08.866458, event: header_read, request: osd_sub_op(unknown.0.0:0 22.29a 0//0//-1 [scrub-unreserve] v 0'0 snapset=0=[]:[] snapc=0=[]) v10 -8401>
2014-08-13 16:24:08.866699 7fd93dff0700 5 -- op tracker -- , seq: 721, time:
2014-08-13 16:24:08.866460, event: throttled, request: osd_sub_op(unknown.0.0:0 22.29a 0//0//-1 [scrub-unreserve] v 0'0 snapset=0=[]:[] snapc=0=[]) v10 -8400>
2014-08-13 16:24:08.866713 7fd93dff0700 5 -- op tracker -- , seq: 721, time:
2014-08-13 16:24:08.866560, event: all_read, request: osd_sub_op(unknown.0.0:0 22.29a 0//0//-1 [scrub-unreserve] v 0'0 snapset=0=[]:[] snapc=0=[]) v10 -8399>
2014-08-13 16:24:08.866726 7fd93dff0700 5 -- op tracker -- , seq: 721, time:
2014-08-13 16:24:08.866673, event: dispatched, request: osd_sub_op(unknown.0.0:0 22.29a 0//0//-1 [scrub-unreserve] v 0'0 snapset=0=[]:[] snapc=0=[]) v10 -8398>
2014-08-13 16:24:08.866741 7fd93dff0700 5 -- op tracker -- , seq: 721, time:
2014-08-13 16:24:08.866741, event: waiting_for_osdmap, request: osd_sub_op(unknown.0.0:0 22.29a 0//0//-1 [scrub-unreserve] v 0'0 snapset=0=[]:[] snapc=0=[]) v10 -8397>
2014-08-13 16:24:08.866844 7fd9367e4700 5 -- op tracker -- , seq: 721, time:
2014-08-13 16:24:08.866843, event: reached_pg, request: osd_sub_op(unknown.0.0:0 22.29a 0//0//-1 [scrub-unreserve] v 0'0 snapset=0=[]:[] snapc=0=[]) v10 -8396>
2014-08-13 16:24:08.866886 7fd9367e4700 5 -- op tracker -- , seq: 721, time:
2014-08-13 16:24:08.866886, event: started, request: osd_sub_op(unknown.0.0:0 22.29a 0//0//-1 [scrub-unreserve] v 0'0 snapset=0=[]:[] snapc=0=[]) v10 -8395>
2014-08-13 16:24:08.866906 7fd9367e4700 5 -- op tracker -- , seq: 721, time:
2014-08-13 16:24:08.866905, event: done, request: osd_sub_op(unknown.0.0:0 22.29a 0//0//-1 [scrub-unreserve] v 0'0 snapset=0=[]:[] snapc=0=[]) v10 -8394>
2014-08-13 16:24:08.907824 7fd93adeb700 1 -- 192.168.1.115:6817/25220 <== osd.304 192.168.100.101:0/22782 2 ==== osd_ping(ping e194449 stamp
2014-08-13 16:24:08.907583) v2 ==== 47+0+0 (2898530981 0 0) 0x7d01500 con 0x7edb180 -8393>
2014-08-13 16:24:08.907939 7fd93adeb700 1 -- 192.168.1.115:6817/25220 --> 192.168.100.101:0/22782 -- osd_ping(ping_reply e194449 stamp
2014-08-13 16:24:08.907583) v2 -- ?+0 0x8eef8c0 con 0x7edb180 -8392>
