2014-08-13 16:24:01.625505 7fd951da67a0 0 ceph version 0.80.5 (38b73c67d375a2552d8ed67843c8a65c2c0feba6), process ceph-osd, pid 25220
2014-08-13 16:24:01.705860 7fd951da67a0 0 filestore(/var/lib/ceph/osd/ceph-4) mount detected xfs (libxfs)
2014-08-13 16:24:01.705890 7fd951da67a0 1 filestore(/var/lib/ceph/osd/ceph-4) disabling 'filestore replica fadvise' due to known issues with fadvise(DONTNEED) on xfs
2014-08-13 16:24:01.708680 7fd951da67a0 0 genericfilestorebackend(/var/lib/ceph/osd/ceph-4) detect_features: FIEMAP ioctl is supported and appears to work
2014-08-13 16:24:01.708702 7fd951da67a0 0 genericfilestorebackend(/var/lib/ceph/osd/ceph-4) detect_features: FIEMAP ioctl is disabled via 'filestore fiemap' config option
2014-08-13 16:24:01.729696 7fd951da67a0 0 genericfilestorebackend(/var/lib/ceph/osd/ceph-4) detect_features: syscall(SYS_syncfs, fd) fully supported
2014-08-13 16:24:01.730200 7fd951da67a0 0 xfsfilestorebackend(/var/lib/ceph/osd/ceph-4) detect_feature: extsize is disabled by conf
2014-08-13 16:24:01.845139 7fd951da67a0 0 filestore(/var/lib/ceph/osd/ceph-4) mount: enabling WRITEAHEAD journal mode: checkpoint is not enabled
2014-08-13 16:24:01.864873 7fd951da67a0 1 journal _open /var/lib/ceph/osd/ceph-4/journal fd 20: 2146435072 bytes, block size 4096 bytes, directio = 1, aio = 1
2014-08-13 16:24:01.907647 7fd951da67a0 1 journal _open /var/lib/ceph/osd/ceph-4/journal fd 20: 2146435072 bytes, block size 4096 bytes, directio = 1, aio = 1
2014-08-13 16:24:01.917440 7fd951da67a0 1 journal close /var/lib/ceph/osd/ceph-4/journal
2014-08-13 16:24:01.948473 7fd951da67a0 0 filestore(/var/lib/ceph/osd/ceph-4) mount detected xfs (libxfs)
2014-08-13 16:24:01.950626 7fd951da67a0 0 genericfilestorebackend(/var/lib/ceph/osd/ceph-4) detect_features: FIEMAP ioctl is supported and appears to work
2014-08-13 16:24:01.950651 7fd951da67a0 0 genericfilestorebackend(/var/lib/ceph/osd/ceph-4) detect_features: FIEMAP ioctl is disabled via 'filestore fiemap' config option
2014-08-13 16:24:01.966804 7fd951da67a0 0 genericfilestorebackend(/var/lib/ceph/osd/ceph-4) detect_features: syscall(SYS_syncfs, fd) fully supported
2014-08-13 16:24:01.966899 7fd951da67a0 0 xfsfilestorebackend(/var/lib/ceph/osd/ceph-4) detect_feature: extsize is disabled by conf
2014-08-13 16:24:01.971470 7fd951da67a0 0 filestore(/var/lib/ceph/osd/ceph-4) mount: WRITEAHEAD journal mode explicitly enabled in conf
2014-08-13 16:24:01.976686 7fd951da67a0 1 journal _open /var/lib/ceph/osd/ceph-4/journal fd 21: 2146435072 bytes, block size 4096 bytes, directio = 1, aio = 1
2014-08-13 16:24:01.981274 7fd951da67a0 1 journal _open /var/lib/ceph/osd/ceph-4/journal fd 21: 2146435072 bytes, block size 4096 bytes, directio = 1, aio = 1
2014-08-13 16:24:02.117881 7fd951da67a0 0 cls/hello/cls_hello.cc:271: loading cls_hello
2014-08-13 16:24:02.169214 7fd951da67a0 0 osd.4 194338 crush map has features 2303210029056, adjusting msgr requires for clients
2014-08-13 16:24:02.169240 7fd951da67a0 0 osd.4 194338 crush map has features 2578087936000, adjusting msgr requires for mons
2014-08-13 16:24:02.169247 7fd951da67a0 0 osd.4 194338 crush map has features 2578087936000, adjusting msgr requires for osds
2014-08-13 16:24:02.169272 7fd951da67a0 0 osd.4 194338 load_pgs
2014-08-13 16:24:02.851452 7fd951da67a0 0 osd.4 194338 load_pgs opened 72 pgs
2014-08-13 16:24:02.860183 7fd93f3f2700 0 osd.4 194338 ignoring osdmap until we have initialized
2014-08-13 16:24:02.861162 7fd93f3f2700 0 osd.4 194338 ignoring osdmap until we have initialized
2014-08-13 16:24:02.935867 7fd92bd8d700 0 -- 192.168.1.115:6813/25220 >> 192.168.1.107:6802/9255 pipe(0x4245780 sd=73 :0 s=1 pgs=0 cs=0 l=0 c=0x4fdc620).fault with nothing to send, going to standby
2014-08-13 16:24:02.949300 7fd951da67a0 0 osd.4 194338 done with init, starting boot process
2014-08-13 16:24:03.302990 7fd93f3f2700 0 osd.4 194439 crush map has features 2578087936000, adjusting msgr requires for mons
2014-08-13 16:24:03.496632 7fd93f3f2700 0 osd.4 194446 crush map has features 2578087936000, adjusting msgr requires for mons
2014-08-13 16:24:03.605430 7fd93f3f2700 0 osd.4 194447 crush map has features 2578087936000, adjusting msgr requires for mons
2014-08-13 16:24:04.395673 7fd93dff0700 0 osd.4 194448 crush map has features 2578087936000, adjusting msgr requires for mons
2014-08-13 16:24:04.428685 7fd919771700 0 -- 192.168.1.115:6813/25220 >> 192.168.1.110:6800/41204 pipe(0x7bc6680 sd=280 :6813 s=0 pgs=0 cs=0 l=0 c=0x8300580).accept connect_seq 0 vs existing 0 state connecting
2014-08-13 16:24:05.396948 7fd93dff0700 0 osd.4 194449 crush map has features 2578087936000, adjusting msgr requires for mons
2014-08-13 16:24:07.081384 7fd9371e5700 0 log [WRN] : pg 24.181 has invalid (post-split) stats; must scrub before tier agent can activate
2014-08-13 16:24:07.083922 7fd9367e4700 0 log [WRN] : pg 24.1bb has invalid (post-split) stats; must scrub before tier agent can activate
2014-08-13 16:24:07.393935 7fd9208e2700 0 -- 192.168.1.115:6813/25220 >> 192.168.1.110:6804/25590 pipe(0x8e88a00 sd=227 :43002 s=2 pgs=126 cs=1 l=0 c=0x78b0580).fault with nothing to send, going to standby
2014-08-13 16:24:24.688397 7fd93dff0700 0 osd.4 194450 crush map has features 2578087936000, adjusting msgr requires for mons
2014-08-13 16:24:25.188134 7fd9353e2700 0 log [INF] : 22.1b8 deep-scrub ok
2014-08-13 16:24:25.698262 7fd93dff0700 0 osd.4 194451 crush map has features 2578087936000, adjusting msgr requires for mons
2014-08-13 16:24:27.659382 7fd93dff0700 0 osd.4 194452 crush map has features 2578087936000, adjusting msgr requires for mons
2014-08-13 16:24:27.926371 7fd93f3f2700 0 osd.4 194453 crush map has features 2578087936000, adjusting msgr requires for mons
2014-08-13 16:24:28.928535 7fd93f3f2700 0 osd.4 194454 crush map has features 2578087936000, adjusting msgr requires for mons
2014-08-13 16:24:29.639835 7fd9353e2700 0 log [INF] : 22.6bd deep-scrub ok
2014-08-13 16:24:29.937470 7fd93dff0700 0 osd.4 194455 crush map has features 2578087936000, adjusting msgr requires for mons
2014-08-13 16:24:30.304280 7fd9371e5700 0 log [WRN] : pg 24.34 has invalid (post-split) stats; must scrub before tier agent can activate
2014-08-13 16:24:30.309373 7fd9371e5700 -1 *** Caught signal (Floating point exception) ** in thread 7fd9371e5700 ceph version 0.80.5 (38b73c67d375a2552d8ed67843c8a65c2c0feba6) 1: /usr/bin/ceph-osd() [0x9ae061] 2: (()+0xf710) [0x7fd950d53710] 3: (ReplicatedPG::agent_choose_mode(bool)+0xa6e) [0x84f57e] 4: (ReplicatedPG::agent_setup()+0x1d2) [0x866d72] 5: (ReplicatedPG::on_activate()+0x457) [0x8677a7] 6: (PG::RecoveryState::Active::react(PG::AllReplicasActivated const&)+0x73) [0x7dd173] 7: (boost::statechart::detail::reaction_result boost::statechart::simple_state::local_react_impl_non_empty::local_react_impl, boost::statechart::custom_reaction, boost::statechart::custom_reaction, boost::statechart::custom_reaction, boost::statechart::custom_reaction, boost::statechart::custom_reaction, boost::statechart::custom_reaction, boost::statechart::custom_reaction, mpl_::na, mpl_::na, mpl_::na, mpl_::na, mpl_::na, mpl_::na, mpl_::na, mpl_::na, mpl_::na, mpl_::na, mpl_::na, mpl_::na>, boost::statechart::simple_state >(boost::statechart::simple_state&, boost::statechart::event_base const&, void const*)+0x36c) [0x844fec] 8: (boost::statechart::simple_state::react_impl(boost::statechart::event_base const&, void const*)+0x26) [0x845066] 9: (boost::statechart::state_machine, boost::statechart::null_exception_translator>::send_event(boost::statechart::event_base const&)+0x4b) [0x83b4db] 10: (PG::handle_peering_event(std::tr1::shared_ptr, PG::RecoveryCtx*)+0x32f) [0x7f756f] 11: (OSD::process_peering_events(std::list > const&, ThreadPool::TPHandle&)+0x2f2) [0x6475b2] 12: (OSD::PeeringWQ::_process(std::list > const&, ThreadPool::TPHandle&)+0x16) [0x69e686] 13: (ThreadPool::worker(ThreadPool::WorkThread*)+0x551) [0xab8561] 14: (ThreadPool::WorkThread::entry()+0x10) [0xabb5a0] 15: (()+0x79d1) [0x7fd950d4b9d1] 16: (clone()+0x6d) [0x7fd94fcdbb6d] NOTE: a copy of the executable, or `objdump -rdS ` is needed to interpret this. --- begin dump of recent events --- -10000>
2014-08-13 16:24:05.619697 7fd93dff0700 3 osd.4 194449 handle_osd_map epochs [194449,194449], i have 194449, src has [185139,194449] -9999>
2014-08-13 16:24:05.619717 7fd93dff0700 1 -- 192.168.1.115:6813/25220 <== osd.311 192.168.1.101:6816/24270 5 ==== pg_notify(22.f3(15) epoch 194449) v5 ==== 1551+0+0 (390793866 0 0) 0x775d400 con 0x8da5120 -9998>
2014-08-13 16:24:05.619735 7fd93dff0700 5 -- op tracker -- , seq: 626, time:
2014-08-13 16:24:05.619591, event: header_read, request: pg_notify(22.f3(15) epoch 194449) v5 -9997>
2014-08-13 16:24:05.619751 7fd93dff0700 5 -- op tracker -- , seq: 626, time:
2014-08-13 16:24:05.619592, event: throttled, request: pg_notify(22.f3(15) epoch 194449) v5 -9996>
2014-08-13 16:24:05.619761 7fd93dff0700 5 -- op tracker -- , seq: 626, time:
2014-08-13 16:24:05.619684, event: all_read, request: pg_notify(22.f3(15) epoch 194449) v5 -9995>
2014-08-13 16:24:05.619770 7fd93dff0700 5 -- op tracker -- , seq: 626, time:
2014-08-13 16:24:05.619732, event: dispatched, request: pg_notify(22.f3(15) epoch 194449) v5 -9994>
2014-08-13 16:24:05.619781 7fd93dff0700 5 -- op tracker -- , seq: 626, time:
2014-08-13 16:24:05.619781, event: waiting_for_osdmap, request: pg_notify(22.f3(15) epoch 194449) v5 -9993>
2014-08-13 16:24:05.619794 7fd93dff0700 5 -- op tracker -- , seq: 626, time:
2014-08-13 16:24:05.619794, event: started, request: pg_notify(22.f3(15) epoch 194449) v5 -9992>
2014-08-13 16:24:05.619829 7fd93dff0700 5 -- op tracker -- , seq: 626, time:
2014-08-13 16:24:05.619829, event: done, request: pg_notify(22.f3(15) epoch 194449) v5 -9991>
2014-08-13 16:24:05.621605 7fd93dff0700 1 -- 192.168.1.115:6813/25220 <== osd.307 192.168.1.109:6804/31016 4 ==== osd_map(194449..194449 src has 185139..194449) v3 ==== 454+0+0 (3409739995 0 0) 0x7e7b600 con 0x7379ce0 -9990>
2014-08-13 16:24:05.621655 7fd93dff0700 3 osd.4 194449 handle_osd_map epochs [194449,194449], i have 194449, src has [185139,194449] -9989>
2014-08-13 16:24:05.621673 7fd93dff0700 1 -- 192.168.1.115:6813/25220 <== osd.307 192.168.1.109:6804/31016 5 ==== pg_notify(24.181(25) epoch 194449) v5 ==== 2159+0+0 (3528692128 0 0) 0x775e3c0 con 0x7379ce0 -9988>
2014-08-13 16:24:05.621694 7fd93dff0700 5 -- op tracker -- , seq: 627, time:
2014-08-13 16:24:05.621548, event: header_read, request: pg_notify(24.181(25) epoch 194449) v5 -9987>
2014-08-13 16:24:05.621709 7fd93dff0700 5 -- op tracker -- , seq: 627, time:
2014-08-13 16:24:05.621549, event: throttled, request: pg_notify(24.181(25) epoch 194449) v5 -9986>
2014-08-13 16:24:05.621719 7fd93dff0700 5 -- op tracker -- , seq: 627, time:
2014-08-13 16:24:05.621657, event: all_read, request: pg_notify(24.181(25) epoch 194449) v5 -9985>
2014-08-13 16:24:05.621729 7fd93dff0700 5 -- op tracker -- , seq: 627, time:
2014-08-13 16:24:05.621691, event: dispatched, request: pg_notify(24.181(25) epoch 194449) v5 -9984>
2014-08-13 16:24:05.621740 7fd93dff0700 5 -- op tracker -- , seq: 627, time:
2014-08-13 16:24:05.621739, event: waiting_for_osdmap, request: pg_notify(24.181(25) epoch 194449) v5 -9983>
2014-08-13 16:24:05.621752 7fd93dff0700 5 -- op tracker -- , seq: 627, time:
2014-08-13 16:24:05.621752, event: started, request: pg_notify(24.181(25) epoch 194449) v5 -9982>
2014-08-13 16:24:05.621786 7fd93dff0700 5 -- op tracker -- , seq: 627, time:
2014-08-13 16:24:05.621785, event: done, request: pg_notify(24.181(25) epoch 194449) v5 -9981>
2014-08-13 16:24:05.652947 7fd93c1ed700 1 -- 192.168.100.115:6806/25220 <== osd.9 192.168.100.107:0/53997 2 ==== osd_ping(ping e194449 stamp
2014-08-13 16:24:05.652672) v2 ==== 47+0+0 (1353673141 0 0) 0x7d03100 con 0x7d2f0c0 -9980>
2014-08-13 16:24:05.653001 7fd93c1ed700 1 -- 192.168.100.115:6806/25220 --> 192.168.100.107:0/53997 -- osd_ping(ping_reply e194449 stamp
2014-08-13 16:24:05.652672) v2 -- ?+0 0x7d06900 con 0x7d2f0c0 -9979>
2014-08-13 16:24:05.653086 7fd93adeb700 1 -- 192.168.1.115:6817/25220 <== osd.9 192.168.100.107:0/53997 2 ==== osd_ping(ping e194449 stamp
2014-08-13 16:24:05.652672) v2 ==== 47+0+0 (1353673141 0 0) 0x7d01180 con 0x7d2dc20 -9978>
2014-08-13 16:24:05.653131 7fd93adeb700 1 -- 192.168.1.115:6817/25220 --> 192.168.100.107:0/53997 -- osd_ping(ping_reply e194449 stamp
2014-08-13 16:24:05.652672) v2 -- ?+0 0x7d05b00 con 0x7d2dc20 -9977>
2014-08-13 16:24:05.682630 7fd93adeb700 1 -- 192.168.1.115:6817/25220 <== osd.330 192.168.1.106:0/4876 1 ==== osd_ping(ping e194449 stamp
2014-08-13 16:24:05.682217) v2 ==== 47+0+0 (458340757 0 0) 0x7d06900 con 0x7ebf380 -9976>
2014-08-13 16:24:05.682684 7fd93adeb700 1 -- 192.168.1.115:6817/25220 --> 192.168.1.106:0/4876 -- osd_ping(ping_reply e194449 stamp
2014-08-13 16:24:05.682217) v2 -- ?+0 0x7d01180 con 0x7ebf380 -9975>
2014-08-13 16:24:05.682661 7fd93c1ed700 1 -- 192.168.100.115:6806/25220 <== osd.330 192.168.1.106:0/4876 1 ==== osd_ping(ping e194449 stamp
2014-08-13 16:24:05.682217) v2 ==== 47+0+0 (458340757 0 0) 0x7d05b00 con 0x7ebfe80 -9974>
2014-08-13 16:24:05.682755 7fd93c1ed700 1 -- 192.168.100.115:6806/25220 --> 192.168.1.106:0/4876 -- osd_ping(ping_reply e194449 stamp
2014-08-13 16:24:05.682217) v2 -- ?+0 0x7d03100 con 0x7ebfe80 -9973>
2014-08-13 16:24:05.833144 7fd93adeb700 1 -- 192.168.1.115:6817/25220 <== osd.351 192.168.100.102:0/16444 3 ==== osd_ping(ping e194449 stamp
2014-08-13 16:24:05.833030) v2 ==== 47+0+0 (3803373985 0 0) 0x7d04600 con 0x7ab8420 -9972>
2014-08-13 16:24:05.833212 7fd93adeb700 1 -- 192.168.1.115:6817/25220 --> 192.168.100.102:0/16444 -- osd_ping(ping_reply e194449 stamp
2014-08-13 16:24:05.833030) v2 -- ?+0 0x7d06900 con 0x7ab8420 -9971>
2014-08-13 16:24:05.833205 7fd93c1ed700 1 -- 192.168.100.115:6806/25220 <== osd.351 192.168.100.102:0/16444 3 ==== osd_ping(ping e194449 stamp
2014-08-13 16:24:05.833030) v2 ==== 47+0+0 (3803373985 0 0) 0x7d01f80 con 0x7ab8000 -9970>
2014-08-13 16:24:05.833262 7fd93c1ed700 1 -- 192.168.100.115:6806/25220 --> 192.168.100.102:0/16444 -- osd_ping(ping_reply e194449 stamp
2014-08-13 16:24:05.833030) v2 -- ?+0 0x7d05b00 con 0x7ab8000 -9969>
2014-08-13 16:24:05.852732 7fd9385e7700 10 monclient: tick -9968>
2014-08-13 16:24:05.852805 7fd9385e7700 10 monclient: _check_auth_rotating have uptodate secrets (they expire after
2014-08-13 16:23:35.852803) -9967>
2014-08-13 16:24:05.852819 7fd9385e7700 10 monclient: renew subs? (now:
2014-08-13 16:24:05.852819; renew after:
2014-08-13 16:26:33.460427) -- no -9966>
2014-08-13 16:24:05.882349 7fd93c1ed700 1 -- 192.168.100.115:6806/25220 <== osd.374 192.168.100.102:0/16129 1 ==== osd_ping(ping e194449 stamp
2014-08-13 16:24:05.882269) v2 ==== 47+0+0 (1575149205 0 0) 0x7d055c0 con 0x7d2cba0 -9965>
2014-08-13 16:24:05.882374 7fd93adeb700 1 -- 192.168.1.115:6817/25220 <== osd.374 192.168.100.102:0/16129 1 ==== osd_ping(ping e194449 stamp
2014-08-13 16:24:05.882269) v2 ==== 47+0+0 (1575149205 0 0) 0x7d00700 con 0x7d28420 -9964>
2014-08-13 16:24:05.882403 7fd93c1ed700 1 -- 192.168.100.115:6806/25220 --> 192.168.100.102:0/16129 -- osd_ping(ping_reply e194449 stamp
2014-08-13 16:24:05.882269) v2 -- ?+0 0x7d01f80 con 0x7d2cba0 -9963>
2014-08-13 16:24:05.882471 7fd93adeb700 1 -- 192.168.1.115:6817/25220 --> 192.168.100.102:0/16129 -- osd_ping(ping_reply e194449 stamp
2014-08-13 16:24:05.882269) v2 -- ?+0 0x7d04600 con 0x7d28420 -9962>
2014-08-13 16:24:05.933171 7fd93c1ed700 1 -- 192.168.100.115:6806/25220 <== osd.358 192.168.100.114:0/52078 1 ==== osd_ping(ping e194449 stamp
2014-08-13 16:24:05.933250) v2 ==== 47+0+0 (1648375419 0 0) 0x7d02140 con 0x7d29fa0 -9961>
2014-08-13 16:24:05.933223 7fd93c1ed700 1 -- 192.168.100.115:6806/25220 --> 192.168.100.114:0/52078 -- osd_ping(ping_reply e194449 stamp
2014-08-13 16:24:05.933250) v2 -- ?+0 0x7d055c0 con 0x7d29fa0 -9960>
2014-08-13 16:24:05.933230 7fd93adeb700 1 -- 192.168.1.115:6817/25220 <== osd.358 192.168.100.114:0/52078 1 ==== osd_ping(ping e194449 stamp
2014-08-13 16:24:05.933250) v2 ==== 47+0+0 (1648375419 0 0) 0x7d03f00 con 0x7d2b700 -9959>
2014-08-13 16:24:05.933282 7fd93adeb700 1 -- 192.168.1.115:6817/25220 --> 192.168.100.114:0/52078 -- osd_ping(ping_reply e194449 stamp
2014-08-13 16:24:05.933250) v2 -- ?+0 0x7d00700 con 0x7d2b700 -9958>
2014-08-13 16:24:06.065439 7fd93c1ed700 1 -- 192.168.100.115:6806/25220 <== osd.397 192.168.1.105:0/41085 2 ==== osd_ping(ping e194449 stamp
2014-08-13 16:24:06.064858) v2 ==== 47+0+0 (2842064475 0 0) 0x7d07380 con 0x7ebce60 -9957>
2014-08-13 16:24:06.065465 7fd93adeb700 1 -- 192.168.1.115:6817/25220 <== osd.397 192.168.1.105:0/41085 2 ==== osd_ping(ping e194449 stamp
2014-08-13 16:24:06.064858) v2 ==== 47+0+0 (2842064475 0 0) 0x7d01500 con 0x7ebb860 -9956>
2014-08-13 16:24:06.065493 7fd93c1ed700 1 -- 192.168.100.115:6806/25220 --> 192.168.1.105:0/41085 -- osd_ping(ping_reply e194449 stamp
2014-08-13 16:24:06.064858) v2 -- ?+0 0x7d02140 con 0x7ebce60 -9955>
2014-08-13 16:24:06.065542 7fd93adeb700 1 -- 192.168.1.115:6817/25220 --> 192.168.1.105:0/41085 -- osd_ping(ping_reply e194449 stamp
2014-08-13 16:24:06.064858) v2 -- ?+0 0x7d03f00 con 0x7ebb860 -9954>
2014-08-13 16:24:06.183717 7fd93c1ed700 1 -- 192.168.100.115:6806/25220 <== osd.323 192.168.100.106:0/8118 1 ==== osd_ping(ping e194449 stamp
2014-08-13 16:24:06.183112) v2 ==== 47+0+0 (820336254 0 0) 0x7d03f00 con 0x7d2c360 -9953>
2014-08-13 16:24:06.183736 7fd93adeb700 1 -- 192.168.1.115:6817/25220 <== osd.323 192.168.100.106:0/8118 1 ==== osd_ping(ping e194449 stamp
2014-08-13 16:24:06.183112) v2 ==== 47+0+0 (820336254 0 0) 0x7d02140 con 0x7d2ac00 -9952>
2014-08-13 16:24:06.183767 7fd93c1ed700 1 -- 192.168.100.115:6806/25220 --> 192.168.100.106:0/8118 -- osd_ping(ping_reply e194449 stamp
2014-08-13 16:24:06.183112) v2 -- ?+0 0x7d07380 con 0x7d2c360 -9951>
2014-08-13 16:24:06.183842 7fd93adeb700 1 -- 192.168.1.115:6817/25220 --> 192.168.100.106:0/8118 -- osd_ping(ping_reply e194449 stamp
2014-08-13 16:24:06.183112) v2 -- ?+0 0x7d01500 con 0x7d2ac00 -9950>
2014-08-13 16:24:06.335048 7fd93adeb700 1 -- 192.168.1.115:6817/25220 <== osd.351 192.168.100.102:0/16444 4 ==== osd_ping(ping e194449 stamp
2014-08-13 16:24:06.334945) v2 ==== 47+0+0 (1504620102 0 0) 0x7d05940 con 0x7ab8420 -9949>
2014-08-13 16:24:06.335105 7fd93adeb700 1 -- 192.168.1.115:6817/25220 --> 192.168.100.102:0/16444 -- osd_ping(ping_reply e194449 stamp
2014-08-13 16:24:06.334945) v2 -- ?+0 0x7d02140 con 0x7ab8420 -9948>
2014-08-13 16:24:06.335106 7fd93c1ed700 1 -- 192.168.100.115:6806/25220 <== osd.351 192.168.100.102:0/16444 4 ==== osd_ping(ping e194449 stamp
2014-08-13 16:24:06.334945) v2 ==== 47+0+0 (1504620102 0 0) 0x7d06580 con 0x7ab8000 -9947>
2014-08-13 16:24:06.335151 7fd93c1ed700 1 -- 192.168.100.115:6806/25220 --> 192.168.100.102:0/16444 -- osd_ping(ping_reply e194449 stamp
2014-08-13 16:24:06.334945) v2 -- ?+0 0x7d03f00 con 0x7ab8000 -9946>
2014-08-13 16:24:06.342180 7fd93c1ed700 1 -- 192.168.100.115:6806/25220 <== osd.292 192.168.1.113:0/16056 2 ==== osd_ping(ping e194449 stamp
2014-08-13 16:24:06.342294) v2 ==== 47+0+0 (3287714931 0 0) 0x8c8a680 con 0x7ebd120 -9945>
2014-08-13 16:24:06.342201 7fd93adeb700 1 -- 192.168.1.115:6817/25220 <== osd.292 192.168.1.113:0/16056 2 ==== osd_ping(ping e194449 stamp
2014-08-13 16:24:06.342294) v2 ==== 47+0+0 (3287714931 0 0) 0x8c8f000 con 0x7ebbb20 -9944>
2014-08-13 16:24:06.342230 7fd93c1ed700 1 -- 192.168.100.115:6806/25220 --> 192.168.1.113:0/16056 -- osd_ping(ping_reply e194449 stamp
2014-08-13 16:24:06.342294) v2 -- ?+0 0x7d06580 con 0x7ebd120 -9943>
2014-08-13 16:24:06.342290 7fd93adeb700 1 -- 192.168.1.115:6817/25220 --> 192.168.1.113:0/16056 -- osd_ping(ping_reply e194449 stamp
2014-08-13 16:24:06.342294) v2 -- ?+0 0x7d05940 con 0x7ebbb20 -9942>
2014-08-13 16:24:06.383978 7fd93c1ed700 1 -- 192.168.100.115:6806/25220 <== osd.373 192.168.1.108:0/7435 1 ==== osd_ping(ping e194449 stamp
2014-08-13 16:24:06.383769) v2 ==== 47+0+0 (3706363139 0 0) 0x7d05940 con 0x7eba3c0 -9941>
2014-08-13 16:24:06.384027 7fd93c1ed700 1 -- 192.168.100.115:6806/25220 --> 192.168.1.108:0/7435 -- osd_ping(ping_reply e194449 stamp
2014-08-13 16:24:06.383769) v2 -- ?+0 0x8c8a680 con 0x7eba3c0 -9940>
2014-08-13 16:24:06.384062 7fd93adeb700 1 -- 192.168.1.115:6817/25220 <== osd.373 192.168.1.108:0/7435 1 ==== osd_ping(ping e194449 stamp
2014-08-13 16:24:06.383769) v2 ==== 47+0+0 (3706363139 0 0) 0x7d06580 con 0x7eb8f20 -9939>
2014-08-13 16:24:06.384115 7fd93adeb700 1 -- 192.168.1.115:6817/25220 --> 192.168.1.108:0/7435 -- osd_ping(ping_reply e194449 stamp
2014-08-13 16:24:06.383769) v2 -- ?+0 0x8c8f000 con 0x7eb8f20 -9938>
2014-08-13 16:24:06.435482 7fd93c1ed700 1 -- 192.168.100.115:6806/25220 <== osd.358 192.168.100.114:0/52078 2 ==== osd_ping(ping e194449 stamp
2014-08-13 16:24:06.435418) v2 ==== 47+0+0 (1888727501 0 0) 0x8c89180 con 0x7d29fa0 -9937>
2014-08-13 16:24:06.435539 7fd93c1ed700 1 -- 192.168.100.115:6806/25220 --> 192.168.100.114:0/52078 -- osd_ping(ping_reply e194449 stamp
2014-08-13 16:24:06.435418) v2 -- ?+0 0x7d05940 con 0x7d29fa0 -9936>
2014-08-13 16:24:06.435573 7fd93adeb700 1 -- 192.168.1.115:6817/25220 <== osd.358 192.168.100.114:0/52078 2 ==== osd_ping(ping e194449 stamp
2014-08-13 16:24:06.435418) v2 ==== 47+0+0 (1888727501 0 0) 0x8c88e00 con 0x7d2b700 -9935>
2014-08-13 16:24:06.435624 7fd93adeb700 1 -- 192.168.1.115:6817/25220 --> 192.168.100.114:0/52078 -- osd_ping(ping_reply e194449 stamp
2014-08-13 16:24:06.435418) v2 -- ?+0 0x7d06580 con 0x7d2b700 -9934>
2014-08-13 16:24:06.454506 7fd93adeb700 1 -- 192.168.1.115:6817/25220 <== osd.6 192.168.1.107:0/53141 1 ==== osd_ping(ping e194449 stamp
2014-08-13 16:24:06.454308) v2 ==== 47+0+0 (146228703 0 0) 0x7d00700 con 0x7cae880 -9933>
2014-08-13 16:24:06.454557 7fd93adeb700 1 -- 192.168.1.115:6817/25220 --> 192.168.1.107:0/53141 -- osd_ping(ping_reply e194449 stamp
2014-08-13 16:24:06.454308) v2 -- ?+0 0x8c88e00 con 0x7cae880 -9932>
2014-08-13 16:24:06.454548 7fd93c1ed700 1 -- 192.168.100.115:6806/25220 <== osd.6 192.168.1.107:0/53141 1 ==== osd_ping(ping e194449 stamp
2014-08-13 16:24:06.454308) v2 ==== 47+0+0 (146228703 0 0) 0x7d06580 con 0x7cae040 -9931>
2014-08-13 16:24:06.454602 7fd93c1ed700 1 -- 192.168.100.115:6806/25220 --> 192.168.1.107:0/53141 -- osd_ping(ping_reply e194449 stamp
2014-08-13 16:24:06.454308) v2 -- ?+0 0x8c89180 con 0x7cae040 -9930>
2014-08-13 16:24:06.505210 7fd93c1ed700 1 -- 192.168.100.115:6806/25220 <== osd.346 192.168.100.104:0/2308 2 ==== osd_ping(ping e194449 stamp
2014-08-13 16:24:06.505224) v2 ==== 47+0+0 (2934476285 0 0) 0x7d05940 con 0x7d2a260 -9929>
2014-08-13 16:24:06.505280 7fd93c1ed700 1 -- 192.168.100.115:6806/25220 --> 192.168.100.104:0/2308 -- osd_ping(ping_reply e194449 stamp
2014-08-13 16:24:06.505224) v2 -- ?+0 0x7d06580 con 0x7d2a260 -9928>
2014-08-13 16:24:06.505216 7fd93adeb700 1 -- 192.168.1.115:6817/25220 <== osd.346 192.168.100.104:0/2308 2 ==== osd_ping(ping e194449 stamp
2014-08-13 16:24:06.505224) v2 ==== 47+0+0 (2934476285 0 0) 0x8c8af40 con 0x7d28160 -9927>
2014-08-13 16:24:06.505441 7fd93adeb700 1 -- 192.168.1.115:6817/25220 --> 192.168.100.104:0/2308 -- osd_ping(ping_reply e194449 stamp
2014-08-13 16:24:06.505224) v2 -- ?+0 0x7d00700 con 0x7d28160 -9926>
2014-08-13 16:24:06.530190 7fd93adeb700 1 -- 192.168.1.115:6817/25220 <== osd.367 192.168.100.114:0/55513 1 ==== osd_ping(ping e194449 stamp
2014-08-13 16:24:06.530109) v2 ==== 47+0+0 (3716035947 0 0) 0x7d07540 con 0x7ffe880 -9925>
2014-08-13 16:24:06.530240 7fd93adeb700 1 -- 192.168.1.115:6817/25220 --> 192.168.100.114:0/55513 -- osd_ping(ping_reply e194449 stamp
2014-08-13 16:24:06.530109) v2 -- ?+0 0x8c8af40 con 0x7ffe880 -9924>
2014-08-13 16:24:06.530376 7fd93c1ed700 1 -- 192.168.100.115:6806/25220 <== osd.367 192.168.100.114:0/55513 1 ==== osd_ping(ping e194449 stamp
2014-08-13 16:24:06.530109) v2 ==== 47+0+0 (3716035947 0 0) 0x7d00700 con 0x7edbb20 -9923>
2014-08-13 16:24:06.530415 7fd93c1ed700 1 -- 192.168.100.115:6806/25220 --> 192.168.100.114:0/55513 -- osd_ping(ping_reply e194449 stamp
2014-08-13 16:24:06.530109) v2 -- ?+0 0x7d05940 con 0x7edbb20 -9922>
2014-08-13 16:24:06.534254 7fd93adeb700 1 -- 192.168.1.115:6817/25220 <== osd.321 192.168.1.110:0/43236 3 ==== osd_ping(ping e194449 stamp
2014-08-13 16:24:06.533939) v2 ==== 47+0+0 (1085930152 0 0) 0x8c8cd00 con 0x7eb8c60 -9921>
2014-08-13 16:24:06.534301 7fd93adeb700 1 -- 192.168.1.115:6817/25220 --> 192.168.1.110:0/43236 -- osd_ping(ping_reply e194449 stamp
2014-08-13 16:24:06.533939) v2 -- ?+0 0x7d07540 con 0x7eb8c60 -9920>
2014-08-13 16:24:06.534326 7fd93c1ed700 1 -- 192.168.100.115:6806/25220 <== osd.321 192.168.1.110:0/43236 3 ==== osd_ping(ping e194449 stamp
2014-08-13 16:24:06.533939) v2 ==== 47+0+0 (1085930152 0 0) 0x8c8d080 con 0x7eba100 -9919>
2014-08-13 16:24:06.534353 7fd93c1ed700 1 -- 192.168.100.115:6806/25220 --> 192.168.1.110:0/43236 -- osd_ping(ping_reply e194449 stamp
2014-08-13 16:24:06.533939) v2 -- ?+0 0x7d00700 con 0x7eba100 -9918>
2014-08-13 16:24:06.700180 7fd93adeb700 1 -- 192.168.1.115:6817/25220 <== osd.58 192.168.1.111:0/14316 1 ==== osd_ping(ping e194449 stamp
2014-08-13 16:24:06.699785) v2 ==== 47+0+0 (197525998 0 0) 0x8c8abc0 con 0x7eda940 -9917>
2014-08-13 16:24:06.700192 7fd93c1ed700 1 -- 192.168.100.115:6806/25220 <== osd.58 192.168.1.111:0/14316 1 ==== osd_ping(ping e194449 stamp
2014-08-13 16:24:06.699785) v2 ==== 47+0+0 (197525998 0 0) 0x7d06580 con 0x7edc8e0 -9916>
2014-08-13 16:24:06.700229 7fd93adeb700 1 -- 192.168.1.115:6817/25220 --> 192.168.1.111:0/14316 -- osd_ping(ping_reply e194449 stamp
2014-08-13 16:24:06.699785) v2 -- ?+0 0x8c8cd00 con 0x7eda940 -9915>
2014-08-13 16:24:06.700323 7fd93c1ed700 1 -- 192.168.100.115:6806/25220 --> 192.168.1.111:0/14316 -- osd_ping(ping_reply e194449 stamp
2014-08-13 16:24:06.699785) v2 -- ?+0 0x8c8d080 con 0x7edc8e0 -9914>
2014-08-13 16:24:06.785474 7fd93c1ed700 1 -- 192.168.100.115:6806/25220 <== osd.330 192.168.1.106:0/4876 2 ==== osd_ping(ping e194449 stamp
2014-08-13 16:24:06.784868) v2 ==== 47+0+0 (3672594669 0 0) 0x8c8c600 con 0x7ebfe80 -9913>
2014-08-13 16:24:06.785527 7fd93c1ed700 1 -- 192.168.100.115:6806/25220 --> 192.168.1.106:0/4876 -- osd_ping(ping_reply e194449 stamp
2014-08-13 16:24:06.784868) v2 -- ?+0 0x7d06580 con 0x7ebfe80 -9912>
2014-08-13 16:24:06.785524 7fd93adeb700 1 -- 192.168.1.115:6817/25220 <== osd.330 192.168.1.106:0/4876 2 ==== osd_ping(ping e194449 stamp
2014-08-13 16:24:06.784868) v2 ==== 47+0+0 (3672594669 0 0) 0x8c896c0 con 0x7ebf380 -9911>
2014-08-13 16:24:06.785573 7fd93adeb700 1 -- 192.168.1.115:6817/25220 --> 192.168.1.106:0/4876 -- osd_ping(ping_reply e194449 stamp
2014-08-13 16:24:06.784868) v2 -- ?+0 0x8c8abc0 con 0x7ebf380 -9910>
2014-08-13 16:24:07.014955 7fd943029700 1 -- 192.168.1.115:6813/25220 --> osd.17 192.168.1.103:6811/37658 -- pg_info(1 pgs e194448:24.2a1) v4 -- ?+0 0x4f89500 -9909>
2014-08-13 16:24:07.016039 7fd943029700 1 -- 192.168.1.115:6813/25220 --> osd.304 192.168.1.101:6808/22782 -- pg_info(1 pgs e194448:24.33a) v4 -- ?+0 0x7d03100 -9908>
2014-08-13 16:24:07.016387 7fd93dff0700 1 -- 192.168.1.115:6813/25220 <== osd.17 192.168.1.103:6811/37658 13 ==== pg_info(1 pgs e194449:24.2a1) v4 ==== 748+0+0 (1821417065 0 0) 0x4f89500 con 0x4fde1a0 -9907>
2014-08-13 16:24:07.016414 7fd943029700 1 -- 192.168.1.115:6813/25220 --> osd.325 192.168.1.110:6804/25590 -- pg_info(1 pgs e194448:24.34) v4 -- ?+0 0x7d01180 -9906>
2014-08-13 16:24:07.016428 7fd93dff0700 5 -- op tracker -- , seq: 628, time:
2014-08-13 16:24:07.016233, event: header_read, request: pg_info(1 pgs e194449:24.2a1) v4 -9905>
2014-08-13 16:24:07.016446 7fd93dff0700 5 -- op tracker -- , seq: 628, time:
2014-08-13 16:24:07.016236, event: throttled, request: pg_info(1 pgs e194449:24.2a1) v4 -9904>
2014-08-13 16:24:07.016458 7fd93dff0700 5 -- op tracker -- , seq: 628, time:
2014-08-13 16:24:07.016347, event: all_read, request: pg_info(1 pgs e194449:24.2a1) v4 -9903>
2014-08-13 16:24:07.016465 7fd93dff0700 5 -- op tracker -- , seq: 628, time:
2014-08-13 16:24:07.016420, event: dispatched, request: pg_info(1 pgs e194449:24.2a1) v4 -9902>
2014-08-13 16:24:07.016472 7fd93dff0700 5 -- op tracker -- , seq: 628, time:
2014-08-13 16:24:07.016472, event: waiting_for_osdmap, request: pg_info(1 pgs e194449:24.2a1) v4 -9901>
2014-08-13 16:24:07.016484 7fd93dff0700 5 -- op tracker -- , seq: 628, time:
2014-08-13 16:24:07.016483, event: started, request: pg_info(1 pgs e194449:24.2a1) v4 -9900>
2014-08-13 16:24:07.016520 7fd93dff0700 5 -- op tracker -- , seq: 628, time:
2014-08-13 16:24:07.016520, event: done, request: pg_info(1 pgs e194449:24.2a1) v4 -9899>
2014-08-13 16:24:07.017336 7fd93dff0700 1 -- 192.168.1.115:6813/25220 <== osd.304 192.168.1.101:6808/22782 11 ==== pg_info(1 pgs e194449:24.33a) v4 ==== 748+0+0 (2974224327 0 0) 0x7d03100 con 0x4e4d800 -9898>
2014-08-13 16:24:07.017374 7fd93dff0700 5 -- op tracker -- , seq: 629, time:
2014-08-13 16:24:07.017208, event: header_read, request: pg_info(1 pgs e194449:24.33a) v4 -9897>
2014-08-13 16:24:07.017391 7fd93dff0700 5 -- op tracker -- , seq: 629, time:
2014-08-13 16:24:07.017211, event: throttled, request: pg_info(1 pgs e194449:24.33a) v4 -9896>
2014-08-13 16:24:07.017400 7fd93dff0700 5 -- op tracker -- , seq: 629, time:
2014-08-13 16:24:07.017311, event: all_read, request: pg_info(1 pgs e194449:24.33a) v4 -9895>
2014-08-13 16:24:07.017409 7fd93dff0700 5 -- op tracker -- , seq: 629, time:
2014-08-13 16:24:07.017369, event: dispatched, request: pg_info(1 pgs e194449:24.33a) v4 -9894>
2014-08-13 16:24:07.017420 7fd93dff0700 5 -- op tracker -- , seq: 629, time:
2014-08-13 16:24:07.017420, event: waiting_for_osdmap, request: pg_info(1 pgs e194449:24.33a) v4 -9893>
2014-08-13 16:24:07.017432 7fd93dff0700 5 -- op tracker -- , seq: 629, time:
2014-08-13 16:24:07.017432, event: started, request: pg_info(1 pgs e194449:24.33a) v4 -9892>
2014-08-13 16:24:07.017466 7fd93dff0700 5 -- op tracker -- , seq: 629, time:
2014-08-13 16:24:07.017466, event: done, request: pg_info(1 pgs e194449:24.33a) v4 -9891>
2014-08-13 16:24:07.017659 7fd93dff0700 1 -- 192.168.1.115:6813/25220 <== osd.325 192.168.1.110:6804/25590 7 ==== pg_info(1 pgs e194449:24.34) v4 ==== 740+0+0 (1773261430 0 0) 0x8c8abc0 con 0x78b0580 -9890>
2014-08-13 16:24:07.017692 7fd93dff0700 5 -- op tracker -- , seq: 630, time:
2014-08-13 16:24:07.017532, event: header_read, request: pg_info(1 pgs e194449:24.34) v4 -9889>
2014-08-13 16:24:07.017704 7fd93dff0700 5 -- op tracker -- , seq: 630, time:
2014-08-13 16:24:07.017534, event: throttled, request: pg_info(1 pgs e194449:24.34) v4 -9888>
2014-08-13 16:24:07.017720 7fd93dff0700 5 -- op tracker -- , seq: 630, time:
2014-08-13 16:24:07.017632, event: all_read, request: pg_info(1 pgs e194449:24.34) v4 -9887>
2014-08-13 16:24:07.017727 7fd93dff0700 5 -- op tracker -- , seq: 630, time:
2014-08-13 16:24:07.017687, event: dispatched, request: pg_info(1 pgs e194449:24.34) v4 -9886>
2014-08-13 16:24:07.017775 7fd93dff0700 5 -- op tracker -- , seq: 630, time:
2014-08-13 16:24:07.017775, event: waiting_for_osdmap, request: pg_info(1 pgs e194449:24.34) v4 -9885>
2014-08-13 16:24:07.017809 7fd93dff0700 5 -- op tracker -- , seq: 630, time:
2014-08-13 16:24:07.017808, event: started, request: pg_info(1 pgs e194449:24.34) v4 -9884>
2014-08-13 16:24:07.017840 7fd93dff0700 5 -- op tracker -- , seq: 630, time:
2014-08-13 16:24:07.017840, event: done, request: pg_info(1 pgs e194449:24.34) v4 -9883>
2014-08-13 16:24:07.018633 7fd943029700 1 -- 192.168.1.115:6813/25220 --> osd.356 192.168.1.108:6832/5235 -- pg_info(1 pgs e194448:24.350) v4 -- ?+0 0x8c8e3c0 -9882>
2014-08-13 16:24:07.018656 7fd93dff0700 1 -- 192.168.1.115:6813/25220 <== osd.304 192.168.1.101:6808/22782 12 ==== MRecoveryReserve REQUEST pgid: 24.33a, query_epoch: 194449 v2 ==== 26+0+0 (2630862356 0 0) 0x8c888c0 con 0x4e4d800 -9881>
2014-08-13 16:24:07.018693 7fd93dff0700 5 -- op tracker -- , seq: 631, time:
2014-08-13 16:24:07.018559, event: header_read, request: MRecoveryReserve REQUEST pgid: 24.33a, query_epoch: 194449 v2 -9880>
2014-08-13 16:24:07.018705 7fd93dff0700 5 -- op tracker -- , seq: 631, time:
2014-08-13 16:24:07.018561, event: throttled, request: MRecoveryReserve REQUEST pgid: 24.33a, query_epoch: 194449 v2 -9879>
2014-08-13 16:24:07.018711 7fd93dff0700 5 -- op tracker -- , seq: 631, time:
2014-08-13 16:24:07.018631, event: all_read, request: MRecoveryReserve REQUEST pgid: 24.33a, query_epoch: 194449 v2 -9878>
2014-08-13 16:24:07.018717 7fd93dff0700 5 -- op tracker -- , seq: 631, time:
2014-08-13 16:24:07.018688, event: dispatched, request: MRecoveryReserve REQUEST pgid: 24.33a, query_epoch: 194449 v2 -9877>
2014-08-13 16:24:07.018724 7fd93dff0700 5 -- op tracker -- , seq: 631, time:
2014-08-13 16:24:07.018723, event: waiting_for_osdmap, request: MRecoveryReserve REQUEST pgid: 24.33a, query_epoch: 194449 v2 -9876>
2014-08-13 16:24:07.018756 7fd93dff0700 5 -- op tracker -- , seq: 631, time:
2014-08-13 16:24:07.018756, event: done, request: MRecoveryReserve REQUEST pgid: 24.33a, query_epoch: 194449 v2 -9875>
2014-08-13 16:24:07.018778 7fd9367e4700 5 osd.4 pg_epoch: 194449 pg[24.33a( v 194422'16034 lc 194215'15912 (192834'14161,194422'16034] local-les=194448 n=60 ec=192688 les/c 194448/194442 194447/194447/193250) [304,323,4] r=2 lpr=194447 pi=193250-194446/19 luod=0'0 crt=194422'16034 lcod 0'0 active m=61] exit Started/ReplicaActive/RepNotRecovering 2.592382 7 0.010391 -9874>
2014-08-13 16:24:07.018832 7fd9367e4700 5 osd.4 pg_epoch: 194449 pg[24.33a( v 194422'16034 lc 194215'15912 (192834'14161,194422'16034] local-les=194448 n=60 ec=192688 les/c 194448/194442 194447/194447/193250) [304,323,4] r=2 lpr=194447 pi=193250-194446/19 luod=0'0 crt=194422'16034 lcod 0'0 active m=61] enter Started/ReplicaActive/RepWaitRecoveryReserved -9873>
2014-08-13 16:24:07.019017 7fd9371e5700 1 -- 192.168.1.115:6813/25220 --> osd.304 192.168.1.101:6808/22782 -- MRecoveryReserve GRANT pgid: 24.33a, query_epoch: 194449 v2 -- ?+0 0x4f8b2c0 -9872>
2014-08-13 16:24:07.019052 7fd9371e5700 5 osd.4 pg_epoch: 194449 pg[24.33a( v 194422'16034 lc 194215'15912 (192834'14161,194422'16034] local-les=194448 n=60 ec=192688 les/c 194448/194442 194447/194447/193250) [304,323,4] r=2 lpr=194447 pi=193250-194446/19 luod=0'0 crt=194422'16034 lcod 0'0 active m=61] exit Started/ReplicaActive/RepWaitRecoveryReserved 0.000220 1 0.000097 -9871>
2014-08-13 16:24:07.019083 7fd9371e5700 5 osd.4 pg_epoch: 194449 pg[24.33a( v 194422'16034 lc 194215'15912 (192834'14161,194422'16034] local-les=194448 n=60 ec=192688 les/c 194448/194442 194447/194447/193250) [304,323,4] r=2 lpr=194447 pi=193250-194446/19 luod=0'0 crt=194422'16034 lcod 0'0 active m=61] enter Started/ReplicaActive/RepRecovering -9870>
2014-08-13 16:24:07.019675 7fd943029700 1 -- 192.168.1.115:6813/25220 --> osd.45 192.168.1.112:6828/6040 -- pg_info(1 pgs e194448:24.369) v4 -- ?+0 0x8c8f700 -9869>
2014-08-13 16:24:07.019721 7fd93dff0700 1 -- 192.168.1.115:6813/25220 <== osd.356 192.168.1.108:6832/5235 19 ==== pg_info(1 pgs e194449:24.350) v4 ==== 748+0+0 (3792698413 0 0) 0x8c8e3c0 con 0x4fd8000 -9868>
2014-08-13 16:24:07.019744 7fd93dff0700 5 -- op tracker -- , seq: 632, time:
2014-08-13 16:24:07.019602, event: header_read, request: pg_info(1 pgs e194449:24.350) v4 -9867>
2014-08-13 16:24:07.019752 7fd93dff0700 5 -- op tracker -- , seq: 632, time:
2014-08-13 16:24:07.019604, event: throttled, request: pg_info(1 pgs e194449:24.350) v4 -9866>
2014-08-13 16:24:07.019758 7fd93dff0700 5 -- op tracker -- , seq: 632, time:
2014-08-13 16:24:07.019698, event: all_read, request: pg_info(1 pgs e194449:24.350) v4 -9865>
2014-08-13 16:24:07.019763 7fd93dff0700 5 -- op tracker -- , seq: 632, time:
2014-08-13 16:24:07.019740, event: dispatched, request: pg_info(1 pgs e194449:24.350) v4 -9864>
2014-08-13 16:24:07.019770 7fd93dff0700 5 -- op tracker -- , seq: 632, time:
2014-08-13 16:24:07.019770, event: waiting_for_osdmap, request: pg_info(1 pgs e194449:24.350) v4 -9863>
2014-08-13 16:24:07.019778 7fd93dff0700 5 -- op tracker -- , seq: 632, time:
2014-08-13 16:24:07.019778, event: started, request: pg_info(1 pgs e194449:24.350) v4 -9862>
2014-08-13 16:24:07.019806 7fd93dff0700 5 -- op tracker -- , seq: 632, time:
2014-08-13 16:24:07.019806, event: done, request: pg_info(1 pgs e194449:24.350) v4 -9861>
2014-08-13 16:24:07.020836 7fd93dff0700 1 -- 192.168.1.115:6813/25220 <== osd.45 192.168.1.112:6828/6040 15 ==== pg_info(1 pgs e194449:24.369) v4 ==== 748+0+0 (3327703055 0 0) 0x8c8f700 con 0x4fda940 -9860>
2014-08-13 16:24:07.020866 7fd93dff0700 5 -- op tracker -- , seq: 633, time:
2014-08-13 16:24:07.020731, event: header_read, request: pg_info(1 pgs e194449:24.369) v4 -9859>
2014-08-13 16:24:07.020879 7fd93dff0700 5 -- op tracker -- , seq: 633, time:
2014-08-13 16:24:07.020733, event: throttled, request: pg_info(1 pgs e194449:24.369) v4 -9858>
2014-08-13 16:24:07.020888 7fd93dff0700 5 -- op tracker -- , seq: 633, time:
2014-08-13 16:24:07.020810, event: all_read, request: pg_info(1 pgs e194449:24.369) v4 -9857>
2014-08-13 16:24:07.020898 7fd93dff0700 5 -- op tracker -- , seq: 633, time:
2014-08-13 16:24:07.020862, event: dispatched, request: pg_info(1 pgs e194449:24.369) v4 -9856>
2014-08-13 16:24:07.020908 7fd93dff0700 5 -- op tracker -- , seq: 633, time:
2014-08-13 16:24:07.020908, event: waiting_for_osdmap, request: pg_info(1 pgs e194449:24.369) v4 -9855>
2014-08-13 16:24:07.020920 7fd93dff0700 5 -- op tracker -- , seq: 633, time:
2014-08-13 16:24:07.020920, event: started, request: pg_info(1 pgs e194449:24.369) v4 -9854>
2014-08-13 16:24:07.020951 7fd93dff0700 5 -- op tracker -- , seq: 633, time:
2014-08-13 16:24:07.020951, event: done, request: pg_info(1 pgs e194449:24.369) v4 -9853>
2014-08-13 16:24:07.021294 7fd93dff0700 1 -- 192.168.1.115:6813/25220 <== osd.356 192.168.1.108:6832/5235 20 ==== MRecoveryReserve REQUEST pgid: 24.350, query_epoch: 194449 v2 ==== 26+0+0 (3024219852 0 0) 0x81c7540 con 0x4fd8000 -9852>
2014-08-13 16:24:07.021338 7fd93dff0700 5 -- op tracker -- , seq: 634, time:
2014-08-13 16:24:07.021113, event: header_read, request: MRecoveryReserve REQUEST pgid: 24.350, query_epoch: 194449 v2 -9851>
2014-08-13 16:24:07.021353 7fd93dff0700 5 -- op tracker -- , seq: 634, time:
2014-08-13 16:24:07.021115, event: throttled, request: MRecoveryReserve REQUEST pgid: 24.350, query_epoch: 194449 v2 -9850>
2014-08-13 16:24:07.021363 7fd93dff0700 5 -- op tracker -- , seq: 634, time:
2014-08-13 16:24:07.021210, event: all_read, request: MRecoveryReserve REQUEST pgid: 24.350, query_epoch: 194449 v2 -9849>
2014-08-13 16:24:07.021380 7fd93dff0700 5 -- op tracker -- , seq: 634, time:
2014-08-13 16:24:07.021332, event: dispatched, request: MRecoveryReserve REQUEST pgid: 24.350, query_epoch: 194449 v2 -9848>
2014-08-13 16:24:07.021391 7fd93dff0700 5 -- op tracker -- , seq: 634, time:
2014-08-13 16:24:07.021390, event: waiting_for_osdmap, request: MRecoveryReserve REQUEST pgid: 24.350, query_epoch: 194449 v2 -9847>
2014-08-13 16:24:07.021417 7fd93dff0700 5 -- op tracker -- , seq: 634, time:
2014-08-13 16:24:07.021417, event: done, request: MRecoveryReserve REQUEST pgid: 24.350, query_epoch: 194449 v2 -9846>
2014-08-13 16:24:07.021429 7fd9367e4700 5 osd.4 pg_epoch: 194449 pg[24.350( v 194422'17433 lc 194370'17332 (192834'15725,194422'17433] local-les=194448 n=53 ec=192688 les/c 194448/194442 194447/194447/193151) [356,364,4] r=2 lpr=194447 pi=193151-194446/19 luod=0'0 crt=194422'17433 lcod 0'0 active m=51] exit Started/ReplicaActive/RepNotRecovering 2.586485 7 0.002328 -9845>
2014-08-13 16:24:07.021468 7fd9367e4700 5 osd.4 pg_epoch: 194449 pg[24.350( v 194422'17433 lc 194370'17332 (192834'15725,194422'17433] local-les=194448 n=53 ec=192688 les/c 194448/194442 194447/194447/193151) [356,364,4] r=2 lpr=194447 pi=193151-194446/19 luod=0'0 crt=194422'17433 lcod 0'0 active m=51] enter Started/ReplicaActive/RepWaitRecoveryReserved -9844>
2014-08-13 16:24:07.022424 7fd93dff0700 1 -- 192.168.1.115:6813/25220 <== osd.45 192.168.1.112:6828/6040 16 ==== MRecoveryReserve REQUEST pgid: 24.369, query_epoch: 194449 v2 ==== 26+0+0 (780661303 0 0) 0x8c8f380 con 0x4fda940 -9843>
2014-08-13 16:24:07.022468 7fd93dff0700 5 -- op tracker -- , seq: 635, time:
2014-08-13 16:24:07.022314, event: header_read, request: MRecoveryReserve REQUEST pgid: 24.369, query_epoch: 194449 v2 -9842>
2014-08-13 16:24:07.022480 7fd93dff0700 5 -- op tracker -- , seq: 635, time:
2014-08-13 16:24:07.022317, event: throttled, request: MRecoveryReserve REQUEST pgid: 24.369, query_epoch: 194449 v2 -9841>
2014-08-13 16:24:07.022486 7fd93dff0700 5 -- op tracker -- , seq: 635, time:
2014-08-13 16:24:07.022379, event: all_read, request: MRecoveryReserve REQUEST pgid: 24.369, query_epoch: 194449 v2 -9840>
2014-08-13 16:24:07.022491 7fd93dff0700 5 -- op tracker -- , seq: 635, time:
2014-08-13 16:24:07.022462, event: dispatched, request: MRecoveryReserve REQUEST pgid: 24.369, query_epoch: 194449 v2 -9839>
2014-08-13 16:24:07.022498 7fd93dff0700 5 -- op tracker -- , seq: 635, time:
2014-08-13 16:24:07.022498, event: waiting_for_osdmap, request: MRecoveryReserve REQUEST pgid: 24.369, query_epoch: 194449 v2 -9838>
2014-08-13 16:24:07.022521 7fd93dff0700 5 -- op tracker -- , seq: 635, time:
2014-08-13 16:24:07.022521, event: done, request: MRecoveryReserve REQUEST pgid: 24.369, query_epoch: 194449 v2 -9837>
2014-08-13 16:24:07.022557 7fd9371e5700 5 osd.4 pg_epoch: 194449 pg[24.369( v 194422'13576 lc 194370'13477 (192834'11428,194422'13576] local-les=194448 n=51 ec=192688 les/c 194448/194442 194447/194447/193186) [45,319,4] r=2 lpr=194447 pi=193186-194446/19 luod=0'0 crt=194422'13576 lcod 0'0 active m=50] exit Started/ReplicaActive/RepNotRecovering 2.581397 7 0.002593 -9836>
2014-08-13 16:24:07.022595 7fd9371e5700 5 osd.4 pg_epoch: 194449 pg[24.369( v 194422'13576 lc 194370'13477 (192834'11428,194422'13576] local-les=194448 n=51 ec=192688 les/c 194448/194442 194447/194447/193186) [45,319,4] r=2 lpr=194447 pi=193186-194446/19 luod=0'0 crt=194422'13576 lcod 0'0 active m=50] enter Started/ReplicaActive/RepWaitRecoveryReserved -9835>
2014-08-13 16:24:07.023579 7fd943029700 1 -- 192.168.1.115:6813/25220 --> osd.6 192.168.1.107:6809/53141 -- pg_info(1 pgs e194448:24.cd) v4 -- ?+0 0x8c8a4c0 -9834>
2014-08-13 16:24:07.024803 7fd943029700 1 -- 192.168.1.115:6813/25220 --> osd.289 192.168.1.113:6808/15284 -- pg_info(1 pgs e194448:24.5e) v4 -- ?+0 0x77588c0 -9833>
2014-08-13 16:24:07.025050 7fd93dff0700 1 -- 192.168.1.115:6813/25220 <== osd.6 192.168.1.107:6809/53141 6 ==== pg_info(1 pgs e194449:24.cd) v4 ==== 748+0+0 (190395080 0 0) 0x8c8a4c0 con 0x5109340 -9832>
2014-08-13 16:24:07.025095 7fd93dff0700 5 -- op tracker -- , seq: 636, time:
2014-08-13 16:24:07.024875, event: header_read, request: pg_info(1 pgs e194449:24.cd) v4 -9831>
2014-08-13 16:24:07.025108 7fd93dff0700 5 -- op tracker -- , seq: 636, time:
2014-08-13 16:24:07.024878, event: throttled, request: pg_info(1 pgs e194449:24.cd) v4 -9830>
2014-08-13 16:24:07.025114 7fd93dff0700 5 -- op tracker -- , seq: 636, time:
2014-08-13 16:24:07.024983, event: all_read, request: pg_info(1 pgs e194449:24.cd) v4 -9829>
2014-08-13 16:24:07.025120 7fd93dff0700 5 -- op tracker -- , seq: 636, time:
2014-08-13 16:24:07.025089, event: dispatched, request: pg_info(1 pgs e194449:24.cd) v4 -9828>
2014-08-13 16:24:07.025128 7fd93dff0700 5 -- op tracker -- , seq: 636, time:
2014-08-13 16:24:07.025128, event: waiting_for_osdmap, request: pg_info(1 pgs e194449:24.cd) v4 -9827>
2014-08-13 16:24:07.025138 7fd93dff0700 5 -- op tracker -- , seq: 636, time:
2014-08-13 16:24:07.025138, event: started, request: pg_info(1 pgs e194449:24.cd) v4 -9826>
2014-08-13 16:24:07.025169 7fd93dff0700 5 -- op tracker -- , seq: 636, time:
2014-08-13 16:24:07.025169, event: done, request: pg_info(1 pgs e194449:24.cd) v4 -9825>
2014-08-13 16:24:07.026067 7fd93dff0700 1 -- 192.168.1.115:6813/25220 <== osd.289 192.168.1.113:6808/15284 16 ==== pg_info(1 pgs e194449:24.5e) v4 ==== 748+0+0 (948432771 0 0) 0x77588c0 con 0x4fdb2e0 -9824>
2014-08-13 16:24:07.026111 7fd93dff0700 5 -- op tracker -- , seq: 637, time:
2014-08-13 16:24:07.025896, event: header_read, request: pg_info(1 pgs e194449:24.5e) v4 -9823>
2014-08-13 16:24:07.026123 7fd93dff0700 5 -- op tracker -- , seq: 637, time:
2014-08-13 16:24:07.025899, event: throttled, request: pg_info(1 pgs e194449:24.5e) v4 -9822>
2014-08-13 16:24:07.026129 7fd93dff0700 5 -- op tracker -- , seq: 637, time:
2014-08-13 16:24:07.025996, event: all_read, request: pg_info(1 pgs e194449:24.5e) v4 -9821>
2014-08-13 16:24:07.026135 7fd93dff0700 5 -- op tracker -- , seq: 637, time:
2014-08-13 16:24:07.026104, event: dispatched, request: pg_info(1 pgs e194449:24.5e) v4 -9820>
2014-08-13 16:24:07.026142 7fd93dff0700 5 -- op tracker -- , seq: 637, time:
2014-08-13 16:24:07.026142, event: waiting_for_osdmap, request: pg_info(1 pgs e194449:24.5e) v4 -9819>
2014-08-13 16:24:07.026151 7fd93dff0700 5 -- op tracker -- , seq: 637, time:
2014-08-13 16:24:07.026151, event: started, request: pg_info(1 pgs e194449:24.5e) v4 -9818>
2014-08-13 16:24:07.026182 7fd93dff0700 5 -- op tracker -- , seq: 637, time:
2014-08-13 16:24:07.026182, event: done, request: pg_info(1 pgs e194449:24.5e) v4 -9817>
2014-08-13 16:24:07.027083 7fd943029700 1 -- 192.168.1.115:6813/25220 --> osd.343 192.168.1.104:6802/61960 -- pg_info(1 pgs e194448:24.206) v4 -- ?+0 0x775c280 -9816>
2014-08-13 16:24:07.027579 7fd93dff0700 1 -- 192.168.1.115:6813/25220 <== osd.289 192.168.1.113:6808/15284 17 ==== MRecoveryReserve REQUEST pgid: 24.5e, query_epoch: 194449 v2 ==== 26+0+0 (2532392470 0 0) 0x80d96c0 con 0x4fdb2e0 -9815>
2014-08-13 16:24:07.027624 7fd93dff0700 5 -- op tracker -- , seq: 638, time:
2014-08-13 16:24:07.027431, event: header_read, request: MRecoveryReserve REQUEST pgid: 24.5e, query_epoch: 194449 v2 -9814>
2014-08-13 16:24:07.027640 7fd93dff0700 5 -- op tracker -- , seq: 638, time:
2014-08-13 16:24:07.027435, event: throttled, request: MRecoveryReserve REQUEST pgid: 24.5e, query_epoch: 194449 v2 -9813>
2014-08-13 16:24:07.027650 7fd93dff0700 5 -- op tracker -- , seq: 638, time:
2014-08-13 16:24:07.027513, event: all_read, request: MRecoveryReserve REQUEST pgid: 24.5e, query_epoch: 194449 v2 -9812>
2014-08-13 16:24:07.027659 7fd93dff0700 5 -- op tracker -- , seq: 638, time:
2014-08-13 16:24:07.027618, event: dispatched, request: MRecoveryReserve REQUEST pgid: 24.5e, query_epoch: 194449 v2 -9811>
2014-08-13 16:24:07.027670 7fd93dff0700 5 -- op tracker -- , seq: 638, time:
2014-08-13 16:24:07.027670, event: waiting_for_osdmap, request: MRecoveryReserve REQUEST pgid: 24.5e, query_epoch: 194449 v2 -9810>
2014-08-13 16:24:07.027697 7fd93dff0700 5 -- op tracker -- , seq: 638, time:
2014-08-13 16:24:07.027696, event: done, request: MRecoveryReserve REQUEST pgid: 24.5e, query_epoch: 194449 v2 -9809>
2014-08-13 16:24:07.027709 7fd9371e5700 5 osd.4 pg_epoch: 194449 pg[24.5e( v 194422'17034 lc 194215'16908 (192718'14372,194422'17034] local-les=194448 n=63 ec=192688 les/c 194448/194442 194447/194447/192968) [289,4,285] r=1 lpr=194447 pi=193125-194446/32 luod=0'0 crt=194422'17034 lcod 0'0 active m=63] exit Started/ReplicaActive/RepNotRecovering 2.582832 7 0.003073 -9808>
2014-08-13 16:24:07.027744 7fd9371e5700 5 osd.4 pg_epoch: 194449 pg[24.5e( v 194422'17034 lc 194215'16908 (192718'14372,194422'17034] local-les=194448 n=63 ec=192688 les/c 194448/194442 194447/194447/192968) [289,4,285] r=1 lpr=194447 pi=193125-194446/32 luod=0'0 crt=194422'17034 lcod 0'0 active m=63] enter Started/ReplicaActive/RepWaitRecoveryReserved -9807>
2014-08-13 16:24:07.028112 7fd943029700 1 -- 192.168.1.115:6813/25220 --> osd.285 192.168.1.101:6822/26295 -- pg_info(1 pgs e194448:24.1e6) v4 -- ?+0 0x7758380 -9806>
2014-08-13 16:24:07.028230 7fd93dff0700 1 -- 192.168.1.115:6813/25220 <== osd.343 192.168.1.104:6802/61960 17 ==== pg_info(1 pgs e194449:24.206) v4 ==== 748+0+0 (4026595344 0 0) 0x775c280 con 0x508dd80 -9805>
2014-08-13 16:24:07.028274 7fd93dff0700 5 -- op tracker -- , seq: 639, time:
2014-08-13 16:24:07.028082, event: header_read, request: pg_info(1 pgs e194449:24.206) v4 -9804>
2014-08-13 16:24:07.028286 7fd93dff0700 5 -- op tracker -- , seq: 639, time:
2014-08-13 16:24:07.028083, event: throttled, request: pg_info(1 pgs e194449:24.206) v4 -9803>
2014-08-13 16:24:07.028293 7fd93dff0700 5 -- op tracker -- , seq: 639, time:
2014-08-13 16:24:07.028170, event: all_read, request: pg_info(1 pgs e194449:24.206) v4 -9802>
2014-08-13 16:24:07.028303 7fd93dff0700 5 -- op tracker -- , seq: 639, time:
2014-08-13 16:24:07.028268, event: dispatched, request: pg_info(1 pgs e194449:24.206) v4 -9801>
2014-08-13 16:24:07.028314 7fd93dff0700 5 -- op tracker -- , seq: 639, time:
2014-08-13 16:24:07.028314, event: waiting_for_osdmap, request: pg_info(1 pgs e194449:24.206) v4 -9800>
2014-08-13 16:24:07.028327 7fd93dff0700 5 -- op tracker -- , seq: 639, time:
2014-08-13 16:24:07.028327, event: started, request: pg_info(1 pgs e194449:24.206) v4 -9799>
2014-08-13 16:24:07.028361 7fd93dff0700 5 -- op tracker -- , seq: 639, time:
2014-08-13 16:24:07.028361, event: done, request: pg_info(1 pgs e194449:24.206) v4 -9798>
2014-08-13 16:24:07.029239 7fd93dff0700 1 -- 192.168.1.115:6813/25220 <== osd.285 192.168.1.101:6822/26295 12 ==== pg_info(1 pgs e194449:24.1e6) v4 ==== 748+0+0 (2576055129 0 0) 0x7758380 con 0x4fe0840 -9797>
2014-08-13 16:24:07.029282 7fd93dff0700 5 -- op tracker -- , seq: 640, time:
2014-08-13 16:24:07.029090, event: header_read, request: pg_info(1 pgs e194449:24.1e6) v4 -9796>
2014-08-13 16:24:07.029295 7fd93dff0700 5 -- op tracker -- , seq: 640, time:
2014-08-13 16:24:07.029092, event: throttled, request: pg_info(1 pgs e194449:24.1e6) v4 -9795>
2014-08-13 16:24:07.029304 7fd93dff0700 5 -- op tracker -- , seq: 640, time:
2014-08-13 16:24:07.029176, event: all_read, request: pg_info(1 pgs e194449:24.1e6) v4 -9794>
