2014-08-13 16:24:22.692641) v2 ==== 47+0+0 (1396465307 0 0) 0x842ec80 con 0x7cae5c0 -5706>
2014-08-13 16:24:22.692537 7fd93adeb700 1 -- 192.168.1.115:6817/25220 --> 192.168.100.104:0/64303 -- osd_ping(ping_reply e194449 stamp
2014-08-13 16:24:22.692641) v2 -- ?+0 0x9282840 con 0x7cae5c0 -5705>
2014-08-13 16:24:22.692579 7fd93c1ed700 1 -- 192.168.100.115:6806/25220 <== osd.328 192.168.100.104:0/64303 7 ==== osd_ping(ping e194449 stamp
2014-08-13 16:24:22.692641) v2 ==== 47+0+0 (1396465307 0 0) 0x842a300 con 0x7d2a520 -5704>
2014-08-13 16:24:22.692631 7fd93c1ed700 1 -- 192.168.100.115:6806/25220 --> 192.168.100.104:0/64303 -- osd_ping(ping_reply e194449 stamp
2014-08-13 16:24:22.692641) v2 -- ?+0 0x9286040 con 0x7d2a520 -5703>
2014-08-13 16:24:22.700182 7fd93dff0700 1 -- 192.168.1.115:6813/25220 <== osd.9 192.168.1.107:6817/53997 19 ==== osd_sub_op(unknown.0.0:0 22.28f 0//0//-1 [scrub-reserve] v 0'0 snapset=0=[]:[] snapc=0=[]) v10 ==== 1145+0+0 (1085755931 0 0) 0x863e300 con 0x4e498c0 -5702>
2014-08-13 16:24:22.700235 7fd93dff0700 5 -- op tracker -- , seq: 822, time:
2014-08-13 16:24:22.699967, event: header_read, request: osd_sub_op(unknown.0.0:0 22.28f 0//0//-1 [scrub-reserve] v 0'0 snapset=0=[]:[] snapc=0=[]) v10 -5701>
2014-08-13 16:24:22.700252 7fd93dff0700 5 -- op tracker -- , seq: 822, time:
2014-08-13 16:24:22.699970, event: throttled, request: osd_sub_op(unknown.0.0:0 22.28f 0//0//-1 [scrub-reserve] v 0'0 snapset=0=[]:[] snapc=0=[]) v10 -5700>
2014-08-13 16:24:22.700266 7fd93dff0700 5 -- op tracker -- , seq: 822, time:
2014-08-13 16:24:22.700097, event: all_read, request: osd_sub_op(unknown.0.0:0 22.28f 0//0//-1 [scrub-reserve] v 0'0 snapset=0=[]:[] snapc=0=[]) v10 -5699>
2014-08-13 16:24:22.700279 7fd93dff0700 5 -- op tracker -- , seq: 822, time:
2014-08-13 16:24:22.700228, event: dispatched, request: osd_sub_op(unknown.0.0:0 22.28f 0//0//-1 [scrub-reserve] v 0'0 snapset=0=[]:[] snapc=0=[]) v10 -5698>
2014-08-13 16:24:22.700294 7fd93dff0700 5 -- op tracker -- , seq: 822, time:
2014-08-13 16:24:22.700294, event: waiting_for_osdmap, request: osd_sub_op(unknown.0.0:0 22.28f 0//0//-1 [scrub-reserve] v 0'0 snapset=0=[]:[] snapc=0=[]) v10 -5697>
2014-08-13 16:24:22.702147 7fd93dff0700 1 -- 192.168.1.115:6813/25220 <== osd.9 192.168.1.107:6817/53997 20 ==== osd_sub_op(unknown.0.0:0 22.28f 0//0//-1 [scrub-unreserve] v 0'0 snapset=0=[]:[] snapc=0=[]) v10 ==== 1145+0+0 (3521544638 0 0) 0x8638000 con 0x4e498c0 -5696>
2014-08-13 16:24:22.702212 7fd93dff0700 5 -- op tracker -- , seq: 823, time:
2014-08-13 16:24:22.701978, event: header_read, request: osd_sub_op(unknown.0.0:0 22.28f 0//0//-1 [scrub-unreserve] v 0'0 snapset=0=[]:[] snapc=0=[]) v10 -5695>
2014-08-13 16:24:22.702232 7fd93dff0700 5 -- op tracker -- , seq: 823, time:
2014-08-13 16:24:22.701980, event: throttled, request: osd_sub_op(unknown.0.0:0 22.28f 0//0//-1 [scrub-unreserve] v 0'0 snapset=0=[]:[] snapc=0=[]) v10 -5694>
2014-08-13 16:24:22.702246 7fd93dff0700 5 -- op tracker -- , seq: 823, time:
2014-08-13 16:24:22.702069, event: all_read, request: osd_sub_op(unknown.0.0:0 22.28f 0//0//-1 [scrub-unreserve] v 0'0 snapset=0=[]:[] snapc=0=[]) v10 -5693>
2014-08-13 16:24:22.702259 7fd93dff0700 5 -- op tracker -- , seq: 823, time:
2014-08-13 16:24:22.702206, event: dispatched, request: osd_sub_op(unknown.0.0:0 22.28f 0//0//-1 [scrub-unreserve] v 0'0 snapset=0=[]:[] snapc=0=[]) v10 -5692>
2014-08-13 16:24:22.702274 7fd93dff0700 5 -- op tracker -- , seq: 823, time:
2014-08-13 16:24:22.702274, event: waiting_for_osdmap, request: osd_sub_op(unknown.0.0:0 22.28f 0//0//-1 [scrub-unreserve] v 0'0 snapset=0=[]:[] snapc=0=[]) v10 -5691>
2014-08-13 16:24:22.855462 7fd94ac49700 5 osd.4 194449 tick -5690>
2014-08-13 16:24:22.946884 7fd93dff0700 1 -- 192.168.1.115:6813/25220 <== osd.337 192.168.1.104:6804/62197 23 ==== osd_sub_op(unknown.0.0:0 22.4fe 0//0//-1 [scrub-reserve] v 0'0 snapset=0=[]:[] snapc=0=[]) v10 ==== 1145+0+0 (3786964101 0 0) 0x86dcd00 con 0x508bde0 -5689>
2014-08-13 16:24:22.946941 7fd93dff0700 5 -- op tracker -- , seq: 824, time:
2014-08-13 16:24:22.946684, event: header_read, request: osd_sub_op(unknown.0.0:0 22.4fe 0//0//-1 [scrub-reserve] v 0'0 snapset=0=[]:[] snapc=0=[]) v10 -5688>
2014-08-13 16:24:22.946957 7fd93dff0700 5 -- op tracker -- , seq: 824, time:
2014-08-13 16:24:22.946688, event: throttled, request: osd_sub_op(unknown.0.0:0 22.4fe 0//0//-1 [scrub-reserve] v 0'0 snapset=0=[]:[] snapc=0=[]) v10 -5687>
2014-08-13 16:24:22.946967 7fd93dff0700 5 -- op tracker -- , seq: 824, time:
2014-08-13 16:24:22.946802, event: all_read, request: osd_sub_op(unknown.0.0:0 22.4fe 0//0//-1 [scrub-reserve] v 0'0 snapset=0=[]:[] snapc=0=[]) v10 -5686>
2014-08-13 16:24:22.946976 7fd93dff0700 5 -- op tracker -- , seq: 824, time:
2014-08-13 16:24:22.946933, event: dispatched, request: osd_sub_op(unknown.0.0:0 22.4fe 0//0//-1 [scrub-reserve] v 0'0 snapset=0=[]:[] snapc=0=[]) v10 -5685>
2014-08-13 16:24:22.946996 7fd93dff0700 5 -- op tracker -- , seq: 824, time:
2014-08-13 16:24:22.946995, event: waiting_for_osdmap, request: osd_sub_op(unknown.0.0:0 22.4fe 0//0//-1 [scrub-reserve] v 0'0 snapset=0=[]:[] snapc=0=[]) v10 -5684>
2014-08-13 16:24:23.097537 7fd93c1ed700 1 -- 192.168.100.115:6806/25220 <== osd.330 192.168.1.106:0/4876 7 ==== osd_ping(ping e194449 stamp
2014-08-13 16:24:23.096897) v2 ==== 47+0+0 (492701988 0 0) 0x842bd40 con 0x7ebfe80 -5683>
2014-08-13 16:24:23.097592 7fd93c1ed700 1 -- 192.168.100.115:6806/25220 --> 192.168.1.106:0/4876 -- osd_ping(ping_reply e194449 stamp
2014-08-13 16:24:23.096897) v2 -- ?+0 0x842a300 con 0x7ebfe80 -5682>
2014-08-13 16:24:23.097589 7fd93adeb700 1 -- 192.168.1.115:6817/25220 <== osd.330 192.168.1.106:0/4876 7 ==== osd_ping(ping e194449 stamp
2014-08-13 16:24:23.096897) v2 ==== 47+0+0 (492701988 0 0) 0x8429dc0 con 0x7ebf380 -5681>
2014-08-13 16:24:23.097628 7fd93adeb700 1 -- 192.168.1.115:6817/25220 --> 192.168.1.106:0/4876 -- osd_ping(ping_reply e194449 stamp
2014-08-13 16:24:23.096897) v2 -- ?+0 0x842ec80 con 0x7ebf380 -5680>
2014-08-13 16:24:23.230627 7fd93c1ed700 1 -- 192.168.100.115:6806/25220 <== osd.15 192.168.1.107:0/53408 6 ==== osd_ping(ping e194449 stamp
2014-08-13 16:24:23.230314) v2 ==== 47+0+0 (2186516985 0 0) 0x80dd240 con 0x7ebd3e0 -5679>
2014-08-13 16:24:23.230675 7fd93c1ed700 1 -- 192.168.100.115:6806/25220 --> 192.168.1.107:0/53408 -- osd_ping(ping_reply e194449 stamp
2014-08-13 16:24:23.230314) v2 -- ?+0 0x842bd40 con 0x7ebd3e0 -5678>
2014-08-13 16:24:23.230710 7fd93adeb700 1 -- 192.168.1.115:6817/25220 <== osd.15 192.168.1.107:0/53408 6 ==== osd_ping(ping e194449 stamp
2014-08-13 16:24:23.230314) v2 ==== 47+0+0 (2186516985 0 0) 0x8c8c7c0 con 0x7ebbde0 -5677>
2014-08-13 16:24:23.230752 7fd93adeb700 1 -- 192.168.1.115:6817/25220 --> 192.168.1.107:0/53408 -- osd_ping(ping_reply e194449 stamp
2014-08-13 16:24:23.230314) v2 -- ?+0 0x8429dc0 con 0x7ebbde0 -5676>
2014-08-13 16:24:23.297499 7fd93c1ed700 1 -- 192.168.100.115:6806/25220 <== osd.54 192.168.100.111:0/14923 6 ==== osd_ping(ping e194449 stamp
2014-08-13 16:24:23.296484) v2 ==== 47+0+0 (1394901681 0 0) 0x87e7000 con 0x7edbc80 -5675>
2014-08-13 16:24:23.297549 7fd93c1ed700 1 -- 192.168.100.115:6806/25220 --> 192.168.100.111:0/14923 -- osd_ping(ping_reply e194449 stamp
2014-08-13 16:24:23.296484) v2 -- ?+0 0x80dd240 con 0x7edbc80 -5674>
2014-08-13 16:24:23.297607 7fd93adeb700 1 -- 192.168.1.115:6817/25220 <== osd.54 192.168.100.111:0/14923 6 ==== osd_ping(ping e194449 stamp
2014-08-13 16:24:23.296484) v2 ==== 47+0+0 (1394901681 0 0) 0x87e7380 con 0x7ffe9e0 -5673>
2014-08-13 16:24:23.297649 7fd93adeb700 1 -- 192.168.1.115:6817/25220 --> 192.168.100.111:0/14923 -- osd_ping(ping_reply e194449 stamp
2014-08-13 16:24:23.296484) v2 -- ?+0 0x8c8c7c0 con 0x7ffe9e0 -5672>
2014-08-13 16:24:23.303654 7fd93c1ed700 1 -- 192.168.100.115:6806/25220 <== osd.373 192.168.1.108:0/7435 6 ==== osd_ping(ping e194449 stamp
2014-08-13 16:24:23.303302) v2 ==== 47+0+0 (1280731544 0 0) 0x9286c80 con 0x7eba3c0 -5671>
2014-08-13 16:24:23.303704 7fd93c1ed700 1 -- 192.168.100.115:6806/25220 --> 192.168.1.108:0/7435 -- osd_ping(ping_reply e194449 stamp
2014-08-13 16:24:23.303302) v2 -- ?+0 0x87e7000 con 0x7eba3c0 -5670>
2014-08-13 16:24:23.303689 7fd93adeb700 1 -- 192.168.1.115:6817/25220 <== osd.373 192.168.1.108:0/7435 6 ==== osd_ping(ping e194449 stamp
2014-08-13 16:24:23.303302) v2 ==== 47+0+0 (1280731544 0 0) 0x9285240 con 0x7eb8f20 -5669>
2014-08-13 16:24:23.303851 7fd93adeb700 1 -- 192.168.1.115:6817/25220 --> 192.168.1.108:0/7435 -- osd_ping(ping_reply e194449 stamp
2014-08-13 16:24:23.303302) v2 -- ?+0 0x87e7380 con 0x7eb8f20 -5668>
2014-08-13 16:24:23.448038 7fd93adeb700 1 -- 192.168.1.115:6817/25220 <== osd.345 192.168.1.110:0/46337 6 ==== osd_ping(ping e194449 stamp
2014-08-13 16:24:23.447572) v2 ==== 47+0+0 (2493062996 0 0) 0x8c8af40 con 0x7ebc620 -5667>
2014-08-13 16:24:23.448038 7fd93c1ed700 1 -- 192.168.100.115:6806/25220 <== osd.345 192.168.1.110:0/46337 6 ==== osd_ping(ping e194449 stamp
2014-08-13 16:24:23.447572) v2 ==== 47+0+0 (2493062996 0 0) 0x9285940 con 0x7eb9b80 -5666>
2014-08-13 16:24:23.448096 7fd93adeb700 1 -- 192.168.1.115:6817/25220 --> 192.168.1.110:0/46337 -- osd_ping(ping_reply e194449 stamp
2014-08-13 16:24:23.447572) v2 -- ?+0 0x9285240 con 0x7ebc620 -5665>
2014-08-13 16:24:23.448141 7fd93c1ed700 1 -- 192.168.100.115:6806/25220 --> 192.168.1.110:0/46337 -- osd_ping(ping_reply e194449 stamp
2014-08-13 16:24:23.447572) v2 -- ?+0 0x9286c80 con 0x7eb9b80 -5664>
2014-08-13 16:24:23.480762 7fd93adeb700 1 -- 192.168.1.115:6817/25220 <== osd.289 192.168.100.113:0/15284 6 ==== osd_ping(ping e194449 stamp
2014-08-13 16:24:23.480638) v2 ==== 47+0+0 (2604800559 0 0) 0x87e55c0 con 0x7d289a0 -5663>
2014-08-13 16:24:23.480809 7fd93adeb700 1 -- 192.168.1.115:6817/25220 --> 192.168.100.113:0/15284 -- osd_ping(ping_reply e194449 stamp
2014-08-13 16:24:23.480638) v2 -- ?+0 0x8c8af40 con 0x7d289a0 -5662>
2014-08-13 16:24:23.480822 7fd93c1ed700 1 -- 192.168.100.115:6806/25220 <== osd.289 192.168.100.113:0/15284 6 ==== osd_ping(ping e194449 stamp
2014-08-13 16:24:23.480638) v2 ==== 47+0+0 (2604800559 0 0) 0x9281c00 con 0x7caf380 -5661>
2014-08-13 16:24:23.480911 7fd93c1ed700 1 -- 192.168.100.115:6806/25220 --> 192.168.100.113:0/15284 -- osd_ping(ping_reply e194449 stamp
2014-08-13 16:24:23.480638) v2 -- ?+0 0x9285940 con 0x7caf380 -5660>
2014-08-13 16:24:23.492108 7fd93c1ed700 1 -- 192.168.100.115:6806/25220 <== osd.9 192.168.100.107:0/53997 10 ==== osd_ping(ping e194449 stamp
2014-08-13 16:24:23.491829) v2 ==== 47+0+0 (2513815555 0 0) 0x92847c0 con 0x7d2f0c0 -5659>
2014-08-13 16:24:23.492167 7fd93c1ed700 1 -- 192.168.100.115:6806/25220 --> 192.168.100.107:0/53997 -- osd_ping(ping_reply e194449 stamp
2014-08-13 16:24:23.491829) v2 -- ?+0 0x9281c00 con 0x7d2f0c0 -5658>
2014-08-13 16:24:23.492179 7fd93adeb700 1 -- 192.168.1.115:6817/25220 <== osd.9 192.168.100.107:0/53997 10 ==== osd_ping(ping e194449 stamp
2014-08-13 16:24:23.491829) v2 ==== 47+0+0 (2513815555 0 0) 0x80d9c00 con 0x7d2dc20 -5657>
2014-08-13 16:24:23.492219 7fd93adeb700 1 -- 192.168.1.115:6817/25220 --> 192.168.100.107:0/53997 -- osd_ping(ping_reply e194449 stamp
2014-08-13 16:24:23.491829) v2 -- ?+0 0x87e55c0 con 0x7d2dc20 -5656>
2014-08-13 16:24:23.548644 7fd93c1ed700 1 -- 192.168.100.115:6806/25220 <== osd.371 192.168.100.102:0/16753 8 ==== osd_ping(ping e194449 stamp
2014-08-13 16:24:23.548420) v2 ==== 47+0+0 (1883706205 0 0) 0x9283800 con 0x7ed8dc0 -5655>
2014-08-13 16:24:23.548674 7fd93adeb700 1 -- 192.168.1.115:6817/25220 <== osd.371 192.168.100.102:0/16753 8 ==== osd_ping(ping e194449 stamp
2014-08-13 16:24:23.548420) v2 ==== 47+0+0 (1883706205 0 0) 0x7d06900 con 0x7ebee00 -5654>
2014-08-13 16:24:23.548696 7fd93c1ed700 1 -- 192.168.100.115:6806/25220 --> 192.168.100.102:0/16753 -- osd_ping(ping_reply e194449 stamp
2014-08-13 16:24:23.548420) v2 -- ?+0 0x92847c0 con 0x7ed8dc0 -5653>
2014-08-13 16:24:23.548846 7fd93adeb700 1 -- 192.168.1.115:6817/25220 --> 192.168.100.102:0/16753 -- osd_ping(ping_reply e194449 stamp
2014-08-13 16:24:23.548420) v2 -- ?+0 0x80d9c00 con 0x7ebee00 -5652>
2014-08-13 16:24:23.600013 7fd9367e4700 5 -- op tracker -- , seq: 818, time:
2014-08-13 16:24:23.600012, event: reached_pg, request: osd_sub_op(unknown.0.0:0 22.1b8 0//0//-1 [scrub-map] v 0'0 snapset=0=[]:[] snapc=0=[]) v10 -5651>
2014-08-13 16:24:23.600063 7fd9367e4700 5 -- op tracker -- , seq: 818, time:
2014-08-13 16:24:23.600062, event: started, request: osd_sub_op(unknown.0.0:0 22.1b8 0//0//-1 [scrub-map] v 0'0 snapset=0=[]:[] snapc=0=[]) v10 -5650>
2014-08-13 16:24:23.600209 7fd9367e4700 5 -- op tracker -- , seq: 818, time:
2014-08-13 16:24:23.600209, event: done, request: osd_sub_op(unknown.0.0:0 22.1b8 0//0//-1 [scrub-map] v 0'0 snapset=0=[]:[] snapc=0=[]) v10 -5649>
2014-08-13 16:24:23.600307 7fd9371e5700 5 -- op tracker -- , seq: 819, time:
2014-08-13 16:24:23.600264, event: reached_pg, request: osd_sub_op(unknown.0.0:0 22.1b8 0//0//-1 [scrub-map] v 0'0 snapset=0=[]:[] snapc=0=[]) v10 -5648>
2014-08-13 16:24:23.600368 7fd9371e5700 5 -- op tracker -- , seq: 819, time:
2014-08-13 16:24:23.600368, event: started, request: osd_sub_op(unknown.0.0:0 22.1b8 0//0//-1 [scrub-map] v 0'0 snapset=0=[]:[] snapc=0=[]) v10 -5647>
2014-08-13 16:24:23.600389 7fd9367e4700 5 -- op tracker -- , seq: 820, time:
2014-08-13 16:24:23.600329, event: reached_pg, request: osd_sub_op(unknown.0.0:0 22.3b9 0//0//-1 [scrub-reserve] v 0'0 snapset=0=[]:[] snapc=0=[]) v10 -5646>
2014-08-13 16:24:23.600425 7fd9367e4700 5 -- op tracker -- , seq: 820, time:
2014-08-13 16:24:23.600424, event: started, request: osd_sub_op(unknown.0.0:0 22.3b9 0//0//-1 [scrub-reserve] v 0'0 snapset=0=[]:[] snapc=0=[]) v10 -5645>
2014-08-13 16:24:23.600446 7fd9367e4700 1 -- 192.168.1.115:6813/25220 --> 192.168.1.105:6808/41085 -- osd_sub_op_reply(unknown.0.0:0 22.3b9 0//0//-1 [scrub-reserve] ack, result = 0) v2 -- ?+1 0x8d46e00 con 0x5111fa0 -5644>
2014-08-13 16:24:23.600480 7fd9367e4700 5 -- op tracker -- , seq: 820, time:
2014-08-13 16:24:23.600480, event: done, request: osd_sub_op(unknown.0.0:0 22.3b9 0//0//-1 [scrub-reserve] v 0'0 snapset=0=[]:[] snapc=0=[]) v10 -5643>
2014-08-13 16:24:23.600513 7fd9371e5700 5 -- op tracker -- , seq: 819, time:
2014-08-13 16:24:23.600500, event: done, request: osd_sub_op(unknown.0.0:0 22.1b8 0//0//-1 [scrub-map] v 0'0 snapset=0=[]:[] snapc=0=[]) v10 -5642>
2014-08-13 16:24:23.600571 7fd9371e5700 5 -- op tracker -- , seq: 821, time:
2014-08-13 16:24:23.600570, event: reached_pg, request: osd_sub_op(unknown.0.0:0 22.3ad 0//0//-1 [scrub-reserve] v 0'0 snapset=0=[]:[] snapc=0=[]) v10 -5641>
2014-08-13 16:24:23.600594 7fd9371e5700 5 -- op tracker -- , seq: 821, time:
2014-08-13 16:24:23.600593, event: started, request: osd_sub_op(unknown.0.0:0 22.3ad 0//0//-1 [scrub-reserve] v 0'0 snapset=0=[]:[] snapc=0=[]) v10 -5640>
2014-08-13 16:24:23.600608 7fd9367e4700 5 -- op tracker -- , seq: 822, time:
2014-08-13 16:24:23.600523, event: reached_pg, request: osd_sub_op(unknown.0.0:0 22.28f 0//0//-1 [scrub-reserve] v 0'0 snapset=0=[]:[] snapc=0=[]) v10 -5639>
2014-08-13 16:24:23.600611 7fd9371e5700 1 -- 192.168.1.115:6813/25220 --> 192.168.1.113:6812/16056 -- osd_sub_op_reply(unknown.0.0:0 22.3ad 0//0//-1 [scrub-reserve] ack, result = 0) v2 -- ?+1 0x8003700 con 0x510fd20 -5638>
2014-08-13 16:24:23.600595 7fd9353e2700 2 osd.4 pg_epoch: 194449 pg[22.1b8( v 194215'479 (0'0,194215'479] local-les=194449 n=34 ec=183096 les/c 194449/194449 194447/194448/194448) [4,340,347] r=0 lpr=194448 crt=191648'362 lcod 0'0 mlcod 0'0 active+clean+scrubbing+deep] scrub osd.4 has 25 items -5637>
2014-08-13 16:24:23.600645 7fd9367e4700 5 -- op tracker -- , seq: 822, time:
2014-08-13 16:24:23.600644, event: started, request: osd_sub_op(unknown.0.0:0 22.28f 0//0//-1 [scrub-reserve] v 0'0 snapset=0=[]:[] snapc=0=[]) v10 -5636>
2014-08-13 16:24:23.600653 7fd9353e2700 2 osd.4 pg_epoch: 194449 pg[22.1b8( v 194215'479 (0'0,194215'479] local-les=194449 n=34 ec=183096 les/c 194449/194449 194447/194448/194448) [4,340,347] r=0 lpr=194448 crt=191648'362 lcod 0'0 mlcod 0'0 active+clean+scrubbing+deep] scrub replica 340 has 25 items -5635>
2014-08-13 16:24:23.600671 7fd9367e4700 1 -- 192.168.1.115:6813/25220 --> 192.168.1.107:6817/53997 -- osd_sub_op_reply(unknown.0.0:0 22.28f 0//0//-1 [scrub-reserve] ack, result = 0) v2 -- ?+1 0x8002d00 con 0x4e498c0 -5634>
2014-08-13 16:24:23.600673 7fd9353e2700 2 osd.4 pg_epoch: 194449 pg[22.1b8( v 194215'479 (0'0,194215'479] local-les=194449 n=34 ec=183096 les/c 194449/194449 194447/194448/194448) [4,340,347] r=0 lpr=194448 crt=191648'362 lcod 0'0 mlcod 0'0 active+clean+scrubbing+deep] scrub replica 347 has 25 items -5633>
2014-08-13 16:24:23.600686 7fd9371e5700 5 -- op tracker -- , seq: 821, time:
2014-08-13 16:24:23.600649, event: done, request: osd_sub_op(unknown.0.0:0 22.3ad 0//0//-1 [scrub-reserve] v 0'0 snapset=0=[]:[] snapc=0=[]) v10 -5632>
2014-08-13 16:24:23.600746 7fd9371e5700 5 -- op tracker -- , seq: 824, time:
2014-08-13 16:24:23.600746, event: reached_pg, request: osd_sub_op(unknown.0.0:0 22.4fe 0//0//-1 [scrub-reserve] v 0'0 snapset=0=[]:[] snapc=0=[]) v10 -5631>
2014-08-13 16:24:23.600769 7fd9371e5700 5 -- op tracker -- , seq: 824, time:
2014-08-13 16:24:23.600769, event: started, request: osd_sub_op(unknown.0.0:0 22.4fe 0//0//-1 [scrub-reserve] v 0'0 snapset=0=[]:[] snapc=0=[]) v10 -5630>
2014-08-13 16:24:23.600791 7fd9371e5700 1 -- 192.168.1.115:6813/25220 --> 192.168.1.104:6804/62197 -- osd_sub_op_reply(unknown.0.0:0 22.4fe 0//0//-1 [scrub-reserve] ack, result = 0) v2 -- ?+1 0x8e8d780 con 0x508bde0 -5629>
2014-08-13 16:24:23.600790 7fd9367e4700 5 -- op tracker -- , seq: 822, time:
2014-08-13 16:24:23.600704, event: done, request: osd_sub_op(unknown.0.0:0 22.28f 0//0//-1 [scrub-reserve] v 0'0 snapset=0=[]:[] snapc=0=[]) v10 -5628>
2014-08-13 16:24:23.600827 7fd9371e5700 5 -- op tracker -- , seq: 824, time:
2014-08-13 16:24:23.600821, event: done, request: osd_sub_op(unknown.0.0:0 22.4fe 0//0//-1 [scrub-reserve] v 0'0 snapset=0=[]:[] snapc=0=[]) v10 -5627>
2014-08-13 16:24:23.600887 7fd9371e5700 5 -- op tracker -- , seq: 823, time:
2014-08-13 16:24:23.600869, event: reached_pg, request: osd_sub_op(unknown.0.0:0 22.28f 0//0//-1 [scrub-unreserve] v 0'0 snapset=0=[]:[] snapc=0=[]) v10 -5626>
2014-08-13 16:24:23.600913 7fd9371e5700 5 -- op tracker -- , seq: 823, time:
2014-08-13 16:24:23.600913, event: started, request: osd_sub_op(unknown.0.0:0 22.28f 0//0//-1 [scrub-unreserve] v 0'0 snapset=0=[]:[] snapc=0=[]) v10 -5625>
2014-08-13 16:24:23.600931 7fd9371e5700 5 -- op tracker -- , seq: 823, time:
2014-08-13 16:24:23.600931, event: done, request: osd_sub_op(unknown.0.0:0 22.28f 0//0//-1 [scrub-unreserve] v 0'0 snapset=0=[]:[] snapc=0=[]) v10 -5624>
2014-08-13 16:24:23.601713 7fd9353e2700 2 osd.4 pg_epoch: 194449 pg[22.1b8( v 194215'479 (0'0,194215'479] local-les=194449 n=34 ec=183096 les/c 194449/194449 194447/194448/194448) [4,340,347] r=0 lpr=194448 crt=191648'362 lcod 0'0 mlcod 0'0 active+clean+scrubbing+deep] -5623>
2014-08-13 16:24:23.601891 7fd93dff0700 1 -- 192.168.1.115:6813/25220 <== osd.292 192.168.1.113:6812/16056 26 ==== osd_sub_op(unknown.0.0:0 22.3ad 0//0//-1 [scrub-unreserve] v 0'0 snapset=0=[]:[] snapc=0=[]) v10 ==== 1145+0+0 (986341017 0 0) 0x76f9600 con 0x510fd20 -5622>
2014-08-13 16:24:23.601941 7fd93dff0700 5 -- op tracker -- , seq: 825, time:
2014-08-13 16:24:23.601714, event: header_read, request: osd_sub_op(unknown.0.0:0 22.3ad 0//0//-1 [scrub-unreserve] v 0'0 snapset=0=[]:[] snapc=0=[]) v10 -5621>
2014-08-13 16:24:23.601957 7fd93dff0700 5 -- op tracker -- , seq: 825, time:
2014-08-13 16:24:23.601717, event: throttled, request: osd_sub_op(unknown.0.0:0 22.3ad 0//0//-1 [scrub-unreserve] v 0'0 snapset=0=[]:[] snapc=0=[]) v10 -5620>
2014-08-13 16:24:23.601967 7fd93dff0700 5 -- op tracker -- , seq: 825, time:
2014-08-13 16:24:23.601828, event: all_read, request: osd_sub_op(unknown.0.0:0 22.3ad 0//0//-1 [scrub-unreserve] v 0'0 snapset=0=[]:[] snapc=0=[]) v10 -5619>
2014-08-13 16:24:23.601977 7fd93dff0700 5 -- op tracker -- , seq: 825, time:
2014-08-13 16:24:23.601934, event: dispatched, request: osd_sub_op(unknown.0.0:0 22.3ad 0//0//-1 [scrub-unreserve] v 0'0 snapset=0=[]:[] snapc=0=[]) v10 -5618>
2014-08-13 16:24:23.601992 7fd93dff0700 5 -- op tracker -- , seq: 825, time:
2014-08-13 16:24:23.601992, event: waiting_for_osdmap, request: osd_sub_op(unknown.0.0:0 22.3ad 0//0//-1 [scrub-unreserve] v 0'0 snapset=0=[]:[] snapc=0=[]) v10 -5617>
2014-08-13 16:24:23.602034 7fd93dff0700 1 -- 192.168.1.115:6813/25220 <== osd.397 192.168.1.105:6808/41085 22 ==== osd_sub_op(unknown.0.0:0 22.3b9 0//0//-1 [scrub-unreserve] v 0'0 snapset=0=[]:[] snapc=0=[]) v10 ==== 1145+0+0 (1876037570 0 0) 0x8bc6300 con 0x5111fa0 -5616>
2014-08-13 16:24:23.602047 7fd9367e4700 5 -- op tracker -- , seq: 825, time:
2014-08-13 16:24:23.602046, event: reached_pg, request: osd_sub_op(unknown.0.0:0 22.3ad 0//0//-1 [scrub-unreserve] v 0'0 snapset=0=[]:[] snapc=0=[]) v10 -5615>
2014-08-13 16:24:23.602073 7fd9367e4700 5 -- op tracker -- , seq: 825, time:
2014-08-13 16:24:23.602071, event: started, request: osd_sub_op(unknown.0.0:0 22.3ad 0//0//-1 [scrub-unreserve] v 0'0 snapset=0=[]:[] snapc=0=[]) v10 -5614>
2014-08-13 16:24:23.602089 7fd9367e4700 5 -- op tracker -- , seq: 825, time:
2014-08-13 16:24:23.602089, event: done, request: osd_sub_op(unknown.0.0:0 22.3ad 0//0//-1 [scrub-unreserve] v 0'0 snapset=0=[]:[] snapc=0=[]) v10 -5613>
2014-08-13 16:24:23.602119 7fd93dff0700 5 -- op tracker -- , seq: 826, time:
2014-08-13 16:24:23.601765, event: header_read, request: osd_sub_op(unknown.0.0:0 22.3b9 0//0//-1 [scrub-unreserve] v 0'0 snapset=0=[]:[] snapc=0=[]) v10 -5612>
2014-08-13 16:24:23.602147 7fd93dff0700 5 -- op tracker -- , seq: 826, time:
2014-08-13 16:24:23.601769, event: throttled, request: osd_sub_op(unknown.0.0:0 22.3b9 0//0//-1 [scrub-unreserve] v 0'0 snapset=0=[]:[] snapc=0=[]) v10 -5611>
2014-08-13 16:24:23.602157 7fd93dff0700 5 -- op tracker -- , seq: 826, time:
2014-08-13 16:24:23.601870, event: all_read, request: osd_sub_op(unknown.0.0:0 22.3b9 0//0//-1 [scrub-unreserve] v 0'0 snapset=0=[]:[] snapc=0=[]) v10 -5610>
2014-08-13 16:24:23.602166 7fd93dff0700 5 -- op tracker -- , seq: 826, time:
2014-08-13 16:24:23.602054, event: dispatched, request: osd_sub_op(unknown.0.0:0 22.3b9 0//0//-1 [scrub-unreserve] v 0'0 snapset=0=[]:[] snapc=0=[]) v10 -5609>
2014-08-13 16:24:23.602188 7fd93dff0700 5 -- op tracker -- , seq: 826, time:
2014-08-13 16:24:23.602187, event: waiting_for_osdmap, request: osd_sub_op(unknown.0.0:0 22.3b9 0//0//-1 [scrub-unreserve] v 0'0 snapset=0=[]:[] snapc=0=[]) v10 -5608>
2014-08-13 16:24:23.602220 7fd93dff0700 1 -- 192.168.1.115:6813/25220 <== osd.337 192.168.1.104:6804/62197 24 ==== osd_sub_op(unknown.0.0:0 22.4fe 0//0//-1 [scrub-unreserve] v 0'0 snapset=0=[]:[] snapc=0=[]) v10 ==== 1145+0+0 (1894362912 0 0) 0x76fd800 con 0x508bde0 -5607>
2014-08-13 16:24:23.602245 7fd93dff0700 5 -- op tracker -- , seq: 827, time:
2014-08-13 16:24:23.601866, event: header_read, request: osd_sub_op(unknown.0.0:0 22.4fe 0//0//-1 [scrub-unreserve] v 0'0 snapset=0=[]:[] snapc=0=[]) v10 -5606>
2014-08-13 16:24:23.602259 7fd93dff0700 5 -- op tracker -- , seq: 827, time:
2014-08-13 16:24:23.601868, event: throttled, request: osd_sub_op(unknown.0.0:0 22.4fe 0//0//-1 [scrub-unreserve] v 0'0 snapset=0=[]:[] snapc=0=[]) v10 -5605>
2014-08-13 16:24:23.602272 7fd93dff0700 5 -- op tracker -- , seq: 827, time:
2014-08-13 16:24:23.601952, event: all_read, request: osd_sub_op(unknown.0.0:0 22.4fe 0//0//-1 [scrub-unreserve] v 0'0 snapset=0=[]:[] snapc=0=[]) v10 -5604>
2014-08-13 16:24:23.602291 7fd93dff0700 5 -- op tracker -- , seq: 827, time:
2014-08-13 16:24:23.602242, event: dispatched, request: osd_sub_op(unknown.0.0:0 22.4fe 0//0//-1 [scrub-unreserve] v 0'0 snapset=0=[]:[] snapc=0=[]) v10 -5603>
2014-08-13 16:24:23.602308 7fd93dff0700 5 -- op tracker -- , seq: 827, time:
2014-08-13 16:24:23.602308, event: waiting_for_osdmap, request: osd_sub_op(unknown.0.0:0 22.4fe 0//0//-1 [scrub-unreserve] v 0'0 snapset=0=[]:[] snapc=0=[]) v10 -5602>
2014-08-13 16:24:23.602326 7fd9371e5700 5 -- op tracker -- , seq: 826, time:
2014-08-13 16:24:23.602283, event: reached_pg, request: osd_sub_op(unknown.0.0:0 22.3b9 0//0//-1 [scrub-unreserve] v 0'0 snapset=0=[]:[] snapc=0=[]) v10 -5601>
2014-08-13 16:24:23.602374 7fd9371e5700 5 -- op tracker -- , seq: 826, time:
2014-08-13 16:24:23.602373, event: started, request: osd_sub_op(unknown.0.0:0 22.3b9 0//0//-1 [scrub-unreserve] v 0'0 snapset=0=[]:[] snapc=0=[]) v10 -5600>
2014-08-13 16:24:23.602393 7fd9371e5700 5 -- op tracker -- , seq: 826, time:
2014-08-13 16:24:23.602392, event: done, request: osd_sub_op(unknown.0.0:0 22.3b9 0//0//-1 [scrub-unreserve] v 0'0 snapset=0=[]:[] snapc=0=[]) v10 -5599>
2014-08-13 16:24:23.602425 7fd9367e4700 5 -- op tracker -- , seq: 827, time:
2014-08-13 16:24:23.602425, event: reached_pg, request: osd_sub_op(unknown.0.0:0 22.4fe 0//0//-1 [scrub-unreserve] v 0'0 snapset=0=[]:[] snapc=0=[]) v10 -5598>
2014-08-13 16:24:23.602467 7fd9367e4700 5 -- op tracker -- , seq: 827, time:
2014-08-13 16:24:23.602466, event: started, request: osd_sub_op(unknown.0.0:0 22.4fe 0//0//-1 [scrub-unreserve] v 0'0 snapset=0=[]:[] snapc=0=[]) v10 -5597>
2014-08-13 16:24:23.602486 7fd9367e4700 5 -- op tracker -- , seq: 827, time:
2014-08-13 16:24:23.602485, event: done, request: osd_sub_op(unknown.0.0:0 22.4fe 0//0//-1 [scrub-unreserve] v 0'0 snapset=0=[]:[] snapc=0=[]) v10 -5596>
2014-08-13 16:24:23.602754 7fd9353e2700 1 -- 192.168.1.115:6813/25220 --> osd.340 192.168.1.104:6806/62463 -- replica scrub(pg: 22.1b8,from:0'0,to:194215'479,epoch:194449,start:2b4699b8//0//-1,end:MAX,chunky:1,deep:1,version:5) v5 -- ?+0 0x7cf0fc0 -5595>
2014-08-13 16:24:23.602804 7fd9353e2700 1 -- 192.168.1.115:6813/25220 --> osd.347 192.168.1.106:6800/4640 -- replica scrub(pg: 22.1b8,from:0'0,to:194215'479,epoch:194449,start:2b4699b8//0//-1,end:MAX,chunky:1,deep:1,version:5) v5 -- ?+0 0x7cf2400 -5594>
2014-08-13 16:24:23.851758 7fd93adeb700 1 -- 192.168.1.115:6817/25220 <== osd.292 192.168.1.113:0/16056 7 ==== osd_ping(ping e194449 stamp
2014-08-13 16:24:23.851840) v2 ==== 47+0+0 (2018004030 0 0) 0x842dcc0 con 0x7ebbb20 -5593>
2014-08-13 16:24:23.851818 7fd93adeb700 1 -- 192.168.1.115:6817/25220 --> 192.168.1.113:0/16056 -- osd_ping(ping_reply e194449 stamp
2014-08-13 16:24:23.851840) v2 -- ?+0 0x7d06900 con 0x7ebbb20 -5592>
2014-08-13 16:24:23.851836 7fd93c1ed700 1 -- 192.168.100.115:6806/25220 <== osd.292 192.168.1.113:0/16056 7 ==== osd_ping(ping e194449 stamp
2014-08-13 16:24:23.851840) v2 ==== 47+0+0 (2018004030 0 0) 0x84288c0 con 0x7ebd120 -5591>
2014-08-13 16:24:23.851903 7fd93c1ed700 1 -- 192.168.100.115:6806/25220 --> 192.168.1.113:0/16056 -- osd_ping(ping_reply e194449 stamp
2014-08-13 16:24:23.851840) v2 -- ?+0 0x9283800 con 0x7ebd120 -5590>
2014-08-13 16:24:23.855594 7fd94ac49700 5 osd.4 194449 tick -5589>
2014-08-13 16:24:23.855645 7fd94ac49700 10 monclient: _send_mon_message to mon.storage0113-ib at 192.168.100.113:6789/0 -5588>
2014-08-13 16:24:23.855658 7fd94ac49700 1 -- 192.168.100.115:6805/25220 --> 192.168.100.113:6789/0 -- pg_stats(1 pgs tid 2 v 0) v1 -- ?+0 0x8003e80 con 0x4e3dd80 -5587>
2014-08-13 16:24:23.915449 7fd93c1ed700 1 -- 192.168.100.115:6806/25220 <== osd.346 192.168.100.104:0/2308 8 ==== osd_ping(ping e194449 stamp
2014-08-13 16:24:23.915342) v2 ==== 47+0+0 (1265820337 0 0) 0x8409340 con 0x7d2a260 -5586>
2014-08-13 16:24:23.915502 7fd93c1ed700 1 -- 192.168.100.115:6806/25220 --> 192.168.100.104:0/2308 -- osd_ping(ping_reply e194449 stamp
2014-08-13 16:24:23.915342) v2 -- ?+0 0x84288c0 con 0x7d2a260 -5585>
2014-08-13 16:24:23.915523 7fd93adeb700 1 -- 192.168.1.115:6817/25220 <== osd.346 192.168.100.104:0/2308 8 ==== osd_ping(ping e194449 stamp
2014-08-13 16:24:23.915342) v2 ==== 47+0+0 (1265820337 0 0) 0x842f700 con 0x7d28160 -5584>
2014-08-13 16:24:23.915576 7fd93adeb700 1 -- 192.168.1.115:6817/25220 --> 192.168.100.104:0/2308 -- osd_ping(ping_reply e194449 stamp
2014-08-13 16:24:23.915342) v2 -- ?+0 0x842dcc0 con 0x7d28160 -5583>
2014-08-13 16:24:23.927806 7fd93c1ed700 1 -- 192.168.100.115:6806/25220 <== osd.304 192.168.100.101:0/22782 8 ==== osd_ping(ping e194449 stamp
2014-08-13 16:24:23.927616) v2 ==== 47+0+0 (2726396006 0 0) 0x87e6580 con 0x7ed82c0 -5582>
2014-08-13 16:24:23.927823 7fd93adeb700 1 -- 192.168.1.115:6817/25220 <== osd.304 192.168.100.101:0/22782 8 ==== osd_ping(ping e194449 stamp
2014-08-13 16:24:23.927616) v2 ==== 47+0+0 (2726396006 0 0) 0x87e5400 con 0x7edb180 -5581>
2014-08-13 16:24:23.927851 7fd93c1ed700 1 -- 192.168.100.115:6806/25220 --> 192.168.100.101:0/22782 -- osd_ping(ping_reply e194449 stamp
2014-08-13 16:24:23.927616) v2 -- ?+0 0x8409340 con 0x7ed82c0 -5580>
2014-08-13 16:24:23.928070 7fd93adeb700 1 -- 192.168.1.115:6817/25220 --> 192.168.100.101:0/22782 -- osd_ping(ping_reply e194449 stamp
2014-08-13 16:24:23.927616) v2 -- ?+0 0x842f700 con 0x7edb180 -5579>
2014-08-13 16:24:23.947326 7fd93dff0700 1 -- 192.168.1.115:6813/25220 <== osd.337 192.168.1.104:6804/62197 25 ==== osd_sub_op(unknown.0.0:0 22.4fe 0//0//-1 [scrub-reserve] v 0'0 snapset=0=[]:[] snapc=0=[]) v10 ==== 1145+0+0 (3786964101 0 0) 0x76fcd00 con 0x508bde0 -5578>
2014-08-13 16:24:23.947382 7fd93dff0700 5 -- op tracker -- , seq: 828, time:
2014-08-13 16:24:23.947111, event: header_read, request: osd_sub_op(unknown.0.0:0 22.4fe 0//0//-1 [scrub-reserve] v 0'0 snapset=0=[]:[] snapc=0=[]) v10 -5577>
2014-08-13 16:24:23.947399 7fd93dff0700 5 -- op tracker -- , seq: 828, time:
2014-08-13 16:24:23.947115, event: throttled, request: osd_sub_op(unknown.0.0:0 22.4fe 0//0//-1 [scrub-reserve] v 0'0 snapset=0=[]:[] snapc=0=[]) v10 -5576>
2014-08-13 16:24:23.947409 7fd93dff0700 5 -- op tracker -- , seq: 828, time:
2014-08-13 16:24:23.947243, event: all_read, request: osd_sub_op(unknown.0.0:0 22.4fe 0//0//-1 [scrub-reserve] v 0'0 snapset=0=[]:[] snapc=0=[]) v10 -5575>
2014-08-13 16:24:23.947419 7fd93dff0700 5 -- op tracker -- , seq: 828, time:
2014-08-13 16:24:23.947375, event: dispatched, request: osd_sub_op(unknown.0.0:0 22.4fe 0//0//-1 [scrub-reserve] v 0'0 snapset=0=[]:[] snapc=0=[]) v10 -5574>
2014-08-13 16:24:23.947434 7fd93dff0700 5 -- op tracker -- , seq: 828, time:
2014-08-13 16:24:23.947434, event: waiting_for_osdmap, request: osd_sub_op(unknown.0.0:0 22.4fe 0//0//-1 [scrub-reserve] v 0'0 snapset=0=[]:[] snapc=0=[]) v10 -5573>
2014-08-13 16:24:23.947546 7fd9371e5700 5 -- op tracker -- , seq: 828, time:
2014-08-13 16:24:23.947545, event: reached_pg, request: osd_sub_op(unknown.0.0:0 22.4fe 0//0//-1 [scrub-reserve] v 0'0 snapset=0=[]:[] snapc=0=[]) v10 -5572>
2014-08-13 16:24:23.947592 7fd9371e5700 5 -- op tracker -- , seq: 828, time:
2014-08-13 16:24:23.947592, event: started, request: osd_sub_op(unknown.0.0:0 22.4fe 0//0//-1 [scrub-reserve] v 0'0 snapset=0=[]:[] snapc=0=[]) v10 -5571>
2014-08-13 16:24:23.947612 7fd9371e5700 1 -- 192.168.1.115:6813/25220 --> 192.168.1.104:6804/62197 -- osd_sub_op_reply(unknown.0.0:0 22.4fe 0//0//-1 [scrub-reserve] ack, result = 0) v2 -- ?+1 0x8e8e400 con 0x508bde0 -5570>
2014-08-13 16:24:23.947645 7fd9371e5700 5 -- op tracker -- , seq: 828, time:
2014-08-13 16:24:23.947645, event: done, request: osd_sub_op(unknown.0.0:0 22.4fe 0//0//-1 [scrub-reserve] v 0'0 snapset=0=[]:[] snapc=0=[]) v10 -5569>
2014-08-13 16:24:23.948704 7fd93dff0700 1 -- 192.168.1.115:6813/25220 <== osd.337 192.168.1.104:6804/62197 26 ==== osd_sub_op(unknown.0.0:0 22.4fe 0//0//-1 [scrub-unreserve] v 0'0 snapset=0=[]:[] snapc=0=[]) v10 ==== 1145+0+0 (1894362912 0 0) 0x76fc200 con 0x508bde0 -5568>
2014-08-13 16:24:23.948756 7fd93dff0700 5 -- op tracker -- , seq: 829, time:
2014-08-13 16:24:23.948520, event: header_read, request: osd_sub_op(unknown.0.0:0 22.4fe 0//0//-1 [scrub-unreserve] v 0'0 snapset=0=[]:[] snapc=0=[]) v10 -5567>
2014-08-13 16:24:23.948773 7fd93dff0700 5 -- op tracker -- , seq: 829, time:
2014-08-13 16:24:23.948523, event: throttled, request: osd_sub_op(unknown.0.0:0 22.4fe 0//0//-1 [scrub-unreserve] v 0'0 snapset=0=[]:[] snapc=0=[]) v10 -5566>
2014-08-13 16:24:23.948789 7fd93dff0700 5 -- op tracker -- , seq: 829, time:
2014-08-13 16:24:23.948623, event: all_read, request: osd_sub_op(unknown.0.0:0 22.4fe 0//0//-1 [scrub-unreserve] v 0'0 snapset=0=[]:[] snapc=0=[]) v10 -5565>
2014-08-13 16:24:23.948798 7fd93dff0700 5 -- op tracker -- , seq: 829, time:
2014-08-13 16:24:23.948750, event: dispatched, request: osd_sub_op(unknown.0.0:0 22.4fe 0//0//-1 [scrub-unreserve] v 0'0 snapset=0=[]:[] snapc=0=[]) v10 -5564>
2014-08-13 16:24:23.948814 7fd93dff0700 5 -- op tracker -- , seq: 829, time:
2014-08-13 16:24:23.948813, event: waiting_for_osdmap, request: osd_sub_op(unknown.0.0:0 22.4fe 0//0//-1 [scrub-unreserve] v 0'0 snapset=0=[]:[] snapc=0=[]) v10 -5563>
2014-08-13 16:24:23.948939 7fd9367e4700 5 -- op tracker -- , seq: 829, time:
2014-08-13 16:24:23.948939, event: reached_pg, request: osd_sub_op(unknown.0.0:0 22.4fe 0//0//-1 [scrub-unreserve] v 0'0 snapset=0=[]:[] snapc=0=[]) v10 -5562>
2014-08-13 16:24:23.948980 7fd9367e4700 5 -- op tracker -- , seq: 829, time:
2014-08-13 16:24:23.948980, event: started, request: osd_sub_op(unknown.0.0:0 22.4fe 0//0//-1 [scrub-unreserve] v 0'0 snapset=0=[]:[] snapc=0=[]) v10 -5561>
2014-08-13 16:24:23.948995 7fd9367e4700 5 -- op tracker -- , seq: 829, time:
2014-08-13 16:24:23.948995, event: done, request: osd_sub_op(unknown.0.0:0 22.4fe 0//0//-1 [scrub-unreserve] v 0'0 snapset=0=[]:[] snapc=0=[]) v10 -5560>
2014-08-13 16:24:23.949916 7fd93c1ed700 1 -- 192.168.100.115:6806/25220 <== osd.321 192.168.1.110:0/43236 9 ==== osd_ping(ping e194449 stamp
2014-08-13 16:24:23.949449) v2 ==== 47+0+0 (3036066431 0 0) 0x8c8f000 con 0x7eba100 -5559>
2014-08-13 16:24:23.949937 7fd93adeb700 1 -- 192.168.1.115:6817/25220 <== osd.321 192.168.1.110:0/43236 9 ==== osd_ping(ping e194449 stamp
2014-08-13 16:24:23.949449) v2 ==== 47+0+0 (3036066431 0 0) 0x9283480 con 0x7eb8c60 -5558>
2014-08-13 16:24:23.949970 7fd93c1ed700 1 -- 192.168.100.115:6806/25220 --> 192.168.1.110:0/43236 -- osd_ping(ping_reply e194449 stamp
2014-08-13 16:24:23.949449) v2 -- ?+0 0x87e6580 con 0x7eba100 -5557>
2014-08-13 16:24:23.950043 7fd93adeb700 1 -- 192.168.1.115:6817/25220 --> 192.168.1.110:0/43236 -- osd_ping(ping_reply e194449 stamp
2014-08-13 16:24:23.949449) v2 -- ?+0 0x87e5400 con 0x7eb8c60 -5556>
2014-08-13 16:24:23.993819 7fd93c1ed700 1 -- 192.168.100.115:6806/25220 <== osd.374 192.168.100.102:0/16129 6 ==== osd_ping(ping e194449 stamp
2014-08-13 16:24:23.993646) v2 ==== 47+0+0 (1846081875 0 0) 0x7d06e40 con 0x7d2cba0 -5555>
2014-08-13 16:24:23.993867 7fd93c1ed700 1 -- 192.168.100.115:6806/25220 --> 192.168.100.102:0/16129 -- osd_ping(ping_reply e194449 stamp
2014-08-13 16:24:23.993646) v2 -- ?+0 0x8c8f000 con 0x7d2cba0 -5554>
2014-08-13 16:24:23.993868 7fd93adeb700 1 -- 192.168.1.115:6817/25220 <== osd.374 192.168.100.102:0/16129 6 ==== osd_ping(ping e194449 stamp
2014-08-13 16:24:23.993646) v2 ==== 47+0+0 (1846081875 0 0) 0x8c881c0 con 0x7d28420 -5553>
2014-08-13 16:24:23.993915 7fd93adeb700 1 -- 192.168.1.115:6817/25220 --> 192.168.100.102:0/16129 -- osd_ping(ping_reply e194449 stamp
2014-08-13 16:24:23.993646) v2 -- ?+0 0x9283480 con 0x7d28420 -5552>
2014-08-13 16:24:24.331758 7fd93c1ed700 1 -- 192.168.100.115:6806/25220 <== osd.15 192.168.1.107:0/53408 7 ==== osd_ping(ping e194449 stamp
2014-08-13 16:24:24.331575) v2 ==== 47+0+0 (3233600597 0 0) 0x9283b80 con 0x7ebd3e0 -5551>
2014-08-13 16:24:24.331808 7fd93c1ed700 1 -- 192.168.100.115:6806/25220 --> 192.168.1.107:0/53408 -- osd_ping(ping_reply e194449 stamp
2014-08-13 16:24:24.331575) v2 -- ?+0 0x7d06e40 con 0x7ebd3e0 -5550>
2014-08-13 16:24:24.331903 7fd93adeb700 1 -- 192.168.1.115:6817/25220 <== osd.15 192.168.1.107:0/53408 7 ==== osd_ping(ping e194449 stamp
2014-08-13 16:24:24.331575) v2 ==== 47+0+0 (3233600597 0 0) 0x8577380 con 0x7ebbde0 -5549>
2014-08-13 16:24:24.331951 7fd93adeb700 1 -- 192.168.1.115:6817/25220 --> 192.168.1.107:0/53408 -- osd_ping(ping_reply e194449 stamp
2014-08-13 16:24:24.331575) v2 -- ?+0 0x8c881c0 con 0x7ebbde0 -5548>
2014-08-13 16:24:24.370015 7fd93dff0700 1 -- 192.168.1.115:6813/25220 <== osd.340 192.168.1.104:6806/62463 17 ==== osd_sub_op(unknown.0.0:0 22.1b8 0//0//-1 [scrub-map] v 0'0 snapset=0=[]:[] snapc=0=[]) v10 ==== 1145+0+4179 (916975984 0 3025586153) 0x86d8b00 con 0x4fe69e0 -5547>
2014-08-13 16:24:24.370067 7fd93dff0700 5 -- op tracker -- , seq: 830, time:
2014-08-13 16:24:24.369794, event: header_read, request: osd_sub_op(unknown.0.0:0 22.1b8 0//0//-1 [scrub-map] v 0'0 snapset=0=[]:[] snapc=0=[]) v10 -5546>
2014-08-13 16:24:24.370083 7fd93dff0700 5 -- op tracker -- , seq: 830, time:
2014-08-13 16:24:24.369799, event: throttled, request: osd_sub_op(unknown.0.0:0 22.1b8 0//0//-1 [scrub-map] v 0'0 snapset=0=[]:[] snapc=0=[]) v10 -5545>
2014-08-13 16:24:24.370093 7fd93dff0700 5 -- op tracker -- , seq: 830, time:
2014-08-13 16:24:24.369933, event: all_read, request: osd_sub_op(unknown.0.0:0 22.1b8 0//0//-1 [scrub-map] v 0'0 snapset=0=[]:[] snapc=0=[]) v10 -5544>
2014-08-13 16:24:24.370113 7fd93dff0700 5 -- op tracker -- , seq: 830, time:
2014-08-13 16:24:24.370060, event: dispatched, request: osd_sub_op(unknown.0.0:0 22.1b8 0//0//-1 [scrub-map] v 0'0 snapset=0=[]:[] snapc=0=[]) v10 -5543>
2014-08-13 16:24:24.370139 7fd93dff0700 5 -- op tracker -- , seq: 830, time:
2014-08-13 16:24:24.370139, event: waiting_for_osdmap, request: osd_sub_op(unknown.0.0:0 22.1b8 0//0//-1 [scrub-map] v 0'0 snapset=0=[]:[] snapc=0=[]) v10 -5542>
2014-08-13 16:24:24.378902 7fd93dff0700 1 -- 192.168.1.115:6813/25220 <== osd.347 192.168.1.106:6800/4640 9 ==== osd_sub_op(unknown.0.0:0 22.1b8 0//0//-1 [scrub-map] v 0'0 snapset=0=[]:[] snapc=0=[]) v10 ==== 1145+0+4179 (1701821610 0 3025586153) 0x7ec8b00 con 0x50bbf40 -5541>
2014-08-13 16:24:24.378954 7fd93dff0700 5 -- op tracker -- , seq: 831, time:
2014-08-13 16:24:24.378692, event: header_read, request: osd_sub_op(unknown.0.0:0 22.1b8 0//0//-1 [scrub-map] v 0'0 snapset=0=[]:[] snapc=0=[]) v10 -5540>
2014-08-13 16:24:24.378970 7fd93dff0700 5 -- op tracker -- , seq: 831, time:
2014-08-13 16:24:24.378696, event: throttled, request: osd_sub_op(unknown.0.0:0 22.1b8 0//0//-1 [scrub-map] v 0'0 snapset=0=[]:[] snapc=0=[]) v10 -5539>
2014-08-13 16:24:24.378980 7fd93dff0700 5 -- op tracker -- , seq: 831, time:
2014-08-13 16:24:24.378819, event: all_read, request: osd_sub_op(unknown.0.0:0 22.1b8 0//0//-1 [scrub-map] v 0'0 snapset=0=[]:[] snapc=0=[]) v10 -5538>
2014-08-13 16:24:24.378989 7fd93dff0700 5 -- op tracker -- , seq: 831, time:
2014-08-13 16:24:24.378948, event: dispatched, request: osd_sub_op(unknown.0.0:0 22.1b8 0//0//-1 [scrub-map] v 0'0 snapset=0=[]:[] snapc=0=[]) v10 -5537>
2014-08-13 16:24:24.379005 7fd93dff0700 5 -- op tracker -- , seq: 831, time:
2014-08-13 16:24:24.379005, event: waiting_for_osdmap, request: osd_sub_op(unknown.0.0:0 22.1b8 0//0//-1 [scrub-map] v 0'0 snapset=0=[]:[] snapc=0=[]) v10 -5536>
2014-08-13 16:24:24.463394 7fd93adeb700 1 -- 192.168.1.115:6817/25220 <== osd.6 192.168.1.107:0/53141 7 ==== osd_ping(ping e194449 stamp
2014-08-13 16:24:24.463253) v2 ==== 47+0+0 (837706141 0 0) 0x8577e00 con 0x7cae880 -5535>
2014-08-13 16:24:24.463449 7fd93adeb700 1 -- 192.168.1.115:6817/25220 --> 192.168.1.107:0/53141 -- osd_ping(ping_reply e194449 stamp
2014-08-13 16:24:24.463253) v2 -- ?+0 0x8577380 con 0x7cae880 -5534>
2014-08-13 16:24:24.463439 7fd93c1ed700 1 -- 192.168.100.115:6806/25220 <== osd.6 192.168.1.107:0/53141 7 ==== osd_ping(ping e194449 stamp
2014-08-13 16:24:24.463253) v2 ==== 47+0+0 (837706141 0 0) 0x775c440 con 0x7cae040 -5533>
2014-08-13 16:24:24.463562 7fd93c1ed700 1 -- 192.168.100.115:6806/25220 --> 192.168.1.107:0/53141 -- osd_ping(ping_reply e194449 stamp
2014-08-13 16:24:24.463253) v2 -- ?+0 0x9283b80 con 0x7cae040 -5532>
2014-08-13 16:24:24.521580 7fd93c1ed700 1 -- 192.168.100.115:6806/25220 <== osd.20 192.168.1.103:0/38269 6 ==== osd_ping(ping e194449 stamp
2014-08-13 16:24:24.521343) v2 ==== 47+0+0 (4035677876 0 0) 0x92840c0 con 0x7ed8580 -5531>
2014-08-13 16:24:24.521633 7fd93c1ed700 1 -- 192.168.100.115:6806/25220 --> 192.168.1.103:0/38269 -- osd_ping(ping_reply e194449 stamp
2014-08-13 16:24:24.521343) v2 -- ?+0 0x775c440 con 0x7ed8580 -5530>
2014-08-13 16:24:24.521636 7fd93adeb700 1 -- 192.168.1.115:6817/25220 <== osd.20 192.168.1.103:0/38269 6 ==== osd_ping(ping e194449 stamp
2014-08-13 16:24:24.521343) v2 ==== 47+0+0 (4035677876 0 0) 0x775abc0 con 0x7ebe5c0 -5529>
2014-08-13 16:24:24.521690 7fd93adeb700 1 -- 192.168.1.115:6817/25220 --> 192.168.1.103:0/38269 -- osd_ping(ping_reply e194449 stamp
2014-08-13 16:24:24.521343) v2 -- ?+0 0x8577e00 con 0x7ebe5c0 -5528>
2014-08-13 16:24:24.546299 7fd93dff0700 1 -- 192.168.1.115:6813/25220 <== osd.367 192.168.1.114:6840/55513 27 ==== osd_sub_op(unknown.0.0:0 22.639 0//0//-1 [scrub-reserve] v 0'0 snapset=0=[]:[] snapc=0=[]) v10 ==== 1145+0+0 (3645524929 0 0) 0x86dee00 con 0x5112520 -5527>
2014-08-13 16:24:24.546354 7fd93dff0700 5 -- op tracker -- , seq: 832, time:
2014-08-13 16:24:24.546091, event: header_read, request: osd_sub_op(unknown.0.0:0 22.639 0//0//-1 [scrub-reserve] v 0'0 snapset=0=[]:[] snapc=0=[]) v10 -5526>
2014-08-13 16:24:24.546370 7fd93dff0700 5 -- op tracker -- , seq: 832, time:
2014-08-13 16:24:24.546095, event: throttled, request: osd_sub_op(unknown.0.0:0 22.639 0//0//-1 [scrub-reserve] v 0'0 snapset=0=[]:[] snapc=0=[]) v10 -5525>
2014-08-13 16:24:24.546380 7fd93dff0700 5 -- op tracker -- , seq: 832, time:
2014-08-13 16:24:24.546218, event: all_read, request: osd_sub_op(unknown.0.0:0 22.639 0//0//-1 [scrub-reserve] v 0'0 snapset=0=[]:[] snapc=0=[]) v10 -5524>
2014-08-13 16:24:24.546395 7fd93dff0700 5 -- op tracker -- , seq: 832, time:
2014-08-13 16:24:24.546347, event: dispatched, request: osd_sub_op(unknown.0.0:0 22.639 0//0//-1 [scrub-reserve] v 0'0 snapset=0=[]:[] snapc=0=[]) v10 -5523>
2014-08-13 16:24:24.546411 7fd93dff0700 5 -- op tracker -- , seq: 832, time:
2014-08-13 16:24:24.546411, event: waiting_for_osdmap, request: osd_sub_op(unknown.0.0:0 22.639 0//0//-1 [scrub-reserve] v 0'0 snapset=0=[]:[] snapc=0=[]) v10 -5522>
2014-08-13 16:24:24.549433 7fd93c1ed700 1 -- 192.168.100.115:6806/25220 <== osd.345 192.168.1.110:0/46337 7 ==== osd_ping(ping e194449 stamp
2014-08-13 16:24:24.549050) v2 ==== 47+0+0 (2574629592 0 0) 0x775d940 con 0x7eb9b80 -5521>
2014-08-13 16:24:24.549485 7fd93c1ed700 1 -- 192.168.100.115:6806/25220 --> 192.168.1.110:0/46337 -- osd_ping(ping_reply e194449 stamp
2014-08-13 16:24:24.549050) v2 -- ?+0 0x92840c0 con 0x7eb9b80 -5520>
2014-08-13 16:24:24.549478 7fd93adeb700 1 -- 192.168.1.115:6817/25220 <== osd.345 192.168.1.110:0/46337 7 ==== osd_ping(ping e194449 stamp
2014-08-13 16:24:24.549050) v2 ==== 47+0+0 (2574629592 0 0) 0x775b100 con 0x7ebc620 -5519>
2014-08-13 16:24:24.549524 7fd93adeb700 1 -- 192.168.1.115:6817/25220 --> 192.168.1.110:0/46337 -- osd_ping(ping_reply e194449 stamp
2014-08-13 16:24:24.549050) v2 -- ?+0 0x775abc0 con 0x7ebc620 -5518>
2014-08-13 16:24:24.608601 7fd93c1ed700 1 -- 192.168.100.115:6806/25220 <== osd.17 192.168.100.103:0/37658 6 ==== osd_ping(ping e194449 stamp
2014-08-13 16:24:24.608413) v2 ==== 47+0+0 (4205802200 0 0) 0x9285780 con 0x7edc360 -5517>
2014-08-13 16:24:24.608617 7fd93adeb700 1 -- 192.168.1.115:6817/25220 <== osd.17 192.168.100.103:0/37658 6 ==== osd_ping(ping e194449 stamp
2014-08-13 16:24:24.608413) v2 ==== 47+0+0 (4205802200 0 0) 0x92832c0 con 0x7eda3c0 -5516>
2014-08-13 16:24:24.608654 7fd93c1ed700 1 -- 192.168.100.115:6806/25220 --> 192.168.100.103:0/37658 -- osd_ping(ping_reply e194449 stamp
2014-08-13 16:24:24.608413) v2 -- ?+0 0x775d940 con 0x7edc360 -5515>
2014-08-13 16:24:24.608755 7fd93adeb700 1 -- 192.168.1.115:6817/25220 --> 192.168.100.103:0/37658 -- osd_ping(ping_reply e194449 stamp
2014-08-13 16:24:24.608413) v2 -- ?+0 0x775b100 con 0x7eda3c0 -5514>
2014-08-13 16:24:24.635265 7fd93dff0700 1 -- 192.168.1.115:6813/25220 <== osd.30 192.168.1.107:6823/55491 17 ==== osd_sub_op(unknown.0.0:0 22.791 0//0//-1 [scrub-reserve] v 0'0 snapset=0=[]:[] snapc=0=[]) v10 ==== 1145+0+0 (3946485199 0 0) 0x8bc6e00 con 0x4e4f900 -5513>
2014-08-13 16:24:24.635317 7fd93dff0700 5 -- op tracker -- , seq: 833, time:
2014-08-13 16:24:24.635060, event: header_read, request: osd_sub_op(unknown.0.0:0 22.791 0//0//-1 [scrub-reserve] v 0'0 snapset=0=[]:[] snapc=0=[]) v10 -5512>
2014-08-13 16:24:24.635333 7fd93dff0700 5 -- op tracker -- , seq: 833, time:
2014-08-13 16:24:24.635063, event: throttled, request: osd_sub_op(unknown.0.0:0 22.791 0//0//-1 [scrub-reserve] v 0'0 snapset=0=[]:[] snapc=0=[]) v10 -5511>
2014-08-13 16:24:24.635343 7fd93dff0700 5 -- op tracker -- , seq: 833, time:
2014-08-13 16:24:24.635184, event: all_read, request: osd_sub_op(unknown.0.0:0 22.791 0//0//-1 [scrub-reserve] v 0'0 snapset=0=[]:[] snapc=0=[]) v10 -5510>
2014-08-13 16:24:24.635353 7fd93dff0700 5 -- op tracker -- , seq: 833, time:
2014-08-13 16:24:24.635311, event: dispatched, request: osd_sub_op(unknown.0.0:0 22.791 0//0//-1 [scrub-reserve] v 0'0 snapset=0=[]:[] snapc=0=[]) v10 -5509>
2014-08-13 16:24:24.635364 7fd93dff0700 5 -- op tracker -- , seq: 833, time:
2014-08-13 16:24:24.635363, event: waiting_for_osdmap, request: osd_sub_op(unknown.0.0:0 22.791 0//0//-1 [scrub-reserve] v 0'0 snapset=0=[]:[] snapc=0=[]) v10 -5508>
2014-08-13 16:24:24.640296 7fd93adeb700 1 -- 192.168.1.115:6817/25220 <== osd.30 192.168.100.107:0/55491 6 ==== osd_ping(ping e194449 stamp
2014-08-13 16:24:24.640106) v2 ==== 47+0+0 (1224622006 0 0) 0x9280700 con 0x7eda100 -5507>
2014-08-13 16:24:24.640348 7fd93adeb700 1 -- 192.168.1.115:6817/25220 --> 192.168.100.107:0/55491 -- osd_ping(ping_reply e194449 stamp
2014-08-13 16:24:24.640106) v2 -- ?+0 0x92832c0 con 0x7eda100 -5506>
2014-08-13 16:24:24.640321 7fd93c1ed700 1 -- 192.168.100.115:6806/25220 <== osd.30 192.168.100.107:0/55491 6 ==== osd_ping(ping e194449 stamp
2014-08-13 16:24:24.640106) v2 ==== 47+0+0 (1224622006 0 0) 0x9280c40 con 0x7edc0a0 -5505>
2014-08-13 16:24:24.640458 7fd93c1ed700 1 -- 192.168.100.115:6806/25220 --> 192.168.100.107:0/55491 -- osd_ping(ping_reply e194449 stamp
2014-08-13 16:24:24.640106) v2 -- ?+0 0x9285780 con 0x7edc0a0 -5504>
2014-08-13 16:24:24.665141 7fd93f3f2700 1 -- 192.168.100.115:6805/25220 <== mon.2 192.168.100.113:6789/0 24 ==== pg_stats_ack(1 pgs tid 2) v1 ==== 33+0+0 (3016011495 0 0) 0x8db0540 con 0x4e3dd80 -5503>
2014-08-13 16:24:24.682752 7fd93dff0700 1 -- 192.168.1.115:6813/25220 <== osd.324 192.168.1.104:6814/65209 10 ==== osd_map(194450..194450 src has 185139..194450) v3 ==== 211+0+0 (2479179274 0 0) 0x7cf2640 con 0x7315ee0 -5502>
2014-08-13 16:24:24.682818 7fd93dff0700 3 osd.4 194449 handle_osd_map epochs [194450,194450], i have 194449, src has [185139,194450] -5501>
2014-08-13 16:24:24.688229 7fd93dff0700 1 -- 192.168.1.115:6813/25220 mark_down 192.168.1.110:6804/25590 -- 0x8e88a00 -5500>
2014-08-13 16:24:24.688397 7fd93dff0700 0 osd.4 194450 crush map has features 2578087936000, adjusting msgr requires for mons -5499>
2014-08-13 16:24:24.830012 7fd93c1ed700 1 -- 192.168.100.115:6806/25220 <== osd.376 192.168.1.108:0/6893 6 ==== osd_ping(ping e194450 stamp
2014-08-13 16:24:24.829568) v2 ==== 47+0+0 (102968958 0 0) 0x7759a40 con 0x7d29ce0 -5498>
2014-08-13 16:24:24.830029 7fd93adeb700 1 -- 192.168.1.115:6817/25220 <== osd.376 192.168.1.108:0/6893 6 ==== osd_ping(ping e194450 stamp
2014-08-13 16:24:24.829568) v2 ==== 47+0+0 (102968958 0 0) 0x9286e40 con 0x7d2b440 -5497>
2014-08-13 16:24:24.830081 7fd93c1ed700 1 -- 192.168.100.115:6806/25220 --> 192.168.1.108:0/6893 -- osd_ping(ping_reply e194449 stamp
2014-08-13 16:24:24.829568) v2 -- ?+0 0x9280c40 con 0x7d29ce0 -5496>
2014-08-13 16:24:24.830225 7fd93adeb700 1 -- 192.168.1.115:6817/25220 --> 192.168.1.108:0/6893 -- osd_ping(ping_reply e194449 stamp
2014-08-13 16:24:24.829568) v2 -- ?+0 0x9280700 con 0x7d2b440 -5495>
2014-08-13 16:24:24.833793 7fd93adeb700 1 -- 192.168.1.115:6817/25220 <== osd.15 192.168.1.107:0/53408 8 ==== osd_ping(ping e194450 stamp
2014-08-13 16:24:24.833290) v2 ==== 47+0+0 (3615463595 0 0) 0x85778c0 con 0x7ebbde0 -5494>
2014-08-13 16:24:24.833837 7fd93adeb700 1 -- 192.168.1.115:6817/25220 --> 192.168.1.107:0/53408 -- osd_ping(ping_reply e194449 stamp
2014-08-13 16:24:24.833290) v2 -- ?+0 0x9286e40 con 0x7ebbde0 -5493>
2014-08-13 16:24:24.833754 7fd93c1ed700 1 -- 192.168.100.115:6806/25220 <== osd.15 192.168.1.107:0/53408 8 ==== osd_ping(ping e194450 stamp
2014-08-13 16:24:24.833290) v2 ==== 47+0+0 (3615463595 0 0) 0x9280540 con 0x7ebd3e0 -5492>
2014-08-13 16:24:24.833889 7fd93c1ed700 1 -- 192.168.100.115:6806/25220 --> 192.168.1.107:0/53408 -- osd_ping(ping_reply e194449 stamp
2014-08-13 16:24:24.833290) v2 -- ?+0 0x7759a40 con 0x7ebd3e0 -5491>
2014-08-13 16:24:24.908302 7fd93c1ed700 1 -- 192.168.100.115:6806/25220 <== osd.58 192.168.1.111:0/14316 5 ==== osd_ping(ping e194450 stamp
2014-08-13 16:24:24.907915) v2 ==== 47+0+0 (146035687 0 0) 0x840fe00 con 0x7edc8e0 -5490>
2014-08-13 16:24:24.908356 7fd93c1ed700 1 -- 192.168.100.115:6806/25220 --> 192.168.1.111:0/14316 -- osd_ping(ping_reply e194449 stamp
2014-08-13 16:24:24.907915) v2 -- ?+0 0x9280540 con 0x7edc8e0 -5489>
2014-08-13 16:24:24.908355 7fd93adeb700 1 -- 192.168.1.115:6817/25220 <== osd.58 192.168.1.111:0/14316 5 ==== osd_ping(ping e194450 stamp
2014-08-13 16:24:24.907915) v2 ==== 47+0+0 (146035687 0 0) 0x8408380 con 0x7eda940 -5488>
2014-08-13 16:24:24.908407 7fd93adeb700 1 -- 192.168.1.115:6817/25220 --> 192.168.1.111:0/14316 -- osd_ping(ping_reply e194449 stamp
2014-08-13 16:24:24.907915) v2 -- ?+0 0x85778c0 con 0x7eda940 -5487>
2014-08-13 16:24:24.931664 7fd93adeb700 1 -- 192.168.1.115:6817/25220 <== osd.31 192.168.100.103:0/41157 6 ==== osd_ping(ping e194450 stamp
2014-08-13 16:24:24.931618) v2 ==== 47+0+0 (925007022 0 0) 0x92801c0 con 0x7ffeca0 -5486>
