2014-08-13 16:24:25.777930 7fd93cbee700 1 -- 192.168.1.115:0/25220 <== osd.347 192.168.100.106:6803/4640 5 ==== osd_ping(ping_reply e194451 stamp
2014-08-13 16:24:25.769669) v2 ==== 47+0+0 (3003095663 0 0) 0x79b96c0 con 0x8d270c0 -4256>
2014-08-13 16:24:25.777952 7fd93cbee700 1 -- 192.168.1.115:0/25220 <== osd.293 192.168.1.109:6817/33855 5 ==== osd_ping(ping_reply e194451 stamp
2014-08-13 16:24:25.769669) v2 ==== 47+0+0 (3003095663 0 0) 0x842e040 con 0x8d26e00 -4255>
2014-08-13 16:24:25.777977 7fd93cbee700 1 -- 192.168.1.115:0/25220 <== osd.293 192.168.100.109:6844/33855 5 ==== osd_ping(ping_reply e194451 stamp
2014-08-13 16:24:25.769669) v2 ==== 47+0+0 (3003095663 0 0) 0x842c600 con 0x8d26b40 -4254>
2014-08-13 16:24:25.777999 7fd93cbee700 1 -- 192.168.1.115:0/25220 <== osd.338 192.168.1.106:6815/25893 5 ==== osd_ping(ping_reply e194451 stamp
2014-08-13 16:24:25.769669) v2 ==== 47+0+0 (3003095663 0 0) 0x834eac0 con 0x8d26880 -4253>
2014-08-13 16:24:25.778019 7fd93cbee700 1 -- 192.168.1.115:0/25220 <== osd.338 192.168.100.106:6802/25893 5 ==== osd_ping(ping_reply e194451 stamp
2014-08-13 16:24:25.769669) v2 ==== 47+0+0 (3003095663 0 0) 0x834e580 con 0x8d265c0 -4252>
2014-08-13 16:24:25.778038 7fd93cbee700 1 -- 192.168.1.115:0/25220 <== osd.382 192.168.1.108:6801/30527 5 ==== osd_ping(ping_reply e194451 stamp
2014-08-13 16:24:25.769669) v2 ==== 47+0+0 (3003095663 0 0) 0x840fa80 con 0x8d26300 -4251>
2014-08-13 16:24:25.778057 7fd93cbee700 1 -- 192.168.1.115:0/25220 <== osd.382 192.168.100.108:6801/30527 5 ==== osd_ping(ping_reply e194451 stamp
2014-08-13 16:24:25.769669) v2 ==== 47+0+0 (3003095663 0 0) 0x83c8c40 con 0x8d26040 -4250>
2014-08-13 16:24:25.778078 7fd93cbee700 1 -- 192.168.1.115:0/25220 <== osd.396 192.168.1.105:6815/41806 5 ==== osd_ping(ping_reply e194450 stamp
2014-08-13 16:24:25.769669) v2 ==== 47+0+0 (3394829026 0 0) 0x77588c0 con 0x8d25d80 -4249>
2014-08-13 16:24:25.778097 7fd93cbee700 1 -- 192.168.1.115:0/25220 <== osd.396 192.168.100.105:6817/41806 5 ==== osd_ping(ping_reply e194450 stamp
2014-08-13 16:24:25.769669) v2 ==== 47+0+0 (3394829026 0 0) 0x87e4d00 con 0x8d140a0 -4248>
2014-08-13 16:24:25.778115 7fd93cbee700 1 -- 192.168.1.115:0/25220 <== osd.397 192.168.1.105:6809/41085 5 ==== osd_ping(ping_reply e194451 stamp
2014-08-13 16:24:25.769669) v2 ==== 47+0+0 (3003095663 0 0) 0x8eef000 con 0x8d13de0 -4247>
2014-08-13 16:24:25.778135 7fd93cbee700 1 -- 192.168.1.115:0/25220 <== osd.397 192.168.100.105:6802/41085 5 ==== osd_ping(ping_reply e194451 stamp
2014-08-13 16:24:25.769669) v2 ==== 47+0+0 (3003095663 0 0) 0x92855c0 con 0x8d13b20 -4246>
2014-08-13 16:24:25.778154 7fd93cbee700 1 -- 192.168.1.115:0/25220 <== osd.3 192.168.1.107:6841/56287 5 ==== osd_ping(ping_reply e194450 stamp
2014-08-13 16:24:25.769669) v2 ==== 47+0+0 (3394829026 0 0) 0x7758e00 con 0x78844c0 -4245>
2014-08-13 16:24:25.794748 7fd93c1ed700 1 -- 192.168.100.115:6806/25220 <== osd.9 192.168.100.107:0/53997 11 ==== osd_ping(ping e194451 stamp
2014-08-13 16:24:25.794509) v2 ==== 47+0+0 (48196263 0 0) 0x842b640 con 0x7d2f0c0 -4244>
2014-08-13 16:24:25.794806 7fd93c1ed700 1 -- 192.168.100.115:6806/25220 --> 192.168.100.107:0/53997 -- osd_ping(ping_reply e194450 stamp
2014-08-13 16:24:25.794509) v2 -- ?+0 0x8c88000 con 0x7d2f0c0 -4243>
2014-08-13 16:24:25.794826 7fd93adeb700 1 -- 192.168.1.115:6817/25220 <== osd.9 192.168.100.107:0/53997 11 ==== osd_ping(ping e194451 stamp
2014-08-13 16:24:25.794509) v2 ==== 47+0+0 (48196263 0 0) 0x842cb40 con 0x7d2dc20 -4242>
2014-08-13 16:24:25.794872 7fd93adeb700 1 -- 192.168.1.115:6817/25220 --> 192.168.100.107:0/53997 -- osd_ping(ping_reply e194450 stamp
2014-08-13 16:24:25.794509) v2 -- ?+0 0x8c8d940 con 0x7d2dc20 -4241>
2014-08-13 16:24:25.853183 7fd9385e7700 10 monclient: tick -4240>
2014-08-13 16:24:25.853207 7fd9385e7700 10 monclient: _check_auth_rotating have uptodate secrets (they expire after
2014-08-13 16:23:55.853205) -4239>
2014-08-13 16:24:25.853221 7fd9385e7700 10 monclient: renew subs? (now:
2014-08-13 16:24:25.853220; renew after:
2014-08-13 16:26:33.460427) -- no -4238>
2014-08-13 16:24:25.853239 7fd9385e7700 10 log_queue is 1 last_log 3 sent 2 num 1 unsent 1 sending 1 -4237>
2014-08-13 16:24:25.853251 7fd9385e7700 10 will send
2014-08-13 16:24:25.188141 osd.4 192.168.100.115:6805/25220 3 : [INF] 22.1b8 deep-scrub ok -4236>
2014-08-13 16:24:25.853276 7fd9385e7700 10 monclient: _send_mon_message to mon.storage0113-ib at 192.168.100.113:6789/0 -4235>
2014-08-13 16:24:25.853282 7fd9385e7700 1 -- 192.168.100.115:6805/25220 --> 192.168.100.113:6789/0 -- log(1 entries) v1 -- ?+0 0x8d01680 con 0x4e3dd80 -4234>
2014-08-13 16:24:25.895821 7fd93adeb700 1 -- 192.168.1.115:6817/25220 <== osd.323 192.168.100.106:0/8118 8 ==== osd_ping(ping e194451 stamp
2014-08-13 16:24:25.895144) v2 ==== 47+0+0 (2328064770 0 0) 0x7d06e40 con 0x7d2ac00 -4233>
2014-08-13 16:24:25.895873 7fd93adeb700 1 -- 192.168.1.115:6817/25220 --> 192.168.100.106:0/8118 -- osd_ping(ping_reply e194450 stamp
2014-08-13 16:24:25.895144) v2 -- ?+0 0x842cb40 con 0x7d2ac00 -4232>
2014-08-13 16:24:25.895890 7fd93c1ed700 1 -- 192.168.100.115:6806/25220 <== osd.323 192.168.100.106:0/8118 8 ==== osd_ping(ping e194451 stamp
2014-08-13 16:24:25.895144) v2 ==== 47+0+0 (2328064770 0 0) 0x842f1c0 con 0x7d2c360 -4231>
2014-08-13 16:24:25.895939 7fd93c1ed700 1 -- 192.168.100.115:6806/25220 --> 192.168.100.106:0/8118 -- osd_ping(ping_reply e194450 stamp
2014-08-13 16:24:25.895144) v2 -- ?+0 0x842b640 con 0x7d2c360 -4230>
2014-08-13 16:24:25.921805 7fd93adeb700 1 -- 192.168.1.115:6817/25220 <== osd.356 192.168.1.108:0/5235 8 ==== osd_ping(ping e194451 stamp
2014-08-13 16:24:25.921510) v2 ==== 47+0+0 (3147199867 0 0) 0x8409dc0 con 0x7eda680 -4229>
2014-08-13 16:24:25.921856 7fd93adeb700 1 -- 192.168.1.115:6817/25220 --> 192.168.1.108:0/5235 -- osd_ping(ping_reply e194450 stamp
2014-08-13 16:24:25.921510) v2 -- ?+0 0x7d06e40 con 0x7eda680 -4228>
2014-08-13 16:24:25.921854 7fd93c1ed700 1 -- 192.168.100.115:6806/25220 <== osd.356 192.168.1.108:0/5235 8 ==== osd_ping(ping e194451 stamp
2014-08-13 16:24:25.921510) v2 ==== 47+0+0 (3147199867 0 0) 0x7d05080 con 0x7edc620 -4227>
2014-08-13 16:24:25.921899 7fd93c1ed700 1 -- 192.168.100.115:6806/25220 --> 192.168.1.108:0/5235 -- osd_ping(ping_reply e194450 stamp
2014-08-13 16:24:25.921510) v2 -- ?+0 0x842f1c0 con 0x7edc620 -4226>
2014-08-13 16:24:25.970872 7fd93c1ed700 1 -- 192.168.100.115:6806/25220 <== osd.397 192.168.1.105:0/41085 7 ==== osd_ping(ping e194451 stamp
2014-08-13 16:24:25.970407) v2 ==== 47+0+0 (3906353330 0 0) 0x842cd00 con 0x7ebce60 -4225>
2014-08-13 16:24:25.970880 7fd93adeb700 1 -- 192.168.1.115:6817/25220 <== osd.397 192.168.1.105:0/41085 7 ==== osd_ping(ping e194451 stamp
2014-08-13 16:24:25.970407) v2 ==== 47+0+0 (3906353330 0 0) 0x834a680 con 0x7ebb860 -4224>
2014-08-13 16:24:25.970935 7fd93c1ed700 1 -- 192.168.100.115:6806/25220 --> 192.168.1.105:0/41085 -- osd_ping(ping_reply e194450 stamp
2014-08-13 16:24:25.970407) v2 -- ?+0 0x7d05080 con 0x7ebce60 -4223>
2014-08-13 16:24:25.971098 7fd93adeb700 1 -- 192.168.1.115:6817/25220 --> 192.168.1.105:0/41085 -- osd_ping(ping_reply e194450 stamp
2014-08-13 16:24:25.970407) v2 -- ?+0 0x8409dc0 con 0x7ebb860 -4222>
2014-08-13 16:24:26.066569 7fd93c1ed700 1 -- 192.168.100.115:6806/25220 <== osd.6 192.168.1.107:0/53141 9 ==== osd_ping(ping e194451 stamp
2014-08-13 16:24:26.066338) v2 ==== 47+0+0 (2266709776 0 0) 0x8576e40 con 0x7cae040 -4221>
2014-08-13 16:24:26.066621 7fd93c1ed700 1 -- 192.168.100.115:6806/25220 --> 192.168.1.107:0/53141 -- osd_ping(ping_reply e194450 stamp
2014-08-13 16:24:26.066338) v2 -- ?+0 0x842cd00 con 0x7cae040 -4220>
2014-08-13 16:24:26.066652 7fd93adeb700 1 -- 192.168.1.115:6817/25220 <== osd.6 192.168.1.107:0/53141 9 ==== osd_ping(ping e194451 stamp
2014-08-13 16:24:26.066338) v2 ==== 47+0+0 (2266709776 0 0) 0x8575940 con 0x7cae880 -4219>
2014-08-13 16:24:26.066705 7fd93adeb700 1 -- 192.168.1.115:6817/25220 --> 192.168.1.107:0/53141 -- osd_ping(ping_reply e194450 stamp
2014-08-13 16:24:26.066338) v2 -- ?+0 0x834a680 con 0x7cae880 -4218>
2014-08-13 16:24:26.118637 7fd93adeb700 1 -- 192.168.1.115:6817/25220 <== osd.364 192.168.100.114:0/52317 6 ==== osd_ping(ping e194451 stamp
2014-08-13 16:24:26.118691) v2 ==== 47+0+0 (308368366 0 0) 0x775f000 con 0x7ebf0c0 -4217>
2014-08-13 16:24:26.118690 7fd93adeb700 1 -- 192.168.1.115:6817/25220 --> 192.168.100.114:0/52317 -- osd_ping(ping_reply e194450 stamp
2014-08-13 16:24:26.118691) v2 -- ?+0 0x8575940 con 0x7ebf0c0 -4216>
2014-08-13 16:24:26.118676 7fd93c1ed700 1 -- 192.168.100.115:6806/25220 <== osd.364 192.168.100.114:0/52317 6 ==== osd_ping(ping e194451 stamp
2014-08-13 16:24:26.118691) v2 ==== 47+0+0 (308368366 0 0) 0x7d01500 con 0x7ed9080 -4215>
2014-08-13 16:24:26.118754 7fd93c1ed700 1 -- 192.168.100.115:6806/25220 --> 192.168.100.114:0/52317 -- osd_ping(ping_reply e194450 stamp
2014-08-13 16:24:26.118691) v2 -- ?+0 0x8576e40 con 0x7ed9080 -4214>
2014-08-13 16:24:26.150809 7fd93adeb700 1 -- 192.168.1.115:6817/25220 <== osd.343 192.168.1.104:0/61960 8 ==== osd_ping(ping e194451 stamp
2014-08-13 16:24:26.150829) v2 ==== 47+0+0 (2585682768 0 0) 0x8c8e740 con 0x7d2aec0 -4213>
2014-08-13 16:24:26.150845 7fd93c1ed700 1 -- 192.168.100.115:6806/25220 <== osd.343 192.168.1.104:0/61960 8 ==== osd_ping(ping e194451 stamp
2014-08-13 16:24:26.150829) v2 ==== 47+0+0 (2585682768 0 0) 0x89108c0 con 0x7d2c620 -4212>
2014-08-13 16:24:26.150867 7fd93adeb700 1 -- 192.168.1.115:6817/25220 --> 192.168.1.104:0/61960 -- osd_ping(ping_reply e194450 stamp
2014-08-13 16:24:26.150829) v2 -- ?+0 0x775f000 con 0x7d2aec0 -4211>
2014-08-13 16:24:26.150989 7fd93c1ed700 1 -- 192.168.100.115:6806/25220 --> 192.168.1.104:0/61960 -- osd_ping(ping_reply e194450 stamp
2014-08-13 16:24:26.150829) v2 -- ?+0 0x7d01500 con 0x7d2c620 -4210>
2014-08-13 16:24:26.292568 7fd93c1ed700 1 -- 192.168.100.115:6806/25220 <== osd.5 192.168.1.103:0/40192 7 ==== osd_ping(ping e194451 stamp
2014-08-13 16:24:26.292497) v2 ==== 47+0+0 (2259875580 0 0) 0x83496c0 con 0x7eba680 -4209>
2014-08-13 16:24:26.292603 7fd93adeb700 1 -- 192.168.1.115:6817/25220 <== osd.5 192.168.1.103:0/40192 7 ==== osd_ping(ping e194451 stamp
2014-08-13 16:24:26.292497) v2 ==== 47+0+0 (2259875580 0 0) 0x834a680 con 0x7eb91e0 -4208>
2014-08-13 16:24:26.292619 7fd93c1ed700 1 -- 192.168.100.115:6806/25220 --> 192.168.1.103:0/40192 -- osd_ping(ping_reply e194450 stamp
2014-08-13 16:24:26.292497) v2 -- ?+0 0x89108c0 con 0x7eba680 -4207>
2014-08-13 16:24:26.292768 7fd93adeb700 1 -- 192.168.1.115:6817/25220 --> 192.168.1.103:0/40192 -- osd_ping(ping_reply e194450 stamp
2014-08-13 16:24:26.292497) v2 -- ?+0 0x8c8e740 con 0x7eb91e0 -4206>
2014-08-13 16:24:26.310467 7fd93c1ed700 1 -- 192.168.100.115:6806/25220 <== osd.17 192.168.100.103:0/37658 7 ==== osd_ping(ping e194451 stamp
2014-08-13 16:24:26.310496) v2 ==== 47+0+0 (1047094488 0 0) 0x834f000 con 0x7edc360 -4205>
2014-08-13 16:24:26.310475 7fd93adeb700 1 -- 192.168.1.115:6817/25220 <== osd.17 192.168.100.103:0/37658 7 ==== osd_ping(ping e194451 stamp
2014-08-13 16:24:26.310496) v2 ==== 47+0+0 (1047094488 0 0) 0x8348700 con 0x7eda3c0 -4204>
2014-08-13 16:24:26.310495 7fd93c1ed700 1 -- 192.168.100.115:6806/25220 --> 192.168.100.103:0/37658 -- osd_ping(ping_reply e194450 stamp
2014-08-13 16:24:26.310496) v2 -- ?+0 0x83496c0 con 0x7edc360 -4203>
2014-08-13 16:24:26.310535 7fd93adeb700 1 -- 192.168.1.115:6817/25220 --> 192.168.100.103:0/37658 -- osd_ping(ping_reply e194450 stamp
2014-08-13 16:24:26.310496) v2 -- ?+0 0x834a680 con 0x7eda3c0 -4202>
2014-08-13 16:24:26.518933 7fd93adeb700 1 -- 192.168.1.115:6817/25220 <== osd.45 192.168.1.112:0/6040 8 ==== osd_ping(ping e194451 stamp
2014-08-13 16:24:26.518964) v2 ==== 47+0+0 (4223381181 0 0) 0x9285cc0 con 0x7edac00 -4201>
2014-08-13 16:24:26.519000 7fd93adeb700 1 -- 192.168.1.115:6817/25220 --> 192.168.1.112:0/6040 -- osd_ping(ping_reply e194450 stamp
2014-08-13 16:24:26.518964) v2 -- ?+0 0x8348700 con 0x7edac00 -4200>
2014-08-13 16:24:26.519016 7fd93c1ed700 1 -- 192.168.100.115:6806/25220 <== osd.45 192.168.1.112:0/6040 8 ==== osd_ping(ping e194451 stamp
2014-08-13 16:24:26.518964) v2 ==== 47+0+0 (4223381181 0 0) 0x7ed7e00 con 0x7edcba0 -4199>
2014-08-13 16:24:26.519043 7fd93c1ed700 1 -- 192.168.100.115:6806/25220 --> 192.168.1.112:0/6040 -- osd_ping(ping_reply e194450 stamp
2014-08-13 16:24:26.518964) v2 -- ?+0 0x834f000 con 0x7edcba0 -4198>
2014-08-13 16:24:26.709052 7fd9208e2700 1 -- 192.168.1.115:6813/25220 >> :/0 pipe(0x8d46180 sd=118 :6813 s=0 pgs=0 cs=0 l=0 c=0x83002c0).accept sd=118 192.168.1.107:45709/0 -4197>
2014-08-13 16:24:26.747091 7fd93c1ed700 1 -- 192.168.100.115:6806/25220 <== osd.351 192.168.100.102:0/16444 10 ==== osd_ping(ping e194452 stamp
2014-08-13 16:24:26.747077) v2 ==== 47+0+0 (3392224061 0 0) 0x7d03640 con 0x7ab8000 -4196>
2014-08-13 16:24:26.747093 7fd93adeb700 1 -- 192.168.1.115:6817/25220 <== osd.351 192.168.100.102:0/16444 10 ==== osd_ping(ping e194452 stamp
2014-08-13 16:24:26.747077) v2 ==== 47+0+0 (3392224061 0 0) 0x775b2c0 con 0x7ab8420 -4195>
2014-08-13 16:24:26.747147 7fd93c1ed700 1 -- 192.168.100.115:6806/25220 --> 192.168.100.102:0/16444 -- osd_ping(ping_reply e194450 stamp
2014-08-13 16:24:26.747077) v2 -- ?+0 0x7ed7e00 con 0x7ab8000 -4194>
2014-08-13 16:24:26.747239 7fd93adeb700 1 -- 192.168.1.115:6817/25220 --> 192.168.100.102:0/16444 -- osd_ping(ping_reply e194450 stamp
2014-08-13 16:24:26.747077) v2 -- ?+0 0x9285cc0 con 0x7ab8420 -4193>
2014-08-13 16:24:26.753624 7fd93c1ed700 1 -- 192.168.100.115:6806/25220 <== osd.292 192.168.1.113:0/16056 8 ==== osd_ping(ping e194451 stamp
2014-08-13 16:24:26.753740) v2 ==== 47+0+0 (2566609794 0 0) 0x8428380 con 0x7ebd120 -4192>
2014-08-13 16:24:26.753631 7fd93adeb700 1 -- 192.168.1.115:6817/25220 <== osd.292 192.168.1.113:0/16056 8 ==== osd_ping(ping e194451 stamp
2014-08-13 16:24:26.753740) v2 ==== 47+0+0 (2566609794 0 0) 0x842e740 con 0x7ebbb20 -4191>
2014-08-13 16:24:26.753669 7fd93c1ed700 1 -- 192.168.100.115:6806/25220 --> 192.168.1.113:0/16056 -- osd_ping(ping_reply e194450 stamp
2014-08-13 16:24:26.753740) v2 -- ?+0 0x7d03640 con 0x7ebd120 -4190>
2014-08-13 16:24:26.753760 7fd93adeb700 1 -- 192.168.1.115:6817/25220 --> 192.168.1.113:0/16056 -- osd_ping(ping_reply e194450 stamp
2014-08-13 16:24:26.753740) v2 -- ?+0 0x775b2c0 con 0x7ebbb20 -4189>
2014-08-13 16:24:26.896041 7fd93adeb700 1 -- 192.168.1.115:6817/25220 <== osd.374 192.168.100.102:0/16129 7 ==== osd_ping(ping e194452 stamp
2014-08-13 16:24:26.895927) v2 ==== 47+0+0 (3733071293 0 0) 0x9115940 con 0x7d28420 -4188>
2014-08-13 16:24:26.896065 7fd93c1ed700 1 -- 192.168.100.115:6806/25220 <== osd.374 192.168.100.102:0/16129 7 ==== osd_ping(ping e194452 stamp
2014-08-13 16:24:26.895927) v2 ==== 47+0+0 (3733071293 0 0) 0x9116040 con 0x7d2cba0 -4187>
2014-08-13 16:24:26.896094 7fd93adeb700 1 -- 192.168.1.115:6817/25220 --> 192.168.100.102:0/16129 -- osd_ping(ping_reply e194450 stamp
2014-08-13 16:24:26.895927) v2 -- ?+0 0x842e740 con 0x7d28420 -4186>
2014-08-13 16:24:26.896158 7fd93c1ed700 1 -- 192.168.100.115:6806/25220 --> 192.168.100.102:0/16129 -- osd_ping(ping_reply e194450 stamp
2014-08-13 16:24:26.895927) v2 -- ?+0 0x8428380 con 0x7d2cba0 -4185>
2014-08-13 16:24:27.141498 7fd93adeb700 1 -- 192.168.1.115:6817/25220 <== osd.294 192.168.1.101:0/23402 8 ==== osd_ping(ping e194452 stamp
2014-08-13 16:24:27.141155) v2 ==== 47+0+0 (3413925670 0 0) 0x9287540 con 0x7caeb40 -4184>
2014-08-13 16:24:27.141550 7fd93c1ed700 1 -- 192.168.100.115:6806/25220 <== osd.294 192.168.1.101:0/23402 8 ==== osd_ping(ping e194452 stamp
2014-08-13 16:24:27.141155) v2 ==== 47+0+0 (3413925670 0 0) 0x9282300 con 0x7cae300 -4183>
2014-08-13 16:24:27.141547 7fd93adeb700 1 -- 192.168.1.115:6817/25220 --> 192.168.1.101:0/23402 -- osd_ping(ping_reply e194450 stamp
2014-08-13 16:24:27.141155) v2 -- ?+0 0x9115940 con 0x7caeb40 -4182>
2014-08-13 16:24:27.141681 7fd93c1ed700 1 -- 192.168.100.115:6806/25220 --> 192.168.1.101:0/23402 -- osd_ping(ping_reply e194450 stamp
2014-08-13 16:24:27.141155) v2 -- ?+0 0x9116040 con 0x7cae300 -4181>
2014-08-13 16:24:27.401562 7fd93adeb700 1 -- 192.168.1.115:6817/25220 <== osd.54 192.168.100.111:0/14923 7 ==== osd_ping(ping e194452 stamp
2014-08-13 16:24:27.401213) v2 ==== 47+0+0 (389928364 0 0) 0x899f1c0 con 0x7ffe9e0 -4180>
2014-08-13 16:24:27.401621 7fd93adeb700 1 -- 192.168.1.115:6817/25220 --> 192.168.100.111:0/14923 -- osd_ping(ping_reply e194450 stamp
2014-08-13 16:24:27.401213) v2 -- ?+0 0x9287540 con 0x7ffe9e0 -4179>
2014-08-13 16:24:27.401614 7fd93c1ed700 1 -- 192.168.100.115:6806/25220 <== osd.54 192.168.100.111:0/14923 7 ==== osd_ping(ping e194452 stamp
2014-08-13 16:24:27.401213) v2 ==== 47+0+0 (389928364 0 0) 0x899c7c0 con 0x7edbc80 -4178>
2014-08-13 16:24:27.401659 7fd93c1ed700 1 -- 192.168.100.115:6806/25220 --> 192.168.100.111:0/14923 -- osd_ping(ping_reply e194450 stamp
2014-08-13 16:24:27.401213) v2 -- ?+0 0x9282300 con 0x7edbc80 -4177>
2014-08-13 16:24:27.413273 7fd93adeb700 1 -- 192.168.1.115:6817/25220 <== osd.17 192.168.100.103:0/37658 8 ==== osd_ping(ping e194452 stamp
2014-08-13 16:24:27.412808) v2 ==== 47+0+0 (3859290505 0 0) 0x8349180 con 0x7eda3c0 -4176>
2014-08-13 16:24:27.413292 7fd93c1ed700 1 -- 192.168.100.115:6806/25220 <== osd.17 192.168.100.103:0/37658 8 ==== osd_ping(ping e194452 stamp
2014-08-13 16:24:27.412808) v2 ==== 47+0+0 (3859290505 0 0) 0x834c600 con 0x7edc360 -4175>
2014-08-13 16:24:27.413326 7fd93adeb700 1 -- 192.168.1.115:6817/25220 --> 192.168.100.103:0/37658 -- osd_ping(ping_reply e194450 stamp
2014-08-13 16:24:27.412808) v2 -- ?+0 0x899f1c0 con 0x7eda3c0 -4174>
2014-08-13 16:24:27.413392 7fd93c1ed700 1 -- 192.168.100.115:6806/25220 --> 192.168.100.103:0/37658 -- osd_ping(ping_reply e194450 stamp
2014-08-13 16:24:27.412808) v2 -- ?+0 0x899c7c0 con 0x7edc360 -4173>
2014-08-13 16:24:27.416817 7fd93adeb700 1 -- 192.168.1.115:6817/25220 <== osd.346 192.168.100.104:0/2308 9 ==== osd_ping(ping e194452 stamp
2014-08-13 16:24:27.416864) v2 ==== 47+0+0 (3932614538 0 0) 0x840b2c0 con 0x7d28160 -4172>
2014-08-13 16:24:27.416869 7fd93adeb700 1 -- 192.168.1.115:6817/25220 --> 192.168.100.104:0/2308 -- osd_ping(ping_reply e194450 stamp
2014-08-13 16:24:27.416864) v2 -- ?+0 0x8349180 con 0x7d28160 -4171>
2014-08-13 16:24:27.416842 7fd93c1ed700 1 -- 192.168.100.115:6806/25220 <== osd.346 192.168.100.104:0/2308 9 ==== osd_ping(ping e194452 stamp
2014-08-13 16:24:27.416864) v2 ==== 47+0+0 (3932614538 0 0) 0x8408e00 con 0x7d2a260 -4170>
2014-08-13 16:24:27.416919 7fd93c1ed700 1 -- 192.168.100.115:6806/25220 --> 192.168.100.104:0/2308 -- osd_ping(ping_reply e194450 stamp
2014-08-13 16:24:27.416864) v2 -- ?+0 0x834c600 con 0x7d2a260 -4169>
2014-08-13 16:24:27.448384 7fd93adeb700 1 -- 192.168.1.115:6817/25220 <== osd.358 192.168.100.114:0/52078 8 ==== osd_ping(ping e194452 stamp
2014-08-13 16:24:27.448351) v2 ==== 47+0+0 (3662241985 0 0) 0x9111340 con 0x7d2b700 -4168>
2014-08-13 16:24:27.448435 7fd93adeb700 1 -- 192.168.1.115:6817/25220 --> 192.168.100.114:0/52078 -- osd_ping(ping_reply e194450 stamp
2014-08-13 16:24:27.448351) v2 -- ?+0 0x840b2c0 con 0x7d2b700 -4167>
2014-08-13 16:24:27.448508 7fd93c1ed700 1 -- 192.168.100.115:6806/25220 <== osd.358 192.168.100.114:0/52078 8 ==== osd_ping(ping e194452 stamp
2014-08-13 16:24:27.448351) v2 ==== 47+0+0 (3662241985 0 0) 0x9111dc0 con 0x7d29fa0 -4166>
2014-08-13 16:24:27.448550 7fd93c1ed700 1 -- 192.168.100.115:6806/25220 --> 192.168.100.114:0/52078 -- osd_ping(ping_reply e194450 stamp
2014-08-13 16:24:27.448351) v2 -- ?+0 0x8408e00 con 0x7d29fa0 -4165>
2014-08-13 16:24:27.451143 7fd93adeb700 1 -- 192.168.1.115:6817/25220 <== osd.345 192.168.1.110:0/46337 8 ==== osd_ping(ping e194452 stamp
2014-08-13 16:24:27.450615) v2 ==== 47+0+0 (2094915993 0 0) 0x775fc40 con 0x7ebc620 -4164>
2014-08-13 16:24:27.451202 7fd93adeb700 1 -- 192.168.1.115:6817/25220 --> 192.168.1.110:0/46337 -- osd_ping(ping_reply e194450 stamp
2014-08-13 16:24:27.450615) v2 -- ?+0 0x9111340 con 0x7ebc620 -4163>
2014-08-13 16:24:27.451178 7fd93c1ed700 1 -- 192.168.100.115:6806/25220 <== osd.345 192.168.1.110:0/46337 8 ==== osd_ping(ping e194452 stamp
2014-08-13 16:24:27.450615) v2 ==== 47+0+0 (2094915993 0 0) 0x7758380 con 0x7eb9b80 -4162>
2014-08-13 16:24:27.451245 7fd93c1ed700 1 -- 192.168.100.115:6806/25220 --> 192.168.1.110:0/46337 -- osd_ping(ping_reply e194450 stamp
2014-08-13 16:24:27.450615) v2 -- ?+0 0x9111dc0 con 0x7eb9b80 -4161>
2014-08-13 16:24:27.503664 7fd93adeb700 1 -- 192.168.1.115:6817/25220 <== osd.285 192.168.100.101:0/26295 6 ==== osd_ping(ping e194452 stamp
2014-08-13 16:24:27.503553) v2 ==== 47+0+0 (3886568844 0 0) 0x87e7e00 con 0x7ffeb40 -4160>
2014-08-13 16:24:27.503677 7fd93c1ed700 1 -- 192.168.100.115:6806/25220 <== osd.285 192.168.100.101:0/26295 6 ==== osd_ping(ping e194452 stamp
2014-08-13 16:24:27.503553) v2 ==== 47+0+0 (3886568844 0 0) 0x87e4980 con 0x7edbde0 -4159>
2014-08-13 16:24:27.503720 7fd93adeb700 1 -- 192.168.1.115:6817/25220 --> 192.168.100.101:0/26295 -- osd_ping(ping_reply e194450 stamp
2014-08-13 16:24:27.503553) v2 -- ?+0 0x775fc40 con 0x7ffeb40 -4158>
2014-08-13 16:24:27.503861 7fd93c1ed700 1 -- 192.168.100.115:6806/25220 --> 192.168.100.101:0/26295 -- osd_ping(ping_reply e194450 stamp
2014-08-13 16:24:27.503553) v2 -- ?+0 0x7758380 con 0x7edbde0 -4157>
2014-08-13 16:24:27.544588 7fd93adeb700 1 -- 192.168.1.115:6817/25220 <== osd.367 192.168.100.114:0/55513 7 ==== osd_ping(ping e194452 stamp
2014-08-13 16:24:27.544710) v2 ==== 47+0+0 (382860210 0 0) 0x842dcc0 con 0x7ffe880 -4156>
2014-08-13 16:24:27.544699 7fd93c1ed700 1 -- 192.168.100.115:6806/25220 <== osd.367 192.168.100.114:0/55513 7 ==== osd_ping(ping e194452 stamp
2014-08-13 16:24:27.544710) v2 ==== 47+0+0 (382860210 0 0) 0x899f380 con 0x7edbb20 -4155>
2014-08-13 16:24:27.544684 7fd93adeb700 1 -- 192.168.1.115:6817/25220 --> 192.168.100.114:0/55513 -- osd_ping(ping_reply e194450 stamp
2014-08-13 16:24:27.544710) v2 -- ?+0 0x87e7e00 con 0x7ffe880 -4154>
2014-08-13 16:24:27.544893 7fd93c1ed700 1 -- 192.168.100.115:6806/25220 --> 192.168.100.114:0/55513 -- osd_ping(ping_reply e194450 stamp
2014-08-13 16:24:27.544710) v2 -- ?+0 0x87e4980 con 0x7edbb20 -4153>
2014-08-13 16:24:27.652089 7fd93dff0700 1 -- 192.168.1.115:0/25220 mark_down 0x8ba06e0 -- 0x8bfd780 -4152>
2014-08-13 16:24:27.652173 7fd93dff0700 1 -- 192.168.1.115:0/25220 mark_down 0x8c698c0 -- 0x8bfd500 -4151>
2014-08-13 16:24:27.652210 7fd93dff0700 1 -- 192.168.1.115:0/25220 mark_down 0x8d21e40 -- 0x8caf800 -4150>
2014-08-13 16:24:27.652240 7fd93dff0700 1 -- 192.168.1.115:0/25220 mark_down 0x8d21b80 -- 0x8caf580 -4149>
2014-08-13 16:24:27.652292 7fd9018d4700 2 -- 192.168.1.115:0/25220 >> 192.168.100.115:6831/59915 pipe(0x8caf580 sd=519 :44121 s=4 pgs=120 cs=1 l=1 c=0x8d21b80).reader couldn't read tag, (0) Success -4148>
2014-08-13 16:24:27.652308 7fd93dff0700 1 -- 192.168.1.115:6813/25220 <== osd.324 192.168.1.104:6814/65209 12 ==== osd_map(194451..194451 src has 185139..194451) v3 ==== 1595+0+0 (2946913855 0 0) 0x7cf3a80 con 0x7315ee0 -4147>
2014-08-13 16:24:27.652327 7fd9018d4700 2 -- 192.168.1.115:0/25220 >> 192.168.100.115:6831/59915 pipe(0x8caf580 sd=519 :44121 s=4 pgs=120 cs=1 l=1 c=0x8d21b80).fault (0) Success -4146>
2014-08-13 16:24:27.652337 7fd93dff0700 3 osd.4 194451 handle_osd_map epochs [194451,194451], i have 194451, src has [185139,194451] -4145>
2014-08-13 16:24:27.652352 7fd93dff0700 1 -- 192.168.1.115:6813/25220 <== osd.342 192.168.1.110:6802/41438 10 ==== osd_map(194451..194451 src has 185139..194451) v3 ==== 1595+0+0 (2946913855 0 0) 0x7e7d580 con 0x7314fc0 -4144>
2014-08-13 16:24:27.652367 7fd93dff0700 3 osd.4 194451 handle_osd_map epochs [194451,194451], i have 194451, src has [185139,194451] -4143>
2014-08-13 16:24:27.652376 7fd93dff0700 1 -- 192.168.1.115:6813/25220 <== osd.302 192.168.1.113:6810/15731 8 ==== osd_map(194451..194451 src has 185139..194451) v3 ==== 1595+0+0 (2946913855 0 0) 0x859d340 con 0x7316f60 -4142>
2014-08-13 16:24:27.652391 7fd93dff0700 3 osd.4 194451 handle_osd_map epochs [194451,194451], i have 194451, src has [185139,194451] -4141>
2014-08-13 16:24:27.652363 7fd908a45700 2 -- 192.168.1.115:0/25220 >> 192.168.1.115:6839/62713 pipe(0x8bfd780 sd=459 :49080 s=4 pgs=131 cs=1 l=1 c=0x8ba06e0).reader couldn't read tag, (0) Success -4140>
2014-08-13 16:24:27.652400 7fd93dff0700 1 -- 192.168.1.115:6813/25220 <== osd.48 192.168.1.112:6838/8300 7 ==== osd_map(194451..194451 src has 185139..194451) v3 ==== 1595+0+0 (2946913855 0 0) 0x7e79200 con 0x8da1760 -4139>
2014-08-13 16:24:27.652400 7fd908a45700 2 -- 192.168.1.115:0/25220 >> 192.168.1.115:6839/62713 pipe(0x8bfd780 sd=459 :49080 s=4 pgs=131 cs=1 l=1 c=0x8ba06e0).fault (0) Success -4138>
2014-08-13 16:24:27.652414 7fd93dff0700 3 osd.4 194451 handle_osd_map epochs [194451,194451], i have 194451, src has [185139,194451] -4137>
2014-08-13 16:24:27.652423 7fd93dff0700 1 -- 192.168.1.115:6813/25220 <== osd.310 192.168.1.109:6812/32413 10 ==== osd_map(194451..194451 src has 185139..194451) v3 ==== 1595+0+0 (2946913855 0 0) 0x33e3600 con 0x8da0b00 -4136>
2014-08-13 16:24:27.652437 7fd93dff0700 3 osd.4 194451 handle_osd_map epochs [194451,194451], i have 194451, src has [185139,194451] -4135>
2014-08-13 16:24:27.652464 7fd93f3f2700 3 osd.4 194451 handle_osd_map epochs [194450,194451], i have 194451, src has [185139,194451] -4134>
2014-08-13 16:24:27.652472 7fd93dff0700 1 -- 192.168.1.115:6813/25220 <== osd.350 192.168.1.114:6832/53185 7 ==== osd_map(194451..194451 src has 185139..194451) v3 ==== 1595+0+0 (2946913855 0 0) 0x8598900 con 0x8da6b40 -4133>
2014-08-13 16:24:27.652489 7fd93dff0700 3 osd.4 194451 handle_osd_map epochs [194451,194451], i have 194451, src has [185139,194451] -4132>
2014-08-13 16:24:27.652500 7fd93dff0700 1 -- 192.168.1.115:6813/25220 <== osd.311 192.168.1.101:6816/24270 8 ==== osd_map(194451..194451 src has 185139..194451) v3 ==== 1595+0+0 (2946913855 0 0) 0x8d08480 con 0x8da5120 -4131>
2014-08-13 16:24:27.652498 7fd93f3f2700 1 -- 192.168.100.115:6805/25220 <== mon.2 192.168.100.113:6789/0 26 ==== log(last 3) v1 ==== 24+0+0 (2732342619 0 0) 0x899e580 con 0x4e3dd80 -4130>
2014-08-13 16:24:27.652514 7fd93dff0700 3 osd.4 194451 handle_osd_map epochs [194451,194451], i have 194451, src has [185139,194451] -4129>
2014-08-13 16:24:27.652519 7fd93f3f2700 10 handle_log_ack log(last 3) v1 -4128>
2014-08-13 16:24:27.652522 7fd93f3f2700 10 logged
2014-08-13 16:24:25.188141 osd.4 192.168.100.115:6805/25220 3 : [INF] 22.1b8 deep-scrub ok -4127>
2014-08-13 16:24:27.652525 7fd93dff0700 1 -- 192.168.1.115:6813/25220 <== osd.363 192.168.1.102:6842/20017 10 ==== osd_map(194451..194451 src has 185139..194451) v3 ==== 1595+0+0 (2946913855 0 0) 0x7e7e0c0 con 0x72d9b80 -4126>
2014-08-13 16:24:27.652539 7fd93dff0700 3 osd.4 194451 handle_osd_map epochs [194451,194451], i have 194451, src has [185139,194451] -4125>
2014-08-13 16:24:27.652550 7fd94ac49700 5 osd.4 194451 tick -4124>
2014-08-13 16:24:27.652548 7fd93dff0700 1 -- 192.168.1.115:6813/25220 <== osd.378 192.168.1.102:6840/19195 7 ==== osd_map(194451..194451 src has 185139..194451) v3 ==== 1595+0+0 (2946913855 0 0) 0x7b11680 con 0x72dc620 -4123>
2014-08-13 16:24:27.652641 7fd93dff0700 3 osd.4 194451 handle_osd_map epochs [194451,194451], i have 194451, src has [185139,194451] -4122>
2014-08-13 16:24:27.652640 7fd901dd9700 2 -- 192.168.1.115:0/25220 >> 192.168.1.115:6814/59915 pipe(0x8caf800 sd=518 :35343 s=4 pgs=120 cs=1 l=1 c=0x8d21e40).reader couldn't read tag, (0) Success -4121>
2014-08-13 16:24:27.652661 7fd93dff0700 1 -- 192.168.1.115:6813/25220 <== osd.7 192.168.1.115:6838/62713 9 ==== osd_map(194451..194451 src has 185139..194451) v3 ==== 1595+0+0 (2946913855 0 0) 0x7e7a400 con 0x72d8dc0 -4120>
2014-08-13 16:24:27.652670 7fd901dd9700 2 -- 192.168.1.115:0/25220 >> 192.168.1.115:6814/59915 pipe(0x8caf800 sd=518 :35343 s=4 pgs=120 cs=1 l=1 c=0x8d21e40).fault (0) Success -4119>
2014-08-13 16:24:27.652681 7fd93dff0700 3 osd.4 194451 handle_osd_map epochs [194451,194451], i have 194451, src has [185139,194451] -4118>
2014-08-13 16:24:27.652692 7fd93dff0700 1 -- 192.168.1.115:6813/25220 <== osd.352 192.168.1.108:6826/4273 8 ==== osd_map(194451..194451 src has 185139..194451) v3 ==== 1595+0+0 (2946913855 0 0) 0x7cf5c40 con 0x72dfa60 -4117>
2014-08-13 16:24:27.652706 7fd93dff0700 3 osd.4 194451 handle_osd_map epochs [194451,194451], i have 194451, src has [185139,194451] -4116>
2014-08-13 16:24:27.652715 7fd93dff0700 1 -- 192.168.1.115:6813/25220 <== osd.366 192.168.1.108:6828/4534 7 ==== osd_map(194451..194451 src has 185139..194451) v3 ==== 1595+0+0 (2946913855 0 0) 0x506ee40 con 0x72de9e0 -4115>
2014-08-13 16:24:27.652728 7fd93dff0700 3 osd.4 194451 handle_osd_map epochs [194451,194451], i have 194451, src has [185139,194451] -4114>
2014-08-13 16:24:27.652738 7fd93dff0700 1 -- 192.168.1.115:6813/25220 <== osd.0 192.168.1.115:6810/59615 8 ==== osd_map(194451..194451 src has 185139..194451) v3 ==== 1595+0+0 (2946913855 0 0) 0x7e78b40 con 0x8e29fa0 -4113>
2014-08-13 16:24:27.652752 7fd93dff0700 3 osd.4 194451 handle_osd_map epochs [194451,194451], i have 194451, src has [185139,194451] -4112>
2014-08-13 16:24:27.652760 7fd93dff0700 1 -- 192.168.1.115:6813/25220 <== osd.369 192.168.1.108:6824/4037 13 ==== osd_map(194451..194451 src has 185139..194451) v3 ==== 1595+0+0 (2946913855 0 0) 0x7e79d40 con 0x8e286e0 -4111>
2014-08-13 16:24:27.652774 7fd93dff0700 3 osd.4 194451 handle_osd_map epochs [194451,194451], i have 194451, src has [185139,194451] -4110>
2014-08-13 16:24:27.652784 7fd93dff0700 1 -- 192.168.1.115:6813/25220 <== osd.380 192.168.1.114:6822/51844 7 ==== osd_map(194451..194451 src has 185139..194451) v3 ==== 1595+0+0 (2946913855 0 0) 0x506e540 con 0x8e2c360 -4109>
2014-08-13 16:24:27.652798 7fd9371e5700 10 monclient: _send_mon_message to mon.storage0113-ib at 192.168.100.113:6789/0 -4108>
2014-08-13 16:24:27.652821 7fd9371e5700 1 -- 192.168.100.115:6805/25220 --> 192.168.100.113:6789/0 -- osd_pgtemp(e194451 {24.39a=[4,395,13]} v194451) v1 -- ?+0 0x801b480 con 0x4e3dd80 -4107>
2014-08-13 16:24:27.652835 7fd907f3a700 2 -- 192.168.1.115:0/25220 >> 192.168.100.115:6846/62713 pipe(0x8bfd500 sd=460 :51090 s=4 pgs=131 cs=1 l=1 c=0x8c698c0).reader couldn't read tag, (0) Success -4106>
2014-08-13 16:24:27.652867 7fd907f3a700 2 -- 192.168.1.115:0/25220 >> 192.168.100.115:6846/62713 pipe(0x8bfd500 sd=460 :51090 s=4 pgs=131 cs=1 l=1 c=0x8c698c0).fault (0) Success -4105>
2014-08-13 16:24:27.652934 7fd93dff0700 3 osd.4 194451 handle_osd_map epochs [194451,194451], i have 194451, src has [185139,194451] -4104>
2014-08-13 16:24:27.652959 7fd93dff0700 1 -- 192.168.1.115:6813/25220 <== osd.65 192.168.1.111:6842/17345 14 ==== osd_map(194451..194451 src has 185139..194451) v3 ==== 1595+0+0 (2946913855 0 0) 0x7b14140 con 0x8e2f900 -4103>
2014-08-13 16:24:27.652979 7fd93dff0700 3 osd.4 194451 handle_osd_map epochs [194451,194451], i have 194451, src has [185139,194451] -4102>
2014-08-13 16:24:27.652987 7fd93dff0700 1 -- 192.168.1.115:6813/25220 <== osd.25 192.168.1.103:6800/36920 7 ==== osd_map(194451..194451 src has 185139..194451) v3 ==== 1595+0+0 (2946913855 0 0) 0x7b121c0 con 0x8e2b860 -4101>
2014-08-13 16:24:27.653001 7fd93dff0700 3 osd.4 194451 handle_osd_map epochs [194451,194451], i have 194451, src has [185139,194451] -4100>
2014-08-13 16:24:27.653013 7fd93dff0700 1 -- 192.168.1.115:6813/25220 <== osd.307 192.168.1.109:6804/31016 8 ==== osd_map(194451..194451 src has 185139..194451) v3 ==== 1595+0+0 (2946913855 0 0) 0x8d08b40 con 0x7379ce0 -4099>
2014-08-13 16:24:27.653027 7fd93dff0700 3 osd.4 194451 handle_osd_map epochs [194451,194451], i have 194451, src has [185139,194451] -4098>
2014-08-13 16:24:27.653036 7fd93dff0700 1 -- 192.168.1.115:6813/25220 <== osd.338 192.168.1.106:6814/25893 6 ==== osd_map(194451..194451 src has 185139..194451) v3 ==== 1595+0+0 (2946913855 0 0) 0x7cf3f00 con 0x737fe80 -4097>
2014-08-13 16:24:27.653049 7fd93dff0700 3 osd.4 194451 handle_osd_map epochs [194451,194451], i have 194451, src has [185139,194451] -4096>
2014-08-13 16:24:27.653057 7fd93dff0700 1 -- 192.168.1.115:6813/25220 <== osd.11 192.168.1.103:6813/37929 8 ==== osd_map(194451..194451 src has 185139..194451) v3 ==== 1595+0+0 (2946913855 0 0) 0x7cf7740 con 0x73ca680 -4095>
2014-08-13 16:24:27.653070 7fd93dff0700 3 osd.4 194451 handle_osd_map epochs [194451,194451], i have 194451, src has [185139,194451] -4094>
2014-08-13 16:24:27.653079 7fd93dff0700 1 -- 192.168.1.115:6813/25220 <== osd.339 192.168.1.110:6818/45268 14 ==== osd_map(194451..194451 src has 185139..194451) v3 ==== 1595+0+0 (2946913855 0 0) 0x8bd5c40 con 0x73cdc20 -4093>
2014-08-13 16:24:27.653092 7fd93dff0700 3 osd.4 194451 handle_osd_map epochs [194451,194451], i have 194451, src has [185139,194451] -4092>
2014-08-13 16:24:27.653101 7fd93dff0700 1 -- 192.168.1.115:6813/25220 <== osd.306 192.168.1.101:6806/6812 5 ==== osd_map(194451..194451 src has 185139..194451) v3 ==== 1595+0+0 (2946913855 0 0) 0x7e7c140 con 0x73ccba0 -4091>
2014-08-13 16:24:27.653114 7fd93dff0700 3 osd.4 194451 handle_osd_map epochs [194451,194451], i have 194451, src has [185139,194451] -4090>
2014-08-13 16:24:27.653122 7fd93dff0700 1 -- 192.168.1.115:6813/25220 <== osd.396 192.168.1.105:6814/41806 5 ==== osd_map(194451..194451 src has 185139..194451) v3 ==== 1595+0+0 (2946913855 0 0) 0x8d08fc0 con 0x7462100 -4089>
2014-08-13 16:24:27.653135 7fd93dff0700 3 osd.4 194451 handle_osd_map epochs [194451,194451], i have 194451, src has [185139,194451] -4088>
2014-08-13 16:24:27.653143 7fd93dff0700 1 -- 192.168.1.115:6813/25220 <== osd.365 192.168.1.102:6824/15623 11 ==== osd_map(194451..194451 src has 185139..194451) v3 ==== 1595+0+0 (2946913855 0 0) 0x33e2640 con 0x7723440 -4087>
2014-08-13 16:24:27.653159 7fd93dff0700 3 osd.4 194451 handle_osd_map epochs [194451,194451], i have 194451, src has [185139,194451] -4086>
2014-08-13 16:24:27.653167 7fd93dff0700 1 -- 192.168.1.115:6813/25220 <== osd.357 192.168.1.102:6834/17224 8 ==== osd_map(194451..194451 src has 185139..194451) v3 ==== 1595+0+0 (2946913855 0 0) 0x7b13cc0 con 0x7724780 -4085>
2014-08-13 16:24:27.653194 7fd93dff0700 3 osd.4 194451 handle_osd_map epochs [194451,194451], i have 194451, src has [185139,194451] -4084>
2014-08-13 16:24:27.653203 7fd93dff0700 1 -- 192.168.1.115:6813/25220 <== osd.353 192.168.1.108:6836/6227 10 ==== osd_map(194451..194451 src has 185139..194451) v3 ==== 1595+0+0 (2946913855 0 0) 0x8bd6c00 con 0x77809a0 -4083>
2014-08-13 16:24:27.653217 7fd93dff0700 3 osd.4 194451 handle_osd_map epochs [194451,194451], i have 194451, src has [185139,194451] -4082>
2014-08-13 16:24:27.653225 7fd93dff0700 1 -- 192.168.1.115:6813/25220 <== osd.318 192.168.1.110:6814/43857 8 ==== osd_map(194451..194451 src has 185139..194451) v3 ==== 1595+0+0 (2946913855 0 0) 0x7e7a880 con 0x77c2260 -4081>
2014-08-13 16:24:27.653238 7fd93dff0700 3 osd.4 194451 handle_osd_map epochs [194451,194451], i have 194451, src has [185139,194451] -4080>
2014-08-13 16:24:27.653247 7fd93dff0700 1 -- 192.168.1.115:6813/25220 <== osd.309 192.168.1.101:6814/23703 8 ==== osd_map(194451..194451 src has 185139..194451) v3 ==== 1595+0+0 (2946913855 0 0) 0x7b10900 con 0x77fe720 -4079>
2014-08-13 16:24:27.653260 7fd93dff0700 3 osd.4 194451 handle_osd_map epochs [194451,194451], i have 194451, src has [185139,194451] -4078>
2014-08-13 16:24:27.653270 7fd93dff0700 1 -- 192.168.1.115:6813/25220 <== osd.26 192.168.1.115:6802/58522 4 ==== pg_notify(24.34(29) epoch 194451) v5 ==== 2199+0+0 (1147011204 0 0) 0x8c8a680 con 0x7d2d120 -4077>
2014-08-13 16:24:27.653287 7fd93dff0700 5 -- op tracker -- , seq: 910, time:
2014-08-13 16:24:25.689055, event: header_read, request: pg_notify(24.34(29) epoch 194451) v5 -4076>
2014-08-13 16:24:27.653297 7fd93dff0700 5 -- op tracker -- , seq: 910, time:
2014-08-13 16:24:25.689056, event: throttled, request: pg_notify(24.34(29) epoch 194451) v5 -4075>
2014-08-13 16:24:27.653303 7fd93dff0700 5 -- op tracker -- , seq: 910, time:
2014-08-13 16:24:25.689310, event: all_read, request: pg_notify(24.34(29) epoch 194451) v5 -4074>
2014-08-13 16:24:27.653309 7fd93dff0700 5 -- op tracker -- , seq: 910, time:
2014-08-13 16:24:27.653283, event: dispatched, request: pg_notify(24.34(29) epoch 194451) v5 -4073>
2014-08-13 16:24:27.653316 7fd93dff0700 5 -- op tracker -- , seq: 910, time:
2014-08-13 16:24:27.653316, event: waiting_for_osdmap, request: pg_notify(24.34(29) epoch 194451) v5 -4072>
2014-08-13 16:24:27.653327 7fd93dff0700 5 -- op tracker -- , seq: 910, time:
2014-08-13 16:24:27.653327, event: started, request: pg_notify(24.34(29) epoch 194451) v5 -4071>
2014-08-13 16:24:27.653364 7fd93dff0700 5 -- op tracker -- , seq: 910, time:
2014-08-13 16:24:27.653364, event: done, request: pg_notify(24.34(29) epoch 194451) v5 -4070>
2014-08-13 16:24:27.653394 7fd93dff0700 1 -- 192.168.1.115:6813/25220 <== osd.59 192.168.1.112:6822/5265 7 ==== osd_map(194451..194451 src has 185139..194451) v3 ==== 1595+0+0 (2946913855 0 0) 0x7b12640 con 0x81aad60 -4069>
2014-08-13 16:24:27.653412 7fd93dff0700 3 osd.4 194451 handle_osd_map epochs [194451,194451], i have 194451, src has [185139,194451] -4068>
2014-08-13 16:24:27.653421 7fd93dff0700 1 -- 192.168.1.115:6813/25220 <== osd.314 192.168.1.101:6802/22303 7 ==== osd_map(194451..194451 src has 185139..194451) v3 ==== 1595+0+0 (2946913855 0 0) 0x859f500 con 0x7d2d280 -4067>
2014-08-13 16:24:27.653435 7fd93dff0700 3 osd.4 194451 handle_osd_map epochs [194451,194451], i have 194451, src has [185139,194451] -4066>
2014-08-13 16:24:27.653443 7fd93dff0700 1 -- 192.168.1.115:6813/25220 <== osd.63 192.168.1.111:6830/12680 7 ==== osd_map(194451..194451 src has 185139..194451) v3 ==== 1595+0+0 (2946913855 0 0) 0x859ec00 con 0x821f900 -4065>
2014-08-13 16:24:27.653457 7fd93dff0700 3 osd.4 194451 handle_osd_map epochs [194451,194451], i have 194451, src has [185139,194451] -4064>
2014-08-13 16:24:27.653469 7fd93dff0700 1 -- 192.168.1.115:6813/25220 <== osd.382 192.168.1.108:6800/30527 5 ==== osd_map(194451..194451 src has 185139..194451) v3 ==== 1595+0+0 (2946913855 0 0) 0x7cf3600 con 0x80c7e80 -4063>
2014-08-13 16:24:27.653483 7fd93dff0700 3 osd.4 194451 handle_osd_map epochs [194451,194451], i have 194451, src has [185139,194451] -4062>
2014-08-13 16:24:27.653491 7fd93dff0700 1 -- 192.168.1.115:6813/25220 <== osd.381 192.168.1.102:6822/15390 7 ==== osd_map(194451..194451 src has 185139..194451) v3 ==== 1595+0+0 (2946913855 0 0) 0x7e79f80 con 0x80c7d20 -4061>
2014-08-13 16:24:27.653505 7fd93dff0700 3 osd.4 194451 handle_osd_map epochs [194451,194451], i have 194451, src has [185139,194451] -4060>
2014-08-13 16:24:27.653513 7fd93dff0700 1 -- 192.168.1.115:6813/25220 <== osd.348 192.168.1.110:6800/41204 7 ==== osd_map(194451..194451 src has 185139..194451) v3 ==== 1595+0+0 (2946913855 0 0) 0x7e7e780 con 0x8238c60 -4059>
2014-08-13 16:24:27.653526 7fd93dff0700 3 osd.4 194451 handle_osd_map epochs [194451,194451], i have 194451, src has [185139,194451] -4058>
2014-08-13 16:24:27.653535 7fd93dff0700 1 -- 192.168.1.115:6813/25220 <== osd.10 192.168.1.115:6815/60573 13 ==== osd_map(194451..194451 src has 185139..194451) v3 ==== 1595+0+0 (2946913855 0 0) 0x8bd7500 con 0x4e49080 -4057>
2014-08-13 16:24:27.653548 7fd93dff0700 3 osd.4 194451 handle_osd_map epochs [194451,194451], i have 194451, src has [185139,194451] -4056>
2014-08-13 16:24:27.653556 7fd93dff0700 1 -- 192.168.1.115:6813/25220 <== osd.9 192.168.1.107:6817/53997 21 ==== osd_map(194451..194451 src has 185139..194451) v3 ==== 1595+0+0 (2946913855 0 0) 0x859f080 con 0x4e498c0 -4055>
2014-08-13 16:24:27.653570 7fd93dff0700 3 osd.4 194451 handle_osd_map epochs [194451,194451], i have 194451, src has [185139,194451] -4054>
2014-08-13 16:24:27.653578 7fd93dff0700 1 -- 192.168.1.115:6813/25220 <== osd.28 192.168.1.103:6805/37391 13 ==== osd_map(194451..194451 src has 185139..194451) v3 ==== 1595+0+0 (2946913855 0 0) 0x8599200 con 0x4e4ad60 -4053>
2014-08-13 16:24:27.653591 7fd93dff0700 3 osd.4 194451 handle_osd_map epochs [194451,194451], i have 194451, src has [185139,194451] -4052>
2014-08-13 16:24:27.653600 7fd93dff0700 1 -- 192.168.1.115:6813/25220 <== osd.301 192.168.1.113:6814/16727 15 ==== osd_map(194451..194451 src has 185139..194451) v3 ==== 1595+0+0 (2946913855 0 0) 0x7cf21c0 con 0x4e4b860 -4051>
2014-08-13 16:24:27.653613 7fd93dff0700 3 osd.4 194451 handle_osd_map epochs [194451,194451], i have 194451, src has [185139,194451] -4050>
2014-08-13 16:24:27.653620 7fd93dff0700 1 -- 192.168.1.115:6813/25220 <== osd.62 192.168.1.112:6824/5505 8 ==== osd_map(194451..194451 src has 185139..194451) v3 ==== 1595+0+0 (2946913855 0 0) 0x8598240 con 0x4e4c200 -4049>
2014-08-13 16:24:27.653634 7fd93dff0700 3 osd.4 194451 handle_osd_map epochs [194451,194451], i have 194451, src has [185139,194451] -4048>
2014-08-13 16:24:27.653642 7fd93dff0700 1 -- 192.168.1.115:6813/25220 <== osd.58 192.168.1.111:6834/14316 19 ==== osd_map(194451..194451 src has 185139..194451) v3 ==== 1595+0+0 (2946913855 0 0) 0x859ba80 con 0x4e4dd80 -4047>
2014-08-13 16:24:27.653655 7fd93dff0700 3 osd.4 194451 handle_osd_map epochs [194451,194451], i have 194451, src has [185139,194451] -4046>
2014-08-13 16:24:27.653664 7fd93dff0700 1 -- 192.168.1.115:6813/25220 <== osd.54 192.168.1.111:6836/14923 13 ==== osd_map(194451..194451 src has 185139..194451) v3 ==== 1595+0+0 (2946913855 0 0) 0x8bd0900 con 0x4e4ce60 -4045>
2014-08-13 16:24:27.653678 7fd93dff0700 3 osd.4 194451 handle_osd_map epochs [194451,194451], i have 194451, src has [185139,194451] -4044>
2014-08-13 16:24:27.653686 7fd93dff0700 1 -- 192.168.1.115:6813/25220 <== osd.291 192.168.1.101:6820/25633 10 ==== osd_map(194451..194451 src has 185139..194451) v3 ==== 1595+0+0 (2946913855 0 0) 0x7b10000 con 0x4e4e5c0 -4043>
2014-08-13 16:24:27.653699 7fd93dff0700 3 osd.4 194451 handle_osd_map epochs [194451,194451], i have 194451, src has [185139,194451] -4042>
2014-08-13 16:24:27.653707 7fd93dff0700 1 -- 192.168.1.115:6813/25220 <== osd.304 192.168.1.101:6808/22782 13 ==== osd_map(194451..194451 src has 185139..194451) v3 ==== 1595+0+0 (2946913855 0 0) 0x7cf3840 con 0x4e4d800 -4041>
2014-08-13 16:24:27.653720 7fd93dff0700 3 osd.4 194451 handle_osd_map epochs [194451,194451], i have 194451, src has [185139,194451] -4040>
2014-08-13 16:24:27.653737 7fd93dff0700 1 -- 192.168.1.115:6813/25220 <== osd.30 192.168.1.107:6823/55491 23 ==== osd_map(194451..194451 src has 185139..194451) v3 ==== 1595+0+0 (2946913855 0 0) 0x8d0b3c0 con 0x4e4f900 -4039>
2014-08-13 16:24:27.653757 7fd93dff0700 3 osd.4 194451 handle_osd_map epochs [194451,194451], i have 194451, src has [185139,194451] -4038>
2014-08-13 16:24:27.653766 7fd93dff0700 1 -- 192.168.1.115:6813/25220 <== osd.285 192.168.1.101:6822/26295 13 ==== osd_map(194451..194451 src has 185139..194451) v3 ==== 1595+0+0 (2946913855 0 0) 0x8d08240 con 0x4fe0840 -4037>
2014-08-13 16:24:27.653779 7fd93dff0700 3 osd.4 194451 handle_osd_map epochs [194451,194451], i have 194451, src has [185139,194451] -4036>
2014-08-13 16:24:27.653786 7fd93dff0700 1 -- 192.168.1.115:6813/25220 <== osd.345 192.168.1.110:6820/46337 29 ==== osd_map(194451..194452 src has 185139..194452) v3 ==== 1977+0+0 (1444941786 0 0) 0x7cf3cc0 con 0x4fe0000 -4035>
2014-08-13 16:24:27.653832 7fd93dff0700 3 osd.4 194451 handle_osd_map epochs [194451,194452], i have 194451, src has [185139,194452] -4034>
2014-08-13 16:24:27.653832 7fd93f3f2700 1 -- 192.168.100.115:6805/25220 <== mon.2 192.168.100.113:6789/0 27 ==== osd_map(194451..194452 src has 185139..194452) v3 ==== 1977+0+0 (1444941786 0 0) 0x5070240 con 0x4e3dd80 -4033>
2014-08-13 16:24:27.654741 7fd9367e4700 10 monclient: _send_mon_message to mon.storage0113-ib at 192.168.100.113:6789/0 -4032>
2014-08-13 16:24:27.654763 7fd9367e4700 1 -- 192.168.100.115:6805/25220 --> 192.168.100.113:6789/0 -- osd_pgtemp(e194451 {24.39a=[4,395,13]} v194451) v1 -- ?+0 0x801e180 con 0x4e3dd80 -4031>
2014-08-13 16:24:27.655236 7fd9371e5700 5 osd.4 pg_epoch: 194451 pg[24.39a( v 194422'13151 lc 194370'13054 (192718'10533,194422'13151] local-les=194449 n=50 ec=192688 les/c 194449/194351 194450/194450/194450) [349,4]/[4,395] r=0 lpr=194450 pi=193304-194449/51 crt=194422'13151 lcod 0'0 mlcod 0'0 remapped m=49] exit Started/Primary/Peering/WaitActingChange 2.453823 2 0.000273 -4030>
2014-08-13 16:24:27.655284 7fd9371e5700 5 osd.4 pg_epoch: 194451 pg[24.39a( v 194422'13151 lc 194370'13054 (192718'10533,194422'13151] local-les=194449 n=50 ec=192688 les/c 194449/194351 194450/194450/194450) [349,4]/[4,395] r=0 lpr=194450 pi=193304-194449/51 crt=194422'13151 lcod 0'0 mlcod 0'0 remapped m=49] exit Started/Primary 2.453892 0 0.000000 -4029>
2014-08-13 16:24:27.655307 7fd9371e5700 5 osd.4 pg_epoch: 194451 pg[24.39a( v 194422'13151 lc 194370'13054 (192718'10533,194422'13151] local-les=194449 n=50 ec=192688 les/c 194449/194351 194450/194450/194450) [349,4]/[4,395] r=0 lpr=194450 pi=193304-194449/51 crt=194422'13151 lcod 0'0 mlcod 0'0 remapped m=49] exit Started 2.465104 0 0.000000 -4028>
2014-08-13 16:24:27.655329 7fd9371e5700 5 osd.4 pg_epoch: 194451 pg[24.39a( v 194422'13151 lc 194370'13054 (192718'10533,194422'13151] local-les=194449 n=50 ec=192688 les/c 194449/194351 194450/194450/194450) [349,4]/[4,395] r=0 lpr=194450 pi=193304-194449/51 crt=194422'13151 lcod 0'0 mlcod 0'0 remapped m=49] enter Reset -4027>
2014-08-13 16:24:27.655429 7fd9371e5700 5 osd.4 pg_epoch: 194451 pg[24.39a( v 194422'13151 lc 194370'13054 (192718'10533,194422'13151] local-les=194449 n=50 ec=192688 les/c 194449/194351 194450/194451/194450) [349,4]/[4,395,13] r=0 lpr=194451 pi=193304-194450/52 crt=194422'13151 lcod 0'0 mlcod 0'0 remapped m=49] exit Reset 0.000101 1 0.000191 -4026>
2014-08-13 16:24:27.655459 7fd9371e5700 5 osd.4 pg_epoch: 194451 pg[24.39a( v 194422'13151 lc 194370'13054 (192718'10533,194422'13151] local-les=194449 n=50 ec=192688 les/c 194449/194351 194450/194451/194450) [349,4]/[4,395,13] r=0 lpr=194451 pi=193304-194450/52 crt=194422'13151 lcod 0'0 mlcod 0'0 remapped m=49] enter Started -4025>
2014-08-13 16:24:27.655478 7fd9371e5700 5 osd.4 pg_epoch: 194451 pg[24.39a( v 194422'13151 lc 194370'13054 (192718'10533,194422'13151] local-les=194449 n=50 ec=192688 les/c 194449/194351 194450/194451/194450) [349,4]/[4,395,13] r=0 lpr=194451 pi=193304-194450/52 crt=194422'13151 lcod 0'0 mlcod 0'0 remapped m=49] enter Start -4024>
2014-08-13 16:24:27.655500 7fd9371e5700 1 osd.4 pg_epoch: 194451 pg[24.39a( v 194422'13151 lc 194370'13054 (192718'10533,194422'13151] local-les=194449 n=50 ec=192688 les/c 194449/194351 194450/194451/194450) [349,4]/[4,395,13] r=0 lpr=194451 pi=193304-194450/52 crt=194422'13151 lcod 0'0 mlcod 0'0 remapped m=49] state: transitioning to Primary -4023>
2014-08-13 16:24:27.655525 7fd9371e5700 5 osd.4 pg_epoch: 194451 pg[24.39a( v 194422'13151 lc 194370'13054 (192718'10533,194422'13151] local-les=194449 n=50 ec=192688 les/c 194449/194351 194450/194451/194450) [349,4]/[4,395,13] r=0 lpr=194451 pi=193304-194450/52 crt=194422'13151 lcod 0'0 mlcod 0'0 remapped m=49] exit Start 0.000047 0 0.000000 -4022>
2014-08-13 16:24:27.655549 7fd9371e5700 5 osd.4 pg_epoch: 194451 pg[24.39a( v 194422'13151 lc 194370'13054 (192718'10533,194422'13151] local-les=194449 n=50 ec=192688 les/c 194449/194351 194450/194451/194450) [349,4]/[4,395,13] r=0 lpr=194451 pi=193304-194450/52 crt=194422'13151 lcod 0'0 mlcod 0'0 remapped m=49] enter Started/Primary -4021>
2014-08-13 16:24:27.655570 7fd9371e5700 5 osd.4 pg_epoch: 194451 pg[24.39a( v 194422'13151 lc 194370'13054 (192718'10533,194422'13151] local-les=194449 n=50 ec=192688 les/c 194449/194351 194450/194451/194450) [349,4]/[4,395,13] r=0 lpr=194451 pi=193304-194450/52 crt=194422'13151 lcod 0'0 mlcod 0'0 remapped m=49] enter Started/Primary/Peering -4020>
2014-08-13 16:24:27.655588 7fd9371e5700 5 osd.4 pg_epoch: 194451 pg[24.39a( v 194422'13151 lc 194370'13054 (192718'10533,194422'13151] local-les=194449 n=50 ec=192688 les/c 194449/194351 194450/194451/194450) [349,4]/[4,395,13] r=0 lpr=194451 pi=193304-194450/52 crt=194422'13151 lcod 0'0 mlcod 0'0 remapped+peering m=49] enter Started/Primary/Peering/GetInfo -4019>
2014-08-13 16:24:27.659021 7fd9371e5700 10 monclient: _send_mon_message to mon.storage0113-ib at 192.168.100.113:6789/0 -4018>
2014-08-13 16:24:27.659040 7fd9371e5700 1 -- 192.168.100.115:6805/25220 --> 192.168.100.113:6789/0 -- osd_alive(want up_thru 194451 have 194451) v1 -- ?+0 0x81c0000 con 0x4e3dd80 -4017>
2014-08-13 16:24:27.659062 7fd9371e5700 1 -- 192.168.1.115:6813/25220 --> 192.168.1.115:6804/58748 -- pg_query(24.39a epoch 194451) v3 -- ?+0 0x8019a40 con 0x4fd9b80 -4016>
2014-08-13 16:24:27.659082 7fd9371e5700 1 -- 192.168.1.115:6813/25220 --> 192.168.1.104:6800/61726 -- pg_query(24.39a epoch 194451) v3 -- ?+0 0x801aee0 con 0x7313860 -4015>
2014-08-13 16:24:27.659103 7fd9371e5700 1 -- 192.168.1.115:6813/25220 --> 192.168.1.105:6810/41287 -- pg_query(24.39a epoch 194451) v3 -- ?+0 0x8018960 con 0x51127e0 -4014>
2014-08-13 16:24:27.659382 7fd93dff0700 0 osd.4 194452 crush map has features 2578087936000, adjusting msgr requires for mons -4013>
2014-08-13 16:24:27.663801 7fd93dff0700 1 -- 192.168.1.115:6813/25220 <== osd.356 192.168.1.108:6832/5235 24 ==== osd_map(194451..194451 src has 185139..194451) v3 ==== 1595+0+0 (2946913855 0 0) 0x859af40 con 0x4fd8000 -4012>
2014-08-13 16:24:27.663835 7fd93dff0700 3 osd.4 194452 handle_osd_map epochs [194451,194451], i have 194452, src has [185139,194451] -4011>
2014-08-13 16:24:27.663851 7fd93dff0700 1 -- 192.168.1.115:6813/25220 <== osd.20 192.168.1.103:6815/38269 17 ==== osd_map(194451..194451 src has 185139..194451) v3 ==== 1595+0+0 (2946913855 0 0) 0x8599d40 con 0x4fe1600 -4010>
2014-08-13 16:24:27.663871 7fd93dff0700 3 osd.4 194452 handle_osd_map epochs [194451,194451], i have 194452, src has [185139,194451] -4009>
