2014-07-25 18:34:28.118098 7f0717b57700 5 -- op tracker -- , seq: 1059, time:
2014-07-25 18:34:28.025464, event: throttled, op: pg_info(1 pgs e101:1.31) -145>
2014-07-25 18:34:28.118129 7f0717b57700 5 -- op tracker -- , seq: 1059, time:
2014-07-25 18:34:28.025511, event: all_read, op: pg_info(1 pgs e101:1.31) -144>
2014-07-25 18:34:28.118141 7f0717b57700 5 -- op tracker -- , seq: 1059, time:
2014-07-25 18:34:28.117961, event: dispatched, op: pg_info(1 pgs e101:1.31) -143>
2014-07-25 18:34:28.118153 7f0717b57700 5 -- op tracker -- , seq: 1059, time:
2014-07-25 18:34:28.118149, event: waiting_for_osdmap, op: pg_info(1 pgs e101:1.31) -142>
2014-07-25 18:34:28.118164 7f0717b57700 5 -- op tracker -- , seq: 1059, time:
2014-07-25 18:34:28.118160, event: started, op: pg_info(1 pgs e101:1.31) -141>
2014-07-25 18:34:28.118193 7f0703825700 1 -- 10.242.24.154:6810/29885 <== osd.1 10.242.24.111:6804/31290 2 ==== osd_op(osd.1.8:20 obj8 [copy-get max 8388608] 7.8df7eaa5 ack+read+ignore_cache+ignore_overlay+map_snap_clone e101) v4 ==== 155+0+29 (2978383709 0 750716084) 0x37b8b40 con 0x460e680 -140>
2014-07-25 18:34:28.118224 7f0717b57700 5 -- op tracker -- , seq: 1059, time:
2014-07-25 18:34:28.118222, event: done, op: pg_info(1 pgs e101:1.31) -139>
2014-07-25 18:34:28.118291 7f070f346700 5 osd.3 pg_epoch: 101 pg[1.c( empty local-les=101 n=0 ec=1 les/c 101/98 100/100/100) [3,1] r=0 lpr=100 pi=97-99/2 crt=0'0 mlcod 0'0 active+degraded] exit Started/Primary/Active/Activating 0.198447 6 0.000168 -138>
2014-07-25 18:34:28.118308 7f070f346700 5 osd.3 pg_epoch: 101 pg[1.c( empty local-les=101 n=0 ec=1 les/c 101/98 100/100/100) [3,1] r=0 lpr=100 pi=97-99/2 crt=0'0 mlcod 0'0 active+degraded] enter Started/Primary/Active/Recovered -137>
2014-07-25 18:34:28.118319 7f070f346700 5 osd.3 pg_epoch: 101 pg[1.c( empty local-les=101 n=0 ec=1 les/c 101/98 100/100/100) [3,1] r=0 lpr=100 pi=97-99/2 crt=0'0 mlcod 0'0 active+degraded] exit Started/Primary/Active/Recovered 0.000011 0 0.000000 -136>
2014-07-25 18:34:28.118330 7f070f346700 5 osd.3 pg_epoch: 101 pg[1.c( empty local-les=101 n=0 ec=1 les/c 101/98 100/100/100) [3,1] r=0 lpr=100 pi=97-99/2 crt=0'0 mlcod 0'0 active+degraded] enter Started/Primary/Active/Clean -135>
2014-07-25 18:34:28.118342 7f0717b57700 1 -- 10.242.24.154:6811/29885 <== osd.1 10.242.24.111:6801/31290 1054 ==== pg_info(1 pgs e101:6.37) v4 ==== 706+0+0 (984599325 0 0) 0x3928d80 con 0x364f2e0 -134>
2014-07-25 18:34:28.118347 7f0703825700 5 -- op tracker -- , seq: 1060, time:
2014-07-25 18:34:28.118157, event: header_read, op: osd_op(osd.1.8:20 obj8 [copy-get max 8388608] 7.8df7eaa5 ack+read+ignore_cache+ignore_overlay+map_snap_clone e101) -133>
2014-07-25 18:34:28.118359 7f0717b57700 5 -- op tracker -- , seq: 1061, time:
2014-07-25 18:34:28.025534, event: header_read, op: pg_info(1 pgs e101:6.37) -132>
2014-07-25 18:34:28.118370 7f0717b57700 5 -- op tracker -- , seq: 1061, time:
2014-07-25 18:34:28.025535, event: throttled, op: pg_info(1 pgs e101:6.37) -131>
2014-07-25 18:34:28.118380 7f0717b57700 5 -- op tracker -- , seq: 1061, time:
2014-07-25 18:34:28.025582, event: all_read, op: pg_info(1 pgs e101:6.37) -130>
2014-07-25 18:34:28.118381 7f070f346700 1 -- 10.242.24.154:6811/29885 --> osd.1 10.242.24.111:6801/31290 -- pg_info(1 pgs e101:1.c) v4 -- ?+0 0x3926540 -129>
2014-07-25 18:34:28.118389 7f0717b57700 5 -- op tracker -- , seq: 1061, time:
2014-07-25 18:34:28.118355, event: dispatched, op: pg_info(1 pgs e101:6.37) -128>
2014-07-25 18:34:28.118397 7f0717b57700 5 -- op tracker -- , seq: 1061, time:
2014-07-25 18:34:28.118395, event: waiting_for_osdmap, op: pg_info(1 pgs e101:6.37) -127>
2014-07-25 18:34:28.118407 7f0717b57700 5 -- op tracker -- , seq: 1061, time:
2014-07-25 18:34:28.118405, event: started, op: pg_info(1 pgs e101:6.37) -126>
2014-07-25 18:34:28.118423 7f0703825700 5 -- op tracker -- , seq: 1060, time:
2014-07-25 18:34:28.118158, event: throttled, op: osd_op(osd.1.8:20 obj8 [copy-get max 8388608] 7.8df7eaa5 ack+read+ignore_cache+ignore_overlay+map_snap_clone e101) -125>
2014-07-25 18:34:28.118440 7f0703825700 5 -- op tracker -- , seq: 1060, time:
2014-07-25 18:34:28.118188, event: all_read, op: osd_op(osd.1.8:20 obj8 [copy-get max 8388608] 7.8df7eaa5 ack+read+ignore_cache+ignore_overlay+map_snap_clone e101) -124>
2014-07-25 18:34:28.118452 7f0703825700 5 -- op tracker -- , seq: 1060, time: 0.000000, event: dispatched, op: osd_op(osd.1.8:20 obj8 [copy-get max 8388608] 7.8df7eaa5 ack+read+ignore_cache+ignore_overlay+map_snap_clone e101) -123>
2014-07-25 18:34:28.118518 7f070eb45700 5 -- op tracker -- , seq: 1058, time:
2014-07-25 18:34:28.118164, event: reached_pg, op: osd_op(osd.1.8:19 obj8@snapdir [list-snaps] 7.8df7eaa5 ack+read+ignore_cache+ignore_overlay+map_snap_clone e101) -122>
2014-07-25 18:34:28.118549 7f0717b57700 5 -- op tracker -- , seq: 1061, time:
2014-07-25 18:34:28.118425, event: done, op: pg_info(1 pgs e101:6.37) -121>
2014-07-25 18:34:28.118652 7f0717b57700 1 -- 10.242.24.154:6811/29885 <== osd.1 10.242.24.111:6801/31290 1055 ==== pg_info(1 pgs e101:1.2d) v4 ==== 706+0+0 (3501270251 0 0) 0x558c1c0 con 0x364f2e0 -120>
2014-07-25 18:34:28.118662 7f070eb45700 5 -- op tracker -- , seq: 1060, time:
2014-07-25 18:34:28.118553, event: reached_pg, op: osd_op(osd.1.8:20 obj8 [copy-get max 8388608] 7.8df7eaa5 ack+read+ignore_cache+ignore_overlay+map_snap_clone e101) -119>
2014-07-25 18:34:28.118691 7f0717b57700 5 -- op tracker -- , seq: 1062, time:
2014-07-25 18:34:28.025617, event: header_read, op: pg_info(1 pgs e101:1.2d) -118>
2014-07-25 18:34:28.118704 7f0717b57700 5 -- op tracker -- , seq: 1062, time:
2014-07-25 18:34:28.025618, event: throttled, op: pg_info(1 pgs e101:1.2d) -117>
2014-07-25 18:34:28.118709 7f0717b57700 5 -- op tracker -- , seq: 1062, time:
2014-07-25 18:34:28.025660, event: all_read, op: pg_info(1 pgs e101:1.2d) -116>
2014-07-25 18:34:28.118714 7f0717b57700 5 -- op tracker -- , seq: 1062, time:
2014-07-25 18:34:28.118668, event: dispatched, op: pg_info(1 pgs e101:1.2d) -115>
2014-07-25 18:34:28.118719 7f0717b57700 5 -- op tracker -- , seq: 1062, time:
2014-07-25 18:34:28.118718, event: waiting_for_osdmap, op: pg_info(1 pgs e101:1.2d) -114>
2014-07-25 18:34:28.118726 7f0717b57700 5 -- op tracker -- , seq: 1062, time:
2014-07-25 18:34:28.118724, event: started, op: pg_info(1 pgs e101:1.2d) -113>
2014-07-25 18:34:28.118739 7f0717b57700 5 -- op tracker -- , seq: 1062, time:
2014-07-25 18:34:28.118738, event: done, op: pg_info(1 pgs e101:1.2d) -112>
2014-07-25 18:34:28.118825 7f0717b57700 1 -- 10.242.24.154:6811/29885 <== osd.1 10.242.24.111:6801/31290 1056 ==== pg_info(1 pgs e101:6.2b) v4 ==== 706+0+0 (1426991552 0 0) 0x559b480 con 0x364f2e0 -111>
2014-07-25 18:34:28.118841 7f0717b57700 5 -- op tracker -- , seq: 1063, time:
2014-07-25 18:34:28.025680, event: header_read, op: pg_info(1 pgs e101:6.2b) -110>
2014-07-25 18:34:28.118850 7f0717b57700 5 -- op tracker -- , seq: 1063, time:
2014-07-25 18:34:28.025681, event: throttled, op: pg_info(1 pgs e101:6.2b) -109>
2014-07-25 18:34:28.118858 7f0717b57700 5 -- op tracker -- , seq: 1063, time:
2014-07-25 18:34:28.025726, event: all_read, op: pg_info(1 pgs e101:6.2b) -108>
2014-07-25 18:34:28.118864 7f0717b57700 5 -- op tracker -- , seq: 1063, time:
2014-07-25 18:34:28.118837, event: dispatched, op: pg_info(1 pgs e101:6.2b) -107>
2014-07-25 18:34:28.118872 7f0717b57700 5 -- op tracker -- , seq: 1063, time:
2014-07-25 18:34:28.118870, event: waiting_for_osdmap, op: pg_info(1 pgs e101:6.2b) -106>
2014-07-25 18:34:28.118880 7f0717b57700 5 -- op tracker -- , seq: 1063, time:
2014-07-25 18:34:28.118879, event: started, op: pg_info(1 pgs e101:6.2b) -105>
2014-07-25 18:34:28.118898 7f0717b57700 5 -- op tracker -- , seq: 1063, time:
2014-07-25 18:34:28.118896, event: done, op: pg_info(1 pgs e101:6.2b) -104>
2014-07-25 18:34:28.118917 7f070f346700 5 osd.3 pg_epoch: 101 pg[2.5( empty local-les=101 n=0 ec=1 les/c 101/98 100/100/100) [3,1] r=0 lpr=100 pi=97-99/2 crt=0'0 mlcod 0'0 active+degraded] exit Started/Primary/Active/Activating 0.199799 6 0.000150 -103>
2014-07-25 18:34:28.118934 7f070f346700 5 osd.3 pg_epoch: 101 pg[2.5( empty local-les=101 n=0 ec=1 les/c 101/98 100/100/100) [3,1] r=0 lpr=100 pi=97-99/2 crt=0'0 mlcod 0'0 active+degraded] enter Started/Primary/Active/Recovered -102>
2014-07-25 18:34:28.118946 7f070f346700 5 osd.3 pg_epoch: 101 pg[2.5( empty local-les=101 n=0 ec=1 les/c 101/98 100/100/100) [3,1] r=0 lpr=100 pi=97-99/2 crt=0'0 mlcod 0'0 active+degraded] exit Started/Primary/Active/Recovered 0.000011 0 0.000000 -101>
2014-07-25 18:34:28.118956 7f070f346700 5 osd.3 pg_epoch: 101 pg[2.5( empty local-les=101 n=0 ec=1 les/c 101/98 100/100/100) [3,1] r=0 lpr=100 pi=97-99/2 crt=0'0 mlcod 0'0 active+degraded] enter Started/Primary/Active/Clean -100>
2014-07-25 18:34:28.118973 7f070f346700 1 -- 10.242.24.154:6811/29885 --> osd.1 10.242.24.111:6801/31290 -- pg_info(1 pgs e101:2.5) v4 -- ?+0 0x558f800 -99>
2014-07-25 18:34:28.118975 7f0717b57700 1 -- 10.242.24.154:6811/29885 <== osd.1 10.242.24.111:6801/31290 1057 ==== pg_info(1 pgs e101:8.39) v4 ==== 706+0+0 (1728193900 0 0) 0x558c540 con 0x364f2e0 -98>
2014-07-25 18:34:28.118985 7f0717b57700 5 -- op tracker -- , seq: 1064, time:
2014-07-25 18:34:28.025749, event: header_read, op: pg_info(1 pgs e101:8.39) -97>
2014-07-25 18:34:28.118996 7f0717b57700 5 -- op tracker -- , seq: 1064, time:
2014-07-25 18:34:28.025749, event: throttled, op: pg_info(1 pgs e101:8.39) -96>
2014-07-25 18:34:28.119003 7f0717b57700 5 -- op tracker -- , seq: 1064, time:
2014-07-25 18:34:28.025795, event: all_read, op: pg_info(1 pgs e101:8.39) -95>
2014-07-25 18:34:28.119011 7f0717b57700 5 -- op tracker -- , seq: 1064, time:
2014-07-25 18:34:28.118982, event: dispatched, op: pg_info(1 pgs e101:8.39) -94>
2014-07-25 18:34:28.119018 7f0717b57700 5 -- op tracker -- , seq: 1064, time:
2014-07-25 18:34:28.119017, event: waiting_for_osdmap, op: pg_info(1 pgs e101:8.39) -93>
2014-07-25 18:34:28.119027 7f0717b57700 5 -- op tracker -- , seq: 1064, time:
2014-07-25 18:34:28.119025, event: started, op: pg_info(1 pgs e101:8.39) -92>
2014-07-25 18:34:28.119042 7f0717b57700 5 -- op tracker -- , seq: 1064, time:
2014-07-25 18:34:28.119040, event: done, op: pg_info(1 pgs e101:8.39) -91>
2014-07-25 18:34:28.119128 7f0717b57700 1 -- 10.242.24.154:6811/29885 <== osd.1 10.242.24.111:6801/31290 1058 ==== pg_info(1 pgs e101:8.3a) v4 ==== 706+0+0 (198319253 0 0) 0x50ac000 con 0x364f2e0 -90>
2014-07-25 18:34:28.119142 7f0717b57700 5 -- op tracker -- , seq: 1065, time:
2014-07-25 18:34:28.025822, event: header_read, op: pg_info(1 pgs e101:8.3a) -89>
2014-07-25 18:34:28.119151 7f0717b57700 5 -- op tracker -- , seq: 1065, time:
2014-07-25 18:34:28.025822, event: throttled, op: pg_info(1 pgs e101:8.3a) -88>
2014-07-25 18:34:28.119158 7f0717b57700 5 -- op tracker -- , seq: 1065, time:
2014-07-25 18:34:28.025865, event: all_read, op: pg_info(1 pgs e101:8.3a) -87>
2014-07-25 18:34:28.119165 7f0717b57700 5 -- op tracker -- , seq: 1065, time:
2014-07-25 18:34:28.119138, event: dispatched, op: pg_info(1 pgs e101:8.3a) -86>
2014-07-25 18:34:28.119174 7f0717b57700 5 -- op tracker -- , seq: 1065, time:
2014-07-25 18:34:28.119172, event: waiting_for_osdmap, op: pg_info(1 pgs e101:8.3a) -85>
2014-07-25 18:34:28.119175 7f070f346700 5 osd.3 pg_epoch: 101 pg[8.0( empty local-les=101 n=0 ec=45 les/c 101/98 100/100/100) [3,1] r=0 lpr=100 pi=97-99/2 crt=0'0 mlcod 0'0 active+degraded] exit Started/Primary/Active/Activating 0.199171 6 0.000310 -84>
2014-07-25 18:34:28.119183 7f0717b57700 5 -- op tracker -- , seq: 1065, time:
2014-07-25 18:34:28.119181, event: started, op: pg_info(1 pgs e101:8.3a) -83>
2014-07-25 18:34:28.119197 7f070f346700 5 osd.3 pg_epoch: 101 pg[8.0( empty local-les=101 n=0 ec=45 les/c 101/98 100/100/100) [3,1] r=0 lpr=100 pi=97-99/2 crt=0'0 mlcod 0'0 active+degraded] enter Started/Primary/Active/Recovered -82>
2014-07-25 18:34:28.119208 7f070f346700 5 osd.3 pg_epoch: 101 pg[8.0( empty local-les=101 n=0 ec=45 les/c 101/98 100/100/100) [3,1] r=0 lpr=100 pi=97-99/2 crt=0'0 mlcod 0'0 active+degraded] exit Started/Primary/Active/Recovered 0.000010 0 0.000000 -81>
2014-07-25 18:34:28.119214 7f0717b57700 5 -- op tracker -- , seq: 1065, time:
2014-07-25 18:34:28.119212, event: done, op: pg_info(1 pgs e101:8.3a) -80>
2014-07-25 18:34:28.119217 7f070f346700 5 osd.3 pg_epoch: 101 pg[8.0( empty local-les=101 n=0 ec=45 les/c 101/98 100/100/100) [3,1] r=0 lpr=100 pi=97-99/2 crt=0'0 mlcod 0'0 active+degraded] enter Started/Primary/Active/Clean -79>
2014-07-25 18:34:28.119233 7f070f346700 1 -- 10.242.24.154:6811/29885 --> osd.1 10.242.24.111:6801/31290 -- pg_info(1 pgs e101:8.0) v4 -- ?+0 0x49c0300 -78>
2014-07-25 18:34:28.119295 7f0717b57700 1 -- 10.242.24.154:6811/29885 <== osd.1 10.242.24.111:6801/31290 1059 ==== pg_info(1 pgs e101:4.2a) v4 ==== 706+0+0 (3675272230 0 0) 0x3928840 con 0x364f2e0 -77>
2014-07-25 18:34:28.119309 7f0717b57700 5 -- op tracker -- , seq: 1066, time:
2014-07-25 18:34:28.025892, event: header_read, op: pg_info(1 pgs e101:4.2a) -76>
2014-07-25 18:34:28.119318 7f0717b57700 5 -- op tracker -- , seq: 1066, time:
2014-07-25 18:34:28.025893, event: throttled, op: pg_info(1 pgs e101:4.2a) -75>
2014-07-25 18:34:28.119324 7f0717b57700 5 -- op tracker -- , seq: 1066, time:
2014-07-25 18:34:28.025937, event: all_read, op: pg_info(1 pgs e101:4.2a) -74>
2014-07-25 18:34:28.119331 7f0717b57700 5 -- op tracker -- , seq: 1066, time:
2014-07-25 18:34:28.119306, event: dispatched, op: pg_info(1 pgs e101:4.2a) -73>
2014-07-25 18:34:28.119338 7f0717b57700 5 -- op tracker -- , seq: 1066, time:
2014-07-25 18:34:28.119337, event: waiting_for_osdmap, op: pg_info(1 pgs e101:4.2a) -72>
2014-07-25 18:34:28.119347 7f0717b57700 5 -- op tracker -- , seq: 1066, time:
2014-07-25 18:34:28.119345, event: started, op: pg_info(1 pgs e101:4.2a) -71>
2014-07-25 18:34:28.119363 7f0717b57700 5 -- op tracker -- , seq: 1066, time:
2014-07-25 18:34:28.119361, event: done, op: pg_info(1 pgs e101:4.2a) -70>
2014-07-25 18:34:28.119393 7f070f346700 5 osd.3 pg_epoch: 101 pg[1.9( empty local-les=101 n=0 ec=1 les/c 101/95 100/100/100) [3,1] r=0 lpr=100 pi=94-99/4 crt=0'0 mlcod 0'0 active+degraded] exit Started/Primary/Active/Activating 0.198822 6 0.000419 -69>
2014-07-25 18:34:28.119408 7f070f346700 5 osd.3 pg_epoch: 101 pg[1.9( empty local-les=101 n=0 ec=1 les/c 101/95 100/100/100) [3,1] r=0 lpr=100 pi=94-99/4 crt=0'0 mlcod 0'0 active+degraded] enter Started/Primary/Active/Recovered -68>
2014-07-25 18:34:28.119419 7f070f346700 5 osd.3 pg_epoch: 101 pg[1.9( empty local-les=101 n=0 ec=1 les/c 101/95 100/100/100) [3,1] r=0 lpr=100 pi=94-99/4 crt=0'0 mlcod 0'0 active+degraded] exit Started/Primary/Active/Recovered 0.000010 0 0.000000 -67>
2014-07-25 18:34:28.119422 7f0717b57700 1 -- 10.242.24.154:6811/29885 <== osd.1 10.242.24.111:6801/31290 1060 ==== pg_info(1 pgs e101:4.32) v4 ==== 706+0+0 (2782732156 0 0) 0x558ca80 con 0x364f2e0 -66>
2014-07-25 18:34:28.119429 7f070f346700 5 osd.3 pg_epoch: 101 pg[1.9( empty local-les=101 n=0 ec=1 les/c 101/95 100/100/100) [3,1] r=0 lpr=100 pi=94-99/4 crt=0'0 mlcod 0'0 active+degraded] enter Started/Primary/Active/Clean -65>
2014-07-25 18:34:28.119433 7f0717b57700 5 -- op tracker -- , seq: 1067, time:
2014-07-25 18:34:28.025959, event: header_read, op: pg_info(1 pgs e101:4.32) -64>
2014-07-25 18:34:28.119440 7f0717b57700 5 -- op tracker -- , seq: 1067, time:
2014-07-25 18:34:28.025959, event: throttled, op: pg_info(1 pgs e101:4.32) -63>
2014-07-25 18:34:28.119446 7f070f346700 1 -- 10.242.24.154:6811/29885 --> osd.1 10.242.24.111:6801/31290 -- pg_info(1 pgs e101:1.9) v4 -- ?+0 0x49c0a00 -62>
2014-07-25 18:34:28.119449 7f0717b57700 5 -- op tracker -- , seq: 1067, time:
2014-07-25 18:34:28.026003, event: all_read, op: pg_info(1 pgs e101:4.32) -61>
2014-07-25 18:34:28.119472 7f0717b57700 5 -- op tracker -- , seq: 1067, time:
2014-07-25 18:34:28.119430, event: dispatched, op: pg_info(1 pgs e101:4.32) -60>
2014-07-25 18:34:28.119480 7f0717b57700 5 -- op tracker -- , seq: 1067, time:
2014-07-25 18:34:28.119478, event: waiting_for_osdmap, op: pg_info(1 pgs e101:4.32) -59>
2014-07-25 18:34:28.119488 7f0717b57700 5 -- op tracker -- , seq: 1067, time:
2014-07-25 18:34:28.119487, event: started, op: pg_info(1 pgs e101:4.32) -58>
2014-07-25 18:34:28.119503 7f0717b57700 5 -- op tracker -- , seq: 1067, time:
2014-07-25 18:34:28.119502, event: done, op: pg_info(1 pgs e101:4.32) -57>
2014-07-25 18:34:28.119570 7f0717b57700 1 -- 10.242.24.154:6811/29885 <== osd.1 10.242.24.111:6801/31290 1061 ==== pg_info(1 pgs e101:0.36) v4 ==== 706+0+0 (2896758472 0 0) 0x558d880 con 0x364f2e0 -56>
2014-07-25 18:34:28.119583 7f0717b57700 5 -- op tracker -- , seq: 1068, time:
2014-07-25 18:34:28.026042, event: header_read, op: pg_info(1 pgs e101:0.36) -55>
2014-07-25 18:34:28.119592 7f0717b57700 5 -- op tracker -- , seq: 1068, time:
2014-07-25 18:34:28.026058, event: throttled, op: pg_info(1 pgs e101:0.36) -54>
2014-07-25 18:34:28.119599 7f0717b57700 5 -- op tracker -- , seq: 1068, time:
2014-07-25 18:34:28.026092, event: all_read, op: pg_info(1 pgs e101:0.36) -53>
2014-07-25 18:34:28.119606 7f0717b57700 5 -- op tracker -- , seq: 1068, time:
2014-07-25 18:34:28.119580, event: dispatched, op: pg_info(1 pgs e101:0.36) -52>
2014-07-25 18:34:28.119614 7f0717b57700 5 -- op tracker -- , seq: 1068, time:
2014-07-25 18:34:28.119612, event: waiting_for_osdmap, op: pg_info(1 pgs e101:0.36) -51>
2014-07-25 18:34:28.119623 7f0717b57700 5 -- op tracker -- , seq: 1068, time:
2014-07-25 18:34:28.119621, event: started, op: pg_info(1 pgs e101:0.36) -50>
2014-07-25 18:34:28.119637 7f0717b57700 5 -- op tracker -- , seq: 1068, time:
2014-07-25 18:34:28.119635, event: done, op: pg_info(1 pgs e101:0.36) -49>
2014-07-25 18:34:28.119642 7f070f346700 5 osd.3 pg_epoch: 101 pg[6.b( empty local-les=101 n=0 ec=34 les/c 101/98 100/100/100) [3,1] r=0 lpr=100 pi=97-99/2 crt=0'0 mlcod 0'0 active+degraded] exit Started/Primary/Active/Activating 0.199574 6 0.000162 -48>
2014-07-25 18:34:28.119656 7f070f346700 5 osd.3 pg_epoch: 101 pg[6.b( empty local-les=101 n=0 ec=34 les/c 101/98 100/100/100) [3,1] r=0 lpr=100 pi=97-99/2 crt=0'0 mlcod 0'0 active+degraded] enter Started/Primary/Active/Recovered -47>
2014-07-25 18:34:28.119668 7f070f346700 5 osd.3 pg_epoch: 101 pg[6.b( empty local-les=101 n=0 ec=34 les/c 101/98 100/100/100) [3,1] r=0 lpr=100 pi=97-99/2 crt=0'0 mlcod 0'0 active+degraded] exit Started/Primary/Active/Recovered 0.000011 0 0.000000 -46>
2014-07-25 18:34:28.119677 7f070f346700 5 osd.3 pg_epoch: 101 pg[6.b( empty local-les=101 n=0 ec=34 les/c 101/98 100/100/100) [3,1] r=0 lpr=100 pi=97-99/2 crt=0'0 mlcod 0'0 active+degraded] enter Started/Primary/Active/Clean -45>
2014-07-25 18:34:28.119693 7f070f346700 1 -- 10.242.24.154:6811/29885 --> osd.1 10.242.24.111:6801/31290 -- pg_info(1 pgs e101:6.b) v4 -- ?+0 0x39284c0 -44>
2014-07-25 18:34:28.119717 7f0717b57700 1 -- 10.242.24.154:6811/29885 <== osd.1 10.242.24.111:6801/31290 1062 ==== pg_info(1 pgs e101:4.2b) v4 ==== 706+0+0 (89515988 0 0) 0x558d500 con 0x364f2e0 -43>
2014-07-25 18:34:28.119730 7f0717b57700 5 -- op tracker -- , seq: 1069, time:
2014-07-25 18:34:28.026123, event: header_read, op: pg_info(1 pgs e101:4.2b) -42>
2014-07-25 18:34:28.119738 7f0717b57700 5 -- op tracker -- , seq: 1069, time:
2014-07-25 18:34:28.026123, event: throttled, op: pg_info(1 pgs e101:4.2b) -41>
2014-07-25 18:34:28.119746 7f0717b57700 5 -- op tracker -- , seq: 1069, time:
2014-07-25 18:34:28.026153, event: all_read, op: pg_info(1 pgs e101:4.2b) -40>
2014-07-25 18:34:28.119751 7f0717b57700 5 -- op tracker -- , seq: 1069, time:
2014-07-25 18:34:28.119727, event: dispatched, op: pg_info(1 pgs e101:4.2b) -39>
2014-07-25 18:34:28.119758 7f0717b57700 5 -- op tracker -- , seq: 1069, time:
2014-07-25 18:34:28.119756, event: waiting_for_osdmap, op: pg_info(1 pgs e101:4.2b) -38>
2014-07-25 18:34:28.119767 7f0717b57700 5 -- op tracker -- , seq: 1069, time:
2014-07-25 18:34:28.119765, event: started, op: pg_info(1 pgs e101:4.2b) -37>
2014-07-25 18:34:28.119763 7f070f346700 5 osd.3 pg_epoch: 101 pg[1.f( empty local-les=101 n=0 ec=1 les/c 101/98 100/100/100) [3,1] r=0 lpr=100 pi=97-99/2 crt=0'0 mlcod 0'0 active+degraded] exit Started/Primary/Active/Activating 0.199103 6 0.000177 -36>
2014-07-25 18:34:28.119776 7f070f346700 5 osd.3 pg_epoch: 101 pg[1.f( empty local-les=101 n=0 ec=1 les/c 101/98 100/100/100) [3,1] r=0 lpr=100 pi=97-99/2 crt=0'0 mlcod 0'0 active+degraded] enter Started/Primary/Active/Recovered -35>
2014-07-25 18:34:28.119783 7f0717b57700 5 -- op tracker -- , seq: 1069, time:
2014-07-25 18:34:28.119781, event: done, op: pg_info(1 pgs e101:4.2b) -34>
2014-07-25 18:34:28.119789 7f070f346700 5 osd.3 pg_epoch: 101 pg[1.f( empty local-les=101 n=0 ec=1 les/c 101/98 100/100/100) [3,1] r=0 lpr=100 pi=97-99/2 crt=0'0 mlcod 0'0 active+degraded] exit Started/Primary/Active/Recovered 0.000012 0 0.000000 -33>
2014-07-25 18:34:28.119798 7f070f346700 5 osd.3 pg_epoch: 101 pg[1.f( empty local-les=101 n=0 ec=1 les/c 101/98 100/100/100) [3,1] r=0 lpr=100 pi=97-99/2 crt=0'0 mlcod 0'0 active+degraded] enter Started/Primary/Active/Clean -32>
2014-07-25 18:34:28.119815 7f070f346700 1 -- 10.242.24.154:6811/29885 --> osd.1 10.242.24.111:6801/31290 -- pg_info(1 pgs e101:1.f) v4 -- ?+0 0x4ea9180 -31>
2014-07-25 18:34:28.119855 7f0717b57700 1 -- 10.242.24.154:6811/29885 <== osd.1 10.242.24.111:6801/31290 1063 ==== pg_info(1 pgs e101:1.33) v4 ==== 706+0+0 (3464427813 0 0) 0x4ea4000 con 0x364f2e0 -30>
2014-07-25 18:34:28.119875 7f0717b57700 5 -- op tracker -- , seq: 1070, time:
2014-07-25 18:34:28.026179, event: header_read, op: pg_info(1 pgs e101:1.33) -29>
2014-07-25 18:34:28.119884 7f0717b57700 5 -- op tracker -- , seq: 1070, time:
2014-07-25 18:34:28.026180, event: throttled, op: pg_info(1 pgs e101:1.33) -28>
2014-07-25 18:34:28.119892 7f0717b57700 5 -- op tracker -- , seq: 1070, time:
2014-07-25 18:34:28.026232, event: all_read, op: pg_info(1 pgs e101:1.33) -27>
2014-07-25 18:34:28.119898 7f0717b57700 5 -- op tracker -- , seq: 1070, time:
2014-07-25 18:34:28.119871, event: dispatched, op: pg_info(1 pgs e101:1.33) -26>
2014-07-25 18:34:28.119905 7f0717b57700 5 -- op tracker -- , seq: 1070, time:
2014-07-25 18:34:28.119904, event: waiting_for_osdmap, op: pg_info(1 pgs e101:1.33) -25>
2014-07-25 18:34:28.119914 7f0717b57700 5 -- op tracker -- , seq: 1070, time:
2014-07-25 18:34:28.119912, event: started, op: pg_info(1 pgs e101:1.33) -24>
2014-07-25 18:34:28.119928 7f0717b57700 5 -- op tracker -- , seq: 1070, time:
2014-07-25 18:34:28.119927, event: done, op: pg_info(1 pgs e101:1.33) -23>
2014-07-25 18:34:28.119938 7f070f346700 5 osd.3 pg_epoch: 101 pg[4.d( empty local-les=101 n=0 ec=23 les/c 101/98 100/100/100) [3,1] r=0 lpr=100 pi=97-99/2 crt=0'0 mlcod 0'0 active+degraded] exit Started/Primary/Active/Activating 0.199171 6 0.000193 -22>
2014-07-25 18:34:28.119953 7f070f346700 5 osd.3 pg_epoch: 101 pg[4.d( empty local-les=101 n=0 ec=23 les/c 101/98 100/100/100) [3,1] r=0 lpr=100 pi=97-99/2 crt=0'0 mlcod 0'0 active+degraded] enter Started/Primary/Active/Recovered -21>
2014-07-25 18:34:28.119964 7f070f346700 5 osd.3 pg_epoch: 101 pg[4.d( empty local-les=101 n=0 ec=23 les/c 101/98 100/100/100) [3,1] r=0 lpr=100 pi=97-99/2 crt=0'0 mlcod 0'0 active+degraded] exit Started/Primary/Active/Recovered 0.000011 0 0.000000 -20>
2014-07-25 18:34:28.119974 7f070f346700 5 osd.3 pg_epoch: 101 pg[4.d( empty local-les=101 n=0 ec=23 les/c 101/98 100/100/100) [3,1] r=0 lpr=100 pi=97-99/2 crt=0'0 mlcod 0'0 active+degraded] enter Started/Primary/Active/Clean -19>
2014-07-25 18:34:28.119990 7f070f346700 1 -- 10.242.24.154:6811/29885 --> osd.1 10.242.24.111:6801/31290 -- pg_info(1 pgs e101:4.d) v4 -- ?+0 0x4ea9880 -18>
2014-07-25 18:34:28.119998 7f0717b57700 1 -- 10.242.24.154:6811/29885 <== osd.1 10.242.24.111:6801/31290 1064 ==== pg_info(1 pgs e101:6.2a) v4 ==== 706+0+0 (745188179 0 0) 0x4ea5dc0 con 0x364f2e0 -17>
2014-07-25 18:34:28.120011 7f0717b57700 5 -- op tracker -- , seq: 1071, time:
2014-07-25 18:34:28.026269, event: header_read, op: pg_info(1 pgs e101:6.2a) -16>
2014-07-25 18:34:28.120020 7f0717b57700 5 -- op tracker -- , seq: 1071, time:
2014-07-25 18:34:28.026270, event: throttled, op: pg_info(1 pgs e101:6.2a) -15>
2014-07-25 18:34:28.120027 7f0717b57700 5 -- op tracker -- , seq: 1071, time:
2014-07-25 18:34:28.026301, event: all_read, op: pg_info(1 pgs e101:6.2a) -14>
2014-07-25 18:34:28.120034 7f0717b57700 5 -- op tracker -- , seq: 1071, time:
2014-07-25 18:34:28.120007, event: dispatched, op: pg_info(1 pgs e101:6.2a) -13>
2014-07-25 18:34:28.120042 7f0717b57700 5 -- op tracker -- , seq: 1071, time:
2014-07-25 18:34:28.120040, event: waiting_for_osdmap, op: pg_info(1 pgs e101:6.2a) -12>
2014-07-25 18:34:28.119845 7f0705332700 -1 *** Caught signal (Aborted) ** in thread 7f0705332700 ceph version andisk-sprint-2-drop-3-390-g2dbd85c (2dbd85c94cf27a1ff0419c5ea9359af7fe30e9b6) 1: /usr/bin/ceph-osd() [0x974a1f] 2: (()+0x10340) [0x7f072888f340] 3: (gsignal()+0x39) [0x7f0726b63f79] 4: (abort()+0x148) [0x7f0726b67388] 5: (__gnu_cxx::__verbose_terminate_handler()+0x155) [0x7f072746f6b5] 6: (()+0x5e836) [0x7f072746d836] 7: (()+0x5e863) [0x7f072746d863] 8: (()+0x5eaa2) [0x7f072746daa2] 9: (ceph::__ceph_assert_fail(char const*, char const*, int, char const*)+0x1f2) [0xa5a692] 10: (ReplicatedPG::agent_estimate_atime_temp(hobject_t const&, int*, int*)+0x12e) [0x7ad25e] 11: (ReplicatedPG::agent_maybe_evict(std::tr1::shared_ptr&)+0x7a) [0x7e1a2a] 12: (ReplicatedPG::agent_work(int)+0xf45) [0x7fb1d5] 13: (OSDService::agent_entry()+0x557) [0x6090c7] 14: (OSDService::AgentThread::entry()+0xd) [0x67201d] 15: (()+0x8182) [0x7f0728887182] 16: (clone()+0x6d) [0x7f0726c2830d] NOTE: a copy of the executable, or `objdump -rdS ` is needed to interpret this. -11>
2014-07-25 18:34:28.120051 7f0717b57700 5 -- op tracker -- , seq: 1071, time:
2014-07-25 18:34:28.120049, event: started, op: pg_info(1 pgs e101:6.2a) -10>
2014-07-25 18:34:28.120079 7f0717b57700 5 -- op tracker -- , seq: 1071, time:
2014-07-25 18:34:28.120077, event: done, op: pg_info(1 pgs e101:6.2a) -9>
2014-07-25 18:34:28.120090 7f070f346700 5 osd.3 pg_epoch: 101 pg[2.b( empty local-les=101 n=0 ec=1 les/c 101/98 100/100/100) [3,1] r=0 lpr=100 pi=97-99/2 crt=0'0 mlcod 0'0 active+degraded] exit Started/Primary/Active/Activating 0.199171 6 0.000162 -8>
2014-07-25 18:34:28.120105 7f070f346700 5 osd.3 pg_epoch: 101 pg[2.b( empty local-les=101 n=0 ec=1 les/c 101/98 100/100/100) [3,1] r=0 lpr=100 pi=97-99/2 crt=0'0 mlcod 0'0 active+degraded] enter Started/Primary/Active/Recovered -7>
2014-07-25 18:34:28.120116 7f070f346700 5 osd.3 pg_epoch: 101 pg[2.b( empty local-les=101 n=0 ec=1 les/c 101/98 100/100/100) [3,1] r=0 lpr=100 pi=97-99/2 crt=0'0 mlcod 0'0 active+degraded] exit Started/Primary/Active/Recovered 0.000011 0 0.000000 -6>
2014-07-25 18:34:28.120126 7f070f346700 5 osd.3 pg_epoch: 101 pg[2.b( empty local-les=101 n=0 ec=1 les/c 101/98 100/100/100) [3,1] r=0 lpr=100 pi=97-99/2 crt=0'0 mlcod 0'0 active+degraded] enter Started/Primary/Active/Clean -5>
2014-07-25 18:34:28.120142 7f070f346700 1 -- 10.242.24.154:6811/29885 --> osd.1 10.242.24.111:6801/31290 -- pg_info(1 pgs e101:2.b) v4 -- ?+0 0x4ea96c0 -4>
2014-07-25 18:34:28.120153 7f0717b57700 1 -- 10.242.24.154:6811/29885 <== osd.1 10.242.24.111:6801/31290 1065 ==== pg_info(1 pgs e101:2.30) v4 ==== 706+0+0 (763956926 0 0) 0x4ea41c0 con 0x364f2e0 -3>
2014-07-25 18:34:28.120163 7f0717b57700 5 -- op tracker -- , seq: 1072, time:
2014-07-25 18:34:28.026343, event: header_read, op: pg_info(1 pgs e101:2.30) -2>
2014-07-25 18:34:28.120169 7f0717b57700 5 -- op tracker -- , seq: 1072, time:
2014-07-25 18:34:28.026344, event: throttled, op: pg_info(1 pgs e101:2.30) -1>
2014-07-25 18:34:28.120174 7f0717b57700 5 -- op tracker -- , seq: 1072, time:
2014-07-25 18:34:28.026374, event: all_read, op: pg_info(1 pgs e101:2.30) 0>
2014-07-25 18:34:28.120179 7f0717b57700 5 -- op tracker -- , seq: 1072, time:
2014-07-25 18:34:28.120160, event: dispatched, op: pg_info(1 pgs e101:2.30) --- logging levels --- 0/ 5 none 0/ 1 lockdep 0/ 1 context 1/ 1 crush 1/ 5 mds 1/ 5 mds_balancer 1/ 5 mds_locker 1/ 5 mds_log 1/ 5 mds_log_expire 1/ 5 mds_migrator 0/ 1 buffer 0/ 1 timer 0/ 1 filer 0/ 1 striper 0/ 1 objecter 0/ 5 rados 0/ 5 rbd 0/ 5 journaler 0/ 5 objectcacher 0/ 5 client 0/ 5 osd 0/ 5 optracker 0/ 5 objclass 1/ 3 filestore 1/ 3 keyvaluestore 1/ 3 journal 0/ 5 ms 1/ 5 mon 0/10 monc 1/ 5 paxos 0/ 5 tp 1/ 5 auth 1/ 5 crypto 1/ 1 finisher 1/ 5 heartbeatmap 1/ 5 perfcounter 1/ 5 rgw 1/ 5 javaclient 1/ 5 asok 1/ 1 throttle -2/-2 (syslog threshold) -1/-1 (stderr threshold) max_recent 10000 max_new 1000 log_file /var/log/ceph/ceph-osd.3.log --- end dump of recent events ---