2014-06-09 16:22:11.341815 7f869af78700 10 osd.26 243 do_waiters -- start
2014-06-09 16:22:11.341817 7f869af78700 10 osd.26 243 do_waiters -- finish
2014-06-09 16:22:11.341812 7f868cf5c700 10 osd.26 pg_epoch: 243 pg[0.6b3( empty local-les=243 n=0 ec=1 les/c 210/210 242/242/242) [26,7] r=0 lpr=242 pi=209-241/2 crt=0'0 mlcod 0'0 inactive] handle_peering_event: epoch_sent: 243 epoch_requested: 243 MNotifyRec from 7 notify: (query_epoch:243, epoch_sent:243, info:0.6b3( empty local-les=210 n=0 ec=1 les/c 210/210 242/242/242))
2014-06-09 16:22:11.341825 7f868cf5c700 10 osd.26 pg_epoch: 243 pg[0.6b3( empty local-les=243 n=0 ec=1 les/c 210/210 242/242/242) [26,7] r=0 lpr=242 pi=209-241/2 crt=0'0 mlcod 0'0 inactive] state: Active: got notify from 7, already have info from that osd, ignoring
2014-06-09 16:22:11.341835 7f868cf5c700 10 log is not dirty
2014-06-09 16:22:11.341836 7f869af78700 10 osd.26 243 do_waiters -- start
2014-06-09 16:22:11.341838 7f869af78700 10 osd.26 243 do_waiters -- finish
2014-06-09 16:22:11.341839 7f869af78700 20 osd.26 243 _dispatch 0x240ef6c0 pg_notify(3.4d1(10) epoch 242) v5
2014-06-09 16:22:11.341841 7f868cf5c700 15 OSD::op_tp worker wq OSD::PeeringWQ done processing 0xcd8f040 (8 active)
2014-06-09 16:22:11.341843 7f868cf5c700 20 OSD::op_tp worker waiting
2014-06-09 16:22:11.341844 7f869af78700 5 -- op tracker -- , seq: 1511, time:
2014-06-09 16:22:10.984430, event: header_read, op: pg_notify(3.4d1(10) epoch 242)
2014-06-09 16:22:11.341848 7f8690f64700 20 OSD::op_tp worker waiting
2014-06-09 16:22:11.341851 7f869af78700 5 -- op tracker -- , seq: 1511, time:
2014-06-09 16:22:10.984431, event: throttled, op: pg_notify(3.4d1(10) epoch 242)
2014-06-09 16:22:11.341857 7f869af78700 5 -- op tracker -- , seq: 1511, time:
2014-06-09 16:22:10.984450, event: all_read, op: pg_notify(3.4d1(10) epoch 242)
2014-06-09 16:22:11.341897 7f868bf5a700 20 OSD::op_tp worker waiting
2014-06-09 16:22:11.341903 7f868af58700 20 OSD::op_tp worker waiting
2014-06-09 16:22:11.341906 7f868f761700 20 OSD::op_tp worker waiting
2014-06-09 16:22:11.341910 7f868c75b700 20 OSD::op_tp worker waiting
2014-06-09 16:22:11.341914 7f868d75d700 20 OSD::op_tp worker waiting
2014-06-09 16:22:11.341918 7f8691765700 20 OSD::op_tp worker waiting
2014-06-09 16:22:11.341922 7f869af78700 5 -- op tracker -- , seq: 1511, time:
2014-06-09 16:22:11.341836, event: dispatched, op: pg_notify(3.4d1(10) epoch 242)
2014-06-09 16:22:11.341931 7f869af78700 5 -- op tracker -- , seq: 1511, time:
2014-06-09 16:22:11.341929, event: waiting_for_osdmap, op: pg_notify(3.4d1(10) epoch 242)
2014-06-09 16:22:11.341936 7f869af78700 7 osd.26 243 handle_pg_notify from osd.3
2014-06-09 16:22:11.341938 7f869af78700 15 osd.26 243 require_same_or_newer_map 242 (i am 243) 0x240ef6c0
2014-06-09 16:22:11.341943 7f869af78700 5 -- op tracker -- , seq: 1511, time:
2014-06-09 16:22:11.341941, event: started, op: pg_notify(3.4d1(10) epoch 242)
2014-06-09 16:22:11.341963 7f8689755700 12 OSD::op_tp worker wq OSD::PeeringWQ start processing 0xb7f0200 (9 active)
2014-06-09 16:22:11.341972 7f8689755700 10 osd.26 pg_epoch: 243 pg[3.4d1( v 213'606 (0'0,213'606] local-les=243 n=120 ec=118 les/c 201/201 242/242/242) [26,3] r=0 lpr=242 pi=200-241/2 crt=0'0 lcod 0'0 mlcod 0'0 inactive] handle_peering_event: epoch_sent: 242 epoch_requested: 242 MNotifyRec from 3 notify: (query_epoch:242, epoch_sent:242, info:3.4d1( v 213'606 (0'0,213'606] local-les=201 n=120 ec=118 les/c 201/201 242/242/242))
2014-06-09 16:22:11.341984 7f8689755700 10 osd.26 pg_epoch: 243 pg[3.4d1( v 213'606 (0'0,213'606] local-les=243 n=120 ec=118 les/c 201/201 242/242/242) [26,3] r=0 lpr=242 pi=200-241/2 crt=0'0 lcod 0'0 mlcod 0'0 inactive] state: Active: got notify from 3, already have info from that osd, ignoring
2014-06-09 16:22:11.341993 7f8689755700 10 log is not dirty
2014-06-09 16:22:11.341999 7f8689755700 15 OSD::op_tp worker wq OSD::PeeringWQ done processing 0xb7f0200 (8 active)
2014-06-09 16:22:11.342002 7f8689755700 20 OSD::op_tp worker waiting
2014-06-09 16:22:11.342035 7f869af78700 5 -- op tracker -- , seq: 1511, time:
2014-06-09 16:22:11.342032, event: done, op: pg_notify(3.4d1(10) epoch 242)
2014-06-09 16:22:11.342044 7f869af78700 10 osd.26 243 do_waiters -- start
2014-06-09 16:22:11.342045 7f869af78700 10 osd.26 243 do_waiters -- finish
2014-06-09 16:22:11.342061 7f869af78700 10 osd.26 243 do_waiters -- start
2014-06-09 16:22:11.342062 7f869af78700 10 osd.26 243 do_waiters -- finish
2014-06-09 16:22:11.342064 7f869af78700 20 osd.26 243 _dispatch 0x2fe32c00 pg_log(1.38d epoch 243 log log((0'0,0'0], crt=0'0) query_epoch 243) v4
2014-06-09 16:22:11.342096 7f869af78700 5 -- op tracker -- , seq: 1512, time:
2014-06-09 16:22:11.044375, event: header_read, op: pg_log(1.38d epoch 243 log log((0'0,0'0], crt=0'0) query_epoch 243)
2014-06-09 16:22:11.342104 7f869af78700 5 -- op tracker -- , seq: 1512, time:
2014-06-09 16:22:11.044375, event: throttled, op: pg_log(1.38d epoch 243 log log((0'0,0'0], crt=0'0) query_epoch 243)
2014-06-09 16:22:11.342112 7f869af78700 5 -- op tracker -- , seq: 1512, time:
2014-06-09 16:22:11.044388, event: all_read, op: pg_log(1.38d epoch 243 log log((0'0,0'0], crt=0'0) query_epoch 243)
2014-06-09 16:22:11.342119 7f869af78700 5 -- op tracker -- , seq: 1512, time:
2014-06-09 16:22:11.342061, event: dispatched, op: pg_log(1.38d epoch 243 log log((0'0,0'0], crt=0'0) query_epoch 243)
2014-06-09 16:22:11.342127 7f869af78700 5 -- op tracker -- , seq: 1512, time:
2014-06-09 16:22:11.342124, event: waiting_for_osdmap, op: pg_log(1.38d epoch 243 log log((0'0,0'0], crt=0'0) query_epoch 243)
2014-06-09 16:22:11.342131 7f869af78700 7 osd.26 243 handle_pg_log pg_log(1.38d epoch 243 log log((0'0,0'0], crt=0'0) query_epoch 243) v4 from osd.1
2014-06-09 16:22:11.342135 7f869af78700 15 osd.26 243 require_same_or_newer_map 243 (i am 243) 0x2fe32c00
2014-06-09 16:22:11.342140 7f869af78700 5 -- op tracker -- , seq: 1512, time:
2014-06-09 16:22:11.342137, event: started, op: pg_log(1.38d epoch 243 log log((0'0,0'0], crt=0'0) query_epoch 243)
2014-06-09 16:22:11.342155 7f869af78700 5 -- op tracker -- , seq: 1512, time:
2014-06-09 16:22:11.342152, event: done, op: pg_log(1.38d epoch 243 log log((0'0,0'0], crt=0'0) query_epoch 243)
2014-06-09 16:22:11.342163 7f869af78700 10 osd.26 243 do_waiters -- start
2014-06-09 16:22:11.342164 7f869af78700 10 osd.26 243 do_waiters -- finish
2014-06-09 16:22:11.342176 7f869af78700 10 osd.26 243 do_waiters -- start
2014-06-09 16:22:11.342178 7f869af78700 10 osd.26 243 do_waiters -- finish
2014-06-09 16:22:11.342179 7f869af78700 20 osd.26 243 _dispatch 0x48fca00 pg_log(3.94 epoch 242 log log((214'567,214'571], crt=0'0) query_epoch 242) v4
2014-06-09 16:22:11.342185 7f869af78700 5 -- op tracker -- , seq: 1513, time:
2014-06-09 16:22:10.909545, event: header_read, op: pg_log(3.94 epoch 242 log log((214'567,214'571], crt=0'0) query_epoch 242)
2014-06-09 16:22:11.342192 7f869af78700 5 -- op tracker -- , seq: 1513, time:
2014-06-09 16:22:10.909546, event: throttled, op: pg_log(3.94 epoch 242 log log((214'567,214'571], crt=0'0) query_epoch 242)
2014-06-09 16:22:11.342199 7f869af78700 5 -- op tracker -- , seq: 1513, time:
2014-06-09 16:22:10.909574, event: all_read, op: pg_log(3.94 epoch 242 log log((214'567,214'571], crt=0'0) query_epoch 242)
2014-06-09 16:22:11.342206 7f869af78700 5 -- op tracker -- , seq: 1513, time:
2014-06-09 16:22:11.342176, event: dispatched, op: pg_log(3.94 epoch 242 log log((214'567,214'571], crt=0'0) query_epoch 242)
2014-06-09 16:22:11.342213 7f869af78700 5 -- op tracker -- , seq: 1513, time:
2014-06-09 16:22:11.342211, event: waiting_for_osdmap, op: pg_log(3.94 epoch 242 log log((214'567,214'571], crt=0'0) query_epoch 242)
2014-06-09 16:22:11.342218 7f869af78700 7 osd.26 243 handle_pg_log pg_log(3.94 epoch 242 log log((214'567,214'571], crt=0'0) query_epoch 242) v4 from osd.9
2014-06-09 16:22:11.342222 7f869af78700 15 osd.26 243 require_same_or_newer_map 242 (i am 243) 0x48fca00
2014-06-09 16:22:11.342227 7f869af78700 5 -- op tracker -- , seq: 1513, time:
2014-06-09 16:22:11.342225, event: started, op: pg_log(3.94 epoch 242 log log((214'567,214'571], crt=0'0) query_epoch 242)
2014-06-09 16:22:11.342244 7f868cf5c700 12 OSD::op_tp worker wq OSD::PeeringWQ start processing 0xcd8f040 (9 active)
2014-06-09 16:22:11.342243 7f869af78700 5 -- op tracker -- , seq: 1513, time:
2014-06-09 16:22:11.342240, event: done, op: pg_log(3.94 epoch 242 log log((214'567,214'571], crt=0'0) query_epoch 242)
2014-06-09 16:22:11.342251 7f869af78700 10 osd.26 243 do_waiters -- start
2014-06-09 16:22:11.342253 7f869af78700 10 osd.26 243 do_waiters -- finish
2014-06-09 16:22:11.342250 7f868cf5c700 10 osd.26 pg_epoch: 243 pg[1.38d( empty local-les=191 n=0 ec=1 les/c 191/191 242/242/222) [1,26] r=1 lpr=242 pi=1-241/22 crt=0'0 inactive NOTIFY] handle_peering_event: epoch_sent: 243 epoch_requested: 243 MLogRec from 1
2014-06-09 16:22:11.342265 7f869af78700 10 osd.26 243 do_waiters -- start
2014-06-09 16:22:11.342267 7f869af78700 10 osd.26 243 do_waiters -- finish
2014-06-09 16:22:11.342268 7f869af78700 20 osd.26 243 _dispatch 0x2fe71500 pg_notify(3.1bd(10),3.750(10) epoch 242) v5
2014-06-09 16:22:11.342262 7f868cf5c700 10 osd.26 pg_epoch: 243 pg[1.38d( empty local-les=191 n=0 ec=1 les/c 191/191 242/242/222) [1,26] r=1 lpr=242 pi=1-241/22 crt=0'0 inactive NOTIFY] state: got info+log from osd.1 1.38d( empty local-les=243 n=0 ec=1 les/c 191/191 242/242/222) log((0'0,0'0], crt=0'0)
2014-06-09 16:22:11.342274 7f868cf5c700 10 merge_log log((0'0,0'0], crt=0'0) from osd.1 into log((0'0,0'0], crt=0'0)
2014-06-09 16:22:11.342273 7f869af78700 5 -- op tracker -- , seq: 1514, time:
2014-06-09 16:22:10.991826, event: header_read, op: pg_notify(3.1bd(10),3.750(10) epoch 242)
2014-06-09 16:22:11.342277 7f868cf5c700 10 merge_log result log((0'0,0'0], crt=0'0) missing(0) changed=0
2014-06-09 16:22:11.342280 7f869af78700 5 -- op tracker -- , seq: 1514, time:
2014-06-09 16:22:10.991827, event: throttled, op: pg_notify(3.1bd(10),3.750(10) epoch 242)
2014-06-09 16:22:11.342281 7f868cf5c700 5 osd.26 pg_epoch: 243 pg[1.38d( empty local-les=191 n=0 ec=1 les/c 191/191 242/242/222) [1,26] r=1 lpr=242 pi=1-241/22 crt=0'0 inactive NOTIFY] exit Started/Stray 1.070521 7 0.000188
2014-06-09 16:22:11.342287 7f869af78700 5 -- op tracker -- , seq: 1514, time:
2014-06-09 16:22:10.991859, event: all_read, op: pg_notify(3.1bd(10),3.750(10) epoch 242)
2014-06-09 16:22:11.342294 7f869af78700 5 -- op tracker -- , seq: 1514, time:
2014-06-09 16:22:11.342265, event: dispatched, op: pg_notify(3.1bd(10),3.750(10) epoch 242)
2014-06-09 16:22:11.342291 7f868cf5c700 5 osd.26 pg_epoch: 243 pg[1.38d( empty local-les=191 n=0 ec=1 les/c 191/191 242/242/222) [1,26] r=1 lpr=242 pi=1-241/22 crt=0'0 inactive NOTIFY] enter Started/ReplicaActive
2014-06-09 16:22:11.342300 7f869af78700 5 -- op tracker -- , seq: 1514, time:
2014-06-09 16:22:11.342298, event: waiting_for_osdmap, op: pg_notify(3.1bd(10),3.750(10) epoch 242)
2014-06-09 16:22:11.342305 7f869af78700 7 osd.26 243 handle_pg_notify from osd.8
2014-06-09 16:22:11.342301 7f868cf5c700 5 osd.26 pg_epoch: 243 pg[1.38d( empty local-les=191 n=0 ec=1 les/c 191/191 242/242/222) [1,26] r=1 lpr=242 pi=1-241/22 crt=0'0 inactive NOTIFY] enter Started/ReplicaActive/RepNotRecovering
2014-06-09 16:22:11.342307 7f869af78700 15 osd.26 243 require_same_or_newer_map 242 (i am 243) 0x2fe71500
2014-06-09 16:22:11.342312 7f869af78700 5 -- op tracker -- , seq: 1514, time:
2014-06-09 16:22:11.342309, event: started, op: pg_notify(3.1bd(10),3.750(10) epoch 242)
2014-06-09 16:22:11.342309 7f868cf5c700 10 osd.26 pg_epoch: 243 pg[1.38d( empty local-les=191 n=0 ec=1 les/c 191/191 242/242/222) [1,26] r=1 lpr=242 pi=1-241/22 crt=0'0 inactive NOTIFY] state: In ReplicaActive, about to call activate
2014-06-09 16:22:11.342319 7f868cf5c700 10 osd.26 pg_epoch: 243 pg[1.38d( empty local-les=243 n=0 ec=1 les/c 191/191 242/242/222) [1,26] r=1 lpr=242 pi=1-241/22 crt=0'0 inactive] activate - no missing, moving last_complete 0'0 -> 0'0
2014-06-09 16:22:11.342326 7f868cf5c700 10 osd.26 pg_epoch: 243 pg[1.38d( empty local-les=243 n=0 ec=1 les/c 191/191 242/242/222) [1,26] r=1 lpr=242 pi=1-241/22 crt=0'0 inactive] state: Activate Finished
2014-06-09 16:22:11.342371 7f868cf5c700 10 log is not dirty
2014-06-09 16:22:11.342376 7f868cf5c700 5 queue_transactions existing osr(1.38d 0x384d570)/0x384d570
2014-06-09 16:22:11.342383 7f8690f64700 20 OSD::op_tp worker waiting
2014-06-09 16:22:11.342768 7f8690763700 20 OSD::op_tp worker waiting
2014-06-09 16:22:11.343407 7f868ff62700 20 OSD::op_tp worker waiting
2014-06-09 16:22:11.345060 7f868b759700 20 OSD::op_tp worker waiting
2014-06-09 16:22:11.332894 7f8692767700 10 log is not dirty
2014-06-09 16:22:11.345298 7f868a757700 10 osd.26 243 dequeue_op 0x2e075f00 prio 63 cost 221184 latency 0.403973 osd_op(client.4577.0:37964 rbd_data.11816b8b4567.000000000000198d [set-alloc-hint object_size 4194304 write_size 4194304,write 0~221184] 3.82d661bd RETRY=3 ack+ondisk+retry+write e242) v4 pg pg[3.1bd( v 214'661 (0'0,214'661] local-les=243 n=131 ec=118 les/c 212/212 242/242/242) [26,8] r=0 lpr=242 pi=211-241/2 crt=0'0 lcod 0'0 mlcod 0'0 inactive]
2014-06-09 16:22:11.345328 7f868a757700 5 -- op tracker -- , seq: 1042, time:
2014-06-09 16:22:11.345322, event: reached_pg, op: osd_op(client.4577.0:37964 rbd_data.11816b8b4567.000000000000198d [set-alloc-hint object_size 4194304 write_size 4194304,write 0~221184] 3.82d661bd RETRY=3 ack+ondisk+retry+write e242)
2014-06-09 16:22:11.345340 7f868a757700 20 osd.26 pg_epoch: 243 pg[3.1bd( v 214'661 (0'0,214'661] local-les=243 n=131 ec=118 les/c 212/212 242/242/242) [26,8] r=0 lpr=242 pi=211-241/2 crt=0'0 lcod 0'0 mlcod 0'0 inactive] op_has_sufficient_caps pool=3 (ceph ) owner=0 need_read_cap=0 need_write_cap=1 need_class_read_cap=0 need_class_write_cap=0 -> yes
2014-06-09 16:22:11.345355 7f868a757700 10 osd.26 pg_epoch: 243 pg[3.1bd( v 214'661 (0'0,214'661] local-les=243 n=131 ec=118 les/c 212/212 242/242/242) [26,8] r=0 lpr=242 pi=211-241/2 crt=0'0 lcod 0'0 mlcod 0'0 inactive] can_handle_while_inactive: 0x2e075f00
2014-06-09 16:22:11.345366 7f868a757700 10 osd.26 243 dequeue_op 0x2e075f00 finish
2014-06-09 16:22:11.345373 7f868a757700 15 OSD::op_tp worker wq OSD::OpWQ done processing 0x1 (8 active)
2014-06-09 16:22:11.345376 7f868a757700 20 OSD::op_tp worker waiting
2014-06-09 16:22:11.345384 7f8692767700 15 OSD::op_tp worker wq OSD::PeeringWQ done processing 0xb7f0210 (7 active)
2014-06-09 16:22:11.345387 7f8692767700 20 OSD::op_tp worker waiting
2014-06-09 16:22:11.332895 7f86a5e11700 15 KeyValueStore::op_tp worker wq KeyValueStore::OpWQ done processing 0xc52c480 (1 active)
2014-06-09 16:22:11.332900 7f86a5610700 10 lookup_strip_header done cid meta oid 16ef7597/infos/head//-1
2014-06-09 16:22:11.345395 7f86a5e11700 12 KeyValueStore::op_tp worker wq KeyValueStore::OpWQ start processing 0xcac4ea0 (2 active)
2014-06-09 16:22:11.345402 7f8691f66700 10 op_submit_finish 3086
2014-06-09 16:22:11.345408 7f8691f66700 10 osd.26 pg_epoch: 243 pg[0.498( empty local-les=243 n=0 ec=1 les/c 201/201 242/242/242) [26,3] r=0 lpr=242 pi=200-241/2 crt=0'0 mlcod 0'0 inactive] handle_peering_event: epoch_sent: 242 epoch_requested: 242 MNotifyRec from 3 notify: (query_epoch:242, epoch_sent:242, info:0.498( empty local-les=201 n=0 ec=1 les/c 201/201 242/242/242))
2014-06-09 16:22:11.345423 7f86a5610700 10 cid: oid: 16ef7597/infos/head//-1 skipping op, spos 3048.0.0 <= header.spos 150443.0.0
2014-06-09 16:22:11.345428 7f86a5610700 5 submit_transaction r = 0
2014-06-09 16:22:11.345423 7f8691f66700 10 osd.26 pg_epoch: 243 pg[0.498( empty local-les=243 n=0 ec=1 les/c 201/201 242/242/242) [26,3] r=0 lpr=242 pi=200-241/2 crt=0'0 mlcod 0'0 inactive] state: Active: got notify from 3, already have info from that osd, ignoring
2014-06-09 16:22:11.345434 7f8691f66700 10 log is not dirty
2014-06-09 16:22:11.345442 7f8691f66700 15 OSD::op_tp worker wq OSD::PeeringWQ done processing 0xb7f0220 (6 active)
2014-06-09 16:22:11.345445 7f8691f66700 20 OSD::op_tp worker waiting
2014-06-09 16:22:11.345450 7f868ef60700 10 op_submit_start 3087
2014-06-09 16:22:11.345451 7f868ef60700 5 queue_transactions (trailing journal) 3087
2014-06-09 16:22:11.345453 7f868ef60700 5 queue_op 0x309a3020 seq 3087 osr(2.372 0x2ed1150) 1883 bytes (queue has 42 ops and 55008 bytes)
2014-06-09 16:22:11.345457 7f868ef60700 10 op_submit_finish 3087
2014-06-09 16:22:11.345464 7f868ef60700 15 OSD::op_tp worker wq OSD::PeeringWQ done processing 0xb7f0280 (5 active)
2014-06-09 16:22:11.345467 7f868ef60700 20 OSD::op_tp worker waiting
2014-06-09 16:22:11.345471 7f86a5e11700 5 _do_op 0x308cbe00 seq 3049 osr(2.74b 0x3ed0110)/0x3ed0110 start
2014-06-09 16:22:11.345476 7f86a5e11700 10 _do_transaction on 0x2eab980
2014-06-09 16:22:11.345475 7f86a5610700 10 _do_op 0x30061b00 seq 3048 r = 0, finisher 0x189aa9e0 0
2014-06-09 16:22:11.345483 7f86a5610700 10 _finish_op 0x30061b00 seq 3048 osr(3.1f4 0x3ed0970)/0x3ed0970
2014-06-09 16:22:11.345484 7f86a5e11700 15 _omap_setkeys meta/16ef7597/infos/head//-1
2014-06-09 16:22:11.345489 7f86a5610700 15 KeyValueStore::op_tp worker wq KeyValueStore::OpWQ done processing 0xc781e60 (1 active)
2014-06-09 16:22:11.345491 7f86a5610700 12 KeyValueStore::op_tp worker wq KeyValueStore::OpWQ start processing 0xca48360 (2 active)
2014-06-09 16:22:11.345494 7f86a5610700 5 _do_op 0x30033aa0 seq 3050 osr(3.4d1 0x3ed17a0)/0x3ed17a0 start
2014-06-09 16:22:11.345496 7f86a5610700 10 _do_transaction on 0x39db380
2014-06-09 16:22:11.345504 7f86a5610700 15 _omap_setkeys meta/16ef7597/infos/head//-1
2014-06-09 16:22:11.345509 7f868e75f700 10 op_submit_start 3088
2014-06-09 16:22:11.345510 7f868e75f700 5 queue_transactions (trailing journal) 3088
2014-06-09 16:22:11.345512 7f868e75f700 5 queue_op 0x2fc8cb40 seq 3088 osr(1.5e 0x384c5d0) 1880 bytes (queue has 41 ops and 54045 bytes)
2014-06-09 16:22:11.345514 7f868e75f700 10 op_submit_finish 3088
2014-06-09 16:22:11.345520 7f868e75f700 10 osd.26 pg_epoch: 243 pg[0.411( empty local-les=243 n=0 ec=1 les/c 191/191 242/242/242) [26,2] r=0 lpr=242 pi=190-241/4 crt=0'0 mlcod 0'0 inactive] handle_peering_event: epoch_sent: 242 epoch_requested: 242 MNotifyRec from 2 notify: (query_epoch:242, epoch_sent:242, info:0.411( empty local-les=191 n=0 ec=1 les/c 191/191 242/242/242))
2014-06-09 16:22:11.345532 7f868e75f700 10 osd.26 pg_epoch: 243 pg[0.411( empty local-les=243 n=0 ec=1 les/c 191/191 242/242/242) [26,2] r=0 lpr=242 pi=190-241/4 crt=0'0 mlcod 0'0 inactive] state: Active: got notify from 2, already have info from that osd, ignoring
2014-06-09 16:22:11.345542 7f868e75f700 10 log is not dirty
2014-06-09 16:22:11.345547 7f868e75f700 10 osd.26 pg_epoch: 243 pg[3.67f( v 214'639 (0'0,214'639] local-les=243 n=124 ec=118 les/c 203/203 242/242/242) [26,4] r=0 lpr=242 pi=202-241/2 crt=0'0 lcod 0'0 mlcod 0'0 inactive] handle_peering_event: epoch_sent: 242 epoch_requested: 242 MNotifyRec from 4 notify: (query_epoch:242, epoch_sent:242, info:3.67f( v 214'639 (0'0,214'639] local-les=203 n=124 ec=118 les/c 203/203 242/242/242))
2014-06-09 16:22:11.345559 7f868e75f700 10 osd.26 pg_epoch: 243 pg[3.67f( v 214'639 (0'0,214'639] local-les=243 n=124 ec=118 les/c 203/203 242/242/242) [26,4] r=0 lpr=242 pi=202-241/2 crt=0'0 lcod 0'0 mlcod 0'0 inactive] state: Active: got notify from 4, already have info from that osd, ignoring
2014-06-09 16:22:11.345569 7f868e75f700 10 log is not dirty
2014-06-09 16:22:11.345572 7f868e75f700 10 osd.26 pg_epoch: 243 pg[3.3e6( v 213'623 (0'0,213'623] local-les=243 n=121 ec=118 les/c 210/210 242/242/242) [26,7] r=0 lpr=242 pi=209-241/2 crt=0'0 lcod 0'0 mlcod 0'0 inactive] handle_peering_event: epoch_sent: 243 epoch_requested: 243 MNotifyRec from 7 notify: (query_epoch:243, epoch_sent:243, info:3.3e6( v 213'623 (0'0,213'623] local-les=210 n=121 ec=118 les/c 210/210 242/242/242))
2014-06-09 16:22:11.345588 7f86a5e11700 10 lookup_strip_header done cid meta oid 16ef7597/infos/head//-1
2014-06-09 16:22:11.345584 7f868e75f700 10 osd.26 pg_epoch: 243 pg[3.3e6( v 213'623 (0'0,213'623] local-les=243 n=121 ec=118 les/c 210/210 242/242/242) [26,7] r=0 lpr=242 pi=209-241/2 crt=0'0 lcod 0'0 mlcod 0'0 inactive] state: Active: got notify from 7, already have info from that osd, ignoring
2014-06-09 16:22:11.345594 7f868e75f700 10 log is not dirty
2014-06-09 16:22:11.345600 7f868e75f700 15 OSD::op_tp worker wq OSD::PeeringWQ done processing 0xb7f0290 (4 active)
2014-06-09 16:22:11.345603 7f868e75f700 20 OSD::op_tp worker waiting
2014-06-09 16:22:11.345609 7f86a4e0f700 10 finisher(0x2c10388) finisher_thread doing [0x189aa9e0]
2014-06-09 16:22:11.345608 7f86a5e11700 10 cid: oid: 16ef7597/infos/head//-1 skipping op, spos 3049.0.0 <= header.spos 150443.0.0
2014-06-09 16:22:11.345613 7f86a5e11700 5 submit_transaction r = 0
2014-06-09 16:22:11.345618 7f86a4e0f700 10 finisher(0x2c10388) finisher_thread done with [0x189aa9e0]
2014-06-09 16:22:11.345620 7f86a4e0f700 10 finisher(0x2c10388) finisher_thread empty
2014-06-09 16:22:11.345621 7f86a4e0f700 10 finisher(0x2c10388) finisher_thread sleeping
2014-06-09 16:22:11.345667 7f86a5610700 10 lookup_strip_header done cid meta oid 16ef7597/infos/head//-1
2014-06-09 16:22:11.345684 7f86a5610700 10 cid: oid: 16ef7597/infos/head//-1 skipping op, spos 3050.0.0 <= header.spos 150443.0.0
2014-06-09 16:22:11.345689 7f86a5610700 5 submit_transaction r = 0
2014-06-09 16:22:11.345708 7f86a5610700 10 _do_op 0x30033aa0 seq 3050 r = 0, finisher 0xbd69140 0
2014-06-09 16:22:11.345712 7f86a5610700 10 _finish_op 0x30033aa0 seq 3050 osr(3.4d1 0x3ed17a0)/0x3ed17a0
2014-06-09 16:22:11.345718 7f86a5610700 15 KeyValueStore::op_tp worker wq KeyValueStore::OpWQ done processing 0xca48360 (1 active)
2014-06-09 16:22:11.345719 7f86a4e0f700 10 finisher(0x2c10388) finisher_thread doing [0xbd69140]
2014-06-09 16:22:11.345720 7f86a5610700 12 KeyValueStore::op_tp worker wq KeyValueStore::OpWQ start processing 0xc77ac60 (2 active)
2014-06-09 16:22:11.345722 7f86a5610700 5 _do_op 0x308cacc0 seq 3051 osr(3.4b3 0x3ed1480)/0x3ed1480 start
2014-06-09 16:22:11.345725 7f86a5610700 10 _do_transaction on 0xbf45740
2014-06-09 16:22:11.345727 7f86a4e0f700 10 finisher(0x2c10388) finisher_thread done with [0xbd69140]
2014-06-09 16:22:11.345729 7f86a4e0f700 10 finisher(0x2c10388) finisher_thread empty
2014-06-09 16:22:11.345730 7f86a4e0f700 10 finisher(0x2c10388) finisher_thread sleeping
2014-06-09 16:22:11.345731 7f86a5610700 15 _omap_setkeys meta/16ef7597/infos/head//-1
2014-06-09 16:22:11.345764 7f86a5610700 10 lookup_strip_header done cid meta oid 16ef7597/infos/head//-1
2014-06-09 16:22:11.345781 7f86a5610700 10 cid: oid: 16ef7597/infos/head//-1 skipping op, spos 3051.0.0 <= header.spos 150443.0.0
2014-06-09 16:22:11.345785 7f86a5610700 5 submit_transaction r = 0
2014-06-09 16:22:11.345808 7f86a5610700 10 _do_op 0x308cacc0 seq 3051 r = 0, finisher 0xbd67ea0 0
2014-06-09 16:22:11.345812 7f86a5610700 10 _finish_op 0x308cacc0 seq 3051 osr(3.4b3 0x3ed1480)/0x3ed1480
2014-06-09 16:22:11.345818 7f86a5610700 15 KeyValueStore::op_tp worker wq KeyValueStore::OpWQ done processing 0xc77ac60 (1 active)
2014-06-09 16:22:11.345820 7f86a4e0f700 10 finisher(0x2c10388) finisher_thread doing [0xbd67ea0]
2014-06-09 16:22:11.345821 7f86a5610700 12 KeyValueStore::op_tp worker wq KeyValueStore::OpWQ start processing 0xc6fc000 (2 active)
2014-06-09 16:22:11.345823 7f86a5610700 5 _do_op 0x30606b40 seq 3052 osr(2.5d3 0x2ed1ab0)/0x2ed1ab0 start
2014-06-09 16:22:11.345826 7f86a5610700 10 _do_transaction on 0xc24f8c0
2014-06-09 16:22:11.345831 7f86a4e0f700 10 finisher(0x2c10388) finisher_thread done with [0xbd67ea0]
2014-06-09 16:22:11.345833 7f86a4e0f700 10 finisher(0x2c10388) finisher_thread empty
2014-06-09 16:22:11.345832 7f86a5610700 15 _omap_setkeys meta/16ef7597/infos/head//-1
2014-06-09 16:22:11.345834 7f86a4e0f700 10 finisher(0x2c10388) finisher_thread sleeping
2014-06-09 16:22:11.345866 7f86a5610700 10 lookup_strip_header done cid meta oid 16ef7597/infos/head//-1
2014-06-09 16:22:11.345882 7f86a5610700 10 cid: oid: 16ef7597/infos/head//-1 skipping op, spos 3052.0.0 <= header.spos 150443.0.0
2014-06-09 16:22:11.345886 7f86a5610700 5 submit_transaction r = 0
2014-06-09 16:22:11.345910 7f86a5610700 10 _do_op 0x30606b40 seq 3052 r = 0, finisher 0x1a002860 0
2014-06-09 16:22:11.345914 7f86a5610700 10 _finish_op 0x30606b40 seq 3052 osr(2.5d3 0x2ed1ab0)/0x2ed1ab0
2014-06-09 16:22:11.345920 7f86a5610700 15 KeyValueStore::op_tp worker wq KeyValueStore::OpWQ done processing 0xc6fc000 (1 active)
2014-06-09 16:22:11.345921 7f86a4e0f700 10 finisher(0x2c10388) finisher_thread doing [0x1a002860]
2014-06-09 16:22:11.345922 7f86a5610700 12 KeyValueStore::op_tp worker wq KeyValueStore::OpWQ start processing 0xc781680 (2 active)
2014-06-09 16:22:11.345925 7f86a5610700 5 _do_op 0x2c06ed80 seq 3053 osr(3.77c 0x3ed1dd0)/0x3ed1dd0 start
2014-06-09 16:22:11.345928 7f86a5610700 10 _do_transaction on 0x3488540
2014-06-09 16:22:11.345930 7f86a4e0f700 10 finisher(0x2c10388) finisher_thread done with [0x1a002860]
2014-06-09 16:22:11.345932 7f86a4e0f700 10 finisher(0x2c10388) finisher_thread empty
2014-06-09 16:22:11.345933 7f86a4e0f700 10 finisher(0x2c10388) finisher_thread sleeping
2014-06-09 16:22:11.345934 7f86a5610700 15 _omap_setkeys meta/16ef7597/infos/head//-1
2014-06-09 16:22:11.345966 7f86a5610700 10 lookup_strip_header done cid meta oid 16ef7597/infos/head//-1
2014-06-09 16:22:11.345983 7f86a5610700 10 cid: oid: 16ef7597/infos/head//-1 skipping op, spos 3053.0.0 <= header.spos 150443.0.0
2014-06-09 16:22:11.345987 7f86a5610700 5 submit_transaction r = 0
2014-06-09 16:22:11.346005 7f86a5610700 10 _do_op 0x2c06ed80 seq 3053 r = 0, finisher 0x1322c400 0
2014-06-09 16:22:11.346012 7f86a5610700 10 _finish_op 0x2c06ed80 seq 3053 osr(3.77c 0x3ed1dd0)/0x3ed1dd0
2014-06-09 16:22:11.346019 7f86a4e0f700 10 finisher(0x2c10388) finisher_thread doing [0x1322c400]
2014-06-09 16:22:11.346022 7f86a5610700 15 KeyValueStore::op_tp worker wq KeyValueStore::OpWQ done processing 0xc781680 (1 active)
2014-06-09 16:22:11.346024 7f86a4e0f700 10 finisher(0x2c10388) finisher_thread done with [0x1322c400]
2014-06-09 16:22:11.346025 7f86a5610700 12 KeyValueStore::op_tp worker wq KeyValueStore::OpWQ start processing 0xc89f0e0 (2 active)
2014-06-09 16:22:11.346026 7f86a4e0f700 10 finisher(0x2c10388) finisher_thread empty
2014-06-09 16:22:11.346027 7f86a4e0f700 10 finisher(0x2c10388) finisher_thread sleeping
2014-06-09 16:22:11.346027 7f86a5610700 5 _do_op 0x306060c0 seq 3054 osr(3.750 0x3ed1eb0)/0x3ed1eb0 start
2014-06-09 16:22:11.346030 7f86a5610700 10 _do_transaction on 0xbf45d40
2014-06-09 16:22:11.346037 7f86a5610700 15 _omap_setkeys meta/16ef7597/infos/head//-1
2014-06-09 16:22:11.346072 7f86a5610700 10 lookup_strip_header done cid meta oid 16ef7597/infos/head//-1
2014-06-09 16:22:11.346089 7f86a5610700 10 cid: oid: 16ef7597/infos/head//-1 skipping op, spos 3054.0.0 <= header.spos 150443.0.0
2014-06-09 16:22:11.346093 7f86a5610700 5 submit_transaction r = 0
2014-06-09 16:22:11.346113 7f86a5610700 10 _do_op 0x306060c0 seq 3054 r = 0, finisher 0xbd6f980 0
2014-06-09 16:22:11.346116 7f86a5610700 10 _finish_op 0x306060c0 seq 3054 osr(3.750 0x3ed1eb0)/0x3ed1eb0
2014-06-09 16:22:11.346122 7f86a5610700 15 KeyValueStore::op_tp worker wq KeyValueStore::OpWQ done processing 0xc89f0e0 (1 active)
2014-06-09 16:22:11.346124 7f86a4e0f700 10 finisher(0x2c10388) finisher_thread doing [0xbd6f980]
2014-06-09 16:22:11.346124 7f86a5610700 12 KeyValueStore::op_tp worker wq KeyValueStore::OpWQ start processing 0xc89fc20 (2 active)
2014-06-09 16:22:11.346127 7f86a5610700 5 _do_op 0x30032240 seq 3055 osr(0.479 0x2bd7490)/0x2bd7490 start
2014-06-09 16:22:11.346130 7f86a5610700 10 _do_transaction on 0xc142240
2014-06-09 16:22:11.346131 7f86a4e0f700 10 finisher(0x2c10388) finisher_thread done with [0xbd6f980]
2014-06-09 16:22:11.346132 7f86a4e0f700 10 finisher(0x2c10388) finisher_thread empty
2014-06-09 16:22:11.346134 7f86a4e0f700 10 finisher(0x2c10388) finisher_thread sleeping
2014-06-09 16:22:11.346136 7f86a5610700 15 _omap_setkeys meta/16ef7597/infos/head//-1
2014-06-09 16:22:11.346168 7f86a5610700 10 lookup_strip_header done cid meta oid 16ef7597/infos/head//-1
2014-06-09 16:22:11.346184 7f86a5610700 10 cid: oid: 16ef7597/infos/head//-1 skipping op, spos 3055.0.0 <= header.spos 150443.0.0
2014-06-09 16:22:11.346188 7f86a5610700 5 submit_transaction r = 0
2014-06-09 16:22:11.346212 7f86a5610700 10 _do_op 0x30032240 seq 3055 r = 0, finisher 0x1a002880 0
2014-06-09 16:22:11.346215 7f86a5610700 10 _finish_op 0x30032240 seq 3055 osr(0.479 0x2bd7490)/0x2bd7490
2014-06-09 16:22:11.346221 7f86a5610700 15 KeyValueStore::op_tp worker wq KeyValueStore::OpWQ done processing 0xc89fc20 (1 active)
2014-06-09 16:22:11.346223 7f86a4e0f700 10 finisher(0x2c10388) finisher_thread doing [0x1a002880]
2014-06-09 16:22:11.346224 7f86a5610700 12 KeyValueStore::op_tp worker wq KeyValueStore::OpWQ start processing 0xc89ed80 (2 active)
2014-06-09 16:22:11.346226 7f86a5610700 5 _do_op 0x30606000 seq 3056 osr(3.1c7 0x3ed0a10)/0x3ed0a10 start
2014-06-09 16:22:11.346228 7f86a4e0f700 10 finisher(0x2c10388) finisher_thread done with [0x1a002880]
2014-06-09 16:22:11.346229 7f86a5610700 10 _do_transaction on 0x3338300
2014-06-09 16:22:11.346230 7f86a4e0f700 10 finisher(0x2c10388) finisher_thread empty
2014-06-09 16:22:11.346231 7f86a4e0f700 10 finisher(0x2c10388) finisher_thread sleeping
2014-06-09 16:22:11.346231 7f86a5610700 5 submit_transaction r = 0
2014-06-09 16:22:11.346234 7f86a5610700 10 _do_op 0x30606000 seq 3056 r = 0, finisher 0x18743800 0
2014-06-09 16:22:11.346237 7f86a5610700 10 _finish_op 0x30606000 seq 3056 osr(3.1c7 0x3ed0a10)/0x3ed0a10
2014-06-09 16:22:11.346242 7f86a5610700 15 KeyValueStore::op_tp worker wq KeyValueStore::OpWQ done processing 0xc89ed80 (1 active)
2014-06-09 16:22:11.346243 7f86a4e0f700 10 finisher(0x2c10388) finisher_thread doing [0x18743800]
2014-06-09 16:22:11.346244 7f86a5610700 12 KeyValueStore::op_tp worker wq KeyValueStore::OpWQ start processing 0xc6f6480 (2 active)
2014-06-09 16:22:11.346246 7f86a4e0f700 10 finisher(0x2c10388) finisher_thread done with [0x18743800]
2014-06-09 16:22:11.346247 7f86a5610700 5 _do_op 0x30032180 seq 3057 osr(3.1aa 0x3ed0ac0)/0x3ed0ac0 start
2014-06-09 16:22:11.346248 7f86a4e0f700 10 finisher(0x2c10388) finisher_thread empty
2014-06-09 16:22:11.346249 7f86a4e0f700 10 finisher(0x2c10388) finisher_thread sleeping
2014-06-09 16:22:11.346249 7f86a5610700 10 _do_transaction on 0x3a07380
2014-06-09 16:22:11.346251 7f86a5610700 5 submit_transaction r = 0
2014-06-09 16:22:11.346254 7f86a5610700 10 _do_op 0x30032180 seq 3057 r = 0, finisher 0xbd6bbe0 0
2014-06-09 16:22:11.346257 7f86a5610700 10 _finish_op 0x30032180 seq 3057 osr(3.1aa 0x3ed0ac0)/0x3ed0ac0
2014-06-09 16:22:11.346261 7f86a5610700 15 KeyValueStore::op_tp worker wq KeyValueStore::OpWQ done processing 0xc6f6480 (1 active)
2014-06-09 16:22:11.346263 7f86a4e0f700 10 finisher(0x2c10388) finisher_thread doing [0xbd6bbe0]
2014-06-09 16:22:11.346264 7f86a5610700 12 KeyValueStore::op_tp worker wq KeyValueStore::OpWQ start processing 0xcac47e0 (2 active)
2014-06-09 16:22:11.346266 7f86a4e0f700 10 finisher(0x2c10388) finisher_thread done with [0xbd6bbe0]
2014-06-09 16:22:11.346267 7f86a4e0f700 10 finisher(0x2c10388) finisher_thread empty
2014-06-09 16:22:11.346266 7f86a5610700 5 _do_op 0x2c06ed20 seq 3058 osr(0.1f1 0x2bd68a0)/0x2bd68a0 start
2014-06-09 16:22:11.346269 7f86a4e0f700 10 finisher(0x2c10388) finisher_thread sleeping
2014-06-09 16:22:11.346270 7f86a5610700 10 _do_transaction on 0x2e62a80
2014-06-09 16:22:11.346277 7f86a5610700 15 _omap_setkeys meta/16ef7597/infos/head//-1
2014-06-09 16:22:11.346310 7f86a5610700 10 lookup_strip_header done cid meta oid 16ef7597/infos/head//-1
2014-06-09 16:22:11.346326 7f86a5610700 10 cid: oid: 16ef7597/infos/head//-1 skipping op, spos 3058.0.0 <= header.spos 150443.0.0
2014-06-09 16:22:11.346330 7f86a5610700 5 submit_transaction r = 0
2014-06-09 16:22:11.346347 7f86a5610700 10 _do_op 0x2c06ed20 seq 3058 r = 0, finisher 0xbd691c0 0
2014-06-09 16:22:11.346351 7f86a5610700 10 _finish_op 0x2c06ed20 seq 3058 osr(0.1f1 0x2bd68a0)/0x2bd68a0
2014-06-09 16:22:11.346356 7f86a5610700 15 KeyValueStore::op_tp worker wq KeyValueStore::OpWQ done processing 0xcac47e0 (1 active)
2014-06-09 16:22:11.346358 7f86a5610700 12 KeyValueStore::op_tp worker wq KeyValueStore::OpWQ start processing 0xca48240 (2 active)
2014-06-09 16:22:11.346358 7f86a4e0f700 10 finisher(0x2c10388) finisher_thread doing [0xbd691c0]
2014-06-09 16:22:11.346360 7f86a5610700 5 _do_op 0x30033a40 seq 3059 osr(2.b 0x2ed02f0)/0x2ed02f0 start
2014-06-09 16:22:11.346363 7f86a5610700 10 _do_transaction on 0x3934c00
2014-06-09 16:22:11.346360 7f86a460e700 10 finisher(0x2c100f8) finisher_thread doing [0xbd5a1a0,0xbef0f00,0xbce7d00,0xbd6bb00,0x30629b80,0x4eb89c0,0xc169680,0xcd0f820,0x1322d480,0xc411da0]
2014-06-09 16:22:11.346365 7f86a4e0f700 10 finisher(0x2c10388) finisher_thread done with [0xbd691c0]
2014-06-09 16:22:11.346366 7f86a4e0f700 10 finisher(0x2c10388) finisher_thread empty
2014-06-09 16:22:11.346367 7f86a4e0f700 10 finisher(0x2c10388) finisher_thread sleeping
2014-06-09 16:22:11.346368 7f86a5610700 15 _omap_setkeys meta/16ef7597/infos/head//-1
2014-06-09 16:22:11.346366 7f86a460e700 10 osd.26 pg_epoch: 243 pg[3.1f4( v 213'599 (0'0,213'599] local-les=243 n=118 ec=118 les/c 208/208 242/242/242) [26,6] r=0 lpr=242 pi=207-241/2 crt=0'0 lcod 0'0 mlcod 0'0 inactive] _activate_committed 243 peer_activated now 26 last_epoch_started 208 same_interval_since 242
2014-06-09 16:22:11.346389 7f86a460e700 10 osd.26 pg_epoch: 243 pg[3.1f4( v 213'599 (0'0,213'599] local-les=243 n=118 ec=118 les/c 208/208 242/242/242) [26,6] r=0 lpr=242 pi=207-241/2 crt=0'0 lcod 0'0 mlcod 0'0 inactive] flushed
2014-06-09 16:22:11.346399 7f86a5610700 10 lookup_strip_header done cid meta oid 16ef7597/infos/head//-1
2014-06-09 16:22:11.346409 7f868bf5a700 12 OSD::op_tp worker wq OSD::PeeringWQ start processing 0xb7f02e0 (5 active)
2014-06-09 16:22:11.346406 7f86a460e700 10 osd.26 pg_epoch: 243 pg[3.1f4( v 213'599 (0'0,213'599] local-les=243 n=118 ec=118 les/c 208/208 242/242/242) [26,6] r=0 lpr=242 pi=207-241/2 crt=0'0 lcod 0'0 mlcod 0'0 inactive] flushed
2014-06-09 16:22:11.346414 7f86a5610700 10 cid: oid: 16ef7597/infos/head//-1 skipping op, spos 3059.0.0 <= header.spos 150443.0.0
2014-06-09 16:22:11.346418 7f86a5610700 5 submit_transaction r = 0
2014-06-09 16:22:11.346423 7f868af58700 20 OSD::op_tp worker waiting
2014-06-09 16:22:11.346432 7f86a5610700 10 _do_op 0x30033a40 seq 3059 r = 0, finisher 0xbd70c80 0
2014-06-09 16:22:11.346424 7f86a460e700 10 osd.26 pg_epoch: 243 pg[3.4d1( v 213'606 (0'0,213'606] local-les=243 n=120 ec=118 les/c 201/201 242/242/242) [26,3] r=0 lpr=242 pi=200-241/2 crt=0'0 lcod 0'0 mlcod 0'0 inactive] _activate_committed 243 peer_activated now 26 last_epoch_started 201 same_interval_since 242
2014-06-09 16:22:11.346435 7f86a5610700 10 _finish_op 0x30033a40 seq 3059 osr(2.b 0x2ed02f0)/0x2ed02f0
2014-06-09 16:22:11.346428 7f868bf5a700 10 osd.26 pg_epoch: 243 pg[3.1f4( v 213'599 (0'0,213'599] local-les=243 n=118 ec=118 les/c 208/208 242/242/242) [26,6] r=0 lpr=242 pi=207-241/2 crt=0'0 lcod 0'0 mlcod 0'0 inactive] handle_peering_event: epoch_sent: 243 epoch_requested: 243 FlushedEvt
2014-06-09 16:22:11.346440 7f86a5610700 15 KeyValueStore::op_tp worker wq KeyValueStore::OpWQ done processing 0xca48240 (1 active)
2014-06-09 16:22:11.346441 7f86a5610700 12 KeyValueStore::op_tp worker wq KeyValueStore::OpWQ start processing 0xc9c07e0 (2 active)
2014-06-09 16:22:11.346437 7f86a460e700 10 osd.26 pg_epoch: 243 pg[3.4d1( v 213'606 (0'0,213'606] local-les=243 n=120 ec=118 les/c 201/201 242/242/242) [26,3] r=0 lpr=242 pi=200-241/2 crt=0'0 lcod 0'0 mlcod 0'0 inactive] flushed
2014-06-09 16:22:11.346443 7f86a5610700 5 _do_op 0x309a3920 seq 3060 osr(2.755 0x3ed0100)/0x3ed0100 start
2014-06-09 16:22:11.346445 7f868bf5a700 10 log is not dirty
2014-06-09 16:22:11.346446 7f86a5610700 10 _do_transaction on 0xc3035c0
2014-06-09 16:22:11.346452 7f86a5610700 15 _omap_setkeys meta/16ef7597/infos/head//-1
2014-06-09 16:22:11.346452 7f868bf5a700 15 OSD::op_tp worker wq OSD::PeeringWQ done processing 0xb7f02e0 (4 active)
2014-06-09 16:22:11.346455 7f868bf5a700 12 OSD::op_tp worker wq OSD::PeeringWQ start processing 0xb7f02e0 (5 active)
2014-06-09 16:22:11.346450 7f86a460e700 10 osd.26 pg_epoch: 243 pg[3.4d1( v 213'606 (0'0,213'606] local-les=243 n=120 ec=118 les/c 201/201 242/242/242) [26,3] r=0 lpr=242 pi=200-241/2 crt=0'0 lcod 0'0 mlcod 0'0 inactive] flushed
2014-06-09 16:22:11.346458 7f868bf5a700 10 osd.26 pg_epoch: 243 pg[3.1f4( v 213'599 (0'0,213'599] local-les=243 n=118 ec=118 les/c 208/208 242/242/242) [26,6] r=0 lpr=242 pi=207-241/2 crt=0'0 lcod 0'0 mlcod 0'0 inactive] handle_peering_event: epoch_sent: 243 epoch_requested: 243 FlushedEvt
2014-06-09 16:22:11.346466 7f86a460e700 10 osd.26 pg_epoch: 243 pg[3.4b3( v 213'517 (0'0,213'517] local-les=243 n=98 ec=118 les/c 191/191 242/242/242) [26,2] r=0 lpr=242 pi=190-241/4 crt=0'0 lcod 0'0 mlcod 0'0 inactive] _activate_committed 243 peer_activated now 26 last_epoch_started 191 same_interval_since 242
2014-06-09 16:22:11.346470 7f868bf5a700 15 osd.26 pg_epoch: 243 pg[3.1f4( v 213'599 (0'0,213'599] local-les=243 n=118 ec=118 les/c 208/208 242/242/242) [26,6] r=0 lpr=242 pi=207-241/2 crt=0'0 lcod 0'0 mlcod 0'0 inactive] requeue_ops 0x21967900,0x21967800,0x21967700,0x21967600,0x16bd6e00,0x16bd6d00,0x1c54ae00,0x1c54ad00
2014-06-09 16:22:11.346481 7f86a5610700 10 lookup_strip_header done cid meta oid 16ef7597/infos/head//-1
2014-06-09 16:22:11.346478 7f86a460e700 10 osd.26 pg_epoch: 243 pg[3.4b3( v 213'517 (0'0,213'517] local-les=243 n=98 ec=118 les/c 191/191 242/242/242) [26,2] r=0 lpr=242 pi=190-241/4 crt=0'0 lcod 0'0 mlcod 0'0 inactive] flushed
2014-06-09 16:22:11.346495 7f86a5610700 10 cid: oid: 16ef7597/infos/head//-1 skipping op, spos 3060.0.0 <= header.spos 150443.0.0
2014-06-09 16:22:11.346499 7f86a5610700 5 submit_transaction r = 0
2014-06-09 16:22:11.346506 7f868cf5c700 10 op_submit_start 3089
2014-06-09 16:22:11.346509 7f868cf5c700 5 queue_transactions (trailing journal) 3089
2014-06-09 16:22:11.346510 7f868cf5c700 5 queue_op 0x300339e0 seq 3089 osr(1.38d 0x384d570) 1883 bytes (queue has 31 ops and 45897 bytes)
2014-06-09 16:22:11.346513 7f868cf5c700 10 op_submit_finish 3089
2014-06-09 16:22:11.346515 7f86a5610700 10 _do_op 0x309a3920 seq 3060 r = 0, finisher 0x30509d20 0
2014-06-09 16:22:11.346519 7f86a5610700 10 _finish_op 0x309a3920 seq 3060 osr(2.755 0x3ed0100)/0x3ed0100
2014-06-09 16:22:11.346521 7f86a5610700 15 KeyValueStore::op_tp worker wq KeyValueStore::OpWQ done processing 0xc9c07e0 (1 active)
2014-06-09 16:22:11.346523 7f86a5610700 12 KeyValueStore::op_tp worker wq KeyValueStore::OpWQ start processing 0xc6f6120 (2 active)
2014-06-09 16:22:11.346526 7f868bf5a700 10 log is not dirty
2014-06-09 16:22:11.346525 7f86a5610700 5 _do_op 0x30032120 seq 3061 osr(2.1ae 0x2ed08f0)/0x2ed08f0 start
2014-06-09 16:22:11.346528 7f86a5610700 10 _do_transaction on 0xc0e43c0
2014-06-09 16:22:11.346517 7f868cf5c700 10 osd.26 pg_epoch: 243 pg[3.94( v 214'567 (0'0,214'567] local-les=213 n=112 ec=118 les/c 213/213 242/242/242) [26,9] r=0 lpr=242 pi=212-241/2 crt=0'0 lcod 0'0 mlcod 0'0 peering] handle_peering_event: epoch_sent: 242 epoch_requested: 242 MLogRec from 9
2014-06-09 16:22:11.346533 7f86a5610700 15 _omap_setkeys meta/16ef7597/infos/head//-1
2014-06-09 16:22:11.346528 7f86a460e700 10 osd.26 pg_epoch: 243 pg[3.4b3( v 213'517 (0'0,213'517] local-les=243 n=98 ec=118 les/c 191/191 242/242/242) [26,2] r=0 lpr=242 pi=190-241/4 crt=0'0 lcod 0'0 mlcod 0'0 inactive] flushed
2014-06-09 16:22:11.346530 7f868bf5a700 10 osd.26 pg_epoch: 243 pg[3.4d1( v 213'606 (0'0,213'606] local-les=243 n=120 ec=118 les/c 201/201 242/242/242) [26,3] r=0 lpr=242 pi=200-241/2 crt=0'0 lcod 0'0 mlcod 0'0 inactive] handle_peering_event: epoch_sent: 243 epoch_requested: 243 FlushedEvt
2014-06-09 16:22:11.346531 7f868cf5c700 10 osd.26 pg_epoch: 243 pg[3.94( v 214'567 (0'0,214'567] local-les=213 n=112 ec=118 les/c 213/213 242/242/242) [26,9] r=0 lpr=242 pi=212-241/2 crt=0'0 lcod 0'0 mlcod 0'0 peering] state: GetLog: received master log from osd9
2014-06-09 16:22:11.346545 7f868bf5a700 10 log is not dirty
2014-06-09 16:22:11.346550 7f868bf5a700 15 OSD::op_tp worker wq OSD::PeeringWQ done processing 0xb7f02e0 (4 active)
2014-06-09 16:22:11.346543 7f868cf5c700 10 osd.26 pg_epoch: 243 pg[3.94( v 214'567 (0'0,214'567] local-les=213 n=112 ec=118 les/c 213/213 242/242/242) [26,9] r=0 lpr=242 pi=212-241/2 crt=0'0 lcod 0'0 mlcod 0'0 peering] state: leaving GetLog
2014-06-09 16:22:11.346555 7f868bf5a700 12 OSD::op_tp worker wq OSD::OpWQ start processing 0x1 (5 active)
2014-06-09 16:22:11.346553 7f868cf5c700 10 osd.26 pg_epoch: 243 pg[3.94( v 214'567 (0'0,214'567] local-les=213 n=112 ec=118 les/c 213/213 242/242/242) [26,9] r=0 lpr=242 pi=212-241/2 crt=0'0 lcod 0'0 mlcod 0'0 peering] state: processing master log
2014-06-09 16:22:11.346546 7f86a460e700 10 osd.26 pg_epoch: 243 pg[2.5d3( empty local-les=243 n=0 ec=1 les/c 203/203 242/242/242) [26,4] r=0 lpr=242 pi=202-241/2 crt=0'0 mlcod 0'0 inactive] _activate_committed 243 peer_activated now 26 last_epoch_started 203 same_interval_since 242
2014-06-09 16:22:11.346563 7f86a5610700 10 lookup_strip_header done cid meta oid 16ef7597/infos/head//-1
2014-06-09 16:22:11.346561 7f868cf5c700 10 osd.26 pg_epoch: 243 pg[3.94( v 214'567 (0'0,214'567] local-les=213 n=112 ec=118 les/c 213/213 242/242/242) [26,9] r=0 lpr=242 pi=212-241/2 crt=0'0 lcod 0'0 mlcod 0'0 peering] proc_master_log for osd.9: log((214'567,214'571], crt=0'0) missing(0)
2014-06-09 16:22:11.346565 7f86a460e700 10 osd.26 pg_epoch: 243 pg[2.5d3( empty local-les=243 n=0 ec=1 les/c 203/203 242/242/242) [26,4] r=0 lpr=242 pi=202-241/2 crt=0'0 mlcod 0'0 inactive] flushed
2014-06-09 16:22:11.346559 7f868bf5a700 10 osd.26 243 dequeue_op 0x16bd6e00 prio 63 cost 450560 latency 0.956373 osd_op(client.4568.0:35127 rbd_data.11786b8b4567.0000000000001709 [set-alloc-hint object_size 4194304 write_size 4194304,write 0~450560] 3.5f5b89f4 RETRY=3 ack+ondisk+retry+write e242) v4 pg pg[3.1f4( v 213'599 (0'0,213'599] local-les=243 n=118 ec=118 les/c 208/208 242/242/242) [26,6] r=0 lpr=242 pi=207-241/2 crt=0'0 lcod 0'0 mlcod 0'0 inactive]
2014-06-09 16:22:11.346572 7f868cf5c700 10 merge_log log((214'567,214'571], crt=0'0) from osd.9 into log((0'0,214'567], crt=0'0)
2014-06-09 16:22:11.346576 7f868cf5c700 10 merge_log extending head to 214'571
2014-06-09 16:22:11.346577 7f86a5610700 10 cid: oid: 16ef7597/infos/head//-1 skipping op, spos 3061.0.0 <= header.spos 150443.0.0
2014-06-09 16:22:11.346581 7f86a5610700 5 submit_transaction r = 0
2014-06-09 16:22:11.346579 7f86a460e700 10 osd.26 pg_epoch: 243 pg[2.5d3( empty local-les=243 n=0 ec=1 les/c 203/203 242/242/242) [26,4] r=0 lpr=242 pi=202-241/2 crt=0'0 mlcod 0'0 inactive] flushed
2014-06-09 16:22:11.346585 7f86a4e0f700 10 finisher(0x2c10388) finisher_thread doing [0xbd70c80,0x30509d20]
2014-06-09 16:22:11.346587 7f8690f64700 12 OSD::op_tp worker wq OSD::PeeringWQ start processing 0xb7f0240 (6 active)
2014-06-09 16:22:11.346497 7f868df5e700 10 osd.26 243 dequeue_op 0x2e075e00 prio 63 cost 2064384 latency 0.404771 osd_op(client.4577.0:37965 rbd_data.11816b8b4567.000000000000198d [set-alloc-hint object_size 4194304 write_size 4194304,write 221184~2064384] 3.82d661bd RETRY=3 ack+ondisk+retry+write e242) v4 pg pg[3.1bd( v 214'661 (0'0,214'661] local-les=243 n=131 ec=118 les/c 212/212 242/242/242) [26,8] r=0 lpr=242 pi=211-241/2 crt=0'0 lcod 0'0 mlcod 0'0 inactive]
2014-06-09 16:22:11.346594 7f86a4e0f700 10 finisher(0x2c10388) finisher_thread done with [0xbd70c80,0x30509d20]
2014-06-09 16:22:11.346596 7f86a4e0f700 10 finisher(0x2c10388) finisher_thread empty
2014-06-09 16:22:11.346597 7f86a4e0f700 10 finisher(0x2c10388) finisher_thread sleeping
2014-06-09 16:22:11.346604 7f8689755700 12 OSD::op_tp worker wq OSD::OpWQ start processing 0x1 (7 active)
2014-06-09 16:22:11.346594 7f8690f64700 10 osd.26 pg_epoch: 243 pg[3.4d1( v 213'606 (0'0,213'606] local-les=243 n=120 ec=118 les/c 201/201 242/242/242) [26,3] r=0 lpr=242 pi=200-241/2 crt=0'0 lcod 0'0 mlcod 0'0 inactive] handle_peering_event: epoch_sent: 243 epoch_requested: 243 FlushedEvt
2014-06-09 16:22:11.346609 7f86a5610700 10 _do_op 0x30032120 seq 3061 r = 0, finisher 0xc411ea0 0
2014-06-09 16:22:11.346598 7f86a460e700 10 osd.26 pg_epoch: 243 pg[3.77c( v 213'558 (0'0,213'558] local-les=243 n=109 ec=118 les/c 210/210 242/242/242) [26,7] r=0 lpr=242 pi=209-241/2 crt=0'0 lcod 0'0 mlcod 0'0 inactive] _activate_committed 243 peer_activated now 26 last_epoch_started 210 same_interval_since 242
2014-06-09 16:22:11.346612 7f868f761700 12 OSD::op_tp worker wq OSD::OpWQ start processing 0x1 (8 active)
2014-06-09 16:22:11.346613 7f86a5610700 10 _finish_op 0x30032120 seq 3061 osr(2.1ae 0x2ed08f0)/0x2ed08f0
2014-06-09 16:22:11.346609 7f8690f64700 15 osd.26 pg_epoch: 243 pg[3.4d1( v 213'606 (0'0,213'606] local-les=243 n=120 ec=118 les/c 201/201 242/242/242) [26,3] r=0 lpr=242 pi=200-241/2 crt=0'0 lcod 0'0 mlcod 0'0 inactive] requeue_ops 0x14052000,0x14053300,0x14053200,0x14053100,0x14053000
2014-06-09 16:22:11.346618 7f86a5610700 15 KeyValueStore::op_tp worker wq KeyValueStore::OpWQ done processing 0xc6f6120 (1 active)
2014-06-09 16:22:11.346613 7f86a460e700 10 osd.26 pg_epoch: 243 pg[3.77c( v 213'558 (0'0,213'558] local-les=243 n=109 ec=118 les/c 210/210 242/242/242) [26,7] r=0 lpr=242 pi=209-241/2 crt=0'0 lcod 0'0 mlcod 0'0 inactive] flushed
2014-06-09 16:22:11.346621 7f86a5610700 12 KeyValueStore::op_tp worker wq KeyValueStore::OpWQ start processing 0xc89fb00 (2 active)
2014-06-09 16:22:11.346621 7f868c75b700 12 OSD::op_tp worker wq OSD::OpWQ start processing 0x1 (9 active)
2014-06-09 16:22:11.346623 7f86a5610700 5 _do_op 0x300320c0 seq 3062 osr(2.1b3 0x2ed0890)/0x2ed0890 start
2014-06-09 16:22:11.346625 7f86a5610700 10 _do_transaction on 0xc14d5c0
2014-06-09 16:22:11.346628 7f86a4e0f700 10 finisher(0x2c10388) finisher_thread doing [0xc411ea0]
2014-06-09 16:22:11.346631 7f86a5610700 15 _omap_setkeys meta/16ef7597/infos/head//-1
2014-06-09 16:22:11.346626 7f86a460e700 10 osd.26 pg_epoch: 243 pg[3.77c( v 213'558 (0'0,213'558] local-les=243 n=109 ec=118 les/c 210/210 242/242/242) [26,7] r=0 lpr=242 pi=209-241/2 crt=0'0 lcod 0'0 mlcod 0'0 inactive] flushed
2014-06-09 16:22:11.346636 7f86a4e0f700 10 finisher(0x2c10388) finisher_thread done with [0xc411ea0]
2014-06-09 16:22:11.346638 7f86a4e0f700 10 finisher(0x2c10388) finisher_thread empty
2014-06-09 16:22:11.346639 7f86a4e0f700 10 finisher(0x2c10388) finisher_thread sleeping
2014-06-09 16:22:11.346642 7f8690f64700 10 log is not dirty
2014-06-09 16:22:11.346643 7f868af58700 12 OSD::op_tp worker wq OSD::PeeringWQ start processing 0xc711a90 (10 active)
2014-06-09 16:22:11.346639 7f86a460e700 10 osd.26 pg_epoch: 243 pg[3.750( v 214'518 (0'0,214'518] local-les=243 n=98 ec=118 les/c 212/213 242/242/242) [26,8] r=0 lpr=242 pi=211-241/2 crt=0'0 lcod 0'0 mlcod 0'0 inactive] _activate_committed 243 peer_activated now 26 last_epoch_started 212 same_interval_since 242
2014-06-09 16:22:11.346647 7f8690f64700 10 osd.26 pg_epoch: 243 pg[3.4b3( v 213'517 (0'0,213'517] local-les=243 n=98 ec=118 les/c 191/191 242/242/242) [26,2] r=0 lpr=242 pi=190-241/4 crt=0'0 lcod 0'0 mlcod 0'0 inactive] handle_peering_event: epoch_sent: 243 epoch_requested: 243 FlushedEvt
2014-06-09 16:22:11.346646 7f868af58700 10 osd.26 pg_epoch: 243 pg[3.77c( v 213'558 (0'0,213'558] local-les=243 n=109 ec=118 les/c 210/210 242/242/242) [26,7] r=0 lpr=242 pi=209-241/2 crt=0'0 lcod 0'0 mlcod 0'0 inactive] handle_peering_event: epoch_sent: 243 epoch_requested: 243 FlushedEvt
2014-06-09 16:22:11.346661 7f8690f64700 10 log is not dirty
2014-06-09 16:22:11.346662 7f868af58700 10 log is not dirty
2014-06-09 16:22:11.346654 7f86a460e700 10 osd.26 pg_epoch: 243 pg[3.750( v 214'518 (0'0,214'518] local-les=243 n=98 ec=118 les/c 212/213 242/242/242) [26,8] r=0 lpr=242 pi=211-241/2 crt=0'0 lcod 0'0 mlcod 0'0 inactive] flushed
2014-06-09 16:22:11.346661 7f86a5610700 10 lookup_strip_header done cid meta oid 16ef7597/infos/head//-1
2014-06-09 16:22:11.346664 7f8690f64700 10 osd.26 pg_epoch: 243 pg[3.4b3( v 213'517 (0'0,213'517] local-les=243 n=98 ec=118 les/c 191/191 242/242/242) [26,2] r=0 lpr=242 pi=190-241/4 crt=0'0 lcod 0'0 mlcod 0'0 inactive] handle_peering_event: epoch_sent: 243 epoch_requested: 243 FlushedEvt
2014-06-09 16:22:11.346666 7f86a460e700 10 osd.26 pg_epoch: 243 pg[3.750( v 214'518 (0'0,214'518] local-les=243 n=98 ec=118 les/c 212/213 242/242/242) [26,8] r=0 lpr=242 pi=211-241/2 crt=0'0 lcod 0'0 mlcod 0'0 inactive] flushed
2014-06-09 16:22:11.346666 7f868af58700 10 osd.26 pg_epoch: 243 pg[3.77c( v 213'558 (0'0,213'558] local-les=243 n=109 ec=118 les/c 210/210 242/242/242) [26,7] r=0 lpr=242 pi=209-241/2 crt=0'0 lcod 0'0 mlcod 0'0 inactive] handle_peering_event: epoch_sent: 243 epoch_requested: 243 FlushedEvt
2014-06-09 16:22:11.346676 7f86a5610700 10 cid: oid: 16ef7597/infos/head//-1 skipping op, spos 3062.0.0 <= header.spos 150443.0.0
2014-06-09 16:22:11.346680 7f86a5610700 5 submit_transaction r = 0
2014-06-09 16:22:11.346675 7f8690f64700 15 osd.26 pg_epoch: 243 pg[3.4b3( v 213'517 (0'0,213'517] local-les=243 n=98 ec=118 les/c 191/191 242/242/242) [26,2] r=0 lpr=242 pi=190-241/4 crt=0'0 lcod 0'0 mlcod 0'0 inactive] requeue_ops 0x19fe1f00,0x1b0d6700,0x1b0d6600,0x1b0d6500,0x1b0d6400,0x1b0d6300
2014-06-09 16:22:11.346677 7f868af58700 15 osd.26 pg_epoch: 243 pg[3.77c( v 213'558 (0'0,213'558] local-les=243 n=109 ec=118 les/c 210/210 242/242/242) [26,7] r=0 lpr=242 pi=209-241/2 crt=0'0 lcod 0'0 mlcod 0'0 inactive] requeue_ops 0x306b700,0x306b200,0x306b100,0xe032f00,0xe032e00
