2014-06-09 16:22:11.375459 7f869af78700 15 osd.26 243 require_same_or_newer_map 243 (i am 243) 0x26000000
2014-06-09 16:22:11.375461 7f868f761700 15 OSD::op_tp worker wq OSD::OpWQ done processing 0x1 (18 active)
2014-06-09 16:22:11.375466 7f868f761700 12 OSD::op_tp worker wq OSD::OpWQ start processing 0x1 (19 active)
2014-06-09 16:22:11.375464 7f869af78700 5 -- op tracker -- , seq: 1548, time:
2014-06-09 16:22:11.375461, event: started, op: pg_notify(2.3fb(20),1.3fa(20) epoch 243)
2014-06-09 16:22:11.375470 7f868f761700 10 osd.26 243 dequeue_op 0x1804d900 prio 63 cost 450560 latency 0.978536 osd_op(client.4569.0:38600 rbd_data.11796b8b4567.0000000000001aa5 [set-alloc-hint object_size 4194304 write_size 4194304,write 0~450560] 3.bc70b3b4 RETRY=3 ack+ondisk+retry+write e242) v4 pg pg[3.3b4( v 214'677 lc 214'675 (0'0,214'677] local-les=243 n=133 ec=118 les/c 212/212 242/242/242) [26,8] r=0 lpr=242 pi=211-241/2 crt=214'677 lcod 0'0 mlcod 0'0 inactive m=2]
2014-06-09 16:22:11.375489 7f869af78700 5 -- op tracker -- , seq: 1548, time:
2014-06-09 16:22:11.375486, event: done, op: pg_notify(2.3fb(20),1.3fa(20) epoch 243)
2014-06-09 16:22:11.375502 7f8692767700 12 OSD::op_tp worker wq OSD::PeeringWQ start processing 0xb7f0210 (20 active)
2014-06-09 16:22:11.375503 7f868f761700 5 -- op tracker -- , seq: 361, time:
2014-06-09 16:22:11.375487, event: reached_pg, op: osd_op(client.4569.0:38600 rbd_data.11796b8b4567.0000000000001aa5 [set-alloc-hint object_size 4194304 write_size 4194304,write 0~450560] 3.bc70b3b4 RETRY=3 ack+ondisk+retry+write e242)
2014-06-09 16:22:11.375511 7f868f761700 20 osd.26 pg_epoch: 243 pg[3.3b4( v 214'677 lc 214'675 (0'0,214'677] local-les=243 n=133 ec=118 les/c 212/212 242/242/242) [26,8] r=0 lpr=242 pi=211-241/2 crt=214'677 lcod 0'0 mlcod 0'0 inactive m=2] op_has_sufficient_caps pool=3 (ceph ) owner=0 need_read_cap=0 need_write_cap=1 need_class_read_cap=0 need_class_write_cap=0 -> yes
2014-06-09 16:22:11.375524 7f868f761700 10 osd.26 pg_epoch: 243 pg[3.3b4( v 214'677 lc 214'675 (0'0,214'677] local-les=243 n=133 ec=118 les/c 212/212 242/242/242) [26,8] r=0 lpr=242 pi=211-241/2 crt=214'677 lcod 0'0 mlcod 0'0 inactive m=2] can_handle_while_inactive: 0x1804d900
2014-06-09 16:22:11.375521 7f86a4e0f700 10 osd.26 pg_epoch: 243 pg[3.c1( v 214'609 lc 214'607 (0'0,214'609] local-les=243 n=123 ec=118 les/c 201/201 242/242/242) [26,3] r=0 lpr=242 pi=200-241/2 crt=214'609 lcod 0'0 mlcod 0'0 inactive m=2] _activate_committed 243 peer_activated now 26 last_epoch_started 201 same_interval_since 242
2014-06-09 16:22:11.375536 7f868f761700 10 osd.26 243 dequeue_op 0x1804d900 finish
2014-06-09 16:22:11.375543 7f868f761700 15 OSD::op_tp worker wq OSD::OpWQ done processing 0x1 (19 active)
2014-06-09 16:22:11.375548 7f868f761700 12 OSD::op_tp worker wq OSD::OpWQ start processing 0x1 (20 active)
2014-06-09 16:22:11.375540 7f86a4e0f700 10 osd.26 pg_epoch: 243 pg[3.c1( v 214'609 lc 214'607 (0'0,214'609] local-les=243 n=123 ec=118 les/c 201/201 242/242/242) [26,3] r=0 lpr=242 pi=200-241/2 crt=214'609 lcod 0'0 mlcod 0'0 inactive m=2] flushed
2014-06-09 16:22:11.375555 7f86a4e0f700 10 osd.26 pg_epoch: 243 pg[3.c1( v 214'609 lc 214'607 (0'0,214'609] local-les=243 n=123 ec=118 les/c 201/201 242/242/242) [26,3] r=0 lpr=242 pi=200-241/2 crt=214'609 lcod 0'0 mlcod 0'0 inactive m=2] flushed
2014-06-09 16:22:11.375551 7f868f761700 10 osd.26 243 dequeue_op 0x1c768700 prio 63 cost 516096 latency 0.878973 osd_op(client.4574.0:31824 rbd_data.117e6b8b4567.00000000000014d4 [set-alloc-hint object_size 4194304 write_size 4194304,write 303104~516096] 3.e0fbd3b4 RETRY=3 ack+ondisk+retry+write e242) v4 pg pg[3.3b4( v 214'677 lc 214'675 (0'0,214'677] local-les=243 n=133 ec=118 les/c 212/212 242/242/242) [26,8] r=0 lpr=242 pi=211-241/2 crt=214'677 lcod 0'0 mlcod 0'0 inactive m=2]
2014-06-09 16:22:11.375572 7f868f761700 5 -- op tracker -- , seq: 441, time:
2014-06-09 16:22:11.375567, event: reached_pg, op: osd_op(client.4574.0:31824 rbd_data.117e6b8b4567.00000000000014d4 [set-alloc-hint object_size 4194304 write_size 4194304,write 303104~516096] 3.e0fbd3b4 RETRY=3 ack+ondisk+retry+write e242)
2014-06-09 16:22:11.375576 7f86a4e0f700 10 finisher(0x2c10388) finisher_thread done with [0x2d7398c0,0x3050ab20,0xc6e9340,0x3050bee0,0x189aa0e0,0xbd70da0,0x305091c0,0xbd72e60,0xbd682a0,0xc40d720,0x13964460,0xbdbb960,0xbd6ac60,0x170011c0,0xbd6c3e0,0x19940c00,0xbebe380,0x170001c0,0x1a0022e0,0x1322c680,0x18742a00,0x306cf140,0x3062ade0]
2014-06-09 16:22:11.375583 7f86a4e0f700 10 finisher(0x2c10388) finisher_thread empty
2014-06-09 16:22:11.375585 7f86a4e0f700 10 finisher(0x2c10388) finisher_thread sleeping
2014-06-09 16:22:11.375579 7f868f761700 20 osd.26 pg_epoch: 243 pg[3.3b4( v 214'677 lc 214'675 (0'0,214'677] local-les=243 n=133 ec=118 les/c 212/212 242/242/242) [26,8] r=0 lpr=242 pi=211-241/2 crt=214'677 lcod 0'0 mlcod 0'0 inactive m=2] op_has_sufficient_caps pool=3 (ceph ) owner=0 need_read_cap=0 need_write_cap=1 need_class_read_cap=0 need_class_write_cap=0 -> yes
2014-06-09 16:22:11.375591 7f869af78700 10 osd.26 243 do_waiters -- start
2014-06-09 16:22:11.375593 7f869af78700 10 osd.26 243 do_waiters -- finish
2014-06-09 16:22:11.375594 7f868f761700 10 osd.26 pg_epoch: 243 pg[3.3b4( v 214'677 lc 214'675 (0'0,214'677] local-les=243 n=133 ec=118 les/c 212/212 242/242/242) [26,8] r=0 lpr=242 pi=211-241/2 crt=214'677 lcod 0'0 mlcod 0'0 inactive m=2] can_handle_while_inactive: 0x1c768700
2014-06-09 16:22:11.375605 7f868f761700 10 osd.26 243 dequeue_op 0x1c768700 finish
2014-06-09 16:22:11.375609 7f868f761700 15 OSD::op_tp worker wq OSD::OpWQ done processing 0x1 (19 active)
2014-06-09 16:22:11.375627 7f868f761700 12 OSD::op_tp worker wq OSD::PeeringWQ start processing 0xb7f0270 (20 active)
2014-06-09 16:22:11.375632 7f868f761700 10 osd.26 pg_epoch: 243 pg[1.92( empty local-les=243 n=0 ec=1 les/c 210/210 242/242/209) [7,26] r=1 lpr=242 pi=13-241/21 crt=0'0 active] handle_peering_event: epoch_sent: 243 epoch_requested: 243 FlushedEvt
2014-06-09 16:22:11.375641 7f869af78700 10 osd.26 243 do_waiters -- start
2014-06-09 16:22:11.375643 7f869af78700 10 osd.26 243 do_waiters -- finish
2014-06-09 16:22:11.375644 7f869af78700 20 osd.26 243 _dispatch 0x240f5600 pg_log(2.606 epoch 243 log log((0'0,0'0], crt=0'0) query_epoch 243) v4
2014-06-09 16:22:11.375646 7f868f761700 15 osd.26 pg_epoch: 243 pg[1.92( empty local-les=243 n=0 ec=1 les/c 210/210 242/242/209) [7,26] r=1 lpr=242 pi=13-241/21 crt=0'0 active] requeue_ops
2014-06-09 16:22:11.375651 7f869af78700 5 -- op tracker -- , seq: 1549, time:
2014-06-09 16:22:11.003102, event: header_read, op: pg_log(2.606 epoch 243 log log((0'0,0'0], crt=0'0) query_epoch 243)
2014-06-09 16:22:11.375657 7f868f761700 10 log is not dirty
2014-06-09 16:22:11.375660 7f869af78700 5 -- op tracker -- , seq: 1549, time:
2014-06-09 16:22:11.003102, event: throttled, op: pg_log(2.606 epoch 243 log log((0'0,0'0], crt=0'0) query_epoch 243)
2014-06-09 16:22:11.375667 7f869af78700 5 -- op tracker -- , seq: 1549, time:
2014-06-09 16:22:11.003115, event: all_read, op: pg_log(2.606 epoch 243 log log((0'0,0'0], crt=0'0) query_epoch 243)
2014-06-09 16:22:11.375662 7f868f761700 10 osd.26 pg_epoch: 243 pg[3.c1( v 214'609 lc 214'607 (0'0,214'609] local-les=243 n=123 ec=118 les/c 201/201 242/242/242) [26,3] r=0 lpr=242 pi=200-241/2 crt=214'609 lcod 0'0 mlcod 0'0 inactive m=2] handle_peering_event: epoch_sent: 243 epoch_requested: 243 FlushedEvt
2014-06-09 16:22:11.375674 7f869af78700 5 -- op tracker -- , seq: 1549, time:
2014-06-09 16:22:11.375640, event: dispatched, op: pg_log(2.606 epoch 243 log log((0'0,0'0], crt=0'0) query_epoch 243)
2014-06-09 16:22:11.375679 7f868f761700 10 log is not dirty
2014-06-09 16:22:11.375681 7f869af78700 5 -- op tracker -- , seq: 1549, time:
2014-06-09 16:22:11.375678, event: waiting_for_osdmap, op: pg_log(2.606 epoch 243 log log((0'0,0'0], crt=0'0) query_epoch 243)
2014-06-09 16:22:11.375686 7f869af78700 7 osd.26 243 handle_pg_log pg_log(2.606 epoch 243 log log((0'0,0'0], crt=0'0) query_epoch 243) v4 from osd.3
2014-06-09 16:22:11.375690 7f869af78700 15 osd.26 243 require_same_or_newer_map 243 (i am 243) 0x240f5600
2014-06-09 16:22:11.375683 7f868f761700 10 osd.26 pg_epoch: 243 pg[3.c1( v 214'609 lc 214'607 (0'0,214'609] local-les=243 n=123 ec=118 les/c 201/201 242/242/242) [26,3] r=0 lpr=242 pi=200-241/2 crt=214'609 lcod 0'0 mlcod 0'0 inactive m=2] handle_peering_event: epoch_sent: 243 epoch_requested: 243 FlushedEvt
2014-06-09 16:22:11.375696 7f869af78700 5 -- op tracker -- , seq: 1549, time:
2014-06-09 16:22:11.375694, event: started, op: pg_log(2.606 epoch 243 log log((0'0,0'0], crt=0'0) query_epoch 243)
2014-06-09 16:22:11.375695 7f868f761700 15 osd.26 pg_epoch: 243 pg[3.c1( v 214'609 lc 214'607 (0'0,214'609] local-les=243 n=123 ec=118 les/c 201/201 242/242/242) [26,3] r=0 lpr=242 pi=200-241/2 crt=214'609 lcod 0'0 mlcod 0'0 inactive m=2] requeue_ops 0xe2ad300,0xe2ad200,0xe2ad100,0x10c54500,0x10c54400,0x10c54300
2014-06-09 16:22:11.375710 7f869af78700 5 -- op tracker -- , seq: 1549, time:
2014-06-09 16:22:11.375708, event: done, op: pg_log(2.606 epoch 243 log log((0'0,0'0], crt=0'0) query_epoch 243)
2014-06-09 16:22:11.375718 7f869af78700 10 osd.26 243 do_waiters -- start
2014-06-09 16:22:11.375720 7f869af78700 10 osd.26 243 do_waiters -- finish
2014-06-09 16:22:11.375723 7f868f761700 10 log is not dirty
2014-06-09 16:22:11.375729 7f868f761700 15 OSD::op_tp worker wq OSD::PeeringWQ done processing 0xb7f0270 (19 active)
2014-06-09 16:22:11.375732 7f869af78700 10 osd.26 243 do_waiters -- start
2014-06-09 16:22:11.375734 7f869af78700 10 osd.26 243 do_waiters -- finish
2014-06-09 16:22:11.375734 7f868f761700 12 OSD::op_tp worker wq OSD::OpWQ start processing 0x1 (20 active)
2014-06-09 16:22:11.375735 7f869af78700 20 osd.26 243 _dispatch 0x3046ae00 pg_notify(0.633(26) epoch 243) v5
2014-06-09 16:22:11.375740 7f869af78700 5 -- op tracker -- , seq: 1550, time:
2014-06-09 16:22:11.053877, event: header_read, op: pg_notify(0.633(26) epoch 243)
2014-06-09 16:22:11.375747 7f869af78700 5 -- op tracker -- , seq: 1550, time:
2014-06-09 16:22:11.053878, event: throttled, op: pg_notify(0.633(26) epoch 243)
2014-06-09 16:22:11.375738 7f868f761700 10 osd.26 243 dequeue_op 0x13023900 prio 63 cost 1032192 latency 1.173296 osd_op(client.4568.0:34997 rbd_data.11786b8b4567.00000000000016ec [set-alloc-hint object_size 4194304 write_size 4194304,write 2088960~1032192] 3.d869c3b4 RETRY=3 ack+ondisk+retry+write e242) v4 pg pg[3.3b4( v 214'677 lc 214'675 (0'0,214'677] local-les=243 n=133 ec=118 les/c 212/212 242/242/242) [26,8] r=0 lpr=242 pi=211-241/2 crt=214'677 lcod 0'0 mlcod 0'0 inactive m=2]
2014-06-09 16:22:11.375754 7f869af78700 5 -- op tracker -- , seq: 1550, time:
2014-06-09 16:22:11.053929, event: all_read, op: pg_notify(0.633(26) epoch 243)
2014-06-09 16:22:11.375763 7f868f761700 5 -- op tracker -- , seq: 191, time:
2014-06-09 16:22:11.375757, event: reached_pg, op: osd_op(client.4568.0:34997 rbd_data.11786b8b4567.00000000000016ec [set-alloc-hint object_size 4194304 write_size 4194304,write 2088960~1032192] 3.d869c3b4 RETRY=3 ack+ondisk+retry+write e242)
2014-06-09 16:22:11.375775 7f869af78700 5 -- op tracker -- , seq: 1550, time:
2014-06-09 16:22:11.375732, event: dispatched, op: pg_notify(0.633(26) epoch 243)
2014-06-09 16:22:11.375773 7f868f761700 20 osd.26 pg_epoch: 243 pg[3.3b4( v 214'677 lc 214'675 (0'0,214'677] local-les=243 n=133 ec=118 les/c 212/212 242/242/242) [26,8] r=0 lpr=242 pi=211-241/2 crt=214'677 lcod 0'0 mlcod 0'0 inactive m=2] op_has_sufficient_caps pool=3 (ceph ) owner=0 need_read_cap=0 need_write_cap=1 need_class_read_cap=0 need_class_write_cap=0 -> yes
2014-06-09 16:22:11.375783 7f869af78700 5 -- op tracker -- , seq: 1550, time:
2014-06-09 16:22:11.375781, event: waiting_for_osdmap, op: pg_notify(0.633(26) epoch 243)
2014-06-09 16:22:11.375788 7f869af78700 7 osd.26 243 handle_pg_notify from osd.1
2014-06-09 16:22:11.375790 7f869af78700 15 osd.26 243 require_same_or_newer_map 243 (i am 243) 0x3046ae00
2014-06-09 16:22:11.375787 7f868f761700 10 osd.26 pg_epoch: 243 pg[3.3b4( v 214'677 lc 214'675 (0'0,214'677] local-les=243 n=133 ec=118 les/c 212/212 242/242/242) [26,8] r=0 lpr=242 pi=211-241/2 crt=214'677 lcod 0'0 mlcod 0'0 inactive m=2] can_handle_while_inactive: 0x13023900
2014-06-09 16:22:11.375795 7f869af78700 5 -- op tracker -- , seq: 1550, time:
2014-06-09 16:22:11.375793, event: started, op: pg_notify(0.633(26) epoch 243)
2014-06-09 16:22:11.375799 7f868f761700 10 osd.26 243 dequeue_op 0x13023900 finish
2014-06-09 16:22:11.375803 7f868f761700 15 OSD::op_tp worker wq OSD::OpWQ done processing 0x1 (19 active)
2014-06-09 16:22:11.375806 7f868f761700 12 OSD::op_tp worker wq OSD::PeeringWQ start processing 0xb7f0270 (20 active)
2014-06-09 16:22:11.375811 7f869af78700 5 -- op tracker -- , seq: 1550, time:
2014-06-09 16:22:11.375809, event: done, op: pg_notify(0.633(26) epoch 243)
2014-06-09 16:22:11.375809 7f868f761700 10 osd.26 pg_epoch: 243 pg[2.606( empty local-les=201 n=0 ec=1 les/c 201/201 242/242/200) [3,26] r=1 lpr=242 pi=1-241/26 crt=0'0 inactive NOTIFY] handle_peering_event: epoch_sent: 243 epoch_requested: 243 MLogRec from 3
2014-06-09 16:22:11.375820 7f869af78700 10 osd.26 243 do_waiters -- start
2014-06-09 16:22:11.375822 7f869af78700 10 osd.26 243 do_waiters -- finish
2014-06-09 16:22:11.375819 7f868f761700 10 osd.26 pg_epoch: 243 pg[2.606( empty local-les=201 n=0 ec=1 les/c 201/201 242/242/200) [3,26] r=1 lpr=242 pi=1-241/26 crt=0'0 inactive NOTIFY] state: got info+log from osd.3 2.606( empty local-les=243 n=0 ec=1 les/c 201/201 242/242/200) log((0'0,0'0], crt=0'0)
2014-06-09 16:22:11.375830 7f868f761700 10 merge_log log((0'0,0'0], crt=0'0) from osd.3 into log((0'0,0'0], crt=0'0)
2014-06-09 16:22:11.375833 7f868f761700 10 merge_log result log((0'0,0'0], crt=0'0) missing(0) changed=0
2014-06-09 16:22:11.375841 7f869af78700 10 osd.26 243 do_waiters -- start
2014-06-09 16:22:11.375843 7f869af78700 10 osd.26 243 do_waiters -- finish
2014-06-09 16:22:11.375837 7f868f761700 5 osd.26 pg_epoch: 243 pg[2.606( empty local-les=201 n=0 ec=1 les/c 201/201 242/242/200) [3,26] r=1 lpr=242 pi=1-241/26 crt=0'0 inactive NOTIFY] exit Started/Stray 1.110075 7 0.000212
2014-06-09 16:22:11.375844 7f869af78700 20 osd.26 243 _dispatch 0x19ffdb00 osd_map(243..243 src has 1..243) v3
2014-06-09 16:22:11.375846 7f868f761700 5 osd.26 pg_epoch: 243 pg[2.606( empty local-les=201 n=0 ec=1 les/c 201/201 242/242/200) [3,26] r=1 lpr=242 pi=1-241/26 crt=0'0 inactive NOTIFY] enter Started/ReplicaActive
2014-06-09 16:22:11.375851 7f869af78700 3 osd.26 243 handle_osd_map epochs [243,243], i have 243, src has [1,243]
2014-06-09 16:22:11.375854 7f869af78700 10 osd.26 243 no new maps here, dropping
2014-06-09 16:22:11.375856 7f869af78700 10 osd.26 243 do_waiters -- start
2014-06-09 16:22:11.375857 7f869af78700 10 osd.26 243 do_waiters -- finish
2014-06-09 16:22:11.375857 7f868f761700 5 osd.26 pg_epoch: 243 pg[2.606( empty local-les=201 n=0 ec=1 les/c 201/201 242/242/200) [3,26] r=1 lpr=242 pi=1-241/26 crt=0'0 inactive NOTIFY] enter Started/ReplicaActive/RepNotRecovering
2014-06-09 16:22:11.375870 7f869af78700 10 osd.26 243 do_waiters -- start
2014-06-09 16:22:11.375871 7f869af78700 10 osd.26 243 do_waiters -- finish
2014-06-09 16:22:11.375867 7f868f761700 10 osd.26 pg_epoch: 243 pg[2.606( empty local-les=201 n=0 ec=1 les/c 201/201 242/242/200) [3,26] r=1 lpr=242 pi=1-241/26 crt=0'0 inactive NOTIFY] state: In ReplicaActive, about to call activate
2014-06-09 16:22:11.375873 7f869af78700 20 osd.26 243 _dispatch 0x2ea5b6c0 pg_info(1 pgs e243:3.7e2(2)) v4
2014-06-09 16:22:11.375879 7f869af78700 5 -- op tracker -- , seq: 1551, time:
2014-06-09 16:22:11.021214, event: header_read, op: pg_info(1 pgs e243:3.7e2(2))
2014-06-09 16:22:11.375876 7f868f761700 10 osd.26 pg_epoch: 243 pg[2.606( empty local-les=243 n=0 ec=1 les/c 201/201 242/242/200) [3,26] r=1 lpr=242 pi=1-241/26 crt=0'0 inactive] activate - no missing, moving last_complete 0'0 -> 0'0
2014-06-09 16:22:11.375886 7f869af78700 5 -- op tracker -- , seq: 1551, time:
2014-06-09 16:22:11.021214, event: throttled, op: pg_info(1 pgs e243:3.7e2(2))
2014-06-09 16:22:11.375885 7f868f761700 10 osd.26 pg_epoch: 243 pg[2.606( empty local-les=243 n=0 ec=1 les/c 201/201 242/242/200) [3,26] r=1 lpr=242 pi=1-241/26 crt=0'0 inactive] state: Activate Finished
2014-06-09 16:22:11.375893 7f869af78700 5 -- op tracker -- , seq: 1551, time:
2014-06-09 16:22:11.021234, event: all_read, op: pg_info(1 pgs e243:3.7e2(2))
2014-06-09 16:22:11.375899 7f869af78700 5 -- op tracker -- , seq: 1551, time:
2014-06-09 16:22:11.375870, event: dispatched, op: pg_info(1 pgs e243:3.7e2(2))
2014-06-09 16:22:11.375905 7f869af78700 5 -- op tracker -- , seq: 1551, time:
2014-06-09 16:22:11.375903, event: waiting_for_osdmap, op: pg_info(1 pgs e243:3.7e2(2))
2014-06-09 16:22:11.375909 7f869af78700 7 osd.26 243 handle_pg_info pg_info(1 pgs e243:3.7e2(2)) v4 from osd.8
2014-06-09 16:22:11.375912 7f869af78700 15 osd.26 243 require_same_or_newer_map 243 (i am 243) 0x2ea5b6c0
2014-06-09 16:22:11.375917 7f869af78700 5 -- op tracker -- , seq: 1551, time:
2014-06-09 16:22:11.375915, event: started, op: pg_info(1 pgs e243:3.7e2(2))
2014-06-09 16:22:11.375936 7f868f761700 10 log is not dirty
2014-06-09 16:22:11.375934 7f869af78700 5 -- op tracker -- , seq: 1551, time:
2014-06-09 16:22:11.375931, event: done, op: pg_info(1 pgs e243:3.7e2(2))
2014-06-09 16:22:11.375941 7f868f761700 5 queue_transactions existing osr(2.606 0x2ed1d30)/0x2ed1d30
2014-06-09 16:22:11.375942 7f869af78700 10 osd.26 243 do_waiters -- start
2014-06-09 16:22:11.375943 7f868f761700 10 op_submit_start 3107
2014-06-09 16:22:11.375944 7f869af78700 10 osd.26 243 do_waiters -- finish
2014-06-09 16:22:11.375944 7f868f761700 5 queue_transactions (trailing journal) 3107
2014-06-09 16:22:11.375946 7f868f761700 5 queue_op 0x309a3e60 seq 3107 osr(2.606 0x2ed1d30) 2099 bytes (queue has 16 ops and 28554 bytes)
2014-06-09 16:22:11.375948 7f868f761700 10 op_submit_finish 3107
2014-06-09 16:22:11.375952 7f868f761700 15 OSD::op_tp worker wq OSD::PeeringWQ done processing 0xb7f0270 (19 active)
2014-06-09 16:22:11.375957 7f868f761700 12 OSD::op_tp worker wq OSD::OpWQ start processing 0x1 (20 active)
2014-06-09 16:22:11.375958 7f869af78700 10 osd.26 243 do_waiters -- start
2014-06-09 16:22:11.375960 7f869af78700 10 osd.26 243 do_waiters -- finish
2014-06-09 16:22:11.375961 7f869af78700 20 osd.26 243 _dispatch 0x15999a40 pg_notify(0.77a(23),2.4ba(20) epoch 242) v5
2014-06-09 16:22:11.375967 7f869af78700 5 -- op tracker -- , seq: 1552, time:
2014-06-09 16:22:10.937627, event: header_read, op: pg_notify(0.77a(23),2.4ba(20) epoch 242)
2014-06-09 16:22:11.375961 7f868f761700 10 osd.26 243 dequeue_op 0xe2ad300 prio 63 cost 385024 latency 1.346000 osd_op(client.4568.0:34735 rbd_data.11786b8b4567.00000000000016c7 [set-alloc-hint object_size 4194304 write_size 4194304,write 0~385024] 3.a8c948c1 RETRY=3 ack+ondisk+retry+write e242) v4 pg pg[3.c1( v 214'609 lc 214'607 (0'0,214'609] local-les=243 n=123 ec=118 les/c 201/201 242/242/242) [26,3] r=0 lpr=242 pi=200-241/2 crt=214'609 lcod 0'0 mlcod 0'0 inactive m=2]
2014-06-09 16:22:11.375975 7f869af78700 5 -- op tracker -- , seq: 1552, time:
2014-06-09 16:22:10.937628, event: throttled, op: pg_notify(0.77a(23),2.4ba(20) epoch 242)
2014-06-09 16:22:11.375763 7f8692767700 10 osd.26 pg_epoch: 243 pg[2.3fb( empty local-les=243 n=0 ec=1 les/c 210/210 242/242/242) [26,7] r=0 lpr=242 pi=209-241/2 crt=0'0 mlcod 0'0 inactive] handle_peering_event: epoch_sent: 243 epoch_requested: 243 MNotifyRec from 7 notify: (query_epoch:243, epoch_sent:243, info:2.3fb( empty local-les=210 n=0 ec=1 les/c 210/210 242/242/242))
2014-06-09 16:22:11.375984 7f868f761700 5 -- op tracker -- , seq: 55, time:
2014-06-09 16:22:11.375978, event: reached_pg, op: osd_op(client.4568.0:34735 rbd_data.11786b8b4567.00000000000016c7 [set-alloc-hint object_size 4194304 write_size 4194304,write 0~385024] 3.a8c948c1 RETRY=3 ack+ondisk+retry+write e242)
2014-06-09 16:22:11.375997 7f869af78700 5 -- op tracker -- , seq: 1552, time:
2014-06-09 16:22:10.937664, event: all_read, op: pg_notify(0.77a(23),2.4ba(20) epoch 242)
2014-06-09 16:22:11.375994 7f868f761700 20 osd.26 pg_epoch: 243 pg[3.c1( v 214'609 lc 214'607 (0'0,214'609] local-les=243 n=123 ec=118 les/c 201/201 242/242/242) [26,3] r=0 lpr=242 pi=200-241/2 crt=214'609 lcod 0'0 mlcod 0'0 inactive m=2] op_has_sufficient_caps pool=3 (ceph ) owner=0 need_read_cap=0 need_write_cap=1 need_class_read_cap=0 need_class_write_cap=0 -> yes
2014-06-09 16:22:11.376004 7f869af78700 5 -- op tracker -- , seq: 1552, time:
2014-06-09 16:22:11.375958, event: dispatched, op: pg_notify(0.77a(23),2.4ba(20) epoch 242)
2014-06-09 16:22:11.376012 7f869af78700 5 -- op tracker -- , seq: 1552, time:
2014-06-09 16:22:11.376009, event: waiting_for_osdmap, op: pg_notify(0.77a(23),2.4ba(20) epoch 242)
2014-06-09 16:22:11.376016 7f869af78700 7 osd.26 243 handle_pg_notify from osd.6
2014-06-09 16:22:11.376018 7f869af78700 15 osd.26 243 require_same_or_newer_map 242 (i am 243) 0x15999a40
2014-06-09 16:22:11.376008 7f868f761700 10 osd.26 pg_epoch: 243 pg[3.c1( v 214'609 lc 214'607 (0'0,214'609] local-les=243 n=123 ec=118 les/c 201/201 242/242/242) [26,3] r=0 lpr=242 pi=200-241/2 crt=214'609 lcod 0'0 mlcod 0'0 inactive m=2] can_handle_while_inactive: 0xe2ad300
2014-06-09 16:22:11.376023 7f869af78700 5 -- op tracker -- , seq: 1552, time:
2014-06-09 16:22:11.376021, event: started, op: pg_notify(0.77a(23),2.4ba(20) epoch 242)
2014-06-09 16:22:11.376027 7f868f761700 10 osd.26 243 dequeue_op 0xe2ad300 finish
2014-06-09 16:22:11.376031 7f868f761700 15 OSD::op_tp worker wq OSD::OpWQ done processing 0x1 (19 active)
2014-06-09 16:22:11.376034 7f868f761700 12 OSD::op_tp worker wq OSD::PeeringWQ start processing 0xb7f0270 (20 active)
2014-06-09 16:22:11.376036 7f868f761700 10 osd.26 pg_epoch: 243 pg[0.633( empty local-les=243 n=0 ec=1 les/c 191/191 242/242/242) [26,1] r=0 lpr=242 pi=190-241/4 crt=0'0 mlcod 0'0 inactive] handle_peering_event: epoch_sent: 243 epoch_requested: 243 MNotifyRec from 1 notify: (query_epoch:243, epoch_sent:243, info:0.633( empty local-les=191 n=0 ec=1 les/c 191/191 242/242/242))
2014-06-09 16:22:11.376047 7f869af78700 5 -- op tracker -- , seq: 1552, time:
2014-06-09 16:22:11.376044, event: done, op: pg_notify(0.77a(23),2.4ba(20) epoch 242)
2014-06-09 16:22:11.376048 7f868f761700 10 osd.26 pg_epoch: 243 pg[0.633( empty local-les=243 n=0 ec=1 les/c 191/191 242/242/242) [26,1] r=0 lpr=242 pi=190-241/4 crt=0'0 mlcod 0'0 inactive] state: Active: got notify from 1, already have info from that osd, ignoring
2014-06-09 16:22:11.376056 7f869af78700 10 osd.26 243 do_waiters -- start
2014-06-09 16:22:11.376058 7f869af78700 10 osd.26 243 do_waiters -- finish
2014-06-09 16:22:11.376059 7f868f761700 10 log is not dirty
2014-06-09 16:22:11.376064 7f868f761700 10 osd.26 pg_epoch: 243 pg[3.7e2( v 213'680 (0'0,213'680] local-les=212 n=131 ec=118 les/c 212/212 242/242/211) [8,26] r=1 lpr=242 pi=118-241/10 crt=0'0 lcod 0'0 inactive NOTIFY] handle_peering_event: epoch_sent: 243 epoch_requested: 243 MInfoRec from 8 info: 3.7e2( v 213'680 (0'0,213'680] local-les=243 n=131 ec=118 les/c 212/212 242/242/211)
2014-06-09 16:22:11.376075 7f868f761700 10 osd.26 pg_epoch: 243 pg[3.7e2( v 213'680 (0'0,213'680] local-les=212 n=131 ec=118 les/c 212/212 242/242/211) [8,26] r=1 lpr=242 pi=118-241/10 crt=0'0 lcod 0'0 inactive NOTIFY] state: got info from osd.8 3.7e2( v 213'680 (0'0,213'680] local-les=243 n=131 ec=118 les/c 212/212 242/242/211)
2014-06-09 16:22:11.376085 7f869af78700 10 osd.26 243 do_waiters -- start
2014-06-09 16:22:11.376087 7f869af78700 10 osd.26 243 do_waiters -- finish
2014-06-09 16:22:11.376088 7f869af78700 20 osd.26 243 _dispatch 0x2a073e00 pg_log(2.75 epoch 243 log log((0'0,0'0], crt=0'0) query_epoch 243) v4
2014-06-09 16:22:11.376088 7f868f761700 5 osd.26 pg_epoch: 243 pg[3.7e2( v 213'680 (0'0,213'680] local-les=212 n=131 ec=118 les/c 212/212 242/242/211) [8,26] r=1 lpr=242 pi=118-241/10 crt=0'0 lcod 0'0 inactive NOTIFY] exit Started/Stray 1.184369 7 0.000175
2014-06-09 16:22:11.376095 7f869af78700 5 -- op tracker -- , seq: 1553, time:
2014-06-09 16:22:11.004670, event: header_read, op: pg_log(2.75 epoch 243 log log((0'0,0'0], crt=0'0) query_epoch 243)
2014-06-09 16:22:11.376103 7f869af78700 5 -- op tracker -- , seq: 1553, time:
2014-06-09 16:22:11.004671, event: throttled, op: pg_log(2.75 epoch 243 log log((0'0,0'0], crt=0'0) query_epoch 243)
2014-06-09 16:22:11.376100 7f868f761700 5 osd.26 pg_epoch: 243 pg[3.7e2( v 213'680 (0'0,213'680] local-les=212 n=131 ec=118 les/c 212/212 242/242/211) [8,26] r=1 lpr=242 pi=118-241/10 crt=0'0 lcod 0'0 inactive NOTIFY] enter Started/ReplicaActive
2014-06-09 16:22:11.376110 7f869af78700 5 -- op tracker -- , seq: 1553, time:
2014-06-09 16:22:11.004683, event: all_read, op: pg_log(2.75 epoch 243 log log((0'0,0'0], crt=0'0) query_epoch 243)
2014-06-09 16:22:11.376111 7f868f761700 5 osd.26 pg_epoch: 243 pg[3.7e2( v 213'680 (0'0,213'680] local-les=212 n=131 ec=118 les/c 212/212 242/242/211) [8,26] r=1 lpr=242 pi=118-241/10 crt=0'0 lcod 0'0 inactive NOTIFY] enter Started/ReplicaActive/RepNotRecovering
2014-06-09 16:22:11.376117 7f869af78700 5 -- op tracker -- , seq: 1553, time:
2014-06-09 16:22:11.376085, event: dispatched, op: pg_log(2.75 epoch 243 log log((0'0,0'0], crt=0'0) query_epoch 243)
2014-06-09 16:22:11.376120 7f868f761700 10 osd.26 pg_epoch: 243 pg[3.7e2( v 213'680 (0'0,213'680] local-les=212 n=131 ec=118 les/c 212/212 242/242/211) [8,26] r=1 lpr=242 pi=118-241/10 crt=0'0 lcod 0'0 inactive NOTIFY] state: In ReplicaActive, about to call activate
2014-06-09 16:22:11.376124 7f869af78700 5 -- op tracker -- , seq: 1553, time:
2014-06-09 16:22:11.376122, event: waiting_for_osdmap, op: pg_log(2.75 epoch 243 log log((0'0,0'0], crt=0'0) query_epoch 243)
2014-06-09 16:22:11.376129 7f869af78700 7 osd.26 243 handle_pg_log pg_log(2.75 epoch 243 log log((0'0,0'0], crt=0'0) query_epoch 243) v4 from osd.0
2014-06-09 16:22:11.376133 7f869af78700 15 osd.26 243 require_same_or_newer_map 243 (i am 243) 0x2a073e00
2014-06-09 16:22:11.376130 7f868f761700 10 osd.26 pg_epoch: 243 pg[3.7e2( v 213'680 (0'0,213'680] local-les=243 n=131 ec=118 les/c 212/212 242/242/211) [8,26] r=1 lpr=242 pi=118-241/10 crt=0'0 lcod 0'0 inactive] activate - no missing, moving last_complete 213'680 -> 213'680
2014-06-09 16:22:11.376139 7f869af78700 5 -- op tracker -- , seq: 1553, time:
2014-06-09 16:22:11.376136, event: started, op: pg_log(2.75 epoch 243 log log((0'0,0'0], crt=0'0) query_epoch 243)
2014-06-09 16:22:11.376152 7f869af78700 5 -- op tracker -- , seq: 1553, time:
2014-06-09 16:22:11.376149, event: done, op: pg_log(2.75 epoch 243 log log((0'0,0'0], crt=0'0) query_epoch 243)
2014-06-09 16:22:11.376161 7f869af78700 10 osd.26 243 do_waiters -- start
2014-06-09 16:22:11.376163 7f869af78700 10 osd.26 243 do_waiters -- finish
2014-06-09 16:22:11.376175 7f869af78700 10 osd.26 243 do_waiters -- start
2014-06-09 16:22:11.376177 7f869af78700 10 osd.26 243 do_waiters -- finish
2014-06-09 16:22:11.376178 7f869af78700 20 osd.26 243 _dispatch 0x15c94e00 pg_notify(3.38c(10),1.65d(23) epoch 243) v5
2014-06-09 16:22:11.376176 7f868f761700 10 osd.26 pg_epoch: 243 pg[3.7e2( v 213'680 (0'0,213'680] local-les=243 n=131 ec=118 les/c 212/212 242/242/211) [8,26] r=1 lpr=242 pi=118-241/10 crt=0'0 lcod 0'0 inactive] state: Activate Finished
2014-06-09 16:22:11.376184 7f869af78700 5 -- op tracker -- , seq: 1554, time:
2014-06-09 16:22:11.035677, event: header_read, op: pg_notify(3.38c(10),1.65d(23) epoch 243)
2014-06-09 16:22:11.376192 7f869af78700 5 -- op tracker -- , seq: 1554, time:
2014-06-09 16:22:11.035678, event: throttled, op: pg_notify(3.38c(10),1.65d(23) epoch 243)
2014-06-09 16:22:11.376198 7f869af78700 5 -- op tracker -- , seq: 1554, time:
2014-06-09 16:22:11.035718, event: all_read, op: pg_notify(3.38c(10),1.65d(23) epoch 243)
2014-06-09 16:22:11.376205 7f869af78700 5 -- op tracker -- , seq: 1554, time:
2014-06-09 16:22:11.376175, event: dispatched, op: pg_notify(3.38c(10),1.65d(23) epoch 243)
2014-06-09 16:22:11.376212 7f869af78700 5 -- op tracker -- , seq: 1554, time:
2014-06-09 16:22:11.376209, event: waiting_for_osdmap, op: pg_notify(3.38c(10),1.65d(23) epoch 243)
2014-06-09 16:22:11.376216 7f868f761700 10 log is not dirty
2014-06-09 16:22:11.376216 7f869af78700 7 osd.26 243 handle_pg_notify from osd.5
2014-06-09 16:22:11.376218 7f869af78700 15 osd.26 243 require_same_or_newer_map 243 (i am 243) 0x15c94e00
2014-06-09 16:22:11.376220 7f868f761700 5 queue_transactions existing osr(3.7e2 0xb7f0120)/0xb7f0120
2014-06-09 16:22:11.376223 7f868f761700 10 op_submit_start 3108
2014-06-09 16:22:11.376224 7f868f761700 5 queue_transactions (trailing journal) 3108
2014-06-09 16:22:11.376223 7f869af78700 5 -- op tracker -- , seq: 1554, time:
2014-06-09 16:22:11.376221, event: started, op: pg_notify(3.38c(10),1.65d(23) epoch 243)
2014-06-09 16:22:11.376226 7f868f761700 5 queue_op 0x309a3e00 seq 3108 osr(3.7e2 0xb7f0120) 1335 bytes (queue has 17 ops and 29889 bytes)
2014-06-09 16:22:11.376228 7f868f761700 10 op_submit_finish 3108
2014-06-09 16:22:11.376233 7f868f761700 15 OSD::op_tp worker wq OSD::PeeringWQ done processing 0xb7f0270 (19 active)
2014-06-09 16:22:11.376238 7f868f761700 12 OSD::op_tp worker wq OSD::OpWQ start processing 0x1 (20 active)
2014-06-09 16:22:11.375988 7f8692767700 10 osd.26 pg_epoch: 243 pg[2.3fb( empty local-les=243 n=0 ec=1 les/c 210/210 242/242/242) [26,7] r=0 lpr=242 pi=209-241/2 crt=0'0 mlcod 0'0 inactive] state: Active: got notify from 7, already have info from that osd, ignoring
2014-06-09 16:22:11.376248 7f8692767700 10 log is not dirty
2014-06-09 16:22:11.376244 7f868f761700 10 osd.26 243 dequeue_op 0x1804ca00 prio 63 cost 1032192 latency 0.944148 osd_op(client.4569.0:38601 rbd_data.11796b8b4567.0000000000001aa5 [set-alloc-hint object_size 4194304 write_size 4194304,write 450560~1032192] 3.bc70b3b4 RETRY=3 ack+ondisk+retry+write e242) v4 pg pg[3.3b4( v 214'677 lc 214'675 (0'0,214'677] local-les=243 n=133 ec=118 les/c 212/212 242/242/242) [26,8] r=0 lpr=242 pi=211-241/2 crt=214'677 lcod 0'0 mlcod 0'0 inactive m=2]
2014-06-09 16:22:11.376252 7f8692767700 10 osd.26 pg_epoch: 243 pg[1.3fa( empty local-les=243 n=0 ec=1 les/c 210/210 242/242/242) [26,7] r=0 lpr=242 pi=209-241/2 crt=0'0 mlcod 0'0 inactive] handle_peering_event: epoch_sent: 243 epoch_requested: 243 MNotifyRec from 7 notify: (query_epoch:243, epoch_sent:243, info:1.3fa( empty local-les=210 n=0 ec=1 les/c 210/210 242/242/242))
2014-06-09 16:22:11.376266 7f868f761700 5 -- op tracker -- , seq: 374, time:
2014-06-09 16:22:11.376261, event: reached_pg, op: osd_op(client.4569.0:38601 rbd_data.11796b8b4567.0000000000001aa5 [set-alloc-hint object_size 4194304 write_size 4194304,write 450560~1032192] 3.bc70b3b4 RETRY=3 ack+ondisk+retry+write e242)
2014-06-09 16:22:11.376265 7f8692767700 10 osd.26 pg_epoch: 243 pg[1.3fa( empty local-les=243 n=0 ec=1 les/c 210/210 242/242/242) [26,7] r=0 lpr=242 pi=209-241/2 crt=0'0 mlcod 0'0 inactive] state: Active: got notify from 7, already have info from that osd, ignoring
2014-06-09 16:22:11.376274 7f8692767700 10 log is not dirty
2014-06-09 16:22:11.376281 7f8692767700 15 OSD::op_tp worker wq OSD::PeeringWQ done processing 0xb7f0210 (19 active)
2014-06-09 16:22:11.376284 7f8692767700 12 OSD::op_tp worker wq OSD::PeeringWQ start processing 0xb7f0210 (20 active)
2014-06-09 16:22:11.376274 7f868f761700 20 osd.26 pg_epoch: 243 pg[3.3b4( v 214'677 lc 214'675 (0'0,214'677] local-les=243 n=133 ec=118 les/c 212/212 242/242/242) [26,8] r=0 lpr=242 pi=211-241/2 crt=214'677 lcod 0'0 mlcod 0'0 inactive m=2] op_has_sufficient_caps pool=3 (ceph ) owner=0 need_read_cap=0 need_write_cap=1 need_class_read_cap=0 need_class_write_cap=0 -> yes
2014-06-09 16:22:11.376287 7f8692767700 10 osd.26 pg_epoch: 243 pg[0.77a( empty local-les=243 n=0 ec=1 les/c 208/208 242/242/242) [26,6] r=0 lpr=242 pi=207-241/2 crt=0'0 mlcod 0'0 inactive] handle_peering_event: epoch_sent: 242 epoch_requested: 242 MNotifyRec from 6 notify: (query_epoch:242, epoch_sent:242, info:0.77a( empty local-les=208 n=0 ec=1 les/c 208/208 242/242/242))
2014-06-09 16:22:11.376287 7f868f761700 10 osd.26 pg_epoch: 243 pg[3.3b4( v 214'677 lc 214'675 (0'0,214'677] local-les=243 n=133 ec=118 les/c 212/212 242/242/242) [26,8] r=0 lpr=242 pi=211-241/2 crt=214'677 lcod 0'0 mlcod 0'0 inactive m=2] can_handle_while_inactive: 0x1804ca00
2014-06-09 16:22:11.376299 7f868f761700 10 osd.26 243 dequeue_op 0x1804ca00 finish
2014-06-09 16:22:11.376303 7f868f761700 15 OSD::op_tp worker wq OSD::OpWQ done processing 0x1 (19 active)
2014-06-09 16:22:11.376299 7f8692767700 10 osd.26 pg_epoch: 243 pg[0.77a( empty local-les=243 n=0 ec=1 les/c 208/208 242/242/242) [26,6] r=0 lpr=242 pi=207-241/2 crt=0'0 mlcod 0'0 inactive] state: Active: got notify from 6, already have info from that osd, ignoring
2014-06-09 16:22:11.376308 7f8692767700 10 log is not dirty
2014-06-09 16:22:11.376308 7f868f761700 12 OSD::op_tp worker wq OSD::OpWQ start processing 0x1 (20 active)
2014-06-09 16:22:11.376312 7f8692767700 10 osd.26 pg_epoch: 243 pg[2.4ba( empty local-les=243 n=0 ec=1 les/c 208/208 242/242/242) [26,6] r=0 lpr=242 pi=207-241/2 crt=0'0 mlcod 0'0 inactive] handle_peering_event: epoch_sent: 242 epoch_requested: 242 MNotifyRec from 6 notify: (query_epoch:242, epoch_sent:242, info:2.4ba( empty local-les=208 n=0 ec=1 les/c 208/208 242/242/242))
2014-06-09 16:22:11.376312 7f868f761700 10 osd.26 243 dequeue_op 0xe2ad200 prio 63 cost 516096 latency 1.345588 osd_op(client.4568.0:34736 rbd_data.11786b8b4567.00000000000016c7 [set-alloc-hint object_size 4194304 write_size 4194304,write 385024~516096] 3.a8c948c1 RETRY=3 ack+ondisk+retry+write e242) v4 pg pg[3.c1( v 214'609 lc 214'607 (0'0,214'609] local-les=243 n=123 ec=118 les/c 201/201 242/242/242) [26,3] r=0 lpr=242 pi=200-241/2 crt=214'609 lcod 0'0 mlcod 0'0 inactive m=2]
2014-06-09 16:22:11.376323 7f8692767700 10 osd.26 pg_epoch: 243 pg[2.4ba( empty local-les=243 n=0 ec=1 les/c 208/208 242/242/242) [26,6] r=0 lpr=242 pi=207-241/2 crt=0'0 mlcod 0'0 inactive] state: Active: got notify from 6, already have info from that osd, ignoring
2014-06-09 16:22:11.376332 7f8692767700 10 log is not dirty
2014-06-09 16:22:11.376336 7f868f761700 5 -- op tracker -- , seq: 56, time:
2014-06-09 16:22:11.376330, event: reached_pg, op: osd_op(client.4568.0:34736 rbd_data.11786b8b4567.00000000000016c7 [set-alloc-hint object_size 4194304 write_size 4194304,write 385024~516096] 3.a8c948c1 RETRY=3 ack+ondisk+retry+write e242)
2014-06-09 16:22:11.376336 7f8692767700 10 osd.26 pg_epoch: 243 pg[2.75( empty local-les=191 n=0 ec=1 les/c 191/191 242/242/220) [0,26] r=1 lpr=242 pi=1-241/22 crt=0'0 inactive NOTIFY] handle_peering_event: epoch_sent: 243 epoch_requested: 243 MLogRec from 0
2014-06-09 16:22:11.376345 7f8692767700 10 osd.26 pg_epoch: 243 pg[2.75( empty local-les=191 n=0 ec=1 les/c 191/191 242/242/220) [0,26] r=1 lpr=242 pi=1-241/22 crt=0'0 inactive NOTIFY] state: got info+log from osd.0 2.75( empty local-les=243 n=0 ec=1 les/c 191/191 242/242/220) log((0'0,0'0], crt=0'0)
2014-06-09 16:22:11.376343 7f868f761700 20 osd.26 pg_epoch: 243 pg[3.c1( v 214'609 lc 214'607 (0'0,214'609] local-les=243 n=123 ec=118 les/c 201/201 242/242/242) [26,3] r=0 lpr=242 pi=200-241/2 crt=214'609 lcod 0'0 mlcod 0'0 inactive m=2] op_has_sufficient_caps pool=3 (ceph ) owner=0 need_read_cap=0 need_write_cap=1 need_class_read_cap=0 need_class_write_cap=0 -> yes
2014-06-09 16:22:11.376357 7f8692767700 10 merge_log log((0'0,0'0], crt=0'0) from osd.0 into log((0'0,0'0], crt=0'0)
2014-06-09 16:22:11.376360 7f8692767700 10 merge_log result log((0'0,0'0], crt=0'0) missing(0) changed=0
2014-06-09 16:22:11.376357 7f868f761700 10 osd.26 pg_epoch: 243 pg[3.c1( v 214'609 lc 214'607 (0'0,214'609] local-les=243 n=123 ec=118 les/c 201/201 242/242/242) [26,3] r=0 lpr=242 pi=200-241/2 crt=214'609 lcod 0'0 mlcod 0'0 inactive m=2] can_handle_while_inactive: 0xe2ad200
2014-06-09 16:22:11.376369 7f868f761700 10 osd.26 243 dequeue_op 0xe2ad200 finish
2014-06-09 16:22:11.376364 7f8692767700 5 osd.26 pg_epoch: 243 pg[2.75( empty local-les=191 n=0 ec=1 les/c 191/191 242/242/220) [0,26] r=1 lpr=242 pi=1-241/22 crt=0'0 inactive NOTIFY] exit Started/Stray 1.029663 7 0.003169
2014-06-09 16:22:11.376373 7f868f761700 15 OSD::op_tp worker wq OSD::OpWQ done processing 0x1 (19 active)
2014-06-09 16:22:11.376378 7f868f761700 12 OSD::op_tp worker wq OSD::OpWQ start processing 0x1 (20 active)
2014-06-09 16:22:11.376379 7f8692767700 5 osd.26 pg_epoch: 243 pg[2.75( empty local-les=191 n=0 ec=1 les/c 191/191 242/242/220) [0,26] r=1 lpr=242 pi=1-241/22 crt=0'0 inactive NOTIFY] enter Started/ReplicaActive
2014-06-09 16:22:11.376390 7f8692767700 5 osd.26 pg_epoch: 243 pg[2.75( empty local-les=191 n=0 ec=1 les/c 191/191 242/242/220) [0,26] r=1 lpr=242 pi=1-241/22 crt=0'0 inactive NOTIFY] enter Started/ReplicaActive/RepNotRecovering
2014-06-09 16:22:11.376381 7f868f761700 10 osd.26 243 dequeue_op 0x1c54bf00 prio 63 cost 516096 latency 0.878974 osd_op(client.4574.0:31825 rbd_data.117e6b8b4567.00000000000014d4 [set-alloc-hint object_size 4194304 write_size 4194304,write 819200~516096] 3.e0fbd3b4 RETRY=3 ack+ondisk+retry+write e242) v4 pg pg[3.3b4( v 214'677 lc 214'675 (0'0,214'677] local-les=243 n=133 ec=118 les/c 212/212 242/242/242) [26,8] r=0 lpr=242 pi=211-241/2 crt=214'677 lcod 0'0 mlcod 0'0 inactive m=2]
2014-06-09 16:22:11.376399 7f8692767700 10 osd.26 pg_epoch: 243 pg[2.75( empty local-les=191 n=0 ec=1 les/c 191/191 242/242/220) [0,26] r=1 lpr=242 pi=1-241/22 crt=0'0 inactive NOTIFY] state: In ReplicaActive, about to call activate
2014-06-09 16:22:11.376403 7f868f761700 5 -- op tracker -- , seq: 462, time:
2014-06-09 16:22:11.376398, event: reached_pg, op: osd_op(client.4574.0:31825 rbd_data.117e6b8b4567.00000000000014d4 [set-alloc-hint object_size 4194304 write_size 4194304,write 819200~516096] 3.e0fbd3b4 RETRY=3 ack+ondisk+retry+write e242)
2014-06-09 16:22:11.376408 7f8692767700 10 osd.26 pg_epoch: 243 pg[2.75( empty local-les=243 n=0 ec=1 les/c 191/191 242/242/220) [0,26] r=1 lpr=242 pi=1-241/22 crt=0'0 inactive] activate - no missing, moving last_complete 0'0 -> 0'0
2014-06-09 16:22:11.376409 7f868f761700 20 osd.26 pg_epoch: 243 pg[3.3b4( v 214'677 lc 214'675 (0'0,214'677] local-les=243 n=133 ec=118 les/c 212/212 242/242/242) [26,8] r=0 lpr=242 pi=211-241/2 crt=214'677 lcod 0'0 mlcod 0'0 inactive m=2] op_has_sufficient_caps pool=3 (ceph ) owner=0 need_read_cap=0 need_write_cap=1 need_class_read_cap=0 need_class_write_cap=0 -> yes
2014-06-09 16:22:11.376416 7f8692767700 10 osd.26 pg_epoch: 243 pg[2.75( empty local-les=243 n=0 ec=1 les/c 191/191 242/242/220) [0,26] r=1 lpr=242 pi=1-241/22 crt=0'0 inactive] state: Activate Finished
2014-06-09 16:22:11.376423 7f868f761700 10 osd.26 pg_epoch: 243 pg[3.3b4( v 214'677 lc 214'675 (0'0,214'677] local-les=243 n=133 ec=118 les/c 212/212 242/242/242) [26,8] r=0 lpr=242 pi=211-241/2 crt=214'677 lcod 0'0 mlcod 0'0 inactive m=2] can_handle_while_inactive: 0x1c54bf00
2014-06-09 16:22:11.376436 7f868f761700 10 osd.26 243 dequeue_op 0x1c54bf00 finish
2014-06-09 16:22:11.376439 7f868f761700 15 OSD::op_tp worker wq OSD::OpWQ done processing 0x1 (19 active)
2014-06-09 16:22:11.376444 7f868f761700 12 OSD::op_tp worker wq OSD::OpWQ start processing 0x1 (20 active)
2014-06-09 16:22:11.376447 7f868f761700 10 osd.26 243 dequeue_op 0xe2ad100 prio 63 cost 1032192 latency 1.344925 osd_op(client.4568.0:34737 rbd_data.11786b8b4567.00000000000016c7 [set-alloc-hint object_size 4194304 write_size 4194304,write 901120~1032192] 3.a8c948c1 RETRY=3 ack+ondisk+retry+write e242) v4 pg pg[3.c1( v 214'609 lc 214'607 (0'0,214'609] local-les=243 n=123 ec=118 les/c 201/201 242/242/242) [26,3] r=0 lpr=242 pi=200-241/2 crt=214'609 lcod 0'0 mlcod 0'0 inactive m=2]
2014-06-09 16:22:11.376464 7f8692767700 10 log is not dirty
2014-06-09 16:22:11.376469 7f8692767700 5 queue_transactions existing osr(2.75 0x2ed04f0)/0x2ed04f0
2014-06-09 16:22:11.376472 7f8692767700 10 op_submit_start 3109
2014-06-09 16:22:11.376468 7f868f761700 5 -- op tracker -- , seq: 63, time:
2014-06-09 16:22:11.376463, event: reached_pg, op: osd_op(client.4568.0:34737 rbd_data.11786b8b4567.00000000000016c7 [set-alloc-hint object_size 4194304 write_size 4194304,write 901120~1032192] 3.a8c948c1 RETRY=3 ack+ondisk+retry+write e242)
2014-06-09 16:22:11.376473 7f8692767700 5 queue_transactions (trailing journal) 3109
2014-06-09 16:22:11.376474 7f8692767700 5 queue_op 0x309a2660 seq 3109 osr(2.75 0x2ed04f0) 1880 bytes (queue has 18 ops and 31769 bytes)
2014-06-09 16:22:11.376477 7f8692767700 10 op_submit_finish 3109
2014-06-09 16:22:11.376482 7f8692767700 15 OSD::op_tp worker wq OSD::PeeringWQ done processing 0xb7f0210 (19 active)
2014-06-09 16:22:11.376474 7f868f761700 20 osd.26 pg_epoch: 243 pg[3.c1( v 214'609 lc 214'607 (0'0,214'609] local-les=243 n=123 ec=118 les/c 201/201 242/242/242) [26,3] r=0 lpr=242 pi=200-241/2 crt=214'609 lcod 0'0 mlcod 0'0 inactive m=2] op_has_sufficient_caps pool=3 (ceph ) owner=0 need_read_cap=0 need_write_cap=1 need_class_read_cap=0 need_class_write_cap=0 -> yes
2014-06-09 16:22:11.376487 7f8692767700 12 OSD::op_tp worker wq OSD::OpWQ start processing 0x1 (20 active)
2014-06-09 16:22:11.376487 7f868f761700 10 osd.26 pg_epoch: 243 pg[3.c1( v 214'609 lc 214'607 (0'0,214'609] local-les=243 n=123 ec=118 les/c 201/201 242/242/242) [26,3] r=0 lpr=242 pi=200-241/2 crt=214'609 lcod 0'0 mlcod 0'0 inactive m=2] can_handle_while_inactive: 0xe2ad100
2014-06-09 16:22:11.376499 7f868f761700 10 osd.26 243 dequeue_op 0xe2ad100 finish
2014-06-09 16:22:11.376505 7f868f761700 15 OSD::op_tp worker wq OSD::OpWQ done processing 0x1 (19 active)
2014-06-09 16:22:11.376514 7f868f761700 12 OSD::op_tp worker wq OSD::OpWQ start processing 0x1 (20 active)
2014-06-09 16:22:11.376520 7f868cf5c700 15 OSD::op_tp worker wq OSD::OpWQ done processing 0x1 (19 active)
2014-06-09 16:22:11.376526 7f868cf5c700 12 OSD::op_tp worker wq OSD::OpWQ start processing 0x1 (20 active)
2014-06-09 16:22:11.376533 7f8691765700 15 OSD::op_tp worker wq OSD::PeeringWQ done processing 0xb7f0230 (19 active)
2014-06-09 16:22:11.376536 7f8691765700 20 OSD::op_tp worker waiting
2014-06-09 16:22:11.376517 7f8692767700 10 osd.26 243 dequeue_op 0x10c54500 prio 63 cost 516096 latency 1.333940 osd_op(client.4568.0:34738 rbd_data.11786b8b4567.00000000000016c7 [set-alloc-hint object_size 4194304 write_size 4194304,write 1933312~516096] 3.a8c948c1 RETRY=3 ack+ondisk+retry+write e242) v4 pg pg[3.c1( v 214'609 lc 214'607 (0'0,214'609] local-les=243 n=123 ec=118 les/c 201/201 242/242/242) [26,3] r=0 lpr=242 pi=200-241/2 crt=214'609 lcod 0'0 mlcod 0'0 inactive m=2]
2014-06-09 16:22:11.376556 7f8692767700 5 -- op tracker -- , seq: 72, time:
2014-06-09 16:22:11.376550, event: reached_pg, op: osd_op(client.4568.0:34738 rbd_data.11786b8b4567.00000000000016c7 [set-alloc-hint object_size 4194304 write_size 4194304,write 1933312~516096] 3.a8c948c1 RETRY=3 ack+ondisk+retry+write e242)
2014-06-09 16:22:11.376564 7f8692767700 20 osd.26 pg_epoch: 243 pg[3.c1( v 214'609 lc 214'607 (0'0,214'609] local-les=243 n=123 ec=118 les/c 201/201 242/242/242) [26,3] r=0 lpr=242 pi=200-241/2 crt=214'609 lcod 0'0 mlcod 0'0 inactive m=2] op_has_sufficient_caps pool=3 (ceph ) owner=0 need_read_cap=0 need_write_cap=1 need_class_read_cap=0 need_class_write_cap=0 -> yes
2014-06-09 16:22:11.376579 7f8692767700 10 osd.26 pg_epoch: 243 pg[3.c1( v 214'609 lc 214'607 (0'0,214'609] local-les=243 n=123 ec=118 les/c 201/201 242/242/242) [26,3] r=0 lpr=242 pi=200-241/2 crt=214'609 lcod 0'0 mlcod 0'0 inactive m=2] can_handle_while_inactive: 0x10c54500
2014-06-09 16:22:11.376590 7f8692767700 10 osd.26 243 dequeue_op 0x10c54500 finish
2014-06-09 16:22:11.376597 7f868f761700 10 osd.26 243 dequeue_op 0x10c54400 prio 63 cost 516096 latency 1.293182 osd_op(client.4568.0:34739 rbd_data.11786b8b4567.00000000000016c7 [set-alloc-hint object_size 4194304 write_size 4194304,write 2449408~516096] 3.a8c948c1 RETRY=3 ack+ondisk+retry+write e242) v4 pg pg[3.c1( v 214'609 lc 214'607 (0'0,214'609] local-les=243 n=123 ec=118 les/c 201/201 242/242/242) [26,3] r=0 lpr=242 pi=200-241/2 crt=214'609 lcod 0'0 mlcod 0'0 inactive m=2]
2014-06-09 16:22:11.376620 7f868f761700 5 -- op tracker -- , seq: 83, time:
2014-06-09 16:22:11.376615, event: reached_pg, op: osd_op(client.4568.0:34739 rbd_data.11786b8b4567.00000000000016c7 [set-alloc-hint object_size 4194304 write_size 4194304,write 2449408~516096] 3.a8c948c1 RETRY=3 ack+ondisk+retry+write e242)
2014-06-09 16:22:11.376627 7f868f761700 20 osd.26 pg_epoch: 243 pg[3.c1( v 214'609 lc 214'607 (0'0,214'609] local-les=243 n=123 ec=118 les/c 201/201 242/242/242) [26,3] r=0 lpr=242 pi=200-241/2 crt=214'609 lcod 0'0 mlcod 0'0 inactive m=2] op_has_sufficient_caps pool=3 (ceph ) owner=0 need_read_cap=0 need_write_cap=1 need_class_read_cap=0 need_class_write_cap=0 -> yes
2014-06-09 16:22:11.376641 7f868f761700 10 osd.26 pg_epoch: 243 pg[3.c1( v 214'609 lc 214'607 (0'0,214'609] local-les=243 n=123 ec=118 les/c 201/201 242/242/242) [26,3] r=0 lpr=242 pi=200-241/2 crt=214'609 lcod 0'0 mlcod 0'0 inactive m=2] can_handle_while_inactive: 0x10c54400
2014-06-09 16:22:11.376652 7f868f761700 10 osd.26 243 dequeue_op 0x10c54400 finish
2014-06-09 16:22:11.376651 7f86a5610700 10 lookup_strip_header done cid meta oid 16ef7597/infos/head//-1
2014-06-09 16:22:11.376657 7f868f761700 15 OSD::op_tp worker wq OSD::OpWQ done processing 0x1 (18 active)
2014-06-09 16:22:11.376660 7f868f761700 20 OSD::op_tp worker waiting
2014-06-09 16:22:11.376676 7f86a5610700 10 cid: oid: 16ef7597/infos/head//-1 skipping op, spos 3093.0.0 <= header.spos 150443.0.0
2014-06-09 16:22:11.376666 7f868cf5c700 10 osd.26 243 dequeue_op 0x10c54300 prio 63 cost 1228800 latency 1.281624 osd_op(client.4568.0:34740 rbd_data.11786b8b4567.00000000000016c7 [set-alloc-hint object_size 4194304 write_size 4194304,write 2965504~1228800] 3.a8c948c1 RETRY=3 ack+ondisk+retry+write e242) v4 pg pg[3.c1( v 214'609 lc 214'607 (0'0,214'609] local-les=243 n=123 ec=118 les/c 201/201 242/242/242) [26,3] r=0 lpr=242 pi=200-241/2 crt=214'609 lcod 0'0 mlcod 0'0 inactive m=2]
2014-06-09 16:22:11.376681 7f86a5610700 5 submit_transaction r = 0
2014-06-09 16:22:11.376688 7f868cf5c700 5 -- op tracker -- , seq: 95, time:
2014-06-09 16:22:11.376683, event: reached_pg, op: osd_op(client.4568.0:34740 rbd_data.11786b8b4567.00000000000016c7 [set-alloc-hint object_size 4194304 write_size 4194304,write 2965504~1228800] 3.a8c948c1 RETRY=3 ack+ondisk+retry+write e242)
2014-06-09 16:22:11.376696 7f868cf5c700 20 osd.26 pg_epoch: 243 pg[3.c1( v 214'609 lc 214'607 (0'0,214'609] local-les=243 n=123 ec=118 les/c 201/201 242/242/242) [26,3] r=0 lpr=242 pi=200-241/2 crt=214'609 lcod 0'0 mlcod 0'0 inactive m=2] op_has_sufficient_caps pool=3 (ceph ) owner=0 need_read_cap=0 need_write_cap=1 need_class_read_cap=0 need_class_write_cap=0 -> yes
2014-06-09 16:22:11.376710 7f868cf5c700 10 osd.26 pg_epoch: 243 pg[3.c1( v 214'609 lc 214'607 (0'0,214'609] local-les=243 n=123 ec=118 les/c 201/201 242/242/242) [26,3] r=0 lpr=242 pi=200-241/2 crt=214'609 lcod 0'0 mlcod 0'0 inactive m=2] can_handle_while_inactive: 0x10c54300
2014-06-09 16:22:11.376721 7f868cf5c700 10 osd.26 243 dequeue_op 0x10c54300 finish
2014-06-09 16:22:11.376724 7f868cf5c700 15 OSD::op_tp worker wq OSD::OpWQ done processing 0x1 (17 active)
2014-06-09 16:22:11.376727 7f868cf5c700 20 OSD::op_tp worker waiting
2014-06-09 16:22:11.376728 7f86a5610700 10 _do_op 0x309a2f00 seq 3093 r = 0, finisher 0xc5a7c80 0
2014-06-09 16:22:11.376732 7f8692767700 15 OSD::op_tp worker wq OSD::OpWQ done processing 0x1 (16 active)
2014-06-09 16:22:11.376735 7f8692767700 20 OSD::op_tp worker waiting
2014-06-09 16:22:11.376736 7f86a5610700 10 _finish_op 0x309a2f00 seq 3093 osr(1.67a 0x384de90)/0x384de90
2014-06-09 16:22:11.376742 7f86a5610700 15 KeyValueStore::op_tp worker wq KeyValueStore::OpWQ done processing 0xc114480 (1 active)
2014-06-09 16:22:11.376744 7f86a4e0f700 10 finisher(0x2c10388) finisher_thread doing [0xc5a7c80]
2014-06-09 16:22:11.376745 7f86a5610700 12 KeyValueStore::op_tp worker wq KeyValueStore::OpWQ start processing 0x34978c0 (2 active)
2014-06-09 16:22:11.376748 7f86a5610700 5 _do_op 0x16096720 seq 3094 osr(3.6d3 0x3ed1c50)/0x3ed1c50 start
2014-06-09 16:22:11.376750 7f86a4e0f700 10 finisher(0x2c10388) finisher_thread done with [0xc5a7c80]
2014-06-09 16:22:11.376751 7f86a5610700 10 _do_transaction on 0xc130fc0
2014-06-09 16:22:11.376751 7f86a4e0f700 10 finisher(0x2c10388) finisher_thread empty
2014-06-09 16:22:11.376753 7f86a4e0f700 10 finisher(0x2c10388) finisher_thread sleeping
2014-06-09 16:22:11.376759 7f86a5610700 15 _omap_setkeys meta/16ef7597/infos/head//-1
2014-06-09 16:22:11.376809 7f86a5610700 10 lookup_strip_header done cid meta oid 16ef7597/infos/head//-1
2014-06-09 16:22:11.376827 7f86a5610700 15 _omap_rmkeyrange meta/1fe79515/pglog_3.6d3/0//-1 [0000000214.00000000000000000630,4294967295.18446744073709551615]
2014-06-09 16:22:11.376830 7f86a5610700 15 get_omap_iterator meta/1fe79515/pglog_3.6d3/0//-1
2014-06-09 16:22:11.376916 7f86a5610700 15 _omap_rmkeys meta/1fe79515/pglog_3.6d3/0//-1
2014-06-09 16:22:11.376950 7f86a5610700 10 lookup_strip_header done cid meta oid 1fe79515/pglog_3.6d3/0//-1
2014-06-09 16:22:11.376960 7f86a5610700 10 _omap_rmkeys meta/1fe79515/pglog_3.6d3/0//-1 r = 0
2014-06-09 16:22:11.376965 7f86a5610700 15 _omap_rmkeys meta/1fe79515/pglog_3.6d3/0//-1
2014-06-09 16:22:11.376969 7f86a5610700 10 _omap_rmkeys meta/1fe79515/pglog_3.6d3/0//-1 r = 0
2014-06-09 16:22:11.376978 7f86a5610700 15 _omap_setkeys meta/1fe79515/pglog_3.6d3/0//-1
2014-06-09 16:22:11.376996 7f86a5610700 10 cid: oid: 1fe79515/pglog_3.6d3/0//-1 skipping op, spos 3094.0.0 <= header.spos 150427.0.0
