2014-06-09 16:22:11.428625 7f8690763700 5 osd.26 pg_epoch: 243 pg[3.67d( v 214'684 (0'0,214'684] local-les=243 n=131 ec=118 les/c 191/191 242/242/242) [26,2] r=0 lpr=242 pi=190-241/4 crt=0'0 lcod 0'0 mlcod 0'0 inactive] enter Started/Primary/Active/Activating
2014-06-09 16:22:11.428737 7f8690763700 10 log is not dirty
2014-06-09 16:22:11.428749 7f868cf5c700 12 OSD::op_tp worker wq OSD::PeeringWQ start processing 0xcd8f040 (16 active)
2014-06-09 16:22:11.428758 7f868a757700 20 OSD::op_tp worker waiting
2014-06-09 16:22:11.428755 7f868cf5c700 10 osd.26 pg_epoch: 243 pg[0.319( empty local-les=243 n=0 ec=1 les/c 208/208 242/242/242) [26,6] r=0 lpr=242 pi=207-241/2 crt=0'0 mlcod 0'0 inactive] handle_peering_event: epoch_sent: 243 epoch_requested: 243 MNotifyRec from 6 notify: (query_epoch:243, epoch_sent:243, info:0.319( empty local-les=208 n=0 ec=1 les/c 208/208 242/242/242))
2014-06-09 16:22:11.428767 7f86a5e11700 12 KeyValueStore::op_tp worker wq KeyValueStore::OpWQ start processing 0x3496c60 (1 active)
2014-06-09 16:22:11.428771 7f86a5e11700 5 _do_op 0x30607aa0 seq 3131 osr(2.3d1 0x2ed13b0)/0x2ed13b0 start
2014-06-09 16:22:11.428774 7f86a5e11700 10 _do_transaction on 0xc233680
2014-06-09 16:22:11.428768 7f868cf5c700 10 osd.26 pg_epoch: 243 pg[0.319( empty local-les=243 n=0 ec=1 les/c 208/208 242/242/242) [26,6] r=0 lpr=242 pi=207-241/2 crt=0'0 mlcod 0'0 inactive] state: Active: got notify from 6, already have info from that osd, ignoring
2014-06-09 16:22:11.428779 7f868cf5c700 10 log is not dirty
2014-06-09 16:22:11.428780 7f86a5e11700 15 _omap_setkeys meta/16ef7597/infos/head//-1
2014-06-09 16:22:11.428785 7f868f761700 20 OSD::op_tp worker waiting
2014-06-09 16:22:11.428800 7f868e75f700 5 -- op tracker -- , seq: 311, time:
2014-06-09 16:22:11.403651, event: reached_pg, op: osd_op(client.4570.0:33857 rbd_data.117a6b8b4567.00000000000016c5 [set-alloc-hint object_size 4194304 write_size 4194304,write 172032~1032192] 3.2b068cb3 RETRY=3 ack+ondisk+retry+write e242)
2014-06-09 16:22:11.428813 7f868e75f700 20 osd.26 pg_epoch: 243 pg[3.4b3( v 213'517 (0'0,213'517] local-les=243 n=98 ec=118 les/c 191/191 242/242/242) [26,2] r=0 lpr=242 pi=190-241/4 crt=0'0 lcod 0'0 mlcod 0'0 inactive] op_has_sufficient_caps pool=3 (ceph ) owner=0 need_read_cap=0 need_write_cap=1 need_class_read_cap=0 need_class_write_cap=0 -> yes
2014-06-09 16:22:11.428828 7f86a5e11700 10 lookup_strip_header done cid meta oid 16ef7597/infos/head//-1
2014-06-09 16:22:11.428828 7f868e75f700 10 osd.26 pg_epoch: 243 pg[3.4b3( v 213'517 (0'0,213'517] local-les=243 n=98 ec=118 les/c 191/191 242/242/242) [26,2] r=0 lpr=242 pi=190-241/4 crt=0'0 lcod 0'0 mlcod 0'0 inactive] can_handle_while_inactive: 0x1b0d6700
2014-06-09 16:22:11.428837 7f868e75f700 10 osd.26 243 dequeue_op 0x1b0d6700 finish
2014-06-09 16:22:11.428844 7f868e75f700 15 OSD::op_tp worker wq OSD::OpWQ done processing 0x1 (15 active)
2014-06-09 16:22:11.428847 7f868e75f700 20 OSD::op_tp worker waiting
2014-06-09 16:22:11.428846 7f86a5e11700 10 cid: oid: 16ef7597/infos/head//-1 skipping op, spos 3131.0.0 <= header.spos 150443.0.0
2014-06-09 16:22:11.428851 7f86a5e11700 5 submit_transaction r = 0
2014-06-09 16:22:11.428854 7f8691f66700 10 osd.26 243 dequeue_op 0x1b0d6600 prio 63 cost 516096 latency 1.008584 osd_op(client.4570.0:33858 rbd_data.117a6b8b4567.00000000000016c5 [set-alloc-hint object_size 4194304 write_size 4194304,write 1204224~516096] 3.2b068cb3 RETRY=3 ack+ondisk+retry+write e242) v4 pg pg[3.4b3( v 213'517 (0'0,213'517] local-les=243 n=98 ec=118 les/c 191/191 242/242/242) [26,2] r=0 lpr=242 pi=190-241/4 crt=0'0 lcod 0'0 mlcod 0'0 inactive]
2014-06-09 16:22:11.428872 7f86a5e11700 10 _do_op 0x30607aa0 seq 3131 r = 0, finisher 0xbd70240 0
2014-06-09 16:22:11.428878 7f86a5e11700 10 _finish_op 0x30607aa0 seq 3131 osr(2.3d1 0x2ed13b0)/0x2ed13b0
2014-06-09 16:22:11.428875 7f8691f66700 5 -- op tracker -- , seq: 314, time:
2014-06-09 16:22:11.428870, event: reached_pg, op: osd_op(client.4570.0:33858 rbd_data.117a6b8b4567.00000000000016c5 [set-alloc-hint object_size 4194304 write_size 4194304,write 1204224~516096] 3.2b068cb3 RETRY=3 ack+ondisk+retry+write e242)
2014-06-09 16:22:11.428881 7f86a5e11700 15 KeyValueStore::op_tp worker wq KeyValueStore::OpWQ done processing 0x3496c60 (0 active)
2014-06-09 16:22:11.428883 7f86a5e11700 20 KeyValueStore::op_tp worker waiting
2014-06-09 16:22:11.428889 7f86a460e700 10 finisher(0x2c100f8) finisher_thread doing [0xbd69cc0]
2014-06-09 16:22:11.428883 7f8691f66700 20 osd.26 pg_epoch: 243 pg[3.4b3( v 213'517 (0'0,213'517] local-les=243 n=98 ec=118 les/c 191/191 242/242/242) [26,2] r=0 lpr=242 pi=190-241/4 crt=0'0 lcod 0'0 mlcod 0'0 inactive] op_has_sufficient_caps pool=3 (ceph ) owner=0 need_read_cap=0 need_write_cap=1 need_class_read_cap=0 need_class_write_cap=0 -> yes
2014-06-09 16:22:11.428894 7f86a460e700 10 finisher(0x2c100f8) finisher_thread done with [0xbd69cc0]
2014-06-09 16:22:11.428895 7f86a460e700 10 finisher(0x2c100f8) finisher_thread empty
2014-06-09 16:22:11.428896 7f86a460e700 10 finisher(0x2c100f8) finisher_thread sleeping
2014-06-09 16:22:11.428894 7f8691f66700 10 osd.26 pg_epoch: 243 pg[3.4b3( v 213'517 (0'0,213'517] local-les=243 n=98 ec=118 les/c 191/191 242/242/242) [26,2] r=0 lpr=242 pi=190-241/4 crt=0'0 lcod 0'0 mlcod 0'0 inactive] can_handle_while_inactive: 0x1b0d6600
2014-06-09 16:22:11.428902 7f8691f66700 10 osd.26 243 dequeue_op 0x1b0d6600 finish
2014-06-09 16:22:11.428907 7f8691f66700 15 OSD::op_tp worker wq OSD::OpWQ done processing 0x1 (14 active)
2014-06-09 16:22:11.428909 7f86a4e0f700 10 finisher(0x2c10388) finisher_thread done with [0xbd67800]
2014-06-09 16:22:11.428910 7f8691f66700 20 OSD::op_tp worker waiting
2014-06-09 16:22:11.428910 7f86a4e0f700 10 finisher(0x2c10388) finisher_thread doing [0xbd70240]
2014-06-09 16:22:11.428912 7f86a4e0f700 10 osd.26 pg_epoch: 243 pg[2.3d1( empty local-les=243 n=0 ec=1 les/c 206/206 242/242/205) [5,26] r=1 lpr=242 pi=13-241/21 crt=0'0 inactive] _activate_committed 243 telling primary
2014-06-09 16:22:11.428928 7f868a757700 20 OSD::op_tp worker waiting
2014-06-09 16:22:11.428916 7f868df5e700 10 osd.26 243 dequeue_op 0x1b0d6500 prio 63 cost 516096 latency 1.006205 osd_op(client.4570.0:33859 rbd_data.117a6b8b4567.00000000000016c5 [set-alloc-hint object_size 4194304 write_size 4194304,write 1720320~516096] 3.2b068cb3 RETRY=3 ack+ondisk+retry+write e242) v4 pg pg[3.4b3( v 213'517 (0'0,213'517] local-les=243 n=98 ec=118 les/c 191/191 242/242/242) [26,2] r=0 lpr=242 pi=190-241/4 crt=0'0 lcod 0'0 mlcod 0'0 inactive]
2014-06-09 16:22:11.428937 7f8690763700 5 queue_transactions existing osr(3.67d 0x3ed1d70)/0x3ed1d70
2014-06-09 16:22:11.428940 7f8690763700 10 op_submit_start 3132
2014-06-09 16:22:11.428941 7f8690763700 5 queue_transactions (trailing journal) 3132
2014-06-09 16:22:11.428937 7f868df5e700 5 -- op tracker -- , seq: 315, time:
2014-06-09 16:22:11.428931, event: reached_pg, op: osd_op(client.4570.0:33859 rbd_data.117a6b8b4567.00000000000016c5 [set-alloc-hint object_size 4194304 write_size 4194304,write 1720320~516096] 3.2b068cb3 RETRY=3 ack+ondisk+retry+write e242)
2014-06-09 16:22:11.428942 7f8690763700 5 queue_op 0x306075c0 seq 3132 osr(3.67d 0x3ed1d70) 1053 bytes (queue has 1 ops and 1053 bytes)
2014-06-09 16:22:11.428947 7f8690763700 10 op_submit_finish 3132
2014-06-09 16:22:11.428944 7f868df5e700 20 osd.26 pg_epoch: 243 pg[3.4b3( v 213'517 (0'0,213'517] local-les=243 n=98 ec=118 les/c 191/191 242/242/242) [26,2] r=0 lpr=242 pi=190-241/4 crt=0'0 lcod 0'0 mlcod 0'0 inactive] op_has_sufficient_caps pool=3 (ceph ) owner=0 need_read_cap=0 need_write_cap=1 need_class_read_cap=0 need_class_write_cap=0 -> yes
2014-06-09 16:22:11.428950 7f8690763700 10 osd.26 pg_epoch: 243 pg[3.19( v 213'743 (0'0,213'743] local-les=243 n=141 ec=118 les/c 212/212 242/242/211) [8,26] r=1 lpr=242 pi=118-241/10 luod=0'0 crt=0'0 lcod 0'0 active] handle_peering_event: epoch_sent: 243 epoch_requested: 243 FlushedEvt
2014-06-09 16:22:11.428955 7f868df5e700 10 osd.26 pg_epoch: 243 pg[3.4b3( v 213'517 (0'0,213'517] local-les=243 n=98 ec=118 les/c 191/191 242/242/242) [26,2] r=0 lpr=242 pi=190-241/4 crt=0'0 lcod 0'0 mlcod 0'0 inactive] can_handle_while_inactive: 0x1b0d6500
2014-06-09 16:22:11.428963 7f868df5e700 10 osd.26 243 dequeue_op 0x1b0d6500 finish
2014-06-09 16:22:11.428969 7f868df5e700 15 OSD::op_tp worker wq OSD::OpWQ done processing 0x1 (13 active)
2014-06-09 16:22:11.428963 7f8690763700 15 osd.26 pg_epoch: 243 pg[3.19( v 213'743 (0'0,213'743] local-les=243 n=141 ec=118 les/c 212/212 242/242/211) [8,26] r=1 lpr=242 pi=118-241/10 luod=0'0 crt=0'0 lcod 0'0 active] requeue_ops
2014-06-09 16:22:11.428971 7f868df5e700 20 OSD::op_tp worker waiting
2014-06-09 16:22:11.428973 7f8690763700 10 log is not dirty
2014-06-09 16:22:11.428980 7f869af78700 10 osd.26 243 do_waiters -- start
2014-06-09 16:22:11.428982 7f869af78700 10 osd.26 243 do_waiters -- finish
2014-06-09 16:22:11.428983 7f869af78700 20 osd.26 243 _dispatch 0x306d3800 pg_log(0.2c3 epoch 243 log log((0'0,0'0], crt=0'0) query_epoch 243) v4
2014-06-09 16:22:11.428978 7f8690763700 10 osd.26 pg_epoch: 243 pg[1.a2( empty local-les=243 n=0 ec=1 les/c 191/191 242/242/220) [0,26] r=1 lpr=242 pi=1-241/22 crt=0'0 active] handle_peering_event: epoch_sent: 243 epoch_requested: 243 FlushedEvt
2014-06-09 16:22:11.428990 7f869af78700 5 -- op tracker -- , seq: 1626, time:
2014-06-09 16:22:11.143312, event: header_read, op: pg_log(0.2c3 epoch 243 log log((0'0,0'0], crt=0'0) query_epoch 243)
2014-06-09 16:22:11.428988 7f8690763700 15 osd.26 pg_epoch: 243 pg[1.a2( empty local-les=243 n=0 ec=1 les/c 191/191 242/242/220) [0,26] r=1 lpr=242 pi=1-241/22 crt=0'0 active] requeue_ops
2014-06-09 16:22:11.428997 7f8690763700 10 log is not dirty
2014-06-09 16:22:11.428998 7f869af78700 5 -- op tracker -- , seq: 1626, time:
2014-06-09 16:22:11.143313, event: throttled, op: pg_log(0.2c3 epoch 243 log log((0'0,0'0], crt=0'0) query_epoch 243)
2014-06-09 16:22:11.429004 7f869af78700 5 -- op tracker -- , seq: 1626, time:
2014-06-09 16:22:11.143321, event: all_read, op: pg_log(0.2c3 epoch 243 log log((0'0,0'0], crt=0'0) query_epoch 243)
2014-06-09 16:22:11.429000 7f8690763700 10 osd.26 pg_epoch: 243 pg[3.21e( v 213'615 (0'0,213'615] local-les=203 n=120 ec=118 les/c 203/203 242/242/202) [4,26] r=1 lpr=242 pi=118-241/10 crt=0'0 lcod 0'0 inactive NOTIFY] handle_peering_event: epoch_sent: 242 epoch_requested: 242 MQuery from 4 query_epoch 242 query: query(log 203'0 ec=118 les/c 203/203 242/242/202)
2014-06-09 16:22:11.429011 7f869af78700 5 -- op tracker -- , seq: 1626, time:
2014-06-09 16:22:11.428980, event: dispatched, op: pg_log(0.2c3 epoch 243 log log((0'0,0'0], crt=0'0) query_epoch 243)
2014-06-09 16:22:11.429012 7f8690763700 10 osd.26 pg_epoch: 243 pg[3.21e( v 213'615 (0'0,213'615] local-les=203 n=120 ec=118 les/c 203/203 242/242/202) [4,26] r=1 lpr=242 pi=118-241/10 crt=0'0 lcod 0'0 inactive NOTIFY] log request from 4
2014-06-09 16:22:11.429018 7f869af78700 5 -- op tracker -- , seq: 1626, time:
2014-06-09 16:22:11.429015, event: waiting_for_osdmap, op: pg_log(0.2c3 epoch 243 log log((0'0,0'0], crt=0'0) query_epoch 243)
2014-06-09 16:22:11.429022 7f869af78700 7 osd.26 243 handle_pg_log pg_log(0.2c3 epoch 243 log log((0'0,0'0], crt=0'0) query_epoch 243) v4 from osd.7
2014-06-09 16:22:11.429026 7f869af78700 15 osd.26 243 require_same_or_newer_map 243 (i am 243) 0x306d3800
2014-06-09 16:22:11.429021 7f8690763700 10 osd.26 pg_epoch: 243 pg[3.21e( v 213'615 (0'0,213'615] local-les=203 n=120 ec=118 les/c 203/203 242/242/202) [4,26] r=1 lpr=242 pi=118-241/10 crt=0'0 lcod 0'0 inactive NOTIFY] sending info+missing+log since 203'0
2014-06-09 16:22:11.429031 7f869af78700 5 -- op tracker -- , seq: 1626, time:
2014-06-09 16:22:11.429029, event: started, op: pg_log(0.2c3 epoch 243 log log((0'0,0'0], crt=0'0) query_epoch 243)
2014-06-09 16:22:11.429047 7f869af78700 5 -- op tracker -- , seq: 1626, time:
2014-06-09 16:22:11.429044, event: done, op: pg_log(0.2c3 epoch 243 log log((0'0,0'0], crt=0'0) query_epoch 243)
2014-06-09 16:22:11.429056 7f869af78700 10 osd.26 243 do_waiters -- start
2014-06-09 16:22:11.429057 7f869af78700 10 osd.26 243 do_waiters -- finish
2014-06-09 16:22:11.429070 7f869af78700 10 osd.26 243 do_waiters -- start
2014-06-09 16:22:11.429072 7f869af78700 10 osd.26 243 do_waiters -- finish
2014-06-09 16:22:11.429073 7f869af78700 20 osd.26 243 _dispatch 0x2ea5bc00 pg_notify(3.d3(10),3.66f(10) epoch 243) v5
2014-06-09 16:22:11.429078 7f869af78700 5 -- op tracker -- , seq: 1627, time:
2014-06-09 16:22:11.082271, event: header_read, op: pg_notify(3.d3(10),3.66f(10) epoch 243)
2014-06-09 16:22:11.429085 7f869af78700 5 -- op tracker -- , seq: 1627, time:
2014-06-09 16:22:11.082271, event: throttled, op: pg_notify(3.d3(10),3.66f(10) epoch 243)
2014-06-09 16:22:11.429091 7f869af78700 5 -- op tracker -- , seq: 1627, time:
2014-06-09 16:22:11.082291, event: all_read, op: pg_notify(3.d3(10),3.66f(10) epoch 243)
2014-06-09 16:22:11.429097 7f869af78700 5 -- op tracker -- , seq: 1627, time:
2014-06-09 16:22:11.429070, event: dispatched, op: pg_notify(3.d3(10),3.66f(10) epoch 243)
2014-06-09 16:22:11.429104 7f869af78700 5 -- op tracker -- , seq: 1627, time:
2014-06-09 16:22:11.429101, event: waiting_for_osdmap, op: pg_notify(3.d3(10),3.66f(10) epoch 243)
2014-06-09 16:22:11.429107 7f869af78700 7 osd.26 243 handle_pg_notify from osd.3
2014-06-09 16:22:11.429109 7f869af78700 15 osd.26 243 require_same_or_newer_map 243 (i am 243) 0x2ea5bc00
2014-06-09 16:22:11.429114 7f869af78700 5 -- op tracker -- , seq: 1627, time:
2014-06-09 16:22:11.429112, event: started, op: pg_notify(3.d3(10),3.66f(10) epoch 243)
2014-06-09 16:22:11.429109 7f8690763700 10 osd.26 pg_epoch: 243 pg[3.21e( v 213'615 (0'0,213'615] local-les=203 n=120 ec=118 les/c 203/203 242/242/202) [4,26] r=1 lpr=242 pi=118-241/10 crt=0'0 lcod 0'0 inactive NOTIFY] sending log((0'0,213'615], crt=0'0) missing(0)
2014-06-09 16:22:11.429121 7f8690763700 20 osd.26 243 share_map_peer 0xbfb5e40 already has epoch 243
2014-06-09 16:22:11.429136 7f8690763700 10 log is not dirty
2014-06-09 16:22:11.429143 7f869af78700 5 -- op tracker -- , seq: 1627, time:
2014-06-09 16:22:11.429140, event: done, op: pg_notify(3.d3(10),3.66f(10) epoch 243)
2014-06-09 16:22:11.429140 7f8690763700 10 osd.26 pg_epoch: 243 pg[1.560( empty local-les=243 n=0 ec=1 les/c 191/191 242/242/222) [1,26] r=1 lpr=242 pi=1-241/22 crt=0'0 active] handle_peering_event: epoch_sent: 243 epoch_requested: 243 FlushedEvt
2014-06-09 16:22:11.429151 7f869af78700 10 osd.26 243 do_waiters -- start
2014-06-09 16:22:11.429152 7f869af78700 10 osd.26 243 do_waiters -- finish
2014-06-09 16:22:11.429151 7f8690763700 15 osd.26 pg_epoch: 243 pg[1.560( empty local-les=243 n=0 ec=1 les/c 191/191 242/242/222) [1,26] r=1 lpr=242 pi=1-241/22 crt=0'0 active] requeue_ops
2014-06-09 16:22:11.429160 7f8690763700 10 log is not dirty
2014-06-09 16:22:11.429164 7f8690763700 10 osd.26 pg_epoch: 243 pg[2.2b( empty local-les=243 n=0 ec=1 les/c 212/212 242/242/211) [8,26] r=1 lpr=242 pi=7-241/23 crt=0'0 active] handle_peering_event: epoch_sent: 243 epoch_requested: 243 FlushedEvt
2014-06-09 16:22:11.429173 7f869af78700 10 osd.26 243 do_waiters -- start
2014-06-09 16:22:11.429174 7f869af78700 10 osd.26 243 do_waiters -- finish
2014-06-09 16:22:11.429175 7f869af78700 20 osd.26 243 _dispatch 0x3046a000 pg_notify(2.3de(21),3.3dc(12) epoch 243) v5
2014-06-09 16:22:11.429174 7f8690763700 15 osd.26 pg_epoch: 243 pg[2.2b( empty local-les=243 n=0 ec=1 les/c 212/212 242/242/211) [8,26] r=1 lpr=242 pi=7-241/23 crt=0'0 active] requeue_ops
2014-06-09 16:22:11.429182 7f8690763700 10 log is not dirty
2014-06-09 16:22:11.429181 7f869af78700 5 -- op tracker -- , seq: 1628, time:
2014-06-09 16:22:11.085206, event: header_read, op: pg_notify(2.3de(21),3.3dc(12) epoch 243)
2014-06-09 16:22:11.429187 7f869af78700 5 -- op tracker -- , seq: 1628, time:
2014-06-09 16:22:11.085206, event: throttled, op: pg_notify(2.3de(21),3.3dc(12) epoch 243)
2014-06-09 16:22:11.429185 7f8690763700 10 osd.26 pg_epoch: 243 pg[2.37a( empty local-les=243 n=0 ec=1 les/c 191/191 242/242/220) [0,26] r=1 lpr=242 pi=1-241/22 crt=0'0 active] handle_peering_event: epoch_sent: 243 epoch_requested: 243 FlushedEvt
2014-06-09 16:22:11.429193 7f869af78700 5 -- op tracker -- , seq: 1628, time:
2014-06-09 16:22:11.085250, event: all_read, op: pg_notify(2.3de(21),3.3dc(12) epoch 243)
2014-06-09 16:22:11.429195 7f8690763700 15 osd.26 pg_epoch: 243 pg[2.37a( empty local-les=243 n=0 ec=1 les/c 191/191 242/242/220) [0,26] r=1 lpr=242 pi=1-241/22 crt=0'0 active] requeue_ops
2014-06-09 16:22:11.429202 7f8690763700 10 log is not dirty
2014-06-09 16:22:11.429200 7f869af78700 5 -- op tracker -- , seq: 1628, time:
2014-06-09 16:22:11.429172, event: dispatched, op: pg_notify(2.3de(21),3.3dc(12) epoch 243)
2014-06-09 16:22:11.429210 7f869af78700 5 -- op tracker -- , seq: 1628, time:
2014-06-09 16:22:11.429208, event: waiting_for_osdmap, op: pg_notify(2.3de(21),3.3dc(12) epoch 243)
2014-06-09 16:22:11.429205 7f8690763700 10 osd.26 pg_epoch: 243 pg[0.54c( empty local-les=243 n=0 ec=1 les/c 206/206 242/242/205) [5,26] r=1 lpr=242 pi=1-241/24 crt=0'0 active] handle_peering_event: epoch_sent: 243 epoch_requested: 243 FlushedEvt
2014-06-09 16:22:11.429214 7f869af78700 7 osd.26 243 handle_pg_notify from osd.1
2014-06-09 16:22:11.429215 7f869af78700 15 osd.26 243 require_same_or_newer_map 243 (i am 243) 0x3046a000
2014-06-09 16:22:11.429216 7f8690763700 15 osd.26 pg_epoch: 243 pg[0.54c( empty local-les=243 n=0 ec=1 les/c 206/206 242/242/205) [5,26] r=1 lpr=242 pi=1-241/24 crt=0'0 active] requeue_ops
2014-06-09 16:22:11.429220 7f869af78700 5 -- op tracker -- , seq: 1628, time:
2014-06-09 16:22:11.429218, event: started, op: pg_notify(2.3de(21),3.3dc(12) epoch 243)
2014-06-09 16:22:11.429231 7f868cf5c700 10 osd.26 pg_epoch: 243 pg[3.e0( v 213'736 (0'0,213'736] local-les=243 n=138 ec=118 les/c 210/210 242/242/209) [7,26] r=1 lpr=242 pi=118-241/10 luod=0'0 crt=0'0 lcod 0'0 active] handle_peering_event: epoch_sent: 243 epoch_requested: 243 FlushedEvt
2014-06-09 16:22:11.439275 7f868cf5c700 15 osd.26 pg_epoch: 243 pg[3.e0( v 213'736 (0'0,213'736] local-les=243 n=138 ec=118 les/c 210/210 242/242/209) [7,26] r=1 lpr=242 pi=118-241/10 luod=0'0 crt=0'0 lcod 0'0 active] requeue_ops
2014-06-09 16:22:11.439299 7f868cf5c700 10 log is not dirty
2014-06-09 16:22:11.439306 7f868cf5c700 10 osd.26 pg_epoch: 243 pg[0.35b( empty local-les=191 n=0 ec=1 les/c 191/191 242/242/220) [0,26] r=1 lpr=242 pi=1-241/22 crt=0'0 inactive NOTIFY] handle_peering_event: epoch_sent: 243 epoch_requested: 243 MLogRec from 0
2014-06-09 16:22:11.439318 7f868cf5c700 10 osd.26 pg_epoch: 243 pg[0.35b( empty local-les=191 n=0 ec=1 les/c 191/191 242/242/220) [0,26] r=1 lpr=242 pi=1-241/22 crt=0'0 inactive NOTIFY] state: got info+log from osd.0 0.35b( empty local-les=243 n=0 ec=1 les/c 191/191 242/242/220) log((0'0,0'0], crt=0'0)
2014-06-09 16:22:11.439331 7f868cf5c700 10 merge_log log((0'0,0'0], crt=0'0) from osd.0 into log((0'0,0'0], crt=0'0)
2014-06-09 16:22:11.439335 7f868cf5c700 10 merge_log result log((0'0,0'0], crt=0'0) missing(0) changed=0
2014-06-09 16:22:11.439340 7f868cf5c700 5 osd.26 pg_epoch: 243 pg[0.35b( empty local-les=191 n=0 ec=1 les/c 191/191 242/242/220) [0,26] r=1 lpr=242 pi=1-241/22 crt=0'0 inactive NOTIFY] exit Started/Stray 1.131417 7 0.000203
2014-06-09 16:22:11.439351 7f868cf5c700 5 osd.26 pg_epoch: 243 pg[0.35b( empty local-les=191 n=0 ec=1 les/c 191/191 242/242/220) [0,26] r=1 lpr=242 pi=1-241/22 crt=0'0 inactive NOTIFY] enter Started/ReplicaActive
2014-06-09 16:22:11.439364 7f868cf5c700 5 osd.26 pg_epoch: 243 pg[0.35b( empty local-les=191 n=0 ec=1 les/c 191/191 242/242/220) [0,26] r=1 lpr=242 pi=1-241/22 crt=0'0 inactive NOTIFY] enter Started/ReplicaActive/RepNotRecovering
2014-06-09 16:22:11.439374 7f868cf5c700 10 osd.26 pg_epoch: 243 pg[0.35b( empty local-les=191 n=0 ec=1 les/c 191/191 242/242/220) [0,26] r=1 lpr=242 pi=1-241/22 crt=0'0 inactive NOTIFY] state: In ReplicaActive, about to call activate
2014-06-09 16:22:11.439383 7f868cf5c700 10 osd.26 pg_epoch: 243 pg[0.35b( empty local-les=243 n=0 ec=1 les/c 191/191 242/242/220) [0,26] r=1 lpr=242 pi=1-241/22 crt=0'0 inactive] activate - no missing, moving last_complete 0'0 -> 0'0
2014-06-09 16:22:11.439391 7f868cf5c700 10 osd.26 pg_epoch: 243 pg[0.35b( empty local-les=243 n=0 ec=1 les/c 191/191 242/242/220) [0,26] r=1 lpr=242 pi=1-241/22 crt=0'0 inactive] state: Activate Finished
2014-06-09 16:22:11.439440 7f868cf5c700 10 log is not dirty
2014-06-09 16:22:11.439446 7f868cf5c700 5 queue_transactions existing osr(0.35b 0x2bd6fe0)/0x2bd6fe0
2014-06-09 16:22:11.439450 7f868cf5c700 10 op_submit_start 3133
2014-06-09 16:22:11.439452 7f868cf5c700 5 queue_transactions (trailing journal) 3133
2014-06-09 16:22:11.439453 7f868cf5c700 5 queue_op 0x30033680 seq 3133 osr(0.35b 0x2bd6fe0) 1883 bytes (queue has 2 ops and 2936 bytes)
2014-06-09 16:22:11.429248 7f868a757700 12 OSD::op_tp worker wq OSD::PeeringWQ start processing 0xb7f0310 (14 active)
2014-06-09 16:22:11.439467 7f868a757700 10 osd.26 pg_epoch: 243 pg[0.2c3( empty local-les=210 n=0 ec=1 les/c 210/210 242/242/209) [7,26] r=1 lpr=242 pi=1-241/22 crt=0'0 inactive NOTIFY] handle_peering_event: epoch_sent: 243 epoch_requested: 243 MLogRec from 7
2014-06-09 16:22:11.439479 7f868a757700 10 osd.26 pg_epoch: 243 pg[0.2c3( empty local-les=210 n=0 ec=1 les/c 210/210 242/242/209) [7,26] r=1 lpr=242 pi=1-241/22 crt=0'0 inactive NOTIFY] state: got info+log from osd.7 0.2c3( empty local-les=243 n=0 ec=1 les/c 210/210 242/242/209) log((0'0,0'0], crt=0'0)
2014-06-09 16:22:11.439491 7f868a757700 10 merge_log log((0'0,0'0], crt=0'0) from osd.7 into log((0'0,0'0], crt=0'0)
2014-06-09 16:22:11.439494 7f868a757700 10 merge_log result log((0'0,0'0], crt=0'0) missing(0) changed=0
2014-06-09 16:22:11.439498 7f868a757700 5 osd.26 pg_epoch: 243 pg[0.2c3( empty local-les=210 n=0 ec=1 les/c 210/210 242/242/209) [7,26] r=1 lpr=242 pi=1-241/22 crt=0'0 inactive NOTIFY] exit Started/Stray 0.949356 7 0.000228
2014-06-09 16:22:11.439508 7f868a757700 5 osd.26 pg_epoch: 243 pg[0.2c3( empty local-les=210 n=0 ec=1 les/c 210/210 242/242/209) [7,26] r=1 lpr=242 pi=1-241/22 crt=0'0 inactive NOTIFY] enter Started/ReplicaActive
2014-06-09 16:22:11.439518 7f868a757700 5 osd.26 pg_epoch: 243 pg[0.2c3( empty local-les=210 n=0 ec=1 les/c 210/210 242/242/209) [7,26] r=1 lpr=242 pi=1-241/22 crt=0'0 inactive NOTIFY] enter Started/ReplicaActive/RepNotRecovering
2014-06-09 16:22:11.439527 7f868a757700 10 osd.26 pg_epoch: 243 pg[0.2c3( empty local-les=210 n=0 ec=1 les/c 210/210 242/242/209) [7,26] r=1 lpr=242 pi=1-241/22 crt=0'0 inactive NOTIFY] state: In ReplicaActive, about to call activate
2014-06-09 16:22:11.439536 7f868a757700 10 osd.26 pg_epoch: 243 pg[0.2c3( empty local-les=243 n=0 ec=1 les/c 210/210 242/242/209) [7,26] r=1 lpr=242 pi=1-241/22 crt=0'0 inactive] activate - no missing, moving last_complete 0'0 -> 0'0
2014-06-09 16:22:11.439544 7f868a757700 10 osd.26 pg_epoch: 243 pg[0.2c3( empty local-les=243 n=0 ec=1 les/c 210/210 242/242/209) [7,26] r=1 lpr=242 pi=1-241/22 crt=0'0 inactive] state: Activate Finished
2014-06-09 16:22:11.439589 7f868a757700 10 log is not dirty
2014-06-09 16:22:11.439594 7f868a757700 5 queue_transactions existing osr(0.2c3 0x2bd6ba0)/0x2bd6ba0
2014-06-09 16:22:11.429246 7f869af78700 5 -- op tracker -- , seq: 1628, time:
2014-06-09 16:22:11.429244, event: done, op: pg_notify(2.3de(21),3.3dc(12) epoch 243)
2014-06-09 16:22:11.439642 7f868f761700 20 OSD::op_tp worker waiting
2014-06-09 16:22:11.429262 7f868b759700 10 osd.26 243 dequeue_op 0x1b0d6400 prio 63 cost 516096 latency 1.005608 osd_op(client.4570.0:33860 rbd_data.117a6b8b4567.00000000000016c5 [set-alloc-hint object_size 4194304 write_size 4194304,write 2236416~516096] 3.2b068cb3 RETRY=3 ack+ondisk+retry+write e242) v4 pg pg[3.4b3( v 213'517 (0'0,213'517] local-les=243 n=98 ec=118 les/c 191/191 242/242/242) [26,2] r=0 lpr=242 pi=190-241/4 crt=0'0 lcod 0'0 mlcod 0'0 inactive]
2014-06-09 16:22:11.439657 7f868df5e700 20 OSD::op_tp worker waiting
2014-06-09 16:22:11.439665 7f8691f66700 20 OSD::op_tp worker waiting
2014-06-09 16:22:11.439671 7f868e75f700 20 OSD::op_tp worker waiting
2014-06-09 16:22:11.439677 7f869af78700 10 osd.26 243 do_waiters -- start
2014-06-09 16:22:11.439680 7f869af78700 10 osd.26 243 do_waiters -- finish
2014-06-09 16:22:11.439715 7f869af78700 10 osd.26 243 do_waiters -- start
2014-06-09 16:22:11.439719 7f869af78700 10 osd.26 243 do_waiters -- finish
2014-06-09 16:22:11.439722 7f869af78700 20 osd.26 243 _dispatch 0x3044d6c0 pg_notify(2.342(20) epoch 243) v5
2014-06-09 16:22:11.439729 7f869af78700 5 -- op tracker -- , seq: 1629, time:
2014-06-09 16:22:11.058714, event: header_read, op: pg_notify(2.342(20) epoch 243)
2014-06-09 16:22:11.439738 7f869af78700 5 -- op tracker -- , seq: 1629, time:
2014-06-09 16:22:11.058714, event: throttled, op: pg_notify(2.342(20) epoch 243)
2014-06-09 16:22:11.439744 7f869af78700 5 -- op tracker -- , seq: 1629, time:
2014-06-09 16:22:11.058735, event: all_read, op: pg_notify(2.342(20) epoch 243)
2014-06-09 16:22:11.439750 7f869af78700 5 -- op tracker -- , seq: 1629, time:
2014-06-09 16:22:11.439714, event: dispatched, op: pg_notify(2.342(20) epoch 243)
2014-06-09 16:22:11.439756 7f869af78700 5 -- op tracker -- , seq: 1629, time:
2014-06-09 16:22:11.439754, event: waiting_for_osdmap, op: pg_notify(2.342(20) epoch 243)
2014-06-09 16:22:11.439760 7f869af78700 7 osd.26 243 handle_pg_notify from osd.9
2014-06-09 16:22:11.439763 7f869af78700 15 osd.26 243 require_same_or_newer_map 243 (i am 243) 0x3044d6c0
2014-06-09 16:22:11.439769 7f869af78700 5 -- op tracker -- , seq: 1629, time:
2014-06-09 16:22:11.439767, event: started, op: pg_notify(2.342(20) epoch 243)
2014-06-09 16:22:11.439791 7f869af78700 5 -- op tracker -- , seq: 1629, time:
2014-06-09 16:22:11.439788, event: done, op: pg_notify(2.342(20) epoch 243)
2014-06-09 16:22:11.439799 7f869af78700 10 osd.26 243 do_waiters -- start
2014-06-09 16:22:11.439801 7f869af78700 10 osd.26 243 do_waiters -- finish
2014-06-09 16:22:11.439819 7f869af78700 10 osd.26 243 do_waiters -- start
2014-06-09 16:22:11.439821 7f869af78700 10 osd.26 243 do_waiters -- finish
2014-06-09 16:22:11.439822 7f869af78700 20 osd.26 243 _dispatch 0x2fe21600 pg_log(0.33f epoch 243 log log((0'0,0'0], crt=0'0) query_epoch 243) v4
2014-06-09 16:22:11.439829 7f869af78700 5 -- op tracker -- , seq: 1630, time:
2014-06-09 16:22:11.035578, event: header_read, op: pg_log(0.33f epoch 243 log log((0'0,0'0], crt=0'0) query_epoch 243)
2014-06-09 16:22:11.439837 7f869af78700 5 -- op tracker -- , seq: 1630, time:
2014-06-09 16:22:11.035579, event: throttled, op: pg_log(0.33f epoch 243 log log((0'0,0'0], crt=0'0) query_epoch 243)
2014-06-09 16:22:11.439844 7f869af78700 5 -- op tracker -- , seq: 1630, time:
2014-06-09 16:22:11.035594, event: all_read, op: pg_log(0.33f epoch 243 log log((0'0,0'0], crt=0'0) query_epoch 243)
2014-06-09 16:22:11.439851 7f869af78700 5 -- op tracker -- , seq: 1630, time:
2014-06-09 16:22:11.439819, event: dispatched, op: pg_log(0.33f epoch 243 log log((0'0,0'0], crt=0'0) query_epoch 243)
2014-06-09 16:22:11.439859 7f869af78700 5 -- op tracker -- , seq: 1630, time:
2014-06-09 16:22:11.439856, event: waiting_for_osdmap, op: pg_log(0.33f epoch 243 log log((0'0,0'0], crt=0'0) query_epoch 243)
2014-06-09 16:22:11.439864 7f869af78700 7 osd.26 243 handle_pg_log pg_log(0.33f epoch 243 log log((0'0,0'0], crt=0'0) query_epoch 243) v4 from osd.8
2014-06-09 16:22:11.439868 7f869af78700 15 osd.26 243 require_same_or_newer_map 243 (i am 243) 0x2fe21600
2014-06-09 16:22:11.439874 7f869af78700 5 -- op tracker -- , seq: 1630, time:
2014-06-09 16:22:11.439871, event: started, op: pg_log(0.33f epoch 243 log log((0'0,0'0], crt=0'0) query_epoch 243)
2014-06-09 16:22:11.439889 7f869af78700 5 -- op tracker -- , seq: 1630, time:
2014-06-09 16:22:11.439886, event: done, op: pg_log(0.33f epoch 243 log log((0'0,0'0], crt=0'0) query_epoch 243)
2014-06-09 16:22:11.439897 7f869af78700 10 osd.26 243 do_waiters -- start
2014-06-09 16:22:11.439899 7f869af78700 10 osd.26 243 do_waiters -- finish
2014-06-09 16:22:11.439910 7f869af78700 10 osd.26 243 do_waiters -- start
2014-06-09 16:22:11.439912 7f869af78700 10 osd.26 243 do_waiters -- finish
2014-06-09 16:22:11.439913 7f869af78700 20 osd.26 243 _dispatch 0xbe9cc40 pg_info(1 pgs e243:3.31f(2)) v4
2014-06-09 16:22:11.439918 7f869af78700 5 -- op tracker -- , seq: 1631, time:
2014-06-09 16:22:11.027329, event: header_read, op: pg_info(1 pgs e243:3.31f(2))
2014-06-09 16:22:11.439925 7f869af78700 5 -- op tracker -- , seq: 1631, time:
2014-06-09 16:22:11.027330, event: throttled, op: pg_info(1 pgs e243:3.31f(2))
2014-06-09 16:22:11.439931 7f869af78700 5 -- op tracker -- , seq: 1631, time:
2014-06-09 16:22:11.027343, event: all_read, op: pg_info(1 pgs e243:3.31f(2))
2014-06-09 16:22:11.439937 7f869af78700 5 -- op tracker -- , seq: 1631, time:
2014-06-09 16:22:11.439910, event: dispatched, op: pg_info(1 pgs e243:3.31f(2))
2014-06-09 16:22:11.439943 7f869af78700 5 -- op tracker -- , seq: 1631, time:
2014-06-09 16:22:11.439942, event: waiting_for_osdmap, op: pg_info(1 pgs e243:3.31f(2))
2014-06-09 16:22:11.439948 7f869af78700 7 osd.26 243 handle_pg_info pg_info(1 pgs e243:3.31f(2)) v4 from osd.6
2014-06-09 16:22:11.439951 7f869af78700 15 osd.26 243 require_same_or_newer_map 243 (i am 243) 0xbe9cc40
2014-06-09 16:22:11.439956 7f869af78700 5 -- op tracker -- , seq: 1631, time:
2014-06-09 16:22:11.439954, event: started, op: pg_info(1 pgs e243:3.31f(2))
2014-06-09 16:22:11.439975 7f869af78700 5 -- op tracker -- , seq: 1631, time:
2014-06-09 16:22:11.439972, event: done, op: pg_info(1 pgs e243:3.31f(2))
2014-06-09 16:22:11.439983 7f869af78700 10 osd.26 243 do_waiters -- start
2014-06-09 16:22:11.439985 7f869af78700 10 osd.26 243 do_waiters -- finish
2014-06-09 16:22:11.439998 7f869af78700 10 osd.26 243 do_waiters -- start
2014-06-09 16:22:11.440000 7f869af78700 10 osd.26 243 do_waiters -- finish
2014-06-09 16:22:11.440001 7f869af78700 20 osd.26 243 _dispatch 0x2ea5a380 pg_notify(0.6e(21) epoch 243) v5
2014-06-09 16:22:11.440006 7f869af78700 5 -- op tracker -- , seq: 1632, time:
2014-06-09 16:22:11.052227, event: header_read, op: pg_notify(0.6e(21) epoch 243)
2014-06-09 16:22:11.440013 7f869af78700 5 -- op tracker -- , seq: 1632, time:
2014-06-09 16:22:11.052228, event: throttled, op: pg_notify(0.6e(21) epoch 243)
2014-06-09 16:22:11.440019 7f869af78700 5 -- op tracker -- , seq: 1632, time:
2014-06-09 16:22:11.052249, event: all_read, op: pg_notify(0.6e(21) epoch 243)
2014-06-09 16:22:11.440026 7f869af78700 5 -- op tracker -- , seq: 1632, time:
2014-06-09 16:22:11.439998, event: dispatched, op: pg_notify(0.6e(21) epoch 243)
2014-06-09 16:22:11.440032 7f869af78700 5 -- op tracker -- , seq: 1632, time:
2014-06-09 16:22:11.440030, event: waiting_for_osdmap, op: pg_notify(0.6e(21) epoch 243)
2014-06-09 16:22:11.440036 7f869af78700 7 osd.26 243 handle_pg_notify from osd.0
2014-06-09 16:22:11.440038 7f869af78700 15 osd.26 243 require_same_or_newer_map 243 (i am 243) 0x2ea5a380
2014-06-09 16:22:11.440043 7f869af78700 5 -- op tracker -- , seq: 1632, time:
2014-06-09 16:22:11.440041, event: started, op: pg_notify(0.6e(21) epoch 243)
2014-06-09 16:22:11.440062 7f869af78700 5 -- op tracker -- , seq: 1632, time:
2014-06-09 16:22:11.440060, event: done, op: pg_notify(0.6e(21) epoch 243)
2014-06-09 16:22:11.440070 7f869af78700 10 osd.26 243 do_waiters -- start
2014-06-09 16:22:11.440072 7f869af78700 10 osd.26 243 do_waiters -- finish
2014-06-09 16:22:11.440089 7f869af78700 10 osd.26 243 do_waiters -- start
2014-06-09 16:22:11.440090 7f869af78700 10 osd.26 243 do_waiters -- finish
2014-06-09 16:22:11.440091 7f869af78700 20 osd.26 243 _dispatch 0x304dcc00 pg_log(0.5b0 epoch 243 log log((0'0,0'0], crt=0'0) query_epoch 243) v4
2014-06-09 16:22:11.440097 7f869af78700 5 -- op tracker -- , seq: 1633, time:
2014-06-09 16:22:11.090338, event: header_read, op: pg_log(0.5b0 epoch 243 log log((0'0,0'0], crt=0'0) query_epoch 243)
2014-06-09 16:22:11.440105 7f869af78700 5 -- op tracker -- , seq: 1633, time:
2014-06-09 16:22:11.090339, event: throttled, op: pg_log(0.5b0 epoch 243 log log((0'0,0'0], crt=0'0) query_epoch 243)
2014-06-09 16:22:11.440111 7f869af78700 5 -- op tracker -- , seq: 1633, time:
2014-06-09 16:22:11.090352, event: all_read, op: pg_log(0.5b0 epoch 243 log log((0'0,0'0], crt=0'0) query_epoch 243)
2014-06-09 16:22:11.440118 7f869af78700 5 -- op tracker -- , seq: 1633, time:
2014-06-09 16:22:11.440089, event: dispatched, op: pg_log(0.5b0 epoch 243 log log((0'0,0'0], crt=0'0) query_epoch 243)
2014-06-09 16:22:11.440125 7f869af78700 5 -- op tracker -- , seq: 1633, time:
2014-06-09 16:22:11.440122, event: waiting_for_osdmap, op: pg_log(0.5b0 epoch 243 log log((0'0,0'0], crt=0'0) query_epoch 243)
2014-06-09 16:22:11.440129 7f869af78700 7 osd.26 243 handle_pg_log pg_log(0.5b0 epoch 243 log log((0'0,0'0], crt=0'0) query_epoch 243) v4 from osd.5
2014-06-09 16:22:11.440133 7f869af78700 15 osd.26 243 require_same_or_newer_map 243 (i am 243) 0x304dcc00
2014-06-09 16:22:11.440138 7f869af78700 5 -- op tracker -- , seq: 1633, time:
2014-06-09 16:22:11.440136, event: started, op: pg_log(0.5b0 epoch 243 log log((0'0,0'0], crt=0'0) query_epoch 243)
2014-06-09 16:22:11.440151 7f869af78700 5 -- op tracker -- , seq: 1633, time:
2014-06-09 16:22:11.440149, event: done, op: pg_log(0.5b0 epoch 243 log log((0'0,0'0], crt=0'0) query_epoch 243)
2014-06-09 16:22:11.440376 7f8691f66700 12 OSD::op_tp worker wq OSD::PeeringWQ start processing 0xb7f0220 (15 active)
2014-06-09 16:22:11.440384 7f8691f66700 10 osd.26 pg_epoch: 243 pg[2.342( empty local-les=243 n=0 ec=1 les/c 213/213 242/242/242) [26,9] r=0 lpr=242 pi=212-241/2 crt=0'0 mlcod 0'0 inactive] handle_peering_event: epoch_sent: 243 epoch_requested: 243 MNotifyRec from 9 notify: (query_epoch:243, epoch_sent:243, info:2.342( empty local-les=213 n=0 ec=1 les/c 213/213 242/242/242))
2014-06-09 16:22:11.440400 7f8691f66700 10 osd.26 pg_epoch: 243 pg[2.342( empty local-les=243 n=0 ec=1 les/c 213/213 242/242/242) [26,9] r=0 lpr=242 pi=212-241/2 crt=0'0 mlcod 0'0 inactive] state: Active: got notify from 9, already have info from that osd, ignoring
2014-06-09 16:22:11.440411 7f8691f66700 10 log is not dirty
2014-06-09 16:22:11.440416 7f8691f66700 10 osd.26 pg_epoch: 243 pg[0.33f( empty local-les=212 n=0 ec=1 les/c 212/212 242/242/211) [8,26] r=1 lpr=242 pi=1-241/24 crt=0'0 inactive NOTIFY] handle_peering_event: epoch_sent: 243 epoch_requested: 243 MLogRec from 8
2014-06-09 16:22:11.440426 7f8691f66700 10 osd.26 pg_epoch: 243 pg[0.33f( empty local-les=212 n=0 ec=1 les/c 212/212 242/242/211) [8,26] r=1 lpr=242 pi=1-241/24 crt=0'0 inactive NOTIFY] state: got info+log from osd.8 0.33f( empty local-les=243 n=0 ec=1 les/c 212/212 242/242/211) log((0'0,0'0], crt=0'0)
2014-06-09 16:22:11.440437 7f8691f66700 10 merge_log log((0'0,0'0], crt=0'0) from osd.8 into log((0'0,0'0], crt=0'0)
2014-06-09 16:22:11.440441 7f8691f66700 10 merge_log result log((0'0,0'0], crt=0'0) missing(0) changed=0
2014-06-09 16:22:11.440444 7f8691f66700 5 osd.26 pg_epoch: 243 pg[0.33f( empty local-les=212 n=0 ec=1 les/c 212/212 242/242/211) [8,26] r=1 lpr=242 pi=1-241/24 crt=0'0 inactive NOTIFY] exit Started/Stray 1.124131 7 0.000239
2014-06-09 16:22:11.440455 7f8691f66700 5 osd.26 pg_epoch: 243 pg[0.33f( empty local-les=212 n=0 ec=1 les/c 212/212 242/242/211) [8,26] r=1 lpr=242 pi=1-241/24 crt=0'0 inactive NOTIFY] enter Started/ReplicaActive
2014-06-09 16:22:11.440466 7f8691f66700 5 osd.26 pg_epoch: 243 pg[0.33f( empty local-les=212 n=0 ec=1 les/c 212/212 242/242/211) [8,26] r=1 lpr=242 pi=1-241/24 crt=0'0 inactive NOTIFY] enter Started/ReplicaActive/RepNotRecovering
2014-06-09 16:22:11.440475 7f8691f66700 10 osd.26 pg_epoch: 243 pg[0.33f( empty local-les=212 n=0 ec=1 les/c 212/212 242/242/211) [8,26] r=1 lpr=242 pi=1-241/24 crt=0'0 inactive NOTIFY] state: In ReplicaActive, about to call activate
2014-06-09 16:22:11.440484 7f8691f66700 10 osd.26 pg_epoch: 243 pg[0.33f( empty local-les=243 n=0 ec=1 les/c 212/212 242/242/211) [8,26] r=1 lpr=242 pi=1-241/24 crt=0'0 inactive] activate - no missing, moving last_complete 0'0 -> 0'0
2014-06-09 16:22:11.440492 7f8691f66700 10 osd.26 pg_epoch: 243 pg[0.33f( empty local-les=243 n=0 ec=1 les/c 212/212 242/242/211) [8,26] r=1 lpr=242 pi=1-241/24 crt=0'0 inactive] state: Activate Finished
2014-06-09 16:22:11.440548 7f8691f66700 10 log is not dirty
2014-06-09 16:22:11.440553 7f8691f66700 5 queue_transactions existing osr(0.33f 0x2bd7060)/0x2bd7060
2014-06-09 16:22:11.440597 7f868e75f700 20 OSD::op_tp worker waiting
2014-06-09 16:22:11.440611 7f868b759700 5 -- op tracker -- , seq: 367, time:
2014-06-09 16:22:11.439654, event: reached_pg, op: osd_op(client.4570.0:33860 rbd_data.117a6b8b4567.00000000000016c5 [set-alloc-hint object_size 4194304 write_size 4194304,write 2236416~516096] 3.2b068cb3 RETRY=3 ack+ondisk+retry+write e242)
2014-06-09 16:22:11.440622 7f868b759700 20 osd.26 pg_epoch: 243 pg[3.4b3( v 213'517 (0'0,213'517] local-les=243 n=98 ec=118 les/c 191/191 242/242/242) [26,2] r=0 lpr=242 pi=190-241/4 crt=0'0 lcod 0'0 mlcod 0'0 inactive] op_has_sufficient_caps pool=3 (ceph ) owner=0 need_read_cap=0 need_write_cap=1 need_class_read_cap=0 need_class_write_cap=0 -> yes
2014-06-09 16:22:11.440637 7f868b759700 10 osd.26 pg_epoch: 243 pg[3.4b3( v 213'517 (0'0,213'517] local-les=243 n=98 ec=118 les/c 191/191 242/242/242) [26,2] r=0 lpr=242 pi=190-241/4 crt=0'0 lcod 0'0 mlcod 0'0 inactive] can_handle_while_inactive: 0x1b0d6400
2014-06-09 16:22:11.440647 7f868b759700 10 osd.26 243 dequeue_op 0x1b0d6400 finish
2014-06-09 16:22:11.440654 7f868b759700 15 OSD::op_tp worker wq OSD::OpWQ done processing 0x1 (14 active)
2014-06-09 16:22:11.440657 7f868b759700 20 OSD::op_tp worker waiting
2014-06-09 16:22:11.440663 7f868df5e700 20 OSD::op_tp worker waiting
2014-06-09 16:22:11.440667 7f868f761700 20 OSD::op_tp worker waiting
2014-06-09 16:22:11.440679 7f8689f56700 5 -- op tracker -- , seq: 475, time:
2014-06-09 16:22:11.425156, event: reached_pg, op: osd_op(client.4574.0:31826 rbd_data.117e6b8b4567.00000000000014d4 [set-alloc-hint object_size 4194304 write_size 4194304,write 1335296~516096] 3.e0fbd3b4 RETRY=3 ack+ondisk+retry+write e242)
2014-06-09 16:22:11.440688 7f8689f56700 20 osd.26 pg_epoch: 243 pg[3.3b4( v 214'677 lc 214'675 (0'0,214'677] local-les=243 n=133 ec=118 les/c 212/212 242/242/242) [26,8] r=0 lpr=242 pi=211-241/2 crt=214'677 lcod 0'0 mlcod 0'0 inactive m=2] op_has_sufficient_caps pool=3 (ceph ) owner=0 need_read_cap=0 need_write_cap=1 need_class_read_cap=0 need_class_write_cap=0 -> yes
2014-06-09 16:22:11.440706 7f8689f56700 10 osd.26 pg_epoch: 243 pg[3.3b4( v 214'677 lc 214'675 (0'0,214'677] local-les=243 n=133 ec=118 les/c 212/212 242/242/242) [26,8] r=0 lpr=242 pi=211-241/2 crt=214'677 lcod 0'0 mlcod 0'0 inactive m=2] can_handle_while_inactive: 0x1c54be00
2014-06-09 16:22:11.440717 7f8689f56700 10 osd.26 243 dequeue_op 0x1c54be00 finish
2014-06-09 16:22:11.440724 7f8689f56700 15 OSD::op_tp worker wq OSD::OpWQ done processing 0x1 (13 active)
2014-06-09 16:22:11.440727 7f8689f56700 20 OSD::op_tp worker waiting
2014-06-09 16:22:11.440734 7f868bf5a700 10 osd.26 243 dequeue_op 0x13023700 prio 63 cost 557056 latency 1.152071 osd_op(client.4568.0:34999 rbd_data.11786b8b4567.00000000000016ec [set-alloc-hint object_size 4194304 write_size 4194304,write 3637248~557056] 3.d869c3b4 RETRY=3 ack+ondisk+retry+write e242) v4 pg pg[3.3b4( v 214'677 lc 214'675 (0'0,214'677] local-les=243 n=133 ec=118 les/c 212/212 242/242/242) [26,8] r=0 lpr=242 pi=211-241/2 crt=214'677 lcod 0'0 mlcod 0'0 inactive m=2]
2014-06-09 16:22:11.440760 7f868bf5a700 5 -- op tracker -- , seq: 209, time:
2014-06-09 16:22:11.440754, event: reached_pg, op: osd_op(client.4568.0:34999 rbd_data.11786b8b4567.00000000000016ec [set-alloc-hint object_size 4194304 write_size 4194304,write 3637248~557056] 3.d869c3b4 RETRY=3 ack+ondisk+retry+write e242)
2014-06-09 16:22:11.440768 7f868bf5a700 20 osd.26 pg_epoch: 243 pg[3.3b4( v 214'677 lc 214'675 (0'0,214'677] local-les=243 n=133 ec=118 les/c 212/212 242/242/242) [26,8] r=0 lpr=242 pi=211-241/2 crt=214'677 lcod 0'0 mlcod 0'0 inactive m=2] op_has_sufficient_caps pool=3 (ceph ) owner=0 need_read_cap=0 need_write_cap=1 need_class_read_cap=0 need_class_write_cap=0 -> yes
2014-06-09 16:22:11.440782 7f868bf5a700 10 osd.26 pg_epoch: 243 pg[3.3b4( v 214'677 lc 214'675 (0'0,214'677] local-les=243 n=133 ec=118 les/c 212/212 242/242/242) [26,8] r=0 lpr=242 pi=211-241/2 crt=214'677 lcod 0'0 mlcod 0'0 inactive m=2] can_handle_while_inactive: 0x13023700
2014-06-09 16:22:11.440793 7f868bf5a700 10 osd.26 243 dequeue_op 0x13023700 finish
2014-06-09 16:22:11.440799 7f868bf5a700 15 OSD::op_tp worker wq OSD::OpWQ done processing 0x1 (12 active)
2014-06-09 16:22:11.440802 7f868bf5a700 20 OSD::op_tp worker waiting
2014-06-09 16:22:11.440808 7f868af58700 10 osd.26 243 dequeue_op 0xe2ac600 prio 63 cost 516096 latency 0.986363 osd_op(client.4569.0:38603 rbd_data.11796b8b4567.0000000000001aa5 [set-alloc-hint object_size 4194304 write_size 4194304,write 1998848~516096] 3.bc70b3b4 RETRY=3 ack+ondisk+retry+write e242) v4 pg pg[3.3b4( v 214'677 lc 214'675 (0'0,214'677] local-les=243 n=133 ec=118 les/c 212/212 242/242/242) [26,8] r=0 lpr=242 pi=211-241/2 crt=214'677 lcod 0'0 mlcod 0'0 inactive m=2]
2014-06-09 16:22:11.440832 7f868af58700 5 -- op tracker -- , seq: 377, time:
2014-06-09 16:22:11.440826, event: reached_pg, op: osd_op(client.4569.0:38603 rbd_data.11796b8b4567.0000000000001aa5 [set-alloc-hint object_size 4194304 write_size 4194304,write 1998848~516096] 3.bc70b3b4 RETRY=3 ack+ondisk+retry+write e242)
2014-06-09 16:22:11.440839 7f868af58700 20 osd.26 pg_epoch: 243 pg[3.3b4( v 214'677 lc 214'675 (0'0,214'677] local-les=243 n=133 ec=118 les/c 212/212 242/242/242) [26,8] r=0 lpr=242 pi=211-241/2 crt=214'677 lcod 0'0 mlcod 0'0 inactive m=2] op_has_sufficient_caps pool=3 (ceph ) owner=0 need_read_cap=0 need_write_cap=1 need_class_read_cap=0 need_class_write_cap=0 -> yes
2014-06-09 16:22:11.440853 7f868af58700 10 osd.26 pg_epoch: 243 pg[3.3b4( v 214'677 lc 214'675 (0'0,214'677] local-les=243 n=133 ec=118 les/c 212/212 242/242/242) [26,8] r=0 lpr=242 pi=211-241/2 crt=214'677 lcod 0'0 mlcod 0'0 inactive m=2] can_handle_while_inactive: 0xe2ac600
2014-06-09 16:22:11.440864 7f868af58700 10 osd.26 243 dequeue_op 0xe2ac600 finish
2014-06-09 16:22:11.440869 7f868af58700 15 OSD::op_tp worker wq OSD::OpWQ done processing 0x1 (11 active)
2014-06-09 16:22:11.440872 7f868af58700 20 OSD::op_tp worker waiting
2014-06-09 16:22:11.440879 7f8689755700 10 osd.26 243 dequeue_op 0x1c54bd00 prio 63 cost 516096 latency 0.913139 osd_op(client.4574.0:31827 rbd_data.117e6b8b4567.00000000000014d4 [set-alloc-hint object_size 4194304 write_size 4194304,write 1851392~516096] 3.e0fbd3b4 RETRY=3 ack+ondisk+retry+write e242) v4 pg pg[3.3b4( v 214'677 lc 214'675 (0'0,214'677] local-les=243 n=133 ec=118 les/c 212/212 242/242/242) [26,8] r=0 lpr=242 pi=211-241/2 crt=214'677 lcod 0'0 mlcod 0'0 inactive m=2]
2014-06-09 16:22:11.440903 7f8689755700 5 -- op tracker -- , seq: 476, time:
2014-06-09 16:22:11.440897, event: reached_pg, op: osd_op(client.4574.0:31827 rbd_data.117e6b8b4567.00000000000014d4 [set-alloc-hint object_size 4194304 write_size 4194304,write 1851392~516096] 3.e0fbd3b4 RETRY=3 ack+ondisk+retry+write e242)
2014-06-09 16:22:11.440910 7f8689755700 20 osd.26 pg_epoch: 243 pg[3.3b4( v 214'677 lc 214'675 (0'0,214'677] local-les=243 n=133 ec=118 les/c 212/212 242/242/242) [26,8] r=0 lpr=242 pi=211-241/2 crt=214'677 lcod 0'0 mlcod 0'0 inactive m=2] op_has_sufficient_caps pool=3 (ceph ) owner=0 need_read_cap=0 need_write_cap=1 need_class_read_cap=0 need_class_write_cap=0 -> yes
2014-06-09 16:22:11.440924 7f8689755700 10 osd.26 pg_epoch: 243 pg[3.3b4( v 214'677 lc 214'675 (0'0,214'677] local-les=243 n=133 ec=118 les/c 212/212 242/242/242) [26,8] r=0 lpr=242 pi=211-241/2 crt=214'677 lcod 0'0 mlcod 0'0 inactive m=2] can_handle_while_inactive: 0x1c54bd00
2014-06-09 16:22:11.440935 7f8689755700 10 osd.26 243 dequeue_op 0x1c54bd00 finish
2014-06-09 16:22:11.440941 7f8689755700 15 OSD::op_tp worker wq OSD::OpWQ done processing 0x1 (10 active)
2014-06-09 16:22:11.440944 7f8689755700 20 OSD::op_tp worker waiting
2014-06-09 16:22:11.440951 7f868c75b700 10 osd.26 243 dequeue_op 0x1c54bc00 prio 63 cost 1679360 latency 0.985737 osd_op(client.4569.0:38604 rbd_data.11796b8b4567.0000000000001aa5 [set-alloc-hint object_size 4194304 write_size 4194304,write 2514944~1679360] 3.bc70b3b4 RETRY=3 ack+ondisk+retry+write e242) v4 pg pg[3.3b4( v 214'677 lc 214'675 (0'0,214'677] local-les=243 n=133 ec=118 les/c 212/212 242/242/242) [26,8] r=0 lpr=242 pi=211-241/2 crt=214'677 lcod 0'0 mlcod 0'0 inactive m=2]
2014-06-09 16:22:11.440974 7f868c75b700 5 -- op tracker -- , seq: 404, time:
2014-06-09 16:22:11.440969, event: reached_pg, op: osd_op(client.4569.0:38604 rbd_data.11796b8b4567.0000000000001aa5 [set-alloc-hint object_size 4194304 write_size 4194304,write 2514944~1679360] 3.bc70b3b4 RETRY=3 ack+ondisk+retry+write e242)
2014-06-09 16:22:11.440981 7f868c75b700 20 osd.26 pg_epoch: 243 pg[3.3b4( v 214'677 lc 214'675 (0'0,214'677] local-les=243 n=133 ec=118 les/c 212/212 242/242/242) [26,8] r=0 lpr=242 pi=211-241/2 crt=214'677 lcod 0'0 mlcod 0'0 inactive m=2] op_has_sufficient_caps pool=3 (ceph ) owner=0 need_read_cap=0 need_write_cap=1 need_class_read_cap=0 need_class_write_cap=0 -> yes
2014-06-09 16:22:11.440993 7f868c75b700 10 osd.26 pg_epoch: 243 pg[3.3b4( v 214'677 lc 214'675 (0'0,214'677] local-les=243 n=133 ec=118 les/c 212/212 242/242/242) [26,8] r=0 lpr=242 pi=211-241/2 crt=214'677 lcod 0'0 mlcod 0'0 inactive m=2] can_handle_while_inactive: 0x1c54bc00
2014-06-09 16:22:11.441005 7f868c75b700 10 osd.26 243 dequeue_op 0x1c54bc00 finish
2014-06-09 16:22:11.441011 7f868c75b700 15 OSD::op_tp worker wq OSD::OpWQ done processing 0x1 (9 active)
2014-06-09 16:22:11.441014 7f868c75b700 20 OSD::op_tp worker waiting
2014-06-09 16:22:11.441023 7f869af78700 10 osd.26 243 do_waiters -- start
2014-06-09 16:22:11.441025 7f869af78700 10 osd.26 243 do_waiters -- finish
2014-06-09 16:22:11.441038 7f869af78700 10 osd.26 243 do_waiters -- start
2014-06-09 16:22:11.441039 7f869af78700 10 osd.26 243 do_waiters -- finish
2014-06-09 16:22:11.441040 7f869af78700 20 osd.26 243 _dispatch 0x1405d500 pg_notify(0.1f1(25) epoch 242) v5
2014-06-09 16:22:11.441045 7f869af78700 5 -- op tracker -- , seq: 1634, time:
2014-06-09 16:22:10.942025, event: header_read, op: pg_notify(0.1f1(25) epoch 242)
2014-06-09 16:22:11.441053 7f869af78700 5 -- op tracker -- , seq: 1634, time:
2014-06-09 16:22:10.942025, event: throttled, op: pg_notify(0.1f1(25) epoch 242)
2014-06-09 16:22:11.441059 7f869af78700 5 -- op tracker -- , seq: 1634, time:
2014-06-09 16:22:10.942047, event: all_read, op: pg_notify(0.1f1(25) epoch 242)
2014-06-09 16:22:11.441065 7f869af78700 5 -- op tracker -- , seq: 1634, time:
2014-06-09 16:22:11.441037, event: dispatched, op: pg_notify(0.1f1(25) epoch 242)
2014-06-09 16:22:11.441071 7f869af78700 5 -- op tracker -- , seq: 1634, time:
2014-06-09 16:22:11.441069, event: waiting_for_osdmap, op: pg_notify(0.1f1(25) epoch 242)
2014-06-09 16:22:11.441076 7f869af78700 7 osd.26 243 handle_pg_notify from osd.2
2014-06-09 16:22:11.441078 7f869af78700 15 osd.26 243 require_same_or_newer_map 242 (i am 243) 0x1405d500
2014-06-09 16:22:11.441083 7f869af78700 5 -- op tracker -- , seq: 1634, time:
2014-06-09 16:22:11.441081, event: started, op: pg_notify(0.1f1(25) epoch 242)
2014-06-09 16:22:11.441102 7f869af78700 5 -- op tracker -- , seq: 1634, time:
2014-06-09 16:22:11.441100, event: done, op: pg_notify(0.1f1(25) epoch 242)
2014-06-09 16:22:11.441111 7f869af78700 10 osd.26 243 do_waiters -- start
2014-06-09 16:22:11.441113 7f869af78700 10 osd.26 243 do_waiters -- finish
2014-06-09 16:22:11.441133 7f869af78700 10 osd.26 243 do_waiters -- start
2014-06-09 16:22:11.441134 7f869af78700 10 osd.26 243 do_waiters -- finish
2014-06-09 16:22:11.441135 7f869af78700 20 osd.26 243 _dispatch 0x230bb500 pg_notify(3.424(10) epoch 242) v5
2014-06-09 16:22:11.441140 7f869af78700 5 -- op tracker -- , seq: 1635, time:
2014-06-09 16:22:10.886287, event: header_read, op: pg_notify(3.424(10) epoch 242)
2014-06-09 16:22:11.441147 7f869af78700 5 -- op tracker -- , seq: 1635, time:
2014-06-09 16:22:10.886288, event: throttled, op: pg_notify(3.424(10) epoch 242)
2014-06-09 16:22:11.441153 7f869af78700 5 -- op tracker -- , seq: 1635, time:
2014-06-09 16:22:10.886314, event: all_read, op: pg_notify(3.424(10) epoch 242)
2014-06-09 16:22:11.441159 7f869af78700 5 -- op tracker -- , seq: 1635, time:
2014-06-09 16:22:11.441132, event: dispatched, op: pg_notify(3.424(10) epoch 242)
2014-06-09 16:22:11.441165 7f869af78700 5 -- op tracker -- , seq: 1635, time:
2014-06-09 16:22:11.441163, event: waiting_for_osdmap, op: pg_notify(3.424(10) epoch 242)
2014-06-09 16:22:11.441169 7f869af78700 7 osd.26 243 handle_pg_notify from osd.4
2014-06-09 16:22:11.441171 7f869af78700 15 osd.26 243 require_same_or_newer_map 242 (i am 243) 0x230bb500
2014-06-09 16:22:11.441176 7f869af78700 5 -- op tracker -- , seq: 1635, time:
2014-06-09 16:22:11.441174, event: started, op: pg_notify(3.424(10) epoch 242)
2014-06-09 16:22:11.441195 7f869af78700 5 -- op tracker -- , seq: 1635, time:
2014-06-09 16:22:11.441193, event: done, op: pg_notify(3.424(10) epoch 242)
2014-06-09 16:22:11.441204 7f869af78700 10 osd.26 243 do_waiters -- start
2014-06-09 16:22:11.441206 7f869af78700 10 osd.26 243 do_waiters -- finish
2014-06-09 16:22:11.441221 7f869af78700 10 osd.26 243 do_waiters -- start
2014-06-09 16:22:11.441223 7f869af78700 10 osd.26 243 do_waiters -- finish
2014-06-09 16:22:11.441224 7f869af78700 20 osd.26 243 _dispatch 0x19eb9dc0 pg_notify(3.2c0(10) epoch 243) v5
