2014-06-09 16:22:11.347913 7f86a4e0f700 10 finisher(0x2c10388) finisher_thread doing [0x306cf660,0x3061fbc0,0xc169ac0,0x30508360,0x19940600,0x13964aa0]
2014-06-09 16:22:11.351946 7f86a5610700 10 _finish_op 0x308cbd40 seq 3071 osr(1.75b 0x2ed0010)/0x2ed0010
2014-06-09 16:22:11.351949 7f86a5610700 15 KeyValueStore::op_tp worker wq KeyValueStore::OpWQ done processing 0xc6fd9e0 (1 active)
2014-06-09 16:22:11.351943 7f868d75d700 10 osd.26 pg_epoch: 243 pg[3.4d1( v 213'606 (0'0,213'606] local-les=243 n=120 ec=118 les/c 201/201 242/242/242) [26,3] r=0 lpr=242 pi=200-241/2 crt=0'0 lcod 0'0 mlcod 0'0 inactive] can_handle_while_inactive: 0x14052000
2014-06-09 16:22:11.351952 7f868d75d700 10 osd.26 243 dequeue_op 0x14052000 finish
2014-06-09 16:22:11.351955 7f86a5610700 12 KeyValueStore::op_tp worker wq KeyValueStore::OpWQ start processing 0x383e6c0 (2 active)
2014-06-09 16:22:11.351958 7f86a5610700 5 _do_op 0x2fc8c120 seq 3072 osr(1.4db 0x384d850)/0x384d850 start
2014-06-09 16:22:11.351948 7f86a4e0f700 10 osd.26 pg_epoch: 243 pg[2.75d( empty local-les=243 n=0 ec=1 les/c 201/201 242/242/242) [26,3] r=0 lpr=242 pi=200-241/2 crt=0'0 mlcod 0'0 inactive] _activate_committed 243 peer_activated now 26 last_epoch_started 201 same_interval_since 242
2014-06-09 16:22:11.351960 7f86a5610700 10 _do_transaction on 0xc05a780
2014-06-09 16:22:11.351966 7f86a5610700 15 _omap_setkeys meta/16ef7597/infos/head//-1
2014-06-09 16:22:11.351961 7f86a4e0f700 10 osd.26 pg_epoch: 243 pg[2.75d( empty local-les=243 n=0 ec=1 les/c 201/201 242/242/242) [26,3] r=0 lpr=242 pi=200-241/2 crt=0'0 mlcod 0'0 inactive] flushed
2014-06-09 16:22:11.351960 7f868bf5a700 10 osd.26 243 dequeue_op 0x14053300 prio 63 cost 1032192 latency 1.172308 osd_op(client.4574.0:31682 rbd_data.117e6b8b4567.00000000000014b9 [set-alloc-hint object_size 4194304 write_size 4194304,write 1548288~1032192] 3.3046a4d1 RETRY=3 ack+ondisk+retry+write e242) v4 pg pg[3.4d1( v 213'606 (0'0,213'606] local-les=243 n=120 ec=118 les/c 201/201 242/242/242) [26,3] r=0 lpr=242 pi=200-241/2 crt=0'0 lcod 0'0 mlcod 0'0 inactive]
2014-06-09 16:22:11.351978 7f86a460e700 10 finisher(0x2c100f8) finisher_thread doing [0xc6e8700]
2014-06-09 16:22:11.351979 7f8689755700 5 -- op tracker -- , seq: 364, time:
2014-06-09 16:22:11.351860, event: reached_pg, op: osd_op(client.4568.0:35128 rbd_data.11786b8b4567.0000000000001709 [set-alloc-hint object_size 4194304 write_size 4194304,write 450560~2580480] 3.5f5b89f4 RETRY=3 ack+ondisk+retry+write e242)
2014-06-09 16:22:11.351984 7f86a460e700 10 finisher(0x2c100f8) finisher_thread done with [0xc6e8700]
2014-06-09 16:22:11.351986 7f86a460e700 10 finisher(0x2c100f8) finisher_thread empty
2014-06-09 16:22:11.351987 7f86a460e700 10 finisher(0x2c100f8) finisher_thread sleeping
2014-06-09 16:22:11.351989 7f8689755700 20 osd.26 pg_epoch: 243 pg[3.1f4( v 213'599 (0'0,213'599] local-les=243 n=118 ec=118 les/c 208/208 242/242/242) [26,6] r=0 lpr=242 pi=207-241/2 crt=0'0 lcod 0'0 mlcod 0'0 inactive] op_has_sufficient_caps pool=3 (ceph ) owner=0 need_read_cap=0 need_write_cap=1 need_class_read_cap=0 need_class_write_cap=0 -> yes
2014-06-09 16:22:11.351999 7f86a5610700 10 lookup_strip_header done cid meta oid 16ef7597/infos/head//-1
2014-06-09 16:22:11.351995 7f868bf5a700 5 -- op tracker -- , seq: 176, time:
2014-06-09 16:22:11.351975, event: reached_pg, op: osd_op(client.4574.0:31682 rbd_data.117e6b8b4567.00000000000014b9 [set-alloc-hint object_size 4194304 write_size 4194304,write 1548288~1032192] 3.3046a4d1 RETRY=3 ack+ondisk+retry+write e242)
2014-06-09 16:22:11.352001 7f8689755700 10 osd.26 pg_epoch: 243 pg[3.1f4( v 213'599 (0'0,213'599] local-les=243 n=118 ec=118 les/c 208/208 242/242/242) [26,6] r=0 lpr=242 pi=207-241/2 crt=0'0 lcod 0'0 mlcod 0'0 inactive] can_handle_while_inactive: 0x16bd6d00
2014-06-09 16:22:11.352010 7f8689755700 10 osd.26 243 dequeue_op 0x16bd6d00 finish
2014-06-09 16:22:11.352003 7f868bf5a700 20 osd.26 pg_epoch: 243 pg[3.4d1( v 213'606 (0'0,213'606] local-les=243 n=120 ec=118 les/c 201/201 242/242/242) [26,3] r=0 lpr=242 pi=200-241/2 crt=0'0 lcod 0'0 mlcod 0'0 inactive] op_has_sufficient_caps pool=3 (ceph ) owner=0 need_read_cap=0 need_write_cap=1 need_class_read_cap=0 need_class_write_cap=0 -> yes
2014-06-09 16:22:11.352016 7f86a5610700 10 cid: oid: 16ef7597/infos/head//-1 skipping op, spos 3072.0.0 <= header.spos 150443.0.0
2014-06-09 16:22:11.352019 7f86a5610700 5 submit_transaction r = 0
2014-06-09 16:22:11.352016 7f868bf5a700 10 osd.26 pg_epoch: 243 pg[3.4d1( v 213'606 (0'0,213'606] local-les=243 n=120 ec=118 les/c 201/201 242/242/242) [26,3] r=0 lpr=242 pi=200-241/2 crt=0'0 lcod 0'0 mlcod 0'0 inactive] can_handle_while_inactive: 0x14053300
2014-06-09 16:22:11.352025 7f868bf5a700 10 osd.26 243 dequeue_op 0x14053300 finish
2014-06-09 16:22:11.352018 7f868f761700 10 osd.26 243 dequeue_op 0x21967800 prio 63 cost 516096 latency 0.633653 osd_op(client.4567.0:35176 rbd_data.11776b8b4567.00000000000017b9 [set-alloc-hint object_size 4194304 write_size 4194304,write 630784~516096] 3.6498b9f4 RETRY=3 ack+ondisk+retry+write e242) v4 pg pg[3.1f4( v 213'599 (0'0,213'599] local-les=243 n=118 ec=118 les/c 208/208 242/242/242) [26,6] r=0 lpr=242 pi=207-241/2 crt=0'0 lcod 0'0 mlcod 0'0 inactive]
2014-06-09 16:22:11.352038 7f86a5610700 10 _do_op 0x2fc8c120 seq 3072 r = 0, finisher 0xc6e9340 0
2014-06-09 16:22:11.352038 7f868f761700 5 -- op tracker -- , seq: 627, time:
2014-06-09 16:22:11.352033, event: reached_pg, op: osd_op(client.4567.0:35176 rbd_data.11776b8b4567.00000000000017b9 [set-alloc-hint object_size 4194304 write_size 4194304,write 630784~516096] 3.6498b9f4 RETRY=3 ack+ondisk+retry+write e242)
2014-06-09 16:22:11.352044 7f86a5610700 10 _finish_op 0x2fc8c120 seq 3072 osr(1.4db 0x384d850)/0x384d850
2014-06-09 16:22:11.352045 7f86a460e700 10 finisher(0x2c100f8) finisher_thread doing [0xbd7b7c0]
2014-06-09 16:22:11.352048 7f86a460e700 10 finisher(0x2c100f8) finisher_thread done with [0xbd7b7c0]
2014-06-09 16:22:11.352047 7f86a5610700 15 KeyValueStore::op_tp worker wq KeyValueStore::OpWQ done processing 0x383e6c0 (1 active)
2014-06-09 16:22:11.352049 7f86a460e700 10 finisher(0x2c100f8) finisher_thread empty
2014-06-09 16:22:11.352049 7f86a5610700 12 KeyValueStore::op_tp worker wq KeyValueStore::OpWQ start processing 0x383fb00 (2 active)
2014-06-09 16:22:11.352050 7f86a460e700 10 finisher(0x2c100f8) finisher_thread sleeping
2014-06-09 16:22:11.352051 7f86a5610700 5 _do_op 0x30607bc0 seq 3073 osr(3.17 0x3ed03b0)/0x3ed03b0 start
2014-06-09 16:22:11.352054 7f86a5610700 10 _do_transaction on 0xc014b40
2014-06-09 16:22:11.352045 7f868f761700 20 osd.26 pg_epoch: 243 pg[3.1f4( v 213'599 (0'0,213'599] local-les=243 n=118 ec=118 les/c 208/208 242/242/242) [26,6] r=0 lpr=242 pi=207-241/2 crt=0'0 lcod 0'0 mlcod 0'0 inactive] op_has_sufficient_caps pool=3 (ceph ) owner=0 need_read_cap=0 need_write_cap=1 need_class_read_cap=0 need_class_write_cap=0 -> yes
2014-06-09 16:22:11.352034 7f868df5e700 10 osd.26 243 dequeue_op 0x306b200 prio 63 cost 516096 latency 1.405652 osd_op(client.4565.0:32566 rbd_data.11756b8b4567.0000000000001565 [set-alloc-hint object_size 4194304 write_size 4194304,write 450560~516096] 3.8b1e77c RETRY=3 ack+ondisk+retry+write e242) v4 pg pg[3.77c( v 213'558 (0'0,213'558] local-les=243 n=109 ec=118 les/c 210/210 242/242/242) [26,7] r=0 lpr=242 pi=209-241/2 crt=0'0 lcod 0'0 mlcod 0'0 inactive]
2014-06-09 16:22:11.352059 7f86a5610700 15 _omap_setkeys meta/16ef7597/infos/head//-1
2014-06-09 16:22:11.352057 7f868f761700 10 osd.26 pg_epoch: 243 pg[3.1f4( v 213'599 (0'0,213'599] local-les=243 n=118 ec=118 les/c 208/208 242/242/242) [26,6] r=0 lpr=242 pi=207-241/2 crt=0'0 lcod 0'0 mlcod 0'0 inactive] can_handle_while_inactive: 0x21967800
2014-06-09 16:22:11.352066 7f868f761700 10 osd.26 243 dequeue_op 0x21967800 finish
2014-06-09 16:22:11.352066 7f868df5e700 5 -- op tracker -- , seq: 14, time:
2014-06-09 16:22:11.352060, event: reached_pg, op: osd_op(client.4565.0:32566 rbd_data.11756b8b4567.0000000000001565 [set-alloc-hint object_size 4194304 write_size 4194304,write 450560~516096] 3.8b1e77c RETRY=3 ack+ondisk+retry+write e242)
2014-06-09 16:22:11.352073 7f868df5e700 20 osd.26 pg_epoch: 243 pg[3.77c( v 213'558 (0'0,213'558] local-les=243 n=109 ec=118 les/c 210/210 242/242/242) [26,7] r=0 lpr=242 pi=209-241/2 crt=0'0 lcod 0'0 mlcod 0'0 inactive] op_has_sufficient_caps pool=3 (ceph ) owner=0 need_read_cap=0 need_write_cap=1 need_class_read_cap=0 need_class_write_cap=0 -> yes
2014-06-09 16:22:11.352074 7f868c75b700 10 osd.26 243 dequeue_op 0x1c54ae00 prio 63 cost 516096 latency 0.908756 osd_op(client.4568.0:35129 rbd_data.11786b8b4567.0000000000001709 [set-alloc-hint object_size 4194304 write_size 4194304,write 3031040~516096] 3.5f5b89f4 RETRY=3 ack+ondisk+retry+write e242) v4 pg pg[3.1f4( v 213'599 (0'0,213'599] local-les=243 n=118 ec=118 les/c 208/208 242/242/242) [26,6] r=0 lpr=242 pi=207-241/2 crt=0'0 lcod 0'0 mlcod 0'0 inactive]
2014-06-09 16:22:11.352092 7f86a5610700 10 lookup_strip_header done cid meta oid 16ef7597/infos/head//-1
2014-06-09 16:22:11.352084 7f868df5e700 10 osd.26 pg_epoch: 243 pg[3.77c( v 213'558 (0'0,213'558] local-les=243 n=109 ec=118 les/c 210/210 242/242/242) [26,7] r=0 lpr=242 pi=209-241/2 crt=0'0 lcod 0'0 mlcod 0'0 inactive] can_handle_while_inactive: 0x306b200
2014-06-09 16:22:11.352095 7f868df5e700 10 osd.26 243 dequeue_op 0x306b200 finish
2014-06-09 16:22:11.352096 7f868c75b700 5 -- op tracker -- , seq: 368, time:
2014-06-09 16:22:11.352090, event: reached_pg, op: osd_op(client.4568.0:35129 rbd_data.11786b8b4567.0000000000001709 [set-alloc-hint object_size 4194304 write_size 4194304,write 3031040~516096] 3.5f5b89f4 RETRY=3 ack+ondisk+retry+write e242)
2014-06-09 16:22:11.352100 7f86a5e11700 10 _finish_op 0x308cbe00 seq 3049 osr(2.74b 0x3ed0110)/0x3ed0110
2014-06-09 16:22:11.352103 7f86a5e11700 15 KeyValueStore::op_tp worker wq KeyValueStore::OpWQ done processing 0xcac4ea0 (1 active)
2014-06-09 16:22:11.352105 7f86a5e11700 12 KeyValueStore::op_tp worker wq KeyValueStore::OpWQ start processing 0xc0fca20 (2 active)
2014-06-09 16:22:11.352108 7f86a5e11700 5 _do_op 0x308ca060 seq 3074 osr(3.308 0x3ed0da0)/0x3ed0da0 start
2014-06-09 16:22:11.352108 7f86a5610700 10 cid: oid: 16ef7597/infos/head//-1 skipping op, spos 3073.0.0 <= header.spos 150443.0.0
2014-06-09 16:22:11.352110 7f86a5e11700 10 _do_transaction on 0xc20b680
2014-06-09 16:22:11.352111 7f86a5610700 5 submit_transaction r = 0
2014-06-09 16:22:11.352103 7f868c75b700 20 osd.26 pg_epoch: 243 pg[3.1f4( v 213'599 (0'0,213'599] local-les=243 n=118 ec=118 les/c 208/208 242/242/242) [26,6] r=0 lpr=242 pi=207-241/2 crt=0'0 lcod 0'0 mlcod 0'0 inactive] op_has_sufficient_caps pool=3 (ceph ) owner=0 need_read_cap=0 need_write_cap=1 need_class_read_cap=0 need_class_write_cap=0 -> yes
2014-06-09 16:22:11.352116 7f86a5e11700 15 _omap_setkeys meta/16ef7597/infos/head//-1
2014-06-09 16:22:11.352114 7f868c75b700 10 osd.26 pg_epoch: 243 pg[3.1f4( v 213'599 (0'0,213'599] local-les=243 n=118 ec=118 les/c 208/208 242/242/242) [26,6] r=0 lpr=242 pi=207-241/2 crt=0'0 lcod 0'0 mlcod 0'0 inactive] can_handle_while_inactive: 0x1c54ae00
2014-06-09 16:22:11.352122 7f868c75b700 10 osd.26 243 dequeue_op 0x1c54ae00 finish
2014-06-09 16:22:11.347539 7f8691f66700 12 OSD::op_tp worker wq OSD::OpWQ start processing 0x1 (15 active)
2014-06-09 16:22:11.352131 7f868af58700 10 osd.26 243 dequeue_op 0x1c54ad00 prio 63 cost 647168 latency 0.907310 osd_op(client.4568.0:35130 rbd_data.11786b8b4567.0000000000001709 [set-alloc-hint object_size 4194304 write_size 4194304,write 3547136~647168] 3.5f5b89f4 RETRY=3 ack+ondisk+retry+write e242) v4 pg pg[3.1f4( v 213'599 (0'0,213'599] local-les=243 n=118 ec=118 les/c 208/208 242/242/242) [26,6] r=0 lpr=242 pi=207-241/2 crt=0'0 lcod 0'0 mlcod 0'0 inactive]
2014-06-09 16:22:11.352150 7f868af58700 5 -- op tracker -- , seq: 394, time:
2014-06-09 16:22:11.352145, event: reached_pg, op: osd_op(client.4568.0:35130 rbd_data.11786b8b4567.0000000000001709 [set-alloc-hint object_size 4194304 write_size 4194304,write 3547136~647168] 3.5f5b89f4 RETRY=3 ack+ondisk+retry+write e242)
2014-06-09 16:22:11.352140 7f8691f66700 10 osd.26 243 dequeue_op 0x270be200 prio 63 cost 516096 latency 0.533515 osd_op(client.4573.0:34235 rbd_data.117d6b8b4567.00000000000016db [set-alloc-hint object_size 4194304 write_size 4194304,write 450560~516096] 3.e3f48f50 RETRY=3 ack+ondisk+retry+write e242) v4 pg pg[3.750( v 214'518 (0'0,214'518] local-les=243 n=98 ec=118 les/c 212/213 242/242/242) [26,8] r=0 lpr=242 pi=211-241/2 crt=0'0 lcod 0'0 mlcod 0'0 inactive]
2014-06-09 16:22:11.352159 7f86a5610700 10 _do_op 0x30607bc0 seq 3073 r = 0, finisher 0x189aa0e0 0
2014-06-09 16:22:11.352164 7f86a5610700 10 _finish_op 0x30607bc0 seq 3073 osr(3.17 0x3ed03b0)/0x3ed03b0
2014-06-09 16:22:11.352156 7f868af58700 20 osd.26 pg_epoch: 243 pg[3.1f4( v 213'599 (0'0,213'599] local-les=243 n=118 ec=118 les/c 208/208 242/242/242) [26,6] r=0 lpr=242 pi=207-241/2 crt=0'0 lcod 0'0 mlcod 0'0 inactive] op_has_sufficient_caps pool=3 (ceph ) owner=0 need_read_cap=0 need_write_cap=1 need_class_read_cap=0 need_class_write_cap=0 -> yes
2014-06-09 16:22:11.352166 7f86a5610700 15 KeyValueStore::op_tp worker wq KeyValueStore::OpWQ done processing 0x383fb00 (1 active)
2014-06-09 16:22:11.352164 7f8691f66700 5 -- op tracker -- , seq: 780, time:
2014-06-09 16:22:11.352158, event: reached_pg, op: osd_op(client.4573.0:34235 rbd_data.117d6b8b4567.00000000000016db [set-alloc-hint object_size 4194304 write_size 4194304,write 450560~516096] 3.e3f48f50 RETRY=3 ack+ondisk+retry+write e242)
2014-06-09 16:22:11.352168 7f86a5610700 12 KeyValueStore::op_tp worker wq KeyValueStore::OpWQ start processing 0x383f200 (2 active)
2014-06-09 16:22:11.352170 7f86a5610700 5 _do_op 0x2fc8cba0 seq 3075 osr(2.4f4 0x2ed16b0)/0x2ed16b0 start
2014-06-09 16:22:11.352173 7f86a5610700 10 _do_transaction on 0xbe89080
2014-06-09 16:22:11.352167 7f868af58700 10 osd.26 pg_epoch: 243 pg[3.1f4( v 213'599 (0'0,213'599] local-les=243 n=118 ec=118 les/c 208/208 242/242/242) [26,6] r=0 lpr=242 pi=207-241/2 crt=0'0 lcod 0'0 mlcod 0'0 inactive] can_handle_while_inactive: 0x1c54ad00
2014-06-09 16:22:11.352176 7f868af58700 10 osd.26 243 dequeue_op 0x1c54ad00 finish
2014-06-09 16:22:11.352178 7f86a5610700 15 _omap_setkeys meta/16ef7597/infos/head//-1
2014-06-09 16:22:11.352179 7f868af58700 15 OSD::op_tp worker wq OSD::OpWQ done processing 0x1 (14 active)
2014-06-09 16:22:11.352171 7f8691f66700 20 osd.26 pg_epoch: 243 pg[3.750( v 214'518 (0'0,214'518] local-les=243 n=98 ec=118 les/c 212/213 242/242/242) [26,8] r=0 lpr=242 pi=211-241/2 crt=0'0 lcod 0'0 mlcod 0'0 inactive] op_has_sufficient_caps pool=3 (ceph ) owner=0 need_read_cap=0 need_write_cap=1 need_class_read_cap=0 need_class_write_cap=0 -> yes
2014-06-09 16:22:11.352186 7f868af58700 12 OSD::op_tp worker wq OSD::OpWQ start processing 0x1 (15 active)
2014-06-09 16:22:11.352183 7f8691f66700 10 osd.26 pg_epoch: 243 pg[3.750( v 214'518 (0'0,214'518] local-les=243 n=98 ec=118 les/c 212/213 242/242/242) [26,8] r=0 lpr=242 pi=211-241/2 crt=0'0 lcod 0'0 mlcod 0'0 inactive] can_handle_while_inactive: 0x270be200
2014-06-09 16:22:11.352192 7f8691f66700 10 osd.26 243 dequeue_op 0x270be200 finish
2014-06-09 16:22:11.352195 7f8691f66700 15 OSD::op_tp worker wq OSD::OpWQ done processing 0x1 (14 active)
2014-06-09 16:22:11.352201 7f8691f66700 12 OSD::op_tp worker wq OSD::OpWQ start processing 0x1 (15 active)
2014-06-09 16:22:11.352190 7f868af58700 10 osd.26 243 dequeue_op 0x14053200 prio 63 cost 516096 latency 1.115294 osd_op(client.4574.0:31683 rbd_data.117e6b8b4567.00000000000014b9 [set-alloc-hint object_size 4194304 write_size 4194304,write 2580480~516096] 3.3046a4d1 RETRY=3 ack+ondisk+retry+write e242) v4 pg pg[3.4d1( v 213'606 (0'0,213'606] local-les=243 n=120 ec=118 les/c 201/201 242/242/242) [26,3] r=0 lpr=242 pi=200-241/2 crt=0'0 lcod 0'0 mlcod 0'0 inactive]
2014-06-09 16:22:11.352209 7f86a5610700 10 lookup_strip_header done cid meta oid 16ef7597/infos/head//-1
2014-06-09 16:22:11.352209 7f868af58700 5 -- op tracker -- , seq: 180, time:
2014-06-09 16:22:11.352204, event: reached_pg, op: osd_op(client.4574.0:31683 rbd_data.117e6b8b4567.00000000000014b9 [set-alloc-hint object_size 4194304 write_size 4194304,write 2580480~516096] 3.3046a4d1 RETRY=3 ack+ondisk+retry+write e242)
2014-06-09 16:22:11.352205 7f8691f66700 10 osd.26 243 dequeue_op 0x1804c300 prio 63 cost 958464 latency 1.045695 osd_op(client.4575.0:32138 rbd_data.117f6b8b4567.0000000000001523 [set-alloc-hint object_size 4194304 write_size 4194304,write 0~958464] 3.284fd1aa RETRY=3 ack+ondisk+retry+write e242) v4 pg pg[3.1aa( v 214'499 (0'0,214'499] local-les=191 n=98 ec=118 les/c 191/191 242/242/242) [26,1] r=0 lpr=242 pi=190-241/4 crt=0'0 lcod 0'0 mlcod 0'0 peering]
2014-06-09 16:22:11.352224 7f86a5610700 10 cid: oid: 16ef7597/infos/head//-1 skipping op, spos 3075.0.0 <= header.spos 150443.0.0
2014-06-09 16:22:11.352216 7f868af58700 20 osd.26 pg_epoch: 243 pg[3.4d1( v 213'606 (0'0,213'606] local-les=243 n=120 ec=118 les/c 201/201 242/242/242) [26,3] r=0 lpr=242 pi=200-241/2 crt=0'0 lcod 0'0 mlcod 0'0 inactive] op_has_sufficient_caps pool=3 (ceph ) owner=0 need_read_cap=0 need_write_cap=1 need_class_read_cap=0 need_class_write_cap=0 -> yes
2014-06-09 16:22:11.352228 7f86a5610700 5 submit_transaction r = 0
2014-06-09 16:22:11.352226 7f8691f66700 5 -- op tracker -- , seq: 257, time:
2014-06-09 16:22:11.352222, event: reached_pg, op: osd_op(client.4575.0:32138 rbd_data.117f6b8b4567.0000000000001523 [set-alloc-hint object_size 4194304 write_size 4194304,write 0~958464] 3.284fd1aa RETRY=3 ack+ondisk+retry+write e242)
2014-06-09 16:22:11.352229 7f868af58700 10 osd.26 pg_epoch: 243 pg[3.4d1( v 213'606 (0'0,213'606] local-les=243 n=120 ec=118 les/c 201/201 242/242/242) [26,3] r=0 lpr=242 pi=200-241/2 crt=0'0 lcod 0'0 mlcod 0'0 inactive] can_handle_while_inactive: 0x14053200
2014-06-09 16:22:11.352237 7f868af58700 10 osd.26 243 dequeue_op 0x14053200 finish
2014-06-09 16:22:11.352240 7f868af58700 15 OSD::op_tp worker wq OSD::OpWQ done processing 0x1 (14 active)
2014-06-09 16:22:11.352234 7f8691f66700 20 osd.26 pg_epoch: 243 pg[3.1aa( v 214'499 (0'0,214'499] local-les=191 n=98 ec=118 les/c 191/191 242/242/242) [26,1] r=0 lpr=242 pi=190-241/4 crt=0'0 lcod 0'0 mlcod 0'0 peering] op_has_sufficient_caps pool=3 (ceph ) owner=0 need_read_cap=0 need_write_cap=1 need_class_read_cap=0 need_class_write_cap=0 -> yes
2014-06-09 16:22:11.352245 7f868af58700 12 OSD::op_tp worker wq OSD::OpWQ start processing 0x1 (15 active)
2014-06-09 16:22:11.352248 7f86a5610700 10 _do_op 0x2fc8cba0 seq 3075 r = 0, finisher 0xbd70da0 0
2014-06-09 16:22:11.352251 7f86a5610700 10 _finish_op 0x2fc8cba0 seq 3075 osr(2.4f4 0x2ed16b0)/0x2ed16b0
2014-06-09 16:22:11.352246 7f8691f66700 10 osd.26 pg_epoch: 243 pg[3.1aa( v 214'499 (0'0,214'499] local-les=191 n=98 ec=118 les/c 191/191 242/242/242) [26,1] r=0 lpr=242 pi=190-241/4 crt=0'0 lcod 0'0 mlcod 0'0 peering] can_handle_while_inactive: 0x1804c300
2014-06-09 16:22:11.352253 7f86a5610700 15 KeyValueStore::op_tp worker wq KeyValueStore::OpWQ done processing 0x383f200 (1 active)
2014-06-09 16:22:11.352255 7f8691f66700 10 osd.26 243 dequeue_op 0x1804c300 finish
2014-06-09 16:22:11.352255 7f86a5610700 12 KeyValueStore::op_tp worker wq KeyValueStore::OpWQ start processing 0xc0fc7e0 (2 active)
2014-06-09 16:22:11.352257 7f86a5610700 5 _do_op 0x2c06e840 seq 3076 osr(3.7d4 0xb7f0170)/0xb7f0170 start
2014-06-09 16:22:11.352259 7f86a5610700 10 _do_transaction on 0xc161ec0
2014-06-09 16:22:11.352265 7f86a5610700 15 _omap_setkeys meta/16ef7597/infos/head//-1
2014-06-09 16:22:11.352273 7f8691f66700 15 OSD::op_tp worker wq OSD::OpWQ done processing 0x1 (14 active)
2014-06-09 16:22:11.352269 7f869af78700 5 -- op tracker -- , seq: 1514, time:
2014-06-09 16:22:11.352267, event: done, op: pg_notify(3.1bd(10),3.750(10) epoch 242)
2014-06-09 16:22:11.352277 7f8691f66700 12 OSD::op_tp worker wq OSD::PeeringWQ start processing 0xb7f0220 (15 active)
2014-06-09 16:22:11.352281 7f869af78700 10 osd.26 243 do_waiters -- start
2014-06-09 16:22:11.352283 7f869af78700 10 osd.26 243 do_waiters -- finish
2014-06-09 16:22:11.352280 7f8691f66700 10 osd.26 pg_epoch: 243 pg[3.1bd( v 214'661 (0'0,214'661] local-les=243 n=131 ec=118 les/c 212/212 242/242/242) [26,8] r=0 lpr=242 pi=211-241/2 crt=0'0 lcod 0'0 mlcod 0'0 inactive] handle_peering_event: epoch_sent: 242 epoch_requested: 242 MNotifyRec from 8 notify: (query_epoch:242, epoch_sent:242, info:3.1bd( v 214'661 (0'0,214'661] local-les=212 n=131 ec=118 les/c 212/212 242/242/242))
2014-06-09 16:22:11.352296 7f86a5610700 10 lookup_strip_header done cid meta oid 16ef7597/infos/head//-1
2014-06-09 16:22:11.352294 7f8691f66700 10 osd.26 pg_epoch: 243 pg[3.1bd( v 214'661 (0'0,214'661] local-les=243 n=131 ec=118 les/c 212/212 242/242/242) [26,8] r=0 lpr=242 pi=211-241/2 crt=0'0 lcod 0'0 mlcod 0'0 inactive] state: Active: got notify from 8, already have info from that osd, ignoring
2014-06-09 16:22:11.352307 7f869af78700 10 osd.26 243 do_waiters -- start
2014-06-09 16:22:11.352305 7f8691f66700 10 log is not dirty
2014-06-09 16:22:11.352308 7f869af78700 10 osd.26 243 do_waiters -- finish
2014-06-09 16:22:11.352310 7f869af78700 20 osd.26 243 _dispatch 0x2d095dc0 pg_notify(2.6dd(20),3.224(10) epoch 242) v5
2014-06-09 16:22:11.352311 7f86a5610700 10 cid: oid: 16ef7597/infos/head//-1 skipping op, spos 3076.0.0 <= header.spos 150443.0.0
2014-06-09 16:22:11.352315 7f86a5610700 5 submit_transaction r = 0
2014-06-09 16:22:11.352316 7f869af78700 5 -- op tracker -- , seq: 1515, time:
2014-06-09 16:22:10.859947, event: header_read, op: pg_notify(2.6dd(20),3.224(10) epoch 242)
2014-06-09 16:22:11.352313 7f8691f66700 10 osd.26 pg_epoch: 243 pg[3.750( v 214'518 (0'0,214'518] local-les=243 n=98 ec=118 les/c 212/213 242/242/242) [26,8] r=0 lpr=242 pi=211-241/2 crt=0'0 lcod 0'0 mlcod 0'0 inactive] handle_peering_event: epoch_sent: 242 epoch_requested: 242 MNotifyRec from 8 notify: (query_epoch:242, epoch_sent:242, info:3.750( v 214'518 (0'0,214'518] local-les=212 n=98 ec=118 les/c 212/213 242/242/242))
2014-06-09 16:22:11.352324 7f869af78700 5 -- op tracker -- , seq: 1515, time:
2014-06-09 16:22:10.859948, event: throttled, op: pg_notify(2.6dd(20),3.224(10) epoch 242)
2014-06-09 16:22:11.352323 7f8691f66700 10 osd.26 pg_epoch: 243 pg[3.750( v 214'518 (0'0,214'518] local-les=243 n=98 ec=118 les/c 212/213 242/242/242) [26,8] r=0 lpr=242 pi=211-241/2 crt=0'0 lcod 0'0 mlcod 0'0 inactive] state: Active: got notify from 8, already have info from that osd, ignoring
2014-06-09 16:22:11.352331 7f869af78700 5 -- op tracker -- , seq: 1515, time:
2014-06-09 16:22:10.859986, event: all_read, op: pg_notify(2.6dd(20),3.224(10) epoch 242)
2014-06-09 16:22:11.352338 7f8691f66700 10 log is not dirty
2014-06-09 16:22:11.352338 7f869af78700 5 -- op tracker -- , seq: 1515, time:
2014-06-09 16:22:11.352306, event: dispatched, op: pg_notify(2.6dd(20),3.224(10) epoch 242)
2014-06-09 16:22:11.352344 7f8691f66700 15 OSD::op_tp worker wq OSD::PeeringWQ done processing 0xb7f0220 (14 active)
2014-06-09 16:22:11.352346 7f869af78700 5 -- op tracker -- , seq: 1515, time:
2014-06-09 16:22:11.352344, event: waiting_for_osdmap, op: pg_notify(2.6dd(20),3.224(10) epoch 242)
2014-06-09 16:22:11.352350 7f8691f66700 12 OSD::op_tp worker wq OSD::OpWQ start processing 0x1 (15 active)
2014-06-09 16:22:11.352350 7f869af78700 7 osd.26 243 handle_pg_notify from osd.6
2014-06-09 16:22:11.352353 7f869af78700 15 osd.26 243 require_same_or_newer_map 242 (i am 243) 0x2d095dc0
2014-06-09 16:22:11.352359 7f869af78700 5 -- op tracker -- , seq: 1515, time:
2014-06-09 16:22:11.352357, event: started, op: pg_notify(2.6dd(20),3.224(10) epoch 242)
2014-06-09 16:22:11.352353 7f8691f66700 10 osd.26 243 dequeue_op 0x306b100 prio 63 cost 1548288 latency 1.391718 osd_op(client.4565.0:32567 rbd_data.11756b8b4567.0000000000001565 [set-alloc-hint object_size 4194304 write_size 4194304,write 966656~1548288] 3.8b1e77c RETRY=3 ack+ondisk+retry+write e242) v4 pg pg[3.77c( v 213'558 (0'0,213'558] local-les=243 n=109 ec=118 les/c 210/210 242/242/242) [26,7] r=0 lpr=242 pi=209-241/2 crt=0'0 lcod 0'0 mlcod 0'0 inactive]
2014-06-09 16:22:11.352372 7f8691f66700 5 -- op tracker -- , seq: 24, time:
2014-06-09 16:22:11.352368, event: reached_pg, op: osd_op(client.4565.0:32567 rbd_data.11756b8b4567.0000000000001565 [set-alloc-hint object_size 4194304 write_size 4194304,write 966656~1548288] 3.8b1e77c RETRY=3 ack+ondisk+retry+write e242)
2014-06-09 16:22:11.352384 7f869af78700 5 -- op tracker -- , seq: 1515, time:
2014-06-09 16:22:11.352381, event: done, op: pg_notify(2.6dd(20),3.224(10) epoch 242)
2014-06-09 16:22:11.352379 7f8691f66700 20 osd.26 pg_epoch: 243 pg[3.77c( v 213'558 (0'0,213'558] local-les=243 n=109 ec=118 les/c 210/210 242/242/242) [26,7] r=0 lpr=242 pi=209-241/2 crt=0'0 lcod 0'0 mlcod 0'0 inactive] op_has_sufficient_caps pool=3 (ceph ) owner=0 need_read_cap=0 need_write_cap=1 need_class_read_cap=0 need_class_write_cap=0 -> yes
2014-06-09 16:22:11.352389 7f8691f66700 10 osd.26 pg_epoch: 243 pg[3.77c( v 213'558 (0'0,213'558] local-les=243 n=109 ec=118 les/c 210/210 242/242/242) [26,7] r=0 lpr=242 pi=209-241/2 crt=0'0 lcod 0'0 mlcod 0'0 inactive] can_handle_while_inactive: 0x306b100
2014-06-09 16:22:11.352398 7f869af78700 10 osd.26 243 do_waiters -- start
2014-06-09 16:22:11.352398 7f8691f66700 10 osd.26 243 dequeue_op 0x306b100 finish
2014-06-09 16:22:11.352399 7f869af78700 10 osd.26 243 do_waiters -- finish
2014-06-09 16:22:11.352402 7f8691f66700 15 OSD::op_tp worker wq OSD::OpWQ done processing 0x1 (14 active)
2014-06-09 16:22:11.352405 7f8691f66700 12 OSD::op_tp worker wq OSD::PeeringWQ start processing 0xb7f0220 (15 active)
2014-06-09 16:22:11.352408 7f8691f66700 10 osd.26 pg_epoch: 243 pg[2.6dd( empty local-les=243 n=0 ec=1 les/c 208/208 242/242/242) [26,6] r=0 lpr=242 pi=207-241/2 crt=0'0 mlcod 0'0 inactive] handle_peering_event: epoch_sent: 242 epoch_requested: 242 MNotifyRec from 6 notify: (query_epoch:242, epoch_sent:242, info:2.6dd( empty local-les=208 n=0 ec=1 les/c 208/208 242/242/242))
2014-06-09 16:22:11.352417 7f869af78700 10 osd.26 243 do_waiters -- start
2014-06-09 16:22:11.352418 7f869af78700 10 osd.26 243 do_waiters -- finish
2014-06-09 16:22:11.352420 7f869af78700 20 osd.26 243 _dispatch 0x1609d6c0 pg_notify(0.3e(21) epoch 243) v5
2014-06-09 16:22:11.352419 7f8691f66700 10 osd.26 pg_epoch: 243 pg[2.6dd( empty local-les=243 n=0 ec=1 les/c 208/208 242/242/242) [26,6] r=0 lpr=242 pi=207-241/2 crt=0'0 mlcod 0'0 inactive] state: Active: got notify from 6, already have info from that osd, ignoring
2014-06-09 16:22:11.352424 7f869af78700 5 -- op tracker -- , seq: 1516, time:
2014-06-09 16:22:11.003852, event: header_read, op: pg_notify(0.3e(21) epoch 243)
2014-06-09 16:22:11.352429 7f8691f66700 10 log is not dirty
2014-06-09 16:22:11.352432 7f869af78700 5 -- op tracker -- , seq: 1516, time:
2014-06-09 16:22:11.003853, event: throttled, op: pg_notify(0.3e(21) epoch 243)
2014-06-09 16:22:11.352438 7f869af78700 5 -- op tracker -- , seq: 1516, time:
2014-06-09 16:22:11.003870, event: all_read, op: pg_notify(0.3e(21) epoch 243)
2014-06-09 16:22:11.352433 7f8691f66700 10 osd.26 pg_epoch: 243 pg[3.224( v 214'739 (0'0,214'739] local-les=243 n=135 ec=118 les/c 208/208 242/242/242) [26,6] r=0 lpr=242 pi=207-241/2 crt=0'0 lcod 0'0 mlcod 0'0 inactive] handle_peering_event: epoch_sent: 242 epoch_requested: 242 MNotifyRec from 6 notify: (query_epoch:242, epoch_sent:242, info:3.224( v 214'739 (0'0,214'739] local-les=208 n=135 ec=118 les/c 208/208 242/242/242))
2014-06-09 16:22:11.352444 7f869af78700 5 -- op tracker -- , seq: 1516, time:
2014-06-09 16:22:11.352417, event: dispatched, op: pg_notify(0.3e(21) epoch 243)
2014-06-09 16:22:11.352445 7f8691f66700 10 osd.26 pg_epoch: 243 pg[3.224( v 214'739 (0'0,214'739] local-les=243 n=135 ec=118 les/c 208/208 242/242/242) [26,6] r=0 lpr=242 pi=207-241/2 crt=0'0 lcod 0'0 mlcod 0'0 inactive] state: Active: got notify from 6, already have info from that osd, ignoring
2014-06-09 16:22:11.352450 7f869af78700 5 -- op tracker -- , seq: 1516, time:
2014-06-09 16:22:11.352449, event: waiting_for_osdmap, op: pg_notify(0.3e(21) epoch 243)
2014-06-09 16:22:11.352455 7f8691f66700 10 log is not dirty
2014-06-09 16:22:11.352455 7f869af78700 7 osd.26 243 handle_pg_notify from osd.0
2014-06-09 16:22:11.352457 7f869af78700 15 osd.26 243 require_same_or_newer_map 243 (i am 243) 0x1609d6c0
2014-06-09 16:22:11.352460 7f8691f66700 15 OSD::op_tp worker wq OSD::PeeringWQ done processing 0xb7f0220 (14 active)
2014-06-09 16:22:11.352461 7f869af78700 5 -- op tracker -- , seq: 1516, time:
2014-06-09 16:22:11.352459, event: started, op: pg_notify(0.3e(21) epoch 243)
2014-06-09 16:22:11.352466 7f8691f66700 12 OSD::op_tp worker wq OSD::OpWQ start processing 0x1 (15 active)
2014-06-09 16:22:11.352472 7f86a460e700 10 finisher(0x2c100f8) finisher_thread doing [0x189aa440,0x2d7399a0]
2014-06-09 16:22:11.352477 7f86a460e700 10 finisher(0x2c100f8) finisher_thread done with [0x189aa440,0x2d7399a0]
2014-06-09 16:22:11.352478 7f86a460e700 10 finisher(0x2c100f8) finisher_thread empty
2014-06-09 16:22:11.352479 7f86a460e700 10 finisher(0x2c100f8) finisher_thread sleeping
2014-06-09 16:22:11.352477 7f869af78700 5 -- op tracker -- , seq: 1516, time:
2014-06-09 16:22:11.352475, event: done, op: pg_notify(0.3e(21) epoch 243)
2014-06-09 16:22:11.352470 7f8691f66700 10 osd.26 243 dequeue_op 0xe032a00 prio 63 cost 516096 latency 1.393007 osd_op(client.4566.0:33766 rbd_data.11766b8b4567.00000000000016aa [set-alloc-hint object_size 4194304 write_size 4194304,write 2424832~516096] 3.4c8eb750 RETRY=3 ack+ondisk+retry+write e242) v4 pg pg[3.750( v 214'518 (0'0,214'518] local-les=243 n=98 ec=118 les/c 212/213 242/242/242) [26,8] r=0 lpr=242 pi=211-241/2 crt=0'0 lcod 0'0 mlcod 0'0 inactive]
2014-06-09 16:22:11.352486 7f869af78700 10 osd.26 243 do_waiters -- start
2014-06-09 16:22:11.352487 7f869af78700 10 osd.26 243 do_waiters -- finish
2014-06-09 16:22:11.352491 7f86a5610700 10 _do_op 0x2c06e840 seq 3076 r = 0, finisher 0x305091c0 0
2014-06-09 16:22:11.352490 7f8691f66700 5 -- op tracker -- , seq: 23, time:
2014-06-09 16:22:11.352485, event: reached_pg, op: osd_op(client.4566.0:33766 rbd_data.11766b8b4567.00000000000016aa [set-alloc-hint object_size 4194304 write_size 4194304,write 2424832~516096] 3.4c8eb750 RETRY=3 ack+ondisk+retry+write e242)
2014-06-09 16:22:11.352496 7f86a5610700 10 _finish_op 0x2c06e840 seq 3076 osr(3.7d4 0xb7f0170)/0xb7f0170
2014-06-09 16:22:11.352499 7f86a5610700 15 KeyValueStore::op_tp worker wq KeyValueStore::OpWQ done processing 0xc0fc7e0 (1 active)
2014-06-09 16:22:11.352501 7f86a5610700 12 KeyValueStore::op_tp worker wq KeyValueStore::OpWQ start processing 0xc0fc5a0 (2 active)
2014-06-09 16:22:11.352503 7f86a5610700 5 _do_op 0x308cac60 seq 3077 osr(2.312 0x2ed0f30)/0x2ed0f30 start
2014-06-09 16:22:11.352504 7f869af78700 10 osd.26 243 do_waiters -- start
2014-06-09 16:22:11.352505 7f869af78700 10 osd.26 243 do_waiters -- finish
2014-06-09 16:22:11.352506 7f86a5610700 10 _do_transaction on 0xc280780
2014-06-09 16:22:11.352498 7f8691f66700 20 osd.26 pg_epoch: 243 pg[3.750( v 214'518 (0'0,214'518] local-les=243 n=98 ec=118 les/c 212/213 242/242/242) [26,8] r=0 lpr=242 pi=211-241/2 crt=0'0 lcod 0'0 mlcod 0'0 inactive] op_has_sufficient_caps pool=3 (ceph ) owner=0 need_read_cap=0 need_write_cap=1 need_class_read_cap=0 need_class_write_cap=0 -> yes
2014-06-09 16:22:11.352506 7f869af78700 20 osd.26 243 _dispatch 0x1405c1c0 pg_info(1 pgs e243:3.4fa(2)) v4
2014-06-09 16:22:11.352511 7f86a5610700 15 _omap_setkeys meta/16ef7597/infos/head//-1
2014-06-09 16:22:11.352512 7f869af78700 5 -- op tracker -- , seq: 1517, time:
2014-06-09 16:22:11.003645, event: header_read, op: pg_info(1 pgs e243:3.4fa(2))
2014-06-09 16:22:11.352509 7f8691f66700 10 osd.26 pg_epoch: 243 pg[3.750( v 214'518 (0'0,214'518] local-les=243 n=98 ec=118 les/c 212/213 242/242/242) [26,8] r=0 lpr=242 pi=211-241/2 crt=0'0 lcod 0'0 mlcod 0'0 inactive] can_handle_while_inactive: 0xe032a00
2014-06-09 16:22:11.352518 7f8691f66700 10 osd.26 243 dequeue_op 0xe032a00 finish
2014-06-09 16:22:11.352519 7f869af78700 5 -- op tracker -- , seq: 1517, time:
2014-06-09 16:22:11.003645, event: throttled, op: pg_info(1 pgs e243:3.4fa(2))
2014-06-09 16:22:11.352521 7f8691f66700 15 OSD::op_tp worker wq OSD::OpWQ done processing 0x1 (14 active)
2014-06-09 16:22:11.352524 7f8691f66700 12 OSD::op_tp worker wq OSD::PeeringWQ start processing 0xb7f0220 (15 active)
2014-06-09 16:22:11.352525 7f869af78700 5 -- op tracker -- , seq: 1517, time:
2014-06-09 16:22:11.003664, event: all_read, op: pg_info(1 pgs e243:3.4fa(2))
2014-06-09 16:22:11.352531 7f869af78700 5 -- op tracker -- , seq: 1517, time:
2014-06-09 16:22:11.352503, event: dispatched, op: pg_info(1 pgs e243:3.4fa(2))
2014-06-09 16:22:11.352527 7f8691f66700 10 osd.26 pg_epoch: 243 pg[0.3e( empty local-les=243 n=0 ec=1 les/c 191/191 242/242/242) [26,0] r=0 lpr=242 pi=190-241/4 crt=0'0 mlcod 0'0 inactive] handle_peering_event: epoch_sent: 243 epoch_requested: 243 MNotifyRec from 0 notify: (query_epoch:243, epoch_sent:243, info:0.3e( empty local-les=191 n=0 ec=1 les/c 191/191 242/242/242))
2014-06-09 16:22:11.352537 7f869af78700 5 -- op tracker -- , seq: 1517, time:
2014-06-09 16:22:11.352536, event: waiting_for_osdmap, op: pg_info(1 pgs e243:3.4fa(2))
2014-06-09 16:22:11.352542 7f869af78700 7 osd.26 243 handle_pg_info pg_info(1 pgs e243:3.4fa(2)) v4 from osd.5
2014-06-09 16:22:11.352544 7f86a5610700 10 lookup_strip_header done cid meta oid 16ef7597/infos/head//-1
2014-06-09 16:22:11.352538 7f8691f66700 10 osd.26 pg_epoch: 243 pg[0.3e( empty local-les=243 n=0 ec=1 les/c 191/191 242/242/242) [26,0] r=0 lpr=242 pi=190-241/4 crt=0'0 mlcod 0'0 inactive] state: Active: got notify from 0, already have info from that osd, ignoring
2014-06-09 16:22:11.352545 7f869af78700 15 osd.26 243 require_same_or_newer_map 243 (i am 243) 0x1405c1c0
2014-06-09 16:22:11.352548 7f8691f66700 10 log is not dirty
2014-06-09 16:22:11.352550 7f869af78700 5 -- op tracker -- , seq: 1517, time:
2014-06-09 16:22:11.352548, event: started, op: pg_info(1 pgs e243:3.4fa(2))
2014-06-09 16:22:11.352553 7f8691f66700 15 OSD::op_tp worker wq OSD::PeeringWQ done processing 0xb7f0220 (14 active)
2014-06-09 16:22:11.352559 7f8691f66700 12 OSD::op_tp worker wq OSD::OpWQ start processing 0x1 (15 active)
2014-06-09 16:22:11.352559 7f86a5610700 10 cid: oid: 16ef7597/infos/head//-1 skipping op, spos 3077.0.0 <= header.spos 150443.0.0
2014-06-09 16:22:11.352563 7f86a5610700 5 submit_transaction r = 0
2014-06-09 16:22:11.352565 7f869af78700 5 -- op tracker -- , seq: 1517, time:
2014-06-09 16:22:11.352563, event: done, op: pg_info(1 pgs e243:3.4fa(2))
2014-06-09 16:22:11.352573 7f869af78700 10 osd.26 243 do_waiters -- start
2014-06-09 16:22:11.352575 7f869af78700 10 osd.26 243 do_waiters -- finish
2014-06-09 16:22:11.352563 7f8691f66700 10 osd.26 243 dequeue_op 0x21967b00 prio 63 cost 516096 latency 0.728160 osd_op(client.4567.0:35152 rbd_data.11776b8b4567.00000000000017b4 [set-alloc-hint object_size 4194304 write_size 4194304,write 1474560~516096] 3.584859c7 RETRY=3 ack+ondisk+retry+write e242) v4 pg pg[3.1c7( v 214'650 (0'0,214'650] local-les=191 n=132 ec=118 les/c 191/191 242/242/242) [26,2] r=0 lpr=242 pi=190-241/4 crt=0'0 lcod 0'0 mlcod 0'0 peering]
2014-06-09 16:22:11.352584 7f86a5610700 10 _do_op 0x308cac60 seq 3077 r = 0, finisher 0xbd72e60 0
2014-06-09 16:22:11.352582 7f8691f66700 5 -- op tracker -- , seq: 582, time:
2014-06-09 16:22:11.352578, event: reached_pg, op: osd_op(client.4567.0:35152 rbd_data.11776b8b4567.00000000000017b4 [set-alloc-hint object_size 4194304 write_size 4194304,write 1474560~516096] 3.584859c7 RETRY=3 ack+ondisk+retry+write e242)
2014-06-09 16:22:11.352588 7f869af78700 10 osd.26 243 do_waiters -- start
2014-06-09 16:22:11.352588 7f86a5610700 10 _finish_op 0x308cac60 seq 3077 osr(2.312 0x2ed0f30)/0x2ed0f30
2014-06-09 16:22:11.352589 7f869af78700 10 osd.26 243 do_waiters -- finish
2014-06-09 16:22:11.352590 7f86a5610700 15 KeyValueStore::op_tp worker wq KeyValueStore::OpWQ done processing 0xc0fc5a0 (1 active)
2014-06-09 16:22:11.352591 7f869af78700 20 osd.26 243 _dispatch 0x2a070380 pg_notify(0.2c2(21),3.582(12) epoch 242) v5
2014-06-09 16:22:11.352592 7f86a5610700 12 KeyValueStore::op_tp worker wq KeyValueStore::OpWQ start processing 0xc2870e0 (2 active)
2014-06-09 16:22:11.352594 7f86a5610700 5 _do_op 0x300321e0 seq 3078 osr(3.7ce 0xb7f01a0)/0xb7f01a0 start
2014-06-09 16:22:11.352597 7f86a5610700 10 _do_transaction on 0xbf4f080
2014-06-09 16:22:11.352589 7f8691f66700 20 osd.26 pg_epoch: 243 pg[3.1c7( v 214'650 (0'0,214'650] local-les=191 n=132 ec=118 les/c 191/191 242/242/242) [26,2] r=0 lpr=242 pi=190-241/4 crt=0'0 lcod 0'0 mlcod 0'0 peering] op_has_sufficient_caps pool=3 (ceph ) owner=0 need_read_cap=0 need_write_cap=1 need_class_read_cap=0 need_class_write_cap=0 -> yes
2014-06-09 16:22:11.352596 7f869af78700 5 -- op tracker -- , seq: 1518, time:
2014-06-09 16:22:10.803365, event: header_read, op: pg_notify(0.2c2(21),3.582(12) epoch 242)
2014-06-09 16:22:11.352602 7f86a5610700 15 _omap_setkeys meta/16ef7597/infos/head//-1
2014-06-09 16:22:11.352604 7f869af78700 5 -- op tracker -- , seq: 1518, time:
2014-06-09 16:22:10.803365, event: throttled, op: pg_notify(0.2c2(21),3.582(12) epoch 242)
2014-06-09 16:22:11.352601 7f8691f66700 10 osd.26 pg_epoch: 243 pg[3.1c7( v 214'650 (0'0,214'650] local-les=191 n=132 ec=118 les/c 191/191 242/242/242) [26,2] r=0 lpr=242 pi=190-241/4 crt=0'0 lcod 0'0 mlcod 0'0 peering] can_handle_while_inactive: 0x21967b00
2014-06-09 16:22:11.352611 7f8691f66700 10 osd.26 243 dequeue_op 0x21967b00 finish
2014-06-09 16:22:11.352614 7f8691f66700 15 OSD::op_tp worker wq OSD::OpWQ done processing 0x1 (14 active)
2014-06-09 16:22:11.352611 7f869af78700 5 -- op tracker -- , seq: 1518, time:
2014-06-09 16:22:10.803392, event: all_read, op: pg_notify(0.2c2(21),3.582(12) epoch 242)
2014-06-09 16:22:11.352616 7f8691f66700 12 OSD::op_tp worker wq OSD::PeeringWQ start processing 0xb7f0220 (15 active)
2014-06-09 16:22:11.352618 7f869af78700 5 -- op tracker -- , seq: 1518, time:
2014-06-09 16:22:11.352587, event: dispatched, op: pg_notify(0.2c2(21),3.582(12) epoch 242)
2014-06-09 16:22:11.352625 7f869af78700 5 -- op tracker -- , seq: 1518, time:
2014-06-09 16:22:11.352623, event: waiting_for_osdmap, op: pg_notify(0.2c2(21),3.582(12) epoch 242)
2014-06-09 16:22:11.352619 7f8691f66700 10 osd.26 pg_epoch: 243 pg[3.4fa( v 213'628 (0'0,213'628] local-les=206 n=124 ec=118 les/c 206/206 242/242/205) [5,26] r=1 lpr=242 pi=118-241/10 crt=0'0 lcod 0'0 inactive NOTIFY] handle_peering_event: epoch_sent: 243 epoch_requested: 243 MInfoRec from 5 info: 3.4fa( v 213'628 (0'0,213'628] local-les=243 n=124 ec=118 les/c 206/206 242/242/205)
2014-06-09 16:22:11.352629 7f869af78700 7 osd.26 243 handle_pg_notify from osd.2
2014-06-09 16:22:11.352631 7f869af78700 15 osd.26 243 require_same_or_newer_map 242 (i am 243) 0x2a070380
2014-06-09 16:22:11.352634 7f86a5610700 10 lookup_strip_header done cid meta oid 16ef7597/infos/head//-1
2014-06-09 16:22:11.352636 7f869af78700 5 -- op tracker -- , seq: 1518, time:
2014-06-09 16:22:11.352633, event: started, op: pg_notify(0.2c2(21),3.582(12) epoch 242)
2014-06-09 16:22:11.352632 7f8691f66700 10 osd.26 pg_epoch: 243 pg[3.4fa( v 213'628 (0'0,213'628] local-les=206 n=124 ec=118 les/c 206/206 242/242/205) [5,26] r=1 lpr=242 pi=118-241/10 crt=0'0 lcod 0'0 inactive NOTIFY] state: got info from osd.5 3.4fa( v 213'628 (0'0,213'628] local-les=243 n=124 ec=118 les/c 206/206 242/242/205)
2014-06-09 16:22:11.352648 7f86a5610700 10 cid: oid: 16ef7597/infos/head//-1 skipping op, spos 3078.0.0 <= header.spos 150443.0.0
2014-06-09 16:22:11.352652 7f86a5610700 5 submit_transaction r = 0
2014-06-09 16:22:11.352645 7f8691f66700 5 osd.26 pg_epoch: 243 pg[3.4fa( v 213'628 (0'0,213'628] local-les=206 n=124 ec=118 les/c 206/206 242/242/205) [5,26] r=1 lpr=242 pi=118-241/10 crt=0'0 lcod 0'0 inactive NOTIFY] exit Started/Stray 1.183819 7 0.000165
2014-06-09 16:22:11.352661 7f869af78700 5 -- op tracker -- , seq: 1518, time:
2014-06-09 16:22:11.352658, event: done, op: pg_notify(0.2c2(21),3.582(12) epoch 242)
2014-06-09 16:22:11.352658 7f8691f66700 5 osd.26 pg_epoch: 243 pg[3.4fa( v 213'628 (0'0,213'628] local-les=206 n=124 ec=118 les/c 206/206 242/242/205) [5,26] r=1 lpr=242 pi=118-241/10 crt=0'0 lcod 0'0 inactive NOTIFY] enter Started/ReplicaActive
2014-06-09 16:22:11.352668 7f86a5610700 10 _do_op 0x300321e0 seq 3078 r = 0, finisher 0xbd682a0 0
2014-06-09 16:22:11.352668 7f869af78700 10 osd.26 243 do_waiters -- start
2014-06-09 16:22:11.352670 7f869af78700 10 osd.26 243 do_waiters -- finish
2014-06-09 16:22:11.352671 7f86a5610700 10 _finish_op 0x300321e0 seq 3078 osr(3.7ce 0xb7f01a0)/0xb7f01a0
2014-06-09 16:22:11.352673 7f86a5610700 15 KeyValueStore::op_tp worker wq KeyValueStore::OpWQ done processing 0xc2870e0 (1 active)
2014-06-09 16:22:11.352675 7f86a5610700 12 KeyValueStore::op_tp worker wq KeyValueStore::OpWQ start processing 0x383fe60 (2 active)
2014-06-09 16:22:11.352677 7f86a5610700 5 _do_op 0x309a3f20 seq 3079 osr(1.30 0x384c280)/0x384c280 start
2014-06-09 16:22:11.352671 7f8691f66700 5 osd.26 pg_epoch: 243 pg[3.4fa( v 213'628 (0'0,213'628] local-les=206 n=124 ec=118 les/c 206/206 242/242/205) [5,26] r=1 lpr=242 pi=118-241/10 crt=0'0 lcod 0'0 inactive NOTIFY] enter Started/ReplicaActive/RepNotRecovering
2014-06-09 16:22:11.352679 7f86a5610700 10 _do_transaction on 0x2c815c0
2014-06-09 16:22:11.352684 7f86a5610700 15 _omap_setkeys meta/16ef7597/infos/head//-1
2014-06-09 16:22:11.352689 7f869af78700 10 osd.26 243 do_waiters -- start
2014-06-09 16:22:11.352682 7f8691f66700 10 osd.26 pg_epoch: 243 pg[3.4fa( v 213'628 (0'0,213'628] local-les=206 n=124 ec=118 les/c 206/206 242/242/205) [5,26] r=1 lpr=242 pi=118-241/10 crt=0'0 lcod 0'0 inactive NOTIFY] state: In ReplicaActive, about to call activate
2014-06-09 16:22:11.352690 7f869af78700 10 osd.26 243 do_waiters -- finish
2014-06-09 16:22:11.352691 7f869af78700 20 osd.26 243 _dispatch 0x15458700 pg_notify(3.573(10) epoch 242) v5
2014-06-09 16:22:11.352696 7f869af78700 5 -- op tracker -- , seq: 1519, time:
2014-06-09 16:22:10.735743, event: header_read, op: pg_notify(3.573(10) epoch 242)
2014-06-09 16:22:11.352692 7f8691f66700 10 osd.26 pg_epoch: 243 pg[3.4fa( v 213'628 (0'0,213'628] local-les=243 n=124 ec=118 les/c 206/206 242/242/205) [5,26] r=1 lpr=242 pi=118-241/10 crt=0'0 lcod 0'0 inactive] activate - no missing, moving last_complete 213'628 -> 213'628
2014-06-09 16:22:11.352703 7f869af78700 5 -- op tracker -- , seq: 1519, time:
2014-06-09 16:22:10.735743, event: throttled, op: pg_notify(3.573(10) epoch 242)
2014-06-09 16:22:11.352709 7f869af78700 5 -- op tracker -- , seq: 1519, time:
2014-06-09 16:22:10.735762, event: all_read, op: pg_notify(3.573(10) epoch 242)
2014-06-09 16:22:11.352715 7f86a5610700 10 lookup_strip_header done cid meta oid 16ef7597/infos/head//-1
2014-06-09 16:22:11.352715 7f869af78700 5 -- op tracker -- , seq: 1519, time:
2014-06-09 16:22:11.352689, event: dispatched, op: pg_notify(3.573(10) epoch 242)
2014-06-09 16:22:11.352722 7f869af78700 5 -- op tracker -- , seq: 1519, time:
2014-06-09 16:22:11.352720, event: waiting_for_osdmap, op: pg_notify(3.573(10) epoch 242)
2014-06-09 16:22:11.352726 7f869af78700 7 osd.26 243 handle_pg_notify from osd.4
2014-06-09 16:22:11.352727 7f869af78700 15 osd.26 243 require_same_or_newer_map 242 (i am 243) 0x15458700
2014-06-09 16:22:11.352729 7f86a5610700 10 cid: oid: 16ef7597/infos/head//-1 skipping op, spos 3079.0.0 <= header.spos 150443.0.0
2014-06-09 16:22:11.352733 7f86a5610700 5 submit_transaction r = 0
2014-06-09 16:22:11.352732 7f869af78700 5 -- op tracker -- , seq: 1519, time:
2014-06-09 16:22:11.352730, event: started, op: pg_notify(3.573(10) epoch 242)
2014-06-09 16:22:11.352734 7f8691f66700 10 osd.26 pg_epoch: 243 pg[3.4fa( v 213'628 (0'0,213'628] local-les=243 n=124 ec=118 les/c 206/206 242/242/205) [5,26] r=1 lpr=242 pi=118-241/10 crt=0'0 lcod 0'0 inactive] state: Activate Finished
2014-06-09 16:22:11.352749 7f869af78700 5 -- op tracker -- , seq: 1519, time:
2014-06-09 16:22:11.352746, event: done, op: pg_notify(3.573(10) epoch 242)
2014-06-09 16:22:11.352753 7f86a5610700 10 _do_op 0x309a3f20 seq 3079 r = 0, finisher 0xc40d720 0
2014-06-09 16:22:11.352756 7f86a5610700 10 _finish_op 0x309a3f20 seq 3079 osr(1.30 0x384c280)/0x384c280
2014-06-09 16:22:11.352757 7f869af78700 10 osd.26 243 do_waiters -- start
2014-06-09 16:22:11.352758 7f86a5610700 15 KeyValueStore::op_tp worker wq KeyValueStore::OpWQ done processing 0x383fe60 (1 active)
2014-06-09 16:22:11.352759 7f869af78700 10 osd.26 243 do_waiters -- finish
2014-06-09 16:22:11.352760 7f86a5610700 12 KeyValueStore::op_tp worker wq KeyValueStore::OpWQ start processing 0xc3d0000 (2 active)
2014-06-09 16:22:11.352762 7f86a5610700 5 _do_op 0x309a2720 seq 3080 osr(1.603 0x384dc90)/0x384dc90 start
2014-06-09 16:22:11.352764 7f86a5610700 10 _do_transaction on 0xc014300
2014-06-09 16:22:11.352769 7f86a5610700 15 _omap_setkeys meta/16ef7597/infos/head//-1
2014-06-09 16:22:11.352774 7f869af78700 10 osd.26 243 do_waiters -- start
2014-06-09 16:22:11.352776 7f869af78700 10 osd.26 243 do_waiters -- finish
2014-06-09 16:22:11.352776 7f8691f66700 10 log is not dirty
2014-06-09 16:22:11.352777 7f869af78700 20 osd.26 243 _dispatch 0x3004c000 pg_log(1.92 epoch 243 log log((0'0,0'0], crt=0'0) query_epoch 243) v4
2014-06-09 16:22:11.352781 7f8691f66700 5 queue_transactions existing osr(3.4fa 0x3ed1720)/0x3ed1720
2014-06-09 16:22:11.352784 7f8691f66700 10 op_submit_start 3090
2014-06-09 16:22:11.352785 7f8691f66700 5 queue_transactions (trailing journal) 3090
2014-06-09 16:22:11.352783 7f869af78700 5 -- op tracker -- , seq: 1520, time:
2014-06-09 16:22:11.059575, event: header_read, op: pg_log(1.92 epoch 243 log log((0'0,0'0], crt=0'0) query_epoch 243)
2014-06-09 16:22:11.352787 7f8691f66700 5 queue_op 0x308cbc20 seq 3090 osr(3.4fa 0x3ed1720) 1335 bytes (queue has 12 ops and 22088 bytes)
2014-06-09 16:22:11.352789 7f8691f66700 10 op_submit_finish 3090
2014-06-09 16:22:11.352790 7f869af78700 5 -- op tracker -- , seq: 1520, time:
2014-06-09 16:22:11.059576, event: throttled, op: pg_log(1.92 epoch 243 log log((0'0,0'0], crt=0'0) query_epoch 243)
2014-06-09 16:22:11.352794 7f8691f66700 15 OSD::op_tp worker wq OSD::PeeringWQ done processing 0xb7f0220 (14 active)
2014-06-09 16:22:11.352797 7f869af78700 5 -- op tracker -- , seq: 1520, time:
2014-06-09 16:22:11.059584, event: all_read, op: pg_log(1.92 epoch 243 log log((0'0,0'0], crt=0'0) query_epoch 243)
2014-06-09 16:22:11.352799 7f8691f66700 12 OSD::op_tp worker wq OSD::OpWQ start processing 0x1 (15 active)
2014-06-09 16:22:11.352799 7f86a5610700 10 lookup_strip_header done cid meta oid 16ef7597/infos/head//-1
2014-06-09 16:22:11.352803 7f869af78700 5 -- op tracker -- , seq: 1520, time:
2014-06-09 16:22:11.352774, event: dispatched, op: pg_log(1.92 epoch 243 log log((0'0,0'0], crt=0'0) query_epoch 243)
2014-06-09 16:22:11.352811 7f869af78700 5 -- op tracker -- , seq: 1520, time:
2014-06-09 16:22:11.352808, event: waiting_for_osdmap, op: pg_log(1.92 epoch 243 log log((0'0,0'0], crt=0'0) query_epoch 243)
2014-06-09 16:22:11.352814 7f86a5610700 10 cid: oid: 16ef7597/infos/head//-1 skipping op, spos 3080.0.0 <= header.spos 150443.0.0
2014-06-09 16:22:11.352803 7f8691f66700 10 osd.26 243 dequeue_op 0x2c06bb00 prio 63 cost 102400 latency 0.486034 osd_op(client.4570.0:34427 rbd_data.117a6b8b4567.0000000000001713 [set-alloc-hint object_size 4194304 write_size 4194304,write 4091904~102400] 3.33969c7 RETRY=3 ack+ondisk+retry+write e242) v4 pg pg[3.1c7( v 214'650 (0'0,214'650] local-les=191 n=132 ec=118 les/c 191/191 242/242/242) [26,2] r=0 lpr=242 pi=190-241/4 crt=0'0 lcod 0'0 mlcod 0'0 peering]
2014-06-09 16:22:11.352818 7f86a5610700 5 submit_transaction r = 0
2014-06-09 16:22:11.352815 7f869af78700 7 osd.26 243 handle_pg_log pg_log(1.92 epoch 243 log log((0'0,0'0], crt=0'0) query_epoch 243) v4 from osd.7
2014-06-09 16:22:11.352819 7f869af78700 15 osd.26 243 require_same_or_newer_map 243 (i am 243) 0x3004c000
2014-06-09 16:22:11.352824 7f8691f66700 5 -- op tracker -- , seq: 897, time:
2014-06-09 16:22:11.352819, event: reached_pg, op: osd_op(client.4570.0:34427 rbd_data.117a6b8b4567.0000000000001713 [set-alloc-hint object_size 4194304 write_size 4194304,write 4091904~102400] 3.33969c7 RETRY=3 ack+ondisk+retry+write e242)
2014-06-09 16:22:11.352838 7f86a5610700 10 _do_op 0x309a2720 seq 3080 r = 0, finisher 0x13964460 0
2014-06-09 16:22:11.352827 7f868af58700 10 osd.26 243 dequeue_op 0x1c66be00 prio 63 cost 860160 latency 0.841441 osd_op(client.4577.0:36986 rbd_data.11816b8b4567.00000000000018ee [set-alloc-hint object_size 4194304 write_size 4194304,write 0~860160] 3.f0e71aa RETRY=3 ack+ondisk+retry+write e242) v4 pg pg[3.1aa( v 214'499 (0'0,214'499] local-les=191 n=98 ec=118 les/c 191/191 242/242/242) [26,1] r=0 lpr=242 pi=190-241/4 crt=0'0 lcod 0'0 mlcod 0'0 peering]
2014-06-09 16:22:11.352841 7f86a5610700 10 _finish_op 0x309a2720 seq 3080 osr(1.603 0x384dc90)/0x384dc90
2014-06-09 16:22:11.352843 7f86a5610700 15 KeyValueStore::op_tp worker wq KeyValueStore::OpWQ done processing 0xc3d0000 (1 active)
2014-06-09 16:22:11.352834 7f8691f66700 20 osd.26 pg_epoch: 243 pg[3.1c7( v 214'650 (0'0,214'650] local-les=191 n=132 ec=118 les/c 191/191 242/242/242) [26,2] r=0 lpr=242 pi=190-241/4 crt=0'0 lcod 0'0 mlcod 0'0 peering] op_has_sufficient_caps pool=3 (ceph ) owner=0 need_read_cap=0 need_write_cap=1 need_class_read_cap=0 need_class_write_cap=0 -> yes
2014-06-09 16:22:11.352845 7f86a5610700 12 KeyValueStore::op_tp worker wq KeyValueStore::OpWQ start processing 0xc62eb40 (2 active)
2014-06-09 16:22:11.352848 7f86a5610700 5 _do_op 0x309a26c0 seq 3081 osr(2.364 0x2ed11b0)/0x2ed11b0 start
