2014-06-09 16:22:11.495735 7f868b759700 10 osd.26 pg_epoch: 243 pg[1.a6( empty local-les=212 n=0 ec=1 les/c 212/212 242/242/211) [8,26] r=1 lpr=242 pi=13-241/21 crt=0'0 inactive NOTIFY] state: got info+log from osd.8 1.a6( empty local-les=243 n=0 ec=1 les/c 212/212 242/242/211) log((0'0,0'0], crt=0'0)
2014-06-09 16:22:11.495747 7f868b759700 10 merge_log log((0'0,0'0], crt=0'0) from osd.8 into log((0'0,0'0], crt=0'0)
2014-06-09 16:22:11.495751 7f868b759700 10 merge_log result log((0'0,0'0], crt=0'0) missing(0) changed=0
2014-06-09 16:22:11.495745 7f8691765700 10 osd.26 pg_epoch: 243 pg[0.759( empty local-les=243 n=0 ec=1 les/c 203/203 242/242/242) [26,4] r=0 lpr=242 pi=202-241/2 crt=0'0 mlcod 0'0 inactive] state: Active: got notify from 4, already have info from that osd, ignoring
2014-06-09 16:22:11.495755 7f8691765700 10 log is not dirty
2014-06-09 16:22:11.495755 7f868b759700 5 osd.26 pg_epoch: 243 pg[1.a6( empty local-les=212 n=0 ec=1 les/c 212/212 242/242/211) [8,26] r=1 lpr=242 pi=13-241/21 crt=0'0 inactive NOTIFY] exit Started/Stray 0.857177 7 0.000194
2014-06-09 16:22:11.495759 7f8691765700 10 osd.26 pg_epoch: 243 pg[1.1c9( empty local-les=243 n=0 ec=1 les/c 203/203 242/242/242) [26,4] r=0 lpr=242 pi=202-241/2 crt=0'0 mlcod 0'0 inactive] handle_peering_event: epoch_sent: 242 epoch_requested: 242 MNotifyRec from 4 notify: (query_epoch:242, epoch_sent:242, info:1.1c9( empty local-les=203 n=0 ec=1 les/c 203/203 242/242/242))
2014-06-09 16:22:11.495766 7f868b759700 5 osd.26 pg_epoch: 243 pg[1.a6( empty local-les=212 n=0 ec=1 les/c 212/212 242/242/211) [8,26] r=1 lpr=242 pi=13-241/21 crt=0'0 inactive NOTIFY] enter Started/ReplicaActive
2014-06-09 16:22:11.495772 7f8691765700 10 osd.26 pg_epoch: 243 pg[1.1c9( empty local-les=243 n=0 ec=1 les/c 203/203 242/242/242) [26,4] r=0 lpr=242 pi=202-241/2 crt=0'0 mlcod 0'0 inactive] state: Active: got notify from 4, already have info from that osd, ignoring
2014-06-09 16:22:11.495782 7f8691765700 10 log is not dirty
2014-06-09 16:22:11.495778 7f868b759700 5 osd.26 pg_epoch: 243 pg[1.a6( empty local-les=212 n=0 ec=1 les/c 212/212 242/242/211) [8,26] r=1 lpr=242 pi=13-241/21 crt=0'0 inactive NOTIFY] enter Started/ReplicaActive/RepNotRecovering
2014-06-09 16:22:11.495786 7f8691765700 10 osd.26 pg_epoch: 243 pg[2.113( empty local-les=210 n=0 ec=1 les/c 210/210 242/242/209) [7,26] r=1 lpr=242 pi=1-241/23 crt=0'0 inactive NOTIFY] handle_peering_event: epoch_sent: 243 epoch_requested: 243 MLogRec from 7
2014-06-09 16:22:11.495788 7f868b759700 10 osd.26 pg_epoch: 243 pg[1.a6( empty local-les=212 n=0 ec=1 les/c 212/212 242/242/211) [8,26] r=1 lpr=242 pi=13-241/21 crt=0'0 inactive NOTIFY] state: In ReplicaActive, about to call activate
2014-06-09 16:22:11.495800 7f868b759700 10 osd.26 pg_epoch: 243 pg[1.a6( empty local-les=243 n=0 ec=1 les/c 212/212 242/242/211) [8,26] r=1 lpr=242 pi=13-241/21 crt=0'0 inactive] activate - no missing, moving last_complete 0'0 -> 0'0
2014-06-09 16:22:11.495799 7f8691765700 10 osd.26 pg_epoch: 243 pg[2.113( empty local-les=210 n=0 ec=1 les/c 210/210 242/242/209) [7,26] r=1 lpr=242 pi=1-241/23 crt=0'0 inactive NOTIFY] state: got info+log from osd.7 2.113( empty local-les=243 n=0 ec=1 les/c 210/210 242/242/209) log((0'0,0'0], crt=0'0)
2014-06-09 16:22:11.495812 7f8691765700 10 merge_log log((0'0,0'0], crt=0'0) from osd.7 into log((0'0,0'0], crt=0'0)
2014-06-09 16:22:11.495808 7f868b759700 10 osd.26 pg_epoch: 243 pg[1.a6( empty local-les=243 n=0 ec=1 les/c 212/212 242/242/211) [8,26] r=1 lpr=242 pi=13-241/21 crt=0'0 inactive] state: Activate Finished
2014-06-09 16:22:11.495816 7f8691765700 10 merge_log result log((0'0,0'0], crt=0'0) missing(0) changed=0
2014-06-09 16:22:11.495819 7f8691765700 5 osd.26 pg_epoch: 243 pg[2.113( empty local-les=210 n=0 ec=1 les/c 210/210 242/242/209) [7,26] r=1 lpr=242 pi=1-241/23 crt=0'0 inactive NOTIFY] exit Started/Stray 0.726267 7 0.000175
2014-06-09 16:22:11.495831 7f8691765700 5 osd.26 pg_epoch: 243 pg[2.113( empty local-les=210 n=0 ec=1 les/c 210/210 242/242/209) [7,26] r=1 lpr=242 pi=1-241/23 crt=0'0 inactive NOTIFY] enter Started/ReplicaActive
2014-06-09 16:22:11.495842 7f8691765700 5 osd.26 pg_epoch: 243 pg[2.113( empty local-les=210 n=0 ec=1 les/c 210/210 242/242/209) [7,26] r=1 lpr=242 pi=1-241/23 crt=0'0 inactive NOTIFY] enter Started/ReplicaActive/RepNotRecovering
2014-06-09 16:22:11.495854 7f868b759700 10 log is not dirty
2014-06-09 16:22:11.495852 7f8691765700 10 osd.26 pg_epoch: 243 pg[2.113( empty local-les=210 n=0 ec=1 les/c 210/210 242/242/209) [7,26] r=1 lpr=242 pi=1-241/23 crt=0'0 inactive NOTIFY] state: In ReplicaActive, about to call activate
2014-06-09 16:22:11.495859 7f868b759700 5 queue_transactions existing osr(1.a6 0x384c750)/0x384c750
2014-06-09 16:22:11.495862 7f868b759700 10 op_submit_start 3180
2014-06-09 16:22:11.495864 7f868b759700 5 queue_transactions (trailing journal) 3180
2014-06-09 16:22:11.495865 7f868b759700 5 queue_op 0x308cab40 seq 3180 osr(1.a6 0x384c750) 1873 bytes (queue has 46 ops and 83114 bytes)
2014-06-09 16:22:11.495868 7f868b759700 10 op_submit_finish 3180
2014-06-09 16:22:11.495861 7f8691765700 10 osd.26 pg_epoch: 243 pg[2.113( empty local-les=243 n=0 ec=1 les/c 210/210 242/242/209) [7,26] r=1 lpr=242 pi=1-241/23 crt=0'0 inactive] activate - no missing, moving last_complete 0'0 -> 0'0
2014-06-09 16:22:11.495871 7f8691765700 10 osd.26 pg_epoch: 243 pg[2.113( empty local-les=243 n=0 ec=1 les/c 210/210 242/242/209) [7,26] r=1 lpr=242 pi=1-241/23 crt=0'0 inactive] state: Activate Finished
2014-06-09 16:22:11.495871 7f868b759700 10 osd.26 pg_epoch: 243 pg[3.7e4( v 214'548 (0'0,214'548] local-les=243 n=108 ec=118 les/c 208/208 242/242/242) [26,6] r=0 lpr=242 pi=207-241/2 crt=0'0 lcod 0'0 mlcod 0'0 inactive] handle_peering_event: epoch_sent: 243 epoch_requested: 243 MNotifyRec from 6 notify: (query_epoch:243, epoch_sent:243, info:3.7e4( v 214'548 (0'0,214'548] local-les=208 n=108 ec=118 les/c 208/208 242/242/242))
2014-06-09 16:22:11.495887 7f868b759700 10 osd.26 pg_epoch: 243 pg[3.7e4( v 214'548 (0'0,214'548] local-les=243 n=108 ec=118 les/c 208/208 242/242/242) [26,6] r=0 lpr=242 pi=207-241/2 crt=0'0 lcod 0'0 mlcod 0'0 inactive] state: Active: got notify from 6, already have info from that osd, ignoring
2014-06-09 16:22:11.495902 7f868b759700 10 log is not dirty
2014-06-09 16:22:11.495907 7f868b759700 10 osd.26 pg_epoch: 243 pg[3.d1( v 213'637 (0'0,213'637] local-les=191 n=123 ec=118 les/c 191/191 242/242/220) [0,26] r=1 lpr=242 pi=118-241/12 crt=0'0 lcod 0'0 inactive NOTIFY] handle_peering_event: epoch_sent: 243 epoch_requested: 243 MInfoRec from 0 info: 3.d1( v 213'637 (0'0,213'637] local-les=243 n=123 ec=118 les/c 191/191 242/242/220)
2014-06-09 16:22:11.495920 7f8691765700 10 log is not dirty
2014-06-09 16:22:11.495925 7f8691765700 5 queue_transactions existing osr(2.113 0x2ed06b0)/0x2ed06b0
2014-06-09 16:22:11.495928 7f8691765700 10 op_submit_start 3181
2014-06-09 16:22:11.495929 7f8691765700 5 queue_transactions (trailing journal) 3181
2014-06-09 16:22:11.495920 7f868b759700 10 osd.26 pg_epoch: 243 pg[3.d1( v 213'637 (0'0,213'637] local-les=191 n=123 ec=118 les/c 191/191 242/242/220) [0,26] r=1 lpr=242 pi=118-241/12 crt=0'0 lcod 0'0 inactive NOTIFY] state: got info from osd.0 3.d1( v 213'637 (0'0,213'637] local-les=243 n=123 ec=118 les/c 191/191 242/242/220)
2014-06-09 16:22:11.495931 7f8691765700 5 queue_op 0x30607a40 seq 3181 osr(2.113 0x2ed06b0) 1954 bytes (queue has 47 ops and 85068 bytes)
2014-06-09 16:22:11.495934 7f8691765700 10 op_submit_finish 3181
2014-06-09 16:22:11.495933 7f868b759700 5 osd.26 pg_epoch: 243 pg[3.d1( v 213'637 (0'0,213'637] local-les=191 n=123 ec=118 les/c 191/191 242/242/220) [0,26] r=1 lpr=242 pi=118-241/12 crt=0'0 lcod 0'0 inactive NOTIFY] exit Started/Stray 1.222437 7 0.000166
2014-06-09 16:22:11.495936 7f8691765700 10 osd.26 pg_epoch: 243 pg[3.ed( v 214'568 (0'0,214'568] local-les=243 n=105 ec=118 les/c 201/201 242/242/242) [26,3] r=0 lpr=242 pi=200-241/2 crt=0'0 lcod 0'0 mlcod 0'0 inactive] handle_peering_event: epoch_sent: 243 epoch_requested: 243 MNotifyRec from 3 notify: (query_epoch:243, epoch_sent:243, info:3.ed( v 214'568 (0'0,214'568] local-les=201 n=105 ec=118 les/c 201/201 242/242/242))
2014-06-09 16:22:11.495946 7f868b759700 5 osd.26 pg_epoch: 243 pg[3.d1( v 213'637 (0'0,213'637] local-les=191 n=123 ec=118 les/c 191/191 242/242/220) [0,26] r=1 lpr=242 pi=118-241/12 crt=0'0 lcod 0'0 inactive NOTIFY] enter Started/ReplicaActive
2014-06-09 16:22:11.495952 7f8691765700 10 osd.26 pg_epoch: 243 pg[3.ed( v 214'568 (0'0,214'568] local-les=243 n=105 ec=118 les/c 201/201 242/242/242) [26,3] r=0 lpr=242 pi=200-241/2 crt=0'0 lcod 0'0 mlcod 0'0 inactive] state: Active: got notify from 3, already have info from that osd, ignoring
2014-06-09 16:22:11.495964 7f8691765700 10 log is not dirty
2014-06-09 16:22:11.495957 7f868b759700 5 osd.26 pg_epoch: 243 pg[3.d1( v 213'637 (0'0,213'637] local-les=191 n=123 ec=118 les/c 191/191 242/242/220) [0,26] r=1 lpr=242 pi=118-241/12 crt=0'0 lcod 0'0 inactive NOTIFY] enter Started/ReplicaActive/RepNotRecovering
2014-06-09 16:22:11.495968 7f8691765700 10 osd.26 pg_epoch: 243 pg[2.f4( empty local-les=191 n=0 ec=1 les/c 191/191 242/242/222) [1,26] r=1 lpr=242 pi=1-241/22 crt=0'0 inactive NOTIFY] handle_peering_event: epoch_sent: 243 epoch_requested: 243 MLogRec from 1
2014-06-09 16:22:11.495969 7f868b759700 10 osd.26 pg_epoch: 243 pg[3.d1( v 213'637 (0'0,213'637] local-les=191 n=123 ec=118 les/c 191/191 242/242/220) [0,26] r=1 lpr=242 pi=118-241/12 crt=0'0 lcod 0'0 inactive NOTIFY] state: In ReplicaActive, about to call activate
2014-06-09 16:22:11.495980 7f868b759700 10 osd.26 pg_epoch: 243 pg[3.d1( v 213'637 (0'0,213'637] local-les=243 n=123 ec=118 les/c 191/191 242/242/220) [0,26] r=1 lpr=242 pi=118-241/12 crt=0'0 lcod 0'0 inactive] activate - no missing, moving last_complete 213'637 -> 213'637
2014-06-09 16:22:11.495980 7f8691765700 10 osd.26 pg_epoch: 243 pg[2.f4( empty local-les=191 n=0 ec=1 les/c 191/191 242/242/222) [1,26] r=1 lpr=242 pi=1-241/22 crt=0'0 inactive NOTIFY] state: got info+log from osd.1 2.f4( empty local-les=243 n=0 ec=1 les/c 191/191 242/242/222) log((0'0,0'0], crt=0'0)
2014-06-09 16:22:11.495993 7f8691765700 10 merge_log log((0'0,0'0], crt=0'0) from osd.1 into log((0'0,0'0], crt=0'0)
2014-06-09 16:22:11.495997 7f8691765700 10 merge_log result log((0'0,0'0], crt=0'0) missing(0) changed=0
2014-06-09 16:22:11.496000 7f8691765700 5 osd.26 pg_epoch: 243 pg[2.f4( empty local-les=191 n=0 ec=1 les/c 191/191 242/242/222) [1,26] r=1 lpr=242 pi=1-241/22 crt=0'0 inactive NOTIFY] exit Started/Stray 1.038515 7 0.000197
2014-06-09 16:22:11.496011 7f8691765700 5 osd.26 pg_epoch: 243 pg[2.f4( empty local-les=191 n=0 ec=1 les/c 191/191 242/242/222) [1,26] r=1 lpr=242 pi=1-241/22 crt=0'0 inactive NOTIFY] enter Started/ReplicaActive
2014-06-09 16:22:11.496022 7f8691765700 5 osd.26 pg_epoch: 243 pg[2.f4( empty local-les=191 n=0 ec=1 les/c 191/191 242/242/222) [1,26] r=1 lpr=242 pi=1-241/22 crt=0'0 inactive NOTIFY] enter Started/ReplicaActive/RepNotRecovering
2014-06-09 16:22:11.496022 7f868b759700 10 osd.26 pg_epoch: 243 pg[3.d1( v 213'637 (0'0,213'637] local-les=243 n=123 ec=118 les/c 191/191 242/242/220) [0,26] r=1 lpr=242 pi=118-241/12 crt=0'0 lcod 0'0 inactive] state: Activate Finished
2014-06-09 16:22:11.496032 7f8691765700 10 osd.26 pg_epoch: 243 pg[2.f4( empty local-les=191 n=0 ec=1 les/c 191/191 242/242/222) [1,26] r=1 lpr=242 pi=1-241/22 crt=0'0 inactive NOTIFY] state: In ReplicaActive, about to call activate
2014-06-09 16:22:11.496041 7f8691765700 10 osd.26 pg_epoch: 243 pg[2.f4( empty local-les=243 n=0 ec=1 les/c 191/191 242/242/222) [1,26] r=1 lpr=242 pi=1-241/22 crt=0'0 inactive] activate - no missing, moving last_complete 0'0 -> 0'0
2014-06-09 16:22:11.496050 7f8691765700 10 osd.26 pg_epoch: 243 pg[2.f4( empty local-les=243 n=0 ec=1 les/c 191/191 242/242/222) [1,26] r=1 lpr=242 pi=1-241/22 crt=0'0 inactive] state: Activate Finished
2014-06-09 16:22:11.496065 7f868b759700 10 log is not dirty
2014-06-09 16:22:11.496070 7f868b759700 5 queue_transactions existing osr(3.d1 0x3ed0560)/0x3ed0560
2014-06-09 16:22:11.496073 7f868b759700 10 op_submit_start 3182
2014-06-09 16:22:11.496074 7f868b759700 5 queue_transactions (trailing journal) 3182
2014-06-09 16:22:11.496075 7f868b759700 5 queue_op 0x308caae0 seq 3182 osr(3.d1 0x3ed0560) 1426 bytes (queue has 48 ops and 86494 bytes)
2014-06-09 16:22:11.496078 7f868b759700 10 op_submit_finish 3182
2014-06-09 16:22:11.496081 7f868b759700 10 osd.26 pg_epoch: 243 pg[2.52e( empty local-les=206 n=0 ec=1 les/c 206/206 242/242/205) [5,26] r=1 lpr=242 pi=5-241/23 crt=0'0 inactive NOTIFY] handle_peering_event: epoch_sent: 243 epoch_requested: 243 MLogRec from 5
2014-06-09 16:22:11.496096 7f8691765700 10 log is not dirty
2014-06-09 16:22:11.496101 7f8691765700 5 queue_transactions existing osr(2.f4 0x2ed0790)/0x2ed0790
2014-06-09 16:22:11.496092 7f868b759700 10 osd.26 pg_epoch: 243 pg[2.52e( empty local-les=206 n=0 ec=1 les/c 206/206 242/242/205) [5,26] r=1 lpr=242 pi=5-241/23 crt=0'0 inactive NOTIFY] state: got info+log from osd.5 2.52e( empty local-les=243 n=0 ec=1 les/c 206/206 242/242/205) log((0'0,0'0], crt=0'0)
2014-06-09 16:22:11.496103 7f8691765700 10 op_submit_start 3183
2014-06-09 16:22:11.496105 7f8691765700 5 queue_transactions (trailing journal) 3183
2014-06-09 16:22:11.496104 7f868b759700 10 merge_log log((0'0,0'0], crt=0'0) from osd.5 into log((0'0,0'0], crt=0'0)
2014-06-09 16:22:11.496106 7f8691765700 5 queue_op 0x306079e0 seq 3183 osr(2.f4 0x2ed0790) 1880 bytes (queue has 49 ops and 88374 bytes)
2014-06-09 16:22:11.496109 7f8691765700 10 op_submit_finish 3183
2014-06-09 16:22:11.496108 7f868b759700 10 merge_log result log((0'0,0'0], crt=0'0) missing(0) changed=0
2014-06-09 16:22:11.496111 7f868b759700 5 osd.26 pg_epoch: 243 pg[2.52e( empty local-les=206 n=0 ec=1 les/c 206/206 242/242/205) [5,26] r=1 lpr=242 pi=5-241/23 crt=0'0 inactive NOTIFY] exit Started/Stray 1.015454 7 0.000991
2014-06-09 16:22:11.496112 7f8691765700 10 osd.26 pg_epoch: 243 pg[2.501( empty local-les=213 n=0 ec=1 les/c 213/213 242/242/212) [9,26] r=1 lpr=242 pi=1-241/25 crt=0'0 inactive NOTIFY] handle_peering_event: epoch_sent: 243 epoch_requested: 243 MLogRec from 9
2014-06-09 16:22:11.496122 7f868b759700 5 osd.26 pg_epoch: 243 pg[2.52e( empty local-les=206 n=0 ec=1 les/c 206/206 242/242/205) [5,26] r=1 lpr=242 pi=5-241/23 crt=0'0 inactive NOTIFY] enter Started/ReplicaActive
2014-06-09 16:22:11.496124 7f8691765700 10 osd.26 pg_epoch: 243 pg[2.501( empty local-les=213 n=0 ec=1 les/c 213/213 242/242/212) [9,26] r=1 lpr=242 pi=1-241/25 crt=0'0 inactive NOTIFY] state: got info+log from osd.9 2.501( empty local-les=243 n=0 ec=1 les/c 213/213 242/242/212) log((0'0,0'0], crt=0'0)
2014-06-09 16:22:11.496136 7f8691765700 10 merge_log log((0'0,0'0], crt=0'0) from osd.9 into log((0'0,0'0], crt=0'0)
2014-06-09 16:22:11.496132 7f868b759700 5 osd.26 pg_epoch: 243 pg[2.52e( empty local-les=206 n=0 ec=1 les/c 206/206 242/242/205) [5,26] r=1 lpr=242 pi=5-241/23 crt=0'0 inactive NOTIFY] enter Started/ReplicaActive/RepNotRecovering
2014-06-09 16:22:11.496140 7f8691765700 10 merge_log result log((0'0,0'0], crt=0'0) missing(0) changed=0
2014-06-09 16:22:11.496142 7f868b759700 10 osd.26 pg_epoch: 243 pg[2.52e( empty local-les=206 n=0 ec=1 les/c 206/206 242/242/205) [5,26] r=1 lpr=242 pi=5-241/23 crt=0'0 inactive NOTIFY] state: In ReplicaActive, about to call activate
2014-06-09 16:22:11.496144 7f8691765700 5 osd.26 pg_epoch: 243 pg[2.501( empty local-les=213 n=0 ec=1 les/c 213/213 242/242/212) [9,26] r=1 lpr=242 pi=1-241/25 crt=0'0 inactive NOTIFY] exit Started/Stray 1.048314 7 0.001853
2014-06-09 16:22:11.496151 7f868b759700 10 osd.26 pg_epoch: 243 pg[2.52e( empty local-les=243 n=0 ec=1 les/c 206/206 242/242/205) [5,26] r=1 lpr=242 pi=5-241/23 crt=0'0 inactive] activate - no missing, moving last_complete 0'0 -> 0'0
2014-06-09 16:22:11.496155 7f8691765700 5 osd.26 pg_epoch: 243 pg[2.501( empty local-les=213 n=0 ec=1 les/c 213/213 242/242/212) [9,26] r=1 lpr=242 pi=1-241/25 crt=0'0 inactive NOTIFY] enter Started/ReplicaActive
2014-06-09 16:22:11.496159 7f868b759700 10 osd.26 pg_epoch: 243 pg[2.52e( empty local-les=243 n=0 ec=1 les/c 206/206 242/242/205) [5,26] r=1 lpr=242 pi=5-241/23 crt=0'0 inactive] state: Activate Finished
2014-06-09 16:22:11.496166 7f8691765700 5 osd.26 pg_epoch: 243 pg[2.501( empty local-les=213 n=0 ec=1 les/c 213/213 242/242/212) [9,26] r=1 lpr=242 pi=1-241/25 crt=0'0 inactive NOTIFY] enter Started/ReplicaActive/RepNotRecovering
2014-06-09 16:22:11.496176 7f8691765700 10 osd.26 pg_epoch: 243 pg[2.501( empty local-les=213 n=0 ec=1 les/c 213/213 242/242/212) [9,26] r=1 lpr=242 pi=1-241/25 crt=0'0 inactive NOTIFY] state: In ReplicaActive, about to call activate
2014-06-09 16:22:11.496185 7f8691765700 10 osd.26 pg_epoch: 243 pg[2.501( empty local-les=243 n=0 ec=1 les/c 213/213 242/242/212) [9,26] r=1 lpr=242 pi=1-241/25 crt=0'0 inactive] activate - no missing, moving last_complete 0'0 -> 0'0
2014-06-09 16:22:11.496193 7f8691765700 10 osd.26 pg_epoch: 243 pg[2.501( empty local-les=243 n=0 ec=1 les/c 213/213 242/242/212) [9,26] r=1 lpr=242 pi=1-241/25 crt=0'0 inactive] state: Activate Finished
2014-06-09 16:22:11.496207 7f868b759700 10 log is not dirty
2014-06-09 16:22:11.496212 7f868b759700 5 queue_transactions existing osr(2.52e 0x2ed1600)/0x2ed1600
2014-06-09 16:22:11.496215 7f868b759700 10 op_submit_start 3184
2014-06-09 16:22:11.496216 7f868b759700 5 queue_transactions (trailing journal) 3184
2014-06-09 16:22:11.496217 7f868b759700 5 queue_op 0x308caa80 seq 3184 osr(2.52e 0x2ed1600) 1974 bytes (queue has 50 ops and 90348 bytes)
2014-06-09 16:22:11.496220 7f868b759700 10 op_submit_finish 3184
2014-06-09 16:22:11.496223 7f868b759700 10 osd.26 pg_epoch: 243 pg[3.7ae( v 213'629 (0'0,213'629] local-les=191 n=119 ec=118 les/c 191/191 242/242/223) [2,26] r=1 lpr=242 pi=118-241/12 crt=0'0 lcod 0'0 inactive NOTIFY] handle_peering_event: epoch_sent: 243 epoch_requested: 243 MInfoRec from 2 info: 3.7ae( v 213'629 (0'0,213'629] local-les=243 n=119 ec=118 les/c 191/191 242/242/223)
2014-06-09 16:22:11.496241 7f8691765700 10 log is not dirty
2014-06-09 16:22:11.496235 7f868b759700 10 osd.26 pg_epoch: 243 pg[3.7ae( v 213'629 (0'0,213'629] local-les=191 n=119 ec=118 les/c 191/191 242/242/223) [2,26] r=1 lpr=242 pi=118-241/12 crt=0'0 lcod 0'0 inactive NOTIFY] state: got info from osd.2 3.7ae( v 213'629 (0'0,213'629] local-les=243 n=119 ec=118 les/c 191/191 242/242/223)
2014-06-09 16:22:11.496246 7f8691765700 5 queue_transactions existing osr(2.501 0x2ed1690)/0x2ed1690
2014-06-09 16:22:11.496249 7f8691765700 2 waiting 51 > 50 ops || 92400 > 104857600
2014-06-09 16:22:11.496248 7f868b759700 5 osd.26 pg_epoch: 243 pg[3.7ae( v 213'629 (0'0,213'629] local-les=191 n=119 ec=118 les/c 191/191 242/242/223) [2,26] r=1 lpr=242 pi=118-241/12 crt=0'0 lcod 0'0 inactive NOTIFY] exit Started/Stray 1.331951 7 0.000186
2014-06-09 16:22:11.496258 7f868b759700 5 osd.26 pg_epoch: 243 pg[3.7ae( v 213'629 (0'0,213'629] local-les=191 n=119 ec=118 les/c 191/191 242/242/223) [2,26] r=1 lpr=242 pi=118-241/12 crt=0'0 lcod 0'0 inactive NOTIFY] enter Started/ReplicaActive
2014-06-09 16:22:11.496271 7f868b759700 5 osd.26 pg_epoch: 243 pg[3.7ae( v 213'629 (0'0,213'629] local-les=191 n=119 ec=118 les/c 191/191 242/242/223) [2,26] r=1 lpr=242 pi=118-241/12 crt=0'0 lcod 0'0 inactive NOTIFY] enter Started/ReplicaActive/RepNotRecovering
2014-06-09 16:22:11.496281 7f868b759700 10 osd.26 pg_epoch: 243 pg[3.7ae( v 213'629 (0'0,213'629] local-les=191 n=119 ec=118 les/c 191/191 242/242/223) [2,26] r=1 lpr=242 pi=118-241/12 crt=0'0 lcod 0'0 inactive NOTIFY] state: In ReplicaActive, about to call activate
2014-06-09 16:22:11.496292 7f868b759700 10 osd.26 pg_epoch: 243 pg[3.7ae( v 213'629 (0'0,213'629] local-les=243 n=119 ec=118 les/c 191/191 242/242/223) [2,26] r=1 lpr=242 pi=118-241/12 crt=0'0 lcod 0'0 inactive] activate - no missing, moving last_complete 213'629 -> 213'629
2014-06-09 16:22:11.496333 7f868b759700 10 osd.26 pg_epoch: 243 pg[3.7ae( v 213'629 (0'0,213'629] local-les=243 n=119 ec=118 les/c 191/191 242/242/223) [2,26] r=1 lpr=242 pi=118-241/12 crt=0'0 lcod 0'0 inactive] state: Activate Finished
2014-06-09 16:22:11.496376 7f868b759700 10 log is not dirty
2014-06-09 16:22:11.496381 7f868b759700 5 queue_transactions existing osr(3.7ae 0xb7f01d0)/0xb7f01d0
2014-06-09 16:22:11.496383 7f868b759700 2 waiting 51 > 50 ops || 91777 > 104857600
2014-06-09 16:22:11.496391 7f868af58700 20 OSD::op_tp worker waiting
2014-06-09 16:22:11.496398 7f8690763700 10 op_submit_start 3185
2014-06-09 16:22:11.496400 7f8690763700 5 queue_transactions (trailing journal) 3185
2014-06-09 16:22:11.496402 7f8690763700 5 queue_op 0x30607560 seq 3185 osr(1.589 0x384da10) 2009 bytes (queue has 50 ops and 90348 bytes)
2014-06-09 16:22:11.496405 7f8690763700 10 op_submit_finish 3185
2014-06-09 16:22:11.496410 7f8690763700 10 osd.26 pg_epoch: 243 pg[3.6e( v 214'610 (0'0,214'610] local-les=201 n=117 ec=118 les/c 201/201 242/242/242) [26,3] r=0 lpr=242 pi=200-241/2 crt=0'0 lcod 0'0 mlcod 0'0 peering] handle_peering_event: epoch_sent: 243 epoch_requested: 243 MNotifyRec from 3 notify: (query_epoch:243, epoch_sent:243, info:3.6e( v 214'612 (0'0,214'612] local-les=201 n=117 ec=118 les/c 201/201 242/242/242))
2014-06-09 16:22:11.496425 7f8690763700 7 osd.26 pg_epoch: 243 pg[3.6e( v 214'610 (0'0,214'610] local-les=201 n=117 ec=118 les/c 201/201 242/242/242) [26,3] r=0 lpr=242 pi=200-241/2 crt=0'0 lcod 0'0 mlcod 0'0 peering] state: handle_pg_notify from osd.3
2014-06-09 16:22:11.496435 7f8690763700 10 osd.26 pg_epoch: 243 pg[3.6e( v 214'610 (0'0,214'610] local-les=201 n=117 ec=118 les/c 201/201 242/242/242) [26,3] r=0 lpr=242 pi=200-241/2 crt=0'0 lcod 0'0 mlcod 0'0 peering] state: pg[3.6e( v 214'610 (0'0,214'610] local-les=201 n=117 ec=118 les/c 201/201 242/242/242) [26,3] r=0 lpr=242 pi=200-241/2 crt=0'0 lcod 0'0 mlcod 0'0 peering] got dup osd.3 info 3.6e( v 214'612 (0'0,214'612] local-les=201 n=117 ec=118 les/c 201/201 242/242/242), identical to ours
2014-06-09 16:22:11.496455 7f8690763700 10 log is not dirty
2014-06-09 16:22:11.496460 7f8690763700 10 osd.26 pg_epoch: 243 pg[0.7d( empty local-les=243 n=0 ec=1 les/c 201/201 242/242/242) [26,3] r=0 lpr=242 pi=200-241/2 crt=0'0 mlcod 0'0 inactive] handle_peering_event: epoch_sent: 243 epoch_requested: 243 MNotifyRec from 3 notify: (query_epoch:243, epoch_sent:243, info:0.7d( empty local-les=201 n=0 ec=1 les/c 201/201 242/242/242))
2014-06-09 16:22:11.496471 7f8690763700 10 osd.26 pg_epoch: 243 pg[0.7d( empty local-les=243 n=0 ec=1 les/c 201/201 242/242/242) [26,3] r=0 lpr=242 pi=200-241/2 crt=0'0 mlcod 0'0 inactive] state: Active: got notify from 3, already have info from that osd, ignoring
2014-06-09 16:22:11.496481 7f8690763700 10 log is not dirty
2014-06-09 16:22:11.496485 7f8690763700 10 osd.26 pg_epoch: 243 pg[2.82( empty local-les=243 n=0 ec=1 les/c 201/201 242/242/242) [26,3] r=0 lpr=242 pi=200-241/2 crt=0'0 mlcod 0'0 inactive] handle_peering_event: epoch_sent: 243 epoch_requested: 243 MNotifyRec from 3 notify: (query_epoch:243, epoch_sent:243, info:2.82( empty local-les=201 n=0 ec=1 les/c 201/201 242/242/242))
2014-06-09 16:22:11.496496 7f8690763700 10 osd.26 pg_epoch: 243 pg[2.82( empty local-les=243 n=0 ec=1 les/c 201/201 242/242/242) [26,3] r=0 lpr=242 pi=200-241/2 crt=0'0 mlcod 0'0 inactive] state: Active: got notify from 3, already have info from that osd, ignoring
2014-06-09 16:22:11.496506 7f8690763700 10 log is not dirty
2014-06-09 16:22:11.496511 7f8690763700 10 osd.26 pg_epoch: 243 pg[2.69d( empty local-les=191 n=0 ec=1 les/c 191/191 242/242/222) [1,26] r=1 lpr=242 pi=1-241/22 crt=0'0 inactive NOTIFY] handle_peering_event: epoch_sent: 243 epoch_requested: 243 MLogRec from 1
2014-06-09 16:22:11.496522 7f8690763700 10 osd.26 pg_epoch: 243 pg[2.69d( empty local-les=191 n=0 ec=1 les/c 191/191 242/242/222) [1,26] r=1 lpr=242 pi=1-241/22 crt=0'0 inactive NOTIFY] state: got info+log from osd.1 2.69d( empty local-les=243 n=0 ec=1 les/c 191/191 242/242/222) log((0'0,0'0], crt=0'0)
2014-06-09 16:22:11.496533 7f8690763700 10 merge_log log((0'0,0'0], crt=0'0) from osd.1 into log((0'0,0'0], crt=0'0)
2014-06-09 16:22:11.496537 7f8690763700 10 merge_log result log((0'0,0'0], crt=0'0) missing(0) changed=0
2014-06-09 16:22:11.496540 7f8690763700 5 osd.26 pg_epoch: 243 pg[2.69d( empty local-les=191 n=0 ec=1 les/c 191/191 242/242/222) [1,26] r=1 lpr=242 pi=1-241/22 crt=0'0 inactive NOTIFY] exit Started/Stray 1.188997 7 0.000178
2014-06-09 16:22:11.496551 7f8690763700 5 osd.26 pg_epoch: 243 pg[2.69d( empty local-les=191 n=0 ec=1 les/c 191/191 242/242/222) [1,26] r=1 lpr=242 pi=1-241/22 crt=0'0 inactive NOTIFY] enter Started/ReplicaActive
2014-06-09 16:22:11.496561 7f8690763700 5 osd.26 pg_epoch: 243 pg[2.69d( empty local-les=191 n=0 ec=1 les/c 191/191 242/242/222) [1,26] r=1 lpr=242 pi=1-241/22 crt=0'0 inactive NOTIFY] enter Started/ReplicaActive/RepNotRecovering
2014-06-09 16:22:11.496570 7f8690763700 10 osd.26 pg_epoch: 243 pg[2.69d( empty local-les=191 n=0 ec=1 les/c 191/191 242/242/222) [1,26] r=1 lpr=242 pi=1-241/22 crt=0'0 inactive NOTIFY] state: In ReplicaActive, about to call activate
2014-06-09 16:22:11.496579 7f8690763700 10 osd.26 pg_epoch: 243 pg[2.69d( empty local-les=243 n=0 ec=1 les/c 191/191 242/242/222) [1,26] r=1 lpr=242 pi=1-241/22 crt=0'0 inactive] activate - no missing, moving last_complete 0'0 -> 0'0
2014-06-09 16:22:11.496588 7f8690763700 10 osd.26 pg_epoch: 243 pg[2.69d( empty local-les=243 n=0 ec=1 les/c 191/191 242/242/222) [1,26] r=1 lpr=242 pi=1-241/22 crt=0'0 inactive] state: Activate Finished
2014-06-09 16:22:11.496636 7f8690763700 10 log is not dirty
2014-06-09 16:22:11.496641 7f8690763700 5 queue_transactions existing osr(2.69d 0x2ed1ef0)/0x2ed1ef0
2014-06-09 16:22:11.496644 7f8690763700 2 waiting 51 > 50 ops || 92231 > 104857600
2014-06-09 16:22:11.496652 7f868a757700 20 OSD::op_tp worker waiting
2014-06-09 16:22:11.496658 7f868e75f700 10 op_submit_start 3186
2014-06-09 16:22:11.496660 7f868e75f700 5 queue_transactions (trailing journal) 3186
2014-06-09 16:22:11.496661 7f868e75f700 5 queue_op 0x2fcae060 seq 3186 osr(2.d3 0x2ed0450) 1951 bytes (queue has 50 ops and 90348 bytes)
2014-06-09 16:22:11.496664 7f868e75f700 10 op_submit_finish 3186
2014-06-09 16:22:11.496670 7f868e75f700 10 osd.26 pg_epoch: 243 pg[2.350( empty local-les=212 n=0 ec=1 les/c 212/212 242/242/211) [8,26] r=1 lpr=242 pi=1-241/24 crt=0'0 inactive NOTIFY] handle_peering_event: epoch_sent: 243 epoch_requested: 243 MLogRec from 8
2014-06-09 16:22:11.496682 7f868e75f700 10 osd.26 pg_epoch: 243 pg[2.350( empty local-les=212 n=0 ec=1 les/c 212/212 242/242/211) [8,26] r=1 lpr=242 pi=1-241/24 crt=0'0 inactive NOTIFY] state: got info+log from osd.8 2.350( empty local-les=243 n=0 ec=1 les/c 212/212 242/242/211) log((0'0,0'0], crt=0'0)
2014-06-09 16:22:11.496694 7f868e75f700 10 merge_log log((0'0,0'0], crt=0'0) from osd.8 into log((0'0,0'0], crt=0'0)
2014-06-09 16:22:11.496698 7f868e75f700 10 merge_log result log((0'0,0'0], crt=0'0) missing(0) changed=0
2014-06-09 16:22:11.496702 7f868e75f700 5 osd.26 pg_epoch: 243 pg[2.350( empty local-les=212 n=0 ec=1 les/c 212/212 242/242/211) [8,26] r=1 lpr=242 pi=1-241/24 crt=0'0 inactive NOTIFY] exit Started/Stray 1.274626 7 0.000191
2014-06-09 16:22:11.496713 7f868e75f700 5 osd.26 pg_epoch: 243 pg[2.350( empty local-les=212 n=0 ec=1 les/c 212/212 242/242/211) [8,26] r=1 lpr=242 pi=1-241/24 crt=0'0 inactive NOTIFY] enter Started/ReplicaActive
2014-06-09 16:22:11.496723 7f868e75f700 5 osd.26 pg_epoch: 243 pg[2.350( empty local-les=212 n=0 ec=1 les/c 212/212 242/242/211) [8,26] r=1 lpr=242 pi=1-241/24 crt=0'0 inactive NOTIFY] enter Started/ReplicaActive/RepNotRecovering
2014-06-09 16:22:11.496733 7f868e75f700 10 osd.26 pg_epoch: 243 pg[2.350( empty local-les=212 n=0 ec=1 les/c 212/212 242/242/211) [8,26] r=1 lpr=242 pi=1-241/24 crt=0'0 inactive NOTIFY] state: In ReplicaActive, about to call activate
2014-06-09 16:22:11.496742 7f868e75f700 10 osd.26 pg_epoch: 243 pg[2.350( empty local-les=243 n=0 ec=1 les/c 212/212 242/242/211) [8,26] r=1 lpr=242 pi=1-241/24 crt=0'0 inactive] activate - no missing, moving last_complete 0'0 -> 0'0
2014-06-09 16:22:11.496750 7f868e75f700 10 osd.26 pg_epoch: 243 pg[2.350( empty local-les=243 n=0 ec=1 les/c 212/212 242/242/211) [8,26] r=1 lpr=242 pi=1-241/24 crt=0'0 inactive] state: Activate Finished
2014-06-09 16:22:11.496797 7f868e75f700 10 log is not dirty
2014-06-09 16:22:11.496802 7f868e75f700 5 queue_transactions existing osr(2.350 0x2ed0e50)/0x2ed0e50
2014-06-09 16:22:11.496804 7f868e75f700 2 waiting 51 > 50 ops || 92357 > 104857600
2014-06-09 16:22:11.496812 7f868bf5a700 20 OSD::op_tp worker waiting
2014-06-09 16:22:11.496820 7f8689755700 20 OSD::op_tp worker waiting
2014-06-09 16:22:11.496827 7f868cf5c700 20 OSD::op_tp worker waiting
2014-06-09 16:22:11.496833 7f8689f56700 20 OSD::op_tp worker waiting
2014-06-09 16:22:11.479287 7f869af78700 7 osd.26 243 handle_pg_log pg_log(0.5e epoch 243 log log((0'0,0'0], crt=0'0) query_epoch 243) v4 from osd.4
2014-06-09 16:22:11.496839 7f869af78700 15 osd.26 243 require_same_or_newer_map 243 (i am 243) 0x302a1800
2014-06-09 16:22:11.496849 7f869af78700 5 -- op tracker -- , seq: 1783, time:
2014-06-09 16:22:11.496844, event: started, op: pg_log(0.5e epoch 243 log log((0'0,0'0], crt=0'0) query_epoch 243)
2014-06-09 16:22:11.496872 7f869af78700 5 -- op tracker -- , seq: 1783, time:
2014-06-09 16:22:11.496868, event: done, op: pg_log(0.5e epoch 243 log log((0'0,0'0], crt=0'0) query_epoch 243)
2014-06-09 16:22:11.496884 7f869af78700 10 osd.26 243 do_waiters -- start
2014-06-09 16:22:11.496886 7f869af78700 10 osd.26 243 do_waiters -- finish
2014-06-09 16:22:11.496904 7f869af78700 10 osd.26 243 do_waiters -- start
2014-06-09 16:22:11.496906 7f869af78700 10 osd.26 243 do_waiters -- finish
2014-06-09 16:22:11.496907 7f869af78700 20 osd.26 243 _dispatch 0xe046000 pg_notify(1.70c(23),2.17c(20) epoch 243) v5
2014-06-09 16:22:11.496913 7f869af78700 5 -- op tracker -- , seq: 1784, time:
2014-06-09 16:22:11.268198, event: header_read, op: pg_notify(1.70c(23),2.17c(20) epoch 243)
2014-06-09 16:22:11.496922 7f869af78700 5 -- op tracker -- , seq: 1784, time:
2014-06-09 16:22:11.268198, event: throttled, op: pg_notify(1.70c(23),2.17c(20) epoch 243)
2014-06-09 16:22:11.496929 7f869af78700 5 -- op tracker -- , seq: 1784, time:
2014-06-09 16:22:11.268237, event: all_read, op: pg_notify(1.70c(23),2.17c(20) epoch 243)
2014-06-09 16:22:11.496935 7f869af78700 5 -- op tracker -- , seq: 1784, time:
2014-06-09 16:22:11.496903, event: dispatched, op: pg_notify(1.70c(23),2.17c(20) epoch 243)
2014-06-09 16:22:11.496943 7f869af78700 5 -- op tracker -- , seq: 1784, time:
2014-06-09 16:22:11.496940, event: waiting_for_osdmap, op: pg_notify(1.70c(23),2.17c(20) epoch 243)
2014-06-09 16:22:11.496947 7f869af78700 7 osd.26 243 handle_pg_notify from osd.7
2014-06-09 16:22:11.496950 7f869af78700 15 osd.26 243 require_same_or_newer_map 243 (i am 243) 0xe046000
2014-06-09 16:22:11.496955 7f869af78700 5 -- op tracker -- , seq: 1784, time:
2014-06-09 16:22:11.496953, event: started, op: pg_notify(1.70c(23),2.17c(20) epoch 243)
2014-06-09 16:22:11.496986 7f869af78700 5 -- op tracker -- , seq: 1784, time:
2014-06-09 16:22:11.496984, event: done, op: pg_notify(1.70c(23),2.17c(20) epoch 243)
2014-06-09 16:22:11.496996 7f869af78700 10 osd.26 243 do_waiters -- start
2014-06-09 16:22:11.496998 7f869af78700 10 osd.26 243 do_waiters -- finish
2014-06-09 16:22:11.497024 7f869af78700 10 osd.26 243 do_waiters -- start
2014-06-09 16:22:11.497026 7f869af78700 10 osd.26 243 do_waiters -- finish
2014-06-09 16:22:11.497027 7f869af78700 20 osd.26 243 _dispatch 0x3005b880 pg_notify(3.206(10),0.214(20) epoch 243) v5
2014-06-09 16:22:11.497033 7f869af78700 5 -- op tracker -- , seq: 1785, time:
2014-06-09 16:22:11.174892, event: header_read, op: pg_notify(3.206(10),0.214(20) epoch 243)
2014-06-09 16:22:11.497041 7f869af78700 5 -- op tracker -- , seq: 1785, time:
2014-06-09 16:22:11.174893, event: throttled, op: pg_notify(3.206(10),0.214(20) epoch 243)
2014-06-09 16:22:11.497048 7f869af78700 5 -- op tracker -- , seq: 1785, time:
2014-06-09 16:22:11.174931, event: all_read, op: pg_notify(3.206(10),0.214(20) epoch 243)
2014-06-09 16:22:11.497054 7f869af78700 5 -- op tracker -- , seq: 1785, time:
2014-06-09 16:22:11.497024, event: dispatched, op: pg_notify(3.206(10),0.214(20) epoch 243)
2014-06-09 16:22:11.497061 7f869af78700 5 -- op tracker -- , seq: 1785, time:
2014-06-09 16:22:11.497059, event: waiting_for_osdmap, op: pg_notify(3.206(10),0.214(20) epoch 243)
2014-06-09 16:22:11.497065 7f869af78700 7 osd.26 243 handle_pg_notify from osd.3
2014-06-09 16:22:11.497067 7f869af78700 15 osd.26 243 require_same_or_newer_map 243 (i am 243) 0x3005b880
2014-06-09 16:22:11.497072 7f869af78700 5 -- op tracker -- , seq: 1785, time:
2014-06-09 16:22:11.497070, event: started, op: pg_notify(3.206(10),0.214(20) epoch 243)
2014-06-09 16:22:11.497102 7f869af78700 5 -- op tracker -- , seq: 1785, time:
2014-06-09 16:22:11.497099, event: done, op: pg_notify(3.206(10),0.214(20) epoch 243)
2014-06-09 16:22:11.497114 7f869af78700 10 osd.26 243 do_waiters -- start
2014-06-09 16:22:11.497116 7f869af78700 10 osd.26 243 do_waiters -- finish
2014-06-09 16:22:11.497139 7f869af78700 10 osd.26 243 do_waiters -- start
2014-06-09 16:22:11.497141 7f869af78700 10 osd.26 243 do_waiters -- finish
2014-06-09 16:22:11.497142 7f869af78700 20 osd.26 243 _dispatch 0x2fef5c00 pg_notify(1.446(21) epoch 243) v5
2014-06-09 16:22:11.497147 7f869af78700 5 -- op tracker -- , seq: 1786, time:
2014-06-09 16:22:11.148399, event: header_read, op: pg_notify(1.446(21) epoch 243)
2014-06-09 16:22:11.497155 7f869af78700 5 -- op tracker -- , seq: 1786, time:
2014-06-09 16:22:11.148400, event: throttled, op: pg_notify(1.446(21) epoch 243)
2014-06-09 16:22:11.497161 7f869af78700 5 -- op tracker -- , seq: 1786, time:
2014-06-09 16:22:11.148427, event: all_read, op: pg_notify(1.446(21) epoch 243)
2014-06-09 16:22:11.497167 7f869af78700 5 -- op tracker -- , seq: 1786, time:
2014-06-09 16:22:11.497139, event: dispatched, op: pg_notify(1.446(21) epoch 243)
2014-06-09 16:22:11.497174 7f869af78700 5 -- op tracker -- , seq: 1786, time:
2014-06-09 16:22:11.497172, event: waiting_for_osdmap, op: pg_notify(1.446(21) epoch 243)
2014-06-09 16:22:11.497179 7f869af78700 7 osd.26 243 handle_pg_notify from osd.1
2014-06-09 16:22:11.497181 7f869af78700 15 osd.26 243 require_same_or_newer_map 243 (i am 243) 0x2fef5c00
2014-06-09 16:22:11.497186 7f869af78700 5 -- op tracker -- , seq: 1786, time:
2014-06-09 16:22:11.497184, event: started, op: pg_notify(1.446(21) epoch 243)
2014-06-09 16:22:11.497205 7f869af78700 5 -- op tracker -- , seq: 1786, time:
2014-06-09 16:22:11.497202, event: done, op: pg_notify(1.446(21) epoch 243)
2014-06-09 16:22:11.497213 7f869af78700 10 osd.26 243 do_waiters -- start
2014-06-09 16:22:11.497215 7f869af78700 10 osd.26 243 do_waiters -- finish
2014-06-09 16:22:11.497236 7f869af78700 10 osd.26 243 do_waiters -- start
2014-06-09 16:22:11.497238 7f869af78700 10 osd.26 243 do_waiters -- finish
2014-06-09 16:22:11.497239 7f869af78700 20 osd.26 243 _dispatch 0x308a9600 pg_log(0.714 epoch 243 log log((0'0,0'0], crt=0'0) query_epoch 243) v4
2014-06-09 16:22:11.497246 7f869af78700 5 -- op tracker -- , seq: 1787, time:
2014-06-09 16:22:11.198707, event: header_read, op: pg_log(0.714 epoch 243 log log((0'0,0'0], crt=0'0) query_epoch 243)
2014-06-09 16:22:11.497253 7f869af78700 5 -- op tracker -- , seq: 1787, time:
2014-06-09 16:22:11.198707, event: throttled, op: pg_log(0.714 epoch 243 log log((0'0,0'0], crt=0'0) query_epoch 243)
2014-06-09 16:22:11.497260 7f869af78700 5 -- op tracker -- , seq: 1787, time:
2014-06-09 16:22:11.198720, event: all_read, op: pg_log(0.714 epoch 243 log log((0'0,0'0], crt=0'0) query_epoch 243)
2014-06-09 16:22:11.497268 7f869af78700 5 -- op tracker -- , seq: 1787, time:
2014-06-09 16:22:11.497235, event: dispatched, op: pg_log(0.714 epoch 243 log log((0'0,0'0], crt=0'0) query_epoch 243)
2014-06-09 16:22:11.497275 7f869af78700 5 -- op tracker -- , seq: 1787, time:
2014-06-09 16:22:11.497272, event: waiting_for_osdmap, op: pg_log(0.714 epoch 243 log log((0'0,0'0], crt=0'0) query_epoch 243)
2014-06-09 16:22:11.497280 7f869af78700 7 osd.26 243 handle_pg_log pg_log(0.714 epoch 243 log log((0'0,0'0], crt=0'0) query_epoch 243) v4 from osd.9
2014-06-09 16:22:11.497284 7f869af78700 15 osd.26 243 require_same_or_newer_map 243 (i am 243) 0x308a9600
2014-06-09 16:22:11.497290 7f869af78700 5 -- op tracker -- , seq: 1787, time:
2014-06-09 16:22:11.497287, event: started, op: pg_log(0.714 epoch 243 log log((0'0,0'0], crt=0'0) query_epoch 243)
2014-06-09 16:22:11.497306 7f869af78700 5 -- op tracker -- , seq: 1787, time:
2014-06-09 16:22:11.497303, event: done, op: pg_log(0.714 epoch 243 log log((0'0,0'0], crt=0'0) query_epoch 243)
2014-06-09 16:22:11.497313 7f869af78700 10 osd.26 243 do_waiters -- start
2014-06-09 16:22:11.497315 7f869af78700 10 osd.26 243 do_waiters -- finish
2014-06-09 16:22:11.497329 7f869af78700 10 osd.26 243 do_waiters -- start
2014-06-09 16:22:11.497331 7f869af78700 10 osd.26 243 do_waiters -- finish
2014-06-09 16:22:11.497332 7f869af78700 20 osd.26 243 _dispatch 0x1a039a40 pg_notify(2.67f(20),0.67e(23),3.3b4(10),3.3b8(10) epoch 243) v5
2014-06-09 16:22:11.497340 7f869af78700 5 -- op tracker -- , seq: 1788, time:
2014-06-09 16:22:11.159698, event: header_read, op: pg_notify(2.67f(20),0.67e(23),3.3b4(10),3.3b8(10) epoch 243)
2014-06-09 16:22:11.497349 7f869af78700 5 -- op tracker -- , seq: 1788, time:
2014-06-09 16:22:11.159699, event: throttled, op: pg_notify(2.67f(20),0.67e(23),3.3b4(10),3.3b8(10) epoch 243)
2014-06-09 16:22:11.497357 7f869af78700 5 -- op tracker -- , seq: 1788, time:
2014-06-09 16:22:11.159786, event: all_read, op: pg_notify(2.67f(20),0.67e(23),3.3b4(10),3.3b8(10) epoch 243)
2014-06-09 16:22:11.497364 7f869af78700 5 -- op tracker -- , seq: 1788, time:
2014-06-09 16:22:11.497329, event: dispatched, op: pg_notify(2.67f(20),0.67e(23),3.3b4(10),3.3b8(10) epoch 243)
2014-06-09 16:22:11.497372 7f869af78700 5 -- op tracker -- , seq: 1788, time:
2014-06-09 16:22:11.497369, event: waiting_for_osdmap, op: pg_notify(2.67f(20),0.67e(23),3.3b4(10),3.3b8(10) epoch 243)
2014-06-09 16:22:11.497377 7f869af78700 7 osd.26 243 handle_pg_notify from osd.8
2014-06-09 16:22:11.497379 7f869af78700 15 osd.26 243 require_same_or_newer_map 243 (i am 243) 0x1a039a40
2014-06-09 16:22:11.497385 7f869af78700 5 -- op tracker -- , seq: 1788, time:
2014-06-09 16:22:11.497382, event: started, op: pg_notify(2.67f(20),0.67e(23),3.3b4(10),3.3b8(10) epoch 243)
2014-06-09 16:22:11.497434 7f869af78700 5 -- op tracker -- , seq: 1788, time:
2014-06-09 16:22:11.497431, event: done, op: pg_notify(2.67f(20),0.67e(23),3.3b4(10),3.3b8(10) epoch 243)
2014-06-09 16:22:11.497443 7f869af78700 10 osd.26 243 do_waiters -- start
2014-06-09 16:22:11.497445 7f869af78700 10 osd.26 243 do_waiters -- finish
2014-06-09 16:22:11.497491 7f869af78700 10 osd.26 243 do_waiters -- start
2014-06-09 16:22:11.497493 7f869af78700 10 osd.26 243 do_waiters -- finish
2014-06-09 16:22:11.497494 7f869af78700 20 osd.26 243 _dispatch 0x30571800 pg_log(0.5a2 epoch 243 log log((0'0,0'0], crt=0'0) query_epoch 243) v4
2014-06-09 16:22:11.497501 7f869af78700 5 -- op tracker -- , seq: 1789, time:
2014-06-09 16:22:11.176400, event: header_read, op: pg_log(0.5a2 epoch 243 log log((0'0,0'0], crt=0'0) query_epoch 243)
2014-06-09 16:22:11.497510 7f869af78700 5 -- op tracker -- , seq: 1789, time:
2014-06-09 16:22:11.176401, event: throttled, op: pg_log(0.5a2 epoch 243 log log((0'0,0'0], crt=0'0) query_epoch 243)
2014-06-09 16:22:11.497517 7f869af78700 5 -- op tracker -- , seq: 1789, time:
2014-06-09 16:22:11.176411, event: all_read, op: pg_log(0.5a2 epoch 243 log log((0'0,0'0], crt=0'0) query_epoch 243)
2014-06-09 16:22:11.497524 7f869af78700 5 -- op tracker -- , seq: 1789, time:
2014-06-09 16:22:11.497491, event: dispatched, op: pg_log(0.5a2 epoch 243 log log((0'0,0'0], crt=0'0) query_epoch 243)
2014-06-09 16:22:11.497531 7f869af78700 5 -- op tracker -- , seq: 1789, time:
2014-06-09 16:22:11.497529, event: waiting_for_osdmap, op: pg_log(0.5a2 epoch 243 log log((0'0,0'0], crt=0'0) query_epoch 243)
2014-06-09 16:22:11.497536 7f869af78700 7 osd.26 243 handle_pg_log pg_log(0.5a2 epoch 243 log log((0'0,0'0], crt=0'0) query_epoch 243) v4 from osd.6
2014-06-09 16:22:11.497540 7f869af78700 15 osd.26 243 require_same_or_newer_map 243 (i am 243) 0x30571800
2014-06-09 16:22:11.497546 7f869af78700 5 -- op tracker -- , seq: 1789, time:
2014-06-09 16:22:11.497543, event: started, op: pg_log(0.5a2 epoch 243 log log((0'0,0'0], crt=0'0) query_epoch 243)
2014-06-09 16:22:11.497560 7f869af78700 5 -- op tracker -- , seq: 1789, time:
2014-06-09 16:22:11.497557, event: done, op: pg_log(0.5a2 epoch 243 log log((0'0,0'0], crt=0'0) query_epoch 243)
2014-06-09 16:22:11.497568 7f869af78700 10 osd.26 243 do_waiters -- start
2014-06-09 16:22:11.497570 7f869af78700 10 osd.26 243 do_waiters -- finish
2014-06-09 16:22:11.497583 7f869af78700 10 osd.26 243 do_waiters -- start
2014-06-09 16:22:11.497585 7f869af78700 10 osd.26 243 do_waiters -- finish
2014-06-09 16:22:11.497586 7f869af78700 20 osd.26 243 _dispatch 0x1ae7ddc0 pg_notify(1.2aa(21) epoch 243) v5
2014-06-09 16:22:11.497592 7f869af78700 5 -- op tracker -- , seq: 1790, time:
2014-06-09 16:22:11.141610, event: header_read, op: pg_notify(1.2aa(21) epoch 243)
2014-06-09 16:22:11.497598 7f869af78700 5 -- op tracker -- , seq: 1790, time:
2014-06-09 16:22:11.141611, event: throttled, op: pg_notify(1.2aa(21) epoch 243)
2014-06-09 16:22:11.497604 7f869af78700 5 -- op tracker -- , seq: 1790, time:
2014-06-09 16:22:11.141633, event: all_read, op: pg_notify(1.2aa(21) epoch 243)
2014-06-09 16:22:11.497612 7f869af78700 5 -- op tracker -- , seq: 1790, time:
2014-06-09 16:22:11.497583, event: dispatched, op: pg_notify(1.2aa(21) epoch 243)
2014-06-09 16:22:11.497619 7f869af78700 5 -- op tracker -- , seq: 1790, time:
2014-06-09 16:22:11.497617, event: waiting_for_osdmap, op: pg_notify(1.2aa(21) epoch 243)
2014-06-09 16:22:11.497624 7f869af78700 7 osd.26 243 handle_pg_notify from osd.0
2014-06-09 16:22:11.497625 7f869af78700 15 osd.26 243 require_same_or_newer_map 243 (i am 243) 0x1ae7ddc0
2014-06-09 16:22:11.497630 7f869af78700 5 -- op tracker -- , seq: 1790, time:
2014-06-09 16:22:11.497628, event: started, op: pg_notify(1.2aa(21) epoch 243)
2014-06-09 16:22:11.497647 7f869af78700 5 -- op tracker -- , seq: 1790, time:
2014-06-09 16:22:11.497644, event: done, op: pg_notify(1.2aa(21) epoch 243)
2014-06-09 16:22:11.497657 7f869af78700 10 osd.26 243 do_waiters -- start
2014-06-09 16:22:11.497659 7f869af78700 10 osd.26 243 do_waiters -- finish
2014-06-09 16:22:11.497680 7f869af78700 10 osd.26 243 do_waiters -- start
2014-06-09 16:22:11.497683 7f869af78700 10 osd.26 243 do_waiters -- finish
2014-06-09 16:22:11.497684 7f869af78700 20 osd.26 243 _dispatch 0x2d733dc0 pg_notify(2.746(20),2.1b1(20) epoch 243) v5
2014-06-09 16:22:11.497690 7f869af78700 5 -- op tracker -- , seq: 1791, time:
2014-06-09 16:22:11.238495, event: header_read, op: pg_notify(2.746(20),2.1b1(20) epoch 243)
2014-06-09 16:22:11.497698 7f869af78700 5 -- op tracker -- , seq: 1791, time:
2014-06-09 16:22:11.238496, event: throttled, op: pg_notify(2.746(20),2.1b1(20) epoch 243)
2014-06-09 16:22:11.497705 7f869af78700 5 -- op tracker -- , seq: 1791, time:
2014-06-09 16:22:11.238530, event: all_read, op: pg_notify(2.746(20),2.1b1(20) epoch 243)
2014-06-09 16:22:11.497712 7f869af78700 5 -- op tracker -- , seq: 1791, time:
2014-06-09 16:22:11.497680, event: dispatched, op: pg_notify(2.746(20),2.1b1(20) epoch 243)
2014-06-09 16:22:11.497719 7f869af78700 5 -- op tracker -- , seq: 1791, time:
2014-06-09 16:22:11.497717, event: waiting_for_osdmap, op: pg_notify(2.746(20),2.1b1(20) epoch 243)
2014-06-09 16:22:11.497723 7f869af78700 7 osd.26 243 handle_pg_notify from osd.5
2014-06-09 16:22:11.497725 7f869af78700 15 osd.26 243 require_same_or_newer_map 243 (i am 243) 0x2d733dc0
2014-06-09 16:22:11.497731 7f869af78700 5 -- op tracker -- , seq: 1791, time:
2014-06-09 16:22:11.497728, event: started, op: pg_notify(2.746(20),2.1b1(20) epoch 243)
2014-06-09 16:22:11.497753 7f869af78700 5 -- op tracker -- , seq: 1791, time:
2014-06-09 16:22:11.497750, event: done, op: pg_notify(2.746(20),2.1b1(20) epoch 243)
2014-06-09 16:22:11.497761 7f869af78700 10 osd.26 243 do_waiters -- start
2014-06-09 16:22:11.497763 7f869af78700 10 osd.26 243 do_waiters -- finish
2014-06-09 16:22:11.497791 7f869af78700 10 osd.26 243 do_waiters -- start
2014-06-09 16:22:11.497792 7f869af78700 10 osd.26 243 do_waiters -- finish
2014-06-09 16:22:11.497794 7f869af78700 20 osd.26 243 _dispatch 0x3045a600 pg_log(1.b5 epoch 243 log log((0'0,0'0], crt=0'0) query_epoch 243) v4
2014-06-09 16:22:11.497801 7f869af78700 5 -- op tracker -- , seq: 1792, time:
2014-06-09 16:22:11.027664, event: header_read, op: pg_log(1.b5 epoch 243 log log((0'0,0'0], crt=0'0) query_epoch 243)
2014-06-09 16:22:11.497808 7f869af78700 5 -- op tracker -- , seq: 1792, time:
2014-06-09 16:22:11.027664, event: throttled, op: pg_log(1.b5 epoch 243 log log((0'0,0'0], crt=0'0) query_epoch 243)
2014-06-09 16:22:11.497816 7f869af78700 5 -- op tracker -- , seq: 1792, time:
2014-06-09 16:22:11.027684, event: all_read, op: pg_log(1.b5 epoch 243 log log((0'0,0'0], crt=0'0) query_epoch 243)
2014-06-09 16:22:11.497823 7f869af78700 5 -- op tracker -- , seq: 1792, time:
2014-06-09 16:22:11.497790, event: dispatched, op: pg_log(1.b5 epoch 243 log log((0'0,0'0], crt=0'0) query_epoch 243)
2014-06-09 16:22:11.497831 7f869af78700 5 -- op tracker -- , seq: 1792, time:
2014-06-09 16:22:11.497828, event: waiting_for_osdmap, op: pg_log(1.b5 epoch 243 log log((0'0,0'0], crt=0'0) query_epoch 243)
2014-06-09 16:22:11.497835 7f869af78700 7 osd.26 243 handle_pg_log pg_log(1.b5 epoch 243 log log((0'0,0'0], crt=0'0) query_epoch 243) v4 from osd.2
2014-06-09 16:22:11.497839 7f869af78700 15 osd.26 243 require_same_or_newer_map 243 (i am 243) 0x3045a600
2014-06-09 16:22:11.497845 7f869af78700 5 -- op tracker -- , seq: 1792, time:
2014-06-09 16:22:11.497842, event: started, op: pg_log(1.b5 epoch 243 log log((0'0,0'0], crt=0'0) query_epoch 243)
2014-06-09 16:22:11.497858 7f869af78700 5 -- op tracker -- , seq: 1792, time:
2014-06-09 16:22:11.497855, event: done, op: pg_log(1.b5 epoch 243 log log((0'0,0'0], crt=0'0) query_epoch 243)
2014-06-09 16:22:11.497866 7f869af78700 10 osd.26 243 do_waiters -- start
2014-06-09 16:22:11.497868 7f869af78700 10 osd.26 243 do_waiters -- finish
2014-06-09 16:22:11.497880 7f869af78700 10 osd.26 243 do_waiters -- start
2014-06-09 16:22:11.497881 7f869af78700 10 osd.26 243 do_waiters -- finish
2014-06-09 16:22:11.497882 7f869af78700 20 osd.26 243 _dispatch 0x26000380 pg_notify(3.327(10) epoch 243) v5
2014-06-09 16:22:11.497887 7f869af78700 5 -- op tracker -- , seq: 1793, time:
2014-06-09 16:22:11.015898, event: header_read, op: pg_notify(3.327(10) epoch 243)
2014-06-09 16:22:11.497894 7f869af78700 5 -- op tracker -- , seq: 1793, time:
2014-06-09 16:22:11.015898, event: throttled, op: pg_notify(3.327(10) epoch 243)
2014-06-09 16:22:11.497900 7f869af78700 5 -- op tracker -- , seq: 1793, time:
2014-06-09 16:22:11.015925, event: all_read, op: pg_notify(3.327(10) epoch 243)
2014-06-09 16:22:11.497906 7f869af78700 5 -- op tracker -- , seq: 1793, time:
2014-06-09 16:22:11.497879, event: dispatched, op: pg_notify(3.327(10) epoch 243)
2014-06-09 16:22:11.497913 7f869af78700 5 -- op tracker -- , seq: 1793, time:
2014-06-09 16:22:11.497911, event: waiting_for_osdmap, op: pg_notify(3.327(10) epoch 243)
2014-06-09 16:22:11.497917 7f869af78700 7 osd.26 243 handle_pg_notify from osd.4
2014-06-09 16:22:11.497920 7f869af78700 15 osd.26 243 require_same_or_newer_map 243 (i am 243) 0x26000380
2014-06-09 16:22:11.497925 7f869af78700 5 -- op tracker -- , seq: 1793, time:
2014-06-09 16:22:11.497923, event: started, op: pg_notify(3.327(10) epoch 243)
2014-06-09 16:22:11.497942 7f869af78700 5 -- op tracker -- , seq: 1793, time:
2014-06-09 16:22:11.497940, event: done, op: pg_notify(3.327(10) epoch 243)
2014-06-09 16:22:11.497953 7f869af78700 10 osd.26 243 do_waiters -- start
2014-06-09 16:22:11.497954 7f869af78700 10 osd.26 243 do_waiters -- finish
2014-06-09 16:22:11.497969 7f869af78700 10 osd.26 243 do_waiters -- start
2014-06-09 16:22:11.497971 7f869af78700 10 osd.26 243 do_waiters -- finish
2014-06-09 16:22:11.497972 7f869af78700 20 osd.26 243 _dispatch 0x307e6000 pg_info(1 pgs e243:0.30b) v4
2014-06-09 16:22:11.497977 7f869af78700 5 -- op tracker -- , seq: 1794, time:
2014-06-09 16:22:11.268255, event: header_read, op: pg_info(1 pgs e243:0.30b)
2014-06-09 16:22:11.497984 7f869af78700 5 -- op tracker -- , seq: 1794, time:
2014-06-09 16:22:11.268256, event: throttled, op: pg_info(1 pgs e243:0.30b)
2014-06-09 16:22:11.497991 7f869af78700 5 -- op tracker -- , seq: 1794, time:
2014-06-09 16:22:11.268270, event: all_read, op: pg_info(1 pgs e243:0.30b)
2014-06-09 16:22:11.497997 7f869af78700 5 -- op tracker -- , seq: 1794, time:
2014-06-09 16:22:11.497969, event: dispatched, op: pg_info(1 pgs e243:0.30b)
2014-06-09 16:22:11.498004 7f869af78700 5 -- op tracker -- , seq: 1794, time:
2014-06-09 16:22:11.498002, event: waiting_for_osdmap, op: pg_info(1 pgs e243:0.30b)
2014-06-09 16:22:11.498009 7f869af78700 7 osd.26 243 handle_pg_info pg_info(1 pgs e243:0.30b) v4 from osd.7
2014-06-09 16:22:11.498012 7f869af78700 15 osd.26 243 require_same_or_newer_map 243 (i am 243) 0x307e6000
2014-06-09 16:22:11.498017 7f869af78700 5 -- op tracker -- , seq: 1794, time:
2014-06-09 16:22:11.498015, event: started, op: pg_info(1 pgs e243:0.30b)
2014-06-09 16:22:11.498033 7f869af78700 5 -- op tracker -- , seq: 1794, time:
