2014-06-09 16:22:11.364503 7f868cf5c700 5 osd.26 pg_epoch: 243 pg[3.94( v 214'571 lc 214'567 (0'0,214'571] local-les=213 n=112 ec=118 les/c 213/213 242/242/242) [26,9] r=0 lpr=242 pi=212-241/2 crt=214'571 lcod 0'0 mlcod 0'0 peering m=2] exit Started/Primary/Peering 1.085506 0 0.000000
2014-06-09 16:22:11.364516 7f868ef60700 10 log is not dirty
2014-06-09 16:22:11.364513 7f869af78700 5 -- op tracker -- , seq: 1536, time:
2014-06-09 16:22:10.837591, event: throttled, op: pg_notify(1.591(26) epoch 242)
2014-06-09 16:22:11.364520 7f868ef60700 5 queue_transactions existing osr(0.4da 0x2bd75f0)/0x2bd75f0
2014-06-09 16:22:11.364522 7f868ef60700 10 op_submit_start 3099
2014-06-09 16:22:11.364520 7f869af78700 5 -- op tracker -- , seq: 1536, time:
2014-06-09 16:22:10.837611, event: all_read, op: pg_notify(1.591(26) epoch 242)
2014-06-09 16:22:11.364523 7f868ef60700 5 queue_transactions (trailing journal) 3099
2014-06-09 16:22:11.364516 7f868cf5c700 5 osd.26 pg_epoch: 243 pg[3.94( v 214'571 lc 214'567 (0'0,214'571] local-les=213 n=112 ec=118 les/c 213/213 242/242/242) [26,9] r=0 lpr=242 pi=212-241/2 crt=214'571 lcod 0'0 mlcod 0'0 inactive m=2] enter Started/Primary/Active
2014-06-09 16:22:11.364524 7f868ef60700 5 queue_op 0x309a2d20 seq 3099 osr(0.4da 0x2bd75f0) 1621 bytes (queue has 9 ops and 16305 bytes)
2014-06-09 16:22:11.364527 7f868ef60700 10 op_submit_finish 3099
2014-06-09 16:22:11.364526 7f869af78700 5 -- op tracker -- , seq: 1536, time:
2014-06-09 16:22:11.364497, event: dispatched, op: pg_notify(1.591(26) epoch 242)
2014-06-09 16:22:11.364526 7f868cf5c700 10 osd.26 pg_epoch: 243 pg[3.94( v 214'571 lc 214'567 (0'0,214'571] local-les=213 n=112 ec=118 les/c 213/213 242/242/242) [26,9] r=0 lpr=242 pi=212-241/2 crt=214'571 lcod 0'0 mlcod 0'0 inactive m=2] state: In Active, about to call activate
2014-06-09 16:22:11.364533 7f869af78700 5 -- op tracker -- , seq: 1536, time:
2014-06-09 16:22:11.364531, event: waiting_for_osdmap, op: pg_notify(1.591(26) epoch 242)
2014-06-09 16:22:11.364538 7f869af78700 7 osd.26 243 handle_pg_notify from osd.2
2014-06-09 16:22:11.364540 7f869af78700 15 osd.26 243 require_same_or_newer_map 242 (i am 243) 0x1c039180
2014-06-09 16:22:11.364538 7f868cf5c700 20 osd.26 pg_epoch: 243 pg[3.94( v 214'571 lc 214'567 (0'0,214'571] local-les=243 n=112 ec=118 les/c 213/213 242/242/242) [26,9] r=0 lpr=242 pi=212-241/2 crt=214'571 lcod 0'0 mlcod 0'0 inactive m=2] activate - purged_snaps [] cached_removed_snaps []
2014-06-09 16:22:11.364545 7f869af78700 5 -- op tracker -- , seq: 1536, time:
2014-06-09 16:22:11.364543, event: started, op: pg_notify(1.591(26) epoch 242)
2014-06-09 16:22:11.364548 7f868cf5c700 10 osd.26 pg_epoch: 243 pg[3.94( v 214'571 lc 214'567 (0'0,214'571] local-les=243 n=112 ec=118 les/c 213/213 242/242/242) [26,9] r=0 lpr=242 pi=212-241/2 crt=214'571 lcod 0'0 mlcod 0'0 inactive m=2] activate - snap_trimq []
2014-06-09 16:22:11.364560 7f869af78700 5 -- op tracker -- , seq: 1536, time:
2014-06-09 16:22:11.364558, event: done, op: pg_notify(1.591(26) epoch 242)
2014-06-09 16:22:11.364530 7f868ef60700 10 osd.26 pg_epoch: 243 pg[1.1b1( empty local-les=243 n=0 ec=1 les/c 208/208 242/242/242) [26,6] r=0 lpr=242 pi=207-241/2 crt=0'0 mlcod 0'0 inactive] handle_peering_event: epoch_sent: 242 epoch_requested: 242 MNotifyRec from 6 notify: (query_epoch:242, epoch_sent:242, info:1.1b1( empty local-les=208 n=0 ec=1 les/c 208/208 242/242/242))
2014-06-09 16:22:11.364558 7f868cf5c700 10 osd.26 pg_epoch: 243 pg[3.94( v 214'571 lc 214'567 (0'0,214'571] local-les=243 n=112 ec=118 les/c 213/213 242/242/242) [26,9] r=0 lpr=242 pi=212-241/2 crt=214'571 lcod 0'0 mlcod 0'0 inactive m=2] activate - not complete, missing(2)
2014-06-09 16:22:11.364573 7f869af78700 10 osd.26 243 do_waiters -- start
2014-06-09 16:22:11.364575 7f869af78700 10 osd.26 243 do_waiters -- finish
2014-06-09 16:22:11.364569 7f868ef60700 10 osd.26 pg_epoch: 243 pg[1.1b1( empty local-les=243 n=0 ec=1 les/c 208/208 242/242/242) [26,6] r=0 lpr=242 pi=207-241/2 crt=0'0 mlcod 0'0 inactive] state: Active: got notify from 6, already have info from that osd, ignoring
2014-06-09 16:22:11.364579 7f868ef60700 10 log is not dirty
2014-06-09 16:22:11.364583 7f868ef60700 20 osd.26 243 Sending info 3.6d3( v 214'632 lc 214'631 (0'0,214'632] local-les=243 n=122 ec=118 les/c 213/213 242/242/242) to shard 9
2014-06-09 16:22:11.364589 7f868ef60700 20 osd.26 243 share_map_peer 0xbeb8f20 already has epoch 243
2014-06-09 16:22:11.364593 7f869af78700 10 osd.26 243 do_waiters -- start
2014-06-09 16:22:11.364595 7f869af78700 10 osd.26 243 do_waiters -- finish
2014-06-09 16:22:11.364596 7f869af78700 20 osd.26 243 _dispatch 0x280c5a40 pg_notify(1.238(20) epoch 242) v5
2014-06-09 16:22:11.364601 7f869af78700 5 -- op tracker -- , seq: 1537, time:
2014-06-09 16:22:10.770443, event: header_read, op: pg_notify(1.238(20) epoch 242)
2014-06-09 16:22:11.364607 7f868ef60700 15 OSD::op_tp worker wq OSD::PeeringWQ done processing 0xb7f0280 (19 active)
2014-06-09 16:22:11.364608 7f869af78700 5 -- op tracker -- , seq: 1537, time:
2014-06-09 16:22:10.770443, event: throttled, op: pg_notify(1.238(20) epoch 242)
2014-06-09 16:22:11.364610 7f868ef60700 12 OSD::op_tp worker wq OSD::PeeringWQ start processing 0xb7f0280 (20 active)
2014-06-09 16:22:11.364613 7f869af78700 5 -- op tracker -- , seq: 1537, time:
2014-06-09 16:22:10.770470, event: all_read, op: pg_notify(1.238(20) epoch 242)
2014-06-09 16:22:11.364620 7f869af78700 5 -- op tracker -- , seq: 1537, time:
2014-06-09 16:22:11.364593, event: dispatched, op: pg_notify(1.238(20) epoch 242)
2014-06-09 16:22:11.364613 7f868ef60700 10 osd.26 pg_epoch: 243 pg[3.319( v 214'607 (0'0,214'607] local-les=243 n=114 ec=118 les/c 206/206 242/242/242) [26,5] r=0 lpr=242 pi=205-241/2 crt=0'0 lcod 0'0 mlcod 0'0 inactive] handle_peering_event: epoch_sent: 243 epoch_requested: 243 MNotifyRec from 5 notify: (query_epoch:243, epoch_sent:243, info:3.319( v 214'607 (0'0,214'607] local-les=206 n=114 ec=118 les/c 206/206 242/242/242))
2014-06-09 16:22:11.364626 7f869af78700 5 -- op tracker -- , seq: 1537, time:
2014-06-09 16:22:11.364624, event: waiting_for_osdmap, op: pg_notify(1.238(20) epoch 242)
2014-06-09 16:22:11.364630 7f869af78700 7 osd.26 243 handle_pg_notify from osd.4
2014-06-09 16:22:11.364632 7f869af78700 15 osd.26 243 require_same_or_newer_map 242 (i am 243) 0x280c5a40
2014-06-09 16:22:11.364625 7f868ef60700 10 osd.26 pg_epoch: 243 pg[3.319( v 214'607 (0'0,214'607] local-les=243 n=114 ec=118 les/c 206/206 242/242/242) [26,5] r=0 lpr=242 pi=205-241/2 crt=0'0 lcod 0'0 mlcod 0'0 inactive] state: Active: got notify from 5, already have info from that osd, ignoring
2014-06-09 16:22:11.364635 7f868ef60700 10 log is not dirty
2014-06-09 16:22:11.364637 7f869af78700 5 -- op tracker -- , seq: 1537, time:
2014-06-09 16:22:11.364635, event: started, op: pg_notify(1.238(20) epoch 242)
2014-06-09 16:22:11.364638 7f868ef60700 10 osd.26 pg_epoch: 243 pg[2.5e( empty local-les=243 n=0 ec=1 les/c 206/206 242/242/242) [26,5] r=0 lpr=242 pi=205-241/2 crt=0'0 mlcod 0'0 inactive] handle_peering_event: epoch_sent: 243 epoch_requested: 243 MNotifyRec from 5 notify: (query_epoch:243, epoch_sent:243, info:2.5e( empty local-les=206 n=0 ec=1 les/c 206/206 242/242/242))
2014-06-09 16:22:11.364652 7f869af78700 5 -- op tracker -- , seq: 1537, time:
2014-06-09 16:22:11.364650, event: done, op: pg_notify(1.238(20) epoch 242)
2014-06-09 16:22:11.364660 7f869af78700 10 osd.26 243 do_waiters -- start
2014-06-09 16:22:11.364662 7f869af78700 10 osd.26 243 do_waiters -- finish
2014-06-09 16:22:11.364648 7f868ef60700 10 osd.26 pg_epoch: 243 pg[2.5e( empty local-les=243 n=0 ec=1 les/c 206/206 242/242/242) [26,5] r=0 lpr=242 pi=205-241/2 crt=0'0 mlcod 0'0 inactive] state: Active: got notify from 5, already have info from that osd, ignoring
2014-06-09 16:22:11.364681 7f868ef60700 10 log is not dirty
2014-06-09 16:22:11.364681 7f869af78700 10 osd.26 243 do_waiters -- start
2014-06-09 16:22:11.364683 7f869af78700 10 osd.26 243 do_waiters -- finish
2014-06-09 16:22:11.364684 7f869af78700 20 osd.26 243 _dispatch 0x3046ba40 pg_info(2 pgs e243:3.62a(2),3.9b(2)) v4
2014-06-09 16:22:11.364679 7f868cf5c700 10 osd.26 pg_epoch: 243 pg[3.94( v 214'571 lc 214'568 (0'0,214'571] local-les=243 n=112 ec=118 les/c 213/213 242/242/242) [26,9] r=0 lpr=242 pi=212-241/2 crt=214'571 lcod 0'0 mlcod 0'0 inactive m=2] activate - starting recovery
2014-06-09 16:22:11.364690 7f869af78700 5 -- op tracker -- , seq: 1538, time:
2014-06-09 16:22:11.061501, event: header_read, op: pg_info(2 pgs e243:3.62a(2),3.9b(2))
2014-06-09 16:22:11.364697 7f869af78700 5 -- op tracker -- , seq: 1538, time:
2014-06-09 16:22:11.061501, event: throttled, op: pg_info(2 pgs e243:3.62a(2),3.9b(2))
2014-06-09 16:22:11.364694 7f868cf5c700 10 osd.26 243 queue_for_recovery queued pg[3.94( v 214'571 lc 214'568 (0'0,214'571] local-les=243 n=112 ec=118 les/c 213/213 242/242/242) [26,9] r=0 lpr=242 pi=212-241/2 crt=214'571 lcod 0'0 mlcod 0'0 inactive m=2]
2014-06-09 16:22:11.364704 7f869af78700 5 -- op tracker -- , seq: 1538, time:
2014-06-09 16:22:11.061519, event: all_read, op: pg_info(2 pgs e243:3.62a(2),3.9b(2))
2014-06-09 16:22:11.364711 7f869af78700 5 -- op tracker -- , seq: 1538, time:
2014-06-09 16:22:11.364681, event: dispatched, op: pg_info(2 pgs e243:3.62a(2),3.9b(2))
2014-06-09 16:22:11.364708 7f868cf5c700 10 osd.26 pg_epoch: 243 pg[3.94( v 214'571 lc 214'568 (0'0,214'571] local-les=243 n=112 ec=118 les/c 213/213 242/242/242) [26,9] r=0 lpr=242 pi=212-241/2 crt=214'571 lcod 0'0 mlcod 0'0 inactive m=2] activate peer osd.9 3.94( v 214'571 (0'0,214'571] local-les=213 n=112 ec=118 les/c 213/213 242/242/242)
2014-06-09 16:22:11.364718 7f869af78700 5 -- op tracker -- , seq: 1538, time:
2014-06-09 16:22:11.364715, event: waiting_for_osdmap, op: pg_info(2 pgs e243:3.62a(2),3.9b(2))
2014-06-09 16:22:11.364716 7f868ef60700 10 osd.26 pg_epoch: 243 pg[1.591( empty local-les=243 n=0 ec=1 les/c 191/191 242/242/242) [26,2] r=0 lpr=242 pi=190-241/4 crt=0'0 mlcod 0'0 inactive] handle_peering_event: epoch_sent: 242 epoch_requested: 242 MNotifyRec from 2 notify: (query_epoch:242, epoch_sent:242, info:1.591( empty local-les=191 n=0 ec=1 les/c 191/191 242/242/242))
2014-06-09 16:22:11.364722 7f869af78700 7 osd.26 243 handle_pg_info pg_info(2 pgs e243:3.62a(2),3.9b(2)) v4 from osd.7
2014-06-09 16:22:11.364726 7f869af78700 15 osd.26 243 require_same_or_newer_map 243 (i am 243) 0x3046ba40
2014-06-09 16:22:11.364721 7f868cf5c700 10 osd.26 pg_epoch: 243 pg[3.94( v 214'571 lc 214'568 (0'0,214'571] local-les=243 n=112 ec=118 les/c 213/213 242/242/242) [26,9] r=0 lpr=242 pi=212-241/2 crt=214'571 lcod 0'0 mlcod 0'0 inactive m=2] activate peer osd.9 is up to date, queueing in pending_activators
2014-06-09 16:22:11.364727 7f868ef60700 10 osd.26 pg_epoch: 243 pg[1.591( empty local-les=243 n=0 ec=1 les/c 191/191 242/242/242) [26,2] r=0 lpr=242 pi=190-241/4 crt=0'0 mlcod 0'0 inactive] state: Active: got notify from 2, already have info from that osd, ignoring
2014-06-09 16:22:11.364732 7f869af78700 5 -- op tracker -- , seq: 1538, time:
2014-06-09 16:22:11.364729, event: started, op: pg_info(2 pgs e243:3.62a(2),3.9b(2))
2014-06-09 16:22:11.364736 7f868ef60700 10 log is not dirty
2014-06-09 16:22:11.364741 7f868ef60700 15 OSD::op_tp worker wq OSD::PeeringWQ done processing 0xb7f0280 (19 active)
2014-06-09 16:22:11.364736 7f868cf5c700 10 osd.26 pg_epoch: 243 pg[3.94( v 214'571 lc 214'568 (0'0,214'571] local-les=243 n=112 ec=118 les/c 213/213 242/242/242) [26,9] r=0 lpr=242 pi=212-241/2 crt=214'571 lcod 0'0 mlcod 0'0 inactive m=2] activate peer osd.9 3.94( v 214'571 (0'0,214'571] local-les=213 n=112 ec=118 les/c 213/213 242/242/242) uptodate
2014-06-09 16:22:11.364747 7f868ef60700 12 OSD::op_tp worker wq OSD::OpWQ start processing 0x1 (20 active)
2014-06-09 16:22:11.364755 7f868a757700 5 -- op tracker -- , seq: 444, time:
2014-06-09 16:22:11.364183, event: reached_pg, op: osd_op(client.4572.0:30512 rbd_data.117c6b8b4567.0000000000001463 [set-alloc-hint object_size 4194304 write_size 4194304,write 0~679936] 3.1045021b RETRY=3 ack+ondisk+retry+write e242)
2014-06-09 16:22:11.364750 7f868cf5c700 10 osd.26 pg_epoch: 243 pg[3.94( v 214'571 lc 214'568 (0'0,214'571] local-les=243 n=112 ec=118 les/c 213/213 242/242/242) [26,9] r=0 lpr=242 pi=212-241/2 crt=214'571 lcod 0'0 mlcod 0'0 inactive m=2 u=2] needs_recovery primary has 2 missing
2014-06-09 16:22:11.364763 7f868cf5c700 10 osd.26 pg_epoch: 243 pg[3.94( v 214'571 lc 214'568 (0'0,214'571] local-les=243 n=112 ec=118 les/c 213/213 242/242/242) [26,9] r=0 lpr=242 pi=212-241/2 crt=214'571 lcod 0'0 mlcod 0'0 inactive m=2 u=2] search_for_missing 87738094/rbd_data.11696b8b4567.0000000000001690/head//3 214'569 also missing on osd.26
2014-06-09 16:22:11.364762 7f868a757700 20 osd.26 pg_epoch: 243 pg[3.21b( v 214'612 lc 214'611 (0'0,214'612] local-les=243 n=123 ec=118 les/c 210/210 242/242/242) [26,7] r=0 lpr=242 pi=209-241/2 crt=214'612 lcod 0'0 mlcod 0'0 inactive m=1] op_has_sufficient_caps pool=3 (ceph ) owner=0 need_read_cap=0 need_write_cap=1 need_class_read_cap=0 need_class_write_cap=0 -> yes
2014-06-09 16:22:11.364775 7f868cf5c700 10 osd.26 pg_epoch: 243 pg[3.94( v 214'571 lc 214'568 (0'0,214'571] local-les=243 n=112 ec=118 les/c 213/213 242/242/242) [26,9] r=0 lpr=242 pi=212-241/2 crt=214'571 lcod 0'0 mlcod 0'0 inactive m=2 u=2] search_for_missing 87496894/rbd_data.117f6b8b4567.000000000000151c/head//3 214'571 also missing on osd.26
2014-06-09 16:22:11.364778 7f868a757700 10 osd.26 pg_epoch: 243 pg[3.21b( v 214'612 lc 214'611 (0'0,214'612] local-les=243 n=123 ec=118 les/c 210/210 242/242/242) [26,7] r=0 lpr=242 pi=209-241/2 crt=214'612 lcod 0'0 mlcod 0'0 inactive m=1] can_handle_while_inactive: 0x1b0b6100
2014-06-09 16:22:11.364789 7f868a757700 10 osd.26 243 dequeue_op 0x1b0b6100 finish
2014-06-09 16:22:11.364785 7f868cf5c700 20 osd.26 pg_epoch: 243 pg[3.94( v 214'571 lc 214'568 (0'0,214'571] local-les=243 n=112 ec=118 les/c 213/213 242/242/242) [26,9] r=0 lpr=242 pi=212-241/2 crt=214'571 lcod 0'0 mlcod 0'0 inactive m=2 u=2] needs_recovery_map missing {87738094/rbd_data.11696b8b4567.0000000000001690/head//3=214'569(214'567),87496894/rbd_data.117f6b8b4567.000000000000151c/head//3=214'571(214'566)}
2014-06-09 16:22:11.364795 7f868a757700 15 OSD::op_tp worker wq OSD::OpWQ done processing 0x1 (19 active)
2014-06-09 16:22:11.364797 7f868a757700 12 OSD::op_tp worker wq OSD::PeeringWQ start processing 0xb7f0310 (20 active)
2014-06-09 16:22:11.364793 7f868cf5c700 10 osd.26 pg_epoch: 243 pg[3.94( v 214'571 lc 214'568 (0'0,214'571] local-les=243 n=112 ec=118 les/c 213/213 242/242/242) [26,9] r=0 lpr=242 pi=212-241/2 crt=214'571 lcod 0'0 mlcod 0'0 inactive m=2 u=2] activate: adding 9 as a source
2014-06-09 16:22:11.364801 7f868a757700 10 osd.26 pg_epoch: 243 pg[1.238( empty local-les=243 n=0 ec=1 les/c 203/203 242/242/242) [26,4] r=0 lpr=242 pi=202-241/2 crt=0'0 mlcod 0'0 inactive] handle_peering_event: epoch_sent: 242 epoch_requested: 242 MNotifyRec from 4 notify: (query_epoch:242, epoch_sent:242, info:1.238( empty local-les=203 n=0 ec=1 les/c 203/203 242/242/242))
2014-06-09 16:22:11.364804 7f868cf5c700 10 osd.26 pg_epoch: 243 pg[3.94( v 214'571 lc 214'568 (0'0,214'571] local-les=243 n=112 ec=118 les/c 213/213 242/242/242) [26,9] r=0 lpr=242 pi=212-241/2 crt=214'571 lcod 0'0 mlcod 0'0 inactive m=2 u=2] search_for_missing 87738094/rbd_data.11696b8b4567.0000000000001690/head//3 214'569 is on osd.9
2014-06-09 16:22:11.364813 7f868a757700 10 osd.26 pg_epoch: 243 pg[1.238( empty local-les=243 n=0 ec=1 les/c 203/203 242/242/242) [26,4] r=0 lpr=242 pi=202-241/2 crt=0'0 mlcod 0'0 inactive] state: Active: got notify from 4, already have info from that osd, ignoring
2014-06-09 16:22:11.364823 7f868a757700 10 log is not dirty
2014-06-09 16:22:11.364818 7f868cf5c700 10 osd.26 pg_epoch: 243 pg[3.94( v 214'571 lc 214'568 (0'0,214'571] local-les=243 n=112 ec=118 les/c 213/213 242/242/242) [26,9] r=0 lpr=242 pi=212-241/2 crt=214'571 lcod 0'0 mlcod 0'0 inactive m=2 u=1] search_for_missing 87496894/rbd_data.117f6b8b4567.000000000000151c/head//3 214'571 is on osd.9
2014-06-09 16:22:11.364830 7f868a757700 15 OSD::op_tp worker wq OSD::PeeringWQ done processing 0xb7f0310 (19 active)
2014-06-09 16:22:11.364828 7f868cf5c700 20 osd.26 pg_epoch: 243 pg[3.94( v 214'571 lc 214'568 (0'0,214'571] local-les=243 n=112 ec=118 les/c 213/213 242/242/242) [26,9] r=0 lpr=242 pi=212-241/2 crt=214'571 lcod 0'0 mlcod 0'0 inactive m=2] needs_recovery_map missing {87738094/rbd_data.11696b8b4567.0000000000001690/head//3=214'569(214'567),87496894/rbd_data.117f6b8b4567.000000000000151c/head//3=214'571(214'566)}
2014-06-09 16:22:11.364835 7f868a757700 12 OSD::op_tp worker wq OSD::OpWQ start processing 0x1 (20 active)
2014-06-09 16:22:11.364837 7f868cf5c700 10 osd.26 pg_epoch: 243 pg[3.94( v 214'571 lc 214'568 (0'0,214'571] local-les=243 n=112 ec=118 les/c 213/213 242/242/242) [26,9] r=0 lpr=242 pi=212-241/2 crt=214'571 lcod 0'0 mlcod 0'0 inactive m=2] build_might_have_unfound
2014-06-09 16:22:11.364843 7f868cf5c700 10 osd.26 pg_epoch: 243 pg[3.94( v 214'571 lc 214'568 (0'0,214'571] local-les=243 n=112 ec=118 les/c 213/213 242/242/242) [26,9] r=0 lpr=242 pi=212-241/2 crt=214'571 lcod 0'0 mlcod 0'0 inactive m=2] _calc_past_interval_range: already have past intervals back to 213
2014-06-09 16:22:11.364839 7f868a757700 10 osd.26 243 dequeue_op 0x22009e00 prio 63 cost 516096 latency 0.579817 osd_op(client.4577.0:37201 rbd_data.11816b8b4567.000000000000191d [set-alloc-hint object_size 4194304 write_size 4194304,write 2162688~516096] 3.4a78ff50 RETRY=3 ack+ondisk+retry+write e242) v4 pg pg[3.750( v 214'518 (0'0,214'518] local-les=243 n=98 ec=118 les/c 212/213 242/242/242) [26,8] r=0 lpr=242 pi=211-241/2 crt=0'0 lcod 0'0 mlcod 0'0 inactive]
2014-06-09 16:22:11.364860 7f868a757700 5 -- op tracker -- , seq: 725, time:
2014-06-09 16:22:11.364855, event: reached_pg, op: osd_op(client.4577.0:37201 rbd_data.11816b8b4567.000000000000191d [set-alloc-hint object_size 4194304 write_size 4194304,write 2162688~516096] 3.4a78ff50 RETRY=3 ack+ondisk+retry+write e242)
2014-06-09 16:22:11.364854 7f868cf5c700 15 osd.26 pg_epoch: 243 pg[3.94( v 214'571 lc 214'568 (0'0,214'571] local-les=243 n=112 ec=118 les/c 213/213 242/242/242) [26,9] r=0 lpr=242 pi=212-241/2 crt=214'571 lcod 0'0 mlcod 0'0 inactive m=2] build_might_have_unfound: built 9
2014-06-09 16:22:11.364867 7f868cf5c700 10 osd.26 pg_epoch: 243 pg[3.94( v 214'571 lc 214'568 (0'0,214'571] local-les=243 n=112 ec=118 les/c 213/213 242/242/242) [26,9] r=0 lpr=242 pi=212-241/2 crt=214'571 lcod 0'0 mlcod 0'0 inactive m=2] state: Activate Finished
2014-06-09 16:22:11.364867 7f868a757700 20 osd.26 pg_epoch: 243 pg[3.750( v 214'518 (0'0,214'518] local-les=243 n=98 ec=118 les/c 212/213 242/242/242) [26,8] r=0 lpr=242 pi=211-241/2 crt=0'0 lcod 0'0 mlcod 0'0 inactive] op_has_sufficient_caps pool=3 (ceph ) owner=0 need_read_cap=0 need_write_cap=1 need_class_read_cap=0 need_class_write_cap=0 -> yes
2014-06-09 16:22:11.364876 7f868cf5c700 5 osd.26 pg_epoch: 243 pg[3.94( v 214'571 lc 214'568 (0'0,214'571] local-les=243 n=112 ec=118 les/c 213/213 242/242/242) [26,9] r=0 lpr=242 pi=212-241/2 crt=214'571 lcod 0'0 mlcod 0'0 inactive m=2] enter Started/Primary/Active/Activating
2014-06-09 16:22:11.364879 7f868a757700 10 osd.26 pg_epoch: 243 pg[3.750( v 214'518 (0'0,214'518] local-les=243 n=98 ec=118 les/c 212/213 242/242/242) [26,8] r=0 lpr=242 pi=211-241/2 crt=0'0 lcod 0'0 mlcod 0'0 inactive] can_handle_while_inactive: 0x22009e00
2014-06-09 16:22:11.364889 7f868a757700 10 osd.26 243 dequeue_op 0x22009e00 finish
2014-06-09 16:22:11.364892 7f868a757700 15 OSD::op_tp worker wq OSD::OpWQ done processing 0x1 (19 active)
2014-06-09 16:22:11.364897 7f868a757700 12 OSD::op_tp worker wq OSD::OpWQ start processing 0x1 (20 active)
2014-06-09 16:22:11.364899 7f868cf5c700 10 write_log with: dirty_to: 0'0, dirty_from: 214'567, dirty_divergent_priors: 0, writeout_from: 4294967295'18446744073709551615, trimmed:
2014-06-09 16:22:11.364900 7f868a757700 10 osd.26 243 dequeue_op 0x19fe1a00 prio 63 cost 1032192 latency 0.952831 osd_op(client.4575.0:32283 rbd_data.117f6b8b4567.0000000000001535 [set-alloc-hint object_size 4194304 write_size 4194304,write 294912~1032192] 3.c490ea1b RETRY=3 ack+ondisk+retry+write e242) v4 pg pg[3.21b( v 214'612 lc 214'611 (0'0,214'612] local-les=243 n=123 ec=118 les/c 210/210 242/242/242) [26,7] r=0 lpr=242 pi=209-241/2 crt=214'612 lcod 0'0 mlcod 0'0 inactive m=1]
2014-06-09 16:22:11.364922 7f868a757700 5 -- op tracker -- , seq: 307, time:
2014-06-09 16:22:11.364916, event: reached_pg, op: osd_op(client.4575.0:32283 rbd_data.117f6b8b4567.0000000000001535 [set-alloc-hint object_size 4194304 write_size 4194304,write 294912~1032192] 3.c490ea1b RETRY=3 ack+ondisk+retry+write e242)
2014-06-09 16:22:11.364937 7f868cf5c700 5 queue_transactions existing osr(3.94 0x3ed0640)/0x3ed0640
2014-06-09 16:22:11.364929 7f868a757700 20 osd.26 pg_epoch: 243 pg[3.21b( v 214'612 lc 214'611 (0'0,214'612] local-les=243 n=123 ec=118 les/c 210/210 242/242/242) [26,7] r=0 lpr=242 pi=209-241/2 crt=214'612 lcod 0'0 mlcod 0'0 inactive m=1] op_has_sufficient_caps pool=3 (ceph ) owner=0 need_read_cap=0 need_write_cap=1 need_class_read_cap=0 need_class_write_cap=0 -> yes
2014-06-09 16:22:11.364941 7f868cf5c700 10 op_submit_start 3100
2014-06-09 16:22:11.364942 7f868cf5c700 5 queue_transactions (trailing journal) 3100
2014-06-09 16:22:11.364943 7f868cf5c700 5 queue_op 0x16fd5500 seq 3100 osr(3.94 0x3ed0640) 2371 bytes (queue has 10 ops and 18676 bytes)
2014-06-09 16:22:11.364946 7f868cf5c700 10 op_submit_finish 3100
2014-06-09 16:22:11.364942 7f868a757700 10 osd.26 pg_epoch: 243 pg[3.21b( v 214'612 lc 214'611 (0'0,214'612] local-les=243 n=123 ec=118 les/c 210/210 242/242/242) [26,7] r=0 lpr=242 pi=209-241/2 crt=214'612 lcod 0'0 mlcod 0'0 inactive m=1] can_handle_while_inactive: 0x19fe1a00
2014-06-09 16:22:11.364952 7f868a757700 10 osd.26 243 dequeue_op 0x19fe1a00 finish
2014-06-09 16:22:11.364949 7f868cf5c700 20 osd.26 243 Sending info 3.94( v 214'571 lc 214'568 (0'0,214'571] local-les=243 n=112 ec=118 les/c 213/213 242/242/242) to shard 9
2014-06-09 16:22:11.364956 7f868a757700 15 OSD::op_tp worker wq OSD::OpWQ done processing 0x1 (19 active)
2014-06-09 16:22:11.364956 7f868cf5c700 20 osd.26 243 share_map_peer 0xbeb8f20 already has epoch 243
2014-06-09 16:22:11.364961 7f868a757700 12 OSD::op_tp worker wq OSD::OpWQ start processing 0x1 (20 active)
2014-06-09 16:22:11.364971 7f868cf5c700 15 OSD::op_tp worker wq OSD::PeeringWQ done processing 0xcd8f040 (19 active)
2014-06-09 16:22:11.364977 7f868cf5c700 12 OSD::op_tp worker wq OSD::OpWQ start processing 0x1 (20 active)
2014-06-09 16:22:11.364964 7f868a757700 10 osd.26 243 dequeue_op 0x1b0b6000 prio 63 cost 1548288 latency 0.860587 osd_op(client.4572.0:30513 rbd_data.117c6b8b4567.0000000000001463 [set-alloc-hint object_size 4194304 write_size 4194304,write 679936~1548288] 3.1045021b RETRY=3 ack+ondisk+retry+write e242) v4 pg pg[3.21b( v 214'612 lc 214'611 (0'0,214'612] local-les=243 n=123 ec=118 les/c 210/210 242/242/242) [26,7] r=0 lpr=242 pi=209-241/2 crt=214'612 lcod 0'0 mlcod 0'0 inactive m=1]
2014-06-09 16:22:11.364985 7f868a757700 5 -- op tracker -- , seq: 480, time:
2014-06-09 16:22:11.364980, event: reached_pg, op: osd_op(client.4572.0:30513 rbd_data.117c6b8b4567.0000000000001463 [set-alloc-hint object_size 4194304 write_size 4194304,write 679936~1548288] 3.1045021b RETRY=3 ack+ondisk+retry+write e242)
2014-06-09 16:22:11.364982 7f868cf5c700 10 osd.26 243 dequeue_op 0x257c4400 prio 63 cost 516096 latency 0.571498 osd_op(client.4577.0:37202 rbd_data.11816b8b4567.000000000000191d [set-alloc-hint object_size 4194304 write_size 4194304,write 2678784~516096] 3.4a78ff50 RETRY=3 ack+ondisk+retry+write e242) v4 pg pg[3.750( v 214'518 (0'0,214'518] local-les=243 n=98 ec=118 les/c 212/213 242/242/242) [26,8] r=0 lpr=242 pi=211-241/2 crt=0'0 lcod 0'0 mlcod 0'0 inactive]
2014-06-09 16:22:11.364992 7f868a757700 20 osd.26 pg_epoch: 243 pg[3.21b( v 214'612 lc 214'611 (0'0,214'612] local-les=243 n=123 ec=118 les/c 210/210 242/242/242) [26,7] r=0 lpr=242 pi=209-241/2 crt=214'612 lcod 0'0 mlcod 0'0 inactive m=1] op_has_sufficient_caps pool=3 (ceph ) owner=0 need_read_cap=0 need_write_cap=1 need_class_read_cap=0 need_class_write_cap=0 -> yes
2014-06-09 16:22:11.365002 7f868cf5c700 5 -- op tracker -- , seq: 736, time:
2014-06-09 16:22:11.364999, event: reached_pg, op: osd_op(client.4577.0:37202 rbd_data.11816b8b4567.000000000000191d [set-alloc-hint object_size 4194304 write_size 4194304,write 2678784~516096] 3.4a78ff50 RETRY=3 ack+ondisk+retry+write e242)
2014-06-09 16:22:11.365008 7f868cf5c700 20 osd.26 pg_epoch: 243 pg[3.750( v 214'518 (0'0,214'518] local-les=243 n=98 ec=118 les/c 212/213 242/242/242) [26,8] r=0 lpr=242 pi=211-241/2 crt=0'0 lcod 0'0 mlcod 0'0 inactive] op_has_sufficient_caps pool=3 (ceph ) owner=0 need_read_cap=0 need_write_cap=1 need_class_read_cap=0 need_class_write_cap=0 -> yes
2014-06-09 16:22:11.365005 7f868a757700 10 osd.26 pg_epoch: 243 pg[3.21b( v 214'612 lc 214'611 (0'0,214'612] local-les=243 n=123 ec=118 les/c 210/210 242/242/242) [26,7] r=0 lpr=242 pi=209-241/2 crt=214'612 lcod 0'0 mlcod 0'0 inactive m=1] can_handle_while_inactive: 0x1b0b6000
2014-06-09 16:22:11.365016 7f868a757700 10 osd.26 243 dequeue_op 0x1b0b6000 finish
2014-06-09 16:22:11.365016 7f868cf5c700 10 osd.26 pg_epoch: 243 pg[3.750( v 214'518 (0'0,214'518] local-les=243 n=98 ec=118 les/c 212/213 242/242/242) [26,8] r=0 lpr=242 pi=211-241/2 crt=0'0 lcod 0'0 mlcod 0'0 inactive] can_handle_while_inactive: 0x257c4400
2014-06-09 16:22:11.365020 7f868a757700 15 OSD::op_tp worker wq OSD::OpWQ done processing 0x1 (19 active)
2014-06-09 16:22:11.365021 7f868cf5c700 10 osd.26 243 dequeue_op 0x257c4400 finish
2014-06-09 16:22:11.365028 7f8688f54700 12 OSD::recovery_tp worker wq OSD::RecoveryWQ start processing 0x52d2000 (1 active)
2014-06-09 16:22:11.365028 7f868a757700 12 OSD::op_tp worker wq OSD::OpWQ start processing 0x1 (20 active)
2014-06-09 16:22:11.365030 7f8688f54700 10 osd.26 243 do_recovery can start 5 (0/15 rops)
2014-06-09 16:22:11.365032 7f8688f54700 15 OSD::recovery_tp worker wq OSD::RecoveryWQ done processing 0x52d2000 (0 active)
2014-06-09 16:22:11.365035 7f8688f54700 20 OSD::recovery_tp worker waiting
2014-06-09 16:22:11.355097 7f86a5610700 10 _omap_rmkeys meta/516ef296/pglog_3.c1/0//-1 r = 0
2014-06-09 16:22:11.365037 7f8689755700 15 OSD::op_tp worker wq OSD::OpWQ done processing 0x1 (19 active)
2014-06-09 16:22:11.365045 7f86a5610700 15 _omap_rmkeys meta/516ef296/pglog_3.c1/0//-1
2014-06-09 16:22:11.365034 7f868a757700 10 osd.26 243 dequeue_op 0x19fe1900 prio 63 cost 516096 latency 0.947747 osd_op(client.4575.0:32284 rbd_data.117f6b8b4567.0000000000001535 [set-alloc-hint object_size 4194304 write_size 4194304,write 1327104~516096] 3.c490ea1b RETRY=3 ack+ondisk+retry+write e242) v4 pg pg[3.21b( v 214'612 lc 214'611 (0'0,214'612] local-les=243 n=123 ec=118 les/c 210/210 242/242/242) [26,7] r=0 lpr=242 pi=209-241/2 crt=214'612 lcod 0'0 mlcod 0'0 inactive m=1]
2014-06-09 16:22:11.365054 7f86a5610700 10 _omap_rmkeys meta/516ef296/pglog_3.c1/0//-1 r = 0
2014-06-09 16:22:11.365058 7f868a757700 5 -- op tracker -- , seq: 363, time:
2014-06-09 16:22:11.365052, event: reached_pg, op: osd_op(client.4575.0:32284 rbd_data.117f6b8b4567.0000000000001535 [set-alloc-hint object_size 4194304 write_size 4194304,write 1327104~516096] 3.c490ea1b RETRY=3 ack+ondisk+retry+write e242)
2014-06-09 16:22:11.365064 7f86a5610700 15 _omap_setkeys meta/516ef296/pglog_3.c1/0//-1
2014-06-09 16:22:11.365069 7f8689755700 12 OSD::op_tp worker wq OSD::OpWQ start processing 0x1 (20 active)
2014-06-09 16:22:11.365064 7f868a757700 20 osd.26 pg_epoch: 243 pg[3.21b( v 214'612 lc 214'611 (0'0,214'612] local-les=243 n=123 ec=118 les/c 210/210 242/242/242) [26,7] r=0 lpr=242 pi=209-241/2 crt=214'612 lcod 0'0 mlcod 0'0 inactive m=1] op_has_sufficient_caps pool=3 (ceph ) owner=0 need_read_cap=0 need_write_cap=1 need_class_read_cap=0 need_class_write_cap=0 -> yes
2014-06-09 16:22:11.365078 7f868a757700 10 osd.26 pg_epoch: 243 pg[3.21b( v 214'612 lc 214'611 (0'0,214'612] local-les=243 n=123 ec=118 les/c 210/210 242/242/242) [26,7] r=0 lpr=242 pi=209-241/2 crt=214'612 lcod 0'0 mlcod 0'0 inactive m=1] can_handle_while_inactive: 0x19fe1900
2014-06-09 16:22:11.365088 7f868a757700 10 osd.26 243 dequeue_op 0x19fe1900 finish
2014-06-09 16:22:11.365086 7f86a5610700 10 cid: oid: 516ef296/pglog_3.c1/0//-1 skipping op, spos 3092.0.0 <= header.spos 150425.0.0
2014-06-09 16:22:11.365076 7f8689755700 10 osd.26 243 dequeue_op 0x1804c700 prio 63 cost 999424 latency 0.563503 osd_op(client.4577.0:37203 rbd_data.11816b8b4567.000000000000191d [set-alloc-hint object_size 4194304 write_size 4194304,write 3194880~999424] 3.4a78ff50 RETRY=3 ack+ondisk+retry+write e242) v4 pg pg[3.750( v 214'518 (0'0,214'518] local-les=243 n=98 ec=118 les/c 212/213 242/242/242) [26,8] r=0 lpr=242 pi=211-241/2 crt=0'0 lcod 0'0 mlcod 0'0 inactive]
2014-06-09 16:22:11.365091 7f868a757700 15 OSD::op_tp worker wq OSD::OpWQ done processing 0x1 (19 active)
2014-06-09 16:22:11.365092 7f86a5610700 10 cid: oid: 16ef7597/infos/head//-1 skipping op, spos 3092.0.0 <= header.spos 150443.0.0
2014-06-09 16:22:11.365095 7f86a5610700 5 submit_transaction r = 0
2014-06-09 16:22:11.365097 7f868a757700 12 OSD::op_tp worker wq OSD::OpWQ start processing 0x1 (20 active)
2014-06-09 16:22:11.365097 7f8689755700 5 -- op tracker -- , seq: 751, time:
2014-06-09 16:22:11.365091, event: reached_pg, op: osd_op(client.4577.0:37203 rbd_data.11816b8b4567.000000000000191d [set-alloc-hint object_size 4194304 write_size 4194304,write 3194880~999424] 3.4a78ff50 RETRY=3 ack+ondisk+retry+write e242)
2014-06-09 16:22:11.365104 7f8689755700 20 osd.26 pg_epoch: 243 pg[3.750( v 214'518 (0'0,214'518] local-les=243 n=98 ec=118 les/c 212/213 242/242/242) [26,8] r=0 lpr=242 pi=211-241/2 crt=0'0 lcod 0'0 mlcod 0'0 inactive] op_has_sufficient_caps pool=3 (ceph ) owner=0 need_read_cap=0 need_write_cap=1 need_class_read_cap=0 need_class_write_cap=0 -> yes
2014-06-09 16:22:11.365100 7f868a757700 10 osd.26 243 dequeue_op 0x1b0b7a00 prio 63 cost 516096 latency 0.832905 osd_op(client.4572.0:30514 rbd_data.117c6b8b4567.0000000000001463 [set-alloc-hint object_size 4194304 write_size 4194304,write 2228224~516096] 3.1045021b RETRY=3 ack+ondisk+retry+write e242) v4 pg pg[3.21b( v 214'612 lc 214'611 (0'0,214'612] local-les=243 n=123 ec=118 les/c 210/210 242/242/242) [26,7] r=0 lpr=242 pi=209-241/2 crt=214'612 lcod 0'0 mlcod 0'0 inactive m=1]
2014-06-09 16:22:11.365115 7f8689755700 10 osd.26 pg_epoch: 243 pg[3.750( v 214'518 (0'0,214'518] local-les=243 n=98 ec=118 les/c 212/213 242/242/242) [26,8] r=0 lpr=242 pi=211-241/2 crt=0'0 lcod 0'0 mlcod 0'0 inactive] can_handle_while_inactive: 0x1804c700
2014-06-09 16:22:11.365124 7f8689755700 10 osd.26 243 dequeue_op 0x1804c700 finish
2014-06-09 16:22:11.365121 7f868a757700 5 -- op tracker -- , seq: 481, time:
2014-06-09 16:22:11.365116, event: reached_pg, op: osd_op(client.4572.0:30514 rbd_data.117c6b8b4567.0000000000001463 [set-alloc-hint object_size 4194304 write_size 4194304,write 2228224~516096] 3.1045021b RETRY=3 ack+ondisk+retry+write e242)
2014-06-09 16:22:11.365128 7f868a757700 20 osd.26 pg_epoch: 243 pg[3.21b( v 214'612 lc 214'611 (0'0,214'612] local-les=243 n=123 ec=118 les/c 210/210 242/242/242) [26,7] r=0 lpr=242 pi=209-241/2 crt=214'612 lcod 0'0 mlcod 0'0 inactive m=1] op_has_sufficient_caps pool=3 (ceph ) owner=0 need_read_cap=0 need_write_cap=1 need_class_read_cap=0 need_class_write_cap=0 -> yes
2014-06-09 16:22:11.365137 7f86a5610700 10 _do_op 0x288f9b60 seq 3092 r = 0, finisher 0x3062ade0 0
2014-06-09 16:22:11.365141 7f868a757700 10 osd.26 pg_epoch: 243 pg[3.21b( v 214'612 lc 214'611 (0'0,214'612] local-les=243 n=123 ec=118 les/c 210/210 242/242/242) [26,7] r=0 lpr=242 pi=209-241/2 crt=214'612 lcod 0'0 mlcod 0'0 inactive m=1] can_handle_while_inactive: 0x1b0b7a00
2014-06-09 16:22:11.365151 7f868a757700 10 osd.26 243 dequeue_op 0x1b0b7a00 finish
2014-06-09 16:22:11.365151 7f86a460e700 10 finisher(0x2c100f8) finisher_thread doing [0x3062adc0]
2014-06-09 16:22:11.365127 7f8689755700 15 OSD::op_tp worker wq OSD::OpWQ done processing 0x1 (19 active)
2014-06-09 16:22:11.365155 7f86a460e700 10 finisher(0x2c100f8) finisher_thread done with [0x3062adc0]
2014-06-09 16:22:11.365157 7f86a460e700 10 finisher(0x2c100f8) finisher_thread empty
2014-06-09 16:22:11.365158 7f86a460e700 10 finisher(0x2c100f8) finisher_thread sleeping
2014-06-09 16:22:11.365161 7f86a5610700 10 _finish_op 0x288f9b60 seq 3092 osr(3.c1 0x3ed05c0)/0x3ed05c0
2014-06-09 16:22:11.365163 7f8689755700 12 OSD::op_tp worker wq OSD::OpWQ start processing 0x1 (20 active)
2014-06-09 16:22:11.365165 7f86a5610700 15 KeyValueStore::op_tp worker wq KeyValueStore::OpWQ done processing 0xc3018c0 (1 active)
2014-06-09 16:22:11.365168 7f86a5610700 12 KeyValueStore::op_tp worker wq KeyValueStore::OpWQ start processing 0xc114480 (2 active)
2014-06-09 16:22:11.365170 7f86a5610700 5 _do_op 0x309a2f00 seq 3093 osr(1.67a 0x384de90)/0x384de90 start
2014-06-09 16:22:11.365173 7f86a5610700 10 _do_transaction on 0x2eaa0c0
2014-06-09 16:22:11.365162 7f868ff62700 10 osd.26 243 dequeue_op 0x19fe1800 prio 63 cost 516096 latency 0.932638 osd_op(client.4575.0:32285 rbd_data.117f6b8b4567.0000000000001535 [set-alloc-hint object_size 4194304 write_size 4194304,write 1843200~516096] 3.c490ea1b RETRY=3 ack+ondisk+retry+write e242) v4 pg pg[3.21b( v 214'612 lc 214'611 (0'0,214'612] local-les=243 n=123 ec=118 les/c 210/210 242/242/242) [26,7] r=0 lpr=242 pi=209-241/2 crt=214'612 lcod 0'0 mlcod 0'0 inactive m=1]
2014-06-09 16:22:11.365179 7f86a5610700 15 _omap_setkeys meta/16ef7597/infos/head//-1
2014-06-09 16:22:11.365187 7f868ff62700 5 -- op tracker -- , seq: 382, time:
2014-06-09 16:22:11.365181, event: reached_pg, op: osd_op(client.4575.0:32285 rbd_data.117f6b8b4567.0000000000001535 [set-alloc-hint object_size 4194304 write_size 4194304,write 1843200~516096] 3.c490ea1b RETRY=3 ack+ondisk+retry+write e242)
2014-06-09 16:22:11.365194 7f868ff62700 20 osd.26 pg_epoch: 243 pg[3.21b( v 214'612 lc 214'611 (0'0,214'612] local-les=243 n=123 ec=118 les/c 210/210 242/242/242) [26,7] r=0 lpr=242 pi=209-241/2 crt=214'612 lcod 0'0 mlcod 0'0 inactive m=1] op_has_sufficient_caps pool=3 (ceph ) owner=0 need_read_cap=0 need_write_cap=1 need_class_read_cap=0 need_class_write_cap=0 -> yes
2014-06-09 16:22:11.365168 7f8689755700 10 osd.26 243 dequeue_op 0x19fe1d00 prio 63 cost 516096 latency 1.017127 osd_op(client.4575.0:32142 rbd_data.117f6b8b4567.0000000000001523 [set-alloc-hint object_size 4194304 write_size 4194304,write 3022848~516096] 3.284fd1aa RETRY=3 ack+ondisk+retry+write e242) v4 pg pg[3.1aa( v 214'499 (0'0,214'499] local-les=191 n=98 ec=118 les/c 191/191 242/242/242) [26,1] r=0 lpr=242 pi=190-241/4 crt=0'0 lcod 0'0 mlcod 0'0 peering]
2014-06-09 16:22:11.365207 7f868ff62700 10 osd.26 pg_epoch: 243 pg[3.21b( v 214'612 lc 214'611 (0'0,214'612] local-les=243 n=123 ec=118 les/c 210/210 242/242/242) [26,7] r=0 lpr=242 pi=209-241/2 crt=214'612 lcod 0'0 mlcod 0'0 inactive m=1] can_handle_while_inactive: 0x19fe1800
2014-06-09 16:22:11.365216 7f868ff62700 10 osd.26 243 dequeue_op 0x19fe1800 finish
2014-06-09 16:22:11.365214 7f8689755700 5 -- op tracker -- , seq: 294, time:
2014-06-09 16:22:11.365210, event: reached_pg, op: osd_op(client.4575.0:32142 rbd_data.117f6b8b4567.0000000000001523 [set-alloc-hint object_size 4194304 write_size 4194304,write 3022848~516096] 3.284fd1aa RETRY=3 ack+ondisk+retry+write e242)
2014-06-09 16:22:11.365221 7f8689755700 20 osd.26 pg_epoch: 243 pg[3.1aa( v 214'499 (0'0,214'499] local-les=191 n=98 ec=118 les/c 191/191 242/242/242) [26,1] r=0 lpr=242 pi=190-241/4 crt=0'0 lcod 0'0 mlcod 0'0 peering] op_has_sufficient_caps pool=3 (ceph ) owner=0 need_read_cap=0 need_write_cap=1 need_class_read_cap=0 need_class_write_cap=0 -> yes
2014-06-09 16:22:11.365223 7f8691765700 10 osd.26 243 dequeue_op 0x1b0b7900 prio 63 cost 1449984 latency 0.831281 osd_op(client.4572.0:30515 rbd_data.117c6b8b4567.0000000000001463 [set-alloc-hint object_size 4194304 write_size 4194304,write 2744320~1449984] 3.1045021b RETRY=3 ack+ondisk+retry+write e242) v4 pg pg[3.21b( v 214'612 lc 214'611 (0'0,214'612] local-les=243 n=123 ec=118 les/c 210/210 242/242/242) [26,7] r=0 lpr=242 pi=209-241/2 crt=214'612 lcod 0'0 mlcod 0'0 inactive m=1]
2014-06-09 16:22:11.365233 7f8689755700 10 osd.26 pg_epoch: 243 pg[3.1aa( v 214'499 (0'0,214'499] local-les=191 n=98 ec=118 les/c 191/191 242/242/242) [26,1] r=0 lpr=242 pi=190-241/4 crt=0'0 lcod 0'0 mlcod 0'0 peering] can_handle_while_inactive: 0x19fe1d00
2014-06-09 16:22:11.365242 7f8689755700 10 osd.26 243 dequeue_op 0x19fe1d00 finish
2014-06-09 16:22:11.365246 7f8689755700 15 OSD::op_tp worker wq OSD::OpWQ done processing 0x1 (19 active)
2014-06-09 16:22:11.365248 7f8689755700 20 OSD::op_tp worker waiting
2014-06-09 16:22:11.365246 7f8691765700 5 -- op tracker -- , seq: 497, time:
2014-06-09 16:22:11.365240, event: reached_pg, op: osd_op(client.4572.0:30515 rbd_data.117c6b8b4567.0000000000001463 [set-alloc-hint object_size 4194304 write_size 4194304,write 2744320~1449984] 3.1045021b RETRY=3 ack+ondisk+retry+write e242)
2014-06-09 16:22:11.365255 7f868d75d700 15 OSD::op_tp worker wq OSD::OpWQ done processing 0x1 (18 active)
2014-06-09 16:22:11.365257 7f868d75d700 20 OSD::op_tp worker waiting
2014-06-09 16:22:11.365252 7f8691765700 20 osd.26 pg_epoch: 243 pg[3.21b( v 214'612 lc 214'611 (0'0,214'612] local-les=243 n=123 ec=118 les/c 210/210 242/242/242) [26,7] r=0 lpr=242 pi=209-241/2 crt=214'612 lcod 0'0 mlcod 0'0 inactive m=1] op_has_sufficient_caps pool=3 (ceph ) owner=0 need_read_cap=0 need_write_cap=1 need_class_read_cap=0 need_class_write_cap=0 -> yes
2014-06-09 16:22:11.365265 7f868f761700 15 OSD::op_tp worker wq OSD::OpWQ done processing 0x1 (17 active)
2014-06-09 16:22:11.365268 7f868f761700 20 OSD::op_tp worker waiting
2014-06-09 16:22:11.365266 7f8691765700 10 osd.26 pg_epoch: 243 pg[3.21b( v 214'612 lc 214'611 (0'0,214'612] local-les=243 n=123 ec=118 les/c 210/210 242/242/242) [26,7] r=0 lpr=242 pi=209-241/2 crt=214'612 lcod 0'0 mlcod 0'0 inactive m=1] can_handle_while_inactive: 0x1b0b7900
2014-06-09 16:22:11.365276 7f8691765700 10 osd.26 243 dequeue_op 0x1b0b7900 finish
2014-06-09 16:22:11.365276 7f868df5e700 15 OSD::op_tp worker wq OSD::OpWQ done processing 0x1 (16 active)
2014-06-09 16:22:11.365278 7f868df5e700 20 OSD::op_tp worker waiting
2014-06-09 16:22:11.365282 7f8691765700 15 OSD::op_tp worker wq OSD::OpWQ done processing 0x1 (15 active)
2014-06-09 16:22:11.365284 7f8691765700 20 OSD::op_tp worker waiting
2014-06-09 16:22:11.365291 7f8690763700 15 OSD::op_tp worker wq OSD::OpWQ done processing 0x1 (14 active)
2014-06-09 16:22:11.365294 7f8690763700 20 OSD::op_tp worker waiting
2014-06-09 16:22:11.365300 7f8691f66700 15 OSD::op_tp worker wq OSD::OpWQ done processing 0x1 (13 active)
2014-06-09 16:22:11.365302 7f8691f66700 20 OSD::op_tp worker waiting
2014-06-09 16:22:11.365292 7f8689f56700 10 osd.26 243 dequeue_op 0x19fe1700 prio 63 cost 1032192 latency 0.901563 osd_op(client.4575.0:32286 rbd_data.117f6b8b4567.0000000000001535 [set-alloc-hint object_size 4194304 write_size 4194304,write 2359296~1032192] 3.c490ea1b RETRY=3 ack+ondisk+retry+write e242) v4 pg pg[3.21b( v 214'612 lc 214'611 (0'0,214'612] local-les=243 n=123 ec=118 les/c 210/210 242/242/242) [26,7] r=0 lpr=242 pi=209-241/2 crt=214'612 lcod 0'0 mlcod 0'0 inactive m=1]
2014-06-09 16:22:11.365313 7f8692f68700 15 OSD::op_tp worker wq OSD::OpWQ done processing 0x1 (12 active)
2014-06-09 16:22:11.365317 7f8692f68700 12 OSD::op_tp worker wq OSD::PeeringWQ start processing 0xcb40520 (13 active)
2014-06-09 16:22:11.365313 7f8689f56700 5 -- op tracker -- , seq: 391, time:
2014-06-09 16:22:11.365309, event: reached_pg, op: osd_op(client.4575.0:32286 rbd_data.117f6b8b4567.0000000000001535 [set-alloc-hint object_size 4194304 write_size 4194304,write 2359296~1032192] 3.c490ea1b RETRY=3 ack+ondisk+retry+write e242)
2014-06-09 16:22:11.365320 7f8689f56700 20 osd.26 pg_epoch: 243 pg[3.21b( v 214'612 lc 214'611 (0'0,214'612] local-les=243 n=123 ec=118 les/c 210/210 242/242/242) [26,7] r=0 lpr=242 pi=209-241/2 crt=214'612 lcod 0'0 mlcod 0'0 inactive m=1] op_has_sufficient_caps pool=3 (ceph ) owner=0 need_read_cap=0 need_write_cap=1 need_class_read_cap=0 need_class_write_cap=0 -> yes
2014-06-09 16:22:11.365327 7f86a4e0f700 10 osd.26 pg_epoch: 243 pg[2.75d( empty local-les=243 n=0 ec=1 les/c 201/201 242/242/242) [26,3] r=0 lpr=242 pi=200-241/2 crt=0'0 mlcod 0'0 inactive] flushed
2014-06-09 16:22:11.365332 7f8689f56700 10 osd.26 pg_epoch: 243 pg[3.21b( v 214'612 lc 214'611 (0'0,214'612] local-les=243 n=123 ec=118 les/c 210/210 242/242/242) [26,7] r=0 lpr=242 pi=209-241/2 crt=214'612 lcod 0'0 mlcod 0'0 inactive m=1] can_handle_while_inactive: 0x19fe1700
2014-06-09 16:22:11.365342 7f8689f56700 10 osd.26 243 dequeue_op 0x19fe1700 finish
2014-06-09 16:22:11.365347 7f868f761700 12 OSD::op_tp worker wq OSD::PeeringWQ start processing 0xb7f0270 (14 active)
2014-06-09 16:22:11.365351 7f86a4e0f700 10 osd.26 pg_epoch: 243 pg[1.43b( empty local-les=243 n=0 ec=1 les/c 203/203 242/242/242) [26,4] r=0 lpr=242 pi=202-241/2 crt=0'0 mlcod 0'0 inactive] _activate_committed 243 peer_activated now 26 last_epoch_started 203 same_interval_since 242
2014-06-09 16:22:11.365353 7f868f761700 10 osd.26 pg_epoch: 243 pg[2.75d( empty local-les=243 n=0 ec=1 les/c 201/201 242/242/242) [26,3] r=0 lpr=242 pi=200-241/2 crt=0'0 mlcod 0'0 inactive] handle_peering_event: epoch_sent: 243 epoch_requested: 243 FlushedEvt
2014-06-09 16:22:11.365349 7f868af58700 10 osd.26 243 dequeue_op 0x19fe1600 prio 63 cost 516096 latency 0.885679 osd_op(client.4575.0:32287 rbd_data.117f6b8b4567.0000000000001535 [set-alloc-hint object_size 4194304 write_size 4194304,write 3391488~516096] 3.c490ea1b RETRY=3 ack+ondisk+retry+write e242) v4 pg pg[3.21b( v 214'612 lc 214'611 (0'0,214'612] local-les=243 n=123 ec=118 les/c 210/210 242/242/242) [26,7] r=0 lpr=242 pi=209-241/2 crt=214'612 lcod 0'0 mlcod 0'0 inactive m=1]
2014-06-09 16:22:11.365367 7f868f761700 10 log is not dirty
2014-06-09 16:22:11.365364 7f86a4e0f700 10 osd.26 pg_epoch: 243 pg[1.43b( empty local-les=243 n=0 ec=1 les/c 203/203 242/242/242) [26,4] r=0 lpr=242 pi=202-241/2 crt=0'0 mlcod 0'0 inactive] flushed
2014-06-09 16:22:11.365370 7f868af58700 5 -- op tracker -- , seq: 430, time:
2014-06-09 16:22:11.365365, event: reached_pg, op: osd_op(client.4575.0:32287 rbd_data.117f6b8b4567.0000000000001535 [set-alloc-hint object_size 4194304 write_size 4194304,write 3391488~516096] 3.c490ea1b RETRY=3 ack+ondisk+retry+write e242)
2014-06-09 16:22:11.365371 7f868f761700 10 osd.26 pg_epoch: 243 pg[2.75d( empty local-les=243 n=0 ec=1 les/c 201/201 242/242/242) [26,3] r=0 lpr=242 pi=200-241/2 crt=0'0 mlcod 0'0 inactive] handle_peering_event: epoch_sent: 243 epoch_requested: 243 FlushedEvt
2014-06-09 16:22:11.365376 7f86a4e0f700 10 osd.26 pg_epoch: 243 pg[1.43b( empty local-les=243 n=0 ec=1 les/c 203/203 242/242/242) [26,4] r=0 lpr=242 pi=202-241/2 crt=0'0 mlcod 0'0 inactive] flushed
2014-06-09 16:22:11.365375 7f868af58700 20 osd.26 pg_epoch: 243 pg[3.21b( v 214'612 lc 214'611 (0'0,214'612] local-les=243 n=123 ec=118 les/c 210/210 242/242/242) [26,7] r=0 lpr=242 pi=209-241/2 crt=214'612 lcod 0'0 mlcod 0'0 inactive m=1] op_has_sufficient_caps pool=3 (ceph ) owner=0 need_read_cap=0 need_write_cap=1 need_class_read_cap=0 need_class_write_cap=0 -> yes
2014-06-09 16:22:11.365381 7f868f761700 15 osd.26 pg_epoch: 243 pg[2.75d( empty local-les=243 n=0 ec=1 les/c 201/201 242/242/242) [26,3] r=0 lpr=242 pi=200-241/2 crt=0'0 mlcod 0'0 inactive] requeue_ops
2014-06-09 16:22:11.365390 7f868f761700 10 log is not dirty
2014-06-09 16:22:11.365395 7f868f761700 15 OSD::op_tp worker wq OSD::PeeringWQ done processing 0xb7f0270 (13 active)
2014-06-09 16:22:11.365388 7f868af58700 10 osd.26 pg_epoch: 243 pg[3.21b( v 214'612 lc 214'611 (0'0,214'612] local-les=243 n=123 ec=118 les/c 210/210 242/242/242) [26,7] r=0 lpr=242 pi=209-241/2 crt=214'612 lcod 0'0 mlcod 0'0 inactive m=1] can_handle_while_inactive: 0x19fe1600
2014-06-09 16:22:11.365398 7f868f761700 12 OSD::op_tp worker wq OSD::PeeringWQ start processing 0xb7f0270 (14 active)
2014-06-09 16:22:11.365398 7f868af58700 10 osd.26 243 dequeue_op 0x19fe1600 finish
2014-06-09 16:22:11.365391 7f86a4e0f700 10 osd.26 pg_epoch: 243 pg[0.708( empty local-les=243 n=0 ec=1 les/c 203/203 242/242/242) [26,4] r=0 lpr=242 pi=202-241/2 crt=0'0 mlcod 0'0 inactive] _activate_committed 243 peer_activated now 26 last_epoch_started 203 same_interval_since 242
2014-06-09 16:22:11.365404 7f868af58700 15 OSD::op_tp worker wq OSD::OpWQ done processing 0x1 (13 active)
2014-06-09 16:22:11.365406 7f868af58700 20 OSD::op_tp worker waiting
2014-06-09 16:22:11.365402 7f86a4e0f700 10 osd.26 pg_epoch: 243 pg[0.708( empty local-les=243 n=0 ec=1 les/c 203/203 242/242/242) [26,4] r=0 lpr=242 pi=202-241/2 crt=0'0 mlcod 0'0 inactive] flushed
2014-06-09 16:22:11.365401 7f868f761700 10 osd.26 pg_epoch: 243 pg[1.43b( empty local-les=243 n=0 ec=1 les/c 203/203 242/242/242) [26,4] r=0 lpr=242 pi=202-241/2 crt=0'0 mlcod 0'0 inactive] handle_peering_event: epoch_sent: 243 epoch_requested: 243 FlushedEvt
2014-06-09 16:22:11.365411 7f868a757700 15 OSD::op_tp worker wq OSD::OpWQ done processing 0x1 (12 active)
2014-06-09 16:22:11.365413 7f868a757700 20 OSD::op_tp worker waiting
2014-06-09 16:22:11.365412 7f868f761700 10 log is not dirty
2014-06-09 16:22:11.365418 7f868cf5c700 15 OSD::op_tp worker wq OSD::OpWQ done processing 0x1 (11 active)
2014-06-09 16:22:11.365420 7f868cf5c700 20 OSD::op_tp worker waiting
2014-06-09 16:22:11.365416 7f868f761700 10 osd.26 pg_epoch: 243 pg[1.43b( empty local-les=243 n=0 ec=1 les/c 203/203 242/242/242) [26,4] r=0 lpr=242 pi=202-241/2 crt=0'0 mlcod 0'0 inactive] handle_peering_event: epoch_sent: 243 epoch_requested: 243 FlushedEvt
2014-06-09 16:22:11.365426 7f868b759700 15 OSD::op_tp worker wq OSD::OpWQ done processing 0x1 (10 active)
2014-06-09 16:22:11.365428 7f868b759700 20 OSD::op_tp worker waiting
2014-06-09 16:22:11.365416 7f868ef60700 10 osd.26 243 dequeue_op 0x1c769c00 prio 63 cost 286720 latency 0.874806 osd_op(client.4575.0:32288 rbd_data.117f6b8b4567.0000000000001535 [set-alloc-hint object_size 4194304 write_size 4194304,write 3907584~286720] 3.c490ea1b RETRY=3 ack+ondisk+retry+write e242) v4 pg pg[3.21b( v 214'612 lc 214'611 (0'0,214'612] local-les=243 n=123 ec=118 les/c 210/210 242/242/242) [26,7] r=0 lpr=242 pi=209-241/2 crt=214'612 lcod 0'0 mlcod 0'0 inactive m=1]
2014-06-09 16:22:11.365425 7f868f761700 15 osd.26 pg_epoch: 243 pg[1.43b( empty local-les=243 n=0 ec=1 les/c 203/203 242/242/242) [26,4] r=0 lpr=242 pi=202-241/2 crt=0'0 mlcod 0'0 inactive] requeue_ops
2014-06-09 16:22:11.365432 7f868ff62700 15 OSD::op_tp worker wq OSD::OpWQ done processing 0x1 (9 active)
2014-06-09 16:22:11.365433 7f868f761700 10 log is not dirty
2014-06-09 16:22:11.365435 7f868ff62700 20 OSD::op_tp worker waiting
2014-06-09 16:22:11.365438 7f868f761700 15 OSD::op_tp worker wq OSD::PeeringWQ done processing 0xb7f0270 (8 active)
2014-06-09 16:22:11.365441 7f868f761700 20 OSD::op_tp worker waiting
2014-06-09 16:22:11.365438 7f868ef60700 5 -- op tracker -- , seq: 442, time:
2014-06-09 16:22:11.365433, event: reached_pg, op: osd_op(client.4575.0:32288 rbd_data.117f6b8b4567.0000000000001535 [set-alloc-hint object_size 4194304 write_size 4194304,write 3907584~286720] 3.c490ea1b RETRY=3 ack+ondisk+retry+write e242)
2014-06-09 16:22:11.365445 7f868df5e700 20 OSD::op_tp worker waiting
2014-06-09 16:22:11.365440 7f8692767700 10 osd.26 243 dequeue_op 0x19fe1c00 prio 63 cost 655360 latency 0.968601 osd_op(client.4575.0:32143 rbd_data.117f6b8b4567.0000000000001523 [set-alloc-hint object_size 4194304 write_size 4194304,write 3538944~655360] 3.284fd1aa RETRY=3 ack+ondisk+retry+write e242) v4 pg pg[3.1aa( v 214'499 (0'0,214'499] local-les=191 n=98 ec=118 les/c 191/191 242/242/242) [26,1] r=0 lpr=242 pi=190-241/4 crt=0'0 lcod 0'0 mlcod 0'0 peering]
2014-06-09 16:22:11.365445 7f868ef60700 20 osd.26 pg_epoch: 243 pg[3.21b( v 214'612 lc 214'611 (0'0,214'612] local-les=243 n=123 ec=118 les/c 210/210 242/242/242) [26,7] r=0 lpr=242 pi=209-241/2 crt=214'612 lcod 0'0 mlcod 0'0 inactive m=1] op_has_sufficient_caps pool=3 (ceph ) owner=0 need_read_cap=0 need_write_cap=1 need_class_read_cap=0 need_class_write_cap=0 -> yes
2014-06-09 16:22:11.365461 7f8692767700 5 -- op tracker -- , seq: 303, time:
2014-06-09 16:22:11.365457, event: reached_pg, op: osd_op(client.4575.0:32143 rbd_data.117f6b8b4567.0000000000001523 [set-alloc-hint object_size 4194304 write_size 4194304,write 3538944~655360] 3.284fd1aa RETRY=3 ack+ondisk+retry+write e242)
2014-06-09 16:22:11.365459 7f868ef60700 10 osd.26 pg_epoch: 243 pg[3.21b( v 214'612 lc 214'611 (0'0,214'612] local-les=243 n=123 ec=118 les/c 210/210 242/242/242) [26,7] r=0 lpr=242 pi=209-241/2 crt=214'612 lcod 0'0 mlcod 0'0 inactive m=1] can_handle_while_inactive: 0x1c769c00
2014-06-09 16:22:11.365470 7f868ef60700 10 osd.26 243 dequeue_op 0x1c769c00 finish
2014-06-09 16:22:11.365474 7f868ef60700 15 OSD::op_tp worker wq OSD::OpWQ done processing 0x1 (7 active)
2014-06-09 16:22:11.365476 7f868ef60700 20 OSD::op_tp worker waiting
2014-06-09 16:22:11.365468 7f8692767700 20 osd.26 pg_epoch: 243 pg[3.1aa( v 214'499 (0'0,214'499] local-les=191 n=98 ec=118 les/c 191/191 242/242/242) [26,1] r=0 lpr=242 pi=190-241/4 crt=0'0 lcod 0'0 mlcod 0'0 peering] op_has_sufficient_caps pool=3 (ceph ) owner=0 need_read_cap=0 need_write_cap=1 need_class_read_cap=0 need_class_write_cap=0 -> yes
2014-06-09 16:22:11.365481 7f868c75b700 15 OSD::op_tp worker wq OSD::OpWQ done processing 0x1 (6 active)
2014-06-09 16:22:11.365484 7f868c75b700 20 OSD::op_tp worker waiting
