2014-06-09 16:22:11.367567 7f868bf5a700 5 queue_op 0x308cb380 seq 3102 osr(3.9b 0x3ed0630) 1332 bytes (queue has 11 ops and 19406 bytes)
2014-06-09 16:22:11.367570 7f868bf5a700 10 op_submit_finish 3102
2014-06-09 16:22:11.367562 7f86a4e0f700 10 osd.26 pg_epoch: 243 pg[3.4fa( v 213'628 (0'0,213'628] local-les=243 n=124 ec=118 les/c 206/206 242/242/205) [5,26] r=1 lpr=242 pi=118-241/10 crt=0'0 lcod 0'0 inactive] _activate_committed 243 telling primary
2014-06-09 16:22:11.367569 7f8692f68700 10 osd.26 pg_epoch: 243 pg[2.372( empty local-les=243 n=0 ec=1 les/c 191/191 242/242/222) [1,26] r=1 lpr=242 pi=1-241/22 crt=0'0 active] handle_peering_event: epoch_sent: 243 epoch_requested: 243 FlushedEvt
2014-06-09 16:22:11.367572 7f868bf5a700 10 osd.26 pg_epoch: 243 pg[1.691( empty local-les=243 n=0 ec=1 les/c 210/210 242/242/209) [7,26] r=1 lpr=242 pi=1-241/24 crt=0'0 active] handle_peering_event: epoch_sent: 243 epoch_requested: 243 FlushedEvt
2014-06-09 16:22:11.367578 7f86a4e0f700 20 osd.26 243 share_map_peer 0xbf7a840 already has epoch 243
2014-06-09 16:22:11.367580 7f8692f68700 15 osd.26 pg_epoch: 243 pg[2.372( empty local-les=243 n=0 ec=1 les/c 191/191 242/242/222) [1,26] r=1 lpr=242 pi=1-241/22 crt=0'0 active] requeue_ops
2014-06-09 16:22:11.367581 7f868bf5a700 15 osd.26 pg_epoch: 243 pg[1.691( empty local-les=243 n=0 ec=1 les/c 210/210 242/242/209) [7,26] r=1 lpr=242 pi=1-241/24 crt=0'0 active] requeue_ops
2014-06-09 16:22:11.367589 7f868bf5a700 10 log is not dirty
2014-06-09 16:22:11.367589 7f8692f68700 10 log is not dirty
2014-06-09 16:22:11.367594 7f868bf5a700 15 OSD::op_tp worker wq OSD::PeeringWQ done processing 0xb7f02e0 (5 active)
2014-06-09 16:22:11.367596 7f868bf5a700 20 OSD::op_tp worker waiting
2014-06-09 16:22:11.367592 7f86a4e0f700 10 osd.26 pg_epoch: 243 pg[3.4fa( v 213'628 (0'0,213'628] local-les=243 n=124 ec=118 les/c 206/206 242/242/205) [5,26] r=1 lpr=242 pi=118-241/10 luod=0'0 crt=0'0 lcod 0'0 active] flushed
2014-06-09 16:22:11.367431 7f869af78700 5 -- op tracker -- , seq: 1538, time:
2014-06-09 16:22:11.367427, event: done, op: pg_info(2 pgs e243:3.62a(2),3.9b(2))
2014-06-09 16:22:11.367611 7f86a4e0f700 10 osd.26 pg_epoch: 243 pg[1.92( empty local-les=243 n=0 ec=1 les/c 210/210 242/242/209) [7,26] r=1 lpr=242 pi=13-241/21 crt=0'0 inactive] _activate_committed 243 telling primary
2014-06-09 16:22:11.367628 7f869af78700 10 osd.26 243 do_waiters -- start
2014-06-09 16:22:11.367631 7f869af78700 10 osd.26 243 do_waiters -- finish
2014-06-09 16:22:11.367630 7f86a4e0f700 20 osd.26 243 share_map_peer 0xbfa6580 already has epoch 243
2014-06-09 16:22:11.367593 7f8692f68700 10 osd.26 pg_epoch: 243 pg[1.5e( empty local-les=243 n=0 ec=1 les/c 191/191 242/242/220) [0,26] r=1 lpr=242 pi=1-241/22 crt=0'0 active] handle_peering_event: epoch_sent: 243 epoch_requested: 243 FlushedEvt
2014-06-09 16:22:11.367637 7f8692f68700 15 osd.26 pg_epoch: 243 pg[1.5e( empty local-les=243 n=0 ec=1 les/c 191/191 242/242/220) [0,26] r=1 lpr=242 pi=1-241/22 crt=0'0 active] requeue_ops
2014-06-09 16:22:11.367643 7f868a757700 12 OSD::op_tp worker wq OSD::OpWQ start processing 0x1 (6 active)
2014-06-09 16:22:11.367646 7f8692f68700 10 log is not dirty
2014-06-09 16:22:11.367647 7f869af78700 10 osd.26 243 do_waiters -- start
2014-06-09 16:22:11.367648 7f869af78700 10 osd.26 243 do_waiters -- finish
2014-06-09 16:22:11.367642 7f86a4e0f700 10 osd.26 pg_epoch: 243 pg[1.92( empty local-les=243 n=0 ec=1 les/c 210/210 242/242/209) [7,26] r=1 lpr=242 pi=13-241/21 crt=0'0 active] flushed
2014-06-09 16:22:11.367649 7f869af78700 20 osd.26 243 _dispatch 0x29ec5180 pg_notify(0.4e3(23) epoch 243) v5
2014-06-09 16:22:11.367657 7f8691f66700 12 OSD::op_tp worker wq OSD::PeeringWQ start processing 0xb7f0220 (7 active)
2014-06-09 16:22:11.367663 7f8691f66700 10 osd.26 pg_epoch: 243 pg[3.4fa( v 213'628 (0'0,213'628] local-les=243 n=124 ec=118 les/c 206/206 242/242/205) [5,26] r=1 lpr=242 pi=118-241/10 luod=0'0 crt=0'0 lcod 0'0 active] handle_peering_event: epoch_sent: 243 epoch_requested: 243 FlushedEvt
2014-06-09 16:22:11.367676 7f8692f68700 10 osd.26 pg_epoch: 243 pg[1.38d( empty local-les=243 n=0 ec=1 les/c 191/191 242/242/222) [1,26] r=1 lpr=242 pi=1-241/22 crt=0'0 active] handle_peering_event: epoch_sent: 243 epoch_requested: 243 FlushedEvt
2014-06-09 16:22:11.367678 7f8691f66700 15 osd.26 pg_epoch: 243 pg[3.4fa( v 213'628 (0'0,213'628] local-les=243 n=124 ec=118 les/c 206/206 242/242/205) [5,26] r=1 lpr=242 pi=118-241/10 luod=0'0 crt=0'0 lcod 0'0 active] requeue_ops
2014-06-09 16:22:11.367688 7f8691f66700 10 log is not dirty
2014-06-09 16:22:11.367687 7f8692f68700 15 osd.26 pg_epoch: 243 pg[1.38d( empty local-les=243 n=0 ec=1 les/c 191/191 242/242/222) [1,26] r=1 lpr=242 pi=1-241/22 crt=0'0 active] requeue_ops
2014-06-09 16:22:11.367693 7f8691f66700 15 OSD::op_tp worker wq OSD::PeeringWQ done processing 0xb7f0220 (6 active)
2014-06-09 16:22:11.367696 7f8692f68700 10 log is not dirty
2014-06-09 16:22:11.367698 7f8691f66700 12 OSD::op_tp worker wq OSD::OpWQ start processing 0x1 (7 active)
2014-06-09 16:22:11.367706 7f868df5e700 12 OSD::op_tp worker wq OSD::OpWQ start processing 0x1 (8 active)
2014-06-09 16:22:11.367712 7f8692f68700 15 OSD::op_tp worker wq OSD::PeeringWQ done processing 0xcb40520 (7 active)
2014-06-09 16:22:11.367715 7f8692f68700 20 OSD::op_tp worker waiting
2014-06-09 16:22:11.367714 7f869af78700 5 -- op tracker -- , seq: 1539, time:
2014-06-09 16:22:11.003050, event: header_read, op: pg_notify(0.4e3(23) epoch 243)
2014-06-09 16:22:11.367725 7f868c75b700 20 OSD::op_tp worker waiting
2014-06-09 16:22:11.367723 7f869af78700 5 -- op tracker -- , seq: 1539, time:
2014-06-09 16:22:11.003050, event: throttled, op: pg_notify(0.4e3(23) epoch 243)
2014-06-09 16:22:11.367740 7f869af78700 5 -- op tracker -- , seq: 1539, time:
2014-06-09 16:22:11.003071, event: all_read, op: pg_notify(0.4e3(23) epoch 243)
2014-06-09 16:22:11.367747 7f869af78700 5 -- op tracker -- , seq: 1539, time:
2014-06-09 16:22:11.367646, event: dispatched, op: pg_notify(0.4e3(23) epoch 243)
2014-06-09 16:22:11.367752 7f8689f56700 20 OSD::op_tp worker waiting
2014-06-09 16:22:11.367757 7f868af58700 20 OSD::op_tp worker waiting
2014-06-09 16:22:11.367755 7f869af78700 5 -- op tracker -- , seq: 1539, time:
2014-06-09 16:22:11.367752, event: waiting_for_osdmap, op: pg_notify(0.4e3(23) epoch 243)
2014-06-09 16:22:11.367759 7f869af78700 7 osd.26 243 handle_pg_notify from osd.3
2014-06-09 16:22:11.367761 7f8689755700 20 OSD::op_tp worker waiting
2014-06-09 16:22:11.367762 7f869af78700 15 osd.26 243 require_same_or_newer_map 243 (i am 243) 0x29ec5180
2014-06-09 16:22:11.367784 7f8690763700 12 OSD::op_tp worker wq OSD::OpWQ start processing 0x1 (8 active)
2014-06-09 16:22:11.367794 7f868f761700 12 OSD::op_tp worker wq OSD::OpWQ start processing 0x1 (9 active)
2014-06-09 16:22:11.367801 7f8692767700 20 OSD::op_tp worker waiting
2014-06-09 16:22:11.367768 7f869af78700 5 -- op tracker -- , seq: 1539, time:
2014-06-09 16:22:11.367766, event: started, op: pg_notify(0.4e3(23) epoch 243)
2014-06-09 16:22:11.367824 7f868d75d700 12 OSD::op_tp worker wq OSD::OpWQ start processing 0x1 (10 active)
2014-06-09 16:22:11.367839 7f869af78700 5 -- op tracker -- , seq: 1539, time:
2014-06-09 16:22:11.367837, event: done, op: pg_notify(0.4e3(23) epoch 243)
2014-06-09 16:22:11.367848 7f869af78700 10 osd.26 243 do_waiters -- start
2014-06-09 16:22:11.367850 7f869af78700 10 osd.26 243 do_waiters -- finish
2014-06-09 16:22:11.367873 7f869af78700 10 osd.26 243 do_waiters -- start
2014-06-09 16:22:11.367875 7f869af78700 10 osd.26 243 do_waiters -- finish
2014-06-09 16:22:11.367876 7f869af78700 20 osd.26 243 _dispatch 0x304dd200 pg_log(1.91 epoch 243 log log((0'0,0'0], crt=0'0) query_epoch 243) v4
2014-06-09 16:22:11.367883 7f869af78700 5 -- op tracker -- , seq: 1540, time:
2014-06-09 16:22:11.053838, event: header_read, op: pg_log(1.91 epoch 243 log log((0'0,0'0], crt=0'0) query_epoch 243)
2014-06-09 16:22:11.367889 7f869af78700 5 -- op tracker -- , seq: 1540, time:
2014-06-09 16:22:11.053839, event: throttled, op: pg_log(1.91 epoch 243 log log((0'0,0'0], crt=0'0) query_epoch 243)
2014-06-09 16:22:11.367891 7f868cf5c700 10 log is not dirty
2014-06-09 16:22:11.367893 7f869af78700 5 -- op tracker -- , seq: 1540, time:
2014-06-09 16:22:11.053859, event: all_read, op: pg_log(1.91 epoch 243 log log((0'0,0'0], crt=0'0) query_epoch 243)
2014-06-09 16:22:11.367896 7f869af78700 5 -- op tracker -- , seq: 1540, time:
2014-06-09 16:22:11.367873, event: dispatched, op: pg_log(1.91 epoch 243 log log((0'0,0'0], crt=0'0) query_epoch 243)
2014-06-09 16:22:11.367900 7f868cf5c700 15 OSD::op_tp worker wq OSD::PeeringWQ done processing 0xcd8f040 (9 active)
2014-06-09 16:22:11.367900 7f869af78700 5 -- op tracker -- , seq: 1540, time:
2014-06-09 16:22:11.367899, event: waiting_for_osdmap, op: pg_log(1.91 epoch 243 log log((0'0,0'0], crt=0'0) query_epoch 243)
2014-06-09 16:22:11.367904 7f868cf5c700 12 OSD::op_tp worker wq OSD::PeeringWQ start processing 0xcd8f040 (10 active)
2014-06-09 16:22:11.367903 7f869af78700 7 osd.26 243 handle_pg_log pg_log(1.91 epoch 243 log log((0'0,0'0], crt=0'0) query_epoch 243) v4 from osd.1
2014-06-09 16:22:11.367906 7f869af78700 15 osd.26 243 require_same_or_newer_map 243 (i am 243) 0x304dd200
2014-06-09 16:22:11.367910 7f869af78700 5 -- op tracker -- , seq: 1540, time:
2014-06-09 16:22:11.367908, event: started, op: pg_log(1.91 epoch 243 log log((0'0,0'0], crt=0'0) query_epoch 243)
2014-06-09 16:22:11.367907 7f868cf5c700 10 osd.26 pg_epoch: 243 pg[0.4e3( empty local-les=243 n=0 ec=1 les/c 201/201 242/242/242) [26,3] r=0 lpr=242 pi=200-241/2 crt=0'0 mlcod 0'0 inactive] handle_peering_event: epoch_sent: 243 epoch_requested: 243 MNotifyRec from 3 notify: (query_epoch:243, epoch_sent:243, info:0.4e3( empty local-les=201 n=0 ec=1 les/c 201/201 242/242/242))
2014-06-09 16:22:11.367918 7f869af78700 5 -- op tracker -- , seq: 1540, time:
2014-06-09 16:22:11.367916, event: done, op: pg_log(1.91 epoch 243 log log((0'0,0'0], crt=0'0) query_epoch 243)
2014-06-09 16:22:11.367923 7f869af78700 10 osd.26 243 do_waiters -- start
2014-06-09 16:22:11.367924 7f869af78700 10 osd.26 243 do_waiters -- finish
2014-06-09 16:22:11.367920 7f868cf5c700 10 osd.26 pg_epoch: 243 pg[0.4e3( empty local-les=243 n=0 ec=1 les/c 201/201 242/242/242) [26,3] r=0 lpr=242 pi=200-241/2 crt=0'0 mlcod 0'0 inactive] state: Active: got notify from 3, already have info from that osd, ignoring
2014-06-09 16:22:11.367930 7f868cf5c700 10 log is not dirty
2014-06-09 16:22:11.367932 7f869af78700 10 osd.26 243 do_waiters -- start
2014-06-09 16:22:11.367932 7f869af78700 10 osd.26 243 do_waiters -- finish
2014-06-09 16:22:11.367933 7f869af78700 20 osd.26 243 _dispatch 0x1ae7c380 pg_notify(1.4d3(20) epoch 242) v5
2014-06-09 16:22:11.367936 7f868cf5c700 15 OSD::op_tp worker wq OSD::PeeringWQ done processing 0xcd8f040 (9 active)
2014-06-09 16:22:11.367936 7f869af78700 5 -- op tracker -- , seq: 1541, time:
2014-06-09 16:22:10.983872, event: header_read, op: pg_notify(1.4d3(20) epoch 242)
2014-06-09 16:22:11.367941 7f868cf5c700 12 OSD::op_tp worker wq OSD::OpWQ start processing 0x1 (10 active)
2014-06-09 16:22:11.367941 7f869af78700 5 -- op tracker -- , seq: 1541, time:
2014-06-09 16:22:10.983872, event: throttled, op: pg_notify(1.4d3(20) epoch 242)
2014-06-09 16:22:11.367947 7f869af78700 5 -- op tracker -- , seq: 1541, time:
2014-06-09 16:22:10.983898, event: all_read, op: pg_notify(1.4d3(20) epoch 242)
2014-06-09 16:22:11.367953 7f869af78700 5 -- op tracker -- , seq: 1541, time:
2014-06-09 16:22:11.367931, event: dispatched, op: pg_notify(1.4d3(20) epoch 242)
2014-06-09 16:22:11.367945 7f868cf5c700 10 osd.26 243 dequeue_op 0x10c54200 prio 63 cost 24576 latency 1.229408 osd_op(client.4568.0:34992 rbd_data.11786b8b4567.00000000000016ec [set-alloc-hint object_size 4194304 write_size 4194304,write 0~24576] 3.d869c3b4 RETRY=3 ack+ondisk+retry+write e242) v4 pg pg[3.3b4( v 214'677 lc 214'675 (0'0,214'677] local-les=243 n=133 ec=118 les/c 212/212 242/242/242) [26,8] r=0 lpr=242 pi=211-241/2 crt=214'677 lcod 0'0 mlcod 0'0 inactive m=2]
2014-06-09 16:22:11.367960 7f869af78700 5 -- op tracker -- , seq: 1541, time:
2014-06-09 16:22:11.367958, event: waiting_for_osdmap, op: pg_notify(1.4d3(20) epoch 242)
2014-06-09 16:22:11.367968 7f868c75b700 12 OSD::op_tp worker wq OSD::PeeringWQ start processing 0xcb40a20 (11 active)
2014-06-09 16:22:11.367968 7f869af78700 7 osd.26 243 handle_pg_notify from osd.9
2014-06-09 16:22:11.367971 7f869af78700 15 osd.26 243 require_same_or_newer_map 242 (i am 243) 0x1ae7c380
2014-06-09 16:22:11.367976 7f869af78700 5 -- op tracker -- , seq: 1541, time:
2014-06-09 16:22:11.367974, event: started, op: pg_notify(1.4d3(20) epoch 242)
2014-06-09 16:22:11.367973 7f868c75b700 10 osd.26 pg_epoch: 243 pg[1.91( empty local-les=191 n=0 ec=1 les/c 191/191 242/242/222) [1,26] r=1 lpr=242 pi=1-241/22 crt=0'0 inactive NOTIFY] handle_peering_event: epoch_sent: 243 epoch_requested: 243 MLogRec from 1
2014-06-09 16:22:11.367985 7f868c75b700 10 osd.26 pg_epoch: 243 pg[1.91( empty local-les=191 n=0 ec=1 les/c 191/191 242/242/222) [1,26] r=1 lpr=242 pi=1-241/22 crt=0'0 inactive NOTIFY] state: got info+log from osd.1 1.91( empty local-les=243 n=0 ec=1 les/c 191/191 242/242/222) log((0'0,0'0], crt=0'0)
2014-06-09 16:22:11.367996 7f868c75b700 10 merge_log log((0'0,0'0], crt=0'0) from osd.1 into log((0'0,0'0], crt=0'0)
2014-06-09 16:22:11.367995 7f869af78700 5 -- op tracker -- , seq: 1541, time:
2014-06-09 16:22:11.367992, event: done, op: pg_notify(1.4d3(20) epoch 242)
2014-06-09 16:22:11.368000 7f868c75b700 10 merge_log result log((0'0,0'0], crt=0'0) missing(0) changed=0
2014-06-09 16:22:11.368003 7f869af78700 10 osd.26 243 do_waiters -- start
2014-06-09 16:22:11.368005 7f869af78700 10 osd.26 243 do_waiters -- finish
2014-06-09 16:22:11.368004 7f868c75b700 5 osd.26 pg_epoch: 243 pg[1.91( empty local-les=191 n=0 ec=1 les/c 191/191 242/242/222) [1,26] r=1 lpr=242 pi=1-241/22 crt=0'0 inactive NOTIFY] exit Started/Stray 1.119452 7 0.000171
2014-06-09 16:22:11.368014 7f868c75b700 5 osd.26 pg_epoch: 243 pg[1.91( empty local-les=191 n=0 ec=1 les/c 191/191 242/242/222) [1,26] r=1 lpr=242 pi=1-241/22 crt=0'0 inactive NOTIFY] enter Started/ReplicaActive
2014-06-09 16:22:11.368025 7f869af78700 10 osd.26 243 do_waiters -- start
2014-06-09 16:22:11.368026 7f869af78700 10 osd.26 243 do_waiters -- finish
2014-06-09 16:22:11.368027 7f869af78700 20 osd.26 243 _dispatch 0x2fe34400 pg_log(0.301 epoch 243 log log((0'0,0'0], crt=0'0) query_epoch 243) v4
2014-06-09 16:22:11.368025 7f868c75b700 5 osd.26 pg_epoch: 243 pg[1.91( empty local-les=191 n=0 ec=1 les/c 191/191 242/242/222) [1,26] r=1 lpr=242 pi=1-241/22 crt=0'0 inactive NOTIFY] enter Started/ReplicaActive/RepNotRecovering
2014-06-09 16:22:11.368031 7f869af78700 5 -- op tracker -- , seq: 1542, time:
2014-06-09 16:22:11.021183, event: header_read, op: pg_log(0.301 epoch 243 log log((0'0,0'0], crt=0'0) query_epoch 243)
2014-06-09 16:22:11.368036 7f869af78700 5 -- op tracker -- , seq: 1542, time:
2014-06-09 16:22:11.021184, event: throttled, op: pg_log(0.301 epoch 243 log log((0'0,0'0], crt=0'0) query_epoch 243)
2014-06-09 16:22:11.368040 7f869af78700 5 -- op tracker -- , seq: 1542, time:
2014-06-09 16:22:11.021198, event: all_read, op: pg_log(0.301 epoch 243 log log((0'0,0'0], crt=0'0) query_epoch 243)
2014-06-09 16:22:11.368035 7f868c75b700 10 osd.26 pg_epoch: 243 pg[1.91( empty local-les=191 n=0 ec=1 les/c 191/191 242/242/222) [1,26] r=1 lpr=242 pi=1-241/22 crt=0'0 inactive NOTIFY] state: In ReplicaActive, about to call activate
2014-06-09 16:22:11.368044 7f869af78700 5 -- op tracker -- , seq: 1542, time:
2014-06-09 16:22:11.368025, event: dispatched, op: pg_log(0.301 epoch 243 log log((0'0,0'0], crt=0'0) query_epoch 243)
2014-06-09 16:22:11.368048 7f869af78700 5 -- op tracker -- , seq: 1542, time:
2014-06-09 16:22:11.368047, event: waiting_for_osdmap, op: pg_log(0.301 epoch 243 log log((0'0,0'0], crt=0'0) query_epoch 243)
2014-06-09 16:22:11.368051 7f869af78700 7 osd.26 243 handle_pg_log pg_log(0.301 epoch 243 log log((0'0,0'0], crt=0'0) query_epoch 243) v4 from osd.8
2014-06-09 16:22:11.368044 7f868c75b700 10 osd.26 pg_epoch: 243 pg[1.91( empty local-les=243 n=0 ec=1 les/c 191/191 242/242/222) [1,26] r=1 lpr=242 pi=1-241/22 crt=0'0 inactive] activate - no missing, moving last_complete 0'0 -> 0'0
2014-06-09 16:22:11.368053 7f869af78700 15 osd.26 243 require_same_or_newer_map 243 (i am 243) 0x2fe34400
2014-06-09 16:22:11.368057 7f869af78700 5 -- op tracker -- , seq: 1542, time:
2014-06-09 16:22:11.368055, event: started, op: pg_log(0.301 epoch 243 log log((0'0,0'0], crt=0'0) query_epoch 243)
2014-06-09 16:22:11.368054 7f868c75b700 10 osd.26 pg_epoch: 243 pg[1.91( empty local-les=243 n=0 ec=1 les/c 191/191 242/242/222) [1,26] r=1 lpr=242 pi=1-241/22 crt=0'0 inactive] state: Activate Finished
2014-06-09 16:22:11.368065 7f869af78700 5 -- op tracker -- , seq: 1542, time:
2014-06-09 16:22:11.368063, event: done, op: pg_log(0.301 epoch 243 log log((0'0,0'0], crt=0'0) query_epoch 243)
2014-06-09 16:22:11.368069 7f869af78700 10 osd.26 243 do_waiters -- start
2014-06-09 16:22:11.368070 7f869af78700 10 osd.26 243 do_waiters -- finish
2014-06-09 16:22:11.368080 7f869af78700 10 osd.26 243 do_waiters -- start
2014-06-09 16:22:11.368082 7f869af78700 10 osd.26 243 do_waiters -- finish
2014-06-09 16:22:11.368083 7f869af78700 20 osd.26 243 _dispatch 0x2d733340 pg_notify(2.18e(20) epoch 242) v5
2014-06-09 16:22:11.368088 7f869af78700 5 -- op tracker -- , seq: 1543, time:
2014-06-09 16:22:10.923513, event: header_read, op: pg_notify(2.18e(20) epoch 242)
2014-06-09 16:22:11.368095 7f869af78700 5 -- op tracker -- , seq: 1543, time:
2014-06-09 16:22:10.923514, event: throttled, op: pg_notify(2.18e(20) epoch 242)
2014-06-09 16:22:11.368101 7f868c75b700 10 log is not dirty
2014-06-09 16:22:11.368101 7f869af78700 5 -- op tracker -- , seq: 1543, time:
2014-06-09 16:22:10.923539, event: all_read, op: pg_notify(2.18e(20) epoch 242)
2014-06-09 16:22:11.368105 7f869af78700 5 -- op tracker -- , seq: 1543, time:
2014-06-09 16:22:11.368080, event: dispatched, op: pg_notify(2.18e(20) epoch 242)
2014-06-09 16:22:11.368106 7f868c75b700 5 queue_transactions existing osr(1.91 0x384c430)/0x384c430
2014-06-09 16:22:11.368109 7f868c75b700 10 op_submit_start 3103
2014-06-09 16:22:11.368110 7f868c75b700 5 queue_transactions (trailing journal) 3103
2014-06-09 16:22:11.368111 7f868c75b700 5 queue_op 0x2c06e8a0 seq 3103 osr(1.91 0x384c430) 1880 bytes (queue has 12 ops and 21286 bytes)
2014-06-09 16:22:11.368114 7f868c75b700 10 op_submit_finish 3103
2014-06-09 16:22:11.368118 7f868c75b700 15 OSD::op_tp worker wq OSD::PeeringWQ done processing 0xcb40a20 (10 active)
2014-06-09 16:22:11.368123 7f868c75b700 12 OSD::op_tp worker wq OSD::OpWQ start processing 0x1 (11 active)
2014-06-09 16:22:11.368130 7f8691765700 12 OSD::op_tp worker wq OSD::PeeringWQ start processing 0xb7f0230 (12 active)
2014-06-09 16:22:11.368139 7f8692f68700 12 OSD::op_tp worker wq OSD::OpWQ start processing 0x1 (13 active)
2014-06-09 16:22:11.368135 7f8691765700 10 osd.26 pg_epoch: 243 pg[1.4d3( empty local-les=243 n=0 ec=1 les/c 213/213 242/242/242) [26,9] r=0 lpr=242 pi=212-241/2 crt=0'0 mlcod 0'0 inactive] handle_peering_event: epoch_sent: 242 epoch_requested: 242 MNotifyRec from 9 notify: (query_epoch:242, epoch_sent:242, info:1.4d3( empty local-les=213 n=0 ec=1 les/c 213/213 242/242/242))
2014-06-09 16:22:11.368150 7f868ef60700 12 OSD::op_tp worker wq OSD::OpWQ start processing 0x1 (14 active)
2014-06-09 16:22:11.368148 7f8691765700 10 osd.26 pg_epoch: 243 pg[1.4d3( empty local-les=243 n=0 ec=1 les/c 213/213 242/242/242) [26,9] r=0 lpr=242 pi=212-241/2 crt=0'0 mlcod 0'0 inactive] state: Active: got notify from 9, already have info from that osd, ignoring
2014-06-09 16:22:11.368158 7f8691765700 10 log is not dirty
2014-06-09 16:22:11.368162 7f8691765700 10 osd.26 pg_epoch: 243 pg[0.301( empty local-les=212 n=0 ec=1 les/c 212/212 242/242/211) [8,26] r=1 lpr=242 pi=1-241/23 crt=0'0 inactive NOTIFY] handle_peering_event: epoch_sent: 243 epoch_requested: 243 MLogRec from 8
2014-06-09 16:22:11.368172 7f8691765700 10 osd.26 pg_epoch: 243 pg[0.301( empty local-les=212 n=0 ec=1 les/c 212/212 242/242/211) [8,26] r=1 lpr=242 pi=1-241/23 crt=0'0 inactive NOTIFY] state: got info+log from osd.8 0.301( empty local-les=243 n=0 ec=1 les/c 212/212 242/242/211) log((0'0,0'0], crt=0'0)
2014-06-09 16:22:11.368183 7f8691765700 10 merge_log log((0'0,0'0], crt=0'0) from osd.8 into log((0'0,0'0], crt=0'0)
2014-06-09 16:22:11.368109 7f869af78700 5 -- op tracker -- , seq: 1543, time:
2014-06-09 16:22:11.368108, event: waiting_for_osdmap, op: pg_notify(2.18e(20) epoch 242)
2014-06-09 16:22:11.368187 7f8691765700 10 merge_log result log((0'0,0'0], crt=0'0) missing(0) changed=0
2014-06-09 16:22:11.368191 7f869af78700 7 osd.26 243 handle_pg_notify from osd.6
2014-06-09 16:22:11.368194 7f869af78700 15 osd.26 243 require_same_or_newer_map 242 (i am 243) 0x2d733340
2014-06-09 16:22:11.368190 7f8691765700 5 osd.26 pg_epoch: 243 pg[0.301( empty local-les=212 n=0 ec=1 les/c 212/212 242/242/211) [8,26] r=1 lpr=242 pi=1-241/23 crt=0'0 inactive NOTIFY] exit Started/Stray 1.178047 7 0.009285
2014-06-09 16:22:11.368200 7f869af78700 5 -- op tracker -- , seq: 1543, time:
2014-06-09 16:22:11.368198, event: started, op: pg_notify(2.18e(20) epoch 242)
2014-06-09 16:22:11.368200 7f8691765700 5 osd.26 pg_epoch: 243 pg[0.301( empty local-les=212 n=0 ec=1 les/c 212/212 242/242/211) [8,26] r=1 lpr=242 pi=1-241/23 crt=0'0 inactive NOTIFY] enter Started/ReplicaActive
2014-06-09 16:22:11.368210 7f8691765700 5 osd.26 pg_epoch: 243 pg[0.301( empty local-les=212 n=0 ec=1 les/c 212/212 242/242/211) [8,26] r=1 lpr=242 pi=1-241/23 crt=0'0 inactive NOTIFY] enter Started/ReplicaActive/RepNotRecovering
2014-06-09 16:22:11.368218 7f869af78700 5 -- op tracker -- , seq: 1543, time:
2014-06-09 16:22:11.368216, event: done, op: pg_notify(2.18e(20) epoch 242)
2014-06-09 16:22:11.368219 7f8691765700 10 osd.26 pg_epoch: 243 pg[0.301( empty local-les=212 n=0 ec=1 les/c 212/212 242/242/211) [8,26] r=1 lpr=242 pi=1-241/23 crt=0'0 inactive NOTIFY] state: In ReplicaActive, about to call activate
2014-06-09 16:22:11.368226 7f869af78700 10 osd.26 243 do_waiters -- start
2014-06-09 16:22:11.368229 7f869af78700 10 osd.26 243 do_waiters -- finish
2014-06-09 16:22:11.368227 7f8691765700 10 osd.26 pg_epoch: 243 pg[0.301( empty local-les=243 n=0 ec=1 les/c 212/212 242/242/211) [8,26] r=1 lpr=242 pi=1-241/23 crt=0'0 inactive] activate - no missing, moving last_complete 0'0 -> 0'0
2014-06-09 16:22:11.368235 7f8691765700 10 osd.26 pg_epoch: 243 pg[0.301( empty local-les=243 n=0 ec=1 les/c 212/212 242/242/211) [8,26] r=1 lpr=242 pi=1-241/23 crt=0'0 inactive] state: Activate Finished
2014-06-09 16:22:11.368249 7f869af78700 10 osd.26 243 do_waiters -- start
2014-06-09 16:22:11.368251 7f869af78700 10 osd.26 243 do_waiters -- finish
2014-06-09 16:22:11.368253 7f869af78700 20 osd.26 243 _dispatch 0x2a074400 pg_log(1.76 epoch 243 log log((0'0,0'0], crt=0'0) query_epoch 243) v4
2014-06-09 16:22:11.368260 7f869af78700 5 -- op tracker -- , seq: 1544, time:
2014-06-09 16:22:11.004621, event: header_read, op: pg_log(1.76 epoch 243 log log((0'0,0'0], crt=0'0) query_epoch 243)
2014-06-09 16:22:11.368265 7f869af78700 5 -- op tracker -- , seq: 1544, time:
2014-06-09 16:22:11.004622, event: throttled, op: pg_log(1.76 epoch 243 log log((0'0,0'0], crt=0'0) query_epoch 243)
2014-06-09 16:22:11.368269 7f869af78700 5 -- op tracker -- , seq: 1544, time:
2014-06-09 16:22:11.004630, event: all_read, op: pg_log(1.76 epoch 243 log log((0'0,0'0], crt=0'0) query_epoch 243)
2014-06-09 16:22:11.368273 7f869af78700 5 -- op tracker -- , seq: 1544, time:
2014-06-09 16:22:11.368249, event: dispatched, op: pg_log(1.76 epoch 243 log log((0'0,0'0], crt=0'0) query_epoch 243)
2014-06-09 16:22:11.368277 7f869af78700 5 -- op tracker -- , seq: 1544, time:
2014-06-09 16:22:11.368275, event: waiting_for_osdmap, op: pg_log(1.76 epoch 243 log log((0'0,0'0], crt=0'0) query_epoch 243)
2014-06-09 16:22:11.368280 7f869af78700 7 osd.26 243 handle_pg_log pg_log(1.76 epoch 243 log log((0'0,0'0], crt=0'0) query_epoch 243) v4 from osd.0
2014-06-09 16:22:11.368282 7f869af78700 15 osd.26 243 require_same_or_newer_map 243 (i am 243) 0x2a074400
2014-06-09 16:22:11.368282 7f8691765700 10 log is not dirty
2014-06-09 16:22:11.368285 7f869af78700 5 -- op tracker -- , seq: 1544, time:
2014-06-09 16:22:11.368284, event: started, op: pg_log(1.76 epoch 243 log log((0'0,0'0], crt=0'0) query_epoch 243)
2014-06-09 16:22:11.368287 7f8691765700 5 queue_transactions existing osr(0.301 0x2bd6e10)/0x2bd6e10
2014-06-09 16:22:11.368290 7f8691765700 10 op_submit_start 3104
2014-06-09 16:22:11.368291 7f8691765700 5 queue_transactions (trailing journal) 3104
2014-06-09 16:22:11.368292 7f8691765700 5 queue_op 0x30606f60 seq 3104 osr(0.301 0x2bd6e10) 1954 bytes (queue has 13 ops and 23240 bytes)
2014-06-09 16:22:11.368294 7f8691765700 10 op_submit_finish 3104
2014-06-09 16:22:11.368293 7f869af78700 5 -- op tracker -- , seq: 1544, time:
2014-06-09 16:22:11.368292, event: done, op: pg_log(1.76 epoch 243 log log((0'0,0'0], crt=0'0) query_epoch 243)
2014-06-09 16:22:11.368298 7f869af78700 10 osd.26 243 do_waiters -- start
2014-06-09 16:22:11.368299 7f869af78700 10 osd.26 243 do_waiters -- finish
2014-06-09 16:22:11.368299 7f8691765700 15 OSD::op_tp worker wq OSD::PeeringWQ done processing 0xb7f0230 (13 active)
2014-06-09 16:22:11.368302 7f8691765700 12 OSD::op_tp worker wq OSD::PeeringWQ start processing 0xb7f0230 (14 active)
2014-06-09 16:22:11.368311 7f869af78700 10 osd.26 243 do_waiters -- start
2014-06-09 16:22:11.368313 7f869af78700 10 osd.26 243 do_waiters -- finish
2014-06-09 16:22:11.368305 7f8691765700 10 osd.26 pg_epoch: 243 pg[2.18e( empty local-les=243 n=0 ec=1 les/c 208/208 242/242/242) [26,6] r=0 lpr=242 pi=207-241/2 crt=0'0 mlcod 0'0 inactive] handle_peering_event: epoch_sent: 242 epoch_requested: 242 MNotifyRec from 6 notify: (query_epoch:242, epoch_sent:242, info:2.18e( empty local-les=208 n=0 ec=1 les/c 208/208 242/242/242))
2014-06-09 16:22:11.368314 7f869af78700 20 osd.26 243 _dispatch 0x3043ac40 pg_info(1 pgs e243:3.31c(2)) v4
2014-06-09 16:22:11.368320 7f869af78700 5 -- op tracker -- , seq: 1545, time:
2014-06-09 16:22:11.032784, event: header_read, op: pg_info(1 pgs e243:3.31c(2))
2014-06-09 16:22:11.368317 7f8691765700 10 osd.26 pg_epoch: 243 pg[2.18e( empty local-les=243 n=0 ec=1 les/c 208/208 242/242/242) [26,6] r=0 lpr=242 pi=207-241/2 crt=0'0 mlcod 0'0 inactive] state: Active: got notify from 6, already have info from that osd, ignoring
2014-06-09 16:22:11.368327 7f8691765700 10 log is not dirty
2014-06-09 16:22:11.368327 7f869af78700 5 -- op tracker -- , seq: 1545, time:
2014-06-09 16:22:11.032784, event: throttled, op: pg_info(1 pgs e243:3.31c(2))
2014-06-09 16:22:11.368331 7f869af78700 5 -- op tracker -- , seq: 1545, time:
2014-06-09 16:22:11.032798, event: all_read, op: pg_info(1 pgs e243:3.31c(2))
2014-06-09 16:22:11.368334 7f869af78700 5 -- op tracker -- , seq: 1545, time:
2014-06-09 16:22:11.368311, event: dispatched, op: pg_info(1 pgs e243:3.31c(2))
2014-06-09 16:22:11.368338 7f869af78700 5 -- op tracker -- , seq: 1545, time:
2014-06-09 16:22:11.368337, event: waiting_for_osdmap, op: pg_info(1 pgs e243:3.31c(2))
2014-06-09 16:22:11.368332 7f8691765700 10 osd.26 pg_epoch: 243 pg[1.76( empty local-les=191 n=0 ec=1 les/c 191/191 242/242/220) [0,26] r=1 lpr=242 pi=1-241/22 crt=0'0 inactive NOTIFY] handle_peering_event: epoch_sent: 243 epoch_requested: 243 MLogRec from 0
2014-06-09 16:22:11.368348 7f868cf5c700 5 -- op tracker -- , seq: 119, time:
2014-06-09 16:22:11.367964, event: reached_pg, op: osd_op(client.4568.0:34992 rbd_data.11786b8b4567.00000000000016ec [set-alloc-hint object_size 4194304 write_size 4194304,write 0~24576] 3.d869c3b4 RETRY=3 ack+ondisk+retry+write e242)
2014-06-09 16:22:11.368342 7f8691765700 10 osd.26 pg_epoch: 243 pg[1.76( empty local-les=191 n=0 ec=1 les/c 191/191 242/242/220) [0,26] r=1 lpr=242 pi=1-241/22 crt=0'0 inactive NOTIFY] state: got info+log from osd.0 1.76( empty local-les=243 n=0 ec=1 les/c 191/191 242/242/220) log((0'0,0'0], crt=0'0)
2014-06-09 16:22:11.374897 7f8691765700 10 merge_log log((0'0,0'0], crt=0'0) from osd.0 into log((0'0,0'0], crt=0'0)
2014-06-09 16:22:11.374903 7f8691765700 10 merge_log result log((0'0,0'0], crt=0'0) missing(0) changed=0
2014-06-09 16:22:11.374894 7f868cf5c700 20 osd.26 pg_epoch: 243 pg[3.3b4( v 214'677 lc 214'675 (0'0,214'677] local-les=243 n=133 ec=118 les/c 212/212 242/242/242) [26,8] r=0 lpr=242 pi=211-241/2 crt=214'677 lcod 0'0 mlcod 0'0 inactive m=2] op_has_sufficient_caps pool=3 (ceph ) owner=0 need_read_cap=0 need_write_cap=1 need_class_read_cap=0 need_class_write_cap=0 -> yes
2014-06-09 16:22:11.374908 7f8691765700 5 osd.26 pg_epoch: 243 pg[1.76( empty local-les=191 n=0 ec=1 les/c 191/191 242/242/220) [0,26] r=1 lpr=242 pi=1-241/22 crt=0'0 inactive NOTIFY] exit Started/Stray 1.051566 7 0.000199
2014-06-09 16:22:11.374916 7f868cf5c700 10 osd.26 pg_epoch: 243 pg[3.3b4( v 214'677 lc 214'675 (0'0,214'677] local-les=243 n=133 ec=118 les/c 212/212 242/242/242) [26,8] r=0 lpr=242 pi=211-241/2 crt=214'677 lcod 0'0 mlcod 0'0 inactive m=2] can_handle_while_inactive: 0x10c54200
2014-06-09 16:22:11.374928 7f868cf5c700 10 osd.26 243 dequeue_op 0x10c54200 finish
2014-06-09 16:22:11.374923 7f8691765700 5 osd.26 pg_epoch: 243 pg[1.76( empty local-les=191 n=0 ec=1 les/c 191/191 242/242/220) [0,26] r=1 lpr=242 pi=1-241/22 crt=0'0 inactive NOTIFY] enter Started/ReplicaActive
2014-06-09 16:22:11.374935 7f8691765700 5 osd.26 pg_epoch: 243 pg[1.76( empty local-les=191 n=0 ec=1 les/c 191/191 242/242/220) [0,26] r=1 lpr=242 pi=1-241/22 crt=0'0 inactive NOTIFY] enter Started/ReplicaActive/RepNotRecovering
2014-06-09 16:22:11.374945 7f8691765700 10 osd.26 pg_epoch: 243 pg[1.76( empty local-les=191 n=0 ec=1 les/c 191/191 242/242/220) [0,26] r=1 lpr=242 pi=1-241/22 crt=0'0 inactive NOTIFY] state: In ReplicaActive, about to call activate
2014-06-09 16:22:11.374939 7f8690763700 10 osd.26 243 dequeue_op 0x10c54100 prio 63 cost 516096 latency 1.227641 osd_op(client.4568.0:34993 rbd_data.11786b8b4567.00000000000016ec [set-alloc-hint object_size 4194304 write_size 4194304,write 24576~516096] 3.d869c3b4 RETRY=3 ack+ondisk+retry+write e242) v4 pg pg[3.3b4( v 214'677 lc 214'675 (0'0,214'677] local-les=243 n=133 ec=118 les/c 212/212 242/242/242) [26,8] r=0 lpr=242 pi=211-241/2 crt=214'677 lcod 0'0 mlcod 0'0 inactive m=2]
2014-06-09 16:22:11.374955 7f8691765700 10 osd.26 pg_epoch: 243 pg[1.76( empty local-les=243 n=0 ec=1 les/c 191/191 242/242/220) [0,26] r=1 lpr=242 pi=1-241/22 crt=0'0 inactive] activate - no missing, moving last_complete 0'0 -> 0'0
2014-06-09 16:22:11.374963 7f8691765700 10 osd.26 pg_epoch: 243 pg[1.76( empty local-les=243 n=0 ec=1 les/c 191/191 242/242/220) [0,26] r=1 lpr=242 pi=1-241/22 crt=0'0 inactive] state: Activate Finished
2014-06-09 16:22:11.374969 7f8690763700 5 -- op tracker -- , seq: 131, time:
2014-06-09 16:22:11.374963, event: reached_pg, op: osd_op(client.4568.0:34993 rbd_data.11786b8b4567.00000000000016ec [set-alloc-hint object_size 4194304 write_size 4194304,write 24576~516096] 3.d869c3b4 RETRY=3 ack+ondisk+retry+write e242)
2014-06-09 16:22:11.374977 7f8690763700 20 osd.26 pg_epoch: 243 pg[3.3b4( v 214'677 lc 214'675 (0'0,214'677] local-les=243 n=133 ec=118 les/c 212/212 242/242/242) [26,8] r=0 lpr=242 pi=211-241/2 crt=214'677 lcod 0'0 mlcod 0'0 inactive m=2] op_has_sufficient_caps pool=3 (ceph ) owner=0 need_read_cap=0 need_write_cap=1 need_class_read_cap=0 need_class_write_cap=0 -> yes
2014-06-09 16:22:11.374992 7f8690763700 10 osd.26 pg_epoch: 243 pg[3.3b4( v 214'677 lc 214'675 (0'0,214'677] local-les=243 n=133 ec=118 les/c 212/212 242/242/242) [26,8] r=0 lpr=242 pi=211-241/2 crt=214'677 lcod 0'0 mlcod 0'0 inactive m=2] can_handle_while_inactive: 0x10c54100
2014-06-09 16:22:11.375004 7f8690763700 10 osd.26 243 dequeue_op 0x10c54100 finish
2014-06-09 16:22:11.375012 7f8691765700 10 log is not dirty
2014-06-09 16:22:11.375019 7f8691765700 5 queue_transactions existing osr(1.76 0x384c530)/0x384c530
2014-06-09 16:22:11.375022 7f8691765700 10 op_submit_start 3105
2014-06-09 16:22:11.375023 7f8691765700 5 queue_transactions (trailing journal) 3105
2014-06-09 16:22:11.375025 7f8691765700 5 queue_op 0x30606f00 seq 3105 osr(1.76 0x384c530) 1880 bytes (queue has 14 ops and 25120 bytes)
2014-06-09 16:22:11.375028 7f8691765700 10 op_submit_finish 3105
2014-06-09 16:22:11.375012 7f868f761700 10 osd.26 243 dequeue_op 0x13023c00 prio 63 cost 516096 latency 1.223306 osd_op(client.4568.0:34994 rbd_data.11786b8b4567.00000000000016ec [set-alloc-hint object_size 4194304 write_size 4194304,write 540672~516096] 3.d869c3b4 RETRY=3 ack+ondisk+retry+write e242) v4 pg pg[3.3b4( v 214'677 lc 214'675 (0'0,214'677] local-les=243 n=133 ec=118 les/c 212/212 242/242/242) [26,8] r=0 lpr=242 pi=211-241/2 crt=214'677 lcod 0'0 mlcod 0'0 inactive m=2]
2014-06-09 16:22:11.368361 7f8689f56700 12 OSD::op_tp worker wq OSD::OpWQ start processing 0x1 (15 active)
2014-06-09 16:22:11.375036 7f868f761700 5 -- op tracker -- , seq: 141, time:
2014-06-09 16:22:11.375031, event: reached_pg, op: osd_op(client.4568.0:34994 rbd_data.11786b8b4567.00000000000016ec [set-alloc-hint object_size 4194304 write_size 4194304,write 540672~516096] 3.d869c3b4 RETRY=3 ack+ondisk+retry+write e242)
2014-06-09 16:22:11.368341 7f869af78700 7 osd.26 243 handle_pg_info pg_info(1 pgs e243:3.31c(2)) v4 from osd.5
2014-06-09 16:22:11.375044 7f869af78700 15 osd.26 243 require_same_or_newer_map 243 (i am 243) 0x3043ac40
2014-06-09 16:22:11.375043 7f868f761700 20 osd.26 pg_epoch: 243 pg[3.3b4( v 214'677 lc 214'675 (0'0,214'677] local-les=243 n=133 ec=118 les/c 212/212 242/242/242) [26,8] r=0 lpr=242 pi=211-241/2 crt=214'677 lcod 0'0 mlcod 0'0 inactive m=2] op_has_sufficient_caps pool=3 (ceph ) owner=0 need_read_cap=0 need_write_cap=1 need_class_read_cap=0 need_class_write_cap=0 -> yes
2014-06-09 16:22:11.375052 7f869af78700 5 -- op tracker -- , seq: 1545, time:
2014-06-09 16:22:11.375049, event: started, op: pg_info(1 pgs e243:3.31c(2))
2014-06-09 16:22:11.375058 7f868f761700 10 osd.26 pg_epoch: 243 pg[3.3b4( v 214'677 lc 214'675 (0'0,214'677] local-les=243 n=133 ec=118 les/c 212/212 242/242/242) [26,8] r=0 lpr=242 pi=211-241/2 crt=214'677 lcod 0'0 mlcod 0'0 inactive m=2] can_handle_while_inactive: 0x13023c00
2014-06-09 16:22:11.375070 7f868f761700 10 osd.26 243 dequeue_op 0x13023c00 finish
2014-06-09 16:22:11.375077 7f868f761700 15 OSD::op_tp worker wq OSD::OpWQ done processing 0x1 (14 active)
2014-06-09 16:22:11.375074 7f869af78700 5 -- op tracker -- , seq: 1545, time:
2014-06-09 16:22:11.375072, event: done, op: pg_info(1 pgs e243:3.31c(2))
2014-06-09 16:22:11.375080 7f868f761700 12 OSD::op_tp worker wq OSD::PeeringWQ start processing 0xb7f0270 (15 active)
2014-06-09 16:22:11.375091 7f869af78700 10 osd.26 243 do_waiters -- start
2014-06-09 16:22:11.375084 7f868f761700 10 osd.26 pg_epoch: 243 pg[3.31c( v 213'500 (0'0,213'500] local-les=206 n=100 ec=118 les/c 206/206 242/242/205) [5,26] r=1 lpr=242 pi=118-241/10 crt=0'0 lcod 0'0 inactive NOTIFY] handle_peering_event: epoch_sent: 243 epoch_requested: 243 MInfoRec from 5 info: 3.31c( v 213'500 (0'0,213'500] local-les=243 n=100 ec=118 les/c 206/206 242/242/205)
2014-06-09 16:22:11.375093 7f869af78700 10 osd.26 243 do_waiters -- finish
2014-06-09 16:22:11.375096 7f868f761700 10 osd.26 pg_epoch: 243 pg[3.31c( v 213'500 (0'0,213'500] local-les=206 n=100 ec=118 les/c 206/206 242/242/205) [5,26] r=1 lpr=242 pi=118-241/10 crt=0'0 lcod 0'0 inactive NOTIFY] state: got info from osd.5 3.31c( v 213'500 (0'0,213'500] local-les=243 n=100 ec=118 les/c 206/206 242/242/205)
2014-06-09 16:22:11.375109 7f869af78700 10 osd.26 243 do_waiters -- start
2014-06-09 16:22:11.375111 7f869af78700 10 osd.26 243 do_waiters -- finish
2014-06-09 16:22:11.375112 7f869af78700 20 osd.26 243 _dispatch 0x1abd4000 pg_notify(2.12d(27) epoch 242) v5
2014-06-09 16:22:11.375108 7f868f761700 5 osd.26 pg_epoch: 243 pg[3.31c( v 213'500 (0'0,213'500] local-les=206 n=100 ec=118 les/c 206/206 242/242/205) [5,26] r=1 lpr=242 pi=118-241/10 crt=0'0 lcod 0'0 inactive NOTIFY] exit Started/Stray 1.143925 7 0.000208
2014-06-09 16:22:11.375118 7f869af78700 5 -- op tracker -- , seq: 1546, time:
2014-06-09 16:22:10.852230, event: header_read, op: pg_notify(2.12d(27) epoch 242)
2014-06-09 16:22:11.375119 7f868f761700 5 osd.26 pg_epoch: 243 pg[3.31c( v 213'500 (0'0,213'500] local-les=206 n=100 ec=118 les/c 206/206 242/242/205) [5,26] r=1 lpr=242 pi=118-241/10 crt=0'0 lcod 0'0 inactive NOTIFY] enter Started/ReplicaActive
2014-06-09 16:22:11.375126 7f869af78700 5 -- op tracker -- , seq: 1546, time:
2014-06-09 16:22:10.852231, event: throttled, op: pg_notify(2.12d(27) epoch 242)
2014-06-09 16:22:11.375132 7f869af78700 5 -- op tracker -- , seq: 1546, time:
2014-06-09 16:22:10.852274, event: all_read, op: pg_notify(2.12d(27) epoch 242)
2014-06-09 16:22:11.375132 7f868f761700 5 osd.26 pg_epoch: 243 pg[3.31c( v 213'500 (0'0,213'500] local-les=206 n=100 ec=118 les/c 206/206 242/242/205) [5,26] r=1 lpr=242 pi=118-241/10 crt=0'0 lcod 0'0 inactive NOTIFY] enter Started/ReplicaActive/RepNotRecovering
2014-06-09 16:22:11.375139 7f869af78700 5 -- op tracker -- , seq: 1546, time:
2014-06-09 16:22:11.375109, event: dispatched, op: pg_notify(2.12d(27) epoch 242)
2014-06-09 16:22:11.375146 7f869af78700 5 -- op tracker -- , seq: 1546, time:
2014-06-09 16:22:11.375144, event: waiting_for_osdmap, op: pg_notify(2.12d(27) epoch 242)
2014-06-09 16:22:11.375143 7f868f761700 10 osd.26 pg_epoch: 243 pg[3.31c( v 213'500 (0'0,213'500] local-les=206 n=100 ec=118 les/c 206/206 242/242/205) [5,26] r=1 lpr=242 pi=118-241/10 crt=0'0 lcod 0'0 inactive NOTIFY] state: In ReplicaActive, about to call activate
2014-06-09 16:22:11.375151 7f869af78700 7 osd.26 243 handle_pg_notify from osd.2
2014-06-09 16:22:11.375153 7f869af78700 15 osd.26 243 require_same_or_newer_map 242 (i am 243) 0x1abd4000
2014-06-09 16:22:11.375158 7f869af78700 5 -- op tracker -- , seq: 1546, time:
2014-06-09 16:22:11.375156, event: started, op: pg_notify(2.12d(27) epoch 242)
2014-06-09 16:22:11.375153 7f868f761700 10 osd.26 pg_epoch: 243 pg[3.31c( v 213'500 (0'0,213'500] local-les=243 n=100 ec=118 les/c 206/206 242/242/205) [5,26] r=1 lpr=242 pi=118-241/10 crt=0'0 lcod 0'0 inactive] activate - no missing, moving last_complete 213'500 -> 213'500
2014-06-09 16:22:11.375175 7f869af78700 5 -- op tracker -- , seq: 1546, time:
2014-06-09 16:22:11.375173, event: done, op: pg_notify(2.12d(27) epoch 242)
2014-06-09 16:22:11.375183 7f869af78700 10 osd.26 243 do_waiters -- start
2014-06-09 16:22:11.375185 7f869af78700 10 osd.26 243 do_waiters -- finish
2014-06-09 16:22:11.375189 7f868f761700 10 osd.26 pg_epoch: 243 pg[3.31c( v 213'500 (0'0,213'500] local-les=243 n=100 ec=118 les/c 206/206 242/242/205) [5,26] r=1 lpr=242 pi=118-241/10 crt=0'0 lcod 0'0 inactive] state: Activate Finished
2014-06-09 16:22:11.375206 7f869af78700 10 osd.26 243 do_waiters -- start
2014-06-09 16:22:11.375208 7f869af78700 10 osd.26 243 do_waiters -- finish
2014-06-09 16:22:11.375209 7f869af78700 20 osd.26 243 _dispatch 0x240ef180 pg_notify(3.6cd(10) epoch 242) v5
2014-06-09 16:22:11.375214 7f869af78700 5 -- op tracker -- , seq: 1547, time:
2014-06-09 16:22:10.795365, event: header_read, op: pg_notify(3.6cd(10) epoch 242)
2014-06-09 16:22:11.375221 7f869af78700 5 -- op tracker -- , seq: 1547, time:
2014-06-09 16:22:10.795366, event: throttled, op: pg_notify(3.6cd(10) epoch 242)
2014-06-09 16:22:11.375229 7f868f761700 10 log is not dirty
2014-06-09 16:22:11.375228 7f869af78700 5 -- op tracker -- , seq: 1547, time:
2014-06-09 16:22:10.795384, event: all_read, op: pg_notify(3.6cd(10) epoch 242)
2014-06-09 16:22:11.375233 7f868f761700 5 queue_transactions existing osr(3.31c 0x3ed0d40)/0x3ed0d40
2014-06-09 16:22:11.375236 7f868f761700 10 op_submit_start 3106
2014-06-09 16:22:11.375234 7f869af78700 5 -- op tracker -- , seq: 1547, time:
2014-06-09 16:22:11.375206, event: dispatched, op: pg_notify(3.6cd(10) epoch 242)
2014-06-09 16:22:11.375237 7f868f761700 5 queue_transactions (trailing journal) 3106
2014-06-09 16:22:11.375239 7f868f761700 5 queue_op 0x309a3ec0 seq 3106 osr(3.31c 0x3ed0d40) 1335 bytes (queue has 15 ops and 26455 bytes)
2014-06-09 16:22:11.375242 7f868f761700 10 op_submit_finish 3106
2014-06-09 16:22:11.375241 7f869af78700 5 -- op tracker -- , seq: 1547, time:
2014-06-09 16:22:11.375239, event: waiting_for_osdmap, op: pg_notify(3.6cd(10) epoch 242)
2014-06-09 16:22:11.375245 7f869af78700 7 osd.26 243 handle_pg_notify from osd.4
2014-06-09 16:22:11.375245 7f868f761700 15 OSD::op_tp worker wq OSD::PeeringWQ done processing 0xb7f0270 (14 active)
2014-06-09 16:22:11.375247 7f869af78700 15 osd.26 243 require_same_or_newer_map 242 (i am 243) 0x240ef180
2014-06-09 16:22:11.375252 7f868f761700 12 OSD::op_tp worker wq OSD::OpWQ start processing 0x1 (15 active)
2014-06-09 16:22:11.375252 7f869af78700 5 -- op tracker -- , seq: 1547, time:
2014-06-09 16:22:11.375250, event: started, op: pg_notify(3.6cd(10) epoch 242)
2014-06-09 16:22:11.375255 7f868f761700 10 osd.26 243 dequeue_op 0x13023b00 prio 63 cost 516096 latency 1.220445 osd_op(client.4568.0:34995 rbd_data.11786b8b4567.00000000000016ec [set-alloc-hint object_size 4194304 write_size 4194304,write 1056768~516096] 3.d869c3b4 RETRY=3 ack+ondisk+retry+write e242) v4 pg pg[3.3b4( v 214'677 lc 214'675 (0'0,214'677] local-les=243 n=133 ec=118 les/c 212/212 242/242/242) [26,8] r=0 lpr=242 pi=211-241/2 crt=214'677 lcod 0'0 mlcod 0'0 inactive m=2]
2014-06-09 16:22:11.375269 7f869af78700 5 -- op tracker -- , seq: 1547, time:
2014-06-09 16:22:11.375267, event: done, op: pg_notify(3.6cd(10) epoch 242)
2014-06-09 16:22:11.375280 7f868bf5a700 12 OSD::op_tp worker wq OSD::PeeringWQ start processing 0xb7f02e0 (16 active)
2014-06-09 16:22:11.375280 7f868f761700 5 -- op tracker -- , seq: 162, time:
2014-06-09 16:22:11.375274, event: reached_pg, op: osd_op(client.4568.0:34995 rbd_data.11786b8b4567.00000000000016ec [set-alloc-hint object_size 4194304 write_size 4194304,write 1056768~516096] 3.d869c3b4 RETRY=3 ack+ondisk+retry+write e242)
2014-06-09 16:22:11.375287 7f868bf5a700 10 osd.26 pg_epoch: 243 pg[2.12d( empty local-les=243 n=0 ec=1 les/c 191/191 242/242/242) [26,2] r=0 lpr=242 pi=190-241/4 crt=0'0 mlcod 0'0 inactive] handle_peering_event: epoch_sent: 242 epoch_requested: 242 MNotifyRec from 2 notify: (query_epoch:242, epoch_sent:242, info:2.12d( empty local-les=191 n=0 ec=1 les/c 191/191 242/242/242))
2014-06-09 16:22:11.375290 7f868f761700 20 osd.26 pg_epoch: 243 pg[3.3b4( v 214'677 lc 214'675 (0'0,214'677] local-les=243 n=133 ec=118 les/c 212/212 242/242/242) [26,8] r=0 lpr=242 pi=211-241/2 crt=214'677 lcod 0'0 mlcod 0'0 inactive m=2] op_has_sufficient_caps pool=3 (ceph ) owner=0 need_read_cap=0 need_write_cap=1 need_class_read_cap=0 need_class_write_cap=0 -> yes
2014-06-09 16:22:11.375301 7f868bf5a700 10 osd.26 pg_epoch: 243 pg[2.12d( empty local-les=243 n=0 ec=1 les/c 191/191 242/242/242) [26,2] r=0 lpr=242 pi=190-241/4 crt=0'0 mlcod 0'0 inactive] state: Active: got notify from 2, already have info from that osd, ignoring
2014-06-09 16:22:11.375312 7f868bf5a700 10 log is not dirty
2014-06-09 16:22:11.375305 7f868f761700 10 osd.26 pg_epoch: 243 pg[3.3b4( v 214'677 lc 214'675 (0'0,214'677] local-les=243 n=133 ec=118 les/c 212/212 242/242/242) [26,8] r=0 lpr=242 pi=211-241/2 crt=214'677 lcod 0'0 mlcod 0'0 inactive m=2] can_handle_while_inactive: 0x13023b00
2014-06-09 16:22:11.375316 7f868f761700 10 osd.26 243 dequeue_op 0x13023b00 finish
2014-06-09 16:22:11.375319 7f868f761700 15 OSD::op_tp worker wq OSD::OpWQ done processing 0x1 (15 active)
2014-06-09 16:22:11.375324 7f868f761700 12 OSD::op_tp worker wq OSD::OpWQ start processing 0x1 (16 active)
2014-06-09 16:22:11.375316 7f868bf5a700 10 osd.26 pg_epoch: 243 pg[3.6cd( v 214'577 (0'0,214'577] local-les=243 n=111 ec=118 les/c 203/203 242/242/242) [26,4] r=0 lpr=242 pi=202-241/2 crt=0'0 lcod 0'0 mlcod 0'0 inactive] handle_peering_event: epoch_sent: 242 epoch_requested: 242 MNotifyRec from 4 notify: (query_epoch:242, epoch_sent:242, info:3.6cd( v 214'577 (0'0,214'577] local-les=203 n=111 ec=118 les/c 203/203 242/242/242))
2014-06-09 16:22:11.375329 7f868bf5a700 10 osd.26 pg_epoch: 243 pg[3.6cd( v 214'577 (0'0,214'577] local-les=243 n=111 ec=118 les/c 203/203 242/242/242) [26,4] r=0 lpr=242 pi=202-241/2 crt=0'0 lcod 0'0 mlcod 0'0 inactive] state: Active: got notify from 4, already have info from that osd, ignoring
2014-06-09 16:22:11.375340 7f868bf5a700 10 log is not dirty
2014-06-09 16:22:11.375328 7f868f761700 10 osd.26 243 dequeue_op 0x1c768800 prio 63 cost 303104 latency 0.879468 osd_op(client.4574.0:31823 rbd_data.117e6b8b4567.00000000000014d4 [set-alloc-hint object_size 4194304 write_size 4194304,write 0~303104] 3.e0fbd3b4 RETRY=3 ack+ondisk+retry+write e242) v4 pg pg[3.3b4( v 214'677 lc 214'675 (0'0,214'677] local-les=243 n=133 ec=118 les/c 212/212 242/242/242) [26,8] r=0 lpr=242 pi=211-241/2 crt=214'677 lcod 0'0 mlcod 0'0 inactive m=2]
2014-06-09 16:22:11.375346 7f868bf5a700 15 OSD::op_tp worker wq OSD::PeeringWQ done processing 0xb7f02e0 (15 active)
2014-06-09 16:22:11.375352 7f868bf5a700 12 OSD::op_tp worker wq OSD::OpWQ start processing 0x1 (16 active)
2014-06-09 16:22:11.375351 7f868f761700 5 -- op tracker -- , seq: 438, time:
2014-06-09 16:22:11.375346, event: reached_pg, op: osd_op(client.4574.0:31823 rbd_data.117e6b8b4567.00000000000014d4 [set-alloc-hint object_size 4194304 write_size 4194304,write 0~303104] 3.e0fbd3b4 RETRY=3 ack+ondisk+retry+write e242)
2014-06-09 16:22:11.375361 7f868af58700 12 OSD::op_tp worker wq OSD::OpWQ start processing 0x1 (17 active)
2014-06-09 16:22:11.375358 7f868f761700 20 osd.26 pg_epoch: 243 pg[3.3b4( v 214'677 lc 214'675 (0'0,214'677] local-les=243 n=133 ec=118 les/c 212/212 242/242/242) [26,8] r=0 lpr=242 pi=211-241/2 crt=214'677 lcod 0'0 mlcod 0'0 inactive m=2] op_has_sufficient_caps pool=3 (ceph ) owner=0 need_read_cap=0 need_write_cap=1 need_class_read_cap=0 need_class_write_cap=0 -> yes
2014-06-09 16:22:11.375371 7f8689755700 12 OSD::op_tp worker wq OSD::OpWQ start processing 0x1 (18 active)
2014-06-09 16:22:11.375370 7f868f761700 10 osd.26 pg_epoch: 243 pg[3.3b4( v 214'677 lc 214'675 (0'0,214'677] local-les=243 n=133 ec=118 les/c 212/212 242/242/242) [26,8] r=0 lpr=242 pi=211-241/2 crt=214'677 lcod 0'0 mlcod 0'0 inactive m=2] can_handle_while_inactive: 0x1c768800
2014-06-09 16:22:11.375380 7f869af78700 10 osd.26 243 do_waiters -- start
2014-06-09 16:22:11.375381 7f868f761700 10 osd.26 243 dequeue_op 0x1c768800 finish
2014-06-09 16:22:11.375382 7f869af78700 10 osd.26 243 do_waiters -- finish
2014-06-09 16:22:11.375387 7f868f761700 15 OSD::op_tp worker wq OSD::OpWQ done processing 0x1 (17 active)
2014-06-09 16:22:11.375392 7f868f761700 12 OSD::op_tp worker wq OSD::OpWQ start processing 0x1 (18 active)
2014-06-09 16:22:11.375398 7f869af78700 10 osd.26 243 do_waiters -- start
2014-06-09 16:22:11.375400 7f869af78700 10 osd.26 243 do_waiters -- finish
2014-06-09 16:22:11.375401 7f869af78700 20 osd.26 243 _dispatch 0x26000000 pg_notify(2.3fb(20),1.3fa(20) epoch 243) v5
2014-06-09 16:22:11.375396 7f868f761700 10 osd.26 243 dequeue_op 0x13023a00 prio 63 cost 516096 latency 1.173740 osd_op(client.4568.0:34996 rbd_data.11786b8b4567.00000000000016ec [set-alloc-hint object_size 4194304 write_size 4194304,write 1572864~516096] 3.d869c3b4 RETRY=3 ack+ondisk+retry+write e242) v4 pg pg[3.3b4( v 214'677 lc 214'675 (0'0,214'677] local-les=243 n=133 ec=118 les/c 212/212 242/242/242) [26,8] r=0 lpr=242 pi=211-241/2 crt=214'677 lcod 0'0 mlcod 0'0 inactive m=2]
2014-06-09 16:22:11.375407 7f869af78700 5 -- op tracker -- , seq: 1548, time:
2014-06-09 16:22:11.062164, event: header_read, op: pg_notify(2.3fb(20),1.3fa(20) epoch 243)
2014-06-09 16:22:11.375422 7f868ff62700 12 OSD::op_tp worker wq OSD::OpWQ start processing 0x1 (19 active)
2014-06-09 16:22:11.375418 7f868f761700 5 -- op tracker -- , seq: 165, time:
2014-06-09 16:22:11.375413, event: reached_pg, op: osd_op(client.4568.0:34996 rbd_data.11786b8b4567.00000000000016ec [set-alloc-hint object_size 4194304 write_size 4194304,write 1572864~516096] 3.d869c3b4 RETRY=3 ack+ondisk+retry+write e242)
2014-06-09 16:22:11.375431 7f869af78700 5 -- op tracker -- , seq: 1548, time:
2014-06-09 16:22:11.062165, event: throttled, op: pg_notify(2.3fb(20),1.3fa(20) epoch 243)
2014-06-09 16:22:11.375428 7f868f761700 20 osd.26 pg_epoch: 243 pg[3.3b4( v 214'677 lc 214'675 (0'0,214'677] local-les=243 n=133 ec=118 les/c 212/212 242/242/242) [26,8] r=0 lpr=242 pi=211-241/2 crt=214'677 lcod 0'0 mlcod 0'0 inactive m=2] op_has_sufficient_caps pool=3 (ceph ) owner=0 need_read_cap=0 need_write_cap=1 need_class_read_cap=0 need_class_write_cap=0 -> yes
2014-06-09 16:22:11.375439 7f869af78700 5 -- op tracker -- , seq: 1548, time:
2014-06-09 16:22:11.062194, event: all_read, op: pg_notify(2.3fb(20),1.3fa(20) epoch 243)
2014-06-09 16:22:11.375445 7f869af78700 5 -- op tracker -- , seq: 1548, time:
2014-06-09 16:22:11.375398, event: dispatched, op: pg_notify(2.3fb(20),1.3fa(20) epoch 243)
2014-06-09 16:22:11.375443 7f868f761700 10 osd.26 pg_epoch: 243 pg[3.3b4( v 214'677 lc 214'675 (0'0,214'677] local-les=243 n=133 ec=118 les/c 212/212 242/242/242) [26,8] r=0 lpr=242 pi=211-241/2 crt=214'677 lcod 0'0 mlcod 0'0 inactive m=2] can_handle_while_inactive: 0x13023a00
2014-06-09 16:22:11.375452 7f869af78700 5 -- op tracker -- , seq: 1548, time:
2014-06-09 16:22:11.375450, event: waiting_for_osdmap, op: pg_notify(2.3fb(20),1.3fa(20) epoch 243)
2014-06-09 16:22:11.375455 7f868f761700 10 osd.26 243 dequeue_op 0x13023a00 finish
2014-06-09 16:22:11.375457 7f869af78700 7 osd.26 243 handle_pg_notify from osd.7
