2014-06-09 16:22:11.377002 7f86a5610700 10 cid: oid: 16ef7597/infos/head//-1 skipping op, spos 3094.0.0 <= header.spos 150443.0.0
2014-06-09 16:22:11.377005 7f86a5610700 5 submit_transaction r = 0
2014-06-09 16:22:11.377033 7f86a5610700 10 _do_op 0x16096720 seq 3094 r = 0, finisher 0x3050b4c0 0
2014-06-09 16:22:11.377037 7f86a5610700 10 _finish_op 0x16096720 seq 3094 osr(3.6d3 0x3ed1c50)/0x3ed1c50
2014-06-09 16:22:11.377042 7f86a5610700 15 KeyValueStore::op_tp worker wq KeyValueStore::OpWQ done processing 0x34978c0 (1 active)
2014-06-09 16:22:11.377044 7f86a5610700 12 KeyValueStore::op_tp worker wq KeyValueStore::OpWQ start processing 0xc52fe60 (2 active)
2014-06-09 16:22:11.377045 7f86a5610700 5 _do_op 0x309a2e40 seq 3095 osr(2.73 0x2ed0510)/0x2ed0510 start
2014-06-09 16:22:11.377045 7f86a4e0f700 10 finisher(0x2c10388) finisher_thread doing [0x3050b4c0]
2014-06-09 16:22:11.377048 7f86a5610700 10 _do_transaction on 0xbfe6240
2014-06-09 16:22:11.377054 7f86a5610700 15 _omap_setkeys meta/16ef7597/infos/head//-1
2014-06-09 16:22:11.377065 7f86a4e0f700 10 finisher(0x2c10388) finisher_thread done with [0x3050b4c0]
2014-06-09 16:22:11.377067 7f86a4e0f700 10 finisher(0x2c10388) finisher_thread empty
2014-06-09 16:22:11.377068 7f86a4e0f700 10 finisher(0x2c10388) finisher_thread sleeping
2014-06-09 16:22:11.377087 7f86a5610700 10 lookup_strip_header done cid meta oid 16ef7597/infos/head//-1
2014-06-09 16:22:11.377105 7f86a5610700 10 cid: oid: 16ef7597/infos/head//-1 skipping op, spos 3095.0.0 <= header.spos 150443.0.0
2014-06-09 16:22:11.377109 7f86a5610700 5 submit_transaction r = 0
2014-06-09 16:22:11.377133 7f86a5610700 10 _do_op 0x309a2e40 seq 3095 r = 0, finisher 0x18743260 0
2014-06-09 16:22:11.377137 7f86a5610700 10 _finish_op 0x309a2e40 seq 3095 osr(2.73 0x2ed0510)/0x2ed0510
2014-06-09 16:22:11.377143 7f86a5610700 15 KeyValueStore::op_tp worker wq KeyValueStore::OpWQ done processing 0xc52fe60 (1 active)
2014-06-09 16:22:11.377145 7f86a5610700 12 KeyValueStore::op_tp worker wq KeyValueStore::OpWQ start processing 0xc300ea0 (2 active)
2014-06-09 16:22:11.377145 7f86a4e0f700 10 finisher(0x2c10388) finisher_thread doing [0x18743260]
2014-06-09 16:22:11.377147 7f86a5610700 5 _do_op 0x309a2de0 seq 3096 osr(1.82 0x384c4d0)/0x384c4d0 start
2014-06-09 16:22:11.377150 7f86a5610700 10 _do_transaction on 0xc244d80
2014-06-09 16:22:11.377152 7f86a4e0f700 10 finisher(0x2c10388) finisher_thread done with [0x18743260]
2014-06-09 16:22:11.377153 7f86a4e0f700 10 finisher(0x2c10388) finisher_thread empty
2014-06-09 16:22:11.377155 7f86a4e0f700 10 finisher(0x2c10388) finisher_thread sleeping
2014-06-09 16:22:11.377155 7f86a5610700 15 _omap_setkeys meta/16ef7597/infos/head//-1
2014-06-09 16:22:11.377188 7f86a5610700 10 lookup_strip_header done cid meta oid 16ef7597/infos/head//-1
2014-06-09 16:22:11.377203 7f86a5610700 10 cid: oid: 16ef7597/infos/head//-1 skipping op, spos 3096.0.0 <= header.spos 150443.0.0
2014-06-09 16:22:11.377208 7f86a5610700 5 submit_transaction r = 0
2014-06-09 16:22:11.377226 7f86a5610700 10 _do_op 0x309a2de0 seq 3096 r = 0, finisher 0xc6e8040 0
2014-06-09 16:22:11.377230 7f86a5610700 10 _finish_op 0x309a2de0 seq 3096 osr(1.82 0x384c4d0)/0x384c4d0
2014-06-09 16:22:11.377235 7f86a5610700 15 KeyValueStore::op_tp worker wq KeyValueStore::OpWQ done processing 0xc300ea0 (1 active)
2014-06-09 16:22:11.377237 7f86a5610700 12 KeyValueStore::op_tp worker wq KeyValueStore::OpWQ start processing 0xc114000 (2 active)
2014-06-09 16:22:11.377237 7f86a4e0f700 10 finisher(0x2c10388) finisher_thread doing [0xc6e8040]
2014-06-09 16:22:11.377240 7f86a5610700 5 _do_op 0x309a2d80 seq 3097 osr(1.631 0x384dfb0)/0x384dfb0 start
2014-06-09 16:22:11.377242 7f86a5610700 10 _do_transaction on 0xc3eccc0
2014-06-09 16:22:11.377245 7f86a4e0f700 10 finisher(0x2c10388) finisher_thread done with [0xc6e8040]
2014-06-09 16:22:11.377247 7f86a4e0f700 10 finisher(0x2c10388) finisher_thread empty
2014-06-09 16:22:11.377248 7f86a4e0f700 10 finisher(0x2c10388) finisher_thread sleeping
2014-06-09 16:22:11.377248 7f86a5610700 15 _omap_setkeys meta/16ef7597/infos/head//-1
2014-06-09 16:22:11.377279 7f86a5610700 10 lookup_strip_header done cid meta oid 16ef7597/infos/head//-1
2014-06-09 16:22:11.377296 7f86a5610700 10 cid: oid: 16ef7597/infos/head//-1 skipping op, spos 3097.0.0 <= header.spos 150443.0.0
2014-06-09 16:22:11.377300 7f86a5610700 5 submit_transaction r = 0
2014-06-09 16:22:11.377326 7f86a5610700 10 _do_op 0x309a2d80 seq 3097 r = 0, finisher 0x3061f180 0
2014-06-09 16:22:11.377331 7f86a5610700 10 _finish_op 0x309a2d80 seq 3097 osr(1.631 0x384dfb0)/0x384dfb0
2014-06-09 16:22:11.377336 7f86a5610700 15 KeyValueStore::op_tp worker wq KeyValueStore::OpWQ done processing 0xc114000 (1 active)
2014-06-09 16:22:11.377338 7f86a5610700 12 KeyValueStore::op_tp worker wq KeyValueStore::OpWQ start processing 0xbff59e0 (2 active)
2014-06-09 16:22:11.377338 7f86a4e0f700 10 finisher(0x2c10388) finisher_thread doing [0x3061f180]
2014-06-09 16:22:11.377341 7f86a5610700 5 _do_op 0x308cac00 seq 3098 osr(1.604 0x384dc50)/0x384dc50 start
2014-06-09 16:22:11.377343 7f86a5610700 10 _do_transaction on 0xc2d9140
2014-06-09 16:22:11.377344 7f86a4e0f700 10 finisher(0x2c10388) finisher_thread done with [0x3061f180]
2014-06-09 16:22:11.377345 7f86a4e0f700 10 finisher(0x2c10388) finisher_thread empty
2014-06-09 16:22:11.377346 7f86a4e0f700 10 finisher(0x2c10388) finisher_thread sleeping
2014-06-09 16:22:11.377349 7f86a5610700 15 _omap_setkeys meta/16ef7597/infos/head//-1
2014-06-09 16:22:11.377382 7f86a5610700 10 lookup_strip_header done cid meta oid 16ef7597/infos/head//-1
2014-06-09 16:22:11.377399 7f86a5610700 10 cid: oid: 16ef7597/infos/head//-1 skipping op, spos 3098.0.0 <= header.spos 150443.0.0
2014-06-09 16:22:11.377404 7f86a5610700 5 submit_transaction r = 0
2014-06-09 16:22:11.377424 7f86a5610700 10 _do_op 0x308cac00 seq 3098 r = 0, finisher 0xc6e8aa0 0
2014-06-09 16:22:11.377427 7f86a5610700 10 _finish_op 0x308cac00 seq 3098 osr(1.604 0x384dc50)/0x384dc50
2014-06-09 16:22:11.377433 7f86a5610700 15 KeyValueStore::op_tp worker wq KeyValueStore::OpWQ done processing 0xbff59e0 (1 active)
2014-06-09 16:22:11.377435 7f86a5610700 12 KeyValueStore::op_tp worker wq KeyValueStore::OpWQ start processing 0x383f320 (2 active)
2014-06-09 16:22:11.377435 7f86a4e0f700 10 finisher(0x2c10388) finisher_thread doing [0xc6e8aa0]
2014-06-09 16:22:11.377437 7f86a5610700 5 _do_op 0x309a2d20 seq 3099 osr(0.4da 0x2bd75f0)/0x2bd75f0 start
2014-06-09 16:22:11.377440 7f86a5610700 10 _do_transaction on 0xc0ec540
2014-06-09 16:22:11.377444 7f86a4e0f700 10 finisher(0x2c10388) finisher_thread done with [0xc6e8aa0]
2014-06-09 16:22:11.377445 7f86a4e0f700 10 finisher(0x2c10388) finisher_thread empty
2014-06-09 16:22:11.377446 7f86a4e0f700 10 finisher(0x2c10388) finisher_thread sleeping
2014-06-09 16:22:11.377446 7f86a5610700 15 _omap_setkeys meta/16ef7597/infos/head//-1
2014-06-09 16:22:11.377478 7f86a5610700 10 lookup_strip_header done cid meta oid 16ef7597/infos/head//-1
2014-06-09 16:22:11.377495 7f86a5610700 10 cid: oid: 16ef7597/infos/head//-1 skipping op, spos 3099.0.0 <= header.spos 150443.0.0
2014-06-09 16:22:11.377499 7f86a5610700 5 submit_transaction r = 0
2014-06-09 16:22:11.377520 7f86a5610700 10 _do_op 0x309a2d20 seq 3099 r = 0, finisher 0xc6e8060 0
2014-06-09 16:22:11.377524 7f86a5610700 10 _finish_op 0x309a2d20 seq 3099 osr(0.4da 0x2bd75f0)/0x2bd75f0
2014-06-09 16:22:11.377530 7f86a5610700 15 KeyValueStore::op_tp worker wq KeyValueStore::OpWQ done processing 0x383f320 (1 active)
2014-06-09 16:22:11.377533 7f86a5610700 12 KeyValueStore::op_tp worker wq KeyValueStore::OpWQ start processing 0xc406a20 (2 active)
2014-06-09 16:22:11.377532 7f86a4e0f700 10 finisher(0x2c10388) finisher_thread doing [0xc6e8060]
2014-06-09 16:22:11.377535 7f86a5610700 5 _do_op 0x16fd5500 seq 3100 osr(3.94 0x3ed0640)/0x3ed0640 start
2014-06-09 16:22:11.377538 7f86a5610700 10 _do_transaction on 0x39dbd40
2014-06-09 16:22:11.377538 7f86a4e0f700 10 finisher(0x2c10388) finisher_thread done with [0xc6e8060]
2014-06-09 16:22:11.377540 7f86a4e0f700 10 finisher(0x2c10388) finisher_thread empty
2014-06-09 16:22:11.377541 7f86a4e0f700 10 finisher(0x2c10388) finisher_thread sleeping
2014-06-09 16:22:11.377544 7f86a5610700 15 _omap_setkeys meta/16ef7597/infos/head//-1
2014-06-09 16:22:11.377575 7f86a5610700 10 lookup_strip_header done cid meta oid 16ef7597/infos/head//-1
2014-06-09 16:22:11.377591 7f86a5610700 15 _omap_rmkeyrange meta/5168319b/pglog_3.94/0//-1 [0000000214.00000000000000000567,4294967295.18446744073709551615]
2014-06-09 16:22:11.377594 7f86a5610700 15 get_omap_iterator meta/5168319b/pglog_3.94/0//-1
2014-06-09 16:22:11.377681 7f86a5610700 15 _omap_rmkeys meta/5168319b/pglog_3.94/0//-1
2014-06-09 16:22:11.377714 7f86a5610700 10 lookup_strip_header done cid meta oid 5168319b/pglog_3.94/0//-1
2014-06-09 16:22:11.377724 7f86a5610700 10 _omap_rmkeys meta/5168319b/pglog_3.94/0//-1 r = 0
2014-06-09 16:22:11.377730 7f86a5610700 15 _omap_rmkeys meta/5168319b/pglog_3.94/0//-1
2014-06-09 16:22:11.377735 7f86a5610700 10 _omap_rmkeys meta/5168319b/pglog_3.94/0//-1 r = 0
2014-06-09 16:22:11.377747 7f86a5610700 15 _omap_setkeys meta/5168319b/pglog_3.94/0//-1
2014-06-09 16:22:11.377767 7f86a5610700 10 cid: oid: 16ef7597/infos/head//-1 skipping op, spos 3100.0.0 <= header.spos 150443.0.0
2014-06-09 16:22:11.377774 7f86a5610700 10 cid: oid: 5168319b/pglog_3.94/0//-1 skipping op, spos 3100.0.0 <= header.spos 150430.0.0
2014-06-09 16:22:11.377778 7f86a5610700 5 submit_transaction r = 0
2014-06-09 16:22:11.377817 7f86a5610700 10 _do_op 0x16fd5500 seq 3100 r = 0, finisher 0x3062b7a0 0
2014-06-09 16:22:11.377821 7f86a5610700 10 _finish_op 0x16fd5500 seq 3100 osr(3.94 0x3ed0640)/0x3ed0640
2014-06-09 16:22:11.377826 7f86a5610700 15 KeyValueStore::op_tp worker wq KeyValueStore::OpWQ done processing 0xc406a20 (1 active)
2014-06-09 16:22:11.377829 7f86a5610700 12 KeyValueStore::op_tp worker wq KeyValueStore::OpWQ start processing 0xc3fb320 (2 active)
2014-06-09 16:22:11.377829 7f86a4e0f700 10 finisher(0x2c10388) finisher_thread doing [0x3062b7a0]
2014-06-09 16:22:11.377831 7f86a5610700 5 _do_op 0x30606300 seq 3101 osr(3.62a 0x3ed1aa0)/0x3ed1aa0 start
2014-06-09 16:22:11.377834 7f86a5610700 10 _do_transaction on 0xc3fcb40
2014-06-09 16:22:11.377840 7f86a5610700 15 _omap_setkeys meta/16ef7597/infos/head//-1
2014-06-09 16:22:11.377844 7f86a4e0f700 10 finisher(0x2c10388) finisher_thread done with [0x3062b7a0]
2014-06-09 16:22:11.377846 7f86a4e0f700 10 finisher(0x2c10388) finisher_thread empty
2014-06-09 16:22:11.377847 7f86a4e0f700 10 finisher(0x2c10388) finisher_thread sleeping
2014-06-09 16:22:11.377874 7f86a5610700 10 lookup_strip_header done cid meta oid 16ef7597/infos/head//-1
2014-06-09 16:22:11.377889 7f86a5610700 10 cid: oid: 16ef7597/infos/head//-1 skipping op, spos 3101.0.0 <= header.spos 150443.0.0
2014-06-09 16:22:11.377893 7f86a5610700 5 submit_transaction r = 0
2014-06-09 16:22:11.377908 7f86a5610700 10 _do_op 0x30606300 seq 3101 r = 0, finisher 0xbd74240 0
2014-06-09 16:22:11.377914 7f86a5610700 10 _finish_op 0x30606300 seq 3101 osr(3.62a 0x3ed1aa0)/0x3ed1aa0
2014-06-09 16:22:11.377919 7f86a5610700 15 KeyValueStore::op_tp worker wq KeyValueStore::OpWQ done processing 0xc3fb320 (1 active)
2014-06-09 16:22:11.377921 7f86a5610700 12 KeyValueStore::op_tp worker wq KeyValueStore::OpWQ start processing 0xc4066c0 (2 active)
2014-06-09 16:22:11.377921 7f86a4e0f700 10 finisher(0x2c10388) finisher_thread doing [0xbd74240]
2014-06-09 16:22:11.377923 7f86a5610700 5 _do_op 0x308cb380 seq 3102 osr(3.9b 0x3ed0630)/0x3ed0630 start
2014-06-09 16:22:11.377926 7f86a5610700 10 _do_transaction on 0xbf39a40
2014-06-09 16:22:11.377928 7f86a4e0f700 10 finisher(0x2c10388) finisher_thread done with [0xbd74240]
2014-06-09 16:22:11.377930 7f86a4e0f700 10 finisher(0x2c10388) finisher_thread empty
2014-06-09 16:22:11.377931 7f86a4e0f700 10 finisher(0x2c10388) finisher_thread sleeping
2014-06-09 16:22:11.377931 7f86a5610700 15 _omap_setkeys meta/16ef7597/infos/head//-1
2014-06-09 16:22:11.377963 7f86a5610700 10 lookup_strip_header done cid meta oid 16ef7597/infos/head//-1
2014-06-09 16:22:11.377979 7f86a5610700 10 cid: oid: 16ef7597/infos/head//-1 skipping op, spos 3102.0.0 <= header.spos 150443.0.0
2014-06-09 16:22:11.377983 7f86a5610700 5 submit_transaction r = 0
2014-06-09 16:22:11.377998 7f86a5610700 10 _do_op 0x308cb380 seq 3102 r = 0, finisher 0x33a6680 0
2014-06-09 16:22:11.378001 7f86a5610700 10 _finish_op 0x308cb380 seq 3102 osr(3.9b 0x3ed0630)/0x3ed0630
2014-06-09 16:22:11.378007 7f86a5610700 15 KeyValueStore::op_tp worker wq KeyValueStore::OpWQ done processing 0xc4066c0 (1 active)
2014-06-09 16:22:11.378009 7f86a5610700 12 KeyValueStore::op_tp worker wq KeyValueStore::OpWQ start processing 0xc62f8c0 (2 active)
2014-06-09 16:22:11.378009 7f86a4e0f700 10 finisher(0x2c10388) finisher_thread doing [0x33a6680]
2014-06-09 16:22:11.378011 7f86a5610700 5 _do_op 0x2c06e8a0 seq 3103 osr(1.91 0x384c430)/0x384c430 start
2014-06-09 16:22:11.378014 7f86a5610700 10 _do_transaction on 0xc30da40
2014-06-09 16:22:11.378014 7f86a4e0f700 10 finisher(0x2c10388) finisher_thread done with [0x33a6680]
2014-06-09 16:22:11.378015 7f86a4e0f700 10 finisher(0x2c10388) finisher_thread empty
2014-06-09 16:22:11.378016 7f86a4e0f700 10 finisher(0x2c10388) finisher_thread sleeping
2014-06-09 16:22:11.378020 7f86a5610700 15 _omap_setkeys meta/16ef7597/infos/head//-1
2014-06-09 16:22:11.378052 7f86a5610700 10 lookup_strip_header done cid meta oid 16ef7597/infos/head//-1
2014-06-09 16:22:11.378067 7f86a5610700 10 cid: oid: 16ef7597/infos/head//-1 skipping op, spos 3103.0.0 <= header.spos 150443.0.0
2014-06-09 16:22:11.378072 7f86a5610700 5 submit_transaction r = 0
2014-06-09 16:22:11.378096 7f86a5610700 10 _do_op 0x2c06e8a0 seq 3103 r = 0, finisher 0x2d738e40 0
2014-06-09 16:22:11.378100 7f86a5610700 10 _finish_op 0x2c06e8a0 seq 3103 osr(1.91 0x384c430)/0x384c430
2014-06-09 16:22:11.378104 7f86a5610700 15 KeyValueStore::op_tp worker wq KeyValueStore::OpWQ done processing 0xc62f8c0 (1 active)
2014-06-09 16:22:11.378107 7f86a5610700 12 KeyValueStore::op_tp worker wq KeyValueStore::OpWQ start processing 0xc114ea0 (2 active)
2014-06-09 16:22:11.378106 7f86a4e0f700 10 finisher(0x2c10388) finisher_thread doing [0x2d738e40]
2014-06-09 16:22:11.378109 7f86a5610700 5 _do_op 0x30606f60 seq 3104 osr(0.301 0x2bd6e10)/0x2bd6e10 start
2014-06-09 16:22:11.378111 7f86a5610700 10 _do_transaction on 0x3085440
2014-06-09 16:22:11.378112 7f86a4e0f700 10 finisher(0x2c10388) finisher_thread done with [0x2d738e40]
2014-06-09 16:22:11.378114 7f86a4e0f700 10 finisher(0x2c10388) finisher_thread empty
2014-06-09 16:22:11.378115 7f86a4e0f700 10 finisher(0x2c10388) finisher_thread sleeping
2014-06-09 16:22:11.378117 7f86a5610700 15 _omap_setkeys meta/16ef7597/infos/head//-1
2014-06-09 16:22:11.378151 7f86a5610700 10 lookup_strip_header done cid meta oid 16ef7597/infos/head//-1
2014-06-09 16:22:11.378167 7f86a5610700 10 cid: oid: 16ef7597/infos/head//-1 skipping op, spos 3104.0.0 <= header.spos 150443.0.0
2014-06-09 16:22:11.378171 7f86a5610700 5 submit_transaction r = 0
2014-06-09 16:22:11.378188 7f86a5610700 10 _do_op 0x30606f60 seq 3104 r = 0, finisher 0x3062b240 0
2014-06-09 16:22:11.378190 7f86a5610700 10 _finish_op 0x30606f60 seq 3104 osr(0.301 0x2bd6e10)/0x2bd6e10
2014-06-09 16:22:11.378195 7f86a5610700 15 KeyValueStore::op_tp worker wq KeyValueStore::OpWQ done processing 0xc114ea0 (1 active)
2014-06-09 16:22:11.378197 7f86a5610700 12 KeyValueStore::op_tp worker wq KeyValueStore::OpWQ start processing 0xc339c20 (2 active)
2014-06-09 16:22:11.378198 7f86a4e0f700 10 finisher(0x2c10388) finisher_thread doing [0x3062b240]
2014-06-09 16:22:11.378199 7f86a5610700 5 _do_op 0x30606f00 seq 3105 osr(1.76 0x384c530)/0x384c530 start
2014-06-09 16:22:11.378201 7f86a5610700 10 _do_transaction on 0x30d12c0
2014-06-09 16:22:11.378206 7f86a4e0f700 10 finisher(0x2c10388) finisher_thread done with [0x3062b240]
2014-06-09 16:22:11.378207 7f86a4e0f700 10 finisher(0x2c10388) finisher_thread empty
2014-06-09 16:22:11.378206 7f86a5610700 15 _omap_setkeys meta/16ef7597/infos/head//-1
2014-06-09 16:22:11.378208 7f86a4e0f700 10 finisher(0x2c10388) finisher_thread sleeping
2014-06-09 16:22:11.378239 7f86a5610700 10 lookup_strip_header done cid meta oid 16ef7597/infos/head//-1
2014-06-09 16:22:11.378255 7f86a5610700 10 cid: oid: 16ef7597/infos/head//-1 skipping op, spos 3105.0.0 <= header.spos 150443.0.0
2014-06-09 16:22:11.378259 7f86a5610700 5 submit_transaction r = 0
2014-06-09 16:22:11.378283 7f86a5610700 10 _do_op 0x30606f00 seq 3105 r = 0, finisher 0xc2d6800 0
2014-06-09 16:22:11.378286 7f86a5610700 10 _finish_op 0x30606f00 seq 3105 osr(1.76 0x384c530)/0x384c530
2014-06-09 16:22:11.378294 7f86a5610700 15 KeyValueStore::op_tp worker wq KeyValueStore::OpWQ done processing 0xc339c20 (1 active)
2014-06-09 16:22:11.378294 7f86a4e0f700 10 finisher(0x2c10388) finisher_thread doing [0xc2d6800]
2014-06-09 16:22:11.378297 7f86a5610700 12 KeyValueStore::op_tp worker wq KeyValueStore::OpWQ start processing 0xc358120 (2 active)
2014-06-09 16:22:11.378299 7f86a4e0f700 10 finisher(0x2c10388) finisher_thread done with [0xc2d6800]
2014-06-09 16:22:11.378299 7f86a5610700 5 _do_op 0x309a3ec0 seq 3106 osr(3.31c 0x3ed0d40)/0x3ed0d40 start
2014-06-09 16:22:11.378301 7f86a4e0f700 10 finisher(0x2c10388) finisher_thread empty
2014-06-09 16:22:11.378301 7f86a5610700 10 _do_transaction on 0xbeba6c0
2014-06-09 16:22:11.378302 7f86a4e0f700 10 finisher(0x2c10388) finisher_thread sleeping
2014-06-09 16:22:11.378307 7f86a5610700 15 _omap_setkeys meta/16ef7597/infos/head//-1
2014-06-09 16:22:11.378340 7f86a5610700 10 lookup_strip_header done cid meta oid 16ef7597/infos/head//-1
2014-06-09 16:22:11.378356 7f86a5610700 10 cid: oid: 16ef7597/infos/head//-1 skipping op, spos 3106.0.0 <= header.spos 150443.0.0
2014-06-09 16:22:11.378359 7f86a5610700 5 submit_transaction r = 0
2014-06-09 16:22:11.378380 7f86a5610700 10 _do_op 0x309a3ec0 seq 3106 r = 0, finisher 0xbd698c0 0
2014-06-09 16:22:11.378383 7f86a5610700 10 _finish_op 0x309a3ec0 seq 3106 osr(3.31c 0x3ed0d40)/0x3ed0d40
2014-06-09 16:22:11.378388 7f86a5610700 15 KeyValueStore::op_tp worker wq KeyValueStore::OpWQ done processing 0xc358120 (1 active)
2014-06-09 16:22:11.378390 7f86a5610700 12 KeyValueStore::op_tp worker wq KeyValueStore::OpWQ start processing 0xc52fc20 (2 active)
2014-06-09 16:22:11.378391 7f86a4e0f700 10 finisher(0x2c10388) finisher_thread doing [0xbd698c0]
2014-06-09 16:22:11.378392 7f86a5610700 5 _do_op 0x309a3e60 seq 3107 osr(2.606 0x2ed1d30)/0x2ed1d30 start
2014-06-09 16:22:11.378395 7f86a5610700 10 _do_transaction on 0xc245d40
2014-06-09 16:22:11.378399 7f86a5610700 15 _omap_setkeys meta/16ef7597/infos/head//-1
2014-06-09 16:22:11.378400 7f86a4e0f700 10 finisher(0x2c10388) finisher_thread done with [0xbd698c0]
2014-06-09 16:22:11.378402 7f86a4e0f700 10 finisher(0x2c10388) finisher_thread empty
2014-06-09 16:22:11.378403 7f86a4e0f700 10 finisher(0x2c10388) finisher_thread sleeping
2014-06-09 16:22:11.378431 7f86a5610700 10 lookup_strip_header done cid meta oid 16ef7597/infos/head//-1
2014-06-09 16:22:11.378447 7f86a5610700 10 cid: oid: 16ef7597/infos/head//-1 skipping op, spos 3107.0.0 <= header.spos 150443.0.0
2014-06-09 16:22:11.378451 7f86a5610700 5 submit_transaction r = 0
2014-06-09 16:22:11.378472 7f86a5610700 10 _do_op 0x309a3e60 seq 3107 r = 0, finisher 0xbdf0b00 0
2014-06-09 16:22:11.378475 7f86a5610700 10 _finish_op 0x309a3e60 seq 3107 osr(2.606 0x2ed1d30)/0x2ed1d30
2014-06-09 16:22:11.378481 7f86a5610700 15 KeyValueStore::op_tp worker wq KeyValueStore::OpWQ done processing 0xc52fc20 (1 active)
2014-06-09 16:22:11.378483 7f86a5610700 12 KeyValueStore::op_tp worker wq KeyValueStore::OpWQ start processing 0xc286c60 (2 active)
2014-06-09 16:22:11.378482 7f86a4e0f700 10 finisher(0x2c10388) finisher_thread doing [0xbdf0b00]
2014-06-09 16:22:11.378485 7f86a5610700 5 _do_op 0x309a3e00 seq 3108 osr(3.7e2 0xb7f0120)/0xb7f0120 start
2014-06-09 16:22:11.378487 7f86a5610700 10 _do_transaction on 0xc05e000
2014-06-09 16:22:11.378488 7f86a4e0f700 10 finisher(0x2c10388) finisher_thread done with [0xbdf0b00]
2014-06-09 16:22:11.378490 7f86a4e0f700 10 finisher(0x2c10388) finisher_thread empty
2014-06-09 16:22:11.378491 7f86a4e0f700 10 finisher(0x2c10388) finisher_thread sleeping
2014-06-09 16:22:11.378492 7f86a5610700 15 _omap_setkeys meta/16ef7597/infos/head//-1
2014-06-09 16:22:11.378525 7f86a5610700 10 lookup_strip_header done cid meta oid 16ef7597/infos/head//-1
2014-06-09 16:22:11.378540 7f86a5610700 10 cid: oid: 16ef7597/infos/head//-1 skipping op, spos 3108.0.0 <= header.spos 150443.0.0
2014-06-09 16:22:11.378545 7f86a5610700 5 submit_transaction r = 0
2014-06-09 16:22:11.378559 7f86a5610700 10 _do_op 0x309a3e00 seq 3108 r = 0, finisher 0x33a74e0 0
2014-06-09 16:22:11.378561 7f86a5610700 10 _finish_op 0x309a3e00 seq 3108 osr(3.7e2 0xb7f0120)/0xb7f0120
2014-06-09 16:22:11.378566 7f86a5610700 15 KeyValueStore::op_tp worker wq KeyValueStore::OpWQ done processing 0xc286c60 (1 active)
2014-06-09 16:22:11.378568 7f86a5610700 12 KeyValueStore::op_tp worker wq KeyValueStore::OpWQ start processing 0xc0fd0e0 (2 active)
2014-06-09 16:22:11.378568 7f86a4e0f700 10 finisher(0x2c10388) finisher_thread doing [0x33a74e0]
2014-06-09 16:22:11.378570 7f86a5610700 5 _do_op 0x309a2660 seq 3109 osr(2.75 0x2ed04f0)/0x2ed04f0 start
2014-06-09 16:22:11.378572 7f86a5610700 10 _do_transaction on 0x3a07080
2014-06-09 16:22:11.378574 7f86a4e0f700 10 finisher(0x2c10388) finisher_thread done with [0x33a74e0]
2014-06-09 16:22:11.378575 7f86a4e0f700 10 finisher(0x2c10388) finisher_thread empty
2014-06-09 16:22:11.378576 7f86a4e0f700 10 finisher(0x2c10388) finisher_thread sleeping
2014-06-09 16:22:11.378577 7f86a5610700 15 _omap_setkeys meta/16ef7597/infos/head//-1
2014-06-09 16:22:11.378610 7f86a5610700 10 lookup_strip_header done cid meta oid 16ef7597/infos/head//-1
2014-06-09 16:22:11.378625 7f86a5610700 10 cid: oid: 16ef7597/infos/head//-1 skipping op, spos 3109.0.0 <= header.spos 150443.0.0
2014-06-09 16:22:11.378630 7f86a5610700 5 submit_transaction r = 0
2014-06-09 16:22:11.378633 7f8691765700 12 OSD::op_tp worker wq OSD::OpWQ start processing 0x1 (17 active)
2014-06-09 16:22:11.378654 7f86a5610700 10 _do_op 0x309a2660 seq 3109 r = 0, finisher 0x1a0030a0 0
2014-06-09 16:22:11.378658 7f86a5610700 10 _finish_op 0x309a2660 seq 3109 osr(2.75 0x2ed04f0)/0x2ed04f0
2014-06-09 16:22:11.378663 7f86a5610700 15 KeyValueStore::op_tp worker wq KeyValueStore::OpWQ done processing 0xc0fd0e0 (1 active)
2014-06-09 16:22:11.378665 7f86a5610700 20 KeyValueStore::op_tp worker waiting
2014-06-09 16:22:11.378660 7f869af78700 5 -- op tracker -- , seq: 1554, time:
2014-06-09 16:22:11.378657, event: done, op: pg_notify(3.38c(10),1.65d(23) epoch 243)
2014-06-09 16:22:11.378670 7f869af78700 10 osd.26 243 do_waiters -- start
2014-06-09 16:22:11.378672 7f869af78700 10 osd.26 243 do_waiters -- finish
2014-06-09 16:22:11.378671 7f86a460e700 10 finisher(0x2c100f8) finisher_thread doing [0xcdb35a0,0x3050b820,0xbd6c320,0x1b0c1e60,0x2d738140,0xbd6e760,0x3061e920,0x3062b700,0x30628b20,0x30508780,0x30628320,0x305086a0,0x13965760,0xbd6e820,0xbccc400,0xcd9e680,0x33a62a0]
2014-06-09 16:22:11.378677 7f86a460e700 10 osd.26 pg_epoch: 243 pg[1.67a( empty local-les=243 n=0 ec=1 les/c 191/191 242/242/222) [1,26] r=1 lpr=242 pi=1-241/22 crt=0'0 inactive] _activate_committed 243 telling primary
2014-06-09 16:22:11.378695 7f869af78700 10 osd.26 243 do_waiters -- start
2014-06-09 16:22:11.378695 7f86a460e700 20 osd.26 243 share_map_peer 0xc13cdc0 already has epoch 243
2014-06-09 16:22:11.378697 7f869af78700 10 osd.26 243 do_waiters -- finish
2014-06-09 16:22:11.378698 7f869af78700 20 osd.26 243 _dispatch 0x230bb880 pg_notify(3.458(12),3.72b(12),2.5ad(22) epoch 242) v5
2014-06-09 16:22:11.378705 7f869af78700 5 -- op tracker -- , seq: 1555, time:
2014-06-09 16:22:10.863773, event: header_read, op: pg_notify(3.458(12),3.72b(12),2.5ad(22) epoch 242)
2014-06-09 16:22:11.378714 7f869af78700 5 -- op tracker -- , seq: 1555, time:
2014-06-09 16:22:10.863774, event: throttled, op: pg_notify(3.458(12),3.72b(12),2.5ad(22) epoch 242)
2014-06-09 16:22:11.378716 7f86a460e700 10 osd.26 pg_epoch: 243 pg[1.67a( empty local-les=243 n=0 ec=1 les/c 191/191 242/242/222) [1,26] r=1 lpr=242 pi=1-241/22 crt=0'0 active] flushed
2014-06-09 16:22:11.378721 7f869af78700 5 -- op tracker -- , seq: 1555, time:
2014-06-09 16:22:10.863808, event: all_read, op: pg_notify(3.458(12),3.72b(12),2.5ad(22) epoch 242)
2014-06-09 16:22:11.378729 7f869af78700 5 -- op tracker -- , seq: 1555, time:
2014-06-09 16:22:11.378695, event: dispatched, op: pg_notify(3.458(12),3.72b(12),2.5ad(22) epoch 242)
2014-06-09 16:22:11.378736 7f869af78700 5 -- op tracker -- , seq: 1555, time:
2014-06-09 16:22:11.378734, event: waiting_for_osdmap, op: pg_notify(3.458(12),3.72b(12),2.5ad(22) epoch 242)
2014-06-09 16:22:11.378741 7f869af78700 7 osd.26 243 handle_pg_notify from osd.2
2014-06-09 16:22:11.378743 7f869af78700 15 osd.26 243 require_same_or_newer_map 242 (i am 243) 0x230bb880
2014-06-09 16:22:11.378732 7f86a460e700 10 osd.26 pg_epoch: 243 pg[3.6d3( v 214'632 lc 214'631 (0'0,214'632] local-les=243 n=122 ec=118 les/c 213/213 242/242/242) [26,9] r=0 lpr=242 pi=212-241/2 crt=214'632 lcod 0'0 mlcod 0'0 inactive m=1] _activate_committed 243 peer_activated now 26 last_epoch_started 213 same_interval_since 242
2014-06-09 16:22:11.378748 7f869af78700 5 -- op tracker -- , seq: 1555, time:
2014-06-09 16:22:11.378746, event: started, op: pg_notify(3.458(12),3.72b(12),2.5ad(22) epoch 242)
2014-06-09 16:22:11.378752 7f86a460e700 10 osd.26 pg_epoch: 243 pg[3.6d3( v 214'632 lc 214'631 (0'0,214'632] local-les=243 n=122 ec=118 les/c 213/213 242/242/242) [26,9] r=0 lpr=242 pi=212-241/2 crt=214'632 lcod 0'0 mlcod 0'0 inactive m=1] flushed
2014-06-09 16:22:11.378768 7f86a460e700 10 osd.26 pg_epoch: 243 pg[3.6d3( v 214'632 lc 214'631 (0'0,214'632] local-les=243 n=122 ec=118 les/c 213/213 242/242/242) [26,9] r=0 lpr=242 pi=212-241/2 crt=214'632 lcod 0'0 mlcod 0'0 inactive m=1] flushed
2014-06-09 16:22:11.378782 7f869af78700 5 -- op tracker -- , seq: 1555, time:
2014-06-09 16:22:11.378779, event: done, op: pg_notify(3.458(12),3.72b(12),2.5ad(22) epoch 242)
2014-06-09 16:22:11.378782 7f86a460e700 10 osd.26 pg_epoch: 243 pg[2.73( empty local-les=243 n=0 ec=1 les/c 191/191 242/242/220) [0,26] r=1 lpr=242 pi=1-241/22 crt=0'0 inactive] _activate_committed 243 telling primary
2014-06-09 16:22:11.378791 7f869af78700 10 osd.26 243 do_waiters -- start
2014-06-09 16:22:11.378793 7f869af78700 10 osd.26 243 do_waiters -- finish
2014-06-09 16:22:11.378796 7f86a460e700 20 osd.26 243 share_map_peer 0xbf6e6e0 already has epoch 243
2014-06-09 16:22:11.378817 7f869af78700 10 osd.26 243 do_waiters -- start
2014-06-09 16:22:11.378819 7f869af78700 10 osd.26 243 do_waiters -- finish
2014-06-09 16:22:11.378820 7f869af78700 20 osd.26 243 _dispatch 0x2a0701c0 pg_notify(2.587(20) epoch 242) v5
2014-06-09 16:22:11.378821 7f86a460e700 10 osd.26 pg_epoch: 243 pg[2.73( empty local-les=243 n=0 ec=1 les/c 191/191 242/242/220) [0,26] r=1 lpr=242 pi=1-241/22 crt=0'0 active] flushed
2014-06-09 16:22:11.378825 7f869af78700 5 -- op tracker -- , seq: 1556, time:
2014-06-09 16:22:10.803359, event: header_read, op: pg_notify(2.587(20) epoch 242)
2014-06-09 16:22:11.378833 7f869af78700 5 -- op tracker -- , seq: 1556, time:
2014-06-09 16:22:10.803360, event: throttled, op: pg_notify(2.587(20) epoch 242)
2014-06-09 16:22:11.378839 7f869af78700 5 -- op tracker -- , seq: 1556, time:
2014-06-09 16:22:10.803386, event: all_read, op: pg_notify(2.587(20) epoch 242)
2014-06-09 16:22:11.378835 7f86a460e700 10 osd.26 pg_epoch: 243 pg[1.82( empty local-les=243 n=0 ec=1 les/c 206/206 242/242/205) [5,26] r=1 lpr=242 pi=1-241/24 crt=0'0 inactive] _activate_committed 243 telling primary
2014-06-09 16:22:11.378845 7f869af78700 5 -- op tracker -- , seq: 1556, time:
2014-06-09 16:22:11.378817, event: dispatched, op: pg_notify(2.587(20) epoch 242)
2014-06-09 16:22:11.378847 7f86a460e700 20 osd.26 243 share_map_peer 0xbf7a840 already has epoch 243
2014-06-09 16:22:11.378852 7f869af78700 5 -- op tracker -- , seq: 1556, time:
2014-06-09 16:22:11.378850, event: waiting_for_osdmap, op: pg_notify(2.587(20) epoch 242)
2014-06-09 16:22:11.378856 7f869af78700 7 osd.26 243 handle_pg_notify from osd.4
2014-06-09 16:22:11.378859 7f869af78700 15 osd.26 243 require_same_or_newer_map 242 (i am 243) 0x2a0701c0
2014-06-09 16:22:11.378863 7f869af78700 5 -- op tracker -- , seq: 1556, time:
2014-06-09 16:22:11.378862, event: started, op: pg_notify(2.587(20) epoch 242)
2014-06-09 16:22:11.378869 7f86a460e700 10 osd.26 pg_epoch: 243 pg[1.82( empty local-les=243 n=0 ec=1 les/c 206/206 242/242/205) [5,26] r=1 lpr=242 pi=1-241/24 crt=0'0 active] flushed
2014-06-09 16:22:11.378879 7f869af78700 5 -- op tracker -- , seq: 1556, time:
2014-06-09 16:22:11.378877, event: done, op: pg_notify(2.587(20) epoch 242)
2014-06-09 16:22:11.378887 7f869af78700 10 osd.26 243 do_waiters -- start
2014-06-09 16:22:11.378889 7f869af78700 10 osd.26 243 do_waiters -- finish
2014-06-09 16:22:11.378882 7f86a460e700 10 osd.26 pg_epoch: 243 pg[1.631( empty local-les=243 n=0 ec=1 les/c 210/210 242/242/209) [7,26] r=1 lpr=242 pi=1-241/26 crt=0'0 inactive] _activate_committed 243 telling primary
2014-06-09 16:22:11.378895 7f86a460e700 20 osd.26 243 share_map_peer 0xbfa6580 already has epoch 243
2014-06-09 16:22:11.378908 7f869af78700 10 osd.26 243 do_waiters -- start
2014-06-09 16:22:11.378909 7f869af78700 10 osd.26 243 do_waiters -- finish
2014-06-09 16:22:11.378910 7f869af78700 20 osd.26 243 _dispatch 0x304f9000 pg_log(1.676 epoch 243 log log((0'0,0'0], crt=0'0) query_epoch 243) v4
2014-06-09 16:22:11.378911 7f86a460e700 10 osd.26 pg_epoch: 243 pg[1.631( empty local-les=243 n=0 ec=1 les/c 210/210 242/242/209) [7,26] r=1 lpr=242 pi=1-241/26 crt=0'0 active] flushed
2014-06-09 16:22:11.378917 7f869af78700 5 -- op tracker -- , seq: 1557, time:
2014-06-09 16:22:11.077803, event: header_read, op: pg_log(1.676 epoch 243 log log((0'0,0'0], crt=0'0) query_epoch 243)
2014-06-09 16:22:11.378926 7f869af78700 5 -- op tracker -- , seq: 1557, time:
2014-06-09 16:22:11.077804, event: throttled, op: pg_log(1.676 epoch 243 log log((0'0,0'0], crt=0'0) query_epoch 243)
2014-06-09 16:22:11.378932 7f869af78700 5 -- op tracker -- , seq: 1557, time:
2014-06-09 16:22:11.077822, event: all_read, op: pg_log(1.676 epoch 243 log log((0'0,0'0], crt=0'0) query_epoch 243)
2014-06-09 16:22:11.378923 7f86a460e700 10 osd.26 pg_epoch: 243 pg[1.604( empty local-les=243 n=0 ec=1 les/c 191/191 242/242/220) [0,26] r=1 lpr=242 pi=1-241/22 crt=0'0 inactive] _activate_committed 243 telling primary
2014-06-09 16:22:11.378939 7f869af78700 5 -- op tracker -- , seq: 1557, time:
2014-06-09 16:22:11.378907, event: dispatched, op: pg_log(1.676 epoch 243 log log((0'0,0'0], crt=0'0) query_epoch 243)
2014-06-09 16:22:11.378941 7f86a460e700 20 osd.26 243 share_map_peer 0xbf6e6e0 already has epoch 243
2014-06-09 16:22:11.378947 7f869af78700 5 -- op tracker -- , seq: 1557, time:
2014-06-09 16:22:11.378944, event: waiting_for_osdmap, op: pg_log(1.676 epoch 243 log log((0'0,0'0], crt=0'0) query_epoch 243)
2014-06-09 16:22:11.378951 7f869af78700 7 osd.26 243 handle_pg_log pg_log(1.676 epoch 243 log log((0'0,0'0], crt=0'0) query_epoch 243) v4 from osd.7
2014-06-09 16:22:11.378955 7f869af78700 15 osd.26 243 require_same_or_newer_map 243 (i am 243) 0x304f9000
2014-06-09 16:22:11.378953 7f86a460e700 10 osd.26 pg_epoch: 243 pg[1.604( empty local-les=243 n=0 ec=1 les/c 191/191 242/242/220) [0,26] r=1 lpr=242 pi=1-241/22 crt=0'0 active] flushed
2014-06-09 16:22:11.378961 7f869af78700 5 -- op tracker -- , seq: 1557, time:
2014-06-09 16:22:11.378958, event: started, op: pg_log(1.676 epoch 243 log log((0'0,0'0], crt=0'0) query_epoch 243)
2014-06-09 16:22:11.378966 7f86a460e700 10 osd.26 pg_epoch: 243 pg[0.4da( empty local-les=243 n=0 ec=1 les/c 212/212 242/242/211) [8,26] r=1 lpr=242 pi=70-241/16 crt=0'0 inactive] _activate_committed 243 telling primary
2014-06-09 16:22:11.378975 7f869af78700 5 -- op tracker -- , seq: 1557, time:
2014-06-09 16:22:11.378971, event: done, op: pg_log(1.676 epoch 243 log log((0'0,0'0], crt=0'0) query_epoch 243)
2014-06-09 16:22:11.378980 7f86a460e700 20 osd.26 243 share_map_peer 0xbeb9ce0 already has epoch 243
2014-06-09 16:22:11.378982 7f869af78700 10 osd.26 243 do_waiters -- start
2014-06-09 16:22:11.378984 7f869af78700 10 osd.26 243 do_waiters -- finish
2014-06-09 16:22:11.378996 7f869af78700 10 osd.26 243 do_waiters -- start
2014-06-09 16:22:11.378997 7f869af78700 10 osd.26 243 do_waiters -- finish
2014-06-09 16:22:11.378998 7f869af78700 20 osd.26 243 _dispatch 0x16064380 pg_notify(0.37e(23),3.c1(10) epoch 243) v5
2014-06-09 16:22:11.378994 7f86a460e700 10 osd.26 pg_epoch: 243 pg[0.4da( empty local-les=243 n=0 ec=1 les/c 212/212 242/242/211) [8,26] r=1 lpr=242 pi=70-241/16 crt=0'0 active] flushed
2014-06-09 16:22:11.379004 7f869af78700 5 -- op tracker -- , seq: 1558, time:
2014-06-09 16:22:11.051025, event: header_read, op: pg_notify(0.37e(23),3.c1(10) epoch 243)
2014-06-09 16:22:11.379012 7f869af78700 5 -- op tracker -- , seq: 1558, time:
2014-06-09 16:22:11.051026, event: throttled, op: pg_notify(0.37e(23),3.c1(10) epoch 243)
2014-06-09 16:22:11.379006 7f86a460e700 10 osd.26 pg_epoch: 243 pg[3.94( v 214'571 lc 214'568 (0'0,214'571] local-les=243 n=112 ec=118 les/c 213/213 242/242/242) [26,9] r=0 lpr=242 pi=212-241/2 crt=214'571 lcod 0'0 mlcod 0'0 inactive m=2] _activate_committed 243 peer_activated now 26 last_epoch_started 213 same_interval_since 242
2014-06-09 16:22:11.379018 7f869af78700 5 -- op tracker -- , seq: 1558, time:
2014-06-09 16:22:11.051056, event: all_read, op: pg_notify(0.37e(23),3.c1(10) epoch 243)
2014-06-09 16:22:11.379025 7f869af78700 5 -- op tracker -- , seq: 1558, time:
2014-06-09 16:22:11.378995, event: dispatched, op: pg_notify(0.37e(23),3.c1(10) epoch 243)
2014-06-09 16:22:11.379022 7f86a460e700 10 osd.26 pg_epoch: 243 pg[3.94( v 214'571 lc 214'568 (0'0,214'571] local-les=243 n=112 ec=118 les/c 213/213 242/242/242) [26,9] r=0 lpr=242 pi=212-241/2 crt=214'571 lcod 0'0 mlcod 0'0 inactive m=2] flushed
2014-06-09 16:22:11.379033 7f869af78700 5 -- op tracker -- , seq: 1558, time:
2014-06-09 16:22:11.379030, event: waiting_for_osdmap, op: pg_notify(0.37e(23),3.c1(10) epoch 243)
2014-06-09 16:22:11.379037 7f869af78700 7 osd.26 243 handle_pg_notify from osd.3
2014-06-09 16:22:11.379039 7f869af78700 15 osd.26 243 require_same_or_newer_map 243 (i am 243) 0x16064380
2014-06-09 16:22:11.379044 7f869af78700 5 -- op tracker -- , seq: 1558, time:
2014-06-09 16:22:11.379042, event: started, op: pg_notify(0.37e(23),3.c1(10) epoch 243)
2014-06-09 16:22:11.379037 7f86a460e700 10 osd.26 pg_epoch: 243 pg[3.94( v 214'571 lc 214'568 (0'0,214'571] local-les=243 n=112 ec=118 les/c 213/213 242/242/242) [26,9] r=0 lpr=242 pi=212-241/2 crt=214'571 lcod 0'0 mlcod 0'0 inactive m=2] flushed
2014-06-09 16:22:11.379062 7f86a460e700 10 osd.26 pg_epoch: 243 pg[3.62a( v 213'708 (0'0,213'708] local-les=243 n=130 ec=118 les/c 210/210 242/242/209) [7,26] r=1 lpr=242 pi=118-241/10 crt=0'0 lcod 0'0 inactive] _activate_committed 243 telling primary
2014-06-09 16:22:11.379068 7f869af78700 5 -- op tracker -- , seq: 1558, time:
2014-06-09 16:22:11.379066, event: done, op: pg_notify(0.37e(23),3.c1(10) epoch 243)
2014-06-09 16:22:11.379077 7f869af78700 10 osd.26 243 do_waiters -- start
2014-06-09 16:22:11.379079 7f869af78700 10 osd.26 243 do_waiters -- finish
2014-06-09 16:22:11.379077 7f86a460e700 20 osd.26 243 share_map_peer 0xbfa6580 already has epoch 243
2014-06-09 16:22:11.379090 7f86a460e700 10 osd.26 pg_epoch: 243 pg[3.62a( v 213'708 (0'0,213'708] local-les=243 n=130 ec=118 les/c 210/210 242/242/209) [7,26] r=1 lpr=242 pi=118-241/10 luod=0'0 crt=0'0 lcod 0'0 active] flushed
2014-06-09 16:22:11.379101 7f869af78700 10 osd.26 243 do_waiters -- start
2014-06-09 16:22:11.379103 7f869af78700 10 osd.26 243 do_waiters -- finish
2014-06-09 16:22:11.379104 7f869af78700 20 osd.26 243 _dispatch 0x3004ea00 pg_log(2.3f0 epoch 243 log log((0'0,0'0], crt=0'0) query_epoch 243) v4
2014-06-09 16:22:11.379103 7f86a460e700 10 osd.26 pg_epoch: 243 pg[3.9b( v 213'568 (0'0,213'568] local-les=243 n=118 ec=118 les/c 210/210 242/242/209) [7,26] r=1 lpr=242 pi=118-241/10 crt=0'0 lcod 0'0 inactive] _activate_committed 243 telling primary
2014-06-09 16:22:11.379111 7f869af78700 5 -- op tracker -- , seq: 1559, time:
2014-06-09 16:22:11.071015, event: header_read, op: pg_log(2.3f0 epoch 243 log log((0'0,0'0], crt=0'0) query_epoch 243)
2014-06-09 16:22:11.379117 7f86a460e700 20 osd.26 243 share_map_peer 0xbfa6580 already has epoch 243
2014-06-09 16:22:11.379119 7f869af78700 5 -- op tracker -- , seq: 1559, time:
2014-06-09 16:22:11.071016, event: throttled, op: pg_log(2.3f0 epoch 243 log log((0'0,0'0], crt=0'0) query_epoch 243)
2014-06-09 16:22:11.379126 7f869af78700 5 -- op tracker -- , seq: 1559, time:
2014-06-09 16:22:11.071028, event: all_read, op: pg_log(2.3f0 epoch 243 log log((0'0,0'0], crt=0'0) query_epoch 243)
2014-06-09 16:22:11.379128 7f86a460e700 10 osd.26 pg_epoch: 243 pg[3.9b( v 213'568 (0'0,213'568] local-les=243 n=118 ec=118 les/c 210/210 242/242/209) [7,26] r=1 lpr=242 pi=118-241/10 luod=0'0 crt=0'0 lcod 0'0 active] flushed
2014-06-09 16:22:11.379133 7f869af78700 5 -- op tracker -- , seq: 1559, time:
2014-06-09 16:22:11.379101, event: dispatched, op: pg_log(2.3f0 epoch 243 log log((0'0,0'0], crt=0'0) query_epoch 243)
2014-06-09 16:22:11.379141 7f869af78700 5 -- op tracker -- , seq: 1559, time:
2014-06-09 16:22:11.379138, event: waiting_for_osdmap, op: pg_log(2.3f0 epoch 243 log log((0'0,0'0], crt=0'0) query_epoch 243)
2014-06-09 16:22:11.379146 7f869af78700 7 osd.26 243 handle_pg_log pg_log(2.3f0 epoch 243 log log((0'0,0'0], crt=0'0) query_epoch 243) v4 from osd.1
2014-06-09 16:22:11.379141 7f86a460e700 10 osd.26 pg_epoch: 243 pg[1.91( empty local-les=243 n=0 ec=1 les/c 191/191 242/242/222) [1,26] r=1 lpr=242 pi=1-241/22 crt=0'0 inactive] _activate_committed 243 telling primary
2014-06-09 16:22:11.379150 7f869af78700 15 osd.26 243 require_same_or_newer_map 243 (i am 243) 0x3004ea00
2014-06-09 16:22:11.379153 7f86a460e700 20 osd.26 243 share_map_peer 0xc13cdc0 already has epoch 243
2014-06-09 16:22:11.379155 7f869af78700 5 -- op tracker -- , seq: 1559, time:
2014-06-09 16:22:11.379153, event: started, op: pg_log(2.3f0 epoch 243 log log((0'0,0'0], crt=0'0) query_epoch 243)
2014-06-09 16:22:11.379169 7f869af78700 5 -- op tracker -- , seq: 1559, time:
2014-06-09 16:22:11.379166, event: done, op: pg_log(2.3f0 epoch 243 log log((0'0,0'0], crt=0'0) query_epoch 243)
2014-06-09 16:22:11.379169 7f86a460e700 10 osd.26 pg_epoch: 243 pg[1.91( empty local-les=243 n=0 ec=1 les/c 191/191 242/242/222) [1,26] r=1 lpr=242 pi=1-241/22 crt=0'0 active] flushed
2014-06-09 16:22:11.379176 7f869af78700 10 osd.26 243 do_waiters -- start
2014-06-09 16:22:11.379178 7f869af78700 10 osd.26 243 do_waiters -- finish
2014-06-09 16:22:11.379182 7f86a460e700 10 osd.26 pg_epoch: 243 pg[0.301( empty local-les=243 n=0 ec=1 les/c 212/212 242/242/211) [8,26] r=1 lpr=242 pi=1-241/23 crt=0'0 inactive] _activate_committed 243 telling primary
2014-06-09 16:22:11.379191 7f869af78700 10 osd.26 243 do_waiters -- start
2014-06-09 16:22:11.379192 7f869af78700 10 osd.26 243 do_waiters -- finish
2014-06-09 16:22:11.379194 7f86a460e700 20 osd.26 243 share_map_peer 0xbeb9ce0 already has epoch 243
2014-06-09 16:22:11.379193 7f869af78700 20 osd.26 243 _dispatch 0x2a075600 pg_log(2.27 epoch 243 log log((0'0,0'0], crt=0'0) query_epoch 243) v4
2014-06-09 16:22:11.379200 7f869af78700 5 -- op tracker -- , seq: 1560, time:
2014-06-09 16:22:11.007316, event: header_read, op: pg_log(2.27 epoch 243 log log((0'0,0'0], crt=0'0) query_epoch 243)
2014-06-09 16:22:11.379204 7f86a460e700 10 osd.26 pg_epoch: 243 pg[0.301( empty local-les=243 n=0 ec=1 les/c 212/212 242/242/211) [8,26] r=1 lpr=242 pi=1-241/23 crt=0'0 active] flushed
2014-06-09 16:22:11.379208 7f869af78700 5 -- op tracker -- , seq: 1560, time:
2014-06-09 16:22:11.007316, event: throttled, op: pg_log(2.27 epoch 243 log log((0'0,0'0], crt=0'0) query_epoch 243)
2014-06-09 16:22:11.379215 7f869af78700 5 -- op tracker -- , seq: 1560, time:
2014-06-09 16:22:11.007331, event: all_read, op: pg_log(2.27 epoch 243 log log((0'0,0'0], crt=0'0) query_epoch 243)
2014-06-09 16:22:11.379216 7f86a460e700 10 osd.26 pg_epoch: 243 pg[1.76( empty local-les=243 n=0 ec=1 les/c 191/191 242/242/220) [0,26] r=1 lpr=242 pi=1-241/22 crt=0'0 inactive] _activate_committed 243 telling primary
2014-06-09 16:22:11.379222 7f869af78700 5 -- op tracker -- , seq: 1560, time:
2014-06-09 16:22:11.379190, event: dispatched, op: pg_log(2.27 epoch 243 log log((0'0,0'0], crt=0'0) query_epoch 243)
2014-06-09 16:22:11.379227 7f86a460e700 20 osd.26 243 share_map_peer 0xbf6e6e0 already has epoch 243
2014-06-09 16:22:11.379230 7f869af78700 5 -- op tracker -- , seq: 1560, time:
2014-06-09 16:22:11.379227, event: waiting_for_osdmap, op: pg_log(2.27 epoch 243 log log((0'0,0'0], crt=0'0) query_epoch 243)
2014-06-09 16:22:11.379234 7f869af78700 7 osd.26 243 handle_pg_log pg_log(2.27 epoch 243 log log((0'0,0'0], crt=0'0) query_epoch 243) v4 from osd.9
2014-06-09 16:22:11.379238 7f869af78700 15 osd.26 243 require_same_or_newer_map 243 (i am 243) 0x2a075600
2014-06-09 16:22:11.379239 7f86a460e700 10 osd.26 pg_epoch: 243 pg[1.76( empty local-les=243 n=0 ec=1 les/c 191/191 242/242/220) [0,26] r=1 lpr=242 pi=1-241/22 crt=0'0 active] flushed
2014-06-09 16:22:11.379244 7f869af78700 5 -- op tracker -- , seq: 1560, time:
2014-06-09 16:22:11.379241, event: started, op: pg_log(2.27 epoch 243 log log((0'0,0'0], crt=0'0) query_epoch 243)
2014-06-09 16:22:11.379251 7f86a460e700 10 osd.26 pg_epoch: 243 pg[3.31c( v 213'500 (0'0,213'500] local-les=243 n=100 ec=118 les/c 206/206 242/242/205) [5,26] r=1 lpr=242 pi=118-241/10 crt=0'0 lcod 0'0 inactive] _activate_committed 243 telling primary
2014-06-09 16:22:11.379257 7f869af78700 5 -- op tracker -- , seq: 1560, time:
2014-06-09 16:22:11.379254, event: done, op: pg_log(2.27 epoch 243 log log((0'0,0'0], crt=0'0) query_epoch 243)
2014-06-09 16:22:11.379266 7f86a460e700 20 osd.26 243 share_map_peer 0xbf7a840 already has epoch 243
2014-06-09 16:22:11.379266 7f869af78700 10 osd.26 243 do_waiters -- start
2014-06-09 16:22:11.379268 7f869af78700 10 osd.26 243 do_waiters -- finish
2014-06-09 16:22:11.379281 7f869af78700 10 osd.26 243 do_waiters -- start
2014-06-09 16:22:11.379282 7f869af78700 10 osd.26 243 do_waiters -- finish
2014-06-09 16:22:11.379277 7f86a460e700 10 osd.26 pg_epoch: 243 pg[3.31c( v 213'500 (0'0,213'500] local-les=243 n=100 ec=118 les/c 206/206 242/242/205) [5,26] r=1 lpr=242 pi=118-241/10 luod=0'0 crt=0'0 lcod 0'0 active] flushed
2014-06-09 16:22:11.379283 7f869af78700 20 osd.26 243 _dispatch 0x2fe33e00 pg_log(2.4e0 epoch 243 log log((0'0,0'0], crt=0'0) query_epoch 243) v4
2014-06-09 16:22:11.379290 7f869af78700 5 -- op tracker -- , seq: 1561, time:
2014-06-09 16:22:11.021244, event: header_read, op: pg_log(2.4e0 epoch 243 log log((0'0,0'0], crt=0'0) query_epoch 243)
2014-06-09 16:22:11.379290 7f86a460e700 10 osd.26 pg_epoch: 243 pg[2.606( empty local-les=243 n=0 ec=1 les/c 201/201 242/242/200) [3,26] r=1 lpr=242 pi=1-241/26 crt=0'0 inactive] _activate_committed 243 telling primary
2014-06-09 16:22:11.379298 7f869af78700 5 -- op tracker -- , seq: 1561, time:
2014-06-09 16:22:11.021244, event: throttled, op: pg_log(2.4e0 epoch 243 log log((0'0,0'0], crt=0'0) query_epoch 243)
2014-06-09 16:22:11.379301 7f86a460e700 20 osd.26 243 share_map_peer 0xc03a840 already has epoch 243
2014-06-09 16:22:11.379305 7f869af78700 5 -- op tracker -- , seq: 1561, time:
2014-06-09 16:22:11.021256, event: all_read, op: pg_log(2.4e0 epoch 243 log log((0'0,0'0], crt=0'0) query_epoch 243)
2014-06-09 16:22:11.379312 7f869af78700 5 -- op tracker -- , seq: 1561, time:
2014-06-09 16:22:11.379280, event: dispatched, op: pg_log(2.4e0 epoch 243 log log((0'0,0'0], crt=0'0) query_epoch 243)
2014-06-09 16:22:11.379315 7f86a460e700 10 osd.26 pg_epoch: 243 pg[2.606( empty local-les=243 n=0 ec=1 les/c 201/201 242/242/200) [3,26] r=1 lpr=242 pi=1-241/26 crt=0'0 active] flushed
2014-06-09 16:22:11.379320 7f869af78700 5 -- op tracker -- , seq: 1561, time:
2014-06-09 16:22:11.379317, event: waiting_for_osdmap, op: pg_log(2.4e0 epoch 243 log log((0'0,0'0], crt=0'0) query_epoch 243)
2014-06-09 16:22:11.379324 7f869af78700 7 osd.26 243 handle_pg_log pg_log(2.4e0 epoch 243 log log((0'0,0'0], crt=0'0) query_epoch 243) v4 from osd.8
2014-06-09 16:22:11.379328 7f869af78700 15 osd.26 243 require_same_or_newer_map 243 (i am 243) 0x2fe33e00
2014-06-09 16:22:11.379327 7f86a460e700 10 osd.26 pg_epoch: 243 pg[3.7e2( v 213'680 (0'0,213'680] local-les=243 n=131 ec=118 les/c 212/212 242/242/211) [8,26] r=1 lpr=242 pi=118-241/10 crt=0'0 lcod 0'0 inactive] _activate_committed 243 telling primary
2014-06-09 16:22:11.379334 7f869af78700 5 -- op tracker -- , seq: 1561, time:
2014-06-09 16:22:11.379331, event: started, op: pg_log(2.4e0 epoch 243 log log((0'0,0'0], crt=0'0) query_epoch 243)
2014-06-09 16:22:11.379339 7f86a460e700 20 osd.26 243 share_map_peer 0xbeb9ce0 already has epoch 243
2014-06-09 16:22:11.379347 7f869af78700 5 -- op tracker -- , seq: 1561, time:
2014-06-09 16:22:11.379344, event: done, op: pg_log(2.4e0 epoch 243 log log((0'0,0'0], crt=0'0) query_epoch 243)
2014-06-09 16:22:11.379355 7f869af78700 10 osd.26 243 do_waiters -- start
2014-06-09 16:22:11.379357 7f869af78700 10 osd.26 243 do_waiters -- finish
2014-06-09 16:22:11.379350 7f86a460e700 10 osd.26 pg_epoch: 243 pg[3.7e2( v 213'680 (0'0,213'680] local-les=243 n=131 ec=118 les/c 212/212 242/242/211) [8,26] r=1 lpr=242 pi=118-241/10 luod=0'0 crt=0'0 lcod 0'0 active] flushed
2014-06-09 16:22:11.379365 7f86a460e700 10 finisher(0x2c100f8) finisher_thread done with [0xcdb35a0,0x3050b820,0xbd6c320,0x1b0c1e60,0x2d738140,0xbd6e760,0x3061e920,0x3062b700,0x30628b20,0x30508780,0x30628320,0x305086a0,0x13965760,0xbd6e820,0xbccc400,0xcd9e680,0x33a62a0]
2014-06-09 16:22:11.379369 7f86a460e700 10 finisher(0x2c100f8) finisher_thread empty
2014-06-09 16:22:11.379369 7f869af78700 10 osd.26 243 do_waiters -- start
2014-06-09 16:22:11.379370 7f86a460e700 10 finisher(0x2c100f8) finisher_thread sleeping
2014-06-09 16:22:11.379371 7f869af78700 10 osd.26 243 do_waiters -- finish
2014-06-09 16:22:11.379372 7f869af78700 20 osd.26 243 _dispatch 0x240ea000 pg_notify(3.1db(10),3.491(10) epoch 242) v5
2014-06-09 16:22:11.379378 7f869af78700 5 -- op tracker -- , seq: 1562, time:
2014-06-09 16:22:10.945800, event: header_read, op: pg_notify(3.1db(10),3.491(10) epoch 242)
2014-06-09 16:22:11.379385 7f869af78700 5 -- op tracker -- , seq: 1562, time:
2014-06-09 16:22:10.945801, event: throttled, op: pg_notify(3.1db(10),3.491(10) epoch 242)
2014-06-09 16:22:11.379391 7f869af78700 5 -- op tracker -- , seq: 1562, time:
2014-06-09 16:22:10.945825, event: all_read, op: pg_notify(3.1db(10),3.491(10) epoch 242)
2014-06-09 16:22:11.379398 7f869af78700 5 -- op tracker -- , seq: 1562, time:
2014-06-09 16:22:11.379369, event: dispatched, op: pg_notify(3.1db(10),3.491(10) epoch 242)
2014-06-09 16:22:11.379405 7f869af78700 5 -- op tracker -- , seq: 1562, time:
2014-06-09 16:22:11.379402, event: waiting_for_osdmap, op: pg_notify(3.1db(10),3.491(10) epoch 242)
2014-06-09 16:22:11.379409 7f869af78700 7 osd.26 243 handle_pg_notify from osd.6
2014-06-09 16:22:11.379411 7f869af78700 15 osd.26 243 require_same_or_newer_map 242 (i am 243) 0x240ea000
2014-06-09 16:22:11.379416 7f869af78700 5 -- op tracker -- , seq: 1562, time:
2014-06-09 16:22:11.379414, event: started, op: pg_notify(3.1db(10),3.491(10) epoch 242)
2014-06-09 16:22:11.379443 7f8690763700 15 OSD::op_tp worker wq OSD::OpWQ done processing 0x1 (16 active)
2014-06-09 16:22:11.379442 7f869af78700 5 -- op tracker -- , seq: 1562, time:
2014-06-09 16:22:11.379439, event: done, op: pg_notify(3.1db(10),3.491(10) epoch 242)
2014-06-09 16:22:11.379451 7f869af78700 10 osd.26 243 do_waiters -- start
2014-06-09 16:22:11.379453 7f869af78700 10 osd.26 243 do_waiters -- finish
2014-06-09 16:22:11.379457 7f8690763700 12 OSD::op_tp worker wq OSD::PeeringWQ start processing 0xb7f0250 (17 active)
2014-06-09 16:22:11.379469 7f869af78700 10 osd.26 243 do_waiters -- start
2014-06-09 16:22:11.379471 7f869af78700 10 osd.26 243 do_waiters -- finish
2014-06-09 16:22:11.379461 7f8690763700 10 osd.26 pg_epoch: 243 pg[3.38c( v 213'596 (0'0,213'596] local-les=243 n=114 ec=118 les/c 206/206 242/242/242) [26,5] r=0 lpr=242 pi=205-241/2 crt=0'0 lcod 0'0 mlcod 0'0 inactive] handle_peering_event: epoch_sent: 243 epoch_requested: 243 MNotifyRec from 5 notify: (query_epoch:243, epoch_sent:243, info:3.38c( v 213'596 (0'0,213'596] local-les=206 n=114 ec=118 les/c 206/206 242/242/242))
2014-06-09 16:22:11.379472 7f869af78700 20 osd.26 243 _dispatch 0x3046a700 pg_notify(1.86(26) epoch 243) v5
2014-06-09 16:22:11.379477 7f869af78700 5 -- op tracker -- , seq: 1563, time:
2014-06-09 16:22:11.029886, event: header_read, op: pg_notify(1.86(26) epoch 243)
2014-06-09 16:22:11.379476 7f8690763700 10 osd.26 pg_epoch: 243 pg[3.38c( v 213'596 (0'0,213'596] local-les=243 n=114 ec=118 les/c 206/206 242/242/242) [26,5] r=0 lpr=242 pi=205-241/2 crt=0'0 lcod 0'0 mlcod 0'0 inactive] state: Active: got notify from 5, already have info from that osd, ignoring
2014-06-09 16:22:11.379485 7f869af78700 5 -- op tracker -- , seq: 1563, time:
2014-06-09 16:22:11.029886, event: throttled, op: pg_notify(1.86(26) epoch 243)
2014-06-09 16:22:11.379490 7f8690763700 10 log is not dirty
2014-06-09 16:22:11.379491 7f869af78700 5 -- op tracker -- , seq: 1563, time:
2014-06-09 16:22:11.029907, event: all_read, op: pg_notify(1.86(26) epoch 243)
