2014-06-09 16:22:11.403262 7f868cf5c700 15 OSD::op_tp worker wq OSD::OpWQ done processing 0x1 (18 active)
2014-06-09 16:22:11.403255 7f8690f64700 5 osd.26 pg_epoch: 243 pg[0.8c( empty local-les=191 n=0 ec=1 les/c 191/191 242/242/220) [0,26] r=1 lpr=242 pi=1-241/22 crt=0'0 inactive NOTIFY] exit Started/Stray 1.172929 7 0.003903
2014-06-09 16:22:11.403267 7f868cf5c700 12 OSD::op_tp worker wq OSD::OpWQ start processing 0x1 (19 active)
2014-06-09 16:22:11.403266 7f8690f64700 5 osd.26 pg_epoch: 243 pg[0.8c( empty local-les=191 n=0 ec=1 les/c 191/191 242/242/220) [0,26] r=1 lpr=242 pi=1-241/22 crt=0'0 inactive NOTIFY] enter Started/ReplicaActive
2014-06-09 16:22:11.403277 7f8690f64700 5 osd.26 pg_epoch: 243 pg[0.8c( empty local-les=191 n=0 ec=1 les/c 191/191 242/242/220) [0,26] r=1 lpr=242 pi=1-241/22 crt=0'0 inactive NOTIFY] enter Started/ReplicaActive/RepNotRecovering
2014-06-09 16:22:11.403270 7f868cf5c700 10 osd.26 243 dequeue_op 0x19fe1f00 prio 63 cost 172032 latency 1.006834 osd_op(client.4570.0:33856 rbd_data.117a6b8b4567.00000000000016c5 [set-alloc-hint object_size 4194304 write_size 4194304,write 0~172032] 3.2b068cb3 RETRY=3 ack+ondisk+retry+write e242) v4 pg pg[3.4b3( v 213'517 (0'0,213'517] local-les=243 n=98 ec=118 les/c 191/191 242/242/242) [26,2] r=0 lpr=242 pi=190-241/4 crt=0'0 lcod 0'0 mlcod 0'0 inactive]
2014-06-09 16:22:11.403288 7f8690f64700 10 osd.26 pg_epoch: 243 pg[0.8c( empty local-les=191 n=0 ec=1 les/c 191/191 242/242/220) [0,26] r=1 lpr=242 pi=1-241/22 crt=0'0 inactive NOTIFY] state: In ReplicaActive, about to call activate
2014-06-09 16:22:11.403291 7f868cf5c700 5 -- op tracker -- , seq: 301, time:
2014-06-09 16:22:11.403286, event: reached_pg, op: osd_op(client.4570.0:33856 rbd_data.117a6b8b4567.00000000000016c5 [set-alloc-hint object_size 4194304 write_size 4194304,write 0~172032] 3.2b068cb3 RETRY=3 ack+ondisk+retry+write e242)
2014-06-09 16:22:11.403296 7f8690f64700 10 osd.26 pg_epoch: 243 pg[0.8c( empty local-les=243 n=0 ec=1 les/c 191/191 242/242/220) [0,26] r=1 lpr=242 pi=1-241/22 crt=0'0 inactive] activate - no missing, moving last_complete 0'0 -> 0'0
2014-06-09 16:22:11.403297 7f868cf5c700 20 osd.26 pg_epoch: 243 pg[3.4b3( v 213'517 (0'0,213'517] local-les=243 n=98 ec=118 les/c 191/191 242/242/242) [26,2] r=0 lpr=242 pi=190-241/4 crt=0'0 lcod 0'0 mlcod 0'0 inactive] op_has_sufficient_caps pool=3 (ceph ) owner=0 need_read_cap=0 need_write_cap=1 need_class_read_cap=0 need_class_write_cap=0 -> yes
2014-06-09 16:22:11.403305 7f8690f64700 10 osd.26 pg_epoch: 243 pg[0.8c( empty local-les=243 n=0 ec=1 les/c 191/191 242/242/220) [0,26] r=1 lpr=242 pi=1-241/22 crt=0'0 inactive] state: Activate Finished
2014-06-09 16:22:11.403309 7f868cf5c700 10 osd.26 pg_epoch: 243 pg[3.4b3( v 213'517 (0'0,213'517] local-les=243 n=98 ec=118 les/c 191/191 242/242/242) [26,2] r=0 lpr=242 pi=190-241/4 crt=0'0 lcod 0'0 mlcod 0'0 inactive] can_handle_while_inactive: 0x19fe1f00
2014-06-09 16:22:11.403318 7f868cf5c700 10 osd.26 243 dequeue_op 0x19fe1f00 finish
2014-06-09 16:22:11.403321 7f868cf5c700 15 OSD::op_tp worker wq OSD::OpWQ done processing 0x1 (18 active)
2014-06-09 16:22:11.403326 7f868cf5c700 12 OSD::op_tp worker wq OSD::OpWQ start processing 0x1 (19 active)
2014-06-09 16:22:11.403331 7f8690763700 10 osd.26 243 dequeue_op 0x16bd7600 prio 63 cost 516096 latency 1.103548 osd_op(client.4565.0:32864 rbd_data.11756b8b4567.000000000000158d [set-alloc-hint object_size 4194304 write_size 4194304,write 409600~516096] 3.6a13db08 RETRY=3 ack+ondisk+retry+write e242) v4 pg pg[3.308( v 214'552 (0'0,214'552] local-les=243 n=108 ec=118 les/c 191/191 242/242/242) [26,1] r=0 lpr=242 pi=190-241/4 crt=0'0 lcod 0'0 mlcod 0'0 inactive]
2014-06-09 16:22:11.403353 7f8690f64700 10 log is not dirty
2014-06-09 16:22:11.403351 7f8690763700 5 -- op tracker -- , seq: 248, time:
2014-06-09 16:22:11.403346, event: reached_pg, op: osd_op(client.4565.0:32864 rbd_data.11756b8b4567.000000000000158d [set-alloc-hint object_size 4194304 write_size 4194304,write 409600~516096] 3.6a13db08 RETRY=3 ack+ondisk+retry+write e242)
2014-06-09 16:22:11.403358 7f8690f64700 5 queue_transactions existing osr(0.8c 0x2bd6480)/0x2bd6480
2014-06-09 16:22:11.403362 7f8690f64700 10 op_submit_start 3117
2014-06-09 16:22:11.403363 7f8690f64700 5 queue_transactions (trailing journal) 3117
2014-06-09 16:22:11.403365 7f8690f64700 5 queue_op 0x308ca3c0 seq 3117 osr(0.8c 0x2bd6480) 1880 bytes (queue has 3 ops and 5764 bytes)
2014-06-09 16:22:11.403357 7f8690763700 20 osd.26 pg_epoch: 243 pg[3.308( v 214'552 (0'0,214'552] local-les=243 n=108 ec=118 les/c 191/191 242/242/242) [26,1] r=0 lpr=242 pi=190-241/4 crt=0'0 lcod 0'0 mlcod 0'0 inactive] op_has_sufficient_caps pool=3 (ceph ) owner=0 need_read_cap=0 need_write_cap=1 need_class_read_cap=0 need_class_write_cap=0 -> yes
2014-06-09 16:22:11.403368 7f8690f64700 10 op_submit_finish 3117
2014-06-09 16:22:11.403368 7f8690763700 10 osd.26 pg_epoch: 243 pg[3.308( v 214'552 (0'0,214'552] local-les=243 n=108 ec=118 les/c 191/191 242/242/242) [26,1] r=0 lpr=242 pi=190-241/4 crt=0'0 lcod 0'0 mlcod 0'0 inactive] can_handle_while_inactive: 0x16bd7600
2014-06-09 16:22:11.403377 7f8690763700 10 osd.26 243 dequeue_op 0x16bd7600 finish
2014-06-09 16:22:11.403370 7f8690f64700 10 osd.26 pg_epoch: 243 pg[3.6d5( v 213'532 (0'0,213'532] local-les=206 n=108 ec=118 les/c 206/206 242/242/205) [5,26] r=1 lpr=242 pi=118-241/10 crt=0'0 lcod 0'0 inactive NOTIFY] handle_peering_event: epoch_sent: 243 epoch_requested: 243 MInfoRec from 5 info: 3.6d5( v 213'532 (0'0,213'532] local-les=243 n=108 ec=118 les/c 206/206 242/242/205)
2014-06-09 16:22:11.403382 7f8690763700 15 OSD::op_tp worker wq OSD::OpWQ done processing 0x1 (18 active)
2014-06-09 16:22:11.403387 7f8690763700 12 OSD::op_tp worker wq OSD::OpWQ start processing 0x1 (19 active)
2014-06-09 16:22:11.403382 7f8690f64700 10 osd.26 pg_epoch: 243 pg[3.6d5( v 213'532 (0'0,213'532] local-les=206 n=108 ec=118 les/c 206/206 242/242/205) [5,26] r=1 lpr=242 pi=118-241/10 crt=0'0 lcod 0'0 inactive NOTIFY] state: got info from osd.5 3.6d5( v 213'532 (0'0,213'532] local-les=243 n=108 ec=118 les/c 206/206 242/242/205)
2014-06-09 16:22:11.403390 7f8690763700 10 osd.26 243 dequeue_op 0x16bd7500 prio 63 cost 3096576 latency 1.096521 osd_op(client.4565.0:32865 rbd_data.11756b8b4567.000000000000158d [set-alloc-hint object_size 4194304 write_size 4194304,write 925696~3096576] 3.6a13db08 RETRY=3 ack+ondisk+retry+write e242) v4 pg pg[3.308( v 214'552 (0'0,214'552] local-les=243 n=108 ec=118 les/c 191/191 242/242/242) [26,1] r=0 lpr=242 pi=190-241/4 crt=0'0 lcod 0'0 mlcod 0'0 inactive]
2014-06-09 16:22:11.403395 7f8690f64700 5 osd.26 pg_epoch: 243 pg[3.6d5( v 213'532 (0'0,213'532] local-les=206 n=108 ec=118 les/c 206/206 242/242/205) [5,26] r=1 lpr=242 pi=118-241/10 crt=0'0 lcod 0'0 inactive NOTIFY] exit Started/Stray 0.634210 7 0.000191
2014-06-09 16:22:11.403405 7f8690f64700 5 osd.26 pg_epoch: 243 pg[3.6d5( v 213'532 (0'0,213'532] local-les=206 n=108 ec=118 les/c 206/206 242/242/205) [5,26] r=1 lpr=242 pi=118-241/10 crt=0'0 lcod 0'0 inactive NOTIFY] enter Started/ReplicaActive
2014-06-09 16:22:11.403408 7f8690763700 5 -- op tracker -- , seq: 282, time:
2014-06-09 16:22:11.403404, event: reached_pg, op: osd_op(client.4565.0:32865 rbd_data.11756b8b4567.000000000000158d [set-alloc-hint object_size 4194304 write_size 4194304,write 925696~3096576] 3.6a13db08 RETRY=3 ack+ondisk+retry+write e242)
2014-06-09 16:22:11.403416 7f8690f64700 5 osd.26 pg_epoch: 243 pg[3.6d5( v 213'532 (0'0,213'532] local-les=206 n=108 ec=118 les/c 206/206 242/242/205) [5,26] r=1 lpr=242 pi=118-241/10 crt=0'0 lcod 0'0 inactive NOTIFY] enter Started/ReplicaActive/RepNotRecovering
2014-06-09 16:22:11.403415 7f8690763700 20 osd.26 pg_epoch: 243 pg[3.308( v 214'552 (0'0,214'552] local-les=243 n=108 ec=118 les/c 191/191 242/242/242) [26,1] r=0 lpr=242 pi=190-241/4 crt=0'0 lcod 0'0 mlcod 0'0 inactive] op_has_sufficient_caps pool=3 (ceph ) owner=0 need_read_cap=0 need_write_cap=1 need_class_read_cap=0 need_class_write_cap=0 -> yes
2014-06-09 16:22:11.403426 7f8690763700 10 osd.26 pg_epoch: 243 pg[3.308( v 214'552 (0'0,214'552] local-les=243 n=108 ec=118 les/c 191/191 242/242/242) [26,1] r=0 lpr=242 pi=190-241/4 crt=0'0 lcod 0'0 mlcod 0'0 inactive] can_handle_while_inactive: 0x16bd7500
2014-06-09 16:22:11.403426 7f8690f64700 10 osd.26 pg_epoch: 243 pg[3.6d5( v 213'532 (0'0,213'532] local-les=206 n=108 ec=118 les/c 206/206 242/242/205) [5,26] r=1 lpr=242 pi=118-241/10 crt=0'0 lcod 0'0 inactive NOTIFY] state: In ReplicaActive, about to call activate
2014-06-09 16:22:11.403435 7f8690763700 10 osd.26 243 dequeue_op 0x16bd7500 finish
2014-06-09 16:22:11.403438 7f8690763700 15 OSD::op_tp worker wq OSD::OpWQ done processing 0x1 (18 active)
2014-06-09 16:22:11.403442 7f8690763700 12 OSD::op_tp worker wq OSD::OpWQ start processing 0x1 (19 active)
2014-06-09 16:22:11.403437 7f8690f64700 10 osd.26 pg_epoch: 243 pg[3.6d5( v 213'532 (0'0,213'532] local-les=243 n=108 ec=118 les/c 206/206 242/242/205) [5,26] r=1 lpr=242 pi=118-241/10 crt=0'0 lcod 0'0 inactive] activate - no missing, moving last_complete 213'532 -> 213'532
2014-06-09 16:22:11.403448 7f868ef60700 10 osd.26 243 dequeue_op 0x16bd7400 prio 63 cost 172032 latency 1.043135 osd_op(client.4565.0:32866 rbd_data.11756b8b4567.000000000000158d [set-alloc-hint object_size 4194304 write_size 4194304,write 4022272~172032] 3.6a13db08 RETRY=3 ack+ondisk+retry+write e242) v4 pg pg[3.308( v 214'552 (0'0,214'552] local-les=243 n=108 ec=118 les/c 191/191 242/242/242) [26,1] r=0 lpr=242 pi=190-241/4 crt=0'0 lcod 0'0 mlcod 0'0 inactive]
2014-06-09 16:22:11.403467 7f868ef60700 5 -- op tracker -- , seq: 283, time:
2014-06-09 16:22:11.403463, event: reached_pg, op: osd_op(client.4565.0:32866 rbd_data.11756b8b4567.000000000000158d [set-alloc-hint object_size 4194304 write_size 4194304,write 4022272~172032] 3.6a13db08 RETRY=3 ack+ondisk+retry+write e242)
2014-06-09 16:22:11.403472 7f8690f64700 10 osd.26 pg_epoch: 243 pg[3.6d5( v 213'532 (0'0,213'532] local-les=243 n=108 ec=118 les/c 206/206 242/242/205) [5,26] r=1 lpr=242 pi=118-241/10 crt=0'0 lcod 0'0 inactive] state: Activate Finished
2014-06-09 16:22:11.403474 7f868ef60700 20 osd.26 pg_epoch: 243 pg[3.308( v 214'552 (0'0,214'552] local-les=243 n=108 ec=118 les/c 191/191 242/242/242) [26,1] r=0 lpr=242 pi=190-241/4 crt=0'0 lcod 0'0 mlcod 0'0 inactive] op_has_sufficient_caps pool=3 (ceph ) owner=0 need_read_cap=0 need_write_cap=1 need_class_read_cap=0 need_class_write_cap=0 -> yes
2014-06-09 16:22:11.403485 7f868ef60700 10 osd.26 pg_epoch: 243 pg[3.308( v 214'552 (0'0,214'552] local-les=243 n=108 ec=118 les/c 191/191 242/242/242) [26,1] r=0 lpr=242 pi=190-241/4 crt=0'0 lcod 0'0 mlcod 0'0 inactive] can_handle_while_inactive: 0x16bd7400
2014-06-09 16:22:11.403494 7f868ef60700 10 osd.26 243 dequeue_op 0x16bd7400 finish
2014-06-09 16:22:11.403497 7f868ef60700 15 OSD::op_tp worker wq OSD::OpWQ done processing 0x1 (18 active)
2014-06-09 16:22:11.403502 7f868ef60700 12 OSD::op_tp worker wq OSD::OpWQ start processing 0x1 (19 active)
2014-06-09 16:22:11.403510 7f8690f64700 10 log is not dirty
2014-06-09 16:22:11.403515 7f8690f64700 5 queue_transactions existing osr(3.6d5 0x3ed1c30)/0x3ed1c30
2014-06-09 16:22:11.403511 7f868f761700 5 -- op tracker -- , seq: 198, time:
2014-06-09 16:22:11.401950, event: reached_pg, op: osd_op(client.4575.0:32099 rbd_data.117f6b8b4567.000000000000151c [set-alloc-hint object_size 4194304 write_size 4194304,write 0~385024] 3.87496894 RETRY=3 ack+ondisk+retry+write e242)
2014-06-09 16:22:11.403517 7f8690f64700 10 op_submit_start 3118
2014-06-09 16:22:11.403518 7f8690f64700 5 queue_transactions (trailing journal) 3118
2014-06-09 16:22:11.403519 7f8690f64700 5 queue_op 0x308ca300 seq 3118 osr(3.6d5 0x3ed1c30) 1335 bytes (queue has 4 ops and 7099 bytes)
2014-06-09 16:22:11.403522 7f8690f64700 10 op_submit_finish 3118
2014-06-09 16:22:11.403519 7f868f761700 20 osd.26 pg_epoch: 243 pg[3.94( v 214'571 lc 214'568 (0'0,214'571] local-les=243 n=112 ec=118 les/c 213/213 242/242/242) [26,9] r=0 lpr=242 pi=212-241/2 crt=214'571 lcod 0'0 mlcod 0'0 inactive m=2] op_has_sufficient_caps pool=3 (ceph ) owner=0 need_read_cap=0 need_write_cap=1 need_class_read_cap=0 need_class_write_cap=0 -> yes
2014-06-09 16:22:11.403524 7f8690f64700 10 osd.26 pg_epoch: 243 pg[3.15c( v 214'638 (0'0,214'638] local-les=191 n=126 ec=118 les/c 191/191 242/242/242) [26,2] r=0 lpr=242 pi=190-241/4 crt=0'0 lcod 0'0 mlcod 0'0 peering] handle_peering_event: epoch_sent: 242 epoch_requested: 242 MNotifyRec from 2 notify: (query_epoch:242, epoch_sent:242, info:3.15c( v 213'624 (0'0,213'624] local-les=191 n=123 ec=118 les/c 191/191 242/242/242))
2014-06-09 16:22:11.403533 7f868f761700 10 osd.26 pg_epoch: 243 pg[3.94( v 214'571 lc 214'568 (0'0,214'571] local-les=243 n=112 ec=118 les/c 213/213 242/242/242) [26,9] r=0 lpr=242 pi=212-241/2 crt=214'571 lcod 0'0 mlcod 0'0 inactive m=2] can_handle_while_inactive: 0x16059800
2014-06-09 16:22:11.403544 7f868f761700 10 osd.26 243 dequeue_op 0x16059800 finish
2014-06-09 16:22:11.403539 7f8690f64700 7 osd.26 pg_epoch: 243 pg[3.15c( v 214'638 (0'0,214'638] local-les=191 n=126 ec=118 les/c 191/191 242/242/242) [26,2] r=0 lpr=242 pi=190-241/4 crt=0'0 lcod 0'0 mlcod 0'0 peering] state: handle_pg_notify from osd.2
2014-06-09 16:22:11.403550 7f868f761700 15 OSD::op_tp worker wq OSD::OpWQ done processing 0x1 (18 active)
2014-06-09 16:22:11.403555 7f868f761700 12 OSD::op_tp worker wq OSD::OpWQ start processing 0x1 (19 active)
2014-06-09 16:22:11.403549 7f8690f64700 10 osd.26 pg_epoch: 243 pg[3.15c( v 214'638 (0'0,214'638] local-les=191 n=126 ec=118 les/c 191/191 242/242/242) [26,2] r=0 lpr=242 pi=190-241/4 crt=0'0 lcod 0'0 mlcod 0'0 peering] state: pg[3.15c( v 214'638 (0'0,214'638] local-les=191 n=126 ec=118 les/c 191/191 242/242/242) [26,2] r=0 lpr=242 pi=190-241/4 crt=0'0 lcod 0'0 mlcod 0'0 peering] got dup osd.2 info 3.15c( v 213'624 (0'0,213'624] local-les=191 n=123 ec=118 les/c 191/191 242/242/242), identical to ours
2014-06-09 16:22:11.403568 7f8690f64700 10 log is not dirty
2014-06-09 16:22:11.403558 7f868f761700 10 osd.26 243 dequeue_op 0x16059700 prio 63 cost 516096 latency 1.119279 osd_op(client.4575.0:32100 rbd_data.117f6b8b4567.000000000000151c [set-alloc-hint object_size 4194304 write_size 4194304,write 385024~516096] 3.87496894 RETRY=3 ack+ondisk+retry+write e242) v4 pg pg[3.94( v 214'571 lc 214'568 (0'0,214'571] local-les=243 n=112 ec=118 les/c 213/213 242/242/242) [26,9] r=0 lpr=242 pi=212-241/2 crt=214'571 lcod 0'0 mlcod 0'0 inactive m=2]
2014-06-09 16:22:11.403572 7f8690f64700 10 osd.26 pg_epoch: 243 pg[0.594( empty local-les=243 n=0 ec=1 les/c 203/203 242/242/242) [26,4] r=0 lpr=242 pi=202-241/2 crt=0'0 mlcod 0'0 inactive] handle_peering_event: epoch_sent: 242 epoch_requested: 242 MNotifyRec from 4 notify: (query_epoch:242, epoch_sent:242, info:0.594( empty local-les=203 n=0 ec=1 les/c 203/203 242/242/242))
2014-06-09 16:22:11.403579 7f868f761700 5 -- op tracker -- , seq: 213, time:
2014-06-09 16:22:11.403574, event: reached_pg, op: osd_op(client.4575.0:32100 rbd_data.117f6b8b4567.000000000000151c [set-alloc-hint object_size 4194304 write_size 4194304,write 385024~516096] 3.87496894 RETRY=3 ack+ondisk+retry+write e242)
2014-06-09 16:22:11.403584 7f8690f64700 10 osd.26 pg_epoch: 243 pg[0.594( empty local-les=243 n=0 ec=1 les/c 203/203 242/242/242) [26,4] r=0 lpr=242 pi=202-241/2 crt=0'0 mlcod 0'0 inactive] state: Active: got notify from 4, already have info from that osd, ignoring
2014-06-09 16:22:11.403594 7f8690f64700 10 log is not dirty
2014-06-09 16:22:11.403585 7f868f761700 20 osd.26 pg_epoch: 243 pg[3.94( v 214'571 lc 214'568 (0'0,214'571] local-les=243 n=112 ec=118 les/c 213/213 242/242/242) [26,9] r=0 lpr=242 pi=212-241/2 crt=214'571 lcod 0'0 mlcod 0'0 inactive m=2] op_has_sufficient_caps pool=3 (ceph ) owner=0 need_read_cap=0 need_write_cap=1 need_class_read_cap=0 need_class_write_cap=0 -> yes
2014-06-09 16:22:11.403598 7f8690f64700 10 osd.26 pg_epoch: 243 pg[3.de( v 214'581 (0'0,214'581] local-les=243 n=114 ec=118 les/c 210/210 242/242/242) [26,7] r=0 lpr=242 pi=209-241/2 crt=0'0 lcod 0'0 mlcod 0'0 inactive] handle_peering_event: epoch_sent: 243 epoch_requested: 243 MNotifyRec from 7 notify: (query_epoch:243, epoch_sent:243, info:3.de( v 214'581 (0'0,214'581] local-les=210 n=114 ec=118 les/c 210/210 242/242/242))
2014-06-09 16:22:11.403598 7f868f761700 10 osd.26 pg_epoch: 243 pg[3.94( v 214'571 lc 214'568 (0'0,214'571] local-les=243 n=112 ec=118 les/c 213/213 242/242/242) [26,9] r=0 lpr=242 pi=212-241/2 crt=214'571 lcod 0'0 mlcod 0'0 inactive m=2] can_handle_while_inactive: 0x16059700
2014-06-09 16:22:11.403610 7f868f761700 10 osd.26 243 dequeue_op 0x16059700 finish
2014-06-09 16:22:11.403618 7f868f761700 15 OSD::op_tp worker wq OSD::OpWQ done processing 0x1 (18 active)
2014-06-09 16:22:11.403623 7f868f761700 12 OSD::op_tp worker wq OSD::OpWQ start processing 0x1 (19 active)
2014-06-09 16:22:11.403610 7f8690f64700 10 osd.26 pg_epoch: 243 pg[3.de( v 214'581 (0'0,214'581] local-les=243 n=114 ec=118 les/c 210/210 242/242/242) [26,7] r=0 lpr=242 pi=209-241/2 crt=0'0 lcod 0'0 mlcod 0'0 inactive] state: Active: got notify from 7, already have info from that osd, ignoring
2014-06-09 16:22:11.403627 7f8690f64700 10 log is not dirty
2014-06-09 16:22:11.403631 7f8690f64700 10 osd.26 pg_epoch: 243 pg[3.359( v 213'669 (0'0,213'669] local-les=201 n=126 ec=118 les/c 201/201 242/242/200) [3,26] r=1 lpr=242 pi=118-241/10 crt=0'0 lcod 0'0 inactive NOTIFY] handle_peering_event: epoch_sent: 243 epoch_requested: 243 MInfoRec from 3 info: 3.359( v 213'669 (0'0,213'669] local-les=243 n=126 ec=118 les/c 201/201 242/242/200)
2014-06-09 16:22:11.403626 7f868f761700 10 osd.26 243 dequeue_op 0x16059600 prio 63 cost 516096 latency 1.113865 osd_op(client.4575.0:32101 rbd_data.117f6b8b4567.000000000000151c [set-alloc-hint object_size 4194304 write_size 4194304,write 901120~516096] 3.87496894 RETRY=3 ack+ondisk+retry+write e242) v4 pg pg[3.94( v 214'571 lc 214'568 (0'0,214'571] local-les=243 n=112 ec=118 les/c 213/213 242/242/242) [26,9] r=0 lpr=242 pi=212-241/2 crt=214'571 lcod 0'0 mlcod 0'0 inactive m=2]
2014-06-09 16:22:11.403629 7f868e75f700 10 osd.26 243 dequeue_op 0x1b0d6700 prio 63 cost 1032192 latency 1.001647 osd_op(client.4570.0:33857 rbd_data.117a6b8b4567.00000000000016c5 [set-alloc-hint object_size 4194304 write_size 4194304,write 172032~1032192] 3.2b068cb3 RETRY=3 ack+ondisk+retry+write e242) v4 pg pg[3.4b3( v 213'517 (0'0,213'517] local-les=243 n=98 ec=118 les/c 191/191 242/242/242) [26,2] r=0 lpr=242 pi=190-241/4 crt=0'0 lcod 0'0 mlcod 0'0 inactive]
2014-06-09 16:22:11.403642 7f8690f64700 10 osd.26 pg_epoch: 243 pg[3.359( v 213'669 (0'0,213'669] local-les=201 n=126 ec=118 les/c 201/201 242/242/200) [3,26] r=1 lpr=242 pi=118-241/10 crt=0'0 lcod 0'0 inactive NOTIFY] state: got info from osd.3 3.359( v 213'669 (0'0,213'669] local-les=243 n=126 ec=118 les/c 201/201 242/242/200)
2014-06-09 16:22:11.403648 7f868f761700 5 -- op tracker -- , seq: 214, time:
2014-06-09 16:22:11.403643, event: reached_pg, op: osd_op(client.4575.0:32101 rbd_data.117f6b8b4567.000000000000151c [set-alloc-hint object_size 4194304 write_size 4194304,write 901120~516096] 3.87496894 RETRY=3 ack+ondisk+retry+write e242)
2014-06-09 16:22:11.403654 7f8690f64700 5 osd.26 pg_epoch: 243 pg[3.359( v 213'669 (0'0,213'669] local-les=201 n=126 ec=118 les/c 201/201 242/242/200) [3,26] r=1 lpr=242 pi=118-241/10 crt=0'0 lcod 0'0 inactive NOTIFY] exit Started/Stray 1.147200 7 0.000150
2014-06-09 16:22:11.403657 7f868f761700 20 osd.26 pg_epoch: 243 pg[3.94( v 214'571 lc 214'568 (0'0,214'571] local-les=243 n=112 ec=118 les/c 213/213 242/242/242) [26,9] r=0 lpr=242 pi=212-241/2 crt=214'571 lcod 0'0 mlcod 0'0 inactive m=2] op_has_sufficient_caps pool=3 (ceph ) owner=0 need_read_cap=0 need_write_cap=1 need_class_read_cap=0 need_class_write_cap=0 -> yes
2014-06-09 16:22:11.403665 7f8690f64700 5 osd.26 pg_epoch: 243 pg[3.359( v 213'669 (0'0,213'669] local-les=201 n=126 ec=118 les/c 201/201 242/242/200) [3,26] r=1 lpr=242 pi=118-241/10 crt=0'0 lcod 0'0 inactive NOTIFY] enter Started/ReplicaActive
2014-06-09 16:22:11.403671 7f868f761700 10 osd.26 pg_epoch: 243 pg[3.94( v 214'571 lc 214'568 (0'0,214'571] local-les=243 n=112 ec=118 les/c 213/213 242/242/242) [26,9] r=0 lpr=242 pi=212-241/2 crt=214'571 lcod 0'0 mlcod 0'0 inactive m=2] can_handle_while_inactive: 0x16059600
2014-06-09 16:22:11.403681 7f868f761700 10 osd.26 243 dequeue_op 0x16059600 finish
2014-06-09 16:22:11.403675 7f8690f64700 5 osd.26 pg_epoch: 243 pg[3.359( v 213'669 (0'0,213'669] local-les=201 n=126 ec=118 les/c 201/201 242/242/200) [3,26] r=1 lpr=242 pi=118-241/10 crt=0'0 lcod 0'0 inactive NOTIFY] enter Started/ReplicaActive/RepNotRecovering
2014-06-09 16:22:11.403684 7f868f761700 15 OSD::op_tp worker wq OSD::OpWQ done processing 0x1 (18 active)
2014-06-09 16:22:11.403689 7f868f761700 12 OSD::op_tp worker wq OSD::OpWQ start processing 0x1 (19 active)
2014-06-09 16:22:11.403686 7f8690f64700 10 osd.26 pg_epoch: 243 pg[3.359( v 213'669 (0'0,213'669] local-les=201 n=126 ec=118 les/c 201/201 242/242/200) [3,26] r=1 lpr=242 pi=118-241/10 crt=0'0 lcod 0'0 inactive NOTIFY] state: In ReplicaActive, about to call activate
2014-06-09 16:22:11.403696 7f8690f64700 10 osd.26 pg_epoch: 243 pg[3.359( v 213'669 (0'0,213'669] local-les=243 n=126 ec=118 les/c 201/201 242/242/200) [3,26] r=1 lpr=242 pi=118-241/10 crt=0'0 lcod 0'0 inactive] activate - no missing, moving last_complete 213'669 -> 213'669
2014-06-09 16:22:11.403692 7f868f761700 10 osd.26 243 dequeue_op 0x16059500 prio 63 cost 516096 latency 1.112977 osd_op(client.4575.0:32102 rbd_data.117f6b8b4567.000000000000151c [set-alloc-hint object_size 4194304 write_size 4194304,write 1417216~516096] 3.87496894 RETRY=3 ack+ondisk+retry+write e242) v4 pg pg[3.94( v 214'571 lc 214'568 (0'0,214'571] local-les=243 n=112 ec=118 les/c 213/213 242/242/242) [26,9] r=0 lpr=242 pi=212-241/2 crt=214'571 lcod 0'0 mlcod 0'0 inactive m=2]
2014-06-09 16:22:11.403713 7f868f761700 5 -- op tracker -- , seq: 223, time:
2014-06-09 16:22:11.403709, event: reached_pg, op: osd_op(client.4575.0:32102 rbd_data.117f6b8b4567.000000000000151c [set-alloc-hint object_size 4194304 write_size 4194304,write 1417216~516096] 3.87496894 RETRY=3 ack+ondisk+retry+write e242)
2014-06-09 16:22:11.403719 7f868f761700 20 osd.26 pg_epoch: 243 pg[3.94( v 214'571 lc 214'568 (0'0,214'571] local-les=243 n=112 ec=118 les/c 213/213 242/242/242) [26,9] r=0 lpr=242 pi=212-241/2 crt=214'571 lcod 0'0 mlcod 0'0 inactive m=2] op_has_sufficient_caps pool=3 (ceph ) owner=0 need_read_cap=0 need_write_cap=1 need_class_read_cap=0 need_class_write_cap=0 -> yes
2014-06-09 16:22:11.403733 7f868f761700 10 osd.26 pg_epoch: 243 pg[3.94( v 214'571 lc 214'568 (0'0,214'571] local-les=243 n=112 ec=118 les/c 213/213 242/242/242) [26,9] r=0 lpr=242 pi=212-241/2 crt=214'571 lcod 0'0 mlcod 0'0 inactive m=2] can_handle_while_inactive: 0x16059500
2014-06-09 16:22:11.403746 7f868f761700 10 osd.26 243 dequeue_op 0x16059500 finish
2014-06-09 16:22:11.403741 7f8690f64700 10 osd.26 pg_epoch: 243 pg[3.359( v 213'669 (0'0,213'669] local-les=243 n=126 ec=118 les/c 201/201 242/242/200) [3,26] r=1 lpr=242 pi=118-241/10 crt=0'0 lcod 0'0 inactive] state: Activate Finished
2014-06-09 16:22:11.403749 7f868f761700 15 OSD::op_tp worker wq OSD::OpWQ done processing 0x1 (18 active)
2014-06-09 16:22:11.403752 7f868f761700 20 OSD::op_tp worker waiting
2014-06-09 16:22:11.403758 7f868cf5c700 10 osd.26 243 dequeue_op 0x1804c600 prio 63 cost 516096 latency 1.111656 osd_op(client.4575.0:32103 rbd_data.117f6b8b4567.000000000000151c [set-alloc-hint object_size 4194304 write_size 4194304,write 1933312~516096] 3.87496894 RETRY=3 ack+ondisk+retry+write e242) v4 pg pg[3.94( v 214'571 lc 214'568 (0'0,214'571] local-les=243 n=112 ec=118 les/c 213/213 242/242/242) [26,9] r=0 lpr=242 pi=212-241/2 crt=214'571 lcod 0'0 mlcod 0'0 inactive m=2]
2014-06-09 16:22:11.403778 7f8690f64700 10 log is not dirty
2014-06-09 16:22:11.403783 7f8690f64700 5 queue_transactions existing osr(3.359 0x3ed10f0)/0x3ed10f0
2014-06-09 16:22:11.403785 7f8690f64700 10 op_submit_start 3119
2014-06-09 16:22:11.403786 7f8690f64700 5 queue_transactions (trailing journal) 3119
2014-06-09 16:22:11.403782 7f868cf5c700 5 -- op tracker -- , seq: 231, time:
2014-06-09 16:22:11.403777, event: reached_pg, op: osd_op(client.4575.0:32103 rbd_data.117f6b8b4567.000000000000151c [set-alloc-hint object_size 4194304 write_size 4194304,write 1933312~516096] 3.87496894 RETRY=3 ack+ondisk+retry+write e242)
2014-06-09 16:22:11.403787 7f8690f64700 5 queue_op 0x308ca2a0 seq 3119 osr(3.359 0x3ed10f0) 1335 bytes (queue has 5 ops and 8434 bytes)
2014-06-09 16:22:11.403790 7f8690f64700 10 op_submit_finish 3119
2014-06-09 16:22:11.403793 7f8690f64700 10 osd.26 pg_epoch: 243 pg[2.530( empty local-les=191 n=0 ec=1 les/c 191/191 242/242/222) [1,26] r=1 lpr=242 pi=1-241/22 crt=0'0 inactive NOTIFY] handle_peering_event: epoch_sent: 243 epoch_requested: 243 MLogRec from 1
2014-06-09 16:22:11.403789 7f868cf5c700 20 osd.26 pg_epoch: 243 pg[3.94( v 214'571 lc 214'568 (0'0,214'571] local-les=243 n=112 ec=118 les/c 213/213 242/242/242) [26,9] r=0 lpr=242 pi=212-241/2 crt=214'571 lcod 0'0 mlcod 0'0 inactive m=2] op_has_sufficient_caps pool=3 (ceph ) owner=0 need_read_cap=0 need_write_cap=1 need_class_read_cap=0 need_class_write_cap=0 -> yes
2014-06-09 16:22:11.403803 7f868cf5c700 10 osd.26 pg_epoch: 243 pg[3.94( v 214'571 lc 214'568 (0'0,214'571] local-les=243 n=112 ec=118 les/c 213/213 242/242/242) [26,9] r=0 lpr=242 pi=212-241/2 crt=214'571 lcod 0'0 mlcod 0'0 inactive m=2] can_handle_while_inactive: 0x1804c600
2014-06-09 16:22:11.403804 7f8690f64700 10 osd.26 pg_epoch: 243 pg[2.530( empty local-les=191 n=0 ec=1 les/c 191/191 242/242/222) [1,26] r=1 lpr=242 pi=1-241/22 crt=0'0 inactive NOTIFY] state: got info+log from osd.1 2.530( empty local-les=243 n=0 ec=1 les/c 191/191 242/242/222) log((0'0,0'0], crt=0'0)
2014-06-09 16:22:11.403814 7f868cf5c700 10 osd.26 243 dequeue_op 0x1804c600 finish
2014-06-09 16:22:11.403816 7f8690f64700 10 merge_log log((0'0,0'0], crt=0'0) from osd.1 into log((0'0,0'0], crt=0'0)
2014-06-09 16:22:11.403819 7f868cf5c700 15 OSD::op_tp worker wq OSD::OpWQ done processing 0x1 (17 active)
2014-06-09 16:22:11.403819 7f8690f64700 10 merge_log result log((0'0,0'0], crt=0'0) missing(0) changed=0
2014-06-09 16:22:11.403822 7f868cf5c700 20 OSD::op_tp worker waiting
2014-06-09 16:22:11.403822 7f8690f64700 5 osd.26 pg_epoch: 243 pg[2.530( empty local-les=191 n=0 ec=1 les/c 191/191 242/242/222) [1,26] r=1 lpr=242 pi=1-241/22 crt=0'0 inactive NOTIFY] exit Started/Stray 1.106224 7 0.000192
2014-06-09 16:22:11.403832 7f8690f64700 5 osd.26 pg_epoch: 243 pg[2.530( empty local-les=191 n=0 ec=1 les/c 191/191 242/242/222) [1,26] r=1 lpr=242 pi=1-241/22 crt=0'0 inactive NOTIFY] enter Started/ReplicaActive
2014-06-09 16:22:11.403827 7f8690763700 10 osd.26 243 dequeue_op 0x1804c500 prio 63 cost 1548288 latency 1.106955 osd_op(client.4575.0:32104 rbd_data.117f6b8b4567.000000000000151c [set-alloc-hint object_size 4194304 write_size 4194304,write 2449408~1548288] 3.87496894 RETRY=3 ack+ondisk+retry+write e242) v4 pg pg[3.94( v 214'571 lc 214'568 (0'0,214'571] local-les=243 n=112 ec=118 les/c 213/213 242/242/242) [26,9] r=0 lpr=242 pi=212-241/2 crt=214'571 lcod 0'0 mlcod 0'0 inactive m=2]
2014-06-09 16:22:11.403841 7f8690f64700 5 osd.26 pg_epoch: 243 pg[2.530( empty local-les=191 n=0 ec=1 les/c 191/191 242/242/222) [1,26] r=1 lpr=242 pi=1-241/22 crt=0'0 inactive NOTIFY] enter Started/ReplicaActive/RepNotRecovering
2014-06-09 16:22:11.403847 7f8690763700 5 -- op tracker -- , seq: 244, time:
2014-06-09 16:22:11.403843, event: reached_pg, op: osd_op(client.4575.0:32104 rbd_data.117f6b8b4567.000000000000151c [set-alloc-hint object_size 4194304 write_size 4194304,write 2449408~1548288] 3.87496894 RETRY=3 ack+ondisk+retry+write e242)
2014-06-09 16:22:11.403851 7f8690f64700 10 osd.26 pg_epoch: 243 pg[2.530( empty local-les=191 n=0 ec=1 les/c 191/191 242/242/222) [1,26] r=1 lpr=242 pi=1-241/22 crt=0'0 inactive NOTIFY] state: In ReplicaActive, about to call activate
2014-06-09 16:22:11.403854 7f8690763700 20 osd.26 pg_epoch: 243 pg[3.94( v 214'571 lc 214'568 (0'0,214'571] local-les=243 n=112 ec=118 les/c 213/213 242/242/242) [26,9] r=0 lpr=242 pi=212-241/2 crt=214'571 lcod 0'0 mlcod 0'0 inactive m=2] op_has_sufficient_caps pool=3 (ceph ) owner=0 need_read_cap=0 need_write_cap=1 need_class_read_cap=0 need_class_write_cap=0 -> yes
2014-06-09 16:22:11.403860 7f8690f64700 10 osd.26 pg_epoch: 243 pg[2.530( empty local-les=243 n=0 ec=1 les/c 191/191 242/242/222) [1,26] r=1 lpr=242 pi=1-241/22 crt=0'0 inactive] activate - no missing, moving last_complete 0'0 -> 0'0
2014-06-09 16:22:11.403868 7f8690f64700 10 osd.26 pg_epoch: 243 pg[2.530( empty local-les=243 n=0 ec=1 les/c 191/191 242/242/222) [1,26] r=1 lpr=242 pi=1-241/22 crt=0'0 inactive] state: Activate Finished
2014-06-09 16:22:11.403868 7f8690763700 10 osd.26 pg_epoch: 243 pg[3.94( v 214'571 lc 214'568 (0'0,214'571] local-les=243 n=112 ec=118 les/c 213/213 242/242/242) [26,9] r=0 lpr=242 pi=212-241/2 crt=214'571 lcod 0'0 mlcod 0'0 inactive m=2] can_handle_while_inactive: 0x1804c500
2014-06-09 16:22:11.403879 7f8690763700 10 osd.26 243 dequeue_op 0x1804c500 finish
2014-06-09 16:22:11.403884 7f8690763700 15 OSD::op_tp worker wq OSD::OpWQ done processing 0x1 (16 active)
2014-06-09 16:22:11.403887 7f8690763700 20 OSD::op_tp worker waiting
2014-06-09 16:22:11.403892 7f868ef60700 10 osd.26 243 dequeue_op 0x1804c400 prio 63 cost 196608 latency 1.102098 osd_op(client.4575.0:32105 rbd_data.117f6b8b4567.000000000000151c [set-alloc-hint object_size 4194304 write_size 4194304,write 3997696~196608] 3.87496894 RETRY=3 ack+ondisk+retry+write e242) v4 pg pg[3.94( v 214'571 lc 214'568 (0'0,214'571] local-les=243 n=112 ec=118 les/c 213/213 242/242/242) [26,9] r=0 lpr=242 pi=212-241/2 crt=214'571 lcod 0'0 mlcod 0'0 inactive m=2]
2014-06-09 16:22:11.403912 7f8690f64700 10 log is not dirty
2014-06-09 16:22:11.403916 7f8690f64700 5 queue_transactions existing osr(2.530 0x2ed19b0)/0x2ed19b0
2014-06-09 16:22:11.403913 7f868ef60700 5 -- op tracker -- , seq: 247, time:
2014-06-09 16:22:11.403908, event: reached_pg, op: osd_op(client.4575.0:32105 rbd_data.117f6b8b4567.000000000000151c [set-alloc-hint object_size 4194304 write_size 4194304,write 3997696~196608] 3.87496894 RETRY=3 ack+ondisk+retry+write e242)
2014-06-09 16:22:11.403918 7f8690f64700 10 op_submit_start 3120
2014-06-09 16:22:11.403919 7f8690f64700 5 queue_transactions (trailing journal) 3120
2014-06-09 16:22:11.403920 7f8690f64700 5 queue_op 0x308ca240 seq 3120 osr(2.530 0x2ed19b0) 1883 bytes (queue has 6 ops and 10317 bytes)
2014-06-09 16:22:11.403923 7f8690f64700 10 op_submit_finish 3120
2014-06-09 16:22:11.403920 7f868ef60700 20 osd.26 pg_epoch: 243 pg[3.94( v 214'571 lc 214'568 (0'0,214'571] local-les=243 n=112 ec=118 les/c 213/213 242/242/242) [26,9] r=0 lpr=242 pi=212-241/2 crt=214'571 lcod 0'0 mlcod 0'0 inactive m=2] op_has_sufficient_caps pool=3 (ceph ) owner=0 need_read_cap=0 need_write_cap=1 need_class_read_cap=0 need_class_write_cap=0 -> yes
2014-06-09 16:22:11.403925 7f8690f64700 10 osd.26 pg_epoch: 243 pg[1.56( empty local-les=213 n=0 ec=1 les/c 213/213 242/242/212) [9,26] r=1 lpr=242 pi=16-241/21 crt=0'0 inactive NOTIFY] handle_peering_event: epoch_sent: 243 epoch_requested: 243 MLogRec from 9
2014-06-09 16:22:11.403933 7f868ef60700 10 osd.26 pg_epoch: 243 pg[3.94( v 214'571 lc 214'568 (0'0,214'571] local-les=243 n=112 ec=118 les/c 213/213 242/242/242) [26,9] r=0 lpr=242 pi=212-241/2 crt=214'571 lcod 0'0 mlcod 0'0 inactive m=2] can_handle_while_inactive: 0x1804c400
2014-06-09 16:22:11.403943 7f868ef60700 10 osd.26 243 dequeue_op 0x1804c400 finish
2014-06-09 16:22:11.403936 7f8690f64700 10 osd.26 pg_epoch: 243 pg[1.56( empty local-les=213 n=0 ec=1 les/c 213/213 242/242/212) [9,26] r=1 lpr=242 pi=16-241/21 crt=0'0 inactive NOTIFY] state: got info+log from osd.9 1.56( empty local-les=243 n=0 ec=1 les/c 213/213 242/242/212) log((0'0,0'0], crt=0'0)
2014-06-09 16:22:11.403947 7f868ef60700 15 OSD::op_tp worker wq OSD::OpWQ done processing 0x1 (15 active)
2014-06-09 16:22:11.403949 7f868ef60700 20 OSD::op_tp worker waiting
2014-06-09 16:22:11.403948 7f8690f64700 10 merge_log log((0'0,0'0], crt=0'0) from osd.9 into log((0'0,0'0], crt=0'0)
2014-06-09 16:22:11.403952 7f8690f64700 10 merge_log result log((0'0,0'0], crt=0'0) missing(0) changed=0
2014-06-09 16:22:11.403955 7f8690f64700 5 osd.26 pg_epoch: 243 pg[1.56( empty local-les=213 n=0 ec=1 les/c 213/213 242/242/212) [9,26] r=1 lpr=242 pi=16-241/21 crt=0'0 inactive NOTIFY] exit Started/Stray 1.243591 7 0.000206
2014-06-09 16:22:11.403960 7f869af78700 5 -- op tracker -- , seq: 1582, time:
2014-06-09 16:22:11.403957, event: done, op: pg_notify(0.1c8(20) epoch 242)
2014-06-09 16:22:11.403969 7f869af78700 10 osd.26 243 do_waiters -- start
2014-06-09 16:22:11.403970 7f869af78700 10 osd.26 243 do_waiters -- finish
2014-06-09 16:22:11.403966 7f8690f64700 5 osd.26 pg_epoch: 243 pg[1.56( empty local-les=213 n=0 ec=1 les/c 213/213 242/242/212) [9,26] r=1 lpr=242 pi=16-241/21 crt=0'0 inactive NOTIFY] enter Started/ReplicaActive
2014-06-09 16:22:11.403975 7f8690f64700 5 osd.26 pg_epoch: 243 pg[1.56( empty local-les=213 n=0 ec=1 les/c 213/213 242/242/212) [9,26] r=1 lpr=242 pi=16-241/21 crt=0'0 inactive NOTIFY] enter Started/ReplicaActive/RepNotRecovering
2014-06-09 16:22:11.403987 7f869af78700 10 osd.26 243 do_waiters -- start
2014-06-09 16:22:11.403988 7f869af78700 10 osd.26 243 do_waiters -- finish
2014-06-09 16:22:11.403984 7f8690f64700 10 osd.26 pg_epoch: 243 pg[1.56( empty local-les=213 n=0 ec=1 les/c 213/213 242/242/212) [9,26] r=1 lpr=242 pi=16-241/21 crt=0'0 inactive NOTIFY] state: In ReplicaActive, about to call activate
2014-06-09 16:22:11.403990 7f869af78700 20 osd.26 243 _dispatch 0x2a073200 pg_log(1.a2 epoch 243 log log((0'0,0'0], crt=0'0) query_epoch 243) v4
2014-06-09 16:22:11.403992 7f8690f64700 10 osd.26 pg_epoch: 243 pg[1.56( empty local-les=243 n=0 ec=1 les/c 213/213 242/242/212) [9,26] r=1 lpr=242 pi=16-241/21 crt=0'0 inactive] activate - no missing, moving last_complete 0'0 -> 0'0
2014-06-09 16:22:11.403996 7f869af78700 5 -- op tracker -- , seq: 1583, time:
2014-06-09 16:22:11.038807, event: header_read, op: pg_log(1.a2 epoch 243 log log((0'0,0'0], crt=0'0) query_epoch 243)
2014-06-09 16:22:11.404000 7f8690f64700 10 osd.26 pg_epoch: 243 pg[1.56( empty local-les=243 n=0 ec=1 les/c 213/213 242/242/212) [9,26] r=1 lpr=242 pi=16-241/21 crt=0'0 inactive] state: Activate Finished
2014-06-09 16:22:11.404004 7f869af78700 5 -- op tracker -- , seq: 1583, time:
2014-06-09 16:22:11.038807, event: throttled, op: pg_log(1.a2 epoch 243 log log((0'0,0'0], crt=0'0) query_epoch 243)
2014-06-09 16:22:11.404011 7f869af78700 5 -- op tracker -- , seq: 1583, time:
2014-06-09 16:22:11.038816, event: all_read, op: pg_log(1.a2 epoch 243 log log((0'0,0'0], crt=0'0) query_epoch 243)
2014-06-09 16:22:11.404017 7f869af78700 5 -- op tracker -- , seq: 1583, time:
2014-06-09 16:22:11.403986, event: dispatched, op: pg_log(1.a2 epoch 243 log log((0'0,0'0], crt=0'0) query_epoch 243)
2014-06-09 16:22:11.404025 7f869af78700 5 -- op tracker -- , seq: 1583, time:
2014-06-09 16:22:11.404022, event: waiting_for_osdmap, op: pg_log(1.a2 epoch 243 log log((0'0,0'0], crt=0'0) query_epoch 243)
2014-06-09 16:22:11.404029 7f869af78700 7 osd.26 243 handle_pg_log pg_log(1.a2 epoch 243 log log((0'0,0'0], crt=0'0) query_epoch 243) v4 from osd.0
2014-06-09 16:22:11.404032 7f869af78700 15 osd.26 243 require_same_or_newer_map 243 (i am 243) 0x2a073200
2014-06-09 16:22:11.404038 7f869af78700 5 -- op tracker -- , seq: 1583, time:
2014-06-09 16:22:11.404035, event: started, op: pg_log(1.a2 epoch 243 log log((0'0,0'0], crt=0'0) query_epoch 243)
2014-06-09 16:22:11.404042 7f8690f64700 10 log is not dirty
2014-06-09 16:22:11.404046 7f8690f64700 5 queue_transactions existing osr(1.56 0x384c5f0)/0x384c5f0
2014-06-09 16:22:11.404048 7f8690f64700 10 op_submit_start 3121
2014-06-09 16:22:11.404049 7f8690f64700 5 queue_transactions (trailing journal) 3121
2014-06-09 16:22:11.404050 7f8690f64700 5 queue_op 0x308ca0c0 seq 3121 osr(1.56 0x384c5f0) 1873 bytes (queue has 7 ops and 12190 bytes)
2014-06-09 16:22:11.404052 7f8690f64700 10 op_submit_finish 3121
2014-06-09 16:22:11.404052 7f869af78700 5 -- op tracker -- , seq: 1583, time:
2014-06-09 16:22:11.404050, event: done, op: pg_log(1.a2 epoch 243 log log((0'0,0'0], crt=0'0) query_epoch 243)
2014-06-09 16:22:11.404060 7f869af78700 10 osd.26 243 do_waiters -- start
2014-06-09 16:22:11.404061 7f869af78700 10 osd.26 243 do_waiters -- finish
2014-06-09 16:22:11.404055 7f8690f64700 10 osd.26 pg_epoch: 243 pg[3.19( v 213'743 (0'0,213'743] local-les=212 n=141 ec=118 les/c 212/212 242/242/211) [8,26] r=1 lpr=242 pi=118-241/10 crt=0'0 lcod 0'0 inactive NOTIFY] handle_peering_event: epoch_sent: 243 epoch_requested: 243 MInfoRec from 8 info: 3.19( v 213'743 (0'0,213'743] local-les=243 n=141 ec=118 les/c 212/212 242/242/211)
2014-06-09 16:22:11.404074 7f869af78700 10 osd.26 243 do_waiters -- start
2014-06-09 16:22:11.404076 7f869af78700 10 osd.26 243 do_waiters -- finish
2014-06-09 16:22:11.404067 7f8690f64700 10 osd.26 pg_epoch: 243 pg[3.19( v 213'743 (0'0,213'743] local-les=212 n=141 ec=118 les/c 212/212 242/242/211) [8,26] r=1 lpr=242 pi=118-241/10 crt=0'0 lcod 0'0 inactive NOTIFY] state: got info from osd.8 3.19( v 213'743 (0'0,213'743] local-les=243 n=141 ec=118 les/c 212/212 242/242/211)
2014-06-09 16:22:11.404077 7f869af78700 20 osd.26 243 _dispatch 0x260001c0 pg_notify(3.310(10),3.4d(10) epoch 243) v5
2014-06-09 16:22:11.404083 7f869af78700 5 -- op tracker -- , seq: 1584, time:
2014-06-09 16:22:11.086819, event: header_read, op: pg_notify(3.310(10),3.4d(10) epoch 243)
2014-06-09 16:22:11.404080 7f8690f64700 5 osd.26 pg_epoch: 243 pg[3.19( v 213'743 (0'0,213'743] local-les=212 n=141 ec=118 les/c 212/212 242/242/211) [8,26] r=1 lpr=242 pi=118-241/10 crt=0'0 lcod 0'0 inactive NOTIFY] exit Started/Stray 1.241671 7 0.000203
2014-06-09 16:22:11.404090 7f869af78700 5 -- op tracker -- , seq: 1584, time:
2014-06-09 16:22:11.086820, event: throttled, op: pg_notify(3.310(10),3.4d(10) epoch 243)
2014-06-09 16:22:11.404091 7f8690f64700 5 osd.26 pg_epoch: 243 pg[3.19( v 213'743 (0'0,213'743] local-les=212 n=141 ec=118 les/c 212/212 242/242/211) [8,26] r=1 lpr=242 pi=118-241/10 crt=0'0 lcod 0'0 inactive NOTIFY] enter Started/ReplicaActive
2014-06-09 16:22:11.404097 7f869af78700 5 -- op tracker -- , seq: 1584, time:
2014-06-09 16:22:11.086845, event: all_read, op: pg_notify(3.310(10),3.4d(10) epoch 243)
2014-06-09 16:22:11.404103 7f869af78700 5 -- op tracker -- , seq: 1584, time:
2014-06-09 16:22:11.404073, event: dispatched, op: pg_notify(3.310(10),3.4d(10) epoch 243)
2014-06-09 16:22:11.404102 7f8690f64700 5 osd.26 pg_epoch: 243 pg[3.19( v 213'743 (0'0,213'743] local-les=212 n=141 ec=118 les/c 212/212 242/242/211) [8,26] r=1 lpr=242 pi=118-241/10 crt=0'0 lcod 0'0 inactive NOTIFY] enter Started/ReplicaActive/RepNotRecovering
2014-06-09 16:22:11.404110 7f869af78700 5 -- op tracker -- , seq: 1584, time:
2014-06-09 16:22:11.404108, event: waiting_for_osdmap, op: pg_notify(3.310(10),3.4d(10) epoch 243)
2014-06-09 16:22:11.404114 7f869af78700 7 osd.26 243 handle_pg_notify from osd.5
2014-06-09 16:22:11.404116 7f869af78700 15 osd.26 243 require_same_or_newer_map 243 (i am 243) 0x260001c0
2014-06-09 16:22:11.404112 7f8690f64700 10 osd.26 pg_epoch: 243 pg[3.19( v 213'743 (0'0,213'743] local-les=212 n=141 ec=118 les/c 212/212 242/242/211) [8,26] r=1 lpr=242 pi=118-241/10 crt=0'0 lcod 0'0 inactive NOTIFY] state: In ReplicaActive, about to call activate
2014-06-09 16:22:11.404121 7f869af78700 5 -- op tracker -- , seq: 1584, time:
2014-06-09 16:22:11.404119, event: started, op: pg_notify(3.310(10),3.4d(10) epoch 243)
2014-06-09 16:22:11.404122 7f8690f64700 10 osd.26 pg_epoch: 243 pg[3.19( v 213'743 (0'0,213'743] local-les=243 n=141 ec=118 les/c 212/212 242/242/211) [8,26] r=1 lpr=242 pi=118-241/10 crt=0'0 lcod 0'0 inactive] activate - no missing, moving last_complete 213'743 -> 213'743
2014-06-09 16:22:11.404149 7f869af78700 5 -- op tracker -- , seq: 1584, time:
2014-06-09 16:22:11.404146, event: done, op: pg_notify(3.310(10),3.4d(10) epoch 243)
2014-06-09 16:22:11.404157 7f869af78700 10 osd.26 243 do_waiters -- start
2014-06-09 16:22:11.404158 7f869af78700 10 osd.26 243 do_waiters -- finish
2014-06-09 16:22:11.404174 7f869af78700 10 osd.26 243 do_waiters -- start
2014-06-09 16:22:11.404176 7f869af78700 10 osd.26 243 do_waiters -- finish
2014-06-09 16:22:11.404177 7f869af78700 20 osd.26 243 _dispatch 0x2d732000 pg_notify(2.740(22) epoch 242) v5
2014-06-09 16:22:11.404172 7f8690f64700 10 osd.26 pg_epoch: 243 pg[3.19( v 213'743 (0'0,213'743] local-les=243 n=141 ec=118 les/c 212/212 242/242/211) [8,26] r=1 lpr=242 pi=118-241/10 crt=0'0 lcod 0'0 inactive] state: Activate Finished
2014-06-09 16:22:11.404181 7f869af78700 5 -- op tracker -- , seq: 1585, time:
2014-06-09 16:22:10.898108, event: header_read, op: pg_notify(2.740(22) epoch 242)
2014-06-09 16:22:11.404188 7f869af78700 5 -- op tracker -- , seq: 1585, time:
2014-06-09 16:22:10.898108, event: throttled, op: pg_notify(2.740(22) epoch 242)
2014-06-09 16:22:11.404193 7f869af78700 5 -- op tracker -- , seq: 1585, time:
2014-06-09 16:22:10.898125, event: all_read, op: pg_notify(2.740(22) epoch 242)
2014-06-09 16:22:11.404199 7f869af78700 5 -- op tracker -- , seq: 1585, time:
2014-06-09 16:22:11.404174, event: dispatched, op: pg_notify(2.740(22) epoch 242)
2014-06-09 16:22:11.404206 7f869af78700 5 -- op tracker -- , seq: 1585, time:
2014-06-09 16:22:11.404204, event: waiting_for_osdmap, op: pg_notify(2.740(22) epoch 242)
2014-06-09 16:22:11.404209 7f8690f64700 10 log is not dirty
2014-06-09 16:22:11.404210 7f869af78700 7 osd.26 243 handle_pg_notify from osd.2
2014-06-09 16:22:11.404212 7f869af78700 15 osd.26 243 require_same_or_newer_map 242 (i am 243) 0x2d732000
2014-06-09 16:22:11.404213 7f8690f64700 5 queue_transactions existing osr(3.19 0x3ed03a0)/0x3ed03a0
2014-06-09 16:22:11.404216 7f8690f64700 10 op_submit_start 3122
2014-06-09 16:22:11.404217 7f8690f64700 5 queue_transactions (trailing journal) 3122
2014-06-09 16:22:11.404218 7f8690f64700 5 queue_op 0x30060960 seq 3122 osr(3.19 0x3ed03a0) 1332 bytes (queue has 8 ops and 13522 bytes)
2014-06-09 16:22:11.404216 7f869af78700 5 -- op tracker -- , seq: 1585, time:
2014-06-09 16:22:11.404214, event: started, op: pg_notify(2.740(22) epoch 242)
2014-06-09 16:22:11.404220 7f8690f64700 10 op_submit_finish 3122
2014-06-09 16:22:11.404228 7f8690f64700 15 OSD::op_tp worker wq OSD::PeeringWQ done processing 0xb7f0240 (14 active)
2014-06-09 16:22:11.404232 7f8690f64700 12 OSD::op_tp worker wq OSD::PeeringWQ start processing 0xb7f0240 (15 active)
2014-06-09 16:22:11.404235 7f868cf5c700 20 OSD::op_tp worker waiting
2014-06-09 16:22:11.404241 7f868ef60700 20 OSD::op_tp worker waiting
2014-06-09 16:22:11.404245 7f8690763700 20 OSD::op_tp worker waiting
2014-06-09 16:22:11.404237 7f8690f64700 10 osd.26 pg_epoch: 243 pg[0.1c8( empty local-les=243 n=0 ec=1 les/c 208/208 242/242/242) [26,6] r=0 lpr=242 pi=207-241/2 crt=0'0 mlcod 0'0 inactive] handle_peering_event: epoch_sent: 242 epoch_requested: 242 MNotifyRec from 6 notify: (query_epoch:242, epoch_sent:242, info:0.1c8( empty local-les=208 n=0 ec=1 les/c 208/208 242/242/242))
2014-06-09 16:22:11.404248 7f868f761700 20 OSD::op_tp worker waiting
2014-06-09 16:22:11.404249 7f8690f64700 10 osd.26 pg_epoch: 243 pg[0.1c8( empty local-les=243 n=0 ec=1 les/c 208/208 242/242/242) [26,6] r=0 lpr=242 pi=207-241/2 crt=0'0 mlcod 0'0 inactive] state: Active: got notify from 6, already have info from that osd, ignoring
2014-06-09 16:22:11.404258 7f8690f64700 10 log is not dirty
2014-06-09 16:22:11.404263 7f8690f64700 10 osd.26 pg_epoch: 243 pg[1.a2( empty local-les=191 n=0 ec=1 les/c 191/191 242/242/220) [0,26] r=1 lpr=242 pi=1-241/22 crt=0'0 inactive NOTIFY] handle_peering_event: epoch_sent: 243 epoch_requested: 243 MLogRec from 0
2014-06-09 16:22:11.404255 7f868a757700 10 osd.26 243 dequeue_op 0x14052f00 prio 63 cost 516096 latency 0.950674 osd_op(client.4569.0:38602 rbd_data.11796b8b4567.0000000000001aa5 [set-alloc-hint object_size 4194304 write_size 4194304,write 1482752~516096] 3.bc70b3b4 RETRY=3 ack+ondisk+retry+write e242) v4 pg pg[3.3b4( v 214'677 lc 214'675 (0'0,214'677] local-les=243 n=133 ec=118 les/c 212/212 242/242/242) [26,8] r=0 lpr=242 pi=211-241/2 crt=214'677 lcod 0'0 mlcod 0'0 inactive m=2]
2014-06-09 16:22:11.404272 7f8690f64700 10 osd.26 pg_epoch: 243 pg[1.a2( empty local-les=191 n=0 ec=1 les/c 191/191 242/242/220) [0,26] r=1 lpr=242 pi=1-241/22 crt=0'0 inactive NOTIFY] state: got info+log from osd.0 1.a2( empty local-les=243 n=0 ec=1 les/c 191/191 242/242/220) log((0'0,0'0], crt=0'0)
2014-06-09 16:22:11.404279 7f868a757700 5 -- op tracker -- , seq: 375, time:
2014-06-09 16:22:11.404274, event: reached_pg, op: osd_op(client.4569.0:38602 rbd_data.11796b8b4567.0000000000001aa5 [set-alloc-hint object_size 4194304 write_size 4194304,write 1482752~516096] 3.bc70b3b4 RETRY=3 ack+ondisk+retry+write e242)
2014-06-09 16:22:11.404282 7f8690f64700 10 merge_log log((0'0,0'0], crt=0'0) from osd.0 into log((0'0,0'0], crt=0'0)
2014-06-09 16:22:11.404286 7f8690f64700 10 merge_log result log((0'0,0'0], crt=0'0) missing(0) changed=0
2014-06-09 16:22:11.404290 7f8690f64700 5 osd.26 pg_epoch: 243 pg[1.a2( empty local-les=191 n=0 ec=1 les/c 191/191 242/242/220) [0,26] r=1 lpr=242 pi=1-241/22 crt=0'0 inactive NOTIFY] exit Started/Stray 1.048452 7 0.000204
2014-06-09 16:22:11.404286 7f868a757700 20 osd.26 pg_epoch: 243 pg[3.3b4( v 214'677 lc 214'675 (0'0,214'677] local-les=243 n=133 ec=118 les/c 212/212 242/242/242) [26,8] r=0 lpr=242 pi=211-241/2 crt=214'677 lcod 0'0 mlcod 0'0 inactive m=2] op_has_sufficient_caps pool=3 (ceph ) owner=0 need_read_cap=0 need_write_cap=1 need_class_read_cap=0 need_class_write_cap=0 -> yes
2014-06-09 16:22:11.404300 7f8690f64700 5 osd.26 pg_epoch: 243 pg[1.a2( empty local-les=191 n=0 ec=1 les/c 191/191 242/242/220) [0,26] r=1 lpr=242 pi=1-241/22 crt=0'0 inactive NOTIFY] enter Started/ReplicaActive
2014-06-09 16:22:11.404300 7f868a757700 10 osd.26 pg_epoch: 243 pg[3.3b4( v 214'677 lc 214'675 (0'0,214'677] local-les=243 n=133 ec=118 les/c 212/212 242/242/242) [26,8] r=0 lpr=242 pi=211-241/2 crt=214'677 lcod 0'0 mlcod 0'0 inactive m=2] can_handle_while_inactive: 0x14052f00
2014-06-09 16:22:11.404311 7f868a757700 10 osd.26 243 dequeue_op 0x14052f00 finish
2014-06-09 16:22:11.404310 7f8690f64700 5 osd.26 pg_epoch: 243 pg[1.a2( empty local-les=191 n=0 ec=1 les/c 191/191 242/242/220) [0,26] r=1 lpr=242 pi=1-241/22 crt=0'0 inactive NOTIFY] enter Started/ReplicaActive/RepNotRecovering
2014-06-09 16:22:11.404317 7f868a757700 15 OSD::op_tp worker wq OSD::OpWQ done processing 0x1 (14 active)
2014-06-09 16:22:11.404320 7f868a757700 20 OSD::op_tp worker waiting
2014-06-09 16:22:11.404319 7f8690f64700 10 osd.26 pg_epoch: 243 pg[1.a2( empty local-les=191 n=0 ec=1 les/c 191/191 242/242/220) [0,26] r=1 lpr=242 pi=1-241/22 crt=0'0 inactive NOTIFY] state: In ReplicaActive, about to call activate
2014-06-09 16:22:11.404329 7f869af78700 5 -- op tracker -- , seq: 1585, time:
2014-06-09 16:22:11.404327, event: done, op: pg_notify(2.740(22) epoch 242)
2014-06-09 16:22:11.404328 7f8690f64700 10 osd.26 pg_epoch: 243 pg[1.a2( empty local-les=243 n=0 ec=1 les/c 191/191 242/242/220) [0,26] r=1 lpr=242 pi=1-241/22 crt=0'0 inactive] activate - no missing, moving last_complete 0'0 -> 0'0
2014-06-09 16:22:11.404338 7f869af78700 10 osd.26 243 do_waiters -- start
2014-06-09 16:22:11.404340 7f869af78700 10 osd.26 243 do_waiters -- finish
2014-06-09 16:22:11.404336 7f8690f64700 10 osd.26 pg_epoch: 243 pg[1.a2( empty local-les=243 n=0 ec=1 les/c 191/191 242/242/220) [0,26] r=1 lpr=242 pi=1-241/22 crt=0'0 inactive] state: Activate Finished
2014-06-09 16:22:11.404357 7f869af78700 10 osd.26 243 do_waiters -- start
2014-06-09 16:22:11.404358 7f869af78700 10 osd.26 243 do_waiters -- finish
2014-06-09 16:22:11.404359 7f869af78700 20 osd.26 243 _dispatch 0x11c67dc0 pg_notify(2.5d3(20) epoch 242) v5
2014-06-09 16:22:11.404364 7f869af78700 5 -- op tracker -- , seq: 1586, time:
2014-06-09 16:22:10.845796, event: header_read, op: pg_notify(2.5d3(20) epoch 242)
2014-06-09 16:22:11.404371 7f869af78700 5 -- op tracker -- , seq: 1586, time:
2014-06-09 16:22:10.845796, event: throttled, op: pg_notify(2.5d3(20) epoch 242)
2014-06-09 16:22:11.404377 7f869af78700 5 -- op tracker -- , seq: 1586, time:
2014-06-09 16:22:10.845822, event: all_read, op: pg_notify(2.5d3(20) epoch 242)
2014-06-09 16:22:11.404380 7f8690f64700 10 log is not dirty
2014-06-09 16:22:11.404384 7f8690f64700 5 queue_transactions existing osr(1.a2 0x384c790)/0x384c790
2014-06-09 16:22:11.404383 7f869af78700 5 -- op tracker -- , seq: 1586, time:
2014-06-09 16:22:11.404356, event: dispatched, op: pg_notify(2.5d3(20) epoch 242)
2014-06-09 16:22:11.404387 7f8690f64700 10 op_submit_start 3123
2014-06-09 16:22:11.404388 7f8690f64700 5 queue_transactions (trailing journal) 3123
2014-06-09 16:22:11.404389 7f8690f64700 5 queue_op 0x30060900 seq 3123 osr(1.a2 0x384c790) 1880 bytes (queue has 9 ops and 15402 bytes)
2014-06-09 16:22:11.404391 7f8690f64700 10 op_submit_finish 3123
2014-06-09 16:22:11.404389 7f869af78700 5 -- op tracker -- , seq: 1586, time:
2014-06-09 16:22:11.404387, event: waiting_for_osdmap, op: pg_notify(2.5d3(20) epoch 242)
2014-06-09 16:22:11.404394 7f869af78700 7 osd.26 243 handle_pg_notify from osd.4
2014-06-09 16:22:11.404396 7f869af78700 15 osd.26 243 require_same_or_newer_map 242 (i am 243) 0x11c67dc0
2014-06-09 16:22:11.404400 7f869af78700 5 -- op tracker -- , seq: 1586, time:
