2014-06-09 16:22:11.425403 7f869af78700 5 -- op tracker -- , seq: 1599, time:
2014-06-09 16:22:11.425400, event: started, op: pg_log(0.e8 epoch 243 log log((0'0,0'0], crt=0'0) query_epoch 243)
2014-06-09 16:22:11.425417 7f86a5610700 10 cid: oid: 16ef7597/infos/head//-1 skipping op, spos 3118.0.0 <= header.spos 150443.0.0
2014-06-09 16:22:11.425417 7f869af78700 5 -- op tracker -- , seq: 1599, time:
2014-06-09 16:22:11.425414, event: done, op: pg_log(0.e8 epoch 243 log log((0'0,0'0], crt=0'0) query_epoch 243)
2014-06-09 16:22:11.425421 7f86a5610700 5 submit_transaction r = 0
2014-06-09 16:22:11.425424 7f869af78700 10 osd.26 243 do_waiters -- start
2014-06-09 16:22:11.425426 7f869af78700 10 osd.26 243 do_waiters -- finish
2014-06-09 16:22:11.425438 7f869af78700 10 osd.26 243 do_waiters -- start
2014-06-09 16:22:11.425439 7f869af78700 10 osd.26 243 do_waiters -- finish
2014-06-09 16:22:11.425440 7f869af78700 20 osd.26 243 _dispatch 0x2fe35600 pg_log(2.65 epoch 243 log log((0'0,0'0], crt=0'0) query_epoch 243) v4
2014-06-09 16:22:11.425446 7f869af78700 5 -- op tracker -- , seq: 1600, time:
2014-06-09 16:22:11.021351, event: header_read, op: pg_log(2.65 epoch 243 log log((0'0,0'0], crt=0'0) query_epoch 243)
2014-06-09 16:22:11.425453 7f869af78700 5 -- op tracker -- , seq: 1600, time:
2014-06-09 16:22:11.021352, event: throttled, op: pg_log(2.65 epoch 243 log log((0'0,0'0], crt=0'0) query_epoch 243)
2014-06-09 16:22:11.425459 7f869af78700 5 -- op tracker -- , seq: 1600, time:
2014-06-09 16:22:11.021364, event: all_read, op: pg_log(2.65 epoch 243 log log((0'0,0'0], crt=0'0) query_epoch 243)
2014-06-09 16:22:11.425464 7f86a5610700 10 _do_op 0x308ca300 seq 3118 r = 0, finisher 0xbd652c0 0
2014-06-09 16:22:11.425466 7f869af78700 5 -- op tracker -- , seq: 1600, time:
2014-06-09 16:22:11.425438, event: dispatched, op: pg_log(2.65 epoch 243 log log((0'0,0'0], crt=0'0) query_epoch 243)
2014-06-09 16:22:11.425468 7f86a5610700 10 _finish_op 0x308ca300 seq 3118 osr(3.6d5 0x3ed1c30)/0x3ed1c30
2014-06-09 16:22:11.425471 7f86a5610700 15 KeyValueStore::op_tp worker wq KeyValueStore::OpWQ done processing 0xc301c20 (1 active)
2014-06-09 16:22:11.425474 7f86a5610700 12 KeyValueStore::op_tp worker wq KeyValueStore::OpWQ start processing 0xc62f560 (2 active)
2014-06-09 16:22:11.425473 7f869af78700 5 -- op tracker -- , seq: 1600, time:
2014-06-09 16:22:11.425470, event: waiting_for_osdmap, op: pg_log(2.65 epoch 243 log log((0'0,0'0], crt=0'0) query_epoch 243)
2014-06-09 16:22:11.425476 7f86a5610700 5 _do_op 0x308ca2a0 seq 3119 osr(3.359 0x3ed10f0)/0x3ed10f0 start
2014-06-09 16:22:11.425477 7f869af78700 7 osd.26 243 handle_pg_log pg_log(2.65 epoch 243 log log((0'0,0'0], crt=0'0) query_epoch 243) v4 from osd.8
2014-06-09 16:22:11.425479 7f86a5610700 10 _do_transaction on 0x390c6c0
2014-06-09 16:22:11.425480 7f869af78700 15 osd.26 243 require_same_or_newer_map 243 (i am 243) 0x2fe35600
2014-06-09 16:22:11.425485 7f86a5610700 15 _omap_setkeys meta/16ef7597/infos/head//-1
2014-06-09 16:22:11.425485 7f869af78700 5 -- op tracker -- , seq: 1600, time:
2014-06-09 16:22:11.425483, event: started, op: pg_log(2.65 epoch 243 log log((0'0,0'0], crt=0'0) query_epoch 243)
2014-06-09 16:22:11.425498 7f869af78700 5 -- op tracker -- , seq: 1600, time:
2014-06-09 16:22:11.425496, event: done, op: pg_log(2.65 epoch 243 log log((0'0,0'0], crt=0'0) query_epoch 243)
2014-06-09 16:22:11.425507 7f869af78700 10 osd.26 243 do_waiters -- start
2014-06-09 16:22:11.425509 7f869af78700 10 osd.26 243 do_waiters -- finish
2014-06-09 16:22:11.425520 7f869af78700 10 osd.26 243 do_waiters -- start
2014-06-09 16:22:11.425519 7f86a5610700 10 lookup_strip_header done cid meta oid 16ef7597/infos/head//-1
2014-06-09 16:22:11.425522 7f869af78700 10 osd.26 243 do_waiters -- finish
2014-06-09 16:22:11.425523 7f869af78700 20 osd.26 243 _dispatch 0x1c039a40 pg_notify(2.19(20) epoch 243) v5
2014-06-09 16:22:11.425527 7f869af78700 5 -- op tracker -- , seq: 1601, time:
2014-06-09 16:22:11.009078, event: header_read, op: pg_notify(2.19(20) epoch 243)
2014-06-09 16:22:11.425533 7f869af78700 5 -- op tracker -- , seq: 1601, time:
2014-06-09 16:22:11.009079, event: throttled, op: pg_notify(2.19(20) epoch 243)
2014-06-09 16:22:11.425535 7f86a5610700 10 cid: oid: 16ef7597/infos/head//-1 skipping op, spos 3119.0.0 <= header.spos 150443.0.0
2014-06-09 16:22:11.425540 7f86a5610700 5 submit_transaction r = 0
2014-06-09 16:22:11.425539 7f869af78700 5 -- op tracker -- , seq: 1601, time:
2014-06-09 16:22:11.009103, event: all_read, op: pg_notify(2.19(20) epoch 243)
2014-06-09 16:22:11.425544 7f869af78700 5 -- op tracker -- , seq: 1601, time:
2014-06-09 16:22:11.425520, event: dispatched, op: pg_notify(2.19(20) epoch 243)
2014-06-09 16:22:11.425550 7f869af78700 5 -- op tracker -- , seq: 1601, time:
2014-06-09 16:22:11.425549, event: waiting_for_osdmap, op: pg_notify(2.19(20) epoch 243)
2014-06-09 16:22:11.425554 7f869af78700 7 osd.26 243 handle_pg_notify from osd.6
2014-06-09 16:22:11.425556 7f869af78700 15 osd.26 243 require_same_or_newer_map 243 (i am 243) 0x1c039a40
2014-06-09 16:22:11.425557 7f86a5610700 10 _do_op 0x308ca2a0 seq 3119 r = 0, finisher 0xbd751e0 0
2014-06-09 16:22:11.425561 7f86a5610700 10 _finish_op 0x308ca2a0 seq 3119 osr(3.359 0x3ed10f0)/0x3ed10f0
2014-06-09 16:22:11.425560 7f869af78700 5 -- op tracker -- , seq: 1601, time:
2014-06-09 16:22:11.425558, event: started, op: pg_notify(2.19(20) epoch 243)
2014-06-09 16:22:11.425563 7f86a5610700 15 KeyValueStore::op_tp worker wq KeyValueStore::OpWQ done processing 0xc62f560 (1 active)
2014-06-09 16:22:11.425566 7f86a5610700 12 KeyValueStore::op_tp worker wq KeyValueStore::OpWQ start processing 0xc3d10e0 (2 active)
2014-06-09 16:22:11.425568 7f86a5610700 5 _do_op 0x308ca240 seq 3120 osr(2.530 0x2ed19b0)/0x2ed19b0 start
2014-06-09 16:22:11.425571 7f86a5610700 10 _do_transaction on 0x3128cc0
2014-06-09 16:22:11.425577 7f86a5610700 15 _omap_setkeys meta/16ef7597/infos/head//-1
2014-06-09 16:22:11.425577 7f869af78700 5 -- op tracker -- , seq: 1601, time:
2014-06-09 16:22:11.425575, event: done, op: pg_notify(2.19(20) epoch 243)
2014-06-09 16:22:11.425585 7f869af78700 10 osd.26 243 do_waiters -- start
2014-06-09 16:22:11.425586 7f869af78700 10 osd.26 243 do_waiters -- finish
2014-06-09 16:22:11.425603 7f869af78700 10 osd.26 243 do_waiters -- start
2014-06-09 16:22:11.425604 7f869af78700 10 osd.26 243 do_waiters -- finish
2014-06-09 16:22:11.425605 7f869af78700 20 osd.26 243 _dispatch 0x1607afc0 pg_notify(1.36f(21),0.370(21) epoch 243) v5
2014-06-09 16:22:11.425609 7f86a5610700 10 lookup_strip_header done cid meta oid 16ef7597/infos/head//-1
2014-06-09 16:22:11.425611 7f869af78700 5 -- op tracker -- , seq: 1602, time:
2014-06-09 16:22:11.038852, event: header_read, op: pg_notify(1.36f(21),0.370(21) epoch 243)
2014-06-09 16:22:11.425617 7f869af78700 5 -- op tracker -- , seq: 1602, time:
2014-06-09 16:22:11.038853, event: throttled, op: pg_notify(1.36f(21),0.370(21) epoch 243)
2014-06-09 16:22:11.425624 7f869af78700 5 -- op tracker -- , seq: 1602, time:
2014-06-09 16:22:11.038884, event: all_read, op: pg_notify(1.36f(21),0.370(21) epoch 243)
2014-06-09 16:22:11.425625 7f86a5610700 10 cid: oid: 16ef7597/infos/head//-1 skipping op, spos 3120.0.0 <= header.spos 150443.0.0
2014-06-09 16:22:11.425630 7f86a5610700 5 submit_transaction r = 0
2014-06-09 16:22:11.425630 7f869af78700 5 -- op tracker -- , seq: 1602, time:
2014-06-09 16:22:11.425603, event: dispatched, op: pg_notify(1.36f(21),0.370(21) epoch 243)
2014-06-09 16:22:11.425636 7f869af78700 5 -- op tracker -- , seq: 1602, time:
2014-06-09 16:22:11.425634, event: waiting_for_osdmap, op: pg_notify(1.36f(21),0.370(21) epoch 243)
2014-06-09 16:22:11.425640 7f869af78700 7 osd.26 243 handle_pg_notify from osd.0
2014-06-09 16:22:11.425642 7f869af78700 15 osd.26 243 require_same_or_newer_map 243 (i am 243) 0x1607afc0
2014-06-09 16:22:11.425646 7f869af78700 5 -- op tracker -- , seq: 1602, time:
2014-06-09 16:22:11.425644, event: started, op: pg_notify(1.36f(21),0.370(21) epoch 243)
2014-06-09 16:22:11.425663 7f86a5610700 10 _do_op 0x308ca240 seq 3120 r = 0, finisher 0xbd6c1e0 0
2014-06-09 16:22:11.425666 7f86a5610700 10 _finish_op 0x308ca240 seq 3120 osr(2.530 0x2ed19b0)/0x2ed19b0
2014-06-09 16:22:11.425669 7f86a5610700 15 KeyValueStore::op_tp worker wq KeyValueStore::OpWQ done processing 0xc3d10e0 (1 active)
2014-06-09 16:22:11.425672 7f86a5610700 12 KeyValueStore::op_tp worker wq KeyValueStore::OpWQ start processing 0xc52d440 (2 active)
2014-06-09 16:22:11.425671 7f869af78700 5 -- op tracker -- , seq: 1602, time:
2014-06-09 16:22:11.425668, event: done, op: pg_notify(1.36f(21),0.370(21) epoch 243)
2014-06-09 16:22:11.425674 7f86a5610700 5 _do_op 0x308ca0c0 seq 3121 osr(1.56 0x384c5f0)/0x384c5f0 start
2014-06-09 16:22:11.425676 7f86a5610700 10 _do_transaction on 0xc3f2cc0
2014-06-09 16:22:11.425678 7f869af78700 10 osd.26 243 do_waiters -- start
2014-06-09 16:22:11.425680 7f869af78700 10 osd.26 243 do_waiters -- finish
2014-06-09 16:22:11.425682 7f86a5610700 15 _omap_setkeys meta/16ef7597/infos/head//-1
2014-06-09 16:22:11.425700 7f869af78700 10 osd.26 243 do_waiters -- start
2014-06-09 16:22:11.425702 7f869af78700 10 osd.26 243 do_waiters -- finish
2014-06-09 16:22:11.425703 7f869af78700 20 osd.26 243 _dispatch 0x305e4400 pg_log(2.3c0 epoch 243 log log((0'0,0'0], crt=0'0) query_epoch 243) v4
2014-06-09 16:22:11.425709 7f869af78700 5 -- op tracker -- , seq: 1603, time:
2014-06-09 16:22:11.086918, event: header_read, op: pg_log(2.3c0 epoch 243 log log((0'0,0'0], crt=0'0) query_epoch 243)
2014-06-09 16:22:11.425715 7f86a5610700 10 lookup_strip_header done cid meta oid 16ef7597/infos/head//-1
2014-06-09 16:22:11.425715 7f869af78700 5 -- op tracker -- , seq: 1603, time:
2014-06-09 16:22:11.086919, event: throttled, op: pg_log(2.3c0 epoch 243 log log((0'0,0'0], crt=0'0) query_epoch 243)
2014-06-09 16:22:11.425722 7f869af78700 5 -- op tracker -- , seq: 1603, time:
2014-06-09 16:22:11.086930, event: all_read, op: pg_log(2.3c0 epoch 243 log log((0'0,0'0], crt=0'0) query_epoch 243)
2014-06-09 16:22:11.425728 7f869af78700 5 -- op tracker -- , seq: 1603, time:
2014-06-09 16:22:11.425700, event: dispatched, op: pg_log(2.3c0 epoch 243 log log((0'0,0'0], crt=0'0) query_epoch 243)
2014-06-09 16:22:11.425731 7f86a5610700 10 cid: oid: 16ef7597/infos/head//-1 skipping op, spos 3121.0.0 <= header.spos 150443.0.0
2014-06-09 16:22:11.425736 7f86a5610700 5 submit_transaction r = 0
2014-06-09 16:22:11.425735 7f869af78700 5 -- op tracker -- , seq: 1603, time:
2014-06-09 16:22:11.425732, event: waiting_for_osdmap, op: pg_log(2.3c0 epoch 243 log log((0'0,0'0], crt=0'0) query_epoch 243)
2014-06-09 16:22:11.425739 7f869af78700 7 osd.26 243 handle_pg_log pg_log(2.3c0 epoch 243 log log((0'0,0'0], crt=0'0) query_epoch 243) v4 from osd.5
2014-06-09 16:22:11.425742 7f869af78700 15 osd.26 243 require_same_or_newer_map 243 (i am 243) 0x305e4400
2014-06-09 16:22:11.425747 7f869af78700 5 -- op tracker -- , seq: 1603, time:
2014-06-09 16:22:11.425745, event: started, op: pg_log(2.3c0 epoch 243 log log((0'0,0'0], crt=0'0) query_epoch 243)
2014-06-09 16:22:11.425754 7f86a5610700 10 _do_op 0x308ca0c0 seq 3121 r = 0, finisher 0xbd63c60 0
2014-06-09 16:22:11.425757 7f86a5610700 10 _finish_op 0x308ca0c0 seq 3121 osr(1.56 0x384c5f0)/0x384c5f0
2014-06-09 16:22:11.425760 7f86a5610700 15 KeyValueStore::op_tp worker wq KeyValueStore::OpWQ done processing 0xc52d440 (1 active)
2014-06-09 16:22:11.425759 7f869af78700 5 -- op tracker -- , seq: 1603, time:
2014-06-09 16:22:11.425757, event: done, op: pg_log(2.3c0 epoch 243 log log((0'0,0'0], crt=0'0) query_epoch 243)
2014-06-09 16:22:11.425762 7f86a5610700 12 KeyValueStore::op_tp worker wq KeyValueStore::OpWQ start processing 0x383ed80 (2 active)
2014-06-09 16:22:11.425764 7f86a5610700 5 _do_op 0x30060960 seq 3122 osr(3.19 0x3ed03a0)/0x3ed03a0 start
2014-06-09 16:22:11.425766 7f869af78700 10 osd.26 243 do_waiters -- start
2014-06-09 16:22:11.425767 7f86a5610700 10 _do_transaction on 0x3540f00
2014-06-09 16:22:11.425767 7f869af78700 10 osd.26 243 do_waiters -- finish
2014-06-09 16:22:11.425773 7f86a5610700 15 _omap_setkeys meta/16ef7597/infos/head//-1
2014-06-09 16:22:11.425779 7f869af78700 10 osd.26 243 do_waiters -- start
2014-06-09 16:22:11.425781 7f869af78700 10 osd.26 243 do_waiters -- finish
2014-06-09 16:22:11.425782 7f869af78700 20 osd.26 243 _dispatch 0x2d735200 pg_log(3.2b epoch 242 log log((0'0,213'613], crt=0'0) query_epoch 242) v4
2014-06-09 16:22:11.425788 7f869af78700 5 -- op tracker -- , seq: 1604, time:
2014-06-09 16:22:10.931693, event: header_read, op: pg_log(3.2b epoch 242 log log((0'0,213'613], crt=0'0) query_epoch 242)
2014-06-09 16:22:11.425795 7f869af78700 5 -- op tracker -- , seq: 1604, time:
2014-06-09 16:22:10.931694, event: throttled, op: pg_log(3.2b epoch 242 log log((0'0,213'613], crt=0'0) query_epoch 242)
2014-06-09 16:22:11.425801 7f869af78700 5 -- op tracker -- , seq: 1604, time:
2014-06-09 16:22:10.932516, event: all_read, op: pg_log(3.2b epoch 242 log log((0'0,213'613], crt=0'0) query_epoch 242)
2014-06-09 16:22:11.425805 7f86a5610700 10 lookup_strip_header done cid meta oid 16ef7597/infos/head//-1
2014-06-09 16:22:11.425808 7f869af78700 5 -- op tracker -- , seq: 1604, time:
2014-06-09 16:22:11.425779, event: dispatched, op: pg_log(3.2b epoch 242 log log((0'0,213'613], crt=0'0) query_epoch 242)
2014-06-09 16:22:11.425814 7f869af78700 5 -- op tracker -- , seq: 1604, time:
2014-06-09 16:22:11.425812, event: waiting_for_osdmap, op: pg_log(3.2b epoch 242 log log((0'0,213'613], crt=0'0) query_epoch 242)
2014-06-09 16:22:11.425818 7f869af78700 7 osd.26 243 handle_pg_log pg_log(3.2b epoch 242 log log((0'0,213'613], crt=0'0) query_epoch 242) v4 from osd.2
2014-06-09 16:22:11.425822 7f869af78700 15 osd.26 243 require_same_or_newer_map 242 (i am 243) 0x2d735200
2014-06-09 16:22:11.425821 7f86a5610700 10 cid: oid: 16ef7597/infos/head//-1 skipping op, spos 3122.0.0 <= header.spos 150443.0.0
2014-06-09 16:22:11.425826 7f86a5610700 5 submit_transaction r = 0
2014-06-09 16:22:11.425827 7f869af78700 5 -- op tracker -- , seq: 1604, time:
2014-06-09 16:22:11.425824, event: started, op: pg_log(3.2b epoch 242 log log((0'0,213'613], crt=0'0) query_epoch 242)
2014-06-09 16:22:11.425838 7f869af78700 5 -- op tracker -- , seq: 1604, time:
2014-06-09 16:22:11.425836, event: done, op: pg_log(3.2b epoch 242 log log((0'0,213'613], crt=0'0) query_epoch 242)
2014-06-09 16:22:11.425841 7f86a5610700 10 _do_op 0x30060960 seq 3122 r = 0, finisher 0xc6e9200 0
2014-06-09 16:22:11.425845 7f86a5610700 10 _finish_op 0x30060960 seq 3122 osr(3.19 0x3ed03a0)/0x3ed03a0
2014-06-09 16:22:11.425847 7f86a5610700 15 KeyValueStore::op_tp worker wq KeyValueStore::OpWQ done processing 0x383ed80 (1 active)
2014-06-09 16:22:11.425849 7f86a5610700 12 KeyValueStore::op_tp worker wq KeyValueStore::OpWQ start processing 0xc3398c0 (2 active)
2014-06-09 16:22:11.425851 7f86a5610700 5 _do_op 0x30060900 seq 3123 osr(1.a2 0x384c790)/0x384c790 start
2014-06-09 16:22:11.425854 7f86a5610700 10 _do_transaction on 0xc252540
2014-06-09 16:22:11.425854 7f869af78700 10 osd.26 243 do_waiters -- start
2014-06-09 16:22:11.425855 7f869af78700 10 osd.26 243 do_waiters -- finish
2014-06-09 16:22:11.425859 7f86a5610700 15 _omap_setkeys meta/16ef7597/infos/head//-1
2014-06-09 16:22:11.425867 7f869af78700 10 osd.26 243 do_waiters -- start
2014-06-09 16:22:11.425868 7f869af78700 10 osd.26 243 do_waiters -- finish
2014-06-09 16:22:11.425869 7f869af78700 20 osd.26 243 _dispatch 0x2d095a40 pg_notify(3.6d8(10) epoch 242) v5
2014-06-09 16:22:11.425874 7f869af78700 5 -- op tracker -- , seq: 1605, time:
2014-06-09 16:22:10.860541, event: header_read, op: pg_notify(3.6d8(10) epoch 242)
2014-06-09 16:22:11.425880 7f869af78700 5 -- op tracker -- , seq: 1605, time:
2014-06-09 16:22:10.860542, event: throttled, op: pg_notify(3.6d8(10) epoch 242)
2014-06-09 16:22:11.425885 7f869af78700 5 -- op tracker -- , seq: 1605, time:
2014-06-09 16:22:10.860565, event: all_read, op: pg_notify(3.6d8(10) epoch 242)
2014-06-09 16:22:11.425891 7f86a5610700 10 lookup_strip_header done cid meta oid 16ef7597/infos/head//-1
2014-06-09 16:22:11.425891 7f869af78700 5 -- op tracker -- , seq: 1605, time:
2014-06-09 16:22:11.425866, event: dispatched, op: pg_notify(3.6d8(10) epoch 242)
2014-06-09 16:22:11.425897 7f869af78700 5 -- op tracker -- , seq: 1605, time:
2014-06-09 16:22:11.425895, event: waiting_for_osdmap, op: pg_notify(3.6d8(10) epoch 242)
2014-06-09 16:22:11.425900 7f869af78700 7 osd.26 243 handle_pg_notify from osd.4
2014-06-09 16:22:11.425902 7f869af78700 15 osd.26 243 require_same_or_newer_map 242 (i am 243) 0x2d095a40
2014-06-09 16:22:11.425906 7f869af78700 5 -- op tracker -- , seq: 1605, time:
2014-06-09 16:22:11.425905, event: started, op: pg_notify(3.6d8(10) epoch 242)
2014-06-09 16:22:11.425907 7f86a5610700 10 cid: oid: 16ef7597/infos/head//-1 skipping op, spos 3123.0.0 <= header.spos 150443.0.0
2014-06-09 16:22:11.425911 7f86a5610700 5 submit_transaction r = 0
2014-06-09 16:22:11.425921 7f869af78700 5 -- op tracker -- , seq: 1605, time:
2014-06-09 16:22:11.425920, event: done, op: pg_notify(3.6d8(10) epoch 242)
2014-06-09 16:22:11.425928 7f869af78700 10 osd.26 243 do_waiters -- start
2014-06-09 16:22:11.425930 7f869af78700 10 osd.26 243 do_waiters -- finish
2014-06-09 16:22:11.425938 7f86a5610700 10 _do_op 0x30060900 seq 3123 r = 0, finisher 0xc2d63a0 0
2014-06-09 16:22:11.425942 7f86a5610700 10 _finish_op 0x30060900 seq 3123 osr(1.a2 0x384c790)/0x384c790
2014-06-09 16:22:11.425944 7f869af78700 10 osd.26 243 do_waiters -- start
2014-06-09 16:22:11.425945 7f869af78700 10 osd.26 243 do_waiters -- finish
2014-06-09 16:22:11.425945 7f86a5610700 15 KeyValueStore::op_tp worker wq KeyValueStore::OpWQ done processing 0xc3398c0 (1 active)
2014-06-09 16:22:11.425947 7f86a5610700 12 KeyValueStore::op_tp worker wq KeyValueStore::OpWQ start processing 0xc6dc7e0 (2 active)
2014-06-09 16:22:11.425946 7f869af78700 20 osd.26 243 _dispatch 0x30573000 pg_log(2.298 epoch 243 log log((0'0,0'0], crt=0'0) query_epoch 243) v4
2014-06-09 16:22:11.425949 7f86a5610700 5 _do_op 0x309a2cc0 seq 3124 osr(1.560 0x384da90)/0x384da90 start
2014-06-09 16:22:11.425952 7f86a5610700 10 _do_transaction on 0xbf47440
2014-06-09 16:22:11.425952 7f869af78700 5 -- op tracker -- , seq: 1606, time:
2014-06-09 16:22:11.106970, event: header_read, op: pg_log(2.298 epoch 243 log log((0'0,0'0], crt=0'0) query_epoch 243)
2014-06-09 16:22:11.425957 7f86a5610700 15 _omap_setkeys meta/16ef7597/infos/head//-1
2014-06-09 16:22:11.425960 7f869af78700 5 -- op tracker -- , seq: 1606, time:
2014-06-09 16:22:11.106970, event: throttled, op: pg_log(2.298 epoch 243 log log((0'0,0'0], crt=0'0) query_epoch 243)
2014-06-09 16:22:11.425966 7f869af78700 5 -- op tracker -- , seq: 1606, time:
2014-06-09 16:22:11.106978, event: all_read, op: pg_log(2.298 epoch 243 log log((0'0,0'0], crt=0'0) query_epoch 243)
2014-06-09 16:22:11.425972 7f869af78700 5 -- op tracker -- , seq: 1606, time:
2014-06-09 16:22:11.425944, event: dispatched, op: pg_log(2.298 epoch 243 log log((0'0,0'0], crt=0'0) query_epoch 243)
2014-06-09 16:22:11.425979 7f869af78700 5 -- op tracker -- , seq: 1606, time:
2014-06-09 16:22:11.425976, event: waiting_for_osdmap, op: pg_log(2.298 epoch 243 log log((0'0,0'0], crt=0'0) query_epoch 243)
2014-06-09 16:22:11.425983 7f869af78700 7 osd.26 243 handle_pg_log pg_log(2.298 epoch 243 log log((0'0,0'0], crt=0'0) query_epoch 243) v4 from osd.7
2014-06-09 16:22:11.425987 7f869af78700 15 osd.26 243 require_same_or_newer_map 243 (i am 243) 0x30573000
2014-06-09 16:22:11.425989 7f86a5610700 10 lookup_strip_header done cid meta oid 16ef7597/infos/head//-1
2014-06-09 16:22:11.425991 7f869af78700 5 -- op tracker -- , seq: 1606, time:
2014-06-09 16:22:11.425989, event: started, op: pg_log(2.298 epoch 243 log log((0'0,0'0], crt=0'0) query_epoch 243)
2014-06-09 16:22:11.426003 7f869af78700 5 -- op tracker -- , seq: 1606, time:
2014-06-09 16:22:11.426000, event: done, op: pg_log(2.298 epoch 243 log log((0'0,0'0], crt=0'0) query_epoch 243)
2014-06-09 16:22:11.426005 7f86a5610700 10 cid: oid: 16ef7597/infos/head//-1 skipping op, spos 3124.0.0 <= header.spos 150443.0.0
2014-06-09 16:22:11.426010 7f86a5610700 5 submit_transaction r = 0
2014-06-09 16:22:11.426010 7f869af78700 10 osd.26 243 do_waiters -- start
2014-06-09 16:22:11.426012 7f869af78700 10 osd.26 243 do_waiters -- finish
2014-06-09 16:22:11.426024 7f869af78700 10 osd.26 243 do_waiters -- start
2014-06-09 16:22:11.426025 7f869af78700 10 osd.26 243 do_waiters -- finish
2014-06-09 16:22:11.426026 7f869af78700 20 osd.26 243 _dispatch 0x240e8fc0 pg_notify(1.373(20),1.641(20) epoch 243) v5
2014-06-09 16:22:11.426028 7f86a5610700 10 _do_op 0x309a2cc0 seq 3124 r = 0, finisher 0xbe308c0 0
2014-06-09 16:22:11.426032 7f86a5610700 10 _finish_op 0x309a2cc0 seq 3124 osr(1.560 0x384da90)/0x384da90
2014-06-09 16:22:11.426032 7f869af78700 5 -- op tracker -- , seq: 1607, time:
2014-06-09 16:22:11.079862, event: header_read, op: pg_notify(1.373(20),1.641(20) epoch 243)
2014-06-09 16:22:11.426034 7f86a5610700 15 KeyValueStore::op_tp worker wq KeyValueStore::OpWQ done processing 0xc6dc7e0 (1 active)
2014-06-09 16:22:11.426037 7f86a5610700 12 KeyValueStore::op_tp worker wq KeyValueStore::OpWQ start processing 0xbff4d80 (2 active)
2014-06-09 16:22:11.426039 7f86a5610700 5 _do_op 0x309a2c60 seq 3125 osr(2.2b 0x2ed0230)/0x2ed0230 start
2014-06-09 16:22:11.426039 7f869af78700 5 -- op tracker -- , seq: 1607, time:
2014-06-09 16:22:11.079863, event: throttled, op: pg_notify(1.373(20),1.641(20) epoch 243)
2014-06-09 16:22:11.426041 7f86a5610700 10 _do_transaction on 0xbf39080
2014-06-09 16:22:11.426046 7f86a5610700 15 _omap_setkeys meta/16ef7597/infos/head//-1
2014-06-09 16:22:11.426045 7f869af78700 5 -- op tracker -- , seq: 1607, time:
2014-06-09 16:22:11.079899, event: all_read, op: pg_notify(1.373(20),1.641(20) epoch 243)
2014-06-09 16:22:11.426051 7f869af78700 5 -- op tracker -- , seq: 1607, time:
2014-06-09 16:22:11.426024, event: dispatched, op: pg_notify(1.373(20),1.641(20) epoch 243)
2014-06-09 16:22:11.426058 7f869af78700 5 -- op tracker -- , seq: 1607, time:
2014-06-09 16:22:11.426055, event: waiting_for_osdmap, op: pg_notify(1.373(20),1.641(20) epoch 243)
2014-06-09 16:22:11.426062 7f869af78700 7 osd.26 243 handle_pg_notify from osd.3
2014-06-09 16:22:11.426063 7f869af78700 15 osd.26 243 require_same_or_newer_map 243 (i am 243) 0x240e8fc0
2014-06-09 16:22:11.426068 7f869af78700 5 -- op tracker -- , seq: 1607, time:
2014-06-09 16:22:11.426066, event: started, op: pg_notify(1.373(20),1.641(20) epoch 243)
2014-06-09 16:22:11.426078 7f86a5610700 10 lookup_strip_header done cid meta oid 16ef7597/infos/head//-1
2014-06-09 16:22:11.426089 7f869af78700 5 -- op tracker -- , seq: 1607, time:
2014-06-09 16:22:11.426087, event: done, op: pg_notify(1.373(20),1.641(20) epoch 243)
2014-06-09 16:22:11.426093 7f86a5610700 10 cid: oid: 16ef7597/infos/head//-1 skipping op, spos 3125.0.0 <= header.spos 150443.0.0
2014-06-09 16:22:11.426097 7f86a5610700 5 submit_transaction r = 0
2014-06-09 16:22:11.426098 7f869af78700 10 osd.26 243 do_waiters -- start
2014-06-09 16:22:11.426100 7f869af78700 10 osd.26 243 do_waiters -- finish
2014-06-09 16:22:11.426120 7f869af78700 10 osd.26 243 do_waiters -- start
2014-06-09 16:22:11.426121 7f869af78700 10 osd.26 243 do_waiters -- finish
2014-06-09 16:22:11.426122 7f869af78700 20 osd.26 243 _dispatch 0x305a7200 pg_log(0.644 epoch 243 log log((0'0,0'0], crt=0'0) query_epoch 243) v4
2014-06-09 16:22:11.426125 7f86a5610700 10 _do_op 0x309a2c60 seq 3125 r = 0, finisher 0xcc83620 0
2014-06-09 16:22:11.426128 7f86a5610700 10 _finish_op 0x309a2c60 seq 3125 osr(2.2b 0x2ed0230)/0x2ed0230
2014-06-09 16:22:11.426128 7f869af78700 5 -- op tracker -- , seq: 1608, time:
2014-06-09 16:22:11.085116, event: header_read, op: pg_log(0.644 epoch 243 log log((0'0,0'0], crt=0'0) query_epoch 243)
2014-06-09 16:22:11.426131 7f86a5610700 15 KeyValueStore::op_tp worker wq KeyValueStore::OpWQ done processing 0xbff4d80 (1 active)
2014-06-09 16:22:11.426133 7f86a5610700 12 KeyValueStore::op_tp worker wq KeyValueStore::OpWQ start processing 0xc286240 (2 active)
2014-06-09 16:22:11.426135 7f86a5610700 5 _do_op 0x309a2c00 seq 3126 osr(2.37a 0x2ed1160)/0x2ed1160 start
2014-06-09 16:22:11.426138 7f86a5610700 10 _do_transaction on 0x2c18540
2014-06-09 16:22:11.426136 7f869af78700 5 -- op tracker -- , seq: 1608, time:
2014-06-09 16:22:11.085116, event: throttled, op: pg_log(0.644 epoch 243 log log((0'0,0'0], crt=0'0) query_epoch 243)
2014-06-09 16:22:11.426143 7f86a5610700 15 _omap_setkeys meta/16ef7597/infos/head//-1
2014-06-09 16:22:11.426142 7f869af78700 5 -- op tracker -- , seq: 1608, time:
2014-06-09 16:22:11.085129, event: all_read, op: pg_log(0.644 epoch 243 log log((0'0,0'0], crt=0'0) query_epoch 243)
2014-06-09 16:22:11.426148 7f869af78700 5 -- op tracker -- , seq: 1608, time:
2014-06-09 16:22:11.426119, event: dispatched, op: pg_log(0.644 epoch 243 log log((0'0,0'0], crt=0'0) query_epoch 243)
2014-06-09 16:22:11.426155 7f869af78700 5 -- op tracker -- , seq: 1608, time:
2014-06-09 16:22:11.426152, event: waiting_for_osdmap, op: pg_log(0.644 epoch 243 log log((0'0,0'0], crt=0'0) query_epoch 243)
2014-06-09 16:22:11.426159 7f869af78700 7 osd.26 243 handle_pg_log pg_log(0.644 epoch 243 log log((0'0,0'0], crt=0'0) query_epoch 243) v4 from osd.1
2014-06-09 16:22:11.426162 7f869af78700 15 osd.26 243 require_same_or_newer_map 243 (i am 243) 0x305a7200
2014-06-09 16:22:11.426167 7f869af78700 5 -- op tracker -- , seq: 1608, time:
2014-06-09 16:22:11.426165, event: started, op: pg_log(0.644 epoch 243 log log((0'0,0'0], crt=0'0) query_epoch 243)
2014-06-09 16:22:11.426175 7f86a5610700 10 lookup_strip_header done cid meta oid 16ef7597/infos/head//-1
2014-06-09 16:22:11.426179 7f869af78700 5 -- op tracker -- , seq: 1608, time:
2014-06-09 16:22:11.426176, event: done, op: pg_log(0.644 epoch 243 log log((0'0,0'0], crt=0'0) query_epoch 243)
2014-06-09 16:22:11.426185 7f869af78700 10 osd.26 243 do_waiters -- start
2014-06-09 16:22:11.426187 7f869af78700 10 osd.26 243 do_waiters -- finish
2014-06-09 16:22:11.426191 7f86a5610700 10 cid: oid: 16ef7597/infos/head//-1 skipping op, spos 3126.0.0 <= header.spos 150443.0.0
2014-06-09 16:22:11.426195 7f86a5610700 5 submit_transaction r = 0
2014-06-09 16:22:11.426198 7f869af78700 10 osd.26 243 do_waiters -- start
2014-06-09 16:22:11.426199 7f869af78700 10 osd.26 243 do_waiters -- finish
2014-06-09 16:22:11.426200 7f869af78700 20 osd.26 243 _dispatch 0x14dcb800 pg_log(2.67c epoch 243 log log((0'0,0'0], crt=0'0) query_epoch 243) v4
2014-06-09 16:22:11.426206 7f869af78700 5 -- op tracker -- , seq: 1609, time:
2014-06-09 16:22:11.058583, event: header_read, op: pg_log(2.67c epoch 243 log log((0'0,0'0], crt=0'0) query_epoch 243)
2014-06-09 16:22:11.426212 7f86a5610700 10 _do_op 0x309a2c00 seq 3126 r = 0, finisher 0xbd7b2c0 0
2014-06-09 16:22:11.426213 7f869af78700 5 -- op tracker -- , seq: 1609, time:
2014-06-09 16:22:11.058584, event: throttled, op: pg_log(2.67c epoch 243 log log((0'0,0'0], crt=0'0) query_epoch 243)
2014-06-09 16:22:11.426215 7f86a5610700 10 _finish_op 0x309a2c00 seq 3126 osr(2.37a 0x2ed1160)/0x2ed1160
2014-06-09 16:22:11.426218 7f86a5610700 15 KeyValueStore::op_tp worker wq KeyValueStore::OpWQ done processing 0xc286240 (1 active)
2014-06-09 16:22:11.426220 7f86a5610700 12 KeyValueStore::op_tp worker wq KeyValueStore::OpWQ start processing 0xc52ea20 (2 active)
2014-06-09 16:22:11.426219 7f869af78700 5 -- op tracker -- , seq: 1609, time:
2014-06-09 16:22:11.058598, event: all_read, op: pg_log(2.67c epoch 243 log log((0'0,0'0], crt=0'0) query_epoch 243)
2014-06-09 16:22:11.426223 7f86a5610700 5 _do_op 0x309a2ba0 seq 3127 osr(0.54c 0x2bd7850)/0x2bd7850 start
2014-06-09 16:22:11.426225 7f86a5610700 10 _do_transaction on 0xbd8e180
2014-06-09 16:22:11.426225 7f869af78700 5 -- op tracker -- , seq: 1609, time:
2014-06-09 16:22:11.426197, event: dispatched, op: pg_log(2.67c epoch 243 log log((0'0,0'0], crt=0'0) query_epoch 243)
2014-06-09 16:22:11.426231 7f86a5610700 15 _omap_setkeys meta/16ef7597/infos/head//-1
2014-06-09 16:22:11.426232 7f869af78700 5 -- op tracker -- , seq: 1609, time:
2014-06-09 16:22:11.426229, event: waiting_for_osdmap, op: pg_log(2.67c epoch 243 log log((0'0,0'0], crt=0'0) query_epoch 243)
2014-06-09 16:22:11.426236 7f869af78700 7 osd.26 243 handle_pg_log pg_log(2.67c epoch 243 log log((0'0,0'0], crt=0'0) query_epoch 243) v4 from osd.9
2014-06-09 16:22:11.426239 7f869af78700 15 osd.26 243 require_same_or_newer_map 243 (i am 243) 0x14dcb800
2014-06-09 16:22:11.426244 7f869af78700 5 -- op tracker -- , seq: 1609, time:
2014-06-09 16:22:11.426242, event: started, op: pg_log(2.67c epoch 243 log log((0'0,0'0], crt=0'0) query_epoch 243)
2014-06-09 16:22:11.426256 7f869af78700 5 -- op tracker -- , seq: 1609, time:
2014-06-09 16:22:11.426253, event: done, op: pg_log(2.67c epoch 243 log log((0'0,0'0], crt=0'0) query_epoch 243)
2014-06-09 16:22:11.426263 7f869af78700 10 osd.26 243 do_waiters -- start
2014-06-09 16:22:11.426262 7f86a5610700 10 lookup_strip_header done cid meta oid 16ef7597/infos/head//-1
2014-06-09 16:22:11.426264 7f869af78700 10 osd.26 243 do_waiters -- finish
2014-06-09 16:22:11.426275 7f869af78700 10 osd.26 243 do_waiters -- start
2014-06-09 16:22:11.426276 7f869af78700 10 osd.26 243 do_waiters -- finish
2014-06-09 16:22:11.426277 7f869af78700 20 osd.26 243 _dispatch 0x2fe35000 pg_log(1.601 epoch 243 log log((0'0,0'0], crt=0'0) query_epoch 243) v4
2014-06-09 16:22:11.426277 7f86a5610700 10 cid: oid: 16ef7597/infos/head//-1 skipping op, spos 3127.0.0 <= header.spos 150443.0.0
2014-06-09 16:22:11.426282 7f86a5610700 5 submit_transaction r = 0
2014-06-09 16:22:11.426283 7f869af78700 5 -- op tracker -- , seq: 1610, time:
2014-06-09 16:22:11.021903, event: header_read, op: pg_log(1.601 epoch 243 log log((0'0,0'0], crt=0'0) query_epoch 243)
2014-06-09 16:22:11.426290 7f869af78700 5 -- op tracker -- , seq: 1610, time:
2014-06-09 16:22:11.021904, event: throttled, op: pg_log(1.601 epoch 243 log log((0'0,0'0], crt=0'0) query_epoch 243)
2014-06-09 16:22:11.426296 7f869af78700 5 -- op tracker -- , seq: 1610, time:
2014-06-09 16:22:11.021916, event: all_read, op: pg_log(1.601 epoch 243 log log((0'0,0'0], crt=0'0) query_epoch 243)
2014-06-09 16:22:11.426302 7f869af78700 5 -- op tracker -- , seq: 1610, time:
2014-06-09 16:22:11.426274, event: dispatched, op: pg_log(1.601 epoch 243 log log((0'0,0'0], crt=0'0) query_epoch 243)
2014-06-09 16:22:11.426309 7f86a5610700 10 _do_op 0x309a2ba0 seq 3127 r = 0, finisher 0xbd5b960 0
2014-06-09 16:22:11.426309 7f869af78700 5 -- op tracker -- , seq: 1610, time:
2014-06-09 16:22:11.426306, event: waiting_for_osdmap, op: pg_log(1.601 epoch 243 log log((0'0,0'0], crt=0'0) query_epoch 243)
2014-06-09 16:22:11.426312 7f86a5610700 10 _finish_op 0x309a2ba0 seq 3127 osr(0.54c 0x2bd7850)/0x2bd7850
2014-06-09 16:22:11.426313 7f869af78700 7 osd.26 243 handle_pg_log pg_log(1.601 epoch 243 log log((0'0,0'0], crt=0'0) query_epoch 243) v4 from osd.8
2014-06-09 16:22:11.426315 7f86a5610700 15 KeyValueStore::op_tp worker wq KeyValueStore::OpWQ done processing 0xc52ea20 (1 active)
2014-06-09 16:22:11.426317 7f86a5610700 20 KeyValueStore::op_tp worker waiting
2014-06-09 16:22:11.426317 7f869af78700 15 osd.26 243 require_same_or_newer_map 243 (i am 243) 0x2fe35000
2014-06-09 16:22:11.426321 7f869af78700 5 -- op tracker -- , seq: 1610, time:
2014-06-09 16:22:11.426319, event: started, op: pg_log(1.601 epoch 243 log log((0'0,0'0], crt=0'0) query_epoch 243)
2014-06-09 16:22:11.426324 7f86a460e700 10 finisher(0x2c100f8) finisher_thread doing [0x3061f3a0,0xbd768a0,0x3061f720,0xbd68980,0xbd746e0,0x2d738e20,0x3050bb00,0xbd78100,0xbd78a20,0xbd77880,0xbfcf880,0x17001820]
2014-06-09 16:22:11.426333 7f869af78700 5 -- op tracker -- , seq: 1610, time:
2014-06-09 16:22:11.426330, event: done, op: pg_log(1.601 epoch 243 log log((0'0,0'0], crt=0'0) query_epoch 243)
2014-06-09 16:22:11.426339 7f869af78700 10 osd.26 243 do_waiters -- start
2014-06-09 16:22:11.426341 7f869af78700 10 osd.26 243 do_waiters -- finish
2014-06-09 16:22:11.426341 7f86a460e700 10 finisher(0x2c100f8) finisher_thread done with [0x3061f3a0,0xbd768a0,0x3061f720,0xbd68980,0xbd746e0,0x2d738e20,0x3050bb00,0xbd78100,0xbd78a20,0xbd77880,0xbfcf880,0x17001820]
2014-06-09 16:22:11.426346 7f86a460e700 10 finisher(0x2c100f8) finisher_thread empty
2014-06-09 16:22:11.426347 7f86a460e700 10 finisher(0x2c100f8) finisher_thread sleeping
2014-06-09 16:22:11.426351 7f869af78700 10 osd.26 243 do_waiters -- start
2014-06-09 16:22:11.426352 7f869af78700 10 osd.26 243 do_waiters -- finish
2014-06-09 16:22:11.426351 7f86a4e0f700 10 finisher(0x2c10388) finisher_thread doing [0xbd6b7a0,0xbd5be80,0xbd652c0,0xbd751e0,0xbd6c1e0,0xbd63c60,0xc6e9200,0xc2d63a0,0xbe308c0,0xcc83620,0xbd7b2c0,0xbd5b960]
2014-06-09 16:22:11.426353 7f869af78700 20 osd.26 243 _dispatch 0x19fda700 pg_notify(0.29(20) epoch 243) v5
2014-06-09 16:22:11.426358 7f869af78700 5 -- op tracker -- , seq: 1611, time:
2014-06-09 16:22:11.009146, event: header_read, op: pg_notify(0.29(20) epoch 243)
2014-06-09 16:22:11.426365 7f869af78700 5 -- op tracker -- , seq: 1611, time:
2014-06-09 16:22:11.009146, event: throttled, op: pg_notify(0.29(20) epoch 243)
2014-06-09 16:22:11.426357 7f86a4e0f700 10 osd.26 pg_epoch: 243 pg[0.521( empty local-les=243 n=0 ec=1 les/c 210/210 242/242/209) [7,26] r=1 lpr=242 pi=1-241/24 crt=0'0 inactive] _activate_committed 243 telling primary
2014-06-09 16:22:11.426371 7f869af78700 5 -- op tracker -- , seq: 1611, time:
2014-06-09 16:22:11.009164, event: all_read, op: pg_notify(0.29(20) epoch 243)
2014-06-09 16:22:11.426376 7f86a4e0f700 20 osd.26 243 share_map_peer 0xbfa6580 already has epoch 243
2014-06-09 16:22:11.426376 7f869af78700 5 -- op tracker -- , seq: 1611, time:
2014-06-09 16:22:11.426351, event: dispatched, op: pg_notify(0.29(20) epoch 243)
2014-06-09 16:22:11.426382 7f869af78700 5 -- op tracker -- , seq: 1611, time:
2014-06-09 16:22:11.426381, event: waiting_for_osdmap, op: pg_notify(0.29(20) epoch 243)
2014-06-09 16:22:11.426386 7f869af78700 7 osd.26 243 handle_pg_notify from osd.6
2014-06-09 16:22:11.426388 7f869af78700 15 osd.26 243 require_same_or_newer_map 243 (i am 243) 0x19fda700
2014-06-09 16:22:11.426392 7f869af78700 5 -- op tracker -- , seq: 1611, time:
2014-06-09 16:22:11.426390, event: started, op: pg_notify(0.29(20) epoch 243)
2014-06-09 16:22:11.426396 7f86a4e0f700 10 osd.26 pg_epoch: 243 pg[0.521( empty local-les=243 n=0 ec=1 les/c 210/210 242/242/209) [7,26] r=1 lpr=242 pi=1-241/24 crt=0'0 active] flushed
2014-06-09 16:22:11.426406 7f869af78700 5 -- op tracker -- , seq: 1611, time:
2014-06-09 16:22:11.426404, event: done, op: pg_notify(0.29(20) epoch 243)
2014-06-09 16:22:11.426416 7f869af78700 10 osd.26 243 do_waiters -- start
2014-06-09 16:22:11.426418 7f869af78700 10 osd.26 243 do_waiters -- finish
2014-06-09 16:22:11.426414 7f86a4e0f700 10 osd.26 pg_epoch: 243 pg[2.6ec( empty local-les=243 n=0 ec=1 les/c 191/191 242/242/222) [1,26] r=1 lpr=242 pi=1-241/22 crt=0'0 inactive] _activate_committed 243 telling primary
2014-06-09 16:22:11.426429 7f86a4e0f700 20 osd.26 243 share_map_peer 0xc13cdc0 already has epoch 243
2014-06-09 16:22:11.426433 7f869af78700 10 osd.26 243 do_waiters -- start
2014-06-09 16:22:11.426435 7f869af78700 10 osd.26 243 do_waiters -- finish
2014-06-09 16:22:11.426436 7f869af78700 20 osd.26 243 _dispatch 0x14dcd000 pg_log(2.646 epoch 243 log log((0'0,0'0], crt=0'0) query_epoch 243) v4
2014-06-09 16:22:11.426442 7f869af78700 5 -- op tracker -- , seq: 1612, time:
2014-06-09 16:22:11.050825, event: header_read, op: pg_log(2.646 epoch 243 log log((0'0,0'0], crt=0'0) query_epoch 243)
2014-06-09 16:22:11.426449 7f869af78700 5 -- op tracker -- , seq: 1612, time:
2014-06-09 16:22:11.050825, event: throttled, op: pg_log(2.646 epoch 243 log log((0'0,0'0], crt=0'0) query_epoch 243)
2014-06-09 16:22:11.426447 7f86a4e0f700 10 osd.26 pg_epoch: 243 pg[2.6ec( empty local-les=243 n=0 ec=1 les/c 191/191 242/242/222) [1,26] r=1 lpr=242 pi=1-241/22 crt=0'0 active] flushed
2014-06-09 16:22:11.426455 7f869af78700 5 -- op tracker -- , seq: 1612, time:
2014-06-09 16:22:11.050838, event: all_read, op: pg_log(2.646 epoch 243 log log((0'0,0'0], crt=0'0) query_epoch 243)
2014-06-09 16:22:11.426461 7f869af78700 5 -- op tracker -- , seq: 1612, time:
2014-06-09 16:22:11.426433, event: dispatched, op: pg_log(2.646 epoch 243 log log((0'0,0'0], crt=0'0) query_epoch 243)
2014-06-09 16:22:11.426468 7f869af78700 5 -- op tracker -- , seq: 1612, time:
2014-06-09 16:22:11.426466, event: waiting_for_osdmap, op: pg_log(2.646 epoch 243 log log((0'0,0'0], crt=0'0) query_epoch 243)
2014-06-09 16:22:11.426463 7f86a4e0f700 10 osd.26 pg_epoch: 243 pg[3.6d5( v 213'532 (0'0,213'532] local-les=243 n=108 ec=118 les/c 206/206 242/242/205) [5,26] r=1 lpr=242 pi=118-241/10 crt=0'0 lcod 0'0 inactive] _activate_committed 243 telling primary
2014-06-09 16:22:11.426472 7f869af78700 7 osd.26 243 handle_pg_log pg_log(2.646 epoch 243 log log((0'0,0'0], crt=0'0) query_epoch 243) v4 from osd.0
2014-06-09 16:22:11.426476 7f869af78700 15 osd.26 243 require_same_or_newer_map 243 (i am 243) 0x14dcd000
2014-06-09 16:22:11.426479 7f86a4e0f700 20 osd.26 243 share_map_peer 0xbf7a840 already has epoch 243
2014-06-09 16:22:11.426481 7f869af78700 5 -- op tracker -- , seq: 1612, time:
2014-06-09 16:22:11.426479, event: started, op: pg_log(2.646 epoch 243 log log((0'0,0'0], crt=0'0) query_epoch 243)
2014-06-09 16:22:11.426492 7f869af78700 5 -- op tracker -- , seq: 1612, time:
2014-06-09 16:22:11.426490, event: done, op: pg_log(2.646 epoch 243 log log((0'0,0'0], crt=0'0) query_epoch 243)
2014-06-09 16:22:11.426499 7f869af78700 10 osd.26 243 do_waiters -- start
2014-06-09 16:22:11.426501 7f869af78700 10 osd.26 243 do_waiters -- finish
2014-06-09 16:22:11.426493 7f86a4e0f700 10 osd.26 pg_epoch: 243 pg[3.6d5( v 213'532 (0'0,213'532] local-les=243 n=108 ec=118 les/c 206/206 242/242/205) [5,26] r=1 lpr=242 pi=118-241/10 luod=0'0 crt=0'0 lcod 0'0 active] flushed
2014-06-09 16:22:11.426512 7f869af78700 10 osd.26 243 do_waiters -- start
2014-06-09 16:22:11.426513 7f869af78700 10 osd.26 243 do_waiters -- finish
2014-06-09 16:22:11.426514 7f869af78700 20 osd.26 243 _dispatch 0x14dcb200 pg_log(2.3d1 epoch 243 log log((0'0,0'0], crt=0'0) query_epoch 243) v4
2014-06-09 16:22:11.426511 7f86a4e0f700 10 osd.26 pg_epoch: 243 pg[3.359( v 213'669 (0'0,213'669] local-les=243 n=126 ec=118 les/c 201/201 242/242/200) [3,26] r=1 lpr=242 pi=118-241/10 crt=0'0 lcod 0'0 inactive] _activate_committed 243 telling primary
2014-06-09 16:22:11.426520 7f869af78700 5 -- op tracker -- , seq: 1613, time:
2014-06-09 16:22:11.087103, event: header_read, op: pg_log(2.3d1 epoch 243 log log((0'0,0'0], crt=0'0) query_epoch 243)
2014-06-09 16:22:11.426526 7f86a4e0f700 20 osd.26 243 share_map_peer 0xc03a840 already has epoch 243
2014-06-09 16:22:11.426527 7f869af78700 5 -- op tracker -- , seq: 1613, time:
2014-06-09 16:22:11.087103, event: throttled, op: pg_log(2.3d1 epoch 243 log log((0'0,0'0], crt=0'0) query_epoch 243)
2014-06-09 16:22:11.426533 7f869af78700 5 -- op tracker -- , seq: 1613, time:
2014-06-09 16:22:11.087113, event: all_read, op: pg_log(2.3d1 epoch 243 log log((0'0,0'0], crt=0'0) query_epoch 243)
2014-06-09 16:22:11.426539 7f869af78700 5 -- op tracker -- , seq: 1613, time:
2014-06-09 16:22:11.426511, event: dispatched, op: pg_log(2.3d1 epoch 243 log log((0'0,0'0], crt=0'0) query_epoch 243)
2014-06-09 16:22:11.426546 7f869af78700 5 -- op tracker -- , seq: 1613, time:
2014-06-09 16:22:11.426543, event: waiting_for_osdmap, op: pg_log(2.3d1 epoch 243 log log((0'0,0'0], crt=0'0) query_epoch 243)
2014-06-09 16:22:11.426541 7f86a4e0f700 10 osd.26 pg_epoch: 243 pg[3.359( v 213'669 (0'0,213'669] local-les=243 n=126 ec=118 les/c 201/201 242/242/200) [3,26] r=1 lpr=242 pi=118-241/10 luod=0'0 crt=0'0 lcod 0'0 active] flushed
2014-06-09 16:22:11.426550 7f869af78700 7 osd.26 243 handle_pg_log pg_log(2.3d1 epoch 243 log log((0'0,0'0], crt=0'0) query_epoch 243) v4 from osd.5
2014-06-09 16:22:11.426553 7f869af78700 15 osd.26 243 require_same_or_newer_map 243 (i am 243) 0x14dcb200
2014-06-09 16:22:11.426558 7f869af78700 5 -- op tracker -- , seq: 1613, time:
2014-06-09 16:22:11.426556, event: started, op: pg_log(2.3d1 epoch 243 log log((0'0,0'0], crt=0'0) query_epoch 243)
2014-06-09 16:22:11.426560 7f86a4e0f700 10 osd.26 pg_epoch: 243 pg[2.530( empty local-les=243 n=0 ec=1 les/c 191/191 242/242/222) [1,26] r=1 lpr=242 pi=1-241/22 crt=0'0 inactive] _activate_committed 243 telling primary
2014-06-09 16:22:11.426570 7f869af78700 5 -- op tracker -- , seq: 1613, time:
2014-06-09 16:22:11.426567, event: done, op: pg_log(2.3d1 epoch 243 log log((0'0,0'0], crt=0'0) query_epoch 243)
2014-06-09 16:22:11.426576 7f869af78700 10 osd.26 243 do_waiters -- start
2014-06-09 16:22:11.426578 7f869af78700 10 osd.26 243 do_waiters -- finish
2014-06-09 16:22:11.426581 7f86a4e0f700 20 osd.26 243 share_map_peer 0xc13cdc0 already has epoch 243
2014-06-09 16:22:11.426588 7f869af78700 10 osd.26 243 do_waiters -- start
2014-06-09 16:22:11.426590 7f869af78700 10 osd.26 243 do_waiters -- finish
2014-06-09 16:22:11.426591 7f869af78700 20 osd.26 243 _dispatch 0x2d735e00 pg_log(3.67d epoch 242 log log((0'0,213'678], crt=0'0) query_epoch 242) v4
2014-06-09 16:22:11.426597 7f869af78700 5 -- op tracker -- , seq: 1614, time:
2014-06-09 16:22:10.941102, event: header_read, op: pg_log(3.67d epoch 242 log log((0'0,213'678], crt=0'0) query_epoch 242)
2014-06-09 16:22:11.426593 7f86a4e0f700 10 osd.26 pg_epoch: 243 pg[2.530( empty local-les=243 n=0 ec=1 les/c 191/191 242/242/222) [1,26] r=1 lpr=242 pi=1-241/22 crt=0'0 active] flushed
2014-06-09 16:22:11.426604 7f869af78700 5 -- op tracker -- , seq: 1614, time:
2014-06-09 16:22:10.941102, event: throttled, op: pg_log(3.67d epoch 242 log log((0'0,213'678], crt=0'0) query_epoch 242)
2014-06-09 16:22:11.426610 7f869af78700 5 -- op tracker -- , seq: 1614, time:
2014-06-09 16:22:10.941980, event: all_read, op: pg_log(3.67d epoch 242 log log((0'0,213'678], crt=0'0) query_epoch 242)
2014-06-09 16:22:11.426607 7f86a4e0f700 10 osd.26 pg_epoch: 243 pg[1.56( empty local-les=243 n=0 ec=1 les/c 213/213 242/242/212) [9,26] r=1 lpr=242 pi=16-241/21 crt=0'0 inactive] _activate_committed 243 telling primary
2014-06-09 16:22:11.426617 7f869af78700 5 -- op tracker -- , seq: 1614, time:
2014-06-09 16:22:11.426588, event: dispatched, op: pg_log(3.67d epoch 242 log log((0'0,213'678], crt=0'0) query_epoch 242)
2014-06-09 16:22:11.426620 7f86a4e0f700 20 osd.26 243 share_map_peer 0xbeb8f20 already has epoch 243
2014-06-09 16:22:11.426623 7f869af78700 5 -- op tracker -- , seq: 1614, time:
2014-06-09 16:22:11.426621, event: waiting_for_osdmap, op: pg_log(3.67d epoch 242 log log((0'0,213'678], crt=0'0) query_epoch 242)
2014-06-09 16:22:11.426628 7f869af78700 7 osd.26 243 handle_pg_log pg_log(3.67d epoch 242 log log((0'0,213'678], crt=0'0) query_epoch 242) v4 from osd.2
2014-06-09 16:22:11.426631 7f869af78700 15 osd.26 243 require_same_or_newer_map 242 (i am 243) 0x2d735e00
2014-06-09 16:22:11.426636 7f869af78700 5 -- op tracker -- , seq: 1614, time:
2014-06-09 16:22:11.426633, event: started, op: pg_log(3.67d epoch 242 log log((0'0,213'678], crt=0'0) query_epoch 242)
2014-06-09 16:22:11.426633 7f86a4e0f700 10 osd.26 pg_epoch: 243 pg[1.56( empty local-les=243 n=0 ec=1 les/c 213/213 242/242/212) [9,26] r=1 lpr=242 pi=16-241/21 crt=0'0 active] flushed
2014-06-09 16:22:11.426648 7f869af78700 5 -- op tracker -- , seq: 1614, time:
2014-06-09 16:22:11.426645, event: done, op: pg_log(3.67d epoch 242 log log((0'0,213'678], crt=0'0) query_epoch 242)
2014-06-09 16:22:11.426647 7f86a4e0f700 10 osd.26 pg_epoch: 243 pg[3.19( v 213'743 (0'0,213'743] local-les=243 n=141 ec=118 les/c 212/212 242/242/211) [8,26] r=1 lpr=242 pi=118-241/10 crt=0'0 lcod 0'0 inactive] _activate_committed 243 telling primary
2014-06-09 16:22:11.426659 7f86a4e0f700 20 osd.26 243 share_map_peer 0xbeb9ce0 already has epoch 243
2014-06-09 16:22:11.426678 7f869af78700 10 osd.26 243 do_waiters -- start
2014-06-09 16:22:11.426679 7f869af78700 10 osd.26 243 do_waiters -- finish
2014-06-09 16:22:11.426672 7f86a4e0f700 10 osd.26 pg_epoch: 243 pg[3.19( v 213'743 (0'0,213'743] local-les=243 n=141 ec=118 les/c 212/212 242/242/211) [8,26] r=1 lpr=242 pi=118-241/10 luod=0'0 crt=0'0 lcod 0'0 active] flushed
2014-06-09 16:22:11.426692 7f869af78700 10 osd.26 243 do_waiters -- start
2014-06-09 16:22:11.426694 7f869af78700 10 osd.26 243 do_waiters -- finish
2014-06-09 16:22:11.426695 7f869af78700 20 osd.26 243 _dispatch 0x10c674a0 pg_query(3.21e epoch 242) v3
2014-06-09 16:22:11.426692 7f86a4e0f700 10 osd.26 pg_epoch: 243 pg[1.a2( empty local-les=243 n=0 ec=1 les/c 191/191 242/242/220) [0,26] r=1 lpr=242 pi=1-241/22 crt=0'0 inactive] _activate_committed 243 telling primary
2014-06-09 16:22:11.426699 7f869af78700 5 -- op tracker -- , seq: 1615, time:
2014-06-09 16:22:10.861874, event: header_read, op: pg_query(3.21e epoch 242)
2014-06-09 16:22:11.426704 7f86a4e0f700 20 osd.26 243 share_map_peer 0xbf6e6e0 already has epoch 243
2014-06-09 16:22:11.426706 7f869af78700 5 -- op tracker -- , seq: 1615, time:
2014-06-09 16:22:10.861875, event: throttled, op: pg_query(3.21e epoch 242)
2014-06-09 16:22:11.426711 7f869af78700 5 -- op tracker -- , seq: 1615, time:
2014-06-09 16:22:10.861883, event: all_read, op: pg_query(3.21e epoch 242)
2014-06-09 16:22:11.426716 7f869af78700 5 -- op tracker -- , seq: 1615, time:
2014-06-09 16:22:11.426692, event: dispatched, op: pg_query(3.21e epoch 242)
2014-06-09 16:22:11.426717 7f86a4e0f700 10 osd.26 pg_epoch: 243 pg[1.a2( empty local-les=243 n=0 ec=1 les/c 191/191 242/242/220) [0,26] r=1 lpr=242 pi=1-241/22 crt=0'0 active] flushed
2014-06-09 16:22:11.426722 7f869af78700 5 -- op tracker -- , seq: 1615, time:
2014-06-09 16:22:11.426720, event: waiting_for_osdmap, op: pg_query(3.21e epoch 242)
2014-06-09 16:22:11.426727 7f869af78700 7 osd.26 243 handle_pg_query from osd.4 epoch 242
2014-06-09 16:22:11.426729 7f869af78700 15 osd.26 243 require_same_or_newer_map 242 (i am 243) 0x10c674a0
2014-06-09 16:22:11.426733 7f869af78700 5 -- op tracker -- , seq: 1615, time:
2014-06-09 16:22:11.426731, event: started, op: pg_query(3.21e epoch 242)
2014-06-09 16:22:11.426730 7f86a4e0f700 10 osd.26 pg_epoch: 243 pg[1.560( empty local-les=243 n=0 ec=1 les/c 191/191 242/242/222) [1,26] r=1 lpr=242 pi=1-241/22 crt=0'0 inactive] _activate_committed 243 telling primary
2014-06-09 16:22:11.426741 7f86a4e0f700 20 osd.26 243 share_map_peer 0xc13cdc0 already has epoch 243
2014-06-09 16:22:11.426739 7f869af78700 10 osd.26 pg_epoch: 243 pg[3.21e( v 213'615 (0'0,213'615] local-les=203 n=120 ec=118 les/c 203/203 242/242/202) [4,26] r=1 lpr=242 pi=118-241/10 crt=0'0 lcod 0'0 inactive NOTIFY] handle_query query(log 203'0 ec=118 les/c 203/203 242/242/202) from replica 4
2014-06-09 16:22:11.426750 7f86a4e0f700 10 osd.26 pg_epoch: 243 pg[1.560( empty local-les=243 n=0 ec=1 les/c 191/191 242/242/222) [1,26] r=1 lpr=242 pi=1-241/22 crt=0'0 active] flushed
2014-06-09 16:22:11.426758 7f869af78700 5 -- op tracker -- , seq: 1615, time:
2014-06-09 16:22:11.426757, event: done, op: pg_query(3.21e epoch 242)
2014-06-09 16:22:11.426765 7f869af78700 10 osd.26 243 do_waiters -- start
2014-06-09 16:22:11.426767 7f869af78700 10 osd.26 243 do_waiters -- finish
2014-06-09 16:22:11.426762 7f86a4e0f700 10 osd.26 pg_epoch: 243 pg[2.2b( empty local-les=243 n=0 ec=1 les/c 212/212 242/242/211) [8,26] r=1 lpr=242 pi=7-241/23 crt=0'0 inactive] _activate_committed 243 telling primary
2014-06-09 16:22:11.426773 7f86a4e0f700 20 osd.26 243 share_map_peer 0xbeb9ce0 already has epoch 243
2014-06-09 16:22:11.426779 7f869af78700 10 osd.26 243 do_waiters -- start
2014-06-09 16:22:11.426781 7f869af78700 10 osd.26 243 do_waiters -- finish
2014-06-09 16:22:11.426782 7f869af78700 20 osd.26 243 _dispatch 0x306d3e00 pg_log(1.589 epoch 243 log log((0'0,0'0], crt=0'0) query_epoch 243) v4
2014-06-09 16:22:11.426782 7f86a4e0f700 10 osd.26 pg_epoch: 243 pg[2.2b( empty local-les=243 n=0 ec=1 les/c 212/212 242/242/211) [8,26] r=1 lpr=242 pi=7-241/23 crt=0'0 active] flushed
2014-06-09 16:22:11.426788 7f869af78700 5 -- op tracker -- , seq: 1616, time:
2014-06-09 16:22:11.143250, event: header_read, op: pg_log(1.589 epoch 243 log log((0'0,0'0], crt=0'0) query_epoch 243)
2014-06-09 16:22:11.426795 7f869af78700 5 -- op tracker -- , seq: 1616, time:
2014-06-09 16:22:11.143251, event: throttled, op: pg_log(1.589 epoch 243 log log((0'0,0'0], crt=0'0) query_epoch 243)
2014-06-09 16:22:11.426794 7f86a4e0f700 10 osd.26 pg_epoch: 243 pg[2.37a( empty local-les=243 n=0 ec=1 les/c 191/191 242/242/220) [0,26] r=1 lpr=242 pi=1-241/22 crt=0'0 inactive] _activate_committed 243 telling primary
2014-06-09 16:22:11.426801 7f86a4e0f700 20 osd.26 243 share_map_peer 0xbf6e6e0 already has epoch 243
2014-06-09 16:22:11.426801 7f869af78700 5 -- op tracker -- , seq: 1616, time:
2014-06-09 16:22:11.143261, event: all_read, op: pg_log(1.589 epoch 243 log log((0'0,0'0], crt=0'0) query_epoch 243)
2014-06-09 16:22:11.426808 7f869af78700 5 -- op tracker -- , seq: 1616, time:
2014-06-09 16:22:11.426779, event: dispatched, op: pg_log(1.589 epoch 243 log log((0'0,0'0], crt=0'0) query_epoch 243)
2014-06-09 16:22:11.426807 7f86a4e0f700 10 osd.26 pg_epoch: 243 pg[2.37a( empty local-les=243 n=0 ec=1 les/c 191/191 242/242/220) [0,26] r=1 lpr=242 pi=1-241/22 crt=0'0 active] flushed
2014-06-09 16:22:11.426815 7f869af78700 5 -- op tracker -- , seq: 1616, time:
2014-06-09 16:22:11.426812, event: waiting_for_osdmap, op: pg_log(1.589 epoch 243 log log((0'0,0'0], crt=0'0) query_epoch 243)
2014-06-09 16:22:11.426815 7f86a4e0f700 10 osd.26 pg_epoch: 243 pg[0.54c( empty local-les=243 n=0 ec=1 les/c 206/206 242/242/205) [5,26] r=1 lpr=242 pi=1-241/24 crt=0'0 inactive] _activate_committed 243 telling primary
