2014-06-09 16:22:11.426819 7f869af78700 7 osd.26 243 handle_pg_log pg_log(1.589 epoch 243 log log((0'0,0'0], crt=0'0) query_epoch 243) v4 from osd.7
2014-06-09 16:22:11.426822 7f86a4e0f700 20 osd.26 243 share_map_peer 0xbf7a840 already has epoch 243
2014-06-09 16:22:11.426823 7f869af78700 15 osd.26 243 require_same_or_newer_map 243 (i am 243) 0x306d3e00
2014-06-09 16:22:11.426828 7f869af78700 5 -- op tracker -- , seq: 1616, time:
2014-06-09 16:22:11.426825, event: started, op: pg_log(1.589 epoch 243 log log((0'0,0'0], crt=0'0) query_epoch 243)
2014-06-09 16:22:11.426828 7f86a4e0f700 10 osd.26 pg_epoch: 243 pg[0.54c( empty local-les=243 n=0 ec=1 les/c 206/206 242/242/205) [5,26] r=1 lpr=242 pi=1-241/24 crt=0'0 active] flushed
2014-06-09 16:22:11.426835 7f86a4e0f700 10 finisher(0x2c10388) finisher_thread done with [0xbd6b7a0,0xbd5be80,0xbd652c0,0xbd751e0,0xbd6c1e0,0xbd63c60,0xc6e9200,0xc2d63a0,0xbe308c0,0xcc83620,0xbd7b2c0,0xbd5b960]
2014-06-09 16:22:11.426837 7f86a4e0f700 10 finisher(0x2c10388) finisher_thread empty
2014-06-09 16:22:11.426838 7f86a4e0f700 10 finisher(0x2c10388) finisher_thread sleeping
2014-06-09 16:22:11.426840 7f869af78700 5 -- op tracker -- , seq: 1616, time:
2014-06-09 16:22:11.426837, event: done, op: pg_log(1.589 epoch 243 log log((0'0,0'0], crt=0'0) query_epoch 243)
2014-06-09 16:22:11.426847 7f869af78700 10 osd.26 243 do_waiters -- start
2014-06-09 16:22:11.426848 7f869af78700 10 osd.26 243 do_waiters -- finish
2014-06-09 16:22:11.426860 7f869af78700 10 osd.26 243 do_waiters -- start
2014-06-09 16:22:11.426861 7f869af78700 10 osd.26 243 do_waiters -- finish
2014-06-09 16:22:11.426862 7f869af78700 20 osd.26 243 _dispatch 0x3043bc00 pg_notify(3.6e(10),0.7d(20),2.82(20) epoch 243) v5
2014-06-09 16:22:11.426868 7f869af78700 5 -- op tracker -- , seq: 1617, time:
2014-06-09 16:22:11.081311, event: header_read, op: pg_notify(3.6e(10),0.7d(20),2.82(20) epoch 243)
2014-06-09 16:22:11.426875 7f869af78700 5 -- op tracker -- , seq: 1617, time:
2014-06-09 16:22:11.081312, event: throttled, op: pg_notify(3.6e(10),0.7d(20),2.82(20) epoch 243)
2014-06-09 16:22:11.426882 7f869af78700 5 -- op tracker -- , seq: 1617, time:
2014-06-09 16:22:11.081358, event: all_read, op: pg_notify(3.6e(10),0.7d(20),2.82(20) epoch 243)
2014-06-09 16:22:11.426888 7f869af78700 5 -- op tracker -- , seq: 1617, time:
2014-06-09 16:22:11.426859, event: dispatched, op: pg_notify(3.6e(10),0.7d(20),2.82(20) epoch 243)
2014-06-09 16:22:11.426894 7f869af78700 5 -- op tracker -- , seq: 1617, time:
2014-06-09 16:22:11.426892, event: waiting_for_osdmap, op: pg_notify(3.6e(10),0.7d(20),2.82(20) epoch 243)
2014-06-09 16:22:11.426898 7f869af78700 7 osd.26 243 handle_pg_notify from osd.3
2014-06-09 16:22:11.426900 7f869af78700 15 osd.26 243 require_same_or_newer_map 243 (i am 243) 0x3043bc00
2014-06-09 16:22:11.426905 7f869af78700 5 -- op tracker -- , seq: 1617, time:
2014-06-09 16:22:11.426902, event: started, op: pg_notify(3.6e(10),0.7d(20),2.82(20) epoch 243)
2014-06-09 16:22:11.426933 7f869af78700 5 -- op tracker -- , seq: 1617, time:
2014-06-09 16:22:11.426931, event: done, op: pg_notify(3.6e(10),0.7d(20),2.82(20) epoch 243)
2014-06-09 16:22:11.426940 7f869af78700 10 osd.26 243 do_waiters -- start
2014-06-09 16:22:11.426942 7f869af78700 10 osd.26 243 do_waiters -- finish
2014-06-09 16:22:11.426963 7f869af78700 10 osd.26 243 do_waiters -- start
2014-06-09 16:22:11.426964 7f869af78700 10 osd.26 243 do_waiters -- finish
2014-06-09 16:22:11.426965 7f869af78700 20 osd.26 243 _dispatch 0x305a6c00 pg_log(2.69d epoch 243 log log((0'0,0'0], crt=0'0) query_epoch 243) v4
2014-06-09 16:22:11.426970 7f869af78700 5 -- op tracker -- , seq: 1618, time:
2014-06-09 16:22:11.085137, event: header_read, op: pg_log(2.69d epoch 243 log log((0'0,0'0], crt=0'0) query_epoch 243)
2014-06-09 16:22:11.426977 7f869af78700 5 -- op tracker -- , seq: 1618, time:
2014-06-09 16:22:11.085138, event: throttled, op: pg_log(2.69d epoch 243 log log((0'0,0'0], crt=0'0) query_epoch 243)
2014-06-09 16:22:11.426980 7f86a5e11700 10 lookup_strip_header done cid meta oid 16ef7597/infos/head//-1
2014-06-09 16:22:11.426984 7f869af78700 5 -- op tracker -- , seq: 1618, time:
2014-06-09 16:22:11.085148, event: all_read, op: pg_log(2.69d epoch 243 log log((0'0,0'0], crt=0'0) query_epoch 243)
2014-06-09 16:22:11.426990 7f869af78700 5 -- op tracker -- , seq: 1618, time:
2014-06-09 16:22:11.426962, event: dispatched, op: pg_log(2.69d epoch 243 log log((0'0,0'0], crt=0'0) query_epoch 243)
2014-06-09 16:22:11.426996 7f86a5e11700 10 cid: oid: 16ef7597/infos/head//-1 skipping op, spos 3117.0.0 <= header.spos 150443.0.0
2014-06-09 16:22:11.426999 7f86a5e11700 5 submit_transaction r = 0
2014-06-09 16:22:11.426997 7f869af78700 5 -- op tracker -- , seq: 1618, time:
2014-06-09 16:22:11.426994, event: waiting_for_osdmap, op: pg_log(2.69d epoch 243 log log((0'0,0'0], crt=0'0) query_epoch 243)
2014-06-09 16:22:11.427001 7f869af78700 7 osd.26 243 handle_pg_log pg_log(2.69d epoch 243 log log((0'0,0'0], crt=0'0) query_epoch 243) v4 from osd.1
2014-06-09 16:22:11.427004 7f869af78700 15 osd.26 243 require_same_or_newer_map 243 (i am 243) 0x305a6c00
2014-06-09 16:22:11.427009 7f869af78700 5 -- op tracker -- , seq: 1618, time:
2014-06-09 16:22:11.427007, event: started, op: pg_log(2.69d epoch 243 log log((0'0,0'0], crt=0'0) query_epoch 243)
2014-06-09 16:22:11.427012 7f86a5e11700 10 _do_op 0x308ca3c0 seq 3117 r = 0, finisher 0x306281c0 0
2014-06-09 16:22:11.427018 7f86a5e11700 10 _finish_op 0x308ca3c0 seq 3117 osr(0.8c 0x2bd6480)/0x2bd6480
2014-06-09 16:22:11.427021 7f86a460e700 10 finisher(0x2c100f8) finisher_thread doing [0xbd76060]
2014-06-09 16:22:11.427023 7f86a5e11700 15 KeyValueStore::op_tp worker wq KeyValueStore::OpWQ done processing 0xc52ed80 (0 active)
2014-06-09 16:22:11.427020 7f869af78700 5 -- op tracker -- , seq: 1618, time:
2014-06-09 16:22:11.427018, event: done, op: pg_log(2.69d epoch 243 log log((0'0,0'0], crt=0'0) query_epoch 243)
2014-06-09 16:22:11.427025 7f86a5e11700 20 KeyValueStore::op_tp worker waiting
2014-06-09 16:22:11.427025 7f86a460e700 10 finisher(0x2c100f8) finisher_thread done with [0xbd76060]
2014-06-09 16:22:11.427027 7f86a460e700 10 finisher(0x2c100f8) finisher_thread empty
2014-06-09 16:22:11.427027 7f869af78700 10 osd.26 243 do_waiters -- start
2014-06-09 16:22:11.427028 7f86a460e700 10 finisher(0x2c100f8) finisher_thread sleeping
2014-06-09 16:22:11.427029 7f869af78700 10 osd.26 243 do_waiters -- finish
2014-06-09 16:22:11.427039 7f869af78700 10 osd.26 243 do_waiters -- start
2014-06-09 16:22:11.427040 7f869af78700 10 osd.26 243 do_waiters -- finish
2014-06-09 16:22:11.427041 7f869af78700 20 osd.26 243 _dispatch 0x2fef4380 pg_notify(0.6ab(20) epoch 243) v5
2014-06-09 16:22:11.427046 7f869af78700 5 -- op tracker -- , seq: 1619, time:
2014-06-09 16:22:11.058648, event: header_read, op: pg_notify(0.6ab(20) epoch 243)
2014-06-09 16:22:11.427053 7f86a4e0f700 10 finisher(0x2c10388) finisher_thread doing [0x306281c0]
2014-06-09 16:22:11.427052 7f869af78700 5 -- op tracker -- , seq: 1619, time:
2014-06-09 16:22:11.058648, event: throttled, op: pg_notify(0.6ab(20) epoch 243)
2014-06-09 16:22:11.427058 7f869af78700 5 -- op tracker -- , seq: 1619, time:
2014-06-09 16:22:11.058667, event: all_read, op: pg_notify(0.6ab(20) epoch 243)
2014-06-09 16:22:11.427056 7f86a4e0f700 10 osd.26 pg_epoch: 243 pg[0.8c( empty local-les=243 n=0 ec=1 les/c 191/191 242/242/220) [0,26] r=1 lpr=242 pi=1-241/22 crt=0'0 inactive] _activate_committed 243 telling primary
2014-06-09 16:22:11.427064 7f869af78700 5 -- op tracker -- , seq: 1619, time:
2014-06-09 16:22:11.427039, event: dispatched, op: pg_notify(0.6ab(20) epoch 243)
2014-06-09 16:22:11.427067 7f86a4e0f700 20 osd.26 243 share_map_peer 0xbf6e6e0 already has epoch 243
2014-06-09 16:22:11.427070 7f869af78700 5 -- op tracker -- , seq: 1619, time:
2014-06-09 16:22:11.427068, event: waiting_for_osdmap, op: pg_notify(0.6ab(20) epoch 243)
2014-06-09 16:22:11.427074 7f869af78700 7 osd.26 243 handle_pg_notify from osd.9
2014-06-09 16:22:11.427076 7f869af78700 15 osd.26 243 require_same_or_newer_map 243 (i am 243) 0x2fef4380
2014-06-09 16:22:11.427080 7f869af78700 5 -- op tracker -- , seq: 1619, time:
2014-06-09 16:22:11.427078, event: started, op: pg_notify(0.6ab(20) epoch 243)
2014-06-09 16:22:11.427083 7f86a4e0f700 10 osd.26 pg_epoch: 243 pg[0.8c( empty local-les=243 n=0 ec=1 les/c 191/191 242/242/220) [0,26] r=1 lpr=242 pi=1-241/22 crt=0'0 active] flushed
2014-06-09 16:22:11.427094 7f869af78700 5 -- op tracker -- , seq: 1619, time:
2014-06-09 16:22:11.427092, event: done, op: pg_notify(0.6ab(20) epoch 243)
2014-06-09 16:22:11.427099 7f86a4e0f700 10 finisher(0x2c10388) finisher_thread done with [0x306281c0]
2014-06-09 16:22:11.427101 7f86a4e0f700 10 finisher(0x2c10388) finisher_thread empty
2014-06-09 16:22:11.427101 7f869af78700 10 osd.26 243 do_waiters -- start
2014-06-09 16:22:11.427102 7f86a4e0f700 10 finisher(0x2c10388) finisher_thread sleeping
2014-06-09 16:22:11.427103 7f869af78700 10 osd.26 243 do_waiters -- finish
2014-06-09 16:22:11.427108 7f868ef60700 10 op_submit_finish 3128
2014-06-09 16:22:11.427111 7f86a5610700 12 KeyValueStore::op_tp worker wq KeyValueStore::OpWQ start processing 0xc62f440 (1 active)
2014-06-09 16:22:11.427114 7f86a5610700 5 _do_op 0x309a2b40 seq 3128 osr(3.e0 0x3ed0500)/0x3ed0500 start
2014-06-09 16:22:11.427117 7f86a5610700 10 _do_transaction on 0xbfe63c0
2014-06-09 16:22:11.427118 7f869af78700 10 osd.26 243 do_waiters -- start
2014-06-09 16:22:11.427120 7f869af78700 10 osd.26 243 do_waiters -- finish
2014-06-09 16:22:11.427112 7f868ef60700 10 osd.26 pg_epoch: 243 pg[2.61b( empty local-les=243 n=0 ec=1 les/c 201/201 242/242/242) [26,3] r=0 lpr=242 pi=200-241/2 crt=0'0 mlcod 0'0 inactive] handle_peering_event: epoch_sent: 243 epoch_requested: 243 MNotifyRec from 3 notify: (query_epoch:243, epoch_sent:243, info:2.61b( empty local-les=201 n=0 ec=1 les/c 201/201 242/242/242))
2014-06-09 16:22:11.427121 7f869af78700 20 osd.26 243 _dispatch 0x2fe34a00 pg_log(1.7a epoch 243 log log((0'0,0'0], crt=0'0) query_epoch 243) v4
2014-06-09 16:22:11.427122 7f86a5610700 15 _omap_setkeys meta/16ef7597/infos/head//-1
2014-06-09 16:22:11.427127 7f869af78700 5 -- op tracker -- , seq: 1620, time:
2014-06-09 16:22:11.023314, event: header_read, op: pg_log(1.7a epoch 243 log log((0'0,0'0], crt=0'0) query_epoch 243)
2014-06-09 16:22:11.427126 7f868ef60700 10 osd.26 pg_epoch: 243 pg[2.61b( empty local-les=243 n=0 ec=1 les/c 201/201 242/242/242) [26,3] r=0 lpr=242 pi=200-241/2 crt=0'0 mlcod 0'0 inactive] state: Active: got notify from 3, already have info from that osd, ignoring
2014-06-09 16:22:11.427136 7f868ef60700 10 log is not dirty
2014-06-09 16:22:11.427134 7f869af78700 5 -- op tracker -- , seq: 1620, time:
2014-06-09 16:22:11.023314, event: throttled, op: pg_log(1.7a epoch 243 log log((0'0,0'0], crt=0'0) query_epoch 243)
2014-06-09 16:22:11.427141 7f869af78700 5 -- op tracker -- , seq: 1620, time:
2014-06-09 16:22:11.023328, event: all_read, op: pg_log(1.7a epoch 243 log log((0'0,0'0], crt=0'0) query_epoch 243)
2014-06-09 16:22:11.427147 7f869af78700 5 -- op tracker -- , seq: 1620, time:
2014-06-09 16:22:11.427118, event: dispatched, op: pg_log(1.7a epoch 243 log log((0'0,0'0], crt=0'0) query_epoch 243)
2014-06-09 16:22:11.427154 7f869af78700 5 -- op tracker -- , seq: 1620, time:
2014-06-09 16:22:11.427151, event: waiting_for_osdmap, op: pg_log(1.7a epoch 243 log log((0'0,0'0], crt=0'0) query_epoch 243)
2014-06-09 16:22:11.427155 7f86a5610700 10 lookup_strip_header done cid meta oid 16ef7597/infos/head//-1
2014-06-09 16:22:11.427156 7f868ef60700 15 OSD::op_tp worker wq OSD::PeeringWQ done processing 0xb7f0280 (13 active)
2014-06-09 16:22:11.427158 7f869af78700 7 osd.26 243 handle_pg_log pg_log(1.7a epoch 243 log log((0'0,0'0], crt=0'0) query_epoch 243) v4 from osd.8
2014-06-09 16:22:11.427161 7f869af78700 15 osd.26 243 require_same_or_newer_map 243 (i am 243) 0x2fe34a00
2014-06-09 16:22:11.427166 7f868ef60700 12 OSD::op_tp worker wq OSD::PeeringWQ start processing 0xb7f0280 (14 active)
2014-06-09 16:22:11.427166 7f869af78700 5 -- op tracker -- , seq: 1620, time:
2014-06-09 16:22:11.427164, event: started, op: pg_log(1.7a epoch 243 log log((0'0,0'0], crt=0'0) query_epoch 243)
2014-06-09 16:22:11.427171 7f86a5610700 10 cid: oid: 16ef7597/infos/head//-1 skipping op, spos 3128.0.0 <= header.spos 150443.0.0
2014-06-09 16:22:11.427175 7f86a5610700 5 submit_transaction r = 0
2014-06-09 16:22:11.427170 7f868ef60700 10 osd.26 pg_epoch: 243 pg[3.4e2( v 213'643 (0'0,213'643] local-les=243 n=121 ec=118 les/c 191/191 242/242/242) [26,1] r=0 lpr=242 pi=190-241/4 crt=0'0 lcod 0'0 mlcod 0'0 inactive] handle_peering_event: epoch_sent: 243 epoch_requested: 243 MNotifyRec from 1 notify: (query_epoch:243, epoch_sent:243, info:3.4e2( v 213'643 (0'0,213'643] local-les=191 n=121 ec=118 les/c 191/191 242/242/242))
2014-06-09 16:22:11.427178 7f869af78700 5 -- op tracker -- , seq: 1620, time:
2014-06-09 16:22:11.427176, event: done, op: pg_log(1.7a epoch 243 log log((0'0,0'0], crt=0'0) query_epoch 243)
2014-06-09 16:22:11.427185 7f869af78700 10 osd.26 243 do_waiters -- start
2014-06-09 16:22:11.427187 7f869af78700 10 osd.26 243 do_waiters -- finish
2014-06-09 16:22:11.427184 7f868ef60700 10 osd.26 pg_epoch: 243 pg[3.4e2( v 213'643 (0'0,213'643] local-les=243 n=121 ec=118 les/c 191/191 242/242/242) [26,1] r=0 lpr=242 pi=190-241/4 crt=0'0 lcod 0'0 mlcod 0'0 inactive] state: Active: got notify from 1, already have info from that osd, ignoring
2014-06-09 16:22:11.427194 7f868ef60700 10 log is not dirty
2014-06-09 16:22:11.427197 7f869af78700 10 osd.26 243 do_waiters -- start
2014-06-09 16:22:11.427199 7f869af78700 10 osd.26 243 do_waiters -- finish
2014-06-09 16:22:11.427199 7f86a5610700 10 _do_op 0x309a2b40 seq 3128 r = 0, finisher 0x306ce080 0
2014-06-09 16:22:11.427200 7f869af78700 20 osd.26 243 _dispatch 0x1ae7c000 pg_notify(0.319(20) epoch 243) v5
2014-06-09 16:22:11.427204 7f86a5610700 10 _finish_op 0x309a2b40 seq 3128 osr(3.e0 0x3ed0500)/0x3ed0500
2014-06-09 16:22:11.427198 7f868ef60700 10 osd.26 pg_epoch: 243 pg[0.e8( empty local-les=213 n=0 ec=1 les/c 213/213 242/242/212) [9,26] r=1 lpr=242 pi=1-241/23 crt=0'0 inactive NOTIFY] handle_peering_event: epoch_sent: 243 epoch_requested: 243 MLogRec from 9
2014-06-09 16:22:11.427205 7f869af78700 5 -- op tracker -- , seq: 1621, time:
2014-06-09 16:22:11.027290, event: header_read, op: pg_notify(0.319(20) epoch 243)
2014-06-09 16:22:11.427208 7f86a5610700 15 KeyValueStore::op_tp worker wq KeyValueStore::OpWQ done processing 0xc62f440 (0 active)
2014-06-09 16:22:11.427211 7f86a5610700 20 KeyValueStore::op_tp worker waiting
2014-06-09 16:22:11.427211 7f869af78700 5 -- op tracker -- , seq: 1621, time:
2014-06-09 16:22:11.027291, event: throttled, op: pg_notify(0.319(20) epoch 243)
2014-06-09 16:22:11.427215 7f86a460e700 10 finisher(0x2c100f8) finisher_thread doing [0xbd64900]
2014-06-09 16:22:11.427218 7f86a460e700 10 finisher(0x2c100f8) finisher_thread done with [0xbd64900]
2014-06-09 16:22:11.427219 7f86a460e700 10 finisher(0x2c100f8) finisher_thread empty
2014-06-09 16:22:11.427209 7f868ef60700 10 osd.26 pg_epoch: 243 pg[0.e8( empty local-les=213 n=0 ec=1 les/c 213/213 242/242/212) [9,26] r=1 lpr=242 pi=1-241/23 crt=0'0 inactive NOTIFY] state: got info+log from osd.9 0.e8( empty local-les=243 n=0 ec=1 les/c 213/213 242/242/212) log((0'0,0'0], crt=0'0)
2014-06-09 16:22:11.427220 7f86a460e700 10 finisher(0x2c100f8) finisher_thread sleeping
2014-06-09 16:22:11.427218 7f869af78700 5 -- op tracker -- , seq: 1621, time:
2014-06-09 16:22:11.027322, event: all_read, op: pg_notify(0.319(20) epoch 243)
2014-06-09 16:22:11.427221 7f868ef60700 10 merge_log log((0'0,0'0], crt=0'0) from osd.9 into log((0'0,0'0], crt=0'0)
2014-06-09 16:22:11.427223 7f86a4e0f700 10 finisher(0x2c10388) finisher_thread doing [0x306ce080]
2014-06-09 16:22:11.427225 7f868ef60700 10 merge_log result log((0'0,0'0], crt=0'0) missing(0) changed=0
2014-06-09 16:22:11.427224 7f869af78700 5 -- op tracker -- , seq: 1621, time:
2014-06-09 16:22:11.427197, event: dispatched, op: pg_notify(0.319(20) epoch 243)
2014-06-09 16:22:11.427230 7f869af78700 5 -- op tracker -- , seq: 1621, time:
2014-06-09 16:22:11.427228, event: waiting_for_osdmap, op: pg_notify(0.319(20) epoch 243)
2014-06-09 16:22:11.427225 7f86a4e0f700 10 osd.26 pg_epoch: 243 pg[3.e0( v 213'736 (0'0,213'736] local-les=243 n=138 ec=118 les/c 210/210 242/242/209) [7,26] r=1 lpr=242 pi=118-241/10 crt=0'0 lcod 0'0 inactive] _activate_committed 243 telling primary
2014-06-09 16:22:11.427234 7f869af78700 7 osd.26 243 handle_pg_notify from osd.6
2014-06-09 16:22:11.427229 7f868ef60700 5 osd.26 pg_epoch: 243 pg[0.e8( empty local-les=213 n=0 ec=1 les/c 213/213 242/242/212) [9,26] r=1 lpr=242 pi=1-241/23 crt=0'0 inactive NOTIFY] exit Started/Stray 1.154683 7 0.000192
2014-06-09 16:22:11.427236 7f869af78700 15 osd.26 243 require_same_or_newer_map 243 (i am 243) 0x1ae7c000
2014-06-09 16:22:11.427239 7f86a4e0f700 20 osd.26 243 share_map_peer 0xbfa6580 already has epoch 243
2014-06-09 16:22:11.427240 7f869af78700 5 -- op tracker -- , seq: 1621, time:
2014-06-09 16:22:11.427238, event: started, op: pg_notify(0.319(20) epoch 243)
2014-06-09 16:22:11.427239 7f868ef60700 5 osd.26 pg_epoch: 243 pg[0.e8( empty local-les=213 n=0 ec=1 les/c 213/213 242/242/212) [9,26] r=1 lpr=242 pi=1-241/23 crt=0'0 inactive NOTIFY] enter Started/ReplicaActive
2014-06-09 16:22:11.427249 7f868ef60700 5 osd.26 pg_epoch: 243 pg[0.e8( empty local-les=213 n=0 ec=1 les/c 213/213 242/242/212) [9,26] r=1 lpr=242 pi=1-241/23 crt=0'0 inactive NOTIFY] enter Started/ReplicaActive/RepNotRecovering
2014-06-09 16:22:11.427254 7f869af78700 5 -- op tracker -- , seq: 1621, time:
2014-06-09 16:22:11.427252, event: done, op: pg_notify(0.319(20) epoch 243)
2014-06-09 16:22:11.427252 7f86a4e0f700 10 osd.26 pg_epoch: 243 pg[3.e0( v 213'736 (0'0,213'736] local-les=243 n=138 ec=118 les/c 210/210 242/242/209) [7,26] r=1 lpr=242 pi=118-241/10 luod=0'0 crt=0'0 lcod 0'0 active] flushed
2014-06-09 16:22:11.427261 7f869af78700 10 osd.26 243 do_waiters -- start
2014-06-09 16:22:11.427262 7f869af78700 10 osd.26 243 do_waiters -- finish
2014-06-09 16:22:11.427259 7f868ef60700 10 osd.26 pg_epoch: 243 pg[0.e8( empty local-les=213 n=0 ec=1 les/c 213/213 242/242/212) [9,26] r=1 lpr=242 pi=1-241/23 crt=0'0 inactive NOTIFY] state: In ReplicaActive, about to call activate
2014-06-09 16:22:11.427266 7f86a4e0f700 10 finisher(0x2c10388) finisher_thread done with [0x306ce080]
2014-06-09 16:22:11.427268 7f86a4e0f700 10 finisher(0x2c10388) finisher_thread empty
2014-06-09 16:22:11.427269 7f86a4e0f700 10 finisher(0x2c10388) finisher_thread sleeping
2014-06-09 16:22:11.427267 7f868ef60700 10 osd.26 pg_epoch: 243 pg[0.e8( empty local-les=243 n=0 ec=1 les/c 213/213 242/242/212) [9,26] r=1 lpr=242 pi=1-241/23 crt=0'0 inactive] activate - no missing, moving last_complete 0'0 -> 0'0
2014-06-09 16:22:11.427278 7f869af78700 10 osd.26 243 do_waiters -- start
2014-06-09 16:22:11.427280 7f869af78700 10 osd.26 243 do_waiters -- finish
2014-06-09 16:22:11.427276 7f868ef60700 10 osd.26 pg_epoch: 243 pg[0.e8( empty local-les=243 n=0 ec=1 les/c 213/213 242/242/212) [9,26] r=1 lpr=242 pi=1-241/23 crt=0'0 inactive] state: Activate Finished
2014-06-09 16:22:11.427281 7f869af78700 20 osd.26 243 _dispatch 0x30047600 pg_log(0.35b epoch 243 log log((0'0,0'0], crt=0'0) query_epoch 243) v4
2014-06-09 16:22:11.427287 7f869af78700 5 -- op tracker -- , seq: 1622, time:
2014-06-09 16:22:11.050847, event: header_read, op: pg_log(0.35b epoch 243 log log((0'0,0'0], crt=0'0) query_epoch 243)
2014-06-09 16:22:11.427294 7f869af78700 5 -- op tracker -- , seq: 1622, time:
2014-06-09 16:22:11.050847, event: throttled, op: pg_log(0.35b epoch 243 log log((0'0,0'0], crt=0'0) query_epoch 243)
2014-06-09 16:22:11.427300 7f869af78700 5 -- op tracker -- , seq: 1622, time:
2014-06-09 16:22:11.050859, event: all_read, op: pg_log(0.35b epoch 243 log log((0'0,0'0], crt=0'0) query_epoch 243)
2014-06-09 16:22:11.427306 7f869af78700 5 -- op tracker -- , seq: 1622, time:
2014-06-09 16:22:11.427278, event: dispatched, op: pg_log(0.35b epoch 243 log log((0'0,0'0], crt=0'0) query_epoch 243)
2014-06-09 16:22:11.427313 7f869af78700 5 -- op tracker -- , seq: 1622, time:
2014-06-09 16:22:11.427310, event: waiting_for_osdmap, op: pg_log(0.35b epoch 243 log log((0'0,0'0], crt=0'0) query_epoch 243)
2014-06-09 16:22:11.427317 7f868ef60700 10 log is not dirty
2014-06-09 16:22:11.427317 7f869af78700 7 osd.26 243 handle_pg_log pg_log(0.35b epoch 243 log log((0'0,0'0], crt=0'0) query_epoch 243) v4 from osd.0
2014-06-09 16:22:11.427321 7f868ef60700 5 queue_transactions existing osr(0.e8 0x2bd6510)/0x2bd6510
2014-06-09 16:22:11.427321 7f869af78700 15 osd.26 243 require_same_or_newer_map 243 (i am 243) 0x30047600
2014-06-09 16:22:11.427323 7f868ef60700 10 op_submit_start 3129
2014-06-09 16:22:11.427323 7f868ef60700 5 queue_transactions (trailing journal) 3129
2014-06-09 16:22:11.427324 7f868ef60700 5 queue_op 0x309a2ae0 seq 3129 osr(0.e8 0x2bd6510) 1951 bytes (queue has 1 ops and 1951 bytes)
2014-06-09 16:22:11.427328 7f868ef60700 10 op_submit_finish 3129
2014-06-09 16:22:11.427326 7f869af78700 5 -- op tracker -- , seq: 1622, time:
2014-06-09 16:22:11.427323, event: started, op: pg_log(0.35b epoch 243 log log((0'0,0'0], crt=0'0) query_epoch 243)
2014-06-09 16:22:11.427330 7f86a5e11700 12 KeyValueStore::op_tp worker wq KeyValueStore::OpWQ start processing 0xc1145a0 (1 active)
2014-06-09 16:22:11.427334 7f86a5e11700 5 _do_op 0x309a2ae0 seq 3129 osr(0.e8 0x2bd6510)/0x2bd6510 start
2014-06-09 16:22:11.427337 7f86a5e11700 10 _do_transaction on 0xc05d2c0
2014-06-09 16:22:11.427337 7f869af78700 5 -- op tracker -- , seq: 1622, time:
2014-06-09 16:22:11.427335, event: done, op: pg_log(0.35b epoch 243 log log((0'0,0'0], crt=0'0) query_epoch 243)
2014-06-09 16:22:11.427342 7f86a5e11700 15 _omap_setkeys meta/16ef7597/infos/head//-1
2014-06-09 16:22:11.427331 7f868ef60700 10 osd.26 pg_epoch: 243 pg[2.65( empty local-les=212 n=0 ec=1 les/c 212/212 242/242/211) [8,26] r=1 lpr=242 pi=1-241/24 crt=0'0 inactive NOTIFY] handle_peering_event: epoch_sent: 243 epoch_requested: 243 MLogRec from 8
2014-06-09 16:22:11.427347 7f869af78700 10 osd.26 243 do_waiters -- start
2014-06-09 16:22:11.427349 7f869af78700 10 osd.26 243 do_waiters -- finish
2014-06-09 16:22:11.427348 7f868ef60700 10 osd.26 pg_epoch: 243 pg[2.65( empty local-les=212 n=0 ec=1 les/c 212/212 242/242/211) [8,26] r=1 lpr=242 pi=1-241/24 crt=0'0 inactive NOTIFY] state: got info+log from osd.8 2.65( empty local-les=243 n=0 ec=1 les/c 212/212 242/242/211) log((0'0,0'0], crt=0'0)
2014-06-09 16:22:11.427361 7f869af78700 10 osd.26 243 do_waiters -- start
2014-06-09 16:22:11.427359 7f868ef60700 10 merge_log log((0'0,0'0], crt=0'0) from osd.8 into log((0'0,0'0], crt=0'0)
2014-06-09 16:22:11.427362 7f869af78700 10 osd.26 243 do_waiters -- finish
2014-06-09 16:22:11.427364 7f868ef60700 10 merge_log result log((0'0,0'0], crt=0'0) missing(0) changed=0
2014-06-09 16:22:11.427363 7f869af78700 20 osd.26 243 _dispatch 0x305bac00 pg_log(2.620 epoch 243 log log((0'0,0'0], crt=0'0) query_epoch 243) v4
2014-06-09 16:22:11.427369 7f869af78700 5 -- op tracker -- , seq: 1623, time:
2014-06-09 16:22:11.090302, event: header_read, op: pg_log(2.620 epoch 243 log log((0'0,0'0], crt=0'0) query_epoch 243)
2014-06-09 16:22:11.427367 7f868ef60700 5 osd.26 pg_epoch: 243 pg[2.65( empty local-les=212 n=0 ec=1 les/c 212/212 242/242/211) [8,26] r=1 lpr=242 pi=1-241/24 crt=0'0 inactive NOTIFY] exit Started/Stray 1.215227 7 0.000180
2014-06-09 16:22:11.427374 7f86a5e11700 10 lookup_strip_header done cid meta oid 16ef7597/infos/head//-1
2014-06-09 16:22:11.427376 7f869af78700 5 -- op tracker -- , seq: 1623, time:
2014-06-09 16:22:11.090303, event: throttled, op: pg_log(2.620 epoch 243 log log((0'0,0'0], crt=0'0) query_epoch 243)
2014-06-09 16:22:11.427378 7f868ef60700 5 osd.26 pg_epoch: 243 pg[2.65( empty local-les=212 n=0 ec=1 les/c 212/212 242/242/211) [8,26] r=1 lpr=242 pi=1-241/24 crt=0'0 inactive NOTIFY] enter Started/ReplicaActive
2014-06-09 16:22:11.427382 7f869af78700 5 -- op tracker -- , seq: 1623, time:
2014-06-09 16:22:11.090317, event: all_read, op: pg_log(2.620 epoch 243 log log((0'0,0'0], crt=0'0) query_epoch 243)
2014-06-09 16:22:11.427389 7f869af78700 5 -- op tracker -- , seq: 1623, time:
2014-06-09 16:22:11.427360, event: dispatched, op: pg_log(2.620 epoch 243 log log((0'0,0'0], crt=0'0) query_epoch 243)
2014-06-09 16:22:11.427389 7f86a5e11700 10 cid: oid: 16ef7597/infos/head//-1 skipping op, spos 3129.0.0 <= header.spos 150443.0.0
2014-06-09 16:22:11.427393 7f86a5e11700 5 submit_transaction r = 0
2014-06-09 16:22:11.427388 7f868ef60700 5 osd.26 pg_epoch: 243 pg[2.65( empty local-les=212 n=0 ec=1 les/c 212/212 242/242/211) [8,26] r=1 lpr=242 pi=1-241/24 crt=0'0 inactive NOTIFY] enter Started/ReplicaActive/RepNotRecovering
2014-06-09 16:22:11.427396 7f869af78700 5 -- op tracker -- , seq: 1623, time:
2014-06-09 16:22:11.427393, event: waiting_for_osdmap, op: pg_log(2.620 epoch 243 log log((0'0,0'0], crt=0'0) query_epoch 243)
2014-06-09 16:22:11.427400 7f869af78700 7 osd.26 243 handle_pg_log pg_log(2.620 epoch 243 log log((0'0,0'0], crt=0'0) query_epoch 243) v4 from osd.5
2014-06-09 16:22:11.427397 7f868ef60700 10 osd.26 pg_epoch: 243 pg[2.65( empty local-les=212 n=0 ec=1 les/c 212/212 242/242/211) [8,26] r=1 lpr=242 pi=1-241/24 crt=0'0 inactive NOTIFY] state: In ReplicaActive, about to call activate
2014-06-09 16:22:11.427403 7f869af78700 15 osd.26 243 require_same_or_newer_map 243 (i am 243) 0x305bac00
2014-06-09 16:22:11.427408 7f86a5e11700 10 _do_op 0x309a2ae0 seq 3129 r = 0, finisher 0x18742b00 0
2014-06-09 16:22:11.427409 7f869af78700 5 -- op tracker -- , seq: 1623, time:
2014-06-09 16:22:11.427406, event: started, op: pg_log(2.620 epoch 243 log log((0'0,0'0], crt=0'0) query_epoch 243)
2014-06-09 16:22:11.427405 7f868ef60700 10 osd.26 pg_epoch: 243 pg[2.65( empty local-les=243 n=0 ec=1 les/c 212/212 242/242/211) [8,26] r=1 lpr=242 pi=1-241/24 crt=0'0 inactive] activate - no missing, moving last_complete 0'0 -> 0'0
2014-06-09 16:22:11.427414 7f86a5e11700 10 _finish_op 0x309a2ae0 seq 3129 osr(0.e8 0x2bd6510)/0x2bd6510
2014-06-09 16:22:11.427418 7f86a5e11700 15 KeyValueStore::op_tp worker wq KeyValueStore::OpWQ done processing 0xc1145a0 (0 active)
2014-06-09 16:22:11.427420 7f86a5e11700 20 KeyValueStore::op_tp worker waiting
2014-06-09 16:22:11.427413 7f868ef60700 10 osd.26 pg_epoch: 243 pg[2.65( empty local-les=243 n=0 ec=1 les/c 212/212 242/242/211) [8,26] r=1 lpr=242 pi=1-241/24 crt=0'0 inactive] state: Activate Finished
2014-06-09 16:22:11.427421 7f869af78700 5 -- op tracker -- , seq: 1623, time:
2014-06-09 16:22:11.427418, event: done, op: pg_log(2.620 epoch 243 log log((0'0,0'0], crt=0'0) query_epoch 243)
2014-06-09 16:22:11.427424 7f86a460e700 10 finisher(0x2c100f8) finisher_thread doing [0x189aa9c0]
2014-06-09 16:22:11.427426 7f86a460e700 10 finisher(0x2c100f8) finisher_thread done with [0x189aa9c0]
2014-06-09 16:22:11.427428 7f86a460e700 10 finisher(0x2c100f8) finisher_thread empty
2014-06-09 16:22:11.427427 7f869af78700 10 osd.26 243 do_waiters -- start
2014-06-09 16:22:11.427429 7f86a460e700 10 finisher(0x2c100f8) finisher_thread sleeping
2014-06-09 16:22:11.427429 7f869af78700 10 osd.26 243 do_waiters -- finish
2014-06-09 16:22:11.427432 7f86a4e0f700 10 finisher(0x2c10388) finisher_thread doing [0x18742b00]
2014-06-09 16:22:11.427439 7f869af78700 10 osd.26 243 do_waiters -- start
2014-06-09 16:22:11.427441 7f869af78700 10 osd.26 243 do_waiters -- finish
2014-06-09 16:22:11.427433 7f86a4e0f700 10 osd.26 pg_epoch: 243 pg[0.e8( empty local-les=243 n=0 ec=1 les/c 213/213 242/242/212) [9,26] r=1 lpr=242 pi=1-241/23 crt=0'0 inactive] _activate_committed 243 telling primary
2014-06-09 16:22:11.427442 7f869af78700 20 osd.26 243 _dispatch 0x2ea5a8c0 pg_notify(1.1f0(26) epoch 242) v5
2014-06-09 16:22:11.427446 7f86a4e0f700 20 osd.26 243 share_map_peer 0xbeb8f20 already has epoch 243
2014-06-09 16:22:11.427447 7f869af78700 5 -- op tracker -- , seq: 1624, time:
2014-06-09 16:22:10.941996, event: header_read, op: pg_notify(1.1f0(26) epoch 242)
2014-06-09 16:22:11.427453 7f869af78700 5 -- op tracker -- , seq: 1624, time:
2014-06-09 16:22:10.941997, event: throttled, op: pg_notify(1.1f0(26) epoch 242)
2014-06-09 16:22:11.427459 7f868ef60700 10 log is not dirty
2014-06-09 16:22:11.427459 7f869af78700 5 -- op tracker -- , seq: 1624, time:
2014-06-09 16:22:10.942020, event: all_read, op: pg_notify(1.1f0(26) epoch 242)
2014-06-09 16:22:11.427456 7f86a4e0f700 10 osd.26 pg_epoch: 243 pg[0.e8( empty local-les=243 n=0 ec=1 les/c 213/213 242/242/212) [9,26] r=1 lpr=242 pi=1-241/23 crt=0'0 active] flushed
2014-06-09 16:22:11.427463 7f868ef60700 5 queue_transactions existing osr(2.65 0x2ed0570)/0x2ed0570
2014-06-09 16:22:11.427465 7f868ef60700 10 op_submit_start 3130
2014-06-09 16:22:11.427466 7f868ef60700 5 queue_transactions (trailing journal) 3130
2014-06-09 16:22:11.427465 7f869af78700 5 -- op tracker -- , seq: 1624, time:
2014-06-09 16:22:11.427439, event: dispatched, op: pg_notify(1.1f0(26) epoch 242)
2014-06-09 16:22:11.427468 7f868ef60700 5 queue_op 0x309a2a80 seq 3130 osr(2.65 0x2ed0570) 2006 bytes (queue has 1 ops and 2006 bytes)
2014-06-09 16:22:11.427470 7f86a4e0f700 10 finisher(0x2c10388) finisher_thread done with [0x18742b00]
2014-06-09 16:22:11.427472 7f86a4e0f700 10 finisher(0x2c10388) finisher_thread empty
2014-06-09 16:22:11.427472 7f86a4e0f700 10 finisher(0x2c10388) finisher_thread sleeping
2014-06-09 16:22:11.427473 7f868ef60700 10 op_submit_finish 3130
2014-06-09 16:22:11.427471 7f869af78700 5 -- op tracker -- , seq: 1624, time:
2014-06-09 16:22:11.427469, event: waiting_for_osdmap, op: pg_notify(1.1f0(26) epoch 242)
2014-06-09 16:22:11.427475 7f869af78700 7 osd.26 243 handle_pg_notify from osd.2
2014-06-09 16:22:11.427476 7f86a5610700 12 KeyValueStore::op_tp worker wq KeyValueStore::OpWQ start processing 0xc115200 (1 active)
2014-06-09 16:22:11.427477 7f869af78700 15 osd.26 243 require_same_or_newer_map 242 (i am 243) 0x2ea5a8c0
2014-06-09 16:22:11.427478 7f86a5610700 5 _do_op 0x309a2a80 seq 3130 osr(2.65 0x2ed0570)/0x2ed0570 start
2014-06-09 16:22:11.427481 7f86a5610700 10 _do_transaction on 0xc26e9c0
2014-06-09 16:22:11.427481 7f869af78700 5 -- op tracker -- , seq: 1624, time:
2014-06-09 16:22:11.427480, event: started, op: pg_notify(1.1f0(26) epoch 242)
2014-06-09 16:22:11.427475 7f868ef60700 10 osd.26 pg_epoch: 243 pg[2.19( empty local-les=243 n=0 ec=1 les/c 208/208 242/242/242) [26,6] r=0 lpr=242 pi=207-241/2 crt=0'0 mlcod 0'0 inactive] handle_peering_event: epoch_sent: 243 epoch_requested: 243 MNotifyRec from 6 notify: (query_epoch:243, epoch_sent:243, info:2.19( empty local-les=208 n=0 ec=1 les/c 208/208 242/242/242))
2014-06-09 16:22:11.427485 7f86a5610700 15 _omap_setkeys meta/16ef7597/infos/head//-1
2014-06-09 16:22:11.427488 7f868ef60700 10 osd.26 pg_epoch: 243 pg[2.19( empty local-les=243 n=0 ec=1 les/c 208/208 242/242/242) [26,6] r=0 lpr=242 pi=207-241/2 crt=0'0 mlcod 0'0 inactive] state: Active: got notify from 6, already have info from that osd, ignoring
2014-06-09 16:22:11.427497 7f868ef60700 10 log is not dirty
2014-06-09 16:22:11.427495 7f869af78700 5 -- op tracker -- , seq: 1624, time:
2014-06-09 16:22:11.427493, event: done, op: pg_notify(1.1f0(26) epoch 242)
2014-06-09 16:22:11.427502 7f869af78700 10 osd.26 243 do_waiters -- start
2014-06-09 16:22:11.427504 7f869af78700 10 osd.26 243 do_waiters -- finish
2014-06-09 16:22:11.427502 7f868ef60700 10 osd.26 pg_epoch: 243 pg[1.36f( empty local-les=243 n=0 ec=1 les/c 191/191 242/242/242) [26,0] r=0 lpr=242 pi=190-241/4 crt=0'0 mlcod 0'0 inactive] handle_peering_event: epoch_sent: 243 epoch_requested: 243 MNotifyRec from 0 notify: (query_epoch:243, epoch_sent:243, info:1.36f( empty local-les=191 n=0 ec=1 les/c 191/191 242/242/242))
2014-06-09 16:22:11.427516 7f86a5610700 10 lookup_strip_header done cid meta oid 16ef7597/infos/head//-1
2014-06-09 16:22:11.427513 7f868ef60700 10 osd.26 pg_epoch: 243 pg[1.36f( empty local-les=243 n=0 ec=1 les/c 191/191 242/242/242) [26,0] r=0 lpr=242 pi=190-241/4 crt=0'0 mlcod 0'0 inactive] state: Active: got notify from 0, already have info from that osd, ignoring
2014-06-09 16:22:11.427522 7f869af78700 10 osd.26 243 do_waiters -- start
2014-06-09 16:22:11.427522 7f868ef60700 10 log is not dirty
2014-06-09 16:22:11.427523 7f869af78700 10 osd.26 243 do_waiters -- finish
2014-06-09 16:22:11.427524 7f869af78700 20 osd.26 243 _dispatch 0x2d7401c0 pg_notify(0.19a(23),2.2f7(23) epoch 242) v5
2014-06-09 16:22:11.427529 7f869af78700 5 -- op tracker -- , seq: 1625, time:
2014-06-09 16:22:10.863631, event: header_read, op: pg_notify(0.19a(23),2.2f7(23) epoch 242)
2014-06-09 16:22:11.427531 7f86a5610700 10 cid: oid: 16ef7597/infos/head//-1 skipping op, spos 3130.0.0 <= header.spos 150443.0.0
2014-06-09 16:22:11.427526 7f868ef60700 10 osd.26 pg_epoch: 243 pg[0.370( empty local-les=243 n=0 ec=1 les/c 191/191 242/242/242) [26,0] r=0 lpr=242 pi=190-241/4 crt=0'0 mlcod 0'0 inactive] handle_peering_event: epoch_sent: 243 epoch_requested: 243 MNotifyRec from 0 notify: (query_epoch:243, epoch_sent:243, info:0.370( empty local-les=191 n=0 ec=1 les/c 191/191 242/242/242))
2014-06-09 16:22:11.427535 7f86a5610700 5 submit_transaction r = 0
2014-06-09 16:22:11.427536 7f869af78700 5 -- op tracker -- , seq: 1625, time:
2014-06-09 16:22:10.863631, event: throttled, op: pg_notify(0.19a(23),2.2f7(23) epoch 242)
2014-06-09 16:22:11.427537 7f868ef60700 10 osd.26 pg_epoch: 243 pg[0.370( empty local-les=243 n=0 ec=1 les/c 191/191 242/242/242) [26,0] r=0 lpr=242 pi=190-241/4 crt=0'0 mlcod 0'0 inactive] state: Active: got notify from 0, already have info from that osd, ignoring
2014-06-09 16:22:11.427542 7f869af78700 5 -- op tracker -- , seq: 1625, time:
2014-06-09 16:22:10.863683, event: all_read, op: pg_notify(0.19a(23),2.2f7(23) epoch 242)
2014-06-09 16:22:11.427547 7f868ef60700 10 log is not dirty
2014-06-09 16:22:11.427549 7f869af78700 5 -- op tracker -- , seq: 1625, time:
2014-06-09 16:22:11.427521, event: dispatched, op: pg_notify(0.19a(23),2.2f7(23) epoch 242)
2014-06-09 16:22:11.427555 7f869af78700 5 -- op tracker -- , seq: 1625, time:
2014-06-09 16:22:11.427553, event: waiting_for_osdmap, op: pg_notify(0.19a(23),2.2f7(23) epoch 242)
2014-06-09 16:22:11.427550 7f868ef60700 10 osd.26 pg_epoch: 243 pg[2.3c0( empty local-les=206 n=0 ec=1 les/c 206/206 242/242/205) [5,26] r=1 lpr=242 pi=10-241/23 crt=0'0 inactive NOTIFY] handle_peering_event: epoch_sent: 243 epoch_requested: 243 MLogRec from 5
2014-06-09 16:22:11.427559 7f869af78700 7 osd.26 243 handle_pg_notify from osd.4
2014-06-09 16:22:11.427559 7f86a5610700 10 _do_op 0x309a2a80 seq 3130 r = 0, finisher 0xbd67800 0
2014-06-09 16:22:11.427561 7f869af78700 15 osd.26 243 require_same_or_newer_map 242 (i am 243) 0x2d7401c0
2014-06-09 16:22:11.427565 7f86a5610700 10 _finish_op 0x309a2a80 seq 3130 osr(2.65 0x2ed0570)/0x2ed0570
2014-06-09 16:22:11.427566 7f869af78700 5 -- op tracker -- , seq: 1625, time:
2014-06-09 16:22:11.427563, event: started, op: pg_notify(0.19a(23),2.2f7(23) epoch 242)
2014-06-09 16:22:11.427569 7f86a5610700 15 KeyValueStore::op_tp worker wq KeyValueStore::OpWQ done processing 0xc115200 (0 active)
2014-06-09 16:22:11.427572 7f86a5610700 20 KeyValueStore::op_tp worker waiting
2014-06-09 16:22:11.427577 7f86a460e700 10 finisher(0x2c100f8) finisher_thread doing [0xbdf16a0]
2014-06-09 16:22:11.427579 7f86a460e700 10 finisher(0x2c100f8) finisher_thread done with [0xbdf16a0]
2014-06-09 16:22:11.427560 7f868ef60700 10 osd.26 pg_epoch: 243 pg[2.3c0( empty local-les=206 n=0 ec=1 les/c 206/206 242/242/205) [5,26] r=1 lpr=242 pi=10-241/23 crt=0'0 inactive NOTIFY] state: got info+log from osd.5 2.3c0( empty local-les=243 n=0 ec=1 les/c 206/206 242/242/205) log((0'0,0'0], crt=0'0)
2014-06-09 16:22:11.427580 7f86a460e700 10 finisher(0x2c100f8) finisher_thread empty
2014-06-09 16:22:11.427581 7f86a460e700 10 finisher(0x2c100f8) finisher_thread sleeping
2014-06-09 16:22:11.427581 7f868ef60700 10 merge_log log((0'0,0'0], crt=0'0) from osd.5 into log((0'0,0'0], crt=0'0)
2014-06-09 16:22:11.427584 7f86a4e0f700 10 finisher(0x2c10388) finisher_thread doing [0xbd67800]
2014-06-09 16:22:11.427585 7f868ef60700 10 merge_log result log((0'0,0'0], crt=0'0) missing(0) changed=0
2014-06-09 16:22:11.427586 7f869af78700 5 -- op tracker -- , seq: 1625, time:
2014-06-09 16:22:11.427584, event: done, op: pg_notify(0.19a(23),2.2f7(23) epoch 242)
2014-06-09 16:22:11.427585 7f86a4e0f700 10 osd.26 pg_epoch: 243 pg[2.65( empty local-les=243 n=0 ec=1 les/c 212/212 242/242/211) [8,26] r=1 lpr=242 pi=1-241/24 crt=0'0 inactive] _activate_committed 243 telling primary
2014-06-09 16:22:11.427594 7f869af78700 10 osd.26 243 do_waiters -- start
2014-06-09 16:22:11.427588 7f868ef60700 5 osd.26 pg_epoch: 243 pg[2.3c0( empty local-les=206 n=0 ec=1 les/c 206/206 242/242/205) [5,26] r=1 lpr=242 pi=10-241/23 crt=0'0 inactive NOTIFY] exit Started/Stray 0.954473 7 0.000198
2014-06-09 16:22:11.427595 7f869af78700 10 osd.26 243 do_waiters -- finish
2014-06-09 16:22:11.427598 7f86a4e0f700 20 osd.26 243 share_map_peer 0xbeb9ce0 already has epoch 243
2014-06-09 16:22:11.427598 7f868ef60700 5 osd.26 pg_epoch: 243 pg[2.3c0( empty local-les=206 n=0 ec=1 les/c 206/206 242/242/205) [5,26] r=1 lpr=242 pi=10-241/23 crt=0'0 inactive NOTIFY] enter Started/ReplicaActive
2014-06-09 16:22:11.427611 7f86a4e0f700 10 osd.26 pg_epoch: 243 pg[2.65( empty local-les=243 n=0 ec=1 les/c 212/212 242/242/211) [8,26] r=1 lpr=242 pi=1-241/24 crt=0'0 active] flushed
2014-06-09 16:22:11.427633 7f8690763700 12 OSD::op_tp worker wq OSD::PeeringWQ start processing 0xb7f0250 (15 active)
2014-06-09 16:22:11.427639 7f8690763700 10 osd.26 pg_epoch: 243 pg[3.359( v 213'669 (0'0,213'669] local-les=243 n=126 ec=118 les/c 201/201 242/242/200) [3,26] r=1 lpr=242 pi=118-241/10 luod=0'0 crt=0'0 lcod 0'0 active] handle_peering_event: epoch_sent: 243 epoch_requested: 243 FlushedEvt
2014-06-09 16:22:11.427653 7f8690763700 15 osd.26 pg_epoch: 243 pg[3.359( v 213'669 (0'0,213'669] local-les=243 n=126 ec=118 les/c 201/201 242/242/200) [3,26] r=1 lpr=242 pi=118-241/10 luod=0'0 crt=0'0 lcod 0'0 active] requeue_ops
2014-06-09 16:22:11.427665 7f8690763700 10 log is not dirty
2014-06-09 16:22:11.427669 7f8690763700 10 osd.26 pg_epoch: 243 pg[2.3d1( empty local-les=206 n=0 ec=1 les/c 206/206 242/242/205) [5,26] r=1 lpr=242 pi=13-241/21 crt=0'0 inactive NOTIFY] handle_peering_event: epoch_sent: 243 epoch_requested: 243 MLogRec from 5
2014-06-09 16:22:11.427678 7f8690763700 10 osd.26 pg_epoch: 243 pg[2.3d1( empty local-les=206 n=0 ec=1 les/c 206/206 242/242/205) [5,26] r=1 lpr=242 pi=13-241/21 crt=0'0 inactive NOTIFY] state: got info+log from osd.5 2.3d1( empty local-les=243 n=0 ec=1 les/c 206/206 242/242/205) log((0'0,0'0], crt=0'0)
2014-06-09 16:22:11.427688 7f8690763700 10 merge_log log((0'0,0'0], crt=0'0) from osd.5 into log((0'0,0'0], crt=0'0)
2014-06-09 16:22:11.427692 7f8690763700 10 merge_log result log((0'0,0'0], crt=0'0) missing(0) changed=0
2014-06-09 16:22:11.427695 7f8690763700 5 osd.26 pg_epoch: 243 pg[2.3d1( empty local-les=206 n=0 ec=1 les/c 206/206 242/242/205) [5,26] r=1 lpr=242 pi=13-241/21 crt=0'0 inactive NOTIFY] exit Started/Stray 1.149729 7 0.000221
2014-06-09 16:22:11.427706 7f8690763700 5 osd.26 pg_epoch: 243 pg[2.3d1( empty local-les=206 n=0 ec=1 les/c 206/206 242/242/205) [5,26] r=1 lpr=242 pi=13-241/21 crt=0'0 inactive NOTIFY] enter Started/ReplicaActive
2014-06-09 16:22:11.427716 7f8690763700 5 osd.26 pg_epoch: 243 pg[2.3d1( empty local-les=206 n=0 ec=1 les/c 206/206 242/242/205) [5,26] r=1 lpr=242 pi=13-241/21 crt=0'0 inactive NOTIFY] enter Started/ReplicaActive/RepNotRecovering
2014-06-09 16:22:11.427724 7f8690763700 10 osd.26 pg_epoch: 243 pg[2.3d1( empty local-les=206 n=0 ec=1 les/c 206/206 242/242/205) [5,26] r=1 lpr=242 pi=13-241/21 crt=0'0 inactive NOTIFY] state: In ReplicaActive, about to call activate
2014-06-09 16:22:11.427732 7f8690763700 10 osd.26 pg_epoch: 243 pg[2.3d1( empty local-les=243 n=0 ec=1 les/c 206/206 242/242/205) [5,26] r=1 lpr=242 pi=13-241/21 crt=0'0 inactive] activate - no missing, moving last_complete 0'0 -> 0'0
2014-06-09 16:22:11.427740 7f8690763700 10 osd.26 pg_epoch: 243 pg[2.3d1( empty local-les=243 n=0 ec=1 les/c 206/206 242/242/205) [5,26] r=1 lpr=242 pi=13-241/21 crt=0'0 inactive] state: Activate Finished
2014-06-09 16:22:11.427783 7f8690763700 10 log is not dirty
2014-06-09 16:22:11.427787 7f8690763700 5 queue_transactions existing osr(2.3d1 0x2ed13b0)/0x2ed13b0
2014-06-09 16:22:11.427789 7f8690763700 10 op_submit_start 3131
2014-06-09 16:22:11.427790 7f8690763700 5 queue_transactions (trailing journal) 3131
2014-06-09 16:22:11.427791 7f8690763700 5 queue_op 0x30607aa0 seq 3131 osr(2.3d1 0x2ed13b0) 1876 bytes (queue has 1 ops and 1876 bytes)
2014-06-09 16:22:11.427797 7f8690763700 10 op_submit_finish 3131
2014-06-09 16:22:11.427799 7f8690763700 10 osd.26 pg_epoch: 243 pg[2.530( empty local-les=243 n=0 ec=1 les/c 191/191 242/242/222) [1,26] r=1 lpr=242 pi=1-241/22 crt=0'0 active] handle_peering_event: epoch_sent: 243 epoch_requested: 243 FlushedEvt
2014-06-09 16:22:11.427810 7f8690763700 15 osd.26 pg_epoch: 243 pg[2.530( empty local-les=243 n=0 ec=1 les/c 191/191 242/242/222) [1,26] r=1 lpr=242 pi=1-241/22 crt=0'0 active] requeue_ops
2014-06-09 16:22:11.427819 7f8690763700 10 log is not dirty
2014-06-09 16:22:11.427822 7f8690763700 10 osd.26 pg_epoch: 243 pg[1.56( empty local-les=243 n=0 ec=1 les/c 213/213 242/242/212) [9,26] r=1 lpr=242 pi=16-241/21 crt=0'0 active] handle_peering_event: epoch_sent: 243 epoch_requested: 243 FlushedEvt
2014-06-09 16:22:11.427831 7f8690763700 15 osd.26 pg_epoch: 243 pg[1.56( empty local-les=243 n=0 ec=1 les/c 213/213 242/242/212) [9,26] r=1 lpr=242 pi=16-241/21 crt=0'0 active] requeue_ops
2014-06-09 16:22:11.427839 7f8690763700 10 log is not dirty
2014-06-09 16:22:11.427842 7f8690763700 10 osd.26 pg_epoch: 243 pg[3.67d( v 214'684 (0'0,214'684] local-les=191 n=131 ec=118 les/c 191/191 242/242/242) [26,2] r=0 lpr=242 pi=190-241/4 crt=0'0 lcod 0'0 mlcod 0'0 peering] handle_peering_event: epoch_sent: 242 epoch_requested: 242 MLogRec from 2
2014-06-09 16:22:11.427856 7f8690763700 10 osd.26 pg_epoch: 243 pg[3.67d( v 214'684 (0'0,214'684] local-les=191 n=131 ec=118 les/c 191/191 242/242/242) [26,2] r=0 lpr=242 pi=190-241/4 crt=0'0 lcod 0'0 mlcod 0'0 peering] proc_replica_log for osd.2: 3.67d( v 213'678 (0'0,213'678] local-les=191 n=131 ec=118 les/c 191/191 242/242/242) log((0'0,213'678], crt=0'0) missing(0)
2014-06-09 16:22:11.427868 7f8690763700 10 proc_replica_log for osd.2: 3.67d( v 213'678 (0'0,213'678] local-les=191 n=131 ec=118 les/c 191/191 242/242/242) log((0'0,213'678], crt=0'0) missing(0)
2014-06-09 16:22:11.427873 7f8690763700 20 merge_log cut point (usually last shared) is 213'678 (0'0) modify b6bb6e7d/rbd_data.117f6b8b4567.000000000000150d/head//3 by client.4575.0:31981
2014-06-09 10:18:06.643699
2014-06-09 16:22:11.428322 7f8690763700 10 osd.26 pg_epoch: 243 pg[3.67d( v 214'684 (0'0,214'684] local-les=191 n=131 ec=118 les/c 191/191 242/242/242) [26,2] r=0 lpr=242 pi=190-241/4 crt=0'0 lcod 0'0 mlcod 0'0 peering] peer osd.2 now 3.67d( v 213'678 (0'0,213'678] local-les=191 n=131 ec=118 les/c 191/191 242/242/242) missing(0)
2014-06-09 16:22:11.428337 7f8690763700 10 osd.26 pg_epoch: 243 pg[3.67d( v 214'684 (0'0,214'684] local-les=191 n=131 ec=118 les/c 191/191 242/242/242) [26,2] r=0 lpr=242 pi=190-241/4 crt=0'0 lcod 0'0 mlcod 0'0 peering] state: Got last missing, don't need missing posting CheckRepops
2014-06-09 16:22:11.428349 7f8690763700 5 osd.26 pg_epoch: 243 pg[3.67d( v 214'684 (0'0,214'684] local-les=191 n=131 ec=118 les/c 191/191 242/242/242) [26,2] r=0 lpr=242 pi=190-241/4 crt=0'0 lcod 0'0 mlcod 0'0 peering] exit Started/Primary/Peering/GetMissing 0.493803 6 0.000278
2014-06-09 16:22:11.428361 7f8690763700 10 osd.26 pg_epoch: 243 pg[3.67d( v 214'684 (0'0,214'684] local-les=191 n=131 ec=118 les/c 191/191 242/242/242) [26,2] r=0 lpr=242 pi=190-241/4 crt=0'0 lcod 0'0 mlcod 0'0 peering] state: Leaving Peering
2014-06-09 16:22:11.428370 7f8690763700 5 osd.26 pg_epoch: 243 pg[3.67d( v 214'684 (0'0,214'684] local-les=191 n=131 ec=118 les/c 191/191 242/242/242) [26,2] r=0 lpr=242 pi=190-241/4 crt=0'0 lcod 0'0 mlcod 0'0 peering] exit Started/Primary/Peering 1.129823 0 0.000000
2014-06-09 16:22:11.428383 7f8690763700 5 osd.26 pg_epoch: 243 pg[3.67d( v 214'684 (0'0,214'684] local-les=191 n=131 ec=118 les/c 191/191 242/242/242) [26,2] r=0 lpr=242 pi=190-241/4 crt=0'0 lcod 0'0 mlcod 0'0 inactive] enter Started/Primary/Active
2014-06-09 16:22:11.428392 7f8690763700 10 osd.26 pg_epoch: 243 pg[3.67d( v 214'684 (0'0,214'684] local-les=191 n=131 ec=118 les/c 191/191 242/242/242) [26,2] r=0 lpr=242 pi=190-241/4 crt=0'0 lcod 0'0 mlcod 0'0 inactive] state: In Active, about to call activate
2014-06-09 16:22:11.428404 7f8690763700 20 osd.26 pg_epoch: 243 pg[3.67d( v 214'684 (0'0,214'684] local-les=243 n=131 ec=118 les/c 191/191 242/242/242) [26,2] r=0 lpr=242 pi=190-241/4 crt=0'0 lcod 0'0 mlcod 0'0 inactive] activate - purged_snaps [] cached_removed_snaps []
2014-06-09 16:22:11.428413 7f8690763700 10 osd.26 pg_epoch: 243 pg[3.67d( v 214'684 (0'0,214'684] local-les=243 n=131 ec=118 les/c 191/191 242/242/242) [26,2] r=0 lpr=242 pi=190-241/4 crt=0'0 lcod 0'0 mlcod 0'0 inactive] activate - snap_trimq []
2014-06-09 16:22:11.428421 7f8690763700 10 osd.26 pg_epoch: 243 pg[3.67d( v 214'684 (0'0,214'684] local-les=243 n=131 ec=118 les/c 191/191 242/242/242) [26,2] r=0 lpr=242 pi=190-241/4 crt=0'0 lcod 0'0 mlcod 0'0 inactive] activate - no missing, moving last_complete 214'684 -> 214'684
2014-06-09 16:22:11.428469 7f8690763700 10 osd.26 pg_epoch: 243 pg[3.67d( v 214'684 (0'0,214'684] local-les=243 n=131 ec=118 les/c 191/191 242/242/242) [26,2] r=0 lpr=242 pi=190-241/4 crt=0'0 lcod 0'0 mlcod 0'0 inactive] activate peer osd.2 3.67d( v 213'678 (0'0,213'678] local-les=191 n=131 ec=118 les/c 191/191 242/242/242)
2014-06-09 16:22:11.428491 7f8690763700 10 osd.26 pg_epoch: 243 pg[3.67d( v 214'684 (0'0,214'684] local-les=243 n=131 ec=118 les/c 191/191 242/242/242) [26,2] r=0 lpr=242 pi=190-241/4 crt=0'0 lcod 0'0 mlcod 0'0 inactive] activate peer osd.2 sending log((213'678,214'684], crt=0'0)
2014-06-09 16:22:11.428503 7f8690763700 20 osd.26 243 share_map_peer 0xbf7b080 already has epoch 243
2014-06-09 16:22:11.428518 7f8690763700 10 osd.26 pg_epoch: 243 pg[3.67d( v 214'684 (0'0,214'684] local-les=243 n=131 ec=118 les/c 191/191 242/242/242) [26,2] r=0 lpr=242 pi=190-241/4 crt=0'0 lcod 0'0 mlcod 0'0 inactive] activate peer osd.2 3.67d( v 214'684 lc 213'678 (0'0,214'684] local-les=191 n=131 ec=118 les/c 191/191 242/242/242) missing missing(1)
2014-06-09 16:22:11.428532 7f8690763700 10 osd.26 pg_epoch: 243 pg[3.67d( v 214'684 (0'0,214'684] local-les=243 n=131 ec=118 les/c 191/191 242/242/242) [26,2] r=0 lpr=242 pi=190-241/4 crt=0'0 lcod 0'0 mlcod 0'0 inactive] needs_recovery osd.2 has 1 missing
2014-06-09 16:22:11.428541 7f8690763700 10 osd.26 pg_epoch: 243 pg[3.67d( v 214'684 (0'0,214'684] local-les=243 n=131 ec=118 les/c 191/191 242/242/242) [26,2] r=0 lpr=242 pi=190-241/4 crt=0'0 lcod 0'0 mlcod 0'0 inactive] search_for_missing b6bb6e7d/rbd_data.117f6b8b4567.000000000000150d/head//3 214'684 is on osd.26
2014-06-09 16:22:11.428553 7f8690763700 20 osd.26 pg_epoch: 243 pg[3.67d( v 214'684 (0'0,214'684] local-les=243 n=131 ec=118 les/c 191/191 242/242/242) [26,2] r=0 lpr=242 pi=190-241/4 crt=0'0 lcod 0'0 mlcod 0'0 inactive] needs_recovery_map missing {b6bb6e7d/rbd_data.117f6b8b4567.000000000000150d/head//3=214'684(213'678)}
2014-06-09 16:22:11.428562 7f8690763700 10 osd.26 pg_epoch: 243 pg[3.67d( v 214'684 (0'0,214'684] local-les=243 n=131 ec=118 les/c 191/191 242/242/242) [26,2] r=0 lpr=242 pi=190-241/4 crt=0'0 lcod 0'0 mlcod 0'0 inactive] activate: adding 2 as a source
2014-06-09 16:22:11.428571 7f8690763700 10 osd.26 pg_epoch: 243 pg[3.67d( v 214'684 (0'0,214'684] local-les=243 n=131 ec=118 les/c 191/191 242/242/242) [26,2] r=0 lpr=242 pi=190-241/4 crt=0'0 lcod 0'0 mlcod 0'0 inactive] search_for_missing b6bb6e7d/rbd_data.117f6b8b4567.000000000000150d/head//3 214'684 also missing on osd.2
2014-06-09 16:22:11.428580 7f8690763700 20 osd.26 pg_epoch: 243 pg[3.67d( v 214'684 (0'0,214'684] local-les=243 n=131 ec=118 les/c 191/191 242/242/242) [26,2] r=0 lpr=242 pi=190-241/4 crt=0'0 lcod 0'0 mlcod 0'0 inactive] needs_recovery_map missing {b6bb6e7d/rbd_data.117f6b8b4567.000000000000150d/head//3=214'684(213'678)}
2014-06-09 16:22:11.428589 7f8690763700 10 osd.26 pg_epoch: 243 pg[3.67d( v 214'684 (0'0,214'684] local-les=243 n=131 ec=118 les/c 191/191 242/242/242) [26,2] r=0 lpr=242 pi=190-241/4 crt=0'0 lcod 0'0 mlcod 0'0 inactive] build_might_have_unfound
2014-06-09 16:22:11.428597 7f8690763700 10 osd.26 pg_epoch: 243 pg[3.67d( v 214'684 (0'0,214'684] local-les=243 n=131 ec=118 les/c 191/191 242/242/242) [26,2] r=0 lpr=242 pi=190-241/4 crt=0'0 lcod 0'0 mlcod 0'0 inactive] _calc_past_interval_range: already have past intervals back to 191
2014-06-09 16:22:11.428607 7f8690763700 15 osd.26 pg_epoch: 243 pg[3.67d( v 214'684 (0'0,214'684] local-les=243 n=131 ec=118 les/c 191/191 242/242/242) [26,2] r=0 lpr=242 pi=190-241/4 crt=0'0 lcod 0'0 mlcod 0'0 inactive] build_might_have_unfound: built 2
2014-06-09 16:22:11.428615 7f8690763700 10 osd.26 pg_epoch: 243 pg[3.67d( v 214'684 (0'0,214'684] local-les=243 n=131 ec=118 les/c 191/191 242/242/242) [26,2] r=0 lpr=242 pi=190-241/4 crt=0'0 lcod 0'0 mlcod 0'0 inactive] state: Activate Finished
