2014-06-09 16:22:11.353871 7f869af78700 10 osd.26 243 do_waiters -- finish
2014-06-09 16:22:11.353872 7f869af78700 20 osd.26 243 _dispatch 0x15999880 pg_notify(3.308(12),3.7d4(12),1.327(21) epoch 243) v5
2014-06-09 16:22:11.353864 7f868ef60700 10 osd.26 pg_epoch: 243 pg[3.c1( v 214'609 lc 214'607 (0'0,214'609] local-les=243 n=123 ec=118 les/c 201/201 242/242/242) [26,3] r=0 lpr=242 pi=200-241/2 crt=214'609 lcod 0'0 mlcod 0'0 inactive m=2 u=2] needs_recovery primary has 2 missing
2014-06-09 16:22:11.353882 7f86a5610700 10 lookup_strip_header done cid meta oid 16ef7597/infos/head//-1
2014-06-09 16:22:11.353879 7f869af78700 5 -- op tracker -- , seq: 1530, time:
2014-06-09 16:22:11.044432, event: header_read, op: pg_notify(3.308(12),3.7d4(12),1.327(21) epoch 243)
2014-06-09 16:22:11.353877 7f868ef60700 10 osd.26 pg_epoch: 243 pg[3.c1( v 214'609 lc 214'607 (0'0,214'609] local-les=243 n=123 ec=118 les/c 201/201 242/242/242) [26,3] r=0 lpr=242 pi=200-241/2 crt=214'609 lcod 0'0 mlcod 0'0 inactive m=2 u=2] search_for_missing f30230c1/rbd_data.11686b8b4567.00000000000016f3/head//3 214'609 also missing on osd.26
2014-06-09 16:22:11.353888 7f869af78700 5 -- op tracker -- , seq: 1530, time:
2014-06-09 16:22:11.044432, event: throttled, op: pg_notify(3.308(12),3.7d4(12),1.327(21) epoch 243)
2014-06-09 16:22:11.353894 7f869af78700 5 -- op tracker -- , seq: 1530, time:
2014-06-09 16:22:11.044491, event: all_read, op: pg_notify(3.308(12),3.7d4(12),1.327(21) epoch 243)
2014-06-09 16:22:11.353896 7f86a5610700 10 cid: oid: 16ef7597/infos/head//-1 skipping op, spos 3088.0.0 <= header.spos 150443.0.0
2014-06-09 16:22:11.353889 7f868ef60700 10 osd.26 pg_epoch: 243 pg[3.c1( v 214'609 lc 214'607 (0'0,214'609] local-les=243 n=123 ec=118 les/c 201/201 242/242/242) [26,3] r=0 lpr=242 pi=200-241/2 crt=214'609 lcod 0'0 mlcod 0'0 inactive m=2 u=2] search_for_missing 217f88c1/rbd_data.11686b8b4567.00000000000016d2/head//3 214'608 also missing on osd.26
2014-06-09 16:22:11.353900 7f86a5610700 5 submit_transaction r = 0
2014-06-09 16:22:11.353901 7f869af78700 5 -- op tracker -- , seq: 1530, time:
2014-06-09 16:22:11.353870, event: dispatched, op: pg_notify(3.308(12),3.7d4(12),1.327(21) epoch 243)
2014-06-09 16:22:11.353900 7f868ef60700 20 osd.26 pg_epoch: 243 pg[3.c1( v 214'609 lc 214'607 (0'0,214'609] local-les=243 n=123 ec=118 les/c 201/201 242/242/242) [26,3] r=0 lpr=242 pi=200-241/2 crt=214'609 lcod 0'0 mlcod 0'0 inactive m=2 u=2] needs_recovery_map missing {f30230c1/rbd_data.11686b8b4567.00000000000016f3/head//3=214'609,217f88c1/rbd_data.11686b8b4567.00000000000016d2/head//3=214'608(214'607)}
2014-06-09 16:22:11.353908 7f869af78700 5 -- op tracker -- , seq: 1530, time:
2014-06-09 16:22:11.353906, event: waiting_for_osdmap, op: pg_notify(3.308(12),3.7d4(12),1.327(21) epoch 243)
2014-06-09 16:22:11.353913 7f869af78700 7 osd.26 243 handle_pg_notify from osd.1
2014-06-09 16:22:11.353915 7f869af78700 15 osd.26 243 require_same_or_newer_map 243 (i am 243) 0x15999880
2014-06-09 16:22:11.353916 7f86a5610700 10 _do_op 0x2fc8cb40 seq 3088 r = 0, finisher 0x1a0022e0 0
2014-06-09 16:22:11.353911 7f868ef60700 10 osd.26 pg_epoch: 243 pg[3.c1( v 214'609 lc 214'607 (0'0,214'609] local-les=243 n=123 ec=118 les/c 201/201 242/242/242) [26,3] r=0 lpr=242 pi=200-241/2 crt=214'609 lcod 0'0 mlcod 0'0 inactive m=2 u=2] activate: adding 3 as a source
2014-06-09 16:22:11.353920 7f869af78700 5 -- op tracker -- , seq: 1530, time:
2014-06-09 16:22:11.353918, event: started, op: pg_notify(3.308(12),3.7d4(12),1.327(21) epoch 243)
2014-06-09 16:22:11.353926 7f86a460e700 10 finisher(0x2c100f8) finisher_thread doing [0xc6e8b20]
2014-06-09 16:22:11.353929 7f86a460e700 10 finisher(0x2c100f8) finisher_thread done with [0xc6e8b20]
2014-06-09 16:22:11.353931 7f86a460e700 10 finisher(0x2c100f8) finisher_thread empty
2014-06-09 16:22:11.353921 7f868ef60700 10 osd.26 pg_epoch: 243 pg[3.c1( v 214'609 lc 214'607 (0'0,214'609] local-les=243 n=123 ec=118 les/c 201/201 242/242/242) [26,3] r=0 lpr=242 pi=200-241/2 crt=214'609 lcod 0'0 mlcod 0'0 inactive m=2 u=2] search_for_missing f30230c1/rbd_data.11686b8b4567.00000000000016f3/head//3 214'609 is on osd.3
2014-06-09 16:22:11.353932 7f86a460e700 10 finisher(0x2c100f8) finisher_thread sleeping
2014-06-09 16:22:11.353935 7f86a5610700 10 _finish_op 0x2fc8cb40 seq 3088 osr(1.5e 0x384c5d0)/0x384c5d0
2014-06-09 16:22:11.353937 7f86a5610700 15 KeyValueStore::op_tp worker wq KeyValueStore::OpWQ done processing 0xbff4240 (1 active)
2014-06-09 16:22:11.353939 7f86a5610700 12 KeyValueStore::op_tp worker wq KeyValueStore::OpWQ start processing 0xc359560 (2 active)
2014-06-09 16:22:11.353941 7f86a5610700 5 _do_op 0x300339e0 seq 3089 osr(1.38d 0x384d570)/0x384d570 start
2014-06-09 16:22:11.353943 7f86a5610700 10 _do_transaction on 0xc265e00
2014-06-09 16:22:11.353934 7f868ef60700 10 osd.26 pg_epoch: 243 pg[3.c1( v 214'609 lc 214'607 (0'0,214'609] local-les=243 n=123 ec=118 les/c 201/201 242/242/242) [26,3] r=0 lpr=242 pi=200-241/2 crt=214'609 lcod 0'0 mlcod 0'0 inactive m=2 u=1] search_for_missing 217f88c1/rbd_data.11686b8b4567.00000000000016d2/head//3 214'608 is on osd.3
2014-06-09 16:22:11.353949 7f86a5610700 15 _omap_setkeys meta/16ef7597/infos/head//-1
2014-06-09 16:22:11.353946 7f868ef60700 20 osd.26 pg_epoch: 243 pg[3.c1( v 214'609 lc 214'607 (0'0,214'609] local-les=243 n=123 ec=118 les/c 201/201 242/242/242) [26,3] r=0 lpr=242 pi=200-241/2 crt=214'609 lcod 0'0 mlcod 0'0 inactive m=2] needs_recovery_map missing {f30230c1/rbd_data.11686b8b4567.00000000000016f3/head//3=214'609,217f88c1/rbd_data.11686b8b4567.00000000000016d2/head//3=214'608(214'607)}
2014-06-09 16:22:11.353953 7f869af78700 5 -- op tracker -- , seq: 1530, time:
2014-06-09 16:22:11.353950, event: done, op: pg_notify(3.308(12),3.7d4(12),1.327(21) epoch 243)
2014-06-09 16:22:11.353960 7f868ef60700 10 osd.26 pg_epoch: 243 pg[3.c1( v 214'609 lc 214'607 (0'0,214'609] local-les=243 n=123 ec=118 les/c 201/201 242/242/242) [26,3] r=0 lpr=242 pi=200-241/2 crt=214'609 lcod 0'0 mlcod 0'0 inactive m=2] build_might_have_unfound
2014-06-09 16:22:11.353971 7f869af78700 10 osd.26 243 do_waiters -- start
2014-06-09 16:22:11.353973 7f869af78700 10 osd.26 243 do_waiters -- finish
2014-06-09 16:22:11.353978 7f86a5610700 10 lookup_strip_header done cid meta oid 16ef7597/infos/head//-1
2014-06-09 16:22:11.353971 7f868ef60700 10 osd.26 pg_epoch: 243 pg[3.c1( v 214'609 lc 214'607 (0'0,214'609] local-les=243 n=123 ec=118 les/c 201/201 242/242/242) [26,3] r=0 lpr=242 pi=200-241/2 crt=214'609 lcod 0'0 mlcod 0'0 inactive m=2] _calc_past_interval_range: already have past intervals back to 201
2014-06-09 16:22:11.353983 7f868ef60700 15 osd.26 pg_epoch: 243 pg[3.c1( v 214'609 lc 214'607 (0'0,214'609] local-les=243 n=123 ec=118 les/c 201/201 242/242/242) [26,3] r=0 lpr=242 pi=200-241/2 crt=214'609 lcod 0'0 mlcod 0'0 inactive m=2] build_might_have_unfound: built 3
2014-06-09 16:22:11.353992 7f86a5610700 10 cid: oid: 16ef7597/infos/head//-1 skipping op, spos 3089.0.0 <= header.spos 150443.0.0
2014-06-09 16:22:11.353995 7f86a5610700 5 submit_transaction r = 0
2014-06-09 16:22:11.353997 7f869af78700 10 osd.26 243 do_waiters -- start
2014-06-09 16:22:11.353998 7f869af78700 10 osd.26 243 do_waiters -- finish
2014-06-09 16:22:11.353999 7f869af78700 20 osd.26 243 _dispatch 0x1590f4a0 pg_query(3.450 epoch 242) v3
2014-06-09 16:22:11.353994 7f868ef60700 10 osd.26 pg_epoch: 243 pg[3.c1( v 214'609 lc 214'607 (0'0,214'609] local-les=243 n=123 ec=118 les/c 201/201 242/242/242) [26,3] r=0 lpr=242 pi=200-241/2 crt=214'609 lcod 0'0 mlcod 0'0 inactive m=2] state: Activate Finished
2014-06-09 16:22:11.354004 7f869af78700 5 -- op tracker -- , seq: 1531, time:
2014-06-09 16:22:10.924112, event: header_read, op: pg_query(3.450 epoch 242)
2014-06-09 16:22:11.354011 7f869af78700 5 -- op tracker -- , seq: 1531, time:
2014-06-09 16:22:10.924113, event: throttled, op: pg_query(3.450 epoch 242)
2014-06-09 16:22:11.354006 7f868ef60700 5 osd.26 pg_epoch: 243 pg[3.c1( v 214'609 lc 214'607 (0'0,214'609] local-les=243 n=123 ec=118 les/c 201/201 242/242/242) [26,3] r=0 lpr=242 pi=200-241/2 crt=214'609 lcod 0'0 mlcod 0'0 inactive m=2] enter Started/Primary/Active/Activating
2014-06-09 16:22:11.354017 7f869af78700 5 -- op tracker -- , seq: 1531, time:
2014-06-09 16:22:10.924128, event: all_read, op: pg_query(3.450 epoch 242)
2014-06-09 16:22:11.354021 7f86a5610700 10 _do_op 0x300339e0 seq 3089 r = 0, finisher 0x1322c680 0
2014-06-09 16:22:11.354023 7f869af78700 5 -- op tracker -- , seq: 1531, time:
2014-06-09 16:22:11.353996, event: dispatched, op: pg_query(3.450 epoch 242)
2014-06-09 16:22:11.354029 7f869af78700 5 -- op tracker -- , seq: 1531, time:
2014-06-09 16:22:11.354027, event: waiting_for_osdmap, op: pg_query(3.450 epoch 242)
2014-06-09 16:22:11.354031 7f86a460e700 10 finisher(0x2c100f8) finisher_thread doing [0x230c0e80]
2014-06-09 16:22:11.354033 7f869af78700 7 osd.26 243 handle_pg_query from osd.9 epoch 242
2014-06-09 16:22:11.354036 7f86a460e700 10 finisher(0x2c100f8) finisher_thread done with [0x230c0e80]
2014-06-09 16:22:11.354036 7f869af78700 15 osd.26 243 require_same_or_newer_map 242 (i am 243) 0x1590f4a0
2014-06-09 16:22:11.354037 7f86a460e700 10 finisher(0x2c100f8) finisher_thread empty
2014-06-09 16:22:11.354038 7f86a460e700 10 finisher(0x2c100f8) finisher_thread sleeping
2014-06-09 16:22:11.354041 7f86a5610700 10 _finish_op 0x300339e0 seq 3089 osr(1.38d 0x384d570)/0x384d570
2014-06-09 16:22:11.354041 7f869af78700 5 -- op tracker -- , seq: 1531, time:
2014-06-09 16:22:11.354039, event: started, op: pg_query(3.450 epoch 242)
2014-06-09 16:22:11.354043 7f86a5610700 15 KeyValueStore::op_tp worker wq KeyValueStore::OpWQ done processing 0xc359560 (1 active)
2014-06-09 16:22:11.354043 7f868ef60700 10 write_log with: dirty_to: 0'0, dirty_from: 214'607, dirty_divergent_priors: 0, writeout_from: 4294967295'18446744073709551615, trimmed:
2014-06-09 16:22:11.354046 7f86a5610700 12 KeyValueStore::op_tp worker wq KeyValueStore::OpWQ start processing 0x383f440 (2 active)
2014-06-09 16:22:11.354047 7f86a5610700 5 _do_op 0x308cbc20 seq 3090 osr(3.4fa 0x3ed1720)/0x3ed1720 start
2014-06-09 16:22:11.354049 7f86a5610700 10 _do_transaction on 0x3859440
2014-06-09 16:22:11.354054 7f86a5610700 15 _omap_setkeys meta/16ef7597/infos/head//-1
2014-06-09 16:22:11.354053 7f869af78700 10 osd.26 pg_epoch: 243 pg[3.450( v 213'620 (0'0,213'620] local-les=213 n=120 ec=118 les/c 213/213 242/242/212) [9,26] r=1 lpr=242 pi=118-241/10 crt=0'0 lcod 0'0 inactive NOTIFY] handle_query query(log 213'0 ec=118 les/c 213/213 242/242/212) from replica 9
2014-06-09 16:22:11.354074 7f869af78700 5 -- op tracker -- , seq: 1531, time:
2014-06-09 16:22:11.354072, event: done, op: pg_query(3.450 epoch 242)
2014-06-09 16:22:11.354082 7f869af78700 10 osd.26 243 do_waiters -- start
2014-06-09 16:22:11.354081 7f868ef60700 5 queue_transactions existing osr(3.c1 0x3ed05c0)/0x3ed05c0
2014-06-09 16:22:11.354084 7f869af78700 10 osd.26 243 do_waiters -- finish
2014-06-09 16:22:11.354085 7f868ef60700 10 op_submit_start 3092
2014-06-09 16:22:11.354084 7f86a5610700 10 lookup_strip_header done cid meta oid 16ef7597/infos/head//-1
2014-06-09 16:22:11.354086 7f868ef60700 5 queue_transactions (trailing journal) 3092
2014-06-09 16:22:11.354087 7f868ef60700 5 queue_op 0x288f9b60 seq 3092 osr(3.c1 0x3ed05c0) 1937 bytes (queue has 4 ops and 6198 bytes)
2014-06-09 16:22:11.354089 7f868ef60700 10 op_submit_finish 3092
2014-06-09 16:22:11.354096 7f869af78700 10 osd.26 243 do_waiters -- start
2014-06-09 16:22:11.354096 7f8688f54700 15 OSD::recovery_tp worker wq OSD::RecoveryWQ done processing 0x5552000 (0 active)
2014-06-09 16:22:11.354098 7f869af78700 10 osd.26 243 do_waiters -- finish
2014-06-09 16:22:11.354099 7f8688f54700 20 OSD::recovery_tp worker waiting
2014-06-09 16:22:11.354099 7f869af78700 20 osd.26 243 _dispatch 0x2d734600 pg_log(0.4da epoch 243 log log((0'0,0'0], crt=0'0) query_epoch 243) v4
2014-06-09 16:22:11.354095 7f868ef60700 10 osd.26 pg_epoch: 243 pg[1.67a( empty local-les=191 n=0 ec=1 les/c 191/191 242/242/222) [1,26] r=1 lpr=242 pi=1-241/22 crt=0'0 inactive NOTIFY] handle_peering_event: epoch_sent: 243 epoch_requested: 243 MLogRec from 1
2014-06-09 16:22:11.354105 7f869af78700 5 -- op tracker -- , seq: 1532, time:
2014-06-09 16:22:11.013056, event: header_read, op: pg_log(0.4da epoch 243 log log((0'0,0'0], crt=0'0) query_epoch 243)
2014-06-09 16:22:11.354109 7f86a5610700 10 cid: oid: 16ef7597/infos/head//-1 skipping op, spos 3090.0.0 <= header.spos 150443.0.0
2014-06-09 16:22:11.354112 7f86a5610700 5 submit_transaction r = 0
2014-06-09 16:22:11.354106 7f868ef60700 10 osd.26 pg_epoch: 243 pg[1.67a( empty local-les=191 n=0 ec=1 les/c 191/191 242/242/222) [1,26] r=1 lpr=242 pi=1-241/22 crt=0'0 inactive NOTIFY] state: got info+log from osd.1 1.67a( empty local-les=243 n=0 ec=1 les/c 191/191 242/242/222) log((0'0,0'0], crt=0'0)
2014-06-09 16:22:11.354113 7f869af78700 5 -- op tracker -- , seq: 1532, time:
2014-06-09 16:22:11.013057, event: throttled, op: pg_log(0.4da epoch 243 log log((0'0,0'0], crt=0'0) query_epoch 243)
2014-06-09 16:22:11.354117 7f868ef60700 10 merge_log log((0'0,0'0], crt=0'0) from osd.1 into log((0'0,0'0], crt=0'0)
2014-06-09 16:22:11.354120 7f868ef60700 10 merge_log result log((0'0,0'0], crt=0'0) missing(0) changed=0
2014-06-09 16:22:11.354120 7f869af78700 5 -- op tracker -- , seq: 1532, time:
2014-06-09 16:22:11.013071, event: all_read, op: pg_log(0.4da epoch 243 log log((0'0,0'0], crt=0'0) query_epoch 243)
2014-06-09 16:22:11.354129 7f86a5610700 10 _do_op 0x308cbc20 seq 3090 r = 0, finisher 0x18742a00 0
2014-06-09 16:22:11.354127 7f869af78700 5 -- op tracker -- , seq: 1532, time:
2014-06-09 16:22:11.354096, event: dispatched, op: pg_log(0.4da epoch 243 log log((0'0,0'0], crt=0'0) query_epoch 243)
2014-06-09 16:22:11.354123 7f868ef60700 5 osd.26 pg_epoch: 243 pg[1.67a( empty local-les=191 n=0 ec=1 les/c 191/191 242/242/222) [1,26] r=1 lpr=242 pi=1-241/22 crt=0'0 inactive NOTIFY] exit Started/Stray 1.081178 7 0.000182
2014-06-09 16:22:11.354135 7f869af78700 5 -- op tracker -- , seq: 1532, time:
2014-06-09 16:22:11.354132, event: waiting_for_osdmap, op: pg_log(0.4da epoch 243 log log((0'0,0'0], crt=0'0) query_epoch 243)
2014-06-09 16:22:11.354138 7f86a460e700 10 finisher(0x2c100f8) finisher_thread doing [0xbdf1b20]
2014-06-09 16:22:11.354140 7f86a460e700 10 finisher(0x2c100f8) finisher_thread done with [0xbdf1b20]
2014-06-09 16:22:11.354134 7f868ef60700 5 osd.26 pg_epoch: 243 pg[1.67a( empty local-les=191 n=0 ec=1 les/c 191/191 242/242/222) [1,26] r=1 lpr=242 pi=1-241/22 crt=0'0 inactive NOTIFY] enter Started/ReplicaActive
2014-06-09 16:22:11.354140 7f869af78700 7 osd.26 243 handle_pg_log pg_log(0.4da epoch 243 log log((0'0,0'0], crt=0'0) query_epoch 243) v4 from osd.8
2014-06-09 16:22:11.354143 7f869af78700 15 osd.26 243 require_same_or_newer_map 243 (i am 243) 0x2d734600
2014-06-09 16:22:11.354146 7f86a460e700 10 finisher(0x2c100f8) finisher_thread empty
2014-06-09 16:22:11.354147 7f86a460e700 10 finisher(0x2c100f8) finisher_thread sleeping
2014-06-09 16:22:11.354144 7f868ef60700 5 osd.26 pg_epoch: 243 pg[1.67a( empty local-les=191 n=0 ec=1 les/c 191/191 242/242/222) [1,26] r=1 lpr=242 pi=1-241/22 crt=0'0 inactive NOTIFY] enter Started/ReplicaActive/RepNotRecovering
2014-06-09 16:22:11.354150 7f86a5610700 10 _finish_op 0x308cbc20 seq 3090 osr(3.4fa 0x3ed1720)/0x3ed1720
2014-06-09 16:22:11.354149 7f869af78700 5 -- op tracker -- , seq: 1532, time:
2014-06-09 16:22:11.354146, event: started, op: pg_log(0.4da epoch 243 log log((0'0,0'0], crt=0'0) query_epoch 243)
2014-06-09 16:22:11.354153 7f86a5610700 15 KeyValueStore::op_tp worker wq KeyValueStore::OpWQ done processing 0x383f440 (1 active)
2014-06-09 16:22:11.354154 7f86a5610700 12 KeyValueStore::op_tp worker wq KeyValueStore::OpWQ start processing 0xc2879e0 (2 active)
2014-06-09 16:22:11.354156 7f86a5610700 5 _do_op 0x308cbbc0 seq 3091 osr(1.92 0x384c410)/0x384c410 start
2014-06-09 16:22:11.354158 7f86a5610700 10 _do_transaction on 0xc2109c0
2014-06-09 16:22:11.354153 7f868ef60700 10 osd.26 pg_epoch: 243 pg[1.67a( empty local-les=191 n=0 ec=1 les/c 191/191 242/242/222) [1,26] r=1 lpr=242 pi=1-241/22 crt=0'0 inactive NOTIFY] state: In ReplicaActive, about to call activate
2014-06-09 16:22:11.354163 7f86a5610700 15 _omap_setkeys meta/16ef7597/infos/head//-1
2014-06-09 16:22:11.354162 7f869af78700 5 -- op tracker -- , seq: 1532, time:
2014-06-09 16:22:11.354160, event: done, op: pg_log(0.4da epoch 243 log log((0'0,0'0], crt=0'0) query_epoch 243)
2014-06-09 16:22:11.354161 7f868ef60700 10 osd.26 pg_epoch: 243 pg[1.67a( empty local-les=243 n=0 ec=1 les/c 191/191 242/242/222) [1,26] r=1 lpr=242 pi=1-241/22 crt=0'0 inactive] activate - no missing, moving last_complete 0'0 -> 0'0
2014-06-09 16:22:11.354170 7f869af78700 10 osd.26 243 do_waiters -- start
2014-06-09 16:22:11.354172 7f869af78700 10 osd.26 243 do_waiters -- finish
2014-06-09 16:22:11.354170 7f868ef60700 10 osd.26 pg_epoch: 243 pg[1.67a( empty local-les=243 n=0 ec=1 les/c 191/191 242/242/222) [1,26] r=1 lpr=242 pi=1-241/22 crt=0'0 inactive] state: Activate Finished
2014-06-09 16:22:11.354182 7f869af78700 10 osd.26 243 do_waiters -- start
2014-06-09 16:22:11.354184 7f869af78700 10 osd.26 243 do_waiters -- finish
2014-06-09 16:22:11.354185 7f869af78700 20 osd.26 243 _dispatch 0x240ebdc0 pg_notify(1.1b1(20) epoch 242) v5
2014-06-09 16:22:11.354189 7f869af78700 5 -- op tracker -- , seq: 1533, time:
2014-06-09 16:22:10.897877, event: header_read, op: pg_notify(1.1b1(20) epoch 242)
2014-06-09 16:22:11.354196 7f869af78700 5 -- op tracker -- , seq: 1533, time:
2014-06-09 16:22:10.897878, event: throttled, op: pg_notify(1.1b1(20) epoch 242)
2014-06-09 16:22:11.354202 7f869af78700 5 -- op tracker -- , seq: 1533, time:
2014-06-09 16:22:10.897896, event: all_read, op: pg_notify(1.1b1(20) epoch 242)
2014-06-09 16:22:11.354208 7f869af78700 5 -- op tracker -- , seq: 1533, time:
2014-06-09 16:22:11.354182, event: dispatched, op: pg_notify(1.1b1(20) epoch 242)
2014-06-09 16:22:11.354214 7f869af78700 5 -- op tracker -- , seq: 1533, time:
2014-06-09 16:22:11.354212, event: waiting_for_osdmap, op: pg_notify(1.1b1(20) epoch 242)
2014-06-09 16:22:11.354216 7f868ef60700 10 log is not dirty
2014-06-09 16:22:11.354218 7f869af78700 7 osd.26 243 handle_pg_notify from osd.6
2014-06-09 16:22:11.354220 7f869af78700 15 osd.26 243 require_same_or_newer_map 242 (i am 243) 0x240ebdc0
2014-06-09 16:22:11.354221 7f868ef60700 5 queue_transactions existing osr(1.67a 0x384de90)/0x384de90
2014-06-09 16:22:11.354224 7f868ef60700 10 op_submit_start 3093
2014-06-09 16:22:11.354225 7f868ef60700 5 queue_transactions (trailing journal) 3093
2014-06-09 16:22:11.354226 7f868ef60700 5 queue_op 0x309a2f00 seq 3093 osr(1.67a 0x384de90) 1883 bytes (queue has 4 ops and 6746 bytes)
2014-06-09 16:22:11.354224 7f869af78700 5 -- op tracker -- , seq: 1533, time:
2014-06-09 16:22:11.354222, event: started, op: pg_notify(1.1b1(20) epoch 242)
2014-06-09 16:22:11.354229 7f868ef60700 10 op_submit_finish 3093
2014-06-09 16:22:11.354232 7f868ef60700 20 osd.26 243 Sending info 3.c1( v 214'609 lc 214'607 (0'0,214'609] local-les=243 n=123 ec=118 les/c 201/201 242/242/242) to shard 3
2014-06-09 16:22:11.354239 7f868ef60700 20 osd.26 243 share_map_peer 0xc03a840 already has epoch 243
2014-06-09 16:22:11.354241 7f869af78700 5 -- op tracker -- , seq: 1533, time:
2014-06-09 16:22:11.354239, event: done, op: pg_notify(1.1b1(20) epoch 242)
2014-06-09 16:22:11.354248 7f869af78700 10 osd.26 243 do_waiters -- start
2014-06-09 16:22:11.354250 7f869af78700 10 osd.26 243 do_waiters -- finish
2014-06-09 16:22:11.354259 7f868ef60700 15 OSD::op_tp worker wq OSD::PeeringWQ done processing 0xb7f0280 (15 active)
2014-06-09 16:22:11.354264 7f868ef60700 12 OSD::op_tp worker wq OSD::OpWQ start processing 0x1 (16 active)
2014-06-09 16:22:11.354267 7f869af78700 10 osd.26 243 do_waiters -- start
2014-06-09 16:22:11.354268 7f869af78700 10 osd.26 243 do_waiters -- finish
2014-06-09 16:22:11.354270 7f869af78700 20 osd.26 243 _dispatch 0x2a072000 pg_log(1.604 epoch 243 log log((0'0,0'0], crt=0'0) query_epoch 243) v4
2014-06-09 16:22:11.354276 7f869af78700 5 -- op tracker -- , seq: 1534, time:
2014-06-09 16:22:11.003912, event: header_read, op: pg_log(1.604 epoch 243 log log((0'0,0'0], crt=0'0) query_epoch 243)
2014-06-09 16:22:11.354268 7f868ef60700 10 osd.26 243 dequeue_op 0xe032900 prio 63 cost 516096 latency 1.381759 osd_op(client.4566.0:33767 rbd_data.11766b8b4567.00000000000016aa [set-alloc-hint object_size 4194304 write_size 4194304,write 2940928~516096] 3.4c8eb750 RETRY=3 ack+ondisk+retry+write e242) v4 pg pg[3.750( v 214'518 (0'0,214'518] local-les=243 n=98 ec=118 les/c 212/213 242/242/242) [26,8] r=0 lpr=242 pi=211-241/2 crt=0'0 lcod 0'0 mlcod 0'0 inactive]
2014-06-09 16:22:11.354284 7f869af78700 5 -- op tracker -- , seq: 1534, time:
2014-06-09 16:22:11.003912, event: throttled, op: pg_log(1.604 epoch 243 log log((0'0,0'0], crt=0'0) query_epoch 243)
2014-06-09 16:22:11.354293 7f869af78700 5 -- op tracker -- , seq: 1534, time:
2014-06-09 16:22:11.003922, event: all_read, op: pg_log(1.604 epoch 243 log log((0'0,0'0], crt=0'0) query_epoch 243)
2014-06-09 16:22:11.354300 7f869af78700 5 -- op tracker -- , seq: 1534, time:
2014-06-09 16:22:11.354266, event: dispatched, op: pg_log(1.604 epoch 243 log log((0'0,0'0], crt=0'0) query_epoch 243)
2014-06-09 16:22:11.354308 7f869af78700 5 -- op tracker -- , seq: 1534, time:
2014-06-09 16:22:11.354305, event: waiting_for_osdmap, op: pg_log(1.604 epoch 243 log log((0'0,0'0], crt=0'0) query_epoch 243)
2014-06-09 16:22:11.354312 7f869af78700 7 osd.26 243 handle_pg_log pg_log(1.604 epoch 243 log log((0'0,0'0], crt=0'0) query_epoch 243) v4 from osd.0
2014-06-09 16:22:11.354316 7f869af78700 15 osd.26 243 require_same_or_newer_map 243 (i am 243) 0x2a072000
2014-06-09 16:22:11.354325 7f868ef60700 5 -- op tracker -- , seq: 41, time:
2014-06-09 16:22:11.354284, event: reached_pg, op: osd_op(client.4566.0:33767 rbd_data.11766b8b4567.00000000000016aa [set-alloc-hint object_size 4194304 write_size 4194304,write 2940928~516096] 3.4c8eb750 RETRY=3 ack+ondisk+retry+write e242)
2014-06-09 16:22:11.354331 7f86a5610700 10 lookup_strip_header done cid meta oid 16ef7597/infos/head//-1
2014-06-09 16:22:11.354336 7f868ef60700 20 osd.26 pg_epoch: 243 pg[3.750( v 214'518 (0'0,214'518] local-les=243 n=98 ec=118 les/c 212/213 242/242/242) [26,8] r=0 lpr=242 pi=211-241/2 crt=0'0 lcod 0'0 mlcod 0'0 inactive] op_has_sufficient_caps pool=3 (ceph ) owner=0 need_read_cap=0 need_write_cap=1 need_class_read_cap=0 need_class_write_cap=0 -> yes
2014-06-09 16:22:11.354348 7f86a5610700 10 cid: oid: 16ef7597/infos/head//-1 skipping op, spos 3091.0.0 <= header.spos 150443.0.0
2014-06-09 16:22:11.354352 7f86a5610700 5 submit_transaction r = 0
2014-06-09 16:22:11.354349 7f868ef60700 10 osd.26 pg_epoch: 243 pg[3.750( v 214'518 (0'0,214'518] local-les=243 n=98 ec=118 les/c 212/213 242/242/242) [26,8] r=0 lpr=242 pi=211-241/2 crt=0'0 lcod 0'0 mlcod 0'0 inactive] can_handle_while_inactive: 0xe032900
2014-06-09 16:22:11.354358 7f868ef60700 10 osd.26 243 dequeue_op 0xe032900 finish
2014-06-09 16:22:11.354361 7f868ef60700 15 OSD::op_tp worker wq OSD::OpWQ done processing 0x1 (15 active)
2014-06-09 16:22:11.354369 7f868ef60700 12 OSD::op_tp worker wq OSD::PeeringWQ start processing 0xb7f0280 (16 active)
2014-06-09 16:22:11.354376 7f86a5610700 10 _do_op 0x308cbbc0 seq 3091 r = 0, finisher 0x306cf140 0
2014-06-09 16:22:11.354372 7f868ef60700 10 osd.26 pg_epoch: 243 pg[3.6d3( v 214'630 (0'0,214'630] local-les=213 n=122 ec=118 les/c 213/213 242/242/242) [26,9] r=0 lpr=242 pi=212-241/2 crt=0'0 lcod 0'0 mlcod 0'0 peering] handle_peering_event: epoch_sent: 242 epoch_requested: 242 MLogRec from 9
2014-06-09 16:22:11.354386 7f86a460e700 10 finisher(0x2c100f8) finisher_thread doing [0x2d739d40]
2014-06-09 16:22:11.354388 7f86a460e700 10 finisher(0x2c100f8) finisher_thread done with [0x2d739d40]
2014-06-09 16:22:11.354390 7f86a460e700 10 finisher(0x2c100f8) finisher_thread empty
2014-06-09 16:22:11.354391 7f86a460e700 10 finisher(0x2c100f8) finisher_thread sleeping
2014-06-09 16:22:11.354384 7f868ef60700 10 osd.26 pg_epoch: 243 pg[3.6d3( v 214'630 (0'0,214'630] local-les=213 n=122 ec=118 les/c 213/213 242/242/242) [26,9] r=0 lpr=242 pi=212-241/2 crt=0'0 lcod 0'0 mlcod 0'0 peering] state: GetLog: received master log from osd9
2014-06-09 16:22:11.354393 7f86a5610700 10 _finish_op 0x308cbbc0 seq 3091 osr(1.92 0x384c410)/0x384c410
2014-06-09 16:22:11.354396 7f86a5610700 15 KeyValueStore::op_tp worker wq KeyValueStore::OpWQ done processing 0xc2879e0 (1 active)
2014-06-09 16:22:11.354398 7f86a5610700 12 KeyValueStore::op_tp worker wq KeyValueStore::OpWQ start processing 0xc3018c0 (2 active)
2014-06-09 16:22:11.354400 7f86a5610700 5 _do_op 0x288f9b60 seq 3092 osr(3.c1 0x3ed05c0)/0x3ed05c0 start
2014-06-09 16:22:11.354402 7f86a5610700 10 _do_transaction on 0xbf8ab40
2014-06-09 16:22:11.354395 7f868ef60700 10 osd.26 pg_epoch: 243 pg[3.6d3( v 214'630 (0'0,214'630] local-les=213 n=122 ec=118 les/c 213/213 242/242/242) [26,9] r=0 lpr=242 pi=212-241/2 crt=0'0 lcod 0'0 mlcod 0'0 peering] state: leaving GetLog
2014-06-09 16:22:11.354407 7f86a5610700 15 _omap_setkeys meta/16ef7597/infos/head//-1
2014-06-09 16:22:11.354403 7f868ef60700 10 osd.26 pg_epoch: 243 pg[3.6d3( v 214'630 (0'0,214'630] local-les=213 n=122 ec=118 les/c 213/213 242/242/242) [26,9] r=0 lpr=242 pi=212-241/2 crt=0'0 lcod 0'0 mlcod 0'0 peering] state: processing master log
2014-06-09 16:22:11.354402 7f868af58700 10 osd.26 243 dequeue_op 0x1c66bd00 prio 63 cost 1032192 latency 0.841601 osd_op(client.4577.0:36987 rbd_data.11816b8b4567.00000000000018ee [set-alloc-hint object_size 4194304 write_size 4194304,write 860160~1032192] 3.f0e71aa RETRY=3 ack+ondisk+retry+write e242) v4 pg pg[3.1aa( v 214'499 (0'0,214'499] local-les=191 n=98 ec=118 les/c 191/191 242/242/242) [26,1] r=0 lpr=242 pi=190-241/4 crt=0'0 lcod 0'0 mlcod 0'0 peering]
2014-06-09 16:22:11.354412 7f868ef60700 10 osd.26 pg_epoch: 243 pg[3.6d3( v 214'630 (0'0,214'630] local-les=213 n=122 ec=118 les/c 213/213 242/242/242) [26,9] r=0 lpr=242 pi=212-241/2 crt=0'0 lcod 0'0 mlcod 0'0 peering] proc_master_log for osd.9: log((214'630,214'632], crt=0'0) missing(0)
2014-06-09 16:22:11.354422 7f868ef60700 10 merge_log log((214'630,214'632], crt=0'0) from osd.9 into log((0'0,214'630], crt=0'0)
2014-06-09 16:22:11.354426 7f868ef60700 10 merge_log extending head to 214'632
2014-06-09 16:22:11.354425 7f868af58700 5 -- op tracker -- , seq: 490, time:
2014-06-09 16:22:11.354420, event: reached_pg, op: osd_op(client.4577.0:36987 rbd_data.11816b8b4567.00000000000018ee [set-alloc-hint object_size 4194304 write_size 4194304,write 860160~1032192] 3.f0e71aa RETRY=3 ack+ondisk+retry+write e242)
2014-06-09 16:22:11.354427 7f868ef60700 20 ? 214'632 (214'631) modify 86520ed3/rbd_data.116f6b8b4567.0000000000001817/head//3 by client.4559.0:35762
2014-06-09 10:19:07.540927
2014-06-09 16:22:11.354438 7f86a5610700 10 lookup_strip_header done cid meta oid 16ef7597/infos/head//-1
2014-06-09 16:22:11.354435 7f868ef60700 20 ? 214'631 (214'630) modify 86520ed3/rbd_data.116f6b8b4567.0000000000001817/head//3 by client.4559.0:35761
2014-06-09 10:19:07.369223
2014-06-09 16:22:11.354432 7f868af58700 20 osd.26 pg_epoch: 243 pg[3.1aa( v 214'499 (0'0,214'499] local-les=191 n=98 ec=118 les/c 191/191 242/242/242) [26,1] r=0 lpr=242 pi=190-241/4 crt=0'0 lcod 0'0 mlcod 0'0 peering] op_has_sufficient_caps pool=3 (ceph ) owner=0 need_read_cap=0 need_write_cap=1 need_class_read_cap=0 need_class_write_cap=0 -> yes
2014-06-09 16:22:11.354441 7f868ef60700 20 merge_log 214'631 (214'630) modify 86520ed3/rbd_data.116f6b8b4567.0000000000001817/head//3 by client.4559.0:35761
2014-06-09 10:19:07.369223
2014-06-09 16:22:11.354446 7f868af58700 10 osd.26 pg_epoch: 243 pg[3.1aa( v 214'499 (0'0,214'499] local-les=191 n=98 ec=118 les/c 191/191 242/242/242) [26,1] r=0 lpr=242 pi=190-241/4 crt=0'0 lcod 0'0 mlcod 0'0 peering] can_handle_while_inactive: 0x1c66bd00
2014-06-09 16:22:11.354449 7f868ef60700 20 merge_log 214'632 (214'631) modify 86520ed3/rbd_data.116f6b8b4567.0000000000001817/head//3 by client.4559.0:35762
2014-06-09 10:19:07.540927
2014-06-09 16:22:11.354455 7f868af58700 10 osd.26 243 dequeue_op 0x1c66bd00 finish
2014-06-09 16:22:11.354459 7f868af58700 15 OSD::op_tp worker wq OSD::OpWQ done processing 0x1 (15 active)
2014-06-09 16:22:11.354464 7f868af58700 12 OSD::op_tp worker wq OSD::OpWQ start processing 0x1 (16 active)
2014-06-09 16:22:11.354468 7f868af58700 10 osd.26 243 dequeue_op 0x21967a00 prio 63 cost 2203648 latency 0.673870 osd_op(client.4567.0:35153 rbd_data.11776b8b4567.00000000000017b4 [set-alloc-hint object_size 4194304 write_size 4194304,write 1990656~2203648] 3.584859c7 RETRY=3 ack+ondisk+retry+write e242) v4 pg pg[3.1c7( v 214'650 (0'0,214'650] local-les=191 n=132 ec=118 les/c 191/191 242/242/242) [26,2] r=0 lpr=242 pi=190-241/4 crt=0'0 lcod 0'0 mlcod 0'0 peering]
2014-06-09 16:22:11.354488 7f868af58700 5 -- op tracker -- , seq: 600, time:
2014-06-09 16:22:11.354483, event: reached_pg, op: osd_op(client.4567.0:35153 rbd_data.11776b8b4567.00000000000017b4 [set-alloc-hint object_size 4194304 write_size 4194304,write 1990656~2203648] 3.584859c7 RETRY=3 ack+ondisk+retry+write e242)
2014-06-09 16:22:11.354494 7f868af58700 20 osd.26 pg_epoch: 243 pg[3.1c7( v 214'650 (0'0,214'650] local-les=191 n=132 ec=118 les/c 191/191 242/242/242) [26,2] r=0 lpr=242 pi=190-241/4 crt=0'0 lcod 0'0 mlcod 0'0 peering] op_has_sufficient_caps pool=3 (ceph ) owner=0 need_read_cap=0 need_write_cap=1 need_class_read_cap=0 need_class_write_cap=0 -> yes
2014-06-09 16:22:11.354505 7f868af58700 10 osd.26 pg_epoch: 243 pg[3.1c7( v 214'650 (0'0,214'650] local-les=191 n=132 ec=118 les/c 191/191 242/242/242) [26,2] r=0 lpr=242 pi=190-241/4 crt=0'0 lcod 0'0 mlcod 0'0 peering] can_handle_while_inactive: 0x21967a00
2014-06-09 16:22:11.354514 7f868af58700 10 osd.26 243 dequeue_op 0x21967a00 finish
2014-06-09 16:22:11.354517 7f868af58700 15 OSD::op_tp worker wq OSD::OpWQ done processing 0x1 (15 active)
2014-06-09 16:22:11.354522 7f868af58700 12 OSD::op_tp worker wq OSD::OpWQ start processing 0x1 (16 active)
2014-06-09 16:22:11.354525 7f868af58700 10 osd.26 243 dequeue_op 0x270be000 prio 63 cost 516096 latency 0.531848 osd_op(client.4573.0:34237 rbd_data.117d6b8b4567.00000000000016db [set-alloc-hint object_size 4194304 write_size 4194304,write 2514944~516096] 3.e3f48f50 RETRY=3 ack+ondisk+retry+write e242) v4 pg pg[3.750( v 214'518 (0'0,214'518] local-les=243 n=98 ec=118 les/c 212/213 242/242/242) [26,8] r=0 lpr=242 pi=211-241/2 crt=0'0 lcod 0'0 mlcod 0'0 inactive]
2014-06-09 16:22:11.354543 7f868af58700 5 -- op tracker -- , seq: 799, time:
2014-06-09 16:22:11.354539, event: reached_pg, op: osd_op(client.4573.0:34237 rbd_data.117d6b8b4567.00000000000016db [set-alloc-hint object_size 4194304 write_size 4194304,write 2514944~516096] 3.e3f48f50 RETRY=3 ack+ondisk+retry+write e242)
2014-06-09 16:22:11.354550 7f868af58700 20 osd.26 pg_epoch: 243 pg[3.750( v 214'518 (0'0,214'518] local-les=243 n=98 ec=118 les/c 212/213 242/242/242) [26,8] r=0 lpr=242 pi=211-241/2 crt=0'0 lcod 0'0 mlcod 0'0 inactive] op_has_sufficient_caps pool=3 (ceph ) owner=0 need_read_cap=0 need_write_cap=1 need_class_read_cap=0 need_class_write_cap=0 -> yes
2014-06-09 16:22:11.354560 7f868af58700 10 osd.26 pg_epoch: 243 pg[3.750( v 214'518 (0'0,214'518] local-les=243 n=98 ec=118 les/c 212/213 242/242/242) [26,8] r=0 lpr=242 pi=211-241/2 crt=0'0 lcod 0'0 mlcod 0'0 inactive] can_handle_while_inactive: 0x270be000
2014-06-09 16:22:11.354569 7f868af58700 10 osd.26 243 dequeue_op 0x270be000 finish
2014-06-09 16:22:11.354572 7f868af58700 15 OSD::op_tp worker wq OSD::OpWQ done processing 0x1 (15 active)
2014-06-09 16:22:11.354577 7f868af58700 12 OSD::op_tp worker wq OSD::OpWQ start processing 0x1 (16 active)
2014-06-09 16:22:11.354581 7f868af58700 10 osd.26 243 dequeue_op 0x14053000 prio 63 cost 65536 latency 1.104765 osd_op(client.4574.0:31685 rbd_data.117e6b8b4567.00000000000014b9 [set-alloc-hint object_size 4194304 write_size 4194304,write 4128768~65536] 3.3046a4d1 RETRY=3 ack+ondisk+retry+write e242) v4 pg pg[3.4d1( v 213'606 (0'0,213'606] local-les=243 n=120 ec=118 les/c 201/201 242/242/242) [26,3] r=0 lpr=242 pi=200-241/2 crt=0'0 lcod 0'0 mlcod 0'0 inactive]
2014-06-09 16:22:11.354600 7f868af58700 5 -- op tracker -- , seq: 184, time:
2014-06-09 16:22:11.354596, event: reached_pg, op: osd_op(client.4574.0:31685 rbd_data.117e6b8b4567.00000000000014b9 [set-alloc-hint object_size 4194304 write_size 4194304,write 4128768~65536] 3.3046a4d1 RETRY=3 ack+ondisk+retry+write e242)
2014-06-09 16:22:11.354606 7f868af58700 20 osd.26 pg_epoch: 243 pg[3.4d1( v 213'606 (0'0,213'606] local-les=243 n=120 ec=118 les/c 201/201 242/242/242) [26,3] r=0 lpr=242 pi=200-241/2 crt=0'0 lcod 0'0 mlcod 0'0 inactive] op_has_sufficient_caps pool=3 (ceph ) owner=0 need_read_cap=0 need_write_cap=1 need_class_read_cap=0 need_class_write_cap=0 -> yes
2014-06-09 16:22:11.354617 7f868af58700 10 osd.26 pg_epoch: 243 pg[3.4d1( v 213'606 (0'0,213'606] local-les=243 n=120 ec=118 les/c 201/201 242/242/242) [26,3] r=0 lpr=242 pi=200-241/2 crt=0'0 lcod 0'0 mlcod 0'0 inactive] can_handle_while_inactive: 0x14053000
2014-06-09 16:22:11.354626 7f868af58700 10 osd.26 243 dequeue_op 0x14053000 finish
2014-06-09 16:22:11.354628 7f868af58700 15 OSD::op_tp worker wq OSD::OpWQ done processing 0x1 (15 active)
2014-06-09 16:22:11.354633 7f868af58700 12 OSD::op_tp worker wq OSD::OpWQ start processing 0x1 (16 active)
2014-06-09 16:22:11.354637 7f868af58700 10 osd.26 243 dequeue_op 0x1804c100 prio 63 cost 516096 latency 1.032492 osd_op(client.4575.0:32140 rbd_data.117f6b8b4567.0000000000001523 [set-alloc-hint object_size 4194304 write_size 4194304,write 1990656~516096] 3.284fd1aa RETRY=3 ack+ondisk+retry+write e242) v4 pg pg[3.1aa( v 214'499 (0'0,214'499] local-les=191 n=98 ec=118 les/c 191/191 242/242/242) [26,1] r=0 lpr=242 pi=190-241/4 crt=0'0 lcod 0'0 mlcod 0'0 peering]
2014-06-09 16:22:11.354656 7f868ef60700 10 merge_log result log((0'0,214'632], crt=214'632) missing(1) changed=1
2014-06-09 16:22:11.354655 7f868af58700 5 -- op tracker -- , seq: 265, time:
2014-06-09 16:22:11.354651, event: reached_pg, op: osd_op(client.4575.0:32140 rbd_data.117f6b8b4567.0000000000001523 [set-alloc-hint object_size 4194304 write_size 4194304,write 1990656~516096] 3.284fd1aa RETRY=3 ack+ondisk+retry+write e242)
2014-06-09 16:22:11.354662 7f868af58700 20 osd.26 pg_epoch: 243 pg[3.1aa( v 214'499 (0'0,214'499] local-les=191 n=98 ec=118 les/c 191/191 242/242/242) [26,1] r=0 lpr=242 pi=190-241/4 crt=0'0 lcod 0'0 mlcod 0'0 peering] op_has_sufficient_caps pool=3 (ceph ) owner=0 need_read_cap=0 need_write_cap=1 need_class_read_cap=0 need_class_write_cap=0 -> yes
2014-06-09 16:22:11.354661 7f868ef60700 10 osd.26 pg_epoch: 243 pg[3.6d3( v 214'632 lc 214'630 (0'0,214'632] local-les=213 n=122 ec=118 les/c 213/213 242/242/242) [26,9] r=0 lpr=242 pi=212-241/2 crt=214'632 lcod 0'0 mlcod 0'0 peering m=1] peer osd.9 now 3.6d3( v 214'632 (0'0,214'632] local-les=213 n=122 ec=118 les/c 213/213 242/242/242) missing(0)
2014-06-09 16:22:11.354672 7f868af58700 10 osd.26 pg_epoch: 243 pg[3.1aa( v 214'499 (0'0,214'499] local-les=191 n=98 ec=118 les/c 191/191 242/242/242) [26,1] r=0 lpr=242 pi=190-241/4 crt=0'0 lcod 0'0 mlcod 0'0 peering] can_handle_while_inactive: 0x1804c100
2014-06-09 16:22:11.354681 7f868af58700 10 osd.26 243 dequeue_op 0x1804c100 finish
2014-06-09 16:22:11.354684 7f868af58700 15 OSD::op_tp worker wq OSD::OpWQ done processing 0x1 (15 active)
2014-06-09 16:22:11.354679 7f868ef60700 5 osd.26 pg_epoch: 243 pg[3.6d3( v 214'632 lc 214'630 (0'0,214'632] local-les=213 n=122 ec=118 les/c 213/213 242/242/242) [26,9] r=0 lpr=242 pi=212-241/2 crt=214'632 lcod 0'0 mlcod 0'0 peering m=1] exit Started/Primary/Peering/GetLog 0.437577 5 0.003820
2014-06-09 16:22:11.354689 7f868af58700 12 OSD::op_tp worker wq OSD::OpWQ start processing 0x1 (16 active)
2014-06-09 16:22:11.354692 7f868ef60700 5 osd.26 pg_epoch: 243 pg[3.6d3( v 214'632 lc 214'630 (0'0,214'632] local-les=213 n=122 ec=118 les/c 213/213 242/242/242) [26,9] r=0 lpr=242 pi=212-241/2 crt=214'632 lcod 0'0 mlcod 0'0 peering m=1] enter Started/Primary/Peering/GetMissing
2014-06-09 16:22:11.354692 7f868af58700 10 osd.26 243 dequeue_op 0x1c66bc00 prio 63 cost 516096 latency 0.818618 osd_op(client.4577.0:36988 rbd_data.11816b8b4567.00000000000018ee [set-alloc-hint object_size 4194304 write_size 4194304,write 1892352~516096] 3.f0e71aa RETRY=3 ack+ondisk+retry+write e242) v4 pg pg[3.1aa( v 214'499 (0'0,214'499] local-les=191 n=98 ec=118 les/c 191/191 242/242/242) [26,1] r=0 lpr=242 pi=190-241/4 crt=0'0 lcod 0'0 mlcod 0'0 peering]
2014-06-09 16:22:11.354702 7f868ef60700 10 osd.26 pg_epoch: 243 pg[3.6d3( v 214'632 lc 214'630 (0'0,214'632] local-les=213 n=122 ec=118 les/c 213/213 242/242/242) [26,9] r=0 lpr=242 pi=212-241/2 crt=214'632 lcod 0'0 mlcod 0'0 peering m=1] state: osd.9 has no missing, identical log
2014-06-09 16:22:11.354713 7f868af58700 5 -- op tracker -- , seq: 493, time:
2014-06-09 16:22:11.354708, event: reached_pg, op: osd_op(client.4577.0:36988 rbd_data.11816b8b4567.00000000000018ee [set-alloc-hint object_size 4194304 write_size 4194304,write 1892352~516096] 3.f0e71aa RETRY=3 ack+ondisk+retry+write e242)
2014-06-09 16:22:11.354714 7f868ef60700 5 osd.26 pg_epoch: 243 pg[3.6d3( v 214'632 lc 214'630 (0'0,214'632] local-les=213 n=122 ec=118 les/c 213/213 242/242/242) [26,9] r=0 lpr=242 pi=212-241/2 crt=214'632 lcod 0'0 mlcod 0'0 peering m=1] exit Started/Primary/Peering/GetMissing 0.000022 0 0.000000
2014-06-09 16:22:11.354720 7f868af58700 20 osd.26 pg_epoch: 243 pg[3.1aa( v 214'499 (0'0,214'499] local-les=191 n=98 ec=118 les/c 191/191 242/242/242) [26,1] r=0 lpr=242 pi=190-241/4 crt=0'0 lcod 0'0 mlcod 0'0 peering] op_has_sufficient_caps pool=3 (ceph ) owner=0 need_read_cap=0 need_write_cap=1 need_class_read_cap=0 need_class_write_cap=0 -> yes
2014-06-09 16:22:11.354725 7f868ef60700 10 osd.26 pg_epoch: 243 pg[3.6d3( v 214'632 lc 214'630 (0'0,214'632] local-les=213 n=122 ec=118 les/c 213/213 242/242/242) [26,9] r=0 lpr=242 pi=212-241/2 crt=214'632 lcod 0'0 mlcod 0'0 peering m=1] state: Leaving Peering
2014-06-09 16:22:11.354732 7f868af58700 10 osd.26 pg_epoch: 243 pg[3.1aa( v 214'499 (0'0,214'499] local-les=191 n=98 ec=118 les/c 191/191 242/242/242) [26,1] r=0 lpr=242 pi=190-241/4 crt=0'0 lcod 0'0 mlcod 0'0 peering] can_handle_while_inactive: 0x1c66bc00
2014-06-09 16:22:11.354741 7f868af58700 10 osd.26 243 dequeue_op 0x1c66bc00 finish
2014-06-09 16:22:11.354735 7f868ef60700 5 osd.26 pg_epoch: 243 pg[3.6d3( v 214'632 lc 214'630 (0'0,214'632] local-les=213 n=122 ec=118 les/c 213/213 242/242/242) [26,9] r=0 lpr=242 pi=212-241/2 crt=214'632 lcod 0'0 mlcod 0'0 peering m=1] exit Started/Primary/Peering 0.649675 0 0.000000
2014-06-09 16:22:11.354744 7f868af58700 15 OSD::op_tp worker wq OSD::OpWQ done processing 0x1 (15 active)
2014-06-09 16:22:11.354749 7f868af58700 12 OSD::op_tp worker wq OSD::OpWQ start processing 0x1 (16 active)
2014-06-09 16:22:11.354748 7f868ef60700 5 osd.26 pg_epoch: 243 pg[3.6d3( v 214'632 lc 214'630 (0'0,214'632] local-les=213 n=122 ec=118 les/c 213/213 242/242/242) [26,9] r=0 lpr=242 pi=212-241/2 crt=214'632 lcod 0'0 mlcod 0'0 inactive m=1] enter Started/Primary/Active
2014-06-09 16:22:11.354756 7f868ef60700 10 osd.26 pg_epoch: 243 pg[3.6d3( v 214'632 lc 214'630 (0'0,214'632] local-les=213 n=122 ec=118 les/c 213/213 242/242/242) [26,9] r=0 lpr=242 pi=212-241/2 crt=214'632 lcod 0'0 mlcod 0'0 inactive m=1] state: In Active, about to call activate
2014-06-09 16:22:11.354760 7f8691f66700 5 -- op tracker -- , seq: 25, time:
2014-06-09 16:22:11.353195, event: reached_pg, op: osd_op(client.4565.0:32568 rbd_data.11756b8b4567.0000000000001565 [set-alloc-hint object_size 4194304 write_size 4194304,write 2514944~516096] 3.8b1e77c RETRY=3 ack+ondisk+retry+write e242)
2014-06-09 16:22:11.354767 7f868ef60700 20 osd.26 pg_epoch: 243 pg[3.6d3( v 214'632 lc 214'630 (0'0,214'632] local-les=243 n=122 ec=118 les/c 213/213 242/242/242) [26,9] r=0 lpr=242 pi=212-241/2 crt=214'632 lcod 0'0 mlcod 0'0 inactive m=1] activate - purged_snaps [] cached_removed_snaps []
2014-06-09 16:22:11.354768 7f8691f66700 20 osd.26 pg_epoch: 243 pg[3.77c( v 213'558 (0'0,213'558] local-les=243 n=109 ec=118 les/c 210/210 242/242/242) [26,7] r=0 lpr=242 pi=209-241/2 crt=0'0 lcod 0'0 mlcod 0'0 inactive] op_has_sufficient_caps pool=3 (ceph ) owner=0 need_read_cap=0 need_write_cap=1 need_class_read_cap=0 need_class_write_cap=0 -> yes
2014-06-09 16:22:11.354776 7f868ef60700 10 osd.26 pg_epoch: 243 pg[3.6d3( v 214'632 lc 214'630 (0'0,214'632] local-les=243 n=122 ec=118 les/c 213/213 242/242/242) [26,9] r=0 lpr=242 pi=212-241/2 crt=214'632 lcod 0'0 mlcod 0'0 inactive m=1] activate - snap_trimq []
2014-06-09 16:22:11.354779 7f8691f66700 10 osd.26 pg_epoch: 243 pg[3.77c( v 213'558 (0'0,213'558] local-les=243 n=109 ec=118 les/c 210/210 242/242/242) [26,7] r=0 lpr=242 pi=209-241/2 crt=0'0 lcod 0'0 mlcod 0'0 inactive] can_handle_while_inactive: 0xe032f00
2014-06-09 16:22:11.354788 7f8691f66700 10 osd.26 243 dequeue_op 0xe032f00 finish
2014-06-09 16:22:11.354785 7f868ef60700 10 osd.26 pg_epoch: 243 pg[3.6d3( v 214'632 lc 214'630 (0'0,214'632] local-les=243 n=122 ec=118 les/c 213/213 242/242/242) [26,9] r=0 lpr=242 pi=212-241/2 crt=214'632 lcod 0'0 mlcod 0'0 inactive m=1] activate - not complete, missing(1)
2014-06-09 16:22:11.354793 7f8691f66700 15 OSD::op_tp worker wq OSD::OpWQ done processing 0x1 (15 active)
2014-06-09 16:22:11.354799 7f8691f66700 12 OSD::op_tp worker wq OSD::OpWQ start processing 0x1 (16 active)
2014-06-09 16:22:11.354802 7f8691f66700 10 osd.26 243 dequeue_op 0xe2ad000 prio 63 cost 737280 latency 1.343635 osd_op(client.4566.0:33768 rbd_data.11766b8b4567.00000000000016aa [set-alloc-hint object_size 4194304 write_size 4194304,write 3457024~737280] 3.4c8eb750 RETRY=3 ack+ondisk+retry+write e242) v4 pg pg[3.750( v 214'518 (0'0,214'518] local-les=243 n=98 ec=118 les/c 212/213 242/242/242) [26,8] r=0 lpr=242 pi=211-241/2 crt=0'0 lcod 0'0 mlcod 0'0 inactive]
2014-06-09 16:22:11.354821 7f8691f66700 5 -- op tracker -- , seq: 46, time:
2014-06-09 16:22:11.354817, event: reached_pg, op: osd_op(client.4566.0:33768 rbd_data.11766b8b4567.00000000000016aa [set-alloc-hint object_size 4194304 write_size 4194304,write 3457024~737280] 3.4c8eb750 RETRY=3 ack+ondisk+retry+write e242)
2014-06-09 16:22:11.354828 7f8691f66700 20 osd.26 pg_epoch: 243 pg[3.750( v 214'518 (0'0,214'518] local-les=243 n=98 ec=118 les/c 212/213 242/242/242) [26,8] r=0 lpr=242 pi=211-241/2 crt=0'0 lcod 0'0 mlcod 0'0 inactive] op_has_sufficient_caps pool=3 (ceph ) owner=0 need_read_cap=0 need_write_cap=1 need_class_read_cap=0 need_class_write_cap=0 -> yes
2014-06-09 16:22:11.354839 7f8691f66700 10 osd.26 pg_epoch: 243 pg[3.750( v 214'518 (0'0,214'518] local-les=243 n=98 ec=118 les/c 212/213 242/242/242) [26,8] r=0 lpr=242 pi=211-241/2 crt=0'0 lcod 0'0 mlcod 0'0 inactive] can_handle_while_inactive: 0xe2ad000
2014-06-09 16:22:11.354847 7f8691f66700 10 osd.26 243 dequeue_op 0xe2ad000 finish
2014-06-09 16:22:11.354850 7f8691f66700 15 OSD::op_tp worker wq OSD::OpWQ done processing 0x1 (15 active)
2014-06-09 16:22:11.354856 7f8691f66700 12 OSD::op_tp worker wq OSD::OpWQ start processing 0x1 (16 active)
2014-06-09 16:22:11.354860 7f8691f66700 10 osd.26 243 dequeue_op 0x21967700 prio 63 cost 1032192 latency 0.631265 osd_op(client.4567.0:35177 rbd_data.11776b8b4567.00000000000017b9 [set-alloc-hint object_size 4194304 write_size 4194304,write 1146880~1032192] 3.6498b9f4 RETRY=3 ack+ondisk+retry+write e242) v4 pg pg[3.1f4( v 213'599 (0'0,213'599] local-les=243 n=118 ec=118 les/c 208/208 242/242/242) [26,6] r=0 lpr=242 pi=207-241/2 crt=0'0 lcod 0'0 mlcod 0'0 inactive]
2014-06-09 16:22:11.354879 7f8691f66700 5 -- op tracker -- , seq: 641, time:
2014-06-09 16:22:11.354875, event: reached_pg, op: osd_op(client.4567.0:35177 rbd_data.11776b8b4567.00000000000017b9 [set-alloc-hint object_size 4194304 write_size 4194304,write 1146880~1032192] 3.6498b9f4 RETRY=3 ack+ondisk+retry+write e242)
2014-06-09 16:22:11.354886 7f8691f66700 20 osd.26 pg_epoch: 243 pg[3.1f4( v 213'599 (0'0,213'599] local-les=243 n=118 ec=118 les/c 208/208 242/242/242) [26,6] r=0 lpr=242 pi=207-241/2 crt=0'0 lcod 0'0 mlcod 0'0 inactive] op_has_sufficient_caps pool=3 (ceph ) owner=0 need_read_cap=0 need_write_cap=1 need_class_read_cap=0 need_class_write_cap=0 -> yes
2014-06-09 16:22:11.354897 7f8691f66700 10 osd.26 pg_epoch: 243 pg[3.1f4( v 213'599 (0'0,213'599] local-les=243 n=118 ec=118 les/c 208/208 242/242/242) [26,6] r=0 lpr=242 pi=207-241/2 crt=0'0 lcod 0'0 mlcod 0'0 inactive] can_handle_while_inactive: 0x21967700
2014-06-09 16:22:11.354905 7f8691f66700 10 osd.26 243 dequeue_op 0x21967700 finish
2014-06-09 16:22:11.354908 7f8691f66700 15 OSD::op_tp worker wq OSD::OpWQ done processing 0x1 (15 active)
2014-06-09 16:22:11.354904 7f868ef60700 10 osd.26 pg_epoch: 243 pg[3.6d3( v 214'632 lc 214'631 (0'0,214'632] local-les=243 n=122 ec=118 les/c 213/213 242/242/242) [26,9] r=0 lpr=242 pi=212-241/2 crt=214'632 lcod 0'0 mlcod 0'0 inactive m=1] activate - starting recovery
2014-06-09 16:22:11.354913 7f8691f66700 12 OSD::op_tp worker wq OSD::OpWQ start processing 0x1 (16 active)
2014-06-09 16:22:11.354917 7f868ef60700 10 osd.26 243 queue_for_recovery queued pg[3.6d3( v 214'632 lc 214'631 (0'0,214'632] local-les=243 n=122 ec=118 les/c 213/213 242/242/242) [26,9] r=0 lpr=242 pi=212-241/2 crt=214'632 lcod 0'0 mlcod 0'0 inactive m=1]
2014-06-09 16:22:11.354917 7f8691f66700 10 osd.26 243 dequeue_op 0x29f5bf00 prio 63 cost 516096 latency 0.531335 osd_op(client.4573.0:34238 rbd_data.117d6b8b4567.00000000000016db [set-alloc-hint object_size 4194304 write_size 4194304,write 3031040~516096] 3.e3f48f50 RETRY=3 ack+ondisk+retry+write e242) v4 pg pg[3.750( v 214'518 (0'0,214'518] local-les=243 n=98 ec=118 les/c 212/213 242/242/242) [26,8] r=0 lpr=242 pi=211-241/2 crt=0'0 lcod 0'0 mlcod 0'0 inactive]
2014-06-09 16:22:11.354935 7f8691f66700 5 -- op tracker -- , seq: 803, time:
2014-06-09 16:22:11.354930, event: reached_pg, op: osd_op(client.4573.0:34238 rbd_data.117d6b8b4567.00000000000016db [set-alloc-hint object_size 4194304 write_size 4194304,write 3031040~516096] 3.e3f48f50 RETRY=3 ack+ondisk+retry+write e242)
2014-06-09 16:22:11.354930 7f868ef60700 10 osd.26 pg_epoch: 243 pg[3.6d3( v 214'632 lc 214'631 (0'0,214'632] local-les=243 n=122 ec=118 les/c 213/213 242/242/242) [26,9] r=0 lpr=242 pi=212-241/2 crt=214'632 lcod 0'0 mlcod 0'0 inactive m=1] activate peer osd.9 3.6d3( v 214'632 (0'0,214'632] local-les=213 n=122 ec=118 les/c 213/213 242/242/242)
2014-06-09 16:22:11.354941 7f868ef60700 10 osd.26 pg_epoch: 243 pg[3.6d3( v 214'632 lc 214'631 (0'0,214'632] local-les=243 n=122 ec=118 les/c 213/213 242/242/242) [26,9] r=0 lpr=242 pi=212-241/2 crt=214'632 lcod 0'0 mlcod 0'0 inactive m=1] activate peer osd.9 is up to date, queueing in pending_activators
2014-06-09 16:22:11.354941 7f8691f66700 20 osd.26 pg_epoch: 243 pg[3.750( v 214'518 (0'0,214'518] local-les=243 n=98 ec=118 les/c 212/213 242/242/242) [26,8] r=0 lpr=242 pi=211-241/2 crt=0'0 lcod 0'0 mlcod 0'0 inactive] op_has_sufficient_caps pool=3 (ceph ) owner=0 need_read_cap=0 need_write_cap=1 need_class_read_cap=0 need_class_write_cap=0 -> yes
2014-06-09 16:22:11.354952 7f8691f66700 10 osd.26 pg_epoch: 243 pg[3.750( v 214'518 (0'0,214'518] local-les=243 n=98 ec=118 les/c 212/213 242/242/242) [26,8] r=0 lpr=242 pi=211-241/2 crt=0'0 lcod 0'0 mlcod 0'0 inactive] can_handle_while_inactive: 0x29f5bf00
2014-06-09 16:22:11.354961 7f8691f66700 10 osd.26 243 dequeue_op 0x29f5bf00 finish
2014-06-09 16:22:11.354954 7f868ef60700 10 osd.26 pg_epoch: 243 pg[3.6d3( v 214'632 lc 214'631 (0'0,214'632] local-les=243 n=122 ec=118 les/c 213/213 242/242/242) [26,9] r=0 lpr=242 pi=212-241/2 crt=214'632 lcod 0'0 mlcod 0'0 inactive m=1] activate peer osd.9 3.6d3( v 214'632 (0'0,214'632] local-les=213 n=122 ec=118 les/c 213/213 242/242/242) uptodate
2014-06-09 16:22:11.354964 7f8691f66700 15 OSD::op_tp worker wq OSD::OpWQ done processing 0x1 (15 active)
2014-06-09 16:22:11.354970 7f8691f66700 12 OSD::op_tp worker wq OSD::OpWQ start processing 0x1 (16 active)
2014-06-09 16:22:11.354973 7f86a5610700 15 _omap_rmkeyrange meta/516ef296/pglog_3.c1/0//-1 [0000000214.00000000000000000607,4294967295.18446744073709551615]
2014-06-09 16:22:11.354967 7f868ef60700 10 osd.26 pg_epoch: 243 pg[3.6d3( v 214'632 lc 214'631 (0'0,214'632] local-les=243 n=122 ec=118 les/c 213/213 242/242/242) [26,9] r=0 lpr=242 pi=212-241/2 crt=214'632 lcod 0'0 mlcod 0'0 inactive m=1 u=1] needs_recovery primary has 1 missing
2014-06-09 16:22:11.354976 7f86a5610700 15 get_omap_iterator meta/516ef296/pglog_3.c1/0//-1
2014-06-09 16:22:11.354977 7f868ef60700 10 osd.26 pg_epoch: 243 pg[3.6d3( v 214'632 lc 214'631 (0'0,214'632] local-les=243 n=122 ec=118 les/c 213/213 242/242/242) [26,9] r=0 lpr=242 pi=212-241/2 crt=214'632 lcod 0'0 mlcod 0'0 inactive m=1 u=1] search_for_missing 86520ed3/rbd_data.116f6b8b4567.0000000000001817/head//3 214'632 also missing on osd.26
2014-06-09 16:22:11.354974 7f8691f66700 10 osd.26 243 dequeue_op 0x1804c000 prio 63 cost 516096 latency 1.031871 osd_op(client.4575.0:32141 rbd_data.117f6b8b4567.0000000000001523 [set-alloc-hint object_size 4194304 write_size 4194304,write 2506752~516096] 3.284fd1aa RETRY=3 ack+ondisk+retry+write e242) v4 pg pg[3.1aa( v 214'499 (0'0,214'499] local-les=191 n=98 ec=118 les/c 191/191 242/242/242) [26,1] r=0 lpr=242 pi=190-241/4 crt=0'0 lcod 0'0 mlcod 0'0 peering]
2014-06-09 16:22:11.354994 7f8691f66700 5 -- op tracker -- , seq: 280, time:
