2014-06-09 16:22:11.354989, event: reached_pg, op: osd_op(client.4575.0:32141 rbd_data.117f6b8b4567.0000000000001523 [set-alloc-hint object_size 4194304 write_size 4194304,write 2506752~516096] 3.284fd1aa RETRY=3 ack+ondisk+retry+write e242)
2014-06-09 16:22:11.354988 7f868ef60700 20 osd.26 pg_epoch: 243 pg[3.6d3( v 214'632 lc 214'631 (0'0,214'632] local-les=243 n=122 ec=118 les/c 213/213 242/242/242) [26,9] r=0 lpr=242 pi=212-241/2 crt=214'632 lcod 0'0 mlcod 0'0 inactive m=1 u=1] needs_recovery_map missing {86520ed3/rbd_data.116f6b8b4567.0000000000001817/head//3=214'632(214'630)}
2014-06-09 16:22:11.354999 7f868ef60700 10 osd.26 pg_epoch: 243 pg[3.6d3( v 214'632 lc 214'631 (0'0,214'632] local-les=243 n=122 ec=118 les/c 213/213 242/242/242) [26,9] r=0 lpr=242 pi=212-241/2 crt=214'632 lcod 0'0 mlcod 0'0 inactive m=1 u=1] activate: adding 9 as a source
2014-06-09 16:22:11.355000 7f8691f66700 20 osd.26 pg_epoch: 243 pg[3.1aa( v 214'499 (0'0,214'499] local-les=191 n=98 ec=118 les/c 191/191 242/242/242) [26,1] r=0 lpr=242 pi=190-241/4 crt=0'0 lcod 0'0 mlcod 0'0 peering] op_has_sufficient_caps pool=3 (ceph ) owner=0 need_read_cap=0 need_write_cap=1 need_class_read_cap=0 need_class_write_cap=0 -> yes
2014-06-09 16:22:11.355011 7f8691f66700 10 osd.26 pg_epoch: 243 pg[3.1aa( v 214'499 (0'0,214'499] local-les=191 n=98 ec=118 les/c 191/191 242/242/242) [26,1] r=0 lpr=242 pi=190-241/4 crt=0'0 lcod 0'0 mlcod 0'0 peering] can_handle_while_inactive: 0x1804c000
2014-06-09 16:22:11.355009 7f868ef60700 10 osd.26 pg_epoch: 243 pg[3.6d3( v 214'632 lc 214'631 (0'0,214'632] local-les=243 n=122 ec=118 les/c 213/213 242/242/242) [26,9] r=0 lpr=242 pi=212-241/2 crt=214'632 lcod 0'0 mlcod 0'0 inactive m=1 u=1] search_for_missing 86520ed3/rbd_data.116f6b8b4567.0000000000001817/head//3 214'632 is on osd.9
2014-06-09 16:22:11.355020 7f8691f66700 10 osd.26 243 dequeue_op 0x1804c000 finish
2014-06-09 16:22:11.355023 7f8691f66700 15 OSD::op_tp worker wq OSD::OpWQ done processing 0x1 (15 active)
2014-06-09 16:22:11.355028 7f8691f66700 12 OSD::op_tp worker wq OSD::OpWQ start processing 0x1 (16 active)
2014-06-09 16:22:11.355022 7f868ef60700 20 osd.26 pg_epoch: 243 pg[3.6d3( v 214'632 lc 214'631 (0'0,214'632] local-les=243 n=122 ec=118 les/c 213/213 242/242/242) [26,9] r=0 lpr=242 pi=212-241/2 crt=214'632 lcod 0'0 mlcod 0'0 inactive m=1] needs_recovery_map missing {86520ed3/rbd_data.116f6b8b4567.0000000000001817/head//3=214'632(214'630)}
2014-06-09 16:22:11.355034 7f868ef60700 10 osd.26 pg_epoch: 243 pg[3.6d3( v 214'632 lc 214'631 (0'0,214'632] local-les=243 n=122 ec=118 les/c 213/213 242/242/242) [26,9] r=0 lpr=242 pi=212-241/2 crt=214'632 lcod 0'0 mlcod 0'0 inactive m=1] build_might_have_unfound
2014-06-09 16:22:11.355032 7f8691f66700 10 osd.26 243 dequeue_op 0x1c66bb00 prio 63 cost 516096 latency 0.815313 osd_op(client.4577.0:36989 rbd_data.11816b8b4567.00000000000018ee [set-alloc-hint object_size 4194304 write_size 4194304,write 2408448~516096] 3.f0e71aa RETRY=3 ack+ondisk+retry+write e242) v4 pg pg[3.1aa( v 214'499 (0'0,214'499] local-les=191 n=98 ec=118 les/c 191/191 242/242/242) [26,1] r=0 lpr=242 pi=190-241/4 crt=0'0 lcod 0'0 mlcod 0'0 peering]
2014-06-09 16:22:11.355043 7f868ef60700 10 osd.26 pg_epoch: 243 pg[3.6d3( v 214'632 lc 214'631 (0'0,214'632] local-les=243 n=122 ec=118 les/c 213/213 242/242/242) [26,9] r=0 lpr=242 pi=212-241/2 crt=214'632 lcod 0'0 mlcod 0'0 inactive m=1] _calc_past_interval_range: already have past intervals back to 213
2014-06-09 16:22:11.355051 7f8691f66700 5 -- op tracker -- , seq: 513, time:
2014-06-09 16:22:11.355046, event: reached_pg, op: osd_op(client.4577.0:36989 rbd_data.11816b8b4567.00000000000018ee [set-alloc-hint object_size 4194304 write_size 4194304,write 2408448~516096] 3.f0e71aa RETRY=3 ack+ondisk+retry+write e242)
2014-06-09 16:22:11.355058 7f86a5610700 15 _omap_rmkeys meta/516ef296/pglog_3.c1/0//-1
2014-06-09 16:22:11.355054 7f868ef60700 15 osd.26 pg_epoch: 243 pg[3.6d3( v 214'632 lc 214'631 (0'0,214'632] local-les=243 n=122 ec=118 les/c 213/213 242/242/242) [26,9] r=0 lpr=242 pi=212-241/2 crt=214'632 lcod 0'0 mlcod 0'0 inactive m=1] build_might_have_unfound: built 9
2014-06-09 16:22:11.355057 7f8691f66700 20 osd.26 pg_epoch: 243 pg[3.1aa( v 214'499 (0'0,214'499] local-les=191 n=98 ec=118 les/c 191/191 242/242/242) [26,1] r=0 lpr=242 pi=190-241/4 crt=0'0 lcod 0'0 mlcod 0'0 peering] op_has_sufficient_caps pool=3 (ceph ) owner=0 need_read_cap=0 need_write_cap=1 need_class_read_cap=0 need_class_write_cap=0 -> yes
2014-06-09 16:22:11.355064 7f868ef60700 10 osd.26 pg_epoch: 243 pg[3.6d3( v 214'632 lc 214'631 (0'0,214'632] local-les=243 n=122 ec=118 les/c 213/213 242/242/242) [26,9] r=0 lpr=242 pi=212-241/2 crt=214'632 lcod 0'0 mlcod 0'0 inactive m=1] state: Activate Finished
2014-06-09 16:22:11.355067 7f8691f66700 10 osd.26 pg_epoch: 243 pg[3.1aa( v 214'499 (0'0,214'499] local-les=191 n=98 ec=118 les/c 191/191 242/242/242) [26,1] r=0 lpr=242 pi=190-241/4 crt=0'0 lcod 0'0 mlcod 0'0 peering] can_handle_while_inactive: 0x1c66bb00
2014-06-09 16:22:11.355076 7f8691f66700 10 osd.26 243 dequeue_op 0x1c66bb00 finish
2014-06-09 16:22:11.355079 7f8691f66700 15 OSD::op_tp worker wq OSD::OpWQ done processing 0x1 (15 active)
2014-06-09 16:22:11.355076 7f868ef60700 5 osd.26 pg_epoch: 243 pg[3.6d3( v 214'632 lc 214'631 (0'0,214'632] local-les=243 n=122 ec=118 les/c 213/213 242/242/242) [26,9] r=0 lpr=242 pi=212-241/2 crt=214'632 lcod 0'0 mlcod 0'0 inactive m=1] enter Started/Primary/Active/Activating
2014-06-09 16:22:11.355084 7f8691f66700 12 OSD::op_tp worker wq OSD::OpWQ start processing 0x1 (16 active)
2014-06-09 16:22:11.355088 7f86a5610700 10 lookup_strip_header done cid meta oid 516ef296/pglog_3.c1/0//-1
2014-06-09 16:22:11.355088 7f8691f66700 10 osd.26 243 dequeue_op 0x21967600 prio 63 cost 2015232 latency 0.610607 osd_op(client.4567.0:35178 rbd_data.11776b8b4567.00000000000017b9 [set-alloc-hint object_size 4194304 write_size 4194304,write 2179072~2015232] 3.6498b9f4 RETRY=3 ack+ondisk+retry+write e242) v4 pg pg[3.1f4( v 213'599 (0'0,213'599] local-les=243 n=118 ec=118 les/c 208/208 242/242/242) [26,6] r=0 lpr=242 pi=207-241/2 crt=0'0 lcod 0'0 mlcod 0'0 inactive]
2014-06-09 16:22:11.355110 7f868ef60700 10 write_log with: dirty_to: 0'0, dirty_from: 214'630, dirty_divergent_priors: 0, writeout_from: 4294967295'18446744073709551615, trimmed:
2014-06-09 16:22:11.362944 7f868ef60700 5 queue_transactions existing osr(3.6d3 0x3ed1c50)/0x3ed1c50
2014-06-09 16:22:11.362951 7f868ef60700 10 op_submit_start 3094
2014-06-09 16:22:11.362953 7f868ef60700 5 queue_transactions (trailing journal) 3094
2014-06-09 16:22:11.362955 7f868ef60700 5 queue_op 0x16096720 seq 3094 osr(3.6d3 0x3ed1c50) 1943 bytes (queue has 4 ops and 6816 bytes)
2014-06-09 16:22:11.362958 7f868ef60700 10 op_submit_finish 3094
2014-06-09 16:22:11.362962 7f868ef60700 10 osd.26 pg_epoch: 243 pg[3.428( v 213'561 (0'0,213'561] local-les=208 n=110 ec=118 les/c 208/208 242/242/242) [26,6] r=0 lpr=242 pi=207-241/2 crt=0'0 lcod 0'0 mlcod 0'0 peering] handle_peering_event: epoch_sent: 242 epoch_requested: 242 MNotifyRec from 6 notify: (query_epoch:242, epoch_sent:242, info:3.428( v 214'563 (0'0,214'563] local-les=208 n=111 ec=118 les/c 208/208 242/242/242))
2014-06-09 16:22:11.362981 7f868ef60700 7 osd.26 pg_epoch: 243 pg[3.428( v 213'561 (0'0,213'561] local-les=208 n=110 ec=118 les/c 208/208 242/242/242) [26,6] r=0 lpr=242 pi=207-241/2 crt=0'0 lcod 0'0 mlcod 0'0 peering] state: handle_pg_notify from osd.6
2014-06-09 16:22:11.362993 7f868ef60700 10 osd.26 pg_epoch: 243 pg[3.428( v 213'561 (0'0,213'561] local-les=208 n=110 ec=118 les/c 208/208 242/242/242) [26,6] r=0 lpr=242 pi=207-241/2 crt=0'0 lcod 0'0 mlcod 0'0 peering] state: pg[3.428( v 213'561 (0'0,213'561] local-les=208 n=110 ec=118 les/c 208/208 242/242/242) [26,6] r=0 lpr=242 pi=207-241/2 crt=0'0 lcod 0'0 mlcod 0'0 peering] got dup osd.6 info 3.428( v 214'563 (0'0,214'563] local-les=208 n=111 ec=118 les/c 208/208 242/242/242), identical to ours
2014-06-09 16:22:11.363014 7f868ef60700 10 log is not dirty
2014-06-09 16:22:11.363019 7f868ef60700 10 osd.26 pg_epoch: 243 pg[2.73( empty local-les=191 n=0 ec=1 les/c 191/191 242/242/220) [0,26] r=1 lpr=242 pi=1-241/22 crt=0'0 inactive NOTIFY] handle_peering_event: epoch_sent: 243 epoch_requested: 243 MLogRec from 0
2014-06-09 16:22:11.363031 7f868ef60700 10 osd.26 pg_epoch: 243 pg[2.73( empty local-les=191 n=0 ec=1 les/c 191/191 242/242/220) [0,26] r=1 lpr=242 pi=1-241/22 crt=0'0 inactive NOTIFY] state: got info+log from osd.0 2.73( empty local-les=243 n=0 ec=1 les/c 191/191 242/242/220) log((0'0,0'0], crt=0'0)
2014-06-09 16:22:11.363043 7f868ef60700 10 merge_log log((0'0,0'0], crt=0'0) from osd.0 into log((0'0,0'0], crt=0'0)
2014-06-09 16:22:11.363047 7f868ef60700 10 merge_log result log((0'0,0'0], crt=0'0) missing(0) changed=0
2014-06-09 16:22:11.363052 7f868ef60700 5 osd.26 pg_epoch: 243 pg[2.73( empty local-les=191 n=0 ec=1 les/c 191/191 242/242/220) [0,26] r=1 lpr=242 pi=1-241/22 crt=0'0 inactive NOTIFY] exit Started/Stray 1.127047 7 0.004472
2014-06-09 16:22:11.363065 7f868ef60700 5 osd.26 pg_epoch: 243 pg[2.73( empty local-les=191 n=0 ec=1 les/c 191/191 242/242/220) [0,26] r=1 lpr=242 pi=1-241/22 crt=0'0 inactive NOTIFY] enter Started/ReplicaActive
2014-06-09 16:22:11.363077 7f868ef60700 5 osd.26 pg_epoch: 243 pg[2.73( empty local-les=191 n=0 ec=1 les/c 191/191 242/242/220) [0,26] r=1 lpr=242 pi=1-241/22 crt=0'0 inactive NOTIFY] enter Started/ReplicaActive/RepNotRecovering
2014-06-09 16:22:11.363087 7f868ef60700 10 osd.26 pg_epoch: 243 pg[2.73( empty local-les=191 n=0 ec=1 les/c 191/191 242/242/220) [0,26] r=1 lpr=242 pi=1-241/22 crt=0'0 inactive NOTIFY] state: In ReplicaActive, about to call activate
2014-06-09 16:22:11.363097 7f868ef60700 10 osd.26 pg_epoch: 243 pg[2.73( empty local-les=243 n=0 ec=1 les/c 191/191 242/242/220) [0,26] r=1 lpr=242 pi=1-241/22 crt=0'0 inactive] activate - no missing, moving last_complete 0'0 -> 0'0
2014-06-09 16:22:11.363107 7f868ef60700 10 osd.26 pg_epoch: 243 pg[2.73( empty local-les=243 n=0 ec=1 les/c 191/191 242/242/220) [0,26] r=1 lpr=242 pi=1-241/22 crt=0'0 inactive] state: Activate Finished
2014-06-09 16:22:11.363158 7f868ef60700 10 log is not dirty
2014-06-09 16:22:11.363164 7f868ef60700 5 queue_transactions existing osr(2.73 0x2ed0510)/0x2ed0510
2014-06-09 16:22:11.363167 7f868ef60700 10 op_submit_start 3095
2014-06-09 16:22:11.363168 7f868ef60700 5 queue_transactions (trailing journal) 3095
2014-06-09 16:22:11.363169 7f868ef60700 5 queue_op 0x309a2e40 seq 3095 osr(2.73 0x2ed0510) 1880 bytes (queue has 5 ops and 8696 bytes)
2014-06-09 16:22:11.363172 7f868ef60700 10 op_submit_finish 3095
2014-06-09 16:22:11.363175 7f868ef60700 10 osd.26 pg_epoch: 243 pg[1.82( empty local-les=206 n=0 ec=1 les/c 206/206 242/242/205) [5,26] r=1 lpr=242 pi=1-241/24 crt=0'0 inactive NOTIFY] handle_peering_event: epoch_sent: 243 epoch_requested: 243 MLogRec from 5
2014-06-09 16:22:11.363187 7f868ef60700 10 osd.26 pg_epoch: 243 pg[1.82( empty local-les=206 n=0 ec=1 les/c 206/206 242/242/205) [5,26] r=1 lpr=242 pi=1-241/24 crt=0'0 inactive NOTIFY] state: got info+log from osd.5 1.82( empty local-les=243 n=0 ec=1 les/c 206/206 242/242/205) log((0'0,0'0], crt=0'0)
2014-06-09 16:22:11.363199 7f868ef60700 10 merge_log log((0'0,0'0], crt=0'0) from osd.5 into log((0'0,0'0], crt=0'0)
2014-06-09 16:22:11.363202 7f868ef60700 10 merge_log result log((0'0,0'0], crt=0'0) missing(0) changed=0
2014-06-09 16:22:11.363206 7f868ef60700 5 osd.26 pg_epoch: 243 pg[1.82( empty local-les=206 n=0 ec=1 les/c 206/206 242/242/205) [5,26] r=1 lpr=242 pi=1-241/24 crt=0'0 inactive NOTIFY] exit Started/Stray 1.141711 7 0.000178
2014-06-09 16:22:11.363216 7f868ef60700 5 osd.26 pg_epoch: 243 pg[1.82( empty local-les=206 n=0 ec=1 les/c 206/206 242/242/205) [5,26] r=1 lpr=242 pi=1-241/24 crt=0'0 inactive NOTIFY] enter Started/ReplicaActive
2014-06-09 16:22:11.363227 7f868ef60700 5 osd.26 pg_epoch: 243 pg[1.82( empty local-les=206 n=0 ec=1 les/c 206/206 242/242/205) [5,26] r=1 lpr=242 pi=1-241/24 crt=0'0 inactive NOTIFY] enter Started/ReplicaActive/RepNotRecovering
2014-06-09 16:22:11.363237 7f868ef60700 10 osd.26 pg_epoch: 243 pg[1.82( empty local-les=206 n=0 ec=1 les/c 206/206 242/242/205) [5,26] r=1 lpr=242 pi=1-241/24 crt=0'0 inactive NOTIFY] state: In ReplicaActive, about to call activate
2014-06-09 16:22:11.363246 7f868ef60700 10 osd.26 pg_epoch: 243 pg[1.82( empty local-les=243 n=0 ec=1 les/c 206/206 242/242/205) [5,26] r=1 lpr=242 pi=1-241/24 crt=0'0 inactive] activate - no missing, moving last_complete 0'0 -> 0'0
2014-06-09 16:22:11.363255 7f868ef60700 10 osd.26 pg_epoch: 243 pg[1.82( empty local-les=243 n=0 ec=1 les/c 206/206 242/242/205) [5,26] r=1 lpr=242 pi=1-241/24 crt=0'0 inactive] state: Activate Finished
2014-06-09 16:22:11.363304 7f868ef60700 10 log is not dirty
2014-06-09 16:22:11.363309 7f868ef60700 5 queue_transactions existing osr(1.82 0x384c4d0)/0x384c4d0
2014-06-09 16:22:11.363311 7f868ef60700 10 op_submit_start 3096
2014-06-09 16:22:11.363313 7f868ef60700 5 queue_transactions (trailing journal) 3096
2014-06-09 16:22:11.363314 7f868ef60700 5 queue_op 0x309a2de0 seq 3096 osr(1.82 0x384c4d0) 2006 bytes (queue has 6 ops and 10702 bytes)
2014-06-09 16:22:11.363316 7f868ef60700 10 op_submit_finish 3096
2014-06-09 16:22:11.363319 7f868ef60700 10 osd.26 pg_epoch: 243 pg[1.5e1( empty local-les=243 n=0 ec=1 les/c 191/191 242/242/242) [26,2] r=0 lpr=242 pi=190-241/4 crt=0'0 mlcod 0'0 inactive] handle_peering_event: epoch_sent: 242 epoch_requested: 242 MNotifyRec from 2 notify: (query_epoch:242, epoch_sent:242, info:1.5e1( empty local-les=191 n=0 ec=1 les/c 191/191 242/242/242))
2014-06-09 16:22:11.363333 7f868ef60700 10 osd.26 pg_epoch: 243 pg[1.5e1( empty local-les=243 n=0 ec=1 les/c 191/191 242/242/242) [26,2] r=0 lpr=242 pi=190-241/4 crt=0'0 mlcod 0'0 inactive] state: Active: got notify from 2, already have info from that osd, ignoring
2014-06-09 16:22:11.363344 7f868ef60700 10 log is not dirty
2014-06-09 16:22:11.363349 7f868ef60700 10 osd.26 pg_epoch: 243 pg[2.186( empty local-les=243 n=0 ec=1 les/c 203/203 242/242/242) [26,4] r=0 lpr=242 pi=202-241/2 crt=0'0 mlcod 0'0 inactive] handle_peering_event: epoch_sent: 242 epoch_requested: 242 MNotifyRec from 4 notify: (query_epoch:242, epoch_sent:242, info:2.186( empty local-les=203 n=0 ec=1 les/c 203/203 242/242/242))
2014-06-09 16:22:11.363361 7f868ef60700 10 osd.26 pg_epoch: 243 pg[2.186( empty local-les=243 n=0 ec=1 les/c 203/203 242/242/242) [26,4] r=0 lpr=242 pi=202-241/2 crt=0'0 mlcod 0'0 inactive] state: Active: got notify from 4, already have info from that osd, ignoring
2014-06-09 16:22:11.363370 7f868ef60700 10 log is not dirty
2014-06-09 16:22:11.363375 7f868ef60700 10 osd.26 pg_epoch: 243 pg[1.631( empty local-les=210 n=0 ec=1 les/c 210/210 242/242/209) [7,26] r=1 lpr=242 pi=1-241/26 crt=0'0 inactive NOTIFY] handle_peering_event: epoch_sent: 243 epoch_requested: 243 MLogRec from 7
2014-06-09 16:22:11.363385 7f868ef60700 10 osd.26 pg_epoch: 243 pg[1.631( empty local-les=210 n=0 ec=1 les/c 210/210 242/242/209) [7,26] r=1 lpr=242 pi=1-241/26 crt=0'0 inactive NOTIFY] state: got info+log from osd.7 1.631( empty local-les=243 n=0 ec=1 les/c 210/210 242/242/209) log((0'0,0'0], crt=0'0)
2014-06-09 16:22:11.363397 7f868ef60700 10 merge_log log((0'0,0'0], crt=0'0) from osd.7 into log((0'0,0'0], crt=0'0)
2014-06-09 16:22:11.363400 7f868ef60700 10 merge_log result log((0'0,0'0], crt=0'0) missing(0) changed=0
2014-06-09 16:22:11.363404 7f868ef60700 5 osd.26 pg_epoch: 243 pg[1.631( empty local-les=210 n=0 ec=1 les/c 210/210 242/242/209) [7,26] r=1 lpr=242 pi=1-241/26 crt=0'0 inactive NOTIFY] exit Started/Stray 1.120440 7 0.000187
2014-06-09 16:22:11.363418 7f868ef60700 5 osd.26 pg_epoch: 243 pg[1.631( empty local-les=210 n=0 ec=1 les/c 210/210 242/242/209) [7,26] r=1 lpr=242 pi=1-241/26 crt=0'0 inactive NOTIFY] enter Started/ReplicaActive
2014-06-09 16:22:11.363428 7f868ef60700 5 osd.26 pg_epoch: 243 pg[1.631( empty local-les=210 n=0 ec=1 les/c 210/210 242/242/209) [7,26] r=1 lpr=242 pi=1-241/26 crt=0'0 inactive NOTIFY] enter Started/ReplicaActive/RepNotRecovering
2014-06-09 16:22:11.363438 7f868ef60700 10 osd.26 pg_epoch: 243 pg[1.631( empty local-les=210 n=0 ec=1 les/c 210/210 242/242/209) [7,26] r=1 lpr=242 pi=1-241/26 crt=0'0 inactive NOTIFY] state: In ReplicaActive, about to call activate
2014-06-09 16:22:11.363447 7f868ef60700 10 osd.26 pg_epoch: 243 pg[1.631( empty local-les=243 n=0 ec=1 les/c 210/210 242/242/209) [7,26] r=1 lpr=242 pi=1-241/26 crt=0'0 inactive] activate - no missing, moving last_complete 0'0 -> 0'0
2014-06-09 16:22:11.363455 7f868ef60700 10 osd.26 pg_epoch: 243 pg[1.631( empty local-les=243 n=0 ec=1 les/c 210/210 242/242/209) [7,26] r=1 lpr=242 pi=1-241/26 crt=0'0 inactive] state: Activate Finished
2014-06-09 16:22:11.363506 7f868ef60700 10 log is not dirty
2014-06-09 16:22:11.363511 7f868ef60700 5 queue_transactions existing osr(1.631 0x384dfb0)/0x384dfb0
2014-06-09 16:22:11.363513 7f868ef60700 10 op_submit_start 3097
2014-06-09 16:22:11.363514 7f868ef60700 5 queue_transactions (trailing journal) 3097
2014-06-09 16:22:11.363516 7f868ef60700 5 queue_op 0x309a2d80 seq 3097 osr(1.631 0x384dfb0) 2099 bytes (queue has 7 ops and 12801 bytes)
2014-06-09 16:22:11.363519 7f868ef60700 10 op_submit_finish 3097
2014-06-09 16:22:11.363522 7f868ef60700 10 osd.26 pg_epoch: 243 pg[3.308( v 214'552 (0'0,214'552] local-les=243 n=108 ec=118 les/c 191/191 242/242/242) [26,1] r=0 lpr=242 pi=190-241/4 crt=0'0 lcod 0'0 mlcod 0'0 inactive] handle_peering_event: epoch_sent: 243 epoch_requested: 243 MNotifyRec from 1 notify: (query_epoch:243, epoch_sent:243, info:3.308( v 213'540 (0'0,213'540] local-les=191 n=105 ec=118 les/c 191/191 242/242/242))
2014-06-09 16:22:11.363536 7f868ef60700 10 osd.26 pg_epoch: 243 pg[3.308( v 214'552 (0'0,214'552] local-les=243 n=108 ec=118 les/c 191/191 242/242/242) [26,1] r=0 lpr=242 pi=190-241/4 crt=0'0 lcod 0'0 mlcod 0'0 inactive] state: Active: got notify from 1, already have info from that osd, ignoring
2014-06-09 16:22:11.363551 7f868ef60700 10 log is not dirty
2014-06-09 16:22:11.363556 7f868ef60700 10 osd.26 pg_epoch: 243 pg[3.7d4( v 214'543 (0'0,214'543] local-les=243 n=110 ec=118 les/c 191/191 242/242/242) [26,1] r=0 lpr=242 pi=190-241/4 crt=0'0 lcod 0'0 mlcod 0'0 inactive] handle_peering_event: epoch_sent: 243 epoch_requested: 243 MNotifyRec from 1 notify: (query_epoch:243, epoch_sent:243, info:3.7d4( v 213'526 (0'0,213'526] local-les=191 n=106 ec=118 les/c 191/191 242/242/242))
2014-06-09 16:22:11.363569 7f868ef60700 10 osd.26 pg_epoch: 243 pg[3.7d4( v 214'543 (0'0,214'543] local-les=243 n=110 ec=118 les/c 191/191 242/242/242) [26,1] r=0 lpr=242 pi=190-241/4 crt=0'0 lcod 0'0 mlcod 0'0 inactive] state: Active: got notify from 1, already have info from that osd, ignoring
2014-06-09 16:22:11.363580 7f868ef60700 10 log is not dirty
2014-06-09 16:22:11.363584 7f868ef60700 10 osd.26 pg_epoch: 243 pg[1.327( empty local-les=243 n=0 ec=1 les/c 191/191 242/242/242) [26,1] r=0 lpr=242 pi=190-241/4 crt=0'0 mlcod 0'0 inactive] handle_peering_event: epoch_sent: 243 epoch_requested: 243 MNotifyRec from 1 notify: (query_epoch:243, epoch_sent:243, info:1.327( empty local-les=191 n=0 ec=1 les/c 191/191 242/242/242))
2014-06-09 16:22:11.363596 7f868ef60700 10 osd.26 pg_epoch: 243 pg[1.327( empty local-les=243 n=0 ec=1 les/c 191/191 242/242/242) [26,1] r=0 lpr=242 pi=190-241/4 crt=0'0 mlcod 0'0 inactive] state: Active: got notify from 1, already have info from that osd, ignoring
2014-06-09 16:22:11.363606 7f868ef60700 10 log is not dirty
2014-06-09 16:22:11.355115 7f8688f54700 12 OSD::recovery_tp worker wq OSD::RecoveryWQ start processing 0xab0e000 (1 active)
2014-06-09 16:22:11.355122 7f868a757700 12 OSD::op_tp worker wq OSD::OpWQ start processing 0x1 (17 active)
2014-06-09 16:22:11.355105 7f868af58700 10 osd.26 243 dequeue_op 0xe032e00 prio 63 cost 1163264 latency 1.381379 osd_op(client.4565.0:32569 rbd_data.11756b8b4567.0000000000001565 [set-alloc-hint object_size 4194304 write_size 4194304,write 3031040~1163264] 3.8b1e77c RETRY=3 ack+ondisk+retry+write e242) v4 pg pg[3.77c( v 213'558 (0'0,213'558] local-les=243 n=109 ec=118 les/c 210/210 242/242/242) [26,7] r=0 lpr=242 pi=209-241/2 crt=0'0 lcod 0'0 mlcod 0'0 inactive]
2014-06-09 16:22:11.363841 7f8688f54700 10 osd.26 243 do_recovery can start 5 (0/15 rops)
2014-06-09 16:22:11.363871 7f8688f54700 15 OSD::recovery_tp worker wq OSD::RecoveryWQ done processing 0xab0e000 (0 active)
2014-06-09 16:22:11.363852 7f868a757700 10 osd.26 243 dequeue_op 0x29f5be00 prio 63 cost 516096 latency 0.539159 osd_op(client.4573.0:34239 rbd_data.117d6b8b4567.00000000000016db [set-alloc-hint object_size 4194304 write_size 4194304,write 3547136~516096] 3.e3f48f50 RETRY=3 ack+ondisk+retry+write e242) v4 pg pg[3.750( v 214'518 (0'0,214'518] local-les=243 n=98 ec=118 les/c 212/213 242/242/242) [26,8] r=0 lpr=242 pi=211-241/2 crt=0'0 lcod 0'0 mlcod 0'0 inactive]
2014-06-09 16:22:11.363874 7f8688f54700 20 OSD::recovery_tp worker waiting
2014-06-09 16:22:11.355127 7f869af78700 5 -- op tracker -- , seq: 1534, time:
2014-06-09 16:22:11.354319, event: started, op: pg_log(1.604 epoch 243 log log((0'0,0'0], crt=0'0) query_epoch 243)
2014-06-09 16:22:11.347514 7f8690763700 10 osd.26 pg_epoch: 243 pg[2.755( empty local-les=243 n=0 ec=1 les/c 191/191 242/242/242) [26,2] r=0 lpr=242 pi=190-241/4 crt=0'0 mlcod 0'0 inactive] handle_peering_event: epoch_sent: 243 epoch_requested: 243 FlushedEvt
2014-06-09 16:22:11.363610 7f868ef60700 10 osd.26 pg_epoch: 243 pg[3.450( v 213'620 (0'0,213'620] local-les=213 n=120 ec=118 les/c 213/213 242/242/212) [9,26] r=1 lpr=242 pi=118-241/10 crt=0'0 lcod 0'0 inactive NOTIFY] handle_peering_event: epoch_sent: 242 epoch_requested: 242 MQuery from 9 query_epoch 242 query: query(log 213'0 ec=118 les/c 213/213 242/242/212)
2014-06-09 16:22:11.363892 7f8690763700 10 log is not dirty
2014-06-09 16:22:11.363890 7f868ef60700 10 osd.26 pg_epoch: 243 pg[3.450( v 213'620 (0'0,213'620] local-les=213 n=120 ec=118 les/c 213/213 242/242/212) [9,26] r=1 lpr=242 pi=118-241/10 crt=0'0 lcod 0'0 inactive NOTIFY] log request from 9
2014-06-09 16:22:11.363897 7f869af78700 5 -- op tracker -- , seq: 1534, time:
2014-06-09 16:22:11.363893, event: done, op: pg_log(1.604 epoch 243 log log((0'0,0'0], crt=0'0) query_epoch 243)
2014-06-09 16:22:11.363899 7f868ef60700 10 osd.26 pg_epoch: 243 pg[3.450( v 213'620 (0'0,213'620] local-les=213 n=120 ec=118 les/c 213/213 242/242/212) [9,26] r=1 lpr=242 pi=118-241/10 crt=0'0 lcod 0'0 inactive NOTIFY] sending info+missing+log since 213'0
2014-06-09 16:22:11.363898 7f8690763700 10 osd.26 pg_epoch: 243 pg[2.755( empty local-les=243 n=0 ec=1 les/c 191/191 242/242/242) [26,2] r=0 lpr=242 pi=190-241/4 crt=0'0 mlcod 0'0 inactive] handle_peering_event: epoch_sent: 243 epoch_requested: 243 FlushedEvt
2014-06-09 16:22:11.363911 7f869af78700 10 osd.26 243 do_waiters -- start
2014-06-09 16:22:11.363914 7f869af78700 10 osd.26 243 do_waiters -- finish
2014-06-09 16:22:11.363911 7f8690763700 15 osd.26 pg_epoch: 243 pg[2.755( empty local-les=243 n=0 ec=1 les/c 191/191 242/242/242) [26,2] r=0 lpr=242 pi=190-241/4 crt=0'0 mlcod 0'0 inactive] requeue_ops
2014-06-09 16:22:11.363920 7f8690763700 10 log is not dirty
2014-06-09 16:22:11.363931 7f869af78700 10 osd.26 243 do_waiters -- start
2014-06-09 16:22:11.363924 7f8690763700 10 osd.26 pg_epoch: 243 pg[2.1ae( empty local-les=243 n=0 ec=1 les/c 203/203 242/242/242) [26,4] r=0 lpr=242 pi=202-241/2 crt=0'0 mlcod 0'0 inactive] handle_peering_event: epoch_sent: 243 epoch_requested: 243 FlushedEvt
2014-06-09 16:22:11.363932 7f869af78700 10 osd.26 243 do_waiters -- finish
2014-06-09 16:22:11.363936 7f869af78700 20 osd.26 243 _dispatch 0x1a039dc0 pg_notify(3.319(10),2.5e(23) epoch 243) v5
2014-06-09 16:22:11.363939 7f8690763700 10 log is not dirty
2014-06-09 16:22:11.363945 7f868b759700 12 OSD::op_tp worker wq OSD::PeeringWQ start processing 0xb7f02f0 (18 active)
2014-06-09 16:22:11.363944 7f8690763700 10 osd.26 pg_epoch: 243 pg[2.1ae( empty local-les=243 n=0 ec=1 les/c 203/203 242/242/242) [26,4] r=0 lpr=242 pi=202-241/2 crt=0'0 mlcod 0'0 inactive] handle_peering_event: epoch_sent: 243 epoch_requested: 243 FlushedEvt
2014-06-09 16:22:11.363951 7f868b759700 10 osd.26 pg_epoch: 243 pg[1.604( empty local-les=191 n=0 ec=1 les/c 191/191 242/242/220) [0,26] r=1 lpr=242 pi=1-241/22 crt=0'0 inactive NOTIFY] handle_peering_event: epoch_sent: 243 epoch_requested: 243 MLogRec from 0
2014-06-09 16:22:11.363954 7f8690763700 15 osd.26 pg_epoch: 243 pg[2.1ae( empty local-les=243 n=0 ec=1 les/c 203/203 242/242/242) [26,4] r=0 lpr=242 pi=202-241/2 crt=0'0 mlcod 0'0 inactive] requeue_ops
2014-06-09 16:22:11.363964 7f8690763700 10 log is not dirty
2014-06-09 16:22:11.363963 7f868b759700 10 osd.26 pg_epoch: 243 pg[1.604( empty local-les=191 n=0 ec=1 les/c 191/191 242/242/220) [0,26] r=1 lpr=242 pi=1-241/22 crt=0'0 inactive NOTIFY] state: got info+log from osd.0 1.604( empty local-les=243 n=0 ec=1 les/c 191/191 242/242/220) log((0'0,0'0], crt=0'0)
2014-06-09 16:22:11.363975 7f868b759700 10 merge_log log((0'0,0'0], crt=0'0) from osd.0 into log((0'0,0'0], crt=0'0)
2014-06-09 16:22:11.363968 7f8690763700 10 osd.26 pg_epoch: 243 pg[2.1b3( empty local-les=243 n=0 ec=1 les/c 203/203 242/242/242) [26,4] r=0 lpr=242 pi=202-241/2 crt=0'0 mlcod 0'0 inactive] handle_peering_event: epoch_sent: 243 epoch_requested: 243 FlushedEvt
2014-06-09 16:22:11.363979 7f868b759700 10 merge_log result log((0'0,0'0], crt=0'0) missing(0) changed=0
2014-06-09 16:22:11.363983 7f8690763700 10 log is not dirty
2014-06-09 16:22:11.363982 7f868b759700 5 osd.26 pg_epoch: 243 pg[1.604( empty local-les=191 n=0 ec=1 les/c 191/191 242/242/220) [0,26] r=1 lpr=242 pi=1-241/22 crt=0'0 inactive NOTIFY] exit Started/Stray 1.091279 7 0.006632
2014-06-09 16:22:11.363987 7f8690763700 10 osd.26 pg_epoch: 243 pg[2.1b3( empty local-les=243 n=0 ec=1 les/c 203/203 242/242/242) [26,4] r=0 lpr=242 pi=202-241/2 crt=0'0 mlcod 0'0 inactive] handle_peering_event: epoch_sent: 243 epoch_requested: 243 FlushedEvt
2014-06-09 16:22:11.363993 7f868b759700 5 osd.26 pg_epoch: 243 pg[1.604( empty local-les=191 n=0 ec=1 les/c 191/191 242/242/220) [0,26] r=1 lpr=242 pi=1-241/22 crt=0'0 inactive NOTIFY] enter Started/ReplicaActive
2014-06-09 16:22:11.363997 7f8690763700 15 osd.26 pg_epoch: 243 pg[2.1b3( empty local-les=243 n=0 ec=1 les/c 203/203 242/242/242) [26,4] r=0 lpr=242 pi=202-241/2 crt=0'0 mlcod 0'0 inactive] requeue_ops
2014-06-09 16:22:11.364006 7f8690763700 10 log is not dirty
2014-06-09 16:22:11.364005 7f868b759700 5 osd.26 pg_epoch: 243 pg[1.604( empty local-les=191 n=0 ec=1 les/c 191/191 242/242/220) [0,26] r=1 lpr=242 pi=1-241/22 crt=0'0 inactive NOTIFY] enter Started/ReplicaActive/RepNotRecovering
2014-06-09 16:22:11.364008 7f8691f66700 5 -- op tracker -- , seq: 655, time:
2014-06-09 16:22:11.362893, event: reached_pg, op: osd_op(client.4567.0:35178 rbd_data.11776b8b4567.00000000000017b9 [set-alloc-hint object_size 4194304 write_size 4194304,write 2179072~2015232] 3.6498b9f4 RETRY=3 ack+ondisk+retry+write e242)
2014-06-09 16:22:11.364015 7f868b759700 10 osd.26 pg_epoch: 243 pg[1.604( empty local-les=191 n=0 ec=1 les/c 191/191 242/242/220) [0,26] r=1 lpr=242 pi=1-241/22 crt=0'0 inactive NOTIFY] state: In ReplicaActive, about to call activate
2014-06-09 16:22:11.364009 7f8690763700 10 osd.26 pg_epoch: 243 pg[3.21b( v 214'612 lc 214'611 (0'0,214'612] local-les=243 n=123 ec=118 les/c 210/210 242/242/242) [26,7] r=0 lpr=242 pi=209-241/2 crt=214'612 lcod 0'0 mlcod 0'0 inactive m=1] handle_peering_event: epoch_sent: 243 epoch_requested: 243 FlushedEvt
2014-06-09 16:22:11.364027 7f8690763700 10 log is not dirty
2014-06-09 16:22:11.364019 7f8691f66700 20 osd.26 pg_epoch: 243 pg[3.1f4( v 213'599 (0'0,213'599] local-les=243 n=118 ec=118 les/c 208/208 242/242/242) [26,6] r=0 lpr=242 pi=207-241/2 crt=0'0 lcod 0'0 mlcod 0'0 inactive] op_has_sufficient_caps pool=3 (ceph ) owner=0 need_read_cap=0 need_write_cap=1 need_class_read_cap=0 need_class_write_cap=0 -> yes
2014-06-09 16:22:11.364024 7f868b759700 10 osd.26 pg_epoch: 243 pg[1.604( empty local-les=243 n=0 ec=1 les/c 191/191 242/242/220) [0,26] r=1 lpr=242 pi=1-241/22 crt=0'0 inactive] activate - no missing, moving last_complete 0'0 -> 0'0
2014-06-09 16:22:11.364032 7f868b759700 10 osd.26 pg_epoch: 243 pg[1.604( empty local-les=243 n=0 ec=1 les/c 191/191 242/242/220) [0,26] r=1 lpr=242 pi=1-241/22 crt=0'0 inactive] state: Activate Finished
2014-06-09 16:22:11.364031 7f8690763700 10 osd.26 pg_epoch: 243 pg[3.21b( v 214'612 lc 214'611 (0'0,214'612] local-les=243 n=123 ec=118 les/c 210/210 242/242/242) [26,7] r=0 lpr=242 pi=209-241/2 crt=214'612 lcod 0'0 mlcod 0'0 inactive m=1] handle_peering_event: epoch_sent: 243 epoch_requested: 243 FlushedEvt
2014-06-09 16:22:11.364044 7f8690763700 15 osd.26 pg_epoch: 243 pg[3.21b( v 214'612 lc 214'611 (0'0,214'612] local-les=243 n=123 ec=118 les/c 210/210 242/242/242) [26,7] r=0 lpr=242 pi=209-241/2 crt=214'612 lcod 0'0 mlcod 0'0 inactive m=1] requeue_ops 0x1b0b6100,0x19fe1b00,0x1b0b6000,0x19fe1a00,0x1b0b7a00,0x19fe1900,0x19fe1800,0x19fe1700,0x19fe1600,0x1c769c00,0x1b0b7900
2014-06-09 16:22:11.364070 7f868af58700 5 -- op tracker -- , seq: 47, time:
2014-06-09 16:22:11.363851, event: reached_pg, op: osd_op(client.4565.0:32569 rbd_data.11756b8b4567.0000000000001565 [set-alloc-hint object_size 4194304 write_size 4194304,write 3031040~1163264] 3.8b1e77c RETRY=3 ack+ondisk+retry+write e242)
2014-06-09 16:22:11.364084 7f8690763700 10 log is not dirty
2014-06-09 16:22:11.364080 7f868af58700 20 osd.26 pg_epoch: 243 pg[3.77c( v 213'558 (0'0,213'558] local-les=243 n=109 ec=118 les/c 210/210 242/242/242) [26,7] r=0 lpr=242 pi=209-241/2 crt=0'0 lcod 0'0 mlcod 0'0 inactive] op_has_sufficient_caps pool=3 (ceph ) owner=0 need_read_cap=0 need_write_cap=1 need_class_read_cap=0 need_class_write_cap=0 -> yes
2014-06-09 16:22:11.364088 7f868a757700 5 -- op tracker -- , seq: 811, time:
2014-06-09 16:22:11.363875, event: reached_pg, op: osd_op(client.4573.0:34239 rbd_data.117d6b8b4567.00000000000016db [set-alloc-hint object_size 4194304 write_size 4194304,write 3547136~516096] 3.e3f48f50 RETRY=3 ack+ondisk+retry+write e242)
2014-06-09 16:22:11.364095 7f8690763700 15 OSD::op_tp worker wq OSD::PeeringWQ done processing 0xb7f0250 (17 active)
2014-06-09 16:22:11.364093 7f868af58700 10 osd.26 pg_epoch: 243 pg[3.77c( v 213'558 (0'0,213'558] local-les=243 n=109 ec=118 les/c 210/210 242/242/242) [26,7] r=0 lpr=242 pi=209-241/2 crt=0'0 lcod 0'0 mlcod 0'0 inactive] can_handle_while_inactive: 0xe032e00
2014-06-09 16:22:11.364101 7f8690763700 12 OSD::op_tp worker wq OSD::OpWQ start processing 0x1 (18 active)
2014-06-09 16:22:11.364102 7f868af58700 10 osd.26 243 dequeue_op 0xe032e00 finish
2014-06-09 16:22:11.364106 7f868af58700 15 OSD::op_tp worker wq OSD::OpWQ done processing 0x1 (17 active)
2014-06-09 16:22:11.364099 7f868a757700 20 osd.26 pg_epoch: 243 pg[3.750( v 214'518 (0'0,214'518] local-les=243 n=98 ec=118 les/c 212/213 242/242/242) [26,8] r=0 lpr=242 pi=211-241/2 crt=0'0 lcod 0'0 mlcod 0'0 inactive] op_has_sufficient_caps pool=3 (ceph ) owner=0 need_read_cap=0 need_write_cap=1 need_class_read_cap=0 need_class_write_cap=0 -> yes
2014-06-09 16:22:11.364111 7f868af58700 12 OSD::op_tp worker wq OSD::OpWQ start processing 0x1 (18 active)
2014-06-09 16:22:11.364104 7f8690763700 10 osd.26 243 dequeue_op 0x19fe1b00 prio 63 cost 294912 latency 0.955083 osd_op(client.4575.0:32282 rbd_data.117f6b8b4567.0000000000001535 [set-alloc-hint object_size 4194304 write_size 4194304,write 0~294912] 3.c490ea1b RETRY=3 ack+ondisk+retry+write e242) v4 pg pg[3.21b( v 214'612 lc 214'611 (0'0,214'612] local-les=243 n=123 ec=118 les/c 210/210 242/242/242) [26,7] r=0 lpr=242 pi=209-241/2 crt=214'612 lcod 0'0 mlcod 0'0 inactive m=1]
2014-06-09 16:22:11.364113 7f868a757700 10 osd.26 pg_epoch: 243 pg[3.750( v 214'518 (0'0,214'518] local-les=243 n=98 ec=118 les/c 212/213 242/242/242) [26,8] r=0 lpr=242 pi=211-241/2 crt=0'0 lcod 0'0 mlcod 0'0 inactive] can_handle_while_inactive: 0x29f5be00
2014-06-09 16:22:11.364122 7f868a757700 10 osd.26 243 dequeue_op 0x29f5be00 finish
2014-06-09 16:22:11.364126 7f868a757700 15 OSD::op_tp worker wq OSD::OpWQ done processing 0x1 (17 active)
2014-06-09 16:22:11.364115 7f868af58700 10 osd.26 243 dequeue_op 0x21966400 prio 63 cost 516096 latency 0.800986 osd_op(client.4577.0:36990 rbd_data.11816b8b4567.00000000000018ee [set-alloc-hint object_size 4194304 write_size 4194304,write 2924544~516096] 3.f0e71aa RETRY=3 ack+ondisk+retry+write e242) v4 pg pg[3.1aa( v 214'499 (0'0,214'499] local-les=191 n=98 ec=118 les/c 191/191 242/242/242) [26,1] r=0 lpr=242 pi=190-241/4 crt=0'0 lcod 0'0 mlcod 0'0 peering]
2014-06-09 16:22:11.364125 7f8690763700 5 -- op tracker -- , seq: 305, time:
2014-06-09 16:22:11.364121, event: reached_pg, op: osd_op(client.4575.0:32282 rbd_data.117f6b8b4567.0000000000001535 [set-alloc-hint object_size 4194304 write_size 4194304,write 0~294912] 3.c490ea1b RETRY=3 ack+ondisk+retry+write e242)
2014-06-09 16:22:11.364132 7f868a757700 12 OSD::op_tp worker wq OSD::OpWQ start processing 0x1 (18 active)
2014-06-09 16:22:11.364139 7f868b759700 10 log is not dirty
2014-06-09 16:22:11.364132 7f8690763700 20 osd.26 pg_epoch: 243 pg[3.21b( v 214'612 lc 214'611 (0'0,214'612] local-les=243 n=123 ec=118 les/c 210/210 242/242/242) [26,7] r=0 lpr=242 pi=209-241/2 crt=214'612 lcod 0'0 mlcod 0'0 inactive m=1] op_has_sufficient_caps pool=3 (ceph ) owner=0 need_read_cap=0 need_write_cap=1 need_class_read_cap=0 need_class_write_cap=0 -> yes
2014-06-09 16:22:11.364144 7f868b759700 5 queue_transactions existing osr(1.604 0x384dc50)/0x384dc50
2014-06-09 16:22:11.364147 7f868b759700 10 op_submit_start 3098
2014-06-09 16:22:11.364148 7f868b759700 5 queue_transactions (trailing journal) 3098
2014-06-09 16:22:11.364149 7f868b759700 5 queue_op 0x308cac00 seq 3098 osr(1.604 0x384dc50) 1883 bytes (queue has 8 ops and 14684 bytes)
2014-06-09 16:22:11.364152 7f868b759700 10 op_submit_finish 3098
2014-06-09 16:22:11.364146 7f8690763700 10 osd.26 pg_epoch: 243 pg[3.21b( v 214'612 lc 214'611 (0'0,214'612] local-les=243 n=123 ec=118 les/c 210/210 242/242/242) [26,7] r=0 lpr=242 pi=209-241/2 crt=214'612 lcod 0'0 mlcod 0'0 inactive m=1] can_handle_while_inactive: 0x19fe1b00
2014-06-09 16:22:11.364156 7f868b759700 15 OSD::op_tp worker wq OSD::PeeringWQ done processing 0xb7f02f0 (17 active)
2014-06-09 16:22:11.364157 7f8690763700 10 osd.26 243 dequeue_op 0x19fe1b00 finish
2014-06-09 16:22:11.364033 7f8691f66700 10 osd.26 pg_epoch: 243 pg[3.1f4( v 213'599 (0'0,213'599] local-les=243 n=118 ec=118 les/c 208/208 242/242/242) [26,6] r=0 lpr=242 pi=207-241/2 crt=0'0 lcod 0'0 mlcod 0'0 inactive] can_handle_while_inactive: 0x21967600
2014-06-09 16:22:11.364161 7f8691f66700 10 osd.26 243 dequeue_op 0x21967600 finish
2014-06-09 16:22:11.355168 7f868cf5c700 20 ? 214'570 (214'568) modify 87496894/rbd_data.117f6b8b4567.000000000000151c/head//3 by client.4575.0:32102
2014-06-09 10:18:55.580206
2014-06-09 16:22:11.364166 7f868cf5c700 20 ? 214'569 (214'567) modify 87738094/rbd_data.11696b8b4567.0000000000001690/head//3 by client.4553.0:33703
2014-06-09 10:19:09.923751
2014-06-09 16:22:11.364175 7f868cf5c700 20 ? 214'568 (214'566) modify 87496894/rbd_data.117f6b8b4567.000000000000151c/head//3 by client.4575.0:32101
2014-06-09 10:18:55.569039
2014-06-09 16:22:11.364165 7f868a757700 10 osd.26 243 dequeue_op 0x1b0b6100 prio 63 cost 679936 latency 0.874655 osd_op(client.4572.0:30512 rbd_data.117c6b8b4567.0000000000001463 [set-alloc-hint object_size 4194304 write_size 4194304,write 0~679936] 3.1045021b RETRY=3 ack+ondisk+retry+write e242) v4 pg pg[3.21b( v 214'612 lc 214'611 (0'0,214'612] local-les=243 n=123 ec=118 les/c 210/210 242/242/242) [26,7] r=0 lpr=242 pi=209-241/2 crt=214'612 lcod 0'0 mlcod 0'0 inactive m=1]
2014-06-09 16:22:11.364181 7f868cf5c700 20 merge_log 214'568 (214'566) modify 87496894/rbd_data.117f6b8b4567.000000000000151c/head//3 by client.4575.0:32101
2014-06-09 10:18:55.569039
2014-06-09 16:22:11.364161 7f868b759700 12 OSD::op_tp worker wq OSD::OpWQ start processing 0x1 (18 active)
2014-06-09 16:22:11.364191 7f868cf5c700 20 merge_log 214'569 (214'567) modify 87738094/rbd_data.11696b8b4567.0000000000001690/head//3 by client.4553.0:33703
2014-06-09 10:19:09.923751
2014-06-09 16:22:11.364191 7f868b759700 10 osd.26 243 dequeue_op 0x4679f00 prio 63 cost 131072 latency 0.536482 osd_op(client.4573.0:34240 rbd_data.117d6b8b4567.00000000000016db [set-alloc-hint object_size 4194304 write_size 4194304,write 4063232~131072] 3.e3f48f50 RETRY=3 ack+ondisk+retry+write e242) v4 pg pg[3.750( v 214'518 (0'0,214'518] local-les=243 n=98 ec=118 les/c 212/213 242/242/242) [26,8] r=0 lpr=242 pi=211-241/2 crt=0'0 lcod 0'0 mlcod 0'0 inactive]
2014-06-09 16:22:11.364201 7f868cf5c700 20 merge_log 214'570 (214'568) modify 87496894/rbd_data.117f6b8b4567.000000000000151c/head//3 by client.4575.0:32102
2014-06-09 10:18:55.580206
2014-06-09 16:22:11.364213 7f868ff62700 12 OSD::op_tp worker wq OSD::OpWQ start processing 0x1 (19 active)
2014-06-09 16:22:11.364210 7f868cf5c700 20 merge_log 214'571 (214'570) modify 87496894/rbd_data.117f6b8b4567.000000000000151c/head//3 by client.4575.0:32103
2014-06-09 10:18:55.620813
2014-06-09 16:22:11.364169 7f868af58700 5 -- op tracker -- , seq: 518, time:
2014-06-09 16:22:11.364131, event: reached_pg, op: osd_op(client.4577.0:36990 rbd_data.11816b8b4567.00000000000018ee [set-alloc-hint object_size 4194304 write_size 4194304,write 2924544~516096] 3.f0e71aa RETRY=3 ack+ondisk+retry+write e242)
2014-06-09 16:22:11.364225 7f869af78700 5 -- op tracker -- , seq: 1535, time:
2014-06-09 16:22:11.032732, event: header_read, op: pg_notify(3.319(10),2.5e(23) epoch 243)
2014-06-09 16:22:11.364220 7f868af58700 20 osd.26 pg_epoch: 243 pg[3.1aa( v 214'499 (0'0,214'499] local-les=191 n=98 ec=118 les/c 191/191 242/242/242) [26,1] r=0 lpr=242 pi=190-241/4 crt=0'0 lcod 0'0 mlcod 0'0 peering] op_has_sufficient_caps pool=3 (ceph ) owner=0 need_read_cap=0 need_write_cap=1 need_class_read_cap=0 need_class_write_cap=0 -> yes
2014-06-09 16:22:11.364234 7f869af78700 5 -- op tracker -- , seq: 1535, time:
2014-06-09 16:22:11.032732, event: throttled, op: pg_notify(3.319(10),2.5e(23) epoch 243)
2014-06-09 16:22:11.364233 7f868af58700 10 osd.26 pg_epoch: 243 pg[3.1aa( v 214'499 (0'0,214'499] local-les=191 n=98 ec=118 les/c 191/191 242/242/242) [26,1] r=0 lpr=242 pi=190-241/4 crt=0'0 lcod 0'0 mlcod 0'0 peering] can_handle_while_inactive: 0x21966400
2014-06-09 16:22:11.364241 7f868af58700 10 osd.26 243 dequeue_op 0x21966400 finish
2014-06-09 16:22:11.364244 7f868af58700 15 OSD::op_tp worker wq OSD::OpWQ done processing 0x1 (18 active)
2014-06-09 16:22:11.364241 7f869af78700 5 -- op tracker -- , seq: 1535, time:
2014-06-09 16:22:11.032775, event: all_read, op: pg_notify(3.319(10),2.5e(23) epoch 243)
2014-06-09 16:22:11.364248 7f868af58700 12 OSD::op_tp worker wq OSD::OpWQ start processing 0x1 (19 active)
2014-06-09 16:22:11.364248 7f869af78700 5 -- op tracker -- , seq: 1535, time:
2014-06-09 16:22:11.363930, event: dispatched, op: pg_notify(3.319(10),2.5e(23) epoch 243)
2014-06-09 16:22:11.364256 7f869af78700 5 -- op tracker -- , seq: 1535, time:
2014-06-09 16:22:11.364253, event: waiting_for_osdmap, op: pg_notify(3.319(10),2.5e(23) epoch 243)
2014-06-09 16:22:11.364261 7f869af78700 7 osd.26 243 handle_pg_notify from osd.5
2014-06-09 16:22:11.364252 7f868af58700 10 osd.26 243 dequeue_op 0x21966300 prio 63 cost 753664 latency 0.796365 osd_op(client.4577.0:36991 rbd_data.11816b8b4567.00000000000018ee [set-alloc-hint object_size 4194304 write_size 4194304,write 3440640~753664] 3.f0e71aa RETRY=3 ack+ondisk+retry+write e242) v4 pg pg[3.1aa( v 214'499 (0'0,214'499] local-les=191 n=98 ec=118 les/c 191/191 242/242/242) [26,1] r=0 lpr=242 pi=190-241/4 crt=0'0 lcod 0'0 mlcod 0'0 peering]
2014-06-09 16:22:11.364263 7f869af78700 15 osd.26 243 require_same_or_newer_map 243 (i am 243) 0x1a039dc0
2014-06-09 16:22:11.364270 7f868af58700 5 -- op tracker -- , seq: 526, time:
2014-06-09 16:22:11.364266, event: reached_pg, op: osd_op(client.4577.0:36991 rbd_data.11816b8b4567.00000000000018ee [set-alloc-hint object_size 4194304 write_size 4194304,write 3440640~753664] 3.f0e71aa RETRY=3 ack+ondisk+retry+write e242)
2014-06-09 16:22:11.364277 7f8692767700 12 OSD::op_tp worker wq OSD::OpWQ start processing 0x1 (20 active)
2014-06-09 16:22:11.364285 7f8691765700 15 OSD::op_tp worker wq OSD::OpWQ done processing 0x1 (19 active)
2014-06-09 16:22:11.364278 7f868af58700 20 osd.26 pg_epoch: 243 pg[3.1aa( v 214'499 (0'0,214'499] local-les=191 n=98 ec=118 les/c 191/191 242/242/242) [26,1] r=0 lpr=242 pi=190-241/4 crt=0'0 lcod 0'0 mlcod 0'0 peering] op_has_sufficient_caps pool=3 (ceph ) owner=0 need_read_cap=0 need_write_cap=1 need_class_read_cap=0 need_class_write_cap=0 -> yes
2014-06-09 16:22:11.364289 7f8691765700 12 OSD::op_tp worker wq OSD::OpWQ start processing 0x1 (20 active)
2014-06-09 16:22:11.364289 7f868af58700 10 osd.26 pg_epoch: 243 pg[3.1aa( v 214'499 (0'0,214'499] local-les=191 n=98 ec=118 les/c 191/191 242/242/242) [26,1] r=0 lpr=242 pi=190-241/4 crt=0'0 lcod 0'0 mlcod 0'0 peering] can_handle_while_inactive: 0x21966300
2014-06-09 16:22:11.364297 7f8689f56700 15 OSD::op_tp worker wq OSD::OpWQ done processing 0x1 (19 active)
2014-06-09 16:22:11.364298 7f868af58700 10 osd.26 243 dequeue_op 0x21966300 finish
2014-06-09 16:22:11.364305 7f8689f56700 12 OSD::op_tp worker wq OSD::OpWQ start processing 0x1 (20 active)
2014-06-09 16:22:11.364313 7f868af58700 15 OSD::op_tp worker wq OSD::OpWQ done processing 0x1 (19 active)
2014-06-09 16:22:11.364318 7f868af58700 12 OSD::op_tp worker wq OSD::OpWQ start processing 0x1 (20 active)
2014-06-09 16:22:11.364328 7f868b759700 5 -- op tracker -- , seq: 817, time:
2014-06-09 16:22:11.364207, event: reached_pg, op: osd_op(client.4573.0:34240 rbd_data.117d6b8b4567.00000000000016db [set-alloc-hint object_size 4194304 write_size 4194304,write 4063232~131072] 3.e3f48f50 RETRY=3 ack+ondisk+retry+write e242)
2014-06-09 16:22:11.364337 7f868b759700 20 osd.26 pg_epoch: 243 pg[3.750( v 214'518 (0'0,214'518] local-les=243 n=98 ec=118 les/c 212/213 242/242/242) [26,8] r=0 lpr=242 pi=211-241/2 crt=0'0 lcod 0'0 mlcod 0'0 inactive] op_has_sufficient_caps pool=3 (ceph ) owner=0 need_read_cap=0 need_write_cap=1 need_class_read_cap=0 need_class_write_cap=0 -> yes
2014-06-09 16:22:11.364350 7f868b759700 10 osd.26 pg_epoch: 243 pg[3.750( v 214'518 (0'0,214'518] local-les=243 n=98 ec=118 les/c 212/213 242/242/242) [26,8] r=0 lpr=242 pi=211-241/2 crt=0'0 lcod 0'0 mlcod 0'0 inactive] can_handle_while_inactive: 0x4679f00
2014-06-09 16:22:11.364359 7f868b759700 10 osd.26 243 dequeue_op 0x4679f00 finish
2014-06-09 16:22:11.364366 7f868af58700 10 osd.26 243 dequeue_op 0x22009b00 prio 63 cost 1548288 latency 0.587330 osd_op(client.4577.0:37200 rbd_data.11816b8b4567.000000000000191d [set-alloc-hint object_size 4194304 write_size 4194304,write 614400~1548288] 3.4a78ff50 RETRY=3 ack+ondisk+retry+write e242) v4 pg pg[3.750( v 214'518 (0'0,214'518] local-les=243 n=98 ec=118 les/c 212/213 242/242/242) [26,8] r=0 lpr=242 pi=211-241/2 crt=0'0 lcod 0'0 mlcod 0'0 inactive]
2014-06-09 16:22:11.364371 7f868ef60700 10 osd.26 pg_epoch: 243 pg[3.450( v 213'620 (0'0,213'620] local-les=213 n=120 ec=118 les/c 213/213 242/242/212) [9,26] r=1 lpr=242 pi=118-241/10 crt=0'0 lcod 0'0 inactive NOTIFY] sending log((0'0,213'620], crt=0'0) missing(0)
2014-06-09 16:22:11.364384 7f868ef60700 20 osd.26 243 share_map_peer 0xbeb8f20 already has epoch 243
2014-06-09 16:22:11.364387 7f868af58700 5 -- op tracker -- , seq: 714, time:
2014-06-09 16:22:11.364382, event: reached_pg, op: osd_op(client.4577.0:37200 rbd_data.11816b8b4567.000000000000191d [set-alloc-hint object_size 4194304 write_size 4194304,write 614400~1548288] 3.4a78ff50 RETRY=3 ack+ondisk+retry+write e242)
2014-06-09 16:22:11.364400 7f868ef60700 10 log is not dirty
2014-06-09 16:22:11.364394 7f868af58700 20 osd.26 pg_epoch: 243 pg[3.750( v 214'518 (0'0,214'518] local-les=243 n=98 ec=118 les/c 212/213 242/242/242) [26,8] r=0 lpr=242 pi=211-241/2 crt=0'0 lcod 0'0 mlcod 0'0 inactive] op_has_sufficient_caps pool=3 (ceph ) owner=0 need_read_cap=0 need_write_cap=1 need_class_read_cap=0 need_class_write_cap=0 -> yes
2014-06-09 16:22:11.364404 7f868ef60700 10 osd.26 pg_epoch: 243 pg[0.4da( empty local-les=212 n=0 ec=1 les/c 212/212 242/242/211) [8,26] r=1 lpr=242 pi=70-241/16 crt=0'0 inactive NOTIFY] handle_peering_event: epoch_sent: 243 epoch_requested: 243 MLogRec from 8
2014-06-09 16:22:11.364406 7f868af58700 10 osd.26 pg_epoch: 243 pg[3.750( v 214'518 (0'0,214'518] local-les=243 n=98 ec=118 les/c 212/213 242/242/242) [26,8] r=0 lpr=242 pi=211-241/2 crt=0'0 lcod 0'0 mlcod 0'0 inactive] can_handle_while_inactive: 0x22009b00
2014-06-09 16:22:11.364415 7f868af58700 10 osd.26 243 dequeue_op 0x22009b00 finish
2014-06-09 16:22:11.364419 7f868af58700 15 OSD::op_tp worker wq OSD::OpWQ done processing 0x1 (19 active)
2014-06-09 16:22:11.364421 7f868cf5c700 10 merge_log result log((0'0,214'571], crt=214'571) missing(2) changed=1
2014-06-09 16:22:11.364424 7f868af58700 12 OSD::op_tp worker wq OSD::OpWQ start processing 0x1 (20 active)
2014-06-09 16:22:11.364414 7f868ef60700 10 osd.26 pg_epoch: 243 pg[0.4da( empty local-les=212 n=0 ec=1 les/c 212/212 242/242/211) [8,26] r=1 lpr=242 pi=70-241/16 crt=0'0 inactive NOTIFY] state: got info+log from osd.8 0.4da( empty local-les=243 n=0 ec=1 les/c 212/212 242/242/211) log((0'0,0'0], crt=0'0)
2014-06-09 16:22:11.364428 7f868ef60700 10 merge_log log((0'0,0'0], crt=0'0) from osd.8 into log((0'0,0'0], crt=0'0)
2014-06-09 16:22:11.364431 7f868ef60700 10 merge_log result log((0'0,0'0], crt=0'0) missing(0) changed=0
2014-06-09 16:22:11.364431 7f869af78700 5 -- op tracker -- , seq: 1535, time:
2014-06-09 16:22:11.364267, event: started, op: pg_notify(3.319(10),2.5e(23) epoch 243)
2014-06-09 16:22:11.364426 7f868cf5c700 10 osd.26 pg_epoch: 243 pg[3.94( v 214'571 lc 214'567 (0'0,214'571] local-les=213 n=112 ec=118 les/c 213/213 242/242/242) [26,9] r=0 lpr=242 pi=212-241/2 crt=214'571 lcod 0'0 mlcod 0'0 peering m=2] peer osd.9 now 3.94( v 214'571 (0'0,214'571] local-les=213 n=112 ec=118 les/c 213/213 242/242/242) missing(0)
2014-06-09 16:22:11.364434 7f868ef60700 5 osd.26 pg_epoch: 243 pg[0.4da( empty local-les=212 n=0 ec=1 les/c 212/212 242/242/211) [8,26] r=1 lpr=242 pi=70-241/16 crt=0'0 inactive NOTIFY] exit Started/Stray 1.207166 7 0.000202
2014-06-09 16:22:11.364443 7f868ef60700 5 osd.26 pg_epoch: 243 pg[0.4da( empty local-les=212 n=0 ec=1 les/c 212/212 242/242/211) [8,26] r=1 lpr=242 pi=70-241/16 crt=0'0 inactive NOTIFY] enter Started/ReplicaActive
2014-06-09 16:22:11.364446 7f868cf5c700 5 osd.26 pg_epoch: 243 pg[3.94( v 214'571 lc 214'567 (0'0,214'571] local-les=213 n=112 ec=118 les/c 213/213 242/242/242) [26,9] r=0 lpr=242 pi=212-241/2 crt=214'571 lcod 0'0 mlcod 0'0 peering m=2] exit Started/Primary/Peering/GetLog 0.467211 5 0.000232
2014-06-09 16:22:11.364452 7f868ef60700 5 osd.26 pg_epoch: 243 pg[0.4da( empty local-les=212 n=0 ec=1 les/c 212/212 242/242/211) [8,26] r=1 lpr=242 pi=70-241/16 crt=0'0 inactive NOTIFY] enter Started/ReplicaActive/RepNotRecovering
2014-06-09 16:22:11.364460 7f869af78700 5 -- op tracker -- , seq: 1535, time:
2014-06-09 16:22:11.364458, event: done, op: pg_notify(3.319(10),2.5e(23) epoch 243)
2014-06-09 16:22:11.364461 7f868ef60700 10 osd.26 pg_epoch: 243 pg[0.4da( empty local-les=212 n=0 ec=1 les/c 212/212 242/242/211) [8,26] r=1 lpr=242 pi=70-241/16 crt=0'0 inactive NOTIFY] state: In ReplicaActive, about to call activate
2014-06-09 16:22:11.364459 7f868cf5c700 5 osd.26 pg_epoch: 243 pg[3.94( v 214'571 lc 214'567 (0'0,214'571] local-les=213 n=112 ec=118 les/c 213/213 242/242/242) [26,9] r=0 lpr=242 pi=212-241/2 crt=214'571 lcod 0'0 mlcod 0'0 peering m=2] enter Started/Primary/Peering/GetMissing
2014-06-09 16:22:11.364469 7f869af78700 10 osd.26 243 do_waiters -- start
2014-06-09 16:22:11.364471 7f869af78700 10 osd.26 243 do_waiters -- finish
2014-06-09 16:22:11.364469 7f868ef60700 10 osd.26 pg_epoch: 243 pg[0.4da( empty local-les=243 n=0 ec=1 les/c 212/212 242/242/211) [8,26] r=1 lpr=242 pi=70-241/16 crt=0'0 inactive] activate - no missing, moving last_complete 0'0 -> 0'0
2014-06-09 16:22:11.364469 7f868cf5c700 10 osd.26 pg_epoch: 243 pg[3.94( v 214'571 lc 214'567 (0'0,214'571] local-les=213 n=112 ec=118 les/c 213/213 242/242/242) [26,9] r=0 lpr=242 pi=212-241/2 crt=214'571 lcod 0'0 mlcod 0'0 peering m=2] state: osd.9 has no missing, identical log
2014-06-09 16:22:11.364476 7f868ef60700 10 osd.26 pg_epoch: 243 pg[0.4da( empty local-les=243 n=0 ec=1 les/c 212/212 242/242/211) [8,26] r=1 lpr=242 pi=70-241/16 crt=0'0 inactive] state: Activate Finished
2014-06-09 16:22:11.364482 7f868cf5c700 5 osd.26 pg_epoch: 243 pg[3.94( v 214'571 lc 214'567 (0'0,214'571] local-les=213 n=112 ec=118 les/c 213/213 242/242/242) [26,9] r=0 lpr=242 pi=212-241/2 crt=214'571 lcod 0'0 mlcod 0'0 peering m=2] exit Started/Primary/Peering/GetMissing 0.000023 0 0.000000
2014-06-09 16:22:11.364498 7f869af78700 10 osd.26 243 do_waiters -- start
2014-06-09 16:22:11.364499 7f869af78700 10 osd.26 243 do_waiters -- finish
2014-06-09 16:22:11.364493 7f868cf5c700 10 osd.26 pg_epoch: 243 pg[3.94( v 214'571 lc 214'567 (0'0,214'571] local-les=213 n=112 ec=118 les/c 213/213 242/242/242) [26,9] r=0 lpr=242 pi=212-241/2 crt=214'571 lcod 0'0 mlcod 0'0 peering m=2] state: Leaving Peering
2014-06-09 16:22:11.364501 7f869af78700 20 osd.26 243 _dispatch 0x1c039180 pg_notify(1.591(26) epoch 242) v5
2014-06-09 16:22:11.364506 7f869af78700 5 -- op tracker -- , seq: 1536, time:
2014-06-09 16:22:10.837590, event: header_read, op: pg_notify(1.591(26) epoch 242)
