2014-06-09 16:22:11.352850 7f86a5610700 10 _do_transaction on 0xc0d0600
2014-06-09 16:22:11.352847 7f868af58700 5 -- op tracker -- , seq: 472, time:
2014-06-09 16:22:11.352843, event: reached_pg, op: osd_op(client.4577.0:36986 rbd_data.11816b8b4567.00000000000018ee [set-alloc-hint object_size 4194304 write_size 4194304,write 0~860160] 3.f0e71aa RETRY=3 ack+ondisk+retry+write e242)
2014-06-09 16:22:11.352847 7f8691f66700 10 osd.26 pg_epoch: 243 pg[3.1c7( v 214'650 (0'0,214'650] local-les=191 n=132 ec=118 les/c 191/191 242/242/242) [26,2] r=0 lpr=242 pi=190-241/4 crt=0'0 lcod 0'0 mlcod 0'0 peering] can_handle_while_inactive: 0x2c06bb00
2014-06-09 16:22:11.352855 7f86a5610700 15 _omap_setkeys meta/16ef7597/infos/head//-1
2014-06-09 16:22:11.352856 7f8691f66700 10 osd.26 243 dequeue_op 0x2c06bb00 finish
2014-06-09 16:22:11.352859 7f8691f66700 15 OSD::op_tp worker wq OSD::OpWQ done processing 0x1 (14 active)
2014-06-09 16:22:11.352862 7f8691f66700 12 OSD::op_tp worker wq OSD::PeeringWQ start processing 0xb7f0220 (15 active)
2014-06-09 16:22:11.352853 7f868af58700 20 osd.26 pg_epoch: 243 pg[3.1aa( v 214'499 (0'0,214'499] local-les=191 n=98 ec=118 les/c 191/191 242/242/242) [26,1] r=0 lpr=242 pi=190-241/4 crt=0'0 lcod 0'0 mlcod 0'0 peering] op_has_sufficient_caps pool=3 (ceph ) owner=0 need_read_cap=0 need_write_cap=1 need_class_read_cap=0 need_class_write_cap=0 -> yes
2014-06-09 16:22:11.352865 7f868af58700 10 osd.26 pg_epoch: 243 pg[3.1aa( v 214'499 (0'0,214'499] local-les=191 n=98 ec=118 les/c 191/191 242/242/242) [26,1] r=0 lpr=242 pi=190-241/4 crt=0'0 lcod 0'0 mlcod 0'0 peering] can_handle_while_inactive: 0x1c66be00
2014-06-09 16:22:11.352865 7f8691f66700 10 osd.26 pg_epoch: 243 pg[0.2c2( empty local-les=243 n=0 ec=1 les/c 191/191 242/242/242) [26,2] r=0 lpr=242 pi=190-241/4 crt=0'0 mlcod 0'0 inactive] handle_peering_event: epoch_sent: 242 epoch_requested: 242 MNotifyRec from 2 notify: (query_epoch:242, epoch_sent:242, info:0.2c2( empty local-les=191 n=0 ec=1 les/c 191/191 242/242/242))
2014-06-09 16:22:11.352874 7f868af58700 10 osd.26 243 dequeue_op 0x1c66be00 finish
2014-06-09 16:22:11.352878 7f868af58700 15 OSD::op_tp worker wq OSD::OpWQ done processing 0x1 (14 active)
2014-06-09 16:22:11.352876 7f8691f66700 10 osd.26 pg_epoch: 243 pg[0.2c2( empty local-les=243 n=0 ec=1 les/c 191/191 242/242/242) [26,2] r=0 lpr=242 pi=190-241/4 crt=0'0 mlcod 0'0 inactive] state: Active: got notify from 2, already have info from that osd, ignoring
2014-06-09 16:22:11.352883 7f868af58700 12 OSD::op_tp worker wq OSD::OpWQ start processing 0x1 (15 active)
2014-06-09 16:22:11.352886 7f8691f66700 10 log is not dirty
2014-06-09 16:22:11.352885 7f86a5610700 10 lookup_strip_header done cid meta oid 16ef7597/infos/head//-1
2014-06-09 16:22:11.352890 7f8691f66700 10 osd.26 pg_epoch: 243 pg[3.582( v 214'602 (0'0,214'602] local-les=191 n=119 ec=118 les/c 191/191 242/242/242) [26,2] r=0 lpr=242 pi=190-241/4 crt=0'0 lcod 0'0 mlcod 0'0 peering] handle_peering_event: epoch_sent: 242 epoch_requested: 242 MNotifyRec from 2 notify: (query_epoch:242, epoch_sent:242, info:3.582( v 213'598 (0'0,213'598] local-les=191 n=118 ec=118 les/c 191/191 242/242/242))
2014-06-09 16:22:11.352887 7f868af58700 10 osd.26 243 dequeue_op 0x270be100 prio 63 cost 1548288 latency 0.532798 osd_op(client.4573.0:34236 rbd_data.117d6b8b4567.00000000000016db [set-alloc-hint object_size 4194304 write_size 4194304,write 966656~1548288] 3.e3f48f50 RETRY=3 ack+ondisk+retry+write e242) v4 pg pg[3.750( v 214'518 (0'0,214'518] local-les=243 n=98 ec=118 les/c 212/213 242/242/242) [26,8] r=0 lpr=242 pi=211-241/2 crt=0'0 lcod 0'0 mlcod 0'0 inactive]
2014-06-09 16:22:11.352900 7f86a5610700 10 cid: oid: 16ef7597/infos/head//-1 skipping op, spos 3081.0.0 <= header.spos 150443.0.0
2014-06-09 16:22:11.352903 7f86a5610700 5 submit_transaction r = 0
2014-06-09 16:22:11.352907 7f868af58700 5 -- op tracker -- , seq: 795, time:
2014-06-09 16:22:11.352903, event: reached_pg, op: osd_op(client.4573.0:34236 rbd_data.117d6b8b4567.00000000000016db [set-alloc-hint object_size 4194304 write_size 4194304,write 966656~1548288] 3.e3f48f50 RETRY=3 ack+ondisk+retry+write e242)
2014-06-09 16:22:11.352904 7f8691f66700 7 osd.26 pg_epoch: 243 pg[3.582( v 214'602 (0'0,214'602] local-les=191 n=119 ec=118 les/c 191/191 242/242/242) [26,2] r=0 lpr=242 pi=190-241/4 crt=0'0 lcod 0'0 mlcod 0'0 peering] state: handle_pg_notify from osd.2
2014-06-09 16:22:11.352914 7f868af58700 20 osd.26 pg_epoch: 243 pg[3.750( v 214'518 (0'0,214'518] local-les=243 n=98 ec=118 les/c 212/213 242/242/242) [26,8] r=0 lpr=242 pi=211-241/2 crt=0'0 lcod 0'0 mlcod 0'0 inactive] op_has_sufficient_caps pool=3 (ceph ) owner=0 need_read_cap=0 need_write_cap=1 need_class_read_cap=0 need_class_write_cap=0 -> yes
2014-06-09 16:22:11.352926 7f86a5610700 10 _do_op 0x309a26c0 seq 3081 r = 0, finisher 0xbdbb960 0
2014-06-09 16:22:11.352929 7f86a5610700 10 _finish_op 0x309a26c0 seq 3081 osr(2.364 0x2ed11b0)/0x2ed11b0
2014-06-09 16:22:11.352914 7f8691f66700 10 osd.26 pg_epoch: 243 pg[3.582( v 214'602 (0'0,214'602] local-les=191 n=119 ec=118 les/c 191/191 242/242/242) [26,2] r=0 lpr=242 pi=190-241/4 crt=0'0 lcod 0'0 mlcod 0'0 peering] state: pg[3.582( v 214'602 (0'0,214'602] local-les=191 n=119 ec=118 les/c 191/191 242/242/242) [26,2] r=0 lpr=242 pi=190-241/4 crt=0'0 lcod 0'0 mlcod 0'0 peering] got dup osd.2 info 3.582( v 213'598 (0'0,213'598] local-les=191 n=118 ec=118 les/c 191/191 242/242/242), identical to ours
2014-06-09 16:22:11.352931 7f86a5610700 15 KeyValueStore::op_tp worker wq KeyValueStore::OpWQ done processing 0xc62eb40 (1 active)
2014-06-09 16:22:11.352932 7f8691f66700 10 log is not dirty
2014-06-09 16:22:11.352925 7f868af58700 10 osd.26 pg_epoch: 243 pg[3.750( v 214'518 (0'0,214'518] local-les=243 n=98 ec=118 les/c 212/213 242/242/242) [26,8] r=0 lpr=242 pi=211-241/2 crt=0'0 lcod 0'0 mlcod 0'0 inactive] can_handle_while_inactive: 0x270be100
2014-06-09 16:22:11.352933 7f86a5610700 12 KeyValueStore::op_tp worker wq KeyValueStore::OpWQ start processing 0xc339320 (2 active)
2014-06-09 16:22:11.352934 7f868af58700 10 osd.26 243 dequeue_op 0x270be100 finish
2014-06-09 16:22:11.352935 7f86a5610700 5 _do_op 0x11fcfc80 seq 3082 osr(3.3b4 0x3ed1300)/0x3ed1300 start
2014-06-09 16:22:11.352938 7f86a5610700 10 _do_transaction on 0x2fb7e00
2014-06-09 16:22:11.352937 7f868af58700 15 OSD::op_tp worker wq OSD::OpWQ done processing 0x1 (14 active)
2014-06-09 16:22:11.352943 7f868af58700 12 OSD::op_tp worker wq OSD::OpWQ start processing 0x1 (15 active)
2014-06-09 16:22:11.352943 7f86a5610700 15 _omap_setkeys meta/16ef7597/infos/head//-1
2014-06-09 16:22:11.352936 7f8691f66700 10 osd.26 pg_epoch: 243 pg[3.573( v 213'607 (0'0,213'607] local-les=243 n=120 ec=118 les/c 203/203 242/242/242) [26,4] r=0 lpr=242 pi=202-241/2 crt=0'0 lcod 0'0 mlcod 0'0 inactive] handle_peering_event: epoch_sent: 242 epoch_requested: 242 MNotifyRec from 4 notify: (query_epoch:242, epoch_sent:242, info:3.573( v 213'607 (0'0,213'607] local-les=203 n=120 ec=118 les/c 203/203 242/242/242))
2014-06-09 16:22:11.352948 7f8691f66700 10 osd.26 pg_epoch: 243 pg[3.573( v 213'607 (0'0,213'607] local-les=243 n=120 ec=118 les/c 203/203 242/242/242) [26,4] r=0 lpr=242 pi=202-241/2 crt=0'0 lcod 0'0 mlcod 0'0 inactive] state: Active: got notify from 4, already have info from that osd, ignoring
2014-06-09 16:22:11.352946 7f868af58700 10 osd.26 243 dequeue_op 0x14053100 prio 63 cost 1032192 latency 1.115239 osd_op(client.4574.0:31684 rbd_data.117e6b8b4567.00000000000014b9 [set-alloc-hint object_size 4194304 write_size 4194304,write 3096576~1032192] 3.3046a4d1 RETRY=3 ack+ondisk+retry+write e242) v4 pg pg[3.4d1( v 213'606 (0'0,213'606] local-les=243 n=120 ec=118 les/c 201/201 242/242/242) [26,3] r=0 lpr=242 pi=200-241/2 crt=0'0 lcod 0'0 mlcod 0'0 inactive]
2014-06-09 16:22:11.352960 7f8691f66700 10 log is not dirty
2014-06-09 16:22:11.352966 7f8691f66700 15 OSD::op_tp worker wq OSD::PeeringWQ done processing 0xb7f0220 (14 active)
2014-06-09 16:22:11.352965 7f868af58700 5 -- op tracker -- , seq: 183, time:
2014-06-09 16:22:11.352960, event: reached_pg, op: osd_op(client.4574.0:31684 rbd_data.117e6b8b4567.00000000000014b9 [set-alloc-hint object_size 4194304 write_size 4194304,write 3096576~1032192] 3.3046a4d1 RETRY=3 ack+ondisk+retry+write e242)
2014-06-09 16:22:11.352972 7f8691f66700 12 OSD::op_tp worker wq OSD::OpWQ start processing 0x1 (15 active)
2014-06-09 16:22:11.352973 7f86a5610700 10 lookup_strip_header done cid meta oid 16ef7597/infos/head//-1
2014-06-09 16:22:11.352971 7f868af58700 20 osd.26 pg_epoch: 243 pg[3.4d1( v 213'606 (0'0,213'606] local-les=243 n=120 ec=118 les/c 201/201 242/242/242) [26,3] r=0 lpr=242 pi=200-241/2 crt=0'0 lcod 0'0 mlcod 0'0 inactive] op_has_sufficient_caps pool=3 (ceph ) owner=0 need_read_cap=0 need_write_cap=1 need_class_read_cap=0 need_class_write_cap=0 -> yes
2014-06-09 16:22:11.352976 7f8691f66700 10 osd.26 243 dequeue_op 0x1804c200 prio 63 cost 1032192 latency 1.037686 osd_op(client.4575.0:32139 rbd_data.117f6b8b4567.0000000000001523 [set-alloc-hint object_size 4194304 write_size 4194304,write 958464~1032192] 3.284fd1aa RETRY=3 ack+ondisk+retry+write e242) v4 pg pg[3.1aa( v 214'499 (0'0,214'499] local-les=191 n=98 ec=118 les/c 191/191 242/242/242) [26,1] r=0 lpr=242 pi=190-241/4 crt=0'0 lcod 0'0 mlcod 0'0 peering]
2014-06-09 16:22:11.352988 7f86a5610700 15 _omap_rmkeyrange meta/1fe09d15/pglog_3.3b4/0//-1 [0000000214.00000000000000000673,4294967295.18446744073709551615]
2014-06-09 16:22:11.352982 7f868af58700 10 osd.26 pg_epoch: 243 pg[3.4d1( v 213'606 (0'0,213'606] local-les=243 n=120 ec=118 les/c 201/201 242/242/242) [26,3] r=0 lpr=242 pi=200-241/2 crt=0'0 lcod 0'0 mlcod 0'0 inactive] can_handle_while_inactive: 0x14053100
2014-06-09 16:22:11.352991 7f86a5610700 15 get_omap_iterator meta/1fe09d15/pglog_3.3b4/0//-1
2014-06-09 16:22:11.352991 7f868af58700 10 osd.26 243 dequeue_op 0x14053100 finish
2014-06-09 16:22:11.352995 7f868af58700 15 OSD::op_tp worker wq OSD::OpWQ done processing 0x1 (14 active)
2014-06-09 16:22:11.353000 7f868af58700 12 OSD::op_tp worker wq OSD::OpWQ start processing 0x1 (15 active)
2014-06-09 16:22:11.352996 7f8691f66700 5 -- op tracker -- , seq: 263, time:
2014-06-09 16:22:11.352991, event: reached_pg, op: osd_op(client.4575.0:32139 rbd_data.117f6b8b4567.0000000000001523 [set-alloc-hint object_size 4194304 write_size 4194304,write 958464~1032192] 3.284fd1aa RETRY=3 ack+ondisk+retry+write e242)
2014-06-09 16:22:11.353008 7f869af78700 5 -- op tracker -- , seq: 1520, time:
2014-06-09 16:22:11.352822, event: started, op: pg_log(1.92 epoch 243 log log((0'0,0'0], crt=0'0) query_epoch 243)
2014-06-09 16:22:11.353004 7f8691f66700 20 osd.26 pg_epoch: 243 pg[3.1aa( v 214'499 (0'0,214'499] local-les=191 n=98 ec=118 les/c 191/191 242/242/242) [26,1] r=0 lpr=242 pi=190-241/4 crt=0'0 lcod 0'0 mlcod 0'0 peering] op_has_sufficient_caps pool=3 (ceph ) owner=0 need_read_cap=0 need_write_cap=1 need_class_read_cap=0 need_class_write_cap=0 -> yes
2014-06-09 16:22:11.353015 7f8691f66700 10 osd.26 pg_epoch: 243 pg[3.1aa( v 214'499 (0'0,214'499] local-les=191 n=98 ec=118 les/c 191/191 242/242/242) [26,1] r=0 lpr=242 pi=190-241/4 crt=0'0 lcod 0'0 mlcod 0'0 peering] can_handle_while_inactive: 0x1804c200
2014-06-09 16:22:11.353022 7f869af78700 5 -- op tracker -- , seq: 1520, time:
2014-06-09 16:22:11.353019, event: done, op: pg_log(1.92 epoch 243 log log((0'0,0'0], crt=0'0) query_epoch 243)
2014-06-09 16:22:11.353025 7f8691f66700 10 osd.26 243 dequeue_op 0x1804c200 finish
2014-06-09 16:22:11.353030 7f869af78700 10 osd.26 243 do_waiters -- start
2014-06-09 16:22:11.353031 7f869af78700 10 osd.26 243 do_waiters -- finish
2014-06-09 16:22:11.353031 7f8691f66700 15 OSD::op_tp worker wq OSD::OpWQ done processing 0x1 (14 active)
2014-06-09 16:22:11.353034 7f8691f66700 12 OSD::op_tp worker wq OSD::PeeringWQ start processing 0xb7f0220 (15 active)
2014-06-09 16:22:11.353036 7f8691f66700 10 osd.26 pg_epoch: 243 pg[1.92( empty local-les=210 n=0 ec=1 les/c 210/210 242/242/209) [7,26] r=1 lpr=242 pi=13-241/21 crt=0'0 inactive NOTIFY] handle_peering_event: epoch_sent: 243 epoch_requested: 243 MLogRec from 7
2014-06-09 16:22:11.353044 7f869af78700 10 osd.26 243 do_waiters -- start
2014-06-09 16:22:11.353045 7f869af78700 10 osd.26 243 do_waiters -- finish
2014-06-09 16:22:11.353046 7f869af78700 20 osd.26 243 _dispatch 0x2d737600 pg_log(3.c1 epoch 242 log log((214'607,214'609], crt=0'0) query_epoch 242) v4
2014-06-09 16:22:11.353046 7f8691f66700 10 osd.26 pg_epoch: 243 pg[1.92( empty local-les=210 n=0 ec=1 les/c 210/210 242/242/209) [7,26] r=1 lpr=242 pi=13-241/21 crt=0'0 inactive NOTIFY] state: got info+log from osd.7 1.92( empty local-les=243 n=0 ec=1 les/c 210/210 242/242/209) log((0'0,0'0], crt=0'0)
2014-06-09 16:22:11.353053 7f869af78700 5 -- op tracker -- , seq: 1521, time:
2014-06-09 16:22:10.986752, event: header_read, op: pg_log(3.c1 epoch 242 log log((214'607,214'609], crt=0'0) query_epoch 242)
2014-06-09 16:22:11.353057 7f8691f66700 10 merge_log log((0'0,0'0], crt=0'0) from osd.7 into log((0'0,0'0], crt=0'0)
2014-06-09 16:22:11.353062 7f8691f66700 10 merge_log result log((0'0,0'0], crt=0'0) missing(0) changed=0
2014-06-09 16:22:11.353060 7f869af78700 5 -- op tracker -- , seq: 1521, time:
2014-06-09 16:22:10.986752, event: throttled, op: pg_log(3.c1 epoch 242 log log((214'607,214'609], crt=0'0) query_epoch 242)
2014-06-09 16:22:11.353067 7f869af78700 5 -- op tracker -- , seq: 1521, time:
2014-06-09 16:22:10.986771, event: all_read, op: pg_log(3.c1 epoch 242 log log((214'607,214'609], crt=0'0) query_epoch 242)
2014-06-09 16:22:11.353065 7f8691f66700 5 osd.26 pg_epoch: 243 pg[1.92( empty local-les=210 n=0 ec=1 les/c 210/210 242/242/209) [7,26] r=1 lpr=242 pi=13-241/21 crt=0'0 inactive NOTIFY] exit Started/Stray 1.039217 7 0.000161
2014-06-09 16:22:11.353073 7f869af78700 5 -- op tracker -- , seq: 1521, time:
2014-06-09 16:22:11.353043, event: dispatched, op: pg_log(3.c1 epoch 242 log log((214'607,214'609], crt=0'0) query_epoch 242)
2014-06-09 16:22:11.353075 7f8691f66700 5 osd.26 pg_epoch: 243 pg[1.92( empty local-les=210 n=0 ec=1 les/c 210/210 242/242/209) [7,26] r=1 lpr=242 pi=13-241/21 crt=0'0 inactive NOTIFY] enter Started/ReplicaActive
2014-06-09 16:22:11.353081 7f869af78700 5 -- op tracker -- , seq: 1521, time:
2014-06-09 16:22:11.353078, event: waiting_for_osdmap, op: pg_log(3.c1 epoch 242 log log((214'607,214'609], crt=0'0) query_epoch 242)
2014-06-09 16:22:11.353085 7f86a5610700 15 _omap_rmkeys meta/1fe09d15/pglog_3.3b4/0//-1
2014-06-09 16:22:11.353085 7f869af78700 7 osd.26 243 handle_pg_log pg_log(3.c1 epoch 242 log log((214'607,214'609], crt=0'0) query_epoch 242) v4 from osd.3
2014-06-09 16:22:11.353089 7f869af78700 15 osd.26 243 require_same_or_newer_map 242 (i am 243) 0x2d737600
2014-06-09 16:22:11.353085 7f8691f66700 5 osd.26 pg_epoch: 243 pg[1.92( empty local-les=210 n=0 ec=1 les/c 210/210 242/242/209) [7,26] r=1 lpr=242 pi=13-241/21 crt=0'0 inactive NOTIFY] enter Started/ReplicaActive/RepNotRecovering
2014-06-09 16:22:11.353095 7f869af78700 5 -- op tracker -- , seq: 1521, time:
2014-06-09 16:22:11.353092, event: started, op: pg_log(3.c1 epoch 242 log log((214'607,214'609], crt=0'0) query_epoch 242)
2014-06-09 16:22:11.353095 7f8691f66700 10 osd.26 pg_epoch: 243 pg[1.92( empty local-les=210 n=0 ec=1 les/c 210/210 242/242/209) [7,26] r=1 lpr=242 pi=13-241/21 crt=0'0 inactive NOTIFY] state: In ReplicaActive, about to call activate
2014-06-09 16:22:11.353104 7f8691f66700 10 osd.26 pg_epoch: 243 pg[1.92( empty local-les=243 n=0 ec=1 les/c 210/210 242/242/209) [7,26] r=1 lpr=242 pi=13-241/21 crt=0'0 inactive] activate - no missing, moving last_complete 0'0 -> 0'0
2014-06-09 16:22:11.353108 7f869af78700 5 -- op tracker -- , seq: 1521, time:
2014-06-09 16:22:11.353105, event: done, op: pg_log(3.c1 epoch 242 log log((214'607,214'609], crt=0'0) query_epoch 242)
2014-06-09 16:22:11.353117 7f869af78700 10 osd.26 243 do_waiters -- start
2014-06-09 16:22:11.353112 7f8691f66700 10 osd.26 pg_epoch: 243 pg[1.92( empty local-les=243 n=0 ec=1 les/c 210/210 242/242/209) [7,26] r=1 lpr=242 pi=13-241/21 crt=0'0 inactive] state: Activate Finished
2014-06-09 16:22:11.353118 7f869af78700 10 osd.26 243 do_waiters -- finish
2014-06-09 16:22:11.353118 7f86a5610700 10 lookup_strip_header done cid meta oid 1fe09d15/pglog_3.3b4/0//-1
2014-06-09 16:22:11.353127 7f86a5610700 10 _omap_rmkeys meta/1fe09d15/pglog_3.3b4/0//-1 r = 0
2014-06-09 16:22:11.353132 7f869af78700 10 osd.26 243 do_waiters -- start
2014-06-09 16:22:11.353131 7f86a5610700 15 _omap_rmkeys meta/1fe09d15/pglog_3.3b4/0//-1
2014-06-09 16:22:11.353133 7f869af78700 10 osd.26 243 do_waiters -- finish
2014-06-09 16:22:11.353136 7f86a5610700 10 _omap_rmkeys meta/1fe09d15/pglog_3.3b4/0//-1 r = 0
2014-06-09 16:22:11.353134 7f869af78700 20 osd.26 243 _dispatch 0x2fe32600 pg_log(1.67a epoch 243 log log((0'0,0'0], crt=0'0) query_epoch 243) v4
2014-06-09 16:22:11.353142 7f869af78700 5 -- op tracker -- , seq: 1522, time:
2014-06-09 16:22:11.044407, event: header_read, op: pg_log(1.67a epoch 243 log log((0'0,0'0], crt=0'0) query_epoch 243)
2014-06-09 16:22:11.353146 7f86a5610700 15 _omap_setkeys meta/1fe09d15/pglog_3.3b4/0//-1
2014-06-09 16:22:11.353149 7f869af78700 5 -- op tracker -- , seq: 1522, time:
2014-06-09 16:22:11.044408, event: throttled, op: pg_log(1.67a epoch 243 log log((0'0,0'0], crt=0'0) query_epoch 243)
2014-06-09 16:22:11.353156 7f8691f66700 10 log is not dirty
2014-06-09 16:22:11.353156 7f869af78700 5 -- op tracker -- , seq: 1522, time:
2014-06-09 16:22:11.044420, event: all_read, op: pg_log(1.67a epoch 243 log log((0'0,0'0], crt=0'0) query_epoch 243)
2014-06-09 16:22:11.353161 7f8691f66700 5 queue_transactions existing osr(1.92 0x384c410)/0x384c410
2014-06-09 16:22:11.353163 7f8691f66700 10 op_submit_start 3091
2014-06-09 16:22:11.353164 7f8691f66700 5 queue_transactions (trailing journal) 3091
2014-06-09 16:22:11.353162 7f869af78700 5 -- op tracker -- , seq: 1522, time:
2014-06-09 16:22:11.353131, event: dispatched, op: pg_log(1.67a epoch 243 log log((0'0,0'0], crt=0'0) query_epoch 243)
2014-06-09 16:22:11.353165 7f8691f66700 5 queue_op 0x308cbbc0 seq 3091 osr(1.92 0x384c410) 1873 bytes (queue has 11 ops and 20104 bytes)
2014-06-09 16:22:11.353168 7f8691f66700 10 op_submit_finish 3091
2014-06-09 16:22:11.353167 7f86a5610700 10 cid: oid: 1fe09d15/pglog_3.3b4/0//-1 skipping op, spos 3082.0.0 <= header.spos 150433.0.0
2014-06-09 16:22:11.353172 7f8691f66700 15 OSD::op_tp worker wq OSD::PeeringWQ done processing 0xb7f0220 (14 active)
2014-06-09 16:22:11.353169 7f869af78700 5 -- op tracker -- , seq: 1522, time:
2014-06-09 16:22:11.353167, event: waiting_for_osdmap, op: pg_log(1.67a epoch 243 log log((0'0,0'0], crt=0'0) query_epoch 243)
2014-06-09 16:22:11.353172 7f86a5610700 10 cid: oid: 16ef7597/infos/head//-1 skipping op, spos 3082.0.0 <= header.spos 150443.0.0
2014-06-09 16:22:11.353175 7f86a5610700 5 submit_transaction r = 0
2014-06-09 16:22:11.353174 7f869af78700 7 osd.26 243 handle_pg_log pg_log(1.67a epoch 243 log log((0'0,0'0], crt=0'0) query_epoch 243) v4 from osd.1
2014-06-09 16:22:11.353177 7f8691f66700 12 OSD::op_tp worker wq OSD::OpWQ start processing 0x1 (15 active)
2014-06-09 16:22:11.353178 7f869af78700 15 osd.26 243 require_same_or_newer_map 243 (i am 243) 0x2fe32600
2014-06-09 16:22:11.353183 7f869af78700 5 -- op tracker -- , seq: 1522, time:
2014-06-09 16:22:11.353181, event: started, op: pg_log(1.67a epoch 243 log log((0'0,0'0], crt=0'0) query_epoch 243)
2014-06-09 16:22:11.353180 7f8691f66700 10 osd.26 243 dequeue_op 0xe032f00 prio 63 cost 516096 latency 1.380440 osd_op(client.4565.0:32568 rbd_data.11756b8b4567.0000000000001565 [set-alloc-hint object_size 4194304 write_size 4194304,write 2514944~516096] 3.8b1e77c RETRY=3 ack+ondisk+retry+write e242) v4 pg pg[3.77c( v 213'558 (0'0,213'558] local-les=243 n=109 ec=118 les/c 210/210 242/242/242) [26,7] r=0 lpr=242 pi=209-241/2 crt=0'0 lcod 0'0 mlcod 0'0 inactive]
2014-06-09 16:22:11.353195 7f869af78700 5 -- op tracker -- , seq: 1522, time:
2014-06-09 16:22:11.353193, event: done, op: pg_log(1.67a epoch 243 log log((0'0,0'0], crt=0'0) query_epoch 243)
2014-06-09 16:22:11.353206 7f869af78700 10 osd.26 243 do_waiters -- start
2014-06-09 16:22:11.353208 7f869af78700 10 osd.26 243 do_waiters -- finish
2014-06-09 16:22:11.353214 7f86a5610700 10 _do_op 0x11fcfc80 seq 3082 r = 0, finisher 0xbd6ac60 0
2014-06-09 16:22:11.353217 7f86a5610700 10 _finish_op 0x11fcfc80 seq 3082 osr(3.3b4 0x3ed1300)/0x3ed1300
2014-06-09 16:22:11.353220 7f869af78700 10 osd.26 243 do_waiters -- start
2014-06-09 16:22:11.353221 7f869af78700 10 osd.26 243 do_waiters -- finish
2014-06-09 16:22:11.353221 7f86a5610700 15 KeyValueStore::op_tp worker wq KeyValueStore::OpWQ done processing 0xc339320 (1 active)
2014-06-09 16:22:11.353223 7f86a5610700 12 KeyValueStore::op_tp worker wq KeyValueStore::OpWQ start processing 0xc1150e0 (2 active)
2014-06-09 16:22:11.353222 7f869af78700 20 osd.26 243 _dispatch 0x48fc400 pg_log(3.6d3 epoch 242 log log((214'630,214'632], crt=0'0) query_epoch 242) v4
2014-06-09 16:22:11.353225 7f86a5610700 5 _do_op 0x308ca480 seq 3083 osr(2.37 0x2ed05f0)/0x2ed05f0 start
2014-06-09 16:22:11.353227 7f86a5610700 10 _do_transaction on 0xc0d4d80
2014-06-09 16:22:11.353230 7f868ef60700 12 OSD::op_tp worker wq OSD::PeeringWQ start processing 0xb7f0280 (16 active)
2014-06-09 16:22:11.353229 7f869af78700 5 -- op tracker -- , seq: 1523, time:
2014-06-09 16:22:10.922124, event: header_read, op: pg_log(3.6d3 epoch 242 log log((214'630,214'632], crt=0'0) query_epoch 242)
2014-06-09 16:22:11.353233 7f86a5610700 15 _omap_setkeys meta/16ef7597/infos/head//-1
2014-06-09 16:22:11.353237 7f869af78700 5 -- op tracker -- , seq: 1523, time:
2014-06-09 16:22:10.922125, event: throttled, op: pg_log(3.6d3 epoch 242 log log((214'630,214'632], crt=0'0) query_epoch 242)
2014-06-09 16:22:11.353235 7f868ef60700 10 osd.26 pg_epoch: 243 pg[3.c1( v 214'607 (0'0,214'607] local-les=201 n=122 ec=118 les/c 201/201 242/242/242) [26,3] r=0 lpr=242 pi=200-241/2 crt=0'0 lcod 0'0 mlcod 0'0 peering] handle_peering_event: epoch_sent: 242 epoch_requested: 242 MLogRec from 3
2014-06-09 16:22:11.353244 7f869af78700 5 -- op tracker -- , seq: 1523, time:
2014-06-09 16:22:10.922146, event: all_read, op: pg_log(3.6d3 epoch 242 log log((214'630,214'632], crt=0'0) query_epoch 242)
2014-06-09 16:22:11.353251 7f869af78700 5 -- op tracker -- , seq: 1523, time:
2014-06-09 16:22:11.353219, event: dispatched, op: pg_log(3.6d3 epoch 242 log log((214'630,214'632], crt=0'0) query_epoch 242)
2014-06-09 16:22:11.353249 7f868ef60700 10 osd.26 pg_epoch: 243 pg[3.c1( v 214'607 (0'0,214'607] local-les=201 n=122 ec=118 les/c 201/201 242/242/242) [26,3] r=0 lpr=242 pi=200-241/2 crt=0'0 lcod 0'0 mlcod 0'0 peering] state: GetLog: received master log from osd3
2014-06-09 16:22:11.353259 7f869af78700 5 -- op tracker -- , seq: 1523, time:
2014-06-09 16:22:11.353256, event: waiting_for_osdmap, op: pg_log(3.6d3 epoch 242 log log((214'630,214'632], crt=0'0) query_epoch 242)
2014-06-09 16:22:11.353264 7f86a5610700 10 lookup_strip_header done cid meta oid 16ef7597/infos/head//-1
2014-06-09 16:22:11.353264 7f869af78700 7 osd.26 243 handle_pg_log pg_log(3.6d3 epoch 242 log log((214'630,214'632], crt=0'0) query_epoch 242) v4 from osd.9
2014-06-09 16:22:11.353261 7f868ef60700 10 osd.26 pg_epoch: 243 pg[3.c1( v 214'607 (0'0,214'607] local-les=201 n=122 ec=118 les/c 201/201 242/242/242) [26,3] r=0 lpr=242 pi=200-241/2 crt=0'0 lcod 0'0 mlcod 0'0 peering] state: leaving GetLog
2014-06-09 16:22:11.353268 7f869af78700 15 osd.26 243 require_same_or_newer_map 242 (i am 243) 0x48fc400
2014-06-09 16:22:11.353270 7f868ef60700 10 osd.26 pg_epoch: 243 pg[3.c1( v 214'607 (0'0,214'607] local-les=201 n=122 ec=118 les/c 201/201 242/242/242) [26,3] r=0 lpr=242 pi=200-241/2 crt=0'0 lcod 0'0 mlcod 0'0 peering] state: processing master log
2014-06-09 16:22:11.353274 7f869af78700 5 -- op tracker -- , seq: 1523, time:
2014-06-09 16:22:11.353271, event: started, op: pg_log(3.6d3 epoch 242 log log((214'630,214'632], crt=0'0) query_epoch 242)
2014-06-09 16:22:11.353278 7f86a5610700 10 cid: oid: 16ef7597/infos/head//-1 skipping op, spos 3083.0.0 <= header.spos 150443.0.0
2014-06-09 16:22:11.353282 7f86a5610700 5 submit_transaction r = 0
2014-06-09 16:22:11.353279 7f868ef60700 10 osd.26 pg_epoch: 243 pg[3.c1( v 214'607 (0'0,214'607] local-les=201 n=122 ec=118 les/c 201/201 242/242/242) [26,3] r=0 lpr=242 pi=200-241/2 crt=0'0 lcod 0'0 mlcod 0'0 peering] proc_master_log for osd.3: log((214'607,214'609], crt=0'0) missing(0)
2014-06-09 16:22:11.353287 7f869af78700 5 -- op tracker -- , seq: 1523, time:
2014-06-09 16:22:11.353285, event: done, op: pg_log(3.6d3 epoch 242 log log((214'630,214'632], crt=0'0) query_epoch 242)
2014-06-09 16:22:11.353289 7f868ef60700 10 merge_log log((214'607,214'609], crt=0'0) from osd.3 into log((0'0,214'607], crt=0'0)
2014-06-09 16:22:11.353293 7f868ef60700 10 merge_log extending head to 214'609
2014-06-09 16:22:11.353294 7f869af78700 10 osd.26 243 do_waiters -- start
2014-06-09 16:22:11.353296 7f869af78700 10 osd.26 243 do_waiters -- finish
2014-06-09 16:22:11.353294 7f868ef60700 20 ? 214'609 (0'0) modify f30230c1/rbd_data.11686b8b4567.00000000000016f3/head//3 by client.4552.0:34361
2014-06-09 10:19:29.917513
2014-06-09 16:22:11.353302 7f868ef60700 20 ? 214'608 (214'607) modify 217f88c1/rbd_data.11686b8b4567.00000000000016d2/head//3 by client.4552.0:34215
2014-06-09 10:19:18.782297
2014-06-09 16:22:11.353306 7f86a5610700 10 _do_op 0x308ca480 seq 3083 r = 0, finisher 0x170011c0 0
2014-06-09 16:22:11.353308 7f869af78700 10 osd.26 243 do_waiters -- start
2014-06-09 16:22:11.353309 7f869af78700 10 osd.26 243 do_waiters -- finish
2014-06-09 16:22:11.353309 7f86a5610700 10 _finish_op 0x308ca480 seq 3083 osr(2.37 0x2ed05f0)/0x2ed05f0
2014-06-09 16:22:11.353311 7f869af78700 20 osd.26 243 _dispatch 0x30420480 osd_map(243..243 src has 1..243) v3
2014-06-09 16:22:11.353307 7f868ef60700 20 merge_log 214'608 (214'607) modify 217f88c1/rbd_data.11686b8b4567.00000000000016d2/head//3 by client.4552.0:34215
2014-06-09 10:19:18.782297
2014-06-09 16:22:11.353312 7f86a5610700 15 KeyValueStore::op_tp worker wq KeyValueStore::OpWQ done processing 0xc1150e0 (1 active)
2014-06-09 16:22:11.353314 7f86a5610700 12 KeyValueStore::op_tp worker wq KeyValueStore::OpWQ start processing 0xc3fbc20 (2 active)
2014-06-09 16:22:11.353316 7f86a5610700 5 _do_op 0x308cbce0 seq 3084 osr(0.663 0x2bd7f30)/0x2bd7f30 start
2014-06-09 16:22:11.353318 7f86a5610700 10 _do_transaction on 0xbebd140
2014-06-09 16:22:11.353318 7f869af78700 3 osd.26 243 handle_osd_map epochs [243,243], i have 243, src has [1,243]
2014-06-09 16:22:11.353321 7f869af78700 10 osd.26 243 no new maps here, dropping
2014-06-09 16:22:11.353322 7f869af78700 10 osd.26 243 do_waiters -- start
2014-06-09 16:22:11.353318 7f868ef60700 20 merge_log 214'609 (0'0) modify f30230c1/rbd_data.11686b8b4567.00000000000016f3/head//3 by client.4552.0:34361
2014-06-09 10:19:29.917513
2014-06-09 16:22:11.353324 7f869af78700 10 osd.26 243 do_waiters -- finish
2014-06-09 16:22:11.353323 7f86a5610700 15 _omap_setkeys meta/16ef7597/infos/head//-1
2014-06-09 16:22:11.353336 7f869af78700 10 osd.26 243 do_waiters -- start
2014-06-09 16:22:11.353337 7f869af78700 10 osd.26 243 do_waiters -- finish
2014-06-09 16:22:11.353338 7f869af78700 20 osd.26 243 _dispatch 0x2d7321c0 pg_notify(3.428(10) epoch 242) v5
2014-06-09 16:22:11.353343 7f869af78700 5 -- op tracker -- , seq: 1524, time:
2014-06-09 16:22:10.886366, event: header_read, op: pg_notify(3.428(10) epoch 242)
2014-06-09 16:22:11.353351 7f86a5610700 10 lookup_strip_header done cid meta oid 16ef7597/infos/head//-1
2014-06-09 16:22:11.353350 7f869af78700 5 -- op tracker -- , seq: 1524, time:
2014-06-09 16:22:10.886366, event: throttled, op: pg_notify(3.428(10) epoch 242)
2014-06-09 16:22:11.353356 7f869af78700 5 -- op tracker -- , seq: 1524, time:
2014-06-09 16:22:10.886386, event: all_read, op: pg_notify(3.428(10) epoch 242)
2014-06-09 16:22:11.353361 7f869af78700 5 -- op tracker -- , seq: 1524, time:
2014-06-09 16:22:11.353335, event: dispatched, op: pg_notify(3.428(10) epoch 242)
2014-06-09 16:22:11.353364 7f86a5610700 10 cid: oid: 16ef7597/infos/head//-1 skipping op, spos 3084.0.0 <= header.spos 150443.0.0
2014-06-09 16:22:11.353368 7f86a5610700 5 submit_transaction r = 0
2014-06-09 16:22:11.353368 7f869af78700 5 -- op tracker -- , seq: 1524, time:
2014-06-09 16:22:11.353366, event: waiting_for_osdmap, op: pg_notify(3.428(10) epoch 242)
2014-06-09 16:22:11.353372 7f869af78700 7 osd.26 243 handle_pg_notify from osd.6
2014-06-09 16:22:11.353374 7f869af78700 15 osd.26 243 require_same_or_newer_map 242 (i am 243) 0x2d7321c0
2014-06-09 16:22:11.353380 7f86a5610700 10 _do_op 0x308cbce0 seq 3084 r = 0, finisher 0xbd6c3e0 0
2014-06-09 16:22:11.353379 7f869af78700 5 -- op tracker -- , seq: 1524, time:
2014-06-09 16:22:11.353377, event: started, op: pg_notify(3.428(10) epoch 242)
2014-06-09 16:22:11.353383 7f86a5610700 10 _finish_op 0x308cbce0 seq 3084 osr(0.663 0x2bd7f30)/0x2bd7f30
2014-06-09 16:22:11.353385 7f86a5610700 15 KeyValueStore::op_tp worker wq KeyValueStore::OpWQ done processing 0xc3fbc20 (1 active)
2014-06-09 16:22:11.353387 7f86a5610700 12 KeyValueStore::op_tp worker wq KeyValueStore::OpWQ start processing 0x3497680 (2 active)
2014-06-09 16:22:11.353389 7f86a5610700 5 _do_op 0x30607b60 seq 3085 osr(0.369 0x2bd6ff0)/0x2bd6ff0 start
2014-06-09 16:22:11.353391 7f86a5610700 10 _do_transaction on 0xc0cb140
2014-06-09 16:22:11.353396 7f86a5610700 15 _omap_setkeys meta/16ef7597/infos/head//-1
2014-06-09 16:22:11.353395 7f869af78700 5 -- op tracker -- , seq: 1524, time:
2014-06-09 16:22:11.353393, event: done, op: pg_notify(3.428(10) epoch 242)
2014-06-09 16:22:11.353403 7f869af78700 10 osd.26 243 do_waiters -- start
2014-06-09 16:22:11.353405 7f869af78700 10 osd.26 243 do_waiters -- finish
2014-06-09 16:22:11.353420 7f869af78700 10 osd.26 243 do_waiters -- start
2014-06-09 16:22:11.353422 7f869af78700 10 osd.26 243 do_waiters -- finish
2014-06-09 16:22:11.353423 7f869af78700 20 osd.26 243 _dispatch 0x2a072600 pg_log(2.73 epoch 243 log log((0'0,0'0], crt=0'0) query_epoch 243) v4
2014-06-09 16:22:11.353424 7f86a5610700 10 lookup_strip_header done cid meta oid 16ef7597/infos/head//-1
2014-06-09 16:22:11.353429 7f869af78700 5 -- op tracker -- , seq: 1525, time:
2014-06-09 16:22:11.003895, event: header_read, op: pg_log(2.73 epoch 243 log log((0'0,0'0], crt=0'0) query_epoch 243)
2014-06-09 16:22:11.353436 7f869af78700 5 -- op tracker -- , seq: 1525, time:
2014-06-09 16:22:11.003895, event: throttled, op: pg_log(2.73 epoch 243 log log((0'0,0'0], crt=0'0) query_epoch 243)
2014-06-09 16:22:11.353438 7f86a5610700 10 cid: oid: 16ef7597/infos/head//-1 skipping op, spos 3085.0.0 <= header.spos 150443.0.0
2014-06-09 16:22:11.353442 7f86a5610700 5 submit_transaction r = 0
2014-06-09 16:22:11.353443 7f869af78700 5 -- op tracker -- , seq: 1525, time:
2014-06-09 16:22:11.003903, event: all_read, op: pg_log(2.73 epoch 243 log log((0'0,0'0], crt=0'0) query_epoch 243)
2014-06-09 16:22:11.353450 7f869af78700 5 -- op tracker -- , seq: 1525, time:
2014-06-09 16:22:11.353420, event: dispatched, op: pg_log(2.73 epoch 243 log log((0'0,0'0], crt=0'0) query_epoch 243)
2014-06-09 16:22:11.353457 7f869af78700 5 -- op tracker -- , seq: 1525, time:
2014-06-09 16:22:11.353454, event: waiting_for_osdmap, op: pg_log(2.73 epoch 243 log log((0'0,0'0], crt=0'0) query_epoch 243)
2014-06-09 16:22:11.353461 7f869af78700 7 osd.26 243 handle_pg_log pg_log(2.73 epoch 243 log log((0'0,0'0], crt=0'0) query_epoch 243) v4 from osd.0
2014-06-09 16:22:11.353465 7f869af78700 15 osd.26 243 require_same_or_newer_map 243 (i am 243) 0x2a072600
2014-06-09 16:22:11.353466 7f86a5610700 10 _do_op 0x30607b60 seq 3085 r = 0, finisher 0x19940c00 0
2014-06-09 16:22:11.353469 7f86a5610700 10 _finish_op 0x30607b60 seq 3085 osr(0.369 0x2bd6ff0)/0x2bd6ff0
2014-06-09 16:22:11.353471 7f86a5610700 15 KeyValueStore::op_tp worker wq KeyValueStore::OpWQ done processing 0x3497680 (1 active)
2014-06-09 16:22:11.353470 7f869af78700 5 -- op tracker -- , seq: 1525, time:
2014-06-09 16:22:11.353468, event: started, op: pg_log(2.73 epoch 243 log log((0'0,0'0], crt=0'0) query_epoch 243)
2014-06-09 16:22:11.353473 7f86a5610700 12 KeyValueStore::op_tp worker wq KeyValueStore::OpWQ start processing 0xc358c60 (2 active)
2014-06-09 16:22:11.353475 7f86a5610700 5 _do_op 0x308cbc80 seq 3086 osr(1.691 0x384de30)/0x384de30 start
2014-06-09 16:22:11.353477 7f86a5610700 10 _do_transaction on 0xc128a80
2014-06-09 16:22:11.353482 7f86a5610700 15 _omap_setkeys meta/16ef7597/infos/head//-1
2014-06-09 16:22:11.353483 7f869af78700 5 -- op tracker -- , seq: 1525, time:
2014-06-09 16:22:11.353480, event: done, op: pg_log(2.73 epoch 243 log log((0'0,0'0], crt=0'0) query_epoch 243)
2014-06-09 16:22:11.353490 7f869af78700 10 osd.26 243 do_waiters -- start
2014-06-09 16:22:11.353492 7f869af78700 10 osd.26 243 do_waiters -- finish
2014-06-09 16:22:11.353503 7f869af78700 10 osd.26 243 do_waiters -- start
2014-06-09 16:22:11.353504 7f869af78700 10 osd.26 243 do_waiters -- finish
2014-06-09 16:22:11.353505 7f869af78700 20 osd.26 243 _dispatch 0x302a2a00 pg_log(1.82 epoch 243 log log((0'0,0'0], crt=0'0) query_epoch 243) v4
2014-06-09 16:22:11.353512 7f869af78700 5 -- op tracker -- , seq: 1526, time:
2014-06-09 16:22:11.017464, event: header_read, op: pg_log(1.82 epoch 243 log log((0'0,0'0], crt=0'0) query_epoch 243)
2014-06-09 16:22:11.353519 7f869af78700 5 -- op tracker -- , seq: 1526, time:
2014-06-09 16:22:11.017464, event: throttled, op: pg_log(1.82 epoch 243 log log((0'0,0'0], crt=0'0) query_epoch 243)
2014-06-09 16:22:11.353526 7f869af78700 5 -- op tracker -- , seq: 1526, time:
2014-06-09 16:22:11.017477, event: all_read, op: pg_log(1.82 epoch 243 log log((0'0,0'0], crt=0'0) query_epoch 243)
2014-06-09 16:22:11.353532 7f869af78700 5 -- op tracker -- , seq: 1526, time:
2014-06-09 16:22:11.353503, event: dispatched, op: pg_log(1.82 epoch 243 log log((0'0,0'0], crt=0'0) query_epoch 243)
2014-06-09 16:22:11.353533 7f868ef60700 10 merge_log result log((0'0,214'609], crt=214'609) missing(2) changed=1
2014-06-09 16:22:11.353540 7f869af78700 5 -- op tracker -- , seq: 1526, time:
2014-06-09 16:22:11.353537, event: waiting_for_osdmap, op: pg_log(1.82 epoch 243 log log((0'0,0'0], crt=0'0) query_epoch 243)
2014-06-09 16:22:11.353544 7f869af78700 7 osd.26 243 handle_pg_log pg_log(1.82 epoch 243 log log((0'0,0'0], crt=0'0) query_epoch 243) v4 from osd.5
2014-06-09 16:22:11.353548 7f869af78700 15 osd.26 243 require_same_or_newer_map 243 (i am 243) 0x302a2a00
2014-06-09 16:22:11.353538 7f868ef60700 10 osd.26 pg_epoch: 243 pg[3.c1( v 214'609 lc 214'607 (0'0,214'609] local-les=201 n=123 ec=118 les/c 201/201 242/242/242) [26,3] r=0 lpr=242 pi=200-241/2 crt=214'609 lcod 0'0 mlcod 0'0 peering m=2] peer osd.3 now 3.c1( v 214'609 (0'0,214'609] local-les=201 n=123 ec=118 les/c 201/201 242/242/242) missing(0)
2014-06-09 16:22:11.353554 7f869af78700 5 -- op tracker -- , seq: 1526, time:
2014-06-09 16:22:11.353551, event: started, op: pg_log(1.82 epoch 243 log log((0'0,0'0], crt=0'0) query_epoch 243)
2014-06-09 16:22:11.353557 7f868ef60700 5 osd.26 pg_epoch: 243 pg[3.c1( v 214'609 lc 214'607 (0'0,214'609] local-les=201 n=123 ec=118 les/c 201/201 242/242/242) [26,3] r=0 lpr=242 pi=200-241/2 crt=214'609 lcod 0'0 mlcod 0'0 peering m=2] exit Started/Primary/Peering/GetLog 0.370352 5 0.000220
2014-06-09 16:22:11.353567 7f869af78700 5 -- op tracker -- , seq: 1526, time:
2014-06-09 16:22:11.353564, event: done, op: pg_log(1.82 epoch 243 log log((0'0,0'0], crt=0'0) query_epoch 243)
2014-06-09 16:22:11.353574 7f869af78700 10 osd.26 243 do_waiters -- start
2014-06-09 16:22:11.353575 7f869af78700 10 osd.26 243 do_waiters -- finish
2014-06-09 16:22:11.353570 7f868ef60700 5 osd.26 pg_epoch: 243 pg[3.c1( v 214'609 lc 214'607 (0'0,214'609] local-les=201 n=123 ec=118 les/c 201/201 242/242/242) [26,3] r=0 lpr=242 pi=200-241/2 crt=214'609 lcod 0'0 mlcod 0'0 peering m=2] enter Started/Primary/Peering/GetMissing
2014-06-09 16:22:11.353587 7f869af78700 10 osd.26 243 do_waiters -- start
2014-06-09 16:22:11.353588 7f869af78700 10 osd.26 243 do_waiters -- finish
2014-06-09 16:22:11.353580 7f868ef60700 10 osd.26 pg_epoch: 243 pg[3.c1( v 214'609 lc 214'607 (0'0,214'609] local-les=201 n=123 ec=118 les/c 201/201 242/242/242) [26,3] r=0 lpr=242 pi=200-241/2 crt=214'609 lcod 0'0 mlcod 0'0 peering m=2] state: osd.3 has no missing, identical log
2014-06-09 16:22:11.353589 7f869af78700 20 osd.26 243 _dispatch 0x29ec4000 pg_notify(1.5e1(26) epoch 242) v5
2014-06-09 16:22:11.353594 7f869af78700 5 -- op tracker -- , seq: 1527, time:
2014-06-09 16:22:10.833312, event: header_read, op: pg_notify(1.5e1(26) epoch 242)
2014-06-09 16:22:11.353593 7f868ef60700 5 osd.26 pg_epoch: 243 pg[3.c1( v 214'609 lc 214'607 (0'0,214'609] local-les=201 n=123 ec=118 les/c 201/201 242/242/242) [26,3] r=0 lpr=242 pi=200-241/2 crt=214'609 lcod 0'0 mlcod 0'0 peering m=2] exit Started/Primary/Peering/GetMissing 0.000023 0 0.000000
2014-06-09 16:22:11.353601 7f869af78700 5 -- op tracker -- , seq: 1527, time:
2014-06-09 16:22:10.833312, event: throttled, op: pg_notify(1.5e1(26) epoch 242)
2014-06-09 16:22:11.353608 7f869af78700 5 -- op tracker -- , seq: 1527, time:
2014-06-09 16:22:10.833347, event: all_read, op: pg_notify(1.5e1(26) epoch 242)
2014-06-09 16:22:11.353605 7f868ef60700 10 osd.26 pg_epoch: 243 pg[3.c1( v 214'609 lc 214'607 (0'0,214'609] local-les=201 n=123 ec=118 les/c 201/201 242/242/242) [26,3] r=0 lpr=242 pi=200-241/2 crt=214'609 lcod 0'0 mlcod 0'0 peering m=2] state: Leaving Peering
2014-06-09 16:22:11.353614 7f869af78700 5 -- op tracker -- , seq: 1527, time:
2014-06-09 16:22:11.353587, event: dispatched, op: pg_notify(1.5e1(26) epoch 242)
2014-06-09 16:22:11.353620 7f869af78700 5 -- op tracker -- , seq: 1527, time:
2014-06-09 16:22:11.353618, event: waiting_for_osdmap, op: pg_notify(1.5e1(26) epoch 242)
2014-06-09 16:22:11.353616 7f868ef60700 5 osd.26 pg_epoch: 243 pg[3.c1( v 214'609 lc 214'607 (0'0,214'609] local-les=201 n=123 ec=118 les/c 201/201 242/242/242) [26,3] r=0 lpr=242 pi=200-241/2 crt=214'609 lcod 0'0 mlcod 0'0 peering m=2] exit Started/Primary/Peering 1.090485 0 0.000000
2014-06-09 16:22:11.353624 7f869af78700 7 osd.26 243 handle_pg_notify from osd.2
2014-06-09 16:22:11.353622 7f86a460e700 10 finisher(0x2c100f8) finisher_thread doing [0x30509280,0xbef1fa0,0x13965500,0x33a65e0,0xcd0ffe0,0xc5a6b80,0xbd68120,0x1322dc40,0x30509da0,0xc6e9880]
2014-06-09 16:22:11.353626 7f869af78700 15 osd.26 243 require_same_or_newer_map 242 (i am 243) 0x29ec4000
2014-06-09 16:22:11.353631 7f869af78700 5 -- op tracker -- , seq: 1527, time:
2014-06-09 16:22:11.353629, event: started, op: pg_notify(1.5e1(26) epoch 242)
2014-06-09 16:22:11.353635 7f86a460e700 10 finisher(0x2c100f8) finisher_thread done with [0x30509280,0xbef1fa0,0x13965500,0x33a65e0,0xcd0ffe0,0xc5a6b80,0xbd68120,0x1322dc40,0x30509da0,0xc6e9880]
2014-06-09 16:22:11.353638 7f86a460e700 10 finisher(0x2c100f8) finisher_thread empty
2014-06-09 16:22:11.353631 7f868ef60700 5 osd.26 pg_epoch: 243 pg[3.c1( v 214'609 lc 214'607 (0'0,214'609] local-les=201 n=123 ec=118 les/c 201/201 242/242/242) [26,3] r=0 lpr=242 pi=200-241/2 crt=214'609 lcod 0'0 mlcod 0'0 inactive m=2] enter Started/Primary/Active
2014-06-09 16:22:11.353639 7f86a460e700 10 finisher(0x2c100f8) finisher_thread sleeping
2014-06-09 16:22:11.353640 7f868ef60700 10 osd.26 pg_epoch: 243 pg[3.c1( v 214'609 lc 214'607 (0'0,214'609] local-les=201 n=123 ec=118 les/c 201/201 242/242/242) [26,3] r=0 lpr=242 pi=200-241/2 crt=214'609 lcod 0'0 mlcod 0'0 inactive m=2] state: In Active, about to call activate
2014-06-09 16:22:11.353646 7f869af78700 5 -- op tracker -- , seq: 1527, time:
2014-06-09 16:22:11.353644, event: done, op: pg_notify(1.5e1(26) epoch 242)
2014-06-09 16:22:11.353654 7f869af78700 10 osd.26 243 do_waiters -- start
2014-06-09 16:22:11.353655 7f869af78700 10 osd.26 243 do_waiters -- finish
2014-06-09 16:22:11.353652 7f868ef60700 20 osd.26 pg_epoch: 243 pg[3.c1( v 214'609 lc 214'607 (0'0,214'609] local-les=243 n=123 ec=118 les/c 201/201 242/242/242) [26,3] r=0 lpr=242 pi=200-241/2 crt=214'609 lcod 0'0 mlcod 0'0 inactive m=2] activate - purged_snaps [] cached_removed_snaps []
2014-06-09 16:22:11.353669 7f86a5610700 10 lookup_strip_header done cid meta oid 16ef7597/infos/head//-1
2014-06-09 16:22:11.353662 7f868ef60700 10 osd.26 pg_epoch: 243 pg[3.c1( v 214'609 lc 214'607 (0'0,214'609] local-les=243 n=123 ec=118 les/c 201/201 242/242/242) [26,3] r=0 lpr=242 pi=200-241/2 crt=214'609 lcod 0'0 mlcod 0'0 inactive m=2] activate - snap_trimq []
2014-06-09 16:22:11.353672 7f869af78700 10 osd.26 243 do_waiters -- start
2014-06-09 16:22:11.353673 7f869af78700 10 osd.26 243 do_waiters -- finish
2014-06-09 16:22:11.353674 7f869af78700 20 osd.26 243 _dispatch 0x1ac94380 pg_notify(2.186(20) epoch 242) v5
2014-06-09 16:22:11.353671 7f868ef60700 10 osd.26 pg_epoch: 243 pg[3.c1( v 214'609 lc 214'607 (0'0,214'609] local-les=243 n=123 ec=118 les/c 201/201 242/242/242) [26,3] r=0 lpr=242 pi=200-241/2 crt=214'609 lcod 0'0 mlcod 0'0 inactive m=2] activate - not complete, missing(2)
2014-06-09 16:22:11.353679 7f869af78700 5 -- op tracker -- , seq: 1528, time:
2014-06-09 16:22:10.748319, event: header_read, op: pg_notify(2.186(20) epoch 242)
2014-06-09 16:22:11.353684 7f86a5610700 10 cid: oid: 16ef7597/infos/head//-1 skipping op, spos 3086.0.0 <= header.spos 150443.0.0
2014-06-09 16:22:11.353688 7f86a5610700 5 submit_transaction r = 0
2014-06-09 16:22:11.353687 7f869af78700 5 -- op tracker -- , seq: 1528, time:
2014-06-09 16:22:10.748320, event: throttled, op: pg_notify(2.186(20) epoch 242)
2014-06-09 16:22:11.353693 7f869af78700 5 -- op tracker -- , seq: 1528, time:
2014-06-09 16:22:10.748359, event: all_read, op: pg_notify(2.186(20) epoch 242)
2014-06-09 16:22:11.353699 7f869af78700 5 -- op tracker -- , seq: 1528, time:
2014-06-09 16:22:11.353671, event: dispatched, op: pg_notify(2.186(20) epoch 242)
2014-06-09 16:22:11.353705 7f869af78700 5 -- op tracker -- , seq: 1528, time:
2014-06-09 16:22:11.353704, event: waiting_for_osdmap, op: pg_notify(2.186(20) epoch 242)
2014-06-09 16:22:11.353710 7f869af78700 7 osd.26 243 handle_pg_notify from osd.4
2014-06-09 16:22:11.353711 7f869af78700 15 osd.26 243 require_same_or_newer_map 242 (i am 243) 0x1ac94380
2014-06-09 16:22:11.353711 7f86a5610700 10 _do_op 0x308cbc80 seq 3086 r = 0, finisher 0xbebe380 0
2014-06-09 16:22:11.353716 7f869af78700 5 -- op tracker -- , seq: 1528, time:
2014-06-09 16:22:11.353714, event: started, op: pg_notify(2.186(20) epoch 242)
2014-06-09 16:22:11.353721 7f86a460e700 10 finisher(0x2c100f8) finisher_thread doing [0xbd6bf40]
2014-06-09 16:22:11.353724 7f86a460e700 10 finisher(0x2c100f8) finisher_thread done with [0xbd6bf40]
2014-06-09 16:22:11.353725 7f86a460e700 10 finisher(0x2c100f8) finisher_thread empty
2014-06-09 16:22:11.353726 7f86a460e700 10 finisher(0x2c100f8) finisher_thread sleeping
2014-06-09 16:22:11.353729 7f86a5610700 10 _finish_op 0x308cbc80 seq 3086 osr(1.691 0x384de30)/0x384de30
2014-06-09 16:22:11.353731 7f869af78700 5 -- op tracker -- , seq: 1528, time:
2014-06-09 16:22:11.353728, event: done, op: pg_notify(2.186(20) epoch 242)
2014-06-09 16:22:11.353733 7f86a5610700 15 KeyValueStore::op_tp worker wq KeyValueStore::OpWQ done processing 0xc358c60 (1 active)
2014-06-09 16:22:11.353736 7f86a5610700 12 KeyValueStore::op_tp worker wq KeyValueStore::OpWQ start processing 0xc3586c0 (2 active)
2014-06-09 16:22:11.353737 7f86a5610700 5 _do_op 0x309a3020 seq 3087 osr(2.372 0x2ed1150)/0x2ed1150 start
2014-06-09 16:22:11.353739 7f869af78700 10 osd.26 243 do_waiters -- start
2014-06-09 16:22:11.353740 7f86a5610700 10 _do_transaction on 0x2eaafc0
2014-06-09 16:22:11.353740 7f869af78700 10 osd.26 243 do_waiters -- finish
2014-06-09 16:22:11.353745 7f86a5610700 15 _omap_setkeys meta/16ef7597/infos/head//-1
2014-06-09 16:22:11.353756 7f869af78700 10 osd.26 243 do_waiters -- start
2014-06-09 16:22:11.353757 7f869af78700 10 osd.26 243 do_waiters -- finish
2014-06-09 16:22:11.353758 7f869af78700 20 osd.26 243 _dispatch 0x304f9600 pg_log(1.631 epoch 243 log log((0'0,0'0], crt=0'0) query_epoch 243) v4
2014-06-09 16:22:11.353764 7f869af78700 5 -- op tracker -- , seq: 1529, time:
2014-06-09 16:22:11.061403, event: header_read, op: pg_log(1.631 epoch 243 log log((0'0,0'0], crt=0'0) query_epoch 243)
2014-06-09 16:22:11.353772 7f869af78700 5 -- op tracker -- , seq: 1529, time:
2014-06-09 16:22:11.061404, event: throttled, op: pg_log(1.631 epoch 243 log log((0'0,0'0], crt=0'0) query_epoch 243)
2014-06-09 16:22:11.353775 7f86a5610700 10 lookup_strip_header done cid meta oid 16ef7597/infos/head//-1
2014-06-09 16:22:11.353779 7f869af78700 5 -- op tracker -- , seq: 1529, time:
2014-06-09 16:22:11.061414, event: all_read, op: pg_log(1.631 epoch 243 log log((0'0,0'0], crt=0'0) query_epoch 243)
2014-06-09 16:22:11.353785 7f869af78700 5 -- op tracker -- , seq: 1529, time:
2014-06-09 16:22:11.353755, event: dispatched, op: pg_log(1.631 epoch 243 log log((0'0,0'0], crt=0'0) query_epoch 243)
2014-06-09 16:22:11.353789 7f86a5610700 10 cid: oid: 16ef7597/infos/head//-1 skipping op, spos 3087.0.0 <= header.spos 150443.0.0
2014-06-09 16:22:11.353793 7f86a5610700 5 submit_transaction r = 0
2014-06-09 16:22:11.353792 7f869af78700 5 -- op tracker -- , seq: 1529, time:
2014-06-09 16:22:11.353790, event: waiting_for_osdmap, op: pg_log(1.631 epoch 243 log log((0'0,0'0], crt=0'0) query_epoch 243)
2014-06-09 16:22:11.353797 7f869af78700 7 osd.26 243 handle_pg_log pg_log(1.631 epoch 243 log log((0'0,0'0], crt=0'0) query_epoch 243) v4 from osd.7
2014-06-09 16:22:11.353801 7f869af78700 15 osd.26 243 require_same_or_newer_map 243 (i am 243) 0x304f9600
2014-06-09 16:22:11.353793 7f868ef60700 10 osd.26 pg_epoch: 243 pg[3.c1( v 214'609 lc 214'607 (0'0,214'609] local-les=243 n=123 ec=118 les/c 201/201 242/242/242) [26,3] r=0 lpr=242 pi=200-241/2 crt=214'609 lcod 0'0 mlcod 0'0 inactive m=2] activate - starting recovery
2014-06-09 16:22:11.353806 7f869af78700 5 -- op tracker -- , seq: 1529, time:
2014-06-09 16:22:11.353804, event: started, op: pg_log(1.631 epoch 243 log log((0'0,0'0], crt=0'0) query_epoch 243)
2014-06-09 16:22:11.353811 7f8688f54700 12 OSD::recovery_tp worker wq OSD::RecoveryWQ start processing 0x5552000 (1 active)
2014-06-09 16:22:11.353808 7f868ef60700 10 osd.26 243 queue_for_recovery queued pg[3.c1( v 214'609 lc 214'607 (0'0,214'609] local-les=243 n=123 ec=118 les/c 201/201 242/242/242) [26,3] r=0 lpr=242 pi=200-241/2 crt=214'609 lcod 0'0 mlcod 0'0 inactive m=2]
2014-06-09 16:22:11.353815 7f8688f54700 10 osd.26 243 do_recovery can start 5 (0/15 rops)
2014-06-09 16:22:11.353819 7f86a5610700 10 _do_op 0x309a3020 seq 3087 r = 0, finisher 0x170001c0 0
2014-06-09 16:22:11.353819 7f869af78700 5 -- op tracker -- , seq: 1529, time:
2014-06-09 16:22:11.353816, event: done, op: pg_log(1.631 epoch 243 log log((0'0,0'0], crt=0'0) query_epoch 243)
2014-06-09 16:22:11.353827 7f86a460e700 10 finisher(0x2c100f8) finisher_thread doing [0xbd67500]
2014-06-09 16:22:11.353828 7f869af78700 10 osd.26 243 do_waiters -- start
2014-06-09 16:22:11.353830 7f869af78700 10 osd.26 243 do_waiters -- finish
2014-06-09 16:22:11.353830 7f86a460e700 10 finisher(0x2c100f8) finisher_thread done with [0xbd67500]
2014-06-09 16:22:11.353831 7f86a460e700 10 finisher(0x2c100f8) finisher_thread empty
2014-06-09 16:22:11.353833 7f86a460e700 10 finisher(0x2c100f8) finisher_thread sleeping
2014-06-09 16:22:11.353821 7f868ef60700 10 osd.26 pg_epoch: 243 pg[3.c1( v 214'609 lc 214'607 (0'0,214'609] local-les=243 n=123 ec=118 les/c 201/201 242/242/242) [26,3] r=0 lpr=242 pi=200-241/2 crt=214'609 lcod 0'0 mlcod 0'0 inactive m=2] activate peer osd.3 3.c1( v 214'609 (0'0,214'609] local-les=201 n=123 ec=118 les/c 201/201 242/242/242)
2014-06-09 16:22:11.353836 7f86a5610700 10 _finish_op 0x309a3020 seq 3087 osr(2.372 0x2ed1150)/0x2ed1150
2014-06-09 16:22:11.353840 7f86a5610700 15 KeyValueStore::op_tp worker wq KeyValueStore::OpWQ done processing 0xc3586c0 (1 active)
2014-06-09 16:22:11.353834 7f868ef60700 10 osd.26 pg_epoch: 243 pg[3.c1( v 214'609 lc 214'607 (0'0,214'609] local-les=243 n=123 ec=118 les/c 201/201 242/242/242) [26,3] r=0 lpr=242 pi=200-241/2 crt=214'609 lcod 0'0 mlcod 0'0 inactive m=2] activate peer osd.3 is up to date, queueing in pending_activators
2014-06-09 16:22:11.353841 7f869af78700 10 osd.26 243 do_waiters -- start
2014-06-09 16:22:11.353842 7f86a5610700 12 KeyValueStore::op_tp worker wq KeyValueStore::OpWQ start processing 0xbff4240 (2 active)
2014-06-09 16:22:11.353844 7f869af78700 10 osd.26 243 do_waiters -- finish
2014-06-09 16:22:11.353844 7f86a5610700 5 _do_op 0x2fc8cb40 seq 3088 osr(1.5e 0x384c5d0)/0x384c5d0 start
2014-06-09 16:22:11.353845 7f869af78700 20 osd.26 243 _dispatch 0x3002c900 osd_map(243..243 src has 1..243) v3
2014-06-09 16:22:11.353846 7f86a5610700 10 _do_transaction on 0xc138180
2014-06-09 16:22:11.353849 7f869af78700 3 osd.26 243 handle_osd_map epochs [243,243], i have 243, src has [1,243]
2014-06-09 16:22:11.353851 7f869af78700 10 osd.26 243 no new maps here, dropping
2014-06-09 16:22:11.353852 7f86a5610700 15 _omap_setkeys meta/16ef7597/infos/head//-1
2014-06-09 16:22:11.353853 7f869af78700 10 osd.26 243 do_waiters -- start
2014-06-09 16:22:11.353854 7f869af78700 10 osd.26 243 do_waiters -- finish
2014-06-09 16:22:11.353850 7f868ef60700 10 osd.26 pg_epoch: 243 pg[3.c1( v 214'609 lc 214'607 (0'0,214'609] local-les=243 n=123 ec=118 les/c 201/201 242/242/242) [26,3] r=0 lpr=242 pi=200-241/2 crt=214'609 lcod 0'0 mlcod 0'0 inactive m=2] activate peer osd.3 3.c1( v 214'609 (0'0,214'609] local-les=201 n=123 ec=118 les/c 201/201 242/242/242) uptodate
2014-06-09 16:22:11.353870 7f869af78700 10 osd.26 243 do_waiters -- start
