2014-06-09 16:22:11.365489 7f8689f56700 15 OSD::op_tp worker wq OSD::OpWQ done processing 0x1 (5 active)
2014-06-09 16:22:11.365492 7f8689f56700 20 OSD::op_tp worker waiting
2014-06-09 16:22:11.365482 7f8692767700 10 osd.26 pg_epoch: 243 pg[3.1aa( v 214'499 (0'0,214'499] local-les=191 n=98 ec=118 les/c 191/191 242/242/242) [26,1] r=0 lpr=242 pi=190-241/4 crt=0'0 lcod 0'0 mlcod 0'0 peering] can_handle_while_inactive: 0x19fe1c00
2014-06-09 16:22:11.365503 7f8692767700 10 osd.26 243 dequeue_op 0x19fe1c00 finish
2014-06-09 16:22:11.365494 7f8692f68700 10 osd.26 pg_epoch: 243 pg[3.62a( v 213'708 (0'0,213'708] local-les=210 n=130 ec=118 les/c 210/210 242/242/209) [7,26] r=1 lpr=242 pi=118-241/10 crt=0'0 lcod 0'0 inactive NOTIFY] handle_peering_event: epoch_sent: 243 epoch_requested: 243 MInfoRec from 7 info: 3.62a( v 213'708 (0'0,213'708] local-les=243 n=130 ec=118 les/c 210/210 242/242/209)
2014-06-09 16:22:11.365505 7f8692767700 15 OSD::op_tp worker wq OSD::OpWQ done processing 0x1 (4 active)
2014-06-09 16:22:11.365507 7f8692767700 20 OSD::op_tp worker waiting
2014-06-09 16:22:11.365507 7f8692f68700 10 osd.26 pg_epoch: 243 pg[3.62a( v 213'708 (0'0,213'708] local-les=210 n=130 ec=118 les/c 210/210 242/242/209) [7,26] r=1 lpr=242 pi=118-241/10 crt=0'0 lcod 0'0 inactive NOTIFY] state: got info from osd.7 3.62a( v 213'708 (0'0,213'708] local-les=243 n=130 ec=118 les/c 210/210 242/242/209)
2014-06-09 16:22:11.365520 7f8692f68700 5 osd.26 pg_epoch: 243 pg[3.62a( v 213'708 (0'0,213'708] local-les=210 n=130 ec=118 les/c 210/210 242/242/209) [7,26] r=1 lpr=242 pi=118-241/10 crt=0'0 lcod 0'0 inactive NOTIFY] exit Started/Stray 1.087025 7 0.002961
2014-06-09 16:22:11.365530 7f8692f68700 5 osd.26 pg_epoch: 243 pg[3.62a( v 213'708 (0'0,213'708] local-les=210 n=130 ec=118 les/c 210/210 242/242/209) [7,26] r=1 lpr=242 pi=118-241/10 crt=0'0 lcod 0'0 inactive NOTIFY] enter Started/ReplicaActive
2014-06-09 16:22:11.365541 7f8692f68700 5 osd.26 pg_epoch: 243 pg[3.62a( v 213'708 (0'0,213'708] local-les=210 n=130 ec=118 les/c 210/210 242/242/209) [7,26] r=1 lpr=242 pi=118-241/10 crt=0'0 lcod 0'0 inactive NOTIFY] enter Started/ReplicaActive/RepNotRecovering
2014-06-09 16:22:11.365551 7f8692f68700 10 osd.26 pg_epoch: 243 pg[3.62a( v 213'708 (0'0,213'708] local-les=210 n=130 ec=118 les/c 210/210 242/242/209) [7,26] r=1 lpr=242 pi=118-241/10 crt=0'0 lcod 0'0 inactive NOTIFY] state: In ReplicaActive, about to call activate
2014-06-09 16:22:11.365561 7f8692f68700 10 osd.26 pg_epoch: 243 pg[3.62a( v 213'708 (0'0,213'708] local-les=243 n=130 ec=118 les/c 210/210 242/242/209) [7,26] r=1 lpr=242 pi=118-241/10 crt=0'0 lcod 0'0 inactive] activate - no missing, moving last_complete 213'708 -> 213'708
2014-06-09 16:22:11.365613 7f8692f68700 10 osd.26 pg_epoch: 243 pg[3.62a( v 213'708 (0'0,213'708] local-les=243 n=130 ec=118 les/c 210/210 242/242/209) [7,26] r=1 lpr=242 pi=118-241/10 crt=0'0 lcod 0'0 inactive] state: Activate Finished
2014-06-09 16:22:11.365654 7f8692f68700 10 log is not dirty
2014-06-09 16:22:11.365659 7f8692f68700 5 queue_transactions existing osr(3.62a 0x3ed1aa0)/0x3ed1aa0
2014-06-09 16:22:11.365661 7f8692f68700 10 op_submit_start 3101
2014-06-09 16:22:11.365662 7f8692f68700 5 queue_transactions (trailing journal) 3101
2014-06-09 16:22:11.365664 7f8692f68700 5 queue_op 0x30606300 seq 3101 osr(3.62a 0x3ed1aa0) 1335 bytes (queue has 10 ops and 18074 bytes)
2014-06-09 16:22:11.365666 7f8692f68700 10 op_submit_finish 3101
2014-06-09 16:22:11.365670 7f8692f68700 15 OSD::op_tp worker wq OSD::PeeringWQ done processing 0xcb40520 (3 active)
2014-06-09 16:22:11.365673 7f8692f68700 20 OSD::op_tp worker waiting
2014-06-09 16:22:11.365681 7f86a4e0f700 10 osd.26 pg_epoch: 243 pg[0.708( empty local-les=243 n=0 ec=1 les/c 203/203 242/242/242) [26,4] r=0 lpr=242 pi=202-241/2 crt=0'0 mlcod 0'0 inactive] flushed
2014-06-09 16:22:11.365698 7f86a4e0f700 10 osd.26 pg_epoch: 243 pg[1.1eb( empty local-les=243 n=0 ec=1 les/c 212/212 242/242/242) [26,8] r=0 lpr=242 pi=211-241/2 crt=0'0 mlcod 0'0 inactive] _activate_committed 243 peer_activated now 26 last_epoch_started 212 same_interval_since 242
2014-06-09 16:22:11.365709 7f86a4e0f700 10 osd.26 pg_epoch: 243 pg[1.1eb( empty local-les=243 n=0 ec=1 les/c 212/212 242/242/242) [26,8] r=0 lpr=242 pi=211-241/2 crt=0'0 mlcod 0'0 inactive] flushed
2014-06-09 16:22:11.365726 7f868af58700 12 OSD::op_tp worker wq OSD::PeeringWQ start processing 0xc711a90 (4 active)
2014-06-09 16:22:11.365723 7f86a4e0f700 10 osd.26 pg_epoch: 243 pg[1.1eb( empty local-les=243 n=0 ec=1 les/c 212/212 242/242/242) [26,8] r=0 lpr=242 pi=211-241/2 crt=0'0 mlcod 0'0 inactive] flushed
2014-06-09 16:22:11.365732 7f868af58700 10 osd.26 pg_epoch: 243 pg[0.708( empty local-les=243 n=0 ec=1 les/c 203/203 242/242/242) [26,4] r=0 lpr=242 pi=202-241/2 crt=0'0 mlcod 0'0 inactive] handle_peering_event: epoch_sent: 243 epoch_requested: 243 FlushedEvt
2014-06-09 16:22:11.365747 7f868af58700 10 log is not dirty
2014-06-09 16:22:11.365740 7f86a4e0f700 10 osd.26 pg_epoch: 243 pg[2.4b5( empty local-les=243 n=0 ec=1 les/c 212/212 242/242/242) [26,8] r=0 lpr=242 pi=211-241/2 crt=0'0 mlcod 0'0 inactive] _activate_committed 243 peer_activated now 26 last_epoch_started 212 same_interval_since 242
2014-06-09 16:22:11.365750 7f86a4e0f700 10 osd.26 pg_epoch: 243 pg[2.4b5( empty local-les=243 n=0 ec=1 les/c 212/212 242/242/242) [26,8] r=0 lpr=242 pi=211-241/2 crt=0'0 mlcod 0'0 inactive] flushed
2014-06-09 16:22:11.365752 7f868af58700 10 osd.26 pg_epoch: 243 pg[0.708( empty local-les=243 n=0 ec=1 les/c 203/203 242/242/242) [26,4] r=0 lpr=242 pi=202-241/2 crt=0'0 mlcod 0'0 inactive] handle_peering_event: epoch_sent: 243 epoch_requested: 243 FlushedEvt
2014-06-09 16:22:11.365762 7f86a4e0f700 10 osd.26 pg_epoch: 243 pg[2.4b5( empty local-les=243 n=0 ec=1 les/c 212/212 242/242/242) [26,8] r=0 lpr=242 pi=211-241/2 crt=0'0 mlcod 0'0 inactive] flushed
2014-06-09 16:22:11.365762 7f868af58700 15 osd.26 pg_epoch: 243 pg[0.708( empty local-les=243 n=0 ec=1 les/c 203/203 242/242/242) [26,4] r=0 lpr=242 pi=202-241/2 crt=0'0 mlcod 0'0 inactive] requeue_ops
2014-06-09 16:22:11.365772 7f868af58700 10 log is not dirty
2014-06-09 16:22:11.365775 7f868af58700 10 osd.26 pg_epoch: 243 pg[1.1eb( empty local-les=243 n=0 ec=1 les/c 212/212 242/242/242) [26,8] r=0 lpr=242 pi=211-241/2 crt=0'0 mlcod 0'0 inactive] handle_peering_event: epoch_sent: 243 epoch_requested: 243 FlushedEvt
2014-06-09 16:22:11.365777 7f86a4e0f700 10 osd.26 pg_epoch: 243 pg[0.759( empty local-les=243 n=0 ec=1 les/c 203/203 242/242/242) [26,4] r=0 lpr=242 pi=202-241/2 crt=0'0 mlcod 0'0 inactive] _activate_committed 243 peer_activated now 26 last_epoch_started 203 same_interval_since 242
2014-06-09 16:22:11.365788 7f868af58700 10 log is not dirty
2014-06-09 16:22:11.365788 7f86a4e0f700 10 osd.26 pg_epoch: 243 pg[0.759( empty local-les=243 n=0 ec=1 les/c 203/203 242/242/242) [26,4] r=0 lpr=242 pi=202-241/2 crt=0'0 mlcod 0'0 inactive] flushed
2014-06-09 16:22:11.365794 7f868af58700 15 OSD::op_tp worker wq OSD::PeeringWQ done processing 0xc711a90 (3 active)
2014-06-09 16:22:11.365798 7f868af58700 12 OSD::op_tp worker wq OSD::PeeringWQ start processing 0xc711a90 (4 active)
2014-06-09 16:22:11.365802 7f8691f66700 20 OSD::op_tp worker waiting
2014-06-09 16:22:11.365808 7f8690763700 20 OSD::op_tp worker waiting
2014-06-09 16:22:11.365803 7f868af58700 10 osd.26 pg_epoch: 243 pg[1.1eb( empty local-les=243 n=0 ec=1 les/c 212/212 242/242/242) [26,8] r=0 lpr=242 pi=211-241/2 crt=0'0 mlcod 0'0 inactive] handle_peering_event: epoch_sent: 243 epoch_requested: 243 FlushedEvt
2014-06-09 16:22:11.365812 7f868af58700 15 osd.26 pg_epoch: 243 pg[1.1eb( empty local-les=243 n=0 ec=1 les/c 212/212 242/242/242) [26,8] r=0 lpr=242 pi=211-241/2 crt=0'0 mlcod 0'0 inactive] requeue_ops
2014-06-09 16:22:11.365821 7f868af58700 10 log is not dirty
2014-06-09 16:22:11.365815 7f86a4e0f700 10 osd.26 pg_epoch: 243 pg[0.759( empty local-les=243 n=0 ec=1 les/c 203/203 242/242/242) [26,4] r=0 lpr=242 pi=202-241/2 crt=0'0 mlcod 0'0 inactive] flushed
2014-06-09 16:22:11.365830 7f868f761700 12 OSD::op_tp worker wq OSD::PeeringWQ start processing 0xb7f0270 (5 active)
2014-06-09 16:22:11.365825 7f868af58700 10 osd.26 pg_epoch: 243 pg[2.4b5( empty local-les=243 n=0 ec=1 les/c 212/212 242/242/242) [26,8] r=0 lpr=242 pi=211-241/2 crt=0'0 mlcod 0'0 inactive] handle_peering_event: epoch_sent: 243 epoch_requested: 243 FlushedEvt
2014-06-09 16:22:11.365837 7f868af58700 10 log is not dirty
2014-06-09 16:22:11.365835 7f868f761700 10 osd.26 pg_epoch: 243 pg[0.759( empty local-les=243 n=0 ec=1 les/c 203/203 242/242/242) [26,4] r=0 lpr=242 pi=202-241/2 crt=0'0 mlcod 0'0 inactive] handle_peering_event: epoch_sent: 243 epoch_requested: 243 FlushedEvt
2014-06-09 16:22:11.365840 7f868af58700 10 osd.26 pg_epoch: 243 pg[2.4b5( empty local-les=243 n=0 ec=1 les/c 212/212 242/242/242) [26,8] r=0 lpr=242 pi=211-241/2 crt=0'0 mlcod 0'0 inactive] handle_peering_event: epoch_sent: 243 epoch_requested: 243 FlushedEvt
2014-06-09 16:22:11.365850 7f868f761700 10 log is not dirty
2014-06-09 16:22:11.365849 7f868af58700 15 osd.26 pg_epoch: 243 pg[2.4b5( empty local-les=243 n=0 ec=1 les/c 212/212 242/242/242) [26,8] r=0 lpr=242 pi=211-241/2 crt=0'0 mlcod 0'0 inactive] requeue_ops
2014-06-09 16:22:11.365858 7f868af58700 10 log is not dirty
2014-06-09 16:22:11.365854 7f868f761700 10 osd.26 pg_epoch: 243 pg[0.759( empty local-les=243 n=0 ec=1 les/c 203/203 242/242/242) [26,4] r=0 lpr=242 pi=202-241/2 crt=0'0 mlcod 0'0 inactive] handle_peering_event: epoch_sent: 243 epoch_requested: 243 FlushedEvt
2014-06-09 16:22:11.365862 7f868af58700 15 OSD::op_tp worker wq OSD::PeeringWQ done processing 0xc711a90 (4 active)
2014-06-09 16:22:11.365865 7f868af58700 20 OSD::op_tp worker waiting
2014-06-09 16:22:11.365870 7f8691765700 20 OSD::op_tp worker waiting
2014-06-09 16:22:11.365865 7f868f761700 15 osd.26 pg_epoch: 243 pg[0.759( empty local-les=243 n=0 ec=1 les/c 203/203 242/242/242) [26,4] r=0 lpr=242 pi=202-241/2 crt=0'0 mlcod 0'0 inactive] requeue_ops
2014-06-09 16:22:11.365874 7f868f761700 10 log is not dirty
2014-06-09 16:22:11.365875 7f8689755700 20 OSD::op_tp worker waiting
2014-06-09 16:22:11.365873 7f86a4e0f700 10 finisher(0x2c10388) finisher_thread done with [0x306cf660,0x3061fbc0,0xc169ac0,0x30508360,0x19940600,0x13964aa0]
2014-06-09 16:22:11.365878 7f868f761700 15 OSD::op_tp worker wq OSD::PeeringWQ done processing 0xb7f0270 (3 active)
2014-06-09 16:22:11.365881 7f868f761700 20 OSD::op_tp worker waiting
2014-06-09 16:22:11.365877 7f86a4e0f700 10 finisher(0x2c10388) finisher_thread doing [0x2d7398c0,0x3050ab20,0xc6e9340,0x3050bee0,0x189aa0e0,0xbd70da0,0x305091c0,0xbd72e60,0xbd682a0,0xc40d720,0x13964460,0xbdbb960,0xbd6ac60,0x170011c0,0xbd6c3e0,0x19940c00,0xbebe380,0x170001c0,0x1a0022e0,0x1322c680,0x18742a00,0x306cf140,0x3062ade0]
2014-06-09 16:22:11.365887 7f868cf5c700 20 OSD::op_tp worker waiting
2014-06-09 16:22:11.365892 7f868a757700 20 OSD::op_tp worker waiting
2014-06-09 16:22:11.365884 7f86a4e0f700 10 osd.26 pg_epoch: 243 pg[1.1c9( empty local-les=243 n=0 ec=1 les/c 203/203 242/242/242) [26,4] r=0 lpr=242 pi=202-241/2 crt=0'0 mlcod 0'0 inactive] _activate_committed 243 peer_activated now 26 last_epoch_started 203 same_interval_since 242
2014-06-09 16:22:11.365896 7f868b759700 20 OSD::op_tp worker waiting
2014-06-09 16:22:11.365900 7f868ff62700 20 OSD::op_tp worker waiting
2014-06-09 16:22:11.365896 7f86a4e0f700 10 osd.26 pg_epoch: 243 pg[1.1c9( empty local-les=243 n=0 ec=1 les/c 203/203 242/242/242) [26,4] r=0 lpr=242 pi=202-241/2 crt=0'0 mlcod 0'0 inactive] flushed
2014-06-09 16:22:11.365908 7f86a4e0f700 10 osd.26 pg_epoch: 243 pg[1.1c9( empty local-les=243 n=0 ec=1 les/c 203/203 242/242/242) [26,4] r=0 lpr=242 pi=202-241/2 crt=0'0 mlcod 0'0 inactive] flushed
2014-06-09 16:22:11.365923 7f86a4e0f700 10 osd.26 pg_epoch: 243 pg[1.75b( empty local-les=243 n=0 ec=1 les/c 203/203 242/242/242) [26,4] r=0 lpr=242 pi=202-241/2 crt=0'0 mlcod 0'0 inactive] _activate_committed 243 peer_activated now 26 last_epoch_started 203 same_interval_since 242
2014-06-09 16:22:11.365933 7f86a4e0f700 10 osd.26 pg_epoch: 243 pg[1.75b( empty local-les=243 n=0 ec=1 les/c 203/203 242/242/242) [26,4] r=0 lpr=242 pi=202-241/2 crt=0'0 mlcod 0'0 inactive] flushed
2014-06-09 16:22:11.365996 7f868bf5a700 15 OSD::op_tp worker wq OSD::OpWQ done processing 0x1 (2 active)
2014-06-09 16:22:11.366001 7f868bf5a700 12 OSD::op_tp worker wq OSD::PeeringWQ start processing 0xb7f02e0 (3 active)
2014-06-09 16:22:11.366004 7f868bf5a700 10 osd.26 pg_epoch: 243 pg[1.1c9( empty local-les=243 n=0 ec=1 les/c 203/203 242/242/242) [26,4] r=0 lpr=242 pi=202-241/2 crt=0'0 mlcod 0'0 inactive] handle_peering_event: epoch_sent: 243 epoch_requested: 243 FlushedEvt
2014-06-09 16:22:11.366018 7f868bf5a700 10 log is not dirty
2014-06-09 16:22:11.366022 7f868bf5a700 10 osd.26 pg_epoch: 243 pg[1.1c9( empty local-les=243 n=0 ec=1 les/c 203/203 242/242/242) [26,4] r=0 lpr=242 pi=202-241/2 crt=0'0 mlcod 0'0 inactive] handle_peering_event: epoch_sent: 243 epoch_requested: 243 FlushedEvt
2014-06-09 16:22:11.366031 7f868bf5a700 15 osd.26 pg_epoch: 243 pg[1.1c9( empty local-les=243 n=0 ec=1 les/c 203/203 242/242/242) [26,4] r=0 lpr=242 pi=202-241/2 crt=0'0 mlcod 0'0 inactive] requeue_ops
2014-06-09 16:22:11.366097 7f868bf5a700 10 log is not dirty
2014-06-09 16:22:11.366103 7f868bf5a700 15 OSD::op_tp worker wq OSD::PeeringWQ done processing 0xb7f02e0 (2 active)
2014-06-09 16:22:11.366106 7f868bf5a700 20 OSD::op_tp worker waiting
2014-06-09 16:22:11.366185 7f86a4e0f700 10 osd.26 pg_epoch: 243 pg[1.75b( empty local-les=243 n=0 ec=1 les/c 203/203 242/242/242) [26,4] r=0 lpr=242 pi=202-241/2 crt=0'0 mlcod 0'0 inactive] flushed
2014-06-09 16:22:11.366227 7f868df5e700 12 OSD::op_tp worker wq OSD::PeeringWQ start processing 0xb7f02a0 (3 active)
2014-06-09 16:22:11.366235 7f8689f56700 20 OSD::op_tp worker waiting
2014-06-09 16:22:11.366229 7f86a4e0f700 10 osd.26 pg_epoch: 243 pg[1.4db( empty local-les=243 n=0 ec=1 les/c 210/210 242/242/209) [7,26] r=1 lpr=242 pi=1-241/24 crt=0'0 inactive] _activate_committed 243 telling primary
2014-06-09 16:22:11.366234 7f868df5e700 10 osd.26 pg_epoch: 243 pg[1.75b( empty local-les=243 n=0 ec=1 les/c 203/203 242/242/242) [26,4] r=0 lpr=242 pi=202-241/2 crt=0'0 mlcod 0'0 inactive] handle_peering_event: epoch_sent: 243 epoch_requested: 243 FlushedEvt
2014-06-09 16:22:11.366243 7f868c75b700 20 OSD::op_tp worker waiting
2014-06-09 16:22:11.366245 7f86a4e0f700 20 osd.26 243 share_map_peer 0xbfa6580 already has epoch 243
2014-06-09 16:22:11.366253 7f868df5e700 10 log is not dirty
2014-06-09 16:22:11.366257 7f868df5e700 10 osd.26 pg_epoch: 243 pg[1.75b( empty local-les=243 n=0 ec=1 les/c 203/203 242/242/242) [26,4] r=0 lpr=242 pi=202-241/2 crt=0'0 mlcod 0'0 inactive] handle_peering_event: epoch_sent: 243 epoch_requested: 243 FlushedEvt
2014-06-09 16:22:11.366267 7f868df5e700 15 osd.26 pg_epoch: 243 pg[1.75b( empty local-les=243 n=0 ec=1 les/c 203/203 242/242/242) [26,4] r=0 lpr=242 pi=202-241/2 crt=0'0 mlcod 0'0 inactive] requeue_ops
2014-06-09 16:22:11.366277 7f868df5e700 10 log is not dirty
2014-06-09 16:22:11.366283 7f868df5e700 15 OSD::op_tp worker wq OSD::PeeringWQ done processing 0xb7f02a0 (2 active)
2014-06-09 16:22:11.366286 7f868df5e700 20 OSD::op_tp worker waiting
2014-06-09 16:22:11.366288 7f86a4e0f700 10 osd.26 pg_epoch: 243 pg[1.4db( empty local-les=243 n=0 ec=1 les/c 210/210 242/242/209) [7,26] r=1 lpr=242 pi=1-241/24 crt=0'0 active] flushed
2014-06-09 16:22:11.366332 7f8692767700 12 OSD::op_tp worker wq OSD::PeeringWQ start processing 0xb7f0210 (3 active)
2014-06-09 16:22:11.366333 7f86a4e0f700 10 osd.26 pg_epoch: 243 pg[2.74b( empty local-les=243 n=0 ec=1 les/c 210/210 242/242/242) [26,7] r=0 lpr=242 pi=209-241/2 crt=0'0 mlcod 0'0 inactive] _activate_committed 243 peer_activated now 26 last_epoch_started 210 same_interval_since 242
2014-06-09 16:22:11.366338 7f8692767700 10 osd.26 pg_epoch: 243 pg[1.4db( empty local-les=243 n=0 ec=1 les/c 210/210 242/242/209) [7,26] r=1 lpr=242 pi=1-241/24 crt=0'0 active] handle_peering_event: epoch_sent: 243 epoch_requested: 243 FlushedEvt
2014-06-09 16:22:11.366346 7f86a4e0f700 10 osd.26 pg_epoch: 243 pg[2.74b( empty local-les=243 n=0 ec=1 les/c 210/210 242/242/242) [26,7] r=0 lpr=242 pi=209-241/2 crt=0'0 mlcod 0'0 inactive] flushed
2014-06-09 16:22:11.366351 7f8692767700 15 osd.26 pg_epoch: 243 pg[1.4db( empty local-les=243 n=0 ec=1 les/c 210/210 242/242/209) [7,26] r=1 lpr=242 pi=1-241/24 crt=0'0 active] requeue_ops
2014-06-09 16:22:11.366361 7f8692767700 10 log is not dirty
2014-06-09 16:22:11.366367 7f8692767700 15 OSD::op_tp worker wq OSD::PeeringWQ done processing 0xb7f0210 (2 active)
2014-06-09 16:22:11.366370 7f8692767700 12 OSD::op_tp worker wq OSD::PeeringWQ start processing 0xb7f0210 (3 active)
2014-06-09 16:22:11.366362 7f86a4e0f700 10 osd.26 pg_epoch: 243 pg[3.17( v 213'672 (0'0,213'672] local-les=243 n=137 ec=118 les/c 191/191 242/242/220) [0,26] r=1 lpr=242 pi=118-241/12 crt=0'0 lcod 0'0 inactive] _activate_committed 243 telling primary
2014-06-09 16:22:11.366378 7f86a4e0f700 20 osd.26 243 share_map_peer 0xbf6e6e0 already has epoch 243
2014-06-09 16:22:11.366373 7f8692767700 10 osd.26 pg_epoch: 243 pg[2.74b( empty local-les=243 n=0 ec=1 les/c 210/210 242/242/242) [26,7] r=0 lpr=242 pi=209-241/2 crt=0'0 mlcod 0'0 inactive] handle_peering_event: epoch_sent: 243 epoch_requested: 243 FlushedEvt
2014-06-09 16:22:11.366394 7f86a4e0f700 10 osd.26 pg_epoch: 243 pg[3.17( v 213'672 (0'0,213'672] local-les=243 n=137 ec=118 les/c 191/191 242/242/220) [0,26] r=1 lpr=242 pi=118-241/12 luod=0'0 crt=0'0 lcod 0'0 active] flushed
2014-06-09 16:22:11.366414 7f86a4e0f700 10 osd.26 pg_epoch: 243 pg[2.4f4( empty local-les=243 n=0 ec=1 les/c 191/191 242/242/220) [0,26] r=1 lpr=242 pi=1-241/22 crt=0'0 inactive] _activate_committed 243 telling primary
2014-06-09 16:22:11.366427 7f86a4e0f700 20 osd.26 243 share_map_peer 0xbf6e6e0 already has epoch 243
2014-06-09 16:22:11.366385 7f8692767700 15 osd.26 pg_epoch: 243 pg[2.74b( empty local-les=243 n=0 ec=1 les/c 210/210 242/242/242) [26,7] r=0 lpr=242 pi=209-241/2 crt=0'0 mlcod 0'0 inactive] requeue_ops
2014-06-09 16:22:11.366434 7f8692767700 10 log is not dirty
2014-06-09 16:22:11.366444 7f86a4e0f700 10 osd.26 pg_epoch: 243 pg[2.4f4( empty local-les=243 n=0 ec=1 les/c 191/191 242/242/220) [0,26] r=1 lpr=242 pi=1-241/22 crt=0'0 active] flushed
2014-06-09 16:22:11.366463 7f8692767700 15 OSD::op_tp worker wq OSD::PeeringWQ done processing 0xb7f0210 (2 active)
2014-06-09 16:22:11.366468 7f8692767700 12 OSD::op_tp worker wq OSD::PeeringWQ start processing 0xb7f0210 (3 active)
2014-06-09 16:22:11.366462 7f86a4e0f700 10 osd.26 pg_epoch: 243 pg[3.7d4( v 214'543 (0'0,214'543] local-les=243 n=110 ec=118 les/c 191/191 242/242/242) [26,1] r=0 lpr=242 pi=190-241/4 crt=0'0 lcod 0'0 mlcod 0'0 inactive] _activate_committed 243 peer_activated now 26 last_epoch_started 191 same_interval_since 242
2014-06-09 16:22:11.366477 7f86a4e0f700 10 osd.26 pg_epoch: 243 pg[3.7d4( v 214'543 (0'0,214'543] local-les=243 n=110 ec=118 les/c 191/191 242/242/242) [26,1] r=0 lpr=242 pi=190-241/4 crt=0'0 lcod 0'0 mlcod 0'0 inactive] flushed
2014-06-09 16:22:11.366498 7f868af58700 12 OSD::op_tp worker wq OSD::PeeringWQ start processing 0xc711a90 (4 active)
2014-06-09 16:22:11.366496 7f86a4e0f700 10 osd.26 pg_epoch: 243 pg[2.312( empty local-les=243 n=0 ec=1 les/c 191/191 242/242/222) [1,26] r=1 lpr=242 pi=1-241/22 crt=0'0 inactive] _activate_committed 243 telling primary
2014-06-09 16:22:11.366510 7f86a4e0f700 20 osd.26 243 share_map_peer 0xc13cdc0 already has epoch 243
2014-06-09 16:22:11.366502 7f868af58700 10 osd.26 pg_epoch: 243 pg[3.7d4( v 214'543 (0'0,214'543] local-les=243 n=110 ec=118 les/c 191/191 242/242/242) [26,1] r=0 lpr=242 pi=190-241/4 crt=0'0 lcod 0'0 mlcod 0'0 inactive] handle_peering_event: epoch_sent: 243 epoch_requested: 243 FlushedEvt
2014-06-09 16:22:11.366516 7f868af58700 15 osd.26 pg_epoch: 243 pg[3.7d4( v 214'543 (0'0,214'543] local-les=243 n=110 ec=118 les/c 191/191 242/242/242) [26,1] r=0 lpr=242 pi=190-241/4 crt=0'0 lcod 0'0 mlcod 0'0 inactive] requeue_ops 0x16058e00,0x16058d00,0x16058c00,0x16058b00,0x16058a00,0x1804d000
2014-06-09 16:22:11.366525 7f86a4e0f700 10 osd.26 pg_epoch: 243 pg[2.312( empty local-les=243 n=0 ec=1 les/c 191/191 242/242/222) [1,26] r=1 lpr=242 pi=1-241/22 crt=0'0 active] flushed
2014-06-09 16:22:11.366560 7f868af58700 10 log is not dirty
2014-06-09 16:22:11.366563 7f868f761700 12 OSD::op_tp worker wq OSD::OpWQ start processing 0x1 (5 active)
2014-06-09 16:22:11.366574 7f8691765700 12 OSD::op_tp worker wq OSD::OpWQ start processing 0x1 (6 active)
2014-06-09 16:22:11.366583 7f8689755700 12 OSD::op_tp worker wq OSD::OpWQ start processing 0x1 (7 active)
2014-06-09 16:22:11.366590 7f868cf5c700 12 OSD::op_tp worker wq OSD::OpWQ start processing 0x1 (8 active)
2014-06-09 16:22:11.366578 7f868f761700 10 osd.26 243 dequeue_op 0x16058e00 prio 63 cost 835584 latency 1.116551 osd_op(client.4574.0:31715 rbd_data.117e6b8b4567.00000000000014c0 [set-alloc-hint object_size 4194304 write_size 4194304,write 0~835584] 3.131917d4 RETRY=3 ack+ondisk+retry+write e242) v4 pg pg[3.7d4( v 214'543 (0'0,214'543] local-les=243 n=110 ec=118 les/c 191/191 242/242/242) [26,1] r=0 lpr=242 pi=190-241/4 crt=0'0 lcod 0'0 mlcod 0'0 inactive]
2014-06-09 16:22:11.366599 7f8692f68700 12 OSD::op_tp worker wq OSD::OpWQ start processing 0x1 (9 active)
2014-06-09 16:22:11.366603 7f868f761700 5 -- op tracker -- , seq: 197, time:
2014-06-09 16:22:11.366598, event: reached_pg, op: osd_op(client.4574.0:31715 rbd_data.117e6b8b4567.00000000000014c0 [set-alloc-hint object_size 4194304 write_size 4194304,write 0~835584] 3.131917d4 RETRY=3 ack+ondisk+retry+write e242)
2014-06-09 16:22:11.366608 7f8691f66700 12 OSD::op_tp worker wq OSD::OpWQ start processing 0x1 (10 active)
2014-06-09 16:22:11.366614 7f8690763700 20 OSD::op_tp worker waiting
2014-06-09 16:22:11.366621 7f868a757700 12 OSD::op_tp worker wq OSD::PeeringWQ start processing 0xb7f0310 (11 active)
2014-06-09 16:22:11.366611 7f868f761700 20 osd.26 pg_epoch: 243 pg[3.7d4( v 214'543 (0'0,214'543] local-les=243 n=110 ec=118 les/c 191/191 242/242/242) [26,1] r=0 lpr=242 pi=190-241/4 crt=0'0 lcod 0'0 mlcod 0'0 inactive] op_has_sufficient_caps pool=3 (ceph ) owner=0 need_read_cap=0 need_write_cap=1 need_class_read_cap=0 need_class_write_cap=0 -> yes
2014-06-09 16:22:11.366625 7f868f761700 10 osd.26 pg_epoch: 243 pg[3.7d4( v 214'543 (0'0,214'543] local-les=243 n=110 ec=118 les/c 191/191 242/242/242) [26,1] r=0 lpr=242 pi=190-241/4 crt=0'0 lcod 0'0 mlcod 0'0 inactive] can_handle_while_inactive: 0x16058e00
2014-06-09 16:22:11.366624 7f86a4e0f700 10 osd.26 pg_epoch: 243 pg[3.7ce( v 213'606 (0'0,213'606] local-les=243 n=114 ec=118 les/c 191/191 242/242/220) [0,26] r=1 lpr=242 pi=118-241/12 crt=0'0 lcod 0'0 inactive] _activate_committed 243 telling primary
2014-06-09 16:22:11.366633 7f868f761700 10 osd.26 243 dequeue_op 0x16058e00 finish
2014-06-09 16:22:11.366625 7f868a757700 10 osd.26 pg_epoch: 243 pg[2.312( empty local-les=243 n=0 ec=1 les/c 191/191 242/242/222) [1,26] r=1 lpr=242 pi=1-241/22 crt=0'0 active] handle_peering_event: epoch_sent: 243 epoch_requested: 243 FlushedEvt
2014-06-09 16:22:11.366638 7f868f761700 15 OSD::op_tp worker wq OSD::OpWQ done processing 0x1 (10 active)
2014-06-09 16:22:11.366638 7f86a4e0f700 20 osd.26 243 share_map_peer 0xbf6e6e0 already has epoch 243
2014-06-09 16:22:11.366641 7f868f761700 20 OSD::op_tp worker waiting
2014-06-09 16:22:11.366638 7f868a757700 15 osd.26 pg_epoch: 243 pg[2.312( empty local-les=243 n=0 ec=1 les/c 191/191 242/242/222) [1,26] r=1 lpr=242 pi=1-241/22 crt=0'0 active] requeue_ops
2014-06-09 16:22:11.366648 7f868a757700 10 log is not dirty
2014-06-09 16:22:11.366654 7f868a757700 15 OSD::op_tp worker wq OSD::PeeringWQ done processing 0xb7f0310 (9 active)
2014-06-09 16:22:11.366656 7f868a757700 20 OSD::op_tp worker waiting
2014-06-09 16:22:11.366646 7f8691765700 10 osd.26 243 dequeue_op 0x16058d00 prio 63 cost 516096 latency 1.082827 osd_op(client.4574.0:31716 rbd_data.117e6b8b4567.00000000000014c0 [set-alloc-hint object_size 4194304 write_size 4194304,write 835584~516096] 3.131917d4 RETRY=3 ack+ondisk+retry+write e242) v4 pg pg[3.7d4( v 214'543 (0'0,214'543] local-les=243 n=110 ec=118 les/c 191/191 242/242/242) [26,1] r=0 lpr=242 pi=190-241/4 crt=0'0 lcod 0'0 mlcod 0'0 inactive]
2014-06-09 16:22:11.366652 7f86a4e0f700 10 osd.26 pg_epoch: 243 pg[3.7ce( v 213'606 (0'0,213'606] local-les=243 n=114 ec=118 les/c 191/191 242/242/220) [0,26] r=1 lpr=242 pi=118-241/12 luod=0'0 crt=0'0 lcod 0'0 active] flushed
2014-06-09 16:22:11.366661 7f868b759700 20 OSD::op_tp worker waiting
2014-06-09 16:22:11.366471 7f8692767700 10 osd.26 pg_epoch: 243 pg[3.17( v 213'672 (0'0,213'672] local-les=243 n=137 ec=118 les/c 191/191 242/242/220) [0,26] r=1 lpr=242 pi=118-241/12 luod=0'0 crt=0'0 lcod 0'0 active] handle_peering_event: epoch_sent: 243 epoch_requested: 243 FlushedEvt
2014-06-09 16:22:11.366665 7f8691765700 5 -- op tracker -- , seq: 199, time:
2014-06-09 16:22:11.366661, event: reached_pg, op: osd_op(client.4574.0:31716 rbd_data.117e6b8b4567.00000000000014c0 [set-alloc-hint object_size 4194304 write_size 4194304,write 835584~516096] 3.131917d4 RETRY=3 ack+ondisk+retry+write e242)
2014-06-09 16:22:11.366666 7f8692767700 15 osd.26 pg_epoch: 243 pg[3.17( v 213'672 (0'0,213'672] local-les=243 n=137 ec=118 les/c 191/191 242/242/220) [0,26] r=1 lpr=242 pi=118-241/12 luod=0'0 crt=0'0 lcod 0'0 active] requeue_ops
2014-06-09 16:22:11.366678 7f8692767700 10 log is not dirty
2014-06-09 16:22:11.366672 7f8691765700 20 osd.26 pg_epoch: 243 pg[3.7d4( v 214'543 (0'0,214'543] local-les=243 n=110 ec=118 les/c 191/191 242/242/242) [26,1] r=0 lpr=242 pi=190-241/4 crt=0'0 lcod 0'0 mlcod 0'0 inactive] op_has_sufficient_caps pool=3 (ceph ) owner=0 need_read_cap=0 need_write_cap=1 need_class_read_cap=0 need_class_write_cap=0 -> yes
2014-06-09 16:22:11.366682 7f8692767700 10 osd.26 pg_epoch: 243 pg[2.4f4( empty local-les=243 n=0 ec=1 les/c 191/191 242/242/220) [0,26] r=1 lpr=242 pi=1-241/22 crt=0'0 active] handle_peering_event: epoch_sent: 243 epoch_requested: 243 FlushedEvt
2014-06-09 16:22:11.366684 7f8691765700 10 osd.26 pg_epoch: 243 pg[3.7d4( v 214'543 (0'0,214'543] local-les=243 n=110 ec=118 les/c 191/191 242/242/242) [26,1] r=0 lpr=242 pi=190-241/4 crt=0'0 lcod 0'0 mlcod 0'0 inactive] can_handle_while_inactive: 0x16058d00
2014-06-09 16:22:11.366694 7f8691765700 10 osd.26 243 dequeue_op 0x16058d00 finish
2014-06-09 16:22:11.366700 7f8691765700 15 OSD::op_tp worker wq OSD::OpWQ done processing 0x1 (8 active)
2014-06-09 16:22:11.366703 7f8691765700 12 OSD::op_tp worker wq OSD::PeeringWQ start processing 0xb7f0230 (9 active)
2014-06-09 16:22:11.366707 7f8691765700 10 osd.26 pg_epoch: 243 pg[3.7ce( v 213'606 (0'0,213'606] local-les=243 n=114 ec=118 les/c 191/191 242/242/220) [0,26] r=1 lpr=242 pi=118-241/12 luod=0'0 crt=0'0 lcod 0'0 active] handle_peering_event: epoch_sent: 243 epoch_requested: 243 FlushedEvt
2014-06-09 16:22:11.366702 7f8689755700 10 osd.26 243 dequeue_op 0x16058c00 prio 63 cost 516096 latency 1.082153 osd_op(client.4574.0:31717 rbd_data.117e6b8b4567.00000000000014c0 [set-alloc-hint object_size 4194304 write_size 4194304,write 1351680~516096] 3.131917d4 RETRY=3 ack+ondisk+retry+write e242) v4 pg pg[3.7d4( v 214'543 (0'0,214'543] local-les=243 n=110 ec=118 les/c 191/191 242/242/242) [26,1] r=0 lpr=242 pi=190-241/4 crt=0'0 lcod 0'0 mlcod 0'0 inactive]
2014-06-09 16:22:11.366721 7f8691765700 15 osd.26 pg_epoch: 243 pg[3.7ce( v 213'606 (0'0,213'606] local-les=243 n=114 ec=118 les/c 191/191 242/242/220) [0,26] r=1 lpr=242 pi=118-241/12 luod=0'0 crt=0'0 lcod 0'0 active] requeue_ops
2014-06-09 16:22:11.366725 7f8689755700 5 -- op tracker -- , seq: 212, time:
2014-06-09 16:22:11.366720, event: reached_pg, op: osd_op(client.4574.0:31717 rbd_data.117e6b8b4567.00000000000014c0 [set-alloc-hint object_size 4194304 write_size 4194304,write 1351680~516096] 3.131917d4 RETRY=3 ack+ondisk+retry+write e242)
2014-06-09 16:22:11.366732 7f8691765700 10 log is not dirty
2014-06-09 16:22:11.366737 7f868af58700 15 OSD::op_tp worker wq OSD::PeeringWQ done processing 0xc711a90 (8 active)
2014-06-09 16:22:11.366740 7f868af58700 20 OSD::op_tp worker waiting
2014-06-09 16:22:11.366734 7f8689755700 20 osd.26 pg_epoch: 243 pg[3.7d4( v 214'543 (0'0,214'543] local-les=243 n=110 ec=118 les/c 191/191 242/242/242) [26,1] r=0 lpr=242 pi=190-241/4 crt=0'0 lcod 0'0 mlcod 0'0 inactive] op_has_sufficient_caps pool=3 (ceph ) owner=0 need_read_cap=0 need_write_cap=1 need_class_read_cap=0 need_class_write_cap=0 -> yes
2014-06-09 16:22:11.366747 7f8691765700 15 OSD::op_tp worker wq OSD::PeeringWQ done processing 0xb7f0230 (7 active)
2014-06-09 16:22:11.366750 7f8691765700 20 OSD::op_tp worker waiting
2014-06-09 16:22:11.366746 7f8689755700 10 osd.26 pg_epoch: 243 pg[3.7d4( v 214'543 (0'0,214'543] local-les=243 n=110 ec=118 les/c 191/191 242/242/242) [26,1] r=0 lpr=242 pi=190-241/4 crt=0'0 lcod 0'0 mlcod 0'0 inactive] can_handle_while_inactive: 0x16058c00
2014-06-09 16:22:11.366755 7f868bf5a700 20 OSD::op_tp worker waiting
2014-06-09 16:22:11.366755 7f8689755700 10 osd.26 243 dequeue_op 0x16058c00 finish
2014-06-09 16:22:11.366670 7f86a4e0f700 10 osd.26 pg_epoch: 243 pg[1.30( empty local-les=243 n=0 ec=1 les/c 191/191 242/242/220) [0,26] r=1 lpr=242 pi=1-241/22 crt=0'0 inactive] _activate_committed 243 telling primary
2014-06-09 16:22:11.366761 7f8689755700 15 OSD::op_tp worker wq OSD::OpWQ done processing 0x1 (6 active)
2014-06-09 16:22:11.366764 7f8689755700 20 OSD::op_tp worker waiting
2014-06-09 16:22:11.366766 7f86a4e0f700 20 osd.26 243 share_map_peer 0xbf6e6e0 already has epoch 243
2014-06-09 16:22:11.366693 7f8692767700 15 osd.26 pg_epoch: 243 pg[2.4f4( empty local-les=243 n=0 ec=1 les/c 191/191 242/242/220) [0,26] r=1 lpr=242 pi=1-241/22 crt=0'0 active] requeue_ops
2014-06-09 16:22:11.366772 7f8692767700 10 log is not dirty
2014-06-09 16:22:11.366785 7f8692767700 15 OSD::op_tp worker wq OSD::PeeringWQ done processing 0xb7f0210 (5 active)
2014-06-09 16:22:11.366788 7f8692767700 20 OSD::op_tp worker waiting
2014-06-09 16:22:11.366782 7f86a4e0f700 10 osd.26 pg_epoch: 243 pg[1.30( empty local-les=243 n=0 ec=1 les/c 191/191 242/242/220) [0,26] r=1 lpr=242 pi=1-241/22 crt=0'0 active] flushed
2014-06-09 16:22:11.366802 7f8689f56700 12 OSD::op_tp worker wq OSD::PeeringWQ start processing 0xb7f0320 (6 active)
2014-06-09 16:22:11.366800 7f86a4e0f700 10 osd.26 pg_epoch: 243 pg[1.603( empty local-les=243 n=0 ec=1 les/c 210/210 242/242/209) [7,26] r=1 lpr=242 pi=8-241/23 crt=0'0 inactive] _activate_committed 243 telling primary
2014-06-09 16:22:11.366807 7f8689f56700 10 osd.26 pg_epoch: 243 pg[1.30( empty local-les=243 n=0 ec=1 les/c 191/191 242/242/220) [0,26] r=1 lpr=242 pi=1-241/22 crt=0'0 active] handle_peering_event: epoch_sent: 243 epoch_requested: 243 FlushedEvt
2014-06-09 16:22:11.366815 7f86a4e0f700 20 osd.26 243 share_map_peer 0xbfa6580 already has epoch 243
2014-06-09 16:22:11.366819 7f8689f56700 15 osd.26 pg_epoch: 243 pg[1.30( empty local-les=243 n=0 ec=1 les/c 191/191 242/242/220) [0,26] r=1 lpr=242 pi=1-241/22 crt=0'0 active] requeue_ops
2014-06-09 16:22:11.366828 7f8689f56700 10 log is not dirty
2014-06-09 16:22:11.366834 7f8689f56700 15 OSD::op_tp worker wq OSD::PeeringWQ done processing 0xb7f0320 (5 active)
2014-06-09 16:22:11.366836 7f8689f56700 20 OSD::op_tp worker waiting
2014-06-09 16:22:11.366866 7f8692f68700 10 osd.26 243 dequeue_op 0x16058b00 prio 63 cost 1032192 latency 1.075963 osd_op(client.4574.0:31718 rbd_data.117e6b8b4567.00000000000014c0 [set-alloc-hint object_size 4194304 write_size 4194304,write 1867776~1032192] 3.131917d4 RETRY=3 ack+ondisk+retry+write e242) v4 pg pg[3.7d4( v 214'543 (0'0,214'543] local-les=243 n=110 ec=118 les/c 191/191 242/242/242) [26,1] r=0 lpr=242 pi=190-241/4 crt=0'0 lcod 0'0 mlcod 0'0 inactive]
2014-06-09 16:22:11.366989 7f8692f68700 5 -- op tracker -- , seq: 233, time:
2014-06-09 16:22:11.366909, event: reached_pg, op: osd_op(client.4574.0:31718 rbd_data.117e6b8b4567.00000000000014c0 [set-alloc-hint object_size 4194304 write_size 4194304,write 1867776~1032192] 3.131917d4 RETRY=3 ack+ondisk+retry+write e242)
2014-06-09 16:22:11.367002 7f8692f68700 20 osd.26 pg_epoch: 243 pg[3.7d4( v 214'543 (0'0,214'543] local-les=243 n=110 ec=118 les/c 191/191 242/242/242) [26,1] r=0 lpr=242 pi=190-241/4 crt=0'0 lcod 0'0 mlcod 0'0 inactive] op_has_sufficient_caps pool=3 (ceph ) owner=0 need_read_cap=0 need_write_cap=1 need_class_read_cap=0 need_class_write_cap=0 -> yes
2014-06-09 16:22:11.367016 7f8692f68700 10 osd.26 pg_epoch: 243 pg[3.7d4( v 214'543 (0'0,214'543] local-les=243 n=110 ec=118 les/c 191/191 242/242/242) [26,1] r=0 lpr=242 pi=190-241/4 crt=0'0 lcod 0'0 mlcod 0'0 inactive] can_handle_while_inactive: 0x16058b00
2014-06-09 16:22:11.367024 7f8692f68700 10 osd.26 243 dequeue_op 0x16058b00 finish
2014-06-09 16:22:11.367022 7f86a4e0f700 10 osd.26 pg_epoch: 243 pg[1.603( empty local-les=243 n=0 ec=1 les/c 210/210 242/242/209) [7,26] r=1 lpr=242 pi=8-241/23 crt=0'0 active] flushed
2014-06-09 16:22:11.367030 7f8692f68700 15 OSD::op_tp worker wq OSD::OpWQ done processing 0x1 (4 active)
2014-06-09 16:22:11.367032 7f8692f68700 20 OSD::op_tp worker waiting
2014-06-09 16:22:11.367037 7f868cf5c700 10 osd.26 243 dequeue_op 0x16058a00 prio 63 cost 1032192 latency 1.068301 osd_op(client.4574.0:31719 rbd_data.117e6b8b4567.00000000000014c0 [set-alloc-hint object_size 4194304 write_size 4194304,write 2899968~1032192] 3.131917d4 RETRY=3 ack+ondisk+retry+write e242) v4 pg pg[3.7d4( v 214'543 (0'0,214'543] local-les=243 n=110 ec=118 les/c 191/191 242/242/242) [26,1] r=0 lpr=242 pi=190-241/4 crt=0'0 lcod 0'0 mlcod 0'0 inactive]
2014-06-09 16:22:11.367083 7f868c75b700 12 OSD::op_tp worker wq OSD::PeeringWQ start processing 0xcb40a20 (5 active)
2014-06-09 16:22:11.367089 7f868c75b700 10 osd.26 pg_epoch: 243 pg[1.603( empty local-les=243 n=0 ec=1 les/c 210/210 242/242/209) [7,26] r=1 lpr=242 pi=8-241/23 crt=0'0 active] handle_peering_event: epoch_sent: 243 epoch_requested: 243 FlushedEvt
2014-06-09 16:22:11.367102 7f868c75b700 15 osd.26 pg_epoch: 243 pg[1.603( empty local-les=243 n=0 ec=1 les/c 210/210 242/242/209) [7,26] r=1 lpr=242 pi=8-241/23 crt=0'0 active] requeue_ops
2014-06-09 16:22:11.367111 7f868c75b700 10 log is not dirty
2014-06-09 16:22:11.367084 7f86a4e0f700 10 osd.26 pg_epoch: 243 pg[2.364( empty local-les=243 n=0 ec=1 les/c 191/191 242/242/222) [1,26] r=1 lpr=242 pi=1-241/22 crt=0'0 inactive] _activate_committed 243 telling primary
2014-06-09 16:22:11.367117 7f868c75b700 15 OSD::op_tp worker wq OSD::PeeringWQ done processing 0xcb40a20 (4 active)
2014-06-09 16:22:11.367119 7f868c75b700 20 OSD::op_tp worker waiting
2014-06-09 16:22:11.367122 7f86a4e0f700 20 osd.26 243 share_map_peer 0xc13cdc0 already has epoch 243
2014-06-09 16:22:11.367137 7f86a4e0f700 10 osd.26 pg_epoch: 243 pg[2.364( empty local-les=243 n=0 ec=1 les/c 191/191 242/242/222) [1,26] r=1 lpr=242 pi=1-241/22 crt=0'0 active] flushed
2014-06-09 16:22:11.367154 7f868df5e700 12 OSD::op_tp worker wq OSD::PeeringWQ start processing 0xb7f02a0 (5 active)
2014-06-09 16:22:11.367159 7f868df5e700 10 osd.26 pg_epoch: 243 pg[2.364( empty local-les=243 n=0 ec=1 les/c 191/191 242/242/222) [1,26] r=1 lpr=242 pi=1-241/22 crt=0'0 active] handle_peering_event: epoch_sent: 243 epoch_requested: 243 FlushedEvt
2014-06-09 16:22:11.367155 7f86a4e0f700 10 osd.26 pg_epoch: 243 pg[3.3b4( v 214'677 lc 214'675 (0'0,214'677] local-les=243 n=133 ec=118 les/c 212/212 242/242/242) [26,8] r=0 lpr=242 pi=211-241/2 crt=214'677 lcod 0'0 mlcod 0'0 inactive m=2] _activate_committed 243 peer_activated now 26 last_epoch_started 212 same_interval_since 242
2014-06-09 16:22:11.367169 7f868df5e700 15 osd.26 pg_epoch: 243 pg[2.364( empty local-les=243 n=0 ec=1 les/c 191/191 242/242/222) [1,26] r=1 lpr=242 pi=1-241/22 crt=0'0 active] requeue_ops
2014-06-09 16:22:11.367178 7f868df5e700 10 log is not dirty
2014-06-09 16:22:11.367171 7f86a4e0f700 10 osd.26 pg_epoch: 243 pg[3.3b4( v 214'677 lc 214'675 (0'0,214'677] local-les=243 n=133 ec=118 les/c 212/212 242/242/242) [26,8] r=0 lpr=242 pi=211-241/2 crt=214'677 lcod 0'0 mlcod 0'0 inactive m=2] flushed
2014-06-09 16:22:11.367183 7f868df5e700 15 OSD::op_tp worker wq OSD::PeeringWQ done processing 0xb7f02a0 (4 active)
2014-06-09 16:22:11.367186 7f868df5e700 20 OSD::op_tp worker waiting
2014-06-09 16:22:11.367194 7f86a4e0f700 10 osd.26 pg_epoch: 243 pg[3.3b4( v 214'677 lc 214'675 (0'0,214'677] local-les=243 n=133 ec=118 les/c 212/212 242/242/242) [26,8] r=0 lpr=242 pi=211-241/2 crt=214'677 lcod 0'0 mlcod 0'0 inactive m=2] flushed
2014-06-09 16:22:11.367215 7f868cf5c700 5 -- op tracker -- , seq: 241, time:
2014-06-09 16:22:11.367206, event: reached_pg, op: osd_op(client.4574.0:31719 rbd_data.117e6b8b4567.00000000000014c0 [set-alloc-hint object_size 4194304 write_size 4194304,write 2899968~1032192] 3.131917d4 RETRY=3 ack+ondisk+retry+write e242)
2014-06-09 16:22:11.367224 7f86a4e0f700 10 osd.26 pg_epoch: 243 pg[2.37( empty local-les=243 n=0 ec=1 les/c 191/191 242/242/220) [0,26] r=1 lpr=242 pi=1-241/22 crt=0'0 inactive] _activate_committed 243 telling primary
2014-06-09 16:22:11.367222 7f868cf5c700 20 osd.26 pg_epoch: 243 pg[3.7d4( v 214'543 (0'0,214'543] local-les=243 n=110 ec=118 les/c 191/191 242/242/242) [26,1] r=0 lpr=242 pi=190-241/4 crt=0'0 lcod 0'0 mlcod 0'0 inactive] op_has_sufficient_caps pool=3 (ceph ) owner=0 need_read_cap=0 need_write_cap=1 need_class_read_cap=0 need_class_write_cap=0 -> yes
2014-06-09 16:22:11.367236 7f86a4e0f700 20 osd.26 243 share_map_peer 0xbf6e6e0 already has epoch 243
2014-06-09 16:22:11.367234 7f868cf5c700 10 osd.26 pg_epoch: 243 pg[3.7d4( v 214'543 (0'0,214'543] local-les=243 n=110 ec=118 les/c 191/191 242/242/242) [26,1] r=0 lpr=242 pi=190-241/4 crt=0'0 lcod 0'0 mlcod 0'0 inactive] can_handle_while_inactive: 0x16058a00
2014-06-09 16:22:11.367243 7f868cf5c700 10 osd.26 243 dequeue_op 0x16058a00 finish
2014-06-09 16:22:11.367248 7f868cf5c700 15 OSD::op_tp worker wq OSD::OpWQ done processing 0x1 (3 active)
2014-06-09 16:22:11.367252 7f868cf5c700 12 OSD::op_tp worker wq OSD::PeeringWQ start processing 0xcd8f040 (4 active)
2014-06-09 16:22:11.367249 7f86a4e0f700 10 osd.26 pg_epoch: 243 pg[2.37( empty local-les=243 n=0 ec=1 les/c 191/191 242/242/220) [0,26] r=1 lpr=242 pi=1-241/22 crt=0'0 active] flushed
2014-06-09 16:22:11.367255 7f868cf5c700 10 osd.26 pg_epoch: 243 pg[3.3b4( v 214'677 lc 214'675 (0'0,214'677] local-les=243 n=133 ec=118 les/c 212/212 242/242/242) [26,8] r=0 lpr=242 pi=211-241/2 crt=214'677 lcod 0'0 mlcod 0'0 inactive m=2] handle_peering_event: epoch_sent: 243 epoch_requested: 243 FlushedEvt
2014-06-09 16:22:11.367265 7f868a757700 12 OSD::op_tp worker wq OSD::PeeringWQ start processing 0xb7f0310 (5 active)
2014-06-09 16:22:11.367270 7f868cf5c700 10 log is not dirty
2014-06-09 16:22:11.367265 7f86a4e0f700 10 osd.26 pg_epoch: 243 pg[0.663( empty local-les=243 n=0 ec=1 les/c 210/210 242/242/209) [7,26] r=1 lpr=242 pi=1-241/25 crt=0'0 inactive] _activate_committed 243 telling primary
2014-06-09 16:22:11.367278 7f86a4e0f700 20 osd.26 243 share_map_peer 0xbfa6580 already has epoch 243
2014-06-09 16:22:11.367270 7f868a757700 10 osd.26 pg_epoch: 243 pg[2.37( empty local-les=243 n=0 ec=1 les/c 191/191 242/242/220) [0,26] r=1 lpr=242 pi=1-241/22 crt=0'0 active] handle_peering_event: epoch_sent: 243 epoch_requested: 243 FlushedEvt
2014-06-09 16:22:11.367275 7f868cf5c700 10 osd.26 pg_epoch: 243 pg[3.3b4( v 214'677 lc 214'675 (0'0,214'677] local-les=243 n=133 ec=118 les/c 212/212 242/242/242) [26,8] r=0 lpr=242 pi=211-241/2 crt=214'677 lcod 0'0 mlcod 0'0 inactive m=2] handle_peering_event: epoch_sent: 243 epoch_requested: 243 FlushedEvt
2014-06-09 16:22:11.367282 7f868a757700 15 osd.26 pg_epoch: 243 pg[2.37( empty local-les=243 n=0 ec=1 les/c 191/191 242/242/220) [0,26] r=1 lpr=242 pi=1-241/22 crt=0'0 active] requeue_ops
2014-06-09 16:22:11.367292 7f868a757700 10 log is not dirty
2014-06-09 16:22:11.367288 7f86a4e0f700 10 osd.26 pg_epoch: 243 pg[0.663( empty local-les=243 n=0 ec=1 les/c 210/210 242/242/209) [7,26] r=1 lpr=242 pi=1-241/25 crt=0'0 active] flushed
2014-06-09 16:22:11.367297 7f868a757700 15 OSD::op_tp worker wq OSD::PeeringWQ done processing 0xb7f0310 (4 active)
2014-06-09 16:22:11.367300 7f868a757700 20 OSD::op_tp worker waiting
2014-06-09 16:22:11.367288 7f868cf5c700 15 osd.26 pg_epoch: 243 pg[3.3b4( v 214'677 lc 214'675 (0'0,214'677] local-les=243 n=133 ec=118 les/c 212/212 242/242/242) [26,8] r=0 lpr=242 pi=211-241/2 crt=214'677 lcod 0'0 mlcod 0'0 inactive m=2] requeue_ops 0x10c54200,0x10c54100,0x13023c00,0x13023b00,0x13023a00,0x13023900,0x13023800,0x1c768800,0x13023700,0x1804d900,0x1c768700,0x1804ca00,0x1c54bf00,0x14052f00,0x1c54be00,0xe2ac600,0x1c54bd00,0x1c54bc00,0x1b0b7100,0x1b0b7000,0x1b0b6f00
2014-06-09 16:22:11.367316 7f868b759700 12 OSD::op_tp worker wq OSD::OpWQ start processing 0x1 (5 active)
2014-06-09 16:22:11.367304 7f8691f66700 10 osd.26 243 dequeue_op 0x1804d000 prio 63 cost 262144 latency 1.066521 osd_op(client.4574.0:31720 rbd_data.117e6b8b4567.00000000000014c0 [set-alloc-hint object_size 4194304 write_size 4194304,write 3932160~262144] 3.131917d4 RETRY=3 ack+ondisk+retry+write e242) v4 pg pg[3.7d4( v 214'543 (0'0,214'543] local-les=243 n=110 ec=118 les/c 191/191 242/242/242) [26,1] r=0 lpr=242 pi=190-241/4 crt=0'0 lcod 0'0 mlcod 0'0 inactive]
2014-06-09 16:22:11.367325 7f8691f66700 5 -- op tracker -- , seq: 252, time:
2014-06-09 16:22:11.367320, event: reached_pg, op: osd_op(client.4574.0:31720 rbd_data.117e6b8b4567.00000000000014c0 [set-alloc-hint object_size 4194304 write_size 4194304,write 3932160~262144] 3.131917d4 RETRY=3 ack+ondisk+retry+write e242)
2014-06-09 16:22:11.367333 7f868ef60700 12 OSD::op_tp worker wq OSD::PeeringWQ start processing 0xb7f0280 (6 active)
2014-06-09 16:22:11.367329 7f86a4e0f700 10 osd.26 pg_epoch: 243 pg[0.369( empty local-les=243 n=0 ec=1 les/c 191/191 242/242/222) [1,26] r=1 lpr=242 pi=1-241/22 crt=0'0 inactive] _activate_committed 243 telling primary
2014-06-09 16:22:11.367332 7f8691f66700 20 osd.26 pg_epoch: 243 pg[3.7d4( v 214'543 (0'0,214'543] local-les=243 n=110 ec=118 les/c 191/191 242/242/242) [26,1] r=0 lpr=242 pi=190-241/4 crt=0'0 lcod 0'0 mlcod 0'0 inactive] op_has_sufficient_caps pool=3 (ceph ) owner=0 need_read_cap=0 need_write_cap=1 need_class_read_cap=0 need_class_write_cap=0 -> yes
2014-06-09 16:22:11.367345 7f86a4e0f700 20 osd.26 243 share_map_peer 0xc13cdc0 already has epoch 243
2014-06-09 16:22:11.367344 7f8691f66700 10 osd.26 pg_epoch: 243 pg[3.7d4( v 214'543 (0'0,214'543] local-les=243 n=110 ec=118 les/c 191/191 242/242/242) [26,1] r=0 lpr=242 pi=190-241/4 crt=0'0 lcod 0'0 mlcod 0'0 inactive] can_handle_while_inactive: 0x1804d000
2014-06-09 16:22:11.367353 7f8691f66700 10 osd.26 243 dequeue_op 0x1804d000 finish
2014-06-09 16:22:11.367357 7f8691f66700 15 OSD::op_tp worker wq OSD::OpWQ done processing 0x1 (5 active)
2014-06-09 16:22:11.367360 7f8691f66700 20 OSD::op_tp worker waiting
2014-06-09 16:22:11.367365 7f868f761700 20 OSD::op_tp worker waiting
2014-06-09 16:22:11.367370 7f8690763700 20 OSD::op_tp worker waiting
2014-06-09 16:22:11.367339 7f868ef60700 10 osd.26 pg_epoch: 243 pg[0.663( empty local-les=243 n=0 ec=1 les/c 210/210 242/242/209) [7,26] r=1 lpr=242 pi=1-241/25 crt=0'0 active] handle_peering_event: epoch_sent: 243 epoch_requested: 243 FlushedEvt
2014-06-09 16:22:11.367368 7f86a4e0f700 10 osd.26 pg_epoch: 243 pg[0.369( empty local-les=243 n=0 ec=1 les/c 191/191 242/242/222) [1,26] r=1 lpr=242 pi=1-241/22 crt=0'0 active] flushed
2014-06-09 16:22:11.367376 7f868ef60700 15 osd.26 pg_epoch: 243 pg[0.663( empty local-les=243 n=0 ec=1 les/c 210/210 242/242/209) [7,26] r=1 lpr=242 pi=1-241/25 crt=0'0 active] requeue_ops
2014-06-09 16:22:11.367385 7f8691765700 12 OSD::op_tp worker wq OSD::PeeringWQ start processing 0xb7f0230 (6 active)
2014-06-09 16:22:11.367389 7f868ef60700 10 log is not dirty
2014-06-09 16:22:11.367395 7f868ef60700 15 OSD::op_tp worker wq OSD::PeeringWQ done processing 0xb7f0280 (5 active)
2014-06-09 16:22:11.367388 7f8691765700 10 osd.26 pg_epoch: 243 pg[0.369( empty local-les=243 n=0 ec=1 les/c 191/191 242/242/222) [1,26] r=1 lpr=242 pi=1-241/22 crt=0'0 active] handle_peering_event: epoch_sent: 243 epoch_requested: 243 FlushedEvt
2014-06-09 16:22:11.367397 7f868ef60700 20 OSD::op_tp worker waiting
2014-06-09 16:22:11.367390 7f86a4e0f700 10 osd.26 pg_epoch: 243 pg[1.691( empty local-les=243 n=0 ec=1 les/c 210/210 242/242/209) [7,26] r=1 lpr=242 pi=1-241/24 crt=0'0 inactive] _activate_committed 243 telling primary
2014-06-09 16:22:11.367401 7f868d75d700 20 OSD::op_tp worker waiting
2014-06-09 16:22:11.367403 7f86a4e0f700 20 osd.26 243 share_map_peer 0xbfa6580 already has epoch 243
2014-06-09 16:22:11.367399 7f8691765700 15 osd.26 pg_epoch: 243 pg[0.369( empty local-les=243 n=0 ec=1 les/c 191/191 242/242/222) [1,26] r=1 lpr=242 pi=1-241/22 crt=0'0 active] requeue_ops
2014-06-09 16:22:11.367408 7f8691765700 10 log is not dirty
2014-06-09 16:22:11.367413 7f8691765700 15 OSD::op_tp worker wq OSD::PeeringWQ done processing 0xb7f0230 (4 active)
2014-06-09 16:22:11.367416 7f8691765700 20 OSD::op_tp worker waiting
2014-06-09 16:22:11.367414 7f86a4e0f700 10 osd.26 pg_epoch: 243 pg[1.691( empty local-les=243 n=0 ec=1 les/c 210/210 242/242/209) [7,26] r=1 lpr=242 pi=1-241/24 crt=0'0 active] flushed
2014-06-09 16:22:11.367431 7f868bf5a700 12 OSD::op_tp worker wq OSD::PeeringWQ start processing 0xb7f02e0 (5 active)
2014-06-09 16:22:11.367434 7f868ff62700 20 OSD::op_tp worker waiting
2014-06-09 16:22:11.367431 7f86a4e0f700 10 osd.26 pg_epoch: 243 pg[2.372( empty local-les=243 n=0 ec=1 les/c 191/191 242/242/222) [1,26] r=1 lpr=242 pi=1-241/22 crt=0'0 inactive] _activate_committed 243 telling primary
2014-06-09 16:22:11.367435 7f868bf5a700 10 osd.26 pg_epoch: 243 pg[3.9b( v 213'568 (0'0,213'568] local-les=210 n=118 ec=118 les/c 210/210 242/242/209) [7,26] r=1 lpr=242 pi=118-241/10 crt=0'0 lcod 0'0 inactive NOTIFY] handle_peering_event: epoch_sent: 243 epoch_requested: 243 MInfoRec from 7 info: 3.9b( v 213'568 (0'0,213'568] local-les=243 n=118 ec=118 les/c 210/210 242/242/209)
2014-06-09 16:22:11.367444 7f86a4e0f700 20 osd.26 243 share_map_peer 0xc13cdc0 already has epoch 243
2014-06-09 16:22:11.367446 7f868bf5a700 10 osd.26 pg_epoch: 243 pg[3.9b( v 213'568 (0'0,213'568] local-les=210 n=118 ec=118 les/c 210/210 242/242/209) [7,26] r=1 lpr=242 pi=118-241/10 crt=0'0 lcod 0'0 inactive NOTIFY] state: got info from osd.7 3.9b( v 213'568 (0'0,213'568] local-les=243 n=118 ec=118 les/c 210/210 242/242/209)
2014-06-09 16:22:11.367454 7f868bf5a700 5 osd.26 pg_epoch: 243 pg[3.9b( v 213'568 (0'0,213'568] local-les=210 n=118 ec=118 les/c 210/210 242/242/209) [7,26] r=1 lpr=242 pi=118-241/10 crt=0'0 lcod 0'0 inactive NOTIFY] exit Started/Stray 1.051095 7 0.000202
2014-06-09 16:22:11.367454 7f86a4e0f700 10 osd.26 pg_epoch: 243 pg[2.372( empty local-les=243 n=0 ec=1 les/c 191/191 242/242/222) [1,26] r=1 lpr=242 pi=1-241/22 crt=0'0 active] flushed
2014-06-09 16:22:11.367461 7f868bf5a700 5 osd.26 pg_epoch: 243 pg[3.9b( v 213'568 (0'0,213'568] local-les=210 n=118 ec=118 les/c 210/210 242/242/209) [7,26] r=1 lpr=242 pi=118-241/10 crt=0'0 lcod 0'0 inactive NOTIFY] enter Started/ReplicaActive
2014-06-09 16:22:11.367469 7f868bf5a700 5 osd.26 pg_epoch: 243 pg[3.9b( v 213'568 (0'0,213'568] local-les=210 n=118 ec=118 les/c 210/210 242/242/209) [7,26] r=1 lpr=242 pi=118-241/10 crt=0'0 lcod 0'0 inactive NOTIFY] enter Started/ReplicaActive/RepNotRecovering
2014-06-09 16:22:11.367471 7f86a4e0f700 10 osd.26 pg_epoch: 243 pg[1.5e( empty local-les=243 n=0 ec=1 les/c 191/191 242/242/220) [0,26] r=1 lpr=242 pi=1-241/22 crt=0'0 inactive] _activate_committed 243 telling primary
2014-06-09 16:22:11.367484 7f86a4e0f700 20 osd.26 243 share_map_peer 0xbf6e6e0 already has epoch 243
2014-06-09 16:22:11.367480 7f868bf5a700 10 osd.26 pg_epoch: 243 pg[3.9b( v 213'568 (0'0,213'568] local-les=210 n=118 ec=118 les/c 210/210 242/242/209) [7,26] r=1 lpr=242 pi=118-241/10 crt=0'0 lcod 0'0 inactive NOTIFY] state: In ReplicaActive, about to call activate
2014-06-09 16:22:11.367490 7f868bf5a700 10 osd.26 pg_epoch: 243 pg[3.9b( v 213'568 (0'0,213'568] local-les=243 n=118 ec=118 les/c 210/210 242/242/209) [7,26] r=1 lpr=242 pi=118-241/10 crt=0'0 lcod 0'0 inactive] activate - no missing, moving last_complete 213'568 -> 213'568
2014-06-09 16:22:11.367498 7f86a4e0f700 10 osd.26 pg_epoch: 243 pg[1.5e( empty local-les=243 n=0 ec=1 les/c 191/191 242/242/220) [0,26] r=1 lpr=242 pi=1-241/22 crt=0'0 active] flushed
2014-06-09 16:22:11.367521 7f86a4e0f700 10 osd.26 pg_epoch: 243 pg[1.38d( empty local-les=243 n=0 ec=1 les/c 191/191 242/242/222) [1,26] r=1 lpr=242 pi=1-241/22 crt=0'0 inactive] _activate_committed 243 telling primary
2014-06-09 16:22:11.367529 7f868bf5a700 10 osd.26 pg_epoch: 243 pg[3.9b( v 213'568 (0'0,213'568] local-les=243 n=118 ec=118 les/c 210/210 242/242/209) [7,26] r=1 lpr=242 pi=118-241/10 crt=0'0 lcod 0'0 inactive] state: Activate Finished
2014-06-09 16:22:11.367535 7f86a4e0f700 20 osd.26 243 share_map_peer 0xc13cdc0 already has epoch 243
2014-06-09 16:22:11.367546 7f86a4e0f700 10 osd.26 pg_epoch: 243 pg[1.38d( empty local-les=243 n=0 ec=1 les/c 191/191 242/242/222) [1,26] r=1 lpr=242 pi=1-241/22 crt=0'0 active] flushed
2014-06-09 16:22:11.367558 7f868bf5a700 10 log is not dirty
2014-06-09 16:22:11.367561 7f868bf5a700 5 queue_transactions existing osr(3.9b 0x3ed0630)/0x3ed0630
2014-06-09 16:22:11.367565 7f868bf5a700 10 op_submit_start 3102
2014-06-09 16:22:11.367564 7f8692f68700 12 OSD::op_tp worker wq OSD::PeeringWQ start processing 0xcb40520 (6 active)
2014-06-09 16:22:11.367565 7f868bf5a700 5 queue_transactions (trailing journal) 3102
