2014-06-09 16:22:11.332123 7f86a460e700 10 finisher(0x2c100f8) finisher_thread empty
2014-06-09 16:22:11.332124 7f86a460e700 10 finisher(0x2c100f8) finisher_thread sleeping
2014-06-09 16:22:11.332123 7f86a5610700 12 KeyValueStore::op_tp worker wq KeyValueStore::OpWQ start processing 0xc6f7440 (2 active)
2014-06-09 16:22:11.332126 7f86a5610700 5 _do_op 0x30606180 seq 3042 osr(1.1bc 0x384cab0)/0x384cab0 start
2014-06-09 16:22:11.332127 7f86a4e0f700 10 finisher(0x2c10388) finisher_thread doing [0xc5a6660]
2014-06-09 16:22:11.332128 7f86a5610700 10 _do_transaction on 0xc0d6900
2014-06-09 16:22:11.332133 7f869af78700 10 osd.26 243 do_waiters -- start
2014-06-09 16:22:11.332135 7f869af78700 10 osd.26 243 do_waiters -- finish
2014-06-09 16:22:11.332134 7f86a5610700 15 _omap_setkeys meta/16ef7597/infos/head//-1
2014-06-09 16:22:11.332136 7f869af78700 20 osd.26 243 _dispatch 0x2d094380 pg_notify(0.732(23) epoch 242) v5
2014-06-09 16:22:11.332130 7f86a4e0f700 10 osd.26 pg_epoch: 243 pg[0.4b3( empty local-les=243 n=0 ec=1 les/c 203/203 242/242/242) [26,4] r=0 lpr=242 pi=202-241/2 crt=0'0 mlcod 0'0 inactive] _activate_committed 243 peer_activated now 26 last_epoch_started 203 same_interval_since 242
2014-06-09 16:22:11.332143 7f86a5e11700 10 lookup_strip_header done cid meta oid 16ef7597/infos/head//-1
2014-06-09 16:22:11.332142 7f869af78700 5 -- op tracker -- , seq: 1494, time:
2014-06-09 16:22:10.863265, event: header_read, op: pg_notify(0.732(23) epoch 242)
2014-06-09 16:22:11.332142 7f86a4e0f700 10 osd.26 pg_epoch: 243 pg[0.4b3( empty local-les=243 n=0 ec=1 les/c 203/203 242/242/242) [26,4] r=0 lpr=242 pi=202-241/2 crt=0'0 mlcod 0'0 inactive] flushed
2014-06-09 16:22:11.332149 7f869af78700 5 -- op tracker -- , seq: 1494, time:
2014-06-09 16:22:10.863266, event: throttled, op: pg_notify(0.732(23) epoch 242)
2014-06-09 16:22:11.332156 7f869af78700 5 -- op tracker -- , seq: 1494, time:
2014-06-09 16:22:10.863283, event: all_read, op: pg_notify(0.732(23) epoch 242)
2014-06-09 16:22:11.332158 7f868ef60700 12 OSD::op_tp worker wq OSD::PeeringWQ start processing 0xb7f0280 (2 active)
2014-06-09 16:22:11.332159 7f86a5e11700 10 cid: oid: 16ef7597/infos/head//-1 skipping op, spos 3040.0.0 <= header.spos 150443.0.0
2014-06-09 16:22:11.332155 7f86a4e0f700 10 osd.26 pg_epoch: 243 pg[0.4b3( empty local-les=243 n=0 ec=1 les/c 203/203 242/242/242) [26,4] r=0 lpr=242 pi=202-241/2 crt=0'0 mlcod 0'0 inactive] flushed
2014-06-09 16:22:11.332163 7f86a5e11700 5 submit_transaction r = 0
2014-06-09 16:22:11.332163 7f869af78700 5 -- op tracker -- , seq: 1494, time:
2014-06-09 16:22:11.332133, event: dispatched, op: pg_notify(0.732(23) epoch 242)
2014-06-09 16:22:11.332170 7f868e75f700 20 OSD::op_tp worker waiting
2014-06-09 16:22:11.332171 7f86a4e0f700 10 finisher(0x2c10388) finisher_thread done with [0xc5a6660]
2014-06-09 16:22:11.332173 7f86a4e0f700 10 finisher(0x2c10388) finisher_thread empty
2014-06-09 16:22:11.332174 7f86a4e0f700 10 finisher(0x2c10388) finisher_thread sleeping
2014-06-09 16:22:11.332170 7f868ef60700 10 osd.26 pg_epoch: 243 pg[0.4b3( empty local-les=243 n=0 ec=1 les/c 203/203 242/242/242) [26,4] r=0 lpr=242 pi=202-241/2 crt=0'0 mlcod 0'0 inactive] handle_peering_event: epoch_sent: 243 epoch_requested: 243 FlushedEvt
2014-06-09 16:22:11.332116 7f8690763700 10 osd.26 pg_epoch: 243 pg[0.369( empty local-les=191 n=0 ec=1 les/c 191/191 242/242/222) [1,26] r=1 lpr=242 pi=1-241/22 crt=0'0 inactive NOTIFY] handle_peering_event: epoch_sent: 243 epoch_requested: 243 MLogRec from 1
2014-06-09 16:22:11.332185 7f868ef60700 10 log is not dirty
2014-06-09 16:22:11.332189 7f86a5e11700 10 _do_op 0x309a30e0 seq 3040 r = 0, finisher 0x3061f040 0
2014-06-09 16:22:11.332192 7f868ef60700 15 OSD::op_tp worker wq OSD::PeeringWQ done processing 0xb7f0280 (1 active)
2014-06-09 16:22:11.332194 7f86a5e11700 10 _finish_op 0x309a30e0 seq 3040 osr(2.5fb 0x2ed1d70)/0x2ed1d70
2014-06-09 16:22:11.332195 7f86a460e700 10 finisher(0x2c100f8) finisher_thread doing [0x3061f020]
2014-06-09 16:22:11.332195 7f868ef60700 12 OSD::op_tp worker wq OSD::PeeringWQ start processing 0xb7f0280 (2 active)
2014-06-09 16:22:11.332198 7f86a460e700 10 finisher(0x2c100f8) finisher_thread done with [0x3061f020]
2014-06-09 16:22:11.332198 7f86a5e11700 15 KeyValueStore::op_tp worker wq KeyValueStore::OpWQ done processing 0xc4ac360 (1 active)
2014-06-09 16:22:11.332200 7f86a460e700 10 finisher(0x2c100f8) finisher_thread empty
2014-06-09 16:22:11.332200 7f86a5e11700 12 KeyValueStore::op_tp worker wq KeyValueStore::OpWQ start processing 0xc6fd8c0 (2 active)
2014-06-09 16:22:11.332201 7f86a460e700 10 finisher(0x2c100f8) finisher_thread sleeping
2014-06-09 16:22:11.332202 7f86a5e11700 5 _do_op 0x308cb3e0 seq 3043 osr(3.491 0x3ed14f0)/0x3ed14f0 start
2014-06-09 16:22:11.332204 7f86a4e0f700 10 finisher(0x2c10388) finisher_thread doing [0x3061f040]
2014-06-09 16:22:11.332205 7f86a5e11700 10 _do_transaction on 0xc05d200
2014-06-09 16:22:11.332198 7f868ef60700 10 osd.26 pg_epoch: 243 pg[0.4b3( empty local-les=243 n=0 ec=1 les/c 203/203 242/242/242) [26,4] r=0 lpr=242 pi=202-241/2 crt=0'0 mlcod 0'0 inactive] handle_peering_event: epoch_sent: 243 epoch_requested: 243 FlushedEvt
2014-06-09 16:22:11.332210 7f86a5e11700 15 _omap_setkeys meta/16ef7597/infos/head//-1
2014-06-09 16:22:11.332207 7f86a4e0f700 10 osd.26 pg_epoch: 243 pg[2.5fb( empty local-les=243 n=0 ec=1 les/c 203/203 242/242/242) [26,4] r=0 lpr=242 pi=202-241/2 crt=0'0 mlcod 0'0 inactive] _activate_committed 243 peer_activated now 26 last_epoch_started 203 same_interval_since 242
2014-06-09 16:22:11.332214 7f86a5610700 10 lookup_strip_header done cid meta oid 16ef7597/infos/head//-1
2014-06-09 16:22:11.332209 7f868ef60700 15 osd.26 pg_epoch: 243 pg[0.4b3( empty local-les=243 n=0 ec=1 les/c 203/203 242/242/242) [26,4] r=0 lpr=242 pi=202-241/2 crt=0'0 mlcod 0'0 inactive] requeue_ops
2014-06-09 16:22:11.332219 7f868ef60700 10 log is not dirty
2014-06-09 16:22:11.332218 7f86a4e0f700 10 osd.26 pg_epoch: 243 pg[2.5fb( empty local-les=243 n=0 ec=1 les/c 203/203 242/242/242) [26,4] r=0 lpr=242 pi=202-241/2 crt=0'0 mlcod 0'0 inactive] flushed
2014-06-09 16:22:11.332224 7f868ef60700 15 OSD::op_tp worker wq OSD::PeeringWQ done processing 0xb7f0280 (1 active)
2014-06-09 16:22:11.332226 7f868ef60700 20 OSD::op_tp worker waiting
2014-06-09 16:22:11.332230 7f86a5610700 10 cid: oid: 16ef7597/infos/head//-1 skipping op, spos 3042.0.0 <= header.spos 150443.0.0
2014-06-09 16:22:11.332234 7f86a5610700 5 submit_transaction r = 0
2014-06-09 16:22:11.332236 7f86a4e0f700 10 osd.26 pg_epoch: 243 pg[2.5fb( empty local-les=243 n=0 ec=1 les/c 203/203 242/242/242) [26,4] r=0 lpr=242 pi=202-241/2 crt=0'0 mlcod 0'0 inactive] flushed
2014-06-09 16:22:11.332246 7f868ff62700 12 OSD::op_tp worker wq OSD::PeeringWQ start processing 0xb7f0260 (2 active)
2014-06-09 16:22:11.332253 7f86a5610700 10 _do_op 0x30606180 seq 3042 r = 0, finisher 0x18742440 0
2014-06-09 16:22:11.332257 7f86a4e0f700 10 finisher(0x2c10388) finisher_thread done with [0x3061f040]
2014-06-09 16:22:11.332259 7f86a4e0f700 10 finisher(0x2c10388) finisher_thread empty
2014-06-09 16:22:11.332259 7f86a5610700 10 _finish_op 0x30606180 seq 3042 osr(1.1bc 0x384cab0)/0x384cab0
2014-06-09 16:22:11.332260 7f86a4e0f700 10 finisher(0x2c10388) finisher_thread sleeping
2014-06-09 16:22:11.332264 7f86a460e700 10 finisher(0x2c100f8) finisher_thread doing [0x15a3e560]
2014-06-09 16:22:11.332264 7f86a5610700 15 KeyValueStore::op_tp worker wq KeyValueStore::OpWQ done processing 0xc6f7440 (1 active)
2014-06-09 16:22:11.332266 7f86a460e700 10 finisher(0x2c100f8) finisher_thread done with [0x15a3e560]
2014-06-09 16:22:11.332267 7f86a5610700 12 KeyValueStore::op_tp worker wq KeyValueStore::OpWQ start processing 0xc6f7200 (2 active)
2014-06-09 16:22:11.332270 7f86a460e700 10 finisher(0x2c100f8) finisher_thread empty
2014-06-09 16:22:11.332269 7f86a5610700 5 _do_op 0x30606120 seq 3044 osr(3.1bd 0x3ed0a50)/0x3ed0a50 start
2014-06-09 16:22:11.332271 7f86a460e700 10 finisher(0x2c100f8) finisher_thread sleeping
2014-06-09 16:22:11.332272 7f86a5610700 10 _do_transaction on 0xc1f6600
2014-06-09 16:22:11.332274 7f86a4e0f700 10 finisher(0x2c10388) finisher_thread doing [0x18742440]
2014-06-09 16:22:11.332278 7f86a5e11700 10 lookup_strip_header done cid meta oid 16ef7597/infos/head//-1
2014-06-09 16:22:11.332278 7f86a5610700 15 _omap_setkeys meta/16ef7597/infos/head//-1
2014-06-09 16:22:11.332277 7f86a4e0f700 10 osd.26 pg_epoch: 243 pg[1.1bc( empty local-les=243 n=0 ec=1 les/c 201/201 242/242/242) [26,3] r=0 lpr=242 pi=200-241/2 crt=0'0 mlcod 0'0 inactive] _activate_committed 243 peer_activated now 26 last_epoch_started 201 same_interval_since 242
2014-06-09 16:22:11.332288 7f86a4e0f700 10 osd.26 pg_epoch: 243 pg[1.1bc( empty local-les=243 n=0 ec=1 les/c 201/201 242/242/242) [26,3] r=0 lpr=242 pi=200-241/2 crt=0'0 mlcod 0'0 inactive] flushed
2014-06-09 16:22:11.332293 7f86a5e11700 10 cid: oid: 16ef7597/infos/head//-1 skipping op, spos 3043.0.0 <= header.spos 150443.0.0
2014-06-09 16:22:11.332297 7f86a5e11700 5 submit_transaction r = 0
2014-06-09 16:22:11.332301 7f86a4e0f700 10 osd.26 pg_epoch: 243 pg[1.1bc( empty local-les=243 n=0 ec=1 les/c 201/201 242/242/242) [26,3] r=0 lpr=242 pi=200-241/2 crt=0'0 mlcod 0'0 inactive] flushed
2014-06-09 16:22:11.332315 7f86a5e11700 10 _do_op 0x308cb3e0 seq 3043 r = 0, finisher 0x3050b680 0
2014-06-09 16:22:11.332317 7f86a4e0f700 10 finisher(0x2c10388) finisher_thread done with [0x18742440]
2014-06-09 16:22:11.332316 7f8692f68700 12 OSD::op_tp worker wq OSD::PeeringWQ start processing 0xcb40520 (3 active)
2014-06-09 16:22:11.332319 7f86a4e0f700 10 finisher(0x2c10388) finisher_thread empty
2014-06-09 16:22:11.332320 7f86a4e0f700 10 finisher(0x2c10388) finisher_thread sleeping
2014-06-09 16:22:11.332320 7f86a5e11700 10 _finish_op 0x308cb3e0 seq 3043 osr(3.491 0x3ed14f0)/0x3ed14f0
2014-06-09 16:22:11.332323 7f86a460e700 10 finisher(0x2c100f8) finisher_thread doing [0x3062a1a0]
2014-06-09 16:22:11.332324 7f86a5e11700 15 KeyValueStore::op_tp worker wq KeyValueStore::OpWQ done processing 0xc6fd8c0 (1 active)
2014-06-09 16:22:11.332326 7f86a460e700 10 finisher(0x2c100f8) finisher_thread done with [0x3062a1a0]
2014-06-09 16:22:11.332327 7f86a5e11700 12 KeyValueStore::op_tp worker wq KeyValueStore::OpWQ start processing 0xc89ad80 (2 active)
2014-06-09 16:22:11.332327 7f86a460e700 10 finisher(0x2c100f8) finisher_thread empty
2014-06-09 16:22:11.332328 7f86a460e700 10 finisher(0x2c100f8) finisher_thread sleeping
2014-06-09 16:22:11.332328 7f86a5e11700 5 _do_op 0x30033b60 seq 3045 osr(2.d 0x2ed02b0)/0x2ed02b0 start
2014-06-09 16:22:11.332322 7f8692f68700 10 osd.26 pg_epoch: 243 pg[1.1bc( empty local-les=243 n=0 ec=1 les/c 201/201 242/242/242) [26,3] r=0 lpr=242 pi=200-241/2 crt=0'0 mlcod 0'0 inactive] handle_peering_event: epoch_sent: 243 epoch_requested: 243 FlushedEvt
2014-06-09 16:22:11.332331 7f86a4e0f700 10 finisher(0x2c10388) finisher_thread doing [0x3050b680]
2014-06-09 16:22:11.332331 7f86a5e11700 10 _do_transaction on 0x2c80e40
2014-06-09 16:22:11.332336 7f8692f68700 10 log is not dirty
2014-06-09 16:22:11.332336 7f86a5e11700 15 _omap_setkeys meta/16ef7597/infos/head//-1
2014-06-09 16:22:11.332333 7f86a4e0f700 10 osd.26 pg_epoch: 243 pg[3.491( v 214'640 (0'0,214'640] local-les=243 n=123 ec=118 les/c 208/208 242/242/242) [26,6] r=0 lpr=242 pi=207-241/2 crt=0'0 lcod 0'0 mlcod 0'0 inactive] _activate_committed 243 peer_activated now 26 last_epoch_started 208 same_interval_since 242
2014-06-09 16:22:11.332341 7f8692f68700 10 osd.26 pg_epoch: 243 pg[1.1bc( empty local-les=243 n=0 ec=1 les/c 201/201 242/242/242) [26,3] r=0 lpr=242 pi=200-241/2 crt=0'0 mlcod 0'0 inactive] handle_peering_event: epoch_sent: 243 epoch_requested: 243 FlushedEvt
2014-06-09 16:22:11.332346 7f86a4e0f700 10 osd.26 pg_epoch: 243 pg[3.491( v 214'640 (0'0,214'640] local-les=243 n=123 ec=118 les/c 208/208 242/242/242) [26,6] r=0 lpr=242 pi=207-241/2 crt=0'0 lcod 0'0 mlcod 0'0 inactive] flushed
2014-06-09 16:22:11.332357 7f868cf5c700 20 OSD::op_tp worker waiting
2014-06-09 16:22:11.332351 7f8692f68700 15 osd.26 pg_epoch: 243 pg[1.1bc( empty local-les=243 n=0 ec=1 les/c 201/201 242/242/242) [26,3] r=0 lpr=242 pi=200-241/2 crt=0'0 mlcod 0'0 inactive] requeue_ops
2014-06-09 16:22:11.332361 7f8692f68700 10 log is not dirty
2014-06-09 16:22:11.332366 7f8692f68700 15 OSD::op_tp worker wq OSD::PeeringWQ done processing 0xcb40520 (2 active)
2014-06-09 16:22:11.332170 7f869af78700 5 -- op tracker -- , seq: 1494, time:
2014-06-09 16:22:11.332168, event: waiting_for_osdmap, op: pg_notify(0.732(23) epoch 242)
2014-06-09 16:22:11.332370 7f8692f68700 12 OSD::op_tp worker wq OSD::PeeringWQ start processing 0xcb40520 (3 active)
2014-06-09 16:22:11.332370 7f869af78700 7 osd.26 243 handle_pg_notify from osd.9
2014-06-09 16:22:11.332373 7f869af78700 15 osd.26 243 require_same_or_newer_map 242 (i am 243) 0x2d094380
2014-06-09 16:22:11.332367 7f86a4e0f700 10 osd.26 pg_epoch: 243 pg[3.491( v 214'640 (0'0,214'640] local-les=243 n=123 ec=118 les/c 208/208 242/242/242) [26,6] r=0 lpr=242 pi=207-241/2 crt=0'0 lcod 0'0 mlcod 0'0 inactive] flushed
2014-06-09 16:22:11.332378 7f869af78700 5 -- op tracker -- , seq: 1494, time:
2014-06-09 16:22:11.332376, event: started, op: pg_notify(0.732(23) epoch 242)
2014-06-09 16:22:11.332384 7f86a4e0f700 10 finisher(0x2c10388) finisher_thread done with [0x3050b680]
2014-06-09 16:22:11.332386 7f86a4e0f700 10 finisher(0x2c10388) finisher_thread empty
2014-06-09 16:22:11.332387 7f86a4e0f700 10 finisher(0x2c10388) finisher_thread sleeping
2014-06-09 16:22:11.332391 7f868a757700 20 OSD::op_tp worker waiting
2014-06-09 16:22:11.332384 7f868ff62700 10 osd.26 pg_epoch: 243 pg[2.5fb( empty local-les=243 n=0 ec=1 les/c 203/203 242/242/242) [26,4] r=0 lpr=242 pi=202-241/2 crt=0'0 mlcod 0'0 inactive] handle_peering_event: epoch_sent: 243 epoch_requested: 243 FlushedEvt
2014-06-09 16:22:11.332398 7f868ff62700 10 log is not dirty
2014-06-09 16:22:11.332391 7f8692f68700 10 osd.26 pg_epoch: 243 pg[3.491( v 214'640 (0'0,214'640] local-les=243 n=123 ec=118 les/c 208/208 242/242/242) [26,6] r=0 lpr=242 pi=207-241/2 crt=0'0 lcod 0'0 mlcod 0'0 inactive] handle_peering_event: epoch_sent: 243 epoch_requested: 243 FlushedEvt
2014-06-09 16:22:11.332403 7f8692f68700 10 log is not dirty
2014-06-09 16:22:11.332404 7f868ff62700 15 OSD::op_tp worker wq OSD::PeeringWQ done processing 0xb7f0260 (2 active)
2014-06-09 16:22:11.332403 7f869af78700 5 -- op tracker -- , seq: 1494, time:
2014-06-09 16:22:11.332401, event: done, op: pg_notify(0.732(23) epoch 242)
2014-06-09 16:22:11.332408 7f868ff62700 12 OSD::op_tp worker wq OSD::PeeringWQ start processing 0xb7f0260 (3 active)
2014-06-09 16:22:11.332187 7f8690763700 10 osd.26 pg_epoch: 243 pg[0.369( empty local-les=191 n=0 ec=1 les/c 191/191 242/242/222) [1,26] r=1 lpr=242 pi=1-241/22 crt=0'0 inactive NOTIFY] state: got info+log from osd.1 0.369( empty local-les=243 n=0 ec=1 les/c 191/191 242/242/222) log((0'0,0'0], crt=0'0)
2014-06-09 16:22:11.332412 7f869af78700 10 osd.26 243 do_waiters -- start
2014-06-09 16:22:11.332412 7f8690763700 10 merge_log log((0'0,0'0], crt=0'0) from osd.1 into log((0'0,0'0], crt=0'0)
2014-06-09 16:22:11.332414 7f869af78700 10 osd.26 243 do_waiters -- finish
2014-06-09 16:22:11.332416 7f8690763700 10 merge_log result log((0'0,0'0], crt=0'0) missing(0) changed=0
2014-06-09 16:22:11.332413 7f868ff62700 10 osd.26 pg_epoch: 243 pg[2.5fb( empty local-les=243 n=0 ec=1 les/c 203/203 242/242/242) [26,4] r=0 lpr=242 pi=202-241/2 crt=0'0 mlcod 0'0 inactive] handle_peering_event: epoch_sent: 243 epoch_requested: 243 FlushedEvt
2014-06-09 16:22:11.332419 7f8690763700 5 osd.26 pg_epoch: 243 pg[0.369( empty local-les=191 n=0 ec=1 les/c 191/191 242/242/222) [1,26] r=1 lpr=242 pi=1-241/22 crt=0'0 inactive NOTIFY] exit Started/Stray 1.088577 7 0.000177
2014-06-09 16:22:11.332423 7f868ff62700 15 osd.26 pg_epoch: 243 pg[2.5fb( empty local-les=243 n=0 ec=1 les/c 203/203 242/242/242) [26,4] r=0 lpr=242 pi=202-241/2 crt=0'0 mlcod 0'0 inactive] requeue_ops
2014-06-09 16:22:11.332431 7f868ff62700 10 log is not dirty
2014-06-09 16:22:11.332436 7f869af78700 10 osd.26 243 do_waiters -- start
2014-06-09 16:22:11.332438 7f869af78700 10 osd.26 243 do_waiters -- finish
2014-06-09 16:22:11.332432 7f8690763700 5 osd.26 pg_epoch: 243 pg[0.369( empty local-les=191 n=0 ec=1 les/c 191/191 242/242/222) [1,26] r=1 lpr=242 pi=1-241/22 crt=0'0 inactive NOTIFY] enter Started/ReplicaActive
2014-06-09 16:22:11.332439 7f869af78700 20 osd.26 243 _dispatch 0x1607b180 pg_notify(1.1eb(20),2.4b5(20) epoch 242) v5
2014-06-09 16:22:11.332435 7f868ff62700 10 osd.26 pg_epoch: 243 pg[0.732( empty local-les=243 n=0 ec=1 les/c 213/213 242/242/242) [26,9] r=0 lpr=242 pi=212-241/2 crt=0'0 mlcod 0'0 inactive] handle_peering_event: epoch_sent: 242 epoch_requested: 242 MNotifyRec from 9 notify: (query_epoch:242, epoch_sent:242, info:0.732( empty local-les=213 n=0 ec=1 les/c 213/213 242/242/242))
2014-06-09 16:22:11.332442 7f8690763700 5 osd.26 pg_epoch: 243 pg[0.369( empty local-les=191 n=0 ec=1 les/c 191/191 242/242/222) [1,26] r=1 lpr=242 pi=1-241/22 crt=0'0 inactive NOTIFY] enter Started/ReplicaActive/RepNotRecovering
2014-06-09 16:22:11.332445 7f869af78700 5 -- op tracker -- , seq: 1495, time:
2014-06-09 16:22:10.938158, event: header_read, op: pg_notify(1.1eb(20),2.4b5(20) epoch 242)
2014-06-09 16:22:11.332451 7f8689755700 20 OSD::op_tp worker waiting
2014-06-09 16:22:11.332445 7f868ff62700 10 osd.26 pg_epoch: 243 pg[0.732( empty local-les=243 n=0 ec=1 les/c 213/213 242/242/242) [26,9] r=0 lpr=242 pi=212-241/2 crt=0'0 mlcod 0'0 inactive] state: Active: got notify from 9, already have info from that osd, ignoring
2014-06-09 16:22:11.332454 7f868ff62700 10 log is not dirty
2014-06-09 16:22:11.332451 7f8690763700 10 osd.26 pg_epoch: 243 pg[0.369( empty local-les=191 n=0 ec=1 les/c 191/191 242/242/222) [1,26] r=1 lpr=242 pi=1-241/22 crt=0'0 inactive NOTIFY] state: In ReplicaActive, about to call activate
2014-06-09 16:22:11.332455 7f869af78700 5 -- op tracker -- , seq: 1495, time:
2014-06-09 16:22:10.938158, event: throttled, op: pg_notify(1.1eb(20),2.4b5(20) epoch 242)
2014-06-09 16:22:11.332459 7f868ff62700 15 OSD::op_tp worker wq OSD::PeeringWQ done processing 0xb7f0260 (2 active)
2014-06-09 16:22:11.332461 7f868ff62700 20 OSD::op_tp worker waiting
2014-06-09 16:22:11.332462 7f869af78700 5 -- op tracker -- , seq: 1495, time:
2014-06-09 16:22:10.938188, event: all_read, op: pg_notify(1.1eb(20),2.4b5(20) epoch 242)
2014-06-09 16:22:11.332459 7f8690763700 10 osd.26 pg_epoch: 243 pg[0.369( empty local-les=243 n=0 ec=1 les/c 191/191 242/242/222) [1,26] r=1 lpr=242 pi=1-241/22 crt=0'0 inactive] activate - no missing, moving last_complete 0'0 -> 0'0
2014-06-09 16:22:11.332469 7f869af78700 5 -- op tracker -- , seq: 1495, time:
2014-06-09 16:22:11.332436, event: dispatched, op: pg_notify(1.1eb(20),2.4b5(20) epoch 242)
2014-06-09 16:22:11.332467 7f8690763700 10 osd.26 pg_epoch: 243 pg[0.369( empty local-les=243 n=0 ec=1 les/c 191/191 242/242/222) [1,26] r=1 lpr=242 pi=1-241/22 crt=0'0 inactive] state: Activate Finished
2014-06-09 16:22:11.332475 7f869af78700 5 -- op tracker -- , seq: 1495, time:
2014-06-09 16:22:11.332473, event: waiting_for_osdmap, op: pg_notify(1.1eb(20),2.4b5(20) epoch 242)
2014-06-09 16:22:11.332481 7f869af78700 7 osd.26 243 handle_pg_notify from osd.8
2014-06-09 16:22:11.332483 7f869af78700 15 osd.26 243 require_same_or_newer_map 242 (i am 243) 0x1607b180
2014-06-09 16:22:11.332488 7f869af78700 5 -- op tracker -- , seq: 1495, time:
2014-06-09 16:22:11.332486, event: started, op: pg_notify(1.1eb(20),2.4b5(20) epoch 242)
2014-06-09 16:22:11.332490 7f86a5e11700 10 lookup_strip_header done cid meta oid 16ef7597/infos/head//-1
2014-06-09 16:22:11.332506 7f86a5e11700 10 cid: oid: 16ef7597/infos/head//-1 skipping op, spos 3045.0.0 <= header.spos 150443.0.0
2014-06-09 16:22:11.332509 7f86a5e11700 5 submit_transaction r = 0
2014-06-09 16:22:11.332513 7f8690763700 10 log is not dirty
2014-06-09 16:22:11.332515 7f8689f56700 12 OSD::op_tp worker wq OSD::PeeringWQ start processing 0xb7f0320 (3 active)
2014-06-09 16:22:11.332518 7f8690763700 5 queue_transactions existing osr(0.369 0x2bd6ff0)/0x2bd6ff0
2014-06-09 16:22:11.332514 7f869af78700 5 -- op tracker -- , seq: 1495, time:
2014-06-09 16:22:11.332511, event: done, op: pg_notify(1.1eb(20),2.4b5(20) epoch 242)
2014-06-09 16:22:11.332520 7f8690763700 10 op_submit_start 3085
2014-06-09 16:22:11.332521 7f8690763700 5 queue_transactions (trailing journal) 3085
2014-06-09 16:22:11.332522 7f8690763700 5 queue_op 0x30607b60 seq 3085 osr(0.369 0x2bd6ff0) 1883 bytes (queue has 42 ops and 51195 bytes)
2014-06-09 16:22:11.332525 7f8690763700 10 op_submit_finish 3085
2014-06-09 16:22:11.332524 7f869af78700 10 osd.26 243 do_waiters -- start
2014-06-09 16:22:11.332526 7f869af78700 10 osd.26 243 do_waiters -- finish
2014-06-09 16:22:11.332529 7f8690763700 15 OSD::op_tp worker wq OSD::PeeringWQ done processing 0xb7f0250 (2 active)
2014-06-09 16:22:11.332520 7f8689f56700 10 osd.26 pg_epoch: 243 pg[1.1eb( empty local-les=243 n=0 ec=1 les/c 212/212 242/242/242) [26,8] r=0 lpr=242 pi=211-241/2 crt=0'0 mlcod 0'0 inactive] handle_peering_event: epoch_sent: 242 epoch_requested: 242 MNotifyRec from 8 notify: (query_epoch:242, epoch_sent:242, info:1.1eb( empty local-les=212 n=0 ec=1 les/c 212/212 242/242/242))
2014-06-09 16:22:11.332531 7f8690763700 20 OSD::op_tp worker waiting
2014-06-09 16:22:11.332536 7f8692f68700 15 OSD::op_tp worker wq OSD::PeeringWQ done processing 0xcb40520 (1 active)
2014-06-09 16:22:11.332536 7f86a5e11700 10 _do_op 0x30033b60 seq 3045 r = 0, finisher 0xbdf1d60 0
2014-06-09 16:22:11.332539 7f8692f68700 12 OSD::op_tp worker wq OSD::PeeringWQ start processing 0xcb40520 (2 active)
2014-06-09 16:22:11.332541 7f86a5e11700 10 _finish_op 0x30033b60 seq 3045 osr(2.d 0x2ed02b0)/0x2ed02b0
2014-06-09 16:22:11.332542 7f86a460e700 10 finisher(0x2c100f8) finisher_thread doing [0xbdbb100]
2014-06-09 16:22:11.332534 7f8689f56700 10 osd.26 pg_epoch: 243 pg[1.1eb( empty local-les=243 n=0 ec=1 les/c 212/212 242/242/242) [26,8] r=0 lpr=242 pi=211-241/2 crt=0'0 mlcod 0'0 inactive] state: Active: got notify from 8, already have info from that osd, ignoring
2014-06-09 16:22:11.332544 7f86a460e700 10 finisher(0x2c100f8) finisher_thread done with [0xbdbb100]
2014-06-09 16:22:11.332545 7f8689f56700 10 log is not dirty
2014-06-09 16:22:11.332545 7f86a460e700 10 finisher(0x2c100f8) finisher_thread empty
2014-06-09 16:22:11.332545 7f86a5e11700 15 KeyValueStore::op_tp worker wq KeyValueStore::OpWQ done processing 0xc89ad80 (1 active)
2014-06-09 16:22:11.332547 7f86a460e700 10 finisher(0x2c100f8) finisher_thread sleeping
2014-06-09 16:22:11.332546 7f869af78700 10 osd.26 243 do_waiters -- start
2014-06-09 16:22:11.332547 7f86a5e11700 12 KeyValueStore::op_tp worker wq KeyValueStore::OpWQ start processing 0xc781320 (2 active)
2014-06-09 16:22:11.332548 7f869af78700 10 osd.26 243 do_waiters -- finish
2014-06-09 16:22:11.332549 7f86a4e0f700 10 finisher(0x2c10388) finisher_thread doing [0xbdf1d60]
2014-06-09 16:22:11.332549 7f86a5e11700 5 _do_op 0x30061b60 seq 3046 osr(2.4ba 0x2ed1740)/0x2ed1740 start
2014-06-09 16:22:11.332549 7f869af78700 20 osd.26 243 _dispatch 0x2d094700 pg_notify(2.102(20) epoch 242) v5
2014-06-09 16:22:11.332552 7f86a5e11700 10 _do_transaction on 0x336ae40
2014-06-09 16:22:11.332554 7f869af78700 5 -- op tracker -- , seq: 1496, time:
2014-06-09 16:22:10.845666, event: header_read, op: pg_notify(2.102(20) epoch 242)
2014-06-09 16:22:11.332557 7f86a5e11700 15 _omap_setkeys meta/16ef7597/infos/head//-1
2014-06-09 16:22:11.332549 7f8689f56700 10 osd.26 pg_epoch: 243 pg[2.4b5( empty local-les=243 n=0 ec=1 les/c 212/212 242/242/242) [26,8] r=0 lpr=242 pi=211-241/2 crt=0'0 mlcod 0'0 inactive] handle_peering_event: epoch_sent: 242 epoch_requested: 242 MNotifyRec from 8 notify: (query_epoch:242, epoch_sent:242, info:2.4b5( empty local-les=212 n=0 ec=1 les/c 212/212 242/242/242))
2014-06-09 16:22:11.332552 7f86a4e0f700 10 osd.26 pg_epoch: 243 pg[2.d( empty local-les=243 n=0 ec=1 les/c 212/213 242/242/242) [26,8] r=0 lpr=242 pi=211-241/2 crt=0'0 mlcod 0'0 inactive] _activate_committed 243 peer_activated now 26 last_epoch_started 212 same_interval_since 242
2014-06-09 16:22:11.332561 7f869af78700 5 -- op tracker -- , seq: 1496, time:
2014-06-09 16:22:10.845667, event: throttled, op: pg_notify(2.102(20) epoch 242)
2014-06-09 16:22:11.332561 7f8689f56700 10 osd.26 pg_epoch: 243 pg[2.4b5( empty local-les=243 n=0 ec=1 les/c 212/212 242/242/242) [26,8] r=0 lpr=242 pi=211-241/2 crt=0'0 mlcod 0'0 inactive] state: Active: got notify from 8, already have info from that osd, ignoring
2014-06-09 16:22:11.332567 7f869af78700 5 -- op tracker -- , seq: 1496, time:
2014-06-09 16:22:10.845693, event: all_read, op: pg_notify(2.102(20) epoch 242)
2014-06-09 16:22:11.332564 7f86a4e0f700 10 osd.26 pg_epoch: 243 pg[2.d( empty local-les=243 n=0 ec=1 les/c 212/213 242/242/242) [26,8] r=0 lpr=242 pi=211-241/2 crt=0'0 mlcod 0'0 inactive] flushed
2014-06-09 16:22:11.332571 7f8689f56700 10 log is not dirty
2014-06-09 16:22:11.332577 7f8689f56700 15 OSD::op_tp worker wq OSD::PeeringWQ done processing 0xb7f0320 (1 active)
2014-06-09 16:22:11.332580 7f8689f56700 20 OSD::op_tp worker waiting
2014-06-09 16:22:11.332573 7f869af78700 5 -- op tracker -- , seq: 1496, time:
2014-06-09 16:22:11.332546, event: dispatched, op: pg_notify(2.102(20) epoch 242)
2014-06-09 16:22:11.332579 7f8692f68700 10 osd.26 pg_epoch: 243 pg[3.491( v 214'640 (0'0,214'640] local-les=243 n=123 ec=118 les/c 208/208 242/242/242) [26,6] r=0 lpr=242 pi=207-241/2 crt=0'0 lcod 0'0 mlcod 0'0 inactive] handle_peering_event: epoch_sent: 243 epoch_requested: 243 FlushedEvt
2014-06-09 16:22:11.332589 7f8690f64700 20 OSD::op_tp worker waiting
2014-06-09 16:22:11.332591 7f86a5e11700 10 lookup_strip_header done cid meta oid 16ef7597/infos/head//-1
2014-06-09 16:22:11.332585 7f869af78700 5 -- op tracker -- , seq: 1496, time:
2014-06-09 16:22:11.332583, event: waiting_for_osdmap, op: pg_notify(2.102(20) epoch 242)
2014-06-09 16:22:11.332597 7f869af78700 7 osd.26 243 handle_pg_notify from osd.6
2014-06-09 16:22:11.332592 7f8692f68700 15 osd.26 pg_epoch: 243 pg[3.491( v 214'640 (0'0,214'640] local-les=243 n=123 ec=118 les/c 208/208 242/242/242) [26,6] r=0 lpr=242 pi=207-241/2 crt=0'0 lcod 0'0 mlcod 0'0 inactive] requeue_ops
2014-06-09 16:22:11.332599 7f869af78700 15 osd.26 243 require_same_or_newer_map 242 (i am 243) 0x2d094700
2014-06-09 16:22:11.332602 7f8692f68700 10 log is not dirty
2014-06-09 16:22:11.332603 7f869af78700 5 -- op tracker -- , seq: 1496, time:
2014-06-09 16:22:11.332601, event: started, op: pg_notify(2.102(20) epoch 242)
2014-06-09 16:22:11.332607 7f8692f68700 15 OSD::op_tp worker wq OSD::PeeringWQ done processing 0xcb40520 (0 active)
2014-06-09 16:22:11.332606 7f86a5e11700 10 cid: oid: 16ef7597/infos/head//-1 skipping op, spos 3046.0.0 <= header.spos 150443.0.0
2014-06-09 16:22:11.332609 7f8692f68700 20 OSD::op_tp worker waiting
2014-06-09 16:22:11.332610 7f86a5e11700 5 submit_transaction r = 0
2014-06-09 16:22:11.332618 7f86a4e0f700 10 finisher(0x2c10388) finisher_thread done with [0xbdf1d60]
2014-06-09 16:22:11.332622 7f86a4e0f700 10 finisher(0x2c10388) finisher_thread empty
2014-06-09 16:22:11.332623 7f86a4e0f700 10 finisher(0x2c10388) finisher_thread sleeping
2014-06-09 16:22:11.332626 7f868d75d700 12 OSD::op_tp worker wq OSD::PeeringWQ start processing 0xb7f02b0 (1 active)
2014-06-09 16:22:11.332630 7f86a5e11700 10 _do_op 0x30061b60 seq 3046 r = 0, finisher 0xbd6fd60 0
2014-06-09 16:22:11.332637 7f86a460e700 10 finisher(0x2c100f8) finisher_thread doing [0xbd5b6a0]
2014-06-09 16:22:11.332638 7f86a5e11700 10 _finish_op 0x30061b60 seq 3046 osr(2.4ba 0x2ed1740)/0x2ed1740
2014-06-09 16:22:11.332640 7f86a460e700 10 finisher(0x2c100f8) finisher_thread done with [0xbd5b6a0]
2014-06-09 16:22:11.332642 7f86a460e700 10 finisher(0x2c100f8) finisher_thread empty
2014-06-09 16:22:11.332633 7f868d75d700 10 osd.26 pg_epoch: 243 pg[2.d( empty local-les=243 n=0 ec=1 les/c 212/213 242/242/242) [26,8] r=0 lpr=242 pi=211-241/2 crt=0'0 mlcod 0'0 inactive] handle_peering_event: epoch_sent: 243 epoch_requested: 243 FlushedEvt
2014-06-09 16:22:11.332643 7f86a460e700 10 finisher(0x2c100f8) finisher_thread sleeping
2014-06-09 16:22:11.332642 7f86a5e11700 15 KeyValueStore::op_tp worker wq KeyValueStore::OpWQ done processing 0xc781320 (1 active)
2014-06-09 16:22:11.332645 7f86a5e11700 12 KeyValueStore::op_tp worker wq KeyValueStore::OpWQ start processing 0xc52c480 (2 active)
2014-06-09 16:22:11.332646 7f86a4e0f700 10 finisher(0x2c10388) finisher_thread doing [0xbd6fd60]
2014-06-09 16:22:11.332647 7f86a5e11700 5 _do_op 0x30033b00 seq 3047 osr(3.573 0x3ed18e0)/0x3ed18e0 start
2014-06-09 16:22:11.332650 7f86a5e11700 10 _do_transaction on 0x344cf00
2014-06-09 16:22:11.332646 7f868d75d700 15 osd.26 pg_epoch: 243 pg[2.d( empty local-les=243 n=0 ec=1 les/c 212/213 242/242/242) [26,8] r=0 lpr=242 pi=211-241/2 crt=0'0 mlcod 0'0 inactive] requeue_ops
2014-06-09 16:22:11.332655 7f86a5e11700 15 _omap_setkeys meta/16ef7597/infos/head//-1
2014-06-09 16:22:11.332648 7f86a4e0f700 10 osd.26 pg_epoch: 243 pg[2.4ba( empty local-les=243 n=0 ec=1 les/c 208/208 242/242/242) [26,6] r=0 lpr=242 pi=207-241/2 crt=0'0 mlcod 0'0 inactive] _activate_committed 243 peer_activated now 26 last_epoch_started 208 same_interval_since 242
2014-06-09 16:22:11.332658 7f868d75d700 10 log is not dirty
2014-06-09 16:22:11.332663 7f86a5610700 10 lookup_strip_header done cid meta oid 16ef7597/infos/head//-1
2014-06-09 16:22:11.332659 7f86a4e0f700 10 osd.26 pg_epoch: 243 pg[2.4ba( empty local-les=243 n=0 ec=1 les/c 208/208 242/242/242) [26,6] r=0 lpr=242 pi=207-241/2 crt=0'0 mlcod 0'0 inactive] flushed
2014-06-09 16:22:11.332633 7f868bf5a700 20 OSD::op_tp worker waiting
2014-06-09 16:22:11.332677 7f868c75b700 20 OSD::op_tp worker waiting
2014-06-09 16:22:11.332668 7f868d75d700 10 osd.26 pg_epoch: 243 pg[2.102( empty local-les=243 n=0 ec=1 les/c 208/208 242/242/242) [26,6] r=0 lpr=242 pi=207-241/2 crt=0'0 mlcod 0'0 inactive] handle_peering_event: epoch_sent: 242 epoch_requested: 242 MNotifyRec from 6 notify: (query_epoch:242, epoch_sent:242, info:2.102( empty local-les=208 n=0 ec=1 les/c 208/208 242/242/242))
2014-06-09 16:22:11.332682 7f86a5610700 10 cid: oid: 16ef7597/infos/head//-1 skipping op, spos 3044.0.0 <= header.spos 150443.0.0
2014-06-09 16:22:11.332686 7f86a5610700 5 submit_transaction r = 0
2014-06-09 16:22:11.332681 7f868d75d700 10 osd.26 pg_epoch: 243 pg[2.102( empty local-les=243 n=0 ec=1 les/c 208/208 242/242/242) [26,6] r=0 lpr=242 pi=207-241/2 crt=0'0 mlcod 0'0 inactive] state: Active: got notify from 6, already have info from that osd, ignoring
2014-06-09 16:22:11.332691 7f868d75d700 10 log is not dirty
2014-06-09 16:22:11.332694 7f868f761700 20 OSD::op_tp worker waiting
2014-06-09 16:22:11.332697 7f868d75d700 15 OSD::op_tp worker wq OSD::PeeringWQ done processing 0xb7f02b0 (0 active)
2014-06-09 16:22:11.332700 7f868d75d700 20 OSD::op_tp worker waiting
2014-06-09 16:22:11.332709 7f86a5610700 10 _do_op 0x30606120 seq 3044 r = 0, finisher 0xbdf09a0 0
2014-06-09 16:22:11.332711 7f869af78700 5 -- op tracker -- , seq: 1496, time:
2014-06-09 16:22:11.332708, event: done, op: pg_notify(2.102(20) epoch 242)
2014-06-09 16:22:11.332715 7f86a5610700 10 _finish_op 0x30606120 seq 3044 osr(3.1bd 0x3ed0a50)/0x3ed0a50
2014-06-09 16:22:11.332708 7f86a4e0f700 10 osd.26 pg_epoch: 243 pg[2.4ba( empty local-les=243 n=0 ec=1 les/c 208/208 242/242/242) [26,6] r=0 lpr=242 pi=207-241/2 crt=0'0 mlcod 0'0 inactive] flushed
2014-06-09 16:22:11.332718 7f86a5610700 15 KeyValueStore::op_tp worker wq KeyValueStore::OpWQ done processing 0xc6f7200 (1 active)
2014-06-09 16:22:11.332719 7f869af78700 10 osd.26 243 do_waiters -- start
2014-06-09 16:22:11.332721 7f86a5610700 12 KeyValueStore::op_tp worker wq KeyValueStore::OpWQ start processing 0xc781e60 (2 active)
2014-06-09 16:22:11.332722 7f869af78700 10 osd.26 243 do_waiters -- finish
2014-06-09 16:22:11.332723 7f86a5610700 5 _do_op 0x30061b00 seq 3048 osr(3.1f4 0x3ed0970)/0x3ed0970 start
2014-06-09 16:22:11.332726 7f86a5610700 10 _do_transaction on 0xc1f0540
2014-06-09 16:22:11.332725 7f868af58700 12 OSD::op_tp worker wq OSD::PeeringWQ start processing 0xc711a90 (1 active)
2014-06-09 16:22:11.332727 7f86a4e0f700 10 finisher(0x2c10388) finisher_thread done with [0xbd6fd60]
2014-06-09 16:22:11.332728 7f86a4e0f700 10 finisher(0x2c10388) finisher_thread doing [0xbdf09a0]
2014-06-09 16:22:11.332732 7f86a4e0f700 10 finisher(0x2c10388) finisher_thread done with [0xbdf09a0]
2014-06-09 16:22:11.332732 7f86a5610700 15 _omap_setkeys meta/16ef7597/infos/head//-1
2014-06-09 16:22:11.332734 7f86a4e0f700 10 finisher(0x2c10388) finisher_thread empty
2014-06-09 16:22:11.332734 7f86a4e0f700 10 finisher(0x2c10388) finisher_thread sleeping
2014-06-09 16:22:11.332730 7f868af58700 10 osd.26 pg_epoch: 243 pg[2.4ba( empty local-les=243 n=0 ec=1 les/c 208/208 242/242/242) [26,6] r=0 lpr=242 pi=207-241/2 crt=0'0 mlcod 0'0 inactive] handle_peering_event: epoch_sent: 243 epoch_requested: 243 FlushedEvt
2014-06-09 16:22:11.332738 7f86a460e700 10 finisher(0x2c100f8) finisher_thread doing [0xc5a6e00]
2014-06-09 16:22:11.332740 7f869af78700 10 osd.26 243 do_waiters -- start
2014-06-09 16:22:11.332742 7f869af78700 10 osd.26 243 do_waiters -- finish
2014-06-09 16:22:11.332743 7f868af58700 10 log is not dirty
2014-06-09 16:22:11.332743 7f869af78700 20 osd.26 243 _dispatch 0x240efc00 pg_notify(2.4e3(26) epoch 243) v5
2014-06-09 16:22:11.332740 7f86a460e700 10 osd.26 pg_epoch: 243 pg[3.1bd( v 214'661 (0'0,214'661] local-les=243 n=131 ec=118 les/c 212/212 242/242/242) [26,8] r=0 lpr=242 pi=211-241/2 crt=0'0 lcod 0'0 mlcod 0'0 inactive] _activate_committed 243 peer_activated now 26 last_epoch_started 212 same_interval_since 242
2014-06-09 16:22:11.332748 7f869af78700 5 -- op tracker -- , seq: 1497, time:
2014-06-09 16:22:10.999681, event: header_read, op: pg_notify(2.4e3(26) epoch 243)
2014-06-09 16:22:11.332747 7f868af58700 10 osd.26 pg_epoch: 243 pg[2.4ba( empty local-les=243 n=0 ec=1 les/c 208/208 242/242/242) [26,6] r=0 lpr=242 pi=207-241/2 crt=0'0 mlcod 0'0 inactive] handle_peering_event: epoch_sent: 243 epoch_requested: 243 FlushedEvt
2014-06-09 16:22:11.332755 7f869af78700 5 -- op tracker -- , seq: 1497, time:
2014-06-09 16:22:10.999682, event: throttled, op: pg_notify(2.4e3(26) epoch 243)
2014-06-09 16:22:11.332753 7f86a460e700 10 osd.26 pg_epoch: 243 pg[3.1bd( v 214'661 (0'0,214'661] local-les=243 n=131 ec=118 les/c 212/212 242/242/242) [26,8] r=0 lpr=242 pi=211-241/2 crt=0'0 lcod 0'0 mlcod 0'0 inactive] flushed
2014-06-09 16:22:11.332756 7f868af58700 15 osd.26 pg_epoch: 243 pg[2.4ba( empty local-les=243 n=0 ec=1 les/c 208/208 242/242/242) [26,6] r=0 lpr=242 pi=207-241/2 crt=0'0 mlcod 0'0 inactive] requeue_ops
2014-06-09 16:22:11.332764 7f868af58700 10 log is not dirty
2014-06-09 16:22:11.332760 7f869af78700 5 -- op tracker -- , seq: 1497, time:
2014-06-09 16:22:10.999714, event: all_read, op: pg_notify(2.4e3(26) epoch 243)
2014-06-09 16:22:11.332768 7f8692767700 12 OSD::op_tp worker wq OSD::PeeringWQ start processing 0xb7f0210 (2 active)
2014-06-09 16:22:11.332770 7f869af78700 5 -- op tracker -- , seq: 1497, time:
2014-06-09 16:22:11.332740, event: dispatched, op: pg_notify(2.4e3(26) epoch 243)
2014-06-09 16:22:11.332767 7f86a460e700 10 osd.26 pg_epoch: 243 pg[3.1bd( v 214'661 (0'0,214'661] local-les=243 n=131 ec=118 les/c 212/212 242/242/242) [26,8] r=0 lpr=242 pi=211-241/2 crt=0'0 lcod 0'0 mlcod 0'0 inactive] flushed
2014-06-09 16:22:11.332776 7f868af58700 15 OSD::op_tp worker wq OSD::PeeringWQ done processing 0xc711a90 (1 active)
2014-06-09 16:22:11.332776 7f869af78700 5 -- op tracker -- , seq: 1497, time:
2014-06-09 16:22:11.332774, event: waiting_for_osdmap, op: pg_notify(2.4e3(26) epoch 243)
2014-06-09 16:22:11.332779 7f868af58700 20 OSD::op_tp worker waiting
2014-06-09 16:22:11.332780 7f869af78700 7 osd.26 243 handle_pg_notify from osd.0
2014-06-09 16:22:11.332782 7f869af78700 15 osd.26 243 require_same_or_newer_map 243 (i am 243) 0x240efc00
2014-06-09 16:22:11.332783 7f8691765700 20 OSD::op_tp worker waiting
2014-06-09 16:22:11.332786 7f869af78700 5 -- op tracker -- , seq: 1497, time:
2014-06-09 16:22:11.332785, event: started, op: pg_notify(2.4e3(26) epoch 243)
2014-06-09 16:22:11.332794 7f86a460e700 10 finisher(0x2c100f8) finisher_thread done with [0xc5a6e00]
2014-06-09 16:22:11.332796 7f86a460e700 10 finisher(0x2c100f8) finisher_thread empty
2014-06-09 16:22:11.332797 7f86a460e700 10 finisher(0x2c100f8) finisher_thread sleeping
2014-06-09 16:22:11.332800 7f86a5e11700 10 lookup_strip_header done cid meta oid 16ef7597/infos/head//-1
2014-06-09 16:22:11.332796 7f8692767700 10 osd.26 pg_epoch: 243 pg[3.1bd( v 214'661 (0'0,214'661] local-les=243 n=131 ec=118 les/c 212/212 242/242/242) [26,8] r=0 lpr=242 pi=211-241/2 crt=0'0 lcod 0'0 mlcod 0'0 inactive] handle_peering_event: epoch_sent: 243 epoch_requested: 243 FlushedEvt
2014-06-09 16:22:11.332808 7f868df5e700 12 OSD::op_tp worker wq OSD::PeeringWQ start processing 0xb7f02a0 (2 active)
2014-06-09 16:22:11.332809 7f869af78700 5 -- op tracker -- , seq: 1497, time:
2014-06-09 16:22:11.332807, event: done, op: pg_notify(2.4e3(26) epoch 243)
2014-06-09 16:22:11.332813 7f8692767700 10 log is not dirty
2014-06-09 16:22:11.332818 7f869af78700 10 osd.26 243 do_waiters -- start
2014-06-09 16:22:11.332817 7f86a5e11700 10 cid: oid: 16ef7597/infos/head//-1 skipping op, spos 3047.0.0 <= header.spos 150443.0.0
2014-06-09 16:22:11.332820 7f869af78700 10 osd.26 243 do_waiters -- finish
2014-06-09 16:22:11.332820 7f86a5e11700 5 submit_transaction r = 0
2014-06-09 16:22:11.332820 7f8692767700 15 OSD::op_tp worker wq OSD::PeeringWQ done processing 0xb7f0210 (1 active)
2014-06-09 16:22:11.332813 7f868df5e700 10 osd.26 pg_epoch: 243 pg[2.4e3( empty local-les=243 n=0 ec=1 les/c 191/191 242/242/242) [26,0] r=0 lpr=242 pi=190-241/4 crt=0'0 mlcod 0'0 inactive] handle_peering_event: epoch_sent: 243 epoch_requested: 243 MNotifyRec from 0 notify: (query_epoch:243, epoch_sent:243, info:2.4e3( empty local-les=191 n=0 ec=1 les/c 191/191 242/242/242))
2014-06-09 16:22:11.332823 7f8692767700 12 OSD::op_tp worker wq OSD::PeeringWQ start processing 0xb7f0210 (2 active)
2014-06-09 16:22:11.332827 7f868df5e700 10 osd.26 pg_epoch: 243 pg[2.4e3( empty local-les=243 n=0 ec=1 les/c 191/191 242/242/242) [26,0] r=0 lpr=242 pi=190-241/4 crt=0'0 mlcod 0'0 inactive] state: Active: got notify from 0, already have info from that osd, ignoring
2014-06-09 16:22:11.332834 7f86a5e11700 10 _do_op 0x30033b00 seq 3047 r = 0, finisher 0x170018e0 0
2014-06-09 16:22:11.332826 7f8692767700 10 osd.26 pg_epoch: 243 pg[3.1bd( v 214'661 (0'0,214'661] local-les=243 n=131 ec=118 les/c 212/212 242/242/242) [26,8] r=0 lpr=242 pi=211-241/2 crt=0'0 lcod 0'0 mlcod 0'0 inactive] handle_peering_event: epoch_sent: 243 epoch_requested: 243 FlushedEvt
2014-06-09 16:22:11.332837 7f868df5e700 10 log is not dirty
2014-06-09 16:22:11.332836 7f869af78700 10 osd.26 243 do_waiters -- start
2014-06-09 16:22:11.332838 7f869af78700 10 osd.26 243 do_waiters -- finish
2014-06-09 16:22:11.332839 7f869af78700 20 osd.26 243 _dispatch 0x19eb9500 pg_notify(1.1(20) epoch 242) v5
2014-06-09 16:22:11.332840 7f86a5e11700 10 _finish_op 0x30033b00 seq 3047 osr(3.573 0x3ed18e0)/0x3ed18e0
2014-06-09 16:22:11.332841 7f86a460e700 10 finisher(0x2c100f8) finisher_thread doing [0xbd77920]
2014-06-09 16:22:11.332844 7f86a460e700 10 finisher(0x2c100f8) finisher_thread done with [0xbd77920]
2014-06-09 16:22:11.332845 7f86a460e700 10 finisher(0x2c100f8) finisher_thread empty
2014-06-09 16:22:11.332846 7f86a460e700 10 finisher(0x2c100f8) finisher_thread sleeping
2014-06-09 16:22:11.332838 7f8692767700 15 osd.26 pg_epoch: 243 pg[3.1bd( v 214'661 (0'0,214'661] local-les=243 n=131 ec=118 les/c 212/212 242/242/242) [26,8] r=0 lpr=242 pi=211-241/2 crt=0'0 lcod 0'0 mlcod 0'0 inactive] requeue_ops 0x2e075f00,0x2e075e00,0x2e075d00,0x2e075c00
2014-06-09 16:22:11.332845 7f869af78700 5 -- op tracker -- , seq: 1498, time:
2014-06-09 16:22:10.985243, event: header_read, op: pg_notify(1.1(20) epoch 242)
2014-06-09 16:22:11.332848 7f86a4e0f700 10 finisher(0x2c10388) finisher_thread doing [0x170018e0]
2014-06-09 16:22:11.332852 7f869af78700 5 -- op tracker -- , seq: 1498, time:
2014-06-09 16:22:10.985244, event: throttled, op: pg_notify(1.1(20) epoch 242)
2014-06-09 16:22:11.332858 7f869af78700 5 -- op tracker -- , seq: 1498, time:
2014-06-09 16:22:10.985263, event: all_read, op: pg_notify(1.1(20) epoch 242)
2014-06-09 16:22:11.332851 7f86a4e0f700 10 osd.26 pg_epoch: 243 pg[3.573( v 213'607 (0'0,213'607] local-les=243 n=120 ec=118 les/c 203/203 242/242/242) [26,4] r=0 lpr=242 pi=202-241/2 crt=0'0 lcod 0'0 mlcod 0'0 inactive] _activate_committed 243 peer_activated now 26 last_epoch_started 203 same_interval_since 242
2014-06-09 16:22:11.332864 7f869af78700 5 -- op tracker -- , seq: 1498, time:
2014-06-09 16:22:11.332836, event: dispatched, op: pg_notify(1.1(20) epoch 242)
2014-06-09 16:22:11.332865 7f86a4e0f700 10 osd.26 pg_epoch: 243 pg[3.573( v 213'607 (0'0,213'607] local-les=243 n=120 ec=118 les/c 203/203 242/242/242) [26,4] r=0 lpr=242 pi=202-241/2 crt=0'0 lcod 0'0 mlcod 0'0 inactive] flushed
2014-06-09 16:22:11.332870 7f869af78700 5 -- op tracker -- , seq: 1498, time:
2014-06-09 16:22:11.332868, event: waiting_for_osdmap, op: pg_notify(1.1(20) epoch 242)
2014-06-09 16:22:11.332879 7f869af78700 7 osd.26 243 handle_pg_notify from osd.5
2014-06-09 16:22:11.332881 7f869af78700 15 osd.26 243 require_same_or_newer_map 242 (i am 243) 0x19eb9500
2014-06-09 16:22:11.332882 7f868a757700 12 OSD::op_tp worker wq OSD::OpWQ start processing 0x1 (3 active)
2014-06-09 16:22:11.332879 7f86a4e0f700 10 osd.26 pg_epoch: 243 pg[3.573( v 213'607 (0'0,213'607] local-les=243 n=120 ec=118 les/c 203/203 242/242/242) [26,4] r=0 lpr=242 pi=202-241/2 crt=0'0 lcod 0'0 mlcod 0'0 inactive] flushed
2014-06-09 16:22:11.332886 7f869af78700 5 -- op tracker -- , seq: 1498, time:
2014-06-09 16:22:11.332884, event: started, op: pg_notify(1.1(20) epoch 242)
2014-06-09 16:22:11.332890 7f868e75f700 12 OSD::op_tp worker wq OSD::PeeringWQ start processing 0xb7f0290 (4 active)
2014-06-09 16:22:11.339637 7f868df5e700 15 OSD::op_tp worker wq OSD::PeeringWQ done processing 0xb7f02a0 (3 active)
2014-06-09 16:22:11.339647 7f868df5e700 12 OSD::op_tp worker wq OSD::OpWQ start processing 0x1 (4 active)
2014-06-09 16:22:11.339635 7f868e75f700 10 osd.26 pg_epoch: 243 pg[3.573( v 213'607 (0'0,213'607] local-les=243 n=120 ec=118 les/c 203/203 242/242/242) [26,4] r=0 lpr=242 pi=202-241/2 crt=0'0 lcod 0'0 mlcod 0'0 inactive] handle_peering_event: epoch_sent: 243 epoch_requested: 243 FlushedEvt
2014-06-09 16:22:11.339659 7f868e75f700 10 log is not dirty
2014-06-09 16:22:11.339666 7f868e75f700 10 osd.26 pg_epoch: 243 pg[3.573( v 213'607 (0'0,213'607] local-les=243 n=120 ec=118 les/c 203/203 242/242/242) [26,4] r=0 lpr=242 pi=202-241/2 crt=0'0 lcod 0'0 mlcod 0'0 inactive] handle_peering_event: epoch_sent: 243 epoch_requested: 243 FlushedEvt
2014-06-09 16:22:11.339678 7f868e75f700 15 osd.26 pg_epoch: 243 pg[3.573( v 213'607 (0'0,213'607] local-les=243 n=120 ec=118 les/c 203/203 242/242/242) [26,4] r=0 lpr=242 pi=202-241/2 crt=0'0 lcod 0'0 mlcod 0'0 inactive] requeue_ops 0x1c66b300,0x257c5f00,0x257c5e00,0x270bfe00,0x270bfd00,0x270bfc00,0x270bfb00,0x270bfa00,0x270bf900
2014-06-09 16:22:11.332892 7f86a4e0f700 10 finisher(0x2c10388) finisher_thread done with [0x170018e0]
2014-06-09 16:22:11.339719 7f86a4e0f700 10 finisher(0x2c10388) finisher_thread empty
2014-06-09 16:22:11.339719 7f8690f64700 12 OSD::op_tp worker wq OSD::OpWQ start processing 0x1 (5 active)
2014-06-09 16:22:11.339721 7f86a4e0f700 10 finisher(0x2c10388) finisher_thread sleeping
2014-06-09 16:22:11.339734 7f8689f56700 12 OSD::op_tp worker wq OSD::OpWQ start processing 0x1 (6 active)
2014-06-09 16:22:11.339745 7f8689755700 12 OSD::op_tp worker wq OSD::OpWQ start processing 0x1 (7 active)
2014-06-09 16:22:11.339756 7f8692f68700 12 OSD::op_tp worker wq OSD::OpWQ start processing 0x1 (8 active)
2014-06-09 16:22:11.339766 7f868cf5c700 12 OSD::op_tp worker wq OSD::OpWQ start processing 0x1 (9 active)
2014-06-09 16:22:11.339792 7f868e75f700 10 log is not dirty
2014-06-09 16:22:11.339796 7f868ef60700 12 OSD::op_tp worker wq OSD::OpWQ start processing 0x1 (10 active)
2014-06-09 16:22:11.339800 7f868e75f700 15 OSD::op_tp worker wq OSD::PeeringWQ done processing 0xb7f0290 (9 active)
2014-06-09 16:22:11.339805 7f868e75f700 12 OSD::op_tp worker wq OSD::OpWQ start processing 0x1 (10 active)
2014-06-09 16:22:11.339815 7f868bf5a700 12 OSD::op_tp worker wq OSD::OpWQ start processing 0x1 (11 active)
2014-06-09 16:22:11.339802 7f868ef60700 10 osd.26 243 dequeue_op 0x1c66b300 prio 63 cost 450560 latency 0.621220 osd_op(client.4565.0:32981 rbd_data.11756b8b4567.000000000000159c [set-alloc-hint object_size 4194304 write_size 4194304,write 0~450560] 3.96952573 RETRY=3 ack+ondisk+retry+write e242) v4 pg pg[3.573( v 213'607 (0'0,213'607] local-les=243 n=120 ec=118 les/c 203/203 242/242/242) [26,4] r=0 lpr=242 pi=202-241/2 crt=0'0 lcod 0'0 mlcod 0'0 inactive]
2014-06-09 16:22:11.339823 7f868f761700 12 OSD::op_tp worker wq OSD::OpWQ start processing 0x1 (12 active)
2014-06-09 16:22:11.339831 7f868c75b700 12 OSD::op_tp worker wq OSD::OpWQ start processing 0x1 (13 active)
2014-06-09 16:22:11.339827 7f868ef60700 5 -- op tracker -- , seq: 638, time:
2014-06-09 16:22:11.339821, event: reached_pg, op: osd_op(client.4565.0:32981 rbd_data.11756b8b4567.000000000000159c [set-alloc-hint object_size 4194304 write_size 4194304,write 0~450560] 3.96952573 RETRY=3 ack+ondisk+retry+write e242)
2014-06-09 16:22:11.339836 7f868ef60700 20 osd.26 pg_epoch: 243 pg[3.573( v 213'607 (0'0,213'607] local-les=243 n=120 ec=118 les/c 203/203 242/242/242) [26,4] r=0 lpr=242 pi=202-241/2 crt=0'0 lcod 0'0 mlcod 0'0 inactive] op_has_sufficient_caps pool=3 (ceph ) owner=0 need_read_cap=0 need_write_cap=1 need_class_read_cap=0 need_class_write_cap=0 -> yes
2014-06-09 16:22:11.339847 7f869af78700 5 -- op tracker -- , seq: 1498, time:
2014-06-09 16:22:11.339844, event: done, op: pg_notify(1.1(20) epoch 242)
2014-06-09 16:22:11.339849 7f868ef60700 10 osd.26 pg_epoch: 243 pg[3.573( v 213'607 (0'0,213'607] local-les=243 n=120 ec=118 les/c 203/203 242/242/242) [26,4] r=0 lpr=242 pi=202-241/2 crt=0'0 lcod 0'0 mlcod 0'0 inactive] can_handle_while_inactive: 0x1c66b300
2014-06-09 16:22:11.339859 7f868ef60700 10 osd.26 243 dequeue_op 0x1c66b300 finish
2014-06-09 16:22:11.339860 7f869af78700 10 osd.26 243 do_waiters -- start
2014-06-09 16:22:11.339863 7f869af78700 10 osd.26 243 do_waiters -- finish
2014-06-09 16:22:11.339864 7f868ef60700 15 OSD::op_tp worker wq OSD::OpWQ done processing 0x1 (12 active)
2014-06-09 16:22:11.339867 7f868ef60700 12 OSD::op_tp worker wq OSD::PeeringWQ start processing 0xb7f0280 (13 active)
2014-06-09 16:22:11.339870 7f868ef60700 10 osd.26 pg_epoch: 243 pg[1.1( empty local-les=243 n=0 ec=1 les/c 206/206 242/242/242) [26,5] r=0 lpr=242 pi=205-241/2 crt=0'0 mlcod 0'0 inactive] handle_peering_event: epoch_sent: 242 epoch_requested: 242 MNotifyRec from 5 notify: (query_epoch:242, epoch_sent:242, info:1.1( empty local-les=206 n=0 ec=1 les/c 206/206 242/242/242))
2014-06-09 16:22:11.339887 7f869af78700 10 osd.26 243 do_waiters -- start
2014-06-09 16:22:11.339888 7f869af78700 10 osd.26 243 do_waiters -- finish
2014-06-09 16:22:11.339890 7f869af78700 20 osd.26 243 _dispatch 0x280c5c00 pg_notify(1.246(21),3.51e(12) epoch 242) v5
2014-06-09 16:22:11.339883 7f868ef60700 10 osd.26 pg_epoch: 243 pg[1.1( empty local-les=243 n=0 ec=1 les/c 206/206 242/242/242) [26,5] r=0 lpr=242 pi=205-241/2 crt=0'0 mlcod 0'0 inactive] state: Active: got notify from 5, already have info from that osd, ignoring
2014-06-09 16:22:11.339894 7f868ef60700 10 log is not dirty
2014-06-09 16:22:11.339896 7f869af78700 5 -- op tracker -- , seq: 1499, time:
2014-06-09 16:22:10.770224, event: header_read, op: pg_notify(1.246(21),3.51e(12) epoch 242)
2014-06-09 16:22:11.339900 7f868ef60700 15 OSD::op_tp worker wq OSD::PeeringWQ done processing 0xb7f0280 (12 active)
2014-06-09 16:22:11.339906 7f868ef60700 12 OSD::op_tp worker wq OSD::OpWQ start processing 0x1 (13 active)
2014-06-09 16:22:11.339903 7f869af78700 5 -- op tracker -- , seq: 1499, time:
2014-06-09 16:22:10.770224, event: throttled, op: pg_notify(1.246(21),3.51e(12) epoch 242)
2014-06-09 16:22:11.339910 7f869af78700 5 -- op tracker -- , seq: 1499, time:
2014-06-09 16:22:10.770267, event: all_read, op: pg_notify(1.246(21),3.51e(12) epoch 242)
2014-06-09 16:22:11.339916 7f869af78700 5 -- op tracker -- , seq: 1499, time:
2014-06-09 16:22:11.339886, event: dispatched, op: pg_notify(1.246(21),3.51e(12) epoch 242)
2014-06-09 16:22:11.339909 7f868ef60700 10 osd.26 243 dequeue_op 0x257c5f00 prio 63 cost 516096 latency 0.598584 osd_op(client.4565.0:32982 rbd_data.11756b8b4567.000000000000159c [set-alloc-hint object_size 4194304 write_size 4194304,write 450560~516096] 3.96952573 RETRY=3 ack+ondisk+retry+write e242) v4 pg pg[3.573( v 213'607 (0'0,213'607] local-les=243 n=120 ec=118 les/c 203/203 242/242/242) [26,4] r=0 lpr=242 pi=202-241/2 crt=0'0 lcod 0'0 mlcod 0'0 inactive]
2014-06-09 16:22:11.339923 7f869af78700 5 -- op tracker -- , seq: 1499, time:
2014-06-09 16:22:11.339920, event: waiting_for_osdmap, op: pg_notify(1.246(21),3.51e(12) epoch 242)
2014-06-09 16:22:11.339930 7f869af78700 7 osd.26 243 handle_pg_notify from osd.2
2014-06-09 16:22:11.339932 7f869af78700 15 osd.26 243 require_same_or_newer_map 242 (i am 243) 0x280c5c00
2014-06-09 16:22:11.339936 7f868ef60700 5 -- op tracker -- , seq: 639, time:
