2014-06-09 16:22:11.339924, event: reached_pg, op: osd_op(client.4565.0:32982 rbd_data.11756b8b4567.000000000000159c [set-alloc-hint object_size 4194304 write_size 4194304,write 450560~516096] 3.96952573 RETRY=3 ack+ondisk+retry+write e242)
2014-06-09 16:22:11.339946 7f868ef60700 20 osd.26 pg_epoch: 243 pg[3.573( v 213'607 (0'0,213'607] local-les=243 n=120 ec=118 les/c 203/203 242/242/242) [26,4] r=0 lpr=242 pi=202-241/2 crt=0'0 lcod 0'0 mlcod 0'0 inactive] op_has_sufficient_caps pool=3 (ceph ) owner=0 need_read_cap=0 need_write_cap=1 need_class_read_cap=0 need_class_write_cap=0 -> yes
2014-06-09 16:22:11.339957 7f868ef60700 10 osd.26 pg_epoch: 243 pg[3.573( v 213'607 (0'0,213'607] local-les=243 n=120 ec=118 les/c 203/203 242/242/242) [26,4] r=0 lpr=242 pi=202-241/2 crt=0'0 lcod 0'0 mlcod 0'0 inactive] can_handle_while_inactive: 0x257c5f00
2014-06-09 16:22:11.339965 7f868ef60700 10 osd.26 243 dequeue_op 0x257c5f00 finish
2014-06-09 16:22:11.339929 7f868d75d700 20 OSD::op_tp worker waiting
2014-06-09 16:22:11.339976 7f868af58700 20 OSD::op_tp worker waiting
2014-06-09 16:22:11.339986 7f869af78700 5 -- op tracker -- , seq: 1499, time:
2014-06-09 16:22:11.339936, event: started, op: pg_notify(1.246(21),3.51e(12) epoch 242)
2014-06-09 16:22:11.339976 7f868cf5c700 10 osd.26 243 dequeue_op 0x257c5e00 prio 63 cost 3227648 latency 0.597726 osd_op(client.4565.0:32983 rbd_data.11756b8b4567.000000000000159c [set-alloc-hint object_size 4194304 write_size 4194304,write 966656~3227648] 3.96952573 RETRY=3 ack+ondisk+retry+write e242) v4 pg pg[3.573( v 213'607 (0'0,213'607] local-les=243 n=120 ec=118 les/c 203/203 242/242/242) [26,4] r=0 lpr=242 pi=202-241/2 crt=0'0 lcod 0'0 mlcod 0'0 inactive]
2014-06-09 16:22:11.340005 7f8691f66700 12 OSD::op_tp worker wq OSD::PeeringWQ start processing 0xb7f0220 (14 active)
2014-06-09 16:22:11.340017 7f868d75d700 12 OSD::op_tp worker wq OSD::PeeringWQ start processing 0xb7f02b0 (15 active)
2014-06-09 16:22:11.340011 7f8691f66700 10 osd.26 pg_epoch: 243 pg[1.246( empty local-les=243 n=0 ec=1 les/c 191/191 242/242/242) [26,2] r=0 lpr=242 pi=190-241/4 crt=0'0 mlcod 0'0 inactive] handle_peering_event: epoch_sent: 242 epoch_requested: 242 MNotifyRec from 2 notify: (query_epoch:242, epoch_sent:242, info:1.246( empty local-les=191 n=0 ec=1 les/c 191/191 242/242/242))
2014-06-09 16:22:11.340024 7f8691f66700 10 osd.26 pg_epoch: 243 pg[1.246( empty local-les=243 n=0 ec=1 les/c 191/191 242/242/242) [26,2] r=0 lpr=242 pi=190-241/4 crt=0'0 mlcod 0'0 inactive] state: Active: got notify from 2, already have info from that osd, ignoring
2014-06-09 16:22:11.340034 7f8691f66700 10 log is not dirty
2014-06-09 16:22:11.340022 7f868d75d700 10 osd.26 pg_epoch: 243 pg[3.51e( v 214'681 (0'0,214'681] local-les=191 n=129 ec=118 les/c 191/191 242/242/242) [26,2] r=0 lpr=242 pi=190-241/4 crt=0'0 lcod 0'0 mlcod 0'0 peering] handle_peering_event: epoch_sent: 242 epoch_requested: 242 MNotifyRec from 2 notify: (query_epoch:242, epoch_sent:242, info:3.51e( v 213'674 (0'0,213'674] local-les=191 n=127 ec=118 les/c 191/191 242/242/242))
2014-06-09 16:22:11.340041 7f8691f66700 15 OSD::op_tp worker wq OSD::PeeringWQ done processing 0xb7f0220 (14 active)
2014-06-09 16:22:11.340043 7f8691f66700 20 OSD::op_tp worker waiting
2014-06-09 16:22:11.340039 7f868d75d700 7 osd.26 pg_epoch: 243 pg[3.51e( v 214'681 (0'0,214'681] local-les=191 n=129 ec=118 les/c 191/191 242/242/242) [26,2] r=0 lpr=242 pi=190-241/4 crt=0'0 lcod 0'0 mlcod 0'0 peering] state: handle_pg_notify from osd.2
2014-06-09 16:22:11.340048 7f868ef60700 15 OSD::op_tp worker wq OSD::OpWQ done processing 0x1 (13 active)
2014-06-09 16:22:11.340050 7f868ef60700 20 OSD::op_tp worker waiting
2014-06-09 16:22:11.339998 7f868cf5c700 5 -- op tracker -- , seq: 670, time:
2014-06-09 16:22:11.339992, event: reached_pg, op: osd_op(client.4565.0:32983 rbd_data.11756b8b4567.000000000000159c [set-alloc-hint object_size 4194304 write_size 4194304,write 966656~3227648] 3.96952573 RETRY=3 ack+ondisk+retry+write e242)
2014-06-09 16:22:11.340049 7f868d75d700 10 osd.26 pg_epoch: 243 pg[3.51e( v 214'681 (0'0,214'681] local-les=191 n=129 ec=118 les/c 191/191 242/242/242) [26,2] r=0 lpr=242 pi=190-241/4 crt=0'0 lcod 0'0 mlcod 0'0 peering] state: pg[3.51e( v 214'681 (0'0,214'681] local-les=191 n=129 ec=118 les/c 191/191 242/242/242) [26,2] r=0 lpr=242 pi=190-241/4 crt=0'0 lcod 0'0 mlcod 0'0 peering] got dup osd.2 info 3.51e( v 213'674 (0'0,213'674] local-les=191 n=127 ec=118 les/c 191/191 242/242/242), identical to ours
2014-06-09 16:22:11.340067 7f868d75d700 10 log is not dirty
2014-06-09 16:22:11.340060 7f868cf5c700 20 osd.26 pg_epoch: 243 pg[3.573( v 213'607 (0'0,213'607] local-les=243 n=120 ec=118 les/c 203/203 242/242/242) [26,4] r=0 lpr=242 pi=202-241/2 crt=0'0 lcod 0'0 mlcod 0'0 inactive] op_has_sufficient_caps pool=3 (ceph ) owner=0 need_read_cap=0 need_write_cap=1 need_class_read_cap=0 need_class_write_cap=0 -> yes
2014-06-09 16:22:11.340073 7f868d75d700 15 OSD::op_tp worker wq OSD::PeeringWQ done processing 0xb7f02b0 (12 active)
2014-06-09 16:22:11.340076 7f868d75d700 20 OSD::op_tp worker waiting
2014-06-09 16:22:11.340071 7f868cf5c700 10 osd.26 pg_epoch: 243 pg[3.573( v 213'607 (0'0,213'607] local-les=243 n=120 ec=118 les/c 203/203 242/242/242) [26,4] r=0 lpr=242 pi=202-241/2 crt=0'0 lcod 0'0 mlcod 0'0 inactive] can_handle_while_inactive: 0x257c5e00
2014-06-09 16:22:11.340080 7f868cf5c700 10 osd.26 243 dequeue_op 0x257c5e00 finish
2014-06-09 16:22:11.340085 7f868cf5c700 15 OSD::op_tp worker wq OSD::OpWQ done processing 0x1 (11 active)
2014-06-09 16:22:11.340087 7f868cf5c700 20 OSD::op_tp worker waiting
2014-06-09 16:22:11.340083 7f869af78700 5 -- op tracker -- , seq: 1499, time:
2014-06-09 16:22:11.340014, event: done, op: pg_notify(1.246(21),3.51e(12) epoch 242)
2014-06-09 16:22:11.340095 7f869af78700 10 osd.26 243 do_waiters -- start
2014-06-09 16:22:11.340097 7f869af78700 10 osd.26 243 do_waiters -- finish
2014-06-09 16:22:11.340092 7f8690f64700 10 osd.26 243 dequeue_op 0x270bfe00 prio 63 cost 237568 latency 0.546210 osd_op(client.4570.0:34184 rbd_data.117a6b8b4567.00000000000016f7 [set-alloc-hint object_size 4194304 write_size 4194304,write 0~237568] 3.f5aba573 RETRY=3 ack+ondisk+retry+write e242) v4 pg pg[3.573( v 213'607 (0'0,213'607] local-les=243 n=120 ec=118 les/c 203/203 242/242/242) [26,4] r=0 lpr=242 pi=202-241/2 crt=0'0 lcod 0'0 mlcod 0'0 inactive]
2014-06-09 16:22:11.340120 7f8690f64700 5 -- op tracker -- , seq: 734, time:
2014-06-09 16:22:11.340115, event: reached_pg, op: osd_op(client.4570.0:34184 rbd_data.117a6b8b4567.00000000000016f7 [set-alloc-hint object_size 4194304 write_size 4194304,write 0~237568] 3.f5aba573 RETRY=3 ack+ondisk+retry+write e242)
2014-06-09 16:22:11.340127 7f869af78700 10 osd.26 243 do_waiters -- start
2014-06-09 16:22:11.340128 7f869af78700 10 osd.26 243 do_waiters -- finish
2014-06-09 16:22:11.340129 7f869af78700 20 osd.26 243 _dispatch 0x240ebc00 pg_notify(2.368(23) epoch 242) v5
2014-06-09 16:22:11.340128 7f8690f64700 20 osd.26 pg_epoch: 243 pg[3.573( v 213'607 (0'0,213'607] local-les=243 n=120 ec=118 les/c 203/203 242/242/242) [26,4] r=0 lpr=242 pi=202-241/2 crt=0'0 lcod 0'0 mlcod 0'0 inactive] op_has_sufficient_caps pool=3 (ceph ) owner=0 need_read_cap=0 need_write_cap=1 need_class_read_cap=0 need_class_write_cap=0 -> yes
2014-06-09 16:22:11.340134 7f869af78700 5 -- op tracker -- , seq: 1500, time:
2014-06-09 16:22:10.707319, event: header_read, op: pg_notify(2.368(23) epoch 242)
2014-06-09 16:22:11.340142 7f869af78700 5 -- op tracker -- , seq: 1500, time:
2014-06-09 16:22:10.707319, event: throttled, op: pg_notify(2.368(23) epoch 242)
2014-06-09 16:22:11.340140 7f8690f64700 10 osd.26 pg_epoch: 243 pg[3.573( v 213'607 (0'0,213'607] local-les=243 n=120 ec=118 les/c 203/203 242/242/242) [26,4] r=0 lpr=242 pi=202-241/2 crt=0'0 lcod 0'0 mlcod 0'0 inactive] can_handle_while_inactive: 0x270bfe00
2014-06-09 16:22:11.340150 7f8690f64700 10 osd.26 243 dequeue_op 0x270bfe00 finish
2014-06-09 16:22:11.340148 7f869af78700 5 -- op tracker -- , seq: 1500, time:
2014-06-09 16:22:10.707344, event: all_read, op: pg_notify(2.368(23) epoch 242)
2014-06-09 16:22:11.340156 7f8690f64700 15 OSD::op_tp worker wq OSD::OpWQ done processing 0x1 (10 active)
2014-06-09 16:22:11.340158 7f8690f64700 20 OSD::op_tp worker waiting
2014-06-09 16:22:11.340157 7f868e75f700 10 osd.26 243 dequeue_op 0x270bfd00 prio 63 cost 516096 latency 0.538779 osd_op(client.4570.0:34185 rbd_data.117a6b8b4567.00000000000016f7 [set-alloc-hint object_size 4194304 write_size 4194304,write 237568~516096] 3.f5aba573 RETRY=3 ack+ondisk+retry+write e242) v4 pg pg[3.573( v 213'607 (0'0,213'607] local-les=243 n=120 ec=118 les/c 203/203 242/242/242) [26,4] r=0 lpr=242 pi=202-241/2 crt=0'0 lcod 0'0 mlcod 0'0 inactive]
2014-06-09 16:22:11.340176 7f869af78700 5 -- op tracker -- , seq: 1500, time:
2014-06-09 16:22:11.340126, event: dispatched, op: pg_notify(2.368(23) epoch 242)
2014-06-09 16:22:11.340189 7f868e75f700 5 -- op tracker -- , seq: 756, time:
2014-06-09 16:22:11.340174, event: reached_pg, op: osd_op(client.4570.0:34185 rbd_data.117a6b8b4567.00000000000016f7 [set-alloc-hint object_size 4194304 write_size 4194304,write 237568~516096] 3.f5aba573 RETRY=3 ack+ondisk+retry+write e242)
2014-06-09 16:22:11.340196 7f868e75f700 20 osd.26 pg_epoch: 243 pg[3.573( v 213'607 (0'0,213'607] local-les=243 n=120 ec=118 les/c 203/203 242/242/242) [26,4] r=0 lpr=242 pi=202-241/2 crt=0'0 lcod 0'0 mlcod 0'0 inactive] op_has_sufficient_caps pool=3 (ceph ) owner=0 need_read_cap=0 need_write_cap=1 need_class_read_cap=0 need_class_write_cap=0 -> yes
2014-06-09 16:22:11.340207 7f868e75f700 10 osd.26 pg_epoch: 243 pg[3.573( v 213'607 (0'0,213'607] local-les=243 n=120 ec=118 les/c 203/203 242/242/242) [26,4] r=0 lpr=242 pi=202-241/2 crt=0'0 lcod 0'0 mlcod 0'0 inactive] can_handle_while_inactive: 0x270bfd00
2014-06-09 16:22:11.340216 7f868e75f700 10 osd.26 243 dequeue_op 0x270bfd00 finish
2014-06-09 16:22:11.340221 7f868e75f700 15 OSD::op_tp worker wq OSD::OpWQ done processing 0x1 (9 active)
2014-06-09 16:22:11.340223 7f868e75f700 20 OSD::op_tp worker waiting
2014-06-09 16:22:11.340228 7f8689755700 10 osd.26 243 dequeue_op 0x270bfc00 prio 63 cost 1032192 latency 0.526399 osd_op(client.4570.0:34186 rbd_data.117a6b8b4567.00000000000016f7 [set-alloc-hint object_size 4194304 write_size 4194304,write 753664~1032192] 3.f5aba573 RETRY=3 ack+ondisk+retry+write e242) v4 pg pg[3.573( v 213'607 (0'0,213'607] local-les=243 n=120 ec=118 les/c 203/203 242/242/242) [26,4] r=0 lpr=242 pi=202-241/2 crt=0'0 lcod 0'0 mlcod 0'0 inactive]
2014-06-09 16:22:11.340248 7f8689755700 5 -- op tracker -- , seq: 763, time:
2014-06-09 16:22:11.340243, event: reached_pg, op: osd_op(client.4570.0:34186 rbd_data.117a6b8b4567.00000000000016f7 [set-alloc-hint object_size 4194304 write_size 4194304,write 753664~1032192] 3.f5aba573 RETRY=3 ack+ondisk+retry+write e242)
2014-06-09 16:22:11.340254 7f8689755700 20 osd.26 pg_epoch: 243 pg[3.573( v 213'607 (0'0,213'607] local-les=243 n=120 ec=118 les/c 203/203 242/242/242) [26,4] r=0 lpr=242 pi=202-241/2 crt=0'0 lcod 0'0 mlcod 0'0 inactive] op_has_sufficient_caps pool=3 (ceph ) owner=0 need_read_cap=0 need_write_cap=1 need_class_read_cap=0 need_class_write_cap=0 -> yes
2014-06-09 16:22:11.340265 7f8689755700 10 osd.26 pg_epoch: 243 pg[3.573( v 213'607 (0'0,213'607] local-les=243 n=120 ec=118 les/c 203/203 242/242/242) [26,4] r=0 lpr=242 pi=202-241/2 crt=0'0 lcod 0'0 mlcod 0'0 inactive] can_handle_while_inactive: 0x270bfc00
2014-06-09 16:22:11.340273 7f8689755700 10 osd.26 243 dequeue_op 0x270bfc00 finish
2014-06-09 16:22:11.340278 7f8689755700 15 OSD::op_tp worker wq OSD::OpWQ done processing 0x1 (8 active)
2014-06-09 16:22:11.340280 7f8689755700 20 OSD::op_tp worker waiting
2014-06-09 16:22:11.340285 7f868bf5a700 10 osd.26 243 dequeue_op 0x270bfb00 prio 63 cost 1036288 latency 0.521945 osd_op(client.4570.0:34187 rbd_data.117a6b8b4567.00000000000016f7 [set-alloc-hint object_size 4194304 write_size 4194304,write 1785856~1036288] 3.f5aba573 RETRY=3 ack+ondisk+retry+write e242) v4 pg pg[3.573( v 213'607 (0'0,213'607] local-les=243 n=120 ec=118 les/c 203/203 242/242/242) [26,4] r=0 lpr=242 pi=202-241/2 crt=0'0 lcod 0'0 mlcod 0'0 inactive]
2014-06-09 16:22:11.340305 7f868bf5a700 5 -- op tracker -- , seq: 784, time:
2014-06-09 16:22:11.340300, event: reached_pg, op: osd_op(client.4570.0:34187 rbd_data.117a6b8b4567.00000000000016f7 [set-alloc-hint object_size 4194304 write_size 4194304,write 1785856~1036288] 3.f5aba573 RETRY=3 ack+ondisk+retry+write e242)
2014-06-09 16:22:11.340312 7f868bf5a700 20 osd.26 pg_epoch: 243 pg[3.573( v 213'607 (0'0,213'607] local-les=243 n=120 ec=118 les/c 203/203 242/242/242) [26,4] r=0 lpr=242 pi=202-241/2 crt=0'0 lcod 0'0 mlcod 0'0 inactive] op_has_sufficient_caps pool=3 (ceph ) owner=0 need_read_cap=0 need_write_cap=1 need_class_read_cap=0 need_class_write_cap=0 -> yes
2014-06-09 16:22:11.340324 7f868bf5a700 10 osd.26 pg_epoch: 243 pg[3.573( v 213'607 (0'0,213'607] local-les=243 n=120 ec=118 les/c 203/203 242/242/242) [26,4] r=0 lpr=242 pi=202-241/2 crt=0'0 lcod 0'0 mlcod 0'0 inactive] can_handle_while_inactive: 0x270bfb00
2014-06-09 16:22:11.340332 7f868bf5a700 10 osd.26 243 dequeue_op 0x270bfb00 finish
2014-06-09 16:22:11.340337 7f868bf5a700 15 OSD::op_tp worker wq OSD::OpWQ done processing 0x1 (7 active)
2014-06-09 16:22:11.340339 7f868bf5a700 20 OSD::op_tp worker waiting
2014-06-09 16:22:11.340345 7f868f761700 10 osd.26 243 dequeue_op 0x270bfa00 prio 63 cost 516096 latency 0.519924 osd_op(client.4570.0:34188 rbd_data.117a6b8b4567.00000000000016f7 [set-alloc-hint object_size 4194304 write_size 4194304,write 2822144~516096] 3.f5aba573 RETRY=3 ack+ondisk+retry+write e242) v4 pg pg[3.573( v 213'607 (0'0,213'607] local-les=243 n=120 ec=118 les/c 203/203 242/242/242) [26,4] r=0 lpr=242 pi=202-241/2 crt=0'0 lcod 0'0 mlcod 0'0 inactive]
2014-06-09 16:22:11.340364 7f868f761700 5 -- op tracker -- , seq: 800, time:
2014-06-09 16:22:11.340359, event: reached_pg, op: osd_op(client.4570.0:34188 rbd_data.117a6b8b4567.00000000000016f7 [set-alloc-hint object_size 4194304 write_size 4194304,write 2822144~516096] 3.f5aba573 RETRY=3 ack+ondisk+retry+write e242)
2014-06-09 16:22:11.340371 7f868f761700 20 osd.26 pg_epoch: 243 pg[3.573( v 213'607 (0'0,213'607] local-les=243 n=120 ec=118 les/c 203/203 242/242/242) [26,4] r=0 lpr=242 pi=202-241/2 crt=0'0 lcod 0'0 mlcod 0'0 inactive] op_has_sufficient_caps pool=3 (ceph ) owner=0 need_read_cap=0 need_write_cap=1 need_class_read_cap=0 need_class_write_cap=0 -> yes
2014-06-09 16:22:11.340381 7f868f761700 10 osd.26 pg_epoch: 243 pg[3.573( v 213'607 (0'0,213'607] local-les=243 n=120 ec=118 les/c 203/203 242/242/242) [26,4] r=0 lpr=242 pi=202-241/2 crt=0'0 lcod 0'0 mlcod 0'0 inactive] can_handle_while_inactive: 0x270bfa00
2014-06-09 16:22:11.340390 7f868f761700 10 osd.26 243 dequeue_op 0x270bfa00 finish
2014-06-09 16:22:11.340394 7f868f761700 15 OSD::op_tp worker wq OSD::OpWQ done processing 0x1 (6 active)
2014-06-09 16:22:11.340397 7f868f761700 20 OSD::op_tp worker waiting
2014-06-09 16:22:11.340401 7f868c75b700 10 osd.26 243 dequeue_op 0x270bf900 prio 63 cost 856064 latency 0.516684 osd_op(client.4570.0:34189 rbd_data.117a6b8b4567.00000000000016f7 [set-alloc-hint object_size 4194304 write_size 4194304,write 3338240~856064] 3.f5aba573 RETRY=3 ack+ondisk+retry+write e242) v4 pg pg[3.573( v 213'607 (0'0,213'607] local-les=243 n=120 ec=118 les/c 203/203 242/242/242) [26,4] r=0 lpr=242 pi=202-241/2 crt=0'0 lcod 0'0 mlcod 0'0 inactive]
2014-06-09 16:22:11.340420 7f868c75b700 5 -- op tracker -- , seq: 816, time:
2014-06-09 16:22:11.340415, event: reached_pg, op: osd_op(client.4570.0:34189 rbd_data.117a6b8b4567.00000000000016f7 [set-alloc-hint object_size 4194304 write_size 4194304,write 3338240~856064] 3.f5aba573 RETRY=3 ack+ondisk+retry+write e242)
2014-06-09 16:22:11.340426 7f868c75b700 20 osd.26 pg_epoch: 243 pg[3.573( v 213'607 (0'0,213'607] local-les=243 n=120 ec=118 les/c 203/203 242/242/242) [26,4] r=0 lpr=242 pi=202-241/2 crt=0'0 lcod 0'0 mlcod 0'0 inactive] op_has_sufficient_caps pool=3 (ceph ) owner=0 need_read_cap=0 need_write_cap=1 need_class_read_cap=0 need_class_write_cap=0 -> yes
2014-06-09 16:22:11.340437 7f868c75b700 10 osd.26 pg_epoch: 243 pg[3.573( v 213'607 (0'0,213'607] local-les=243 n=120 ec=118 les/c 203/203 242/242/242) [26,4] r=0 lpr=242 pi=202-241/2 crt=0'0 lcod 0'0 mlcod 0'0 inactive] can_handle_while_inactive: 0x270bf900
2014-06-09 16:22:11.340446 7f868c75b700 10 osd.26 243 dequeue_op 0x270bf900 finish
2014-06-09 16:22:11.340450 7f868c75b700 15 OSD::op_tp worker wq OSD::OpWQ done processing 0x1 (5 active)
2014-06-09 16:22:11.340452 7f868c75b700 20 OSD::op_tp worker waiting
2014-06-09 16:22:11.340459 7f869af78700 5 -- op tracker -- , seq: 1500, time:
2014-06-09 16:22:11.340457, event: waiting_for_osdmap, op: pg_notify(2.368(23) epoch 242)
2014-06-09 16:22:11.340465 7f869af78700 7 osd.26 243 handle_pg_notify from osd.4
2014-06-09 16:22:11.340467 7f869af78700 15 osd.26 243 require_same_or_newer_map 242 (i am 243) 0x240ebc00
2014-06-09 16:22:11.340472 7f869af78700 5 -- op tracker -- , seq: 1500, time:
2014-06-09 16:22:11.340470, event: started, op: pg_notify(2.368(23) epoch 242)
2014-06-09 16:22:11.340490 7f869af78700 5 -- op tracker -- , seq: 1500, time:
2014-06-09 16:22:11.340488, event: done, op: pg_notify(2.368(23) epoch 242)
2014-06-09 16:22:11.340504 7f869af78700 10 osd.26 243 do_waiters -- start
2014-06-09 16:22:11.340506 7f869af78700 10 osd.26 243 do_waiters -- finish
2014-06-09 16:22:11.340524 7f869af78700 10 osd.26 243 do_waiters -- start
2014-06-09 16:22:11.340525 7f869af78700 10 osd.26 243 do_waiters -- finish
2014-06-09 16:22:11.340526 7f869af78700 20 osd.26 243 _dispatch 0x3004c600 pg_log(1.691 epoch 243 log log((0'0,0'0], crt=0'0) query_epoch 243) v4
2014-06-09 16:22:11.340533 7f869af78700 5 -- op tracker -- , seq: 1501, time:
2014-06-09 16:22:11.053975, event: header_read, op: pg_log(1.691 epoch 243 log log((0'0,0'0], crt=0'0) query_epoch 243)
2014-06-09 16:22:11.340540 7f869af78700 5 -- op tracker -- , seq: 1501, time:
2014-06-09 16:22:11.053975, event: throttled, op: pg_log(1.691 epoch 243 log log((0'0,0'0], crt=0'0) query_epoch 243)
2014-06-09 16:22:11.340547 7f869af78700 5 -- op tracker -- , seq: 1501, time:
2014-06-09 16:22:11.053996, event: all_read, op: pg_log(1.691 epoch 243 log log((0'0,0'0], crt=0'0) query_epoch 243)
2014-06-09 16:22:11.340553 7f869af78700 5 -- op tracker -- , seq: 1501, time:
2014-06-09 16:22:11.340523, event: dispatched, op: pg_log(1.691 epoch 243 log log((0'0,0'0], crt=0'0) query_epoch 243)
2014-06-09 16:22:11.340560 7f869af78700 5 -- op tracker -- , seq: 1501, time:
2014-06-09 16:22:11.340558, event: waiting_for_osdmap, op: pg_log(1.691 epoch 243 log log((0'0,0'0], crt=0'0) query_epoch 243)
2014-06-09 16:22:11.340565 7f869af78700 7 osd.26 243 handle_pg_log pg_log(1.691 epoch 243 log log((0'0,0'0], crt=0'0) query_epoch 243) v4 from osd.7
2014-06-09 16:22:11.340568 7f869af78700 15 osd.26 243 require_same_or_newer_map 243 (i am 243) 0x3004c600
2014-06-09 16:22:11.340574 7f869af78700 5 -- op tracker -- , seq: 1501, time:
2014-06-09 16:22:11.340571, event: started, op: pg_log(1.691 epoch 243 log log((0'0,0'0], crt=0'0) query_epoch 243)
2014-06-09 16:22:11.340589 7f869af78700 5 -- op tracker -- , seq: 1501, time:
2014-06-09 16:22:11.340587, event: done, op: pg_log(1.691 epoch 243 log log((0'0,0'0], crt=0'0) query_epoch 243)
2014-06-09 16:22:11.340597 7f869af78700 10 osd.26 243 do_waiters -- start
2014-06-09 16:22:11.340599 7f869af78700 10 osd.26 243 do_waiters -- finish
2014-06-09 16:22:11.340612 7f869af78700 10 osd.26 243 do_waiters -- start
2014-06-09 16:22:11.340613 7f869af78700 10 osd.26 243 do_waiters -- finish
2014-06-09 16:22:11.340614 7f869af78700 20 osd.26 243 _dispatch 0x240ea1c0 pg_notify(0.498(20),2.75d(20) epoch 242) v5
2014-06-09 16:22:11.340620 7f869af78700 5 -- op tracker -- , seq: 1502, time:
2014-06-09 16:22:10.947230, event: header_read, op: pg_notify(0.498(20),2.75d(20) epoch 242)
2014-06-09 16:22:11.340627 7f869af78700 5 -- op tracker -- , seq: 1502, time:
2014-06-09 16:22:10.947231, event: throttled, op: pg_notify(0.498(20),2.75d(20) epoch 242)
2014-06-09 16:22:11.340633 7f869af78700 5 -- op tracker -- , seq: 1502, time:
2014-06-09 16:22:10.947287, event: all_read, op: pg_notify(0.498(20),2.75d(20) epoch 242)
2014-06-09 16:22:11.340640 7f869af78700 5 -- op tracker -- , seq: 1502, time:
2014-06-09 16:22:11.340611, event: dispatched, op: pg_notify(0.498(20),2.75d(20) epoch 242)
2014-06-09 16:22:11.340646 7f869af78700 5 -- op tracker -- , seq: 1502, time:
2014-06-09 16:22:11.340644, event: waiting_for_osdmap, op: pg_notify(0.498(20),2.75d(20) epoch 242)
2014-06-09 16:22:11.340650 7f869af78700 7 osd.26 243 handle_pg_notify from osd.3
2014-06-09 16:22:11.340652 7f869af78700 15 osd.26 243 require_same_or_newer_map 242 (i am 243) 0x240ea1c0
2014-06-09 16:22:11.340657 7f869af78700 5 -- op tracker -- , seq: 1502, time:
2014-06-09 16:22:11.340655, event: started, op: pg_notify(0.498(20),2.75d(20) epoch 242)
2014-06-09 16:22:11.340677 7f8691f66700 12 OSD::op_tp worker wq OSD::PeeringWQ start processing 0xb7f0220 (6 active)
2014-06-09 16:22:11.340682 7f868af58700 20 OSD::op_tp worker waiting
2014-06-09 16:22:11.340684 7f8691f66700 10 osd.26 pg_epoch: 243 pg[2.368( empty local-les=243 n=0 ec=1 les/c 203/203 242/242/242) [26,4] r=0 lpr=242 pi=202-241/2 crt=0'0 mlcod 0'0 inactive] handle_peering_event: epoch_sent: 242 epoch_requested: 242 MNotifyRec from 4 notify: (query_epoch:242, epoch_sent:242, info:2.368( empty local-les=203 n=0 ec=1 les/c 203/203 242/242/242))
2014-06-09 16:22:11.340692 7f869af78700 5 -- op tracker -- , seq: 1502, time:
2014-06-09 16:22:11.340689, event: done, op: pg_notify(0.498(20),2.75d(20) epoch 242)
2014-06-09 16:22:11.340701 7f869af78700 10 osd.26 243 do_waiters -- start
2014-06-09 16:22:11.340702 7f869af78700 10 osd.26 243 do_waiters -- finish
2014-06-09 16:22:11.340697 7f8691f66700 10 osd.26 pg_epoch: 243 pg[2.368( empty local-les=243 n=0 ec=1 les/c 203/203 242/242/242) [26,4] r=0 lpr=242 pi=202-241/2 crt=0'0 mlcod 0'0 inactive] state: Active: got notify from 4, already have info from that osd, ignoring
2014-06-09 16:22:11.340708 7f8691f66700 10 log is not dirty
2014-06-09 16:22:11.340712 7f8691f66700 10 osd.26 pg_epoch: 243 pg[1.691( empty local-les=210 n=0 ec=1 les/c 210/210 242/242/209) [7,26] r=1 lpr=242 pi=1-241/24 crt=0'0 inactive NOTIFY] handle_peering_event: epoch_sent: 243 epoch_requested: 243 MLogRec from 7
2014-06-09 16:22:11.340727 7f869af78700 10 osd.26 243 do_waiters -- start
2014-06-09 16:22:11.340729 7f869af78700 10 osd.26 243 do_waiters -- finish
2014-06-09 16:22:11.340730 7f869af78700 20 osd.26 243 _dispatch 0x2fe33200 pg_log(2.372 epoch 243 log log((0'0,0'0], crt=0'0) query_epoch 243) v4
2014-06-09 16:22:11.340723 7f8691f66700 10 osd.26 pg_epoch: 243 pg[1.691( empty local-les=210 n=0 ec=1 les/c 210/210 242/242/209) [7,26] r=1 lpr=242 pi=1-241/24 crt=0'0 inactive NOTIFY] state: got info+log from osd.7 1.691( empty local-les=243 n=0 ec=1 les/c 210/210 242/242/209) log((0'0,0'0], crt=0'0)
2014-06-09 16:22:11.340734 7f8691f66700 10 merge_log log((0'0,0'0], crt=0'0) from osd.7 into log((0'0,0'0], crt=0'0)
2014-06-09 16:22:11.340738 7f8691f66700 10 merge_log result log((0'0,0'0], crt=0'0) missing(0) changed=0
2014-06-09 16:22:11.340737 7f869af78700 5 -- op tracker -- , seq: 1503, time:
2014-06-09 16:22:11.019550, event: header_read, op: pg_log(2.372 epoch 243 log log((0'0,0'0], crt=0'0) query_epoch 243)
2014-06-09 16:22:11.340745 7f869af78700 5 -- op tracker -- , seq: 1503, time:
2014-06-09 16:22:11.019550, event: throttled, op: pg_log(2.372 epoch 243 log log((0'0,0'0], crt=0'0) query_epoch 243)
2014-06-09 16:22:11.340742 7f8691f66700 5 osd.26 pg_epoch: 243 pg[1.691( empty local-les=210 n=0 ec=1 les/c 210/210 242/242/209) [7,26] r=1 lpr=242 pi=1-241/24 crt=0'0 inactive NOTIFY] exit Started/Stray 1.075598 7 0.000205
2014-06-09 16:22:11.340753 7f869af78700 5 -- op tracker -- , seq: 1503, time:
2014-06-09 16:22:11.019562, event: all_read, op: pg_log(2.372 epoch 243 log log((0'0,0'0], crt=0'0) query_epoch 243)
2014-06-09 16:22:11.340755 7f8691f66700 5 osd.26 pg_epoch: 243 pg[1.691( empty local-les=210 n=0 ec=1 les/c 210/210 242/242/209) [7,26] r=1 lpr=242 pi=1-241/24 crt=0'0 inactive NOTIFY] enter Started/ReplicaActive
2014-06-09 16:22:11.340760 7f869af78700 5 -- op tracker -- , seq: 1503, time:
2014-06-09 16:22:11.340727, event: dispatched, op: pg_log(2.372 epoch 243 log log((0'0,0'0], crt=0'0) query_epoch 243)
2014-06-09 16:22:11.340767 7f869af78700 5 -- op tracker -- , seq: 1503, time:
2014-06-09 16:22:11.340764, event: waiting_for_osdmap, op: pg_log(2.372 epoch 243 log log((0'0,0'0], crt=0'0) query_epoch 243)
2014-06-09 16:22:11.340766 7f8691f66700 5 osd.26 pg_epoch: 243 pg[1.691( empty local-les=210 n=0 ec=1 les/c 210/210 242/242/209) [7,26] r=1 lpr=242 pi=1-241/24 crt=0'0 inactive NOTIFY] enter Started/ReplicaActive/RepNotRecovering
2014-06-09 16:22:11.340771 7f869af78700 7 osd.26 243 handle_pg_log pg_log(2.372 epoch 243 log log((0'0,0'0], crt=0'0) query_epoch 243) v4 from osd.1
2014-06-09 16:22:11.340775 7f869af78700 15 osd.26 243 require_same_or_newer_map 243 (i am 243) 0x2fe33200
2014-06-09 16:22:11.340776 7f8691f66700 10 osd.26 pg_epoch: 243 pg[1.691( empty local-les=210 n=0 ec=1 les/c 210/210 242/242/209) [7,26] r=1 lpr=242 pi=1-241/24 crt=0'0 inactive NOTIFY] state: In ReplicaActive, about to call activate
2014-06-09 16:22:11.340781 7f869af78700 5 -- op tracker -- , seq: 1503, time:
2014-06-09 16:22:11.340778, event: started, op: pg_log(2.372 epoch 243 log log((0'0,0'0], crt=0'0) query_epoch 243)
2014-06-09 16:22:11.340786 7f8691f66700 10 osd.26 pg_epoch: 243 pg[1.691( empty local-les=243 n=0 ec=1 les/c 210/210 242/242/209) [7,26] r=1 lpr=242 pi=1-241/24 crt=0'0 inactive] activate - no missing, moving last_complete 0'0 -> 0'0
2014-06-09 16:22:11.340794 7f8691f66700 10 osd.26 pg_epoch: 243 pg[1.691( empty local-les=243 n=0 ec=1 les/c 210/210 242/242/209) [7,26] r=1 lpr=242 pi=1-241/24 crt=0'0 inactive] state: Activate Finished
2014-06-09 16:22:11.340797 7f869af78700 5 -- op tracker -- , seq: 1503, time:
2014-06-09 16:22:11.340794, event: done, op: pg_log(2.372 epoch 243 log log((0'0,0'0], crt=0'0) query_epoch 243)
2014-06-09 16:22:11.340805 7f869af78700 10 osd.26 243 do_waiters -- start
2014-06-09 16:22:11.340806 7f869af78700 10 osd.26 243 do_waiters -- finish
2014-06-09 16:22:11.340819 7f869af78700 10 osd.26 243 do_waiters -- start
2014-06-09 16:22:11.340820 7f869af78700 10 osd.26 243 do_waiters -- finish
2014-06-09 16:22:11.340821 7f869af78700 20 osd.26 243 _dispatch 0x1003a000 pg_notify(0.1a7(20),1.46e(20),1.479(20) epoch 242) v5
2014-06-09 16:22:11.340827 7f869af78700 5 -- op tracker -- , seq: 1504, time:
2014-06-09 16:22:10.899204, event: header_read, op: pg_notify(0.1a7(20),1.46e(20),1.479(20) epoch 242)
2014-06-09 16:22:11.340835 7f869af78700 5 -- op tracker -- , seq: 1504, time:
2014-06-09 16:22:10.899205, event: throttled, op: pg_notify(0.1a7(20),1.46e(20),1.479(20) epoch 242)
2014-06-09 16:22:11.340841 7f869af78700 5 -- op tracker -- , seq: 1504, time:
2014-06-09 16:22:10.899248, event: all_read, op: pg_notify(0.1a7(20),1.46e(20),1.479(20) epoch 242)
2014-06-09 16:22:11.340844 7f8691f66700 10 log is not dirty
2014-06-09 16:22:11.340849 7f8691f66700 5 queue_transactions existing osr(1.691 0x384de30)/0x384de30
2014-06-09 16:22:11.340848 7f869af78700 5 -- op tracker -- , seq: 1504, time:
2014-06-09 16:22:11.340818, event: dispatched, op: pg_notify(0.1a7(20),1.46e(20),1.479(20) epoch 242)
2014-06-09 16:22:11.340853 7f8691f66700 10 op_submit_start 3086
2014-06-09 16:22:11.340854 7f8691f66700 5 queue_transactions (trailing journal) 3086
2014-06-09 16:22:11.340856 7f8691f66700 5 queue_op 0x308cbc80 seq 3086 osr(1.691 0x384de30) 2009 bytes (queue has 39 ops and 49362 bytes)
2014-06-09 16:22:11.340856 7f869af78700 5 -- op tracker -- , seq: 1504, time:
2014-06-09 16:22:11.340853, event: waiting_for_osdmap, op: pg_notify(0.1a7(20),1.46e(20),1.479(20) epoch 242)
2014-06-09 16:22:11.340861 7f869af78700 7 osd.26 243 handle_pg_notify from osd.9
2014-06-09 16:22:11.340863 7f869af78700 15 osd.26 243 require_same_or_newer_map 242 (i am 243) 0x1003a000
2014-06-09 16:22:11.340863 7f868ef60700 12 OSD::op_tp worker wq OSD::PeeringWQ start processing 0xb7f0280 (7 active)
2014-06-09 16:22:11.340868 7f869af78700 5 -- op tracker -- , seq: 1504, time:
2014-06-09 16:22:11.340866, event: started, op: pg_notify(0.1a7(20),1.46e(20),1.479(20) epoch 242)
2014-06-09 16:22:11.340867 7f868ef60700 10 osd.26 pg_epoch: 243 pg[2.75d( empty local-les=243 n=0 ec=1 les/c 201/201 242/242/242) [26,3] r=0 lpr=242 pi=200-241/2 crt=0'0 mlcod 0'0 inactive] handle_peering_event: epoch_sent: 242 epoch_requested: 242 MNotifyRec from 3 notify: (query_epoch:242, epoch_sent:242, info:2.75d( empty local-les=201 n=0 ec=1 les/c 201/201 242/242/242))
2014-06-09 16:22:11.340879 7f868ef60700 10 osd.26 pg_epoch: 243 pg[2.75d( empty local-les=243 n=0 ec=1 les/c 201/201 242/242/242) [26,3] r=0 lpr=242 pi=200-241/2 crt=0'0 mlcod 0'0 inactive] state: Active: got notify from 3, already have info from that osd, ignoring
2014-06-09 16:22:11.340888 7f868ef60700 10 log is not dirty
2014-06-09 16:22:11.340892 7f868ef60700 10 osd.26 pg_epoch: 243 pg[2.372( empty local-les=191 n=0 ec=1 les/c 191/191 242/242/222) [1,26] r=1 lpr=242 pi=1-241/22 crt=0'0 inactive NOTIFY] handle_peering_event: epoch_sent: 243 epoch_requested: 243 MLogRec from 1
2014-06-09 16:22:11.340900 7f868e75f700 12 OSD::op_tp worker wq OSD::PeeringWQ start processing 0xb7f0290 (8 active)
2014-06-09 16:22:11.340902 7f868ef60700 10 osd.26 pg_epoch: 243 pg[2.372( empty local-les=191 n=0 ec=1 les/c 191/191 242/242/222) [1,26] r=1 lpr=242 pi=1-241/22 crt=0'0 inactive NOTIFY] state: got info+log from osd.1 2.372( empty local-les=243 n=0 ec=1 les/c 191/191 242/242/222) log((0'0,0'0], crt=0'0)
2014-06-09 16:22:11.340912 7f868ef60700 10 merge_log log((0'0,0'0], crt=0'0) from osd.1 into log((0'0,0'0], crt=0'0)
2014-06-09 16:22:11.340905 7f868e75f700 10 osd.26 pg_epoch: 243 pg[0.1a7( empty local-les=243 n=0 ec=1 les/c 213/213 242/242/242) [26,9] r=0 lpr=242 pi=212-241/2 crt=0'0 mlcod 0'0 inactive] handle_peering_event: epoch_sent: 242 epoch_requested: 242 MNotifyRec from 9 notify: (query_epoch:242, epoch_sent:242, info:0.1a7( empty local-les=213 n=0 ec=1 les/c 213/213 242/242/242))
2014-06-09 16:22:11.340916 7f868ef60700 10 merge_log result log((0'0,0'0], crt=0'0) missing(0) changed=0
2014-06-09 16:22:11.340918 7f868e75f700 10 osd.26 pg_epoch: 243 pg[0.1a7( empty local-les=243 n=0 ec=1 les/c 213/213 242/242/242) [26,9] r=0 lpr=242 pi=212-241/2 crt=0'0 mlcod 0'0 inactive] state: Active: got notify from 9, already have info from that osd, ignoring
2014-06-09 16:22:11.340919 7f868ef60700 5 osd.26 pg_epoch: 243 pg[2.372( empty local-les=191 n=0 ec=1 les/c 191/191 242/242/222) [1,26] r=1 lpr=242 pi=1-241/22 crt=0'0 inactive NOTIFY] exit Started/Stray 0.804830 7 0.000225
2014-06-09 16:22:11.340928 7f868e75f700 10 log is not dirty
2014-06-09 16:22:11.340934 7f868d75d700 20 OSD::op_tp worker waiting
2014-06-09 16:22:11.340929 7f868ef60700 5 osd.26 pg_epoch: 243 pg[2.372( empty local-les=191 n=0 ec=1 les/c 191/191 242/242/222) [1,26] r=1 lpr=242 pi=1-241/22 crt=0'0 inactive NOTIFY] enter Started/ReplicaActive
2014-06-09 16:22:11.340939 7f868ef60700 5 osd.26 pg_epoch: 243 pg[2.372( empty local-les=191 n=0 ec=1 les/c 191/191 242/242/222) [1,26] r=1 lpr=242 pi=1-241/22 crt=0'0 inactive NOTIFY] enter Started/ReplicaActive/RepNotRecovering
2014-06-09 16:22:11.340941 7f868e75f700 10 osd.26 pg_epoch: 243 pg[1.46e( empty local-les=243 n=0 ec=1 les/c 213/213 242/242/242) [26,9] r=0 lpr=242 pi=212-241/2 crt=0'0 mlcod 0'0 inactive] handle_peering_event: epoch_sent: 242 epoch_requested: 242 MNotifyRec from 9 notify: (query_epoch:242, epoch_sent:242, info:1.46e( empty local-les=213 n=0 ec=1 les/c 213/213 242/242/242))
2014-06-09 16:22:11.340948 7f868ef60700 10 osd.26 pg_epoch: 243 pg[2.372( empty local-les=191 n=0 ec=1 les/c 191/191 242/242/222) [1,26] r=1 lpr=242 pi=1-241/22 crt=0'0 inactive NOTIFY] state: In ReplicaActive, about to call activate
2014-06-09 16:22:11.340952 7f868e75f700 10 osd.26 pg_epoch: 243 pg[1.46e( empty local-les=243 n=0 ec=1 les/c 213/213 242/242/242) [26,9] r=0 lpr=242 pi=212-241/2 crt=0'0 mlcod 0'0 inactive] state: Active: got notify from 9, already have info from that osd, ignoring
2014-06-09 16:22:11.340962 7f868e75f700 10 log is not dirty
2014-06-09 16:22:11.340957 7f868ef60700 10 osd.26 pg_epoch: 243 pg[2.372( empty local-les=243 n=0 ec=1 les/c 191/191 242/242/222) [1,26] r=1 lpr=242 pi=1-241/22 crt=0'0 inactive] activate - no missing, moving last_complete 0'0 -> 0'0
2014-06-09 16:22:11.340968 7f868e75f700 15 OSD::op_tp worker wq OSD::PeeringWQ done processing 0xb7f0290 (7 active)
2014-06-09 16:22:11.340971 7f868e75f700 20 OSD::op_tp worker waiting
2014-06-09 16:22:11.340965 7f868ef60700 10 osd.26 pg_epoch: 243 pg[2.372( empty local-les=243 n=0 ec=1 les/c 191/191 242/242/222) [1,26] r=1 lpr=242 pi=1-241/22 crt=0'0 inactive] state: Activate Finished
2014-06-09 16:22:11.340989 7f8689755700 12 OSD::op_tp worker wq OSD::PeeringWQ start processing 0xb7f0200 (8 active)
2014-06-09 16:22:11.340997 7f8689755700 10 osd.26 pg_epoch: 243 pg[1.479( empty local-les=243 n=0 ec=1 les/c 213/213 242/242/242) [26,9] r=0 lpr=242 pi=212-241/2 crt=0'0 mlcod 0'0 inactive] handle_peering_event: epoch_sent: 242 epoch_requested: 242 MNotifyRec from 9 notify: (query_epoch:242, epoch_sent:242, info:1.479( empty local-les=213 n=0 ec=1 les/c 213/213 242/242/242))
2014-06-09 16:22:11.341011 7f868ef60700 10 log is not dirty
2014-06-09 16:22:11.341009 7f8689755700 10 osd.26 pg_epoch: 243 pg[1.479( empty local-les=243 n=0 ec=1 les/c 213/213 242/242/242) [26,9] r=0 lpr=242 pi=212-241/2 crt=0'0 mlcod 0'0 inactive] state: Active: got notify from 9, already have info from that osd, ignoring
2014-06-09 16:22:11.341015 7f868ef60700 5 queue_transactions existing osr(2.372 0x2ed1150)/0x2ed1150
2014-06-09 16:22:11.341018 7f8689755700 10 log is not dirty
2014-06-09 16:22:11.341022 7f868cf5c700 20 OSD::op_tp worker waiting
2014-06-09 16:22:11.341027 7f8689755700 15 OSD::op_tp worker wq OSD::PeeringWQ done processing 0xb7f0200 (7 active)
2014-06-09 16:22:11.341030 7f8689755700 20 OSD::op_tp worker waiting
2014-06-09 16:22:11.341038 7f869af78700 5 -- op tracker -- , seq: 1504, time:
2014-06-09 16:22:11.341025, event: done, op: pg_notify(0.1a7(20),1.46e(20),1.479(20) epoch 242)
2014-06-09 16:22:11.341047 7f869af78700 10 osd.26 243 do_waiters -- start
2014-06-09 16:22:11.341049 7f869af78700 10 osd.26 243 do_waiters -- finish
2014-06-09 16:22:11.341083 7f869af78700 10 osd.26 243 do_waiters -- start
2014-06-09 16:22:11.341084 7f869af78700 10 osd.26 243 do_waiters -- finish
2014-06-09 16:22:11.341085 7f869af78700 20 osd.26 243 _dispatch 0x19fda8c0 pg_notify(3.4d7(10) epoch 242) v5
2014-06-09 16:22:11.341090 7f869af78700 5 -- op tracker -- , seq: 1505, time:
2014-06-09 16:22:10.983890, event: header_read, op: pg_notify(3.4d7(10) epoch 242)
2014-06-09 16:22:11.341097 7f869af78700 5 -- op tracker -- , seq: 1505, time:
2014-06-09 16:22:10.983891, event: throttled, op: pg_notify(3.4d7(10) epoch 242)
2014-06-09 16:22:11.341103 7f869af78700 5 -- op tracker -- , seq: 1505, time:
2014-06-09 16:22:10.983911, event: all_read, op: pg_notify(3.4d7(10) epoch 242)
2014-06-09 16:22:11.341109 7f869af78700 5 -- op tracker -- , seq: 1505, time:
2014-06-09 16:22:11.341082, event: dispatched, op: pg_notify(3.4d7(10) epoch 242)
2014-06-09 16:22:11.341115 7f869af78700 5 -- op tracker -- , seq: 1505, time:
2014-06-09 16:22:11.341113, event: waiting_for_osdmap, op: pg_notify(3.4d7(10) epoch 242)
2014-06-09 16:22:11.341119 7f869af78700 7 osd.26 243 handle_pg_notify from osd.8
2014-06-09 16:22:11.341121 7f869af78700 15 osd.26 243 require_same_or_newer_map 242 (i am 243) 0x19fda8c0
2014-06-09 16:22:11.341125 7f869af78700 5 -- op tracker -- , seq: 1505, time:
2014-06-09 16:22:11.341124, event: started, op: pg_notify(3.4d7(10) epoch 242)
2014-06-09 16:22:11.341144 7f869af78700 5 -- op tracker -- , seq: 1505, time:
2014-06-09 16:22:11.341142, event: done, op: pg_notify(3.4d7(10) epoch 242)
2014-06-09 16:22:11.341152 7f869af78700 10 osd.26 243 do_waiters -- start
2014-06-09 16:22:11.341153 7f869af78700 10 osd.26 243 do_waiters -- finish
2014-06-09 16:22:11.341166 7f869af78700 10 osd.26 243 do_waiters -- start
2014-06-09 16:22:11.341168 7f869af78700 10 osd.26 243 do_waiters -- finish
2014-06-09 16:22:11.341169 7f869af78700 20 osd.26 243 _dispatch 0x1405d340 pg_notify(0.138(20) epoch 242) v5
2014-06-09 16:22:11.341174 7f869af78700 5 -- op tracker -- , seq: 1506, time:
2014-06-09 16:22:10.852700, event: header_read, op: pg_notify(0.138(20) epoch 242)
2014-06-09 16:22:11.341180 7f869af78700 5 -- op tracker -- , seq: 1506, time:
2014-06-09 16:22:10.852701, event: throttled, op: pg_notify(0.138(20) epoch 242)
2014-06-09 16:22:11.341186 7f869af78700 5 -- op tracker -- , seq: 1506, time:
2014-06-09 16:22:10.852736, event: all_read, op: pg_notify(0.138(20) epoch 242)
2014-06-09 16:22:11.341192 7f869af78700 5 -- op tracker -- , seq: 1506, time:
2014-06-09 16:22:11.341166, event: dispatched, op: pg_notify(0.138(20) epoch 242)
2014-06-09 16:22:11.341198 7f869af78700 5 -- op tracker -- , seq: 1506, time:
2014-06-09 16:22:11.341196, event: waiting_for_osdmap, op: pg_notify(0.138(20) epoch 242)
2014-06-09 16:22:11.341202 7f869af78700 7 osd.26 243 handle_pg_notify from osd.6
2014-06-09 16:22:11.341205 7f869af78700 15 osd.26 243 require_same_or_newer_map 242 (i am 243) 0x1405d340
2014-06-09 16:22:11.341210 7f869af78700 5 -- op tracker -- , seq: 1506, time:
2014-06-09 16:22:11.341208, event: started, op: pg_notify(0.138(20) epoch 242)
2014-06-09 16:22:11.341228 7f869af78700 5 -- op tracker -- , seq: 1506, time:
2014-06-09 16:22:11.341226, event: done, op: pg_notify(0.138(20) epoch 242)
2014-06-09 16:22:11.341238 7f869af78700 10 osd.26 243 do_waiters -- start
2014-06-09 16:22:11.341240 7f869af78700 10 osd.26 243 do_waiters -- finish
2014-06-09 16:22:11.341256 7f869af78700 10 osd.26 243 do_waiters -- start
2014-06-09 16:22:11.341257 7f869af78700 10 osd.26 243 do_waiters -- finish
2014-06-09 16:22:11.341258 7f869af78700 20 osd.26 243 _dispatch 0x2a072c00 pg_log(1.5e epoch 243 log log((0'0,0'0], crt=0'0) query_epoch 243) v4
2014-06-09 16:22:11.341265 7f869af78700 5 -- op tracker -- , seq: 1507, time:
2014-06-09 16:22:11.003820, event: header_read, op: pg_log(1.5e epoch 243 log log((0'0,0'0], crt=0'0) query_epoch 243)
2014-06-09 16:22:11.341272 7f869af78700 5 -- op tracker -- , seq: 1507, time:
2014-06-09 16:22:11.003820, event: throttled, op: pg_log(1.5e epoch 243 log log((0'0,0'0], crt=0'0) query_epoch 243)
2014-06-09 16:22:11.341280 7f869af78700 5 -- op tracker -- , seq: 1507, time:
2014-06-09 16:22:11.003829, event: all_read, op: pg_log(1.5e epoch 243 log log((0'0,0'0], crt=0'0) query_epoch 243)
2014-06-09 16:22:11.341286 7f869af78700 5 -- op tracker -- , seq: 1507, time:
2014-06-09 16:22:11.341255, event: dispatched, op: pg_log(1.5e epoch 243 log log((0'0,0'0], crt=0'0) query_epoch 243)
2014-06-09 16:22:11.341293 7f869af78700 5 -- op tracker -- , seq: 1507, time:
2014-06-09 16:22:11.341290, event: waiting_for_osdmap, op: pg_log(1.5e epoch 243 log log((0'0,0'0], crt=0'0) query_epoch 243)
2014-06-09 16:22:11.341298 7f869af78700 7 osd.26 243 handle_pg_log pg_log(1.5e epoch 243 log log((0'0,0'0], crt=0'0) query_epoch 243) v4 from osd.0
2014-06-09 16:22:11.341301 7f869af78700 15 osd.26 243 require_same_or_newer_map 243 (i am 243) 0x2a072c00
2014-06-09 16:22:11.341307 7f869af78700 5 -- op tracker -- , seq: 1507, time:
2014-06-09 16:22:11.341304, event: started, op: pg_log(1.5e epoch 243 log log((0'0,0'0], crt=0'0) query_epoch 243)
2014-06-09 16:22:11.341321 7f869af78700 5 -- op tracker -- , seq: 1507, time:
2014-06-09 16:22:11.341318, event: done, op: pg_log(1.5e epoch 243 log log((0'0,0'0], crt=0'0) query_epoch 243)
2014-06-09 16:22:11.341330 7f869af78700 10 osd.26 243 do_waiters -- start
2014-06-09 16:22:11.341332 7f869af78700 10 osd.26 243 do_waiters -- finish
2014-06-09 16:22:11.341344 7f869af78700 10 osd.26 243 do_waiters -- start
2014-06-09 16:22:11.341345 7f869af78700 10 osd.26 243 do_waiters -- finish
2014-06-09 16:22:11.341346 7f869af78700 20 osd.26 243 _dispatch 0x3002cd80 osd_map(243..243 src has 1..243) v3
2014-06-09 16:22:11.341353 7f869af78700 3 osd.26 243 handle_osd_map epochs [243,243], i have 243, src has [1,243]
2014-06-09 16:22:11.341355 7f869af78700 10 osd.26 243 no new maps here, dropping
2014-06-09 16:22:11.341357 7f869af78700 10 osd.26 243 do_waiters -- start
2014-06-09 16:22:11.341358 7f869af78700 10 osd.26 243 do_waiters -- finish
2014-06-09 16:22:11.341372 7f869af78700 10 osd.26 243 do_waiters -- start
2014-06-09 16:22:11.341373 7f869af78700 10 osd.26 243 do_waiters -- finish
2014-06-09 16:22:11.341375 7f869af78700 20 osd.26 243 _dispatch 0x240ef500 pg_notify(0.411(21) epoch 242) v5
2014-06-09 16:22:11.341380 7f869af78700 5 -- op tracker -- , seq: 1508, time:
2014-06-09 16:22:10.784846, event: header_read, op: pg_notify(0.411(21) epoch 242)
2014-06-09 16:22:11.341387 7f869af78700 5 -- op tracker -- , seq: 1508, time:
2014-06-09 16:22:10.784847, event: throttled, op: pg_notify(0.411(21) epoch 242)
2014-06-09 16:22:11.341393 7f869af78700 5 -- op tracker -- , seq: 1508, time:
2014-06-09 16:22:10.784876, event: all_read, op: pg_notify(0.411(21) epoch 242)
2014-06-09 16:22:11.341399 7f869af78700 5 -- op tracker -- , seq: 1508, time:
2014-06-09 16:22:11.341372, event: dispatched, op: pg_notify(0.411(21) epoch 242)
2014-06-09 16:22:11.341405 7f869af78700 5 -- op tracker -- , seq: 1508, time:
2014-06-09 16:22:11.341403, event: waiting_for_osdmap, op: pg_notify(0.411(21) epoch 242)
2014-06-09 16:22:11.341409 7f869af78700 7 osd.26 243 handle_pg_notify from osd.2
2014-06-09 16:22:11.341411 7f869af78700 15 osd.26 243 require_same_or_newer_map 242 (i am 243) 0x240ef500
2014-06-09 16:22:11.341416 7f869af78700 5 -- op tracker -- , seq: 1508, time:
2014-06-09 16:22:11.341414, event: started, op: pg_notify(0.411(21) epoch 242)
2014-06-09 16:22:11.341432 7f869af78700 5 -- op tracker -- , seq: 1508, time:
2014-06-09 16:22:11.341430, event: done, op: pg_notify(0.411(21) epoch 242)
2014-06-09 16:22:11.341440 7f869af78700 10 osd.26 243 do_waiters -- start
2014-06-09 16:22:11.341442 7f869af78700 10 osd.26 243 do_waiters -- finish
2014-06-09 16:22:11.341458 7f869af78700 10 osd.26 243 do_waiters -- start
2014-06-09 16:22:11.341460 7f869af78700 10 osd.26 243 do_waiters -- finish
2014-06-09 16:22:11.341461 7f869af78700 20 osd.26 243 _dispatch 0x230baa80 pg_notify(3.67f(10) epoch 242) v5
2014-06-09 16:22:11.341466 7f869af78700 5 -- op tracker -- , seq: 1509, time:
2014-06-09 16:22:10.707650, event: header_read, op: pg_notify(3.67f(10) epoch 242)
2014-06-09 16:22:11.341473 7f869af78700 5 -- op tracker -- , seq: 1509, time:
2014-06-09 16:22:10.707650, event: throttled, op: pg_notify(3.67f(10) epoch 242)
2014-06-09 16:22:11.341479 7f869af78700 5 -- op tracker -- , seq: 1509, time:
2014-06-09 16:22:10.708212, event: all_read, op: pg_notify(3.67f(10) epoch 242)
2014-06-09 16:22:11.341485 7f869af78700 5 -- op tracker -- , seq: 1509, time:
2014-06-09 16:22:11.341458, event: dispatched, op: pg_notify(3.67f(10) epoch 242)
2014-06-09 16:22:11.341492 7f869af78700 5 -- op tracker -- , seq: 1509, time:
2014-06-09 16:22:11.341490, event: waiting_for_osdmap, op: pg_notify(3.67f(10) epoch 242)
2014-06-09 16:22:11.341496 7f869af78700 7 osd.26 243 handle_pg_notify from osd.4
2014-06-09 16:22:11.341498 7f869af78700 15 osd.26 243 require_same_or_newer_map 242 (i am 243) 0x230baa80
2014-06-09 16:22:11.341502 7f869af78700 5 -- op tracker -- , seq: 1509, time:
2014-06-09 16:22:11.341501, event: started, op: pg_notify(3.67f(10) epoch 242)
2014-06-09 16:22:11.341520 7f869af78700 5 -- op tracker -- , seq: 1509, time:
2014-06-09 16:22:11.341518, event: done, op: pg_notify(3.67f(10) epoch 242)
2014-06-09 16:22:11.341528 7f869af78700 10 osd.26 243 do_waiters -- start
2014-06-09 16:22:11.341529 7f869af78700 10 osd.26 243 do_waiters -- finish
2014-06-09 16:22:11.341543 7f869af78700 10 osd.26 243 do_waiters -- start
2014-06-09 16:22:11.341545 7f869af78700 10 osd.26 243 do_waiters -- finish
2014-06-09 16:22:11.341546 7f869af78700 20 osd.26 243 _dispatch 0x3046bc00 pg_notify(3.3e6(10),0.6b3(20) epoch 243) v5
2014-06-09 16:22:11.341551 7f869af78700 5 -- op tracker -- , seq: 1510, time:
2014-06-09 16:22:11.054040, event: header_read, op: pg_notify(3.3e6(10),0.6b3(20) epoch 243)
2014-06-09 16:22:11.341558 7f869af78700 5 -- op tracker -- , seq: 1510, time:
2014-06-09 16:22:11.054041, event: throttled, op: pg_notify(3.3e6(10),0.6b3(20) epoch 243)
2014-06-09 16:22:11.341565 7f869af78700 5 -- op tracker -- , seq: 1510, time:
2014-06-09 16:22:11.054079, event: all_read, op: pg_notify(3.3e6(10),0.6b3(20) epoch 243)
2014-06-09 16:22:11.341571 7f869af78700 5 -- op tracker -- , seq: 1510, time:
2014-06-09 16:22:11.341543, event: dispatched, op: pg_notify(3.3e6(10),0.6b3(20) epoch 243)
2014-06-09 16:22:11.341577 7f869af78700 5 -- op tracker -- , seq: 1510, time:
2014-06-09 16:22:11.341575, event: waiting_for_osdmap, op: pg_notify(3.3e6(10),0.6b3(20) epoch 243)
2014-06-09 16:22:11.341582 7f869af78700 7 osd.26 243 handle_pg_notify from osd.7
2014-06-09 16:22:11.341584 7f869af78700 15 osd.26 243 require_same_or_newer_map 243 (i am 243) 0x3046bc00
2014-06-09 16:22:11.341589 7f869af78700 5 -- op tracker -- , seq: 1510, time:
2014-06-09 16:22:11.341587, event: started, op: pg_notify(3.3e6(10),0.6b3(20) epoch 243)
2014-06-09 16:22:11.341612 7f868e75f700 12 OSD::op_tp worker wq OSD::PeeringWQ start processing 0xb7f0290 (8 active)
2014-06-09 16:22:11.341616 7f868e75f700 10 osd.26 pg_epoch: 243 pg[3.4d7( v 214'562 (0'0,214'562] local-les=243 n=109 ec=118 les/c 212/212 242/242/242) [26,8] r=0 lpr=242 pi=211-241/2 crt=0'0 lcod 0'0 mlcod 0'0 inactive] handle_peering_event: epoch_sent: 242 epoch_requested: 242 MNotifyRec from 8 notify: (query_epoch:242, epoch_sent:242, info:3.4d7( v 214'562 (0'0,214'562] local-les=212 n=109 ec=118 les/c 212/212 242/242/242))
2014-06-09 16:22:11.341629 7f868e75f700 10 osd.26 pg_epoch: 243 pg[3.4d7( v 214'562 (0'0,214'562] local-les=243 n=109 ec=118 les/c 212/212 242/242/242) [26,8] r=0 lpr=242 pi=211-241/2 crt=0'0 lcod 0'0 mlcod 0'0 inactive] state: Active: got notify from 8, already have info from that osd, ignoring
2014-06-09 16:22:11.341639 7f868e75f700 10 log is not dirty
2014-06-09 16:22:11.341643 7f868e75f700 10 osd.26 pg_epoch: 243 pg[0.138( empty local-les=243 n=0 ec=1 les/c 208/208 242/242/242) [26,6] r=0 lpr=242 pi=207-241/2 crt=0'0 mlcod 0'0 inactive] handle_peering_event: epoch_sent: 242 epoch_requested: 242 MNotifyRec from 6 notify: (query_epoch:242, epoch_sent:242, info:0.138( empty local-les=208 n=0 ec=1 les/c 208/208 242/242/242))
2014-06-09 16:22:11.341653 7f868e75f700 10 osd.26 pg_epoch: 243 pg[0.138( empty local-les=243 n=0 ec=1 les/c 208/208 242/242/242) [26,6] r=0 lpr=242 pi=207-241/2 crt=0'0 mlcod 0'0 inactive] state: Active: got notify from 6, already have info from that osd, ignoring
2014-06-09 16:22:11.341662 7f868e75f700 10 log is not dirty
2014-06-09 16:22:11.341665 7f868e75f700 10 osd.26 pg_epoch: 243 pg[1.5e( empty local-les=191 n=0 ec=1 les/c 191/191 242/242/220) [0,26] r=1 lpr=242 pi=1-241/22 crt=0'0 inactive NOTIFY] handle_peering_event: epoch_sent: 243 epoch_requested: 243 MLogRec from 0
2014-06-09 16:22:11.341675 7f868e75f700 10 osd.26 pg_epoch: 243 pg[1.5e( empty local-les=191 n=0 ec=1 les/c 191/191 242/242/220) [0,26] r=1 lpr=242 pi=1-241/22 crt=0'0 inactive NOTIFY] state: got info+log from osd.0 1.5e( empty local-les=243 n=0 ec=1 les/c 191/191 242/242/220) log((0'0,0'0], crt=0'0)
2014-06-09 16:22:11.341685 7f868e75f700 10 merge_log log((0'0,0'0], crt=0'0) from osd.0 into log((0'0,0'0], crt=0'0)
2014-06-09 16:22:11.341688 7f868e75f700 10 merge_log result log((0'0,0'0], crt=0'0) missing(0) changed=0
2014-06-09 16:22:11.341692 7f868e75f700 5 osd.26 pg_epoch: 243 pg[1.5e( empty local-les=191 n=0 ec=1 les/c 191/191 242/242/220) [0,26] r=1 lpr=242 pi=1-241/22 crt=0'0 inactive NOTIFY] exit Started/Stray 1.149532 7 0.000183
2014-06-09 16:22:11.341702 7f868e75f700 5 osd.26 pg_epoch: 243 pg[1.5e( empty local-les=191 n=0 ec=1 les/c 191/191 242/242/220) [0,26] r=1 lpr=242 pi=1-241/22 crt=0'0 inactive NOTIFY] enter Started/ReplicaActive
2014-06-09 16:22:11.341712 7f868e75f700 5 osd.26 pg_epoch: 243 pg[1.5e( empty local-les=191 n=0 ec=1 les/c 191/191 242/242/220) [0,26] r=1 lpr=242 pi=1-241/22 crt=0'0 inactive NOTIFY] enter Started/ReplicaActive/RepNotRecovering
2014-06-09 16:22:11.341721 7f868e75f700 10 osd.26 pg_epoch: 243 pg[1.5e( empty local-les=191 n=0 ec=1 les/c 191/191 242/242/220) [0,26] r=1 lpr=242 pi=1-241/22 crt=0'0 inactive NOTIFY] state: In ReplicaActive, about to call activate
2014-06-09 16:22:11.341729 7f868e75f700 10 osd.26 pg_epoch: 243 pg[1.5e( empty local-les=243 n=0 ec=1 les/c 191/191 242/242/220) [0,26] r=1 lpr=242 pi=1-241/22 crt=0'0 inactive] activate - no missing, moving last_complete 0'0 -> 0'0
2014-06-09 16:22:11.341737 7f868e75f700 10 osd.26 pg_epoch: 243 pg[1.5e( empty local-les=243 n=0 ec=1 les/c 191/191 242/242/220) [0,26] r=1 lpr=242 pi=1-241/22 crt=0'0 inactive] state: Activate Finished
2014-06-09 16:22:11.341782 7f868e75f700 10 log is not dirty
2014-06-09 16:22:11.341786 7f868e75f700 5 queue_transactions existing osr(1.5e 0x384c5d0)/0x384c5d0
2014-06-09 16:22:11.341806 7f868cf5c700 12 OSD::op_tp worker wq OSD::PeeringWQ start processing 0xcd8f040 (9 active)
2014-06-09 16:22:11.341806 7f869af78700 5 -- op tracker -- , seq: 1510, time:
2014-06-09 16:22:11.341803, event: done, op: pg_notify(3.3e6(10),0.6b3(20) epoch 243)
