2014-06-09 16:22:11.346680 7f86a460e700 10 osd.26 pg_epoch: 243 pg[0.479( empty local-les=243 n=0 ec=1 les/c 191/191 242/242/242) [26,0] r=0 lpr=242 pi=190-241/4 crt=0'0 mlcod 0'0 inactive] _activate_committed 243 peer_activated now 26 last_epoch_started 191 same_interval_since 242
2014-06-09 16:22:11.346694 7f86a5610700 10 _do_op 0x300320c0 seq 3062 r = 0, finisher 0xbef14e0 0
2014-06-09 16:22:11.346691 7f86a460e700 10 osd.26 pg_epoch: 243 pg[0.479( empty local-les=243 n=0 ec=1 les/c 191/191 242/242/242) [26,0] r=0 lpr=242 pi=190-241/4 crt=0'0 mlcod 0'0 inactive] flushed
2014-06-09 16:22:11.346696 7f86a5610700 10 _finish_op 0x300320c0 seq 3062 osr(2.1b3 0x2ed0890)/0x2ed0890
2014-06-09 16:22:11.346701 7f86a5610700 15 KeyValueStore::op_tp worker wq KeyValueStore::OpWQ done processing 0xc89fb00 (1 active)
2014-06-09 16:22:11.346703 7f86a5610700 12 KeyValueStore::op_tp worker wq KeyValueStore::OpWQ start processing 0xc407b00 (2 active)
2014-06-09 16:22:11.346705 7f868af58700 10 log is not dirty
2014-06-09 16:22:11.346706 7f86a5610700 5 _do_op 0x230b94a0 seq 3063 osr(3.21b 0x3ed0ce0)/0x3ed0ce0 start
2014-06-09 16:22:11.346701 7f86a460e700 10 osd.26 pg_epoch: 243 pg[0.479( empty local-les=243 n=0 ec=1 les/c 191/191 242/242/242) [26,0] r=0 lpr=242 pi=190-241/4 crt=0'0 mlcod 0'0 inactive] flushed
2014-06-09 16:22:11.346708 7f86a5610700 10 _do_transaction on 0x2facd80
2014-06-09 16:22:11.346710 7f868af58700 15 OSD::op_tp worker wq OSD::PeeringWQ done processing 0xc711a90 (9 active)
2014-06-09 16:22:11.346714 7f86a5610700 15 _omap_setkeys meta/16ef7597/infos/head//-1
2014-06-09 16:22:11.346715 7f868af58700 12 OSD::op_tp worker wq OSD::OpWQ start processing 0x1 (10 active)
2014-06-09 16:22:11.346722 7f86a4e0f700 10 finisher(0x2c10388) finisher_thread doing [0xbef14e0]
2014-06-09 16:22:11.346721 7f8690763700 12 OSD::op_tp worker wq OSD::PeeringWQ start processing 0xb7f0250 (11 active)
2014-06-09 16:22:11.346728 7f86a4e0f700 10 finisher(0x2c10388) finisher_thread done with [0xbef14e0]
2014-06-09 16:22:11.346729 7f86a4e0f700 10 finisher(0x2c10388) finisher_thread empty
2014-06-09 16:22:11.346730 7f86a4e0f700 10 finisher(0x2c10388) finisher_thread sleeping
2014-06-09 16:22:11.346731 7f868e75f700 12 OSD::op_tp worker wq OSD::OpWQ start processing 0x1 (12 active)
2014-06-09 16:22:11.346738 7f868d75d700 12 OSD::op_tp worker wq OSD::OpWQ start processing 0x1 (13 active)
2014-06-09 16:22:11.346745 7f86a5610700 10 lookup_strip_header done cid meta oid 16ef7597/infos/head//-1
2014-06-09 16:22:11.346745 7f86a460e700 10 osd.26 pg_epoch: 243 pg[3.1c7( v 214'650 (0'0,214'650] local-les=191 n=132 ec=118 les/c 191/191 242/242/242) [26,2] r=0 lpr=242 pi=190-241/4 crt=0'0 lcod 0'0 mlcod 0'0 peering] flushed
2014-06-09 16:22:11.346760 7f86a5610700 15 _omap_rmkeyrange meta/1fe27a8b/pglog_3.21b/0//-1 [0000000214.00000000000000000610,4294967295.18446744073709551615]
2014-06-09 16:22:11.346744 7f868d75d700 10 osd.26 243 dequeue_op 0x14052000 prio 63 cost 1548288 latency 1.177780 osd_op(client.4574.0:31681 rbd_data.117e6b8b4567.00000000000014b9 [set-alloc-hint object_size 4194304 write_size 4194304,write 0~1548288] 3.3046a4d1 RETRY=3 ack+ondisk+retry+write e242) v4 pg pg[3.4d1( v 213'606 (0'0,213'606] local-les=243 n=120 ec=118 les/c 201/201 242/242/242) [26,3] r=0 lpr=242 pi=200-241/2 crt=0'0 lcod 0'0 mlcod 0'0 inactive]
2014-06-09 16:22:11.346763 7f86a5610700 15 get_omap_iterator meta/1fe27a8b/pglog_3.21b/0//-1
2014-06-09 16:22:11.346759 7f86a460e700 10 osd.26 pg_epoch: 243 pg[3.1aa( v 214'499 (0'0,214'499] local-les=191 n=98 ec=118 les/c 191/191 242/242/242) [26,1] r=0 lpr=242 pi=190-241/4 crt=0'0 lcod 0'0 mlcod 0'0 peering] flushed
2014-06-09 16:22:11.346769 7f8691765700 12 OSD::op_tp worker wq OSD::PeeringWQ start processing 0xb7f0230 (14 active)
2014-06-09 16:22:11.346774 7f86a460e700 10 osd.26 pg_epoch: 243 pg[0.1f1( empty local-les=243 n=0 ec=1 les/c 191/191 242/242/242) [26,2] r=0 lpr=242 pi=190-241/4 crt=0'0 mlcod 0'0 inactive] _activate_committed 243 peer_activated now 26 last_epoch_started 191 same_interval_since 242
2014-06-09 16:22:11.346774 7f8691765700 10 osd.26 pg_epoch: 243 pg[3.1c7( v 214'650 (0'0,214'650] local-les=191 n=132 ec=118 les/c 191/191 242/242/242) [26,2] r=0 lpr=242 pi=190-241/4 crt=0'0 lcod 0'0 mlcod 0'0 peering] handle_peering_event: epoch_sent: 243 epoch_requested: 243 FlushedEvt
2014-06-09 16:22:11.346784 7f86a460e700 10 osd.26 pg_epoch: 243 pg[0.1f1( empty local-les=243 n=0 ec=1 les/c 191/191 242/242/242) [26,2] r=0 lpr=242 pi=190-241/4 crt=0'0 mlcod 0'0 inactive] flushed
2014-06-09 16:22:11.346788 7f8691765700 15 osd.26 pg_epoch: 243 pg[3.1c7( v 214'650 (0'0,214'650] local-les=191 n=132 ec=118 les/c 191/191 242/242/242) [26,2] r=0 lpr=242 pi=190-241/4 crt=0'0 lcod 0'0 mlcod 0'0 peering] requeue_ops 0x21967d00,0x21967c00,0x21967b00,0x21967a00,0x270bf800,0x2c06bc00,0x2c06bb00
2014-06-09 16:22:11.346794 7f86a460e700 10 osd.26 pg_epoch: 243 pg[0.1f1( empty local-les=243 n=0 ec=1 les/c 191/191 242/242/242) [26,2] r=0 lpr=242 pi=190-241/4 crt=0'0 mlcod 0'0 inactive] flushed
2014-06-09 16:22:11.346805 7f86a460e700 10 finisher(0x2c100f8) finisher_thread done with [0xbd5a1a0,0xbef0f00,0xbce7d00,0xbd6bb00,0x30629b80,0x4eb89c0,0xc169680,0xcd0f820,0x1322d480,0xc411da0]
2014-06-09 16:22:11.346809 7f86a460e700 10 finisher(0x2c100f8) finisher_thread doing [0xbd747c0,0xbd7bd00,0x230c00e0,0xbef1080]
2014-06-09 16:22:11.346819 7f8691765700 10 log is not dirty
2014-06-09 16:22:11.346812 7f86a460e700 10 osd.26 pg_epoch: 243 pg[2.b( empty local-les=243 n=0 ec=1 les/c 191/191 242/242/242) [26,2] r=0 lpr=242 pi=190-241/4 crt=0'0 mlcod 0'0 inactive] _activate_committed 243 peer_activated now 26 last_epoch_started 191 same_interval_since 242
2014-06-09 16:22:11.346825 7f8691765700 15 OSD::op_tp worker wq OSD::PeeringWQ done processing 0xb7f0230 (13 active)
2014-06-09 16:22:11.346822 7f86a460e700 10 osd.26 pg_epoch: 243 pg[2.b( empty local-les=243 n=0 ec=1 les/c 191/191 242/242/242) [26,2] r=0 lpr=242 pi=190-241/4 crt=0'0 mlcod 0'0 inactive] flushed
2014-06-09 16:22:11.346830 7f8691765700 12 OSD::op_tp worker wq OSD::OpWQ start processing 0x1 (14 active)
2014-06-09 16:22:11.346838 7f86a460e700 10 osd.26 pg_epoch: 243 pg[2.b( empty local-les=243 n=0 ec=1 les/c 191/191 242/242/242) [26,2] r=0 lpr=242 pi=190-241/4 crt=0'0 mlcod 0'0 inactive] flushed
2014-06-09 16:22:11.346837 7f8691765700 10 osd.26 243 dequeue_op 0x306b700 prio 63 cost 450560 latency 1.427524 osd_op(client.4565.0:32565 rbd_data.11756b8b4567.0000000000001565 [set-alloc-hint object_size 4194304 write_size 4194304,write 0~450560] 3.8b1e77c RETRY=3 ack+ondisk+retry+write e242) v4 pg pg[3.77c( v 213'558 (0'0,213'558] local-les=243 n=109 ec=118 les/c 210/210 242/242/242) [26,7] r=0 lpr=242 pi=209-241/2 crt=0'0 lcod 0'0 mlcod 0'0 inactive]
2014-06-09 16:22:11.346849 7f86a460e700 10 osd.26 pg_epoch: 243 pg[2.755( empty local-les=243 n=0 ec=1 les/c 191/191 242/242/242) [26,2] r=0 lpr=242 pi=190-241/4 crt=0'0 mlcod 0'0 inactive] _activate_committed 243 peer_activated now 26 last_epoch_started 191 same_interval_since 242
2014-06-09 16:22:11.346859 7f86a5610700 15 _omap_rmkeys meta/1fe27a8b/pglog_3.21b/0//-1
2014-06-09 16:22:11.346860 7f86a460e700 10 osd.26 pg_epoch: 243 pg[2.755( empty local-les=243 n=0 ec=1 les/c 191/191 242/242/242) [26,2] r=0 lpr=242 pi=190-241/4 crt=0'0 mlcod 0'0 inactive] flushed
2014-06-09 16:22:11.346871 7f86a460e700 10 osd.26 pg_epoch: 243 pg[2.755( empty local-les=243 n=0 ec=1 les/c 191/191 242/242/242) [26,2] r=0 lpr=242 pi=190-241/4 crt=0'0 mlcod 0'0 inactive] flushed
2014-06-09 16:22:11.346882 7f86a460e700 10 osd.26 pg_epoch: 243 pg[2.1ae( empty local-les=243 n=0 ec=1 les/c 203/203 242/242/242) [26,4] r=0 lpr=242 pi=202-241/2 crt=0'0 mlcod 0'0 inactive] _activate_committed 243 peer_activated now 26 last_epoch_started 203 same_interval_since 242
2014-06-09 16:22:11.346892 7f86a460e700 10 osd.26 pg_epoch: 243 pg[2.1ae( empty local-les=243 n=0 ec=1 les/c 203/203 242/242/242) [26,4] r=0 lpr=242 pi=202-241/2 crt=0'0 mlcod 0'0 inactive] flushed
2014-06-09 16:22:11.346898 7f86a5610700 10 lookup_strip_header done cid meta oid 1fe27a8b/pglog_3.21b/0//-1
2014-06-09 16:22:11.346902 7f86a460e700 10 osd.26 pg_epoch: 243 pg[2.1ae( empty local-les=243 n=0 ec=1 les/c 203/203 242/242/242) [26,4] r=0 lpr=242 pi=202-241/2 crt=0'0 mlcod 0'0 inactive] flushed
2014-06-09 16:22:11.346907 7f86a5610700 10 _omap_rmkeys meta/1fe27a8b/pglog_3.21b/0//-1 r = 0
2014-06-09 16:22:11.346912 7f86a5610700 15 _omap_rmkeys meta/1fe27a8b/pglog_3.21b/0//-1
2014-06-09 16:22:11.346917 7f86a5610700 10 _omap_rmkeys meta/1fe27a8b/pglog_3.21b/0//-1 r = 0
2014-06-09 16:22:11.346913 7f86a460e700 10 osd.26 pg_epoch: 243 pg[2.1b3( empty local-les=243 n=0 ec=1 les/c 203/203 242/242/242) [26,4] r=0 lpr=242 pi=202-241/2 crt=0'0 mlcod 0'0 inactive] _activate_committed 243 peer_activated now 26 last_epoch_started 203 same_interval_since 242
2014-06-09 16:22:11.346924 7f86a5610700 15 _omap_setkeys meta/1fe27a8b/pglog_3.21b/0//-1
2014-06-09 16:22:11.346923 7f86a460e700 10 osd.26 pg_epoch: 243 pg[2.1b3( empty local-les=243 n=0 ec=1 les/c 203/203 242/242/242) [26,4] r=0 lpr=242 pi=202-241/2 crt=0'0 mlcod 0'0 inactive] flushed
2014-06-09 16:22:11.346933 7f86a460e700 10 osd.26 pg_epoch: 243 pg[2.1b3( empty local-les=243 n=0 ec=1 les/c 203/203 242/242/242) [26,4] r=0 lpr=242 pi=202-241/2 crt=0'0 mlcod 0'0 inactive] flushed
2014-06-09 16:22:11.346940 7f86a5610700 10 cid: oid: 16ef7597/infos/head//-1 skipping op, spos 3063.0.0 <= header.spos 150443.0.0
2014-06-09 16:22:11.346943 7f86a460e700 10 finisher(0x2c100f8) finisher_thread done with [0xbd747c0,0xbd7bd00,0x230c00e0,0xbef1080]
2014-06-09 16:22:11.346945 7f86a460e700 10 finisher(0x2c100f8) finisher_thread empty
2014-06-09 16:22:11.346945 7f86a5610700 10 cid: oid: 1fe27a8b/pglog_3.21b/0//-1 skipping op, spos 3063.0.0 <= header.spos 150432.0.0
2014-06-09 16:22:11.346946 7f86a460e700 10 finisher(0x2c100f8) finisher_thread sleeping
2014-06-09 16:22:11.346948 7f86a5610700 5 submit_transaction r = 0
2014-06-09 16:22:11.346738 7f8690763700 10 osd.26 pg_epoch: 243 pg[3.750( v 214'518 (0'0,214'518] local-les=243 n=98 ec=118 les/c 212/213 242/242/242) [26,8] r=0 lpr=242 pi=211-241/2 crt=0'0 lcod 0'0 mlcod 0'0 inactive] handle_peering_event: epoch_sent: 243 epoch_requested: 243 FlushedEvt
2014-06-09 16:22:11.346962 7f8690763700 10 log is not dirty
2014-06-09 16:22:11.346966 7f8690763700 10 osd.26 pg_epoch: 243 pg[3.750( v 214'518 (0'0,214'518] local-les=243 n=98 ec=118 les/c 212/213 242/242/242) [26,8] r=0 lpr=242 pi=211-241/2 crt=0'0 lcod 0'0 mlcod 0'0 inactive] handle_peering_event: epoch_sent: 243 epoch_requested: 243 FlushedEvt
2014-06-09 16:22:11.346983 7f86a5610700 10 _do_op 0x230b94a0 seq 3063 r = 0, finisher 0xbd71220 0
2014-06-09 16:22:11.346990 7f86a5610700 10 _finish_op 0x230b94a0 seq 3063 osr(3.21b 0x3ed0ce0)/0x3ed0ce0
2014-06-09 16:22:11.346991 7f86a460e700 10 finisher(0x2c100f8) finisher_thread doing [0xbd70880]
2014-06-09 16:22:11.346993 7f86a460e700 10 finisher(0x2c100f8) finisher_thread done with [0xbd70880]
2014-06-09 16:22:11.346995 7f86a460e700 10 finisher(0x2c100f8) finisher_thread empty
2014-06-09 16:22:11.346994 7f86a5610700 15 KeyValueStore::op_tp worker wq KeyValueStore::OpWQ done processing 0xc407b00 (1 active)
2014-06-09 16:22:11.346996 7f86a460e700 10 finisher(0x2c100f8) finisher_thread sleeping
2014-06-09 16:22:11.346996 7f86a5610700 12 KeyValueStore::op_tp worker wq KeyValueStore::OpWQ start processing 0xca3be60 (2 active)
2014-06-09 16:22:11.346996 7f86a4e0f700 10 finisher(0x2c10388) finisher_thread doing [0xbd71220]
2014-06-09 16:22:11.346977 7f8690763700 15 osd.26 pg_epoch: 243 pg[3.750( v 214'518 (0'0,214'518] local-les=243 n=98 ec=118 les/c 212/213 242/242/242) [26,8] r=0 lpr=242 pi=211-241/2 crt=0'0 lcod 0'0 mlcod 0'0 inactive] requeue_ops 0x270bf500,0x22009b00,0x22009e00,0x1b0b7b00,0x257c4400,0x1804c700,0xe2ac000,0xe032a00,0xe032900,0xe2ad000,0x270be300,0x270be200,0x270be100,0x270be000,0x29f5bf00,0x29f5be00,0x4679f00
2014-06-09 16:22:11.346998 7f86a5610700 5 _do_op 0x2c06ecc0 seq 3064 osr(2.75d 0x3ed00c0)/0x3ed00c0 start
2014-06-09 16:22:11.347001 7f86a5610700 10 _do_transaction on 0xc3ec240
2014-06-09 16:22:11.347007 7f86a5610700 15 _omap_setkeys meta/16ef7597/infos/head//-1
2014-06-09 16:22:11.347000 7f86a4e0f700 10 osd.26 pg_epoch: 243 pg[3.21b( v 214'612 lc 214'611 (0'0,214'612] local-les=243 n=123 ec=118 les/c 210/210 242/242/242) [26,7] r=0 lpr=242 pi=209-241/2 crt=214'612 lcod 0'0 mlcod 0'0 inactive m=1] _activate_committed 243 peer_activated now 26 last_epoch_started 210 same_interval_since 242
2014-06-09 16:22:11.347017 7f86a4e0f700 10 osd.26 pg_epoch: 243 pg[3.21b( v 214'612 lc 214'611 (0'0,214'612] local-les=243 n=123 ec=118 les/c 210/210 242/242/242) [26,7] r=0 lpr=242 pi=209-241/2 crt=214'612 lcod 0'0 mlcod 0'0 inactive m=1] flushed
2014-06-09 16:22:11.347040 7f86a5610700 10 lookup_strip_header done cid meta oid 16ef7597/infos/head//-1
2014-06-09 16:22:11.347045 7f8690763700 10 log is not dirty
2014-06-09 16:22:11.347042 7f86a4e0f700 10 osd.26 pg_epoch: 243 pg[3.21b( v 214'612 lc 214'611 (0'0,214'612] local-les=243 n=123 ec=118 les/c 210/210 242/242/242) [26,7] r=0 lpr=242 pi=209-241/2 crt=214'612 lcod 0'0 mlcod 0'0 inactive m=1] flushed
2014-06-09 16:22:11.347055 7f86a5610700 10 cid: oid: 16ef7597/infos/head//-1 skipping op, spos 3064.0.0 <= header.spos 150443.0.0
2014-06-09 16:22:11.347050 7f8690763700 10 osd.26 pg_epoch: 243 pg[0.479( empty local-les=243 n=0 ec=1 les/c 191/191 242/242/242) [26,0] r=0 lpr=242 pi=190-241/4 crt=0'0 mlcod 0'0 inactive] handle_peering_event: epoch_sent: 243 epoch_requested: 243 FlushedEvt
2014-06-09 16:22:11.347059 7f86a5610700 5 submit_transaction r = 0
2014-06-09 16:22:11.347063 7f8690763700 10 log is not dirty
2014-06-09 16:22:11.347063 7f86a4e0f700 10 finisher(0x2c10388) finisher_thread done with [0xbd71220]
2014-06-09 16:22:11.347065 7f86a4e0f700 10 finisher(0x2c10388) finisher_thread empty
2014-06-09 16:22:11.347066 7f86a4e0f700 10 finisher(0x2c10388) finisher_thread sleeping
2014-06-09 16:22:11.347069 7f8690763700 15 OSD::op_tp worker wq OSD::PeeringWQ done processing 0xb7f0250 (13 active)
2014-06-09 16:22:11.346581 7f868bf5a700 5 -- op tracker -- , seq: 300, time:
2014-06-09 16:22:11.346576, event: reached_pg, op: osd_op(client.4568.0:35127 rbd_data.11786b8b4567.0000000000001709 [set-alloc-hint object_size 4194304 write_size 4194304,write 0~450560] 3.5f5b89f4 RETRY=3 ack+ondisk+retry+write e242)
2014-06-09 16:22:11.347074 7f86a5610700 10 _do_op 0x2c06ecc0 seq 3064 r = 0, finisher 0x306cf660 0
2014-06-09 16:22:11.347076 7f8690763700 12 OSD::op_tp worker wq OSD::PeeringWQ start processing 0xb7f0250 (14 active)
2014-06-09 16:22:11.347080 7f86a5610700 10 _finish_op 0x2c06ecc0 seq 3064 osr(2.75d 0x3ed00c0)/0x3ed00c0
2014-06-09 16:22:11.347081 7f86a460e700 10 finisher(0x2c100f8) finisher_thread doing [0xbd67780]
2014-06-09 16:22:11.347084 7f86a5610700 15 KeyValueStore::op_tp worker wq KeyValueStore::OpWQ done processing 0xca3be60 (1 active)
2014-06-09 16:22:11.347085 7f86a460e700 10 finisher(0x2c100f8) finisher_thread done with [0xbd67780]
2014-06-09 16:22:11.347087 7f86a460e700 10 finisher(0x2c100f8) finisher_thread empty
2014-06-09 16:22:11.347086 7f86a5610700 12 KeyValueStore::op_tp worker wq KeyValueStore::OpWQ start processing 0xc780c60 (2 active)
2014-06-09 16:22:11.347088 7f86a460e700 10 finisher(0x2c100f8) finisher_thread sleeping
2014-06-09 16:22:11.347078 7f868bf5a700 20 osd.26 pg_epoch: 243 pg[3.1f4( v 213'599 (0'0,213'599] local-les=243 n=118 ec=118 les/c 208/208 242/242/242) [26,6] r=0 lpr=242 pi=207-241/2 crt=0'0 lcod 0'0 mlcod 0'0 inactive] op_has_sufficient_caps pool=3 (ceph ) owner=0 need_read_cap=0 need_write_cap=1 need_class_read_cap=0 need_class_write_cap=0 -> yes
2014-06-09 16:22:11.347088 7f86a5610700 5 _do_op 0x309a38c0 seq 3065 osr(1.43b 0x384d6f0)/0x384d6f0 start
2014-06-09 16:22:11.347091 7f86a5610700 10 _do_transaction on 0x2eaa780
2014-06-09 16:22:11.347096 7f86a5610700 15 _omap_setkeys meta/16ef7597/infos/head//-1
2014-06-09 16:22:11.347090 7f868bf5a700 10 osd.26 pg_epoch: 243 pg[3.1f4( v 213'599 (0'0,213'599] local-les=243 n=118 ec=118 les/c 208/208 242/242/242) [26,6] r=0 lpr=242 pi=207-241/2 crt=0'0 lcod 0'0 mlcod 0'0 inactive] can_handle_while_inactive: 0x16bd6e00
2014-06-09 16:22:11.347099 7f868bf5a700 10 osd.26 243 dequeue_op 0x16bd6e00 finish
2014-06-09 16:22:11.347097 7f868df5e700 5 -- op tracker -- , seq: 1058, time:
2014-06-09 16:22:11.346715, event: reached_pg, op: osd_op(client.4577.0:37965 rbd_data.11816b8b4567.000000000000198d [set-alloc-hint object_size 4194304 write_size 4194304,write 221184~2064384] 3.82d661bd RETRY=3 ack+ondisk+retry+write e242)
2014-06-09 16:22:11.347104 7f868bf5a700 15 OSD::op_tp worker wq OSD::OpWQ done processing 0x1 (13 active)
2014-06-09 16:22:11.347109 7f868bf5a700 12 OSD::op_tp worker wq OSD::OpWQ start processing 0x1 (14 active)
2014-06-09 16:22:11.347108 7f868df5e700 20 osd.26 pg_epoch: 243 pg[3.1bd( v 214'661 (0'0,214'661] local-les=243 n=131 ec=118 les/c 212/212 242/242/242) [26,8] r=0 lpr=242 pi=211-241/2 crt=0'0 lcod 0'0 mlcod 0'0 inactive] op_has_sufficient_caps pool=3 (ceph ) owner=0 need_read_cap=0 need_write_cap=1 need_class_read_cap=0 need_class_write_cap=0 -> yes
2014-06-09 16:22:11.347113 7f868bf5a700 10 osd.26 243 dequeue_op 0x21967d00 prio 63 cost 442368 latency 0.787194 osd_op(client.4567.0:35150 rbd_data.11776b8b4567.00000000000017b4 [set-alloc-hint object_size 4194304 write_size 4194304,write 0~442368] 3.584859c7 RETRY=3 ack+ondisk+retry+write e242) v4 pg pg[3.1c7( v 214'650 (0'0,214'650] local-les=191 n=132 ec=118 les/c 191/191 242/242/242) [26,2] r=0 lpr=242 pi=190-241/4 crt=0'0 lcod 0'0 mlcod 0'0 peering]
2014-06-09 16:22:11.347128 7f86a5610700 10 lookup_strip_header done cid meta oid 16ef7597/infos/head//-1
2014-06-09 16:22:11.347121 7f868df5e700 10 osd.26 pg_epoch: 243 pg[3.1bd( v 214'661 (0'0,214'661] local-les=243 n=131 ec=118 les/c 212/212 242/242/242) [26,8] r=0 lpr=242 pi=211-241/2 crt=0'0 lcod 0'0 mlcod 0'0 inactive] can_handle_while_inactive: 0x2e075e00
2014-06-09 16:22:11.347131 7f868df5e700 10 osd.26 243 dequeue_op 0x2e075e00 finish
2014-06-09 16:22:11.347133 7f868bf5a700 5 -- op tracker -- , seq: 522, time:
2014-06-09 16:22:11.347128, event: reached_pg, op: osd_op(client.4567.0:35150 rbd_data.11776b8b4567.00000000000017b4 [set-alloc-hint object_size 4194304 write_size 4194304,write 0~442368] 3.584859c7 RETRY=3 ack+ondisk+retry+write e242)
2014-06-09 16:22:11.347136 7f868df5e700 15 OSD::op_tp worker wq OSD::OpWQ done processing 0x1 (13 active)
2014-06-09 16:22:11.347143 7f868df5e700 12 OSD::op_tp worker wq OSD::OpWQ start processing 0x1 (14 active)
2014-06-09 16:22:11.347143 7f86a5610700 10 cid: oid: 16ef7597/infos/head//-1 skipping op, spos 3065.0.0 <= header.spos 150443.0.0
2014-06-09 16:22:11.347146 7f86a5610700 5 submit_transaction r = 0
2014-06-09 16:22:11.347140 7f868bf5a700 20 osd.26 pg_epoch: 243 pg[3.1c7( v 214'650 (0'0,214'650] local-les=191 n=132 ec=118 les/c 191/191 242/242/242) [26,2] r=0 lpr=242 pi=190-241/4 crt=0'0 lcod 0'0 mlcod 0'0 peering] op_has_sufficient_caps pool=3 (ceph ) owner=0 need_read_cap=0 need_write_cap=1 need_class_read_cap=0 need_class_write_cap=0 -> yes
2014-06-09 16:22:11.347151 7f868bf5a700 10 osd.26 pg_epoch: 243 pg[3.1c7( v 214'650 (0'0,214'650] local-les=191 n=132 ec=118 les/c 191/191 242/242/242) [26,2] r=0 lpr=242 pi=190-241/4 crt=0'0 lcod 0'0 mlcod 0'0 peering] can_handle_while_inactive: 0x21967d00
2014-06-09 16:22:11.347146 7f868df5e700 10 osd.26 243 dequeue_op 0x21967900 prio 63 cost 630784 latency 0.639567 osd_op(client.4567.0:35175 rbd_data.11776b8b4567.00000000000017b9 [set-alloc-hint object_size 4194304 write_size 4194304,write 0~630784] 3.6498b9f4 RETRY=3 ack+ondisk+retry+write e242) v4 pg pg[3.1f4( v 213'599 (0'0,213'599] local-les=243 n=118 ec=118 les/c 208/208 242/242/242) [26,6] r=0 lpr=242 pi=207-241/2 crt=0'0 lcod 0'0 mlcod 0'0 inactive]
2014-06-09 16:22:11.347160 7f868bf5a700 10 osd.26 243 dequeue_op 0x21967d00 finish
2014-06-09 16:22:11.347163 7f868bf5a700 15 OSD::op_tp worker wq OSD::OpWQ done processing 0x1 (13 active)
2014-06-09 16:22:11.347166 7f86a5610700 10 _do_op 0x309a38c0 seq 3065 r = 0, finisher 0x3061fbc0 0
2014-06-09 16:22:11.347168 7f868bf5a700 12 OSD::op_tp worker wq OSD::OpWQ start processing 0x1 (14 active)
2014-06-09 16:22:11.347165 7f868df5e700 5 -- op tracker -- , seq: 617, time:
2014-06-09 16:22:11.347161, event: reached_pg, op: osd_op(client.4567.0:35175 rbd_data.11776b8b4567.00000000000017b9 [set-alloc-hint object_size 4194304 write_size 4194304,write 0~630784] 3.6498b9f4 RETRY=3 ack+ondisk+retry+write e242)
2014-06-09 16:22:11.347172 7f86a5610700 10 _finish_op 0x309a38c0 seq 3065 osr(1.43b 0x384d6f0)/0x384d6f0
2014-06-09 16:22:11.347175 7f86a5610700 15 KeyValueStore::op_tp worker wq KeyValueStore::OpWQ done processing 0xc780c60 (1 active)
2014-06-09 16:22:11.347177 7f86a5610700 12 KeyValueStore::op_tp worker wq KeyValueStore::OpWQ start processing 0xc780b40 (2 active)
2014-06-09 16:22:11.347178 7f86a5610700 5 _do_op 0x309a3860 seq 3066 osr(0.708 0x384c130)/0x384c130 start
2014-06-09 16:22:11.347181 7f86a5610700 10 _do_transaction on 0x2dcf140
2014-06-09 16:22:11.347173 7f868df5e700 20 osd.26 pg_epoch: 243 pg[3.1f4( v 213'599 (0'0,213'599] local-les=243 n=118 ec=118 les/c 208/208 242/242/242) [26,6] r=0 lpr=242 pi=207-241/2 crt=0'0 lcod 0'0 mlcod 0'0 inactive] op_has_sufficient_caps pool=3 (ceph ) owner=0 need_read_cap=0 need_write_cap=1 need_class_read_cap=0 need_class_write_cap=0 -> yes
2014-06-09 16:22:11.347172 7f868bf5a700 10 osd.26 243 dequeue_op 0x270bf800 prio 63 cost 479232 latency 0.519277 osd_op(client.4570.0:34425 rbd_data.117a6b8b4567.0000000000001713 [set-alloc-hint object_size 4194304 write_size 4194304,write 0~479232] 3.33969c7 RETRY=3 ack+ondisk+retry+write e242) v4 pg pg[3.1c7( v 214'650 (0'0,214'650] local-les=191 n=132 ec=118 les/c 191/191 242/242/242) [26,2] r=0 lpr=242 pi=190-241/4 crt=0'0 lcod 0'0 mlcod 0'0 peering]
2014-06-09 16:22:11.347186 7f86a5610700 15 _omap_setkeys meta/16ef7597/infos/head//-1
2014-06-09 16:22:11.347184 7f868df5e700 10 osd.26 pg_epoch: 243 pg[3.1f4( v 213'599 (0'0,213'599] local-les=243 n=118 ec=118 les/c 208/208 242/242/242) [26,6] r=0 lpr=242 pi=207-241/2 crt=0'0 lcod 0'0 mlcod 0'0 inactive] can_handle_while_inactive: 0x21967900
2014-06-09 16:22:11.347193 7f868df5e700 10 osd.26 243 dequeue_op 0x21967900 finish
2014-06-09 16:22:11.347196 7f868df5e700 15 OSD::op_tp worker wq OSD::OpWQ done processing 0x1 (13 active)
2014-06-09 16:22:11.347192 7f868bf5a700 5 -- op tracker -- , seq: 819, time:
2014-06-09 16:22:11.347187, event: reached_pg, op: osd_op(client.4570.0:34425 rbd_data.117a6b8b4567.0000000000001713 [set-alloc-hint object_size 4194304 write_size 4194304,write 0~479232] 3.33969c7 RETRY=3 ack+ondisk+retry+write e242)
2014-06-09 16:22:11.347202 7f868df5e700 12 OSD::op_tp worker wq OSD::OpWQ start processing 0x1 (14 active)
2014-06-09 16:22:11.347200 7f868bf5a700 20 osd.26 pg_epoch: 243 pg[3.1c7( v 214'650 (0'0,214'650] local-les=191 n=132 ec=118 les/c 191/191 242/242/242) [26,2] r=0 lpr=242 pi=190-241/4 crt=0'0 lcod 0'0 mlcod 0'0 peering] op_has_sufficient_caps pool=3 (ceph ) owner=0 need_read_cap=0 need_write_cap=1 need_class_read_cap=0 need_class_write_cap=0 -> yes
2014-06-09 16:22:11.347216 7f86a5610700 10 lookup_strip_header done cid meta oid 16ef7597/infos/head//-1
2014-06-09 16:22:11.347211 7f868bf5a700 10 osd.26 pg_epoch: 243 pg[3.1c7( v 214'650 (0'0,214'650] local-les=191 n=132 ec=118 les/c 191/191 242/242/242) [26,2] r=0 lpr=242 pi=190-241/4 crt=0'0 lcod 0'0 mlcod 0'0 peering] can_handle_while_inactive: 0x270bf800
2014-06-09 16:22:11.347206 7f868df5e700 10 osd.26 243 dequeue_op 0x270be300 prio 63 cost 450560 latency 0.532959 osd_op(client.4573.0:34234 rbd_data.117d6b8b4567.00000000000016db [set-alloc-hint object_size 4194304 write_size 4194304,write 0~450560] 3.e3f48f50 RETRY=3 ack+ondisk+retry+write e242) v4 pg pg[3.750( v 214'518 (0'0,214'518] local-les=243 n=98 ec=118 les/c 212/213 242/242/242) [26,8] r=0 lpr=242 pi=211-241/2 crt=0'0 lcod 0'0 mlcod 0'0 inactive]
2014-06-09 16:22:11.347220 7f868bf5a700 10 osd.26 243 dequeue_op 0x270bf800 finish
2014-06-09 16:22:11.347223 7f868bf5a700 15 OSD::op_tp worker wq OSD::OpWQ done processing 0x1 (13 active)
2014-06-09 16:22:11.347228 7f868bf5a700 12 OSD::op_tp worker wq OSD::OpWQ start processing 0x1 (14 active)
2014-06-09 16:22:11.347225 7f868df5e700 5 -- op tracker -- , seq: 766, time:
2014-06-09 16:22:11.347221, event: reached_pg, op: osd_op(client.4573.0:34234 rbd_data.117d6b8b4567.00000000000016db [set-alloc-hint object_size 4194304 write_size 4194304,write 0~450560] 3.e3f48f50 RETRY=3 ack+ondisk+retry+write e242)
2014-06-09 16:22:11.347232 7f86a5610700 10 cid: oid: 16ef7597/infos/head//-1 skipping op, spos 3066.0.0 <= header.spos 150443.0.0
2014-06-09 16:22:11.347236 7f86a5610700 5 submit_transaction r = 0
2014-06-09 16:22:11.347233 7f868df5e700 20 osd.26 pg_epoch: 243 pg[3.750( v 214'518 (0'0,214'518] local-les=243 n=98 ec=118 les/c 212/213 242/242/242) [26,8] r=0 lpr=242 pi=211-241/2 crt=0'0 lcod 0'0 mlcod 0'0 inactive] op_has_sufficient_caps pool=3 (ceph ) owner=0 need_read_cap=0 need_write_cap=1 need_class_read_cap=0 need_class_write_cap=0 -> yes
2014-06-09 16:22:11.347235 7f8689f56700 10 osd.26 243 dequeue_op 0x2e075d00 prio 63 cost 516096 latency 0.402721 osd_op(client.4577.0:37966 rbd_data.11816b8b4567.000000000000198d [set-alloc-hint object_size 4194304 write_size 4194304,write 2285568~516096] 3.82d661bd RETRY=3 ack+ondisk+retry+write e242) v4 pg pg[3.1bd( v 214'661 (0'0,214'661] local-les=243 n=131 ec=118 les/c 212/212 242/242/242) [26,8] r=0 lpr=242 pi=211-241/2 crt=0'0 lcod 0'0 mlcod 0'0 inactive]
2014-06-09 16:22:11.347244 7f868df5e700 10 osd.26 pg_epoch: 243 pg[3.750( v 214'518 (0'0,214'518] local-les=243 n=98 ec=118 les/c 212/213 242/242/242) [26,8] r=0 lpr=242 pi=211-241/2 crt=0'0 lcod 0'0 mlcod 0'0 inactive] can_handle_while_inactive: 0x270be300
2014-06-09 16:22:11.347252 7f868df5e700 10 osd.26 243 dequeue_op 0x270be300 finish
2014-06-09 16:22:11.347253 7f86a5610700 10 _do_op 0x309a3860 seq 3066 r = 0, finisher 0xc169ac0 0
2014-06-09 16:22:11.347255 7f868df5e700 15 OSD::op_tp worker wq OSD::OpWQ done processing 0x1 (13 active)
2014-06-09 16:22:11.347256 7f86a5610700 10 _finish_op 0x309a3860 seq 3066 osr(0.708 0x384c130)/0x384c130
2014-06-09 16:22:11.347258 7f86a5610700 15 KeyValueStore::op_tp worker wq KeyValueStore::OpWQ done processing 0xc780b40 (1 active)
2014-06-09 16:22:11.347260 7f86a5610700 12 KeyValueStore::op_tp worker wq KeyValueStore::OpWQ start processing 0xc7819e0 (2 active)
2014-06-09 16:22:11.347260 7f868df5e700 12 OSD::op_tp worker wq OSD::OpWQ start processing 0x1 (14 active)
2014-06-09 16:22:11.347256 7f8689f56700 5 -- op tracker -- , seq: 1069, time:
2014-06-09 16:22:11.347251, event: reached_pg, op: osd_op(client.4577.0:37966 rbd_data.11816b8b4567.000000000000198d [set-alloc-hint object_size 4194304 write_size 4194304,write 2285568~516096] 3.82d661bd RETRY=3 ack+ondisk+retry+write e242)
2014-06-09 16:22:11.347262 7f86a5610700 5 _do_op 0x2c06ec60 seq 3067 osr(1.1eb 0x384ca00)/0x384ca00 start
2014-06-09 16:22:11.347264 7f86a5610700 10 _do_transaction on 0x32fb5c0
2014-06-09 16:22:11.347269 7f86a5610700 15 _omap_setkeys meta/16ef7597/infos/head//-1
2014-06-09 16:22:11.347264 7f8689f56700 20 osd.26 pg_epoch: 243 pg[3.1bd( v 214'661 (0'0,214'661] local-les=243 n=131 ec=118 les/c 212/212 242/242/242) [26,8] r=0 lpr=242 pi=211-241/2 crt=0'0 lcod 0'0 mlcod 0'0 inactive] op_has_sufficient_caps pool=3 (ceph ) owner=0 need_read_cap=0 need_write_cap=1 need_class_read_cap=0 need_class_write_cap=0 -> yes
2014-06-09 16:22:11.347264 7f868df5e700 10 osd.26 243 dequeue_op 0x270bf500 prio 63 cost 614400 latency 0.571140 osd_op(client.4577.0:37199 rbd_data.11816b8b4567.000000000000191d [set-alloc-hint object_size 4194304 write_size 4194304,write 0~614400] 3.4a78ff50 RETRY=3 ack+ondisk+retry+write e242) v4 pg pg[3.750( v 214'518 (0'0,214'518] local-les=243 n=98 ec=118 les/c 212/213 242/242/242) [26,8] r=0 lpr=242 pi=211-241/2 crt=0'0 lcod 0'0 mlcod 0'0 inactive]
2014-06-09 16:22:11.347275 7f8689f56700 10 osd.26 pg_epoch: 243 pg[3.1bd( v 214'661 (0'0,214'661] local-les=243 n=131 ec=118 les/c 212/212 242/242/242) [26,8] r=0 lpr=242 pi=211-241/2 crt=0'0 lcod 0'0 mlcod 0'0 inactive] can_handle_while_inactive: 0x2e075d00
2014-06-09 16:22:11.347284 7f8689f56700 10 osd.26 243 dequeue_op 0x2e075d00 finish
2014-06-09 16:22:11.347282 7f868df5e700 5 -- op tracker -- , seq: 709, time:
2014-06-09 16:22:11.347277, event: reached_pg, op: osd_op(client.4577.0:37199 rbd_data.11816b8b4567.000000000000191d [set-alloc-hint object_size 4194304 write_size 4194304,write 0~614400] 3.4a78ff50 RETRY=3 ack+ondisk+retry+write e242)
2014-06-09 16:22:11.347290 7f8689f56700 15 OSD::op_tp worker wq OSD::OpWQ done processing 0x1 (13 active)
2014-06-09 16:22:11.347289 7f868df5e700 20 osd.26 pg_epoch: 243 pg[3.750( v 214'518 (0'0,214'518] local-les=243 n=98 ec=118 les/c 212/213 242/242/242) [26,8] r=0 lpr=242 pi=211-241/2 crt=0'0 lcod 0'0 mlcod 0'0 inactive] op_has_sufficient_caps pool=3 (ceph ) owner=0 need_read_cap=0 need_write_cap=1 need_class_read_cap=0 need_class_write_cap=0 -> yes
2014-06-09 16:22:11.347300 7f86a5610700 10 lookup_strip_header done cid meta oid 16ef7597/infos/head//-1
2014-06-09 16:22:11.347301 7f868df5e700 10 osd.26 pg_epoch: 243 pg[3.750( v 214'518 (0'0,214'518] local-les=243 n=98 ec=118 les/c 212/213 242/242/242) [26,8] r=0 lpr=242 pi=211-241/2 crt=0'0 lcod 0'0 mlcod 0'0 inactive] can_handle_while_inactive: 0x270bf500
2014-06-09 16:22:11.347309 7f868df5e700 10 osd.26 243 dequeue_op 0x270bf500 finish
2014-06-09 16:22:11.347295 7f8689f56700 12 OSD::op_tp worker wq OSD::OpWQ start processing 0x1 (14 active)
2014-06-09 16:22:11.347316 7f868df5e700 15 OSD::op_tp worker wq OSD::OpWQ done processing 0x1 (13 active)
2014-06-09 16:22:11.347314 7f86a5610700 10 cid: oid: 16ef7597/infos/head//-1 skipping op, spos 3067.0.0 <= header.spos 150443.0.0
2014-06-09 16:22:11.347318 7f86a5610700 5 submit_transaction r = 0
2014-06-09 16:22:11.347321 7f868df5e700 12 OSD::op_tp worker wq OSD::OpWQ start processing 0x1 (14 active)
2014-06-09 16:22:11.347327 7f86a460e700 10 finisher(0x2c100f8) finisher_thread doing [0x3061e520,0xbd5bf60]
2014-06-09 16:22:11.347316 7f8689f56700 10 osd.26 243 dequeue_op 0x1b0b7b00 prio 63 cost 0 latency 0.788194 osd_op(client.4564.0:36207 rbd_header.11746b8b4567 [watch add cookie 1 ver 0] 3.552750 ondisk+read+write e242) v4 pg pg[3.750( v 214'518 (0'0,214'518] local-les=243 n=98 ec=118 les/c 212/213 242/242/242) [26,8] r=0 lpr=242 pi=211-241/2 crt=0'0 lcod 0'0 mlcod 0'0 inactive]
2014-06-09 16:22:11.347331 7f86a460e700 10 finisher(0x2c100f8) finisher_thread done with [0x3061e520,0xbd5bf60]
2014-06-09 16:22:11.347332 7f86a460e700 10 finisher(0x2c100f8) finisher_thread empty
2014-06-09 16:22:11.347333 7f86a460e700 10 finisher(0x2c100f8) finisher_thread sleeping
2014-06-09 16:22:11.347342 7f86a5610700 10 _do_op 0x2c06ec60 seq 3067 r = 0, finisher 0x30508360 0
2014-06-09 16:22:11.347078 7f8690763700 10 osd.26 pg_epoch: 243 pg[0.479( empty local-les=243 n=0 ec=1 les/c 191/191 242/242/242) [26,0] r=0 lpr=242 pi=190-241/4 crt=0'0 mlcod 0'0 inactive] handle_peering_event: epoch_sent: 243 epoch_requested: 243 FlushedEvt
2014-06-09 16:22:11.347337 7f8689f56700 5 -- op tracker -- , seq: 507, time:
2014-06-09 16:22:11.347332, event: reached_pg, op: osd_op(client.4564.0:36207 rbd_header.11746b8b4567 [watch add cookie 1 ver 0] 3.552750 ondisk+read+write e242)
2014-06-09 16:22:11.347348 7f86a5610700 10 _finish_op 0x2c06ec60 seq 3067 osr(1.1eb 0x384ca00)/0x384ca00
2014-06-09 16:22:11.347349 7f86a460e700 10 finisher(0x2c100f8) finisher_thread doing [0x3061fa60]
2014-06-09 16:22:11.347351 7f86a5610700 15 KeyValueStore::op_tp worker wq KeyValueStore::OpWQ done processing 0xc7819e0 (1 active)
2014-06-09 16:22:11.347351 7f86a460e700 10 finisher(0x2c100f8) finisher_thread done with [0x3061fa60]
2014-06-09 16:22:11.347353 7f86a460e700 10 finisher(0x2c100f8) finisher_thread empty
2014-06-09 16:22:11.347353 7f86a5610700 12 KeyValueStore::op_tp worker wq KeyValueStore::OpWQ start processing 0xc781560 (2 active)
2014-06-09 16:22:11.347354 7f86a460e700 10 finisher(0x2c100f8) finisher_thread sleeping
2014-06-09 16:22:11.347355 7f86a5610700 5 _do_op 0x309a3f80 seq 3068 osr(2.4b5 0x2ed1770)/0x2ed1770 start
2014-06-09 16:22:11.347357 7f86a5610700 10 _do_transaction on 0xbf37140
2014-06-09 16:22:11.347363 7f86a5610700 15 _omap_setkeys meta/16ef7597/infos/head//-1
2014-06-09 16:22:11.347353 7f8689f56700 20 osd.26 pg_epoch: 243 pg[3.750( v 214'518 (0'0,214'518] local-les=243 n=98 ec=118 les/c 212/213 242/242/242) [26,8] r=0 lpr=242 pi=211-241/2 crt=0'0 lcod 0'0 mlcod 0'0 inactive] op_has_sufficient_caps pool=3 (ceph ) owner=0 need_read_cap=0 need_write_cap=1 need_class_read_cap=0 need_class_write_cap=0 -> yes
2014-06-09 16:22:11.347357 7f8690763700 15 osd.26 pg_epoch: 243 pg[0.479( empty local-les=243 n=0 ec=1 les/c 191/191 242/242/242) [26,0] r=0 lpr=242 pi=190-241/4 crt=0'0 mlcod 0'0 inactive] requeue_ops
2014-06-09 16:22:11.347367 7f8690763700 10 log is not dirty
2014-06-09 16:22:11.347365 7f8689f56700 10 osd.26 pg_epoch: 243 pg[3.750( v 214'518 (0'0,214'518] local-les=243 n=98 ec=118 les/c 212/213 242/242/242) [26,8] r=0 lpr=242 pi=211-241/2 crt=0'0 lcod 0'0 mlcod 0'0 inactive] can_handle_while_inactive: 0x1b0b7b00
2014-06-09 16:22:11.347374 7f8689f56700 10 osd.26 243 dequeue_op 0x1b0b7b00 finish
2014-06-09 16:22:11.347378 7f8689f56700 15 OSD::op_tp worker wq OSD::OpWQ done processing 0x1 (13 active)
2014-06-09 16:22:11.347371 7f8690763700 10 osd.26 pg_epoch: 243 pg[3.1aa( v 214'499 (0'0,214'499] local-les=191 n=98 ec=118 les/c 191/191 242/242/242) [26,1] r=0 lpr=242 pi=190-241/4 crt=0'0 lcod 0'0 mlcod 0'0 peering] handle_peering_event: epoch_sent: 243 epoch_requested: 243 FlushedEvt
2014-06-09 16:22:11.347383 7f8689f56700 12 OSD::op_tp worker wq OSD::OpWQ start processing 0x1 (14 active)
2014-06-09 16:22:11.347393 7f86a5610700 10 lookup_strip_header done cid meta oid 16ef7597/infos/head//-1
2014-06-09 16:22:11.347384 7f8690763700 15 osd.26 pg_epoch: 243 pg[3.1aa( v 214'499 (0'0,214'499] local-les=191 n=98 ec=118 les/c 191/191 242/242/242) [26,1] r=0 lpr=242 pi=190-241/4 crt=0'0 lcod 0'0 mlcod 0'0 peering] requeue_ops 0x1c66be00,0x1c66bd00,0x1c66bc00,0x1c66bb00,0x21966400,0x21966300,0x1804c300,0x1804c200,0x1804c100,0x1804c000,0x19fe1d00,0x19fe1c00
2014-06-09 16:22:11.347387 7f8689f56700 10 osd.26 243 dequeue_op 0xe2ac000 prio 63 cost 1032192 latency 1.415716 osd_op(client.4566.0:33765 rbd_data.11766b8b4567.00000000000016aa [set-alloc-hint object_size 4194304 write_size 4194304,write 1392640~1032192] 3.4c8eb750 RETRY=3 ack+ondisk+retry+write e242) v4 pg pg[3.750( v 214'518 (0'0,214'518] local-les=243 n=98 ec=118 les/c 212/213 242/242/242) [26,8] r=0 lpr=242 pi=211-241/2 crt=0'0 lcod 0'0 mlcod 0'0 inactive]
2014-06-09 16:22:11.347407 7f86a5610700 10 cid: oid: 16ef7597/infos/head//-1 skipping op, spos 3068.0.0 <= header.spos 150443.0.0
2014-06-09 16:22:11.347405 7f8689f56700 5 -- op tracker -- , seq: 8, time:
2014-06-09 16:22:11.347401, event: reached_pg, op: osd_op(client.4566.0:33765 rbd_data.11766b8b4567.00000000000016aa [set-alloc-hint object_size 4194304 write_size 4194304,write 1392640~1032192] 3.4c8eb750 RETRY=3 ack+ondisk+retry+write e242)
2014-06-09 16:22:11.347411 7f86a5610700 5 submit_transaction r = 0
2014-06-09 16:22:11.347412 7f8689f56700 20 osd.26 pg_epoch: 243 pg[3.750( v 214'518 (0'0,214'518] local-les=243 n=98 ec=118 les/c 212/213 242/242/242) [26,8] r=0 lpr=242 pi=211-241/2 crt=0'0 lcod 0'0 mlcod 0'0 inactive] op_has_sufficient_caps pool=3 (ceph ) owner=0 need_read_cap=0 need_write_cap=1 need_class_read_cap=0 need_class_write_cap=0 -> yes
2014-06-09 16:22:11.347423 7f8690763700 10 log is not dirty
2014-06-09 16:22:11.347427 7f86a5610700 10 _do_op 0x309a3f80 seq 3068 r = 0, finisher 0x19940600 0
2014-06-09 16:22:11.347423 7f8689f56700 10 osd.26 pg_epoch: 243 pg[3.750( v 214'518 (0'0,214'518] local-les=243 n=98 ec=118 les/c 212/213 242/242/242) [26,8] r=0 lpr=242 pi=211-241/2 crt=0'0 lcod 0'0 mlcod 0'0 inactive] can_handle_while_inactive: 0xe2ac000
2014-06-09 16:22:11.347433 7f8689f56700 10 osd.26 243 dequeue_op 0xe2ac000 finish
2014-06-09 16:22:11.347433 7f86a5610700 10 _finish_op 0x309a3f80 seq 3068 osr(2.4b5 0x2ed1770)/0x2ed1770
2014-06-09 16:22:11.347434 7f86a460e700 10 finisher(0x2c100f8) finisher_thread doing [0xc410fa0]
2014-06-09 16:22:11.347436 7f8689f56700 15 OSD::op_tp worker wq OSD::OpWQ done processing 0x1 (13 active)
2014-06-09 16:22:11.347436 7f86a5610700 15 KeyValueStore::op_tp worker wq KeyValueStore::OpWQ done processing 0xc781560 (1 active)
2014-06-09 16:22:11.347438 7f86a5610700 12 KeyValueStore::op_tp worker wq KeyValueStore::OpWQ start processing 0xc6d1b00 (2 active)
2014-06-09 16:22:11.347439 7f86a460e700 10 finisher(0x2c100f8) finisher_thread done with [0xc410fa0]
2014-06-09 16:22:11.347440 7f86a460e700 10 finisher(0x2c100f8) finisher_thread empty
2014-06-09 16:22:11.347440 7f86a5610700 5 _do_op 0x30061aa0 seq 3069 osr(0.759 0x384c370)/0x384c370 start
2014-06-09 16:22:11.347441 7f86a460e700 10 finisher(0x2c100f8) finisher_thread sleeping
2014-06-09 16:22:11.347441 7f8689f56700 12 OSD::op_tp worker wq OSD::OpWQ start processing 0x1 (14 active)
2014-06-09 16:22:11.347442 7f86a5610700 10 _do_transaction on 0xc20ba40
2014-06-09 16:22:11.347427 7f8690763700 10 osd.26 pg_epoch: 243 pg[0.1f1( empty local-les=243 n=0 ec=1 les/c 191/191 242/242/242) [26,2] r=0 lpr=242 pi=190-241/4 crt=0'0 mlcod 0'0 inactive] handle_peering_event: epoch_sent: 243 epoch_requested: 243 FlushedEvt
2014-06-09 16:22:11.347447 7f86a5610700 15 _omap_setkeys meta/16ef7597/infos/head//-1
2014-06-09 16:22:11.347452 7f8690763700 10 log is not dirty
2014-06-09 16:22:11.347456 7f8690763700 10 osd.26 pg_epoch: 243 pg[0.1f1( empty local-les=243 n=0 ec=1 les/c 191/191 242/242/242) [26,2] r=0 lpr=242 pi=190-241/4 crt=0'0 mlcod 0'0 inactive] handle_peering_event: epoch_sent: 243 epoch_requested: 243 FlushedEvt
2014-06-09 16:22:11.347444 7f8689f56700 10 osd.26 243 dequeue_op 0x21967c00 prio 63 cost 1032192 latency 0.775709 osd_op(client.4567.0:35151 rbd_data.11776b8b4567.00000000000017b4 [set-alloc-hint object_size 4194304 write_size 4194304,write 442368~1032192] 3.584859c7 RETRY=3 ack+ondisk+retry+write e242) v4 pg pg[3.1c7( v 214'650 (0'0,214'650] local-les=191 n=132 ec=118 les/c 191/191 242/242/242) [26,2] r=0 lpr=242 pi=190-241/4 crt=0'0 lcod 0'0 mlcod 0'0 peering]
2014-06-09 16:22:11.347466 7f8690763700 15 osd.26 pg_epoch: 243 pg[0.1f1( empty local-les=243 n=0 ec=1 les/c 191/191 242/242/242) [26,2] r=0 lpr=242 pi=190-241/4 crt=0'0 mlcod 0'0 inactive] requeue_ops
2014-06-09 16:22:11.347475 7f8690763700 10 log is not dirty
2014-06-09 16:22:11.347471 7f8689f56700 5 -- op tracker -- , seq: 551, time:
2014-06-09 16:22:11.347466, event: reached_pg, op: osd_op(client.4567.0:35151 rbd_data.11776b8b4567.00000000000017b4 [set-alloc-hint object_size 4194304 write_size 4194304,write 442368~1032192] 3.584859c7 RETRY=3 ack+ondisk+retry+write e242)
2014-06-09 16:22:11.347478 7f86a5610700 10 lookup_strip_header done cid meta oid 16ef7597/infos/head//-1
2014-06-09 16:22:11.347479 7f8690763700 10 osd.26 pg_epoch: 243 pg[2.b( empty local-les=243 n=0 ec=1 les/c 191/191 242/242/242) [26,2] r=0 lpr=242 pi=190-241/4 crt=0'0 mlcod 0'0 inactive] handle_peering_event: epoch_sent: 243 epoch_requested: 243 FlushedEvt
2014-06-09 16:22:11.347490 7f8690763700 10 log is not dirty
2014-06-09 16:22:11.347492 7f86a5610700 10 cid: oid: 16ef7597/infos/head//-1 skipping op, spos 3069.0.0 <= header.spos 150443.0.0
2014-06-09 16:22:11.347478 7f8689f56700 20 osd.26 pg_epoch: 243 pg[3.1c7( v 214'650 (0'0,214'650] local-les=191 n=132 ec=118 les/c 191/191 242/242/242) [26,2] r=0 lpr=242 pi=190-241/4 crt=0'0 lcod 0'0 mlcod 0'0 peering] op_has_sufficient_caps pool=3 (ceph ) owner=0 need_read_cap=0 need_write_cap=1 need_class_read_cap=0 need_class_write_cap=0 -> yes
2014-06-09 16:22:11.347496 7f86a5610700 5 submit_transaction r = 0
2014-06-09 16:22:11.347494 7f8690763700 10 osd.26 pg_epoch: 243 pg[2.b( empty local-les=243 n=0 ec=1 les/c 191/191 242/242/242) [26,2] r=0 lpr=242 pi=190-241/4 crt=0'0 mlcod 0'0 inactive] handle_peering_event: epoch_sent: 243 epoch_requested: 243 FlushedEvt
2014-06-09 16:22:11.347497 7f8689f56700 10 osd.26 pg_epoch: 243 pg[3.1c7( v 214'650 (0'0,214'650] local-les=191 n=132 ec=118 les/c 191/191 242/242/242) [26,2] r=0 lpr=242 pi=190-241/4 crt=0'0 lcod 0'0 mlcod 0'0 peering] can_handle_while_inactive: 0x21967c00
2014-06-09 16:22:11.347507 7f8689f56700 10 osd.26 243 dequeue_op 0x21967c00 finish
2014-06-09 16:22:11.347503 7f8690763700 15 osd.26 pg_epoch: 243 pg[2.b( empty local-les=243 n=0 ec=1 les/c 191/191 242/242/242) [26,2] r=0 lpr=242 pi=190-241/4 crt=0'0 mlcod 0'0 inactive] requeue_ops
2014-06-09 16:22:11.347510 7f8689f56700 15 OSD::op_tp worker wq OSD::OpWQ done processing 0x1 (13 active)
2014-06-09 16:22:11.347511 7f8690763700 10 log is not dirty
2014-06-09 16:22:11.347515 7f8689f56700 12 OSD::op_tp worker wq OSD::OpWQ start processing 0x1 (14 active)
2014-06-09 16:22:11.347516 7f86a5610700 10 _do_op 0x30061aa0 seq 3069 r = 0, finisher 0x13964aa0 0
2014-06-09 16:22:11.347521 7f86a5610700 10 _finish_op 0x30061aa0 seq 3069 osr(0.759 0x384c370)/0x384c370
2014-06-09 16:22:11.347523 7f86a460e700 10 finisher(0x2c100f8) finisher_thread doing [0x306cf760]
2014-06-09 16:22:11.347525 7f86a460e700 10 finisher(0x2c100f8) finisher_thread done with [0x306cf760]
2014-06-09 16:22:11.347525 7f86a5610700 15 KeyValueStore::op_tp worker wq KeyValueStore::OpWQ done processing 0xc6d1b00 (1 active)
2014-06-09 16:22:11.347527 7f86a460e700 10 finisher(0x2c100f8) finisher_thread empty
2014-06-09 16:22:11.347527 7f86a5610700 12 KeyValueStore::op_tp worker wq KeyValueStore::OpWQ start processing 0xc6d18c0 (2 active)
2014-06-09 16:22:11.347528 7f86a460e700 10 finisher(0x2c100f8) finisher_thread sleeping
2014-06-09 16:22:11.347529 7f86a5610700 5 _do_op 0x308cbda0 seq 3070 osr(1.1c9 0x384ca90)/0x384ca90 start
2014-06-09 16:22:11.347531 7f86a5610700 10 _do_transaction on 0xc141200
2014-06-09 16:22:11.347519 7f8689f56700 10 osd.26 243 dequeue_op 0x2c06bc00 prio 63 cost 3612672 latency 0.518632 osd_op(client.4570.0:34426 rbd_data.117a6b8b4567.0000000000001713 [set-alloc-hint object_size 4194304 write_size 4194304,write 479232~3612672] 3.33969c7 RETRY=3 ack+ondisk+retry+write e242) v4 pg pg[3.1c7( v 214'650 (0'0,214'650] local-les=191 n=132 ec=118 les/c 191/191 242/242/242) [26,2] r=0 lpr=242 pi=190-241/4 crt=0'0 lcod 0'0 mlcod 0'0 peering]
2014-06-09 16:22:11.351743 7f86a5610700 15 _omap_setkeys meta/16ef7597/infos/head//-1
2014-06-09 16:22:11.351793 7f86a5610700 10 lookup_strip_header done cid meta oid 16ef7597/infos/head//-1
2014-06-09 16:22:11.351810 7f86a5610700 10 cid: oid: 16ef7597/infos/head//-1 skipping op, spos 3070.0.0 <= header.spos 150443.0.0
2014-06-09 16:22:11.351814 7f86a5610700 5 submit_transaction r = 0
2014-06-09 16:22:11.351828 7f86a5610700 10 _do_op 0x308cbda0 seq 3070 r = 0, finisher 0x2d7398c0 0
2014-06-09 16:22:11.351836 7f86a460e700 10 finisher(0x2c100f8) finisher_thread doing [0xbd7a780]
2014-06-09 16:22:11.351837 7f86a5610700 10 _finish_op 0x308cbda0 seq 3070 osr(1.1c9 0x384ca90)/0x384ca90
2014-06-09 16:22:11.351841 7f86a460e700 10 finisher(0x2c100f8) finisher_thread done with [0xbd7a780]
2014-06-09 16:22:11.351840 7f86a5610700 15 KeyValueStore::op_tp worker wq KeyValueStore::OpWQ done processing 0xc6d18c0 (1 active)
2014-06-09 16:22:11.351842 7f86a460e700 10 finisher(0x2c100f8) finisher_thread empty
2014-06-09 16:22:11.351842 7f86a5610700 12 KeyValueStore::op_tp worker wq KeyValueStore::OpWQ start processing 0xc6fd9e0 (2 active)
2014-06-09 16:22:11.351843 7f86a460e700 10 finisher(0x2c100f8) finisher_thread sleeping
2014-06-09 16:22:11.351844 7f86a5610700 5 _do_op 0x308cbd40 seq 3071 osr(1.75b 0x2ed0010)/0x2ed0010 start
2014-06-09 16:22:11.347551 7f86a5e11700 10 _do_op 0x308cbe00 seq 3049 r = 0, finisher 0x3050bee0 0
2014-06-09 16:22:11.351847 7f86a5610700 10 _do_transaction on 0xbebcc00
2014-06-09 16:22:11.347544 7f8692f68700 10 osd.26 243 dequeue_op 0x2e075c00 prio 63 cost 1392640 latency 0.402110 osd_op(client.4577.0:37967 rbd_data.11816b8b4567.000000000000198d [set-alloc-hint object_size 4194304 write_size 4194304,write 2801664~1392640] 3.82d661bd RETRY=3 ack+ondisk+retry+write e242) v4 pg pg[3.1bd( v 214'661 (0'0,214'661] local-les=243 n=131 ec=118 les/c 212/212 242/242/242) [26,8] r=0 lpr=242 pi=211-241/2 crt=0'0 lcod 0'0 mlcod 0'0 inactive]
2014-06-09 16:22:11.351854 7f86a5610700 15 _omap_setkeys meta/16ef7597/infos/head//-1
2014-06-09 16:22:11.347570 7f8689755700 10 osd.26 243 dequeue_op 0x16bd6d00 prio 63 cost 2580480 latency 0.947002 osd_op(client.4568.0:35128 rbd_data.11786b8b4567.0000000000001709 [set-alloc-hint object_size 4194304 write_size 4194304,write 450560~2580480] 3.5f5b89f4 RETRY=3 ack+ondisk+retry+write e242) v4 pg pg[3.1f4( v 213'599 (0'0,213'599] local-les=243 n=118 ec=118 les/c 208/208 242/242/242) [26,6] r=0 lpr=242 pi=207-241/2 crt=0'0 lcod 0'0 mlcod 0'0 inactive]
2014-06-09 16:22:11.351857 7f86a460e700 10 finisher(0x2c100f8) finisher_thread doing [0x3050bd80]
2014-06-09 16:22:11.347596 7f8691765700 5 -- op tracker -- , seq: 2, time:
2014-06-09 16:22:11.346853, event: reached_pg, op: osd_op(client.4565.0:32565 rbd_data.11756b8b4567.0000000000001565 [set-alloc-hint object_size 4194304 write_size 4194304,write 0~450560] 3.8b1e77c RETRY=3 ack+ondisk+retry+write e242)
2014-06-09 16:22:11.351861 7f86a460e700 10 finisher(0x2c100f8) finisher_thread done with [0x3050bd80]
2014-06-09 16:22:11.351863 7f86a460e700 10 finisher(0x2c100f8) finisher_thread empty
2014-06-09 16:22:11.351864 7f86a460e700 10 finisher(0x2c100f8) finisher_thread sleeping
2014-06-09 16:22:11.351867 7f8691765700 20 osd.26 pg_epoch: 243 pg[3.77c( v 213'558 (0'0,213'558] local-les=243 n=109 ec=118 les/c 210/210 242/242/242) [26,7] r=0 lpr=242 pi=209-241/2 crt=0'0 lcod 0'0 mlcod 0'0 inactive] op_has_sufficient_caps pool=3 (ceph ) owner=0 need_read_cap=0 need_write_cap=1 need_class_read_cap=0 need_class_write_cap=0 -> yes
2014-06-09 16:22:11.351874 7f868d75d700 5 -- op tracker -- , seq: 158, time:
2014-06-09 16:22:11.346765, event: reached_pg, op: osd_op(client.4574.0:31681 rbd_data.117e6b8b4567.00000000000014b9 [set-alloc-hint object_size 4194304 write_size 4194304,write 0~1548288] 3.3046a4d1 RETRY=3 ack+ondisk+retry+write e242)
2014-06-09 16:22:11.351888 7f86a5610700 10 lookup_strip_header done cid meta oid 16ef7597/infos/head//-1
2014-06-09 16:22:11.351882 7f8691765700 10 osd.26 pg_epoch: 243 pg[3.77c( v 213'558 (0'0,213'558] local-les=243 n=109 ec=118 les/c 210/210 242/242/242) [26,7] r=0 lpr=242 pi=209-241/2 crt=0'0 lcod 0'0 mlcod 0'0 inactive] can_handle_while_inactive: 0x306b700
2014-06-09 16:22:11.351892 7f8691765700 10 osd.26 243 dequeue_op 0x306b700 finish
2014-06-09 16:22:11.351891 7f8689f56700 5 -- op tracker -- , seq: 876, time:
2014-06-09 16:22:11.351740, event: reached_pg, op: osd_op(client.4570.0:34426 rbd_data.117a6b8b4567.0000000000001713 [set-alloc-hint object_size 4194304 write_size 4194304,write 479232~3612672] 3.33969c7 RETRY=3 ack+ondisk+retry+write e242)
2014-06-09 16:22:11.346578 7f868cf5c700 20 ? 214'571 (214'570) modify 87496894/rbd_data.117f6b8b4567.000000000000151c/head//3 by client.4575.0:32103
2014-06-09 10:18:55.620813
2014-06-09 16:22:11.351903 7f86a5610700 10 cid: oid: 16ef7597/infos/head//-1 skipping op, spos 3071.0.0 <= header.spos 150443.0.0
2014-06-09 16:22:11.351907 7f86a5610700 5 submit_transaction r = 0
2014-06-09 16:22:11.351901 7f8689f56700 20 osd.26 pg_epoch: 243 pg[3.1c7( v 214'650 (0'0,214'650] local-les=191 n=132 ec=118 les/c 191/191 242/242/242) [26,2] r=0 lpr=242 pi=190-241/4 crt=0'0 lcod 0'0 mlcod 0'0 peering] op_has_sufficient_caps pool=3 (ceph ) owner=0 need_read_cap=0 need_write_cap=1 need_class_read_cap=0 need_class_write_cap=0 -> yes
2014-06-09 16:22:11.351909 7f8692f68700 5 -- op tracker -- , seq: 1072, time:
2014-06-09 16:22:11.351856, event: reached_pg, op: osd_op(client.4577.0:37967 rbd_data.11816b8b4567.000000000000198d [set-alloc-hint object_size 4194304 write_size 4194304,write 2801664~1392640] 3.82d661bd RETRY=3 ack+ondisk+retry+write e242)
2014-06-09 16:22:11.351915 7f8689f56700 10 osd.26 pg_epoch: 243 pg[3.1c7( v 214'650 (0'0,214'650] local-les=191 n=132 ec=118 les/c 191/191 242/242/242) [26,2] r=0 lpr=242 pi=190-241/4 crt=0'0 lcod 0'0 mlcod 0'0 peering] can_handle_while_inactive: 0x2c06bc00
2014-06-09 16:22:11.351924 7f8689f56700 10 osd.26 243 dequeue_op 0x2c06bc00 finish
2014-06-09 16:22:11.351918 7f8692f68700 20 osd.26 pg_epoch: 243 pg[3.1bd( v 214'661 (0'0,214'661] local-les=243 n=131 ec=118 les/c 212/212 242/242/242) [26,8] r=0 lpr=242 pi=211-241/2 crt=0'0 lcod 0'0 mlcod 0'0 inactive] op_has_sufficient_caps pool=3 (ceph ) owner=0 need_read_cap=0 need_write_cap=1 need_class_read_cap=0 need_class_write_cap=0 -> yes
2014-06-09 16:22:11.351930 7f8692f68700 10 osd.26 pg_epoch: 243 pg[3.1bd( v 214'661 (0'0,214'661] local-les=243 n=131 ec=118 les/c 212/212 242/242/242) [26,8] r=0 lpr=242 pi=211-241/2 crt=0'0 lcod 0'0 mlcod 0'0 inactive] can_handle_while_inactive: 0x2e075c00
2014-06-09 16:22:11.351938 7f8692f68700 10 osd.26 243 dequeue_op 0x2e075c00 finish
2014-06-09 16:22:11.351940 7f86a5610700 10 _do_op 0x308cbd40 seq 3071 r = 0, finisher 0x3050ab20 0
2014-06-09 16:22:11.351931 7f868d75d700 20 osd.26 pg_epoch: 243 pg[3.4d1( v 213'606 (0'0,213'606] local-les=243 n=120 ec=118 les/c 201/201 242/242/242) [26,3] r=0 lpr=242 pi=200-241/2 crt=0'0 lcod 0'0 mlcod 0'0 inactive] op_has_sufficient_caps pool=3 (ceph ) owner=0 need_read_cap=0 need_write_cap=1 need_class_read_cap=0 need_class_write_cap=0 -> yes
