2014-06-09 16:22:11.331248 7f869af78700 10 osd.26 243 do_waiters -- finish
2014-06-09 16:22:11.331250 7f8690763700 15 OSD::op_tp worker wq OSD::PeeringWQ done processing 0xb7f0250 (1 active)
2014-06-09 16:22:11.331254 7f8690763700 12 OSD::op_tp worker wq OSD::PeeringWQ start processing 0xb7f0250 (2 active)
2014-06-09 16:22:11.331259 7f86a4e0f700 10 finisher(0x2c10388) finisher_thread done with [0xc40dc20]
2014-06-09 16:22:11.331260 7f8691765700 15 OSD::op_tp worker wq OSD::PeeringWQ done processing 0xb7f0230 (1 active)
2014-06-09 16:22:11.331261 7f86a4e0f700 10 finisher(0x2c10388) finisher_thread empty
2014-06-09 16:22:11.331262 7f86a4e0f700 10 finisher(0x2c10388) finisher_thread sleeping
2014-06-09 16:22:11.331262 7f8691765700 20 OSD::op_tp worker waiting
2014-06-09 16:22:11.331265 7f869af78700 10 osd.26 243 do_waiters -- start
2014-06-09 16:22:11.331267 7f868df5e700 20 OSD::op_tp worker waiting
2014-06-09 16:22:11.331267 7f869af78700 10 osd.26 243 do_waiters -- finish
2014-06-09 16:22:11.331259 7f8690763700 10 osd.26 pg_epoch: 243 pg[0.451( empty local-les=243 n=0 ec=1 les/c 212/212 242/242/242) [26,8] r=0 lpr=242 pi=211-241/2 crt=0'0 mlcod 0'0 inactive] handle_peering_event: epoch_sent: 242 epoch_requested: 242 MNotifyRec from 8 notify: (query_epoch:242, epoch_sent:242, info:0.451( empty local-les=212 n=0 ec=1 les/c 212/212 242/242/242))
2014-06-09 16:22:11.331269 7f869af78700 20 osd.26 243 _dispatch 0x10d0dc00 pg_notify(3.59f(10) epoch 242) v5
2014-06-09 16:22:11.331275 7f869af78700 5 -- op tracker -- , seq: 1486, time:
2014-06-09 16:22:10.835649, event: header_read, op: pg_notify(3.59f(10) epoch 242)
2014-06-09 16:22:11.331271 7f8690763700 10 osd.26 pg_epoch: 243 pg[0.451( empty local-les=243 n=0 ec=1 les/c 212/212 242/242/242) [26,8] r=0 lpr=242 pi=211-241/2 crt=0'0 mlcod 0'0 inactive] state: Active: got notify from 8, already have info from that osd, ignoring
2014-06-09 16:22:11.331282 7f8690763700 10 log is not dirty
2014-06-09 16:22:11.331282 7f869af78700 5 -- op tracker -- , seq: 1486, time:
2014-06-09 16:22:10.835650, event: throttled, op: pg_notify(3.59f(10) epoch 242)
2014-06-09 16:22:11.331285 7f8690763700 10 osd.26 pg_epoch: 243 pg[2.1b1( empty local-les=243 n=0 ec=1 les/c 206/206 242/242/242) [26,5] r=0 lpr=242 pi=205-241/2 crt=0'0 mlcod 0'0 inactive] handle_peering_event: epoch_sent: 243 epoch_requested: 243 FlushedEvt
2014-06-09 16:22:11.331290 7f86a5e11700 10 lookup_strip_header done cid meta oid 16ef7597/infos/head//-1
2014-06-09 16:22:11.331289 7f869af78700 5 -- op tracker -- , seq: 1486, time:
2014-06-09 16:22:10.835670, event: all_read, op: pg_notify(3.59f(10) epoch 242)
2014-06-09 16:22:11.331292 7f8690763700 15 osd.26 pg_epoch: 243 pg[2.1b1( empty local-les=243 n=0 ec=1 les/c 206/206 242/242/242) [26,5] r=0 lpr=242 pi=205-241/2 crt=0'0 mlcod 0'0 inactive] requeue_ops
2014-06-09 16:22:11.331296 7f869af78700 5 -- op tracker -- , seq: 1486, time:
2014-06-09 16:22:11.331265, event: dispatched, op: pg_notify(3.59f(10) epoch 242)
2014-06-09 16:22:11.331302 7f8690763700 10 log is not dirty
2014-06-09 16:22:11.331303 7f86a5e11700 10 cid: oid: 16ef7597/infos/head//-1 skipping op, spos 3034.0.0 <= header.spos 150443.0.0
2014-06-09 16:22:11.331306 7f86a5e11700 5 submit_transaction r = 0
2014-06-09 16:22:11.331303 7f869af78700 5 -- op tracker -- , seq: 1486, time:
2014-06-09 16:22:11.331301, event: waiting_for_osdmap, op: pg_notify(3.59f(10) epoch 242)
2014-06-09 16:22:11.331307 7f8690763700 15 OSD::op_tp worker wq OSD::PeeringWQ done processing 0xb7f0250 (0 active)
2014-06-09 16:22:11.331308 7f869af78700 7 osd.26 243 handle_pg_notify from osd.6
2014-06-09 16:22:11.331309 7f8690763700 20 OSD::op_tp worker waiting
2014-06-09 16:22:11.331310 7f869af78700 15 osd.26 243 require_same_or_newer_map 242 (i am 243) 0x10d0dc00
2014-06-09 16:22:11.331314 7f868ef60700 20 OSD::op_tp worker waiting
2014-06-09 16:22:11.331314 7f869af78700 5 -- op tracker -- , seq: 1486, time:
2014-06-09 16:22:11.331312, event: started, op: pg_notify(3.59f(10) epoch 242)
2014-06-09 16:22:11.331328 7f86a5e11700 10 _do_op 0x300603c0 seq 3034 r = 0, finisher 0x3061ffe0 0
2014-06-09 16:22:11.331332 7f86a5e11700 10 _finish_op 0x300603c0 seq 3034 osr(2.2da 0x2ed0c10)/0x2ed0c10
2014-06-09 16:22:11.331334 7f86a460e700 10 finisher(0x2c100f8) finisher_thread doing [0xbcc8580]
2014-06-09 16:22:11.331335 7f868e75f700 12 OSD::op_tp worker wq OSD::PeeringWQ start processing 0xb7f0290 (1 active)
2014-06-09 16:22:11.331335 7f869af78700 5 -- op tracker -- , seq: 1486, time:
2014-06-09 16:22:11.331333, event: done, op: pg_notify(3.59f(10) epoch 242)
2014-06-09 16:22:11.331338 7f86a460e700 10 finisher(0x2c100f8) finisher_thread done with [0xbcc8580]
2014-06-09 16:22:11.331340 7f86a460e700 10 finisher(0x2c100f8) finisher_thread empty
2014-06-09 16:22:11.331340 7f86a4e0f700 10 finisher(0x2c10388) finisher_thread doing [0x3061ffe0]
2014-06-09 16:22:11.331341 7f86a460e700 10 finisher(0x2c100f8) finisher_thread sleeping
2014-06-09 16:22:11.331343 7f869af78700 10 osd.26 243 do_waiters -- start
2014-06-09 16:22:11.331345 7f869af78700 10 osd.26 243 do_waiters -- finish
2014-06-09 16:22:11.331343 7f86a4e0f700 10 osd.26 pg_epoch: 243 pg[2.2da( empty local-les=243 n=0 ec=1 les/c 191/191 242/242/242) [26,1] r=0 lpr=242 pi=190-241/4 crt=0'0 mlcod 0'0 inactive] _activate_committed 243 peer_activated now 26 last_epoch_started 191 same_interval_since 242
2014-06-09 16:22:11.331341 7f868e75f700 10 osd.26 pg_epoch: 243 pg[3.59f( v 213'624 (0'0,213'624] local-les=243 n=117 ec=118 les/c 208/208 242/242/242) [26,6] r=0 lpr=242 pi=207-241/2 crt=0'0 lcod 0'0 mlcod 0'0 inactive] handle_peering_event: epoch_sent: 242 epoch_requested: 242 MNotifyRec from 6 notify: (query_epoch:242, epoch_sent:242, info:3.59f( v 213'624 (0'0,213'624] local-les=208 n=117 ec=118 les/c 208/208 242/242/242))
2014-06-09 16:22:11.331353 7f86a4e0f700 10 osd.26 pg_epoch: 243 pg[2.2da( empty local-les=243 n=0 ec=1 les/c 191/191 242/242/242) [26,1] r=0 lpr=242 pi=190-241/4 crt=0'0 mlcod 0'0 inactive] flushed
2014-06-09 16:22:11.331360 7f869af78700 10 osd.26 243 do_waiters -- start
2014-06-09 16:22:11.331362 7f869af78700 10 osd.26 243 do_waiters -- finish
2014-06-09 16:22:11.331363 7f869af78700 20 osd.26 243 _dispatch 0x240f4400 pg_log(2.37 epoch 243 log log((0'0,0'0], crt=0'0) query_epoch 243) v4
2014-06-09 16:22:11.331357 7f868e75f700 10 osd.26 pg_epoch: 243 pg[3.59f( v 213'624 (0'0,213'624] local-les=243 n=117 ec=118 les/c 208/208 242/242/242) [26,6] r=0 lpr=242 pi=207-241/2 crt=0'0 lcod 0'0 mlcod 0'0 inactive] state: Active: got notify from 6, already have info from that osd, ignoring
2014-06-09 16:22:11.331366 7f868ff62700 12 OSD::op_tp worker wq OSD::PeeringWQ start processing 0xb7f0260 (2 active)
2014-06-09 16:22:11.331370 7f868e75f700 10 log is not dirty
2014-06-09 16:22:11.331370 7f86a4e0f700 10 finisher(0x2c10388) finisher_thread done with [0x3061ffe0]
2014-06-09 16:22:11.331372 7f86a4e0f700 10 finisher(0x2c10388) finisher_thread empty
2014-06-09 16:22:11.331373 7f86a4e0f700 10 finisher(0x2c10388) finisher_thread sleeping
2014-06-09 16:22:11.331370 7f869af78700 5 -- op tracker -- , seq: 1487, time:
2014-06-09 16:22:10.999668, event: header_read, op: pg_log(2.37 epoch 243 log log((0'0,0'0], crt=0'0) query_epoch 243)
2014-06-09 16:22:11.331376 7f86a5e11700 15 KeyValueStore::op_tp worker wq KeyValueStore::OpWQ done processing 0xc89b7a0 (1 active)
2014-06-09 16:22:11.331376 7f868e75f700 15 OSD::op_tp worker wq OSD::PeeringWQ done processing 0xb7f0290 (1 active)
2014-06-09 16:22:11.331370 7f868ff62700 10 osd.26 pg_epoch: 243 pg[2.2da( empty local-les=243 n=0 ec=1 les/c 191/191 242/242/242) [26,1] r=0 lpr=242 pi=190-241/4 crt=0'0 mlcod 0'0 inactive] handle_peering_event: epoch_sent: 243 epoch_requested: 243 FlushedEvt
2014-06-09 16:22:11.331378 7f86a5e11700 12 KeyValueStore::op_tp worker wq KeyValueStore::OpWQ start processing 0xc6d19e0 (2 active)
2014-06-09 16:22:11.331379 7f868e75f700 20 OSD::op_tp worker waiting
2014-06-09 16:22:11.331380 7f86a5e11700 5 _do_op 0x308cb440 seq 3036 osr(0.1c8 0x2bd69a0)/0x2bd69a0 start
2014-06-09 16:22:11.331383 7f86a5e11700 10 _do_transaction on 0x390db00
2014-06-09 16:22:11.331381 7f869af78700 5 -- op tracker -- , seq: 1487, time:
2014-06-09 16:22:10.999668, event: throttled, op: pg_log(2.37 epoch 243 log log((0'0,0'0], crt=0'0) query_epoch 243)
2014-06-09 16:22:11.331382 7f868ff62700 15 osd.26 pg_epoch: 243 pg[2.2da( empty local-les=243 n=0 ec=1 les/c 191/191 242/242/242) [26,1] r=0 lpr=242 pi=190-241/4 crt=0'0 mlcod 0'0 inactive] requeue_ops
2014-06-09 16:22:11.331389 7f86a5e11700 15 _omap_setkeys meta/16ef7597/infos/head//-1
2014-06-09 16:22:11.331389 7f869af78700 5 -- op tracker -- , seq: 1487, time:
2014-06-09 16:22:10.999678, event: all_read, op: pg_log(2.37 epoch 243 log log((0'0,0'0], crt=0'0) query_epoch 243)
2014-06-09 16:22:11.331392 7f868ff62700 10 log is not dirty
2014-06-09 16:22:11.331398 7f868ff62700 15 OSD::op_tp worker wq OSD::PeeringWQ done processing 0xb7f0260 (0 active)
2014-06-09 16:22:11.331396 7f869af78700 5 -- op tracker -- , seq: 1487, time:
2014-06-09 16:22:11.331360, event: dispatched, op: pg_log(2.37 epoch 243 log log((0'0,0'0], crt=0'0) query_epoch 243)
2014-06-09 16:22:11.331400 7f868ff62700 20 OSD::op_tp worker waiting
2014-06-09 16:22:11.331404 7f869af78700 5 -- op tracker -- , seq: 1487, time:
2014-06-09 16:22:11.331401, event: waiting_for_osdmap, op: pg_log(2.37 epoch 243 log log((0'0,0'0], crt=0'0) query_epoch 243)
2014-06-09 16:22:11.331409 7f869af78700 7 osd.26 243 handle_pg_log pg_log(2.37 epoch 243 log log((0'0,0'0], crt=0'0) query_epoch 243) v4 from osd.0
2014-06-09 16:22:11.331412 7f86a5610700 10 lookup_strip_header done cid meta oid 16ef7597/infos/head//-1
2014-06-09 16:22:11.331414 7f869af78700 15 osd.26 243 require_same_or_newer_map 243 (i am 243) 0x240f4400
2014-06-09 16:22:11.331420 7f869af78700 5 -- op tracker -- , seq: 1487, time:
2014-06-09 16:22:11.331417, event: started, op: pg_log(2.37 epoch 243 log log((0'0,0'0], crt=0'0) query_epoch 243)
2014-06-09 16:22:11.331430 7f86a5610700 10 cid: oid: 16ef7597/infos/head//-1 skipping op, spos 3035.0.0 <= header.spos 150443.0.0
2014-06-09 16:22:11.331435 7f86a5610700 5 submit_transaction r = 0
2014-06-09 16:22:11.331437 7f8690f64700 12 OSD::op_tp worker wq OSD::PeeringWQ start processing 0xb7f0240 (1 active)
2014-06-09 16:22:11.331436 7f869af78700 5 -- op tracker -- , seq: 1487, time:
2014-06-09 16:22:11.331433, event: done, op: pg_log(2.37 epoch 243 log log((0'0,0'0], crt=0'0) query_epoch 243)
2014-06-09 16:22:11.331445 7f869af78700 10 osd.26 243 do_waiters -- start
2014-06-09 16:22:11.331447 7f869af78700 10 osd.26 243 do_waiters -- finish
2014-06-09 16:22:11.331442 7f8690f64700 10 osd.26 pg_epoch: 243 pg[2.37( empty local-les=191 n=0 ec=1 les/c 191/191 242/242/220) [0,26] r=1 lpr=242 pi=1-241/22 crt=0'0 inactive NOTIFY] handle_peering_event: epoch_sent: 243 epoch_requested: 243 MLogRec from 0
2014-06-09 16:22:11.331450 7f8690f64700 10 osd.26 pg_epoch: 243 pg[2.37( empty local-les=191 n=0 ec=1 les/c 191/191 242/242/220) [0,26] r=1 lpr=242 pi=1-241/22 crt=0'0 inactive NOTIFY] state: got info+log from osd.0 2.37( empty local-les=243 n=0 ec=1 les/c 191/191 242/242/220) log((0'0,0'0], crt=0'0)
2014-06-09 16:22:11.331457 7f8690f64700 10 merge_log log((0'0,0'0], crt=0'0) from osd.0 into log((0'0,0'0], crt=0'0)
2014-06-09 16:22:11.331459 7f869af78700 10 osd.26 243 do_waiters -- start
2014-06-09 16:22:11.331459 7f86a5610700 10 _do_op 0x300609c0 seq 3035 r = 0, finisher 0x1a002140 0
2014-06-09 16:22:11.331461 7f869af78700 10 osd.26 243 do_waiters -- finish
2014-06-09 16:22:11.331461 7f8690f64700 10 merge_log result log((0'0,0'0], crt=0'0) missing(0) changed=0
2014-06-09 16:22:11.331462 7f869af78700 20 osd.26 243 _dispatch 0x2ea5a1c0 pg_notify(0.1ca(23) epoch 242) v5
2014-06-09 16:22:11.331465 7f86a5610700 10 _finish_op 0x300609c0 seq 3035 osr(1.449 0x384d690)/0x384d690
2014-06-09 16:22:11.331468 7f869af78700 5 -- op tracker -- , seq: 1488, time:
2014-06-09 16:22:10.946542, event: header_read, op: pg_notify(0.1ca(23) epoch 242)
2014-06-09 16:22:11.331471 7f86a5610700 15 KeyValueStore::op_tp worker wq KeyValueStore::OpWQ done processing 0xc89e7e0 (1 active)
2014-06-09 16:22:11.331474 7f86a5610700 12 KeyValueStore::op_tp worker wq KeyValueStore::OpWQ start processing 0xbff5d40 (2 active)
2014-06-09 16:22:11.331473 7f86a4e0f700 10 finisher(0x2c10388) finisher_thread doing [0x1a002140]
2014-06-09 16:22:11.331467 7f86a460e700 10 finisher(0x2c100f8) finisher_thread doing [0xbd6fee0]
2014-06-09 16:22:11.331476 7f86a5610700 5 _do_op 0x30061bc0 seq 3037 osr(0.3cf 0x2bd7270)/0x2bd7270 start
2014-06-09 16:22:11.331475 7f869af78700 5 -- op tracker -- , seq: 1488, time:
2014-06-09 16:22:10.946543, event: throttled, op: pg_notify(0.1ca(23) epoch 242)
2014-06-09 16:22:11.331479 7f86a5610700 10 _do_transaction on 0xc0d1380
2014-06-09 16:22:11.331479 7f86a4e0f700 10 finisher(0x2c10388) finisher_thread done with [0x1a002140]
2014-06-09 16:22:11.331481 7f86a4e0f700 10 finisher(0x2c10388) finisher_thread empty
2014-06-09 16:22:11.331482 7f86a4e0f700 10 finisher(0x2c10388) finisher_thread sleeping
2014-06-09 16:22:11.331482 7f869af78700 5 -- op tracker -- , seq: 1488, time:
2014-06-09 16:22:10.946578, event: all_read, op: pg_notify(0.1ca(23) epoch 242)
2014-06-09 16:22:11.331485 7f86a5610700 15 _omap_setkeys meta/16ef7597/infos/head//-1
2014-06-09 16:22:11.331478 7f86a460e700 10 osd.26 pg_epoch: 243 pg[1.449( empty local-les=243 n=0 ec=1 les/c 191/191 242/242/242) [26,2] r=0 lpr=242 pi=190-241/4 crt=0'0 mlcod 0'0 inactive] _activate_committed 243 peer_activated now 26 last_epoch_started 191 same_interval_since 242
2014-06-09 16:22:11.331489 7f869af78700 5 -- op tracker -- , seq: 1488, time:
2014-06-09 16:22:11.331459, event: dispatched, op: pg_notify(0.1ca(23) epoch 242)
2014-06-09 16:22:11.331491 7f86a460e700 10 osd.26 pg_epoch: 243 pg[1.449( empty local-les=243 n=0 ec=1 les/c 191/191 242/242/242) [26,2] r=0 lpr=242 pi=190-241/4 crt=0'0 mlcod 0'0 inactive] flushed
2014-06-09 16:22:11.331495 7f869af78700 5 -- op tracker -- , seq: 1488, time:
2014-06-09 16:22:11.331493, event: waiting_for_osdmap, op: pg_notify(0.1ca(23) epoch 242)
2014-06-09 16:22:11.331500 7f869af78700 7 osd.26 243 handle_pg_notify from osd.5
2014-06-09 16:22:11.331502 7f869af78700 15 osd.26 243 require_same_or_newer_map 242 (i am 243) 0x2ea5a1c0
2014-06-09 16:22:11.331503 7f86a5e11700 10 lookup_strip_header done cid meta oid 16ef7597/infos/head//-1
2014-06-09 16:22:11.331508 7f869af78700 5 -- op tracker -- , seq: 1488, time:
2014-06-09 16:22:11.331505, event: started, op: pg_notify(0.1ca(23) epoch 242)
2014-06-09 16:22:11.331505 7f86a460e700 10 osd.26 pg_epoch: 243 pg[1.449( empty local-les=243 n=0 ec=1 les/c 191/191 242/242/242) [26,2] r=0 lpr=242 pi=190-241/4 crt=0'0 mlcod 0'0 inactive] flushed
2014-06-09 16:22:11.331518 7f86a460e700 10 finisher(0x2c100f8) finisher_thread done with [0xbd6fee0]
2014-06-09 16:22:11.331520 7f86a460e700 10 finisher(0x2c100f8) finisher_thread empty
2014-06-09 16:22:11.331521 7f86a460e700 10 finisher(0x2c100f8) finisher_thread sleeping
2014-06-09 16:22:11.331521 7f868bf5a700 12 OSD::op_tp worker wq OSD::PeeringWQ start processing 0xb7f02e0 (2 active)
2014-06-09 16:22:11.331526 7f868cf5c700 20 OSD::op_tp worker waiting
2014-06-09 16:22:11.331527 7f868bf5a700 10 osd.26 pg_epoch: 243 pg[1.449( empty local-les=243 n=0 ec=1 les/c 191/191 242/242/242) [26,2] r=0 lpr=242 pi=190-241/4 crt=0'0 mlcod 0'0 inactive] handle_peering_event: epoch_sent: 243 epoch_requested: 243 FlushedEvt
2014-06-09 16:22:11.331537 7f8692f68700 12 OSD::op_tp worker wq OSD::PeeringWQ start processing 0xcb40520 (3 active)
2014-06-09 16:22:11.331541 7f868bf5a700 10 log is not dirty
2014-06-09 16:22:11.331538 7f869af78700 5 -- op tracker -- , seq: 1488, time:
2014-06-09 16:22:11.331535, event: done, op: pg_notify(0.1ca(23) epoch 242)
2014-06-09 16:22:11.331546 7f869af78700 10 osd.26 243 do_waiters -- start
2014-06-09 16:22:11.331549 7f869af78700 10 osd.26 243 do_waiters -- finish
2014-06-09 16:22:11.331542 7f8692f68700 10 osd.26 pg_epoch: 243 pg[0.1ca( empty local-les=243 n=0 ec=1 les/c 206/206 242/242/242) [26,5] r=0 lpr=242 pi=205-241/2 crt=0'0 mlcod 0'0 inactive] handle_peering_event: epoch_sent: 242 epoch_requested: 242 MNotifyRec from 5 notify: (query_epoch:242, epoch_sent:242, info:0.1ca( empty local-les=206 n=0 ec=1 les/c 206/206 242/242/242))
2014-06-09 16:22:11.331546 7f868bf5a700 10 osd.26 pg_epoch: 243 pg[1.449( empty local-les=243 n=0 ec=1 les/c 191/191 242/242/242) [26,2] r=0 lpr=242 pi=190-241/4 crt=0'0 mlcod 0'0 inactive] handle_peering_event: epoch_sent: 243 epoch_requested: 243 FlushedEvt
2014-06-09 16:22:11.331556 7f868bf5a700 15 osd.26 pg_epoch: 243 pg[1.449( empty local-les=243 n=0 ec=1 les/c 191/191 242/242/242) [26,2] r=0 lpr=242 pi=190-241/4 crt=0'0 mlcod 0'0 inactive] requeue_ops
2014-06-09 16:22:11.331556 7f8692f68700 10 osd.26 pg_epoch: 243 pg[0.1ca( empty local-les=243 n=0 ec=1 les/c 206/206 242/242/242) [26,5] r=0 lpr=242 pi=205-241/2 crt=0'0 mlcod 0'0 inactive] state: Active: got notify from 5, already have info from that osd, ignoring
2014-06-09 16:22:11.331565 7f868bf5a700 10 log is not dirty
2014-06-09 16:22:11.331567 7f8692f68700 10 log is not dirty
2014-06-09 16:22:11.331570 7f868bf5a700 15 OSD::op_tp worker wq OSD::PeeringWQ done processing 0xb7f02e0 (2 active)
2014-06-09 16:22:11.331571 7f869af78700 10 osd.26 243 do_waiters -- start
2014-06-09 16:22:11.331573 7f868bf5a700 20 OSD::op_tp worker waiting
2014-06-09 16:22:11.331572 7f869af78700 10 osd.26 243 do_waiters -- finish
2014-06-09 16:22:11.331574 7f869af78700 20 osd.26 243 _dispatch 0x15998540 pg_notify(1.449(21) epoch 242) v5
2014-06-09 16:22:11.331578 7f8692f68700 15 OSD::op_tp worker wq OSD::PeeringWQ done processing 0xcb40520 (1 active)
2014-06-09 16:22:11.331581 7f8692f68700 20 OSD::op_tp worker waiting
2014-06-09 16:22:11.331579 7f869af78700 5 -- op tracker -- , seq: 1489, time:
2014-06-09 16:22:10.746999, event: header_read, op: pg_notify(1.449(21) epoch 242)
2014-06-09 16:22:11.331587 7f869af78700 5 -- op tracker -- , seq: 1489, time:
2014-06-09 16:22:10.747000, event: throttled, op: pg_notify(1.449(21) epoch 242)
2014-06-09 16:22:11.331592 7f8689755700 20 OSD::op_tp worker waiting
2014-06-09 16:22:11.331464 7f8690f64700 5 osd.26 pg_epoch: 243 pg[2.37( empty local-les=191 n=0 ec=1 les/c 191/191 242/242/220) [0,26] r=1 lpr=242 pi=1-241/22 crt=0'0 inactive NOTIFY] exit Started/Stray 1.151506 7 0.000228
2014-06-09 16:22:11.331597 7f869af78700 5 -- op tracker -- , seq: 1489, time:
2014-06-09 16:22:10.747038, event: all_read, op: pg_notify(1.449(21) epoch 242)
2014-06-09 16:22:11.331610 7f869af78700 5 -- op tracker -- , seq: 1489, time:
2014-06-09 16:22:11.331570, event: dispatched, op: pg_notify(1.449(21) epoch 242)
2014-06-09 16:22:11.331622 7f869af78700 5 -- op tracker -- , seq: 1489, time:
2014-06-09 16:22:11.331620, event: waiting_for_osdmap, op: pg_notify(1.449(21) epoch 242)
2014-06-09 16:22:11.331607 7f8690f64700 5 osd.26 pg_epoch: 243 pg[2.37( empty local-les=191 n=0 ec=1 les/c 191/191 242/242/220) [0,26] r=1 lpr=242 pi=1-241/22 crt=0'0 inactive NOTIFY] enter Started/ReplicaActive
2014-06-09 16:22:11.331627 7f869af78700 7 osd.26 243 handle_pg_notify from osd.2
2014-06-09 16:22:11.331629 7f869af78700 15 osd.26 243 require_same_or_newer_map 242 (i am 243) 0x15998540
2014-06-09 16:22:11.331582 7f86a5e11700 10 cid: oid: 16ef7597/infos/head//-1 skipping op, spos 3036.0.0 <= header.spos 150443.0.0
2014-06-09 16:22:11.331631 7f8690f64700 5 osd.26 pg_epoch: 243 pg[2.37( empty local-les=191 n=0 ec=1 les/c 191/191 242/242/220) [0,26] r=1 lpr=242 pi=1-241/22 crt=0'0 inactive NOTIFY] enter Started/ReplicaActive/RepNotRecovering
2014-06-09 16:22:11.331640 7f86a5e11700 5 submit_transaction r = 0
2014-06-09 16:22:11.331634 7f869af78700 5 -- op tracker -- , seq: 1489, time:
2014-06-09 16:22:11.331632, event: started, op: pg_notify(1.449(21) epoch 242)
2014-06-09 16:22:11.331641 7f8690f64700 10 osd.26 pg_epoch: 243 pg[2.37( empty local-les=191 n=0 ec=1 les/c 191/191 242/242/220) [0,26] r=1 lpr=242 pi=1-241/22 crt=0'0 inactive NOTIFY] state: In ReplicaActive, about to call activate
2014-06-09 16:22:11.331649 7f8690f64700 10 osd.26 pg_epoch: 243 pg[2.37( empty local-les=243 n=0 ec=1 les/c 191/191 242/242/220) [0,26] r=1 lpr=242 pi=1-241/22 crt=0'0 inactive] activate - no missing, moving last_complete 0'0 -> 0'0
2014-06-09 16:22:11.331659 7f868a757700 12 OSD::op_tp worker wq OSD::PeeringWQ start processing 0xb7f0310 (2 active)
2014-06-09 16:22:11.331660 7f86a5e11700 10 _do_op 0x308cb440 seq 3036 r = 0, finisher 0xbd6e760 0
2014-06-09 16:22:11.331658 7f869af78700 5 -- op tracker -- , seq: 1489, time:
2014-06-09 16:22:11.331656, event: done, op: pg_notify(1.449(21) epoch 242)
2014-06-09 16:22:11.331665 7f86a5e11700 10 _finish_op 0x308cb440 seq 3036 osr(0.1c8 0x2bd69a0)/0x2bd69a0
2014-06-09 16:22:11.331667 7f86a460e700 10 finisher(0x2c100f8) finisher_thread doing [0xbebf0e0]
2014-06-09 16:22:11.331668 7f869af78700 10 osd.26 243 do_waiters -- start
2014-06-09 16:22:11.331669 7f86a460e700 10 finisher(0x2c100f8) finisher_thread done with [0xbebf0e0]
2014-06-09 16:22:11.331670 7f869af78700 10 osd.26 243 do_waiters -- finish
2014-06-09 16:22:11.331671 7f86a460e700 10 finisher(0x2c100f8) finisher_thread empty
2014-06-09 16:22:11.331672 7f86a460e700 10 finisher(0x2c100f8) finisher_thread sleeping
2014-06-09 16:22:11.331673 7f86a4e0f700 10 finisher(0x2c10388) finisher_thread doing [0xbd6e760]
2014-06-09 16:22:11.331664 7f868a757700 10 osd.26 pg_epoch: 243 pg[1.449( empty local-les=243 n=0 ec=1 les/c 191/191 242/242/242) [26,2] r=0 lpr=242 pi=190-241/4 crt=0'0 mlcod 0'0 inactive] handle_peering_event: epoch_sent: 242 epoch_requested: 242 MNotifyRec from 2 notify: (query_epoch:242, epoch_sent:242, info:1.449( empty local-les=191 n=0 ec=1 les/c 191/191 242/242/242))
2014-06-09 16:22:11.331658 7f8690f64700 10 osd.26 pg_epoch: 243 pg[2.37( empty local-les=243 n=0 ec=1 les/c 191/191 242/242/220) [0,26] r=1 lpr=242 pi=1-241/22 crt=0'0 inactive] state: Activate Finished
2014-06-09 16:22:11.331677 7f868a757700 10 osd.26 pg_epoch: 243 pg[1.449( empty local-les=243 n=0 ec=1 les/c 191/191 242/242/242) [26,2] r=0 lpr=242 pi=190-241/4 crt=0'0 mlcod 0'0 inactive] state: Active: got notify from 2, already have info from that osd, ignoring
2014-06-09 16:22:11.331676 7f86a4e0f700 10 osd.26 pg_epoch: 243 pg[0.1c8( empty local-les=243 n=0 ec=1 les/c 208/208 242/242/242) [26,6] r=0 lpr=242 pi=207-241/2 crt=0'0 mlcod 0'0 inactive] _activate_committed 243 peer_activated now 26 last_epoch_started 208 same_interval_since 242
2014-06-09 16:22:11.331687 7f868a757700 10 log is not dirty
2014-06-09 16:22:11.331690 7f869af78700 10 osd.26 243 do_waiters -- start
2014-06-09 16:22:11.331692 7f869af78700 10 osd.26 243 do_waiters -- finish
2014-06-09 16:22:11.331693 7f868a757700 15 OSD::op_tp worker wq OSD::PeeringWQ done processing 0xb7f0310 (1 active)
2014-06-09 16:22:11.331693 7f869af78700 20 osd.26 243 _dispatch 0x240eaa80 pg_notify(0.f1(20) epoch 242) v5
2014-06-09 16:22:11.331688 7f86a4e0f700 10 osd.26 pg_epoch: 243 pg[0.1c8( empty local-les=243 n=0 ec=1 les/c 208/208 242/242/242) [26,6] r=0 lpr=242 pi=207-241/2 crt=0'0 mlcod 0'0 inactive] flushed
2014-06-09 16:22:11.331697 7f868a757700 20 OSD::op_tp worker waiting
2014-06-09 16:22:11.331700 7f869af78700 5 -- op tracker -- , seq: 1490, time:
2014-06-09 16:22:10.700801, event: header_read, op: pg_notify(0.f1(20) epoch 242)
2014-06-09 16:22:11.331702 7f86a4e0f700 10 osd.26 pg_epoch: 243 pg[0.1c8( empty local-les=243 n=0 ec=1 les/c 208/208 242/242/242) [26,6] r=0 lpr=242 pi=207-241/2 crt=0'0 mlcod 0'0 inactive] flushed
2014-06-09 16:22:11.331707 7f869af78700 5 -- op tracker -- , seq: 1490, time:
2014-06-09 16:22:10.700802, event: throttled, op: pg_notify(0.f1(20) epoch 242)
2014-06-09 16:22:11.331715 7f8690f64700 10 log is not dirty
2014-06-09 16:22:11.331715 7f86a4e0f700 10 finisher(0x2c10388) finisher_thread done with [0xbd6e760]
2014-06-09 16:22:11.331717 7f86a4e0f700 10 finisher(0x2c10388) finisher_thread empty
2014-06-09 16:22:11.331718 7f86a4e0f700 10 finisher(0x2c10388) finisher_thread sleeping
2014-06-09 16:22:11.331720 7f8690f64700 5 queue_transactions existing osr(2.37 0x2ed05f0)/0x2ed05f0
2014-06-09 16:22:11.331721 7f86a5e11700 15 KeyValueStore::op_tp worker wq KeyValueStore::OpWQ done processing 0xc6d19e0 (1 active)
2014-06-09 16:22:11.331719 7f869af78700 5 -- op tracker -- , seq: 1490, time:
2014-06-09 16:22:10.700836, event: all_read, op: pg_notify(0.f1(20) epoch 242)
2014-06-09 16:22:11.331723 7f8690f64700 10 op_submit_start 3083
2014-06-09 16:22:11.331723 7f86a5e11700 12 KeyValueStore::op_tp worker wq KeyValueStore::OpWQ start processing 0xc6f79e0 (2 active)
2014-06-09 16:22:11.331724 7f8690f64700 5 queue_transactions (trailing journal) 3083
2014-06-09 16:22:11.331725 7f86a5e11700 5 _do_op 0x308ca360 seq 3038 osr(2.1fc 0x2ed0b90)/0x2ed0b90 start
2014-06-09 16:22:11.331726 7f8690f64700 5 queue_op 0x308ca480 seq 3083 osr(2.37 0x2ed05f0) 1880 bytes (queue has 47 ops and 54001 bytes)
2014-06-09 16:22:11.331728 7f8690f64700 10 op_submit_finish 3083
2014-06-09 16:22:11.331728 7f86a5e11700 10 _do_transaction on 0x3a86180
2014-06-09 16:22:11.331726 7f869af78700 5 -- op tracker -- , seq: 1490, time:
2014-06-09 16:22:11.331689, event: dispatched, op: pg_notify(0.f1(20) epoch 242)
2014-06-09 16:22:11.331732 7f8690f64700 15 OSD::op_tp worker wq OSD::PeeringWQ done processing 0xb7f0240 (0 active)
2014-06-09 16:22:11.331731 7f86a5610700 10 lookup_strip_header done cid meta oid 16ef7597/infos/head//-1
2014-06-09 16:22:11.331734 7f86a5e11700 15 _omap_setkeys meta/16ef7597/infos/head//-1
2014-06-09 16:22:11.331735 7f8690f64700 12 OSD::op_tp worker wq OSD::PeeringWQ start processing 0xb7f0240 (1 active)
2014-06-09 16:22:11.331734 7f869af78700 5 -- op tracker -- , seq: 1490, time:
2014-06-09 16:22:11.331732, event: waiting_for_osdmap, op: pg_notify(0.f1(20) epoch 242)
2014-06-09 16:22:11.331744 7f869af78700 7 osd.26 243 handle_pg_notify from osd.4
2014-06-09 16:22:11.331738 7f8690f64700 10 osd.26 pg_epoch: 243 pg[0.1c8( empty local-les=243 n=0 ec=1 les/c 208/208 242/242/242) [26,6] r=0 lpr=242 pi=207-241/2 crt=0'0 mlcod 0'0 inactive] handle_peering_event: epoch_sent: 243 epoch_requested: 243 FlushedEvt
2014-06-09 16:22:11.331747 7f869af78700 15 osd.26 243 require_same_or_newer_map 242 (i am 243) 0x240eaa80
2014-06-09 16:22:11.331748 7f86a5610700 10 cid: oid: 16ef7597/infos/head//-1 skipping op, spos 3037.0.0 <= header.spos 150443.0.0
2014-06-09 16:22:11.331751 7f8690f64700 10 log is not dirty
2014-06-09 16:22:11.331752 7f86a5610700 5 submit_transaction r = 0
2014-06-09 16:22:11.331752 7f869af78700 5 -- op tracker -- , seq: 1490, time:
2014-06-09 16:22:11.331750, event: started, op: pg_notify(0.f1(20) epoch 242)
2014-06-09 16:22:11.331756 7f8690f64700 10 osd.26 pg_epoch: 243 pg[0.1c8( empty local-les=243 n=0 ec=1 les/c 208/208 242/242/242) [26,6] r=0 lpr=242 pi=207-241/2 crt=0'0 mlcod 0'0 inactive] handle_peering_event: epoch_sent: 243 epoch_requested: 243 FlushedEvt
2014-06-09 16:22:11.331766 7f8690f64700 15 osd.26 pg_epoch: 243 pg[0.1c8( empty local-les=243 n=0 ec=1 les/c 208/208 242/242/242) [26,6] r=0 lpr=242 pi=207-241/2 crt=0'0 mlcod 0'0 inactive] requeue_ops
2014-06-09 16:22:11.331771 7f8689f56700 12 OSD::op_tp worker wq OSD::PeeringWQ start processing 0xb7f0320 (2 active)
2014-06-09 16:22:11.331775 7f8690f64700 10 log is not dirty
2014-06-09 16:22:11.331771 7f869af78700 5 -- op tracker -- , seq: 1490, time:
2014-06-09 16:22:11.331768, event: done, op: pg_notify(0.f1(20) epoch 242)
2014-06-09 16:22:11.331779 7f8690f64700 15 OSD::op_tp worker wq OSD::PeeringWQ done processing 0xb7f0240 (1 active)
2014-06-09 16:22:11.331780 7f8690f64700 20 OSD::op_tp worker waiting
2014-06-09 16:22:11.331780 7f869af78700 10 osd.26 243 do_waiters -- start
2014-06-09 16:22:11.331782 7f869af78700 10 osd.26 243 do_waiters -- finish
2014-06-09 16:22:11.331784 7f868f761700 20 OSD::op_tp worker waiting
2014-06-09 16:22:11.331777 7f8689f56700 10 osd.26 pg_epoch: 243 pg[0.f1( empty local-les=243 n=0 ec=1 les/c 203/203 242/242/242) [26,4] r=0 lpr=242 pi=202-241/2 crt=0'0 mlcod 0'0 inactive] handle_peering_event: epoch_sent: 242 epoch_requested: 242 MNotifyRec from 4 notify: (query_epoch:242, epoch_sent:242, info:0.f1( empty local-les=203 n=0 ec=1 les/c 203/203 242/242/242))
2014-06-09 16:22:11.331790 7f8689f56700 10 osd.26 pg_epoch: 243 pg[0.f1( empty local-les=243 n=0 ec=1 les/c 203/203 242/242/242) [26,4] r=0 lpr=242 pi=202-241/2 crt=0'0 mlcod 0'0 inactive] state: Active: got notify from 4, already have info from that osd, ignoring
2014-06-09 16:22:11.331800 7f8689f56700 10 log is not dirty
2014-06-09 16:22:11.331803 7f869af78700 10 osd.26 243 do_waiters -- start
2014-06-09 16:22:11.331805 7f869af78700 10 osd.26 243 do_waiters -- finish
2014-06-09 16:22:11.331806 7f8689f56700 15 OSD::op_tp worker wq OSD::PeeringWQ done processing 0xb7f0320 (0 active)
2014-06-09 16:22:11.331806 7f869af78700 20 osd.26 243 _dispatch 0x3004cc00 pg_log(0.663 epoch 243 log log((0'0,0'0], crt=0'0) query_epoch 243) v4
2014-06-09 16:22:11.331809 7f8689f56700 20 OSD::op_tp worker waiting
2014-06-09 16:22:11.331813 7f869af78700 5 -- op tracker -- , seq: 1491, time:
2014-06-09 16:22:11.053924, event: header_read, op: pg_log(0.663 epoch 243 log log((0'0,0'0], crt=0'0) query_epoch 243)
2014-06-09 16:22:11.331821 7f869af78700 5 -- op tracker -- , seq: 1491, time:
2014-06-09 16:22:11.053925, event: throttled, op: pg_log(0.663 epoch 243 log log((0'0,0'0], crt=0'0) query_epoch 243)
2014-06-09 16:22:11.331828 7f86a5610700 10 _do_op 0x30061bc0 seq 3037 r = 0, finisher 0xbef1480 0
2014-06-09 16:22:11.331828 7f869af78700 5 -- op tracker -- , seq: 1491, time:
2014-06-09 16:22:11.053940, event: all_read, op: pg_log(0.663 epoch 243 log log((0'0,0'0], crt=0'0) query_epoch 243)
2014-06-09 16:22:11.331834 7f86a5610700 10 _finish_op 0x30061bc0 seq 3037 osr(0.3cf 0x2bd7270)/0x2bd7270
2014-06-09 16:22:11.331836 7f86a460e700 10 finisher(0x2c100f8) finisher_thread doing [0xbe308c0]
2014-06-09 16:22:11.331840 7f86a460e700 10 finisher(0x2c100f8) finisher_thread done with [0xbe308c0]
2014-06-09 16:22:11.331839 7f86a5610700 15 KeyValueStore::op_tp worker wq KeyValueStore::OpWQ done processing 0xbff5d40 (1 active)
2014-06-09 16:22:11.331841 7f86a460e700 10 finisher(0x2c100f8) finisher_thread empty
2014-06-09 16:22:11.331838 7f869af78700 5 -- op tracker -- , seq: 1491, time:
2014-06-09 16:22:11.331802, event: dispatched, op: pg_log(0.663 epoch 243 log log((0'0,0'0], crt=0'0) query_epoch 243)
2014-06-09 16:22:11.331842 7f86a460e700 10 finisher(0x2c100f8) finisher_thread sleeping
2014-06-09 16:22:11.331841 7f86a5610700 12 KeyValueStore::op_tp worker wq KeyValueStore::OpWQ start processing 0xcac5200 (2 active)
2014-06-09 16:22:11.331845 7f86a5610700 5 _do_op 0x308cbe60 seq 3039 osr(2.744 0x3ed0150)/0x3ed0150 start
2014-06-09 16:22:11.331847 7f86a5610700 10 _do_transaction on 0x2ed4f00
2014-06-09 16:22:11.331847 7f869af78700 5 -- op tracker -- , seq: 1491, time:
2014-06-09 16:22:11.331844, event: waiting_for_osdmap, op: pg_log(0.663 epoch 243 log log((0'0,0'0], crt=0'0) query_epoch 243)
2014-06-09 16:22:11.331854 7f86a5610700 15 _omap_setkeys meta/16ef7597/infos/head//-1
2014-06-09 16:22:11.331853 7f869af78700 7 osd.26 243 handle_pg_log pg_log(0.663 epoch 243 log log((0'0,0'0], crt=0'0) query_epoch 243) v4 from osd.7
2014-06-09 16:22:11.331857 7f869af78700 15 osd.26 243 require_same_or_newer_map 243 (i am 243) 0x3004cc00
2014-06-09 16:22:11.331862 7f869af78700 5 -- op tracker -- , seq: 1491, time:
2014-06-09 16:22:11.331860, event: started, op: pg_log(0.663 epoch 243 log log((0'0,0'0], crt=0'0) query_epoch 243)
2014-06-09 16:22:11.331867 7f86a4e0f700 10 finisher(0x2c10388) finisher_thread doing [0xbef1480]
2014-06-09 16:22:11.331872 7f86a4e0f700 10 osd.26 pg_epoch: 243 pg[0.3cf( empty local-les=243 n=0 ec=1 les/c 201/201 242/242/242) [26,3] r=0 lpr=242 pi=200-241/2 crt=0'0 mlcod 0'0 inactive] _activate_committed 243 peer_activated now 26 last_epoch_started 201 same_interval_since 242
2014-06-09 16:22:11.331885 7f86a4e0f700 10 osd.26 pg_epoch: 243 pg[0.3cf( empty local-les=243 n=0 ec=1 les/c 201/201 242/242/242) [26,3] r=0 lpr=242 pi=200-241/2 crt=0'0 mlcod 0'0 inactive] flushed
2014-06-09 16:22:11.331896 7f86a5e11700 10 lookup_strip_header done cid meta oid 16ef7597/infos/head//-1
2014-06-09 16:22:11.331901 7f868c75b700 20 OSD::op_tp worker waiting
2014-06-09 16:22:11.331910 7f86a5e11700 10 cid: oid: 16ef7597/infos/head//-1 skipping op, spos 3038.0.0 <= header.spos 150443.0.0
2014-06-09 16:22:11.331914 7f86a5e11700 5 submit_transaction r = 0
2014-06-09 16:22:11.331913 7f8691f66700 12 OSD::op_tp worker wq OSD::PeeringWQ start processing 0xb7f0220 (1 active)
2014-06-09 16:22:11.331916 7f869af78700 5 -- op tracker -- , seq: 1491, time:
2014-06-09 16:22:11.331913, event: done, op: pg_log(0.663 epoch 243 log log((0'0,0'0], crt=0'0) query_epoch 243)
2014-06-09 16:22:11.331925 7f869af78700 10 osd.26 243 do_waiters -- start
2014-06-09 16:22:11.331926 7f869af78700 10 osd.26 243 do_waiters -- finish
2014-06-09 16:22:11.331919 7f8691f66700 10 osd.26 pg_epoch: 243 pg[0.663( empty local-les=210 n=0 ec=1 les/c 210/210 242/242/209) [7,26] r=1 lpr=242 pi=1-241/25 crt=0'0 inactive NOTIFY] handle_peering_event: epoch_sent: 243 epoch_requested: 243 MLogRec from 7
2014-06-09 16:22:11.331923 7f86a4e0f700 10 osd.26 pg_epoch: 243 pg[0.3cf( empty local-les=243 n=0 ec=1 les/c 201/201 242/242/242) [26,3] r=0 lpr=242 pi=200-241/2 crt=0'0 mlcod 0'0 inactive] flushed
2014-06-09 16:22:11.331932 7f86a5e11700 10 _do_op 0x308ca360 seq 3038 r = 0, finisher 0xbfce340 0
2014-06-09 16:22:11.331938 7f869af78700 10 osd.26 243 do_waiters -- start
2014-06-09 16:22:11.331939 7f869af78700 10 osd.26 243 do_waiters -- finish
2014-06-09 16:22:11.331940 7f86a4e0f700 10 finisher(0x2c10388) finisher_thread done with [0xbef1480]
2014-06-09 16:22:11.331931 7f8691f66700 10 osd.26 pg_epoch: 243 pg[0.663( empty local-les=210 n=0 ec=1 les/c 210/210 242/242/209) [7,26] r=1 lpr=242 pi=1-241/25 crt=0'0 inactive NOTIFY] state: got info+log from osd.7 0.663( empty local-les=243 n=0 ec=1 les/c 210/210 242/242/209) log((0'0,0'0], crt=0'0)
2014-06-09 16:22:11.331940 7f869af78700 20 osd.26 243 _dispatch 0x2d733880 pg_notify(0.74a(23) epoch 242) v5
2014-06-09 16:22:11.331941 7f86a460e700 10 finisher(0x2c100f8) finisher_thread doing [0xbce6840]
2014-06-09 16:22:11.331942 7f86a4e0f700 10 finisher(0x2c10388) finisher_thread empty
2014-06-09 16:22:11.331943 7f86a4e0f700 10 finisher(0x2c10388) finisher_thread sleeping
2014-06-09 16:22:11.331941 7f868b759700 12 OSD::op_tp worker wq OSD::PeeringWQ start processing 0xb7f02f0 (2 active)
2014-06-09 16:22:11.331942 7f8691f66700 10 merge_log log((0'0,0'0], crt=0'0) from osd.7 into log((0'0,0'0], crt=0'0)
2014-06-09 16:22:11.331944 7f86a460e700 10 finisher(0x2c100f8) finisher_thread done with [0xbce6840]
2014-06-09 16:22:11.331946 7f86a460e700 10 finisher(0x2c100f8) finisher_thread empty
2014-06-09 16:22:11.331947 7f86a460e700 10 finisher(0x2c100f8) finisher_thread sleeping
2014-06-09 16:22:11.331947 7f868d75d700 20 OSD::op_tp worker waiting
2014-06-09 16:22:11.331946 7f8691f66700 10 merge_log result log((0'0,0'0], crt=0'0) missing(0) changed=0
2014-06-09 16:22:11.331945 7f869af78700 5 -- op tracker -- , seq: 1492, time:
2014-06-09 16:22:10.912321, event: header_read, op: pg_notify(0.74a(23) epoch 242)
2014-06-09 16:22:11.331949 7f86a5e11700 10 _finish_op 0x308ca360 seq 3038 osr(2.1fc 0x2ed0b90)/0x2ed0b90
2014-06-09 16:22:11.331951 7f869af78700 5 -- op tracker -- , seq: 1492, time:
2014-06-09 16:22:10.912322, event: throttled, op: pg_notify(0.74a(23) epoch 242)
2014-06-09 16:22:11.331954 7f86a5e11700 15 KeyValueStore::op_tp worker wq KeyValueStore::OpWQ done processing 0xc6f79e0 (1 active)
2014-06-09 16:22:11.331955 7f86a4e0f700 10 finisher(0x2c10388) finisher_thread doing [0xbfce340]
2014-06-09 16:22:11.331947 7f868b759700 10 osd.26 pg_epoch: 243 pg[0.3cf( empty local-les=243 n=0 ec=1 les/c 201/201 242/242/242) [26,3] r=0 lpr=242 pi=200-241/2 crt=0'0 mlcod 0'0 inactive] handle_peering_event: epoch_sent: 243 epoch_requested: 243 FlushedEvt
2014-06-09 16:22:11.331956 7f86a5e11700 12 KeyValueStore::op_tp worker wq KeyValueStore::OpWQ start processing 0xc4ac360 (2 active)
2014-06-09 16:22:11.331950 7f8691f66700 5 osd.26 pg_epoch: 243 pg[0.663( empty local-les=210 n=0 ec=1 les/c 210/210 242/242/209) [7,26] r=1 lpr=242 pi=1-241/25 crt=0'0 inactive NOTIFY] exit Started/Stray 1.058891 7 0.000169
2014-06-09 16:22:11.331957 7f86a5610700 10 lookup_strip_header done cid meta oid 16ef7597/infos/head//-1
2014-06-09 16:22:11.331958 7f86a5e11700 5 _do_op 0x309a30e0 seq 3040 osr(2.5fb 0x2ed1d70)/0x2ed1d70 start
2014-06-09 16:22:11.331958 7f869af78700 5 -- op tracker -- , seq: 1492, time:
2014-06-09 16:22:10.912347, event: all_read, op: pg_notify(0.74a(23) epoch 242)
2014-06-09 16:22:11.331961 7f86a5e11700 10 _do_transaction on 0xc238780
2014-06-09 16:22:11.331962 7f868b759700 10 log is not dirty
2014-06-09 16:22:11.331964 7f869af78700 5 -- op tracker -- , seq: 1492, time:
2014-06-09 16:22:11.331937, event: dispatched, op: pg_notify(0.74a(23) epoch 242)
2014-06-09 16:22:11.331960 7f8691f66700 5 osd.26 pg_epoch: 243 pg[0.663( empty local-les=210 n=0 ec=1 les/c 210/210 242/242/209) [7,26] r=1 lpr=242 pi=1-241/25 crt=0'0 inactive NOTIFY] enter Started/ReplicaActive
2014-06-09 16:22:11.331967 7f86a5e11700 15 _omap_setkeys meta/16ef7597/infos/head//-1
2014-06-09 16:22:11.331958 7f86a4e0f700 10 osd.26 pg_epoch: 243 pg[2.1fc( empty local-les=243 n=0 ec=1 les/c 212/213 242/242/242) [26,8] r=0 lpr=242 pi=211-241/2 crt=0'0 mlcod 0'0 inactive] _activate_committed 243 peer_activated now 26 last_epoch_started 212 same_interval_since 242
2014-06-09 16:22:11.331970 7f869af78700 5 -- op tracker -- , seq: 1492, time:
2014-06-09 16:22:11.331968, event: waiting_for_osdmap, op: pg_notify(0.74a(23) epoch 242)
2014-06-09 16:22:11.331966 7f868b759700 10 osd.26 pg_epoch: 243 pg[0.3cf( empty local-les=243 n=0 ec=1 les/c 201/201 242/242/242) [26,3] r=0 lpr=242 pi=200-241/2 crt=0'0 mlcod 0'0 inactive] handle_peering_event: epoch_sent: 243 epoch_requested: 243 FlushedEvt
2014-06-09 16:22:11.331973 7f86a5610700 10 cid: oid: 16ef7597/infos/head//-1 skipping op, spos 3039.0.0 <= header.spos 150443.0.0
2014-06-09 16:22:11.331975 7f869af78700 7 osd.26 243 handle_pg_notify from osd.3
2014-06-09 16:22:11.331977 7f86a5610700 5 submit_transaction r = 0
2014-06-09 16:22:11.331970 7f86a4e0f700 10 osd.26 pg_epoch: 243 pg[2.1fc( empty local-les=243 n=0 ec=1 les/c 212/213 242/242/242) [26,8] r=0 lpr=242 pi=211-241/2 crt=0'0 mlcod 0'0 inactive] flushed
2014-06-09 16:22:11.331970 7f8691f66700 5 osd.26 pg_epoch: 243 pg[0.663( empty local-les=210 n=0 ec=1 les/c 210/210 242/242/209) [7,26] r=1 lpr=242 pi=1-241/25 crt=0'0 inactive NOTIFY] enter Started/ReplicaActive/RepNotRecovering
2014-06-09 16:22:11.331977 7f869af78700 15 osd.26 243 require_same_or_newer_map 242 (i am 243) 0x2d733880
2014-06-09 16:22:11.331976 7f868b759700 15 osd.26 pg_epoch: 243 pg[0.3cf( empty local-les=243 n=0 ec=1 les/c 201/201 242/242/242) [26,3] r=0 lpr=242 pi=200-241/2 crt=0'0 mlcod 0'0 inactive] requeue_ops
2014-06-09 16:22:11.331982 7f869af78700 5 -- op tracker -- , seq: 1492, time:
2014-06-09 16:22:11.331980, event: started, op: pg_notify(0.74a(23) epoch 242)
2014-06-09 16:22:11.331985 7f868b759700 10 log is not dirty
2014-06-09 16:22:11.331980 7f8691f66700 10 osd.26 pg_epoch: 243 pg[0.663( empty local-les=210 n=0 ec=1 les/c 210/210 242/242/209) [7,26] r=1 lpr=242 pi=1-241/25 crt=0'0 inactive NOTIFY] state: In ReplicaActive, about to call activate
2014-06-09 16:22:11.331991 7f868b759700 15 OSD::op_tp worker wq OSD::PeeringWQ done processing 0xb7f02f0 (1 active)
2014-06-09 16:22:11.331984 7f86a4e0f700 10 osd.26 pg_epoch: 243 pg[2.1fc( empty local-les=243 n=0 ec=1 les/c 212/213 242/242/242) [26,8] r=0 lpr=242 pi=211-241/2 crt=0'0 mlcod 0'0 inactive] flushed
2014-06-09 16:22:11.331994 7f868b759700 12 OSD::op_tp worker wq OSD::PeeringWQ start processing 0xb7f02f0 (2 active)
2014-06-09 16:22:11.331989 7f8691f66700 10 osd.26 pg_epoch: 243 pg[0.663( empty local-les=243 n=0 ec=1 les/c 210/210 242/242/209) [7,26] r=1 lpr=242 pi=1-241/25 crt=0'0 inactive] activate - no missing, moving last_complete 0'0 -> 0'0
2014-06-09 16:22:11.332000 7f8692767700 20 OSD::op_tp worker waiting
2014-06-09 16:22:11.331998 7f8691f66700 10 osd.26 pg_epoch: 243 pg[0.663( empty local-les=243 n=0 ec=1 les/c 210/210 242/242/209) [7,26] r=1 lpr=242 pi=1-241/25 crt=0'0 inactive] state: Activate Finished
2014-06-09 16:22:11.332010 7f86a5610700 10 _do_op 0x308cbe60 seq 3039 r = 0, finisher 0x2d7382a0 0
2014-06-09 16:22:11.332012 7f868af58700 12 OSD::op_tp worker wq OSD::PeeringWQ start processing 0xc711a90 (3 active)
2014-06-09 16:22:11.332016 7f86a5610700 10 _finish_op 0x308cbe60 seq 3039 osr(2.744 0x3ed0150)/0x3ed0150
2014-06-09 16:22:11.332013 7f869af78700 5 -- op tracker -- , seq: 1492, time:
2014-06-09 16:22:11.332010, event: done, op: pg_notify(0.74a(23) epoch 242)
2014-06-09 16:22:11.332017 7f86a460e700 10 finisher(0x2c100f8) finisher_thread doing [0xbebe140]
2014-06-09 16:22:11.332019 7f86a5610700 15 KeyValueStore::op_tp worker wq KeyValueStore::OpWQ done processing 0xcac5200 (1 active)
2014-06-09 16:22:11.332020 7f86a460e700 10 finisher(0x2c100f8) finisher_thread done with [0xbebe140]
2014-06-09 16:22:11.332022 7f86a460e700 10 finisher(0x2c100f8) finisher_thread empty
2014-06-09 16:22:11.332021 7f869af78700 10 osd.26 243 do_waiters -- start
2014-06-09 16:22:11.332021 7f86a5610700 12 KeyValueStore::op_tp worker wq KeyValueStore::OpWQ start processing 0xc7818c0 (2 active)
2014-06-09 16:22:11.332023 7f86a460e700 10 finisher(0x2c100f8) finisher_thread sleeping
2014-06-09 16:22:11.332023 7f869af78700 10 osd.26 243 do_waiters -- finish
2014-06-09 16:22:11.332024 7f86a5610700 5 _do_op 0x2fc8c240 seq 3041 osr(0.4b3 0x2bd7350)/0x2bd7350 start
2014-06-09 16:22:11.332026 7f86a5610700 10 _do_transaction on 0xc2ab800
2014-06-09 16:22:11.332018 7f868af58700 10 osd.26 pg_epoch: 243 pg[0.74a( empty local-les=243 n=0 ec=1 les/c 201/201 242/242/242) [26,3] r=0 lpr=242 pi=200-241/2 crt=0'0 mlcod 0'0 inactive] handle_peering_event: epoch_sent: 242 epoch_requested: 242 MNotifyRec from 3 notify: (query_epoch:242, epoch_sent:242, info:0.74a( empty local-les=201 n=0 ec=1 les/c 201/201 242/242/242))
2014-06-09 16:22:11.332032 7f86a4e0f700 10 finisher(0x2c10388) finisher_thread done with [0xbfce340]
2014-06-09 16:22:11.332033 7f86a5610700 15 _omap_setkeys meta/16ef7597/infos/head//-1
2014-06-09 16:22:11.332034 7f86a4e0f700 10 finisher(0x2c10388) finisher_thread doing [0x2d7382a0]
2014-06-09 16:22:11.332030 7f868af58700 10 osd.26 pg_epoch: 243 pg[0.74a( empty local-les=243 n=0 ec=1 les/c 201/201 242/242/242) [26,3] r=0 lpr=242 pi=200-241/2 crt=0'0 mlcod 0'0 inactive] state: Active: got notify from 3, already have info from that osd, ignoring
2014-06-09 16:22:11.332040 7f868af58700 10 log is not dirty
2014-06-09 16:22:11.332033 7f868b759700 10 osd.26 pg_epoch: 243 pg[2.1fc( empty local-les=243 n=0 ec=1 les/c 212/213 242/242/242) [26,8] r=0 lpr=242 pi=211-241/2 crt=0'0 mlcod 0'0 inactive] handle_peering_event: epoch_sent: 243 epoch_requested: 243 FlushedEvt
2014-06-09 16:22:11.332044 7f8691f66700 10 log is not dirty
2014-06-09 16:22:11.332044 7f869af78700 10 osd.26 243 do_waiters -- start
2014-06-09 16:22:11.332036 7f86a4e0f700 10 osd.26 pg_epoch: 243 pg[2.744( empty local-les=243 n=0 ec=1 les/c 210/210 242/242/242) [26,7] r=0 lpr=242 pi=209-241/2 crt=0'0 mlcod 0'0 inactive] _activate_committed 243 peer_activated now 26 last_epoch_started 210 same_interval_since 242
2014-06-09 16:22:11.332045 7f869af78700 10 osd.26 243 do_waiters -- finish
2014-06-09 16:22:11.332045 7f868af58700 15 OSD::op_tp worker wq OSD::PeeringWQ done processing 0xc711a90 (2 active)
2014-06-09 16:22:11.332047 7f868b759700 10 log is not dirty
2014-06-09 16:22:11.332047 7f868af58700 20 OSD::op_tp worker waiting
2014-06-09 16:22:11.332047 7f869af78700 20 osd.26 243 _dispatch 0x302a3000 pg_log(0.369 epoch 243 log log((0'0,0'0], crt=0'0) query_epoch 243) v4
2014-06-09 16:22:11.332049 7f8691f66700 5 queue_transactions existing osr(0.663 0x2bd7f30)/0x2bd7f30
2014-06-09 16:22:11.332051 7f8691f66700 10 op_submit_start 3084
2014-06-09 16:22:11.332052 7f8691f66700 5 queue_transactions (trailing journal) 3084
2014-06-09 16:22:11.332052 7f8691765700 20 OSD::op_tp worker waiting
2014-06-09 16:22:11.332047 7f86a4e0f700 10 osd.26 pg_epoch: 243 pg[2.744( empty local-les=243 n=0 ec=1 les/c 210/210 242/242/242) [26,7] r=0 lpr=242 pi=209-241/2 crt=0'0 mlcod 0'0 inactive] flushed
2014-06-09 16:22:11.332053 7f8691f66700 5 queue_op 0x308cbce0 seq 3084 osr(0.663 0x2bd7f30) 2048 bytes (queue has 45 ops and 53164 bytes)
2014-06-09 16:22:11.332056 7f8691f66700 10 op_submit_finish 3084
2014-06-09 16:22:11.332053 7f869af78700 5 -- op tracker -- , seq: 1493, time:
2014-06-09 16:22:11.019528, event: header_read, op: pg_log(0.369 epoch 243 log log((0'0,0'0], crt=0'0) query_epoch 243)
2014-06-09 16:22:11.332060 7f8691f66700 15 OSD::op_tp worker wq OSD::PeeringWQ done processing 0xb7f0220 (1 active)
2014-06-09 16:22:11.332063 7f8691f66700 12 OSD::op_tp worker wq OSD::PeeringWQ start processing 0xb7f0220 (2 active)
2014-06-09 16:22:11.332061 7f869af78700 5 -- op tracker -- , seq: 1493, time:
2014-06-09 16:22:11.019528, event: throttled, op: pg_log(0.369 epoch 243 log log((0'0,0'0], crt=0'0) query_epoch 243)
2014-06-09 16:22:11.332063 7f86a4e0f700 10 finisher(0x2c10388) finisher_thread done with [0x2d7382a0]
2014-06-09 16:22:11.332066 7f86a4e0f700 10 finisher(0x2c10388) finisher_thread empty
2014-06-09 16:22:11.332067 7f86a4e0f700 10 finisher(0x2c10388) finisher_thread sleeping
2014-06-09 16:22:11.332066 7f86a5610700 10 lookup_strip_header done cid meta oid 16ef7597/infos/head//-1
2014-06-09 16:22:11.332068 7f868b759700 15 OSD::op_tp worker wq OSD::PeeringWQ done processing 0xb7f02f0 (1 active)
2014-06-09 16:22:11.332068 7f869af78700 5 -- op tracker -- , seq: 1493, time:
2014-06-09 16:22:11.019544, event: all_read, op: pg_log(0.369 epoch 243 log log((0'0,0'0], crt=0'0) query_epoch 243)
2014-06-09 16:22:11.332072 7f868b759700 12 OSD::op_tp worker wq OSD::PeeringWQ start processing 0xb7f02f0 (2 active)
2014-06-09 16:22:11.332068 7f8691f66700 10 osd.26 pg_epoch: 243 pg[2.744( empty local-les=243 n=0 ec=1 les/c 210/210 242/242/242) [26,7] r=0 lpr=242 pi=209-241/2 crt=0'0 mlcod 0'0 inactive] handle_peering_event: epoch_sent: 243 epoch_requested: 243 FlushedEvt
2014-06-09 16:22:11.332074 7f869af78700 5 -- op tracker -- , seq: 1493, time:
2014-06-09 16:22:11.332044, event: dispatched, op: pg_log(0.369 epoch 243 log log((0'0,0'0], crt=0'0) query_epoch 243)
2014-06-09 16:22:11.332078 7f868df5e700 20 OSD::op_tp worker waiting
2014-06-09 16:22:11.332081 7f869af78700 5 -- op tracker -- , seq: 1493, time:
2014-06-09 16:22:11.332078, event: waiting_for_osdmap, op: pg_log(0.369 epoch 243 log log((0'0,0'0], crt=0'0) query_epoch 243)
2014-06-09 16:22:11.332082 7f86a5610700 10 cid: oid: 16ef7597/infos/head//-1 skipping op, spos 3041.0.0 <= header.spos 150443.0.0
2014-06-09 16:22:11.332080 7f8691f66700 15 osd.26 pg_epoch: 243 pg[2.744( empty local-les=243 n=0 ec=1 les/c 210/210 242/242/242) [26,7] r=0 lpr=242 pi=209-241/2 crt=0'0 mlcod 0'0 inactive] requeue_ops
2014-06-09 16:22:11.332087 7f86a5610700 5 submit_transaction r = 0
2014-06-09 16:22:11.332085 7f869af78700 7 osd.26 243 handle_pg_log pg_log(0.369 epoch 243 log log((0'0,0'0], crt=0'0) query_epoch 243) v4 from osd.1
2014-06-09 16:22:11.332089 7f8691f66700 10 log is not dirty
2014-06-09 16:22:11.332089 7f869af78700 15 osd.26 243 require_same_or_newer_map 243 (i am 243) 0x302a3000
2014-06-09 16:22:11.332083 7f868b759700 10 osd.26 pg_epoch: 243 pg[2.1fc( empty local-les=243 n=0 ec=1 les/c 212/213 242/242/242) [26,8] r=0 lpr=242 pi=211-241/2 crt=0'0 mlcod 0'0 inactive] handle_peering_event: epoch_sent: 243 epoch_requested: 243 FlushedEvt
2014-06-09 16:22:11.332094 7f8691f66700 15 OSD::op_tp worker wq OSD::PeeringWQ done processing 0xb7f0220 (1 active)
2014-06-09 16:22:11.332096 7f8691f66700 20 OSD::op_tp worker waiting
2014-06-09 16:22:11.332094 7f869af78700 5 -- op tracker -- , seq: 1493, time:
2014-06-09 16:22:11.332092, event: started, op: pg_log(0.369 epoch 243 log log((0'0,0'0], crt=0'0) query_epoch 243)
2014-06-09 16:22:11.332094 7f868b759700 15 osd.26 pg_epoch: 243 pg[2.1fc( empty local-les=243 n=0 ec=1 les/c 212/213 242/242/242) [26,8] r=0 lpr=242 pi=211-241/2 crt=0'0 mlcod 0'0 inactive] requeue_ops
2014-06-09 16:22:11.332103 7f868b759700 10 log is not dirty
2014-06-09 16:22:11.332109 7f8690763700 12 OSD::op_tp worker wq OSD::PeeringWQ start processing 0xb7f0250 (2 active)
2014-06-09 16:22:11.332111 7f86a5610700 10 _do_op 0x2fc8c240 seq 3041 r = 0, finisher 0xc5a6660 0
2014-06-09 16:22:11.332110 7f869af78700 5 -- op tracker -- , seq: 1493, time:
2014-06-09 16:22:11.332107, event: done, op: pg_log(0.369 epoch 243 log log((0'0,0'0], crt=0'0) query_epoch 243)
2014-06-09 16:22:11.332116 7f868b759700 15 OSD::op_tp worker wq OSD::PeeringWQ done processing 0xb7f02f0 (1 active)
2014-06-09 16:22:11.332117 7f86a5610700 10 _finish_op 0x2fc8c240 seq 3041 osr(0.4b3 0x2bd7350)/0x2bd7350
2014-06-09 16:22:11.332118 7f86a460e700 10 finisher(0x2c100f8) finisher_thread doing [0xbcc90c0]
2014-06-09 16:22:11.332119 7f868b759700 20 OSD::op_tp worker waiting
2014-06-09 16:22:11.332119 7f869af78700 10 osd.26 243 do_waiters -- start
2014-06-09 16:22:11.332121 7f869af78700 10 osd.26 243 do_waiters -- finish
2014-06-09 16:22:11.332121 7f86a460e700 10 finisher(0x2c100f8) finisher_thread done with [0xbcc90c0]
2014-06-09 16:22:11.332121 7f86a5610700 15 KeyValueStore::op_tp worker wq KeyValueStore::OpWQ done processing 0xc7818c0 (1 active)
