Project

General

Profile

Bug #40688 » mgr.x.2.log

Laura Paduano, 07/09/2019 12:50 PM

 
l=1).read_bulk peer close file descriptor 46
2019-07-09 12:27:46.439 7fea33dff700 1 -- [v2:127.0.0.1:6800/2223,v1:127.0.0.1:6801/2223] >> [v2:127.0.0.1:6828/2312626946,v1:127.0.0.1:6829/2312626946] conn(0x58a0800 msgr2=0x534b080 crc :-1 s=STATE_CONNECTION_ESTABLISHED l=1).read_until read failed
2019-07-09 12:27:46.439 7fea33dff700 1 --2- [v2:127.0.0.1:6800/2223,v1:127.0.0.1:6801/2223] >> [v2:127.0.0.1:6828/2312626946,v1:127.0.0.1:6829/2312626946] conn(0x58a0800 0x534b080 crc :-1 s=READY pgs=5 cs=0 l=1 rx=0 tx=0).handle_read_frame_preamble_main read frame length and tag failed r=-1 ((1) Operation not permitted)
2019-07-09 12:27:46.439 7fea33dff700 1 --2- [v2:127.0.0.1:6800/2223,v1:127.0.0.1:6801/2223] >> [v2:127.0.0.1:6828/2312626946,v1:127.0.0.1:6829/2312626946] conn(0x58a0800 0x534b080 crc :-1 s=READY pgs=5 cs=0 l=1 rx=0 tx=0).stop
2019-07-09 12:27:46.439 7fea33dff700 1 -- [v2:127.0.0.1:6800/2223,v1:127.0.0.1:6801/2223] reap_dead start
2019-07-09 12:27:46.817 7fea36604700 1 -- 127.0.0.1:0/2223 >> [v2:127.0.0.1:40808/0,v1:127.0.0.1:40809/0] conn(0x5bdb800 msgr2=0x58d2000 unknown :-1 s=STATE_CONNECTING_RE l=0).process reconnect failed to v2:127.0.0.1:40808/0
2019-07-09 12:27:46.817 7fea36604700 1 --2- 127.0.0.1:0/2223 >> [v2:127.0.0.1:40808/0,v1:127.0.0.1:40809/0] conn(0x5bdb800 0x58d2000 unknown :-1 s=START_CONNECT pgs=0 cs=0 l=0 rx=0 tx=0)._fault waiting 1.600000
2019-07-09 12:27:46.819 7fea34600700 1 -- 127.0.0.1:0/2223 >> [v2:127.0.0.1:40804/0,v1:127.0.0.1:40805/0] conn(0x1c22c00 msgr2=0x1c1e000 unknown :-1 s=STATE_CONNECTING_RE l=0).process reconnect failed to v2:127.0.0.1:40804/0
2019-07-09 12:27:46.819 7fea36604700 1 -- 127.0.0.1:0/2223 >> [v2:127.0.0.1:40806/0,v1:127.0.0.1:40807/0] conn(0x1beb000 msgr2=0x1c1f080 unknown :-1 s=STATE_CONNECTING_RE l=0).process reconnect failed to v2:127.0.0.1:40806/0
2019-07-09 12:27:46.819 7fea34600700 1 --2- 127.0.0.1:0/2223 >> [v2:127.0.0.1:40804/0,v1:127.0.0.1:40805/0] conn(0x1c22c00 0x1c1e000 unknown :-1 s=START_CONNECT pgs=0 cs=0 l=0 rx=0 tx=0)._fault waiting 1.600000
2019-07-09 12:27:46.819 7fea36604700 1 --2- 127.0.0.1:0/2223 >> [v2:127.0.0.1:40806/0,v1:127.0.0.1:40807/0] conn(0x1beb000 0x1c1f080 unknown :-1 s=START_CONNECT pgs=0 cs=0 l=0 rx=0 tx=0)._fault waiting 1.600000
2019-07-09 12:27:47.421 7fea2d5f2700 10 mgr tick tick
2019-07-09 12:27:47.421 7fea2d5f2700 4 mgr send_beacon active
2019-07-09 12:27:47.421 7fea2d5f2700 10 mgr send_beacon sending beacon as gid 4132
2019-07-09 12:27:47.453 7fea2edf5700 1 -- 127.0.0.1:0/2223 --> [v2:127.0.0.1:6800/2223,v1:127.0.0.1:6801/2223] -- mgrreport(unknown.x +0-0 packed 38) v7 -- 0x5789200 con 0x533c400
2019-07-09 12:27:47.453 7fea18dc4700 1 -- [v2:127.0.0.1:6800/2223,v1:127.0.0.1:6801/2223] <== mgr.4132 127.0.0.1:0/2223 35 ==== mgrreport(mgr.x +0-0 packed 38) v7 ==== 72+0+0 (crc 0 0 0) 0x5bcef00 con 0x5438400
2019-07-09 12:27:47.454 7fea18dc4700 4 mgr.server handle_report from 0x5438400 mgr,x
2019-07-09 12:27:47.454 7fea18dc4700 20 mgr.server handle_report updating existing DaemonState for mgr,x
2019-07-09 12:27:47.454 7fea18dc4700 20 mgr update loading 0 new types, 0 old types, had 242 types, got 38 bytes of data
2019-07-09 12:27:47.493 7fea36604700 1 -- [v2:127.0.0.1:6800/2223,v1:127.0.0.1:6801/2223] >> [v2:127.0.0.1:6810/3290,v1:127.0.0.1:6811/3290] conn(0x559e000 msgr2=0x534d180 crc :-1 s=STATE_CONNECTION_ESTABLISHED l=1).read_bulk peer close file descriptor 43
2019-07-09 12:27:47.493 7fea36604700 1 -- [v2:127.0.0.1:6800/2223,v1:127.0.0.1:6801/2223] >> [v2:127.0.0.1:6810/3290,v1:127.0.0.1:6811/3290] conn(0x559e000 msgr2=0x534d180 crc :-1 s=STATE_CONNECTION_ESTABLISHED l=1).read_until read failed
2019-07-09 12:27:47.493 7fea33dff700 1 -- [v2:127.0.0.1:6800/2223,v1:127.0.0.1:6801/2223] >> [v2:127.0.0.1:6818/3697,v1:127.0.0.1:6819/3697] conn(0x5893800 msgr2=0x5570b00 crc :-1 s=STATE_CONNECTION_ESTABLISHED l=1).read_bulk peer close file descriptor 45
2019-07-09 12:27:47.493 7fea36604700 1 --2- [v2:127.0.0.1:6800/2223,v1:127.0.0.1:6801/2223] >> [v2:127.0.0.1:6810/3290,v1:127.0.0.1:6811/3290] conn(0x559e000 0x534d180 crc :-1 s=READY pgs=5 cs=0 l=1 rx=0 tx=0).handle_read_frame_preamble_main read frame length and tag failed r=-1 ((1) Operation not permitted)
2019-07-09 12:27:47.493 7fea36604700 1 --2- [v2:127.0.0.1:6800/2223,v1:127.0.0.1:6801/2223] >> [v2:127.0.0.1:6810/3290,v1:127.0.0.1:6811/3290] conn(0x559e000 0x534d180 crc :-1 s=READY pgs=5 cs=0 l=1 rx=0 tx=0).stop
2019-07-09 12:27:47.493 7fea33dff700 1 -- [v2:127.0.0.1:6800/2223,v1:127.0.0.1:6801/2223] >> [v2:127.0.0.1:6818/3697,v1:127.0.0.1:6819/3697] conn(0x5893800 msgr2=0x5570b00 crc :-1 s=STATE_CONNECTION_ESTABLISHED l=1).read_until read failed
2019-07-09 12:27:47.493 7fea33dff700 1 --2- [v2:127.0.0.1:6800/2223,v1:127.0.0.1:6801/2223] >> [v2:127.0.0.1:6818/3697,v1:127.0.0.1:6819/3697] conn(0x5893800 0x5570b00 crc :-1 s=READY pgs=6 cs=0 l=1 rx=0 tx=0).handle_read_frame_preamble_main read frame length and tag failed r=-1 ((1) Operation not permitted)
2019-07-09 12:27:47.493 7fea33dff700 1 --2- [v2:127.0.0.1:6800/2223,v1:127.0.0.1:6801/2223] >> [v2:127.0.0.1:6818/3697,v1:127.0.0.1:6819/3697] conn(0x5893800 0x5570b00 crc :-1 s=READY pgs=6 cs=0 l=1 rx=0 tx=0).stop
2019-07-09 12:27:47.493 7fea18dc4700 10 mgr.server ms_handle_reset unregistering osd.1 session 0x5347ad0 con 0x559e000
2019-07-09 12:27:47.493 7fea18dc4700 10 mgr.server ms_handle_reset unregistering osd.2 session 0x579d450 con 0x5893800
2019-07-09 12:27:47.505 7fea33dff700 1 -- [v2:127.0.0.1:6800/2223,v1:127.0.0.1:6801/2223] >> [v2:127.0.0.1:6802/2884,v1:127.0.0.1:6803/2884] conn(0x559f000 msgr2=0x5572100 crc :-1 s=STATE_CONNECTION_ESTABLISHED l=1).read_bulk peer close file descriptor 42
2019-07-09 12:27:47.505 7fea33dff700 1 -- [v2:127.0.0.1:6800/2223,v1:127.0.0.1:6801/2223] >> [v2:127.0.0.1:6802/2884,v1:127.0.0.1:6803/2884] conn(0x559f000 msgr2=0x5572100 crc :-1 s=STATE_CONNECTION_ESTABLISHED l=1).read_until read failed
2019-07-09 12:27:47.505 7fea33dff700 1 --2- [v2:127.0.0.1:6800/2223,v1:127.0.0.1:6801/2223] >> [v2:127.0.0.1:6802/2884,v1:127.0.0.1:6803/2884] conn(0x559f000 0x5572100 crc :-1 s=READY pgs=5 cs=0 l=1 rx=0 tx=0).handle_read_frame_preamble_main read frame length and tag failed r=-1 ((1) Operation not permitted)
2019-07-09 12:27:47.505 7fea33dff700 1 --2- [v2:127.0.0.1:6800/2223,v1:127.0.0.1:6801/2223] >> [v2:127.0.0.1:6802/2884,v1:127.0.0.1:6803/2884] conn(0x559f000 0x5572100 crc :-1 s=READY pgs=5 cs=0 l=1 rx=0 tx=0).stop
2019-07-09 12:27:47.506 7fea18dc4700 10 mgr.server ms_handle_reset unregistering osd.0 session 0x5346000 con 0x559f000
2019-07-09 12:27:47.517 7fea17dc2700 10 mgr.server tick
2019-07-09 12:27:47.517 7fea17dc2700 10 mgr update_delta_stats v100
2019-07-09 12:27:47.519 7fea17dc2700 10 mgr.server operator() 56 pgs: 56 active+clean; 6.4 KiB data, 3.0 GiB used, 27 GiB / 33 GiB avail
2019-07-09 12:27:47.519 7fea17dc2700 10 mgr.server operator() 0 health checks
2019-07-09 12:27:47.519 7fea17dc2700 20 mgr.server operator() health checks:
{}

2019-07-09 12:27:47.520 7fea17dc2700 0 log_channel(cluster) log [DBG] : pgmap v100: 56 pgs: 56 active+clean; 6.4 KiB data, 3.0 GiB used, 27 GiB / 33 GiB avail
2019-07-09 12:27:47.520 7fea17dc2700 20 mgr.server send_report + osd,0 SLOW_OPS(0|(0,0))
2019-07-09 12:27:47.520 7fea17dc2700 20 mgr.server send_report + osd,0 PENDING_CREATING_PGS(0|(0,0))
2019-07-09 12:27:47.520 7fea17dc2700 20 mgr.server adjust_pgs
2019-07-09 12:27:47.520 7fea17dc2700 10 mgr.server operator() creating_or_unknown 0 max_creating 1024 left 1024
2019-07-09 12:27:47.520 7fea17dc2700 20 mgr.server operator() misplaced_ratio 0 degraded_ratio 0 inactive_pgs_ratio 0 unknown_pgs_ratio 0; target_max_misplaced_ratio 0.05
2019-07-09 12:27:48.418 7fea36604700 1 -- 127.0.0.1:0/2223 >> [v2:127.0.0.1:40808/0,v1:127.0.0.1:40809/0] conn(0x5bdb800 msgr2=0x58d2000 unknown :-1 s=STATE_CONNECTING_RE l=0).process reconnect failed to v2:127.0.0.1:40808/0
2019-07-09 12:27:48.418 7fea36604700 1 --2- 127.0.0.1:0/2223 >> [v2:127.0.0.1:40808/0,v1:127.0.0.1:40809/0] conn(0x5bdb800 0x58d2000 unknown :-1 s=START_CONNECT pgs=0 cs=0 l=0 rx=0 tx=0)._fault waiting 3.200000
2019-07-09 12:27:48.420 7fea36604700 1 -- 127.0.0.1:0/2223 >> [v2:127.0.0.1:40806/0,v1:127.0.0.1:40807/0] conn(0x1beb000 msgr2=0x1c1f080 unknown :-1 s=STATE_CONNECTING_RE l=0).process reconnect failed to v2:127.0.0.1:40806/0
2019-07-09 12:27:48.420 7fea34600700 1 -- 127.0.0.1:0/2223 >> [v2:127.0.0.1:40804/0,v1:127.0.0.1:40805/0] conn(0x1c22c00 msgr2=0x1c1e000 unknown :-1 s=STATE_CONNECTING_RE l=0).process reconnect failed to v2:127.0.0.1:40804/0
2019-07-09 12:27:48.420 7fea36604700 1 --2- 127.0.0.1:0/2223 >> [v2:127.0.0.1:40806/0,v1:127.0.0.1:40807/0] conn(0x1beb000 0x1c1f080 unknown :-1 s=START_CONNECT pgs=0 cs=0 l=0 rx=0 tx=0)._fault waiting 3.200000
2019-07-09 12:27:48.420 7fea34600700 1 --2- 127.0.0.1:0/2223 >> [v2:127.0.0.1:40804/0,v1:127.0.0.1:40805/0] conn(0x1c22c00 0x1c1e000 unknown :-1 s=START_CONNECT pgs=0 cs=0 l=0 rx=0 tx=0)._fault waiting 3.200000
2019-07-09 12:27:48.469 7fea31dfb700 -1 received signal: Terminated from (PID: 5921) UID: 1001
2019-07-09 12:27:48.469 7fea31dfb700 -1 mgr handle_signal *** Got signal Terminated ***
(3-3/3)