2018-10-25 08:43:07.738202 7fa00aefc700 20 librbd::AioCompletion: 0x55f7fb57e090 finalize: r=0, read_buf=0, real_bl=0
392
2018-10-25 08:43:07.738215 7fa00aefc700 20 librbd::AsyncOperation: 0x55f7fb57e1c8 finish_op
393
2018-10-25 08:43:07.742983 7fa030e9ab80 20 librbd::AioImageRequestWQ: aio_flush: ictx=0x55f7fb55d880, completion=0x55f7fc438f70
394
2018-10-25 08:43:07.742996 7fa030e9ab80 20 librbd::AioImageRequestWQ: queue: ictx=0x55f7fb55d880, req=0x55f7fb465260
395
2018-10-25 08:43:07.743056 7fa00a6fb700 20 librbd::AioImageRequestWQ: process: ictx=0x55f7fb55d880, req=0x55f7fb465260
396
2018-10-25 08:43:07.743064 7fa00a6fb700 20 librbd::AioImageRequest: aio_flush: ictx=0x55f7fb55d880, completion=0x55f7fc438f70
397
2018-10-25 08:43:07.743067 7fa00a6fb700 20 librbd::AioCompletion: 0x55f7fc438f70 set_request_count: pending=1
398
2018-10-25 08:43:07.743071 7fa00a6fb700 20 librbd::AsyncOperation: 0x55f7fc4390a8 start_op
399
2018-10-25 08:43:07.743076 7fa00a6fb700 20 librbd::AioCompletion: 0x55f7fc438f70 complete_request: cb=1, pending=0
400
2018-10-25 08:43:07.743078 7fa00a6fb700 20 librbd::AioCompletion: 0x55f7fc438f70 finalize: r=0, read_buf=0, real_bl=0
401
2018-10-25 08:43:07.743090 7fa00a6fb700 20 librbd::AsyncOperation: 0x55f7fc4390a8 finish_op
402
2018-10-25 08:43:07.743408 7fa030e9ab80 20 librbd::AioImageRequestWQ: aio_write: ictx=0x55f7fb55d880, completion=0x55f7fc626b10, off=8728346624, len=4096, flags=0
403
2018-10-25 08:43:07.743425 7fa030e9ab80 20 librbd::AioImageRequestWQ: queue: ictx=0x55f7fb55d880, req=0x55f7fc612b30
404
2018-10-25 08:43:07.743486 7fa00a6fb700 20 librbd::AsyncOperation: 0x55f7fc626c48 start_op
405
2018-10-25 08:43:07.743494 7fa00a6fb700 20 librbd::AioImageRequestWQ: process: ictx=0x55f7fb55d880, req=0x55f7fc612b30
406
2018-10-25 08:43:07.743498 7fa00a6fb700 20 librbd::AioImageRequest: aio_write: ictx=0x55f7fb55d880, completion=0x55f7fc626b10
407
2018-10-25 08:43:07.743511 7fa00a6fb700 20 librbd::AioCompletion: 0x55f7fc626b10 set_request_count: pending=1
408
2018-10-25 08:43:07.743515 7fa00a6fb700 20 librbd::AioImageRequest:  oid rbd_data.13554b23d1b58ba.0000000000000821 0~4096 from [0,4096]
409
2018-10-25 08:43:07.743526 7fa00a6fb700 10 librbd::ImageCtx: prune_parent_extents image overlap 0, object overlap 0 from image extents []
410
2018-10-25 08:43:07.743531 7fa00a6fb700 20 librbd::AioObjectRequest: send write 0x7f9ff401c1b0 rbd_data.13554b23d1b58ba.0000000000000821 0~4096
411
2018-10-25 08:43:07.743534 7fa00a6fb700 20 librbd::AioObjectRequest: send_write 0x7f9ff401c1b0 rbd_data.13554b23d1b58ba.0000000000000821 0~4096 object exist 1 write_full 0
412
2018-10-25 08:43:07.743537 7fa00a6fb700 20 librbd::AioObjectRequest: send_write 0x7f9ff401c1b0 rbd_data.13554b23d1b58ba.0000000000000821 0~4096 object exist 1
413
2018-10-25 08:43:07.749270 7fa00aefc700 20 librbd::AioObjectRequest: write 0x7f9ff401c1b0 rbd_data.13554b23d1b58ba.0000000000000821 0~4096 should_complete: r = 0
414
2018-10-25 08:43:07.749285 7fa00aefc700 20 librbd::AioObjectRequest: WRITE_FLAT
415
2018-10-25 08:43:07.749289 7fa00aefc700 20 librbd::AioObjectRequest: complete 0x7f9ff401c1b0
416
2018-10-25 08:43:07.749292 7fa00aefc700 20 librbd::AioCompletion: 0x55f7fc626b10 complete_request: cb=1, pending=0
417
2018-10-25 08:43:07.749294 7fa00aefc700 20 librbd::AioCompletion: 0x55f7fc626b10 finalize: r=0, read_buf=0, real_bl=0
418
2018-10-25 08:43:07.749307 7fa00aefc700 20 librbd::AsyncOperation: 0x55f7fc626c48 finish_op
419
2018-10-25 08:43:07.749579 7fa030e9ab80 20 librbd::AioImageRequestWQ: aio_flush: ictx=0x55f7fb55d880, completion=0x55f7fc5a4060
420
2018-10-25 08:43:07.749593 7fa030e9ab80 20 librbd::AioImageRequestWQ: queue: ictx=0x55f7fb55d880, req=0x55f7fb465260
421
2018-10-25 08:43:07.749740 7fa00a6fb700 20 librbd::AioImageRequestWQ: process: ictx=0x55f7fb55d880, req=0x55f7fb465260
422
2018-10-25 08:43:07.749755 7fa00a6fb700 20 librbd::AioImageRequest: aio_flush: ictx=0x55f7fb55d880, completion=0x55f7fc5a4060
423
2018-10-25 08:43:07.749760 7fa00a6fb700 20 librbd::AioCompletion: 0x55f7fc5a4060 set_request_count: pending=1
424
2018-10-25 08:43:07.749764 7fa00a6fb700 20 librbd::AsyncOperation: 0x55f7fc5a4198 start_op
425
2018-10-25 08:43:07.749769 7fa00a6fb700 20 librbd::AioCompletion: 0x55f7fc5a4060 complete_request: cb=1, pending=0
426
2018-10-25 08:43:07.749773 7fa00a6fb700 20 librbd::AioCompletion: 0x55f7fc5a4060 finalize: r=0, read_buf=0, real_bl=0
427
2018-10-25 08:43:07.749785 7fa00a6fb700 20 librbd::AsyncOperation: 0x55f7fc5a4198 finish_op
428
2018-10-25 08:43:07.750499 7fa030e9ab80 20 librbd::AioImageRequestWQ: aio_write: ictx=0x55f7fb55d880, completion=0x55f7fb57e090, off=8728346624, len=4096, flags=0
429
2018-10-25 08:43:07.750515 7fa030e9ab80 20 librbd::AioImageRequestWQ: queue: ictx=0x55f7fb55d880, req=0x55f7fb579b80
430
2018-10-25 08:43:07.750625 7fa00a6fb700 20 librbd::AsyncOperation: 0x55f7fb57e1c8 start_op
431
2018-10-25 08:43:07.750641 7fa00a6fb700 20 librbd::AioImageRequestWQ: process: ictx=0x55f7fb55d880, req=0x55f7fb579b80
432
2018-10-25 08:43:07.750646 7fa00a6fb700 20 librbd::AioImageRequest: aio_write: ictx=0x55f7fb55d880, completion=0x55f7fb57e090
433
2018-10-25 08:43:07.750659 7fa00a6fb700 20 librbd::AioCompletion: 0x55f7fb57e090 set_request_count: pending=1
434
2018-10-25 08:43:07.750663 7fa00a6fb700 20 librbd::AioImageRequest:  oid rbd_data.13554b23d1b58ba.0000000000000821 0~4096 from [0,4096]
435
2018-10-25 08:43:07.750672 7fa00a6fb700 10 librbd::ImageCtx: prune_parent_extents image overlap 0, object overlap 0 from image extents []
436
2018-10-25 08:43:07.750677 7fa00a6fb700 20 librbd::AioObjectRequest: send write 0x7f9ff40030a0 rbd_data.13554b23d1b58ba.0000000000000821 0~4096
437
2018-10-25 08:43:07.750680 7fa00a6fb700 20 librbd::AioObjectRequest: send_write 0x7f9ff40030a0 rbd_data.13554b23d1b58ba.0000000000000821 0~4096 object exist 1 write_full 0
438
2018-10-25 08:43:07.750683 7fa00a6fb700 20 librbd::AioObjectRequest: send_write 0x7f9ff40030a0 rbd_data.13554b23d1b58ba.0000000000000821 0~4096 object exist 1
439
2018-10-25 08:43:07.755953 7fa00aefc700 20 librbd::AioObjectRequest: write 0x7f9ff40030a0 rbd_data.13554b23d1b58ba.0000000000000821 0~4096 should_complete: r = 0
440
2018-10-25 08:43:07.755968 7fa00aefc700 20 librbd::AioObjectRequest: WRITE_FLAT
441
2018-10-25 08:43:07.755972 7fa00aefc700 20 librbd::AioObjectRequest: complete 0x7f9ff40030a0
442
2018-10-25 08:43:07.755975 7fa00aefc700 20 librbd::AioCompletion: 0x55f7fb57e090 complete_request: cb=1, pending=0
443
2018-10-25 08:43:07.755977 7fa00aefc700 20 librbd::AioCompletion: 0x55f7fb57e090 finalize: r=0, read_buf=0, real_bl=0
444
2018-10-25 08:43:07.755990 7fa00aefc700 20 librbd::AsyncOperation: 0x55f7fb57e1c8 finish_op
445
2018-10-25 08:43:07.756242 7fa030e9ab80 20 librbd::AioImageRequestWQ: aio_flush: ictx=0x55f7fb55d880, completion=0x55f7fc438f70
446
2018-10-25 08:43:07.756257 7fa030e9ab80 20 librbd::AioImageRequestWQ: queue: ictx=0x55f7fb55d880, req=0x55f7fb583f70
447
2018-10-25 08:43:07.756324 7fa00a6fb700 20 librbd::AioImageRequestWQ: process: ictx=0x55f7fb55d880, req=0x55f7fb583f70
448
2018-10-25 08:43:07.756332 7fa00a6fb700 20 librbd::AioImageRequest: aio_flush: ictx=0x55f7fb55d880, completion=0x55f7fc438f70
449
2018-10-25 08:43:07.756335 7fa00a6fb700 20 librbd::AioCompletion: 0x55f7fc438f70 set_request_count: pending=1
450
2018-10-25 08:43:07.756339 7fa00a6fb700 20 librbd::AsyncOperation: 0x55f7fc4390a8 start_op
451
2018-10-25 08:43:07.756344 7fa00a6fb700 20 librbd::AioCompletion: 0x55f7fc438f70 complete_request: cb=1, pending=0
452
2018-10-25 08:43:07.756348 7fa00a6fb700 20 librbd::AioCompletion: 0x55f7fc438f70 finalize: r=0, read_buf=0, real_bl=0
453
2018-10-25 08:43:07.756360 7fa00a6fb700 20 librbd::AsyncOperation: 0x55f7fc4390a8 finish_op
454
2018-10-25 08:43:07.756908 7fa030e9ab80 20 librbd::AioImageRequestWQ: aio_write: ictx=0x55f7fb55d880, completion=0x55f7fc626b10, off=8728346624, len=4096, flags=0
455
2018-10-25 08:43:07.756923 7fa030e9ab80 20 librbd::AioImageRequestWQ: queue: ictx=0x55f7fb55d880, req=0x55f7fb555430
456
2018-10-25 08:43:07.756986 7fa00a6fb700 20 librbd::AsyncOperation: 0x55f7fc626c48 start_op
457
2018-10-25 08:43:07.756996 7fa00a6fb700 20 librbd::AioImageRequestWQ: process: ictx=0x55f7fb55d880, req=0x55f7fb555430
458
2018-10-25 08:43:07.757000 7fa00a6fb700 20 librbd::AioImageRequest: aio_write: ictx=0x55f7fb55d880, completion=0x55f7fc626b10
459
2018-10-25 08:43:07.757012 7fa00a6fb700 20 librbd::AioCompletion: 0x55f7fc626b10 set_request_count: pending=1
460
2018-10-25 08:43:07.757017 7fa00a6fb700 20 librbd::AioImageRequest:  oid rbd_data.13554b23d1b58ba.0000000000000821 0~4096 from [0,4096]
461
2018-10-25 08:43:07.757027 7fa00a6fb700 10 librbd::ImageCtx: prune_parent_extents image overlap 0, object overlap 0 from image extents []
462
2018-10-25 08:43:07.757032 7fa00a6fb700 20 librbd::AioObjectRequest: send write 0x7f9ff401c680 rbd_data.13554b23d1b58ba.0000000000000821 0~4096
463
2018-10-25 08:43:07.757035 7fa00a6fb700 20 librbd::AioObjectRequest: send_write 0x7f9ff401c680 rbd_data.13554b23d1b58ba.0000000000000821 0~4096 object exist 1 write_full 0
464
2018-10-25 08:43:07.757038 7fa00a6fb700 20 librbd::AioObjectRequest: send_write 0x7f9ff401c680 rbd_data.13554b23d1b58ba.0000000000000821 0~4096 object exist 1
465
2018-10-25 08:43:07.762702 7fa00aefc700 20 librbd::AioObjectRequest: write 0x7f9ff401c680 rbd_data.13554b23d1b58ba.0000000000000821 0~4096 should_complete: r = 0
466
2018-10-25 08:43:07.762731 7fa00aefc700 20 librbd::AioObjectRequest: WRITE_FLAT
467
2018-10-25 08:43:07.762736 7fa00aefc700 20 librbd::AioObjectRequest: complete 0x7f9ff401c680
468
2018-10-25 08:43:07.762739 7fa00aefc700 20 librbd::AioCompletion: 0x55f7fc626b10 complete_request: cb=1, pending=0
469
2018-10-25 08:43:07.762742 7fa00aefc700 20 librbd::AioCompletion: 0x55f7fc626b10 finalize: r=0, read_buf=0, real_bl=0
470
2018-10-25 08:43:07.762754 7fa00aefc700 20 librbd::AsyncOperation: 0x55f7fc626c48 finish_op
471
2018-10-25 08:43:07.763132 7fa030e9ab80 20 librbd::AioImageRequestWQ: aio_flush: ictx=0x55f7fb55d880, completion=0x55f7fc5a4060
472
2018-10-25 08:43:07.763147 7fa030e9ab80 20 librbd::AioImageRequestWQ: queue: ictx=0x55f7fb55d880, req=0x55f7fcb81d00
473
2018-10-25 08:43:07.763230 7fa00a6fb700 20 librbd::AioImageRequestWQ: process: ictx=0x55f7fb55d880, req=0x55f7fcb81d00
474
2018-10-25 08:43:07.763238 7fa00a6fb700 20 librbd::AioImageRequest: aio_flush: ictx=0x55f7fb55d880, completion=0x55f7fc5a4060
475
2018-10-25 08:43:07.763242 7fa00a6fb700 20 librbd::AioCompletion: 0x55f7fc5a4060 set_request_count: pending=1
476
2018-10-25 08:43:07.763246 7fa00a6fb700 20 librbd::AsyncOperation: 0x55f7fc5a4198 start_op
477
2018-10-25 08:43:07.763251 7fa00a6fb700 20 librbd::AioCompletion: 0x55f7fc5a4060 complete_request: cb=1, pending=0
478
2018-10-25 08:43:07.763254 7fa00a6fb700 20 librbd::AioCompletion: 0x55f7fc5a4060 finalize: r=0, read_buf=0, real_bl=0
479
2018-10-25 08:43:07.763268 7fa00a6fb700 20 librbd::AsyncOperation: 0x55f7fc5a4198 finish_op
480
2018-10-25 08:43:07.763992 7fa030e9ab80 20 librbd::AioImageRequestWQ: aio_write: ictx=0x55f7fb55d880, completion=0x55f7fb57e090, off=8728346624, len=4096, flags=0
481
2018-10-25 08:43:07.764008 7fa030e9ab80 20 librbd::AioImageRequestWQ: queue: ictx=0x55f7fb55d880, req=0x55f7fb4c9c20
482
2018-10-25 08:43:07.764090 7fa00a6fb700 20 librbd::AsyncOperation: 0x55f7fb57e1c8 start_op
483
2018-10-25 08:43:07.764102 7fa00a6fb700 20 librbd::AioImageRequestWQ: process: ictx=0x55f7fb55d880, req=0x55f7fb4c9c20
484
2018-10-25 08:43:07.764106 7fa00a6fb700 20 librbd::AioImageRequest: aio_write: ictx=0x55f7fb55d880, completion=0x55f7fb57e090
485
2018-10-25 08:43:07.764118 7fa00a6fb700 20 librbd::AioCompletion: 0x55f7fb57e090 set_request_count: pending=1
486
2018-10-25 08:43:07.764122 7fa00a6fb700 20 librbd::AioImageRequest:  oid rbd_data.13554b23d1b58ba.0000000000000821 0~4096 from [0,4096]
487
2018-10-25 08:43:07.764131 7fa00a6fb700 10 librbd::ImageCtx: prune_parent_extents image overlap 0, object overlap 0 from image extents []
488
2018-10-25 08:43:07.764136 7fa00a6fb700 20 librbd::AioObjectRequest: send write 0x7f9ff400c950 rbd_data.13554b23d1b58ba.0000000000000821 0~4096
489
2018-10-25 08:43:07.764139 7fa00a6fb700 20 librbd::AioObjectRequest: send_write 0x7f9ff400c950 rbd_data.13554b23d1b58ba.0000000000000821 0~4096 object exist 1 write_full 0
490
2018-10-25 08:43:07.764145 7fa00a6fb700 20 librbd::AioObjectRequest: send_write 0x7f9ff400c950 rbd_data.13554b23d1b58ba.0000000000000821 0~4096 object exist 1
491
2018-10-25 08:43:07.769693 7fa00aefc700 20 librbd::AioObjectRequest: write 0x7f9ff400c950 rbd_data.13554b23d1b58ba.0000000000000821 0~4096 should_complete: r = 0
492
2018-10-25 08:43:07.769708 7fa00aefc700 20 librbd::AioObjectRequest: WRITE_FLAT
493
2018-10-25 08:43:07.769712 7fa00aefc700 20 librbd::AioObjectRequest: complete 0x7f9ff400c950
494
2018-10-25 08:43:07.769727 7fa00aefc700 20 librbd::AioCompletion: 0x55f7fb57e090 complete_request: cb=1, pending=0
495
2018-10-25 08:43:07.769733 7fa00aefc700 20 librbd::AioCompletion: 0x55f7fb57e090 finalize: r=0, read_buf=0, real_bl=0
496
2018-10-25 08:43:07.769746 7fa00aefc700 20 librbd::AsyncOperation: 0x55f7fb57e1c8 finish_op
497
2018-10-25 08:43:07.770058 7fa030e9ab80 20 librbd::AioImageRequestWQ: aio_flush: ictx=0x55f7fb55d880, completion=0x55f7fc438f70
498
2018-10-25 08:43:07.770073 7fa030e9ab80 20 librbd::AioImageRequestWQ: queue: ictx=0x55f7fb55d880, req=0x55f7fc927bd0
499
2018-10-25 08:43:07.770161 7fa00a6fb700 20 librbd::AioImageRequestWQ: process: ictx=0x55f7fb55d880, req=0x55f7fc927bd0
500
2018-10-25 08:43:07.770168 7fa00a6fb700 20 librbd::AioImageRequest: aio_flush: ictx=0x55f7fb55d880, completion=0x55f7fc438f70
501
2018-10-25 08:43:07.770173 7fa00a6fb700 20 librbd::AioCompletion: 0x55f7fc438f70 set_request_count: pending=1
502
2018-10-25 08:43:07.770177 7fa00a6fb700 20 librbd::AsyncOperation: 0x55f7fc4390a8 start_op
503
2018-10-25 08:43:07.770182 7fa00a6fb700 20 librbd::AioCompletion: 0x55f7fc438f70 complete_request: cb=1, pending=0
504
2018-10-25 08:43:07.770185 7fa00a6fb700 20 librbd::AioCompletion: 0x55f7fc438f70 finalize: r=0, read_buf=0, real_bl=0
505
2018-10-25 08:43:07.770198 7fa00a6fb700 20 librbd::AsyncOperation: 0x55f7fc4390a8 finish_op
506
2018-10-25 08:43:07.770468 7fa030e9ab80 20 librbd::AioImageRequestWQ: aio_write: ictx=0x55f7fb55d880, completion=0x55f7fc626b10, off=8728346624, len=4096, flags=0
507
2018-10-25 08:43:07.770483 7fa030e9ab80 20 librbd::AioImageRequestWQ: queue: ictx=0x55f7fb55d880, req=0x55f7fb4c9bb0
508
2018-10-25 08:43:07.770563 7fa00a6fb700 20 librbd::AsyncOperation: 0x55f7fc626c48 start_op
509
2018-10-25 08:43:07.770572 7fa00a6fb700 20 librbd::AioImageRequestWQ: process: ictx=0x55f7fb55d880, req=0x55f7fb4c9bb0
510
2018-10-25 08:43:07.770576 7fa00a6fb700 20 librbd::AioImageRequest: aio_write: ictx=0x55f7fb55d880, completion=0x55f7fc626b10
511
2018-10-25 08:43:07.770588 7fa00a6fb700 20 librbd::AioCompletion: 0x55f7fc626b10 set_request_count: pending=1
512
2018-10-25 08:43:07.770592 7fa00a6fb700 20 librbd::AioImageRequest:  oid rbd_data.13554b23d1b58ba.0000000000000821 0~4096 from [0,4096]
513
2018-10-25 08:43:07.770602 7fa00a6fb700 10 librbd::ImageCtx: prune_parent_extents image overlap 0, object overlap 0 from image extents []
514
2018-10-25 08:43:07.770607 7fa00a6fb700 20 librbd::AioObjectRequest: send write 0x7f9ff400fe10 rbd_data.13554b23d1b58ba.0000000000000821 0~4096
515
2018-10-25 08:43:07.770610 7fa00a6fb700 20 librbd::AioObjectRequest: send_write 0x7f9ff400fe10 rbd_data.13554b23d1b58ba.0000000000000821 0~4096 object exist 1 write_full 0
516
2018-10-25 08:43:07.770613 7fa00a6fb700 20 librbd::AioObjectRequest: send_write 0x7f9ff400fe10 rbd_data.13554b23d1b58ba.0000000000000821 0~4096 object exist 1
517
2018-10-25 08:43:07.776111 7fa00aefc700 20 librbd::AioObjectRequest: write 0x7f9ff400fe10 rbd_data.13554b23d1b58ba.0000000000000821 0~4096 should_complete: r = 0
518
2018-10-25 08:43:07.776126 7fa00aefc700 20 librbd::AioObjectRequest: WRITE_FLAT
519
2018-10-25 08:43:07.776131 7fa00aefc700 20 librbd::AioObjectRequest: complete 0x7f9ff400fe10
520
2018-10-25 08:43:07.776133 7fa00aefc700 20 librbd::AioCompletion: 0x55f7fc626b10 complete_request: cb=1, pending=0
521
2018-10-25 08:43:07.776136 7fa00aefc700 20 librbd::AioCompletion: 0x55f7fc626b10 finalize: r=0, read_buf=0, real_bl=0
522
2018-10-25 08:43:07.776148 7fa00aefc700 20 librbd::AsyncOperation: 0x55f7fc626c48 finish_op
523
2018-10-25 08:43:07.776524 7fa030e9ab80 20 librbd::AioImageRequestWQ: aio_flush: ictx=0x55f7fb55d880, completion=0x55f7fc5a4060
524
2018-10-25 08:43:07.776538 7fa030e9ab80 20 librbd::AioImageRequestWQ: queue: ictx=0x55f7fb55d880, req=0x55f7fb465260
525
2018-10-25 08:43:07.776623 7fa00a6fb700 20 librbd::AioImageRequestWQ: process: ictx=0x55f7fb55d880, req=0x55f7fb465260
526
2018-10-25 08:43:07.776631 7fa00a6fb700 20 librbd::AioImageRequest: aio_flush: ictx=0x55f7fb55d880, completion=0x55f7fc5a4060
527
2018-10-25 08:43:07.776634 7fa00a6fb700 20 librbd::AioCompletion: 0x55f7fc5a4060 set_request_count: pending=1
528
2018-10-25 08:43:07.776638 7fa00a6fb700 20 librbd::AsyncOperation: 0x55f7fc5a4198 start_op
529
2018-10-25 08:43:07.776643 7fa00a6fb700 20 librbd::AioCompletion: 0x55f7fc5a4060 complete_request: cb=1, pending=0
530
2018-10-25 08:43:07.776646 7fa00a6fb700 20 librbd::AioCompletion: 0x55f7fc5a4060 finalize: r=0, read_buf=0, real_bl=0
531
2018-10-25 08:43:07.776659 7fa00a6fb700 20 librbd::AsyncOperation: 0x55f7fc5a4198 finish_op
532
2018-10-25 08:43:07.776947 7fa030e9ab80 20 librbd::AioImageRequestWQ: aio_write: ictx=0x55f7fb55d880, completion=0x55f7fb57e090, off=4194304, len=4096, flags=0
533
2018-10-25 08:43:07.776964 7fa030e9ab80 20 librbd::AioImageRequestWQ: queue: ictx=0x55f7fb55d880, req=0x55f7fb9d1330
534
2018-10-25 08:43:07.777033 7fa00a6fb700 20 librbd::AsyncOperation: 0x55f7fb57e1c8 start_op
535
2018-10-25 08:43:07.777042 7fa00a6fb700 20 librbd::AioImageRequestWQ: process: ictx=0x55f7fb55d880, req=0x55f7fb9d1330
536
2018-10-25 08:43:07.777047 7fa00a6fb700 20 librbd::AioImageRequest: aio_write: ictx=0x55f7fb55d880, completion=0x55f7fb57e090
537
2018-10-25 08:43:07.777059 7fa00a6fb700 20 librbd::AioCompletion: 0x55f7fb57e090 set_request_count: pending=1
538
2018-10-25 08:43:07.777063 7fa00a6fb700 20 librbd::AioImageRequest:  oid rbd_data.13554b23d1b58ba.0000000000000001 0~4096 from [0,4096]
539
2018-10-25 08:43:07.777072 7fa00a6fb700 10 librbd::ImageCtx: prune_parent_extents image overlap 0, object overlap 0 from image extents []
540
2018-10-25 08:43:07.777078 7fa00a6fb700 20 librbd::AioObjectRequest: send write 0x7f9ff40050c0 rbd_data.13554b23d1b58ba.0000000000000001 0~4096
541
2018-10-25 08:43:07.777081 7fa00a6fb700 20 librbd::AioObjectRequest: send_write 0x7f9ff40050c0 rbd_data.13554b23d1b58ba.0000000000000001 0~4096 object exist 1 write_full 0
542
2018-10-25 08:43:07.777084 7fa00a6fb700 20 librbd::AioObjectRequest: send_write 0x7f9ff40050c0 rbd_data.13554b23d1b58ba.0000000000000001 0~4096 object exist 1
543
2018-10-25 08:43:07.782312 7fa00aefc700 20 librbd::AioObjectRequest: write 0x7f9ff40050c0 rbd_data.13554b23d1b58ba.0000000000000001 0~4096 should_complete: r = 0
544
2018-10-25 08:43:07.782330 7fa00aefc700 20 librbd::AioObjectRequest: WRITE_FLAT
545
2018-10-25 08:43:07.782334 7fa00aefc700 20 librbd::AioObjectRequest: complete 0x7f9ff40050c0
546
2018-10-25 08:43:07.782336 7fa00aefc700 20 librbd::AioCompletion: 0x55f7fb57e090 complete_request: cb=1, pending=0
547
2018-10-25 08:43:07.782343 7fa00aefc700 20 librbd::AioCompletion: 0x55f7fb57e090 finalize: r=0, read_buf=0, real_bl=0
548
2018-10-25 08:43:07.782356 7fa00aefc700 20 librbd::AsyncOperation: 0x55f7fb57e1c8 finish_op
549
2018-10-25 08:43:07.782539 7fa030e9ab80 20 librbd::AioImageRequestWQ: aio_flush: ictx=0x55f7fb55d880, completion=0x55f7fc438f70
550
2018-10-25 08:43:07.782557 7fa030e9ab80 20 librbd::AioImageRequestWQ: queue: ictx=0x55f7fb55d880, req=0x55f7fb583f70
551
2018-10-25 08:43:07.782639 7fa00a6fb700 20 librbd::AioImageRequestWQ: process: ictx=0x55f7fb55d880, req=0x55f7fb583f70
552
2018-10-25 08:43:07.782647 7fa00a6fb700 20 librbd::AioImageRequest: aio_flush: ictx=0x55f7fb55d880, completion=0x55f7fc438f70
553
2018-10-25 08:43:07.782651 7fa00a6fb700 20 librbd::AioCompletion: 0x55f7fc438f70 set_request_count: pending=1
554
2018-10-25 08:43:07.782655 7fa00a6fb700 20 librbd::AsyncOperation: 0x55f7fc4390a8 start_op
555
2018-10-25 08:43:07.782661 7fa00a6fb700 20 librbd::AioCompletion: 0x55f7fc438f70 complete_request: cb=1, pending=0
556
2018-10-25 08:43:07.782664 7fa00a6fb700 20 librbd::AioCompletion: 0x55f7fc438f70 finalize: r=0, read_buf=0, real_bl=0
557
2018-10-25 08:43:07.782677 7fa00a6fb700 20 librbd::AsyncOperation: 0x55f7fc4390a8 finish_op
558
2018-10-25 08:43:08.358338 7fa00aefc700 10 librbd::ImageWatcher: 0x7f9ff0007e30 C_NotifyAck start: id=3610448293265451, handle=140324903064624
559
2018-10-25 08:43:08.358351 7fa00aefc700 10 librbd::ImageWatcher: 0x7f9ff0000c10 image header updated
560
2018-10-25 08:43:08.358355 7fa00aefc700 20 librbd::ImageState: 0x55f7fb556cf0 handle_update_notification: refresh_seq = 37, last_refresh = 36
561
2018-10-25 08:43:08.358358 7fa00aefc700 20 librbd::ImageState: 0x55f7fb55e6a0 ImageUpdateWatchers::notify
562
2018-10-25 08:43:08.358361 7fa00aefc700 20 librbd::ImageState: 0x55f7fb556cf0 flush_update_watchers
563
2018-10-25 08:43:08.358363 7fa00aefc700 20 librbd::ImageState: 0x55f7fb55e6a0 ImageUpdateWatchers::flush
564
2018-10-25 08:43:08.358365 7fa00aefc700 20 librbd::ImageState: 0x55f7fb55e6a0 ImageUpdateWatchers::flush: completing flush
565
2018-10-25 08:43:08.358367 7fa00aefc700 10 librbd::ImageWatcher: 0x7f9ff00046b0 C_ResponseMessage: r=0
566
2018-10-25 08:43:08.358380 7fa00aefc700 10 librbd::ImageWatcher: 0x7f9ff0007e30 C_NotifyAck finish: id=3610448293265451, handle=140324903064624
567
2018-10-25 08:43:08.386886 7fa030e9ab80 20 librbd::AioImageRequestWQ: aio_write: ictx=0x55f7fb55d880, completion=0x55f7fc5a4060, off=4194304, len=4096, flags=0
568
2018-10-25 08:43:08.386910 7fa030e9ab80 20 librbd::AioImageRequestWQ: queue: ictx=0x55f7fb55d880, req=0x55f7fb4c9bb0
569
2018-10-25 08:43:08.387026 7fa00a6fb700  5 librbd::AioImageRequestWQ: image refresh required: delaying IO 0x55f7fb4c9bb0
570
2018-10-25 08:43:08.387037 7fa00a6fb700 20 librbd::ImageState: 0x55f7fb556cf0 refresh
571
2018-10-25 08:43:08.387045 7fa00a6fb700 10 librbd::ImageState: 0x55f7fb556cf0 0x55f7fb556cf0 send_refresh_unlock
572
2018-10-25 08:43:08.387050 7fa00a6fb700 10 librbd::image::RefreshRequest: 0x7f9ff401f920 send_v2_get_mutable_metadata
573
2018-10-25 08:43:08.389206 7fa00aefc700 10 librbd::image::RefreshRequest: 0x7f9ff401f920 handle_v2_get_mutable_metadata: r=0
574
2018-10-25 08:43:08.389231 7fa00aefc700 10 librbd::image::RefreshRequest: 0x7f9ff401f920 send_v2_get_flags
575
2018-10-25 08:43:08.390771 7fa00aefc700 10 librbd::image::RefreshRequest: 0x7f9ff401f920 handle_v2_get_flags: r=0
576
2018-10-25 08:43:08.390788 7fa00aefc700 10 librbd::image::RefreshRequest: 0x7f9ff401f920 send_v2_get_snapshots
577
2018-10-25 08:43:08.393758 7fa00aefc700 10 librbd::image::RefreshRequest: 0x7f9ff401f920 handle_v2_get_snapshots: r=0
578
2018-10-25 08:43:08.393783 7fa00aefc700 10 librbd::image::RefreshRequest: 0x7f9ff401f920 send_v2_apply
579
2018-10-25 08:43:08.393858 7fa00a6fb700 10 librbd::image::RefreshRequest: 0x7f9ff401f920 handle_v2_apply
580
2018-10-25 08:43:08.393872 7fa00a6fb700 20 librbd::image::RefreshRequest: 0x7f9ff401f920 apply
581
2018-10-25 08:43:08.393880 7fa00a6fb700 20 librbd::image::RefreshRequest: new snapshot id=374685 name=backy-gJWUCNrvuani9MKM4y7LJW size=32212254720
582
2018-10-25 08:43:08.393895 7fa00a6fb700 10 librbd::image::RefreshRequest: 0x7f9ff401f920 send_flush_aio
583
2018-10-25 08:43:08.393903 7fa00a6fb700 10 librbd::image::RefreshRequest: 0x7f9ff401f920 handle_flush_aio: r=0
584
2018-10-25 08:43:08.393910 7fa00a6fb700 10 librbd::ImageState: 0x55f7fb556cf0 0x55f7fb556cf0 handle_refresh: r=0
585
2018-10-25 08:43:08.393914 7fa00a6fb700  5 librbd::AioImageRequestWQ: resuming IO after image refresh: r=0, req=0x55f7fb4c9bb0
586
2018-10-25 08:43:08.393918 7fa00a6fb700 20 librbd::AsyncOperation: 0x55f7fc5a4198 start_op
587
2018-10-25 08:43:08.393921 7fa00a6fb700 20 librbd::AioImageRequestWQ: process: ictx=0x55f7fb55d880, req=0x55f7fb4c9bb0
588
2018-10-25 08:43:08.393924 7fa00a6fb700 20 librbd::AioImageRequest: aio_write: ictx=0x55f7fb55d880, completion=0x55f7fc5a4060
589
2018-10-25 08:43:08.393940 7fa00a6fb700 20 librbd::AioCompletion: 0x55f7fc5a4060 set_request_count: pending=1
590
2018-10-25 08:43:08.393943 7fa00a6fb700 20 librbd::AioImageRequest:  oid rbd_data.13554b23d1b58ba.0000000000000001 0~4096 from [0,4096]
591
2018-10-25 08:43:08.393956 7fa00a6fb700 10 librbd::ImageCtx: prune_parent_extents image overlap 0, object overlap 0 from image extents []
592
2018-10-25 08:43:08.393964 7fa00a6fb700 20 librbd::AioObjectRequest: send write 0x7f9ff400bdf0 rbd_data.13554b23d1b58ba.0000000000000001 0~4096
593
2018-10-25 08:43:08.393970 7fa00a6fb700 20 librbd::AioObjectRequest: send_write 0x7f9ff400bdf0 rbd_data.13554b23d1b58ba.0000000000000001 0~4096 object exist 1 write_full 0
594
2018-10-25 08:43:08.393974 7fa00a6fb700 20 librbd::AioObjectRequest: send_write 0x7f9ff400bdf0 rbd_data.13554b23d1b58ba.0000000000000001 0~4096 object exist 1
595
2018-10-25 08:43:08.402961 7fa00aefc700 20 librbd::AioObjectRequest: write 0x7f9ff400bdf0 rbd_data.13554b23d1b58ba.0000000000000001 0~4096 should_complete: r = 0
596
2018-10-25 08:43:08.402977 7fa00aefc700 20 librbd::AioObjectRequest: WRITE_FLAT
597
2018-10-25 08:43:08.402981 7fa00aefc700 20 librbd::AioObjectRequest: complete 0x7f9ff400bdf0
598
2018-10-25 08:43:08.402985 7fa00aefc700 20 librbd::AioCompletion: 0x55f7fc5a4060 complete_request: cb=1, pending=0
599
2018-10-25 08:43:08.402987 7fa00aefc700 20 librbd::AioCompletion: 0x55f7fc5a4060 finalize: r=0, read_buf=0, real_bl=0
600
2018-10-25 08:43:08.403004 7fa00aefc700 20 librbd::AsyncOperation: 0x55f7fc5a4198 finish_op
601
2018-10-25 08:43:08.403427 7fa030e9ab80 20 librbd::AioImageRequestWQ: aio_flush: ictx=0x55f7fb55d880, completion=0x55f7fb57e090
602
2018-10-25 08:43:08.403441 7fa030e9ab80 20 librbd::AioImageRequestWQ: queue: ictx=0x55f7fb55d880, req=0x55f7fc25c0b0
603
2018-10-25 08:43:08.403522 7fa00a6fb700 20 librbd::AioImageRequestWQ: process: ictx=0x55f7fb55d880, req=0x55f7fc25c0b0
604
2018-10-25 08:43:08.403529 7fa00a6fb700 20 librbd::AioImageRequest: aio_flush: ictx=0x55f7fb55d880, completion=0x55f7fb57e090
605
2018-10-25 08:43:08.403532 7fa00a6fb700 20 librbd::AioCompletion: 0x55f7fb57e090 set_request_count: pending=1
606
2018-10-25 08:43:08.403537 7fa00a6fb700 20 librbd::AsyncOperation: 0x55f7fb57e1c8 start_op
607
2018-10-25 08:43:08.403542 7fa00a6fb700 20 librbd::AioCompletion: 0x55f7fb57e090 complete_request: cb=1, pending=0
608
2018-10-25 08:43:08.403546 7fa00a6fb700 20 librbd::AioCompletion: 0x55f7fb57e090 finalize: r=0, read_buf=0, real_bl=0
609
2018-10-25 08:43:08.403558 7fa00a6fb700 20 librbd::AsyncOperation: 0x55f7fb57e1c8 finish_op
610
2018-10-25 08:43:19.369327 7fa030e9ab80 20 librbd::AioImageRequestWQ: aio_write: ictx=0x55f7fb55d880, completion=0x55f7fc438f70, off=8728346624, len=4096, flags=0
611
2018-10-25 08:43:19.369421 7fa030e9ab80 20 librbd::AioImageRequestWQ: queue: ictx=0x55f7fb55d880, req=0x55f7fb59d6e0
612
2018-10-25 08:43:19.369525 7fa00a6fb700 20 librbd::AsyncOperation: 0x55f7fc4390a8 start_op
613
2018-10-25 08:43:19.369538 7fa00a6fb700 20 librbd::AioImageRequestWQ: process: ictx=0x55f7fb55d880, req=0x55f7fb59d6e0
614
2018-10-25 08:43:19.369543 7fa00a6fb700 20 librbd::AioImageRequest: aio_write: ictx=0x55f7fb55d880, completion=0x55f7fc438f70
615
2018-10-25 08:43:19.369564 7fa00a6fb700 20 librbd::AioCompletion: 0x55f7fc438f70 set_request_count: pending=1
616
2018-10-25 08:43:19.369569 7fa00a6fb700 20 librbd::AioImageRequest:  oid rbd_data.13554b23d1b58ba.0000000000000821 0~4096 from [0,4096]
617
2018-10-25 08:43:19.369592 7fa00a6fb700 10 librbd::ImageCtx: prune_parent_extents image overlap 0, object overlap 0 from image extents []
618
2018-10-25 08:43:19.369607 7fa00a6fb700 20 librbd::AioObjectRequest: send write 0x7f9ff4001320 rbd_data.13554b23d1b58ba.0000000000000821 0~4096
619
2018-10-25 08:43:19.369613 7fa00a6fb700 20 librbd::AioObjectRequest: send_write 0x7f9ff4001320 rbd_data.13554b23d1b58ba.0000000000000821 0~4096 object exist 1 write_full 0
620
2018-10-25 08:43:19.369617 7fa00a6fb700 20 librbd::AioObjectRequest: send_write 0x7f9ff4001320 rbd_data.13554b23d1b58ba.0000000000000821 0~4096 object exist 1
621
2018-10-25 08:43:19.376946 7fa00aefc700 20 librbd::AioObjectRequest: write 0x7f9ff4001320 rbd_data.13554b23d1b58ba.0000000000000821 0~4096 should_complete: r = 0
622
2018-10-25 08:43:19.376962 7fa00aefc700 20 librbd::AioObjectRequest: WRITE_FLAT
623
2018-10-25 08:43:19.376967 7fa00aefc700 20 librbd::AioObjectRequest: complete 0x7f9ff4001320
624
2018-10-25 08:43:19.376971 7fa00aefc700 20 librbd::AioCompletion: 0x55f7fc438f70 complete_request: cb=1, pending=0
625
2018-10-25 08:43:19.376974 7fa00aefc700 20 librbd::AioCompletion: 0x55f7fc438f70 finalize: r=0, read_buf=0, real_bl=0
626
2018-10-25 08:43:19.376990 7fa00aefc700 20 librbd::AsyncOperation: 0x55f7fc4390a8 finish_op
627
2018-10-25 08:43:19.377534 7fa030e9ab80 20 librbd::AioImageRequestWQ: aio_write: ictx=0x55f7fb55d880, completion=0x55f7fb57e090, off=8860958720, len=8192, flags=0
628
2018-10-25 08:43:19.377550 7fa030e9ab80 20 librbd::AioImageRequestWQ: queue: ictx=0x55f7fb55d880, req=0x55f7fb59d2f0
629
2018-10-25 08:43:19.377642 7fa00a6fb700 20 librbd::AsyncOperation: 0x55f7fb57e1c8 start_op
630
2018-10-25 08:43:19.377653 7fa00a6fb700 20 librbd::AioImageRequestWQ: process: ictx=0x55f7fb55d880, req=0x55f7fb59d2f0
631
2018-10-25 08:43:19.377657 7fa00a6fb700 20 librbd::AioImageRequest: aio_write: ictx=0x55f7fb55d880, completion=0x55f7fb57e090
632
2018-10-25 08:43:19.377670 7fa00a6fb700 20 librbd::AioCompletion: 0x55f7fb57e090 set_request_count: pending=1
633
2018-10-25 08:43:19.377674 7fa00a6fb700 20 librbd::AioImageRequest:  oid rbd_data.13554b23d1b58ba.0000000000000840 2588672~8192 from [0,8192]
634
2018-10-25 08:43:19.377687 7fa00a6fb700 10 librbd::ImageCtx: prune_parent_extents image overlap 0, object overlap 0 from image extents []
635
2018-10-25 08:43:19.377692 7fa00a6fb700 20 librbd::AioObjectRequest: send write 0x7f9ff400f930 rbd_data.13554b23d1b58ba.0000000000000840 2588672~8192
636
2018-10-25 08:43:19.377698 7fa00a6fb700 20 librbd::AioObjectRequest: send_write 0x7f9ff400f930 rbd_data.13554b23d1b58ba.0000000000000840 2588672~8192 object exist 1 write_full 0
637
2018-10-25 08:43:19.377704 7fa00a6fb700 20 librbd::AioObjectRequest: send_write 0x7f9ff400f930 rbd_data.13554b23d1b58ba.0000000000000840 2588672~8192 object exist 1
638
2018-10-25 08:43:19.383665 7fa00aefc700 20 librbd::AioObjectRequest: write 0x7f9ff400f930 rbd_data.13554b23d1b58ba.0000000000000840 2588672~8192 should_complete: r = 0
639
2018-10-25 08:43:19.383680 7fa00aefc700 20 librbd::AioObjectRequest: WRITE_FLAT
640
2018-10-25 08:43:19.383685 7fa00aefc700 20 librbd::AioObjectRequest: complete 0x7f9ff400f930
641
2018-10-25 08:43:19.383687 7fa00aefc700 20 librbd::AioCompletion: 0x55f7fb57e090 complete_request: cb=1, pending=0
642
2018-10-25 08:43:19.383690 7fa00aefc700 20 librbd::AioCompletion: 0x55f7fb57e090 finalize: r=0, read_buf=0, real_bl=0
643
2018-10-25 08:43:19.383703 7fa00aefc700 20 librbd::AsyncOperation: 0x55f7fb57e1c8 finish_op
644
2018-10-25 08:43:19.384112 7fa030e9ab80 20 librbd::AioImageRequestWQ: aio_flush: ictx=0x55f7fb55d880, completion=0x55f7fc438f70
645
2018-10-25 08:43:19.384126 7fa030e9ab80 20 librbd::AioImageRequestWQ: queue: ictx=0x55f7fb55d880, req=0x55f7fc6204d0
646
2018-10-25 08:43:19.384239 7fa00a6fb700 20 librbd::AioImageRequestWQ: process: ictx=0x55f7fb55d880, req=0x55f7fc6204d0
647
2018-10-25 08:43:19.384247 7fa00a6fb700 20 librbd::AioImageRequest: aio_flush: ictx=0x55f7fb55d880, completion=0x55f7fc438f70
648
2018-10-25 08:43:19.384250 7fa00a6fb700 20 librbd::AioCompletion: 0x55f7fc438f70 set_request_count: pending=1
649
2018-10-25 08:43:19.384255 7fa00a6fb700 20 librbd::AsyncOperation: 0x55f7fc4390a8 start_op
650
2018-10-25 08:43:19.384261 7fa00a6fb700 20 librbd::AioCompletion: 0x55f7fc438f70 complete_request: cb=1, pending=0
651
2018-10-25 08:43:19.384269 7fa00a6fb700 20 librbd::AioCompletion: 0x55f7fc438f70 finalize: r=0, read_buf=0, real_bl=0
652
2018-10-25 08:43:19.384283 7fa00a6fb700 20 librbd::AsyncOperation: 0x55f7fc4390a8 finish_op
653
2018-10-25 08:43:19.384674 7fa030e9ab80 20 librbd::AioImageRequestWQ: aio_write: ictx=0x55f7fb55d880, completion=0x55f7fb57e090, off=8860966912, len=4096, flags=0
654
2018-10-25 08:43:19.384690 7fa030e9ab80 20 librbd::AioImageRequestWQ: queue: ictx=0x55f7fb55d880, req=0x55f7fb555820
655
2018-10-25 08:43:19.384801 7fa00a6fb700 20 librbd::AsyncOperation: 0x55f7fb57e1c8 start_op
656
2018-10-25 08:43:19.384812 7fa00a6fb700 20 librbd::AioImageRequestWQ: process: ictx=0x55f7fb55d880, req=0x55f7fb555820
657
2018-10-25 08:43:19.384816 7fa00a6fb700 20 librbd::AioImageRequest: aio_write: ictx=0x55f7fb55d880, completion=0x55f7fb57e090
658
2018-10-25 08:43:19.384828 7fa00a6fb700 20 librbd::AioCompletion: 0x55f7fb57e090 set_request_count: pending=1
659
2018-10-25 08:43:19.384833 7fa00a6fb700 20 librbd::AioImageRequest:  oid rbd_data.13554b23d1b58ba.0000000000000840 2596864~4096 from [0,4096]
660
2018-10-25 08:43:19.384843 7fa00a6fb700 10 librbd::ImageCtx: prune_parent_extents image overlap 0, object overlap 0 from image extents []
661
2018-10-25 08:43:19.384848 7fa00a6fb700 20 librbd::AioObjectRequest: send write 0x7f9ff4032820 rbd_data.13554b23d1b58ba.0000000000000840 2596864~4096
662
2018-10-25 08:43:19.384851 7fa00a6fb700 20 librbd::AioObjectRequest: send_write 0x7f9ff4032820 rbd_data.13554b23d1b58ba.0000000000000840 2596864~4096 object exist 1 write_full 0
663
2018-10-25 08:43:19.384854 7fa00a6fb700 20 librbd::AioObjectRequest: send_write 0x7f9ff4032820 rbd_data.13554b23d1b58ba.0000000000000840 2596864~4096 object exist 1
664
2018-10-25 08:43:19.390348 7fa00aefc700 20 librbd::AioObjectRequest: write 0x7f9ff4032820 rbd_data.13554b23d1b58ba.0000000000000840 2596864~4096 should_complete: r = 0
665
2018-10-25 08:43:19.390357 7fa00aefc700 20 librbd::AioObjectRequest: WRITE_FLAT
666
2018-10-25 08:43:19.390360 7fa00aefc700 20 librbd::AioObjectRequest: complete 0x7f9ff4032820
667
2018-10-25 08:43:19.390363 7fa00aefc700 20 librbd::AioCompletion: 0x55f7fb57e090 complete_request: cb=1, pending=0
668
2018-10-25 08:43:19.390365 7fa00aefc700 20 librbd::AioCompletion: 0x55f7fb57e090 finalize: r=0, read_buf=0, real_bl=0
669
2018-10-25 08:43:19.390378 7fa00aefc700 20 librbd::AsyncOperation: 0x55f7fb57e1c8 finish_op
670
2018-10-25 08:43:19.390612 7fa030e9ab80 20 librbd::AioImageRequestWQ: aio_flush: ictx=0x55f7fb55d880, completion=0x55f7fb57e090
671
2018-10-25 08:43:19.390627 7fa030e9ab80 20 librbd::AioImageRequestWQ: queue: ictx=0x55f7fb55d880, req=0x55f7fb583f70
672
2018-10-25 08:43:19.390696 7fa00a6fb700 20 librbd::AioImageRequestWQ: process: ictx=0x55f7fb55d880, req=0x55f7fb583f70
673
2018-10-25 08:43:19.390703 7fa00a6fb700 20 librbd::AioImageRequest: aio_flush: ictx=0x55f7fb55d880, completion=0x55f7fb57e090
674
2018-10-25 08:43:19.390706 7fa00a6fb700 20 librbd::AioCompletion: 0x55f7fb57e090 set_request_count: pending=1
675
2018-10-25 08:43:19.390710 7fa00a6fb700 20 librbd::AsyncOperation: 0x55f7fb57e1c8 start_op
676
2018-10-25 08:43:19.390851 7fa00a6fb700 20 librbd::AioCompletion: 0x55f7fb57e090 complete_request: cb=1, pending=0
677
2018-10-25 08:43:19.390861 7fa00a6fb700 20 librbd::AioCompletion: 0x55f7fb57e090 finalize: r=0, read_buf=0, real_bl=0
678
2018-10-25 08:43:19.390873 7fa00a6fb700 20 librbd::AsyncOperation: 0x55f7fb57e1c8 finish_op
679
2018-10-25 08:43:23.987048 7fa00aefc700 10 librbd::ImageWatcher: 0x7f9ff0007e30 C_NotifyAck start: id=3610452588232748, handle=140324903064624
680
2018-10-25 08:43:23.987057 7fa00aefc700 10 librbd::ImageWatcher: 0x7f9ff0000c10 image header updated
681
2018-10-25 08:43:23.987059 7fa00aefc700 20 librbd::ImageState: 0x55f7fb556cf0 handle_update_notification: refresh_seq = 38, last_refresh = 37
682
2018-10-25 08:43:23.987063 7fa00aefc700 20 librbd::ImageState: 0x55f7fb55e6a0 ImageUpdateWatchers::notify
683
2018-10-25 08:43:23.987066 7fa00aefc700 20 librbd::ImageState: 0x55f7fb556cf0 flush_update_watchers
684
2018-10-25 08:43:23.987068 7fa00aefc700 20 librbd::ImageState: 0x55f7fb55e6a0 ImageUpdateWatchers::flush
685
2018-10-25 08:43:23.987069 7fa00aefc700 20 librbd::ImageState: 0x55f7fb55e6a0 ImageUpdateWatchers::flush: completing flush
686
2018-10-25 08:43:23.987072 7fa00aefc700 10 librbd::ImageWatcher: 0x7f9ff000d700 C_ResponseMessage: r=0
687
2018-10-25 08:43:23.987081 7fa00aefc700 10 librbd::ImageWatcher: 0x7f9ff0007e30 C_NotifyAck finish: id=3610452588232748, handle=140324903064624
688
2018-10-25 08:43:34.217369 7fa030e9ab80 20 librbd::AioImageRequestWQ: aio_write: ictx=0x55f7fb55d880, completion=0x55f7fb57e090, off=8860971008, len=8192, flags=0
689
2018-10-25 08:43:34.217400 7fa030e9ab80 20 librbd::AioImageRequestWQ: queue: ictx=0x55f7fb55d880, req=0x55f7fb9d1330
690
2018-10-25 08:43:34.217507 7fa00a6fb700  5 librbd::AioImageRequestWQ: image refresh required: delaying IO 0x55f7fb9d1330
691
2018-10-25 08:43:34.217521 7fa00a6fb700 20 librbd::ImageState: 0x55f7fb556cf0 refresh
692
2018-10-25 08:43:34.217529 7fa00a6fb700 10 librbd::ImageState: 0x55f7fb556cf0 0x55f7fb556cf0 send_refresh_unlock
693
2018-10-25 08:43:34.217536 7fa00a6fb700 10 librbd::image::RefreshRequest: 0x7f9ff40059b0 send_v2_get_mutable_metadata
694
2018-10-25 08:43:34.219734 7fa00aefc700 10 librbd::image::RefreshRequest: 0x7f9ff40059b0 handle_v2_get_mutable_metadata: r=0
695
2018-10-25 08:43:34.219759 7fa00aefc700 10 librbd::image::RefreshRequest: 0x7f9ff40059b0 send_v2_get_flags
696
2018-10-25 08:43:34.221354 7fa00aefc700 10 librbd::image::RefreshRequest: 0x7f9ff40059b0 handle_v2_get_flags: r=0
697
2018-10-25 08:43:34.221371 7fa00aefc700 10 librbd::image::RefreshRequest: 0x7f9ff40059b0 send_v2_get_snapshots
698
2018-10-25 08:43:34.223648 7fa00aefc700 10 librbd::image::RefreshRequest: 0x7f9ff40059b0 handle_v2_get_snapshots: r=0
699
2018-10-25 08:43:34.223668 7fa00aefc700 10 librbd::image::RefreshRequest: 0x7f9ff40059b0 send_v2_apply
700
2018-10-25 08:43:34.223696 7fa00a6fb700 10 librbd::image::RefreshRequest: 0x7f9ff40059b0 handle_v2_apply
701
2018-10-25 08:43:34.223707 7fa00a6fb700 20 librbd::image::RefreshRequest: 0x7f9ff40059b0 apply
702
2018-10-25 08:43:34.223745 7fa00a6fb700 10 librbd::ImageState: 0x55f7fb556cf0 0x55f7fb556cf0 handle_refresh: r=0
703
2018-10-25 08:43:34.223750 7fa00a6fb700  5 librbd::AioImageRequestWQ: resuming IO after image refresh: r=0, req=0x55f7fb9d1330
704
2018-10-25 08:43:34.223756 7fa00a6fb700 20 librbd::AsyncOperation: 0x55f7fb57e1c8 start_op
705
2018-10-25 08:43:34.223759 7fa00a6fb700 20 librbd::AioImageRequestWQ: process: ictx=0x55f7fb55d880, req=0x55f7fb9d1330
706
2018-10-25 08:43:34.223762 7fa00a6fb700 20 librbd::AioImageRequest: aio_write: ictx=0x55f7fb55d880, completion=0x55f7fb57e090
707
2018-10-25 08:43:34.223776 7fa00a6fb700 20 librbd::AioCompletion: 0x55f7fb57e090 set_request_count: pending=1
708
2018-10-25 08:43:34.223799 7fa00a6fb700 20 librbd::AioImageRequest:  oid rbd_data.13554b23d1b58ba.0000000000000840 2600960~8192 from [0,8192]
709
2018-10-25 08:43:34.223815 7fa00a6fb700 10 librbd::ImageCtx: prune_parent_extents image overlap 0, object overlap 0 from image extents []
710
2018-10-25 08:43:34.223825 7fa00a6fb700 20 librbd::AioObjectRequest: send write 0x7f9ff4014190 rbd_data.13554b23d1b58ba.0000000000000840 2600960~8192
711
2018-10-25 08:43:34.223831 7fa00a6fb700 20 librbd::AioObjectRequest: send_write 0x7f9ff4014190 rbd_data.13554b23d1b58ba.0000000000000840 2600960~8192 object exist 1 write_full 0
712
2018-10-25 08:43:34.223847 7fa00a6fb700 20 librbd::AioObjectRequest: send_write 0x7f9ff4014190 rbd_data.13554b23d1b58ba.0000000000000840 2600960~8192 object exist 1
713
2018-10-25 08:43:34.232115 7fa00aefc700 20 librbd::AioObjectRequest: write 0x7f9ff4014190 rbd_data.13554b23d1b58ba.0000000000000840 2600960~8192 should_complete: r = 0
714
2018-10-25 08:43:34.232130 7fa00aefc700 20 librbd::AioObjectRequest: WRITE_FLAT
715
2018-10-25 08:43:34.232135 7fa00aefc700 20 librbd::AioObjectRequest: complete 0x7f9ff4014190
716
2018-10-25 08:43:34.232142 7fa00aefc700 20 librbd::AioCompletion: 0x55f7fb57e090 complete_request: cb=1, pending=0
717
2018-10-25 08:43:34.232146 7fa00aefc700 20 librbd::AioCompletion: 0x55f7fb57e090 finalize: r=0, read_buf=0, real_bl=0
718
2018-10-25 08:43:34.232161 7fa00aefc700 20 librbd::AsyncOperation: 0x55f7fb57e1c8 finish_op
719
2018-10-25 08:43:34.232578 7fa030e9ab80 20 librbd::AioImageRequestWQ: aio_flush: ictx=0x55f7fb55d880, completion=0x55f7fb57e090
720
2018-10-25 08:43:34.232593 7fa030e9ab80 20 librbd::AioImageRequestWQ: queue: ictx=0x55f7fb55d880, req=0x55f7fb465260
721
2018-10-25 08:43:34.232665 7fa00a6fb700 20 librbd::AioImageRequestWQ: process: ictx=0x55f7fb55d880, req=0x55f7fb465260
722
2018-10-25 08:43:34.232672 7fa00a6fb700 20 librbd::AioImageRequest: aio_flush: ictx=0x55f7fb55d880, completion=0x55f7fb57e090
723
2018-10-25 08:43:34.232675 7fa00a6fb700 20 librbd::AioCompletion: 0x55f7fb57e090 set_request_count: pending=1
724
2018-10-25 08:43:34.232680 7fa00a6fb700 20 librbd::AsyncOperation: 0x55f7fb57e1c8 start_op
725
2018-10-25 08:43:34.232685 7fa00a6fb700 20 librbd::AioCompletion: 0x55f7fb57e090 complete_request: cb=1, pending=0
726
2018-10-25 08:43:34.232688 7fa00a6fb700 20 librbd::AioCompletion: 0x55f7fb57e090 finalize: r=0, read_buf=0, real_bl=0
727
2018-10-25 08:43:34.232700 7fa00a6fb700 20 librbd::AsyncOperation: 0x55f7fb57e1c8 finish_op
728
2018-10-25 08:43:34.233032 7fa030e9ab80 20 librbd::AioImageRequestWQ: aio_write: ictx=0x55f7fb55d880, completion=0x55f7fb57e090, off=8860979200, len=4096, flags=0
729
2018-10-25 08:43:34.233046 7fa030e9ab80 20 librbd::AioImageRequestWQ: queue: ictx=0x55f7fb55d880, req=0x55f7fb4c9c20
730
2018-10-25 08:43:34.233099 7fa00a6fb700 20 librbd::AsyncOperation: 0x55f7fb57e1c8 start_op
731
2018-10-25 08:43:34.233108 7fa00a6fb700 20 librbd::AioImageRequestWQ: process: ictx=0x55f7fb55d880, req=0x55f7fb4c9c20
732
2018-10-25 08:43:34.233112 7fa00a6fb700 20 librbd::AioImageRequest: aio_write: ictx=0x55f7fb55d880, completion=0x55f7fb57e090
733
2018-10-25 08:43:34.233124 7fa00a6fb700 20 librbd::AioCompletion: 0x55f7fb57e090 set_request_count: pending=1
734
2018-10-25 08:43:34.233129 7fa00a6fb700 20 librbd::AioImageRequest:  oid rbd_data.13554b23d1b58ba.0000000000000840 2609152~4096 from [0,4096]
735
2018-10-25 08:43:34.233139 7fa00a6fb700 10 librbd::ImageCtx: prune_parent_extents image overlap 0, object overlap 0 from image extents []
736
2018-10-25 08:43:34.233145 7fa00a6fb700 20 librbd::AioObjectRequest: send write 0x7f9ff4025460 rbd_data.13554b23d1b58ba.0000000000000840 2609152~4096
737
2018-10-25 08:43:34.233148 7fa00a6fb700 20 librbd::AioObjectRequest: send_write 0x7f9ff4025460 rbd_data.13554b23d1b58ba.0000000000000840 2609152~4096 object exist 1 write_full 0
738
2018-10-25 08:43:34.233150 7fa00a6fb700 20 librbd::AioObjectRequest: send_write 0x7f9ff4025460 rbd_data.13554b23d1b58ba.0000000000000840 2609152~4096 object exist 1
739
2018-10-25 08:43:34.238442 7fa00aefc700 20 librbd::AioObjectRequest: write 0x7f9ff4025460 rbd_data.13554b23d1b58ba.0000000000000840 2609152~4096 should_complete: r = 0
740
2018-10-25 08:43:34.238451 7fa00aefc700 20 librbd::AioObjectRequest: WRITE_FLAT
741
2018-10-25 08:43:34.238454 7fa00aefc700 20 librbd::AioObjectRequest: complete 0x7f9ff4025460
742
2018-10-25 08:43:34.238458 7fa00aefc700 20 librbd::AioCompletion: 0x55f7fb57e090 complete_request: cb=1, pending=0
743
2018-10-25 08:43:34.238462 7fa00aefc700 20 librbd::AioCompletion: 0x55f7fb57e090 finalize: r=0, read_buf=0, real_bl=0
744
2018-10-25 08:43:34.238474 7fa00aefc700 20 librbd::AsyncOperation: 0x55f7fb57e1c8 finish_op
745
2018-10-25 08:43:34.238673 7fa030e9ab80 20 librbd::AioImageRequestWQ: aio_flush: ictx=0x55f7fb55d880, completion=0x55f7fb57e090
746
2018-10-25 08:43:34.238687 7fa030e9ab80 20 librbd::AioImageRequestWQ: queue: ictx=0x55f7fb55d880, req=0x55f7fc6204d0
747
2018-10-25 08:43:34.238706 7fa00a6fb700 20 librbd::AioImageRequestWQ: process: ictx=0x55f7fb55d880, req=0x55f7fc6204d0
748
2018-10-25 08:43:34.238713 7fa00a6fb700 20 librbd::AioImageRequest: aio_flush: ictx=0x55f7fb55d880, completion=0x55f7fb57e090
749
2018-10-25 08:43:34.238771 7fa00a6fb700 20 librbd::AioCompletion: 0x55f7fb57e090 set_request_count: pending=1
750
2018-10-25 08:43:34.238777 7fa00a6fb700 20 librbd::AsyncOperation: 0x55f7fb57e1c8 start_op
751
2018-10-25 08:43:34.238781 7fa00a6fb700 20 librbd::AioCompletion: 0x55f7fb57e090 complete_request: cb=1, pending=0
752
2018-10-25 08:43:34.238784 7fa00a6fb700 20 librbd::AioCompletion: 0x55f7fb57e090 finalize: r=0, read_buf=0, real_bl=0
753
2018-10-25 08:43:34.238794 7fa00a6fb700 20 librbd::AsyncOperation: 0x55f7fb57e1c8 finish_op
754
2018-10-25 08:43:38.825244 7fa030e9ab80 20 librbd::AioImageRequestWQ: aio_write: ictx=0x55f7fb5a5ee0, completion=0x55f7fb57e090, off=4194304, len=512, flags=0
755
2018-10-25 08:43:38.825276 7fa030e9ab80 20 librbd::AioImageRequestWQ: queue: ictx=0x55f7fb5a5ee0, req=0x55f7fc613fb0
756
2018-10-25 08:43:38.825357 7f9faa7fc700 20 librbd::AsyncOperation: 0x55f7fb57e1c8 start_op
757
2018-10-25 08:43:38.825368 7f9faa7fc700 20 librbd::AioImageRequestWQ: process: ictx=0x55f7fb5a5ee0, req=0x55f7fc613fb0
758
2018-10-25 08:43:38.825372 7f9faa7fc700 20 librbd::AioImageRequest: aio_write: ictx=0x55f7fb5a5ee0, completion=0x55f7fb57e090
759
2018-10-25 08:43:38.825391 7f9faa7fc700 20 librbd::AioCompletion: 0x55f7fb57e090 set_request_count: pending=1
760
2018-10-25 08:43:38.825395 7f9faa7fc700 20 librbd::AioImageRequest:  oid rbd_data.1352c12238e1f29.0000000000000001 0~512 from [0,512]
761
2018-10-25 08:43:38.825408 7f9faa7fc700 10 librbd::ImageCtx: prune_parent_extents image overlap 0, object overlap 0 from image extents []
762
2018-10-25 08:43:38.825414 7f9faa7fc700 20 librbd::AioObjectRequest: send write 0x7f9f94007d10 rbd_data.1352c12238e1f29.0000000000000001 0~512
763
2018-10-25 08:43:38.825418 7f9faa7fc700 20 librbd::AioObjectRequest: send_write 0x7f9f94007d10 rbd_data.1352c12238e1f29.0000000000000001 0~512 object exist 1 write_full 0
764
2018-10-25 08:43:38.825421 7f9faa7fc700 20 librbd::AioObjectRequest: send_write 0x7f9f94007d10 rbd_data.1352c12238e1f29.0000000000000001 0~512 object exist 1
765
2018-10-25 08:43:38.834771 7f9faaffd700 20 librbd::AioObjectRequest: write 0x7f9f94007d10 rbd_data.1352c12238e1f29.0000000000000001 0~512 should_complete: r = 0
766
2018-10-25 08:43:38.834787 7f9faaffd700 20 librbd::AioObjectRequest: WRITE_FLAT
767
2018-10-25 08:43:38.834791 7f9faaffd700 20 librbd::AioObjectRequest: complete 0x7f9f94007d10
768
2018-10-25 08:43:38.834795 7f9faaffd700 20 librbd::AioCompletion: 0x55f7fb57e090 complete_request: cb=1, pending=0
769
2018-10-25 08:43:38.834798 7f9faaffd700 20 librbd::AioCompletion: 0x55f7fb57e090 finalize: r=0, read_buf=0, real_bl=0
770
2018-10-25 08:43:38.834818 7f9faaffd700 20 librbd::AsyncOperation: 0x55f7fb57e1c8 finish_op
771
2018-10-25 08:43:43.945258 7fa030e9ab80 20 librbd::AioImageRequestWQ: aio_write: ictx=0x55f7fb55d880, completion=0x55f7fc0d1330, off=17664110592, len=12288, flags=0
772
2018-10-25 08:43:43.945290 7fa030e9ab80 20 librbd::AioImageRequestWQ: queue: ictx=0x55f7fb55d880, req=0x55f7fc51d9d0
773
2018-10-25 08:43:43.945378 7fa00a6fb700 20 librbd::AsyncOperation: 0x55f7fc0d1468 start_op
774
2018-10-25 08:43:43.945391 7fa00a6fb700 20 librbd::AioImageRequestWQ: process: ictx=0x55f7fb55d880, req=0x55f7fc51d9d0
775
2018-10-25 08:43:43.945395 7fa00a6fb700 20 librbd::AioImageRequest: aio_write: ictx=0x55f7fb55d880, completion=0x55f7fc0d1330
776
2018-10-25 08:43:43.945418 7fa00a6fb700 20 librbd::AioCompletion: 0x55f7fc0d1330 set_request_count: pending=1
777
2018-10-25 08:43:43.945423 7fa00a6fb700 20 librbd::AioImageRequest:  oid rbd_data.13554b23d1b58ba.0000000000001073 1896448~12288 from [0,12288]
778
2018-10-25 08:43:43.945445 7fa00a6fb700 10 librbd::ImageCtx: prune_parent_extents image overlap 0, object overlap 0 from image extents []
779
2018-10-25 08:43:43.945453 7fa00a6fb700 20 librbd::AioObjectRequest: send write 0x7f9ff40060e0 rbd_data.13554b23d1b58ba.0000000000001073 1896448~12288
780
2018-10-25 08:43:43.945457 7fa00a6fb700 20 librbd::AioObjectRequest: send_write 0x7f9ff40060e0 rbd_data.13554b23d1b58ba.0000000000001073 1896448~12288 object exist 1 write_full 0
781
2018-10-25 08:43:43.945462 7fa00a6fb700 20 librbd::AioObjectRequest: send_write 0x7f9ff40060e0 rbd_data.13554b23d1b58ba.0000000000001073 1896448~12288 object exist 1
782
2018-10-25 08:43:43.956306 7fa00aefc700 20 librbd::AioObjectRequest: write 0x7f9ff40060e0 rbd_data.13554b23d1b58ba.0000000000001073 1896448~12288 should_complete: r = 0
783
2018-10-25 08:43:43.956316 7fa00aefc700 20 librbd::AioObjectRequest: WRITE_FLAT
784
2018-10-25 08:43:43.956319 7fa00aefc700 20 librbd::AioObjectRequest: complete 0x7f9ff40060e0
785
2018-10-25 08:43:43.956322 7fa00aefc700 20 librbd::AioCompletion: 0x55f7fc0d1330 complete_request: cb=1, pending=0
786
2018-10-25 08:43:43.956325 7fa00aefc700 20 librbd::AioCompletion: 0x55f7fc0d1330 finalize: r=0, read_buf=0, real_bl=0
787
2018-10-25 08:43:43.956341 7fa00aefc700 20 librbd::AsyncOperation: 0x55f7fc0d1468 finish_op
788
2018-10-25 08:43:49.577369 7fa030e9ab80 20 librbd::AioImageRequestWQ: aio_write: ictx=0x55f7fb55d880, completion=0x55f7fc0d1330, off=8860983296, len=20480, flags=0
789
2018-10-25 08:43:49.577400 7fa030e9ab80 20 librbd::AioImageRequestWQ: queue: ictx=0x55f7fb55d880, req=0x55f7fcaa7d30
790
