2013-04-28 16:36:04.687550 7faa68335800 0 ceph version 0.60-706-g44d13a7 (44d13a76a91544db886a6e6970d94affd488736c), process ceph-mon, pid 24096
2013-04-28 16:36:05.641128 7faa68335800 10 -- :/0 rank.bind 10.227.227.101:6789/0
2013-04-28 16:36:05.641158 7faa68335800 10 accepter.accepter.bind
2013-04-28 16:36:05.641203 7faa68335800 10 accepter.accepter.bind bound to 10.227.227.101:6789/0
2013-04-28 16:36:05.641225 7faa68335800 1 -- 10.227.227.101:6789/0 learned my addr 10.227.227.101:6789/0
2013-04-28 16:36:05.641229 7faa68335800 1 accepter.accepter.bind my_inst.addr is 10.227.227.101:6789/0 need_addr=0
2013-04-28 16:36:05.641293 7faa68335800 1 mon.1@-1(probing) e1 preinit fsid 5eacb654-3204-4ca1-9b16-83bb0140e497
2013-04-28 16:36:05.641695 7faa68335800 1 mon.1@-1(probing) e1 preinit clean up potentially inconsistent store state
2013-04-28 16:36:07.106291 7faa68335800 1 -- 10.227.227.101:6789/0 messenger.start
2013-04-28 16:36:07.106375 7faa68335800 10 -- 10.227.227.101:6789/0 ready 10.227.227.101:6789/0
2013-04-28 16:36:07.106399 7faa68335800 1 accepter.accepter.start
2013-04-28 16:36:07.106420 7faa68335800 0 mon.1@-1(probing) e1 my rank is now 0 (was -1)
2013-04-28 16:36:07.106425 7faa68335800 1 -- 10.227.227.101:6789/0 mark_down_all
2013-04-28 16:36:07.106476 7faa68335800 1 -- 10.227.227.101:6789/0 --> mon.1 10.227.227.103:6789/0 -- mon_probe(probe 5eacb654-3204-4ca1-9b16-83bb0140e497 name 1) v4 -- ?+0 0x4f00300
2013-04-28 16:36:07.106510 7faa68335800 10 -- 10.227.227.101:6789/0 connect_rank to 10.227.227.103:6789/0, creating pipe and registering
2013-04-28 16:36:07.106556 7faa68335800 10 -- 10.227.227.101:6789/0 >> 10.227.227.103:6789/0 pipe(0x4840500 sd=-1 :0 s=1 pgs=0 cs=0 l=0).register_pipe
2013-04-28 16:36:07.106581 7faa68335800 1 -- 10.227.227.101:6789/0 --> mon.2 10.227.227.104:6789/0 -- mon_probe(probe 5eacb654-3204-4ca1-9b16-83bb0140e497 name 1) v4 -- ?+0 0x4f00000
2013-04-28 16:36:07.106593 7faa68335800 10 -- 10.227.227.101:6789/0 connect_rank to 10.227.227.104:6789/0, creating pipe and registering
2013-04-28 16:36:07.107158 7faa68335800 10 -- 10.227.227.101:6789/0 >> 10.227.227.104:6789/0 pipe(0x4840280 sd=-1 :0 s=1 pgs=0 cs=0 l=0).register_pipe
2013-04-28 16:36:07.107178 7faa68335800 10 -- 10.227.227.101:6789/0 wait: waiting for dispatch queue
2013-04-28 16:36:07.113970 7faa410e5700 10 -- 10.227.227.101:6789/0 >> 10.227.227.104:6789/0 pipe(0x4840280 sd=-1 :0 s=1 pgs=0 cs=0 l=0).writer: state = connecting policy.server=0
2013-04-28 16:36:07.114039 7faa410e5700 10 -- 10.227.227.101:6789/0 >> 10.227.227.104:6789/0 pipe(0x4840280 sd=-1 :0 s=1 pgs=0 cs=0 l=0).connect 0
2013-04-28 16:36:07.114064 7faa410e5700 10 -- 10.227.227.101:6789/0 >> 10.227.227.104:6789/0 pipe(0x4840280 sd=22 :0 s=1 pgs=0 cs=0 l=0).connecting to 10.227.227.104:6789/0
2013-04-28 16:36:07.115025 7faa411e6700 10 -- 10.227.227.101:6789/0 >> 10.227.227.103:6789/0 pipe(0x4840500 sd=-1 :0 s=1 pgs=0 cs=0 l=0).writer: state = connecting policy.server=0
2013-04-28 16:36:07.115077 7faa411e6700 10 -- 10.227.227.101:6789/0 >> 10.227.227.103:6789/0 pipe(0x4840500 sd=-1 :0 s=1 pgs=0 cs=0 l=0).connect 0
2013-04-28 16:36:07.115095 7faa411e6700 10 -- 10.227.227.101:6789/0 >> 10.227.227.103:6789/0 pipe(0x4840500 sd=23 :0 s=1 pgs=0 cs=0 l=0).connecting to 10.227.227.103:6789/0
2013-04-28 16:36:07.116407 7faa431ea700 10 -- 10.227.227.101:6789/0 reaper_entry start
2013-04-28 16:36:07.117061 7faa431ea700 10 -- 10.227.227.101:6789/0 reaper
2013-04-28 16:36:07.117072 7faa431ea700 10 -- 10.227.227.101:6789/0 reaper done
2013-04-28 16:36:07.118723 7faa411e6700 10 -- 10.227.227.101:6789/0 >> 10.227.227.103:6789/0 pipe(0x4840500 sd=23 :47647 s=1 pgs=0 cs=0 l=0).connect sent my addr 10.227.227.101:6789/0
2013-04-28 16:36:07.119196 7faa411e6700 10 -- 10.227.227.101:6789/0 >> 10.227.227.103:6789/0 pipe(0x4840500 sd=23 :47647 s=1 pgs=0 cs=0 l=0).connect.authorizer_len=158 protocol=2
2013-04-28 16:36:07.119210 7faa411e6700 10 -- 10.227.227.101:6789/0 >> 10.227.227.103:6789/0 pipe(0x4840500 sd=23 :47647 s=1 pgs=0 cs=0 l=0).connect sending gseq=2 cseq=0 proto=10
2013-04-28 16:36:07.119560 7faa411e6700 10 -- 10.227.227.101:6789/0 >> 10.227.227.103:6789/0 pipe(0x4840500 sd=23 :47647 s=1 pgs=0 cs=0 l=0).reply.authorizer_len=36
2013-04-28 16:36:07.119561 7faa419e7700 10 accepter.accepter starting
2013-04-28 16:36:07.119588 7faa419e7700 10 accepter.pfd.revents=1
2013-04-28 16:36:07.119612 7faa419e7700 10 accepter.accepted incoming on sd 24
2013-04-28 16:36:07.119650 7faa411e6700 10 -- 10.227.227.101:6789/0 >> 10.227.227.103:6789/0 pipe(0x4840500 sd=23 :47647 s=1 pgs=0 cs=0 l=0).connect got RETRY_GLOBAL 1627 chose new 1628
2013-04-28 16:36:07.119708 7faa411e6700 10 -- 10.227.227.101:6789/0 >> 10.227.227.103:6789/0 pipe(0x4840500 sd=23 :47647 s=1 pgs=0 cs=0 l=0).connect.authorizer_len=158 protocol=2
2013-04-28 16:36:07.119719 7faa411e6700 10 -- 10.227.227.101:6789/0 >> 10.227.227.103:6789/0 pipe(0x4840500 sd=23 :47647 s=1 pgs=0 cs=0 l=0).connect sending gseq=1628 cseq=0 proto=10
2013-04-28 16:36:07.120112 7faa411e6700 10 -- 10.227.227.101:6789/0 >> 10.227.227.103:6789/0 pipe(0x4840500 sd=23 :47647 s=1 pgs=0 cs=0 l=0).reply.authorizer_len=36
2013-04-28 16:36:07.120152 7faa411e6700 10 -- 10.227.227.101:6789/0 >> 10.227.227.103:6789/0 pipe(0x4840500 sd=23 :47647 s=1 pgs=0 cs=0 l=0).got CEPH_MSGR_TAG_SEQ, reading acked_seq and writing in_seq
2013-04-28 16:36:07.120179 7faa411e6700 10 -- 10.227.227.101:6789/0 >> 10.227.227.103:6789/0 pipe(0x4840500 sd=23 :47647 s=2 pgs=3827 cs=1 l=0).connect success 1, lossy = 0, features 4294967295
2013-04-28 16:36:07.120460 7faa411e6700 10 -- 10.227.227.101:6789/0 >> 10.227.227.103:6789/0 pipe(0x4840500 sd=23 :47647 s=2 pgs=3827 cs=1 l=0).writer: state = open policy.server=0
2013-04-28 16:36:07.120523 7faa411e6700 10 -- 10.227.227.101:6789/0 >> 10.227.227.103:6789/0 pipe(0x4840500 sd=23 :47647 s=2 pgs=3827 cs=1 l=0).writer: state = open policy.server=0
2013-04-28 16:36:07.120576 7faa419e7700 10 accepter.pfd.revents=1
2013-04-28 16:36:07.120592 7faa419e7700 10 accepter.accepted incoming on sd 25
2013-04-28 16:36:07.120619 7faa419e7700 10 accepter.pfd.revents=1
2013-04-28 16:36:07.120625 7faa419e7700 10 accepter.accepted incoming on sd 26
2013-04-28 16:36:07.120644 7faa419e7700 10 accepter.pfd.revents=1
2013-04-28 16:36:07.120649 7faa419e7700 10 accepter.accepted incoming on sd 27
2013-04-28 16:36:07.120677 7faa419e7700 10 accepter.pfd.revents=1
2013-04-28 16:36:07.120684 7faa419e7700 10 accepter.accepted incoming on sd 28
2013-04-28 16:36:07.120704 7faa419e7700 10 accepter.pfd.revents=1
2013-04-28 16:36:07.120710 7faa419e7700 10 accepter.accepted incoming on sd 29
2013-04-28 16:36:07.120738 7faa419e7700 10 accepter.pfd.revents=1
2013-04-28 16:36:07.120744 7faa419e7700 10 accepter.accepted incoming on sd 30
2013-04-28 16:36:07.120764 7faa419e7700 10 accepter.pfd.revents=1
2013-04-28 16:36:07.120771 7faa419e7700 10 accepter.accepted incoming on sd 31
2013-04-28 16:36:07.120790 7faa419e7700 10 accepter.pfd.revents=1
2013-04-28 16:36:07.120797 7faa419e7700 10 accepter.accepted incoming on sd 32
2013-04-28 16:36:07.120813 7faa419e7700 10 accepter.pfd.revents=1
2013-04-28 16:36:07.120819 7faa419e7700 10 accepter.accepted incoming on sd 33
2013-04-28 16:36:07.120838 7faa419e7700 10 accepter.pfd.revents=1
2013-04-28 16:36:07.120848 7faa419e7700 10 accepter.accepted incoming on sd 34
2013-04-28 16:36:07.121120 7faa419e7700 10 accepter.pfd.revents=1
2013-04-28 16:36:07.121130 7faa419e7700 10 accepter.accepted incoming on sd 35
2013-04-28 16:36:07.121156 7faa419e7700 10 accepter.pfd.revents=1
2013-04-28 16:36:07.121161 7faa419e7700 10 accepter.accepted incoming on sd 36
2013-04-28 16:36:07.121179 7faa419e7700 10 accepter.pfd.revents=1
2013-04-28 16:36:07.121186 7faa419e7700 10 accepter.accepted incoming on sd 37
2013-04-28 16:36:07.121206 7faa419e7700 10 accepter.pfd.revents=1
2013-04-28 16:36:07.121211 7faa419e7700 10 accepter.accepted incoming on sd 38
2013-04-28 16:36:07.121228 7faa419e7700 10 accepter.pfd.revents=1
2013-04-28 16:36:07.121233 7faa419e7700 10 accepter.accepted incoming on sd 39
2013-04-28 16:36:07.125020 7faa40de2700 10 -- 10.227.227.101:6789/0 >> :/0 pipe(0x4840c80 sd=25 :0 s=0 pgs=0 cs=0 l=0).accept
2013-04-28 16:36:07.125114 7faa40de2700 1 -- 10.227.227.101:6789/0 >> :/0 pipe(0x4840c80 sd=25 :6789 s=0 pgs=0 cs=0 l=0).accept sd=25 10.227.227.103:34263/0
2013-04-28 16:36:07.125139 7faa410e5700 10 -- 10.227.227.101:6789/0 >> 10.227.227.104:6789/0 pipe(0x4840280 sd=22 :53224 s=1 pgs=0 cs=0 l=0).connect sent my addr 10.227.227.101:6789/0
2013-04-28 16:36:07.125309 7faa410e5700 10 -- 10.227.227.101:6789/0 >> 10.227.227.104:6789/0 pipe(0x4840280 sd=22 :53224 s=1 pgs=0 cs=0 l=0).connect.authorizer_len=158 protocol=2
2013-04-28 16:36:07.125320 7faa410e5700 10 -- 10.227.227.101:6789/0 >> 10.227.227.104:6789/0 pipe(0x4840280 sd=22 :53224 s=1 pgs=0 cs=0 l=0).connect sending gseq=1 cseq=0 proto=10
2013-04-28 16:36:07.125469 7faa3ffd4700 10 -- 10.227.227.101:6789/0 >> :/0 pipe(0x4843980 sd=39 :0 s=0 pgs=0 cs=0 l=0).accept
2013-04-28 16:36:07.125519 7faa3ffd4700 1 -- 10.227.227.101:6789/0 >> :/0 pipe(0x4843980 sd=39 :6789 s=0 pgs=0 cs=0 l=0).accept sd=39 10.227.227.103:34270/0
2013-04-28 16:36:07.125543 7faa3ffd4700 10 -- 10.227.227.101:6789/0 >> :/0 pipe(0x4843980 sd=39 :6789 s=0 pgs=0 cs=0 l=0).accept couldn't read banner
2013-04-28 16:36:07.125565 7faa3ffd4700 10 -- 10.227.227.101:6789/0 queue_reap 0x4843980
2013-04-28 16:36:07.125580 7faa431ea700 10 -- 10.227.227.101:6789/0 reaper
2013-04-28 16:36:07.125586 7faa431ea700 10 -- 10.227.227.101:6789/0 reaper reaping pipe 0x4843980 :/0
2013-04-28 16:36:07.125589 7faa431ea700 10 -- 10.227.227.101:6789/0 >> :/0 pipe(0x4843980 sd=39 :6789 s=4 pgs=0 cs=0 l=0).discard_queue
2013-04-28 16:36:07.125596 7faa431ea700 10 -- 10.227.227.101:6789/0 >> :/0 pipe(0x4843980 sd=39 :6789 s=4 pgs=0 cs=0 l=0).unregister_pipe - not registered
2013-04-28 16:36:07.125606 7faa3ffd4700 10 -- 10.227.227.101:6789/0 >> :/0 pipe(0x4843980 sd=39 :6789 s=4 pgs=0 cs=0 l=0).reader done
2013-04-28 16:36:07.125646 7faa431ea700 10 -- 10.227.227.101:6789/0 reaper reaped pipe 0x4843980 :/0
2013-04-28 16:36:07.125657 7faa431ea700 10 -- 10.227.227.101:6789/0 reaper deleted pipe 0x4843980
2013-04-28 16:36:07.125660 7faa431ea700 10 -- 10.227.227.101:6789/0 reaper done
2013-04-28 16:36:07.126544 7faa410e5700 10 -- 10.227.227.101:6789/0 >> 10.227.227.104:6789/0 pipe(0x4840280 sd=22 :53224 s=1 pgs=0 cs=0 l=0).reply.authorizer_len=36
2013-04-28 16:36:07.126604 7faa410e5700 10 -- 10.227.227.101:6789/0 >> 10.227.227.104:6789/0 pipe(0x4840280 sd=22 :53224 s=1 pgs=0 cs=0 l=0).connect got RETRY_GLOBAL 632 chose new 1629
2013-04-28 16:36:07.126654 7faa410e5700 10 -- 10.227.227.101:6789/0 >> 10.227.227.104:6789/0 pipe(0x4840280 sd=22 :53224 s=1 pgs=0 cs=0 l=0).connect.authorizer_len=158 protocol=2
2013-04-28 16:36:07.126664 7faa410e5700 10 -- 10.227.227.101:6789/0 >> 10.227.227.104:6789/0 pipe(0x4840280 sd=22 :53224 s=1 pgs=0 cs=0 l=0).connect sending gseq=1629 cseq=0 proto=10
2013-04-28 16:36:07.127012 7faa403d8700 10 -- 10.227.227.101:6789/0 >> :/0 pipe(0x4842800 sd=35 :0 s=0 pgs=0 cs=0 l=0).accept
2013-04-28 16:36:07.127067 7faa403d8700 1 -- 10.227.227.101:6789/0 >> :/0 pipe(0x4842800 sd=35 :6789 s=0 pgs=0 cs=0 l=0).accept sd=35 10.227.227.104:56379/0
2013-04-28 16:36:07.127081 7faa40fe4700 10 -- 10.227.227.101:6789/0 >> :/0 pipe(0x4840780 sd=24 :0 s=0 pgs=0 cs=0 l=0).accept
2013-04-28 16:36:07.127152 7faa40fe4700 1 -- 10.227.227.101:6789/0 >> :/0 pipe(0x4840780 sd=24 :6789 s=0 pgs=0 cs=0 l=0).accept sd=24 10.227.227.103:34262/0
2013-04-28 16:36:07.127169 7faa401d6700 10 -- 10.227.227.101:6789/0 >> :/0 pipe(0x4842300 sd=37 :0 s=0 pgs=0 cs=0 l=0).accept
2013-04-28 16:36:07.127225 7faa401d6700 1 -- 10.227.227.101:6789/0 >> :/0 pipe(0x4842300 sd=37 :6789 s=0 pgs=0 cs=0 l=0).accept sd=37 10.227.227.103:34267/0
2013-04-28 16:36:07.127671 7faa40adf700 10 -- 10.227.227.101:6789/0 >> :/0 pipe(0x4841180 sd=28 :0 s=0 pgs=0 cs=0 l=0).accept
2013-04-28 16:36:07.127785 7faa40fe4700 10 -- 10.227.227.101:6789/0 >> 10.227.227.103:6817/11764 pipe(0x4840780 sd=24 :6789 s=0 pgs=0 cs=0 l=0).accept peer addr is 10.227.227.103:6817/11764
2013-04-28 16:36:07.127810 7faa40adf700 1 -- 10.227.227.101:6789/0 >> :/0 pipe(0x4841180 sd=28 :6789 s=0 pgs=0 cs=0 l=0).accept sd=28 10.227.227.101:37925/0
2013-04-28 16:36:07.127810 7faa40fe4700 10 -- 10.227.227.101:6789/0 >> 10.227.227.103:6817/11764 pipe(0x4840780 sd=24 :6789 s=0 pgs=0 cs=0 l=1).accept of host_type 4, policy.lossy=1
2013-04-28 16:36:07.127832 7faa40adf700 10 -- 10.227.227.101:6789/0 >> 10.227.227.101:0/1852340383 pipe(0x4841180 sd=28 :6789 s=0 pgs=0 cs=0 l=0).accept peer addr is 10.227.227.101:0/1852340383
2013-04-28 16:36:07.127835 7faa40fe4700 10 -- 10.227.227.101:6789/0 >> 10.227.227.103:6817/11764 pipe(0x4840780 sd=24 :6789 s=0 pgs=0 cs=0 l=1).accept my proto 15, their proto 15
2013-04-28 16:36:07.127842 7faa40fe4700 10 -- 10.227.227.101:6789/0 >> 10.227.227.103:6817/11764 pipe(0x4840780 sd=24 :6789 s=0 pgs=0 cs=0 l=1).accept: setting up session_security.
2013-04-28 16:36:07.127847 7faa40fe4700 10 -- 10.227.227.101:6789/0 >> 10.227.227.103:6817/11764 pipe(0x4840780 sd=24 :6789 s=0 pgs=0 cs=0 l=1).accept new session
2013-04-28 16:36:07.127854 7faa40fe4700 10 -- 10.227.227.101:6789/0 >> 10.227.227.103:6817/11764 pipe(0x4840780 sd=24 :6789 s=2 pgs=389 cs=1 l=1).accept success, connect_seq = 1, sending READY
2013-04-28 16:36:07.127859 7faa40fe4700 10 -- 10.227.227.101:6789/0 >> 10.227.227.103:6817/11764 pipe(0x4840780 sd=24 :6789 s=2 pgs=389 cs=1 l=1).accept features 18446744073709551615
2013-04-28 16:36:07.127875 7faa40fe4700 10 -- 10.227.227.101:6789/0 >> 10.227.227.103:6817/11764 pipe(0x4840780 sd=24 :6789 s=2 pgs=389 cs=1 l=1).register_pipe
2013-04-28 16:36:07.127896 7faa40fe4700 10 -- 10.227.227.101:6789/0 >> 10.227.227.103:6817/11764 pipe(0x4840780 sd=24 :6789 s=2 pgs=389 cs=1 l=1).discard_requeued_up_to 0
2013-04-28 16:36:07.127893 7faa40adf700 10 -- 10.227.227.101:6789/0 >> 10.227.227.101:0/1852340383 pipe(0x4841180 sd=28 :6789 s=0 pgs=0 cs=0 l=1).accept of host_type 8, policy.lossy=1
2013-04-28 16:36:07.127915 7faa40adf700 10 -- 10.227.227.101:6789/0 >> 10.227.227.101:0/1852340383 pipe(0x4841180 sd=28 :6789 s=0 pgs=0 cs=0 l=1).accept my proto 15, their proto 15
2013-04-28 16:36:07.127912 7faa40fe4700 10 -- 10.227.227.101:6789/0 >> 10.227.227.103:6817/11764 pipe(0x4840780 sd=24 :6789 s=2 pgs=389 cs=1 l=1).accept starting writer, state open
2013-04-28 16:36:07.127921 7faa40adf700 10 -- 10.227.227.101:6789/0 >> 10.227.227.101:0/1852340383 pipe(0x4841180 sd=28 :6789 s=0 pgs=0 cs=0 l=1).accept: setting up session_security.
2013-04-28 16:36:07.127927 7faa40adf700 10 -- 10.227.227.101:6789/0 >> 10.227.227.101:0/1852340383 pipe(0x4841180 sd=28 :6789 s=0 pgs=0 cs=0 l=1).accept new session
2013-04-28 16:36:07.127989 7faa40adf700 10 -- 10.227.227.101:6789/0 >> 10.227.227.101:0/1852340383 pipe(0x4841180 sd=28 :6789 s=2 pgs=3481 cs=1 l=1).accept success, connect_seq = 1, sending READY
2013-04-28 16:36:07.127994 7faa40adf700 10 -- 10.227.227.101:6789/0 >> 10.227.227.101:0/1852340383 pipe(0x4841180 sd=28 :6789 s=2 pgs=3481 cs=1 l=1).accept features 18446744073709551615
2013-04-28 16:36:07.128014 7faa40adf700 10 -- 10.227.227.101:6789/0 >> 10.227.227.101:0/1852340383 pipe(0x4841180 sd=28 :6789 s=2 pgs=3481 cs=1 l=1).register_pipe
2013-04-28 16:36:07.128069 7faa40ce1700 10 -- 10.227.227.101:6789/0 >> :/0 pipe(0x4840a00 sd=26 :0 s=0 pgs=0 cs=0 l=0).accept
2013-04-28 16:36:07.128119 7faa40ce1700 1 -- 10.227.227.101:6789/0 >> :/0 pipe(0x4840a00 sd=26 :6789 s=0 pgs=0 cs=0 l=0).accept sd=26 10.227.227.103:34264/0
2013-04-28 16:36:07.128123 7faa40fe4700 10 -- 10.227.227.101:6789/0 >> 10.227.227.103:6817/11764 pipe(0x4840780 sd=24 :6789 s=2 pgs=389 cs=1 l=1).reader wants 56 bytes from policy throttler 0/419430400
2013-04-28 16:36:07.128134 7faa406db700 10 -- 10.227.227.101:6789/0 >> :/0 pipe(0x4841900 sd=32 :0 s=0 pgs=0 cs=0 l=0).accept
2013-04-28 16:36:07.128154 7faa40fe4700 10 -- 10.227.227.101:6789/0 >> 10.227.227.103:6817/11764 pipe(0x4840780 sd=24 :6789 s=2 pgs=389 cs=1 l=1).reader wants 56 from dispatch throttler 0/104857600
2013-04-28 16:36:07.128168 7faa406db700 1 -- 10.227.227.101:6789/0 >> :/0 pipe(0x4841900 sd=32 :6789 s=0 pgs=0 cs=0 l=0).accept sd=32 10.227.227.104:56377/0
2013-04-28 16:36:07.128177 7faa406db700 10 -- 10.227.227.101:6789/0 >> :/0 pipe(0x4841900 sd=32 :6789 s=0 pgs=0 cs=0 l=0).accept couldn't read banner
2013-04-28 16:36:07.128178 7faa40fe4700 10 -- 10.227.227.101:6789/0 >> 10.227.227.103:6817/11764 pipe(0x4840780 sd=24 :6789 s=2 pgs=389 cs=1 l=1).aborted = 0
2013-04-28 16:36:07.128190 7faa406db700 10 -- 10.227.227.101:6789/0 queue_reap 0x4841900
2013-04-28 16:36:07.128184 7faa40adf700 10 -- 10.227.227.101:6789/0 >> 10.227.227.101:0/1852340383 pipe(0x4841180 sd=28 :6789 s=2 pgs=3481 cs=1 l=1).discard_requeued_up_to 0
2013-04-28 16:36:07.128208 7faa431ea700 10 -- 10.227.227.101:6789/0 reaper
2013-04-28 16:36:07.128209 7faa40adf700 10 -- 10.227.227.101:6789/0 >> 10.227.227.101:0/1852340383 pipe(0x4841180 sd=28 :6789 s=2 pgs=3481 cs=1 l=1).accept starting writer, state open
2013-04-28 16:36:07.128217 7faa431ea700 10 -- 10.227.227.101:6789/0 reaper reaping pipe 0x4841900 :/0
2013-04-28 16:36:07.128220 7faa431ea700 10 -- 10.227.227.101:6789/0 >> :/0 pipe(0x4841900 sd=32 :6789 s=4 pgs=0 cs=0 l=0).discard_queue
2013-04-28 16:36:07.128222 7faa40fe4700 10 -- 10.227.227.101:6789/0 >> 10.227.227.103:6817/11764 pipe(0x4840780 sd=24 :6789 s=2 pgs=389 cs=1 l=1).reader got message 1 0x2da8fc0 auth(proto 0 26 bytes epoch 1) v1
2013-04-28 16:36:07.128227 7faa431ea700 10 -- 10.227.227.101:6789/0 >> :/0 pipe(0x4841900 sd=32 :6789 s=4 pgs=0 cs=0 l=0).unregister_pipe - not registered
2013-04-28 16:36:07.128238 7faa406db700 10 -- 10.227.227.101:6789/0 >> :/0 pipe(0x4841900 sd=32 :6789 s=4 pgs=0 cs=0 l=0).reader done
2013-04-28 16:36:07.128255 7faa421e8700 1 -- 10.227.227.101:6789/0 <== osd.6 10.227.227.103:6817/11764 1 ==== auth(proto 0 26 bytes epoch 1) v1 ==== 56+0+0 (4163808625 0 0) 0x2da8fc0 con 0x2de1b80
2013-04-28 16:36:07.128271 7faa431ea700 10 -- 10.227.227.101:6789/0 reaper reaped pipe 0x4841900 :/0
2013-04-28 16:36:07.128270 7faa40adf700 10 -- 10.227.227.101:6789/0 >> 10.227.227.101:0/1852340383 pipe(0x4841180 sd=28 :6789 s=2 pgs=3481 cs=1 l=1).reader wants 60 bytes from policy throttler 0/104857600
2013-04-28 16:36:07.128280 7faa431ea700 10 -- 10.227.227.101:6789/0 reaper deleted pipe 0x4841900
2013-04-28 16:36:07.128284 7faa431ea700 10 -- 10.227.227.101:6789/0 reaper done
2013-04-28 16:36:07.128283 7faa40adf700 10 -- 10.227.227.101:6789/0 >> 10.227.227.101:0/1852340383 pipe(0x4841180 sd=28 :6789 s=2 pgs=3481 cs=1 l=1).reader wants 60 from dispatch throttler 56/104857600
2013-04-28 16:36:07.128288 7faa421e8700 10 -- 10.227.227.101:6789/0 dispatch_throttle_release 56 to dispatch throttler 56/104857600
2013-04-28 16:36:07.128296 7faa40adf700 10 -- 10.227.227.101:6789/0 >> 10.227.227.101:0/1852340383 pipe(0x4841180 sd=28 :6789 s=2 pgs=3481 cs=1 l=1).aborted = 0
2013-04-28 16:36:07.128297 7faa40ce1700 10 -- 10.227.227.101:6789/0 >> 10.227.227.103:0/1030444 pipe(0x4840a00 sd=26 :6789 s=0 pgs=0 cs=0 l=0).accept peer addr is 10.227.227.103:0/1030444
2013-04-28 16:36:07.127964 7faa40be0700 10 -- 10.227.227.101:6789/0 >> :/0 pipe(0x4841400 sd=27 :0 s=0 pgs=0 cs=0 l=0).accept
2013-04-28 16:36:07.128309 7faa40ce1700 10 -- 10.227.227.101:6789/0 >> 10.227.227.103:0/1030444 pipe(0x4840a00 sd=26 :6789 s=0 pgs=0 cs=0 l=1).accept of host_type 8, policy.lossy=1
2013-04-28 16:36:07.128316 7faa40ce1700 10 -- 10.227.227.101:6789/0 >> 10.227.227.103:0/1030444 pipe(0x4840a00 sd=26 :6789 s=0 pgs=0 cs=0 l=1).accept my proto 15, their proto 15
2013-04-28 16:36:07.128310 7faa40adf700 10 -- 10.227.227.101:6789/0 >> 10.227.227.101:0/1852340383 pipe(0x4841180 sd=28 :6789 s=2 pgs=3481 cs=1 l=1).reader got message 1 0x2da9200 auth(proto 0 30 bytes epoch 1) v1
2013-04-28 16:36:07.128323 7faa40ce1700 10 -- 10.227.227.101:6789/0 >> 10.227.227.103:0/1030444 pipe(0x4840a00 sd=26 :6789 s=0 pgs=0 cs=0 l=1).accept: setting up session_security.
2013-04-28 16:36:07.128328 7faa40ce1700 10 -- 10.227.227.101:6789/0 >> 10.227.227.103:0/1030444 pipe(0x4840a00 sd=26 :6789 s=0 pgs=0 cs=0 l=1).accept new session
2013-04-28 16:36:07.128334 7faa40ce1700 10 -- 10.227.227.101:6789/0 >> 10.227.227.103:0/1030444 pipe(0x4840a00 sd=26 :6789 s=2 pgs=993 cs=1 l=1).accept success, connect_seq = 1, sending READY
2013-04-28 16:36:07.128341 7faa40ce1700 10 -- 10.227.227.101:6789/0 >> 10.227.227.103:0/1030444 pipe(0x4840a00 sd=26 :6789 s=2 pgs=993 cs=1 l=1).accept features 18446744073709551615
2013-04-28 16:36:07.128350 7faa40ce1700 10 -- 10.227.227.101:6789/0 >> 10.227.227.103:0/1030444 pipe(0x4840a00 sd=26 :6789 s=2 pgs=993 cs=1 l=1).register_pipe
2013-04-28 16:36:07.128368 7faa40ce1700 10 -- 10.227.227.101:6789/0 >> 10.227.227.103:0/1030444 pipe(0x4840a00 sd=26 :6789 s=2 pgs=993 cs=1 l=1).discard_requeued_up_to 0
2013-04-28 16:36:07.128383 7faa40ce1700 10 -- 10.227.227.101:6789/0 >> 10.227.227.103:0/1030444 pipe(0x4840a00 sd=26 :6789 s=2 pgs=993 cs=1 l=1).accept starting writer, state open
2013-04-28 16:36:07.128377 7faa421e8700 1 -- 10.227.227.101:6789/0 <== client.231834 10.227.227.101:0/1852340383 1 ==== auth(proto 0 30 bytes epoch 1) v1 ==== 60+0+0 (1300294494 0 0) 0x2da9200 con 0x2de2680
2013-04-28 16:36:07.128398 7faa421e8700 10 -- 10.227.227.101:6789/0 dispatch_throttle_release 60 to dispatch throttler 60/104857600
2013-04-28 16:36:07.128465 7faa40be0700 1 -- 10.227.227.101:6789/0 >> :/0 pipe(0x4841400 sd=27 :6789 s=0 pgs=0 cs=0 l=0).accept sd=27 10.227.227.101:37924/0
2013-04-28 16:36:07.128485 7faa40be0700 10 -- 10.227.227.101:6789/0 >> 10.227.227.101:0/1249473330 pipe(0x4841400 sd=27 :6789 s=0 pgs=0 cs=0 l=0).accept peer addr is 10.227.227.101:0/1249473330
2013-04-28 16:36:07.128500 7faa40be0700 10 -- 10.227.227.101:6789/0 >> 10.227.227.101:0/1249473330 pipe(0x4841400 sd=27 :6789 s=0 pgs=0 cs=0 l=1).accept of host_type 8, policy.lossy=1
2013-04-28 16:36:07.128507 7faa40be0700 10 -- 10.227.227.101:6789/0 >> 10.227.227.101:0/1249473330 pipe(0x4841400 sd=27 :6789 s=0 pgs=0 cs=0 l=1).accept my proto 15, their proto 15
2013-04-28 16:36:07.128512 7faa40be0700 10 -- 10.227.227.101:6789/0 >> 10.227.227.101:0/1249473330 pipe(0x4841400 sd=27 :6789 s=0 pgs=0 cs=0 l=1).accept: setting up session_security.
2013-04-28 16:36:07.128517 7faa40be0700 10 -- 10.227.227.101:6789/0 >> 10.227.227.101:0/1249473330 pipe(0x4841400 sd=27 :6789 s=0 pgs=0 cs=0 l=1).accept new session
2013-04-28 16:36:07.128522 7faa40be0700 10 -- 10.227.227.101:6789/0 >> 10.227.227.101:0/1249473330 pipe(0x4841400 sd=27 :6789 s=2 pgs=284 cs=1 l=1).accept success, connect_seq = 1, sending READY
2013-04-28 16:36:07.128526 7faa40be0700 10 -- 10.227.227.101:6789/0 >> 10.227.227.101:0/1249473330 pipe(0x4841400 sd=27 :6789 s=2 pgs=284 cs=1 l=1).accept features 18446744073709551615
2013-04-28 16:36:07.128544 7faa40be0700 10 -- 10.227.227.101:6789/0 >> 10.227.227.101:0/1249473330 pipe(0x4841400 sd=27 :6789 s=2 pgs=284 cs=1 l=1).register_pipe
2013-04-28 16:36:07.128541 7faa403d8700 10 -- 10.227.227.101:6789/0 >> 10.227.227.104:0/3012039 pipe(0x4842800 sd=35 :6789 s=0 pgs=0 cs=0 l=0).accept peer addr is 10.227.227.104:0/3012039
2013-04-28 16:36:07.128565 7faa403d8700 10 -- 10.227.227.101:6789/0 >> 10.227.227.104:0/3012039 pipe(0x4842800 sd=35 :6789 s=0 pgs=0 cs=0 l=1).accept of host_type 8, policy.lossy=1
2013-04-28 16:36:07.128572 7faa403d8700 10 -- 10.227.227.101:6789/0 >> 10.227.227.104:0/3012039 pipe(0x4842800 sd=35 :6789 s=0 pgs=0 cs=0 l=1).accept my proto 15, their proto 15
2013-04-28 16:36:07.128577 7faa403d8700 10 -- 10.227.227.101:6789/0 >> 10.227.227.104:0/3012039 pipe(0x4842800 sd=35 :6789 s=0 pgs=0 cs=0 l=1).accept: setting up session_security.
2013-04-28 16:36:07.128582 7faa403d8700 10 -- 10.227.227.101:6789/0 >> 10.227.227.104:0/3012039 pipe(0x4842800 sd=35 :6789 s=0 pgs=0 cs=0 l=1).accept new session
2013-04-28 16:36:07.128587 7faa403d8700 10 -- 10.227.227.101:6789/0 >> 10.227.227.104:0/3012039 pipe(0x4842800 sd=35 :6789 s=2 pgs=958 cs=1 l=1).accept success, connect_seq = 1, sending READY
2013-04-28 16:36:07.128591 7faa403d8700 10 -- 10.227.227.101:6789/0 >> 10.227.227.104:0/3012039 pipe(0x4842800 sd=35 :6789 s=2 pgs=958 cs=1 l=1).accept features 18446744073709551615
2013-04-28 16:36:07.128603 7faa403d8700 10 -- 10.227.227.101:6789/0 >> 10.227.227.104:0/3012039 pipe(0x4842800 sd=35 :6789 s=2 pgs=958 cs=1 l=1).register_pipe
2013-04-28 16:36:07.128625 7faa403d8700 10 -- 10.227.227.101:6789/0 >> 10.227.227.104:0/3012039 pipe(0x4842800 sd=35 :6789 s=2 pgs=958 cs=1 l=1).discard_requeued_up_to 0
2013-04-28 16:36:07.128637 7faa403d8700 10 -- 10.227.227.101:6789/0 >> 10.227.227.104:0/3012039 pipe(0x4842800 sd=35 :6789 s=2 pgs=958 cs=1 l=1).accept starting writer, state open
2013-04-28 16:36:07.128669 7faa40be0700 10 -- 10.227.227.101:6789/0 >> 10.227.227.101:0/1249473330 pipe(0x4841400 sd=27 :6789 s=2 pgs=284 cs=1 l=1).discard_requeued_up_to 0
2013-04-28 16:36:07.128689 7faa40be0700 10 -- 10.227.227.101:6789/0 >> 10.227.227.101:0/1249473330 pipe(0x4841400 sd=27 :6789 s=2 pgs=284 cs=1 l=1).accept starting writer, state open
2013-04-28 16:36:07.128024 7faa402d7700 10 -- 10.227.227.101:6789/0 >> :/0 pipe(0x4842580 sd=36 :0 s=0 pgs=0 cs=0 l=0).accept
2013-04-28 16:36:07.128710 7faa40ce1700 10 -- 10.227.227.101:6789/0 >> 10.227.227.103:0/1030444 pipe(0x4840a00 sd=26 :6789 s=2 pgs=993 cs=1 l=1).reader wants 60 bytes from policy throttler 60/104857600
2013-04-28 16:36:07.128727 7faa40ce1700 10 -- 10.227.227.101:6789/0 >> 10.227.227.103:0/1030444 pipe(0x4840a00 sd=26 :6789 s=2 pgs=993 cs=1 l=1).reader wants 60 from dispatch throttler 0/104857600
2013-04-28 16:36:07.128731 7faa402d7700 1 -- 10.227.227.101:6789/0 >> :/0 pipe(0x4842580 sd=36 :6789 s=0 pgs=0 cs=0 l=0).accept sd=36 10.227.227.104:56380/0
2013-04-28 16:36:07.128734 7faa40be0700 10 -- 10.227.227.101:6789/0 >> 10.227.227.101:0/1249473330 pipe(0x4841400 sd=27 :6789 s=2 pgs=284 cs=1 l=1).reader wants 60 bytes from policy throttler 120/104857600
2013-04-28 16:36:07.128745 7faa40be0700 10 -- 10.227.227.101:6789/0 >> 10.227.227.101:0/1249473330 pipe(0x4841400 sd=27 :6789 s=2 pgs=284 cs=1 l=1).reader wants 60 from dispatch throttler 60/104857600
2013-04-28 16:36:07.128739 7faa40ce1700 10 -- 10.227.227.101:6789/0 >> 10.227.227.103:0/1030444 pipe(0x4840a00 sd=26 :6789 s=2 pgs=993 cs=1 l=1).aborted = 0
2013-04-28 16:36:07.128756 7faa40be0700 10 -- 10.227.227.101:6789/0 >> 10.227.227.101:0/1249473330 pipe(0x4841400 sd=27 :6789 s=2 pgs=284 cs=1 l=1).aborted = 0
2013-04-28 16:36:07.128758 7faa40ce1700 10 -- 10.227.227.101:6789/0 >> 10.227.227.103:0/1030444 pipe(0x4840a00 sd=26 :6789 s=2 pgs=993 cs=1 l=1).reader got message 1 0x2da9440 auth(proto 0 30 bytes epoch 1) v1
2013-04-28 16:36:07.128765 7faa40be0700 10 -- 10.227.227.101:6789/0 >> 10.227.227.101:0/1249473330 pipe(0x4841400 sd=27 :6789 s=2 pgs=284 cs=1 l=1).reader got message 1 0x2da9680 auth(proto 0 30 bytes epoch 1) v1
2013-04-28 16:36:07.128779 7faa421e8700 1 -- 10.227.227.101:6789/0 <== client.230432 10.227.227.103:0/1030444 1 ==== auth(proto 0 30 bytes epoch 1) v1 ==== 60+0+0 (778411017 0 0) 0x2da9440 con 0x2de2260
2013-04-28 16:36:07.128792 7faa421e8700 10 -- 10.227.227.101:6789/0 dispatch_throttle_release 60 to dispatch throttler 120/104857600
2013-04-28 16:36:07.128806 7faa421e8700 1 -- 10.227.227.101:6789/0 <== client.232599 10.227.227.101:0/1249473330 1 ==== auth(proto 0 30 bytes epoch 1) v1 ==== 60+0+0 (4131028472 0 0) 0x2da9680 con 0x2de2940
2013-04-28 16:36:07.128818 7faa421e8700 10 -- 10.227.227.101:6789/0 dispatch_throttle_release 60 to dispatch throttler 60/104857600
2013-04-28 16:36:07.128845 7faa410e5700 10 -- 10.227.227.101:6789/0 >> 10.227.227.104:6789/0 pipe(0x4840280 sd=22 :53224 s=1 pgs=0 cs=0 l=0).reply.authorizer_len=36
2013-04-28 16:36:07.128878 7faa407dc700 10 -- 10.227.227.101:6789/0 >> :/0 pipe(0x4841b80 sd=31 :0 s=0 pgs=0 cs=0 l=0).accept
2013-04-28 16:36:07.128926 7faa410e5700 10 -- 10.227.227.101:6789/0 >> 10.227.227.104:6789/0 pipe(0x4840280 sd=22 :53224 s=1 pgs=0 cs=0 l=0).got CEPH_MSGR_TAG_SEQ, reading acked_seq and writing in_seq
2013-04-28 16:36:07.128944 7faa407dc700 1 -- 10.227.227.101:6789/0 >> :/0 pipe(0x4841b80 sd=31 :6789 s=0 pgs=0 cs=0 l=0).accept sd=31 10.227.227.103:34265/0
2013-04-28 16:36:07.128957 7faa410e5700 10 -- 10.227.227.101:6789/0 >> 10.227.227.104:6789/0 pipe(0x4840280 sd=22 :53224 s=2 pgs=4891 cs=1 l=0).connect success 1, lossy = 0, features 4294967295
2013-04-28 16:36:07.129012 7faa410e5700 10 -- 10.227.227.101:6789/0 >> 10.227.227.104:6789/0 pipe(0x4840280 sd=22 :53224 s=2 pgs=4891 cs=1 l=0).writer: state = open policy.server=0
2013-04-28 16:36:07.129024 7faa409de700 10 -- 10.227.227.101:6789/0 >> :/0 pipe(0x4840f00 sd=29 :0 s=0 pgs=0 cs=0 l=0).accept
2013-04-28 16:36:07.129057 7faa410e5700 10 -- 10.227.227.101:6789/0 >> 10.227.227.104:6789/0 pipe(0x4840280 sd=22 :53224 s=2 pgs=4891 cs=1 l=0).writer: state = open policy.server=0
2013-04-28 16:36:07.129171 7faa409de700 1 -- 10.227.227.101:6789/0 >> :/0 pipe(0x4840f00 sd=29 :6789 s=0 pgs=0 cs=0 l=0).accept sd=29 10.227.227.101:37926/0
2013-04-28 16:36:07.129192 7faa409de700 10 -- 10.227.227.101:6789/0 >> 10.227.227.101:6806/13433 pipe(0x4840f00 sd=29 :6789 s=0 pgs=0 cs=0 l=0).accept peer addr is 10.227.227.101:6806/13433
2013-04-28 16:36:07.129208 7faa409de700 10 -- 10.227.227.101:6789/0 >> 10.227.227.101:6806/13433 pipe(0x4840f00 sd=29 :6789 s=0 pgs=0 cs=0 l=1).accept of host_type 4, policy.lossy=1
2013-04-28 16:36:07.129214 7faa409de700 10 -- 10.227.227.101:6789/0 >> 10.227.227.101:6806/13433 pipe(0x4840f00 sd=29 :6789 s=0 pgs=0 cs=0 l=1).accept my proto 15, their proto 15
2013-04-28 16:36:07.129219 7faa409de700 10 -- 10.227.227.101:6789/0 >> 10.227.227.101:6806/13433 pipe(0x4840f00 sd=29 :6789 s=0 pgs=0 cs=0 l=1).accept: setting up session_security.
2013-04-28 16:36:07.129224 7faa409de700 10 -- 10.227.227.101:6789/0 >> 10.227.227.101:6806/13433 pipe(0x4840f00 sd=29 :6789 s=0 pgs=0 cs=0 l=1).accept new session
2013-04-28 16:36:07.129234 7faa409de700 10 -- 10.227.227.101:6789/0 >> 10.227.227.101:6806/13433 pipe(0x4840f00 sd=29 :6789 s=2 pgs=289 cs=1 l=1).accept success, connect_seq = 1, sending READY
2013-04-28 16:36:07.129239 7faa409de700 10 -- 10.227.227.101:6789/0 >> 10.227.227.101:6806/13433 pipe(0x4840f00 sd=29 :6789 s=2 pgs=289 cs=1 l=1).accept features 18446744073709551615
2013-04-28 16:36:07.129250 7faa409de700 10 -- 10.227.227.101:6789/0 >> 10.227.227.101:6806/13433 pipe(0x4840f00 sd=29 :6789 s=2 pgs=289 cs=1 l=1).register_pipe
2013-04-28 16:36:07.129562 7faa407dc700 10 -- 10.227.227.101:6789/0 >> 10.227.227.103:0/1025178 pipe(0x4841b80 sd=31 :6789 s=0 pgs=0 cs=0 l=0).accept peer addr is 10.227.227.103:0/1025178
2013-04-28 16:36:07.129583 7faa407dc700 10 -- 10.227.227.101:6789/0 >> 10.227.227.103:0/1025178 pipe(0x4841b80 sd=31 :6789 s=0 pgs=0 cs=0 l=1).accept of host_type 8, policy.lossy=1
2013-04-28 16:36:07.129590 7faa407dc700 10 -- 10.227.227.101:6789/0 >> 10.227.227.103:0/1025178 pipe(0x4841b80 sd=31 :6789 s=0 pgs=0 cs=0 l=1).accept my proto 15, their proto 15
2013-04-28 16:36:07.129595 7faa407dc700 10 -- 10.227.227.101:6789/0 >> 10.227.227.103:0/1025178 pipe(0x4841b80 sd=31 :6789 s=0 pgs=0 cs=0 l=1).accept: setting up session_security.
2013-04-28 16:36:07.129600 7faa407dc700 10 -- 10.227.227.101:6789/0 >> 10.227.227.103:0/1025178 pipe(0x4841b80 sd=31 :6789 s=0 pgs=0 cs=0 l=1).accept new session
2013-04-28 16:36:07.129605 7faa407dc700 10 -- 10.227.227.101:6789/0 >> 10.227.227.103:0/1025178 pipe(0x4841b80 sd=31 :6789 s=2 pgs=1474 cs=1 l=1).accept success, connect_seq = 1, sending READY
2013-04-28 16:36:07.129610 7faa407dc700 10 -- 10.227.227.101:6789/0 >> 10.227.227.103:0/1025178 pipe(0x4841b80 sd=31 :6789 s=2 pgs=1474 cs=1 l=1).accept features 18446744073709551615
2013-04-28 16:36:07.129622 7faa407dc700 10 -- 10.227.227.101:6789/0 >> 10.227.227.103:0/1025178 pipe(0x4841b80 sd=31 :6789 s=2 pgs=1474 cs=1 l=1).register_pipe
2013-04-28 16:36:07.129643 7faa407dc700 10 -- 10.227.227.101:6789/0 >> 10.227.227.103:0/1025178 pipe(0x4841b80 sd=31 :6789 s=2 pgs=1474 cs=1 l=1).discard_requeued_up_to 0
2013-04-28 16:36:07.129655 7faa407dc700 10 -- 10.227.227.101:6789/0 >> 10.227.227.103:0/1025178 pipe(0x4841b80 sd=31 :6789 s=2 pgs=1474 cs=1 l=1).accept starting writer, state open
2013-04-28 16:36:07.129763 7faa403d8700 10 -- 10.227.227.101:6789/0 >> 10.227.227.104:0/3012039 pipe(0x4842800 sd=35 :6789 s=2 pgs=958 cs=1 l=1).reader wants 60 bytes from policy throttler 180/104857600
2013-04-28 16:36:07.129782 7faa403d8700 10 -- 10.227.227.101:6789/0 >> 10.227.227.104:0/3012039 pipe(0x4842800 sd=35 :6789 s=2 pgs=958 cs=1 l=1).reader wants 60 from dispatch throttler 0/104857600
2013-04-28 16:36:07.129794 7faa403d8700 10 -- 10.227.227.101:6789/0 >> 10.227.227.104:0/3012039 pipe(0x4842800 sd=35 :6789 s=2 pgs=958 cs=1 l=1).aborted = 0
2013-04-28 16:36:07.129806 7faa403d8700 10 -- 10.227.227.101:6789/0 >> 10.227.227.104:0/3012039 pipe(0x4842800 sd=35 :6789 s=2 pgs=958 cs=1 l=1).reader got message 1 0x2da98c0 auth(proto 0 30 bytes epoch 1) v1
2013-04-28 16:36:07.129539 7faa409de700 10 -- 10.227.227.101:6789/0 >> 10.227.227.101:6806/13433 pipe(0x4840f00 sd=29 :6789 s=2 pgs=289 cs=1 l=1).discard_requeued_up_to 0
2013-04-28 16:36:07.129838 7faa409de700 10 -- 10.227.227.101:6789/0 >> 10.227.227.101:6806/13433 pipe(0x4840f00 sd=29 :6789 s=2 pgs=289 cs=1 l=1).accept starting writer, state open
2013-04-28 16:36:07.129834 7faa421e8700 1 -- 10.227.227.101:6789/0 <== client.230530 10.227.227.104:0/3012039 1 ==== auth(proto 0 30 bytes epoch 1) v1 ==== 60+0+0 (3080406231 0 0) 0x2da98c0 con 0x2de40a0
2013-04-28 16:36:07.129858 7faa421e8700 10 -- 10.227.227.101:6789/0 dispatch_throttle_release 60 to dispatch throttler 60/104857600
2013-04-28 16:36:07.129888 7faa409de700 10 -- 10.227.227.101:6789/0 >> 10.227.227.101:6806/13433 pipe(0x4840f00 sd=29 :6789 s=2 pgs=289 cs=1 l=1).reader wants 56 bytes from policy throttler 56/419430400
2013-04-28 16:36:07.129899 7faa409de700 10 -- 10.227.227.101:6789/0 >> 10.227.227.101:6806/13433 pipe(0x4840f00 sd=29 :6789 s=2 pgs=289 cs=1 l=1).reader wants 56 from dispatch throttler 0/104857600
2013-04-28 16:36:07.129908 7faa409de700 10 -- 10.227.227.101:6789/0 >> 10.227.227.101:6806/13433 pipe(0x4840f00 sd=29 :6789 s=2 pgs=289 cs=1 l=1).aborted = 0
2013-04-28 16:36:07.129916 7faa409de700 10 -- 10.227.227.101:6789/0 >> 10.227.227.101:6806/13433 pipe(0x4840f00 sd=29 :6789 s=2 pgs=289 cs=1 l=1).reader got message 1 0x2da9b00 auth(proto 0 26 bytes epoch 1) v1
2013-04-28 16:36:07.129939 7faa421e8700 1 -- 10.227.227.101:6789/0 <== osd.1 10.227.227.101:6806/13433 1 ==== auth(proto 0 26 bytes epoch 1) v1 ==== 56+0+0 (3244783540 0 0) 0x2da9b00 con 0x2de3020
2013-04-28 16:36:07.129996 7faa421e8700 10 -- 10.227.227.101:6789/0 dispatch_throttle_release 56 to dispatch throttler 56/104857600
2013-04-28 16:36:07.130781 7faa405da700 10 -- 10.227.227.101:6789/0 >> :/0 pipe(0x4841680 sd=33 :0 s=0 pgs=0 cs=0 l=0).accept
2013-04-28 16:36:07.130854 7faa405da700 1 -- 10.227.227.101:6789/0 >> :/0 pipe(0x4841680 sd=33 :6789 s=0 pgs=0 cs=0 l=0).accept sd=33 10.227.227.101:37929/0
2013-04-28 16:36:07.130882 7faa40ee3700 10 -- 10.227.227.101:6789/0 >> 10.227.227.103:6789/0 pipe(0x4840500 sd=23 :47647 s=2 pgs=3827 cs=1 l=0).reader got ack seq 1 >= 1 on 0x4f00300 mon_probe(probe 5eacb654-3204-4ca1-9b16-83bb0140e497 name 1) v4
2013-04-28 16:36:07.130911 7faa40ee3700 10 -- 10.227.227.101:6789/0 >> 10.227.227.103:6789/0 pipe(0x4840500 sd=23 :47647 s=2 pgs=3827 cs=1 l=0).reader wants 555 from dispatch throttler 0/104857600
2013-04-28 16:36:07.130925 7faa40ee3700 10 -- 10.227.227.101:6789/0 >> 10.227.227.103:6789/0 pipe(0x4840500 sd=23 :47647 s=2 pgs=3827 cs=1 l=0).aborted = 0
2013-04-28 16:36:07.130954 7faa40de2700 10 -- 10.227.227.101:6789/0 >> 10.227.227.103:0/2030444 pipe(0x4840c80 sd=25 :6789 s=0 pgs=0 cs=0 l=0).accept peer addr is 10.227.227.103:0/2030444
2013-04-28 16:36:07.131006 7faa405da700 10 -- 10.227.227.101:6789/0 >> 10.227.227.101:6801/13334 pipe(0x4841680 sd=33 :6789 s=0 pgs=0 cs=0 l=0).accept peer addr is 10.227.227.101:6801/13334
2013-04-28 16:36:07.130979 7faa40de2700 10 -- 10.227.227.101:6789/0 >> 10.227.227.103:0/2030444 pipe(0x4840c80 sd=25 :6789 s=0 pgs=0 cs=0 l=1).accept of host_type 8, policy.lossy=1
2013-04-28 16:36:07.131037 7faa40de2700 10 -- 10.227.227.101:6789/0 >> 10.227.227.103:0/2030444 pipe(0x4840c80 sd=25 :6789 s=0 pgs=0 cs=0 l=1).accept my proto 15, their proto 15
2013-04-28 16:36:07.131048 7faa40de2700 10 -- 10.227.227.101:6789/0 >> 10.227.227.103:0/2030444 pipe(0x4840c80 sd=25 :6789 s=0 pgs=0 cs=0 l=1).accept: setting up session_security.
2013-04-28 16:36:07.131038 7faa40ee3700 10 -- 10.227.227.101:6789/0 >> 10.227.227.103:6789/0 pipe(0x4840500 sd=23 :47647 s=2 pgs=3827 cs=1 l=0).reader got message 198795152 0x4f00300 mon_probe(reply 5eacb654-3204-4ca1-9b16-83bb0140e497 name 3 paxos( fc 11983681 lc 11983696 )) v4
2013-04-28 16:36:07.131053 7faa40de2700 10 -- 10.227.227.101:6789/0 >> 10.227.227.103:0/2030444 pipe(0x4840c80 sd=25 :6789 s=0 pgs=0 cs=0 l=1).accept new session
2013-04-28 16:36:07.131059 7faa40de2700 10 -- 10.227.227.101:6789/0 >> 10.227.227.103:0/2030444 pipe(0x4840c80 sd=25 :6789 s=2 pgs=1643 cs=1 l=1).accept success, connect_seq = 1, sending READY
2013-04-28 16:36:07.131064 7faa40de2700 10 -- 10.227.227.101:6789/0 >> 10.227.227.103:0/2030444 pipe(0x4840c80 sd=25 :6789 s=2 pgs=1643 cs=1 l=1).accept features 18446744073709551615
2013-04-28 16:36:07.131074 7faa40de2700 10 -- 10.227.227.101:6789/0 >> 10.227.227.103:0/2030444 pipe(0x4840c80 sd=25 :6789 s=2 pgs=1643 cs=1 l=1).register_pipe
2013-04-28 16:36:07.131072 7faa411e6700 10 -- 10.227.227.101:6789/0 >> 10.227.227.103:6789/0 pipe(0x4840500 sd=23 :47647 s=2 pgs=3827 cs=1 l=0).writer: state = open policy.server=0
2013-04-28 16:36:07.131086 7faa411e6700 10 -- 10.227.227.101:6789/0 >> 10.227.227.103:6789/0 pipe(0x4840500 sd=23 :47647 s=2 pgs=3827 cs=1 l=0).write_ack 198795152
2013-04-28 16:36:07.131095 7faa411e6700 10 -- 10.227.227.101:6789/0 >> 10.227.227.103:6789/0 pipe(0x4840500 sd=23 :47647 s=2 pgs=3827 cs=1 l=0).writer: state = open policy.server=0
2013-04-28 16:36:07.131102 7faa40de2700 10 -- 10.227.227.101:6789/0 >> 10.227.227.103:0/2030444 pipe(0x4840c80 sd=25 :6789 s=2 pgs=1643 cs=1 l=1).discard_requeued_up_to 0
2013-04-28 16:36:07.131108 7faa421e8700 1 -- 10.227.227.101:6789/0 <== mon.1 10.227.227.103:6789/0 198795152 ==== mon_probe(reply 5eacb654-3204-4ca1-9b16-83bb0140e497 name 3 paxos( fc 11983681 lc 11983696 )) v4 ==== 555+0+0 (3633172619 0 0) 0x4f00300 con 0x2de06e0
2013-04-28 16:36:07.131114 7faa40de2700 10 -- 10.227.227.101:6789/0 >> 10.227.227.103:0/2030444 pipe(0x4840c80 sd=25 :6789 s=2 pgs=1643 cs=1 l=1).accept starting writer, state open
2013-04-28 16:36:07.131152 7faa407dc700 10 -- 10.227.227.101:6789/0 >> 10.227.227.103:0/1025178 pipe(0x4841b80 sd=31 :6789 s=2 pgs=1474 cs=1 l=1).reader wants 60 bytes from policy throttler 240/104857600
2013-04-28 16:36:07.131170 7faa407dc700 10 -- 10.227.227.101:6789/0 >> 10.227.227.103:0/1025178 pipe(0x4841b80 sd=31 :6789 s=2 pgs=1474 cs=1 l=1).reader wants 60 from dispatch throttler 555/104857600
2013-04-28 16:36:07.131171 7faa405da700 10 -- 10.227.227.101:6789/0 >> 10.227.227.101:6801/13334 pipe(0x4841680 sd=33 :6789 s=0 pgs=0 cs=0 l=1).accept of host_type 4, policy.lossy=1
2013-04-28 16:36:07.131183 7faa405da700 10 -- 10.227.227.101:6789/0 >> 10.227.227.101:6801/13334 pipe(0x4841680 sd=33 :6789 s=0 pgs=0 cs=0 l=1).accept my proto 15, their proto 15
2013-04-28 16:36:07.131188 7faa405da700 10 -- 10.227.227.101:6789/0 >> 10.227.227.101:6801/13334 pipe(0x4841680 sd=33 :6789 s=0 pgs=0 cs=0 l=1).accept: setting up session_security.
2013-04-28 16:36:07.131193 7faa405da700 10 -- 10.227.227.101:6789/0 >> 10.227.227.101:6801/13334 pipe(0x4841680 sd=33 :6789 s=0 pgs=0 cs=0 l=1).accept new session
2013-04-28 16:36:07.131197 7faa405da700 10 -- 10.227.227.101:6789/0 >> 10.227.227.101:6801/13334 pipe(0x4841680 sd=33 :6789 s=2 pgs=293 cs=1 l=1).accept success, connect_seq = 1, sending READY
2013-04-28 16:36:07.131202 7faa405da700 10 -- 10.227.227.101:6789/0 >> 10.227.227.101:6801/13334 pipe(0x4841680 sd=33 :6789 s=2 pgs=293 cs=1 l=1).accept features 18446744073709551615
2013-04-28 16:36:07.131209 7faa405da700 10 -- 10.227.227.101:6789/0 >> 10.227.227.101:6801/13334 pipe(0x4841680 sd=33 :6789 s=2 pgs=293 cs=1 l=1).register_pipe
2013-04-28 16:36:07.131230 7faa405da700 10 -- 10.227.227.101:6789/0 >> 10.227.227.101:6801/13334 pipe(0x4841680 sd=33 :6789 s=2 pgs=293 cs=1 l=1).discard_requeued_up_to 0
2013-04-28 16:36:07.131288 7faa405da700 10 -- 10.227.227.101:6789/0 >> 10.227.227.101:6801/13334 pipe(0x4841680 sd=33 :6789 s=2 pgs=293 cs=1 l=1).accept starting writer, state open
2013-04-28 16:36:07.131307 7faa400d5700 10 -- 10.227.227.101:6789/0 >> :/0 pipe(0x4842080 sd=38 :0 s=0 pgs=0 cs=0 l=0).accept
2013-04-28 16:36:07.131362 7faa400d5700 1 -- 10.227.227.101:6789/0 >> :/0 pipe(0x4842080 sd=38 :6789 s=0 pgs=0 cs=0 l=0).accept sd=38 10.227.227.103:34268/0
2013-04-28 16:36:07.131371 7faa400d5700 10 -- 10.227.227.101:6789/0 >> :/0 pipe(0x4842080 sd=38 :6789 s=0 pgs=0 cs=0 l=0).accept couldn't read banner
2013-04-28 16:36:07.131399 7faa400d5700 10 -- 10.227.227.101:6789/0 queue_reap 0x4842080
2013-04-28 16:36:07.131408 7faa400d5700 10 -- 10.227.227.101:6789/0 >> :/0 pipe(0x4842080 sd=38 :6789 s=4 pgs=0 cs=0 l=0).reader done
2013-04-28 16:36:07.131413 7faa431ea700 10 -- 10.227.227.101:6789/0 reaper
2013-04-28 16:36:07.131427 7faa431ea700 10 -- 10.227.227.101:6789/0 reaper reaping pipe 0x4842080 :/0
2013-04-28 16:36:07.131431 7faa431ea700 10 -- 10.227.227.101:6789/0 >> :/0 pipe(0x4842080 sd=38 :6789 s=4 pgs=0 cs=0 l=0).discard_queue
2013-04-28 16:36:07.131438 7faa431ea700 10 -- 10.227.227.101:6789/0 >> :/0 pipe(0x4842080 sd=38 :6789 s=4 pgs=0 cs=0 l=0).unregister_pipe - not registered
2013-04-28 16:36:07.131449 7faa405da700 10 -- 10.227.227.101:6789/0 >> 10.227.227.101:6801/13334 pipe(0x4841680 sd=33 :6789 s=2 pgs=293 cs=1 l=1).reader wants 56 bytes from policy throttler 112/419430400
2013-04-28 16:36:07.131462 7faa405da700 10 -- 10.227.227.101:6789/0 >> 10.227.227.101:6801/13334 pipe(0x4841680 sd=33 :6789 s=2 pgs=293 cs=1 l=1).reader wants 56 from dispatch throttler 615/104857600
2013-04-28 16:36:07.131473 7faa405da700 10 -- 10.227.227.101:6789/0 >> 10.227.227.101:6801/13334 pipe(0x4841680 sd=33 :6789 s=2 pgs=293 cs=1 l=1).aborted = 0
2013-04-28 16:36:07.131492 7faa405da700 10 -- 10.227.227.101:6789/0 >> 10.227.227.101:6801/13334 pipe(0x4841680 sd=33 :6789 s=2 pgs=293 cs=1 l=1).reader got message 1 0x2da9f80 auth(proto 0 26 bytes epoch 1) v1
2013-04-28 16:36:07.131532 7faa431ea700 10 -- 10.227.227.101:6789/0 reaper reaped pipe 0x4842080 :/0
2013-04-28 16:36:07.131545 7faa431ea700 10 -- 10.227.227.101:6789/0 reaper deleted pipe 0x4842080
2013-04-28 16:36:07.131547 7faa431ea700 10 -- 10.227.227.101:6789/0 reaper done
2013-04-28 16:36:07.131544 7faa408dd700 10 -- 10.227.227.101:6789/0 >> :/0 pipe(0x4841e00 sd=30 :0 s=0 pgs=0 cs=0 l=0).accept
2013-04-28 16:36:07.131191 7faa407dc700 10 -- 10.227.227.101:6789/0 >> 10.227.227.103:0/1025178 pipe(0x4841b80 sd=31 :6789 s=2 pgs=1474 cs=1 l=1).aborted = 0
2013-04-28 16:36:07.131614 7faa407dc700 10 -- 10.227.227.101:6789/0 >> 10.227.227.103:0/1025178 pipe(0x4841b80 sd=31 :6789 s=2 pgs=1474 cs=1 l=1).reader got message 1 0x2daa400 auth(proto 0 30 bytes epoch 1) v1
2013-04-28 16:36:07.131642 7faa404d9700 10 -- 10.227.227.101:6789/0 >> :/0 pipe(0x4842a80 sd=34 :0 s=0 pgs=0 cs=0 l=0).accept
2013-04-28 16:36:07.131673 7faa408dd700 1 -- 10.227.227.101:6789/0 >> :/0 pipe(0x4841e00 sd=30 :6789 s=0 pgs=0 cs=0 l=0).accept sd=30 10.227.227.101:37927/0
2013-04-28 16:36:07.131680 7faa404d9700 1 -- 10.227.227.101:6789/0 >> :/0 pipe(0x4842a80 sd=34 :6789 s=0 pgs=0 cs=0 l=0).accept sd=34 10.227.227.104:56378/0
2013-04-28 16:36:07.131693 7faa408dd700 10 -- 10.227.227.101:6789/0 >> 10.227.227.101:6812/13601 pipe(0x4841e00 sd=30 :6789 s=0 pgs=0 cs=0 l=0).accept peer addr is 10.227.227.101:6812/13601
2013-04-28 16:36:07.131709 7faa408dd700 10 -- 10.227.227.101:6789/0 >> 10.227.227.101:6812/13601 pipe(0x4841e00 sd=30 :6789 s=0 pgs=0 cs=0 l=1).accept of host_type 4, policy.lossy=1
2013-04-28 16:36:07.131716 7faa408dd700 10 -- 10.227.227.101:6789/0 >> 10.227.227.101:6812/13601 pipe(0x4841e00 sd=30 :6789 s=0 pgs=0 cs=0 l=1).accept my proto 15, their proto 15
2013-04-28 16:36:07.131721 7faa408dd700 10 -- 10.227.227.101:6789/0 >> 10.227.227.101:6812/13601 pipe(0x4841e00 sd=30 :6789 s=0 pgs=0 cs=0 l=1).accept: setting up session_security.
2013-04-28 16:36:07.131725 7faa408dd700 10 -- 10.227.227.101:6789/0 >> 10.227.227.101:6812/13601 pipe(0x4841e00 sd=30 :6789 s=0 pgs=0 cs=0 l=1).accept new session
2013-04-28 16:36:07.131730 7faa408dd700 10 -- 10.227.227.101:6789/0 >> 10.227.227.101:6812/13601 pipe(0x4841e00 sd=30 :6789 s=2 pgs=299 cs=1 l=1).accept success, connect_seq = 1, sending READY
2013-04-28 16:36:07.131734 7faa408dd700 10 -- 10.227.227.101:6789/0 >> 10.227.227.101:6812/13601 pipe(0x4841e00 sd=30 :6789 s=2 pgs=299 cs=1 l=1).accept features 18446744073709551615
2013-04-28 16:36:07.131741 7faa408dd700 10 -- 10.227.227.101:6789/0 >> 10.227.227.101:6812/13601 pipe(0x4841e00 sd=30 :6789 s=2 pgs=299 cs=1 l=1).register_pipe
2013-04-28 16:36:07.131826 7faa408dd700 10 -- 10.227.227.101:6789/0 >> 10.227.227.101:6812/13601 pipe(0x4841e00 sd=30 :6789 s=2 pgs=299 cs=1 l=1).discard_requeued_up_to 0
2013-04-28 16:36:07.131846 7faa408dd700 10 -- 10.227.227.101:6789/0 >> 10.227.227.101:6812/13601 pipe(0x4841e00 sd=30 :6789 s=2 pgs=299 cs=1 l=1).accept starting writer, state open
2013-04-28 16:36:07.131883 7faa408dd700 10 -- 10.227.227.101:6789/0 >> 10.227.227.101:6812/13601 pipe(0x4841e00 sd=30 :6789 s=2 pgs=299 cs=1 l=1).reader wants 56 bytes from policy throttler 168/419430400
2013-04-28 16:36:07.131893 7faa408dd700 10 -- 10.227.227.101:6789/0 >> 10.227.227.101:6812/13601 pipe(0x4841e00 sd=30 :6789 s=2 pgs=299 cs=1 l=1).reader wants 56 from dispatch throttler 671/104857600
2013-04-28 16:36:07.131902 7faa408dd700 10 -- 10.227.227.101:6789/0 >> 10.227.227.101:6812/13601 pipe(0x4841e00 sd=30 :6789 s=2 pgs=299 cs=1 l=1).aborted = 0
2013-04-28 16:36:07.131911 7faa408dd700 10 -- 10.227.227.101:6789/0 >> 10.227.227.101:6812/13601 pipe(0x4841e00 sd=30 :6789 s=2 pgs=299 cs=1 l=1).reader got message 1 0x2daa640 auth(proto 0 26 bytes epoch 1) v1
2013-04-28 16:36:07.131926 7faa3f7cc700 10 -- 10.227.227.101:6789/0 >> 10.227.227.101:6801/13334 pipe(0x4841680 sd=33 :6789 s=2 pgs=293 cs=1 l=1).writer: state = open policy.server=1
2013-04-28 16:36:07.131939 7faa3f7cc700 10 -- 10.227.227.101:6789/0 >> 10.227.227.101:6801/13334 pipe(0x4841680 sd=33 :6789 s=2 pgs=293 cs=1 l=1).write_ack 1
2013-04-28 16:36:07.131948 7faa3f7cc700 10 -- 10.227.227.101:6789/0 >> 10.227.227.101:6801/13334 pipe(0x4841680 sd=33 :6789 s=2 pgs=293 cs=1 l=1).writer: state = open policy.server=1
2013-04-28 16:36:07.132138 7faa40de2700 10 -- 10.227.227.101:6789/0 >> 10.227.227.103:0/2030444 pipe(0x4840c80 sd=25 :6789 s=2 pgs=1643 cs=1 l=1).reader wants 60 bytes from policy throttler 300/104857600
2013-04-28 16:36:07.132155 7faa40de2700 10 -- 10.227.227.101:6789/0 >> 10.227.227.103:0/2030444 pipe(0x4840c80 sd=25 :6789 s=2 pgs=1643 cs=1 l=1).reader wants 60 from dispatch throttler 727/104857600
2013-04-28 16:36:07.132166 7faa40de2700 10 -- 10.227.227.101:6789/0 >> 10.227.227.103:0/2030444 pipe(0x4840c80 sd=25 :6789 s=2 pgs=1643 cs=1 l=1).aborted = 0
2013-04-28 16:36:07.132176 7faa40de2700 10 -- 10.227.227.101:6789/0 >> 10.227.227.103:0/2030444 pipe(0x4840c80 sd=25 :6789 s=2 pgs=1643 cs=1 l=1).reader got message 1 0x2daa880 auth(proto 0 30 bytes epoch 1) v1
2013-04-28 16:36:07.133385 7faa404d9700 10 -- 10.227.227.101:6789/0 >> 10.227.227.104:0/1012039 pipe(0x4842a80 sd=34 :6789 s=0 pgs=0 cs=0 l=0).accept peer addr is 10.227.227.104:0/1012039
2013-04-28 16:36:07.133405 7faa404d9700 10 -- 10.227.227.101:6789/0 >> 10.227.227.104:0/1012039 pipe(0x4842a80 sd=34 :6789 s=0 pgs=0 cs=0 l=1).accept of host_type 8, policy.lossy=1
2013-04-28 16:36:07.133411 7faa404d9700 10 -- 10.227.227.101:6789/0 >> 10.227.227.104:0/1012039 pipe(0x4842a80 sd=34 :6789 s=0 pgs=0 cs=0 l=1).accept my proto 15, their proto 15
2013-04-28 16:36:07.133416 7faa404d9700 10 -- 10.227.227.101:6789/0 >> 10.227.227.104:0/1012039 pipe(0x4842a80 sd=34 :6789 s=0 pgs=0 cs=0 l=1).accept: setting up session_security.
2013-04-28 16:36:07.133420 7faa404d9700 10 -- 10.227.227.101:6789/0 >> 10.227.227.104:0/1012039 pipe(0x4842a80 sd=34 :6789 s=0 pgs=0 cs=0 l=1).accept new session
2013-04-28 16:36:07.133425 7faa404d9700 10 -- 10.227.227.101:6789/0 >> 10.227.227.104:0/1012039 pipe(0x4842a80 sd=34 :6789 s=2 pgs=982 cs=1 l=1).accept success, connect_seq = 1, sending READY
2013-04-28 16:36:07.133430 7faa404d9700 10 -- 10.227.227.101:6789/0 >> 10.227.227.104:0/1012039 pipe(0x4842a80 sd=34 :6789 s=2 pgs=982 cs=1 l=1).accept features 18446744073709551615
2013-04-28 16:36:07.133444 7faa404d9700 10 -- 10.227.227.101:6789/0 >> 10.227.227.104:0/1012039 pipe(0x4842a80 sd=34 :6789 s=2 pgs=982 cs=1 l=1).register_pipe
2013-04-28 16:36:07.133463 7faa404d9700 10 -- 10.227.227.101:6789/0 >> 10.227.227.104:0/1012039 pipe(0x4842a80 sd=34 :6789 s=2 pgs=982 cs=1 l=1).discard_requeued_up_to 0
2013-04-28 16:36:07.133474 7faa404d9700 10 -- 10.227.227.101:6789/0 >> 10.227.227.104:0/1012039 pipe(0x4842a80 sd=34 :6789 s=2 pgs=982 cs=1 l=1).accept starting writer, state open
2013-04-28 16:36:07.134925 7faa404d9700 10 -- 10.227.227.101:6789/0 >> 10.227.227.104:0/1012039 pipe(0x4842a80 sd=34 :6789 s=2 pgs=982 cs=1 l=1).reader wants 60 bytes from policy throttler 360/104857600
