2013-04-28 16:36:39.811617 7faa401d6700 10 -- 10.227.227.101:6789/0 >> 10.227.227.101:0/1012136 pipe(0x4847a80 sd=29 :6789 s=2 pgs=939 cs=1 l=1).discard_requeued_up_to 0
2013-04-28 16:36:39.811626 7faa401d6700 10 -- 10.227.227.101:6789/0 >> 10.227.227.101:0/1012136 pipe(0x4847a80 sd=29 :6789 s=2 pgs=939 cs=1 l=1).accept starting writer, state open
2013-04-28 16:36:39.811770 7faa401d6700 10 -- 10.227.227.101:6789/0 >> 10.227.227.101:0/1012136 pipe(0x4847a80 sd=29 :6789 s=2 pgs=939 cs=1 l=1).reader wants 60 bytes from policy throttler 240/104857600
2013-04-28 16:36:39.811791 7faa401d6700 10 -- 10.227.227.101:6789/0 >> 10.227.227.101:0/1012136 pipe(0x4847a80 sd=29 :6789 s=2 pgs=939 cs=1 l=1).reader wants 60 from dispatch throttler 0/104857600
2013-04-28 16:36:39.811804 7faa401d6700 10 -- 10.227.227.101:6789/0 >> 10.227.227.101:0/1012136 pipe(0x4847a80 sd=29 :6789 s=2 pgs=939 cs=1 l=1).aborted = 0
2013-04-28 16:36:39.811821 7faa401d6700 10 -- 10.227.227.101:6789/0 >> 10.227.227.101:0/1012136 pipe(0x4847a80 sd=29 :6789 s=2 pgs=939 cs=1 l=1).reader got message 1 0x2dafbc0 auth(proto 0 30 bytes epoch 1) v1
2013-04-28 16:36:39.811847 7faa421e8700 1 -- 10.227.227.101:6789/0 <== client.230548 10.227.227.101:0/1012136 1 ==== auth(proto 0 30 bytes epoch 1) v1 ==== 60+0+0 (160851044 0 0) 0x2dafbc0 con 0x2de4360
2013-04-28 16:36:39.811870 7faa421e8700 10 -- 10.227.227.101:6789/0 dispatch_throttle_release 60 to dispatch throttler 60/104857600
2013-04-28 16:36:39.825021 7faa3f4c9700 10 -- 10.227.227.101:6789/0 >> 10.227.227.101:0/1012136 pipe(0x4847a80 sd=29 :6789 s=2 pgs=939 cs=1 l=1).writer: state = open policy.server=1
2013-04-28 16:36:39.825146 7faa3f4c9700 10 -- 10.227.227.101:6789/0 >> 10.227.227.101:0/1012136 pipe(0x4847a80 sd=29 :6789 s=2 pgs=939 cs=1 l=1).write_ack 1
2013-04-28 16:36:39.825221 7faa3f4c9700 10 -- 10.227.227.101:6789/0 >> 10.227.227.101:0/1012136 pipe(0x4847a80 sd=29 :6789 s=2 pgs=939 cs=1 l=1).writer: state = open policy.server=1
2013-04-28 16:36:39.978430 7faa409de700 2 -- 10.227.227.101:6789/0 >> 10.227.227.102:0/1030737 pipe(0x4845500 sd=30 :6789 s=2 pgs=628 cs=1 l=1).reader couldn't read tag, Success
2013-04-28 16:36:39.978478 7faa409de700 2 -- 10.227.227.101:6789/0 >> 10.227.227.102:0/1030737 pipe(0x4845500 sd=30 :6789 s=2 pgs=628 cs=1 l=1).fault 0: Success
2013-04-28 16:36:39.978507 7faa409de700 10 -- 10.227.227.101:6789/0 >> 10.227.227.102:0/1030737 pipe(0x4845500 sd=30 :6789 s=2 pgs=628 cs=1 l=1).fault on lossy channel, failing
2013-04-28 16:36:39.978513 7faa409de700 10 -- 10.227.227.101:6789/0 >> 10.227.227.102:0/1030737 pipe(0x4845500 sd=30 :6789 s=2 pgs=628 cs=1 l=1).stop
2013-04-28 16:36:39.978524 7faa409de700 10 -- 10.227.227.101:6789/0 >> 10.227.227.102:0/1030737 pipe(0x4845500 sd=30 :6789 s=4 pgs=628 cs=1 l=1).unregister_pipe
2013-04-28 16:36:39.978534 7faa409de700 10 -- 10.227.227.101:6789/0 >> 10.227.227.102:0/1030737 pipe(0x4845500 sd=30 :6789 s=4 pgs=628 cs=1 l=1).discard_queue
2013-04-28 16:36:39.978570 7faa409de700 10 -- 10.227.227.101:6789/0 >> 10.227.227.102:0/1030737 pipe(0x4845500 sd=30 :6789 s=4 pgs=628 cs=1 l=1).reader done
2013-04-28 16:36:39.978581 7faa3edc3700 10 -- 10.227.227.101:6789/0 queue_reap 0x4845500
2013-04-28 16:36:39.978616 7faa3edc3700 10 -- 10.227.227.101:6789/0 >> 10.227.227.102:0/1030737 pipe(0x4845500 sd=30 :6789 s=4 pgs=628 cs=1 l=1).writer done
2013-04-28 16:36:39.978623 7faa431ea700 10 -- 10.227.227.101:6789/0 reaper
2013-04-28 16:36:39.978637 7faa431ea700 10 -- 10.227.227.101:6789/0 reaper reaping pipe 0x4845500 10.227.227.102:0/1030737
2013-04-28 16:36:39.978642 7faa431ea700 10 -- 10.227.227.101:6789/0 >> 10.227.227.102:0/1030737 pipe(0x4845500 sd=30 :6789 s=4 pgs=628 cs=1 l=1).discard_queue
2013-04-28 16:36:39.978651 7faa431ea700 10 -- 10.227.227.101:6789/0 >> 10.227.227.102:0/1030737 pipe(0x4845500 sd=30 :6789 s=4 pgs=628 cs=1 l=1).unregister_pipe - not registered
2013-04-28 16:36:39.978681 7faa431ea700 10 -- 10.227.227.101:6789/0 reaper reaped pipe 0x4845500 10.227.227.102:0/1030737
2013-04-28 16:36:39.978688 7faa431ea700 10 -- 10.227.227.101:6789/0 reaper deleted pipe 0x4845500
2013-04-28 16:36:39.978691 7faa431ea700 10 -- 10.227.227.101:6789/0 reaper done
2013-04-28 16:36:39.991895 7faa419e7700 10 accepter.pfd.revents=1
2013-04-28 16:36:39.991926 7faa419e7700 10 accepter.accepted incoming on sd 30
2013-04-28 16:36:39.992613 7faa409de700 10 -- 10.227.227.101:6789/0 >> :/0 pipe(0x4841b80 sd=30 :0 s=0 pgs=0 cs=0 l=0).accept
2013-04-28 16:36:39.992698 7faa409de700 1 -- 10.227.227.101:6789/0 >> :/0 pipe(0x4841b80 sd=30 :6789 s=0 pgs=0 cs=0 l=0).accept sd=30 10.227.227.102:58846/0
2013-04-28 16:36:39.993001 7faa409de700 10 -- 10.227.227.101:6789/0 >> 10.227.227.102:0/1030881 pipe(0x4841b80 sd=30 :6789 s=0 pgs=0 cs=0 l=0).accept peer addr is 10.227.227.102:0/1030881
2013-04-28 16:36:39.993071 7faa409de700 10 -- 10.227.227.101:6789/0 >> 10.227.227.102:0/1030881 pipe(0x4841b80 sd=30 :6789 s=0 pgs=0 cs=0 l=1).accept of host_type 8, policy.lossy=1
2013-04-28 16:36:39.993079 7faa409de700 10 -- 10.227.227.101:6789/0 >> 10.227.227.102:0/1030881 pipe(0x4841b80 sd=30 :6789 s=0 pgs=0 cs=0 l=1).accept my proto 15, their proto 15
2013-04-28 16:36:39.993085 7faa409de700 10 -- 10.227.227.101:6789/0 >> 10.227.227.102:0/1030881 pipe(0x4841b80 sd=30 :6789 s=0 pgs=0 cs=0 l=1).accept: setting up session_security.
2013-04-28 16:36:39.993091 7faa409de700 10 -- 10.227.227.101:6789/0 >> 10.227.227.102:0/1030881 pipe(0x4841b80 sd=30 :6789 s=0 pgs=0 cs=0 l=1).accept new session
2013-04-28 16:36:39.993096 7faa409de700 10 -- 10.227.227.101:6789/0 >> 10.227.227.102:0/1030881 pipe(0x4841b80 sd=30 :6789 s=2 pgs=496 cs=1 l=1).accept success, connect_seq = 1, sending READY
2013-04-28 16:36:39.993101 7faa409de700 10 -- 10.227.227.101:6789/0 >> 10.227.227.102:0/1030881 pipe(0x4841b80 sd=30 :6789 s=2 pgs=496 cs=1 l=1).accept features 18446744073709551615
2013-04-28 16:36:39.993117 7faa409de700 10 -- 10.227.227.101:6789/0 >> 10.227.227.102:0/1030881 pipe(0x4841b80 sd=30 :6789 s=2 pgs=496 cs=1 l=1).register_pipe
2013-04-28 16:36:39.993136 7faa409de700 10 -- 10.227.227.101:6789/0 >> 10.227.227.102:0/1030881 pipe(0x4841b80 sd=30 :6789 s=2 pgs=496 cs=1 l=1).discard_requeued_up_to 0
2013-04-28 16:36:39.993145 7faa409de700 10 -- 10.227.227.101:6789/0 >> 10.227.227.102:0/1030881 pipe(0x4841b80 sd=30 :6789 s=2 pgs=496 cs=1 l=1).accept starting writer, state open
2013-04-28 16:36:39.993178 7faa3edc3700 10 -- 10.227.227.101:6789/0 >> 10.227.227.102:0/1030881 pipe(0x4841b80 sd=30 :6789 s=2 pgs=496 cs=1 l=1).writer: state = open policy.server=1
2013-04-28 16:36:39.993192 7faa3edc3700 10 -- 10.227.227.101:6789/0 >> 10.227.227.102:0/1030881 pipe(0x4841b80 sd=30 :6789 s=2 pgs=496 cs=1 l=1).writer: state = open policy.server=1
2013-04-28 16:36:39.993422 7faa409de700 10 -- 10.227.227.101:6789/0 >> 10.227.227.102:0/1030881 pipe(0x4841b80 sd=30 :6789 s=2 pgs=496 cs=1 l=1).reader wants 60 bytes from policy throttler 300/104857600
2013-04-28 16:36:39.993434 7faa409de700 10 -- 10.227.227.101:6789/0 >> 10.227.227.102:0/1030881 pipe(0x4841b80 sd=30 :6789 s=2 pgs=496 cs=1 l=1).reader wants 60 from dispatch throttler 0/104857600
2013-04-28 16:36:39.993445 7faa409de700 10 -- 10.227.227.101:6789/0 >> 10.227.227.102:0/1030881 pipe(0x4841b80 sd=30 :6789 s=2 pgs=496 cs=1 l=1).aborted = 0
2013-04-28 16:36:39.993463 7faa409de700 10 -- 10.227.227.101:6789/0 >> 10.227.227.102:0/1030881 pipe(0x4841b80 sd=30 :6789 s=2 pgs=496 cs=1 l=1).reader got message 1 0x2dad7c0 auth(proto 0 30 bytes epoch 1) v1
2013-04-28 16:36:39.993482 7faa3edc3700 10 -- 10.227.227.101:6789/0 >> 10.227.227.102:0/1030881 pipe(0x4841b80 sd=30 :6789 s=2 pgs=496 cs=1 l=1).writer: state = open policy.server=1
2013-04-28 16:36:39.993489 7faa3edc3700 10 -- 10.227.227.101:6789/0 >> 10.227.227.102:0/1030881 pipe(0x4841b80 sd=30 :6789 s=2 pgs=496 cs=1 l=1).write_ack 1
2013-04-28 16:36:39.993501 7faa3edc3700 10 -- 10.227.227.101:6789/0 >> 10.227.227.102:0/1030881 pipe(0x4841b80 sd=30 :6789 s=2 pgs=496 cs=1 l=1).writer: state = open policy.server=1
2013-04-28 16:36:39.993492 7faa421e8700 1 -- 10.227.227.101:6789/0 <== client.232981 10.227.227.102:0/1030881 1 ==== auth(proto 0 30 bytes epoch 1) v1 ==== 60+0+0 (1989708915 0 0) 0x2dad7c0 con 0x2de7900
2013-04-28 16:36:39.993541 7faa421e8700 10 -- 10.227.227.101:6789/0 dispatch_throttle_release 60 to dispatch throttler 60/104857600
2013-04-28 16:36:40.116194 7faa40adf700 2 -- 10.227.227.101:6789/0 >> 10.227.227.101:6800/13134 pipe(0x4843480 sd=25 :6789 s=2 pgs=844 cs=1 l=1).reader couldn't read tag, Success
2013-04-28 16:36:40.116239 7faa40adf700 2 -- 10.227.227.101:6789/0 >> 10.227.227.101:6800/13134 pipe(0x4843480 sd=25 :6789 s=2 pgs=844 cs=1 l=1).fault 0: Success
2013-04-28 16:36:40.116279 7faa40adf700 10 -- 10.227.227.101:6789/0 >> 10.227.227.101:6800/13134 pipe(0x4843480 sd=25 :6789 s=2 pgs=844 cs=1 l=1).fault on lossy channel, failing
2013-04-28 16:36:40.116286 7faa40adf700 10 -- 10.227.227.101:6789/0 >> 10.227.227.101:6800/13134 pipe(0x4843480 sd=25 :6789 s=2 pgs=844 cs=1 l=1).stop
2013-04-28 16:36:40.116295 7faa40adf700 10 -- 10.227.227.101:6789/0 >> 10.227.227.101:6800/13134 pipe(0x4843480 sd=25 :6789 s=4 pgs=844 cs=1 l=1).unregister_pipe
2013-04-28 16:36:40.116305 7faa40adf700 10 -- 10.227.227.101:6789/0 >> 10.227.227.101:6800/13134 pipe(0x4843480 sd=25 :6789 s=4 pgs=844 cs=1 l=1).discard_queue
2013-04-28 16:36:40.116322 7faa40adf700 10 -- 10.227.227.101:6789/0 >> 10.227.227.101:6800/13134 pipe(0x4843480 sd=25 :6789 s=4 pgs=844 cs=1 l=1).reader done
2013-04-28 16:36:40.116511 7faa3fed3700 10 -- 10.227.227.101:6789/0 queue_reap 0x4843480
2013-04-28 16:36:40.116527 7faa3fed3700 10 -- 10.227.227.101:6789/0 >> 10.227.227.101:6800/13134 pipe(0x4843480 sd=25 :6789 s=4 pgs=844 cs=1 l=1).writer done
2013-04-28 16:36:40.116533 7faa431ea700 10 -- 10.227.227.101:6789/0 reaper
2013-04-28 16:36:40.116551 7faa431ea700 10 -- 10.227.227.101:6789/0 reaper reaping pipe 0x4843480 10.227.227.101:6800/13134
2013-04-28 16:36:40.116556 7faa431ea700 10 -- 10.227.227.101:6789/0 >> 10.227.227.101:6800/13134 pipe(0x4843480 sd=25 :6789 s=4 pgs=844 cs=1 l=1).discard_queue
2013-04-28 16:36:40.116564 7faa431ea700 10 -- 10.227.227.101:6789/0 >> 10.227.227.101:6800/13134 pipe(0x4843480 sd=25 :6789 s=4 pgs=844 cs=1 l=1).unregister_pipe - not registered
2013-04-28 16:36:40.116584 7faa431ea700 10 -- 10.227.227.101:6789/0 reaper reaped pipe 0x4843480 10.227.227.101:6800/13134
2013-04-28 16:36:40.116643 7faa431ea700 10 -- 10.227.227.101:6789/0 reaper deleted pipe 0x4843480
2013-04-28 16:36:40.116650 7faa431ea700 10 -- 10.227.227.101:6789/0 reaper done
2013-04-28 16:36:40.231333 7faa419e7700 10 accepter.pfd.revents=1
2013-04-28 16:36:40.231359 7faa419e7700 10 accepter.accepted incoming on sd 25
2013-04-28 16:36:40.231411 7faa40adf700 10 -- 10.227.227.101:6789/0 >> :/0 pipe(0x4845280 sd=25 :0 s=0 pgs=0 cs=0 l=0).accept
2013-04-28 16:36:40.231537 7faa40adf700 1 -- 10.227.227.101:6789/0 >> :/0 pipe(0x4845280 sd=25 :6789 s=0 pgs=0 cs=0 l=0).accept sd=25 10.227.227.104:56481/0
2013-04-28 16:36:40.231748 7faa40adf700 10 -- 10.227.227.101:6789/0 >> 10.227.227.104:0/1012653 pipe(0x4845280 sd=25 :6789 s=0 pgs=0 cs=0 l=0).accept peer addr is 10.227.227.104:0/1012653
2013-04-28 16:36:40.231774 7faa40adf700 10 -- 10.227.227.101:6789/0 >> 10.227.227.104:0/1012653 pipe(0x4845280 sd=25 :6789 s=0 pgs=0 cs=0 l=1).accept of host_type 8, policy.lossy=1
2013-04-28 16:36:40.231782 7faa40adf700 10 -- 10.227.227.101:6789/0 >> 10.227.227.104:0/1012653 pipe(0x4845280 sd=25 :6789 s=0 pgs=0 cs=0 l=1).accept my proto 15, their proto 15
2013-04-28 16:36:40.231789 7faa40adf700 10 -- 10.227.227.101:6789/0 >> 10.227.227.104:0/1012653 pipe(0x4845280 sd=25 :6789 s=0 pgs=0 cs=0 l=1).accept: setting up session_security.
2013-04-28 16:36:40.231794 7faa40adf700 10 -- 10.227.227.101:6789/0 >> 10.227.227.104:0/1012653 pipe(0x4845280 sd=25 :6789 s=0 pgs=0 cs=0 l=1).accept new session
2013-04-28 16:36:40.231800 7faa40adf700 10 -- 10.227.227.101:6789/0 >> 10.227.227.104:0/1012653 pipe(0x4845280 sd=25 :6789 s=2 pgs=1335 cs=1 l=1).accept success, connect_seq = 1, sending READY
2013-04-28 16:36:40.231805 7faa40adf700 10 -- 10.227.227.101:6789/0 >> 10.227.227.104:0/1012653 pipe(0x4845280 sd=25 :6789 s=2 pgs=1335 cs=1 l=1).accept features 18446744073709551615
2013-04-28 16:36:40.231820 7faa40adf700 10 -- 10.227.227.101:6789/0 >> 10.227.227.104:0/1012653 pipe(0x4845280 sd=25 :6789 s=2 pgs=1335 cs=1 l=1).register_pipe
2013-04-28 16:36:40.232165 7faa40adf700 10 -- 10.227.227.101:6789/0 >> 10.227.227.104:0/1012653 pipe(0x4845280 sd=25 :6789 s=2 pgs=1335 cs=1 l=1).discard_requeued_up_to 0
2013-04-28 16:36:40.232209 7faa40adf700 10 -- 10.227.227.101:6789/0 >> 10.227.227.104:0/1012653 pipe(0x4845280 sd=25 :6789 s=2 pgs=1335 cs=1 l=1).accept starting writer, state open
2013-04-28 16:36:40.232262 7faa3fed3700 10 -- 10.227.227.101:6789/0 >> 10.227.227.104:0/1012653 pipe(0x4845280 sd=25 :6789 s=2 pgs=1335 cs=1 l=1).writer: state = open policy.server=1
2013-04-28 16:36:40.232279 7faa3fed3700 10 -- 10.227.227.101:6789/0 >> 10.227.227.104:0/1012653 pipe(0x4845280 sd=25 :6789 s=2 pgs=1335 cs=1 l=1).writer: state = open policy.server=1
2013-04-28 16:36:40.233036 7faa40adf700 10 -- 10.227.227.101:6789/0 >> 10.227.227.104:0/1012653 pipe(0x4845280 sd=25 :6789 s=2 pgs=1335 cs=1 l=1).reader wants 60 bytes from policy throttler 360/104857600
2013-04-28 16:36:40.233065 7faa40adf700 10 -- 10.227.227.101:6789/0 >> 10.227.227.104:0/1012653 pipe(0x4845280 sd=25 :6789 s=2 pgs=1335 cs=1 l=1).reader wants 60 from dispatch throttler 0/104857600
2013-04-28 16:36:40.233082 7faa40adf700 10 -- 10.227.227.101:6789/0 >> 10.227.227.104:0/1012653 pipe(0x4845280 sd=25 :6789 s=2 pgs=1335 cs=1 l=1).aborted = 0
2013-04-28 16:36:40.233100 7faa40adf700 10 -- 10.227.227.101:6789/0 >> 10.227.227.104:0/1012653 pipe(0x4845280 sd=25 :6789 s=2 pgs=1335 cs=1 l=1).reader got message 1 0x2dad340 auth(proto 0 30 bytes epoch 1) v1
2013-04-28 16:36:40.233126 7faa421e8700 1 -- 10.227.227.101:6789/0 <== client.230559 10.227.227.104:0/1012653 1 ==== auth(proto 0 30 bytes epoch 1) v1 ==== 60+0+0 (3563507525 0 0) 0x2dad340 con 0x2de7640
2013-04-28 16:36:40.233159 7faa421e8700 10 -- 10.227.227.101:6789/0 dispatch_throttle_release 60 to dispatch throttler 60/104857600
2013-04-28 16:36:40.233206 7faa3fed3700 10 -- 10.227.227.101:6789/0 >> 10.227.227.104:0/1012653 pipe(0x4845280 sd=25 :6789 s=2 pgs=1335 cs=1 l=1).writer: state = open policy.server=1
2013-04-28 16:36:40.233241 7faa3fed3700 10 -- 10.227.227.101:6789/0 >> 10.227.227.104:0/1012653 pipe(0x4845280 sd=25 :6789 s=2 pgs=1335 cs=1 l=1).write_ack 1
2013-04-28 16:36:40.233276 7faa3fed3700 10 -- 10.227.227.101:6789/0 >> 10.227.227.104:0/1012653 pipe(0x4845280 sd=25 :6789 s=2 pgs=1335 cs=1 l=1).writer: state = open policy.server=1
2013-04-28 16:36:40.313458 7faa419e7700 10 accepter.pfd.revents=1
2013-04-28 16:36:40.313493 7faa419e7700 10 accepter.accepted incoming on sd 31
2013-04-28 16:36:40.313549 7faa40be0700 10 -- 10.227.227.101:6789/0 >> :/0 pipe(0x4842d00 sd=31 :0 s=0 pgs=0 cs=0 l=0).accept
2013-04-28 16:36:40.313776 7faa40be0700 1 -- 10.227.227.101:6789/0 >> :/0 pipe(0x4842d00 sd=31 :6789 s=0 pgs=0 cs=0 l=0).accept sd=31 10.227.227.103:34393/0
2013-04-28 16:36:40.313928 7faa40be0700 10 -- 10.227.227.101:6789/0 >> 10.227.227.103:0/2030444 pipe(0x4842d00 sd=31 :6789 s=0 pgs=0 cs=0 l=0).accept peer addr is 10.227.227.103:0/2030444
2013-04-28 16:36:40.314003 7faa40be0700 10 -- 10.227.227.101:6789/0 >> 10.227.227.103:0/2030444 pipe(0x4842d00 sd=31 :6789 s=0 pgs=0 cs=0 l=1).accept of host_type 8, policy.lossy=1
2013-04-28 16:36:40.314036 7faa40be0700 10 -- 10.227.227.101:6789/0 >> 10.227.227.103:0/2030444 pipe(0x4842d00 sd=31 :6789 s=0 pgs=0 cs=0 l=1).accept my proto 15, their proto 15
2013-04-28 16:36:40.314108 7faa40be0700 10 -- 10.227.227.101:6789/0 >> 10.227.227.103:0/2030444 pipe(0x4842d00 sd=31 :6789 s=0 pgs=0 cs=0 l=1).accept: setting up session_security.
2013-04-28 16:36:40.314146 7faa40be0700 10 -- 10.227.227.101:6789/0 >> 10.227.227.103:0/2030444 pipe(0x4842d00 sd=31 :6789 s=0 pgs=0 cs=0 l=1).accept new session
2013-04-28 16:36:40.314177 7faa40be0700 10 -- 10.227.227.101:6789/0 >> 10.227.227.103:0/2030444 pipe(0x4842d00 sd=31 :6789 s=2 pgs=1655 cs=1 l=1).accept success, connect_seq = 1, sending READY
2013-04-28 16:36:40.314205 7faa40be0700 10 -- 10.227.227.101:6789/0 >> 10.227.227.103:0/2030444 pipe(0x4842d00 sd=31 :6789 s=2 pgs=1655 cs=1 l=1).accept features 18446744073709551615
2013-04-28 16:36:40.314242 7faa40be0700 10 -- 10.227.227.101:6789/0 >> 10.227.227.103:0/2030444 pipe(0x4842d00 sd=31 :6789 s=2 pgs=1655 cs=1 l=1).register_pipe
2013-04-28 16:36:40.314285 7faa40be0700 10 -- 10.227.227.101:6789/0 >> 10.227.227.103:0/2030444 pipe(0x4842d00 sd=31 :6789 s=2 pgs=1655 cs=1 l=1).discard_requeued_up_to 0
2013-04-28 16:36:40.314320 7faa40be0700 10 -- 10.227.227.101:6789/0 >> 10.227.227.103:0/2030444 pipe(0x4842d00 sd=31 :6789 s=2 pgs=1655 cs=1 l=1).accept starting writer, state open
2013-04-28 16:36:40.314432 7faa3fdd2700 10 -- 10.227.227.101:6789/0 >> 10.227.227.103:0/2030444 pipe(0x4842d00 sd=31 :6789 s=2 pgs=1655 cs=1 l=1).writer: state = open policy.server=1
2013-04-28 16:36:40.314480 7faa3fdd2700 10 -- 10.227.227.101:6789/0 >> 10.227.227.103:0/2030444 pipe(0x4842d00 sd=31 :6789 s=2 pgs=1655 cs=1 l=1).writer: state = open policy.server=1
2013-04-28 16:36:40.314510 7faa40be0700 10 -- 10.227.227.101:6789/0 >> 10.227.227.103:0/2030444 pipe(0x4842d00 sd=31 :6789 s=2 pgs=1655 cs=1 l=1).reader wants 60 bytes from policy throttler 420/104857600
2013-04-28 16:36:40.314538 7faa40be0700 10 -- 10.227.227.101:6789/0 >> 10.227.227.103:0/2030444 pipe(0x4842d00 sd=31 :6789 s=2 pgs=1655 cs=1 l=1).reader wants 60 from dispatch throttler 0/104857600
2013-04-28 16:36:40.314555 7faa40be0700 10 -- 10.227.227.101:6789/0 >> 10.227.227.103:0/2030444 pipe(0x4842d00 sd=31 :6789 s=2 pgs=1655 cs=1 l=1).aborted = 0
2013-04-28 16:36:40.314578 7faa40be0700 10 -- 10.227.227.101:6789/0 >> 10.227.227.103:0/2030444 pipe(0x4842d00 sd=31 :6789 s=2 pgs=1655 cs=1 l=1).reader got message 1 0x2da8fc0 auth(proto 0 30 bytes epoch 1) v1
2013-04-28 16:36:40.314603 7faa3fdd2700 10 -- 10.227.227.101:6789/0 >> 10.227.227.103:0/2030444 pipe(0x4842d00 sd=31 :6789 s=2 pgs=1655 cs=1 l=1).writer: state = open policy.server=1
2013-04-28 16:36:40.314613 7faa3fdd2700 10 -- 10.227.227.101:6789/0 >> 10.227.227.103:0/2030444 pipe(0x4842d00 sd=31 :6789 s=2 pgs=1655 cs=1 l=1).write_ack 1
2013-04-28 16:36:40.314609 7faa421e8700 1 -- 10.227.227.101:6789/0 <== client.230435 10.227.227.103:0/2030444 1 ==== auth(proto 0 30 bytes epoch 1) v1 ==== 60+0+0 (2113396825 0 0) 0x2da8fc0 con 0x2de77a0
2013-04-28 16:36:40.314625 7faa3fdd2700 10 -- 10.227.227.101:6789/0 >> 10.227.227.103:0/2030444 pipe(0x4842d00 sd=31 :6789 s=2 pgs=1655 cs=1 l=1).writer: state = open policy.server=1
2013-04-28 16:36:40.314639 7faa421e8700 10 -- 10.227.227.101:6789/0 dispatch_throttle_release 60 to dispatch throttler 60/104857600
2013-04-28 16:36:40.324333 7faa419e7700 10 accepter.pfd.revents=1
2013-04-28 16:36:40.324370 7faa419e7700 10 accepter.accepted incoming on sd 34
2013-04-28 16:36:40.325010 7faa3eac0700 10 -- 10.227.227.101:6789/0 >> :/0 pipe(0x4842f80 sd=34 :0 s=0 pgs=0 cs=0 l=0).accept
2013-04-28 16:36:40.325093 7faa3eac0700 1 -- 10.227.227.101:6789/0 >> :/0 pipe(0x4842f80 sd=34 :6789 s=0 pgs=0 cs=0 l=0).accept sd=34 10.227.227.104:56483/0
2013-04-28 16:36:40.325335 7faa3eac0700 10 -- 10.227.227.101:6789/0 >> 10.227.227.104:6810/9709 pipe(0x4842f80 sd=34 :6789 s=0 pgs=0 cs=0 l=0).accept peer addr is 10.227.227.104:6810/9709
2013-04-28 16:36:40.325381 7faa3eac0700 10 -- 10.227.227.101:6789/0 >> 10.227.227.104:6810/9709 pipe(0x4842f80 sd=34 :6789 s=0 pgs=0 cs=0 l=1).accept of host_type 4, policy.lossy=1
2013-04-28 16:36:40.325463 7faa3eac0700 10 -- 10.227.227.101:6789/0 >> 10.227.227.104:6810/9709 pipe(0x4842f80 sd=34 :6789 s=0 pgs=0 cs=0 l=1).accept my proto 15, their proto 15
2013-04-28 16:36:40.325494 7faa3eac0700 10 -- 10.227.227.101:6789/0 >> 10.227.227.104:6810/9709 pipe(0x4842f80 sd=34 :6789 s=0 pgs=0 cs=0 l=1).accept: setting up session_security.
2013-04-28 16:36:40.325521 7faa3eac0700 10 -- 10.227.227.101:6789/0 >> 10.227.227.104:6810/9709 pipe(0x4842f80 sd=34 :6789 s=0 pgs=0 cs=0 l=1).accept new session
2013-04-28 16:36:40.325548 7faa3eac0700 10 -- 10.227.227.101:6789/0 >> 10.227.227.104:6810/9709 pipe(0x4842f80 sd=34 :6789 s=2 pgs=421 cs=1 l=1).accept success, connect_seq = 1, sending READY
2013-04-28 16:36:40.325607 7faa3eac0700 10 -- 10.227.227.101:6789/0 >> 10.227.227.104:6810/9709 pipe(0x4842f80 sd=34 :6789 s=2 pgs=421 cs=1 l=1).accept features 18446744073709551615
2013-04-28 16:36:40.325655 7faa3eac0700 10 -- 10.227.227.101:6789/0 >> 10.227.227.104:6810/9709 pipe(0x4842f80 sd=34 :6789 s=2 pgs=421 cs=1 l=1).register_pipe
2013-04-28 16:36:40.325701 7faa3eac0700 10 -- 10.227.227.101:6789/0 >> 10.227.227.104:6810/9709 pipe(0x4842f80 sd=34 :6789 s=2 pgs=421 cs=1 l=1).discard_requeued_up_to 0
2013-04-28 16:36:40.325736 7faa3eac0700 10 -- 10.227.227.101:6789/0 >> 10.227.227.104:6810/9709 pipe(0x4842f80 sd=34 :6789 s=2 pgs=421 cs=1 l=1).accept starting writer, state open
2013-04-28 16:36:40.325791 7faa3e9bf700 10 -- 10.227.227.101:6789/0 >> 10.227.227.104:6810/9709 pipe(0x4842f80 sd=34 :6789 s=2 pgs=421 cs=1 l=1).writer: state = open policy.server=1
2013-04-28 16:36:40.325847 7faa3e9bf700 10 -- 10.227.227.101:6789/0 >> 10.227.227.104:6810/9709 pipe(0x4842f80 sd=34 :6789 s=2 pgs=421 cs=1 l=1).writer: state = open policy.server=1
2013-04-28 16:36:40.325943 7faa3eac0700 10 -- 10.227.227.101:6789/0 >> 10.227.227.104:6810/9709 pipe(0x4842f80 sd=34 :6789 s=2 pgs=421 cs=1 l=1).reader wants 56 bytes from policy throttler 617/419430400
2013-04-28 16:36:40.325957 7faa3eac0700 10 -- 10.227.227.101:6789/0 >> 10.227.227.104:6810/9709 pipe(0x4842f80 sd=34 :6789 s=2 pgs=421 cs=1 l=1).reader wants 56 from dispatch throttler 0/104857600
2013-04-28 16:36:40.325969 7faa3eac0700 10 -- 10.227.227.101:6789/0 >> 10.227.227.104:6810/9709 pipe(0x4842f80 sd=34 :6789 s=2 pgs=421 cs=1 l=1).aborted = 0
2013-04-28 16:36:40.325985 7faa3eac0700 10 -- 10.227.227.101:6789/0 >> 10.227.227.104:6810/9709 pipe(0x4842f80 sd=34 :6789 s=2 pgs=421 cs=1 l=1).reader got message 1 0x2da9200 auth(proto 0 26 bytes epoch 1) v1
2013-04-28 16:36:40.326007 7faa421e8700 1 -- 10.227.227.101:6789/0 <== osd.3 10.227.227.104:6810/9709 1 ==== auth(proto 0 26 bytes epoch 1) v1 ==== 56+0+0 (1604777992 0 0) 0x2da9200 con 0x2de74e0
2013-04-28 16:36:40.326035 7faa421e8700 10 -- 10.227.227.101:6789/0 dispatch_throttle_release 56 to dispatch throttler 56/104857600
2013-04-28 16:36:40.326159 7faa3e9bf700 10 -- 10.227.227.101:6789/0 >> 10.227.227.104:6810/9709 pipe(0x4842f80 sd=34 :6789 s=2 pgs=421 cs=1 l=1).writer: state = open policy.server=1
2013-04-28 16:36:40.326212 7faa3e9bf700 10 -- 10.227.227.101:6789/0 >> 10.227.227.104:6810/9709 pipe(0x4842f80 sd=34 :6789 s=2 pgs=421 cs=1 l=1).write_ack 1
2013-04-28 16:36:40.326246 7faa3e9bf700 10 -- 10.227.227.101:6789/0 >> 10.227.227.104:6810/9709 pipe(0x4842f80 sd=34 :6789 s=2 pgs=421 cs=1 l=1).writer: state = open policy.server=1
2013-04-28 16:36:40.326362 7faa419e7700 10 accepter.pfd.revents=1
2013-04-28 16:36:40.326372 7faa419e7700 10 accepter.accepted incoming on sd 35
2013-04-28 16:36:40.326405 7faa404d9700 10 -- 10.227.227.101:6789/0 >> :/0 pipe(0x4846680 sd=35 :0 s=0 pgs=0 cs=0 l=0).accept
2013-04-28 16:36:40.326530 7faa404d9700 1 -- 10.227.227.101:6789/0 >> :/0 pipe(0x4846680 sd=35 :6789 s=0 pgs=0 cs=0 l=0).accept sd=35 10.227.227.103:34394/0
2013-04-28 16:36:40.326663 7faa404d9700 10 -- 10.227.227.101:6789/0 >> 10.227.227.103:0/1030444 pipe(0x4846680 sd=35 :6789 s=0 pgs=0 cs=0 l=0).accept peer addr is 10.227.227.103:0/1030444
2013-04-28 16:36:40.326679 7faa404d9700 10 -- 10.227.227.101:6789/0 >> 10.227.227.103:0/1030444 pipe(0x4846680 sd=35 :6789 s=0 pgs=0 cs=0 l=1).accept of host_type 8, policy.lossy=1
2013-04-28 16:36:40.326687 7faa404d9700 10 -- 10.227.227.101:6789/0 >> 10.227.227.103:0/1030444 pipe(0x4846680 sd=35 :6789 s=0 pgs=0 cs=0 l=1).accept my proto 15, their proto 15
2013-04-28 16:36:40.326692 7faa404d9700 10 -- 10.227.227.101:6789/0 >> 10.227.227.103:0/1030444 pipe(0x4846680 sd=35 :6789 s=0 pgs=0 cs=0 l=1).accept: setting up session_security.
2013-04-28 16:36:40.326697 7faa404d9700 10 -- 10.227.227.101:6789/0 >> 10.227.227.103:0/1030444 pipe(0x4846680 sd=35 :6789 s=0 pgs=0 cs=0 l=1).accept new session
2013-04-28 16:36:40.326703 7faa404d9700 10 -- 10.227.227.101:6789/0 >> 10.227.227.103:0/1030444 pipe(0x4846680 sd=35 :6789 s=2 pgs=1005 cs=1 l=1).accept success, connect_seq = 1, sending READY
2013-04-28 16:36:40.326708 7faa404d9700 10 -- 10.227.227.101:6789/0 >> 10.227.227.103:0/1030444 pipe(0x4846680 sd=35 :6789 s=2 pgs=1005 cs=1 l=1).accept features 18446744073709551615
2013-04-28 16:36:40.326818 7faa404d9700 10 -- 10.227.227.101:6789/0 >> 10.227.227.103:0/1030444 pipe(0x4846680 sd=35 :6789 s=2 pgs=1005 cs=1 l=1).register_pipe
2013-04-28 16:36:40.326961 7faa404d9700 10 -- 10.227.227.101:6789/0 >> 10.227.227.103:0/1030444 pipe(0x4846680 sd=35 :6789 s=2 pgs=1005 cs=1 l=1).discard_requeued_up_to 0
2013-04-28 16:36:40.326979 7faa404d9700 10 -- 10.227.227.101:6789/0 >> 10.227.227.103:0/1030444 pipe(0x4846680 sd=35 :6789 s=2 pgs=1005 cs=1 l=1).accept starting writer, state open
2013-04-28 16:36:40.327019 7faa3f6cb700 10 -- 10.227.227.101:6789/0 >> 10.227.227.103:0/1030444 pipe(0x4846680 sd=35 :6789 s=2 pgs=1005 cs=1 l=1).writer: state = open policy.server=1
2013-04-28 16:36:40.327062 7faa3f6cb700 10 -- 10.227.227.101:6789/0 >> 10.227.227.103:0/1030444 pipe(0x4846680 sd=35 :6789 s=2 pgs=1005 cs=1 l=1).writer: state = open policy.server=1
2013-04-28 16:36:40.327147 7faa404d9700 10 -- 10.227.227.101:6789/0 >> 10.227.227.103:0/1030444 pipe(0x4846680 sd=35 :6789 s=2 pgs=1005 cs=1 l=1).reader wants 60 bytes from policy throttler 480/104857600
2013-04-28 16:36:40.327162 7faa404d9700 10 -- 10.227.227.101:6789/0 >> 10.227.227.103:0/1030444 pipe(0x4846680 sd=35 :6789 s=2 pgs=1005 cs=1 l=1).reader wants 60 from dispatch throttler 0/104857600
2013-04-28 16:36:40.327173 7faa404d9700 10 -- 10.227.227.101:6789/0 >> 10.227.227.103:0/1030444 pipe(0x4846680 sd=35 :6789 s=2 pgs=1005 cs=1 l=1).aborted = 0
2013-04-28 16:36:40.327191 7faa404d9700 10 -- 10.227.227.101:6789/0 >> 10.227.227.103:0/1030444 pipe(0x4846680 sd=35 :6789 s=2 pgs=1005 cs=1 l=1).reader got message 1 0x2dad100 auth(proto 0 30 bytes epoch 1) v1
2013-04-28 16:36:40.327217 7faa421e8700 1 -- 10.227.227.101:6789/0 <== client.230432 10.227.227.103:0/1030444 1 ==== auth(proto 0 30 bytes epoch 1) v1 ==== 60+0+0 (778411017 0 0) 0x2dad100 con 0x2de6300
2013-04-28 16:36:40.327237 7faa421e8700 10 -- 10.227.227.101:6789/0 dispatch_throttle_release 60 to dispatch throttler 60/104857600
2013-04-28 16:36:40.327261 7faa3f6cb700 10 -- 10.227.227.101:6789/0 >> 10.227.227.103:0/1030444 pipe(0x4846680 sd=35 :6789 s=2 pgs=1005 cs=1 l=1).writer: state = open policy.server=1
2013-04-28 16:36:40.327294 7faa3f6cb700 10 -- 10.227.227.101:6789/0 >> 10.227.227.103:0/1030444 pipe(0x4846680 sd=35 :6789 s=2 pgs=1005 cs=1 l=1).write_ack 1
2013-04-28 16:36:40.327326 7faa3f6cb700 10 -- 10.227.227.101:6789/0 >> 10.227.227.103:0/1030444 pipe(0x4846680 sd=35 :6789 s=2 pgs=1005 cs=1 l=1).writer: state = open policy.server=1
2013-04-28 16:36:40.444590 7faa419e7700 10 accepter.pfd.revents=1
2013-04-28 16:36:40.444618 7faa419e7700 10 accepter.accepted incoming on sd 36
2013-04-28 16:36:40.444657 7faa3f7cc700 10 -- 10.227.227.101:6789/0 >> :/0 pipe(0x4847d00 sd=36 :0 s=0 pgs=0 cs=0 l=0).accept
2013-04-28 16:36:40.444731 7faa3f7cc700 1 -- 10.227.227.101:6789/0 >> :/0 pipe(0x4847d00 sd=36 :6789 s=0 pgs=0 cs=0 l=0).accept sd=36 10.227.227.101:38056/0
2013-04-28 16:36:40.444800 7faa3f7cc700 10 -- 10.227.227.101:6789/0 >> 10.227.227.101:0/1852340383 pipe(0x4847d00 sd=36 :6789 s=0 pgs=0 cs=0 l=0).accept peer addr is 10.227.227.101:0/1852340383
2013-04-28 16:36:40.444957 7faa3f7cc700 10 -- 10.227.227.101:6789/0 >> 10.227.227.101:0/1852340383 pipe(0x4847d00 sd=36 :6789 s=0 pgs=0 cs=0 l=1).accept of host_type 8, policy.lossy=1
2013-04-28 16:36:40.445095 7faa3f7cc700 10 -- 10.227.227.101:6789/0 >> 10.227.227.101:0/1852340383 pipe(0x4847d00 sd=36 :6789 s=0 pgs=0 cs=0 l=1).accept my proto 15, their proto 15
2013-04-28 16:36:40.445142 7faa3f7cc700 10 -- 10.227.227.101:6789/0 >> 10.227.227.101:0/1852340383 pipe(0x4847d00 sd=36 :6789 s=0 pgs=0 cs=0 l=1).accept: setting up session_security.
2013-04-28 16:36:40.445204 7faa3f7cc700 10 -- 10.227.227.101:6789/0 >> 10.227.227.101:0/1852340383 pipe(0x4847d00 sd=36 :6789 s=0 pgs=0 cs=0 l=1).accept new session
2013-04-28 16:36:40.445290 7faa3f7cc700 10 -- 10.227.227.101:6789/0 >> 10.227.227.101:0/1852340383 pipe(0x4847d00 sd=36 :6789 s=2 pgs=3501 cs=1 l=1).accept success, connect_seq = 1, sending READY
2013-04-28 16:36:40.445320 7faa3f7cc700 10 -- 10.227.227.101:6789/0 >> 10.227.227.101:0/1852340383 pipe(0x4847d00 sd=36 :6789 s=2 pgs=3501 cs=1 l=1).accept features 18446744073709551615
2013-04-28 16:36:40.445367 7faa3f7cc700 10 -- 10.227.227.101:6789/0 >> 10.227.227.101:0/1852340383 pipe(0x4847d00 sd=36 :6789 s=2 pgs=3501 cs=1 l=1).register_pipe
2013-04-28 16:36:40.445429 7faa3f7cc700 10 -- 10.227.227.101:6789/0 >> 10.227.227.101:0/1852340383 pipe(0x4847d00 sd=36 :6789 s=2 pgs=3501 cs=1 l=1).discard_requeued_up_to 0
2013-04-28 16:36:40.445490 7faa3f7cc700 10 -- 10.227.227.101:6789/0 >> 10.227.227.101:0/1852340383 pipe(0x4847d00 sd=36 :6789 s=2 pgs=3501 cs=1 l=1).accept starting writer, state open
2013-04-28 16:36:40.445676 7faa3f7cc700 10 -- 10.227.227.101:6789/0 >> 10.227.227.101:0/1852340383 pipe(0x4847d00 sd=36 :6789 s=2 pgs=3501 cs=1 l=1).reader wants 60 bytes from policy throttler 540/104857600
2013-04-28 16:36:40.445727 7faa3f7cc700 10 -- 10.227.227.101:6789/0 >> 10.227.227.101:0/1852340383 pipe(0x4847d00 sd=36 :6789 s=2 pgs=3501 cs=1 l=1).reader wants 60 from dispatch throttler 0/104857600
2013-04-28 16:36:40.445763 7faa3f7cc700 10 -- 10.227.227.101:6789/0 >> 10.227.227.101:0/1852340383 pipe(0x4847d00 sd=36 :6789 s=2 pgs=3501 cs=1 l=1).aborted = 0
2013-04-28 16:36:40.445804 7faa3f7cc700 10 -- 10.227.227.101:6789/0 >> 10.227.227.101:0/1852340383 pipe(0x4847d00 sd=36 :6789 s=2 pgs=3501 cs=1 l=1).reader got message 1 0x2da9d40 auth(proto 0 30 bytes epoch 1) v1
2013-04-28 16:36:40.446001 7faa421e8700 1 -- 10.227.227.101:6789/0 <== client.231834 10.227.227.101:0/1852340383 1 ==== auth(proto 0 30 bytes epoch 1) v1 ==== 60+0+0 (1300294494 0 0) 0x2da9d40 con 0x2de61a0
2013-04-28 16:36:40.446036 7faa421e8700 10 -- 10.227.227.101:6789/0 dispatch_throttle_release 60 to dispatch throttler 60/104857600
2013-04-28 16:36:40.455027 7faa407dc700 10 -- 10.227.227.101:6789/0 >> 10.227.227.101:0/1852340383 pipe(0x4847d00 sd=36 :6789 s=2 pgs=3501 cs=1 l=1).writer: state = open policy.server=1
2013-04-28 16:36:40.455127 7faa407dc700 10 -- 10.227.227.101:6789/0 >> 10.227.227.101:0/1852340383 pipe(0x4847d00 sd=36 :6789 s=2 pgs=3501 cs=1 l=1).write_ack 1
2013-04-28 16:36:40.455166 7faa407dc700 10 -- 10.227.227.101:6789/0 >> 10.227.227.101:0/1852340383 pipe(0x4847d00 sd=36 :6789 s=2 pgs=3501 cs=1 l=1).writer: state = open policy.server=1
2013-04-28 16:36:40.572470 7faa419e7700 10 accepter.pfd.revents=1
2013-04-28 16:36:40.572496 7faa419e7700 10 accepter.accepted incoming on sd 37
2013-04-28 16:36:40.574369 7faa40de2700 10 -- 10.227.227.101:6789/0 >> :/0 pipe(0x4847080 sd=37 :0 s=0 pgs=0 cs=0 l=0).accept
2013-04-28 16:36:40.574469 7faa40de2700 0 -- 10.227.227.101:6789/0 >> :/0 pipe(0x4847080 sd=37 :6789 s=0 pgs=0 cs=0 l=0).accept failed to getpeername 107 Transport endpoint is not connected
2013-04-28 16:36:40.574494 7faa40de2700 10 -- 10.227.227.101:6789/0 queue_reap 0x4847080
2013-04-28 16:36:40.574502 7faa40de2700 10 -- 10.227.227.101:6789/0 >> :/0 pipe(0x4847080 sd=37 :6789 s=4 pgs=0 cs=0 l=0).reader done
2013-04-28 16:36:40.574510 7faa431ea700 10 -- 10.227.227.101:6789/0 reaper
2013-04-28 16:36:40.574525 7faa431ea700 10 -- 10.227.227.101:6789/0 reaper reaping pipe 0x4847080 :/0
2013-04-28 16:36:40.574530 7faa431ea700 10 -- 10.227.227.101:6789/0 >> :/0 pipe(0x4847080 sd=37 :6789 s=4 pgs=0 cs=0 l=0).discard_queue
2013-04-28 16:36:40.574539 7faa431ea700 10 -- 10.227.227.101:6789/0 >> :/0 pipe(0x4847080 sd=37 :6789 s=4 pgs=0 cs=0 l=0).unregister_pipe - not registered
2013-04-28 16:36:40.574559 7faa431ea700 10 -- 10.227.227.101:6789/0 reaper reaped pipe 0x4847080 :/0
2013-04-28 16:36:40.574566 7faa431ea700 10 -- 10.227.227.101:6789/0 reaper deleted pipe 0x4847080
2013-04-28 16:36:40.574568 7faa431ea700 10 -- 10.227.227.101:6789/0 reaper done
2013-04-28 16:36:40.595648 7faa40fe4700 2 -- 10.227.227.101:6789/0 >> 10.227.227.101:6812/13601 pipe(0x4841400 sd=32 :6789 s=2 pgs=311 cs=1 l=1).reader couldn't read tag, Success
2013-04-28 16:36:40.595690 7faa40fe4700 2 -- 10.227.227.101:6789/0 >> 10.227.227.101:6812/13601 pipe(0x4841400 sd=32 :6789 s=2 pgs=311 cs=1 l=1).fault 0: Success
2013-04-28 16:36:40.595725 7faa40fe4700 10 -- 10.227.227.101:6789/0 >> 10.227.227.101:6812/13601 pipe(0x4841400 sd=32 :6789 s=2 pgs=311 cs=1 l=1).fault on lossy channel, failing
2013-04-28 16:36:40.595733 7faa40fe4700 10 -- 10.227.227.101:6789/0 >> 10.227.227.101:6812/13601 pipe(0x4841400 sd=32 :6789 s=2 pgs=311 cs=1 l=1).stop
2013-04-28 16:36:40.595744 7faa40fe4700 10 -- 10.227.227.101:6789/0 >> 10.227.227.101:6812/13601 pipe(0x4841400 sd=32 :6789 s=4 pgs=311 cs=1 l=1).unregister_pipe
2013-04-28 16:36:40.595754 7faa40fe4700 10 -- 10.227.227.101:6789/0 >> 10.227.227.101:6812/13601 pipe(0x4841400 sd=32 :6789 s=4 pgs=311 cs=1 l=1).discard_queue
2013-04-28 16:36:40.595773 7faa40fe4700 10 -- 10.227.227.101:6789/0 >> 10.227.227.101:6812/13601 pipe(0x4841400 sd=32 :6789 s=4 pgs=311 cs=1 l=1).reader done
2013-04-28 16:36:40.595852 7faa3ffd4700 10 -- 10.227.227.101:6789/0 queue_reap 0x4841400
2013-04-28 16:36:40.595868 7faa3ffd4700 10 -- 10.227.227.101:6789/0 >> 10.227.227.101:6812/13601 pipe(0x4841400 sd=32 :6789 s=4 pgs=311 cs=1 l=1).writer done
2013-04-28 16:36:40.595877 7faa431ea700 10 -- 10.227.227.101:6789/0 reaper
2013-04-28 16:36:40.595900 7faa431ea700 10 -- 10.227.227.101:6789/0 reaper reaping pipe 0x4841400 10.227.227.101:6812/13601
2013-04-28 16:36:40.595906 7faa431ea700 10 -- 10.227.227.101:6789/0 >> 10.227.227.101:6812/13601 pipe(0x4841400 sd=32 :6789 s=4 pgs=311 cs=1 l=1).discard_queue
2013-04-28 16:36:40.595916 7faa431ea700 10 -- 10.227.227.101:6789/0 >> 10.227.227.101:6812/13601 pipe(0x4841400 sd=32 :6789 s=4 pgs=311 cs=1 l=1).unregister_pipe - not registered
2013-04-28 16:36:40.595946 7faa431ea700 10 -- 10.227.227.101:6789/0 reaper reaped pipe 0x4841400 10.227.227.101:6812/13601
2013-04-28 16:36:40.595954 7faa431ea700 10 -- 10.227.227.101:6789/0 reaper deleted pipe 0x4841400
2013-04-28 16:36:40.595956 7faa431ea700 10 -- 10.227.227.101:6789/0 reaper done
2013-04-28 16:36:40.670767 7faa408dd700 2 -- 10.227.227.101:6789/0 >> 10.227.227.103:0/1025178 pipe(0x4847580 sd=33 :6789 s=2 pgs=1485 cs=1 l=1).reader couldn't read tag, Success
2013-04-28 16:36:40.670822 7faa408dd700 2 -- 10.227.227.101:6789/0 >> 10.227.227.103:0/1025178 pipe(0x4847580 sd=33 :6789 s=2 pgs=1485 cs=1 l=1).fault 0: Success
2013-04-28 16:36:40.670853 7faa408dd700 10 -- 10.227.227.101:6789/0 >> 10.227.227.103:0/1025178 pipe(0x4847580 sd=33 :6789 s=2 pgs=1485 cs=1 l=1).fault on lossy channel, failing
2013-04-28 16:36:40.670860 7faa408dd700 10 -- 10.227.227.101:6789/0 >> 10.227.227.103:0/1025178 pipe(0x4847580 sd=33 :6789 s=2 pgs=1485 cs=1 l=1).stop
2013-04-28 16:36:40.670871 7faa408dd700 10 -- 10.227.227.101:6789/0 >> 10.227.227.103:0/1025178 pipe(0x4847580 sd=33 :6789 s=4 pgs=1485 cs=1 l=1).unregister_pipe
2013-04-28 16:36:40.670882 7faa408dd700 10 -- 10.227.227.101:6789/0 >> 10.227.227.103:0/1025178 pipe(0x4847580 sd=33 :6789 s=4 pgs=1485 cs=1 l=1).discard_queue
2013-04-28 16:36:40.670899 7faa408dd700 10 -- 10.227.227.101:6789/0 >> 10.227.227.103:0/1025178 pipe(0x4847580 sd=33 :6789 s=4 pgs=1485 cs=1 l=1).reader done
2013-04-28 16:36:40.670905 7faa3f8cd700 10 -- 10.227.227.101:6789/0 queue_reap 0x4847580
2013-04-28 16:36:40.670935 7faa3f8cd700 10 -- 10.227.227.101:6789/0 >> 10.227.227.103:0/1025178 pipe(0x4847580 sd=33 :6789 s=4 pgs=1485 cs=1 l=1).writer done
2013-04-28 16:36:40.670946 7faa431ea700 10 -- 10.227.227.101:6789/0 reaper
2013-04-28 16:36:40.670968 7faa431ea700 10 -- 10.227.227.101:6789/0 reaper reaping pipe 0x4847580 10.227.227.103:0/1025178
2013-04-28 16:36:40.670974 7faa431ea700 10 -- 10.227.227.101:6789/0 >> 10.227.227.103:0/1025178 pipe(0x4847580 sd=33 :6789 s=4 pgs=1485 cs=1 l=1).discard_queue
2013-04-28 16:36:40.670985 7faa431ea700 10 -- 10.227.227.101:6789/0 >> 10.227.227.103:0/1025178 pipe(0x4847580 sd=33 :6789 s=4 pgs=1485 cs=1 l=1).unregister_pipe - not registered
2013-04-28 16:36:40.671014 7faa431ea700 10 -- 10.227.227.101:6789/0 reaper reaped pipe 0x4847580 10.227.227.103:0/1025178
2013-04-28 16:36:40.671022 7faa431ea700 10 -- 10.227.227.101:6789/0 reaper deleted pipe 0x4847580
2013-04-28 16:36:40.671024 7faa431ea700 10 -- 10.227.227.101:6789/0 reaper done
2013-04-28 16:36:40.790657 7faa419e7700 10 accepter.pfd.revents=1
2013-04-28 16:36:40.790697 7faa419e7700 10 accepter.accepted incoming on sd 32
2013-04-28 16:36:40.795303 7faa408dd700 10 -- 10.227.227.101:6789/0 >> :/0 pipe(0x4847300 sd=32 :0 s=0 pgs=0 cs=0 l=0).accept
2013-04-28 16:36:40.795394 7faa408dd700 1 -- 10.227.227.101:6789/0 >> :/0 pipe(0x4847300 sd=32 :6789 s=0 pgs=0 cs=0 l=0).accept sd=32 10.227.227.101:38061/0
2013-04-28 16:36:40.796337 7faa408dd700 10 -- 10.227.227.101:6789/0 >> 10.227.227.101:6801/13334 pipe(0x4847300 sd=32 :6789 s=0 pgs=0 cs=0 l=0).accept peer addr is 10.227.227.101:6801/13334
2013-04-28 16:36:40.796396 7faa408dd700 10 -- 10.227.227.101:6789/0 >> 10.227.227.101:6801/13334 pipe(0x4847300 sd=32 :6789 s=0 pgs=0 cs=0 l=1).accept of host_type 4, policy.lossy=1
2013-04-28 16:36:40.796476 7faa408dd700 10 -- 10.227.227.101:6789/0 >> 10.227.227.101:6801/13334 pipe(0x4847300 sd=32 :6789 s=0 pgs=0 cs=0 l=1).accept my proto 15, their proto 15
2013-04-28 16:36:40.796515 7faa408dd700 10 -- 10.227.227.101:6789/0 >> 10.227.227.101:6801/13334 pipe(0x4847300 sd=32 :6789 s=0 pgs=0 cs=0 l=1).accept: setting up session_security.
2013-04-28 16:36:40.796543 7faa408dd700 10 -- 10.227.227.101:6789/0 >> 10.227.227.101:6801/13334 pipe(0x4847300 sd=32 :6789 s=0 pgs=0 cs=0 l=1).accept new session
2013-04-28 16:36:40.796812 7faa408dd700 10 -- 10.227.227.101:6789/0 >> 10.227.227.101:6801/13334 pipe(0x4847300 sd=32 :6789 s=2 pgs=306 cs=1 l=1).accept success, connect_seq = 1, sending READY
2013-04-28 16:36:40.796968 7faa408dd700 10 -- 10.227.227.101:6789/0 >> 10.227.227.101:6801/13334 pipe(0x4847300 sd=32 :6789 s=2 pgs=306 cs=1 l=1).accept features 18446744073709551615
2013-04-28 16:36:40.797019 7faa408dd700 10 -- 10.227.227.101:6789/0 >> 10.227.227.101:6801/13334 pipe(0x4847300 sd=32 :6789 s=2 pgs=306 cs=1 l=1).register_pipe
2013-04-28 16:36:40.797067 7faa408dd700 10 -- 10.227.227.101:6789/0 >> 10.227.227.101:6801/13334 pipe(0x4847300 sd=32 :6789 s=2 pgs=306 cs=1 l=1).discard_requeued_up_to 0
2013-04-28 16:36:40.797382 7faa408dd700 10 -- 10.227.227.101:6789/0 >> 10.227.227.101:6801/13334 pipe(0x4847300 sd=32 :6789 s=2 pgs=306 cs=1 l=1).accept starting writer, state open
2013-04-28 16:36:40.797489 7faa408dd700 10 -- 10.227.227.101:6789/0 >> 10.227.227.101:6801/13334 pipe(0x4847300 sd=32 :6789 s=2 pgs=306 cs=1 l=1).reader wants 56 bytes from policy throttler 673/419430400
2013-04-28 16:36:40.797535 7faa408dd700 10 -- 10.227.227.101:6789/0 >> 10.227.227.101:6801/13334 pipe(0x4847300 sd=32 :6789 s=2 pgs=306 cs=1 l=1).reader wants 56 from dispatch throttler 0/104857600
2013-04-28 16:36:40.797617 7faa408dd700 10 -- 10.227.227.101:6789/0 >> 10.227.227.101:6801/13334 pipe(0x4847300 sd=32 :6789 s=2 pgs=306 cs=1 l=1).aborted = 0
2013-04-28 16:36:40.797798 7faa408dd700 10 -- 10.227.227.101:6789/0 >> 10.227.227.101:6801/13334 pipe(0x4847300 sd=32 :6789 s=2 pgs=306 cs=1 l=1).reader got message 1 0x2da98c0 auth(proto 0 26 bytes epoch 1) v1
2013-04-28 16:36:40.797968 7faa3f8cd700 10 -- 10.227.227.101:6789/0 >> 10.227.227.101:6801/13334 pipe(0x4847300 sd=32 :6789 s=2 pgs=306 cs=1 l=1).writer: state = open policy.server=1
2013-04-28 16:36:40.797974 7faa421e8700 1 -- 10.227.227.101:6789/0 <== osd.0 10.227.227.101:6801/13334 1 ==== auth(proto 0 26 bytes epoch 1) v1 ==== 56+0+0 (69069011 0 0) 0x2da98c0 con 0x2de2260
2013-04-28 16:36:40.798023 7faa421e8700 10 -- 10.227.227.101:6789/0 dispatch_throttle_release 56 to dispatch throttler 56/104857600
2013-04-28 16:36:40.798046 7faa3f8cd700 10 -- 10.227.227.101:6789/0 >> 10.227.227.101:6801/13334 pipe(0x4847300 sd=32 :6789 s=2 pgs=306 cs=1 l=1).write_ack 1
2013-04-28 16:36:40.798081 7faa3f8cd700 10 -- 10.227.227.101:6789/0 >> 10.227.227.101:6801/13334 pipe(0x4847300 sd=32 :6789 s=2 pgs=306 cs=1 l=1).writer: state = open policy.server=1
2013-04-28 16:36:40.962622 7faa419e7700 10 accepter.pfd.revents=1
2013-04-28 16:36:40.962651 7faa419e7700 10 accepter.accepted incoming on sd 33
2013-04-28 16:36:40.962769 7faa419e7700 10 accepter.pfd.revents=1
2013-04-28 16:36:40.962795 7faa419e7700 10 accepter.accepted incoming on sd 37
2013-04-28 16:36:40.962858 7faa419e7700 10 accepter.pfd.revents=1
2013-04-28 16:36:40.962870 7faa419e7700 10 accepter.accepted incoming on sd 38
2013-04-28 16:36:40.965017 7faa3ffd4700 10 -- 10.227.227.101:6789/0 >> :/0 pipe(0x4841680 sd=37 :0 s=0 pgs=0 cs=0 l=0).accept
2013-04-28 16:36:40.965092 7faa3ffd4700 1 -- 10.227.227.101:6789/0 >> :/0 pipe(0x4841680 sd=37 :6789 s=0 pgs=0 cs=0 l=0).accept sd=37 10.227.227.104:56485/0
2013-04-28 16:36:40.967743 7faa3ffd4700 10 -- 10.227.227.101:6789/0 >> 10.227.227.104:0/3012039 pipe(0x4841680 sd=37 :6789 s=0 pgs=0 cs=0 l=0).accept peer addr is 10.227.227.104:0/3012039
2013-04-28 16:36:40.967777 7faa3ffd4700 10 -- 10.227.227.101:6789/0 >> 10.227.227.104:0/3012039 pipe(0x4841680 sd=37 :6789 s=0 pgs=0 cs=0 l=1).accept of host_type 8, policy.lossy=1
2013-04-28 16:36:40.967785 7faa3ffd4700 10 -- 10.227.227.101:6789/0 >> 10.227.227.104:0/3012039 pipe(0x4841680 sd=37 :6789 s=0 pgs=0 cs=0 l=1).accept my proto 15, their proto 15
2013-04-28 16:36:40.967791 7faa3ffd4700 10 -- 10.227.227.101:6789/0 >> 10.227.227.104:0/3012039 pipe(0x4841680 sd=37 :6789 s=0 pgs=0 cs=0 l=1).accept: setting up session_security.
2013-04-28 16:36:40.967797 7faa3ffd4700 10 -- 10.227.227.101:6789/0 >> 10.227.227.104:0/3012039 pipe(0x4841680 sd=37 :6789 s=0 pgs=0 cs=0 l=1).accept new session
2013-04-28 16:36:40.967802 7faa3ffd4700 10 -- 10.227.227.101:6789/0 >> 10.227.227.104:0/3012039 pipe(0x4841680 sd=37 :6789 s=2 pgs=970 cs=1 l=1).accept success, connect_seq = 1, sending READY
2013-04-28 16:36:40.967807 7faa3ffd4700 10 -- 10.227.227.101:6789/0 >> 10.227.227.104:0/3012039 pipe(0x4841680 sd=37 :6789 s=2 pgs=970 cs=1 l=1).accept features 18446744073709551615
2013-04-28 16:36:40.967842 7faa3ffd4700 10 -- 10.227.227.101:6789/0 >> 10.227.227.104:0/3012039 pipe(0x4841680 sd=37 :6789 s=2 pgs=970 cs=1 l=1).register_pipe
2013-04-28 16:36:40.967868 7faa3ffd4700 10 -- 10.227.227.101:6789/0 >> 10.227.227.104:0/3012039 pipe(0x4841680 sd=37 :6789 s=2 pgs=970 cs=1 l=1).discard_requeued_up_to 0
2013-04-28 16:36:40.967881 7faa3ffd4700 10 -- 10.227.227.101:6789/0 >> 10.227.227.104:0/3012039 pipe(0x4841680 sd=37 :6789 s=2 pgs=970 cs=1 l=1).accept starting writer, state open
2013-04-28 16:36:40.969714 7faa40fe4700 10 -- 10.227.227.101:6789/0 >> :/0 pipe(0x4840780 sd=33 :0 s=0 pgs=0 cs=0 l=0).accept
2013-04-28 16:36:40.969801 7faa40fe4700 1 -- 10.227.227.101:6789/0 >> :/0 pipe(0x4840780 sd=33 :6789 s=0 pgs=0 cs=0 l=0).accept sd=33 10.227.227.104:56484/0
2013-04-28 16:36:40.970203 7faa3ffd4700 10 -- 10.227.227.101:6789/0 >> 10.227.227.104:0/3012039 pipe(0x4841680 sd=37 :6789 s=2 pgs=970 cs=1 l=1).reader wants 60 bytes from policy throttler 600/104857600
2013-04-28 16:36:40.970229 7faa3ffd4700 10 -- 10.227.227.101:6789/0 >> 10.227.227.104:0/3012039 pipe(0x4841680 sd=37 :6789 s=2 pgs=970 cs=1 l=1).reader wants 60 from dispatch throttler 0/104857600
2013-04-28 16:36:40.970244 7faa3ffd4700 10 -- 10.227.227.101:6789/0 >> 10.227.227.104:0/3012039 pipe(0x4841680 sd=37 :6789 s=2 pgs=970 cs=1 l=1).aborted = 0
2013-04-28 16:36:40.970261 7faa3ffd4700 10 -- 10.227.227.101:6789/0 >> 10.227.227.104:0/3012039 pipe(0x4841680 sd=37 :6789 s=2 pgs=970 cs=1 l=1).reader got message 1 0x2daba80 auth(proto 0 30 bytes epoch 1) v1
2013-04-28 16:36:40.970286 7faa421e8700 1 -- 10.227.227.101:6789/0 <== client.230530 10.227.227.104:0/3012039 1 ==== auth(proto 0 30 bytes epoch 1) v1 ==== 60+0+0 (3080406231 0 0) 0x2daba80 con 0x4528580
2013-04-28 16:36:40.970312 7faa421e8700 10 -- 10.227.227.101:6789/0 dispatch_throttle_release 60 to dispatch throttler 60/104857600
2013-04-28 16:36:40.971182 7faa40fe4700 10 -- 10.227.227.101:6789/0 >> 10.227.227.104:0/1012039 pipe(0x4840780 sd=33 :6789 s=0 pgs=0 cs=0 l=0).accept peer addr is 10.227.227.104:0/1012039
2013-04-28 16:36:40.971208 7faa40fe4700 10 -- 10.227.227.101:6789/0 >> 10.227.227.104:0/1012039 pipe(0x4840780 sd=33 :6789 s=0 pgs=0 cs=0 l=1).accept of host_type 8, policy.lossy=1
2013-04-28 16:36:40.971216 7faa40fe4700 10 -- 10.227.227.101:6789/0 >> 10.227.227.104:0/1012039 pipe(0x4840780 sd=33 :6789 s=0 pgs=0 cs=0 l=1).accept my proto 15, their proto 15
2013-04-28 16:36:40.971222 7faa40fe4700 10 -- 10.227.227.101:6789/0 >> 10.227.227.104:0/1012039 pipe(0x4840780 sd=33 :6789 s=0 pgs=0 cs=0 l=1).accept: setting up session_security.
2013-04-28 16:36:40.971226 7faa40fe4700 10 -- 10.227.227.101:6789/0 >> 10.227.227.104:0/1012039 pipe(0x4840780 sd=33 :6789 s=0 pgs=0 cs=0 l=1).accept new session
2013-04-28 16:36:40.971232 7faa40fe4700 10 -- 10.227.227.101:6789/0 >> 10.227.227.104:0/1012039 pipe(0x4840780 sd=33 :6789 s=2 pgs=994 cs=1 l=1).accept success, connect_seq = 1, sending READY
2013-04-28 16:36:40.971241 7faa40fe4700 10 -- 10.227.227.101:6789/0 >> 10.227.227.104:0/1012039 pipe(0x4840780 sd=33 :6789 s=2 pgs=994 cs=1 l=1).accept features 18446744073709551615
2013-04-28 16:36:40.971254 7faa40fe4700 10 -- 10.227.227.101:6789/0 >> 10.227.227.104:0/1012039 pipe(0x4840780 sd=33 :6789 s=2 pgs=994 cs=1 l=1).register_pipe
2013-04-28 16:36:40.971276 7faa40fe4700 10 -- 10.227.227.101:6789/0 >> 10.227.227.104:0/1012039 pipe(0x4840780 sd=33 :6789 s=2 pgs=994 cs=1 l=1).discard_requeued_up_to 0
2013-04-28 16:36:40.971285 7faa40fe4700 10 -- 10.227.227.101:6789/0 >> 10.227.227.104:0/1012039 pipe(0x4840780 sd=33 :6789 s=2 pgs=994 cs=1 l=1).accept starting writer, state open
2013-04-28 16:36:40.971497 7faa40de2700 10 -- 10.227.227.101:6789/0 >> :/0 pipe(0x4842080 sd=38 :0 s=0 pgs=0 cs=0 l=0).accept
2013-04-28 16:36:40.971551 7faa40de2700 1 -- 10.227.227.101:6789/0 >> :/0 pipe(0x4842080 sd=38 :6789 s=0 pgs=0 cs=0 l=0).accept sd=38 10.227.227.104:56486/0
2013-04-28 16:36:40.972449 7faa40fe4700 10 -- 10.227.227.101:6789/0 >> 10.227.227.104:0/1012039 pipe(0x4840780 sd=33 :6789 s=2 pgs=994 cs=1 l=1).reader wants 60 bytes from policy throttler 660/104857600
2013-04-28 16:36:40.972522 7faa40fe4700 10 -- 10.227.227.101:6789/0 >> 10.227.227.104:0/1012039 pipe(0x4840780 sd=33 :6789 s=2 pgs=994 cs=1 l=1).reader wants 60 from dispatch throttler 0/104857600
2013-04-28 16:36:40.972561 7faa40fe4700 10 -- 10.227.227.101:6789/0 >> 10.227.227.104:0/1012039 pipe(0x4840780 sd=33 :6789 s=2 pgs=994 cs=1 l=1).aborted = 0
2013-04-28 16:36:40.972601 7faa40fe4700 10 -- 10.227.227.101:6789/0 >> 10.227.227.104:0/1012039 pipe(0x4840780 sd=33 :6789 s=2 pgs=994 cs=1 l=1).reader got message 1 0x2dabf00 auth(proto 0 30 bytes epoch 1) v1
2013-04-28 16:36:40.972645 7faa421e8700 1 -- 10.227.227.101:6789/0 <== client.230524 10.227.227.104:0/1012039 1 ==== auth(proto 0 30 bytes epoch 1) v1 ==== 60+0+0 (407806951 0 0) 0x2dabf00 con 0x4528160
2013-04-28 16:36:40.972665 7faa421e8700 10 -- 10.227.227.101:6789/0 dispatch_throttle_release 60 to dispatch throttler 60/104857600
2013-04-28 16:36:40.975042 7faa40de2700 10 -- 10.227.227.101:6789/0 >> 10.227.227.104:0/2012039 pipe(0x4842080 sd=38 :6789 s=0 pgs=0 cs=0 l=0).accept peer addr is 10.227.227.104:0/2012039
2013-04-28 16:36:40.975137 7faa40de2700 10 -- 10.227.227.101:6789/0 >> 10.227.227.104:0/2012039 pipe(0x4842080 sd=38 :6789 s=0 pgs=0 cs=0 l=1).accept of host_type 8, policy.lossy=1
2013-04-28 16:36:40.975171 7faa40de2700 10 -- 10.227.227.101:6789/0 >> 10.227.227.104:0/2012039 pipe(0x4842080 sd=38 :6789 s=0 pgs=0 cs=0 l=1).accept my proto 15, their proto 15
2013-04-28 16:36:40.975200 7faa40de2700 10 -- 10.227.227.101:6789/0 >> 10.227.227.104:0/2012039 pipe(0x4842080 sd=38 :6789 s=0 pgs=0 cs=0 l=1).accept: setting up session_security.
2013-04-28 16:36:40.975227 7faa40de2700 10 -- 10.227.227.101:6789/0 >> 10.227.227.104:0/2012039 pipe(0x4842080 sd=38 :6789 s=0 pgs=0 cs=0 l=1).accept new session
2013-04-28 16:36:40.975254 7faa40de2700 10 -- 10.227.227.101:6789/0 >> 10.227.227.104:0/2012039 pipe(0x4842080 sd=38 :6789 s=2 pgs=1232 cs=1 l=1).accept success, connect_seq = 1, sending READY
2013-04-28 16:36:40.975280 7faa40de2700 10 -- 10.227.227.101:6789/0 >> 10.227.227.104:0/2012039 pipe(0x4842080 sd=38 :6789 s=2 pgs=1232 cs=1 l=1).accept features 18446744073709551615
2013-04-28 16:36:40.975285 7faa3efc5700 10 -- 10.227.227.101:6789/0 >> 10.227.227.104:0/3012039 pipe(0x4841680 sd=37 :6789 s=2 pgs=970 cs=1 l=1).writer: state = open policy.server=1
2013-04-28 16:36:40.975366 7faa3efc5700 10 -- 10.227.227.101:6789/0 >> 10.227.227.104:0/3012039 pipe(0x4841680 sd=37 :6789 s=2 pgs=970 cs=1 l=1).write_ack 1
2013-04-28 16:36:40.975404 7faa3efc5700 10 -- 10.227.227.101:6789/0 >> 10.227.227.104:0/3012039 pipe(0x4841680 sd=37 :6789 s=2 pgs=970 cs=1 l=1).writer: state = open policy.server=1
