2013-04-28 16:36:24.608191 7faa3f7cc700 10 -- 10.227.227.101:6789/0 >> 10.227.227.104:6800/9542 pipe(0x4844100 sd=28 :6789 s=2 pgs=479 cs=1 l=1).reader wants 56 from dispatch throttler 0/104857600
2013-04-28 16:36:24.608204 7faa3f7cc700 10 -- 10.227.227.101:6789/0 >> 10.227.227.104:6800/9542 pipe(0x4844100 sd=28 :6789 s=2 pgs=479 cs=1 l=1).aborted = 0
2013-04-28 16:36:24.608219 7faa3f7cc700 10 -- 10.227.227.101:6789/0 >> 10.227.227.104:6800/9542 pipe(0x4844100 sd=28 :6789 s=2 pgs=479 cs=1 l=1).reader got message 1 0x2daad00 auth(proto 0 26 bytes epoch 1) v1
2013-04-28 16:36:24.608244 7faa421e8700 1 -- 10.227.227.101:6789/0 <== mds.? 10.227.227.104:6800/9542 1 ==== auth(proto 0 26 bytes epoch 1) v1 ==== 56+0+0 (254026316 0 0) 0x2daad00 con 0x4528580
2013-04-28 16:36:24.608278 7faa421e8700 10 -- 10.227.227.101:6789/0 dispatch_throttle_release 56 to dispatch throttler 56/104857600
2013-04-28 16:36:24.625019 7faa407dc700 10 -- 10.227.227.101:6789/0 >> 10.227.227.104:6800/9542 pipe(0x4844100 sd=28 :6789 s=2 pgs=479 cs=1 l=1).writer: state = open policy.server=1
2013-04-28 16:36:24.625066 7faa407dc700 10 -- 10.227.227.101:6789/0 >> 10.227.227.104:6800/9542 pipe(0x4844100 sd=28 :6789 s=2 pgs=479 cs=1 l=1).write_ack 1
2013-04-28 16:36:24.625083 7faa407dc700 10 -- 10.227.227.101:6789/0 >> 10.227.227.104:6800/9542 pipe(0x4844100 sd=28 :6789 s=2 pgs=479 cs=1 l=1).writer: state = open policy.server=1
2013-04-28 16:36:24.700103 7faa3f7cc700 2 -- 10.227.227.101:6789/0 >> 10.227.227.104:6800/9542 pipe(0x4844100 sd=28 :6789 s=2 pgs=479 cs=1 l=1).reader couldn't read tag, Success
2013-04-28 16:36:24.700154 7faa3f7cc700 2 -- 10.227.227.101:6789/0 >> 10.227.227.104:6800/9542 pipe(0x4844100 sd=28 :6789 s=2 pgs=479 cs=1 l=1).fault 0: Success
2013-04-28 16:36:24.700176 7faa3f7cc700 10 -- 10.227.227.101:6789/0 >> 10.227.227.104:6800/9542 pipe(0x4844100 sd=28 :6789 s=2 pgs=479 cs=1 l=1).fault on lossy channel, failing
2013-04-28 16:36:24.700182 7faa3f7cc700 10 -- 10.227.227.101:6789/0 >> 10.227.227.104:6800/9542 pipe(0x4844100 sd=28 :6789 s=2 pgs=479 cs=1 l=1).stop
2013-04-28 16:36:24.700235 7faa3f7cc700 10 -- 10.227.227.101:6789/0 >> 10.227.227.104:6800/9542 pipe(0x4844100 sd=28 :6789 s=4 pgs=479 cs=1 l=1).unregister_pipe
2013-04-28 16:36:24.700248 7faa3f7cc700 10 -- 10.227.227.101:6789/0 >> 10.227.227.104:6800/9542 pipe(0x4844100 sd=28 :6789 s=4 pgs=479 cs=1 l=1).discard_queue
2013-04-28 16:36:24.700264 7faa3f7cc700 10 -- 10.227.227.101:6789/0 >> 10.227.227.104:6800/9542 pipe(0x4844100 sd=28 :6789 s=4 pgs=479 cs=1 l=1).reader done
2013-04-28 16:36:24.700270 7faa407dc700 10 -- 10.227.227.101:6789/0 queue_reap 0x4844100
2013-04-28 16:36:24.700290 7faa407dc700 10 -- 10.227.227.101:6789/0 >> 10.227.227.104:6800/9542 pipe(0x4844100 sd=28 :6789 s=4 pgs=479 cs=1 l=1).writer done
2013-04-28 16:36:24.700327 7faa431ea700 10 -- 10.227.227.101:6789/0 reaper
2013-04-28 16:36:24.700333 7faa431ea700 10 -- 10.227.227.101:6789/0 reaper reaping pipe 0x4844100 10.227.227.104:6800/9542
2013-04-28 16:36:24.700338 7faa431ea700 10 -- 10.227.227.101:6789/0 >> 10.227.227.104:6800/9542 pipe(0x4844100 sd=28 :6789 s=4 pgs=479 cs=1 l=1).discard_queue
2013-04-28 16:36:24.700344 7faa431ea700 10 -- 10.227.227.101:6789/0 >> 10.227.227.104:6800/9542 pipe(0x4844100 sd=28 :6789 s=4 pgs=479 cs=1 l=1).unregister_pipe - not registered
2013-04-28 16:36:24.700368 7faa431ea700 10 -- 10.227.227.101:6789/0 reaper reaped pipe 0x4844100 10.227.227.104:6800/9542
2013-04-28 16:36:24.700375 7faa431ea700 10 -- 10.227.227.101:6789/0 reaper deleted pipe 0x4844100
2013-04-28 16:36:24.700377 7faa431ea700 10 -- 10.227.227.101:6789/0 reaper done
2013-04-28 16:36:24.787422 7faa40ee3700 10 -- 10.227.227.101:6789/0 >> 10.227.227.103:6789/0 pipe(0x4840500 sd=23 :47647 s=2 pgs=3827 cs=1 l=0).reader wants 525 from dispatch throttler 0/104857600
2013-04-28 16:36:24.787469 7faa40ee3700 10 -- 10.227.227.101:6789/0 >> 10.227.227.103:6789/0 pipe(0x4840500 sd=23 :47647 s=2 pgs=3827 cs=1 l=0).aborted = 0
2013-04-28 16:36:24.787522 7faa40ee3700 10 -- 10.227.227.101:6789/0 >> 10.227.227.103:6789/0 pipe(0x4840500 sd=23 :47647 s=2 pgs=3827 cs=1 l=0).reader got message 198795159 0x2dab840 election(5eacb654-3204-4ca1-9b16-83bb0140e497 propose 3025) v4
2013-04-28 16:36:24.787550 7faa411e6700 10 -- 10.227.227.101:6789/0 >> 10.227.227.103:6789/0 pipe(0x4840500 sd=23 :47647 s=2 pgs=3827 cs=1 l=0).writer: state = open policy.server=0
2013-04-28 16:36:24.787561 7faa411e6700 10 -- 10.227.227.101:6789/0 >> 10.227.227.103:6789/0 pipe(0x4840500 sd=23 :47647 s=2 pgs=3827 cs=1 l=0).write_ack 198795159
2013-04-28 16:36:24.787572 7faa411e6700 10 -- 10.227.227.101:6789/0 >> 10.227.227.103:6789/0 pipe(0x4840500 sd=23 :47647 s=2 pgs=3827 cs=1 l=0).writer: state = open policy.server=0
2013-04-28 16:36:24.787584 7faa421e8700 1 -- 10.227.227.101:6789/0 <== mon.1 10.227.227.103:6789/0 198795159 ==== election(5eacb654-3204-4ca1-9b16-83bb0140e497 propose 3025) v4 ==== 525+0+0 (736232447 0 0) 0x2dab840 con 0x2de06e0
2013-04-28 16:36:24.787600 7faa421e8700 10 -- 10.227.227.101:6789/0 dispatch_throttle_release 525 to dispatch throttler 525/104857600
2013-04-28 16:36:24.800802 7faa402d7700 2 -- 10.227.227.101:6789/0 >> 10.227.227.103:6800/11333 pipe(0x4843980 sd=29 :6789 s=2 pgs=481 cs=1 l=1).reader couldn't read tag, Success
2013-04-28 16:36:24.800848 7faa402d7700 2 -- 10.227.227.101:6789/0 >> 10.227.227.103:6800/11333 pipe(0x4843980 sd=29 :6789 s=2 pgs=481 cs=1 l=1).fault 0: Success
2013-04-28 16:36:24.800872 7faa402d7700 10 -- 10.227.227.101:6789/0 >> 10.227.227.103:6800/11333 pipe(0x4843980 sd=29 :6789 s=2 pgs=481 cs=1 l=1).fault on lossy channel, failing
2013-04-28 16:36:24.800879 7faa402d7700 10 -- 10.227.227.101:6789/0 >> 10.227.227.103:6800/11333 pipe(0x4843980 sd=29 :6789 s=2 pgs=481 cs=1 l=1).stop
2013-04-28 16:36:24.800889 7faa402d7700 10 -- 10.227.227.101:6789/0 >> 10.227.227.103:6800/11333 pipe(0x4843980 sd=29 :6789 s=4 pgs=481 cs=1 l=1).unregister_pipe
2013-04-28 16:36:24.800901 7faa402d7700 10 -- 10.227.227.101:6789/0 >> 10.227.227.103:6800/11333 pipe(0x4843980 sd=29 :6789 s=4 pgs=481 cs=1 l=1).discard_queue
2013-04-28 16:36:24.800918 7faa402d7700 10 -- 10.227.227.101:6789/0 >> 10.227.227.103:6800/11333 pipe(0x4843980 sd=29 :6789 s=4 pgs=481 cs=1 l=1).reader done
2013-04-28 16:36:24.800941 7faa3f5ca700 10 -- 10.227.227.101:6789/0 queue_reap 0x4843980
2013-04-28 16:36:24.800961 7faa3f5ca700 10 -- 10.227.227.101:6789/0 >> 10.227.227.103:6800/11333 pipe(0x4843980 sd=29 :6789 s=4 pgs=481 cs=1 l=1).writer done
2013-04-28 16:36:24.800969 7faa431ea700 10 -- 10.227.227.101:6789/0 reaper
2013-04-28 16:36:24.800990 7faa431ea700 10 -- 10.227.227.101:6789/0 reaper reaping pipe 0x4843980 10.227.227.103:6800/11333
2013-04-28 16:36:24.800996 7faa431ea700 10 -- 10.227.227.101:6789/0 >> 10.227.227.103:6800/11333 pipe(0x4843980 sd=29 :6789 s=4 pgs=481 cs=1 l=1).discard_queue
2013-04-28 16:36:24.801006 7faa431ea700 10 -- 10.227.227.101:6789/0 >> 10.227.227.103:6800/11333 pipe(0x4843980 sd=29 :6789 s=4 pgs=481 cs=1 l=1).unregister_pipe - not registered
2013-04-28 16:36:24.801152 7faa431ea700 10 -- 10.227.227.101:6789/0 reaper reaped pipe 0x4843980 10.227.227.103:6800/11333
2013-04-28 16:36:24.801165 7faa431ea700 10 -- 10.227.227.101:6789/0 reaper deleted pipe 0x4843980
2013-04-28 16:36:24.801169 7faa431ea700 10 -- 10.227.227.101:6789/0 reaper done
2013-04-28 16:36:24.809790 7faa419e7700 10 accepter.pfd.revents=1
2013-04-28 16:36:24.809817 7faa419e7700 10 accepter.accepted incoming on sd 28
2013-04-28 16:36:24.810952 7faa402d7700 10 -- 10.227.227.101:6789/0 >> :/0 pipe(0x4841b80 sd=28 :0 s=0 pgs=0 cs=0 l=0).accept
2013-04-28 16:36:24.811029 7faa402d7700 1 -- 10.227.227.101:6789/0 >> :/0 pipe(0x4841b80 sd=28 :6789 s=0 pgs=0 cs=0 l=0).accept sd=28 10.227.227.101:38001/0
2013-04-28 16:36:24.811054 7faa402d7700 10 -- 10.227.227.101:6789/0 >> 10.227.227.101:0/1012136 pipe(0x4841b80 sd=28 :6789 s=0 pgs=0 cs=0 l=0).accept peer addr is 10.227.227.101:0/1012136
2013-04-28 16:36:24.811068 7faa402d7700 10 -- 10.227.227.101:6789/0 >> 10.227.227.101:0/1012136 pipe(0x4841b80 sd=28 :6789 s=0 pgs=0 cs=0 l=1).accept of host_type 8, policy.lossy=1
2013-04-28 16:36:24.811074 7faa402d7700 10 -- 10.227.227.101:6789/0 >> 10.227.227.101:0/1012136 pipe(0x4841b80 sd=28 :6789 s=0 pgs=0 cs=0 l=1).accept my proto 15, their proto 15
2013-04-28 16:36:24.811080 7faa402d7700 10 -- 10.227.227.101:6789/0 >> 10.227.227.101:0/1012136 pipe(0x4841b80 sd=28 :6789 s=0 pgs=0 cs=0 l=1).accept: setting up session_security.
2013-04-28 16:36:24.811086 7faa402d7700 10 -- 10.227.227.101:6789/0 >> 10.227.227.101:0/1012136 pipe(0x4841b80 sd=28 :6789 s=0 pgs=0 cs=0 l=1).accept new session
2013-04-28 16:36:24.811091 7faa402d7700 10 -- 10.227.227.101:6789/0 >> 10.227.227.101:0/1012136 pipe(0x4841b80 sd=28 :6789 s=2 pgs=934 cs=1 l=1).accept success, connect_seq = 1, sending READY
2013-04-28 16:36:24.811096 7faa402d7700 10 -- 10.227.227.101:6789/0 >> 10.227.227.101:0/1012136 pipe(0x4841b80 sd=28 :6789 s=2 pgs=934 cs=1 l=1).accept features 18446744073709551615
2013-04-28 16:36:24.811111 7faa402d7700 10 -- 10.227.227.101:6789/0 >> 10.227.227.101:0/1012136 pipe(0x4841b80 sd=28 :6789 s=2 pgs=934 cs=1 l=1).register_pipe
2013-04-28 16:36:24.811129 7faa402d7700 10 -- 10.227.227.101:6789/0 >> 10.227.227.101:0/1012136 pipe(0x4841b80 sd=28 :6789 s=2 pgs=934 cs=1 l=1).discard_requeued_up_to 0
2013-04-28 16:36:24.811137 7faa402d7700 10 -- 10.227.227.101:6789/0 >> 10.227.227.101:0/1012136 pipe(0x4841b80 sd=28 :6789 s=2 pgs=934 cs=1 l=1).accept starting writer, state open
2013-04-28 16:36:24.811235 7faa402d7700 10 -- 10.227.227.101:6789/0 >> 10.227.227.101:0/1012136 pipe(0x4841b80 sd=28 :6789 s=2 pgs=934 cs=1 l=1).reader wants 60 bytes from policy throttler 540/104857600
2013-04-28 16:36:24.811256 7faa402d7700 10 -- 10.227.227.101:6789/0 >> 10.227.227.101:0/1012136 pipe(0x4841b80 sd=28 :6789 s=2 pgs=934 cs=1 l=1).reader wants 60 from dispatch throttler 0/104857600
2013-04-28 16:36:24.811269 7faa402d7700 10 -- 10.227.227.101:6789/0 >> 10.227.227.101:0/1012136 pipe(0x4841b80 sd=28 :6789 s=2 pgs=934 cs=1 l=1).aborted = 0
2013-04-28 16:36:24.811285 7faa402d7700 10 -- 10.227.227.101:6789/0 >> 10.227.227.101:0/1012136 pipe(0x4841b80 sd=28 :6789 s=2 pgs=934 cs=1 l=1).reader got message 1 0x2dad580 auth(proto 0 30 bytes epoch 1) v1
2013-04-28 16:36:24.811315 7faa3f5ca700 10 -- 10.227.227.101:6789/0 >> 10.227.227.101:0/1012136 pipe(0x4841b80 sd=28 :6789 s=2 pgs=934 cs=1 l=1).writer: state = open policy.server=1
2013-04-28 16:36:24.811315 7faa421e8700 1 -- 10.227.227.101:6789/0 <== client.230548 10.227.227.101:0/1012136 1 ==== auth(proto 0 30 bytes epoch 1) v1 ==== 60+0+0 (160851044 0 0) 0x2dad580 con 0x4528420
2013-04-28 16:36:24.811356 7faa421e8700 10 -- 10.227.227.101:6789/0 dispatch_throttle_release 60 to dispatch throttler 60/104857600
2013-04-28 16:36:24.811425 7faa3f5ca700 10 -- 10.227.227.101:6789/0 >> 10.227.227.101:0/1012136 pipe(0x4841b80 sd=28 :6789 s=2 pgs=934 cs=1 l=1).write_ack 1
2013-04-28 16:36:24.811471 7faa3f5ca700 10 -- 10.227.227.101:6789/0 >> 10.227.227.101:0/1012136 pipe(0x4841b80 sd=28 :6789 s=2 pgs=934 cs=1 l=1).writer: state = open policy.server=1
2013-04-28 16:36:24.979991 7faa419e7700 10 accepter.pfd.revents=1
2013-04-28 16:36:24.980015 7faa419e7700 10 accepter.accepted incoming on sd 29
2013-04-28 16:36:24.980142 7faa3f7cc700 10 -- 10.227.227.101:6789/0 >> :/0 pipe(0x4845280 sd=29 :0 s=0 pgs=0 cs=0 l=0).accept
2013-04-28 16:36:24.980218 7faa3f7cc700 1 -- 10.227.227.101:6789/0 >> :/0 pipe(0x4845280 sd=29 :6789 s=0 pgs=0 cs=0 l=0).accept sd=29 10.227.227.102:58825/0
2013-04-28 16:36:24.980522 7faa3f7cc700 10 -- 10.227.227.101:6789/0 >> 10.227.227.102:0/1030737 pipe(0x4845280 sd=29 :6789 s=0 pgs=0 cs=0 l=0).accept peer addr is 10.227.227.102:0/1030737
2013-04-28 16:36:24.980568 7faa3f7cc700 10 -- 10.227.227.101:6789/0 >> 10.227.227.102:0/1030737 pipe(0x4845280 sd=29 :6789 s=0 pgs=0 cs=0 l=1).accept of host_type 8, policy.lossy=1
2013-04-28 16:36:24.980599 7faa3f7cc700 10 -- 10.227.227.101:6789/0 >> 10.227.227.102:0/1030737 pipe(0x4845280 sd=29 :6789 s=0 pgs=0 cs=0 l=1).accept my proto 15, their proto 15
2013-04-28 16:36:24.980629 7faa3f7cc700 10 -- 10.227.227.101:6789/0 >> 10.227.227.102:0/1030737 pipe(0x4845280 sd=29 :6789 s=0 pgs=0 cs=0 l=1).accept: setting up session_security.
2013-04-28 16:36:24.980681 7faa3f7cc700 10 -- 10.227.227.101:6789/0 >> 10.227.227.102:0/1030737 pipe(0x4845280 sd=29 :6789 s=0 pgs=0 cs=0 l=1).accept new session
2013-04-28 16:36:24.980714 7faa3f7cc700 10 -- 10.227.227.101:6789/0 >> 10.227.227.102:0/1030737 pipe(0x4845280 sd=29 :6789 s=2 pgs=624 cs=1 l=1).accept success, connect_seq = 1, sending READY
2013-04-28 16:36:24.980742 7faa3f7cc700 10 -- 10.227.227.101:6789/0 >> 10.227.227.102:0/1030737 pipe(0x4845280 sd=29 :6789 s=2 pgs=624 cs=1 l=1).accept features 18446744073709551615
2013-04-28 16:36:24.980791 7faa3f7cc700 10 -- 10.227.227.101:6789/0 >> 10.227.227.102:0/1030737 pipe(0x4845280 sd=29 :6789 s=2 pgs=624 cs=1 l=1).register_pipe
2013-04-28 16:36:24.980837 7faa3f7cc700 10 -- 10.227.227.101:6789/0 >> 10.227.227.102:0/1030737 pipe(0x4845280 sd=29 :6789 s=2 pgs=624 cs=1 l=1).discard_requeued_up_to 0
2013-04-28 16:36:24.980944 7faa3f7cc700 10 -- 10.227.227.101:6789/0 >> 10.227.227.102:0/1030737 pipe(0x4845280 sd=29 :6789 s=2 pgs=624 cs=1 l=1).accept starting writer, state open
2013-04-28 16:36:24.982005 7faa3f7cc700 10 -- 10.227.227.101:6789/0 >> 10.227.227.102:0/1030737 pipe(0x4845280 sd=29 :6789 s=2 pgs=624 cs=1 l=1).reader wants 60 bytes from policy throttler 600/104857600
2013-04-28 16:36:24.982049 7faa3f7cc700 10 -- 10.227.227.101:6789/0 >> 10.227.227.102:0/1030737 pipe(0x4845280 sd=29 :6789 s=2 pgs=624 cs=1 l=1).reader wants 60 from dispatch throttler 0/104857600
2013-04-28 16:36:24.982087 7faa3f7cc700 10 -- 10.227.227.101:6789/0 >> 10.227.227.102:0/1030737 pipe(0x4845280 sd=29 :6789 s=2 pgs=624 cs=1 l=1).aborted = 0
2013-04-28 16:36:24.982128 7faa3f7cc700 10 -- 10.227.227.101:6789/0 >> 10.227.227.102:0/1030737 pipe(0x4845280 sd=29 :6789 s=2 pgs=624 cs=1 l=1).reader got message 1 0x2dad7c0 auth(proto 0 30 bytes epoch 1) v1
2013-04-28 16:36:24.982171 7faa421e8700 1 -- 10.227.227.101:6789/0 <== client.232919 10.227.227.102:0/1030737 1 ==== auth(proto 0 30 bytes epoch 1) v1 ==== 60+0+0 (99412597 0 0) 0x2dad7c0 con 0x45282c0
2013-04-28 16:36:24.982196 7faa421e8700 10 -- 10.227.227.101:6789/0 dispatch_throttle_release 60 to dispatch throttler 60/104857600
2013-04-28 16:36:24.990808 7faa404d9700 2 -- 10.227.227.101:6789/0 >> 10.227.227.102:0/1030881 pipe(0x4840f00 sd=30 :6789 s=2 pgs=490 cs=1 l=1).reader couldn't read tag, Success
2013-04-28 16:36:24.990850 7faa404d9700 2 -- 10.227.227.101:6789/0 >> 10.227.227.102:0/1030881 pipe(0x4840f00 sd=30 :6789 s=2 pgs=490 cs=1 l=1).fault 0: Success
2013-04-28 16:36:24.990879 7faa404d9700 10 -- 10.227.227.101:6789/0 >> 10.227.227.102:0/1030881 pipe(0x4840f00 sd=30 :6789 s=2 pgs=490 cs=1 l=1).fault on lossy channel, failing
2013-04-28 16:36:24.990886 7faa404d9700 10 -- 10.227.227.101:6789/0 >> 10.227.227.102:0/1030881 pipe(0x4840f00 sd=30 :6789 s=2 pgs=490 cs=1 l=1).stop
2013-04-28 16:36:24.990894 7faa404d9700 10 -- 10.227.227.101:6789/0 >> 10.227.227.102:0/1030881 pipe(0x4840f00 sd=30 :6789 s=4 pgs=490 cs=1 l=1).unregister_pipe
2013-04-28 16:36:24.990905 7faa404d9700 10 -- 10.227.227.101:6789/0 >> 10.227.227.102:0/1030881 pipe(0x4840f00 sd=30 :6789 s=4 pgs=490 cs=1 l=1).discard_queue
2013-04-28 16:36:24.990921 7faa404d9700 10 -- 10.227.227.101:6789/0 >> 10.227.227.102:0/1030881 pipe(0x4840f00 sd=30 :6789 s=4 pgs=490 cs=1 l=1).reader done
2013-04-28 16:36:24.990975 7faa3f6cb700 10 -- 10.227.227.101:6789/0 queue_reap 0x4840f00
2013-04-28 16:36:24.990987 7faa3f6cb700 10 -- 10.227.227.101:6789/0 >> 10.227.227.102:0/1030881 pipe(0x4840f00 sd=30 :6789 s=4 pgs=490 cs=1 l=1).writer done
2013-04-28 16:36:24.991019 7faa431ea700 10 -- 10.227.227.101:6789/0 reaper
2013-04-28 16:36:24.991025 7faa431ea700 10 -- 10.227.227.101:6789/0 reaper reaping pipe 0x4840f00 10.227.227.102:0/1030881
2013-04-28 16:36:24.991029 7faa431ea700 10 -- 10.227.227.101:6789/0 >> 10.227.227.102:0/1030881 pipe(0x4840f00 sd=30 :6789 s=4 pgs=490 cs=1 l=1).discard_queue
2013-04-28 16:36:24.991035 7faa431ea700 10 -- 10.227.227.101:6789/0 >> 10.227.227.102:0/1030881 pipe(0x4840f00 sd=30 :6789 s=4 pgs=490 cs=1 l=1).unregister_pipe - not registered
2013-04-28 16:36:24.991059 7faa431ea700 10 -- 10.227.227.101:6789/0 reaper reaped pipe 0x4840f00 10.227.227.102:0/1030881
2013-04-28 16:36:24.991066 7faa431ea700 10 -- 10.227.227.101:6789/0 reaper deleted pipe 0x4840f00
2013-04-28 16:36:24.991068 7faa431ea700 10 -- 10.227.227.101:6789/0 reaper done
2013-04-28 16:36:24.995059 7faa407dc700 10 -- 10.227.227.101:6789/0 >> 10.227.227.102:0/1030737 pipe(0x4845280 sd=29 :6789 s=2 pgs=624 cs=1 l=1).writer: state = open policy.server=1
2013-04-28 16:36:24.995150 7faa407dc700 10 -- 10.227.227.101:6789/0 >> 10.227.227.102:0/1030737 pipe(0x4845280 sd=29 :6789 s=2 pgs=624 cs=1 l=1).write_ack 1
2013-04-28 16:36:24.995188 7faa407dc700 10 -- 10.227.227.101:6789/0 >> 10.227.227.102:0/1030737 pipe(0x4845280 sd=29 :6789 s=2 pgs=624 cs=1 l=1).writer: state = open policy.server=1
2013-04-28 16:36:25.116246 7faa400d5700 2 -- 10.227.227.101:6789/0 >> 10.227.227.101:6800/13134 pipe(0x4847a80 sd=27 :6789 s=2 pgs=829 cs=1 l=1).reader couldn't read tag, Success
2013-04-28 16:36:25.116294 7faa400d5700 2 -- 10.227.227.101:6789/0 >> 10.227.227.101:6800/13134 pipe(0x4847a80 sd=27 :6789 s=2 pgs=829 cs=1 l=1).fault 0: Success
2013-04-28 16:36:25.116332 7faa400d5700 10 -- 10.227.227.101:6789/0 >> 10.227.227.101:6800/13134 pipe(0x4847a80 sd=27 :6789 s=2 pgs=829 cs=1 l=1).fault on lossy channel, failing
2013-04-28 16:36:25.116342 7faa400d5700 10 -- 10.227.227.101:6789/0 >> 10.227.227.101:6800/13134 pipe(0x4847a80 sd=27 :6789 s=2 pgs=829 cs=1 l=1).stop
2013-04-28 16:36:25.116353 7faa400d5700 10 -- 10.227.227.101:6789/0 >> 10.227.227.101:6800/13134 pipe(0x4847a80 sd=27 :6789 s=4 pgs=829 cs=1 l=1).unregister_pipe
2013-04-28 16:36:25.116362 7faa400d5700 10 -- 10.227.227.101:6789/0 >> 10.227.227.101:6800/13134 pipe(0x4847a80 sd=27 :6789 s=4 pgs=829 cs=1 l=1).discard_queue
2013-04-28 16:36:25.116381 7faa400d5700 10 -- 10.227.227.101:6789/0 >> 10.227.227.101:6800/13134 pipe(0x4847a80 sd=27 :6789 s=4 pgs=829 cs=1 l=1).reader done
2013-04-28 16:36:25.116392 7faa3f0c6700 10 -- 10.227.227.101:6789/0 queue_reap 0x4847a80
2013-04-28 16:36:25.116420 7faa3f0c6700 10 -- 10.227.227.101:6789/0 >> 10.227.227.101:6800/13134 pipe(0x4847a80 sd=27 :6789 s=4 pgs=829 cs=1 l=1).writer done
2013-04-28 16:36:25.116455 7faa431ea700 10 -- 10.227.227.101:6789/0 reaper
2013-04-28 16:36:25.116465 7faa431ea700 10 -- 10.227.227.101:6789/0 reaper reaping pipe 0x4847a80 10.227.227.101:6800/13134
2013-04-28 16:36:25.116469 7faa431ea700 10 -- 10.227.227.101:6789/0 >> 10.227.227.101:6800/13134 pipe(0x4847a80 sd=27 :6789 s=4 pgs=829 cs=1 l=1).discard_queue
2013-04-28 16:36:25.116477 7faa431ea700 10 -- 10.227.227.101:6789/0 >> 10.227.227.101:6800/13134 pipe(0x4847a80 sd=27 :6789 s=4 pgs=829 cs=1 l=1).unregister_pipe - not registered
2013-04-28 16:36:25.116496 7faa431ea700 10 -- 10.227.227.101:6789/0 reaper reaped pipe 0x4847a80 10.227.227.101:6800/13134
2013-04-28 16:36:25.116505 7faa431ea700 10 -- 10.227.227.101:6789/0 reaper deleted pipe 0x4847a80
2013-04-28 16:36:25.116508 7faa431ea700 10 -- 10.227.227.101:6789/0 reaper done
2013-04-28 16:36:25.122026 7faa419e7700 10 accepter.pfd.revents=1
2013-04-28 16:36:25.122048 7faa419e7700 10 accepter.accepted incoming on sd 27
2013-04-28 16:36:25.135877 7faa400d5700 10 -- 10.227.227.101:6789/0 >> :/0 pipe(0x4841e00 sd=27 :0 s=0 pgs=0 cs=0 l=0).accept
2013-04-28 16:36:25.136019 7faa400d5700 1 -- 10.227.227.101:6789/0 >> :/0 pipe(0x4841e00 sd=27 :6789 s=0 pgs=0 cs=0 l=0).accept sd=27 10.227.227.101:38002/0
2013-04-28 16:36:25.136080 7faa400d5700 10 -- 10.227.227.101:6789/0 >> 10.227.227.101:6800/13134 pipe(0x4841e00 sd=27 :6789 s=0 pgs=0 cs=0 l=0).accept peer addr is 10.227.227.101:6800/13134
2013-04-28 16:36:25.136125 7faa400d5700 10 -- 10.227.227.101:6789/0 >> 10.227.227.101:6800/13134 pipe(0x4841e00 sd=27 :6789 s=0 pgs=0 cs=0 l=1).accept of host_type 2, policy.lossy=1
2013-04-28 16:36:25.136157 7faa400d5700 10 -- 10.227.227.101:6789/0 >> 10.227.227.101:6800/13134 pipe(0x4841e00 sd=27 :6789 s=0 pgs=0 cs=0 l=1).accept my proto 15, their proto 15
2013-04-28 16:36:25.136201 7faa400d5700 10 -- 10.227.227.101:6789/0 >> 10.227.227.101:6800/13134 pipe(0x4841e00 sd=27 :6789 s=0 pgs=0 cs=0 l=1).accept: setting up session_security.
2013-04-28 16:36:25.136231 7faa400d5700 10 -- 10.227.227.101:6789/0 >> 10.227.227.101:6800/13134 pipe(0x4841e00 sd=27 :6789 s=0 pgs=0 cs=0 l=1).accept new session
2013-04-28 16:36:25.136259 7faa400d5700 10 -- 10.227.227.101:6789/0 >> 10.227.227.101:6800/13134 pipe(0x4841e00 sd=27 :6789 s=2 pgs=830 cs=1 l=1).accept success, connect_seq = 1, sending READY
2013-04-28 16:36:25.136286 7faa400d5700 10 -- 10.227.227.101:6789/0 >> 10.227.227.101:6800/13134 pipe(0x4841e00 sd=27 :6789 s=2 pgs=830 cs=1 l=1).accept features 18446744073709551615
2013-04-28 16:36:25.136322 7faa400d5700 10 -- 10.227.227.101:6789/0 >> 10.227.227.101:6800/13134 pipe(0x4841e00 sd=27 :6789 s=2 pgs=830 cs=1 l=1).register_pipe
2013-04-28 16:36:25.136366 7faa400d5700 10 -- 10.227.227.101:6789/0 >> 10.227.227.101:6800/13134 pipe(0x4841e00 sd=27 :6789 s=2 pgs=830 cs=1 l=1).discard_requeued_up_to 0
2013-04-28 16:36:25.136401 7faa400d5700 10 -- 10.227.227.101:6789/0 >> 10.227.227.101:6800/13134 pipe(0x4841e00 sd=27 :6789 s=2 pgs=830 cs=1 l=1).accept starting writer, state open
2013-04-28 16:36:25.136465 7faa3f0c6700 10 -- 10.227.227.101:6789/0 >> 10.227.227.101:6800/13134 pipe(0x4841e00 sd=27 :6789 s=2 pgs=830 cs=1 l=1).writer: state = open policy.server=1
2013-04-28 16:36:25.136597 7faa3f0c6700 10 -- 10.227.227.101:6789/0 >> 10.227.227.101:6800/13134 pipe(0x4841e00 sd=27 :6789 s=2 pgs=830 cs=1 l=1).writer: state = open policy.server=1
2013-04-28 16:36:25.136467 7faa400d5700 10 -- 10.227.227.101:6789/0 >> 10.227.227.101:6800/13134 pipe(0x4841e00 sd=27 :6789 s=2 pgs=830 cs=1 l=1).reader wants 56 bytes from policy throttler 562/419430400
2013-04-28 16:36:25.136880 7faa400d5700 10 -- 10.227.227.101:6789/0 >> 10.227.227.101:6800/13134 pipe(0x4841e00 sd=27 :6789 s=2 pgs=830 cs=1 l=1).reader wants 56 from dispatch throttler 0/104857600
2013-04-28 16:36:25.136900 7faa400d5700 10 -- 10.227.227.101:6789/0 >> 10.227.227.101:6800/13134 pipe(0x4841e00 sd=27 :6789 s=2 pgs=830 cs=1 l=1).aborted = 0
2013-04-28 16:36:25.136920 7faa400d5700 10 -- 10.227.227.101:6789/0 >> 10.227.227.101:6800/13134 pipe(0x4841e00 sd=27 :6789 s=2 pgs=830 cs=1 l=1).reader got message 1 0x2da9680 auth(proto 0 26 bytes epoch 1) v1
2013-04-28 16:36:25.136947 7faa3f0c6700 10 -- 10.227.227.101:6789/0 >> 10.227.227.101:6800/13134 pipe(0x4841e00 sd=27 :6789 s=2 pgs=830 cs=1 l=1).writer: state = open policy.server=1
2013-04-28 16:36:25.136942 7faa421e8700 1 -- 10.227.227.101:6789/0 <== mds.0 10.227.227.101:6800/13134 1 ==== auth(proto 0 26 bytes epoch 1) v1 ==== 56+0+0 (1231069320 0 0) 0x2da9680 con 0x4528160
2013-04-28 16:36:25.136986 7faa421e8700 10 -- 10.227.227.101:6789/0 dispatch_throttle_release 56 to dispatch throttler 56/104857600
2013-04-28 16:36:25.136967 7faa3f0c6700 10 -- 10.227.227.101:6789/0 >> 10.227.227.101:6800/13134 pipe(0x4841e00 sd=27 :6789 s=2 pgs=830 cs=1 l=1).write_ack 1
2013-04-28 16:36:25.137097 7faa3f0c6700 10 -- 10.227.227.101:6789/0 >> 10.227.227.101:6800/13134 pipe(0x4841e00 sd=27 :6789 s=2 pgs=830 cs=1 l=1).writer: state = open policy.server=1
2013-04-28 16:36:25.229492 7faa419e7700 10 accepter.pfd.revents=1
2013-04-28 16:36:25.229525 7faa419e7700 10 accepter.accepted incoming on sd 30
2013-04-28 16:36:25.235016 7faa404d9700 10 -- 10.227.227.101:6789/0 >> :/0 pipe(0x4842d00 sd=30 :0 s=0 pgs=0 cs=0 l=0).accept
2013-04-28 16:36:25.235161 7faa404d9700 1 -- 10.227.227.101:6789/0 >> :/0 pipe(0x4842d00 sd=30 :6789 s=0 pgs=0 cs=0 l=0).accept sd=30 10.227.227.104:56438/0
2013-04-28 16:36:25.245035 7faa404d9700 10 -- 10.227.227.101:6789/0 >> 10.227.227.104:0/1012653 pipe(0x4842d00 sd=30 :6789 s=0 pgs=0 cs=0 l=0).accept peer addr is 10.227.227.104:0/1012653
2013-04-28 16:36:25.245146 7faa404d9700 10 -- 10.227.227.101:6789/0 >> 10.227.227.104:0/1012653 pipe(0x4842d00 sd=30 :6789 s=0 pgs=0 cs=0 l=1).accept of host_type 8, policy.lossy=1
2013-04-28 16:36:25.245180 7faa404d9700 10 -- 10.227.227.101:6789/0 >> 10.227.227.104:0/1012653 pipe(0x4842d00 sd=30 :6789 s=0 pgs=0 cs=0 l=1).accept my proto 15, their proto 15
2013-04-28 16:36:25.245234 7faa404d9700 10 -- 10.227.227.101:6789/0 >> 10.227.227.104:0/1012653 pipe(0x4842d00 sd=30 :6789 s=0 pgs=0 cs=0 l=1).accept: setting up session_security.
2013-04-28 16:36:25.245265 7faa404d9700 10 -- 10.227.227.101:6789/0 >> 10.227.227.104:0/1012653 pipe(0x4842d00 sd=30 :6789 s=0 pgs=0 cs=0 l=1).accept new session
2013-04-28 16:36:25.245292 7faa404d9700 10 -- 10.227.227.101:6789/0 >> 10.227.227.104:0/1012653 pipe(0x4842d00 sd=30 :6789 s=2 pgs=1330 cs=1 l=1).accept success, connect_seq = 1, sending READY
2013-04-28 16:36:25.245319 7faa404d9700 10 -- 10.227.227.101:6789/0 >> 10.227.227.104:0/1012653 pipe(0x4842d00 sd=30 :6789 s=2 pgs=1330 cs=1 l=1).accept features 18446744073709551615
2013-04-28 16:36:25.245373 7faa404d9700 10 -- 10.227.227.101:6789/0 >> 10.227.227.104:0/1012653 pipe(0x4842d00 sd=30 :6789 s=2 pgs=1330 cs=1 l=1).register_pipe
2013-04-28 16:36:25.245432 7faa404d9700 10 -- 10.227.227.101:6789/0 >> 10.227.227.104:0/1012653 pipe(0x4842d00 sd=30 :6789 s=2 pgs=1330 cs=1 l=1).discard_requeued_up_to 0
2013-04-28 16:36:25.245467 7faa404d9700 10 -- 10.227.227.101:6789/0 >> 10.227.227.104:0/1012653 pipe(0x4842d00 sd=30 :6789 s=2 pgs=1330 cs=1 l=1).accept starting writer, state open
2013-04-28 16:36:25.245539 7faa3f6cb700 10 -- 10.227.227.101:6789/0 >> 10.227.227.104:0/1012653 pipe(0x4842d00 sd=30 :6789 s=2 pgs=1330 cs=1 l=1).writer: state = open policy.server=1
2013-04-28 16:36:25.245581 7faa3f6cb700 10 -- 10.227.227.101:6789/0 >> 10.227.227.104:0/1012653 pipe(0x4842d00 sd=30 :6789 s=2 pgs=1330 cs=1 l=1).writer: state = open policy.server=1
2013-04-28 16:36:25.245745 7faa404d9700 10 -- 10.227.227.101:6789/0 >> 10.227.227.104:0/1012653 pipe(0x4842d00 sd=30 :6789 s=2 pgs=1330 cs=1 l=1).reader wants 60 bytes from policy throttler 660/104857600
2013-04-28 16:36:25.245766 7faa404d9700 10 -- 10.227.227.101:6789/0 >> 10.227.227.104:0/1012653 pipe(0x4842d00 sd=30 :6789 s=2 pgs=1330 cs=1 l=1).reader wants 60 from dispatch throttler 0/104857600
2013-04-28 16:36:25.245779 7faa404d9700 10 -- 10.227.227.101:6789/0 >> 10.227.227.104:0/1012653 pipe(0x4842d00 sd=30 :6789 s=2 pgs=1330 cs=1 l=1).aborted = 0
2013-04-28 16:36:25.245797 7faa404d9700 10 -- 10.227.227.101:6789/0 >> 10.227.227.104:0/1012653 pipe(0x4842d00 sd=30 :6789 s=2 pgs=1330 cs=1 l=1).reader got message 1 0x2dad340 auth(proto 0 30 bytes epoch 1) v1
2013-04-28 16:36:25.245824 7faa421e8700 1 -- 10.227.227.101:6789/0 <== client.230559 10.227.227.104:0/1012653 1 ==== auth(proto 0 30 bytes epoch 1) v1 ==== 60+0+0 (3563507525 0 0) 0x2dad340 con 0x2de4780
2013-04-28 16:36:25.245850 7faa421e8700 10 -- 10.227.227.101:6789/0 dispatch_throttle_release 60 to dispatch throttler 60/104857600
2013-04-28 16:36:25.245933 7faa3f6cb700 10 -- 10.227.227.101:6789/0 >> 10.227.227.104:0/1012653 pipe(0x4842d00 sd=30 :6789 s=2 pgs=1330 cs=1 l=1).writer: state = open policy.server=1
2013-04-28 16:36:25.245950 7faa3f6cb700 10 -- 10.227.227.101:6789/0 >> 10.227.227.104:0/1012653 pipe(0x4842d00 sd=30 :6789 s=2 pgs=1330 cs=1 l=1).write_ack 1
2013-04-28 16:36:25.245964 7faa3f6cb700 10 -- 10.227.227.101:6789/0 >> 10.227.227.104:0/1012653 pipe(0x4842d00 sd=30 :6789 s=2 pgs=1330 cs=1 l=1).writer: state = open policy.server=1
2013-04-28 16:36:25.311893 7faa419e7700 10 accepter.pfd.revents=1
2013-04-28 16:36:25.311925 7faa419e7700 10 accepter.accepted incoming on sd 32
2013-04-28 16:36:25.311976 7faa40adf700 10 -- 10.227.227.101:6789/0 >> :/0 pipe(0x4842f80 sd=32 :0 s=0 pgs=0 cs=0 l=0).accept
2013-04-28 16:36:25.312168 7faa40adf700 1 -- 10.227.227.101:6789/0 >> :/0 pipe(0x4842f80 sd=32 :6789 s=0 pgs=0 cs=0 l=0).accept sd=32 10.227.227.103:34340/0
2013-04-28 16:36:25.312290 7faa40adf700 10 -- 10.227.227.101:6789/0 >> 10.227.227.103:0/2030444 pipe(0x4842f80 sd=32 :6789 s=0 pgs=0 cs=0 l=0).accept peer addr is 10.227.227.103:0/2030444
2013-04-28 16:36:25.312308 7faa40adf700 10 -- 10.227.227.101:6789/0 >> 10.227.227.103:0/2030444 pipe(0x4842f80 sd=32 :6789 s=0 pgs=0 cs=0 l=1).accept of host_type 8, policy.lossy=1
2013-04-28 16:36:25.312315 7faa40adf700 10 -- 10.227.227.101:6789/0 >> 10.227.227.103:0/2030444 pipe(0x4842f80 sd=32 :6789 s=0 pgs=0 cs=0 l=1).accept my proto 15, their proto 15
2013-04-28 16:36:25.312322 7faa40adf700 10 -- 10.227.227.101:6789/0 >> 10.227.227.103:0/2030444 pipe(0x4842f80 sd=32 :6789 s=0 pgs=0 cs=0 l=1).accept: setting up session_security.
2013-04-28 16:36:25.312327 7faa40adf700 10 -- 10.227.227.101:6789/0 >> 10.227.227.103:0/2030444 pipe(0x4842f80 sd=32 :6789 s=0 pgs=0 cs=0 l=1).accept new session
2013-04-28 16:36:25.312333 7faa40adf700 10 -- 10.227.227.101:6789/0 >> 10.227.227.103:0/2030444 pipe(0x4842f80 sd=32 :6789 s=2 pgs=1650 cs=1 l=1).accept success, connect_seq = 1, sending READY
2013-04-28 16:36:25.312338 7faa40adf700 10 -- 10.227.227.101:6789/0 >> 10.227.227.103:0/2030444 pipe(0x4842f80 sd=32 :6789 s=2 pgs=1650 cs=1 l=1).accept features 18446744073709551615
2013-04-28 16:36:25.312366 7faa40adf700 10 -- 10.227.227.101:6789/0 >> 10.227.227.103:0/2030444 pipe(0x4842f80 sd=32 :6789 s=2 pgs=1650 cs=1 l=1).register_pipe
2013-04-28 16:36:25.312387 7faa40adf700 10 -- 10.227.227.101:6789/0 >> 10.227.227.103:0/2030444 pipe(0x4842f80 sd=32 :6789 s=2 pgs=1650 cs=1 l=1).discard_requeued_up_to 0
2013-04-28 16:36:25.312395 7faa40adf700 10 -- 10.227.227.101:6789/0 >> 10.227.227.103:0/2030444 pipe(0x4842f80 sd=32 :6789 s=2 pgs=1650 cs=1 l=1).accept starting writer, state open
2013-04-28 16:36:25.312428 7faa3fed3700 10 -- 10.227.227.101:6789/0 >> 10.227.227.103:0/2030444 pipe(0x4842f80 sd=32 :6789 s=2 pgs=1650 cs=1 l=1).writer: state = open policy.server=1
2013-04-28 16:36:25.312442 7faa3fed3700 10 -- 10.227.227.101:6789/0 >> 10.227.227.103:0/2030444 pipe(0x4842f80 sd=32 :6789 s=2 pgs=1650 cs=1 l=1).writer: state = open policy.server=1
2013-04-28 16:36:25.312553 7faa40adf700 10 -- 10.227.227.101:6789/0 >> 10.227.227.103:0/2030444 pipe(0x4842f80 sd=32 :6789 s=2 pgs=1650 cs=1 l=1).reader wants 60 bytes from policy throttler 720/104857600
2013-04-28 16:36:25.312568 7faa40adf700 10 -- 10.227.227.101:6789/0 >> 10.227.227.103:0/2030444 pipe(0x4842f80 sd=32 :6789 s=2 pgs=1650 cs=1 l=1).reader wants 60 from dispatch throttler 0/104857600
2013-04-28 16:36:25.312580 7faa40adf700 10 -- 10.227.227.101:6789/0 >> 10.227.227.103:0/2030444 pipe(0x4842f80 sd=32 :6789 s=2 pgs=1650 cs=1 l=1).aborted = 0
2013-04-28 16:36:25.312599 7faa40adf700 10 -- 10.227.227.101:6789/0 >> 10.227.227.103:0/2030444 pipe(0x4842f80 sd=32 :6789 s=2 pgs=1650 cs=1 l=1).reader got message 1 0x2da8fc0 auth(proto 0 30 bytes epoch 1) v1
2013-04-28 16:36:25.312618 7faa421e8700 1 -- 10.227.227.101:6789/0 <== client.230435 10.227.227.103:0/2030444 1 ==== auth(proto 0 30 bytes epoch 1) v1 ==== 60+0+0 (2113396825 0 0) 0x2da8fc0 con 0x2de44c0
2013-04-28 16:36:25.312639 7faa421e8700 10 -- 10.227.227.101:6789/0 dispatch_throttle_release 60 to dispatch throttler 60/104857600
2013-04-28 16:36:25.312649 7faa3fed3700 10 -- 10.227.227.101:6789/0 >> 10.227.227.103:0/2030444 pipe(0x4842f80 sd=32 :6789 s=2 pgs=1650 cs=1 l=1).writer: state = open policy.server=1
2013-04-28 16:36:25.312657 7faa3fed3700 10 -- 10.227.227.101:6789/0 >> 10.227.227.103:0/2030444 pipe(0x4842f80 sd=32 :6789 s=2 pgs=1650 cs=1 l=1).write_ack 1
2013-04-28 16:36:25.312666 7faa3fed3700 10 -- 10.227.227.101:6789/0 >> 10.227.227.103:0/2030444 pipe(0x4842f80 sd=32 :6789 s=2 pgs=1650 cs=1 l=1).writer: state = open policy.server=1
2013-04-28 16:36:25.324714 7faa419e7700 10 accepter.pfd.revents=1
2013-04-28 16:36:25.324751 7faa419e7700 10 accepter.accepted incoming on sd 33
2013-04-28 16:36:25.324803 7faa408dd700 10 -- 10.227.227.101:6789/0 >> :/0 pipe(0x4846680 sd=33 :0 s=0 pgs=0 cs=0 l=0).accept
2013-04-28 16:36:25.325596 7faa408dd700 1 -- 10.227.227.101:6789/0 >> :/0 pipe(0x4846680 sd=33 :6789 s=0 pgs=0 cs=0 l=0).accept sd=33 10.227.227.103:34341/0
2013-04-28 16:36:25.325626 7faa408dd700 10 -- 10.227.227.101:6789/0 >> 10.227.227.103:0/1030444 pipe(0x4846680 sd=33 :6789 s=0 pgs=0 cs=0 l=0).accept peer addr is 10.227.227.103:0/1030444
2013-04-28 16:36:25.325640 7faa408dd700 10 -- 10.227.227.101:6789/0 >> 10.227.227.103:0/1030444 pipe(0x4846680 sd=33 :6789 s=0 pgs=0 cs=0 l=1).accept of host_type 8, policy.lossy=1
2013-04-28 16:36:25.325646 7faa408dd700 10 -- 10.227.227.101:6789/0 >> 10.227.227.103:0/1030444 pipe(0x4846680 sd=33 :6789 s=0 pgs=0 cs=0 l=1).accept my proto 15, their proto 15
2013-04-28 16:36:25.325653 7faa408dd700 10 -- 10.227.227.101:6789/0 >> 10.227.227.103:0/1030444 pipe(0x4846680 sd=33 :6789 s=0 pgs=0 cs=0 l=1).accept: setting up session_security.
2013-04-28 16:36:25.325659 7faa408dd700 10 -- 10.227.227.101:6789/0 >> 10.227.227.103:0/1030444 pipe(0x4846680 sd=33 :6789 s=0 pgs=0 cs=0 l=1).accept new session
2013-04-28 16:36:25.325664 7faa408dd700 10 -- 10.227.227.101:6789/0 >> 10.227.227.103:0/1030444 pipe(0x4846680 sd=33 :6789 s=2 pgs=1000 cs=1 l=1).accept success, connect_seq = 1, sending READY
2013-04-28 16:36:25.325669 7faa408dd700 10 -- 10.227.227.101:6789/0 >> 10.227.227.103:0/1030444 pipe(0x4846680 sd=33 :6789 s=2 pgs=1000 cs=1 l=1).accept features 18446744073709551615
2013-04-28 16:36:25.325697 7faa408dd700 10 -- 10.227.227.101:6789/0 >> 10.227.227.103:0/1030444 pipe(0x4846680 sd=33 :6789 s=2 pgs=1000 cs=1 l=1).register_pipe
2013-04-28 16:36:25.325718 7faa408dd700 10 -- 10.227.227.101:6789/0 >> 10.227.227.103:0/1030444 pipe(0x4846680 sd=33 :6789 s=2 pgs=1000 cs=1 l=1).discard_requeued_up_to 0
2013-04-28 16:36:25.325726 7faa408dd700 10 -- 10.227.227.101:6789/0 >> 10.227.227.103:0/1030444 pipe(0x4846680 sd=33 :6789 s=2 pgs=1000 cs=1 l=1).accept starting writer, state open
2013-04-28 16:36:25.325769 7faa3f8cd700 10 -- 10.227.227.101:6789/0 >> 10.227.227.103:0/1030444 pipe(0x4846680 sd=33 :6789 s=2 pgs=1000 cs=1 l=1).writer: state = open policy.server=1
2013-04-28 16:36:25.325783 7faa3f8cd700 10 -- 10.227.227.101:6789/0 >> 10.227.227.103:0/1030444 pipe(0x4846680 sd=33 :6789 s=2 pgs=1000 cs=1 l=1).writer: state = open policy.server=1
2013-04-28 16:36:25.325899 7faa408dd700 10 -- 10.227.227.101:6789/0 >> 10.227.227.103:0/1030444 pipe(0x4846680 sd=33 :6789 s=2 pgs=1000 cs=1 l=1).reader wants 60 bytes from policy throttler 780/104857600
2013-04-28 16:36:25.325927 7faa408dd700 10 -- 10.227.227.101:6789/0 >> 10.227.227.103:0/1030444 pipe(0x4846680 sd=33 :6789 s=2 pgs=1000 cs=1 l=1).reader wants 60 from dispatch throttler 0/104857600
2013-04-28 16:36:25.325941 7faa408dd700 10 -- 10.227.227.101:6789/0 >> 10.227.227.103:0/1030444 pipe(0x4846680 sd=33 :6789 s=2 pgs=1000 cs=1 l=1).aborted = 0
2013-04-28 16:36:25.325960 7faa408dd700 10 -- 10.227.227.101:6789/0 >> 10.227.227.103:0/1030444 pipe(0x4846680 sd=33 :6789 s=2 pgs=1000 cs=1 l=1).reader got message 1 0x2da9200 auth(proto 0 30 bytes epoch 1) v1
2013-04-28 16:36:25.325988 7faa421e8700 1 -- 10.227.227.101:6789/0 <== client.230432 10.227.227.103:0/1030444 1 ==== auth(proto 0 30 bytes epoch 1) v1 ==== 60+0+0 (778411017 0 0) 0x2da9200 con 0x2de2260
2013-04-28 16:36:25.326019 7faa421e8700 10 -- 10.227.227.101:6789/0 dispatch_throttle_release 60 to dispatch throttler 60/104857600
2013-04-28 16:36:25.326028 7faa3f8cd700 10 -- 10.227.227.101:6789/0 >> 10.227.227.103:0/1030444 pipe(0x4846680 sd=33 :6789 s=2 pgs=1000 cs=1 l=1).writer: state = open policy.server=1
2013-04-28 16:36:25.326036 7faa3f8cd700 10 -- 10.227.227.101:6789/0 >> 10.227.227.103:0/1030444 pipe(0x4846680 sd=33 :6789 s=2 pgs=1000 cs=1 l=1).write_ack 1
2013-04-28 16:36:25.326048 7faa3f8cd700 10 -- 10.227.227.101:6789/0 >> 10.227.227.103:0/1030444 pipe(0x4846680 sd=33 :6789 s=2 pgs=1000 cs=1 l=1).writer: state = open policy.server=1
2013-04-28 16:36:25.448144 7faa419e7700 10 accepter.pfd.revents=1
2013-04-28 16:36:25.448171 7faa419e7700 10 accepter.accepted incoming on sd 34
2013-04-28 16:36:25.448258 7faa40ce1700 10 -- 10.227.227.101:6789/0 >> :/0 pipe(0x4847d00 sd=34 :0 s=0 pgs=0 cs=0 l=0).accept
2013-04-28 16:36:25.448441 7faa40ce1700 1 -- 10.227.227.101:6789/0 >> :/0 pipe(0x4847d00 sd=34 :6789 s=0 pgs=0 cs=0 l=0).accept sd=34 10.227.227.101:38003/0
2013-04-28 16:36:25.448468 7faa40ce1700 10 -- 10.227.227.101:6789/0 >> 10.227.227.101:0/1852340383 pipe(0x4847d00 sd=34 :6789 s=0 pgs=0 cs=0 l=0).accept peer addr is 10.227.227.101:0/1852340383
2013-04-28 16:36:25.448534 7faa40ce1700 10 -- 10.227.227.101:6789/0 >> 10.227.227.101:0/1852340383 pipe(0x4847d00 sd=34 :6789 s=0 pgs=0 cs=0 l=1).accept of host_type 8, policy.lossy=1
2013-04-28 16:36:25.448551 7faa40ce1700 10 -- 10.227.227.101:6789/0 >> 10.227.227.101:0/1852340383 pipe(0x4847d00 sd=34 :6789 s=0 pgs=0 cs=0 l=1).accept my proto 15, their proto 15
2013-04-28 16:36:25.448557 7faa40ce1700 10 -- 10.227.227.101:6789/0 >> 10.227.227.101:0/1852340383 pipe(0x4847d00 sd=34 :6789 s=0 pgs=0 cs=0 l=1).accept: setting up session_security.
2013-04-28 16:36:25.448563 7faa40ce1700 10 -- 10.227.227.101:6789/0 >> 10.227.227.101:0/1852340383 pipe(0x4847d00 sd=34 :6789 s=0 pgs=0 cs=0 l=1).accept new session
2013-04-28 16:36:25.448568 7faa40ce1700 10 -- 10.227.227.101:6789/0 >> 10.227.227.101:0/1852340383 pipe(0x4847d00 sd=34 :6789 s=2 pgs=3493 cs=1 l=1).accept success, connect_seq = 1, sending READY
2013-04-28 16:36:25.448573 7faa40ce1700 10 -- 10.227.227.101:6789/0 >> 10.227.227.101:0/1852340383 pipe(0x4847d00 sd=34 :6789 s=2 pgs=3493 cs=1 l=1).accept features 18446744073709551615
2013-04-28 16:36:25.448587 7faa40ce1700 10 -- 10.227.227.101:6789/0 >> 10.227.227.101:0/1852340383 pipe(0x4847d00 sd=34 :6789 s=2 pgs=3493 cs=1 l=1).register_pipe
2013-04-28 16:36:25.448704 7faa40ce1700 10 -- 10.227.227.101:6789/0 >> 10.227.227.101:0/1852340383 pipe(0x4847d00 sd=34 :6789 s=2 pgs=3493 cs=1 l=1).discard_requeued_up_to 0
2013-04-28 16:36:25.448799 7faa40ce1700 10 -- 10.227.227.101:6789/0 >> 10.227.227.101:0/1852340383 pipe(0x4847d00 sd=34 :6789 s=2 pgs=3493 cs=1 l=1).accept starting writer, state open
2013-04-28 16:36:25.448863 7faa40ce1700 10 -- 10.227.227.101:6789/0 >> 10.227.227.101:0/1852340383 pipe(0x4847d00 sd=34 :6789 s=2 pgs=3493 cs=1 l=1).reader wants 60 bytes from policy throttler 840/104857600
2013-04-28 16:36:25.448942 7faa40ce1700 10 -- 10.227.227.101:6789/0 >> 10.227.227.101:0/1852340383 pipe(0x4847d00 sd=34 :6789 s=2 pgs=3493 cs=1 l=1).reader wants 60 from dispatch throttler 0/104857600
2013-04-28 16:36:25.448987 7faa40ce1700 10 -- 10.227.227.101:6789/0 >> 10.227.227.101:0/1852340383 pipe(0x4847d00 sd=34 :6789 s=2 pgs=3493 cs=1 l=1).aborted = 0
2013-04-28 16:36:25.449026 7faa40ce1700 10 -- 10.227.227.101:6789/0 >> 10.227.227.101:0/1852340383 pipe(0x4847d00 sd=34 :6789 s=2 pgs=3493 cs=1 l=1).reader got message 1 0x2dad100 auth(proto 0 30 bytes epoch 1) v1
2013-04-28 16:36:25.449071 7faa406db700 10 -- 10.227.227.101:6789/0 >> 10.227.227.101:0/1852340383 pipe(0x4847d00 sd=34 :6789 s=2 pgs=3493 cs=1 l=1).writer: state = open policy.server=1
2013-04-28 16:36:25.449077 7faa421e8700 1 -- 10.227.227.101:6789/0 <== client.231834 10.227.227.101:0/1852340383 1 ==== auth(proto 0 30 bytes epoch 1) v1 ==== 60+0+0 (1300294494 0 0) 0x2dad100 con 0x2de2940
2013-04-28 16:36:25.449130 7faa421e8700 10 -- 10.227.227.101:6789/0 dispatch_throttle_release 60 to dispatch throttler 60/104857600
2013-04-28 16:36:25.449156 7faa406db700 10 -- 10.227.227.101:6789/0 >> 10.227.227.101:0/1852340383 pipe(0x4847d00 sd=34 :6789 s=2 pgs=3493 cs=1 l=1).write_ack 1
2013-04-28 16:36:25.449250 7faa406db700 10 -- 10.227.227.101:6789/0 >> 10.227.227.101:0/1852340383 pipe(0x4847d00 sd=34 :6789 s=2 pgs=3493 cs=1 l=1).writer: state = open policy.server=1
2013-04-28 16:36:25.572117 7faa400d5700 2 -- 10.227.227.101:6789/0 >> 10.227.227.101:6800/13134 pipe(0x4841e00 sd=27 :6789 s=2 pgs=830 cs=1 l=1).reader couldn't read tag, Success
2013-04-28 16:36:25.572162 7faa400d5700 2 -- 10.227.227.101:6789/0 >> 10.227.227.101:6800/13134 pipe(0x4841e00 sd=27 :6789 s=2 pgs=830 cs=1 l=1).fault 0: Success
2013-04-28 16:36:25.572205 7faa400d5700 10 -- 10.227.227.101:6789/0 >> 10.227.227.101:6800/13134 pipe(0x4841e00 sd=27 :6789 s=2 pgs=830 cs=1 l=1).fault on lossy channel, failing
2013-04-28 16:36:25.572216 7faa400d5700 10 -- 10.227.227.101:6789/0 >> 10.227.227.101:6800/13134 pipe(0x4841e00 sd=27 :6789 s=2 pgs=830 cs=1 l=1).stop
2013-04-28 16:36:25.572225 7faa400d5700 10 -- 10.227.227.101:6789/0 >> 10.227.227.101:6800/13134 pipe(0x4841e00 sd=27 :6789 s=4 pgs=830 cs=1 l=1).unregister_pipe
2013-04-28 16:36:25.572236 7faa400d5700 10 -- 10.227.227.101:6789/0 >> 10.227.227.101:6800/13134 pipe(0x4841e00 sd=27 :6789 s=4 pgs=830 cs=1 l=1).discard_queue
2013-04-28 16:36:25.572254 7faa400d5700 10 -- 10.227.227.101:6789/0 >> 10.227.227.101:6800/13134 pipe(0x4841e00 sd=27 :6789 s=4 pgs=830 cs=1 l=1).reader done
2013-04-28 16:36:25.572372 7faa3f0c6700 10 -- 10.227.227.101:6789/0 queue_reap 0x4841e00
2013-04-28 16:36:25.572396 7faa3f0c6700 10 -- 10.227.227.101:6789/0 >> 10.227.227.101:6800/13134 pipe(0x4841e00 sd=27 :6789 s=4 pgs=830 cs=1 l=1).writer done
2013-04-28 16:36:25.572403 7faa431ea700 10 -- 10.227.227.101:6789/0 reaper
2013-04-28 16:36:25.572414 7faa431ea700 10 -- 10.227.227.101:6789/0 reaper reaping pipe 0x4841e00 10.227.227.101:6800/13134
2013-04-28 16:36:25.572420 7faa431ea700 10 -- 10.227.227.101:6789/0 >> 10.227.227.101:6800/13134 pipe(0x4841e00 sd=27 :6789 s=4 pgs=830 cs=1 l=1).discard_queue
2013-04-28 16:36:25.572428 7faa431ea700 10 -- 10.227.227.101:6789/0 >> 10.227.227.101:6800/13134 pipe(0x4841e00 sd=27 :6789 s=4 pgs=830 cs=1 l=1).unregister_pipe - not registered
2013-04-28 16:36:25.572447 7faa431ea700 10 -- 10.227.227.101:6789/0 reaper reaped pipe 0x4841e00 10.227.227.101:6800/13134
2013-04-28 16:36:25.572454 7faa431ea700 10 -- 10.227.227.101:6789/0 reaper deleted pipe 0x4841e00
2013-04-28 16:36:25.572457 7faa431ea700 10 -- 10.227.227.101:6789/0 reaper done
2013-04-28 16:36:25.601183 7faa419e7700 10 accepter.pfd.revents=1
2013-04-28 16:36:25.601210 7faa419e7700 10 accepter.accepted incoming on sd 27
2013-04-28 16:36:25.601259 7faa400d5700 10 -- 10.227.227.101:6789/0 >> :/0 pipe(0x4845a00 sd=27 :0 s=0 pgs=0 cs=0 l=0).accept
2013-04-28 16:36:25.601339 7faa400d5700 1 -- 10.227.227.101:6789/0 >> :/0 pipe(0x4845a00 sd=27 :6789 s=0 pgs=0 cs=0 l=0).accept sd=27 10.227.227.101:38005/0
2013-04-28 16:36:25.604948 7faa400d5700 10 -- 10.227.227.101:6789/0 >> 10.227.227.101:6812/13601 pipe(0x4845a00 sd=27 :6789 s=0 pgs=0 cs=0 l=0).accept peer addr is 10.227.227.101:6812/13601
2013-04-28 16:36:25.605238 7faa400d5700 10 -- 10.227.227.101:6789/0 >> 10.227.227.101:6812/13601 pipe(0x4845a00 sd=27 :6789 s=0 pgs=0 cs=0 l=1).accept of host_type 4, policy.lossy=1
2013-04-28 16:36:25.605281 7faa400d5700 10 -- 10.227.227.101:6789/0 >> 10.227.227.101:6812/13601 pipe(0x4845a00 sd=27 :6789 s=0 pgs=0 cs=0 l=1).accept my proto 15, their proto 15
2013-04-28 16:36:25.605310 7faa400d5700 10 -- 10.227.227.101:6789/0 >> 10.227.227.101:6812/13601 pipe(0x4845a00 sd=27 :6789 s=0 pgs=0 cs=0 l=1).accept: setting up session_security.
2013-04-28 16:36:25.605337 7faa400d5700 10 -- 10.227.227.101:6789/0 >> 10.227.227.101:6812/13601 pipe(0x4845a00 sd=27 :6789 s=0 pgs=0 cs=0 l=1).accept new session
2013-04-28 16:36:25.605383 7faa400d5700 10 -- 10.227.227.101:6789/0 >> 10.227.227.101:6812/13601 pipe(0x4845a00 sd=27 :6789 s=2 pgs=307 cs=1 l=1).accept success, connect_seq = 1, sending READY
2013-04-28 16:36:25.605412 7faa400d5700 10 -- 10.227.227.101:6789/0 >> 10.227.227.101:6812/13601 pipe(0x4845a00 sd=27 :6789 s=2 pgs=307 cs=1 l=1).accept features 18446744073709551615
2013-04-28 16:36:25.605458 7faa400d5700 10 -- 10.227.227.101:6789/0 >> 10.227.227.101:6812/13601 pipe(0x4845a00 sd=27 :6789 s=2 pgs=307 cs=1 l=1).register_pipe
2013-04-28 16:36:25.605509 7faa400d5700 10 -- 10.227.227.101:6789/0 >> 10.227.227.101:6812/13601 pipe(0x4845a00 sd=27 :6789 s=2 pgs=307 cs=1 l=1).discard_requeued_up_to 0
2013-04-28 16:36:25.605855 7faa400d5700 10 -- 10.227.227.101:6789/0 >> 10.227.227.101:6812/13601 pipe(0x4845a00 sd=27 :6789 s=2 pgs=307 cs=1 l=1).accept starting writer, state open
2013-04-28 16:36:25.605921 7faa400d5700 10 -- 10.227.227.101:6789/0 >> 10.227.227.101:6812/13601 pipe(0x4845a00 sd=27 :6789 s=2 pgs=307 cs=1 l=1).reader wants 56 bytes from policy throttler 618/419430400
2013-04-28 16:36:25.605961 7faa400d5700 10 -- 10.227.227.101:6789/0 >> 10.227.227.101:6812/13601 pipe(0x4845a00 sd=27 :6789 s=2 pgs=307 cs=1 l=1).reader wants 56 from dispatch throttler 0/104857600
2013-04-28 16:36:25.606418 7faa400d5700 10 -- 10.227.227.101:6789/0 >> 10.227.227.101:6812/13601 pipe(0x4845a00 sd=27 :6789 s=2 pgs=307 cs=1 l=1).aborted = 0
2013-04-28 16:36:25.606469 7faa400d5700 10 -- 10.227.227.101:6789/0 >> 10.227.227.101:6812/13601 pipe(0x4845a00 sd=27 :6789 s=2 pgs=307 cs=1 l=1).reader got message 1 0x2da9d40 auth(proto 0 26 bytes epoch 1) v1
2013-04-28 16:36:25.606516 7faa421e8700 1 -- 10.227.227.101:6789/0 <== osd.2 10.227.227.101:6812/13601 1 ==== auth(proto 0 26 bytes epoch 1) v1 ==== 56+0+0 (2998834159 0 0) 0x2da9d40 con 0x2de61a0
2013-04-28 16:36:25.606538 7faa421e8700 10 -- 10.227.227.101:6789/0 dispatch_throttle_release 56 to dispatch throttler 56/104857600
2013-04-28 16:36:25.606580 7faa3f0c6700 10 -- 10.227.227.101:6789/0 >> 10.227.227.101:6812/13601 pipe(0x4845a00 sd=27 :6789 s=2 pgs=307 cs=1 l=1).writer: state = open policy.server=1
2013-04-28 16:36:25.606620 7faa3f0c6700 10 -- 10.227.227.101:6789/0 >> 10.227.227.101:6812/13601 pipe(0x4845a00 sd=27 :6789 s=2 pgs=307 cs=1 l=1).write_ack 1
2013-04-28 16:36:25.606653 7faa3f0c6700 10 -- 10.227.227.101:6789/0 >> 10.227.227.101:6812/13601 pipe(0x4845a00 sd=27 :6789 s=2 pgs=307 cs=1 l=1).writer: state = open policy.server=1
2013-04-28 16:36:25.670300 7faa419e7700 10 accepter.pfd.revents=1
2013-04-28 16:36:25.670337 7faa419e7700 10 accepter.accepted incoming on sd 35
2013-04-28 16:36:25.675019 7faa40be0700 10 -- 10.227.227.101:6789/0 >> :/0 pipe(0x4845780 sd=35 :0 s=0 pgs=0 cs=0 l=0).accept
2013-04-28 16:36:25.675102 7faa40be0700 1 -- 10.227.227.101:6789/0 >> :/0 pipe(0x4845780 sd=35 :6789 s=0 pgs=0 cs=0 l=0).accept sd=35 10.227.227.103:34344/0
2013-04-28 16:36:25.675310 7faa40be0700 10 -- 10.227.227.101:6789/0 >> 10.227.227.103:0/1025178 pipe(0x4845780 sd=35 :6789 s=0 pgs=0 cs=0 l=0).accept peer addr is 10.227.227.103:0/1025178
2013-04-28 16:36:25.675372 7faa40be0700 10 -- 10.227.227.101:6789/0 >> 10.227.227.103:0/1025178 pipe(0x4845780 sd=35 :6789 s=0 pgs=0 cs=0 l=1).accept of host_type 8, policy.lossy=1
2013-04-28 16:36:25.675404 7faa40be0700 10 -- 10.227.227.101:6789/0 >> 10.227.227.103:0/1025178 pipe(0x4845780 sd=35 :6789 s=0 pgs=0 cs=0 l=1).accept my proto 15, their proto 15
2013-04-28 16:36:25.675434 7faa40be0700 10 -- 10.227.227.101:6789/0 >> 10.227.227.103:0/1025178 pipe(0x4845780 sd=35 :6789 s=0 pgs=0 cs=0 l=1).accept: setting up session_security.
2013-04-28 16:36:25.675465 7faa40be0700 10 -- 10.227.227.101:6789/0 >> 10.227.227.103:0/1025178 pipe(0x4845780 sd=35 :6789 s=0 pgs=0 cs=0 l=1).accept new session
2013-04-28 16:36:25.675494 7faa40be0700 10 -- 10.227.227.101:6789/0 >> 10.227.227.103:0/1025178 pipe(0x4845780 sd=35 :6789 s=2 pgs=1481 cs=1 l=1).accept success, connect_seq = 1, sending READY
2013-04-28 16:36:25.675532 7faa40be0700 10 -- 10.227.227.101:6789/0 >> 10.227.227.103:0/1025178 pipe(0x4845780 sd=35 :6789 s=2 pgs=1481 cs=1 l=1).accept features 18446744073709551615
2013-04-28 16:36:25.675586 7faa40be0700 10 -- 10.227.227.101:6789/0 >> 10.227.227.103:0/1025178 pipe(0x4845780 sd=35 :6789 s=2 pgs=1481 cs=1 l=1).register_pipe
2013-04-28 16:36:25.675634 7faa40be0700 10 -- 10.227.227.101:6789/0 >> 10.227.227.103:0/1025178 pipe(0x4845780 sd=35 :6789 s=2 pgs=1481 cs=1 l=1).discard_requeued_up_to 0
2013-04-28 16:36:25.675677 7faa40be0700 10 -- 10.227.227.101:6789/0 >> 10.227.227.103:0/1025178 pipe(0x4845780 sd=35 :6789 s=2 pgs=1481 cs=1 l=1).accept starting writer, state open
2013-04-28 16:36:25.675734 7faa3fcd1700 10 -- 10.227.227.101:6789/0 >> 10.227.227.103:0/1025178 pipe(0x4845780 sd=35 :6789 s=2 pgs=1481 cs=1 l=1).writer: state = open policy.server=1
2013-04-28 16:36:25.675775 7faa3fcd1700 10 -- 10.227.227.101:6789/0 >> 10.227.227.103:0/1025178 pipe(0x4845780 sd=35 :6789 s=2 pgs=1481 cs=1 l=1).writer: state = open policy.server=1
2013-04-28 16:36:25.677337 7faa40be0700 10 -- 10.227.227.101:6789/0 >> 10.227.227.103:0/1025178 pipe(0x4845780 sd=35 :6789 s=2 pgs=1481 cs=1 l=1).reader wants 60 bytes from policy throttler 900/104857600
2013-04-28 16:36:25.677361 7faa40be0700 10 -- 10.227.227.101:6789/0 >> 10.227.227.103:0/1025178 pipe(0x4845780 sd=35 :6789 s=2 pgs=1481 cs=1 l=1).reader wants 60 from dispatch throttler 0/104857600
2013-04-28 16:36:25.677374 7faa40be0700 10 -- 10.227.227.101:6789/0 >> 10.227.227.103:0/1025178 pipe(0x4845780 sd=35 :6789 s=2 pgs=1481 cs=1 l=1).aborted = 0
2013-04-28 16:36:25.677393 7faa40be0700 10 -- 10.227.227.101:6789/0 >> 10.227.227.103:0/1025178 pipe(0x4845780 sd=35 :6789 s=2 pgs=1481 cs=1 l=1).reader got message 1 0x2daa1c0 auth(proto 0 30 bytes epoch 1) v1
2013-04-28 16:36:25.677474 7faa421e8700 1 -- 10.227.227.101:6789/0 <== client.230754 10.227.227.103:0/1025178 1 ==== auth(proto 0 30 bytes epoch 1) v1 ==== 60+0+0 (3209733092 0 0) 0x2daa1c0 con 0x2de6300
2013-04-28 16:36:25.677503 7faa421e8700 10 -- 10.227.227.101:6789/0 dispatch_throttle_release 60 to dispatch throttler 60/104857600
