2013-04-28 16:36:34.595477 7faa40fe4700 2 -- 10.227.227.101:6789/0 >> 10.227.227.101:6812/13601 pipe(0x4847a80 sd=39 :6789 s=2 pgs=309 cs=1 l=1).fault 0: Success -1801>
2013-04-28 16:36:34.595515 7faa40fe4700 10 -- 10.227.227.101:6789/0 >> 10.227.227.101:6812/13601 pipe(0x4847a80 sd=39 :6789 s=2 pgs=309 cs=1 l=1).fault on lossy channel, failing -1800>
2013-04-28 16:36:34.595522 7faa40fe4700 10 -- 10.227.227.101:6789/0 >> 10.227.227.101:6812/13601 pipe(0x4847a80 sd=39 :6789 s=2 pgs=309 cs=1 l=1).stop -1799>
2013-04-28 16:36:34.595534 7faa40fe4700 10 -- 10.227.227.101:6789/0 >> 10.227.227.101:6812/13601 pipe(0x4847a80 sd=39 :6789 s=4 pgs=309 cs=1 l=1).unregister_pipe -1798>
2013-04-28 16:36:34.595544 7faa40fe4700 10 -- 10.227.227.101:6789/0 >> 10.227.227.101:6812/13601 pipe(0x4847a80 sd=39 :6789 s=4 pgs=309 cs=1 l=1).discard_queue -1797>
2013-04-28 16:36:34.595560 7faa40fe4700 10 -- 10.227.227.101:6789/0 >> 10.227.227.101:6812/13601 pipe(0x4847a80 sd=39 :6789 s=4 pgs=309 cs=1 l=1).reader done -1796>
2013-04-28 16:36:34.595591 7faa3ffd4700 10 -- 10.227.227.101:6789/0 queue_reap 0x4847a80 -1795>
2013-04-28 16:36:34.595630 7faa3ffd4700 10 -- 10.227.227.101:6789/0 >> 10.227.227.101:6812/13601 pipe(0x4847a80 sd=39 :6789 s=4 pgs=309 cs=1 l=1).writer done -1794>
2013-04-28 16:36:34.595680 7faa431ea700 10 -- 10.227.227.101:6789/0 reaper -1793>
2013-04-28 16:36:34.595687 7faa431ea700 10 -- 10.227.227.101:6789/0 reaper reaping pipe 0x4847a80 10.227.227.101:6812/13601 -1792>
2013-04-28 16:36:34.595694 7faa431ea700 10 -- 10.227.227.101:6789/0 >> 10.227.227.101:6812/13601 pipe(0x4847a80 sd=39 :6789 s=4 pgs=309 cs=1 l=1).discard_queue -1791>
2013-04-28 16:36:34.595701 7faa431ea700 10 -- 10.227.227.101:6789/0 >> 10.227.227.101:6812/13601 pipe(0x4847a80 sd=39 :6789 s=4 pgs=309 cs=1 l=1).unregister_pipe - not registered -1790>
2013-04-28 16:36:34.595725 7faa431ea700 10 -- 10.227.227.101:6789/0 reaper reaped pipe 0x4847a80 10.227.227.101:6812/13601 -1789>
2013-04-28 16:36:34.595732 7faa431ea700 10 -- 10.227.227.101:6789/0 reaper deleted pipe 0x4847a80 -1788>
2013-04-28 16:36:34.595735 7faa431ea700 10 -- 10.227.227.101:6789/0 reaper done -1787>
2013-04-28 16:36:34.670134 7faa401d6700 2 -- 10.227.227.101:6789/0 >> 10.227.227.103:0/1025178 pipe(0x4843c00 sd=40 :6789 s=2 pgs=1483 cs=1 l=1).reader couldn't read tag, Success -1786>
2013-04-28 16:36:34.670186 7faa401d6700 2 -- 10.227.227.101:6789/0 >> 10.227.227.103:0/1025178 pipe(0x4843c00 sd=40 :6789 s=2 pgs=1483 cs=1 l=1).fault 0: Success -1785>
2013-04-28 16:36:34.670219 7faa401d6700 10 -- 10.227.227.101:6789/0 >> 10.227.227.103:0/1025178 pipe(0x4843c00 sd=40 :6789 s=2 pgs=1483 cs=1 l=1).fault on lossy channel, failing -1784>
2013-04-28 16:36:34.670225 7faa401d6700 10 -- 10.227.227.101:6789/0 >> 10.227.227.103:0/1025178 pipe(0x4843c00 sd=40 :6789 s=2 pgs=1483 cs=1 l=1).stop -1783>
2013-04-28 16:36:34.670236 7faa401d6700 10 -- 10.227.227.101:6789/0 >> 10.227.227.103:0/1025178 pipe(0x4843c00 sd=40 :6789 s=4 pgs=1483 cs=1 l=1).unregister_pipe -1782>
2013-04-28 16:36:34.670243 7faa401d6700 10 -- 10.227.227.101:6789/0 >> 10.227.227.103:0/1025178 pipe(0x4843c00 sd=40 :6789 s=4 pgs=1483 cs=1 l=1).discard_queue -1781>
2013-04-28 16:36:34.670277 7faa401d6700 10 -- 10.227.227.101:6789/0 >> 10.227.227.103:0/1025178 pipe(0x4843c00 sd=40 :6789 s=4 pgs=1483 cs=1 l=1).reader done -1780>
2013-04-28 16:36:34.670305 7faa3f4c9700 10 -- 10.227.227.101:6789/0 queue_reap 0x4843c00 -1779>
2013-04-28 16:36:34.670344 7faa3f4c9700 10 -- 10.227.227.101:6789/0 >> 10.227.227.103:0/1025178 pipe(0x4843c00 sd=40 :6789 s=4 pgs=1483 cs=1 l=1).writer done -1778>
2013-04-28 16:36:34.670420 7faa431ea700 10 -- 10.227.227.101:6789/0 reaper -1777>
2013-04-28 16:36:34.670433 7faa431ea700 10 -- 10.227.227.101:6789/0 reaper reaping pipe 0x4843c00 10.227.227.103:0/1025178 -1776>
2013-04-28 16:36:34.670439 7faa431ea700 10 -- 10.227.227.101:6789/0 >> 10.227.227.103:0/1025178 pipe(0x4843c00 sd=40 :6789 s=4 pgs=1483 cs=1 l=1).discard_queue -1775>
2013-04-28 16:36:34.670450 7faa431ea700 10 -- 10.227.227.101:6789/0 >> 10.227.227.103:0/1025178 pipe(0x4843c00 sd=40 :6789 s=4 pgs=1483 cs=1 l=1).unregister_pipe - not registered -1774>
2013-04-28 16:36:34.670473 7faa431ea700 10 -- 10.227.227.101:6789/0 reaper reaped pipe 0x4843c00 10.227.227.103:0/1025178 -1773>
2013-04-28 16:36:34.670480 7faa431ea700 10 -- 10.227.227.101:6789/0 reaper deleted pipe 0x4843c00 -1772>
2013-04-28 16:36:34.670483 7faa431ea700 10 -- 10.227.227.101:6789/0 reaper done -1771>
2013-04-28 16:36:34.696331 7faa3facf700 2 -- 10.227.227.101:6789/0 >> 10.227.227.101:6800/13134 pipe(0x4841180 sd=26 :6789 s=2 pgs=839 cs=1 l=1).reader couldn't read tag, Success -1770>
2013-04-28 16:36:34.696382 7faa3facf700 2 -- 10.227.227.101:6789/0 >> 10.227.227.101:6800/13134 pipe(0x4841180 sd=26 :6789 s=2 pgs=839 cs=1 l=1).fault 0: Success -1769>
2013-04-28 16:36:34.696414 7faa3facf700 10 -- 10.227.227.101:6789/0 >> 10.227.227.101:6800/13134 pipe(0x4841180 sd=26 :6789 s=2 pgs=839 cs=1 l=1).fault on lossy channel, failing -1768>
2013-04-28 16:36:34.696422 7faa3facf700 10 -- 10.227.227.101:6789/0 >> 10.227.227.101:6800/13134 pipe(0x4841180 sd=26 :6789 s=2 pgs=839 cs=1 l=1).stop -1767>
2013-04-28 16:36:34.696433 7faa3facf700 10 -- 10.227.227.101:6789/0 >> 10.227.227.101:6800/13134 pipe(0x4841180 sd=26 :6789 s=4 pgs=839 cs=1 l=1).unregister_pipe -1766>
2013-04-28 16:36:34.696444 7faa3facf700 10 -- 10.227.227.101:6789/0 >> 10.227.227.101:6800/13134 pipe(0x4841180 sd=26 :6789 s=4 pgs=839 cs=1 l=1).discard_queue -1765>
2013-04-28 16:36:34.696461 7faa3facf700 10 -- 10.227.227.101:6789/0 >> 10.227.227.101:6800/13134 pipe(0x4841180 sd=26 :6789 s=4 pgs=839 cs=1 l=1).reader done -1764>
2013-04-28 16:36:34.696466 7faa405da700 10 -- 10.227.227.101:6789/0 queue_reap 0x4841180 -1763>
2013-04-28 16:36:34.696484 7faa405da700 10 -- 10.227.227.101:6789/0 >> 10.227.227.101:6800/13134 pipe(0x4841180 sd=26 :6789 s=4 pgs=839 cs=1 l=1).writer done -1762>
2013-04-28 16:36:34.696519 7faa431ea700 10 -- 10.227.227.101:6789/0 reaper -1761>
2013-04-28 16:36:34.696527 7faa431ea700 10 -- 10.227.227.101:6789/0 reaper reaping pipe 0x4841180 10.227.227.101:6800/13134 -1760>
2013-04-28 16:36:34.696530 7faa431ea700 10 -- 10.227.227.101:6789/0 >> 10.227.227.101:6800/13134 pipe(0x4841180 sd=26 :6789 s=4 pgs=839 cs=1 l=1).discard_queue -1759>
2013-04-28 16:36:34.696537 7faa431ea700 10 -- 10.227.227.101:6789/0 >> 10.227.227.101:6800/13134 pipe(0x4841180 sd=26 :6789 s=4 pgs=839 cs=1 l=1).unregister_pipe - not registered -1758>
2013-04-28 16:36:34.696564 7faa431ea700 10 -- 10.227.227.101:6789/0 reaper reaped pipe 0x4841180 10.227.227.101:6800/13134 -1757>
2013-04-28 16:36:34.696571 7faa431ea700 10 -- 10.227.227.101:6789/0 reaper deleted pipe 0x4841180 -1756>
2013-04-28 16:36:34.696573 7faa431ea700 10 -- 10.227.227.101:6789/0 reaper done -1755>
2013-04-28 16:36:34.700620 7faa419e7700 10 accepter.pfd.revents=1 -1754>
2013-04-28 16:36:34.700644 7faa419e7700 10 accepter.accepted incoming on sd 24 -1753>
2013-04-28 16:36:34.703303 7faa3facf700 10 -- 10.227.227.101:6789/0 >> :/0 pipe(0x4845f00 sd=24 :0 s=0 pgs=0 cs=0 l=0).accept -1752>
2013-04-28 16:36:34.703540 7faa3facf700 1 -- 10.227.227.101:6789/0 >> :/0 pipe(0x4845f00 sd=24 :6789 s=0 pgs=0 cs=0 l=0).accept sd=24 10.227.227.104:56466/0 -1751>
2013-04-28 16:36:34.703789 7faa3facf700 10 -- 10.227.227.101:6789/0 >> 10.227.227.104:6800/9542 pipe(0x4845f00 sd=24 :6789 s=0 pgs=0 cs=0 l=0).accept peer addr is 10.227.227.104:6800/9542 -1750>
2013-04-28 16:36:34.703962 7faa3facf700 10 -- 10.227.227.101:6789/0 >> 10.227.227.104:6800/9542 pipe(0x4845f00 sd=24 :6789 s=0 pgs=0 cs=0 l=1).accept of host_type 2, policy.lossy=1 -1749>
2013-04-28 16:36:34.704007 7faa3facf700 10 -- 10.227.227.101:6789/0 >> 10.227.227.104:6800/9542 pipe(0x4845f00 sd=24 :6789 s=0 pgs=0 cs=0 l=1).accept my proto 15, their proto 15 -1748>
2013-04-28 16:36:34.704036 7faa3facf700 10 -- 10.227.227.101:6789/0 >> 10.227.227.104:6800/9542 pipe(0x4845f00 sd=24 :6789 s=0 pgs=0 cs=0 l=1).accept: setting up session_security. -1747>
2013-04-28 16:36:34.704063 7faa3facf700 10 -- 10.227.227.101:6789/0 >> 10.227.227.104:6800/9542 pipe(0x4845f00 sd=24 :6789 s=0 pgs=0 cs=0 l=1).accept new session -1746>
2013-04-28 16:36:34.704090 7faa3facf700 10 -- 10.227.227.101:6789/0 >> 10.227.227.104:6800/9542 pipe(0x4845f00 sd=24 :6789 s=2 pgs=485 cs=1 l=1).accept success, connect_seq = 1, sending READY -1745>
2013-04-28 16:36:34.704117 7faa3facf700 10 -- 10.227.227.101:6789/0 >> 10.227.227.104:6800/9542 pipe(0x4845f00 sd=24 :6789 s=2 pgs=485 cs=1 l=1).accept features 18446744073709551615 -1744>
2013-04-28 16:36:34.704210 7faa3facf700 10 -- 10.227.227.101:6789/0 >> 10.227.227.104:6800/9542 pipe(0x4845f00 sd=24 :6789 s=2 pgs=485 cs=1 l=1).register_pipe -1743>
2013-04-28 16:36:34.704269 7faa3facf700 10 -- 10.227.227.101:6789/0 >> 10.227.227.104:6800/9542 pipe(0x4845f00 sd=24 :6789 s=2 pgs=485 cs=1 l=1).discard_requeued_up_to 0 -1742>
2013-04-28 16:36:34.704304 7faa3facf700 10 -- 10.227.227.101:6789/0 >> 10.227.227.104:6800/9542 pipe(0x4845f00 sd=24 :6789 s=2 pgs=485 cs=1 l=1).accept starting writer, state open -1741>
2013-04-28 16:36:34.704453 7faa405da700 10 -- 10.227.227.101:6789/0 >> 10.227.227.104:6800/9542 pipe(0x4845f00 sd=24 :6789 s=2 pgs=485 cs=1 l=1).writer: state = open policy.server=1 -1740>
2013-04-28 16:36:34.704503 7faa405da700 10 -- 10.227.227.101:6789/0 >> 10.227.227.104:6800/9542 pipe(0x4845f00 sd=24 :6789 s=2 pgs=485 cs=1 l=1).writer: state = open policy.server=1 -1739>
2013-04-28 16:36:34.704502 7faa3facf700 10 -- 10.227.227.101:6789/0 >> 10.227.227.104:6800/9542 pipe(0x4845f00 sd=24 :6789 s=2 pgs=485 cs=1 l=1).reader wants 56 bytes from policy throttler 392/419430400 -1738>
2013-04-28 16:36:34.704523 7faa3facf700 10 -- 10.227.227.101:6789/0 >> 10.227.227.104:6800/9542 pipe(0x4845f00 sd=24 :6789 s=2 pgs=485 cs=1 l=1).reader wants 56 from dispatch throttler 0/104857600 -1737>
2013-04-28 16:36:34.704536 7faa3facf700 10 -- 10.227.227.101:6789/0 >> 10.227.227.104:6800/9542 pipe(0x4845f00 sd=24 :6789 s=2 pgs=485 cs=1 l=1).aborted = 0 -1736>
2013-04-28 16:36:34.704614 7faa3facf700 10 -- 10.227.227.101:6789/0 >> 10.227.227.104:6800/9542 pipe(0x4845f00 sd=24 :6789 s=2 pgs=485 cs=1 l=1).reader got message 1 0x2da9d40 auth(proto 0 26 bytes epoch 1) v1 -1735>
2013-04-28 16:36:34.704672 7faa421e8700 1 -- 10.227.227.101:6789/0 <== mds.? 10.227.227.104:6800/9542 1 ==== auth(proto 0 26 bytes epoch 1) v1 ==== 56+0+0 (254026316 0 0) 0x2da9d40 con 0x4529600 -1734>
2013-04-28 16:36:34.704695 7faa421e8700 5 mon.1@0(synchronizing sync( requester state chunks )) e1 waitlisting message auth(proto 0 26 bytes epoch 1) v1 -1733>
2013-04-28 16:36:34.704705 7faa421e8700 10 -- 10.227.227.101:6789/0 dispatch_throttle_release 56 to dispatch throttler 56/104857600 -1732>
2013-04-28 16:36:34.704748 7faa405da700 10 -- 10.227.227.101:6789/0 >> 10.227.227.104:6800/9542 pipe(0x4845f00 sd=24 :6789 s=2 pgs=485 cs=1 l=1).writer: state = open policy.server=1 -1731>
2013-04-28 16:36:34.704777 7faa405da700 10 -- 10.227.227.101:6789/0 >> 10.227.227.104:6800/9542 pipe(0x4845f00 sd=24 :6789 s=2 pgs=485 cs=1 l=1).write_ack 1 -1730>
2013-04-28 16:36:34.704810 7faa405da700 10 -- 10.227.227.101:6789/0 >> 10.227.227.104:6800/9542 pipe(0x4845f00 sd=24 :6789 s=2 pgs=485 cs=1 l=1).writer: state = open policy.server=1 -1729>
2013-04-28 16:36:34.788123 7faa40ee3700 10 -- 10.227.227.101:6789/0 >> 10.227.227.103:6789/0 pipe(0x4840500 sd=23 :47647 s=2 pgs=3827 cs=1 l=0).reader wants 525 from dispatch throttler 0/104857600 -1728>
2013-04-28 16:36:34.788168 7faa40ee3700 10 -- 10.227.227.101:6789/0 >> 10.227.227.103:6789/0 pipe(0x4840500 sd=23 :47647 s=2 pgs=3827 cs=1 l=0).aborted = 0 -1727>
2013-04-28 16:36:34.788232 7faa40ee3700 10 -- 10.227.227.101:6789/0 >> 10.227.227.103:6789/0 pipe(0x4840500 sd=23 :47647 s=2 pgs=3827 cs=1 l=0).reader got message 198795161 0x2daee40 election(5eacb654-3204-4ca1-9b16-83bb0140e497 propose 3025) v4 -1726>
2013-04-28 16:36:34.788262 7faa411e6700 10 -- 10.227.227.101:6789/0 >> 10.227.227.103:6789/0 pipe(0x4840500 sd=23 :47647 s=2 pgs=3827 cs=1 l=0).writer: state = open policy.server=0 -1725>
2013-04-28 16:36:34.788271 7faa411e6700 10 -- 10.227.227.101:6789/0 >> 10.227.227.103:6789/0 pipe(0x4840500 sd=23 :47647 s=2 pgs=3827 cs=1 l=0).write_ack 198795161 -1724>
2013-04-28 16:36:34.788282 7faa411e6700 10 -- 10.227.227.101:6789/0 >> 10.227.227.103:6789/0 pipe(0x4840500 sd=23 :47647 s=2 pgs=3827 cs=1 l=0).writer: state = open policy.server=0 -1723>
2013-04-28 16:36:34.788295 7faa421e8700 1 -- 10.227.227.101:6789/0 <== mon.1 10.227.227.103:6789/0 198795161 ==== election(5eacb654-3204-4ca1-9b16-83bb0140e497 propose 3025) v4 ==== 525+0+0 (736232447 0 0) 0x2daee40 con 0x2de06e0 -1722>
2013-04-28 16:36:34.788311 7faa421e8700 10 -- 10.227.227.101:6789/0 dispatch_throttle_release 525 to dispatch throttler 525/104857600 -1721>
2013-04-28 16:36:34.805121 7faa419e7700 10 accepter.pfd.revents=1 -1720>
2013-04-28 16:36:34.805160 7faa419e7700 10 accepter.accepted incoming on sd 26 -1719>
2013-04-28 16:36:34.815017 7faa401d6700 10 -- 10.227.227.101:6789/0 >> :/0 pipe(0x4846180 sd=26 :0 s=0 pgs=0 cs=0 l=0).accept -1718>
2013-04-28 16:36:34.815113 7faa401d6700 1 -- 10.227.227.101:6789/0 >> :/0 pipe(0x4846180 sd=26 :6789 s=0 pgs=0 cs=0 l=0).accept sd=26 10.227.227.101:38037/0 -1717>
2013-04-28 16:36:34.815318 7faa401d6700 10 -- 10.227.227.101:6789/0 >> 10.227.227.101:6801/13334 pipe(0x4846180 sd=26 :6789 s=0 pgs=0 cs=0 l=0).accept peer addr is 10.227.227.101:6801/13334 -1716>
2013-04-28 16:36:34.815375 7faa401d6700 10 -- 10.227.227.101:6789/0 >> 10.227.227.101:6801/13334 pipe(0x4846180 sd=26 :6789 s=0 pgs=0 cs=0 l=1).accept of host_type 4, policy.lossy=1 -1715>
2013-04-28 16:36:34.815699 7faa401d6700 10 -- 10.227.227.101:6789/0 >> 10.227.227.101:6801/13334 pipe(0x4846180 sd=26 :6789 s=0 pgs=0 cs=0 l=1).accept my proto 15, their proto 15 -1714>
2013-04-28 16:36:34.815747 7faa401d6700 10 -- 10.227.227.101:6789/0 >> 10.227.227.101:6801/13334 pipe(0x4846180 sd=26 :6789 s=0 pgs=0 cs=0 l=1).accept: setting up session_security. -1713>
2013-04-28 16:36:34.815778 7faa401d6700 10 -- 10.227.227.101:6789/0 >> 10.227.227.101:6801/13334 pipe(0x4846180 sd=26 :6789 s=0 pgs=0 cs=0 l=1).accept new session -1712>
2013-04-28 16:36:34.815806 7faa401d6700 10 -- 10.227.227.101:6789/0 >> 10.227.227.101:6801/13334 pipe(0x4846180 sd=26 :6789 s=2 pgs=304 cs=1 l=1).accept success, connect_seq = 1, sending READY -1711>
2013-04-28 16:36:34.815992 7faa401d6700 10 -- 10.227.227.101:6789/0 >> 10.227.227.101:6801/13334 pipe(0x4846180 sd=26 :6789 s=2 pgs=304 cs=1 l=1).accept features 18446744073709551615 -1710>
2013-04-28 16:36:34.816043 7faa401d6700 10 -- 10.227.227.101:6789/0 >> 10.227.227.101:6801/13334 pipe(0x4846180 sd=26 :6789 s=2 pgs=304 cs=1 l=1).register_pipe -1709>
2013-04-28 16:36:34.816194 7faa401d6700 10 -- 10.227.227.101:6789/0 >> 10.227.227.101:6801/13334 pipe(0x4846180 sd=26 :6789 s=2 pgs=304 cs=1 l=1).discard_requeued_up_to 0 -1708>
2013-04-28 16:36:34.816242 7faa401d6700 10 -- 10.227.227.101:6789/0 >> 10.227.227.101:6801/13334 pipe(0x4846180 sd=26 :6789 s=2 pgs=304 cs=1 l=1).accept starting writer, state open -1707>
2013-04-28 16:36:34.816309 7faa401d6700 10 -- 10.227.227.101:6789/0 >> 10.227.227.101:6801/13334 pipe(0x4846180 sd=26 :6789 s=2 pgs=304 cs=1 l=1).reader wants 56 bytes from policy throttler 448/419430400 -1706>
2013-04-28 16:36:34.816349 7faa401d6700 10 -- 10.227.227.101:6789/0 >> 10.227.227.101:6801/13334 pipe(0x4846180 sd=26 :6789 s=2 pgs=304 cs=1 l=1).reader wants 56 from dispatch throttler 0/104857600 -1705>
2013-04-28 16:36:34.816384 7faa401d6700 10 -- 10.227.227.101:6789/0 >> 10.227.227.101:6801/13334 pipe(0x4846180 sd=26 :6789 s=2 pgs=304 cs=1 l=1).aborted = 0 -1704>
2013-04-28 16:36:34.816424 7faa401d6700 10 -- 10.227.227.101:6789/0 >> 10.227.227.101:6801/13334 pipe(0x4846180 sd=26 :6789 s=2 pgs=304 cs=1 l=1).reader got message 1 0x2daf080 auth(proto 0 26 bytes epoch 1) v1 -1703>
2013-04-28 16:36:34.816574 7faa421e8700 1 -- 10.227.227.101:6789/0 <== osd.0 10.227.227.101:6801/13334 1 ==== auth(proto 0 26 bytes epoch 1) v1 ==== 56+0+0 (69069011 0 0) 0x2daf080 con 0x4528f20 -1702>
2013-04-28 16:36:34.816608 7faa421e8700 5 mon.1@0(synchronizing sync( requester state chunks )) e1 waitlisting message auth(proto 0 26 bytes epoch 1) v1 -1701>
2013-04-28 16:36:34.816617 7faa421e8700 10 -- 10.227.227.101:6789/0 dispatch_throttle_release 56 to dispatch throttler 56/104857600 -1700>
2013-04-28 16:36:34.831733 7faa3f4c9700 10 -- 10.227.227.101:6789/0 >> 10.227.227.101:6801/13334 pipe(0x4846180 sd=26 :6789 s=2 pgs=304 cs=1 l=1).writer: state = open policy.server=1 -1699>
2013-04-28 16:36:34.831788 7faa3f4c9700 10 -- 10.227.227.101:6789/0 >> 10.227.227.101:6801/13334 pipe(0x4846180 sd=26 :6789 s=2 pgs=304 cs=1 l=1).write_ack 1 -1698>
2013-04-28 16:36:34.833312 7faa3f4c9700 10 -- 10.227.227.101:6789/0 >> 10.227.227.101:6801/13334 pipe(0x4846180 sd=26 :6789 s=2 pgs=304 cs=1 l=1).writer: state = open policy.server=1 -1697>
2013-04-28 16:36:34.961597 7faa40be0700 2 -- 10.227.227.101:6789/0 >> 10.227.227.104:0/1012039 pipe(0x4846900 sd=25 :6789 s=2 pgs=991 cs=1 l=1).reader couldn't read tag, Success -1696>
2013-04-28 16:36:34.961641 7faa40be0700 2 -- 10.227.227.101:6789/0 >> 10.227.227.104:0/1012039 pipe(0x4846900 sd=25 :6789 s=2 pgs=991 cs=1 l=1).fault 0: Success -1695>
2013-04-28 16:36:34.961664 7faa40be0700 10 -- 10.227.227.101:6789/0 >> 10.227.227.104:0/1012039 pipe(0x4846900 sd=25 :6789 s=2 pgs=991 cs=1 l=1).fault on lossy channel, failing -1694>
2013-04-28 16:36:34.961670 7faa40be0700 10 -- 10.227.227.101:6789/0 >> 10.227.227.104:0/1012039 pipe(0x4846900 sd=25 :6789 s=2 pgs=991 cs=1 l=1).stop -1693>
2013-04-28 16:36:34.961681 7faa40be0700 10 -- 10.227.227.101:6789/0 >> 10.227.227.104:0/1012039 pipe(0x4846900 sd=25 :6789 s=4 pgs=991 cs=1 l=1).unregister_pipe -1692>
2013-04-28 16:36:34.961692 7faa40be0700 10 -- 10.227.227.101:6789/0 >> 10.227.227.104:0/1012039 pipe(0x4846900 sd=25 :6789 s=4 pgs=991 cs=1 l=1).discard_queue -1691>
2013-04-28 16:36:34.961708 7faa40be0700 10 -- 10.227.227.101:6789/0 >> 10.227.227.104:0/1012039 pipe(0x4846900 sd=25 :6789 s=4 pgs=991 cs=1 l=1).reader done -1690>
2013-04-28 16:36:34.961714 7faa3fdd2700 10 -- 10.227.227.101:6789/0 queue_reap 0x4846900 -1689>
2013-04-28 16:36:34.961733 7faa3fdd2700 10 -- 10.227.227.101:6789/0 >> 10.227.227.104:0/1012039 pipe(0x4846900 sd=25 :6789 s=4 pgs=991 cs=1 l=1).writer done -1688>
2013-04-28 16:36:34.961714 7faa3fcd1700 2 -- 10.227.227.101:6789/0 >> 10.227.227.104:0/3012039 pipe(0x4842800 sd=27 :6789 s=2 pgs=967 cs=1 l=1).reader couldn't read tag, Success -1687>
2013-04-28 16:36:34.961742 7faa431ea700 10 -- 10.227.227.101:6789/0 reaper -1686>
2013-04-28 16:36:34.961749 7faa3fcd1700 2 -- 10.227.227.101:6789/0 >> 10.227.227.104:0/3012039 pipe(0x4842800 sd=27 :6789 s=2 pgs=967 cs=1 l=1).fault 0: Success -1685>
2013-04-28 16:36:34.961762 7faa431ea700 10 -- 10.227.227.101:6789/0 reaper reaping pipe 0x4846900 10.227.227.104:0/1012039 -1684>
2013-04-28 16:36:34.961767 7faa431ea700 10 -- 10.227.227.101:6789/0 >> 10.227.227.104:0/1012039 pipe(0x4846900 sd=25 :6789 s=4 pgs=991 cs=1 l=1).discard_queue -1683>
2013-04-28 16:36:34.961772 7faa3fcd1700 10 -- 10.227.227.101:6789/0 >> 10.227.227.104:0/3012039 pipe(0x4842800 sd=27 :6789 s=2 pgs=967 cs=1 l=1).fault on lossy channel, failing -1682>
2013-04-28 16:36:34.961776 7faa431ea700 10 -- 10.227.227.101:6789/0 >> 10.227.227.104:0/1012039 pipe(0x4846900 sd=25 :6789 s=4 pgs=991 cs=1 l=1).unregister_pipe - not registered -1681>
2013-04-28 16:36:34.961778 7faa3fcd1700 10 -- 10.227.227.101:6789/0 >> 10.227.227.104:0/3012039 pipe(0x4842800 sd=27 :6789 s=2 pgs=967 cs=1 l=1).stop -1680>
2013-04-28 16:36:34.961806 7faa431ea700 10 -- 10.227.227.101:6789/0 reaper reaped pipe 0x4846900 10.227.227.104:0/1012039 -1679>
2013-04-28 16:36:34.961815 7faa431ea700 10 -- 10.227.227.101:6789/0 reaper deleted pipe 0x4846900 -1678>
2013-04-28 16:36:34.961817 7faa431ea700 10 -- 10.227.227.101:6789/0 reaper done -1677>
2013-04-28 16:36:34.961827 7faa3fcd1700 10 -- 10.227.227.101:6789/0 >> 10.227.227.104:0/3012039 pipe(0x4842800 sd=27 :6789 s=4 pgs=967 cs=1 l=1).unregister_pipe -1676>
2013-04-28 16:36:34.961860 7faa3fcd1700 10 -- 10.227.227.101:6789/0 >> 10.227.227.104:0/3012039 pipe(0x4842800 sd=27 :6789 s=4 pgs=967 cs=1 l=1).discard_queue -1675>
2013-04-28 16:36:34.961880 7faa3fcd1700 10 -- 10.227.227.101:6789/0 >> 10.227.227.104:0/3012039 pipe(0x4842800 sd=27 :6789 s=4 pgs=967 cs=1 l=1).reader done -1674>
2013-04-28 16:36:34.961874 7faa40adf700 2 -- 10.227.227.101:6789/0 >> 10.227.227.104:0/2012039 pipe(0x4843200 sd=35 :6789 s=2 pgs=1229 cs=1 l=1).reader couldn't read tag, Success -1673>
2013-04-28 16:36:34.961897 7faa40adf700 2 -- 10.227.227.101:6789/0 >> 10.227.227.104:0/2012039 pipe(0x4843200 sd=35 :6789 s=2 pgs=1229 cs=1 l=1).fault 0: Success -1672>
2013-04-28 16:36:34.961917 7faa40adf700 10 -- 10.227.227.101:6789/0 >> 10.227.227.104:0/2012039 pipe(0x4843200 sd=35 :6789 s=2 pgs=1229 cs=1 l=1).fault on lossy channel, failing -1671>
2013-04-28 16:36:34.961923 7faa40adf700 10 -- 10.227.227.101:6789/0 >> 10.227.227.104:0/2012039 pipe(0x4843200 sd=35 :6789 s=2 pgs=1229 cs=1 l=1).stop -1670>
2013-04-28 16:36:34.961932 7faa40adf700 10 -- 10.227.227.101:6789/0 >> 10.227.227.104:0/2012039 pipe(0x4843200 sd=35 :6789 s=4 pgs=1229 cs=1 l=1).unregister_pipe -1669>
2013-04-28 16:36:34.961932 7faa3f9ce700 10 -- 10.227.227.101:6789/0 queue_reap 0x4842800 -1668>
2013-04-28 16:36:34.961938 7faa40adf700 10 -- 10.227.227.101:6789/0 >> 10.227.227.104:0/2012039 pipe(0x4843200 sd=35 :6789 s=4 pgs=1229 cs=1 l=1).discard_queue -1667>
2013-04-28 16:36:34.961943 7faa3f9ce700 10 -- 10.227.227.101:6789/0 >> 10.227.227.104:0/3012039 pipe(0x4842800 sd=27 :6789 s=4 pgs=967 cs=1 l=1).writer done -1666>
2013-04-28 16:36:34.961945 7faa431ea700 10 -- 10.227.227.101:6789/0 reaper -1665>
2013-04-28 16:36:34.961951 7faa40adf700 10 -- 10.227.227.101:6789/0 >> 10.227.227.104:0/2012039 pipe(0x4843200 sd=35 :6789 s=4 pgs=1229 cs=1 l=1).reader done -1664>
2013-04-28 16:36:34.961956 7faa431ea700 10 -- 10.227.227.101:6789/0 reaper reaping pipe 0x4842800 10.227.227.104:0/3012039 -1663>
2013-04-28 16:36:34.961960 7faa431ea700 10 -- 10.227.227.101:6789/0 >> 10.227.227.104:0/3012039 pipe(0x4842800 sd=27 :6789 s=4 pgs=967 cs=1 l=1).discard_queue -1662>
2013-04-28 16:36:34.961967 7faa431ea700 10 -- 10.227.227.101:6789/0 >> 10.227.227.104:0/3012039 pipe(0x4842800 sd=27 :6789 s=4 pgs=967 cs=1 l=1).unregister_pipe - not registered -1661>
2013-04-28 16:36:34.961980 7faa431ea700 10 -- 10.227.227.101:6789/0 reaper reaped pipe 0x4842800 10.227.227.104:0/3012039 -1660>
2013-04-28 16:36:34.961985 7faa431ea700 10 -- 10.227.227.101:6789/0 reaper deleted pipe 0x4842800 -1659>
2013-04-28 16:36:34.961988 7faa431ea700 10 -- 10.227.227.101:6789/0 reaper done -1658>
2013-04-28 16:36:34.961995 7faa3fed3700 10 -- 10.227.227.101:6789/0 queue_reap 0x4843200 -1657>
2013-04-28 16:36:34.962004 7faa3fed3700 10 -- 10.227.227.101:6789/0 >> 10.227.227.104:0/2012039 pipe(0x4843200 sd=35 :6789 s=4 pgs=1229 cs=1 l=1).writer done -1656>
2013-04-28 16:36:34.962031 7faa431ea700 10 -- 10.227.227.101:6789/0 reaper -1655>
2013-04-28 16:36:34.962035 7faa431ea700 10 -- 10.227.227.101:6789/0 reaper reaping pipe 0x4843200 10.227.227.104:0/2012039 -1654>
2013-04-28 16:36:34.962039 7faa431ea700 10 -- 10.227.227.101:6789/0 >> 10.227.227.104:0/2012039 pipe(0x4843200 sd=35 :6789 s=4 pgs=1229 cs=1 l=1).discard_queue -1653>
2013-04-28 16:36:34.962044 7faa431ea700 10 -- 10.227.227.101:6789/0 >> 10.227.227.104:0/2012039 pipe(0x4843200 sd=35 :6789 s=4 pgs=1229 cs=1 l=1).unregister_pipe - not registered -1652>
2013-04-28 16:36:34.962055 7faa431ea700 10 -- 10.227.227.101:6789/0 reaper reaped pipe 0x4843200 10.227.227.104:0/2012039 -1651>
2013-04-28 16:36:34.962060 7faa431ea700 10 -- 10.227.227.101:6789/0 reaper deleted pipe 0x4843200 -1650>
2013-04-28 16:36:34.962062 7faa431ea700 10 -- 10.227.227.101:6789/0 reaper done -1649>
2013-04-28 16:36:35.308924 7faa419e7700 10 accepter.pfd.revents=1 -1648>
2013-04-28 16:36:35.308962 7faa419e7700 10 accepter.accepted incoming on sd 25 -1647>
2013-04-28 16:36:35.315018 7faa40adf700 10 -- 10.227.227.101:6789/0 >> :/0 pipe(0x4846400 sd=25 :0 s=0 pgs=0 cs=0 l=0).accept -1646>
2013-04-28 16:36:35.315121 7faa40adf700 1 -- 10.227.227.101:6789/0 >> :/0 pipe(0x4846400 sd=25 :6789 s=0 pgs=0 cs=0 l=0).accept sd=25 10.227.227.103:34377/0 -1645>
2013-04-28 16:36:35.315369 7faa40adf700 10 -- 10.227.227.101:6789/0 >> 10.227.227.103:6808/11565 pipe(0x4846400 sd=25 :6789 s=0 pgs=0 cs=0 l=0).accept peer addr is 10.227.227.103:6808/11565 -1644>
2013-04-28 16:36:35.315396 7faa40adf700 10 -- 10.227.227.101:6789/0 >> 10.227.227.103:6808/11565 pipe(0x4846400 sd=25 :6789 s=0 pgs=0 cs=0 l=1).accept of host_type 4, policy.lossy=1 -1643>
2013-04-28 16:36:35.315403 7faa40adf700 10 -- 10.227.227.101:6789/0 >> 10.227.227.103:6808/11565 pipe(0x4846400 sd=25 :6789 s=0 pgs=0 cs=0 l=1).accept my proto 15, their proto 15 -1642>
2013-04-28 16:36:35.315409 7faa40adf700 10 -- 10.227.227.101:6789/0 >> 10.227.227.103:6808/11565 pipe(0x4846400 sd=25 :6789 s=0 pgs=0 cs=0 l=1).accept: setting up session_security. -1641>
2013-04-28 16:36:35.315414 7faa40adf700 10 -- 10.227.227.101:6789/0 >> 10.227.227.103:6808/11565 pipe(0x4846400 sd=25 :6789 s=0 pgs=0 cs=0 l=1).accept new session -1640>
2013-04-28 16:36:35.315420 7faa40adf700 10 -- 10.227.227.101:6789/0 >> 10.227.227.103:6808/11565 pipe(0x4846400 sd=25 :6789 s=2 pgs=395 cs=1 l=1).accept success, connect_seq = 1, sending READY -1639>
2013-04-28 16:36:35.315425 7faa40adf700 10 -- 10.227.227.101:6789/0 >> 10.227.227.103:6808/11565 pipe(0x4846400 sd=25 :6789 s=2 pgs=395 cs=1 l=1).accept features 18446744073709551615 -1638>
2013-04-28 16:36:35.315452 7faa40adf700 10 -- 10.227.227.101:6789/0 >> 10.227.227.103:6808/11565 pipe(0x4846400 sd=25 :6789 s=2 pgs=395 cs=1 l=1).register_pipe -1637>
2013-04-28 16:36:35.315473 7faa40adf700 10 -- 10.227.227.101:6789/0 >> 10.227.227.103:6808/11565 pipe(0x4846400 sd=25 :6789 s=2 pgs=395 cs=1 l=1).discard_requeued_up_to 0 -1636>
2013-04-28 16:36:35.315482 7faa40adf700 10 -- 10.227.227.101:6789/0 >> 10.227.227.103:6808/11565 pipe(0x4846400 sd=25 :6789 s=2 pgs=395 cs=1 l=1).accept starting writer, state open -1635>
2013-04-28 16:36:35.316054 7faa40adf700 10 -- 10.227.227.101:6789/0 >> 10.227.227.103:6808/11565 pipe(0x4846400 sd=25 :6789 s=2 pgs=395 cs=1 l=1).reader wants 57 bytes from policy throttler 504/419430400 -1634>
2013-04-28 16:36:35.316078 7faa40adf700 10 -- 10.227.227.101:6789/0 >> 10.227.227.103:6808/11565 pipe(0x4846400 sd=25 :6789 s=2 pgs=395 cs=1 l=1).reader wants 57 from dispatch throttler 0/104857600 -1633>
2013-04-28 16:36:35.316091 7faa40adf700 10 -- 10.227.227.101:6789/0 >> 10.227.227.103:6808/11565 pipe(0x4846400 sd=25 :6789 s=2 pgs=395 cs=1 l=1).aborted = 0 -1632>
2013-04-28 16:36:35.316121 7faa40adf700 10 -- 10.227.227.101:6789/0 >> 10.227.227.103:6808/11565 pipe(0x4846400 sd=25 :6789 s=2 pgs=395 cs=1 l=1).reader got message 1 0x2daa400 auth(proto 0 27 bytes epoch 1) v1 -1631>
2013-04-28 16:36:35.316143 7faa421e8700 1 -- 10.227.227.101:6789/0 <== osd.11 10.227.227.103:6808/11565 1 ==== auth(proto 0 27 bytes epoch 1) v1 ==== 57+0+0 (1693107553 0 0) 0x2daa400 con 0x4529080 -1630>
2013-04-28 16:36:35.316160 7faa421e8700 5 mon.1@0(synchronizing sync( requester state chunks )) e1 waitlisting message auth(proto 0 27 bytes epoch 1) v1 -1629>
2013-04-28 16:36:35.316169 7faa421e8700 10 -- 10.227.227.101:6789/0 dispatch_throttle_release 57 to dispatch throttler 57/104857600 -1628>
2013-04-28 16:36:35.325019 7faa3fed3700 10 -- 10.227.227.101:6789/0 >> 10.227.227.103:6808/11565 pipe(0x4846400 sd=25 :6789 s=2 pgs=395 cs=1 l=1).writer: state = open policy.server=1 -1627>
2013-04-28 16:36:35.325070 7faa3fed3700 10 -- 10.227.227.101:6789/0 >> 10.227.227.103:6808/11565 pipe(0x4846400 sd=25 :6789 s=2 pgs=395 cs=1 l=1).write_ack 1 -1626>
2013-04-28 16:36:35.325088 7faa3fed3700 10 -- 10.227.227.101:6789/0 >> 10.227.227.103:6808/11565 pipe(0x4846400 sd=25 :6789 s=2 pgs=395 cs=1 l=1).writer: state = open policy.server=1 -1625>
2013-04-28 16:36:35.465544 7faa419e7700 10 accepter.pfd.revents=1 -1624>
2013-04-28 16:36:35.465578 7faa419e7700 10 accepter.accepted incoming on sd 27 -1623>
2013-04-28 16:36:35.466009 7faa3fcd1700 10 -- 10.227.227.101:6789/0 >> :/0 pipe(0x4844600 sd=27 :0 s=0 pgs=0 cs=0 l=0).accept -1622>
2013-04-28 16:36:35.466112 7faa3fcd1700 1 -- 10.227.227.101:6789/0 >> :/0 pipe(0x4844600 sd=27 :6789 s=0 pgs=0 cs=0 l=0).accept sd=27 10.227.227.103:34378/0 -1621>
2013-04-28 16:36:35.466556 7faa3fcd1700 10 -- 10.227.227.101:6789/0 >> 10.227.227.103:6817/11764 pipe(0x4844600 sd=27 :6789 s=0 pgs=0 cs=0 l=0).accept peer addr is 10.227.227.103:6817/11764 -1620>
2013-04-28 16:36:35.466626 7faa3fcd1700 10 -- 10.227.227.101:6789/0 >> 10.227.227.103:6817/11764 pipe(0x4844600 sd=27 :6789 s=0 pgs=0 cs=0 l=1).accept of host_type 4, policy.lossy=1 -1619>
2013-04-28 16:36:35.466634 7faa3fcd1700 10 -- 10.227.227.101:6789/0 >> 10.227.227.103:6817/11764 pipe(0x4844600 sd=27 :6789 s=0 pgs=0 cs=0 l=1).accept my proto 15, their proto 15 -1618>
2013-04-28 16:36:35.466641 7faa3fcd1700 10 -- 10.227.227.101:6789/0 >> 10.227.227.103:6817/11764 pipe(0x4844600 sd=27 :6789 s=0 pgs=0 cs=0 l=1).accept: setting up session_security. -1617>
2013-04-28 16:36:35.466646 7faa3fcd1700 10 -- 10.227.227.101:6789/0 >> 10.227.227.103:6817/11764 pipe(0x4844600 sd=27 :6789 s=0 pgs=0 cs=0 l=1).accept new session -1616>
2013-04-28 16:36:35.466651 7faa3fcd1700 10 -- 10.227.227.101:6789/0 >> 10.227.227.103:6817/11764 pipe(0x4844600 sd=27 :6789 s=2 pgs=400 cs=1 l=1).accept success, connect_seq = 1, sending READY -1615>
2013-04-28 16:36:35.466656 7faa3fcd1700 10 -- 10.227.227.101:6789/0 >> 10.227.227.103:6817/11764 pipe(0x4844600 sd=27 :6789 s=2 pgs=400 cs=1 l=1).accept features 18446744073709551615 -1614>
2013-04-28 16:36:35.466688 7faa3fcd1700 10 -- 10.227.227.101:6789/0 >> 10.227.227.103:6817/11764 pipe(0x4844600 sd=27 :6789 s=2 pgs=400 cs=1 l=1).register_pipe -1613>
2013-04-28 16:36:35.466709 7faa3fcd1700 10 -- 10.227.227.101:6789/0 >> 10.227.227.103:6817/11764 pipe(0x4844600 sd=27 :6789 s=2 pgs=400 cs=1 l=1).discard_requeued_up_to 0 -1612>
2013-04-28 16:36:35.466723 7faa3fcd1700 10 -- 10.227.227.101:6789/0 >> 10.227.227.103:6817/11764 pipe(0x4844600 sd=27 :6789 s=2 pgs=400 cs=1 l=1).accept starting writer, state open -1611>
2013-04-28 16:36:35.466771 7faa3f9ce700 10 -- 10.227.227.101:6789/0 >> 10.227.227.103:6817/11764 pipe(0x4844600 sd=27 :6789 s=2 pgs=400 cs=1 l=1).writer: state = open policy.server=1 -1610>
2013-04-28 16:36:35.466785 7faa3f9ce700 10 -- 10.227.227.101:6789/0 >> 10.227.227.103:6817/11764 pipe(0x4844600 sd=27 :6789 s=2 pgs=400 cs=1 l=1).writer: state = open policy.server=1 -1609>
2013-04-28 16:36:35.466903 7faa3fcd1700 10 -- 10.227.227.101:6789/0 >> 10.227.227.103:6817/11764 pipe(0x4844600 sd=27 :6789 s=2 pgs=400 cs=1 l=1).reader wants 56 bytes from policy throttler 561/419430400 -1608>
2013-04-28 16:36:35.466923 7faa3fcd1700 10 -- 10.227.227.101:6789/0 >> 10.227.227.103:6817/11764 pipe(0x4844600 sd=27 :6789 s=2 pgs=400 cs=1 l=1).reader wants 56 from dispatch throttler 0/104857600 -1607>
2013-04-28 16:36:35.466936 7faa3fcd1700 10 -- 10.227.227.101:6789/0 >> 10.227.227.103:6817/11764 pipe(0x4844600 sd=27 :6789 s=2 pgs=400 cs=1 l=1).aborted = 0 -1606>
2013-04-28 16:36:35.466953 7faa3fcd1700 10 -- 10.227.227.101:6789/0 >> 10.227.227.103:6817/11764 pipe(0x4844600 sd=27 :6789 s=2 pgs=400 cs=1 l=1).reader got message 1 0x2dade80 auth(proto 0 26 bytes epoch 1) v1 -1605>
2013-04-28 16:36:35.467021 7faa421e8700 1 -- 10.227.227.101:6789/0 <== osd.6 10.227.227.103:6817/11764 1 ==== auth(proto 0 26 bytes epoch 1) v1 ==== 56+0+0 (4163808625 0 0) 0x2dade80 con 0x4529340 -1604>
2013-04-28 16:36:35.467039 7faa421e8700 5 mon.1@0(synchronizing sync( requester state chunks )) e1 waitlisting message auth(proto 0 26 bytes epoch 1) v1 -1603>
2013-04-28 16:36:35.467047 7faa421e8700 10 -- 10.227.227.101:6789/0 dispatch_throttle_release 56 to dispatch throttler 56/104857600 -1602>
2013-04-28 16:36:35.467083 7faa3f9ce700 10 -- 10.227.227.101:6789/0 >> 10.227.227.103:6817/11764 pipe(0x4844600 sd=27 :6789 s=2 pgs=400 cs=1 l=1).writer: state = open policy.server=1 -1601>
2013-04-28 16:36:35.467094 7faa3f9ce700 10 -- 10.227.227.101:6789/0 >> 10.227.227.103:6817/11764 pipe(0x4844600 sd=27 :6789 s=2 pgs=400 cs=1 l=1).write_ack 1 -1600>
2013-04-28 16:36:35.467106 7faa3f9ce700 10 -- 10.227.227.101:6789/0 >> 10.227.227.103:6817/11764 pipe(0x4844600 sd=27 :6789 s=2 pgs=400 cs=1 l=1).writer: state = open policy.server=1 -1599>
2013-04-28 16:36:35.710938 7faa3eec4700 2 -- 10.227.227.101:6789/0 >> 10.227.227.102:0/1031038 pipe(0x4841e00 sd=30 :6789 s=2 pgs=491 cs=1 l=1).reader couldn't read tag, Success -1598>
2013-04-28 16:36:35.710981 7faa3eec4700 2 -- 10.227.227.101:6789/0 >> 10.227.227.102:0/1031038 pipe(0x4841e00 sd=30 :6789 s=2 pgs=491 cs=1 l=1).fault 0: Success -1597>
2013-04-28 16:36:35.711003 7faa3eec4700 10 -- 10.227.227.101:6789/0 >> 10.227.227.102:0/1031038 pipe(0x4841e00 sd=30 :6789 s=2 pgs=491 cs=1 l=1).fault on lossy channel, failing -1596>
2013-04-28 16:36:35.711009 7faa3eec4700 10 -- 10.227.227.101:6789/0 >> 10.227.227.102:0/1031038 pipe(0x4841e00 sd=30 :6789 s=2 pgs=491 cs=1 l=1).stop -1595>
2013-04-28 16:36:35.711020 7faa3eec4700 10 -- 10.227.227.101:6789/0 >> 10.227.227.102:0/1031038 pipe(0x4841e00 sd=30 :6789 s=4 pgs=491 cs=1 l=1).unregister_pipe -1594>
2013-04-28 16:36:35.711031 7faa3eec4700 10 -- 10.227.227.101:6789/0 >> 10.227.227.102:0/1031038 pipe(0x4841e00 sd=30 :6789 s=4 pgs=491 cs=1 l=1).discard_queue -1593>
2013-04-28 16:36:35.711048 7faa3eec4700 10 -- 10.227.227.101:6789/0 >> 10.227.227.102:0/1031038 pipe(0x4841e00 sd=30 :6789 s=4 pgs=491 cs=1 l=1).reader done -1592>
2013-04-28 16:36:35.711053 7faa403d8700 10 -- 10.227.227.101:6789/0 queue_reap 0x4841e00 -1591>
2013-04-28 16:36:35.711073 7faa403d8700 10 -- 10.227.227.101:6789/0 >> 10.227.227.102:0/1031038 pipe(0x4841e00 sd=30 :6789 s=4 pgs=491 cs=1 l=1).writer done -1590>
2013-04-28 16:36:35.711106 7faa431ea700 10 -- 10.227.227.101:6789/0 reaper -1589>
2013-04-28 16:36:35.711112 7faa431ea700 10 -- 10.227.227.101:6789/0 reaper reaping pipe 0x4841e00 10.227.227.102:0/1031038 -1588>
2013-04-28 16:36:35.711116 7faa431ea700 10 -- 10.227.227.101:6789/0 >> 10.227.227.102:0/1031038 pipe(0x4841e00 sd=30 :6789 s=4 pgs=491 cs=1 l=1).discard_queue -1587>
2013-04-28 16:36:35.711123 7faa431ea700 10 -- 10.227.227.101:6789/0 >> 10.227.227.102:0/1031038 pipe(0x4841e00 sd=30 :6789 s=4 pgs=491 cs=1 l=1).unregister_pipe - not registered -1586>
2013-04-28 16:36:35.711146 7faa431ea700 10 -- 10.227.227.101:6789/0 reaper reaped pipe 0x4841e00 10.227.227.102:0/1031038 -1585>
2013-04-28 16:36:35.711156 7faa431ea700 10 -- 10.227.227.101:6789/0 reaper deleted pipe 0x4841e00 -1584>
2013-04-28 16:36:35.711158 7faa431ea700 10 -- 10.227.227.101:6789/0 reaper done -1583>
2013-04-28 16:36:35.827532 7faa3ecc2700 2 -- 10.227.227.101:6789/0 >> 10.227.227.101:0/1249473330 pipe(0x4842580 sd=42 :6789 s=2 pgs=293 cs=1 l=1).reader couldn't read tag, Success -1582>
2013-04-28 16:36:35.827577 7faa3ecc2700 2 -- 10.227.227.101:6789/0 >> 10.227.227.101:0/1249473330 pipe(0x4842580 sd=42 :6789 s=2 pgs=293 cs=1 l=1).fault 0: Success -1581>
2013-04-28 16:36:35.827620 7faa3ecc2700 10 -- 10.227.227.101:6789/0 >> 10.227.227.101:0/1249473330 pipe(0x4842580 sd=42 :6789 s=2 pgs=293 cs=1 l=1).fault on lossy channel, failing -1580>
2013-04-28 16:36:35.827627 7faa3ecc2700 10 -- 10.227.227.101:6789/0 >> 10.227.227.101:0/1249473330 pipe(0x4842580 sd=42 :6789 s=2 pgs=293 cs=1 l=1).stop -1579>
2013-04-28 16:36:35.827639 7faa3ecc2700 10 -- 10.227.227.101:6789/0 >> 10.227.227.101:0/1249473330 pipe(0x4842580 sd=42 :6789 s=4 pgs=293 cs=1 l=1).unregister_pipe -1578>
2013-04-28 16:36:35.827647 7faa3ecc2700 10 -- 10.227.227.101:6789/0 >> 10.227.227.101:0/1249473330 pipe(0x4842580 sd=42 :6789 s=4 pgs=293 cs=1 l=1).discard_queue -1577>
2013-04-28 16:36:35.827667 7faa3ecc2700 10 -- 10.227.227.101:6789/0 >> 10.227.227.101:0/1249473330 pipe(0x4842580 sd=42 :6789 s=4 pgs=293 cs=1 l=1).reader done -1576>
2013-04-28 16:36:35.827674 7faa3ebc1700 10 -- 10.227.227.101:6789/0 queue_reap 0x4842580 -1575>
2013-04-28 16:36:35.827695 7faa3ebc1700 10 -- 10.227.227.101:6789/0 >> 10.227.227.101:0/1249473330 pipe(0x4842580 sd=42 :6789 s=4 pgs=293 cs=1 l=1).writer done -1574>
2013-04-28 16:36:35.827893 7faa431ea700 10 -- 10.227.227.101:6789/0 reaper -1573>
2013-04-28 16:36:35.827903 7faa431ea700 10 -- 10.227.227.101:6789/0 reaper reaping pipe 0x4842580 10.227.227.101:0/1249473330 -1572>
2013-04-28 16:36:35.827909 7faa431ea700 10 -- 10.227.227.101:6789/0 >> 10.227.227.101:0/1249473330 pipe(0x4842580 sd=42 :6789 s=4 pgs=293 cs=1 l=1).discard_queue -1571>
2013-04-28 16:36:35.827915 7faa431ea700 10 -- 10.227.227.101:6789/0 >> 10.227.227.101:0/1249473330 pipe(0x4842580 sd=42 :6789 s=4 pgs=293 cs=1 l=1).unregister_pipe - not registered -1570>
2013-04-28 16:36:35.827934 7faa431ea700 10 -- 10.227.227.101:6789/0 reaper reaped pipe 0x4842580 10.227.227.101:0/1249473330 -1569>
2013-04-28 16:36:35.827941 7faa431ea700 10 -- 10.227.227.101:6789/0 reaper deleted pipe 0x4842580 -1568>
2013-04-28 16:36:35.827944 7faa431ea700 10 -- 10.227.227.101:6789/0 reaper done -1567>
2013-04-28 16:36:35.945101 7faa419e7700 10 accepter.pfd.revents=1 -1566>
2013-04-28 16:36:35.945124 7faa419e7700 10 accepter.accepted incoming on sd 28 -1565>
2013-04-28 16:36:35.955035 7faa3ecc2700 10 -- 10.227.227.101:6789/0 >> :/0 pipe(0x4844880 sd=28 :0 s=0 pgs=0 cs=0 l=0).accept -1564>
2013-04-28 16:36:35.955126 7faa3ecc2700 1 -- 10.227.227.101:6789/0 >> :/0 pipe(0x4844880 sd=28 :6789 s=0 pgs=0 cs=0 l=0).accept sd=28 10.227.227.101:38039/0 -1563>
2013-04-28 16:36:35.956050 7faa3ecc2700 10 -- 10.227.227.101:6789/0 >> 10.227.227.101:6806/13433 pipe(0x4844880 sd=28 :6789 s=0 pgs=0 cs=0 l=0).accept peer addr is 10.227.227.101:6806/13433 -1562>
2013-04-28 16:36:35.956075 7faa3ecc2700 10 -- 10.227.227.101:6789/0 >> 10.227.227.101:6806/13433 pipe(0x4844880 sd=28 :6789 s=0 pgs=0 cs=0 l=1).accept of host_type 4, policy.lossy=1 -1561>
2013-04-28 16:36:35.956083 7faa3ecc2700 10 -- 10.227.227.101:6789/0 >> 10.227.227.101:6806/13433 pipe(0x4844880 sd=28 :6789 s=0 pgs=0 cs=0 l=1).accept my proto 15, their proto 15 -1560>
2013-04-28 16:36:35.956090 7faa3ecc2700 10 -- 10.227.227.101:6789/0 >> 10.227.227.101:6806/13433 pipe(0x4844880 sd=28 :6789 s=0 pgs=0 cs=0 l=1).accept: setting up session_security. -1559>
2013-04-28 16:36:35.956095 7faa3ecc2700 10 -- 10.227.227.101:6789/0 >> 10.227.227.101:6806/13433 pipe(0x4844880 sd=28 :6789 s=0 pgs=0 cs=0 l=1).accept new session -1558>
2013-04-28 16:36:35.956100 7faa3ecc2700 10 -- 10.227.227.101:6789/0 >> 10.227.227.101:6806/13433 pipe(0x4844880 sd=28 :6789 s=2 pgs=300 cs=1 l=1).accept success, connect_seq = 1, sending READY -1557>
2013-04-28 16:36:35.956106 7faa3ecc2700 10 -- 10.227.227.101:6789/0 >> 10.227.227.101:6806/13433 pipe(0x4844880 sd=28 :6789 s=2 pgs=300 cs=1 l=1).accept features 18446744073709551615 -1556>
2013-04-28 16:36:35.956119 7faa3ecc2700 10 -- 10.227.227.101:6789/0 >> 10.227.227.101:6806/13433 pipe(0x4844880 sd=28 :6789 s=2 pgs=300 cs=1 l=1).register_pipe -1555>
2013-04-28 16:36:35.956142 7faa3ecc2700 10 -- 10.227.227.101:6789/0 >> 10.227.227.101:6806/13433 pipe(0x4844880 sd=28 :6789 s=2 pgs=300 cs=1 l=1).discard_requeued_up_to 0 -1554>
2013-04-28 16:36:35.956151 7faa3ecc2700 10 -- 10.227.227.101:6789/0 >> 10.227.227.101:6806/13433 pipe(0x4844880 sd=28 :6789 s=2 pgs=300 cs=1 l=1).accept starting writer, state open -1553>
2013-04-28 16:36:35.956224 7faa3ecc2700 10 -- 10.227.227.101:6789/0 >> 10.227.227.101:6806/13433 pipe(0x4844880 sd=28 :6789 s=2 pgs=300 cs=1 l=1).reader wants 56 bytes from policy throttler 617/419430400 -1552>
2013-04-28 16:36:35.956242 7faa3ecc2700 10 -- 10.227.227.101:6789/0 >> 10.227.227.101:6806/13433 pipe(0x4844880 sd=28 :6789 s=2 pgs=300 cs=1 l=1).reader wants 56 from dispatch throttler 0/104857600 -1551>
2013-04-28 16:36:35.956253 7faa3ecc2700 10 -- 10.227.227.101:6789/0 >> 10.227.227.101:6806/13433 pipe(0x4844880 sd=28 :6789 s=2 pgs=300 cs=1 l=1).aborted = 0 -1550>
2013-04-28 16:36:35.956267 7faa3ecc2700 10 -- 10.227.227.101:6789/0 >> 10.227.227.101:6806/13433 pipe(0x4844880 sd=28 :6789 s=2 pgs=300 cs=1 l=1).reader got message 1 0x2dae0c0 auth(proto 0 26 bytes epoch 1) v1 -1549>
2013-04-28 16:36:35.956293 7faa421e8700 1 -- 10.227.227.101:6789/0 <== osd.1 10.227.227.101:6806/13433 1 ==== auth(proto 0 26 bytes epoch 1) v1 ==== 56+0+0 (3244783540 0 0) 0x2dae0c0 con 0x2de3020 -1548>
2013-04-28 16:36:35.956323 7faa421e8700 5 mon.1@0(synchronizing sync( requester state chunks )) e1 waitlisting message auth(proto 0 26 bytes epoch 1) v1 -1547>
2013-04-28 16:36:35.956332 7faa421e8700 10 -- 10.227.227.101:6789/0 dispatch_throttle_release 56 to dispatch throttler 56/104857600 -1546>
2013-04-28 16:36:35.968595 7faa3ebc1700 10 -- 10.227.227.101:6789/0 >> 10.227.227.101:6806/13433 pipe(0x4844880 sd=28 :6789 s=2 pgs=300 cs=1 l=1).writer: state = open policy.server=1 -1545>
2013-04-28 16:36:35.968643 7faa3ebc1700 10 -- 10.227.227.101:6789/0 >> 10.227.227.101:6806/13433 pipe(0x4844880 sd=28 :6789 s=2 pgs=300 cs=1 l=1).write_ack 1 -1544>
2013-04-28 16:36:35.968657 7faa3ebc1700 10 -- 10.227.227.101:6789/0 >> 10.227.227.101:6806/13433 pipe(0x4844880 sd=28 :6789 s=2 pgs=300 cs=1 l=1).writer: state = open policy.server=1 -1543>
2013-04-28 16:36:36.229989 7faa419e7700 10 accepter.pfd.revents=1 -1542>
2013-04-28 16:36:36.230028 7faa419e7700 10 accepter.accepted incoming on sd 29 -1541>
2013-04-28 16:36:36.235018 7faa3eec4700 10 -- 10.227.227.101:6789/0 >> :/0 pipe(0x4844b00 sd=29 :0 s=0 pgs=0 cs=0 l=0).accept -1540>
2013-04-28 16:36:36.235096 7faa3eec4700 1 -- 10.227.227.101:6789/0 >> :/0 pipe(0x4844b00 sd=29 :6789 s=0 pgs=0 cs=0 l=0).accept sd=29 10.227.227.102:58840/0 -1539>
2013-04-28 16:36:36.236003 7faa3eec4700 10 -- 10.227.227.101:6789/0 >> 10.227.227.102:0/1030419 pipe(0x4844b00 sd=29 :6789 s=0 pgs=0 cs=0 l=0).accept peer addr is 10.227.227.102:0/1030419 -1538>
2013-04-28 16:36:36.236042 7faa3eec4700 10 -- 10.227.227.101:6789/0 >> 10.227.227.102:0/1030419 pipe(0x4844b00 sd=29 :6789 s=0 pgs=0 cs=0 l=1).accept of host_type 8, policy.lossy=1 -1537>
2013-04-28 16:36:36.236050 7faa3eec4700 10 -- 10.227.227.101:6789/0 >> 10.227.227.102:0/1030419 pipe(0x4844b00 sd=29 :6789 s=0 pgs=0 cs=0 l=1).accept my proto 15, their proto 15 -1536>
2013-04-28 16:36:36.236056 7faa3eec4700 10 -- 10.227.227.101:6789/0 >> 10.227.227.102:0/1030419 pipe(0x4844b00 sd=29 :6789 s=0 pgs=0 cs=0 l=1).accept: setting up session_security. -1535>
2013-04-28 16:36:36.236062 7faa3eec4700 10 -- 10.227.227.101:6789/0 >> 10.227.227.102:0/1030419 pipe(0x4844b00 sd=29 :6789 s=0 pgs=0 cs=0 l=1).accept new session -1534>
2013-04-28 16:36:36.236067 7faa3eec4700 10 -- 10.227.227.101:6789/0 >> 10.227.227.102:0/1030419 pipe(0x4844b00 sd=29 :6789 s=2 pgs=491 cs=1 l=1).accept success, connect_seq = 1, sending READY -1533>
2013-04-28 16:36:36.236073 7faa3eec4700 10 -- 10.227.227.101:6789/0 >> 10.227.227.102:0/1030419 pipe(0x4844b00 sd=29 :6789 s=2 pgs=491 cs=1 l=1).accept features 18446744073709551615 -1532>
2013-04-28 16:36:36.236101 7faa3eec4700 10 -- 10.227.227.101:6789/0 >> 10.227.227.102:0/1030419 pipe(0x4844b00 sd=29 :6789 s=2 pgs=491 cs=1 l=1).register_pipe -1531>
2013-04-28 16:36:36.236126 7faa3eec4700 10 -- 10.227.227.101:6789/0 >> 10.227.227.102:0/1030419 pipe(0x4844b00 sd=29 :6789 s=2 pgs=491 cs=1 l=1).discard_requeued_up_to 0 -1530>
2013-04-28 16:36:36.236135 7faa3eec4700 10 -- 10.227.227.101:6789/0 >> 10.227.227.102:0/1030419 pipe(0x4844b00 sd=29 :6789 s=2 pgs=491 cs=1 l=1).accept starting writer, state open -1529>
2013-04-28 16:36:36.236958 7faa3eec4700 10 -- 10.227.227.101:6789/0 >> 10.227.227.102:0/1030419 pipe(0x4844b00 sd=29 :6789 s=2 pgs=491 cs=1 l=1).reader wants 60 bytes from policy throttler 840/104857600 -1528>
2013-04-28 16:36:36.236983 7faa3eec4700 10 -- 10.227.227.101:6789/0 >> 10.227.227.102:0/1030419 pipe(0x4844b00 sd=29 :6789 s=2 pgs=491 cs=1 l=1).reader wants 60 from dispatch throttler 0/104857600 -1527>
2013-04-28 16:36:36.236997 7faa3eec4700 10 -- 10.227.227.101:6789/0 >> 10.227.227.102:0/1030419 pipe(0x4844b00 sd=29 :6789 s=2 pgs=491 cs=1 l=1).aborted = 0 -1526>
2013-04-28 16:36:36.237013 7faa3eec4700 10 -- 10.227.227.101:6789/0 >> 10.227.227.102:0/1030419 pipe(0x4844b00 sd=29 :6789 s=2 pgs=491 cs=1 l=1).reader got message 1 0x2dae300 auth(proto 0 30 bytes epoch 1) v1 -1525>
2013-04-28 16:36:36.237036 7faa421e8700 1 -- 10.227.227.101:6789/0 <== client.232978 10.227.227.102:0/1030419 1 ==== auth(proto 0 30 bytes epoch 1) v1 ==== 60+0+0 (3771572451 0 0) 0x2dae300 con 0x2de3b20 -1524>
2013-04-28 16:36:36.237050 7faa421e8700 5 mon.1@0(synchronizing sync( requester state chunks )) e1 waitlisting message auth(proto 0 30 bytes epoch 1) v1 -1523>
2013-04-28 16:36:36.237058 7faa421e8700 10 -- 10.227.227.101:6789/0 dispatch_throttle_release 60 to dispatch throttler 60/104857600 -1522>
2013-04-28 16:36:36.249474 7faa403d8700 10 -- 10.227.227.101:6789/0 >> 10.227.227.102:0/1030419 pipe(0x4844b00 sd=29 :6789 s=2 pgs=491 cs=1 l=1).writer: state = open policy.server=1 -1521>
2013-04-28 16:36:36.249555 7faa403d8700 10 -- 10.227.227.101:6789/0 >> 10.227.227.102:0/1030419 pipe(0x4844b00 sd=29 :6789 s=2 pgs=491 cs=1 l=1).write_ack 1 -1520>
2013-04-28 16:36:36.249574 7faa403d8700 10 -- 10.227.227.101:6789/0 >> 10.227.227.102:0/1030419 pipe(0x4844b00 sd=29 :6789 s=2 pgs=491 cs=1 l=1).writer: state = open policy.server=1 -1519>
2013-04-28 16:36:36.317512 7faa409de700 2 -- 10.227.227.101:6789/0 >> 10.227.227.103:6824/11960 pipe(0x4845c80 sd=31 :6789 s=2 pgs=393 cs=1 l=1).reader couldn't read tag, Success -1518>
2013-04-28 16:36:36.317556 7faa409de700 2 -- 10.227.227.101:6789/0 >> 10.227.227.103:6824/11960 pipe(0x4845c80 sd=31 :6789 s=2 pgs=393 cs=1 l=1).fault 0: Success -1517>
2013-04-28 16:36:36.317574 7faa409de700 10 -- 10.227.227.101:6789/0 >> 10.227.227.103:6824/11960 pipe(0x4845c80 sd=31 :6789 s=2 pgs=393 cs=1 l=1).fault on lossy channel, failing -1516>
2013-04-28 16:36:36.317580 7faa409de700 10 -- 10.227.227.101:6789/0 >> 10.227.227.103:6824/11960 pipe(0x4845c80 sd=31 :6789 s=2 pgs=393 cs=1 l=1).stop -1515>
2013-04-28 16:36:36.317589 7faa409de700 10 -- 10.227.227.101:6789/0 >> 10.227.227.103:6824/11960 pipe(0x4845c80 sd=31 :6789 s=4 pgs=393 cs=1 l=1).unregister_pipe -1514>
2013-04-28 16:36:36.317599 7faa409de700 10 -- 10.227.227.101:6789/0 >> 10.227.227.103:6824/11960 pipe(0x4845c80 sd=31 :6789 s=4 pgs=393 cs=1 l=1).discard_queue -1513>
2013-04-28 16:36:36.317615 7faa409de700 10 -- 10.227.227.101:6789/0 >> 10.227.227.103:6824/11960 pipe(0x4845c80 sd=31 :6789 s=4 pgs=393 cs=1 l=1).reader done -1512>
2013-04-28 16:36:36.317687 7faa3edc3700 10 -- 10.227.227.101:6789/0 queue_reap 0x4845c80 -1511>
2013-04-28 16:36:36.317705 7faa3edc3700 10 -- 10.227.227.101:6789/0 >> 10.227.227.103:6824/11960 pipe(0x4845c80 sd=31 :6789 s=4 pgs=393 cs=1 l=1).writer done -1510>
2013-04-28 16:36:36.317737 7faa431ea700 10 -- 10.227.227.101:6789/0 reaper -1509>
2013-04-28 16:36:36.317744 7faa431ea700 10 -- 10.227.227.101:6789/0 reaper reaping pipe 0x4845c80 10.227.227.103:6824/11960 -1508>
2013-04-28 16:36:36.317748 7faa431ea700 10 -- 10.227.227.101:6789/0 >> 10.227.227.103:6824/11960 pipe(0x4845c80 sd=31 :6789 s=4 pgs=393 cs=1 l=1).discard_queue -1507>
2013-04-28 16:36:36.317754 7faa431ea700 10 -- 10.227.227.101:6789/0 >> 10.227.227.103:6824/11960 pipe(0x4845c80 sd=31 :6789 s=4 pgs=393 cs=1 l=1).unregister_pipe - not registered -1506>
2013-04-28 16:36:36.317774 7faa431ea700 10 -- 10.227.227.101:6789/0 reaper reaped pipe 0x4845c80 10.227.227.103:6824/11960 -1505>
2013-04-28 16:36:36.317781 7faa431ea700 10 -- 10.227.227.101:6789/0 reaper deleted pipe 0x4845c80 -1504>
2013-04-28 16:36:36.317783 7faa431ea700 10 -- 10.227.227.101:6789/0 reaper done -1503>
2013-04-28 16:36:36.599218 7faa3facf700 2 -- 10.227.227.101:6789/0 >> 10.227.227.104:6800/9542 pipe(0x4845f00 sd=24 :6789 s=2 pgs=485 cs=1 l=1).reader couldn't read tag, Success -1502>
2013-04-28 16:36:36.599262 7faa3facf700 2 -- 10.227.227.101:6789/0 >> 10.227.227.104:6800/9542 pipe(0x4845f00 sd=24 :6789 s=2 pgs=485 cs=1 l=1).fault 0: Success -1501>
2013-04-28 16:36:36.599283 7faa3facf700 10 -- 10.227.227.101:6789/0 >> 10.227.227.104:6800/9542 pipe(0x4845f00 sd=24 :6789 s=2 pgs=485 cs=1 l=1).fault on lossy channel, failing -1500>
2013-04-28 16:36:36.599289 7faa3facf700 10 -- 10.227.227.101:6789/0 >> 10.227.227.104:6800/9542 pipe(0x4845f00 sd=24 :6789 s=2 pgs=485 cs=1 l=1).stop -1499>
2013-04-28 16:36:36.599298 7faa3facf700 10 -- 10.227.227.101:6789/0 >> 10.227.227.104:6800/9542 pipe(0x4845f00 sd=24 :6789 s=4 pgs=485 cs=1 l=1).unregister_pipe -1498>
2013-04-28 16:36:36.599308 7faa3facf700 10 -- 10.227.227.101:6789/0 >> 10.227.227.104:6800/9542 pipe(0x4845f00 sd=24 :6789 s=4 pgs=485 cs=1 l=1).discard_queue -1497>
2013-04-28 16:36:36.599324 7faa3facf700 10 -- 10.227.227.101:6789/0 >> 10.227.227.104:6800/9542 pipe(0x4845f00 sd=24 :6789 s=4 pgs=485 cs=1 l=1).reader done -1496>
2013-04-28 16:36:36.599391 7faa405da700 10 -- 10.227.227.101:6789/0 queue_reap 0x4845f00 -1495>
2013-04-28 16:36:36.599410 7faa405da700 10 -- 10.227.227.101:6789/0 >> 10.227.227.104:6800/9542 pipe(0x4845f00 sd=24 :6789 s=4 pgs=485 cs=1 l=1).writer done -1494>
2013-04-28 16:36:36.599448 7faa431ea700 10 -- 10.227.227.101:6789/0 reaper -1493>
2013-04-28 16:36:36.599455 7faa431ea700 10 -- 10.227.227.101:6789/0 reaper reaping pipe 0x4845f00 10.227.227.104:6800/9542 -1492>
2013-04-28 16:36:36.599459 7faa431ea700 10 -- 10.227.227.101:6789/0 >> 10.227.227.104:6800/9542 pipe(0x4845f00 sd=24 :6789 s=4 pgs=485 cs=1 l=1).discard_queue -1491>
