2013-04-28 16:36:07.134945 7faa404d9700 10 -- 10.227.227.101:6789/0 >> 10.227.227.104:0/1012039 pipe(0x4842a80 sd=34 :6789 s=2 pgs=982 cs=1 l=1).reader wants 60 from dispatch throttler 787/104857600
2013-04-28 16:36:07.134957 7faa404d9700 10 -- 10.227.227.101:6789/0 >> 10.227.227.104:0/1012039 pipe(0x4842a80 sd=34 :6789 s=2 pgs=982 cs=1 l=1).aborted = 0
2013-04-28 16:36:07.134968 7faa404d9700 10 -- 10.227.227.101:6789/0 >> 10.227.227.104:0/1012039 pipe(0x4842a80 sd=34 :6789 s=2 pgs=982 cs=1 l=1).reader got message 1 0x2daaac0 auth(proto 0 30 bytes epoch 1) v1
2013-04-28 16:36:07.135010 7faa3fed3700 10 -- 10.227.227.101:6789/0 >> 10.227.227.101:0/1852340383 pipe(0x4841180 sd=28 :6789 s=2 pgs=3481 cs=1 l=1).writer: state = open policy.server=1
2013-04-28 16:36:07.135037 7faa3fed3700 10 -- 10.227.227.101:6789/0 >> 10.227.227.101:0/1852340383 pipe(0x4841180 sd=28 :6789 s=2 pgs=3481 cs=1 l=1).write_ack 1
2013-04-28 16:36:07.135026 7faa402d7700 10 -- 10.227.227.101:6789/0 >> 10.227.227.104:0/2012039 pipe(0x4842580 sd=36 :6789 s=0 pgs=0 cs=0 l=0).accept peer addr is 10.227.227.104:0/2012039
2013-04-28 16:36:07.135029 7faa400d5700 10 -- 10.227.227.101:6789/0 >> 10.227.227.101:6812/13601 pipe(0x4841e00 sd=30 :6789 s=2 pgs=299 cs=1 l=1).writer: state = open policy.server=1
2013-04-28 16:36:07.135050 7faa3fed3700 10 -- 10.227.227.101:6789/0 >> 10.227.227.101:0/1852340383 pipe(0x4841180 sd=28 :6789 s=2 pgs=3481 cs=1 l=1).writer: state = open policy.server=1
2013-04-28 16:36:07.135050 7faa400d5700 10 -- 10.227.227.101:6789/0 >> 10.227.227.101:6812/13601 pipe(0x4841e00 sd=30 :6789 s=2 pgs=299 cs=1 l=1).write_ack 1
2013-04-28 16:36:07.135054 7faa402d7700 10 -- 10.227.227.101:6789/0 >> 10.227.227.104:0/2012039 pipe(0x4842580 sd=36 :6789 s=0 pgs=0 cs=0 l=1).accept of host_type 8, policy.lossy=1
2013-04-28 16:36:07.135063 7faa402d7700 10 -- 10.227.227.101:6789/0 >> 10.227.227.104:0/2012039 pipe(0x4842580 sd=36 :6789 s=0 pgs=0 cs=0 l=1).accept my proto 15, their proto 15
2013-04-28 16:36:07.135062 7faa400d5700 10 -- 10.227.227.101:6789/0 >> 10.227.227.101:6812/13601 pipe(0x4841e00 sd=30 :6789 s=2 pgs=299 cs=1 l=1).writer: state = open policy.server=1
2013-04-28 16:36:07.135069 7faa402d7700 10 -- 10.227.227.101:6789/0 >> 10.227.227.104:0/2012039 pipe(0x4842580 sd=36 :6789 s=0 pgs=0 cs=0 l=1).accept: setting up session_security.
2013-04-28 16:36:07.135074 7faa402d7700 10 -- 10.227.227.101:6789/0 >> 10.227.227.104:0/2012039 pipe(0x4842580 sd=36 :6789 s=0 pgs=0 cs=0 l=1).accept new session
2013-04-28 16:36:07.135079 7faa402d7700 10 -- 10.227.227.101:6789/0 >> 10.227.227.104:0/2012039 pipe(0x4842580 sd=36 :6789 s=2 pgs=1220 cs=1 l=1).accept success, connect_seq = 1, sending READY
2013-04-28 16:36:07.135084 7faa402d7700 10 -- 10.227.227.101:6789/0 >> 10.227.227.104:0/2012039 pipe(0x4842580 sd=36 :6789 s=2 pgs=1220 cs=1 l=1).accept features 18446744073709551615
2013-04-28 16:36:07.135093 7faa402d7700 10 -- 10.227.227.101:6789/0 >> 10.227.227.104:0/2012039 pipe(0x4842580 sd=36 :6789 s=2 pgs=1220 cs=1 l=1).register_pipe
2013-04-28 16:36:07.135127 7faa402d7700 10 -- 10.227.227.101:6789/0 >> 10.227.227.104:0/2012039 pipe(0x4842580 sd=36 :6789 s=2 pgs=1220 cs=1 l=1).discard_requeued_up_to 0
2013-04-28 16:36:07.135148 7faa402d7700 10 -- 10.227.227.101:6789/0 >> 10.227.227.104:0/2012039 pipe(0x4842580 sd=36 :6789 s=2 pgs=1220 cs=1 l=1).accept starting writer, state open
2013-04-28 16:36:07.135214 7faa401d6700 10 -- 10.227.227.101:6789/0 >> 10.227.227.103:6821/11857 pipe(0x4842300 sd=37 :6789 s=0 pgs=0 cs=0 l=0).accept peer addr is 10.227.227.103:6821/11857
2013-04-28 16:36:07.135229 7faa401d6700 10 -- 10.227.227.101:6789/0 >> 10.227.227.103:6821/11857 pipe(0x4842300 sd=37 :6789 s=0 pgs=0 cs=0 l=1).accept of host_type 4, policy.lossy=1
2013-04-28 16:36:07.135235 7faa401d6700 10 -- 10.227.227.101:6789/0 >> 10.227.227.103:6821/11857 pipe(0x4842300 sd=37 :6789 s=0 pgs=0 cs=0 l=1).accept my proto 15, their proto 15
2013-04-28 16:36:07.135240 7faa401d6700 10 -- 10.227.227.101:6789/0 >> 10.227.227.103:6821/11857 pipe(0x4842300 sd=37 :6789 s=0 pgs=0 cs=0 l=1).accept: setting up session_security.
2013-04-28 16:36:07.135244 7faa401d6700 10 -- 10.227.227.101:6789/0 >> 10.227.227.103:6821/11857 pipe(0x4842300 sd=37 :6789 s=0 pgs=0 cs=0 l=1).accept new session
2013-04-28 16:36:07.135249 7faa401d6700 10 -- 10.227.227.101:6789/0 >> 10.227.227.103:6821/11857 pipe(0x4842300 sd=37 :6789 s=2 pgs=384 cs=1 l=1).accept success, connect_seq = 1, sending READY
2013-04-28 16:36:07.135253 7faa401d6700 10 -- 10.227.227.101:6789/0 >> 10.227.227.103:6821/11857 pipe(0x4842300 sd=37 :6789 s=2 pgs=384 cs=1 l=1).accept features 18446744073709551615
2013-04-28 16:36:07.135259 7faa401d6700 10 -- 10.227.227.101:6789/0 >> 10.227.227.103:6821/11857 pipe(0x4842300 sd=37 :6789 s=2 pgs=384 cs=1 l=1).register_pipe
2013-04-28 16:36:07.135276 7faa401d6700 10 -- 10.227.227.101:6789/0 >> 10.227.227.103:6821/11857 pipe(0x4842300 sd=37 :6789 s=2 pgs=384 cs=1 l=1).discard_requeued_up_to 0
2013-04-28 16:36:07.135294 7faa401d6700 10 -- 10.227.227.101:6789/0 >> 10.227.227.103:6821/11857 pipe(0x4842300 sd=37 :6789 s=2 pgs=384 cs=1 l=1).accept starting writer, state open
2013-04-28 16:36:07.135809 7faa3fdd2700 10 -- 10.227.227.101:6789/0 >> 10.227.227.104:0/3012039 pipe(0x4842800 sd=35 :6789 s=2 pgs=958 cs=1 l=1).writer: state = open policy.server=1
2013-04-28 16:36:07.135840 7faa3fdd2700 10 -- 10.227.227.101:6789/0 >> 10.227.227.104:0/3012039 pipe(0x4842800 sd=35 :6789 s=2 pgs=958 cs=1 l=1).write_ack 1
2013-04-28 16:36:07.135853 7faa3fdd2700 10 -- 10.227.227.101:6789/0 >> 10.227.227.104:0/3012039 pipe(0x4842800 sd=35 :6789 s=2 pgs=958 cs=1 l=1).writer: state = open policy.server=1
2013-04-28 16:36:07.135859 7faa402d7700 10 -- 10.227.227.101:6789/0 >> 10.227.227.104:0/2012039 pipe(0x4842580 sd=36 :6789 s=2 pgs=1220 cs=1 l=1).reader wants 60 bytes from policy throttler 420/104857600
2013-04-28 16:36:07.135877 7faa402d7700 10 -- 10.227.227.101:6789/0 >> 10.227.227.104:0/2012039 pipe(0x4842580 sd=36 :6789 s=2 pgs=1220 cs=1 l=1).reader wants 60 from dispatch throttler 847/104857600
2013-04-28 16:36:07.135889 7faa402d7700 10 -- 10.227.227.101:6789/0 >> 10.227.227.104:0/2012039 pipe(0x4842580 sd=36 :6789 s=2 pgs=1220 cs=1 l=1).aborted = 0
2013-04-28 16:36:07.135901 7faa402d7700 10 -- 10.227.227.101:6789/0 >> 10.227.227.104:0/2012039 pipe(0x4842580 sd=36 :6789 s=2 pgs=1220 cs=1 l=1).reader got message 1 0x2daad00 auth(proto 0 30 bytes epoch 1) v1
2013-04-28 16:36:07.135921 7faa401d6700 10 -- 10.227.227.101:6789/0 >> 10.227.227.103:6821/11857 pipe(0x4842300 sd=37 :6789 s=2 pgs=384 cs=1 l=1).reader wants 56 bytes from policy throttler 224/419430400
2013-04-28 16:36:07.135928 7faa401d6700 10 -- 10.227.227.101:6789/0 >> 10.227.227.103:6821/11857 pipe(0x4842300 sd=37 :6789 s=2 pgs=384 cs=1 l=1).reader wants 56 from dispatch throttler 907/104857600
2013-04-28 16:36:07.135937 7faa401d6700 10 -- 10.227.227.101:6789/0 >> 10.227.227.103:6821/11857 pipe(0x4842300 sd=37 :6789 s=2 pgs=384 cs=1 l=1).aborted = 0
2013-04-28 16:36:07.135931 7faa406db700 10 -- 10.227.227.101:6789/0 >> 10.227.227.103:0/1030444 pipe(0x4840a00 sd=26 :6789 s=2 pgs=993 cs=1 l=1).writer: state = open policy.server=1
2013-04-28 16:36:07.136023 7faa406db700 10 -- 10.227.227.101:6789/0 >> 10.227.227.103:0/1030444 pipe(0x4840a00 sd=26 :6789 s=2 pgs=993 cs=1 l=1).write_ack 1
2013-04-28 16:36:07.135954 7faa401d6700 10 -- 10.227.227.101:6789/0 >> 10.227.227.103:6821/11857 pipe(0x4842300 sd=37 :6789 s=2 pgs=384 cs=1 l=1).reader got message 1 0x2daaf40 auth(proto 0 26 bytes epoch 1) v1
2013-04-28 16:36:07.136037 7faa406db700 10 -- 10.227.227.101:6789/0 >> 10.227.227.103:0/1030444 pipe(0x4840a00 sd=26 :6789 s=2 pgs=993 cs=1 l=1).writer: state = open policy.server=1
2013-04-28 16:36:07.136233 7faa3ffd4700 10 -- 10.227.227.101:6789/0 >> 10.227.227.103:6817/11764 pipe(0x4840780 sd=24 :6789 s=2 pgs=389 cs=1 l=1).writer: state = open policy.server=1
2013-04-28 16:36:07.136254 7faa3ffd4700 10 -- 10.227.227.101:6789/0 >> 10.227.227.103:6817/11764 pipe(0x4840780 sd=24 :6789 s=2 pgs=389 cs=1 l=1).write_ack 1
2013-04-28 16:36:07.136267 7faa3ffd4700 10 -- 10.227.227.101:6789/0 >> 10.227.227.103:6817/11764 pipe(0x4840780 sd=24 :6789 s=2 pgs=389 cs=1 l=1).writer: state = open policy.server=1
2013-04-28 16:36:07.135945 7faa3facf700 10 -- 10.227.227.101:6789/0 >> 10.227.227.103:0/1025178 pipe(0x4841b80 sd=31 :6789 s=2 pgs=1474 cs=1 l=1).writer: state = open policy.server=1
2013-04-28 16:36:07.137030 7faa3facf700 10 -- 10.227.227.101:6789/0 >> 10.227.227.103:0/1025178 pipe(0x4841b80 sd=31 :6789 s=2 pgs=1474 cs=1 l=1).write_ack 1
2013-04-28 16:36:07.137042 7faa3facf700 10 -- 10.227.227.101:6789/0 >> 10.227.227.103:0/1025178 pipe(0x4841b80 sd=31 :6789 s=2 pgs=1474 cs=1 l=1).writer: state = open policy.server=1
2013-04-28 16:36:07.137956 7faa3fcd1700 10 -- 10.227.227.101:6789/0 >> 10.227.227.101:0/1249473330 pipe(0x4841400 sd=27 :6789 s=2 pgs=284 cs=1 l=1).writer: state = open policy.server=1
2013-04-28 16:36:07.137987 7faa3fcd1700 10 -- 10.227.227.101:6789/0 >> 10.227.227.101:0/1249473330 pipe(0x4841400 sd=27 :6789 s=2 pgs=284 cs=1 l=1).write_ack 1
2013-04-28 16:36:07.137999 7faa3fcd1700 10 -- 10.227.227.101:6789/0 >> 10.227.227.101:0/1249473330 pipe(0x4841400 sd=27 :6789 s=2 pgs=284 cs=1 l=1).writer: state = open policy.server=1
2013-04-28 16:36:07.137957 7faa3f6cb700 10 -- 10.227.227.101:6789/0 >> 10.227.227.104:0/1012039 pipe(0x4842a80 sd=34 :6789 s=2 pgs=982 cs=1 l=1).writer: state = open policy.server=1
2013-04-28 16:36:07.138032 7faa3f6cb700 10 -- 10.227.227.101:6789/0 >> 10.227.227.104:0/1012039 pipe(0x4842a80 sd=34 :6789 s=2 pgs=982 cs=1 l=1).write_ack 1
2013-04-28 16:36:07.138043 7faa3f6cb700 10 -- 10.227.227.101:6789/0 >> 10.227.227.104:0/1012039 pipe(0x4842a80 sd=34 :6789 s=2 pgs=982 cs=1 l=1).writer: state = open policy.server=1
2013-04-28 16:36:07.138860 7faa3f9ce700 10 -- 10.227.227.101:6789/0 >> 10.227.227.101:6806/13433 pipe(0x4840f00 sd=29 :6789 s=2 pgs=289 cs=1 l=1).writer: state = open policy.server=1
2013-04-28 16:36:07.138889 7faa3f9ce700 10 -- 10.227.227.101:6789/0 >> 10.227.227.101:6806/13433 pipe(0x4840f00 sd=29 :6789 s=2 pgs=289 cs=1 l=1).write_ack 1
2013-04-28 16:36:07.138900 7faa3f9ce700 10 -- 10.227.227.101:6789/0 >> 10.227.227.101:6806/13433 pipe(0x4840f00 sd=29 :6789 s=2 pgs=289 cs=1 l=1).writer: state = open policy.server=1
2013-04-28 16:36:07.140272 7faa3f5ca700 10 -- 10.227.227.101:6789/0 >> 10.227.227.104:0/2012039 pipe(0x4842580 sd=36 :6789 s=2 pgs=1220 cs=1 l=1).writer: state = open policy.server=1
2013-04-28 16:36:07.140394 7faa3f5ca700 10 -- 10.227.227.101:6789/0 >> 10.227.227.104:0/2012039 pipe(0x4842580 sd=36 :6789 s=2 pgs=1220 cs=1 l=1).write_ack 1
2013-04-28 16:36:07.140461 7faa3f5ca700 10 -- 10.227.227.101:6789/0 >> 10.227.227.104:0/2012039 pipe(0x4842580 sd=36 :6789 s=2 pgs=1220 cs=1 l=1).writer: state = open policy.server=1
2013-04-28 16:36:07.141141 7faa3f4c9700 10 -- 10.227.227.101:6789/0 >> 10.227.227.103:6821/11857 pipe(0x4842300 sd=37 :6789 s=2 pgs=384 cs=1 l=1).writer: state = open policy.server=1
2013-04-28 16:36:07.141167 7faa3f4c9700 10 -- 10.227.227.101:6789/0 >> 10.227.227.103:6821/11857 pipe(0x4842300 sd=37 :6789 s=2 pgs=384 cs=1 l=1).write_ack 1
2013-04-28 16:36:07.141179 7faa3f4c9700 10 -- 10.227.227.101:6789/0 >> 10.227.227.103:6821/11857 pipe(0x4842300 sd=37 :6789 s=2 pgs=384 cs=1 l=1).writer: state = open policy.server=1
2013-04-28 16:36:07.158406 7faa3f8cd700 10 -- 10.227.227.101:6789/0 >> 10.227.227.103:0/2030444 pipe(0x4840c80 sd=25 :6789 s=2 pgs=1643 cs=1 l=1).writer: state = open policy.server=1
2013-04-28 16:36:07.158621 7faa3f8cd700 10 -- 10.227.227.101:6789/0 >> 10.227.227.103:0/2030444 pipe(0x4840c80 sd=25 :6789 s=2 pgs=1643 cs=1 l=1).write_ack 1
2013-04-28 16:36:07.158636 7faa3f8cd700 10 -- 10.227.227.101:6789/0 >> 10.227.227.103:0/2030444 pipe(0x4840c80 sd=25 :6789 s=2 pgs=1643 cs=1 l=1).writer: state = open policy.server=1
2013-04-28 16:36:07.251772 7faa419e7700 10 accepter.pfd.revents=1
2013-04-28 16:36:07.251801 7faa419e7700 10 accepter.accepted incoming on sd 32
2013-04-28 16:36:07.252765 7faa3f3c8700 10 -- 10.227.227.101:6789/0 >> :/0 pipe(0x4843700 sd=32 :0 s=0 pgs=0 cs=0 l=0).accept
2013-04-28 16:36:07.253371 7faa3f3c8700 1 -- 10.227.227.101:6789/0 >> :/0 pipe(0x4843700 sd=32 :6789 s=0 pgs=0 cs=0 l=0).accept sd=32 10.227.227.104:56384/0
2013-04-28 16:36:07.253598 7faa3f3c8700 10 -- 10.227.227.101:6789/0 >> 10.227.227.104:6813/9807 pipe(0x4843700 sd=32 :6789 s=0 pgs=0 cs=0 l=0).accept peer addr is 10.227.227.104:6813/9807
2013-04-28 16:36:07.253818 7faa3f3c8700 10 -- 10.227.227.101:6789/0 >> 10.227.227.104:6813/9807 pipe(0x4843700 sd=32 :6789 s=0 pgs=0 cs=0 l=1).accept of host_type 4, policy.lossy=1
2013-04-28 16:36:07.253923 7faa3f3c8700 10 -- 10.227.227.101:6789/0 >> 10.227.227.104:6813/9807 pipe(0x4843700 sd=32 :6789 s=0 pgs=0 cs=0 l=1).accept my proto 15, their proto 15
2013-04-28 16:36:07.254185 7faa3f3c8700 10 -- 10.227.227.101:6789/0 >> 10.227.227.104:6813/9807 pipe(0x4843700 sd=32 :6789 s=0 pgs=0 cs=0 l=1).accept: setting up session_security.
2013-04-28 16:36:07.254297 7faa3f3c8700 10 -- 10.227.227.101:6789/0 >> 10.227.227.104:6813/9807 pipe(0x4843700 sd=32 :6789 s=0 pgs=0 cs=0 l=1).accept new session
2013-04-28 16:36:07.254592 7faa3f3c8700 10 -- 10.227.227.101:6789/0 >> 10.227.227.104:6813/9807 pipe(0x4843700 sd=32 :6789 s=2 pgs=396 cs=1 l=1).accept success, connect_seq = 1, sending READY
2013-04-28 16:36:07.254631 7faa3f3c8700 10 -- 10.227.227.101:6789/0 >> 10.227.227.104:6813/9807 pipe(0x4843700 sd=32 :6789 s=2 pgs=396 cs=1 l=1).accept features 18446744073709551615
2013-04-28 16:36:07.254664 7faa3f3c8700 10 -- 10.227.227.101:6789/0 >> 10.227.227.104:6813/9807 pipe(0x4843700 sd=32 :6789 s=2 pgs=396 cs=1 l=1).register_pipe
2013-04-28 16:36:07.254709 7faa3f3c8700 10 -- 10.227.227.101:6789/0 >> 10.227.227.104:6813/9807 pipe(0x4843700 sd=32 :6789 s=2 pgs=396 cs=1 l=1).discard_requeued_up_to 0
2013-04-28 16:36:07.254969 7faa3f3c8700 10 -- 10.227.227.101:6789/0 >> 10.227.227.104:6813/9807 pipe(0x4843700 sd=32 :6789 s=2 pgs=396 cs=1 l=1).accept starting writer, state open
2013-04-28 16:36:07.255841 7faa3f3c8700 10 -- 10.227.227.101:6789/0 >> 10.227.227.104:6813/9807 pipe(0x4843700 sd=32 :6789 s=2 pgs=396 cs=1 l=1).reader wants 56 bytes from policy throttler 280/419430400
2013-04-28 16:36:07.256182 7faa3f3c8700 10 -- 10.227.227.101:6789/0 >> 10.227.227.104:6813/9807 pipe(0x4843700 sd=32 :6789 s=2 pgs=396 cs=1 l=1).reader wants 56 from dispatch throttler 963/104857600
2013-04-28 16:36:07.256260 7faa3f3c8700 10 -- 10.227.227.101:6789/0 >> 10.227.227.104:6813/9807 pipe(0x4843700 sd=32 :6789 s=2 pgs=396 cs=1 l=1).aborted = 0
2013-04-28 16:36:07.256309 7faa3f3c8700 10 -- 10.227.227.101:6789/0 >> 10.227.227.104:6813/9807 pipe(0x4843700 sd=32 :6789 s=2 pgs=396 cs=1 l=1).reader got message 1 0x2dab180 auth(proto 0 26 bytes epoch 1) v1
2013-04-28 16:36:07.265015 7faa3f2c7700 10 -- 10.227.227.101:6789/0 >> 10.227.227.104:6813/9807 pipe(0x4843700 sd=32 :6789 s=2 pgs=396 cs=1 l=1).writer: state = open policy.server=1
2013-04-28 16:36:07.265118 7faa3f2c7700 10 -- 10.227.227.101:6789/0 >> 10.227.227.104:6813/9807 pipe(0x4843700 sd=32 :6789 s=2 pgs=396 cs=1 l=1).write_ack 1
2013-04-28 16:36:07.265157 7faa3f2c7700 10 -- 10.227.227.101:6789/0 >> 10.227.227.104:6813/9807 pipe(0x4843700 sd=32 :6789 s=2 pgs=396 cs=1 l=1).writer: state = open policy.server=1
2013-04-28 16:36:07.309451 7faa40de2700 2 -- 10.227.227.101:6789/0 >> 10.227.227.103:0/2030444 pipe(0x4840c80 sd=25 :6789 s=2 pgs=1643 cs=1 l=1).reader couldn't read tag, Success
2013-04-28 16:36:07.309528 7faa40de2700 2 -- 10.227.227.101:6789/0 >> 10.227.227.103:0/2030444 pipe(0x4840c80 sd=25 :6789 s=2 pgs=1643 cs=1 l=1).fault 0: Success
2013-04-28 16:36:07.309543 7faa40de2700 10 -- 10.227.227.101:6789/0 >> 10.227.227.103:0/2030444 pipe(0x4840c80 sd=25 :6789 s=2 pgs=1643 cs=1 l=1).fault on lossy channel, failing
2013-04-28 16:36:07.309549 7faa40de2700 10 -- 10.227.227.101:6789/0 >> 10.227.227.103:0/2030444 pipe(0x4840c80 sd=25 :6789 s=2 pgs=1643 cs=1 l=1).stop
2013-04-28 16:36:07.309559 7faa40de2700 10 -- 10.227.227.101:6789/0 >> 10.227.227.103:0/2030444 pipe(0x4840c80 sd=25 :6789 s=4 pgs=1643 cs=1 l=1).unregister_pipe
2013-04-28 16:36:07.309571 7faa40de2700 10 -- 10.227.227.101:6789/0 dispatch_throttle_release 60 to dispatch throttler 1019/104857600
2013-04-28 16:36:07.309589 7faa40de2700 10 -- 10.227.227.101:6789/0 >> 10.227.227.103:0/2030444 pipe(0x4840c80 sd=25 :6789 s=4 pgs=1643 cs=1 l=1).discard_queue
2013-04-28 16:36:07.309599 7faa40de2700 10 -- 10.227.227.101:6789/0 >> 10.227.227.103:0/2030444 pipe(0x4840c80 sd=25 :6789 s=4 pgs=1643 cs=1 l=1).reader done
2013-04-28 16:36:07.309605 7faa3f8cd700 10 -- 10.227.227.101:6789/0 queue_reap 0x4840c80
2013-04-28 16:36:07.309624 7faa3f8cd700 10 -- 10.227.227.101:6789/0 >> 10.227.227.103:0/2030444 pipe(0x4840c80 sd=25 :6789 s=4 pgs=1643 cs=1 l=1).writer done
2013-04-28 16:36:07.309633 7faa431ea700 10 -- 10.227.227.101:6789/0 reaper
2013-04-28 16:36:07.309652 7faa431ea700 10 -- 10.227.227.101:6789/0 reaper reaping pipe 0x4840c80 10.227.227.103:0/2030444
2013-04-28 16:36:07.309658 7faa431ea700 10 -- 10.227.227.101:6789/0 >> 10.227.227.103:0/2030444 pipe(0x4840c80 sd=25 :6789 s=4 pgs=1643 cs=1 l=1).discard_queue
2013-04-28 16:36:07.309670 7faa431ea700 10 -- 10.227.227.101:6789/0 >> 10.227.227.103:0/2030444 pipe(0x4840c80 sd=25 :6789 s=4 pgs=1643 cs=1 l=1).unregister_pipe - not registered
2013-04-28 16:36:07.309695 7faa431ea700 10 -- 10.227.227.101:6789/0 reaper reaped pipe 0x4840c80 10.227.227.103:0/2030444
2013-04-28 16:36:07.309704 7faa431ea700 10 -- 10.227.227.101:6789/0 reaper deleted pipe 0x4840c80
2013-04-28 16:36:07.309706 7faa431ea700 10 -- 10.227.227.101:6789/0 reaper done
2013-04-28 16:36:07.322490 7faa40ce1700 2 -- 10.227.227.101:6789/0 >> 10.227.227.103:0/1030444 pipe(0x4840a00 sd=26 :6789 s=2 pgs=993 cs=1 l=1).reader couldn't read tag, Success
2013-04-28 16:36:07.322534 7faa40ce1700 2 -- 10.227.227.101:6789/0 >> 10.227.227.103:0/1030444 pipe(0x4840a00 sd=26 :6789 s=2 pgs=993 cs=1 l=1).fault 0: Success
2013-04-28 16:36:07.322560 7faa40ce1700 10 -- 10.227.227.101:6789/0 >> 10.227.227.103:0/1030444 pipe(0x4840a00 sd=26 :6789 s=2 pgs=993 cs=1 l=1).fault on lossy channel, failing
2013-04-28 16:36:07.322566 7faa40ce1700 10 -- 10.227.227.101:6789/0 >> 10.227.227.103:0/1030444 pipe(0x4840a00 sd=26 :6789 s=2 pgs=993 cs=1 l=1).stop
2013-04-28 16:36:07.322575 7faa40ce1700 10 -- 10.227.227.101:6789/0 >> 10.227.227.103:0/1030444 pipe(0x4840a00 sd=26 :6789 s=4 pgs=993 cs=1 l=1).unregister_pipe
2013-04-28 16:36:07.322586 7faa40ce1700 10 -- 10.227.227.101:6789/0 >> 10.227.227.103:0/1030444 pipe(0x4840a00 sd=26 :6789 s=4 pgs=993 cs=1 l=1).discard_queue
2013-04-28 16:36:07.322596 7faa40ce1700 10 -- 10.227.227.101:6789/0 >> 10.227.227.103:0/1030444 pipe(0x4840a00 sd=26 :6789 s=4 pgs=993 cs=1 l=1).reader done
2013-04-28 16:36:07.322649 7faa406db700 10 -- 10.227.227.101:6789/0 queue_reap 0x4840a00
2013-04-28 16:36:07.322661 7faa406db700 10 -- 10.227.227.101:6789/0 >> 10.227.227.103:0/1030444 pipe(0x4840a00 sd=26 :6789 s=4 pgs=993 cs=1 l=1).writer done
2013-04-28 16:36:07.322683 7faa431ea700 10 -- 10.227.227.101:6789/0 reaper
2013-04-28 16:36:07.322692 7faa431ea700 10 -- 10.227.227.101:6789/0 reaper reaping pipe 0x4840a00 10.227.227.103:0/1030444
2013-04-28 16:36:07.322697 7faa431ea700 10 -- 10.227.227.101:6789/0 >> 10.227.227.103:0/1030444 pipe(0x4840a00 sd=26 :6789 s=4 pgs=993 cs=1 l=1).discard_queue
2013-04-28 16:36:07.322702 7faa431ea700 10 -- 10.227.227.101:6789/0 >> 10.227.227.103:0/1030444 pipe(0x4840a00 sd=26 :6789 s=4 pgs=993 cs=1 l=1).unregister_pipe - not registered
2013-04-28 16:36:07.322727 7faa431ea700 10 -- 10.227.227.101:6789/0 reaper reaped pipe 0x4840a00 10.227.227.103:0/1030444
2013-04-28 16:36:07.322735 7faa431ea700 10 -- 10.227.227.101:6789/0 reaper deleted pipe 0x4840a00
2013-04-28 16:36:07.322738 7faa431ea700 10 -- 10.227.227.101:6789/0 reaper done
2013-04-28 16:36:07.345951 7faa3fbd0700 10 -- 10.227.227.101:6789/0 >> 10.227.227.104:6789/0 pipe(0x4840280 sd=22 :53224 s=2 pgs=4891 cs=1 l=0).reader got ack seq 1 >= 1 on 0x4f00000 mon_probe(probe 5eacb654-3204-4ca1-9b16-83bb0140e497 name 1) v4
2013-04-28 16:36:07.355533 7faa419e7700 10 accepter.pfd.revents=1
2013-04-28 16:36:07.355559 7faa419e7700 10 accepter.accepted incoming on sd 25
2013-04-28 16:36:07.368951 7faa40ce1700 10 -- 10.227.227.101:6789/0 >> :/0 pipe(0x4843480 sd=25 :0 s=0 pgs=0 cs=0 l=0).accept
2013-04-28 16:36:07.369037 7faa40ce1700 1 -- 10.227.227.101:6789/0 >> :/0 pipe(0x4843480 sd=25 :6789 s=0 pgs=0 cs=0 l=0).accept sd=25 10.227.227.103:34273/0
2013-04-28 16:36:07.369719 7faa40ce1700 10 -- 10.227.227.101:6789/0 >> 10.227.227.103:6827/12078 pipe(0x4843480 sd=25 :6789 s=0 pgs=0 cs=0 l=0).accept peer addr is 10.227.227.103:6827/12078
2013-04-28 16:36:07.369809 7faa40ce1700 10 -- 10.227.227.101:6789/0 >> 10.227.227.103:6827/12078 pipe(0x4843480 sd=25 :6789 s=0 pgs=0 cs=0 l=1).accept of host_type 4, policy.lossy=1
2013-04-28 16:36:07.371107 7faa40ce1700 10 -- 10.227.227.101:6789/0 >> 10.227.227.103:6827/12078 pipe(0x4843480 sd=25 :6789 s=0 pgs=0 cs=0 l=1).accept my proto 15, their proto 15
2013-04-28 16:36:07.371148 7faa40ce1700 10 -- 10.227.227.101:6789/0 >> 10.227.227.103:6827/12078 pipe(0x4843480 sd=25 :6789 s=0 pgs=0 cs=0 l=1).accept: setting up session_security.
2013-04-28 16:36:07.371215 7faa40ce1700 10 -- 10.227.227.101:6789/0 >> 10.227.227.103:6827/12078 pipe(0x4843480 sd=25 :6789 s=0 pgs=0 cs=0 l=1).accept new session
2013-04-28 16:36:07.371256 7faa40ce1700 10 -- 10.227.227.101:6789/0 >> 10.227.227.103:6827/12078 pipe(0x4843480 sd=25 :6789 s=2 pgs=398 cs=1 l=1).accept success, connect_seq = 1, sending READY
2013-04-28 16:36:07.371290 7faa40ce1700 10 -- 10.227.227.101:6789/0 >> 10.227.227.103:6827/12078 pipe(0x4843480 sd=25 :6789 s=2 pgs=398 cs=1 l=1).accept features 18446744073709551615
2013-04-28 16:36:07.371358 7faa40ce1700 10 -- 10.227.227.101:6789/0 >> 10.227.227.103:6827/12078 pipe(0x4843480 sd=25 :6789 s=2 pgs=398 cs=1 l=1).register_pipe
2013-04-28 16:36:07.371414 7faa40ce1700 10 -- 10.227.227.101:6789/0 >> 10.227.227.103:6827/12078 pipe(0x4843480 sd=25 :6789 s=2 pgs=398 cs=1 l=1).discard_requeued_up_to 0
2013-04-28 16:36:07.371451 7faa40ce1700 10 -- 10.227.227.101:6789/0 >> 10.227.227.103:6827/12078 pipe(0x4843480 sd=25 :6789 s=2 pgs=398 cs=1 l=1).accept starting writer, state open
2013-04-28 16:36:07.371723 7faa40ce1700 10 -- 10.227.227.101:6789/0 >> 10.227.227.103:6827/12078 pipe(0x4843480 sd=25 :6789 s=2 pgs=398 cs=1 l=1).reader wants 56 bytes from policy throttler 336/419430400
2013-04-28 16:36:07.371771 7faa40ce1700 10 -- 10.227.227.101:6789/0 >> 10.227.227.103:6827/12078 pipe(0x4843480 sd=25 :6789 s=2 pgs=398 cs=1 l=1).reader wants 56 from dispatch throttler 959/104857600
2013-04-28 16:36:07.371807 7faa40ce1700 10 -- 10.227.227.101:6789/0 >> 10.227.227.103:6827/12078 pipe(0x4843480 sd=25 :6789 s=2 pgs=398 cs=1 l=1).aborted = 0
2013-04-28 16:36:07.371890 7faa40ce1700 10 -- 10.227.227.101:6789/0 >> 10.227.227.103:6827/12078 pipe(0x4843480 sd=25 :6789 s=2 pgs=398 cs=1 l=1).reader got message 1 0x2daa880 auth(proto 0 26 bytes epoch 1) v1
2013-04-28 16:36:07.386450 7faa406db700 10 -- 10.227.227.101:6789/0 >> 10.227.227.103:6827/12078 pipe(0x4843480 sd=25 :6789 s=2 pgs=398 cs=1 l=1).writer: state = open policy.server=1
2013-04-28 16:36:07.386494 7faa406db700 10 -- 10.227.227.101:6789/0 >> 10.227.227.103:6827/12078 pipe(0x4843480 sd=25 :6789 s=2 pgs=398 cs=1 l=1).write_ack 1
2013-04-28 16:36:07.386510 7faa406db700 10 -- 10.227.227.101:6789/0 >> 10.227.227.103:6827/12078 pipe(0x4843480 sd=25 :6789 s=2 pgs=398 cs=1 l=1).writer: state = open policy.server=1
2013-04-28 16:36:07.440722 7faa40adf700 2 -- 10.227.227.101:6789/0 >> 10.227.227.101:0/1852340383 pipe(0x4841180 sd=28 :6789 s=2 pgs=3481 cs=1 l=1).reader couldn't read tag, Success
2013-04-28 16:36:07.440770 7faa40adf700 2 -- 10.227.227.101:6789/0 >> 10.227.227.101:0/1852340383 pipe(0x4841180 sd=28 :6789 s=2 pgs=3481 cs=1 l=1).fault 0: Success
2013-04-28 16:36:07.440806 7faa40adf700 10 -- 10.227.227.101:6789/0 >> 10.227.227.101:0/1852340383 pipe(0x4841180 sd=28 :6789 s=2 pgs=3481 cs=1 l=1).fault on lossy channel, failing
2013-04-28 16:36:07.440814 7faa40adf700 10 -- 10.227.227.101:6789/0 >> 10.227.227.101:0/1852340383 pipe(0x4841180 sd=28 :6789 s=2 pgs=3481 cs=1 l=1).stop
2013-04-28 16:36:07.440825 7faa40adf700 10 -- 10.227.227.101:6789/0 >> 10.227.227.101:0/1852340383 pipe(0x4841180 sd=28 :6789 s=4 pgs=3481 cs=1 l=1).unregister_pipe
2013-04-28 16:36:07.440834 7faa40adf700 10 -- 10.227.227.101:6789/0 >> 10.227.227.101:0/1852340383 pipe(0x4841180 sd=28 :6789 s=4 pgs=3481 cs=1 l=1).discard_queue
2013-04-28 16:36:07.440848 7faa40adf700 10 -- 10.227.227.101:6789/0 >> 10.227.227.101:0/1852340383 pipe(0x4841180 sd=28 :6789 s=4 pgs=3481 cs=1 l=1).reader done
2013-04-28 16:36:07.440854 7faa3fed3700 10 -- 10.227.227.101:6789/0 queue_reap 0x4841180
2013-04-28 16:36:07.440874 7faa3fed3700 10 -- 10.227.227.101:6789/0 >> 10.227.227.101:0/1852340383 pipe(0x4841180 sd=28 :6789 s=4 pgs=3481 cs=1 l=1).writer done
2013-04-28 16:36:07.440908 7faa431ea700 10 -- 10.227.227.101:6789/0 reaper
2013-04-28 16:36:07.440915 7faa431ea700 10 -- 10.227.227.101:6789/0 reaper reaping pipe 0x4841180 10.227.227.101:0/1852340383
2013-04-28 16:36:07.440920 7faa431ea700 10 -- 10.227.227.101:6789/0 >> 10.227.227.101:0/1852340383 pipe(0x4841180 sd=28 :6789 s=4 pgs=3481 cs=1 l=1).discard_queue
2013-04-28 16:36:07.440927 7faa431ea700 10 -- 10.227.227.101:6789/0 >> 10.227.227.101:0/1852340383 pipe(0x4841180 sd=28 :6789 s=4 pgs=3481 cs=1 l=1).unregister_pipe - not registered
2013-04-28 16:36:07.440948 7faa431ea700 10 -- 10.227.227.101:6789/0 reaper reaped pipe 0x4841180 10.227.227.101:0/1852340383
2013-04-28 16:36:07.440955 7faa431ea700 10 -- 10.227.227.101:6789/0 reaper deleted pipe 0x4841180
2013-04-28 16:36:07.440957 7faa431ea700 10 -- 10.227.227.101:6789/0 reaper done
2013-04-28 16:36:07.591569 7faa408dd700 2 -- 10.227.227.101:6789/0 >> 10.227.227.101:6812/13601 pipe(0x4841e00 sd=30 :6789 s=2 pgs=299 cs=1 l=1).reader couldn't read tag, Success
2013-04-28 16:36:07.591615 7faa408dd700 2 -- 10.227.227.101:6789/0 >> 10.227.227.101:6812/13601 pipe(0x4841e00 sd=30 :6789 s=2 pgs=299 cs=1 l=1).fault 0: Success
2013-04-28 16:36:07.591658 7faa408dd700 10 -- 10.227.227.101:6789/0 >> 10.227.227.101:6812/13601 pipe(0x4841e00 sd=30 :6789 s=2 pgs=299 cs=1 l=1).fault on lossy channel, failing
2013-04-28 16:36:07.591666 7faa408dd700 10 -- 10.227.227.101:6789/0 >> 10.227.227.101:6812/13601 pipe(0x4841e00 sd=30 :6789 s=2 pgs=299 cs=1 l=1).stop
2013-04-28 16:36:07.591674 7faa408dd700 10 -- 10.227.227.101:6789/0 >> 10.227.227.101:6812/13601 pipe(0x4841e00 sd=30 :6789 s=4 pgs=299 cs=1 l=1).unregister_pipe
2013-04-28 16:36:07.591686 7faa408dd700 10 -- 10.227.227.101:6789/0 dispatch_throttle_release 56 to dispatch throttler 1015/104857600
2013-04-28 16:36:07.591702 7faa408dd700 10 -- 10.227.227.101:6789/0 >> 10.227.227.101:6812/13601 pipe(0x4841e00 sd=30 :6789 s=4 pgs=299 cs=1 l=1).discard_queue
2013-04-28 16:36:07.591712 7faa408dd700 10 -- 10.227.227.101:6789/0 >> 10.227.227.101:6812/13601 pipe(0x4841e00 sd=30 :6789 s=4 pgs=299 cs=1 l=1).reader done
2013-04-28 16:36:07.591839 7faa400d5700 10 -- 10.227.227.101:6789/0 queue_reap 0x4841e00
2013-04-28 16:36:07.591853 7faa400d5700 10 -- 10.227.227.101:6789/0 >> 10.227.227.101:6812/13601 pipe(0x4841e00 sd=30 :6789 s=4 pgs=299 cs=1 l=1).writer done
2013-04-28 16:36:07.591858 7faa431ea700 10 -- 10.227.227.101:6789/0 reaper
2013-04-28 16:36:07.591872 7faa431ea700 10 -- 10.227.227.101:6789/0 reaper reaping pipe 0x4841e00 10.227.227.101:6812/13601
2013-04-28 16:36:07.591877 7faa431ea700 10 -- 10.227.227.101:6789/0 >> 10.227.227.101:6812/13601 pipe(0x4841e00 sd=30 :6789 s=4 pgs=299 cs=1 l=1).discard_queue
2013-04-28 16:36:07.591884 7faa431ea700 10 -- 10.227.227.101:6789/0 >> 10.227.227.101:6812/13601 pipe(0x4841e00 sd=30 :6789 s=4 pgs=299 cs=1 l=1).unregister_pipe - not registered
2013-04-28 16:36:07.591902 7faa431ea700 10 -- 10.227.227.101:6789/0 reaper reaped pipe 0x4841e00 10.227.227.101:6812/13601
2013-04-28 16:36:07.591909 7faa431ea700 10 -- 10.227.227.101:6789/0 reaper deleted pipe 0x4841e00
2013-04-28 16:36:07.591911 7faa431ea700 10 -- 10.227.227.101:6789/0 reaper done
2013-04-28 16:36:07.667126 7faa407dc700 2 -- 10.227.227.101:6789/0 >> 10.227.227.103:0/1025178 pipe(0x4841b80 sd=31 :6789 s=2 pgs=1474 cs=1 l=1).reader couldn't read tag, Success
2013-04-28 16:36:07.667188 7faa407dc700 2 -- 10.227.227.101:6789/0 >> 10.227.227.103:0/1025178 pipe(0x4841b80 sd=31 :6789 s=2 pgs=1474 cs=1 l=1).fault 0: Success
2013-04-28 16:36:07.667221 7faa407dc700 10 -- 10.227.227.101:6789/0 >> 10.227.227.103:0/1025178 pipe(0x4841b80 sd=31 :6789 s=2 pgs=1474 cs=1 l=1).fault on lossy channel, failing
2013-04-28 16:36:07.667227 7faa407dc700 10 -- 10.227.227.101:6789/0 >> 10.227.227.103:0/1025178 pipe(0x4841b80 sd=31 :6789 s=2 pgs=1474 cs=1 l=1).stop
2013-04-28 16:36:07.667238 7faa407dc700 10 -- 10.227.227.101:6789/0 >> 10.227.227.103:0/1025178 pipe(0x4841b80 sd=31 :6789 s=4 pgs=1474 cs=1 l=1).unregister_pipe
2013-04-28 16:36:07.667250 7faa407dc700 10 -- 10.227.227.101:6789/0 dispatch_throttle_release 60 to dispatch throttler 959/104857600
2013-04-28 16:36:07.667269 7faa407dc700 10 -- 10.227.227.101:6789/0 >> 10.227.227.103:0/1025178 pipe(0x4841b80 sd=31 :6789 s=4 pgs=1474 cs=1 l=1).discard_queue
2013-04-28 16:36:07.667280 7faa407dc700 10 -- 10.227.227.101:6789/0 >> 10.227.227.103:0/1025178 pipe(0x4841b80 sd=31 :6789 s=4 pgs=1474 cs=1 l=1).reader done
2013-04-28 16:36:07.667285 7faa3facf700 10 -- 10.227.227.101:6789/0 queue_reap 0x4841b80
2013-04-28 16:36:07.667305 7faa3facf700 10 -- 10.227.227.101:6789/0 >> 10.227.227.103:0/1025178 pipe(0x4841b80 sd=31 :6789 s=4 pgs=1474 cs=1 l=1).writer done
2013-04-28 16:36:07.667339 7faa431ea700 10 -- 10.227.227.101:6789/0 reaper
2013-04-28 16:36:07.667346 7faa431ea700 10 -- 10.227.227.101:6789/0 reaper reaping pipe 0x4841b80 10.227.227.103:0/1025178
2013-04-28 16:36:07.667349 7faa431ea700 10 -- 10.227.227.101:6789/0 >> 10.227.227.103:0/1025178 pipe(0x4841b80 sd=31 :6789 s=4 pgs=1474 cs=1 l=1).discard_queue
2013-04-28 16:36:07.667356 7faa431ea700 10 -- 10.227.227.101:6789/0 >> 10.227.227.103:0/1025178 pipe(0x4841b80 sd=31 :6789 s=4 pgs=1474 cs=1 l=1).unregister_pipe - not registered
2013-04-28 16:36:07.667379 7faa431ea700 10 -- 10.227.227.101:6789/0 reaper reaped pipe 0x4841b80 10.227.227.103:0/1025178
2013-04-28 16:36:07.667386 7faa431ea700 10 -- 10.227.227.101:6789/0 reaper deleted pipe 0x4841b80
2013-04-28 16:36:07.667389 7faa431ea700 10 -- 10.227.227.101:6789/0 reaper done
2013-04-28 16:36:07.786737 7faa405da700 2 -- 10.227.227.101:6789/0 >> 10.227.227.101:6801/13334 pipe(0x4841680 sd=33 :6789 s=2 pgs=293 cs=1 l=1).reader couldn't read tag, Success
2013-04-28 16:36:07.786787 7faa405da700 2 -- 10.227.227.101:6789/0 >> 10.227.227.101:6801/13334 pipe(0x4841680 sd=33 :6789 s=2 pgs=293 cs=1 l=1).fault 0: Success
2013-04-28 16:36:07.786829 7faa405da700 10 -- 10.227.227.101:6789/0 >> 10.227.227.101:6801/13334 pipe(0x4841680 sd=33 :6789 s=2 pgs=293 cs=1 l=1).fault on lossy channel, failing
2013-04-28 16:36:07.786836 7faa405da700 10 -- 10.227.227.101:6789/0 >> 10.227.227.101:6801/13334 pipe(0x4841680 sd=33 :6789 s=2 pgs=293 cs=1 l=1).stop
2013-04-28 16:36:07.786845 7faa405da700 10 -- 10.227.227.101:6789/0 >> 10.227.227.101:6801/13334 pipe(0x4841680 sd=33 :6789 s=4 pgs=293 cs=1 l=1).unregister_pipe
2013-04-28 16:36:07.786860 7faa405da700 10 -- 10.227.227.101:6789/0 dispatch_throttle_release 56 to dispatch throttler 899/104857600
2013-04-28 16:36:07.786876 7faa405da700 10 -- 10.227.227.101:6789/0 >> 10.227.227.101:6801/13334 pipe(0x4841680 sd=33 :6789 s=4 pgs=293 cs=1 l=1).discard_queue
2013-04-28 16:36:07.786885 7faa405da700 10 -- 10.227.227.101:6789/0 >> 10.227.227.101:6801/13334 pipe(0x4841680 sd=33 :6789 s=4 pgs=293 cs=1 l=1).reader done
2013-04-28 16:36:07.786976 7faa3f7cc700 10 -- 10.227.227.101:6789/0 queue_reap 0x4841680
2013-04-28 16:36:07.786990 7faa3f7cc700 10 -- 10.227.227.101:6789/0 >> 10.227.227.101:6801/13334 pipe(0x4841680 sd=33 :6789 s=4 pgs=293 cs=1 l=1).writer done
2013-04-28 16:36:07.786996 7faa431ea700 10 -- 10.227.227.101:6789/0 reaper
2013-04-28 16:36:07.787010 7faa431ea700 10 -- 10.227.227.101:6789/0 reaper reaping pipe 0x4841680 10.227.227.101:6801/13334
2013-04-28 16:36:07.787015 7faa431ea700 10 -- 10.227.227.101:6789/0 >> 10.227.227.101:6801/13334 pipe(0x4841680 sd=33 :6789 s=4 pgs=293 cs=1 l=1).discard_queue
2013-04-28 16:36:07.787023 7faa431ea700 10 -- 10.227.227.101:6789/0 >> 10.227.227.101:6801/13334 pipe(0x4841680 sd=33 :6789 s=4 pgs=293 cs=1 l=1).unregister_pipe - not registered
2013-04-28 16:36:07.787049 7faa431ea700 10 -- 10.227.227.101:6789/0 reaper reaped pipe 0x4841680 10.227.227.101:6801/13334
2013-04-28 16:36:07.787056 7faa431ea700 10 -- 10.227.227.101:6789/0 reaper deleted pipe 0x4841680
2013-04-28 16:36:07.787059 7faa431ea700 10 -- 10.227.227.101:6789/0 reaper done
2013-04-28 16:36:07.958005 7faa404d9700 2 -- 10.227.227.101:6789/0 >> 10.227.227.104:0/1012039 pipe(0x4842a80 sd=34 :6789 s=2 pgs=982 cs=1 l=1).reader couldn't read tag, Success
2013-04-28 16:36:07.958063 7faa404d9700 2 -- 10.227.227.101:6789/0 >> 10.227.227.104:0/1012039 pipe(0x4842a80 sd=34 :6789 s=2 pgs=982 cs=1 l=1).fault 0: Success
2013-04-28 16:36:07.958162 7faa404d9700 10 -- 10.227.227.101:6789/0 >> 10.227.227.104:0/1012039 pipe(0x4842a80 sd=34 :6789 s=2 pgs=982 cs=1 l=1).fault on lossy channel, failing
2013-04-28 16:36:07.958179 7faa404d9700 10 -- 10.227.227.101:6789/0 >> 10.227.227.104:0/1012039 pipe(0x4842a80 sd=34 :6789 s=2 pgs=982 cs=1 l=1).stop
2013-04-28 16:36:07.958190 7faa404d9700 10 -- 10.227.227.101:6789/0 >> 10.227.227.104:0/1012039 pipe(0x4842a80 sd=34 :6789 s=4 pgs=982 cs=1 l=1).unregister_pipe
2013-04-28 16:36:07.958203 7faa404d9700 10 -- 10.227.227.101:6789/0 dispatch_throttle_release 60 to dispatch throttler 843/104857600
2013-04-28 16:36:07.958222 7faa404d9700 10 -- 10.227.227.101:6789/0 >> 10.227.227.104:0/1012039 pipe(0x4842a80 sd=34 :6789 s=4 pgs=982 cs=1 l=1).discard_queue
2013-04-28 16:36:07.958256 7faa404d9700 10 -- 10.227.227.101:6789/0 >> 10.227.227.104:0/1012039 pipe(0x4842a80 sd=34 :6789 s=4 pgs=982 cs=1 l=1).reader done
2013-04-28 16:36:07.958262 7faa3f6cb700 10 -- 10.227.227.101:6789/0 queue_reap 0x4842a80
2013-04-28 16:36:07.958283 7faa3f6cb700 10 -- 10.227.227.101:6789/0 >> 10.227.227.104:0/1012039 pipe(0x4842a80 sd=34 :6789 s=4 pgs=982 cs=1 l=1).writer done
2013-04-28 16:36:07.958288 7faa431ea700 10 -- 10.227.227.101:6789/0 reaper
2013-04-28 16:36:07.958303 7faa431ea700 10 -- 10.227.227.101:6789/0 reaper reaping pipe 0x4842a80 10.227.227.104:0/1012039
2013-04-28 16:36:07.958308 7faa431ea700 10 -- 10.227.227.101:6789/0 >> 10.227.227.104:0/1012039 pipe(0x4842a80 sd=34 :6789 s=4 pgs=982 cs=1 l=1).discard_queue
2013-04-28 16:36:07.958316 7faa431ea700 10 -- 10.227.227.101:6789/0 >> 10.227.227.104:0/1012039 pipe(0x4842a80 sd=34 :6789 s=4 pgs=982 cs=1 l=1).unregister_pipe - not registered
2013-04-28 16:36:07.958577 7faa402d7700 2 -- 10.227.227.101:6789/0 >> 10.227.227.104:0/2012039 pipe(0x4842580 sd=36 :6789 s=2 pgs=1220 cs=1 l=1).reader couldn't read tag, Success
2013-04-28 16:36:07.958567 7faa403d8700 2 -- 10.227.227.101:6789/0 >> 10.227.227.104:0/3012039 pipe(0x4842800 sd=35 :6789 s=2 pgs=958 cs=1 l=1).reader couldn't read tag, Success
2013-04-28 16:36:07.958611 7faa402d7700 2 -- 10.227.227.101:6789/0 >> 10.227.227.104:0/2012039 pipe(0x4842580 sd=36 :6789 s=2 pgs=1220 cs=1 l=1).fault 0: Success
2013-04-28 16:36:07.958613 7faa403d8700 2 -- 10.227.227.101:6789/0 >> 10.227.227.104:0/3012039 pipe(0x4842800 sd=35 :6789 s=2 pgs=958 cs=1 l=1).fault 0: Success
2013-04-28 16:36:07.958642 7faa403d8700 10 -- 10.227.227.101:6789/0 >> 10.227.227.104:0/3012039 pipe(0x4842800 sd=35 :6789 s=2 pgs=958 cs=1 l=1).fault on lossy channel, failing
2013-04-28 16:36:07.958636 7faa402d7700 10 -- 10.227.227.101:6789/0 >> 10.227.227.104:0/2012039 pipe(0x4842580 sd=36 :6789 s=2 pgs=1220 cs=1 l=1).fault on lossy channel, failing
2013-04-28 16:36:07.958648 7faa403d8700 10 -- 10.227.227.101:6789/0 >> 10.227.227.104:0/3012039 pipe(0x4842800 sd=35 :6789 s=2 pgs=958 cs=1 l=1).stop
2013-04-28 16:36:07.958651 7faa402d7700 10 -- 10.227.227.101:6789/0 >> 10.227.227.104:0/2012039 pipe(0x4842580 sd=36 :6789 s=2 pgs=1220 cs=1 l=1).stop
2013-04-28 16:36:07.958660 7faa3fdd2700 10 -- 10.227.227.101:6789/0 >> 10.227.227.104:0/3012039 pipe(0x4842800 sd=35 :6789 s=4 pgs=958 cs=1 l=1).writer done
2013-04-28 16:36:07.958739 7faa3f5ca700 10 -- 10.227.227.101:6789/0 >> 10.227.227.104:0/2012039 pipe(0x4842580 sd=36 :6789 s=4 pgs=1220 cs=1 l=1).writer done
2013-04-28 16:36:07.958799 7faa431ea700 10 -- 10.227.227.101:6789/0 reaper reaped pipe 0x4842a80 10.227.227.104:0/1012039
2013-04-28 16:36:07.958810 7faa431ea700 10 -- 10.227.227.101:6789/0 reaper deleted pipe 0x4842a80
2013-04-28 16:36:07.958812 7faa431ea700 10 -- 10.227.227.101:6789/0 reaper done
2013-04-28 16:36:07.958826 7faa403d8700 10 -- 10.227.227.101:6789/0 >> 10.227.227.104:0/3012039 pipe(0x4842800 sd=35 :6789 s=4 pgs=958 cs=1 l=1).unregister_pipe
2013-04-28 16:36:07.958848 7faa403d8700 10 -- 10.227.227.101:6789/0 >> 10.227.227.104:0/3012039 pipe(0x4842800 sd=35 :6789 s=4 pgs=958 cs=1 l=1).discard_queue
2013-04-28 16:36:07.958859 7faa403d8700 10 -- 10.227.227.101:6789/0 queue_reap 0x4842800
2013-04-28 16:36:07.958865 7faa403d8700 10 -- 10.227.227.101:6789/0 >> 10.227.227.104:0/3012039 pipe(0x4842800 sd=35 :6789 s=4 pgs=958 cs=1 l=1).reader done
2013-04-28 16:36:07.958870 7faa431ea700 10 -- 10.227.227.101:6789/0 reaper
2013-04-28 16:36:07.958878 7faa431ea700 10 -- 10.227.227.101:6789/0 reaper reaping pipe 0x4842800 10.227.227.104:0/3012039
2013-04-28 16:36:07.958882 7faa431ea700 10 -- 10.227.227.101:6789/0 >> 10.227.227.104:0/3012039 pipe(0x4842800 sd=35 :6789 s=4 pgs=958 cs=1 l=1).discard_queue
2013-04-28 16:36:07.958889 7faa431ea700 10 -- 10.227.227.101:6789/0 >> 10.227.227.104:0/3012039 pipe(0x4842800 sd=35 :6789 s=4 pgs=958 cs=1 l=1).unregister_pipe - not registered
2013-04-28 16:36:07.958904 7faa431ea700 10 -- 10.227.227.101:6789/0 reaper reaped pipe 0x4842800 10.227.227.104:0/3012039
2013-04-28 16:36:07.958909 7faa431ea700 10 -- 10.227.227.101:6789/0 reaper deleted pipe 0x4842800
2013-04-28 16:36:07.958914 7faa431ea700 10 -- 10.227.227.101:6789/0 reaper done
2013-04-28 16:36:07.958925 7faa402d7700 10 -- 10.227.227.101:6789/0 >> 10.227.227.104:0/2012039 pipe(0x4842580 sd=36 :6789 s=4 pgs=1220 cs=1 l=1).unregister_pipe
2013-04-28 16:36:07.958940 7faa402d7700 10 -- 10.227.227.101:6789/0 dispatch_throttle_release 60 to dispatch throttler 783/104857600
2013-04-28 16:36:07.958951 7faa402d7700 10 -- 10.227.227.101:6789/0 >> 10.227.227.104:0/2012039 pipe(0x4842580 sd=36 :6789 s=4 pgs=1220 cs=1 l=1).discard_queue
2013-04-28 16:36:07.958960 7faa402d7700 10 -- 10.227.227.101:6789/0 queue_reap 0x4842580
2013-04-28 16:36:07.958965 7faa402d7700 10 -- 10.227.227.101:6789/0 >> 10.227.227.104:0/2012039 pipe(0x4842580 sd=36 :6789 s=4 pgs=1220 cs=1 l=1).reader done
2013-04-28 16:36:07.959035 7faa431ea700 10 -- 10.227.227.101:6789/0 reaper
2013-04-28 16:36:07.959044 7faa431ea700 10 -- 10.227.227.101:6789/0 reaper reaping pipe 0x4842580 10.227.227.104:0/2012039
2013-04-28 16:36:07.959048 7faa431ea700 10 -- 10.227.227.101:6789/0 >> 10.227.227.104:0/2012039 pipe(0x4842580 sd=36 :6789 s=4 pgs=1220 cs=1 l=1).discard_queue
2013-04-28 16:36:07.959055 7faa431ea700 10 -- 10.227.227.101:6789/0 >> 10.227.227.104:0/2012039 pipe(0x4842580 sd=36 :6789 s=4 pgs=1220 cs=1 l=1).unregister_pipe - not registered
2013-04-28 16:36:07.959068 7faa431ea700 10 -- 10.227.227.101:6789/0 reaper reaped pipe 0x4842580 10.227.227.104:0/2012039
2013-04-28 16:36:07.959075 7faa431ea700 10 -- 10.227.227.101:6789/0 reaper deleted pipe 0x4842580
2013-04-28 16:36:07.959077 7faa431ea700 10 -- 10.227.227.101:6789/0 reaper done
2013-04-28 16:36:08.226108 7faa421e8700 1 -- 10.227.227.101:6789/0 --> mon.1 10.227.227.103:6789/0 -- mon_sync( start ) v1 -- ?+0 0x2e002c0
2013-04-28 16:36:08.226168 7faa421e8700 10 -- 10.227.227.101:6789/0 dispatch_throttle_release 555 to dispatch throttler 723/104857600
2013-04-28 16:36:08.226172 7faa411e6700 10 -- 10.227.227.101:6789/0 >> 10.227.227.103:6789/0 pipe(0x4840500 sd=23 :47647 s=2 pgs=3827 cs=1 l=0).writer: state = open policy.server=0
2013-04-28 16:36:08.226210 7faa421e8700 1 -- 10.227.227.101:6789/0 <== osd.7 10.227.227.103:6821/11857 1 ==== auth(proto 0 26 bytes epoch 1) v1 ==== 56+0+0 (1178884451 0 0) 0x2daaf40 con 0x2de3b20
2013-04-28 16:36:08.226232 7faa421e8700 10 -- 10.227.227.101:6789/0 dispatch_throttle_release 56 to dispatch throttler 168/104857600
2013-04-28 16:36:08.226237 7faa421e8700 1 -- 10.227.227.101:6789/0 <== osd.4 10.227.227.104:6813/9807 1 ==== auth(proto 0 26 bytes epoch 1) v1 ==== 56+0+0 (959370691 0 0) 0x2dab180 con 0x2de4780
2013-04-28 16:36:08.226247 7faa421e8700 10 -- 10.227.227.101:6789/0 dispatch_throttle_release 56 to dispatch throttler 112/104857600
2013-04-28 16:36:08.226252 7faa421e8700 1 -- 10.227.227.101:6789/0 <== osd.9 10.227.227.103:6827/12078 1 ==== auth(proto 0 26 bytes epoch 1) v1 ==== 56+0+0 (99405442 0 0) 0x2daa880 con 0x2de44c0
2013-04-28 16:36:08.226263 7faa421e8700 10 -- 10.227.227.101:6789/0 dispatch_throttle_release 56 to dispatch throttler 56/104857600
2013-04-28 16:36:08.226275 7faa411e6700 10 -- 10.227.227.101:6789/0 >> 10.227.227.103:6789/0 pipe(0x4840500 sd=23 :47647 s=2 pgs=3827 cs=1 l=0).writer: state = open policy.server=0
2013-04-28 16:36:08.226998 7faa40ee3700 10 -- 10.227.227.101:6789/0 >> 10.227.227.103:6789/0 pipe(0x4840500 sd=23 :47647 s=2 pgs=3827 cs=1 l=0).reader got ack seq 2 >= 2 on 0x2e002c0 mon_sync( start ) v1
2013-04-28 16:36:08.227026 7faa40ee3700 10 -- 10.227.227.101:6789/0 >> 10.227.227.103:6789/0 pipe(0x4840500 sd=23 :47647 s=2 pgs=3827 cs=1 l=0).reader wants 174 from dispatch throttler 0/104857600
2013-04-28 16:36:08.227046 7faa40ee3700 10 -- 10.227.227.101:6789/0 >> 10.227.227.103:6789/0 pipe(0x4840500 sd=23 :47647 s=2 pgs=3827 cs=1 l=0).aborted = 0
2013-04-28 16:36:08.227084 7faa40ee3700 10 -- 10.227.227.101:6789/0 >> 10.227.227.103:6789/0 pipe(0x4840500 sd=23 :47647 s=2 pgs=3827 cs=1 l=0).reader got message 198795153 0x2e002c0 mon_sync( start_reply ) v1
2013-04-28 16:36:08.227107 7faa411e6700 10 -- 10.227.227.101:6789/0 >> 10.227.227.103:6789/0 pipe(0x4840500 sd=23 :47647 s=2 pgs=3827 cs=1 l=0).writer: state = open policy.server=0
2013-04-28 16:36:08.227116 7faa411e6700 10 -- 10.227.227.101:6789/0 >> 10.227.227.103:6789/0 pipe(0x4840500 sd=23 :47647 s=2 pgs=3827 cs=1 l=0).write_ack 198795153
2013-04-28 16:36:08.227125 7faa411e6700 10 -- 10.227.227.101:6789/0 >> 10.227.227.103:6789/0 pipe(0x4840500 sd=23 :47647 s=2 pgs=3827 cs=1 l=0).writer: state = open policy.server=0
2013-04-28 16:36:08.227122 7faa421e8700 1 -- 10.227.227.101:6789/0 <== mon.1 10.227.227.103:6789/0 198795153 ==== mon_sync( start_reply ) v1 ==== 174+0+0 (2623747790 0 0) 0x2e002c0 con 0x2de06e0
2013-04-28 16:36:08.227151 7faa421e8700 1 -- 10.227.227.101:6789/0 --> mon.1 10.227.227.103:6789/0 -- mon_sync( heartbeat ) v1 -- ?+0 0x2e01080
2013-04-28 16:36:08.227166 7faa421e8700 1 -- 10.227.227.101:6789/0 --> mon.1 10.227.227.103:6789/0 -- mon_sync( start_chunks ) v1 -- ?+0 0x2e00dc0
2013-04-28 16:36:08.227168 7faa411e6700 10 -- 10.227.227.101:6789/0 >> 10.227.227.103:6789/0 pipe(0x4840500 sd=23 :47647 s=2 pgs=3827 cs=1 l=0).writer: state = open policy.server=0
2013-04-28 16:36:08.227209 7faa421e8700 10 -- 10.227.227.101:6789/0 dispatch_throttle_release 174 to dispatch throttler 174/104857600
2013-04-28 16:36:08.227216 7faa411e6700 10 -- 10.227.227.101:6789/0 >> 10.227.227.103:6789/0 pipe(0x4840500 sd=23 :47647 s=2 pgs=3827 cs=1 l=0).writer: state = open policy.server=0
2013-04-28 16:36:08.227247 7faa411e6700 10 -- 10.227.227.101:6789/0 >> 10.227.227.103:6789/0 pipe(0x4840500 sd=23 :47647 s=2 pgs=3827 cs=1 l=0).writer: state = open policy.server=0
2013-04-28 16:36:08.227708 7faa40ee3700 10 -- 10.227.227.101:6789/0 >> 10.227.227.103:6789/0 pipe(0x4840500 sd=23 :47647 s=2 pgs=3827 cs=1 l=0).reader got ack seq 3 >= 3 on 0x2e01080 mon_sync( heartbeat ) v1
2013-04-28 16:36:08.227735 7faa40ee3700 10 -- 10.227.227.101:6789/0 >> 10.227.227.103:6789/0 pipe(0x4840500 sd=23 :47647 s=2 pgs=3827 cs=1 l=0).reader wants 174 from dispatch throttler 0/104857600
2013-04-28 16:36:08.227748 7faa40ee3700 10 -- 10.227.227.101:6789/0 >> 10.227.227.103:6789/0 pipe(0x4840500 sd=23 :47647 s=2 pgs=3827 cs=1 l=0).aborted = 0
2013-04-28 16:36:08.227778 7faa40ee3700 10 -- 10.227.227.101:6789/0 >> 10.227.227.103:6789/0 pipe(0x4840500 sd=23 :47647 s=2 pgs=3827 cs=1 l=0).reader got message 198795154 0x2e01080 mon_sync( heartbeat_reply ) v1
2013-04-28 16:36:08.227795 7faa411e6700 10 -- 10.227.227.101:6789/0 >> 10.227.227.103:6789/0 pipe(0x4840500 sd=23 :47647 s=2 pgs=3827 cs=1 l=0).writer: state = open policy.server=0
2013-04-28 16:36:08.227803 7faa411e6700 10 -- 10.227.227.101:6789/0 >> 10.227.227.103:6789/0 pipe(0x4840500 sd=23 :47647 s=2 pgs=3827 cs=1 l=0).write_ack 198795154
2013-04-28 16:36:08.227801 7faa421e8700 1 -- 10.227.227.101:6789/0 <== mon.1 10.227.227.103:6789/0 198795154 ==== mon_sync( heartbeat_reply ) v1 ==== 174+0+0 (1026169709 0 0) 0x2e01080 con 0x2de06e0
2013-04-28 16:36:08.227812 7faa411e6700 10 -- 10.227.227.101:6789/0 >> 10.227.227.103:6789/0 pipe(0x4840500 sd=23 :47647 s=2 pgs=3827 cs=1 l=0).writer: state = open policy.server=0
2013-04-28 16:36:08.227821 7faa421e8700 10 -- 10.227.227.101:6789/0 dispatch_throttle_release 174 to dispatch throttler 174/104857600
2013-04-28 16:36:08.265935 7faa40ee3700 10 -- 10.227.227.101:6789/0 >> 10.227.227.103:6789/0 pipe(0x4840500 sd=23 :47647 s=2 pgs=3827 cs=1 l=0).reader got ack seq 4 >= 4 on 0x2e00dc0 mon_sync( start_chunks ) v1
2013-04-28 16:36:08.462191 7faa40fe4700 2 -- 10.227.227.101:6789/0 >> 10.227.227.103:6817/11764 pipe(0x4840780 sd=24 :6789 s=2 pgs=389 cs=1 l=1).reader couldn't read tag, Success
2013-04-28 16:36:08.462237 7faa40fe4700 2 -- 10.227.227.101:6789/0 >> 10.227.227.103:6817/11764 pipe(0x4840780 sd=24 :6789 s=2 pgs=389 cs=1 l=1).fault 0: Success
2013-04-28 16:36:08.462259 7faa40fe4700 10 -- 10.227.227.101:6789/0 >> 10.227.227.103:6817/11764 pipe(0x4840780 sd=24 :6789 s=2 pgs=389 cs=1 l=1).fault on lossy channel, failing
2013-04-28 16:36:08.462266 7faa40fe4700 10 -- 10.227.227.101:6789/0 >> 10.227.227.103:6817/11764 pipe(0x4840780 sd=24 :6789 s=2 pgs=389 cs=1 l=1).stop
2013-04-28 16:36:08.462278 7faa40fe4700 10 -- 10.227.227.101:6789/0 >> 10.227.227.103:6817/11764 pipe(0x4840780 sd=24 :6789 s=4 pgs=389 cs=1 l=1).unregister_pipe
2013-04-28 16:36:08.462287 7faa40fe4700 10 -- 10.227.227.101:6789/0 >> 10.227.227.103:6817/11764 pipe(0x4840780 sd=24 :6789 s=4 pgs=389 cs=1 l=1).discard_queue
2013-04-28 16:36:08.462303 7faa40fe4700 10 -- 10.227.227.101:6789/0 >> 10.227.227.103:6817/11764 pipe(0x4840780 sd=24 :6789 s=4 pgs=389 cs=1 l=1).reader done
2013-04-28 16:36:08.462376 7faa3ffd4700 10 -- 10.227.227.101:6789/0 queue_reap 0x4840780
2013-04-28 16:36:08.462404 7faa3ffd4700 10 -- 10.227.227.101:6789/0 >> 10.227.227.103:6817/11764 pipe(0x4840780 sd=24 :6789 s=4 pgs=389 cs=1 l=1).writer done
2013-04-28 16:36:08.462411 7faa431ea700 10 -- 10.227.227.101:6789/0 reaper
2013-04-28 16:36:08.462423 7faa431ea700 10 -- 10.227.227.101:6789/0 reaper reaping pipe 0x4840780 10.227.227.103:6817/11764
2013-04-28 16:36:08.462428 7faa431ea700 10 -- 10.227.227.101:6789/0 >> 10.227.227.103:6817/11764 pipe(0x4840780 sd=24 :6789 s=4 pgs=389 cs=1 l=1).discard_queue
2013-04-28 16:36:08.462436 7faa431ea700 10 -- 10.227.227.101:6789/0 >> 10.227.227.103:6817/11764 pipe(0x4840780 sd=24 :6789 s=4 pgs=389 cs=1 l=1).unregister_pipe - not registered
2013-04-28 16:36:08.462458 7faa431ea700 10 -- 10.227.227.101:6789/0 reaper reaped pipe 0x4840780 10.227.227.103:6817/11764
2013-04-28 16:36:08.462467 7faa431ea700 10 -- 10.227.227.101:6789/0 reaper deleted pipe 0x4840780
2013-04-28 16:36:08.462469 7faa431ea700 10 -- 10.227.227.101:6789/0 reaper done
2013-04-28 16:36:08.465119 7faa419e7700 10 accepter.pfd.revents=1
2013-04-28 16:36:08.465142 7faa419e7700 10 accepter.accepted incoming on sd 24
2013-04-28 16:36:08.475019 7faa40fe4700 10 -- 10.227.227.101:6789/0 >> :/0 pipe(0x4843200 sd=24 :0 s=0 pgs=0 cs=0 l=0).accept
2013-04-28 16:36:08.475185 7faa40fe4700 1 -- 10.227.227.101:6789/0 >> :/0 pipe(0x4843200 sd=24 :6789 s=0 pgs=0 cs=0 l=0).accept sd=24 10.227.227.101:37940/0
2013-04-28 16:36:08.475253 7faa40fe4700 10 -- 10.227.227.101:6789/0 >> 10.227.227.101:6800/13134 pipe(0x4843200 sd=24 :6789 s=0 pgs=0 cs=0 l=0).accept peer addr is 10.227.227.101:6800/13134
2013-04-28 16:36:08.475275 7faa40fe4700 10 -- 10.227.227.101:6789/0 >> 10.227.227.101:6800/13134 pipe(0x4843200 sd=24 :6789 s=0 pgs=0 cs=0 l=1).accept of host_type 2, policy.lossy=1
2013-04-28 16:36:08.475282 7faa40fe4700 10 -- 10.227.227.101:6789/0 >> 10.227.227.101:6800/13134 pipe(0x4843200 sd=24 :6789 s=0 pgs=0 cs=0 l=1).accept my proto 15, their proto 15
2013-04-28 16:36:08.475288 7faa40fe4700 10 -- 10.227.227.101:6789/0 >> 10.227.227.101:6800/13134 pipe(0x4843200 sd=24 :6789 s=0 pgs=0 cs=0 l=1).accept: setting up session_security.
2013-04-28 16:36:08.475292 7faa40fe4700 10 -- 10.227.227.101:6789/0 >> 10.227.227.101:6800/13134 pipe(0x4843200 sd=24 :6789 s=0 pgs=0 cs=0 l=1).accept new session
2013-04-28 16:36:08.475297 7faa40fe4700 10 -- 10.227.227.101:6789/0 >> 10.227.227.101:6800/13134 pipe(0x4843200 sd=24 :6789 s=2 pgs=814 cs=1 l=1).accept success, connect_seq = 1, sending READY
2013-04-28 16:36:08.475302 7faa40fe4700 10 -- 10.227.227.101:6789/0 >> 10.227.227.101:6800/13134 pipe(0x4843200 sd=24 :6789 s=2 pgs=814 cs=1 l=1).accept features 18446744073709551615
