2013-04-28 16:36:07.131449 7faa405da700 10 -- 10.227.227.101:6789/0 >> 10.227.227.101:6801/13334 pipe(0x4841680 sd=33 :6789 s=2 pgs=293 cs=1 l=1).reader wants 56 bytes from policy throttler 112/419430400 -6701>
2013-04-28 16:36:07.131462 7faa405da700 10 -- 10.227.227.101:6789/0 >> 10.227.227.101:6801/13334 pipe(0x4841680 sd=33 :6789 s=2 pgs=293 cs=1 l=1).reader wants 56 from dispatch throttler 615/104857600 -6700>
2013-04-28 16:36:07.131473 7faa405da700 10 -- 10.227.227.101:6789/0 >> 10.227.227.101:6801/13334 pipe(0x4841680 sd=33 :6789 s=2 pgs=293 cs=1 l=1).aborted = 0 -6699>
2013-04-28 16:36:07.131492 7faa405da700 10 -- 10.227.227.101:6789/0 >> 10.227.227.101:6801/13334 pipe(0x4841680 sd=33 :6789 s=2 pgs=293 cs=1 l=1).reader got message 1 0x2da9f80 auth(proto 0 26 bytes epoch 1) v1 -6698>
2013-04-28 16:36:07.131532 7faa431ea700 10 -- 10.227.227.101:6789/0 reaper reaped pipe 0x4842080 :/0 -6697>
2013-04-28 16:36:07.131545 7faa431ea700 10 -- 10.227.227.101:6789/0 reaper deleted pipe 0x4842080 -6696>
2013-04-28 16:36:07.131547 7faa431ea700 10 -- 10.227.227.101:6789/0 reaper done -6695>
2013-04-28 16:36:07.131544 7faa408dd700 10 -- 10.227.227.101:6789/0 >> :/0 pipe(0x4841e00 sd=30 :0 s=0 pgs=0 cs=0 l=0).accept -6694>
2013-04-28 16:36:07.131191 7faa407dc700 10 -- 10.227.227.101:6789/0 >> 10.227.227.103:0/1025178 pipe(0x4841b80 sd=31 :6789 s=2 pgs=1474 cs=1 l=1).aborted = 0 -6693>
2013-04-28 16:36:07.131614 7faa407dc700 10 -- 10.227.227.101:6789/0 >> 10.227.227.103:0/1025178 pipe(0x4841b80 sd=31 :6789 s=2 pgs=1474 cs=1 l=1).reader got message 1 0x2daa400 auth(proto 0 30 bytes epoch 1) v1 -6692>
2013-04-28 16:36:07.131642 7faa404d9700 10 -- 10.227.227.101:6789/0 >> :/0 pipe(0x4842a80 sd=34 :0 s=0 pgs=0 cs=0 l=0).accept -6691>
2013-04-28 16:36:07.131673 7faa408dd700 1 -- 10.227.227.101:6789/0 >> :/0 pipe(0x4841e00 sd=30 :6789 s=0 pgs=0 cs=0 l=0).accept sd=30 10.227.227.101:37927/0 -6690>
2013-04-28 16:36:07.131680 7faa404d9700 1 -- 10.227.227.101:6789/0 >> :/0 pipe(0x4842a80 sd=34 :6789 s=0 pgs=0 cs=0 l=0).accept sd=34 10.227.227.104:56378/0 -6689>
2013-04-28 16:36:07.131693 7faa408dd700 10 -- 10.227.227.101:6789/0 >> 10.227.227.101:6812/13601 pipe(0x4841e00 sd=30 :6789 s=0 pgs=0 cs=0 l=0).accept peer addr is 10.227.227.101:6812/13601 -6688>
2013-04-28 16:36:07.131709 7faa408dd700 10 -- 10.227.227.101:6789/0 >> 10.227.227.101:6812/13601 pipe(0x4841e00 sd=30 :6789 s=0 pgs=0 cs=0 l=1).accept of host_type 4, policy.lossy=1 -6687>
2013-04-28 16:36:07.131716 7faa408dd700 10 -- 10.227.227.101:6789/0 >> 10.227.227.101:6812/13601 pipe(0x4841e00 sd=30 :6789 s=0 pgs=0 cs=0 l=1).accept my proto 15, their proto 15 -6686>
2013-04-28 16:36:07.131721 7faa408dd700 10 -- 10.227.227.101:6789/0 >> 10.227.227.101:6812/13601 pipe(0x4841e00 sd=30 :6789 s=0 pgs=0 cs=0 l=1).accept: setting up session_security. -6685>
2013-04-28 16:36:07.131725 7faa408dd700 10 -- 10.227.227.101:6789/0 >> 10.227.227.101:6812/13601 pipe(0x4841e00 sd=30 :6789 s=0 pgs=0 cs=0 l=1).accept new session -6684>
2013-04-28 16:36:07.131730 7faa408dd700 10 -- 10.227.227.101:6789/0 >> 10.227.227.101:6812/13601 pipe(0x4841e00 sd=30 :6789 s=2 pgs=299 cs=1 l=1).accept success, connect_seq = 1, sending READY -6683>
2013-04-28 16:36:07.131734 7faa408dd700 10 -- 10.227.227.101:6789/0 >> 10.227.227.101:6812/13601 pipe(0x4841e00 sd=30 :6789 s=2 pgs=299 cs=1 l=1).accept features 18446744073709551615 -6682>
2013-04-28 16:36:07.131741 7faa408dd700 10 -- 10.227.227.101:6789/0 >> 10.227.227.101:6812/13601 pipe(0x4841e00 sd=30 :6789 s=2 pgs=299 cs=1 l=1).register_pipe -6681>
2013-04-28 16:36:07.131826 7faa408dd700 10 -- 10.227.227.101:6789/0 >> 10.227.227.101:6812/13601 pipe(0x4841e00 sd=30 :6789 s=2 pgs=299 cs=1 l=1).discard_requeued_up_to 0 -6680>
2013-04-28 16:36:07.131846 7faa408dd700 10 -- 10.227.227.101:6789/0 >> 10.227.227.101:6812/13601 pipe(0x4841e00 sd=30 :6789 s=2 pgs=299 cs=1 l=1).accept starting writer, state open -6679>
2013-04-28 16:36:07.131883 7faa408dd700 10 -- 10.227.227.101:6789/0 >> 10.227.227.101:6812/13601 pipe(0x4841e00 sd=30 :6789 s=2 pgs=299 cs=1 l=1).reader wants 56 bytes from policy throttler 168/419430400 -6678>
2013-04-28 16:36:07.131893 7faa408dd700 10 -- 10.227.227.101:6789/0 >> 10.227.227.101:6812/13601 pipe(0x4841e00 sd=30 :6789 s=2 pgs=299 cs=1 l=1).reader wants 56 from dispatch throttler 671/104857600 -6677>
2013-04-28 16:36:07.131902 7faa408dd700 10 -- 10.227.227.101:6789/0 >> 10.227.227.101:6812/13601 pipe(0x4841e00 sd=30 :6789 s=2 pgs=299 cs=1 l=1).aborted = 0 -6676>
2013-04-28 16:36:07.131911 7faa408dd700 10 -- 10.227.227.101:6789/0 >> 10.227.227.101:6812/13601 pipe(0x4841e00 sd=30 :6789 s=2 pgs=299 cs=1 l=1).reader got message 1 0x2daa640 auth(proto 0 26 bytes epoch 1) v1 -6675>
2013-04-28 16:36:07.131926 7faa3f7cc700 10 -- 10.227.227.101:6789/0 >> 10.227.227.101:6801/13334 pipe(0x4841680 sd=33 :6789 s=2 pgs=293 cs=1 l=1).writer: state = open policy.server=1 -6674>
2013-04-28 16:36:07.131939 7faa3f7cc700 10 -- 10.227.227.101:6789/0 >> 10.227.227.101:6801/13334 pipe(0x4841680 sd=33 :6789 s=2 pgs=293 cs=1 l=1).write_ack 1 -6673>
2013-04-28 16:36:07.131948 7faa3f7cc700 10 -- 10.227.227.101:6789/0 >> 10.227.227.101:6801/13334 pipe(0x4841680 sd=33 :6789 s=2 pgs=293 cs=1 l=1).writer: state = open policy.server=1 -6672>
2013-04-28 16:36:07.132138 7faa40de2700 10 -- 10.227.227.101:6789/0 >> 10.227.227.103:0/2030444 pipe(0x4840c80 sd=25 :6789 s=2 pgs=1643 cs=1 l=1).reader wants 60 bytes from policy throttler 300/104857600 -6671>
2013-04-28 16:36:07.132155 7faa40de2700 10 -- 10.227.227.101:6789/0 >> 10.227.227.103:0/2030444 pipe(0x4840c80 sd=25 :6789 s=2 pgs=1643 cs=1 l=1).reader wants 60 from dispatch throttler 727/104857600 -6670>
2013-04-28 16:36:07.132166 7faa40de2700 10 -- 10.227.227.101:6789/0 >> 10.227.227.103:0/2030444 pipe(0x4840c80 sd=25 :6789 s=2 pgs=1643 cs=1 l=1).aborted = 0 -6669>
2013-04-28 16:36:07.132176 7faa40de2700 10 -- 10.227.227.101:6789/0 >> 10.227.227.103:0/2030444 pipe(0x4840c80 sd=25 :6789 s=2 pgs=1643 cs=1 l=1).reader got message 1 0x2daa880 auth(proto 0 30 bytes epoch 1) v1 -6668>
2013-04-28 16:36:07.133385 7faa404d9700 10 -- 10.227.227.101:6789/0 >> 10.227.227.104:0/1012039 pipe(0x4842a80 sd=34 :6789 s=0 pgs=0 cs=0 l=0).accept peer addr is 10.227.227.104:0/1012039 -6667>
2013-04-28 16:36:07.133405 7faa404d9700 10 -- 10.227.227.101:6789/0 >> 10.227.227.104:0/1012039 pipe(0x4842a80 sd=34 :6789 s=0 pgs=0 cs=0 l=1).accept of host_type 8, policy.lossy=1 -6666>
2013-04-28 16:36:07.133411 7faa404d9700 10 -- 10.227.227.101:6789/0 >> 10.227.227.104:0/1012039 pipe(0x4842a80 sd=34 :6789 s=0 pgs=0 cs=0 l=1).accept my proto 15, their proto 15 -6665>
2013-04-28 16:36:07.133416 7faa404d9700 10 -- 10.227.227.101:6789/0 >> 10.227.227.104:0/1012039 pipe(0x4842a80 sd=34 :6789 s=0 pgs=0 cs=0 l=1).accept: setting up session_security. -6664>
2013-04-28 16:36:07.133420 7faa404d9700 10 -- 10.227.227.101:6789/0 >> 10.227.227.104:0/1012039 pipe(0x4842a80 sd=34 :6789 s=0 pgs=0 cs=0 l=1).accept new session -6663>
2013-04-28 16:36:07.133425 7faa404d9700 10 -- 10.227.227.101:6789/0 >> 10.227.227.104:0/1012039 pipe(0x4842a80 sd=34 :6789 s=2 pgs=982 cs=1 l=1).accept success, connect_seq = 1, sending READY -6662>
2013-04-28 16:36:07.133430 7faa404d9700 10 -- 10.227.227.101:6789/0 >> 10.227.227.104:0/1012039 pipe(0x4842a80 sd=34 :6789 s=2 pgs=982 cs=1 l=1).accept features 18446744073709551615 -6661>
2013-04-28 16:36:07.133444 7faa404d9700 10 -- 10.227.227.101:6789/0 >> 10.227.227.104:0/1012039 pipe(0x4842a80 sd=34 :6789 s=2 pgs=982 cs=1 l=1).register_pipe -6660>
2013-04-28 16:36:07.133463 7faa404d9700 10 -- 10.227.227.101:6789/0 >> 10.227.227.104:0/1012039 pipe(0x4842a80 sd=34 :6789 s=2 pgs=982 cs=1 l=1).discard_requeued_up_to 0 -6659>
2013-04-28 16:36:07.133474 7faa404d9700 10 -- 10.227.227.101:6789/0 >> 10.227.227.104:0/1012039 pipe(0x4842a80 sd=34 :6789 s=2 pgs=982 cs=1 l=1).accept starting writer, state open -6658>
2013-04-28 16:36:07.134925 7faa404d9700 10 -- 10.227.227.101:6789/0 >> 10.227.227.104:0/1012039 pipe(0x4842a80 sd=34 :6789 s=2 pgs=982 cs=1 l=1).reader wants 60 bytes from policy throttler 360/104857600 -6657>
2013-04-28 16:36:07.134945 7faa404d9700 10 -- 10.227.227.101:6789/0 >> 10.227.227.104:0/1012039 pipe(0x4842a80 sd=34 :6789 s=2 pgs=982 cs=1 l=1).reader wants 60 from dispatch throttler 787/104857600 -6656>
2013-04-28 16:36:07.134957 7faa404d9700 10 -- 10.227.227.101:6789/0 >> 10.227.227.104:0/1012039 pipe(0x4842a80 sd=34 :6789 s=2 pgs=982 cs=1 l=1).aborted = 0 -6655>
2013-04-28 16:36:07.134968 7faa404d9700 10 -- 10.227.227.101:6789/0 >> 10.227.227.104:0/1012039 pipe(0x4842a80 sd=34 :6789 s=2 pgs=982 cs=1 l=1).reader got message 1 0x2daaac0 auth(proto 0 30 bytes epoch 1) v1 -6654>
2013-04-28 16:36:07.135010 7faa3fed3700 10 -- 10.227.227.101:6789/0 >> 10.227.227.101:0/1852340383 pipe(0x4841180 sd=28 :6789 s=2 pgs=3481 cs=1 l=1).writer: state = open policy.server=1 -6653>
2013-04-28 16:36:07.135037 7faa3fed3700 10 -- 10.227.227.101:6789/0 >> 10.227.227.101:0/1852340383 pipe(0x4841180 sd=28 :6789 s=2 pgs=3481 cs=1 l=1).write_ack 1 -6652>
2013-04-28 16:36:07.135026 7faa402d7700 10 -- 10.227.227.101:6789/0 >> 10.227.227.104:0/2012039 pipe(0x4842580 sd=36 :6789 s=0 pgs=0 cs=0 l=0).accept peer addr is 10.227.227.104:0/2012039 -6651>
2013-04-28 16:36:07.135029 7faa400d5700 10 -- 10.227.227.101:6789/0 >> 10.227.227.101:6812/13601 pipe(0x4841e00 sd=30 :6789 s=2 pgs=299 cs=1 l=1).writer: state = open policy.server=1 -6650>
2013-04-28 16:36:07.135050 7faa3fed3700 10 -- 10.227.227.101:6789/0 >> 10.227.227.101:0/1852340383 pipe(0x4841180 sd=28 :6789 s=2 pgs=3481 cs=1 l=1).writer: state = open policy.server=1 -6649>
2013-04-28 16:36:07.135050 7faa400d5700 10 -- 10.227.227.101:6789/0 >> 10.227.227.101:6812/13601 pipe(0x4841e00 sd=30 :6789 s=2 pgs=299 cs=1 l=1).write_ack 1 -6648>
2013-04-28 16:36:07.135054 7faa402d7700 10 -- 10.227.227.101:6789/0 >> 10.227.227.104:0/2012039 pipe(0x4842580 sd=36 :6789 s=0 pgs=0 cs=0 l=1).accept of host_type 8, policy.lossy=1 -6647>
2013-04-28 16:36:07.135063 7faa402d7700 10 -- 10.227.227.101:6789/0 >> 10.227.227.104:0/2012039 pipe(0x4842580 sd=36 :6789 s=0 pgs=0 cs=0 l=1).accept my proto 15, their proto 15 -6646>
2013-04-28 16:36:07.135062 7faa400d5700 10 -- 10.227.227.101:6789/0 >> 10.227.227.101:6812/13601 pipe(0x4841e00 sd=30 :6789 s=2 pgs=299 cs=1 l=1).writer: state = open policy.server=1 -6645>
2013-04-28 16:36:07.135069 7faa402d7700 10 -- 10.227.227.101:6789/0 >> 10.227.227.104:0/2012039 pipe(0x4842580 sd=36 :6789 s=0 pgs=0 cs=0 l=1).accept: setting up session_security. -6644>
2013-04-28 16:36:07.135074 7faa402d7700 10 -- 10.227.227.101:6789/0 >> 10.227.227.104:0/2012039 pipe(0x4842580 sd=36 :6789 s=0 pgs=0 cs=0 l=1).accept new session -6643>
2013-04-28 16:36:07.135079 7faa402d7700 10 -- 10.227.227.101:6789/0 >> 10.227.227.104:0/2012039 pipe(0x4842580 sd=36 :6789 s=2 pgs=1220 cs=1 l=1).accept success, connect_seq = 1, sending READY -6642>
2013-04-28 16:36:07.135084 7faa402d7700 10 -- 10.227.227.101:6789/0 >> 10.227.227.104:0/2012039 pipe(0x4842580 sd=36 :6789 s=2 pgs=1220 cs=1 l=1).accept features 18446744073709551615 -6641>
2013-04-28 16:36:07.135093 7faa402d7700 10 -- 10.227.227.101:6789/0 >> 10.227.227.104:0/2012039 pipe(0x4842580 sd=36 :6789 s=2 pgs=1220 cs=1 l=1).register_pipe -6640>
2013-04-28 16:36:07.135127 7faa402d7700 10 -- 10.227.227.101:6789/0 >> 10.227.227.104:0/2012039 pipe(0x4842580 sd=36 :6789 s=2 pgs=1220 cs=1 l=1).discard_requeued_up_to 0 -6639>
2013-04-28 16:36:07.135148 7faa402d7700 10 -- 10.227.227.101:6789/0 >> 10.227.227.104:0/2012039 pipe(0x4842580 sd=36 :6789 s=2 pgs=1220 cs=1 l=1).accept starting writer, state open -6638>
2013-04-28 16:36:07.135214 7faa401d6700 10 -- 10.227.227.101:6789/0 >> 10.227.227.103:6821/11857 pipe(0x4842300 sd=37 :6789 s=0 pgs=0 cs=0 l=0).accept peer addr is 10.227.227.103:6821/11857 -6637>
2013-04-28 16:36:07.135229 7faa401d6700 10 -- 10.227.227.101:6789/0 >> 10.227.227.103:6821/11857 pipe(0x4842300 sd=37 :6789 s=0 pgs=0 cs=0 l=1).accept of host_type 4, policy.lossy=1 -6636>
2013-04-28 16:36:07.135235 7faa401d6700 10 -- 10.227.227.101:6789/0 >> 10.227.227.103:6821/11857 pipe(0x4842300 sd=37 :6789 s=0 pgs=0 cs=0 l=1).accept my proto 15, their proto 15 -6635>
2013-04-28 16:36:07.135240 7faa401d6700 10 -- 10.227.227.101:6789/0 >> 10.227.227.103:6821/11857 pipe(0x4842300 sd=37 :6789 s=0 pgs=0 cs=0 l=1).accept: setting up session_security. -6634>
2013-04-28 16:36:07.135244 7faa401d6700 10 -- 10.227.227.101:6789/0 >> 10.227.227.103:6821/11857 pipe(0x4842300 sd=37 :6789 s=0 pgs=0 cs=0 l=1).accept new session -6633>
2013-04-28 16:36:07.135249 7faa401d6700 10 -- 10.227.227.101:6789/0 >> 10.227.227.103:6821/11857 pipe(0x4842300 sd=37 :6789 s=2 pgs=384 cs=1 l=1).accept success, connect_seq = 1, sending READY -6632>
2013-04-28 16:36:07.135253 7faa401d6700 10 -- 10.227.227.101:6789/0 >> 10.227.227.103:6821/11857 pipe(0x4842300 sd=37 :6789 s=2 pgs=384 cs=1 l=1).accept features 18446744073709551615 -6631>
2013-04-28 16:36:07.135259 7faa401d6700 10 -- 10.227.227.101:6789/0 >> 10.227.227.103:6821/11857 pipe(0x4842300 sd=37 :6789 s=2 pgs=384 cs=1 l=1).register_pipe -6630>
2013-04-28 16:36:07.135276 7faa401d6700 10 -- 10.227.227.101:6789/0 >> 10.227.227.103:6821/11857 pipe(0x4842300 sd=37 :6789 s=2 pgs=384 cs=1 l=1).discard_requeued_up_to 0 -6629>
2013-04-28 16:36:07.135294 7faa401d6700 10 -- 10.227.227.101:6789/0 >> 10.227.227.103:6821/11857 pipe(0x4842300 sd=37 :6789 s=2 pgs=384 cs=1 l=1).accept starting writer, state open -6628>
2013-04-28 16:36:07.135809 7faa3fdd2700 10 -- 10.227.227.101:6789/0 >> 10.227.227.104:0/3012039 pipe(0x4842800 sd=35 :6789 s=2 pgs=958 cs=1 l=1).writer: state = open policy.server=1 -6627>
2013-04-28 16:36:07.135840 7faa3fdd2700 10 -- 10.227.227.101:6789/0 >> 10.227.227.104:0/3012039 pipe(0x4842800 sd=35 :6789 s=2 pgs=958 cs=1 l=1).write_ack 1 -6626>
2013-04-28 16:36:07.135853 7faa3fdd2700 10 -- 10.227.227.101:6789/0 >> 10.227.227.104:0/3012039 pipe(0x4842800 sd=35 :6789 s=2 pgs=958 cs=1 l=1).writer: state = open policy.server=1 -6625>
2013-04-28 16:36:07.135859 7faa402d7700 10 -- 10.227.227.101:6789/0 >> 10.227.227.104:0/2012039 pipe(0x4842580 sd=36 :6789 s=2 pgs=1220 cs=1 l=1).reader wants 60 bytes from policy throttler 420/104857600 -6624>
2013-04-28 16:36:07.135877 7faa402d7700 10 -- 10.227.227.101:6789/0 >> 10.227.227.104:0/2012039 pipe(0x4842580 sd=36 :6789 s=2 pgs=1220 cs=1 l=1).reader wants 60 from dispatch throttler 847/104857600 -6623>
2013-04-28 16:36:07.135889 7faa402d7700 10 -- 10.227.227.101:6789/0 >> 10.227.227.104:0/2012039 pipe(0x4842580 sd=36 :6789 s=2 pgs=1220 cs=1 l=1).aborted = 0 -6622>
2013-04-28 16:36:07.135901 7faa402d7700 10 -- 10.227.227.101:6789/0 >> 10.227.227.104:0/2012039 pipe(0x4842580 sd=36 :6789 s=2 pgs=1220 cs=1 l=1).reader got message 1 0x2daad00 auth(proto 0 30 bytes epoch 1) v1 -6621>
2013-04-28 16:36:07.135921 7faa401d6700 10 -- 10.227.227.101:6789/0 >> 10.227.227.103:6821/11857 pipe(0x4842300 sd=37 :6789 s=2 pgs=384 cs=1 l=1).reader wants 56 bytes from policy throttler 224/419430400 -6620>
2013-04-28 16:36:07.135928 7faa401d6700 10 -- 10.227.227.101:6789/0 >> 10.227.227.103:6821/11857 pipe(0x4842300 sd=37 :6789 s=2 pgs=384 cs=1 l=1).reader wants 56 from dispatch throttler 907/104857600 -6619>
2013-04-28 16:36:07.135937 7faa401d6700 10 -- 10.227.227.101:6789/0 >> 10.227.227.103:6821/11857 pipe(0x4842300 sd=37 :6789 s=2 pgs=384 cs=1 l=1).aborted = 0 -6618>
2013-04-28 16:36:07.135931 7faa406db700 10 -- 10.227.227.101:6789/0 >> 10.227.227.103:0/1030444 pipe(0x4840a00 sd=26 :6789 s=2 pgs=993 cs=1 l=1).writer: state = open policy.server=1 -6617>
2013-04-28 16:36:07.136023 7faa406db700 10 -- 10.227.227.101:6789/0 >> 10.227.227.103:0/1030444 pipe(0x4840a00 sd=26 :6789 s=2 pgs=993 cs=1 l=1).write_ack 1 -6616>
2013-04-28 16:36:07.135954 7faa401d6700 10 -- 10.227.227.101:6789/0 >> 10.227.227.103:6821/11857 pipe(0x4842300 sd=37 :6789 s=2 pgs=384 cs=1 l=1).reader got message 1 0x2daaf40 auth(proto 0 26 bytes epoch 1) v1 -6615>
2013-04-28 16:36:07.136037 7faa406db700 10 -- 10.227.227.101:6789/0 >> 10.227.227.103:0/1030444 pipe(0x4840a00 sd=26 :6789 s=2 pgs=993 cs=1 l=1).writer: state = open policy.server=1 -6614>
2013-04-28 16:36:07.136233 7faa3ffd4700 10 -- 10.227.227.101:6789/0 >> 10.227.227.103:6817/11764 pipe(0x4840780 sd=24 :6789 s=2 pgs=389 cs=1 l=1).writer: state = open policy.server=1 -6613>
2013-04-28 16:36:07.136254 7faa3ffd4700 10 -- 10.227.227.101:6789/0 >> 10.227.227.103:6817/11764 pipe(0x4840780 sd=24 :6789 s=2 pgs=389 cs=1 l=1).write_ack 1 -6612>
2013-04-28 16:36:07.136267 7faa3ffd4700 10 -- 10.227.227.101:6789/0 >> 10.227.227.103:6817/11764 pipe(0x4840780 sd=24 :6789 s=2 pgs=389 cs=1 l=1).writer: state = open policy.server=1 -6611>
2013-04-28 16:36:07.135945 7faa3facf700 10 -- 10.227.227.101:6789/0 >> 10.227.227.103:0/1025178 pipe(0x4841b80 sd=31 :6789 s=2 pgs=1474 cs=1 l=1).writer: state = open policy.server=1 -6610>
2013-04-28 16:36:07.137030 7faa3facf700 10 -- 10.227.227.101:6789/0 >> 10.227.227.103:0/1025178 pipe(0x4841b80 sd=31 :6789 s=2 pgs=1474 cs=1 l=1).write_ack 1 -6609>
2013-04-28 16:36:07.137042 7faa3facf700 10 -- 10.227.227.101:6789/0 >> 10.227.227.103:0/1025178 pipe(0x4841b80 sd=31 :6789 s=2 pgs=1474 cs=1 l=1).writer: state = open policy.server=1 -6608>
2013-04-28 16:36:07.137956 7faa3fcd1700 10 -- 10.227.227.101:6789/0 >> 10.227.227.101:0/1249473330 pipe(0x4841400 sd=27 :6789 s=2 pgs=284 cs=1 l=1).writer: state = open policy.server=1 -6607>
2013-04-28 16:36:07.137987 7faa3fcd1700 10 -- 10.227.227.101:6789/0 >> 10.227.227.101:0/1249473330 pipe(0x4841400 sd=27 :6789 s=2 pgs=284 cs=1 l=1).write_ack 1 -6606>
2013-04-28 16:36:07.137999 7faa3fcd1700 10 -- 10.227.227.101:6789/0 >> 10.227.227.101:0/1249473330 pipe(0x4841400 sd=27 :6789 s=2 pgs=284 cs=1 l=1).writer: state = open policy.server=1 -6605>
2013-04-28 16:36:07.137957 7faa3f6cb700 10 -- 10.227.227.101:6789/0 >> 10.227.227.104:0/1012039 pipe(0x4842a80 sd=34 :6789 s=2 pgs=982 cs=1 l=1).writer: state = open policy.server=1 -6604>
2013-04-28 16:36:07.138032 7faa3f6cb700 10 -- 10.227.227.101:6789/0 >> 10.227.227.104:0/1012039 pipe(0x4842a80 sd=34 :6789 s=2 pgs=982 cs=1 l=1).write_ack 1 -6603>
2013-04-28 16:36:07.138043 7faa3f6cb700 10 -- 10.227.227.101:6789/0 >> 10.227.227.104:0/1012039 pipe(0x4842a80 sd=34 :6789 s=2 pgs=982 cs=1 l=1).writer: state = open policy.server=1 -6602>
2013-04-28 16:36:07.138860 7faa3f9ce700 10 -- 10.227.227.101:6789/0 >> 10.227.227.101:6806/13433 pipe(0x4840f00 sd=29 :6789 s=2 pgs=289 cs=1 l=1).writer: state = open policy.server=1 -6601>
2013-04-28 16:36:07.138889 7faa3f9ce700 10 -- 10.227.227.101:6789/0 >> 10.227.227.101:6806/13433 pipe(0x4840f00 sd=29 :6789 s=2 pgs=289 cs=1 l=1).write_ack 1 -6600>
2013-04-28 16:36:07.138900 7faa3f9ce700 10 -- 10.227.227.101:6789/0 >> 10.227.227.101:6806/13433 pipe(0x4840f00 sd=29 :6789 s=2 pgs=289 cs=1 l=1).writer: state = open policy.server=1 -6599>
2013-04-28 16:36:07.140272 7faa3f5ca700 10 -- 10.227.227.101:6789/0 >> 10.227.227.104:0/2012039 pipe(0x4842580 sd=36 :6789 s=2 pgs=1220 cs=1 l=1).writer: state = open policy.server=1 -6598>
2013-04-28 16:36:07.140394 7faa3f5ca700 10 -- 10.227.227.101:6789/0 >> 10.227.227.104:0/2012039 pipe(0x4842580 sd=36 :6789 s=2 pgs=1220 cs=1 l=1).write_ack 1 -6597>
2013-04-28 16:36:07.140461 7faa3f5ca700 10 -- 10.227.227.101:6789/0 >> 10.227.227.104:0/2012039 pipe(0x4842580 sd=36 :6789 s=2 pgs=1220 cs=1 l=1).writer: state = open policy.server=1 -6596>
2013-04-28 16:36:07.141141 7faa3f4c9700 10 -- 10.227.227.101:6789/0 >> 10.227.227.103:6821/11857 pipe(0x4842300 sd=37 :6789 s=2 pgs=384 cs=1 l=1).writer: state = open policy.server=1 -6595>
2013-04-28 16:36:07.141167 7faa3f4c9700 10 -- 10.227.227.101:6789/0 >> 10.227.227.103:6821/11857 pipe(0x4842300 sd=37 :6789 s=2 pgs=384 cs=1 l=1).write_ack 1 -6594>
2013-04-28 16:36:07.141179 7faa3f4c9700 10 -- 10.227.227.101:6789/0 >> 10.227.227.103:6821/11857 pipe(0x4842300 sd=37 :6789 s=2 pgs=384 cs=1 l=1).writer: state = open policy.server=1 -6593>
2013-04-28 16:36:07.158406 7faa3f8cd700 10 -- 10.227.227.101:6789/0 >> 10.227.227.103:0/2030444 pipe(0x4840c80 sd=25 :6789 s=2 pgs=1643 cs=1 l=1).writer: state = open policy.server=1 -6592>
2013-04-28 16:36:07.158621 7faa3f8cd700 10 -- 10.227.227.101:6789/0 >> 10.227.227.103:0/2030444 pipe(0x4840c80 sd=25 :6789 s=2 pgs=1643 cs=1 l=1).write_ack 1 -6591>
2013-04-28 16:36:07.158636 7faa3f8cd700 10 -- 10.227.227.101:6789/0 >> 10.227.227.103:0/2030444 pipe(0x4840c80 sd=25 :6789 s=2 pgs=1643 cs=1 l=1).writer: state = open policy.server=1 -6590>
2013-04-28 16:36:07.251772 7faa419e7700 10 accepter.pfd.revents=1 -6589>
2013-04-28 16:36:07.251801 7faa419e7700 10 accepter.accepted incoming on sd 32 -6588>
2013-04-28 16:36:07.252765 7faa3f3c8700 10 -- 10.227.227.101:6789/0 >> :/0 pipe(0x4843700 sd=32 :0 s=0 pgs=0 cs=0 l=0).accept -6587>
2013-04-28 16:36:07.253371 7faa3f3c8700 1 -- 10.227.227.101:6789/0 >> :/0 pipe(0x4843700 sd=32 :6789 s=0 pgs=0 cs=0 l=0).accept sd=32 10.227.227.104:56384/0 -6586>
2013-04-28 16:36:07.253598 7faa3f3c8700 10 -- 10.227.227.101:6789/0 >> 10.227.227.104:6813/9807 pipe(0x4843700 sd=32 :6789 s=0 pgs=0 cs=0 l=0).accept peer addr is 10.227.227.104:6813/9807 -6585>
2013-04-28 16:36:07.253818 7faa3f3c8700 10 -- 10.227.227.101:6789/0 >> 10.227.227.104:6813/9807 pipe(0x4843700 sd=32 :6789 s=0 pgs=0 cs=0 l=1).accept of host_type 4, policy.lossy=1 -6584>
2013-04-28 16:36:07.253923 7faa3f3c8700 10 -- 10.227.227.101:6789/0 >> 10.227.227.104:6813/9807 pipe(0x4843700 sd=32 :6789 s=0 pgs=0 cs=0 l=1).accept my proto 15, their proto 15 -6583>
2013-04-28 16:36:07.254185 7faa3f3c8700 10 -- 10.227.227.101:6789/0 >> 10.227.227.104:6813/9807 pipe(0x4843700 sd=32 :6789 s=0 pgs=0 cs=0 l=1).accept: setting up session_security. -6582>
2013-04-28 16:36:07.254297 7faa3f3c8700 10 -- 10.227.227.101:6789/0 >> 10.227.227.104:6813/9807 pipe(0x4843700 sd=32 :6789 s=0 pgs=0 cs=0 l=1).accept new session -6581>
2013-04-28 16:36:07.254592 7faa3f3c8700 10 -- 10.227.227.101:6789/0 >> 10.227.227.104:6813/9807 pipe(0x4843700 sd=32 :6789 s=2 pgs=396 cs=1 l=1).accept success, connect_seq = 1, sending READY -6580>
2013-04-28 16:36:07.254631 7faa3f3c8700 10 -- 10.227.227.101:6789/0 >> 10.227.227.104:6813/9807 pipe(0x4843700 sd=32 :6789 s=2 pgs=396 cs=1 l=1).accept features 18446744073709551615 -6579>
2013-04-28 16:36:07.254664 7faa3f3c8700 10 -- 10.227.227.101:6789/0 >> 10.227.227.104:6813/9807 pipe(0x4843700 sd=32 :6789 s=2 pgs=396 cs=1 l=1).register_pipe -6578>
2013-04-28 16:36:07.254709 7faa3f3c8700 10 -- 10.227.227.101:6789/0 >> 10.227.227.104:6813/9807 pipe(0x4843700 sd=32 :6789 s=2 pgs=396 cs=1 l=1).discard_requeued_up_to 0 -6577>
2013-04-28 16:36:07.254969 7faa3f3c8700 10 -- 10.227.227.101:6789/0 >> 10.227.227.104:6813/9807 pipe(0x4843700 sd=32 :6789 s=2 pgs=396 cs=1 l=1).accept starting writer, state open -6576>
2013-04-28 16:36:07.255841 7faa3f3c8700 10 -- 10.227.227.101:6789/0 >> 10.227.227.104:6813/9807 pipe(0x4843700 sd=32 :6789 s=2 pgs=396 cs=1 l=1).reader wants 56 bytes from policy throttler 280/419430400 -6575>
2013-04-28 16:36:07.256182 7faa3f3c8700 10 -- 10.227.227.101:6789/0 >> 10.227.227.104:6813/9807 pipe(0x4843700 sd=32 :6789 s=2 pgs=396 cs=1 l=1).reader wants 56 from dispatch throttler 963/104857600 -6574>
2013-04-28 16:36:07.256260 7faa3f3c8700 10 -- 10.227.227.101:6789/0 >> 10.227.227.104:6813/9807 pipe(0x4843700 sd=32 :6789 s=2 pgs=396 cs=1 l=1).aborted = 0 -6573>
2013-04-28 16:36:07.256309 7faa3f3c8700 10 -- 10.227.227.101:6789/0 >> 10.227.227.104:6813/9807 pipe(0x4843700 sd=32 :6789 s=2 pgs=396 cs=1 l=1).reader got message 1 0x2dab180 auth(proto 0 26 bytes epoch 1) v1 -6572>
2013-04-28 16:36:07.265015 7faa3f2c7700 10 -- 10.227.227.101:6789/0 >> 10.227.227.104:6813/9807 pipe(0x4843700 sd=32 :6789 s=2 pgs=396 cs=1 l=1).writer: state = open policy.server=1 -6571>
2013-04-28 16:36:07.265118 7faa3f2c7700 10 -- 10.227.227.101:6789/0 >> 10.227.227.104:6813/9807 pipe(0x4843700 sd=32 :6789 s=2 pgs=396 cs=1 l=1).write_ack 1 -6570>
2013-04-28 16:36:07.265157 7faa3f2c7700 10 -- 10.227.227.101:6789/0 >> 10.227.227.104:6813/9807 pipe(0x4843700 sd=32 :6789 s=2 pgs=396 cs=1 l=1).writer: state = open policy.server=1 -6569>
2013-04-28 16:36:07.309451 7faa40de2700 2 -- 10.227.227.101:6789/0 >> 10.227.227.103:0/2030444 pipe(0x4840c80 sd=25 :6789 s=2 pgs=1643 cs=1 l=1).reader couldn't read tag, Success -6568>
2013-04-28 16:36:07.309528 7faa40de2700 2 -- 10.227.227.101:6789/0 >> 10.227.227.103:0/2030444 pipe(0x4840c80 sd=25 :6789 s=2 pgs=1643 cs=1 l=1).fault 0: Success -6567>
2013-04-28 16:36:07.309543 7faa40de2700 10 -- 10.227.227.101:6789/0 >> 10.227.227.103:0/2030444 pipe(0x4840c80 sd=25 :6789 s=2 pgs=1643 cs=1 l=1).fault on lossy channel, failing -6566>
2013-04-28 16:36:07.309549 7faa40de2700 10 -- 10.227.227.101:6789/0 >> 10.227.227.103:0/2030444 pipe(0x4840c80 sd=25 :6789 s=2 pgs=1643 cs=1 l=1).stop -6565>
2013-04-28 16:36:07.309559 7faa40de2700 10 -- 10.227.227.101:6789/0 >> 10.227.227.103:0/2030444 pipe(0x4840c80 sd=25 :6789 s=4 pgs=1643 cs=1 l=1).unregister_pipe -6564>
2013-04-28 16:36:07.309571 7faa40de2700 10 -- 10.227.227.101:6789/0 dispatch_throttle_release 60 to dispatch throttler 1019/104857600 -6563>
2013-04-28 16:36:07.309589 7faa40de2700 10 -- 10.227.227.101:6789/0 >> 10.227.227.103:0/2030444 pipe(0x4840c80 sd=25 :6789 s=4 pgs=1643 cs=1 l=1).discard_queue -6562>
2013-04-28 16:36:07.309599 7faa40de2700 10 -- 10.227.227.101:6789/0 >> 10.227.227.103:0/2030444 pipe(0x4840c80 sd=25 :6789 s=4 pgs=1643 cs=1 l=1).reader done -6561>
2013-04-28 16:36:07.309605 7faa3f8cd700 10 -- 10.227.227.101:6789/0 queue_reap 0x4840c80 -6560>
2013-04-28 16:36:07.309624 7faa3f8cd700 10 -- 10.227.227.101:6789/0 >> 10.227.227.103:0/2030444 pipe(0x4840c80 sd=25 :6789 s=4 pgs=1643 cs=1 l=1).writer done -6559>
2013-04-28 16:36:07.309633 7faa431ea700 10 -- 10.227.227.101:6789/0 reaper -6558>
2013-04-28 16:36:07.309652 7faa431ea700 10 -- 10.227.227.101:6789/0 reaper reaping pipe 0x4840c80 10.227.227.103:0/2030444 -6557>
2013-04-28 16:36:07.309658 7faa431ea700 10 -- 10.227.227.101:6789/0 >> 10.227.227.103:0/2030444 pipe(0x4840c80 sd=25 :6789 s=4 pgs=1643 cs=1 l=1).discard_queue -6556>
2013-04-28 16:36:07.309670 7faa431ea700 10 -- 10.227.227.101:6789/0 >> 10.227.227.103:0/2030444 pipe(0x4840c80 sd=25 :6789 s=4 pgs=1643 cs=1 l=1).unregister_pipe - not registered -6555>
2013-04-28 16:36:07.309695 7faa431ea700 10 -- 10.227.227.101:6789/0 reaper reaped pipe 0x4840c80 10.227.227.103:0/2030444 -6554>
2013-04-28 16:36:07.309704 7faa431ea700 10 -- 10.227.227.101:6789/0 reaper deleted pipe 0x4840c80 -6553>
2013-04-28 16:36:07.309706 7faa431ea700 10 -- 10.227.227.101:6789/0 reaper done -6552>
2013-04-28 16:36:07.322490 7faa40ce1700 2 -- 10.227.227.101:6789/0 >> 10.227.227.103:0/1030444 pipe(0x4840a00 sd=26 :6789 s=2 pgs=993 cs=1 l=1).reader couldn't read tag, Success -6551>
2013-04-28 16:36:07.322534 7faa40ce1700 2 -- 10.227.227.101:6789/0 >> 10.227.227.103:0/1030444 pipe(0x4840a00 sd=26 :6789 s=2 pgs=993 cs=1 l=1).fault 0: Success -6550>
2013-04-28 16:36:07.322560 7faa40ce1700 10 -- 10.227.227.101:6789/0 >> 10.227.227.103:0/1030444 pipe(0x4840a00 sd=26 :6789 s=2 pgs=993 cs=1 l=1).fault on lossy channel, failing -6549>
2013-04-28 16:36:07.322566 7faa40ce1700 10 -- 10.227.227.101:6789/0 >> 10.227.227.103:0/1030444 pipe(0x4840a00 sd=26 :6789 s=2 pgs=993 cs=1 l=1).stop -6548>
2013-04-28 16:36:07.322575 7faa40ce1700 10 -- 10.227.227.101:6789/0 >> 10.227.227.103:0/1030444 pipe(0x4840a00 sd=26 :6789 s=4 pgs=993 cs=1 l=1).unregister_pipe -6547>
2013-04-28 16:36:07.322586 7faa40ce1700 10 -- 10.227.227.101:6789/0 >> 10.227.227.103:0/1030444 pipe(0x4840a00 sd=26 :6789 s=4 pgs=993 cs=1 l=1).discard_queue -6546>
2013-04-28 16:36:07.322596 7faa40ce1700 10 -- 10.227.227.101:6789/0 >> 10.227.227.103:0/1030444 pipe(0x4840a00 sd=26 :6789 s=4 pgs=993 cs=1 l=1).reader done -6545>
2013-04-28 16:36:07.322649 7faa406db700 10 -- 10.227.227.101:6789/0 queue_reap 0x4840a00 -6544>
2013-04-28 16:36:07.322661 7faa406db700 10 -- 10.227.227.101:6789/0 >> 10.227.227.103:0/1030444 pipe(0x4840a00 sd=26 :6789 s=4 pgs=993 cs=1 l=1).writer done -6543>
2013-04-28 16:36:07.322683 7faa431ea700 10 -- 10.227.227.101:6789/0 reaper -6542>
2013-04-28 16:36:07.322692 7faa431ea700 10 -- 10.227.227.101:6789/0 reaper reaping pipe 0x4840a00 10.227.227.103:0/1030444 -6541>
2013-04-28 16:36:07.322697 7faa431ea700 10 -- 10.227.227.101:6789/0 >> 10.227.227.103:0/1030444 pipe(0x4840a00 sd=26 :6789 s=4 pgs=993 cs=1 l=1).discard_queue -6540>
2013-04-28 16:36:07.322702 7faa431ea700 10 -- 10.227.227.101:6789/0 >> 10.227.227.103:0/1030444 pipe(0x4840a00 sd=26 :6789 s=4 pgs=993 cs=1 l=1).unregister_pipe - not registered -6539>
2013-04-28 16:36:07.322727 7faa431ea700 10 -- 10.227.227.101:6789/0 reaper reaped pipe 0x4840a00 10.227.227.103:0/1030444 -6538>
2013-04-28 16:36:07.322735 7faa431ea700 10 -- 10.227.227.101:6789/0 reaper deleted pipe 0x4840a00 -6537>
2013-04-28 16:36:07.322738 7faa431ea700 10 -- 10.227.227.101:6789/0 reaper done -6536>
2013-04-28 16:36:07.345951 7faa3fbd0700 10 -- 10.227.227.101:6789/0 >> 10.227.227.104:6789/0 pipe(0x4840280 sd=22 :53224 s=2 pgs=4891 cs=1 l=0).reader got ack seq 1 >= 1 on 0x4f00000 mon_probe(probe 5eacb654-3204-4ca1-9b16-83bb0140e497 name 1) v4 -6535>
2013-04-28 16:36:07.355533 7faa419e7700 10 accepter.pfd.revents=1 -6534>
2013-04-28 16:36:07.355559 7faa419e7700 10 accepter.accepted incoming on sd 25 -6533>
2013-04-28 16:36:07.368951 7faa40ce1700 10 -- 10.227.227.101:6789/0 >> :/0 pipe(0x4843480 sd=25 :0 s=0 pgs=0 cs=0 l=0).accept -6532>
2013-04-28 16:36:07.369037 7faa40ce1700 1 -- 10.227.227.101:6789/0 >> :/0 pipe(0x4843480 sd=25 :6789 s=0 pgs=0 cs=0 l=0).accept sd=25 10.227.227.103:34273/0 -6531>
2013-04-28 16:36:07.369719 7faa40ce1700 10 -- 10.227.227.101:6789/0 >> 10.227.227.103:6827/12078 pipe(0x4843480 sd=25 :6789 s=0 pgs=0 cs=0 l=0).accept peer addr is 10.227.227.103:6827/12078 -6530>
2013-04-28 16:36:07.369809 7faa40ce1700 10 -- 10.227.227.101:6789/0 >> 10.227.227.103:6827/12078 pipe(0x4843480 sd=25 :6789 s=0 pgs=0 cs=0 l=1).accept of host_type 4, policy.lossy=1 -6529>
2013-04-28 16:36:07.371107 7faa40ce1700 10 -- 10.227.227.101:6789/0 >> 10.227.227.103:6827/12078 pipe(0x4843480 sd=25 :6789 s=0 pgs=0 cs=0 l=1).accept my proto 15, their proto 15 -6528>
2013-04-28 16:36:07.371148 7faa40ce1700 10 -- 10.227.227.101:6789/0 >> 10.227.227.103:6827/12078 pipe(0x4843480 sd=25 :6789 s=0 pgs=0 cs=0 l=1).accept: setting up session_security. -6527>
2013-04-28 16:36:07.371215 7faa40ce1700 10 -- 10.227.227.101:6789/0 >> 10.227.227.103:6827/12078 pipe(0x4843480 sd=25 :6789 s=0 pgs=0 cs=0 l=1).accept new session -6526>
2013-04-28 16:36:07.371256 7faa40ce1700 10 -- 10.227.227.101:6789/0 >> 10.227.227.103:6827/12078 pipe(0x4843480 sd=25 :6789 s=2 pgs=398 cs=1 l=1).accept success, connect_seq = 1, sending READY -6525>
2013-04-28 16:36:07.371290 7faa40ce1700 10 -- 10.227.227.101:6789/0 >> 10.227.227.103:6827/12078 pipe(0x4843480 sd=25 :6789 s=2 pgs=398 cs=1 l=1).accept features 18446744073709551615 -6524>
2013-04-28 16:36:07.371358 7faa40ce1700 10 -- 10.227.227.101:6789/0 >> 10.227.227.103:6827/12078 pipe(0x4843480 sd=25 :6789 s=2 pgs=398 cs=1 l=1).register_pipe -6523>
2013-04-28 16:36:07.371414 7faa40ce1700 10 -- 10.227.227.101:6789/0 >> 10.227.227.103:6827/12078 pipe(0x4843480 sd=25 :6789 s=2 pgs=398 cs=1 l=1).discard_requeued_up_to 0 -6522>
2013-04-28 16:36:07.371451 7faa40ce1700 10 -- 10.227.227.101:6789/0 >> 10.227.227.103:6827/12078 pipe(0x4843480 sd=25 :6789 s=2 pgs=398 cs=1 l=1).accept starting writer, state open -6521>
2013-04-28 16:36:07.371723 7faa40ce1700 10 -- 10.227.227.101:6789/0 >> 10.227.227.103:6827/12078 pipe(0x4843480 sd=25 :6789 s=2 pgs=398 cs=1 l=1).reader wants 56 bytes from policy throttler 336/419430400 -6520>
2013-04-28 16:36:07.371771 7faa40ce1700 10 -- 10.227.227.101:6789/0 >> 10.227.227.103:6827/12078 pipe(0x4843480 sd=25 :6789 s=2 pgs=398 cs=1 l=1).reader wants 56 from dispatch throttler 959/104857600 -6519>
2013-04-28 16:36:07.371807 7faa40ce1700 10 -- 10.227.227.101:6789/0 >> 10.227.227.103:6827/12078 pipe(0x4843480 sd=25 :6789 s=2 pgs=398 cs=1 l=1).aborted = 0 -6518>
2013-04-28 16:36:07.371890 7faa40ce1700 10 -- 10.227.227.101:6789/0 >> 10.227.227.103:6827/12078 pipe(0x4843480 sd=25 :6789 s=2 pgs=398 cs=1 l=1).reader got message 1 0x2daa880 auth(proto 0 26 bytes epoch 1) v1 -6517>
2013-04-28 16:36:07.386450 7faa406db700 10 -- 10.227.227.101:6789/0 >> 10.227.227.103:6827/12078 pipe(0x4843480 sd=25 :6789 s=2 pgs=398 cs=1 l=1).writer: state = open policy.server=1 -6516>
2013-04-28 16:36:07.386494 7faa406db700 10 -- 10.227.227.101:6789/0 >> 10.227.227.103:6827/12078 pipe(0x4843480 sd=25 :6789 s=2 pgs=398 cs=1 l=1).write_ack 1 -6515>
2013-04-28 16:36:07.386510 7faa406db700 10 -- 10.227.227.101:6789/0 >> 10.227.227.103:6827/12078 pipe(0x4843480 sd=25 :6789 s=2 pgs=398 cs=1 l=1).writer: state = open policy.server=1 -6514>
2013-04-28 16:36:07.440722 7faa40adf700 2 -- 10.227.227.101:6789/0 >> 10.227.227.101:0/1852340383 pipe(0x4841180 sd=28 :6789 s=2 pgs=3481 cs=1 l=1).reader couldn't read tag, Success -6513>
2013-04-28 16:36:07.440770 7faa40adf700 2 -- 10.227.227.101:6789/0 >> 10.227.227.101:0/1852340383 pipe(0x4841180 sd=28 :6789 s=2 pgs=3481 cs=1 l=1).fault 0: Success -6512>
2013-04-28 16:36:07.440806 7faa40adf700 10 -- 10.227.227.101:6789/0 >> 10.227.227.101:0/1852340383 pipe(0x4841180 sd=28 :6789 s=2 pgs=3481 cs=1 l=1).fault on lossy channel, failing -6511>
2013-04-28 16:36:07.440814 7faa40adf700 10 -- 10.227.227.101:6789/0 >> 10.227.227.101:0/1852340383 pipe(0x4841180 sd=28 :6789 s=2 pgs=3481 cs=1 l=1).stop -6510>
2013-04-28 16:36:07.440825 7faa40adf700 10 -- 10.227.227.101:6789/0 >> 10.227.227.101:0/1852340383 pipe(0x4841180 sd=28 :6789 s=4 pgs=3481 cs=1 l=1).unregister_pipe -6509>
2013-04-28 16:36:07.440834 7faa40adf700 10 -- 10.227.227.101:6789/0 >> 10.227.227.101:0/1852340383 pipe(0x4841180 sd=28 :6789 s=4 pgs=3481 cs=1 l=1).discard_queue -6508>
2013-04-28 16:36:07.440848 7faa40adf700 10 -- 10.227.227.101:6789/0 >> 10.227.227.101:0/1852340383 pipe(0x4841180 sd=28 :6789 s=4 pgs=3481 cs=1 l=1).reader done -6507>
2013-04-28 16:36:07.440854 7faa3fed3700 10 -- 10.227.227.101:6789/0 queue_reap 0x4841180 -6506>
2013-04-28 16:36:07.440874 7faa3fed3700 10 -- 10.227.227.101:6789/0 >> 10.227.227.101:0/1852340383 pipe(0x4841180 sd=28 :6789 s=4 pgs=3481 cs=1 l=1).writer done -6505>
2013-04-28 16:36:07.440908 7faa431ea700 10 -- 10.227.227.101:6789/0 reaper -6504>
2013-04-28 16:36:07.440915 7faa431ea700 10 -- 10.227.227.101:6789/0 reaper reaping pipe 0x4841180 10.227.227.101:0/1852340383 -6503>
2013-04-28 16:36:07.440920 7faa431ea700 10 -- 10.227.227.101:6789/0 >> 10.227.227.101:0/1852340383 pipe(0x4841180 sd=28 :6789 s=4 pgs=3481 cs=1 l=1).discard_queue -6502>
2013-04-28 16:36:07.440927 7faa431ea700 10 -- 10.227.227.101:6789/0 >> 10.227.227.101:0/1852340383 pipe(0x4841180 sd=28 :6789 s=4 pgs=3481 cs=1 l=1).unregister_pipe - not registered -6501>
2013-04-28 16:36:07.440948 7faa431ea700 10 -- 10.227.227.101:6789/0 reaper reaped pipe 0x4841180 10.227.227.101:0/1852340383 -6500>
2013-04-28 16:36:07.440955 7faa431ea700 10 -- 10.227.227.101:6789/0 reaper deleted pipe 0x4841180 -6499>
2013-04-28 16:36:07.440957 7faa431ea700 10 -- 10.227.227.101:6789/0 reaper done -6498>
2013-04-28 16:36:07.591569 7faa408dd700 2 -- 10.227.227.101:6789/0 >> 10.227.227.101:6812/13601 pipe(0x4841e00 sd=30 :6789 s=2 pgs=299 cs=1 l=1).reader couldn't read tag, Success -6497>
2013-04-28 16:36:07.591615 7faa408dd700 2 -- 10.227.227.101:6789/0 >> 10.227.227.101:6812/13601 pipe(0x4841e00 sd=30 :6789 s=2 pgs=299 cs=1 l=1).fault 0: Success -6496>
2013-04-28 16:36:07.591658 7faa408dd700 10 -- 10.227.227.101:6789/0 >> 10.227.227.101:6812/13601 pipe(0x4841e00 sd=30 :6789 s=2 pgs=299 cs=1 l=1).fault on lossy channel, failing -6495>
2013-04-28 16:36:07.591666 7faa408dd700 10 -- 10.227.227.101:6789/0 >> 10.227.227.101:6812/13601 pipe(0x4841e00 sd=30 :6789 s=2 pgs=299 cs=1 l=1).stop -6494>
2013-04-28 16:36:07.591674 7faa408dd700 10 -- 10.227.227.101:6789/0 >> 10.227.227.101:6812/13601 pipe(0x4841e00 sd=30 :6789 s=4 pgs=299 cs=1 l=1).unregister_pipe -6493>
2013-04-28 16:36:07.591686 7faa408dd700 10 -- 10.227.227.101:6789/0 dispatch_throttle_release 56 to dispatch throttler 1015/104857600 -6492>
2013-04-28 16:36:07.591702 7faa408dd700 10 -- 10.227.227.101:6789/0 >> 10.227.227.101:6812/13601 pipe(0x4841e00 sd=30 :6789 s=4 pgs=299 cs=1 l=1).discard_queue -6491>
2013-04-28 16:36:07.591712 7faa408dd700 10 -- 10.227.227.101:6789/0 >> 10.227.227.101:6812/13601 pipe(0x4841e00 sd=30 :6789 s=4 pgs=299 cs=1 l=1).reader done -6490>
2013-04-28 16:36:07.591839 7faa400d5700 10 -- 10.227.227.101:6789/0 queue_reap 0x4841e00 -6489>
2013-04-28 16:36:07.591853 7faa400d5700 10 -- 10.227.227.101:6789/0 >> 10.227.227.101:6812/13601 pipe(0x4841e00 sd=30 :6789 s=4 pgs=299 cs=1 l=1).writer done -6488>
2013-04-28 16:36:07.591858 7faa431ea700 10 -- 10.227.227.101:6789/0 reaper -6487>
2013-04-28 16:36:07.591872 7faa431ea700 10 -- 10.227.227.101:6789/0 reaper reaping pipe 0x4841e00 10.227.227.101:6812/13601 -6486>
2013-04-28 16:36:07.591877 7faa431ea700 10 -- 10.227.227.101:6789/0 >> 10.227.227.101:6812/13601 pipe(0x4841e00 sd=30 :6789 s=4 pgs=299 cs=1 l=1).discard_queue -6485>
2013-04-28 16:36:07.591884 7faa431ea700 10 -- 10.227.227.101:6789/0 >> 10.227.227.101:6812/13601 pipe(0x4841e00 sd=30 :6789 s=4 pgs=299 cs=1 l=1).unregister_pipe - not registered -6484>
2013-04-28 16:36:07.591902 7faa431ea700 10 -- 10.227.227.101:6789/0 reaper reaped pipe 0x4841e00 10.227.227.101:6812/13601 -6483>
2013-04-28 16:36:07.591909 7faa431ea700 10 -- 10.227.227.101:6789/0 reaper deleted pipe 0x4841e00 -6482>
2013-04-28 16:36:07.591911 7faa431ea700 10 -- 10.227.227.101:6789/0 reaper done -6481>
2013-04-28 16:36:07.667126 7faa407dc700 2 -- 10.227.227.101:6789/0 >> 10.227.227.103:0/1025178 pipe(0x4841b80 sd=31 :6789 s=2 pgs=1474 cs=1 l=1).reader couldn't read tag, Success -6480>
2013-04-28 16:36:07.667188 7faa407dc700 2 -- 10.227.227.101:6789/0 >> 10.227.227.103:0/1025178 pipe(0x4841b80 sd=31 :6789 s=2 pgs=1474 cs=1 l=1).fault 0: Success -6479>
2013-04-28 16:36:07.667221 7faa407dc700 10 -- 10.227.227.101:6789/0 >> 10.227.227.103:0/1025178 pipe(0x4841b80 sd=31 :6789 s=2 pgs=1474 cs=1 l=1).fault on lossy channel, failing -6478>
2013-04-28 16:36:07.667227 7faa407dc700 10 -- 10.227.227.101:6789/0 >> 10.227.227.103:0/1025178 pipe(0x4841b80 sd=31 :6789 s=2 pgs=1474 cs=1 l=1).stop -6477>
2013-04-28 16:36:07.667238 7faa407dc700 10 -- 10.227.227.101:6789/0 >> 10.227.227.103:0/1025178 pipe(0x4841b80 sd=31 :6789 s=4 pgs=1474 cs=1 l=1).unregister_pipe -6476>
2013-04-28 16:36:07.667250 7faa407dc700 10 -- 10.227.227.101:6789/0 dispatch_throttle_release 60 to dispatch throttler 959/104857600 -6475>
2013-04-28 16:36:07.667269 7faa407dc700 10 -- 10.227.227.101:6789/0 >> 10.227.227.103:0/1025178 pipe(0x4841b80 sd=31 :6789 s=4 pgs=1474 cs=1 l=1).discard_queue -6474>
2013-04-28 16:36:07.667280 7faa407dc700 10 -- 10.227.227.101:6789/0 >> 10.227.227.103:0/1025178 pipe(0x4841b80 sd=31 :6789 s=4 pgs=1474 cs=1 l=1).reader done -6473>
2013-04-28 16:36:07.667285 7faa3facf700 10 -- 10.227.227.101:6789/0 queue_reap 0x4841b80 -6472>
2013-04-28 16:36:07.667305 7faa3facf700 10 -- 10.227.227.101:6789/0 >> 10.227.227.103:0/1025178 pipe(0x4841b80 sd=31 :6789 s=4 pgs=1474 cs=1 l=1).writer done -6471>
2013-04-28 16:36:07.667339 7faa431ea700 10 -- 10.227.227.101:6789/0 reaper -6470>
2013-04-28 16:36:07.667346 7faa431ea700 10 -- 10.227.227.101:6789/0 reaper reaping pipe 0x4841b80 10.227.227.103:0/1025178 -6469>
2013-04-28 16:36:07.667349 7faa431ea700 10 -- 10.227.227.101:6789/0 >> 10.227.227.103:0/1025178 pipe(0x4841b80 sd=31 :6789 s=4 pgs=1474 cs=1 l=1).discard_queue -6468>
2013-04-28 16:36:07.667356 7faa431ea700 10 -- 10.227.227.101:6789/0 >> 10.227.227.103:0/1025178 pipe(0x4841b80 sd=31 :6789 s=4 pgs=1474 cs=1 l=1).unregister_pipe - not registered -6467>
2013-04-28 16:36:07.667379 7faa431ea700 10 -- 10.227.227.101:6789/0 reaper reaped pipe 0x4841b80 10.227.227.103:0/1025178 -6466>
2013-04-28 16:36:07.667386 7faa431ea700 10 -- 10.227.227.101:6789/0 reaper deleted pipe 0x4841b80 -6465>
2013-04-28 16:36:07.667389 7faa431ea700 10 -- 10.227.227.101:6789/0 reaper done -6464>
2013-04-28 16:36:07.786737 7faa405da700 2 -- 10.227.227.101:6789/0 >> 10.227.227.101:6801/13334 pipe(0x4841680 sd=33 :6789 s=2 pgs=293 cs=1 l=1).reader couldn't read tag, Success -6463>
2013-04-28 16:36:07.786787 7faa405da700 2 -- 10.227.227.101:6789/0 >> 10.227.227.101:6801/13334 pipe(0x4841680 sd=33 :6789 s=2 pgs=293 cs=1 l=1).fault 0: Success -6462>
2013-04-28 16:36:07.786829 7faa405da700 10 -- 10.227.227.101:6789/0 >> 10.227.227.101:6801/13334 pipe(0x4841680 sd=33 :6789 s=2 pgs=293 cs=1 l=1).fault on lossy channel, failing -6461>
2013-04-28 16:36:07.786836 7faa405da700 10 -- 10.227.227.101:6789/0 >> 10.227.227.101:6801/13334 pipe(0x4841680 sd=33 :6789 s=2 pgs=293 cs=1 l=1).stop -6460>
2013-04-28 16:36:07.786845 7faa405da700 10 -- 10.227.227.101:6789/0 >> 10.227.227.101:6801/13334 pipe(0x4841680 sd=33 :6789 s=4 pgs=293 cs=1 l=1).unregister_pipe -6459>
2013-04-28 16:36:07.786860 7faa405da700 10 -- 10.227.227.101:6789/0 dispatch_throttle_release 56 to dispatch throttler 899/104857600 -6458>
2013-04-28 16:36:07.786876 7faa405da700 10 -- 10.227.227.101:6789/0 >> 10.227.227.101:6801/13334 pipe(0x4841680 sd=33 :6789 s=4 pgs=293 cs=1 l=1).discard_queue -6457>
2013-04-28 16:36:07.786885 7faa405da700 10 -- 10.227.227.101:6789/0 >> 10.227.227.101:6801/13334 pipe(0x4841680 sd=33 :6789 s=4 pgs=293 cs=1 l=1).reader done -6456>
2013-04-28 16:36:07.786976 7faa3f7cc700 10 -- 10.227.227.101:6789/0 queue_reap 0x4841680 -6455>
2013-04-28 16:36:07.786990 7faa3f7cc700 10 -- 10.227.227.101:6789/0 >> 10.227.227.101:6801/13334 pipe(0x4841680 sd=33 :6789 s=4 pgs=293 cs=1 l=1).writer done -6454>
2013-04-28 16:36:07.786996 7faa431ea700 10 -- 10.227.227.101:6789/0 reaper -6453>
2013-04-28 16:36:07.787010 7faa431ea700 10 -- 10.227.227.101:6789/0 reaper reaping pipe 0x4841680 10.227.227.101:6801/13334 -6452>
2013-04-28 16:36:07.787015 7faa431ea700 10 -- 10.227.227.101:6789/0 >> 10.227.227.101:6801/13334 pipe(0x4841680 sd=33 :6789 s=4 pgs=293 cs=1 l=1).discard_queue -6451>
2013-04-28 16:36:07.787023 7faa431ea700 10 -- 10.227.227.101:6789/0 >> 10.227.227.101:6801/13334 pipe(0x4841680 sd=33 :6789 s=4 pgs=293 cs=1 l=1).unregister_pipe - not registered -6450>
2013-04-28 16:36:07.787049 7faa431ea700 10 -- 10.227.227.101:6789/0 reaper reaped pipe 0x4841680 10.227.227.101:6801/13334 -6449>
2013-04-28 16:36:07.787056 7faa431ea700 10 -- 10.227.227.101:6789/0 reaper deleted pipe 0x4841680 -6448>
2013-04-28 16:36:07.787059 7faa431ea700 10 -- 10.227.227.101:6789/0 reaper done -6447>
2013-04-28 16:36:07.958005 7faa404d9700 2 -- 10.227.227.101:6789/0 >> 10.227.227.104:0/1012039 pipe(0x4842a80 sd=34 :6789 s=2 pgs=982 cs=1 l=1).reader couldn't read tag, Success -6446>
2013-04-28 16:36:07.958063 7faa404d9700 2 -- 10.227.227.101:6789/0 >> 10.227.227.104:0/1012039 pipe(0x4842a80 sd=34 :6789 s=2 pgs=982 cs=1 l=1).fault 0: Success -6445>
2013-04-28 16:36:07.958162 7faa404d9700 10 -- 10.227.227.101:6789/0 >> 10.227.227.104:0/1012039 pipe(0x4842a80 sd=34 :6789 s=2 pgs=982 cs=1 l=1).fault on lossy channel, failing -6444>
2013-04-28 16:36:07.958179 7faa404d9700 10 -- 10.227.227.101:6789/0 >> 10.227.227.104:0/1012039 pipe(0x4842a80 sd=34 :6789 s=2 pgs=982 cs=1 l=1).stop -6443>
2013-04-28 16:36:07.958190 7faa404d9700 10 -- 10.227.227.101:6789/0 >> 10.227.227.104:0/1012039 pipe(0x4842a80 sd=34 :6789 s=4 pgs=982 cs=1 l=1).unregister_pipe -6442>
2013-04-28 16:36:07.958203 7faa404d9700 10 -- 10.227.227.101:6789/0 dispatch_throttle_release 60 to dispatch throttler 843/104857600 -6441>
2013-04-28 16:36:07.958222 7faa404d9700 10 -- 10.227.227.101:6789/0 >> 10.227.227.104:0/1012039 pipe(0x4842a80 sd=34 :6789 s=4 pgs=982 cs=1 l=1).discard_queue -6440>
2013-04-28 16:36:07.958256 7faa404d9700 10 -- 10.227.227.101:6789/0 >> 10.227.227.104:0/1012039 pipe(0x4842a80 sd=34 :6789 s=4 pgs=982 cs=1 l=1).reader done -6439>
2013-04-28 16:36:07.958262 7faa3f6cb700 10 -- 10.227.227.101:6789/0 queue_reap 0x4842a80 -6438>
2013-04-28 16:36:07.958283 7faa3f6cb700 10 -- 10.227.227.101:6789/0 >> 10.227.227.104:0/1012039 pipe(0x4842a80 sd=34 :6789 s=4 pgs=982 cs=1 l=1).writer done -6437>
2013-04-28 16:36:07.958288 7faa431ea700 10 -- 10.227.227.101:6789/0 reaper -6436>
2013-04-28 16:36:07.958303 7faa431ea700 10 -- 10.227.227.101:6789/0 reaper reaping pipe 0x4842a80 10.227.227.104:0/1012039 -6435>
2013-04-28 16:36:07.958308 7faa431ea700 10 -- 10.227.227.101:6789/0 >> 10.227.227.104:0/1012039 pipe(0x4842a80 sd=34 :6789 s=4 pgs=982 cs=1 l=1).discard_queue -6434>
2013-04-28 16:36:07.958316 7faa431ea700 10 -- 10.227.227.101:6789/0 >> 10.227.227.104:0/1012039 pipe(0x4842a80 sd=34 :6789 s=4 pgs=982 cs=1 l=1).unregister_pipe - not registered -6433>
2013-04-28 16:36:07.958577 7faa402d7700 2 -- 10.227.227.101:6789/0 >> 10.227.227.104:0/2012039 pipe(0x4842580 sd=36 :6789 s=2 pgs=1220 cs=1 l=1).reader couldn't read tag, Success -6432>
2013-04-28 16:36:07.958567 7faa403d8700 2 -- 10.227.227.101:6789/0 >> 10.227.227.104:0/3012039 pipe(0x4842800 sd=35 :6789 s=2 pgs=958 cs=1 l=1).reader couldn't read tag, Success -6431>
2013-04-28 16:36:07.958611 7faa402d7700 2 -- 10.227.227.101:6789/0 >> 10.227.227.104:0/2012039 pipe(0x4842580 sd=36 :6789 s=2 pgs=1220 cs=1 l=1).fault 0: Success -6430>
2013-04-28 16:36:07.958613 7faa403d8700 2 -- 10.227.227.101:6789/0 >> 10.227.227.104:0/3012039 pipe(0x4842800 sd=35 :6789 s=2 pgs=958 cs=1 l=1).fault 0: Success -6429>
2013-04-28 16:36:07.958642 7faa403d8700 10 -- 10.227.227.101:6789/0 >> 10.227.227.104:0/3012039 pipe(0x4842800 sd=35 :6789 s=2 pgs=958 cs=1 l=1).fault on lossy channel, failing -6428>
2013-04-28 16:36:07.958636 7faa402d7700 10 -- 10.227.227.101:6789/0 >> 10.227.227.104:0/2012039 pipe(0x4842580 sd=36 :6789 s=2 pgs=1220 cs=1 l=1).fault on lossy channel, failing -6427>
2013-04-28 16:36:07.958648 7faa403d8700 10 -- 10.227.227.101:6789/0 >> 10.227.227.104:0/3012039 pipe(0x4842800 sd=35 :6789 s=2 pgs=958 cs=1 l=1).stop -6426>
2013-04-28 16:36:07.958651 7faa402d7700 10 -- 10.227.227.101:6789/0 >> 10.227.227.104:0/2012039 pipe(0x4842580 sd=36 :6789 s=2 pgs=1220 cs=1 l=1).stop -6425>
2013-04-28 16:36:07.958660 7faa3fdd2700 10 -- 10.227.227.101:6789/0 >> 10.227.227.104:0/3012039 pipe(0x4842800 sd=35 :6789 s=4 pgs=958 cs=1 l=1).writer done -6424>
2013-04-28 16:36:07.958739 7faa3f5ca700 10 -- 10.227.227.101:6789/0 >> 10.227.227.104:0/2012039 pipe(0x4842580 sd=36 :6789 s=4 pgs=1220 cs=1 l=1).writer done -6423>
2013-04-28 16:36:07.958799 7faa431ea700 10 -- 10.227.227.101:6789/0 reaper reaped pipe 0x4842a80 10.227.227.104:0/1012039 -6422>
2013-04-28 16:36:07.958810 7faa431ea700 10 -- 10.227.227.101:6789/0 reaper deleted pipe 0x4842a80 -6421>
2013-04-28 16:36:07.958812 7faa431ea700 10 -- 10.227.227.101:6789/0 reaper done -6420>
2013-04-28 16:36:07.958826 7faa403d8700 10 -- 10.227.227.101:6789/0 >> 10.227.227.104:0/3012039 pipe(0x4842800 sd=35 :6789 s=4 pgs=958 cs=1 l=1).unregister_pipe -6419>
2013-04-28 16:36:07.958848 7faa403d8700 10 -- 10.227.227.101:6789/0 >> 10.227.227.104:0/3012039 pipe(0x4842800 sd=35 :6789 s=4 pgs=958 cs=1 l=1).discard_queue -6418>
2013-04-28 16:36:07.958859 7faa403d8700 10 -- 10.227.227.101:6789/0 queue_reap 0x4842800 -6417>
2013-04-28 16:36:07.958865 7faa403d8700 10 -- 10.227.227.101:6789/0 >> 10.227.227.104:0/3012039 pipe(0x4842800 sd=35 :6789 s=4 pgs=958 cs=1 l=1).reader done -6416>
2013-04-28 16:36:07.958870 7faa431ea700 10 -- 10.227.227.101:6789/0 reaper -6415>
2013-04-28 16:36:07.958878 7faa431ea700 10 -- 10.227.227.101:6789/0 reaper reaping pipe 0x4842800 10.227.227.104:0/3012039 -6414>
2013-04-28 16:36:07.958882 7faa431ea700 10 -- 10.227.227.101:6789/0 >> 10.227.227.104:0/3012039 pipe(0x4842800 sd=35 :6789 s=4 pgs=958 cs=1 l=1).discard_queue -6413>
2013-04-28 16:36:07.958889 7faa431ea700 10 -- 10.227.227.101:6789/0 >> 10.227.227.104:0/3012039 pipe(0x4842800 sd=35 :6789 s=4 pgs=958 cs=1 l=1).unregister_pipe - not registered -6412>
2013-04-28 16:36:07.958904 7faa431ea700 10 -- 10.227.227.101:6789/0 reaper reaped pipe 0x4842800 10.227.227.104:0/3012039 -6411>
2013-04-28 16:36:07.958909 7faa431ea700 10 -- 10.227.227.101:6789/0 reaper deleted pipe 0x4842800 -6410>
2013-04-28 16:36:07.958914 7faa431ea700 10 -- 10.227.227.101:6789/0 reaper done -6409>
2013-04-28 16:36:07.958925 7faa402d7700 10 -- 10.227.227.101:6789/0 >> 10.227.227.104:0/2012039 pipe(0x4842580 sd=36 :6789 s=4 pgs=1220 cs=1 l=1).unregister_pipe -6408>
2013-04-28 16:36:07.958940 7faa402d7700 10 -- 10.227.227.101:6789/0 dispatch_throttle_release 60 to dispatch throttler 783/104857600 -6407>
2013-04-28 16:36:07.958951 7faa402d7700 10 -- 10.227.227.101:6789/0 >> 10.227.227.104:0/2012039 pipe(0x4842580 sd=36 :6789 s=4 pgs=1220 cs=1 l=1).discard_queue -6406>
2013-04-28 16:36:07.958960 7faa402d7700 10 -- 10.227.227.101:6789/0 queue_reap 0x4842580 -6405>
2013-04-28 16:36:07.958965 7faa402d7700 10 -- 10.227.227.101:6789/0 >> 10.227.227.104:0/2012039 pipe(0x4842580 sd=36 :6789 s=4 pgs=1220 cs=1 l=1).reader done -6404>
2013-04-28 16:36:07.959035 7faa431ea700 10 -- 10.227.227.101:6789/0 reaper -6403>
2013-04-28 16:36:07.959044 7faa431ea700 10 -- 10.227.227.101:6789/0 reaper reaping pipe 0x4842580 10.227.227.104:0/2012039 -6402>
2013-04-28 16:36:07.959048 7faa431ea700 10 -- 10.227.227.101:6789/0 >> 10.227.227.104:0/2012039 pipe(0x4842580 sd=36 :6789 s=4 pgs=1220 cs=1 l=1).discard_queue -6401>
2013-04-28 16:36:07.959055 7faa431ea700 10 -- 10.227.227.101:6789/0 >> 10.227.227.104:0/2012039 pipe(0x4842580 sd=36 :6789 s=4 pgs=1220 cs=1 l=1).unregister_pipe - not registered -6400>
2013-04-28 16:36:07.959068 7faa431ea700 10 -- 10.227.227.101:6789/0 reaper reaped pipe 0x4842580 10.227.227.104:0/2012039 -6399>
2013-04-28 16:36:07.959075 7faa431ea700 10 -- 10.227.227.101:6789/0 reaper deleted pipe 0x4842580 -6398>
