2013-04-25 18:37:53.011757 7fcccb474780 0 ceph version 0.60-641-gc7a0477 (c7a0477bad6bfbec4ef325295ca0489ec1977926), process ceph-mon, pid 19271
2013-04-25 18:37:53.011800 7fcccb474780 10 needs_conversion
2013-04-25 18:37:53.750614 7fcccb474780 10 obtain_monmap
2013-04-25 18:37:53.750770 7fcccb474780 10 obtain_monmap read last committed monmap ver 1
2013-04-25 18:37:53.750917 7fcccb474780 10 -- :/0 rank.bind 10.1.0.3:6789/0
2013-04-25 18:37:53.750930 7fcccb474780 10 accepter.accepter.bind
2013-04-25 18:37:53.750952 7fcccb474780 10 accepter.accepter.bind bound to 10.1.0.3:6789/0
2013-04-25 18:37:53.750965 7fcccb474780 1 -- 10.1.0.3:6789/0 learned my addr 10.1.0.3:6789/0
2013-04-25 18:37:53.750973 7fcccb474780 1 accepter.accepter.bind my_inst.addr is 10.1.0.3:6789/0 need_addr=0
2013-04-25 18:37:53.751035 7fcccb474780 1 mon.a@-1(probing) e1 preinit fsid 2f2730c5-0504-4433-ae0b-331dd41d99a4
2013-04-25 18:37:53.751133 7fcccb474780 10 mon.a@-1(probing) e1 check_fsid cluster_uuid contains '2f2730c5-0504-4433-ae0b-331dd41d99a4'
2013-04-25 18:37:53.751177 7fcccb474780 10 mon.a@-1(probing) e1 features compat={},rocompat={},incompat={1=initial feature set (~v.18),3=single paxos with k/v store (v0.?)}
2013-04-25 18:37:53.751219 7fcccb474780 10 mon.a@-1(probing) e1 has_ever_joined = 1
2013-04-25 18:37:53.751256 7fcccb474780 1 mon.a@-1(probing) e1 preinit clean up potentially inconsistent store state
2013-04-25 18:37:53.934864 7fcccb474780 10 mon.a@-1(probing) e1 init_paxos
2013-04-25 18:37:54.241726 7fcccb474780 10 mon.a@-1(probing).paxos(paxos recovering c 0..0) init last_pn: 0 accepted_pn: 0 last_committed: 0 first_committed: 0
2013-04-25 18:37:54.241783 7fcccb474780 10 mon.a@-1(probing).paxos(paxos recovering c 0..0) init
2013-04-25 18:37:54.315308 7fcccb474780 10 mon.a@-1(probing).log v0 update_from_paxos
2013-04-25 18:37:54.315709 7fcccb474780 10 mon.a@-1(probing).log v0 update_from_paxos version 0 summary v 0
2013-04-25 18:37:54.400076 7fcccb474780 10 mon.a@-1(probing).auth v0 update_from_paxos
2013-04-25 18:37:54.461172 7fcccb474780 10 mon.a@-1(probing).health(0) init
2013-04-25 18:37:54.513893 7fcccb474780 10 mon.a@-1(probing) e1 loading initial keyring to bootstrap authentication for mkfs
2013-04-25 18:37:54.516358 7fcccb474780 1 -- 10.1.0.3:6789/0 messenger.start
2013-04-25 18:37:54.516509 7fcccb474780 2 mon.a@-1(probing) e1 init
2013-04-25 18:37:54.516557 7fcccb474780 10 -- 10.1.0.3:6789/0 ready 10.1.0.3:6789/0
2013-04-25 18:37:54.516782 7fcccb474780 1 accepter.accepter.start
2013-04-25 18:37:54.517243 7fcccb474780 10 mon.a@-1(probing) e1 bootstrap
2013-04-25 18:37:54.517258 7fcccb474780 10 mon.a@-1(probing) e1 unregister_cluster_logger - not registered
2013-04-25 18:37:54.517319 7fcccb474780 10 mon.a@-1(probing) e1 cancel_probe_timeout (none scheduled)
2013-04-25 18:37:54.516647 7fccc14d7700 10 -- 10.1.0.3:6789/0 reaper_entry start
2013-04-25 18:37:54.517325 7fcccb474780 0 mon.a@-1(probing) e1 my rank is now 0 (was -1)
2013-04-25 18:37:54.517328 7fcccb474780 1 -- 10.1.0.3:6789/0 mark_down_all
2013-04-25 18:37:54.517392 7fccc14d7700 10 -- 10.1.0.3:6789/0 reaper
2013-04-25 18:37:54.517325 7fccbfcd4700 10 accepter.accepter starting
2013-04-25 18:37:54.517407 7fccbfcd4700 20 accepter.accepter calling poll
2013-04-25 18:37:54.517405 7fccc14d7700 10 -- 10.1.0.3:6789/0 reaper done
2013-04-25 18:37:54.517467 7fcccb474780 10 mon.a@0(probing) e1 reset_sync
2013-04-25 18:37:54.517557 7fcccb474780 10 mon.a@0(probing) e1 reset
2013-04-25 18:37:54.517561 7fcccb474780 10 mon.a@0(probing) e1 timecheck_finish
2013-04-25 18:37:54.517567 7fcccb474780 10 mon.a@0(probing).paxos(paxos recovering c 0..0) restart -- canceling timeouts
2013-04-25 18:37:54.517587 7fcccb474780 10 mon.a@0(probing).paxos(paxos recovering c 0..0) restart -- clearing queued proposals
2013-04-25 18:37:54.517596 7fcccb474780 10 mon.a@0(probing).paxosservice(pgmap) restart
2013-04-25 18:37:54.517605 7fcccb474780 10 mon.a@0(probing).paxosservice(mdsmap) restart
2013-04-25 18:37:54.517610 7fcccb474780 10 mon.a@0(probing).paxosservice(osdmap) restart
2013-04-25 18:37:54.517612 7fcccb474780 10 mon.a@0(probing).paxosservice(logm) restart
2013-04-25 18:37:54.517614 7fcccb474780 10 mon.a@0(probing).paxosservice(monmap) restart
2013-04-25 18:37:54.517617 7fcccb474780 10 mon.a@0(probing).paxosservice(auth) restart
2013-04-25 18:37:54.517625 7fcccb474780 10 mon.a@0(probing) e1 cancel_probe_timeout (none scheduled)
2013-04-25 18:37:54.517628 7fcccb474780 10 mon.a@0(probing) e1 reset_probe_timeout 0x23d9340 after 2 seconds
2013-04-25 18:37:54.517691 7fcccb474780 10 mon.a@0(probing) e1 probing other monitors
2013-04-25 18:37:54.517699 7fcccb474780 1 -- 10.1.0.3:6789/0 --> mon.1 10.1.0.67:6789/0 -- mon_probe(probe 2f2730c5-0504-4433-ae0b-331dd41d99a4 name a) v4 -- ?+0 0x23ddf90
2013-04-25 18:37:54.517721 7fcccb474780 20 -- 10.1.0.3:6789/0 submit_message mon_probe(probe 2f2730c5-0504-4433-ae0b-331dd41d99a4 name a) v4 remote, 10.1.0.67:6789/0, new pipe.
2013-04-25 18:37:54.517728 7fcccb474780 10 -- 10.1.0.3:6789/0 connect_rank to 10.1.0.67:6789/0, creating pipe and registering
2013-04-25 18:37:54.517767 7fcccb474780 10 -- 10.1.0.3:6789/0 >> 10.1.0.67:6789/0 pipe(0x23de670 sd=-1 :0 s=1 pgs=0 cs=0 l=0).register_pipe
2013-04-25 18:37:54.517805 7fcccb474780 1 -- 10.1.0.3:6789/0 --> mon.2 10.1.0.130:6789/0 -- mon_probe(probe 2f2730c5-0504-4433-ae0b-331dd41d99a4 name a) v4 -- ?+0 0x241a540
2013-04-25 18:37:54.517812 7fcccb474780 20 -- 10.1.0.3:6789/0 submit_message mon_probe(probe 2f2730c5-0504-4433-ae0b-331dd41d99a4 name a) v4 remote, 10.1.0.130:6789/0, new pipe.
2013-04-25 18:37:54.517817 7fcccb474780 10 -- 10.1.0.3:6789/0 connect_rank to 10.1.0.130:6789/0, creating pipe and registering
2013-04-25 18:37:54.517807 7fccbf4d3700 10 -- 10.1.0.3:6789/0 >> 10.1.0.67:6789/0 pipe(0x23de670 sd=-1 :0 s=1 pgs=0 cs=0 l=0).writer: state = connecting policy.server=0
2013-04-25 18:37:54.517856 7fccbf4d3700 10 -- 10.1.0.3:6789/0 >> 10.1.0.67:6789/0 pipe(0x23de670 sd=-1 :0 s=1 pgs=0 cs=0 l=0).connect 0
2013-04-25 18:37:54.517859 7fcccb474780 10 -- 10.1.0.3:6789/0 >> 10.1.0.130:6789/0 pipe(0x241ac20 sd=-1 :0 s=1 pgs=0 cs=0 l=0).register_pipe
2013-04-25 18:37:54.517869 7fccbf4d3700 10 -- 10.1.0.3:6789/0 >> 10.1.0.67:6789/0 pipe(0x23de670 sd=21 :0 s=1 pgs=0 cs=0 l=0).connecting to 10.1.0.67:6789/0
2013-04-25 18:37:54.517874 7fcccb474780 10 -- 10.1.0.3:6789/0 wait: waiting for dispatch queue
2013-04-25 18:37:54.517912 7fccbf3d2700 10 -- 10.1.0.3:6789/0 >> 10.1.0.130:6789/0 pipe(0x241ac20 sd=-1 :0 s=1 pgs=0 cs=0 l=0).writer: state = connecting policy.server=0
2013-04-25 18:37:54.517951 7fccbf3d2700 10 -- 10.1.0.3:6789/0 >> 10.1.0.130:6789/0 pipe(0x241ac20 sd=-1 :0 s=1 pgs=0 cs=0 l=0).connect 0
2013-04-25 18:37:54.517969 7fccbf3d2700 10 -- 10.1.0.3:6789/0 >> 10.1.0.130:6789/0 pipe(0x241ac20 sd=22 :0 s=1 pgs=0 cs=0 l=0).connecting to 10.1.0.130:6789/0
2013-04-25 18:37:54.518602 7fccbf3d2700 20 -- 10.1.0.3:6789/0 >> 10.1.0.130:6789/0 pipe(0x241ac20 sd=22 :48619 s=1 pgs=0 cs=0 l=0).connect read peer addr 10.1.0.130:6789/0 on socket 22
2013-04-25 18:37:54.518629 7fccbf3d2700 20 -- 10.1.0.3:6789/0 >> 10.1.0.130:6789/0 pipe(0x241ac20 sd=22 :48619 s=1 pgs=0 cs=0 l=0).connect peer addr for me is 10.1.0.3:48619/0
2013-04-25 18:37:54.518672 7fccbf3d2700 10 -- 10.1.0.3:6789/0 >> 10.1.0.130:6789/0 pipe(0x241ac20 sd=22 :48619 s=1 pgs=0 cs=0 l=0).connect sent my addr 10.1.0.3:6789/0
2013-04-25 18:37:54.518705 7fccbf3d2700 10 mon.a@0(probing) e1 ms_get_authorizer for mon
2013-04-25 18:37:54.518713 7fccbf4d3700 20 -- 10.1.0.3:6789/0 >> 10.1.0.67:6789/0 pipe(0x23de670 sd=21 :53248 s=1 pgs=0 cs=0 l=0).connect read peer addr 10.1.0.67:6789/0 on socket 21
2013-04-25 18:37:54.518736 7fccbf4d3700 20 -- 10.1.0.3:6789/0 >> 10.1.0.67:6789/0 pipe(0x23de670 sd=21 :53248 s=1 pgs=0 cs=0 l=0).connect peer addr for me is 10.1.0.3:53248/0
2013-04-25 18:37:54.518769 7fccbf4d3700 10 -- 10.1.0.3:6789/0 >> 10.1.0.67:6789/0 pipe(0x23de670 sd=21 :53248 s=1 pgs=0 cs=0 l=0).connect sent my addr 10.1.0.3:6789/0
2013-04-25 18:37:54.518782 7fccbf4d3700 10 mon.a@0(probing) e1 ms_get_authorizer for mon
2013-04-25 18:37:54.519232 7fccbf4d3700 10 -- 10.1.0.3:6789/0 >> 10.1.0.67:6789/0 pipe(0x23de670 sd=21 :53248 s=1 pgs=0 cs=0 l=0).connect.authorizer_len=158 protocol=2
2013-04-25 18:37:54.519235 7fccbf3d2700 10 -- 10.1.0.3:6789/0 >> 10.1.0.130:6789/0 pipe(0x241ac20 sd=22 :48619 s=1 pgs=0 cs=0 l=0).connect.authorizer_len=158 protocol=2
2013-04-25 18:37:54.519244 7fccbf4d3700 10 -- 10.1.0.3:6789/0 >> 10.1.0.67:6789/0 pipe(0x23de670 sd=21 :53248 s=1 pgs=0 cs=0 l=0).connect sending gseq=1 cseq=0 proto=10
2013-04-25 18:37:54.519247 7fccbf3d2700 10 -- 10.1.0.3:6789/0 >> 10.1.0.130:6789/0 pipe(0x241ac20 sd=22 :48619 s=1 pgs=0 cs=0 l=0).connect sending gseq=2 cseq=0 proto=10
2013-04-25 18:37:54.519260 7fccbf4d3700 20 -- 10.1.0.3:6789/0 >> 10.1.0.67:6789/0 pipe(0x23de670 sd=21 :53248 s=1 pgs=0 cs=0 l=0).connect wrote (self +) cseq, waiting for reply
2013-04-25 18:37:54.519269 7fccbf3d2700 20 -- 10.1.0.3:6789/0 >> 10.1.0.130:6789/0 pipe(0x241ac20 sd=22 :48619 s=1 pgs=0 cs=0 l=0).connect wrote (self +) cseq, waiting for reply
2013-04-25 18:37:54.519565 7fccbf3d2700 20 -- 10.1.0.3:6789/0 >> 10.1.0.130:6789/0 pipe(0x241ac20 sd=22 :48619 s=1 pgs=0 cs=0 l=0).connect got reply tag 5 connect_seq 0 global_seq 149 proto 10 flags 0
2013-04-25 18:37:54.519592 7fccbf3d2700 10 -- 10.1.0.3:6789/0 >> 10.1.0.130:6789/0 pipe(0x241ac20 sd=22 :48619 s=1 pgs=0 cs=0 l=0).reply.authorizer_len=36
2013-04-25 18:37:54.519623 7fccbf4d3700 20 -- 10.1.0.3:6789/0 >> 10.1.0.67:6789/0 pipe(0x23de670 sd=21 :53248 s=1 pgs=0 cs=0 l=0).connect got reply tag 5 connect_seq 0 global_seq 148 proto 10 flags 0
2013-04-25 18:37:54.519643 7fccbf4d3700 10 -- 10.1.0.3:6789/0 >> 10.1.0.67:6789/0 pipe(0x23de670 sd=21 :53248 s=1 pgs=0 cs=0 l=0).reply.authorizer_len=36
2013-04-25 18:37:54.519673 7fccbf3d2700 10 -- 10.1.0.3:6789/0 >> 10.1.0.130:6789/0 pipe(0x241ac20 sd=22 :48619 s=1 pgs=0 cs=0 l=0).connect got RETRY_GLOBAL 149 chose new 150
2013-04-25 18:37:54.519692 7fccbf3d2700 10 mon.a@0(probing) e1 ms_get_authorizer for mon
2013-04-25 18:37:54.519692 7fccbf4d3700 10 -- 10.1.0.3:6789/0 >> 10.1.0.67:6789/0 pipe(0x23de670 sd=21 :53248 s=1 pgs=0 cs=0 l=0).connect got RETRY_GLOBAL 148 chose new 151
2013-04-25 18:37:54.519706 7fccbf4d3700 10 mon.a@0(probing) e1 ms_get_authorizer for mon
2013-04-25 18:37:54.519749 7fccbf3d2700 10 -- 10.1.0.3:6789/0 >> 10.1.0.130:6789/0 pipe(0x241ac20 sd=22 :48619 s=1 pgs=0 cs=0 l=0).connect.authorizer_len=158 protocol=2
2013-04-25 18:37:54.519763 7fccbf4d3700 10 -- 10.1.0.3:6789/0 >> 10.1.0.67:6789/0 pipe(0x23de670 sd=21 :53248 s=1 pgs=0 cs=0 l=0).connect.authorizer_len=158 protocol=2
2013-04-25 18:37:54.519766 7fccbf3d2700 10 -- 10.1.0.3:6789/0 >> 10.1.0.130:6789/0 pipe(0x241ac20 sd=22 :48619 s=1 pgs=0 cs=0 l=0).connect sending gseq=150 cseq=0 proto=10
2013-04-25 18:37:54.519775 7fccbf4d3700 10 -- 10.1.0.3:6789/0 >> 10.1.0.67:6789/0 pipe(0x23de670 sd=21 :53248 s=1 pgs=0 cs=0 l=0).connect sending gseq=151 cseq=0 proto=10
2013-04-25 18:37:54.519791 7fccbf3d2700 20 -- 10.1.0.3:6789/0 >> 10.1.0.130:6789/0 pipe(0x241ac20 sd=22 :48619 s=1 pgs=0 cs=0 l=0).connect wrote (self +) cseq, waiting for reply
2013-04-25 18:37:54.519795 7fccbf4d3700 20 -- 10.1.0.3:6789/0 >> 10.1.0.67:6789/0 pipe(0x23de670 sd=21 :53248 s=1 pgs=0 cs=0 l=0).connect wrote (self +) cseq, waiting for reply
2013-04-25 18:37:54.520080 7fccbf3d2700 20 -- 10.1.0.3:6789/0 >> 10.1.0.130:6789/0 pipe(0x241ac20 sd=22 :48619 s=1 pgs=0 cs=0 l=0).connect got reply tag 13 connect_seq 1 global_seq 3736 proto 10 flags 0
2013-04-25 18:37:54.520103 7fccbf3d2700 10 -- 10.1.0.3:6789/0 >> 10.1.0.130:6789/0 pipe(0x241ac20 sd=22 :48619 s=1 pgs=0 cs=0 l=0).reply.authorizer_len=36
2013-04-25 18:37:54.520132 7fccbf3d2700 10 -- 10.1.0.3:6789/0 >> 10.1.0.130:6789/0 pipe(0x241ac20 sd=22 :48619 s=1 pgs=0 cs=0 l=0).got CEPH_MSGR_TAG_SEQ, reading acked_seq and writing in_seq
2013-04-25 18:37:54.520151 7fccbf3d2700 15 -- 10.1.0.3:6789/0 >> 10.1.0.130:6789/0 pipe(0x241ac20 sd=22 :48619 s=1 pgs=0 cs=0 l=0).reader got ack seq 0
2013-04-25 18:37:54.520172 7fccbf3d2700 10 -- 10.1.0.3:6789/0 >> 10.1.0.130:6789/0 pipe(0x241ac20 sd=22 :48619 s=2 pgs=3736 cs=1 l=0).connect success 1, lossy = 0, features 4294967295
2013-04-25 18:37:54.520194 7fccbf3d2700 20 -- 10.1.0.3:6789/0 >> 10.1.0.130:6789/0 pipe(0x241ac20 sd=22 :48619 s=2 pgs=3736 cs=1 l=0).connect starting reader
2013-04-25 18:37:54.520277 7fccbf4d3700 20 -- 10.1.0.3:6789/0 >> 10.1.0.67:6789/0 pipe(0x23de670 sd=21 :53248 s=1 pgs=0 cs=0 l=0).connect got reply tag 13 connect_seq 1 global_seq 3562 proto 10 flags 0
2013-04-25 18:37:54.520297 7fccbf4d3700 10 -- 10.1.0.3:6789/0 >> 10.1.0.67:6789/0 pipe(0x23de670 sd=21 :53248 s=1 pgs=0 cs=0 l=0).reply.authorizer_len=36
2013-04-25 18:37:54.520332 7fccbf4d3700 10 -- 10.1.0.3:6789/0 >> 10.1.0.67:6789/0 pipe(0x23de670 sd=21 :53248 s=1 pgs=0 cs=0 l=0).got CEPH_MSGR_TAG_SEQ, reading acked_seq and writing in_seq
2013-04-25 18:37:54.520340 7fccbf3d2700 10 -- 10.1.0.3:6789/0 >> 10.1.0.130:6789/0 pipe(0x241ac20 sd=22 :48619 s=2 pgs=3736 cs=1 l=0).writer: state = open policy.server=0
2013-04-25 18:37:54.520355 7fccbf3d2700 20 -- 10.1.0.3:6789/0 >> 10.1.0.130:6789/0 pipe(0x241ac20 sd=22 :48619 s=2 pgs=3736 cs=1 l=0).writer encoding 1 0x241a540 mon_probe(probe 2f2730c5-0504-4433-ae0b-331dd41d99a4 name a) v4
2013-04-25 18:37:54.520357 7fccbf4d3700 15 -- 10.1.0.3:6789/0 >> 10.1.0.67:6789/0 pipe(0x23de670 sd=21 :53248 s=1 pgs=0 cs=0 l=0).reader got ack seq 0
2013-04-25 18:37:54.520387 7fccbf4d3700 10 -- 10.1.0.3:6789/0 >> 10.1.0.67:6789/0 pipe(0x23de670 sd=21 :53248 s=2 pgs=3562 cs=1 l=0).connect success 1, lossy = 0, features 4294967295
2013-04-25 18:37:54.520403 7fccbf4d3700 20 -- 10.1.0.3:6789/0 >> 10.1.0.67:6789/0 pipe(0x23de670 sd=21 :53248 s=2 pgs=3562 cs=1 l=0).connect starting reader
2013-04-25 18:37:54.520408 7fccbf3d2700 20 -- 10.1.0.3:6789/0 >> 10.1.0.130:6789/0 pipe(0x241ac20 sd=22 :48619 s=2 pgs=3736 cs=1 l=0).writer signed seq # 1): sig = 709577496562025090
2013-04-25 18:37:54.520430 7fccbf3d2700 20 -- 10.1.0.3:6789/0 >> 10.1.0.130:6789/0 pipe(0x241ac20 sd=22 :48619 s=2 pgs=3736 cs=1 l=0).writer sending 1 0x241a540
2013-04-25 18:37:54.520447 7fccbf4d3700 10 -- 10.1.0.3:6789/0 >> 10.1.0.67:6789/0 pipe(0x23de670 sd=21 :53248 s=2 pgs=3562 cs=1 l=0).writer: state = open policy.server=0
2013-04-25 18:37:54.520449 7fccbf3d2700 10 -- 10.1.0.3:6789/0 >> 10.1.0.130:6789/0 pipe(0x241ac20 sd=22 :48619 s=2 pgs=3736 cs=1 l=0).writer: state = open policy.server=0
2013-04-25 18:37:54.520463 7fccbf4d3700 20 -- 10.1.0.3:6789/0 >> 10.1.0.67:6789/0 pipe(0x23de670 sd=21 :53248 s=2 pgs=3562 cs=1 l=0).writer encoding 1 0x23ddf90 mon_probe(probe 2f2730c5-0504-4433-ae0b-331dd41d99a4 name a) v4
2013-04-25 18:37:54.520467 7fccbf3d2700 20 -- 10.1.0.3:6789/0 >> 10.1.0.130:6789/0 pipe(0x241ac20 sd=22 :48619 s=2 pgs=3736 cs=1 l=0).writer sleeping
2013-04-25 18:37:54.520491 7fccbf4d3700 20 -- 10.1.0.3:6789/0 >> 10.1.0.67:6789/0 pipe(0x23de670 sd=21 :53248 s=2 pgs=3562 cs=1 l=0).writer signed seq # 1): sig = 13473941960361791549
2013-04-25 18:37:54.520499 7fccbf4d3700 20 -- 10.1.0.3:6789/0 >> 10.1.0.67:6789/0 pipe(0x23de670 sd=21 :53248 s=2 pgs=3562 cs=1 l=0).writer sending 1 0x23ddf90
2013-04-25 18:37:54.520493 7fccbf2d1700 20 -- 10.1.0.3:6789/0 >> 10.1.0.130:6789/0 pipe(0x241ac20 sd=22 :48619 s=2 pgs=3736 cs=1 l=0).reader reading tag...
2013-04-25 18:37:54.520519 7fccbf4d3700 10 -- 10.1.0.3:6789/0 >> 10.1.0.67:6789/0 pipe(0x23de670 sd=21 :53248 s=2 pgs=3562 cs=1 l=0).writer: state = open policy.server=0
2013-04-25 18:37:54.520525 7fccbf4d3700 20 -- 10.1.0.3:6789/0 >> 10.1.0.67:6789/0 pipe(0x23de670 sd=21 :53248 s=2 pgs=3562 cs=1 l=0).writer sleeping
2013-04-25 18:37:54.520514 7fccbf1d0700 20 -- 10.1.0.3:6789/0 >> 10.1.0.67:6789/0 pipe(0x23de670 sd=21 :53248 s=2 pgs=3562 cs=1 l=0).reader reading tag...
2013-04-25 18:37:54.521055 7fccbf1d0700 20 -- 10.1.0.3:6789/0 >> 10.1.0.67:6789/0 pipe(0x23de670 sd=21 :53248 s=2 pgs=3562 cs=1 l=0).reader got ACK
2013-04-25 18:37:54.521070 7fccbf1d0700 15 -- 10.1.0.3:6789/0 >> 10.1.0.67:6789/0 pipe(0x23de670 sd=21 :53248 s=2 pgs=3562 cs=1 l=0).reader got ack seq 1
2013-04-25 18:37:54.521075 7fccbf1d0700 10 -- 10.1.0.3:6789/0 >> 10.1.0.67:6789/0 pipe(0x23de670 sd=21 :53248 s=2 pgs=3562 cs=1 l=0).reader got ack seq 1 >= 1 on 0x23ddf90 mon_probe(probe 2f2730c5-0504-4433-ae0b-331dd41d99a4 name a) v4
2013-04-25 18:37:54.521084 7fccbf1d0700 20 -- 10.1.0.3:6789/0 >> 10.1.0.67:6789/0 pipe(0x23de670 sd=21 :53248 s=2 pgs=3562 cs=1 l=0).reader reading tag...
2013-04-25 18:37:54.521089 7fccbf1d0700 20 -- 10.1.0.3:6789/0 >> 10.1.0.67:6789/0 pipe(0x23de670 sd=21 :53248 s=2 pgs=3562 cs=1 l=0).reader got MSG
2013-04-25 18:37:54.521102 7fccbf1d0700 20 -- 10.1.0.3:6789/0 >> 10.1.0.67:6789/0 pipe(0x23de670 sd=21 :53248 s=2 pgs=3562 cs=1 l=0).reader got envelope type=67 src mon.1 front=563 data=0 off 0
2013-04-25 18:37:54.521114 7fccbf1d0700 10 -- 10.1.0.3:6789/0 >> 10.1.0.67:6789/0 pipe(0x23de670 sd=21 :53248 s=2 pgs=3562 cs=1 l=0).reader wants 563 from dispatch throttler 0/104857600
2013-04-25 18:37:54.521112 7fccbf2d1700 20 -- 10.1.0.3:6789/0 >> 10.1.0.130:6789/0 pipe(0x241ac20 sd=22 :48619 s=2 pgs=3736 cs=1 l=0).reader got ACK
2013-04-25 18:37:54.521127 7fccbf1d0700 20 -- 10.1.0.3:6789/0 >> 10.1.0.67:6789/0 pipe(0x23de670 sd=21 :53248 s=2 pgs=3562 cs=1 l=0).reader got front 563
2013-04-25 18:37:54.521133 7fccbf1d0700 10 -- 10.1.0.3:6789/0 >> 10.1.0.67:6789/0 pipe(0x23de670 sd=21 :53248 s=2 pgs=3562 cs=1 l=0).aborted = 0
2013-04-25 18:37:54.521130 7fccbf2d1700 15 -- 10.1.0.3:6789/0 >> 10.1.0.130:6789/0 pipe(0x241ac20 sd=22 :48619 s=2 pgs=3736 cs=1 l=0).reader got ack seq 1
2013-04-25 18:37:54.521142 7fccbf1d0700 20 -- 10.1.0.3:6789/0 >> 10.1.0.67:6789/0 pipe(0x23de670 sd=21 :53248 s=2 pgs=3562 cs=1 l=0).reader got 563 + 0 + 0 byte message
2013-04-25 18:37:54.521146 7fccbf2d1700 10 -- 10.1.0.3:6789/0 >> 10.1.0.130:6789/0 pipe(0x241ac20 sd=22 :48619 s=2 pgs=3736 cs=1 l=0).reader got ack seq 1 >= 1 on 0x241a540 mon_probe(probe 2f2730c5-0504-4433-ae0b-331dd41d99a4 name a) v4
2013-04-25 18:37:54.521157 7fccbf2d1700 20 -- 10.1.0.3:6789/0 >> 10.1.0.130:6789/0 pipe(0x241ac20 sd=22 :48619 s=2 pgs=3736 cs=1 l=0).reader reading tag...
2013-04-25 18:37:54.521162 7fccbf2d1700 20 -- 10.1.0.3:6789/0 >> 10.1.0.130:6789/0 pipe(0x241ac20 sd=22 :48619 s=2 pgs=3736 cs=1 l=0).reader got MSG
2013-04-25 18:37:54.521173 7fccbf2d1700 20 -- 10.1.0.3:6789/0 >> 10.1.0.130:6789/0 pipe(0x241ac20 sd=22 :48619 s=2 pgs=3736 cs=1 l=0).reader got envelope type=67 src mon.2 front=563 data=0 off 0
2013-04-25 18:37:54.521182 7fccbf2d1700 10 -- 10.1.0.3:6789/0 >> 10.1.0.130:6789/0 pipe(0x241ac20 sd=22 :48619 s=2 pgs=3736 cs=1 l=0).reader wants 563 from dispatch throttler 563/104857600
2013-04-25 18:37:54.521191 7fccbf2d1700 20 -- 10.1.0.3:6789/0 >> 10.1.0.130:6789/0 pipe(0x241ac20 sd=22 :48619 s=2 pgs=3736 cs=1 l=0).reader got front 563
2013-04-25 18:37:54.521201 7fccbf2d1700 10 -- 10.1.0.3:6789/0 >> 10.1.0.130:6789/0 pipe(0x241ac20 sd=22 :48619 s=2 pgs=3736 cs=1 l=0).aborted = 0
2013-04-25 18:37:54.521197 7fccbf1d0700 10 -- 10.1.0.3:6789/0 >> 10.1.0.67:6789/0 pipe(0x23de670 sd=21 :53248 s=2 pgs=3562 cs=1 l=0).reader got message 1454101234 0x7fca28001a20 mon_probe(reply 2f2730c5-0504-4433-ae0b-331dd41d99a4 name b quorum 1,2 paxos( fc 785672 lc 785779 )) v4
2013-04-25 18:37:54.521205 7fccbf2d1700 20 -- 10.1.0.3:6789/0 >> 10.1.0.130:6789/0 pipe(0x241ac20 sd=22 :48619 s=2 pgs=3736 cs=1 l=0).reader got 563 + 0 + 0 byte message
2013-04-25 18:37:54.521210 7fccbf1d0700 20 -- 10.1.0.3:6789/0 queue 0x7fca28001a20 prio 196
2013-04-25 18:37:54.521221 7fccbf1d0700 20 -- 10.1.0.3:6789/0 >> 10.1.0.67:6789/0 pipe(0x23de670 sd=21 :53248 s=2 pgs=3562 cs=1 l=0).reader reading tag...
2013-04-25 18:37:54.521250 7fccbf2d1700 10 -- 10.1.0.3:6789/0 >> 10.1.0.130:6789/0 pipe(0x241ac20 sd=22 :48619 s=2 pgs=3736 cs=1 l=0).reader got message 1192797986 0x7fca34001a20 mon_probe(reply 2f2730c5-0504-4433-ae0b-331dd41d99a4 name c quorum 1,2 paxos( fc 785672 lc 785779 )) v4
2013-04-25 18:37:54.521249 7fccbf4d3700 10 -- 10.1.0.3:6789/0 >> 10.1.0.67:6789/0 pipe(0x23de670 sd=21 :53248 s=2 pgs=3562 cs=1 l=0).writer: state = open policy.server=0
2013-04-25 18:37:54.521261 7fccbf2d1700 20 -- 10.1.0.3:6789/0 queue 0x7fca34001a20 prio 196
2013-04-25 18:37:54.521264 7fccbf4d3700 10 -- 10.1.0.3:6789/0 >> 10.1.0.67:6789/0 pipe(0x23de670 sd=21 :53248 s=2 pgs=3562 cs=1 l=0).write_ack 1454101234
2013-04-25 18:37:54.521269 7fccbf2d1700 20 -- 10.1.0.3:6789/0 >> 10.1.0.130:6789/0 pipe(0x241ac20 sd=22 :48619 s=2 pgs=3736 cs=1 l=0).reader reading tag...
2013-04-25 18:37:54.521276 7fccbf4d3700 10 -- 10.1.0.3:6789/0 >> 10.1.0.67:6789/0 pipe(0x23de670 sd=21 :53248 s=2 pgs=3562 cs=1 l=0).writer: state = open policy.server=0
2013-04-25 18:37:54.521283 7fccbf4d3700 20 -- 10.1.0.3:6789/0 >> 10.1.0.67:6789/0 pipe(0x23de670 sd=21 :53248 s=2 pgs=3562 cs=1 l=0).writer sleeping
2013-04-25 18:37:54.521276 7fccbf3d2700 10 -- 10.1.0.3:6789/0 >> 10.1.0.130:6789/0 pipe(0x241ac20 sd=22 :48619 s=2 pgs=3736 cs=1 l=0).writer: state = open policy.server=0
2013-04-25 18:37:54.521292 7fccbf3d2700 10 -- 10.1.0.3:6789/0 >> 10.1.0.130:6789/0 pipe(0x241ac20 sd=22 :48619 s=2 pgs=3736 cs=1 l=0).write_ack 1192797986
2013-04-25 18:37:54.521304 7fccbf3d2700 10 -- 10.1.0.3:6789/0 >> 10.1.0.130:6789/0 pipe(0x241ac20 sd=22 :48619 s=2 pgs=3736 cs=1 l=0).writer: state = open policy.server=0
2013-04-25 18:37:54.521311 7fccbf3d2700 20 -- 10.1.0.3:6789/0 >> 10.1.0.130:6789/0 pipe(0x241ac20 sd=22 :48619 s=2 pgs=3736 cs=1 l=0).writer sleeping
2013-04-25 18:37:54.521295 7fccc04d5700 1 -- 10.1.0.3:6789/0 <== mon.1 10.1.0.67:6789/0 1454101234 ==== mon_probe(reply 2f2730c5-0504-4433-ae0b-331dd41d99a4 name b quorum 1,2 paxos( fc 785672 lc 785779 )) v4 ==== 563+0+0 (4052182092 0 0) 0x7fca28001a20 con 0x23de8d0
2013-04-25 18:37:54.521364 7fccc04d5700 20 mon.a@0(probing) e1 have connection
2013-04-25 18:37:54.521367 7fccc04d5700 10 mon.a@0(probing) e1 do not have session, making new one
2013-04-25 18:37:54.521371 7fccc04d5700 10 mon.a@0(probing) e1 ms_dispatch new session MonSession: mon.1 10.1.0.67:6789/0 is open for mon.1 10.1.0.67:6789/0
2013-04-25 18:37:54.521377 7fccc04d5700 5 mon.a@0(probing) e1 setting monitor caps on this connection
2013-04-25 18:37:54.521382 7fccc04d5700 20 mon.a@0(probing) e1 caps allow *
2013-04-25 18:37:54.521385 7fccc04d5700 10 mon.a@0(probing) e1 handle_probe mon_probe(reply 2f2730c5-0504-4433-ae0b-331dd41d99a4 name b quorum 1,2 paxos( fc 785672 lc 785779 )) v4
2013-04-25 18:37:54.521398 7fccc04d5700 10 mon.a@0(probing) e1 handle_probe_reply mon.1 10.1.0.67:6789/0mon_probe(reply 2f2730c5-0504-4433-ae0b-331dd41d99a4 name b quorum 1,2 paxos( fc 785672 lc 785779 )) v4
2013-04-25 18:37:54.521405 7fccc04d5700 10 mon.a@0(probing) e1 monmap is e1: 3 mons at {a=10.1.0.3:6789/0,b=10.1.0.67:6789/0,c=10.1.0.130:6789/0}
2013-04-25 18:37:54.521426 7fccc04d5700 10 mon.a@0(probing) e1 peer name is b
2013-04-25 18:37:54.521436 7fccc04d5700 10 mon.a@0(probing) e1 existing quorum 1,2
2013-04-25 18:37:54.521438 7fccc04d5700 10 mon.a@0(probing) e1 peer paxos version 785779 vs my version 0 (too far ahead)
2013-04-25 18:37:54.521445 7fccc04d5700 10 mon.a@0(probing) e1 cancel_probe_timeout 0x23d9340
2013-04-25 18:37:54.521449 7fccc04d5700 10 mon.a@0(probing) e1 sync_start entity( mon.1 10.1.0.67:6789/0 )
2013-04-25 18:37:54.918356 7fccc04d5700 10 mon.a@0(synchronizing sync( requester state start )).monmap v1 get_monmap ver 0
2013-04-25 18:37:54.987813 7fccc04d5700 10 mon.a@0(synchronizing sync( requester state start )) e1 sync_store_init backup current monmap
2013-04-25 18:37:54.995703 7fccc04d5700 1 -- 10.1.0.3:6789/0 --> mon.1 10.1.0.67:6789/0 -- mon_sync( start ) v1 -- ?+0 0x7fca2c082510
2013-04-25 18:37:54.995731 7fccc04d5700 20 -- 10.1.0.3:6789/0 submit_message mon_sync( start ) v1 remote, 10.1.0.67:6789/0, have pipe.
2013-04-25 18:37:54.995782 7fccc04d5700 10 -- 10.1.0.3:6789/0 dispatch_throttle_release 563 to dispatch throttler 1126/104857600
2013-04-25 18:37:54.995790 7fccc04d5700 20 -- 10.1.0.3:6789/0 done calling dispatch on 0x7fca28001a20
2013-04-25 18:37:54.995801 7fccc04d5700 1 -- 10.1.0.3:6789/0 <== mon.2 10.1.0.130:6789/0 1192797986 ==== mon_probe(reply 2f2730c5-0504-4433-ae0b-331dd41d99a4 name c quorum 1,2 paxos( fc 785672 lc 785779 )) v4 ==== 563+0+0 (386503924 0 0) 0x7fca34001a20 con 0x241ae80
2013-04-25 18:37:54.995818 7fccc04d5700 20 mon.a@0(synchronizing sync( requester state start )) e1 have connection
2013-04-25 18:37:54.995823 7fccc04d5700 10 mon.a@0(synchronizing sync( requester state start )) e1 do not have session, making new one
2013-04-25 18:37:54.995828 7fccc04d5700 10 mon.a@0(synchronizing sync( requester state start )) e1 ms_dispatch new session MonSession: mon.2 10.1.0.130:6789/0 is open for mon.2 10.1.0.130:6789/0
2013-04-25 18:37:54.995837 7fccc04d5700 5 mon.a@0(synchronizing sync( requester state start )) e1 setting monitor caps on this connection
2013-04-25 18:37:54.995842 7fccc04d5700 20 mon.a@0(synchronizing sync( requester state start )) e1 caps allow *
2013-04-25 18:37:54.995846 7fccc04d5700 10 mon.a@0(synchronizing sync( requester state start )) e1 handle_probe mon_probe(reply 2f2730c5-0504-4433-ae0b-331dd41d99a4 name c quorum 1,2 paxos( fc 785672 lc 785779 )) v4
2013-04-25 18:37:54.995840 7fccbf4d3700 10 -- 10.1.0.3:6789/0 >> 10.1.0.67:6789/0 pipe(0x23de670 sd=21 :53248 s=2 pgs=3562 cs=1 l=0).writer: state = open policy.server=0
2013-04-25 18:37:54.995855 7fccc04d5700 10 mon.a@0(synchronizing sync( requester state start )) e1 handle_probe_reply mon.2 10.1.0.130:6789/0mon_probe(reply 2f2730c5-0504-4433-ae0b-331dd41d99a4 name c quorum 1,2 paxos( fc 785672 lc 785779 )) v4
2013-04-25 18:37:54.995863 7fccbf4d3700 20 -- 10.1.0.3:6789/0 >> 10.1.0.67:6789/0 pipe(0x23de670 sd=21 :53248 s=2 pgs=3562 cs=1 l=0).writer encoding 2 0x7fca2c082510 mon_sync( start ) v1
2013-04-25 18:37:54.995866 7fccc04d5700 10 mon.a@0(synchronizing sync( requester state start )) e1 monmap is e1: 3 mons at {a=10.1.0.3:6789/0,b=10.1.0.67:6789/0,c=10.1.0.130:6789/0}
2013-04-25 18:37:54.995876 7fccc04d5700 10 -- 10.1.0.3:6789/0 dispatch_throttle_release 563 to dispatch throttler 563/104857600
2013-04-25 18:37:54.995879 7fccc04d5700 20 -- 10.1.0.3:6789/0 done calling dispatch on 0x7fca34001a20
2013-04-25 18:37:54.995913 7fccbf4d3700 20 -- 10.1.0.3:6789/0 >> 10.1.0.67:6789/0 pipe(0x23de670 sd=21 :53248 s=2 pgs=3562 cs=1 l=0).writer signed seq # 2): sig = 5298457032732625181
2013-04-25 18:37:54.995922 7fccbf4d3700 20 -- 10.1.0.3:6789/0 >> 10.1.0.67:6789/0 pipe(0x23de670 sd=21 :53248 s=2 pgs=3562 cs=1 l=0).writer sending 2 0x7fca2c082510
2013-04-25 18:37:54.995972 7fccbf4d3700 10 -- 10.1.0.3:6789/0 >> 10.1.0.67:6789/0 pipe(0x23de670 sd=21 :53248 s=2 pgs=3562 cs=1 l=0).writer: state = open policy.server=0
2013-04-25 18:37:54.995979 7fccbf4d3700 20 -- 10.1.0.3:6789/0 >> 10.1.0.67:6789/0 pipe(0x23de670 sd=21 :53248 s=2 pgs=3562 cs=1 l=0).writer sleeping
2013-04-25 18:37:54.996640 7fccbf1d0700 20 -- 10.1.0.3:6789/0 >> 10.1.0.67:6789/0 pipe(0x23de670 sd=21 :53248 s=2 pgs=3562 cs=1 l=0).reader got ACK
2013-04-25 18:37:54.996667 7fccbf1d0700 15 -- 10.1.0.3:6789/0 >> 10.1.0.67:6789/0 pipe(0x23de670 sd=21 :53248 s=2 pgs=3562 cs=1 l=0).reader got ack seq 2
2013-04-25 18:37:54.996676 7fccbf1d0700 10 -- 10.1.0.3:6789/0 >> 10.1.0.67:6789/0 pipe(0x23de670 sd=21 :53248 s=2 pgs=3562 cs=1 l=0).reader got ack seq 2 >= 2 on 0x7fca2c082510 mon_sync( start ) v1
2013-04-25 18:37:54.996685 7fccbf1d0700 20 -- 10.1.0.3:6789/0 >> 10.1.0.67:6789/0 pipe(0x23de670 sd=21 :53248 s=2 pgs=3562 cs=1 l=0).reader reading tag...
2013-04-25 18:37:54.996693 7fccbf1d0700 20 -- 10.1.0.3:6789/0 >> 10.1.0.67:6789/0 pipe(0x23de670 sd=21 :53248 s=2 pgs=3562 cs=1 l=0).reader got MSG
2013-04-25 18:37:54.996703 7fccbf1d0700 20 -- 10.1.0.3:6789/0 >> 10.1.0.67:6789/0 pipe(0x23de670 sd=21 :53248 s=2 pgs=3562 cs=1 l=0).reader got envelope type=69 src mon.1 front=174 data=0 off 0
2013-04-25 18:37:54.996712 7fccbf1d0700 10 -- 10.1.0.3:6789/0 >> 10.1.0.67:6789/0 pipe(0x23de670 sd=21 :53248 s=2 pgs=3562 cs=1 l=0).reader wants 174 from dispatch throttler 0/104857600
2013-04-25 18:37:54.996723 7fccbf1d0700 20 -- 10.1.0.3:6789/0 >> 10.1.0.67:6789/0 pipe(0x23de670 sd=21 :53248 s=2 pgs=3562 cs=1 l=0).reader got front 174
2013-04-25 18:37:54.996732 7fccbf1d0700 10 -- 10.1.0.3:6789/0 >> 10.1.0.67:6789/0 pipe(0x23de670 sd=21 :53248 s=2 pgs=3562 cs=1 l=0).aborted = 0
2013-04-25 18:37:54.996740 7fccbf1d0700 20 -- 10.1.0.3:6789/0 >> 10.1.0.67:6789/0 pipe(0x23de670 sd=21 :53248 s=2 pgs=3562 cs=1 l=0).reader got 174 + 0 + 0 byte message
2013-04-25 18:37:54.996794 7fccbf1d0700 10 -- 10.1.0.3:6789/0 >> 10.1.0.67:6789/0 pipe(0x23de670 sd=21 :53248 s=2 pgs=3562 cs=1 l=0).reader got message 1454101235 0x7fca28002c10 mon_sync( start_reply flags( reply-to(mon.2 10.1.0.130:6789/0) ) ) v1
2013-04-25 18:37:54.996804 7fccbf1d0700 20 -- 10.1.0.3:6789/0 queue 0x7fca28002c10 prio 196
2013-04-25 18:37:54.996812 7fccbf1d0700 20 -- 10.1.0.3:6789/0 >> 10.1.0.67:6789/0 pipe(0x23de670 sd=21 :53248 s=2 pgs=3562 cs=1 l=0).reader reading tag...
2013-04-25 18:37:54.996818 7fccbf4d3700 10 -- 10.1.0.3:6789/0 >> 10.1.0.67:6789/0 pipe(0x23de670 sd=21 :53248 s=2 pgs=3562 cs=1 l=0).writer: state = open policy.server=0
2013-04-25 18:37:54.996831 7fccbf4d3700 10 -- 10.1.0.3:6789/0 >> 10.1.0.67:6789/0 pipe(0x23de670 sd=21 :53248 s=2 pgs=3562 cs=1 l=0).write_ack 1454101235
2013-04-25 18:37:54.996846 7fccbf4d3700 10 -- 10.1.0.3:6789/0 >> 10.1.0.67:6789/0 pipe(0x23de670 sd=21 :53248 s=2 pgs=3562 cs=1 l=0).writer: state = open policy.server=0
2013-04-25 18:37:54.996854 7fccbf4d3700 20 -- 10.1.0.3:6789/0 >> 10.1.0.67:6789/0 pipe(0x23de670 sd=21 :53248 s=2 pgs=3562 cs=1 l=0).writer sleeping
2013-04-25 18:37:54.996873 7fccc04d5700 1 -- 10.1.0.3:6789/0 <== mon.1 10.1.0.67:6789/0 1454101235 ==== mon_sync( start_reply flags( reply-to(mon.2 10.1.0.130:6789/0) ) ) v1 ==== 174+0+0 (3989053524 0 0) 0x7fca28002c10 con 0x23de8d0
2013-04-25 18:37:54.996899 7fccc04d5700 20 mon.a@0(synchronizing sync( requester state start )) e1 have connection
2013-04-25 18:37:54.996908 7fccc04d5700 20 mon.a@0(synchronizing sync( requester state start )) e1 ms_dispatch existing session MonSession: mon.1 10.1.0.67:6789/0 is openallow * for mon.1 10.1.0.67:6789/0
2013-04-25 18:37:54.996920 7fccc04d5700 20 mon.a@0(synchronizing sync( requester state start )) e1 caps allow *
2013-04-25 18:37:54.996930 7fccc04d5700 10 mon.a@0(synchronizing sync( requester state start )) e1 handle_sync mon_sync( start_reply flags( reply-to(mon.2 10.1.0.130:6789/0) ) ) v1
2013-04-25 18:37:54.996947 7fccc04d5700 10 mon.a@0(synchronizing sync( requester state start )) e1 handle_sync_start_reply mon_sync( start_reply flags( reply-to(mon.2 10.1.0.130:6789/0) ) ) v1
2013-04-25 18:37:54.996957 7fccc04d5700 10 mon.a@0(synchronizing sync( requester state start )) e1 handle_sync_start_reply leader told us to use mon.2 10.1.0.130:6789/0 as sync provider
2013-04-25 18:37:54.996967 7fccc04d5700 10 mon.a@0(synchronizing sync( requester state start )) e1 sync_send_heartbeat mon.1 10.1.0.67:6789/0 reply(0)
2013-04-25 18:37:54.996975 7fccc04d5700 1 -- 10.1.0.3:6789/0 --> mon.1 10.1.0.67:6789/0 -- mon_sync( heartbeat ) v1 -- ?+0 0x7fca2c083380
2013-04-25 18:37:54.996981 7fccc04d5700 20 -- 10.1.0.3:6789/0 submit_message mon_sync( heartbeat ) v1 remote, 10.1.0.67:6789/0, have pipe.
2013-04-25 18:37:54.996992 7fccc04d5700 10 mon.a@0(synchronizing sync( requester state start )) e1 sync_start_chunks provider(mon.2 10.1.0.130:6789/0)
2013-04-25 18:37:54.997002 7fccc04d5700 1 -- 10.1.0.3:6789/0 --> mon.2 10.1.0.130:6789/0 -- mon_sync( start_chunks ) v1 -- ?+0 0x7fca2c083a20
2013-04-25 18:37:54.997008 7fccc04d5700 20 -- 10.1.0.3:6789/0 submit_message mon_sync( start_chunks ) v1 remote, 10.1.0.130:6789/0, have pipe.
2013-04-25 18:37:54.997016 7fccc04d5700 10 -- 10.1.0.3:6789/0 dispatch_throttle_release 174 to dispatch throttler 174/104857600
2013-04-25 18:37:54.997020 7fccc04d5700 20 -- 10.1.0.3:6789/0 done calling dispatch on 0x7fca28002c10
2013-04-25 18:37:54.997037 7fccbf4d3700 10 -- 10.1.0.3:6789/0 >> 10.1.0.67:6789/0 pipe(0x23de670 sd=21 :53248 s=2 pgs=3562 cs=1 l=0).writer: state = open policy.server=0
2013-04-25 18:37:54.997043 7fccbf3d2700 10 -- 10.1.0.3:6789/0 >> 10.1.0.130:6789/0 pipe(0x241ac20 sd=22 :48619 s=2 pgs=3736 cs=1 l=0).writer: state = open policy.server=0
2013-04-25 18:37:54.997052 7fccbf4d3700 20 -- 10.1.0.3:6789/0 >> 10.1.0.67:6789/0 pipe(0x23de670 sd=21 :53248 s=2 pgs=3562 cs=1 l=0).writer encoding 3 0x7fca2c083380 mon_sync( heartbeat ) v1
2013-04-25 18:37:54.997060 7fccbf3d2700 20 -- 10.1.0.3:6789/0 >> 10.1.0.130:6789/0 pipe(0x241ac20 sd=22 :48619 s=2 pgs=3736 cs=1 l=0).writer encoding 2 0x7fca2c083a20 mon_sync( start_chunks ) v1
2013-04-25 18:37:54.997093 7fccbf4d3700 20 -- 10.1.0.3:6789/0 >> 10.1.0.67:6789/0 pipe(0x23de670 sd=21 :53248 s=2 pgs=3562 cs=1 l=0).writer signed seq # 3): sig = 16199049791773376837
2013-04-25 18:37:54.997100 7fccbf3d2700 20 -- 10.1.0.3:6789/0 >> 10.1.0.130:6789/0 pipe(0x241ac20 sd=22 :48619 s=2 pgs=3736 cs=1 l=0).writer signed seq # 2): sig = 3567462118199286101
2013-04-25 18:37:54.997110 7fccbf3d2700 20 -- 10.1.0.3:6789/0 >> 10.1.0.130:6789/0 pipe(0x241ac20 sd=22 :48619 s=2 pgs=3736 cs=1 l=0).writer sending 2 0x7fca2c083a20
2013-04-25 18:37:54.997107 7fccbf4d3700 20 -- 10.1.0.3:6789/0 >> 10.1.0.67:6789/0 pipe(0x23de670 sd=21 :53248 s=2 pgs=3562 cs=1 l=0).writer sending 3 0x7fca2c083380
2013-04-25 18:37:54.997132 7fccbf3d2700 10 -- 10.1.0.3:6789/0 >> 10.1.0.130:6789/0 pipe(0x241ac20 sd=22 :48619 s=2 pgs=3736 cs=1 l=0).writer: state = open policy.server=0
2013-04-25 18:37:54.997138 7fccbf3d2700 20 -- 10.1.0.3:6789/0 >> 10.1.0.130:6789/0 pipe(0x241ac20 sd=22 :48619 s=2 pgs=3736 cs=1 l=0).writer sleeping
2013-04-25 18:37:54.997135 7fccbf4d3700 10 -- 10.1.0.3:6789/0 >> 10.1.0.67:6789/0 pipe(0x23de670 sd=21 :53248 s=2 pgs=3562 cs=1 l=0).writer: state = open policy.server=0
2013-04-25 18:37:54.997146 7fccbf4d3700 20 -- 10.1.0.3:6789/0 >> 10.1.0.67:6789/0 pipe(0x23de670 sd=21 :53248 s=2 pgs=3562 cs=1 l=0).writer sleeping
2013-04-25 18:37:54.997788 7fccbf1d0700 20 -- 10.1.0.3:6789/0 >> 10.1.0.67:6789/0 pipe(0x23de670 sd=21 :53248 s=2 pgs=3562 cs=1 l=0).reader got ACK
2013-04-25 18:37:54.997815 7fccbf1d0700 15 -- 10.1.0.3:6789/0 >> 10.1.0.67:6789/0 pipe(0x23de670 sd=21 :53248 s=2 pgs=3562 cs=1 l=0).reader got ack seq 3
2013-04-25 18:37:54.997825 7fccbf1d0700 10 -- 10.1.0.3:6789/0 >> 10.1.0.67:6789/0 pipe(0x23de670 sd=21 :53248 s=2 pgs=3562 cs=1 l=0).reader got ack seq 3 >= 3 on 0x7fca2c083380 mon_sync( heartbeat ) v1
2013-04-25 18:37:54.997835 7fccbf1d0700 20 -- 10.1.0.3:6789/0 >> 10.1.0.67:6789/0 pipe(0x23de670 sd=21 :53248 s=2 pgs=3562 cs=1 l=0).reader reading tag...
2013-04-25 18:37:54.997843 7fccbf1d0700 20 -- 10.1.0.3:6789/0 >> 10.1.0.67:6789/0 pipe(0x23de670 sd=21 :53248 s=2 pgs=3562 cs=1 l=0).reader got MSG
2013-04-25 18:37:54.997852 7fccbf1d0700 20 -- 10.1.0.3:6789/0 >> 10.1.0.67:6789/0 pipe(0x23de670 sd=21 :53248 s=2 pgs=3562 cs=1 l=0).reader got envelope type=69 src mon.1 front=174 data=0 off 0
2013-04-25 18:37:54.997860 7fccbf1d0700 10 -- 10.1.0.3:6789/0 >> 10.1.0.67:6789/0 pipe(0x23de670 sd=21 :53248 s=2 pgs=3562 cs=1 l=0).reader wants 174 from dispatch throttler 0/104857600
2013-04-25 18:37:54.997871 7fccbf1d0700 20 -- 10.1.0.3:6789/0 >> 10.1.0.67:6789/0 pipe(0x23de670 sd=21 :53248 s=2 pgs=3562 cs=1 l=0).reader got front 174
2013-04-25 18:37:54.997880 7fccbf1d0700 10 -- 10.1.0.3:6789/0 >> 10.1.0.67:6789/0 pipe(0x23de670 sd=21 :53248 s=2 pgs=3562 cs=1 l=0).aborted = 0
2013-04-25 18:37:54.997889 7fccbf1d0700 20 -- 10.1.0.3:6789/0 >> 10.1.0.67:6789/0 pipe(0x23de670 sd=21 :53248 s=2 pgs=3562 cs=1 l=0).reader got 174 + 0 + 0 byte message
2013-04-25 18:37:54.997924 7fccbf1d0700 10 -- 10.1.0.3:6789/0 >> 10.1.0.67:6789/0 pipe(0x23de670 sd=21 :53248 s=2 pgs=3562 cs=1 l=0).reader got message 1454101236 0x7fca28003c70 mon_sync( heartbeat_reply ) v1
2013-04-25 18:37:54.997931 7fccbf1d0700 20 -- 10.1.0.3:6789/0 queue 0x7fca28003c70 prio 196
2013-04-25 18:37:54.997937 7fccbf1d0700 20 -- 10.1.0.3:6789/0 >> 10.1.0.67:6789/0 pipe(0x23de670 sd=21 :53248 s=2 pgs=3562 cs=1 l=0).reader reading tag...
2013-04-25 18:37:54.997973 7fccbf4d3700 10 -- 10.1.0.3:6789/0 >> 10.1.0.67:6789/0 pipe(0x23de670 sd=21 :53248 s=2 pgs=3562 cs=1 l=0).writer: state = open policy.server=0
2013-04-25 18:37:54.997985 7fccbf4d3700 10 -- 10.1.0.3:6789/0 >> 10.1.0.67:6789/0 pipe(0x23de670 sd=21 :53248 s=2 pgs=3562 cs=1 l=0).write_ack 1454101236
2013-04-25 18:37:54.997995 7fccbf4d3700 10 -- 10.1.0.3:6789/0 >> 10.1.0.67:6789/0 pipe(0x23de670 sd=21 :53248 s=2 pgs=3562 cs=1 l=0).writer: state = open policy.server=0
2013-04-25 18:37:54.998002 7fccbf4d3700 20 -- 10.1.0.3:6789/0 >> 10.1.0.67:6789/0 pipe(0x23de670 sd=21 :53248 s=2 pgs=3562 cs=1 l=0).writer sleeping
2013-04-25 18:37:54.997999 7fccc04d5700 1 -- 10.1.0.3:6789/0 <== mon.1 10.1.0.67:6789/0 1454101236 ==== mon_sync( heartbeat_reply ) v1 ==== 174+0+0 (1026169709 0 0) 0x7fca28003c70 con 0x23de8d0
2013-04-25 18:37:54.998021 7fccc04d5700 20 mon.a@0(synchronizing sync( requester state chunks )) e1 have connection
2013-04-25 18:37:54.998028 7fccc04d5700 20 mon.a@0(synchronizing sync( requester state chunks )) e1 ms_dispatch existing session MonSession: mon.1 10.1.0.67:6789/0 is openallow * for mon.1 10.1.0.67:6789/0
2013-04-25 18:37:54.998042 7fccc04d5700 20 mon.a@0(synchronizing sync( requester state chunks )) e1 caps allow *
2013-04-25 18:37:54.998046 7fccc04d5700 10 mon.a@0(synchronizing sync( requester state chunks )) e1 handle_sync mon_sync( heartbeat_reply ) v1
2013-04-25 18:37:54.998050 7fccc04d5700 10 mon.a@0(synchronizing sync( requester state chunks )) e1 handle_sync_heartbeat_reply mon_sync( heartbeat_reply ) v1
2013-04-25 18:37:54.998056 7fccc04d5700 10 -- 10.1.0.3:6789/0 dispatch_throttle_release 174 to dispatch throttler 174/104857600
2013-04-25 18:37:54.998061 7fccc04d5700 20 -- 10.1.0.3:6789/0 done calling dispatch on 0x7fca28003c70
2013-04-25 18:37:55.206666 7fccbf2d1700 20 -- 10.1.0.3:6789/0 >> 10.1.0.130:6789/0 pipe(0x241ac20 sd=22 :48619 s=2 pgs=3736 cs=1 l=0).reader got ACK
2013-04-25 18:37:55.206697 7fccbf2d1700 15 -- 10.1.0.3:6789/0 >> 10.1.0.130:6789/0 pipe(0x241ac20 sd=22 :48619 s=2 pgs=3736 cs=1 l=0).reader got ack seq 2
2013-04-25 18:37:55.206717 7fccbf2d1700 10 -- 10.1.0.3:6789/0 >> 10.1.0.130:6789/0 pipe(0x241ac20 sd=22 :48619 s=2 pgs=3736 cs=1 l=0).reader got ack seq 2 >= 2 on 0x7fca2c083a20 mon_sync( start_chunks ) v1
2013-04-25 18:37:55.206731 7fccbf2d1700 20 -- 10.1.0.3:6789/0 >> 10.1.0.130:6789/0 pipe(0x241ac20 sd=22 :48619 s=2 pgs=3736 cs=1 l=0).reader reading tag...
2013-04-25 18:37:55.262802 7fccbf2d1700 20 -- 10.1.0.3:6789/0 >> 10.1.0.130:6789/0 pipe(0x241ac20 sd=22 :48619 s=2 pgs=3736 cs=1 l=0).reader got MSG
2013-04-25 18:37:55.262838 7fccbf2d1700 20 -- 10.1.0.3:6789/0 >> 10.1.0.130:6789/0 pipe(0x241ac20 sd=22 :48619 s=2 pgs=3736 cs=1 l=0).reader got envelope type=69 src mon.2 front=1038756 data=0 off 0
2013-04-25 18:37:55.262850 7fccbf2d1700 10 -- 10.1.0.3:6789/0 >> 10.1.0.130:6789/0 pipe(0x241ac20 sd=22 :48619 s=2 pgs=3736 cs=1 l=0).reader wants 1038756 from dispatch throttler 0/104857600
2013-04-25 18:37:55.274107 7fccbf2d1700 20 -- 10.1.0.3:6789/0 >> 10.1.0.130:6789/0 pipe(0x241ac20 sd=22 :48619 s=2 pgs=3736 cs=1 l=0).reader got front 1038756
2013-04-25 18:37:55.274140 7fccbf2d1700 10 -- 10.1.0.3:6789/0 >> 10.1.0.130:6789/0 pipe(0x241ac20 sd=22 :48619 s=2 pgs=3736 cs=1 l=0).aborted = 0
2013-04-25 18:37:55.274159 7fccbf2d1700 20 -- 10.1.0.3:6789/0 >> 10.1.0.130:6789/0 pipe(0x241ac20 sd=22 :48619 s=2 pgs=3736 cs=1 l=0).reader got 1038756 + 0 + 0 byte message
2013-04-25 18:37:55.274953 7fccbf2d1700 10 -- 10.1.0.3:6789/0 >> 10.1.0.130:6789/0 pipe(0x241ac20 sd=22 :48619 s=2 pgs=3736 cs=1 l=0).reader got message 1192797987 0x7fca34100330 mon_sync( chunk bl 1038567 bytes last_key ( logm,full_309184 ) ) v1
2013-04-25 18:37:55.274966 7fccbf2d1700 20 -- 10.1.0.3:6789/0 queue 0x7fca34100330 prio 196
2013-04-25 18:37:55.274974 7fccbf2d1700 20 -- 10.1.0.3:6789/0 >> 10.1.0.130:6789/0 pipe(0x241ac20 sd=22 :48619 s=2 pgs=3736 cs=1 l=0).reader reading tag...
2013-04-25 18:37:55.275023 7fccbf3d2700 10 -- 10.1.0.3:6789/0 >> 10.1.0.130:6789/0 pipe(0x241ac20 sd=22 :48619 s=2 pgs=3736 cs=1 l=0).writer: state = open policy.server=0
2013-04-25 18:37:55.275040 7fccbf3d2700 10 -- 10.1.0.3:6789/0 >> 10.1.0.130:6789/0 pipe(0x241ac20 sd=22 :48619 s=2 pgs=3736 cs=1 l=0).write_ack 1192797987
2013-04-25 18:37:55.275052 7fccbf3d2700 10 -- 10.1.0.3:6789/0 >> 10.1.0.130:6789/0 pipe(0x241ac20 sd=22 :48619 s=2 pgs=3736 cs=1 l=0).writer: state = open policy.server=0
2013-04-25 18:37:55.275060 7fccbf3d2700 20 -- 10.1.0.3:6789/0 >> 10.1.0.130:6789/0 pipe(0x241ac20 sd=22 :48619 s=2 pgs=3736 cs=1 l=0).writer sleeping
2013-04-25 18:37:55.275060 7fccc04d5700 1 -- 10.1.0.3:6789/0 <== mon.2 10.1.0.130:6789/0 1192797987 ==== mon_sync( chunk bl 1038567 bytes last_key ( logm,full_309184 ) ) v1 ==== 1038756+0+0 (3290816178 0 0) 0x7fca34100330 con 0x241ae80
2013-04-25 18:37:55.275083 7fccc04d5700 20 mon.a@0(synchronizing sync( requester state chunks )) e1 have connection
2013-04-25 18:37:55.275091 7fccc04d5700 20 mon.a@0(synchronizing sync( requester state chunks )) e1 ms_dispatch existing session MonSession: mon.2 10.1.0.130:6789/0 is openallow * for mon.2 10.1.0.130:6789/0
2013-04-25 18:37:55.275102 7fccc04d5700 20 mon.a@0(synchronizing sync( requester state chunks )) e1 caps allow *
2013-04-25 18:37:55.275106 7fccc04d5700 10 mon.a@0(synchronizing sync( requester state chunks )) e1 handle_sync mon_sync( chunk bl 1038567 bytes last_key ( logm,full_309184 ) ) v1
2013-04-25 18:37:55.275116 7fccc04d5700 10 mon.a@0(synchronizing sync( requester state chunks )) e1 handle_sync_chunk mon_sync( chunk bl 1038567 bytes last_key ( logm,full_309184 ) ) v1
2013-04-25 18:37:55.275815 7fccc04d5700 1 -- 10.1.0.3:6789/0 --> mon.2 10.1.0.130:6789/0 -- mon_sync( chunk_reply ) v1 -- ?+0 0x7fca2c0b6f20
2013-04-25 18:37:55.275827 7fccc04d5700 20 -- 10.1.0.3:6789/0 submit_message mon_sync( chunk_reply ) v1 remote, 10.1.0.130:6789/0, have pipe.
2013-04-25 18:37:55.276000 7fccbf3d2700 10 -- 10.1.0.3:6789/0 >> 10.1.0.130:6789/0 pipe(0x241ac20 sd=22 :48619 s=2 pgs=3736 cs=1 l=0).writer: state = open policy.server=0
2013-04-25 18:37:55.276025 7fccbf3d2700 20 -- 10.1.0.3:6789/0 >> 10.1.0.130:6789/0 pipe(0x241ac20 sd=22 :48619 s=2 pgs=3736 cs=1 l=0).writer encoding 3 0x7fca2c0b6f20 mon_sync( chunk_reply ) v1
2013-04-25 18:37:55.276067 7fccbf3d2700 20 -- 10.1.0.3:6789/0 >> 10.1.0.130:6789/0 pipe(0x241ac20 sd=22 :48619 s=2 pgs=3736 cs=1 l=0).writer signed seq # 3): sig = 2770877624728815153
2013-04-25 18:37:55.276087 7fccbf3d2700 20 -- 10.1.0.3:6789/0 >> 10.1.0.130:6789/0 pipe(0x241ac20 sd=22 :48619 s=2 pgs=3736 cs=1 l=0).writer sending 3 0x7fca2c0b6f20
2013-04-25 18:37:55.276106 7fccbf3d2700 10 -- 10.1.0.3:6789/0 >> 10.1.0.130:6789/0 pipe(0x241ac20 sd=22 :48619 s=2 pgs=3736 cs=1 l=0).writer: state = open policy.server=0
2013-04-25 18:37:55.276113 7fccbf3d2700 20 -- 10.1.0.3:6789/0 >> 10.1.0.130:6789/0 pipe(0x241ac20 sd=22 :48619 s=2 pgs=3736 cs=1 l=0).writer sleeping
2013-04-25 18:37:55.282400 7fccbf2d1700 20 -- 10.1.0.3:6789/0 >> 10.1.0.130:6789/0 pipe(0x241ac20 sd=22 :48619 s=2 pgs=3736 cs=1 l=0).reader got ACK
2013-04-25 18:37:55.282428 7fccbf2d1700 15 -- 10.1.0.3:6789/0 >> 10.1.0.130:6789/0 pipe(0x241ac20 sd=22 :48619 s=2 pgs=3736 cs=1 l=0).reader got ack seq 3
2013-04-25 18:37:55.282517 7fccbf2d1700 10 -- 10.1.0.3:6789/0 >> 10.1.0.130:6789/0 pipe(0x241ac20 sd=22 :48619 s=2 pgs=3736 cs=1 l=0).reader got ack seq 3 >= 3 on 0x7fca2c0b6f20 mon_sync( chunk_reply ) v1
2013-04-25 18:37:55.282539 7fccbf2d1700 20 -- 10.1.0.3:6789/0 >> 10.1.0.130:6789/0 pipe(0x241ac20 sd=22 :48619 s=2 pgs=3736 cs=1 l=0).reader reading tag...
2013-04-25 18:37:55.282560 7fccbf2d1700 20 -- 10.1.0.3:6789/0 >> 10.1.0.130:6789/0 pipe(0x241ac20 sd=22 :48619 s=2 pgs=3736 cs=1 l=0).reader got MSG
2013-04-25 18:37:55.282569 7fccbf2d1700 20 -- 10.1.0.3:6789/0 >> 10.1.0.130:6789/0 pipe(0x241ac20 sd=22 :48619 s=2 pgs=3736 cs=1 l=0).reader got envelope type=69 src mon.2 front=1039846 data=0 off 0
2013-04-25 18:37:55.282577 7fccbf2d1700 10 -- 10.1.0.3:6789/0 >> 10.1.0.130:6789/0 pipe(0x241ac20 sd=22 :48619 s=2 pgs=3736 cs=1 l=0).reader wants 1039846 from dispatch throttler 1038756/104857600
2013-04-25 18:37:55.290147 7fccc04d5700 10 -- 10.1.0.3:6789/0 dispatch_throttle_release 1038756 to dispatch throttler 2078602/104857600
2013-04-25 18:37:55.290169 7fccc04d5700 20 -- 10.1.0.3:6789/0 done calling dispatch on 0x7fca34100330
2013-04-25 18:37:55.291194 7fccbf2d1700 20 -- 10.1.0.3:6789/0 >> 10.1.0.130:6789/0 pipe(0x241ac20 sd=22 :48619 s=2 pgs=3736 cs=1 l=0).reader got front 1039846
2013-04-25 18:37:55.291222 7fccbf2d1700 10 -- 10.1.0.3:6789/0 >> 10.1.0.130:6789/0 pipe(0x241ac20 sd=22 :48619 s=2 pgs=3736 cs=1 l=0).aborted = 0
2013-04-25 18:37:55.291229 7fccbf2d1700 20 -- 10.1.0.3:6789/0 >> 10.1.0.130:6789/0 pipe(0x241ac20 sd=22 :48619 s=2 pgs=3736 cs=1 l=0).reader got 1039846 + 0 + 0 byte message
2013-04-25 18:37:55.291978 7fccbf2d1700 10 -- 10.1.0.3:6789/0 >> 10.1.0.130:6789/0 pipe(0x241ac20 sd=22 :48619 s=2 pgs=3736 cs=1 l=0).reader got message 1192797988 0x7fca340027b0 mon_sync( chunk bl 1039657 bytes last_key ( logm,full_309254 ) ) v1
2013-04-25 18:37:55.291990 7fccbf2d1700 20 -- 10.1.0.3:6789/0 queue 0x7fca340027b0 prio 196
2013-04-25 18:37:55.292001 7fccbf2d1700 20 -- 10.1.0.3:6789/0 >> 10.1.0.130:6789/0 pipe(0x241ac20 sd=22 :48619 s=2 pgs=3736 cs=1 l=0).reader reading tag...
2013-04-25 18:37:55.292002 7fccbf3d2700 10 -- 10.1.0.3:6789/0 >> 10.1.0.130:6789/0 pipe(0x241ac20 sd=22 :48619 s=2 pgs=3736 cs=1 l=0).writer: state = open policy.server=0
2013-04-25 18:37:55.292006 7fccc04d5700 1 -- 10.1.0.3:6789/0 <== mon.2 10.1.0.130:6789/0 1192797988 ==== mon_sync( chunk bl 1039657 bytes last_key ( logm,full_309254 ) ) v1 ==== 1039846+0+0 (512143511 0 0) 0x7fca340027b0 con 0x241ae80
2013-04-25 18:37:55.292018 7fccc04d5700 20 mon.a@0(synchronizing sync( requester state chunks )) e1 have connection
2013-04-25 18:37:55.292018 7fccbf3d2700 10 -- 10.1.0.3:6789/0 >> 10.1.0.130:6789/0 pipe(0x241ac20 sd=22 :48619 s=2 pgs=3736 cs=1 l=0).write_ack 1192797988
2013-04-25 18:37:55.292024 7fccc04d5700 20 mon.a@0(synchronizing sync( requester state chunks )) e1 ms_dispatch existing session MonSession: mon.2 10.1.0.130:6789/0 is openallow * for mon.2 10.1.0.130:6789/0
2013-04-25 18:37:55.292031 7fccc04d5700 20 mon.a@0(synchronizing sync( requester state chunks )) e1 caps allow *
2013-04-25 18:37:55.292034 7fccc04d5700 10 mon.a@0(synchronizing sync( requester state chunks )) e1 handle_sync mon_sync( chunk bl 1039657 bytes last_key ( logm,full_309254 ) ) v1
2013-04-25 18:37:55.292030 7fccbf3d2700 10 -- 10.1.0.3:6789/0 >> 10.1.0.130:6789/0 pipe(0x241ac20 sd=22 :48619 s=2 pgs=3736 cs=1 l=0).writer: state = open policy.server=0
2013-04-25 18:37:55.292038 7fccc04d5700 10 mon.a@0(synchronizing sync( requester state chunks )) e1 handle_sync_chunk mon_sync( chunk bl 1039657 bytes last_key ( logm,full_309254 ) ) v1
2013-04-25 18:37:55.292039 7fccbf3d2700 20 -- 10.1.0.3:6789/0 >> 10.1.0.130:6789/0 pipe(0x241ac20 sd=22 :48619 s=2 pgs=3736 cs=1 l=0).writer sleeping
2013-04-25 18:37:55.292092 7fccc04d5700 1 -- 10.1.0.3:6789/0 --> mon.2 10.1.0.130:6789/0 -- mon_sync( chunk_reply ) v1 -- ?+0 0x7fca2c1df740
2013-04-25 18:37:55.292099 7fccc04d5700 20 -- 10.1.0.3:6789/0 submit_message mon_sync( chunk_reply ) v1 remote, 10.1.0.130:6789/0, have pipe.
2013-04-25 18:37:55.292151 7fccbf3d2700 10 -- 10.1.0.3:6789/0 >> 10.1.0.130:6789/0 pipe(0x241ac20 sd=22 :48619 s=2 pgs=3736 cs=1 l=0).writer: state = open policy.server=0
2013-04-25 18:37:55.292169 7fccbf3d2700 20 -- 10.1.0.3:6789/0 >> 10.1.0.130:6789/0 pipe(0x241ac20 sd=22 :48619 s=2 pgs=3736 cs=1 l=0).writer encoding 4 0x7fca2c1df740 mon_sync( chunk_reply ) v1
2013-04-25 18:37:55.292200 7fccbf3d2700 20 -- 10.1.0.3:6789/0 >> 10.1.0.130:6789/0 pipe(0x241ac20 sd=22 :48619 s=2 pgs=3736 cs=1 l=0).writer signed seq # 4): sig = 2950678740948563378
2013-04-25 18:37:55.292212 7fccbf3d2700 20 -- 10.1.0.3:6789/0 >> 10.1.0.130:6789/0 pipe(0x241ac20 sd=22 :48619 s=2 pgs=3736 cs=1 l=0).writer sending 4 0x7fca2c1df740
2013-04-25 18:37:55.292232 7fccbf3d2700 10 -- 10.1.0.3:6789/0 >> 10.1.0.130:6789/0 pipe(0x241ac20 sd=22 :48619 s=2 pgs=3736 cs=1 l=0).writer: state = open policy.server=0
2013-04-25 18:37:55.292240 7fccbf3d2700 20 -- 10.1.0.3:6789/0 >> 10.1.0.130:6789/0 pipe(0x241ac20 sd=22 :48619 s=2 pgs=3736 cs=1 l=0).writer sleeping
2013-04-25 18:37:55.297504 7fccbf2d1700 20 -- 10.1.0.3:6789/0 >> 10.1.0.130:6789/0 pipe(0x241ac20 sd=22 :48619 s=2 pgs=3736 cs=1 l=0).reader got ACK
2013-04-25 18:37:55.297535 7fccbf2d1700 15 -- 10.1.0.3:6789/0 >> 10.1.0.130:6789/0 pipe(0x241ac20 sd=22 :48619 s=2 pgs=3736 cs=1 l=0).reader got ack seq 4
2013-04-25 18:37:55.297549 7fccbf2d1700 10 -- 10.1.0.3:6789/0 >> 10.1.0.130:6789/0 pipe(0x241ac20 sd=22 :48619 s=2 pgs=3736 cs=1 l=0).reader got ack seq 4 >= 4 on 0x7fca2c1df740 mon_sync( chunk_reply ) v1
2013-04-25 18:37:55.297602 7fccbf2d1700 20 -- 10.1.0.3:6789/0 >> 10.1.0.130:6789/0 pipe(0x241ac20 sd=22 :48619 s=2 pgs=3736 cs=1 l=0).reader reading tag...
2013-04-25 18:37:55.297647 7fccbf2d1700 20 -- 10.1.0.3:6789/0 >> 10.1.0.130:6789/0 pipe(0x241ac20 sd=22 :48619 s=2 pgs=3736 cs=1 l=0).reader got MSG
2013-04-25 18:37:55.297657 7fccbf2d1700 20 -- 10.1.0.3:6789/0 >> 10.1.0.130:6789/0 pipe(0x241ac20 sd=22 :48619 s=2 pgs=3736 cs=1 l=0).reader got envelope type=69 src mon.2 front=1039154 data=0 off 0
2013-04-25 18:37:55.297669 7fccbf2d1700 10 -- 10.1.0.3:6789/0 >> 10.1.0.130:6789/0 pipe(0x241ac20 sd=22 :48619 s=2 pgs=3736 cs=1 l=0).reader wants 1039154 from dispatch throttler 1039846/104857600
