2013-04-25 18:37:55.306288 7fccbf2d1700 20 -- 10.1.0.3:6789/0 >> 10.1.0.130:6789/0 pipe(0x241ac20 sd=22 :48619 s=2 pgs=3736 cs=1 l=0).reader got front 1039154
2013-04-25 18:37:55.306310 7fccbf2d1700 10 -- 10.1.0.3:6789/0 >> 10.1.0.130:6789/0 pipe(0x241ac20 sd=22 :48619 s=2 pgs=3736 cs=1 l=0).aborted = 0
2013-04-25 18:37:55.306315 7fccbf2d1700 20 -- 10.1.0.3:6789/0 >> 10.1.0.130:6789/0 pipe(0x241ac20 sd=22 :48619 s=2 pgs=3736 cs=1 l=0).reader got 1039154 + 0 + 0 byte message
2013-04-25 18:37:55.306555 7fccc04d5700 10 -- 10.1.0.3:6789/0 dispatch_throttle_release 1039846 to dispatch throttler 2079000/104857600
2013-04-25 18:37:55.306571 7fccc04d5700 20 -- 10.1.0.3:6789/0 done calling dispatch on 0x7fca340027b0
2013-04-25 18:37:55.307106 7fccbf2d1700 10 -- 10.1.0.3:6789/0 >> 10.1.0.130:6789/0 pipe(0x241ac20 sd=22 :48619 s=2 pgs=3736 cs=1 l=0).reader got message 1192797989 0x7fca340027b0 mon_sync( chunk bl 1038965 bytes last_key ( logm,full_309324 ) ) v1
2013-04-25 18:37:55.307118 7fccbf2d1700 20 -- 10.1.0.3:6789/0 queue 0x7fca340027b0 prio 196
2013-04-25 18:37:55.307127 7fccbf2d1700 20 -- 10.1.0.3:6789/0 >> 10.1.0.130:6789/0 pipe(0x241ac20 sd=22 :48619 s=2 pgs=3736 cs=1 l=0).reader reading tag...
2013-04-25 18:37:55.307151 7fccbf3d2700 10 -- 10.1.0.3:6789/0 >> 10.1.0.130:6789/0 pipe(0x241ac20 sd=22 :48619 s=2 pgs=3736 cs=1 l=0).writer: state = open policy.server=0
2013-04-25 18:37:55.307167 7fccbf3d2700 10 -- 10.1.0.3:6789/0 >> 10.1.0.130:6789/0 pipe(0x241ac20 sd=22 :48619 s=2 pgs=3736 cs=1 l=0).write_ack 1192797989
2013-04-25 18:37:55.307180 7fccbf3d2700 10 -- 10.1.0.3:6789/0 >> 10.1.0.130:6789/0 pipe(0x241ac20 sd=22 :48619 s=2 pgs=3736 cs=1 l=0).writer: state = open policy.server=0
2013-04-25 18:37:55.307188 7fccbf3d2700 20 -- 10.1.0.3:6789/0 >> 10.1.0.130:6789/0 pipe(0x241ac20 sd=22 :48619 s=2 pgs=3736 cs=1 l=0).writer sleeping
2013-04-25 18:37:55.307217 7fccc04d5700 1 -- 10.1.0.3:6789/0 <== mon.2 10.1.0.130:6789/0 1192797989 ==== mon_sync( chunk bl 1038965 bytes last_key ( logm,full_309324 ) ) v1 ==== 1039154+0+0 (1960894935 0 0) 0x7fca340027b0 con 0x241ae80
2013-04-25 18:37:55.307234 7fccc04d5700 20 mon.a@0(synchronizing sync( requester state chunks )) e1 have connection
2013-04-25 18:37:55.307241 7fccc04d5700 20 mon.a@0(synchronizing sync( requester state chunks )) e1 ms_dispatch existing session MonSession: mon.2 10.1.0.130:6789/0 is openallow * for mon.2 10.1.0.130:6789/0
2013-04-25 18:37:55.307250 7fccc04d5700 20 mon.a@0(synchronizing sync( requester state chunks )) e1 caps allow *
2013-04-25 18:37:55.307254 7fccc04d5700 10 mon.a@0(synchronizing sync( requester state chunks )) e1 handle_sync mon_sync( chunk bl 1038965 bytes last_key ( logm,full_309324 ) ) v1
2013-04-25 18:37:55.307258 7fccc04d5700 10 mon.a@0(synchronizing sync( requester state chunks )) e1 handle_sync_chunk mon_sync( chunk bl 1038965 bytes last_key ( logm,full_309324 ) ) v1
2013-04-25 18:37:55.307313 7fccc04d5700 1 -- 10.1.0.3:6789/0 --> mon.2 10.1.0.130:6789/0 -- mon_sync( chunk_reply ) v1 -- ?+0 0x7fca2c085230
2013-04-25 18:37:55.307324 7fccc04d5700 20 -- 10.1.0.3:6789/0 submit_message mon_sync( chunk_reply ) v1 remote, 10.1.0.130:6789/0, have pipe.
2013-04-25 18:37:55.307410 7fccbf3d2700 10 -- 10.1.0.3:6789/0 >> 10.1.0.130:6789/0 pipe(0x241ac20 sd=22 :48619 s=2 pgs=3736 cs=1 l=0).writer: state = open policy.server=0
2013-04-25 18:37:55.307433 7fccbf3d2700 20 -- 10.1.0.3:6789/0 >> 10.1.0.130:6789/0 pipe(0x241ac20 sd=22 :48619 s=2 pgs=3736 cs=1 l=0).writer encoding 5 0x7fca2c085230 mon_sync( chunk_reply ) v1
2013-04-25 18:37:55.307473 7fccbf3d2700 20 -- 10.1.0.3:6789/0 >> 10.1.0.130:6789/0 pipe(0x241ac20 sd=22 :48619 s=2 pgs=3736 cs=1 l=0).writer signed seq # 5): sig = 10608811847928868873
2013-04-25 18:37:55.307482 7fccbf3d2700 20 -- 10.1.0.3:6789/0 >> 10.1.0.130:6789/0 pipe(0x241ac20 sd=22 :48619 s=2 pgs=3736 cs=1 l=0).writer sending 5 0x7fca2c085230
2013-04-25 18:37:55.307502 7fccbf3d2700 10 -- 10.1.0.3:6789/0 >> 10.1.0.130:6789/0 pipe(0x241ac20 sd=22 :48619 s=2 pgs=3736 cs=1 l=0).writer: state = open policy.server=0
2013-04-25 18:37:55.307508 7fccbf3d2700 20 -- 10.1.0.3:6789/0 >> 10.1.0.130:6789/0 pipe(0x241ac20 sd=22 :48619 s=2 pgs=3736 cs=1 l=0).writer sleeping
2013-04-25 18:37:55.312671 7fccbf2d1700 20 -- 10.1.0.3:6789/0 >> 10.1.0.130:6789/0 pipe(0x241ac20 sd=22 :48619 s=2 pgs=3736 cs=1 l=0).reader got ACK
2013-04-25 18:37:55.312760 7fccbf2d1700 15 -- 10.1.0.3:6789/0 >> 10.1.0.130:6789/0 pipe(0x241ac20 sd=22 :48619 s=2 pgs=3736 cs=1 l=0).reader got ack seq 5
2013-04-25 18:37:55.312774 7fccbf2d1700 10 -- 10.1.0.3:6789/0 >> 10.1.0.130:6789/0 pipe(0x241ac20 sd=22 :48619 s=2 pgs=3736 cs=1 l=0).reader got ack seq 5 >= 5 on 0x7fca2c085230 mon_sync( chunk_reply ) v1
2013-04-25 18:37:55.312790 7fccbf2d1700 20 -- 10.1.0.3:6789/0 >> 10.1.0.130:6789/0 pipe(0x241ac20 sd=22 :48619 s=2 pgs=3736 cs=1 l=0).reader reading tag...
2013-04-25 18:37:55.312801 7fccbf2d1700 20 -- 10.1.0.3:6789/0 >> 10.1.0.130:6789/0 pipe(0x241ac20 sd=22 :48619 s=2 pgs=3736 cs=1 l=0).reader got MSG
2013-04-25 18:37:55.312811 7fccbf2d1700 20 -- 10.1.0.3:6789/0 >> 10.1.0.130:6789/0 pipe(0x241ac20 sd=22 :48619 s=2 pgs=3736 cs=1 l=0).reader got envelope type=69 src mon.2 front=1039301 data=0 off 0
2013-04-25 18:37:55.312820 7fccbf2d1700 10 -- 10.1.0.3:6789/0 >> 10.1.0.130:6789/0 pipe(0x241ac20 sd=22 :48619 s=2 pgs=3736 cs=1 l=0).reader wants 1039301 from dispatch throttler 1039154/104857600
2013-04-25 18:37:55.318355 7fccc04d5700 10 -- 10.1.0.3:6789/0 dispatch_throttle_release 1039154 to dispatch throttler 2078455/104857600
2013-04-25 18:37:55.318374 7fccc04d5700 20 -- 10.1.0.3:6789/0 done calling dispatch on 0x7fca340027b0
2013-04-25 18:37:55.321677 7fccbf2d1700 20 -- 10.1.0.3:6789/0 >> 10.1.0.130:6789/0 pipe(0x241ac20 sd=22 :48619 s=2 pgs=3736 cs=1 l=0).reader got front 1039301
2013-04-25 18:37:55.321708 7fccbf2d1700 10 -- 10.1.0.3:6789/0 >> 10.1.0.130:6789/0 pipe(0x241ac20 sd=22 :48619 s=2 pgs=3736 cs=1 l=0).aborted = 0
2013-04-25 18:37:55.321722 7fccbf2d1700 20 -- 10.1.0.3:6789/0 >> 10.1.0.130:6789/0 pipe(0x241ac20 sd=22 :48619 s=2 pgs=3736 cs=1 l=0).reader got 1039301 + 0 + 0 byte message
2013-04-25 18:37:55.322524 7fccbf2d1700 10 -- 10.1.0.3:6789/0 >> 10.1.0.130:6789/0 pipe(0x241ac20 sd=22 :48619 s=2 pgs=3736 cs=1 l=0).reader got message 1192797990 0x7fca34004ab0 mon_sync( chunk bl 1039112 bytes last_key ( logm,full_309394 ) ) v1
2013-04-25 18:37:55.322536 7fccbf2d1700 20 -- 10.1.0.3:6789/0 queue 0x7fca34004ab0 prio 196
2013-04-25 18:37:55.322544 7fccbf2d1700 20 -- 10.1.0.3:6789/0 >> 10.1.0.130:6789/0 pipe(0x241ac20 sd=22 :48619 s=2 pgs=3736 cs=1 l=0).reader reading tag...
2013-04-25 18:37:55.322592 7fccbf3d2700 10 -- 10.1.0.3:6789/0 >> 10.1.0.130:6789/0 pipe(0x241ac20 sd=22 :48619 s=2 pgs=3736 cs=1 l=0).writer: state = open policy.server=0
2013-04-25 18:37:55.322613 7fccbf3d2700 10 -- 10.1.0.3:6789/0 >> 10.1.0.130:6789/0 pipe(0x241ac20 sd=22 :48619 s=2 pgs=3736 cs=1 l=0).write_ack 1192797990
2013-04-25 18:37:55.322632 7fccbf3d2700 10 -- 10.1.0.3:6789/0 >> 10.1.0.130:6789/0 pipe(0x241ac20 sd=22 :48619 s=2 pgs=3736 cs=1 l=0).writer: state = open policy.server=0
2013-04-25 18:37:55.322643 7fccbf3d2700 20 -- 10.1.0.3:6789/0 >> 10.1.0.130:6789/0 pipe(0x241ac20 sd=22 :48619 s=2 pgs=3736 cs=1 l=0).writer sleeping
2013-04-25 18:37:55.322647 7fccc04d5700 1 -- 10.1.0.3:6789/0 <== mon.2 10.1.0.130:6789/0 1192797990 ==== mon_sync( chunk bl 1039112 bytes last_key ( logm,full_309394 ) ) v1 ==== 1039301+0+0 (643574121 0 0) 0x7fca34004ab0 con 0x241ae80
2013-04-25 18:37:55.322670 7fccc04d5700 20 mon.a@0(synchronizing sync( requester state chunks )) e1 have connection
2013-04-25 18:37:55.322678 7fccc04d5700 20 mon.a@0(synchronizing sync( requester state chunks )) e1 ms_dispatch existing session MonSession: mon.2 10.1.0.130:6789/0 is openallow * for mon.2 10.1.0.130:6789/0
2013-04-25 18:37:55.322691 7fccc04d5700 20 mon.a@0(synchronizing sync( requester state chunks )) e1 caps allow *
2013-04-25 18:37:55.322696 7fccc04d5700 10 mon.a@0(synchronizing sync( requester state chunks )) e1 handle_sync mon_sync( chunk bl 1039112 bytes last_key ( logm,full_309394 ) ) v1
2013-04-25 18:37:55.322702 7fccc04d5700 10 mon.a@0(synchronizing sync( requester state chunks )) e1 handle_sync_chunk mon_sync( chunk bl 1039112 bytes last_key ( logm,full_309394 ) ) v1
2013-04-25 18:37:55.322765 7fccc04d5700 1 -- 10.1.0.3:6789/0 --> mon.2 10.1.0.130:6789/0 -- mon_sync( chunk_reply ) v1 -- ?+0 0x7fca2c085780
2013-04-25 18:37:55.322777 7fccc04d5700 20 -- 10.1.0.3:6789/0 submit_message mon_sync( chunk_reply ) v1 remote, 10.1.0.130:6789/0, have pipe.
2013-04-25 18:37:55.322843 7fccbf3d2700 10 -- 10.1.0.3:6789/0 >> 10.1.0.130:6789/0 pipe(0x241ac20 sd=22 :48619 s=2 pgs=3736 cs=1 l=0).writer: state = open policy.server=0
2013-04-25 18:37:55.322858 7fccbf3d2700 20 -- 10.1.0.3:6789/0 >> 10.1.0.130:6789/0 pipe(0x241ac20 sd=22 :48619 s=2 pgs=3736 cs=1 l=0).writer encoding 6 0x7fca2c085780 mon_sync( chunk_reply ) v1
2013-04-25 18:37:55.322889 7fccbf3d2700 20 -- 10.1.0.3:6789/0 >> 10.1.0.130:6789/0 pipe(0x241ac20 sd=22 :48619 s=2 pgs=3736 cs=1 l=0).writer signed seq # 6): sig = 911070850942013719
2013-04-25 18:37:55.322903 7fccbf3d2700 20 -- 10.1.0.3:6789/0 >> 10.1.0.130:6789/0 pipe(0x241ac20 sd=22 :48619 s=2 pgs=3736 cs=1 l=0).writer sending 6 0x7fca2c085780
2013-04-25 18:37:55.322925 7fccbf3d2700 10 -- 10.1.0.3:6789/0 >> 10.1.0.130:6789/0 pipe(0x241ac20 sd=22 :48619 s=2 pgs=3736 cs=1 l=0).writer: state = open policy.server=0
2013-04-25 18:37:55.322931 7fccbf3d2700 20 -- 10.1.0.3:6789/0 >> 10.1.0.130:6789/0 pipe(0x241ac20 sd=22 :48619 s=2 pgs=3736 cs=1 l=0).writer sleeping
2013-04-25 18:37:55.328137 7fccbf2d1700 20 -- 10.1.0.3:6789/0 >> 10.1.0.130:6789/0 pipe(0x241ac20 sd=22 :48619 s=2 pgs=3736 cs=1 l=0).reader got ACK
2013-04-25 18:37:55.328169 7fccbf2d1700 15 -- 10.1.0.3:6789/0 >> 10.1.0.130:6789/0 pipe(0x241ac20 sd=22 :48619 s=2 pgs=3736 cs=1 l=0).reader got ack seq 6
2013-04-25 18:37:55.328175 7fccbf2d1700 10 -- 10.1.0.3:6789/0 >> 10.1.0.130:6789/0 pipe(0x241ac20 sd=22 :48619 s=2 pgs=3736 cs=1 l=0).reader got ack seq 6 >= 6 on 0x7fca2c085780 mon_sync( chunk_reply ) v1
2013-04-25 18:37:55.328186 7fccbf2d1700 20 -- 10.1.0.3:6789/0 >> 10.1.0.130:6789/0 pipe(0x241ac20 sd=22 :48619 s=2 pgs=3736 cs=1 l=0).reader reading tag...
2013-04-25 18:37:55.328192 7fccbf2d1700 20 -- 10.1.0.3:6789/0 >> 10.1.0.130:6789/0 pipe(0x241ac20 sd=22 :48619 s=2 pgs=3736 cs=1 l=0).reader got MSG
2013-04-25 18:37:55.328202 7fccbf2d1700 20 -- 10.1.0.3:6789/0 >> 10.1.0.130:6789/0 pipe(0x241ac20 sd=22 :48619 s=2 pgs=3736 cs=1 l=0).reader got envelope type=69 src mon.2 front=1039162 data=0 off 0
2013-04-25 18:37:55.328209 7fccbf2d1700 10 -- 10.1.0.3:6789/0 >> 10.1.0.130:6789/0 pipe(0x241ac20 sd=22 :48619 s=2 pgs=3736 cs=1 l=0).reader wants 1039162 from dispatch throttler 1039301/104857600
2013-04-25 18:37:55.335744 7fccc04d5700 10 -- 10.1.0.3:6789/0 dispatch_throttle_release 1039301 to dispatch throttler 2078463/104857600
2013-04-25 18:37:55.335763 7fccc04d5700 20 -- 10.1.0.3:6789/0 done calling dispatch on 0x7fca34004ab0
2013-04-25 18:37:55.336918 7fccbf2d1700 20 -- 10.1.0.3:6789/0 >> 10.1.0.130:6789/0 pipe(0x241ac20 sd=22 :48619 s=2 pgs=3736 cs=1 l=0).reader got front 1039162
2013-04-25 18:37:55.336942 7fccbf2d1700 10 -- 10.1.0.3:6789/0 >> 10.1.0.130:6789/0 pipe(0x241ac20 sd=22 :48619 s=2 pgs=3736 cs=1 l=0).aborted = 0
2013-04-25 18:37:55.336947 7fccbf2d1700 20 -- 10.1.0.3:6789/0 >> 10.1.0.130:6789/0 pipe(0x241ac20 sd=22 :48619 s=2 pgs=3736 cs=1 l=0).reader got 1039162 + 0 + 0 byte message
2013-04-25 18:37:55.337711 7fccbf2d1700 10 -- 10.1.0.3:6789/0 >> 10.1.0.130:6789/0 pipe(0x241ac20 sd=22 :48619 s=2 pgs=3736 cs=1 l=0).reader got message 1192797991 0x7fca34005cb0 mon_sync( chunk bl 1038973 bytes last_key ( logm,full_309464 ) ) v1
2013-04-25 18:37:55.337724 7fccbf2d1700 20 -- 10.1.0.3:6789/0 queue 0x7fca34005cb0 prio 196
2013-04-25 18:37:55.337733 7fccbf2d1700 20 -- 10.1.0.3:6789/0 >> 10.1.0.130:6789/0 pipe(0x241ac20 sd=22 :48619 s=2 pgs=3736 cs=1 l=0).reader reading tag...
2013-04-25 18:37:55.337797 7fccbf3d2700 10 -- 10.1.0.3:6789/0 >> 10.1.0.130:6789/0 pipe(0x241ac20 sd=22 :48619 s=2 pgs=3736 cs=1 l=0).writer: state = open policy.server=0
2013-04-25 18:37:55.337798 7fccc04d5700 1 -- 10.1.0.3:6789/0 <== mon.2 10.1.0.130:6789/0 1192797991 ==== mon_sync( chunk bl 1038973 bytes last_key ( logm,full_309464 ) ) v1 ==== 1039162+0+0 (364931340 0 0) 0x7fca34005cb0 con 0x241ae80
2013-04-25 18:37:55.337813 7fccbf3d2700 10 -- 10.1.0.3:6789/0 >> 10.1.0.130:6789/0 pipe(0x241ac20 sd=22 :48619 s=2 pgs=3736 cs=1 l=0).write_ack 1192797991
2013-04-25 18:37:55.337815 7fccc04d5700 20 mon.a@0(synchronizing sync( requester state chunks )) e1 have connection
2013-04-25 18:37:55.337822 7fccc04d5700 20 mon.a@0(synchronizing sync( requester state chunks )) e1 ms_dispatch existing session MonSession: mon.2 10.1.0.130:6789/0 is openallow * for mon.2 10.1.0.130:6789/0
2013-04-25 18:37:55.337828 7fccbf3d2700 10 -- 10.1.0.3:6789/0 >> 10.1.0.130:6789/0 pipe(0x241ac20 sd=22 :48619 s=2 pgs=3736 cs=1 l=0).writer: state = open policy.server=0
2013-04-25 18:37:55.337832 7fccc04d5700 20 mon.a@0(synchronizing sync( requester state chunks )) e1 caps allow *
2013-04-25 18:37:55.337835 7fccbf3d2700 20 -- 10.1.0.3:6789/0 >> 10.1.0.130:6789/0 pipe(0x241ac20 sd=22 :48619 s=2 pgs=3736 cs=1 l=0).writer sleeping
2013-04-25 18:37:55.337836 7fccc04d5700 10 mon.a@0(synchronizing sync( requester state chunks )) e1 handle_sync mon_sync( chunk bl 1038973 bytes last_key ( logm,full_309464 ) ) v1
2013-04-25 18:37:55.337840 7fccc04d5700 10 mon.a@0(synchronizing sync( requester state chunks )) e1 handle_sync_chunk mon_sync( chunk bl 1038973 bytes last_key ( logm,full_309464 ) ) v1
2013-04-25 18:37:55.337896 7fccc04d5700 1 -- 10.1.0.3:6789/0 --> mon.2 10.1.0.130:6789/0 -- mon_sync( chunk_reply ) v1 -- ?+0 0x7fca2c1d59a0
2013-04-25 18:37:55.337904 7fccc04d5700 20 -- 10.1.0.3:6789/0 submit_message mon_sync( chunk_reply ) v1 remote, 10.1.0.130:6789/0, have pipe.
2013-04-25 18:37:55.337977 7fccbf3d2700 10 -- 10.1.0.3:6789/0 >> 10.1.0.130:6789/0 pipe(0x241ac20 sd=22 :48619 s=2 pgs=3736 cs=1 l=0).writer: state = open policy.server=0
2013-04-25 18:37:55.337996 7fccbf3d2700 20 -- 10.1.0.3:6789/0 >> 10.1.0.130:6789/0 pipe(0x241ac20 sd=22 :48619 s=2 pgs=3736 cs=1 l=0).writer encoding 7 0x7fca2c1d59a0 mon_sync( chunk_reply ) v1
2013-04-25 18:37:55.338037 7fccbf3d2700 20 -- 10.1.0.3:6789/0 >> 10.1.0.130:6789/0 pipe(0x241ac20 sd=22 :48619 s=2 pgs=3736 cs=1 l=0).writer signed seq # 7): sig = 1759742916706816354
2013-04-25 18:37:55.338047 7fccbf3d2700 20 -- 10.1.0.3:6789/0 >> 10.1.0.130:6789/0 pipe(0x241ac20 sd=22 :48619 s=2 pgs=3736 cs=1 l=0).writer sending 7 0x7fca2c1d59a0
2013-04-25 18:37:55.338068 7fccbf3d2700 10 -- 10.1.0.3:6789/0 >> 10.1.0.130:6789/0 pipe(0x241ac20 sd=22 :48619 s=2 pgs=3736 cs=1 l=0).writer: state = open policy.server=0
2013-04-25 18:37:55.338074 7fccbf3d2700 20 -- 10.1.0.3:6789/0 >> 10.1.0.130:6789/0 pipe(0x241ac20 sd=22 :48619 s=2 pgs=3736 cs=1 l=0).writer sleeping
2013-04-25 18:37:55.343304 7fccbf2d1700 20 -- 10.1.0.3:6789/0 >> 10.1.0.130:6789/0 pipe(0x241ac20 sd=22 :48619 s=2 pgs=3736 cs=1 l=0).reader got ACK
2013-04-25 18:37:55.343336 7fccbf2d1700 15 -- 10.1.0.3:6789/0 >> 10.1.0.130:6789/0 pipe(0x241ac20 sd=22 :48619 s=2 pgs=3736 cs=1 l=0).reader got ack seq 7
2013-04-25 18:37:55.343348 7fccbf2d1700 10 -- 10.1.0.3:6789/0 >> 10.1.0.130:6789/0 pipe(0x241ac20 sd=22 :48619 s=2 pgs=3736 cs=1 l=0).reader got ack seq 7 >= 7 on 0x7fca2c1d59a0 mon_sync( chunk_reply ) v1
2013-04-25 18:37:55.343360 7fccbf2d1700 20 -- 10.1.0.3:6789/0 >> 10.1.0.130:6789/0 pipe(0x241ac20 sd=22 :48619 s=2 pgs=3736 cs=1 l=0).reader reading tag...
2013-04-25 18:37:55.343369 7fccbf2d1700 20 -- 10.1.0.3:6789/0 >> 10.1.0.130:6789/0 pipe(0x241ac20 sd=22 :48619 s=2 pgs=3736 cs=1 l=0).reader got MSG
2013-04-25 18:37:55.343379 7fccbf2d1700 20 -- 10.1.0.3:6789/0 >> 10.1.0.130:6789/0 pipe(0x241ac20 sd=22 :48619 s=2 pgs=3736 cs=1 l=0).reader got envelope type=69 src mon.2 front=1040092 data=0 off 0
2013-04-25 18:37:55.343388 7fccbf2d1700 10 -- 10.1.0.3:6789/0 >> 10.1.0.130:6789/0 pipe(0x241ac20 sd=22 :48619 s=2 pgs=3736 cs=1 l=0).reader wants 1040092 from dispatch throttler 1039162/104857600
2013-04-25 18:37:55.349095 7fccc04d5700 10 -- 10.1.0.3:6789/0 dispatch_throttle_release 1039162 to dispatch throttler 2079254/104857600
2013-04-25 18:37:55.349115 7fccc04d5700 20 -- 10.1.0.3:6789/0 done calling dispatch on 0x7fca34005cb0
2013-04-25 18:37:55.352261 7fccbf2d1700 20 -- 10.1.0.3:6789/0 >> 10.1.0.130:6789/0 pipe(0x241ac20 sd=22 :48619 s=2 pgs=3736 cs=1 l=0).reader got front 1040092
2013-04-25 18:37:55.352291 7fccbf2d1700 10 -- 10.1.0.3:6789/0 >> 10.1.0.130:6789/0 pipe(0x241ac20 sd=22 :48619 s=2 pgs=3736 cs=1 l=0).aborted = 0
2013-04-25 18:37:55.352302 7fccbf2d1700 20 -- 10.1.0.3:6789/0 >> 10.1.0.130:6789/0 pipe(0x241ac20 sd=22 :48619 s=2 pgs=3736 cs=1 l=0).reader got 1040092 + 0 + 0 byte message
2013-04-25 18:37:55.353266 7fccbf2d1700 10 -- 10.1.0.3:6789/0 >> 10.1.0.130:6789/0 pipe(0x241ac20 sd=22 :48619 s=2 pgs=3736 cs=1 l=0).reader got message 1192797992 0x7fca34006eb0 mon_sync( chunk bl 1039903 bytes last_key ( logm,full_309534 ) ) v1
2013-04-25 18:37:55.353281 7fccbf2d1700 20 -- 10.1.0.3:6789/0 queue 0x7fca34006eb0 prio 196
2013-04-25 18:37:55.353291 7fccbf2d1700 20 -- 10.1.0.3:6789/0 >> 10.1.0.130:6789/0 pipe(0x241ac20 sd=22 :48619 s=2 pgs=3736 cs=1 l=0).reader reading tag...
2013-04-25 18:37:55.353311 7fccbf3d2700 10 -- 10.1.0.3:6789/0 >> 10.1.0.130:6789/0 pipe(0x241ac20 sd=22 :48619 s=2 pgs=3736 cs=1 l=0).writer: state = open policy.server=0
2013-04-25 18:37:55.353328 7fccbf3d2700 10 -- 10.1.0.3:6789/0 >> 10.1.0.130:6789/0 pipe(0x241ac20 sd=22 :48619 s=2 pgs=3736 cs=1 l=0).write_ack 1192797992
2013-04-25 18:37:55.353340 7fccbf3d2700 10 -- 10.1.0.3:6789/0 >> 10.1.0.130:6789/0 pipe(0x241ac20 sd=22 :48619 s=2 pgs=3736 cs=1 l=0).writer: state = open policy.server=0
2013-04-25 18:37:55.353348 7fccbf3d2700 20 -- 10.1.0.3:6789/0 >> 10.1.0.130:6789/0 pipe(0x241ac20 sd=22 :48619 s=2 pgs=3736 cs=1 l=0).writer sleeping
2013-04-25 18:37:55.353379 7fccc04d5700 1 -- 10.1.0.3:6789/0 <== mon.2 10.1.0.130:6789/0 1192797992 ==== mon_sync( chunk bl 1039903 bytes last_key ( logm,full_309534 ) ) v1 ==== 1040092+0+0 (2740963768 0 0) 0x7fca34006eb0 con 0x241ae80
2013-04-25 18:37:55.353396 7fccc04d5700 20 mon.a@0(synchronizing sync( requester state chunks )) e1 have connection
2013-04-25 18:37:55.353403 7fccc04d5700 20 mon.a@0(synchronizing sync( requester state chunks )) e1 ms_dispatch existing session MonSession: mon.2 10.1.0.130:6789/0 is openallow * for mon.2 10.1.0.130:6789/0
2013-04-25 18:37:55.353413 7fccc04d5700 20 mon.a@0(synchronizing sync( requester state chunks )) e1 caps allow *
2013-04-25 18:37:55.353417 7fccc04d5700 10 mon.a@0(synchronizing sync( requester state chunks )) e1 handle_sync mon_sync( chunk bl 1039903 bytes last_key ( logm,full_309534 ) ) v1
2013-04-25 18:37:55.353421 7fccc04d5700 10 mon.a@0(synchronizing sync( requester state chunks )) e1 handle_sync_chunk mon_sync( chunk bl 1039903 bytes last_key ( logm,full_309534 ) ) v1
2013-04-25 18:37:55.353477 7fccc04d5700 1 -- 10.1.0.3:6789/0 --> mon.2 10.1.0.130:6789/0 -- mon_sync( chunk_reply ) v1 -- ?+0 0x7fca2c1d8e20
2013-04-25 18:37:55.353489 7fccc04d5700 20 -- 10.1.0.3:6789/0 submit_message mon_sync( chunk_reply ) v1 remote, 10.1.0.130:6789/0, have pipe.
2013-04-25 18:37:55.353574 7fccbf3d2700 10 -- 10.1.0.3:6789/0 >> 10.1.0.130:6789/0 pipe(0x241ac20 sd=22 :48619 s=2 pgs=3736 cs=1 l=0).writer: state = open policy.server=0
2013-04-25 18:37:55.353590 7fccbf3d2700 20 -- 10.1.0.3:6789/0 >> 10.1.0.130:6789/0 pipe(0x241ac20 sd=22 :48619 s=2 pgs=3736 cs=1 l=0).writer encoding 8 0x7fca2c1d8e20 mon_sync( chunk_reply ) v1
2013-04-25 18:37:55.353629 7fccbf3d2700 20 -- 10.1.0.3:6789/0 >> 10.1.0.130:6789/0 pipe(0x241ac20 sd=22 :48619 s=2 pgs=3736 cs=1 l=0).writer signed seq # 8): sig = 16113205116614110123
2013-04-25 18:37:55.353642 7fccbf3d2700 20 -- 10.1.0.3:6789/0 >> 10.1.0.130:6789/0 pipe(0x241ac20 sd=22 :48619 s=2 pgs=3736 cs=1 l=0).writer sending 8 0x7fca2c1d8e20
2013-04-25 18:37:55.353660 7fccbf3d2700 10 -- 10.1.0.3:6789/0 >> 10.1.0.130:6789/0 pipe(0x241ac20 sd=22 :48619 s=2 pgs=3736 cs=1 l=0).writer: state = open policy.server=0
2013-04-25 18:37:55.353666 7fccbf3d2700 20 -- 10.1.0.3:6789/0 >> 10.1.0.130:6789/0 pipe(0x241ac20 sd=22 :48619 s=2 pgs=3736 cs=1 l=0).writer sleeping
2013-04-25 18:37:55.358897 7fccbf2d1700 20 -- 10.1.0.3:6789/0 >> 10.1.0.130:6789/0 pipe(0x241ac20 sd=22 :48619 s=2 pgs=3736 cs=1 l=0).reader got ACK
2013-04-25 18:37:55.358929 7fccbf2d1700 15 -- 10.1.0.3:6789/0 >> 10.1.0.130:6789/0 pipe(0x241ac20 sd=22 :48619 s=2 pgs=3736 cs=1 l=0).reader got ack seq 8
2013-04-25 18:37:55.358937 7fccbf2d1700 10 -- 10.1.0.3:6789/0 >> 10.1.0.130:6789/0 pipe(0x241ac20 sd=22 :48619 s=2 pgs=3736 cs=1 l=0).reader got ack seq 8 >= 8 on 0x7fca2c1d8e20 mon_sync( chunk_reply ) v1
2013-04-25 18:37:55.358947 7fccbf2d1700 20 -- 10.1.0.3:6789/0 >> 10.1.0.130:6789/0 pipe(0x241ac20 sd=22 :48619 s=2 pgs=3736 cs=1 l=0).reader reading tag...
2013-04-25 18:37:55.358956 7fccbf2d1700 20 -- 10.1.0.3:6789/0 >> 10.1.0.130:6789/0 pipe(0x241ac20 sd=22 :48619 s=2 pgs=3736 cs=1 l=0).reader got MSG
2013-04-25 18:37:55.358964 7fccbf2d1700 20 -- 10.1.0.3:6789/0 >> 10.1.0.130:6789/0 pipe(0x241ac20 sd=22 :48619 s=2 pgs=3736 cs=1 l=0).reader got envelope type=69 src mon.2 front=1038915 data=0 off 0
2013-04-25 18:37:55.358973 7fccbf2d1700 10 -- 10.1.0.3:6789/0 >> 10.1.0.130:6789/0 pipe(0x241ac20 sd=22 :48619 s=2 pgs=3736 cs=1 l=0).reader wants 1038915 from dispatch throttler 1040092/104857600
2013-04-25 18:37:55.367462 7fccc04d5700 10 -- 10.1.0.3:6789/0 dispatch_throttle_release 1040092 to dispatch throttler 2079007/104857600
2013-04-25 18:37:55.367480 7fccc04d5700 20 -- 10.1.0.3:6789/0 done calling dispatch on 0x7fca34006eb0
2013-04-25 18:37:55.367654 7fccbf2d1700 20 -- 10.1.0.3:6789/0 >> 10.1.0.130:6789/0 pipe(0x241ac20 sd=22 :48619 s=2 pgs=3736 cs=1 l=0).reader got front 1038915
2013-04-25 18:37:55.367675 7fccbf2d1700 10 -- 10.1.0.3:6789/0 >> 10.1.0.130:6789/0 pipe(0x241ac20 sd=22 :48619 s=2 pgs=3736 cs=1 l=0).aborted = 0
2013-04-25 18:37:55.367684 7fccbf2d1700 20 -- 10.1.0.3:6789/0 >> 10.1.0.130:6789/0 pipe(0x241ac20 sd=22 :48619 s=2 pgs=3736 cs=1 l=0).reader got 1038915 + 0 + 0 byte message
2013-04-25 18:37:55.368499 7fccbf2d1700 10 -- 10.1.0.3:6789/0 >> 10.1.0.130:6789/0 pipe(0x241ac20 sd=22 :48619 s=2 pgs=3736 cs=1 l=0).reader got message 1192797993 0x7fca34008110 mon_sync( chunk bl 1038726 bytes last_key ( logm,full_309604 ) ) v1
2013-04-25 18:37:55.368512 7fccbf2d1700 20 -- 10.1.0.3:6789/0 queue 0x7fca34008110 prio 196
2013-04-25 18:37:55.368521 7fccbf2d1700 20 -- 10.1.0.3:6789/0 >> 10.1.0.130:6789/0 pipe(0x241ac20 sd=22 :48619 s=2 pgs=3736 cs=1 l=0).reader reading tag...
2013-04-25 18:37:55.368549 7fccbf3d2700 10 -- 10.1.0.3:6789/0 >> 10.1.0.130:6789/0 pipe(0x241ac20 sd=22 :48619 s=2 pgs=3736 cs=1 l=0).writer: state = open policy.server=0
2013-04-25 18:37:55.368565 7fccbf3d2700 10 -- 10.1.0.3:6789/0 >> 10.1.0.130:6789/0 pipe(0x241ac20 sd=22 :48619 s=2 pgs=3736 cs=1 l=0).write_ack 1192797993
2013-04-25 18:37:55.368578 7fccbf3d2700 10 -- 10.1.0.3:6789/0 >> 10.1.0.130:6789/0 pipe(0x241ac20 sd=22 :48619 s=2 pgs=3736 cs=1 l=0).writer: state = open policy.server=0
2013-04-25 18:37:55.368586 7fccbf3d2700 20 -- 10.1.0.3:6789/0 >> 10.1.0.130:6789/0 pipe(0x241ac20 sd=22 :48619 s=2 pgs=3736 cs=1 l=0).writer sleeping
2013-04-25 18:37:55.368577 7fccc04d5700 1 -- 10.1.0.3:6789/0 <== mon.2 10.1.0.130:6789/0 1192797993 ==== mon_sync( chunk bl 1038726 bytes last_key ( logm,full_309604 ) ) v1 ==== 1038915+0+0 (3737555516 0 0) 0x7fca34008110 con 0x241ae80
2013-04-25 18:37:55.368594 7fccc04d5700 20 mon.a@0(synchronizing sync( requester state chunks )) e1 have connection
2013-04-25 18:37:55.368601 7fccc04d5700 20 mon.a@0(synchronizing sync( requester state chunks )) e1 ms_dispatch existing session MonSession: mon.2 10.1.0.130:6789/0 is openallow * for mon.2 10.1.0.130:6789/0
2013-04-25 18:37:55.368610 7fccc04d5700 20 mon.a@0(synchronizing sync( requester state chunks )) e1 caps allow *
2013-04-25 18:37:55.368614 7fccc04d5700 10 mon.a@0(synchronizing sync( requester state chunks )) e1 handle_sync mon_sync( chunk bl 1038726 bytes last_key ( logm,full_309604 ) ) v1
2013-04-25 18:37:55.368619 7fccc04d5700 10 mon.a@0(synchronizing sync( requester state chunks )) e1 handle_sync_chunk mon_sync( chunk bl 1038726 bytes last_key ( logm,full_309604 ) ) v1
2013-04-25 18:37:55.368674 7fccc04d5700 1 -- 10.1.0.3:6789/0 --> mon.2 10.1.0.130:6789/0 -- mon_sync( chunk_reply ) v1 -- ?+0 0x7fca2c1d9440
2013-04-25 18:37:55.368682 7fccc04d5700 20 -- 10.1.0.3:6789/0 submit_message mon_sync( chunk_reply ) v1 remote, 10.1.0.130:6789/0, have pipe.
2013-04-25 18:37:55.368736 7fccbf3d2700 10 -- 10.1.0.3:6789/0 >> 10.1.0.130:6789/0 pipe(0x241ac20 sd=22 :48619 s=2 pgs=3736 cs=1 l=0).writer: state = open policy.server=0
2013-04-25 18:37:55.368752 7fccbf3d2700 20 -- 10.1.0.3:6789/0 >> 10.1.0.130:6789/0 pipe(0x241ac20 sd=22 :48619 s=2 pgs=3736 cs=1 l=0).writer encoding 9 0x7fca2c1d9440 mon_sync( chunk_reply ) v1
2013-04-25 18:37:55.368788 7fccbf3d2700 20 -- 10.1.0.3:6789/0 >> 10.1.0.130:6789/0 pipe(0x241ac20 sd=22 :48619 s=2 pgs=3736 cs=1 l=0).writer signed seq # 9): sig = 6370254146917773501
2013-04-25 18:37:55.368799 7fccbf3d2700 20 -- 10.1.0.3:6789/0 >> 10.1.0.130:6789/0 pipe(0x241ac20 sd=22 :48619 s=2 pgs=3736 cs=1 l=0).writer sending 9 0x7fca2c1d9440
2013-04-25 18:37:55.368819 7fccbf3d2700 10 -- 10.1.0.3:6789/0 >> 10.1.0.130:6789/0 pipe(0x241ac20 sd=22 :48619 s=2 pgs=3736 cs=1 l=0).writer: state = open policy.server=0
2013-04-25 18:37:55.368824 7fccbf3d2700 20 -- 10.1.0.3:6789/0 >> 10.1.0.130:6789/0 pipe(0x241ac20 sd=22 :48619 s=2 pgs=3736 cs=1 l=0).writer sleeping
2013-04-25 18:37:55.379280 7fccc04d5700 10 -- 10.1.0.3:6789/0 dispatch_throttle_release 1038915 to dispatch throttler 1038915/104857600
2013-04-25 18:37:55.379301 7fccc04d5700 20 -- 10.1.0.3:6789/0 done calling dispatch on 0x7fca34008110
2013-04-25 18:37:55.404664 7fccbf2d1700 20 -- 10.1.0.3:6789/0 >> 10.1.0.130:6789/0 pipe(0x241ac20 sd=22 :48619 s=2 pgs=3736 cs=1 l=0).reader got ACK
2013-04-25 18:37:55.404721 7fccbf2d1700 15 -- 10.1.0.3:6789/0 >> 10.1.0.130:6789/0 pipe(0x241ac20 sd=22 :48619 s=2 pgs=3736 cs=1 l=0).reader got ack seq 9
2013-04-25 18:37:55.404730 7fccbf2d1700 10 -- 10.1.0.3:6789/0 >> 10.1.0.130:6789/0 pipe(0x241ac20 sd=22 :48619 s=2 pgs=3736 cs=1 l=0).reader got ack seq 9 >= 9 on 0x7fca2c1d9440 mon_sync( chunk_reply ) v1
2013-04-25 18:37:55.404740 7fccbf2d1700 20 -- 10.1.0.3:6789/0 >> 10.1.0.130:6789/0 pipe(0x241ac20 sd=22 :48619 s=2 pgs=3736 cs=1 l=0).reader reading tag...
2013-04-25 18:37:55.404746 7fccbf2d1700 20 -- 10.1.0.3:6789/0 >> 10.1.0.130:6789/0 pipe(0x241ac20 sd=22 :48619 s=2 pgs=3736 cs=1 l=0).reader got MSG
2013-04-25 18:37:55.404753 7fccbf2d1700 20 -- 10.1.0.3:6789/0 >> 10.1.0.130:6789/0 pipe(0x241ac20 sd=22 :48619 s=2 pgs=3736 cs=1 l=0).reader got envelope type=69 src mon.2 front=1031823 data=0 off 0
2013-04-25 18:37:55.404760 7fccbf2d1700 10 -- 10.1.0.3:6789/0 >> 10.1.0.130:6789/0 pipe(0x241ac20 sd=22 :48619 s=2 pgs=3736 cs=1 l=0).reader wants 1031823 from dispatch throttler 0/104857600
2013-04-25 18:37:55.413369 7fccbf2d1700 20 -- 10.1.0.3:6789/0 >> 10.1.0.130:6789/0 pipe(0x241ac20 sd=22 :48619 s=2 pgs=3736 cs=1 l=0).reader got front 1031823
2013-04-25 18:37:55.413399 7fccbf2d1700 10 -- 10.1.0.3:6789/0 >> 10.1.0.130:6789/0 pipe(0x241ac20 sd=22 :48619 s=2 pgs=3736 cs=1 l=0).aborted = 0
2013-04-25 18:37:55.413409 7fccbf2d1700 20 -- 10.1.0.3:6789/0 >> 10.1.0.130:6789/0 pipe(0x241ac20 sd=22 :48619 s=2 pgs=3736 cs=1 l=0).reader got 1031823 + 0 + 0 byte message
2013-04-25 18:37:55.414153 7fccbf2d1700 10 -- 10.1.0.3:6789/0 >> 10.1.0.130:6789/0 pipe(0x241ac20 sd=22 :48619 s=2 pgs=3736 cs=1 l=0).reader got message 1192797994 0x7fca340093c0 mon_sync( chunk bl 1031640 bytes last_key ( osdmap,725 ) ) v1
2013-04-25 18:37:55.414165 7fccbf2d1700 20 -- 10.1.0.3:6789/0 queue 0x7fca340093c0 prio 196
2013-04-25 18:37:55.414174 7fccbf2d1700 20 -- 10.1.0.3:6789/0 >> 10.1.0.130:6789/0 pipe(0x241ac20 sd=22 :48619 s=2 pgs=3736 cs=1 l=0).reader reading tag...
2013-04-25 18:37:55.414229 7fccbf3d2700 10 -- 10.1.0.3:6789/0 >> 10.1.0.130:6789/0 pipe(0x241ac20 sd=22 :48619 s=2 pgs=3736 cs=1 l=0).writer: state = open policy.server=0
2013-04-25 18:37:55.414231 7fccc04d5700 1 -- 10.1.0.3:6789/0 <== mon.2 10.1.0.130:6789/0 1192797994 ==== mon_sync( chunk bl 1031640 bytes last_key ( osdmap,725 ) ) v1 ==== 1031823+0+0 (1464295352 0 0) 0x7fca340093c0 con 0x241ae80
2013-04-25 18:37:55.414245 7fccbf3d2700 10 -- 10.1.0.3:6789/0 >> 10.1.0.130:6789/0 pipe(0x241ac20 sd=22 :48619 s=2 pgs=3736 cs=1 l=0).write_ack 1192797994
2013-04-25 18:37:55.414248 7fccc04d5700 20 mon.a@0(synchronizing sync( requester state chunks )) e1 have connection
2013-04-25 18:37:55.414255 7fccc04d5700 20 mon.a@0(synchronizing sync( requester state chunks )) e1 ms_dispatch existing session MonSession: mon.2 10.1.0.130:6789/0 is openallow * for mon.2 10.1.0.130:6789/0
2013-04-25 18:37:55.414258 7fccbf3d2700 10 -- 10.1.0.3:6789/0 >> 10.1.0.130:6789/0 pipe(0x241ac20 sd=22 :48619 s=2 pgs=3736 cs=1 l=0).writer: state = open policy.server=0
2013-04-25 18:37:55.414264 7fccc04d5700 20 mon.a@0(synchronizing sync( requester state chunks )) e1 caps allow *
2013-04-25 18:37:55.414266 7fccbf3d2700 20 -- 10.1.0.3:6789/0 >> 10.1.0.130:6789/0 pipe(0x241ac20 sd=22 :48619 s=2 pgs=3736 cs=1 l=0).writer sleeping
2013-04-25 18:37:55.414269 7fccc04d5700 10 mon.a@0(synchronizing sync( requester state chunks )) e1 handle_sync mon_sync( chunk bl 1031640 bytes last_key ( osdmap,725 ) ) v1
2013-04-25 18:37:55.414273 7fccc04d5700 10 mon.a@0(synchronizing sync( requester state chunks )) e1 handle_sync_chunk mon_sync( chunk bl 1031640 bytes last_key ( osdmap,725 ) ) v1
2013-04-25 18:37:55.414507 7fccc04d5700 1 -- 10.1.0.3:6789/0 --> mon.2 10.1.0.130:6789/0 -- mon_sync( chunk_reply ) v1 -- ?+0 0x7fca2c521ff0
2013-04-25 18:37:55.414520 7fccc04d5700 20 -- 10.1.0.3:6789/0 submit_message mon_sync( chunk_reply ) v1 remote, 10.1.0.130:6789/0, have pipe.
2013-04-25 18:37:55.414590 7fccbf3d2700 10 -- 10.1.0.3:6789/0 >> 10.1.0.130:6789/0 pipe(0x241ac20 sd=22 :48619 s=2 pgs=3736 cs=1 l=0).writer: state = open policy.server=0
2013-04-25 18:37:55.414605 7fccbf3d2700 20 -- 10.1.0.3:6789/0 >> 10.1.0.130:6789/0 pipe(0x241ac20 sd=22 :48619 s=2 pgs=3736 cs=1 l=0).writer encoding 10 0x7fca2c521ff0 mon_sync( chunk_reply ) v1
2013-04-25 18:37:55.414644 7fccbf3d2700 20 -- 10.1.0.3:6789/0 >> 10.1.0.130:6789/0 pipe(0x241ac20 sd=22 :48619 s=2 pgs=3736 cs=1 l=0).writer signed seq # 10): sig = 11286446586133159870
2013-04-25 18:37:55.414658 7fccbf3d2700 20 -- 10.1.0.3:6789/0 >> 10.1.0.130:6789/0 pipe(0x241ac20 sd=22 :48619 s=2 pgs=3736 cs=1 l=0).writer sending 10 0x7fca2c521ff0
2013-04-25 18:37:55.414677 7fccbf3d2700 10 -- 10.1.0.3:6789/0 >> 10.1.0.130:6789/0 pipe(0x241ac20 sd=22 :48619 s=2 pgs=3736 cs=1 l=0).writer: state = open policy.server=0
2013-04-25 18:37:55.414683 7fccbf3d2700 20 -- 10.1.0.3:6789/0 >> 10.1.0.130:6789/0 pipe(0x241ac20 sd=22 :48619 s=2 pgs=3736 cs=1 l=0).writer sleeping
2013-04-25 18:37:55.428982 7fccc04d5700 10 -- 10.1.0.3:6789/0 dispatch_throttle_release 1031823 to dispatch throttler 1031823/104857600
2013-04-25 18:37:55.429002 7fccc04d5700 20 -- 10.1.0.3:6789/0 done calling dispatch on 0x7fca340093c0
2013-04-25 18:37:55.447181 7fccbf2d1700 20 -- 10.1.0.3:6789/0 >> 10.1.0.130:6789/0 pipe(0x241ac20 sd=22 :48619 s=2 pgs=3736 cs=1 l=0).reader got ACK
2013-04-25 18:37:55.447213 7fccbf2d1700 15 -- 10.1.0.3:6789/0 >> 10.1.0.130:6789/0 pipe(0x241ac20 sd=22 :48619 s=2 pgs=3736 cs=1 l=0).reader got ack seq 10
2013-04-25 18:37:55.447225 7fccbf2d1700 10 -- 10.1.0.3:6789/0 >> 10.1.0.130:6789/0 pipe(0x241ac20 sd=22 :48619 s=2 pgs=3736 cs=1 l=0).reader got ack seq 10 >= 10 on 0x7fca2c521ff0 mon_sync( chunk_reply ) v1
2013-04-25 18:37:55.447243 7fccbf2d1700 20 -- 10.1.0.3:6789/0 >> 10.1.0.130:6789/0 pipe(0x241ac20 sd=22 :48619 s=2 pgs=3736 cs=1 l=0).reader reading tag...
2013-04-25 18:37:55.447253 7fccbf2d1700 20 -- 10.1.0.3:6789/0 >> 10.1.0.130:6789/0 pipe(0x241ac20 sd=22 :48619 s=2 pgs=3736 cs=1 l=0).reader got MSG
2013-04-25 18:37:55.447263 7fccbf2d1700 20 -- 10.1.0.3:6789/0 >> 10.1.0.130:6789/0 pipe(0x241ac20 sd=22 :48619 s=2 pgs=3736 cs=1 l=0).reader got envelope type=69 src mon.2 front=1026994 data=0 off 0
2013-04-25 18:37:55.447272 7fccbf2d1700 10 -- 10.1.0.3:6789/0 >> 10.1.0.130:6789/0 pipe(0x241ac20 sd=22 :48619 s=2 pgs=3736 cs=1 l=0).reader wants 1026994 from dispatch throttler 0/104857600
2013-04-25 18:37:55.455993 7fccbf2d1700 20 -- 10.1.0.3:6789/0 >> 10.1.0.130:6789/0 pipe(0x241ac20 sd=22 :48619 s=2 pgs=3736 cs=1 l=0).reader got front 1026994
2013-04-25 18:37:55.456024 7fccbf2d1700 10 -- 10.1.0.3:6789/0 >> 10.1.0.130:6789/0 pipe(0x241ac20 sd=22 :48619 s=2 pgs=3736 cs=1 l=0).aborted = 0
2013-04-25 18:37:55.456035 7fccbf2d1700 20 -- 10.1.0.3:6789/0 >> 10.1.0.130:6789/0 pipe(0x241ac20 sd=22 :48619 s=2 pgs=3736 cs=1 l=0).reader got 1026994 + 0 + 0 byte message
2013-04-25 18:37:55.456852 7fccbf2d1700 10 -- 10.1.0.3:6789/0 >> 10.1.0.130:6789/0 pipe(0x241ac20 sd=22 :48619 s=2 pgs=3736 cs=1 l=0).reader got message 1192797995 0x7fca3400a550 mon_sync( chunk bl 1026805 bytes last_key ( osdmap,full_1021 ) ) v1
2013-04-25 18:37:55.456867 7fccbf2d1700 20 -- 10.1.0.3:6789/0 queue 0x7fca3400a550 prio 196
2013-04-25 18:37:55.456884 7fccbf2d1700 20 -- 10.1.0.3:6789/0 >> 10.1.0.130:6789/0 pipe(0x241ac20 sd=22 :48619 s=2 pgs=3736 cs=1 l=0).reader reading tag...
2013-04-25 18:37:55.456884 7fccbf3d2700 10 -- 10.1.0.3:6789/0 >> 10.1.0.130:6789/0 pipe(0x241ac20 sd=22 :48619 s=2 pgs=3736 cs=1 l=0).writer: state = open policy.server=0
2013-04-25 18:37:55.456899 7fccbf3d2700 10 -- 10.1.0.3:6789/0 >> 10.1.0.130:6789/0 pipe(0x241ac20 sd=22 :48619 s=2 pgs=3736 cs=1 l=0).write_ack 1192797995
2013-04-25 18:37:55.456898 7fccc04d5700 1 -- 10.1.0.3:6789/0 <== mon.2 10.1.0.130:6789/0 1192797995 ==== mon_sync( chunk bl 1026805 bytes last_key ( osdmap,full_1021 ) ) v1 ==== 1026994+0+0 (3427797981 0 0) 0x7fca3400a550 con 0x241ae80
2013-04-25 18:37:55.456914 7fccbf3d2700 10 -- 10.1.0.3:6789/0 >> 10.1.0.130:6789/0 pipe(0x241ac20 sd=22 :48619 s=2 pgs=3736 cs=1 l=0).writer: state = open policy.server=0
2013-04-25 18:37:55.456922 7fccbf3d2700 20 -- 10.1.0.3:6789/0 >> 10.1.0.130:6789/0 pipe(0x241ac20 sd=22 :48619 s=2 pgs=3736 cs=1 l=0).writer sleeping
2013-04-25 18:37:55.456922 7fccc04d5700 20 mon.a@0(synchronizing sync( requester state chunks )) e1 have connection
2013-04-25 18:37:55.456934 7fccc04d5700 20 mon.a@0(synchronizing sync( requester state chunks )) e1 ms_dispatch existing session MonSession: mon.2 10.1.0.130:6789/0 is openallow * for mon.2 10.1.0.130:6789/0
2013-04-25 18:37:55.456949 7fccc04d5700 20 mon.a@0(synchronizing sync( requester state chunks )) e1 caps allow *
2013-04-25 18:37:55.456955 7fccc04d5700 10 mon.a@0(synchronizing sync( requester state chunks )) e1 handle_sync mon_sync( chunk bl 1026805 bytes last_key ( osdmap,full_1021 ) ) v1
2013-04-25 18:37:55.456962 7fccc04d5700 10 mon.a@0(synchronizing sync( requester state chunks )) e1 handle_sync_chunk mon_sync( chunk bl 1026805 bytes last_key ( osdmap,full_1021 ) ) v1
2013-04-25 18:37:55.457320 7fccc04d5700 1 -- 10.1.0.3:6789/0 --> mon.2 10.1.0.130:6789/0 -- mon_sync( chunk_reply ) v1 -- ?+0 0x7fca2c5227e0
2013-04-25 18:37:55.457340 7fccc04d5700 20 -- 10.1.0.3:6789/0 submit_message mon_sync( chunk_reply ) v1 remote, 10.1.0.130:6789/0, have pipe.
2013-04-25 18:37:55.457401 7fccbf3d2700 10 -- 10.1.0.3:6789/0 >> 10.1.0.130:6789/0 pipe(0x241ac20 sd=22 :48619 s=2 pgs=3736 cs=1 l=0).writer: state = open policy.server=0
2013-04-25 18:37:55.457413 7fccbf3d2700 20 -- 10.1.0.3:6789/0 >> 10.1.0.130:6789/0 pipe(0x241ac20 sd=22 :48619 s=2 pgs=3736 cs=1 l=0).writer encoding 11 0x7fca2c5227e0 mon_sync( chunk_reply ) v1
2013-04-25 18:37:55.457451 7fccbf3d2700 20 -- 10.1.0.3:6789/0 >> 10.1.0.130:6789/0 pipe(0x241ac20 sd=22 :48619 s=2 pgs=3736 cs=1 l=0).writer signed seq # 11): sig = 15502609671159252611
2013-04-25 18:37:55.457469 7fccbf3d2700 20 -- 10.1.0.3:6789/0 >> 10.1.0.130:6789/0 pipe(0x241ac20 sd=22 :48619 s=2 pgs=3736 cs=1 l=0).writer sending 11 0x7fca2c5227e0
2013-04-25 18:37:55.457490 7fccbf3d2700 10 -- 10.1.0.3:6789/0 >> 10.1.0.130:6789/0 pipe(0x241ac20 sd=22 :48619 s=2 pgs=3736 cs=1 l=0).writer: state = open policy.server=0
2013-04-25 18:37:55.457495 7fccbf3d2700 20 -- 10.1.0.3:6789/0 >> 10.1.0.130:6789/0 pipe(0x241ac20 sd=22 :48619 s=2 pgs=3736 cs=1 l=0).writer sleeping
2013-04-25 18:37:55.460815 7fccbf2d1700 20 -- 10.1.0.3:6789/0 >> 10.1.0.130:6789/0 pipe(0x241ac20 sd=22 :48619 s=2 pgs=3736 cs=1 l=0).reader got ACK
2013-04-25 18:37:55.460842 7fccbf2d1700 15 -- 10.1.0.3:6789/0 >> 10.1.0.130:6789/0 pipe(0x241ac20 sd=22 :48619 s=2 pgs=3736 cs=1 l=0).reader got ack seq 11
2013-04-25 18:37:55.460848 7fccbf2d1700 10 -- 10.1.0.3:6789/0 >> 10.1.0.130:6789/0 pipe(0x241ac20 sd=22 :48619 s=2 pgs=3736 cs=1 l=0).reader got ack seq 11 >= 11 on 0x7fca2c5227e0 mon_sync( chunk_reply ) v1
2013-04-25 18:37:55.460861 7fccbf2d1700 20 -- 10.1.0.3:6789/0 >> 10.1.0.130:6789/0 pipe(0x241ac20 sd=22 :48619 s=2 pgs=3736 cs=1 l=0).reader reading tag...
2013-04-25 18:37:55.460870 7fccbf2d1700 20 -- 10.1.0.3:6789/0 >> 10.1.0.130:6789/0 pipe(0x241ac20 sd=22 :48619 s=2 pgs=3736 cs=1 l=0).reader got MSG
2013-04-25 18:37:55.460877 7fccbf2d1700 20 -- 10.1.0.3:6789/0 >> 10.1.0.130:6789/0 pipe(0x241ac20 sd=22 :48619 s=2 pgs=3736 cs=1 l=0).reader got envelope type=69 src mon.2 front=1037239 data=0 off 0
2013-04-25 18:37:55.460911 7fccbf2d1700 10 -- 10.1.0.3:6789/0 >> 10.1.0.130:6789/0 pipe(0x241ac20 sd=22 :48619 s=2 pgs=3736 cs=1 l=0).reader wants 1037239 from dispatch throttler 1026994/104857600
2013-04-25 18:37:55.469546 7fccbf2d1700 20 -- 10.1.0.3:6789/0 >> 10.1.0.130:6789/0 pipe(0x241ac20 sd=22 :48619 s=2 pgs=3736 cs=1 l=0).reader got front 1037239
2013-04-25 18:37:55.469587 7fccbf2d1700 10 -- 10.1.0.3:6789/0 >> 10.1.0.130:6789/0 pipe(0x241ac20 sd=22 :48619 s=2 pgs=3736 cs=1 l=0).aborted = 0
2013-04-25 18:37:55.469593 7fccbf2d1700 20 -- 10.1.0.3:6789/0 >> 10.1.0.130:6789/0 pipe(0x241ac20 sd=22 :48619 s=2 pgs=3736 cs=1 l=0).reader got 1037239 + 0 + 0 byte message
2013-04-25 18:37:55.469993 7fccc04d5700 10 -- 10.1.0.3:6789/0 dispatch_throttle_release 1026994 to dispatch throttler 2064233/104857600
2013-04-25 18:37:55.470017 7fccc04d5700 20 -- 10.1.0.3:6789/0 done calling dispatch on 0x7fca3400a550
2013-04-25 18:37:55.470409 7fccbf2d1700 10 -- 10.1.0.3:6789/0 >> 10.1.0.130:6789/0 pipe(0x241ac20 sd=22 :48619 s=2 pgs=3736 cs=1 l=0).reader got message 1192797996 0x7fca3400a550 mon_sync( chunk bl 1037050 bytes last_key ( osdmap,full_1050 ) ) v1
2013-04-25 18:37:55.470423 7fccbf2d1700 20 -- 10.1.0.3:6789/0 queue 0x7fca3400a550 prio 196
2013-04-25 18:37:55.470436 7fccbf2d1700 20 -- 10.1.0.3:6789/0 >> 10.1.0.130:6789/0 pipe(0x241ac20 sd=22 :48619 s=2 pgs=3736 cs=1 l=0).reader reading tag...
2013-04-25 18:37:55.470438 7fccbf3d2700 10 -- 10.1.0.3:6789/0 >> 10.1.0.130:6789/0 pipe(0x241ac20 sd=22 :48619 s=2 pgs=3736 cs=1 l=0).writer: state = open policy.server=0
2013-04-25 18:37:55.470455 7fccbf3d2700 10 -- 10.1.0.3:6789/0 >> 10.1.0.130:6789/0 pipe(0x241ac20 sd=22 :48619 s=2 pgs=3736 cs=1 l=0).write_ack 1192797996
2013-04-25 18:37:55.470448 7fccc04d5700 1 -- 10.1.0.3:6789/0 <== mon.2 10.1.0.130:6789/0 1192797996 ==== mon_sync( chunk bl 1037050 bytes last_key ( osdmap,full_1050 ) ) v1 ==== 1037239+0+0 (1598584995 0 0) 0x7fca3400a550 con 0x241ae80
2013-04-25 18:37:55.470469 7fccc04d5700 20 mon.a@0(synchronizing sync( requester state chunks )) e1 have connection
2013-04-25 18:37:55.470470 7fccbf3d2700 10 -- 10.1.0.3:6789/0 >> 10.1.0.130:6789/0 pipe(0x241ac20 sd=22 :48619 s=2 pgs=3736 cs=1 l=0).writer: state = open policy.server=0
2013-04-25 18:37:55.470479 7fccbf3d2700 20 -- 10.1.0.3:6789/0 >> 10.1.0.130:6789/0 pipe(0x241ac20 sd=22 :48619 s=2 pgs=3736 cs=1 l=0).writer sleeping
2013-04-25 18:37:55.470479 7fccc04d5700 20 mon.a@0(synchronizing sync( requester state chunks )) e1 ms_dispatch existing session MonSession: mon.2 10.1.0.130:6789/0 is openallow * for mon.2 10.1.0.130:6789/0
2013-04-25 18:37:55.470492 7fccc04d5700 20 mon.a@0(synchronizing sync( requester state chunks )) e1 caps allow *
2013-04-25 18:37:55.470497 7fccc04d5700 10 mon.a@0(synchronizing sync( requester state chunks )) e1 handle_sync mon_sync( chunk bl 1037050 bytes last_key ( osdmap,full_1050 ) ) v1
2013-04-25 18:37:55.470503 7fccc04d5700 10 mon.a@0(synchronizing sync( requester state chunks )) e1 handle_sync_chunk mon_sync( chunk bl 1037050 bytes last_key ( osdmap,full_1050 ) ) v1
2013-04-25 18:37:55.470548 7fccc04d5700 1 -- 10.1.0.3:6789/0 --> mon.2 10.1.0.130:6789/0 -- mon_sync( chunk_reply ) v1 -- ?+0 0x7fca2c0b6290
2013-04-25 18:37:55.470561 7fccc04d5700 20 -- 10.1.0.3:6789/0 submit_message mon_sync( chunk_reply ) v1 remote, 10.1.0.130:6789/0, have pipe.
2013-04-25 18:37:55.470614 7fccbf3d2700 10 -- 10.1.0.3:6789/0 >> 10.1.0.130:6789/0 pipe(0x241ac20 sd=22 :48619 s=2 pgs=3736 cs=1 l=0).writer: state = open policy.server=0
2013-04-25 18:37:55.470626 7fccbf3d2700 20 -- 10.1.0.3:6789/0 >> 10.1.0.130:6789/0 pipe(0x241ac20 sd=22 :48619 s=2 pgs=3736 cs=1 l=0).writer encoding 12 0x7fca2c0b6290 mon_sync( chunk_reply ) v1
2013-04-25 18:37:55.470659 7fccbf3d2700 20 -- 10.1.0.3:6789/0 >> 10.1.0.130:6789/0 pipe(0x241ac20 sd=22 :48619 s=2 pgs=3736 cs=1 l=0).writer signed seq # 12): sig = 10992318104398312395
2013-04-25 18:37:55.470673 7fccbf3d2700 20 -- 10.1.0.3:6789/0 >> 10.1.0.130:6789/0 pipe(0x241ac20 sd=22 :48619 s=2 pgs=3736 cs=1 l=0).writer sending 12 0x7fca2c0b6290
2013-04-25 18:37:55.470697 7fccbf3d2700 10 -- 10.1.0.3:6789/0 >> 10.1.0.130:6789/0 pipe(0x241ac20 sd=22 :48619 s=2 pgs=3736 cs=1 l=0).writer: state = open policy.server=0
2013-04-25 18:37:55.470703 7fccbf3d2700 20 -- 10.1.0.3:6789/0 >> 10.1.0.130:6789/0 pipe(0x241ac20 sd=22 :48619 s=2 pgs=3736 cs=1 l=0).writer sleeping
2013-04-25 18:37:55.473819 7fccbf2d1700 20 -- 10.1.0.3:6789/0 >> 10.1.0.130:6789/0 pipe(0x241ac20 sd=22 :48619 s=2 pgs=3736 cs=1 l=0).reader got ACK
2013-04-25 18:37:55.473851 7fccbf2d1700 15 -- 10.1.0.3:6789/0 >> 10.1.0.130:6789/0 pipe(0x241ac20 sd=22 :48619 s=2 pgs=3736 cs=1 l=0).reader got ack seq 12
2013-04-25 18:37:55.473863 7fccbf2d1700 10 -- 10.1.0.3:6789/0 >> 10.1.0.130:6789/0 pipe(0x241ac20 sd=22 :48619 s=2 pgs=3736 cs=1 l=0).reader got ack seq 12 >= 12 on 0x7fca2c0b6290 mon_sync( chunk_reply ) v1
2013-04-25 18:37:55.473883 7fccbf2d1700 20 -- 10.1.0.3:6789/0 >> 10.1.0.130:6789/0 pipe(0x241ac20 sd=22 :48619 s=2 pgs=3736 cs=1 l=0).reader reading tag...
2013-04-25 18:37:55.473893 7fccbf2d1700 20 -- 10.1.0.3:6789/0 >> 10.1.0.130:6789/0 pipe(0x241ac20 sd=22 :48619 s=2 pgs=3736 cs=1 l=0).reader got MSG
2013-04-25 18:37:55.473905 7fccbf2d1700 20 -- 10.1.0.3:6789/0 >> 10.1.0.130:6789/0 pipe(0x241ac20 sd=22 :48619 s=2 pgs=3736 cs=1 l=0).reader got envelope type=69 src mon.2 front=1037239 data=0 off 0
2013-04-25 18:37:55.473917 7fccbf2d1700 10 -- 10.1.0.3:6789/0 >> 10.1.0.130:6789/0 pipe(0x241ac20 sd=22 :48619 s=2 pgs=3736 cs=1 l=0).reader wants 1037239 from dispatch throttler 1037239/104857600
2013-04-25 18:37:55.482623 7fccbf2d1700 20 -- 10.1.0.3:6789/0 >> 10.1.0.130:6789/0 pipe(0x241ac20 sd=22 :48619 s=2 pgs=3736 cs=1 l=0).reader got front 1037239
2013-04-25 18:37:55.482667 7fccbf2d1700 10 -- 10.1.0.3:6789/0 >> 10.1.0.130:6789/0 pipe(0x241ac20 sd=22 :48619 s=2 pgs=3736 cs=1 l=0).aborted = 0
2013-04-25 18:37:55.482681 7fccbf2d1700 20 -- 10.1.0.3:6789/0 >> 10.1.0.130:6789/0 pipe(0x241ac20 sd=22 :48619 s=2 pgs=3736 cs=1 l=0).reader got 1037239 + 0 + 0 byte message
2013-04-25 18:37:55.483126 7fccc04d5700 10 -- 10.1.0.3:6789/0 dispatch_throttle_release 1037239 to dispatch throttler 2074478/104857600
2013-04-25 18:37:55.483147 7fccc04d5700 20 -- 10.1.0.3:6789/0 done calling dispatch on 0x7fca3400a550
2013-04-25 18:37:55.483664 7fccbf2d1700 10 -- 10.1.0.3:6789/0 >> 10.1.0.130:6789/0 pipe(0x241ac20 sd=22 :48619 s=2 pgs=3736 cs=1 l=0).reader got message 1192797997 0x7fca3400a550 mon_sync( chunk bl 1037050 bytes last_key ( osdmap,full_1079 ) ) v1
2013-04-25 18:37:55.483683 7fccbf2d1700 20 -- 10.1.0.3:6789/0 queue 0x7fca3400a550 prio 196
2013-04-25 18:37:55.483695 7fccbf2d1700 20 -- 10.1.0.3:6789/0 >> 10.1.0.130:6789/0 pipe(0x241ac20 sd=22 :48619 s=2 pgs=3736 cs=1 l=0).reader reading tag...
2013-04-25 18:37:55.483704 7fccc04d5700 1 -- 10.1.0.3:6789/0 <== mon.2 10.1.0.130:6789/0 1192797997 ==== mon_sync( chunk bl 1037050 bytes last_key ( osdmap,full_1079 ) ) v1 ==== 1037239+0+0 (824023551 0 0) 0x7fca3400a550 con 0x241ae80
2013-04-25 18:37:55.483719 7fccc04d5700 20 mon.a@0(synchronizing sync( requester state chunks )) e1 have connection
2013-04-25 18:37:55.483711 7fccbf3d2700 10 -- 10.1.0.3:6789/0 >> 10.1.0.130:6789/0 pipe(0x241ac20 sd=22 :48619 s=2 pgs=3736 cs=1 l=0).writer: state = open policy.server=0
2013-04-25 18:37:55.483725 7fccc04d5700 20 mon.a@0(synchronizing sync( requester state chunks )) e1 ms_dispatch existing session MonSession: mon.2 10.1.0.130:6789/0 is openallow * for mon.2 10.1.0.130:6789/0
2013-04-25 18:37:55.483729 7fccbf3d2700 10 -- 10.1.0.3:6789/0 >> 10.1.0.130:6789/0 pipe(0x241ac20 sd=22 :48619 s=2 pgs=3736 cs=1 l=0).write_ack 1192797997
2013-04-25 18:37:55.483733 7fccc04d5700 20 mon.a@0(synchronizing sync( requester state chunks )) e1 caps allow *
2013-04-25 18:37:55.483737 7fccc04d5700 10 mon.a@0(synchronizing sync( requester state chunks )) e1 handle_sync mon_sync( chunk bl 1037050 bytes last_key ( osdmap,full_1079 ) ) v1
2013-04-25 18:37:55.483741 7fccc04d5700 10 mon.a@0(synchronizing sync( requester state chunks )) e1 handle_sync_chunk mon_sync( chunk bl 1037050 bytes last_key ( osdmap,full_1079 ) ) v1
2013-04-25 18:37:55.483744 7fccbf3d2700 10 -- 10.1.0.3:6789/0 >> 10.1.0.130:6789/0 pipe(0x241ac20 sd=22 :48619 s=2 pgs=3736 cs=1 l=0).writer: state = open policy.server=0
2013-04-25 18:37:55.483752 7fccbf3d2700 20 -- 10.1.0.3:6789/0 >> 10.1.0.130:6789/0 pipe(0x241ac20 sd=22 :48619 s=2 pgs=3736 cs=1 l=0).writer sleeping
2013-04-25 18:37:55.483774 7fccc04d5700 1 -- 10.1.0.3:6789/0 --> mon.2 10.1.0.130:6789/0 -- mon_sync( chunk_reply ) v1 -- ?+0 0x7fca2c0b2690
2013-04-25 18:37:55.483781 7fccc04d5700 20 -- 10.1.0.3:6789/0 submit_message mon_sync( chunk_reply ) v1 remote, 10.1.0.130:6789/0, have pipe.
2013-04-25 18:37:55.483859 7fccbf3d2700 10 -- 10.1.0.3:6789/0 >> 10.1.0.130:6789/0 pipe(0x241ac20 sd=22 :48619 s=2 pgs=3736 cs=1 l=0).writer: state = open policy.server=0
2013-04-25 18:37:55.483874 7fccbf3d2700 20 -- 10.1.0.3:6789/0 >> 10.1.0.130:6789/0 pipe(0x241ac20 sd=22 :48619 s=2 pgs=3736 cs=1 l=0).writer encoding 13 0x7fca2c0b2690 mon_sync( chunk_reply ) v1
2013-04-25 18:37:55.483916 7fccbf3d2700 20 -- 10.1.0.3:6789/0 >> 10.1.0.130:6789/0 pipe(0x241ac20 sd=22 :48619 s=2 pgs=3736 cs=1 l=0).writer signed seq # 13): sig = 2015015910638205481
2013-04-25 18:37:55.483930 7fccbf3d2700 20 -- 10.1.0.3:6789/0 >> 10.1.0.130:6789/0 pipe(0x241ac20 sd=22 :48619 s=2 pgs=3736 cs=1 l=0).writer sending 13 0x7fca2c0b2690
2013-04-25 18:37:55.483959 7fccbf3d2700 10 -- 10.1.0.3:6789/0 >> 10.1.0.130:6789/0 pipe(0x241ac20 sd=22 :48619 s=2 pgs=3736 cs=1 l=0).writer: state = open policy.server=0
2013-04-25 18:37:55.483965 7fccbf3d2700 20 -- 10.1.0.3:6789/0 >> 10.1.0.130:6789/0 pipe(0x241ac20 sd=22 :48619 s=2 pgs=3736 cs=1 l=0).writer sleeping
2013-04-25 18:37:55.487275 7fccbf2d1700 20 -- 10.1.0.3:6789/0 >> 10.1.0.130:6789/0 pipe(0x241ac20 sd=22 :48619 s=2 pgs=3736 cs=1 l=0).reader got ACK
2013-04-25 18:37:55.487303 7fccbf2d1700 15 -- 10.1.0.3:6789/0 >> 10.1.0.130:6789/0 pipe(0x241ac20 sd=22 :48619 s=2 pgs=3736 cs=1 l=0).reader got ack seq 13
2013-04-25 18:37:55.487309 7fccbf2d1700 10 -- 10.1.0.3:6789/0 >> 10.1.0.130:6789/0 pipe(0x241ac20 sd=22 :48619 s=2 pgs=3736 cs=1 l=0).reader got ack seq 13 >= 13 on 0x7fca2c0b2690 mon_sync( chunk_reply ) v1
2013-04-25 18:37:55.487323 7fccbf2d1700 20 -- 10.1.0.3:6789/0 >> 10.1.0.130:6789/0 pipe(0x241ac20 sd=22 :48619 s=2 pgs=3736 cs=1 l=0).reader reading tag...
2013-04-25 18:37:55.487330 7fccbf2d1700 20 -- 10.1.0.3:6789/0 >> 10.1.0.130:6789/0 pipe(0x241ac20 sd=22 :48619 s=2 pgs=3736 cs=1 l=0).reader got MSG
2013-04-25 18:37:55.487337 7fccbf2d1700 20 -- 10.1.0.3:6789/0 >> 10.1.0.130:6789/0 pipe(0x241ac20 sd=22 :48619 s=2 pgs=3736 cs=1 l=0).reader got envelope type=69 src mon.2 front=1037239 data=0 off 0
2013-04-25 18:37:55.487344 7fccbf2d1700 10 -- 10.1.0.3:6789/0 >> 10.1.0.130:6789/0 pipe(0x241ac20 sd=22 :48619 s=2 pgs=3736 cs=1 l=0).reader wants 1037239 from dispatch throttler 1037239/104857600
2013-04-25 18:37:55.493635 7fccc04d5700 10 -- 10.1.0.3:6789/0 dispatch_throttle_release 1037239 to dispatch throttler 2074478/104857600
2013-04-25 18:37:55.493656 7fccc04d5700 20 -- 10.1.0.3:6789/0 done calling dispatch on 0x7fca3400a550
2013-04-25 18:37:55.496071 7fccbf2d1700 20 -- 10.1.0.3:6789/0 >> 10.1.0.130:6789/0 pipe(0x241ac20 sd=22 :48619 s=2 pgs=3736 cs=1 l=0).reader got front 1037239
2013-04-25 18:37:55.496091 7fccbf2d1700 10 -- 10.1.0.3:6789/0 >> 10.1.0.130:6789/0 pipe(0x241ac20 sd=22 :48619 s=2 pgs=3736 cs=1 l=0).aborted = 0
2013-04-25 18:37:55.496099 7fccbf2d1700 20 -- 10.1.0.3:6789/0 >> 10.1.0.130:6789/0 pipe(0x241ac20 sd=22 :48619 s=2 pgs=3736 cs=1 l=0).reader got 1037239 + 0 + 0 byte message
2013-04-25 18:37:55.496895 7fccbf2d1700 10 -- 10.1.0.3:6789/0 >> 10.1.0.130:6789/0 pipe(0x241ac20 sd=22 :48619 s=2 pgs=3736 cs=1 l=0).reader got message 1192797998 0x7fca3400d920 mon_sync( chunk bl 1037050 bytes last_key ( osdmap,full_1108 ) ) v1
2013-04-25 18:37:55.496908 7fccbf2d1700 20 -- 10.1.0.3:6789/0 queue 0x7fca3400d920 prio 196
