2013-04-25 18:37:55.618246 7fccc04d5700 20 mon.a@0(synchronizing sync( requester state chunks )) e1 have connection
2013-04-25 18:37:55.618254 7fccc04d5700 20 mon.a@0(synchronizing sync( requester state chunks )) e1 ms_dispatch existing session MonSession: mon.2 10.1.0.130:6789/0 is openallow * for mon.2 10.1.0.130:6789/0
2013-04-25 18:37:55.618267 7fccc04d5700 20 mon.a@0(synchronizing sync( requester state chunks )) e1 caps allow *
2013-04-25 18:37:55.618271 7fccc04d5700 10 mon.a@0(synchronizing sync( requester state chunks )) e1 handle_sync mon_sync( chunk bl 1037021 bytes last_key ( osdmap,full_838 ) ) v1
2013-04-25 18:37:55.618277 7fccc04d5700 10 mon.a@0(synchronizing sync( requester state chunks )) e1 handle_sync_chunk mon_sync( chunk bl 1037021 bytes last_key ( osdmap,full_838 ) ) v1
2013-04-25 18:37:55.618322 7fccc04d5700 1 -- 10.1.0.3:6789/0 --> mon.2 10.1.0.130:6789/0 -- mon_sync( chunk_reply ) v1 -- ?+0 0x7fca2c61e4c0
2013-04-25 18:37:55.618338 7fccc04d5700 20 -- 10.1.0.3:6789/0 submit_message mon_sync( chunk_reply ) v1 remote, 10.1.0.130:6789/0, have pipe.
2013-04-25 18:37:55.618397 7fccbf3d2700 10 -- 10.1.0.3:6789/0 >> 10.1.0.130:6789/0 pipe(0x241ac20 sd=22 :48619 s=2 pgs=3736 cs=1 l=0).writer: state = open policy.server=0
2013-04-25 18:37:55.618417 7fccbf3d2700 20 -- 10.1.0.3:6789/0 >> 10.1.0.130:6789/0 pipe(0x241ac20 sd=22 :48619 s=2 pgs=3736 cs=1 l=0).writer encoding 23 0x7fca2c61e4c0 mon_sync( chunk_reply ) v1
2013-04-25 18:37:55.618451 7fccbf3d2700 20 -- 10.1.0.3:6789/0 >> 10.1.0.130:6789/0 pipe(0x241ac20 sd=22 :48619 s=2 pgs=3736 cs=1 l=0).writer signed seq # 23): sig = 2038678363268954533
2013-04-25 18:37:55.618464 7fccbf3d2700 20 -- 10.1.0.3:6789/0 >> 10.1.0.130:6789/0 pipe(0x241ac20 sd=22 :48619 s=2 pgs=3736 cs=1 l=0).writer sending 23 0x7fca2c61e4c0
2013-04-25 18:37:55.618488 7fccbf3d2700 10 -- 10.1.0.3:6789/0 >> 10.1.0.130:6789/0 pipe(0x241ac20 sd=22 :48619 s=2 pgs=3736 cs=1 l=0).writer: state = open policy.server=0
2013-04-25 18:37:55.618494 7fccbf3d2700 20 -- 10.1.0.3:6789/0 >> 10.1.0.130:6789/0 pipe(0x241ac20 sd=22 :48619 s=2 pgs=3736 cs=1 l=0).writer sleeping
2013-04-25 18:37:55.621640 7fccbf2d1700 20 -- 10.1.0.3:6789/0 >> 10.1.0.130:6789/0 pipe(0x241ac20 sd=22 :48619 s=2 pgs=3736 cs=1 l=0).reader got ACK
2013-04-25 18:37:55.621664 7fccbf2d1700 15 -- 10.1.0.3:6789/0 >> 10.1.0.130:6789/0 pipe(0x241ac20 sd=22 :48619 s=2 pgs=3736 cs=1 l=0).reader got ack seq 23
2013-04-25 18:37:55.621670 7fccbf2d1700 10 -- 10.1.0.3:6789/0 >> 10.1.0.130:6789/0 pipe(0x241ac20 sd=22 :48619 s=2 pgs=3736 cs=1 l=0).reader got ack seq 23 >= 23 on 0x7fca2c61e4c0 mon_sync( chunk_reply ) v1
2013-04-25 18:37:55.621681 7fccbf2d1700 20 -- 10.1.0.3:6789/0 >> 10.1.0.130:6789/0 pipe(0x241ac20 sd=22 :48619 s=2 pgs=3736 cs=1 l=0).reader reading tag...
2013-04-25 18:37:55.621687 7fccbf2d1700 20 -- 10.1.0.3:6789/0 >> 10.1.0.130:6789/0 pipe(0x241ac20 sd=22 :48619 s=2 pgs=3736 cs=1 l=0).reader got MSG
2013-04-25 18:37:55.621694 7fccbf2d1700 20 -- 10.1.0.3:6789/0 >> 10.1.0.130:6789/0 pipe(0x241ac20 sd=22 :48619 s=2 pgs=3736 cs=1 l=0).reader got envelope type=69 src mon.2 front=1037209 data=0 off 0
2013-04-25 18:37:55.621700 7fccbf2d1700 10 -- 10.1.0.3:6789/0 >> 10.1.0.130:6789/0 pipe(0x241ac20 sd=22 :48619 s=2 pgs=3736 cs=1 l=0).reader wants 1037209 from dispatch throttler 1037209/104857600
2013-04-25 18:37:55.629819 7fccc04d5700 10 -- 10.1.0.3:6789/0 dispatch_throttle_release 1037209 to dispatch throttler 2074418/104857600
2013-04-25 18:37:55.629852 7fccc04d5700 20 -- 10.1.0.3:6789/0 done calling dispatch on 0x7fca34017160
2013-04-25 18:37:55.630410 7fccbf2d1700 20 -- 10.1.0.3:6789/0 >> 10.1.0.130:6789/0 pipe(0x241ac20 sd=22 :48619 s=2 pgs=3736 cs=1 l=0).reader got front 1037209
2013-04-25 18:37:55.630429 7fccbf2d1700 10 -- 10.1.0.3:6789/0 >> 10.1.0.130:6789/0 pipe(0x241ac20 sd=22 :48619 s=2 pgs=3736 cs=1 l=0).aborted = 0
2013-04-25 18:37:55.630434 7fccbf2d1700 20 -- 10.1.0.3:6789/0 >> 10.1.0.130:6789/0 pipe(0x241ac20 sd=22 :48619 s=2 pgs=3736 cs=1 l=0).reader got 1037209 + 0 + 0 byte message
2013-04-25 18:37:55.631229 7fccbf2d1700 10 -- 10.1.0.3:6789/0 >> 10.1.0.130:6789/0 pipe(0x241ac20 sd=22 :48619 s=2 pgs=3736 cs=1 l=0).reader got message 1192798008 0x7fca34018110 mon_sync( chunk bl 1037021 bytes last_key ( osdmap,full_867 ) ) v1
2013-04-25 18:37:55.631243 7fccbf2d1700 20 -- 10.1.0.3:6789/0 queue 0x7fca34018110 prio 196
2013-04-25 18:37:55.631256 7fccbf2d1700 20 -- 10.1.0.3:6789/0 >> 10.1.0.130:6789/0 pipe(0x241ac20 sd=22 :48619 s=2 pgs=3736 cs=1 l=0).reader reading tag...
2013-04-25 18:37:55.631267 7fccc04d5700 1 -- 10.1.0.3:6789/0 <== mon.2 10.1.0.130:6789/0 1192798008 ==== mon_sync( chunk bl 1037021 bytes last_key ( osdmap,full_867 ) ) v1 ==== 1037209+0+0 (2918096651 0 0) 0x7fca34018110 con 0x241ae80
2013-04-25 18:37:55.631288 7fccc04d5700 20 mon.a@0(synchronizing sync( requester state chunks )) e1 have connection
2013-04-25 18:37:55.631282 7fccbf3d2700 10 -- 10.1.0.3:6789/0 >> 10.1.0.130:6789/0 pipe(0x241ac20 sd=22 :48619 s=2 pgs=3736 cs=1 l=0).writer: state = open policy.server=0
2013-04-25 18:37:55.631299 7fccbf3d2700 10 -- 10.1.0.3:6789/0 >> 10.1.0.130:6789/0 pipe(0x241ac20 sd=22 :48619 s=2 pgs=3736 cs=1 l=0).write_ack 1192798008
2013-04-25 18:37:55.631296 7fccc04d5700 20 mon.a@0(synchronizing sync( requester state chunks )) e1 ms_dispatch existing session MonSession: mon.2 10.1.0.130:6789/0 is openallow * for mon.2 10.1.0.130:6789/0
2013-04-25 18:37:55.631309 7fccc04d5700 20 mon.a@0(synchronizing sync( requester state chunks )) e1 caps allow *
2013-04-25 18:37:55.631314 7fccc04d5700 10 mon.a@0(synchronizing sync( requester state chunks )) e1 handle_sync mon_sync( chunk bl 1037021 bytes last_key ( osdmap,full_867 ) ) v1
2013-04-25 18:37:55.631314 7fccbf3d2700 10 -- 10.1.0.3:6789/0 >> 10.1.0.130:6789/0 pipe(0x241ac20 sd=22 :48619 s=2 pgs=3736 cs=1 l=0).writer: state = open policy.server=0
2013-04-25 18:37:55.631320 7fccc04d5700 10 mon.a@0(synchronizing sync( requester state chunks )) e1 handle_sync_chunk mon_sync( chunk bl 1037021 bytes last_key ( osdmap,full_867 ) ) v1
2013-04-25 18:37:55.631322 7fccbf3d2700 20 -- 10.1.0.3:6789/0 >> 10.1.0.130:6789/0 pipe(0x241ac20 sd=22 :48619 s=2 pgs=3736 cs=1 l=0).writer sleeping
2013-04-25 18:37:55.631368 7fccc04d5700 1 -- 10.1.0.3:6789/0 --> mon.2 10.1.0.130:6789/0 -- mon_sync( chunk_reply ) v1 -- ?+0 0x7fca2c2edbc0
2013-04-25 18:37:55.631382 7fccc04d5700 20 -- 10.1.0.3:6789/0 submit_message mon_sync( chunk_reply ) v1 remote, 10.1.0.130:6789/0, have pipe.
2013-04-25 18:37:55.631471 7fccbf3d2700 10 -- 10.1.0.3:6789/0 >> 10.1.0.130:6789/0 pipe(0x241ac20 sd=22 :48619 s=2 pgs=3736 cs=1 l=0).writer: state = open policy.server=0
2013-04-25 18:37:55.631491 7fccbf3d2700 20 -- 10.1.0.3:6789/0 >> 10.1.0.130:6789/0 pipe(0x241ac20 sd=22 :48619 s=2 pgs=3736 cs=1 l=0).writer encoding 24 0x7fca2c2edbc0 mon_sync( chunk_reply ) v1
2013-04-25 18:37:55.631544 7fccbf3d2700 20 -- 10.1.0.3:6789/0 >> 10.1.0.130:6789/0 pipe(0x241ac20 sd=22 :48619 s=2 pgs=3736 cs=1 l=0).writer signed seq # 24): sig = 17246893973208170543
2013-04-25 18:37:55.631556 7fccbf3d2700 20 -- 10.1.0.3:6789/0 >> 10.1.0.130:6789/0 pipe(0x241ac20 sd=22 :48619 s=2 pgs=3736 cs=1 l=0).writer sending 24 0x7fca2c2edbc0
2013-04-25 18:37:55.631584 7fccbf3d2700 10 -- 10.1.0.3:6789/0 >> 10.1.0.130:6789/0 pipe(0x241ac20 sd=22 :48619 s=2 pgs=3736 cs=1 l=0).writer: state = open policy.server=0
2013-04-25 18:37:55.631595 7fccbf3d2700 20 -- 10.1.0.3:6789/0 >> 10.1.0.130:6789/0 pipe(0x241ac20 sd=22 :48619 s=2 pgs=3736 cs=1 l=0).writer sleeping
2013-04-25 18:37:55.634809 7fccbf2d1700 20 -- 10.1.0.3:6789/0 >> 10.1.0.130:6789/0 pipe(0x241ac20 sd=22 :48619 s=2 pgs=3736 cs=1 l=0).reader got ACK
2013-04-25 18:37:55.634838 7fccbf2d1700 15 -- 10.1.0.3:6789/0 >> 10.1.0.130:6789/0 pipe(0x241ac20 sd=22 :48619 s=2 pgs=3736 cs=1 l=0).reader got ack seq 24
2013-04-25 18:37:55.634846 7fccbf2d1700 10 -- 10.1.0.3:6789/0 >> 10.1.0.130:6789/0 pipe(0x241ac20 sd=22 :48619 s=2 pgs=3736 cs=1 l=0).reader got ack seq 24 >= 24 on 0x7fca2c2edbc0 mon_sync( chunk_reply ) v1
2013-04-25 18:37:55.634864 7fccbf2d1700 20 -- 10.1.0.3:6789/0 >> 10.1.0.130:6789/0 pipe(0x241ac20 sd=22 :48619 s=2 pgs=3736 cs=1 l=0).reader reading tag...
2013-04-25 18:37:55.634874 7fccbf2d1700 20 -- 10.1.0.3:6789/0 >> 10.1.0.130:6789/0 pipe(0x241ac20 sd=22 :48619 s=2 pgs=3736 cs=1 l=0).reader got MSG
2013-04-25 18:37:55.634883 7fccbf2d1700 20 -- 10.1.0.3:6789/0 >> 10.1.0.130:6789/0 pipe(0x241ac20 sd=22 :48619 s=2 pgs=3736 cs=1 l=0).reader got envelope type=69 src mon.2 front=1037209 data=0 off 0
2013-04-25 18:37:55.634892 7fccbf2d1700 10 -- 10.1.0.3:6789/0 >> 10.1.0.130:6789/0 pipe(0x241ac20 sd=22 :48619 s=2 pgs=3736 cs=1 l=0).reader wants 1037209 from dispatch throttler 1037209/104857600
2013-04-25 18:37:55.643568 7fccbf2d1700 20 -- 10.1.0.3:6789/0 >> 10.1.0.130:6789/0 pipe(0x241ac20 sd=22 :48619 s=2 pgs=3736 cs=1 l=0).reader got front 1037209
2013-04-25 18:37:55.643597 7fccbf2d1700 10 -- 10.1.0.3:6789/0 >> 10.1.0.130:6789/0 pipe(0x241ac20 sd=22 :48619 s=2 pgs=3736 cs=1 l=0).aborted = 0
2013-04-25 18:37:55.643602 7fccbf2d1700 20 -- 10.1.0.3:6789/0 >> 10.1.0.130:6789/0 pipe(0x241ac20 sd=22 :48619 s=2 pgs=3736 cs=1 l=0).reader got 1037209 + 0 + 0 byte message
2013-04-25 18:37:55.644391 7fccbf2d1700 10 -- 10.1.0.3:6789/0 >> 10.1.0.130:6789/0 pipe(0x241ac20 sd=22 :48619 s=2 pgs=3736 cs=1 l=0).reader got message 1192798009 0x7fca340194f0 mon_sync( chunk bl 1037021 bytes last_key ( osdmap,full_896 ) ) v1
2013-04-25 18:37:55.644406 7fccbf2d1700 20 -- 10.1.0.3:6789/0 queue 0x7fca340194f0 prio 196
2013-04-25 18:37:55.644415 7fccbf2d1700 20 -- 10.1.0.3:6789/0 >> 10.1.0.130:6789/0 pipe(0x241ac20 sd=22 :48619 s=2 pgs=3736 cs=1 l=0).reader reading tag...
2013-04-25 18:37:55.644470 7fccbf3d2700 10 -- 10.1.0.3:6789/0 >> 10.1.0.130:6789/0 pipe(0x241ac20 sd=22 :48619 s=2 pgs=3736 cs=1 l=0).writer: state = open policy.server=0
2013-04-25 18:37:55.644492 7fccbf3d2700 10 -- 10.1.0.3:6789/0 >> 10.1.0.130:6789/0 pipe(0x241ac20 sd=22 :48619 s=2 pgs=3736 cs=1 l=0).write_ack 1192798009
2013-04-25 18:37:55.644507 7fccbf3d2700 10 -- 10.1.0.3:6789/0 >> 10.1.0.130:6789/0 pipe(0x241ac20 sd=22 :48619 s=2 pgs=3736 cs=1 l=0).writer: state = open policy.server=0
2013-04-25 18:37:55.644515 7fccbf3d2700 20 -- 10.1.0.3:6789/0 >> 10.1.0.130:6789/0 pipe(0x241ac20 sd=22 :48619 s=2 pgs=3736 cs=1 l=0).writer sleeping
2013-04-25 18:37:55.645908 7fccc04d5700 10 -- 10.1.0.3:6789/0 dispatch_throttle_release 1037209 to dispatch throttler 2074418/104857600
2013-04-25 18:37:55.645935 7fccc04d5700 20 -- 10.1.0.3:6789/0 done calling dispatch on 0x7fca34018110
2013-04-25 18:37:55.646057 7fccc04d5700 1 -- 10.1.0.3:6789/0 <== mon.2 10.1.0.130:6789/0 1192798009 ==== mon_sync( chunk bl 1037021 bytes last_key ( osdmap,full_896 ) ) v1 ==== 1037209+0+0 (449723834 0 0) 0x7fca340194f0 con 0x241ae80
2013-04-25 18:37:55.646078 7fccc04d5700 20 mon.a@0(synchronizing sync( requester state chunks )) e1 have connection
2013-04-25 18:37:55.646086 7fccc04d5700 20 mon.a@0(synchronizing sync( requester state chunks )) e1 ms_dispatch existing session MonSession: mon.2 10.1.0.130:6789/0 is openallow * for mon.2 10.1.0.130:6789/0
2013-04-25 18:37:55.646099 7fccc04d5700 20 mon.a@0(synchronizing sync( requester state chunks )) e1 caps allow *
2013-04-25 18:37:55.646103 7fccc04d5700 10 mon.a@0(synchronizing sync( requester state chunks )) e1 handle_sync mon_sync( chunk bl 1037021 bytes last_key ( osdmap,full_896 ) ) v1
2013-04-25 18:37:55.646109 7fccc04d5700 10 mon.a@0(synchronizing sync( requester state chunks )) e1 handle_sync_chunk mon_sync( chunk bl 1037021 bytes last_key ( osdmap,full_896 ) ) v1
2013-04-25 18:37:55.646155 7fccc04d5700 1 -- 10.1.0.3:6789/0 --> mon.2 10.1.0.130:6789/0 -- mon_sync( chunk_reply ) v1 -- ?+0 0x7fca2c2ee870
2013-04-25 18:37:55.646167 7fccc04d5700 20 -- 10.1.0.3:6789/0 submit_message mon_sync( chunk_reply ) v1 remote, 10.1.0.130:6789/0, have pipe.
2013-04-25 18:37:55.646235 7fccbf3d2700 10 -- 10.1.0.3:6789/0 >> 10.1.0.130:6789/0 pipe(0x241ac20 sd=22 :48619 s=2 pgs=3736 cs=1 l=0).writer: state = open policy.server=0
2013-04-25 18:37:55.646255 7fccbf3d2700 20 -- 10.1.0.3:6789/0 >> 10.1.0.130:6789/0 pipe(0x241ac20 sd=22 :48619 s=2 pgs=3736 cs=1 l=0).writer encoding 25 0x7fca2c2ee870 mon_sync( chunk_reply ) v1
2013-04-25 18:37:55.646297 7fccbf3d2700 20 -- 10.1.0.3:6789/0 >> 10.1.0.130:6789/0 pipe(0x241ac20 sd=22 :48619 s=2 pgs=3736 cs=1 l=0).writer signed seq # 25): sig = 1723024637482228308
2013-04-25 18:37:55.646308 7fccbf3d2700 20 -- 10.1.0.3:6789/0 >> 10.1.0.130:6789/0 pipe(0x241ac20 sd=22 :48619 s=2 pgs=3736 cs=1 l=0).writer sending 25 0x7fca2c2ee870
2013-04-25 18:37:55.646337 7fccbf3d2700 10 -- 10.1.0.3:6789/0 >> 10.1.0.130:6789/0 pipe(0x241ac20 sd=22 :48619 s=2 pgs=3736 cs=1 l=0).writer: state = open policy.server=0
2013-04-25 18:37:55.646346 7fccbf3d2700 20 -- 10.1.0.3:6789/0 >> 10.1.0.130:6789/0 pipe(0x241ac20 sd=22 :48619 s=2 pgs=3736 cs=1 l=0).writer sleeping
2013-04-25 18:37:55.649550 7fccbf2d1700 20 -- 10.1.0.3:6789/0 >> 10.1.0.130:6789/0 pipe(0x241ac20 sd=22 :48619 s=2 pgs=3736 cs=1 l=0).reader got ACK
2013-04-25 18:37:55.649577 7fccbf2d1700 15 -- 10.1.0.3:6789/0 >> 10.1.0.130:6789/0 pipe(0x241ac20 sd=22 :48619 s=2 pgs=3736 cs=1 l=0).reader got ack seq 25
2013-04-25 18:37:55.649583 7fccbf2d1700 10 -- 10.1.0.3:6789/0 >> 10.1.0.130:6789/0 pipe(0x241ac20 sd=22 :48619 s=2 pgs=3736 cs=1 l=0).reader got ack seq 25 >= 25 on 0x7fca2c2ee870 mon_sync( chunk_reply ) v1
2013-04-25 18:37:55.649594 7fccbf2d1700 20 -- 10.1.0.3:6789/0 >> 10.1.0.130:6789/0 pipe(0x241ac20 sd=22 :48619 s=2 pgs=3736 cs=1 l=0).reader reading tag...
2013-04-25 18:37:55.649601 7fccbf2d1700 20 -- 10.1.0.3:6789/0 >> 10.1.0.130:6789/0 pipe(0x241ac20 sd=22 :48619 s=2 pgs=3736 cs=1 l=0).reader got MSG
2013-04-25 18:37:55.649607 7fccbf2d1700 20 -- 10.1.0.3:6789/0 >> 10.1.0.130:6789/0 pipe(0x241ac20 sd=22 :48619 s=2 pgs=3736 cs=1 l=0).reader got envelope type=69 src mon.2 front=1037209 data=0 off 0
2013-04-25 18:37:55.649614 7fccbf2d1700 10 -- 10.1.0.3:6789/0 >> 10.1.0.130:6789/0 pipe(0x241ac20 sd=22 :48619 s=2 pgs=3736 cs=1 l=0).reader wants 1037209 from dispatch throttler 1037209/104857600
2013-04-25 18:37:55.658323 7fccbf2d1700 20 -- 10.1.0.3:6789/0 >> 10.1.0.130:6789/0 pipe(0x241ac20 sd=22 :48619 s=2 pgs=3736 cs=1 l=0).reader got front 1037209
2013-04-25 18:37:55.658363 7fccbf2d1700 10 -- 10.1.0.3:6789/0 >> 10.1.0.130:6789/0 pipe(0x241ac20 sd=22 :48619 s=2 pgs=3736 cs=1 l=0).aborted = 0
2013-04-25 18:37:55.658373 7fccbf2d1700 20 -- 10.1.0.3:6789/0 >> 10.1.0.130:6789/0 pipe(0x241ac20 sd=22 :48619 s=2 pgs=3736 cs=1 l=0).reader got 1037209 + 0 + 0 byte message
2013-04-25 18:37:55.659200 7fccbf2d1700 10 -- 10.1.0.3:6789/0 >> 10.1.0.130:6789/0 pipe(0x241ac20 sd=22 :48619 s=2 pgs=3736 cs=1 l=0).reader got message 1192798010 0x7fca3401a610 mon_sync( chunk bl 1037021 bytes last_key ( osdmap,full_925 ) ) v1
2013-04-25 18:37:55.659216 7fccbf2d1700 20 -- 10.1.0.3:6789/0 queue 0x7fca3401a610 prio 196
2013-04-25 18:37:55.659224 7fccbf2d1700 20 -- 10.1.0.3:6789/0 >> 10.1.0.130:6789/0 pipe(0x241ac20 sd=22 :48619 s=2 pgs=3736 cs=1 l=0).reader reading tag...
2013-04-25 18:37:55.659248 7fccbf3d2700 10 -- 10.1.0.3:6789/0 >> 10.1.0.130:6789/0 pipe(0x241ac20 sd=22 :48619 s=2 pgs=3736 cs=1 l=0).writer: state = open policy.server=0
2013-04-25 18:37:55.659269 7fccbf3d2700 10 -- 10.1.0.3:6789/0 >> 10.1.0.130:6789/0 pipe(0x241ac20 sd=22 :48619 s=2 pgs=3736 cs=1 l=0).write_ack 1192798010
2013-04-25 18:37:55.659291 7fccbf3d2700 10 -- 10.1.0.3:6789/0 >> 10.1.0.130:6789/0 pipe(0x241ac20 sd=22 :48619 s=2 pgs=3736 cs=1 l=0).writer: state = open policy.server=0
2013-04-25 18:37:55.659301 7fccbf3d2700 20 -- 10.1.0.3:6789/0 >> 10.1.0.130:6789/0 pipe(0x241ac20 sd=22 :48619 s=2 pgs=3736 cs=1 l=0).writer sleeping
2013-04-25 18:37:55.660356 7fccc04d5700 10 -- 10.1.0.3:6789/0 dispatch_throttle_release 1037209 to dispatch throttler 2074418/104857600
2013-04-25 18:37:55.660376 7fccc04d5700 20 -- 10.1.0.3:6789/0 done calling dispatch on 0x7fca340194f0
2013-04-25 18:37:55.660396 7fccc04d5700 1 -- 10.1.0.3:6789/0 <== mon.2 10.1.0.130:6789/0 1192798010 ==== mon_sync( chunk bl 1037021 bytes last_key ( osdmap,full_925 ) ) v1 ==== 1037209+0+0 (3508335832 0 0) 0x7fca3401a610 con 0x241ae80
2013-04-25 18:37:55.660412 7fccc04d5700 20 mon.a@0(synchronizing sync( requester state chunks )) e1 have connection
2013-04-25 18:37:55.660420 7fccc04d5700 20 mon.a@0(synchronizing sync( requester state chunks )) e1 ms_dispatch existing session MonSession: mon.2 10.1.0.130:6789/0 is openallow * for mon.2 10.1.0.130:6789/0
2013-04-25 18:37:55.660434 7fccc04d5700 20 mon.a@0(synchronizing sync( requester state chunks )) e1 caps allow *
2013-04-25 18:37:55.660439 7fccc04d5700 10 mon.a@0(synchronizing sync( requester state chunks )) e1 handle_sync mon_sync( chunk bl 1037021 bytes last_key ( osdmap,full_925 ) ) v1
2013-04-25 18:37:55.660445 7fccc04d5700 10 mon.a@0(synchronizing sync( requester state chunks )) e1 handle_sync_chunk mon_sync( chunk bl 1037021 bytes last_key ( osdmap,full_925 ) ) v1
2013-04-25 18:37:55.660484 7fccc04d5700 1 -- 10.1.0.3:6789/0 --> mon.2 10.1.0.130:6789/0 -- mon_sync( chunk_reply ) v1 -- ?+0 0x7fca2c25eef0
2013-04-25 18:37:55.660493 7fccc04d5700 20 -- 10.1.0.3:6789/0 submit_message mon_sync( chunk_reply ) v1 remote, 10.1.0.130:6789/0, have pipe.
2013-04-25 18:37:55.660511 7fccbf3d2700 10 -- 10.1.0.3:6789/0 >> 10.1.0.130:6789/0 pipe(0x241ac20 sd=22 :48619 s=2 pgs=3736 cs=1 l=0).writer: state = open policy.server=0
2013-04-25 18:37:55.660528 7fccbf3d2700 20 -- 10.1.0.3:6789/0 >> 10.1.0.130:6789/0 pipe(0x241ac20 sd=22 :48619 s=2 pgs=3736 cs=1 l=0).writer encoding 26 0x7fca2c25eef0 mon_sync( chunk_reply ) v1
2013-04-25 18:37:55.660576 7fccbf3d2700 20 -- 10.1.0.3:6789/0 >> 10.1.0.130:6789/0 pipe(0x241ac20 sd=22 :48619 s=2 pgs=3736 cs=1 l=0).writer signed seq # 26): sig = 2042205131621493086
2013-04-25 18:37:55.660593 7fccbf3d2700 20 -- 10.1.0.3:6789/0 >> 10.1.0.130:6789/0 pipe(0x241ac20 sd=22 :48619 s=2 pgs=3736 cs=1 l=0).writer sending 26 0x7fca2c25eef0
2013-04-25 18:37:55.660671 7fccbf3d2700 10 -- 10.1.0.3:6789/0 >> 10.1.0.130:6789/0 pipe(0x241ac20 sd=22 :48619 s=2 pgs=3736 cs=1 l=0).writer: state = open policy.server=0
2013-04-25 18:37:55.660683 7fccbf3d2700 20 -- 10.1.0.3:6789/0 >> 10.1.0.130:6789/0 pipe(0x241ac20 sd=22 :48619 s=2 pgs=3736 cs=1 l=0).writer sleeping
2013-04-25 18:37:55.663932 7fccbf2d1700 20 -- 10.1.0.3:6789/0 >> 10.1.0.130:6789/0 pipe(0x241ac20 sd=22 :48619 s=2 pgs=3736 cs=1 l=0).reader got ACK
2013-04-25 18:37:55.663956 7fccbf2d1700 15 -- 10.1.0.3:6789/0 >> 10.1.0.130:6789/0 pipe(0x241ac20 sd=22 :48619 s=2 pgs=3736 cs=1 l=0).reader got ack seq 26
2013-04-25 18:37:55.663963 7fccbf2d1700 10 -- 10.1.0.3:6789/0 >> 10.1.0.130:6789/0 pipe(0x241ac20 sd=22 :48619 s=2 pgs=3736 cs=1 l=0).reader got ack seq 26 >= 26 on 0x7fca2c25eef0 mon_sync( chunk_reply ) v1
2013-04-25 18:37:55.663974 7fccbf2d1700 20 -- 10.1.0.3:6789/0 >> 10.1.0.130:6789/0 pipe(0x241ac20 sd=22 :48619 s=2 pgs=3736 cs=1 l=0).reader reading tag...
2013-04-25 18:37:55.663980 7fccbf2d1700 20 -- 10.1.0.3:6789/0 >> 10.1.0.130:6789/0 pipe(0x241ac20 sd=22 :48619 s=2 pgs=3736 cs=1 l=0).reader got MSG
2013-04-25 18:37:55.663986 7fccbf2d1700 20 -- 10.1.0.3:6789/0 >> 10.1.0.130:6789/0 pipe(0x241ac20 sd=22 :48619 s=2 pgs=3736 cs=1 l=0).reader got envelope type=69 src mon.2 front=1037209 data=0 off 0
2013-04-25 18:37:55.663992 7fccbf2d1700 10 -- 10.1.0.3:6789/0 >> 10.1.0.130:6789/0 pipe(0x241ac20 sd=22 :48619 s=2 pgs=3736 cs=1 l=0).reader wants 1037209 from dispatch throttler 1037209/104857600
2013-04-25 18:37:55.672745 7fccbf2d1700 20 -- 10.1.0.3:6789/0 >> 10.1.0.130:6789/0 pipe(0x241ac20 sd=22 :48619 s=2 pgs=3736 cs=1 l=0).reader got front 1037209
2013-04-25 18:37:55.672778 7fccbf2d1700 10 -- 10.1.0.3:6789/0 >> 10.1.0.130:6789/0 pipe(0x241ac20 sd=22 :48619 s=2 pgs=3736 cs=1 l=0).aborted = 0
2013-04-25 18:37:55.672785 7fccbf2d1700 20 -- 10.1.0.3:6789/0 >> 10.1.0.130:6789/0 pipe(0x241ac20 sd=22 :48619 s=2 pgs=3736 cs=1 l=0).reader got 1037209 + 0 + 0 byte message
2013-04-25 18:37:55.673571 7fccbf2d1700 10 -- 10.1.0.3:6789/0 >> 10.1.0.130:6789/0 pipe(0x241ac20 sd=22 :48619 s=2 pgs=3736 cs=1 l=0).reader got message 1192798011 0x7fca3401b6b0 mon_sync( chunk bl 1037021 bytes last_key ( osdmap,full_954 ) ) v1
2013-04-25 18:37:55.673593 7fccbf2d1700 20 -- 10.1.0.3:6789/0 queue 0x7fca3401b6b0 prio 196
2013-04-25 18:37:55.673602 7fccbf2d1700 20 -- 10.1.0.3:6789/0 >> 10.1.0.130:6789/0 pipe(0x241ac20 sd=22 :48619 s=2 pgs=3736 cs=1 l=0).reader reading tag...
2013-04-25 18:37:55.673621 7fccbf3d2700 10 -- 10.1.0.3:6789/0 >> 10.1.0.130:6789/0 pipe(0x241ac20 sd=22 :48619 s=2 pgs=3736 cs=1 l=0).writer: state = open policy.server=0
2013-04-25 18:37:55.673641 7fccbf3d2700 10 -- 10.1.0.3:6789/0 >> 10.1.0.130:6789/0 pipe(0x241ac20 sd=22 :48619 s=2 pgs=3736 cs=1 l=0).write_ack 1192798011
2013-04-25 18:37:55.673663 7fccbf3d2700 10 -- 10.1.0.3:6789/0 >> 10.1.0.130:6789/0 pipe(0x241ac20 sd=22 :48619 s=2 pgs=3736 cs=1 l=0).writer: state = open policy.server=0
2013-04-25 18:37:55.673673 7fccbf3d2700 20 -- 10.1.0.3:6789/0 >> 10.1.0.130:6789/0 pipe(0x241ac20 sd=22 :48619 s=2 pgs=3736 cs=1 l=0).writer sleeping
2013-04-25 18:37:55.676132 7fccc04d5700 10 -- 10.1.0.3:6789/0 dispatch_throttle_release 1037209 to dispatch throttler 2074418/104857600
2013-04-25 18:37:55.676158 7fccc04d5700 20 -- 10.1.0.3:6789/0 done calling dispatch on 0x7fca3401a610
2013-04-25 18:37:55.676244 7fccc04d5700 1 -- 10.1.0.3:6789/0 <== mon.2 10.1.0.130:6789/0 1192798011 ==== mon_sync( chunk bl 1037021 bytes last_key ( osdmap,full_954 ) ) v1 ==== 1037209+0+0 (2188051951 0 0) 0x7fca3401b6b0 con 0x241ae80
2013-04-25 18:37:55.676260 7fccc04d5700 20 mon.a@0(synchronizing sync( requester state chunks )) e1 have connection
2013-04-25 18:37:55.676267 7fccc04d5700 20 mon.a@0(synchronizing sync( requester state chunks )) e1 ms_dispatch existing session MonSession: mon.2 10.1.0.130:6789/0 is openallow * for mon.2 10.1.0.130:6789/0
2013-04-25 18:37:55.676276 7fccc04d5700 20 mon.a@0(synchronizing sync( requester state chunks )) e1 caps allow *
2013-04-25 18:37:55.676279 7fccc04d5700 10 mon.a@0(synchronizing sync( requester state chunks )) e1 handle_sync mon_sync( chunk bl 1037021 bytes last_key ( osdmap,full_954 ) ) v1
2013-04-25 18:37:55.676283 7fccc04d5700 10 mon.a@0(synchronizing sync( requester state chunks )) e1 handle_sync_chunk mon_sync( chunk bl 1037021 bytes last_key ( osdmap,full_954 ) ) v1
2013-04-25 18:37:55.676318 7fccc04d5700 1 -- 10.1.0.3:6789/0 --> mon.2 10.1.0.130:6789/0 -- mon_sync( chunk_reply ) v1 -- ?+0 0x7fca2c2d8de0
2013-04-25 18:37:55.676327 7fccc04d5700 20 -- 10.1.0.3:6789/0 submit_message mon_sync( chunk_reply ) v1 remote, 10.1.0.130:6789/0, have pipe.
2013-04-25 18:37:55.676346 7fccbf3d2700 10 -- 10.1.0.3:6789/0 >> 10.1.0.130:6789/0 pipe(0x241ac20 sd=22 :48619 s=2 pgs=3736 cs=1 l=0).writer: state = open policy.server=0
2013-04-25 18:37:55.676366 7fccbf3d2700 20 -- 10.1.0.3:6789/0 >> 10.1.0.130:6789/0 pipe(0x241ac20 sd=22 :48619 s=2 pgs=3736 cs=1 l=0).writer encoding 27 0x7fca2c2d8de0 mon_sync( chunk_reply ) v1
2013-04-25 18:37:55.676635 7fccbf3d2700 20 -- 10.1.0.3:6789/0 >> 10.1.0.130:6789/0 pipe(0x241ac20 sd=22 :48619 s=2 pgs=3736 cs=1 l=0).writer signed seq # 27): sig = 14316366032445732584
2013-04-25 18:37:55.676650 7fccbf3d2700 20 -- 10.1.0.3:6789/0 >> 10.1.0.130:6789/0 pipe(0x241ac20 sd=22 :48619 s=2 pgs=3736 cs=1 l=0).writer sending 27 0x7fca2c2d8de0
2013-04-25 18:37:55.676684 7fccbf3d2700 10 -- 10.1.0.3:6789/0 >> 10.1.0.130:6789/0 pipe(0x241ac20 sd=22 :48619 s=2 pgs=3736 cs=1 l=0).writer: state = open policy.server=0
2013-04-25 18:37:55.676697 7fccbf3d2700 20 -- 10.1.0.3:6789/0 >> 10.1.0.130:6789/0 pipe(0x241ac20 sd=22 :48619 s=2 pgs=3736 cs=1 l=0).writer sleeping
2013-04-25 18:37:55.679857 7fccbf2d1700 20 -- 10.1.0.3:6789/0 >> 10.1.0.130:6789/0 pipe(0x241ac20 sd=22 :48619 s=2 pgs=3736 cs=1 l=0).reader got ACK
2013-04-25 18:37:55.679899 7fccbf2d1700 15 -- 10.1.0.3:6789/0 >> 10.1.0.130:6789/0 pipe(0x241ac20 sd=22 :48619 s=2 pgs=3736 cs=1 l=0).reader got ack seq 27
2013-04-25 18:37:55.679910 7fccbf2d1700 10 -- 10.1.0.3:6789/0 >> 10.1.0.130:6789/0 pipe(0x241ac20 sd=22 :48619 s=2 pgs=3736 cs=1 l=0).reader got ack seq 27 >= 27 on 0x7fca2c2d8de0 mon_sync( chunk_reply ) v1
2013-04-25 18:37:55.679923 7fccbf2d1700 20 -- 10.1.0.3:6789/0 >> 10.1.0.130:6789/0 pipe(0x241ac20 sd=22 :48619 s=2 pgs=3736 cs=1 l=0).reader reading tag...
2013-04-25 18:37:55.679932 7fccbf2d1700 20 -- 10.1.0.3:6789/0 >> 10.1.0.130:6789/0 pipe(0x241ac20 sd=22 :48619 s=2 pgs=3736 cs=1 l=0).reader got MSG
2013-04-25 18:37:55.679943 7fccbf2d1700 20 -- 10.1.0.3:6789/0 >> 10.1.0.130:6789/0 pipe(0x241ac20 sd=22 :48619 s=2 pgs=3736 cs=1 l=0).reader got envelope type=69 src mon.2 front=1037209 data=0 off 0
2013-04-25 18:37:55.679954 7fccbf2d1700 10 -- 10.1.0.3:6789/0 >> 10.1.0.130:6789/0 pipe(0x241ac20 sd=22 :48619 s=2 pgs=3736 cs=1 l=0).reader wants 1037209 from dispatch throttler 1037209/104857600
2013-04-25 18:37:55.688677 7fccbf2d1700 20 -- 10.1.0.3:6789/0 >> 10.1.0.130:6789/0 pipe(0x241ac20 sd=22 :48619 s=2 pgs=3736 cs=1 l=0).reader got front 1037209
2013-04-25 18:37:55.688717 7fccbf2d1700 10 -- 10.1.0.3:6789/0 >> 10.1.0.130:6789/0 pipe(0x241ac20 sd=22 :48619 s=2 pgs=3736 cs=1 l=0).aborted = 0
2013-04-25 18:37:55.688722 7fccbf2d1700 20 -- 10.1.0.3:6789/0 >> 10.1.0.130:6789/0 pipe(0x241ac20 sd=22 :48619 s=2 pgs=3736 cs=1 l=0).reader got 1037209 + 0 + 0 byte message
2013-04-25 18:37:55.689485 7fccbf2d1700 10 -- 10.1.0.3:6789/0 >> 10.1.0.130:6789/0 pipe(0x241ac20 sd=22 :48619 s=2 pgs=3736 cs=1 l=0).reader got message 1192798012 0x7fca3401c8a0 mon_sync( chunk bl 1037021 bytes last_key ( osdmap,full_983 ) ) v1
2013-04-25 18:37:55.689499 7fccbf2d1700 20 -- 10.1.0.3:6789/0 queue 0x7fca3401c8a0 prio 196
2013-04-25 18:37:55.689509 7fccbf2d1700 20 -- 10.1.0.3:6789/0 >> 10.1.0.130:6789/0 pipe(0x241ac20 sd=22 :48619 s=2 pgs=3736 cs=1 l=0).reader reading tag...
2013-04-25 18:37:55.689515 7fccbf3d2700 10 -- 10.1.0.3:6789/0 >> 10.1.0.130:6789/0 pipe(0x241ac20 sd=22 :48619 s=2 pgs=3736 cs=1 l=0).writer: state = open policy.server=0
2013-04-25 18:37:55.689534 7fccbf3d2700 10 -- 10.1.0.3:6789/0 >> 10.1.0.130:6789/0 pipe(0x241ac20 sd=22 :48619 s=2 pgs=3736 cs=1 l=0).write_ack 1192798012
2013-04-25 18:37:55.689552 7fccbf3d2700 10 -- 10.1.0.3:6789/0 >> 10.1.0.130:6789/0 pipe(0x241ac20 sd=22 :48619 s=2 pgs=3736 cs=1 l=0).writer: state = open policy.server=0
2013-04-25 18:37:55.689564 7fccbf3d2700 20 -- 10.1.0.3:6789/0 >> 10.1.0.130:6789/0 pipe(0x241ac20 sd=22 :48619 s=2 pgs=3736 cs=1 l=0).writer sleeping
2013-04-25 18:37:55.696474 7fccc04d5700 10 -- 10.1.0.3:6789/0 dispatch_throttle_release 1037209 to dispatch throttler 2074418/104857600
2013-04-25 18:37:55.696494 7fccc04d5700 20 -- 10.1.0.3:6789/0 done calling dispatch on 0x7fca3401b6b0
2013-04-25 18:37:55.696503 7fccc04d5700 1 -- 10.1.0.3:6789/0 <== mon.2 10.1.0.130:6789/0 1192798012 ==== mon_sync( chunk bl 1037021 bytes last_key ( osdmap,full_983 ) ) v1 ==== 1037209+0+0 (1240722895 0 0) 0x7fca3401c8a0 con 0x241ae80
2013-04-25 18:37:55.696514 7fccc04d5700 20 mon.a@0(synchronizing sync( requester state chunks )) e1 have connection
2013-04-25 18:37:55.696519 7fccc04d5700 20 mon.a@0(synchronizing sync( requester state chunks )) e1 ms_dispatch existing session MonSession: mon.2 10.1.0.130:6789/0 is openallow * for mon.2 10.1.0.130:6789/0
2013-04-25 18:37:55.696531 7fccc04d5700 20 mon.a@0(synchronizing sync( requester state chunks )) e1 caps allow *
2013-04-25 18:37:55.696536 7fccc04d5700 10 mon.a@0(synchronizing sync( requester state chunks )) e1 handle_sync mon_sync( chunk bl 1037021 bytes last_key ( osdmap,full_983 ) ) v1
2013-04-25 18:37:55.696542 7fccc04d5700 10 mon.a@0(synchronizing sync( requester state chunks )) e1 handle_sync_chunk mon_sync( chunk bl 1037021 bytes last_key ( osdmap,full_983 ) ) v1
2013-04-25 18:37:55.696583 7fccc04d5700 1 -- 10.1.0.3:6789/0 --> mon.2 10.1.0.130:6789/0 -- mon_sync( chunk_reply ) v1 -- ?+0 0x7fca2c2d9a90
2013-04-25 18:37:55.696593 7fccc04d5700 20 -- 10.1.0.3:6789/0 submit_message mon_sync( chunk_reply ) v1 remote, 10.1.0.130:6789/0, have pipe.
2013-04-25 18:37:55.696609 7fccbf3d2700 10 -- 10.1.0.3:6789/0 >> 10.1.0.130:6789/0 pipe(0x241ac20 sd=22 :48619 s=2 pgs=3736 cs=1 l=0).writer: state = open policy.server=0
2013-04-25 18:37:55.696625 7fccbf3d2700 20 -- 10.1.0.3:6789/0 >> 10.1.0.130:6789/0 pipe(0x241ac20 sd=22 :48619 s=2 pgs=3736 cs=1 l=0).writer encoding 28 0x7fca2c2d9a90 mon_sync( chunk_reply ) v1
2013-04-25 18:37:55.696680 7fccbf3d2700 20 -- 10.1.0.3:6789/0 >> 10.1.0.130:6789/0 pipe(0x241ac20 sd=22 :48619 s=2 pgs=3736 cs=1 l=0).writer signed seq # 28): sig = 14606965054534644891
2013-04-25 18:37:55.696698 7fccbf3d2700 20 -- 10.1.0.3:6789/0 >> 10.1.0.130:6789/0 pipe(0x241ac20 sd=22 :48619 s=2 pgs=3736 cs=1 l=0).writer sending 28 0x7fca2c2d9a90
2013-04-25 18:37:55.696729 7fccbf3d2700 10 -- 10.1.0.3:6789/0 >> 10.1.0.130:6789/0 pipe(0x241ac20 sd=22 :48619 s=2 pgs=3736 cs=1 l=0).writer: state = open policy.server=0
2013-04-25 18:37:55.696741 7fccbf3d2700 20 -- 10.1.0.3:6789/0 >> 10.1.0.130:6789/0 pipe(0x241ac20 sd=22 :48619 s=2 pgs=3736 cs=1 l=0).writer sleeping
2013-04-25 18:37:55.711529 7fccc04d5700 10 -- 10.1.0.3:6789/0 dispatch_throttle_release 1037209 to dispatch throttler 1037209/104857600
2013-04-25 18:37:55.711552 7fccc04d5700 20 -- 10.1.0.3:6789/0 done calling dispatch on 0x7fca3401c8a0
2013-04-25 18:37:55.754151 7fccbf2d1700 20 -- 10.1.0.3:6789/0 >> 10.1.0.130:6789/0 pipe(0x241ac20 sd=22 :48619 s=2 pgs=3736 cs=1 l=0).reader got ACK
2013-04-25 18:37:55.754180 7fccbf2d1700 15 -- 10.1.0.3:6789/0 >> 10.1.0.130:6789/0 pipe(0x241ac20 sd=22 :48619 s=2 pgs=3736 cs=1 l=0).reader got ack seq 28
2013-04-25 18:37:55.754189 7fccbf2d1700 10 -- 10.1.0.3:6789/0 >> 10.1.0.130:6789/0 pipe(0x241ac20 sd=22 :48619 s=2 pgs=3736 cs=1 l=0).reader got ack seq 28 >= 28 on 0x7fca2c2d9a90 mon_sync( chunk_reply ) v1
2013-04-25 18:37:55.754234 7fccbf2d1700 20 -- 10.1.0.3:6789/0 >> 10.1.0.130:6789/0 pipe(0x241ac20 sd=22 :48619 s=2 pgs=3736 cs=1 l=0).reader reading tag...
2013-04-25 18:37:55.754273 7fccbf2d1700 20 -- 10.1.0.3:6789/0 >> 10.1.0.130:6789/0 pipe(0x241ac20 sd=22 :48619 s=2 pgs=3736 cs=1 l=0).reader got MSG
2013-04-25 18:37:55.754293 7fccbf2d1700 20 -- 10.1.0.3:6789/0 >> 10.1.0.130:6789/0 pipe(0x241ac20 sd=22 :48619 s=2 pgs=3736 cs=1 l=0).reader got envelope type=69 src mon.2 front=610556 data=0 off 0
2013-04-25 18:37:55.754301 7fccbf2d1700 10 -- 10.1.0.3:6789/0 >> 10.1.0.130:6789/0 pipe(0x241ac20 sd=22 :48619 s=2 pgs=3736 cs=1 l=0).reader wants 610556 from dispatch throttler 0/104857600
2013-04-25 18:37:55.759279 7fccbf2d1700 20 -- 10.1.0.3:6789/0 >> 10.1.0.130:6789/0 pipe(0x241ac20 sd=22 :48619 s=2 pgs=3736 cs=1 l=0).reader got front 610556
2013-04-25 18:37:55.759305 7fccbf2d1700 10 -- 10.1.0.3:6789/0 >> 10.1.0.130:6789/0 pipe(0x241ac20 sd=22 :48619 s=2 pgs=3736 cs=1 l=0).aborted = 0
2013-04-25 18:37:55.759314 7fccbf2d1700 20 -- 10.1.0.3:6789/0 >> 10.1.0.130:6789/0 pipe(0x241ac20 sd=22 :48619 s=2 pgs=3736 cs=1 l=0).reader got 610556 + 0 + 0 byte message
2013-04-25 18:37:55.759778 7fccbf2d1700 10 -- 10.1.0.3:6789/0 >> 10.1.0.130:6789/0 pipe(0x241ac20 sd=22 :48619 s=2 pgs=3736 cs=1 l=0).reader got message 1192798013 0x7fca340b29b0 mon_sync( chunk bl 610371 bytes last_key ( paxos,785675 ) ) v1
2013-04-25 18:37:55.759790 7fccbf2d1700 20 -- 10.1.0.3:6789/0 queue 0x7fca340b29b0 prio 196
2013-04-25 18:37:55.759799 7fccbf2d1700 20 -- 10.1.0.3:6789/0 >> 10.1.0.130:6789/0 pipe(0x241ac20 sd=22 :48619 s=2 pgs=3736 cs=1 l=0).reader reading tag...
2013-04-25 18:37:55.759840 7fccbf3d2700 10 -- 10.1.0.3:6789/0 >> 10.1.0.130:6789/0 pipe(0x241ac20 sd=22 :48619 s=2 pgs=3736 cs=1 l=0).writer: state = open policy.server=0
2013-04-25 18:37:55.759865 7fccbf3d2700 10 -- 10.1.0.3:6789/0 >> 10.1.0.130:6789/0 pipe(0x241ac20 sd=22 :48619 s=2 pgs=3736 cs=1 l=0).write_ack 1192798013
2013-04-25 18:37:55.759891 7fccbf3d2700 10 -- 10.1.0.3:6789/0 >> 10.1.0.130:6789/0 pipe(0x241ac20 sd=22 :48619 s=2 pgs=3736 cs=1 l=0).writer: state = open policy.server=0
2013-04-25 18:37:55.759895 7fccc04d5700 1 -- 10.1.0.3:6789/0 <== mon.2 10.1.0.130:6789/0 1192798013 ==== mon_sync( chunk bl 610371 bytes last_key ( paxos,785675 ) ) v1 ==== 610556+0+0 (4190350905 0 0) 0x7fca340b29b0 con 0x241ae80
2013-04-25 18:37:55.759907 7fccbf3d2700 20 -- 10.1.0.3:6789/0 >> 10.1.0.130:6789/0 pipe(0x241ac20 sd=22 :48619 s=2 pgs=3736 cs=1 l=0).writer sleeping
2013-04-25 18:37:55.759917 7fccc04d5700 20 mon.a@0(synchronizing sync( requester state chunks )) e1 have connection
2013-04-25 18:37:55.759926 7fccc04d5700 20 mon.a@0(synchronizing sync( requester state chunks )) e1 ms_dispatch existing session MonSession: mon.2 10.1.0.130:6789/0 is openallow * for mon.2 10.1.0.130:6789/0
2013-04-25 18:37:55.759940 7fccc04d5700 20 mon.a@0(synchronizing sync( requester state chunks )) e1 caps allow *
2013-04-25 18:37:55.759945 7fccc04d5700 10 mon.a@0(synchronizing sync( requester state chunks )) e1 handle_sync mon_sync( chunk bl 610371 bytes last_key ( paxos,785675 ) ) v1
2013-04-25 18:37:55.759951 7fccc04d5700 10 mon.a@0(synchronizing sync( requester state chunks )) e1 handle_sync_chunk mon_sync( chunk bl 610371 bytes last_key ( paxos,785675 ) ) v1
2013-04-25 18:37:55.759991 7fccc04d5700 1 -- 10.1.0.3:6789/0 --> mon.2 10.1.0.130:6789/0 -- mon_sync( chunk_reply ) v1 -- ?+0 0x7fca2c260bd0
2013-04-25 18:37:55.759999 7fccc04d5700 20 -- 10.1.0.3:6789/0 submit_message mon_sync( chunk_reply ) v1 remote, 10.1.0.130:6789/0, have pipe.
2013-04-25 18:37:55.760014 7fccbf3d2700 10 -- 10.1.0.3:6789/0 >> 10.1.0.130:6789/0 pipe(0x241ac20 sd=22 :48619 s=2 pgs=3736 cs=1 l=0).writer: state = open policy.server=0
2013-04-25 18:37:55.760026 7fccbf3d2700 20 -- 10.1.0.3:6789/0 >> 10.1.0.130:6789/0 pipe(0x241ac20 sd=22 :48619 s=2 pgs=3736 cs=1 l=0).writer encoding 29 0x7fca2c260bd0 mon_sync( chunk_reply ) v1
2013-04-25 18:37:55.760061 7fccbf3d2700 20 -- 10.1.0.3:6789/0 >> 10.1.0.130:6789/0 pipe(0x241ac20 sd=22 :48619 s=2 pgs=3736 cs=1 l=0).writer signed seq # 29): sig = 18206254909816645690
2013-04-25 18:37:55.760076 7fccbf3d2700 20 -- 10.1.0.3:6789/0 >> 10.1.0.130:6789/0 pipe(0x241ac20 sd=22 :48619 s=2 pgs=3736 cs=1 l=0).writer sending 29 0x7fca2c260bd0
2013-04-25 18:37:55.760102 7fccbf3d2700 10 -- 10.1.0.3:6789/0 >> 10.1.0.130:6789/0 pipe(0x241ac20 sd=22 :48619 s=2 pgs=3736 cs=1 l=0).writer: state = open policy.server=0
2013-04-25 18:37:55.760116 7fccbf3d2700 20 -- 10.1.0.3:6789/0 >> 10.1.0.130:6789/0 pipe(0x241ac20 sd=22 :48619 s=2 pgs=3736 cs=1 l=0).writer sleeping
2013-04-25 18:37:55.771100 7fccc04d5700 10 -- 10.1.0.3:6789/0 dispatch_throttle_release 610556 to dispatch throttler 610556/104857600
2013-04-25 18:37:55.771120 7fccc04d5700 20 -- 10.1.0.3:6789/0 done calling dispatch on 0x7fca340b29b0
2013-04-25 18:37:55.775454 7fccbf2d1700 20 -- 10.1.0.3:6789/0 >> 10.1.0.130:6789/0 pipe(0x241ac20 sd=22 :48619 s=2 pgs=3736 cs=1 l=0).reader got ACK
2013-04-25 18:37:55.775482 7fccbf2d1700 15 -- 10.1.0.3:6789/0 >> 10.1.0.130:6789/0 pipe(0x241ac20 sd=22 :48619 s=2 pgs=3736 cs=1 l=0).reader got ack seq 29
2013-04-25 18:37:55.775491 7fccbf2d1700 10 -- 10.1.0.3:6789/0 >> 10.1.0.130:6789/0 pipe(0x241ac20 sd=22 :48619 s=2 pgs=3736 cs=1 l=0).reader got ack seq 29 >= 29 on 0x7fca2c260bd0 mon_sync( chunk_reply ) v1
2013-04-25 18:37:55.775537 7fccbf2d1700 20 -- 10.1.0.3:6789/0 >> 10.1.0.130:6789/0 pipe(0x241ac20 sd=22 :48619 s=2 pgs=3736 cs=1 l=0).reader reading tag...
2013-04-25 18:37:55.775580 7fccbf2d1700 20 -- 10.1.0.3:6789/0 >> 10.1.0.130:6789/0 pipe(0x241ac20 sd=22 :48619 s=2 pgs=3736 cs=1 l=0).reader got MSG
2013-04-25 18:37:55.775596 7fccbf2d1700 20 -- 10.1.0.3:6789/0 >> 10.1.0.130:6789/0 pipe(0x241ac20 sd=22 :48619 s=2 pgs=3736 cs=1 l=0).reader got envelope type=69 src mon.2 front=11014338 data=0 off 0
2013-04-25 18:37:55.775610 7fccbf2d1700 10 -- 10.1.0.3:6789/0 >> 10.1.0.130:6789/0 pipe(0x241ac20 sd=22 :48619 s=2 pgs=3736 cs=1 l=0).reader wants 11014338 from dispatch throttler 0/104857600
2013-04-25 18:37:55.869121 7fccbf2d1700 20 -- 10.1.0.3:6789/0 >> 10.1.0.130:6789/0 pipe(0x241ac20 sd=22 :48619 s=2 pgs=3736 cs=1 l=0).reader got front 11014338
2013-04-25 18:37:55.869175 7fccbf2d1700 10 -- 10.1.0.3:6789/0 >> 10.1.0.130:6789/0 pipe(0x241ac20 sd=22 :48619 s=2 pgs=3736 cs=1 l=0).aborted = 0
2013-04-25 18:37:55.869182 7fccbf2d1700 20 -- 10.1.0.3:6789/0 >> 10.1.0.130:6789/0 pipe(0x241ac20 sd=22 :48619 s=2 pgs=3736 cs=1 l=0).reader got 11014338 + 0 + 0 byte message
2013-04-25 18:37:55.876872 7fccbf2d1700 10 -- 10.1.0.3:6789/0 >> 10.1.0.130:6789/0 pipe(0x241ac20 sd=22 :48619 s=2 pgs=3736 cs=1 l=0).reader got message 1192798014 0x7fca340b3b70 mon_sync( chunk bl 11014153 bytes last_key ( paxos,785676 ) ) v1
2013-04-25 18:37:55.876905 7fccbf2d1700 20 -- 10.1.0.3:6789/0 queue 0x7fca340b3b70 prio 196
2013-04-25 18:37:55.876917 7fccbf2d1700 20 -- 10.1.0.3:6789/0 >> 10.1.0.130:6789/0 pipe(0x241ac20 sd=22 :48619 s=2 pgs=3736 cs=1 l=0).reader reading tag...
2013-04-25 18:37:55.876943 7fccbf3d2700 10 -- 10.1.0.3:6789/0 >> 10.1.0.130:6789/0 pipe(0x241ac20 sd=22 :48619 s=2 pgs=3736 cs=1 l=0).writer: state = open policy.server=0
2013-04-25 18:37:55.876969 7fccbf3d2700 10 -- 10.1.0.3:6789/0 >> 10.1.0.130:6789/0 pipe(0x241ac20 sd=22 :48619 s=2 pgs=3736 cs=1 l=0).write_ack 1192798014
2013-04-25 18:37:55.876992 7fccbf3d2700 10 -- 10.1.0.3:6789/0 >> 10.1.0.130:6789/0 pipe(0x241ac20 sd=22 :48619 s=2 pgs=3736 cs=1 l=0).writer: state = open policy.server=0
2013-04-25 18:37:55.876994 7fccc04d5700 1 -- 10.1.0.3:6789/0 <== mon.2 10.1.0.130:6789/0 1192798014 ==== mon_sync( chunk bl 11014153 bytes last_key ( paxos,785676 ) ) v1 ==== 11014338+0+0 (1326898816 0 0) 0x7fca340b3b70 con 0x241ae80
2013-04-25 18:37:55.877004 7fccbf3d2700 20 -- 10.1.0.3:6789/0 >> 10.1.0.130:6789/0 pipe(0x241ac20 sd=22 :48619 s=2 pgs=3736 cs=1 l=0).writer sleeping
2013-04-25 18:37:55.877015 7fccc04d5700 20 mon.a@0(synchronizing sync( requester state chunks )) e1 have connection
2013-04-25 18:37:55.877024 7fccc04d5700 20 mon.a@0(synchronizing sync( requester state chunks )) e1 ms_dispatch existing session MonSession: mon.2 10.1.0.130:6789/0 is openallow * for mon.2 10.1.0.130:6789/0
2013-04-25 18:37:55.877035 7fccc04d5700 20 mon.a@0(synchronizing sync( requester state chunks )) e1 caps allow *
2013-04-25 18:37:55.877039 7fccc04d5700 10 mon.a@0(synchronizing sync( requester state chunks )) e1 handle_sync mon_sync( chunk bl 11014153 bytes last_key ( paxos,785676 ) ) v1
2013-04-25 18:37:55.877043 7fccc04d5700 10 mon.a@0(synchronizing sync( requester state chunks )) e1 handle_sync_chunk mon_sync( chunk bl 11014153 bytes last_key ( paxos,785676 ) ) v1
2013-04-25 18:37:55.877060 7fccc04d5700 1 -- 10.1.0.3:6789/0 --> mon.2 10.1.0.130:6789/0 -- mon_sync( chunk_reply ) v1 -- ?+0 0x7fca2d0df320
2013-04-25 18:37:55.877068 7fccc04d5700 20 -- 10.1.0.3:6789/0 submit_message mon_sync( chunk_reply ) v1 remote, 10.1.0.130:6789/0, have pipe.
2013-04-25 18:37:55.877084 7fccbf3d2700 10 -- 10.1.0.3:6789/0 >> 10.1.0.130:6789/0 pipe(0x241ac20 sd=22 :48619 s=2 pgs=3736 cs=1 l=0).writer: state = open policy.server=0
2013-04-25 18:37:55.877098 7fccbf3d2700 20 -- 10.1.0.3:6789/0 >> 10.1.0.130:6789/0 pipe(0x241ac20 sd=22 :48619 s=2 pgs=3736 cs=1 l=0).writer encoding 30 0x7fca2d0df320 mon_sync( chunk_reply ) v1
2013-04-25 18:37:55.877172 7fccbf3d2700 20 -- 10.1.0.3:6789/0 >> 10.1.0.130:6789/0 pipe(0x241ac20 sd=22 :48619 s=2 pgs=3736 cs=1 l=0).writer signed seq # 30): sig = 7587103233108578292
2013-04-25 18:37:55.877191 7fccbf3d2700 20 -- 10.1.0.3:6789/0 >> 10.1.0.130:6789/0 pipe(0x241ac20 sd=22 :48619 s=2 pgs=3736 cs=1 l=0).writer sending 30 0x7fca2d0df320
2013-04-25 18:37:55.877239 7fccbf3d2700 10 -- 10.1.0.3:6789/0 >> 10.1.0.130:6789/0 pipe(0x241ac20 sd=22 :48619 s=2 pgs=3736 cs=1 l=0).writer: state = open policy.server=0
2013-04-25 18:37:55.877250 7fccbf3d2700 20 -- 10.1.0.3:6789/0 >> 10.1.0.130:6789/0 pipe(0x241ac20 sd=22 :48619 s=2 pgs=3736 cs=1 l=0).writer sleeping
2013-04-25 18:37:55.889237 7fccbf2d1700 20 -- 10.1.0.3:6789/0 >> 10.1.0.130:6789/0 pipe(0x241ac20 sd=22 :48619 s=2 pgs=3736 cs=1 l=0).reader got ACK
2013-04-25 18:37:55.889287 7fccbf2d1700 15 -- 10.1.0.3:6789/0 >> 10.1.0.130:6789/0 pipe(0x241ac20 sd=22 :48619 s=2 pgs=3736 cs=1 l=0).reader got ack seq 30
2013-04-25 18:37:55.889298 7fccbf2d1700 10 -- 10.1.0.3:6789/0 >> 10.1.0.130:6789/0 pipe(0x241ac20 sd=22 :48619 s=2 pgs=3736 cs=1 l=0).reader got ack seq 30 >= 30 on 0x7fca2d0df320 mon_sync( chunk_reply ) v1
2013-04-25 18:37:55.889311 7fccbf2d1700 20 -- 10.1.0.3:6789/0 >> 10.1.0.130:6789/0 pipe(0x241ac20 sd=22 :48619 s=2 pgs=3736 cs=1 l=0).reader reading tag...
2013-04-25 18:37:55.889317 7fccbf2d1700 20 -- 10.1.0.3:6789/0 >> 10.1.0.130:6789/0 pipe(0x241ac20 sd=22 :48619 s=2 pgs=3736 cs=1 l=0).reader got MSG
2013-04-25 18:37:55.889325 7fccbf2d1700 20 -- 10.1.0.3:6789/0 >> 10.1.0.130:6789/0 pipe(0x241ac20 sd=22 :48619 s=2 pgs=3736 cs=1 l=0).reader got envelope type=69 src mon.2 front=345027 data=0 off 0
2013-04-25 18:37:55.889333 7fccbf2d1700 10 -- 10.1.0.3:6789/0 >> 10.1.0.130:6789/0 pipe(0x241ac20 sd=22 :48619 s=2 pgs=3736 cs=1 l=0).reader wants 345027 from dispatch throttler 11014338/104857600
2013-04-25 18:37:55.892271 7fccbf2d1700 20 -- 10.1.0.3:6789/0 >> 10.1.0.130:6789/0 pipe(0x241ac20 sd=22 :48619 s=2 pgs=3736 cs=1 l=0).reader got front 345027
2013-04-25 18:37:55.892291 7fccbf2d1700 10 -- 10.1.0.3:6789/0 >> 10.1.0.130:6789/0 pipe(0x241ac20 sd=22 :48619 s=2 pgs=3736 cs=1 l=0).aborted = 0
2013-04-25 18:37:55.892299 7fccbf2d1700 20 -- 10.1.0.3:6789/0 >> 10.1.0.130:6789/0 pipe(0x241ac20 sd=22 :48619 s=2 pgs=3736 cs=1 l=0).reader got 345027 + 0 + 0 byte message
2013-04-25 18:37:55.892629 7fccbf2d1700 10 -- 10.1.0.3:6789/0 >> 10.1.0.130:6789/0 pipe(0x241ac20 sd=22 :48619 s=2 pgs=3736 cs=1 l=0).reader got message 1192798015 0x7fca34071c70 mon_sync( chunk bl 344842 bytes last_key ( paxos,785719 ) ) v1
2013-04-25 18:37:55.892642 7fccbf2d1700 20 -- 10.1.0.3:6789/0 queue 0x7fca34071c70 prio 196
2013-04-25 18:37:55.892654 7fccbf2d1700 20 -- 10.1.0.3:6789/0 >> 10.1.0.130:6789/0 pipe(0x241ac20 sd=22 :48619 s=2 pgs=3736 cs=1 l=0).reader reading tag...
2013-04-25 18:37:55.892679 7fccbf3d2700 10 -- 10.1.0.3:6789/0 >> 10.1.0.130:6789/0 pipe(0x241ac20 sd=22 :48619 s=2 pgs=3736 cs=1 l=0).writer: state = open policy.server=0
2013-04-25 18:37:55.892700 7fccbf3d2700 10 -- 10.1.0.3:6789/0 >> 10.1.0.130:6789/0 pipe(0x241ac20 sd=22 :48619 s=2 pgs=3736 cs=1 l=0).write_ack 1192798015
2013-04-25 18:37:55.892726 7fccbf3d2700 10 -- 10.1.0.3:6789/0 >> 10.1.0.130:6789/0 pipe(0x241ac20 sd=22 :48619 s=2 pgs=3736 cs=1 l=0).writer: state = open policy.server=0
2013-04-25 18:37:55.892738 7fccbf3d2700 20 -- 10.1.0.3:6789/0 >> 10.1.0.130:6789/0 pipe(0x241ac20 sd=22 :48619 s=2 pgs=3736 cs=1 l=0).writer sleeping
2013-04-25 18:37:55.963430 7fccc04d5700 10 -- 10.1.0.3:6789/0 dispatch_throttle_release 11014338 to dispatch throttler 11359365/104857600
2013-04-25 18:37:55.963478 7fccc04d5700 20 -- 10.1.0.3:6789/0 done calling dispatch on 0x7fca340b3b70
2013-04-25 18:37:55.964247 7fccc04d5700 1 -- 10.1.0.3:6789/0 <== mon.2 10.1.0.130:6789/0 1192798015 ==== mon_sync( chunk bl 344842 bytes last_key ( paxos,785719 ) ) v1 ==== 345027+0+0 (3599457543 0 0) 0x7fca34071c70 con 0x241ae80
2013-04-25 18:37:55.964266 7fccc04d5700 20 mon.a@0(synchronizing sync( requester state chunks )) e1 have connection
2013-04-25 18:37:55.964275 7fccc04d5700 20 mon.a@0(synchronizing sync( requester state chunks )) e1 ms_dispatch existing session MonSession: mon.2 10.1.0.130:6789/0 is openallow * for mon.2 10.1.0.130:6789/0
2013-04-25 18:37:55.964283 7fccc04d5700 20 mon.a@0(synchronizing sync( requester state chunks )) e1 caps allow *
2013-04-25 18:37:55.964286 7fccc04d5700 10 mon.a@0(synchronizing sync( requester state chunks )) e1 handle_sync mon_sync( chunk bl 344842 bytes last_key ( paxos,785719 ) ) v1
2013-04-25 18:37:55.964289 7fccc04d5700 10 mon.a@0(synchronizing sync( requester state chunks )) e1 handle_sync_chunk mon_sync( chunk bl 344842 bytes last_key ( paxos,785719 ) ) v1
2013-04-25 18:37:55.964375 7fccc04d5700 1 -- 10.1.0.3:6789/0 --> mon.2 10.1.0.130:6789/0 -- mon_sync( chunk_reply ) v1 -- ?+0 0x7fca2d0dfdd0
2013-04-25 18:37:55.964383 7fccc04d5700 20 -- 10.1.0.3:6789/0 submit_message mon_sync( chunk_reply ) v1 remote, 10.1.0.130:6789/0, have pipe.
2013-04-25 18:37:55.964406 7fccbf3d2700 10 -- 10.1.0.3:6789/0 >> 10.1.0.130:6789/0 pipe(0x241ac20 sd=22 :48619 s=2 pgs=3736 cs=1 l=0).writer: state = open policy.server=0
2013-04-25 18:37:55.964429 7fccbf3d2700 20 -- 10.1.0.3:6789/0 >> 10.1.0.130:6789/0 pipe(0x241ac20 sd=22 :48619 s=2 pgs=3736 cs=1 l=0).writer encoding 31 0x7fca2d0dfdd0 mon_sync( chunk_reply ) v1
2013-04-25 18:37:55.964525 7fccbf3d2700 20 -- 10.1.0.3:6789/0 >> 10.1.0.130:6789/0 pipe(0x241ac20 sd=22 :48619 s=2 pgs=3736 cs=1 l=0).writer signed seq # 31): sig = 14315003383455782544
2013-04-25 18:37:55.964540 7fccbf3d2700 20 -- 10.1.0.3:6789/0 >> 10.1.0.130:6789/0 pipe(0x241ac20 sd=22 :48619 s=2 pgs=3736 cs=1 l=0).writer sending 31 0x7fca2d0dfdd0
2013-04-25 18:37:55.964591 7fccbf3d2700 10 -- 10.1.0.3:6789/0 >> 10.1.0.130:6789/0 pipe(0x241ac20 sd=22 :48619 s=2 pgs=3736 cs=1 l=0).writer: state = open policy.server=0
2013-04-25 18:37:55.964603 7fccbf3d2700 20 -- 10.1.0.3:6789/0 >> 10.1.0.130:6789/0 pipe(0x241ac20 sd=22 :48619 s=2 pgs=3736 cs=1 l=0).writer sleeping
2013-04-25 18:37:55.975121 7fccc04d5700 10 -- 10.1.0.3:6789/0 dispatch_throttle_release 345027 to dispatch throttler 345027/104857600
2013-04-25 18:37:55.975136 7fccc04d5700 20 -- 10.1.0.3:6789/0 done calling dispatch on 0x7fca34071c70
2013-04-25 18:37:55.979837 7fccbf2d1700 20 -- 10.1.0.3:6789/0 >> 10.1.0.130:6789/0 pipe(0x241ac20 sd=22 :48619 s=2 pgs=3736 cs=1 l=0).reader got ACK
2013-04-25 18:37:55.979914 7fccbf2d1700 15 -- 10.1.0.3:6789/0 >> 10.1.0.130:6789/0 pipe(0x241ac20 sd=22 :48619 s=2 pgs=3736 cs=1 l=0).reader got ack seq 31
2013-04-25 18:37:55.979923 7fccbf2d1700 10 -- 10.1.0.3:6789/0 >> 10.1.0.130:6789/0 pipe(0x241ac20 sd=22 :48619 s=2 pgs=3736 cs=1 l=0).reader got ack seq 31 >= 31 on 0x7fca2d0dfdd0 mon_sync( chunk_reply ) v1
2013-04-25 18:37:55.979935 7fccbf2d1700 20 -- 10.1.0.3:6789/0 >> 10.1.0.130:6789/0 pipe(0x241ac20 sd=22 :48619 s=2 pgs=3736 cs=1 l=0).reader reading tag...
2013-04-25 18:37:55.979942 7fccbf2d1700 20 -- 10.1.0.3:6789/0 >> 10.1.0.130:6789/0 pipe(0x241ac20 sd=22 :48619 s=2 pgs=3736 cs=1 l=0).reader got MSG
2013-04-25 18:37:55.979948 7fccbf2d1700 20 -- 10.1.0.3:6789/0 >> 10.1.0.130:6789/0 pipe(0x241ac20 sd=22 :48619 s=2 pgs=3736 cs=1 l=0).reader got envelope type=69 src mon.2 front=11014326 data=0 off 0
2013-04-25 18:37:55.979954 7fccbf2d1700 10 -- 10.1.0.3:6789/0 >> 10.1.0.130:6789/0 pipe(0x241ac20 sd=22 :48619 s=2 pgs=3736 cs=1 l=0).reader wants 11014326 from dispatch throttler 0/104857600
2013-04-25 18:37:56.073479 7fccbf2d1700 20 -- 10.1.0.3:6789/0 >> 10.1.0.130:6789/0 pipe(0x241ac20 sd=22 :48619 s=2 pgs=3736 cs=1 l=0).reader got front 11014326
2013-04-25 18:37:56.073528 7fccbf2d1700 10 -- 10.1.0.3:6789/0 >> 10.1.0.130:6789/0 pipe(0x241ac20 sd=22 :48619 s=2 pgs=3736 cs=1 l=0).aborted = 0
2013-04-25 18:37:56.073534 7fccbf2d1700 20 -- 10.1.0.3:6789/0 >> 10.1.0.130:6789/0 pipe(0x241ac20 sd=22 :48619 s=2 pgs=3736 cs=1 l=0).reader got 11014326 + 0 + 0 byte message
2013-04-25 18:37:56.081271 7fccbf2d1700 10 -- 10.1.0.3:6789/0 >> 10.1.0.130:6789/0 pipe(0x241ac20 sd=22 :48619 s=2 pgs=3736 cs=1 l=0).reader got message 1192798016 0x7fca34072bd0 mon_sync( chunk bl 11014141 bytes last_key ( paxos,785720 ) ) v1
2013-04-25 18:37:56.081300 7fccbf2d1700 20 -- 10.1.0.3:6789/0 queue 0x7fca34072bd0 prio 196
2013-04-25 18:37:56.081311 7fccbf2d1700 20 -- 10.1.0.3:6789/0 >> 10.1.0.130:6789/0 pipe(0x241ac20 sd=22 :48619 s=2 pgs=3736 cs=1 l=0).reader reading tag...
2013-04-25 18:37:56.081337 7fccbf3d2700 10 -- 10.1.0.3:6789/0 >> 10.1.0.130:6789/0 pipe(0x241ac20 sd=22 :48619 s=2 pgs=3736 cs=1 l=0).writer: state = open policy.server=0
2013-04-25 18:37:56.081362 7fccbf3d2700 10 -- 10.1.0.3:6789/0 >> 10.1.0.130:6789/0 pipe(0x241ac20 sd=22 :48619 s=2 pgs=3736 cs=1 l=0).write_ack 1192798016
2013-04-25 18:37:56.081383 7fccbf3d2700 10 -- 10.1.0.3:6789/0 >> 10.1.0.130:6789/0 pipe(0x241ac20 sd=22 :48619 s=2 pgs=3736 cs=1 l=0).writer: state = open policy.server=0
2013-04-25 18:37:56.081395 7fccbf3d2700 20 -- 10.1.0.3:6789/0 >> 10.1.0.130:6789/0 pipe(0x241ac20 sd=22 :48619 s=2 pgs=3736 cs=1 l=0).writer sleeping
2013-04-25 18:37:56.081388 7fccc04d5700 1 -- 10.1.0.3:6789/0 <== mon.2 10.1.0.130:6789/0 1192798016 ==== mon_sync( chunk bl 11014141 bytes last_key ( paxos,785720 ) ) v1 ==== 11014326+0+0 (3464416974 0 0) 0x7fca34072bd0 con 0x241ae80
2013-04-25 18:37:56.081408 7fccc04d5700 20 mon.a@0(synchronizing sync( requester state chunks )) e1 have connection
2013-04-25 18:37:56.081417 7fccc04d5700 20 mon.a@0(synchronizing sync( requester state chunks )) e1 ms_dispatch existing session MonSession: mon.2 10.1.0.130:6789/0 is openallow * for mon.2 10.1.0.130:6789/0
2013-04-25 18:37:56.081428 7fccc04d5700 20 mon.a@0(synchronizing sync( requester state chunks )) e1 caps allow *
2013-04-25 18:37:56.081433 7fccc04d5700 10 mon.a@0(synchronizing sync( requester state chunks )) e1 handle_sync mon_sync( chunk bl 11014141 bytes last_key ( paxos,785720 ) ) v1
2013-04-25 18:37:56.081438 7fccc04d5700 10 mon.a@0(synchronizing sync( requester state chunks )) e1 handle_sync_chunk mon_sync( chunk bl 11014141 bytes last_key ( paxos,785720 ) ) v1
2013-04-25 18:37:56.081454 7fccc04d5700 1 -- 10.1.0.3:6789/0 --> mon.2 10.1.0.130:6789/0 -- mon_sync( chunk_reply ) v1 -- ?+0 0x7fca2c2ec730
2013-04-25 18:37:56.081463 7fccc04d5700 20 -- 10.1.0.3:6789/0 submit_message mon_sync( chunk_reply ) v1 remote, 10.1.0.130:6789/0, have pipe.
