2013-04-25 18:37:55.496922 7fccbf2d1700 20 -- 10.1.0.3:6789/0 >> 10.1.0.130:6789/0 pipe(0x241ac20 sd=22 :48619 s=2 pgs=3736 cs=1 l=0).reader reading tag...
2013-04-25 18:37:55.496944 7fccbf3d2700 10 -- 10.1.0.3:6789/0 >> 10.1.0.130:6789/0 pipe(0x241ac20 sd=22 :48619 s=2 pgs=3736 cs=1 l=0).writer: state = open policy.server=0
2013-04-25 18:37:55.496948 7fccc04d5700 1 -- 10.1.0.3:6789/0 <== mon.2 10.1.0.130:6789/0 1192797998 ==== mon_sync( chunk bl 1037050 bytes last_key ( osdmap,full_1108 ) ) v1 ==== 1037239+0+0 (570329346 0 0) 0x7fca3400d920 con 0x241ae80
2013-04-25 18:37:55.496963 7fccbf3d2700 10 -- 10.1.0.3:6789/0 >> 10.1.0.130:6789/0 pipe(0x241ac20 sd=22 :48619 s=2 pgs=3736 cs=1 l=0).write_ack 1192797998
2013-04-25 18:37:55.496965 7fccc04d5700 20 mon.a@0(synchronizing sync( requester state chunks )) e1 have connection
2013-04-25 18:37:55.496974 7fccc04d5700 20 mon.a@0(synchronizing sync( requester state chunks )) e1 ms_dispatch existing session MonSession: mon.2 10.1.0.130:6789/0 is openallow * for mon.2 10.1.0.130:6789/0
2013-04-25 18:37:55.496982 7fccbf3d2700 10 -- 10.1.0.3:6789/0 >> 10.1.0.130:6789/0 pipe(0x241ac20 sd=22 :48619 s=2 pgs=3736 cs=1 l=0).writer: state = open policy.server=0
2013-04-25 18:37:55.496990 7fccc04d5700 20 mon.a@0(synchronizing sync( requester state chunks )) e1 caps allow *
2013-04-25 18:37:55.496991 7fccbf3d2700 20 -- 10.1.0.3:6789/0 >> 10.1.0.130:6789/0 pipe(0x241ac20 sd=22 :48619 s=2 pgs=3736 cs=1 l=0).writer sleeping
2013-04-25 18:37:55.496996 7fccc04d5700 10 mon.a@0(synchronizing sync( requester state chunks )) e1 handle_sync mon_sync( chunk bl 1037050 bytes last_key ( osdmap,full_1108 ) ) v1
2013-04-25 18:37:55.497002 7fccc04d5700 10 mon.a@0(synchronizing sync( requester state chunks )) e1 handle_sync_chunk mon_sync( chunk bl 1037050 bytes last_key ( osdmap,full_1108 ) ) v1
2013-04-25 18:37:55.497040 7fccc04d5700 1 -- 10.1.0.3:6789/0 --> mon.2 10.1.0.130:6789/0 -- mon_sync( chunk_reply ) v1 -- ?+0 0x7fca2caa6f90
2013-04-25 18:37:55.497049 7fccc04d5700 20 -- 10.1.0.3:6789/0 submit_message mon_sync( chunk_reply ) v1 remote, 10.1.0.130:6789/0, have pipe.
2013-04-25 18:37:55.497064 7fccbf3d2700 10 -- 10.1.0.3:6789/0 >> 10.1.0.130:6789/0 pipe(0x241ac20 sd=22 :48619 s=2 pgs=3736 cs=1 l=0).writer: state = open policy.server=0
2013-04-25 18:37:55.497080 7fccbf3d2700 20 -- 10.1.0.3:6789/0 >> 10.1.0.130:6789/0 pipe(0x241ac20 sd=22 :48619 s=2 pgs=3736 cs=1 l=0).writer encoding 14 0x7fca2caa6f90 mon_sync( chunk_reply ) v1
2013-04-25 18:37:55.497126 7fccbf3d2700 20 -- 10.1.0.3:6789/0 >> 10.1.0.130:6789/0 pipe(0x241ac20 sd=22 :48619 s=2 pgs=3736 cs=1 l=0).writer signed seq # 14): sig = 11390228712199208102
2013-04-25 18:37:55.497147 7fccbf3d2700 20 -- 10.1.0.3:6789/0 >> 10.1.0.130:6789/0 pipe(0x241ac20 sd=22 :48619 s=2 pgs=3736 cs=1 l=0).writer sending 14 0x7fca2caa6f90
2013-04-25 18:37:55.497185 7fccbf3d2700 10 -- 10.1.0.3:6789/0 >> 10.1.0.130:6789/0 pipe(0x241ac20 sd=22 :48619 s=2 pgs=3736 cs=1 l=0).writer: state = open policy.server=0
2013-04-25 18:37:55.497199 7fccbf3d2700 20 -- 10.1.0.3:6789/0 >> 10.1.0.130:6789/0 pipe(0x241ac20 sd=22 :48619 s=2 pgs=3736 cs=1 l=0).writer sleeping
2013-04-25 18:37:55.500785 7fccbf2d1700 20 -- 10.1.0.3:6789/0 >> 10.1.0.130:6789/0 pipe(0x241ac20 sd=22 :48619 s=2 pgs=3736 cs=1 l=0).reader got ACK
2013-04-25 18:37:55.500810 7fccbf2d1700 15 -- 10.1.0.3:6789/0 >> 10.1.0.130:6789/0 pipe(0x241ac20 sd=22 :48619 s=2 pgs=3736 cs=1 l=0).reader got ack seq 14
2013-04-25 18:37:55.500820 7fccbf2d1700 10 -- 10.1.0.3:6789/0 >> 10.1.0.130:6789/0 pipe(0x241ac20 sd=22 :48619 s=2 pgs=3736 cs=1 l=0).reader got ack seq 14 >= 14 on 0x7fca2caa6f90 mon_sync( chunk_reply ) v1
2013-04-25 18:37:55.500830 7fccbf2d1700 20 -- 10.1.0.3:6789/0 >> 10.1.0.130:6789/0 pipe(0x241ac20 sd=22 :48619 s=2 pgs=3736 cs=1 l=0).reader reading tag...
2013-04-25 18:37:55.500837 7fccbf2d1700 20 -- 10.1.0.3:6789/0 >> 10.1.0.130:6789/0 pipe(0x241ac20 sd=22 :48619 s=2 pgs=3736 cs=1 l=0).reader got MSG
2013-04-25 18:37:55.500844 7fccbf2d1700 20 -- 10.1.0.3:6789/0 >> 10.1.0.130:6789/0 pipe(0x241ac20 sd=22 :48619 s=2 pgs=3736 cs=1 l=0).reader got envelope type=69 src mon.2 front=1037239 data=0 off 0
2013-04-25 18:37:55.500850 7fccbf2d1700 10 -- 10.1.0.3:6789/0 >> 10.1.0.130:6789/0 pipe(0x241ac20 sd=22 :48619 s=2 pgs=3736 cs=1 l=0).reader wants 1037239 from dispatch throttler 1037239/104857600
2013-04-25 18:37:55.509495 7fccbf2d1700 20 -- 10.1.0.3:6789/0 >> 10.1.0.130:6789/0 pipe(0x241ac20 sd=22 :48619 s=2 pgs=3736 cs=1 l=0).reader got front 1037239
2013-04-25 18:37:55.509538 7fccbf2d1700 10 -- 10.1.0.3:6789/0 >> 10.1.0.130:6789/0 pipe(0x241ac20 sd=22 :48619 s=2 pgs=3736 cs=1 l=0).aborted = 0
2013-04-25 18:37:55.509548 7fccbf2d1700 20 -- 10.1.0.3:6789/0 >> 10.1.0.130:6789/0 pipe(0x241ac20 sd=22 :48619 s=2 pgs=3736 cs=1 l=0).reader got 1037239 + 0 + 0 byte message
2013-04-25 18:37:55.509785 7fccc04d5700 10 -- 10.1.0.3:6789/0 dispatch_throttle_release 1037239 to dispatch throttler 2074478/104857600
2013-04-25 18:37:55.509803 7fccc04d5700 20 -- 10.1.0.3:6789/0 done calling dispatch on 0x7fca3400d920
2013-04-25 18:37:55.510355 7fccbf2d1700 10 -- 10.1.0.3:6789/0 >> 10.1.0.130:6789/0 pipe(0x241ac20 sd=22 :48619 s=2 pgs=3736 cs=1 l=0).reader got message 1192797999 0x7fca3400d920 mon_sync( chunk bl 1037050 bytes last_key ( osdmap,full_1137 ) ) v1
2013-04-25 18:37:55.510372 7fccbf2d1700 20 -- 10.1.0.3:6789/0 queue 0x7fca3400d920 prio 196
2013-04-25 18:37:55.510385 7fccbf2d1700 20 -- 10.1.0.3:6789/0 >> 10.1.0.130:6789/0 pipe(0x241ac20 sd=22 :48619 s=2 pgs=3736 cs=1 l=0).reader reading tag...
2013-04-25 18:37:55.510401 7fccbf3d2700 10 -- 10.1.0.3:6789/0 >> 10.1.0.130:6789/0 pipe(0x241ac20 sd=22 :48619 s=2 pgs=3736 cs=1 l=0).writer: state = open policy.server=0
2013-04-25 18:37:55.510405 7fccc04d5700 1 -- 10.1.0.3:6789/0 <== mon.2 10.1.0.130:6789/0 1192797999 ==== mon_sync( chunk bl 1037050 bytes last_key ( osdmap,full_1137 ) ) v1 ==== 1037239+0+0 (457154565 0 0) 0x7fca3400d920 con 0x241ae80
2013-04-25 18:37:55.510423 7fccc04d5700 20 mon.a@0(synchronizing sync( requester state chunks )) e1 have connection
2013-04-25 18:37:55.510420 7fccbf3d2700 10 -- 10.1.0.3:6789/0 >> 10.1.0.130:6789/0 pipe(0x241ac20 sd=22 :48619 s=2 pgs=3736 cs=1 l=0).write_ack 1192797999
2013-04-25 18:37:55.510432 7fccc04d5700 20 mon.a@0(synchronizing sync( requester state chunks )) e1 ms_dispatch existing session MonSession: mon.2 10.1.0.130:6789/0 is openallow * for mon.2 10.1.0.130:6789/0
2013-04-25 18:37:55.510441 7fccbf3d2700 10 -- 10.1.0.3:6789/0 >> 10.1.0.130:6789/0 pipe(0x241ac20 sd=22 :48619 s=2 pgs=3736 cs=1 l=0).writer: state = open policy.server=0
2013-04-25 18:37:55.510447 7fccc04d5700 20 mon.a@0(synchronizing sync( requester state chunks )) e1 caps allow *
2013-04-25 18:37:55.510450 7fccbf3d2700 20 -- 10.1.0.3:6789/0 >> 10.1.0.130:6789/0 pipe(0x241ac20 sd=22 :48619 s=2 pgs=3736 cs=1 l=0).writer sleeping
2013-04-25 18:37:55.510453 7fccc04d5700 10 mon.a@0(synchronizing sync( requester state chunks )) e1 handle_sync mon_sync( chunk bl 1037050 bytes last_key ( osdmap,full_1137 ) ) v1
2013-04-25 18:37:55.510459 7fccc04d5700 10 mon.a@0(synchronizing sync( requester state chunks )) e1 handle_sync_chunk mon_sync( chunk bl 1037050 bytes last_key ( osdmap,full_1137 ) ) v1
2013-04-25 18:37:55.510499 7fccc04d5700 1 -- 10.1.0.3:6789/0 --> mon.2 10.1.0.130:6789/0 -- mon_sync( chunk_reply ) v1 -- ?+0 0x7fca2c1d9cd0
2013-04-25 18:37:55.510509 7fccc04d5700 20 -- 10.1.0.3:6789/0 submit_message mon_sync( chunk_reply ) v1 remote, 10.1.0.130:6789/0, have pipe.
2013-04-25 18:37:55.510524 7fccbf3d2700 10 -- 10.1.0.3:6789/0 >> 10.1.0.130:6789/0 pipe(0x241ac20 sd=22 :48619 s=2 pgs=3736 cs=1 l=0).writer: state = open policy.server=0
2013-04-25 18:37:55.510539 7fccbf3d2700 20 -- 10.1.0.3:6789/0 >> 10.1.0.130:6789/0 pipe(0x241ac20 sd=22 :48619 s=2 pgs=3736 cs=1 l=0).writer encoding 15 0x7fca2c1d9cd0 mon_sync( chunk_reply ) v1
2013-04-25 18:37:55.510591 7fccbf3d2700 20 -- 10.1.0.3:6789/0 >> 10.1.0.130:6789/0 pipe(0x241ac20 sd=22 :48619 s=2 pgs=3736 cs=1 l=0).writer signed seq # 15): sig = 2834729274282869546
2013-04-25 18:37:55.510613 7fccbf3d2700 20 -- 10.1.0.3:6789/0 >> 10.1.0.130:6789/0 pipe(0x241ac20 sd=22 :48619 s=2 pgs=3736 cs=1 l=0).writer sending 15 0x7fca2c1d9cd0
2013-04-25 18:37:55.510651 7fccbf3d2700 10 -- 10.1.0.3:6789/0 >> 10.1.0.130:6789/0 pipe(0x241ac20 sd=22 :48619 s=2 pgs=3736 cs=1 l=0).writer: state = open policy.server=0
2013-04-25 18:37:55.510664 7fccbf3d2700 20 -- 10.1.0.3:6789/0 >> 10.1.0.130:6789/0 pipe(0x241ac20 sd=22 :48619 s=2 pgs=3736 cs=1 l=0).writer sleeping
2013-04-25 18:37:55.513552 7fccbf2d1700 20 -- 10.1.0.3:6789/0 >> 10.1.0.130:6789/0 pipe(0x241ac20 sd=22 :48619 s=2 pgs=3736 cs=1 l=0).reader got ACK
2013-04-25 18:37:55.513582 7fccbf2d1700 15 -- 10.1.0.3:6789/0 >> 10.1.0.130:6789/0 pipe(0x241ac20 sd=22 :48619 s=2 pgs=3736 cs=1 l=0).reader got ack seq 15
2013-04-25 18:37:55.513588 7fccbf2d1700 10 -- 10.1.0.3:6789/0 >> 10.1.0.130:6789/0 pipe(0x241ac20 sd=22 :48619 s=2 pgs=3736 cs=1 l=0).reader got ack seq 15 >= 15 on 0x7fca2c1d9cd0 mon_sync( chunk_reply ) v1
2013-04-25 18:37:55.513602 7fccbf2d1700 20 -- 10.1.0.3:6789/0 >> 10.1.0.130:6789/0 pipe(0x241ac20 sd=22 :48619 s=2 pgs=3736 cs=1 l=0).reader reading tag...
2013-04-25 18:37:55.513608 7fccbf2d1700 20 -- 10.1.0.3:6789/0 >> 10.1.0.130:6789/0 pipe(0x241ac20 sd=22 :48619 s=2 pgs=3736 cs=1 l=0).reader got MSG
2013-04-25 18:37:55.513615 7fccbf2d1700 20 -- 10.1.0.3:6789/0 >> 10.1.0.130:6789/0 pipe(0x241ac20 sd=22 :48619 s=2 pgs=3736 cs=1 l=0).reader got envelope type=69 src mon.2 front=1038647 data=0 off 0
2013-04-25 18:37:55.513627 7fccbf2d1700 10 -- 10.1.0.3:6789/0 >> 10.1.0.130:6789/0 pipe(0x241ac20 sd=22 :48619 s=2 pgs=3736 cs=1 l=0).reader wants 1038647 from dispatch throttler 1037239/104857600
2013-04-25 18:37:55.521069 7fccc04d5700 10 -- 10.1.0.3:6789/0 dispatch_throttle_release 1037239 to dispatch throttler 2075886/104857600
2013-04-25 18:37:55.521100 7fccc04d5700 20 -- 10.1.0.3:6789/0 done calling dispatch on 0x7fca3400d920
2013-04-25 18:37:55.522303 7fccbf2d1700 20 -- 10.1.0.3:6789/0 >> 10.1.0.130:6789/0 pipe(0x241ac20 sd=22 :48619 s=2 pgs=3736 cs=1 l=0).reader got front 1038647
2013-04-25 18:37:55.522323 7fccbf2d1700 10 -- 10.1.0.3:6789/0 >> 10.1.0.130:6789/0 pipe(0x241ac20 sd=22 :48619 s=2 pgs=3736 cs=1 l=0).aborted = 0
2013-04-25 18:37:55.522328 7fccbf2d1700 20 -- 10.1.0.3:6789/0 >> 10.1.0.130:6789/0 pipe(0x241ac20 sd=22 :48619 s=2 pgs=3736 cs=1 l=0).reader got 1038647 + 0 + 0 byte message
2013-04-25 18:37:55.523117 7fccbf2d1700 10 -- 10.1.0.3:6789/0 >> 10.1.0.130:6789/0 pipe(0x241ac20 sd=22 :48619 s=2 pgs=3736 cs=1 l=0).reader got message 1192798000 0x7fca3400fa70 mon_sync( chunk bl 1038458 bytes last_key ( osdmap,full_1166 ) ) v1
2013-04-25 18:37:55.523130 7fccbf2d1700 20 -- 10.1.0.3:6789/0 queue 0x7fca3400fa70 prio 196
2013-04-25 18:37:55.523146 7fccbf2d1700 20 -- 10.1.0.3:6789/0 >> 10.1.0.130:6789/0 pipe(0x241ac20 sd=22 :48619 s=2 pgs=3736 cs=1 l=0).reader reading tag...
2013-04-25 18:37:55.523147 7fccbf3d2700 10 -- 10.1.0.3:6789/0 >> 10.1.0.130:6789/0 pipe(0x241ac20 sd=22 :48619 s=2 pgs=3736 cs=1 l=0).writer: state = open policy.server=0
2013-04-25 18:37:55.523156 7fccc04d5700 1 -- 10.1.0.3:6789/0 <== mon.2 10.1.0.130:6789/0 1192798000 ==== mon_sync( chunk bl 1038458 bytes last_key ( osdmap,full_1166 ) ) v1 ==== 1038647+0+0 (3277312127 0 0) 0x7fca3400fa70 con 0x241ae80
2013-04-25 18:37:55.523164 7fccbf3d2700 10 -- 10.1.0.3:6789/0 >> 10.1.0.130:6789/0 pipe(0x241ac20 sd=22 :48619 s=2 pgs=3736 cs=1 l=0).write_ack 1192798000
2013-04-25 18:37:55.523174 7fccc04d5700 20 mon.a@0(synchronizing sync( requester state chunks )) e1 have connection
2013-04-25 18:37:55.523182 7fccbf3d2700 10 -- 10.1.0.3:6789/0 >> 10.1.0.130:6789/0 pipe(0x241ac20 sd=22 :48619 s=2 pgs=3736 cs=1 l=0).writer: state = open policy.server=0
2013-04-25 18:37:55.523184 7fccc04d5700 20 mon.a@0(synchronizing sync( requester state chunks )) e1 ms_dispatch existing session MonSession: mon.2 10.1.0.130:6789/0 is openallow * for mon.2 10.1.0.130:6789/0
2013-04-25 18:37:55.523193 7fccbf3d2700 20 -- 10.1.0.3:6789/0 >> 10.1.0.130:6789/0 pipe(0x241ac20 sd=22 :48619 s=2 pgs=3736 cs=1 l=0).writer sleeping
2013-04-25 18:37:55.523199 7fccc04d5700 20 mon.a@0(synchronizing sync( requester state chunks )) e1 caps allow *
2013-04-25 18:37:55.523205 7fccc04d5700 10 mon.a@0(synchronizing sync( requester state chunks )) e1 handle_sync mon_sync( chunk bl 1038458 bytes last_key ( osdmap,full_1166 ) ) v1
2013-04-25 18:37:55.523212 7fccc04d5700 10 mon.a@0(synchronizing sync( requester state chunks )) e1 handle_sync_chunk mon_sync( chunk bl 1038458 bytes last_key ( osdmap,full_1166 ) ) v1
2013-04-25 18:37:55.523248 7fccc04d5700 1 -- 10.1.0.3:6789/0 --> mon.2 10.1.0.130:6789/0 -- mon_sync( chunk_reply ) v1 -- ?+0 0x7fca2c2f0030
2013-04-25 18:37:55.523257 7fccc04d5700 20 -- 10.1.0.3:6789/0 submit_message mon_sync( chunk_reply ) v1 remote, 10.1.0.130:6789/0, have pipe.
2013-04-25 18:37:55.523272 7fccbf3d2700 10 -- 10.1.0.3:6789/0 >> 10.1.0.130:6789/0 pipe(0x241ac20 sd=22 :48619 s=2 pgs=3736 cs=1 l=0).writer: state = open policy.server=0
2013-04-25 18:37:55.523288 7fccbf3d2700 20 -- 10.1.0.3:6789/0 >> 10.1.0.130:6789/0 pipe(0x241ac20 sd=22 :48619 s=2 pgs=3736 cs=1 l=0).writer encoding 16 0x7fca2c2f0030 mon_sync( chunk_reply ) v1
2013-04-25 18:37:55.523334 7fccbf3d2700 20 -- 10.1.0.3:6789/0 >> 10.1.0.130:6789/0 pipe(0x241ac20 sd=22 :48619 s=2 pgs=3736 cs=1 l=0).writer signed seq # 16): sig = 339650802408764611
2013-04-25 18:37:55.523356 7fccbf3d2700 20 -- 10.1.0.3:6789/0 >> 10.1.0.130:6789/0 pipe(0x241ac20 sd=22 :48619 s=2 pgs=3736 cs=1 l=0).writer sending 16 0x7fca2c2f0030
2013-04-25 18:37:55.523385 7fccbf3d2700 10 -- 10.1.0.3:6789/0 >> 10.1.0.130:6789/0 pipe(0x241ac20 sd=22 :48619 s=2 pgs=3736 cs=1 l=0).writer: state = open policy.server=0
2013-04-25 18:37:55.523400 7fccbf3d2700 20 -- 10.1.0.3:6789/0 >> 10.1.0.130:6789/0 pipe(0x241ac20 sd=22 :48619 s=2 pgs=3736 cs=1 l=0).writer sleeping
2013-04-25 18:37:55.526131 7fccbf2d1700 20 -- 10.1.0.3:6789/0 >> 10.1.0.130:6789/0 pipe(0x241ac20 sd=22 :48619 s=2 pgs=3736 cs=1 l=0).reader got ACK
2013-04-25 18:37:55.526158 7fccbf2d1700 15 -- 10.1.0.3:6789/0 >> 10.1.0.130:6789/0 pipe(0x241ac20 sd=22 :48619 s=2 pgs=3736 cs=1 l=0).reader got ack seq 16
2013-04-25 18:37:55.526163 7fccbf2d1700 10 -- 10.1.0.3:6789/0 >> 10.1.0.130:6789/0 pipe(0x241ac20 sd=22 :48619 s=2 pgs=3736 cs=1 l=0).reader got ack seq 16 >= 16 on 0x7fca2c2f0030 mon_sync( chunk_reply ) v1
2013-04-25 18:37:55.526172 7fccbf2d1700 20 -- 10.1.0.3:6789/0 >> 10.1.0.130:6789/0 pipe(0x241ac20 sd=22 :48619 s=2 pgs=3736 cs=1 l=0).reader reading tag...
2013-04-25 18:37:55.526178 7fccbf2d1700 20 -- 10.1.0.3:6789/0 >> 10.1.0.130:6789/0 pipe(0x241ac20 sd=22 :48619 s=2 pgs=3736 cs=1 l=0).reader got MSG
2013-04-25 18:37:55.526185 7fccbf2d1700 20 -- 10.1.0.3:6789/0 >> 10.1.0.130:6789/0 pipe(0x241ac20 sd=22 :48619 s=2 pgs=3736 cs=1 l=0).reader got envelope type=69 src mon.2 front=1039095 data=0 off 0
2013-04-25 18:37:55.526191 7fccbf2d1700 10 -- 10.1.0.3:6789/0 >> 10.1.0.130:6789/0 pipe(0x241ac20 sd=22 :48619 s=2 pgs=3736 cs=1 l=0).reader wants 1039095 from dispatch throttler 1038647/104857600
2013-04-25 18:37:55.534935 7fccbf2d1700 20 -- 10.1.0.3:6789/0 >> 10.1.0.130:6789/0 pipe(0x241ac20 sd=22 :48619 s=2 pgs=3736 cs=1 l=0).reader got front 1039095
2013-04-25 18:37:55.534975 7fccbf2d1700 10 -- 10.1.0.3:6789/0 >> 10.1.0.130:6789/0 pipe(0x241ac20 sd=22 :48619 s=2 pgs=3736 cs=1 l=0).aborted = 0
2013-04-25 18:37:55.534988 7fccbf2d1700 20 -- 10.1.0.3:6789/0 >> 10.1.0.130:6789/0 pipe(0x241ac20 sd=22 :48619 s=2 pgs=3736 cs=1 l=0).reader got 1039095 + 0 + 0 byte message
2013-04-25 18:37:55.535818 7fccbf2d1700 10 -- 10.1.0.3:6789/0 >> 10.1.0.130:6789/0 pipe(0x241ac20 sd=22 :48619 s=2 pgs=3736 cs=1 l=0).reader got message 1192798001 0x7fca34010eb0 mon_sync( chunk bl 1038906 bytes last_key ( osdmap,full_1195 ) ) v1
2013-04-25 18:37:55.535837 7fccbf2d1700 20 -- 10.1.0.3:6789/0 queue 0x7fca34010eb0 prio 196
2013-04-25 18:37:55.535855 7fccbf2d1700 20 -- 10.1.0.3:6789/0 >> 10.1.0.130:6789/0 pipe(0x241ac20 sd=22 :48619 s=2 pgs=3736 cs=1 l=0).reader reading tag...
2013-04-25 18:37:55.535857 7fccbf3d2700 10 -- 10.1.0.3:6789/0 >> 10.1.0.130:6789/0 pipe(0x241ac20 sd=22 :48619 s=2 pgs=3736 cs=1 l=0).writer: state = open policy.server=0
2013-04-25 18:37:55.535873 7fccbf3d2700 10 -- 10.1.0.3:6789/0 >> 10.1.0.130:6789/0 pipe(0x241ac20 sd=22 :48619 s=2 pgs=3736 cs=1 l=0).write_ack 1192798001
2013-04-25 18:37:55.535887 7fccbf3d2700 10 -- 10.1.0.3:6789/0 >> 10.1.0.130:6789/0 pipe(0x241ac20 sd=22 :48619 s=2 pgs=3736 cs=1 l=0).writer: state = open policy.server=0
2013-04-25 18:37:55.535895 7fccbf3d2700 20 -- 10.1.0.3:6789/0 >> 10.1.0.130:6789/0 pipe(0x241ac20 sd=22 :48619 s=2 pgs=3736 cs=1 l=0).writer sleeping
2013-04-25 18:37:55.535916 7fccc04d5700 10 -- 10.1.0.3:6789/0 dispatch_throttle_release 1038647 to dispatch throttler 2077742/104857600
2013-04-25 18:37:55.535930 7fccc04d5700 20 -- 10.1.0.3:6789/0 done calling dispatch on 0x7fca3400fa70
2013-04-25 18:37:55.536095 7fccc04d5700 1 -- 10.1.0.3:6789/0 <== mon.2 10.1.0.130:6789/0 1192798001 ==== mon_sync( chunk bl 1038906 bytes last_key ( osdmap,full_1195 ) ) v1 ==== 1039095+0+0 (754964379 0 0) 0x7fca34010eb0 con 0x241ae80
2013-04-25 18:37:55.536110 7fccc04d5700 20 mon.a@0(synchronizing sync( requester state chunks )) e1 have connection
2013-04-25 18:37:55.536116 7fccc04d5700 20 mon.a@0(synchronizing sync( requester state chunks )) e1 ms_dispatch existing session MonSession: mon.2 10.1.0.130:6789/0 is openallow * for mon.2 10.1.0.130:6789/0
2013-04-25 18:37:55.536128 7fccc04d5700 20 mon.a@0(synchronizing sync( requester state chunks )) e1 caps allow *
2013-04-25 18:37:55.536131 7fccc04d5700 10 mon.a@0(synchronizing sync( requester state chunks )) e1 handle_sync mon_sync( chunk bl 1038906 bytes last_key ( osdmap,full_1195 ) ) v1
2013-04-25 18:37:55.536135 7fccc04d5700 10 mon.a@0(synchronizing sync( requester state chunks )) e1 handle_sync_chunk mon_sync( chunk bl 1038906 bytes last_key ( osdmap,full_1195 ) ) v1
2013-04-25 18:37:55.536168 7fccc04d5700 1 -- 10.1.0.3:6789/0 --> mon.2 10.1.0.130:6789/0 -- mon_sync( chunk_reply ) v1 -- ?+0 0x7fca2c2f08c0
2013-04-25 18:37:55.536175 7fccc04d5700 20 -- 10.1.0.3:6789/0 submit_message mon_sync( chunk_reply ) v1 remote, 10.1.0.130:6789/0, have pipe.
2013-04-25 18:37:55.536227 7fccbf3d2700 10 -- 10.1.0.3:6789/0 >> 10.1.0.130:6789/0 pipe(0x241ac20 sd=22 :48619 s=2 pgs=3736 cs=1 l=0).writer: state = open policy.server=0
2013-04-25 18:37:55.536243 7fccbf3d2700 20 -- 10.1.0.3:6789/0 >> 10.1.0.130:6789/0 pipe(0x241ac20 sd=22 :48619 s=2 pgs=3736 cs=1 l=0).writer encoding 17 0x7fca2c2f08c0 mon_sync( chunk_reply ) v1
2013-04-25 18:37:55.536285 7fccbf3d2700 20 -- 10.1.0.3:6789/0 >> 10.1.0.130:6789/0 pipe(0x241ac20 sd=22 :48619 s=2 pgs=3736 cs=1 l=0).writer signed seq # 17): sig = 2330945313903472738
2013-04-25 18:37:55.536298 7fccbf3d2700 20 -- 10.1.0.3:6789/0 >> 10.1.0.130:6789/0 pipe(0x241ac20 sd=22 :48619 s=2 pgs=3736 cs=1 l=0).writer sending 17 0x7fca2c2f08c0
2013-04-25 18:37:55.536322 7fccbf3d2700 10 -- 10.1.0.3:6789/0 >> 10.1.0.130:6789/0 pipe(0x241ac20 sd=22 :48619 s=2 pgs=3736 cs=1 l=0).writer: state = open policy.server=0
2013-04-25 18:37:55.536330 7fccbf3d2700 20 -- 10.1.0.3:6789/0 >> 10.1.0.130:6789/0 pipe(0x241ac20 sd=22 :48619 s=2 pgs=3736 cs=1 l=0).writer sleeping
2013-04-25 18:37:55.539945 7fccbf2d1700 20 -- 10.1.0.3:6789/0 >> 10.1.0.130:6789/0 pipe(0x241ac20 sd=22 :48619 s=2 pgs=3736 cs=1 l=0).reader got ACK
2013-04-25 18:37:55.539976 7fccbf2d1700 15 -- 10.1.0.3:6789/0 >> 10.1.0.130:6789/0 pipe(0x241ac20 sd=22 :48619 s=2 pgs=3736 cs=1 l=0).reader got ack seq 17
2013-04-25 18:37:55.539984 7fccbf2d1700 10 -- 10.1.0.3:6789/0 >> 10.1.0.130:6789/0 pipe(0x241ac20 sd=22 :48619 s=2 pgs=3736 cs=1 l=0).reader got ack seq 17 >= 17 on 0x7fca2c2f08c0 mon_sync( chunk_reply ) v1
2013-04-25 18:37:55.540000 7fccbf2d1700 20 -- 10.1.0.3:6789/0 >> 10.1.0.130:6789/0 pipe(0x241ac20 sd=22 :48619 s=2 pgs=3736 cs=1 l=0).reader reading tag...
2013-04-25 18:37:55.540009 7fccbf2d1700 20 -- 10.1.0.3:6789/0 >> 10.1.0.130:6789/0 pipe(0x241ac20 sd=22 :48619 s=2 pgs=3736 cs=1 l=0).reader got MSG
2013-04-25 18:37:55.540018 7fccbf2d1700 20 -- 10.1.0.3:6789/0 >> 10.1.0.130:6789/0 pipe(0x241ac20 sd=22 :48619 s=2 pgs=3736 cs=1 l=0).reader got envelope type=69 src mon.2 front=1037794 data=0 off 0
2013-04-25 18:37:55.540027 7fccbf2d1700 10 -- 10.1.0.3:6789/0 >> 10.1.0.130:6789/0 pipe(0x241ac20 sd=22 :48619 s=2 pgs=3736 cs=1 l=0).reader wants 1037794 from dispatch throttler 1039095/104857600
2013-04-25 18:37:55.546705 7fccc04d5700 10 -- 10.1.0.3:6789/0 dispatch_throttle_release 1039095 to dispatch throttler 2076889/104857600
2013-04-25 18:37:55.546741 7fccc04d5700 20 -- 10.1.0.3:6789/0 done calling dispatch on 0x7fca34010eb0
2013-04-25 18:37:55.548748 7fccbf2d1700 20 -- 10.1.0.3:6789/0 >> 10.1.0.130:6789/0 pipe(0x241ac20 sd=22 :48619 s=2 pgs=3736 cs=1 l=0).reader got front 1037794
2013-04-25 18:37:55.548773 7fccbf2d1700 10 -- 10.1.0.3:6789/0 >> 10.1.0.130:6789/0 pipe(0x241ac20 sd=22 :48619 s=2 pgs=3736 cs=1 l=0).aborted = 0
2013-04-25 18:37:55.548783 7fccbf2d1700 20 -- 10.1.0.3:6789/0 >> 10.1.0.130:6789/0 pipe(0x241ac20 sd=22 :48619 s=2 pgs=3736 cs=1 l=0).reader got 1037794 + 0 + 0 byte message
2013-04-25 18:37:55.549584 7fccbf2d1700 10 -- 10.1.0.3:6789/0 >> 10.1.0.130:6789/0 pipe(0x241ac20 sd=22 :48619 s=2 pgs=3736 cs=1 l=0).reader got message 1192798002 0x7fca34011e60 mon_sync( chunk bl 1037606 bytes last_key ( osdmap,full_693 ) ) v1
2013-04-25 18:37:55.549600 7fccbf2d1700 20 -- 10.1.0.3:6789/0 queue 0x7fca34011e60 prio 196
2013-04-25 18:37:55.549615 7fccbf2d1700 20 -- 10.1.0.3:6789/0 >> 10.1.0.130:6789/0 pipe(0x241ac20 sd=22 :48619 s=2 pgs=3736 cs=1 l=0).reader reading tag...
2013-04-25 18:37:55.549635 7fccbf3d2700 10 -- 10.1.0.3:6789/0 >> 10.1.0.130:6789/0 pipe(0x241ac20 sd=22 :48619 s=2 pgs=3736 cs=1 l=0).writer: state = open policy.server=0
2013-04-25 18:37:55.549652 7fccbf3d2700 10 -- 10.1.0.3:6789/0 >> 10.1.0.130:6789/0 pipe(0x241ac20 sd=22 :48619 s=2 pgs=3736 cs=1 l=0).write_ack 1192798002
2013-04-25 18:37:55.549666 7fccbf3d2700 10 -- 10.1.0.3:6789/0 >> 10.1.0.130:6789/0 pipe(0x241ac20 sd=22 :48619 s=2 pgs=3736 cs=1 l=0).writer: state = open policy.server=0
2013-04-25 18:37:55.549656 7fccc04d5700 1 -- 10.1.0.3:6789/0 <== mon.2 10.1.0.130:6789/0 1192798002 ==== mon_sync( chunk bl 1037606 bytes last_key ( osdmap,full_693 ) ) v1 ==== 1037794+0+0 (876201757 0 0) 0x7fca34011e60 con 0x241ae80
2013-04-25 18:37:55.549675 7fccbf3d2700 20 -- 10.1.0.3:6789/0 >> 10.1.0.130:6789/0 pipe(0x241ac20 sd=22 :48619 s=2 pgs=3736 cs=1 l=0).writer sleeping
2013-04-25 18:37:55.549680 7fccc04d5700 20 mon.a@0(synchronizing sync( requester state chunks )) e1 have connection
2013-04-25 18:37:55.549691 7fccc04d5700 20 mon.a@0(synchronizing sync( requester state chunks )) e1 ms_dispatch existing session MonSession: mon.2 10.1.0.130:6789/0 is openallow * for mon.2 10.1.0.130:6789/0
2013-04-25 18:37:55.549709 7fccc04d5700 20 mon.a@0(synchronizing sync( requester state chunks )) e1 caps allow *
2013-04-25 18:37:55.549715 7fccc04d5700 10 mon.a@0(synchronizing sync( requester state chunks )) e1 handle_sync mon_sync( chunk bl 1037606 bytes last_key ( osdmap,full_693 ) ) v1
2013-04-25 18:37:55.549722 7fccc04d5700 10 mon.a@0(synchronizing sync( requester state chunks )) e1 handle_sync_chunk mon_sync( chunk bl 1037606 bytes last_key ( osdmap,full_693 ) ) v1
2013-04-25 18:37:55.549781 7fccc04d5700 1 -- 10.1.0.3:6789/0 --> mon.2 10.1.0.130:6789/0 -- mon_sync( chunk_reply ) v1 -- ?+0 0x7fca2c79b3a0
2013-04-25 18:37:55.549793 7fccc04d5700 20 -- 10.1.0.3:6789/0 submit_message mon_sync( chunk_reply ) v1 remote, 10.1.0.130:6789/0, have pipe.
2013-04-25 18:37:55.549848 7fccbf3d2700 10 -- 10.1.0.3:6789/0 >> 10.1.0.130:6789/0 pipe(0x241ac20 sd=22 :48619 s=2 pgs=3736 cs=1 l=0).writer: state = open policy.server=0
2013-04-25 18:37:55.549869 7fccbf3d2700 20 -- 10.1.0.3:6789/0 >> 10.1.0.130:6789/0 pipe(0x241ac20 sd=22 :48619 s=2 pgs=3736 cs=1 l=0).writer encoding 18 0x7fca2c79b3a0 mon_sync( chunk_reply ) v1
2013-04-25 18:37:55.549904 7fccbf3d2700 20 -- 10.1.0.3:6789/0 >> 10.1.0.130:6789/0 pipe(0x241ac20 sd=22 :48619 s=2 pgs=3736 cs=1 l=0).writer signed seq # 18): sig = 13739428951462607701
2013-04-25 18:37:55.549917 7fccbf3d2700 20 -- 10.1.0.3:6789/0 >> 10.1.0.130:6789/0 pipe(0x241ac20 sd=22 :48619 s=2 pgs=3736 cs=1 l=0).writer sending 18 0x7fca2c79b3a0
2013-04-25 18:37:55.549940 7fccbf3d2700 10 -- 10.1.0.3:6789/0 >> 10.1.0.130:6789/0 pipe(0x241ac20 sd=22 :48619 s=2 pgs=3736 cs=1 l=0).writer: state = open policy.server=0
2013-04-25 18:37:55.549946 7fccbf3d2700 20 -- 10.1.0.3:6789/0 >> 10.1.0.130:6789/0 pipe(0x241ac20 sd=22 :48619 s=2 pgs=3736 cs=1 l=0).writer sleeping
2013-04-25 18:37:55.553171 7fccbf2d1700 20 -- 10.1.0.3:6789/0 >> 10.1.0.130:6789/0 pipe(0x241ac20 sd=22 :48619 s=2 pgs=3736 cs=1 l=0).reader got ACK
2013-04-25 18:37:55.553209 7fccbf2d1700 15 -- 10.1.0.3:6789/0 >> 10.1.0.130:6789/0 pipe(0x241ac20 sd=22 :48619 s=2 pgs=3736 cs=1 l=0).reader got ack seq 18
2013-04-25 18:37:55.553221 7fccbf2d1700 10 -- 10.1.0.3:6789/0 >> 10.1.0.130:6789/0 pipe(0x241ac20 sd=22 :48619 s=2 pgs=3736 cs=1 l=0).reader got ack seq 18 >= 18 on 0x7fca2c79b3a0 mon_sync( chunk_reply ) v1
2013-04-25 18:37:55.553235 7fccbf2d1700 20 -- 10.1.0.3:6789/0 >> 10.1.0.130:6789/0 pipe(0x241ac20 sd=22 :48619 s=2 pgs=3736 cs=1 l=0).reader reading tag...
2013-04-25 18:37:55.553245 7fccbf2d1700 20 -- 10.1.0.3:6789/0 >> 10.1.0.130:6789/0 pipe(0x241ac20 sd=22 :48619 s=2 pgs=3736 cs=1 l=0).reader got MSG
2013-04-25 18:37:55.553256 7fccbf2d1700 20 -- 10.1.0.3:6789/0 >> 10.1.0.130:6789/0 pipe(0x241ac20 sd=22 :48619 s=2 pgs=3736 cs=1 l=0).reader got envelope type=69 src mon.2 front=1037209 data=0 off 0
2013-04-25 18:37:55.553267 7fccbf2d1700 10 -- 10.1.0.3:6789/0 >> 10.1.0.130:6789/0 pipe(0x241ac20 sd=22 :48619 s=2 pgs=3736 cs=1 l=0).reader wants 1037209 from dispatch throttler 1037794/104857600
2013-04-25 18:37:55.561956 7fccbf2d1700 20 -- 10.1.0.3:6789/0 >> 10.1.0.130:6789/0 pipe(0x241ac20 sd=22 :48619 s=2 pgs=3736 cs=1 l=0).reader got front 1037209
2013-04-25 18:37:55.561992 7fccbf2d1700 10 -- 10.1.0.3:6789/0 >> 10.1.0.130:6789/0 pipe(0x241ac20 sd=22 :48619 s=2 pgs=3736 cs=1 l=0).aborted = 0
2013-04-25 18:37:55.562000 7fccbf2d1700 20 -- 10.1.0.3:6789/0 >> 10.1.0.130:6789/0 pipe(0x241ac20 sd=22 :48619 s=2 pgs=3736 cs=1 l=0).reader got 1037209 + 0 + 0 byte message
2013-04-25 18:37:55.562786 7fccbf2d1700 10 -- 10.1.0.3:6789/0 >> 10.1.0.130:6789/0 pipe(0x241ac20 sd=22 :48619 s=2 pgs=3736 cs=1 l=0).reader got message 1192798003 0x7fca341fed30 mon_sync( chunk bl 1037021 bytes last_key ( osdmap,full_722 ) ) v1
2013-04-25 18:37:55.562802 7fccbf2d1700 20 -- 10.1.0.3:6789/0 queue 0x7fca341fed30 prio 196
2013-04-25 18:37:55.562814 7fccbf2d1700 20 -- 10.1.0.3:6789/0 >> 10.1.0.130:6789/0 pipe(0x241ac20 sd=22 :48619 s=2 pgs=3736 cs=1 l=0).reader reading tag...
2013-04-25 18:37:55.562837 7fccbf3d2700 10 -- 10.1.0.3:6789/0 >> 10.1.0.130:6789/0 pipe(0x241ac20 sd=22 :48619 s=2 pgs=3736 cs=1 l=0).writer: state = open policy.server=0
2013-04-25 18:37:55.562853 7fccbf3d2700 10 -- 10.1.0.3:6789/0 >> 10.1.0.130:6789/0 pipe(0x241ac20 sd=22 :48619 s=2 pgs=3736 cs=1 l=0).write_ack 1192798003
2013-04-25 18:37:55.562868 7fccbf3d2700 10 -- 10.1.0.3:6789/0 >> 10.1.0.130:6789/0 pipe(0x241ac20 sd=22 :48619 s=2 pgs=3736 cs=1 l=0).writer: state = open policy.server=0
2013-04-25 18:37:55.562876 7fccbf3d2700 20 -- 10.1.0.3:6789/0 >> 10.1.0.130:6789/0 pipe(0x241ac20 sd=22 :48619 s=2 pgs=3736 cs=1 l=0).writer sleeping
2013-04-25 18:37:55.564221 7fccc04d5700 10 -- 10.1.0.3:6789/0 dispatch_throttle_release 1037794 to dispatch throttler 2075003/104857600
2013-04-25 18:37:55.564247 7fccc04d5700 20 -- 10.1.0.3:6789/0 done calling dispatch on 0x7fca34011e60
2013-04-25 18:37:55.564396 7fccc04d5700 1 -- 10.1.0.3:6789/0 <== mon.2 10.1.0.130:6789/0 1192798003 ==== mon_sync( chunk bl 1037021 bytes last_key ( osdmap,full_722 ) ) v1 ==== 1037209+0+0 (3728255758 0 0) 0x7fca341fed30 con 0x241ae80
2013-04-25 18:37:55.564418 7fccc04d5700 20 mon.a@0(synchronizing sync( requester state chunks )) e1 have connection
2013-04-25 18:37:55.564427 7fccc04d5700 20 mon.a@0(synchronizing sync( requester state chunks )) e1 ms_dispatch existing session MonSession: mon.2 10.1.0.130:6789/0 is openallow * for mon.2 10.1.0.130:6789/0
2013-04-25 18:37:55.564441 7fccc04d5700 20 mon.a@0(synchronizing sync( requester state chunks )) e1 caps allow *
2013-04-25 18:37:55.564446 7fccc04d5700 10 mon.a@0(synchronizing sync( requester state chunks )) e1 handle_sync mon_sync( chunk bl 1037021 bytes last_key ( osdmap,full_722 ) ) v1
2013-04-25 18:37:55.564451 7fccc04d5700 10 mon.a@0(synchronizing sync( requester state chunks )) e1 handle_sync_chunk mon_sync( chunk bl 1037021 bytes last_key ( osdmap,full_722 ) ) v1
2013-04-25 18:37:55.564500 7fccc04d5700 1 -- 10.1.0.3:6789/0 --> mon.2 10.1.0.130:6789/0 -- mon_sync( chunk_reply ) v1 -- ?+0 0x7fca2c83a5d0
2013-04-25 18:37:55.564520 7fccc04d5700 20 -- 10.1.0.3:6789/0 submit_message mon_sync( chunk_reply ) v1 remote, 10.1.0.130:6789/0, have pipe.
2013-04-25 18:37:55.564591 7fccbf3d2700 10 -- 10.1.0.3:6789/0 >> 10.1.0.130:6789/0 pipe(0x241ac20 sd=22 :48619 s=2 pgs=3736 cs=1 l=0).writer: state = open policy.server=0
2013-04-25 18:37:55.564611 7fccbf3d2700 20 -- 10.1.0.3:6789/0 >> 10.1.0.130:6789/0 pipe(0x241ac20 sd=22 :48619 s=2 pgs=3736 cs=1 l=0).writer encoding 19 0x7fca2c83a5d0 mon_sync( chunk_reply ) v1
2013-04-25 18:37:55.564664 7fccbf3d2700 20 -- 10.1.0.3:6789/0 >> 10.1.0.130:6789/0 pipe(0x241ac20 sd=22 :48619 s=2 pgs=3736 cs=1 l=0).writer signed seq # 19): sig = 5207791601088025747
2013-04-25 18:37:55.564676 7fccbf3d2700 20 -- 10.1.0.3:6789/0 >> 10.1.0.130:6789/0 pipe(0x241ac20 sd=22 :48619 s=2 pgs=3736 cs=1 l=0).writer sending 19 0x7fca2c83a5d0
2013-04-25 18:37:55.564709 7fccbf3d2700 10 -- 10.1.0.3:6789/0 >> 10.1.0.130:6789/0 pipe(0x241ac20 sd=22 :48619 s=2 pgs=3736 cs=1 l=0).writer: state = open policy.server=0
2013-04-25 18:37:55.564720 7fccbf3d2700 20 -- 10.1.0.3:6789/0 >> 10.1.0.130:6789/0 pipe(0x241ac20 sd=22 :48619 s=2 pgs=3736 cs=1 l=0).writer sleeping
2013-04-25 18:37:55.568052 7fccbf2d1700 20 -- 10.1.0.3:6789/0 >> 10.1.0.130:6789/0 pipe(0x241ac20 sd=22 :48619 s=2 pgs=3736 cs=1 l=0).reader got ACK
2013-04-25 18:37:55.568082 7fccbf2d1700 15 -- 10.1.0.3:6789/0 >> 10.1.0.130:6789/0 pipe(0x241ac20 sd=22 :48619 s=2 pgs=3736 cs=1 l=0).reader got ack seq 19
2013-04-25 18:37:55.568088 7fccbf2d1700 10 -- 10.1.0.3:6789/0 >> 10.1.0.130:6789/0 pipe(0x241ac20 sd=22 :48619 s=2 pgs=3736 cs=1 l=0).reader got ack seq 19 >= 19 on 0x7fca2c83a5d0 mon_sync( chunk_reply ) v1
2013-04-25 18:37:55.568103 7fccbf2d1700 20 -- 10.1.0.3:6789/0 >> 10.1.0.130:6789/0 pipe(0x241ac20 sd=22 :48619 s=2 pgs=3736 cs=1 l=0).reader reading tag...
2013-04-25 18:37:55.568109 7fccbf2d1700 20 -- 10.1.0.3:6789/0 >> 10.1.0.130:6789/0 pipe(0x241ac20 sd=22 :48619 s=2 pgs=3736 cs=1 l=0).reader got MSG
2013-04-25 18:37:55.568116 7fccbf2d1700 20 -- 10.1.0.3:6789/0 >> 10.1.0.130:6789/0 pipe(0x241ac20 sd=22 :48619 s=2 pgs=3736 cs=1 l=0).reader got envelope type=69 src mon.2 front=1037209 data=0 off 0
2013-04-25 18:37:55.568123 7fccbf2d1700 10 -- 10.1.0.3:6789/0 >> 10.1.0.130:6789/0 pipe(0x241ac20 sd=22 :48619 s=2 pgs=3736 cs=1 l=0).reader wants 1037209 from dispatch throttler 1037209/104857600
2013-04-25 18:37:55.575690 7fccc04d5700 10 -- 10.1.0.3:6789/0 dispatch_throttle_release 1037209 to dispatch throttler 2074418/104857600
2013-04-25 18:37:55.575721 7fccc04d5700 20 -- 10.1.0.3:6789/0 done calling dispatch on 0x7fca341fed30
2013-04-25 18:37:55.576848 7fccbf2d1700 20 -- 10.1.0.3:6789/0 >> 10.1.0.130:6789/0 pipe(0x241ac20 sd=22 :48619 s=2 pgs=3736 cs=1 l=0).reader got front 1037209
2013-04-25 18:37:55.576870 7fccbf2d1700 10 -- 10.1.0.3:6789/0 >> 10.1.0.130:6789/0 pipe(0x241ac20 sd=22 :48619 s=2 pgs=3736 cs=1 l=0).aborted = 0
2013-04-25 18:37:55.576879 7fccbf2d1700 20 -- 10.1.0.3:6789/0 >> 10.1.0.130:6789/0 pipe(0x241ac20 sd=22 :48619 s=2 pgs=3736 cs=1 l=0).reader got 1037209 + 0 + 0 byte message
2013-04-25 18:37:55.577675 7fccbf2d1700 10 -- 10.1.0.3:6789/0 >> 10.1.0.130:6789/0 pipe(0x241ac20 sd=22 :48619 s=2 pgs=3736 cs=1 l=0).reader got message 1192798004 0x7fca34013ac0 mon_sync( chunk bl 1037021 bytes last_key ( osdmap,full_751 ) ) v1
2013-04-25 18:37:55.577689 7fccbf2d1700 20 -- 10.1.0.3:6789/0 queue 0x7fca34013ac0 prio 196
2013-04-25 18:37:55.577703 7fccbf2d1700 20 -- 10.1.0.3:6789/0 >> 10.1.0.130:6789/0 pipe(0x241ac20 sd=22 :48619 s=2 pgs=3736 cs=1 l=0).reader reading tag...
2013-04-25 18:37:55.577715 7fccc04d5700 1 -- 10.1.0.3:6789/0 <== mon.2 10.1.0.130:6789/0 1192798004 ==== mon_sync( chunk bl 1037021 bytes last_key ( osdmap,full_751 ) ) v1 ==== 1037209+0+0 (1482425405 0 0) 0x7fca34013ac0 con 0x241ae80
2013-04-25 18:37:55.577728 7fccbf3d2700 10 -- 10.1.0.3:6789/0 >> 10.1.0.130:6789/0 pipe(0x241ac20 sd=22 :48619 s=2 pgs=3736 cs=1 l=0).writer: state = open policy.server=0
2013-04-25 18:37:55.577737 7fccc04d5700 20 mon.a@0(synchronizing sync( requester state chunks )) e1 have connection
2013-04-25 18:37:55.577745 7fccbf3d2700 10 -- 10.1.0.3:6789/0 >> 10.1.0.130:6789/0 pipe(0x241ac20 sd=22 :48619 s=2 pgs=3736 cs=1 l=0).write_ack 1192798004
2013-04-25 18:37:55.577746 7fccc04d5700 20 mon.a@0(synchronizing sync( requester state chunks )) e1 ms_dispatch existing session MonSession: mon.2 10.1.0.130:6789/0 is openallow * for mon.2 10.1.0.130:6789/0
2013-04-25 18:37:55.577760 7fccc04d5700 20 mon.a@0(synchronizing sync( requester state chunks )) e1 caps allow *
2013-04-25 18:37:55.577759 7fccbf3d2700 10 -- 10.1.0.3:6789/0 >> 10.1.0.130:6789/0 pipe(0x241ac20 sd=22 :48619 s=2 pgs=3736 cs=1 l=0).writer: state = open policy.server=0
2013-04-25 18:37:55.577765 7fccc04d5700 10 mon.a@0(synchronizing sync( requester state chunks )) e1 handle_sync mon_sync( chunk bl 1037021 bytes last_key ( osdmap,full_751 ) ) v1
2013-04-25 18:37:55.577766 7fccbf3d2700 20 -- 10.1.0.3:6789/0 >> 10.1.0.130:6789/0 pipe(0x241ac20 sd=22 :48619 s=2 pgs=3736 cs=1 l=0).writer sleeping
2013-04-25 18:37:55.577770 7fccc04d5700 10 mon.a@0(synchronizing sync( requester state chunks )) e1 handle_sync_chunk mon_sync( chunk bl 1037021 bytes last_key ( osdmap,full_751 ) ) v1
2013-04-25 18:37:55.577817 7fccc04d5700 1 -- 10.1.0.3:6789/0 --> mon.2 10.1.0.130:6789/0 -- mon_sync( chunk_reply ) v1 -- ?+0 0x7fca2c83b0d0
2013-04-25 18:37:55.577831 7fccc04d5700 20 -- 10.1.0.3:6789/0 submit_message mon_sync( chunk_reply ) v1 remote, 10.1.0.130:6789/0, have pipe.
2013-04-25 18:37:55.577917 7fccbf3d2700 10 -- 10.1.0.3:6789/0 >> 10.1.0.130:6789/0 pipe(0x241ac20 sd=22 :48619 s=2 pgs=3736 cs=1 l=0).writer: state = open policy.server=0
2013-04-25 18:37:55.577936 7fccbf3d2700 20 -- 10.1.0.3:6789/0 >> 10.1.0.130:6789/0 pipe(0x241ac20 sd=22 :48619 s=2 pgs=3736 cs=1 l=0).writer encoding 20 0x7fca2c83b0d0 mon_sync( chunk_reply ) v1
2013-04-25 18:37:55.577976 7fccbf3d2700 20 -- 10.1.0.3:6789/0 >> 10.1.0.130:6789/0 pipe(0x241ac20 sd=22 :48619 s=2 pgs=3736 cs=1 l=0).writer signed seq # 20): sig = 13369622967797957966
2013-04-25 18:37:55.577987 7fccbf3d2700 20 -- 10.1.0.3:6789/0 >> 10.1.0.130:6789/0 pipe(0x241ac20 sd=22 :48619 s=2 pgs=3736 cs=1 l=0).writer sending 20 0x7fca2c83b0d0
2013-04-25 18:37:55.578009 7fccbf3d2700 10 -- 10.1.0.3:6789/0 >> 10.1.0.130:6789/0 pipe(0x241ac20 sd=22 :48619 s=2 pgs=3736 cs=1 l=0).writer: state = open policy.server=0
2013-04-25 18:37:55.578015 7fccbf3d2700 20 -- 10.1.0.3:6789/0 >> 10.1.0.130:6789/0 pipe(0x241ac20 sd=22 :48619 s=2 pgs=3736 cs=1 l=0).writer sleeping
2013-04-25 18:37:55.581146 7fccbf2d1700 20 -- 10.1.0.3:6789/0 >> 10.1.0.130:6789/0 pipe(0x241ac20 sd=22 :48619 s=2 pgs=3736 cs=1 l=0).reader got ACK
2013-04-25 18:37:55.581171 7fccbf2d1700 15 -- 10.1.0.3:6789/0 >> 10.1.0.130:6789/0 pipe(0x241ac20 sd=22 :48619 s=2 pgs=3736 cs=1 l=0).reader got ack seq 20
2013-04-25 18:37:55.581177 7fccbf2d1700 10 -- 10.1.0.3:6789/0 >> 10.1.0.130:6789/0 pipe(0x241ac20 sd=22 :48619 s=2 pgs=3736 cs=1 l=0).reader got ack seq 20 >= 20 on 0x7fca2c83b0d0 mon_sync( chunk_reply ) v1
2013-04-25 18:37:55.581185 7fccbf2d1700 20 -- 10.1.0.3:6789/0 >> 10.1.0.130:6789/0 pipe(0x241ac20 sd=22 :48619 s=2 pgs=3736 cs=1 l=0).reader reading tag...
2013-04-25 18:37:55.581194 7fccbf2d1700 20 -- 10.1.0.3:6789/0 >> 10.1.0.130:6789/0 pipe(0x241ac20 sd=22 :48619 s=2 pgs=3736 cs=1 l=0).reader got MSG
2013-04-25 18:37:55.581202 7fccbf2d1700 20 -- 10.1.0.3:6789/0 >> 10.1.0.130:6789/0 pipe(0x241ac20 sd=22 :48619 s=2 pgs=3736 cs=1 l=0).reader got envelope type=69 src mon.2 front=1037209 data=0 off 0
2013-04-25 18:37:55.581209 7fccbf2d1700 10 -- 10.1.0.3:6789/0 >> 10.1.0.130:6789/0 pipe(0x241ac20 sd=22 :48619 s=2 pgs=3736 cs=1 l=0).reader wants 1037209 from dispatch throttler 1037209/104857600
2013-04-25 18:37:55.589974 7fccbf2d1700 20 -- 10.1.0.3:6789/0 >> 10.1.0.130:6789/0 pipe(0x241ac20 sd=22 :48619 s=2 pgs=3736 cs=1 l=0).reader got front 1037209
2013-04-25 18:37:55.590008 7fccbf2d1700 10 -- 10.1.0.3:6789/0 >> 10.1.0.130:6789/0 pipe(0x241ac20 sd=22 :48619 s=2 pgs=3736 cs=1 l=0).aborted = 0
2013-04-25 18:37:55.590016 7fccbf2d1700 20 -- 10.1.0.3:6789/0 >> 10.1.0.130:6789/0 pipe(0x241ac20 sd=22 :48619 s=2 pgs=3736 cs=1 l=0).reader got 1037209 + 0 + 0 byte message
2013-04-25 18:37:55.590816 7fccbf2d1700 10 -- 10.1.0.3:6789/0 >> 10.1.0.130:6789/0 pipe(0x241ac20 sd=22 :48619 s=2 pgs=3736 cs=1 l=0).reader got message 1192798005 0x7fca34014ea0 mon_sync( chunk bl 1037021 bytes last_key ( osdmap,full_780 ) ) v1
2013-04-25 18:37:55.590834 7fccbf2d1700 20 -- 10.1.0.3:6789/0 queue 0x7fca34014ea0 prio 196
2013-04-25 18:37:55.590843 7fccbf2d1700 20 -- 10.1.0.3:6789/0 >> 10.1.0.130:6789/0 pipe(0x241ac20 sd=22 :48619 s=2 pgs=3736 cs=1 l=0).reader reading tag...
2013-04-25 18:37:55.590865 7fccbf3d2700 10 -- 10.1.0.3:6789/0 >> 10.1.0.130:6789/0 pipe(0x241ac20 sd=22 :48619 s=2 pgs=3736 cs=1 l=0).writer: state = open policy.server=0
2013-04-25 18:37:55.590882 7fccbf3d2700 10 -- 10.1.0.3:6789/0 >> 10.1.0.130:6789/0 pipe(0x241ac20 sd=22 :48619 s=2 pgs=3736 cs=1 l=0).write_ack 1192798005
2013-04-25 18:37:55.590899 7fccbf3d2700 10 -- 10.1.0.3:6789/0 >> 10.1.0.130:6789/0 pipe(0x241ac20 sd=22 :48619 s=2 pgs=3736 cs=1 l=0).writer: state = open policy.server=0
2013-04-25 18:37:55.590906 7fccbf3d2700 20 -- 10.1.0.3:6789/0 >> 10.1.0.130:6789/0 pipe(0x241ac20 sd=22 :48619 s=2 pgs=3736 cs=1 l=0).writer sleeping
2013-04-25 18:37:55.591164 7fccc04d5700 10 -- 10.1.0.3:6789/0 dispatch_throttle_release 1037209 to dispatch throttler 2074418/104857600
2013-04-25 18:37:55.591187 7fccc04d5700 20 -- 10.1.0.3:6789/0 done calling dispatch on 0x7fca34013ac0
2013-04-25 18:37:55.591312 7fccc04d5700 1 -- 10.1.0.3:6789/0 <== mon.2 10.1.0.130:6789/0 1192798005 ==== mon_sync( chunk bl 1037021 bytes last_key ( osdmap,full_780 ) ) v1 ==== 1037209+0+0 (4221058601 0 0) 0x7fca34014ea0 con 0x241ae80
2013-04-25 18:37:55.591335 7fccc04d5700 20 mon.a@0(synchronizing sync( requester state chunks )) e1 have connection
2013-04-25 18:37:55.591344 7fccc04d5700 20 mon.a@0(synchronizing sync( requester state chunks )) e1 ms_dispatch existing session MonSession: mon.2 10.1.0.130:6789/0 is openallow * for mon.2 10.1.0.130:6789/0
2013-04-25 18:37:55.591358 7fccc04d5700 20 mon.a@0(synchronizing sync( requester state chunks )) e1 caps allow *
2013-04-25 18:37:55.591367 7fccc04d5700 10 mon.a@0(synchronizing sync( requester state chunks )) e1 handle_sync mon_sync( chunk bl 1037021 bytes last_key ( osdmap,full_780 ) ) v1
2013-04-25 18:37:55.591373 7fccc04d5700 10 mon.a@0(synchronizing sync( requester state chunks )) e1 handle_sync_chunk mon_sync( chunk bl 1037021 bytes last_key ( osdmap,full_780 ) ) v1
2013-04-25 18:37:55.591419 7fccc04d5700 1 -- 10.1.0.3:6789/0 --> mon.2 10.1.0.130:6789/0 -- mon_sync( chunk_reply ) v1 -- ?+0 0x7fca2c524120
2013-04-25 18:37:55.591434 7fccc04d5700 20 -- 10.1.0.3:6789/0 submit_message mon_sync( chunk_reply ) v1 remote, 10.1.0.130:6789/0, have pipe.
2013-04-25 18:37:55.591504 7fccbf3d2700 10 -- 10.1.0.3:6789/0 >> 10.1.0.130:6789/0 pipe(0x241ac20 sd=22 :48619 s=2 pgs=3736 cs=1 l=0).writer: state = open policy.server=0
2013-04-25 18:37:55.591523 7fccbf3d2700 20 -- 10.1.0.3:6789/0 >> 10.1.0.130:6789/0 pipe(0x241ac20 sd=22 :48619 s=2 pgs=3736 cs=1 l=0).writer encoding 21 0x7fca2c524120 mon_sync( chunk_reply ) v1
2013-04-25 18:37:55.591564 7fccbf3d2700 20 -- 10.1.0.3:6789/0 >> 10.1.0.130:6789/0 pipe(0x241ac20 sd=22 :48619 s=2 pgs=3736 cs=1 l=0).writer signed seq # 21): sig = 16547433658134173270
2013-04-25 18:37:55.591576 7fccbf3d2700 20 -- 10.1.0.3:6789/0 >> 10.1.0.130:6789/0 pipe(0x241ac20 sd=22 :48619 s=2 pgs=3736 cs=1 l=0).writer sending 21 0x7fca2c524120
2013-04-25 18:37:55.591607 7fccbf3d2700 10 -- 10.1.0.3:6789/0 >> 10.1.0.130:6789/0 pipe(0x241ac20 sd=22 :48619 s=2 pgs=3736 cs=1 l=0).writer: state = open policy.server=0
2013-04-25 18:37:55.591616 7fccbf3d2700 20 -- 10.1.0.3:6789/0 >> 10.1.0.130:6789/0 pipe(0x241ac20 sd=22 :48619 s=2 pgs=3736 cs=1 l=0).writer sleeping
2013-04-25 18:37:55.594933 7fccbf2d1700 20 -- 10.1.0.3:6789/0 >> 10.1.0.130:6789/0 pipe(0x241ac20 sd=22 :48619 s=2 pgs=3736 cs=1 l=0).reader got ACK
2013-04-25 18:37:55.594963 7fccbf2d1700 15 -- 10.1.0.3:6789/0 >> 10.1.0.130:6789/0 pipe(0x241ac20 sd=22 :48619 s=2 pgs=3736 cs=1 l=0).reader got ack seq 21
2013-04-25 18:37:55.594970 7fccbf2d1700 10 -- 10.1.0.3:6789/0 >> 10.1.0.130:6789/0 pipe(0x241ac20 sd=22 :48619 s=2 pgs=3736 cs=1 l=0).reader got ack seq 21 >= 21 on 0x7fca2c524120 mon_sync( chunk_reply ) v1
2013-04-25 18:37:55.594986 7fccbf2d1700 20 -- 10.1.0.3:6789/0 >> 10.1.0.130:6789/0 pipe(0x241ac20 sd=22 :48619 s=2 pgs=3736 cs=1 l=0).reader reading tag...
2013-04-25 18:37:55.594994 7fccbf2d1700 20 -- 10.1.0.3:6789/0 >> 10.1.0.130:6789/0 pipe(0x241ac20 sd=22 :48619 s=2 pgs=3736 cs=1 l=0).reader got MSG
2013-04-25 18:37:55.595000 7fccbf2d1700 20 -- 10.1.0.3:6789/0 >> 10.1.0.130:6789/0 pipe(0x241ac20 sd=22 :48619 s=2 pgs=3736 cs=1 l=0).reader got envelope type=69 src mon.2 front=1037209 data=0 off 0
2013-04-25 18:37:55.595007 7fccbf2d1700 10 -- 10.1.0.3:6789/0 >> 10.1.0.130:6789/0 pipe(0x241ac20 sd=22 :48619 s=2 pgs=3736 cs=1 l=0).reader wants 1037209 from dispatch throttler 1037209/104857600
2013-04-25 18:37:55.602539 7fccc04d5700 10 -- 10.1.0.3:6789/0 dispatch_throttle_release 1037209 to dispatch throttler 2074418/104857600
2013-04-25 18:37:55.602572 7fccc04d5700 20 -- 10.1.0.3:6789/0 done calling dispatch on 0x7fca34014ea0
2013-04-25 18:37:55.603723 7fccbf2d1700 20 -- 10.1.0.3:6789/0 >> 10.1.0.130:6789/0 pipe(0x241ac20 sd=22 :48619 s=2 pgs=3736 cs=1 l=0).reader got front 1037209
2013-04-25 18:37:55.603749 7fccbf2d1700 10 -- 10.1.0.3:6789/0 >> 10.1.0.130:6789/0 pipe(0x241ac20 sd=22 :48619 s=2 pgs=3736 cs=1 l=0).aborted = 0
2013-04-25 18:37:55.603760 7fccbf2d1700 20 -- 10.1.0.3:6789/0 >> 10.1.0.130:6789/0 pipe(0x241ac20 sd=22 :48619 s=2 pgs=3736 cs=1 l=0).reader got 1037209 + 0 + 0 byte message
2013-04-25 18:37:55.604575 7fccbf2d1700 10 -- 10.1.0.3:6789/0 >> 10.1.0.130:6789/0 pipe(0x241ac20 sd=22 :48619 s=2 pgs=3736 cs=1 l=0).reader got message 1192798006 0x7fca34015d80 mon_sync( chunk bl 1037021 bytes last_key ( osdmap,full_809 ) ) v1
2013-04-25 18:37:55.604589 7fccbf2d1700 20 -- 10.1.0.3:6789/0 queue 0x7fca34015d80 prio 196
2013-04-25 18:37:55.604599 7fccbf2d1700 20 -- 10.1.0.3:6789/0 >> 10.1.0.130:6789/0 pipe(0x241ac20 sd=22 :48619 s=2 pgs=3736 cs=1 l=0).reader reading tag...
2013-04-25 18:37:55.604617 7fccc04d5700 1 -- 10.1.0.3:6789/0 <== mon.2 10.1.0.130:6789/0 1192798006 ==== mon_sync( chunk bl 1037021 bytes last_key ( osdmap,full_809 ) ) v1 ==== 1037209+0+0 (1753385100 0 0) 0x7fca34015d80 con 0x241ae80
2013-04-25 18:37:55.604637 7fccc04d5700 20 mon.a@0(synchronizing sync( requester state chunks )) e1 have connection
2013-04-25 18:37:55.604639 7fccbf3d2700 10 -- 10.1.0.3:6789/0 >> 10.1.0.130:6789/0 pipe(0x241ac20 sd=22 :48619 s=2 pgs=3736 cs=1 l=0).writer: state = open policy.server=0
2013-04-25 18:37:55.604646 7fccc04d5700 20 mon.a@0(synchronizing sync( requester state chunks )) e1 ms_dispatch existing session MonSession: mon.2 10.1.0.130:6789/0 is openallow * for mon.2 10.1.0.130:6789/0
2013-04-25 18:37:55.604656 7fccbf3d2700 10 -- 10.1.0.3:6789/0 >> 10.1.0.130:6789/0 pipe(0x241ac20 sd=22 :48619 s=2 pgs=3736 cs=1 l=0).write_ack 1192798006
2013-04-25 18:37:55.604659 7fccc04d5700 20 mon.a@0(synchronizing sync( requester state chunks )) e1 caps allow *
2013-04-25 18:37:55.604665 7fccc04d5700 10 mon.a@0(synchronizing sync( requester state chunks )) e1 handle_sync mon_sync( chunk bl 1037021 bytes last_key ( osdmap,full_809 ) ) v1
2013-04-25 18:37:55.604670 7fccc04d5700 10 mon.a@0(synchronizing sync( requester state chunks )) e1 handle_sync_chunk mon_sync( chunk bl 1037021 bytes last_key ( osdmap,full_809 ) ) v1
2013-04-25 18:37:55.604670 7fccbf3d2700 10 -- 10.1.0.3:6789/0 >> 10.1.0.130:6789/0 pipe(0x241ac20 sd=22 :48619 s=2 pgs=3736 cs=1 l=0).writer: state = open policy.server=0
2013-04-25 18:37:55.604678 7fccbf3d2700 20 -- 10.1.0.3:6789/0 >> 10.1.0.130:6789/0 pipe(0x241ac20 sd=22 :48619 s=2 pgs=3736 cs=1 l=0).writer sleeping
2013-04-25 18:37:55.604718 7fccc04d5700 1 -- 10.1.0.3:6789/0 --> mon.2 10.1.0.130:6789/0 -- mon_sync( chunk_reply ) v1 -- ?+0 0x7fca2c524cd0
2013-04-25 18:37:55.604731 7fccc04d5700 20 -- 10.1.0.3:6789/0 submit_message mon_sync( chunk_reply ) v1 remote, 10.1.0.130:6789/0, have pipe.
2013-04-25 18:37:55.604801 7fccbf3d2700 10 -- 10.1.0.3:6789/0 >> 10.1.0.130:6789/0 pipe(0x241ac20 sd=22 :48619 s=2 pgs=3736 cs=1 l=0).writer: state = open policy.server=0
2013-04-25 18:37:55.604820 7fccbf3d2700 20 -- 10.1.0.3:6789/0 >> 10.1.0.130:6789/0 pipe(0x241ac20 sd=22 :48619 s=2 pgs=3736 cs=1 l=0).writer encoding 22 0x7fca2c524cd0 mon_sync( chunk_reply ) v1
2013-04-25 18:37:55.604864 7fccbf3d2700 20 -- 10.1.0.3:6789/0 >> 10.1.0.130:6789/0 pipe(0x241ac20 sd=22 :48619 s=2 pgs=3736 cs=1 l=0).writer signed seq # 22): sig = 9092408283627831328
2013-04-25 18:37:55.604875 7fccbf3d2700 20 -- 10.1.0.3:6789/0 >> 10.1.0.130:6789/0 pipe(0x241ac20 sd=22 :48619 s=2 pgs=3736 cs=1 l=0).writer sending 22 0x7fca2c524cd0
2013-04-25 18:37:55.604898 7fccbf3d2700 10 -- 10.1.0.3:6789/0 >> 10.1.0.130:6789/0 pipe(0x241ac20 sd=22 :48619 s=2 pgs=3736 cs=1 l=0).writer: state = open policy.server=0
2013-04-25 18:37:55.604904 7fccbf3d2700 20 -- 10.1.0.3:6789/0 >> 10.1.0.130:6789/0 pipe(0x241ac20 sd=22 :48619 s=2 pgs=3736 cs=1 l=0).writer sleeping
2013-04-25 18:37:55.608247 7fccbf2d1700 20 -- 10.1.0.3:6789/0 >> 10.1.0.130:6789/0 pipe(0x241ac20 sd=22 :48619 s=2 pgs=3736 cs=1 l=0).reader got ACK
2013-04-25 18:37:55.608273 7fccbf2d1700 15 -- 10.1.0.3:6789/0 >> 10.1.0.130:6789/0 pipe(0x241ac20 sd=22 :48619 s=2 pgs=3736 cs=1 l=0).reader got ack seq 22
2013-04-25 18:37:55.608279 7fccbf2d1700 10 -- 10.1.0.3:6789/0 >> 10.1.0.130:6789/0 pipe(0x241ac20 sd=22 :48619 s=2 pgs=3736 cs=1 l=0).reader got ack seq 22 >= 22 on 0x7fca2c524cd0 mon_sync( chunk_reply ) v1
2013-04-25 18:37:55.608291 7fccbf2d1700 20 -- 10.1.0.3:6789/0 >> 10.1.0.130:6789/0 pipe(0x241ac20 sd=22 :48619 s=2 pgs=3736 cs=1 l=0).reader reading tag...
2013-04-25 18:37:55.608297 7fccbf2d1700 20 -- 10.1.0.3:6789/0 >> 10.1.0.130:6789/0 pipe(0x241ac20 sd=22 :48619 s=2 pgs=3736 cs=1 l=0).reader got MSG
2013-04-25 18:37:55.608304 7fccbf2d1700 20 -- 10.1.0.3:6789/0 >> 10.1.0.130:6789/0 pipe(0x241ac20 sd=22 :48619 s=2 pgs=3736 cs=1 l=0).reader got envelope type=69 src mon.2 front=1037209 data=0 off 0
2013-04-25 18:37:55.608338 7fccbf2d1700 10 -- 10.1.0.3:6789/0 >> 10.1.0.130:6789/0 pipe(0x241ac20 sd=22 :48619 s=2 pgs=3736 cs=1 l=0).reader wants 1037209 from dispatch throttler 1037209/104857600
2013-04-25 18:37:55.617019 7fccbf2d1700 20 -- 10.1.0.3:6789/0 >> 10.1.0.130:6789/0 pipe(0x241ac20 sd=22 :48619 s=2 pgs=3736 cs=1 l=0).reader got front 1037209
2013-04-25 18:37:55.617042 7fccbf2d1700 10 -- 10.1.0.3:6789/0 >> 10.1.0.130:6789/0 pipe(0x241ac20 sd=22 :48619 s=2 pgs=3736 cs=1 l=0).aborted = 0
2013-04-25 18:37:55.617051 7fccbf2d1700 20 -- 10.1.0.3:6789/0 >> 10.1.0.130:6789/0 pipe(0x241ac20 sd=22 :48619 s=2 pgs=3736 cs=1 l=0).reader got 1037209 + 0 + 0 byte message
2013-04-25 18:37:55.617838 7fccbf2d1700 10 -- 10.1.0.3:6789/0 >> 10.1.0.130:6789/0 pipe(0x241ac20 sd=22 :48619 s=2 pgs=3736 cs=1 l=0).reader got message 1192798007 0x7fca34017160 mon_sync( chunk bl 1037021 bytes last_key ( osdmap,full_838 ) ) v1
2013-04-25 18:37:55.617852 7fccbf2d1700 20 -- 10.1.0.3:6789/0 queue 0x7fca34017160 prio 196
2013-04-25 18:37:55.617863 7fccbf2d1700 20 -- 10.1.0.3:6789/0 >> 10.1.0.130:6789/0 pipe(0x241ac20 sd=22 :48619 s=2 pgs=3736 cs=1 l=0).reader reading tag...
2013-04-25 18:37:55.617887 7fccbf3d2700 10 -- 10.1.0.3:6789/0 >> 10.1.0.130:6789/0 pipe(0x241ac20 sd=22 :48619 s=2 pgs=3736 cs=1 l=0).writer: state = open policy.server=0
2013-04-25 18:37:55.617903 7fccbf3d2700 10 -- 10.1.0.3:6789/0 >> 10.1.0.130:6789/0 pipe(0x241ac20 sd=22 :48619 s=2 pgs=3736 cs=1 l=0).write_ack 1192798007
2013-04-25 18:37:55.617919 7fccbf3d2700 10 -- 10.1.0.3:6789/0 >> 10.1.0.130:6789/0 pipe(0x241ac20 sd=22 :48619 s=2 pgs=3736 cs=1 l=0).writer: state = open policy.server=0
2013-04-25 18:37:55.617927 7fccbf3d2700 20 -- 10.1.0.3:6789/0 >> 10.1.0.130:6789/0 pipe(0x241ac20 sd=22 :48619 s=2 pgs=3736 cs=1 l=0).writer sleeping
2013-04-25 18:37:55.618090 7fccc04d5700 10 -- 10.1.0.3:6789/0 dispatch_throttle_release 1037209 to dispatch throttler 2074418/104857600
2013-04-25 18:37:55.618112 7fccc04d5700 20 -- 10.1.0.3:6789/0 done calling dispatch on 0x7fca34015d80
2013-04-25 18:37:55.618226 7fccc04d5700 1 -- 10.1.0.3:6789/0 <== mon.2 10.1.0.130:6789/0 1192798007 ==== mon_sync( chunk bl 1037021 bytes last_key ( osdmap,full_838 ) ) v1 ==== 1037209+0+0 (3765719183 0 0) 0x7fca34017160 con 0x241ae80
