2019-03-02 18:53:23.860116 7fe35d709700 2 -- 192.168.253.203:6789/0 >> 192.168.253.37:0/2175704180 conn(0x56010593e000 :6789 s=STATE_ACCEPTING_WAIT_SEQ pgs=35760 cs=1 l=1)._process_connection accept get newly_acked_seq 0 -583>
2019-03-02 18:53:23.860631 7fe3576fd700 5 -- 192.168.253.203:6789/0 >> 192.168.253.37:0/1733074246 conn(0x56010543b800 :6789 s=STATE_OPEN_MESSAGE_READ_FOOTER_AND_DISPATCH pgs=6891 cs=1 l=1). rx client.8939327 seq 1 0x5601054358c0 auth(proto 0 38 bytes epoch 14) v1 -582>
2019-03-02 18:53:23.860636 7fe35d709700 5 -- 192.168.253.203:6789/0 >> 192.168.253.37:0/2175704180 conn(0x56010593e000 :6789 s=STATE_OPEN_MESSAGE_READ_FOOTER_AND_DISPATCH pgs=35760 cs=1 l=1). rx client.8939320 seq 1 0x560105795680 auth(proto 0 38 bytes epoch 14) v1 -581>
2019-03-02 18:53:23.860655 7fe359f02700 1 -- 192.168.253.203:6789/0 <== client.8939327 192.168.253.37:0/1733074246 1 ==== auth(proto 0 38 bytes epoch 14) v1 ==== 68+0+0 (3214538620 0 0) 0x5601054358c0 con 0x56010543b800 -580>
2019-03-02 18:53:23.860675 7fe359f02700 5 mon.storage01roc@3(electing) e14 waitlisting message auth(proto 0 38 bytes epoch 14) v1 -579>
2019-03-02 18:53:23.860683 7fe359f02700 1 -- 192.168.253.203:6789/0 <== client.8939320 192.168.253.37:0/2175704180 1 ==== auth(proto 0 38 bytes epoch 14) v1 ==== 68+0+0 (701291500 0 0) 0x560105795680 con 0x56010593e000 -578>
2019-03-02 18:53:23.860690 7fe359f02700 5 mon.storage01roc@3(electing) e14 waitlisting message auth(proto 0 38 bytes epoch 14) v1 -577>
2019-03-02 18:53:24.153794 7fe356efc700 1 -- 192.168.253.203:6789/0 >> 192.168.253.164:6806/342760 conn(0x56010545d000 :6789 s=STATE_OPEN pgs=353413 cs=1 l=1).read_bulk peer close file descriptor 52 -576>
2019-03-02 18:53:24.153812 7fe356efc700 1 -- 192.168.253.203:6789/0 >> 192.168.253.164:6806/342760 conn(0x56010545d000 :6789 s=STATE_OPEN pgs=353413 cs=1 l=1).read_until read failed -575>
2019-03-02 18:53:24.153818 7fe356efc700 1 -- 192.168.253.203:6789/0 >> 192.168.253.164:6806/342760 conn(0x56010545d000 :6789 s=STATE_OPEN pgs=353413 cs=1 l=1).process read tag failed -574>
2019-03-02 18:53:24.153824 7fe356efc700 1 -- 192.168.253.203:6789/0 >> 192.168.253.164:6806/342760 conn(0x56010545d000 :6789 s=STATE_OPEN pgs=353413 cs=1 l=1).fault on lossy channel, failing -573>
2019-03-02 18:53:24.153827 7fe356efc700 2 -- 192.168.253.203:6789/0 >> 192.168.253.164:6806/342760 conn(0x56010545d000 :6789 s=STATE_OPEN pgs=353413 cs=1 l=1)._stop -572>
2019-03-02 18:53:24.153837 7fe356efc700 1 -- 192.168.253.203:6789/0 reap_dead start -571>
2019-03-02 18:53:24.153839 7fe356efc700 5 -- 192.168.253.203:6789/0 reap_dead delete 0x56010545b800 -570>
2019-03-02 18:53:24.153844 7fe356efc700 5 -- 192.168.253.203:6789/0 reap_dead delete 0x56010545d000 -569>
2019-03-02 18:53:24.153846 7fe356efc700 5 -- 192.168.253.203:6789/0 reap_dead delete 0x56010548c000 -568>
2019-03-02 18:53:24.153852 7fe356efc700 5 -- 192.168.253.203:6789/0 reap_dead delete 0x56010549d800 -567>
2019-03-02 18:53:24.153856 7fe356efc700 5 -- 192.168.253.203:6789/0 reap_dead delete 0x5601054b3000 -566>
2019-03-02 18:53:24.191773 7fe356efc700 1 -- 192.168.253.203:6789/0 >> 192.168.253.163:6789/0 conn(0x560105672800 :-1 s=STATE_CONNECTING_RE pgs=0 cs=0 l=0)._process_connection reconnect failed -565>
2019-03-02 18:53:24.191775 7fe3576fd700 1 -- 192.168.253.203:6789/0 >> 192.168.253.164:6789/0 conn(0x560105674000 :-1 s=STATE_CONNECTING_RE pgs=0 cs=0 l=0)._process_connection reconnect failed -564>
2019-03-02 18:53:24.191787 7fe356efc700 2 -- 192.168.253.203:6789/0 >> 192.168.253.163:6789/0 conn(0x560105672800 :-1 s=STATE_CONNECTING_RE pgs=0 cs=0 l=0)._process_connection connection refused! -563>
2019-03-02 18:53:24.191791 7fe3576fd700 2 -- 192.168.253.203:6789/0 >> 192.168.253.164:6789/0 conn(0x560105674000 :-1 s=STATE_CONNECTING_RE pgs=0 cs=0 l=0)._process_connection connection refused! -562>
2019-03-02 18:53:24.192771 7fe35d709700 1 -- 192.168.253.203:6789/0 >> 192.168.253.165:6789/0 conn(0x560105675800 :-1 s=STATE_CONNECTING_RE pgs=0 cs=0 l=0)._process_connection reconnect failed -561>
2019-03-02 18:53:24.192783 7fe35d709700 2 -- 192.168.253.203:6789/0 >> 192.168.253.165:6789/0 conn(0x560105675800 :-1 s=STATE_CONNECTING_RE pgs=0 cs=0 l=0)._process_connection connection refused! -560>
2019-03-02 18:53:24.281656 7fe356efc700 1 -- 192.168.253.203:6789/0 >> 192.168.253.46:0/2878661900 conn(0x56010578c800 :6789 s=STATE_OPEN pgs=28 cs=1 l=1).read_bulk peer close file descriptor 64 -559>
2019-03-02 18:53:24.281668 7fe356efc700 1 -- 192.168.253.203:6789/0 >> 192.168.253.46:0/2878661900 conn(0x56010578c800 :6789 s=STATE_OPEN pgs=28 cs=1 l=1).read_until read failed -558>
2019-03-02 18:53:24.281672 7fe356efc700 1 -- 192.168.253.203:6789/0 >> 192.168.253.46:0/2878661900 conn(0x56010578c800 :6789 s=STATE_OPEN pgs=28 cs=1 l=1).process read tag failed -557>
2019-03-02 18:53:24.281686 7fe356efc700 1 -- 192.168.253.203:6789/0 >> 192.168.253.46:0/2878661900 conn(0x56010578c800 :6789 s=STATE_OPEN pgs=28 cs=1 l=1).fault on lossy channel, failing -556>
2019-03-02 18:53:24.281690 7fe356efc700 2 -- 192.168.253.203:6789/0 >> 192.168.253.46:0/2878661900 conn(0x56010578c800 :6789 s=STATE_OPEN pgs=28 cs=1 l=1)._stop -555>
2019-03-02 18:53:24.298590 7fe35d709700 1 -- 192.168.253.203:6789/0 >> 192.168.253.39:0/1520712163 conn(0x5601054b0000 :6789 s=STATE_OPEN pgs=2872 cs=1 l=1).read_bulk peer close file descriptor 13 -554>
2019-03-02 18:53:24.298603 7fe35d709700 1 -- 192.168.253.203:6789/0 >> 192.168.253.39:0/1520712163 conn(0x5601054b0000 :6789 s=STATE_OPEN pgs=2872 cs=1 l=1).read_until read failed -553>
2019-03-02 18:53:24.298607 7fe35d709700 1 -- 192.168.253.203:6789/0 >> 192.168.253.39:0/1520712163 conn(0x5601054b0000 :6789 s=STATE_OPEN pgs=2872 cs=1 l=1).process read tag failed -552>
2019-03-02 18:53:24.298610 7fe35d709700 1 -- 192.168.253.203:6789/0 >> 192.168.253.39:0/1520712163 conn(0x5601054b0000 :6789 s=STATE_OPEN pgs=2872 cs=1 l=1).fault on lossy channel, failing -551>
2019-03-02 18:53:24.298613 7fe35d709700 2 -- 192.168.253.203:6789/0 >> 192.168.253.39:0/1520712163 conn(0x5601054b0000 :6789 s=STATE_OPEN pgs=2872 cs=1 l=1)._stop -550>
2019-03-02 18:53:24.299896 7fe3576fd700 1 -- 192.168.253.203:6789/0 >> 192.168.253.39:0/282811283 conn(0x5601056f7000 :6789 s=STATE_OPEN pgs=2894 cs=1 l=1).read_bulk peer close file descriptor 56 -549>
2019-03-02 18:53:24.299908 7fe3576fd700 1 -- 192.168.253.203:6789/0 >> 192.168.253.39:0/282811283 conn(0x5601056f7000 :6789 s=STATE_OPEN pgs=2894 cs=1 l=1).read_until read failed -548>
2019-03-02 18:53:24.299912 7fe3576fd700 1 -- 192.168.253.203:6789/0 >> 192.168.253.39:0/282811283 conn(0x5601056f7000 :6789 s=STATE_OPEN pgs=2894 cs=1 l=1).process read tag failed -547>
2019-03-02 18:53:24.299916 7fe3576fd700 1 -- 192.168.253.203:6789/0 >> 192.168.253.39:0/282811283 conn(0x5601056f7000 :6789 s=STATE_OPEN pgs=2894 cs=1 l=1).fault on lossy channel, failing -546>
2019-03-02 18:53:24.299919 7fe3576fd700 2 -- 192.168.253.203:6789/0 >> 192.168.253.39:0/282811283 conn(0x5601056f7000 :6789 s=STATE_OPEN pgs=2894 cs=1 l=1)._stop -545>
2019-03-02 18:53:24.557504 7fe356efc700 1 -- 192.168.253.203:6789/0 >> - conn(0x56010548c000 :6789 s=STATE_ACCEPTING pgs=0 cs=0 l=0)._process_connection sd=13 - -544>
2019-03-02 18:53:24.557696 7fe356efc700 2 -- 192.168.253.203:6789/0 >> 192.168.253.52:0/3887599110 conn(0x56010548c000 :6789 s=STATE_ACCEPTING_WAIT_SEQ pgs=1 cs=1 l=1).handle_connect_msg accept write reply msg done -543>
2019-03-02 18:53:24.557765 7fe356efc700 2 -- 192.168.253.203:6789/0 >> 192.168.253.52:0/3887599110 conn(0x56010548c000 :6789 s=STATE_ACCEPTING_WAIT_SEQ pgs=1 cs=1 l=1)._process_connection accept get newly_acked_seq 0 -542>
2019-03-02 18:53:24.557881 7fe356efc700 5 -- 192.168.253.203:6789/0 >> 192.168.253.52:0/3887599110 conn(0x56010548c000 :6789 s=STATE_OPEN_MESSAGE_READ_FOOTER_AND_DISPATCH pgs=1 cs=1 l=1). rx client.? seq 1 0x5601057946c0 auth(proto 0 34 bytes epoch 0) v1 -541>
2019-03-02 18:53:24.557899 7fe359f02700 1 -- 192.168.253.203:6789/0 <== client.? 192.168.253.52:0/3887599110 1 ==== auth(proto 0 34 bytes epoch 0) v1 ==== 64+0+0 (3805625626 0 0) 0x5601057946c0 con 0x56010548c000 -540>
2019-03-02 18:53:24.557916 7fe359f02700 5 mon.storage01roc@3(electing) e14 waitlisting message auth(proto 0 34 bytes epoch 0) v1 -539>
2019-03-02 18:53:24.685869 7fe35d709700 1 -- 192.168.253.203:6789/0 >> 192.168.253.163:6812/345669 conn(0x56010545e800 :6789 s=STATE_OPEN pgs=504598 cs=1 l=1).read_bulk peer close file descriptor 53 -538>
2019-03-02 18:53:24.685883 7fe35d709700 1 -- 192.168.253.203:6789/0 >> 192.168.253.163:6812/345669 conn(0x56010545e800 :6789 s=STATE_OPEN pgs=504598 cs=1 l=1).read_until read failed -537>
2019-03-02 18:53:24.685886 7fe35d709700 1 -- 192.168.253.203:6789/0 >> 192.168.253.163:6812/345669 conn(0x56010545e800 :6789 s=STATE_OPEN pgs=504598 cs=1 l=1).process read tag failed -536>
2019-03-02 18:53:24.685890 7fe35d709700 1 -- 192.168.253.203:6789/0 >> 192.168.253.163:6812/345669 conn(0x56010545e800 :6789 s=STATE_OPEN pgs=504598 cs=1 l=1).fault on lossy channel, failing -535>
2019-03-02 18:53:24.685893 7fe35d709700 2 -- 192.168.253.203:6789/0 >> 192.168.253.163:6812/345669 conn(0x56010545e800 :6789 s=STATE_OPEN pgs=504598 cs=1 l=1)._stop -534>
2019-03-02 18:53:25.253219 7fe35d709700 1 -- 192.168.253.203:6789/0 >> - conn(0x56010545b800 :6789 s=STATE_ACCEPTING pgs=0 cs=0 l=0)._process_connection sd=52 - -533>
2019-03-02 18:53:25.253831 7fe35d709700 2 -- 192.168.253.203:6789/0 >> 192.168.253.164:6810/343964 conn(0x56010545b800 :6789 s=STATE_ACCEPTING_WAIT_SEQ pgs=330841 cs=1 l=1).handle_connect_msg accept write reply msg done -532>
2019-03-02 18:53:25.254298 7fe35d709700 2 -- 192.168.253.203:6789/0 >> 192.168.253.164:6810/343964 conn(0x56010545b800 :6789 s=STATE_ACCEPTING_WAIT_SEQ pgs=330841 cs=1 l=1)._process_connection accept get newly_acked_seq 0 -531>
2019-03-02 18:53:25.254349 7fe35d709700 5 -- 192.168.253.203:6789/0 >> 192.168.253.164:6810/343964 conn(0x56010545b800 :6789 s=STATE_OPEN_MESSAGE_READ_FOOTER_AND_DISPATCH pgs=330841 cs=1 l=1). rx osd.19 seq 1 0x560105493200 auth(proto 0 27 bytes epoch 14) v1 -530>
2019-03-02 18:53:25.254367 7fe359f02700 1 -- 192.168.253.203:6789/0 <== osd.19 192.168.253.164:6810/343964 1 ==== auth(proto 0 27 bytes epoch 14) v1 ==== 57+0+0 (4213901812 0 0) 0x560105493200 con 0x56010545b800 -529>
2019-03-02 18:53:25.254384 7fe359f02700 5 mon.storage01roc@3(electing) e14 waitlisting message auth(proto 0 27 bytes epoch 14) v1 -528>
2019-03-02 18:53:25.293984 7fe356efc700 1 -- 192.168.253.203:6789/0 >> 192.168.253.50:0/3448699030 conn(0x5601054b4800 :6789 s=STATE_OPEN pgs=18718 cs=1 l=1).read_bulk peer close file descriptor 30 -527>
2019-03-02 18:53:25.293997 7fe356efc700 1 -- 192.168.253.203:6789/0 >> 192.168.253.50:0/3448699030 conn(0x5601054b4800 :6789 s=STATE_OPEN pgs=18718 cs=1 l=1).read_until read failed -526>
2019-03-02 18:53:25.294001 7fe356efc700 1 -- 192.168.253.203:6789/0 >> 192.168.253.50:0/3448699030 conn(0x5601054b4800 :6789 s=STATE_OPEN pgs=18718 cs=1 l=1).process read tag failed -525>
2019-03-02 18:53:25.294004 7fe356efc700 1 -- 192.168.253.203:6789/0 >> 192.168.253.50:0/3448699030 conn(0x5601054b4800 :6789 s=STATE_OPEN pgs=18718 cs=1 l=1).fault on lossy channel, failing -524>
2019-03-02 18:53:25.294008 7fe356efc700 2 -- 192.168.253.203:6789/0 >> 192.168.253.50:0/3448699030 conn(0x5601054b4800 :6789 s=STATE_OPEN pgs=18718 cs=1 l=1)._stop -523>
2019-03-02 18:53:25.294017 7fe356efc700 1 -- 192.168.253.203:6789/0 reap_dead start -522>
2019-03-02 18:53:25.294019 7fe356efc700 5 -- 192.168.253.203:6789/0 reap_dead delete 0x56010545e800 -521>
2019-03-02 18:53:25.294033 7fe356efc700 5 -- 192.168.253.203:6789/0 reap_dead delete 0x5601054b0000 -520>
2019-03-02 18:53:25.294037 7fe356efc700 5 -- 192.168.253.203:6789/0 reap_dead delete 0x5601054b4800 -519>
2019-03-02 18:53:25.294040 7fe356efc700 5 -- 192.168.253.203:6789/0 reap_dead delete 0x5601056f7000 -518>
2019-03-02 18:53:25.294043 7fe356efc700 5 -- 192.168.253.203:6789/0 reap_dead delete 0x56010578c800 -517>
2019-03-02 18:53:25.397219 7fe3576fd700 1 -- 192.168.253.203:6789/0 >> 192.168.253.46:0/2587405440 conn(0x560105759800 :6789 s=STATE_OPEN pgs=6880 cs=1 l=1).read_bulk peer close file descriptor 59 -516>
2019-03-02 18:53:25.397232 7fe3576fd700 1 -- 192.168.253.203:6789/0 >> 192.168.253.46:0/2587405440 conn(0x560105759800 :6789 s=STATE_OPEN pgs=6880 cs=1 l=1).read_until read failed -515>
2019-03-02 18:53:25.397236 7fe3576fd700 1 -- 192.168.253.203:6789/0 >> 192.168.253.46:0/2587405440 conn(0x560105759800 :6789 s=STATE_OPEN pgs=6880 cs=1 l=1).process read tag failed -514>
2019-03-02 18:53:25.397240 7fe3576fd700 1 -- 192.168.253.203:6789/0 >> 192.168.253.46:0/2587405440 conn(0x560105759800 :6789 s=STATE_OPEN pgs=6880 cs=1 l=1).fault on lossy channel, failing -513>
2019-03-02 18:53:25.397243 7fe3576fd700 2 -- 192.168.253.203:6789/0 >> 192.168.253.46:0/2587405440 conn(0x560105759800 :6789 s=STATE_OPEN pgs=6880 cs=1 l=1)._stop -512>
2019-03-02 18:53:25.452621 7fe356efc700 1 -- 192.168.253.203:6789/0 >> - conn(0x56010593f800 :6789 s=STATE_ACCEPTING pgs=0 cs=0 l=0)._process_connection sd=30 - -511>
2019-03-02 18:53:25.452801 7fe356efc700 2 -- 192.168.253.203:6789/0 >> 192.168.253.205:6804/639792 conn(0x56010593f800 :6789 s=STATE_ACCEPTING_WAIT_SEQ pgs=68711 cs=1 l=1).handle_connect_msg accept write reply msg done -510>
2019-03-02 18:53:25.452839 7fe356efc700 2 -- 192.168.253.203:6789/0 >> 192.168.253.205:6804/639792 conn(0x56010593f800 :6789 s=STATE_ACCEPTING_WAIT_SEQ pgs=68711 cs=1 l=1)._process_connection accept get newly_acked_seq 0 -509>
2019-03-02 18:53:25.452903 7fe356efc700 5 -- 192.168.253.203:6789/0 >> 192.168.253.205:6804/639792 conn(0x56010593f800 :6789 s=STATE_OPEN_MESSAGE_READ_FOOTER_AND_DISPATCH pgs=68711 cs=1 l=1). rx osd.2 seq 1 0x560105794900 auth(proto 0 26 bytes epoch 14) v1 -508>
2019-03-02 18:53:25.452923 7fe359f02700 1 -- 192.168.253.203:6789/0 <== osd.2 192.168.253.205:6804/639792 1 ==== auth(proto 0 26 bytes epoch 14) v1 ==== 56+0+0 (3612044724 0 0) 0x560105794900 con 0x56010593f800 -507>
2019-03-02 18:53:25.452942 7fe359f02700 5 mon.storage01roc@3(electing) e14 waitlisting message auth(proto 0 26 bytes epoch 14) v1 -506>
2019-03-02 18:53:25.624523 7fe356efc700 1 -- 192.168.253.203:6789/0 >> 192.168.253.46:0/836723901 conn(0x5601056f5800 :6789 s=STATE_OPEN pgs=49224 cs=1 l=1).read_bulk peer close file descriptor 55 -505>
2019-03-02 18:53:25.624536 7fe356efc700 1 -- 192.168.253.203:6789/0 >> 192.168.253.46:0/836723901 conn(0x5601056f5800 :6789 s=STATE_OPEN pgs=49224 cs=1 l=1).read_until read failed -504>
2019-03-02 18:53:25.624541 7fe356efc700 1 -- 192.168.253.203:6789/0 >> 192.168.253.46:0/836723901 conn(0x5601056f5800 :6789 s=STATE_OPEN pgs=49224 cs=1 l=1).process read tag failed -503>
2019-03-02 18:53:25.624544 7fe356efc700 1 -- 192.168.253.203:6789/0 >> 192.168.253.46:0/836723901 conn(0x5601056f5800 :6789 s=STATE_OPEN pgs=49224 cs=1 l=1).fault on lossy channel, failing -502>
2019-03-02 18:53:25.624547 7fe356efc700 2 -- 192.168.253.203:6789/0 >> 192.168.253.46:0/836723901 conn(0x5601056f5800 :6789 s=STATE_OPEN pgs=49224 cs=1 l=1)._stop -501>
2019-03-02 18:53:25.636883 7fe356efc700 1 -- 192.168.253.203:6789/0 >> - conn(0x560105941000 :6789 s=STATE_ACCEPTING pgs=0 cs=0 l=0)._process_connection sd=53 - -500>
2019-03-02 18:53:25.637444 7fe356efc700 2 -- 192.168.253.203:6789/0 >> 192.168.253.165:6816/711134 conn(0x560105941000 :6789 s=STATE_ACCEPTING_WAIT_SEQ pgs=245753 cs=1 l=1).handle_connect_msg accept write reply msg done -499>
2019-03-02 18:53:25.637900 7fe356efc700 2 -- 192.168.253.203:6789/0 >> 192.168.253.165:6816/711134 conn(0x560105941000 :6789 s=STATE_ACCEPTING_WAIT_SEQ pgs=245753 cs=1 l=1)._process_connection accept get newly_acked_seq 0 -498>
2019-03-02 18:53:25.637927 7fe356efc700 5 -- 192.168.253.203:6789/0 >> 192.168.253.165:6816/711134 conn(0x560105941000 :6789 s=STATE_OPEN_MESSAGE_READ_FOOTER_AND_DISPATCH pgs=245753 cs=1 l=1). rx osd.50 seq 1 0x560105794b40 auth(proto 0 27 bytes epoch 14) v1 -497>
2019-03-02 18:53:25.637941 7fe359f02700 1 -- 192.168.253.203:6789/0 <== osd.50 192.168.253.165:6816/711134 1 ==== auth(proto 0 27 bytes epoch 14) v1 ==== 57+0+0 (3528568399 0 0) 0x560105794b40 con 0x560105941000 -496>
2019-03-02 18:53:25.637958 7fe359f02700 5 mon.storage01roc@3(electing) e14 waitlisting message auth(proto 0 27 bytes epoch 14) v1 -495>
2019-03-02 18:53:25.761886 7fe356efc700 1 -- 192.168.253.203:6789/0 >> 192.168.253.165:6802/708867 conn(0x56010549c000 :6789 s=STATE_OPEN pgs=356684 cs=1 l=1).read_bulk peer close file descriptor 12 -494>
2019-03-02 18:53:25.761899 7fe356efc700 1 -- 192.168.253.203:6789/0 >> 192.168.253.165:6802/708867 conn(0x56010549c000 :6789 s=STATE_OPEN pgs=356684 cs=1 l=1).read_until read failed -493>
2019-03-02 18:53:25.761903 7fe356efc700 1 -- 192.168.253.203:6789/0 >> 192.168.253.165:6802/708867 conn(0x56010549c000 :6789 s=STATE_OPEN pgs=356684 cs=1 l=1).process read tag failed -492>
2019-03-02 18:53:25.761907 7fe356efc700 1 -- 192.168.253.203:6789/0 >> 192.168.253.165:6802/708867 conn(0x56010549c000 :6789 s=STATE_OPEN pgs=356684 cs=1 l=1).fault on lossy channel, failing -491>
2019-03-02 18:53:25.761910 7fe356efc700 2 -- 192.168.253.203:6789/0 >> 192.168.253.165:6802/708867 conn(0x56010549c000 :6789 s=STATE_OPEN pgs=356684 cs=1 l=1)._stop -490>
2019-03-02 18:53:25.762407 7fe356efc700 1 -- 192.168.253.203:6789/0 >> - conn(0x560105942800 :6789 s=STATE_ACCEPTING pgs=0 cs=0 l=0)._process_connection sd=12 - -489>
2019-03-02 18:53:25.762941 7fe356efc700 2 -- 192.168.253.203:6789/0 >> 192.168.253.165:6802/708867 conn(0x560105942800 :6789 s=STATE_ACCEPTING_WAIT_SEQ pgs=356689 cs=1 l=1).handle_connect_msg accept write reply msg done -488>
2019-03-02 18:53:25.763392 7fe356efc700 2 -- 192.168.253.203:6789/0 >> 192.168.253.165:6802/708867 conn(0x560105942800 :6789 s=STATE_ACCEPTING_WAIT_SEQ pgs=356689 cs=1 l=1)._process_connection accept get newly_acked_seq 0 -487>
2019-03-02 18:53:25.763427 7fe356efc700 5 -- 192.168.253.203:6789/0 >> 192.168.253.165:6802/708867 conn(0x560105942800 :6789 s=STATE_OPEN_MESSAGE_READ_FOOTER_AND_DISPATCH pgs=356689 cs=1 l=1). rx osd.9 seq 1 0x560105958000 auth(proto 0 26 bytes epoch 14) v1 -486>
2019-03-02 18:53:25.763441 7fe359f02700 1 -- 192.168.253.203:6789/0 <== osd.9 192.168.253.165:6802/708867 1 ==== auth(proto 0 26 bytes epoch 14) v1 ==== 56+0+0 (32594381 0 0) 0x560105958000 con 0x560105942800 -485>
2019-03-02 18:53:25.763458 7fe359f02700 5 mon.storage01roc@3(electing) e14 waitlisting message auth(proto 0 26 bytes epoch 14) v1 -484>
2019-03-02 18:53:25.775208 7fe356efc700 1 -- 192.168.253.203:6789/0 >> 192.168.253.203:6802/506915 conn(0x560105638000 :6789 s=STATE_OPEN pgs=135784 cs=1 l=1).read_bulk peer close file descriptor 46 -483>
2019-03-02 18:53:25.775219 7fe356efc700 1 -- 192.168.253.203:6789/0 >> 192.168.253.203:6802/506915 conn(0x560105638000 :6789 s=STATE_OPEN pgs=135784 cs=1 l=1).read_until read failed -482>
2019-03-02 18:53:25.775223 7fe356efc700 1 -- 192.168.253.203:6789/0 >> 192.168.253.203:6802/506915 conn(0x560105638000 :6789 s=STATE_OPEN pgs=135784 cs=1 l=1).process read tag failed -481>
2019-03-02 18:53:25.775226 7fe356efc700 1 -- 192.168.253.203:6789/0 >> 192.168.253.203:6802/506915 conn(0x560105638000 :6789 s=STATE_OPEN pgs=135784 cs=1 l=1).fault on lossy channel, failing -480>
2019-03-02 18:53:25.775235 7fe356efc700 2 -- 192.168.253.203:6789/0 >> 192.168.253.203:6802/506915 conn(0x560105638000 :6789 s=STATE_OPEN pgs=135784 cs=1 l=1)._stop -479>
2019-03-02 18:53:25.775308 7fe356efc700 1 -- 192.168.253.203:6789/0 >> - conn(0x56010595c000 :6789 s=STATE_ACCEPTING pgs=0 cs=0 l=0)._process_connection sd=46 - -478>
2019-03-02 18:53:25.775369 7fe356efc700 2 -- 192.168.253.203:6789/0 >> 192.168.253.203:6802/506915 conn(0x56010595c000 :6789 s=STATE_ACCEPTING_WAIT_SEQ pgs=135785 cs=1 l=1).handle_connect_msg accept write reply msg done -477>
2019-03-02 18:53:25.775378 7fe356efc700 2 -- 192.168.253.203:6789/0 >> 192.168.253.203:6802/506915 conn(0x56010595c000 :6789 s=STATE_ACCEPTING_WAIT_SEQ pgs=135785 cs=1 l=1)._process_connection accept get newly_acked_seq 0 -476>
2019-03-02 18:53:25.775413 7fe356efc700 5 -- 192.168.253.203:6789/0 >> 192.168.253.203:6802/506915 conn(0x56010595c000 :6789 s=STATE_OPEN_MESSAGE_READ_FOOTER_AND_DISPATCH pgs=135785 cs=1 l=1). rx osd.35 seq 1 0x560105958240 auth(proto 0 27 bytes epoch 14) v1 -475>
2019-03-02 18:53:25.775431 7fe359f02700 1 -- 192.168.253.203:6789/0 <== osd.35 192.168.253.203:6802/506915 1 ==== auth(proto 0 27 bytes epoch 14) v1 ==== 57+0+0 (3015307366 0 0) 0x560105958240 con 0x56010595c000 -474>
2019-03-02 18:53:25.775453 7fe359f02700 5 mon.storage01roc@3(electing) e14 waitlisting message auth(proto 0 27 bytes epoch 14) v1 -473>
2019-03-02 18:53:25.827202 7fe356efc700 1 -- 192.168.253.203:6789/0 >> 192.168.253.32:0/3724611330 conn(0x56010549f000 :6789 s=STATE_OPEN pgs=2902 cs=1 l=1).read_bulk peer close file descriptor 9 -472>
2019-03-02 18:53:25.827216 7fe356efc700 1 -- 192.168.253.203:6789/0 >> 192.168.253.32:0/3724611330 conn(0x56010549f000 :6789 s=STATE_OPEN pgs=2902 cs=1 l=1).read_until read failed -471>
2019-03-02 18:53:25.827219 7fe356efc700 1 -- 192.168.253.203:6789/0 >> 192.168.253.32:0/3724611330 conn(0x56010549f000 :6789 s=STATE_OPEN pgs=2902 cs=1 l=1).process read tag failed -470>
2019-03-02 18:53:25.827223 7fe356efc700 1 -- 192.168.253.203:6789/0 >> 192.168.253.32:0/3724611330 conn(0x56010549f000 :6789 s=STATE_OPEN pgs=2902 cs=1 l=1).fault on lossy channel, failing -469>
2019-03-02 18:53:25.827226 7fe356efc700 2 -- 192.168.253.203:6789/0 >> 192.168.253.32:0/3724611330 conn(0x56010549f000 :6789 s=STATE_OPEN pgs=2902 cs=1 l=1)._stop -468>
2019-03-02 18:53:25.827256 7fe3576fd700 1 -- 192.168.253.203:6789/0 >> 192.168.253.32:0/360631102 conn(0x5601056f4000 :6789 s=STATE_OPEN pgs=2943 cs=1 l=1).read_bulk peer close file descriptor 54 -467>
2019-03-02 18:53:25.827268 7fe3576fd700 1 -- 192.168.253.203:6789/0 >> 192.168.253.32:0/360631102 conn(0x5601056f4000 :6789 s=STATE_OPEN pgs=2943 cs=1 l=1).read_until read failed -466>
2019-03-02 18:53:25.827272 7fe3576fd700 1 -- 192.168.253.203:6789/0 >> 192.168.253.32:0/360631102 conn(0x5601056f4000 :6789 s=STATE_OPEN pgs=2943 cs=1 l=1).process read tag failed -465>
2019-03-02 18:53:25.827283 7fe3576fd700 1 -- 192.168.253.203:6789/0 >> 192.168.253.32:0/360631102 conn(0x5601056f4000 :6789 s=STATE_OPEN pgs=2943 cs=1 l=1).fault on lossy channel, failing -464>
2019-03-02 18:53:25.827286 7fe3576fd700 2 -- 192.168.253.203:6789/0 >> 192.168.253.32:0/360631102 conn(0x5601056f4000 :6789 s=STATE_OPEN pgs=2943 cs=1 l=1)._stop -463>
2019-03-02 18:53:25.827414 7fe3576fd700 1 -- 192.168.253.203:6789/0 >> - conn(0x56010595f000 :6789 s=STATE_ACCEPTING pgs=0 cs=0 l=0)._process_connection sd=54 - -462>
2019-03-02 18:53:25.827422 7fe356efc700 1 -- 192.168.253.203:6789/0 >> - conn(0x56010595d800 :6789 s=STATE_ACCEPTING pgs=0 cs=0 l=0)._process_connection sd=9 - -461>
2019-03-02 18:53:25.827490 7fe3576fd700 1 -- 192.168.253.203:6789/0 >> - conn(0x560105960800 :6789 s=STATE_ACCEPTING pgs=0 cs=0 l=0)._process_connection sd=55 - -460>
2019-03-02 18:53:25.827532 7fe3576fd700 2 -- 192.168.253.203:6789/0 >> 192.168.253.32:0/1251637173 conn(0x56010595f000 :6789 s=STATE_ACCEPTING_WAIT_SEQ pgs=2952 cs=1 l=1).handle_connect_msg accept write reply msg done -459>
2019-03-02 18:53:25.827574 7fe356efc700 2 -- 192.168.253.203:6789/0 >> 192.168.253.32:0/683377982 conn(0x56010595d800 :6789 s=STATE_ACCEPTING_WAIT_SEQ pgs=3075 cs=1 l=1).handle_connect_msg accept write reply msg done -458>
2019-03-02 18:53:25.827624 7fe356efc700 2 -- 192.168.253.203:6789/0 >> 192.168.253.32:0/683377982 conn(0x56010595d800 :6789 s=STATE_ACCEPTING_WAIT_SEQ pgs=3075 cs=1 l=1)._process_connection accept get newly_acked_seq 0 -457>
2019-03-02 18:53:25.827625 7fe3576fd700 2 -- 192.168.253.203:6789/0 >> 192.168.253.32:0/419113882 conn(0x560105960800 :6789 s=STATE_ACCEPTING_WAIT_SEQ pgs=3017 cs=1 l=1).handle_connect_msg accept write reply msg done -456>
2019-03-02 18:53:25.827648 7fe3576fd700 2 -- 192.168.253.203:6789/0 >> 192.168.253.32:0/1251637173 conn(0x56010595f000 :6789 s=STATE_ACCEPTING_WAIT_SEQ pgs=2952 cs=1 l=1)._process_connection accept get newly_acked_seq 0 -455>
2019-03-02 18:53:25.827666 7fe3576fd700 5 -- 192.168.253.203:6789/0 >> 192.168.253.32:0/1251637173 conn(0x56010595f000 :6789 s=STATE_OPEN_MESSAGE_READ_FOOTER_AND_DISPATCH pgs=2952 cs=1 l=1). rx client.8113023 seq 1 0x560105435b00 auth(proto 0 34 bytes epoch 14) v1 -454>
2019-03-02 18:53:25.827680 7fe359f02700 1 -- 192.168.253.203:6789/0 <== client.8113023 192.168.253.32:0/1251637173 1 ==== auth(proto 0 34 bytes epoch 14) v1 ==== 64+0+0 (3011287488 0 0) 0x560105435b00 con 0x56010595f000 -453>
2019-03-02 18:53:25.827698 7fe359f02700 5 mon.storage01roc@3(electing) e14 waitlisting message auth(proto 0 34 bytes epoch 14) v1 -452>
2019-03-02 18:53:25.827704 7fe3576fd700 2 -- 192.168.253.203:6789/0 >> 192.168.253.32:0/419113882 conn(0x560105960800 :6789 s=STATE_ACCEPTING_WAIT_SEQ pgs=3017 cs=1 l=1)._process_connection accept get newly_acked_seq 0 -451>
2019-03-02 18:53:25.827710 7fe356efc700 5 -- 192.168.253.203:6789/0 >> 192.168.253.32:0/683377982 conn(0x56010595d800 :6789 s=STATE_OPEN_MESSAGE_READ_FOOTER_AND_DISPATCH pgs=3075 cs=1 l=1). rx client.8775242 seq 1 0x560105958480 auth(proto 0 34 bytes epoch 14) v1 -450>
2019-03-02 18:53:25.827723 7fe359f02700 1 -- 192.168.253.203:6789/0 <== client.8775242 192.168.253.32:0/683377982 1 ==== auth(proto 0 34 bytes epoch 14) v1 ==== 64+0+0 (2551472749 0 0) 0x560105958480 con 0x56010595d800 -449>
2019-03-02 18:53:25.827732 7fe359f02700 5 mon.storage01roc@3(electing) e14 waitlisting message auth(proto 0 34 bytes epoch 14) v1 -448>
2019-03-02 18:53:25.827747 7fe3576fd700 5 -- 192.168.253.203:6789/0 >> 192.168.253.32:0/419113882 conn(0x560105960800 :6789 s=STATE_OPEN_MESSAGE_READ_FOOTER_AND_DISPATCH pgs=3017 cs=1 l=1). rx client.8665115 seq 1 0x560105435d40 auth(proto 0 34 bytes epoch 14) v1 -447>
2019-03-02 18:53:25.827767 7fe359f02700 1 -- 192.168.253.203:6789/0 <== client.8665115 192.168.253.32:0/419113882 1 ==== auth(proto 0 34 bytes epoch 14) v1 ==== 64+0+0 (133202792 0 0) 0x560105435d40 con 0x560105960800 -446>
2019-03-02 18:53:25.827775 7fe359f02700 5 mon.storage01roc@3(electing) e14 waitlisting message auth(proto 0 34 bytes epoch 14) v1 -445>
2019-03-02 18:53:26.057844 7fe35d709700 1 -- 192.168.253.203:6789/0 >> 192.168.253.205:6816/641907 conn(0x560105639800 :6789 s=STATE_OPEN pgs=86317 cs=1 l=1).read_bulk peer close file descriptor 47 -444>
2019-03-02 18:53:26.057856 7fe35d709700 1 -- 192.168.253.203:6789/0 >> 192.168.253.205:6816/641907 conn(0x560105639800 :6789 s=STATE_OPEN pgs=86317 cs=1 l=1).read_until read failed -443>
2019-03-02 18:53:26.057860 7fe35d709700 1 -- 192.168.253.203:6789/0 >> 192.168.253.205:6816/641907 conn(0x560105639800 :6789 s=STATE_OPEN pgs=86317 cs=1 l=1).process read tag failed -442>
2019-03-02 18:53:26.057863 7fe35d709700 1 -- 192.168.253.203:6789/0 >> 192.168.253.205:6816/641907 conn(0x560105639800 :6789 s=STATE_OPEN pgs=86317 cs=1 l=1).fault on lossy channel, failing -441>
2019-03-02 18:53:26.057866 7fe35d709700 2 -- 192.168.253.203:6789/0 >> 192.168.253.205:6816/641907 conn(0x560105639800 :6789 s=STATE_OPEN pgs=86317 cs=1 l=1)._stop -440>
2019-03-02 18:53:26.057887 7fe356efc700 1 -- 192.168.253.203:6789/0 reap_dead start -439>
2019-03-02 18:53:26.057897 7fe356efc700 5 -- 192.168.253.203:6789/0 reap_dead delete 0x56010549f000 -438>
2019-03-02 18:53:26.057901 7fe356efc700 5 -- 192.168.253.203:6789/0 reap_dead delete 0x560105639800 -437>
2019-03-02 18:53:26.057904 7fe356efc700 5 -- 192.168.253.203:6789/0 reap_dead delete 0x5601056f4000 -436>
2019-03-02 18:53:26.057906 7fe356efc700 5 -- 192.168.253.203:6789/0 reap_dead delete 0x5601056f5800 -435>
2019-03-02 18:53:26.057908 7fe356efc700 5 -- 192.168.253.203:6789/0 reap_dead delete 0x560105759800 -434>
2019-03-02 18:53:26.716146 7fe35d709700 1 -- 192.168.253.203:6789/0 >> - conn(0x560105972000 :6789 s=STATE_ACCEPTING pgs=0 cs=0 l=0)._process_connection sd=47 - -433>
2019-03-02 18:53:26.716279 7fe35d709700 2 -- 192.168.253.203:6789/0 >> 192.168.253.205:6812/640516 conn(0x560105972000 :6789 s=STATE_ACCEPTING_WAIT_SEQ pgs=90617 cs=1 l=1).handle_connect_msg accept write reply msg done -432>
2019-03-02 18:53:26.716312 7fe35d709700 2 -- 192.168.253.203:6789/0 >> 192.168.253.205:6812/640516 conn(0x560105972000 :6789 s=STATE_ACCEPTING_WAIT_SEQ pgs=90617 cs=1 l=1)._process_connection accept get newly_acked_seq 0 -431>
2019-03-02 18:53:26.716352 7fe35d709700 5 -- 192.168.253.203:6789/0 >> 192.168.253.205:6812/640516 conn(0x560105972000 :6789 s=STATE_OPEN_MESSAGE_READ_FOOTER_AND_DISPATCH pgs=90617 cs=1 l=1). rx osd.7 seq 1 0x560105492b40 auth(proto 0 26 bytes epoch 14) v1 -430>
2019-03-02 18:53:26.716375 7fe359f02700 1 -- 192.168.253.203:6789/0 <== osd.7 192.168.253.205:6812/640516 1 ==== auth(proto 0 26 bytes epoch 14) v1 ==== 56+0+0 (2372153616 0 0) 0x560105492b40 con 0x560105972000 -429>
2019-03-02 18:53:26.716396 7fe359f02700 5 mon.storage01roc@3(electing) e14 waitlisting message auth(proto 0 26 bytes epoch 14) v1 -428>
2019-03-02 18:53:26.739866 7fe35d709700 1 -- 192.168.253.203:6789/0 >> 192.168.253.31:0/2755183883 conn(0x56010563c800 :6789 s=STATE_OPEN pgs=12 cs=1 l=1).read_bulk peer close file descriptor 29 -427>
2019-03-02 18:53:26.739879 7fe35d709700 1 -- 192.168.253.203:6789/0 >> 192.168.253.31:0/2755183883 conn(0x56010563c800 :6789 s=STATE_OPEN pgs=12 cs=1 l=1).read_until read failed -426>
2019-03-02 18:53:26.739883 7fe35d709700 1 -- 192.168.253.203:6789/0 >> 192.168.253.31:0/2755183883 conn(0x56010563c800 :6789 s=STATE_OPEN pgs=12 cs=1 l=1).process read tag failed -425>
2019-03-02 18:53:26.739887 7fe35d709700 1 -- 192.168.253.203:6789/0 >> 192.168.253.31:0/2755183883 conn(0x56010563c800 :6789 s=STATE_OPEN pgs=12 cs=1 l=1).fault on lossy channel, failing -424>
2019-03-02 18:53:26.739890 7fe35d709700 2 -- 192.168.253.203:6789/0 >> 192.168.253.31:0/2755183883 conn(0x56010563c800 :6789 s=STATE_OPEN pgs=12 cs=1 l=1)._stop -423>
2019-03-02 18:53:26.755304 7fe356efc700 1 -- 192.168.253.203:6789/0 >> 192.168.253.165:6812/710509 conn(0x5601056f8800 :6789 s=STATE_OPEN pgs=411209 cs=1 l=1).read_bulk peer close file descriptor 57 -422>
2019-03-02 18:53:26.755316 7fe356efc700 1 -- 192.168.253.203:6789/0 >> 192.168.253.165:6812/710509 conn(0x5601056f8800 :6789 s=STATE_OPEN pgs=411209 cs=1 l=1).read_until read failed -421>
2019-03-02 18:53:26.755320 7fe356efc700 1 -- 192.168.253.203:6789/0 >> 192.168.253.165:6812/710509 conn(0x5601056f8800 :6789 s=STATE_OPEN pgs=411209 cs=1 l=1).process read tag failed -420>
2019-03-02 18:53:26.755323 7fe356efc700 1 -- 192.168.253.203:6789/0 >> 192.168.253.165:6812/710509 conn(0x5601056f8800 :6789 s=STATE_OPEN pgs=411209 cs=1 l=1).fault on lossy channel, failing -419>
2019-03-02 18:53:26.755326 7fe356efc700 2 -- 192.168.253.203:6789/0 >> 192.168.253.165:6812/710509 conn(0x5601056f8800 :6789 s=STATE_OPEN pgs=411209 cs=1 l=1)._stop -418>
2019-03-02 18:53:26.832047 7fe35d709700 1 -- 192.168.253.203:6789/0 >> - conn(0x560105973800 :6789 s=STATE_ACCEPTING pgs=0 cs=0 l=0)._process_connection sd=29 - -417>
2019-03-02 18:53:26.832645 7fe35d709700 2 -- 192.168.253.203:6789/0 >> 192.168.253.164:6812/543269 conn(0x560105973800 :6789 s=STATE_ACCEPTING_WAIT_SEQ pgs=454471 cs=1 l=1).handle_connect_msg accept write reply msg done -416>
2019-03-02 18:53:26.833106 7fe35d709700 2 -- 192.168.253.203:6789/0 >> 192.168.253.164:6812/543269 conn(0x560105973800 :6789 s=STATE_ACCEPTING_WAIT_SEQ pgs=454471 cs=1 l=1)._process_connection accept get newly_acked_seq 0 -415>
2019-03-02 18:53:26.833135 7fe35d709700 5 -- 192.168.253.203:6789/0 >> 192.168.253.164:6812/543269 conn(0x560105973800 :6789 s=STATE_OPEN_MESSAGE_READ_FOOTER_AND_DISPATCH pgs=454471 cs=1 l=1). rx osd.52 seq 1 0x560105492000 auth(proto 0 27 bytes epoch 14) v1 -414>
2019-03-02 18:53:26.833152 7fe359f02700 1 -- 192.168.253.203:6789/0 <== osd.52 192.168.253.164:6812/543269 1 ==== auth(proto 0 27 bytes epoch 14) v1 ==== 57+0+0 (317843293 0 0) 0x560105492000 con 0x560105973800 -413>
2019-03-02 18:53:26.833170 7fe359f02700 5 mon.storage01roc@3(electing) e14 waitlisting message auth(proto 0 27 bytes epoch 14) v1 -412>
2019-03-02 18:53:26.936709 7fe3576fd700 1 -- 192.168.253.203:6789/0 >> - conn(0x560105975000 :6789 s=STATE_ACCEPTING pgs=0 cs=0 l=0)._process_connection sd=56 - -411>
2019-03-02 18:53:26.936900 7fe3576fd700 2 -- 192.168.253.203:6789/0 >> 192.168.253.205:6818/642558 conn(0x560105975000 :6789 s=STATE_ACCEPTING_WAIT_SEQ pgs=87095 cs=1 l=1).handle_connect_msg accept write reply msg done -410>
2019-03-02 18:53:26.936931 7fe3576fd700 2 -- 192.168.253.203:6789/0 >> 192.168.253.205:6818/642558 conn(0x560105975000 :6789 s=STATE_ACCEPTING_WAIT_SEQ pgs=87095 cs=1 l=1)._process_connection accept get newly_acked_seq 0 -409>
2019-03-02 18:53:26.936962 7fe3576fd700 5 -- 192.168.253.203:6789/0 >> 192.168.253.205:6818/642558 conn(0x560105975000 :6789 s=STATE_OPEN_MESSAGE_READ_FOOTER_AND_DISPATCH pgs=87095 cs=1 l=1). rx osd.24 seq 1 0x560105958fc0 auth(proto 0 27 bytes epoch 14) v1 -408>
2019-03-02 18:53:26.936977 7fe359f02700 1 -- 192.168.253.203:6789/0 <== osd.24 192.168.253.205:6818/642558 1 ==== auth(proto 0 27 bytes epoch 14) v1 ==== 57+0+0 (3667517188 0 0) 0x560105958fc0 con 0x560105975000 -407>
2019-03-02 18:53:26.936994 7fe359f02700 5 mon.storage01roc@3(electing) e14 waitlisting message auth(proto 0 27 bytes epoch 14) v1 -406>
2019-03-02 18:53:26.992061 7fe3576fd700 1 -- 192.168.253.203:6789/0 >> 192.168.253.31:0/1087877254 conn(0x5601054b1800 :6789 s=STATE_OPEN pgs=35503 cs=1 l=1).read_bulk peer close file descriptor 28 -405>
2019-03-02 18:53:26.992074 7fe3576fd700 1 -- 192.168.253.203:6789/0 >> 192.168.253.31:0/1087877254 conn(0x5601054b1800 :6789 s=STATE_OPEN pgs=35503 cs=1 l=1).read_until read failed -404>
2019-03-02 18:53:26.992078 7fe3576fd700 1 -- 192.168.253.203:6789/0 >> 192.168.253.31:0/1087877254 conn(0x5601054b1800 :6789 s=STATE_OPEN pgs=35503 cs=1 l=1).process read tag failed -403>
2019-03-02 18:53:26.992081 7fe3576fd700 1 -- 192.168.253.203:6789/0 >> 192.168.253.31:0/1087877254 conn(0x5601054b1800 :6789 s=STATE_OPEN pgs=35503 cs=1 l=1).fault on lossy channel, failing -402>
2019-03-02 18:53:26.992091 7fe3576fd700 2 -- 192.168.253.203:6789/0 >> 192.168.253.31:0/1087877254 conn(0x5601054b1800 :6789 s=STATE_OPEN pgs=35503 cs=1 l=1)._stop -401>
2019-03-02 18:53:27.142660 7fe35c707700 5 mon.storage01roc@3(electing).elector(58461) election timer expired -400>
2019-03-02 18:53:27.142900 7fe35c707700 1 -- 192.168.253.203:6789/0 _send_message--> mon.4 192.168.253.204:6789/0 -- election(484eca8f-c17b-41fd-83eb-314052ccd8ea victory 58462) v7 -- ?+0 0x560105908f00 -399>
2019-03-02 18:53:27.142919 7fe35c707700 1 -- 192.168.253.203:6789/0 --> 192.168.253.204:6789/0 -- election(484eca8f-c17b-41fd-83eb-314052ccd8ea victory 58462) v7 -- 0x560105908f00 con 0 -398>
2019-03-02 18:53:27.142940 7fe35c707700 1 -- 192.168.253.203:6789/0 _send_message--> mon.5 192.168.253.205:6789/0 -- election(484eca8f-c17b-41fd-83eb-314052ccd8ea victory 58462) v7 -- ?+0 0x560105909200 -397>
2019-03-02 18:53:27.142946 7fe35c707700 1 -- 192.168.253.203:6789/0 --> 192.168.253.205:6789/0 -- election(484eca8f-c17b-41fd-83eb-314052ccd8ea victory 58462) v7 -- 0x560105909200 con 0 -396>
2019-03-02 18:53:27.142987 7fe35c707700 1 -- 192.168.253.203:6789/0 _send_message--> mon.6 192.168.253.242:6789/0 -- election(484eca8f-c17b-41fd-83eb-314052ccd8ea victory 58462) v7 -- ?+0 0x560105909500 -395>
2019-03-02 18:53:27.143002 7fe35c707700 1 -- 192.168.253.203:6789/0 --> 192.168.253.242:6789/0 -- election(484eca8f-c17b-41fd-83eb-314052ccd8ea victory 58462) v7 -- 0x560105909500 con 0 -394>
2019-03-02 18:53:27.143051 7fe35c707700 0 log_channel(cluster) log [INF] : mon.storage01roc is new leader, mons storage01roc,storage02roc,storage03roc,cephmon in quorum (ranks 3,4,5,6) -393>
2019-03-02 18:53:27.143066 7fe35c707700 1 -- 192.168.253.203:6789/0 --> 192.168.253.203:6789/0 -- log(1 entries from seq 3 at
2019-03-02 18:53:27.143055) v1 -- 0x560105992000 con 0 -392>
2019-03-02 18:53:27.143107 7fe359f02700 1 -- 192.168.253.203:6789/0 <== mon.3 192.168.253.203:6789/0 0 ==== log(1 entries from seq 3 at
2019-03-02 18:53:27.143055) v1 ==== 0+0+0 (0 0 0) 0x560105992000 con 0x5601053ea000 -391>
2019-03-02 18:53:27.143292 7fe35c707700 1 -- 192.168.253.203:6789/0 _send_message--> mon.4 192.168.253.204:6789/0 -- paxos(collect lc 13804982 fc 13804454 pn 935303 opn 0) v4 -- ?+0 0x560105909800 -390>
2019-03-02 18:53:27.143304 7fe35c707700 1 -- 192.168.253.203:6789/0 --> 192.168.253.204:6789/0 -- paxos(collect lc 13804982 fc 13804454 pn 935303 opn 0) v4 -- 0x560105909800 con 0 -389>
2019-03-02 18:53:27.143314 7fe35c707700 1 -- 192.168.253.203:6789/0 _send_message--> mon.5 192.168.253.205:6789/0 -- paxos(collect lc 13804982 fc 13804454 pn 935303 opn 0) v4 -- ?+0 0x560105909b00 -388>
2019-03-02 18:53:27.143319 7fe35c707700 1 -- 192.168.253.203:6789/0 --> 192.168.253.205:6789/0 -- paxos(collect lc 13804982 fc 13804454 pn 935303 opn 0) v4 -- 0x560105909b00 con 0 -387>
2019-03-02 18:53:27.143325 7fe35c707700 1 -- 192.168.253.203:6789/0 _send_message--> mon.6 192.168.253.242:6789/0 -- paxos(collect lc 13804982 fc 13804454 pn 935303 opn 0) v4 -- ?+0 0x56010598e000 -386>
2019-03-02 18:53:27.143329 7fe35c707700 1 -- 192.168.253.203:6789/0 --> 192.168.253.242:6789/0 -- paxos(collect lc 13804982 fc 13804454 pn 935303 opn 0) v4 -- 0x56010598e000 con 0 -385>
2019-03-02 18:53:27.143411 7fe35c707700 5 mon.storage01roc@3(leader) e14 apply_quorum_to_compatset_features -384>
2019-03-02 18:53:27.143421 7fe35c707700 5 mon.storage01roc@3(leader) e14 apply_monmap_to_compatset_features -383>
2019-03-02 18:53:27.143486 7fe35c707700 1 -- 192.168.253.203:6789/0 _send_message--> mon.4 192.168.253.204:6789/0 -- time_check( ping e 58462 r 1 ) v1 -- ?+0 0x560105795440 -382>
2019-03-02 18:53:27.143494 7fe35c707700 1 -- 192.168.253.203:6789/0 --> 192.168.253.204:6789/0 -- time_check( ping e 58462 r 1 ) v1 -- 0x560105795440 con 0 -381>
2019-03-02 18:53:27.143502 7fe35c707700 1 -- 192.168.253.203:6789/0 _send_message--> mon.5 192.168.253.205:6789/0 -- time_check( ping e 58462 r 1 ) v1 -- ?+0 0x560105959d40 -380>
2019-03-02 18:53:27.143512 7fe35c707700 1 -- 192.168.253.203:6789/0 --> 192.168.253.205:6789/0 -- time_check( ping e 58462 r 1 ) v1 -- 0x560105959d40 con 0 -379>
2019-03-02 18:53:27.143520 7fe35c707700 1 -- 192.168.253.203:6789/0 _send_message--> mon.6 192.168.253.242:6789/0 -- time_check( ping e 58462 r 1 ) v1 -- ?+0 0x560105992480 -378>
2019-03-02 18:53:27.143524 7fe35c707700 1 -- 192.168.253.203:6789/0 --> 192.168.253.242:6789/0 -- time_check( ping e 58462 r 1 ) v1 -- 0x560105992480 con 0 -377>
2019-03-02 18:53:27.143610 7fe3576fd700 5 -- 192.168.253.203:6789/0 >> 192.168.253.205:6789/0 conn(0x560105678800 :-1 s=STATE_OPEN_MESSAGE_READ_FOOTER_AND_DISPATCH pgs=7287 cs=1 l=0). rx mon.5 seq 1798943793 0x5601058a7180 forward(log(1 entries from seq 249 at
2019-03-02 18:53:00.285700) v1 caps allow * tid 3934 con_features 2305244844532236283) v3 -376>
2019-03-02 18:53:27.143638 7fe359f02700 1 -- 192.168.253.203:6789/0 <== mon.5 192.168.253.205:6789/0 1798943793 ==== forward(log(1 entries from seq 249 at
2019-03-02 18:53:00.285700) v1 caps allow * tid 3934 con_features 2305244844532236283) v3 ==== 451+0+0 (2345767367 0 0) 0x5601058a7180 con 0x560105678800 -375>
2019-03-02 18:53:27.143688 7fe3576fd700 5 -- 192.168.253.203:6789/0 >> 192.168.253.205:6789/0 conn(0x560105678800 :-1 s=STATE_OPEN_MESSAGE_READ_FOOTER_AND_DISPATCH pgs=7287 cs=1 l=0). rx mon.5 seq 1798943794 0x56010599c000 forward(log(1 entries from seq 250 at
2019-03-02 18:53:00.286175) v1 caps allow * tid 3935 con_features 2305244844532236283) v3 -374>
2019-03-02 18:53:27.143715 7fe359f02700 1 -- 192.168.253.203:6789/0 <== mon.5 192.168.253.205:6789/0 1798943794 ==== forward(log(1 entries from seq 250 at
2019-03-02 18:53:00.286175) v1 caps allow * tid 3935 con_features 2305244844532236283) v3 ==== 521+0+0 (1805236427 0 0) 0x56010599c000 con 0x560105678800 -373>
2019-03-02 18:53:27.144024 7fe356efc700 5 -- 192.168.253.203:6789/0 >> 192.168.253.204:6789/0 conn(0x560105677000 :-1 s=STATE_OPEN_MESSAGE_READ_FOOTER_AND_DISPATCH pgs=9597 cs=1 l=0). rx mon.4 seq 1756793705 0x560105908f00 paxos(last lc 13804982 fc 13804454 pn 935303 opn 0) v4 -372>
2019-03-02 18:53:27.144044 7fe359f02700 1 -- 192.168.253.203:6789/0 <== mon.4 192.168.253.204:6789/0 1756793705 ==== paxos(last lc 13804982 fc 13804454 pn 935303 opn 0) v4 ==== 84+0+0 (1918868918 0 0) 0x560105908f00 con 0x560105677000 -371>
2019-03-02 18:53:27.144053 7fe356efc700 5 -- 192.168.253.203:6789/0 >> 192.168.253.204:6789/0 conn(0x560105677000 :-1 s=STATE_OPEN_MESSAGE_READ_FOOTER_AND_DISPATCH pgs=9597 cs=1 l=0). rx mon.4 seq 1756793706 0x560105795440 time_check( pong e 58462 r 1 ts
2019-03-02 18:53:27.144163 ) v1 -370>
2019-03-02 18:53:27.144074 7fe359f02700 1 -- 192.168.253.203:6789/0 <== mon.4 192.168.253.204:6789/0 1756793706 ==== time_check( pong e 58462 r 1 ts
2019-03-02 18:53:27.144163 ) v1 ==== 36+0+0 (810820296 0 0) 0x560105795440 con 0x560105677000 -369>
2019-03-02 18:53:27.144108 7fe3576fd700 5 -- 192.168.253.203:6789/0 >> 192.168.253.205:6789/0 conn(0x560105678800 :-1 s=STATE_OPEN_MESSAGE_READ_FOOTER_AND_DISPATCH pgs=7287 cs=1 l=0). rx mon.5 seq 1798943795 0x560105909b00 paxos(last lc 13804982 fc 13804454 pn 935303 opn 0) v4 -368>
2019-03-02 18:53:27.144128 7fe359f02700 1 -- 192.168.253.203:6789/0 <== mon.5 192.168.253.205:6789/0 1798943795 ==== paxos(last lc 13804982 fc 13804454 pn 935303 opn 0) v4 ==== 84+0+0 (3193165242 0 0) 0x560105909b00 con 0x560105678800 -367>
2019-03-02 18:53:27.144133 7fe3576fd700 5 -- 192.168.253.203:6789/0 >> 192.168.253.205:6789/0 conn(0x560105678800 :-1 s=STATE_OPEN_MESSAGE_READ_FOOTER_AND_DISPATCH pgs=7287 cs=1 l=0). rx mon.5 seq 1798943796 0x560105959d40 time_check( pong e 58462 r 1 ts
2019-03-02 18:53:27.144374 ) v1 -366>
2019-03-02 18:53:27.144149 7fe359f02700 1 -- 192.168.253.203:6789/0 <== mon.5 192.168.253.205:6789/0 1798943796 ==== time_check( pong e 58462 r 1 ts
2019-03-02 18:53:27.144374 ) v1 ==== 36+0+0 (546103651 0 0) 0x560105959d40 con 0x560105678800 -365>
2019-03-02 18:53:27.155849 7fe35d709700 5 -- 192.168.253.203:6789/0 >> 192.168.253.242:6789/0 conn(0x56010567e000 :-1 s=STATE_OPEN_MESSAGE_READ_FOOTER_AND_DISPATCH pgs=23438 cs=1 l=0). rx mon.6 seq 1673216110 0x56010598e000 paxos(last lc 13804982 fc 13804454 pn 935303 opn 0) v4 -364>
2019-03-02 18:53:27.155869 7fe359f02700 1 -- 192.168.253.203:6789/0 <== mon.6 192.168.253.242:6789/0 1673216110 ==== paxos(last lc 13804982 fc 13804454 pn 935303 opn 0) v4 ==== 84+0+0 (1592508016 0 0) 0x56010598e000 con 0x56010567e000 -363>
2019-03-02 18:53:27.155873 7fe35d709700 5 -- 192.168.253.203:6789/0 >> 192.168.253.242:6789/0 conn(0x56010567e000 :-1 s=STATE_OPEN_MESSAGE_READ_FOOTER_AND_DISPATCH pgs=23438 cs=1 l=0). rx mon.6 seq 1673216111 0x560105992480 time_check( pong e 58462 r 1 ts
2019-03-02 18:53:27.154851 ) v1 -362>
2019-03-02 18:53:27.155884 7fe359f02700 1 -- 192.168.253.203:6789/0 _send_message--> mon.4 192.168.253.204:6789/0 -- paxos(lease lc 13804982 fc 13804454 pn 0 opn 0) v4 -- ?+0 0x560105908c00 -361>
2019-03-02 18:53:27.155889 7fe359f02700 1 -- 192.168.253.203:6789/0 --> 192.168.253.204:6789/0 -- paxos(lease lc 13804982 fc 13804454 pn 0 opn 0) v4 -- 0x560105908c00 con 0 -360>
2019-03-02 18:53:27.155899 7fe359f02700 1 -- 192.168.253.203:6789/0 _send_message--> mon.5 192.168.253.205:6789/0 -- paxos(lease lc 13804982 fc 13804454 pn 0 opn 0) v4 -- ?+0 0x560105908600 -359>
2019-03-02 18:53:27.155904 7fe359f02700 1 -- 192.168.253.203:6789/0 --> 192.168.253.205:6789/0 -- paxos(lease lc 13804982 fc 13804454 pn 0 opn 0) v4 -- 0x560105908600 con 0 -358>
2019-03-02 18:53:27.155911 7fe359f02700 1 -- 192.168.253.203:6789/0 _send_message--> mon.6 192.168.253.242:6789/0 -- paxos(lease lc 13804982 fc 13804454 pn 0 opn 0) v4 -- ?+0 0x560105908300 -357>
2019-03-02 18:53:27.155915 7fe359f02700 1 -- 192.168.253.203:6789/0 --> 192.168.253.242:6789/0 -- paxos(lease lc 13804982 fc 13804454 pn 0 opn 0) v4 -- 0x560105908300 con 0 -356>
2019-03-02 18:53:27.156054 7fe3576fd700 5 -- 192.168.253.203:6789/0 >> 192.168.253.205:6789/0 conn(0x560105678800 :-1 s=STATE_OPEN_MESSAGE_READ_FOOTER_AND_DISPATCH pgs=7287 cs=1 l=0). rx mon.5 seq 1798943797 0x560105908600 paxos(lease_ack lc 13804982 fc 13804454 pn 0 opn 0) v4 -355>
2019-03-02 18:53:27.156055 7fe356efc700 5 -- 192.168.253.203:6789/0 >> 192.168.253.204:6789/0 conn(0x560105677000 :-1 s=STATE_OPEN_MESSAGE_READ_FOOTER_AND_DISPATCH pgs=9597 cs=1 l=0). rx mon.4 seq 1756793707 0x560105908c00 paxos(lease_ack lc 13804982 fc 13804454 pn 0 opn 0) v4 -354>
2019-03-02 18:53:27.156114 7fe359f02700 4 mgrc handle_mgr_map Got map version 519 -353>
2019-03-02 18:53:27.156122 7fe359f02700 4 mgrc handle_mgr_map Active mgr is now 192.168.253.163:6820/2891295 -352>
2019-03-02 18:53:27.156170 7fe3576fd700 5 -- 192.168.253.203:6789/0 >> 192.168.253.205:6789/0 conn(0x560105678800 :-1 s=STATE_OPEN_MESSAGE_READ_FOOTER_AND_DISPATCH pgs=7287 cs=1 l=0). rx mon.5 seq 1798943798 0x56010599c280 forward(log(1 entries from seq 251 at
2019-03-02 18:53:07.139680) v1 caps allow * tid 3940 con_features 2305244844532236283) v3 -351>
2019-03-02 18:53:27.156204 7fe356efc700 5 -- 192.168.253.203:6789/0 >> 192.168.253.204:6789/0 conn(0x560105677000 :-1 s=STATE_OPEN_MESSAGE_READ_FOOTER_AND_DISPATCH pgs=9597 cs=1 l=0). rx mon.4 seq 1756793708 0x5601058a7400 forward(log(1 entries from seq 352 at
2019-03-02 18:53:07.138814) v1 caps allow * tid 5274 con_features 2305244844532236283) v3 -350>
2019-03-02 18:53:27.156302 7fe359f02700 0 log_channel(cluster) log [DBG] : monmap e14: 7 mons at {cephmon=192.168.253.242:6789/0,storage01moc=192.168.253.163:6789/0,storage01roc=192.168.253.203:6789/0,storage02moc=192.168.253.164:6789/0,storage02roc=192.168.253.204:6789/0,storage03moc=192.168.253.165:6789/0,storage03roc=192.168.253.205:6789/0} -349>
2019-03-02 18:53:27.156309 7fe359f02700 1 -- 192.168.253.203:6789/0 --> 192.168.253.203:6789/0 -- log(1 entries from seq 4 at
2019-03-02 18:53:27.156308) v1 -- 0x560105795440 con 0 -348>
2019-03-02 18:53:27.156344 7fe359f02700 0 log_channel(cluster) log [DBG] : fsmap -347>
2019-03-02 18:53:27.156348 7fe359f02700 1 -- 192.168.253.203:6789/0 --> 192.168.253.203:6789/0 -- log(1 entries from seq 5 at
2019-03-02 18:53:27.156347) v1 -- 0x560105795b00 con 0 -346>
2019-03-02 18:53:27.156418 7fe359f02700 0 log_channel(cluster) log [DBG] : osdmap e79198: 60 total, 60 up, 60 in -345>
2019-03-02 18:53:27.156422 7fe359f02700 1 -- 192.168.253.203:6789/0 --> 192.168.253.203:6789/0 -- log(1 entries from seq 6 at
2019-03-02 18:53:27.156421) v1 -- 0x560105795d40 con 0 -344>
2019-03-02 18:53:27.156482 7fe359f02700 0 log_channel(cluster) log [DBG] : mgrmap e519: storage01moc(active), standbys: storage02roc, storage03roc, storage03moc, storage01roc, cephmon -343>
2019-03-02 18:53:27.156486 7fe359f02700 1 -- 192.168.253.203:6789/0 --> 192.168.253.203:6789/0 -- log(1 entries from seq 7 at
2019-03-02 18:53:27.156485) v1 -- 0x560105992900 con 0 -342>
2019-03-02 18:53:27.156679 7fe359f02700 0 log_channel(cluster) log [WRN] : overall HEALTH_WARN 3/7 mons down, quorum storage01roc,storage02roc,storage03roc,cephmon -341>
2019-03-02 18:53:27.156685 7fe359f02700 1 -- 192.168.253.203:6789/0 --> 192.168.253.203:6789/0 -- log(1 entries from seq 8 at
2019-03-02 18:53:27.156683) v1 -- 0x560105992d80 con 0 -340>
2019-03-02 18:53:27.156717 7fe35d709700 5 -- 192.168.253.203:6789/0 >> 192.168.253.242:6789/0 conn(0x56010567e000 :-1 s=STATE_OPEN_MESSAGE_READ_FOOTER_AND_DISPATCH pgs=23438 cs=1 l=0). rx mon.6 seq 1673216112 0x560105908300 paxos(lease_ack lc 13804982 fc 13804454 pn 0 opn 0) v4 -339>
2019-03-02 18:53:27.156915 7fe359f02700 2 mon.storage01roc@3(leader) e14 send_reply 0x5601053838c0 0x5601054f1d40 auth_reply(proto 2 0 (0) Success) v1 -338>
2019-03-02 18:53:27.156929 7fe359f02700 1 -- 192.168.253.203:6789/0 --> 192.168.253.32:0/3361644023 -- auth_reply(proto 2 0 (0) Success) v1 -- 0x5601054f1d40 con 0 -337>
2019-03-02 18:53:27.156965 7fe359f02700 2 mon.storage01roc@3(leader) e14 send_reply 0x5601053839e0 0x5601054926c0 auth_reply(proto 2 0 (0) Success) v1 -336>
2019-03-02 18:53:27.156974 7fe359f02700 1 -- 192.168.253.203:6789/0 --> 192.168.253.32:0/3589307736 -- auth_reply(proto 2 0 (0) Success) v1 -- 0x5601054926c0 con 0 -335>
2019-03-02 18:53:27.157007 7fe359f02700 2 mon.storage01roc@3(leader) e14 send_reply 0x56010547a480 0x560105492240 auth_reply(proto 2 0 (0) Success) v1 -334>
2019-03-02 18:53:27.157012 7fe359f02700 1 -- 192.168.253.203:6789/0 --> 192.168.253.165:6808/526512 -- auth_reply(proto 2 0 (0) Success) v1 -- 0x560105492240 con 0 -333>
2019-03-02 18:53:27.157029 7fe359f02700 2 mon.storage01roc@3(leader) e14 send_reply 0x56010547a6c0 0x560105492900 auth_reply(proto 2 0 (0) Success) v1 -332>
2019-03-02 18:53:27.157033 7fe359f02700 1 -- 192.168.253.203:6789/0 --> 192.168.253.204:6805/322433 -- auth_reply(proto 2 0 (0) Success) v1 -- 0x560105492900 con 0 -331>
2019-03-02 18:53:27.157060 7fe359f02700 2 mon.storage01roc@3(leader) e14 send_reply 0x56010547b560 0x560105434000 auth_reply(proto 2 0 (0) Success) v1 -330>
2019-03-02 18:53:27.157065 7fe359f02700 1 -- 192.168.253.203:6789/0 --> 192.168.253.32:0/614279813 -- auth_reply(proto 2 0 (0) Success) v1 -- 0x560105434000 con 0 -329>
2019-03-02 18:53:27.157095 7fe359f02700 2 mon.storage01roc@3(leader) e14 send_reply 0x56010547bb00 0x5601054938c0 auth_reply(proto 2 0 (0) Success) v1 -328>
2019-03-02 18:53:27.157100 7fe359f02700 1 -- 192.168.253.203:6789/0 --> 192.168.253.164:6808/605500 -- auth_reply(proto 2 0 (0) Success) v1 -- 0x5601054938c0 con 0 -327>
