2019-03-02 18:53:27.161774 7fe3576fd700 5 -- 192.168.253.203:6789/0 >> 192.168.253.165:6808/526512 conn(0x56010563b000 :6789 s=STATE_OPEN_MESSAGE_READ_FOOTER_AND_DISPATCH pgs=465203 cs=1 l=1). rx osd.15 seq 3 0x560105493b00 auth(proto 2 165 bytes epoch 0) v1 -84>
2019-03-02 18:53:27.161843 7fe359f02700 2 mon.storage01roc@3(leader) e14 send_reply 0x560105545560 0x560105435440 auth_reply(proto 2 0 (0) Success) v1 -83>
2019-03-02 18:53:27.161849 7fe359f02700 1 -- 192.168.253.203:6789/0 --> 192.168.253.203:6800/259757 -- auth_reply(proto 2 0 (0) Success) v1 -- 0x560105435440 con 0 -82>
2019-03-02 18:53:27.161862 7fe359f02700 1 -- 192.168.253.203:6789/0 <== client.8173839 192.168.253.43:0/94488736 3 ==== mon_subscribe({monmap=15+,osdmap=79199}) v2 ==== 42+0+0 (179502811 0 0) 0x5601056d8600 con 0x560105775000 -81>
2019-03-02 18:53:27.161876 7fe359f02700 1 -- 192.168.253.203:6789/0 <== client.9189323 192.168.253.37:0/3202181189 3 ==== mon_subscribe({monmap=15+,osdmap=79199}) v2 ==== 42+0+0 (179502811 0 0) 0x560105253000 con 0x560105776800 -80>
2019-03-02 18:53:27.161886 7fe359f02700 1 -- 192.168.253.203:6789/0 <== client.9189330 192.168.253.37:0/3953751394 3 ==== mon_subscribe({monmap=15+,osdmap=79199}) v2 ==== 42+0+0 (179502811 0 0) 0x5601056d9e00 con 0x560105788000 -79>
2019-03-02 18:53:27.161896 7fe359f02700 1 -- 192.168.253.203:6789/0 <== client.8173846 192.168.253.43:0/1267131636 3 ==== mon_subscribe({monmap=15+,osdmap=79199}) v2 ==== 42+0+0 (179502811 0 0) 0x560105252400 con 0x560105789800 -78>
2019-03-02 18:53:27.161906 7fe359f02700 1 -- 192.168.253.203:6789/0 <== client.7893124 192.168.253.44:0/219447902 2 ==== auth(proto 2 144 bytes epoch 0) v1 ==== 174+0+0 (1800022541 0 0) 0x560105434480 con 0x56010578b000 -77>
2019-03-02 18:53:27.161982 7fe359f02700 2 mon.storage01roc@3(leader) e14 send_reply 0x560105535440 0x560105493d40 auth_reply(proto 2 0 (0) Success) v1 -76>
2019-03-02 18:53:27.161990 7fe359f02700 1 -- 192.168.253.203:6789/0 --> 192.168.253.44:0/219447902 -- auth_reply(proto 2 0 (0) Success) v1 -- 0x560105493d40 con 0 -75>
2019-03-02 18:53:27.162004 7fe359f02700 1 -- 192.168.253.203:6789/0 <== client.9201939 192.168.253.31:0/3482224786 3 ==== mon_subscribe({monmap=15+,osdmap=79199}) v2 ==== 42+0+0 (179502811 0 0) 0x560105252c00 con 0x5601058f8000 -74>
2019-03-02 18:53:27.162009 7fe356efc700 5 -- 192.168.253.203:6789/0 >> 192.168.253.203:6800/259757 conn(0x560105773800 :6789 s=STATE_OPEN_MESSAGE_READ_FOOTER_AND_DISPATCH pgs=89395 cs=1 l=1). rx osd.3 seq 4 0x5601056d6c00 mon_subscribe({mgrmap=0+,monmap=15+,osd_pg_creates=0+}) v2 -73>
2019-03-02 18:53:27.162018 7fe359f02700 1 -- 192.168.253.203:6789/0 <== client.9201946 192.168.253.31:0/3137663203 3 ==== mon_subscribe({monmap=15+,osdmap=79199}) v2 ==== 42+0+0 (179502811 0 0) 0x5601054da200 con 0x5601058f9800 -72>
2019-03-02 18:53:27.162027 7fe359f02700 1 -- 192.168.253.203:6789/0 <== client.8943766 192.168.253.33:0/140057803 3 ==== mon_subscribe({monmap=15+,osdmap=79199}) v2 ==== 42+0+0 (179502811 0 0) 0x560105253800 con 0x5601058fb000 -71>
2019-03-02 18:53:27.162030 7fe356efc700 5 -- 192.168.253.203:6789/0 >> 192.168.253.203:6800/259757 conn(0x560105773800 :6789 s=STATE_OPEN_MESSAGE_READ_FOOTER_AND_DISPATCH pgs=89395 cs=1 l=1). rx osd.3 seq 5 0x5601056d6a00 osd_beacon(pgs [109.44,109.5c,109.37,109.4a,109.74,109.5f] lec 79198 v79198) v1 -70>
2019-03-02 18:53:27.162036 7fe359f02700 1 -- 192.168.253.203:6789/0 <== client.9191584 192.168.253.35:0/3274667345 3 ==== mon_subscribe({monmap=15+,osdmap=79199}) v2 ==== 42+0+0 (179502811 0 0) 0x5601056d6000 con 0x5601058fc800 -69>
2019-03-02 18:53:27.162042 7fe356efc700 5 -- 192.168.253.203:6789/0 >> 192.168.253.203:6800/259757 conn(0x560105773800 :6789 s=STATE_OPEN_MESSAGE_READ_FOOTER_AND_DISPATCH pgs=89395 cs=1 l=1). rx osd.3 seq 6 0x5601056d9e00 osd_beacon(pgs [] lec 79198 v79198) v1 -68>
2019-03-02 18:53:27.162045 7fe359f02700 1 -- 192.168.253.203:6789/0 <== client.8939327 192.168.253.37:0/1733074246 3 ==== mon_subscribe({monmap=15+,osdmap=79199}) v2 ==== 42+0+0 (179502811 0 0) 0x5601056d7800 con 0x56010543b800 -67>
2019-03-02 18:53:27.162052 7fe359f02700 1 -- 192.168.253.203:6789/0 <== client.8939320 192.168.253.37:0/2175704180 3 ==== mon_subscribe({monmap=15+,osdmap=79199}) v2 ==== 42+0+0 (179502811 0 0) 0x5601056d9a00 con 0x56010593e000 -66>
2019-03-02 18:53:27.162060 7fe359f02700 1 -- 192.168.253.203:6789/0 <== osd.19 192.168.253.164:6810/343964 3 ==== auth(proto 2 165 bytes epoch 0) v1 ==== 195+0+0 (1446845268 0 0) 0x560105795680 con 0x56010545b800 -65>
2019-03-02 18:53:27.162082 7fe356efc700 5 -- 192.168.253.203:6789/0 >> 192.168.253.164:6808/605500 conn(0x56010575b000 :6789 s=STATE_OPEN_MESSAGE_READ_FOOTER_AND_DISPATCH pgs=189842 cs=1 l=1). rx osd.14 seq 4 0x5601056d8600 mon_subscribe({mgrmap=0+,monmap=15+,osd_pg_creates=0+}) v2 -64>
2019-03-02 18:53:27.162097 7fe356efc700 5 -- 192.168.253.203:6789/0 >> 192.168.253.164:6808/605500 conn(0x56010575b000 :6789 s=STATE_OPEN_MESSAGE_READ_FOOTER_AND_DISPATCH pgs=189842 cs=1 l=1). rx osd.14 seq 5 0x560105253000 osd_beacon(pgs [105.c,105.1c8,116.78,105.109,105.d7,105.64,105.297,85.ff,116.17,115.10,105.108,85.6f,85.a7,105.2e0,105.329,105.2ae,105.253,119.37,85.aa,105.19f,105.d6,105.73,115.13,85.1a,105.310,85.98,105.6f,105.97,85.6,121.6f,116.e6,105.1f8,105.31f,105.2ea,105.1d5,105.100,121.30,105.105,121.56,85.7a,105.e4,121.79,121.18,105.18c,108.1d,116.1a,121.33,119.3d,105.3c,116.f0,105.261,105.21a,85.b0,105.1f4,116.7b,85.84,105.4,85.38,115.c,119.8,105.30,105.11d,121.3e,108.2b,105.1bc,105.190,105.36,116.99,105.290,85.18,85.e6,116.c7,116.4b,105.2fd,85.a5,115.e,105.16b,116.f6,105.3f7,85.8a] lec 79197 v79198) v1 -63>
2019-03-02 18:53:27.162152 7fe359f02700 2 mon.storage01roc@3(leader) e14 send_reply 0x560105545680 0x560105434480 auth_reply(proto 2 0 (0) Success) v1 -62>
2019-03-02 18:53:27.162160 7fe359f02700 1 -- 192.168.253.203:6789/0 --> 192.168.253.164:6810/343964 -- auth_reply(proto 2 0 (0) Success) v1 -- 0x560105434480 con 0 -61>
2019-03-02 18:53:27.162173 7fe359f02700 1 -- 192.168.253.203:6789/0 <== osd.2 192.168.253.205:6804/639792 3 ==== auth(proto 2 165 bytes epoch 0) v1 ==== 195+0+0 (3437510617 0 0) 0x5601054926c0 con 0x56010593f800 -60>
2019-03-02 18:53:27.162259 7fe359f02700 2 mon.storage01roc@3(leader) e14 send_reply 0x5601055457a0 0x560105795680 auth_reply(proto 2 0 (0) Success) v1 -59>
2019-03-02 18:53:27.162265 7fe359f02700 1 -- 192.168.253.203:6789/0 --> 192.168.253.205:6804/639792 -- auth_reply(proto 2 0 (0) Success) v1 -- 0x560105795680 con 0 -58>
2019-03-02 18:53:27.162293 7fe356efc700 5 -- 192.168.253.203:6789/0 >> 192.168.253.163:0/2778817751 conn(0x56010575c800 :6789 s=STATE_OPEN_MESSAGE_READ_FOOTER_AND_DISPATCH pgs=3778 cs=1 l=1). rx client.9267543 seq 4 0x560105252400 mon_subscribe({fsmap=2+,log-info=0+,mgrdigest=0+,mgrmap=0+,monmap=15+,osdmap=79199,servicemap=0+}) v2 -57>
2019-03-02 18:53:27.162314 7fe359f02700 1 -- 192.168.253.203:6789/0 <== osd.50 192.168.253.165:6816/711134 3 ==== auth(proto 2 165 bytes epoch 0) v1 ==== 195+0+0 (1117087331 0 0) 0x560105958d80 con 0x560105941000 -56>
2019-03-02 18:53:27.162316 7fe356efc700 5 -- 192.168.253.203:6789/0 >> 192.168.253.163:0/2778817751 conn(0x56010575c800 :6789 s=STATE_OPEN_MESSAGE_READ_FOOTER_AND_DISPATCH pgs=3778 cs=1 l=1). rx client.9267543 seq 5 0x56010598fb00 mgrbeacon mgr.storage01moc(484eca8f-c17b-41fd-83eb-314052ccd8ea,9267543, 192.168.253.163:6820/2891295, 1) v6 -55>
2019-03-02 18:53:27.162335 7fe356efc700 5 -- 192.168.253.203:6789/0 >> 192.168.253.163:0/2778817751 conn(0x56010575c800 :6789 s=STATE_OPEN_MESSAGE_READ_FOOTER_AND_DISPATCH pgs=3778 cs=1 l=1). rx client.9267543 seq 6 0x56010599cf00 monmgrreport(0 checks) v1 -54>
2019-03-02 18:53:27.162352 7fe356efc700 5 -- 192.168.253.203:6789/0 >> 192.168.253.163:0/2778817751 conn(0x56010575c800 :6789 s=STATE_OPEN_MESSAGE_READ_FOOTER_AND_DISPATCH pgs=3778 cs=1 l=1). rx client.9267543 seq 7 0x56010598f800 mgrbeacon mgr.storage01moc(484eca8f-c17b-41fd-83eb-314052ccd8ea,9267543, 192.168.253.163:6820/2891295, 1) v6 -53>
2019-03-02 18:53:27.162361 7fe35d709700 5 -- 192.168.253.203:6789/0 >> 192.168.253.164:6802/541834 conn(0x560105772000 :6789 s=STATE_OPEN_MESSAGE_READ_FOOTER_AND_DISPATCH pgs=279118 cs=1 l=1). rx osd.40 seq 4 0x5601056d9800 mon_subscribe({mgrmap=0+,monmap=15+,osd_pg_creates=0+}) v2 -52>
2019-03-02 18:53:27.162367 7fe356efc700 5 -- 192.168.253.203:6789/0 >> 192.168.253.163:0/2778817751 conn(0x56010575c800 :6789 s=STATE_OPEN_MESSAGE_READ_FOOTER_AND_DISPATCH pgs=3778 cs=1 l=1). rx client.9267543 seq 8 0x5601058a7180 monmgrreport(0 checks) v1 -51>
2019-03-02 18:53:27.162388 7fe356efc700 5 -- 192.168.253.203:6789/0 >> 192.168.253.163:0/2778817751 conn(0x56010575c800 :6789 s=STATE_OPEN_MESSAGE_READ_FOOTER_AND_DISPATCH pgs=3778 cs=1 l=1). rx client.9267543 seq 9 0x56010598f500 mgrbeacon mgr.storage01moc(484eca8f-c17b-41fd-83eb-314052ccd8ea,9267543, 192.168.253.163:6820/2891295, 1) v6 -50>
2019-03-02 18:53:27.162385 7fe35d709700 5 -- 192.168.253.203:6789/0 >> 192.168.253.164:6802/541834 conn(0x560105772000 :6789 s=STATE_OPEN_MESSAGE_READ_FOOTER_AND_DISPATCH pgs=279118 cs=1 l=1). rx osd.40 seq 5 0x5601056d4a00 osd_beacon(pgs [121.5f,121.22,121.f,105.2b7,121.4f,105.2e2,105.110,105.db,119.10,119.2b,105.ee,105.2cb,105.2b,105.86,105.3b,105.2ce,105.3b4,85.50,105.d1,115.8,115.32,85.d9,105.ca,105.ef,108.0,105.fa,119.21,85.3,119.20,105.c0,116.3c,105.80,108.4e,85.bc,105.1dc,105.148,116.df,116.a1,116.82,105.3fd,116.63,116.a4,105.6d,105.0,105.19e,116.4d,105.18f,116.d3,121.3c,105.33a,116.a8,108.79,105.8c,85.4b,105.1cb,105.33f,105.1b6,105.3ab,105.188,105.2dc,108.3c,105.132] lec 79197 v79198) v1 -49>
2019-03-02 18:53:27.162403 7fe35d709700 5 -- 192.168.253.203:6789/0 >> 192.168.253.164:6802/541834 conn(0x560105772000 :6789 s=STATE_OPEN_MESSAGE_READ_FOOTER_AND_DISPATCH pgs=279118 cs=1 l=1). rx osd.40 seq 6 0x5601056d4200 osd_beacon(pgs [] lec 79197 v79198) v1 -48>
2019-03-02 18:53:27.162407 7fe356efc700 5 -- 192.168.253.203:6789/0 >> 192.168.253.163:0/2778817751 conn(0x56010575c800 :6789 s=STATE_OPEN_MESSAGE_READ_FOOTER_AND_DISPATCH pgs=3778 cs=1 l=1). rx client.9267543 seq 10 0x56010599d400 monmgrreport(0 checks) v1 -47>
2019-03-02 18:53:27.162411 7fe359f02700 2 mon.storage01roc@3(leader) e14 send_reply 0x560105535680 0x5601054926c0 auth_reply(proto 2 0 (0) Success) v1 -46>
2019-03-02 18:53:27.162416 7fe359f02700 1 -- 192.168.253.203:6789/0 --> 192.168.253.165:6816/711134 -- auth_reply(proto 2 0 (0) Success) v1 -- 0x5601054926c0 con 0 -45>
2019-03-02 18:53:27.162428 7fe359f02700 1 -- 192.168.253.203:6789/0 <== osd.9 192.168.253.165:6802/708867 3 ==== auth(proto 2 165 bytes epoch 0) v1 ==== 195+0+0 (2825895776 0 0) 0x560105958b40 con 0x560105942800 -44>
2019-03-02 18:53:27.162516 7fe359f02700 2 mon.storage01roc@3(leader) e14 send_reply 0x5601055358c0 0x560105958d80 auth_reply(proto 2 0 (0) Success) v1 -43>
2019-03-02 18:53:27.162523 7fe359f02700 1 -- 192.168.253.203:6789/0 --> 192.168.253.165:6802/708867 -- auth_reply(proto 2 0 (0) Success) v1 -- 0x560105958d80 con 0 -42>
2019-03-02 18:53:27.162535 7fe359f02700 1 -- 192.168.253.203:6789/0 <== osd.35 192.168.253.203:6802/506915 3 ==== auth(proto 2 165 bytes epoch 0) v1 ==== 195+0+0 (3530128003 0 0) 0x560105492fc0 con 0x56010595c000 -41>
2019-03-02 18:53:27.162563 7fe356efc700 5 -- 192.168.253.203:6789/0 >> 192.168.253.205:6804/639792 conn(0x56010593f800 :6789 s=STATE_OPEN_MESSAGE_READ_FOOTER_AND_DISPATCH pgs=68711 cs=1 l=1). rx osd.2 seq 4 0x5601056d7200 mon_subscribe({mgrmap=0+,monmap=15+,osd_pg_creates=0+}) v2 -40>
2019-03-02 18:53:27.162575 7fe356efc700 5 -- 192.168.253.203:6789/0 >> 192.168.253.205:6804/639792 conn(0x56010593f800 :6789 s=STATE_OPEN_MESSAGE_READ_FOOTER_AND_DISPATCH pgs=68711 cs=1 l=1). rx osd.2 seq 5 0x5601056d5600 osd_beacon(pgs [109.2b,109.1f,109.76,109.28,109.1e,109.5] lec 79198 v79198) v1 -39>
2019-03-02 18:53:27.162624 7fe359f02700 2 mon.storage01roc@3(leader) e14 send_reply 0x5601055359e0 0x560105958b40 auth_reply(proto 2 0 (0) Success) v1 -38>
2019-03-02 18:53:27.162630 7fe359f02700 1 -- 192.168.253.203:6789/0 --> 192.168.253.203:6802/506915 -- auth_reply(proto 2 0 (0) Success) v1 -- 0x560105958b40 con 0 -37>
2019-03-02 18:53:27.162643 7fe359f02700 1 -- 192.168.253.203:6789/0 <== client.8775242 192.168.253.32:0/683377982 3 ==== mon_subscribe({monmap=15+}) v2 ==== 23+0+0 (529233479 0 0) 0x5601056d8800 con 0x56010595d800 -36>
2019-03-02 18:53:27.162655 7fe359f02700 1 -- 192.168.253.203:6789/0 <== client.8113023 192.168.253.32:0/1251637173 3 ==== mon_subscribe({monmap=15+}) v2 ==== 23+0+0 (529233479 0 0) 0x5601056d7e00 con 0x56010595f000 -35>
2019-03-02 18:53:27.162665 7fe359f02700 1 -- 192.168.253.203:6789/0 <== client.8665115 192.168.253.32:0/419113882 3 ==== mon_subscribe({monmap=15+}) v2 ==== 23+0+0 (529233479 0 0) 0x5601056d7400 con 0x560105960800 -34>
2019-03-02 18:53:27.162674 7fe359f02700 1 -- 192.168.253.203:6789/0 <== osd.7 192.168.253.205:6812/640516 3 ==== auth(proto 2 165 bytes epoch 0) v1 ==== 195+0+0 (1436488630 0 0) 0x560105492b40 con 0x560105972000 -33>
2019-03-02 18:53:27.162776 7fe359f02700 2 mon.storage01roc@3(leader) e14 send_reply 0x5601055357a0 0x560105492fc0 auth_reply(proto 2 0 (0) Success) v1 -32>
2019-03-02 18:53:27.162775 7fe356efc700 5 -- 192.168.253.203:6789/0 >> 192.168.253.163:0/2778817751 conn(0x56010575c800 :6789 s=STATE_OPEN_MESSAGE_READ_FOOTER_AND_DISPATCH pgs=3778 cs=1 l=1). rx client.9267543 seq 11 0x560105909800 mgrbeacon mgr.storage01moc(484eca8f-c17b-41fd-83eb-314052ccd8ea,9267543, 192.168.253.163:6820/2891295, 1) v6 -31>
2019-03-02 18:53:27.162780 7fe35d709700 5 -- 192.168.253.203:6789/0 >> 192.168.253.164:6810/343964 conn(0x56010545b800 :6789 s=STATE_OPEN_MESSAGE_READ_FOOTER_AND_DISPATCH pgs=330841 cs=1 l=1). rx osd.19 seq 4 0x5601056d7800 mon_subscribe({mgrmap=0+,monmap=15+,osd_pg_creates=0+}) v2 -30>
2019-03-02 18:53:27.162786 7fe359f02700 1 -- 192.168.253.203:6789/0 --> 192.168.253.205:6812/640516 -- auth_reply(proto 2 0 (0) Success) v1 -- 0x560105492fc0 con 0 -29>
2019-03-02 18:53:27.162797 7fe356efc700 5 -- 192.168.253.203:6789/0 >> 192.168.253.163:0/2778817751 conn(0x56010575c800 :6789 s=STATE_OPEN_MESSAGE_READ_FOOTER_AND_DISPATCH pgs=3778 cs=1 l=1). rx client.9267543 seq 12 0x56010599db80 monmgrreport(0 checks) v1 -28>
2019-03-02 18:53:27.162799 7fe359f02700 1 -- 192.168.253.203:6789/0 <== osd.52 192.168.253.164:6812/543269 3 ==== auth(proto 2 165 bytes epoch 0) v1 ==== 195+0+0 (1132521040 0 0) 0x560105795200 con 0x560105973800 -27>
2019-03-02 18:53:27.162798 7fe35d709700 5 -- 192.168.253.203:6789/0 >> 192.168.253.164:6810/343964 conn(0x56010545b800 :6789 s=STATE_OPEN_MESSAGE_READ_FOOTER_AND_DISPATCH pgs=330841 cs=1 l=1). rx osd.19 seq 5 0x5601056d7e00 osd_beacon(pgs [121.47,121.29,121.e,105.223,105.298,105.4b,116.91,105.7e,105.170,105.3b7,105.137,105.27b,105.368,85.17,105.226,108.1,105.11a,105.122,105.2f3,105.85,115.2a,105.18e,105.27,85.10,85.54,105.192,85.37,116.6,108.7a,85.97,116.a2,105.370,116.65,116.cf,119.23,116.d4,108.3e,121.7d,85.df,105.e3,105.138,85.e2,105.20f,108.56,85.ab,85.62,105.1b9,105.e,105.26c,105.294,115.3a,105.246,105.2e4,105.1bd,105.28e,105.d9,105.134,105.3b5,105.23a,105.14b,105.293,85.12,105.3d9,105.210] lec 79197 v79198) v1 -26>
2019-03-02 18:53:27.162810 7fe356efc700 5 -- 192.168.253.203:6789/0 >> 192.168.253.203:6802/506915 conn(0x56010595c000 :6789 s=STATE_OPEN_MESSAGE_READ_FOOTER_AND_DISPATCH pgs=135785 cs=1 l=1). rx osd.35 seq 4 0x5601056d4000 mon_subscribe({mgrmap=0+,monmap=15+,osd_pg_creates=0+}) v2 -25>
2019-03-02 18:53:27.162818 7fe356efc700 5 -- 192.168.253.203:6789/0 >> 192.168.253.203:6802/506915 conn(0x56010595c000 :6789 s=STATE_OPEN_MESSAGE_READ_FOOTER_AND_DISPATCH pgs=135785 cs=1 l=1). rx osd.35 seq 5 0x560105252c00 osd_beacon(pgs [109.52,109.3d] lec 79198 v79198) v1 -24>
2019-03-02 18:53:27.162842 7fe35d709700 5 -- 192.168.253.203:6789/0 >> 192.168.253.44:0/219447902 conn(0x56010578b000 :6789 s=STATE_OPEN_MESSAGE_READ_FOOTER_AND_DISPATCH pgs=54339 cs=1 l=1). rx client.7893124 seq 3 0x5601056d4600 mon_subscribe({monmap=15+,osdmap=79199}) v2 -23>
2019-03-02 18:53:27.162891 7fe359f02700 2 mon.storage01roc@3(leader) e14 send_reply 0x5601055458c0 0x560105492b40 auth_reply(proto 2 0 (0) Success) v1 -22>
2019-03-02 18:53:27.162898 7fe359f02700 1 -- 192.168.253.203:6789/0 --> 192.168.253.164:6812/543269 -- auth_reply(proto 2 0 (0) Success) v1 -- 0x560105492b40 con 0 -21>
2019-03-02 18:53:27.162912 7fe359f02700 1 -- 192.168.253.203:6789/0 <== client.8938298 192.168.253.32:0/3589307736 3 ==== mon_subscribe({monmap=15+}) v2 ==== 23+0+0 (529233479 0 0) 0x5601056d9200 con 0x56010548f000 -20>
2019-03-02 18:53:27.162925 7fe359f02700 1 -- 192.168.253.203:6789/0 <== client.8665101 192.168.253.32:0/3361644023 3 ==== mon_subscribe({monmap=15+}) v2 ==== 23+0+0 (529233479 0 0) 0x5601056d5000 con 0x560105490800 -19>
2019-03-02 18:53:27.162935 7fe359f02700 1 -- 192.168.253.203:6789/0 <== osd.15 192.168.253.165:6808/526512 3 ==== auth(proto 2 165 bytes epoch 0) v1 ==== 195+0+0 (399444511 0 0) 0x560105493b00 con 0x56010563b000 -18>
2019-03-02 18:53:27.162987 7fe35d709700 5 -- 192.168.253.203:6789/0 >> 192.168.253.205:6812/640516 conn(0x560105972000 :6789 s=STATE_OPEN_MESSAGE_READ_FOOTER_AND_DISPATCH pgs=90617 cs=1 l=1). rx osd.7 seq 4 0x5601056d7400 mon_subscribe({mgrmap=0+,monmap=15+,osd_pg_creates=0+}) v2 -17>
2019-03-02 18:53:27.163009 7fe35d709700 5 -- 192.168.253.203:6789/0 >> 192.168.253.205:6812/640516 conn(0x560105972000 :6789 s=STATE_OPEN_MESSAGE_READ_FOOTER_AND_DISPATCH pgs=90617 cs=1 l=1). rx osd.7 seq 5 0x5601056d8800 osd_beacon(pgs [109.71,109.66,109.31,109.41] lec 79198 v79198) v1 -16>
2019-03-02 18:53:27.163017 7fe356efc700 5 -- 192.168.253.203:6789/0 >> 192.168.253.165:6816/711134 conn(0x560105941000 :6789 s=STATE_OPEN_MESSAGE_READ_FOOTER_AND_DISPATCH pgs=245753 cs=1 l=1). rx osd.50 seq 4 0x560105253800 mon_subscribe({mgrmap=0+,monmap=15+,osd_pg_creates=0+}) v2 -15>
2019-03-02 18:53:27.163023 7fe35d709700 5 -- 192.168.253.203:6789/0 >> 192.168.253.205:6812/640516 conn(0x560105972000 :6789 s=STATE_OPEN_MESSAGE_READ_FOOTER_AND_DISPATCH pgs=90617 cs=1 l=1). rx osd.7 seq 6 0x5601056d5800 osd_beacon(pgs [] lec 79198 v79198) v1 -14>
2019-03-02 18:53:27.163029 7fe356efc700 5 -- 192.168.253.203:6789/0 >> 192.168.253.165:6816/711134 conn(0x560105941000 :6789 s=STATE_OPEN_MESSAGE_READ_FOOTER_AND_DISPATCH pgs=245753 cs=1 l=1). rx osd.50 seq 5 0x5601054da200 osd_beacon(pgs [121.50,121.8,105.e2,121.74,105.1f2,105.346,105.2,105.1ee,105.24a,105.1af,105.187,105.302,105.3bd,121.5d,108.7c,105.dc,116.d9,105.1e2,116.ba,85.d1,116.5c,85.7d,105.cf,105.180,116.2f,116.46,115.0,116.66,85.47,105.2f8,116.d8,116.ed,105.379,108.5,105.ea,105.1d9,116.9d,116.f4,105.3a,85.e1,116.bb,108.4a,116.fb,121.31,115.3b,116.45,105.2ef,105.34f,85.1c,85.96,105.1ea,116.c8,105.263,116.53,105.32a,108.22,105.c6,108.77,105.397,105.348,108.1a] lec 79197 v79198) v1 -13>
2019-03-02 18:53:27.163034 7fe359f02700 2 mon.storage01roc@3(leader) e14 send_reply 0x5601055459e0 0x560105795200 auth_reply(proto 2 0 (0) Success) v1 -12>
2019-03-02 18:53:27.163046 7fe356efc700 5 -- 192.168.253.203:6789/0 >> 192.168.253.165:6816/711134 conn(0x560105941000 :6789 s=STATE_OPEN_MESSAGE_READ_FOOTER_AND_DISPATCH pgs=245753 cs=1 l=1). rx osd.50 seq 6 0x5601054da000 osd_beacon(pgs [] lec 79197 v79198) v1 -11>
2019-03-02 18:53:27.163044 7fe359f02700 1 -- 192.168.253.203:6789/0 --> 192.168.253.165:6808/526512 -- auth_reply(proto 2 0 (0) Success) v1 -- 0x560105795200 con 0 -10>
2019-03-02 18:53:27.163061 7fe359f02700 1 -- 192.168.253.203:6789/0 <== osd.1 192.168.253.204:6805/322433 4 ==== mon_subscribe({mgrmap=0+,monmap=15+,osd_pg_creates=0+}) v2 ==== 69+0+0 (2557949307 0 0) 0x560104ff7a00 con 0x56010545a000 -9>
2019-03-02 18:53:27.163095 7fe359f02700 1 -- 192.168.253.203:6789/0 --> 192.168.253.204:6805/322433 -- mgrmap(e 519) v1 -- 0x5601056b02c0 con 0 -8>
2019-03-02 18:53:27.163113 7fe356efc700 5 -- 192.168.253.203:6789/0 >> 192.168.253.165:6802/708867 conn(0x560105942800 :6789 s=STATE_OPEN_MESSAGE_READ_FOOTER_AND_DISPATCH pgs=356689 cs=1 l=1). rx osd.9 seq 4 0x5601054da600 mon_subscribe({mgrmap=0+,monmap=15+,osd_pg_creates=0+}) v2 -7>
2019-03-02 18:53:27.163112 7fe359f02700 1 -- 192.168.253.203:6789/0 <== client.8204779 192.168.253.32:0/614279813 4 ==== pool_op(delete unmanaged snap pool 116 auid 0 tid 35 name v0) v4 ==== 65+0+0 (3422141634 0 0) 0x560105794000 con 0x560105758000 -6>
2019-03-02 18:53:27.163129 7fe356efc700 5 -- 192.168.253.203:6789/0 >> 192.168.253.165:6802/708867 conn(0x560105942800 :6789 s=STATE_OPEN_MESSAGE_READ_FOOTER_AND_DISPATCH pgs=356689 cs=1 l=1). rx osd.9 seq 5 0x5601054dba00 osd_beacon(pgs [121.77,105.12d,116.5f,85.a4,85.14,85.b1,116.a,85.4d,116.8a,105.177,115.24,105.3f3,105.336,85.60,105.232,108.7d,85.75,108.5f,85.ee,105.65,105.1fc,105.3b9,116.de,105.c3,108.9,85.f4,105.22c,105.60,116.ad,105.39c,108.58,121.6a,116.67,121.3b,116.9f,105.1db,85.74,105.23,105.36b,105.211,116.e3,105.289,105.12e,105.7f,115.1a,121.51,105.35d,116.76,105.392,105.a0,105.3fc,108.20,85.ac,85.eb,105.10b,105.3d5,121.c,105.26a,105.3e3,85.b6,105.1ca,105.3d6,108.39,105.388,116.ec,115.3d,105.3b0,105.145,105.2ac,115.5,116.30,108.28] lec 79197 v79198) v1 -5>
2019-03-02 18:53:27.163517 7fe35d709700 5 -- 192.168.253.203:6789/0 >> 192.168.253.164:6812/543269 conn(0x560105973800 :6789 s=STATE_OPEN_MESSAGE_READ_FOOTER_AND_DISPATCH pgs=454471 cs=1 l=1). rx osd.52 seq 4 0x5601056d9a00 mon_subscribe({mgrmap=0+,monmap=15+,osd_pg_creates=0+}) v2 -4>
2019-03-02 18:53:27.163537 7fe35d709700 5 -- 192.168.253.203:6789/0 >> 192.168.253.164:6812/543269 conn(0x560105973800 :6789 s=STATE_OPEN_MESSAGE_READ_FOOTER_AND_DISPATCH pgs=454471 cs=1 l=1). rx osd.52 seq 5 0x5601056d4c00 osd_beacon(pgs [121.7b,121.5c,85.ca,105.295,105.2b0,105.1a3,105.327,105.304,105.3e6,105.1e0,105.19b,85.90,105.81,85.1f,105.2bc,119.18,105.1c7,105.2f4,105.21d,105.3af,105.3f2,116.26,116.27,116.c0,85.e7,105.39e,105.44,116.5,105.143,116.1c,116.ae,105.2e6,105.26d,116.b0,105.1b3,105.3cb,105.d2,108.1c,105.2a3,116.75,105.d4,105.279,105.37c,105.a9,105.a3,85.56,105.3a4,85.63,85.c2,105.74,105.31b,116.6d,105.34e,105.212,108.65,105.1fe] lec 79197 v79198) v1 -3>
2019-03-02 18:53:27.163637 7fe3576fd700 5 -- 192.168.253.203:6789/0 >> 192.168.253.165:6808/526512 conn(0x56010563b000 :6789 s=STATE_OPEN_MESSAGE_READ_FOOTER_AND_DISPATCH pgs=465203 cs=1 l=1). rx osd.15 seq 4 0x5601056d9c00 mon_subscribe({mgrmap=0+,monmap=15+,osd_pg_creates=0+}) v2 -2>
2019-03-02 18:53:27.163654 7fe3576fd700 5 -- 192.168.253.203:6789/0 >> 192.168.253.165:6808/526512 conn(0x56010563b000 :6789 s=STATE_OPEN_MESSAGE_READ_FOOTER_AND_DISPATCH pgs=465203 cs=1 l=1). rx osd.15 seq 5 0x5601056d6e00 osd_beacon(pgs [121.7a,121.3a,121.d,115.2e,105.fe,105.2b6,105.2b2,105.9b,85.8b,119.0,105.272,105.3dd,116.60,105.51,105.372,105.29e,105.350,85.53,105.331,105.28b,85.4,105.9f,116.ff,85.15,121.5,116.8,115.f,108.10,116.7a,105.158,105.213,116.b7,105.238,116.16,105.333,85.fb,116.e8,105.1ed,85.9f,105.31d,105.1b2,105.224,85.8f,108.15,116.d,105.be,85.24,115.21,105.173,105.369,85.f1,105.364,105.236,105.f7,85.92,108.35,119.1f,105.296,105.11e,105.2ca,105.167,105.de,105.334,116.2a,105.3c4,105.3e7,105.40] lec 79197 v79198) v1 -1>
2019-03-02 18:53:27.163666 7fe3576fd700 5 -- 192.168.253.203:6789/0 >> 192.168.253.165:6808/526512 conn(0x56010563b000 :6789 s=STATE_OPEN_MESSAGE_READ_FOOTER_AND_DISPATCH pgs=465203 cs=1 l=1). rx osd.15 seq 6 0x5601056d6800 osd_beacon(pgs [] lec 79197 v79198) v1 0>
2019-03-02 18:53:27.166322 7fe359f02700 -1 *** Caught signal (Aborted) ** in thread 7fe359f02700 thread_name:ms_dispatch ceph version 12.2.5-2-ge988fb6 (e988fb6c5457b9dd6f1e11ce1b5fd58b4c3a828c) luminous (stable) 1: (()+0x8f53b1) [0x5600fb5d83b1] 2: (()+0xf6d0) [0x7fe3634736d0] 3: (gsignal()+0x37) [0x7fe3607ae277] 4: (abort()+0x148) [0x7fe3607af968] 5: (std::_Rb_tree_iterator, std::allocator > > > > std::_Rb_tree, std::allocator > > >, std::_Select1st, std::allocator > > > >, std::less, std::allocator, std::allocator > > > > >::_M_emplace_hint_unique, std::allocator > > > >(std::_Rb_tree_const_iterator, std::allocator > > > >, std::pair, std::allocator > > >&&)+0) [0x5600fb420780] 6: (pg_pool_t::remove_unmanaged_snap(snapid_t)+0x4d) [0x5600fb40d2dd] 7: (OSDMonitor::prepare_pool_op(boost::intrusive_ptr)+0xe40) [0x5600fb200f10] 8: (OSDMonitor::prepare_update(boost::intrusive_ptr)+0x336) [0x5600fb2388c6] 9: (PaxosService::dispatch(boost::intrusive_ptr)+0xaf8) [0x5600fb1c4858] 10: (Monitor::dispatch_op(boost::intrusive_ptr)+0x5af) [0x5600fb0a4fef] 11: (Monitor::_ms_dispatch(Message*)+0x7eb) [0x5600fb0a65db] 12: (Monitor::ms_dispatch(Message*)+0x23) [0x5600fb0d2743] 13: (DispatchQueue::entry()+0x792) [0x5600fb583752] 14: (DispatchQueue::DispatchThread::entry()+0xd) [0x5600fb37c90d] 15: (()+0x7e25) [0x7fe36346be25] 16: (clone()+0x6d) [0x7fe360876bad] NOTE: a copy of the executable, or `objdump -rdS ` is needed to interpret this. --- logging levels --- 0/ 5 none 0/ 0 lockdep 0/ 0 context 0/ 0 crush 1/ 5 mds 1/ 5 mds_balancer 1/ 5 mds_locker 1/ 5 mds_log 1/ 5 mds_log_expire 1/ 5 mds_migrator 0/ 0 buffer 0/ 0 timer 0/ 0 filer 0/ 1 striper 0/ 0 objecter 0/ 0 rados 0/ 0 rbd 0/ 5 rbd_mirror 0/ 5 rbd_replay 0/ 0 journaler 0/ 5 objectcacher 0/ 0 client 0/ 0 osd 0/ 0 optracker 0/ 0 objclass 0/ 0 filestore 0/ 0 journal 5/ 5 ms 5/ 5 mon 0/ 0 monc 0/ 0 paxos 0/ 0 tp 0/ 0 auth 1/ 5 crypto 0/ 0 finisher 1/ 1 reserver 0/ 0 heartbeatmap 0/ 0 perfcounter 0/ 0 rgw 1/10 civetweb 1/ 5 javaclient 0/ 0 asok 0/ 0 throttle 0/ 0 refs 1/ 5 xio 1/ 5 compressor 1/ 5 bluestore 1/ 5 bluefs 1/ 3 bdev 1/ 5 kstore 4/ 5 rocksdb 4/ 5 leveldb 4/ 5 memdb 1/ 5 kinetic 1/ 5 fuse 1/ 5 mgr 1/ 5 mgrc 1/ 5 dpdk 1/ 5 eventtrace -2/-2 (syslog threshold) -1/-1 (stderr threshold) max_recent 10000 max_new 1000 log_file /var/log/ceph/ceph-mon.storage01roc.log --- end dump of recent events ---