2019-03-02 18:53:17.983732 7fe3640c4ec0 4 rocksdb: EVENT_LOG_v1 {"time_micros": 1551523997983708, "cf_name": "default", "job": 1, "event": "table_file_creation", "file_number": 261, "file_size": 50188, "table_properties": {"data_size": 48886, "index_size": 209, "filter_size": 176, "raw_key_size": 492, "raw_average_key_size": 24, "raw_value_size": 48300, "raw_average_value_size": 2415, "num_data_blocks": 7, "num_entries": 20, "filter_policy_name": "rocksdb.BuiltinBloomFilter", "kDeletedKeys": "0", "kMergeOperands": "0"}} -1044>
2019-03-02 18:53:17.983745 7fe3640c4ec0 5 rocksdb: [/home/jenkins-build/build/workspace/ceph-dev-new-build/ARCH/x86_64/AVAILABLE_ARCH/x86_64/AVAILABLE_DIST/centos7/DIST/centos7/MACHINE_SIZE/huge/release/12.2.5-2-ge988fb6/rpm/el7/BUILD/ceph-12.2.5-2-ge988fb6/src/rocksdb/db/db_impl_open.cc:847] [default] [WriteLevel0TableForRecovery] Level-0 table #261: 50188 bytes OK -1043>
2019-03-02 18:53:17.983765 7fe3640c4ec0 4 rocksdb: [/home/jenkins-build/build/workspace/ceph-dev-new-build/ARCH/x86_64/AVAILABLE_ARCH/x86_64/AVAILABLE_DIST/centos7/DIST/centos7/MACHINE_SIZE/huge/release/12.2.5-2-ge988fb6/rpm/el7/BUILD/ceph-12.2.5-2-ge988fb6/src/rocksdb/db/version_set.cc:2395] Creating manifest 262 -1042>
2019-03-02 18:53:17.984320 7fe3640c4ec0 4 rocksdb: EVENT_LOG_v1 {"time_micros": 1551523997984316, "job": 1, "event": "recovery_finished"} -1041>
2019-03-02 18:53:17.984519 7fe3640c4ec0 5 rocksdb: [/home/jenkins-build/build/workspace/ceph-dev-new-build/ARCH/x86_64/AVAILABLE_ARCH/x86_64/AVAILABLE_DIST/centos7/DIST/centos7/MACHINE_SIZE/huge/release/12.2.5-2-ge988fb6/rpm/el7/BUILD/ceph-12.2.5-2-ge988fb6/src/rocksdb/db/db_impl_files.cc:307] [JOB 2] Delete /var/lib/ceph/mon/ceph-storage01roc/store.db//MANIFEST-000259 type=3 #259 -- OK -1040>
2019-03-02 18:53:17.984561 7fe3640c4ec0 5 rocksdb: [/home/jenkins-build/build/workspace/ceph-dev-new-build/ARCH/x86_64/AVAILABLE_ARCH/x86_64/AVAILABLE_DIST/centos7/DIST/centos7/MACHINE_SIZE/huge/release/12.2.5-2-ge988fb6/rpm/el7/BUILD/ceph-12.2.5-2-ge988fb6/src/rocksdb/db/db_impl_files.cc:307] [JOB 2] Delete /var/lib/ceph/mon/ceph-storage01roc/store.db//000260.log type=0 #260 -- OK -1039>
2019-03-02 18:53:17.985556 7fe3640c4ec0 4 rocksdb: [/home/jenkins-build/build/workspace/ceph-dev-new-build/ARCH/x86_64/AVAILABLE_ARCH/x86_64/AVAILABLE_DIST/centos7/DIST/centos7/MACHINE_SIZE/huge/release/12.2.5-2-ge988fb6/rpm/el7/BUILD/ceph-12.2.5-2-ge988fb6/src/rocksdb/db/db_impl_open.cc:1063] DB pointer 0x560105348000 -1038>
2019-03-02 18:53:17.985720 7fe355efa700 3 rocksdb: [/home/jenkins-build/build/workspace/ceph-dev-new-build/ARCH/x86_64/AVAILABLE_ARCH/x86_64/AVAILABLE_DIST/centos7/DIST/centos7/MACHINE_SIZE/huge/release/12.2.5-2-ge988fb6/rpm/el7/BUILD/ceph-12.2.5-2-ge988fb6/src/rocksdb/db/db_impl.cc:447] ------- DUMPING STATS ------- -1037>
2019-03-02 18:53:17.985728 7fe355efa700 3 rocksdb: [/home/jenkins-build/build/workspace/ceph-dev-new-build/ARCH/x86_64/AVAILABLE_ARCH/x86_64/AVAILABLE_DIST/centos7/DIST/centos7/MACHINE_SIZE/huge/release/12.2.5-2-ge988fb6/rpm/el7/BUILD/ceph-12.2.5-2-ge988fb6/src/rocksdb/db/db_impl.cc:448] ** DB Stats ** Uptime(secs): 0.0 total, 0.0 interval Cumulative writes: 0 writes, 0 keys, 0 commit groups, 0.0 writes per commit group, ingest: 0.00 GB, 0.00 MB/s Cumulative WAL: 0 writes, 0 syncs, 0.00 writes per sync, written: 0.00 GB, 0.00 MB/s Cumulative stall: 00:00:0.000 H:M:S, 0.0 percent Interval writes: 0 writes, 0 keys, 0 commit groups, 0.0 writes per commit group, ingest: 0.00 MB, 0.00 MB/s Interval WAL: 0 writes, 0 syncs, 0.00 writes per sync, written: 0.00 MB, 0.00 MB/s Interval stall: 00:00:0.000 H:M:S, 0.0 percent ** Compaction Stats [default] ** Level Files Size Score Read(GB) Rn(GB) Rnp1(GB) Write(GB) Wnew(GB) Moved(GB) W-Amp Rd(MB/s) Wr(MB/s) Comp(sec) Comp(cnt) Avg(sec) KeyIn KeyDrop ---------------------------------------------------------------------------------------------------------------------------------------------------------- L0 4/0 428.46 KB 1.0 0.0 0.0 0.0 0.0 0.0 0.0 1.0 0.0 65.7 0 1 0.001 0 0 L1 1/0 26.55 MB 0.1 0.0 0.0 0.0 0.0 0.0 0.0 0.0 0.0 0.0 0 0 0.000 0 0 Sum 5/0 26.97 MB 0.0 0.0 0.0 0.0 0.0 0.0 0.0 1.0 0.0 65.7 0 1 0.001 0 0 Int 0/0 0.00 KB 0.0 0.0 0.0 0.0 0.0 0.0 0.0 1.0 0.0 65.7 0 1 0.001 0 0 Uptime(secs): 0.0 total, 0.0 interval Flush(GB): cumulative 0.000, interval 0.000 AddFile(GB): cumulative 0.000, interval 0.000 AddFile(Total Files): cumulative 0, interval 0 AddFile(L0 Files): cumulative 0, interval 0 AddFile(Keys): cumulative 0, interval 0 Cumulative compaction: 0.00 GB write, 12.56 MB/s write, 0.00 GB read, 0.00 MB/s read, 0.0 seconds Interval compaction: 0.00 GB write, 12.56 MB/s write, 0.00 GB read, 0.00 MB/s read, 0.0 seconds Stalls(count): 0 level0_slowdown, 0 level0_slowdown_with_compaction, 0 level0_numfiles, 0 level0_numfiles_with_compaction, 0 stop for pending_compaction_bytes, 0 slowdown for pending_compaction_bytes, 0 memtable_compaction, 0 memtable_slowdown, interval 0 total count ** File Read Latency Histogram By Level [default] ** ** Compaction Stats [default] ** Level Files Size Score Read(GB) Rn(GB) Rnp1(GB) Write(GB) Wnew(GB) Moved(GB) W-Amp Rd(MB/s) Wr(MB/s) Comp(sec) Comp(cnt) Avg(sec) KeyIn KeyDrop ---------------------------------------------------------------------------------------------------------------------------------------------------------- L0 4/0 428.46 KB 1.0 0.0 0.0 0.0 0.0 0.0 0.0 1.0 0.0 65.7 0 1 0.001 0 0 L1 1/0 26.55 MB 0.1 0.0 0.0 0.0 0.0 0.0 0.0 0.0 0.0 0.0 0 0 0.000 0 0 Sum 5/0 26.97 MB 0.0 0.0 0.0 0.0 0.0 0.0 0.0 1.0 0.0 65.7 0 1 0.001 0 0 Int 0/0 0.00 KB 0.0 0.0 0.0 0.0 0.0 0.0 0.0 0.0 0.0 0.0 0 0 0.000 0 0 Uptime(secs): 0.0 total, 0.0 interval Flush(GB): cumulative 0.000, interval 0.000 AddFile(GB): cumulative 0.000, interval 0.000 AddFile(Total Files): cumulative 0, interval 0 AddFile(L0 Files): cumulative 0, interval 0 AddFile(Keys): cumulative 0, interval 0 Cumulative compaction: 0.00 GB write, 12.40 MB/s write, 0.00 GB read, 0.00 MB/s read, 0.0 seconds Interval compaction: 0.00 GB write, 0.00 MB/s write, 0.00 GB read, 0.00 MB/s read, 0.0 seconds Stalls(count): 0 level0_slowdown, 0 level0_slowdown_with_compaction, 0 level0_numfiles, 0 level0_numfiles_with_compaction, 0 stop for pending_compaction_bytes, 0 slowdown for pending_compaction_bytes, 0 memtable_compaction, 0 memtable_slowdown, interval 0 total count ** File Read Latency Histogram By Level [default] ** -1036>
2019-03-02 18:53:17.985835 7fe355efa700 4 rocksdb: [/home/jenkins-build/build/workspace/ceph-dev-new-build/ARCH/x86_64/AVAILABLE_ARCH/x86_64/AVAILABLE_DIST/centos7/DIST/centos7/MACHINE_SIZE/huge/release/12.2.5-2-ge988fb6/rpm/el7/BUILD/ceph-12.2.5-2-ge988fb6/src/rocksdb/db/compaction_job.cc:1403] [default] [JOB 3] Compacting 4@0 + 1@1 files to L1, score 1.00 -1035>
2019-03-02 18:53:17.985852 7fe355efa700 4 rocksdb: [/home/jenkins-build/build/workspace/ceph-dev-new-build/ARCH/x86_64/AVAILABLE_ARCH/x86_64/AVAILABLE_DIST/centos7/DIST/centos7/MACHINE_SIZE/huge/release/12.2.5-2-ge988fb6/rpm/el7/BUILD/ceph-12.2.5-2-ge988fb6/src/rocksdb/db/compaction_job.cc:1407] [default] Compaction start summary: Base version 2 Base level 0, inputs: [261(49KB) 258(270KB) 255(56KB) 252(53KB)], [250(26MB)] -1034>
2019-03-02 18:53:17.985879 7fe355efa700 4 rocksdb: EVENT_LOG_v1 {"time_micros": 1551523997985856, "job": 3, "event": "compaction_started", "files_L0": [261, 258, 255, 252], "files_L1": [250], "score": 1, "input_data_size": 28275168} -1033>
2019-03-02 18:53:17.986482 7fe3576fd700 2 Event(0x560105253480 nevent=5000 time_id=1).set_owner idx=1 owner=140614401251072 -1032>
2019-03-02 18:53:17.986472 7fe356efc700 2 Event(0x560105258080 nevent=5000 time_id=1).set_owner idx=0 owner=140614392858368 -1031>
2019-03-02 18:53:17.986516 7fe35d709700 2 Event(0x560105253680 nevent=5000 time_id=1).set_owner idx=2 owner=140614501963520 -1030>
2019-03-02 18:53:17.986567 7fe3640c4ec0 0 starting mon.storage01roc rank 3 at public addr 192.168.253.203:6789/0 at bind addr 192.168.253.203:6789/0 mon_data /var/lib/ceph/mon/ceph-storage01roc fsid 484eca8f-c17b-41fd-83eb-314052ccd8ea -1029>
2019-03-02 18:53:17.986768 7fe3640c4ec0 1 -- 192.168.253.203:6789/0 learned_addr learned my addr 192.168.253.203:6789/0 -1028>
2019-03-02 18:53:17.986776 7fe3640c4ec0 1 -- 192.168.253.203:6789/0 _finish_bind bind my_inst.addr is 192.168.253.203:6789/0 -1027>
2019-03-02 18:53:17.986792 7fe3640c4ec0 0 starting mon.storage01roc rank 3 at 192.168.253.203:6789/0 mon_data /var/lib/ceph/mon/ceph-storage01roc fsid 484eca8f-c17b-41fd-83eb-314052ccd8ea -1026>
2019-03-02 18:53:17.987367 7fe3640c4ec0 1 mon.storage01roc@-1(probing) e14 preinit fsid 484eca8f-c17b-41fd-83eb-314052ccd8ea -1025>
2019-03-02 18:53:17.987560 7fe3640c4ec0 1 mon.storage01roc@-1(probing).mds e0 Unable to load 'last_metadata' -1024>
2019-03-02 18:53:17.987643 7fe3640c4ec0 1 mon.storage01roc@-1(probing).pg v0 on_upgrade discarding in-core PGMap -1023>
2019-03-02 18:53:17.987748 7fe3640c4ec0 4 mon.storage01roc@-1(probing).mds e1 new map -1022>
2019-03-02 18:53:17.987752 7fe3640c4ec0 0 mon.storage01roc@-1(probing).mds e1 print_map e1 enable_multiple, ever_enabled_multiple: 0,0 compat: compat={},rocompat={},incompat={1=base v0.20,2=client writeable ranges,3=default file layouts on dirs,4=dir inode in separate object,5=mds uses versioned encoding,6=dirfrag is stored in omap,8=no anchor table,9=file layout v2} legacy client fscid: -1 No filesystems configured -1021>
2019-03-02 18:53:17.988200 7fe3640c4ec0 0 mon.storage01roc@-1(probing).osd e79198 crush map has features 288514051259236352, adjusting msgr requires -1020>
2019-03-02 18:53:17.988209 7fe3640c4ec0 0 mon.storage01roc@-1(probing).osd e79198 crush map has features 288514051259236352, adjusting msgr requires -1019>
2019-03-02 18:53:17.988213 7fe3640c4ec0 0 mon.storage01roc@-1(probing).osd e79198 crush map has features 1009089991638532096, adjusting msgr requires -1018>
2019-03-02 18:53:17.988216 7fe3640c4ec0 0 mon.storage01roc@-1(probing).osd e79198 crush map has features 288514051259236352, adjusting msgr requires -1017>
2019-03-02 18:53:17.990514 7fe3640c4ec0 4 mon.storage01roc@-1(probing).mgr e0 loading version 519 -1016>
2019-03-02 18:53:17.990564 7fe3640c4ec0 4 mon.storage01roc@-1(probing).mgr e519 active server: 192.168.253.163:6820/2891295(9267543) -1015>
2019-03-02 18:53:17.990592 7fe3640c4ec0 4 mon.storage01roc@-1(probing).mgr e519 mkfs or daemon transitioned to available, loading commands -1014>
2019-03-02 18:53:17.990671 7fe3640c4ec0 4 mgrc handle_mgr_map Got map version 519 -1013>
2019-03-02 18:53:17.990679 7fe3640c4ec0 4 mgrc handle_mgr_map Active mgr is now 192.168.253.163:6820/2891295 -1012>
2019-03-02 18:53:17.990686 7fe3640c4ec0 4 mgrc reconnect Starting new session with 192.168.253.163:6820/2891295 -1011>
2019-03-02 18:53:17.990711 7fe3640c4ec0 1 -- - --> 192.168.253.163:6820/2891295 -- mgropen(unknown.storage01roc) v2 -- 0x560104faed80 con 0 -1010>
2019-03-02 18:53:17.991047 7fe3640c4ec0 1 -- 192.168.253.203:6789/0 start start -1009>
2019-03-02 18:53:17.991056 7fe3640c4ec0 1 -- - start start -1008>
2019-03-02 18:53:17.991059 7fe3640c4ec0 2 mon.storage01roc@-1(probing) e14 init -1007>
2019-03-02 18:53:17.991175 7fe3640c4ec0 1 Processor -- start -1006>
2019-03-02 18:53:17.991261 7fe3640c4ec0 1 Processor -- start -1005>
2019-03-02 18:53:17.991316 7fe3640c4ec0 0 mon.storage01roc@-1(probing) e14 my rank is now 3 (was -1) -1004>
2019-03-02 18:53:17.991322 7fe3640c4ec0 1 -- 192.168.253.203:6789/0 shutdown_connections -1003>
2019-03-02 18:53:17.991345 7fe3640c4ec0 1 -- 192.168.253.203:6789/0 _send_message--> mon.0 192.168.253.163:6789/0 -- mon_probe(probe 484eca8f-c17b-41fd-83eb-314052ccd8ea name storage01roc) v6 -- ?+0 0x5601058a6780 -1002>
2019-03-02 18:53:17.991363 7fe3640c4ec0 1 -- 192.168.253.203:6789/0 --> 192.168.253.163:6789/0 -- mon_probe(probe 484eca8f-c17b-41fd-83eb-314052ccd8ea name storage01roc) v6 -- 0x5601058a6780 con 0 -1001>
2019-03-02 18:53:17.991371 7fe3640c4ec0 1 -- 192.168.253.203:6789/0 _send_message--> mon.1 192.168.253.164:6789/0 -- mon_probe(probe 484eca8f-c17b-41fd-83eb-314052ccd8ea name storage01roc) v6 -- ?+0 0x5601058a6a00 -1000>
2019-03-02 18:53:17.991389 7fe3640c4ec0 1 -- 192.168.253.203:6789/0 --> 192.168.253.164:6789/0 -- mon_probe(probe 484eca8f-c17b-41fd-83eb-314052ccd8ea name storage01roc) v6 -- 0x5601058a6a00 con 0 -999>
2019-03-02 18:53:17.991394 7fe3640c4ec0 1 -- 192.168.253.203:6789/0 _send_message--> mon.2 192.168.253.165:6789/0 -- mon_probe(probe 484eca8f-c17b-41fd-83eb-314052ccd8ea name storage01roc) v6 -- ?+0 0x5601058a6c80 -998>
2019-03-02 18:53:17.991403 7fe3640c4ec0 1 -- 192.168.253.203:6789/0 --> 192.168.253.165:6789/0 -- mon_probe(probe 484eca8f-c17b-41fd-83eb-314052ccd8ea name storage01roc) v6 -- 0x5601058a6c80 con 0 -997>
2019-03-02 18:53:17.991407 7fe3640c4ec0 1 -- 192.168.253.203:6789/0 _send_message--> mon.4 192.168.253.204:6789/0 -- mon_probe(probe 484eca8f-c17b-41fd-83eb-314052ccd8ea name storage01roc) v6 -- ?+0 0x5601058a6f00 -996>
2019-03-02 18:53:17.991418 7fe3640c4ec0 1 -- 192.168.253.203:6789/0 --> 192.168.253.204:6789/0 -- mon_probe(probe 484eca8f-c17b-41fd-83eb-314052ccd8ea name storage01roc) v6 -- 0x5601058a6f00 con 0 -995>
2019-03-02 18:53:17.991422 7fe3640c4ec0 1 -- 192.168.253.203:6789/0 _send_message--> mon.5 192.168.253.205:6789/0 -- mon_probe(probe 484eca8f-c17b-41fd-83eb-314052ccd8ea name storage01roc) v6 -- ?+0 0x5601058a7180 -994>
2019-03-02 18:53:17.991429 7fe3640c4ec0 1 -- 192.168.253.203:6789/0 --> 192.168.253.205:6789/0 -- mon_probe(probe 484eca8f-c17b-41fd-83eb-314052ccd8ea name storage01roc) v6 -- 0x5601058a7180 con 0 -993>
2019-03-02 18:53:17.991433 7fe3640c4ec0 1 -- 192.168.253.203:6789/0 _send_message--> mon.6 192.168.253.242:6789/0 -- mon_probe(probe 484eca8f-c17b-41fd-83eb-314052ccd8ea name storage01roc) v6 -- ?+0 0x5601058a7400 -992>
2019-03-02 18:53:17.991458 7fe3640c4ec0 1 -- 192.168.253.203:6789/0 --> 192.168.253.242:6789/0 -- mon_probe(probe 484eca8f-c17b-41fd-83eb-314052ccd8ea name storage01roc) v6 -- 0x5601058a7400 con 0 -991>
2019-03-02 18:53:17.991794 7fe35d709700 1 -- 192.168.253.203:0/3016783 learned_addr learned my addr 192.168.253.203:0/3016783 -990>
2019-03-02 18:53:17.991868 7fe3576fd700 5 -- 192.168.253.203:6789/0 >> 192.168.253.205:6789/0 conn(0x560105678800 :-1 s=STATE_CONNECTING_WAIT_CONNECT_REPLY_AUTH pgs=0 cs=0 l=0).handle_connect_reply connect got RETRY_GLOBAL 2577 chose new 2578 -989>
2019-03-02 18:53:17.991866 7fe356efc700 1 -- 192.168.253.203:6789/0 >> 192.168.253.163:6789/0 conn(0x560105672800 :-1 s=STATE_CONNECTING_RE pgs=0 cs=0 l=0)._process_connection reconnect failed -988>
2019-03-02 18:53:17.991889 7fe356efc700 2 -- 192.168.253.203:6789/0 >> 192.168.253.163:6789/0 conn(0x560105672800 :-1 s=STATE_CONNECTING_RE pgs=0 cs=0 l=0)._process_connection connection refused! -987>
2019-03-02 18:53:17.991918 7fe35d709700 1 -- 192.168.253.203:6789/0 >> 192.168.253.165:6789/0 conn(0x560105675800 :-1 s=STATE_CONNECTING_RE pgs=0 cs=0 l=0)._process_connection reconnect failed -986>
2019-03-02 18:53:17.991931 7fe35d709700 2 -- 192.168.253.203:6789/0 >> 192.168.253.165:6789/0 conn(0x560105675800 :-1 s=STATE_CONNECTING_RE pgs=0 cs=0 l=0)._process_connection connection refused! -985>
2019-03-02 18:53:17.991939 7fe356efc700 5 -- 192.168.253.203:6789/0 >> 192.168.253.204:6789/0 conn(0x560105677000 :-1 s=STATE_CONNECTING_WAIT_CONNECT_REPLY_AUTH pgs=0 cs=0 l=0).handle_connect_reply connect got RETRY_GLOBAL 2576 chose new 2579 -984>
2019-03-02 18:53:17.991962 7fe3576fd700 1 -- 192.168.253.203:6789/0 >> 192.168.253.164:6789/0 conn(0x560105674000 :-1 s=STATE_CONNECTING_RE pgs=0 cs=0 l=0)._process_connection reconnect failed -983>
2019-03-02 18:53:17.991970 7fe3576fd700 2 -- 192.168.253.203:6789/0 >> 192.168.253.164:6789/0 conn(0x560105674000 :-1 s=STATE_CONNECTING_RE pgs=0 cs=0 l=0)._process_connection connection refused! -982>
2019-03-02 18:53:17.992394 7fe3576fd700 5 -- 192.168.253.203:6789/0 >> 192.168.253.205:6789/0 conn(0x560105678800 :-1 s=STATE_CONNECTING_WAIT_CONNECT_REPLY_AUTH pgs=0 cs=0 l=0).handle_connect_reply connect got RETRY_GLOBAL 2577 chose new 2580 -981>
2019-03-02 18:53:17.992455 7fe356efc700 5 -- 192.168.253.203:6789/0 >> 192.168.253.204:6789/0 conn(0x560105677000 :-1 s=STATE_CONNECTING_WAIT_CONNECT_REPLY_AUTH pgs=0 cs=0 l=0).handle_connect_reply connect got RETRY_GLOBAL 2576 chose new 2581 -980>
2019-03-02 18:53:17.992473 7fe35d709700 2 -- 192.168.253.203:0/3016783 >> 192.168.253.163:6820/2891295 conn(0x56010566f800 :-1 s=STATE_CONNECTING_WAIT_ACK_SEQ pgs=0 cs=0 l=0)._process_connection got newly_acked_seq 0 vs out_seq 0 -979>
2019-03-02 18:53:17.992706 7fe3576fd700 0 -- 192.168.253.203:6789/0 >> 192.168.253.205:6789/0 conn(0x560105678800 :-1 s=STATE_OPEN_MESSAGE_READ_FOOTER_AND_DISPATCH pgs=7287 cs=1 l=0).process missed message? skipped from seq 0 to 1798943791 -978>
2019-03-02 18:53:17.992727 7fe3576fd700 5 -- 192.168.253.203:6789/0 >> 192.168.253.205:6789/0 conn(0x560105678800 :-1 s=STATE_OPEN_MESSAGE_READ_FOOTER_AND_DISPATCH pgs=7287 cs=1 l=0). rx mon.5 seq 1798943791 0x5601058a7180 mon_probe(reply 484eca8f-c17b-41fd-83eb-314052ccd8ea name storage03roc paxos( fc 13804454 lc 13804982 )) v6 -977>
2019-03-02 18:53:17.992761 7fe359f02700 1 -- 192.168.253.203:6789/0 <== mon.5 192.168.253.205:6789/0 1798943791 ==== mon_probe(reply 484eca8f-c17b-41fd-83eb-314052ccd8ea name storage03roc paxos( fc 13804454 lc 13804982 )) v6 ==== 1014+0+0 (1244369052 0 0) 0x5601058a7180 con 0x560105678800 -976>
2019-03-02 18:53:17.992781 7fe356efc700 0 -- 192.168.253.203:6789/0 >> 192.168.253.204:6789/0 conn(0x560105677000 :-1 s=STATE_OPEN_MESSAGE_READ_FOOTER_AND_DISPATCH pgs=9597 cs=1 l=0).process missed message? skipped from seq 0 to 1756793702 -975>
2019-03-02 18:53:17.992795 7fe359f02700 5 mon.storage01roc@3(probing) e14 _ms_dispatch setting monitor caps on this connection -974>
2019-03-02 18:53:17.992795 7fe356efc700 5 -- 192.168.253.203:6789/0 >> 192.168.253.204:6789/0 conn(0x560105677000 :-1 s=STATE_OPEN_MESSAGE_READ_FOOTER_AND_DISPATCH pgs=9597 cs=1 l=0). rx mon.4 seq 1756793702 0x5601058a6f00 mon_probe(reply 484eca8f-c17b-41fd-83eb-314052ccd8ea name storage02roc paxos( fc 13804454 lc 13804982 )) v6 -973>
2019-03-02 18:53:17.992837 7fe359f02700 1 -- 192.168.253.203:6789/0 <== mon.4 192.168.253.204:6789/0 1756793702 ==== mon_probe(reply 484eca8f-c17b-41fd-83eb-314052ccd8ea name storage02roc paxos( fc 13804454 lc 13804982 )) v6 ==== 1014+0+0 (4205518415 0 0) 0x5601058a6f00 con 0x560105677000 -972>
2019-03-02 18:53:17.992848 7fe359f02700 5 mon.storage01roc@3(probing) e14 _ms_dispatch setting monitor caps on this connection -971>
2019-03-02 18:53:17.993079 7fe35d709700 5 -- 192.168.253.203:0/3016783 >> 192.168.253.163:6820/2891295 conn(0x56010566f800 :-1 s=STATE_OPEN_MESSAGE_READ_FOOTER_AND_DISPATCH pgs=8843 cs=1 l=1). rx mgr.9267543 seq 1 0x560105364f00 mgrconfigure(period=5, threshold=5) v2 -970>
2019-03-02 18:53:17.993106 7fe3586ff700 1 -- 192.168.253.203:0/3016783 <== mgr.9267543 192.168.253.163:6820/2891295 1 ==== mgrconfigure(period=5, threshold=5) v2 ==== 8+0+0 (3460719617 0 0) 0x560105364f00 con 0x56010566f800 -969>
2019-03-02 18:53:17.993124 7fe3586ff700 4 mgrc handle_mgr_configure stats_period=5 -968>
2019-03-02 18:53:17.993126 7fe3586ff700 4 mgrc handle_mgr_configure updated stats threshold: 5 -967>
2019-03-02 18:53:17.993210 7fe3586ff700 1 -- 192.168.253.203:0/3016783 --> 192.168.253.163:6820/2891295 -- mgrreport(unknown.storage01roc +53-0 packed 798) v5 -- 0x5601056b0000 con 0 -966>
2019-03-02 18:53:17.993480 7fe35d709700 5 -- 192.168.253.203:6789/0 >> 192.168.253.242:6789/0 conn(0x56010567e000 :-1 s=STATE_CONNECTING_WAIT_CONNECT_REPLY_AUTH pgs=0 cs=0 l=0).handle_connect_reply connect got RETRY_GLOBAL 3480 chose new 3481 -965>
2019-03-02 18:53:17.994496 7fe35d709700 5 -- 192.168.253.203:6789/0 >> 192.168.253.242:6789/0 conn(0x56010567e000 :-1 s=STATE_CONNECTING_WAIT_CONNECT_REPLY_AUTH pgs=0 cs=0 l=0).handle_connect_reply connect got RETRY_GLOBAL 3480 chose new 3482 -964>
2019-03-02 18:53:17.995791 7fe35d709700 0 -- 192.168.253.203:6789/0 >> 192.168.253.242:6789/0 conn(0x56010567e000 :-1 s=STATE_OPEN_MESSAGE_READ_FOOTER_AND_DISPATCH pgs=23438 cs=1 l=0).process missed message? skipped from seq 0 to 1673216108 -963>
2019-03-02 18:53:17.995803 7fe35d709700 5 -- 192.168.253.203:6789/0 >> 192.168.253.242:6789/0 conn(0x56010567e000 :-1 s=STATE_OPEN_MESSAGE_READ_FOOTER_AND_DISPATCH pgs=23438 cs=1 l=0). rx mon.6 seq 1673216108 0x5601058a7400 mon_probe(reply 484eca8f-c17b-41fd-83eb-314052ccd8ea name cephmon paxos( fc 13804454 lc 13804982 )) v6 -962>
2019-03-02 18:53:17.995816 7fe359f02700 1 -- 192.168.253.203:6789/0 <== mon.6 192.168.253.242:6789/0 1673216108 ==== mon_probe(reply 484eca8f-c17b-41fd-83eb-314052ccd8ea name cephmon paxos( fc 13804454 lc 13804982 )) v6 ==== 1009+0+0 (1769800333 0 0) 0x5601058a7400 con 0x56010567e000 -961>
2019-03-02 18:53:17.995827 7fe359f02700 5 mon.storage01roc@3(probing) e14 _ms_dispatch setting monitor caps on this connection -960>
2019-03-02 18:53:17.995856 7fe359f02700 0 log_channel(cluster) log [INF] : mon.storage01roc calling monitor election -959>
2019-03-02 18:53:17.995862 7fe359f02700 1 -- 192.168.253.203:6789/0 --> 192.168.253.203:6789/0 -- log(1 entries from seq 1 at
2019-03-02 18:53:17.995859) v1 -- 0x5601054f0d80 con 0 -958>
2019-03-02 18:53:17.995879 7fe359f02700 5 mon.storage01roc@3(electing).elector(0) start -- can i be leader? -957>
2019-03-02 18:53:17.995896 7fe359f02700 1 mon.storage01roc@3(electing).elector(58452) init, last seen epoch 58452 -956>
2019-03-02 18:53:17.996385 7fe359f02700 1 -- 192.168.253.203:6789/0 _send_message--> mon.0 192.168.253.163:6789/0 -- election(484eca8f-c17b-41fd-83eb-314052ccd8ea propose 58453) v7 -- ?+0 0x56010500a300 -955>
2019-03-02 18:53:17.996394 7fe359f02700 1 -- 192.168.253.203:6789/0 --> 192.168.253.163:6789/0 -- election(484eca8f-c17b-41fd-83eb-314052ccd8ea propose 58453) v7 -- 0x56010500a300 con 0 -954>
2019-03-02 18:53:17.996411 7fe359f02700 1 -- 192.168.253.203:6789/0 _send_message--> mon.1 192.168.253.164:6789/0 -- election(484eca8f-c17b-41fd-83eb-314052ccd8ea propose 58453) v7 -- ?+0 0x56010500a900 -953>
2019-03-02 18:53:17.996415 7fe359f02700 1 -- 192.168.253.203:6789/0 --> 192.168.253.164:6789/0 -- election(484eca8f-c17b-41fd-83eb-314052ccd8ea propose 58453) v7 -- 0x56010500a900 con 0 -952>
2019-03-02 18:53:17.996433 7fe359f02700 1 -- 192.168.253.203:6789/0 _send_message--> mon.2 192.168.253.165:6789/0 -- election(484eca8f-c17b-41fd-83eb-314052ccd8ea propose 58453) v7 -- ?+0 0x56010500ac00 -951>
2019-03-02 18:53:17.996439 7fe359f02700 1 -- 192.168.253.203:6789/0 --> 192.168.253.165:6789/0 -- election(484eca8f-c17b-41fd-83eb-314052ccd8ea propose 58453) v7 -- 0x56010500ac00 con 0 -950>
2019-03-02 18:53:17.996453 7fe359f02700 1 -- 192.168.253.203:6789/0 _send_message--> mon.4 192.168.253.204:6789/0 -- election(484eca8f-c17b-41fd-83eb-314052ccd8ea propose 58453) v7 -- ?+0 0x56010500af00 -949>
2019-03-02 18:53:17.996458 7fe359f02700 1 -- 192.168.253.203:6789/0 --> 192.168.253.204:6789/0 -- election(484eca8f-c17b-41fd-83eb-314052ccd8ea propose 58453) v7 -- 0x56010500af00 con 0 -948>
2019-03-02 18:53:17.996478 7fe359f02700 1 -- 192.168.253.203:6789/0 _send_message--> mon.5 192.168.253.205:6789/0 -- election(484eca8f-c17b-41fd-83eb-314052ccd8ea propose 58453) v7 -- ?+0 0x56010500b200 -947>
2019-03-02 18:53:17.996483 7fe359f02700 1 -- 192.168.253.203:6789/0 --> 192.168.253.205:6789/0 -- election(484eca8f-c17b-41fd-83eb-314052ccd8ea propose 58453) v7 -- 0x56010500b200 con 0 -946>
2019-03-02 18:53:17.996495 7fe359f02700 1 -- 192.168.253.203:6789/0 _send_message--> mon.6 192.168.253.242:6789/0 -- election(484eca8f-c17b-41fd-83eb-314052ccd8ea propose 58453) v7 -- ?+0 0x56010500b500 -945>
2019-03-02 18:53:17.996500 7fe359f02700 1 -- 192.168.253.203:6789/0 --> 192.168.253.242:6789/0 -- election(484eca8f-c17b-41fd-83eb-314052ccd8ea propose 58453) v7 -- 0x56010500b500 con 0 -944>
2019-03-02 18:53:17.996514 7fe359f02700 1 -- 192.168.253.203:6789/0 <== mon.3 192.168.253.203:6789/0 0 ==== log(1 entries from seq 1 at
2019-03-02 18:53:17.995859) v1 ==== 0+0+0 (0 0 0) 0x5601054f0d80 con 0x5601053ea000 -943>
2019-03-02 18:53:17.996526 7fe359f02700 5 mon.storage01roc@3(electing) e14 _ms_dispatch setting monitor caps on this connection -942>
2019-03-02 18:53:18.046452 7fe355efa700 4 rocksdb: [/home/jenkins-build/build/workspace/ceph-dev-new-build/ARCH/x86_64/AVAILABLE_ARCH/x86_64/AVAILABLE_DIST/centos7/DIST/centos7/MACHINE_SIZE/huge/release/12.2.5-2-ge988fb6/rpm/el7/BUILD/ceph-12.2.5-2-ge988fb6/src/rocksdb/db/compaction_job.cc:1116] [default] [JOB 3] Generated table #266: 3947 keys, 28258990 bytes -941>
2019-03-02 18:53:18.046489 7fe355efa700 4 rocksdb: EVENT_LOG_v1 {"time_micros": 1551523998046470, "cf_name": "default", "job": 3, "event": "table_file_creation", "file_number": 266, "file_size": 28258990, "table_properties": {"data_size": 28101759, "index_size": 79039, "filter_size": 77265, "raw_key_size": 83782, "raw_average_key_size": 21, "raw_value_size": 27989473, "raw_average_value_size": 7091, "num_data_blocks": 2186, "num_entries": 3947, "filter_policy_name": "rocksdb.BuiltinBloomFilter", "kDeletedKeys": "0", "kMergeOperands": "0"}} -940>
2019-03-02 18:53:18.046530 7fe355efa700 4 rocksdb: [/home/jenkins-build/build/workspace/ceph-dev-new-build/ARCH/x86_64/AVAILABLE_ARCH/x86_64/AVAILABLE_DIST/centos7/DIST/centos7/MACHINE_SIZE/huge/release/12.2.5-2-ge988fb6/rpm/el7/BUILD/ceph-12.2.5-2-ge988fb6/src/rocksdb/db/compaction_job.cc:1173] [default] [JOB 3] Compacted 4@0 + 1@1 files to L1 => 28258990 bytes -939>
2019-03-02 18:53:18.047088 7fe355efa700 4 rocksdb: (Original Log Time 2019/03/02-18:53:18.046986) [/home/jenkins-build/build/workspace/ceph-dev-new-build/ARCH/x86_64/AVAILABLE_ARCH/x86_64/AVAILABLE_DIST/centos7/DIST/centos7/MACHINE_SIZE/huge/release/12.2.5-2-ge988fb6/rpm/el7/BUILD/ceph-12.2.5-2-ge988fb6/src/rocksdb/db/compaction_job.cc:621] [default] compacted to: base level 1 max bytes base 268435456 files[0 1 0 0 0 0 0] max score 0.11, MB/sec: 466.3 rd, 466.1 wr, level 1, files in(4, 1) out(1) MB in(0.4, 26.5) out(26.9), read-write-amplify(128.9) write-amplify(64.4) OK, records in: 3 -938>
2019-03-02 18:53:18.047100 7fe355efa700 4 rocksdb: (Original Log Time 2019/03/02-18:53:18.047014) EVENT_LOG_v1 {"time_micros": 1551523998047001, "job": 3, "event": "compaction_finished", "compaction_time_micros": 60635, "output_level": 1, "num_output_files": 1, "total_output_size": 28258990, "num_input_records": 3986, "num_output_records": 3947, "num_subcompactions": 1, "num_single_delete_mismatches": 0, "num_single_delete_fallthrough": 0, "lsm_state": [0, 1, 0, 0, 0, 0, 0]} -937>
2019-03-02 18:53:18.047190 7fe355efa700 5 rocksdb: [/home/jenkins-build/build/workspace/ceph-dev-new-build/ARCH/x86_64/AVAILABLE_ARCH/x86_64/AVAILABLE_DIST/centos7/DIST/centos7/MACHINE_SIZE/huge/release/12.2.5-2-ge988fb6/rpm/el7/BUILD/ceph-12.2.5-2-ge988fb6/src/rocksdb/db/db_impl_files.cc:307] [JOB 3] Delete /var/lib/ceph/mon/ceph-storage01roc/store.db/000261.sst type=2 #261 -- OK -936>
2019-03-02 18:53:18.047212 7fe355efa700 4 rocksdb: EVENT_LOG_v1 {"time_micros": 1551523998047206, "job": 3, "event": "table_file_deletion", "file_number": 261} -935>
2019-03-02 18:53:18.047359 7fe355efa700 5 rocksdb: [/home/jenkins-build/build/workspace/ceph-dev-new-build/ARCH/x86_64/AVAILABLE_ARCH/x86_64/AVAILABLE_DIST/centos7/DIST/centos7/MACHINE_SIZE/huge/release/12.2.5-2-ge988fb6/rpm/el7/BUILD/ceph-12.2.5-2-ge988fb6/src/rocksdb/db/db_impl_files.cc:307] [JOB 3] Delete /var/lib/ceph/mon/ceph-storage01roc/store.db/000258.sst type=2 #258 -- OK -934>
2019-03-02 18:53:18.047375 7fe355efa700 4 rocksdb: EVENT_LOG_v1 {"time_micros": 1551523998047371, "job": 3, "event": "table_file_deletion", "file_number": 258} -933>
2019-03-02 18:53:18.047443 7fe355efa700 5 rocksdb: [/home/jenkins-build/build/workspace/ceph-dev-new-build/ARCH/x86_64/AVAILABLE_ARCH/x86_64/AVAILABLE_DIST/centos7/DIST/centos7/MACHINE_SIZE/huge/release/12.2.5-2-ge988fb6/rpm/el7/BUILD/ceph-12.2.5-2-ge988fb6/src/rocksdb/db/db_impl_files.cc:307] [JOB 3] Delete /var/lib/ceph/mon/ceph-storage01roc/store.db/000255.sst type=2 #255 -- OK -932>
2019-03-02 18:53:18.047456 7fe355efa700 4 rocksdb: EVENT_LOG_v1 {"time_micros": 1551523998047452, "job": 3, "event": "table_file_deletion", "file_number": 255} -931>
2019-03-02 18:53:18.047520 7fe355efa700 5 rocksdb: [/home/jenkins-build/build/workspace/ceph-dev-new-build/ARCH/x86_64/AVAILABLE_ARCH/x86_64/AVAILABLE_DIST/centos7/DIST/centos7/MACHINE_SIZE/huge/release/12.2.5-2-ge988fb6/rpm/el7/BUILD/ceph-12.2.5-2-ge988fb6/src/rocksdb/db/db_impl_files.cc:307] [JOB 3] Delete /var/lib/ceph/mon/ceph-storage01roc/store.db/000252.sst type=2 #252 -- OK -930>
2019-03-02 18:53:18.047533 7fe355efa700 4 rocksdb: EVENT_LOG_v1 {"time_micros": 1551523998047529, "job": 3, "event": "table_file_deletion", "file_number": 252} -929>
2019-03-02 18:53:18.055007 7fe355efa700 5 rocksdb: [/home/jenkins-build/build/workspace/ceph-dev-new-build/ARCH/x86_64/AVAILABLE_ARCH/x86_64/AVAILABLE_DIST/centos7/DIST/centos7/MACHINE_SIZE/huge/release/12.2.5-2-ge988fb6/rpm/el7/BUILD/ceph-12.2.5-2-ge988fb6/src/rocksdb/db/db_impl_files.cc:307] [JOB 3] Delete /var/lib/ceph/mon/ceph-storage01roc/store.db/000250.sst type=2 #250 -- OK -928>
2019-03-02 18:53:18.055024 7fe355efa700 4 rocksdb: EVENT_LOG_v1 {"time_micros": 1551523998055019, "job": 3, "event": "table_file_deletion", "file_number": 250} -927>
2019-03-02 18:53:18.113759 7fe356efc700 1 -- 192.168.253.203:6789/0 >> - conn(0x56010549f000 :6789 s=STATE_ACCEPTING pgs=0 cs=0 l=0)._process_connection sd=9 - -926>
2019-03-02 18:53:18.113873 7fe35d709700 1 -- 192.168.253.203:6789/0 >> - conn(0x56010543b800 :6789 s=STATE_ACCEPTING pgs=0 cs=0 l=0)._process_connection sd=10 - -925>
2019-03-02 18:53:18.113931 7fe356efc700 2 -- 192.168.253.203:6789/0 >> 192.168.253.32:0/3724611330 conn(0x56010549f000 :6789 s=STATE_ACCEPTING_WAIT_SEQ pgs=2902 cs=1 l=1).handle_connect_msg accept write reply msg done -924>
2019-03-02 18:53:18.114022 7fe356efc700 2 -- 192.168.253.203:6789/0 >> 192.168.253.32:0/3724611330 conn(0x56010549f000 :6789 s=STATE_ACCEPTING_WAIT_SEQ pgs=2902 cs=1 l=1)._process_connection accept get newly_acked_seq 0 -923>
2019-03-02 18:53:18.114120 7fe3576fd700 1 -- 192.168.253.203:6789/0 >> - conn(0x56010549d800 :6789 s=STATE_ACCEPTING pgs=0 cs=0 l=0)._process_connection sd=11 - -922>
2019-03-02 18:53:18.114141 7fe356efc700 5 -- 192.168.253.203:6789/0 >> 192.168.253.32:0/3724611330 conn(0x56010549f000 :6789 s=STATE_OPEN_MESSAGE_READ_FOOTER_AND_DISPATCH pgs=2902 cs=1 l=1). rx client.8113030 seq 1 0x5601054f06c0 auth(proto 0 34 bytes epoch 14) v1 -921>
2019-03-02 18:53:18.114174 7fe359f02700 1 -- 192.168.253.203:6789/0 <== client.8113030 192.168.253.32:0/3724611330 1 ==== auth(proto 0 34 bytes epoch 14) v1 ==== 64+0+0 (2331791968 0 0) 0x5601054f06c0 con 0x56010549f000 -920>
2019-03-02 18:53:18.114206 7fe359f02700 5 mon.storage01roc@3(electing) e14 waitlisting message auth(proto 0 34 bytes epoch 14) v1 -919>
2019-03-02 18:53:18.114261 7fe3576fd700 2 -- 192.168.253.203:6789/0 >> 192.168.253.43:0/103156267 conn(0x56010549d800 :6789 s=STATE_ACCEPTING_WAIT_SEQ pgs=13218 cs=1 l=1).handle_connect_msg accept write reply msg done -918>
2019-03-02 18:53:18.114326 7fe3576fd700 2 -- 192.168.253.203:6789/0 >> 192.168.253.43:0/103156267 conn(0x56010549d800 :6789 s=STATE_ACCEPTING_WAIT_SEQ pgs=13218 cs=1 l=1)._process_connection accept get newly_acked_seq 0 -917>
2019-03-02 18:53:18.114375 7fe356efc700 1 -- 192.168.253.203:6789/0 >> - conn(0x56010549c000 :6789 s=STATE_ACCEPTING pgs=0 cs=0 l=0)._process_connection sd=12 - -916>
2019-03-02 18:53:18.114384 7fe3576fd700 5 -- 192.168.253.203:6789/0 >> 192.168.253.43:0/103156267 conn(0x56010549d800 :6789 s=STATE_OPEN_MESSAGE_READ_FOOTER_AND_DISPATCH pgs=13218 cs=1 l=1). rx client.8831771 seq 1 0x5601054f0480 auth(proto 0 38 bytes epoch 14) v1 -915>
2019-03-02 18:53:18.114405 7fe359f02700 1 -- 192.168.253.203:6789/0 <== client.8831771 192.168.253.43:0/103156267 1 ==== auth(proto 0 38 bytes epoch 14) v1 ==== 68+0+0 (3029943862 0 0) 0x5601054f0480 con 0x56010549d800 -914>
2019-03-02 18:53:18.114421 7fe359f02700 5 mon.storage01roc@3(electing) e14 waitlisting message auth(proto 0 38 bytes epoch 14) v1 -913>
2019-03-02 18:53:18.114456 7fe35d709700 2 -- 192.168.253.203:6789/0 >> 192.168.253.164:6802/541834 conn(0x56010543b800 :6789 s=STATE_ACCEPTING_WAIT_SEQ pgs=279117 cs=1 l=1).handle_connect_msg accept write reply msg done -912>
2019-03-02 18:53:18.114924 7fe35d709700 2 -- 192.168.253.203:6789/0 >> 192.168.253.164:6802/541834 conn(0x56010543b800 :6789 s=STATE_ACCEPTING_WAIT_SEQ pgs=279117 cs=1 l=1)._process_connection accept get newly_acked_seq 0 -911>
2019-03-02 18:53:18.114961 7fe35d709700 5 -- 192.168.253.203:6789/0 >> 192.168.253.164:6802/541834 conn(0x56010543b800 :6789 s=STATE_OPEN_MESSAGE_READ_FOOTER_AND_DISPATCH pgs=279117 cs=1 l=1). rx osd.40 seq 1 0x560104faed80 auth(proto 0 27 bytes epoch 14) v1 -910>
2019-03-02 18:53:18.114988 7fe356efc700 2 -- 192.168.253.203:6789/0 >> 192.168.253.165:6802/708867 conn(0x56010549c000 :6789 s=STATE_ACCEPTING_WAIT_SEQ pgs=356684 cs=1 l=1).handle_connect_msg accept write reply msg done -909>
2019-03-02 18:53:18.114983 7fe359f02700 1 -- 192.168.253.203:6789/0 <== osd.40 192.168.253.164:6802/541834 1 ==== auth(proto 0 27 bytes epoch 14) v1 ==== 57+0+0 (3408158408 0 0) 0x560104faed80 con 0x56010543b800 -908>
2019-03-02 18:53:18.115016 7fe359f02700 5 mon.storage01roc@3(electing) e14 waitlisting message auth(proto 0 27 bytes epoch 14) v1 -907>
2019-03-02 18:53:18.115459 7fe35d709700 1 -- 192.168.253.203:6789/0 >> - conn(0x5601054b0000 :6789 s=STATE_ACCEPTING pgs=0 cs=0 l=0)._process_connection sd=13 - -906>
2019-03-02 18:53:18.115512 7fe356efc700 2 -- 192.168.253.203:6789/0 >> 192.168.253.165:6802/708867 conn(0x56010549c000 :6789 s=STATE_ACCEPTING_WAIT_SEQ pgs=356684 cs=1 l=1)._process_connection accept get newly_acked_seq 0 -905>
2019-03-02 18:53:18.115540 7fe356efc700 5 -- 192.168.253.203:6789/0 >> 192.168.253.165:6802/708867 conn(0x56010549c000 :6789 s=STATE_OPEN_MESSAGE_READ_FOOTER_AND_DISPATCH pgs=356684 cs=1 l=1). rx osd.9 seq 1 0x5601054f1200 auth(proto 0 26 bytes epoch 14) v1 -904>
2019-03-02 18:53:18.115564 7fe359f02700 1 -- 192.168.253.203:6789/0 <== osd.9 192.168.253.165:6802/708867 1 ==== auth(proto 0 26 bytes epoch 14) v1 ==== 56+0+0 (32594381 0 0) 0x5601054f1200 con 0x56010549c000 -903>
2019-03-02 18:53:18.115584 7fe359f02700 5 mon.storage01roc@3(electing) e14 waitlisting message auth(proto 0 26 bytes epoch 14) v1 -902>
2019-03-02 18:53:18.115957 7fe3576fd700 1 -- 192.168.253.203:6789/0 >> - conn(0x5601054b1800 :6789 s=STATE_ACCEPTING pgs=0 cs=0 l=0)._process_connection sd=28 - -901>
2019-03-02 18:53:18.115975 7fe35d709700 1 -- 192.168.253.203:6789/0 >> - conn(0x5601054b3000 :6789 s=STATE_ACCEPTING pgs=0 cs=0 l=0)._process_connection sd=29 - -900>
2019-03-02 18:53:18.115976 7fe356efc700 1 -- 192.168.253.203:6789/0 >> - conn(0x5601054b4800 :6789 s=STATE_ACCEPTING pgs=0 cs=0 l=0)._process_connection sd=30 - -899>
2019-03-02 18:53:18.116078 7fe35d709700 2 -- 192.168.253.203:6789/0 >> 192.168.253.39:0/1520712163 conn(0x5601054b0000 :6789 s=STATE_ACCEPTING_WAIT_SEQ pgs=2872 cs=1 l=1).handle_connect_msg accept write reply msg done -898>
2019-03-02 18:53:18.116508 7fe3576fd700 2 -- 192.168.253.203:6789/0 >> 192.168.253.31:0/1087877254 conn(0x5601054b1800 :6789 s=STATE_ACCEPTING_WAIT_SEQ pgs=35503 cs=1 l=1).handle_connect_msg accept write reply msg done -897>
2019-03-02 18:53:18.116523 7fe35d709700 2 -- 192.168.253.203:6789/0 >> 192.168.253.31:0/1038212884 conn(0x5601054b3000 :6789 s=STATE_ACCEPTING_WAIT_SEQ pgs=7242 cs=1 l=1).handle_connect_msg accept write reply msg done -896>
2019-03-02 18:53:18.116528 7fe356efc700 2 -- 192.168.253.203:6789/0 >> 192.168.253.50:0/3448699030 conn(0x5601054b4800 :6789 s=STATE_ACCEPTING_WAIT_SEQ pgs=18718 cs=1 l=1).handle_connect_msg accept write reply msg done -895>
2019-03-02 18:53:18.116613 7fe35d709700 2 -- 192.168.253.203:6789/0 >> 192.168.253.39:0/1520712163 conn(0x5601054b0000 :6789 s=STATE_ACCEPTING_WAIT_SEQ pgs=2872 cs=1 l=1)._process_connection accept get newly_acked_seq 0 -894>
2019-03-02 18:53:18.116741 7fe35d709700 5 -- 192.168.253.203:6789/0 >> 192.168.253.39:0/1520712163 conn(0x5601054b0000 :6789 s=STATE_OPEN_MESSAGE_READ_FOOTER_AND_DISPATCH pgs=2872 cs=1 l=1). rx client.8775011 seq 1 0x5601054f0900 auth(proto 0 34 bytes epoch 14) v1 -893>
2019-03-02 18:53:18.116768 7fe359f02700 1 -- 192.168.253.203:6789/0 <== client.8775011 192.168.253.39:0/1520712163 1 ==== auth(proto 0 34 bytes epoch 14) v1 ==== 64+0+0 (2838151096 0 0) 0x5601054f0900 con 0x5601054b0000 -892>
2019-03-02 18:53:18.116785 7fe359f02700 5 mon.storage01roc@3(electing) e14 waitlisting message auth(proto 0 34 bytes epoch 14) v1 -891>
2019-03-02 18:53:18.117020 7fe356efc700 2 -- 192.168.253.203:6789/0 >> 192.168.253.50:0/3448699030 conn(0x5601054b4800 :6789 s=STATE_ACCEPTING_WAIT_SEQ pgs=18718 cs=1 l=1)._process_connection accept get newly_acked_seq 0 -890>
2019-03-02 18:53:18.117080 7fe356efc700 5 -- 192.168.253.203:6789/0 >> 192.168.253.50:0/3448699030 conn(0x5601054b4800 :6789 s=STATE_OPEN_MESSAGE_READ_FOOTER_AND_DISPATCH pgs=18718 cs=1 l=1). rx client.8833367 seq 1 0x5601054f1680 auth(proto 0 38 bytes epoch 14) v1 -889>
2019-03-02 18:53:18.117088 7fe35d709700 2 -- 192.168.253.203:6789/0 >> 192.168.253.31:0/1038212884 conn(0x5601054b3000 :6789 s=STATE_ACCEPTING_WAIT_SEQ pgs=7242 cs=1 l=1)._process_connection accept get newly_acked_seq 0 -888>
2019-03-02 18:53:18.117088 7fe3576fd700 2 -- 192.168.253.203:6789/0 >> 192.168.253.31:0/1087877254 conn(0x5601054b1800 :6789 s=STATE_ACCEPTING_WAIT_SEQ pgs=35503 cs=1 l=1)._process_connection accept get newly_acked_seq 0 -887>
2019-03-02 18:53:18.117096 7fe359f02700 1 -- 192.168.253.203:6789/0 <== client.8833367 192.168.253.50:0/3448699030 1 ==== auth(proto 0 38 bytes epoch 14) v1 ==== 68+0+0 (480927092 0 0) 0x5601054f1680 con 0x5601054b4800 -886>
2019-03-02 18:53:18.117108 7fe359f02700 5 mon.storage01roc@3(electing) e14 waitlisting message auth(proto 0 38 bytes epoch 14) v1 -885>
2019-03-02 18:53:18.117167 7fe3576fd700 5 -- 192.168.253.203:6789/0 >> 192.168.253.31:0/1087877254 conn(0x5601054b1800 :6789 s=STATE_OPEN_MESSAGE_READ_FOOTER_AND_DISPATCH pgs=35503 cs=1 l=1). rx client.8707891 seq 1 0x5601054f18c0 auth(proto 0 38 bytes epoch 14) v1 -884>
2019-03-02 18:53:18.117176 7fe35d709700 5 -- 192.168.253.203:6789/0 >> 192.168.253.31:0/1038212884 conn(0x5601054b3000 :6789 s=STATE_OPEN_MESSAGE_READ_FOOTER_AND_DISPATCH pgs=7242 cs=1 l=1). rx client.8707856 seq 1 0x5601054f1d40 auth(proto 0 38 bytes epoch 14) v1 -883>
2019-03-02 18:53:18.117185 7fe359f02700 1 -- 192.168.253.203:6789/0 <== client.8707891 192.168.253.31:0/1087877254 1 ==== auth(proto 0 38 bytes epoch 14) v1 ==== 68+0+0 (1012484761 0 0) 0x5601054f18c0 con 0x5601054b1800 -882>
2019-03-02 18:53:18.117191 7fe359f02700 5 mon.storage01roc@3(electing) e14 waitlisting message auth(proto 0 38 bytes epoch 14) v1 -881>
2019-03-02 18:53:18.117194 7fe359f02700 1 -- 192.168.253.203:6789/0 <== client.8707856 192.168.253.31:0/1038212884 1 ==== auth(proto 0 38 bytes epoch 14) v1 ==== 68+0+0 (1570277103 0 0) 0x5601054f1d40 con 0x5601054b3000 -880>
2019-03-02 18:53:18.117199 7fe359f02700 5 mon.storage01roc@3(electing) e14 waitlisting message auth(proto 0 38 bytes epoch 14) v1 -879>
2019-03-02 18:53:18.177377 7fe35d709700 1 -- 192.168.253.203:6789/0 >> - conn(0x56010548c000 :6789 s=STATE_ACCEPTING pgs=0 cs=0 l=0)._process_connection sd=42 - -878>
2019-03-02 18:53:18.177578 7fe35d709700 2 -- 192.168.253.203:6789/0 >> 192.168.253.35:0/3362670835 conn(0x56010548c000 :6789 s=STATE_ACCEPTING_WAIT_SEQ pgs=14 cs=1 l=1).handle_connect_msg accept write reply msg done -877>
2019-03-02 18:53:18.177679 7fe35d709700 2 -- 192.168.253.203:6789/0 >> 192.168.253.35:0/3362670835 conn(0x56010548c000 :6789 s=STATE_ACCEPTING_WAIT_SEQ pgs=14 cs=1 l=1)._process_connection accept get newly_acked_seq 0 -876>
2019-03-02 18:53:18.177855 7fe35d709700 5 -- 192.168.253.203:6789/0 >> 192.168.253.35:0/3362670835 conn(0x56010548c000 :6789 s=STATE_OPEN_MESSAGE_READ_FOOTER_AND_DISPATCH pgs=14 cs=1 l=1). rx client.? seq 1 0x560105492000 auth(proto 0 34 bytes epoch 0) v1 -875>
2019-03-02 18:53:18.177877 7fe359f02700 1 -- 192.168.253.203:6789/0 <== client.? 192.168.253.35:0/3362670835 1 ==== auth(proto 0 34 bytes epoch 0) v1 ==== 64+0+0 (3805625626 0 0) 0x560105492000 con 0x56010548c000 -874>
2019-03-02 18:53:18.177894 7fe359f02700 5 mon.storage01roc@3(electing) e14 waitlisting message auth(proto 0 34 bytes epoch 0) v1 -873>
2019-03-02 18:53:18.191825 7fe35d709700 1 -- 192.168.253.203:6789/0 >> 192.168.253.165:6789/0 conn(0x560105675800 :-1 s=STATE_CONNECTING_RE pgs=0 cs=0 l=0)._process_connection reconnect failed -872>
2019-03-02 18:53:18.191829 7fe3576fd700 1 -- 192.168.253.203:6789/0 >> 192.168.253.164:6789/0 conn(0x560105674000 :-1 s=STATE_CONNECTING_RE pgs=0 cs=0 l=0)._process_connection reconnect failed -871>
2019-03-02 18:53:18.191827 7fe356efc700 1 -- 192.168.253.203:6789/0 >> 192.168.253.163:6789/0 conn(0x560105672800 :-1 s=STATE_CONNECTING_RE pgs=0 cs=0 l=0)._process_connection reconnect failed -870>
2019-03-02 18:53:18.191838 7fe35d709700 2 -- 192.168.253.203:6789/0 >> 192.168.253.165:6789/0 conn(0x560105675800 :-1 s=STATE_CONNECTING_RE pgs=0 cs=0 l=0)._process_connection connection refused! -869>
2019-03-02 18:53:18.191840 7fe3576fd700 2 -- 192.168.253.203:6789/0 >> 192.168.253.164:6789/0 conn(0x560105674000 :-1 s=STATE_CONNECTING_RE pgs=0 cs=0 l=0)._process_connection connection refused! -868>
2019-03-02 18:53:18.191841 7fe356efc700 2 -- 192.168.253.203:6789/0 >> 192.168.253.163:6789/0 conn(0x560105672800 :-1 s=STATE_CONNECTING_RE pgs=0 cs=0 l=0)._process_connection connection refused! -867>
2019-03-02 18:53:18.341137 7fe3576fd700 1 -- 192.168.253.203:6789/0 >> - conn(0x56010548d800 :6789 s=STATE_ACCEPTING pgs=0 cs=0 l=0)._process_connection sd=43 - -866>
2019-03-02 18:53:18.341703 7fe3576fd700 2 -- 192.168.253.203:6789/0 >> 192.168.253.31:0/2755183883 conn(0x56010548d800 :6789 s=STATE_ACCEPTING_WAIT_SEQ pgs=6 cs=1 l=1).handle_connect_msg accept write reply msg done -865>
2019-03-02 18:53:18.342271 7fe3576fd700 2 -- 192.168.253.203:6789/0 >> 192.168.253.31:0/2755183883 conn(0x56010548d800 :6789 s=STATE_ACCEPTING_WAIT_SEQ pgs=6 cs=1 l=1)._process_connection accept get newly_acked_seq 0 -864>
2019-03-02 18:53:18.342333 7fe3576fd700 5 -- 192.168.253.203:6789/0 >> 192.168.253.31:0/2755183883 conn(0x56010548d800 :6789 s=STATE_OPEN_MESSAGE_READ_FOOTER_AND_DISPATCH pgs=6 cs=1 l=1). rx client.? seq 1 0x5601054f1b00 auth(proto 0 34 bytes epoch 0) v1 -863>
2019-03-02 18:53:18.342357 7fe359f02700 1 -- 192.168.253.203:6789/0 <== client.? 192.168.253.31:0/2755183883 1 ==== auth(proto 0 34 bytes epoch 0) v1 ==== 64+0+0 (3805625626 0 0) 0x5601054f1b00 con 0x56010548d800 -862>
2019-03-02 18:53:18.342379 7fe359f02700 5 mon.storage01roc@3(electing) e14 waitlisting message auth(proto 0 34 bytes epoch 0) v1 -861>
2019-03-02 18:53:18.429977 7fe356efc700 1 -- 192.168.253.203:6789/0 >> - conn(0x56010548f000 :6789 s=STATE_ACCEPTING pgs=0 cs=0 l=0)._process_connection sd=44 - -860>
2019-03-02 18:53:18.429982 7fe3576fd700 1 -- 192.168.253.203:6789/0 >> - conn(0x560105490800 :6789 s=STATE_ACCEPTING pgs=0 cs=0 l=0)._process_connection sd=45 - -859>
2019-03-02 18:53:18.430248 7fe3576fd700 2 -- 192.168.253.203:6789/0 >> 192.168.253.32:0/3361644023 conn(0x560105490800 :6789 s=STATE_ACCEPTING_WAIT_SEQ pgs=2956 cs=1 l=1).handle_connect_msg accept write reply msg done -858>
2019-03-02 18:53:18.430286 7fe356efc700 2 -- 192.168.253.203:6789/0 >> 192.168.253.32:0/3589307736 conn(0x56010548f000 :6789 s=STATE_ACCEPTING_WAIT_SEQ pgs=3130 cs=1 l=1).handle_connect_msg accept write reply msg done -857>
2019-03-02 18:53:18.430372 7fe3576fd700 2 -- 192.168.253.203:6789/0 >> 192.168.253.32:0/3361644023 conn(0x560105490800 :6789 s=STATE_ACCEPTING_WAIT_SEQ pgs=2956 cs=1 l=1)._process_connection accept get newly_acked_seq 0 -856>
2019-03-02 18:53:18.430375 7fe356efc700 2 -- 192.168.253.203:6789/0 >> 192.168.253.32:0/3589307736 conn(0x56010548f000 :6789 s=STATE_ACCEPTING_WAIT_SEQ pgs=3130 cs=1 l=1)._process_connection accept get newly_acked_seq 0 -855>
2019-03-02 18:53:18.430465 7fe3576fd700 5 -- 192.168.253.203:6789/0 >> 192.168.253.32:0/3361644023 conn(0x560105490800 :6789 s=STATE_OPEN_MESSAGE_READ_FOOTER_AND_DISPATCH pgs=2956 cs=1 l=1). rx client.8665101 seq 1 0x5601054926c0 auth(proto 0 34 bytes epoch 14) v1 -854>
2019-03-02 18:53:18.430482 7fe359f02700 1 -- 192.168.253.203:6789/0 <== client.8665101 192.168.253.32:0/3361644023 1 ==== auth(proto 0 34 bytes epoch 14) v1 ==== 64+0+0 (3120407515 0 0) 0x5601054926c0 con 0x560105490800 -853>
2019-03-02 18:53:18.430504 7fe359f02700 5 mon.storage01roc@3(electing) e14 waitlisting message auth(proto 0 34 bytes epoch 14) v1 -852>
2019-03-02 18:53:18.430511 7fe356efc700 5 -- 192.168.253.203:6789/0 >> 192.168.253.32:0/3589307736 conn(0x56010548f000 :6789 s=STATE_OPEN_MESSAGE_READ_FOOTER_AND_DISPATCH pgs=3130 cs=1 l=1). rx client.8938298 seq 1 0x560105492d80 auth(proto 0 34 bytes epoch 14) v1 -851>
2019-03-02 18:53:18.430531 7fe359f02700 1 -- 192.168.253.203:6789/0 <== client.8938298 192.168.253.32:0/3589307736 1 ==== auth(proto 0 34 bytes epoch 14) v1 ==== 64+0+0 (1595624629 0 0) 0x560105492d80 con 0x56010548f000 -850>
2019-03-02 18:53:18.430538 7fe359f02700 5 mon.storage01roc@3(electing) e14 waitlisting message auth(proto 0 34 bytes epoch 14) v1 -849>
2019-03-02 18:53:18.591771 7fe356efc700 1 -- 192.168.253.203:6789/0 >> 192.168.253.163:6789/0 conn(0x560105672800 :-1 s=STATE_CONNECTING_RE pgs=0 cs=0 l=0)._process_connection reconnect failed -848>
2019-03-02 18:53:18.591772 7fe3576fd700 1 -- 192.168.253.203:6789/0 >> 192.168.253.164:6789/0 conn(0x560105674000 :-1 s=STATE_CONNECTING_RE pgs=0 cs=0 l=0)._process_connection reconnect failed -847>
2019-03-02 18:53:18.591790 7fe356efc700 2 -- 192.168.253.203:6789/0 >> 192.168.253.163:6789/0 conn(0x560105672800 :-1 s=STATE_CONNECTING_RE pgs=0 cs=0 l=0)._process_connection connection refused! -846>
2019-03-02 18:53:18.591792 7fe3576fd700 2 -- 192.168.253.203:6789/0 >> 192.168.253.164:6789/0 conn(0x560105674000 :-1 s=STATE_CONNECTING_RE pgs=0 cs=0 l=0)._process_connection connection refused! -845>
2019-03-02 18:53:18.592768 7fe35d709700 1 -- 192.168.253.203:6789/0 >> 192.168.253.165:6789/0 conn(0x560105675800 :-1 s=STATE_CONNECTING_RE pgs=0 cs=0 l=0)._process_connection reconnect failed -844>
2019-03-02 18:53:18.592780 7fe35d709700 2 -- 192.168.253.203:6789/0 >> 192.168.253.165:6789/0 conn(0x560105675800 :-1 s=STATE_CONNECTING_RE pgs=0 cs=0 l=0)._process_connection connection refused! -843>
2019-03-02 18:53:18.769480 7fe356efc700 1 -- 192.168.253.203:6789/0 >> - conn(0x560105638000 :6789 s=STATE_ACCEPTING pgs=0 cs=0 l=0)._process_connection sd=46 - -842>
2019-03-02 18:53:18.769568 7fe356efc700 2 -- 192.168.253.203:6789/0 >> 192.168.253.203:6802/506915 conn(0x560105638000 :6789 s=STATE_ACCEPTING_WAIT_SEQ pgs=135784 cs=1 l=1).handle_connect_msg accept write reply msg done -841>
2019-03-02 18:53:18.769580 7fe356efc700 2 -- 192.168.253.203:6789/0 >> 192.168.253.203:6802/506915 conn(0x560105638000 :6789 s=STATE_ACCEPTING_WAIT_SEQ pgs=135784 cs=1 l=1)._process_connection accept get newly_acked_seq 0 -840>
2019-03-02 18:53:18.769617 7fe356efc700 5 -- 192.168.253.203:6789/0 >> 192.168.253.203:6802/506915 conn(0x560105638000 :6789 s=STATE_OPEN_MESSAGE_READ_FOOTER_AND_DISPATCH pgs=135784 cs=1 l=1). rx osd.35 seq 1 0x560105492fc0 auth(proto 0 27 bytes epoch 14) v1 -839>
2019-03-02 18:53:18.769640 7fe359f02700 1 -- 192.168.253.203:6789/0 <== osd.35 192.168.253.203:6802/506915 1 ==== auth(proto 0 27 bytes epoch 14) v1 ==== 57+0+0 (3015307366 0 0) 0x560105492fc0 con 0x560105638000 -838>
2019-03-02 18:53:18.769662 7fe359f02700 5 mon.storage01roc@3(electing) e14 waitlisting message auth(proto 0 27 bytes epoch 14) v1 -837>
2019-03-02 18:53:18.769663 7fe35d709700 1 -- 192.168.253.203:6789/0 >> - conn(0x560105639800 :6789 s=STATE_ACCEPTING pgs=0 cs=0 l=0)._process_connection sd=47 - -836>
2019-03-02 18:53:18.769782 7fe35d709700 2 -- 192.168.253.203:6789/0 >> 192.168.253.205:6816/641907 conn(0x560105639800 :6789 s=STATE_ACCEPTING_WAIT_SEQ pgs=86317 cs=1 l=1).handle_connect_msg accept write reply msg done -835>
2019-03-02 18:53:18.769829 7fe35d709700 2 -- 192.168.253.203:6789/0 >> 192.168.253.205:6816/641907 conn(0x560105639800 :6789 s=STATE_ACCEPTING_WAIT_SEQ pgs=86317 cs=1 l=1)._process_connection accept get newly_acked_seq 0 -834>
2019-03-02 18:53:18.769864 7fe35d709700 5 -- 192.168.253.203:6789/0 >> 192.168.253.205:6816/641907 conn(0x560105639800 :6789 s=STATE_OPEN_MESSAGE_READ_FOOTER_AND_DISPATCH pgs=86317 cs=1 l=1). rx osd.18 seq 1 0x560105492240 auth(proto 0 27 bytes epoch 14) v1 -833>
2019-03-02 18:53:18.769878 7fe359f02700 1 -- 192.168.253.203:6789/0 <== osd.18 192.168.253.205:6816/641907 1 ==== auth(proto 0 27 bytes epoch 14) v1 ==== 57+0+0 (3382322512 0 0) 0x560105492240 con 0x560105639800 -832>
2019-03-02 18:53:18.769885 7fe359f02700 5 mon.storage01roc@3(electing) e14 waitlisting message auth(proto 0 27 bytes epoch 14) v1 -831>
2019-03-02 18:53:18.770288 7fe3576fd700 1 -- 192.168.253.203:6789/0 >> - conn(0x56010563b000 :6789 s=STATE_ACCEPTING pgs=0 cs=0 l=0)._process_connection sd=48 - -830>
2019-03-02 18:53:18.770432 7fe356efc700 1 -- 192.168.253.203:6789/0 >> - conn(0x56010563c800 :6789 s=STATE_ACCEPTING pgs=0 cs=0 l=0)._process_connection sd=49 - -829>
2019-03-02 18:53:18.770832 7fe3576fd700 2 -- 192.168.253.203:6789/0 >> 192.168.253.165:6808/526512 conn(0x56010563b000 :6789 s=STATE_ACCEPTING_WAIT_SEQ pgs=465203 cs=1 l=1).handle_connect_msg accept write reply msg done -828>
