2019-03-02 18:53:27.157117 7fe359f02700 2 mon.storage01roc@3(leader) e14 send_reply 0x560105770000 0x560105434480 auth_reply(proto 2 0 (0) Success) v1 -326>
2019-03-02 18:53:27.157123 7fe359f02700 1 -- 192.168.253.203:6789/0 --> 192.168.253.163:0/2778817751 -- auth_reply(proto 2 0 (0) Success) v1 -- 0x560105434480 con 0 -325>
2019-03-02 18:53:27.157151 7fe359f02700 2 mon.storage01roc@3(leader) e14 send_reply 0x560105770120 0x5601054346c0 auth_reply(proto 2 0 (0) Success) v1 -324>
2019-03-02 18:53:27.157158 7fe359f02700 1 -- 192.168.253.203:6789/0 --> 192.168.253.164:6802/541834 -- auth_reply(proto 2 0 (0) Success) v1 -- 0x5601054346c0 con 0 -323>
2019-03-02 18:53:27.157178 7fe359f02700 2 mon.storage01roc@3(leader) e14 send_reply 0x560105770240 0x560105434fc0 auth_reply(proto 2 0 (0) Success) v1 -322>
2019-03-02 18:53:27.157181 7fe359f02700 1 -- 192.168.253.203:6789/0 --> 192.168.253.203:6800/259757 -- auth_reply(proto 2 0 (0) Success) v1 -- 0x560105434fc0 con 0 -321>
2019-03-02 18:53:27.157196 7fe359f02700 2 mon.storage01roc@3(leader) e14 send_reply 0x560105770360 0x560105434900 auth_reply(proto 2 0 (0) Success) v1 -320>
2019-03-02 18:53:27.157199 7fe359f02700 1 -- 192.168.253.203:6789/0 --> 192.168.253.43:0/94488736 -- auth_reply(proto 2 0 (0) Success) v1 -- 0x560105434900 con 0 -319>
2019-03-02 18:53:27.157217 7fe359f02700 2 mon.storage01roc@3(leader) e14 send_reply 0x560105770480 0x560105435200 auth_reply(proto 2 0 (0) Success) v1 -318>
2019-03-02 18:53:27.157222 7fe359f02700 1 -- 192.168.253.203:6789/0 --> 192.168.253.37:0/3202181189 -- auth_reply(proto 2 0 (0) Success) v1 -- 0x560105435200 con 0 -317>
2019-03-02 18:53:27.157217 7fe35d709700 5 -- 192.168.253.203:6789/0 >> 192.168.253.204:6805/322433 conn(0x56010545a000 :6789 s=STATE_OPEN_MESSAGE_READ_FOOTER_AND_DISPATCH pgs=95151 cs=1 l=1). rx osd.1 seq 2 0x5601054346c0 auth(proto 2 32 bytes epoch 0) v1 -316>
2019-03-02 18:53:27.157247 7fe359f02700 2 mon.storage01roc@3(leader) e14 send_reply 0x5601057705a0 0x560105493b00 auth_reply(proto 2 0 (0) Success) v1 -315>
2019-03-02 18:53:27.157250 7fe359f02700 1 -- 192.168.253.203:6789/0 --> 192.168.253.37:0/3953751394 -- auth_reply(proto 2 0 (0) Success) v1 -- 0x560105493b00 con 0 -314>
2019-03-02 18:53:27.157265 7fe359f02700 2 mon.storage01roc@3(leader) e14 send_reply 0x5601057706c0 0x560105435440 auth_reply(proto 2 0 (0) Success) v1 -313>
2019-03-02 18:53:27.157267 7fe359f02700 1 -- 192.168.253.203:6789/0 --> 192.168.253.43:0/1267131636 -- auth_reply(proto 2 0 (0) Success) v1 -- 0x560105435440 con 0 -312>
2019-03-02 18:53:27.157294 7fe359f02700 2 mon.storage01roc@3(leader) e14 send_reply 0x5601057707e0 0x560105794000 auth_reply(proto 2 0 (0) Success) v1 -311>
2019-03-02 18:53:27.157297 7fe359f02700 1 -- 192.168.253.203:6789/0 --> 192.168.253.44:0/219447902 -- auth_reply(proto 2 0 (0) Success) v1 -- 0x560105794000 con 0 -310>
2019-03-02 18:53:27.157317 7fe359f02700 2 mon.storage01roc@3(leader) e14 send_reply 0x560105771c20 0x560105794240 auth_reply(proto 2 0 (0) Success) v1 -309>
2019-03-02 18:53:27.157319 7fe359f02700 1 -- 192.168.253.203:6789/0 --> 192.168.253.31:0/3482224786 -- auth_reply(proto 2 0 (0) Success) v1 -- 0x560105794240 con 0 -308>
2019-03-02 18:53:27.157333 7fe359f02700 2 mon.storage01roc@3(leader) e14 send_reply 0x560105771d40 0x560105794fc0 auth_reply(proto 2 0 (0) Success) v1 -307>
2019-03-02 18:53:27.157337 7fe359f02700 1 -- 192.168.253.203:6789/0 --> 192.168.253.31:0/3137663203 -- auth_reply(proto 2 0 (0) Success) v1 -- 0x560105794fc0 con 0 -306>
2019-03-02 18:53:27.157354 7fe359f02700 2 mon.storage01roc@3(leader) e14 send_reply 0x560105928000 0x560105435680 auth_reply(proto 2 0 (0) Success) v1 -305>
2019-03-02 18:53:27.157358 7fe359f02700 1 -- 192.168.253.203:6789/0 --> 192.168.253.33:0/140057803 -- auth_reply(proto 2 0 (0) Success) v1 -- 0x560105435680 con 0 -304>
2019-03-02 18:53:27.157360 7fe356efc700 5 -- 192.168.253.203:6789/0 >> 192.168.253.203:6800/259757 conn(0x560105773800 :6789 s=STATE_OPEN_MESSAGE_READ_FOOTER_AND_DISPATCH pgs=89395 cs=1 l=1). rx osd.3 seq 2 0x560105435440 auth(proto 2 32 bytes epoch 0) v1 -303>
2019-03-02 18:53:27.157373 7fe359f02700 2 mon.storage01roc@3(leader) e14 send_reply 0x560105928120 0x560105794480 auth_reply(proto 2 0 (0) Success) v1 -302>
2019-03-02 18:53:27.157375 7fe359f02700 1 -- 192.168.253.203:6789/0 --> 192.168.253.35:0/3274667345 -- auth_reply(proto 2 0 (0) Success) v1 -- 0x560105794480 con 0 -301>
2019-03-02 18:53:27.157383 7fe356efc700 5 -- 192.168.253.203:6789/0 >> 192.168.253.32:0/3589307736 conn(0x56010548f000 :6789 s=STATE_OPEN_MESSAGE_READ_FOOTER_AND_DISPATCH pgs=3130 cs=1 l=1). rx client.8938298 seq 2 0x560105434fc0 auth(proto 2 144 bytes epoch 0) v1 -300>
2019-03-02 18:53:27.157391 7fe359f02700 2 mon.storage01roc@3(leader) e14 send_reply 0x560105928360 0x560105795200 auth_reply(proto 2 0 (0) Success) v1 -299>
2019-03-02 18:53:27.157383 7fe3576fd700 5 -- 192.168.253.203:6789/0 >> 192.168.253.32:0/3361644023 conn(0x560105490800 :6789 s=STATE_OPEN_MESSAGE_READ_FOOTER_AND_DISPATCH pgs=2956 cs=1 l=1). rx client.8665101 seq 2 0x560105493b00 auth(proto 2 144 bytes epoch 0) v1 -298>
2019-03-02 18:53:27.157394 7fe359f02700 1 -- 192.168.253.203:6789/0 --> 192.168.253.37:0/1733074246 -- auth_reply(proto 2 0 (0) Success) v1 -- 0x560105795200 con 0 -297>
2019-03-02 18:53:27.157406 7fe359f02700 2 mon.storage01roc@3(leader) e14 send_reply 0x560105928480 0x5601054358c0 auth_reply(proto 2 0 (0) Success) v1 -296>
2019-03-02 18:53:27.157408 7fe359f02700 1 -- 192.168.253.203:6789/0 --> 192.168.253.37:0/2175704180 -- auth_reply(proto 2 0 (0) Success) v1 -- 0x5601054358c0 con 0 -295>
2019-03-02 18:53:27.157508 7fe35d709700 5 -- 192.168.253.203:6789/0 >> 192.168.253.32:0/614279813 conn(0x560105758000 :6789 s=STATE_OPEN_MESSAGE_READ_FOOTER_AND_DISPATCH pgs=7222 cs=1 l=1). rx client.8204779 seq 2 0x5601054358c0 auth(proto 2 144 bytes epoch 0) v1 -294>
2019-03-02 18:53:27.157591 7fe3576fd700 5 -- 192.168.253.203:6789/0 >> 192.168.253.165:6808/526512 conn(0x56010563b000 :6789 s=STATE_OPEN_MESSAGE_READ_FOOTER_AND_DISPATCH pgs=465203 cs=1 l=1). rx osd.15 seq 2 0x560105795200 auth(proto 2 32 bytes epoch 0) v1 -293>
2019-03-02 18:53:27.157631 7fe3576fd700 1 -- 192.168.253.203:6789/0 >> 192.168.253.205:6818/642558 conn(0x560105975000 :6789 s=STATE_OPEN pgs=87095 cs=1 l=1).read_bulk peer close file descriptor 56 -292>
2019-03-02 18:53:27.157647 7fe3576fd700 1 -- 192.168.253.203:6789/0 >> 192.168.253.205:6818/642558 conn(0x560105975000 :6789 s=STATE_OPEN pgs=87095 cs=1 l=1).read_until read failed -291>
2019-03-02 18:53:27.157655 7fe3576fd700 1 -- 192.168.253.203:6789/0 >> 192.168.253.205:6818/642558 conn(0x560105975000 :6789 s=STATE_OPEN pgs=87095 cs=1 l=1).process read tag failed -290>
2019-03-02 18:53:27.157662 7fe356efc700 5 -- 192.168.253.203:6789/0 >> 192.168.253.164:6808/605500 conn(0x56010575b000 :6789 s=STATE_OPEN_MESSAGE_READ_FOOTER_AND_DISPATCH pgs=189842 cs=1 l=1). rx osd.14 seq 2 0x560105435680 auth(proto 2 32 bytes epoch 0) v1 -289>
2019-03-02 18:53:27.157663 7fe3576fd700 1 -- 192.168.253.203:6789/0 >> 192.168.253.205:6818/642558 conn(0x560105975000 :6789 s=STATE_OPEN pgs=87095 cs=1 l=1).fault on lossy channel, failing -288>
2019-03-02 18:53:27.157668 7fe3576fd700 2 -- 192.168.253.203:6789/0 >> 192.168.253.205:6818/642558 conn(0x560105975000 :6789 s=STATE_OPEN pgs=87095 cs=1 l=1)._stop -287>
2019-03-02 18:53:27.157709 7fe35d709700 5 -- 192.168.253.203:6789/0 >> 192.168.253.43:0/94488736 conn(0x560105775000 :6789 s=STATE_OPEN_MESSAGE_READ_FOOTER_AND_DISPATCH pgs=11207 cs=1 l=1). rx client.8173839 seq 2 0x560105492900 auth(proto 2 144 bytes epoch 0) v1 -286>
2019-03-02 18:53:27.157715 7fe356efc700 5 -- 192.168.253.203:6789/0 >> 192.168.253.163:0/2778817751 conn(0x56010575c800 :6789 s=STATE_OPEN_MESSAGE_READ_FOOTER_AND_DISPATCH pgs=3778 cs=1 l=1). rx client.9267543 seq 2 0x560105434480 auth(proto 2 32 bytes epoch 0) v1 -285>
2019-03-02 18:53:27.157743 7fe356efc700 5 -- 192.168.253.203:6789/0 >> 192.168.253.43:0/1267131636 conn(0x560105789800 :6789 s=STATE_OPEN_MESSAGE_READ_FOOTER_AND_DISPATCH pgs=6463 cs=1 l=1). rx client.8173846 seq 2 0x5601054938c0 auth(proto 2 144 bytes epoch 0) v1 -284>
2019-03-02 18:53:27.157740 7fe359f02700 1 -- 192.168.253.203:6789/0 _send_message--> mon.4 192.168.253.204:6789/0 -- paxos(begin lc 13804982 fc 0 pn 935303 opn 0) v4 -- ?+0 0x560105909b00 -283>
2019-03-02 18:53:27.157746 7fe35d709700 5 -- 192.168.253.203:6789/0 >> 192.168.253.164:6802/541834 conn(0x560105772000 :6789 s=STATE_OPEN_MESSAGE_READ_FOOTER_AND_DISPATCH pgs=279118 cs=1 l=1). rx osd.40 seq 2 0x560105493d40 auth(proto 2 32 bytes epoch 0) v1 -282>
2019-03-02 18:53:27.157754 7fe359f02700 1 -- 192.168.253.203:6789/0 --> 192.168.253.204:6789/0 -- paxos(begin lc 13804982 fc 0 pn 935303 opn 0) v4 -- 0x560105909b00 con 0 -281>
2019-03-02 18:53:27.157765 7fe359f02700 1 -- 192.168.253.203:6789/0 _send_message--> mon.5 192.168.253.205:6789/0 -- paxos(begin lc 13804982 fc 0 pn 935303 opn 0) v4 -- ?+0 0x56010500af00 -280>
2019-03-02 18:53:27.157769 7fe359f02700 1 -- 192.168.253.203:6789/0 --> 192.168.253.205:6789/0 -- paxos(begin lc 13804982 fc 0 pn 935303 opn 0) v4 -- 0x56010500af00 con 0 -279>
2019-03-02 18:53:27.157778 7fe359f02700 1 -- 192.168.253.203:6789/0 _send_message--> mon.6 192.168.253.242:6789/0 -- paxos(begin lc 13804982 fc 0 pn 935303 opn 0) v4 -- ?+0 0x56010598ec00 -278>
2019-03-02 18:53:27.157782 7fe359f02700 1 -- 192.168.253.203:6789/0 --> 192.168.253.242:6789/0 -- paxos(begin lc 13804982 fc 0 pn 935303 opn 0) v4 -- 0x56010598ec00 con 0 -277>
2019-03-02 18:53:27.157810 7fe359f02700 2 mon.storage01roc@3(leader) e14 send_reply 0x5601059286c0 0x560105795680 auth_reply(proto 2 0 (0) Success) v1 -276>
2019-03-02 18:53:27.157819 7fe359f02700 1 -- 192.168.253.203:6789/0 --> 192.168.253.164:6810/343964 -- auth_reply(proto 2 0 (0) Success) v1 -- 0x560105795680 con 0 -275>
2019-03-02 18:53:27.157839 7fe359f02700 2 mon.storage01roc@3(leader) e14 send_reply 0x5601059287e0 0x560105493200 auth_reply(proto 2 0 (0) Success) v1 -274>
2019-03-02 18:53:27.157844 7fe359f02700 1 -- 192.168.253.203:6789/0 --> 192.168.253.205:6804/639792 -- auth_reply(proto 2 0 (0) Success) v1 -- 0x560105493200 con 0 -273>
2019-03-02 18:53:27.157870 7fe359f02700 2 mon.storage01roc@3(leader) e14 send_reply 0x560105928900 0x560105794900 auth_reply(proto 2 0 (0) Success) v1 -272>
2019-03-02 18:53:27.157876 7fe359f02700 1 -- 192.168.253.203:6789/0 --> 192.168.253.165:6816/711134 -- auth_reply(proto 2 0 (0) Success) v1 -- 0x560105794900 con 0 -271>
2019-03-02 18:53:27.157895 7fe359f02700 2 mon.storage01roc@3(leader) e14 send_reply 0x560105928a20 0x560105794b40 auth_reply(proto 2 0 (0) Success) v1 -270>
2019-03-02 18:53:27.157900 7fe359f02700 1 -- 192.168.253.203:6789/0 --> 192.168.253.165:6802/708867 -- auth_reply(proto 2 0 (0) Success) v1 -- 0x560105794b40 con 0 -269>
2019-03-02 18:53:27.157923 7fe359f02700 2 mon.storage01roc@3(leader) e14 send_reply 0x56010595a900 0x560105958000 auth_reply(proto 2 0 (0) Success) v1 -268>
2019-03-02 18:53:27.157928 7fe359f02700 1 -- 192.168.253.203:6789/0 --> 192.168.253.203:6802/506915 -- auth_reply(proto 2 0 (0) Success) v1 -- 0x560105958000 con 0 -267>
2019-03-02 18:53:27.157945 7fe359f02700 2 mon.storage01roc@3(leader) e14 send_reply 0x56010595aa20 0x560105958240 auth_reply(proto 2 0 (0) Success) v1 -266>
2019-03-02 18:53:27.157949 7fe359f02700 1 -- 192.168.253.203:6789/0 --> 192.168.253.32:0/1251637173 -- auth_reply(proto 2 0 (0) Success) v1 -- 0x560105958240 con 0 -265>
2019-03-02 18:53:27.157966 7fe359f02700 2 mon.storage01roc@3(leader) e14 send_reply 0x56010595ab40 0x560105435b00 auth_reply(proto 2 0 (0) Success) v1 -264>
2019-03-02 18:53:27.157970 7fe359f02700 1 -- 192.168.253.203:6789/0 --> 192.168.253.32:0/683377982 -- auth_reply(proto 2 0 (0) Success) v1 -- 0x560105435b00 con 0 -263>
2019-03-02 18:53:27.157986 7fe359f02700 2 mon.storage01roc@3(leader) e14 send_reply 0x56010595ac60 0x560105958480 auth_reply(proto 2 0 (0) Success) v1 -262>
2019-03-02 18:53:27.157990 7fe359f02700 1 -- 192.168.253.203:6789/0 --> 192.168.253.32:0/419113882 -- auth_reply(proto 2 0 (0) Success) v1 -- 0x560105958480 con 0 -261>
2019-03-02 18:53:27.158007 7fe359f02700 2 mon.storage01roc@3(leader) e14 send_reply 0x56010595ad80 0x560105435d40 auth_reply(proto 2 0 (0) Success) v1 -260>
2019-03-02 18:53:27.158012 7fe359f02700 1 -- 192.168.253.203:6789/0 --> 192.168.253.205:6812/640516 -- auth_reply(proto 2 0 (0) Success) v1 -- 0x560105435d40 con 0 -259>
2019-03-02 18:53:27.158011 7fe356efc700 5 -- 192.168.253.203:6789/0 >> 192.168.253.205:6804/639792 conn(0x56010593f800 :6789 s=STATE_OPEN_MESSAGE_READ_FOOTER_AND_DISPATCH pgs=68711 cs=1 l=1). rx osd.2 seq 2 0x5601054926c0 auth(proto 2 32 bytes epoch 0) v1 -258>
2019-03-02 18:53:27.158028 7fe359f02700 2 mon.storage01roc@3(leader) e14 send_reply 0x56010595aea0 0x560105492b40 auth_reply(proto 2 0 (0) Success) v1 -257>
2019-03-02 18:53:27.158033 7fe359f02700 1 -- 192.168.253.203:6789/0 --> 192.168.253.164:6812/543269 -- auth_reply(proto 2 0 (0) Success) v1 -- 0x560105492b40 con 0 -256>
2019-03-02 18:53:27.158038 7fe356efc700 5 -- 192.168.253.203:6789/0 >> 192.168.253.33:0/140057803 conn(0x5601058fb000 :6789 s=STATE_OPEN_MESSAGE_READ_FOOTER_AND_DISPATCH pgs=5417 cs=1 l=1). rx client.8943766 seq 2 0x560105493200 auth(proto 2 144 bytes epoch 0) v1 -255>
2019-03-02 18:53:27.158061 7fe356efc700 5 -- 192.168.253.203:6789/0 >> 192.168.253.203:6802/506915 conn(0x56010595c000 :6789 s=STATE_OPEN_MESSAGE_READ_FOOTER_AND_DISPATCH pgs=135785 cs=1 l=1). rx osd.35 seq 2 0x560105492fc0 auth(proto 2 32 bytes epoch 0) v1 -254>
2019-03-02 18:53:27.158081 7fe359f02700 1 -- 192.168.253.203:6789/0 <== mon.6 192.168.253.242:6789/0 1673216111 ==== time_check( pong e 58462 r 1 ts
2019-03-02 18:53:27.154851 ) v1 ==== 36+0+0 (282032588 0 0) 0x560105992480 con 0x56010567e000 -253>
2019-03-02 18:53:27.158102 7fe359f02700 1 -- 192.168.253.203:6789/0 _send_message--> mon.4 192.168.253.204:6789/0 -- time_check( report e 58462 r 2 #skews 4 #latencies 4 ) v1 -- ?+0 0x560105958fc0 -252>
2019-03-02 18:53:27.158108 7fe359f02700 1 -- 192.168.253.203:6789/0 --> 192.168.253.204:6789/0 -- time_check( report e 58462 r 2 #skews 4 #latencies 4 ) v1 -- 0x560105958fc0 con 0 -251>
2019-03-02 18:53:27.158116 7fe359f02700 1 -- 192.168.253.203:6789/0 _send_message--> mon.5 192.168.253.205:6789/0 -- time_check( report e 58462 r 2 #skews 4 #latencies 4 ) v1 -- ?+0 0x560105492000 -250>
2019-03-02 18:53:27.158133 7fe359f02700 1 -- 192.168.253.203:6789/0 --> 192.168.253.205:6789/0 -- time_check( report e 58462 r 2 #skews 4 #latencies 4 ) v1 -- 0x560105492000 con 0 -249>
2019-03-02 18:53:27.158140 7fe359f02700 1 -- 192.168.253.203:6789/0 _send_message--> mon.6 192.168.253.242:6789/0 -- time_check( report e 58462 r 2 #skews 4 #latencies 4 ) v1 -- ?+0 0x560105794d80 -248>
2019-03-02 18:53:27.158136 7fe3576fd700 5 -- 192.168.253.203:6789/0 >> 192.168.253.37:0/3953751394 conn(0x560105788000 :6789 s=STATE_OPEN_MESSAGE_READ_FOOTER_AND_DISPATCH pgs=4540 cs=1 l=1). rx client.9189330 seq 2 0x560105958480 auth(proto 2 144 bytes epoch 0) v1 -247>
2019-03-02 18:53:27.158145 7fe359f02700 1 -- 192.168.253.203:6789/0 --> 192.168.253.242:6789/0 -- time_check( report e 58462 r 2 #skews 4 #latencies 4 ) v1 -- 0x560105794d80 con 0 -246>
2019-03-02 18:53:27.158155 7fe359f02700 1 -- 192.168.253.203:6789/0 <== mon.3 192.168.253.203:6789/0 0 ==== log(1 entries from seq 4 at
2019-03-02 18:53:27.156308) v1 ==== 0+0+0 (0 0 0) 0x560105795440 con 0x5601053ea000 -245>
2019-03-02 18:53:27.158171 7fe359f02700 1 -- 192.168.253.203:6789/0 <== mon.4 192.168.253.204:6789/0 1756793707 ==== paxos(lease_ack lc 13804982 fc 13804454 pn 0 opn 0) v4 ==== 182+0+0 (1300498542 0 0) 0x560105908c00 con 0x560105677000 -244>
2019-03-02 18:53:27.158168 7fe356efc700 5 -- 192.168.253.203:6789/0 >> 192.168.253.204:6789/0 conn(0x560105677000 :-1 s=STATE_OPEN_MESSAGE_READ_FOOTER_AND_DISPATCH pgs=9597 cs=1 l=0). rx mon.4 seq 1756793709 0x560105909b00 paxos(accept lc 13804982 fc 0 pn 935303 opn 0) v4 -243>
2019-03-02 18:53:27.158182 7fe3576fd700 5 -- 192.168.253.203:6789/0 >> 192.168.253.37:0/3202181189 conn(0x560105776800 :6789 s=STATE_OPEN_MESSAGE_READ_FOOTER_AND_DISPATCH pgs=12571 cs=1 l=1). rx client.9189323 seq 2 0x560105958240 auth(proto 2 144 bytes epoch 0) v1 -242>
2019-03-02 18:53:27.158186 7fe359f02700 1 -- 192.168.253.203:6789/0 <== mon.5 192.168.253.205:6789/0 1798943797 ==== paxos(lease_ack lc 13804982 fc 13804454 pn 0 opn 0) v4 ==== 182+0+0 (613287789 0 0) 0x560105908600 con 0x560105678800 -241>
2019-03-02 18:53:27.158190 7fe35d709700 5 -- 192.168.253.203:6789/0 >> 192.168.253.205:6812/640516 conn(0x560105972000 :6789 s=STATE_OPEN_MESSAGE_READ_FOOTER_AND_DISPATCH pgs=90617 cs=1 l=1). rx osd.7 seq 2 0x560105492b40 auth(proto 2 32 bytes epoch 0) v1 -240>
2019-03-02 18:53:27.158205 7fe3576fd700 5 -- 192.168.253.203:6789/0 >> 192.168.253.32:0/1251637173 conn(0x56010595f000 :6789 s=STATE_OPEN_MESSAGE_READ_FOOTER_AND_DISPATCH pgs=2952 cs=1 l=1). rx client.8113023 seq 2 0x560105794fc0 auth(proto 2 144 bytes epoch 0) v1 -239>
2019-03-02 18:53:27.158207 7fe359f02700 1 -- 192.168.253.203:6789/0 <== mon.6 192.168.253.242:6789/0 1673216112 ==== paxos(lease_ack lc 13804982 fc 13804454 pn 0 opn 0) v4 ==== 182+0+0 (3257341873 0 0) 0x560105908300 con 0x56010567e000 -238>
2019-03-02 18:53:27.158216 7fe359f02700 1 -- 192.168.253.203:6789/0 <== mon.3 192.168.253.203:6789/0 0 ==== log(1 entries from seq 5 at
2019-03-02 18:53:27.156347) v1 ==== 0+0+0 (0 0 0) 0x560105795b00 con 0x5601053ea000 -237>
2019-03-02 18:53:27.158227 7fe3576fd700 5 -- 192.168.253.203:6789/0 >> 192.168.253.205:6789/0 conn(0x560105678800 :-1 s=STATE_OPEN_MESSAGE_READ_FOOTER_AND_DISPATCH pgs=7287 cs=1 l=0). rx mon.5 seq 1798943799 0x56010500af00 paxos(accept lc 13804982 fc 0 pn 935303 opn 0) v4 -236>
2019-03-02 18:53:27.158230 7fe35d709700 5 -- 192.168.253.203:6789/0 >> 192.168.253.31:0/3482224786 conn(0x5601058f8000 :6789 s=STATE_OPEN_MESSAGE_READ_FOOTER_AND_DISPATCH pgs=18715 cs=1 l=1). rx client.9201939 seq 2 0x560105435d40 auth(proto 2 144 bytes epoch 0) v1 -235>
2019-03-02 18:53:27.158229 7fe359f02700 1 -- 192.168.253.203:6789/0 <== mon.4 192.168.253.204:6789/0 1756793708 ==== forward(log(1 entries from seq 352 at
2019-03-02 18:53:07.138814) v1 caps allow * tid 5274 con_features 2305244844532236283) v3 ==== 345+0+0 (1198622601 0 0) 0x5601058a7400 con 0x560105677000 -234>
2019-03-02 18:53:27.158250 7fe3576fd700 5 -- 192.168.253.203:6789/0 >> 192.168.253.31:0/3137663203 conn(0x5601058f9800 :6789 s=STATE_OPEN_MESSAGE_READ_FOOTER_AND_DISPATCH pgs=13944 cs=1 l=1). rx client.9201946 seq 2 0x560105492000 auth(proto 2 144 bytes epoch 0) v1 -233>
2019-03-02 18:53:27.158245 7fe356efc700 5 -- 192.168.253.203:6789/0 >> 192.168.253.32:0/683377982 conn(0x56010595d800 :6789 s=STATE_OPEN_MESSAGE_READ_FOOTER_AND_DISPATCH pgs=3075 cs=1 l=1). rx client.8775242 seq 2 0x560105958fc0 auth(proto 2 144 bytes epoch 0) v1 -232>
2019-03-02 18:53:27.158260 7fe359f02700 1 -- 192.168.253.203:6789/0 <== mon.5 192.168.253.205:6789/0 1798943798 ==== forward(log(1 entries from seq 251 at
2019-03-02 18:53:07.139680) v1 caps allow * tid 3940 con_features 2305244844532236283) v3 ==== 345+0+0 (3144552998 0 0) 0x56010599c280 con 0x560105678800 -231>
2019-03-02 18:53:27.158282 7fe35d709700 5 -- 192.168.253.203:6789/0 >> 192.168.253.37:0/2175704180 conn(0x56010593e000 :6789 s=STATE_OPEN_MESSAGE_READ_FOOTER_AND_DISPATCH pgs=35760 cs=1 l=1). rx client.8939320 seq 2 0x560105795680 auth(proto 2 144 bytes epoch 0) v1 -230>
2019-03-02 18:53:27.158287 7fe359f02700 1 -- 192.168.253.203:6789/0 <== mon.3 192.168.253.203:6789/0 0 ==== log(1 entries from seq 6 at
2019-03-02 18:53:27.156421) v1 ==== 0+0+0 (0 0 0) 0x560105795d40 con 0x5601053ea000 -229>
2019-03-02 18:53:27.158295 7fe3576fd700 5 -- 192.168.253.203:6789/0 >> 192.168.253.32:0/419113882 conn(0x560105960800 :6789 s=STATE_OPEN_MESSAGE_READ_FOOTER_AND_DISPATCH pgs=3017 cs=1 l=1). rx client.8665115 seq 2 0x560105435200 auth(proto 2 144 bytes epoch 0) v1 -228>
2019-03-02 18:53:27.158300 7fe359f02700 1 -- 192.168.253.203:6789/0 <== mon.4 192.168.253.204:6789/0 1756793709 ==== paxos(accept lc 13804982 fc 0 pn 935303 opn 0) v4 ==== 84+0+0 (3782697332 0 0) 0x560105909b00 con 0x560105677000 -227>
2019-03-02 18:53:27.158307 7fe3576fd700 5 -- 192.168.253.203:6789/0 >> 192.168.253.37:0/1733074246 conn(0x56010543b800 :6789 s=STATE_OPEN_MESSAGE_READ_FOOTER_AND_DISPATCH pgs=6891 cs=1 l=1). rx client.8939327 seq 2 0x560105492240 auth(proto 2 144 bytes epoch 0) v1 -226>
2019-03-02 18:53:27.158310 7fe359f02700 1 -- 192.168.253.203:6789/0 <== mon.5 192.168.253.205:6789/0 1798943799 ==== paxos(accept lc 13804982 fc 0 pn 935303 opn 0) v4 ==== 84+0+0 (3694817334 0 0) 0x56010500af00 con 0x560105678800 -225>
2019-03-02 18:53:27.158327 7fe359f02700 1 -- 192.168.253.203:6789/0 <== mon.3 192.168.253.203:6789/0 0 ==== log(1 entries from seq 7 at
2019-03-02 18:53:27.156485) v1 ==== 0+0+0 (0 0 0) 0x560105992900 con 0x5601053ea000 -224>
2019-03-02 18:53:27.158342 7fe359f02700 1 -- 192.168.253.203:6789/0 <== mon.3 192.168.253.203:6789/0 0 ==== log(1 entries from seq 8 at
2019-03-02 18:53:27.156683) v1 ==== 0+0+0 (0 0 0) 0x560105992d80 con 0x5601053ea000 -223>
2019-03-02 18:53:27.158359 7fe359f02700 1 -- 192.168.253.203:6789/0 <== osd.1 192.168.253.204:6805/322433 2 ==== auth(proto 2 32 bytes epoch 0) v1 ==== 62+0+0 (3965368829 0 0) 0x5601054346c0 con 0x56010545a000 -222>
2019-03-02 18:53:27.158379 7fe35d709700 5 -- 192.168.253.203:6789/0 >> 192.168.253.35:0/3274667345 conn(0x5601058fc800 :6789 s=STATE_OPEN_MESSAGE_READ_FOOTER_AND_DISPATCH pgs=11821 cs=1 l=1). rx client.9191584 seq 2 0x560105493440 auth(proto 2 144 bytes epoch 0) v1 -221>
2019-03-02 18:53:27.158418 7fe35d709700 5 -- 192.168.253.203:6789/0 >> 192.168.253.164:6810/343964 conn(0x56010545b800 :6789 s=STATE_OPEN_MESSAGE_READ_FOOTER_AND_DISPATCH pgs=330841 cs=1 l=1). rx osd.19 seq 2 0x560105492480 auth(proto 2 32 bytes epoch 0) v1 -220>
2019-03-02 18:53:27.158453 7fe356efc700 5 -- 192.168.253.203:6789/0 >> 192.168.253.165:6802/708867 conn(0x560105942800 :6789 s=STATE_OPEN_MESSAGE_READ_FOOTER_AND_DISPATCH pgs=356689 cs=1 l=1). rx osd.9 seq 2 0x560105958d80 auth(proto 2 32 bytes epoch 0) v1 -219>
2019-03-02 18:53:27.158475 7fe356efc700 5 -- 192.168.253.203:6789/0 >> 192.168.253.165:6816/711134 conn(0x560105941000 :6789 s=STATE_OPEN_MESSAGE_READ_FOOTER_AND_DISPATCH pgs=245753 cs=1 l=1). rx osd.50 seq 2 0x560105958b40 auth(proto 2 32 bytes epoch 0) v1 -218>
2019-03-02 18:53:27.158491 7fe359f02700 2 mon.storage01roc@3(leader) e14 send_reply 0x560105534a20 0x560105992480 auth_reply(proto 2 0 (0) Success) v1 -217>
2019-03-02 18:53:27.158501 7fe359f02700 1 -- 192.168.253.203:6789/0 --> 192.168.253.204:6805/322433 -- auth_reply(proto 2 0 (0) Success) v1 -- 0x560105992480 con 0 -216>
2019-03-02 18:53:27.158517 7fe359f02700 1 -- 192.168.253.203:6789/0 <== client.8204779 192.168.253.32:0/614279813 2 ==== auth(proto 2 144 bytes epoch 0) v1 ==== 174+0+0 (1311405791 0 0) 0x5601054358c0 con 0x560105758000 -215>
2019-03-02 18:53:27.158600 7fe35d709700 5 -- 192.168.253.203:6789/0 >> 192.168.253.164:6812/543269 conn(0x560105973800 :6789 s=STATE_OPEN_MESSAGE_READ_FOOTER_AND_DISPATCH pgs=454471 cs=1 l=1). rx osd.52 seq 2 0x560105992480 auth(proto 2 32 bytes epoch 0) v1 -214>
2019-03-02 18:53:27.158615 7fe359f02700 2 mon.storage01roc@3(leader) e14 send_reply 0x560105534a20 0x5601054346c0 auth_reply(proto 2 0 (0) Success) v1 -213>
2019-03-02 18:53:27.158623 7fe359f02700 1 -- 192.168.253.203:6789/0 --> 192.168.253.32:0/614279813 -- auth_reply(proto 2 0 (0) Success) v1 -- 0x5601054346c0 con 0 -212>
2019-03-02 18:53:27.158638 7fe359f02700 1 -- 192.168.253.203:6789/0 <== osd.14 192.168.253.164:6808/605500 2 ==== auth(proto 2 32 bytes epoch 0) v1 ==== 62+0+0 (538006993 0 0) 0x560105435680 con 0x56010575b000 -211>
2019-03-02 18:53:27.158661 7fe35d709700 5 -- 192.168.253.203:6789/0 >> 192.168.253.204:6805/322433 conn(0x56010545a000 :6789 s=STATE_OPEN_MESSAGE_READ_FOOTER_AND_DISPATCH pgs=95151 cs=1 l=1). rx osd.1 seq 3 0x5601054346c0 auth(proto 2 165 bytes epoch 0) v1 -210>
2019-03-02 18:53:27.158701 7fe359f02700 2 mon.storage01roc@3(leader) e14 send_reply 0x56010595b7a0 0x5601054358c0 auth_reply(proto 2 0 (0) Success) v1 -209>
2019-03-02 18:53:27.158709 7fe359f02700 1 -- 192.168.253.203:6789/0 --> 192.168.253.164:6808/605500 -- auth_reply(proto 2 0 (0) Success) v1 -- 0x5601054358c0 con 0 -208>
2019-03-02 18:53:27.158722 7fe359f02700 1 -- 192.168.253.203:6789/0 <== client.9267543 192.168.253.163:0/2778817751 2 ==== auth(proto 2 32 bytes epoch 0) v1 ==== 62+0+0 (147920225 0 0) 0x560105434480 con 0x56010575c800 -207>
2019-03-02 18:53:27.158784 7fe359f02700 2 mon.storage01roc@3(leader) e14 send_reply 0x56010595b7a0 0x560105435680 auth_reply(proto 2 0 (0) Success) v1 -206>
2019-03-02 18:53:27.158792 7fe359f02700 1 -- 192.168.253.203:6789/0 --> 192.168.253.163:0/2778817751 -- auth_reply(proto 2 0 (0) Success) v1 -- 0x560105435680 con 0 -205>
2019-03-02 18:53:27.158805 7fe359f02700 1 -- 192.168.253.203:6789/0 <== osd.40 192.168.253.164:6802/541834 2 ==== auth(proto 2 32 bytes epoch 0) v1 ==== 62+0+0 (4035818936 0 0) 0x560105493d40 con 0x560105772000 -204>
2019-03-02 18:53:27.158873 7fe359f02700 2 mon.storage01roc@3(leader) e14 send_reply 0x56010595b7a0 0x560105434480 auth_reply(proto 2 0 (0) Success) v1 -203>
2019-03-02 18:53:27.158881 7fe359f02700 1 -- 192.168.253.203:6789/0 --> 192.168.253.164:6802/541834 -- auth_reply(proto 2 0 (0) Success) v1 -- 0x560105434480 con 0 -202>
2019-03-02 18:53:27.158874 7fe35d709700 5 -- 192.168.253.203:6789/0 >> 192.168.253.32:0/614279813 conn(0x560105758000 :6789 s=STATE_OPEN_MESSAGE_READ_FOOTER_AND_DISPATCH pgs=7222 cs=1 l=1). rx client.8204779 seq 3 0x5601054da000 mon_subscribe({monmap=15+,osdmap=79199}) v2 -201>
2019-03-02 18:53:27.158893 7fe359f02700 1 -- 192.168.253.203:6789/0 <== osd.3 192.168.253.203:6800/259757 2 ==== auth(proto 2 32 bytes epoch 0) v1 ==== 62+0+0 (175811679 0 0) 0x560105435440 con 0x560105773800 -200>
2019-03-02 18:53:27.158904 7fe35d709700 5 -- 192.168.253.203:6789/0 >> 192.168.253.32:0/614279813 conn(0x560105758000 :6789 s=STATE_OPEN_MESSAGE_READ_FOOTER_AND_DISPATCH pgs=7222 cs=1 l=1). rx client.8204779 seq 4 0x560105794000 pool_op(delete unmanaged snap pool 116 auid 0 tid 35 name v0) v4 -199>
2019-03-02 18:53:27.158954 7fe359f02700 2 mon.storage01roc@3(leader) e14 send_reply 0x56010595b7a0 0x560105493d40 auth_reply(proto 2 0 (0) Success) v1 -198>
2019-03-02 18:53:27.158961 7fe359f02700 1 -- 192.168.253.203:6789/0 --> 192.168.253.203:6800/259757 -- auth_reply(proto 2 0 (0) Success) v1 -- 0x560105493d40 con 0 -197>
2019-03-02 18:53:27.158975 7fe359f02700 1 -- 192.168.253.203:6789/0 <== client.8173839 192.168.253.43:0/94488736 2 ==== auth(proto 2 144 bytes epoch 0) v1 ==== 174+0+0 (2028020967 0 0) 0x560105492900 con 0x560105775000 -196>
2019-03-02 18:53:27.159054 7fe359f02700 2 mon.storage01roc@3(leader) e14 send_reply 0x56010595b7a0 0x560105435440 auth_reply(proto 2 0 (0) Success) v1 -195>
2019-03-02 18:53:27.159062 7fe359f02700 1 -- 192.168.253.203:6789/0 --> 192.168.253.43:0/94488736 -- auth_reply(proto 2 0 (0) Success) v1 -- 0x560105435440 con 0 -194>
2019-03-02 18:53:27.159075 7fe359f02700 1 -- 192.168.253.203:6789/0 <== client.9189323 192.168.253.37:0/3202181189 2 ==== auth(proto 2 144 bytes epoch 0) v1 ==== 174+0+0 (930740453 0 0) 0x560105958240 con 0x560105776800 -193>
2019-03-02 18:53:27.159086 7fe356efc700 5 -- 192.168.253.203:6789/0 >> 192.168.253.203:6800/259757 conn(0x560105773800 :6789 s=STATE_OPEN_MESSAGE_READ_FOOTER_AND_DISPATCH pgs=89395 cs=1 l=1). rx osd.3 seq 3 0x560105493d40 auth(proto 2 165 bytes epoch 0) v1 -192>
2019-03-02 18:53:27.159153 7fe359f02700 2 mon.storage01roc@3(leader) e14 send_reply 0x56010595b8c0 0x560105492900 auth_reply(proto 2 0 (0) Success) v1 -191>
2019-03-02 18:53:27.159161 7fe359f02700 1 -- 192.168.253.203:6789/0 --> 192.168.253.37:0/3202181189 -- auth_reply(proto 2 0 (0) Success) v1 -- 0x560105492900 con 0 -190>
2019-03-02 18:53:27.159175 7fe359f02700 1 -- 192.168.253.203:6789/0 <== client.9189330 192.168.253.37:0/3953751394 2 ==== auth(proto 2 144 bytes epoch 0) v1 ==== 174+0+0 (1212249513 0 0) 0x560105958480 con 0x560105788000 -189>
2019-03-02 18:53:27.159252 7fe359f02700 2 mon.storage01roc@3(leader) e14 send_reply 0x5601059845a0 0x560105958240 auth_reply(proto 2 0 (0) Success) v1 -188>
2019-03-02 18:53:27.159254 7fe356efc700 5 -- 192.168.253.203:6789/0 >> 192.168.253.164:6808/605500 conn(0x56010575b000 :6789 s=STATE_OPEN_MESSAGE_READ_FOOTER_AND_DISPATCH pgs=189842 cs=1 l=1). rx osd.14 seq 3 0x560105435680 auth(proto 2 165 bytes epoch 0) v1 -187>
2019-03-02 18:53:27.159262 7fe359f02700 1 -- 192.168.253.203:6789/0 --> 192.168.253.37:0/3953751394 -- auth_reply(proto 2 0 (0) Success) v1 -- 0x560105958240 con 0 -186>
2019-03-02 18:53:27.159269 7fe35d709700 5 -- 192.168.253.203:6789/0 >> 192.168.253.43:0/94488736 conn(0x560105775000 :6789 s=STATE_OPEN_MESSAGE_READ_FOOTER_AND_DISPATCH pgs=11207 cs=1 l=1). rx client.8173839 seq 3 0x5601056d8600 mon_subscribe({monmap=15+,osdmap=79199}) v2 -185>
2019-03-02 18:53:27.159283 7fe359f02700 1 -- 192.168.253.203:6789/0 <== client.8173846 192.168.253.43:0/1267131636 2 ==== auth(proto 2 144 bytes epoch 0) v1 ==== 174+0+0 (3296193308 0 0) 0x5601054938c0 con 0x560105789800 -184>
2019-03-02 18:53:27.159341 7fe356efc700 5 -- 192.168.253.203:6789/0 >> 192.168.253.163:0/2778817751 conn(0x56010575c800 :6789 s=STATE_OPEN_MESSAGE_READ_FOOTER_AND_DISPATCH pgs=3778 cs=1 l=1). rx client.9267543 seq 3 0x5601054358c0 auth(proto 2 181 bytes epoch 0) v1 -183>
2019-03-02 18:53:27.159384 7fe359f02700 2 mon.storage01roc@3(leader) e14 send_reply 0x560105984480 0x560105958480 auth_reply(proto 2 0 (0) Success) v1 -182>
2019-03-02 18:53:27.159392 7fe359f02700 1 -- 192.168.253.203:6789/0 --> 192.168.253.43:0/1267131636 -- auth_reply(proto 2 0 (0) Success) v1 -- 0x560105958480 con 0 -181>
2019-03-02 18:53:27.159407 7fe359f02700 1 -- 192.168.253.203:6789/0 <== client.9201939 192.168.253.31:0/3482224786 2 ==== auth(proto 2 144 bytes epoch 0) v1 ==== 174+0+0 (3966250534 0 0) 0x560105435d40 con 0x5601058f8000 -180>
2019-03-02 18:53:27.159466 7fe35d709700 5 -- 192.168.253.203:6789/0 >> 192.168.253.164:6802/541834 conn(0x560105772000 :6789 s=STATE_OPEN_MESSAGE_READ_FOOTER_AND_DISPATCH pgs=279118 cs=1 l=1). rx osd.40 seq 3 0x560105435440 auth(proto 2 165 bytes epoch 0) v1 -179>
2019-03-02 18:53:27.159486 7fe35d709700 5 -- 192.168.253.203:6789/0 >> 192.168.253.44:0/219447902 conn(0x56010578b000 :6789 s=STATE_OPEN_MESSAGE_READ_FOOTER_AND_DISPATCH pgs=54339 cs=1 l=1). rx client.7893124 seq 2 0x560105434480 auth(proto 2 144 bytes epoch 0) v1 -178>
2019-03-02 18:53:27.159488 7fe359f02700 2 mon.storage01roc@3(leader) e14 send_reply 0x56010595a7e0 0x5601054938c0 auth_reply(proto 2 0 (0) Success) v1 -177>
2019-03-02 18:53:27.159493 7fe359f02700 1 -- 192.168.253.203:6789/0 --> 192.168.253.31:0/3482224786 -- auth_reply(proto 2 0 (0) Success) v1 -- 0x5601054938c0 con 0 -176>
2019-03-02 18:53:27.159508 7fe359f02700 1 -- 192.168.253.203:6789/0 <== client.9201946 192.168.253.31:0/3137663203 2 ==== auth(proto 2 144 bytes epoch 0) v1 ==== 174+0+0 (3378494650 0 0) 0x560105492000 con 0x5601058f9800 -175>
2019-03-02 18:53:27.159584 7fe359f02700 2 mon.storage01roc@3(leader) e14 send_reply 0x56010595b9e0 0x560105435d40 auth_reply(proto 2 0 (0) Success) v1 -174>
2019-03-02 18:53:27.159592 7fe359f02700 1 -- 192.168.253.203:6789/0 --> 192.168.253.31:0/3137663203 -- auth_reply(proto 2 0 (0) Success) v1 -- 0x560105435d40 con 0 -173>
2019-03-02 18:53:27.159606 7fe359f02700 1 -- 192.168.253.203:6789/0 <== client.8943766 192.168.253.33:0/140057803 2 ==== auth(proto 2 144 bytes epoch 0) v1 ==== 174+0+0 (1061402963 0 0) 0x560105493200 con 0x5601058fb000 -172>
2019-03-02 18:53:27.159598 7fe356efc700 5 -- 192.168.253.203:6789/0 >> 192.168.253.43:0/1267131636 conn(0x560105789800 :6789 s=STATE_OPEN_MESSAGE_READ_FOOTER_AND_DISPATCH pgs=6463 cs=1 l=1). rx client.8173846 seq 3 0x560105252400 mon_subscribe({monmap=15+,osdmap=79199}) v2 -171>
2019-03-02 18:53:27.159689 7fe359f02700 2 mon.storage01roc@3(leader) e14 send_reply 0x5601059847e0 0x560105492000 auth_reply(proto 2 0 (0) Success) v1 -170>
2019-03-02 18:53:27.159697 7fe359f02700 1 -- 192.168.253.203:6789/0 --> 192.168.253.33:0/140057803 -- auth_reply(proto 2 0 (0) Success) v1 -- 0x560105492000 con 0 -169>
2019-03-02 18:53:27.159711 7fe359f02700 1 -- 192.168.253.203:6789/0 <== client.9191584 192.168.253.35:0/3274667345 2 ==== auth(proto 2 144 bytes epoch 0) v1 ==== 174+0+0 (1382660310 0 0) 0x560105493440 con 0x5601058fc800 -168>
2019-03-02 18:53:27.159786 7fe359f02700 2 mon.storage01roc@3(leader) e14 send_reply 0x560105535200 0x560105493200 auth_reply(proto 2 0 (0) Success) v1 -167>
2019-03-02 18:53:27.159794 7fe359f02700 1 -- 192.168.253.203:6789/0 --> 192.168.253.35:0/3274667345 -- auth_reply(proto 2 0 (0) Success) v1 -- 0x560105493200 con 0 -166>
2019-03-02 18:53:27.159820 7fe359f02700 1 -- 192.168.253.203:6789/0 <== client.8939327 192.168.253.37:0/1733074246 2 ==== auth(proto 2 144 bytes epoch 0) v1 ==== 174+0+0 (1173792373 0 0) 0x560105492240 con 0x56010543b800 -165>
2019-03-02 18:53:27.159821 7fe3576fd700 5 -- 192.168.253.203:6789/0 >> 192.168.253.37:0/3202181189 conn(0x560105776800 :6789 s=STATE_OPEN_MESSAGE_READ_FOOTER_AND_DISPATCH pgs=12571 cs=1 l=1). rx client.9189323 seq 3 0x560105253000 mon_subscribe({monmap=15+,osdmap=79199}) v2 -164>
2019-03-02 18:53:27.159871 7fe3576fd700 5 -- 192.168.253.203:6789/0 >> 192.168.253.37:0/3953751394 conn(0x560105788000 :6789 s=STATE_OPEN_MESSAGE_READ_FOOTER_AND_DISPATCH pgs=4540 cs=1 l=1). rx client.9189330 seq 3 0x5601056d9e00 mon_subscribe({monmap=15+,osdmap=79199}) v2 -163>
2019-03-02 18:53:27.159910 7fe359f02700 2 mon.storage01roc@3(leader) e14 send_reply 0x56010595bc20 0x560105493440 auth_reply(proto 2 0 (0) Success) v1 -162>
2019-03-02 18:53:27.159918 7fe359f02700 1 -- 192.168.253.203:6789/0 --> 192.168.253.37:0/1733074246 -- auth_reply(proto 2 0 (0) Success) v1 -- 0x560105493440 con 0 -161>
2019-03-02 18:53:27.159932 7fe359f02700 1 -- 192.168.253.203:6789/0 <== client.8939320 192.168.253.37:0/2175704180 2 ==== auth(proto 2 144 bytes epoch 0) v1 ==== 174+0+0 (202713985 0 0) 0x560105795680 con 0x56010593e000 -160>
2019-03-02 18:53:27.160010 7fe359f02700 2 mon.storage01roc@3(leader) e14 send_reply 0x560105535d40 0x560105492240 auth_reply(proto 2 0 (0) Success) v1 -159>
2019-03-02 18:53:27.160017 7fe359f02700 1 -- 192.168.253.203:6789/0 --> 192.168.253.37:0/2175704180 -- auth_reply(proto 2 0 (0) Success) v1 -- 0x560105492240 con 0 -158>
2019-03-02 18:53:27.160031 7fe359f02700 1 -- 192.168.253.203:6789/0 <== osd.19 192.168.253.164:6810/343964 2 ==== auth(proto 2 32 bytes epoch 0) v1 ==== 62+0+0 (799206973 0 0) 0x560105492480 con 0x56010545b800 -157>
2019-03-02 18:53:27.160092 7fe359f02700 2 mon.storage01roc@3(leader) e14 send_reply 0x56010595bb00 0x560105795680 auth_reply(proto 2 0 (0) Success) v1 -156>
2019-03-02 18:53:27.160100 7fe359f02700 1 -- 192.168.253.203:6789/0 --> 192.168.253.164:6810/343964 -- auth_reply(proto 2 0 (0) Success) v1 -- 0x560105795680 con 0 -155>
2019-03-02 18:53:27.160113 7fe359f02700 1 -- 192.168.253.203:6789/0 <== osd.2 192.168.253.205:6804/639792 2 ==== auth(proto 2 32 bytes epoch 0) v1 ==== 62+0+0 (2241480435 0 0) 0x5601054926c0 con 0x56010593f800 -154>
2019-03-02 18:53:27.160152 7fe35d709700 5 -- 192.168.253.203:6789/0 >> 192.168.253.31:0/3482224786 conn(0x5601058f8000 :6789 s=STATE_OPEN_MESSAGE_READ_FOOTER_AND_DISPATCH pgs=18715 cs=1 l=1). rx client.9201939 seq 3 0x560105252c00 mon_subscribe({monmap=15+,osdmap=79199}) v2 -153>
2019-03-02 18:53:27.160172 7fe35d709700 5 -- 192.168.253.203:6789/0 >> 192.168.253.35:0/3274667345 conn(0x5601058fc800 :6789 s=STATE_OPEN_MESSAGE_READ_FOOTER_AND_DISPATCH pgs=11821 cs=1 l=1). rx client.9191584 seq 3 0x5601056d6000 mon_subscribe({monmap=15+,osdmap=79199}) v2 -152>
2019-03-02 18:53:27.160184 7fe359f02700 2 mon.storage01roc@3(leader) e14 send_reply 0x56010595bb00 0x560105492480 auth_reply(proto 2 0 (0) Success) v1 -151>
2019-03-02 18:53:27.160193 7fe359f02700 1 -- 192.168.253.203:6789/0 --> 192.168.253.205:6804/639792 -- auth_reply(proto 2 0 (0) Success) v1 -- 0x560105492480 con 0 -150>
2019-03-02 18:53:27.160206 7fe359f02700 1 -- 192.168.253.203:6789/0 <== osd.50 192.168.253.165:6816/711134 2 ==== auth(proto 2 32 bytes epoch 0) v1 ==== 62+0+0 (1127919766 0 0) 0x560105958b40 con 0x560105941000 -149>
2019-03-02 18:53:27.160212 7fe3576fd700 5 -- 192.168.253.203:6789/0 >> 192.168.253.31:0/3137663203 conn(0x5601058f9800 :6789 s=STATE_OPEN_MESSAGE_READ_FOOTER_AND_DISPATCH pgs=13944 cs=1 l=1). rx client.9201946 seq 3 0x5601054da200 mon_subscribe({monmap=15+,osdmap=79199}) v2 -148>
2019-03-02 18:53:27.160270 7fe359f02700 2 mon.storage01roc@3(leader) e14 send_reply 0x56010595bb00 0x5601054926c0 auth_reply(proto 2 0 (0) Success) v1 -147>
2019-03-02 18:53:27.160285 7fe359f02700 1 -- 192.168.253.203:6789/0 --> 192.168.253.165:6816/711134 -- auth_reply(proto 2 0 (0) Success) v1 -- 0x5601054926c0 con 0 -146>
2019-03-02 18:53:27.160302 7fe359f02700 1 -- 192.168.253.203:6789/0 <== osd.9 192.168.253.165:6802/708867 2 ==== auth(proto 2 32 bytes epoch 0) v1 ==== 62+0+0 (3290125480 0 0) 0x560105958d80 con 0x560105942800 -145>
2019-03-02 18:53:27.160350 7fe356efc700 5 -- 192.168.253.203:6789/0 >> 192.168.253.205:6804/639792 conn(0x56010593f800 :6789 s=STATE_OPEN_MESSAGE_READ_FOOTER_AND_DISPATCH pgs=68711 cs=1 l=1). rx osd.2 seq 3 0x5601054926c0 auth(proto 2 165 bytes epoch 0) v1 -144>
2019-03-02 18:53:27.160366 7fe359f02700 2 mon.storage01roc@3(leader) e14 send_reply 0x56010595bb00 0x560105958b40 auth_reply(proto 2 0 (0) Success) v1 -143>
2019-03-02 18:53:27.160370 7fe356efc700 5 -- 192.168.253.203:6789/0 >> 192.168.253.33:0/140057803 conn(0x5601058fb000 :6789 s=STATE_OPEN_MESSAGE_READ_FOOTER_AND_DISPATCH pgs=5417 cs=1 l=1). rx client.8943766 seq 3 0x560105253800 mon_subscribe({monmap=15+,osdmap=79199}) v2 -142>
2019-03-02 18:53:27.160374 7fe359f02700 1 -- 192.168.253.203:6789/0 --> 192.168.253.165:6802/708867 -- auth_reply(proto 2 0 (0) Success) v1 -- 0x560105958b40 con 0 -141>
2019-03-02 18:53:27.160387 7fe359f02700 1 -- 192.168.253.203:6789/0 <== osd.35 192.168.253.203:6802/506915 2 ==== auth(proto 2 32 bytes epoch 0) v1 ==== 62+0+0 (1138593506 0 0) 0x560105492fc0 con 0x56010595c000 -140>
2019-03-02 18:53:27.160447 7fe359f02700 2 mon.storage01roc@3(leader) e14 send_reply 0x56010595bb00 0x560105958d80 auth_reply(proto 2 0 (0) Success) v1 -139>
2019-03-02 18:53:27.160454 7fe359f02700 1 -- 192.168.253.203:6789/0 --> 192.168.253.203:6802/506915 -- auth_reply(proto 2 0 (0) Success) v1 -- 0x560105958d80 con 0 -138>
2019-03-02 18:53:27.160468 7fe359f02700 1 -- 192.168.253.203:6789/0 <== client.8775242 192.168.253.32:0/683377982 2 ==== auth(proto 2 144 bytes epoch 0) v1 ==== 174+0+0 (2443371689 0 0) 0x560105958fc0 con 0x56010595d800 -137>
2019-03-02 18:53:27.160546 7fe359f02700 2 mon.storage01roc@3(leader) e14 send_reply 0x56010595bb00 0x560105492fc0 auth_reply(proto 2 0 (0) Success) v1 -136>
2019-03-02 18:53:27.160554 7fe359f02700 1 -- 192.168.253.203:6789/0 --> 192.168.253.32:0/683377982 -- auth_reply(proto 2 0 (0) Success) v1 -- 0x560105492fc0 con 0 -135>
2019-03-02 18:53:27.160567 7fe359f02700 1 -- 192.168.253.203:6789/0 <== client.8113023 192.168.253.32:0/1251637173 2 ==== auth(proto 2 144 bytes epoch 0) v1 ==== 174+0+0 (2901108871 0 0) 0x560105794fc0 con 0x56010595f000 -134>
2019-03-02 18:53:27.160563 7fe3576fd700 5 -- 192.168.253.203:6789/0 >> 192.168.253.37:0/1733074246 conn(0x56010543b800 :6789 s=STATE_OPEN_MESSAGE_READ_FOOTER_AND_DISPATCH pgs=6891 cs=1 l=1). rx client.8939327 seq 3 0x5601056d7800 mon_subscribe({monmap=15+,osdmap=79199}) v2 -133>
2019-03-02 18:53:27.160590 7fe356efc700 5 -- 192.168.253.203:6789/0 >> 192.168.253.203:6802/506915 conn(0x56010595c000 :6789 s=STATE_OPEN_MESSAGE_READ_FOOTER_AND_DISPATCH pgs=135785 cs=1 l=1). rx osd.35 seq 3 0x560105492fc0 auth(proto 2 165 bytes epoch 0) v1 -132>
2019-03-02 18:53:27.160640 7fe35d709700 5 -- 192.168.253.203:6789/0 >> 192.168.253.37:0/2175704180 conn(0x56010593e000 :6789 s=STATE_OPEN_MESSAGE_READ_FOOTER_AND_DISPATCH pgs=35760 cs=1 l=1). rx client.8939320 seq 3 0x5601056d9a00 mon_subscribe({monmap=15+,osdmap=79199}) v2 -131>
2019-03-02 18:53:27.160654 7fe359f02700 2 mon.storage01roc@3(leader) e14 send_reply 0x560105535320 0x560105958fc0 auth_reply(proto 2 0 (0) Success) v1 -130>
2019-03-02 18:53:27.160663 7fe359f02700 1 -- 192.168.253.203:6789/0 --> 192.168.253.32:0/1251637173 -- auth_reply(proto 2 0 (0) Success) v1 -- 0x560105958fc0 con 0 -129>
2019-03-02 18:53:27.160664 7fe35d709700 5 -- 192.168.253.203:6789/0 >> 192.168.253.164:6810/343964 conn(0x56010545b800 :6789 s=STATE_OPEN_MESSAGE_READ_FOOTER_AND_DISPATCH pgs=330841 cs=1 l=1). rx osd.19 seq 3 0x560105795680 auth(proto 2 165 bytes epoch 0) v1 -128>
2019-03-02 18:53:27.160677 7fe359f02700 1 -- 192.168.253.203:6789/0 <== client.8665115 192.168.253.32:0/419113882 2 ==== auth(proto 2 144 bytes epoch 0) v1 ==== 174+0+0 (558639228 0 0) 0x560105435200 con 0x560105960800 -127>
2019-03-02 18:53:27.160755 7fe359f02700 2 mon.storage01roc@3(leader) e14 send_reply 0x5601059846c0 0x560105794fc0 auth_reply(proto 2 0 (0) Success) v1 -126>
2019-03-02 18:53:27.160763 7fe359f02700 1 -- 192.168.253.203:6789/0 --> 192.168.253.32:0/419113882 -- auth_reply(proto 2 0 (0) Success) v1 -- 0x560105794fc0 con 0 -125>
2019-03-02 18:53:27.160776 7fe359f02700 1 -- 192.168.253.203:6789/0 <== osd.7 192.168.253.205:6812/640516 2 ==== auth(proto 2 32 bytes epoch 0) v1 ==== 62+0+0 (102187718 0 0) 0x560105492b40 con 0x560105972000 -124>
2019-03-02 18:53:27.160779 7fe356efc700 5 -- 192.168.253.203:6789/0 >> 192.168.253.32:0/683377982 conn(0x56010595d800 :6789 s=STATE_OPEN_MESSAGE_READ_FOOTER_AND_DISPATCH pgs=3075 cs=1 l=1). rx client.8775242 seq 3 0x5601056d8800 mon_subscribe({monmap=15+}) v2 -123>
2019-03-02 18:53:27.160841 7fe359f02700 2 mon.storage01roc@3(leader) e14 send_reply 0x560105535c20 0x560105435200 auth_reply(proto 2 0 (0) Success) v1 -122>
2019-03-02 18:53:27.160859 7fe359f02700 1 -- 192.168.253.203:6789/0 --> 192.168.253.205:6812/640516 -- auth_reply(proto 2 0 (0) Success) v1 -- 0x560105435200 con 0 -121>
2019-03-02 18:53:27.160864 7fe356efc700 5 -- 192.168.253.203:6789/0 >> 192.168.253.165:6816/711134 conn(0x560105941000 :6789 s=STATE_OPEN_MESSAGE_READ_FOOTER_AND_DISPATCH pgs=245753 cs=1 l=1). rx osd.50 seq 3 0x560105958d80 auth(proto 2 165 bytes epoch 0) v1 -120>
2019-03-02 18:53:27.160876 7fe359f02700 1 -- 192.168.253.203:6789/0 <== osd.52 192.168.253.164:6812/543269 2 ==== auth(proto 2 32 bytes epoch 0) v1 ==== 62+0+0 (2355473505 0 0) 0x560105992480 con 0x560105973800 -119>
2019-03-02 18:53:27.160882 7fe3576fd700 5 -- 192.168.253.203:6789/0 >> 192.168.253.32:0/1251637173 conn(0x56010595f000 :6789 s=STATE_OPEN_MESSAGE_READ_FOOTER_AND_DISPATCH pgs=2952 cs=1 l=1). rx client.8113023 seq 3 0x5601056d7e00 mon_subscribe({monmap=15+}) v2 -118>
2019-03-02 18:53:27.160925 7fe356efc700 5 -- 192.168.253.203:6789/0 >> 192.168.253.165:6802/708867 conn(0x560105942800 :6789 s=STATE_OPEN_MESSAGE_READ_FOOTER_AND_DISPATCH pgs=356689 cs=1 l=1). rx osd.9 seq 3 0x560105958b40 auth(proto 2 165 bytes epoch 0) v1 -117>
2019-03-02 18:53:27.160942 7fe359f02700 2 mon.storage01roc@3(leader) e14 send_reply 0x560105535c20 0x560105492b40 auth_reply(proto 2 0 (0) Success) v1 -116>
2019-03-02 18:53:27.160950 7fe359f02700 1 -- 192.168.253.203:6789/0 --> 192.168.253.164:6812/543269 -- auth_reply(proto 2 0 (0) Success) v1 -- 0x560105492b40 con 0 -115>
2019-03-02 18:53:27.160965 7fe359f02700 1 -- 192.168.253.203:6789/0 <== client.8938298 192.168.253.32:0/3589307736 2 ==== auth(proto 2 144 bytes epoch 0) v1 ==== 174+0+0 (199693358 0 0) 0x560105434fc0 con 0x56010548f000 -114>
2019-03-02 18:53:27.161024 7fe35d709700 5 -- 192.168.253.203:6789/0 >> 192.168.253.205:6812/640516 conn(0x560105972000 :6789 s=STATE_OPEN_MESSAGE_READ_FOOTER_AND_DISPATCH pgs=90617 cs=1 l=1). rx osd.7 seq 3 0x560105492b40 auth(proto 2 165 bytes epoch 0) v1 -113>
2019-03-02 18:53:27.161026 7fe3576fd700 5 -- 192.168.253.203:6789/0 >> 192.168.253.32:0/419113882 conn(0x560105960800 :6789 s=STATE_OPEN_MESSAGE_READ_FOOTER_AND_DISPATCH pgs=3017 cs=1 l=1). rx client.8665115 seq 3 0x5601056d7400 mon_subscribe({monmap=15+}) v2 -112>
2019-03-02 18:53:27.161043 7fe359f02700 2 mon.storage01roc@3(leader) e14 send_reply 0x560105535c20 0x560105992480 auth_reply(proto 2 0 (0) Success) v1 -111>
2019-03-02 18:53:27.161049 7fe359f02700 1 -- 192.168.253.203:6789/0 --> 192.168.253.32:0/3589307736 -- auth_reply(proto 2 0 (0) Success) v1 -- 0x560105992480 con 0 -110>
2019-03-02 18:53:27.161063 7fe359f02700 1 -- 192.168.253.203:6789/0 <== client.8665101 192.168.253.32:0/3361644023 2 ==== auth(proto 2 144 bytes epoch 0) v1 ==== 174+0+0 (1048373748 0 0) 0x560105493b00 con 0x560105490800 -109>
2019-03-02 18:53:27.161135 7fe359f02700 2 mon.storage01roc@3(leader) e14 send_reply 0x56010595a6c0 0x560105434fc0 auth_reply(proto 2 0 (0) Success) v1 -108>
2019-03-02 18:53:27.161143 7fe359f02700 1 -- 192.168.253.203:6789/0 --> 192.168.253.32:0/3361644023 -- auth_reply(proto 2 0 (0) Success) v1 -- 0x560105434fc0 con 0 -107>
2019-03-02 18:53:27.161156 7fe359f02700 1 -- 192.168.253.203:6789/0 <== osd.15 192.168.253.165:6808/526512 2 ==== auth(proto 2 32 bytes epoch 0) v1 ==== 62+0+0 (1007212614 0 0) 0x560105795200 con 0x56010563b000 -106>
2019-03-02 18:53:27.161216 7fe359f02700 2 mon.storage01roc@3(leader) e14 send_reply 0x560105984240 0x560105493b00 auth_reply(proto 2 0 (0) Success) v1 -105>
2019-03-02 18:53:27.161224 7fe359f02700 1 -- 192.168.253.203:6789/0 --> 192.168.253.165:6808/526512 -- auth_reply(proto 2 0 (0) Success) v1 -- 0x560105493b00 con 0 -104>
2019-03-02 18:53:27.161237 7fe359f02700 1 -- 192.168.253.203:6789/0 <== osd.1 192.168.253.204:6805/322433 3 ==== auth(proto 2 165 bytes epoch 0) v1 ==== 195+0+0 (2612887804 0 0) 0x5601054346c0 con 0x56010545a000 -103>
2019-03-02 18:53:27.161280 7fe356efc700 5 -- 192.168.253.203:6789/0 >> 192.168.253.32:0/3589307736 conn(0x56010548f000 :6789 s=STATE_OPEN_MESSAGE_READ_FOOTER_AND_DISPATCH pgs=3130 cs=1 l=1). rx client.8938298 seq 3 0x5601056d9200 mon_subscribe({monmap=15+}) v2 -102>
2019-03-02 18:53:27.161352 7fe359f02700 2 mon.storage01roc@3(leader) e14 send_reply 0x560105984240 0x560105795200 auth_reply(proto 2 0 (0) Success) v1 -101>
2019-03-02 18:53:27.161349 7fe3576fd700 5 -- 192.168.253.203:6789/0 >> 192.168.253.32:0/3361644023 conn(0x560105490800 :6789 s=STATE_OPEN_MESSAGE_READ_FOOTER_AND_DISPATCH pgs=2956 cs=1 l=1). rx client.8665101 seq 3 0x5601056d5000 mon_subscribe({monmap=15+}) v2 -100>
2019-03-02 18:53:27.161361 7fe359f02700 1 -- 192.168.253.203:6789/0 --> 192.168.253.204:6805/322433 -- auth_reply(proto 2 0 (0) Success) v1 -- 0x560105795200 con 0 -99>
2019-03-02 18:53:27.161375 7fe359f02700 1 -- 192.168.253.203:6789/0 <== client.8204779 192.168.253.32:0/614279813 3 ==== mon_subscribe({monmap=15+,osdmap=79199}) v2 ==== 42+0+0 (179502811 0 0) 0x5601054da000 con 0x560105758000 -98>
2019-03-02 18:53:27.161398 7fe359f02700 1 -- 192.168.253.203:6789/0 <== osd.14 192.168.253.164:6808/605500 3 ==== auth(proto 2 165 bytes epoch 0) v1 ==== 195+0+0 (4024092099 0 0) 0x560105435680 con 0x56010575b000 -97>
2019-03-02 18:53:27.161497 7fe359f02700 2 mon.storage01roc@3(leader) e14 send_reply 0x56010595bd40 0x5601054346c0 auth_reply(proto 2 0 (0) Success) v1 -96>
2019-03-02 18:53:27.161504 7fe359f02700 1 -- 192.168.253.203:6789/0 --> 192.168.253.164:6808/605500 -- auth_reply(proto 2 0 (0) Success) v1 -- 0x5601054346c0 con 0 -95>
2019-03-02 18:53:27.161517 7fe359f02700 1 -- 192.168.253.203:6789/0 <== client.9267543 192.168.253.163:0/2778817751 3 ==== auth(proto 2 181 bytes epoch 0) v1 ==== 211+0+0 (1957492419 0 0) 0x5601054358c0 con 0x56010575c800 -94>
2019-03-02 18:53:27.161530 7fe35d709700 5 -- 192.168.253.203:6789/0 >> 192.168.253.164:6812/543269 conn(0x560105973800 :6789 s=STATE_OPEN_MESSAGE_READ_FOOTER_AND_DISPATCH pgs=454471 cs=1 l=1). rx osd.52 seq 3 0x560105795200 auth(proto 2 165 bytes epoch 0) v1 -93>
2019-03-02 18:53:27.161561 7fe35d709700 5 -- 192.168.253.203:6789/0 >> 192.168.253.204:6805/322433 conn(0x56010545a000 :6789 s=STATE_OPEN_MESSAGE_READ_FOOTER_AND_DISPATCH pgs=95151 cs=1 l=1). rx osd.1 seq 4 0x560104ff7a00 mon_subscribe({mgrmap=0+,monmap=15+,osd_pg_creates=0+}) v2 -92>
2019-03-02 18:53:27.161582 7fe35d709700 5 -- 192.168.253.203:6789/0 >> 192.168.253.204:6805/322433 conn(0x56010545a000 :6789 s=STATE_OPEN_MESSAGE_READ_FOOTER_AND_DISPATCH pgs=95151 cs=1 l=1). rx osd.1 seq 5 0x5601056d5e00 osd_beacon(pgs [109.29,109.9,109.65,109.69] lec 79198 v79198) v1 -91>
2019-03-02 18:53:27.161626 7fe359f02700 2 mon.storage01roc@3(leader) e14 send_reply 0x560105535560 0x560105435680 auth_reply(proto 2 0 (0) Success) v1 -90>
2019-03-02 18:53:27.161633 7fe359f02700 1 -- 192.168.253.203:6789/0 --> 192.168.253.163:0/2778817751 -- auth_reply(proto 2 0 (0) Success) v1 -- 0x560105435680 con 0 -89>
2019-03-02 18:53:27.161647 7fe359f02700 1 -- 192.168.253.203:6789/0 <== osd.40 192.168.253.164:6802/541834 3 ==== auth(proto 2 165 bytes epoch 0) v1 ==== 195+0+0 (1498713863 0 0) 0x560105435440 con 0x560105772000 -88>
2019-03-02 18:53:27.161737 7fe359f02700 2 mon.storage01roc@3(leader) e14 send_reply 0x560105535560 0x5601054358c0 auth_reply(proto 2 0 (0) Success) v1 -87>
2019-03-02 18:53:27.161744 7fe359f02700 1 -- 192.168.253.203:6789/0 --> 192.168.253.164:6802/541834 -- auth_reply(proto 2 0 (0) Success) v1 -- 0x5601054358c0 con 0 -86>
2019-03-02 18:53:27.161756 7fe359f02700 1 -- 192.168.253.203:6789/0 <== osd.3 192.168.253.203:6800/259757 3 ==== auth(proto 2 165 bytes epoch 0) v1 ==== 195+0+0 (1354212678 0 0) 0x560105493d40 con 0x560105773800 -85>
