2019-03-02 18:53:17.948283 7fe3640c4ec0 0 set uid:gid to 1001:1001 (ceph:ceph)
2019-03-02 18:53:17.948303 7fe3640c4ec0 0 ceph version 12.2.5-2-ge988fb6 (e988fb6c5457b9dd6f1e11ce1b5fd58b4c3a828c) luminous (stable), process (unknown), pid 3016783
2019-03-02 18:53:17.948362 7fe3640c4ec0 0 pidfile_write: ignore empty --pid-file
2019-03-02 18:53:17.980882 7fe3640c4ec0 0 load: jerasure load: lrc load: isa
2019-03-02 18:53:17.981041 7fe3640c4ec0 0 set rocksdb option compression = kNoCompression
2019-03-02 18:53:17.981052 7fe3640c4ec0 0 set rocksdb option write_buffer_size = 33554432
2019-03-02 18:53:17.981077 7fe3640c4ec0 0 set rocksdb option compression = kNoCompression
2019-03-02 18:53:17.981084 7fe3640c4ec0 0 set rocksdb option write_buffer_size = 33554432
2019-03-02 18:53:17.981256 7fe3640c4ec0 4 rocksdb: RocksDB version: 5.4.0
2019-03-02 18:53:17.981267 7fe3640c4ec0 4 rocksdb: Git sha rocksdb_build_git_sha:@0@
2019-03-02 18:53:17.981269 7fe3640c4ec0 4 rocksdb: Compile date Aug 6 2018
2019-03-02 18:53:17.981279 7fe3640c4ec0 4 rocksdb: DB SUMMARY
2019-03-02 18:53:17.981331 7fe3640c4ec0 4 rocksdb: CURRENT file: CURRENT
2019-03-02 18:53:17.981336 7fe3640c4ec0 4 rocksdb: IDENTITY file: IDENTITY
2019-03-02 18:53:17.981344 7fe3640c4ec0 4 rocksdb: MANIFEST file: MANIFEST-000259 size: 288 Bytes
2019-03-02 18:53:17.981347 7fe3640c4ec0 4 rocksdb: SST files in /var/lib/ceph/mon/ceph-storage01roc/store.db dir, Total Num: 4, files: 000250.sst 000252.sst 000255.sst 000258.sst
2019-03-02 18:53:17.981351 7fe3640c4ec0 4 rocksdb: Write Ahead Log file in /var/lib/ceph/mon/ceph-storage01roc/store.db: 000260.log size: 49357 ;
2019-03-02 18:53:17.981354 7fe3640c4ec0 4 rocksdb: Options.error_if_exists: 0
2019-03-02 18:53:17.981355 7fe3640c4ec0 4 rocksdb: Options.create_if_missing: 0
2019-03-02 18:53:17.981356 7fe3640c4ec0 4 rocksdb: Options.paranoid_checks: 1
2019-03-02 18:53:17.981360 7fe3640c4ec0 4 rocksdb: Options.env: 0x560103e0c140
2019-03-02 18:53:17.981361 7fe3640c4ec0 4 rocksdb: Options.info_log: 0x56010524ef80
2019-03-02 18:53:17.981362 7fe3640c4ec0 4 rocksdb: Options.max_open_files: -1
2019-03-02 18:53:17.981363 7fe3640c4ec0 4 rocksdb: Options.max_file_opening_threads: 16
2019-03-02 18:53:17.981364 7fe3640c4ec0 4 rocksdb: Options.use_fsync: 0
2019-03-02 18:53:17.981365 7fe3640c4ec0 4 rocksdb: Options.max_log_file_size: 0
2019-03-02 18:53:17.981366 7fe3640c4ec0 4 rocksdb: Options.max_manifest_file_size: 18446744073709551615
2019-03-02 18:53:17.981368 7fe3640c4ec0 4 rocksdb: Options.log_file_time_to_roll: 0
2019-03-02 18:53:17.981369 7fe3640c4ec0 4 rocksdb: Options.keep_log_file_num: 1000
2019-03-02 18:53:17.981370 7fe3640c4ec0 4 rocksdb: Options.recycle_log_file_num: 0
2019-03-02 18:53:17.981371 7fe3640c4ec0 4 rocksdb: Options.allow_fallocate: 1
2019-03-02 18:53:17.981372 7fe3640c4ec0 4 rocksdb: Options.allow_mmap_reads: 0
2019-03-02 18:53:17.981373 7fe3640c4ec0 4 rocksdb: Options.allow_mmap_writes: 0
2019-03-02 18:53:17.981374 7fe3640c4ec0 4 rocksdb: Options.use_direct_reads: 0
2019-03-02 18:53:17.981375 7fe3640c4ec0 4 rocksdb: Options.use_direct_io_for_flush_and_compaction: 0
2019-03-02 18:53:17.981377 7fe3640c4ec0 4 rocksdb: Options.create_missing_column_families: 0
2019-03-02 18:53:17.981378 7fe3640c4ec0 4 rocksdb: Options.db_log_dir:
2019-03-02 18:53:17.981379 7fe3640c4ec0 4 rocksdb: Options.wal_dir: /var/lib/ceph/mon/ceph-storage01roc/store.db
2019-03-02 18:53:17.981380 7fe3640c4ec0 4 rocksdb: Options.table_cache_numshardbits: 6
2019-03-02 18:53:17.981380 7fe3640c4ec0 4 rocksdb: Options.max_subcompactions: 1
2019-03-02 18:53:17.981381 7fe3640c4ec0 4 rocksdb: Options.max_background_flushes: 1
2019-03-02 18:53:17.981381 7fe3640c4ec0 4 rocksdb: Options.WAL_ttl_seconds: 0
2019-03-02 18:53:17.981382 7fe3640c4ec0 4 rocksdb: Options.WAL_size_limit_MB: 0
2019-03-02 18:53:17.981383 7fe3640c4ec0 4 rocksdb: Options.manifest_preallocation_size: 4194304
2019-03-02 18:53:17.981383 7fe3640c4ec0 4 rocksdb: Options.is_fd_close_on_exec: 1
2019-03-02 18:53:17.981384 7fe3640c4ec0 4 rocksdb: Options.advise_random_on_open: 1
2019-03-02 18:53:17.981385 7fe3640c4ec0 4 rocksdb: Options.db_write_buffer_size: 0
2019-03-02 18:53:17.981385 7fe3640c4ec0 4 rocksdb: Options.access_hint_on_compaction_start: 1
2019-03-02 18:53:17.981386 7fe3640c4ec0 4 rocksdb: Options.new_table_reader_for_compaction_inputs: 0
2019-03-02 18:53:17.981386 7fe3640c4ec0 4 rocksdb: Options.compaction_readahead_size: 0
2019-03-02 18:53:17.981387 7fe3640c4ec0 4 rocksdb: Options.random_access_max_buffer_size: 1048576
2019-03-02 18:53:17.981388 7fe3640c4ec0 4 rocksdb: Options.writable_file_max_buffer_size: 1048576
2019-03-02 18:53:17.981388 7fe3640c4ec0 4 rocksdb: Options.use_adaptive_mutex: 0
2019-03-02 18:53:17.981389 7fe3640c4ec0 4 rocksdb: Options.rate_limiter: (nil)
2019-03-02 18:53:17.981390 7fe3640c4ec0 4 rocksdb: Options.sst_file_manager.rate_bytes_per_sec: 0
2019-03-02 18:53:17.981391 7fe3640c4ec0 4 rocksdb: Options.bytes_per_sync: 0
2019-03-02 18:53:17.981391 7fe3640c4ec0 4 rocksdb: Options.wal_bytes_per_sync: 0
2019-03-02 18:53:17.981392 7fe3640c4ec0 4 rocksdb: Options.wal_recovery_mode: 2
2019-03-02 18:53:17.981392 7fe3640c4ec0 4 rocksdb: Options.enable_thread_tracking: 0
2019-03-02 18:53:17.981393 7fe3640c4ec0 4 rocksdb: Options.allow_concurrent_memtable_write: 1
2019-03-02 18:53:17.981394 7fe3640c4ec0 4 rocksdb: Options.enable_write_thread_adaptive_yield: 1
2019-03-02 18:53:17.981394 7fe3640c4ec0 4 rocksdb: Options.write_thread_max_yield_usec: 100
2019-03-02 18:53:17.981395 7fe3640c4ec0 4 rocksdb: Options.write_thread_slow_yield_usec: 3
2019-03-02 18:53:17.981403 7fe3640c4ec0 4 rocksdb: Options.row_cache: None
2019-03-02 18:53:17.981404 7fe3640c4ec0 4 rocksdb: Options.wal_filter: None
2019-03-02 18:53:17.981405 7fe3640c4ec0 4 rocksdb: Options.avoid_flush_during_recovery: 0
2019-03-02 18:53:17.981405 7fe3640c4ec0 4 rocksdb: Options.base_background_compactions: 1
2019-03-02 18:53:17.981406 7fe3640c4ec0 4 rocksdb: Options.max_background_compactions: 1
2019-03-02 18:53:17.981406 7fe3640c4ec0 4 rocksdb: Options.avoid_flush_during_shutdown: 0
2019-03-02 18:53:17.981407 7fe3640c4ec0 4 rocksdb: Options.delayed_write_rate : 16777216
2019-03-02 18:53:17.981408 7fe3640c4ec0 4 rocksdb: Options.max_total_wal_size: 0
2019-03-02 18:53:17.981408 7fe3640c4ec0 4 rocksdb: Options.delete_obsolete_files_period_micros: 21600000000
2019-03-02 18:53:17.981409 7fe3640c4ec0 4 rocksdb: Options.stats_dump_period_sec: 600
2019-03-02 18:53:17.981410 7fe3640c4ec0 4 rocksdb: Compression algorithms supported:
2019-03-02 18:53:17.981412 7fe3640c4ec0 4 rocksdb: Snappy supported: 0
2019-03-02 18:53:17.981413 7fe3640c4ec0 4 rocksdb: Zlib supported: 0
2019-03-02 18:53:17.981413 7fe3640c4ec0 4 rocksdb: Bzip supported: 0
2019-03-02 18:53:17.981414 7fe3640c4ec0 4 rocksdb: LZ4 supported: 0
2019-03-02 18:53:17.981415 7fe3640c4ec0 4 rocksdb: ZSTD supported: 0
2019-03-02 18:53:17.981415 7fe3640c4ec0 4 rocksdb: Fast CRC32 supported: 1
2019-03-02 18:53:17.981735 7fe3640c4ec0 4 rocksdb: [/home/jenkins-build/build/workspace/ceph-dev-new-build/ARCH/x86_64/AVAILABLE_ARCH/x86_64/AVAILABLE_DIST/centos7/DIST/centos7/MACHINE_SIZE/huge/release/12.2.5-2-ge988fb6/rpm/el7/BUILD/ceph-12.2.5-2-ge988fb6/src/rocksdb/db/version_set.cc:2609] Recovering from manifest file: MANIFEST-000259
2019-03-02 18:53:17.981852 7fe3640c4ec0 4 rocksdb: [/home/jenkins-build/build/workspace/ceph-dev-new-build/ARCH/x86_64/AVAILABLE_ARCH/x86_64/AVAILABLE_DIST/centos7/DIST/centos7/MACHINE_SIZE/huge/release/12.2.5-2-ge988fb6/rpm/el7/BUILD/ceph-12.2.5-2-ge988fb6/src/rocksdb/db/column_family.cc:407] --------------- Options for column family [default]:
2019-03-02 18:53:17.981858 7fe3640c4ec0 4 rocksdb: Options.comparator: leveldb.BytewiseComparator
2019-03-02 18:53:17.981865 7fe3640c4ec0 4 rocksdb: Options.merge_operator:
2019-03-02 18:53:17.981866 7fe3640c4ec0 4 rocksdb: Options.compaction_filter: None
2019-03-02 18:53:17.981866 7fe3640c4ec0 4 rocksdb: Options.compaction_filter_factory: None
2019-03-02 18:53:17.981867 7fe3640c4ec0 4 rocksdb: Options.memtable_factory: SkipListFactory
2019-03-02 18:53:17.981868 7fe3640c4ec0 4 rocksdb: Options.table_factory: BlockBasedTable
2019-03-02 18:53:17.981885 7fe3640c4ec0 4 rocksdb: table_factory options: flush_block_policy_factory: FlushBlockBySizePolicyFactory (0x560104faa168) cache_index_and_filter_blocks: 1 cache_index_and_filter_blocks_with_high_priority: 1 pin_l0_filter_and_index_blocks_in_cache: 1 index_type: 0 hash_index_allow_collision: 1 checksum: 1 no_block_cache: 0 block_cache: 0x560105067278 block_cache_name: LRUCache block_cache_options: capacity : 134217728 num_shard_bits : 4 strict_capacity_limit : 0 high_pri_pool_ratio: 0.000 block_cache_compressed: (nil) persistent_cache: (nil) block_size: 4096 block_size_deviation: 10 block_restart_interval: 16 index_block_restart_interval: 1 filter_policy: rocksdb.BuiltinBloomFilter whole_key_filtering: 1 format_version: 2
2019-03-02 18:53:17.981894 7fe3640c4ec0 4 rocksdb: Options.write_buffer_size: 33554432
2019-03-02 18:53:17.981895 7fe3640c4ec0 4 rocksdb: Options.max_write_buffer_number: 2
2019-03-02 18:53:17.981896 7fe3640c4ec0 4 rocksdb: Options.compression: NoCompression
2019-03-02 18:53:17.981897 7fe3640c4ec0 4 rocksdb: Options.bottommost_compression: Disabled
2019-03-02 18:53:17.981898 7fe3640c4ec0 4 rocksdb: Options.prefix_extractor: nullptr
2019-03-02 18:53:17.981899 7fe3640c4ec0 4 rocksdb: Options.memtable_insert_with_hint_prefix_extractor: nullptr
2019-03-02 18:53:17.981899 7fe3640c4ec0 4 rocksdb: Options.num_levels: 7
2019-03-02 18:53:17.981900 7fe3640c4ec0 4 rocksdb: Options.min_write_buffer_number_to_merge: 1
2019-03-02 18:53:17.981901 7fe3640c4ec0 4 rocksdb: Options.max_write_buffer_number_to_maintain: 0
2019-03-02 18:53:17.981901 7fe3640c4ec0 4 rocksdb: Options.compression_opts.window_bits: -14
2019-03-02 18:53:17.981902 7fe3640c4ec0 4 rocksdb: Options.compression_opts.level: -1
2019-03-02 18:53:17.981903 7fe3640c4ec0 4 rocksdb: Options.compression_opts.strategy: 0
2019-03-02 18:53:17.981903 7fe3640c4ec0 4 rocksdb: Options.compression_opts.max_dict_bytes: 0
2019-03-02 18:53:17.981904 7fe3640c4ec0 4 rocksdb: Options.level0_file_num_compaction_trigger: 4
2019-03-02 18:53:17.981905 7fe3640c4ec0 4 rocksdb: Options.level0_slowdown_writes_trigger: 20
2019-03-02 18:53:17.981905 7fe3640c4ec0 4 rocksdb: Options.level0_stop_writes_trigger: 36
2019-03-02 18:53:17.981906 7fe3640c4ec0 4 rocksdb: Options.target_file_size_base: 67108864
2019-03-02 18:53:17.981907 7fe3640c4ec0 4 rocksdb: Options.target_file_size_multiplier: 1
2019-03-02 18:53:17.981907 7fe3640c4ec0 4 rocksdb: Options.max_bytes_for_level_base: 268435456
2019-03-02 18:53:17.981908 7fe3640c4ec0 4 rocksdb: Options.level_compaction_dynamic_level_bytes: 0
2019-03-02 18:53:17.981909 7fe3640c4ec0 4 rocksdb: Options.max_bytes_for_level_multiplier: 10.000000
2019-03-02 18:53:17.981911 7fe3640c4ec0 4 rocksdb: Options.max_bytes_for_level_multiplier_addtl[0]: 1
2019-03-02 18:53:17.981915 7fe3640c4ec0 4 rocksdb: Options.max_bytes_for_level_multiplier_addtl[1]: 1
2019-03-02 18:53:17.981916 7fe3640c4ec0 4 rocksdb: Options.max_bytes_for_level_multiplier_addtl[2]: 1
2019-03-02 18:53:17.981917 7fe3640c4ec0 4 rocksdb: Options.max_bytes_for_level_multiplier_addtl[3]: 1
2019-03-02 18:53:17.981921 7fe3640c4ec0 4 rocksdb: Options.max_bytes_for_level_multiplier_addtl[4]: 1
2019-03-02 18:53:17.981922 7fe3640c4ec0 4 rocksdb: Options.max_bytes_for_level_multiplier_addtl[5]: 1
2019-03-02 18:53:17.981922 7fe3640c4ec0 4 rocksdb: Options.max_bytes_for_level_multiplier_addtl[6]: 1
2019-03-02 18:53:17.981923 7fe3640c4ec0 4 rocksdb: Options.max_sequential_skip_in_iterations: 8
2019-03-02 18:53:17.981923 7fe3640c4ec0 4 rocksdb: Options.max_compaction_bytes: 1677721600
2019-03-02 18:53:17.981924 7fe3640c4ec0 4 rocksdb: Options.arena_block_size: 4194304
2019-03-02 18:53:17.981925 7fe3640c4ec0 4 rocksdb: Options.soft_pending_compaction_bytes_limit: 68719476736
2019-03-02 18:53:17.981926 7fe3640c4ec0 4 rocksdb: Options.hard_pending_compaction_bytes_limit: 274877906944
2019-03-02 18:53:17.981930 7fe3640c4ec0 4 rocksdb: Options.rate_limit_delay_max_milliseconds: 100
2019-03-02 18:53:17.981931 7fe3640c4ec0 4 rocksdb: Options.disable_auto_compactions: 0
2019-03-02 18:53:17.981932 7fe3640c4ec0 4 rocksdb: Options.compaction_style: kCompactionStyleLevel
2019-03-02 18:53:17.981933 7fe3640c4ec0 4 rocksdb: Options.compaction_pri: kByCompensatedSize
2019-03-02 18:53:17.981934 7fe3640c4ec0 4 rocksdb: Options.compaction_options_universal.size_ratio: 1
2019-03-02 18:53:17.981934 7fe3640c4ec0 4 rocksdb: Options.compaction_options_universal.min_merge_width: 2
2019-03-02 18:53:17.981935 7fe3640c4ec0 4 rocksdb: Options.compaction_options_universal.max_merge_width: 4294967295
2019-03-02 18:53:17.981936 7fe3640c4ec0 4 rocksdb: Options.compaction_options_universal.max_size_amplification_percent: 200
2019-03-02 18:53:17.981939 7fe3640c4ec0 4 rocksdb: Options.compaction_options_universal.compression_size_percent: -1
2019-03-02 18:53:17.981940 7fe3640c4ec0 4 rocksdb: Options.compaction_options_fifo.max_table_files_size: 1073741824
2019-03-02 18:53:17.981941 7fe3640c4ec0 4 rocksdb: Options.table_properties_collectors:
2019-03-02 18:53:17.981942 7fe3640c4ec0 4 rocksdb: Options.inplace_update_support: 0
2019-03-02 18:53:17.981942 7fe3640c4ec0 4 rocksdb: Options.inplace_update_num_locks: 10000
2019-03-02 18:53:17.981943 7fe3640c4ec0 4 rocksdb: Options.memtable_prefix_bloom_size_ratio: 0.000000
2019-03-02 18:53:17.981944 7fe3640c4ec0 4 rocksdb: Options.memtable_huge_page_size: 0
2019-03-02 18:53:17.981945 7fe3640c4ec0 4 rocksdb: Options.bloom_locality: 0
2019-03-02 18:53:17.981948 7fe3640c4ec0 4 rocksdb: Options.max_successive_merges: 0
2019-03-02 18:53:17.981949 7fe3640c4ec0 4 rocksdb: Options.optimize_filters_for_hits: 0
2019-03-02 18:53:17.981950 7fe3640c4ec0 4 rocksdb: Options.paranoid_file_checks: 0
2019-03-02 18:53:17.981950 7fe3640c4ec0 4 rocksdb: Options.force_consistency_checks: 0
2019-03-02 18:53:17.981951 7fe3640c4ec0 4 rocksdb: Options.report_bg_io_stats: 0
2019-03-02 18:53:17.982559 7fe3640c4ec0 4 rocksdb: [/home/jenkins-build/build/workspace/ceph-dev-new-build/ARCH/x86_64/AVAILABLE_ARCH/x86_64/AVAILABLE_DIST/centos7/DIST/centos7/MACHINE_SIZE/huge/release/12.2.5-2-ge988fb6/rpm/el7/BUILD/ceph-12.2.5-2-ge988fb6/src/rocksdb/db/version_set.cc:2859] Recovered from manifest file:/var/lib/ceph/mon/ceph-storage01roc/store.db/MANIFEST-000259 succeeded,manifest_file_number is 259, next_file_number is 261, last_sequence is 15983, log_number is 0,prev_log_number is 0,max_column_family is 0
2019-03-02 18:53:17.982567 7fe3640c4ec0 4 rocksdb: [/home/jenkins-build/build/workspace/ceph-dev-new-build/ARCH/x86_64/AVAILABLE_ARCH/x86_64/AVAILABLE_DIST/centos7/DIST/centos7/MACHINE_SIZE/huge/release/12.2.5-2-ge988fb6/rpm/el7/BUILD/ceph-12.2.5-2-ge988fb6/src/rocksdb/db/version_set.cc:2867] Column family [default] (ID 0), log number is 258
2019-03-02 18:53:17.982631 7fe3640c4ec0 4 rocksdb: EVENT_LOG_v1 {"time_micros": 1551523997982622, "job": 1, "event": "recovery_started", "log_files": [260]}
2019-03-02 18:53:17.982637 7fe3640c4ec0 4 rocksdb: [/home/jenkins-build/build/workspace/ceph-dev-new-build/ARCH/x86_64/AVAILABLE_ARCH/x86_64/AVAILABLE_DIST/centos7/DIST/centos7/MACHINE_SIZE/huge/release/12.2.5-2-ge988fb6/rpm/el7/BUILD/ceph-12.2.5-2-ge988fb6/src/rocksdb/db/db_impl_open.cc:482] Recovering log #260 mode 2
2019-03-02 18:53:17.983732 7fe3640c4ec0 4 rocksdb: EVENT_LOG_v1 {"time_micros": 1551523997983708, "cf_name": "default", "job": 1, "event": "table_file_creation", "file_number": 261, "file_size": 50188, "table_properties": {"data_size": 48886, "index_size": 209, "filter_size": 176, "raw_key_size": 492, "raw_average_key_size": 24, "raw_value_size": 48300, "raw_average_value_size": 2415, "num_data_blocks": 7, "num_entries": 20, "filter_policy_name": "rocksdb.BuiltinBloomFilter", "kDeletedKeys": "0", "kMergeOperands": "0"}}
2019-03-02 18:53:17.983765 7fe3640c4ec0 4 rocksdb: [/home/jenkins-build/build/workspace/ceph-dev-new-build/ARCH/x86_64/AVAILABLE_ARCH/x86_64/AVAILABLE_DIST/centos7/DIST/centos7/MACHINE_SIZE/huge/release/12.2.5-2-ge988fb6/rpm/el7/BUILD/ceph-12.2.5-2-ge988fb6/src/rocksdb/db/version_set.cc:2395] Creating manifest 262
2019-03-02 18:53:17.984320 7fe3640c4ec0 4 rocksdb: EVENT_LOG_v1 {"time_micros": 1551523997984316, "job": 1, "event": "recovery_finished"}
2019-03-02 18:53:17.985556 7fe3640c4ec0 4 rocksdb: [/home/jenkins-build/build/workspace/ceph-dev-new-build/ARCH/x86_64/AVAILABLE_ARCH/x86_64/AVAILABLE_DIST/centos7/DIST/centos7/MACHINE_SIZE/huge/release/12.2.5-2-ge988fb6/rpm/el7/BUILD/ceph-12.2.5-2-ge988fb6/src/rocksdb/db/db_impl_open.cc:1063] DB pointer 0x560105348000
2019-03-02 18:53:17.985720 7fe355efa700 3 rocksdb: [/home/jenkins-build/build/workspace/ceph-dev-new-build/ARCH/x86_64/AVAILABLE_ARCH/x86_64/AVAILABLE_DIST/centos7/DIST/centos7/MACHINE_SIZE/huge/release/12.2.5-2-ge988fb6/rpm/el7/BUILD/ceph-12.2.5-2-ge988fb6/src/rocksdb/db/db_impl.cc:447] ------- DUMPING STATS -------
2019-03-02 18:53:17.985728 7fe355efa700 3 rocksdb: [/home/jenkins-build/build/workspace/ceph-dev-new-build/ARCH/x86_64/AVAILABLE_ARCH/x86_64/AVAILABLE_DIST/centos7/DIST/centos7/MACHINE_SIZE/huge/release/12.2.5-2-ge988fb6/rpm/el7/BUILD/ceph-12.2.5-2-ge988fb6/src/rocksdb/db/db_impl.cc:448] ** DB Stats ** Uptime(secs): 0.0 total, 0.0 interval Cumulative writes: 0 writes, 0 keys, 0 commit groups, 0.0 writes per commit group, ingest: 0.00 GB, 0.00 MB/s Cumulative WAL: 0 writes, 0 syncs, 0.00 writes per sync, written: 0.00 GB, 0.00 MB/s Cumulative stall: 00:00:0.000 H:M:S, 0.0 percent Interval writes: 0 writes, 0 keys, 0 commit groups, 0.0 writes per commit group, ingest: 0.00 MB, 0.00 MB/s Interval WAL: 0 writes, 0 syncs, 0.00 writes per sync, written: 0.00 MB, 0.00 MB/s Interval stall: 00:00:0.000 H:M:S, 0.0 percent ** Compaction Stats [default] ** Level Files Size Score Read(GB) Rn(GB) Rnp1(GB) Write(GB) Wnew(GB) Moved(GB) W-Amp Rd(MB/s) Wr(MB/s) Comp(sec) Comp(cnt) Avg(sec) KeyIn KeyDrop ---------------------------------------------------------------------------------------------------------------------------------------------------------- L0 4/0 428.46 KB 1.0 0.0 0.0 0.0 0.0 0.0 0.0 1.0 0.0 65.7 0 1 0.001 0 0 L1 1/0 26.55 MB 0.1 0.0 0.0 0.0 0.0 0.0 0.0 0.0 0.0 0.0 0 0 0.000 0 0 Sum 5/0 26.97 MB 0.0 0.0 0.0 0.0 0.0 0.0 0.0 1.0 0.0 65.7 0 1 0.001 0 0 Int 0/0 0.00 KB 0.0 0.0 0.0 0.0 0.0 0.0 0.0 1.0 0.0 65.7 0 1 0.001 0 0 Uptime(secs): 0.0 total, 0.0 interval Flush(GB): cumulative 0.000, interval 0.000 AddFile(GB): cumulative 0.000, interval 0.000 AddFile(Total Files): cumulative 0, interval 0 AddFile(L0 Files): cumulative 0, interval 0 AddFile(Keys): cumulative 0, interval 0 Cumulative compaction: 0.00 GB write, 12.56 MB/s write, 0.00 GB read, 0.00 MB/s read, 0.0 seconds Interval compaction: 0.00 GB write, 12.56 MB/s write, 0.00 GB read, 0.00 MB/s read, 0.0 seconds Stalls(count): 0 level0_slowdown, 0 level0_slowdown_with_compaction, 0 level0_numfiles, 0 level0_numfiles_with_compaction, 0 stop for pending_compaction_bytes, 0 slowdown for pending_compaction_bytes, 0 memtable_compaction, 0 memtable_slowdown, interval 0 total count ** File Read Latency Histogram By Level [default] ** ** Compaction Stats [default] ** Level Files Size Score Read(GB) Rn(GB) Rnp1(GB) Write(GB) Wnew(GB) Moved(GB) W-Amp Rd(MB/s) Wr(MB/s) Comp(sec) Comp(cnt) Avg(sec) KeyIn KeyDrop ---------------------------------------------------------------------------------------------------------------------------------------------------------- L0 4/0 428.46 KB 1.0 0.0 0.0 0.0 0.0 0.0 0.0 1.0 0.0 65.7 0 1 0.001 0 0 L1 1/0 26.55 MB 0.1 0.0 0.0 0.0 0.0 0.0 0.0 0.0 0.0 0.0 0 0 0.000 0 0 Sum 5/0 26.97 MB 0.0 0.0 0.0 0.0 0.0 0.0 0.0 1.0 0.0 65.7 0 1 0.001 0 0 Int 0/0 0.00 KB 0.0 0.0 0.0 0.0 0.0 0.0 0.0 0.0 0.0 0.0 0 0 0.000 0 0 Uptime(secs): 0.0 total, 0.0 interval Flush(GB): cumulative 0.000, interval 0.000 AddFile(GB): cumulative 0.000, interval 0.000 AddFile(Total Files): cumulative 0, interval 0 AddFile(L0 Files): cumulative 0, interval 0 AddFile(Keys): cumulative 0, interval 0 Cumulative compaction: 0.00 GB write, 12.40 MB/s write, 0.00 GB read, 0.00 MB/s read, 0.0 seconds Interval compaction: 0.00 GB write, 0.00 MB/s write, 0.00 GB read, 0.00 MB/s read, 0.0 seconds Stalls(count): 0 level0_slowdown, 0 level0_slowdown_with_compaction, 0 level0_numfiles, 0 level0_numfiles_with_compaction, 0 stop for pending_compaction_bytes, 0 slowdown for pending_compaction_bytes, 0 memtable_compaction, 0 memtable_slowdown, interval 0 total count ** File Read Latency Histogram By Level [default] **
2019-03-02 18:53:17.985835 7fe355efa700 4 rocksdb: [/home/jenkins-build/build/workspace/ceph-dev-new-build/ARCH/x86_64/AVAILABLE_ARCH/x86_64/AVAILABLE_DIST/centos7/DIST/centos7/MACHINE_SIZE/huge/release/12.2.5-2-ge988fb6/rpm/el7/BUILD/ceph-12.2.5-2-ge988fb6/src/rocksdb/db/compaction_job.cc:1403] [default] [JOB 3] Compacting 4@0 + 1@1 files to L1, score 1.00
2019-03-02 18:53:17.985852 7fe355efa700 4 rocksdb: [/home/jenkins-build/build/workspace/ceph-dev-new-build/ARCH/x86_64/AVAILABLE_ARCH/x86_64/AVAILABLE_DIST/centos7/DIST/centos7/MACHINE_SIZE/huge/release/12.2.5-2-ge988fb6/rpm/el7/BUILD/ceph-12.2.5-2-ge988fb6/src/rocksdb/db/compaction_job.cc:1407] [default] Compaction start summary: Base version 2 Base level 0, inputs: [261(49KB) 258(270KB) 255(56KB) 252(53KB)], [250(26MB)]
2019-03-02 18:53:17.985879 7fe355efa700 4 rocksdb: EVENT_LOG_v1 {"time_micros": 1551523997985856, "job": 3, "event": "compaction_started", "files_L0": [261, 258, 255, 252], "files_L1": [250], "score": 1, "input_data_size": 28275168}
2019-03-02 18:53:17.986482 7fe3576fd700 2 Event(0x560105253480 nevent=5000 time_id=1).set_owner idx=1 owner=140614401251072
2019-03-02 18:53:17.986472 7fe356efc700 2 Event(0x560105258080 nevent=5000 time_id=1).set_owner idx=0 owner=140614392858368
2019-03-02 18:53:17.986516 7fe35d709700 2 Event(0x560105253680 nevent=5000 time_id=1).set_owner idx=2 owner=140614501963520
2019-03-02 18:53:17.986567 7fe3640c4ec0 0 starting mon.storage01roc rank 3 at public addr 192.168.253.203:6789/0 at bind addr 192.168.253.203:6789/0 mon_data /var/lib/ceph/mon/ceph-storage01roc fsid 484eca8f-c17b-41fd-83eb-314052ccd8ea
2019-03-02 18:53:17.986768 7fe3640c4ec0 1 -- 192.168.253.203:6789/0 learned_addr learned my addr 192.168.253.203:6789/0
2019-03-02 18:53:17.986776 7fe3640c4ec0 1 -- 192.168.253.203:6789/0 _finish_bind bind my_inst.addr is 192.168.253.203:6789/0
2019-03-02 18:53:17.986792 7fe3640c4ec0 0 starting mon.storage01roc rank 3 at 192.168.253.203:6789/0 mon_data /var/lib/ceph/mon/ceph-storage01roc fsid 484eca8f-c17b-41fd-83eb-314052ccd8ea
2019-03-02 18:53:17.987367 7fe3640c4ec0 1 mon.storage01roc@-1(probing) e14 preinit fsid 484eca8f-c17b-41fd-83eb-314052ccd8ea
2019-03-02 18:53:17.987560 7fe3640c4ec0 1 mon.storage01roc@-1(probing).mds e0 Unable to load 'last_metadata'
2019-03-02 18:53:17.987643 7fe3640c4ec0 1 mon.storage01roc@-1(probing).pg v0 on_upgrade discarding in-core PGMap
2019-03-02 18:53:17.987748 7fe3640c4ec0 4 mon.storage01roc@-1(probing).mds e1 new map
2019-03-02 18:53:17.987752 7fe3640c4ec0 0 mon.storage01roc@-1(probing).mds e1 print_map e1 enable_multiple, ever_enabled_multiple: 0,0 compat: compat={},rocompat={},incompat={1=base v0.20,2=client writeable ranges,3=default file layouts on dirs,4=dir inode in separate object,5=mds uses versioned encoding,6=dirfrag is stored in omap,8=no anchor table,9=file layout v2} legacy client fscid: -1 No filesystems configured
2019-03-02 18:53:17.988200 7fe3640c4ec0 0 mon.storage01roc@-1(probing).osd e79198 crush map has features 288514051259236352, adjusting msgr requires
2019-03-02 18:53:17.988209 7fe3640c4ec0 0 mon.storage01roc@-1(probing).osd e79198 crush map has features 288514051259236352, adjusting msgr requires
2019-03-02 18:53:17.988213 7fe3640c4ec0 0 mon.storage01roc@-1(probing).osd e79198 crush map has features 1009089991638532096, adjusting msgr requires
2019-03-02 18:53:17.988216 7fe3640c4ec0 0 mon.storage01roc@-1(probing).osd e79198 crush map has features 288514051259236352, adjusting msgr requires
2019-03-02 18:53:17.990514 7fe3640c4ec0 4 mon.storage01roc@-1(probing).mgr e0 loading version 519
2019-03-02 18:53:17.990564 7fe3640c4ec0 4 mon.storage01roc@-1(probing).mgr e519 active server: 192.168.253.163:6820/2891295(9267543)
2019-03-02 18:53:17.990592 7fe3640c4ec0 4 mon.storage01roc@-1(probing).mgr e519 mkfs or daemon transitioned to available, loading commands
2019-03-02 18:53:17.990711 7fe3640c4ec0 1 -- - --> 192.168.253.163:6820/2891295 -- mgropen(unknown.storage01roc) v2 -- 0x560104faed80 con 0
2019-03-02 18:53:17.991047 7fe3640c4ec0 1 -- 192.168.253.203:6789/0 start start
2019-03-02 18:53:17.991056 7fe3640c4ec0 1 -- - start start
2019-03-02 18:53:17.991059 7fe3640c4ec0 2 mon.storage01roc@-1(probing) e14 init
2019-03-02 18:53:17.991175 7fe3640c4ec0 1 Processor -- start
2019-03-02 18:53:17.991261 7fe3640c4ec0 1 Processor -- start
2019-03-02 18:53:17.991316 7fe3640c4ec0 0 mon.storage01roc@-1(probing) e14 my rank is now 3 (was -1)
2019-03-02 18:53:17.991322 7fe3640c4ec0 1 -- 192.168.253.203:6789/0 shutdown_connections
2019-03-02 18:53:17.991345 7fe3640c4ec0 1 -- 192.168.253.203:6789/0 _send_message--> mon.0 192.168.253.163:6789/0 -- mon_probe(probe 484eca8f-c17b-41fd-83eb-314052ccd8ea name storage01roc) v6 -- ?+0 0x5601058a6780
2019-03-02 18:53:17.991363 7fe3640c4ec0 1 -- 192.168.253.203:6789/0 --> 192.168.253.163:6789/0 -- mon_probe(probe 484eca8f-c17b-41fd-83eb-314052ccd8ea name storage01roc) v6 -- 0x5601058a6780 con 0
2019-03-02 18:53:17.991371 7fe3640c4ec0 1 -- 192.168.253.203:6789/0 _send_message--> mon.1 192.168.253.164:6789/0 -- mon_probe(probe 484eca8f-c17b-41fd-83eb-314052ccd8ea name storage01roc) v6 -- ?+0 0x5601058a6a00
2019-03-02 18:53:17.991389 7fe3640c4ec0 1 -- 192.168.253.203:6789/0 --> 192.168.253.164:6789/0 -- mon_probe(probe 484eca8f-c17b-41fd-83eb-314052ccd8ea name storage01roc) v6 -- 0x5601058a6a00 con 0
2019-03-02 18:53:17.991394 7fe3640c4ec0 1 -- 192.168.253.203:6789/0 _send_message--> mon.2 192.168.253.165:6789/0 -- mon_probe(probe 484eca8f-c17b-41fd-83eb-314052ccd8ea name storage01roc) v6 -- ?+0 0x5601058a6c80
2019-03-02 18:53:17.991403 7fe3640c4ec0 1 -- 192.168.253.203:6789/0 --> 192.168.253.165:6789/0 -- mon_probe(probe 484eca8f-c17b-41fd-83eb-314052ccd8ea name storage01roc) v6 -- 0x5601058a6c80 con 0
2019-03-02 18:53:17.991407 7fe3640c4ec0 1 -- 192.168.253.203:6789/0 _send_message--> mon.4 192.168.253.204:6789/0 -- mon_probe(probe 484eca8f-c17b-41fd-83eb-314052ccd8ea name storage01roc) v6 -- ?+0 0x5601058a6f00
2019-03-02 18:53:17.991418 7fe3640c4ec0 1 -- 192.168.253.203:6789/0 --> 192.168.253.204:6789/0 -- mon_probe(probe 484eca8f-c17b-41fd-83eb-314052ccd8ea name storage01roc) v6 -- 0x5601058a6f00 con 0
2019-03-02 18:53:17.991422 7fe3640c4ec0 1 -- 192.168.253.203:6789/0 _send_message--> mon.5 192.168.253.205:6789/0 -- mon_probe(probe 484eca8f-c17b-41fd-83eb-314052ccd8ea name storage01roc) v6 -- ?+0 0x5601058a7180
2019-03-02 18:53:17.991429 7fe3640c4ec0 1 -- 192.168.253.203:6789/0 --> 192.168.253.205:6789/0 -- mon_probe(probe 484eca8f-c17b-41fd-83eb-314052ccd8ea name storage01roc) v6 -- 0x5601058a7180 con 0
2019-03-02 18:53:17.991433 7fe3640c4ec0 1 -- 192.168.253.203:6789/0 _send_message--> mon.6 192.168.253.242:6789/0 -- mon_probe(probe 484eca8f-c17b-41fd-83eb-314052ccd8ea name storage01roc) v6 -- ?+0 0x5601058a7400
2019-03-02 18:53:17.991458 7fe3640c4ec0 1 -- 192.168.253.203:6789/0 --> 192.168.253.242:6789/0 -- mon_probe(probe 484eca8f-c17b-41fd-83eb-314052ccd8ea name storage01roc) v6 -- 0x5601058a7400 con 0
2019-03-02 18:53:17.991794 7fe35d709700 1 -- 192.168.253.203:0/3016783 learned_addr learned my addr 192.168.253.203:0/3016783
2019-03-02 18:53:17.991868 7fe3576fd700 5 -- 192.168.253.203:6789/0 >> 192.168.253.205:6789/0 conn(0x560105678800 :-1 s=STATE_CONNECTING_WAIT_CONNECT_REPLY_AUTH pgs=0 cs=0 l=0).handle_connect_reply connect got RETRY_GLOBAL 2577 chose new 2578
2019-03-02 18:53:17.991866 7fe356efc700 1 -- 192.168.253.203:6789/0 >> 192.168.253.163:6789/0 conn(0x560105672800 :-1 s=STATE_CONNECTING_RE pgs=0 cs=0 l=0)._process_connection reconnect failed
2019-03-02 18:53:17.991889 7fe356efc700 2 -- 192.168.253.203:6789/0 >> 192.168.253.163:6789/0 conn(0x560105672800 :-1 s=STATE_CONNECTING_RE pgs=0 cs=0 l=0)._process_connection connection refused!
2019-03-02 18:53:17.991918 7fe35d709700 1 -- 192.168.253.203:6789/0 >> 192.168.253.165:6789/0 conn(0x560105675800 :-1 s=STATE_CONNECTING_RE pgs=0 cs=0 l=0)._process_connection reconnect failed
2019-03-02 18:53:17.991931 7fe35d709700 2 -- 192.168.253.203:6789/0 >> 192.168.253.165:6789/0 conn(0x560105675800 :-1 s=STATE_CONNECTING_RE pgs=0 cs=0 l=0)._process_connection connection refused!
2019-03-02 18:53:17.991939 7fe356efc700 5 -- 192.168.253.203:6789/0 >> 192.168.253.204:6789/0 conn(0x560105677000 :-1 s=STATE_CONNECTING_WAIT_CONNECT_REPLY_AUTH pgs=0 cs=0 l=0).handle_connect_reply connect got RETRY_GLOBAL 2576 chose new 2579
2019-03-02 18:53:17.991962 7fe3576fd700 1 -- 192.168.253.203:6789/0 >> 192.168.253.164:6789/0 conn(0x560105674000 :-1 s=STATE_CONNECTING_RE pgs=0 cs=0 l=0)._process_connection reconnect failed
2019-03-02 18:53:17.991970 7fe3576fd700 2 -- 192.168.253.203:6789/0 >> 192.168.253.164:6789/0 conn(0x560105674000 :-1 s=STATE_CONNECTING_RE pgs=0 cs=0 l=0)._process_connection connection refused!
2019-03-02 18:53:17.992394 7fe3576fd700 5 -- 192.168.253.203:6789/0 >> 192.168.253.205:6789/0 conn(0x560105678800 :-1 s=STATE_CONNECTING_WAIT_CONNECT_REPLY_AUTH pgs=0 cs=0 l=0).handle_connect_reply connect got RETRY_GLOBAL 2577 chose new 2580
2019-03-02 18:53:17.992455 7fe356efc700 5 -- 192.168.253.203:6789/0 >> 192.168.253.204:6789/0 conn(0x560105677000 :-1 s=STATE_CONNECTING_WAIT_CONNECT_REPLY_AUTH pgs=0 cs=0 l=0).handle_connect_reply connect got RETRY_GLOBAL 2576 chose new 2581
2019-03-02 18:53:17.992473 7fe35d709700 2 -- 192.168.253.203:0/3016783 >> 192.168.253.163:6820/2891295 conn(0x56010566f800 :-1 s=STATE_CONNECTING_WAIT_ACK_SEQ pgs=0 cs=0 l=0)._process_connection got newly_acked_seq 0 vs out_seq 0
2019-03-02 18:53:17.992706 7fe3576fd700 0 -- 192.168.253.203:6789/0 >> 192.168.253.205:6789/0 conn(0x560105678800 :-1 s=STATE_OPEN_MESSAGE_READ_FOOTER_AND_DISPATCH pgs=7287 cs=1 l=0).process missed message? skipped from seq 0 to 1798943791
2019-03-02 18:53:17.992727 7fe3576fd700 5 -- 192.168.253.203:6789/0 >> 192.168.253.205:6789/0 conn(0x560105678800 :-1 s=STATE_OPEN_MESSAGE_READ_FOOTER_AND_DISPATCH pgs=7287 cs=1 l=0). rx mon.5 seq 1798943791 0x5601058a7180 mon_probe(reply 484eca8f-c17b-41fd-83eb-314052ccd8ea name storage03roc paxos( fc 13804454 lc 13804982 )) v6
2019-03-02 18:53:17.992761 7fe359f02700 1 -- 192.168.253.203:6789/0 <== mon.5 192.168.253.205:6789/0 1798943791 ==== mon_probe(reply 484eca8f-c17b-41fd-83eb-314052ccd8ea name storage03roc paxos( fc 13804454 lc 13804982 )) v6 ==== 1014+0+0 (1244369052 0 0) 0x5601058a7180 con 0x560105678800
2019-03-02 18:53:17.992781 7fe356efc700 0 -- 192.168.253.203:6789/0 >> 192.168.253.204:6789/0 conn(0x560105677000 :-1 s=STATE_OPEN_MESSAGE_READ_FOOTER_AND_DISPATCH pgs=9597 cs=1 l=0).process missed message? skipped from seq 0 to 1756793702
2019-03-02 18:53:17.992795 7fe359f02700 5 mon.storage01roc@3(probing) e14 _ms_dispatch setting monitor caps on this connection
2019-03-02 18:53:17.992795 7fe356efc700 5 -- 192.168.253.203:6789/0 >> 192.168.253.204:6789/0 conn(0x560105677000 :-1 s=STATE_OPEN_MESSAGE_READ_FOOTER_AND_DISPATCH pgs=9597 cs=1 l=0). rx mon.4 seq 1756793702 0x5601058a6f00 mon_probe(reply 484eca8f-c17b-41fd-83eb-314052ccd8ea name storage02roc paxos( fc 13804454 lc 13804982 )) v6
2019-03-02 18:53:17.992837 7fe359f02700 1 -- 192.168.253.203:6789/0 <== mon.4 192.168.253.204:6789/0 1756793702 ==== mon_probe(reply 484eca8f-c17b-41fd-83eb-314052ccd8ea name storage02roc paxos( fc 13804454 lc 13804982 )) v6 ==== 1014+0+0 (4205518415 0 0) 0x5601058a6f00 con 0x560105677000
2019-03-02 18:53:17.992848 7fe359f02700 5 mon.storage01roc@3(probing) e14 _ms_dispatch setting monitor caps on this connection
2019-03-02 18:53:17.993079 7fe35d709700 5 -- 192.168.253.203:0/3016783 >> 192.168.253.163:6820/2891295 conn(0x56010566f800 :-1 s=STATE_OPEN_MESSAGE_READ_FOOTER_AND_DISPATCH pgs=8843 cs=1 l=1). rx mgr.9267543 seq 1 0x560105364f00 mgrconfigure(period=5, threshold=5) v2
2019-03-02 18:53:17.993106 7fe3586ff700 1 -- 192.168.253.203:0/3016783 <== mgr.9267543 192.168.253.163:6820/2891295 1 ==== mgrconfigure(period=5, threshold=5) v2 ==== 8+0+0 (3460719617 0 0) 0x560105364f00 con 0x56010566f800
2019-03-02 18:53:17.993210 7fe3586ff700 1 -- 192.168.253.203:0/3016783 --> 192.168.253.163:6820/2891295 -- mgrreport(unknown.storage01roc +53-0 packed 798) v5 -- 0x5601056b0000 con 0
2019-03-02 18:53:17.993480 7fe35d709700 5 -- 192.168.253.203:6789/0 >> 192.168.253.242:6789/0 conn(0x56010567e000 :-1 s=STATE_CONNECTING_WAIT_CONNECT_REPLY_AUTH pgs=0 cs=0 l=0).handle_connect_reply connect got RETRY_GLOBAL 3480 chose new 3481
2019-03-02 18:53:17.994496 7fe35d709700 5 -- 192.168.253.203:6789/0 >> 192.168.253.242:6789/0 conn(0x56010567e000 :-1 s=STATE_CONNECTING_WAIT_CONNECT_REPLY_AUTH pgs=0 cs=0 l=0).handle_connect_reply connect got RETRY_GLOBAL 3480 chose new 3482
2019-03-02 18:53:17.995791 7fe35d709700 0 -- 192.168.253.203:6789/0 >> 192.168.253.242:6789/0 conn(0x56010567e000 :-1 s=STATE_OPEN_MESSAGE_READ_FOOTER_AND_DISPATCH pgs=23438 cs=1 l=0).process missed message? skipped from seq 0 to 1673216108
2019-03-02 18:53:17.995803 7fe35d709700 5 -- 192.168.253.203:6789/0 >> 192.168.253.242:6789/0 conn(0x56010567e000 :-1 s=STATE_OPEN_MESSAGE_READ_FOOTER_AND_DISPATCH pgs=23438 cs=1 l=0). rx mon.6 seq 1673216108 0x5601058a7400 mon_probe(reply 484eca8f-c17b-41fd-83eb-314052ccd8ea name cephmon paxos( fc 13804454 lc 13804982 )) v6
2019-03-02 18:53:17.995816 7fe359f02700 1 -- 192.168.253.203:6789/0 <== mon.6 192.168.253.242:6789/0 1673216108 ==== mon_probe(reply 484eca8f-c17b-41fd-83eb-314052ccd8ea name cephmon paxos( fc 13804454 lc 13804982 )) v6 ==== 1009+0+0 (1769800333 0 0) 0x5601058a7400 con 0x56010567e000
2019-03-02 18:53:17.995827 7fe359f02700 5 mon.storage01roc@3(probing) e14 _ms_dispatch setting monitor caps on this connection
2019-03-02 18:53:17.995856 7fe359f02700 0 log_channel(cluster) log [INF] : mon.storage01roc calling monitor election
2019-03-02 18:53:17.995862 7fe359f02700 1 -- 192.168.253.203:6789/0 --> 192.168.253.203:6789/0 -- log(1 entries from seq 1 at
2019-03-02 18:53:17.995859) v1 -- 0x5601054f0d80 con 0
2019-03-02 18:53:17.995879 7fe359f02700 5 mon.storage01roc@3(electing).elector(0) start -- can i be leader?
2019-03-02 18:53:17.995896 7fe359f02700 1 mon.storage01roc@3(electing).elector(58452) init, last seen epoch 58452
2019-03-02 18:53:17.996385 7fe359f02700 1 -- 192.168.253.203:6789/0 _send_message--> mon.0 192.168.253.163:6789/0 -- election(484eca8f-c17b-41fd-83eb-314052ccd8ea propose 58453) v7 -- ?+0 0x56010500a300
2019-03-02 18:53:17.996394 7fe359f02700 1 -- 192.168.253.203:6789/0 --> 192.168.253.163:6789/0 -- election(484eca8f-c17b-41fd-83eb-314052ccd8ea propose 58453) v7 -- 0x56010500a300 con 0
2019-03-02 18:53:17.996411 7fe359f02700 1 -- 192.168.253.203:6789/0 _send_message--> mon.1 192.168.253.164:6789/0 -- election(484eca8f-c17b-41fd-83eb-314052ccd8ea propose 58453) v7 -- ?+0 0x56010500a900
2019-03-02 18:53:17.996415 7fe359f02700 1 -- 192.168.253.203:6789/0 --> 192.168.253.164:6789/0 -- election(484eca8f-c17b-41fd-83eb-314052ccd8ea propose 58453) v7 -- 0x56010500a900 con 0
2019-03-02 18:53:17.996433 7fe359f02700 1 -- 192.168.253.203:6789/0 _send_message--> mon.2 192.168.253.165:6789/0 -- election(484eca8f-c17b-41fd-83eb-314052ccd8ea propose 58453) v7 -- ?+0 0x56010500ac00
2019-03-02 18:53:17.996439 7fe359f02700 1 -- 192.168.253.203:6789/0 --> 192.168.253.165:6789/0 -- election(484eca8f-c17b-41fd-83eb-314052ccd8ea propose 58453) v7 -- 0x56010500ac00 con 0
2019-03-02 18:53:17.996453 7fe359f02700 1 -- 192.168.253.203:6789/0 _send_message--> mon.4 192.168.253.204:6789/0 -- election(484eca8f-c17b-41fd-83eb-314052ccd8ea propose 58453) v7 -- ?+0 0x56010500af00
2019-03-02 18:53:17.996458 7fe359f02700 1 -- 192.168.253.203:6789/0 --> 192.168.253.204:6789/0 -- election(484eca8f-c17b-41fd-83eb-314052ccd8ea propose 58453) v7 -- 0x56010500af00 con 0
2019-03-02 18:53:17.996478 7fe359f02700 1 -- 192.168.253.203:6789/0 _send_message--> mon.5 192.168.253.205:6789/0 -- election(484eca8f-c17b-41fd-83eb-314052ccd8ea propose 58453) v7 -- ?+0 0x56010500b200
2019-03-02 18:53:17.996483 7fe359f02700 1 -- 192.168.253.203:6789/0 --> 192.168.253.205:6789/0 -- election(484eca8f-c17b-41fd-83eb-314052ccd8ea propose 58453) v7 -- 0x56010500b200 con 0
2019-03-02 18:53:17.996495 7fe359f02700 1 -- 192.168.253.203:6789/0 _send_message--> mon.6 192.168.253.242:6789/0 -- election(484eca8f-c17b-41fd-83eb-314052ccd8ea propose 58453) v7 -- ?+0 0x56010500b500
2019-03-02 18:53:17.996500 7fe359f02700 1 -- 192.168.253.203:6789/0 --> 192.168.253.242:6789/0 -- election(484eca8f-c17b-41fd-83eb-314052ccd8ea propose 58453) v7 -- 0x56010500b500 con 0
2019-03-02 18:53:17.996514 7fe359f02700 1 -- 192.168.253.203:6789/0 <== mon.3 192.168.253.203:6789/0 0 ==== log(1 entries from seq 1 at
2019-03-02 18:53:17.995859) v1 ==== 0+0+0 (0 0 0) 0x5601054f0d80 con 0x5601053ea000
2019-03-02 18:53:17.996526 7fe359f02700 5 mon.storage01roc@3(electing) e14 _ms_dispatch setting monitor caps on this connection
2019-03-02 18:53:18.046452 7fe355efa700 4 rocksdb: [/home/jenkins-build/build/workspace/ceph-dev-new-build/ARCH/x86_64/AVAILABLE_ARCH/x86_64/AVAILABLE_DIST/centos7/DIST/centos7/MACHINE_SIZE/huge/release/12.2.5-2-ge988fb6/rpm/el7/BUILD/ceph-12.2.5-2-ge988fb6/src/rocksdb/db/compaction_job.cc:1116] [default] [JOB 3] Generated table #266: 3947 keys, 28258990 bytes
2019-03-02 18:53:18.046489 7fe355efa700 4 rocksdb: EVENT_LOG_v1 {"time_micros": 1551523998046470, "cf_name": "default", "job": 3, "event": "table_file_creation", "file_number": 266, "file_size": 28258990, "table_properties": {"data_size": 28101759, "index_size": 79039, "filter_size": 77265, "raw_key_size": 83782, "raw_average_key_size": 21, "raw_value_size": 27989473, "raw_average_value_size": 7091, "num_data_blocks": 2186, "num_entries": 3947, "filter_policy_name": "rocksdb.BuiltinBloomFilter", "kDeletedKeys": "0", "kMergeOperands": "0"}}
2019-03-02 18:53:18.046530 7fe355efa700 4 rocksdb: [/home/jenkins-build/build/workspace/ceph-dev-new-build/ARCH/x86_64/AVAILABLE_ARCH/x86_64/AVAILABLE_DIST/centos7/DIST/centos7/MACHINE_SIZE/huge/release/12.2.5-2-ge988fb6/rpm/el7/BUILD/ceph-12.2.5-2-ge988fb6/src/rocksdb/db/compaction_job.cc:1173] [default] [JOB 3] Compacted 4@0 + 1@1 files to L1 => 28258990 bytes
2019-03-02 18:53:18.047088 7fe355efa700 4 rocksdb: (Original Log Time 2019/03/02-18:53:18.046986) [/home/jenkins-build/build/workspace/ceph-dev-new-build/ARCH/x86_64/AVAILABLE_ARCH/x86_64/AVAILABLE_DIST/centos7/DIST/centos7/MACHINE_SIZE/huge/release/12.2.5-2-ge988fb6/rpm/el7/BUILD/ceph-12.2.5-2-ge988fb6/src/rocksdb/db/compaction_job.cc:621] [default] compacted to: base level 1 max bytes base 268435456 files[0 1 0 0 0 0 0] max score 0.11, MB/sec: 466.3 rd, 466.1 wr, level 1, files in(4, 1) out(1) MB in(0.4, 26.5) out(26.9), read-write-amplify(128.9) write-amplify(64.4) OK, records in: 3
2019-03-02 18:53:18.047100 7fe355efa700 4 rocksdb: (Original Log Time 2019/03/02-18:53:18.047014) EVENT_LOG_v1 {"time_micros": 1551523998047001, "job": 3, "event": "compaction_finished", "compaction_time_micros": 60635, "output_level": 1, "num_output_files": 1, "total_output_size": 28258990, "num_input_records": 3986, "num_output_records": 3947, "num_subcompactions": 1, "num_single_delete_mismatches": 0, "num_single_delete_fallthrough": 0, "lsm_state": [0, 1, 0, 0, 0, 0, 0]}
2019-03-02 18:53:18.047212 7fe355efa700 4 rocksdb: EVENT_LOG_v1 {"time_micros": 1551523998047206, "job": 3, "event": "table_file_deletion", "file_number": 261}
2019-03-02 18:53:18.047375 7fe355efa700 4 rocksdb: EVENT_LOG_v1 {"time_micros": 1551523998047371, "job": 3, "event": "table_file_deletion", "file_number": 258}
2019-03-02 18:53:18.047456 7fe355efa700 4 rocksdb: EVENT_LOG_v1 {"time_micros": 1551523998047452, "job": 3, "event": "table_file_deletion", "file_number": 255}
2019-03-02 18:53:18.047533 7fe355efa700 4 rocksdb: EVENT_LOG_v1 {"time_micros": 1551523998047529, "job": 3, "event": "table_file_deletion", "file_number": 252}
2019-03-02 18:53:18.055024 7fe355efa700 4 rocksdb: EVENT_LOG_v1 {"time_micros": 1551523998055019, "job": 3, "event": "table_file_deletion", "file_number": 250}
2019-03-02 18:53:18.113759 7fe356efc700 1 -- 192.168.253.203:6789/0 >> - conn(0x56010549f000 :6789 s=STATE_ACCEPTING pgs=0 cs=0 l=0)._process_connection sd=9 -
2019-03-02 18:53:18.113873 7fe35d709700 1 -- 192.168.253.203:6789/0 >> - conn(0x56010543b800 :6789 s=STATE_ACCEPTING pgs=0 cs=0 l=0)._process_connection sd=10 -
2019-03-02 18:53:18.113931 7fe356efc700 2 -- 192.168.253.203:6789/0 >> 192.168.253.32:0/3724611330 conn(0x56010549f000 :6789 s=STATE_ACCEPTING_WAIT_SEQ pgs=2902 cs=1 l=1).handle_connect_msg accept write reply msg done
2019-03-02 18:53:18.114022 7fe356efc700 2 -- 192.168.253.203:6789/0 >> 192.168.253.32:0/3724611330 conn(0x56010549f000 :6789 s=STATE_ACCEPTING_WAIT_SEQ pgs=2902 cs=1 l=1)._process_connection accept get newly_acked_seq 0
2019-03-02 18:53:18.114120 7fe3576fd700 1 -- 192.168.253.203:6789/0 >> - conn(0x56010549d800 :6789 s=STATE_ACCEPTING pgs=0 cs=0 l=0)._process_connection sd=11 -
2019-03-02 18:53:18.114141 7fe356efc700 5 -- 192.168.253.203:6789/0 >> 192.168.253.32:0/3724611330 conn(0x56010549f000 :6789 s=STATE_OPEN_MESSAGE_READ_FOOTER_AND_DISPATCH pgs=2902 cs=1 l=1). rx client.8113030 seq 1 0x5601054f06c0 auth(proto 0 34 bytes epoch 14) v1
2019-03-02 18:53:18.114174 7fe359f02700 1 -- 192.168.253.203:6789/0 <== client.8113030 192.168.253.32:0/3724611330 1 ==== auth(proto 0 34 bytes epoch 14) v1 ==== 64+0+0 (2331791968 0 0) 0x5601054f06c0 con 0x56010549f000
2019-03-02 18:53:18.114206 7fe359f02700 5 mon.storage01roc@3(electing) e14 waitlisting message auth(proto 0 34 bytes epoch 14) v1
2019-03-02 18:53:18.114261 7fe3576fd700 2 -- 192.168.253.203:6789/0 >> 192.168.253.43:0/103156267 conn(0x56010549d800 :6789 s=STATE_ACCEPTING_WAIT_SEQ pgs=13218 cs=1 l=1).handle_connect_msg accept write reply msg done
2019-03-02 18:53:18.114326 7fe3576fd700 2 -- 192.168.253.203:6789/0 >> 192.168.253.43:0/103156267 conn(0x56010549d800 :6789 s=STATE_ACCEPTING_WAIT_SEQ pgs=13218 cs=1 l=1)._process_connection accept get newly_acked_seq 0
2019-03-02 18:53:18.114375 7fe356efc700 1 -- 192.168.253.203:6789/0 >> - conn(0x56010549c000 :6789 s=STATE_ACCEPTING pgs=0 cs=0 l=0)._process_connection sd=12 -
2019-03-02 18:53:18.114384 7fe3576fd700 5 -- 192.168.253.203:6789/0 >> 192.168.253.43:0/103156267 conn(0x56010549d800 :6789 s=STATE_OPEN_MESSAGE_READ_FOOTER_AND_DISPATCH pgs=13218 cs=1 l=1). rx client.8831771 seq 1 0x5601054f0480 auth(proto 0 38 bytes epoch 14) v1
2019-03-02 18:53:18.114405 7fe359f02700 1 -- 192.168.253.203:6789/0 <== client.8831771 192.168.253.43:0/103156267 1 ==== auth(proto 0 38 bytes epoch 14) v1 ==== 68+0+0 (3029943862 0 0) 0x5601054f0480 con 0x56010549d800
2019-03-02 18:53:18.114421 7fe359f02700 5 mon.storage01roc@3(electing) e14 waitlisting message auth(proto 0 38 bytes epoch 14) v1
2019-03-02 18:53:18.114456 7fe35d709700 2 -- 192.168.253.203:6789/0 >> 192.168.253.164:6802/541834 conn(0x56010543b800 :6789 s=STATE_ACCEPTING_WAIT_SEQ pgs=279117 cs=1 l=1).handle_connect_msg accept write reply msg done
2019-03-02 18:53:18.114924 7fe35d709700 2 -- 192.168.253.203:6789/0 >> 192.168.253.164:6802/541834 conn(0x56010543b800 :6789 s=STATE_ACCEPTING_WAIT_SEQ pgs=279117 cs=1 l=1)._process_connection accept get newly_acked_seq 0
2019-03-02 18:53:18.114961 7fe35d709700 5 -- 192.168.253.203:6789/0 >> 192.168.253.164:6802/541834 conn(0x56010543b800 :6789 s=STATE_OPEN_MESSAGE_READ_FOOTER_AND_DISPATCH pgs=279117 cs=1 l=1). rx osd.40 seq 1 0x560104faed80 auth(proto 0 27 bytes epoch 14) v1
2019-03-02 18:53:18.114988 7fe356efc700 2 -- 192.168.253.203:6789/0 >> 192.168.253.165:6802/708867 conn(0x56010549c000 :6789 s=STATE_ACCEPTING_WAIT_SEQ pgs=356684 cs=1 l=1).handle_connect_msg accept write reply msg done
2019-03-02 18:53:18.114983 7fe359f02700 1 -- 192.168.253.203:6789/0 <== osd.40 192.168.253.164:6802/541834 1 ==== auth(proto 0 27 bytes epoch 14) v1 ==== 57+0+0 (3408158408 0 0) 0x560104faed80 con 0x56010543b800
2019-03-02 18:53:18.115016 7fe359f02700 5 mon.storage01roc@3(electing) e14 waitlisting message auth(proto 0 27 bytes epoch 14) v1
2019-03-02 18:53:18.115459 7fe35d709700 1 -- 192.168.253.203:6789/0 >> - conn(0x5601054b0000 :6789 s=STATE_ACCEPTING pgs=0 cs=0 l=0)._process_connection sd=13 -
2019-03-02 18:53:18.115512 7fe356efc700 2 -- 192.168.253.203:6789/0 >> 192.168.253.165:6802/708867 conn(0x56010549c000 :6789 s=STATE_ACCEPTING_WAIT_SEQ pgs=356684 cs=1 l=1)._process_connection accept get newly_acked_seq 0
2019-03-02 18:53:18.115540 7fe356efc700 5 -- 192.168.253.203:6789/0 >> 192.168.253.165:6802/708867 conn(0x56010549c000 :6789 s=STATE_OPEN_MESSAGE_READ_FOOTER_AND_DISPATCH pgs=356684 cs=1 l=1). rx osd.9 seq 1 0x5601054f1200 auth(proto 0 26 bytes epoch 14) v1
2019-03-02 18:53:18.115564 7fe359f02700 1 -- 192.168.253.203:6789/0 <== osd.9 192.168.253.165:6802/708867 1 ==== auth(proto 0 26 bytes epoch 14) v1 ==== 56+0+0 (32594381 0 0) 0x5601054f1200 con 0x56010549c000
2019-03-02 18:53:18.115584 7fe359f02700 5 mon.storage01roc@3(electing) e14 waitlisting message auth(proto 0 26 bytes epoch 14) v1
2019-03-02 18:53:18.115957 7fe3576fd700 1 -- 192.168.253.203:6789/0 >> - conn(0x5601054b1800 :6789 s=STATE_ACCEPTING pgs=0 cs=0 l=0)._process_connection sd=28 -
2019-03-02 18:53:18.115975 7fe35d709700 1 -- 192.168.253.203:6789/0 >> - conn(0x5601054b3000 :6789 s=STATE_ACCEPTING pgs=0 cs=0 l=0)._process_connection sd=29 -
2019-03-02 18:53:18.115976 7fe356efc700 1 -- 192.168.253.203:6789/0 >> - conn(0x5601054b4800 :6789 s=STATE_ACCEPTING pgs=0 cs=0 l=0)._process_connection sd=30 -
2019-03-02 18:53:18.116078 7fe35d709700 2 -- 192.168.253.203:6789/0 >> 192.168.253.39:0/1520712163 conn(0x5601054b0000 :6789 s=STATE_ACCEPTING_WAIT_SEQ pgs=2872 cs=1 l=1).handle_connect_msg accept write reply msg done
2019-03-02 18:53:18.116508 7fe3576fd700 2 -- 192.168.253.203:6789/0 >> 192.168.253.31:0/1087877254 conn(0x5601054b1800 :6789 s=STATE_ACCEPTING_WAIT_SEQ pgs=35503 cs=1 l=1).handle_connect_msg accept write reply msg done
2019-03-02 18:53:18.116523 7fe35d709700 2 -- 192.168.253.203:6789/0 >> 192.168.253.31:0/1038212884 conn(0x5601054b3000 :6789 s=STATE_ACCEPTING_WAIT_SEQ pgs=7242 cs=1 l=1).handle_connect_msg accept write reply msg done
2019-03-02 18:53:18.116528 7fe356efc700 2 -- 192.168.253.203:6789/0 >> 192.168.253.50:0/3448699030 conn(0x5601054b4800 :6789 s=STATE_ACCEPTING_WAIT_SEQ pgs=18718 cs=1 l=1).handle_connect_msg accept write reply msg done
2019-03-02 18:53:18.116613 7fe35d709700 2 -- 192.168.253.203:6789/0 >> 192.168.253.39:0/1520712163 conn(0x5601054b0000 :6789 s=STATE_ACCEPTING_WAIT_SEQ pgs=2872 cs=1 l=1)._process_connection accept get newly_acked_seq 0
2019-03-02 18:53:18.116741 7fe35d709700 5 -- 192.168.253.203:6789/0 >> 192.168.253.39:0/1520712163 conn(0x5601054b0000 :6789 s=STATE_OPEN_MESSAGE_READ_FOOTER_AND_DISPATCH pgs=2872 cs=1 l=1). rx client.8775011 seq 1 0x5601054f0900 auth(proto 0 34 bytes epoch 14) v1
2019-03-02 18:53:18.116768 7fe359f02700 1 -- 192.168.253.203:6789/0 <== client.8775011 192.168.253.39:0/1520712163 1 ==== auth(proto 0 34 bytes epoch 14) v1 ==== 64+0+0 (2838151096 0 0) 0x5601054f0900 con 0x5601054b0000
2019-03-02 18:53:18.116785 7fe359f02700 5 mon.storage01roc@3(electing) e14 waitlisting message auth(proto 0 34 bytes epoch 14) v1
2019-03-02 18:53:18.117020 7fe356efc700 2 -- 192.168.253.203:6789/0 >> 192.168.253.50:0/3448699030 conn(0x5601054b4800 :6789 s=STATE_ACCEPTING_WAIT_SEQ pgs=18718 cs=1 l=1)._process_connection accept get newly_acked_seq 0
2019-03-02 18:53:18.117080 7fe356efc700 5 -- 192.168.253.203:6789/0 >> 192.168.253.50:0/3448699030 conn(0x5601054b4800 :6789 s=STATE_OPEN_MESSAGE_READ_FOOTER_AND_DISPATCH pgs=18718 cs=1 l=1). rx client.8833367 seq 1 0x5601054f1680 auth(proto 0 38 bytes epoch 14) v1
2019-03-02 18:53:18.117088 7fe35d709700 2 -- 192.168.253.203:6789/0 >> 192.168.253.31:0/1038212884 conn(0x5601054b3000 :6789 s=STATE_ACCEPTING_WAIT_SEQ pgs=7242 cs=1 l=1)._process_connection accept get newly_acked_seq 0
2019-03-02 18:53:18.117088 7fe3576fd700 2 -- 192.168.253.203:6789/0 >> 192.168.253.31:0/1087877254 conn(0x5601054b1800 :6789 s=STATE_ACCEPTING_WAIT_SEQ pgs=35503 cs=1 l=1)._process_connection accept get newly_acked_seq 0
2019-03-02 18:53:18.117096 7fe359f02700 1 -- 192.168.253.203:6789/0 <== client.8833367 192.168.253.50:0/3448699030 1 ==== auth(proto 0 38 bytes epoch 14) v1 ==== 68+0+0 (480927092 0 0) 0x5601054f1680 con 0x5601054b4800
2019-03-02 18:53:18.117108 7fe359f02700 5 mon.storage01roc@3(electing) e14 waitlisting message auth(proto 0 38 bytes epoch 14) v1
2019-03-02 18:53:18.117167 7fe3576fd700 5 -- 192.168.253.203:6789/0 >> 192.168.253.31:0/1087877254 conn(0x5601054b1800 :6789 s=STATE_OPEN_MESSAGE_READ_FOOTER_AND_DISPATCH pgs=35503 cs=1 l=1). rx client.8707891 seq 1 0x5601054f18c0 auth(proto 0 38 bytes epoch 14) v1
2019-03-02 18:53:18.117176 7fe35d709700 5 -- 192.168.253.203:6789/0 >> 192.168.253.31:0/1038212884 conn(0x5601054b3000 :6789 s=STATE_OPEN_MESSAGE_READ_FOOTER_AND_DISPATCH pgs=7242 cs=1 l=1). rx client.8707856 seq 1 0x5601054f1d40 auth(proto 0 38 bytes epoch 14) v1
2019-03-02 18:53:18.117185 7fe359f02700 1 -- 192.168.253.203:6789/0 <== client.8707891 192.168.253.31:0/1087877254 1 ==== auth(proto 0 38 bytes epoch 14) v1 ==== 68+0+0 (1012484761 0 0) 0x5601054f18c0 con 0x5601054b1800
2019-03-02 18:53:18.117191 7fe359f02700 5 mon.storage01roc@3(electing) e14 waitlisting message auth(proto 0 38 bytes epoch 14) v1
