2019-03-02 18:53:22.143270 7fe359f02700 1 -- 192.168.253.203:6789/0 <== mon.5 192.168.253.205:6789/0 1798943792 ==== election(484eca8f-c17b-41fd-83eb-314052ccd8ea ack 58461) v7 ==== 40498+0+0 (3500033299 0 0) 0x560105908600 con 0x560105678800
2019-03-02 18:53:22.143300 7fe356efc700 5 -- 192.168.253.203:6789/0 >> 192.168.253.204:6789/0 conn(0x560105677000 :-1 s=STATE_OPEN_MESSAGE_READ_FOOTER_AND_DISPATCH pgs=9597 cs=1 l=0). rx mon.4 seq 1756793704 0x560105908300 election(484eca8f-c17b-41fd-83eb-314052ccd8ea ack 58461) v7
2019-03-02 18:53:22.143323 7fe359f02700 5 mon.storage01roc@3(electing).elector(58461) handle_ack from mon.5
2019-03-02 18:53:22.143329 7fe359f02700 5 mon.storage01roc@3(electing).elector(58461) so far i have { mon.3: features 2305244844532236283 mon_feature_t([kraken,luminous]), mon.5: features 2305244844532236283 mon_feature_t([kraken,luminous]) }
2019-03-02 18:53:22.143345 7fe359f02700 1 -- 192.168.253.203:6789/0 <== mon.4 192.168.253.204:6789/0 1756793704 ==== election(484eca8f-c17b-41fd-83eb-314052ccd8ea ack 58461) v7 ==== 40498+0+0 (2531979772 0 0) 0x560105908300 con 0x560105677000
2019-03-02 18:53:22.143368 7fe359f02700 5 mon.storage01roc@3(electing).elector(58461) handle_ack from mon.4
2019-03-02 18:53:22.143373 7fe359f02700 5 mon.storage01roc@3(electing).elector(58461) so far i have { mon.3: features 2305244844532236283 mon_feature_t([kraken,luminous]), mon.4: features 2305244844532236283 mon_feature_t([kraken,luminous]), mon.5: features 2305244844532236283 mon_feature_t([kraken,luminous]) }
2019-03-02 18:53:22.153619 7fe35d709700 5 -- 192.168.253.203:6789/0 >> 192.168.253.242:6789/0 conn(0x56010567e000 :-1 s=STATE_OPEN_MESSAGE_READ_FOOTER_AND_DISPATCH pgs=23438 cs=1 l=0). rx mon.6 seq 1673216109 0x560105908900 election(484eca8f-c17b-41fd-83eb-314052ccd8ea ack 58461) v7
2019-03-02 18:53:22.153647 7fe359f02700 1 -- 192.168.253.203:6789/0 <== mon.6 192.168.253.242:6789/0 1673216109 ==== election(484eca8f-c17b-41fd-83eb-314052ccd8ea ack 58461) v7 ==== 40488+0+0 (2345732302 0 0) 0x560105908900 con 0x56010567e000
2019-03-02 18:53:22.153679 7fe359f02700 5 mon.storage01roc@3(electing).elector(58461) handle_ack from mon.6
2019-03-02 18:53:22.153686 7fe359f02700 5 mon.storage01roc@3(electing).elector(58461) so far i have { mon.3: features 2305244844532236283 mon_feature_t([kraken,luminous]), mon.4: features 2305244844532236283 mon_feature_t([kraken,luminous]), mon.5: features 2305244844532236283 mon_feature_t([kraken,luminous]), mon.6: features 2305244844532236283 mon_feature_t([kraken,luminous]) }
2019-03-02 18:53:22.993342 7fe358f00700 1 -- 192.168.253.203:0/3016783 --> 192.168.253.163:6820/2891295 -- mgrreport(unknown.storage01roc +0-0 packed 798) v5 -- 0x5601056b02c0 con 0
2019-03-02 18:53:23.063662 7fe356efc700 1 -- 192.168.253.203:6789/0 >> - conn(0x5601058fb000 :6789 s=STATE_ACCEPTING pgs=0 cs=0 l=0)._process_connection sd=67 -
2019-03-02 18:53:23.064262 7fe356efc700 2 -- 192.168.253.203:6789/0 >> 192.168.253.33:0/140057803 conn(0x5601058fb000 :6789 s=STATE_ACCEPTING_WAIT_SEQ pgs=5417 cs=1 l=1).handle_connect_msg accept write reply msg done
2019-03-02 18:53:23.064813 7fe356efc700 2 -- 192.168.253.203:6789/0 >> 192.168.253.33:0/140057803 conn(0x5601058fb000 :6789 s=STATE_ACCEPTING_WAIT_SEQ pgs=5417 cs=1 l=1)._process_connection accept get newly_acked_seq 0
2019-03-02 18:53:23.064945 7fe356efc700 5 -- 192.168.253.203:6789/0 >> 192.168.253.33:0/140057803 conn(0x5601058fb000 :6789 s=STATE_OPEN_MESSAGE_READ_FOOTER_AND_DISPATCH pgs=5417 cs=1 l=1). rx client.8943766 seq 1 0x560105794480 auth(proto 0 34 bytes epoch 14) v1
2019-03-02 18:53:23.064968 7fe359f02700 1 -- 192.168.253.203:6789/0 <== client.8943766 192.168.253.33:0/140057803 1 ==== auth(proto 0 34 bytes epoch 14) v1 ==== 64+0+0 (2725449133 0 0) 0x560105794480 con 0x5601058fb000
2019-03-02 18:53:23.064988 7fe359f02700 5 mon.storage01roc@3(electing) e14 waitlisting message auth(proto 0 34 bytes epoch 14) v1
2019-03-02 18:53:23.086826 7fe35d709700 1 -- 192.168.253.203:6789/0 >> - conn(0x5601058fc800 :6789 s=STATE_ACCEPTING pgs=0 cs=0 l=0)._process_connection sd=68 -
2019-03-02 18:53:23.087017 7fe35d709700 2 -- 192.168.253.203:6789/0 >> 192.168.253.35:0/3274667345 conn(0x5601058fc800 :6789 s=STATE_ACCEPTING_WAIT_SEQ pgs=11821 cs=1 l=1).handle_connect_msg accept write reply msg done
2019-03-02 18:53:23.087130 7fe35d709700 2 -- 192.168.253.203:6789/0 >> 192.168.253.35:0/3274667345 conn(0x5601058fc800 :6789 s=STATE_ACCEPTING_WAIT_SEQ pgs=11821 cs=1 l=1)._process_connection accept get newly_acked_seq 0
2019-03-02 18:53:23.087292 7fe35d709700 5 -- 192.168.253.203:6789/0 >> 192.168.253.35:0/3274667345 conn(0x5601058fc800 :6789 s=STATE_OPEN_MESSAGE_READ_FOOTER_AND_DISPATCH pgs=11821 cs=1 l=1). rx client.9191584 seq 1 0x560105795200 auth(proto 0 38 bytes epoch 14) v1
2019-03-02 18:53:23.087313 7fe359f02700 1 -- 192.168.253.203:6789/0 <== client.9191584 192.168.253.35:0/3274667345 1 ==== auth(proto 0 38 bytes epoch 14) v1 ==== 68+0+0 (98846487 0 0) 0x560105795200 con 0x5601058fc800
2019-03-02 18:53:23.087329 7fe359f02700 5 mon.storage01roc@3(electing) e14 waitlisting message auth(proto 0 38 bytes epoch 14) v1
2019-03-02 18:53:23.240286 7fe35d709700 1 -- 192.168.253.203:6789/0 >> 192.168.253.31:0/1038212884 conn(0x5601054b3000 :6789 s=STATE_OPEN pgs=7242 cs=1 l=1).read_bulk peer close file descriptor 29
2019-03-02 18:53:23.240299 7fe35d709700 1 -- 192.168.253.203:6789/0 >> 192.168.253.31:0/1038212884 conn(0x5601054b3000 :6789 s=STATE_OPEN pgs=7242 cs=1 l=1).read_until read failed
2019-03-02 18:53:23.240303 7fe35d709700 1 -- 192.168.253.203:6789/0 >> 192.168.253.31:0/1038212884 conn(0x5601054b3000 :6789 s=STATE_OPEN pgs=7242 cs=1 l=1).process read tag failed
2019-03-02 18:53:23.240309 7fe35d709700 1 -- 192.168.253.203:6789/0 >> 192.168.253.31:0/1038212884 conn(0x5601054b3000 :6789 s=STATE_OPEN pgs=7242 cs=1 l=1).fault on lossy channel, failing
2019-03-02 18:53:23.240312 7fe35d709700 2 -- 192.168.253.203:6789/0 >> 192.168.253.31:0/1038212884 conn(0x5601054b3000 :6789 s=STATE_OPEN pgs=7242 cs=1 l=1)._stop
2019-03-02 18:53:23.740441 7fe35d709700 1 -- 192.168.253.203:6789/0 >> - conn(0x56010563c800 :6789 s=STATE_ACCEPTING pgs=0 cs=0 l=0)._process_connection sd=29 -
2019-03-02 18:53:23.741038 7fe35d709700 2 -- 192.168.253.203:6789/0 >> 192.168.253.31:0/2755183883 conn(0x56010563c800 :6789 s=STATE_ACCEPTING_WAIT_SEQ pgs=12 cs=1 l=1).handle_connect_msg accept write reply msg done
2019-03-02 18:53:23.741515 7fe35d709700 2 -- 192.168.253.203:6789/0 >> 192.168.253.31:0/2755183883 conn(0x56010563c800 :6789 s=STATE_ACCEPTING_WAIT_SEQ pgs=12 cs=1 l=1)._process_connection accept get newly_acked_seq 0
2019-03-02 18:53:23.741671 7fe35d709700 5 -- 192.168.253.203:6789/0 >> 192.168.253.31:0/2755183883 conn(0x56010563c800 :6789 s=STATE_OPEN_MESSAGE_READ_FOOTER_AND_DISPATCH pgs=12 cs=1 l=1). rx client.? seq 1 0x560105795440 auth(proto 0 34 bytes epoch 0) v1
2019-03-02 18:53:23.741689 7fe359f02700 1 -- 192.168.253.203:6789/0 <== client.? 192.168.253.31:0/2755183883 1 ==== auth(proto 0 34 bytes epoch 0) v1 ==== 64+0+0 (3805625626 0 0) 0x560105795440 con 0x56010563c800
2019-03-02 18:53:23.741706 7fe359f02700 5 mon.storage01roc@3(electing) e14 waitlisting message auth(proto 0 34 bytes epoch 0) v1
2019-03-02 18:53:23.818121 7fe3576fd700 1 -- 192.168.253.203:6789/0 >> 192.168.253.43:0/103156267 conn(0x56010549d800 :6789 s=STATE_OPEN pgs=13218 cs=1 l=1).read_bulk peer close file descriptor 11
2019-03-02 18:53:23.818134 7fe3576fd700 1 -- 192.168.253.203:6789/0 >> 192.168.253.43:0/103156267 conn(0x56010549d800 :6789 s=STATE_OPEN pgs=13218 cs=1 l=1).read_until read failed
2019-03-02 18:53:23.818137 7fe3576fd700 1 -- 192.168.253.203:6789/0 >> 192.168.253.43:0/103156267 conn(0x56010549d800 :6789 s=STATE_OPEN pgs=13218 cs=1 l=1).process read tag failed
2019-03-02 18:53:23.818142 7fe3576fd700 1 -- 192.168.253.203:6789/0 >> 192.168.253.43:0/103156267 conn(0x56010549d800 :6789 s=STATE_OPEN pgs=13218 cs=1 l=1).fault on lossy channel, failing
2019-03-02 18:53:23.818145 7fe3576fd700 2 -- 192.168.253.203:6789/0 >> 192.168.253.43:0/103156267 conn(0x56010549d800 :6789 s=STATE_OPEN pgs=13218 cs=1 l=1)._stop
2019-03-02 18:53:23.858950 7fe3576fd700 1 -- 192.168.253.203:6789/0 >> - conn(0x56010543b800 :6789 s=STATE_ACCEPTING pgs=0 cs=0 l=0)._process_connection sd=11 -
2019-03-02 18:53:23.858973 7fe35d709700 1 -- 192.168.253.203:6789/0 >> - conn(0x56010593e000 :6789 s=STATE_ACCEPTING pgs=0 cs=0 l=0)._process_connection sd=69 -
2019-03-02 18:53:23.859494 7fe3576fd700 2 -- 192.168.253.203:6789/0 >> 192.168.253.37:0/1733074246 conn(0x56010543b800 :6789 s=STATE_ACCEPTING_WAIT_SEQ pgs=6891 cs=1 l=1).handle_connect_msg accept write reply msg done
2019-03-02 18:53:23.859531 7fe35d709700 2 -- 192.168.253.203:6789/0 >> 192.168.253.37:0/2175704180 conn(0x56010593e000 :6789 s=STATE_ACCEPTING_WAIT_SEQ pgs=35760 cs=1 l=1).handle_connect_msg accept write reply msg done
2019-03-02 18:53:23.860064 7fe3576fd700 2 -- 192.168.253.203:6789/0 >> 192.168.253.37:0/1733074246 conn(0x56010543b800 :6789 s=STATE_ACCEPTING_WAIT_SEQ pgs=6891 cs=1 l=1)._process_connection accept get newly_acked_seq 0
2019-03-02 18:53:23.860116 7fe35d709700 2 -- 192.168.253.203:6789/0 >> 192.168.253.37:0/2175704180 conn(0x56010593e000 :6789 s=STATE_ACCEPTING_WAIT_SEQ pgs=35760 cs=1 l=1)._process_connection accept get newly_acked_seq 0
2019-03-02 18:53:23.860631 7fe3576fd700 5 -- 192.168.253.203:6789/0 >> 192.168.253.37:0/1733074246 conn(0x56010543b800 :6789 s=STATE_OPEN_MESSAGE_READ_FOOTER_AND_DISPATCH pgs=6891 cs=1 l=1). rx client.8939327 seq 1 0x5601054358c0 auth(proto 0 38 bytes epoch 14) v1
2019-03-02 18:53:23.860636 7fe35d709700 5 -- 192.168.253.203:6789/0 >> 192.168.253.37:0/2175704180 conn(0x56010593e000 :6789 s=STATE_OPEN_MESSAGE_READ_FOOTER_AND_DISPATCH pgs=35760 cs=1 l=1). rx client.8939320 seq 1 0x560105795680 auth(proto 0 38 bytes epoch 14) v1
2019-03-02 18:53:23.860655 7fe359f02700 1 -- 192.168.253.203:6789/0 <== client.8939327 192.168.253.37:0/1733074246 1 ==== auth(proto 0 38 bytes epoch 14) v1 ==== 68+0+0 (3214538620 0 0) 0x5601054358c0 con 0x56010543b800
2019-03-02 18:53:23.860675 7fe359f02700 5 mon.storage01roc@3(electing) e14 waitlisting message auth(proto 0 38 bytes epoch 14) v1
2019-03-02 18:53:23.860683 7fe359f02700 1 -- 192.168.253.203:6789/0 <== client.8939320 192.168.253.37:0/2175704180 1 ==== auth(proto 0 38 bytes epoch 14) v1 ==== 68+0+0 (701291500 0 0) 0x560105795680 con 0x56010593e000
2019-03-02 18:53:23.860690 7fe359f02700 5 mon.storage01roc@3(electing) e14 waitlisting message auth(proto 0 38 bytes epoch 14) v1
2019-03-02 18:53:24.153794 7fe356efc700 1 -- 192.168.253.203:6789/0 >> 192.168.253.164:6806/342760 conn(0x56010545d000 :6789 s=STATE_OPEN pgs=353413 cs=1 l=1).read_bulk peer close file descriptor 52
2019-03-02 18:53:24.153812 7fe356efc700 1 -- 192.168.253.203:6789/0 >> 192.168.253.164:6806/342760 conn(0x56010545d000 :6789 s=STATE_OPEN pgs=353413 cs=1 l=1).read_until read failed
2019-03-02 18:53:24.153818 7fe356efc700 1 -- 192.168.253.203:6789/0 >> 192.168.253.164:6806/342760 conn(0x56010545d000 :6789 s=STATE_OPEN pgs=353413 cs=1 l=1).process read tag failed
2019-03-02 18:53:24.153824 7fe356efc700 1 -- 192.168.253.203:6789/0 >> 192.168.253.164:6806/342760 conn(0x56010545d000 :6789 s=STATE_OPEN pgs=353413 cs=1 l=1).fault on lossy channel, failing
2019-03-02 18:53:24.153827 7fe356efc700 2 -- 192.168.253.203:6789/0 >> 192.168.253.164:6806/342760 conn(0x56010545d000 :6789 s=STATE_OPEN pgs=353413 cs=1 l=1)._stop
2019-03-02 18:53:24.153837 7fe356efc700 1 -- 192.168.253.203:6789/0 reap_dead start
2019-03-02 18:53:24.153839 7fe356efc700 5 -- 192.168.253.203:6789/0 reap_dead delete 0x56010545b800
2019-03-02 18:53:24.153844 7fe356efc700 5 -- 192.168.253.203:6789/0 reap_dead delete 0x56010545d000
2019-03-02 18:53:24.153846 7fe356efc700 5 -- 192.168.253.203:6789/0 reap_dead delete 0x56010548c000
2019-03-02 18:53:24.153852 7fe356efc700 5 -- 192.168.253.203:6789/0 reap_dead delete 0x56010549d800
2019-03-02 18:53:24.153856 7fe356efc700 5 -- 192.168.253.203:6789/0 reap_dead delete 0x5601054b3000
2019-03-02 18:53:24.191773 7fe356efc700 1 -- 192.168.253.203:6789/0 >> 192.168.253.163:6789/0 conn(0x560105672800 :-1 s=STATE_CONNECTING_RE pgs=0 cs=0 l=0)._process_connection reconnect failed
2019-03-02 18:53:24.191775 7fe3576fd700 1 -- 192.168.253.203:6789/0 >> 192.168.253.164:6789/0 conn(0x560105674000 :-1 s=STATE_CONNECTING_RE pgs=0 cs=0 l=0)._process_connection reconnect failed
2019-03-02 18:53:24.191787 7fe356efc700 2 -- 192.168.253.203:6789/0 >> 192.168.253.163:6789/0 conn(0x560105672800 :-1 s=STATE_CONNECTING_RE pgs=0 cs=0 l=0)._process_connection connection refused!
2019-03-02 18:53:24.191791 7fe3576fd700 2 -- 192.168.253.203:6789/0 >> 192.168.253.164:6789/0 conn(0x560105674000 :-1 s=STATE_CONNECTING_RE pgs=0 cs=0 l=0)._process_connection connection refused!
2019-03-02 18:53:24.192771 7fe35d709700 1 -- 192.168.253.203:6789/0 >> 192.168.253.165:6789/0 conn(0x560105675800 :-1 s=STATE_CONNECTING_RE pgs=0 cs=0 l=0)._process_connection reconnect failed
2019-03-02 18:53:24.192783 7fe35d709700 2 -- 192.168.253.203:6789/0 >> 192.168.253.165:6789/0 conn(0x560105675800 :-1 s=STATE_CONNECTING_RE pgs=0 cs=0 l=0)._process_connection connection refused!
2019-03-02 18:53:24.281656 7fe356efc700 1 -- 192.168.253.203:6789/0 >> 192.168.253.46:0/2878661900 conn(0x56010578c800 :6789 s=STATE_OPEN pgs=28 cs=1 l=1).read_bulk peer close file descriptor 64
2019-03-02 18:53:24.281668 7fe356efc700 1 -- 192.168.253.203:6789/0 >> 192.168.253.46:0/2878661900 conn(0x56010578c800 :6789 s=STATE_OPEN pgs=28 cs=1 l=1).read_until read failed
2019-03-02 18:53:24.281672 7fe356efc700 1 -- 192.168.253.203:6789/0 >> 192.168.253.46:0/2878661900 conn(0x56010578c800 :6789 s=STATE_OPEN pgs=28 cs=1 l=1).process read tag failed
2019-03-02 18:53:24.281686 7fe356efc700 1 -- 192.168.253.203:6789/0 >> 192.168.253.46:0/2878661900 conn(0x56010578c800 :6789 s=STATE_OPEN pgs=28 cs=1 l=1).fault on lossy channel, failing
2019-03-02 18:53:24.281690 7fe356efc700 2 -- 192.168.253.203:6789/0 >> 192.168.253.46:0/2878661900 conn(0x56010578c800 :6789 s=STATE_OPEN pgs=28 cs=1 l=1)._stop
2019-03-02 18:53:24.298590 7fe35d709700 1 -- 192.168.253.203:6789/0 >> 192.168.253.39:0/1520712163 conn(0x5601054b0000 :6789 s=STATE_OPEN pgs=2872 cs=1 l=1).read_bulk peer close file descriptor 13
2019-03-02 18:53:24.298603 7fe35d709700 1 -- 192.168.253.203:6789/0 >> 192.168.253.39:0/1520712163 conn(0x5601054b0000 :6789 s=STATE_OPEN pgs=2872 cs=1 l=1).read_until read failed
2019-03-02 18:53:24.298607 7fe35d709700 1 -- 192.168.253.203:6789/0 >> 192.168.253.39:0/1520712163 conn(0x5601054b0000 :6789 s=STATE_OPEN pgs=2872 cs=1 l=1).process read tag failed
2019-03-02 18:53:24.298610 7fe35d709700 1 -- 192.168.253.203:6789/0 >> 192.168.253.39:0/1520712163 conn(0x5601054b0000 :6789 s=STATE_OPEN pgs=2872 cs=1 l=1).fault on lossy channel, failing
2019-03-02 18:53:24.298613 7fe35d709700 2 -- 192.168.253.203:6789/0 >> 192.168.253.39:0/1520712163 conn(0x5601054b0000 :6789 s=STATE_OPEN pgs=2872 cs=1 l=1)._stop
2019-03-02 18:53:24.299896 7fe3576fd700 1 -- 192.168.253.203:6789/0 >> 192.168.253.39:0/282811283 conn(0x5601056f7000 :6789 s=STATE_OPEN pgs=2894 cs=1 l=1).read_bulk peer close file descriptor 56
2019-03-02 18:53:24.299908 7fe3576fd700 1 -- 192.168.253.203:6789/0 >> 192.168.253.39:0/282811283 conn(0x5601056f7000 :6789 s=STATE_OPEN pgs=2894 cs=1 l=1).read_until read failed
2019-03-02 18:53:24.299912 7fe3576fd700 1 -- 192.168.253.203:6789/0 >> 192.168.253.39:0/282811283 conn(0x5601056f7000 :6789 s=STATE_OPEN pgs=2894 cs=1 l=1).process read tag failed
2019-03-02 18:53:24.299916 7fe3576fd700 1 -- 192.168.253.203:6789/0 >> 192.168.253.39:0/282811283 conn(0x5601056f7000 :6789 s=STATE_OPEN pgs=2894 cs=1 l=1).fault on lossy channel, failing
2019-03-02 18:53:24.299919 7fe3576fd700 2 -- 192.168.253.203:6789/0 >> 192.168.253.39:0/282811283 conn(0x5601056f7000 :6789 s=STATE_OPEN pgs=2894 cs=1 l=1)._stop
2019-03-02 18:53:24.557504 7fe356efc700 1 -- 192.168.253.203:6789/0 >> - conn(0x56010548c000 :6789 s=STATE_ACCEPTING pgs=0 cs=0 l=0)._process_connection sd=13 -
2019-03-02 18:53:24.557696 7fe356efc700 2 -- 192.168.253.203:6789/0 >> 192.168.253.52:0/3887599110 conn(0x56010548c000 :6789 s=STATE_ACCEPTING_WAIT_SEQ pgs=1 cs=1 l=1).handle_connect_msg accept write reply msg done
2019-03-02 18:53:24.557765 7fe356efc700 2 -- 192.168.253.203:6789/0 >> 192.168.253.52:0/3887599110 conn(0x56010548c000 :6789 s=STATE_ACCEPTING_WAIT_SEQ pgs=1 cs=1 l=1)._process_connection accept get newly_acked_seq 0
2019-03-02 18:53:24.557881 7fe356efc700 5 -- 192.168.253.203:6789/0 >> 192.168.253.52:0/3887599110 conn(0x56010548c000 :6789 s=STATE_OPEN_MESSAGE_READ_FOOTER_AND_DISPATCH pgs=1 cs=1 l=1). rx client.? seq 1 0x5601057946c0 auth(proto 0 34 bytes epoch 0) v1
2019-03-02 18:53:24.557899 7fe359f02700 1 -- 192.168.253.203:6789/0 <== client.? 192.168.253.52:0/3887599110 1 ==== auth(proto 0 34 bytes epoch 0) v1 ==== 64+0+0 (3805625626 0 0) 0x5601057946c0 con 0x56010548c000
2019-03-02 18:53:24.557916 7fe359f02700 5 mon.storage01roc@3(electing) e14 waitlisting message auth(proto 0 34 bytes epoch 0) v1
2019-03-02 18:53:24.685869 7fe35d709700 1 -- 192.168.253.203:6789/0 >> 192.168.253.163:6812/345669 conn(0x56010545e800 :6789 s=STATE_OPEN pgs=504598 cs=1 l=1).read_bulk peer close file descriptor 53
2019-03-02 18:53:24.685883 7fe35d709700 1 -- 192.168.253.203:6789/0 >> 192.168.253.163:6812/345669 conn(0x56010545e800 :6789 s=STATE_OPEN pgs=504598 cs=1 l=1).read_until read failed
2019-03-02 18:53:24.685886 7fe35d709700 1 -- 192.168.253.203:6789/0 >> 192.168.253.163:6812/345669 conn(0x56010545e800 :6789 s=STATE_OPEN pgs=504598 cs=1 l=1).process read tag failed
2019-03-02 18:53:24.685890 7fe35d709700 1 -- 192.168.253.203:6789/0 >> 192.168.253.163:6812/345669 conn(0x56010545e800 :6789 s=STATE_OPEN pgs=504598 cs=1 l=1).fault on lossy channel, failing
2019-03-02 18:53:24.685893 7fe35d709700 2 -- 192.168.253.203:6789/0 >> 192.168.253.163:6812/345669 conn(0x56010545e800 :6789 s=STATE_OPEN pgs=504598 cs=1 l=1)._stop
2019-03-02 18:53:25.253219 7fe35d709700 1 -- 192.168.253.203:6789/0 >> - conn(0x56010545b800 :6789 s=STATE_ACCEPTING pgs=0 cs=0 l=0)._process_connection sd=52 -
2019-03-02 18:53:25.253831 7fe35d709700 2 -- 192.168.253.203:6789/0 >> 192.168.253.164:6810/343964 conn(0x56010545b800 :6789 s=STATE_ACCEPTING_WAIT_SEQ pgs=330841 cs=1 l=1).handle_connect_msg accept write reply msg done
2019-03-02 18:53:25.254298 7fe35d709700 2 -- 192.168.253.203:6789/0 >> 192.168.253.164:6810/343964 conn(0x56010545b800 :6789 s=STATE_ACCEPTING_WAIT_SEQ pgs=330841 cs=1 l=1)._process_connection accept get newly_acked_seq 0
2019-03-02 18:53:25.254349 7fe35d709700 5 -- 192.168.253.203:6789/0 >> 192.168.253.164:6810/343964 conn(0x56010545b800 :6789 s=STATE_OPEN_MESSAGE_READ_FOOTER_AND_DISPATCH pgs=330841 cs=1 l=1). rx osd.19 seq 1 0x560105493200 auth(proto 0 27 bytes epoch 14) v1
2019-03-02 18:53:25.254367 7fe359f02700 1 -- 192.168.253.203:6789/0 <== osd.19 192.168.253.164:6810/343964 1 ==== auth(proto 0 27 bytes epoch 14) v1 ==== 57+0+0 (4213901812 0 0) 0x560105493200 con 0x56010545b800
2019-03-02 18:53:25.254384 7fe359f02700 5 mon.storage01roc@3(electing) e14 waitlisting message auth(proto 0 27 bytes epoch 14) v1
2019-03-02 18:53:25.293984 7fe356efc700 1 -- 192.168.253.203:6789/0 >> 192.168.253.50:0/3448699030 conn(0x5601054b4800 :6789 s=STATE_OPEN pgs=18718 cs=1 l=1).read_bulk peer close file descriptor 30
2019-03-02 18:53:25.293997 7fe356efc700 1 -- 192.168.253.203:6789/0 >> 192.168.253.50:0/3448699030 conn(0x5601054b4800 :6789 s=STATE_OPEN pgs=18718 cs=1 l=1).read_until read failed
2019-03-02 18:53:25.294001 7fe356efc700 1 -- 192.168.253.203:6789/0 >> 192.168.253.50:0/3448699030 conn(0x5601054b4800 :6789 s=STATE_OPEN pgs=18718 cs=1 l=1).process read tag failed
2019-03-02 18:53:25.294004 7fe356efc700 1 -- 192.168.253.203:6789/0 >> 192.168.253.50:0/3448699030 conn(0x5601054b4800 :6789 s=STATE_OPEN pgs=18718 cs=1 l=1).fault on lossy channel, failing
2019-03-02 18:53:25.294008 7fe356efc700 2 -- 192.168.253.203:6789/0 >> 192.168.253.50:0/3448699030 conn(0x5601054b4800 :6789 s=STATE_OPEN pgs=18718 cs=1 l=1)._stop
2019-03-02 18:53:25.294017 7fe356efc700 1 -- 192.168.253.203:6789/0 reap_dead start
2019-03-02 18:53:25.294019 7fe356efc700 5 -- 192.168.253.203:6789/0 reap_dead delete 0x56010545e800
2019-03-02 18:53:25.294033 7fe356efc700 5 -- 192.168.253.203:6789/0 reap_dead delete 0x5601054b0000
2019-03-02 18:53:25.294037 7fe356efc700 5 -- 192.168.253.203:6789/0 reap_dead delete 0x5601054b4800
2019-03-02 18:53:25.294040 7fe356efc700 5 -- 192.168.253.203:6789/0 reap_dead delete 0x5601056f7000
2019-03-02 18:53:25.294043 7fe356efc700 5 -- 192.168.253.203:6789/0 reap_dead delete 0x56010578c800
2019-03-02 18:53:25.397219 7fe3576fd700 1 -- 192.168.253.203:6789/0 >> 192.168.253.46:0/2587405440 conn(0x560105759800 :6789 s=STATE_OPEN pgs=6880 cs=1 l=1).read_bulk peer close file descriptor 59
2019-03-02 18:53:25.397232 7fe3576fd700 1 -- 192.168.253.203:6789/0 >> 192.168.253.46:0/2587405440 conn(0x560105759800 :6789 s=STATE_OPEN pgs=6880 cs=1 l=1).read_until read failed
2019-03-02 18:53:25.397236 7fe3576fd700 1 -- 192.168.253.203:6789/0 >> 192.168.253.46:0/2587405440 conn(0x560105759800 :6789 s=STATE_OPEN pgs=6880 cs=1 l=1).process read tag failed
2019-03-02 18:53:25.397240 7fe3576fd700 1 -- 192.168.253.203:6789/0 >> 192.168.253.46:0/2587405440 conn(0x560105759800 :6789 s=STATE_OPEN pgs=6880 cs=1 l=1).fault on lossy channel, failing
2019-03-02 18:53:25.397243 7fe3576fd700 2 -- 192.168.253.203:6789/0 >> 192.168.253.46:0/2587405440 conn(0x560105759800 :6789 s=STATE_OPEN pgs=6880 cs=1 l=1)._stop
2019-03-02 18:53:25.452621 7fe356efc700 1 -- 192.168.253.203:6789/0 >> - conn(0x56010593f800 :6789 s=STATE_ACCEPTING pgs=0 cs=0 l=0)._process_connection sd=30 -
2019-03-02 18:53:25.452801 7fe356efc700 2 -- 192.168.253.203:6789/0 >> 192.168.253.205:6804/639792 conn(0x56010593f800 :6789 s=STATE_ACCEPTING_WAIT_SEQ pgs=68711 cs=1 l=1).handle_connect_msg accept write reply msg done
2019-03-02 18:53:25.452839 7fe356efc700 2 -- 192.168.253.203:6789/0 >> 192.168.253.205:6804/639792 conn(0x56010593f800 :6789 s=STATE_ACCEPTING_WAIT_SEQ pgs=68711 cs=1 l=1)._process_connection accept get newly_acked_seq 0
2019-03-02 18:53:25.452903 7fe356efc700 5 -- 192.168.253.203:6789/0 >> 192.168.253.205:6804/639792 conn(0x56010593f800 :6789 s=STATE_OPEN_MESSAGE_READ_FOOTER_AND_DISPATCH pgs=68711 cs=1 l=1). rx osd.2 seq 1 0x560105794900 auth(proto 0 26 bytes epoch 14) v1
2019-03-02 18:53:25.452923 7fe359f02700 1 -- 192.168.253.203:6789/0 <== osd.2 192.168.253.205:6804/639792 1 ==== auth(proto 0 26 bytes epoch 14) v1 ==== 56+0+0 (3612044724 0 0) 0x560105794900 con 0x56010593f800
2019-03-02 18:53:25.452942 7fe359f02700 5 mon.storage01roc@3(electing) e14 waitlisting message auth(proto 0 26 bytes epoch 14) v1
2019-03-02 18:53:25.624523 7fe356efc700 1 -- 192.168.253.203:6789/0 >> 192.168.253.46:0/836723901 conn(0x5601056f5800 :6789 s=STATE_OPEN pgs=49224 cs=1 l=1).read_bulk peer close file descriptor 55
2019-03-02 18:53:25.624536 7fe356efc700 1 -- 192.168.253.203:6789/0 >> 192.168.253.46:0/836723901 conn(0x5601056f5800 :6789 s=STATE_OPEN pgs=49224 cs=1 l=1).read_until read failed
2019-03-02 18:53:25.624541 7fe356efc700 1 -- 192.168.253.203:6789/0 >> 192.168.253.46:0/836723901 conn(0x5601056f5800 :6789 s=STATE_OPEN pgs=49224 cs=1 l=1).process read tag failed
2019-03-02 18:53:25.624544 7fe356efc700 1 -- 192.168.253.203:6789/0 >> 192.168.253.46:0/836723901 conn(0x5601056f5800 :6789 s=STATE_OPEN pgs=49224 cs=1 l=1).fault on lossy channel, failing
2019-03-02 18:53:25.624547 7fe356efc700 2 -- 192.168.253.203:6789/0 >> 192.168.253.46:0/836723901 conn(0x5601056f5800 :6789 s=STATE_OPEN pgs=49224 cs=1 l=1)._stop
2019-03-02 18:53:25.636883 7fe356efc700 1 -- 192.168.253.203:6789/0 >> - conn(0x560105941000 :6789 s=STATE_ACCEPTING pgs=0 cs=0 l=0)._process_connection sd=53 -
2019-03-02 18:53:25.637444 7fe356efc700 2 -- 192.168.253.203:6789/0 >> 192.168.253.165:6816/711134 conn(0x560105941000 :6789 s=STATE_ACCEPTING_WAIT_SEQ pgs=245753 cs=1 l=1).handle_connect_msg accept write reply msg done
2019-03-02 18:53:25.637900 7fe356efc700 2 -- 192.168.253.203:6789/0 >> 192.168.253.165:6816/711134 conn(0x560105941000 :6789 s=STATE_ACCEPTING_WAIT_SEQ pgs=245753 cs=1 l=1)._process_connection accept get newly_acked_seq 0
2019-03-02 18:53:25.637927 7fe356efc700 5 -- 192.168.253.203:6789/0 >> 192.168.253.165:6816/711134 conn(0x560105941000 :6789 s=STATE_OPEN_MESSAGE_READ_FOOTER_AND_DISPATCH pgs=245753 cs=1 l=1). rx osd.50 seq 1 0x560105794b40 auth(proto 0 27 bytes epoch 14) v1
2019-03-02 18:53:25.637941 7fe359f02700 1 -- 192.168.253.203:6789/0 <== osd.50 192.168.253.165:6816/711134 1 ==== auth(proto 0 27 bytes epoch 14) v1 ==== 57+0+0 (3528568399 0 0) 0x560105794b40 con 0x560105941000
2019-03-02 18:53:25.637958 7fe359f02700 5 mon.storage01roc@3(electing) e14 waitlisting message auth(proto 0 27 bytes epoch 14) v1
2019-03-02 18:53:25.761886 7fe356efc700 1 -- 192.168.253.203:6789/0 >> 192.168.253.165:6802/708867 conn(0x56010549c000 :6789 s=STATE_OPEN pgs=356684 cs=1 l=1).read_bulk peer close file descriptor 12
2019-03-02 18:53:25.761899 7fe356efc700 1 -- 192.168.253.203:6789/0 >> 192.168.253.165:6802/708867 conn(0x56010549c000 :6789 s=STATE_OPEN pgs=356684 cs=1 l=1).read_until read failed
2019-03-02 18:53:25.761903 7fe356efc700 1 -- 192.168.253.203:6789/0 >> 192.168.253.165:6802/708867 conn(0x56010549c000 :6789 s=STATE_OPEN pgs=356684 cs=1 l=1).process read tag failed
2019-03-02 18:53:25.761907 7fe356efc700 1 -- 192.168.253.203:6789/0 >> 192.168.253.165:6802/708867 conn(0x56010549c000 :6789 s=STATE_OPEN pgs=356684 cs=1 l=1).fault on lossy channel, failing
2019-03-02 18:53:25.761910 7fe356efc700 2 -- 192.168.253.203:6789/0 >> 192.168.253.165:6802/708867 conn(0x56010549c000 :6789 s=STATE_OPEN pgs=356684 cs=1 l=1)._stop
2019-03-02 18:53:25.762407 7fe356efc700 1 -- 192.168.253.203:6789/0 >> - conn(0x560105942800 :6789 s=STATE_ACCEPTING pgs=0 cs=0 l=0)._process_connection sd=12 -
2019-03-02 18:53:25.762941 7fe356efc700 2 -- 192.168.253.203:6789/0 >> 192.168.253.165:6802/708867 conn(0x560105942800 :6789 s=STATE_ACCEPTING_WAIT_SEQ pgs=356689 cs=1 l=1).handle_connect_msg accept write reply msg done
2019-03-02 18:53:25.763392 7fe356efc700 2 -- 192.168.253.203:6789/0 >> 192.168.253.165:6802/708867 conn(0x560105942800 :6789 s=STATE_ACCEPTING_WAIT_SEQ pgs=356689 cs=1 l=1)._process_connection accept get newly_acked_seq 0
2019-03-02 18:53:25.763427 7fe356efc700 5 -- 192.168.253.203:6789/0 >> 192.168.253.165:6802/708867 conn(0x560105942800 :6789 s=STATE_OPEN_MESSAGE_READ_FOOTER_AND_DISPATCH pgs=356689 cs=1 l=1). rx osd.9 seq 1 0x560105958000 auth(proto 0 26 bytes epoch 14) v1
2019-03-02 18:53:25.763441 7fe359f02700 1 -- 192.168.253.203:6789/0 <== osd.9 192.168.253.165:6802/708867 1 ==== auth(proto 0 26 bytes epoch 14) v1 ==== 56+0+0 (32594381 0 0) 0x560105958000 con 0x560105942800
2019-03-02 18:53:25.763458 7fe359f02700 5 mon.storage01roc@3(electing) e14 waitlisting message auth(proto 0 26 bytes epoch 14) v1
2019-03-02 18:53:25.775208 7fe356efc700 1 -- 192.168.253.203:6789/0 >> 192.168.253.203:6802/506915 conn(0x560105638000 :6789 s=STATE_OPEN pgs=135784 cs=1 l=1).read_bulk peer close file descriptor 46
2019-03-02 18:53:25.775219 7fe356efc700 1 -- 192.168.253.203:6789/0 >> 192.168.253.203:6802/506915 conn(0x560105638000 :6789 s=STATE_OPEN pgs=135784 cs=1 l=1).read_until read failed
2019-03-02 18:53:25.775223 7fe356efc700 1 -- 192.168.253.203:6789/0 >> 192.168.253.203:6802/506915 conn(0x560105638000 :6789 s=STATE_OPEN pgs=135784 cs=1 l=1).process read tag failed
2019-03-02 18:53:25.775226 7fe356efc700 1 -- 192.168.253.203:6789/0 >> 192.168.253.203:6802/506915 conn(0x560105638000 :6789 s=STATE_OPEN pgs=135784 cs=1 l=1).fault on lossy channel, failing
2019-03-02 18:53:25.775235 7fe356efc700 2 -- 192.168.253.203:6789/0 >> 192.168.253.203:6802/506915 conn(0x560105638000 :6789 s=STATE_OPEN pgs=135784 cs=1 l=1)._stop
2019-03-02 18:53:25.775308 7fe356efc700 1 -- 192.168.253.203:6789/0 >> - conn(0x56010595c000 :6789 s=STATE_ACCEPTING pgs=0 cs=0 l=0)._process_connection sd=46 -
2019-03-02 18:53:25.775369 7fe356efc700 2 -- 192.168.253.203:6789/0 >> 192.168.253.203:6802/506915 conn(0x56010595c000 :6789 s=STATE_ACCEPTING_WAIT_SEQ pgs=135785 cs=1 l=1).handle_connect_msg accept write reply msg done
2019-03-02 18:53:25.775378 7fe356efc700 2 -- 192.168.253.203:6789/0 >> 192.168.253.203:6802/506915 conn(0x56010595c000 :6789 s=STATE_ACCEPTING_WAIT_SEQ pgs=135785 cs=1 l=1)._process_connection accept get newly_acked_seq 0
2019-03-02 18:53:25.775413 7fe356efc700 5 -- 192.168.253.203:6789/0 >> 192.168.253.203:6802/506915 conn(0x56010595c000 :6789 s=STATE_OPEN_MESSAGE_READ_FOOTER_AND_DISPATCH pgs=135785 cs=1 l=1). rx osd.35 seq 1 0x560105958240 auth(proto 0 27 bytes epoch 14) v1
2019-03-02 18:53:25.775431 7fe359f02700 1 -- 192.168.253.203:6789/0 <== osd.35 192.168.253.203:6802/506915 1 ==== auth(proto 0 27 bytes epoch 14) v1 ==== 57+0+0 (3015307366 0 0) 0x560105958240 con 0x56010595c000
2019-03-02 18:53:25.775453 7fe359f02700 5 mon.storage01roc@3(electing) e14 waitlisting message auth(proto 0 27 bytes epoch 14) v1
2019-03-02 18:53:25.827202 7fe356efc700 1 -- 192.168.253.203:6789/0 >> 192.168.253.32:0/3724611330 conn(0x56010549f000 :6789 s=STATE_OPEN pgs=2902 cs=1 l=1).read_bulk peer close file descriptor 9
2019-03-02 18:53:25.827216 7fe356efc700 1 -- 192.168.253.203:6789/0 >> 192.168.253.32:0/3724611330 conn(0x56010549f000 :6789 s=STATE_OPEN pgs=2902 cs=1 l=1).read_until read failed
2019-03-02 18:53:25.827219 7fe356efc700 1 -- 192.168.253.203:6789/0 >> 192.168.253.32:0/3724611330 conn(0x56010549f000 :6789 s=STATE_OPEN pgs=2902 cs=1 l=1).process read tag failed
2019-03-02 18:53:25.827223 7fe356efc700 1 -- 192.168.253.203:6789/0 >> 192.168.253.32:0/3724611330 conn(0x56010549f000 :6789 s=STATE_OPEN pgs=2902 cs=1 l=1).fault on lossy channel, failing
2019-03-02 18:53:25.827226 7fe356efc700 2 -- 192.168.253.203:6789/0 >> 192.168.253.32:0/3724611330 conn(0x56010549f000 :6789 s=STATE_OPEN pgs=2902 cs=1 l=1)._stop
2019-03-02 18:53:25.827256 7fe3576fd700 1 -- 192.168.253.203:6789/0 >> 192.168.253.32:0/360631102 conn(0x5601056f4000 :6789 s=STATE_OPEN pgs=2943 cs=1 l=1).read_bulk peer close file descriptor 54
2019-03-02 18:53:25.827268 7fe3576fd700 1 -- 192.168.253.203:6789/0 >> 192.168.253.32:0/360631102 conn(0x5601056f4000 :6789 s=STATE_OPEN pgs=2943 cs=1 l=1).read_until read failed
2019-03-02 18:53:25.827272 7fe3576fd700 1 -- 192.168.253.203:6789/0 >> 192.168.253.32:0/360631102 conn(0x5601056f4000 :6789 s=STATE_OPEN pgs=2943 cs=1 l=1).process read tag failed
2019-03-02 18:53:25.827283 7fe3576fd700 1 -- 192.168.253.203:6789/0 >> 192.168.253.32:0/360631102 conn(0x5601056f4000 :6789 s=STATE_OPEN pgs=2943 cs=1 l=1).fault on lossy channel, failing
2019-03-02 18:53:25.827286 7fe3576fd700 2 -- 192.168.253.203:6789/0 >> 192.168.253.32:0/360631102 conn(0x5601056f4000 :6789 s=STATE_OPEN pgs=2943 cs=1 l=1)._stop
2019-03-02 18:53:25.827414 7fe3576fd700 1 -- 192.168.253.203:6789/0 >> - conn(0x56010595f000 :6789 s=STATE_ACCEPTING pgs=0 cs=0 l=0)._process_connection sd=54 -
2019-03-02 18:53:25.827422 7fe356efc700 1 -- 192.168.253.203:6789/0 >> - conn(0x56010595d800 :6789 s=STATE_ACCEPTING pgs=0 cs=0 l=0)._process_connection sd=9 -
2019-03-02 18:53:25.827490 7fe3576fd700 1 -- 192.168.253.203:6789/0 >> - conn(0x560105960800 :6789 s=STATE_ACCEPTING pgs=0 cs=0 l=0)._process_connection sd=55 -
2019-03-02 18:53:25.827532 7fe3576fd700 2 -- 192.168.253.203:6789/0 >> 192.168.253.32:0/1251637173 conn(0x56010595f000 :6789 s=STATE_ACCEPTING_WAIT_SEQ pgs=2952 cs=1 l=1).handle_connect_msg accept write reply msg done
2019-03-02 18:53:25.827574 7fe356efc700 2 -- 192.168.253.203:6789/0 >> 192.168.253.32:0/683377982 conn(0x56010595d800 :6789 s=STATE_ACCEPTING_WAIT_SEQ pgs=3075 cs=1 l=1).handle_connect_msg accept write reply msg done
2019-03-02 18:53:25.827624 7fe356efc700 2 -- 192.168.253.203:6789/0 >> 192.168.253.32:0/683377982 conn(0x56010595d800 :6789 s=STATE_ACCEPTING_WAIT_SEQ pgs=3075 cs=1 l=1)._process_connection accept get newly_acked_seq 0
2019-03-02 18:53:25.827625 7fe3576fd700 2 -- 192.168.253.203:6789/0 >> 192.168.253.32:0/419113882 conn(0x560105960800 :6789 s=STATE_ACCEPTING_WAIT_SEQ pgs=3017 cs=1 l=1).handle_connect_msg accept write reply msg done
2019-03-02 18:53:25.827648 7fe3576fd700 2 -- 192.168.253.203:6789/0 >> 192.168.253.32:0/1251637173 conn(0x56010595f000 :6789 s=STATE_ACCEPTING_WAIT_SEQ pgs=2952 cs=1 l=1)._process_connection accept get newly_acked_seq 0
2019-03-02 18:53:25.827666 7fe3576fd700 5 -- 192.168.253.203:6789/0 >> 192.168.253.32:0/1251637173 conn(0x56010595f000 :6789 s=STATE_OPEN_MESSAGE_READ_FOOTER_AND_DISPATCH pgs=2952 cs=1 l=1). rx client.8113023 seq 1 0x560105435b00 auth(proto 0 34 bytes epoch 14) v1
2019-03-02 18:53:25.827680 7fe359f02700 1 -- 192.168.253.203:6789/0 <== client.8113023 192.168.253.32:0/1251637173 1 ==== auth(proto 0 34 bytes epoch 14) v1 ==== 64+0+0 (3011287488 0 0) 0x560105435b00 con 0x56010595f000
2019-03-02 18:53:25.827698 7fe359f02700 5 mon.storage01roc@3(electing) e14 waitlisting message auth(proto 0 34 bytes epoch 14) v1
2019-03-02 18:53:25.827704 7fe3576fd700 2 -- 192.168.253.203:6789/0 >> 192.168.253.32:0/419113882 conn(0x560105960800 :6789 s=STATE_ACCEPTING_WAIT_SEQ pgs=3017 cs=1 l=1)._process_connection accept get newly_acked_seq 0
2019-03-02 18:53:25.827710 7fe356efc700 5 -- 192.168.253.203:6789/0 >> 192.168.253.32:0/683377982 conn(0x56010595d800 :6789 s=STATE_OPEN_MESSAGE_READ_FOOTER_AND_DISPATCH pgs=3075 cs=1 l=1). rx client.8775242 seq 1 0x560105958480 auth(proto 0 34 bytes epoch 14) v1
2019-03-02 18:53:25.827723 7fe359f02700 1 -- 192.168.253.203:6789/0 <== client.8775242 192.168.253.32:0/683377982 1 ==== auth(proto 0 34 bytes epoch 14) v1 ==== 64+0+0 (2551472749 0 0) 0x560105958480 con 0x56010595d800
2019-03-02 18:53:25.827732 7fe359f02700 5 mon.storage01roc@3(electing) e14 waitlisting message auth(proto 0 34 bytes epoch 14) v1
2019-03-02 18:53:25.827747 7fe3576fd700 5 -- 192.168.253.203:6789/0 >> 192.168.253.32:0/419113882 conn(0x560105960800 :6789 s=STATE_OPEN_MESSAGE_READ_FOOTER_AND_DISPATCH pgs=3017 cs=1 l=1). rx client.8665115 seq 1 0x560105435d40 auth(proto 0 34 bytes epoch 14) v1
2019-03-02 18:53:25.827767 7fe359f02700 1 -- 192.168.253.203:6789/0 <== client.8665115 192.168.253.32:0/419113882 1 ==== auth(proto 0 34 bytes epoch 14) v1 ==== 64+0+0 (133202792 0 0) 0x560105435d40 con 0x560105960800
2019-03-02 18:53:25.827775 7fe359f02700 5 mon.storage01roc@3(electing) e14 waitlisting message auth(proto 0 34 bytes epoch 14) v1
2019-03-02 18:53:26.057844 7fe35d709700 1 -- 192.168.253.203:6789/0 >> 192.168.253.205:6816/641907 conn(0x560105639800 :6789 s=STATE_OPEN pgs=86317 cs=1 l=1).read_bulk peer close file descriptor 47
2019-03-02 18:53:26.057856 7fe35d709700 1 -- 192.168.253.203:6789/0 >> 192.168.253.205:6816/641907 conn(0x560105639800 :6789 s=STATE_OPEN pgs=86317 cs=1 l=1).read_until read failed
2019-03-02 18:53:26.057860 7fe35d709700 1 -- 192.168.253.203:6789/0 >> 192.168.253.205:6816/641907 conn(0x560105639800 :6789 s=STATE_OPEN pgs=86317 cs=1 l=1).process read tag failed
2019-03-02 18:53:26.057863 7fe35d709700 1 -- 192.168.253.203:6789/0 >> 192.168.253.205:6816/641907 conn(0x560105639800 :6789 s=STATE_OPEN pgs=86317 cs=1 l=1).fault on lossy channel, failing
2019-03-02 18:53:26.057866 7fe35d709700 2 -- 192.168.253.203:6789/0 >> 192.168.253.205:6816/641907 conn(0x560105639800 :6789 s=STATE_OPEN pgs=86317 cs=1 l=1)._stop
2019-03-02 18:53:26.057887 7fe356efc700 1 -- 192.168.253.203:6789/0 reap_dead start
2019-03-02 18:53:26.057897 7fe356efc700 5 -- 192.168.253.203:6789/0 reap_dead delete 0x56010549f000
2019-03-02 18:53:26.057901 7fe356efc700 5 -- 192.168.253.203:6789/0 reap_dead delete 0x560105639800
2019-03-02 18:53:26.057904 7fe356efc700 5 -- 192.168.253.203:6789/0 reap_dead delete 0x5601056f4000
2019-03-02 18:53:26.057906 7fe356efc700 5 -- 192.168.253.203:6789/0 reap_dead delete 0x5601056f5800
2019-03-02 18:53:26.057908 7fe356efc700 5 -- 192.168.253.203:6789/0 reap_dead delete 0x560105759800
2019-03-02 18:53:26.716146 7fe35d709700 1 -- 192.168.253.203:6789/0 >> - conn(0x560105972000 :6789 s=STATE_ACCEPTING pgs=0 cs=0 l=0)._process_connection sd=47 -
2019-03-02 18:53:26.716279 7fe35d709700 2 -- 192.168.253.203:6789/0 >> 192.168.253.205:6812/640516 conn(0x560105972000 :6789 s=STATE_ACCEPTING_WAIT_SEQ pgs=90617 cs=1 l=1).handle_connect_msg accept write reply msg done
2019-03-02 18:53:26.716312 7fe35d709700 2 -- 192.168.253.203:6789/0 >> 192.168.253.205:6812/640516 conn(0x560105972000 :6789 s=STATE_ACCEPTING_WAIT_SEQ pgs=90617 cs=1 l=1)._process_connection accept get newly_acked_seq 0
2019-03-02 18:53:26.716352 7fe35d709700 5 -- 192.168.253.203:6789/0 >> 192.168.253.205:6812/640516 conn(0x560105972000 :6789 s=STATE_OPEN_MESSAGE_READ_FOOTER_AND_DISPATCH pgs=90617 cs=1 l=1). rx osd.7 seq 1 0x560105492b40 auth(proto 0 26 bytes epoch 14) v1
2019-03-02 18:53:26.716375 7fe359f02700 1 -- 192.168.253.203:6789/0 <== osd.7 192.168.253.205:6812/640516 1 ==== auth(proto 0 26 bytes epoch 14) v1 ==== 56+0+0 (2372153616 0 0) 0x560105492b40 con 0x560105972000
2019-03-02 18:53:26.716396 7fe359f02700 5 mon.storage01roc@3(electing) e14 waitlisting message auth(proto 0 26 bytes epoch 14) v1
2019-03-02 18:53:26.739866 7fe35d709700 1 -- 192.168.253.203:6789/0 >> 192.168.253.31:0/2755183883 conn(0x56010563c800 :6789 s=STATE_OPEN pgs=12 cs=1 l=1).read_bulk peer close file descriptor 29
2019-03-02 18:53:26.739879 7fe35d709700 1 -- 192.168.253.203:6789/0 >> 192.168.253.31:0/2755183883 conn(0x56010563c800 :6789 s=STATE_OPEN pgs=12 cs=1 l=1).read_until read failed
2019-03-02 18:53:26.739883 7fe35d709700 1 -- 192.168.253.203:6789/0 >> 192.168.253.31:0/2755183883 conn(0x56010563c800 :6789 s=STATE_OPEN pgs=12 cs=1 l=1).process read tag failed
2019-03-02 18:53:26.739887 7fe35d709700 1 -- 192.168.253.203:6789/0 >> 192.168.253.31:0/2755183883 conn(0x56010563c800 :6789 s=STATE_OPEN pgs=12 cs=1 l=1).fault on lossy channel, failing
2019-03-02 18:53:26.739890 7fe35d709700 2 -- 192.168.253.203:6789/0 >> 192.168.253.31:0/2755183883 conn(0x56010563c800 :6789 s=STATE_OPEN pgs=12 cs=1 l=1)._stop
2019-03-02 18:53:26.755304 7fe356efc700 1 -- 192.168.253.203:6789/0 >> 192.168.253.165:6812/710509 conn(0x5601056f8800 :6789 s=STATE_OPEN pgs=411209 cs=1 l=1).read_bulk peer close file descriptor 57
2019-03-02 18:53:26.755316 7fe356efc700 1 -- 192.168.253.203:6789/0 >> 192.168.253.165:6812/710509 conn(0x5601056f8800 :6789 s=STATE_OPEN pgs=411209 cs=1 l=1).read_until read failed
2019-03-02 18:53:26.755320 7fe356efc700 1 -- 192.168.253.203:6789/0 >> 192.168.253.165:6812/710509 conn(0x5601056f8800 :6789 s=STATE_OPEN pgs=411209 cs=1 l=1).process read tag failed
2019-03-02 18:53:26.755323 7fe356efc700 1 -- 192.168.253.203:6789/0 >> 192.168.253.165:6812/710509 conn(0x5601056f8800 :6789 s=STATE_OPEN pgs=411209 cs=1 l=1).fault on lossy channel, failing
2019-03-02 18:53:26.755326 7fe356efc700 2 -- 192.168.253.203:6789/0 >> 192.168.253.165:6812/710509 conn(0x5601056f8800 :6789 s=STATE_OPEN pgs=411209 cs=1 l=1)._stop
2019-03-02 18:53:26.832047 7fe35d709700 1 -- 192.168.253.203:6789/0 >> - conn(0x560105973800 :6789 s=STATE_ACCEPTING pgs=0 cs=0 l=0)._process_connection sd=29 -
2019-03-02 18:53:26.832645 7fe35d709700 2 -- 192.168.253.203:6789/0 >> 192.168.253.164:6812/543269 conn(0x560105973800 :6789 s=STATE_ACCEPTING_WAIT_SEQ pgs=454471 cs=1 l=1).handle_connect_msg accept write reply msg done
2019-03-02 18:53:26.833106 7fe35d709700 2 -- 192.168.253.203:6789/0 >> 192.168.253.164:6812/543269 conn(0x560105973800 :6789 s=STATE_ACCEPTING_WAIT_SEQ pgs=454471 cs=1 l=1)._process_connection accept get newly_acked_seq 0
2019-03-02 18:53:26.833135 7fe35d709700 5 -- 192.168.253.203:6789/0 >> 192.168.253.164:6812/543269 conn(0x560105973800 :6789 s=STATE_OPEN_MESSAGE_READ_FOOTER_AND_DISPATCH pgs=454471 cs=1 l=1). rx osd.52 seq 1 0x560105492000 auth(proto 0 27 bytes epoch 14) v1
2019-03-02 18:53:26.833152 7fe359f02700 1 -- 192.168.253.203:6789/0 <== osd.52 192.168.253.164:6812/543269 1 ==== auth(proto 0 27 bytes epoch 14) v1 ==== 57+0+0 (317843293 0 0) 0x560105492000 con 0x560105973800
2019-03-02 18:53:26.833170 7fe359f02700 5 mon.storage01roc@3(electing) e14 waitlisting message auth(proto 0 27 bytes epoch 14) v1
2019-03-02 18:53:26.936709 7fe3576fd700 1 -- 192.168.253.203:6789/0 >> - conn(0x560105975000 :6789 s=STATE_ACCEPTING pgs=0 cs=0 l=0)._process_connection sd=56 -
2019-03-02 18:53:26.936900 7fe3576fd700 2 -- 192.168.253.203:6789/0 >> 192.168.253.205:6818/642558 conn(0x560105975000 :6789 s=STATE_ACCEPTING_WAIT_SEQ pgs=87095 cs=1 l=1).handle_connect_msg accept write reply msg done
2019-03-02 18:53:26.936931 7fe3576fd700 2 -- 192.168.253.203:6789/0 >> 192.168.253.205:6818/642558 conn(0x560105975000 :6789 s=STATE_ACCEPTING_WAIT_SEQ pgs=87095 cs=1 l=1)._process_connection accept get newly_acked_seq 0
2019-03-02 18:53:26.936962 7fe3576fd700 5 -- 192.168.253.203:6789/0 >> 192.168.253.205:6818/642558 conn(0x560105975000 :6789 s=STATE_OPEN_MESSAGE_READ_FOOTER_AND_DISPATCH pgs=87095 cs=1 l=1). rx osd.24 seq 1 0x560105958fc0 auth(proto 0 27 bytes epoch 14) v1
2019-03-02 18:53:26.936977 7fe359f02700 1 -- 192.168.253.203:6789/0 <== osd.24 192.168.253.205:6818/642558 1 ==== auth(proto 0 27 bytes epoch 14) v1 ==== 57+0+0 (3667517188 0 0) 0x560105958fc0 con 0x560105975000
2019-03-02 18:53:26.936994 7fe359f02700 5 mon.storage01roc@3(electing) e14 waitlisting message auth(proto 0 27 bytes epoch 14) v1
2019-03-02 18:53:26.992061 7fe3576fd700 1 -- 192.168.253.203:6789/0 >> 192.168.253.31:0/1087877254 conn(0x5601054b1800 :6789 s=STATE_OPEN pgs=35503 cs=1 l=1).read_bulk peer close file descriptor 28
2019-03-02 18:53:26.992074 7fe3576fd700 1 -- 192.168.253.203:6789/0 >> 192.168.253.31:0/1087877254 conn(0x5601054b1800 :6789 s=STATE_OPEN pgs=35503 cs=1 l=1).read_until read failed
2019-03-02 18:53:26.992078 7fe3576fd700 1 -- 192.168.253.203:6789/0 >> 192.168.253.31:0/1087877254 conn(0x5601054b1800 :6789 s=STATE_OPEN pgs=35503 cs=1 l=1).process read tag failed
2019-03-02 18:53:26.992081 7fe3576fd700 1 -- 192.168.253.203:6789/0 >> 192.168.253.31:0/1087877254 conn(0x5601054b1800 :6789 s=STATE_OPEN pgs=35503 cs=1 l=1).fault on lossy channel, failing
2019-03-02 18:53:26.992091 7fe3576fd700 2 -- 192.168.253.203:6789/0 >> 192.168.253.31:0/1087877254 conn(0x5601054b1800 :6789 s=STATE_OPEN pgs=35503 cs=1 l=1)._stop
2019-03-02 18:53:27.142660 7fe35c707700 5 mon.storage01roc@3(electing).elector(58461) election timer expired
2019-03-02 18:53:27.142900 7fe35c707700 1 -- 192.168.253.203:6789/0 _send_message--> mon.4 192.168.253.204:6789/0 -- election(484eca8f-c17b-41fd-83eb-314052ccd8ea victory 58462) v7 -- ?+0 0x560105908f00
2019-03-02 18:53:27.142919 7fe35c707700 1 -- 192.168.253.203:6789/0 --> 192.168.253.204:6789/0 -- election(484eca8f-c17b-41fd-83eb-314052ccd8ea victory 58462) v7 -- 0x560105908f00 con 0
2019-03-02 18:53:27.142940 7fe35c707700 1 -- 192.168.253.203:6789/0 _send_message--> mon.5 192.168.253.205:6789/0 -- election(484eca8f-c17b-41fd-83eb-314052ccd8ea victory 58462) v7 -- ?+0 0x560105909200
2019-03-02 18:53:27.142946 7fe35c707700 1 -- 192.168.253.203:6789/0 --> 192.168.253.205:6789/0 -- election(484eca8f-c17b-41fd-83eb-314052ccd8ea victory 58462) v7 -- 0x560105909200 con 0
2019-03-02 18:53:27.142987 7fe35c707700 1 -- 192.168.253.203:6789/0 _send_message--> mon.6 192.168.253.242:6789/0 -- election(484eca8f-c17b-41fd-83eb-314052ccd8ea victory 58462) v7 -- ?+0 0x560105909500
2019-03-02 18:53:27.143002 7fe35c707700 1 -- 192.168.253.203:6789/0 --> 192.168.253.242:6789/0 -- election(484eca8f-c17b-41fd-83eb-314052ccd8ea victory 58462) v7 -- 0x560105909500 con 0
2019-03-02 18:53:27.143051 7fe35c707700 0 log_channel(cluster) log [INF] : mon.storage01roc is new leader, mons storage01roc,storage02roc,storage03roc,cephmon in quorum (ranks 3,4,5,6)
2019-03-02 18:53:27.143066 7fe35c707700 1 -- 192.168.253.203:6789/0 --> 192.168.253.203:6789/0 -- log(1 entries from seq 3 at
2019-03-02 18:53:27.143055) v1 -- 0x560105992000 con 0
2019-03-02 18:53:27.143107 7fe359f02700 1 -- 192.168.253.203:6789/0 <== mon.3 192.168.253.203:6789/0 0 ==== log(1 entries from seq 3 at
2019-03-02 18:53:27.143055) v1 ==== 0+0+0 (0 0 0) 0x560105992000 con 0x5601053ea000
2019-03-02 18:53:27.143292 7fe35c707700 1 -- 192.168.253.203:6789/0 _send_message--> mon.4 192.168.253.204:6789/0 -- paxos(collect lc 13804982 fc 13804454 pn 935303 opn 0) v4 -- ?+0 0x560105909800
2019-03-02 18:53:27.143304 7fe35c707700 1 -- 192.168.253.203:6789/0 --> 192.168.253.204:6789/0 -- paxos(collect lc 13804982 fc 13804454 pn 935303 opn 0) v4 -- 0x560105909800 con 0
2019-03-02 18:53:27.143314 7fe35c707700 1 -- 192.168.253.203:6789/0 _send_message--> mon.5 192.168.253.205:6789/0 -- paxos(collect lc 13804982 fc 13804454 pn 935303 opn 0) v4 -- ?+0 0x560105909b00
2019-03-02 18:53:27.143319 7fe35c707700 1 -- 192.168.253.203:6789/0 --> 192.168.253.205:6789/0 -- paxos(collect lc 13804982 fc 13804454 pn 935303 opn 0) v4 -- 0x560105909b00 con 0
2019-03-02 18:53:27.143325 7fe35c707700 1 -- 192.168.253.203:6789/0 _send_message--> mon.6 192.168.253.242:6789/0 -- paxos(collect lc 13804982 fc 13804454 pn 935303 opn 0) v4 -- ?+0 0x56010598e000
2019-03-02 18:53:27.143329 7fe35c707700 1 -- 192.168.253.203:6789/0 --> 192.168.253.242:6789/0 -- paxos(collect lc 13804982 fc 13804454 pn 935303 opn 0) v4 -- 0x56010598e000 con 0
2019-03-02 18:53:27.143411 7fe35c707700 5 mon.storage01roc@3(leader) e14 apply_quorum_to_compatset_features
2019-03-02 18:53:27.143421 7fe35c707700 5 mon.storage01roc@3(leader) e14 apply_monmap_to_compatset_features
2019-03-02 18:53:27.143486 7fe35c707700 1 -- 192.168.253.203:6789/0 _send_message--> mon.4 192.168.253.204:6789/0 -- time_check( ping e 58462 r 1 ) v1 -- ?+0 0x560105795440
2019-03-02 18:53:27.143494 7fe35c707700 1 -- 192.168.253.203:6789/0 --> 192.168.253.204:6789/0 -- time_check( ping e 58462 r 1 ) v1 -- 0x560105795440 con 0
2019-03-02 18:53:27.143502 7fe35c707700 1 -- 192.168.253.203:6789/0 _send_message--> mon.5 192.168.253.205:6789/0 -- time_check( ping e 58462 r 1 ) v1 -- ?+0 0x560105959d40
2019-03-02 18:53:27.143512 7fe35c707700 1 -- 192.168.253.203:6789/0 --> 192.168.253.205:6789/0 -- time_check( ping e 58462 r 1 ) v1 -- 0x560105959d40 con 0
2019-03-02 18:53:27.143520 7fe35c707700 1 -- 192.168.253.203:6789/0 _send_message--> mon.6 192.168.253.242:6789/0 -- time_check( ping e 58462 r 1 ) v1 -- ?+0 0x560105992480
2019-03-02 18:53:27.143524 7fe35c707700 1 -- 192.168.253.203:6789/0 --> 192.168.253.242:6789/0 -- time_check( ping e 58462 r 1 ) v1 -- 0x560105992480 con 0
2019-03-02 18:53:27.143610 7fe3576fd700 5 -- 192.168.253.203:6789/0 >> 192.168.253.205:6789/0 conn(0x560105678800 :-1 s=STATE_OPEN_MESSAGE_READ_FOOTER_AND_DISPATCH pgs=7287 cs=1 l=0). rx mon.5 seq 1798943793 0x5601058a7180 forward(log(1 entries from seq 249 at
2019-03-02 18:53:00.285700) v1 caps allow * tid 3934 con_features 2305244844532236283) v3
2019-03-02 18:53:27.143638 7fe359f02700 1 -- 192.168.253.203:6789/0 <== mon.5 192.168.253.205:6789/0 1798943793 ==== forward(log(1 entries from seq 249 at
2019-03-02 18:53:00.285700) v1 caps allow * tid 3934 con_features 2305244844532236283) v3 ==== 451+0+0 (2345767367 0 0) 0x5601058a7180 con 0x560105678800
2019-03-02 18:53:27.143688 7fe3576fd700 5 -- 192.168.253.203:6789/0 >> 192.168.253.205:6789/0 conn(0x560105678800 :-1 s=STATE_OPEN_MESSAGE_READ_FOOTER_AND_DISPATCH pgs=7287 cs=1 l=0). rx mon.5 seq 1798943794 0x56010599c000 forward(log(1 entries from seq 250 at
2019-03-02 18:53:00.286175) v1 caps allow * tid 3935 con_features 2305244844532236283) v3
2019-03-02 18:53:27.143715 7fe359f02700 1 -- 192.168.253.203:6789/0 <== mon.5 192.168.253.205:6789/0 1798943794 ==== forward(log(1 entries from seq 250 at
2019-03-02 18:53:00.286175) v1 caps allow * tid 3935 con_features 2305244844532236283) v3 ==== 521+0+0 (1805236427 0 0) 0x56010599c000 con 0x560105678800
2019-03-02 18:53:27.144024 7fe356efc700 5 -- 192.168.253.203:6789/0 >> 192.168.253.204:6789/0 conn(0x560105677000 :-1 s=STATE_OPEN_MESSAGE_READ_FOOTER_AND_DISPATCH pgs=9597 cs=1 l=0). rx mon.4 seq 1756793705 0x560105908f00 paxos(last lc 13804982 fc 13804454 pn 935303 opn 0) v4
2019-03-02 18:53:27.144044 7fe359f02700 1 -- 192.168.253.203:6789/0 <== mon.4 192.168.253.204:6789/0 1756793705 ==== paxos(last lc 13804982 fc 13804454 pn 935303 opn 0) v4 ==== 84+0+0 (1918868918 0 0) 0x560105908f00 con 0x560105677000
2019-03-02 18:53:27.144053 7fe356efc700 5 -- 192.168.253.203:6789/0 >> 192.168.253.204:6789/0 conn(0x560105677000 :-1 s=STATE_OPEN_MESSAGE_READ_FOOTER_AND_DISPATCH pgs=9597 cs=1 l=0). rx mon.4 seq 1756793706 0x560105795440 time_check( pong e 58462 r 1 ts
2019-03-02 18:53:27.144163 ) v1
2019-03-02 18:53:27.144074 7fe359f02700 1 -- 192.168.253.203:6789/0 <== mon.4 192.168.253.204:6789/0 1756793706 ==== time_check( pong e 58462 r 1 ts
2019-03-02 18:53:27.144163 ) v1 ==== 36+0+0 (810820296 0 0) 0x560105795440 con 0x560105677000
2019-03-02 18:53:27.144108 7fe3576fd700 5 -- 192.168.253.203:6789/0 >> 192.168.253.205:6789/0 conn(0x560105678800 :-1 s=STATE_OPEN_MESSAGE_READ_FOOTER_AND_DISPATCH pgs=7287 cs=1 l=0). rx mon.5 seq 1798943795 0x560105909b00 paxos(last lc 13804982 fc 13804454 pn 935303 opn 0) v4
2019-03-02 18:53:27.144128 7fe359f02700 1 -- 192.168.253.203:6789/0 <== mon.5 192.168.253.205:6789/0 1798943795 ==== paxos(last lc 13804982 fc 13804454 pn 935303 opn 0) v4 ==== 84+0+0 (3193165242 0 0) 0x560105909b00 con 0x560105678800
2019-03-02 18:53:27.144133 7fe3576fd700 5 -- 192.168.253.203:6789/0 >> 192.168.253.205:6789/0 conn(0x560105678800 :-1 s=STATE_OPEN_MESSAGE_READ_FOOTER_AND_DISPATCH pgs=7287 cs=1 l=0). rx mon.5 seq 1798943796 0x560105959d40 time_check( pong e 58462 r 1 ts
2019-03-02 18:53:27.144374 ) v1
