2019-03-02 18:53:27.160965 7fe359f02700 1 -- 192.168.253.203:6789/0 <== client.8938298 192.168.253.32:0/3589307736 2 ==== auth(proto 2 144 bytes epoch 0) v1 ==== 174+0+0 (199693358 0 0) 0x560105434fc0 con 0x56010548f000
2019-03-02 18:53:27.161024 7fe35d709700 5 -- 192.168.253.203:6789/0 >> 192.168.253.205:6812/640516 conn(0x560105972000 :6789 s=STATE_OPEN_MESSAGE_READ_FOOTER_AND_DISPATCH pgs=90617 cs=1 l=1). rx osd.7 seq 3 0x560105492b40 auth(proto 2 165 bytes epoch 0) v1
2019-03-02 18:53:27.161026 7fe3576fd700 5 -- 192.168.253.203:6789/0 >> 192.168.253.32:0/419113882 conn(0x560105960800 :6789 s=STATE_OPEN_MESSAGE_READ_FOOTER_AND_DISPATCH pgs=3017 cs=1 l=1). rx client.8665115 seq 3 0x5601056d7400 mon_subscribe({monmap=15+}) v2
2019-03-02 18:53:27.161043 7fe359f02700 2 mon.storage01roc@3(leader) e14 send_reply 0x560105535c20 0x560105992480 auth_reply(proto 2 0 (0) Success) v1
2019-03-02 18:53:27.161049 7fe359f02700 1 -- 192.168.253.203:6789/0 --> 192.168.253.32:0/3589307736 -- auth_reply(proto 2 0 (0) Success) v1 -- 0x560105992480 con 0
2019-03-02 18:53:27.161063 7fe359f02700 1 -- 192.168.253.203:6789/0 <== client.8665101 192.168.253.32:0/3361644023 2 ==== auth(proto 2 144 bytes epoch 0) v1 ==== 174+0+0 (1048373748 0 0) 0x560105493b00 con 0x560105490800
2019-03-02 18:53:27.161135 7fe359f02700 2 mon.storage01roc@3(leader) e14 send_reply 0x56010595a6c0 0x560105434fc0 auth_reply(proto 2 0 (0) Success) v1
2019-03-02 18:53:27.161143 7fe359f02700 1 -- 192.168.253.203:6789/0 --> 192.168.253.32:0/3361644023 -- auth_reply(proto 2 0 (0) Success) v1 -- 0x560105434fc0 con 0
2019-03-02 18:53:27.161156 7fe359f02700 1 -- 192.168.253.203:6789/0 <== osd.15 192.168.253.165:6808/526512 2 ==== auth(proto 2 32 bytes epoch 0) v1 ==== 62+0+0 (1007212614 0 0) 0x560105795200 con 0x56010563b000
2019-03-02 18:53:27.161216 7fe359f02700 2 mon.storage01roc@3(leader) e14 send_reply 0x560105984240 0x560105493b00 auth_reply(proto 2 0 (0) Success) v1
2019-03-02 18:53:27.161224 7fe359f02700 1 -- 192.168.253.203:6789/0 --> 192.168.253.165:6808/526512 -- auth_reply(proto 2 0 (0) Success) v1 -- 0x560105493b00 con 0
2019-03-02 18:53:27.161237 7fe359f02700 1 -- 192.168.253.203:6789/0 <== osd.1 192.168.253.204:6805/322433 3 ==== auth(proto 2 165 bytes epoch 0) v1 ==== 195+0+0 (2612887804 0 0) 0x5601054346c0 con 0x56010545a000
2019-03-02 18:53:27.161280 7fe356efc700 5 -- 192.168.253.203:6789/0 >> 192.168.253.32:0/3589307736 conn(0x56010548f000 :6789 s=STATE_OPEN_MESSAGE_READ_FOOTER_AND_DISPATCH pgs=3130 cs=1 l=1). rx client.8938298 seq 3 0x5601056d9200 mon_subscribe({monmap=15+}) v2
2019-03-02 18:53:27.161352 7fe359f02700 2 mon.storage01roc@3(leader) e14 send_reply 0x560105984240 0x560105795200 auth_reply(proto 2 0 (0) Success) v1
2019-03-02 18:53:27.161349 7fe3576fd700 5 -- 192.168.253.203:6789/0 >> 192.168.253.32:0/3361644023 conn(0x560105490800 :6789 s=STATE_OPEN_MESSAGE_READ_FOOTER_AND_DISPATCH pgs=2956 cs=1 l=1). rx client.8665101 seq 3 0x5601056d5000 mon_subscribe({monmap=15+}) v2
2019-03-02 18:53:27.161361 7fe359f02700 1 -- 192.168.253.203:6789/0 --> 192.168.253.204:6805/322433 -- auth_reply(proto 2 0 (0) Success) v1 -- 0x560105795200 con 0
2019-03-02 18:53:27.161375 7fe359f02700 1 -- 192.168.253.203:6789/0 <== client.8204779 192.168.253.32:0/614279813 3 ==== mon_subscribe({monmap=15+,osdmap=79199}) v2 ==== 42+0+0 (179502811 0 0) 0x5601054da000 con 0x560105758000
2019-03-02 18:53:27.161398 7fe359f02700 1 -- 192.168.253.203:6789/0 <== osd.14 192.168.253.164:6808/605500 3 ==== auth(proto 2 165 bytes epoch 0) v1 ==== 195+0+0 (4024092099 0 0) 0x560105435680 con 0x56010575b000
2019-03-02 18:53:27.161497 7fe359f02700 2 mon.storage01roc@3(leader) e14 send_reply 0x56010595bd40 0x5601054346c0 auth_reply(proto 2 0 (0) Success) v1
2019-03-02 18:53:27.161504 7fe359f02700 1 -- 192.168.253.203:6789/0 --> 192.168.253.164:6808/605500 -- auth_reply(proto 2 0 (0) Success) v1 -- 0x5601054346c0 con 0
2019-03-02 18:53:27.161517 7fe359f02700 1 -- 192.168.253.203:6789/0 <== client.9267543 192.168.253.163:0/2778817751 3 ==== auth(proto 2 181 bytes epoch 0) v1 ==== 211+0+0 (1957492419 0 0) 0x5601054358c0 con 0x56010575c800
2019-03-02 18:53:27.161530 7fe35d709700 5 -- 192.168.253.203:6789/0 >> 192.168.253.164:6812/543269 conn(0x560105973800 :6789 s=STATE_OPEN_MESSAGE_READ_FOOTER_AND_DISPATCH pgs=454471 cs=1 l=1). rx osd.52 seq 3 0x560105795200 auth(proto 2 165 bytes epoch 0) v1
2019-03-02 18:53:27.161561 7fe35d709700 5 -- 192.168.253.203:6789/0 >> 192.168.253.204:6805/322433 conn(0x56010545a000 :6789 s=STATE_OPEN_MESSAGE_READ_FOOTER_AND_DISPATCH pgs=95151 cs=1 l=1). rx osd.1 seq 4 0x560104ff7a00 mon_subscribe({mgrmap=0+,monmap=15+,osd_pg_creates=0+}) v2
2019-03-02 18:53:27.161582 7fe35d709700 5 -- 192.168.253.203:6789/0 >> 192.168.253.204:6805/322433 conn(0x56010545a000 :6789 s=STATE_OPEN_MESSAGE_READ_FOOTER_AND_DISPATCH pgs=95151 cs=1 l=1). rx osd.1 seq 5 0x5601056d5e00 osd_beacon(pgs [109.29,109.9,109.65,109.69] lec 79198 v79198) v1
2019-03-02 18:53:27.161626 7fe359f02700 2 mon.storage01roc@3(leader) e14 send_reply 0x560105535560 0x560105435680 auth_reply(proto 2 0 (0) Success) v1
2019-03-02 18:53:27.161633 7fe359f02700 1 -- 192.168.253.203:6789/0 --> 192.168.253.163:0/2778817751 -- auth_reply(proto 2 0 (0) Success) v1 -- 0x560105435680 con 0
2019-03-02 18:53:27.161647 7fe359f02700 1 -- 192.168.253.203:6789/0 <== osd.40 192.168.253.164:6802/541834 3 ==== auth(proto 2 165 bytes epoch 0) v1 ==== 195+0+0 (1498713863 0 0) 0x560105435440 con 0x560105772000
2019-03-02 18:53:27.161737 7fe359f02700 2 mon.storage01roc@3(leader) e14 send_reply 0x560105535560 0x5601054358c0 auth_reply(proto 2 0 (0) Success) v1
2019-03-02 18:53:27.161744 7fe359f02700 1 -- 192.168.253.203:6789/0 --> 192.168.253.164:6802/541834 -- auth_reply(proto 2 0 (0) Success) v1 -- 0x5601054358c0 con 0
2019-03-02 18:53:27.161756 7fe359f02700 1 -- 192.168.253.203:6789/0 <== osd.3 192.168.253.203:6800/259757 3 ==== auth(proto 2 165 bytes epoch 0) v1 ==== 195+0+0 (1354212678 0 0) 0x560105493d40 con 0x560105773800
2019-03-02 18:53:27.161774 7fe3576fd700 5 -- 192.168.253.203:6789/0 >> 192.168.253.165:6808/526512 conn(0x56010563b000 :6789 s=STATE_OPEN_MESSAGE_READ_FOOTER_AND_DISPATCH pgs=465203 cs=1 l=1). rx osd.15 seq 3 0x560105493b00 auth(proto 2 165 bytes epoch 0) v1
2019-03-02 18:53:27.161843 7fe359f02700 2 mon.storage01roc@3(leader) e14 send_reply 0x560105545560 0x560105435440 auth_reply(proto 2 0 (0) Success) v1
2019-03-02 18:53:27.161849 7fe359f02700 1 -- 192.168.253.203:6789/0 --> 192.168.253.203:6800/259757 -- auth_reply(proto 2 0 (0) Success) v1 -- 0x560105435440 con 0
2019-03-02 18:53:27.161862 7fe359f02700 1 -- 192.168.253.203:6789/0 <== client.8173839 192.168.253.43:0/94488736 3 ==== mon_subscribe({monmap=15+,osdmap=79199}) v2 ==== 42+0+0 (179502811 0 0) 0x5601056d8600 con 0x560105775000
2019-03-02 18:53:27.161876 7fe359f02700 1 -- 192.168.253.203:6789/0 <== client.9189323 192.168.253.37:0/3202181189 3 ==== mon_subscribe({monmap=15+,osdmap=79199}) v2 ==== 42+0+0 (179502811 0 0) 0x560105253000 con 0x560105776800
2019-03-02 18:53:27.161886 7fe359f02700 1 -- 192.168.253.203:6789/0 <== client.9189330 192.168.253.37:0/3953751394 3 ==== mon_subscribe({monmap=15+,osdmap=79199}) v2 ==== 42+0+0 (179502811 0 0) 0x5601056d9e00 con 0x560105788000
2019-03-02 18:53:27.161896 7fe359f02700 1 -- 192.168.253.203:6789/0 <== client.8173846 192.168.253.43:0/1267131636 3 ==== mon_subscribe({monmap=15+,osdmap=79199}) v2 ==== 42+0+0 (179502811 0 0) 0x560105252400 con 0x560105789800
2019-03-02 18:53:27.161906 7fe359f02700 1 -- 192.168.253.203:6789/0 <== client.7893124 192.168.253.44:0/219447902 2 ==== auth(proto 2 144 bytes epoch 0) v1 ==== 174+0+0 (1800022541 0 0) 0x560105434480 con 0x56010578b000
2019-03-02 18:53:27.161982 7fe359f02700 2 mon.storage01roc@3(leader) e14 send_reply 0x560105535440 0x560105493d40 auth_reply(proto 2 0 (0) Success) v1
2019-03-02 18:53:27.161990 7fe359f02700 1 -- 192.168.253.203:6789/0 --> 192.168.253.44:0/219447902 -- auth_reply(proto 2 0 (0) Success) v1 -- 0x560105493d40 con 0
2019-03-02 18:53:27.162004 7fe359f02700 1 -- 192.168.253.203:6789/0 <== client.9201939 192.168.253.31:0/3482224786 3 ==== mon_subscribe({monmap=15+,osdmap=79199}) v2 ==== 42+0+0 (179502811 0 0) 0x560105252c00 con 0x5601058f8000
2019-03-02 18:53:27.162009 7fe356efc700 5 -- 192.168.253.203:6789/0 >> 192.168.253.203:6800/259757 conn(0x560105773800 :6789 s=STATE_OPEN_MESSAGE_READ_FOOTER_AND_DISPATCH pgs=89395 cs=1 l=1). rx osd.3 seq 4 0x5601056d6c00 mon_subscribe({mgrmap=0+,monmap=15+,osd_pg_creates=0+}) v2
2019-03-02 18:53:27.162018 7fe359f02700 1 -- 192.168.253.203:6789/0 <== client.9201946 192.168.253.31:0/3137663203 3 ==== mon_subscribe({monmap=15+,osdmap=79199}) v2 ==== 42+0+0 (179502811 0 0) 0x5601054da200 con 0x5601058f9800
2019-03-02 18:53:27.162027 7fe359f02700 1 -- 192.168.253.203:6789/0 <== client.8943766 192.168.253.33:0/140057803 3 ==== mon_subscribe({monmap=15+,osdmap=79199}) v2 ==== 42+0+0 (179502811 0 0) 0x560105253800 con 0x5601058fb000
2019-03-02 18:53:27.162030 7fe356efc700 5 -- 192.168.253.203:6789/0 >> 192.168.253.203:6800/259757 conn(0x560105773800 :6789 s=STATE_OPEN_MESSAGE_READ_FOOTER_AND_DISPATCH pgs=89395 cs=1 l=1). rx osd.3 seq 5 0x5601056d6a00 osd_beacon(pgs [109.44,109.5c,109.37,109.4a,109.74,109.5f] lec 79198 v79198) v1
2019-03-02 18:53:27.162036 7fe359f02700 1 -- 192.168.253.203:6789/0 <== client.9191584 192.168.253.35:0/3274667345 3 ==== mon_subscribe({monmap=15+,osdmap=79199}) v2 ==== 42+0+0 (179502811 0 0) 0x5601056d6000 con 0x5601058fc800
2019-03-02 18:53:27.162042 7fe356efc700 5 -- 192.168.253.203:6789/0 >> 192.168.253.203:6800/259757 conn(0x560105773800 :6789 s=STATE_OPEN_MESSAGE_READ_FOOTER_AND_DISPATCH pgs=89395 cs=1 l=1). rx osd.3 seq 6 0x5601056d9e00 osd_beacon(pgs [] lec 79198 v79198) v1
2019-03-02 18:53:27.162045 7fe359f02700 1 -- 192.168.253.203:6789/0 <== client.8939327 192.168.253.37:0/1733074246 3 ==== mon_subscribe({monmap=15+,osdmap=79199}) v2 ==== 42+0+0 (179502811 0 0) 0x5601056d7800 con 0x56010543b800
2019-03-02 18:53:27.162052 7fe359f02700 1 -- 192.168.253.203:6789/0 <== client.8939320 192.168.253.37:0/2175704180 3 ==== mon_subscribe({monmap=15+,osdmap=79199}) v2 ==== 42+0+0 (179502811 0 0) 0x5601056d9a00 con 0x56010593e000
2019-03-02 18:53:27.162060 7fe359f02700 1 -- 192.168.253.203:6789/0 <== osd.19 192.168.253.164:6810/343964 3 ==== auth(proto 2 165 bytes epoch 0) v1 ==== 195+0+0 (1446845268 0 0) 0x560105795680 con 0x56010545b800
2019-03-02 18:53:27.162082 7fe356efc700 5 -- 192.168.253.203:6789/0 >> 192.168.253.164:6808/605500 conn(0x56010575b000 :6789 s=STATE_OPEN_MESSAGE_READ_FOOTER_AND_DISPATCH pgs=189842 cs=1 l=1). rx osd.14 seq 4 0x5601056d8600 mon_subscribe({mgrmap=0+,monmap=15+,osd_pg_creates=0+}) v2
2019-03-02 18:53:27.162097 7fe356efc700 5 -- 192.168.253.203:6789/0 >> 192.168.253.164:6808/605500 conn(0x56010575b000 :6789 s=STATE_OPEN_MESSAGE_READ_FOOTER_AND_DISPATCH pgs=189842 cs=1 l=1). rx osd.14 seq 5 0x560105253000 osd_beacon(pgs [105.c,105.1c8,116.78,105.109,105.d7,105.64,105.297,85.ff,116.17,115.10,105.108,85.6f,85.a7,105.2e0,105.329,105.2ae,105.253,119.37,85.aa,105.19f,105.d6,105.73,115.13,85.1a,105.310,85.98,105.6f,105.97,85.6,121.6f,116.e6,105.1f8,105.31f,105.2ea,105.1d5,105.100,121.30,105.105,121.56,85.7a,105.e4,121.79,121.18,105.18c,108.1d,116.1a,121.33,119.3d,105.3c,116.f0,105.261,105.21a,85.b0,105.1f4,116.7b,85.84,105.4,85.38,115.c,119.8,105.30,105.11d,121.3e,108.2b,105.1bc,105.190,105.36,116.99,105.290,85.18,85.e6,116.c7,116.4b,105.2fd,85.a5,115.e,105.16b,116.f6,105.3f7,85.8a] lec 79197 v79198) v1
2019-03-02 18:53:27.162152 7fe359f02700 2 mon.storage01roc@3(leader) e14 send_reply 0x560105545680 0x560105434480 auth_reply(proto 2 0 (0) Success) v1
2019-03-02 18:53:27.162160 7fe359f02700 1 -- 192.168.253.203:6789/0 --> 192.168.253.164:6810/343964 -- auth_reply(proto 2 0 (0) Success) v1 -- 0x560105434480 con 0
2019-03-02 18:53:27.162173 7fe359f02700 1 -- 192.168.253.203:6789/0 <== osd.2 192.168.253.205:6804/639792 3 ==== auth(proto 2 165 bytes epoch 0) v1 ==== 195+0+0 (3437510617 0 0) 0x5601054926c0 con 0x56010593f800
2019-03-02 18:53:27.162259 7fe359f02700 2 mon.storage01roc@3(leader) e14 send_reply 0x5601055457a0 0x560105795680 auth_reply(proto 2 0 (0) Success) v1
2019-03-02 18:53:27.162265 7fe359f02700 1 -- 192.168.253.203:6789/0 --> 192.168.253.205:6804/639792 -- auth_reply(proto 2 0 (0) Success) v1 -- 0x560105795680 con 0
2019-03-02 18:53:27.162293 7fe356efc700 5 -- 192.168.253.203:6789/0 >> 192.168.253.163:0/2778817751 conn(0x56010575c800 :6789 s=STATE_OPEN_MESSAGE_READ_FOOTER_AND_DISPATCH pgs=3778 cs=1 l=1). rx client.9267543 seq 4 0x560105252400 mon_subscribe({fsmap=2+,log-info=0+,mgrdigest=0+,mgrmap=0+,monmap=15+,osdmap=79199,servicemap=0+}) v2
2019-03-02 18:53:27.162314 7fe359f02700 1 -- 192.168.253.203:6789/0 <== osd.50 192.168.253.165:6816/711134 3 ==== auth(proto 2 165 bytes epoch 0) v1 ==== 195+0+0 (1117087331 0 0) 0x560105958d80 con 0x560105941000
2019-03-02 18:53:27.162316 7fe356efc700 5 -- 192.168.253.203:6789/0 >> 192.168.253.163:0/2778817751 conn(0x56010575c800 :6789 s=STATE_OPEN_MESSAGE_READ_FOOTER_AND_DISPATCH pgs=3778 cs=1 l=1). rx client.9267543 seq 5 0x56010598fb00 mgrbeacon mgr.storage01moc(484eca8f-c17b-41fd-83eb-314052ccd8ea,9267543, 192.168.253.163:6820/2891295, 1) v6
2019-03-02 18:53:27.162335 7fe356efc700 5 -- 192.168.253.203:6789/0 >> 192.168.253.163:0/2778817751 conn(0x56010575c800 :6789 s=STATE_OPEN_MESSAGE_READ_FOOTER_AND_DISPATCH pgs=3778 cs=1 l=1). rx client.9267543 seq 6 0x56010599cf00 monmgrreport(0 checks) v1
2019-03-02 18:53:27.162352 7fe356efc700 5 -- 192.168.253.203:6789/0 >> 192.168.253.163:0/2778817751 conn(0x56010575c800 :6789 s=STATE_OPEN_MESSAGE_READ_FOOTER_AND_DISPATCH pgs=3778 cs=1 l=1). rx client.9267543 seq 7 0x56010598f800 mgrbeacon mgr.storage01moc(484eca8f-c17b-41fd-83eb-314052ccd8ea,9267543, 192.168.253.163:6820/2891295, 1) v6
2019-03-02 18:53:27.162361 7fe35d709700 5 -- 192.168.253.203:6789/0 >> 192.168.253.164:6802/541834 conn(0x560105772000 :6789 s=STATE_OPEN_MESSAGE_READ_FOOTER_AND_DISPATCH pgs=279118 cs=1 l=1). rx osd.40 seq 4 0x5601056d9800 mon_subscribe({mgrmap=0+,monmap=15+,osd_pg_creates=0+}) v2
2019-03-02 18:53:27.162367 7fe356efc700 5 -- 192.168.253.203:6789/0 >> 192.168.253.163:0/2778817751 conn(0x56010575c800 :6789 s=STATE_OPEN_MESSAGE_READ_FOOTER_AND_DISPATCH pgs=3778 cs=1 l=1). rx client.9267543 seq 8 0x5601058a7180 monmgrreport(0 checks) v1
2019-03-02 18:53:27.162388 7fe356efc700 5 -- 192.168.253.203:6789/0 >> 192.168.253.163:0/2778817751 conn(0x56010575c800 :6789 s=STATE_OPEN_MESSAGE_READ_FOOTER_AND_DISPATCH pgs=3778 cs=1 l=1). rx client.9267543 seq 9 0x56010598f500 mgrbeacon mgr.storage01moc(484eca8f-c17b-41fd-83eb-314052ccd8ea,9267543, 192.168.253.163:6820/2891295, 1) v6
2019-03-02 18:53:27.162385 7fe35d709700 5 -- 192.168.253.203:6789/0 >> 192.168.253.164:6802/541834 conn(0x560105772000 :6789 s=STATE_OPEN_MESSAGE_READ_FOOTER_AND_DISPATCH pgs=279118 cs=1 l=1). rx osd.40 seq 5 0x5601056d4a00 osd_beacon(pgs [121.5f,121.22,121.f,105.2b7,121.4f,105.2e2,105.110,105.db,119.10,119.2b,105.ee,105.2cb,105.2b,105.86,105.3b,105.2ce,105.3b4,85.50,105.d1,115.8,115.32,85.d9,105.ca,105.ef,108.0,105.fa,119.21,85.3,119.20,105.c0,116.3c,105.80,108.4e,85.bc,105.1dc,105.148,116.df,116.a1,116.82,105.3fd,116.63,116.a4,105.6d,105.0,105.19e,116.4d,105.18f,116.d3,121.3c,105.33a,116.a8,108.79,105.8c,85.4b,105.1cb,105.33f,105.1b6,105.3ab,105.188,105.2dc,108.3c,105.132] lec 79197 v79198) v1
2019-03-02 18:53:27.162403 7fe35d709700 5 -- 192.168.253.203:6789/0 >> 192.168.253.164:6802/541834 conn(0x560105772000 :6789 s=STATE_OPEN_MESSAGE_READ_FOOTER_AND_DISPATCH pgs=279118 cs=1 l=1). rx osd.40 seq 6 0x5601056d4200 osd_beacon(pgs [] lec 79197 v79198) v1
2019-03-02 18:53:27.162407 7fe356efc700 5 -- 192.168.253.203:6789/0 >> 192.168.253.163:0/2778817751 conn(0x56010575c800 :6789 s=STATE_OPEN_MESSAGE_READ_FOOTER_AND_DISPATCH pgs=3778 cs=1 l=1). rx client.9267543 seq 10 0x56010599d400 monmgrreport(0 checks) v1
2019-03-02 18:53:27.162411 7fe359f02700 2 mon.storage01roc@3(leader) e14 send_reply 0x560105535680 0x5601054926c0 auth_reply(proto 2 0 (0) Success) v1
2019-03-02 18:53:27.162416 7fe359f02700 1 -- 192.168.253.203:6789/0 --> 192.168.253.165:6816/711134 -- auth_reply(proto 2 0 (0) Success) v1 -- 0x5601054926c0 con 0
2019-03-02 18:53:27.162428 7fe359f02700 1 -- 192.168.253.203:6789/0 <== osd.9 192.168.253.165:6802/708867 3 ==== auth(proto 2 165 bytes epoch 0) v1 ==== 195+0+0 (2825895776 0 0) 0x560105958b40 con 0x560105942800
2019-03-02 18:53:27.162516 7fe359f02700 2 mon.storage01roc@3(leader) e14 send_reply 0x5601055358c0 0x560105958d80 auth_reply(proto 2 0 (0) Success) v1
2019-03-02 18:53:27.162523 7fe359f02700 1 -- 192.168.253.203:6789/0 --> 192.168.253.165:6802/708867 -- auth_reply(proto 2 0 (0) Success) v1 -- 0x560105958d80 con 0
2019-03-02 18:53:27.162535 7fe359f02700 1 -- 192.168.253.203:6789/0 <== osd.35 192.168.253.203:6802/506915 3 ==== auth(proto 2 165 bytes epoch 0) v1 ==== 195+0+0 (3530128003 0 0) 0x560105492fc0 con 0x56010595c000
2019-03-02 18:53:27.162563 7fe356efc700 5 -- 192.168.253.203:6789/0 >> 192.168.253.205:6804/639792 conn(0x56010593f800 :6789 s=STATE_OPEN_MESSAGE_READ_FOOTER_AND_DISPATCH pgs=68711 cs=1 l=1). rx osd.2 seq 4 0x5601056d7200 mon_subscribe({mgrmap=0+,monmap=15+,osd_pg_creates=0+}) v2
2019-03-02 18:53:27.162575 7fe356efc700 5 -- 192.168.253.203:6789/0 >> 192.168.253.205:6804/639792 conn(0x56010593f800 :6789 s=STATE_OPEN_MESSAGE_READ_FOOTER_AND_DISPATCH pgs=68711 cs=1 l=1). rx osd.2 seq 5 0x5601056d5600 osd_beacon(pgs [109.2b,109.1f,109.76,109.28,109.1e,109.5] lec 79198 v79198) v1
2019-03-02 18:53:27.162624 7fe359f02700 2 mon.storage01roc@3(leader) e14 send_reply 0x5601055359e0 0x560105958b40 auth_reply(proto 2 0 (0) Success) v1
2019-03-02 18:53:27.162630 7fe359f02700 1 -- 192.168.253.203:6789/0 --> 192.168.253.203:6802/506915 -- auth_reply(proto 2 0 (0) Success) v1 -- 0x560105958b40 con 0
2019-03-02 18:53:27.162643 7fe359f02700 1 -- 192.168.253.203:6789/0 <== client.8775242 192.168.253.32:0/683377982 3 ==== mon_subscribe({monmap=15+}) v2 ==== 23+0+0 (529233479 0 0) 0x5601056d8800 con 0x56010595d800
2019-03-02 18:53:27.162655 7fe359f02700 1 -- 192.168.253.203:6789/0 <== client.8113023 192.168.253.32:0/1251637173 3 ==== mon_subscribe({monmap=15+}) v2 ==== 23+0+0 (529233479 0 0) 0x5601056d7e00 con 0x56010595f000
2019-03-02 18:53:27.162665 7fe359f02700 1 -- 192.168.253.203:6789/0 <== client.8665115 192.168.253.32:0/419113882 3 ==== mon_subscribe({monmap=15+}) v2 ==== 23+0+0 (529233479 0 0) 0x5601056d7400 con 0x560105960800
2019-03-02 18:53:27.162674 7fe359f02700 1 -- 192.168.253.203:6789/0 <== osd.7 192.168.253.205:6812/640516 3 ==== auth(proto 2 165 bytes epoch 0) v1 ==== 195+0+0 (1436488630 0 0) 0x560105492b40 con 0x560105972000
2019-03-02 18:53:27.162776 7fe359f02700 2 mon.storage01roc@3(leader) e14 send_reply 0x5601055357a0 0x560105492fc0 auth_reply(proto 2 0 (0) Success) v1
2019-03-02 18:53:27.162775 7fe356efc700 5 -- 192.168.253.203:6789/0 >> 192.168.253.163:0/2778817751 conn(0x56010575c800 :6789 s=STATE_OPEN_MESSAGE_READ_FOOTER_AND_DISPATCH pgs=3778 cs=1 l=1). rx client.9267543 seq 11 0x560105909800 mgrbeacon mgr.storage01moc(484eca8f-c17b-41fd-83eb-314052ccd8ea,9267543, 192.168.253.163:6820/2891295, 1) v6
2019-03-02 18:53:27.162780 7fe35d709700 5 -- 192.168.253.203:6789/0 >> 192.168.253.164:6810/343964 conn(0x56010545b800 :6789 s=STATE_OPEN_MESSAGE_READ_FOOTER_AND_DISPATCH pgs=330841 cs=1 l=1). rx osd.19 seq 4 0x5601056d7800 mon_subscribe({mgrmap=0+,monmap=15+,osd_pg_creates=0+}) v2
2019-03-02 18:53:27.162786 7fe359f02700 1 -- 192.168.253.203:6789/0 --> 192.168.253.205:6812/640516 -- auth_reply(proto 2 0 (0) Success) v1 -- 0x560105492fc0 con 0
2019-03-02 18:53:27.162797 7fe356efc700 5 -- 192.168.253.203:6789/0 >> 192.168.253.163:0/2778817751 conn(0x56010575c800 :6789 s=STATE_OPEN_MESSAGE_READ_FOOTER_AND_DISPATCH pgs=3778 cs=1 l=1). rx client.9267543 seq 12 0x56010599db80 monmgrreport(0 checks) v1
2019-03-02 18:53:27.162799 7fe359f02700 1 -- 192.168.253.203:6789/0 <== osd.52 192.168.253.164:6812/543269 3 ==== auth(proto 2 165 bytes epoch 0) v1 ==== 195+0+0 (1132521040 0 0) 0x560105795200 con 0x560105973800
2019-03-02 18:53:27.162798 7fe35d709700 5 -- 192.168.253.203:6789/0 >> 192.168.253.164:6810/343964 conn(0x56010545b800 :6789 s=STATE_OPEN_MESSAGE_READ_FOOTER_AND_DISPATCH pgs=330841 cs=1 l=1). rx osd.19 seq 5 0x5601056d7e00 osd_beacon(pgs [121.47,121.29,121.e,105.223,105.298,105.4b,116.91,105.7e,105.170,105.3b7,105.137,105.27b,105.368,85.17,105.226,108.1,105.11a,105.122,105.2f3,105.85,115.2a,105.18e,105.27,85.10,85.54,105.192,85.37,116.6,108.7a,85.97,116.a2,105.370,116.65,116.cf,119.23,116.d4,108.3e,121.7d,85.df,105.e3,105.138,85.e2,105.20f,108.56,85.ab,85.62,105.1b9,105.e,105.26c,105.294,115.3a,105.246,105.2e4,105.1bd,105.28e,105.d9,105.134,105.3b5,105.23a,105.14b,105.293,85.12,105.3d9,105.210] lec 79197 v79198) v1
2019-03-02 18:53:27.162810 7fe356efc700 5 -- 192.168.253.203:6789/0 >> 192.168.253.203:6802/506915 conn(0x56010595c000 :6789 s=STATE_OPEN_MESSAGE_READ_FOOTER_AND_DISPATCH pgs=135785 cs=1 l=1). rx osd.35 seq 4 0x5601056d4000 mon_subscribe({mgrmap=0+,monmap=15+,osd_pg_creates=0+}) v2
2019-03-02 18:53:27.162818 7fe356efc700 5 -- 192.168.253.203:6789/0 >> 192.168.253.203:6802/506915 conn(0x56010595c000 :6789 s=STATE_OPEN_MESSAGE_READ_FOOTER_AND_DISPATCH pgs=135785 cs=1 l=1). rx osd.35 seq 5 0x560105252c00 osd_beacon(pgs [109.52,109.3d] lec 79198 v79198) v1
2019-03-02 18:53:27.162842 7fe35d709700 5 -- 192.168.253.203:6789/0 >> 192.168.253.44:0/219447902 conn(0x56010578b000 :6789 s=STATE_OPEN_MESSAGE_READ_FOOTER_AND_DISPATCH pgs=54339 cs=1 l=1). rx client.7893124 seq 3 0x5601056d4600 mon_subscribe({monmap=15+,osdmap=79199}) v2
2019-03-02 18:53:27.162891 7fe359f02700 2 mon.storage01roc@3(leader) e14 send_reply 0x5601055458c0 0x560105492b40 auth_reply(proto 2 0 (0) Success) v1
2019-03-02 18:53:27.162898 7fe359f02700 1 -- 192.168.253.203:6789/0 --> 192.168.253.164:6812/543269 -- auth_reply(proto 2 0 (0) Success) v1 -- 0x560105492b40 con 0
2019-03-02 18:53:27.162912 7fe359f02700 1 -- 192.168.253.203:6789/0 <== client.8938298 192.168.253.32:0/3589307736 3 ==== mon_subscribe({monmap=15+}) v2 ==== 23+0+0 (529233479 0 0) 0x5601056d9200 con 0x56010548f000
2019-03-02 18:53:27.162925 7fe359f02700 1 -- 192.168.253.203:6789/0 <== client.8665101 192.168.253.32:0/3361644023 3 ==== mon_subscribe({monmap=15+}) v2 ==== 23+0+0 (529233479 0 0) 0x5601056d5000 con 0x560105490800
2019-03-02 18:53:27.162935 7fe359f02700 1 -- 192.168.253.203:6789/0 <== osd.15 192.168.253.165:6808/526512 3 ==== auth(proto 2 165 bytes epoch 0) v1 ==== 195+0+0 (399444511 0 0) 0x560105493b00 con 0x56010563b000
2019-03-02 18:53:27.162987 7fe35d709700 5 -- 192.168.253.203:6789/0 >> 192.168.253.205:6812/640516 conn(0x560105972000 :6789 s=STATE_OPEN_MESSAGE_READ_FOOTER_AND_DISPATCH pgs=90617 cs=1 l=1). rx osd.7 seq 4 0x5601056d7400 mon_subscribe({mgrmap=0+,monmap=15+,osd_pg_creates=0+}) v2
2019-03-02 18:53:27.163009 7fe35d709700 5 -- 192.168.253.203:6789/0 >> 192.168.253.205:6812/640516 conn(0x560105972000 :6789 s=STATE_OPEN_MESSAGE_READ_FOOTER_AND_DISPATCH pgs=90617 cs=1 l=1). rx osd.7 seq 5 0x5601056d8800 osd_beacon(pgs [109.71,109.66,109.31,109.41] lec 79198 v79198) v1
2019-03-02 18:53:27.163017 7fe356efc700 5 -- 192.168.253.203:6789/0 >> 192.168.253.165:6816/711134 conn(0x560105941000 :6789 s=STATE_OPEN_MESSAGE_READ_FOOTER_AND_DISPATCH pgs=245753 cs=1 l=1). rx osd.50 seq 4 0x560105253800 mon_subscribe({mgrmap=0+,monmap=15+,osd_pg_creates=0+}) v2
2019-03-02 18:53:27.163023 7fe35d709700 5 -- 192.168.253.203:6789/0 >> 192.168.253.205:6812/640516 conn(0x560105972000 :6789 s=STATE_OPEN_MESSAGE_READ_FOOTER_AND_DISPATCH pgs=90617 cs=1 l=1). rx osd.7 seq 6 0x5601056d5800 osd_beacon(pgs [] lec 79198 v79198) v1
2019-03-02 18:53:27.163029 7fe356efc700 5 -- 192.168.253.203:6789/0 >> 192.168.253.165:6816/711134 conn(0x560105941000 :6789 s=STATE_OPEN_MESSAGE_READ_FOOTER_AND_DISPATCH pgs=245753 cs=1 l=1). rx osd.50 seq 5 0x5601054da200 osd_beacon(pgs [121.50,121.8,105.e2,121.74,105.1f2,105.346,105.2,105.1ee,105.24a,105.1af,105.187,105.302,105.3bd,121.5d,108.7c,105.dc,116.d9,105.1e2,116.ba,85.d1,116.5c,85.7d,105.cf,105.180,116.2f,116.46,115.0,116.66,85.47,105.2f8,116.d8,116.ed,105.379,108.5,105.ea,105.1d9,116.9d,116.f4,105.3a,85.e1,116.bb,108.4a,116.fb,121.31,115.3b,116.45,105.2ef,105.34f,85.1c,85.96,105.1ea,116.c8,105.263,116.53,105.32a,108.22,105.c6,108.77,105.397,105.348,108.1a] lec 79197 v79198) v1
2019-03-02 18:53:27.163034 7fe359f02700 2 mon.storage01roc@3(leader) e14 send_reply 0x5601055459e0 0x560105795200 auth_reply(proto 2 0 (0) Success) v1
2019-03-02 18:53:27.163046 7fe356efc700 5 -- 192.168.253.203:6789/0 >> 192.168.253.165:6816/711134 conn(0x560105941000 :6789 s=STATE_OPEN_MESSAGE_READ_FOOTER_AND_DISPATCH pgs=245753 cs=1 l=1). rx osd.50 seq 6 0x5601054da000 osd_beacon(pgs [] lec 79197 v79198) v1
2019-03-02 18:53:27.163044 7fe359f02700 1 -- 192.168.253.203:6789/0 --> 192.168.253.165:6808/526512 -- auth_reply(proto 2 0 (0) Success) v1 -- 0x560105795200 con 0
2019-03-02 18:53:27.163061 7fe359f02700 1 -- 192.168.253.203:6789/0 <== osd.1 192.168.253.204:6805/322433 4 ==== mon_subscribe({mgrmap=0+,monmap=15+,osd_pg_creates=0+}) v2 ==== 69+0+0 (2557949307 0 0) 0x560104ff7a00 con 0x56010545a000
2019-03-02 18:53:27.163095 7fe359f02700 1 -- 192.168.253.203:6789/0 --> 192.168.253.204:6805/322433 -- mgrmap(e 519) v1 -- 0x5601056b02c0 con 0
2019-03-02 18:53:27.163113 7fe356efc700 5 -- 192.168.253.203:6789/0 >> 192.168.253.165:6802/708867 conn(0x560105942800 :6789 s=STATE_OPEN_MESSAGE_READ_FOOTER_AND_DISPATCH pgs=356689 cs=1 l=1). rx osd.9 seq 4 0x5601054da600 mon_subscribe({mgrmap=0+,monmap=15+,osd_pg_creates=0+}) v2
2019-03-02 18:53:27.163112 7fe359f02700 1 -- 192.168.253.203:6789/0 <== client.8204779 192.168.253.32:0/614279813 4 ==== pool_op(delete unmanaged snap pool 116 auid 0 tid 35 name v0) v4 ==== 65+0+0 (3422141634 0 0) 0x560105794000 con 0x560105758000
2019-03-02 18:53:27.163129 7fe356efc700 5 -- 192.168.253.203:6789/0 >> 192.168.253.165:6802/708867 conn(0x560105942800 :6789 s=STATE_OPEN_MESSAGE_READ_FOOTER_AND_DISPATCH pgs=356689 cs=1 l=1). rx osd.9 seq 5 0x5601054dba00 osd_beacon(pgs [121.77,105.12d,116.5f,85.a4,85.14,85.b1,116.a,85.4d,116.8a,105.177,115.24,105.3f3,105.336,85.60,105.232,108.7d,85.75,108.5f,85.ee,105.65,105.1fc,105.3b9,116.de,105.c3,108.9,85.f4,105.22c,105.60,116.ad,105.39c,108.58,121.6a,116.67,121.3b,116.9f,105.1db,85.74,105.23,105.36b,105.211,116.e3,105.289,105.12e,105.7f,115.1a,121.51,105.35d,116.76,105.392,105.a0,105.3fc,108.20,85.ac,85.eb,105.10b,105.3d5,121.c,105.26a,105.3e3,85.b6,105.1ca,105.3d6,108.39,105.388,116.ec,115.3d,105.3b0,105.145,105.2ac,115.5,116.30,108.28] lec 79197 v79198) v1
2019-03-02 18:53:27.163517 7fe35d709700 5 -- 192.168.253.203:6789/0 >> 192.168.253.164:6812/543269 conn(0x560105973800 :6789 s=STATE_OPEN_MESSAGE_READ_FOOTER_AND_DISPATCH pgs=454471 cs=1 l=1). rx osd.52 seq 4 0x5601056d9a00 mon_subscribe({mgrmap=0+,monmap=15+,osd_pg_creates=0+}) v2
2019-03-02 18:53:27.163537 7fe35d709700 5 -- 192.168.253.203:6789/0 >> 192.168.253.164:6812/543269 conn(0x560105973800 :6789 s=STATE_OPEN_MESSAGE_READ_FOOTER_AND_DISPATCH pgs=454471 cs=1 l=1). rx osd.52 seq 5 0x5601056d4c00 osd_beacon(pgs [121.7b,121.5c,85.ca,105.295,105.2b0,105.1a3,105.327,105.304,105.3e6,105.1e0,105.19b,85.90,105.81,85.1f,105.2bc,119.18,105.1c7,105.2f4,105.21d,105.3af,105.3f2,116.26,116.27,116.c0,85.e7,105.39e,105.44,116.5,105.143,116.1c,116.ae,105.2e6,105.26d,116.b0,105.1b3,105.3cb,105.d2,108.1c,105.2a3,116.75,105.d4,105.279,105.37c,105.a9,105.a3,85.56,105.3a4,85.63,85.c2,105.74,105.31b,116.6d,105.34e,105.212,108.65,105.1fe] lec 79197 v79198) v1
2019-03-02 18:53:27.163637 7fe3576fd700 5 -- 192.168.253.203:6789/0 >> 192.168.253.165:6808/526512 conn(0x56010563b000 :6789 s=STATE_OPEN_MESSAGE_READ_FOOTER_AND_DISPATCH pgs=465203 cs=1 l=1). rx osd.15 seq 4 0x5601056d9c00 mon_subscribe({mgrmap=0+,monmap=15+,osd_pg_creates=0+}) v2
2019-03-02 18:53:27.163654 7fe3576fd700 5 -- 192.168.253.203:6789/0 >> 192.168.253.165:6808/526512 conn(0x56010563b000 :6789 s=STATE_OPEN_MESSAGE_READ_FOOTER_AND_DISPATCH pgs=465203 cs=1 l=1). rx osd.15 seq 5 0x5601056d6e00 osd_beacon(pgs [121.7a,121.3a,121.d,115.2e,105.fe,105.2b6,105.2b2,105.9b,85.8b,119.0,105.272,105.3dd,116.60,105.51,105.372,105.29e,105.350,85.53,105.331,105.28b,85.4,105.9f,116.ff,85.15,121.5,116.8,115.f,108.10,116.7a,105.158,105.213,116.b7,105.238,116.16,105.333,85.fb,116.e8,105.1ed,85.9f,105.31d,105.1b2,105.224,85.8f,108.15,116.d,105.be,85.24,115.21,105.173,105.369,85.f1,105.364,105.236,105.f7,85.92,108.35,119.1f,105.296,105.11e,105.2ca,105.167,105.de,105.334,116.2a,105.3c4,105.3e7,105.40] lec 79197 v79198) v1
2019-03-02 18:53:27.163666 7fe3576fd700 5 -- 192.168.253.203:6789/0 >> 192.168.253.165:6808/526512 conn(0x56010563b000 :6789 s=STATE_OPEN_MESSAGE_READ_FOOTER_AND_DISPATCH pgs=465203 cs=1 l=1). rx osd.15 seq 6 0x5601056d6800 osd_beacon(pgs [] lec 79197 v79198) v1
2019-03-02 18:53:27.166322 7fe359f02700 -1 *** Caught signal (Aborted) ** in thread 7fe359f02700 thread_name:ms_dispatch ceph version 12.2.5-2-ge988fb6 (e988fb6c5457b9dd6f1e11ce1b5fd58b4c3a828c) luminous (stable) 1: (()+0x8f53b1) [0x5600fb5d83b1] 2: (()+0xf6d0) [0x7fe3634736d0] 3: (gsignal()+0x37) [0x7fe3607ae277] 4: (abort()+0x148) [0x7fe3607af968] 5: (std::_Rb_tree_iterator, std::allocator > > > > std::_Rb_tree, std::allocator > > >, std::_Select1st, std::allocator > > > >, std::less, std::allocator, std::allocator > > > > >::_M_emplace_hint_unique, std::allocator > > > >(std::_Rb_tree_const_iterator, std::allocator > > > >, std::pair, std::allocator > > >&&)+0) [0x5600fb420780] 6: (pg_pool_t::remove_unmanaged_snap(snapid_t)+0x4d) [0x5600fb40d2dd] 7: (OSDMonitor::prepare_pool_op(boost::intrusive_ptr)+0xe40) [0x5600fb200f10] 8: (OSDMonitor::prepare_update(boost::intrusive_ptr)+0x336) [0x5600fb2388c6] 9: (PaxosService::dispatch(boost::intrusive_ptr)+0xaf8) [0x5600fb1c4858] 10: (Monitor::dispatch_op(boost::intrusive_ptr)+0x5af) [0x5600fb0a4fef] 11: (Monitor::_ms_dispatch(Message*)+0x7eb) [0x5600fb0a65db] 12: (Monitor::ms_dispatch(Message*)+0x23) [0x5600fb0d2743] 13: (DispatchQueue::entry()+0x792) [0x5600fb583752] 14: (DispatchQueue::DispatchThread::entry()+0xd) [0x5600fb37c90d] 15: (()+0x7e25) [0x7fe36346be25] 16: (clone()+0x6d) [0x7fe360876bad] NOTE: a copy of the executable, or `objdump -rdS ` is needed to interpret this. --- begin dump of recent events --- -1212>
2019-03-02 18:53:17.940174 7fe3640c4ec0 5 asok(0x560104ffa1c0) register_command perfcounters_dump hook 0x560104fac190 -1211>
2019-03-02 18:53:17.940191 7fe3640c4ec0 5 asok(0x560104ffa1c0) register_command 1 hook 0x560104fac190 -1210>
2019-03-02 18:53:17.940195 7fe3640c4ec0 5 asok(0x560104ffa1c0) register_command perf dump hook 0x560104fac190 -1209>
2019-03-02 18:53:17.940200 7fe3640c4ec0 5 asok(0x560104ffa1c0) register_command perfcounters_schema hook 0x560104fac190 -1208>
2019-03-02 18:53:17.940205 7fe3640c4ec0 5 asok(0x560104ffa1c0) register_command perf histogram dump hook 0x560104fac190 -1207>
2019-03-02 18:53:17.940209 7fe3640c4ec0 5 asok(0x560104ffa1c0) register_command 2 hook 0x560104fac190 -1206>
2019-03-02 18:53:17.940212 7fe3640c4ec0 5 asok(0x560104ffa1c0) register_command perf schema hook 0x560104fac190 -1205>
2019-03-02 18:53:17.940216 7fe3640c4ec0 5 asok(0x560104ffa1c0) register_command perf histogram schema hook 0x560104fac190 -1204>
2019-03-02 18:53:17.940225 7fe3640c4ec0 5 asok(0x560104ffa1c0) register_command perf reset hook 0x560104fac190 -1203>
2019-03-02 18:53:17.940228 7fe3640c4ec0 5 asok(0x560104ffa1c0) register_command config show hook 0x560104fac190 -1202>
2019-03-02 18:53:17.940231 7fe3640c4ec0 5 asok(0x560104ffa1c0) register_command config help hook 0x560104fac190 -1201>
2019-03-02 18:53:17.940235 7fe3640c4ec0 5 asok(0x560104ffa1c0) register_command config set hook 0x560104fac190 -1200>
2019-03-02 18:53:17.940239 7fe3640c4ec0 5 asok(0x560104ffa1c0) register_command config get hook 0x560104fac190 -1199>
2019-03-02 18:53:17.940243 7fe3640c4ec0 5 asok(0x560104ffa1c0) register_command config diff hook 0x560104fac190 -1198>
2019-03-02 18:53:17.940247 7fe3640c4ec0 5 asok(0x560104ffa1c0) register_command config diff get hook 0x560104fac190 -1197>
2019-03-02 18:53:17.940251 7fe3640c4ec0 5 asok(0x560104ffa1c0) register_command log flush hook 0x560104fac190 -1196>
2019-03-02 18:53:17.940254 7fe3640c4ec0 5 asok(0x560104ffa1c0) register_command log dump hook 0x560104fac190 -1195>
2019-03-02 18:53:17.940258 7fe3640c4ec0 5 asok(0x560104ffa1c0) register_command log reopen hook 0x560104fac190 -1194>
2019-03-02 18:53:17.940267 7fe3640c4ec0 5 asok(0x560104ffa1c0) register_command dump_mempools hook 0x5601051c4e28 -1193>
2019-03-02 18:53:17.948283 7fe3640c4ec0 0 set uid:gid to 1001:1001 (ceph:ceph) -1192>
2019-03-02 18:53:17.948303 7fe3640c4ec0 0 ceph version 12.2.5-2-ge988fb6 (e988fb6c5457b9dd6f1e11ce1b5fd58b4c3a828c) luminous (stable), process (unknown), pid 3016783 -1191>
2019-03-02 18:53:17.948362 7fe3640c4ec0 0 pidfile_write: ignore empty --pid-file -1190>
2019-03-02 18:53:17.980882 7fe3640c4ec0 0 load: jerasure load: lrc load: isa -1189>
2019-03-02 18:53:17.981041 7fe3640c4ec0 0 set rocksdb option compression = kNoCompression -1188>
2019-03-02 18:53:17.981052 7fe3640c4ec0 0 set rocksdb option write_buffer_size = 33554432 -1187>
2019-03-02 18:53:17.981077 7fe3640c4ec0 0 set rocksdb option compression = kNoCompression -1186>
2019-03-02 18:53:17.981084 7fe3640c4ec0 0 set rocksdb option write_buffer_size = 33554432 -1185>
2019-03-02 18:53:17.981256 7fe3640c4ec0 4 rocksdb: RocksDB version: 5.4.0 -1184>
2019-03-02 18:53:17.981267 7fe3640c4ec0 4 rocksdb: Git sha rocksdb_build_git_sha:@0@ -1183>
2019-03-02 18:53:17.981269 7fe3640c4ec0 4 rocksdb: Compile date Aug 6 2018 -1182>
2019-03-02 18:53:17.981279 7fe3640c4ec0 4 rocksdb: DB SUMMARY -1181>
2019-03-02 18:53:17.981331 7fe3640c4ec0 4 rocksdb: CURRENT file: CURRENT -1180>
2019-03-02 18:53:17.981336 7fe3640c4ec0 4 rocksdb: IDENTITY file: IDENTITY -1179>
2019-03-02 18:53:17.981344 7fe3640c4ec0 4 rocksdb: MANIFEST file: MANIFEST-000259 size: 288 Bytes -1178>
2019-03-02 18:53:17.981347 7fe3640c4ec0 4 rocksdb: SST files in /var/lib/ceph/mon/ceph-storage01roc/store.db dir, Total Num: 4, files: 000250.sst 000252.sst 000255.sst 000258.sst -1177>
2019-03-02 18:53:17.981351 7fe3640c4ec0 4 rocksdb: Write Ahead Log file in /var/lib/ceph/mon/ceph-storage01roc/store.db: 000260.log size: 49357 ; -1176>
2019-03-02 18:53:17.981354 7fe3640c4ec0 4 rocksdb: Options.error_if_exists: 0 -1175>
2019-03-02 18:53:17.981355 7fe3640c4ec0 4 rocksdb: Options.create_if_missing: 0 -1174>
2019-03-02 18:53:17.981356 7fe3640c4ec0 4 rocksdb: Options.paranoid_checks: 1 -1173>
2019-03-02 18:53:17.981360 7fe3640c4ec0 4 rocksdb: Options.env: 0x560103e0c140 -1172>
2019-03-02 18:53:17.981361 7fe3640c4ec0 4 rocksdb: Options.info_log: 0x56010524ef80 -1171>
2019-03-02 18:53:17.981362 7fe3640c4ec0 4 rocksdb: Options.max_open_files: -1 -1170>
2019-03-02 18:53:17.981363 7fe3640c4ec0 4 rocksdb: Options.max_file_opening_threads: 16 -1169>
2019-03-02 18:53:17.981364 7fe3640c4ec0 4 rocksdb: Options.use_fsync: 0 -1168>
2019-03-02 18:53:17.981365 7fe3640c4ec0 4 rocksdb: Options.max_log_file_size: 0 -1167>
2019-03-02 18:53:17.981366 7fe3640c4ec0 4 rocksdb: Options.max_manifest_file_size: 18446744073709551615 -1166>
2019-03-02 18:53:17.981368 7fe3640c4ec0 4 rocksdb: Options.log_file_time_to_roll: 0 -1165>
2019-03-02 18:53:17.981369 7fe3640c4ec0 4 rocksdb: Options.keep_log_file_num: 1000 -1164>
2019-03-02 18:53:17.981370 7fe3640c4ec0 4 rocksdb: Options.recycle_log_file_num: 0 -1163>
2019-03-02 18:53:17.981371 7fe3640c4ec0 4 rocksdb: Options.allow_fallocate: 1 -1162>
2019-03-02 18:53:17.981372 7fe3640c4ec0 4 rocksdb: Options.allow_mmap_reads: 0 -1161>
2019-03-02 18:53:17.981373 7fe3640c4ec0 4 rocksdb: Options.allow_mmap_writes: 0 -1160>
2019-03-02 18:53:17.981374 7fe3640c4ec0 4 rocksdb: Options.use_direct_reads: 0 -1159>
2019-03-02 18:53:17.981375 7fe3640c4ec0 4 rocksdb: Options.use_direct_io_for_flush_and_compaction: 0 -1158>
2019-03-02 18:53:17.981377 7fe3640c4ec0 4 rocksdb: Options.create_missing_column_families: 0 -1157>
2019-03-02 18:53:17.981378 7fe3640c4ec0 4 rocksdb: Options.db_log_dir: -1156>
2019-03-02 18:53:17.981379 7fe3640c4ec0 4 rocksdb: Options.wal_dir: /var/lib/ceph/mon/ceph-storage01roc/store.db -1155>
2019-03-02 18:53:17.981380 7fe3640c4ec0 4 rocksdb: Options.table_cache_numshardbits: 6 -1154>
2019-03-02 18:53:17.981380 7fe3640c4ec0 4 rocksdb: Options.max_subcompactions: 1 -1153>
2019-03-02 18:53:17.981381 7fe3640c4ec0 4 rocksdb: Options.max_background_flushes: 1 -1152>
2019-03-02 18:53:17.981381 7fe3640c4ec0 4 rocksdb: Options.WAL_ttl_seconds: 0 -1151>
2019-03-02 18:53:17.981382 7fe3640c4ec0 4 rocksdb: Options.WAL_size_limit_MB: 0 -1150>
2019-03-02 18:53:17.981383 7fe3640c4ec0 4 rocksdb: Options.manifest_preallocation_size: 4194304 -1149>
2019-03-02 18:53:17.981383 7fe3640c4ec0 4 rocksdb: Options.is_fd_close_on_exec: 1 -1148>
2019-03-02 18:53:17.981384 7fe3640c4ec0 4 rocksdb: Options.advise_random_on_open: 1 -1147>
2019-03-02 18:53:17.981385 7fe3640c4ec0 4 rocksdb: Options.db_write_buffer_size: 0 -1146>
2019-03-02 18:53:17.981385 7fe3640c4ec0 4 rocksdb: Options.access_hint_on_compaction_start: 1 -1145>
2019-03-02 18:53:17.981386 7fe3640c4ec0 4 rocksdb: Options.new_table_reader_for_compaction_inputs: 0 -1144>
2019-03-02 18:53:17.981386 7fe3640c4ec0 4 rocksdb: Options.compaction_readahead_size: 0 -1143>
2019-03-02 18:53:17.981387 7fe3640c4ec0 4 rocksdb: Options.random_access_max_buffer_size: 1048576 -1142>
2019-03-02 18:53:17.981388 7fe3640c4ec0 4 rocksdb: Options.writable_file_max_buffer_size: 1048576 -1141>
2019-03-02 18:53:17.981388 7fe3640c4ec0 4 rocksdb: Options.use_adaptive_mutex: 0 -1140>
2019-03-02 18:53:17.981389 7fe3640c4ec0 4 rocksdb: Options.rate_limiter: (nil) -1139>
2019-03-02 18:53:17.981390 7fe3640c4ec0 4 rocksdb: Options.sst_file_manager.rate_bytes_per_sec: 0 -1138>
2019-03-02 18:53:17.981391 7fe3640c4ec0 4 rocksdb: Options.bytes_per_sync: 0 -1137>
2019-03-02 18:53:17.981391 7fe3640c4ec0 4 rocksdb: Options.wal_bytes_per_sync: 0 -1136>
2019-03-02 18:53:17.981392 7fe3640c4ec0 4 rocksdb: Options.wal_recovery_mode: 2 -1135>
2019-03-02 18:53:17.981392 7fe3640c4ec0 4 rocksdb: Options.enable_thread_tracking: 0 -1134>
2019-03-02 18:53:17.981393 7fe3640c4ec0 4 rocksdb: Options.allow_concurrent_memtable_write: 1 -1133>
2019-03-02 18:53:17.981394 7fe3640c4ec0 4 rocksdb: Options.enable_write_thread_adaptive_yield: 1 -1132>
2019-03-02 18:53:17.981394 7fe3640c4ec0 4 rocksdb: Options.write_thread_max_yield_usec: 100 -1131>
2019-03-02 18:53:17.981395 7fe3640c4ec0 4 rocksdb: Options.write_thread_slow_yield_usec: 3 -1130>
2019-03-02 18:53:17.981403 7fe3640c4ec0 4 rocksdb: Options.row_cache: None -1129>
2019-03-02 18:53:17.981404 7fe3640c4ec0 4 rocksdb: Options.wal_filter: None -1128>
2019-03-02 18:53:17.981405 7fe3640c4ec0 4 rocksdb: Options.avoid_flush_during_recovery: 0 -1127>
2019-03-02 18:53:17.981405 7fe3640c4ec0 4 rocksdb: Options.base_background_compactions: 1 -1126>
2019-03-02 18:53:17.981406 7fe3640c4ec0 4 rocksdb: Options.max_background_compactions: 1 -1125>
2019-03-02 18:53:17.981406 7fe3640c4ec0 4 rocksdb: Options.avoid_flush_during_shutdown: 0 -1124>
2019-03-02 18:53:17.981407 7fe3640c4ec0 4 rocksdb: Options.delayed_write_rate : 16777216 -1123>
2019-03-02 18:53:17.981408 7fe3640c4ec0 4 rocksdb: Options.max_total_wal_size: 0 -1122>
2019-03-02 18:53:17.981408 7fe3640c4ec0 4 rocksdb: Options.delete_obsolete_files_period_micros: 21600000000 -1121>
2019-03-02 18:53:17.981409 7fe3640c4ec0 4 rocksdb: Options.stats_dump_period_sec: 600 -1120>
2019-03-02 18:53:17.981410 7fe3640c4ec0 4 rocksdb: Compression algorithms supported: -1119>
2019-03-02 18:53:17.981412 7fe3640c4ec0 4 rocksdb: Snappy supported: 0 -1118>
2019-03-02 18:53:17.981413 7fe3640c4ec0 4 rocksdb: Zlib supported: 0 -1117>
2019-03-02 18:53:17.981413 7fe3640c4ec0 4 rocksdb: Bzip supported: 0 -1116>
2019-03-02 18:53:17.981414 7fe3640c4ec0 4 rocksdb: LZ4 supported: 0 -1115>
2019-03-02 18:53:17.981415 7fe3640c4ec0 4 rocksdb: ZSTD supported: 0 -1114>
2019-03-02 18:53:17.981415 7fe3640c4ec0 4 rocksdb: Fast CRC32 supported: 1 -1113>
2019-03-02 18:53:17.981735 7fe3640c4ec0 4 rocksdb: [/home/jenkins-build/build/workspace/ceph-dev-new-build/ARCH/x86_64/AVAILABLE_ARCH/x86_64/AVAILABLE_DIST/centos7/DIST/centos7/MACHINE_SIZE/huge/release/12.2.5-2-ge988fb6/rpm/el7/BUILD/ceph-12.2.5-2-ge988fb6/src/rocksdb/db/version_set.cc:2609] Recovering from manifest file: MANIFEST-000259 -1112>
2019-03-02 18:53:17.981852 7fe3640c4ec0 4 rocksdb: [/home/jenkins-build/build/workspace/ceph-dev-new-build/ARCH/x86_64/AVAILABLE_ARCH/x86_64/AVAILABLE_DIST/centos7/DIST/centos7/MACHINE_SIZE/huge/release/12.2.5-2-ge988fb6/rpm/el7/BUILD/ceph-12.2.5-2-ge988fb6/src/rocksdb/db/column_family.cc:407] --------------- Options for column family [default]: -1111>
2019-03-02 18:53:17.981858 7fe3640c4ec0 4 rocksdb: Options.comparator: leveldb.BytewiseComparator -1110>
2019-03-02 18:53:17.981865 7fe3640c4ec0 4 rocksdb: Options.merge_operator: -1109>
2019-03-02 18:53:17.981866 7fe3640c4ec0 4 rocksdb: Options.compaction_filter: None -1108>
2019-03-02 18:53:17.981866 7fe3640c4ec0 4 rocksdb: Options.compaction_filter_factory: None -1107>
2019-03-02 18:53:17.981867 7fe3640c4ec0 4 rocksdb: Options.memtable_factory: SkipListFactory -1106>
2019-03-02 18:53:17.981868 7fe3640c4ec0 4 rocksdb: Options.table_factory: BlockBasedTable -1105>
2019-03-02 18:53:17.981885 7fe3640c4ec0 4 rocksdb: table_factory options: flush_block_policy_factory: FlushBlockBySizePolicyFactory (0x560104faa168) cache_index_and_filter_blocks: 1 cache_index_and_filter_blocks_with_high_priority: 1 pin_l0_filter_and_index_blocks_in_cache: 1 index_type: 0 hash_index_allow_collision: 1 checksum: 1 no_block_cache: 0 block_cache: 0x560105067278 block_cache_name: LRUCache block_cache_options: capacity : 134217728 num_shard_bits : 4 strict_capacity_limit : 0 high_pri_pool_ratio: 0.000 block_cache_compressed: (nil) persistent_cache: (nil) block_size: 4096 block_size_deviation: 10 block_restart_interval: 16 index_block_restart_interval: 1 filter_policy: rocksdb.BuiltinBloomFilter whole_key_filtering: 1 format_version: 2 -1104>
2019-03-02 18:53:17.981894 7fe3640c4ec0 4 rocksdb: Options.write_buffer_size: 33554432 -1103>
2019-03-02 18:53:17.981895 7fe3640c4ec0 4 rocksdb: Options.max_write_buffer_number: 2 -1102>
2019-03-02 18:53:17.981896 7fe3640c4ec0 4 rocksdb: Options.compression: NoCompression -1101>
2019-03-02 18:53:17.981897 7fe3640c4ec0 4 rocksdb: Options.bottommost_compression: Disabled -1100>
2019-03-02 18:53:17.981898 7fe3640c4ec0 4 rocksdb: Options.prefix_extractor: nullptr -1099>
2019-03-02 18:53:17.981899 7fe3640c4ec0 4 rocksdb: Options.memtable_insert_with_hint_prefix_extractor: nullptr -1098>
2019-03-02 18:53:17.981899 7fe3640c4ec0 4 rocksdb: Options.num_levels: 7 -1097>
2019-03-02 18:53:17.981900 7fe3640c4ec0 4 rocksdb: Options.min_write_buffer_number_to_merge: 1 -1096>
2019-03-02 18:53:17.981901 7fe3640c4ec0 4 rocksdb: Options.max_write_buffer_number_to_maintain: 0 -1095>
2019-03-02 18:53:17.981901 7fe3640c4ec0 4 rocksdb: Options.compression_opts.window_bits: -14 -1094>
2019-03-02 18:53:17.981902 7fe3640c4ec0 4 rocksdb: Options.compression_opts.level: -1 -1093>
2019-03-02 18:53:17.981903 7fe3640c4ec0 4 rocksdb: Options.compression_opts.strategy: 0 -1092>
2019-03-02 18:53:17.981903 7fe3640c4ec0 4 rocksdb: Options.compression_opts.max_dict_bytes: 0 -1091>
2019-03-02 18:53:17.981904 7fe3640c4ec0 4 rocksdb: Options.level0_file_num_compaction_trigger: 4 -1090>
2019-03-02 18:53:17.981905 7fe3640c4ec0 4 rocksdb: Options.level0_slowdown_writes_trigger: 20 -1089>
2019-03-02 18:53:17.981905 7fe3640c4ec0 4 rocksdb: Options.level0_stop_writes_trigger: 36 -1088>
2019-03-02 18:53:17.981906 7fe3640c4ec0 4 rocksdb: Options.target_file_size_base: 67108864 -1087>
2019-03-02 18:53:17.981907 7fe3640c4ec0 4 rocksdb: Options.target_file_size_multiplier: 1 -1086>
2019-03-02 18:53:17.981907 7fe3640c4ec0 4 rocksdb: Options.max_bytes_for_level_base: 268435456 -1085>
2019-03-02 18:53:17.981908 7fe3640c4ec0 4 rocksdb: Options.level_compaction_dynamic_level_bytes: 0 -1084>
2019-03-02 18:53:17.981909 7fe3640c4ec0 4 rocksdb: Options.max_bytes_for_level_multiplier: 10.000000 -1083>
2019-03-02 18:53:17.981911 7fe3640c4ec0 4 rocksdb: Options.max_bytes_for_level_multiplier_addtl[0]: 1 -1082>
2019-03-02 18:53:17.981915 7fe3640c4ec0 4 rocksdb: Options.max_bytes_for_level_multiplier_addtl[1]: 1 -1081>
2019-03-02 18:53:17.981916 7fe3640c4ec0 4 rocksdb: Options.max_bytes_for_level_multiplier_addtl[2]: 1 -1080>
2019-03-02 18:53:17.981917 7fe3640c4ec0 4 rocksdb: Options.max_bytes_for_level_multiplier_addtl[3]: 1 -1079>
2019-03-02 18:53:17.981921 7fe3640c4ec0 4 rocksdb: Options.max_bytes_for_level_multiplier_addtl[4]: 1 -1078>
2019-03-02 18:53:17.981922 7fe3640c4ec0 4 rocksdb: Options.max_bytes_for_level_multiplier_addtl[5]: 1 -1077>
2019-03-02 18:53:17.981922 7fe3640c4ec0 4 rocksdb: Options.max_bytes_for_level_multiplier_addtl[6]: 1 -1076>
2019-03-02 18:53:17.981923 7fe3640c4ec0 4 rocksdb: Options.max_sequential_skip_in_iterations: 8 -1075>
2019-03-02 18:53:17.981923 7fe3640c4ec0 4 rocksdb: Options.max_compaction_bytes: 1677721600 -1074>
2019-03-02 18:53:17.981924 7fe3640c4ec0 4 rocksdb: Options.arena_block_size: 4194304 -1073>
2019-03-02 18:53:17.981925 7fe3640c4ec0 4 rocksdb: Options.soft_pending_compaction_bytes_limit: 68719476736 -1072>
2019-03-02 18:53:17.981926 7fe3640c4ec0 4 rocksdb: Options.hard_pending_compaction_bytes_limit: 274877906944 -1071>
2019-03-02 18:53:17.981930 7fe3640c4ec0 4 rocksdb: Options.rate_limit_delay_max_milliseconds: 100 -1070>
2019-03-02 18:53:17.981931 7fe3640c4ec0 4 rocksdb: Options.disable_auto_compactions: 0 -1069>
2019-03-02 18:53:17.981932 7fe3640c4ec0 4 rocksdb: Options.compaction_style: kCompactionStyleLevel -1068>
2019-03-02 18:53:17.981933 7fe3640c4ec0 4 rocksdb: Options.compaction_pri: kByCompensatedSize -1067>
2019-03-02 18:53:17.981934 7fe3640c4ec0 4 rocksdb: Options.compaction_options_universal.size_ratio: 1 -1066>
2019-03-02 18:53:17.981934 7fe3640c4ec0 4 rocksdb: Options.compaction_options_universal.min_merge_width: 2 -1065>
2019-03-02 18:53:17.981935 7fe3640c4ec0 4 rocksdb: Options.compaction_options_universal.max_merge_width: 4294967295 -1064>
2019-03-02 18:53:17.981936 7fe3640c4ec0 4 rocksdb: Options.compaction_options_universal.max_size_amplification_percent: 200 -1063>
2019-03-02 18:53:17.981939 7fe3640c4ec0 4 rocksdb: Options.compaction_options_universal.compression_size_percent: -1 -1062>
2019-03-02 18:53:17.981940 7fe3640c4ec0 4 rocksdb: Options.compaction_options_fifo.max_table_files_size: 1073741824 -1061>
2019-03-02 18:53:17.981941 7fe3640c4ec0 4 rocksdb: Options.table_properties_collectors: -1060>
2019-03-02 18:53:17.981942 7fe3640c4ec0 4 rocksdb: Options.inplace_update_support: 0 -1059>
2019-03-02 18:53:17.981942 7fe3640c4ec0 4 rocksdb: Options.inplace_update_num_locks: 10000 -1058>
2019-03-02 18:53:17.981943 7fe3640c4ec0 4 rocksdb: Options.memtable_prefix_bloom_size_ratio: 0.000000 -1057>
2019-03-02 18:53:17.981944 7fe3640c4ec0 4 rocksdb: Options.memtable_huge_page_size: 0 -1056>
2019-03-02 18:53:17.981945 7fe3640c4ec0 4 rocksdb: Options.bloom_locality: 0 -1055>
2019-03-02 18:53:17.981948 7fe3640c4ec0 4 rocksdb: Options.max_successive_merges: 0 -1054>
2019-03-02 18:53:17.981949 7fe3640c4ec0 4 rocksdb: Options.optimize_filters_for_hits: 0 -1053>
2019-03-02 18:53:17.981950 7fe3640c4ec0 4 rocksdb: Options.paranoid_file_checks: 0 -1052>
2019-03-02 18:53:17.981950 7fe3640c4ec0 4 rocksdb: Options.force_consistency_checks: 0 -1051>
2019-03-02 18:53:17.981951 7fe3640c4ec0 4 rocksdb: Options.report_bg_io_stats: 0 -1050>
2019-03-02 18:53:17.982559 7fe3640c4ec0 4 rocksdb: [/home/jenkins-build/build/workspace/ceph-dev-new-build/ARCH/x86_64/AVAILABLE_ARCH/x86_64/AVAILABLE_DIST/centos7/DIST/centos7/MACHINE_SIZE/huge/release/12.2.5-2-ge988fb6/rpm/el7/BUILD/ceph-12.2.5-2-ge988fb6/src/rocksdb/db/version_set.cc:2859] Recovered from manifest file:/var/lib/ceph/mon/ceph-storage01roc/store.db/MANIFEST-000259 succeeded,manifest_file_number is 259, next_file_number is 261, last_sequence is 15983, log_number is 0,prev_log_number is 0,max_column_family is 0 -1049>
2019-03-02 18:53:17.982567 7fe3640c4ec0 4 rocksdb: [/home/jenkins-build/build/workspace/ceph-dev-new-build/ARCH/x86_64/AVAILABLE_ARCH/x86_64/AVAILABLE_DIST/centos7/DIST/centos7/MACHINE_SIZE/huge/release/12.2.5-2-ge988fb6/rpm/el7/BUILD/ceph-12.2.5-2-ge988fb6/src/rocksdb/db/version_set.cc:2867] Column family [default] (ID 0), log number is 258 -1048>
2019-03-02 18:53:17.982631 7fe3640c4ec0 4 rocksdb: EVENT_LOG_v1 {"time_micros": 1551523997982622, "job": 1, "event": "recovery_started", "log_files": [260]} -1047>
2019-03-02 18:53:17.982637 7fe3640c4ec0 4 rocksdb: [/home/jenkins-build/build/workspace/ceph-dev-new-build/ARCH/x86_64/AVAILABLE_ARCH/x86_64/AVAILABLE_DIST/centos7/DIST/centos7/MACHINE_SIZE/huge/release/12.2.5-2-ge988fb6/rpm/el7/BUILD/ceph-12.2.5-2-ge988fb6/src/rocksdb/db/db_impl_open.cc:482] Recovering log #260 mode 2 -1046>
2019-03-02 18:53:17.983025 7fe3640c4ec0 5 rocksdb: [/home/jenkins-build/build/workspace/ceph-dev-new-build/ARCH/x86_64/AVAILABLE_ARCH/x86_64/AVAILABLE_DIST/centos7/DIST/centos7/MACHINE_SIZE/huge/release/12.2.5-2-ge988fb6/rpm/el7/BUILD/ceph-12.2.5-2-ge988fb6/src/rocksdb/db/db_impl_open.cc:815] [default] [WriteLevel0TableForRecovery] Level-0 table #261: started -1045>
