2019-03-02 18:53:18.117194 7fe359f02700 1 -- 192.168.253.203:6789/0 <== client.8707856 192.168.253.31:0/1038212884 1 ==== auth(proto 0 38 bytes epoch 14) v1 ==== 68+0+0 (1570277103 0 0) 0x5601054f1d40 con 0x5601054b3000
2019-03-02 18:53:18.117199 7fe359f02700 5 mon.storage01roc@3(electing) e14 waitlisting message auth(proto 0 38 bytes epoch 14) v1
2019-03-02 18:53:18.177377 7fe35d709700 1 -- 192.168.253.203:6789/0 >> - conn(0x56010548c000 :6789 s=STATE_ACCEPTING pgs=0 cs=0 l=0)._process_connection sd=42 -
2019-03-02 18:53:18.177578 7fe35d709700 2 -- 192.168.253.203:6789/0 >> 192.168.253.35:0/3362670835 conn(0x56010548c000 :6789 s=STATE_ACCEPTING_WAIT_SEQ pgs=14 cs=1 l=1).handle_connect_msg accept write reply msg done
2019-03-02 18:53:18.177679 7fe35d709700 2 -- 192.168.253.203:6789/0 >> 192.168.253.35:0/3362670835 conn(0x56010548c000 :6789 s=STATE_ACCEPTING_WAIT_SEQ pgs=14 cs=1 l=1)._process_connection accept get newly_acked_seq 0
2019-03-02 18:53:18.177855 7fe35d709700 5 -- 192.168.253.203:6789/0 >> 192.168.253.35:0/3362670835 conn(0x56010548c000 :6789 s=STATE_OPEN_MESSAGE_READ_FOOTER_AND_DISPATCH pgs=14 cs=1 l=1). rx client.? seq 1 0x560105492000 auth(proto 0 34 bytes epoch 0) v1
2019-03-02 18:53:18.177877 7fe359f02700 1 -- 192.168.253.203:6789/0 <== client.? 192.168.253.35:0/3362670835 1 ==== auth(proto 0 34 bytes epoch 0) v1 ==== 64+0+0 (3805625626 0 0) 0x560105492000 con 0x56010548c000
2019-03-02 18:53:18.177894 7fe359f02700 5 mon.storage01roc@3(electing) e14 waitlisting message auth(proto 0 34 bytes epoch 0) v1
2019-03-02 18:53:18.191825 7fe35d709700 1 -- 192.168.253.203:6789/0 >> 192.168.253.165:6789/0 conn(0x560105675800 :-1 s=STATE_CONNECTING_RE pgs=0 cs=0 l=0)._process_connection reconnect failed
2019-03-02 18:53:18.191829 7fe3576fd700 1 -- 192.168.253.203:6789/0 >> 192.168.253.164:6789/0 conn(0x560105674000 :-1 s=STATE_CONNECTING_RE pgs=0 cs=0 l=0)._process_connection reconnect failed
2019-03-02 18:53:18.191827 7fe356efc700 1 -- 192.168.253.203:6789/0 >> 192.168.253.163:6789/0 conn(0x560105672800 :-1 s=STATE_CONNECTING_RE pgs=0 cs=0 l=0)._process_connection reconnect failed
2019-03-02 18:53:18.191838 7fe35d709700 2 -- 192.168.253.203:6789/0 >> 192.168.253.165:6789/0 conn(0x560105675800 :-1 s=STATE_CONNECTING_RE pgs=0 cs=0 l=0)._process_connection connection refused!
2019-03-02 18:53:18.191840 7fe3576fd700 2 -- 192.168.253.203:6789/0 >> 192.168.253.164:6789/0 conn(0x560105674000 :-1 s=STATE_CONNECTING_RE pgs=0 cs=0 l=0)._process_connection connection refused!
2019-03-02 18:53:18.191841 7fe356efc700 2 -- 192.168.253.203:6789/0 >> 192.168.253.163:6789/0 conn(0x560105672800 :-1 s=STATE_CONNECTING_RE pgs=0 cs=0 l=0)._process_connection connection refused!
2019-03-02 18:53:18.341137 7fe3576fd700 1 -- 192.168.253.203:6789/0 >> - conn(0x56010548d800 :6789 s=STATE_ACCEPTING pgs=0 cs=0 l=0)._process_connection sd=43 -
2019-03-02 18:53:18.341703 7fe3576fd700 2 -- 192.168.253.203:6789/0 >> 192.168.253.31:0/2755183883 conn(0x56010548d800 :6789 s=STATE_ACCEPTING_WAIT_SEQ pgs=6 cs=1 l=1).handle_connect_msg accept write reply msg done
2019-03-02 18:53:18.342271 7fe3576fd700 2 -- 192.168.253.203:6789/0 >> 192.168.253.31:0/2755183883 conn(0x56010548d800 :6789 s=STATE_ACCEPTING_WAIT_SEQ pgs=6 cs=1 l=1)._process_connection accept get newly_acked_seq 0
2019-03-02 18:53:18.342333 7fe3576fd700 5 -- 192.168.253.203:6789/0 >> 192.168.253.31:0/2755183883 conn(0x56010548d800 :6789 s=STATE_OPEN_MESSAGE_READ_FOOTER_AND_DISPATCH pgs=6 cs=1 l=1). rx client.? seq 1 0x5601054f1b00 auth(proto 0 34 bytes epoch 0) v1
2019-03-02 18:53:18.342357 7fe359f02700 1 -- 192.168.253.203:6789/0 <== client.? 192.168.253.31:0/2755183883 1 ==== auth(proto 0 34 bytes epoch 0) v1 ==== 64+0+0 (3805625626 0 0) 0x5601054f1b00 con 0x56010548d800
2019-03-02 18:53:18.342379 7fe359f02700 5 mon.storage01roc@3(electing) e14 waitlisting message auth(proto 0 34 bytes epoch 0) v1
2019-03-02 18:53:18.429977 7fe356efc700 1 -- 192.168.253.203:6789/0 >> - conn(0x56010548f000 :6789 s=STATE_ACCEPTING pgs=0 cs=0 l=0)._process_connection sd=44 -
2019-03-02 18:53:18.429982 7fe3576fd700 1 -- 192.168.253.203:6789/0 >> - conn(0x560105490800 :6789 s=STATE_ACCEPTING pgs=0 cs=0 l=0)._process_connection sd=45 -
2019-03-02 18:53:18.430248 7fe3576fd700 2 -- 192.168.253.203:6789/0 >> 192.168.253.32:0/3361644023 conn(0x560105490800 :6789 s=STATE_ACCEPTING_WAIT_SEQ pgs=2956 cs=1 l=1).handle_connect_msg accept write reply msg done
2019-03-02 18:53:18.430286 7fe356efc700 2 -- 192.168.253.203:6789/0 >> 192.168.253.32:0/3589307736 conn(0x56010548f000 :6789 s=STATE_ACCEPTING_WAIT_SEQ pgs=3130 cs=1 l=1).handle_connect_msg accept write reply msg done
2019-03-02 18:53:18.430372 7fe3576fd700 2 -- 192.168.253.203:6789/0 >> 192.168.253.32:0/3361644023 conn(0x560105490800 :6789 s=STATE_ACCEPTING_WAIT_SEQ pgs=2956 cs=1 l=1)._process_connection accept get newly_acked_seq 0
2019-03-02 18:53:18.430375 7fe356efc700 2 -- 192.168.253.203:6789/0 >> 192.168.253.32:0/3589307736 conn(0x56010548f000 :6789 s=STATE_ACCEPTING_WAIT_SEQ pgs=3130 cs=1 l=1)._process_connection accept get newly_acked_seq 0
2019-03-02 18:53:18.430465 7fe3576fd700 5 -- 192.168.253.203:6789/0 >> 192.168.253.32:0/3361644023 conn(0x560105490800 :6789 s=STATE_OPEN_MESSAGE_READ_FOOTER_AND_DISPATCH pgs=2956 cs=1 l=1). rx client.8665101 seq 1 0x5601054926c0 auth(proto 0 34 bytes epoch 14) v1
2019-03-02 18:53:18.430482 7fe359f02700 1 -- 192.168.253.203:6789/0 <== client.8665101 192.168.253.32:0/3361644023 1 ==== auth(proto 0 34 bytes epoch 14) v1 ==== 64+0+0 (3120407515 0 0) 0x5601054926c0 con 0x560105490800
2019-03-02 18:53:18.430504 7fe359f02700 5 mon.storage01roc@3(electing) e14 waitlisting message auth(proto 0 34 bytes epoch 14) v1
2019-03-02 18:53:18.430511 7fe356efc700 5 -- 192.168.253.203:6789/0 >> 192.168.253.32:0/3589307736 conn(0x56010548f000 :6789 s=STATE_OPEN_MESSAGE_READ_FOOTER_AND_DISPATCH pgs=3130 cs=1 l=1). rx client.8938298 seq 1 0x560105492d80 auth(proto 0 34 bytes epoch 14) v1
2019-03-02 18:53:18.430531 7fe359f02700 1 -- 192.168.253.203:6789/0 <== client.8938298 192.168.253.32:0/3589307736 1 ==== auth(proto 0 34 bytes epoch 14) v1 ==== 64+0+0 (1595624629 0 0) 0x560105492d80 con 0x56010548f000
2019-03-02 18:53:18.430538 7fe359f02700 5 mon.storage01roc@3(electing) e14 waitlisting message auth(proto 0 34 bytes epoch 14) v1
2019-03-02 18:53:18.591771 7fe356efc700 1 -- 192.168.253.203:6789/0 >> 192.168.253.163:6789/0 conn(0x560105672800 :-1 s=STATE_CONNECTING_RE pgs=0 cs=0 l=0)._process_connection reconnect failed
2019-03-02 18:53:18.591772 7fe3576fd700 1 -- 192.168.253.203:6789/0 >> 192.168.253.164:6789/0 conn(0x560105674000 :-1 s=STATE_CONNECTING_RE pgs=0 cs=0 l=0)._process_connection reconnect failed
2019-03-02 18:53:18.591790 7fe356efc700 2 -- 192.168.253.203:6789/0 >> 192.168.253.163:6789/0 conn(0x560105672800 :-1 s=STATE_CONNECTING_RE pgs=0 cs=0 l=0)._process_connection connection refused!
2019-03-02 18:53:18.591792 7fe3576fd700 2 -- 192.168.253.203:6789/0 >> 192.168.253.164:6789/0 conn(0x560105674000 :-1 s=STATE_CONNECTING_RE pgs=0 cs=0 l=0)._process_connection connection refused!
2019-03-02 18:53:18.592768 7fe35d709700 1 -- 192.168.253.203:6789/0 >> 192.168.253.165:6789/0 conn(0x560105675800 :-1 s=STATE_CONNECTING_RE pgs=0 cs=0 l=0)._process_connection reconnect failed
2019-03-02 18:53:18.592780 7fe35d709700 2 -- 192.168.253.203:6789/0 >> 192.168.253.165:6789/0 conn(0x560105675800 :-1 s=STATE_CONNECTING_RE pgs=0 cs=0 l=0)._process_connection connection refused!
2019-03-02 18:53:18.769480 7fe356efc700 1 -- 192.168.253.203:6789/0 >> - conn(0x560105638000 :6789 s=STATE_ACCEPTING pgs=0 cs=0 l=0)._process_connection sd=46 -
2019-03-02 18:53:18.769568 7fe356efc700 2 -- 192.168.253.203:6789/0 >> 192.168.253.203:6802/506915 conn(0x560105638000 :6789 s=STATE_ACCEPTING_WAIT_SEQ pgs=135784 cs=1 l=1).handle_connect_msg accept write reply msg done
2019-03-02 18:53:18.769580 7fe356efc700 2 -- 192.168.253.203:6789/0 >> 192.168.253.203:6802/506915 conn(0x560105638000 :6789 s=STATE_ACCEPTING_WAIT_SEQ pgs=135784 cs=1 l=1)._process_connection accept get newly_acked_seq 0
2019-03-02 18:53:18.769617 7fe356efc700 5 -- 192.168.253.203:6789/0 >> 192.168.253.203:6802/506915 conn(0x560105638000 :6789 s=STATE_OPEN_MESSAGE_READ_FOOTER_AND_DISPATCH pgs=135784 cs=1 l=1). rx osd.35 seq 1 0x560105492fc0 auth(proto 0 27 bytes epoch 14) v1
2019-03-02 18:53:18.769640 7fe359f02700 1 -- 192.168.253.203:6789/0 <== osd.35 192.168.253.203:6802/506915 1 ==== auth(proto 0 27 bytes epoch 14) v1 ==== 57+0+0 (3015307366 0 0) 0x560105492fc0 con 0x560105638000
2019-03-02 18:53:18.769662 7fe359f02700 5 mon.storage01roc@3(electing) e14 waitlisting message auth(proto 0 27 bytes epoch 14) v1
2019-03-02 18:53:18.769663 7fe35d709700 1 -- 192.168.253.203:6789/0 >> - conn(0x560105639800 :6789 s=STATE_ACCEPTING pgs=0 cs=0 l=0)._process_connection sd=47 -
2019-03-02 18:53:18.769782 7fe35d709700 2 -- 192.168.253.203:6789/0 >> 192.168.253.205:6816/641907 conn(0x560105639800 :6789 s=STATE_ACCEPTING_WAIT_SEQ pgs=86317 cs=1 l=1).handle_connect_msg accept write reply msg done
2019-03-02 18:53:18.769829 7fe35d709700 2 -- 192.168.253.203:6789/0 >> 192.168.253.205:6816/641907 conn(0x560105639800 :6789 s=STATE_ACCEPTING_WAIT_SEQ pgs=86317 cs=1 l=1)._process_connection accept get newly_acked_seq 0
2019-03-02 18:53:18.769864 7fe35d709700 5 -- 192.168.253.203:6789/0 >> 192.168.253.205:6816/641907 conn(0x560105639800 :6789 s=STATE_OPEN_MESSAGE_READ_FOOTER_AND_DISPATCH pgs=86317 cs=1 l=1). rx osd.18 seq 1 0x560105492240 auth(proto 0 27 bytes epoch 14) v1
2019-03-02 18:53:18.769878 7fe359f02700 1 -- 192.168.253.203:6789/0 <== osd.18 192.168.253.205:6816/641907 1 ==== auth(proto 0 27 bytes epoch 14) v1 ==== 57+0+0 (3382322512 0 0) 0x560105492240 con 0x560105639800
2019-03-02 18:53:18.769885 7fe359f02700 5 mon.storage01roc@3(electing) e14 waitlisting message auth(proto 0 27 bytes epoch 14) v1
2019-03-02 18:53:18.770288 7fe3576fd700 1 -- 192.168.253.203:6789/0 >> - conn(0x56010563b000 :6789 s=STATE_ACCEPTING pgs=0 cs=0 l=0)._process_connection sd=48 -
2019-03-02 18:53:18.770432 7fe356efc700 1 -- 192.168.253.203:6789/0 >> - conn(0x56010563c800 :6789 s=STATE_ACCEPTING pgs=0 cs=0 l=0)._process_connection sd=49 -
2019-03-02 18:53:18.770832 7fe3576fd700 2 -- 192.168.253.203:6789/0 >> 192.168.253.165:6808/526512 conn(0x56010563b000 :6789 s=STATE_ACCEPTING_WAIT_SEQ pgs=465203 cs=1 l=1).handle_connect_msg accept write reply msg done
2019-03-02 18:53:18.771033 7fe356efc700 2 -- 192.168.253.203:6789/0 >> 192.168.253.163:0/2778817751 conn(0x56010563c800 :6789 s=STATE_ACCEPTING_WAIT_SEQ pgs=3774 cs=1 l=1).handle_connect_msg accept write reply msg done
2019-03-02 18:53:18.771300 7fe3576fd700 2 -- 192.168.253.203:6789/0 >> 192.168.253.165:6808/526512 conn(0x56010563b000 :6789 s=STATE_ACCEPTING_WAIT_SEQ pgs=465203 cs=1 l=1)._process_connection accept get newly_acked_seq 0
2019-03-02 18:53:18.771340 7fe3576fd700 5 -- 192.168.253.203:6789/0 >> 192.168.253.165:6808/526512 conn(0x56010563b000 :6789 s=STATE_OPEN_MESSAGE_READ_FOOTER_AND_DISPATCH pgs=465203 cs=1 l=1). rx osd.15 seq 1 0x560105492900 auth(proto 0 27 bytes epoch 14) v1
2019-03-02 18:53:18.771356 7fe359f02700 1 -- 192.168.253.203:6789/0 <== osd.15 192.168.253.165:6808/526512 1 ==== auth(proto 0 27 bytes epoch 14) v1 ==== 57+0+0 (3123283281 0 0) 0x560105492900 con 0x56010563b000
2019-03-02 18:53:18.771365 7fe359f02700 5 mon.storage01roc@3(electing) e14 waitlisting message auth(proto 0 27 bytes epoch 14) v1
2019-03-02 18:53:18.771496 7fe356efc700 2 -- 192.168.253.203:6789/0 >> 192.168.253.163:0/2778817751 conn(0x56010563c800 :6789 s=STATE_ACCEPTING_WAIT_SEQ pgs=3774 cs=1 l=1)._process_connection accept get newly_acked_seq 0
2019-03-02 18:53:18.771534 7fe356efc700 5 -- 192.168.253.203:6789/0 >> 192.168.253.163:0/2778817751 conn(0x56010563c800 :6789 s=STATE_OPEN_MESSAGE_READ_FOOTER_AND_DISPATCH pgs=3774 cs=1 l=1). rx client.9267543 seq 1 0x560105493200 auth(proto 0 37 bytes epoch 14) v1
2019-03-02 18:53:18.771549 7fe359f02700 1 -- 192.168.253.203:6789/0 <== client.9267543 192.168.253.163:0/2778817751 1 ==== auth(proto 0 37 bytes epoch 14) v1 ==== 67+0+0 (3305926266 0 0) 0x560105493200 con 0x56010563c800
2019-03-02 18:53:18.771557 7fe359f02700 5 mon.storage01roc@3(electing) e14 waitlisting message auth(proto 0 37 bytes epoch 14) v1
2019-03-02 18:53:18.785093 7fe35d709700 1 -- 192.168.253.203:6789/0 >> - conn(0x56010545a000 :6789 s=STATE_ACCEPTING pgs=0 cs=0 l=0)._process_connection sd=50 -
2019-03-02 18:53:18.785186 7fe35d709700 2 -- 192.168.253.203:6789/0 >> 192.168.253.204:6805/322433 conn(0x56010545a000 :6789 s=STATE_ACCEPTING_WAIT_SEQ pgs=95151 cs=1 l=1).handle_connect_msg accept write reply msg done
2019-03-02 18:53:18.785233 7fe35d709700 2 -- 192.168.253.203:6789/0 >> 192.168.253.204:6805/322433 conn(0x56010545a000 :6789 s=STATE_ACCEPTING_WAIT_SEQ pgs=95151 cs=1 l=1)._process_connection accept get newly_acked_seq 0
2019-03-02 18:53:18.785268 7fe35d709700 5 -- 192.168.253.203:6789/0 >> 192.168.253.204:6805/322433 conn(0x56010545a000 :6789 s=STATE_OPEN_MESSAGE_READ_FOOTER_AND_DISPATCH pgs=95151 cs=1 l=1). rx osd.1 seq 1 0x560105492480 auth(proto 0 26 bytes epoch 14) v1
2019-03-02 18:53:18.785294 7fe359f02700 1 -- 192.168.253.203:6789/0 <== osd.1 192.168.253.204:6805/322433 1 ==== auth(proto 0 26 bytes epoch 14) v1 ==== 56+0+0 (2633358351 0 0) 0x560105492480 con 0x56010545a000
2019-03-02 18:53:18.785310 7fe359f02700 5 mon.storage01roc@3(electing) e14 waitlisting message auth(proto 0 26 bytes epoch 14) v1
2019-03-02 18:53:19.132954 7fe3576fd700 1 -- 192.168.253.203:6789/0 >> - conn(0x56010545b800 :6789 s=STATE_ACCEPTING pgs=0 cs=0 l=0)._process_connection sd=51 -
2019-03-02 18:53:19.132999 7fe356efc700 1 -- 192.168.253.203:6789/0 >> - conn(0x56010545d000 :6789 s=STATE_ACCEPTING pgs=0 cs=0 l=0)._process_connection sd=52 -
2019-03-02 18:53:19.133056 7fe3576fd700 2 -- 192.168.253.203:6789/0 >> 192.168.253.205:6814/641212 conn(0x56010545b800 :6789 s=STATE_ACCEPTING_WAIT_SEQ pgs=96529 cs=1 l=1).handle_connect_msg accept write reply msg done
2019-03-02 18:53:19.133097 7fe3576fd700 2 -- 192.168.253.203:6789/0 >> 192.168.253.205:6814/641212 conn(0x56010545b800 :6789 s=STATE_ACCEPTING_WAIT_SEQ pgs=96529 cs=1 l=1)._process_connection accept get newly_acked_seq 0
2019-03-02 18:53:19.133130 7fe3576fd700 5 -- 192.168.253.203:6789/0 >> 192.168.253.205:6814/641212 conn(0x56010545b800 :6789 s=STATE_OPEN_MESSAGE_READ_FOOTER_AND_DISPATCH pgs=96529 cs=1 l=1). rx osd.12 seq 1 0x560105492b40 auth(proto 0 27 bytes epoch 14) v1
2019-03-02 18:53:19.133154 7fe359f02700 1 -- 192.168.253.203:6789/0 <== osd.12 192.168.253.205:6814/641212 1 ==== auth(proto 0 27 bytes epoch 14) v1 ==== 57+0+0 (2274412844 0 0) 0x560105492b40 con 0x56010545b800
2019-03-02 18:53:19.133172 7fe359f02700 5 mon.storage01roc@3(electing) e14 waitlisting message auth(proto 0 27 bytes epoch 14) v1
2019-03-02 18:53:19.133305 7fe35d709700 1 -- 192.168.253.203:6789/0 >> - conn(0x56010545e800 :6789 s=STATE_ACCEPTING pgs=0 cs=0 l=0)._process_connection sd=53 -
2019-03-02 18:53:19.133498 7fe3576fd700 1 -- 192.168.253.203:6789/0 >> - conn(0x5601056f4000 :6789 s=STATE_ACCEPTING pgs=0 cs=0 l=0)._process_connection sd=54 -
2019-03-02 18:53:19.133521 7fe356efc700 2 -- 192.168.253.203:6789/0 >> 192.168.253.164:6806/342760 conn(0x56010545d000 :6789 s=STATE_ACCEPTING_WAIT_SEQ pgs=353413 cs=1 l=1).handle_connect_msg accept write reply msg done
2019-03-02 18:53:19.133639 7fe3576fd700 2 -- 192.168.253.203:6789/0 >> 192.168.253.32:0/360631102 conn(0x5601056f4000 :6789 s=STATE_ACCEPTING_WAIT_SEQ pgs=2943 cs=1 l=1).handle_connect_msg accept write reply msg done
2019-03-02 18:53:19.133696 7fe3576fd700 2 -- 192.168.253.203:6789/0 >> 192.168.253.32:0/360631102 conn(0x5601056f4000 :6789 s=STATE_ACCEPTING_WAIT_SEQ pgs=2943 cs=1 l=1)._process_connection accept get newly_acked_seq 0
2019-03-02 18:53:19.133747 7fe3576fd700 5 -- 192.168.253.203:6789/0 >> 192.168.253.32:0/360631102 conn(0x5601056f4000 :6789 s=STATE_OPEN_MESSAGE_READ_FOOTER_AND_DISPATCH pgs=2943 cs=1 l=1). rx client.8775228 seq 1 0x560105493440 auth(proto 0 34 bytes epoch 14) v1
2019-03-02 18:53:19.133760 7fe356efc700 1 -- 192.168.253.203:6789/0 >> - conn(0x5601056f5800 :6789 s=STATE_ACCEPTING pgs=0 cs=0 l=0)._process_connection sd=55 -
2019-03-02 18:53:19.133767 7fe3576fd700 1 -- 192.168.253.203:6789/0 >> - conn(0x5601056f7000 :6789 s=STATE_ACCEPTING pgs=0 cs=0 l=0)._process_connection sd=56 -
2019-03-02 18:53:19.133764 7fe359f02700 1 -- 192.168.253.203:6789/0 <== client.8775228 192.168.253.32:0/360631102 1 ==== auth(proto 0 34 bytes epoch 14) v1 ==== 64+0+0 (1894617780 0 0) 0x560105493440 con 0x5601056f4000
2019-03-02 18:53:19.133800 7fe356efc700 1 -- 192.168.253.203:6789/0 >> - conn(0x5601056f8800 :6789 s=STATE_ACCEPTING pgs=0 cs=0 l=0)._process_connection sd=57 -
2019-03-02 18:53:19.133803 7fe359f02700 5 mon.storage01roc@3(electing) e14 waitlisting message auth(proto 0 34 bytes epoch 14) v1
2019-03-02 18:53:19.133835 7fe35d709700 2 -- 192.168.253.203:6789/0 >> 192.168.253.163:6812/345669 conn(0x56010545e800 :6789 s=STATE_ACCEPTING_WAIT_SEQ pgs=504598 cs=1 l=1).handle_connect_msg accept write reply msg done
2019-03-02 18:53:19.133853 7fe35d709700 1 -- 192.168.253.203:6789/0 >> - conn(0x560105758000 :6789 s=STATE_ACCEPTING pgs=0 cs=0 l=0)._process_connection sd=58 -
2019-03-02 18:53:19.133927 7fe356efc700 2 -- 192.168.253.203:6789/0 >> 192.168.253.46:0/836723901 conn(0x5601056f5800 :6789 s=STATE_ACCEPTING_WAIT_SEQ pgs=49224 cs=1 l=1).handle_connect_msg accept write reply msg done
2019-03-02 18:53:19.133966 7fe35d709700 2 -- 192.168.253.203:6789/0 >> 192.168.253.32:0/614279813 conn(0x560105758000 :6789 s=STATE_ACCEPTING_WAIT_SEQ pgs=7222 cs=1 l=1).handle_connect_msg accept write reply msg done
2019-03-02 18:53:19.133970 7fe356efc700 2 -- 192.168.253.203:6789/0 >> 192.168.253.164:6806/342760 conn(0x56010545d000 :6789 s=STATE_ACCEPTING_WAIT_SEQ pgs=353413 cs=1 l=1)._process_connection accept get newly_acked_seq 0
2019-03-02 18:53:19.133999 7fe356efc700 5 -- 192.168.253.203:6789/0 >> 192.168.253.164:6806/342760 conn(0x56010545d000 :6789 s=STATE_OPEN_MESSAGE_READ_FOOTER_AND_DISPATCH pgs=353413 cs=1 l=1). rx osd.0 seq 1 0x560105493d40 auth(proto 0 26 bytes epoch 14) v1
2019-03-02 18:53:19.134025 7fe356efc700 2 -- 192.168.253.203:6789/0 >> 192.168.253.46:0/836723901 conn(0x5601056f5800 :6789 s=STATE_ACCEPTING_WAIT_SEQ pgs=49224 cs=1 l=1)._process_connection accept get newly_acked_seq 0
2019-03-02 18:53:19.134022 7fe359f02700 1 -- 192.168.253.203:6789/0 <== osd.0 192.168.253.164:6806/342760 1 ==== auth(proto 0 26 bytes epoch 14) v1 ==== 56+0+0 (2286119786 0 0) 0x560105493d40 con 0x56010545d000
2019-03-02 18:53:19.134038 7fe359f02700 5 mon.storage01roc@3(electing) e14 waitlisting message auth(proto 0 26 bytes epoch 14) v1
2019-03-02 18:53:19.134047 7fe35d709700 2 -- 192.168.253.203:6789/0 >> 192.168.253.32:0/614279813 conn(0x560105758000 :6789 s=STATE_ACCEPTING_WAIT_SEQ pgs=7222 cs=1 l=1)._process_connection accept get newly_acked_seq 0
2019-03-02 18:53:19.134085 7fe356efc700 5 -- 192.168.253.203:6789/0 >> 192.168.253.46:0/836723901 conn(0x5601056f5800 :6789 s=STATE_OPEN_MESSAGE_READ_FOOTER_AND_DISPATCH pgs=49224 cs=1 l=1). rx client.8947140 seq 1 0x560105434000 auth(proto 0 38 bytes epoch 14) v1
2019-03-02 18:53:19.134101 7fe359f02700 1 -- 192.168.253.203:6789/0 <== client.8947140 192.168.253.46:0/836723901 1 ==== auth(proto 0 38 bytes epoch 14) v1 ==== 68+0+0 (3760714466 0 0) 0x560105434000 con 0x5601056f5800
2019-03-02 18:53:19.134107 7fe35d709700 5 -- 192.168.253.203:6789/0 >> 192.168.253.32:0/614279813 conn(0x560105758000 :6789 s=STATE_OPEN_MESSAGE_READ_FOOTER_AND_DISPATCH pgs=7222 cs=1 l=1). rx client.8204779 seq 1 0x560105434b40 auth(proto 0 34 bytes epoch 14) v1
2019-03-02 18:53:19.134117 7fe359f02700 5 mon.storage01roc@3(electing) e14 waitlisting message auth(proto 0 38 bytes epoch 14) v1
2019-03-02 18:53:19.134120 7fe359f02700 1 -- 192.168.253.203:6789/0 <== client.8204779 192.168.253.32:0/614279813 1 ==== auth(proto 0 34 bytes epoch 14) v1 ==== 64+0+0 (3816987468 0 0) 0x560105434b40 con 0x560105758000
2019-03-02 18:53:19.134127 7fe359f02700 5 mon.storage01roc@3(electing) e14 waitlisting message auth(proto 0 34 bytes epoch 14) v1
2019-03-02 18:53:19.134254 7fe3576fd700 1 -- 192.168.253.203:6789/0 >> - conn(0x560105759800 :6789 s=STATE_ACCEPTING pgs=0 cs=0 l=0)._process_connection sd=59 -
2019-03-02 18:53:19.134305 7fe35d709700 2 -- 192.168.253.203:6789/0 >> 192.168.253.163:6812/345669 conn(0x56010545e800 :6789 s=STATE_ACCEPTING_WAIT_SEQ pgs=504598 cs=1 l=1)._process_connection accept get newly_acked_seq 0
2019-03-02 18:53:19.134315 7fe356efc700 2 -- 192.168.253.203:6789/0 >> 192.168.253.165:6812/710509 conn(0x5601056f8800 :6789 s=STATE_ACCEPTING_WAIT_SEQ pgs=411209 cs=1 l=1).handle_connect_msg accept write reply msg done
2019-03-02 18:53:19.134342 7fe35d709700 5 -- 192.168.253.203:6789/0 >> 192.168.253.163:6812/345669 conn(0x56010545e800 :6789 s=STATE_OPEN_MESSAGE_READ_FOOTER_AND_DISPATCH pgs=504598 cs=1 l=1). rx osd.8 seq 1 0x560105434d80 auth(proto 0 26 bytes epoch 14) v1
2019-03-02 18:53:19.134356 7fe359f02700 1 -- 192.168.253.203:6789/0 <== osd.8 192.168.253.163:6812/345669 1 ==== auth(proto 0 26 bytes epoch 14) v1 ==== 56+0+0 (1449422260 0 0) 0x560105434d80 con 0x56010545e800
2019-03-02 18:53:19.134373 7fe359f02700 5 mon.storage01roc@3(electing) e14 waitlisting message auth(proto 0 26 bytes epoch 14) v1
2019-03-02 18:53:19.134397 7fe3576fd700 2 -- 192.168.253.203:6789/0 >> 192.168.253.39:0/282811283 conn(0x5601056f7000 :6789 s=STATE_ACCEPTING_WAIT_SEQ pgs=2894 cs=1 l=1).handle_connect_msg accept write reply msg done
2019-03-02 18:53:19.134429 7fe3576fd700 2 -- 192.168.253.203:6789/0 >> 192.168.253.46:0/2587405440 conn(0x560105759800 :6789 s=STATE_ACCEPTING_WAIT_SEQ pgs=6880 cs=1 l=1).handle_connect_msg accept write reply msg done
2019-03-02 18:53:19.134495 7fe3576fd700 2 -- 192.168.253.203:6789/0 >> 192.168.253.46:0/2587405440 conn(0x560105759800 :6789 s=STATE_ACCEPTING_WAIT_SEQ pgs=6880 cs=1 l=1)._process_connection accept get newly_acked_seq 0
2019-03-02 18:53:19.134571 7fe3576fd700 5 -- 192.168.253.203:6789/0 >> 192.168.253.46:0/2587405440 conn(0x560105759800 :6789 s=STATE_OPEN_MESSAGE_READ_FOOTER_AND_DISPATCH pgs=6880 cs=1 l=1). rx client.8945978 seq 1 0x560105493680 auth(proto 0 38 bytes epoch 14) v1
2019-03-02 18:53:19.134586 7fe359f02700 1 -- 192.168.253.203:6789/0 <== client.8945978 192.168.253.46:0/2587405440 1 ==== auth(proto 0 38 bytes epoch 14) v1 ==== 68+0+0 (434972468 0 0) 0x560105493680 con 0x560105759800
2019-03-02 18:53:19.134600 7fe359f02700 5 mon.storage01roc@3(electing) e14 waitlisting message auth(proto 0 38 bytes epoch 14) v1
2019-03-02 18:53:19.134803 7fe356efc700 2 -- 192.168.253.203:6789/0 >> 192.168.253.165:6812/710509 conn(0x5601056f8800 :6789 s=STATE_ACCEPTING_WAIT_SEQ pgs=411209 cs=1 l=1)._process_connection accept get newly_acked_seq 0
2019-03-02 18:53:19.134840 7fe356efc700 5 -- 192.168.253.203:6789/0 >> 192.168.253.165:6812/710509 conn(0x5601056f8800 :6789 s=STATE_OPEN_MESSAGE_READ_FOOTER_AND_DISPATCH pgs=411209 cs=1 l=1). rx osd.45 seq 1 0x560105434240 auth(proto 0 27 bytes epoch 14) v1
2019-03-02 18:53:19.134854 7fe359f02700 1 -- 192.168.253.203:6789/0 <== osd.45 192.168.253.165:6812/710509 1 ==== auth(proto 0 27 bytes epoch 14) v1 ==== 57+0+0 (2375892178 0 0) 0x560105434240 con 0x5601056f8800
2019-03-02 18:53:19.134862 7fe359f02700 5 mon.storage01roc@3(electing) e14 waitlisting message auth(proto 0 27 bytes epoch 14) v1
2019-03-02 18:53:19.134919 7fe3576fd700 2 -- 192.168.253.203:6789/0 >> 192.168.253.39:0/282811283 conn(0x5601056f7000 :6789 s=STATE_ACCEPTING_WAIT_SEQ pgs=2894 cs=1 l=1)._process_connection accept get newly_acked_seq 0
2019-03-02 18:53:19.135009 7fe3576fd700 5 -- 192.168.253.203:6789/0 >> 192.168.253.39:0/282811283 conn(0x5601056f7000 :6789 s=STATE_OPEN_MESSAGE_READ_FOOTER_AND_DISPATCH pgs=2894 cs=1 l=1). rx client.8112890 seq 1 0x5601054938c0 auth(proto 0 34 bytes epoch 14) v1
2019-03-02 18:53:19.135023 7fe359f02700 1 -- 192.168.253.203:6789/0 <== client.8112890 192.168.253.39:0/282811283 1 ==== auth(proto 0 34 bytes epoch 14) v1 ==== 64+0+0 (435497577 0 0) 0x5601054938c0 con 0x5601056f7000
2019-03-02 18:53:19.135028 7fe359f02700 5 mon.storage01roc@3(electing) e14 waitlisting message auth(proto 0 34 bytes epoch 14) v1
2019-03-02 18:53:19.292967 7fe356efc700 1 -- 192.168.253.203:6789/0 >> - conn(0x56010575b000 :6789 s=STATE_ACCEPTING pgs=0 cs=0 l=0)._process_connection sd=60 -
2019-03-02 18:53:19.293498 7fe356efc700 2 -- 192.168.253.203:6789/0 >> 192.168.253.164:6808/605500 conn(0x56010575b000 :6789 s=STATE_ACCEPTING_WAIT_SEQ pgs=189842 cs=1 l=1).handle_connect_msg accept write reply msg done
2019-03-02 18:53:19.293957 7fe356efc700 2 -- 192.168.253.203:6789/0 >> 192.168.253.164:6808/605500 conn(0x56010575b000 :6789 s=STATE_ACCEPTING_WAIT_SEQ pgs=189842 cs=1 l=1)._process_connection accept get newly_acked_seq 0
2019-03-02 18:53:19.293985 7fe356efc700 5 -- 192.168.253.203:6789/0 >> 192.168.253.164:6808/605500 conn(0x56010575b000 :6789 s=STATE_OPEN_MESSAGE_READ_FOOTER_AND_DISPATCH pgs=189842 cs=1 l=1). rx osd.14 seq 1 0x560105434480 auth(proto 0 27 bytes epoch 14) v1
2019-03-02 18:53:19.293999 7fe359f02700 1 -- 192.168.253.203:6789/0 <== osd.14 192.168.253.164:6808/605500 1 ==== auth(proto 0 27 bytes epoch 14) v1 ==== 57+0+0 (3917320626 0 0) 0x560105434480 con 0x56010575b000
2019-03-02 18:53:19.294016 7fe359f02700 5 mon.storage01roc@3(electing) e14 waitlisting message auth(proto 0 27 bytes epoch 14) v1
2019-03-02 18:53:19.391772 7fe356efc700 1 -- 192.168.253.203:6789/0 >> 192.168.253.163:6789/0 conn(0x560105672800 :-1 s=STATE_CONNECTING_RE pgs=0 cs=0 l=0)._process_connection reconnect failed
2019-03-02 18:53:19.391785 7fe356efc700 2 -- 192.168.253.203:6789/0 >> 192.168.253.163:6789/0 conn(0x560105672800 :-1 s=STATE_CONNECTING_RE pgs=0 cs=0 l=0)._process_connection connection refused!
2019-03-02 18:53:19.391785 7fe3576fd700 1 -- 192.168.253.203:6789/0 >> 192.168.253.164:6789/0 conn(0x560105674000 :-1 s=STATE_CONNECTING_RE pgs=0 cs=0 l=0)._process_connection reconnect failed
2019-03-02 18:53:19.391799 7fe3576fd700 2 -- 192.168.253.203:6789/0 >> 192.168.253.164:6789/0 conn(0x560105674000 :-1 s=STATE_CONNECTING_RE pgs=0 cs=0 l=0)._process_connection connection refused!
2019-03-02 18:53:19.392773 7fe35d709700 1 -- 192.168.253.203:6789/0 >> 192.168.253.165:6789/0 conn(0x560105675800 :-1 s=STATE_CONNECTING_RE pgs=0 cs=0 l=0)._process_connection reconnect failed
2019-03-02 18:53:19.392785 7fe35d709700 2 -- 192.168.253.203:6789/0 >> 192.168.253.165:6789/0 conn(0x560105675800 :-1 s=STATE_CONNECTING_RE pgs=0 cs=0 l=0)._process_connection connection refused!
2019-03-02 18:53:19.782889 7fe3576fd700 1 -- 192.168.253.203:6789/0 >> 192.168.253.205:6814/641212 conn(0x56010545b800 :6789 s=STATE_OPEN pgs=96529 cs=1 l=1).read_bulk peer close file descriptor 51
2019-03-02 18:53:19.782904 7fe3576fd700 1 -- 192.168.253.203:6789/0 >> 192.168.253.205:6814/641212 conn(0x56010545b800 :6789 s=STATE_OPEN pgs=96529 cs=1 l=1).read_until read failed
2019-03-02 18:53:19.782916 7fe3576fd700 1 -- 192.168.253.203:6789/0 >> 192.168.253.205:6814/641212 conn(0x56010545b800 :6789 s=STATE_OPEN pgs=96529 cs=1 l=1).process read tag failed
2019-03-02 18:53:19.782923 7fe3576fd700 1 -- 192.168.253.203:6789/0 >> 192.168.253.205:6814/641212 conn(0x56010545b800 :6789 s=STATE_OPEN pgs=96529 cs=1 l=1).fault on lossy channel, failing
2019-03-02 18:53:19.782928 7fe3576fd700 2 -- 192.168.253.203:6789/0 >> 192.168.253.205:6814/641212 conn(0x56010545b800 :6789 s=STATE_OPEN pgs=96529 cs=1 l=1)._stop
2019-03-02 18:53:19.861758 7fe356efc700 1 -- 192.168.253.203:6789/0 >> 192.168.253.163:0/2778817751 conn(0x56010563c800 :6789 s=STATE_OPEN pgs=3774 cs=1 l=1).read_bulk peer close file descriptor 49
2019-03-02 18:53:19.861771 7fe356efc700 1 -- 192.168.253.203:6789/0 >> 192.168.253.163:0/2778817751 conn(0x56010563c800 :6789 s=STATE_OPEN pgs=3774 cs=1 l=1).read_until read failed
2019-03-02 18:53:19.861780 7fe356efc700 1 -- 192.168.253.203:6789/0 >> 192.168.253.163:0/2778817751 conn(0x56010563c800 :6789 s=STATE_OPEN pgs=3774 cs=1 l=1).process read tag failed
2019-03-02 18:53:19.861787 7fe356efc700 1 -- 192.168.253.203:6789/0 >> 192.168.253.163:0/2778817751 conn(0x56010563c800 :6789 s=STATE_OPEN pgs=3774 cs=1 l=1).fault on lossy channel, failing
2019-03-02 18:53:19.861792 7fe356efc700 2 -- 192.168.253.203:6789/0 >> 192.168.253.163:0/2778817751 conn(0x56010563c800 :6789 s=STATE_OPEN pgs=3774 cs=1 l=1)._stop
2019-03-02 18:53:19.862298 7fe356efc700 1 -- 192.168.253.203:6789/0 >> - conn(0x56010575c800 :6789 s=STATE_ACCEPTING pgs=0 cs=0 l=0)._process_connection sd=49 -
2019-03-02 18:53:19.862849 7fe356efc700 2 -- 192.168.253.203:6789/0 >> 192.168.253.163:0/2778817751 conn(0x56010575c800 :6789 s=STATE_ACCEPTING_WAIT_SEQ pgs=3778 cs=1 l=1).handle_connect_msg accept write reply msg done
2019-03-02 18:53:19.863299 7fe356efc700 2 -- 192.168.253.203:6789/0 >> 192.168.253.163:0/2778817751 conn(0x56010575c800 :6789 s=STATE_ACCEPTING_WAIT_SEQ pgs=3778 cs=1 l=1)._process_connection accept get newly_acked_seq 0
2019-03-02 18:53:19.863331 7fe356efc700 5 -- 192.168.253.203:6789/0 >> 192.168.253.163:0/2778817751 conn(0x56010575c800 :6789 s=STATE_OPEN_MESSAGE_READ_FOOTER_AND_DISPATCH pgs=3778 cs=1 l=1). rx client.9267543 seq 1 0x5601054346c0 auth(proto 0 37 bytes epoch 14) v1
2019-03-02 18:53:19.863352 7fe359f02700 1 -- 192.168.253.203:6789/0 <== client.9267543 192.168.253.163:0/2778817751 1 ==== auth(proto 0 37 bytes epoch 14) v1 ==== 67+0+0 (3305926266 0 0) 0x5601054346c0 con 0x56010575c800
2019-03-02 18:53:19.863374 7fe359f02700 5 mon.storage01roc@3(electing) e14 waitlisting message auth(proto 0 37 bytes epoch 14) v1
2019-03-02 18:53:19.891302 7fe35d709700 1 -- 192.168.253.203:6789/0 >> 192.168.253.164:6802/541834 conn(0x56010543b800 :6789 s=STATE_OPEN pgs=279117 cs=1 l=1).read_bulk peer close file descriptor 10
2019-03-02 18:53:19.891314 7fe35d709700 1 -- 192.168.253.203:6789/0 >> 192.168.253.164:6802/541834 conn(0x56010543b800 :6789 s=STATE_OPEN pgs=279117 cs=1 l=1).read_until read failed
2019-03-02 18:53:19.891319 7fe35d709700 1 -- 192.168.253.203:6789/0 >> 192.168.253.164:6802/541834 conn(0x56010543b800 :6789 s=STATE_OPEN pgs=279117 cs=1 l=1).process read tag failed
2019-03-02 18:53:19.891322 7fe35d709700 1 -- 192.168.253.203:6789/0 >> 192.168.253.164:6802/541834 conn(0x56010543b800 :6789 s=STATE_OPEN pgs=279117 cs=1 l=1).fault on lossy channel, failing
2019-03-02 18:53:19.891325 7fe35d709700 2 -- 192.168.253.203:6789/0 >> 192.168.253.164:6802/541834 conn(0x56010543b800 :6789 s=STATE_OPEN pgs=279117 cs=1 l=1)._stop
2019-03-02 18:53:19.891847 7fe35d709700 1 -- 192.168.253.203:6789/0 >> - conn(0x560105772000 :6789 s=STATE_ACCEPTING pgs=0 cs=0 l=0)._process_connection sd=10 -
2019-03-02 18:53:19.892399 7fe35d709700 2 -- 192.168.253.203:6789/0 >> 192.168.253.164:6802/541834 conn(0x560105772000 :6789 s=STATE_ACCEPTING_WAIT_SEQ pgs=279118 cs=1 l=1).handle_connect_msg accept write reply msg done
2019-03-02 18:53:19.892857 7fe35d709700 2 -- 192.168.253.203:6789/0 >> 192.168.253.164:6802/541834 conn(0x560105772000 :6789 s=STATE_ACCEPTING_WAIT_SEQ pgs=279118 cs=1 l=1)._process_connection accept get newly_acked_seq 0
2019-03-02 18:53:19.892885 7fe35d709700 5 -- 192.168.253.203:6789/0 >> 192.168.253.164:6802/541834 conn(0x560105772000 :6789 s=STATE_OPEN_MESSAGE_READ_FOOTER_AND_DISPATCH pgs=279118 cs=1 l=1). rx osd.40 seq 1 0x560105434fc0 auth(proto 0 27 bytes epoch 14) v1
2019-03-02 18:53:19.892907 7fe359f02700 1 -- 192.168.253.203:6789/0 <== osd.40 192.168.253.164:6802/541834 1 ==== auth(proto 0 27 bytes epoch 14) v1 ==== 57+0+0 (3408158408 0 0) 0x560105434fc0 con 0x560105772000
2019-03-02 18:53:19.892926 7fe359f02700 5 mon.storage01roc@3(electing) e14 waitlisting message auth(proto 0 27 bytes epoch 14) v1
2019-03-02 18:53:20.187672 7fe356efc700 1 -- 192.168.253.203:6789/0 >> - conn(0x560105773800 :6789 s=STATE_ACCEPTING pgs=0 cs=0 l=0)._process_connection sd=51 -
2019-03-02 18:53:20.187740 7fe356efc700 2 -- 192.168.253.203:6789/0 >> 192.168.253.203:6800/259757 conn(0x560105773800 :6789 s=STATE_ACCEPTING_WAIT_SEQ pgs=89395 cs=1 l=1).handle_connect_msg accept write reply msg done
2019-03-02 18:53:20.187749 7fe356efc700 2 -- 192.168.253.203:6789/0 >> 192.168.253.203:6800/259757 conn(0x560105773800 :6789 s=STATE_ACCEPTING_WAIT_SEQ pgs=89395 cs=1 l=1)._process_connection accept get newly_acked_seq 0
2019-03-02 18:53:20.187790 7fe356efc700 5 -- 192.168.253.203:6789/0 >> 192.168.253.203:6800/259757 conn(0x560105773800 :6789 s=STATE_OPEN_MESSAGE_READ_FOOTER_AND_DISPATCH pgs=89395 cs=1 l=1). rx osd.3 seq 1 0x560105434900 auth(proto 0 26 bytes epoch 14) v1
2019-03-02 18:53:20.187808 7fe359f02700 1 -- 192.168.253.203:6789/0 <== osd.3 192.168.253.203:6800/259757 1 ==== auth(proto 0 26 bytes epoch 14) v1 ==== 56+0+0 (2020154301 0 0) 0x560105434900 con 0x560105773800
2019-03-02 18:53:20.187826 7fe359f02700 5 mon.storage01roc@3(electing) e14 waitlisting message auth(proto 0 26 bytes epoch 14) v1
2019-03-02 18:53:20.527395 7fe35d709700 1 -- 192.168.253.203:6789/0 >> - conn(0x560105775000 :6789 s=STATE_ACCEPTING pgs=0 cs=0 l=0)._process_connection sd=61 -
2019-03-02 18:53:20.527559 7fe35d709700 2 -- 192.168.253.203:6789/0 >> 192.168.253.43:0/94488736 conn(0x560105775000 :6789 s=STATE_ACCEPTING_WAIT_SEQ pgs=11207 cs=1 l=1).handle_connect_msg accept write reply msg done
2019-03-02 18:53:20.527629 7fe35d709700 2 -- 192.168.253.203:6789/0 >> 192.168.253.43:0/94488736 conn(0x560105775000 :6789 s=STATE_ACCEPTING_WAIT_SEQ pgs=11207 cs=1 l=1)._process_connection accept get newly_acked_seq 0
2019-03-02 18:53:20.527710 7fe35d709700 5 -- 192.168.253.203:6789/0 >> 192.168.253.43:0/94488736 conn(0x560105775000 :6789 s=STATE_OPEN_MESSAGE_READ_FOOTER_AND_DISPATCH pgs=11207 cs=1 l=1). rx client.8173839 seq 1 0x560105435200 auth(proto 0 38 bytes epoch 14) v1
2019-03-02 18:53:20.527730 7fe359f02700 1 -- 192.168.253.203:6789/0 <== client.8173839 192.168.253.43:0/94488736 1 ==== auth(proto 0 38 bytes epoch 14) v1 ==== 68+0+0 (2078396002 0 0) 0x560105435200 con 0x560105775000
2019-03-02 18:53:20.527747 7fe359f02700 5 mon.storage01roc@3(electing) e14 waitlisting message auth(proto 0 38 bytes epoch 14) v1
2019-03-02 18:53:20.738669 7fe3576fd700 1 -- 192.168.253.203:6789/0 >> 192.168.253.31:0/2755183883 conn(0x56010548d800 :6789 s=STATE_OPEN pgs=6 cs=1 l=1).read_bulk peer close file descriptor 43
2019-03-02 18:53:20.738683 7fe3576fd700 1 -- 192.168.253.203:6789/0 >> 192.168.253.31:0/2755183883 conn(0x56010548d800 :6789 s=STATE_OPEN pgs=6 cs=1 l=1).read_until read failed
2019-03-02 18:53:20.738694 7fe3576fd700 1 -- 192.168.253.203:6789/0 >> 192.168.253.31:0/2755183883 conn(0x56010548d800 :6789 s=STATE_OPEN pgs=6 cs=1 l=1).process read tag failed
2019-03-02 18:53:20.738701 7fe3576fd700 1 -- 192.168.253.203:6789/0 >> 192.168.253.31:0/2755183883 conn(0x56010548d800 :6789 s=STATE_OPEN pgs=6 cs=1 l=1).fault on lossy channel, failing
2019-03-02 18:53:20.738707 7fe3576fd700 2 -- 192.168.253.203:6789/0 >> 192.168.253.31:0/2755183883 conn(0x56010548d800 :6789 s=STATE_OPEN pgs=6 cs=1 l=1)._stop
2019-03-02 18:53:20.753597 7fe3576fd700 1 -- 192.168.253.203:6789/0 >> - conn(0x560105776800 :6789 s=STATE_ACCEPTING pgs=0 cs=0 l=0)._process_connection sd=43 -
2019-03-02 18:53:20.753639 7fe3576fd700 1 -- 192.168.253.203:6789/0 >> - conn(0x560105788000 :6789 s=STATE_ACCEPTING pgs=0 cs=0 l=0)._process_connection sd=62 -
2019-03-02 18:53:20.754182 7fe3576fd700 2 -- 192.168.253.203:6789/0 >> 192.168.253.37:0/3202181189 conn(0x560105776800 :6789 s=STATE_ACCEPTING_WAIT_SEQ pgs=12571 cs=1 l=1).handle_connect_msg accept write reply msg done
2019-03-02 18:53:20.754213 7fe3576fd700 2 -- 192.168.253.203:6789/0 >> 192.168.253.37:0/3953751394 conn(0x560105788000 :6789 s=STATE_ACCEPTING_WAIT_SEQ pgs=4540 cs=1 l=1).handle_connect_msg accept write reply msg done
2019-03-02 18:53:20.754755 7fe3576fd700 2 -- 192.168.253.203:6789/0 >> 192.168.253.37:0/3202181189 conn(0x560105776800 :6789 s=STATE_ACCEPTING_WAIT_SEQ pgs=12571 cs=1 l=1)._process_connection accept get newly_acked_seq 0
2019-03-02 18:53:20.754777 7fe3576fd700 2 -- 192.168.253.203:6789/0 >> 192.168.253.37:0/3953751394 conn(0x560105788000 :6789 s=STATE_ACCEPTING_WAIT_SEQ pgs=4540 cs=1 l=1)._process_connection accept get newly_acked_seq 0
2019-03-02 18:53:20.754825 7fe3576fd700 5 -- 192.168.253.203:6789/0 >> 192.168.253.37:0/3202181189 conn(0x560105776800 :6789 s=STATE_OPEN_MESSAGE_READ_FOOTER_AND_DISPATCH pgs=12571 cs=1 l=1). rx client.9189323 seq 1 0x560105493b00 auth(proto 0 38 bytes epoch 14) v1
2019-03-02 18:53:20.754839 7fe359f02700 1 -- 192.168.253.203:6789/0 <== client.9189323 192.168.253.37:0/3202181189 1 ==== auth(proto 0 38 bytes epoch 14) v1 ==== 68+0+0 (4053673190 0 0) 0x560105493b00 con 0x560105776800
2019-03-02 18:53:20.754859 7fe359f02700 5 mon.storage01roc@3(electing) e14 waitlisting message auth(proto 0 38 bytes epoch 14) v1
2019-03-02 18:53:20.754860 7fe3576fd700 5 -- 192.168.253.203:6789/0 >> 192.168.253.37:0/3953751394 conn(0x560105788000 :6789 s=STATE_OPEN_MESSAGE_READ_FOOTER_AND_DISPATCH pgs=4540 cs=1 l=1). rx client.9189330 seq 1 0x560105435440 auth(proto 0 38 bytes epoch 14) v1
2019-03-02 18:53:20.754872 7fe359f02700 1 -- 192.168.253.203:6789/0 <== client.9189330 192.168.253.37:0/3953751394 1 ==== auth(proto 0 38 bytes epoch 14) v1 ==== 68+0+0 (1470431156 0 0) 0x560105435440 con 0x560105788000
2019-03-02 18:53:20.754881 7fe359f02700 5 mon.storage01roc@3(electing) e14 waitlisting message auth(proto 0 38 bytes epoch 14) v1
2019-03-02 18:53:20.811243 7fe356efc700 1 -- 192.168.253.203:6789/0 >> - conn(0x560105789800 :6789 s=STATE_ACCEPTING pgs=0 cs=0 l=0)._process_connection sd=63 -
2019-03-02 18:53:20.811396 7fe356efc700 2 -- 192.168.253.203:6789/0 >> 192.168.253.43:0/1267131636 conn(0x560105789800 :6789 s=STATE_ACCEPTING_WAIT_SEQ pgs=6463 cs=1 l=1).handle_connect_msg accept write reply msg done
2019-03-02 18:53:20.811494 7fe356efc700 2 -- 192.168.253.203:6789/0 >> 192.168.253.43:0/1267131636 conn(0x560105789800 :6789 s=STATE_ACCEPTING_WAIT_SEQ pgs=6463 cs=1 l=1)._process_connection accept get newly_acked_seq 0
2019-03-02 18:53:20.811612 7fe356efc700 5 -- 192.168.253.203:6789/0 >> 192.168.253.43:0/1267131636 conn(0x560105789800 :6789 s=STATE_OPEN_MESSAGE_READ_FOOTER_AND_DISPATCH pgs=6463 cs=1 l=1). rx client.8173846 seq 1 0x560105794000 auth(proto 0 38 bytes epoch 14) v1
2019-03-02 18:53:20.811633 7fe359f02700 1 -- 192.168.253.203:6789/0 <== client.8173846 192.168.253.43:0/1267131636 1 ==== auth(proto 0 38 bytes epoch 14) v1 ==== 68+0+0 (3722122544 0 0) 0x560105794000 con 0x560105789800
2019-03-02 18:53:20.811650 7fe359f02700 5 mon.storage01roc@3(electing) e14 waitlisting message auth(proto 0 38 bytes epoch 14) v1
2019-03-02 18:53:20.991777 7fe3576fd700 1 -- 192.168.253.203:6789/0 >> 192.168.253.164:6789/0 conn(0x560105674000 :-1 s=STATE_CONNECTING_RE pgs=0 cs=0 l=0)._process_connection reconnect failed
2019-03-02 18:53:20.991778 7fe356efc700 1 -- 192.168.253.203:6789/0 >> 192.168.253.163:6789/0 conn(0x560105672800 :-1 s=STATE_CONNECTING_RE pgs=0 cs=0 l=0)._process_connection reconnect failed
2019-03-02 18:53:20.991792 7fe3576fd700 2 -- 192.168.253.203:6789/0 >> 192.168.253.164:6789/0 conn(0x560105674000 :-1 s=STATE_CONNECTING_RE pgs=0 cs=0 l=0)._process_connection connection refused!
2019-03-02 18:53:20.991794 7fe356efc700 2 -- 192.168.253.203:6789/0 >> 192.168.253.163:6789/0 conn(0x560105672800 :-1 s=STATE_CONNECTING_RE pgs=0 cs=0 l=0)._process_connection connection refused!
2019-03-02 18:53:20.992771 7fe35d709700 1 -- 192.168.253.203:6789/0 >> 192.168.253.165:6789/0 conn(0x560105675800 :-1 s=STATE_CONNECTING_RE pgs=0 cs=0 l=0)._process_connection reconnect failed
2019-03-02 18:53:20.992782 7fe35d709700 2 -- 192.168.253.203:6789/0 >> 192.168.253.165:6789/0 conn(0x560105675800 :-1 s=STATE_CONNECTING_RE pgs=0 cs=0 l=0)._process_connection connection refused!
2019-03-02 18:53:21.177128 7fe35d709700 1 -- 192.168.253.203:6789/0 >> 192.168.253.35:0/3362670835 conn(0x56010548c000 :6789 s=STATE_OPEN pgs=14 cs=1 l=1).read_bulk peer close file descriptor 42
2019-03-02 18:53:21.177141 7fe35d709700 1 -- 192.168.253.203:6789/0 >> 192.168.253.35:0/3362670835 conn(0x56010548c000 :6789 s=STATE_OPEN pgs=14 cs=1 l=1).read_until read failed
2019-03-02 18:53:21.177145 7fe35d709700 1 -- 192.168.253.203:6789/0 >> 192.168.253.35:0/3362670835 conn(0x56010548c000 :6789 s=STATE_OPEN pgs=14 cs=1 l=1).process read tag failed
2019-03-02 18:53:21.177149 7fe35d709700 1 -- 192.168.253.203:6789/0 >> 192.168.253.35:0/3362670835 conn(0x56010548c000 :6789 s=STATE_OPEN pgs=14 cs=1 l=1).fault on lossy channel, failing
2019-03-02 18:53:21.177152 7fe35d709700 2 -- 192.168.253.203:6789/0 >> 192.168.253.35:0/3362670835 conn(0x56010548c000 :6789 s=STATE_OPEN pgs=14 cs=1 l=1)._stop
2019-03-02 18:53:21.192635 7fe35d709700 1 -- 192.168.253.203:6789/0 >> - conn(0x56010578b000 :6789 s=STATE_ACCEPTING pgs=0 cs=0 l=0)._process_connection sd=42 -
2019-03-02 18:53:21.193203 7fe35d709700 2 -- 192.168.253.203:6789/0 >> 192.168.253.44:0/219447902 conn(0x56010578b000 :6789 s=STATE_ACCEPTING_WAIT_SEQ pgs=54339 cs=1 l=1).handle_connect_msg accept write reply msg done
2019-03-02 18:53:21.193861 7fe35d709700 2 -- 192.168.253.203:6789/0 >> 192.168.253.44:0/219447902 conn(0x56010578b000 :6789 s=STATE_ACCEPTING_WAIT_SEQ pgs=54339 cs=1 l=1)._process_connection accept get newly_acked_seq 0
2019-03-02 18:53:21.194000 7fe35d709700 5 -- 192.168.253.203:6789/0 >> 192.168.253.44:0/219447902 conn(0x56010578b000 :6789 s=STATE_OPEN_MESSAGE_READ_FOOTER_AND_DISPATCH pgs=54339 cs=1 l=1). rx client.7893124 seq 1 0x560105794d80 auth(proto 0 38 bytes epoch 14) v1
2019-03-02 18:53:21.194022 7fe359f02700 1 -- 192.168.253.203:6789/0 <== client.7893124 192.168.253.44:0/219447902 1 ==== auth(proto 0 38 bytes epoch 14) v1 ==== 68+0+0 (3817785262 0 0) 0x560105794d80 con 0x56010578b000
2019-03-02 18:53:21.194041 7fe359f02700 5 mon.storage01roc@3(electing) e14 waitlisting message auth(proto 0 38 bytes epoch 14) v1
2019-03-02 18:53:21.281260 7fe356efc700 1 -- 192.168.253.203:6789/0 >> - conn(0x56010578c800 :6789 s=STATE_ACCEPTING pgs=0 cs=0 l=0)._process_connection sd=64 -
2019-03-02 18:53:21.281445 7fe356efc700 2 -- 192.168.253.203:6789/0 >> 192.168.253.46:0/2878661900 conn(0x56010578c800 :6789 s=STATE_ACCEPTING_WAIT_SEQ pgs=28 cs=1 l=1).handle_connect_msg accept write reply msg done
2019-03-02 18:53:21.281607 7fe356efc700 2 -- 192.168.253.203:6789/0 >> 192.168.253.46:0/2878661900 conn(0x56010578c800 :6789 s=STATE_ACCEPTING_WAIT_SEQ pgs=28 cs=1 l=1)._process_connection accept get newly_acked_seq 0
2019-03-02 18:53:21.281697 7fe356efc700 5 -- 192.168.253.203:6789/0 >> 192.168.253.46:0/2878661900 conn(0x56010578c800 :6789 s=STATE_OPEN_MESSAGE_READ_FOOTER_AND_DISPATCH pgs=28 cs=1 l=1). rx client.? seq 1 0x560105794240 auth(proto 0 34 bytes epoch 0) v1
2019-03-02 18:53:21.281719 7fe359f02700 1 -- 192.168.253.203:6789/0 <== client.? 192.168.253.46:0/2878661900 1 ==== auth(proto 0 34 bytes epoch 0) v1 ==== 64+0+0 (3805625626 0 0) 0x560105794240 con 0x56010578c800
2019-03-02 18:53:21.281737 7fe359f02700 5 mon.storage01roc@3(electing) e14 waitlisting message auth(proto 0 34 bytes epoch 0) v1
2019-03-02 18:53:21.985027 7fe35d709700 1 -- 192.168.253.203:6789/0 >> - conn(0x5601058f8000 :6789 s=STATE_ACCEPTING pgs=0 cs=0 l=0)._process_connection sd=65 -
2019-03-02 18:53:21.985125 7fe3576fd700 1 -- 192.168.253.203:6789/0 >> - conn(0x5601058f9800 :6789 s=STATE_ACCEPTING pgs=0 cs=0 l=0)._process_connection sd=66 -
2019-03-02 18:53:21.985617 7fe35d709700 2 -- 192.168.253.203:6789/0 >> 192.168.253.31:0/3482224786 conn(0x5601058f8000 :6789 s=STATE_ACCEPTING_WAIT_SEQ pgs=18715 cs=1 l=1).handle_connect_msg accept write reply msg done
2019-03-02 18:53:21.985681 7fe3576fd700 2 -- 192.168.253.203:6789/0 >> 192.168.253.31:0/3137663203 conn(0x5601058f9800 :6789 s=STATE_ACCEPTING_WAIT_SEQ pgs=13944 cs=1 l=1).handle_connect_msg accept write reply msg done
2019-03-02 18:53:21.986105 7fe35d709700 2 -- 192.168.253.203:6789/0 >> 192.168.253.31:0/3482224786 conn(0x5601058f8000 :6789 s=STATE_ACCEPTING_WAIT_SEQ pgs=18715 cs=1 l=1)._process_connection accept get newly_acked_seq 0
2019-03-02 18:53:21.986193 7fe35d709700 5 -- 192.168.253.203:6789/0 >> 192.168.253.31:0/3482224786 conn(0x5601058f8000 :6789 s=STATE_OPEN_MESSAGE_READ_FOOTER_AND_DISPATCH pgs=18715 cs=1 l=1). rx client.9201939 seq 1 0x560105794fc0 auth(proto 0 38 bytes epoch 14) v1
2019-03-02 18:53:21.986209 7fe359f02700 1 -- 192.168.253.203:6789/0 <== client.9201939 192.168.253.31:0/3482224786 1 ==== auth(proto 0 38 bytes epoch 14) v1 ==== 68+0+0 (875330357 0 0) 0x560105794fc0 con 0x5601058f8000
2019-03-02 18:53:21.986228 7fe359f02700 5 mon.storage01roc@3(electing) e14 waitlisting message auth(proto 0 38 bytes epoch 14) v1
2019-03-02 18:53:21.986266 7fe3576fd700 2 -- 192.168.253.203:6789/0 >> 192.168.253.31:0/3137663203 conn(0x5601058f9800 :6789 s=STATE_ACCEPTING_WAIT_SEQ pgs=13944 cs=1 l=1)._process_connection accept get newly_acked_seq 0
2019-03-02 18:53:21.986337 7fe3576fd700 5 -- 192.168.253.203:6789/0 >> 192.168.253.31:0/3137663203 conn(0x5601058f9800 :6789 s=STATE_OPEN_MESSAGE_READ_FOOTER_AND_DISPATCH pgs=13944 cs=1 l=1). rx client.9201946 seq 1 0x560105435680 auth(proto 0 38 bytes epoch 14) v1
2019-03-02 18:53:21.986354 7fe359f02700 1 -- 192.168.253.203:6789/0 <== client.9201946 192.168.253.31:0/3137663203 1 ==== auth(proto 0 38 bytes epoch 14) v1 ==== 68+0+0 (2336192628 0 0) 0x560105435680 con 0x5601058f9800
2019-03-02 18:53:21.986367 7fe359f02700 5 mon.storage01roc@3(electing) e14 waitlisting message auth(proto 0 38 bytes epoch 14) v1
2019-03-02 18:53:22.141538 7fe356efc700 5 -- 192.168.253.203:6789/0 >> 192.168.253.204:6789/0 conn(0x560105677000 :-1 s=STATE_OPEN_MESSAGE_READ_FOOTER_AND_DISPATCH pgs=9597 cs=1 l=0). rx mon.4 seq 1756793703 0x56010500af00 election(484eca8f-c17b-41fd-83eb-314052ccd8ea propose 58459) v7
2019-03-02 18:53:22.141575 7fe359f02700 1 -- 192.168.253.203:6789/0 <== mon.4 192.168.253.204:6789/0 1756793703 ==== election(484eca8f-c17b-41fd-83eb-314052ccd8ea propose 58459) v7 ==== 1023+0+0 (831641765 0 0) 0x56010500af00 con 0x560105677000
2019-03-02 18:53:22.141623 7fe359f02700 5 mon.storage01roc@3(electing).elector(58453) handle_propose from mon.4
2019-03-02 18:53:22.141840 7fe359f02700 0 log_channel(cluster) log [INF] : mon.storage01roc calling monitor election
2019-03-02 18:53:22.141849 7fe359f02700 1 -- 192.168.253.203:6789/0 --> 192.168.253.203:6789/0 -- log(1 entries from seq 2 at
2019-03-02 18:53:22.141845) v1 -- 0x5601057958c0 con 0
2019-03-02 18:53:22.141865 7fe359f02700 5 mon.storage01roc@3(electing).elector(58459) start -- can i be leader?
2019-03-02 18:53:22.141875 7fe359f02700 1 mon.storage01roc@3(electing).elector(58459) init, last seen epoch 58459, mid-election, bumping
2019-03-02 18:53:22.142435 7fe359f02700 1 -- 192.168.253.203:6789/0 _send_message--> mon.0 192.168.253.163:6789/0 -- election(484eca8f-c17b-41fd-83eb-314052ccd8ea propose 58461) v7 -- ?+0 0x56010500b800
2019-03-02 18:53:22.142447 7fe359f02700 1 -- 192.168.253.203:6789/0 --> 192.168.253.163:6789/0 -- election(484eca8f-c17b-41fd-83eb-314052ccd8ea propose 58461) v7 -- 0x56010500b800 con 0
2019-03-02 18:53:22.142464 7fe359f02700 1 -- 192.168.253.203:6789/0 _send_message--> mon.1 192.168.253.164:6789/0 -- election(484eca8f-c17b-41fd-83eb-314052ccd8ea propose 58461) v7 -- ?+0 0x56010500bb00
2019-03-02 18:53:22.142468 7fe359f02700 1 -- 192.168.253.203:6789/0 --> 192.168.253.164:6789/0 -- election(484eca8f-c17b-41fd-83eb-314052ccd8ea propose 58461) v7 -- 0x56010500bb00 con 0
2019-03-02 18:53:22.142499 7fe359f02700 1 -- 192.168.253.203:6789/0 _send_message--> mon.2 192.168.253.165:6789/0 -- election(484eca8f-c17b-41fd-83eb-314052ccd8ea propose 58461) v7 -- ?+0 0x560105908000
2019-03-02 18:53:22.142511 7fe359f02700 1 -- 192.168.253.203:6789/0 --> 192.168.253.165:6789/0 -- election(484eca8f-c17b-41fd-83eb-314052ccd8ea propose 58461) v7 -- 0x560105908000 con 0
2019-03-02 18:53:22.142535 7fe359f02700 1 -- 192.168.253.203:6789/0 _send_message--> mon.4 192.168.253.204:6789/0 -- election(484eca8f-c17b-41fd-83eb-314052ccd8ea propose 58461) v7 -- ?+0 0x560105908300
2019-03-02 18:53:22.142539 7fe359f02700 1 -- 192.168.253.203:6789/0 --> 192.168.253.204:6789/0 -- election(484eca8f-c17b-41fd-83eb-314052ccd8ea propose 58461) v7 -- 0x560105908300 con 0
2019-03-02 18:53:22.142552 7fe359f02700 1 -- 192.168.253.203:6789/0 _send_message--> mon.5 192.168.253.205:6789/0 -- election(484eca8f-c17b-41fd-83eb-314052ccd8ea propose 58461) v7 -- ?+0 0x560105908600
2019-03-02 18:53:22.142561 7fe359f02700 1 -- 192.168.253.203:6789/0 --> 192.168.253.205:6789/0 -- election(484eca8f-c17b-41fd-83eb-314052ccd8ea propose 58461) v7 -- 0x560105908600 con 0
2019-03-02 18:53:22.142580 7fe359f02700 1 -- 192.168.253.203:6789/0 _send_message--> mon.6 192.168.253.242:6789/0 -- election(484eca8f-c17b-41fd-83eb-314052ccd8ea propose 58461) v7 -- ?+0 0x560105908900
2019-03-02 18:53:22.142588 7fe359f02700 1 -- 192.168.253.203:6789/0 --> 192.168.253.242:6789/0 -- election(484eca8f-c17b-41fd-83eb-314052ccd8ea propose 58461) v7 -- 0x560105908900 con 0
2019-03-02 18:53:22.142613 7fe359f02700 1 -- 192.168.253.203:6789/0 <== mon.3 192.168.253.203:6789/0 0 ==== log(1 entries from seq 2 at
2019-03-02 18:53:22.141845) v1 ==== 0+0+0 (0 0 0) 0x5601057958c0 con 0x5601053ea000
2019-03-02 18:53:22.143244 7fe3576fd700 5 -- 192.168.253.203:6789/0 >> 192.168.253.205:6789/0 conn(0x560105678800 :-1 s=STATE_OPEN_MESSAGE_READ_FOOTER_AND_DISPATCH pgs=7287 cs=1 l=0). rx mon.5 seq 1798943792 0x560105908600 election(484eca8f-c17b-41fd-83eb-314052ccd8ea ack 58461) v7
