2018-06-08 20:43:38.740311 7f5250ff9700 20 librbd::io::AioCompletion: 0x563c6aa27f70 set_request_count: pending=1
2018-06-08 20:43:38.740313 7f5250ff9700 20 librbd::io::ImageRequest: 0x563c6a97e6d0 send_request: oid rbd_data.e15b8878902d5f.00000000000009e8 0~8388608 from [0,8388608]
2018-06-08 20:43:38.740316 7f5250ff9700 10 librbd::ImageCtx: prune_parent_extents image overlap 0, object overlap 0 from image extents []
2018-06-08 20:43:38.740326 7f5250ff9700 20 librbd::io::ObjectRequest: 0x7f524400f890 should_complete: rbd_data.e15b8878902d5f.00000000000009e2 0~8388608 r = -2
2018-06-08 20:43:38.740328 7f5250ff9700 20 librbd::io::ObjectRequest: 0x7f524400f890 should_complete: READ_FLAT
2018-06-08 20:43:38.740330 7f5250ff9700 20 librbd::io::ObjectRequest: 0x7f524400f890 complete:
2018-06-08 20:43:38.740331 7f5250ff9700 10 librbd::io::ReadResult: 0x7f52441653a0 finish: C_SparseReadRequestBase: r = -2
2018-06-08 20:43:38.740333 7f5250ff9700 10 librbd::io::ReadResult: 0x7f52441653a0 finish: got {} for [0,8388608] bl 0
2018-06-08 20:43:38.740336 7f5250ff9700 20 librbd::io::AioCompletion: 0x563c6aa2b1c0 complete_request: cb=1, pending=0
2018-06-08 20:43:38.740337 7f5250ff9700 20 librbd::io::AioCompletion: 0x563c6aa2b1c0 finalize: r=8388608
2018-06-08 20:43:38.740333 7f5272674d40 10 librbd: Image::aio_read() buf=0~0x7fffff
2018-06-08 20:43:38.740343 7f5272674d40 20 librbd::io::ImageRequestWQ: 0x563c6aa1fb10 aio_read: ictx=0x563c6aa1e700, completion=0x563c6aa20810, off=21281898496, len=8388608, flags=72
2018-06-08 20:43:38.740350 7f5272674d40 20 librbd::io::ImageRequestWQ: 0x563c6aa1fb10 queue: ictx=0x563c6aa1e700, req=0x563c6a97e6d0
2018-06-08 20:43:38.740562 7f52517fa700 20 librbdwriteback: aio_cb completing
2018-06-08 20:43:38.740577 7f52517fa700 10 librbd::ImageCtx: prune_parent_extents image overlap 0, object overlap 0 from image extents []
2018-06-08 20:43:38.740581 7f52517fa700 10 librbdwriteback: may_copy_on_write rbd_data.e15b8878902d5f.00000000000009e7 0~8388608 = 0
2018-06-08 20:43:38.740589 7f52517fa700 20 librbd::ObjectMap: 0x7f52440015f0 object_may_exist: object_no=2536 r=1
2018-06-08 20:43:38.740639 7f52517fa700 20 librbdwriteback: aio_cb finished
2018-06-08 20:43:38.740995 7f5250ff9700 20 librbd::io::ReadResult: 0x7f5250ff4ee0 operator(): moved resulting 8388608 bytes to bl 0x563c6a9d89e0
2018-06-08 20:43:38.741592 7f5250ff9700 20 librbd::io::AsyncOperation: 0x563c6aa2b2f8 finish_op
2018-06-08 20:43:38.741595 7f52517fa700 20 librbdwriteback: aio_cb completing
2018-06-08 20:43:38.741597 7f5250ff9700 20 librbd::io::AsyncOperation: 0x563c6aa20948 start_op
2018-06-08 20:43:38.741600 7f5250ff9700 20 librbd::io::ImageRequestWQ: 0x563c6aa1fb10 process: ictx=0x563c6aa1e700, req=0x563c6a97e6d0
2018-06-08 20:43:38.741602 7f5250ff9700 20 librbd::io::ImageRequest: 0x563c6a97e6d0 send: aio_read: ictx=0x563c6aa1e700, completion=0x563c6aa20810
2018-06-08 20:43:38.741607 7f5250ff9700 20 librbd::io::AioCompletion: 0x563c6aa20810 set_request_count: pending=1
2018-06-08 20:43:38.741608 7f52517fa700 10 librbd::ImageCtx: prune_parent_extents image overlap 0, object overlap 0 from image extents []
2018-06-08 20:43:38.741609 7f5250ff9700 20 librbd::io::ImageRequest: 0x563c6a97e6d0 send_request: oid rbd_data.e15b8878902d5f.00000000000009e9 0~8388608 from [0,8388608]
2018-06-08 20:43:38.741611 7f52517fa700 10 librbdwriteback: may_copy_on_write rbd_data.e15b8878902d5f.00000000000009e8 0~8388608 = 0
2018-06-08 20:43:38.741612 7f5250ff9700 10 librbd::ImageCtx: prune_parent_extents image overlap 0, object overlap 0 from image extents []
2018-06-08 20:43:38.741615 7f52517fa700 20 librbdwriteback: aio_cb finished
2018-06-08 20:43:38.741620 7f5250ff9700 20 librbd::ObjectMap: 0x7f52440015f0 object_may_exist: object_no=2537 r=1
2018-06-08 20:43:38.741630 7f5272674d40 10 librbd: Image::aio_read() buf=0~0x7fffff
2018-06-08 20:43:38.741639 7f5272674d40 20 librbd::io::ImageRequestWQ: 0x563c6aa1fb10 aio_read: ictx=0x563c6aa1e700, completion=0x563c6aa209c0, off=21290287104, len=8388608, flags=72
2018-06-08 20:43:38.741646 7f5272674d40 20 librbd::io::ImageRequestWQ: 0x563c6aa1fb10 queue: ictx=0x563c6aa1e700, req=0x563c6aa14100
2018-06-08 20:43:38.741664 7f5250ff9700 20 librbd::io::ObjectRequest: 0x7f5244054de0 should_complete: rbd_data.e15b8878902d5f.00000000000009e3 0~8388608 r = -2
2018-06-08 20:43:38.741667 7f5250ff9700 20 librbd::io::ObjectRequest: 0x7f5244054de0 should_complete: READ_FLAT
2018-06-08 20:43:38.741669 7f5250ff9700 20 librbd::io::ObjectRequest: 0x7f5244054de0 complete:
2018-06-08 20:43:38.741670 7f5250ff9700 10 librbd::io::ReadResult: 0x7f524404ad90 finish: C_SparseReadRequestBase: r = -2
2018-06-08 20:43:38.741671 7f5250ff9700 10 librbd::io::ReadResult: 0x7f524404ad90 finish: got {} for [0,8388608] bl 0
2018-06-08 20:43:38.741674 7f5250ff9700 20 librbd::io::AioCompletion: 0x563c6aa2b830 complete_request: cb=1, pending=0
2018-06-08 20:43:38.741675 7f5250ff9700 20 librbd::io::AioCompletion: 0x563c6aa2b830 finalize: r=8388608
2018-06-08 20:43:38.742159 7f52517fa700 20 librbdwriteback: aio_cb completing
2018-06-08 20:43:38.742177 7f52517fa700 10 librbd::ImageCtx: prune_parent_extents image overlap 0, object overlap 0 from image extents []
2018-06-08 20:43:38.742181 7f52517fa700 10 librbdwriteback: may_copy_on_write rbd_data.e15b8878902d5f.00000000000009e9 0~8388608 = 0
2018-06-08 20:43:38.742188 7f52517fa700 20 librbdwriteback: aio_cb finished
2018-06-08 20:43:38.742328 7f5250ff9700 20 librbd::io::ReadResult: 0x7f5250ff4ee0 operator(): moved resulting 8388608 bytes to bl 0x563c6aa0a800
2018-06-08 20:43:38.743039 7f5250ff9700 20 librbd::io::AsyncOperation: 0x563c6aa2b968 finish_op
2018-06-08 20:43:38.743049 7f5250ff9700 20 librbd::io::AsyncOperation: 0x563c6aa20af8 start_op
2018-06-08 20:43:38.743051 7f5250ff9700 20 librbd::io::ImageRequestWQ: 0x563c6aa1fb10 process: ictx=0x563c6aa1e700, req=0x563c6aa14100
2018-06-08 20:43:38.743053 7f5250ff9700 20 librbd::io::ImageRequest: 0x563c6aa14100 send: aio_read: ictx=0x563c6aa1e700, completion=0x563c6aa209c0
2018-06-08 20:43:38.743060 7f5250ff9700 20 librbd::io::AioCompletion: 0x563c6aa209c0 set_request_count: pending=1
2018-06-08 20:43:38.743062 7f5250ff9700 20 librbd::io::ImageRequest: 0x563c6aa14100 send_request: oid rbd_data.e15b8878902d5f.00000000000009ea 0~8388608 from [0,8388608]
2018-06-08 20:43:38.743066 7f5250ff9700 10 librbd::ImageCtx: prune_parent_extents image overlap 0, object overlap 0 from image extents []
2018-06-08 20:43:38.743067 7f5272674d40 10 librbd: Image::aio_read() buf=0~0x7fffff
2018-06-08 20:43:38.743075 7f5250ff9700 20 librbd::ObjectMap: 0x7f52440015f0 object_may_exist: object_no=2538 r=1
2018-06-08 20:43:38.743074 7f5272674d40 20 librbd::io::ImageRequestWQ: 0x563c6aa1fb10 aio_read: ictx=0x563c6aa1e700, completion=0x563c6aa2b1c0, off=21298675712, len=8388608, flags=72
2018-06-08 20:43:38.743080 7f5272674d40 20 librbd::io::ImageRequestWQ: 0x563c6aa1fb10 queue: ictx=0x563c6aa1e700, req=0x563c6a97e6d0
2018-06-08 20:43:38.743119 7f5250ff9700 20 librbd::io::ObjectRequest: 0x7f52440f81c0 should_complete: rbd_data.e15b8878902d5f.00000000000009e5 0~8388608 r = -2
2018-06-08 20:43:38.743124 7f5250ff9700 20 librbd::io::ObjectRequest: 0x7f52440f81c0 should_complete: READ_FLAT
2018-06-08 20:43:38.743125 7f5250ff9700 20 librbd::io::ObjectRequest: 0x7f52440f81c0 complete:
2018-06-08 20:43:38.743127 7f5250ff9700 10 librbd::io::ReadResult: 0x7f52440b8d80 finish: C_SparseReadRequestBase: r = -2
2018-06-08 20:43:38.743129 7f5250ff9700 10 librbd::io::ReadResult: 0x7f52440b8d80 finish: got {} for [0,8388608] bl 0
2018-06-08 20:43:38.743132 7f5250ff9700 20 librbd::io::AioCompletion: 0x563c6aa27980 complete_request: cb=1, pending=0
2018-06-08 20:43:38.743133 7f5250ff9700 20 librbd::io::AioCompletion: 0x563c6aa27980 finalize: r=8388608
2018-06-08 20:43:38.743662 7f52517fa700 20 librbdwriteback: aio_cb completing
2018-06-08 20:43:38.743680 7f52517fa700 10 librbd::ImageCtx: prune_parent_extents image overlap 0, object overlap 0 from image extents []
2018-06-08 20:43:38.743684 7f52517fa700 10 librbdwriteback: may_copy_on_write rbd_data.e15b8878902d5f.00000000000009ea 0~8388608 = 0
2018-06-08 20:43:38.743688 7f52517fa700 20 librbdwriteback: aio_cb finished
2018-06-08 20:43:38.743810 7f5250ff9700 20 librbd::io::ReadResult: 0x7f5250ff4ee0 operator(): moved resulting 8388608 bytes to bl 0x563c6a92a5e0
2018-06-08 20:43:38.744409 7f5250ff9700 20 librbd::io::AsyncOperation: 0x563c6aa27ab8 finish_op
2018-06-08 20:43:38.744416 7f5250ff9700 20 librbd::io::AsyncOperation: 0x563c6aa2b2f8 start_op
2018-06-08 20:43:38.744418 7f5250ff9700 20 librbd::io::ImageRequestWQ: 0x563c6aa1fb10 process: ictx=0x563c6aa1e700, req=0x563c6a97e6d0
2018-06-08 20:43:38.744420 7f5250ff9700 20 librbd::io::ImageRequest: 0x563c6a97e6d0 send: aio_read: ictx=0x563c6aa1e700, completion=0x563c6aa2b1c0
2018-06-08 20:43:38.744427 7f5250ff9700 20 librbd::io::AioCompletion: 0x563c6aa2b1c0 set_request_count: pending=1
2018-06-08 20:43:38.744428 7f5250ff9700 20 librbd::io::ImageRequest: 0x563c6a97e6d0 send_request: oid rbd_data.e15b8878902d5f.00000000000009eb 0~8388608 from [0,8388608]
2018-06-08 20:43:38.744432 7f5250ff9700 10 librbd::ImageCtx: prune_parent_extents image overlap 0, object overlap 0 from image extents []
2018-06-08 20:43:38.744442 7f5250ff9700 20 librbd::ObjectMap: 0x7f52440015f0 object_may_exist: object_no=2539 r=1
2018-06-08 20:43:38.744445 7f5272674d40 10 librbd: Image::aio_read() buf=0~0x7fffff
2018-06-08 20:43:38.744476 7f5272674d40 20 librbd::io::ImageRequestWQ: 0x563c6aa1fb10 aio_read: ictx=0x563c6aa1e700, completion=0x563c6aa275c0, off=21307064320, len=8388608, flags=72
2018-06-08 20:43:38.744482 7f5272674d40 20 librbd::io::ImageRequestWQ: 0x563c6aa1fb10 queue: ictx=0x563c6aa1e700, req=0x563c6aa14100
2018-06-08 20:43:38.744489 7f5250ff9700 20 librbd::io::ObjectRequest: 0x7f52440987b0 should_complete: rbd_data.e15b8878902d5f.00000000000009e6 0~8388608 r = -2
2018-06-08 20:43:38.744495 7f5250ff9700 20 librbd::io::ObjectRequest: 0x7f52440987b0 should_complete: READ_FLAT
2018-06-08 20:43:38.744498 7f5250ff9700 20 librbd::io::ObjectRequest: 0x7f52440987b0 complete:
2018-06-08 20:43:38.744499 7f5250ff9700 10 librbd::io::ReadResult: 0x7f524414bd40 finish: C_SparseReadRequestBase: r = -2
2018-06-08 20:43:38.744501 7f5250ff9700 10 librbd::io::ReadResult: 0x7f524414bd40 finish: got {} for [0,8388608] bl 0
2018-06-08 20:43:38.744504 7f5250ff9700 20 librbd::io::AioCompletion: 0x563c6aa2c200 complete_request: cb=1, pending=0
2018-06-08 20:43:38.744506 7f5250ff9700 20 librbd::io::AioCompletion: 0x563c6aa2c200 finalize: r=8388608
2018-06-08 20:43:38.745019 7f52517fa700 20 librbdwriteback: aio_cb completing
2018-06-08 20:43:38.745060 7f52517fa700 10 librbd::ImageCtx: prune_parent_extents image overlap 0, object overlap 0 from image extents []
2018-06-08 20:43:38.745065 7f52517fa700 10 librbdwriteback: may_copy_on_write rbd_data.e15b8878902d5f.00000000000009eb 0~8388608 = 0
2018-06-08 20:43:38.745069 7f52517fa700 20 librbdwriteback: aio_cb finished
2018-06-08 20:43:38.745177 7f5250ff9700 20 librbd::io::ReadResult: 0x7f5250ff4ee0 operator(): moved resulting 8388608 bytes to bl 0x563c6aa20e10
2018-06-08 20:43:38.745760 7f5250ff9700 20 librbd::io::AsyncOperation: 0x563c6aa2c338 finish_op
2018-06-08 20:43:38.745766 7f5250ff9700 20 librbd::io::AsyncOperation: 0x563c6aa276f8 start_op
2018-06-08 20:43:38.745764 7f5272674d40 10 librbd: Image::aio_read() buf=0~0x7fffff
2018-06-08 20:43:38.745768 7f5250ff9700 20 librbd::io::ImageRequestWQ: 0x563c6aa1fb10 process: ictx=0x563c6aa1e700, req=0x563c6aa14100
2018-06-08 20:43:38.745770 7f5250ff9700 20 librbd::io::ImageRequest: 0x563c6aa14100 send: aio_read: ictx=0x563c6aa1e700, completion=0x563c6aa275c0
2018-06-08 20:43:38.745770 7f5272674d40 20 librbd::io::ImageRequestWQ: 0x563c6aa1fb10 aio_read: ictx=0x563c6aa1e700, completion=0x563c6aa2b370, off=21315452928, len=8388608, flags=72
2018-06-08 20:43:38.745776 7f5250ff9700 20 librbd::io::AioCompletion: 0x563c6aa275c0 set_request_count: pending=1
2018-06-08 20:43:38.745776 7f5272674d40 20 librbd::io::ImageRequestWQ: 0x563c6aa1fb10 queue: ictx=0x563c6aa1e700, req=0x563c6a97e6d0
2018-06-08 20:43:38.745777 7f5250ff9700 20 librbd::io::ImageRequest: 0x563c6aa14100 send_request: oid rbd_data.e15b8878902d5f.00000000000009ec 0~8388608 from [0,8388608]
2018-06-08 20:43:38.745781 7f5250ff9700 10 librbd::ImageCtx: prune_parent_extents image overlap 0, object overlap 0 from image extents []
2018-06-08 20:43:38.745789 7f5250ff9700 20 librbd::ObjectMap: 0x7f52440015f0 object_may_exist: object_no=2540 r=1
2018-06-08 20:43:38.745822 7f5250ff9700 20 librbd::io::ObjectRequest: 0x7f5244040420 should_complete: rbd_data.e15b8878902d5f.00000000000009e7 0~8388608 r = -2
2018-06-08 20:43:38.745827 7f5250ff9700 20 librbd::io::ObjectRequest: 0x7f5244040420 should_complete: READ_FLAT
2018-06-08 20:43:38.745828 7f5250ff9700 20 librbd::io::ObjectRequest: 0x7f5244040420 complete:
2018-06-08 20:43:38.745830 7f5250ff9700 10 librbd::io::ReadResult: 0x7f52440e6550 finish: C_SparseReadRequestBase: r = -2
2018-06-08 20:43:38.745832 7f5250ff9700 10 librbd::io::ReadResult: 0x7f52440e6550 finish: got {} for [0,8388608] bl 0
2018-06-08 20:43:38.745834 7f5250ff9700 20 librbd::io::AioCompletion: 0x563c6aa2bae0 complete_request: cb=1, pending=0
2018-06-08 20:43:38.745836 7f5250ff9700 20 librbd::io::AioCompletion: 0x563c6aa2bae0 finalize: r=8388608
2018-06-08 20:43:38.746466 7f5250ff9700 20 librbd::io::ReadResult: 0x7f5250ff4ee0 operator(): moved resulting 8388608 bytes to bl 0x563c6aa2b7b0
2018-06-08 20:43:38.746598 7f52517fa700 20 librbdwriteback: aio_cb completing
2018-06-08 20:43:38.746617 7f52517fa700 10 librbd::ImageCtx: prune_parent_extents image overlap 0, object overlap 0 from image extents []
2018-06-08 20:43:38.746621 7f52517fa700 10 librbdwriteback: may_copy_on_write rbd_data.e15b8878902d5f.00000000000009ec 0~8388608 = 0
2018-06-08 20:43:38.746625 7f52517fa700 20 librbdwriteback: aio_cb finished
2018-06-08 20:43:38.747038 7f5250ff9700 20 librbd::io::AsyncOperation: 0x563c6aa2bc18 finish_op
2018-06-08 20:43:38.747045 7f5250ff9700 20 librbd::io::AsyncOperation: 0x563c6aa2b4a8 start_op
2018-06-08 20:43:38.747047 7f5250ff9700 20 librbd::io::ImageRequestWQ: 0x563c6aa1fb10 process: ictx=0x563c6aa1e700, req=0x563c6a97e6d0
2018-06-08 20:43:38.747048 7f5250ff9700 20 librbd::io::ImageRequest: 0x563c6a97e6d0 send: aio_read: ictx=0x563c6aa1e700, completion=0x563c6aa2b370
2018-06-08 20:43:38.747054 7f5250ff9700 20 librbd::io::AioCompletion: 0x563c6aa2b370 set_request_count: pending=1
2018-06-08 20:43:38.747055 7f5250ff9700 20 librbd::io::ImageRequest: 0x563c6a97e6d0 send_request: oid rbd_data.e15b8878902d5f.00000000000009ed 0~8388608 from [0,8388608]
2018-06-08 20:43:38.747058 7f5250ff9700 10 librbd::ImageCtx: prune_parent_extents image overlap 0, object overlap 0 from image extents []
2018-06-08 20:43:38.747066 7f5250ff9700 20 librbd::ObjectMap: 0x7f52440015f0 object_may_exist: object_no=2541 r=1
2018-06-08 20:43:38.747076 7f5272674d40 10 librbd: Image::aio_read() buf=0~0x7fffff
2018-06-08 20:43:38.747091 7f5272674d40 20 librbd::io::ImageRequestWQ: 0x563c6aa1fb10 aio_read: ictx=0x563c6aa1e700, completion=0x563c6aa2bc90, off=21323841536, len=8388608, flags=72
2018-06-08 20:43:38.747098 7f5272674d40 20 librbd::io::ImageRequestWQ: 0x563c6aa1fb10 queue: ictx=0x563c6aa1e700, req=0x563c6aa14100
2018-06-08 20:43:38.747113 7f5250ff9700 20 librbd::io::ObjectRequest: 0x7f5244021730 should_complete: rbd_data.e15b8878902d5f.00000000000009e8 0~8388608 r = -2
2018-06-08 20:43:38.747118 7f5250ff9700 20 librbd::io::ObjectRequest: 0x7f5244021730 should_complete: READ_FLAT
2018-06-08 20:43:38.747119 7f5250ff9700 20 librbd::io::ObjectRequest: 0x7f5244021730 complete:
2018-06-08 20:43:38.747121 7f5250ff9700 10 librbd::io::ReadResult: 0x7f524417a260 finish: C_SparseReadRequestBase: r = -2
2018-06-08 20:43:38.747123 7f5250ff9700 10 librbd::io::ReadResult: 0x7f524417a260 finish: got {} for [0,8388608] bl 0
2018-06-08 20:43:38.747126 7f5250ff9700 20 librbd::io::AioCompletion: 0x563c6aa27f70 complete_request: cb=1, pending=0
2018-06-08 20:43:38.747128 7f5250ff9700 20 librbd::io::AioCompletion: 0x563c6aa27f70 finalize: r=8388608
2018-06-08 20:43:38.747705 7f52517fa700 20 librbdwriteback: aio_cb completing
2018-06-08 20:43:38.747731 7f52517fa700 10 librbd::ImageCtx: prune_parent_extents image overlap 0, object overlap 0 from image extents []
2018-06-08 20:43:38.747737 7f52517fa700 10 librbdwriteback: may_copy_on_write rbd_data.e15b8878902d5f.00000000000009ed 0~8388608 = 0
2018-06-08 20:43:38.747744 7f52517fa700 20 librbdwriteback: aio_cb finished
2018-06-08 20:43:38.747764 7f5250ff9700 20 librbd::io::ReadResult: 0x7f5250ff4ee0 operator(): moved resulting 8388608 bytes to bl 0x563c6aa278f0
2018-06-08 20:43:38.748294 7f5250ff9700 20 librbd::io::AsyncOperation: 0x563c6aa280a8 finish_op
2018-06-08 20:43:38.748300 7f5250ff9700 20 librbd::io::AsyncOperation: 0x563c6aa2bdc8 start_op
2018-06-08 20:43:38.748301 7f5250ff9700 20 librbd::io::ImageRequestWQ: 0x563c6aa1fb10 process: ictx=0x563c6aa1e700, req=0x563c6aa14100
2018-06-08 20:43:38.748303 7f5250ff9700 20 librbd::io::ImageRequest: 0x563c6aa14100 send: aio_read: ictx=0x563c6aa1e700, completion=0x563c6aa2bc90
2018-06-08 20:43:38.748308 7f5250ff9700 20 librbd::io::AioCompletion: 0x563c6aa2bc90 set_request_count: pending=1
2018-06-08 20:43:38.748309 7f5250ff9700 20 librbd::io::ImageRequest: 0x563c6aa14100 send_request: oid rbd_data.e15b8878902d5f.00000000000009ee 0~8388608 from [0,8388608]
2018-06-08 20:43:38.748312 7f5250ff9700 10 librbd::ImageCtx: prune_parent_extents image overlap 0, object overlap 0 from image extents []
2018-06-08 20:43:38.748319 7f5250ff9700 20 librbd::ObjectMap: 0x7f52440015f0 object_may_exist: object_no=2542 r=1
2018-06-08 20:43:38.748333 7f5272674d40 10 librbd: Image::aio_read() buf=0~0x7fffff
2018-06-08 20:43:38.748349 7f5250ff9700 20 librbd::io::ObjectRequest: 0x7f5244161470 should_complete: rbd_data.e15b8878902d5f.00000000000009e9 0~8388608 r = -2
2018-06-08 20:43:38.748352 7f5250ff9700 20 librbd::io::ObjectRequest: 0x7f5244161470 should_complete: READ_FLAT
2018-06-08 20:43:38.748347 7f5272674d40 20 librbd::io::ImageRequestWQ: 0x563c6aa1fb10 aio_read: ictx=0x563c6aa1e700, completion=0x563c6aa2bae0, off=21332230144, len=8388608, flags=72
2018-06-08 20:43:38.748353 7f5250ff9700 20 librbd::io::ObjectRequest: 0x7f5244161470 complete:
2018-06-08 20:43:38.748355 7f5250ff9700 10 librbd::io::ReadResult: 0x7f52441625f0 finish: C_SparseReadRequestBase: r = -2
2018-06-08 20:43:38.748357 7f5250ff9700 10 librbd::io::ReadResult: 0x7f52441625f0 finish: got {} for [0,8388608] bl 0
2018-06-08 20:43:38.748357 7f5272674d40 20 librbd::io::ImageRequestWQ: 0x563c6aa1fb10 queue: ictx=0x563c6aa1e700, req=0x563c6aa14100
2018-06-08 20:43:38.748360 7f5250ff9700 20 librbd::io::AioCompletion: 0x563c6aa20810 complete_request: cb=1, pending=0
2018-06-08 20:43:38.748362 7f5250ff9700 20 librbd::io::AioCompletion: 0x563c6aa20810 finalize: r=8388608
2018-06-08 20:43:38.748909 7f52517fa700 20 librbdwriteback: aio_cb completing
2018-06-08 20:43:38.748927 7f5250ff9700 20 librbd::io::ReadResult: 0x7f5250ff4ee0 operator(): moved resulting 8388608 bytes to bl 0x563c6aa13990
2018-06-08 20:43:38.748937 7f52517fa700 10 librbd::ImageCtx: prune_parent_extents image overlap 0, object overlap 0 from image extents []
2018-06-08 20:43:38.748943 7f52517fa700 10 librbdwriteback: may_copy_on_write rbd_data.e15b8878902d5f.00000000000009ee 0~8388608 = 0
2018-06-08 20:43:38.748950 7f52517fa700 20 librbdwriteback: aio_cb finished
2018-06-08 20:43:38.749417 7f5250ff9700 20 librbd::io::AsyncOperation: 0x563c6aa20948 finish_op
2018-06-08 20:43:38.749423 7f5250ff9700 20 librbd::io::AsyncOperation: 0x563c6aa2bc18 start_op
2018-06-08 20:43:38.749424 7f5250ff9700 20 librbd::io::ImageRequestWQ: 0x563c6aa1fb10 process: ictx=0x563c6aa1e700, req=0x563c6aa14100
2018-06-08 20:43:38.749426 7f5250ff9700 20 librbd::io::ImageRequest: 0x563c6aa14100 send: aio_read: ictx=0x563c6aa1e700, completion=0x563c6aa2bae0
2018-06-08 20:43:38.749431 7f5250ff9700 20 librbd::io::AioCompletion: 0x563c6aa2bae0 set_request_count: pending=1
2018-06-08 20:43:38.749433 7f5250ff9700 20 librbd::io::ImageRequest: 0x563c6aa14100 send_request: oid rbd_data.e15b8878902d5f.00000000000009ef 0~8388608 from [0,8388608]
2018-06-08 20:43:38.749435 7f5250ff9700 10 librbd::ImageCtx: prune_parent_extents image overlap 0, object overlap 0 from image extents []
2018-06-08 20:43:38.749442 7f5250ff9700 20 librbd::ObjectMap: 0x7f52440015f0 object_may_exist: object_no=2543 r=1
2018-06-08 20:43:38.749449 7f5272674d40 10 librbd: Image::aio_read() buf=0~0x7fffff
2018-06-08 20:43:38.749456 7f5272674d40 20 librbd::io::ImageRequestWQ: 0x563c6aa1fb10 aio_read: ictx=0x563c6aa1e700, completion=0x563c6aa27f70, off=21340618752, len=8388608, flags=72
2018-06-08 20:43:38.749461 7f5272674d40 20 librbd::io::ImageRequestWQ: 0x563c6aa1fb10 queue: ictx=0x563c6aa1e700, req=0x563c6aa27770
2018-06-08 20:43:38.749474 7f5250ff9700 20 librbd::io::ObjectRequest: 0x7f5244048970 should_complete: rbd_data.e15b8878902d5f.00000000000009ea 0~8388608 r = -2
2018-06-08 20:43:38.749476 7f5250ff9700 20 librbd::io::ObjectRequest: 0x7f5244048970 should_complete: READ_FLAT
2018-06-08 20:43:38.749477 7f5250ff9700 20 librbd::io::ObjectRequest: 0x7f5244048970 complete:
2018-06-08 20:43:38.749478 7f5250ff9700 10 librbd::io::ReadResult: 0x7f52441691d0 finish: C_SparseReadRequestBase: r = -2
2018-06-08 20:43:38.749479 7f5250ff9700 10 librbd::io::ReadResult: 0x7f52441691d0 finish: got {} for [0,8388608] bl 0
2018-06-08 20:43:38.749482 7f5250ff9700 20 librbd::io::AioCompletion: 0x563c6aa209c0 complete_request: cb=1, pending=0
2018-06-08 20:43:38.749483 7f5250ff9700 20 librbd::io::AioCompletion: 0x563c6aa209c0 finalize: r=8388608
2018-06-08 20:43:38.749990 7f52517fa700 20 librbdwriteback: aio_cb completing
2018-06-08 20:43:38.749999 7f52517fa700 10 librbd::ImageCtx: prune_parent_extents image overlap 0, object overlap 0 from image extents []
2018-06-08 20:43:38.750000 7f52517fa700 10 librbdwriteback: may_copy_on_write rbd_data.e15b8878902d5f.00000000000009ef 0~8388608 = 0
2018-06-08 20:43:38.750003 7f52517fa700 20 librbdwriteback: aio_cb finished
2018-06-08 20:43:38.750042 7f5250ff9700 20 librbd::io::ReadResult: 0x7f5250ff4ee0 operator(): moved resulting 8388608 bytes to bl 0x563c6aa269b0
2018-06-08 20:43:38.750526 7f5250ff9700 20 librbd::io::AsyncOperation: 0x563c6aa20af8 finish_op
2018-06-08 20:43:38.750534 7f5250ff9700 20 librbd::io::AsyncOperation: 0x563c6aa280a8 start_op
2018-06-08 20:43:38.750535 7f5250ff9700 20 librbd::io::ImageRequestWQ: 0x563c6aa1fb10 process: ictx=0x563c6aa1e700, req=0x563c6aa27770
2018-06-08 20:43:38.750537 7f5250ff9700 20 librbd::io::ImageRequest: 0x563c6aa27770 send: aio_read: ictx=0x563c6aa1e700, completion=0x563c6aa27f70
2018-06-08 20:43:38.750542 7f5250ff9700 20 librbd::io::AioCompletion: 0x563c6aa27f70 set_request_count: pending=1
2018-06-08 20:43:38.750543 7f5250ff9700 20 librbd::io::ImageRequest: 0x563c6aa27770 send_request: oid rbd_data.e15b8878902d5f.00000000000009f0 0~8388608 from [0,8388608]
2018-06-08 20:43:38.750545 7f5250ff9700 10 librbd::ImageCtx: prune_parent_extents image overlap 0, object overlap 0 from image extents []
2018-06-08 20:43:38.750551 7f5250ff9700 20 librbd::ObjectMap: 0x7f52440015f0 object_may_exist: object_no=2544 r=1
2018-06-08 20:43:38.750563 7f5272674d40 10 librbd: Image::aio_read() buf=0~0x7fffff
2018-06-08 20:43:38.750572 7f5272674d40 20 librbd::io::ImageRequestWQ: 0x563c6aa1fb10 aio_read: ictx=0x563c6aa1e700, completion=0x563c6aa20710, off=21349007360, len=8388608, flags=72
2018-06-08 20:43:38.750578 7f5250ff9700 20 librbd::io::ObjectRequest: 0x7f524400f890 should_complete: rbd_data.e15b8878902d5f.00000000000009eb 0~8388608 r = -2
2018-06-08 20:43:38.750580 7f5250ff9700 20 librbd::io::ObjectRequest: 0x7f524400f890 should_complete: READ_FLAT
2018-06-08 20:43:38.750582 7f5250ff9700 20 librbd::io::ObjectRequest: 0x7f524400f890 complete:
2018-06-08 20:43:38.750580 7f5272674d40 20 librbd::io::ImageRequestWQ: 0x563c6aa1fb10 queue: ictx=0x563c6aa1e700, req=0x563c6aa27770
2018-06-08 20:43:38.750583 7f5250ff9700 10 librbd::io::ReadResult: 0x7f524404ad70 finish: C_SparseReadRequestBase: r = -2
2018-06-08 20:43:38.750584 7f5250ff9700 10 librbd::io::ReadResult: 0x7f524404ad70 finish: got {} for [0,8388608] bl 0
2018-06-08 20:43:38.750587 7f5250ff9700 20 librbd::io::AioCompletion: 0x563c6aa2b1c0 complete_request: cb=1, pending=0
2018-06-08 20:43:38.750588 7f5250ff9700 20 librbd::io::AioCompletion: 0x563c6aa2b1c0 finalize: r=8388608
2018-06-08 20:43:38.751127 7f5250ff9700 20 librbd::io::ReadResult: 0x7f5250ff4ee0 operator(): moved resulting 8388608 bytes to bl 0x563c6a9d89e0
2018-06-08 20:43:38.751623 7f5250ff9700 20 librbd::io::AsyncOperation: 0x563c6aa2b2f8 finish_op
2018-06-08 20:43:38.751629 7f5250ff9700 20 librbd::io::AsyncOperation: 0x563c6aa20848 start_op
2018-06-08 20:43:38.751630 7f5250ff9700 20 librbd::io::ImageRequestWQ: 0x563c6aa1fb10 process: ictx=0x563c6aa1e700, req=0x563c6aa27770
2018-06-08 20:43:38.751632 7f5250ff9700 20 librbd::io::ImageRequest: 0x563c6aa27770 send: aio_read: ictx=0x563c6aa1e700, completion=0x563c6aa20710
2018-06-08 20:43:38.751637 7f5250ff9700 20 librbd::io::AioCompletion: 0x563c6aa20710 set_request_count: pending=1
2018-06-08 20:43:38.751634 7f5272674d40 10 librbd: Image::aio_read() buf=0~0x7fffff
2018-06-08 20:43:38.751638 7f5250ff9700 20 librbd::io::ImageRequest: 0x563c6aa27770 send_request: oid rbd_data.e15b8878902d5f.00000000000009f1 0~8388608 from [0,8388608]
2018-06-08 20:43:38.751641 7f5250ff9700 10 librbd::ImageCtx: prune_parent_extents image overlap 0, object overlap 0 from image extents []
2018-06-08 20:43:38.751641 7f5272674d40 20 librbd::io::ImageRequestWQ: 0x563c6aa1fb10 aio_read: ictx=0x563c6aa1e700, completion=0x563c6aa2bf40, off=21357395968, len=8388608, flags=72
2018-06-08 20:43:38.751647 7f5272674d40 20 librbd::io::ImageRequestWQ: 0x563c6aa1fb10 queue: ictx=0x563c6aa1e700, req=0x563c6aa14100
2018-06-08 20:43:38.751650 7f5250ff9700 20 librbd::io::ObjectRequest: 0x7f524412bc10 should_complete: rbd_data.e15b8878902d5f.00000000000009ec 0~8388608 r = -2
2018-06-08 20:43:38.751652 7f5250ff9700 20 librbd::io::ObjectRequest: 0x7f524412bc10 should_complete: READ_FLAT
2018-06-08 20:43:38.751654 7f5250ff9700 20 librbd::io::ObjectRequest: 0x7f524412bc10 complete:
2018-06-08 20:43:38.751655 7f5250ff9700 10 librbd::io::ReadResult: 0x7f524412d620 finish: C_SparseReadRequestBase: r = -2
2018-06-08 20:43:38.751656 7f5250ff9700 10 librbd::io::ReadResult: 0x7f524412d620 finish: got {} for [0,8388608] bl 0
2018-06-08 20:43:38.751659 7f5250ff9700 20 librbd::io::AioCompletion: 0x563c6aa275c0 complete_request: cb=1, pending=0
2018-06-08 20:43:38.751660 7f5250ff9700 20 librbd::io::AioCompletion: 0x563c6aa275c0 finalize: r=8388608
2018-06-08 20:43:38.752119 7f52517fa700 20 librbdwriteback: aio_cb completing
2018-06-08 20:43:38.752146 7f52517fa700 10 librbd::ImageCtx: prune_parent_extents image overlap 0, object overlap 0 from image extents []
2018-06-08 20:43:38.752152 7f52517fa700 10 librbdwriteback: may_copy_on_write rbd_data.e15b8878902d5f.00000000000009f0 0~8388608 = 0
2018-06-08 20:43:38.752164 7f52517fa700 20 librbd::ObjectMap: 0x7f52440015f0 object_may_exist: object_no=2545 r=1
2018-06-08 20:43:38.752199 7f5250ff9700 20 librbd::io::ReadResult: 0x7f5250ff4ee0 operator(): moved resulting 8388608 bytes to bl 0x563c6aa27540
2018-06-08 20:43:38.752242 7f52517fa700 20 librbdwriteback: aio_cb finished
2018-06-08 20:43:38.752687 7f5250ff9700 20 librbd::io::AsyncOperation: 0x563c6aa276f8 finish_op
2018-06-08 20:43:38.752692 7f5250ff9700 20 librbd::io::AsyncOperation: 0x563c6aa2c078 start_op
2018-06-08 20:43:38.752693 7f5250ff9700 20 librbd::io::ImageRequestWQ: 0x563c6aa1fb10 process: ictx=0x563c6aa1e700, req=0x563c6aa14100
2018-06-08 20:43:38.752694 7f5250ff9700 20 librbd::io::ImageRequest: 0x563c6aa14100 send: aio_read: ictx=0x563c6aa1e700, completion=0x563c6aa2bf40
2018-06-08 20:43:38.752698 7f5250ff9700 20 librbd::io::AioCompletion: 0x563c6aa2bf40 set_request_count: pending=1
2018-06-08 20:43:38.752699 7f5250ff9700 20 librbd::io::ImageRequest: 0x563c6aa14100 send_request: oid rbd_data.e15b8878902d5f.00000000000009f2 0~8388608 from [0,8388608]
2018-06-08 20:43:38.752702 7f5250ff9700 10 librbd::ImageCtx: prune_parent_extents image overlap 0, object overlap 0 from image extents []
2018-06-08 20:43:38.752710 7f5250ff9700 20 librbd::io::ObjectRequest: 0x7f5244140670 should_complete: rbd_data.e15b8878902d5f.00000000000009ed 0~8388608 r = -2
2018-06-08 20:43:38.752711 7f5250ff9700 20 librbd::io::ObjectRequest: 0x7f5244140670 should_complete: READ_FLAT
2018-06-08 20:43:38.752712 7f5250ff9700 20 librbd::io::ObjectRequest: 0x7f5244140670 complete:
2018-06-08 20:43:38.752713 7f5250ff9700 10 librbd::io::ReadResult: 0x7f5244178860 finish: C_SparseReadRequestBase: r = -2
2018-06-08 20:43:38.752714 7f5250ff9700 10 librbd::io::ReadResult: 0x7f5244178860 finish: got {} for [0,8388608] bl 0
2018-06-08 20:43:38.752716 7f5250ff9700 20 librbd::io::AioCompletion: 0x563c6aa2b370 complete_request: cb=1, pending=0
2018-06-08 20:43:38.752717 7f5250ff9700 20 librbd::io::AioCompletion: 0x563c6aa2b370 finalize: r=8388608
2018-06-08 20:43:38.752718 7f5272674d40 10 librbd: Image::aio_read() buf=0~0x7fffff
2018-06-08 20:43:38.752725 7f5272674d40 20 librbd::io::ImageRequestWQ: 0x563c6aa1fb10 aio_read: ictx=0x563c6aa1e700, completion=0x563c6aa2c3a0, off=21365784576, len=8388608, flags=72
2018-06-08 20:43:38.752730 7f5272674d40 20 librbd::io::ImageRequestWQ: 0x563c6aa1fb10 queue: ictx=0x563c6aa1e700, req=0x563c6aa14100
2018-06-08 20:43:38.752854 7f52517fa700 20 librbdwriteback: aio_cb completing
2018-06-08 20:43:38.752873 7f52517fa700 10 librbd::ImageCtx: prune_parent_extents image overlap 0, object overlap 0 from image extents []
2018-06-08 20:43:38.752877 7f52517fa700 10 librbdwriteback: may_copy_on_write rbd_data.e15b8878902d5f.00000000000009f1 0~8388608 = 0
2018-06-08 20:43:38.752885 7f52517fa700 20 librbd::ObjectMap: 0x7f52440015f0 object_may_exist: object_no=2546 r=1
2018-06-08 20:43:38.752929 7f52517fa700 20 librbdwriteback: aio_cb finished
2018-06-08 20:43:38.753254 7f5250ff9700 20 librbd::io::ReadResult: 0x7f5250ff4ee0 operator(): moved resulting 8388608 bytes to bl 0x563c6a929c10
2018-06-08 20:43:38.753420 7f52517fa700 20 librbdwriteback: aio_cb completing
2018-06-08 20:43:38.753437 7f52517fa700 10 librbd::ImageCtx: prune_parent_extents image overlap 0, object overlap 0 from image extents []
2018-06-08 20:43:38.753441 7f52517fa700 10 librbdwriteback: may_copy_on_write rbd_data.e15b8878902d5f.00000000000009f2 0~8388608 = 0
2018-06-08 20:43:38.753445 7f52517fa700 20 librbdwriteback: aio_cb finished
2018-06-08 20:43:38.753743 7f5250ff9700 20 librbd::io::AsyncOperation: 0x563c6aa2b4a8 finish_op
2018-06-08 20:43:38.753747 7f5250ff9700 20 librbd::io::AsyncOperation: 0x563c6aa2c4d8 start_op
2018-06-08 20:43:38.753748 7f5250ff9700 20 librbd::io::ImageRequestWQ: 0x563c6aa1fb10 process: ictx=0x563c6aa1e700, req=0x563c6aa14100
2018-06-08 20:43:38.753750 7f5250ff9700 20 librbd::io::ImageRequest: 0x563c6aa14100 send: aio_read: ictx=0x563c6aa1e700, completion=0x563c6aa2c3a0
2018-06-08 20:43:38.753753 7f5250ff9700 20 librbd::io::AioCompletion: 0x563c6aa2c3a0 set_request_count: pending=1
2018-06-08 20:43:38.753755 7f5250ff9700 20 librbd::io::ImageRequest: 0x563c6aa14100 send_request: oid rbd_data.e15b8878902d5f.00000000000009f3 0~8388608 from [0,8388608]
2018-06-08 20:43:38.753757 7f5250ff9700 10 librbd::ImageCtx: prune_parent_extents image overlap 0, object overlap 0 from image extents []
2018-06-08 20:43:38.753762 7f5250ff9700 20 librbd::ObjectMap: 0x7f52440015f0 object_may_exist: object_no=2547 r=1
2018-06-08 20:43:38.753783 7f5272674d40 10 librbd: Image::aio_read() buf=0~0x7fffff
2018-06-08 20:43:38.753791 7f5250ff9700 20 librbd::io::ObjectRequest: 0x7f5244067ac0 should_complete: rbd_data.e15b8878902d5f.00000000000009ee 0~8388608 r = -2
2018-06-08 20:43:38.753790 7f5272674d40 20 librbd::io::ImageRequestWQ: 0x563c6aa1fb10 aio_read: ictx=0x563c6aa1e700, completion=0x563c6aa2c550, off=21374173184, len=8388608, flags=72
2018-06-08 20:43:38.753794 7f5250ff9700 20 librbd::io::ObjectRequest: 0x7f5244067ac0 should_complete: READ_FLAT
2018-06-08 20:43:38.753795 7f5250ff9700 20 librbd::io::ObjectRequest: 0x7f5244067ac0 complete:
2018-06-08 20:43:38.753796 7f5250ff9700 10 librbd::io::ReadResult: 0x7f52440e6550 finish: C_SparseReadRequestBase: r = -2
2018-06-08 20:43:38.753796 7f5272674d40 20 librbd::io::ImageRequestWQ: 0x563c6aa1fb10 queue: ictx=0x563c6aa1e700, req=0x563c6aa14100
2018-06-08 20:43:38.753797 7f5250ff9700 10 librbd::io::ReadResult: 0x7f52440e6550 finish: got {} for [0,8388608] bl 0
2018-06-08 20:43:38.753799 7f5250ff9700 20 librbd::io::AioCompletion: 0x563c6aa2bc90 complete_request: cb=1, pending=0
2018-06-08 20:43:38.753801 7f5250ff9700 20 librbd::io::AioCompletion: 0x563c6aa2bc90 finalize: r=8388608
2018-06-08 20:43:38.754078 7f52517fa700 20 librbdwriteback: aio_cb completing
2018-06-08 20:43:38.754096 7f52517fa700 10 librbd::ImageCtx: prune_parent_extents image overlap 0, object overlap 0 from image extents []
2018-06-08 20:43:38.754100 7f52517fa700 10 librbdwriteback: may_copy_on_write rbd_data.e15b8878902d5f.00000000000009c1 0~8388608 = 0
2018-06-08 20:43:38.754105 7f52517fa700 20 librbdwriteback: aio_cb finished
2018-06-08 20:43:38.754107 7f52517fa700 20 librbdwriteback: aio_cb completing
2018-06-08 20:43:38.754111 7f52517fa700 10 librbd::ImageCtx: prune_parent_extents image overlap 0, object overlap 0 from image extents []
2018-06-08 20:43:38.754112 7f52517fa700 10 librbdwriteback: may_copy_on_write rbd_data.e15b8878902d5f.00000000000009f3 0~8388608 = 0
2018-06-08 20:43:38.754115 7f52517fa700 20 librbdwriteback: aio_cb finished
2018-06-08 20:43:38.754329 7f5250ff9700 20 librbd::io::ReadResult: 0x7f5250ff4ee0 operator(): moved resulting 8388608 bytes to bl 0x563c6aa20e10
2018-06-08 20:43:38.754820 7f5250ff9700 20 librbd::io::AsyncOperation: 0x563c6aa2bdc8 finish_op
2018-06-08 20:43:38.754824 7f5250ff9700 20 librbd::io::AsyncOperation: 0x563c6aa2c688 start_op
2018-06-08 20:43:38.754825 7f5250ff9700 20 librbd::io::ImageRequestWQ: 0x563c6aa1fb10 process: ictx=0x563c6aa1e700, req=0x563c6aa14100
2018-06-08 20:43:38.754827 7f5250ff9700 20 librbd::io::ImageRequest: 0x563c6aa14100 send: aio_read: ictx=0x563c6aa1e700, completion=0x563c6aa2c550
2018-06-08 20:43:38.754832 7f5250ff9700 20 librbd::io::AioCompletion: 0x563c6aa2c550 set_request_count: pending=1
2018-06-08 20:43:38.754833 7f5250ff9700 20 librbd::io::ImageRequest: 0x563c6aa14100 send_request: oid rbd_data.e15b8878902d5f.00000000000009f4 0~8388608 from [0,8388608]
2018-06-08 20:43:38.754835 7f5250ff9700 10 librbd::ImageCtx: prune_parent_extents image overlap 0, object overlap 0 from image extents []
2018-06-08 20:43:38.754841 7f5250ff9700 20 librbd::ObjectMap: 0x7f52440015f0 object_may_exist: object_no=2548 r=1
2018-06-08 20:43:38.754860 7f5272674d40 10 librbd: Image::aio_read() buf=0~0x7fffff
2018-06-08 20:43:38.754867 7f5272674d40 20 librbd::io::ImageRequestWQ: 0x563c6aa1fb10 aio_read: ictx=0x563c6aa1e700, completion=0x563c6a9d8890, off=21382561792, len=8388608, flags=72
2018-06-08 20:43:38.754870 7f5250ff9700 20 librbd::io::ObjectRequest: 0x7f5244040420 should_complete: rbd_data.e15b8878902d5f.00000000000009ef 0~8388608 r = -2
2018-06-08 20:43:38.754872 7f5250ff9700 20 librbd::io::ObjectRequest: 0x7f5244040420 should_complete: READ_FLAT
2018-06-08 20:43:38.754872 7f5272674d40 20 librbd::io::ImageRequestWQ: 0x563c6aa1fb10 queue: ictx=0x563c6aa1e700, req=0x563c6aa14100
2018-06-08 20:43:38.754873 7f5250ff9700 20 librbd::io::ObjectRequest: 0x7f5244040420 complete:
2018-06-08 20:43:38.754876 7f5250ff9700 10 librbd::io::ReadResult: 0x7f524416d800 finish: C_SparseReadRequestBase: r = -2
2018-06-08 20:43:38.754877 7f5250ff9700 10 librbd::io::ReadResult: 0x7f524416d800 finish: got {} for [0,8388608] bl 0
2018-06-08 20:43:38.754879 7f5250ff9700 20 librbd::io::AioCompletion: 0x563c6aa2bae0 complete_request: cb=1, pending=0
2018-06-08 20:43:38.754880 7f5250ff9700 20 librbd::io::AioCompletion: 0x563c6aa2bae0 finalize: r=8388608
2018-06-08 20:43:38.755389 7f52517fa700 20 librbdwriteback: aio_cb completing
2018-06-08 20:43:38.755406 7f52517fa700 10 librbd::ImageCtx: prune_parent_extents image overlap 0, object overlap 0 from image extents []
2018-06-08 20:43:38.755408 7f52517fa700 10 librbdwriteback: may_copy_on_write rbd_data.e15b8878902d5f.00000000000009f4 0~8388608 = 0
2018-06-08 20:43:38.755410 7f5250ff9700 20 librbd::io::ReadResult: 0x7f5250ff4ee0 operator(): moved resulting 8388608 bytes to bl 0x563c6aa2b7b0
2018-06-08 20:43:38.755412 7f52517fa700 20 librbdwriteback: aio_cb finished
2018-06-08 20:43:38.755894 7f5250ff9700 20 librbd::io::AsyncOperation: 0x563c6aa2bc18 finish_op
2018-06-08 20:43:38.755899 7f5250ff9700 20 librbd::io::AsyncOperation: 0x563c6a9d89c8 start_op
2018-06-08 20:43:38.755900 7f5250ff9700 20 librbd::io::ImageRequestWQ: 0x563c6aa1fb10 process: ictx=0x563c6aa1e700, req=0x563c6aa14100
2018-06-08 20:43:38.755902 7f5250ff9700 20 librbd::io::ImageRequest: 0x563c6aa14100 send: aio_read: ictx=0x563c6aa1e700, completion=0x563c6a9d8890
2018-06-08 20:43:38.755906 7f5250ff9700 20 librbd::io::AioCompletion: 0x563c6a9d8890 set_request_count: pending=1
2018-06-08 20:43:38.755907 7f5250ff9700 20 librbd::io::ImageRequest: 0x563c6aa14100 send_request: oid rbd_data.e15b8878902d5f.00000000000009f5 0~8388608 from [0,8388608]
2018-06-08 20:43:38.755910 7f5250ff9700 10 librbd::ImageCtx: prune_parent_extents image overlap 0, object overlap 0 from image extents []
2018-06-08 20:43:38.755915 7f5250ff9700 20 librbd::ObjectMap: 0x7f52440015f0 object_may_exist: object_no=2549 r=1
2018-06-08 20:43:38.755936 7f5272674d40 10 librbd: Image::aio_read() buf=0~0x7fffff
2018-06-08 20:43:38.755940 7f5250ff9700 20 librbd::io::ObjectRequest: 0x7f5244084d70 should_complete: rbd_data.e15b8878902d5f.00000000000009f0 0~8388608 r = -2
2018-06-08 20:43:38.755942 7f5250ff9700 20 librbd::io::ObjectRequest: 0x7f5244084d70 should_complete: READ_FLAT
2018-06-08 20:43:38.755943 7f5250ff9700 20 librbd::io::ObjectRequest: 0x7f5244084d70 complete:
2018-06-08 20:43:38.755944 7f5250ff9700 10 librbd::io::ReadResult: 0x7f52440b8d80 finish: C_SparseReadRequestBase: r = -2
2018-06-08 20:43:38.755945 7f5250ff9700 10 librbd::io::ReadResult: 0x7f52440b8d80 finish: got {} for [0,8388608] bl 0
2018-06-08 20:43:38.755943 7f5272674d40 20 librbd::io::ImageRequestWQ: 0x563c6aa1fb10 aio_read: ictx=0x563c6aa1e700, completion=0x563c6aa2bc90, off=21390950400, len=8388608, flags=72
2018-06-08 20:43:38.755948 7f5250ff9700 20 librbd::io::AioCompletion: 0x563c6aa27f70 complete_request: cb=1, pending=0
2018-06-08 20:43:38.755949 7f5250ff9700 20 librbd::io::AioCompletion: 0x563c6aa27f70 finalize: r=8388608
2018-06-08 20:43:38.755949 7f5272674d40 20 librbd::io::ImageRequestWQ: 0x563c6aa1fb10 queue: ictx=0x563c6aa1e700, req=0x563c6aa14100
2018-06-08 20:43:38.756394 7f52517fa700 20 librbdwriteback: aio_cb completing
2018-06-08 20:43:38.756412 7f52517fa700 10 librbd::ImageCtx: prune_parent_extents image overlap 0, object overlap 0 from image extents []
2018-06-08 20:43:38.756414 7f52517fa700 10 librbdwriteback: may_copy_on_write rbd_data.e15b8878902d5f.00000000000009f5 0~8388608 = 0
2018-06-08 20:43:38.756418 7f52517fa700 20 librbdwriteback: aio_cb finished
2018-06-08 20:43:38.756478 7f5250ff9700 20 librbd::io::ReadResult: 0x7f5250ff4ee0 operator(): moved resulting 8388608 bytes to bl 0x563c6aa0a800
2018-06-08 20:43:38.756966 7f5250ff9700 20 librbd::io::AsyncOperation: 0x563c6aa280a8 finish_op
2018-06-08 20:43:38.756970 7f5250ff9700 20 librbd::io::AsyncOperation: 0x563c6aa2bdc8 start_op
2018-06-08 20:43:38.756972 7f5250ff9700 20 librbd::io::ImageRequestWQ: 0x563c6aa1fb10 process: ictx=0x563c6aa1e700, req=0x563c6aa14100
2018-06-08 20:43:38.756973 7f5250ff9700 20 librbd::io::ImageRequest: 0x563c6aa14100 send: aio_read: ictx=0x563c6aa1e700, completion=0x563c6aa2bc90
2018-06-08 20:43:38.756978 7f5250ff9700 20 librbd::io::AioCompletion: 0x563c6aa2bc90 set_request_count: pending=1
2018-06-08 20:43:38.756979 7f5250ff9700 20 librbd::io::ImageRequest: 0x563c6aa14100 send_request: oid rbd_data.e15b8878902d5f.00000000000009f6 0~8388608 from [0,8388608]
2018-06-08 20:43:38.756981 7f5250ff9700 10 librbd::ImageCtx: prune_parent_extents image overlap 0, object overlap 0 from image extents []
2018-06-08 20:43:38.756987 7f5250ff9700 20 librbd::ObjectMap: 0x7f52440015f0 object_may_exist: object_no=2550 r=1
2018-06-08 20:43:38.757002 7f5272674d40 10 librbd: Image::aio_read() buf=0~0x7fffff
2018-06-08 20:43:38.757011 7f5250ff9700 20 librbd::io::ObjectRequest: 0x7f52440e1fc0 should_complete: rbd_data.e15b8878902d5f.00000000000009f1 0~8388608 r = -2
2018-06-08 20:43:38.757010 7f5272674d40 20 librbd::io::ImageRequestWQ: 0x563c6aa1fb10 aio_read: ictx=0x563c6aa1e700, completion=0x563c6aa2ba90, off=21399339008, len=8388608, flags=72
2018-06-08 20:43:38.757013 7f5250ff9700 20 librbd::io::ObjectRequest: 0x7f52440e1fc0 should_complete: READ_FLAT
2018-06-08 20:43:38.757015 7f5250ff9700 20 librbd::io::ObjectRequest: 0x7f52440e1fc0 complete:
2018-06-08 20:43:38.757015 7f5250ff9700 10 librbd::io::ReadResult: 0x7f5244175750 finish: C_SparseReadRequestBase: r = -2
2018-06-08 20:43:38.757015 7f5272674d40 20 librbd::io::ImageRequestWQ: 0x563c6aa1fb10 queue: ictx=0x563c6aa1e700, req=0x563c6aa14100
2018-06-08 20:43:38.757017 7f5250ff9700 10 librbd::io::ReadResult: 0x7f5244175750 finish: got {} for [0,8388608] bl 0
2018-06-08 20:43:38.757019 7f5250ff9700 20 librbd::io::AioCompletion: 0x563c6aa20710 complete_request: cb=1, pending=0
2018-06-08 20:43:38.757020 7f5250ff9700 20 librbd::io::AioCompletion: 0x563c6aa20710 finalize: r=8388608
2018-06-08 20:43:38.757413 7f52517fa700 20 librbdwriteback: aio_cb completing
2018-06-08 20:43:38.757431 7f52517fa700 10 librbd::ImageCtx: prune_parent_extents image overlap 0, object overlap 0 from image extents []
2018-06-08 20:43:38.757433 7f52517fa700 10 librbdwriteback: may_copy_on_write rbd_data.e15b8878902d5f.00000000000009f6 0~8388608 = 0
2018-06-08 20:43:38.757437 7f52517fa700 20 librbdwriteback: aio_cb finished
2018-06-08 20:43:38.757551 7f5250ff9700 20 librbd::io::ReadResult: 0x7f5250ff4ee0 operator(): moved resulting 8388608 bytes to bl 0x563c6aa28340
2018-06-08 20:43:38.758035 7f5250ff9700 20 librbd::io::AsyncOperation: 0x563c6aa20848 finish_op
2018-06-08 20:43:38.758039 7f5250ff9700 20 librbd::io::AsyncOperation: 0x563c6aa2bbc8 start_op
2018-06-08 20:43:38.758041 7f5250ff9700 20 librbd::io::ImageRequestWQ: 0x563c6aa1fb10 process: ictx=0x563c6aa1e700, req=0x563c6aa14100
2018-06-08 20:43:38.758042 7f5250ff9700 20 librbd::io::ImageRequest: 0x563c6aa14100 send: aio_read: ictx=0x563c6aa1e700, completion=0x563c6aa2ba90
2018-06-08 20:43:38.758047 7f5250ff9700 20 librbd::io::AioCompletion: 0x563c6aa2ba90 set_request_count: pending=1
2018-06-08 20:43:38.758048 7f5250ff9700 20 librbd::io::ImageRequest: 0x563c6aa14100 send_request: oid rbd_data.e15b8878902d5f.00000000000009f7 0~8388608 from [0,8388608]
2018-06-08 20:43:38.758051 7f5250ff9700 10 librbd::ImageCtx: prune_parent_extents image overlap 0, object overlap 0 from image extents []
2018-06-08 20:43:38.758056 7f5250ff9700 20 librbd::ObjectMap: 0x7f52440015f0 object_may_exist: object_no=2551 r=1
2018-06-08 20:43:38.758084 7f5250ff9700 20 librbd::io::ObjectRequest: 0x7f52440c49a0 should_complete: rbd_data.e15b8878902d5f.00000000000009f2 0~8388608 r = -2
2018-06-08 20:43:38.758086 7f5250ff9700 20 librbd::io::ObjectRequest: 0x7f52440c49a0 should_complete: READ_FLAT
2018-06-08 20:43:38.758080 7f5272674d40 10 librbd: Image::aio_read() buf=0~0x7fffff
2018-06-08 20:43:38.758087 7f5250ff9700 20 librbd::io::ObjectRequest: 0x7f52440c49a0 complete:
2018-06-08 20:43:38.758088 7f5250ff9700 10 librbd::io::ReadResult: 0x7f5244175500 finish: C_SparseReadRequestBase: r = -2
2018-06-08 20:43:38.758089 7f5250ff9700 10 librbd::io::ReadResult: 0x7f5244175500 finish: got {} for [0,8388608] bl 0
2018-06-08 20:43:38.758092 7f5250ff9700 20 librbd::io::AioCompletion: 0x563c6aa2bf40 complete_request: cb=1, pending=0
2018-06-08 20:43:38.758093 7f5250ff9700 20 librbd::io::AioCompletion: 0x563c6aa2bf40 finalize: r=8388608
2018-06-08 20:43:38.758089 7f5272674d40 20 librbd::io::ImageRequestWQ: 0x563c6aa1fb10 aio_read: ictx=0x563c6aa1e700, completion=0x563c6aa27f70, off=21407727616, len=8388608, flags=72
2018-06-08 20:43:38.758097 7f5272674d40 20 librbd::io::ImageRequestWQ: 0x563c6aa1fb10 queue: ictx=0x563c6aa1e700, req=0x563c6aa14100
2018-06-08 20:43:38.758626 7f5250ff9700 20 librbd::io::ReadResult: 0x7f5250ff4ee0 operator(): moved resulting 8388608 bytes to bl 0x563c6aa269b0
2018-06-08 20:43:38.758647 7f52517fa700 20 librbdwriteback: aio_cb completing
2018-06-08 20:43:38.758665 7f52517fa700 10 librbd::ImageCtx: prune_parent_extents image overlap 0, object overlap 0 from image extents []
2018-06-08 20:43:38.758668 7f52517fa700 10 librbdwriteback: may_copy_on_write rbd_data.e15b8878902d5f.00000000000009f7 0~8388608 = 0
2018-06-08 20:43:38.758672 7f52517fa700 20 librbdwriteback: aio_cb finished
2018-06-08 20:43:38.759110 7f5250ff9700 20 librbd::io::AsyncOperation: 0x563c6aa2c078 finish_op
2018-06-08 20:43:38.759114 7f5250ff9700 20 librbd::io::AsyncOperation: 0x563c6aa280a8 start_op
2018-06-08 20:43:38.759116 7f5250ff9700 20 librbd::io::ImageRequestWQ: 0x563c6aa1fb10 process: ictx=0x563c6aa1e700, req=0x563c6aa14100
2018-06-08 20:43:38.759117 7f5250ff9700 20 librbd::io::ImageRequest: 0x563c6aa14100 send: aio_read: ictx=0x563c6aa1e700, completion=0x563c6aa27f70
2018-06-08 20:43:38.759121 7f5250ff9700 20 librbd::io::AioCompletion: 0x563c6aa27f70 set_request_count: pending=1
2018-06-08 20:43:38.759123 7f5250ff9700 20 librbd::io::ImageRequest: 0x563c6aa14100 send_request: oid rbd_data.e15b8878902d5f.00000000000009f8 0~8388608 from [0,8388608]
2018-06-08 20:43:38.759125 7f5250ff9700 10 librbd::ImageCtx: prune_parent_extents image overlap 0, object overlap 0 from image extents []
2018-06-08 20:43:38.759131 7f5250ff9700 20 librbd::ObjectMap: 0x7f52440015f0 object_may_exist: object_no=2552 r=1
2018-06-08 20:43:38.759147 7f5272674d40 10 librbd: Image::aio_read() buf=0~0x7fffff
2018-06-08 20:43:38.759155 7f5250ff9700 20 librbd::io::ObjectRequest: 0x7f5244060b70 should_complete: rbd_data.e15b8878902d5f.00000000000009c1 0~8388608 r = -2
2018-06-08 20:43:38.759154 7f5272674d40 20 librbd::io::ImageRequestWQ: 0x563c6aa1fb10 aio_read: ictx=0x563c6aa1e700, completion=0x563c6aa20710, off=21416116224, len=8388608, flags=72
2018-06-08 20:43:38.759158 7f5250ff9700 20 librbd::io::ObjectRequest: 0x7f5244060b70 should_complete: READ_FLAT
2018-06-08 20:43:38.759160 7f5250ff9700 20 librbd::io::ObjectRequest: 0x7f5244060b70 complete:
2018-06-08 20:43:38.759161 7f5250ff9700 10 librbd::io::ReadResult: 0x7f5244164130 finish: C_SparseReadRequestBase: r = -2
2018-06-08 20:43:38.759161 7f5272674d40 20 librbd::io::ImageRequestWQ: 0x563c6aa1fb10 queue: ictx=0x563c6aa1e700, req=0x563c6aa14100
2018-06-08 20:43:38.759162 7f5250ff9700 10 librbd::io::ReadResult: 0x7f5244164130 finish: got {} for [0,8388608] bl 0
2018-06-08 20:43:38.759164 7f5250ff9700 20 librbd::io::AioCompletion: 0x563c6aa29ad0 complete_request: cb=1, pending=0
2018-06-08 20:43:38.759165 7f5250ff9700 20 librbd::io::AioCompletion: 0x563c6aa29ad0 finalize: r=8388608
2018-06-08 20:43:38.759560 7f52517fa700 20 librbdwriteback: aio_cb completing
2018-06-08 20:43:38.759587 7f52517fa700 10 librbd::ImageCtx: prune_parent_extents image overlap 0, object overlap 0 from image extents []
2018-06-08 20:43:38.759593 7f52517fa700 10 librbdwriteback: may_copy_on_write rbd_data.e15b8878902d5f.00000000000009f8 0~8388608 = 0
2018-06-08 20:43:38.759599 7f52517fa700 20 librbdwriteback: aio_cb finished
2018-06-08 20:43:38.759705 7f5250ff9700 20 librbd::io::ReadResult: 0x7f5250ff4ee0 operator(): moved resulting 8388608 bytes to bl 0x563c6a97ec40
2018-06-08 20:43:38.760185 7f5250ff9700 20 librbd::io::AsyncOperation: 0x563c6aa29c08 finish_op
2018-06-08 20:43:38.760190 7f5250ff9700 20 librbd::io::AsyncOperation: 0x563c6aa20848 start_op
2018-06-08 20:43:38.760191 7f5250ff9700 20 librbd::io::ImageRequestWQ: 0x563c6aa1fb10 process: ictx=0x563c6aa1e700, req=0x563c6aa14100
2018-06-08 20:43:38.760193 7f5250ff9700 20 librbd::io::ImageRequest: 0x563c6aa14100 send: aio_read: ictx=0x563c6aa1e700, completion=0x563c6aa20710
2018-06-08 20:43:38.760197 7f5250ff9700 20 librbd::io::AioCompletion: 0x563c6aa20710 set_request_count: pending=1
2018-06-08 20:43:38.760198 7f5250ff9700 20 librbd::io::ImageRequest: 0x563c6aa14100 send_request: oid rbd_data.e15b8878902d5f.00000000000009f9 0~8388608 from [0,8388608]
2018-06-08 20:43:38.760201 7f5250ff9700 10 librbd::ImageCtx: prune_parent_extents image overlap 0, object overlap 0 from image extents []
2018-06-08 20:43:38.760206 7f5250ff9700 20 librbd::ObjectMap: 0x7f52440015f0 object_may_exist: object_no=2553 r=1
2018-06-08 20:43:38.760247 7f5250ff9700 20 librbd::io::ObjectRequest: 0x7f524400f890 should_complete: rbd_data.e15b8878902d5f.00000000000009f3 0~8388608 r = -2
2018-06-08 20:43:38.760249 7f5250ff9700 20 librbd::io::ObjectRequest: 0x7f524400f890 should_complete: READ_FLAT
2018-06-08 20:43:38.760250 7f5250ff9700 20 librbd::io::ObjectRequest: 0x7f524400f890 complete:
2018-06-08 20:43:38.760251 7f5250ff9700 10 librbd::io::ReadResult: 0x7f5244176c00 finish: C_SparseReadRequestBase: r = -2
2018-06-08 20:43:38.760246 7f5272674d40 10 librbd: Image::aio_read() buf=0~0x7fffff
2018-06-08 20:43:38.760252 7f5250ff9700 10 librbd::io::ReadResult: 0x7f5244176c00 finish: got {} for [0,8388608] bl 0
2018-06-08 20:43:38.760254 7f5250ff9700 20 librbd::io::AioCompletion: 0x563c6aa2c3a0 complete_request: cb=1, pending=0
