2018-06-08 20:43:38.571150 7f5250ff9700 20 librbd::io::AioCompletion: 0x563c6aa26480 finalize: r=8388608
2018-06-08 20:43:38.571179 7f52517fa700 20 librbdwriteback: aio_cb finished
2018-06-08 20:43:38.572682 7f5250ff9700 20 librbd::io::ReadResult: 0x7f5250ff4ee0 operator(): moved resulting 8388608 bytes to bl 0x563c6aa2c6f0
2018-06-08 20:43:38.573406 7f5250ff9700 20 librbd::io::AsyncOperation: 0x563c6aa265b8 finish_op
2018-06-08 20:43:38.573412 7f5272674d40 10 librbd: Image::aio_read() buf=0~0x7fffff
2018-06-08 20:43:38.573419 7f5272674d40 20 librbd::io::ImageRequestWQ: 0x563c6aa1fb10 aio_read: ictx=0x563c6aa1e700, completion=0x563c6aa27f70, off=21139292160, len=8388608, flags=72
2018-06-08 20:43:38.573426 7f5272674d40 20 librbd::io::ImageRequestWQ: 0x563c6aa1fb10 queue: ictx=0x563c6aa1e700, req=0x563c6aa13180
2018-06-08 20:43:38.573437 7f5250ff9700 20 librbd::io::AsyncOperation: 0x563c6aa280a8 start_op
2018-06-08 20:43:38.573452 7f5250ff9700 20 librbd::io::ImageRequestWQ: 0x563c6aa1fb10 process: ictx=0x563c6aa1e700, req=0x563c6aa13180
2018-06-08 20:43:38.573455 7f5250ff9700 20 librbd::io::ImageRequest: 0x563c6aa13180 send: aio_read: ictx=0x563c6aa1e700, completion=0x563c6aa27f70
2018-06-08 20:43:38.573472 7f5250ff9700 20 librbd::io::AioCompletion: 0x563c6aa27f70 set_request_count: pending=1
2018-06-08 20:43:38.573474 7f5250ff9700 20 librbd::io::ImageRequest: 0x563c6aa13180 send_request: oid rbd_data.e15b8878902d5f.00000000000009d8 0~8388608 from [0,8388608]
2018-06-08 20:43:38.573480 7f5250ff9700 10 librbd::ImageCtx: prune_parent_extents image overlap 0, object overlap 0 from image extents []
2018-06-08 20:43:38.581765 7f52517fa700 20 librbdwriteback: aio_cb completing
2018-06-08 20:43:38.581787 7f52517fa700 10 librbd::ImageCtx: prune_parent_extents image overlap 0, object overlap 0 from image extents []
2018-06-08 20:43:38.581790 7f52517fa700 10 librbdwriteback: may_copy_on_write rbd_data.e15b8878902d5f.00000000000009cf 0~8388608 = 0
2018-06-08 20:43:38.581802 7f52517fa700 20 librbd::ObjectMap: 0x7f52440015f0 object_may_exist: object_no=2515 r=1
2018-06-08 20:43:38.581809 7f5250ff9700 20 librbd::io::ObjectRequest: 0x7f5244054de0 should_complete: rbd_data.e15b8878902d5f.00000000000009cf 0~8388608 r = -2
2018-06-08 20:43:38.581829 7f5250ff9700 20 librbd::io::ObjectRequest: 0x7f5244054de0 should_complete: READ_FLAT
2018-06-08 20:43:38.581833 7f5250ff9700 20 librbd::io::ObjectRequest: 0x7f5244054de0 complete:
2018-06-08 20:43:38.581835 7f5250ff9700 10 librbd::io::ReadResult: 0x7f5244169ff0 finish: C_SparseReadRequestBase: r = -2
2018-06-08 20:43:38.581837 7f5250ff9700 10 librbd::io::ReadResult: 0x7f5244169ff0 finish: got {} for [0,8388608] bl 0
2018-06-08 20:43:38.581842 7f5250ff9700 20 librbd::io::AioCompletion: 0x563c6aa2b1c0 complete_request: cb=1, pending=0
2018-06-08 20:43:38.581845 7f5250ff9700 20 librbd::io::AioCompletion: 0x563c6aa2b1c0 finalize: r=8388608
2018-06-08 20:43:38.581863 7f52517fa700 20 librbdwriteback: aio_cb finished
2018-06-08 20:43:38.582327 7f52517fa700 20 librbdwriteback: aio_cb completing
2018-06-08 20:43:38.582350 7f52517fa700 10 librbd::ImageCtx: prune_parent_extents image overlap 0, object overlap 0 from image extents []
2018-06-08 20:43:38.582353 7f52517fa700 10 librbdwriteback: may_copy_on_write rbd_data.e15b8878902d5f.00000000000009d3 0~8388608 = 0
2018-06-08 20:43:38.582363 7f52517fa700 20 librbd::ObjectMap: 0x7f52440015f0 object_may_exist: object_no=2516 r=1
2018-06-08 20:43:38.582454 7f52517fa700 20 librbdwriteback: aio_cb finished
2018-06-08 20:43:38.582838 7f52517fa700 20 librbdwriteback: aio_cb completing
2018-06-08 20:43:38.582849 7f52517fa700 10 librbd::ImageCtx: prune_parent_extents image overlap 0, object overlap 0 from image extents []
2018-06-08 20:43:38.582851 7f52517fa700 10 librbdwriteback: may_copy_on_write rbd_data.e15b8878902d5f.00000000000009d4 0~8388608 = 0
2018-06-08 20:43:38.582857 7f52517fa700 20 librbd::ObjectMap: 0x7f52440015f0 object_may_exist: object_no=2517 r=1
2018-06-08 20:43:38.582896 7f52517fa700 20 librbdwriteback: aio_cb finished
2018-06-08 20:43:38.582919 7f5250ff9700 20 librbd::io::ReadResult: 0x7f5250ff4ee0 operator(): moved resulting 8388608 bytes to bl 0x563c6aa2baf0
2018-06-08 20:43:38.583547 7f5250ff9700 20 librbd::io::AsyncOperation: 0x563c6aa2b2f8 finish_op
2018-06-08 20:43:38.583548 7f5272674d40 10 librbd: Image::aio_read() buf=0~0x7fffff
2018-06-08 20:43:38.583554 7f5272674d40 20 librbd::io::ImageRequestWQ: 0x563c6aa1fb10 aio_read: ictx=0x563c6aa1e700, completion=0x563c6aa26400, off=21147680768, len=8388608, flags=72
2018-06-08 20:43:38.583557 7f5250ff9700 20 librbd::io::ObjectRequest: 0x7f52441382d0 should_complete: rbd_data.e15b8878902d5f.00000000000009d3 0~8388608 r = -2
2018-06-08 20:43:38.583559 7f5272674d40 20 librbd::io::ImageRequestWQ: 0x563c6aa1fb10 queue: ictx=0x563c6aa1e700, req=0x563c6aa13180
2018-06-08 20:43:38.583559 7f5250ff9700 20 librbd::io::ObjectRequest: 0x7f52441382d0 should_complete: READ_FLAT
2018-06-08 20:43:38.583561 7f5250ff9700 20 librbd::io::ObjectRequest: 0x7f52441382d0 complete:
2018-06-08 20:43:38.583562 7f5250ff9700 10 librbd::io::ReadResult: 0x7f5244179ab0 finish: C_SparseReadRequestBase: r = -2
2018-06-08 20:43:38.583564 7f5250ff9700 10 librbd::io::ReadResult: 0x7f5244179ab0 finish: got {} for [0,8388608] bl 0
2018-06-08 20:43:38.583567 7f5250ff9700 20 librbd::io::AioCompletion: 0x563c6aa26250 complete_request: cb=1, pending=0
2018-06-08 20:43:38.583569 7f5250ff9700 20 librbd::io::AioCompletion: 0x563c6aa26250 finalize: r=8388608
2018-06-08 20:43:38.584300 7f5250ff9700 20 librbd::io::ReadResult: 0x7f5250ff4ee0 operator(): moved resulting 8388608 bytes to bl 0x563c6aa0a800
2018-06-08 20:43:38.584932 7f5250ff9700 20 librbd::io::AsyncOperation: 0x563c6aa26388 finish_op
2018-06-08 20:43:38.584934 7f5272674d40 10 librbd: Image::aio_read() buf=0~0x7fffff
2018-06-08 20:43:38.584939 7f5272674d40 20 librbd::io::ImageRequestWQ: 0x563c6aa1fb10 aio_read: ictx=0x563c6aa1e700, completion=0x563c6aa2b1c0, off=21156069376, len=8388608, flags=72
2018-06-08 20:43:38.584940 7f5250ff9700 20 librbd::io::AsyncOperation: 0x563c6aa26538 start_op
2018-06-08 20:43:38.584943 7f5272674d40 20 librbd::io::ImageRequestWQ: 0x563c6aa1fb10 queue: ictx=0x563c6aa1e700, req=0x563c6a97e6d0
2018-06-08 20:43:38.584944 7f5250ff9700 20 librbd::io::ImageRequestWQ: 0x563c6aa1fb10 process: ictx=0x563c6aa1e700, req=0x563c6aa13180
2018-06-08 20:43:38.584946 7f5250ff9700 20 librbd::io::ImageRequest: 0x563c6aa13180 send: aio_read: ictx=0x563c6aa1e700, completion=0x563c6aa26400
2018-06-08 20:43:38.584957 7f5250ff9700 20 librbd::io::AioCompletion: 0x563c6aa26400 set_request_count: pending=1
2018-06-08 20:43:38.584959 7f5250ff9700 20 librbd::io::ImageRequest: 0x563c6aa13180 send_request: oid rbd_data.e15b8878902d5f.00000000000009d9 0~8388608 from [0,8388608]
2018-06-08 20:43:38.584963 7f5250ff9700 10 librbd::ImageCtx: prune_parent_extents image overlap 0, object overlap 0 from image extents []
2018-06-08 20:43:38.584978 7f5250ff9700 20 librbd::io::ObjectRequest: 0x7f52441484e0 should_complete: rbd_data.e15b8878902d5f.00000000000009d4 0~8388608 r = -2
2018-06-08 20:43:38.584980 7f5250ff9700 20 librbd::io::ObjectRequest: 0x7f52441484e0 should_complete: READ_FLAT
2018-06-08 20:43:38.584983 7f5250ff9700 20 librbd::io::ObjectRequest: 0x7f52441484e0 complete:
2018-06-08 20:43:38.584985 7f5250ff9700 10 librbd::io::ReadResult: 0x7f524417a1c0 finish: C_SparseReadRequestBase: r = -2
2018-06-08 20:43:38.584986 7f5250ff9700 10 librbd::io::ReadResult: 0x7f524417a1c0 finish: got {} for [0,8388608] bl 0
2018-06-08 20:43:38.584990 7f5250ff9700 20 librbd::io::AioCompletion: 0x563c6aa27980 complete_request: cb=1, pending=0
2018-06-08 20:43:38.584992 7f5250ff9700 20 librbd::io::AioCompletion: 0x563c6aa27980 finalize: r=8388608
2018-06-08 20:43:38.585668 7f5250ff9700 20 librbd::io::ReadResult: 0x7f5250ff4ee0 operator(): moved resulting 8388608 bytes to bl 0x563c6aa2c8f0
2018-06-08 20:43:38.586298 7f5250ff9700 20 librbd::io::AsyncOperation: 0x563c6aa27ab8 finish_op
2018-06-08 20:43:38.586300 7f5272674d40 10 librbd: Image::aio_read() buf=0~0x7fffff
2018-06-08 20:43:38.586303 7f5272674d40 20 librbd::io::ImageRequestWQ: 0x563c6aa1fb10 aio_read: ictx=0x563c6aa1e700, completion=0x563c6aa2b830, off=21164457984, len=8388608, flags=72
2018-06-08 20:43:38.586306 7f5250ff9700 20 librbd::io::AsyncOperation: 0x563c6aa2b2f8 start_op
2018-06-08 20:43:38.586306 7f5272674d40 20 librbd::io::ImageRequestWQ: 0x563c6aa1fb10 queue: ictx=0x563c6aa1e700, req=0x563c6aa13180
2018-06-08 20:43:38.586309 7f5250ff9700 20 librbd::io::ImageRequestWQ: 0x563c6aa1fb10 process: ictx=0x563c6aa1e700, req=0x563c6a97e6d0
2018-06-08 20:43:38.586311 7f5250ff9700 20 librbd::io::ImageRequest: 0x563c6a97e6d0 send: aio_read: ictx=0x563c6aa1e700, completion=0x563c6aa2b1c0
2018-06-08 20:43:38.586318 7f5250ff9700 20 librbd::io::AioCompletion: 0x563c6aa2b1c0 set_request_count: pending=1
2018-06-08 20:43:38.586320 7f5250ff9700 20 librbd::io::ImageRequest: 0x563c6a97e6d0 send_request: oid rbd_data.e15b8878902d5f.00000000000009da 0~8388608 from [0,8388608]
2018-06-08 20:43:38.586323 7f5250ff9700 10 librbd::ImageCtx: prune_parent_extents image overlap 0, object overlap 0 from image extents []
2018-06-08 20:43:38.586333 7f5250ff9700 20 librbd::io::AsyncOperation: 0x563c6aa2b968 start_op
2018-06-08 20:43:38.586334 7f5250ff9700 20 librbd::io::ImageRequestWQ: 0x563c6aa1fb10 process: ictx=0x563c6aa1e700, req=0x563c6aa13180
2018-06-08 20:43:38.586336 7f5250ff9700 20 librbd::io::ImageRequest: 0x563c6aa13180 send: aio_read: ictx=0x563c6aa1e700, completion=0x563c6aa2b830
2018-06-08 20:43:38.586339 7f5250ff9700 20 librbd::io::AioCompletion: 0x563c6aa2b830 set_request_count: pending=1
2018-06-08 20:43:38.586341 7f5250ff9700 20 librbd::io::ImageRequest: 0x563c6aa13180 send_request: oid rbd_data.e15b8878902d5f.00000000000009db 0~8388608 from [0,8388608]
2018-06-08 20:43:38.586344 7f5250ff9700 10 librbd::ImageCtx: prune_parent_extents image overlap 0, object overlap 0 from image extents []
2018-06-08 20:43:38.672030 7f52517fa700 20 librbdwriteback: aio_cb completing
2018-06-08 20:43:38.672072 7f52517fa700 10 librbd::ImageCtx: prune_parent_extents image overlap 0, object overlap 0 from image extents []
2018-06-08 20:43:38.672076 7f52517fa700 10 librbdwriteback: may_copy_on_write rbd_data.e15b8878902d5f.00000000000009d2 0~8388608 = 0
2018-06-08 20:43:38.672095 7f52517fa700 20 librbd::ObjectMap: 0x7f52440015f0 object_may_exist: object_no=2518 r=1
2018-06-08 20:43:38.672103 7f5250ff9700 20 librbd::io::ObjectRequest: 0x7f5244093c10 should_complete: rbd_data.e15b8878902d5f.00000000000009d2 0~8388608 r = -2
2018-06-08 20:43:38.672117 7f5250ff9700 20 librbd::io::ObjectRequest: 0x7f5244093c10 should_complete: READ_FLAT
2018-06-08 20:43:38.672121 7f5250ff9700 20 librbd::io::ObjectRequest: 0x7f5244093c10 complete:
2018-06-08 20:43:38.672129 7f5250ff9700 10 librbd::io::ReadResult: 0x7f5244168170 finish: C_SparseReadRequestBase: r = -2
2018-06-08 20:43:38.672133 7f5250ff9700 10 librbd::io::ReadResult: 0x7f5244168170 finish: got {} for [0,8388608] bl 0
2018-06-08 20:43:38.672146 7f5250ff9700 20 librbd::io::AioCompletion: 0x563c6aa2c100 complete_request: cb=1, pending=0
2018-06-08 20:43:38.672152 7f5250ff9700 20 librbd::io::AioCompletion: 0x563c6aa2c100 finalize: r=8388608
2018-06-08 20:43:38.672203 7f52517fa700 20 librbdwriteback: aio_cb finished
2018-06-08 20:43:38.672640 7f52517fa700 20 librbdwriteback: aio_cb completing
2018-06-08 20:43:38.672653 7f52517fa700 10 librbd::ImageCtx: prune_parent_extents image overlap 0, object overlap 0 from image extents []
2018-06-08 20:43:38.672655 7f52517fa700 10 librbdwriteback: may_copy_on_write rbd_data.e15b8878902d5f.00000000000009d6 0~8388608 = 0
2018-06-08 20:43:38.672663 7f52517fa700 20 librbd::ObjectMap: 0x7f52440015f0 object_may_exist: object_no=2519 r=1
2018-06-08 20:43:38.672708 7f52517fa700 20 librbdwriteback: aio_cb finished
2018-06-08 20:43:38.673279 7f52517fa700 20 librbdwriteback: aio_cb completing
2018-06-08 20:43:38.673298 7f52517fa700 10 librbd::ImageCtx: prune_parent_extents image overlap 0, object overlap 0 from image extents []
2018-06-08 20:43:38.673301 7f52517fa700 10 librbdwriteback: may_copy_on_write rbd_data.e15b8878902d5f.00000000000009d7 0~8388608 = 0
2018-06-08 20:43:38.673309 7f52517fa700 20 librbd::ObjectMap: 0x7f52440015f0 object_may_exist: object_no=2520 r=1
2018-06-08 20:43:38.673368 7f52517fa700 20 librbdwriteback: aio_cb finished
2018-06-08 20:43:38.673817 7f52517fa700 20 librbdwriteback: aio_cb completing
2018-06-08 20:43:38.673835 7f52517fa700 10 librbd::ImageCtx: prune_parent_extents image overlap 0, object overlap 0 from image extents []
2018-06-08 20:43:38.673838 7f52517fa700 10 librbdwriteback: may_copy_on_write rbd_data.e15b8878902d5f.00000000000009d8 0~8388608 = 0
2018-06-08 20:43:38.673847 7f52517fa700 20 librbd::ObjectMap: 0x7f52440015f0 object_may_exist: object_no=2521 r=1
2018-06-08 20:43:38.673881 7f5250ff9700 20 librbd::io::ReadResult: 0x7f5250ff4ee0 operator(): moved resulting 8388608 bytes to bl 0x563c6aa20d10
2018-06-08 20:43:38.673897 7f52517fa700 20 librbdwriteback: aio_cb finished
2018-06-08 20:43:38.674355 7f52517fa700 20 librbdwriteback: aio_cb completing
2018-06-08 20:43:38.674369 7f52517fa700 10 librbd::ImageCtx: prune_parent_extents image overlap 0, object overlap 0 from image extents []
2018-06-08 20:43:38.674372 7f52517fa700 10 librbdwriteback: may_copy_on_write rbd_data.e15b8878902d5f.00000000000009d9 0~8388608 = 0
2018-06-08 20:43:38.674379 7f52517fa700 20 librbd::ObjectMap: 0x7f52440015f0 object_may_exist: object_no=2522 r=1
2018-06-08 20:43:38.674431 7f52517fa700 20 librbdwriteback: aio_cb finished
2018-06-08 20:43:38.674982 7f52517fa700 20 librbdwriteback: aio_cb completing
2018-06-08 20:43:38.674993 7f52517fa700 10 librbd::ImageCtx: prune_parent_extents image overlap 0, object overlap 0 from image extents []
2018-06-08 20:43:38.674994 7f52517fa700 10 librbdwriteback: may_copy_on_write rbd_data.e15b8878902d5f.00000000000009da 0~8388608 = 0
2018-06-08 20:43:38.675000 7f52517fa700 20 librbd::ObjectMap: 0x7f52440015f0 object_may_exist: object_no=2523 r=1
2018-06-08 20:43:38.675031 7f52517fa700 20 librbdwriteback: aio_cb finished
2018-06-08 20:43:38.675034 7f5250ff9700 20 librbd::io::AsyncOperation: 0x563c6aa2c238 finish_op
2018-06-08 20:43:38.675033 7f5272674d40 10 librbd: Image::aio_read() buf=0~0x7fffff
2018-06-08 20:43:38.675043 7f5272674d40 20 librbd::io::ImageRequestWQ: 0x563c6aa1fb10 aio_read: ictx=0x563c6aa1e700, completion=0x563c6aa27980, off=21172846592, len=8388608, flags=72
2018-06-08 20:43:38.675052 7f5250ff9700 20 librbd::io::ObjectRequest: 0x7f524412b8b0 should_complete: rbd_data.e15b8878902d5f.00000000000009d6 0~8388608 r = -2
2018-06-08 20:43:38.675055 7f5272674d40 20 librbd::io::ImageRequestWQ: 0x563c6aa1fb10 queue: ictx=0x563c6aa1e700, req=0x563c6a97e6d0
2018-06-08 20:43:38.675056 7f5250ff9700 20 librbd::io::ObjectRequest: 0x7f524412b8b0 should_complete: READ_FLAT
2018-06-08 20:43:38.675059 7f5250ff9700 20 librbd::io::ObjectRequest: 0x7f524412b8b0 complete:
2018-06-08 20:43:38.675062 7f5250ff9700 10 librbd::io::ReadResult: 0x7f524417aa70 finish: C_SparseReadRequestBase: r = -2
2018-06-08 20:43:38.675065 7f5250ff9700 10 librbd::io::ReadResult: 0x7f524417aa70 finish: got {} for [0,8388608] bl 0
2018-06-08 20:43:38.675074 7f5250ff9700 20 librbd::io::AioCompletion: 0x563c6aa26730 complete_request: cb=1, pending=0
2018-06-08 20:43:38.675077 7f5250ff9700 20 librbd::io::AioCompletion: 0x563c6aa26730 finalize: r=8388608
2018-06-08 20:43:38.675660 7f52517fa700 20 librbdwriteback: aio_cb completing
2018-06-08 20:43:38.675670 7f52517fa700 10 librbd::ImageCtx: prune_parent_extents image overlap 0, object overlap 0 from image extents []
2018-06-08 20:43:38.675672 7f52517fa700 10 librbdwriteback: may_copy_on_write rbd_data.e15b8878902d5f.00000000000009db 0~8388608 = 0
2018-06-08 20:43:38.675676 7f52517fa700 20 librbdwriteback: aio_cb finished
2018-06-08 20:43:38.675925 7f5250ff9700 20 librbd::io::ReadResult: 0x7f5250ff4ee0 operator(): moved resulting 8388608 bytes to bl 0x563c6aa27540
2018-06-08 20:43:38.676681 7f5250ff9700 20 librbd::io::AsyncOperation: 0x563c6aa26868 finish_op
2018-06-08 20:43:38.676683 7f5272674d40 10 librbd: Image::aio_read() buf=0~0x7fffff
2018-06-08 20:43:38.676692 7f5250ff9700 20 librbd::io::AsyncOperation: 0x563c6aa27ab8 start_op
2018-06-08 20:43:38.676690 7f5272674d40 20 librbd::io::ImageRequestWQ: 0x563c6aa1fb10 aio_read: ictx=0x563c6aa1e700, completion=0x563c6aa28960, off=21181235200, len=8388608, flags=72
2018-06-08 20:43:38.676695 7f5250ff9700 20 librbd::io::ImageRequestWQ: 0x563c6aa1fb10 process: ictx=0x563c6aa1e700, req=0x563c6a97e6d0
2018-06-08 20:43:38.676696 7f5272674d40 20 librbd::io::ImageRequestWQ: 0x563c6aa1fb10 queue: ictx=0x563c6aa1e700, req=0x563c6aa14100
2018-06-08 20:43:38.676699 7f5250ff9700 20 librbd::io::ImageRequest: 0x563c6a97e6d0 send: aio_read: ictx=0x563c6aa1e700, completion=0x563c6aa27980
2018-06-08 20:43:38.676712 7f5250ff9700 20 librbd::io::AioCompletion: 0x563c6aa27980 set_request_count: pending=1
2018-06-08 20:43:38.676715 7f5250ff9700 20 librbd::io::ImageRequest: 0x563c6a97e6d0 send_request: oid rbd_data.e15b8878902d5f.00000000000009dc 0~8388608 from [0,8388608]
2018-06-08 20:43:38.676720 7f5250ff9700 10 librbd::ImageCtx: prune_parent_extents image overlap 0, object overlap 0 from image extents []
2018-06-08 20:43:38.676733 7f5250ff9700 20 librbd::ObjectMap: 0x7f52440015f0 object_may_exist: object_no=2524 r=1
2018-06-08 20:43:38.676797 7f5250ff9700 20 librbd::io::ObjectRequest: 0x7f52440e0210 should_complete: rbd_data.e15b8878902d5f.00000000000009d7 0~8388608 r = -2
2018-06-08 20:43:38.676803 7f5250ff9700 20 librbd::io::ObjectRequest: 0x7f52440e0210 should_complete: READ_FLAT
2018-06-08 20:43:38.676805 7f5250ff9700 20 librbd::io::ObjectRequest: 0x7f52440e0210 complete:
2018-06-08 20:43:38.676819 7f5250ff9700 10 librbd::io::ReadResult: 0x7f52441691d0 finish: C_SparseReadRequestBase: r = -2
2018-06-08 20:43:38.676820 7f5250ff9700 10 librbd::io::ReadResult: 0x7f52441691d0 finish: got {} for [0,8388608] bl 0
2018-06-08 20:43:38.676825 7f5250ff9700 20 librbd::io::AioCompletion: 0x563c6aa268e0 complete_request: cb=1, pending=0
2018-06-08 20:43:38.676827 7f5250ff9700 20 librbd::io::AioCompletion: 0x563c6aa268e0 finalize: r=8388608
2018-06-08 20:43:38.677353 7f52517fa700 20 librbdwriteback: aio_cb completing
2018-06-08 20:43:38.677375 7f52517fa700 10 librbd::ImageCtx: prune_parent_extents image overlap 0, object overlap 0 from image extents []
2018-06-08 20:43:38.677377 7f52517fa700 10 librbdwriteback: may_copy_on_write rbd_data.e15b8878902d5f.00000000000009dc 0~8388608 = 0
2018-06-08 20:43:38.677380 7f52517fa700 20 librbdwriteback: aio_cb finished
2018-06-08 20:43:38.677750 7f5250ff9700 20 librbd::io::ReadResult: 0x7f5250ff4ee0 operator(): moved resulting 8388608 bytes to bl 0x563c6aa277f0
2018-06-08 20:43:38.678448 7f5250ff9700 20 librbd::io::AsyncOperation: 0x563c6aa26a18 finish_op
2018-06-08 20:43:38.678458 7f5250ff9700 20 librbd::io::AsyncOperation: 0x563c6aa28a98 start_op
2018-06-08 20:43:38.678454 7f5272674d40 10 librbd: Image::aio_read() buf=0~0x7fffff
2018-06-08 20:43:38.678460 7f5250ff9700 20 librbd::io::ImageRequestWQ: 0x563c6aa1fb10 process: ictx=0x563c6aa1e700, req=0x563c6aa14100
2018-06-08 20:43:38.678463 7f5250ff9700 20 librbd::io::ImageRequest: 0x563c6aa14100 send: aio_read: ictx=0x563c6aa1e700, completion=0x563c6aa28960
2018-06-08 20:43:38.678462 7f5272674d40 20 librbd::io::ImageRequestWQ: 0x563c6aa1fb10 aio_read: ictx=0x563c6aa1e700, completion=0x563c6aa2c100, off=21189623808, len=8388608, flags=72
2018-06-08 20:43:38.678471 7f5272674d40 20 librbd::io::ImageRequestWQ: 0x563c6aa1fb10 queue: ictx=0x563c6aa1e700, req=0x563c6a97e6d0
2018-06-08 20:43:38.678473 7f5250ff9700 20 librbd::io::AioCompletion: 0x563c6aa28960 set_request_count: pending=1
2018-06-08 20:43:38.678475 7f5250ff9700 20 librbd::io::ImageRequest: 0x563c6aa14100 send_request: oid rbd_data.e15b8878902d5f.00000000000009dd 0~8388608 from [0,8388608]
2018-06-08 20:43:38.678479 7f5250ff9700 10 librbd::ImageCtx: prune_parent_extents image overlap 0, object overlap 0 from image extents []
2018-06-08 20:43:38.678492 7f5250ff9700 20 librbd::ObjectMap: 0x7f52440015f0 object_may_exist: object_no=2525 r=1
2018-06-08 20:43:38.678549 7f5250ff9700 20 librbd::io::ObjectRequest: 0x7f52440ddd30 should_complete: rbd_data.e15b8878902d5f.00000000000009d8 0~8388608 r = -2
2018-06-08 20:43:38.678555 7f5250ff9700 20 librbd::io::ObjectRequest: 0x7f52440ddd30 should_complete: READ_FLAT
2018-06-08 20:43:38.678557 7f5250ff9700 20 librbd::io::ObjectRequest: 0x7f52440ddd30 complete:
2018-06-08 20:43:38.678560 7f5250ff9700 10 librbd::io::ReadResult: 0x7f5244157380 finish: C_SparseReadRequestBase: r = -2
2018-06-08 20:43:38.678562 7f5250ff9700 10 librbd::io::ReadResult: 0x7f5244157380 finish: got {} for [0,8388608] bl 0
2018-06-08 20:43:38.678567 7f5250ff9700 20 librbd::io::AioCompletion: 0x563c6aa27f70 complete_request: cb=1, pending=0
2018-06-08 20:43:38.678569 7f5250ff9700 20 librbd::io::AioCompletion: 0x563c6aa27f70 finalize: r=8388608
2018-06-08 20:43:38.678942 7f52517fa700 20 librbdwriteback: aio_cb completing
2018-06-08 20:43:38.678953 7f52517fa700 10 librbd::ImageCtx: prune_parent_extents image overlap 0, object overlap 0 from image extents []
2018-06-08 20:43:38.678955 7f52517fa700 10 librbdwriteback: may_copy_on_write rbd_data.e15b8878902d5f.00000000000009dd 0~8388608 = 0
2018-06-08 20:43:38.678958 7f52517fa700 20 librbdwriteback: aio_cb finished
2018-06-08 20:43:38.679435 7f5250ff9700 20 librbd::io::ReadResult: 0x7f5250ff4ee0 operator(): moved resulting 8388608 bytes to bl 0x563c6a9d89e0
2018-06-08 20:43:38.680134 7f5250ff9700 20 librbd::io::AsyncOperation: 0x563c6aa280a8 finish_op
2018-06-08 20:43:38.680137 7f5272674d40 10 librbd: Image::aio_read() buf=0~0x7fffff
2018-06-08 20:43:38.680145 7f5250ff9700 20 librbd::io::AsyncOperation: 0x563c6aa2c238 start_op
2018-06-08 20:43:38.680148 7f5250ff9700 20 librbd::io::ImageRequestWQ: 0x563c6aa1fb10 process: ictx=0x563c6aa1e700, req=0x563c6a97e6d0
2018-06-08 20:43:38.680145 7f5272674d40 20 librbd::io::ImageRequestWQ: 0x563c6aa1fb10 aio_read: ictx=0x563c6aa1e700, completion=0x563c6aa27520, off=21198012416, len=8388608, flags=72
2018-06-08 20:43:38.680152 7f5250ff9700 20 librbd::io::ImageRequest: 0x563c6a97e6d0 send: aio_read: ictx=0x563c6aa1e700, completion=0x563c6aa2c100
2018-06-08 20:43:38.680153 7f5272674d40 20 librbd::io::ImageRequestWQ: 0x563c6aa1fb10 queue: ictx=0x563c6aa1e700, req=0x563c6aa14100
2018-06-08 20:43:38.680164 7f5250ff9700 20 librbd::io::AioCompletion: 0x563c6aa2c100 set_request_count: pending=1
2018-06-08 20:43:38.680166 7f5250ff9700 20 librbd::io::ImageRequest: 0x563c6a97e6d0 send_request: oid rbd_data.e15b8878902d5f.00000000000009de 0~8388608 from [0,8388608]
2018-06-08 20:43:38.680170 7f5250ff9700 10 librbd::ImageCtx: prune_parent_extents image overlap 0, object overlap 0 from image extents []
2018-06-08 20:43:38.680184 7f5250ff9700 20 librbd::ObjectMap: 0x7f52440015f0 object_may_exist: object_no=2526 r=1
2018-06-08 20:43:38.680248 7f5250ff9700 20 librbd::io::ObjectRequest: 0x7f52441092e0 should_complete: rbd_data.e15b8878902d5f.00000000000009d9 0~8388608 r = -2
2018-06-08 20:43:38.680256 7f5250ff9700 20 librbd::io::ObjectRequest: 0x7f52441092e0 should_complete: READ_FLAT
2018-06-08 20:43:38.680260 7f5250ff9700 20 librbd::io::ObjectRequest: 0x7f52441092e0 complete:
2018-06-08 20:43:38.680263 7f5250ff9700 10 librbd::io::ReadResult: 0x7f52440cf770 finish: C_SparseReadRequestBase: r = -2
2018-06-08 20:43:38.680265 7f5250ff9700 10 librbd::io::ReadResult: 0x7f52440cf770 finish: got {} for [0,8388608] bl 0
2018-06-08 20:43:38.680271 7f5250ff9700 20 librbd::io::AioCompletion: 0x563c6aa26400 complete_request: cb=1, pending=0
2018-06-08 20:43:38.680274 7f5250ff9700 20 librbd::io::AioCompletion: 0x563c6aa26400 finalize: r=8388608
2018-06-08 20:43:38.680994 7f52517fa700 20 librbdwriteback: aio_cb completing
2018-06-08 20:43:38.681014 7f52517fa700 10 librbd::ImageCtx: prune_parent_extents image overlap 0, object overlap 0 from image extents []
2018-06-08 20:43:38.681018 7f52517fa700 10 librbdwriteback: may_copy_on_write rbd_data.e15b8878902d5f.00000000000009de 0~8388608 = 0
2018-06-08 20:43:38.681022 7f52517fa700 20 librbdwriteback: aio_cb finished
2018-06-08 20:43:38.681060 7f5250ff9700 20 librbd::io::ReadResult: 0x7f5250ff4ee0 operator(): moved resulting 8388608 bytes to bl 0x563c6a929c10
2018-06-08 20:43:38.681748 7f5250ff9700 20 librbd::io::AsyncOperation: 0x563c6aa26538 finish_op
2018-06-08 20:43:38.681752 7f5272674d40 10 librbd: Image::aio_read() buf=0~0x7fffff
2018-06-08 20:43:38.681756 7f5272674d40 20 librbd::io::ImageRequestWQ: 0x563c6aa1fb10 aio_read: ictx=0x563c6aa1e700, completion=0x563c6aa27f70, off=21206401024, len=8388608, flags=72
2018-06-08 20:43:38.681758 7f5250ff9700 20 librbd::io::AsyncOperation: 0x563c6aa27658 start_op
2018-06-08 20:43:38.681760 7f5272674d40 20 librbd::io::ImageRequestWQ: 0x563c6aa1fb10 queue: ictx=0x563c6aa1e700, req=0x563c6a97e6d0
2018-06-08 20:43:38.681760 7f5250ff9700 20 librbd::io::ImageRequestWQ: 0x563c6aa1fb10 process: ictx=0x563c6aa1e700, req=0x563c6aa14100
2018-06-08 20:43:38.681763 7f5250ff9700 20 librbd::io::ImageRequest: 0x563c6aa14100 send: aio_read: ictx=0x563c6aa1e700, completion=0x563c6aa27520
2018-06-08 20:43:38.681774 7f5250ff9700 20 librbd::io::AioCompletion: 0x563c6aa27520 set_request_count: pending=1
2018-06-08 20:43:38.681776 7f5250ff9700 20 librbd::io::ImageRequest: 0x563c6aa14100 send_request: oid rbd_data.e15b8878902d5f.00000000000009df 0~8388608 from [0,8388608]
2018-06-08 20:43:38.681781 7f5250ff9700 10 librbd::ImageCtx: prune_parent_extents image overlap 0, object overlap 0 from image extents []
2018-06-08 20:43:38.681790 7f5250ff9700 20 librbd::ObjectMap: 0x7f52440015f0 object_may_exist: object_no=2527 r=1
2018-06-08 20:43:38.681840 7f5250ff9700 20 librbd::io::ObjectRequest: 0x7f524400f890 should_complete: rbd_data.e15b8878902d5f.00000000000009da 0~8388608 r = -2
2018-06-08 20:43:38.681844 7f5250ff9700 20 librbd::io::ObjectRequest: 0x7f524400f890 should_complete: READ_FLAT
2018-06-08 20:43:38.681845 7f5250ff9700 20 librbd::io::ObjectRequest: 0x7f524400f890 complete:
2018-06-08 20:43:38.681847 7f5250ff9700 10 librbd::io::ReadResult: 0x7f52441625f0 finish: C_SparseReadRequestBase: r = -2
2018-06-08 20:43:38.681848 7f5250ff9700 10 librbd::io::ReadResult: 0x7f52441625f0 finish: got {} for [0,8388608] bl 0
2018-06-08 20:43:38.681852 7f5250ff9700 20 librbd::io::AioCompletion: 0x563c6aa2b1c0 complete_request: cb=1, pending=0
2018-06-08 20:43:38.681854 7f5250ff9700 20 librbd::io::AioCompletion: 0x563c6aa2b1c0 finalize: r=8388608
2018-06-08 20:43:38.682603 7f5250ff9700 20 librbd::io::ReadResult: 0x7f5250ff4ee0 operator(): moved resulting 8388608 bytes to bl 0x563c6a97c9c0
2018-06-08 20:43:38.683285 7f5250ff9700 20 librbd::io::AsyncOperation: 0x563c6aa2b2f8 finish_op
2018-06-08 20:43:38.683289 7f5272674d40 10 librbd: Image::aio_read() buf=0~0x7fffff
2018-06-08 20:43:38.683293 7f5250ff9700 20 librbd::io::AsyncOperation: 0x563c6aa280a8 start_op
2018-06-08 20:43:38.683295 7f5250ff9700 20 librbd::io::ImageRequestWQ: 0x563c6aa1fb10 process: ictx=0x563c6aa1e700, req=0x563c6a97e6d0
2018-06-08 20:43:38.683295 7f5272674d40 20 librbd::io::ImageRequestWQ: 0x563c6aa1fb10 aio_read: ictx=0x563c6aa1e700, completion=0x563c6aa26380, off=21214789632, len=8388608, flags=72
2018-06-08 20:43:38.683297 7f5250ff9700 20 librbd::io::ImageRequest: 0x563c6a97e6d0 send: aio_read: ictx=0x563c6aa1e700, completion=0x563c6aa27f70
2018-06-08 20:43:38.683299 7f5272674d40 20 librbd::io::ImageRequestWQ: 0x563c6aa1fb10 queue: ictx=0x563c6aa1e700, req=0x563c6aa14100
2018-06-08 20:43:38.683305 7f5250ff9700 20 librbd::io::AioCompletion: 0x563c6aa27f70 set_request_count: pending=1
2018-06-08 20:43:38.683307 7f5250ff9700 20 librbd::io::ImageRequest: 0x563c6a97e6d0 send_request: oid rbd_data.e15b8878902d5f.00000000000009e0 0~8388608 from [0,8388608]
2018-06-08 20:43:38.683311 7f5250ff9700 10 librbd::ImageCtx: prune_parent_extents image overlap 0, object overlap 0 from image extents []
2018-06-08 20:43:38.683329 7f5250ff9700 20 librbd::io::ObjectRequest: 0x7f5244054de0 should_complete: rbd_data.e15b8878902d5f.00000000000009db 0~8388608 r = -2
2018-06-08 20:43:38.683332 7f5250ff9700 20 librbd::io::ObjectRequest: 0x7f5244054de0 should_complete: READ_FLAT
2018-06-08 20:43:38.683334 7f5250ff9700 20 librbd::io::ObjectRequest: 0x7f5244054de0 complete:
2018-06-08 20:43:38.683335 7f5250ff9700 10 librbd::io::ReadResult: 0x7f52441653a0 finish: C_SparseReadRequestBase: r = -2
2018-06-08 20:43:38.683336 7f5250ff9700 10 librbd::io::ReadResult: 0x7f52441653a0 finish: got {} for [0,8388608] bl 0
2018-06-08 20:43:38.683339 7f5250ff9700 20 librbd::io::AioCompletion: 0x563c6aa2b830 complete_request: cb=1, pending=0
2018-06-08 20:43:38.683341 7f5250ff9700 20 librbd::io::AioCompletion: 0x563c6aa2b830 finalize: r=8388608
2018-06-08 20:43:38.684067 7f5250ff9700 20 librbd::io::ReadResult: 0x7f5250ff4ee0 operator(): moved resulting 8388608 bytes to bl 0x563c6aa0a800
2018-06-08 20:43:38.684714 7f5250ff9700 20 librbd::io::AsyncOperation: 0x563c6aa2b968 finish_op
2018-06-08 20:43:38.684722 7f5250ff9700 20 librbd::io::AsyncOperation: 0x563c6aa264b8 start_op
2018-06-08 20:43:38.684721 7f5272674d40 10 librbd: Image::aio_read() buf=0~0x7fffff
2018-06-08 20:43:38.684724 7f5250ff9700 20 librbd::io::ImageRequestWQ: 0x563c6aa1fb10 process: ictx=0x563c6aa1e700, req=0x563c6aa14100
2018-06-08 20:43:38.684726 7f5250ff9700 20 librbd::io::ImageRequest: 0x563c6aa14100 send: aio_read: ictx=0x563c6aa1e700, completion=0x563c6aa26380
2018-06-08 20:43:38.684726 7f5272674d40 20 librbd::io::ImageRequestWQ: 0x563c6aa1fb10 aio_read: ictx=0x563c6aa1e700, completion=0x563c6aa2b1c0, off=21223178240, len=8388608, flags=72
2018-06-08 20:43:38.684732 7f5250ff9700 20 librbd::io::AioCompletion: 0x563c6aa26380 set_request_count: pending=1
2018-06-08 20:43:38.684733 7f5272674d40 20 librbd::io::ImageRequestWQ: 0x563c6aa1fb10 queue: ictx=0x563c6aa1e700, req=0x563c6a97e6d0
2018-06-08 20:43:38.684734 7f5250ff9700 20 librbd::io::ImageRequest: 0x563c6aa14100 send_request: oid rbd_data.e15b8878902d5f.00000000000009e1 0~8388608 from [0,8388608]
2018-06-08 20:43:38.684738 7f5250ff9700 10 librbd::ImageCtx: prune_parent_extents image overlap 0, object overlap 0 from image extents []
2018-06-08 20:43:38.684748 7f5250ff9700 20 librbd::io::ObjectRequest: 0x7f5244082900 should_complete: rbd_data.e15b8878902d5f.00000000000009dc 0~8388608 r = -2
2018-06-08 20:43:38.684750 7f5250ff9700 20 librbd::io::ObjectRequest: 0x7f5244082900 should_complete: READ_FLAT
2018-06-08 20:43:38.684752 7f5250ff9700 20 librbd::io::ObjectRequest: 0x7f5244082900 complete:
2018-06-08 20:43:38.684753 7f5250ff9700 10 librbd::io::ReadResult: 0x7f52440e64e0 finish: C_SparseReadRequestBase: r = -2
2018-06-08 20:43:38.684754 7f5250ff9700 10 librbd::io::ReadResult: 0x7f52440e64e0 finish: got {} for [0,8388608] bl 0
2018-06-08 20:43:38.684757 7f5250ff9700 20 librbd::io::AioCompletion: 0x563c6aa27980 complete_request: cb=1, pending=0
2018-06-08 20:43:38.684758 7f5250ff9700 20 librbd::io::AioCompletion: 0x563c6aa27980 finalize: r=8388608
2018-06-08 20:43:38.685448 7f5250ff9700 20 librbd::io::ReadResult: 0x7f5250ff4ee0 operator(): moved resulting 8388608 bytes to bl 0x563c6a928d90
2018-06-08 20:43:38.686100 7f5250ff9700 20 librbd::io::AsyncOperation: 0x563c6aa27ab8 finish_op
2018-06-08 20:43:38.686107 7f5250ff9700 20 librbd::io::AsyncOperation: 0x563c6aa2b2f8 start_op
2018-06-08 20:43:38.686105 7f5272674d40 10 librbd: Image::aio_read() buf=0~0x7fffff
2018-06-08 20:43:38.686108 7f5250ff9700 20 librbd::io::ImageRequestWQ: 0x563c6aa1fb10 process: ictx=0x563c6aa1e700, req=0x563c6a97e6d0
2018-06-08 20:43:38.686109 7f5272674d40 20 librbd::io::ImageRequestWQ: 0x563c6aa1fb10 aio_read: ictx=0x563c6aa1e700, completion=0x563c6aa2b830, off=21231566848, len=8388608, flags=72
2018-06-08 20:43:38.686111 7f5250ff9700 20 librbd::io::ImageRequest: 0x563c6a97e6d0 send: aio_read: ictx=0x563c6aa1e700, completion=0x563c6aa2b1c0
2018-06-08 20:43:38.686113 7f5272674d40 20 librbd::io::ImageRequestWQ: 0x563c6aa1fb10 queue: ictx=0x563c6aa1e700, req=0x563c6aa14100
2018-06-08 20:43:38.686116 7f5250ff9700 20 librbd::io::AioCompletion: 0x563c6aa2b1c0 set_request_count: pending=1
2018-06-08 20:43:38.686118 7f5250ff9700 20 librbd::io::ImageRequest: 0x563c6a97e6d0 send_request: oid rbd_data.e15b8878902d5f.00000000000009e2 0~8388608 from [0,8388608]
2018-06-08 20:43:38.686121 7f5250ff9700 10 librbd::ImageCtx: prune_parent_extents image overlap 0, object overlap 0 from image extents []
2018-06-08 20:43:38.686130 7f5250ff9700 20 librbd::io::ObjectRequest: 0x7f52440bbaa0 should_complete: rbd_data.e15b8878902d5f.00000000000009dd 0~8388608 r = -2
2018-06-08 20:43:38.686133 7f5250ff9700 20 librbd::io::ObjectRequest: 0x7f52440bbaa0 should_complete: READ_FLAT
2018-06-08 20:43:38.686135 7f5250ff9700 20 librbd::io::ObjectRequest: 0x7f52440bbaa0 complete:
2018-06-08 20:43:38.686137 7f5250ff9700 10 librbd::io::ReadResult: 0x7f52440cf700 finish: C_SparseReadRequestBase: r = -2
2018-06-08 20:43:38.686138 7f5250ff9700 10 librbd::io::ReadResult: 0x7f52440cf700 finish: got {} for [0,8388608] bl 0
2018-06-08 20:43:38.686141 7f5250ff9700 20 librbd::io::AioCompletion: 0x563c6aa28960 complete_request: cb=1, pending=0
2018-06-08 20:43:38.686143 7f5250ff9700 20 librbd::io::AioCompletion: 0x563c6aa28960 finalize: r=8388608
2018-06-08 20:43:38.686928 7f5250ff9700 20 librbd::io::ReadResult: 0x7f5250ff4ee0 operator(): moved resulting 8388608 bytes to bl 0x563c6a929490
2018-06-08 20:43:38.687696 7f5250ff9700 20 librbd::io::AsyncOperation: 0x563c6aa28a98 finish_op
2018-06-08 20:43:38.687716 7f5250ff9700 20 librbd::io::AsyncOperation: 0x563c6aa2b968 start_op
2018-06-08 20:43:38.687719 7f5250ff9700 20 librbd::io::ImageRequestWQ: 0x563c6aa1fb10 process: ictx=0x563c6aa1e700, req=0x563c6aa14100
2018-06-08 20:43:38.687722 7f5250ff9700 20 librbd::io::ImageRequest: 0x563c6aa14100 send: aio_read: ictx=0x563c6aa1e700, completion=0x563c6aa2b830
2018-06-08 20:43:38.687728 7f5250ff9700 20 librbd::io::AioCompletion: 0x563c6aa2b830 set_request_count: pending=1
2018-06-08 20:43:38.687730 7f5250ff9700 20 librbd::io::ImageRequest: 0x563c6aa14100 send_request: oid rbd_data.e15b8878902d5f.00000000000009e3 0~8388608 from [0,8388608]
2018-06-08 20:43:38.687735 7f5250ff9700 10 librbd::ImageCtx: prune_parent_extents image overlap 0, object overlap 0 from image extents []
2018-06-08 20:43:38.687734 7f5272674d40 10 librbd: Image::aio_read() buf=0~0x7fffff
2018-06-08 20:43:38.687738 7f5272674d40 20 librbd::io::ImageRequestWQ: 0x563c6aa1fb10 aio_read: ictx=0x563c6aa1e700, completion=0x563c6aa28580, off=21239955456, len=8388608, flags=72
2018-06-08 20:43:38.687742 7f5272674d40 20 librbd::io::ImageRequestWQ: 0x563c6aa1fb10 queue: ictx=0x563c6aa1e700, req=0x563c6a97e6d0
2018-06-08 20:43:38.687749 7f5250ff9700 20 librbd::io::ObjectRequest: 0x7f5244093c10 should_complete: rbd_data.e15b8878902d5f.00000000000009de 0~8388608 r = -2
2018-06-08 20:43:38.687752 7f5250ff9700 20 librbd::io::ObjectRequest: 0x7f5244093c10 should_complete: READ_FLAT
2018-06-08 20:43:38.687754 7f5250ff9700 20 librbd::io::ObjectRequest: 0x7f5244093c10 complete:
2018-06-08 20:43:38.687756 7f5250ff9700 10 librbd::io::ReadResult: 0x7f5244166730 finish: C_SparseReadRequestBase: r = -2
2018-06-08 20:43:38.687758 7f5250ff9700 10 librbd::io::ReadResult: 0x7f5244166730 finish: got {} for [0,8388608] bl 0
2018-06-08 20:43:38.687762 7f5250ff9700 20 librbd::io::AioCompletion: 0x563c6aa2c100 complete_request: cb=1, pending=0
2018-06-08 20:43:38.687764 7f5250ff9700 20 librbd::io::AioCompletion: 0x563c6aa2c100 finalize: r=8388608
2018-06-08 20:43:38.688606 7f5250ff9700 20 librbd::io::ReadResult: 0x7f5250ff4ee0 operator(): moved resulting 8388608 bytes to bl 0x563c6aa20e10
2018-06-08 20:43:38.689252 7f5250ff9700 20 librbd::io::AsyncOperation: 0x563c6aa2c238 finish_op
2018-06-08 20:43:38.689262 7f5250ff9700 20 librbd::io::AsyncOperation: 0x563c6aa286b8 start_op
2018-06-08 20:43:38.689265 7f5250ff9700 20 librbd::io::ImageRequestWQ: 0x563c6aa1fb10 process: ictx=0x563c6aa1e700, req=0x563c6a97e6d0
2018-06-08 20:43:38.689267 7f5250ff9700 20 librbd::io::ImageRequest: 0x563c6a97e6d0 send: aio_read: ictx=0x563c6aa1e700, completion=0x563c6aa28580
2018-06-08 20:43:38.689271 7f5272674d40 10 librbd: Image::aio_read() buf=0~0x7fffff
2018-06-08 20:43:38.689273 7f5272674d40 20 librbd::io::ImageRequestWQ: 0x563c6aa1fb10 aio_read: ictx=0x563c6aa1e700, completion=0x563c6aa27980, off=21248344064, len=8388608, flags=72
2018-06-08 20:43:38.689276 7f5250ff9700 20 librbd::io::AioCompletion: 0x563c6aa28580 set_request_count: pending=1
2018-06-08 20:43:38.689277 7f5272674d40 20 librbd::io::ImageRequestWQ: 0x563c6aa1fb10 queue: ictx=0x563c6aa1e700, req=0x563c6aa14100
2018-06-08 20:43:38.689278 7f5250ff9700 20 librbd::io::ImageRequest: 0x563c6a97e6d0 send_request: oid rbd_data.e15b8878902d5f.00000000000009e4 0~8388608 from [0,8388608]
2018-06-08 20:43:38.689283 7f5250ff9700 10 librbd::ImageCtx: prune_parent_extents image overlap 0, object overlap 0 from image extents []
2018-06-08 20:43:38.689296 7f5250ff9700 20 librbd::io::AsyncOperation: 0x563c6aa27ab8 start_op
2018-06-08 20:43:38.689298 7f5250ff9700 20 librbd::io::ImageRequestWQ: 0x563c6aa1fb10 process: ictx=0x563c6aa1e700, req=0x563c6aa14100
2018-06-08 20:43:38.689300 7f5250ff9700 20 librbd::io::ImageRequest: 0x563c6aa14100 send: aio_read: ictx=0x563c6aa1e700, completion=0x563c6aa27980
2018-06-08 20:43:38.689303 7f5250ff9700 20 librbd::io::AioCompletion: 0x563c6aa27980 set_request_count: pending=1
2018-06-08 20:43:38.689305 7f5250ff9700 20 librbd::io::ImageRequest: 0x563c6aa14100 send_request: oid rbd_data.e15b8878902d5f.00000000000009e5 0~8388608 from [0,8388608]
2018-06-08 20:43:38.689309 7f5250ff9700 10 librbd::ImageCtx: prune_parent_extents image overlap 0, object overlap 0 from image extents []
2018-06-08 20:43:38.734012 7f52517fa700 20 librbdwriteback: aio_cb completing
2018-06-08 20:43:38.734050 7f52517fa700 10 librbd::ImageCtx: prune_parent_extents image overlap 0, object overlap 0 from image extents []
2018-06-08 20:43:38.734054 7f52517fa700 10 librbdwriteback: may_copy_on_write rbd_data.e15b8878902d5f.00000000000009d5 0~8388608 = 0
2018-06-08 20:43:38.734072 7f52517fa700 20 librbd::ObjectMap: 0x7f52440015f0 object_may_exist: object_no=2528 r=1
2018-06-08 20:43:38.734104 7f5250ff9700 20 librbd::io::ObjectRequest: 0x7f524405a9c0 should_complete: rbd_data.e15b8878902d5f.00000000000009d5 0~8388608 r = -2
2018-06-08 20:43:38.734117 7f5250ff9700 20 librbd::io::ObjectRequest: 0x7f524405a9c0 should_complete: READ_FLAT
2018-06-08 20:43:38.734120 7f5250ff9700 20 librbd::io::ObjectRequest: 0x7f524405a9c0 complete:
2018-06-08 20:43:38.734123 7f5250ff9700 10 librbd::io::ReadResult: 0x7f5244035880 finish: C_SparseReadRequestBase: r = -2
2018-06-08 20:43:38.734124 7f5250ff9700 10 librbd::io::ReadResult: 0x7f5244035880 finish: got {} for [0,8388608] bl 0
2018-06-08 20:43:38.734131 7f5250ff9700 20 librbd::io::AioCompletion: 0x563c6aa2bb70 complete_request: cb=1, pending=0
2018-06-08 20:43:38.734134 7f5250ff9700 20 librbd::io::AioCompletion: 0x563c6aa2bb70 finalize: r=8388608
2018-06-08 20:43:38.734158 7f52517fa700 20 librbdwriteback: aio_cb finished
2018-06-08 20:43:38.734765 7f52517fa700 20 librbdwriteback: aio_cb completing
2018-06-08 20:43:38.734785 7f52517fa700 10 librbd::ImageCtx: prune_parent_extents image overlap 0, object overlap 0 from image extents []
2018-06-08 20:43:38.734790 7f52517fa700 10 librbdwriteback: may_copy_on_write rbd_data.e15b8878902d5f.00000000000009e0 0~8388608 = 0
2018-06-08 20:43:38.734799 7f52517fa700 20 librbd::ObjectMap: 0x7f52440015f0 object_may_exist: object_no=2529 r=1
2018-06-08 20:43:38.734857 7f52517fa700 20 librbdwriteback: aio_cb finished
2018-06-08 20:43:38.734969 7f52517fa700 20 librbdwriteback: aio_cb completing
2018-06-08 20:43:38.734979 7f52517fa700 10 librbd::ImageCtx: prune_parent_extents image overlap 0, object overlap 0 from image extents []
2018-06-08 20:43:38.734981 7f52517fa700 10 librbdwriteback: may_copy_on_write rbd_data.e15b8878902d5f.00000000000009df 0~8388608 = 0
2018-06-08 20:43:38.734988 7f52517fa700 20 librbd::ObjectMap: 0x7f52440015f0 object_may_exist: object_no=2530 r=1
2018-06-08 20:43:38.735022 7f52517fa700 20 librbdwriteback: aio_cb finished
2018-06-08 20:43:38.735391 7f52517fa700 20 librbdwriteback: aio_cb completing
2018-06-08 20:43:38.735400 7f52517fa700 10 librbd::ImageCtx: prune_parent_extents image overlap 0, object overlap 0 from image extents []
2018-06-08 20:43:38.735402 7f52517fa700 10 librbdwriteback: may_copy_on_write rbd_data.e15b8878902d5f.00000000000009e1 0~8388608 = 0
2018-06-08 20:43:38.735407 7f52517fa700 20 librbd::ObjectMap: 0x7f52440015f0 object_may_exist: object_no=2531 r=1
2018-06-08 20:43:38.735436 7f52517fa700 20 librbdwriteback: aio_cb finished
2018-06-08 20:43:38.735569 7f52517fa700 20 librbdwriteback: aio_cb completing
2018-06-08 20:43:38.735578 7f52517fa700 10 librbd::ImageCtx: prune_parent_extents image overlap 0, object overlap 0 from image extents []
2018-06-08 20:43:38.735579 7f52517fa700 10 librbdwriteback: may_copy_on_write rbd_data.e15b8878902d5f.00000000000009e2 0~8388608 = 0
2018-06-08 20:43:38.735584 7f52517fa700 20 librbd::ObjectMap: 0x7f52440015f0 object_may_exist: object_no=2532 r=1
2018-06-08 20:43:38.735598 7f5250ff9700 20 librbd::io::ReadResult: 0x7f5250ff4ee0 operator(): moved resulting 8388608 bytes to bl 0x563c6aa2b7b0
2018-06-08 20:43:38.735615 7f52517fa700 20 librbdwriteback: aio_cb finished
2018-06-08 20:43:38.736262 7f5250ff9700 20 librbd::io::AsyncOperation: 0x563c6aa2bca8 finish_op
2018-06-08 20:43:38.736275 7f5250ff9700 20 librbd::io::ObjectRequest: 0x7f5244046400 should_complete: rbd_data.e15b8878902d5f.00000000000009e0 0~8388608 r = -2
2018-06-08 20:43:38.736280 7f5250ff9700 20 librbd::io::ObjectRequest: 0x7f5244046400 should_complete: READ_FLAT
2018-06-08 20:43:38.736282 7f5250ff9700 20 librbd::io::ObjectRequest: 0x7f5244046400 complete:
2018-06-08 20:43:38.736284 7f5250ff9700 10 librbd::io::ReadResult: 0x7f52441691d0 finish: C_SparseReadRequestBase: r = -2
2018-06-08 20:43:38.736281 7f5272674d40 10 librbd: Image::aio_read() buf=0~0x7fffff
2018-06-08 20:43:38.736286 7f5250ff9700 10 librbd::io::ReadResult: 0x7f52441691d0 finish: got {} for [0,8388608] bl 0
2018-06-08 20:43:38.736290 7f5250ff9700 20 librbd::io::AioCompletion: 0x563c6aa27f70 complete_request: cb=1, pending=0
2018-06-08 20:43:38.736292 7f5250ff9700 20 librbd::io::AioCompletion: 0x563c6aa27f70 finalize: r=8388608
2018-06-08 20:43:38.736289 7f5272674d40 20 librbd::io::ImageRequestWQ: 0x563c6aa1fb10 aio_read: ictx=0x563c6aa1e700, completion=0x563c6aa2c200, off=21256732672, len=8388608, flags=72
2018-06-08 20:43:38.736296 7f5272674d40 20 librbd::io::ImageRequestWQ: 0x563c6aa1fb10 queue: ictx=0x563c6aa1e700, req=0x563c6aa14100
2018-06-08 20:43:38.736489 7f52517fa700 20 librbdwriteback: aio_cb completing
2018-06-08 20:43:38.736507 7f52517fa700 10 librbd::ImageCtx: prune_parent_extents image overlap 0, object overlap 0 from image extents []
2018-06-08 20:43:38.736512 7f52517fa700 10 librbdwriteback: may_copy_on_write rbd_data.e15b8878902d5f.00000000000009e3 0~8388608 = 0
2018-06-08 20:43:38.736521 7f52517fa700 20 librbd::ObjectMap: 0x7f52440015f0 object_may_exist: object_no=2533 r=1
2018-06-08 20:43:38.736582 7f52517fa700 20 librbdwriteback: aio_cb finished
2018-06-08 20:43:38.736982 7f5250ff9700 20 librbd::io::ReadResult: 0x7f5250ff4ee0 operator(): moved resulting 8388608 bytes to bl 0x563c6aa278f0
2018-06-08 20:43:38.737298 7f52517fa700 20 librbdwriteback: aio_cb completing
2018-06-08 20:43:38.737315 7f52517fa700 10 librbd::ImageCtx: prune_parent_extents image overlap 0, object overlap 0 from image extents []
2018-06-08 20:43:38.737320 7f52517fa700 10 librbdwriteback: may_copy_on_write rbd_data.e15b8878902d5f.00000000000009e5 0~8388608 = 0
2018-06-08 20:43:38.737324 7f52517fa700 20 librbdwriteback: aio_cb finished
2018-06-08 20:43:38.737595 7f5250ff9700 20 librbd::io::AsyncOperation: 0x563c6aa280a8 finish_op
2018-06-08 20:43:38.737598 7f5272674d40 10 librbd: Image::aio_read() buf=0~0x7fffff Exporting image: 99% complete...2018-06-08 20:43:38.737603 7f5250ff9700 20 librbd::io::AsyncOperation: 0x563c6aa2c338 start_op
2018-06-08 20:43:38.737605 7f5250ff9700 20 librbd::io::ImageRequestWQ: 0x563c6aa1fb10 process: ictx=0x563c6aa1e700, req=0x563c6aa14100
2018-06-08 20:43:38.737605 7f5272674d40 20 librbd::io::ImageRequestWQ: 0x563c6aa1fb10 aio_read: ictx=0x563c6aa1e700, completion=0x563c6aa2bae0, off=21265121280, len=8388608, flags=72
2018-06-08 20:43:38.737607 7f5250ff9700 20 librbd::io::ImageRequest: 0x563c6aa14100 send: aio_read: ictx=0x563c6aa1e700, completion=0x563c6aa2c200
2018-06-08 20:43:38.737610 7f5272674d40 20 librbd::io::ImageRequestWQ: 0x563c6aa1fb10 queue: ictx=0x563c6aa1e700, req=0x563c6a97e6d0
2018-06-08 20:43:38.737619 7f5250ff9700 20 librbd::io::AioCompletion: 0x563c6aa2c200 set_request_count: pending=1
2018-06-08 20:43:38.737621 7f5250ff9700 20 librbd::io::ImageRequest: 0x563c6aa14100 send_request: oid rbd_data.e15b8878902d5f.00000000000009e6 0~8388608 from [0,8388608]
2018-06-08 20:43:38.737626 7f5250ff9700 10 librbd::ImageCtx: prune_parent_extents image overlap 0, object overlap 0 from image extents []
2018-06-08 20:43:38.737636 7f5250ff9700 20 librbd::ObjectMap: 0x7f52440015f0 object_may_exist: object_no=2534 r=1
2018-06-08 20:43:38.737688 7f5250ff9700 20 librbd::io::ObjectRequest: 0x7f5244057520 should_complete: rbd_data.e15b8878902d5f.00000000000009df 0~8388608 r = -2
2018-06-08 20:43:38.737693 7f5250ff9700 20 librbd::io::ObjectRequest: 0x7f5244057520 should_complete: READ_FLAT
2018-06-08 20:43:38.737695 7f5250ff9700 20 librbd::io::ObjectRequest: 0x7f5244057520 complete:
2018-06-08 20:43:38.737697 7f5250ff9700 10 librbd::io::ReadResult: 0x7f5244168170 finish: C_SparseReadRequestBase: r = -2
2018-06-08 20:43:38.737698 7f5250ff9700 10 librbd::io::ReadResult: 0x7f5244168170 finish: got {} for [0,8388608] bl 0
2018-06-08 20:43:38.737701 7f5250ff9700 20 librbd::io::AioCompletion: 0x563c6aa27520 complete_request: cb=1, pending=0
2018-06-08 20:43:38.737702 7f5250ff9700 20 librbd::io::AioCompletion: 0x563c6aa27520 finalize: r=8388608
2018-06-08 20:43:38.738374 7f5250ff9700 20 librbd::io::ReadResult: 0x7f5250ff4ee0 operator(): moved resulting 8388608 bytes to bl 0x563c6aa28b30
2018-06-08 20:43:38.738991 7f5250ff9700 20 librbd::io::AsyncOperation: 0x563c6aa27658 finish_op
2018-06-08 20:43:38.738999 7f5250ff9700 20 librbd::io::AsyncOperation: 0x563c6aa2bc18 start_op
2018-06-08 20:43:38.739001 7f5250ff9700 20 librbd::io::ImageRequestWQ: 0x563c6aa1fb10 process: ictx=0x563c6aa1e700, req=0x563c6a97e6d0
2018-06-08 20:43:38.739003 7f5250ff9700 20 librbd::io::ImageRequest: 0x563c6a97e6d0 send: aio_read: ictx=0x563c6aa1e700, completion=0x563c6aa2bae0
2018-06-08 20:43:38.739010 7f5250ff9700 20 librbd::io::AioCompletion: 0x563c6aa2bae0 set_request_count: pending=1
2018-06-08 20:43:38.739012 7f5250ff9700 20 librbd::io::ImageRequest: 0x563c6a97e6d0 send_request: oid rbd_data.e15b8878902d5f.00000000000009e7 0~8388608 from [0,8388608]
2018-06-08 20:43:38.739016 7f5250ff9700 10 librbd::ImageCtx: prune_parent_extents image overlap 0, object overlap 0 from image extents []
2018-06-08 20:43:38.739019 7f5272674d40 10 librbd: Image::aio_read() buf=0~0x7fffff
2018-06-08 20:43:38.739026 7f5272674d40 20 librbd::io::ImageRequestWQ: 0x563c6aa1fb10 aio_read: ictx=0x563c6aa1e700, completion=0x563c6aa27f70, off=21273509888, len=8388608, flags=72
2018-06-08 20:43:38.739029 7f5250ff9700 20 librbd::io::ObjectRequest: 0x7f5244048970 should_complete: rbd_data.e15b8878902d5f.00000000000009e1 0~8388608 r = -2
2018-06-08 20:43:38.739031 7f5250ff9700 20 librbd::io::ObjectRequest: 0x7f5244048970 should_complete: READ_FLAT
2018-06-08 20:43:38.739032 7f5272674d40 20 librbd::io::ImageRequestWQ: 0x563c6aa1fb10 queue: ictx=0x563c6aa1e700, req=0x563c6a97e6d0
2018-06-08 20:43:38.739033 7f5250ff9700 20 librbd::io::ObjectRequest: 0x7f5244048970 complete:
2018-06-08 20:43:38.739035 7f5250ff9700 10 librbd::io::ReadResult: 0x7f52441625f0 finish: C_SparseReadRequestBase: r = -2
2018-06-08 20:43:38.739036 7f5250ff9700 10 librbd::io::ReadResult: 0x7f52441625f0 finish: got {} for [0,8388608] bl 0
2018-06-08 20:43:38.739040 7f5250ff9700 20 librbd::io::AioCompletion: 0x563c6aa26380 complete_request: cb=1, pending=0
2018-06-08 20:43:38.739042 7f5250ff9700 20 librbd::io::AioCompletion: 0x563c6aa26380 finalize: r=8388608
2018-06-08 20:43:38.739091 7f52517fa700 20 librbdwriteback: aio_cb completing
2018-06-08 20:43:38.739115 7f52517fa700 10 librbd::ImageCtx: prune_parent_extents image overlap 0, object overlap 0 from image extents []
2018-06-08 20:43:38.739122 7f52517fa700 10 librbdwriteback: may_copy_on_write rbd_data.e15b8878902d5f.00000000000009e6 0~8388608 = 0
2018-06-08 20:43:38.739133 7f52517fa700 20 librbd::ObjectMap: 0x7f52440015f0 object_may_exist: object_no=2535 r=1
2018-06-08 20:43:38.739201 7f52517fa700 20 librbdwriteback: aio_cb finished
2018-06-08 20:43:38.739696 7f5250ff9700 20 librbd::io::ReadResult: 0x7f5250ff4ee0 operator(): moved resulting 8388608 bytes to bl 0x563c6aa269b0
2018-06-08 20:43:38.740296 7f5250ff9700 20 librbd::io::AsyncOperation: 0x563c6aa264b8 finish_op
2018-06-08 20:43:38.740302 7f5250ff9700 20 librbd::io::AsyncOperation: 0x563c6aa280a8 start_op
2018-06-08 20:43:38.740304 7f5250ff9700 20 librbd::io::ImageRequestWQ: 0x563c6aa1fb10 process: ictx=0x563c6aa1e700, req=0x563c6a97e6d0
2018-06-08 20:43:38.740306 7f5250ff9700 20 librbd::io::ImageRequest: 0x563c6a97e6d0 send: aio_read: ictx=0x563c6aa1e700, completion=0x563c6aa27f70
