2018-06-08 20:43:38.760255 7f5250ff9700 20 librbd::io::AioCompletion: 0x563c6aa2c3a0 finalize: r=8388608
2018-06-08 20:43:38.760253 7f5272674d40 20 librbd::io::ImageRequestWQ: 0x563c6aa1fb10 aio_read: ictx=0x563c6aa1e700, completion=0x563c6aa2bf40, off=21424504832, len=8388608, flags=72
2018-06-08 20:43:38.760259 7f5272674d40 20 librbd::io::ImageRequestWQ: 0x563c6aa1fb10 queue: ictx=0x563c6aa1e700, req=0x563c6aa14100
2018-06-08 20:43:38.760787 7f5250ff9700 20 librbd::io::ReadResult: 0x7f5250ff4ee0 operator(): moved resulting 8388608 bytes to bl 0x563c6aa2c320
2018-06-08 20:43:38.760839 7f52517fa700 20 librbdwriteback: aio_cb completing
2018-06-08 20:43:38.760865 7f52517fa700 10 librbd::ImageCtx: prune_parent_extents image overlap 0, object overlap 0 from image extents []
2018-06-08 20:43:38.760872 7f52517fa700 10 librbdwriteback: may_copy_on_write rbd_data.e15b8878902d5f.00000000000009f9 0~8388608 = 0
2018-06-08 20:43:38.760878 7f52517fa700 20 librbdwriteback: aio_cb finished
2018-06-08 20:43:38.761267 7f5250ff9700 20 librbd::io::AsyncOperation: 0x563c6aa2c4d8 finish_op
2018-06-08 20:43:38.761272 7f5250ff9700 20 librbd::io::AsyncOperation: 0x563c6aa2c078 start_op
2018-06-08 20:43:38.761274 7f5250ff9700 20 librbd::io::ImageRequestWQ: 0x563c6aa1fb10 process: ictx=0x563c6aa1e700, req=0x563c6aa14100
2018-06-08 20:43:38.761275 7f5250ff9700 20 librbd::io::ImageRequest: 0x563c6aa14100 send: aio_read: ictx=0x563c6aa1e700, completion=0x563c6aa2bf40
2018-06-08 20:43:38.761279 7f5250ff9700 20 librbd::io::AioCompletion: 0x563c6aa2bf40 set_request_count: pending=1
2018-06-08 20:43:38.761280 7f5250ff9700 20 librbd::io::ImageRequest: 0x563c6aa14100 send_request: oid rbd_data.e15b8878902d5f.00000000000009fa 0~8388608 from [0,8388608]
2018-06-08 20:43:38.761283 7f5250ff9700 10 librbd::ImageCtx: prune_parent_extents image overlap 0, object overlap 0 from image extents []
2018-06-08 20:43:38.761288 7f5250ff9700 20 librbd::ObjectMap: 0x7f52440015f0 object_may_exist: object_no=2554 r=1
2018-06-08 20:43:38.761313 7f5250ff9700 20 librbd::io::ObjectRequest: 0x7f52440970b0 should_complete: rbd_data.e15b8878902d5f.00000000000009f4 0~8388608 r = -2
2018-06-08 20:43:38.761315 7f5250ff9700 20 librbd::io::ObjectRequest: 0x7f52440970b0 should_complete: READ_FLAT
2018-06-08 20:43:38.761316 7f5250ff9700 20 librbd::io::ObjectRequest: 0x7f52440970b0 complete:
2018-06-08 20:43:38.761316 7f5250ff9700 10 librbd::io::ReadResult: 0x7f5244177990 finish: C_SparseReadRequestBase: r = -2
2018-06-08 20:43:38.761317 7f5250ff9700 10 librbd::io::ReadResult: 0x7f5244177990 finish: got {} for [0,8388608] bl 0
2018-06-08 20:43:38.761320 7f5250ff9700 20 librbd::io::AioCompletion: 0x563c6aa2c550 complete_request: cb=1, pending=0
2018-06-08 20:43:38.761321 7f5250ff9700 20 librbd::io::AioCompletion: 0x563c6aa2c550 finalize: r=8388608
2018-06-08 20:43:38.761318 7f5272674d40 10 librbd: Image::aio_read() buf=0~0x7fffff
2018-06-08 20:43:38.761327 7f5272674d40 20 librbd::io::ImageRequestWQ: 0x563c6aa1fb10 aio_read: ictx=0x563c6aa1e700, completion=0x563c6aa2b2f0, off=21432893440, len=8388608, flags=72
2018-06-08 20:43:38.761349 7f5272674d40 20 librbd::io::ImageRequestWQ: 0x563c6aa1fb10 queue: ictx=0x563c6aa1e700, req=0x563c6aa14100
2018-06-08 20:43:38.761864 7f5250ff9700 20 librbd::io::ReadResult: 0x7f5250ff4ee0 operator(): moved resulting 8388608 bytes to bl 0x563c6aa278f0
2018-06-08 20:43:38.761920 7f52517fa700 20 librbdwriteback: aio_cb completing
2018-06-08 20:43:38.761947 7f52517fa700 10 librbd::ImageCtx: prune_parent_extents image overlap 0, object overlap 0 from image extents []
2018-06-08 20:43:38.761953 7f52517fa700 10 librbdwriteback: may_copy_on_write rbd_data.e15b8878902d5f.00000000000009fa 0~8388608 = 0
2018-06-08 20:43:38.761960 7f52517fa700 20 librbdwriteback: aio_cb finished
2018-06-08 20:43:38.762420 7f5250ff9700 20 librbd::io::AsyncOperation: 0x563c6aa2c688 finish_op
2018-06-08 20:43:38.762430 7f5250ff9700 20 librbd::io::AsyncOperation: 0x563c6aa2b428 start_op
2018-06-08 20:43:38.762431 7f5250ff9700 20 librbd::io::ImageRequestWQ: 0x563c6aa1fb10 process: ictx=0x563c6aa1e700, req=0x563c6aa14100
2018-06-08 20:43:38.762433 7f5250ff9700 20 librbd::io::ImageRequest: 0x563c6aa14100 send: aio_read: ictx=0x563c6aa1e700, completion=0x563c6aa2b2f0
2018-06-08 20:43:38.762439 7f5250ff9700 20 librbd::io::AioCompletion: 0x563c6aa2b2f0 set_request_count: pending=1
2018-06-08 20:43:38.762440 7f5250ff9700 20 librbd::io::ImageRequest: 0x563c6aa14100 send_request: oid rbd_data.e15b8878902d5f.00000000000009fb 0~8388608 from [0,8388608]
2018-06-08 20:43:38.762443 7f5250ff9700 10 librbd::ImageCtx: prune_parent_extents image overlap 0, object overlap 0 from image extents []
2018-06-08 20:43:38.762449 7f5250ff9700 20 librbd::ObjectMap: 0x7f52440015f0 object_may_exist: object_no=2555 r=1
2018-06-08 20:43:38.762458 7f5272674d40 10 librbd: Image::aio_read() buf=0~0x7fffff
2018-06-08 20:43:38.762465 7f5272674d40 20 librbd::io::ImageRequestWQ: 0x563c6aa1fb10 aio_read: ictx=0x563c6aa1e700, completion=0x563c6aa27520, off=21441282048, len=8388608, flags=72
2018-06-08 20:43:38.762471 7f5272674d40 20 librbd::io::ImageRequestWQ: 0x563c6aa1fb10 queue: ictx=0x563c6aa1e700, req=0x563c6aa27770
2018-06-08 20:43:38.762489 7f5250ff9700 20 librbd::io::ObjectRequest: 0x7f5244140670 should_complete: rbd_data.e15b8878902d5f.00000000000009f5 0~8388608 r = -2
2018-06-08 20:43:38.762491 7f5250ff9700 20 librbd::io::ObjectRequest: 0x7f5244140670 should_complete: READ_FLAT
2018-06-08 20:43:38.762493 7f5250ff9700 20 librbd::io::ObjectRequest: 0x7f5244140670 complete:
2018-06-08 20:43:38.762494 7f5250ff9700 10 librbd::io::ReadResult: 0x7f52440e6550 finish: C_SparseReadRequestBase: r = -2
2018-06-08 20:43:38.762495 7f5250ff9700 10 librbd::io::ReadResult: 0x7f52440e6550 finish: got {} for [0,8388608] bl 0
2018-06-08 20:43:38.762497 7f5250ff9700 20 librbd::io::AioCompletion: 0x563c6a9d8890 complete_request: cb=1, pending=0
2018-06-08 20:43:38.762499 7f5250ff9700 20 librbd::io::AioCompletion: 0x563c6a9d8890 finalize: r=8388608
2018-06-08 20:43:38.763032 7f5250ff9700 20 librbd::io::ReadResult: 0x7f5250ff4ee0 operator(): moved resulting 8388608 bytes to bl 0x563c6aa20ae0
2018-06-08 20:43:38.763095 7f52517fa700 20 librbdwriteback: aio_cb completing
2018-06-08 20:43:38.763122 7f52517fa700 10 librbd::ImageCtx: prune_parent_extents image overlap 0, object overlap 0 from image extents []
2018-06-08 20:43:38.763129 7f52517fa700 10 librbdwriteback: may_copy_on_write rbd_data.e15b8878902d5f.00000000000009fb 0~8388608 = 0
2018-06-08 20:43:38.763135 7f52517fa700 20 librbdwriteback: aio_cb finished
2018-06-08 20:43:38.763515 7f5250ff9700 20 librbd::io::AsyncOperation: 0x563c6a9d89c8 finish_op
2018-06-08 20:43:38.763520 7f5250ff9700 20 librbd::io::AsyncOperation: 0x563c6aa27658 start_op
2018-06-08 20:43:38.763521 7f5250ff9700 20 librbd::io::ImageRequestWQ: 0x563c6aa1fb10 process: ictx=0x563c6aa1e700, req=0x563c6aa27770
2018-06-08 20:43:38.763523 7f5250ff9700 20 librbd::io::ImageRequest: 0x563c6aa27770 send: aio_read: ictx=0x563c6aa1e700, completion=0x563c6aa27520
2018-06-08 20:43:38.763527 7f5250ff9700 20 librbd::io::AioCompletion: 0x563c6aa27520 set_request_count: pending=1
2018-06-08 20:43:38.763528 7f5250ff9700 20 librbd::io::ImageRequest: 0x563c6aa27770 send_request: oid rbd_data.e15b8878902d5f.00000000000009fc 0~8388608 from [0,8388608]
2018-06-08 20:43:38.763534 7f5250ff9700 10 librbd::ImageCtx: prune_parent_extents image overlap 0, object overlap 0 from image extents []
2018-06-08 20:43:38.763540 7f5250ff9700 20 librbd::ObjectMap: 0x7f52440015f0 object_may_exist: object_no=2556 r=1
2018-06-08 20:43:38.763556 7f5272674d40 10 librbd: Image::aio_read() buf=0~0x7fffff
2018-06-08 20:43:38.763568 7f5250ff9700 20 librbd::io::ObjectRequest: 0x7f5244067ac0 should_complete: rbd_data.e15b8878902d5f.00000000000009f6 0~8388608 r = -2
2018-06-08 20:43:38.763565 7f5272674d40 20 librbd::io::ImageRequestWQ: 0x563c6aa1fb10 aio_read: ictx=0x563c6aa1e700, completion=0x563c6aa2c530, off=21449670656, len=8388608, flags=72
2018-06-08 20:43:38.763570 7f5250ff9700 20 librbd::io::ObjectRequest: 0x7f5244067ac0 should_complete: READ_FLAT
2018-06-08 20:43:38.763572 7f5250ff9700 20 librbd::io::ObjectRequest: 0x7f5244067ac0 complete:
2018-06-08 20:43:38.763573 7f5250ff9700 10 librbd::io::ReadResult: 0x7f524412d620 finish: C_SparseReadRequestBase: r = -2
2018-06-08 20:43:38.763573 7f5272674d40 20 librbd::io::ImageRequestWQ: 0x563c6aa1fb10 queue: ictx=0x563c6aa1e700, req=0x563c6aa27770
2018-06-08 20:43:38.763574 7f5250ff9700 10 librbd::io::ReadResult: 0x7f524412d620 finish: got {} for [0,8388608] bl 0
2018-06-08 20:43:38.763576 7f5250ff9700 20 librbd::io::AioCompletion: 0x563c6aa2bc90 complete_request: cb=1, pending=0
2018-06-08 20:43:38.763578 7f5250ff9700 20 librbd::io::AioCompletion: 0x563c6aa2bc90 finalize: r=8388608
2018-06-08 20:43:38.763927 7f52517fa700 20 librbdwriteback: aio_cb completing
2018-06-08 20:43:38.763954 7f52517fa700 10 librbd::ImageCtx: prune_parent_extents image overlap 0, object overlap 0 from image extents []
2018-06-08 20:43:38.763958 7f52517fa700 10 librbdwriteback: may_copy_on_write rbd_data.e15b8878902d5f.00000000000009fc 0~8388608 = 0
2018-06-08 20:43:38.763965 7f52517fa700 20 librbdwriteback: aio_cb finished
2018-06-08 20:43:38.764106 7f5250ff9700 20 librbd::io::ReadResult: 0x7f5250ff4ee0 operator(): moved resulting 8388608 bytes to bl 0x563c6a9296e0
2018-06-08 20:43:38.764604 7f5250ff9700 20 librbd::io::AsyncOperation: 0x563c6aa2bdc8 finish_op
2018-06-08 20:43:38.764609 7f5250ff9700 20 librbd::io::AsyncOperation: 0x563c6aa2c668 start_op
2018-06-08 20:43:38.764610 7f5250ff9700 20 librbd::io::ImageRequestWQ: 0x563c6aa1fb10 process: ictx=0x563c6aa1e700, req=0x563c6aa27770
2018-06-08 20:43:38.764611 7f5250ff9700 20 librbd::io::ImageRequest: 0x563c6aa27770 send: aio_read: ictx=0x563c6aa1e700, completion=0x563c6aa2c530
2018-06-08 20:43:38.764615 7f5250ff9700 20 librbd::io::AioCompletion: 0x563c6aa2c530 set_request_count: pending=1
2018-06-08 20:43:38.764616 7f5250ff9700 20 librbd::io::ImageRequest: 0x563c6aa27770 send_request: oid rbd_data.e15b8878902d5f.00000000000009fd 0~8388608 from [0,8388608]
2018-06-08 20:43:38.764618 7f5250ff9700 10 librbd::ImageCtx: prune_parent_extents image overlap 0, object overlap 0 from image extents []
2018-06-08 20:43:38.764624 7f5250ff9700 20 librbd::ObjectMap: 0x7f52440015f0 object_may_exist: object_no=2557 r=1
2018-06-08 20:43:38.764644 7f5272674d40 10 librbd: Image::aio_read() buf=0~0x7fffff
2018-06-08 20:43:38.764655 7f5250ff9700 20 librbd::io::ObjectRequest: 0x7f5244040420 should_complete: rbd_data.e15b8878902d5f.00000000000009f7 0~8388608 r = -2
2018-06-08 20:43:38.764657 7f5250ff9700 20 librbd::io::ObjectRequest: 0x7f5244040420 should_complete: READ_FLAT
2018-06-08 20:43:38.764658 7f5250ff9700 20 librbd::io::ObjectRequest: 0x7f5244040420 complete:
2018-06-08 20:43:38.764653 7f5272674d40 20 librbd::io::ImageRequestWQ: 0x563c6aa1fb10 aio_read: ictx=0x563c6aa1e700, completion=0x563c6a9d8890, off=21458059264, len=8388608, flags=72
2018-06-08 20:43:38.764659 7f5250ff9700 10 librbd::io::ReadResult: 0x7f52441691d0 finish: C_SparseReadRequestBase: r = -2
2018-06-08 20:43:38.764660 7f5250ff9700 10 librbd::io::ReadResult: 0x7f52441691d0 finish: got {} for [0,8388608] bl 0
2018-06-08 20:43:38.764662 7f5250ff9700 20 librbd::io::AioCompletion: 0x563c6aa2ba90 complete_request: cb=1, pending=0
2018-06-08 20:43:38.764661 7f5272674d40 20 librbd::io::ImageRequestWQ: 0x563c6aa1fb10 queue: ictx=0x563c6aa1e700, req=0x563c6aa27770
2018-06-08 20:43:38.764663 7f5250ff9700 20 librbd::io::AioCompletion: 0x563c6aa2ba90 finalize: r=8388608
2018-06-08 20:43:38.765163 7f52517fa700 20 librbdwriteback: aio_cb completing
2018-06-08 20:43:38.765173 7f5250ff9700 20 librbd::io::ReadResult: 0x7f5250ff4ee0 operator(): moved resulting 8388608 bytes to bl 0x563c6aa2b7b0
2018-06-08 20:43:38.765182 7f52517fa700 10 librbd::ImageCtx: prune_parent_extents image overlap 0, object overlap 0 from image extents []
2018-06-08 20:43:38.765185 7f52517fa700 10 librbdwriteback: may_copy_on_write rbd_data.e15b8878902d5f.00000000000009fd 0~8388608 = 0
2018-06-08 20:43:38.765189 7f52517fa700 20 librbdwriteback: aio_cb finished
2018-06-08 20:43:38.765638 7f5250ff9700 20 librbd::io::AsyncOperation: 0x563c6aa2bbc8 finish_op
2018-06-08 20:43:38.765642 7f5250ff9700 20 librbd::io::AsyncOperation: 0x563c6a9d89c8 start_op
2018-06-08 20:43:38.765643 7f5250ff9700 20 librbd::io::ImageRequestWQ: 0x563c6aa1fb10 process: ictx=0x563c6aa1e700, req=0x563c6aa27770
2018-06-08 20:43:38.765645 7f5250ff9700 20 librbd::io::ImageRequest: 0x563c6aa27770 send: aio_read: ictx=0x563c6aa1e700, completion=0x563c6a9d8890
2018-06-08 20:43:38.765649 7f5250ff9700 20 librbd::io::AioCompletion: 0x563c6a9d8890 set_request_count: pending=1
2018-06-08 20:43:38.765650 7f5250ff9700 20 librbd::io::ImageRequest: 0x563c6aa27770 send_request: oid rbd_data.e15b8878902d5f.00000000000009fe 0~8388608 from [0,8388608]
2018-06-08 20:43:38.765652 7f5250ff9700 10 librbd::ImageCtx: prune_parent_extents image overlap 0, object overlap 0 from image extents []
2018-06-08 20:43:38.765658 7f5250ff9700 20 librbd::ObjectMap: 0x7f52440015f0 object_may_exist: object_no=2558 r=1
2018-06-08 20:43:38.765675 7f5272674d40 10 librbd: Image::aio_read() buf=0~0x7fffff
2018-06-08 20:43:38.765682 7f5272674d40 20 librbd::io::ImageRequestWQ: 0x563c6aa1fb10 aio_read: ictx=0x563c6aa1e700, completion=0x563c6aa2bc40, off=21466447872, len=8388608, flags=72
2018-06-08 20:43:38.765688 7f5272674d40 20 librbd::io::ImageRequestWQ: 0x563c6aa1fb10 queue: ictx=0x563c6aa1e700, req=0x563c6aa27770
2018-06-08 20:43:38.765688 7f5250ff9700 20 librbd::io::ObjectRequest: 0x7f5244084d70 should_complete: rbd_data.e15b8878902d5f.00000000000009f8 0~8388608 r = -2
2018-06-08 20:43:38.765691 7f5250ff9700 20 librbd::io::ObjectRequest: 0x7f5244084d70 should_complete: READ_FLAT
2018-06-08 20:43:38.765692 7f5250ff9700 20 librbd::io::ObjectRequest: 0x7f5244084d70 complete:
2018-06-08 20:43:38.765693 7f5250ff9700 10 librbd::io::ReadResult: 0x7f52441766c0 finish: C_SparseReadRequestBase: r = -2
2018-06-08 20:43:38.765694 7f5250ff9700 10 librbd::io::ReadResult: 0x7f52441766c0 finish: got {} for [0,8388608] bl 0
2018-06-08 20:43:38.765696 7f5250ff9700 20 librbd::io::AioCompletion: 0x563c6aa27f70 complete_request: cb=1, pending=0
2018-06-08 20:43:38.765697 7f5250ff9700 20 librbd::io::AioCompletion: 0x563c6aa27f70 finalize: r=8388608
2018-06-08 20:43:38.766208 7f5250ff9700 20 librbd::io::ReadResult: 0x7f5250ff4ee0 operator(): moved resulting 8388608 bytes to bl 0x563c6aa0a800
2018-06-08 20:43:38.766673 7f5250ff9700 20 librbd::io::AsyncOperation: 0x563c6aa280a8 finish_op
2018-06-08 20:43:38.766678 7f5250ff9700 20 librbd::io::AsyncOperation: 0x563c6aa2bd78 start_op
2018-06-08 20:43:38.766679 7f5250ff9700 20 librbd::io::ImageRequestWQ: 0x563c6aa1fb10 process: ictx=0x563c6aa1e700, req=0x563c6aa27770
2018-06-08 20:43:38.766680 7f5250ff9700 20 librbd::io::ImageRequest: 0x563c6aa27770 send: aio_read: ictx=0x563c6aa1e700, completion=0x563c6aa2bc40
2018-06-08 20:43:38.766684 7f5250ff9700 20 librbd::io::AioCompletion: 0x563c6aa2bc40 set_request_count: pending=1
2018-06-08 20:43:38.766685 7f5250ff9700 20 librbd::io::ImageRequest: 0x563c6aa27770 send_request: oid rbd_data.e15b8878902d5f.00000000000009ff 0~8388608 from [0,8388608]
2018-06-08 20:43:38.766687 7f5250ff9700 10 librbd::ImageCtx: prune_parent_extents image overlap 0, object overlap 0 from image extents []
2018-06-08 20:43:38.766693 7f5250ff9700 20 librbd::ObjectMap: 0x7f52440015f0 object_may_exist: object_no=2559 r=1
2018-06-08 20:43:38.766720 7f5250ff9700 20 librbd::io::ObjectRequest: 0x7f52441092e0 should_complete: rbd_data.e15b8878902d5f.00000000000009f9 0~8388608 r = -2
2018-06-08 20:43:38.766722 7f5250ff9700 20 librbd::io::ObjectRequest: 0x7f52441092e0 should_complete: READ_FLAT
2018-06-08 20:43:38.766723 7f5250ff9700 20 librbd::io::ObjectRequest: 0x7f52441092e0 complete:
2018-06-08 20:43:38.766724 7f5250ff9700 10 librbd::io::ReadResult: 0x7f5244175750 finish: C_SparseReadRequestBase: r = -2
2018-06-08 20:43:38.766725 7f5250ff9700 10 librbd::io::ReadResult: 0x7f5244175750 finish: got {} for [0,8388608] bl 0
2018-06-08 20:43:38.766727 7f5250ff9700 20 librbd::io::AioCompletion: 0x563c6aa20710 complete_request: cb=1, pending=0
2018-06-08 20:43:38.766728 7f5250ff9700 20 librbd::io::AioCompletion: 0x563c6aa20710 finalize: r=8388608
2018-06-08 20:43:38.767249 7f5250ff9700 20 librbd::io::ReadResult: 0x7f5250ff4ee0 operator(): moved resulting 8388608 bytes to bl 0x563c6aa25f10
2018-06-08 20:43:38.767337 7f52517fa700 20 librbdwriteback: aio_cb completing
2018-06-08 20:43:38.767364 7f52517fa700 10 librbd::ImageCtx: prune_parent_extents image overlap 0, object overlap 0 from image extents []
2018-06-08 20:43:38.767370 7f52517fa700 10 librbdwriteback: may_copy_on_write rbd_data.e15b8878902d5f.00000000000009ff 0~8388608 = 0
2018-06-08 20:43:38.767379 7f52517fa700 20 librbdwriteback: aio_cb finished
2018-06-08 20:43:38.767714 7f5250ff9700 20 librbd::io::AsyncOperation: 0x563c6aa20848 finish_op
2018-06-08 20:43:38.767719 7f5250ff9700 20 librbd::io::ObjectRequest: 0x7f52440e7e70 should_complete: rbd_data.e15b8878902d5f.00000000000009fa 0~8388608 r = -2
2018-06-08 20:43:38.767721 7f5250ff9700 20 librbd::io::ObjectRequest: 0x7f52440e7e70 should_complete: READ_FLAT
2018-06-08 20:43:38.767722 7f5250ff9700 20 librbd::io::ObjectRequest: 0x7f52440e7e70 complete:
2018-06-08 20:43:38.767722 7f5250ff9700 10 librbd::io::ReadResult: 0x7f52440cdf20 finish: C_SparseReadRequestBase: r = -2
2018-06-08 20:43:38.767723 7f5250ff9700 10 librbd::io::ReadResult: 0x7f52440cdf20 finish: got {} for [0,8388608] bl 0
2018-06-08 20:43:38.767725 7f5250ff9700 20 librbd::io::AioCompletion: 0x563c6aa2bf40 complete_request: cb=1, pending=0
2018-06-08 20:43:38.767726 7f5250ff9700 20 librbd::io::AioCompletion: 0x563c6aa2bf40 finalize: r=8388608
2018-06-08 20:43:38.768234 7f5250ff9700 20 librbd::io::ReadResult: 0x7f5250ff4ee0 operator(): moved resulting 8388608 bytes to bl 0x563c6aa269b0
2018-06-08 20:43:38.768696 7f5250ff9700 20 librbd::io::AsyncOperation: 0x563c6aa2c078 finish_op
2018-06-08 20:43:38.768700 7f5250ff9700 20 librbd::io::ObjectRequest: 0x7f524406fdb0 should_complete: rbd_data.e15b8878902d5f.00000000000009fb 0~8388608 r = -2
2018-06-08 20:43:38.768701 7f5250ff9700 20 librbd::io::ObjectRequest: 0x7f524406fdb0 should_complete: READ_FLAT
2018-06-08 20:43:38.768702 7f5250ff9700 20 librbd::io::ObjectRequest: 0x7f524406fdb0 complete:
2018-06-08 20:43:38.768703 7f5250ff9700 10 librbd::io::ReadResult: 0x7f5244175fe0 finish: C_SparseReadRequestBase: r = -2
2018-06-08 20:43:38.768703 7f5250ff9700 10 librbd::io::ReadResult: 0x7f5244175fe0 finish: got {} for [0,8388608] bl 0
2018-06-08 20:43:38.768705 7f5250ff9700 20 librbd::io::AioCompletion: 0x563c6aa2b2f0 complete_request: cb=1, pending=0
2018-06-08 20:43:38.768706 7f5250ff9700 20 librbd::io::AioCompletion: 0x563c6aa2b2f0 finalize: r=8388608
2018-06-08 20:43:38.769212 7f5250ff9700 20 librbd::io::ReadResult: 0x7f5250ff4ee0 operator(): moved resulting 8388608 bytes to bl 0x563c6a97ec40
2018-06-08 20:43:38.769672 7f5250ff9700 20 librbd::io::AsyncOperation: 0x563c6aa2b428 finish_op
2018-06-08 20:43:38.769676 7f5250ff9700 20 librbd::io::ObjectRequest: 0x7f5244060b70 should_complete: rbd_data.e15b8878902d5f.00000000000009fc 0~8388608 r = -2
2018-06-08 20:43:38.769677 7f5250ff9700 20 librbd::io::ObjectRequest: 0x7f5244060b70 should_complete: READ_FLAT
2018-06-08 20:43:38.769678 7f5250ff9700 20 librbd::io::ObjectRequest: 0x7f5244060b70 complete:
2018-06-08 20:43:38.769679 7f5250ff9700 10 librbd::io::ReadResult: 0x7f52441640f0 finish: C_SparseReadRequestBase: r = -2
2018-06-08 20:43:38.769680 7f5250ff9700 10 librbd::io::ReadResult: 0x7f52441640f0 finish: got {} for [0,8388608] bl 0
2018-06-08 20:43:38.769681 7f5250ff9700 20 librbd::io::AioCompletion: 0x563c6aa27520 complete_request: cb=1, pending=0
2018-06-08 20:43:38.769682 7f5250ff9700 20 librbd::io::AioCompletion: 0x563c6aa27520 finalize: r=8388608
2018-06-08 20:43:38.770188 7f5250ff9700 20 librbd::io::ReadResult: 0x7f5250ff4ee0 operator(): moved resulting 8388608 bytes to bl 0x563c6aa20e90
2018-06-08 20:43:38.770651 7f5250ff9700 20 librbd::io::AsyncOperation: 0x563c6aa27658 finish_op
2018-06-08 20:43:38.770655 7f5250ff9700 20 librbd::io::ObjectRequest: 0x7f5244093c10 should_complete: rbd_data.e15b8878902d5f.00000000000009fd 0~8388608 r = -2
2018-06-08 20:43:38.770657 7f5250ff9700 20 librbd::io::ObjectRequest: 0x7f5244093c10 should_complete: READ_FLAT
2018-06-08 20:43:38.770657 7f5250ff9700 20 librbd::io::ObjectRequest: 0x7f5244093c10 complete:
2018-06-08 20:43:38.770658 7f5250ff9700 10 librbd::io::ReadResult: 0x7f5244173d00 finish: C_SparseReadRequestBase: r = -2
2018-06-08 20:43:38.770660 7f5250ff9700 10 librbd::io::ReadResult: 0x7f5244173d00 finish: got {} for [0,8388608] bl 0
2018-06-08 20:43:38.770662 7f5250ff9700 20 librbd::io::AioCompletion: 0x563c6aa2c530 complete_request: cb=1, pending=0
2018-06-08 20:43:38.770663 7f5250ff9700 20 librbd::io::AioCompletion: 0x563c6aa2c530 finalize: r=8388608
2018-06-08 20:43:38.771187 7f5250ff9700 20 librbd::io::ReadResult: 0x7f5250ff4ee0 operator(): moved resulting 8388608 bytes to bl 0x563c6aa276f0
2018-06-08 20:43:38.771708 7f5250ff9700 20 librbd::io::AsyncOperation: 0x563c6aa2c668 finish_op
2018-06-08 20:43:38.771716 7f5250ff9700 20 librbd::io::ObjectRequest: 0x7f524405a9c0 should_complete: rbd_data.e15b8878902d5f.00000000000009ff 0~8388608 r = -2
2018-06-08 20:43:38.771717 7f5250ff9700 20 librbd::io::ObjectRequest: 0x7f524405a9c0 should_complete: READ_FLAT
2018-06-08 20:43:38.771719 7f5250ff9700 20 librbd::io::ObjectRequest: 0x7f524405a9c0 complete:
2018-06-08 20:43:38.771720 7f5250ff9700 10 librbd::io::ReadResult: 0x7f524412d620 finish: C_SparseReadRequestBase: r = -2
2018-06-08 20:43:38.771721 7f5250ff9700 10 librbd::io::ReadResult: 0x7f524412d620 finish: got {} for [0,8388608] bl 0
2018-06-08 20:43:38.771724 7f5250ff9700 20 librbd::io::AioCompletion: 0x563c6aa2bc40 complete_request: cb=1, pending=0
2018-06-08 20:43:38.771725 7f5250ff9700 20 librbd::io::AioCompletion: 0x563c6aa2bc40 finalize: r=8388608
2018-06-08 20:43:38.772307 7f5250ff9700 20 librbd::io::ReadResult: 0x7f5250ff4ee0 operator(): moved resulting 8388608 bytes to bl 0x563c6aa2c700
2018-06-08 20:43:38.772844 7f5250ff9700 20 librbd::io::AsyncOperation: 0x563c6aa2bd78 finish_op
2018-06-08 20:43:38.857453 7f52517fa700 20 librbdwriteback: aio_cb completing
2018-06-08 20:43:38.857494 7f52517fa700 10 librbd::ImageCtx: prune_parent_extents image overlap 0, object overlap 0 from image extents []
2018-06-08 20:43:38.857498 7f52517fa700 10 librbdwriteback: may_copy_on_write rbd_data.e15b8878902d5f.00000000000009d1 0~8388608 = 0
2018-06-08 20:43:38.857509 7f52517fa700 20 librbdwriteback: aio_cb finished
2018-06-08 20:43:38.857554 7f5250ff9700 20 librbd::io::ObjectRequest: 0x7f524417a080 should_complete: rbd_data.e15b8878902d5f.00000000000009d1 0~8388608 r = -2
2018-06-08 20:43:38.857563 7f5250ff9700 20 librbd::io::ObjectRequest: 0x7f524417a080 should_complete: READ_FLAT
2018-06-08 20:43:38.857564 7f5250ff9700 20 librbd::io::ObjectRequest: 0x7f524417a080 complete:
2018-06-08 20:43:38.857567 7f5250ff9700 10 librbd::io::ReadResult: 0x7f524416a1b0 finish: C_SparseReadRequestBase: r = -2
2018-06-08 20:43:38.857568 7f5250ff9700 10 librbd::io::ReadResult: 0x7f524416a1b0 finish: got {} for [0,8388608] bl 0
2018-06-08 20:43:38.857575 7f5250ff9700 20 librbd::io::AioCompletion: 0x563c6a97ea70 complete_request: cb=1, pending=0
2018-06-08 20:43:38.857577 7f5250ff9700 20 librbd::io::AioCompletion: 0x563c6a97ea70 finalize: r=8388608
2018-06-08 20:43:38.859076 7f5250ff9700 20 librbd::io::ReadResult: 0x7f5250ff4ee0 operator(): moved resulting 8388608 bytes to bl 0x563c6aa2b540
2018-06-08 20:43:38.859560 7f5250ff9700 20 librbd::io::AsyncOperation: 0x563c6a97eba8 finish_op
2018-06-08 20:43:38.929489 7f52517fa700 20 librbdwriteback: aio_cb completing
2018-06-08 20:43:38.929543 7f52517fa700 10 librbd::ImageCtx: prune_parent_extents image overlap 0, object overlap 0 from image extents []
2018-06-08 20:43:38.929549 7f52517fa700 10 librbdwriteback: may_copy_on_write rbd_data.e15b8878902d5f.00000000000009e4 0~8388608 = 0
2018-06-08 20:43:38.929567 7f52517fa700 20 librbdwriteback: aio_cb finished
2018-06-08 20:43:38.929579 7f5250ff9700 20 librbd::io::ObjectRequest: 0x7f52440bbaa0 should_complete: rbd_data.e15b8878902d5f.00000000000009e4 0~8388608 r = -2
2018-06-08 20:43:38.929595 7f5250ff9700 20 librbd::io::ObjectRequest: 0x7f52440bbaa0 should_complete: READ_FLAT
2018-06-08 20:43:38.929599 7f5250ff9700 20 librbd::io::ObjectRequest: 0x7f52440bbaa0 complete:
2018-06-08 20:43:38.929603 7f5250ff9700 10 librbd::io::ReadResult: 0x7f52440e64e0 finish: C_SparseReadRequestBase: r = -2
2018-06-08 20:43:38.929611 7f5250ff9700 10 librbd::io::ReadResult: 0x7f52440e64e0 finish: got {} for [0,8388608] bl 0
2018-06-08 20:43:38.929619 7f5250ff9700 20 librbd::io::AioCompletion: 0x563c6aa28580 complete_request: cb=1, pending=0
2018-06-08 20:43:38.929624 7f5250ff9700 20 librbd::io::AioCompletion: 0x563c6aa28580 finalize: r=8388608
2018-06-08 20:43:38.931309 7f5250ff9700 20 librbd::io::ReadResult: 0x7f5250ff4ee0 operator(): moved resulting 8388608 bytes to bl 0x563c6a92a390
2018-06-08 20:43:38.931827 7f5250ff9700 20 librbd::io::AsyncOperation: 0x563c6aa286b8 finish_op
2018-06-08 20:43:39.004282 7f52517fa700 20 librbdwriteback: aio_cb completing
2018-06-08 20:43:39.004328 7f52517fa700 10 librbd::ImageCtx: prune_parent_extents image overlap 0, object overlap 0 from image extents []
2018-06-08 20:43:39.004332 7f52517fa700 10 librbdwriteback: may_copy_on_write rbd_data.e15b8878902d5f.00000000000009fe 0~8388608 = 0
2018-06-08 20:43:39.004346 7f52517fa700 20 librbdwriteback: aio_cb finished
2018-06-08 20:43:39.004388 7f5250ff9700 20 librbd::io::ObjectRequest: 0x7f5244043940 should_complete: rbd_data.e15b8878902d5f.00000000000009fe 0~8388608 r = -2
2018-06-08 20:43:39.004407 7f5250ff9700 20 librbd::io::ObjectRequest: 0x7f5244043940 should_complete: READ_FLAT
2018-06-08 20:43:39.004409 7f5250ff9700 20 librbd::io::ObjectRequest: 0x7f5244043940 complete:
2018-06-08 20:43:39.004413 7f5250ff9700 10 librbd::io::ReadResult: 0x7f5244168a30 finish: C_SparseReadRequestBase: r = -2
2018-06-08 20:43:39.004415 7f5250ff9700 10 librbd::io::ReadResult: 0x7f5244168a30 finish: got {} for [0,8388608] bl 0
2018-06-08 20:43:39.004423 7f5250ff9700 20 librbd::io::AioCompletion: 0x563c6a9d8890 complete_request: cb=1, pending=0
2018-06-08 20:43:39.004426 7f5250ff9700 20 librbd::io::AioCompletion: 0x563c6a9d8890 finalize: r=8388608
2018-06-08 20:43:39.006510 7f5250ff9700 20 librbd::io::ReadResult: 0x7f5250ff4ee0 operator(): moved resulting 8388608 bytes to bl 0x563c6aa278f0
2018-06-08 20:43:39.007448 7f5250ff9700 20 librbd::io::AsyncOperation: 0x563c6a9d89c8 finish_op Exporting image: 100% complete...done.
2018-06-08 20:43:39.007684 7f5272674d40 20 librbd::ImageState: 0x563c6aa14690 close
2018-06-08 20:43:39.007706 7f5272674d40 10 librbd::ImageState: 0x563c6aa14690 0x563c6aa14690 send_close_unlock
2018-06-08 20:43:39.007721 7f5272674d40 10 librbd::image::CloseRequest: 0x563c6aa1fd90 send_shut_down_update_watchers
2018-06-08 20:43:39.007725 7f5272674d40 20 librbd::ImageState: 0x563c6aa14690 shut_down_update_watchers
2018-06-08 20:43:39.007727 7f5272674d40 20 librbd::ImageState: 0x563c6a97cce0 ImageUpdateWatchers::shut_down
2018-06-08 20:43:39.007730 7f5272674d40 20 librbd::ImageState: 0x563c6a97cce0 ImageUpdateWatchers::shut_down: completing shut down
2018-06-08 20:43:39.007746 7f5250ff9700 10 librbd::image::CloseRequest: 0x563c6aa1fd90 handle_shut_down_update_watchers: r=0
2018-06-08 20:43:39.007751 7f5250ff9700 10 librbd::image::CloseRequest: 0x563c6aa1fd90 send_shut_down_io_queue
2018-06-08 20:43:39.007754 7f5250ff9700 5 librbd::io::ImageRequestWQ: 0x563c6aa1fb10 shut_down: shut_down: in_flight=0
2018-06-08 20:43:39.007764 7f5250ff9700 10 librbd::image::CloseRequest: 0x563c6aa1fd90 handle_shut_down_io_queue: r=0
2018-06-08 20:43:39.007770 7f5250ff9700 10 librbd::image::CloseRequest: 0x563c6aa1fd90 send_flush
2018-06-08 20:43:39.007774 7f5250ff9700 10 librbd::image::CloseRequest: 0x563c6aa1fd90 handle_flush: r=0
2018-06-08 20:43:39.007776 7f5250ff9700 10 librbd::image::CloseRequest: 0x563c6aa1fd90 send_flush_readahead
2018-06-08 20:43:39.007783 7f5250ff9700 10 librbd::image::CloseRequest: 0x563c6aa1fd90 handle_flush_readahead: r=0
2018-06-08 20:43:39.007785 7f5250ff9700 10 librbd::image::CloseRequest: 0x563c6aa1fd90 send_shut_down_cache
2018-06-08 20:43:39.010471 7f5250ff9700 10 librbd::image::CloseRequest: 0x563c6aa1fd90 handle_shut_down_cache: r=0
2018-06-08 20:43:39.010496 7f5250ff9700 10 librbd::image::CloseRequest: 0x563c6aa1fd90 send_flush_op_work_queue
2018-06-08 20:43:39.010507 7f5250ff9700 10 librbd::image::CloseRequest: 0x563c6aa1fd90 handle_flush_op_work_queue: r=0
2018-06-08 20:43:39.010578 7f5250ff9700 10 librbd::ImageState: 0x563c6aa14690 0x563c6aa14690 handle_close: r=0 [root@nc2-ggjs-iaas-v-cc-sev201 run]# moved resulting