2017-12-02 17:51:01.952166 7f794aad7f80 4 rocksdb: Options.target_file_size_base: 67108864 -2894>
2017-12-02 17:51:01.952168 7f794aad7f80 4 rocksdb: Options.target_file_size_multiplier: 1 -2893>
2017-12-02 17:51:01.952168 7f794aad7f80 4 rocksdb: Options.max_bytes_for_level_base: 268435456 -2892>
2017-12-02 17:51:01.952169 7f794aad7f80 4 rocksdb: Options.level_compaction_dynamic_level_bytes: 0 -2891>
2017-12-02 17:51:01.952170 7f794aad7f80 4 rocksdb: Options.max_bytes_for_level_multiplier: 10.000000 -2890>
2017-12-02 17:51:01.952173 7f794aad7f80 4 rocksdb: Options.max_bytes_for_level_multiplier_addtl[0]: 1 -2889>
2017-12-02 17:51:01.952174 7f794aad7f80 4 rocksdb: Options.max_bytes_for_level_multiplier_addtl[1]: 1 -2888>
2017-12-02 17:51:01.952175 7f794aad7f80 4 rocksdb: Options.max_bytes_for_level_multiplier_addtl[2]: 1 -2887>
2017-12-02 17:51:01.952186 7f794aad7f80 4 rocksdb: Options.max_bytes_for_level_multiplier_addtl[3]: 1 -2886>
2017-12-02 17:51:01.952188 7f794aad7f80 4 rocksdb: Options.max_bytes_for_level_multiplier_addtl[4]: 1 -2885>
2017-12-02 17:51:01.952189 7f794aad7f80 4 rocksdb: Options.max_bytes_for_level_multiplier_addtl[5]: 1 -2884>
2017-12-02 17:51:01.952190 7f794aad7f80 4 rocksdb: Options.max_bytes_for_level_multiplier_addtl[6]: 1 -2883>
2017-12-02 17:51:01.952191 7f794aad7f80 4 rocksdb: Options.max_sequential_skip_in_iterations: 8 -2882>
2017-12-02 17:51:01.952192 7f794aad7f80 4 rocksdb: Options.max_compaction_bytes: 1677721600 -2881>
2017-12-02 17:51:01.952193 7f794aad7f80 4 rocksdb: Options.arena_block_size: 4194304 -2880>
2017-12-02 17:51:01.952194 7f794aad7f80 4 rocksdb: Options.soft_pending_compaction_bytes_limit: 68719476736 -2879>
2017-12-02 17:51:01.952195 7f794aad7f80 4 rocksdb: Options.hard_pending_compaction_bytes_limit: 274877906944 -2878>
2017-12-02 17:51:01.952196 7f794aad7f80 4 rocksdb: Options.rate_limit_delay_max_milliseconds: 100 -2877>
2017-12-02 17:51:01.952197 7f794aad7f80 4 rocksdb: Options.disable_auto_compactions: 0 -2876>
2017-12-02 17:51:01.952198 7f794aad7f80 4 rocksdb: Options.compaction_style: kCompactionStyleLevel -2875>
2017-12-02 17:51:01.952199 7f794aad7f80 4 rocksdb: Options.compaction_pri: kByCompensatedSize -2874>
2017-12-02 17:51:01.952200 7f794aad7f80 4 rocksdb: Options.compaction_options_universal.size_ratio: 1 -2873>
2017-12-02 17:51:01.952201 7f794aad7f80 4 rocksdb: Options.compaction_options_universal.min_merge_width: 2 -2872>
2017-12-02 17:51:01.952202 7f794aad7f80 4 rocksdb: Options.compaction_options_universal.max_merge_width: 4294967295 -2871>
2017-12-02 17:51:01.952203 7f794aad7f80 4 rocksdb: Options.compaction_options_universal.max_size_amplification_percent: 200 -2870>
2017-12-02 17:51:01.952204 7f794aad7f80 4 rocksdb: Options.compaction_options_universal.compression_size_percent: -1 -2869>
2017-12-02 17:51:01.952205 7f794aad7f80 4 rocksdb: Options.compaction_options_fifo.max_table_files_size: 1073741824 -2868>
2017-12-02 17:51:01.952206 7f794aad7f80 4 rocksdb: Options.table_properties_collectors: -2867>
2017-12-02 17:51:01.952207 7f794aad7f80 4 rocksdb: Options.inplace_update_support: 0 -2866>
2017-12-02 17:51:01.952208 7f794aad7f80 4 rocksdb: Options.inplace_update_num_locks: 10000 -2865>
2017-12-02 17:51:01.952209 7f794aad7f80 4 rocksdb: Options.memtable_prefix_bloom_size_ratio: 0.000000 -2864>
2017-12-02 17:51:01.952211 7f794aad7f80 4 rocksdb: Options.memtable_huge_page_size: 0 -2863>
2017-12-02 17:51:01.952212 7f794aad7f80 4 rocksdb: Options.bloom_locality: 0 -2862>
2017-12-02 17:51:01.952213 7f794aad7f80 4 rocksdb: Options.max_successive_merges: 0 -2861>
2017-12-02 17:51:01.952214 7f794aad7f80 4 rocksdb: Options.optimize_filters_for_hits: 0 -2860>
2017-12-02 17:51:01.952215 7f794aad7f80 4 rocksdb: Options.paranoid_file_checks: 0 -2859>
2017-12-02 17:51:01.952216 7f794aad7f80 4 rocksdb: Options.force_consistency_checks: 0 -2858>
2017-12-02 17:51:01.952225 7f794aad7f80 4 rocksdb: Options.report_bg_io_stats: 0 -2857>
2017-12-02 17:51:01.952826 7f794aad7f80 4 rocksdb: [/home/builder/source/ceph-12.2.1/src/rocksdb/db/version_set.cc:2859] Recovered from manifest file:/var/lib/ceph/mon/ceph-c1n4/store.db/MANIFEST-000389 succeeded,manifest_file_number is 389, next_file_number is 391, last_sequence is 129725, log_number is 0,prev_log_number is 0,max_column_family is 0 -2856>
2017-12-02 17:51:01.952834 7f794aad7f80 4 rocksdb: [/home/builder/source/ceph-12.2.1/src/rocksdb/db/version_set.cc:2867] Column family [default] (ID 0), log number is 385 -2855>
2017-12-02 17:51:01.952888 7f794aad7f80 4 rocksdb: EVENT_LOG_v1 {"time_micros": 1512226261952883, "job": 1, "event": "recovery_started", "log_files": [390]} -2854>
2017-12-02 17:51:01.952894 7f794aad7f80 4 rocksdb: [/home/builder/source/ceph-12.2.1/src/rocksdb/db/db_impl_open.cc:482] Recovering log #390 mode 2 -2853>
2017-12-02 17:51:02.295679 7f794aad7f80 5 rocksdb: [/home/builder/source/ceph-12.2.1/src/rocksdb/db/db_impl_open.cc:815] [default] [WriteLevel0TableForRecovery] Level-0 table #391: started -2852>
2017-12-02 17:51:02.381160 7f794aad7f80 4 rocksdb: EVENT_LOG_v1 {"time_micros": 1512226262381147, "cf_name": "default", "job": 1, "event": "table_file_creation", "file_number": 391, "file_size": 18416996, "table_properties": {"data_size": 18295938, "index_size": 61985, "filter_size": 58145, "raw_key_size": 108239, "raw_average_key_size": 21, "raw_value_size": 18181126, "raw_average_value_size": 3542, "num_data_blocks": 1741, "num_entries": 5133, "filter_policy_name": "rocksdb.BuiltinBloomFilter", "kDeletedKeys": "1645", "kMergeOperands": "0"}} -2851>
2017-12-02 17:51:02.381173 7f794aad7f80 5 rocksdb: [/home/builder/source/ceph-12.2.1/src/rocksdb/db/db_impl_open.cc:847] [default] [WriteLevel0TableForRecovery] Level-0 table #391: 18416996 bytes OK -2850>
2017-12-02 17:51:02.382107 7f794aad7f80 4 rocksdb: [/home/builder/source/ceph-12.2.1/src/rocksdb/db/version_set.cc:2395] Creating manifest 392 -2849>
2017-12-02 17:51:02.383050 7f794aad7f80 4 rocksdb: EVENT_LOG_v1 {"time_micros": 1512226262383047, "job": 1, "event": "recovery_finished"} -2848>
2017-12-02 17:51:02.383218 7f794aad7f80 5 rocksdb: [/home/builder/source/ceph-12.2.1/src/rocksdb/db/db_impl_files.cc:307] [JOB 2] Delete /var/lib/ceph/mon/ceph-c1n4/store.db//MANIFEST-000389 type=3 #389 -- OK -2847>
2017-12-02 17:51:02.383271 7f794aad7f80 5 rocksdb: [/home/builder/source/ceph-12.2.1/src/rocksdb/db/db_impl_files.cc:307] [JOB 2] Delete /var/lib/ceph/mon/ceph-c1n4/store.db//000390.log type=0 #390 -- OK -2846>
2017-12-02 17:51:02.385478 7f794aad7f80 4 rocksdb: [/home/builder/source/ceph-12.2.1/src/rocksdb/db/db_impl_open.cc:1063] DB pointer 0x55cf1f8d4000 -2845>
2017-12-02 17:51:02.386176 7f793c747700 2 Event(0x55cf1f4bd280 nevent=5000 time_id=1).set_owner idx=0 owner=140158682035968 -2844>
2017-12-02 17:51:02.386195 7f793d749700 2 Event(0x55cf1f4bc080 nevent=5000 time_id=1).set_owner idx=2 owner=140158698821376 -2843>
2017-12-02 17:51:02.386206 7f793cf48700 2 Event(0x55cf1f4bd040 nevent=5000 time_id=1).set_owner idx=1 owner=140158690428672 -2842>
2017-12-02 17:51:02.386251 7f794aad7f80 0 starting mon.c1n4 rank 3 at public addr 10.1.80.4:6789/0 at bind addr 10.1.80.4:6789/0 mon_data /var/lib/ceph/mon/ceph-c1n4 fsid 843b3970-55f5-49c5-a447-f8e1fb3c3af6 -2841>
2017-12-02 17:51:02.386312 7f794aad7f80 1 -- 10.1.80.4:6789/0 learned_addr learned my addr 10.1.80.4:6789/0 -2840>
2017-12-02 17:51:02.386318 7f794aad7f80 1 -- 10.1.80.4:6789/0 _finish_bind bind my_inst.addr is 10.1.80.4:6789/0 -2839>
2017-12-02 17:51:02.386339 7f794aad7f80 0 starting mon.c1n4 rank 3 at 10.1.80.4:6789/0 mon_data /var/lib/ceph/mon/ceph-c1n4 fsid 843b3970-55f5-49c5-a447-f8e1fb3c3af6 -2838>
2017-12-02 17:51:02.386360 7f794aad7f80 5 adding auth protocol: cephx -2837>
2017-12-02 17:51:02.386364 7f794aad7f80 5 adding auth protocol: cephx -2836>
2017-12-02 17:51:02.386381 7f794aad7f80 10 log_channel(cluster) update_config to_monitors: true to_syslog: false syslog_facility: daemon prio: info to_graylog: false graylog_host: 127.0.0.1 graylog_port: 12201) -2835>
2017-12-02 17:51:02.386386 7f794aad7f80 10 log_channel(audit) update_config to_monitors: true to_syslog: false syslog_facility: local0 prio: info to_graylog: false graylog_host: 127.0.0.1 graylog_port: 12201) -2834>
2017-12-02 17:51:02.386767 7f794aad7f80 1 mon.c1n4@-1(probing) e4 preinit fsid 843b3970-55f5-49c5-a447-f8e1fb3c3af6 -2833>
2017-12-02 17:51:02.386893 7f794aad7f80 1 mon.c1n4@-1(probing).mds e0 Unable to load 'last_metadata' -2832>
2017-12-02 17:51:02.386934 7f794aad7f80 1 mon.c1n4@-1(probing).paxosservice(pgmap 1..2) refresh upgraded, format 0 -> 1 -2831>
2017-12-02 17:51:02.386938 7f794aad7f80 1 mon.c1n4@-1(probing).pg v0 on_upgrade discarding in-core PGMap -2830>
2017-12-02 17:51:02.386995 7f794aad7f80 4 mon.c1n4@-1(probing).mds e1 new map -2829>
2017-12-02 17:51:02.386998 7f794aad7f80 0 mon.c1n4@-1(probing).mds e1 print_map e1 enable_multiple, ever_enabled_multiple: 0,0 compat: compat={},rocompat={},incompat={1=base v0.20,2=client writeable ranges,3=default file layouts on dirs,4=dir inode in separate object,5=mds uses versioned encoding,6=dirfrag is stored in omap,8=file layout v2} legacy client fscid: -1 No filesystems configured -2828>
2017-12-02 17:51:02.387208 7f794aad7f80 0 mon.c1n4@-1(probing).osd e2982 crush map has features 288514051259236352, adjusting msgr requires -2827>
2017-12-02 17:51:02.387213 7f794aad7f80 0 mon.c1n4@-1(probing).osd e2982 crush map has features 288514051259236352, adjusting msgr requires -2826>
2017-12-02 17:51:02.387217 7f794aad7f80 0 mon.c1n4@-1(probing).osd e2982 crush map has features 1009089991638532096, adjusting msgr requires -2825>
2017-12-02 17:51:02.387218 7f794aad7f80 0 mon.c1n4@-1(probing).osd e2982 crush map has features 288514051259236352, adjusting msgr requires -2824>
2017-12-02 17:51:02.387392 7f794aad7f80 1 mon.c1n4@-1(probing).paxosservice(auth 1261..1380) refresh upgraded, format 0 -> 2 -2823>
2017-12-02 17:51:02.388275 7f794aad7f80 4 mon.c1n4@-1(probing).mgr e0 loading version 219 -2822>
2017-12-02 17:51:02.388313 7f794aad7f80 4 mon.c1n4@-1(probing).mgr e219 active server: 10.1.80.3:6832/18816(4068674) -2821>
2017-12-02 17:51:02.388330 7f794aad7f80 4 mon.c1n4@-1(probing).mgr e219 mkfs or daemon transitioned to available, loading commands -2820>
2017-12-02 17:51:02.388338 7f794aad7f80 -1 mon.c1n4@-1(probing).mgr e219 Failed to load mgr commands: (2) No such file or directory -2819>
2017-12-02 17:51:02.388350 7f794aad7f80 4 mgrc handle_mgr_map Got map version 219 -2818>
2017-12-02 17:51:02.388352 7f794aad7f80 4 mgrc handle_mgr_map Active mgr is now 10.1.80.3:6832/18816 -2817>
2017-12-02 17:51:02.388354 7f794aad7f80 4 mgrc reconnect Starting new session with 10.1.80.3:6832/18816 -2816>
2017-12-02 17:51:02.388368 7f794aad7f80 1 -- - --> 10.1.80.3:6832/18816 -- mgropen(unknown.c1n4) v2 -- 0x55cf1f812840 con 0 -2815>
2017-12-02 17:51:02.388556 7f794aad7f80 2 auth: KeyRing::load: loaded key file /var/lib/ceph/mon/ceph-c1n4/keyring -2814>
2017-12-02 17:51:02.388562 7f794aad7f80 5 asok(0x55cf1f5372c0) register_command mon_status hook 0x55cf1f4ba9e0 -2813>
2017-12-02 17:51:02.388570 7f794aad7f80 5 asok(0x55cf1f5372c0) register_command quorum_status hook 0x55cf1f4ba9e0 -2812>
2017-12-02 17:51:02.388575 7f794aad7f80 5 asok(0x55cf1f5372c0) register_command sync_force hook 0x55cf1f4ba9e0 -2811>
2017-12-02 17:51:02.388579 7f794aad7f80 5 asok(0x55cf1f5372c0) register_command add_bootstrap_peer_hint hook 0x55cf1f4ba9e0 -2810>
2017-12-02 17:51:02.388584 7f794aad7f80 5 asok(0x55cf1f5372c0) register_command quorum enter hook 0x55cf1f4ba9e0 -2809>
2017-12-02 17:51:02.388588 7f794aad7f80 5 asok(0x55cf1f5372c0) register_command quorum exit hook 0x55cf1f4ba9e0 -2808>
2017-12-02 17:51:02.388592 7f794aad7f80 5 asok(0x55cf1f5372c0) register_command ops hook 0x55cf1f4ba9e0 -2807>
2017-12-02 17:51:02.388596 7f794aad7f80 5 asok(0x55cf1f5372c0) register_command sessions hook 0x55cf1f4ba9e0 -2806>
2017-12-02 17:51:02.388610 7f794aad7f80 1 -- 10.1.80.4:6789/0 start start -2805>
2017-12-02 17:51:02.388615 7f794aad7f80 1 -- - start start -2804>
2017-12-02 17:51:02.388616 7f794aad7f80 2 mon.c1n4@-1(probing) e4 init -2803>
2017-12-02 17:51:02.388740 7f793d749700 1 -- 10.1.80.4:0/61378 learned_addr learned my addr 10.1.80.4:0/61378 -2802>
2017-12-02 17:51:02.388780 7f794aad7f80 1 Processor -- start -2801>
2017-12-02 17:51:02.388863 7f793d749700 0 -- 10.1.80.4:0/61378 >> 10.1.80.3:6832/18816 conn(0x55cf1fac9000 :-1 s=STATE_CONNECTING_WAIT_CONNECT_REPLY_AUTH pgs=0 cs=0 l=0).handle_connect_reply connect got BADAUTHORIZER -2800>
2017-12-02 17:51:02.388895 7f794aad7f80 1 Processor -- start -2799>
2017-12-02 17:51:02.388941 7f794aad7f80 0 mon.c1n4@-1(probing) e4 my rank is now 3 (was -1) -2798>
2017-12-02 17:51:02.388940 7f793d749700 0 -- 10.1.80.4:0/61378 >> 10.1.80.3:6832/18816 conn(0x55cf1fac9000 :-1 s=STATE_CONNECTING_WAIT_CONNECT_REPLY_AUTH pgs=0 cs=0 l=0).handle_connect_reply connect got BADAUTHORIZER -2797>
2017-12-02 17:51:02.388948 7f794aad7f80 1 -- 10.1.80.4:6789/0 shutdown_connections -2796>
2017-12-02 17:51:02.388960 7f794aad7f80 1 -- 10.1.80.4:6789/0 _send_message--> mon.0 10.1.80.1:6789/0 -- mon_probe(probe 843b3970-55f5-49c5-a447-f8e1fb3c3af6 name c1n4) v6 -- ?+0 0x55cf1f54d200 -2795>
2017-12-02 17:51:02.388980 7f794aad7f80 1 -- 10.1.80.4:6789/0 --> 10.1.80.1:6789/0 -- mon_probe(probe 843b3970-55f5-49c5-a447-f8e1fb3c3af6 name c1n4) v6 -- 0x55cf1f54d200 con 0 -2794>
2017-12-02 17:51:02.388988 7f794aad7f80 1 -- 10.1.80.4:6789/0 _send_message--> mon.1 10.1.80.2:6789/0 -- mon_probe(probe 843b3970-55f5-49c5-a447-f8e1fb3c3af6 name c1n4) v6 -- ?+0 0x55cf1f54d500 -2793>
2017-12-02 17:51:02.389000 7f794aad7f80 1 -- 10.1.80.4:6789/0 --> 10.1.80.2:6789/0 -- mon_probe(probe 843b3970-55f5-49c5-a447-f8e1fb3c3af6 name c1n4) v6 -- 0x55cf1f54d500 con 0 -2792>
2017-12-02 17:51:02.389006 7f794aad7f80 1 -- 10.1.80.4:6789/0 _send_message--> mon.2 10.1.80.3:6789/0 -- mon_probe(probe 843b3970-55f5-49c5-a447-f8e1fb3c3af6 name c1n4) v6 -- ?+0 0x55cf1f54d800 -2791>
2017-12-02 17:51:02.389018 7f794aad7f80 1 -- 10.1.80.4:6789/0 --> 10.1.80.3:6789/0 -- mon_probe(probe 843b3970-55f5-49c5-a447-f8e1fb3c3af6 name c1n4) v6 -- 0x55cf1f54d800 con 0 -2790>
2017-12-02 17:51:02.389441 7f793d749700 5 -- 10.1.80.4:6789/0 >> 10.1.80.3:6789/0 conn(0x55cf1fae1000 :-1 s=STATE_CONNECTING_WAIT_CONNECT_REPLY_AUTH pgs=0 cs=0 l=0).handle_connect_reply connect got RETRY_GLOBAL 253 chose new 254 -2789>
2017-12-02 17:51:02.389498 7f793c747700 5 -- 10.1.80.4:6789/0 >> 10.1.80.1:6789/0 conn(0x55cf1fade000 :-1 s=STATE_CONNECTING_WAIT_CONNECT_REPLY_AUTH pgs=0 cs=0 l=0).handle_connect_reply connect got RETRY_GLOBAL 256 chose new 257 -2788>
2017-12-02 17:51:02.389574 7f793cf48700 5 -- 10.1.80.4:6789/0 >> 10.1.80.2:6789/0 conn(0x55cf1fadf800 :-1 s=STATE_CONNECTING_WAIT_CONNECT_REPLY_AUTH pgs=0 cs=0 l=0).handle_connect_reply connect got RETRY_GLOBAL 257 chose new 258 -2787>
2017-12-02 17:51:02.389726 7f793d749700 5 -- 10.1.80.4:6789/0 >> 10.1.80.3:6789/0 conn(0x55cf1fae1000 :-1 s=STATE_CONNECTING_WAIT_CONNECT_REPLY_AUTH pgs=0 cs=0 l=0).handle_connect_reply connect got RETRY_GLOBAL 253 chose new 259 -2786>
2017-12-02 17:51:02.389813 7f793c747700 5 -- 10.1.80.4:6789/0 >> 10.1.80.1:6789/0 conn(0x55cf1fade000 :-1 s=STATE_CONNECTING_WAIT_CONNECT_REPLY_AUTH pgs=0 cs=0 l=0).handle_connect_reply connect got RETRY_GLOBAL 256 chose new 260 -2785>
2017-12-02 17:51:02.389886 7f793cf48700 5 -- 10.1.80.4:6789/0 >> 10.1.80.2:6789/0 conn(0x55cf1fadf800 :-1 s=STATE_CONNECTING_WAIT_CONNECT_REPLY_AUTH pgs=0 cs=0 l=0).handle_connect_reply connect got RETRY_GLOBAL 257 chose new 261 -2784>
2017-12-02 17:51:02.390116 7f793d749700 0 -- 10.1.80.4:6789/0 >> 10.1.80.3:6789/0 conn(0x55cf1fae1000 :-1 s=STATE_OPEN_MESSAGE_READ_FOOTER_AND_DISPATCH pgs=787902 cs=1 l=0).process missed message? skipped from seq 0 to 1522966174 -2783>
2017-12-02 17:51:02.390126 7f793d749700 5 -- 10.1.80.4:6789/0 >> 10.1.80.3:6789/0 conn(0x55cf1fae1000 :-1 s=STATE_OPEN_MESSAGE_READ_FOOTER_AND_DISPATCH pgs=787902 cs=1 l=0). rx mon.2 seq 1522966174 0x55cf1f54d800 mon_probe(reply 843b3970-55f5-49c5-a447-f8e1fb3c3af6 name c1n3 quorum 0,1,2 paxos( fc 1193506 lc 1194128 )) v6 -2782>
2017-12-02 17:51:02.390143 7f794074f700 1 -- 10.1.80.4:6789/0 <== mon.2 10.1.80.3:6789/0 1522966174 ==== mon_probe(reply 843b3970-55f5-49c5-a447-f8e1fb3c3af6 name c1n3 quorum 0,1,2 paxos( fc 1193506 lc 1194128 )) v6 ==== 559+0+0 (3399333619 0 0) 0x55cf1f54d800 con 0x55cf1fae1000 -2781>
2017-12-02 17:51:02.390168 7f794074f700 5 mon.c1n4@3(probing) e4 _ms_dispatch setting monitor caps on this connection -2780>
2017-12-02 17:51:02.390173 7f793c747700 0 -- 10.1.80.4:6789/0 >> 10.1.80.1:6789/0 conn(0x55cf1fade000 :-1 s=STATE_OPEN_MESSAGE_READ_FOOTER_AND_DISPATCH pgs=851208 cs=1 l=0).process missed message? skipped from seq 0 to 1526133354 -2779>
2017-12-02 17:51:02.390182 7f793c747700 5 -- 10.1.80.4:6789/0 >> 10.1.80.1:6789/0 conn(0x55cf1fade000 :-1 s=STATE_OPEN_MESSAGE_READ_FOOTER_AND_DISPATCH pgs=851208 cs=1 l=0). rx mon.0 seq 1526133354 0x55cf1f54d200 mon_probe(reply 843b3970-55f5-49c5-a447-f8e1fb3c3af6 name c1n1 quorum 0,1,2 paxos( fc 1193506 lc 1194128 )) v6 -2778>
2017-12-02 17:51:02.390193 7f794074f700 1 -- 10.1.80.4:6789/0 _send_message--> mon.2 10.1.80.3:6789/0 -- mon_sync(get_cookie_recent lc 1194096) v2 -- ?+0 0x55cf1f54e700 -2777>
2017-12-02 17:51:02.390204 7f794074f700 1 -- 10.1.80.4:6789/0 --> 10.1.80.3:6789/0 -- mon_sync(get_cookie_recent lc 1194096) v2 -- 0x55cf1f54e700 con 0 -2776>
2017-12-02 17:51:02.390223 7f794074f700 1 -- 10.1.80.4:6789/0 <== mon.0 10.1.80.1:6789/0 1526133354 ==== mon_probe(reply 843b3970-55f5-49c5-a447-f8e1fb3c3af6 name c1n1 quorum 0,1,2 paxos( fc 1193506 lc 1194128 )) v6 ==== 559+0+0 (1470982342 0 0) 0x55cf1f54d200 con 0x55cf1fade000 -2775>
2017-12-02 17:51:02.390233 7f794074f700 5 mon.c1n4@3(synchronizing) e4 _ms_dispatch setting monitor caps on this connection -2774>
2017-12-02 17:51:02.390237 7f793cf48700 0 -- 10.1.80.4:6789/0 >> 10.1.80.2:6789/0 conn(0x55cf1fadf800 :-1 s=STATE_OPEN_MESSAGE_READ_FOOTER_AND_DISPATCH pgs=889802 cs=1 l=0).process missed message? skipped from seq 0 to 359766977 -2773>
2017-12-02 17:51:02.390245 7f793cf48700 5 -- 10.1.80.4:6789/0 >> 10.1.80.2:6789/0 conn(0x55cf1fadf800 :-1 s=STATE_OPEN_MESSAGE_READ_FOOTER_AND_DISPATCH pgs=889802 cs=1 l=0). rx mon.1 seq 359766977 0x55cf1f54d500 mon_probe(reply 843b3970-55f5-49c5-a447-f8e1fb3c3af6 name c1n2 quorum 0,1,2 paxos( fc 1193506 lc 1194128 )) v6 -2772>
2017-12-02 17:51:02.390259 7f794074f700 1 -- 10.1.80.4:6789/0 <== mon.1 10.1.80.2:6789/0 359766977 ==== mon_probe(reply 843b3970-55f5-49c5-a447-f8e1fb3c3af6 name c1n2 quorum 0,1,2 paxos( fc 1193506 lc 1194128 )) v6 ==== 559+0+0 (116646545 0 0) 0x55cf1f54d500 con 0x55cf1fadf800 -2771>
2017-12-02 17:51:02.390267 7f794074f700 5 mon.c1n4@3(synchronizing) e4 _ms_dispatch setting monitor caps on this connection -2770>
2017-12-02 17:51:02.390376 7f793d749700 5 -- 10.1.80.4:6789/0 >> 10.1.80.3:6789/0 conn(0x55cf1fae1000 :-1 s=STATE_OPEN_MESSAGE_READ_FOOTER_AND_DISPATCH pgs=787902 cs=1 l=0). rx mon.2 seq 1522966175 0x55cf1f54e700 mon_sync(cookie cookie 13757317131 lc 1194096) v2 -2769>
2017-12-02 17:51:02.390393 7f794074f700 1 -- 10.1.80.4:6789/0 <== mon.2 10.1.80.3:6789/0 1522966175 ==== mon_sync(cookie cookie 13757317131 lc 1194096) v2 ==== 88+0+0 (4195997385 0 0) 0x55cf1f54e700 con 0x55cf1fae1000 -2768>
2017-12-02 17:51:02.390402 7f794074f700 1 -- 10.1.80.4:6789/0 _send_message--> mon.2 10.1.80.3:6789/0 -- mon_sync(get_chunk cookie 13757317131) v2 -- ?+0 0x55cf1f54d800 -2767>
2017-12-02 17:51:02.390408 7f794074f700 1 -- 10.1.80.4:6789/0 --> 10.1.80.3:6789/0 -- mon_sync(get_chunk cookie 13757317131) v2 -- 0x55cf1f54d800 con 0 -2766>
2017-12-02 17:51:02.391604 7f793d749700 5 -- 10.1.80.4:6789/0 >> 10.1.80.3:6789/0 conn(0x55cf1fae1000 :-1 s=STATE_OPEN_MESSAGE_READ_FOOTER_AND_DISPATCH pgs=787902 cs=1 l=0). rx mon.2 seq 1522966176 0x55cf1f54d800 mon_sync(last_chunk cookie 13757317131 lc 1194128 bl 172296 bytes) v2 -2765>
2017-12-02 17:51:02.391648 7f794074f700 1 -- 10.1.80.4:6789/0 <== mon.2 10.1.80.3:6789/0 1522966176 ==== mon_sync(last_chunk cookie 13757317131 lc 1194128 bl 172296 bytes) v2 ==== 172384+0+0 (3877138701 0 0) 0x55cf1f54d800 con 0x55cf1fae1000 -2764>
2017-12-02 17:51:02.395061 7f793b745700 4 rocksdb: [/home/builder/source/ceph-12.2.1/src/rocksdb/db/db_impl_write.cc:725] [default] New memtable created with log file: #396. Immutable memtables: 0. -2763>
2017-12-02 17:51:02.395208 7f793af44700 4 rocksdb: [/home/builder/source/ceph-12.2.1/src/rocksdb/db/db_impl_compaction_flush.cc:49] [JOB 3] Syncing log #393 -2762>
2017-12-02 17:51:02.395430 7f793af44700 4 rocksdb: (Original Log Time 2017/12/02-17:51:02.395193) [/home/builder/source/ceph-12.2.1/src/rocksdb/db/db_impl_compaction_flush.cc:1158] Calling FlushMemTableToOutputFile with column family [default], flush slots available 1, compaction slots allowed 1, compaction slots scheduled 1 -2761>
2017-12-02 17:51:02.395437 7f793af44700 4 rocksdb: [/home/builder/source/ceph-12.2.1/src/rocksdb/db/flush_job.cc:264] [default] [JOB 3] Flushing memtable with next log file: 396 -2760>
2017-12-02 17:51:02.395450 7f793af44700 4 rocksdb: EVENT_LOG_v1 {"time_micros": 1512226262395444, "job": 3, "event": "flush_started", "num_memtables": 1, "num_entries": 393, "num_deletes": 251, "memory_usage": 344712} -2759>
2017-12-02 17:51:02.395452 7f793af44700 4 rocksdb: [/home/builder/source/ceph-12.2.1/src/rocksdb/db/flush_job.cc:293] [default] [JOB 3] Level-0 flush table #397: started -2758>
2017-12-02 17:51:02.395982 7f794074f700 1 mon.c1n4@3(synchronizing).mds e1 Unable to load 'last_metadata' -2757>
2017-12-02 17:51:02.396229 7f794074f700 4 mgrc handle_mgr_map Got map version 219 -2756>
2017-12-02 17:51:02.396234 7f794074f700 4 mgrc handle_mgr_map Active mgr is now 10.1.80.3:6832/18816 -2755>
2017-12-02 17:51:02.396332 7f794074f700 1 -- 10.1.80.4:6789/0 _send_message--> mon.0 10.1.80.1:6789/0 -- mon_probe(probe 843b3970-55f5-49c5-a447-f8e1fb3c3af6 name c1n4) v6 -- ?+0 0x55cf1f54d200 -2754>
2017-12-02 17:51:02.396342 7f794074f700 1 -- 10.1.80.4:6789/0 --> 10.1.80.1:6789/0 -- mon_probe(probe 843b3970-55f5-49c5-a447-f8e1fb3c3af6 name c1n4) v6 -- 0x55cf1f54d200 con 0 -2753>
2017-12-02 17:51:02.396353 7f794074f700 1 -- 10.1.80.4:6789/0 _send_message--> mon.1 10.1.80.2:6789/0 -- mon_probe(probe 843b3970-55f5-49c5-a447-f8e1fb3c3af6 name c1n4) v6 -- ?+0 0x55cf1f54e700 -2752>
2017-12-02 17:51:02.396358 7f794074f700 1 -- 10.1.80.4:6789/0 --> 10.1.80.2:6789/0 -- mon_probe(probe 843b3970-55f5-49c5-a447-f8e1fb3c3af6 name c1n4) v6 -- 0x55cf1f54e700 con 0 -2751>
2017-12-02 17:51:02.396373 7f794074f700 1 -- 10.1.80.4:6789/0 _send_message--> mon.2 10.1.80.3:6789/0 -- mon_probe(probe 843b3970-55f5-49c5-a447-f8e1fb3c3af6 name c1n4) v6 -- ?+0 0x55cf1f54ea00 -2750>
2017-12-02 17:51:02.396377 7f794074f700 1 -- 10.1.80.4:6789/0 --> 10.1.80.3:6789/0 -- mon_probe(probe 843b3970-55f5-49c5-a447-f8e1fb3c3af6 name c1n4) v6 -- 0x55cf1f54ea00 con 0 -2749>
2017-12-02 17:51:02.396577 7f793d749700 5 -- 10.1.80.4:6789/0 >> 10.1.80.3:6789/0 conn(0x55cf1fae1000 :-1 s=STATE_OPEN_MESSAGE_READ_FOOTER_AND_DISPATCH pgs=787902 cs=1 l=0). rx mon.2 seq 1522966177 0x55cf1f54ea00 mon_probe(reply 843b3970-55f5-49c5-a447-f8e1fb3c3af6 name c1n3 quorum 0,1,2 paxos( fc 1193506 lc 1194128 )) v6 -2748>
2017-12-02 17:51:02.396596 7f794074f700 1 -- 10.1.80.4:6789/0 <== mon.2 10.1.80.3:6789/0 1522966177 ==== mon_probe(reply 843b3970-55f5-49c5-a447-f8e1fb3c3af6 name c1n3 quorum 0,1,2 paxos( fc 1193506 lc 1194128 )) v6 ==== 559+0+0 (3399333619 0 0) 0x55cf1f54ea00 con 0x55cf1fae1000 -2747>
2017-12-02 17:51:02.396602 7f793cf48700 5 -- 10.1.80.4:6789/0 >> 10.1.80.2:6789/0 conn(0x55cf1fadf800 :-1 s=STATE_OPEN_MESSAGE_READ_FOOTER_AND_DISPATCH pgs=889802 cs=1 l=0). rx mon.1 seq 359766978 0x55cf1f54e700 mon_probe(reply 843b3970-55f5-49c5-a447-f8e1fb3c3af6 name c1n2 quorum 0,1,2 paxos( fc 1193506 lc 1194128 )) v6 -2746>
2017-12-02 17:51:02.396614 7f793c747700 5 -- 10.1.80.4:6789/0 >> 10.1.80.1:6789/0 conn(0x55cf1fade000 :-1 s=STATE_OPEN_MESSAGE_READ_FOOTER_AND_DISPATCH pgs=851208 cs=1 l=0). rx mon.0 seq 1526133355 0x55cf1f54d200 mon_probe(reply 843b3970-55f5-49c5-a447-f8e1fb3c3af6 name c1n1 quorum 0,1,2 paxos( fc 1193506 lc 1194128 )) v6 -2745>
2017-12-02 17:51:02.396626 7f794074f700 0 log_channel(cluster) log [INF] : mon.c1n4 calling new monitor election -2744>
2017-12-02 17:51:02.396636 7f794074f700 10 log_client _send_to_monlog to self -2743>
2017-12-02 17:51:02.396638 7f794074f700 10 log_client log_queue is 1 last_log 1 sent 0 num 1 unsent 1 sending 1 -2742>
2017-12-02 17:51:02.396639 7f794074f700 10 log_client will send
2017-12-02 17:51:02.396635 mon.c1n4 mon.3 10.1.80.4:6789/0 1 : cluster [INF] mon.c1n4 calling new monitor election -2741>
2017-12-02 17:51:02.396653 7f794074f700 1 -- 10.1.80.4:6789/0 --> 10.1.80.4:6789/0 -- log(1 entries from seq 1 at
2017-12-02 17:51:02.396635) v1 -- 0x55cf1f740300 con 0 -2740>
2017-12-02 17:51:02.396664 7f794074f700 5 mon.c1n4@3(electing).elector(0) start -- can i be leader? -2739>
2017-12-02 17:51:02.396682 7f794074f700 1 mon.c1n4@3(electing).elector(816) init, last seen epoch 816 -2738>
2017-12-02 17:51:02.397774 7f794074f700 1 -- 10.1.80.4:6789/0 _send_message--> mon.0 10.1.80.1:6789/0 -- election(843b3970-55f5-49c5-a447-f8e1fb3c3af6 propose 817) v7 -- ?+0 0x55cf1fd49380 -2737>
2017-12-02 17:51:02.397783 7f794074f700 1 -- 10.1.80.4:6789/0 --> 10.1.80.1:6789/0 -- election(843b3970-55f5-49c5-a447-f8e1fb3c3af6 propose 817) v7 -- 0x55cf1fd49380 con 0 -2736>
2017-12-02 17:51:02.397787 7f793af44700 4 rocksdb: EVENT_LOG_v1 {"time_micros": 1512226262397773, "cf_name": "default", "job": 3, "event": "table_file_creation", "file_number": 397, "file_size": 313657, "table_properties": {"data_size": 309911, "index_size": 1228, "filter_size": 1599, "raw_key_size": 7155, "raw_average_key_size": 22, "raw_value_size": 304560, "raw_average_value_size": 937, "num_data_blocks": 37, "num_entries": 325, "filter_policy_name": "rocksdb.BuiltinBloomFilter", "kDeletedKeys": "251", "kMergeOperands": "0"}} -2735>
2017-12-02 17:51:02.397801 7f793af44700 4 rocksdb: [/home/builder/source/ceph-12.2.1/src/rocksdb/db/flush_job.cc:319] [default] [JOB 3] Level-0 flush table #397: 313657 bytes OK -2734>
2017-12-02 17:51:02.397801 7f794074f700 1 -- 10.1.80.4:6789/0 _send_message--> mon.1 10.1.80.2:6789/0 -- election(843b3970-55f5-49c5-a447-f8e1fb3c3af6 propose 817) v7 -- ?+0 0x55cf1fd496c0 -2733>
2017-12-02 17:51:02.397805 7f794074f700 1 -- 10.1.80.4:6789/0 --> 10.1.80.2:6789/0 -- election(843b3970-55f5-49c5-a447-f8e1fb3c3af6 propose 817) v7 -- 0x55cf1fd496c0 con 0 -2732>
2017-12-02 17:51:02.397815 7f794074f700 1 -- 10.1.80.4:6789/0 _send_message--> mon.2 10.1.80.3:6789/0 -- election(843b3970-55f5-49c5-a447-f8e1fb3c3af6 propose 817) v7 -- ?+0 0x55cf1fd49a00 -2731>
2017-12-02 17:51:02.397821 7f794074f700 1 -- 10.1.80.4:6789/0 --> 10.1.80.3:6789/0 -- election(843b3970-55f5-49c5-a447-f8e1fb3c3af6 propose 817) v7 -- 0x55cf1fd49a00 con 0 -2730>
2017-12-02 17:51:02.397836 7f794074f700 1 -- 10.1.80.4:6789/0 <== mon.1 10.1.80.2:6789/0 359766978 ==== mon_probe(reply 843b3970-55f5-49c5-a447-f8e1fb3c3af6 name c1n2 quorum 0,1,2 paxos( fc 1193506 lc 1194128 )) v6 ==== 559+0+0 (116646545 0 0) 0x55cf1f54e700 con 0x55cf1fadf800 -2729>
2017-12-02 17:51:02.397855 7f794074f700 1 -- 10.1.80.4:6789/0 <== mon.3 10.1.80.4:6789/0 0 ==== log(1 entries from seq 1 at
2017-12-02 17:51:02.396635) v1 ==== 0+0+0 (0 0 0) 0x55cf1f740300 con 0x55cf1f527800 -2728>
2017-12-02 17:51:02.397866 7f794074f700 5 mon.c1n4@3(electing) e4 _ms_dispatch setting monitor caps on this connection -2727>
2017-12-02 17:51:02.397874 7f794074f700 5 mon.c1n4@3(electing).paxos(paxos recovering c 1193506..1194128) is_readable = 0 - now=2017-12-02 17:51:02.397874 lease_expire=0.000000 has v0 lc 1194128 -2726>
2017-12-02 17:51:02.397883 7f794074f700 5 mon.c1n4@3(electing).paxos(paxos recovering c 1193506..1194128) is_readable = 0 - now=2017-12-02 17:51:02.397883 lease_expire=0.000000 has v0 lc 1194128 -2725>
2017-12-02 17:51:02.397888 7f794074f700 1 -- 10.1.80.4:6789/0 <== mon.0 10.1.80.1:6789/0 1526133355 ==== mon_probe(reply 843b3970-55f5-49c5-a447-f8e1fb3c3af6 name c1n1 quorum 0,1,2 paxos( fc 1193506 lc 1194128 )) v6 ==== 559+0+0 (1470982342 0 0) 0x55cf1f54d200 con 0x55cf1fade000 -2724>
2017-12-02 17:51:02.398463 7f793af44700 4 rocksdb: (Original Log Time 2017/12/02-17:51:02.398155) [/home/builder/source/ceph-12.2.1/src/rocksdb/db/memtable_list.cc:360] [default] Level-0 commit table #397 started -2723>
2017-12-02 17:51:02.398470 7f793af44700 4 rocksdb: (Original Log Time 2017/12/02-17:51:02.398422) [/home/builder/source/ceph-12.2.1/src/rocksdb/db/memtable_list.cc:383] [default] Level-0 commit table #397: memtable #1 done -2722>
2017-12-02 17:51:02.398472 7f793af44700 4 rocksdb: (Original Log Time 2017/12/02-17:51:02.398434) EVENT_LOG_v1 {"time_micros": 1512226262398429, "job": 3, "event": "flush_finished", "lsm_state": [3, 1, 0, 0, 0, 0, 0], "immutable_memtables": 0} -2721>
2017-12-02 17:51:02.398476 7f793af44700 4 rocksdb: (Original Log Time 2017/12/02-17:51:02.398445) [/home/builder/source/ceph-12.2.1/src/rocksdb/db/db_impl_compaction_flush.cc:132] [default] Level summary: base level 1 max bytes base 268435456 files[3 1 0 0 0 0 0] max score 0.75 -2720>
2017-12-02 17:51:02.398482 7f793af44700 4 rocksdb: [/home/builder/source/ceph-12.2.1/src/rocksdb/db/db_impl_files.cc:388] [JOB 3] Try to delete WAL files size 334926, prev total WAL file size 335053, number of live WAL files 2. -2719>
2017-12-02 17:51:02.398505 7f793af44700 5 rocksdb: [/home/builder/source/ceph-12.2.1/src/rocksdb/db/db_impl_files.cc:307] [JOB 3] Delete /var/lib/ceph/mon/ceph-c1n4/store.db//000393.log type=0 #393 -- OK -2718>
2017-12-02 17:51:02.398807 7f793cf48700 5 -- 10.1.80.4:6789/0 >> 10.1.80.2:6789/0 conn(0x55cf1fadf800 :-1 s=STATE_OPEN_MESSAGE_READ_FOOTER_AND_DISPATCH pgs=889802 cs=1 l=0). rx mon.1 seq 359766979 0x55cf1fd496c0 election(843b3970-55f5-49c5-a447-f8e1fb3c3af6 propose 821) v7 -2717>
2017-12-02 17:51:02.398824 7f793d749700 5 -- 10.1.80.4:6789/0 >> 10.1.80.3:6789/0 conn(0x55cf1fae1000 :-1 s=STATE_OPEN_MESSAGE_READ_FOOTER_AND_DISPATCH pgs=787902 cs=1 l=0). rx mon.2 seq 1522966178 0x55cf1fd49a00 election(843b3970-55f5-49c5-a447-f8e1fb3c3af6 propose 821) v7 -2716>
2017-12-02 17:51:02.398855 7f794074f700 1 -- 10.1.80.4:6789/0 <== mon.1 10.1.80.2:6789/0 359766979 ==== election(843b3970-55f5-49c5-a447-f8e1fb3c3af6 propose 821) v7 ==== 564+0+0 (1489941570 0 0) 0x55cf1fd496c0 con 0x55cf1fadf800 -2715>
2017-12-02 17:51:02.398885 7f794074f700 5 mon.c1n4@3(electing).elector(817) handle_propose from mon.1 -2714>
2017-12-02 17:51:02.398888 7f793c747700 5 -- 10.1.80.4:6789/0 >> 10.1.80.1:6789/0 conn(0x55cf1fade000 :-1 s=STATE_OPEN_MESSAGE_READ_FOOTER_AND_DISPATCH pgs=851208 cs=1 l=0). rx mon.0 seq 1526133356 0x55cf1fd49380 election(843b3970-55f5-49c5-a447-f8e1fb3c3af6 propose 821) v7 -2713>
2017-12-02 17:51:02.398943 7f793b745700 4 rocksdb: [/home/builder/source/ceph-12.2.1/src/rocksdb/db/db_impl_compaction_flush.cc:839] [default] Manual compaction starting -2712>
2017-12-02 17:51:02.399185 7f793a743700 3 rocksdb: [/home/builder/source/ceph-12.2.1/src/rocksdb/db/db_impl.cc:447] ------- DUMPING STATS ------- -2711>
2017-12-02 17:51:02.399197 7f793a743700 3 rocksdb: [/home/builder/source/ceph-12.2.1/src/rocksdb/db/db_impl.cc:448] ** DB Stats ** Uptime(secs): 0.4 total, 0.4 interval Cumulative writes: 5 writes, 398 keys, 5 commit groups, 0.8 writes per commit group, ingest: 0.00 GB, 0.72 MB/s Cumulative WAL: 4 writes, 4 syncs, 0.80 writes per sync, written: 0.00 GB, 0.71 MB/s Cumulative stall: 00:00:0.000 H:M:S, 0.0 percent Interval writes: 5 writes, 398 keys, 5 commit groups, 0.8 writes per commit group, ingest: 0.32 MB, 0.72 MB/s Interval WAL: 4 writes, 4 syncs, 0.80 writes per sync, written: 0.00 MB, 0.71 MB/s Interval stall: 00:00:0.000 H:M:S, 0.0 percent ** Compaction Stats [default] ** Level Files Size Score Read(GB) Rn(GB) Rnp1(GB) Write(GB) Wnew(GB) Moved(GB) W-Amp Rd(MB/s) Wr(MB/s) Comp(sec) Comp(cnt) Avg(sec) KeyIn KeyDrop ---------------------------------------------------------------------------------------------------------------------------------------------------------- L0 3/3 17.98 MB 0.0 0.0 0.0 0.0 0.0 0.0 0.0 1.0 0.0 202.5 0 2 0.044 0 0 L1 1/1 16.05 MB 0.0 0.0 0.0 0.0 0.0 0.0 0.0 0.0 0.0 0.0 0 0 0.000 0 0 Sum 4/4 34.04 MB 0.0 0.0 0.0 0.0 0.0 0.0 0.0 1.0 0.0 202.5 0 2 0.044 0 0 Int 0/0 0.00 KB 0.0 0.0 0.0 0.0 0.0 0.0 0.0 1.0 0.0 202.5 0 2 0.044 0 0 Uptime(secs): 0.4 total, 0.4 interval Flush(GB): cumulative 0.017, interval 0.017 AddFile(GB): cumulative 0.000, interval 0.000 AddFile(Total Files): cumulative 0, interval 0 AddFile(L0 Files): cumulative 0, interval 0 AddFile(Keys): cumulative 0, interval 0 Cumulative compaction: 0.02 GB write, 39.96 MB/s write, 0.00 GB read, 0.00 MB/s read, 0.1 seconds Interval compaction: 0.02 GB write, 39.96 MB/s write, 0.00 GB read, 0.00 MB/s read, 0.1 seconds Stalls(count): 0 level0_slowdown, 0 level0_slowdown_with_compaction, 0 level0_numfiles, 0 level0_numfiles_with_compaction, 0 stop for pending_compaction_bytes, 0 slowdown for pending_compaction_bytes, 0 memtable_compaction, 0 memtable_slowdown, interval 0 total count ** File Read Latency Histogram By Level [default] ** ** Compaction Stats [default] ** Level Files Size Score Read(GB) Rn(GB) Rnp1(GB) Write(GB) Wnew(GB) Moved(GB) W-Amp Rd(MB/s) Wr(MB/s) Comp(sec) Comp(cnt) Avg(sec) KeyIn KeyDrop ---------------------------------------------------------------------------------------------------------------------------------------------------------- L0 3/3 17.98 MB 0.0 0.0 0.0 0.0 0.0 0.0 0.0 1.0 0.0 202.5 0 2 0.044 0 0 L1 1/1 16.05 MB 0.0 0.0 0.0 0.0 0.0 0.0 0.0 0.0 0.0 0.0 0 0 0.000 0 0 Sum 4/4 34.04 MB 0.0 0.0 0.0 0.0 0.0 0.0 0.0 1.0 0.0 202.5 0 2 0.044 0 0 Int 0/0 0.00 KB 0.0 0.0 0.0 0.0 0.0 0.0 0.0 0.0 0.0 0.0 0 0 0.000 0 0 Uptime(secs): 0.4 total, 0.4 interval Flush(GB): cumulative 0.017, interval 0.000 AddFile(GB): cumulative 0.000, interval 0.000 AddFile(Total Files): cumulative 0, interval 0 AddFile(L0 Files): cumulative 0, interval 0 AddFile(Keys): cumulative 0, interval 0 Cumulative compaction: 0.02 GB write, 39.96 MB/s write, 0.00 GB read, 0.00 MB/s read, 0.1 seconds Interval compaction: 0.00 GB write, 0.00 MB/s write, 0.00 GB read, 0.00 MB/s read, 0.0 seconds Stalls(count): 0 level0_slowdown, 0 level0_slowdown_with_compaction, 0 level0_numfiles, 0 level0_numfiles_with_compaction, 0 stop for pending_compaction_bytes, 0 slowdown for pending_compaction_bytes, 0 memtable_compaction, 0 memtable_slowdown, interval 0 total count ** File Read Latency Histogram By Level [default] ** -2710>
2017-12-02 17:51:02.399219 7f793a743700 4 rocksdb: (Original Log Time 2017/12/02-17:51:02.399210) [/home/builder/source/ceph-12.2.1/src/rocksdb/db/db_impl_compaction_flush.cc:1392] [default] Manual compaction from level-0 to level-1 from 'mgrstat .. 'mgrstat; will stop at (end) -2709>
2017-12-02 17:51:02.399225 7f793a743700 4 rocksdb: [/home/builder/source/ceph-12.2.1/src/rocksdb/db/compaction_job.cc:1403] [default] [JOB 4] Compacting 3@0 + 1@1 files to L1, score -1.00 -2708>
2017-12-02 17:51:02.399230 7f793a743700 4 rocksdb: [/home/builder/source/ceph-12.2.1/src/rocksdb/db/compaction_job.cc:1407] [default] Compaction start summary: Base version 3 Base level 0, inputs: [397(306KB) 391(17MB) 388(124KB)], [386(16MB)] -2707>
2017-12-02 17:51:02.399247 7f793a743700 4 rocksdb: EVENT_LOG_v1 {"time_micros": 1512226262399233, "job": 4, "event": "compaction_started", "files_L0": [397, 391, 388], "files_L1": [386], "score": -1, "input_data_size": 35688957} -2706>
2017-12-02 17:51:02.399374 7f794074f700 5 mon.c1n4@3(electing).elector(821) defer to 1 -2705>
2017-12-02 17:51:02.399483 7f794074f700 1 -- 10.1.80.4:6789/0 _send_message--> mon.1 10.1.80.2:6789/0 -- election(843b3970-55f5-49c5-a447-f8e1fb3c3af6 ack 821) v7 -- ?+0 0x55cf1fd49d40 -2704>
2017-12-02 17:51:02.399492 7f794074f700 1 -- 10.1.80.4:6789/0 --> 10.1.80.2:6789/0 -- election(843b3970-55f5-49c5-a447-f8e1fb3c3af6 ack 821) v7 -- 0x55cf1fd49d40 con 0 -2703>
2017-12-02 17:51:02.399512 7f794074f700 1 -- 10.1.80.4:6789/0 <== mon.2 10.1.80.3:6789/0 1522966178 ==== election(843b3970-55f5-49c5-a447-f8e1fb3c3af6 propose 821) v7 ==== 564+0+0 (1489941570 0 0) 0x55cf1fd49a00 con 0x55cf1fae1000 -2702>
2017-12-02 17:51:02.399531 7f794074f700 5 mon.c1n4@3(electing).elector(821) handle_propose from mon.2 -2701>
2017-12-02 17:51:02.399534 7f794074f700 5 mon.c1n4@3(electing).elector(821) no, we already acked 1 -2700>
2017-12-02 17:51:02.399540 7f794074f700 1 -- 10.1.80.4:6789/0 <== mon.0 10.1.80.1:6789/0 1526133356 ==== election(843b3970-55f5-49c5-a447-f8e1fb3c3af6 propose 821) v7 ==== 564+0+0 (1489941570 0 0) 0x55cf1fd49380 con 0x55cf1fade000 -2699>
2017-12-02 17:51:02.399552 7f794074f700 5 mon.c1n4@3(electing).elector(821) handle_propose from mon.0 -2698>
2017-12-02 17:51:02.399554 7f794074f700 5 mon.c1n4@3(electing).elector(821) defer to 0 -2697>
2017-12-02 17:51:02.399636 7f794074f700 1 -- 10.1.80.4:6789/0 _send_message--> mon.0 10.1.80.1:6789/0 -- election(843b3970-55f5-49c5-a447-f8e1fb3c3af6 ack 821) v7 -- ?+0 0x55cf1fd49a00 -2696>
2017-12-02 17:51:02.399643 7f794074f700 1 -- 10.1.80.4:6789/0 --> 10.1.80.1:6789/0 -- election(843b3970-55f5-49c5-a447-f8e1fb3c3af6 ack 821) v7 -- 0x55cf1fd49a00 con 0 -2695>
2017-12-02 17:51:02.400541 7f793c747700 5 -- 10.1.80.4:6789/0 >> 10.1.80.1:6789/0 conn(0x55cf1fade000 :-1 s=STATE_OPEN_MESSAGE_READ_FOOTER_AND_DISPATCH pgs=851208 cs=1 l=0). rx mon.0 seq 1526133357 0x55cf1fd49a00 election(843b3970-55f5-49c5-a447-f8e1fb3c3af6 victory 822) v7 -2694>
2017-12-02 17:51:02.400585 7f794074f700 1 -- 10.1.80.4:6789/0 <== mon.0 10.1.80.1:6789/0 1526133357 ==== election(843b3970-55f5-49c5-a447-f8e1fb3c3af6 victory 822) v7 ==== 39155+0+0 (155753268 0 0) 0x55cf1fd49a00 con 0x55cf1fade000 -2693>
2017-12-02 17:51:02.400614 7f794074f700 5 mon.c1n4@3(electing).elector(821) handle_victory from mon.0 quorum_features 2305244844532236283 mon_feature_t([kraken,luminous]) -2692>
2017-12-02 17:51:02.400976 7f793c747700 5 -- 10.1.80.4:6789/0 >> 10.1.80.1:6789/0 conn(0x55cf1fade000 :-1 s=STATE_OPEN_MESSAGE_READ_FOOTER_AND_DISPATCH pgs=851208 cs=1 l=0). rx mon.0 seq 1526133358 0x55cf1fd4a700 paxos(collect lc 1194128 fc 1193506 pn 21200 opn 0) v4 -2691>
2017-12-02 17:51:02.401075 7f793c747700 5 -- 10.1.80.4:6789/0 >> 10.1.80.1:6789/0 conn(0x55cf1fade000 :-1 s=STATE_OPEN_MESSAGE_READ_FOOTER_AND_DISPATCH pgs=851208 cs=1 l=0). rx mon.0 seq 1526133359 0x55cf1f741700 time_check( ping e 822 r 1 ) v1 -2690>
2017-12-02 17:51:02.401095 7f794074f700 5 mon.c1n4@3(peon) e4 apply_quorum_to_compatset_features -2689>
2017-12-02 17:51:02.401106 7f794074f700 5 mon.c1n4@3(peon) e4 apply_monmap_to_compatset_features -2688>
2017-12-02 17:51:02.401264 7f794074f700 1 -- 10.1.80.4:6789/0 <== mon.0 10.1.80.1:6789/0 1526133358 ==== paxos(collect lc 1194128 fc 1193506 pn 21200 opn 0) v4 ==== 84+0+0 (2447256346 0 0) 0x55cf1fd4a700 con 0x55cf1fade000 -2687>
2017-12-02 17:51:02.401830 7f794074f700 1 -- 10.1.80.4:6789/0 --> 10.1.80.1:6789/0 -- paxos(last lc 1194128 fc 1193506 pn 21200 opn 0) v4 -- 0x55cf1fd4a3c0 con 0 -2686>
2017-12-02 17:51:02.401855 7f794074f700 1 -- 10.1.80.4:6789/0 <== mon.0 10.1.80.1:6789/0 1526133359 ==== time_check( ping e 822 r 1 ) v1 ==== 36+0+0 (4105892875 0 0) 0x55cf1f741700 con 0x55cf1fade000 -2685>
2017-12-02 17:51:02.401866 7f794074f700 1 -- 10.1.80.4:6789/0 --> 10.1.80.1:6789/0 -- time_check( pong e 822 r 1 ts
2017-12-02 17:51:02.401865 ) v1 -- 0x55cf1f741980 con 0 -2684>
2017-12-02 17:51:02.527921 7f793a743700 4 rocksdb: [/home/builder/source/ceph-12.2.1/src/rocksdb/db/compaction_job.cc:1116] [default] [JOB 4] Generated table #398: 3326 keys, 18141039 bytes -2683>
2017-12-02 17:51:02.527975 7f793a743700 4 rocksdb: EVENT_LOG_v1 {"time_micros": 1512226262527939, "cf_name": "default", "job": 4, "event": "table_file_creation", "file_number": 398, "file_size": 18141039, "table_properties": {"data_size": 18028437, "index_size": 58887, "filter_size": 52788, "raw_key_size": 69522, "raw_average_key_size": 20, "raw_value_size": 17939560, "raw_average_value_size": 5393, "num_data_blocks": 1653, "num_entries": 3326, "filter_policy_name": "rocksdb.BuiltinBloomFilter", "kDeletedKeys": "0", "kMergeOperands": "0"}} -2682>
2017-12-02 17:51:02.528329 7f793a743700 4 rocksdb: [/home/builder/source/ceph-12.2.1/src/rocksdb/db/compaction_job.cc:1173] [default] [JOB 4] Compacted 3@0 + 1@1 files to L1 => 18141039 bytes -2681>
2017-12-02 17:51:02.528708 7f793a743700 4 rocksdb: (Original Log Time 2017/12/02-17:51:02.528612) [/home/builder/source/ceph-12.2.1/src/rocksdb/db/compaction_job.cc:621] [default] compacted to: base level 1 max bytes base 268435456 files[0 1 0 0 0 0 0] max score 0.07, MB/sec: 276.5 rd, 140.6 wr, level 1, files in(3, 1) out(1) MB in(18.0, 16.1) out(17.3), read-write-amplify(2.9) write-amplify(1.0) OK, records in: 8542, records dropped: 5216 -2680>
2017-12-02 17:51:02.528715 7f793a743700 4 rocksdb: (Original Log Time 2017/12/02-17:51:02.528631) EVENT_LOG_v1 {"time_micros": 1512226262528622, "job": 4, "event": "compaction_finished", "compaction_time_micros": 129070, "output_level": 1, "num_output_files": 1, "total_output_size": 18141039, "num_input_records": 8542, "num_output_records": 3326, "num_subcompactions": 1, "num_single_delete_mismatches": 0, "num_single_delete_fallthrough": 0, "lsm_state": [0, 1, 0, 0, 0, 0, 0]} -2679>
2017-12-02 17:51:02.528827 7f793a743700 5 rocksdb: [/home/builder/source/ceph-12.2.1/src/rocksdb/db/db_impl_files.cc:307] [JOB 4] Delete /var/lib/ceph/mon/ceph-c1n4/store.db/000397.sst type=2 #397 -- OK -2678>
2017-12-02 17:51:02.528839 7f793a743700 4 rocksdb: EVENT_LOG_v1 {"time_micros": 1512226262528834, "job": 4, "event": "table_file_deletion", "file_number": 397} -2677>
2017-12-02 17:51:02.531934 7f793a743700 5 rocksdb: [/home/builder/source/ceph-12.2.1/src/rocksdb/db/db_impl_files.cc:307] [JOB 4] Delete /var/lib/ceph/mon/ceph-c1n4/store.db/000391.sst type=2 #391 -- OK -2676>
2017-12-02 17:51:02.531941 7f793a743700 4 rocksdb: EVENT_LOG_v1 {"time_micros": 1512226262531939, "job": 4, "event": "table_file_deletion", "file_number": 391} -2675>
2017-12-02 17:51:02.532006 7f793a743700 5 rocksdb: [/home/builder/source/ceph-12.2.1/src/rocksdb/db/db_impl_files.cc:307] [JOB 4] Delete /var/lib/ceph/mon/ceph-c1n4/store.db/000388.sst type=2 #388 -- OK -2674>
2017-12-02 17:51:02.532013 7f793a743700 4 rocksdb: EVENT_LOG_v1 {"time_micros": 1512226262532010, "job": 4, "event": "table_file_deletion", "file_number": 388} -2673>
2017-12-02 17:51:02.534685 7f793a743700 5 rocksdb: [/home/builder/source/ceph-12.2.1/src/rocksdb/db/db_impl_files.cc:307] [JOB 4] Delete /var/lib/ceph/mon/ceph-c1n4/store.db/000386.sst type=2 #386 -- OK -2672>
2017-12-02 17:51:02.534691 7f793a743700 4 rocksdb: EVENT_LOG_v1 {"time_micros": 1512226262534689, "job": 4, "event": "table_file_deletion", "file_number": 386} -2671>
2017-12-02 17:51:02.534790 7f793b745700 4 rocksdb: [/home/builder/source/ceph-12.2.1/src/rocksdb/db/db_impl_write.cc:725] [default] New memtable created with log file: #399. Immutable memtables: 0. -2670>
2017-12-02 17:51:02.534825 7f793af44700 4 rocksdb: [/home/builder/source/ceph-12.2.1/src/rocksdb/db/db_impl_compaction_flush.cc:49] [JOB 5] Syncing log #396 -2669>
2017-12-02 17:51:02.535222 7f793af44700 4 rocksdb: (Original Log Time 2017/12/02-17:51:02.534817) [/home/builder/source/ceph-12.2.1/src/rocksdb/db/db_impl_compaction_flush.cc:1158] Calling FlushMemTableToOutputFile with column family [default], flush slots available 1, compaction slots allowed 1, compaction slots scheduled 1 -2668>
2017-12-02 17:51:02.535232 7f793af44700 4 rocksdb: [/home/builder/source/ceph-12.2.1/src/rocksdb/db/flush_job.cc:264] [default] [JOB 5] Flushing memtable with next log file: 399 -2667>
2017-12-02 17:51:02.535242 7f793af44700 4 rocksdb: EVENT_LOG_v1 {"time_micros": 1512226262535238, "job": 5, "event": "flush_started", "num_memtables": 1, "num_entries": 7, "num_deletes": 3, "memory_usage": 1064} -2666>
2017-12-02 17:51:02.535244 7f793af44700 4 rocksdb: [/home/builder/source/ceph-12.2.1/src/rocksdb/db/flush_job.cc:293] [default] [JOB 5] Level-0 flush table #400: started -2665>
2017-12-02 17:51:02.535784 7f793af44700 4 rocksdb: EVENT_LOG_v1 {"time_micros": 1512226262535773, "cf_name": "default", "job": 5, "event": "table_file_creation", "file_number": 400, "file_size": 1126, "table_properties": {"data_size": 166, "index_size": 28, "filter_size": 23, "raw_key_size": 143, "raw_average_key_size": 28, "raw_value_size": 16, "raw_average_value_size": 3, "num_data_blocks": 1, "num_entries": 5, "filter_policy_name": "rocksdb.BuiltinBloomFilter", "kDeletedKeys": "3", "kMergeOperands": "0"}} -2664>
2017-12-02 17:51:02.535794 7f793af44700 4 rocksdb: [/home/builder/source/ceph-12.2.1/src/rocksdb/db/flush_job.cc:319] [default] [JOB 5] Level-0 flush table #400: 1126 bytes OK -2663>
2017-12-02 17:51:02.536121 7f793af44700 4 rocksdb: (Original Log Time 2017/12/02-17:51:02.535801) [/home/builder/source/ceph-12.2.1/src/rocksdb/db/memtable_list.cc:360] [default] Level-0 commit table #400 started -2662>
2017-12-02 17:51:02.536127 7f793af44700 4 rocksdb: (Original Log Time 2017/12/02-17:51:02.536094) [/home/builder/source/ceph-12.2.1/src/rocksdb/db/memtable_list.cc:383] [default] Level-0 commit table #400: memtable #1 done -2661>
2017-12-02 17:51:02.536129 7f793af44700 4 rocksdb: (Original Log Time 2017/12/02-17:51:02.536102) EVENT_LOG_v1 {"time_micros": 1512226262536098, "job": 5, "event": "flush_finished", "lsm_state": [1, 1, 0, 0, 0, 0, 0], "immutable_memtables": 0} -2660>
2017-12-02 17:51:02.536133 7f793af44700 4 rocksdb: (Original Log Time 2017/12/02-17:51:02.536111) [/home/builder/source/ceph-12.2.1/src/rocksdb/db/db_impl_compaction_flush.cc:132] [default] Level summary: base level 1 max bytes base 268435456 files[1 1 0 0 0 0 0] max score 0.25 -2659>
2017-12-02 17:51:02.536137 7f793af44700 4 rocksdb: [/home/builder/source/ceph-12.2.1/src/rocksdb/db/db_impl_files.cc:388] [JOB 5] Try to delete WAL files size 257, prev total WAL file size 257, number of live WAL files 2. -2658>
2017-12-02 17:51:02.536157 7f793af44700 5 rocksdb: [/home/builder/source/ceph-12.2.1/src/rocksdb/db/db_impl_files.cc:307] [JOB 5] Delete /var/lib/ceph/mon/ceph-c1n4/store.db//000396.log type=0 #396 -- OK -2657>
2017-12-02 17:51:02.536227 7f793b745700 4 rocksdb: [/home/builder/source/ceph-12.2.1/src/rocksdb/db/db_impl_compaction_flush.cc:839] [default] Manual compaction starting -2656>
2017-12-02 17:51:02.593340 7f793d749700 2 -- 10.1.80.4:0/61378 >> 10.1.80.3:6832/18816 conn(0x55cf1fac9000 :-1 s=STATE_CONNECTING_WAIT_ACK_SEQ pgs=0 cs=0 l=0)._process_connection got newly_acked_seq 0 vs out_seq 0 -2655>
2017-12-02 17:51:02.593564 7f793d749700 5 -- 10.1.80.4:0/61378 >> 10.1.80.3:6832/18816 conn(0x55cf1fac9000 :-1 s=STATE_OPEN_MESSAGE_READ_FOOTER_AND_DISPATCH pgs=23683 cs=1 l=1). rx mgr.4068674 seq 1 0x55cf1f52fc00 mgrconfigure() v1 -2654>
2017-12-02 17:51:02.593587 7f793ef4c700 1 -- 10.1.80.4:0/61378 <== mgr.4068674 10.1.80.3:6832/18816 1 ==== mgrconfigure() v1 ==== 4+0+0 (2791807819 0 0) 0x55cf1f52fc00 con 0x55cf1fac9000 -2653>
2017-12-02 17:51:02.593606 7f793ef4c700 4 mgrc handle_mgr_configure stats_period=5 -2652>
2017-12-02 17:51:02.593785 7f793ef4c700 1 -- 10.1.80.4:0/61378 --> 10.1.80.3:6832/18816 -- mgrreport(unknown.c1n4 +158-0 packed 1734) v4 -- 0x55cf1f54d500 con 0 -2651>
2017-12-02 17:51:06.217048 7f793c747700 5 -- 10.1.80.4:6789/0 >> 10.1.80.1:6789/0 conn(0x55cf1fade000 :-1 s=STATE_OPEN_MESSAGE_READ_FOOTER_AND_DISPATCH pgs=851208 cs=1 l=0). rx mon.0 seq 1526133360 0x55cf1fd4a3c0 paxos(lease lc 1194128 fc 1193506 pn 0 opn 0) v4 -2650>
2017-12-02 17:51:06.217168 7f794074f700 1 -- 10.1.80.4:6789/0 <== mon.0 10.1.80.1:6789/0 1526133360 ==== paxos(lease lc 1194128 fc 1193506 pn 0 opn 0) v4 ==== 84+0+0 (4015653524 0 0) 0x55cf1fd4a3c0 con 0x55cf1fade000 -2649>
2017-12-02 17:51:06.217215 7f794074f700 1 -- 10.1.80.4:6789/0 --> 10.1.80.1:6789/0 -- paxos(lease_ack lc 1194128 fc 1193506 pn 0 opn 0) v4 -- 0x55cf1fd4a700 con 0 -2648>
2017-12-02 17:51:06.217261 7f794074f700 5 mon.c1n4@3(peon).monmap v4 apply_mon_features wait for service to be writeable -2647>
2017-12-02 17:51:06.217294 7f794074f700 5 mon.c1n4@3(peon).paxos(paxos active c 1193506..1194128) is_readable = 1 - now=2017-12-02 17:51:06.217294 lease_expire=2017-12-02 17:51:11.217174 has v0 lc 1194128 -2646>
2017-12-02 17:51:06.217313 7f794074f700 5 mon.c1n4@3(peon).paxos(paxos active c 1193506..1194128) is_readable = 1 - now=2017-12-02 17:51:06.217314 lease_expire=2017-12-02 17:51:11.217174 has v0 lc 1194128 -2645>
2017-12-02 17:51:06.217345 7f794074f700 1 -- 10.1.80.4:6789/0 _send_message--> mon.0 10.1.80.1:6789/0 -- forward(log(1 entries from seq 1 at
2017-12-02 17:51:02.396635) v1 caps allow * tid 1 con_features 2305244844532236283) v3 -- ?+0 0x55cf1f54d200 -2644>
2017-12-02 17:51:06.217359 7f794074f700 1 -- 10.1.80.4:6789/0 --> 10.1.80.1:6789/0 -- forward(log(1 entries from seq 1 at
2017-12-02 17:51:02.396635) v1 caps allow * tid 1 con_features 2305244844532236283) v3 -- 0x55cf1f54d200 con 0 -2643>
2017-12-02 17:51:07.593989 7f793f74d700 1 -- 10.1.80.4:0/61378 --> 10.1.80.3:6832/18816 -- mgrreport(unknown.c1n4 +0-0 packed 1734) v4 -- 0x55cf1f54f000 con 0 -2642>
2017-12-02 17:51:08.288587 7f793c747700 1 -- 10.1.80.4:6789/0 >> - conn(0x55cf1fb7b000 :6789 s=STATE_ACCEPTING pgs=0 cs=0 l=0)._process_connection sd=34 - -2641>
2017-12-02 17:51:08.288988 7f793c747700 2 -- 10.1.80.4:6789/0 >> 10.1.80.3:0/808827654 conn(0x55cf1fb7b000 :6789 s=STATE_ACCEPTING_WAIT_SEQ pgs=2 cs=1 l=1).handle_connect_msg accept write reply msg done -2640>
