2017-12-02 17:51:28.877546 7f793c747700 1 -- 10.1.80.4:6789/0 >> 10.1.80.3:0/411740453 conn(0x55cf1fb7c800 :6789 s=STATE_OPEN pgs=1 cs=1 l=1).process read tag failed -2118>
2017-12-02 17:51:28.877550 7f793c747700 1 -- 10.1.80.4:6789/0 >> 10.1.80.3:0/411740453 conn(0x55cf1fb7c800 :6789 s=STATE_OPEN pgs=1 cs=1 l=1).fault on lossy channel, failing -2117>
2017-12-02 17:51:28.877555 7f793c747700 2 -- 10.1.80.4:6789/0 >> 10.1.80.3:0/411740453 conn(0x55cf1fb7c800 :6789 s=STATE_OPEN pgs=1 cs=1 l=1)._stop -2116>
2017-12-02 17:51:28.877566 7f793c747700 1 -- 10.1.80.4:6789/0 reap_dead start -2115>
2017-12-02 17:51:28.877569 7f793c747700 5 -- 10.1.80.4:6789/0 reap_dead delete 0x55cf1fb7b000 -2114>
2017-12-02 17:51:28.877576 7f793c747700 5 -- 10.1.80.4:6789/0 reap_dead delete 0x55cf1fb7c800 -2113>
2017-12-02 17:51:28.877580 7f793c747700 5 -- 10.1.80.4:6789/0 reap_dead delete 0x55cf1fcc1800 -2112>
2017-12-02 17:51:28.877587 7f793c747700 5 -- 10.1.80.4:6789/0 reap_dead delete 0x55cf1fcc3000 -2111>
2017-12-02 17:51:28.877591 7f793c747700 5 -- 10.1.80.4:6789/0 reap_dead delete 0x55cf1fcc4800 -2110>
2017-12-02 17:51:28.970039 7f793c747700 1 -- 10.1.80.4:6789/0 >> - conn(0x55cf1fb7c800 :6789 s=STATE_ACCEPTING pgs=0 cs=0 l=0)._process_connection sd=34 - -2109>
2017-12-02 17:51:28.970219 7f793c747700 2 -- 10.1.80.4:6789/0 >> 10.1.80.4:0/1397635697 conn(0x55cf1fb7c800 :6789 s=STATE_ACCEPTING_WAIT_SEQ pgs=1 cs=1 l=1).handle_connect_msg accept write reply msg done -2108>
2017-12-02 17:51:28.970241 7f793c747700 2 -- 10.1.80.4:6789/0 >> 10.1.80.4:0/1397635697 conn(0x55cf1fb7c800 :6789 s=STATE_ACCEPTING_WAIT_SEQ pgs=1 cs=1 l=1)._process_connection accept get newly_acked_seq 0 -2107>
2017-12-02 17:51:28.970312 7f793c747700 5 -- 10.1.80.4:6789/0 >> 10.1.80.4:0/1397635697 conn(0x55cf1fb7c800 :6789 s=STATE_OPEN_MESSAGE_READ_FOOTER_AND_DISPATCH pgs=1 cs=1 l=1). rx client.? seq 1 0x55cf1f741700 auth(proto 0 30 bytes epoch 0) v1 -2106>
2017-12-02 17:51:28.970337 7f794074f700 1 -- 10.1.80.4:6789/0 <== client.? 10.1.80.4:0/1397635697 1 ==== auth(proto 0 30 bytes epoch 0) v1 ==== 60+0+0 (673663173 0 0) 0x55cf1f741700 con 0x55cf1fb7c800 -2105>
2017-12-02 17:51:28.970364 7f794074f700 5 mon.c1n4@3(peon).paxos(paxos active c 1193506..1194147) is_readable = 1 - now=2017-12-02 17:51:28.970365 lease_expire=2017-12-02 17:51:33.374329 has v0 lc 1194147 -2104>
2017-12-02 17:51:28.970404 7f794074f700 1 -- 10.1.80.4:6789/0 --> 10.1.80.4:0/1397635697 -- mon_map magic: 0 v1 -- 0x55cf1f741980 con 0 -2103>
2017-12-02 17:51:28.970433 7f794074f700 2 mon.c1n4@3(peon) e4 send_reply 0x55cf1f904f80 0x55cf1fbf5400 auth_reply(proto 2 0 (0) Success) v1 -2102>
2017-12-02 17:51:28.970443 7f794074f700 1 -- 10.1.80.4:6789/0 --> 10.1.80.4:0/1397635697 -- auth_reply(proto 2 0 (0) Success) v1 -- 0x55cf1fbf5400 con 0 -2101>
2017-12-02 17:51:28.970692 7f793c747700 5 -- 10.1.80.4:6789/0 >> 10.1.80.4:0/1397635697 conn(0x55cf1fb7c800 :6789 s=STATE_OPEN_MESSAGE_READ_FOOTER_AND_DISPATCH pgs=1 cs=1 l=1). rx client.? seq 2 0x55cf1fbf5400 auth(proto 2 32 bytes epoch 0) v1 -2100>
2017-12-02 17:51:28.970710 7f794074f700 1 -- 10.1.80.4:6789/0 <== client.? 10.1.80.4:0/1397635697 2 ==== auth(proto 2 32 bytes epoch 0) v1 ==== 62+0+0 (2932564943 0 0) 0x55cf1fbf5400 con 0x55cf1fb7c800 -2099>
2017-12-02 17:51:28.970721 7f794074f700 5 mon.c1n4@3(peon).paxos(paxos active c 1193506..1194147) is_readable = 1 - now=2017-12-02 17:51:28.970722 lease_expire=2017-12-02 17:51:33.374329 has v0 lc 1194147 -2098>
2017-12-02 17:51:28.970845 7f794074f700 2 mon.c1n4@3(peon) e4 send_reply 0x55cf1f904f80 0x55cf1f741700 auth_reply(proto 2 0 (0) Success) v1 -2097>
2017-12-02 17:51:28.970854 7f794074f700 1 -- 10.1.80.4:6789/0 --> 10.1.80.4:0/1397635697 -- auth_reply(proto 2 0 (0) Success) v1 -- 0x55cf1f741700 con 0 -2096>
2017-12-02 17:51:28.970999 7f793c747700 5 -- 10.1.80.4:6789/0 >> 10.1.80.4:0/1397635697 conn(0x55cf1fb7c800 :6789 s=STATE_OPEN_MESSAGE_READ_FOOTER_AND_DISPATCH pgs=1 cs=1 l=1). rx client.? seq 3 0x55cf1f741700 auth(proto 2 165 bytes epoch 0) v1 -2095>
2017-12-02 17:51:28.971013 7f794074f700 1 -- 10.1.80.4:6789/0 <== client.? 10.1.80.4:0/1397635697 3 ==== auth(proto 2 165 bytes epoch 0) v1 ==== 195+0+0 (1159304923 0 0) 0x55cf1f741700 con 0x55cf1fb7c800 -2094>
2017-12-02 17:51:28.971022 7f794074f700 5 mon.c1n4@3(peon).paxos(paxos active c 1193506..1194147) is_readable = 1 - now=2017-12-02 17:51:28.971023 lease_expire=2017-12-02 17:51:33.374329 has v0 lc 1194147 -2093>
2017-12-02 17:51:28.971144 7f794074f700 2 mon.c1n4@3(peon) e4 send_reply 0x55cf1f904f80 0x55cf1fbf5400 auth_reply(proto 2 0 (0) Success) v1 -2092>
2017-12-02 17:51:28.971152 7f794074f700 1 -- 10.1.80.4:6789/0 --> 10.1.80.4:0/1397635697 -- auth_reply(proto 2 0 (0) Success) v1 -- 0x55cf1fbf5400 con 0 -2091>
2017-12-02 17:51:28.971373 7f793c747700 5 -- 10.1.80.4:6789/0 >> 10.1.80.4:0/1397635697 conn(0x55cf1fb7c800 :6789 s=STATE_OPEN_MESSAGE_READ_FOOTER_AND_DISPATCH pgs=1 cs=1 l=1). rx client.? seq 4 0x55cf1f4bf600 mon_subscribe({monmap=0+}) v2 -2090>
2017-12-02 17:51:28.971390 7f794074f700 1 -- 10.1.80.4:6789/0 <== client.? 10.1.80.4:0/1397635697 4 ==== mon_subscribe({monmap=0+}) v2 ==== 23+0+0 (1620593354 0 0) 0x55cf1f4bf600 con 0x55cf1fb7c800 -2089>
2017-12-02 17:51:28.971399 7f793c747700 5 -- 10.1.80.4:6789/0 >> 10.1.80.4:0/1397635697 conn(0x55cf1fb7c800 :6789 s=STATE_OPEN_MESSAGE_READ_FOOTER_AND_DISPATCH pgs=1 cs=1 l=1). rx client.8094135 seq 5 0x55cf1f4bf3c0 mon_subscribe({mgrmap=0+}) v2 -2088>
2017-12-02 17:51:28.971414 7f794074f700 1 -- 10.1.80.4:6789/0 --> 10.1.80.4:0/1397635697 -- mon_map magic: 0 v1 -- 0x55cf1f741700 con 0 -2087>
2017-12-02 17:51:28.971427 7f794074f700 1 -- 10.1.80.4:6789/0 <== client.8094135 10.1.80.4:0/1397635697 5 ==== mon_subscribe({mgrmap=0+}) v2 ==== 23+0+0 (2287485974 0 0) 0x55cf1f4bf3c0 con 0x55cf1fb7c800 -2086>
2017-12-02 17:51:28.971441 7f794074f700 1 -- 10.1.80.4:6789/0 --> 10.1.80.4:0/1397635697 -- mgrmap(e 219) v1 -- 0x55cf1f54d200 con 0 -2085>
2017-12-02 17:51:28.971477 7f793c747700 5 -- 10.1.80.4:6789/0 >> 10.1.80.4:0/1397635697 conn(0x55cf1fb7c800 :6789 s=STATE_OPEN_MESSAGE_READ_FOOTER_AND_DISPATCH pgs=1 cs=1 l=1). rx client.8094135 seq 6 0x55cf1f4bdf80 mon_subscribe({osdmap=0}) v2 -2084>
2017-12-02 17:51:28.971490 7f794074f700 1 -- 10.1.80.4:6789/0 <== client.8094135 10.1.80.4:0/1397635697 6 ==== mon_subscribe({osdmap=0}) v2 ==== 23+0+0 (319581110 0 0) 0x55cf1f4bdf80 con 0x55cf1fb7c800 -2083>
2017-12-02 17:51:28.971504 7f794074f700 1 -- 10.1.80.4:6789/0 --> 10.1.80.4:0/1397635697 -- osd_map(2982..2982 src has 2466..2982) v3 -- 0x55cf1fbf4f00 con 0 -2082>
2017-12-02 17:51:28.971890 7f793c747700 5 -- 10.1.80.4:6789/0 >> 10.1.80.4:0/1397635697 conn(0x55cf1fb7c800 :6789 s=STATE_OPEN_MESSAGE_READ_FOOTER_AND_DISPATCH pgs=1 cs=1 l=1). rx client.8094135 seq 7 0x55cf1f4bef40 getpoolstats(1 ceph v0) v1 -2081>
2017-12-02 17:51:28.971919 7f794074f700 1 -- 10.1.80.4:6789/0 <== client.8094135 10.1.80.4:0/1397635697 7 ==== getpoolstats(1 ceph v0) v1 ==== 46+0+0 (2788013228 0 0) 0x55cf1f4bef40 con 0x55cf1fb7c800 -2080>
2017-12-02 17:51:28.971935 7f794074f700 5 mon.c1n4@3(peon).paxos(paxos active c 1193506..1194147) is_readable = 1 - now=2017-12-02 17:51:28.971935 lease_expire=2017-12-02 17:51:33.374329 has v0 lc 1194147 -2079>
2017-12-02 17:51:28.971951 7f794074f700 2 mon.c1n4@3(peon) e4 send_reply 0x55cf1f904f80 0x55cf1fbf5180 getpoolstatsreply(1 v946080) v1 -2078>
2017-12-02 17:51:28.971955 7f794074f700 1 -- 10.1.80.4:6789/0 --> 10.1.80.4:0/1397635697 -- getpoolstatsreply(1 v946080) v1 -- 0x55cf1fbf5180 con 0 -2077>
2017-12-02 17:51:28.972149 7f793c747700 5 -- 10.1.80.4:6789/0 >> 10.1.80.4:0/1397635697 conn(0x55cf1fb7c800 :6789 s=STATE_OPEN_MESSAGE_READ_FOOTER_AND_DISPATCH pgs=1 cs=1 l=1). rx client.8094135 seq 8 0x55cf1f4beac0 statfs(2 pool -1 v946080) v2 -2076>
2017-12-02 17:51:28.972167 7f794074f700 1 -- 10.1.80.4:6789/0 <== client.8094135 10.1.80.4:0/1397635697 8 ==== statfs(2 pool -1 v946080) v2 ==== 35+0+0 (3702048752 0 0) 0x55cf1f4beac0 con 0x55cf1fb7c800 -2075>
2017-12-02 17:51:28.972181 7f794074f700 5 mon.c1n4@3(peon).paxos(paxos active c 1193506..1194147) is_readable = 1 - now=2017-12-02 17:51:28.972182 lease_expire=2017-12-02 17:51:33.374329 has v0 lc 1194147 -2074>
2017-12-02 17:51:28.972193 7f794074f700 2 mon.c1n4@3(peon) e4 send_reply 0x55cf1f904f80 0x55cf1f4bef40 statfs_reply(2) v1 -2073>
2017-12-02 17:51:28.972197 7f794074f700 1 -- 10.1.80.4:6789/0 --> 10.1.80.4:0/1397635697 -- statfs_reply(2) v1 -- 0x55cf1f4bef40 con 0 -2072>
2017-12-02 17:51:28.972535 7f793c747700 1 -- 10.1.80.4:6789/0 >> 10.1.80.4:0/1397635697 conn(0x55cf1fb7c800 :6789 s=STATE_OPEN pgs=1 cs=1 l=1).read_bulk peer close file descriptor 34 -2071>
2017-12-02 17:51:28.972549 7f793c747700 1 -- 10.1.80.4:6789/0 >> 10.1.80.4:0/1397635697 conn(0x55cf1fb7c800 :6789 s=STATE_OPEN pgs=1 cs=1 l=1).read_until read failed -2070>
2017-12-02 17:51:28.972553 7f793c747700 1 -- 10.1.80.4:6789/0 >> 10.1.80.4:0/1397635697 conn(0x55cf1fb7c800 :6789 s=STATE_OPEN pgs=1 cs=1 l=1).process read tag failed -2069>
2017-12-02 17:51:28.972559 7f793c747700 1 -- 10.1.80.4:6789/0 >> 10.1.80.4:0/1397635697 conn(0x55cf1fb7c800 :6789 s=STATE_OPEN pgs=1 cs=1 l=1).fault on lossy channel, failing -2068>
2017-12-02 17:51:28.972564 7f793c747700 2 -- 10.1.80.4:6789/0 >> 10.1.80.4:0/1397635697 conn(0x55cf1fb7c800 :6789 s=STATE_OPEN pgs=1 cs=1 l=1)._stop -2067>
2017-12-02 17:51:29.006813 7f793c747700 1 -- 10.1.80.4:6789/0 >> - conn(0x55cf1fcc4800 :6789 s=STATE_ACCEPTING pgs=0 cs=0 l=0)._process_connection sd=34 - -2066>
2017-12-02 17:51:29.006902 7f793c747700 2 -- 10.1.80.4:6789/0 >> 10.1.80.4:0/171676624 conn(0x55cf1fcc4800 :6789 s=STATE_ACCEPTING_WAIT_SEQ pgs=2 cs=1 l=1).handle_connect_msg accept write reply msg done -2065>
2017-12-02 17:51:29.006927 7f793c747700 2 -- 10.1.80.4:6789/0 >> 10.1.80.4:0/171676624 conn(0x55cf1fcc4800 :6789 s=STATE_ACCEPTING_WAIT_SEQ pgs=2 cs=1 l=1)._process_connection accept get newly_acked_seq 0 -2064>
2017-12-02 17:51:29.006984 7f793c747700 5 -- 10.1.80.4:6789/0 >> 10.1.80.4:0/171676624 conn(0x55cf1fcc4800 :6789 s=STATE_OPEN_MESSAGE_READ_FOOTER_AND_DISPATCH pgs=2 cs=1 l=1). rx client.? seq 1 0x55cf1fbf5180 auth(proto 0 30 bytes epoch 0) v1 -2063>
2017-12-02 17:51:29.007006 7f794074f700 1 -- 10.1.80.4:6789/0 <== client.? 10.1.80.4:0/171676624 1 ==== auth(proto 0 30 bytes epoch 0) v1 ==== 60+0+0 (673663173 0 0) 0x55cf1fbf5180 con 0x55cf1fcc4800 -2062>
2017-12-02 17:51:29.007024 7f794074f700 5 mon.c1n4@3(peon).paxos(paxos active c 1193506..1194147) is_readable = 1 - now=2017-12-02 17:51:29.007025 lease_expire=2017-12-02 17:51:33.374329 has v0 lc 1194147 -2061>
2017-12-02 17:51:29.007050 7f794074f700 1 -- 10.1.80.4:6789/0 --> 10.1.80.4:0/171676624 -- mon_map magic: 0 v1 -- 0x55cf1fbf4a00 con 0 -2060>
2017-12-02 17:51:29.007073 7f794074f700 2 mon.c1n4@3(peon) e4 send_reply 0x55cf1f904f80 0x55cf1fbf5900 auth_reply(proto 2 0 (0) Success) v1 -2059>
2017-12-02 17:51:29.007080 7f794074f700 1 -- 10.1.80.4:6789/0 --> 10.1.80.4:0/171676624 -- auth_reply(proto 2 0 (0) Success) v1 -- 0x55cf1fbf5900 con 0 -2058>
2017-12-02 17:51:29.007314 7f793c747700 5 -- 10.1.80.4:6789/0 >> 10.1.80.4:0/171676624 conn(0x55cf1fcc4800 :6789 s=STATE_OPEN_MESSAGE_READ_FOOTER_AND_DISPATCH pgs=2 cs=1 l=1). rx client.? seq 2 0x55cf1fbf5900 auth(proto 2 32 bytes epoch 0) v1 -2057>
2017-12-02 17:51:29.007331 7f794074f700 1 -- 10.1.80.4:6789/0 <== client.? 10.1.80.4:0/171676624 2 ==== auth(proto 2 32 bytes epoch 0) v1 ==== 62+0+0 (3818871534 0 0) 0x55cf1fbf5900 con 0x55cf1fcc4800 -2056>
2017-12-02 17:51:29.007341 7f794074f700 5 mon.c1n4@3(peon).paxos(paxos active c 1193506..1194147) is_readable = 1 - now=2017-12-02 17:51:29.007342 lease_expire=2017-12-02 17:51:33.374329 has v0 lc 1194147 -2055>
2017-12-02 17:51:29.007435 7f794074f700 2 mon.c1n4@3(peon) e4 send_reply 0x55cf1f904f80 0x55cf1fbf5180 auth_reply(proto 2 0 (0) Success) v1 -2054>
2017-12-02 17:51:29.007444 7f794074f700 1 -- 10.1.80.4:6789/0 --> 10.1.80.4:0/171676624 -- auth_reply(proto 2 0 (0) Success) v1 -- 0x55cf1fbf5180 con 0 -2053>
2017-12-02 17:51:29.007583 7f793c747700 5 -- 10.1.80.4:6789/0 >> 10.1.80.4:0/171676624 conn(0x55cf1fcc4800 :6789 s=STATE_OPEN_MESSAGE_READ_FOOTER_AND_DISPATCH pgs=2 cs=1 l=1). rx client.? seq 3 0x55cf1fbf5180 auth(proto 2 165 bytes epoch 0) v1 -2052>
2017-12-02 17:51:29.007596 7f794074f700 1 -- 10.1.80.4:6789/0 <== client.? 10.1.80.4:0/171676624 3 ==== auth(proto 2 165 bytes epoch 0) v1 ==== 195+0+0 (2635790980 0 0) 0x55cf1fbf5180 con 0x55cf1fcc4800 -2051>
2017-12-02 17:51:29.007605 7f794074f700 5 mon.c1n4@3(peon).paxos(paxos active c 1193506..1194147) is_readable = 1 - now=2017-12-02 17:51:29.007606 lease_expire=2017-12-02 17:51:33.374329 has v0 lc 1194147 -2050>
2017-12-02 17:51:29.007716 7f794074f700 2 mon.c1n4@3(peon) e4 send_reply 0x55cf1f904f80 0x55cf1fbf5900 auth_reply(proto 2 0 (0) Success) v1 -2049>
2017-12-02 17:51:29.007723 7f794074f700 1 -- 10.1.80.4:6789/0 --> 10.1.80.4:0/171676624 -- auth_reply(proto 2 0 (0) Success) v1 -- 0x55cf1fbf5900 con 0 -2048>
2017-12-02 17:51:29.007895 7f793c747700 5 -- 10.1.80.4:6789/0 >> 10.1.80.4:0/171676624 conn(0x55cf1fcc4800 :6789 s=STATE_OPEN_MESSAGE_READ_FOOTER_AND_DISPATCH pgs=2 cs=1 l=1). rx client.? seq 4 0x55cf1f4bef40 mon_subscribe({monmap=0+}) v2 -2047>
2017-12-02 17:51:29.007910 7f794074f700 1 -- 10.1.80.4:6789/0 <== client.? 10.1.80.4:0/171676624 4 ==== mon_subscribe({monmap=0+}) v2 ==== 23+0+0 (1620593354 0 0) 0x55cf1f4bef40 con 0x55cf1fcc4800 -2046>
2017-12-02 17:51:29.007933 7f793c747700 5 -- 10.1.80.4:6789/0 >> 10.1.80.4:0/171676624 conn(0x55cf1fcc4800 :6789 s=STATE_OPEN_MESSAGE_READ_FOOTER_AND_DISPATCH pgs=2 cs=1 l=1). rx client.8094139 seq 5 0x55cf1f4bf840 mon_subscribe({mgrmap=0+}) v2 -2045>
2017-12-02 17:51:29.007940 7f794074f700 1 -- 10.1.80.4:6789/0 --> 10.1.80.4:0/171676624 -- mon_map magic: 0 v1 -- 0x55cf1fbf5180 con 0 -2044>
2017-12-02 17:51:29.007960 7f794074f700 1 -- 10.1.80.4:6789/0 <== client.8094139 10.1.80.4:0/171676624 5 ==== mon_subscribe({mgrmap=0+}) v2 ==== 23+0+0 (2287485974 0 0) 0x55cf1f4bf840 con 0x55cf1fcc4800 -2043>
2017-12-02 17:51:29.007979 7f794074f700 1 -- 10.1.80.4:6789/0 --> 10.1.80.4:0/171676624 -- mgrmap(e 219) v1 -- 0x55cf1f54e700 con 0 -2042>
2017-12-02 17:51:29.008016 7f793c747700 5 -- 10.1.80.4:6789/0 >> 10.1.80.4:0/171676624 conn(0x55cf1fcc4800 :6789 s=STATE_OPEN_MESSAGE_READ_FOOTER_AND_DISPATCH pgs=2 cs=1 l=1). rx client.8094139 seq 6 0x55cf1f4bfa80 mon_subscribe({osdmap=0}) v2 -2041>
2017-12-02 17:51:29.008033 7f794074f700 1 -- 10.1.80.4:6789/0 <== client.8094139 10.1.80.4:0/171676624 6 ==== mon_subscribe({osdmap=0}) v2 ==== 23+0+0 (319581110 0 0) 0x55cf1f4bfa80 con 0x55cf1fcc4800 -2040>
2017-12-02 17:51:29.008053 7f794074f700 1 -- 10.1.80.4:6789/0 --> 10.1.80.4:0/171676624 -- osd_map(2982..2982 src has 2466..2982) v3 -- 0x55cf1fbf5e00 con 0 -2039>
2017-12-02 17:51:29.008392 7f793c747700 5 -- 10.1.80.4:6789/0 >> 10.1.80.4:0/171676624 conn(0x55cf1fcc4800 :6789 s=STATE_OPEN_MESSAGE_READ_FOOTER_AND_DISPATCH pgs=2 cs=1 l=1). rx client.8094139 seq 7 0x55cf1f4bfcc0 getpoolstats(1 ceph v0) v1 -2038>
2017-12-02 17:51:29.008408 7f794074f700 1 -- 10.1.80.4:6789/0 <== client.8094139 10.1.80.4:0/171676624 7 ==== getpoolstats(1 ceph v0) v1 ==== 46+0+0 (2788013228 0 0) 0x55cf1f4bfcc0 con 0x55cf1fcc4800 -2037>
2017-12-02 17:51:29.008418 7f794074f700 5 mon.c1n4@3(peon).paxos(paxos active c 1193506..1194147) is_readable = 1 - now=2017-12-02 17:51:29.008418 lease_expire=2017-12-02 17:51:33.374329 has v0 lc 1194147 -2036>
2017-12-02 17:51:29.008431 7f794074f700 2 mon.c1n4@3(peon) e4 send_reply 0x55cf1f904f80 0x55cf1fbf6080 getpoolstatsreply(1 v946080) v1 -2035>
2017-12-02 17:51:29.008435 7f794074f700 1 -- 10.1.80.4:6789/0 --> 10.1.80.4:0/171676624 -- getpoolstatsreply(1 v946080) v1 -- 0x55cf1fbf6080 con 0 -2034>
2017-12-02 17:51:29.008589 7f793c747700 5 -- 10.1.80.4:6789/0 >> 10.1.80.4:0/171676624 conn(0x55cf1fcc4800 :6789 s=STATE_OPEN_MESSAGE_READ_FOOTER_AND_DISPATCH pgs=2 cs=1 l=1). rx client.8094139 seq 8 0x55cf1f4bf600 statfs(2 pool -1 v946080) v2 -2033>
2017-12-02 17:51:29.008604 7f794074f700 1 -- 10.1.80.4:6789/0 <== client.8094139 10.1.80.4:0/171676624 8 ==== statfs(2 pool -1 v946080) v2 ==== 35+0+0 (3702048752 0 0) 0x55cf1f4bf600 con 0x55cf1fcc4800 -2032>
2017-12-02 17:51:29.008614 7f794074f700 5 mon.c1n4@3(peon).paxos(paxos active c 1193506..1194147) is_readable = 1 - now=2017-12-02 17:51:29.008614 lease_expire=2017-12-02 17:51:33.374329 has v0 lc 1194147 -2031>
2017-12-02 17:51:29.008624 7f794074f700 2 mon.c1n4@3(peon) e4 send_reply 0x55cf1f904f80 0x55cf1f4bfcc0 statfs_reply(2) v1 -2030>
2017-12-02 17:51:29.008628 7f794074f700 1 -- 10.1.80.4:6789/0 --> 10.1.80.4:0/171676624 -- statfs_reply(2) v1 -- 0x55cf1f4bfcc0 con 0 -2029>
2017-12-02 17:51:29.008920 7f793c747700 1 -- 10.1.80.4:6789/0 >> 10.1.80.4:0/171676624 conn(0x55cf1fcc4800 :6789 s=STATE_OPEN pgs=2 cs=1 l=1).read_bulk peer close file descriptor 34 -2028>
2017-12-02 17:51:29.008928 7f793c747700 1 -- 10.1.80.4:6789/0 >> 10.1.80.4:0/171676624 conn(0x55cf1fcc4800 :6789 s=STATE_OPEN pgs=2 cs=1 l=1).read_until read failed -2027>
2017-12-02 17:51:29.008931 7f793c747700 1 -- 10.1.80.4:6789/0 >> 10.1.80.4:0/171676624 conn(0x55cf1fcc4800 :6789 s=STATE_OPEN pgs=2 cs=1 l=1).process read tag failed -2026>
2017-12-02 17:51:29.008936 7f793c747700 1 -- 10.1.80.4:6789/0 >> 10.1.80.4:0/171676624 conn(0x55cf1fcc4800 :6789 s=STATE_OPEN pgs=2 cs=1 l=1).fault on lossy channel, failing -2025>
2017-12-02 17:51:29.008941 7f793c747700 2 -- 10.1.80.4:6789/0 >> 10.1.80.4:0/171676624 conn(0x55cf1fcc4800 :6789 s=STATE_OPEN pgs=2 cs=1 l=1)._stop -2024>
2017-12-02 17:51:29.299249 7f793c747700 1 -- 10.1.80.4:6789/0 >> - conn(0x55cf1fcc3000 :6789 s=STATE_ACCEPTING pgs=0 cs=0 l=0)._process_connection sd=34 - -2023>
2017-12-02 17:51:29.299366 7f793c747700 2 -- 10.1.80.4:6789/0 >> 10.1.80.1:0/1039200647 conn(0x55cf1fcc3000 :6789 s=STATE_ACCEPTING_WAIT_SEQ pgs=1 cs=1 l=1).handle_connect_msg accept write reply msg done -2022>
2017-12-02 17:51:29.299433 7f793c747700 2 -- 10.1.80.4:6789/0 >> 10.1.80.1:0/1039200647 conn(0x55cf1fcc3000 :6789 s=STATE_ACCEPTING_WAIT_SEQ pgs=1 cs=1 l=1)._process_connection accept get newly_acked_seq 0 -2021>
2017-12-02 17:51:29.299490 7f793c747700 5 -- 10.1.80.4:6789/0 >> 10.1.80.1:0/1039200647 conn(0x55cf1fcc3000 :6789 s=STATE_OPEN_MESSAGE_READ_FOOTER_AND_DISPATCH pgs=1 cs=1 l=1). rx client.? seq 1 0x55cf1fbf6080 auth(proto 0 30 bytes epoch 0) v1 -2020>
2017-12-02 17:51:29.299539 7f794074f700 1 -- 10.1.80.4:6789/0 <== client.? 10.1.80.1:0/1039200647 1 ==== auth(proto 0 30 bytes epoch 0) v1 ==== 60+0+0 (673663173 0 0) 0x55cf1fbf6080 con 0x55cf1fcc3000 -2019>
2017-12-02 17:51:29.299555 7f794074f700 5 mon.c1n4@3(peon).paxos(paxos active c 1193506..1194147) is_readable = 1 - now=2017-12-02 17:51:29.299555 lease_expire=2017-12-02 17:51:33.374329 has v0 lc 1194147 -2018>
2017-12-02 17:51:29.299577 7f794074f700 1 -- 10.1.80.4:6789/0 --> 10.1.80.1:0/1039200647 -- mon_map magic: 0 v1 -- 0x55cf1fbf5680 con 0 -2017>
2017-12-02 17:51:29.299617 7f794074f700 2 mon.c1n4@3(peon) e4 send_reply 0x55cf1f904f80 0x55cf1fbf5b80 auth_reply(proto 2 0 (0) Success) v1 -2016>
2017-12-02 17:51:29.299624 7f794074f700 1 -- 10.1.80.4:6789/0 --> 10.1.80.1:0/1039200647 -- auth_reply(proto 2 0 (0) Success) v1 -- 0x55cf1fbf5b80 con 0 -2015>
2017-12-02 17:51:29.300028 7f793c747700 5 -- 10.1.80.4:6789/0 >> 10.1.80.1:0/1039200647 conn(0x55cf1fcc3000 :6789 s=STATE_OPEN_MESSAGE_READ_FOOTER_AND_DISPATCH pgs=1 cs=1 l=1). rx client.? seq 2 0x55cf1fbf5b80 auth(proto 2 32 bytes epoch 0) v1 -2014>
2017-12-02 17:51:29.300072 7f794074f700 1 -- 10.1.80.4:6789/0 <== client.? 10.1.80.1:0/1039200647 2 ==== auth(proto 2 32 bytes epoch 0) v1 ==== 62+0+0 (2085988537 0 0) 0x55cf1fbf5b80 con 0x55cf1fcc3000 -2013>
2017-12-02 17:51:29.300087 7f794074f700 5 mon.c1n4@3(peon).paxos(paxos active c 1193506..1194147) is_readable = 1 - now=2017-12-02 17:51:29.300088 lease_expire=2017-12-02 17:51:33.374329 has v0 lc 1194147 -2012>
2017-12-02 17:51:29.300161 7f794074f700 2 mon.c1n4@3(peon) e4 send_reply 0x55cf1f904f80 0x55cf1fbf6080 auth_reply(proto 2 0 (0) Success) v1 -2011>
2017-12-02 17:51:29.300169 7f794074f700 1 -- 10.1.80.4:6789/0 --> 10.1.80.1:0/1039200647 -- auth_reply(proto 2 0 (0) Success) v1 -- 0x55cf1fbf6080 con 0 -2010>
2017-12-02 17:51:29.300532 7f793c747700 5 -- 10.1.80.4:6789/0 >> 10.1.80.1:0/1039200647 conn(0x55cf1fcc3000 :6789 s=STATE_OPEN_MESSAGE_READ_FOOTER_AND_DISPATCH pgs=1 cs=1 l=1). rx client.? seq 3 0x55cf1fbf6080 auth(proto 2 165 bytes epoch 0) v1 -2009>
2017-12-02 17:51:29.300568 7f794074f700 1 -- 10.1.80.4:6789/0 <== client.? 10.1.80.1:0/1039200647 3 ==== auth(proto 2 165 bytes epoch 0) v1 ==== 195+0+0 (1714536597 0 0) 0x55cf1fbf6080 con 0x55cf1fcc3000 -2008>
2017-12-02 17:51:29.300578 7f794074f700 5 mon.c1n4@3(peon).paxos(paxos active c 1193506..1194147) is_readable = 1 - now=2017-12-02 17:51:29.300579 lease_expire=2017-12-02 17:51:33.374329 has v0 lc 1194147 -2007>
2017-12-02 17:51:29.300675 7f794074f700 2 mon.c1n4@3(peon) e4 send_reply 0x55cf1f904f80 0x55cf1fbf5b80 auth_reply(proto 2 0 (0) Success) v1 -2006>
2017-12-02 17:51:29.300681 7f794074f700 1 -- 10.1.80.4:6789/0 --> 10.1.80.1:0/1039200647 -- auth_reply(proto 2 0 (0) Success) v1 -- 0x55cf1fbf5b80 con 0 -2005>
2017-12-02 17:51:29.300861 7f793c747700 1 -- 10.1.80.4:6789/0 >> 10.1.80.1:0/1039200647 conn(0x55cf1fcc3000 :6789 s=STATE_OPEN pgs=1 cs=1 l=1).read_bulk peer close file descriptor 34 -2004>
2017-12-02 17:51:29.300870 7f793c747700 1 -- 10.1.80.4:6789/0 >> 10.1.80.1:0/1039200647 conn(0x55cf1fcc3000 :6789 s=STATE_OPEN pgs=1 cs=1 l=1).read_until read failed -2003>
2017-12-02 17:51:29.300873 7f793c747700 1 -- 10.1.80.4:6789/0 >> 10.1.80.1:0/1039200647 conn(0x55cf1fcc3000 :6789 s=STATE_OPEN pgs=1 cs=1 l=1).process read tag failed -2002>
2017-12-02 17:51:29.300879 7f793c747700 1 -- 10.1.80.4:6789/0 >> 10.1.80.1:0/1039200647 conn(0x55cf1fcc3000 :6789 s=STATE_OPEN pgs=1 cs=1 l=1).fault on lossy channel, failing -2001>
2017-12-02 17:51:29.300882 7f793c747700 2 -- 10.1.80.4:6789/0 >> 10.1.80.1:0/1039200647 conn(0x55cf1fcc3000 :6789 s=STATE_OPEN pgs=1 cs=1 l=1)._stop -2000>
2017-12-02 17:51:29.374592 7f793c747700 5 -- 10.1.80.4:6789/0 >> 10.1.80.1:6789/0 conn(0x55cf1fade000 :-1 s=STATE_OPEN_MESSAGE_READ_FOOTER_AND_DISPATCH pgs=851208 cs=1 l=0). rx mon.0 seq 1526133420 0x55cf1fce3d40 paxos(begin lc 1194147 fc 0 pn 21200 opn 0) v4 -1999>
2017-12-02 17:51:29.374637 7f794074f700 1 -- 10.1.80.4:6789/0 <== mon.0 10.1.80.1:6789/0 1526133420 ==== paxos(begin lc 1194147 fc 0 pn 21200 opn 0) v4 ==== 10169+0+0 (2575528438 0 0) 0x55cf1fce3d40 con 0x55cf1fade000 -1998>
2017-12-02 17:51:29.375253 7f794074f700 1 -- 10.1.80.4:6789/0 --> 10.1.80.1:6789/0 -- paxos(accept lc 1194147 fc 0 pn 21200 opn 0) v4 -- 0x55cf1fce4080 con 0 -1997>
2017-12-02 17:51:29.376466 7f793c747700 5 -- 10.1.80.4:6789/0 >> 10.1.80.1:6789/0 conn(0x55cf1fade000 :-1 s=STATE_OPEN_MESSAGE_READ_FOOTER_AND_DISPATCH pgs=851208 cs=1 l=0). rx mon.0 seq 1526133421 0x55cf1fce4080 paxos(commit lc 1194148 fc 0 pn 21200 opn 0) v4 -1996>
2017-12-02 17:51:29.376515 7f794074f700 1 -- 10.1.80.4:6789/0 <== mon.0 10.1.80.1:6789/0 1526133421 ==== paxos(commit lc 1194148 fc 0 pn 21200 opn 0) v4 ==== 10169+0+0 (1320475024 0 0) 0x55cf1fce4080 con 0x55cf1fade000 -1995>
2017-12-02 17:51:29.376773 7f793c747700 5 -- 10.1.80.4:6789/0 >> 10.1.80.1:6789/0 conn(0x55cf1fade000 :-1 s=STATE_OPEN_MESSAGE_READ_FOOTER_AND_DISPATCH pgs=851208 cs=1 l=0). rx mon.0 seq 1526133422 0x55cf1fce43c0 paxos(lease lc 1194148 fc 1193506 pn 0 opn 0) v4 -1994>
2017-12-02 17:51:29.377198 7f794074f700 4 mgrc handle_mgr_map Got map version 219 -1993>
2017-12-02 17:51:29.377203 7f794074f700 4 mgrc handle_mgr_map Active mgr is now 10.1.80.3:6832/18816 -1992>
2017-12-02 17:51:29.377311 7f794074f700 1 -- 10.1.80.4:6789/0 <== mon.0 10.1.80.1:6789/0 1526133422 ==== paxos(lease lc 1194148 fc 1193506 pn 0 opn 0) v4 ==== 84+0+0 (1259293155 0 0) 0x55cf1fce43c0 con 0x55cf1fade000 -1991>
2017-12-02 17:51:29.377328 7f794074f700 1 -- 10.1.80.4:6789/0 --> 10.1.80.1:6789/0 -- paxos(lease_ack lc 1194148 fc 1193506 pn 0 opn 0) v4 -- 0x55cf1fce3a00 con 0 -1990>
2017-12-02 17:51:29.377346 7f794074f700 5 mon.c1n4@3(peon).monmap v4 apply_mon_features wait for service to be writeable -1989>
2017-12-02 17:51:29.377352 7f794074f700 5 mon.c1n4@3(peon).paxos(paxos active c 1193506..1194148) is_readable = 1 - now=2017-12-02 17:51:29.377353 lease_expire=2017-12-02 17:51:34.377153 has v0 lc 1194148 -1988>
2017-12-02 17:51:30.377193 7f793c747700 5 -- 10.1.80.4:6789/0 >> 10.1.80.1:6789/0 conn(0x55cf1fade000 :-1 s=STATE_OPEN_MESSAGE_READ_FOOTER_AND_DISPATCH pgs=851208 cs=1 l=0). rx mon.0 seq 1526133423 0x55cf1fce3a00 paxos(begin lc 1194148 fc 0 pn 21200 opn 0) v4 -1987>
2017-12-02 17:51:30.377280 7f794074f700 1 -- 10.1.80.4:6789/0 <== mon.0 10.1.80.1:6789/0 1526133423 ==== paxos(begin lc 1194148 fc 0 pn 21200 opn 0) v4 ==== 2566+0+0 (2776317425 0 0) 0x55cf1fce3a00 con 0x55cf1fade000 -1986>
2017-12-02 17:51:30.377857 7f794074f700 1 -- 10.1.80.4:6789/0 --> 10.1.80.1:6789/0 -- paxos(accept lc 1194148 fc 0 pn 21200 opn 0) v4 -- 0x55cf1fce43c0 con 0 -1985>
2017-12-02 17:51:30.378620 7f793c747700 5 -- 10.1.80.4:6789/0 >> 10.1.80.1:6789/0 conn(0x55cf1fade000 :-1 s=STATE_OPEN_MESSAGE_READ_FOOTER_AND_DISPATCH pgs=851208 cs=1 l=0). rx mon.0 seq 1526133424 0x55cf1fce43c0 paxos(commit lc 1194149 fc 0 pn 21200 opn 0) v4 -1984>
2017-12-02 17:51:30.378685 7f794074f700 1 -- 10.1.80.4:6789/0 <== mon.0 10.1.80.1:6789/0 1526133424 ==== paxos(commit lc 1194149 fc 0 pn 21200 opn 0) v4 ==== 2566+0+0 (3189201128 0 0) 0x55cf1fce43c0 con 0x55cf1fade000 -1983>
2017-12-02 17:51:30.378830 7f793c747700 5 -- 10.1.80.4:6789/0 >> 10.1.80.1:6789/0 conn(0x55cf1fade000 :-1 s=STATE_OPEN_MESSAGE_READ_FOOTER_AND_DISPATCH pgs=851208 cs=1 l=0). rx mon.0 seq 1526133425 0x55cf1fce4700 paxos(lease lc 1194149 fc 1193506 pn 0 opn 0) v4 -1982>
2017-12-02 17:51:30.379290 7f794074f700 4 mgrc handle_mgr_map Got map version 219 -1981>
2017-12-02 17:51:30.379297 7f794074f700 4 mgrc handle_mgr_map Active mgr is now 10.1.80.3:6832/18816 -1980>
2017-12-02 17:51:30.379415 7f794074f700 1 -- 10.1.80.4:6789/0 <== mon.0 10.1.80.1:6789/0 1526133425 ==== paxos(lease lc 1194149 fc 1193506 pn 0 opn 0) v4 ==== 84+0+0 (4104834755 0 0) 0x55cf1fce4700 con 0x55cf1fade000 -1979>
2017-12-02 17:51:30.379431 7f794074f700 1 -- 10.1.80.4:6789/0 --> 10.1.80.1:6789/0 -- paxos(lease_ack lc 1194149 fc 1193506 pn 0 opn 0) v4 -- 0x55cf1fce43c0 con 0 -1978>
2017-12-02 17:51:30.379446 7f794074f700 5 mon.c1n4@3(peon).monmap v4 apply_mon_features wait for service to be writeable -1977>
2017-12-02 17:51:30.379451 7f794074f700 5 mon.c1n4@3(peon).paxos(paxos active c 1193506..1194149) is_readable = 1 - now=2017-12-02 17:51:30.379452 lease_expire=2017-12-02 17:51:35.379225 has v0 lc 1194149 -1976>
2017-12-02 17:51:31.651030 7f793c747700 5 -- 10.1.80.4:6789/0 >> 10.1.80.1:6789/0 conn(0x55cf1fade000 :-1 s=STATE_OPEN_MESSAGE_READ_FOOTER_AND_DISPATCH pgs=851208 cs=1 l=0). rx mon.0 seq 1526133426 0x55cf1fbf5b80 mon_health( service 1 op tell e 0 r 0 ) v1 -1975>
2017-12-02 17:51:31.651126 7f794074f700 1 -- 10.1.80.4:6789/0 <== mon.0 10.1.80.1:6789/0 1526133426 ==== mon_health( service 1 op tell e 0 r 0 ) v1 ==== 108+0+0 (3430842486 0 0) 0x55cf1fbf5b80 con 0x55cf1fade000 -1974>
2017-12-02 17:51:32.376123 7f793c747700 5 -- 10.1.80.4:6789/0 >> 10.1.80.1:6789/0 conn(0x55cf1fade000 :-1 s=STATE_OPEN_MESSAGE_READ_FOOTER_AND_DISPATCH pgs=851208 cs=1 l=0). rx mon.0 seq 1526133427 0x55cf1fce43c0 paxos(begin lc 1194149 fc 0 pn 21200 opn 0) v4 -1973>
2017-12-02 17:51:32.376211 7f794074f700 1 -- 10.1.80.4:6789/0 <== mon.0 10.1.80.1:6789/0 1526133427 ==== paxos(begin lc 1194149 fc 0 pn 21200 opn 0) v4 ==== 2566+0+0 (444674746 0 0) 0x55cf1fce43c0 con 0x55cf1fade000 -1972>
2017-12-02 17:51:32.376935 7f794074f700 1 -- 10.1.80.4:6789/0 --> 10.1.80.1:6789/0 -- paxos(accept lc 1194149 fc 0 pn 21200 opn 0) v4 -- 0x55cf1fce4700 con 0 -1971>
2017-12-02 17:51:32.377949 7f793c747700 5 -- 10.1.80.4:6789/0 >> 10.1.80.1:6789/0 conn(0x55cf1fade000 :-1 s=STATE_OPEN_MESSAGE_READ_FOOTER_AND_DISPATCH pgs=851208 cs=1 l=0). rx mon.0 seq 1526133428 0x55cf1fce4700 paxos(commit lc 1194150 fc 0 pn 21200 opn 0) v4 -1970>
2017-12-02 17:51:32.378037 7f794074f700 1 -- 10.1.80.4:6789/0 <== mon.0 10.1.80.1:6789/0 1526133428 ==== paxos(commit lc 1194150 fc 0 pn 21200 opn 0) v4 ==== 2566+0+0 (2361557006 0 0) 0x55cf1fce4700 con 0x55cf1fade000 -1969>
2017-12-02 17:51:32.378101 7f793c747700 5 -- 10.1.80.4:6789/0 >> 10.1.80.1:6789/0 conn(0x55cf1fade000 :-1 s=STATE_OPEN_MESSAGE_READ_FOOTER_AND_DISPATCH pgs=851208 cs=1 l=0). rx mon.0 seq 1526133429 0x55cf1fce4a40 paxos(lease lc 1194150 fc 1193506 pn 0 opn 0) v4 -1968>
2017-12-02 17:51:32.378857 7f794074f700 4 mgrc handle_mgr_map Got map version 219 -1967>
2017-12-02 17:51:32.378867 7f794074f700 4 mgrc handle_mgr_map Active mgr is now 10.1.80.3:6832/18816 -1966>
2017-12-02 17:51:32.379014 7f794074f700 1 -- 10.1.80.4:6789/0 <== mon.0 10.1.80.1:6789/0 1526133429 ==== paxos(lease lc 1194150 fc 1193506 pn 0 opn 0) v4 ==== 84+0+0 (903011382 0 0) 0x55cf1fce4a40 con 0x55cf1fade000 -1965>
2017-12-02 17:51:32.379036 7f794074f700 1 -- 10.1.80.4:6789/0 --> 10.1.80.1:6789/0 -- paxos(lease_ack lc 1194150 fc 1193506 pn 0 opn 0) v4 -- 0x55cf1fce4080 con 0 -1964>
2017-12-02 17:51:32.379055 7f794074f700 5 mon.c1n4@3(peon).monmap v4 apply_mon_features wait for service to be writeable -1963>
2017-12-02 17:51:32.379080 7f794074f700 5 mon.c1n4@3(peon).paxos(paxos active c 1193506..1194150) is_readable = 1 - now=2017-12-02 17:51:32.379081 lease_expire=2017-12-02 17:51:37.378481 has v0 lc 1194150 -1962>
2017-12-02 17:51:32.595258 7f793f74d700 1 -- 10.1.80.4:0/61378 --> 10.1.80.3:6832/18816 -- mgrreport(unknown.c1n4 +0-0 packed 1734) v4 -- 0x55cf1f54d500 con 0 -1961>
2017-12-02 17:51:34.377935 7f793c747700 5 -- 10.1.80.4:6789/0 >> 10.1.80.1:6789/0 conn(0x55cf1fade000 :-1 s=STATE_OPEN_MESSAGE_READ_FOOTER_AND_DISPATCH pgs=851208 cs=1 l=0). rx mon.0 seq 1526133430 0x55cf1fce4080 paxos(begin lc 1194150 fc 0 pn 21200 opn 0) v4 -1960>
2017-12-02 17:51:34.377980 7f794074f700 1 -- 10.1.80.4:6789/0 <== mon.0 10.1.80.1:6789/0 1526133430 ==== paxos(begin lc 1194150 fc 0 pn 21200 opn 0) v4 ==== 2566+0+0 (3843359570 0 0) 0x55cf1fce4080 con 0x55cf1fade000 -1959>
2017-12-02 17:51:34.378467 7f794074f700 1 -- 10.1.80.4:6789/0 --> 10.1.80.1:6789/0 -- paxos(accept lc 1194150 fc 0 pn 21200 opn 0) v4 -- 0x55cf1fce4a40 con 0 -1958>
2017-12-02 17:51:34.379309 7f793c747700 5 -- 10.1.80.4:6789/0 >> 10.1.80.1:6789/0 conn(0x55cf1fade000 :-1 s=STATE_OPEN_MESSAGE_READ_FOOTER_AND_DISPATCH pgs=851208 cs=1 l=0). rx mon.0 seq 1526133431 0x55cf1fce4a40 paxos(commit lc 1194151 fc 0 pn 21200 opn 0) v4 -1957>
2017-12-02 17:51:34.379331 7f794074f700 1 -- 10.1.80.4:6789/0 <== mon.0 10.1.80.1:6789/0 1526133431 ==== paxos(commit lc 1194151 fc 0 pn 21200 opn 0) v4 ==== 2566+0+0 (13881736 0 0) 0x55cf1fce4a40 con 0x55cf1fade000 -1956>
2017-12-02 17:51:34.379555 7f793c747700 5 -- 10.1.80.4:6789/0 >> 10.1.80.1:6789/0 conn(0x55cf1fade000 :-1 s=STATE_OPEN_MESSAGE_READ_FOOTER_AND_DISPATCH pgs=851208 cs=1 l=0). rx mon.0 seq 1526133432 0x55cf1fce4d80 paxos(lease lc 1194151 fc 1193506 pn 0 opn 0) v4 -1955>
2017-12-02 17:51:34.379895 7f794074f700 4 mgrc handle_mgr_map Got map version 219 -1954>
2017-12-02 17:51:34.379903 7f794074f700 4 mgrc handle_mgr_map Active mgr is now 10.1.80.3:6832/18816 -1953>
2017-12-02 17:51:34.380005 7f794074f700 1 -- 10.1.80.4:6789/0 <== mon.0 10.1.80.1:6789/0 1526133432 ==== paxos(lease lc 1194151 fc 1193506 pn 0 opn 0) v4 ==== 84+0+0 (3240152583 0 0) 0x55cf1fce4d80 con 0x55cf1fade000 -1952>
2017-12-02 17:51:34.380023 7f794074f700 1 -- 10.1.80.4:6789/0 --> 10.1.80.1:6789/0 -- paxos(lease_ack lc 1194151 fc 1193506 pn 0 opn 0) v4 -- 0x55cf1fce4a40 con 0 -1951>
2017-12-02 17:51:34.380044 7f794074f700 5 mon.c1n4@3(peon).monmap v4 apply_mon_features wait for service to be writeable -1950>
2017-12-02 17:51:34.380049 7f794074f700 5 mon.c1n4@3(peon).paxos(paxos active c 1193506..1194151) is_readable = 1 - now=2017-12-02 17:51:34.380050 lease_expire=2017-12-02 17:51:39.379936 has v0 lc 1194151 -1949>
2017-12-02 17:51:36.347155 7f793c747700 5 -- 10.1.80.4:6789/0 >> 10.1.80.1:6789/0 conn(0x55cf1fade000 :-1 s=STATE_OPEN_MESSAGE_READ_FOOTER_AND_DISPATCH pgs=851208 cs=1 l=0). rx mon.0 seq 1526133433 0x55cf1fce4a40 paxos(begin lc 1194151 fc 0 pn 21200 opn 0) v4 -1948>
2017-12-02 17:51:36.347238 7f794074f700 1 -- 10.1.80.4:6789/0 <== mon.0 10.1.80.1:6789/0 1526133433 ==== paxos(begin lc 1194151 fc 0 pn 21200 opn 0) v4 ==== 10324+0+0 (1439224743 0 0) 0x55cf1fce4a40 con 0x55cf1fade000 -1947>
2017-12-02 17:51:36.347908 7f794074f700 1 -- 10.1.80.4:6789/0 --> 10.1.80.1:6789/0 -- paxos(accept lc 1194151 fc 0 pn 21200 opn 0) v4 -- 0x55cf1fce4d80 con 0 -1946>
2017-12-02 17:51:36.349063 7f793c747700 5 -- 10.1.80.4:6789/0 >> 10.1.80.1:6789/0 conn(0x55cf1fade000 :-1 s=STATE_OPEN_MESSAGE_READ_FOOTER_AND_DISPATCH pgs=851208 cs=1 l=0). rx mon.0 seq 1526133434 0x55cf1fce4d80 paxos(commit lc 1194152 fc 0 pn 21200 opn 0) v4 -1945>
2017-12-02 17:51:36.349108 7f794074f700 1 -- 10.1.80.4:6789/0 <== mon.0 10.1.80.1:6789/0 1526133434 ==== paxos(commit lc 1194152 fc 0 pn 21200 opn 0) v4 ==== 10324+0+0 (3824414581 0 0) 0x55cf1fce4d80 con 0x55cf1fade000 -1944>
2017-12-02 17:51:36.349263 7f793c747700 5 -- 10.1.80.4:6789/0 >> 10.1.80.1:6789/0 conn(0x55cf1fade000 :-1 s=STATE_OPEN_MESSAGE_READ_FOOTER_AND_DISPATCH pgs=851208 cs=1 l=0). rx mon.0 seq 1526133435 0x55cf1fce50c0 paxos(lease lc 1194152 fc 1193506 pn 0 opn 0) v4 -1943>
2017-12-02 17:51:36.349873 7f794074f700 4 mgrc handle_mgr_map Got map version 219 -1942>
2017-12-02 17:51:36.349880 7f794074f700 4 mgrc handle_mgr_map Active mgr is now 10.1.80.3:6832/18816 -1941>
2017-12-02 17:51:36.349997 7f794074f700 1 -- 10.1.80.4:6789/0 <== mon.0 10.1.80.1:6789/0 1526133435 ==== paxos(lease lc 1194152 fc 1193506 pn 0 opn 0) v4 ==== 84+0+0 (782200301 0 0) 0x55cf1fce50c0 con 0x55cf1fade000 -1940>
2017-12-02 17:51:36.350014 7f794074f700 1 -- 10.1.80.4:6789/0 --> 10.1.80.1:6789/0 -- paxos(lease_ack lc 1194152 fc 1193506 pn 0 opn 0) v4 -- 0x55cf1fce4700 con 0 -1939>
2017-12-02 17:51:36.350030 7f794074f700 5 mon.c1n4@3(peon).monmap v4 apply_mon_features wait for service to be writeable -1938>
2017-12-02 17:51:36.350035 7f794074f700 5 mon.c1n4@3(peon).paxos(paxos active c 1193506..1194152) is_readable = 1 - now=2017-12-02 17:51:36.350036 lease_expire=2017-12-02 17:51:41.349649 has v0 lc 1194152 -1937>
2017-12-02 17:51:36.379648 7f793c747700 5 -- 10.1.80.4:6789/0 >> 10.1.80.1:6789/0 conn(0x55cf1fade000 :-1 s=STATE_OPEN_MESSAGE_READ_FOOTER_AND_DISPATCH pgs=851208 cs=1 l=0). rx mon.0 seq 1526133436 0x55cf1fce4700 paxos(begin lc 1194152 fc 0 pn 21200 opn 0) v4 -1936>
2017-12-02 17:51:36.379701 7f794074f700 1 -- 10.1.80.4:6789/0 <== mon.0 10.1.80.1:6789/0 1526133436 ==== paxos(begin lc 1194152 fc 0 pn 21200 opn 0) v4 ==== 2566+0+0 (1791107746 0 0) 0x55cf1fce4700 con 0x55cf1fade000 -1935>
2017-12-02 17:51:36.380154 7f794074f700 1 -- 10.1.80.4:6789/0 --> 10.1.80.1:6789/0 -- paxos(accept lc 1194152 fc 0 pn 21200 opn 0) v4 -- 0x55cf1fce50c0 con 0 -1934>
2017-12-02 17:51:36.381088 7f793c747700 5 -- 10.1.80.4:6789/0 >> 10.1.80.1:6789/0 conn(0x55cf1fade000 :-1 s=STATE_OPEN_MESSAGE_READ_FOOTER_AND_DISPATCH pgs=851208 cs=1 l=0). rx mon.0 seq 1526133437 0x55cf1fce50c0 paxos(commit lc 1194153 fc 0 pn 21200 opn 0) v4 -1933>
2017-12-02 17:51:36.381162 7f794074f700 1 -- 10.1.80.4:6789/0 <== mon.0 10.1.80.1:6789/0 1526133437 ==== paxos(commit lc 1194153 fc 0 pn 21200 opn 0) v4 ==== 2566+0+0 (3082746105 0 0) 0x55cf1fce50c0 con 0x55cf1fade000 -1932>
2017-12-02 17:51:36.381296 7f793c747700 5 -- 10.1.80.4:6789/0 >> 10.1.80.1:6789/0 conn(0x55cf1fade000 :-1 s=STATE_OPEN_MESSAGE_READ_FOOTER_AND_DISPATCH pgs=851208 cs=1 l=0). rx mon.0 seq 1526133438 0x55cf1fce5400 paxos(lease lc 1194153 fc 1193506 pn 0 opn 0) v4 -1931>
2017-12-02 17:51:36.381678 7f794074f700 4 mgrc handle_mgr_map Got map version 219 -1930>
2017-12-02 17:51:36.381685 7f794074f700 4 mgrc handle_mgr_map Active mgr is now 10.1.80.3:6832/18816 -1929>
2017-12-02 17:51:36.381774 7f794074f700 1 -- 10.1.80.4:6789/0 <== mon.0 10.1.80.1:6789/0 1526133438 ==== paxos(lease lc 1194153 fc 1193506 pn 0 opn 0) v4 ==== 84+0+0 (2306691454 0 0) 0x55cf1fce5400 con 0x55cf1fade000 -1928>
2017-12-02 17:51:36.381788 7f794074f700 1 -- 10.1.80.4:6789/0 --> 10.1.80.1:6789/0 -- paxos(lease_ack lc 1194153 fc 1193506 pn 0 opn 0) v4 -- 0x55cf1fce50c0 con 0 -1927>
2017-12-02 17:51:36.381803 7f794074f700 5 mon.c1n4@3(peon).monmap v4 apply_mon_features wait for service to be writeable -1926>
2017-12-02 17:51:36.381807 7f794074f700 5 mon.c1n4@3(peon).paxos(paxos active c 1193506..1194153) is_readable = 1 - now=2017-12-02 17:51:36.381808 lease_expire=2017-12-02 17:51:41.381684 has v0 lc 1194153 -1925>
2017-12-02 17:51:37.595675 7f793f74d700 1 -- 10.1.80.4:0/61378 --> 10.1.80.3:6832/18816 -- mgrreport(unknown.c1n4 +0-0 packed 1734) v4 -- 0x55cf1f54ed00 con 0 -1924>
2017-12-02 17:51:38.381210 7f793c747700 5 -- 10.1.80.4:6789/0 >> 10.1.80.1:6789/0 conn(0x55cf1fade000 :-1 s=STATE_OPEN_MESSAGE_READ_FOOTER_AND_DISPATCH pgs=851208 cs=1 l=0). rx mon.0 seq 1526133439 0x55cf1fce50c0 paxos(begin lc 1194153 fc 0 pn 21200 opn 0) v4 -1923>
2017-12-02 17:51:38.381281 7f794074f700 1 -- 10.1.80.4:6789/0 <== mon.0 10.1.80.1:6789/0 1526133439 ==== paxos(begin lc 1194153 fc 0 pn 21200 opn 0) v4 ==== 2566+0+0 (2332490410 0 0) 0x55cf1fce50c0 con 0x55cf1fade000 -1922>
2017-12-02 17:51:38.381829 7f794074f700 1 -- 10.1.80.4:6789/0 --> 10.1.80.1:6789/0 -- paxos(accept lc 1194153 fc 0 pn 21200 opn 0) v4 -- 0x55cf1fce5400 con 0 -1921>
2017-12-02 17:51:38.382722 7f793c747700 5 -- 10.1.80.4:6789/0 >> 10.1.80.1:6789/0 conn(0x55cf1fade000 :-1 s=STATE_OPEN_MESSAGE_READ_FOOTER_AND_DISPATCH pgs=851208 cs=1 l=0). rx mon.0 seq 1526133440 0x55cf1fce5400 paxos(commit lc 1194154 fc 0 pn 21200 opn 0) v4 -1920>
2017-12-02 17:51:38.382744 7f794074f700 1 -- 10.1.80.4:6789/0 <== mon.0 10.1.80.1:6789/0 1526133440 ==== paxos(commit lc 1194154 fc 0 pn 21200 opn 0) v4 ==== 2566+0+0 (198414651 0 0) 0x55cf1fce5400 con 0x55cf1fade000 -1919>
2017-12-02 17:51:38.382938 7f793c747700 5 -- 10.1.80.4:6789/0 >> 10.1.80.1:6789/0 conn(0x55cf1fade000 :-1 s=STATE_OPEN_MESSAGE_READ_FOOTER_AND_DISPATCH pgs=851208 cs=1 l=0). rx mon.0 seq 1526133441 0x55cf1fce5740 paxos(lease lc 1194154 fc 1193506 pn 0 opn 0) v4 -1918>
2017-12-02 17:51:38.383317 7f794074f700 4 mgrc handle_mgr_map Got map version 219 -1917>
2017-12-02 17:51:38.383324 7f794074f700 4 mgrc handle_mgr_map Active mgr is now 10.1.80.3:6832/18816 -1916>
2017-12-02 17:51:38.383453 7f794074f700 1 -- 10.1.80.4:6789/0 <== mon.0 10.1.80.1:6789/0 1526133441 ==== paxos(lease lc 1194154 fc 1193506 pn 0 opn 0) v4 ==== 84+0+0 (788024307 0 0) 0x55cf1fce5740 con 0x55cf1fade000 -1915>
2017-12-02 17:51:38.383471 7f794074f700 1 -- 10.1.80.4:6789/0 --> 10.1.80.1:6789/0 -- paxos(lease_ack lc 1194154 fc 1193506 pn 0 opn 0) v4 -- 0x55cf1fce4d80 con 0 -1914>
2017-12-02 17:51:38.383493 7f794074f700 5 mon.c1n4@3(peon).monmap v4 apply_mon_features wait for service to be writeable -1913>
2017-12-02 17:51:38.383499 7f794074f700 5 mon.c1n4@3(peon).paxos(paxos active c 1193506..1194154) is_readable = 1 - now=2017-12-02 17:51:38.383499 lease_expire=2017-12-02 17:51:43.383333 has v0 lc 1194154 -1912>
2017-12-02 17:51:39.005939 7f793c747700 1 -- 10.1.80.4:6789/0 >> - conn(0x55cf1fcc1800 :6789 s=STATE_ACCEPTING pgs=0 cs=0 l=0)._process_connection sd=34 - -1911>
2017-12-02 17:51:39.006096 7f793c747700 2 -- 10.1.80.4:6789/0 >> 10.1.80.3:0/3511912917 conn(0x55cf1fcc1800 :6789 s=STATE_ACCEPTING_WAIT_SEQ pgs=2 cs=1 l=1).handle_connect_msg accept write reply msg done -1910>
2017-12-02 17:51:39.006154 7f793c747700 2 -- 10.1.80.4:6789/0 >> 10.1.80.3:0/3511912917 conn(0x55cf1fcc1800 :6789 s=STATE_ACCEPTING_WAIT_SEQ pgs=2 cs=1 l=1)._process_connection accept get newly_acked_seq 0 -1909>
2017-12-02 17:51:39.006197 7f793c747700 5 -- 10.1.80.4:6789/0 >> 10.1.80.3:0/3511912917 conn(0x55cf1fcc1800 :6789 s=STATE_OPEN_MESSAGE_READ_FOOTER_AND_DISPATCH pgs=2 cs=1 l=1). rx client.? seq 1 0x55cf1fbf5680 auth(proto 0 30 bytes epoch 0) v1 -1908>
2017-12-02 17:51:39.006220 7f794074f700 1 -- 10.1.80.4:6789/0 <== client.? 10.1.80.3:0/3511912917 1 ==== auth(proto 0 30 bytes epoch 0) v1 ==== 60+0+0 (673663173 0 0) 0x55cf1fbf5680 con 0x55cf1fcc1800 -1907>
2017-12-02 17:51:39.006263 7f794074f700 5 mon.c1n4@3(peon).paxos(paxos active c 1193506..1194154) is_readable = 1 - now=2017-12-02 17:51:39.006263 lease_expire=2017-12-02 17:51:43.383333 has v0 lc 1194154 -1906>
2017-12-02 17:51:39.006310 7f794074f700 1 -- 10.1.80.4:6789/0 --> 10.1.80.3:0/3511912917 -- mon_map magic: 0 v1 -- 0x55cf1fbf5b80 con 0 -1905>
2017-12-02 17:51:39.006345 7f794074f700 2 mon.c1n4@3(peon) e4 send_reply 0x55cf1f904f80 0x55cf1fbf6080 auth_reply(proto 2 0 (0) Success) v1 -1904>
2017-12-02 17:51:39.006355 7f794074f700 1 -- 10.1.80.4:6789/0 --> 10.1.80.3:0/3511912917 -- auth_reply(proto 2 0 (0) Success) v1 -- 0x55cf1fbf6080 con 0 -1903>
2017-12-02 17:51:39.006541 7f793c747700 5 -- 10.1.80.4:6789/0 >> 10.1.80.3:0/3511912917 conn(0x55cf1fcc1800 :6789 s=STATE_OPEN_MESSAGE_READ_FOOTER_AND_DISPATCH pgs=2 cs=1 l=1). rx client.? seq 2 0x55cf1fbf6080 auth(proto 2 32 bytes epoch 0) v1 -1902>
2017-12-02 17:51:39.006572 7f794074f700 1 -- 10.1.80.4:6789/0 <== client.? 10.1.80.3:0/3511912917 2 ==== auth(proto 2 32 bytes epoch 0) v1 ==== 62+0+0 (4089917570 0 0) 0x55cf1fbf6080 con 0x55cf1fcc1800 -1901>
2017-12-02 17:51:39.006581 7f794074f700 5 mon.c1n4@3(peon).paxos(paxos active c 1193506..1194154) is_readable = 1 - now=2017-12-02 17:51:39.006582 lease_expire=2017-12-02 17:51:43.383333 has v0 lc 1194154 -1900>
2017-12-02 17:51:39.006718 7f794074f700 2 mon.c1n4@3(peon) e4 send_reply 0x55cf1f904f80 0x55cf1fbf5680 auth_reply(proto 2 0 (0) Success) v1 -1899>
2017-12-02 17:51:39.006726 7f794074f700 1 -- 10.1.80.4:6789/0 --> 10.1.80.3:0/3511912917 -- auth_reply(proto 2 0 (0) Success) v1 -- 0x55cf1fbf5680 con 0 -1898>
2017-12-02 17:51:39.006899 7f793c747700 5 -- 10.1.80.4:6789/0 >> 10.1.80.3:0/3511912917 conn(0x55cf1fcc1800 :6789 s=STATE_OPEN_MESSAGE_READ_FOOTER_AND_DISPATCH pgs=2 cs=1 l=1). rx client.? seq 3 0x55cf1fbf5680 auth(proto 2 165 bytes epoch 0) v1 -1897>
2017-12-02 17:51:39.006922 7f794074f700 1 -- 10.1.80.4:6789/0 <== client.? 10.1.80.3:0/3511912917 3 ==== auth(proto 2 165 bytes epoch 0) v1 ==== 195+0+0 (2248177903 0 0) 0x55cf1fbf5680 con 0x55cf1fcc1800 -1896>
2017-12-02 17:51:39.006930 7f794074f700 5 mon.c1n4@3(peon).paxos(paxos active c 1193506..1194154) is_readable = 1 - now=2017-12-02 17:51:39.006931 lease_expire=2017-12-02 17:51:43.383333 has v0 lc 1194154 -1895>
2017-12-02 17:51:39.007055 7f794074f700 2 mon.c1n4@3(peon) e4 send_reply 0x55cf1f904f80 0x55cf1fbf6080 auth_reply(proto 2 0 (0) Success) v1 -1894>
2017-12-02 17:51:39.007061 7f794074f700 1 -- 10.1.80.4:6789/0 --> 10.1.80.3:0/3511912917 -- auth_reply(proto 2 0 (0) Success) v1 -- 0x55cf1fbf6080 con 0 -1893>
2017-12-02 17:51:39.007221 7f793c747700 1 -- 10.1.80.4:6789/0 >> 10.1.80.3:0/3511912917 conn(0x55cf1fcc1800 :6789 s=STATE_OPEN pgs=2 cs=1 l=1).read_bulk peer close file descriptor 34 -1892>
2017-12-02 17:51:39.007230 7f793c747700 1 -- 10.1.80.4:6789/0 >> 10.1.80.3:0/3511912917 conn(0x55cf1fcc1800 :6789 s=STATE_OPEN pgs=2 cs=1 l=1).read_until read failed -1891>
2017-12-02 17:51:39.007234 7f793c747700 1 -- 10.1.80.4:6789/0 >> 10.1.80.3:0/3511912917 conn(0x55cf1fcc1800 :6789 s=STATE_OPEN pgs=2 cs=1 l=1).process read tag failed -1890>
2017-12-02 17:51:39.007240 7f793c747700 1 -- 10.1.80.4:6789/0 >> 10.1.80.3:0/3511912917 conn(0x55cf1fcc1800 :6789 s=STATE_OPEN pgs=2 cs=1 l=1).fault on lossy channel, failing -1889>
2017-12-02 17:51:39.007245 7f793c747700 2 -- 10.1.80.4:6789/0 >> 10.1.80.3:0/3511912917 conn(0x55cf1fcc1800 :6789 s=STATE_OPEN pgs=2 cs=1 l=1)._stop -1888>
2017-12-02 17:51:40.383463 7f793c747700 5 -- 10.1.80.4:6789/0 >> 10.1.80.1:6789/0 conn(0x55cf1fade000 :-1 s=STATE_OPEN_MESSAGE_READ_FOOTER_AND_DISPATCH pgs=851208 cs=1 l=0). rx mon.0 seq 1526133442 0x55cf1fce4d80 paxos(begin lc 1194154 fc 0 pn 21200 opn 0) v4 -1887>
2017-12-02 17:51:40.383509 7f794074f700 1 -- 10.1.80.4:6789/0 <== mon.0 10.1.80.1:6789/0 1526133442 ==== paxos(begin lc 1194154 fc 0 pn 21200 opn 0) v4 ==== 2570+0+0 (3708738954 0 0) 0x55cf1fce4d80 con 0x55cf1fade000 -1886>
2017-12-02 17:51:40.383992 7f794074f700 1 -- 10.1.80.4:6789/0 --> 10.1.80.1:6789/0 -- paxos(accept lc 1194154 fc 0 pn 21200 opn 0) v4 -- 0x55cf1fce5740 con 0 -1885>
2017-12-02 17:51:40.385118 7f793c747700 5 -- 10.1.80.4:6789/0 >> 10.1.80.1:6789/0 conn(0x55cf1fade000 :-1 s=STATE_OPEN_MESSAGE_READ_FOOTER_AND_DISPATCH pgs=851208 cs=1 l=0). rx mon.0 seq 1526133443 0x55cf1fce5740 paxos(commit lc 1194155 fc 0 pn 21200 opn 0) v4 -1884>
2017-12-02 17:51:40.385153 7f794074f700 1 -- 10.1.80.4:6789/0 <== mon.0 10.1.80.1:6789/0 1526133443 ==== paxos(commit lc 1194155 fc 0 pn 21200 opn 0) v4 ==== 2570+0+0 (2554039434 0 0) 0x55cf1fce5740 con 0x55cf1fade000 -1883>
2017-12-02 17:51:40.385407 7f793c747700 5 -- 10.1.80.4:6789/0 >> 10.1.80.1:6789/0 conn(0x55cf1fade000 :-1 s=STATE_OPEN_MESSAGE_READ_FOOTER_AND_DISPATCH pgs=851208 cs=1 l=0). rx mon.0 seq 1526133444 0x55cf1fce5a80 paxos(lease lc 1194155 fc 1193506 pn 0 opn 0) v4 -1882>
2017-12-02 17:51:40.385839 7f794074f700 4 mgrc handle_mgr_map Got map version 219 -1881>
2017-12-02 17:51:40.385848 7f794074f700 4 mgrc handle_mgr_map Active mgr is now 10.1.80.3:6832/18816 -1880>
2017-12-02 17:51:40.385990 7f794074f700 1 -- 10.1.80.4:6789/0 <== mon.0 10.1.80.1:6789/0 1526133444 ==== paxos(lease lc 1194155 fc 1193506 pn 0 opn 0) v4 ==== 84+0+0 (2645504982 0 0) 0x55cf1fce5a80 con 0x55cf1fade000 -1879>
2017-12-02 17:51:40.386008 7f794074f700 1 -- 10.1.80.4:6789/0 --> 10.1.80.1:6789/0 -- paxos(lease_ack lc 1194155 fc 1193506 pn 0 opn 0) v4 -- 0x55cf1fce5740 con 0 -1878>
2017-12-02 17:51:40.386023 7f794074f700 5 mon.c1n4@3(peon).monmap v4 apply_mon_features wait for service to be writeable -1877>
2017-12-02 17:51:40.386028 7f794074f700 5 mon.c1n4@3(peon).paxos(paxos active c 1193506..1194155) is_readable = 1 - now=2017-12-02 17:51:40.386028 lease_expire=2017-12-02 17:51:45.385793 has v0 lc 1194155 -1876>
2017-12-02 17:51:41.467320 7f793c747700 1 -- 10.1.80.4:6789/0 >> - conn(0x55cf1fb7b000 :6789 s=STATE_ACCEPTING pgs=0 cs=0 l=0)._process_connection sd=34 - -1875>
2017-12-02 17:51:41.467479 7f793c747700 2 -- 10.1.80.4:6789/0 >> 10.1.80.1:0/266297987 conn(0x55cf1fb7b000 :6789 s=STATE_ACCEPTING_WAIT_SEQ pgs=2 cs=1 l=1).handle_connect_msg accept write reply msg done -1874>
2017-12-02 17:51:41.467550 7f793c747700 2 -- 10.1.80.4:6789/0 >> 10.1.80.1:0/266297987 conn(0x55cf1fb7b000 :6789 s=STATE_ACCEPTING_WAIT_SEQ pgs=2 cs=1 l=1)._process_connection accept get newly_acked_seq 0 -1873>
2017-12-02 17:51:41.467591 7f793c747700 5 -- 10.1.80.4:6789/0 >> 10.1.80.1:0/266297987 conn(0x55cf1fb7b000 :6789 s=STATE_OPEN_MESSAGE_READ_FOOTER_AND_DISPATCH pgs=2 cs=1 l=1). rx client.? seq 1 0x55cf1fbf6080 auth(proto 0 30 bytes epoch 0) v1 -1872>
2017-12-02 17:51:41.467613 7f794074f700 1 -- 10.1.80.4:6789/0 <== client.? 10.1.80.1:0/266297987 1 ==== auth(proto 0 30 bytes epoch 0) v1 ==== 60+0+0 (673663173 0 0) 0x55cf1fbf6080 con 0x55cf1fb7b000 -1871>
2017-12-02 17:51:41.467639 7f794074f700 5 mon.c1n4@3(peon).paxos(paxos active c 1193506..1194155) is_readable = 1 - now=2017-12-02 17:51:41.467640 lease_expire=2017-12-02 17:51:45.385793 has v0 lc 1194155 -1870>
2017-12-02 17:51:41.467674 7f794074f700 1 -- 10.1.80.4:6789/0 --> 10.1.80.1:0/266297987 -- mon_map magic: 0 v1 -- 0x55cf1fbf5680 con 0 -1869>
2017-12-02 17:51:41.467708 7f794074f700 2 mon.c1n4@3(peon) e4 send_reply 0x55cf1f904f80 0x55cf1fbf4c80 auth_reply(proto 2 0 (0) Success) v1 -1868>
2017-12-02 17:51:41.467718 7f794074f700 1 -- 10.1.80.4:6789/0 --> 10.1.80.1:0/266297987 -- auth_reply(proto 2 0 (0) Success) v1 -- 0x55cf1fbf4c80 con 0 -1867>
2017-12-02 17:51:41.468089 7f793c747700 5 -- 10.1.80.4:6789/0 >> 10.1.80.1:0/266297987 conn(0x55cf1fb7b000 :6789 s=STATE_OPEN_MESSAGE_READ_FOOTER_AND_DISPATCH pgs=2 cs=1 l=1). rx client.? seq 2 0x55cf1fbf4c80 auth(proto 2 32 bytes epoch 0) v1 -1866>
2017-12-02 17:51:41.468134 7f794074f700 1 -- 10.1.80.4:6789/0 <== client.? 10.1.80.1:0/266297987 2 ==== auth(proto 2 32 bytes epoch 0) v1 ==== 62+0+0 (1962768197 0 0) 0x55cf1fbf4c80 con 0x55cf1fb7b000 -1865>
2017-12-02 17:51:41.468152 7f794074f700 5 mon.c1n4@3(peon).paxos(paxos active c 1193506..1194155) is_readable = 1 - now=2017-12-02 17:51:41.468152 lease_expire=2017-12-02 17:51:45.385793 has v0 lc 1194155 -1864>
2017-12-02 17:51:41.468283 7f794074f700 2 mon.c1n4@3(peon) e4 send_reply 0x55cf1f904f80 0x55cf1fbf6080 auth_reply(proto 2 0 (0) Success) v1 -1863>
2017-12-02 17:51:41.468293 7f794074f700 1 -- 10.1.80.4:6789/0 --> 10.1.80.1:0/266297987 -- auth_reply(proto 2 0 (0) Success) v1 -- 0x55cf1fbf6080 con 0 -1862>
2017-12-02 17:51:41.468709 7f793c747700 5 -- 10.1.80.4:6789/0 >> 10.1.80.1:0/266297987 conn(0x55cf1fb7b000 :6789 s=STATE_OPEN_MESSAGE_READ_FOOTER_AND_DISPATCH pgs=2 cs=1 l=1). rx client.? seq 3 0x55cf1fbf6080 auth(proto 2 165 bytes epoch 0) v1 -1861>
2017-12-02 17:51:41.468780 7f794074f700 1 -- 10.1.80.4:6789/0 <== client.? 10.1.80.1:0/266297987 3 ==== auth(proto 2 165 bytes epoch 0) v1 ==== 195+0+0 (4247404420 0 0) 0x55cf1fbf6080 con 0x55cf1fb7b000 -1860>
2017-12-02 17:51:41.468792 7f794074f700 5 mon.c1n4@3(peon).paxos(paxos active c 1193506..1194155) is_readable = 1 - now=2017-12-02 17:51:41.468792 lease_expire=2017-12-02 17:51:45.385793 has v0 lc 1194155 -1859>
2017-12-02 17:51:41.468925 7f794074f700 2 mon.c1n4@3(peon) e4 send_reply 0x55cf1f904f80 0x55cf1fbf4c80 auth_reply(proto 2 0 (0) Success) v1 -1858>
2017-12-02 17:51:41.468933 7f794074f700 1 -- 10.1.80.4:6789/0 --> 10.1.80.1:0/266297987 -- auth_reply(proto 2 0 (0) Success) v1 -- 0x55cf1fbf4c80 con 0 -1857>
