2017-12-02 17:52:52.441690 7f793c747700 5 -- 10.1.80.4:6789/0 >> 10.1.80.1:6789/0 conn(0x55cf1fade000 :-1 s=STATE_OPEN_MESSAGE_READ_FOOTER_AND_DISPATCH pgs=851208 cs=1 l=0). rx mon.0 seq 1526133592 0x55cf1fc34d00 paxos(begin lc 1194203 fc 0 pn 21200 opn 0) v4 -283>
2017-12-02 17:52:52.441774 7f794074f700 1 -- 10.1.80.4:6789/0 <== mon.0 10.1.80.1:6789/0 1526133592 ==== paxos(begin lc 1194203 fc 0 pn 21200 opn 0) v4 ==== 2566+0+0 (3707015089 0 0) 0x55cf1fc34d00 con 0x55cf1fade000 -282>
2017-12-02 17:52:52.442302 7f794074f700 1 -- 10.1.80.4:6789/0 --> 10.1.80.1:6789/0 -- paxos(accept lc 1194203 fc 0 pn 21200 opn 0) v4 -- 0x55cf1fc35040 con 0 -281>
2017-12-02 17:52:52.443901 7f793c747700 5 -- 10.1.80.4:6789/0 >> 10.1.80.1:6789/0 conn(0x55cf1fade000 :-1 s=STATE_OPEN_MESSAGE_READ_FOOTER_AND_DISPATCH pgs=851208 cs=1 l=0). rx mon.0 seq 1526133593 0x55cf1fc35040 paxos(commit lc 1194204 fc 0 pn 21200 opn 0) v4 -280>
2017-12-02 17:52:52.443970 7f794074f700 1 -- 10.1.80.4:6789/0 <== mon.0 10.1.80.1:6789/0 1526133593 ==== paxos(commit lc 1194204 fc 0 pn 21200 opn 0) v4 ==== 2566+0+0 (4233085608 0 0) 0x55cf1fc35040 con 0x55cf1fade000 -279>
2017-12-02 17:52:52.444137 7f793c747700 5 -- 10.1.80.4:6789/0 >> 10.1.80.1:6789/0 conn(0x55cf1fade000 :-1 s=STATE_OPEN_MESSAGE_READ_FOOTER_AND_DISPATCH pgs=851208 cs=1 l=0). rx mon.0 seq 1526133594 0x55cf1fc35380 paxos(lease lc 1194204 fc 1193506 pn 0 opn 0) v4 -278>
2017-12-02 17:52:52.444607 7f794074f700 4 mgrc handle_mgr_map Got map version 219 -277>
2017-12-02 17:52:52.444614 7f794074f700 4 mgrc handle_mgr_map Active mgr is now 10.1.80.3:6832/18816 -276>
2017-12-02 17:52:52.444737 7f794074f700 1 -- 10.1.80.4:6789/0 <== mon.0 10.1.80.1:6789/0 1526133594 ==== paxos(lease lc 1194204 fc 1193506 pn 0 opn 0) v4 ==== 84+0+0 (3103039128 0 0) 0x55cf1fc35380 con 0x55cf1fade000 -275>
2017-12-02 17:52:52.444780 7f794074f700 1 -- 10.1.80.4:6789/0 --> 10.1.80.1:6789/0 -- paxos(lease_ack lc 1194204 fc 1193506 pn 0 opn 0) v4 -- 0x55cf1fc35040 con 0 -274>
2017-12-02 17:52:52.444795 7f794074f700 5 mon.c1n4@3(peon).monmap v4 apply_mon_features wait for service to be writeable -273>
2017-12-02 17:52:52.444817 7f794074f700 5 mon.c1n4@3(peon).paxos(paxos active c 1193506..1194204) is_readable = 1 - now=2017-12-02 17:52:52.444817 lease_expire=2017-12-02 17:52:57.444489 has v0 lc 1194204 -272>
2017-12-02 17:52:52.600214 7f793f74d700 1 -- 10.1.80.4:0/61378 --> 10.1.80.3:6832/18816 -- mgrreport(unknown.c1n4 +0-0 packed 1734) v4 -- 0x55cf1f54e700 con 0 -271>
2017-12-02 17:52:53.444669 7f793c747700 5 -- 10.1.80.4:6789/0 >> 10.1.80.1:6789/0 conn(0x55cf1fade000 :-1 s=STATE_OPEN_MESSAGE_READ_FOOTER_AND_DISPATCH pgs=851208 cs=1 l=0). rx mon.0 seq 1526133595 0x55cf1fc35040 paxos(begin lc 1194204 fc 0 pn 21200 opn 0) v4 -270>
2017-12-02 17:52:53.444738 7f794074f700 1 -- 10.1.80.4:6789/0 <== mon.0 10.1.80.1:6789/0 1526133595 ==== paxos(begin lc 1194204 fc 0 pn 21200 opn 0) v4 ==== 10527+0+0 (3627525760 0 0) 0x55cf1fc35040 con 0x55cf1fade000 -269>
2017-12-02 17:52:53.448950 7f794074f700 1 -- 10.1.80.4:6789/0 --> 10.1.80.1:6789/0 -- paxos(accept lc 1194204 fc 0 pn 21200 opn 0) v4 -- 0x55cf1fc35380 con 0 -268>
2017-12-02 17:52:53.449924 7f793c747700 5 -- 10.1.80.4:6789/0 >> 10.1.80.1:6789/0 conn(0x55cf1fade000 :-1 s=STATE_OPEN_MESSAGE_READ_FOOTER_AND_DISPATCH pgs=851208 cs=1 l=0). rx mon.0 seq 1526133596 0x55cf1fc35380 paxos(commit lc 1194205 fc 0 pn 21200 opn 0) v4 -267>
2017-12-02 17:52:53.449972 7f794074f700 1 -- 10.1.80.4:6789/0 <== mon.0 10.1.80.1:6789/0 1526133596 ==== paxos(commit lc 1194205 fc 0 pn 21200 opn 0) v4 ==== 10527+0+0 (3270946646 0 0) 0x55cf1fc35380 con 0x55cf1fade000 -266>
2017-12-02 17:52:53.450165 7f793c747700 5 -- 10.1.80.4:6789/0 >> 10.1.80.1:6789/0 conn(0x55cf1fade000 :-1 s=STATE_OPEN_MESSAGE_READ_FOOTER_AND_DISPATCH pgs=851208 cs=1 l=0). rx mon.0 seq 1526133597 0x55cf1fc356c0 paxos(lease lc 1194205 fc 1193506 pn 0 opn 0) v4 -265>
2017-12-02 17:52:53.450654 7f794074f700 4 mgrc handle_mgr_map Got map version 219 -264>
2017-12-02 17:52:53.450661 7f794074f700 4 mgrc handle_mgr_map Active mgr is now 10.1.80.3:6832/18816 -263>
2017-12-02 17:52:53.450776 7f794074f700 1 -- 10.1.80.4:6789/0 <== mon.0 10.1.80.1:6789/0 1526133597 ==== paxos(lease lc 1194205 fc 1193506 pn 0 opn 0) v4 ==== 84+0+0 (4119692529 0 0) 0x55cf1fc356c0 con 0x55cf1fade000 -262>
2017-12-02 17:52:53.450793 7f794074f700 1 -- 10.1.80.4:6789/0 --> 10.1.80.1:6789/0 -- paxos(lease_ack lc 1194205 fc 1193506 pn 0 opn 0) v4 -- 0x55cf1fc35380 con 0 -261>
2017-12-02 17:52:53.450807 7f794074f700 5 mon.c1n4@3(peon).monmap v4 apply_mon_features wait for service to be writeable -260>
2017-12-02 17:52:53.450812 7f794074f700 5 mon.c1n4@3(peon).paxos(paxos active c 1193506..1194205) is_readable = 1 - now=2017-12-02 17:52:53.450813 lease_expire=2017-12-02 17:52:58.450516 has v0 lc 1194205 -259>
2017-12-02 17:52:54.450922 7f793c747700 5 -- 10.1.80.4:6789/0 >> 10.1.80.1:6789/0 conn(0x55cf1fade000 :-1 s=STATE_OPEN_MESSAGE_READ_FOOTER_AND_DISPATCH pgs=851208 cs=1 l=0). rx mon.0 seq 1526133598 0x55cf1fc35380 paxos(begin lc 1194205 fc 0 pn 21200 opn 0) v4 -258>
2017-12-02 17:52:54.451038 7f794074f700 1 -- 10.1.80.4:6789/0 <== mon.0 10.1.80.1:6789/0 1526133598 ==== paxos(begin lc 1194205 fc 0 pn 21200 opn 0) v4 ==== 2566+0+0 (1074476166 0 0) 0x55cf1fc35380 con 0x55cf1fade000 -257>
2017-12-02 17:52:54.451585 7f794074f700 1 -- 10.1.80.4:6789/0 --> 10.1.80.1:6789/0 -- paxos(accept lc 1194205 fc 0 pn 21200 opn 0) v4 -- 0x55cf1fc356c0 con 0 -256>
2017-12-02 17:52:54.452446 7f793c747700 5 -- 10.1.80.4:6789/0 >> 10.1.80.1:6789/0 conn(0x55cf1fade000 :-1 s=STATE_OPEN_MESSAGE_READ_FOOTER_AND_DISPATCH pgs=851208 cs=1 l=0). rx mon.0 seq 1526133599 0x55cf1fc356c0 paxos(commit lc 1194206 fc 0 pn 21200 opn 0) v4 -255>
2017-12-02 17:52:54.452512 7f794074f700 1 -- 10.1.80.4:6789/0 <== mon.0 10.1.80.1:6789/0 1526133599 ==== paxos(commit lc 1194206 fc 0 pn 21200 opn 0) v4 ==== 2566+0+0 (83169247 0 0) 0x55cf1fc356c0 con 0x55cf1fade000 -254>
2017-12-02 17:52:54.452643 7f793c747700 5 -- 10.1.80.4:6789/0 >> 10.1.80.1:6789/0 conn(0x55cf1fade000 :-1 s=STATE_OPEN_MESSAGE_READ_FOOTER_AND_DISPATCH pgs=851208 cs=1 l=0). rx mon.0 seq 1526133600 0x55cf1fc35a00 paxos(lease lc 1194206 fc 1193506 pn 0 opn 0) v4 -253>
2017-12-02 17:52:54.453155 7f794074f700 4 mgrc handle_mgr_map Got map version 219 -252>
2017-12-02 17:52:54.453162 7f794074f700 4 mgrc handle_mgr_map Active mgr is now 10.1.80.3:6832/18816 -251>
2017-12-02 17:52:54.453298 7f794074f700 1 -- 10.1.80.4:6789/0 <== mon.0 10.1.80.1:6789/0 1526133600 ==== paxos(lease lc 1194206 fc 1193506 pn 0 opn 0) v4 ==== 84+0+0 (662427665 0 0) 0x55cf1fc35a00 con 0x55cf1fade000 -250>
2017-12-02 17:52:54.453316 7f794074f700 1 -- 10.1.80.4:6789/0 --> 10.1.80.1:6789/0 -- paxos(lease_ack lc 1194206 fc 1193506 pn 0 opn 0) v4 -- 0x55cf1fc34000 con 0 -249>
2017-12-02 17:52:54.453330 7f794074f700 5 mon.c1n4@3(peon).monmap v4 apply_mon_features wait for service to be writeable -248>
2017-12-02 17:52:54.453352 7f794074f700 5 mon.c1n4@3(peon).paxos(paxos active c 1193506..1194206) is_readable = 1 - now=2017-12-02 17:52:54.453353 lease_expire=2017-12-02 17:52:59.452997 has v0 lc 1194206 -247>
2017-12-02 17:52:55.377439 7f793d749700 1 -- 10.1.80.4:6789/0 >> - conn(0x55cf1fb7c800 :6789 s=STATE_ACCEPTING pgs=0 cs=0 l=0)._process_connection sd=34 - -246>
2017-12-02 17:52:55.377563 7f793d749700 2 -- 10.1.80.4:6789/0 >> 10.1.80.1:0/1710392849 conn(0x55cf1fb7c800 :6789 s=STATE_ACCEPTING_WAIT_SEQ pgs=1 cs=1 l=1).handle_connect_msg accept write reply msg done -245>
2017-12-02 17:52:55.377628 7f793d749700 2 -- 10.1.80.4:6789/0 >> 10.1.80.1:0/1710392849 conn(0x55cf1fb7c800 :6789 s=STATE_ACCEPTING_WAIT_SEQ pgs=1 cs=1 l=1)._process_connection accept get newly_acked_seq 0 -244>
2017-12-02 17:52:55.377674 7f793d749700 5 -- 10.1.80.4:6789/0 >> 10.1.80.1:0/1710392849 conn(0x55cf1fb7c800 :6789 s=STATE_OPEN_MESSAGE_READ_FOOTER_AND_DISPATCH pgs=1 cs=1 l=1). rx client.? seq 1 0x55cf1f741700 auth(proto 0 30 bytes epoch 0) v1 -243>
2017-12-02 17:52:55.377694 7f794074f700 1 -- 10.1.80.4:6789/0 <== client.? 10.1.80.1:0/1710392849 1 ==== auth(proto 0 30 bytes epoch 0) v1 ==== 60+0+0 (673663173 0 0) 0x55cf1f741700 con 0x55cf1fb7c800 -242>
2017-12-02 17:52:55.377719 7f794074f700 5 mon.c1n4@3(peon).paxos(paxos active c 1193506..1194206) is_readable = 1 - now=2017-12-02 17:52:55.377719 lease_expire=2017-12-02 17:52:59.452997 has v0 lc 1194206 -241>
2017-12-02 17:52:55.377752 7f794074f700 1 -- 10.1.80.4:6789/0 --> 10.1.80.1:0/1710392849 -- mon_map magic: 0 v1 -- 0x55cf1f740300 con 0 -240>
2017-12-02 17:52:55.377793 7f794074f700 2 mon.c1n4@3(peon) e4 send_reply 0x55cf1fd0e780 0x55cf1f741980 auth_reply(proto 2 0 (0) Success) v1 -239>
2017-12-02 17:52:55.377802 7f794074f700 1 -- 10.1.80.4:6789/0 --> 10.1.80.1:0/1710392849 -- auth_reply(proto 2 0 (0) Success) v1 -- 0x55cf1f741980 con 0 -238>
2017-12-02 17:52:55.378042 7f793d749700 5 -- 10.1.80.4:6789/0 >> 10.1.80.1:0/1710392849 conn(0x55cf1fb7c800 :6789 s=STATE_OPEN_MESSAGE_READ_FOOTER_AND_DISPATCH pgs=1 cs=1 l=1). rx client.? seq 2 0x55cf1f741980 auth(proto 2 32 bytes epoch 0) v1 -237>
2017-12-02 17:52:55.378058 7f794074f700 1 -- 10.1.80.4:6789/0 <== client.? 10.1.80.1:0/1710392849 2 ==== auth(proto 2 32 bytes epoch 0) v1 ==== 62+0+0 (1063637231 0 0) 0x55cf1f741980 con 0x55cf1fb7c800 -236>
2017-12-02 17:52:55.378067 7f794074f700 5 mon.c1n4@3(peon).paxos(paxos active c 1193506..1194206) is_readable = 1 - now=2017-12-02 17:52:55.378067 lease_expire=2017-12-02 17:52:59.452997 has v0 lc 1194206 -235>
2017-12-02 17:52:55.378192 7f794074f700 2 mon.c1n4@3(peon) e4 send_reply 0x55cf1fd0e780 0x55cf1f741700 auth_reply(proto 2 0 (0) Success) v1 -234>
2017-12-02 17:52:55.378200 7f794074f700 1 -- 10.1.80.4:6789/0 --> 10.1.80.1:0/1710392849 -- auth_reply(proto 2 0 (0) Success) v1 -- 0x55cf1f741700 con 0 -233>
2017-12-02 17:52:55.378404 7f793d749700 5 -- 10.1.80.4:6789/0 >> 10.1.80.1:0/1710392849 conn(0x55cf1fb7c800 :6789 s=STATE_OPEN_MESSAGE_READ_FOOTER_AND_DISPATCH pgs=1 cs=1 l=1). rx client.? seq 3 0x55cf1f741700 auth(proto 2 165 bytes epoch 0) v1 -232>
2017-12-02 17:52:55.378425 7f794074f700 1 -- 10.1.80.4:6789/0 <== client.? 10.1.80.1:0/1710392849 3 ==== auth(proto 2 165 bytes epoch 0) v1 ==== 195+0+0 (309794412 0 0) 0x55cf1f741700 con 0x55cf1fb7c800 -231>
2017-12-02 17:52:55.378434 7f794074f700 5 mon.c1n4@3(peon).paxos(paxos active c 1193506..1194206) is_readable = 1 - now=2017-12-02 17:52:55.378434 lease_expire=2017-12-02 17:52:59.452997 has v0 lc 1194206 -230>
2017-12-02 17:52:55.378558 7f794074f700 2 mon.c1n4@3(peon) e4 send_reply 0x55cf1fd0e780 0x55cf1f741980 auth_reply(proto 2 0 (0) Success) v1 -229>
2017-12-02 17:52:55.378564 7f794074f700 1 -- 10.1.80.4:6789/0 --> 10.1.80.1:0/1710392849 -- auth_reply(proto 2 0 (0) Success) v1 -- 0x55cf1f741980 con 0 -228>
2017-12-02 17:52:55.378586 7f793d749700 1 -- 10.1.80.4:6789/0 >> 10.1.80.1:0/1710392849 conn(0x55cf1fb7c800 :6789 s=STATE_OPEN pgs=1 cs=1 l=1).read_bulk peer close file descriptor 34 -227>
2017-12-02 17:52:55.378611 7f793d749700 1 -- 10.1.80.4:6789/0 >> 10.1.80.1:0/1710392849 conn(0x55cf1fb7c800 :6789 s=STATE_OPEN pgs=1 cs=1 l=1).read_until read failed -226>
2017-12-02 17:52:55.378618 7f793d749700 1 -- 10.1.80.4:6789/0 >> 10.1.80.1:0/1710392849 conn(0x55cf1fb7c800 :6789 s=STATE_OPEN pgs=1 cs=1 l=1).process read tag failed -225>
2017-12-02 17:52:55.378625 7f793d749700 1 -- 10.1.80.4:6789/0 >> 10.1.80.1:0/1710392849 conn(0x55cf1fb7c800 :6789 s=STATE_OPEN pgs=1 cs=1 l=1).fault on lossy channel, failing -224>
2017-12-02 17:52:55.378631 7f793d749700 2 -- 10.1.80.4:6789/0 >> 10.1.80.1:0/1710392849 conn(0x55cf1fb7c800 :6789 s=STATE_OPEN pgs=1 cs=1 l=1)._stop -223>
2017-12-02 17:52:56.445952 7f793c747700 5 -- 10.1.80.4:6789/0 >> 10.1.80.1:6789/0 conn(0x55cf1fade000 :-1 s=STATE_OPEN_MESSAGE_READ_FOOTER_AND_DISPATCH pgs=851208 cs=1 l=0). rx mon.0 seq 1526133601 0x55cf1fc34000 paxos(begin lc 1194206 fc 0 pn 21200 opn 0) v4 -222>
2017-12-02 17:52:56.446055 7f794074f700 1 -- 10.1.80.4:6789/0 <== mon.0 10.1.80.1:6789/0 1526133601 ==== paxos(begin lc 1194206 fc 0 pn 21200 opn 0) v4 ==== 2566+0+0 (4227753987 0 0) 0x55cf1fc34000 con 0x55cf1fade000 -221>
2017-12-02 17:52:56.446650 7f794074f700 1 -- 10.1.80.4:6789/0 --> 10.1.80.1:6789/0 -- paxos(accept lc 1194206 fc 0 pn 21200 opn 0) v4 -- 0x55cf1fc35a00 con 0 -220>
2017-12-02 17:52:56.447549 7f793c747700 5 -- 10.1.80.4:6789/0 >> 10.1.80.1:6789/0 conn(0x55cf1fade000 :-1 s=STATE_OPEN_MESSAGE_READ_FOOTER_AND_DISPATCH pgs=851208 cs=1 l=0). rx mon.0 seq 1526133602 0x55cf1fc35a00 paxos(commit lc 1194207 fc 0 pn 21200 opn 0) v4 -219>
2017-12-02 17:52:56.447624 7f794074f700 1 -- 10.1.80.4:6789/0 <== mon.0 10.1.80.1:6789/0 1526133602 ==== paxos(commit lc 1194207 fc 0 pn 21200 opn 0) v4 ==== 2566+0+0 (1321993399 0 0) 0x55cf1fc35a00 con 0x55cf1fade000 -218>
2017-12-02 17:52:56.447731 7f793c747700 5 -- 10.1.80.4:6789/0 >> 10.1.80.1:6789/0 conn(0x55cf1fade000 :-1 s=STATE_OPEN_MESSAGE_READ_FOOTER_AND_DISPATCH pgs=851208 cs=1 l=0). rx mon.0 seq 1526133603 0x55cf1fc35d40 paxos(lease lc 1194207 fc 1193506 pn 0 opn 0) v4 -217>
2017-12-02 17:52:56.448213 7f794074f700 4 mgrc handle_mgr_map Got map version 219 -216>
2017-12-02 17:52:56.448220 7f794074f700 4 mgrc handle_mgr_map Active mgr is now 10.1.80.3:6832/18816 -215>
2017-12-02 17:52:56.448346 7f794074f700 1 -- 10.1.80.4:6789/0 <== mon.0 10.1.80.1:6789/0 1526133603 ==== paxos(lease lc 1194207 fc 1193506 pn 0 opn 0) v4 ==== 84+0+0 (1116043976 0 0) 0x55cf1fc35d40 con 0x55cf1fade000 -214>
2017-12-02 17:52:56.448363 7f794074f700 1 -- 10.1.80.4:6789/0 --> 10.1.80.1:6789/0 -- paxos(lease_ack lc 1194207 fc 1193506 pn 0 opn 0) v4 -- 0x55cf1fc35a00 con 0 -213>
2017-12-02 17:52:56.448380 7f794074f700 5 mon.c1n4@3(peon).monmap v4 apply_mon_features wait for service to be writeable -212>
2017-12-02 17:52:56.448385 7f794074f700 5 mon.c1n4@3(peon).paxos(paxos active c 1193506..1194207) is_readable = 1 - now=2017-12-02 17:52:56.448386 lease_expire=2017-12-02 17:53:01.448082 has v0 lc 1194207 -211>
2017-12-02 17:52:57.600483 7f793f74d700 1 -- 10.1.80.4:0/61378 --> 10.1.80.3:6832/18816 -- mgrreport(unknown.c1n4 +0-0 packed 1734) v4 -- 0x55cf1f54f600 con 0 -210>
2017-12-02 17:52:58.447121 7f793c747700 5 -- 10.1.80.4:6789/0 >> 10.1.80.1:6789/0 conn(0x55cf1fade000 :-1 s=STATE_OPEN_MESSAGE_READ_FOOTER_AND_DISPATCH pgs=851208 cs=1 l=0). rx mon.0 seq 1526133604 0x55cf1fc35a00 paxos(begin lc 1194207 fc 0 pn 21200 opn 0) v4 -209>
2017-12-02 17:52:58.447256 7f794074f700 1 -- 10.1.80.4:6789/0 <== mon.0 10.1.80.1:6789/0 1526133604 ==== paxos(begin lc 1194207 fc 0 pn 21200 opn 0) v4 ==== 2566+0+0 (772823539 0 0) 0x55cf1fc35a00 con 0x55cf1fade000 -208>
2017-12-02 17:52:58.448072 7f794074f700 1 -- 10.1.80.4:6789/0 --> 10.1.80.1:6789/0 -- paxos(accept lc 1194207 fc 0 pn 21200 opn 0) v4 -- 0x55cf1fc35d40 con 0 -207>
2017-12-02 17:52:58.449138 7f793c747700 5 -- 10.1.80.4:6789/0 >> 10.1.80.1:6789/0 conn(0x55cf1fade000 :-1 s=STATE_OPEN_MESSAGE_READ_FOOTER_AND_DISPATCH pgs=851208 cs=1 l=0). rx mon.0 seq 1526133605 0x55cf1fc35d40 paxos(commit lc 1194208 fc 0 pn 21200 opn 0) v4 -206>
2017-12-02 17:52:58.449207 7f794074f700 1 -- 10.1.80.4:6789/0 <== mon.0 10.1.80.1:6789/0 1526133605 ==== paxos(commit lc 1194208 fc 0 pn 21200 opn 0) v4 ==== 2566+0+0 (337483232 0 0) 0x55cf1fc35d40 con 0x55cf1fade000 -205>
2017-12-02 17:52:58.449287 7f793c747700 5 -- 10.1.80.4:6789/0 >> 10.1.80.1:6789/0 conn(0x55cf1fade000 :-1 s=STATE_OPEN_MESSAGE_READ_FOOTER_AND_DISPATCH pgs=851208 cs=1 l=0). rx mon.0 seq 1526133606 0x55cf1fc36080 paxos(lease lc 1194208 fc 1193506 pn 0 opn 0) v4 -204>
2017-12-02 17:52:58.449912 7f794074f700 4 mgrc handle_mgr_map Got map version 219 -203>
2017-12-02 17:52:58.449922 7f794074f700 4 mgrc handle_mgr_map Active mgr is now 10.1.80.3:6832/18816 -202>
2017-12-02 17:52:58.450073 7f794074f700 1 -- 10.1.80.4:6789/0 <== mon.0 10.1.80.1:6789/0 1526133606 ==== paxos(lease lc 1194208 fc 1193506 pn 0 opn 0) v4 ==== 84+0+0 (2232103605 0 0) 0x55cf1fc36080 con 0x55cf1fade000 -201>
2017-12-02 17:52:58.450092 7f794074f700 1 -- 10.1.80.4:6789/0 --> 10.1.80.1:6789/0 -- paxos(lease_ack lc 1194208 fc 1193506 pn 0 opn 0) v4 -- 0x55cf1fc35d40 con 0 -200>
2017-12-02 17:52:58.450112 7f794074f700 5 mon.c1n4@3(peon).monmap v4 apply_mon_features wait for service to be writeable -199>
2017-12-02 17:52:58.450133 7f794074f700 5 mon.c1n4@3(peon).paxos(paxos active c 1193506..1194208) is_readable = 1 - now=2017-12-02 17:52:58.450134 lease_expire=2017-12-02 17:53:03.449628 has v0 lc 1194208 -198>
2017-12-02 17:52:58.750949 7f793d749700 1 -- 10.1.80.4:6789/0 >> - conn(0x55cf1faf4800 :6789 s=STATE_ACCEPTING pgs=0 cs=0 l=0)._process_connection sd=34 - -197>
2017-12-02 17:52:58.751148 7f793d749700 2 -- 10.1.80.4:6789/0 >> 10.1.80.2:0/2295990555 conn(0x55cf1faf4800 :6789 s=STATE_ACCEPTING_WAIT_SEQ pgs=2 cs=1 l=1).handle_connect_msg accept write reply msg done -196>
2017-12-02 17:52:58.751255 7f793d749700 2 -- 10.1.80.4:6789/0 >> 10.1.80.2:0/2295990555 conn(0x55cf1faf4800 :6789 s=STATE_ACCEPTING_WAIT_SEQ pgs=2 cs=1 l=1)._process_connection accept get newly_acked_seq 0 -195>
2017-12-02 17:52:58.751350 7f793d749700 5 -- 10.1.80.4:6789/0 >> 10.1.80.2:0/2295990555 conn(0x55cf1faf4800 :6789 s=STATE_OPEN_MESSAGE_READ_FOOTER_AND_DISPATCH pgs=2 cs=1 l=1). rx client.? seq 1 0x55cf1f741980 auth(proto 0 30 bytes epoch 0) v1 -194>
2017-12-02 17:52:58.751375 7f794074f700 1 -- 10.1.80.4:6789/0 <== client.? 10.1.80.2:0/2295990555 1 ==== auth(proto 0 30 bytes epoch 0) v1 ==== 60+0+0 (673663173 0 0) 0x55cf1f741980 con 0x55cf1faf4800 -193>
2017-12-02 17:52:58.751396 7f794074f700 5 mon.c1n4@3(peon).paxos(paxos active c 1193506..1194208) is_readable = 1 - now=2017-12-02 17:52:58.751411 lease_expire=2017-12-02 17:53:03.449628 has v0 lc 1194208 -192>
2017-12-02 17:52:58.751452 7f794074f700 1 -- 10.1.80.4:6789/0 --> 10.1.80.2:0/2295990555 -- mon_map magic: 0 v1 -- 0x55cf1f741700 con 0 -191>
2017-12-02 17:52:58.751481 7f794074f700 2 mon.c1n4@3(peon) e4 send_reply 0x55cf1fd0e780 0x55cf1fbf5b80 auth_reply(proto 2 0 (0) Success) v1 -190>
2017-12-02 17:52:58.751495 7f794074f700 1 -- 10.1.80.4:6789/0 --> 10.1.80.2:0/2295990555 -- auth_reply(proto 2 0 (0) Success) v1 -- 0x55cf1fbf5b80 con 0 -189>
2017-12-02 17:52:58.751998 7f793d749700 5 -- 10.1.80.4:6789/0 >> 10.1.80.2:0/2295990555 conn(0x55cf1faf4800 :6789 s=STATE_OPEN_MESSAGE_READ_FOOTER_AND_DISPATCH pgs=2 cs=1 l=1). rx client.? seq 2 0x55cf1fbf5b80 auth(proto 2 32 bytes epoch 0) v1 -188>
2017-12-02 17:52:58.752065 7f794074f700 1 -- 10.1.80.4:6789/0 <== client.? 10.1.80.2:0/2295990555 2 ==== auth(proto 2 32 bytes epoch 0) v1 ==== 62+0+0 (656385495 0 0) 0x55cf1fbf5b80 con 0x55cf1faf4800 -187>
2017-12-02 17:52:58.752082 7f794074f700 5 mon.c1n4@3(peon).paxos(paxos active c 1193506..1194208) is_readable = 1 - now=2017-12-02 17:52:58.752082 lease_expire=2017-12-02 17:53:03.449628 has v0 lc 1194208 -186>
2017-12-02 17:52:58.752217 7f794074f700 2 mon.c1n4@3(peon) e4 send_reply 0x55cf1fd0e780 0x55cf1f741980 auth_reply(proto 2 0 (0) Success) v1 -185>
2017-12-02 17:52:58.752226 7f794074f700 1 -- 10.1.80.4:6789/0 --> 10.1.80.2:0/2295990555 -- auth_reply(proto 2 0 (0) Success) v1 -- 0x55cf1f741980 con 0 -184>
2017-12-02 17:52:58.752444 7f793d749700 5 -- 10.1.80.4:6789/0 >> 10.1.80.2:0/2295990555 conn(0x55cf1faf4800 :6789 s=STATE_OPEN_MESSAGE_READ_FOOTER_AND_DISPATCH pgs=2 cs=1 l=1). rx client.? seq 3 0x55cf1f741980 auth(proto 2 165 bytes epoch 0) v1 -183>
2017-12-02 17:52:58.752506 7f794074f700 1 -- 10.1.80.4:6789/0 <== client.? 10.1.80.2:0/2295990555 3 ==== auth(proto 2 165 bytes epoch 0) v1 ==== 195+0+0 (3480629526 0 0) 0x55cf1f741980 con 0x55cf1faf4800 -182>
2017-12-02 17:52:58.752523 7f794074f700 5 mon.c1n4@3(peon).paxos(paxos active c 1193506..1194208) is_readable = 1 - now=2017-12-02 17:52:58.752524 lease_expire=2017-12-02 17:53:03.449628 has v0 lc 1194208 -181>
2017-12-02 17:52:58.752672 7f794074f700 2 mon.c1n4@3(peon) e4 send_reply 0x55cf1fd0e780 0x55cf1fbf5b80 auth_reply(proto 2 0 (0) Success) v1 -180>
2017-12-02 17:52:58.752680 7f794074f700 1 -- 10.1.80.4:6789/0 --> 10.1.80.2:0/2295990555 -- auth_reply(proto 2 0 (0) Success) v1 -- 0x55cf1fbf5b80 con 0 -179>
2017-12-02 17:52:58.752819 7f793d749700 1 -- 10.1.80.4:6789/0 >> 10.1.80.2:0/2295990555 conn(0x55cf1faf4800 :6789 s=STATE_OPEN pgs=2 cs=1 l=1).read_bulk peer close file descriptor 34 -178>
2017-12-02 17:52:58.752844 7f793d749700 1 -- 10.1.80.4:6789/0 >> 10.1.80.2:0/2295990555 conn(0x55cf1faf4800 :6789 s=STATE_OPEN pgs=2 cs=1 l=1).read_until read failed -177>
2017-12-02 17:52:58.752849 7f793d749700 1 -- 10.1.80.4:6789/0 >> 10.1.80.2:0/2295990555 conn(0x55cf1faf4800 :6789 s=STATE_OPEN pgs=2 cs=1 l=1).process read tag failed -176>
2017-12-02 17:52:58.752854 7f793d749700 1 -- 10.1.80.4:6789/0 >> 10.1.80.2:0/2295990555 conn(0x55cf1faf4800 :6789 s=STATE_OPEN pgs=2 cs=1 l=1).fault on lossy channel, failing -175>
2017-12-02 17:52:58.752858 7f793d749700 2 -- 10.1.80.4:6789/0 >> 10.1.80.2:0/2295990555 conn(0x55cf1faf4800 :6789 s=STATE_OPEN pgs=2 cs=1 l=1)._stop -174>
2017-12-02 17:52:58.752885 7f793c747700 1 -- 10.1.80.4:6789/0 reap_dead start -173>
2017-12-02 17:52:58.752900 7f793c747700 5 -- 10.1.80.4:6789/0 reap_dead delete 0x55cf1faf4800 -172>
2017-12-02 17:52:58.752909 7f793c747700 5 -- 10.1.80.4:6789/0 reap_dead delete 0x55cf1fb7c800 -171>
2017-12-02 17:52:58.752916 7f793c747700 5 -- 10.1.80.4:6789/0 reap_dead delete 0x55cf1fcc1800 -170>
2017-12-02 17:52:58.752921 7f793c747700 5 -- 10.1.80.4:6789/0 reap_dead delete 0x55cf1fcc3000 -169>
2017-12-02 17:52:58.752928 7f793c747700 5 -- 10.1.80.4:6789/0 reap_dead delete 0x55cf1fcc4800 -168>
2017-12-02 17:52:58.798561 7f793d749700 1 -- 10.1.80.4:6789/0 >> - conn(0x55cf1fcc4800 :6789 s=STATE_ACCEPTING pgs=0 cs=0 l=0)._process_connection sd=34 - -167>
2017-12-02 17:52:58.798751 7f793d749700 2 -- 10.1.80.4:6789/0 >> 10.1.80.2:0/1280106983 conn(0x55cf1fcc4800 :6789 s=STATE_ACCEPTING_WAIT_SEQ pgs=1 cs=1 l=1).handle_connect_msg accept write reply msg done -166>
2017-12-02 17:52:58.798821 7f793d749700 2 -- 10.1.80.4:6789/0 >> 10.1.80.2:0/1280106983 conn(0x55cf1fcc4800 :6789 s=STATE_ACCEPTING_WAIT_SEQ pgs=1 cs=1 l=1)._process_connection accept get newly_acked_seq 0 -165>
2017-12-02 17:52:58.798857 7f793d749700 5 -- 10.1.80.4:6789/0 >> 10.1.80.2:0/1280106983 conn(0x55cf1fcc4800 :6789 s=STATE_OPEN_MESSAGE_READ_FOOTER_AND_DISPATCH pgs=1 cs=1 l=1). rx client.? seq 1 0x55cf1fbf5b80 auth(proto 0 30 bytes epoch 0) v1 -164>
2017-12-02 17:52:58.798871 7f794074f700 1 -- 10.1.80.4:6789/0 <== client.? 10.1.80.2:0/1280106983 1 ==== auth(proto 0 30 bytes epoch 0) v1 ==== 60+0+0 (673663173 0 0) 0x55cf1fbf5b80 con 0x55cf1fcc4800 -163>
2017-12-02 17:52:58.798887 7f794074f700 5 mon.c1n4@3(peon).paxos(paxos active c 1193506..1194208) is_readable = 1 - now=2017-12-02 17:52:58.798888 lease_expire=2017-12-02 17:53:03.449628 has v0 lc 1194208 -162>
2017-12-02 17:52:58.798909 7f794074f700 1 -- 10.1.80.4:6789/0 --> 10.1.80.2:0/1280106983 -- mon_map magic: 0 v1 -- 0x55cf1f741980 con 0 -161>
2017-12-02 17:52:58.798931 7f794074f700 2 mon.c1n4@3(peon) e4 send_reply 0x55cf1fd0e780 0x55cf1fbf6d00 auth_reply(proto 2 0 (0) Success) v1 -160>
2017-12-02 17:52:58.798938 7f794074f700 1 -- 10.1.80.4:6789/0 --> 10.1.80.2:0/1280106983 -- auth_reply(proto 2 0 (0) Success) v1 -- 0x55cf1fbf6d00 con 0 -159>
2017-12-02 17:52:58.799234 7f793d749700 5 -- 10.1.80.4:6789/0 >> 10.1.80.2:0/1280106983 conn(0x55cf1fcc4800 :6789 s=STATE_OPEN_MESSAGE_READ_FOOTER_AND_DISPATCH pgs=1 cs=1 l=1). rx client.? seq 2 0x55cf1fbf6d00 auth(proto 2 32 bytes epoch 0) v1 -158>
2017-12-02 17:52:58.799280 7f794074f700 1 -- 10.1.80.4:6789/0 <== client.? 10.1.80.2:0/1280106983 2 ==== auth(proto 2 32 bytes epoch 0) v1 ==== 62+0+0 (1103334886 0 0) 0x55cf1fbf6d00 con 0x55cf1fcc4800 -157>
2017-12-02 17:52:58.799295 7f794074f700 5 mon.c1n4@3(peon).paxos(paxos active c 1193506..1194208) is_readable = 1 - now=2017-12-02 17:52:58.799296 lease_expire=2017-12-02 17:53:03.449628 has v0 lc 1194208 -156>
2017-12-02 17:52:58.799371 7f794074f700 2 mon.c1n4@3(peon) e4 send_reply 0x55cf1fd0e780 0x55cf1fbf5b80 auth_reply(proto 2 0 (0) Success) v1 -155>
2017-12-02 17:52:58.799380 7f794074f700 1 -- 10.1.80.4:6789/0 --> 10.1.80.2:0/1280106983 -- auth_reply(proto 2 0 (0) Success) v1 -- 0x55cf1fbf5b80 con 0 -154>
2017-12-02 17:52:58.799562 7f793d749700 5 -- 10.1.80.4:6789/0 >> 10.1.80.2:0/1280106983 conn(0x55cf1fcc4800 :6789 s=STATE_OPEN_MESSAGE_READ_FOOTER_AND_DISPATCH pgs=1 cs=1 l=1). rx client.? seq 3 0x55cf1fbf5b80 auth(proto 2 165 bytes epoch 0) v1 -153>
2017-12-02 17:52:58.799584 7f794074f700 1 -- 10.1.80.4:6789/0 <== client.? 10.1.80.2:0/1280106983 3 ==== auth(proto 2 165 bytes epoch 0) v1 ==== 195+0+0 (4036649966 0 0) 0x55cf1fbf5b80 con 0x55cf1fcc4800 -152>
2017-12-02 17:52:58.799593 7f794074f700 5 mon.c1n4@3(peon).paxos(paxos active c 1193506..1194208) is_readable = 1 - now=2017-12-02 17:52:58.799594 lease_expire=2017-12-02 17:53:03.449628 has v0 lc 1194208 -151>
2017-12-02 17:52:58.799699 7f794074f700 2 mon.c1n4@3(peon) e4 send_reply 0x55cf1fd0e780 0x55cf1fbf6d00 auth_reply(proto 2 0 (0) Success) v1 -150>
2017-12-02 17:52:58.799706 7f794074f700 1 -- 10.1.80.4:6789/0 --> 10.1.80.2:0/1280106983 -- auth_reply(proto 2 0 (0) Success) v1 -- 0x55cf1fbf6d00 con 0 -149>
2017-12-02 17:52:58.799987 7f793d749700 5 -- 10.1.80.4:6789/0 >> 10.1.80.2:0/1280106983 conn(0x55cf1fcc4800 :6789 s=STATE_OPEN_MESSAGE_READ_FOOTER_AND_DISPATCH pgs=1 cs=1 l=1). rx client.? seq 4 0x55cf1f4bdd40 mon_subscribe({monmap=0+}) v2 -148>
2017-12-02 17:52:58.800017 7f793d749700 5 -- 10.1.80.4:6789/0 >> 10.1.80.2:0/1280106983 conn(0x55cf1fcc4800 :6789 s=STATE_OPEN_MESSAGE_READ_FOOTER_AND_DISPATCH pgs=1 cs=1 l=1). rx client.8094275 seq 5 0x55cf1f4bfa80 mon_subscribe({mgrmap=0+}) v2 -147>
2017-12-02 17:52:58.800052 7f793d749700 5 -- 10.1.80.4:6789/0 >> 10.1.80.2:0/1280106983 conn(0x55cf1fcc4800 :6789 s=STATE_OPEN_MESSAGE_READ_FOOTER_AND_DISPATCH pgs=1 cs=1 l=1). rx client.8094275 seq 6 0x55cf1f4bf600 mon_subscribe({osdmap=0}) v2 -146>
2017-12-02 17:52:58.800053 7f794074f700 1 -- 10.1.80.4:6789/0 <== client.? 10.1.80.2:0/1280106983 4 ==== mon_subscribe({monmap=0+}) v2 ==== 23+0+0 (1620593354 0 0) 0x55cf1f4bdd40 con 0x55cf1fcc4800 -145>
2017-12-02 17:52:58.800081 7f794074f700 1 -- 10.1.80.4:6789/0 --> 10.1.80.2:0/1280106983 -- mon_map magic: 0 v1 -- 0x55cf1fbf5b80 con 0 -144>
2017-12-02 17:52:58.800102 7f794074f700 1 -- 10.1.80.4:6789/0 <== client.8094275 10.1.80.2:0/1280106983 5 ==== mon_subscribe({mgrmap=0+}) v2 ==== 23+0+0 (2287485974 0 0) 0x55cf1f4bfa80 con 0x55cf1fcc4800 -143>
2017-12-02 17:52:58.800113 7f794074f700 1 -- 10.1.80.4:6789/0 --> 10.1.80.2:0/1280106983 -- mgrmap(e 219) v1 -- 0x55cf20252000 con 0 -142>
2017-12-02 17:52:58.800124 7f794074f700 1 -- 10.1.80.4:6789/0 <== client.8094275 10.1.80.2:0/1280106983 6 ==== mon_subscribe({osdmap=0}) v2 ==== 23+0+0 (319581110 0 0) 0x55cf1f4bf600 con 0x55cf1fcc4800 -141>
2017-12-02 17:52:58.800150 7f794074f700 1 -- 10.1.80.4:6789/0 --> 10.1.80.2:0/1280106983 -- osd_map(2982..2982 src has 2466..2982) v3 -- 0x55cf1fbf4a00 con 0 -140>
2017-12-02 17:52:58.800566 7f793d749700 5 -- 10.1.80.4:6789/0 >> 10.1.80.2:0/1280106983 conn(0x55cf1fcc4800 :6789 s=STATE_OPEN_MESSAGE_READ_FOOTER_AND_DISPATCH pgs=1 cs=1 l=1). rx client.8094275 seq 7 0x55cf1f4bf840 getpoolstats(1 ceph v0) v1 -139>
2017-12-02 17:52:58.800606 7f794074f700 1 -- 10.1.80.4:6789/0 <== client.8094275 10.1.80.2:0/1280106983 7 ==== getpoolstats(1 ceph v0) v1 ==== 46+0+0 (2788013228 0 0) 0x55cf1f4bf840 con 0x55cf1fcc4800 -138>
2017-12-02 17:52:58.800615 7f794074f700 5 mon.c1n4@3(peon).paxos(paxos active c 1193506..1194208) is_readable = 1 - now=2017-12-02 17:52:58.800616 lease_expire=2017-12-02 17:53:03.449628 has v0 lc 1194208 -137>
2017-12-02 17:52:58.800629 7f794074f700 2 mon.c1n4@3(peon) e4 send_reply 0x55cf1fd0e780 0x55cf1fbf5900 getpoolstatsreply(1 v946125) v1 -136>
2017-12-02 17:52:58.800633 7f794074f700 1 -- 10.1.80.4:6789/0 --> 10.1.80.2:0/1280106983 -- getpoolstatsreply(1 v946125) v1 -- 0x55cf1fbf5900 con 0 -135>
2017-12-02 17:52:58.800834 7f793d749700 5 -- 10.1.80.4:6789/0 >> 10.1.80.2:0/1280106983 conn(0x55cf1fcc4800 :6789 s=STATE_OPEN_MESSAGE_READ_FOOTER_AND_DISPATCH pgs=1 cs=1 l=1). rx client.8094275 seq 8 0x55cf1f4bfcc0 statfs(2 pool -1 v946125) v2 -134>
2017-12-02 17:52:58.800848 7f794074f700 1 -- 10.1.80.4:6789/0 <== client.8094275 10.1.80.2:0/1280106983 8 ==== statfs(2 pool -1 v946125) v2 ==== 35+0+0 (650842 0 0) 0x55cf1f4bfcc0 con 0x55cf1fcc4800 -133>
2017-12-02 17:52:58.800856 7f794074f700 5 mon.c1n4@3(peon).paxos(paxos active c 1193506..1194208) is_readable = 1 - now=2017-12-02 17:52:58.800856 lease_expire=2017-12-02 17:53:03.449628 has v0 lc 1194208 -132>
2017-12-02 17:52:58.800865 7f794074f700 2 mon.c1n4@3(peon) e4 send_reply 0x55cf1fd0e780 0x55cf1f4bf840 statfs_reply(2) v1 -131>
2017-12-02 17:52:58.800869 7f794074f700 1 -- 10.1.80.4:6789/0 --> 10.1.80.2:0/1280106983 -- statfs_reply(2) v1 -- 0x55cf1f4bf840 con 0 -130>
2017-12-02 17:52:58.801246 7f793d749700 1 -- 10.1.80.4:6789/0 >> 10.1.80.2:0/1280106983 conn(0x55cf1fcc4800 :6789 s=STATE_OPEN pgs=1 cs=1 l=1).read_bulk peer close file descriptor 34 -129>
2017-12-02 17:52:58.801252 7f793d749700 1 -- 10.1.80.4:6789/0 >> 10.1.80.2:0/1280106983 conn(0x55cf1fcc4800 :6789 s=STATE_OPEN pgs=1 cs=1 l=1).read_until read failed -128>
2017-12-02 17:52:58.801256 7f793d749700 1 -- 10.1.80.4:6789/0 >> 10.1.80.2:0/1280106983 conn(0x55cf1fcc4800 :6789 s=STATE_OPEN pgs=1 cs=1 l=1).process read tag failed -127>
2017-12-02 17:52:58.801259 7f793d749700 1 -- 10.1.80.4:6789/0 >> 10.1.80.2:0/1280106983 conn(0x55cf1fcc4800 :6789 s=STATE_OPEN pgs=1 cs=1 l=1).fault on lossy channel, failing -126>
2017-12-02 17:52:58.801263 7f793d749700 2 -- 10.1.80.4:6789/0 >> 10.1.80.2:0/1280106983 conn(0x55cf1fcc4800 :6789 s=STATE_OPEN pgs=1 cs=1 l=1)._stop -125>
2017-12-02 17:52:58.942672 7f793d749700 1 -- 10.1.80.4:6789/0 >> - conn(0x55cf1fcc3000 :6789 s=STATE_ACCEPTING pgs=0 cs=0 l=0)._process_connection sd=34 - -124>
2017-12-02 17:52:58.942845 7f793d749700 2 -- 10.1.80.4:6789/0 >> 10.1.80.3:0/420041688 conn(0x55cf1fcc3000 :6789 s=STATE_ACCEPTING_WAIT_SEQ pgs=2 cs=1 l=1).handle_connect_msg accept write reply msg done -123>
2017-12-02 17:52:58.942945 7f793d749700 2 -- 10.1.80.4:6789/0 >> 10.1.80.3:0/420041688 conn(0x55cf1fcc3000 :6789 s=STATE_ACCEPTING_WAIT_SEQ pgs=2 cs=1 l=1)._process_connection accept get newly_acked_seq 0 -122>
2017-12-02 17:52:58.942988 7f793d749700 5 -- 10.1.80.4:6789/0 >> 10.1.80.3:0/420041688 conn(0x55cf1fcc3000 :6789 s=STATE_OPEN_MESSAGE_READ_FOOTER_AND_DISPATCH pgs=2 cs=1 l=1). rx client.? seq 1 0x55cf1fbf5900 auth(proto 0 30 bytes epoch 0) v1 -121>
2017-12-02 17:52:58.943050 7f794074f700 1 -- 10.1.80.4:6789/0 <== client.? 10.1.80.3:0/420041688 1 ==== auth(proto 0 30 bytes epoch 0) v1 ==== 60+0+0 (673663173 0 0) 0x55cf1fbf5900 con 0x55cf1fcc3000 -120>
2017-12-02 17:52:58.943085 7f794074f700 5 mon.c1n4@3(peon).paxos(paxos active c 1193506..1194208) is_readable = 1 - now=2017-12-02 17:52:58.943087 lease_expire=2017-12-02 17:53:03.449628 has v0 lc 1194208 -119>
2017-12-02 17:52:58.943132 7f794074f700 1 -- 10.1.80.4:6789/0 --> 10.1.80.3:0/420041688 -- mon_map magic: 0 v1 -- 0x55cf1fbf6a80 con 0 -118>
2017-12-02 17:52:58.943172 7f794074f700 2 mon.c1n4@3(peon) e4 send_reply 0x55cf1fd0e780 0x55cf1fbf6f80 auth_reply(proto 2 0 (0) Success) v1 -117>
2017-12-02 17:52:58.943186 7f794074f700 1 -- 10.1.80.4:6789/0 --> 10.1.80.3:0/420041688 -- auth_reply(proto 2 0 (0) Success) v1 -- 0x55cf1fbf6f80 con 0 -116>
2017-12-02 17:52:58.943497 7f793d749700 5 -- 10.1.80.4:6789/0 >> 10.1.80.3:0/420041688 conn(0x55cf1fcc3000 :6789 s=STATE_OPEN_MESSAGE_READ_FOOTER_AND_DISPATCH pgs=2 cs=1 l=1). rx client.? seq 2 0x55cf1fbf6f80 auth(proto 2 32 bytes epoch 0) v1 -115>
2017-12-02 17:52:58.943594 7f794074f700 1 -- 10.1.80.4:6789/0 <== client.? 10.1.80.3:0/420041688 2 ==== auth(proto 2 32 bytes epoch 0) v1 ==== 62+0+0 (4175097263 0 0) 0x55cf1fbf6f80 con 0x55cf1fcc3000 -114>
2017-12-02 17:52:58.943648 7f794074f700 5 mon.c1n4@3(peon).paxos(paxos active c 1193506..1194208) is_readable = 1 - now=2017-12-02 17:52:58.943649 lease_expire=2017-12-02 17:53:03.449628 has v0 lc 1194208 -113>
2017-12-02 17:52:58.943783 7f794074f700 2 mon.c1n4@3(peon) e4 send_reply 0x55cf1fd0e780 0x55cf1fbf5900 auth_reply(proto 2 0 (0) Success) v1 -112>
2017-12-02 17:52:58.943796 7f794074f700 1 -- 10.1.80.4:6789/0 --> 10.1.80.3:0/420041688 -- auth_reply(proto 2 0 (0) Success) v1 -- 0x55cf1fbf5900 con 0 -111>
2017-12-02 17:52:58.944023 7f793d749700 5 -- 10.1.80.4:6789/0 >> 10.1.80.3:0/420041688 conn(0x55cf1fcc3000 :6789 s=STATE_OPEN_MESSAGE_READ_FOOTER_AND_DISPATCH pgs=2 cs=1 l=1). rx client.? seq 3 0x55cf1fbf5900 auth(proto 2 165 bytes epoch 0) v1 -110>
2017-12-02 17:52:58.944041 7f794074f700 1 -- 10.1.80.4:6789/0 <== client.? 10.1.80.3:0/420041688 3 ==== auth(proto 2 165 bytes epoch 0) v1 ==== 195+0+0 (3446828670 0 0) 0x55cf1fbf5900 con 0x55cf1fcc3000 -109>
2017-12-02 17:52:58.944051 7f794074f700 5 mon.c1n4@3(peon).paxos(paxos active c 1193506..1194208) is_readable = 1 - now=2017-12-02 17:52:58.944051 lease_expire=2017-12-02 17:53:03.449628 has v0 lc 1194208 -108>
2017-12-02 17:52:58.944172 7f794074f700 2 mon.c1n4@3(peon) e4 send_reply 0x55cf1fd0e780 0x55cf1fbf6f80 auth_reply(proto 2 0 (0) Success) v1 -107>
2017-12-02 17:52:58.944180 7f794074f700 1 -- 10.1.80.4:6789/0 --> 10.1.80.3:0/420041688 -- auth_reply(proto 2 0 (0) Success) v1 -- 0x55cf1fbf6f80 con 0 -106>
2017-12-02 17:52:58.944189 7f793d749700 1 -- 10.1.80.4:6789/0 >> 10.1.80.3:0/420041688 conn(0x55cf1fcc3000 :6789 s=STATE_OPEN pgs=2 cs=1 l=1).read_bulk peer close file descriptor 34 -105>
2017-12-02 17:52:58.944197 7f793d749700 1 -- 10.1.80.4:6789/0 >> 10.1.80.3:0/420041688 conn(0x55cf1fcc3000 :6789 s=STATE_OPEN pgs=2 cs=1 l=1).read_until read failed -104>
2017-12-02 17:52:58.944204 7f793d749700 1 -- 10.1.80.4:6789/0 >> 10.1.80.3:0/420041688 conn(0x55cf1fcc3000 :6789 s=STATE_OPEN pgs=2 cs=1 l=1).process read tag failed -103>
2017-12-02 17:52:58.944209 7f793d749700 1 -- 10.1.80.4:6789/0 >> 10.1.80.3:0/420041688 conn(0x55cf1fcc3000 :6789 s=STATE_OPEN pgs=2 cs=1 l=1).fault on lossy channel, failing -102>
2017-12-02 17:52:58.944227 7f793d749700 2 -- 10.1.80.4:6789/0 >> 10.1.80.3:0/420041688 conn(0x55cf1fcc3000 :6789 s=STATE_OPEN pgs=2 cs=1 l=1)._stop -101>
2017-12-02 17:52:58.973236 7f793d749700 1 -- 10.1.80.4:6789/0 >> - conn(0x55cf1fcc1800 :6789 s=STATE_ACCEPTING pgs=0 cs=0 l=0)._process_connection sd=34 - -100>
2017-12-02 17:52:58.973393 7f793d749700 2 -- 10.1.80.4:6789/0 >> 10.1.80.3:0/4074272964 conn(0x55cf1fcc1800 :6789 s=STATE_ACCEPTING_WAIT_SEQ pgs=1 cs=1 l=1).handle_connect_msg accept write reply msg done -99>
2017-12-02 17:52:58.973457 7f793d749700 2 -- 10.1.80.4:6789/0 >> 10.1.80.3:0/4074272964 conn(0x55cf1fcc1800 :6789 s=STATE_ACCEPTING_WAIT_SEQ pgs=1 cs=1 l=1)._process_connection accept get newly_acked_seq 0 -98>
2017-12-02 17:52:58.973525 7f793d749700 5 -- 10.1.80.4:6789/0 >> 10.1.80.3:0/4074272964 conn(0x55cf1fcc1800 :6789 s=STATE_OPEN_MESSAGE_READ_FOOTER_AND_DISPATCH pgs=1 cs=1 l=1). rx client.? seq 1 0x55cf1fbf6f80 auth(proto 0 30 bytes epoch 0) v1 -97>
2017-12-02 17:52:58.973542 7f794074f700 1 -- 10.1.80.4:6789/0 <== client.? 10.1.80.3:0/4074272964 1 ==== auth(proto 0 30 bytes epoch 0) v1 ==== 60+0+0 (673663173 0 0) 0x55cf1fbf6f80 con 0x55cf1fcc1800 -96>
2017-12-02 17:52:58.973562 7f794074f700 5 mon.c1n4@3(peon).paxos(paxos active c 1193506..1194208) is_readable = 1 - now=2017-12-02 17:52:58.973562 lease_expire=2017-12-02 17:53:03.449628 has v0 lc 1194208 -95>
2017-12-02 17:52:58.973587 7f794074f700 1 -- 10.1.80.4:6789/0 --> 10.1.80.3:0/4074272964 -- mon_map magic: 0 v1 -- 0x55cf1fbf5900 con 0 -94>
2017-12-02 17:52:58.973613 7f794074f700 2 mon.c1n4@3(peon) e4 send_reply 0x55cf1fd0e780 0x55cf1fbf6800 auth_reply(proto 2 0 (0) Success) v1 -93>
2017-12-02 17:52:58.973620 7f794074f700 1 -- 10.1.80.4:6789/0 --> 10.1.80.3:0/4074272964 -- auth_reply(proto 2 0 (0) Success) v1 -- 0x55cf1fbf6800 con 0 -92>
2017-12-02 17:52:58.974059 7f793d749700 5 -- 10.1.80.4:6789/0 >> 10.1.80.3:0/4074272964 conn(0x55cf1fcc1800 :6789 s=STATE_OPEN_MESSAGE_READ_FOOTER_AND_DISPATCH pgs=1 cs=1 l=1). rx client.? seq 2 0x55cf1fbf6800 auth(proto 2 32 bytes epoch 0) v1 -91>
2017-12-02 17:52:58.974106 7f794074f700 1 -- 10.1.80.4:6789/0 <== client.? 10.1.80.3:0/4074272964 2 ==== auth(proto 2 32 bytes epoch 0) v1 ==== 62+0+0 (3471809329 0 0) 0x55cf1fbf6800 con 0x55cf1fcc1800 -90>
2017-12-02 17:52:58.974123 7f794074f700 5 mon.c1n4@3(peon).paxos(paxos active c 1193506..1194208) is_readable = 1 - now=2017-12-02 17:52:58.974124 lease_expire=2017-12-02 17:53:03.449628 has v0 lc 1194208 -89>
2017-12-02 17:52:58.974204 7f794074f700 2 mon.c1n4@3(peon) e4 send_reply 0x55cf1fd0e780 0x55cf1fbf6f80 auth_reply(proto 2 0 (0) Success) v1 -88>
2017-12-02 17:52:58.974216 7f794074f700 1 -- 10.1.80.4:6789/0 --> 10.1.80.3:0/4074272964 -- auth_reply(proto 2 0 (0) Success) v1 -- 0x55cf1fbf6f80 con 0 -87>
2017-12-02 17:52:58.974496 7f793d749700 5 -- 10.1.80.4:6789/0 >> 10.1.80.3:0/4074272964 conn(0x55cf1fcc1800 :6789 s=STATE_OPEN_MESSAGE_READ_FOOTER_AND_DISPATCH pgs=1 cs=1 l=1). rx client.? seq 3 0x55cf1fbf6f80 auth(proto 2 165 bytes epoch 0) v1 -86>
2017-12-02 17:52:58.974557 7f794074f700 1 -- 10.1.80.4:6789/0 <== client.? 10.1.80.3:0/4074272964 3 ==== auth(proto 2 165 bytes epoch 0) v1 ==== 195+0+0 (2459713884 0 0) 0x55cf1fbf6f80 con 0x55cf1fcc1800 -85>
2017-12-02 17:52:58.974574 7f794074f700 5 mon.c1n4@3(peon).paxos(paxos active c 1193506..1194208) is_readable = 1 - now=2017-12-02 17:52:58.974575 lease_expire=2017-12-02 17:53:03.449628 has v0 lc 1194208 -84>
2017-12-02 17:52:58.974693 7f794074f700 2 mon.c1n4@3(peon) e4 send_reply 0x55cf1fd0e780 0x55cf1fbf6800 auth_reply(proto 2 0 (0) Success) v1 -83>
2017-12-02 17:52:58.974702 7f794074f700 1 -- 10.1.80.4:6789/0 --> 10.1.80.3:0/4074272964 -- auth_reply(proto 2 0 (0) Success) v1 -- 0x55cf1fbf6800 con 0 -82>
2017-12-02 17:52:58.974780 7f793d749700 1 -- 10.1.80.4:6789/0 >> 10.1.80.3:0/4074272964 conn(0x55cf1fcc1800 :6789 s=STATE_OPEN pgs=1 cs=1 l=1).read_bulk peer close file descriptor 34 -81>
2017-12-02 17:52:58.974787 7f793d749700 1 -- 10.1.80.4:6789/0 >> 10.1.80.3:0/4074272964 conn(0x55cf1fcc1800 :6789 s=STATE_OPEN pgs=1 cs=1 l=1).read_until read failed -80>
2017-12-02 17:52:58.974792 7f793d749700 1 -- 10.1.80.4:6789/0 >> 10.1.80.3:0/4074272964 conn(0x55cf1fcc1800 :6789 s=STATE_OPEN pgs=1 cs=1 l=1).process read tag failed -79>
2017-12-02 17:52:58.974797 7f793d749700 1 -- 10.1.80.4:6789/0 >> 10.1.80.3:0/4074272964 conn(0x55cf1fcc1800 :6789 s=STATE_OPEN pgs=1 cs=1 l=1).fault on lossy channel, failing -78>
2017-12-02 17:52:58.974801 7f793d749700 2 -- 10.1.80.4:6789/0 >> 10.1.80.3:0/4074272964 conn(0x55cf1fcc1800 :6789 s=STATE_OPEN pgs=1 cs=1 l=1)._stop -77>
2017-12-02 17:52:59.957127 7f793c747700 5 -- 10.1.80.4:6789/0 >> 10.1.80.1:6789/0 conn(0x55cf1fade000 :-1 s=STATE_OPEN_MESSAGE_READ_FOOTER_AND_DISPATCH pgs=851208 cs=1 l=0). rx mon.0 seq 1526133607 0x55cf1fc35d40 paxos(begin lc 1194208 fc 0 pn 21200 opn 0) v4 -76>
2017-12-02 17:52:59.957179 7f794074f700 1 -- 10.1.80.4:6789/0 <== mon.0 10.1.80.1:6789/0 1526133607 ==== paxos(begin lc 1194208 fc 0 pn 21200 opn 0) v4 ==== 11160+0+0 (2469292196 0 0) 0x55cf1fc35d40 con 0x55cf1fade000 -75>
2017-12-02 17:52:59.957806 7f794074f700 1 -- 10.1.80.4:6789/0 --> 10.1.80.1:6789/0 -- paxos(accept lc 1194208 fc 0 pn 21200 opn 0) v4 -- 0x55cf1fc36080 con 0 -74>
2017-12-02 17:52:59.958838 7f793c747700 5 -- 10.1.80.4:6789/0 >> 10.1.80.1:6789/0 conn(0x55cf1fade000 :-1 s=STATE_OPEN_MESSAGE_READ_FOOTER_AND_DISPATCH pgs=851208 cs=1 l=0). rx mon.0 seq 1526133608 0x55cf1fc36080 paxos(commit lc 1194209 fc 0 pn 21200 opn 0) v4 -73>
2017-12-02 17:52:59.958902 7f794074f700 1 -- 10.1.80.4:6789/0 <== mon.0 10.1.80.1:6789/0 1526133608 ==== paxos(commit lc 1194209 fc 0 pn 21200 opn 0) v4 ==== 11160+0+0 (3108135564 0 0) 0x55cf1fc36080 con 0x55cf1fade000 -72>
2017-12-02 17:52:59.959110 7f793c747700 5 -- 10.1.80.4:6789/0 >> 10.1.80.1:6789/0 conn(0x55cf1fade000 :-1 s=STATE_OPEN_MESSAGE_READ_FOOTER_AND_DISPATCH pgs=851208 cs=1 l=0). rx mon.0 seq 1526133609 0x55cf1fc363c0 paxos(lease lc 1194209 fc 1193506 pn 0 opn 0) v4 -71>
2017-12-02 17:52:59.959662 7f794074f700 4 mgrc handle_mgr_map Got map version 219 -70>
2017-12-02 17:52:59.959668 7f794074f700 4 mgrc handle_mgr_map Active mgr is now 10.1.80.3:6832/18816 -69>
2017-12-02 17:52:59.959771 7f794074f700 1 -- 10.1.80.4:6789/0 <== mon.0 10.1.80.1:6789/0 1526133609 ==== paxos(lease lc 1194209 fc 1193506 pn 0 opn 0) v4 ==== 84+0+0 (1927164241 0 0) 0x55cf1fc363c0 con 0x55cf1fade000 -68>
2017-12-02 17:52:59.959788 7f794074f700 1 -- 10.1.80.4:6789/0 --> 10.1.80.1:6789/0 -- paxos(lease_ack lc 1194209 fc 1193506 pn 0 opn 0) v4 -- 0x55cf1fc36080 con 0 -67>
2017-12-02 17:52:59.959803 7f794074f700 5 mon.c1n4@3(peon).monmap v4 apply_mon_features wait for service to be writeable -66>
2017-12-02 17:52:59.959808 7f794074f700 5 mon.c1n4@3(peon).paxos(paxos active c 1193506..1194209) is_readable = 1 - now=2017-12-02 17:52:59.959809 lease_expire=2017-12-02 17:53:04.959460 has v0 lc 1194209 -65>
2017-12-02 17:53:00.302439 7f793d749700 1 -- 10.1.80.4:6789/0 >> - conn(0x55cf1fb7c800 :6789 s=STATE_ACCEPTING pgs=0 cs=0 l=0)._process_connection sd=34 - -64>
2017-12-02 17:53:00.302616 7f793d749700 2 -- 10.1.80.4:6789/0 >> 10.1.80.1:0/1813547404 conn(0x55cf1fb7c800 :6789 s=STATE_ACCEPTING_WAIT_SEQ pgs=2 cs=1 l=1).handle_connect_msg accept write reply msg done -63>
2017-12-02 17:53:00.302657 7f793d749700 2 -- 10.1.80.4:6789/0 >> 10.1.80.1:0/1813547404 conn(0x55cf1fb7c800 :6789 s=STATE_ACCEPTING_WAIT_SEQ pgs=2 cs=1 l=1)._process_connection accept get newly_acked_seq 0 -62>
2017-12-02 17:53:00.302700 7f793d749700 5 -- 10.1.80.4:6789/0 >> 10.1.80.1:0/1813547404 conn(0x55cf1fb7c800 :6789 s=STATE_OPEN_MESSAGE_READ_FOOTER_AND_DISPATCH pgs=2 cs=1 l=1). rx client.? seq 1 0x55cf1fbf6800 auth(proto 0 30 bytes epoch 0) v1 -61>
2017-12-02 17:53:00.302716 7f794074f700 1 -- 10.1.80.4:6789/0 <== client.? 10.1.80.1:0/1813547404 1 ==== auth(proto 0 30 bytes epoch 0) v1 ==== 60+0+0 (673663173 0 0) 0x55cf1fbf6800 con 0x55cf1fb7c800 -60>
2017-12-02 17:53:00.302742 7f794074f700 5 mon.c1n4@3(peon).paxos(paxos active c 1193506..1194209) is_readable = 1 - now=2017-12-02 17:53:00.302743 lease_expire=2017-12-02 17:53:04.959460 has v0 lc 1194209 -59>
2017-12-02 17:53:00.302780 7f794074f700 1 -- 10.1.80.4:6789/0 --> 10.1.80.1:0/1813547404 -- mon_map magic: 0 v1 -- 0x55cf1fbf6f80 con 0 -58>
2017-12-02 17:53:00.302813 7f794074f700 2 mon.c1n4@3(peon) e4 send_reply 0x55cf1fd0e780 0x55cf1fbf6d00 auth_reply(proto 2 0 (0) Success) v1 -57>
2017-12-02 17:53:00.302823 7f794074f700 1 -- 10.1.80.4:6789/0 --> 10.1.80.1:0/1813547404 -- auth_reply(proto 2 0 (0) Success) v1 -- 0x55cf1fbf6d00 con 0 -56>
2017-12-02 17:53:00.303112 7f793d749700 5 -- 10.1.80.4:6789/0 >> 10.1.80.1:0/1813547404 conn(0x55cf1fb7c800 :6789 s=STATE_OPEN_MESSAGE_READ_FOOTER_AND_DISPATCH pgs=2 cs=1 l=1). rx client.? seq 2 0x55cf1fbf6d00 auth(proto 2 32 bytes epoch 0) v1 -55>
2017-12-02 17:53:00.303134 7f794074f700 1 -- 10.1.80.4:6789/0 <== client.? 10.1.80.1:0/1813547404 2 ==== auth(proto 2 32 bytes epoch 0) v1 ==== 62+0+0 (2423609046 0 0) 0x55cf1fbf6d00 con 0x55cf1fb7c800 -54>
2017-12-02 17:53:00.303143 7f794074f700 5 mon.c1n4@3(peon).paxos(paxos active c 1193506..1194209) is_readable = 1 - now=2017-12-02 17:53:00.303143 lease_expire=2017-12-02 17:53:04.959460 has v0 lc 1194209 -53>
2017-12-02 17:53:00.303266 7f794074f700 2 mon.c1n4@3(peon) e4 send_reply 0x55cf1fd0e780 0x55cf1fbf6800 auth_reply(proto 2 0 (0) Success) v1 -52>
2017-12-02 17:53:00.303274 7f794074f700 1 -- 10.1.80.4:6789/0 --> 10.1.80.1:0/1813547404 -- auth_reply(proto 2 0 (0) Success) v1 -- 0x55cf1fbf6800 con 0 -51>
2017-12-02 17:53:00.303464 7f793d749700 5 -- 10.1.80.4:6789/0 >> 10.1.80.1:0/1813547404 conn(0x55cf1fb7c800 :6789 s=STATE_OPEN_MESSAGE_READ_FOOTER_AND_DISPATCH pgs=2 cs=1 l=1). rx client.? seq 3 0x55cf1fbf6800 auth(proto 2 165 bytes epoch 0) v1 -50>
2017-12-02 17:53:00.303478 7f794074f700 1 -- 10.1.80.4:6789/0 <== client.? 10.1.80.1:0/1813547404 3 ==== auth(proto 2 165 bytes epoch 0) v1 ==== 195+0+0 (2719443974 0 0) 0x55cf1fbf6800 con 0x55cf1fb7c800 -49>
2017-12-02 17:53:00.303486 7f794074f700 5 mon.c1n4@3(peon).paxos(paxos active c 1193506..1194209) is_readable = 1 - now=2017-12-02 17:53:00.303486 lease_expire=2017-12-02 17:53:04.959460 has v0 lc 1194209 -48>
2017-12-02 17:53:00.303609 7f794074f700 2 mon.c1n4@3(peon) e4 send_reply 0x55cf1fd0e780 0x55cf1fbf6d00 auth_reply(proto 2 0 (0) Success) v1 -47>
2017-12-02 17:53:00.303615 7f794074f700 1 -- 10.1.80.4:6789/0 --> 10.1.80.1:0/1813547404 -- auth_reply(proto 2 0 (0) Success) v1 -- 0x55cf1fbf6d00 con 0 -46>
2017-12-02 17:53:00.303777 7f793d749700 1 -- 10.1.80.4:6789/0 >> 10.1.80.1:0/1813547404 conn(0x55cf1fb7c800 :6789 s=STATE_OPEN pgs=2 cs=1 l=1).read_bulk peer close file descriptor 34 -45>
2017-12-02 17:53:00.303785 7f793d749700 1 -- 10.1.80.4:6789/0 >> 10.1.80.1:0/1813547404 conn(0x55cf1fb7c800 :6789 s=STATE_OPEN pgs=2 cs=1 l=1).read_until read failed -44>
2017-12-02 17:53:00.303790 7f793d749700 1 -- 10.1.80.4:6789/0 >> 10.1.80.1:0/1813547404 conn(0x55cf1fb7c800 :6789 s=STATE_OPEN pgs=2 cs=1 l=1).process read tag failed -43>
2017-12-02 17:53:00.303795 7f793d749700 1 -- 10.1.80.4:6789/0 >> 10.1.80.1:0/1813547404 conn(0x55cf1fb7c800 :6789 s=STATE_OPEN pgs=2 cs=1 l=1).fault on lossy channel, failing -42>
2017-12-02 17:53:00.303799 7f793d749700 2 -- 10.1.80.4:6789/0 >> 10.1.80.1:0/1813547404 conn(0x55cf1fb7c800 :6789 s=STATE_OPEN pgs=2 cs=1 l=1)._stop -41>
2017-12-02 17:53:00.750161 7f793d749700 1 -- 10.1.80.4:6789/0 >> - conn(0x55cf1faf4800 :6789 s=STATE_ACCEPTING pgs=0 cs=0 l=0)._process_connection sd=34 - -40>
2017-12-02 17:53:00.750306 7f793d749700 2 -- 10.1.80.4:6789/0 >> 10.1.80.1:0/303930506 conn(0x55cf1faf4800 :6789 s=STATE_ACCEPTING_WAIT_SEQ pgs=2 cs=1 l=1).handle_connect_msg accept write reply msg done -39>
2017-12-02 17:53:00.750368 7f793d749700 2 -- 10.1.80.4:6789/0 >> 10.1.80.1:0/303930506 conn(0x55cf1faf4800 :6789 s=STATE_ACCEPTING_WAIT_SEQ pgs=2 cs=1 l=1)._process_connection accept get newly_acked_seq 0 -38>
2017-12-02 17:53:00.750424 7f793d749700 5 -- 10.1.80.4:6789/0 >> 10.1.80.1:0/303930506 conn(0x55cf1faf4800 :6789 s=STATE_OPEN_MESSAGE_READ_FOOTER_AND_DISPATCH pgs=2 cs=1 l=1). rx client.? seq 1 0x55cf1fbf6d00 auth(proto 0 30 bytes epoch 0) v1 -37>
2017-12-02 17:53:00.750441 7f794074f700 1 -- 10.1.80.4:6789/0 <== client.? 10.1.80.1:0/303930506 1 ==== auth(proto 0 30 bytes epoch 0) v1 ==== 60+0+0 (673663173 0 0) 0x55cf1fbf6d00 con 0x55cf1faf4800 -36>
2017-12-02 17:53:00.750466 7f794074f700 5 mon.c1n4@3(peon).paxos(paxos active c 1193506..1194209) is_readable = 1 - now=2017-12-02 17:53:00.750467 lease_expire=2017-12-02 17:53:04.959460 has v0 lc 1194209 -35>
2017-12-02 17:53:00.750504 7f794074f700 1 -- 10.1.80.4:6789/0 --> 10.1.80.1:0/303930506 -- mon_map magic: 0 v1 -- 0x55cf1fbf6800 con 0 -34>
2017-12-02 17:53:00.750538 7f794074f700 2 mon.c1n4@3(peon) e4 send_reply 0x55cf1fd0e780 0x55cf1fbf5b80 auth_reply(proto 2 0 (0) Success) v1 -33>
2017-12-02 17:53:00.750548 7f794074f700 1 -- 10.1.80.4:6789/0 --> 10.1.80.1:0/303930506 -- auth_reply(proto 2 0 (0) Success) v1 -- 0x55cf1fbf5b80 con 0 -32>
2017-12-02 17:53:00.750796 7f793d749700 5 -- 10.1.80.4:6789/0 >> 10.1.80.1:0/303930506 conn(0x55cf1faf4800 :6789 s=STATE_OPEN_MESSAGE_READ_FOOTER_AND_DISPATCH pgs=2 cs=1 l=1). rx client.? seq 2 0x55cf1fbf5b80 auth(proto 2 32 bytes epoch 0) v1 -31>
2017-12-02 17:53:00.750810 7f794074f700 1 -- 10.1.80.4:6789/0 <== client.? 10.1.80.1:0/303930506 2 ==== auth(proto 2 32 bytes epoch 0) v1 ==== 62+0+0 (1996696525 0 0) 0x55cf1fbf5b80 con 0x55cf1faf4800 -30>
2017-12-02 17:53:00.750818 7f794074f700 5 mon.c1n4@3(peon).paxos(paxos active c 1193506..1194209) is_readable = 1 - now=2017-12-02 17:53:00.750819 lease_expire=2017-12-02 17:53:04.959460 has v0 lc 1194209 -29>
2017-12-02 17:53:00.750936 7f794074f700 2 mon.c1n4@3(peon) e4 send_reply 0x55cf1fd0e780 0x55cf1fbf6d00 auth_reply(proto 2 0 (0) Success) v1 -28>
2017-12-02 17:53:00.750943 7f794074f700 1 -- 10.1.80.4:6789/0 --> 10.1.80.1:0/303930506 -- auth_reply(proto 2 0 (0) Success) v1 -- 0x55cf1fbf6d00 con 0 -27>
2017-12-02 17:53:00.751120 7f793d749700 5 -- 10.1.80.4:6789/0 >> 10.1.80.1:0/303930506 conn(0x55cf1faf4800 :6789 s=STATE_OPEN_MESSAGE_READ_FOOTER_AND_DISPATCH pgs=2 cs=1 l=1). rx client.? seq 3 0x55cf1fbf6d00 auth(proto 2 165 bytes epoch 0) v1 -26>
2017-12-02 17:53:00.751133 7f794074f700 1 -- 10.1.80.4:6789/0 <== client.? 10.1.80.1:0/303930506 3 ==== auth(proto 2 165 bytes epoch 0) v1 ==== 195+0+0 (2780438629 0 0) 0x55cf1fbf6d00 con 0x55cf1faf4800 -25>
2017-12-02 17:53:00.751141 7f794074f700 5 mon.c1n4@3(peon).paxos(paxos active c 1193506..1194209) is_readable = 1 - now=2017-12-02 17:53:00.751141 lease_expire=2017-12-02 17:53:04.959460 has v0 lc 1194209 -24>
2017-12-02 17:53:00.751290 7f794074f700 2 mon.c1n4@3(peon) e4 send_reply 0x55cf1fd0e780 0x55cf1fbf5b80 auth_reply(proto 2 0 (0) Success) v1 -23>
2017-12-02 17:53:00.751297 7f794074f700 1 -- 10.1.80.4:6789/0 --> 10.1.80.1:0/303930506 -- auth_reply(proto 2 0 (0) Success) v1 -- 0x55cf1fbf5b80 con 0 -22>
2017-12-02 17:53:00.751509 7f793d749700 5 -- 10.1.80.4:6789/0 >> 10.1.80.1:0/303930506 conn(0x55cf1faf4800 :6789 s=STATE_OPEN_MESSAGE_READ_FOOTER_AND_DISPATCH pgs=2 cs=1 l=1). rx client.? seq 4 0x55cf1f4bf840 mon_subscribe({monmap=0+}) v2 -21>
2017-12-02 17:53:00.751524 7f794074f700 1 -- 10.1.80.4:6789/0 <== client.? 10.1.80.1:0/303930506 4 ==== mon_subscribe({monmap=0+}) v2 ==== 23+0+0 (1620593354 0 0) 0x55cf1f4bf840 con 0x55cf1faf4800 -20>
2017-12-02 17:53:00.751533 7f793d749700 5 -- 10.1.80.4:6789/0 >> 10.1.80.1:0/303930506 conn(0x55cf1faf4800 :6789 s=STATE_OPEN_MESSAGE_READ_FOOTER_AND_DISPATCH pgs=2 cs=1 l=1). rx client.8094291 seq 5 0x55cf201f2d80 mon_subscribe({mgrmap=0+}) v2 -19>
