2017-12-02 17:51:41.469248 7f793c747700 1 -- 10.1.80.4:6789/0 >> 10.1.80.1:0/266297987 conn(0x55cf1fb7b000 :6789 s=STATE_OPEN pgs=2 cs=1 l=1).read_bulk peer close file descriptor 34 -1856>
2017-12-02 17:51:41.469255 7f793c747700 1 -- 10.1.80.4:6789/0 >> 10.1.80.1:0/266297987 conn(0x55cf1fb7b000 :6789 s=STATE_OPEN pgs=2 cs=1 l=1).read_until read failed -1855>
2017-12-02 17:51:41.469258 7f793c747700 1 -- 10.1.80.4:6789/0 >> 10.1.80.1:0/266297987 conn(0x55cf1fb7b000 :6789 s=STATE_OPEN pgs=2 cs=1 l=1).process read tag failed -1854>
2017-12-02 17:51:41.469261 7f793c747700 1 -- 10.1.80.4:6789/0 >> 10.1.80.1:0/266297987 conn(0x55cf1fb7b000 :6789 s=STATE_OPEN pgs=2 cs=1 l=1).fault on lossy channel, failing -1853>
2017-12-02 17:51:41.469281 7f793c747700 2 -- 10.1.80.4:6789/0 >> 10.1.80.1:0/266297987 conn(0x55cf1fb7b000 :6789 s=STATE_OPEN pgs=2 cs=1 l=1)._stop -1852>
2017-12-02 17:51:41.469290 7f793c747700 1 -- 10.1.80.4:6789/0 reap_dead start -1851>
2017-12-02 17:51:41.469294 7f793c747700 5 -- 10.1.80.4:6789/0 reap_dead delete 0x55cf1fb7b000 -1850>
2017-12-02 17:51:41.469315 7f793c747700 5 -- 10.1.80.4:6789/0 reap_dead delete 0x55cf1fb7c800 -1849>
2017-12-02 17:51:41.469323 7f793c747700 5 -- 10.1.80.4:6789/0 reap_dead delete 0x55cf1fcc1800 -1848>
2017-12-02 17:51:41.469328 7f793c747700 5 -- 10.1.80.4:6789/0 reap_dead delete 0x55cf1fcc3000 -1847>
2017-12-02 17:51:41.469333 7f793c747700 5 -- 10.1.80.4:6789/0 reap_dead delete 0x55cf1fcc4800 -1846>
2017-12-02 17:51:41.521668 7f793c747700 1 -- 10.1.80.4:6789/0 >> - conn(0x55cf1fb7b000 :6789 s=STATE_ACCEPTING pgs=0 cs=0 l=0)._process_connection sd=34 - -1845>
2017-12-02 17:51:41.521784 7f793c747700 2 -- 10.1.80.4:6789/0 >> 10.1.80.1:0/1185508691 conn(0x55cf1fb7b000 :6789 s=STATE_ACCEPTING_WAIT_SEQ pgs=1 cs=1 l=1).handle_connect_msg accept write reply msg done -1844>
2017-12-02 17:51:41.521844 7f793c747700 2 -- 10.1.80.4:6789/0 >> 10.1.80.1:0/1185508691 conn(0x55cf1fb7b000 :6789 s=STATE_ACCEPTING_WAIT_SEQ pgs=1 cs=1 l=1)._process_connection accept get newly_acked_seq 0 -1843>
2017-12-02 17:51:41.521916 7f793c747700 5 -- 10.1.80.4:6789/0 >> 10.1.80.1:0/1185508691 conn(0x55cf1fb7b000 :6789 s=STATE_OPEN_MESSAGE_READ_FOOTER_AND_DISPATCH pgs=1 cs=1 l=1). rx client.? seq 1 0x55cf1fbf4c80 auth(proto 0 30 bytes epoch 0) v1 -1842>
2017-12-02 17:51:41.521930 7f794074f700 1 -- 10.1.80.4:6789/0 <== client.? 10.1.80.1:0/1185508691 1 ==== auth(proto 0 30 bytes epoch 0) v1 ==== 60+0+0 (673663173 0 0) 0x55cf1fbf4c80 con 0x55cf1fb7b000 -1841>
2017-12-02 17:51:41.521947 7f794074f700 5 mon.c1n4@3(peon).paxos(paxos active c 1193506..1194155) is_readable = 1 - now=2017-12-02 17:51:41.521948 lease_expire=2017-12-02 17:51:45.385793 has v0 lc 1194155 -1840>
2017-12-02 17:51:41.521969 7f794074f700 1 -- 10.1.80.4:6789/0 --> 10.1.80.1:0/1185508691 -- mon_map magic: 0 v1 -- 0x55cf1fbf6080 con 0 -1839>
2017-12-02 17:51:41.521991 7f794074f700 2 mon.c1n4@3(peon) e4 send_reply 0x55cf1f904f80 0x55cf1fbf5400 auth_reply(proto 2 0 (0) Success) v1 -1838>
2017-12-02 17:51:41.521998 7f794074f700 1 -- 10.1.80.4:6789/0 --> 10.1.80.1:0/1185508691 -- auth_reply(proto 2 0 (0) Success) v1 -- 0x55cf1fbf5400 con 0 -1837>
2017-12-02 17:51:41.522322 7f793c747700 5 -- 10.1.80.4:6789/0 >> 10.1.80.1:0/1185508691 conn(0x55cf1fb7b000 :6789 s=STATE_OPEN_MESSAGE_READ_FOOTER_AND_DISPATCH pgs=1 cs=1 l=1). rx client.? seq 2 0x55cf1fbf5400 auth(proto 2 32 bytes epoch 0) v1 -1836>
2017-12-02 17:51:41.522336 7f794074f700 1 -- 10.1.80.4:6789/0 <== client.? 10.1.80.1:0/1185508691 2 ==== auth(proto 2 32 bytes epoch 0) v1 ==== 62+0+0 (2576335055 0 0) 0x55cf1fbf5400 con 0x55cf1fb7b000 -1835>
2017-12-02 17:51:41.522344 7f794074f700 5 mon.c1n4@3(peon).paxos(paxos active c 1193506..1194155) is_readable = 1 - now=2017-12-02 17:51:41.522345 lease_expire=2017-12-02 17:51:45.385793 has v0 lc 1194155 -1834>
2017-12-02 17:51:41.522414 7f794074f700 2 mon.c1n4@3(peon) e4 send_reply 0x55cf1f904f80 0x55cf1fbf4c80 auth_reply(proto 2 0 (0) Success) v1 -1833>
2017-12-02 17:51:41.522421 7f794074f700 1 -- 10.1.80.4:6789/0 --> 10.1.80.1:0/1185508691 -- auth_reply(proto 2 0 (0) Success) v1 -- 0x55cf1fbf4c80 con 0 -1832>
2017-12-02 17:51:41.522600 7f793c747700 5 -- 10.1.80.4:6789/0 >> 10.1.80.1:0/1185508691 conn(0x55cf1fb7b000 :6789 s=STATE_OPEN_MESSAGE_READ_FOOTER_AND_DISPATCH pgs=1 cs=1 l=1). rx client.? seq 3 0x55cf1fbf4c80 auth(proto 2 165 bytes epoch 0) v1 -1831>
2017-12-02 17:51:41.522616 7f794074f700 1 -- 10.1.80.4:6789/0 <== client.? 10.1.80.1:0/1185508691 3 ==== auth(proto 2 165 bytes epoch 0) v1 ==== 195+0+0 (613270278 0 0) 0x55cf1fbf4c80 con 0x55cf1fb7b000 -1830>
2017-12-02 17:51:41.522625 7f794074f700 5 mon.c1n4@3(peon).paxos(paxos active c 1193506..1194155) is_readable = 1 - now=2017-12-02 17:51:41.522625 lease_expire=2017-12-02 17:51:45.385793 has v0 lc 1194155 -1829>
2017-12-02 17:51:41.522736 7f794074f700 2 mon.c1n4@3(peon) e4 send_reply 0x55cf1f904f80 0x55cf1fbf5400 auth_reply(proto 2 0 (0) Success) v1 -1828>
2017-12-02 17:51:41.522742 7f794074f700 1 -- 10.1.80.4:6789/0 --> 10.1.80.1:0/1185508691 -- auth_reply(proto 2 0 (0) Success) v1 -- 0x55cf1fbf5400 con 0 -1827>
2017-12-02 17:51:41.522971 7f793c747700 5 -- 10.1.80.4:6789/0 >> 10.1.80.1:0/1185508691 conn(0x55cf1fb7b000 :6789 s=STATE_OPEN_MESSAGE_READ_FOOTER_AND_DISPATCH pgs=1 cs=1 l=1). rx client.? seq 4 0x55cf1f4bfcc0 mon_subscribe({monmap=0+}) v2 -1826>
2017-12-02 17:51:41.522990 7f794074f700 1 -- 10.1.80.4:6789/0 <== client.? 10.1.80.1:0/1185508691 4 ==== mon_subscribe({monmap=0+}) v2 ==== 23+0+0 (1620593354 0 0) 0x55cf1f4bfcc0 con 0x55cf1fb7b000 -1825>
2017-12-02 17:51:41.523011 7f794074f700 1 -- 10.1.80.4:6789/0 --> 10.1.80.1:0/1185508691 -- mon_map magic: 0 v1 -- 0x55cf1fbf4c80 con 0 -1824>
2017-12-02 17:51:41.523017 7f793c747700 5 -- 10.1.80.4:6789/0 >> 10.1.80.1:0/1185508691 conn(0x55cf1fb7b000 :6789 s=STATE_OPEN_MESSAGE_READ_FOOTER_AND_DISPATCH pgs=1 cs=1 l=1). rx client.8094155 seq 5 0x55cf1f4bf3c0 mon_subscribe({mgrmap=0+}) v2 -1823>
2017-12-02 17:51:41.523033 7f794074f700 1 -- 10.1.80.4:6789/0 <== client.8094155 10.1.80.1:0/1185508691 5 ==== mon_subscribe({mgrmap=0+}) v2 ==== 23+0+0 (2287485974 0 0) 0x55cf1f4bf3c0 con 0x55cf1fb7b000 -1822>
2017-12-02 17:51:41.523048 7f794074f700 1 -- 10.1.80.4:6789/0 --> 10.1.80.1:0/1185508691 -- mgrmap(e 219) v1 -- 0x55cf1f54ea00 con 0 -1821>
2017-12-02 17:51:41.523146 7f793c747700 5 -- 10.1.80.4:6789/0 >> 10.1.80.1:0/1185508691 conn(0x55cf1fb7b000 :6789 s=STATE_OPEN_MESSAGE_READ_FOOTER_AND_DISPATCH pgs=1 cs=1 l=1). rx client.8094155 seq 6 0x55cf1f4bdf80 mon_subscribe({osdmap=0}) v2 -1820>
2017-12-02 17:51:41.523160 7f794074f700 1 -- 10.1.80.4:6789/0 <== client.8094155 10.1.80.1:0/1185508691 6 ==== mon_subscribe({osdmap=0}) v2 ==== 23+0+0 (319581110 0 0) 0x55cf1f4bdf80 con 0x55cf1fb7b000 -1819>
2017-12-02 17:51:41.523171 7f794074f700 1 -- 10.1.80.4:6789/0 --> 10.1.80.1:0/1185508691 -- osd_map(2982..2982 src has 2466..2982) v3 -- 0x55cf1f741c00 con 0 -1818>
2017-12-02 17:51:41.523733 7f793c747700 5 -- 10.1.80.4:6789/0 >> 10.1.80.1:0/1185508691 conn(0x55cf1fb7b000 :6789 s=STATE_OPEN_MESSAGE_READ_FOOTER_AND_DISPATCH pgs=1 cs=1 l=1). rx client.8094155 seq 7 0x55cf1f4beac0 getpoolstats(1 ceph v0) v1 -1817>
2017-12-02 17:51:41.523775 7f794074f700 1 -- 10.1.80.4:6789/0 <== client.8094155 10.1.80.1:0/1185508691 7 ==== getpoolstats(1 ceph v0) v1 ==== 46+0+0 (2788013228 0 0) 0x55cf1f4beac0 con 0x55cf1fb7b000 -1816>
2017-12-02 17:51:41.523791 7f794074f700 5 mon.c1n4@3(peon).paxos(paxos active c 1193506..1194155) is_readable = 1 - now=2017-12-02 17:51:41.523791 lease_expire=2017-12-02 17:51:45.385793 has v0 lc 1194155 -1815>
2017-12-02 17:51:41.523812 7f794074f700 2 mon.c1n4@3(peon) e4 send_reply 0x55cf1f904f80 0x55cf1f740300 getpoolstatsreply(1 v946086) v1 -1814>
2017-12-02 17:51:41.523816 7f794074f700 1 -- 10.1.80.4:6789/0 --> 10.1.80.1:0/1185508691 -- getpoolstatsreply(1 v946086) v1 -- 0x55cf1f740300 con 0 -1813>
2017-12-02 17:51:41.524120 7f793c747700 5 -- 10.1.80.4:6789/0 >> 10.1.80.1:0/1185508691 conn(0x55cf1fb7b000 :6789 s=STATE_OPEN_MESSAGE_READ_FOOTER_AND_DISPATCH pgs=1 cs=1 l=1). rx client.8094155 seq 8 0x55cf1f4bef40 statfs(2 pool -1 v946086) v2 -1812>
2017-12-02 17:51:41.524163 7f794074f700 1 -- 10.1.80.4:6789/0 <== client.8094155 10.1.80.1:0/1185508691 8 ==== statfs(2 pool -1 v946086) v2 ==== 35+0+0 (406827834 0 0) 0x55cf1f4bef40 con 0x55cf1fb7b000 -1811>
2017-12-02 17:51:41.524180 7f794074f700 5 mon.c1n4@3(peon).paxos(paxos active c 1193506..1194155) is_readable = 1 - now=2017-12-02 17:51:41.524180 lease_expire=2017-12-02 17:51:45.385793 has v0 lc 1194155 -1810>
2017-12-02 17:51:41.524192 7f794074f700 2 mon.c1n4@3(peon) e4 send_reply 0x55cf1f904f80 0x55cf1f4beac0 statfs_reply(2) v1 -1809>
2017-12-02 17:51:41.524196 7f794074f700 1 -- 10.1.80.4:6789/0 --> 10.1.80.1:0/1185508691 -- statfs_reply(2) v1 -- 0x55cf1f4beac0 con 0 -1808>
2017-12-02 17:51:41.524612 7f793c747700 1 -- 10.1.80.4:6789/0 >> 10.1.80.1:0/1185508691 conn(0x55cf1fb7b000 :6789 s=STATE_OPEN pgs=1 cs=1 l=1).read_bulk peer close file descriptor 34 -1807>
2017-12-02 17:51:41.524618 7f793c747700 1 -- 10.1.80.4:6789/0 >> 10.1.80.1:0/1185508691 conn(0x55cf1fb7b000 :6789 s=STATE_OPEN pgs=1 cs=1 l=1).read_until read failed -1806>
2017-12-02 17:51:41.524624 7f793c747700 1 -- 10.1.80.4:6789/0 >> 10.1.80.1:0/1185508691 conn(0x55cf1fb7b000 :6789 s=STATE_OPEN pgs=1 cs=1 l=1).process read tag failed -1805>
2017-12-02 17:51:41.524628 7f793c747700 1 -- 10.1.80.4:6789/0 >> 10.1.80.1:0/1185508691 conn(0x55cf1fb7b000 :6789 s=STATE_OPEN pgs=1 cs=1 l=1).fault on lossy channel, failing -1804>
2017-12-02 17:51:41.524630 7f793c747700 2 -- 10.1.80.4:6789/0 >> 10.1.80.1:0/1185508691 conn(0x55cf1fb7b000 :6789 s=STATE_OPEN pgs=1 cs=1 l=1)._stop -1803>
2017-12-02 17:51:42.384556 7f793c747700 5 -- 10.1.80.4:6789/0 >> 10.1.80.1:6789/0 conn(0x55cf1fade000 :-1 s=STATE_OPEN_MESSAGE_READ_FOOTER_AND_DISPATCH pgs=851208 cs=1 l=0). rx mon.0 seq 1526133445 0x55cf1fce5740 paxos(begin lc 1194155 fc 0 pn 21200 opn 0) v4 -1802>
2017-12-02 17:51:42.384641 7f794074f700 1 -- 10.1.80.4:6789/0 <== mon.0 10.1.80.1:6789/0 1526133445 ==== paxos(begin lc 1194155 fc 0 pn 21200 opn 0) v4 ==== 2570+0+0 (2269233994 0 0) 0x55cf1fce5740 con 0x55cf1fade000 -1801>
2017-12-02 17:51:42.385247 7f794074f700 1 -- 10.1.80.4:6789/0 --> 10.1.80.1:6789/0 -- paxos(accept lc 1194155 fc 0 pn 21200 opn 0) v4 -- 0x55cf1fce5a80 con 0 -1800>
2017-12-02 17:51:42.386342 7f793c747700 5 -- 10.1.80.4:6789/0 >> 10.1.80.1:6789/0 conn(0x55cf1fade000 :-1 s=STATE_OPEN_MESSAGE_READ_FOOTER_AND_DISPATCH pgs=851208 cs=1 l=0). rx mon.0 seq 1526133446 0x55cf1fce5a80 paxos(commit lc 1194156 fc 0 pn 21200 opn 0) v4 -1799>
2017-12-02 17:51:42.386459 7f794074f700 1 -- 10.1.80.4:6789/0 <== mon.0 10.1.80.1:6789/0 1526133446 ==== paxos(commit lc 1194156 fc 0 pn 21200 opn 0) v4 ==== 2570+0+0 (1226781776 0 0) 0x55cf1fce5a80 con 0x55cf1fade000 -1798>
2017-12-02 17:51:42.386492 7f793c747700 5 -- 10.1.80.4:6789/0 >> 10.1.80.1:6789/0 conn(0x55cf1fade000 :-1 s=STATE_OPEN_MESSAGE_READ_FOOTER_AND_DISPATCH pgs=851208 cs=1 l=0). rx mon.0 seq 1526133447 0x55cf201b4000 paxos(lease lc 1194156 fc 1193506 pn 0 opn 0) v4 -1797>
2017-12-02 17:51:42.387110 7f794074f700 4 mgrc handle_mgr_map Got map version 219 -1796>
2017-12-02 17:51:42.387120 7f794074f700 4 mgrc handle_mgr_map Active mgr is now 10.1.80.3:6832/18816 -1795>
2017-12-02 17:51:42.387266 7f794074f700 1 -- 10.1.80.4:6789/0 <== mon.0 10.1.80.1:6789/0 1526133447 ==== paxos(lease lc 1194156 fc 1193506 pn 0 opn 0) v4 ==== 84+0+0 (1743757232 0 0) 0x55cf201b4000 con 0x55cf1fade000 -1794>
2017-12-02 17:51:42.387290 7f794074f700 1 -- 10.1.80.4:6789/0 --> 10.1.80.1:6789/0 -- paxos(lease_ack lc 1194156 fc 1193506 pn 0 opn 0) v4 -- 0x55cf201b5d40 con 0 -1793>
2017-12-02 17:51:42.387309 7f794074f700 5 mon.c1n4@3(peon).monmap v4 apply_mon_features wait for service to be writeable -1792>
2017-12-02 17:51:42.387333 7f794074f700 5 mon.c1n4@3(peon).paxos(paxos active c 1193506..1194156) is_readable = 1 - now=2017-12-02 17:51:42.387334 lease_expire=2017-12-02 17:51:47.386867 has v0 lc 1194156 -1791>
2017-12-02 17:51:42.595971 7f793f74d700 1 -- 10.1.80.4:0/61378 --> 10.1.80.3:6832/18816 -- mgrreport(unknown.c1n4 +0-0 packed 1734) v4 -- 0x55cf1f54d200 con 0 -1790>
2017-12-02 17:51:43.301894 7f793c747700 1 -- 10.1.80.4:6789/0 >> - conn(0x55cf1fcc4800 :6789 s=STATE_ACCEPTING pgs=0 cs=0 l=0)._process_connection sd=34 - -1789>
2017-12-02 17:51:43.302072 7f793c747700 2 -- 10.1.80.4:6789/0 >> 10.1.80.1:0/611581950 conn(0x55cf1fcc4800 :6789 s=STATE_ACCEPTING_WAIT_SEQ pgs=2 cs=1 l=1).handle_connect_msg accept write reply msg done -1788>
2017-12-02 17:51:43.302137 7f793c747700 2 -- 10.1.80.4:6789/0 >> 10.1.80.1:0/611581950 conn(0x55cf1fcc4800 :6789 s=STATE_ACCEPTING_WAIT_SEQ pgs=2 cs=1 l=1)._process_connection accept get newly_acked_seq 0 -1787>
2017-12-02 17:51:43.302254 7f793c747700 5 -- 10.1.80.4:6789/0 >> 10.1.80.1:0/611581950 conn(0x55cf1fcc4800 :6789 s=STATE_OPEN_MESSAGE_READ_FOOTER_AND_DISPATCH pgs=2 cs=1 l=1). rx client.? seq 1 0x55cf1f740300 auth(proto 0 30 bytes epoch 0) v1 -1786>
2017-12-02 17:51:43.302315 7f794074f700 1 -- 10.1.80.4:6789/0 <== client.? 10.1.80.1:0/611581950 1 ==== auth(proto 0 30 bytes epoch 0) v1 ==== 60+0+0 (673663173 0 0) 0x55cf1f740300 con 0x55cf1fcc4800 -1785>
2017-12-02 17:51:43.302347 7f794074f700 5 mon.c1n4@3(peon).paxos(paxos active c 1193506..1194156) is_readable = 1 - now=2017-12-02 17:51:43.302348 lease_expire=2017-12-02 17:51:47.386867 has v0 lc 1194156 -1784>
2017-12-02 17:51:43.302385 7f794074f700 1 -- 10.1.80.4:6789/0 --> 10.1.80.1:0/611581950 -- mon_map magic: 0 v1 -- 0x55cf1f741980 con 0 -1783>
2017-12-02 17:51:43.302426 7f794074f700 2 mon.c1n4@3(peon) e4 send_reply 0x55cf1f904f80 0x55cf1f741700 auth_reply(proto 2 0 (0) Success) v1 -1782>
2017-12-02 17:51:43.302438 7f794074f700 1 -- 10.1.80.4:6789/0 --> 10.1.80.1:0/611581950 -- auth_reply(proto 2 0 (0) Success) v1 -- 0x55cf1f741700 con 0 -1781>
2017-12-02 17:51:43.303004 7f793c747700 5 -- 10.1.80.4:6789/0 >> 10.1.80.1:0/611581950 conn(0x55cf1fcc4800 :6789 s=STATE_OPEN_MESSAGE_READ_FOOTER_AND_DISPATCH pgs=2 cs=1 l=1). rx client.? seq 2 0x55cf1f741700 auth(proto 2 32 bytes epoch 0) v1 -1780>
2017-12-02 17:51:43.303078 7f794074f700 1 -- 10.1.80.4:6789/0 <== client.? 10.1.80.1:0/611581950 2 ==== auth(proto 2 32 bytes epoch 0) v1 ==== 62+0+0 (4244968750 0 0) 0x55cf1f741700 con 0x55cf1fcc4800 -1779>
2017-12-02 17:51:43.303104 7f794074f700 5 mon.c1n4@3(peon).paxos(paxos active c 1193506..1194156) is_readable = 1 - now=2017-12-02 17:51:43.303105 lease_expire=2017-12-02 17:51:47.386867 has v0 lc 1194156 -1778>
2017-12-02 17:51:43.303253 7f794074f700 2 mon.c1n4@3(peon) e4 send_reply 0x55cf1f904f80 0x55cf1f740300 auth_reply(proto 2 0 (0) Success) v1 -1777>
2017-12-02 17:51:43.303265 7f794074f700 1 -- 10.1.80.4:6789/0 --> 10.1.80.1:0/611581950 -- auth_reply(proto 2 0 (0) Success) v1 -- 0x55cf1f740300 con 0 -1776>
2017-12-02 17:51:43.303517 7f793c747700 5 -- 10.1.80.4:6789/0 >> 10.1.80.1:0/611581950 conn(0x55cf1fcc4800 :6789 s=STATE_OPEN_MESSAGE_READ_FOOTER_AND_DISPATCH pgs=2 cs=1 l=1). rx client.? seq 3 0x55cf1f740300 auth(proto 2 165 bytes epoch 0) v1 -1775>
2017-12-02 17:51:43.303538 7f794074f700 1 -- 10.1.80.4:6789/0 <== client.? 10.1.80.1:0/611581950 3 ==== auth(proto 2 165 bytes epoch 0) v1 ==== 195+0+0 (3897117508 0 0) 0x55cf1f740300 con 0x55cf1fcc4800 -1774>
2017-12-02 17:51:43.303547 7f794074f700 5 mon.c1n4@3(peon).paxos(paxos active c 1193506..1194156) is_readable = 1 - now=2017-12-02 17:51:43.303548 lease_expire=2017-12-02 17:51:47.386867 has v0 lc 1194156 -1773>
2017-12-02 17:51:43.303680 7f794074f700 2 mon.c1n4@3(peon) e4 send_reply 0x55cf1f904f80 0x55cf1f741700 auth_reply(proto 2 0 (0) Success) v1 -1772>
2017-12-02 17:51:43.303687 7f794074f700 1 -- 10.1.80.4:6789/0 --> 10.1.80.1:0/611581950 -- auth_reply(proto 2 0 (0) Success) v1 -- 0x55cf1f741700 con 0 -1771>
2017-12-02 17:51:43.304074 7f793c747700 5 -- 10.1.80.4:6789/0 >> 10.1.80.1:0/611581950 conn(0x55cf1fcc4800 :6789 s=STATE_OPEN_MESSAGE_READ_FOOTER_AND_DISPATCH pgs=2 cs=1 l=1). rx client.? seq 4 0x55cf1f4beac0 mon_subscribe({monmap=0+}) v2 -1770>
2017-12-02 17:51:43.304092 7f793c747700 5 -- 10.1.80.4:6789/0 >> 10.1.80.1:0/611581950 conn(0x55cf1fcc4800 :6789 s=STATE_OPEN_MESSAGE_READ_FOOTER_AND_DISPATCH pgs=2 cs=1 l=1). rx client.8094159 seq 5 0x55cf1f4bf840 mon_subscribe({mgrmap=0+}) v2 -1769>
2017-12-02 17:51:43.304120 7f794074f700 1 -- 10.1.80.4:6789/0 <== client.? 10.1.80.1:0/611581950 4 ==== mon_subscribe({monmap=0+}) v2 ==== 23+0+0 (1620593354 0 0) 0x55cf1f4beac0 con 0x55cf1fcc4800 -1768>
2017-12-02 17:51:43.304139 7f793c747700 5 -- 10.1.80.4:6789/0 >> 10.1.80.1:0/611581950 conn(0x55cf1fcc4800 :6789 s=STATE_OPEN_MESSAGE_READ_FOOTER_AND_DISPATCH pgs=2 cs=1 l=1). rx client.8094159 seq 6 0x55cf1f4bfa80 mon_subscribe({osdmap=0}) v2 -1767>
2017-12-02 17:51:43.304153 7f794074f700 1 -- 10.1.80.4:6789/0 --> 10.1.80.1:0/611581950 -- mon_map magic: 0 v1 -- 0x55cf1f740300 con 0 -1766>
2017-12-02 17:51:43.304170 7f794074f700 1 -- 10.1.80.4:6789/0 <== client.8094159 10.1.80.1:0/611581950 5 ==== mon_subscribe({mgrmap=0+}) v2 ==== 23+0+0 (2287485974 0 0) 0x55cf1f4bf840 con 0x55cf1fcc4800 -1765>
2017-12-02 17:51:43.304184 7f794074f700 1 -- 10.1.80.4:6789/0 --> 10.1.80.1:0/611581950 -- mgrmap(e 219) v1 -- 0x55cf1f54f000 con 0 -1764>
2017-12-02 17:51:43.304195 7f794074f700 1 -- 10.1.80.4:6789/0 <== client.8094159 10.1.80.1:0/611581950 6 ==== mon_subscribe({osdmap=0}) v2 ==== 23+0+0 (319581110 0 0) 0x55cf1f4bfa80 con 0x55cf1fcc4800 -1763>
2017-12-02 17:51:43.304209 7f794074f700 1 -- 10.1.80.4:6789/0 --> 10.1.80.1:0/611581950 -- osd_map(2982..2982 src has 2466..2982) v3 -- 0x55cf1fbf4f00 con 0 -1762>
2017-12-02 17:51:43.304577 7f793c747700 5 -- 10.1.80.4:6789/0 >> 10.1.80.1:0/611581950 conn(0x55cf1fcc4800 :6789 s=STATE_OPEN_MESSAGE_READ_FOOTER_AND_DISPATCH pgs=2 cs=1 l=1). rx client.8094159 seq 7 0x55cf1f4bf600 mon_command({"format":"json","prefix":"status"} v 0) v1 -1761>
2017-12-02 17:51:43.304619 7f794074f700 1 -- 10.1.80.4:6789/0 <== client.8094159 10.1.80.1:0/611581950 7 ==== mon_command({"format":"json","prefix":"status"} v 0) v1 ==== 77+0+0 (585053207 0 0) 0x55cf1f4bf600 con 0x55cf1fcc4800 -1760>
2017-12-02 17:51:43.304686 7f794074f700 0 mon.c1n4@3(peon) e4 handle_command mon_command({"format":"json","prefix":"status"} v 0) v1 -1759>
2017-12-02 17:51:43.304716 7f794074f700 0 log_channel(audit) log [DBG] : from='client.? 10.1.80.1:0/611581950' entity='client.admin' cmd=[{"format":"json","prefix":"status"}]: dispatch -1758>
2017-12-02 17:51:43.304720 7f794074f700 10 log_client _send_to_monlog to self -1757>
2017-12-02 17:51:43.304722 7f794074f700 10 log_client log_queue is 1 last_log 2 sent 1 num 1 unsent 1 sending 1 -1756>
2017-12-02 17:51:43.304744 7f794074f700 10 log_client will send
2017-12-02 17:51:43.304719 mon.c1n4 mon.3 10.1.80.4:6789/0 2 : audit [DBG] from='client.? 10.1.80.1:0/611581950' entity='client.admin' cmd=[{"format":"json","prefix":"status"}]: dispatch -1755>
2017-12-02 17:51:43.304820 7f794074f700 1 -- 10.1.80.4:6789/0 --> 10.1.80.4:6789/0 -- log(1 entries from seq 2 at
2017-12-02 17:51:43.304719) v1 -- 0x55cf1fbf4a00 con 0 -1754>
2017-12-02 17:51:43.304917 7f794074f700 2 mon.c1n4@3(peon) e4 send_reply 0x55cf1f904f80 0x55cf1fbf5900 mon_command_ack([{"format":"json","prefix":"status"}]=0 v0) v1 -1753>
2017-12-02 17:51:43.304925 7f794074f700 1 -- 10.1.80.4:6789/0 --> 10.1.80.1:0/611581950 -- mon_command_ack([{"format":"json","prefix":"status"}]=0 v0) v1 -- 0x55cf1fbf5900 con 0 -1752>
2017-12-02 17:51:43.304949 7f794074f700 1 -- 10.1.80.4:6789/0 <== mon.3 10.1.80.4:6789/0 0 ==== log(1 entries from seq 2 at
2017-12-02 17:51:43.304719) v1 ==== 0+0+0 (0 0 0) 0x55cf1fbf4a00 con 0x55cf1f527800 -1751>
2017-12-02 17:51:43.304961 7f794074f700 5 mon.c1n4@3(peon).paxos(paxos active c 1193506..1194156) is_readable = 1 - now=2017-12-02 17:51:43.304961 lease_expire=2017-12-02 17:51:47.386867 has v0 lc 1194156 -1750>
2017-12-02 17:51:43.304985 7f794074f700 1 -- 10.1.80.4:6789/0 _send_message--> mon.0 10.1.80.1:6789/0 -- forward(log(1 entries from seq 2 at
2017-12-02 17:51:43.304719) v1 caps allow * tid 2 con_features 2305244844532236283) v3 -- ?+0 0x55cf1f54f300 -1749>
2017-12-02 17:51:43.304996 7f794074f700 1 -- 10.1.80.4:6789/0 --> 10.1.80.1:6789/0 -- forward(log(1 entries from seq 2 at
2017-12-02 17:51:43.304719) v1 caps allow * tid 2 con_features 2305244844532236283) v3 -- 0x55cf1f54f300 con 0 -1748>
2017-12-02 17:51:43.305810 7f793c747700 5 -- 10.1.80.4:6789/0 >> 10.1.80.1:0/611581950 conn(0x55cf1fcc4800 :6789 s=STATE_OPEN_MESSAGE_READ_FOOTER_AND_DISPATCH pgs=2 cs=1 l=1). rx client.8094159 seq 8 0x55cf1f4bfcc0 mon_command({"detail":"detail","format":"json","prefix":"health"} v 0) v1 -1747>
2017-12-02 17:51:43.305853 7f794074f700 1 -- 10.1.80.4:6789/0 <== client.8094159 10.1.80.1:0/611581950 8 ==== mon_command({"detail":"detail","format":"json","prefix":"health"} v 0) v1 ==== 95+0+0 (4176179256 0 0) 0x55cf1f4bfcc0 con 0x55cf1fcc4800 -1746>
2017-12-02 17:51:43.305889 7f794074f700 0 mon.c1n4@3(peon) e4 handle_command mon_command({"detail":"detail","format":"json","prefix":"health"} v 0) v1 -1745>
2017-12-02 17:51:43.305906 7f794074f700 0 log_channel(audit) log [DBG] : from='client.? 10.1.80.1:0/611581950' entity='client.admin' cmd=[{"detail":"detail","format":"json","prefix":"health"}]: dispatch -1744>
2017-12-02 17:51:43.305912 7f794074f700 10 log_client _send_to_monlog to self -1743>
2017-12-02 17:51:43.305913 7f794074f700 10 log_client log_queue is 2 last_log 3 sent 2 num 2 unsent 1 sending 1 -1742>
2017-12-02 17:51:43.305915 7f794074f700 10 log_client will send
2017-12-02 17:51:43.305910 mon.c1n4 mon.3 10.1.80.4:6789/0 3 : audit [DBG] from='client.? 10.1.80.1:0/611581950' entity='client.admin' cmd=[{"detail":"detail","format":"json","prefix":"health"}]: dispatch -1741>
2017-12-02 17:51:43.305934 7f794074f700 1 -- 10.1.80.4:6789/0 --> 10.1.80.4:6789/0 -- log(1 entries from seq 3 at
2017-12-02 17:51:43.305910) v1 -- 0x55cf1fbf5180 con 0 -1740>
2017-12-02 17:51:43.305978 7f794074f700 2 mon.c1n4@3(peon) e4 send_reply 0x55cf1fd0e3c0 0x55cf1fbf6300 mon_command_ack([{"detail":"detail","format":"json","prefix":"health"}]=0 v0) v1 -1739>
2017-12-02 17:51:43.305984 7f794074f700 1 -- 10.1.80.4:6789/0 --> 10.1.80.1:0/611581950 -- mon_command_ack([{"detail":"detail","format":"json","prefix":"health"}]=0 v0) v1 -- 0x55cf1fbf6300 con 0 -1738>
2017-12-02 17:51:43.306002 7f794074f700 1 -- 10.1.80.4:6789/0 <== mon.3 10.1.80.4:6789/0 0 ==== log(1 entries from seq 3 at
2017-12-02 17:51:43.305910) v1 ==== 0+0+0 (0 0 0) 0x55cf1fbf5180 con 0x55cf1f527800 -1737>
2017-12-02 17:51:43.306013 7f794074f700 5 mon.c1n4@3(peon).paxos(paxos active c 1193506..1194156) is_readable = 1 - now=2017-12-02 17:51:43.306013 lease_expire=2017-12-02 17:51:47.386867 has v0 lc 1194156 -1736>
2017-12-02 17:51:43.306031 7f794074f700 1 -- 10.1.80.4:6789/0 _send_message--> mon.0 10.1.80.1:6789/0 -- forward(log(1 entries from seq 3 at
2017-12-02 17:51:43.305910) v1 caps allow * tid 3 con_features 2305244844532236283) v3 -- ?+0 0x55cf1f54d800 -1735>
2017-12-02 17:51:43.306040 7f794074f700 1 -- 10.1.80.4:6789/0 --> 10.1.80.1:6789/0 -- forward(log(1 entries from seq 3 at
2017-12-02 17:51:43.305910) v1 caps allow * tid 3 con_features 2305244844532236283) v3 -- 0x55cf1f54d800 con 0 -1734>
2017-12-02 17:51:43.309983 7f793c747700 1 -- 10.1.80.4:6789/0 >> 10.1.80.1:0/611581950 conn(0x55cf1fcc4800 :6789 s=STATE_OPEN pgs=2 cs=1 l=1).read_bulk peer close file descriptor 34 -1733>
2017-12-02 17:51:43.309993 7f793c747700 1 -- 10.1.80.4:6789/0 >> 10.1.80.1:0/611581950 conn(0x55cf1fcc4800 :6789 s=STATE_OPEN pgs=2 cs=1 l=1).read_until read failed -1732>
2017-12-02 17:51:43.309996 7f793c747700 1 -- 10.1.80.4:6789/0 >> 10.1.80.1:0/611581950 conn(0x55cf1fcc4800 :6789 s=STATE_OPEN pgs=2 cs=1 l=1).process read tag failed -1731>
2017-12-02 17:51:43.310001 7f793c747700 1 -- 10.1.80.4:6789/0 >> 10.1.80.1:0/611581950 conn(0x55cf1fcc4800 :6789 s=STATE_OPEN pgs=2 cs=1 l=1).fault on lossy channel, failing -1730>
2017-12-02 17:51:43.310007 7f793c747700 2 -- 10.1.80.4:6789/0 >> 10.1.80.1:0/611581950 conn(0x55cf1fcc4800 :6789 s=STATE_OPEN pgs=2 cs=1 l=1)._stop -1729>
2017-12-02 17:51:43.387334 7f793c747700 5 -- 10.1.80.4:6789/0 >> 10.1.80.1:6789/0 conn(0x55cf1fade000 :-1 s=STATE_OPEN_MESSAGE_READ_FOOTER_AND_DISPATCH pgs=851208 cs=1 l=0). rx mon.0 seq 1526133448 0x55cf201b5d40 paxos(begin lc 1194156 fc 0 pn 21200 opn 0) v4 -1728>
2017-12-02 17:51:43.387418 7f794074f700 1 -- 10.1.80.4:6789/0 <== mon.0 10.1.80.1:6789/0 1526133448 ==== paxos(begin lc 1194156 fc 0 pn 21200 opn 0) v4 ==== 10308+0+0 (173190787 0 0) 0x55cf201b5d40 con 0x55cf1fade000 -1727>
2017-12-02 17:51:43.388246 7f794074f700 1 -- 10.1.80.4:6789/0 --> 10.1.80.1:6789/0 -- paxos(accept lc 1194156 fc 0 pn 21200 opn 0) v4 -- 0x55cf201b4000 con 0 -1726>
2017-12-02 17:51:43.389600 7f793c747700 5 -- 10.1.80.4:6789/0 >> 10.1.80.1:6789/0 conn(0x55cf1fade000 :-1 s=STATE_OPEN_MESSAGE_READ_FOOTER_AND_DISPATCH pgs=851208 cs=1 l=0). rx mon.0 seq 1526133449 0x55cf201b4000 paxos(commit lc 1194157 fc 0 pn 21200 opn 0) v4 -1725>
2017-12-02 17:51:43.389666 7f794074f700 1 -- 10.1.80.4:6789/0 <== mon.0 10.1.80.1:6789/0 1526133449 ==== paxos(commit lc 1194157 fc 0 pn 21200 opn 0) v4 ==== 10308+0+0 (2200722824 0 0) 0x55cf201b4000 con 0x55cf1fade000 -1724>
2017-12-02 17:51:43.389855 7f793c747700 5 -- 10.1.80.4:6789/0 >> 10.1.80.1:6789/0 conn(0x55cf1fade000 :-1 s=STATE_OPEN_MESSAGE_READ_FOOTER_AND_DISPATCH pgs=851208 cs=1 l=0). rx mon.0 seq 1526133450 0x55cf201b4340 paxos(lease lc 1194157 fc 1193506 pn 0 opn 0) v4 -1723>
2017-12-02 17:51:43.389932 7f793c747700 5 -- 10.1.80.4:6789/0 >> 10.1.80.1:6789/0 conn(0x55cf1fade000 :-1 s=STATE_OPEN_MESSAGE_READ_FOOTER_AND_DISPATCH pgs=851208 cs=1 l=0). rx mon.0 seq 1526133451 0x55cf1f4bf3c0 route(log(last 2) v1 tid 2) v3 -1722>
2017-12-02 17:51:43.389956 7f793c747700 5 -- 10.1.80.4:6789/0 >> 10.1.80.1:6789/0 conn(0x55cf1fade000 :-1 s=STATE_OPEN_MESSAGE_READ_FOOTER_AND_DISPATCH pgs=851208 cs=1 l=0). rx mon.0 seq 1526133452 0x55cf201b8240 route(log(last 3) v1 tid 3) v3 -1721>
2017-12-02 17:51:43.390503 7f794074f700 4 mgrc handle_mgr_map Got map version 219 -1720>
2017-12-02 17:51:43.390522 7f794074f700 4 mgrc handle_mgr_map Active mgr is now 10.1.80.3:6832/18816 -1719>
2017-12-02 17:51:43.390685 7f794074f700 1 -- 10.1.80.4:6789/0 <== mon.0 10.1.80.1:6789/0 1526133450 ==== paxos(lease lc 1194157 fc 1193506 pn 0 opn 0) v4 ==== 84+0+0 (718904210 0 0) 0x55cf201b4340 con 0x55cf1fade000 -1718>
2017-12-02 17:51:43.390704 7f794074f700 1 -- 10.1.80.4:6789/0 --> 10.1.80.1:6789/0 -- paxos(lease_ack lc 1194157 fc 1193506 pn 0 opn 0) v4 -- 0x55cf201b4000 con 0 -1717>
2017-12-02 17:51:43.390720 7f794074f700 5 mon.c1n4@3(peon).monmap v4 apply_mon_features wait for service to be writeable -1716>
2017-12-02 17:51:43.390725 7f794074f700 5 mon.c1n4@3(peon).paxos(paxos active c 1193506..1194157) is_readable = 1 - now=2017-12-02 17:51:43.390726 lease_expire=2017-12-02 17:51:48.390205 has v0 lc 1194157 -1715>
2017-12-02 17:51:43.390739 7f794074f700 1 -- 10.1.80.4:6789/0 <== mon.0 10.1.80.1:6789/0 1526133451 ==== route(log(last 2) v1 tid 2) v3 ==== 175+0+0 (1030474901 0 0) 0x55cf1f4bf3c0 con 0x55cf1fade000 -1714>
2017-12-02 17:51:43.390748 7f794074f700 1 -- 10.1.80.4:6789/0 --> 10.1.80.4:6789/0 -- log(last 2) v1 -- 0x55cf201b8000 con 0 -1713>
2017-12-02 17:51:43.390762 7f794074f700 1 -- 10.1.80.4:6789/0 <== mon.0 10.1.80.1:6789/0 1526133452 ==== route(log(last 3) v1 tid 3) v3 ==== 175+0+0 (2601530279 0 0) 0x55cf201b8240 con 0x55cf1fade000 -1712>
2017-12-02 17:51:43.390769 7f794074f700 1 -- 10.1.80.4:6789/0 --> 10.1.80.4:6789/0 -- log(last 3) v1 -- 0x55cf201b8480 con 0 -1711>
2017-12-02 17:51:43.390799 7f794074f700 1 -- 10.1.80.4:6789/0 <== mon.3 10.1.80.4:6789/0 0 ==== log(last 2) v1 ==== 0+0+0 (2889536307 0 0) 0x55cf201b8000 con 0x55cf1f527800 -1710>
2017-12-02 17:51:43.390807 7f794074f700 10 log_client handle_log_ack log(last 2) v1 -1709>
2017-12-02 17:51:43.390810 7f794074f700 10 log_client logged
2017-12-02 17:51:43.304719 mon.c1n4 mon.3 10.1.80.4:6789/0 2 : audit [DBG] from='client.? 10.1.80.1:0/611581950' entity='client.admin' cmd=[{"format":"json","prefix":"status"}]: dispatch -1708>
2017-12-02 17:51:43.390820 7f794074f700 1 -- 10.1.80.4:6789/0 <== mon.3 10.1.80.4:6789/0 0 ==== log(last 3) v1 ==== 0+0+0 (2638939907 0 0) 0x55cf201b8480 con 0x55cf1f527800 -1707>
2017-12-02 17:51:43.390828 7f794074f700 10 log_client handle_log_ack log(last 3) v1 -1706>
2017-12-02 17:51:43.390830 7f794074f700 10 log_client logged
2017-12-02 17:51:43.305910 mon.c1n4 mon.3 10.1.80.4:6789/0 3 : audit [DBG] from='client.? 10.1.80.1:0/611581950' entity='client.admin' cmd=[{"detail":"detail","format":"json","prefix":"health"}]: dispatch -1705>
2017-12-02 17:51:44.390165 7f793c747700 5 -- 10.1.80.4:6789/0 >> 10.1.80.1:6789/0 conn(0x55cf1fade000 :-1 s=STATE_OPEN_MESSAGE_READ_FOOTER_AND_DISPATCH pgs=851208 cs=1 l=0). rx mon.0 seq 1526133453 0x55cf201b4000 paxos(begin lc 1194157 fc 0 pn 21200 opn 0) v4 -1704>
2017-12-02 17:51:44.390251 7f794074f700 1 -- 10.1.80.4:6789/0 <== mon.0 10.1.80.1:6789/0 1526133453 ==== paxos(begin lc 1194157 fc 0 pn 21200 opn 0) v4 ==== 2562+0+0 (1218580968 0 0) 0x55cf201b4000 con 0x55cf1fade000 -1703>
2017-12-02 17:51:44.390981 7f794074f700 1 -- 10.1.80.4:6789/0 --> 10.1.80.1:6789/0 -- paxos(accept lc 1194157 fc 0 pn 21200 opn 0) v4 -- 0x55cf201b4340 con 0 -1702>
2017-12-02 17:51:44.391934 7f793c747700 5 -- 10.1.80.4:6789/0 >> 10.1.80.1:6789/0 conn(0x55cf1fade000 :-1 s=STATE_OPEN_MESSAGE_READ_FOOTER_AND_DISPATCH pgs=851208 cs=1 l=0). rx mon.0 seq 1526133454 0x55cf201b4340 paxos(commit lc 1194158 fc 0 pn 21200 opn 0) v4 -1701>
2017-12-02 17:51:44.392004 7f794074f700 1 -- 10.1.80.4:6789/0 <== mon.0 10.1.80.1:6789/0 1526133454 ==== paxos(commit lc 1194158 fc 0 pn 21200 opn 0) v4 ==== 2562+0+0 (1524365697 0 0) 0x55cf201b4340 con 0x55cf1fade000 -1700>
2017-12-02 17:51:44.392119 7f793c747700 5 -- 10.1.80.4:6789/0 >> 10.1.80.1:6789/0 conn(0x55cf1fade000 :-1 s=STATE_OPEN_MESSAGE_READ_FOOTER_AND_DISPATCH pgs=851208 cs=1 l=0). rx mon.0 seq 1526133455 0x55cf201b4680 paxos(lease lc 1194158 fc 1193506 pn 0 opn 0) v4 -1699>
2017-12-02 17:51:44.392625 7f794074f700 4 mgrc handle_mgr_map Got map version 219 -1698>
2017-12-02 17:51:44.392633 7f794074f700 4 mgrc handle_mgr_map Active mgr is now 10.1.80.3:6832/18816 -1697>
2017-12-02 17:51:44.392785 7f794074f700 1 -- 10.1.80.4:6789/0 <== mon.0 10.1.80.1:6789/0 1526133455 ==== paxos(lease lc 1194158 fc 1193506 pn 0 opn 0) v4 ==== 84+0+0 (3676545445 0 0) 0x55cf201b4680 con 0x55cf1fade000 -1696>
2017-12-02 17:51:44.392802 7f794074f700 1 -- 10.1.80.4:6789/0 --> 10.1.80.1:6789/0 -- paxos(lease_ack lc 1194158 fc 1193506 pn 0 opn 0) v4 -- 0x55cf201b4340 con 0 -1695>
2017-12-02 17:51:44.392818 7f794074f700 5 mon.c1n4@3(peon).monmap v4 apply_mon_features wait for service to be writeable -1694>
2017-12-02 17:51:44.392841 7f794074f700 5 mon.c1n4@3(peon).paxos(paxos active c 1193506..1194158) is_readable = 1 - now=2017-12-02 17:51:44.392841 lease_expire=2017-12-02 17:51:49.392507 has v0 lc 1194158 -1693>
2017-12-02 17:51:46.162287 7f793cf48700 5 -- 10.1.80.4:6789/0 >> 10.1.80.2:6789/0 conn(0x55cf1fadf800 :-1 s=STATE_OPEN_MESSAGE_READ_FOOTER_AND_DISPATCH pgs=889802 cs=1 l=0). rx mon.1 seq 359766980 0x55cf1f741c00 mon_health( service 1 op tell e 0 r 0 ) v1 -1692>
2017-12-02 17:51:46.162370 7f794074f700 1 -- 10.1.80.4:6789/0 <== mon.1 10.1.80.2:6789/0 359766980 ==== mon_health( service 1 op tell e 0 r 0 ) v1 ==== 108+0+0 (930934386 0 0) 0x55cf1f741c00 con 0x55cf1fadf800 -1691>
2017-12-02 17:51:46.388574 7f793c747700 5 -- 10.1.80.4:6789/0 >> 10.1.80.1:6789/0 conn(0x55cf1fade000 :-1 s=STATE_OPEN_MESSAGE_READ_FOOTER_AND_DISPATCH pgs=851208 cs=1 l=0). rx mon.0 seq 1526133456 0x55cf201b4340 paxos(begin lc 1194158 fc 0 pn 21200 opn 0) v4 -1690>
2017-12-02 17:51:46.388650 7f794074f700 1 -- 10.1.80.4:6789/0 <== mon.0 10.1.80.1:6789/0 1526133456 ==== paxos(begin lc 1194158 fc 0 pn 21200 opn 0) v4 ==== 2562+0+0 (2886925119 0 0) 0x55cf201b4340 con 0x55cf1fade000 -1689>
2017-12-02 17:51:46.389287 7f794074f700 1 -- 10.1.80.4:6789/0 --> 10.1.80.1:6789/0 -- paxos(accept lc 1194158 fc 0 pn 21200 opn 0) v4 -- 0x55cf201b4680 con 0 -1688>
2017-12-02 17:51:46.390230 7f793c747700 5 -- 10.1.80.4:6789/0 >> 10.1.80.1:6789/0 conn(0x55cf1fade000 :-1 s=STATE_OPEN_MESSAGE_READ_FOOTER_AND_DISPATCH pgs=851208 cs=1 l=0). rx mon.0 seq 1526133457 0x55cf201b4680 paxos(commit lc 1194159 fc 0 pn 21200 opn 0) v4 -1687>
2017-12-02 17:51:46.390308 7f794074f700 1 -- 10.1.80.4:6789/0 <== mon.0 10.1.80.1:6789/0 1526133457 ==== paxos(commit lc 1194159 fc 0 pn 21200 opn 0) v4 ==== 2562+0+0 (803708682 0 0) 0x55cf201b4680 con 0x55cf1fade000 -1686>
2017-12-02 17:51:46.390388 7f793c747700 5 -- 10.1.80.4:6789/0 >> 10.1.80.1:6789/0 conn(0x55cf1fade000 :-1 s=STATE_OPEN_MESSAGE_READ_FOOTER_AND_DISPATCH pgs=851208 cs=1 l=0). rx mon.0 seq 1526133458 0x55cf201b49c0 paxos(lease lc 1194159 fc 1193506 pn 0 opn 0) v4 -1685>
2017-12-02 17:51:46.390967 7f794074f700 4 mgrc handle_mgr_map Got map version 219 -1684>
2017-12-02 17:51:46.390976 7f794074f700 4 mgrc handle_mgr_map Active mgr is now 10.1.80.3:6832/18816 -1683>
2017-12-02 17:51:46.391091 7f794074f700 1 -- 10.1.80.4:6789/0 <== mon.0 10.1.80.1:6789/0 1526133458 ==== paxos(lease lc 1194159 fc 1193506 pn 0 opn 0) v4 ==== 84+0+0 (195885693 0 0) 0x55cf201b49c0 con 0x55cf1fade000 -1682>
2017-12-02 17:51:46.391109 7f794074f700 1 -- 10.1.80.4:6789/0 --> 10.1.80.1:6789/0 -- paxos(lease_ack lc 1194159 fc 1193506 pn 0 opn 0) v4 -- 0x55cf201b4680 con 0 -1681>
2017-12-02 17:51:46.391125 7f794074f700 5 mon.c1n4@3(peon).monmap v4 apply_mon_features wait for service to be writeable -1680>
2017-12-02 17:51:46.391132 7f794074f700 5 mon.c1n4@3(peon).paxos(paxos active c 1193506..1194159) is_readable = 1 - now=2017-12-02 17:51:46.391132 lease_expire=2017-12-02 17:51:51.390752 has v0 lc 1194159 -1679>
2017-12-02 17:51:47.596361 7f793f74d700 1 -- 10.1.80.4:0/61378 --> 10.1.80.3:6832/18816 -- mgrreport(unknown.c1n4 +0-0 packed 1734) v4 -- 0x55cf1f54e700 con 0 -1678>
2017-12-02 17:51:48.097231 7f793c747700 1 -- 10.1.80.4:6789/0 >> - conn(0x55cf1fcc3000 :6789 s=STATE_ACCEPTING pgs=0 cs=0 l=0)._process_connection sd=34 - -1677>
2017-12-02 17:51:48.097382 7f793c747700 2 -- 10.1.80.4:6789/0 >> 10.1.80.3:0/525069383 conn(0x55cf1fcc3000 :6789 s=STATE_ACCEPTING_WAIT_SEQ pgs=2 cs=1 l=1).handle_connect_msg accept write reply msg done -1676>
2017-12-02 17:51:48.097469 7f793c747700 2 -- 10.1.80.4:6789/0 >> 10.1.80.3:0/525069383 conn(0x55cf1fcc3000 :6789 s=STATE_ACCEPTING_WAIT_SEQ pgs=2 cs=1 l=1)._process_connection accept get newly_acked_seq 0 -1675>
2017-12-02 17:51:48.097585 7f793c747700 5 -- 10.1.80.4:6789/0 >> 10.1.80.3:0/525069383 conn(0x55cf1fcc3000 :6789 s=STATE_OPEN_MESSAGE_READ_FOOTER_AND_DISPATCH pgs=2 cs=1 l=1). rx client.? seq 1 0x55cf1fbf5e00 auth(proto 0 30 bytes epoch 0) v1 -1674>
2017-12-02 17:51:48.097602 7f794074f700 1 -- 10.1.80.4:6789/0 <== client.? 10.1.80.3:0/525069383 1 ==== auth(proto 0 30 bytes epoch 0) v1 ==== 60+0+0 (673663173 0 0) 0x55cf1fbf5e00 con 0x55cf1fcc3000 -1673>
2017-12-02 17:51:48.097628 7f794074f700 5 mon.c1n4@3(peon).paxos(paxos active c 1193506..1194159) is_readable = 1 - now=2017-12-02 17:51:48.097628 lease_expire=2017-12-02 17:51:51.390752 has v0 lc 1194159 -1672>
2017-12-02 17:51:48.097660 7f794074f700 1 -- 10.1.80.4:6789/0 --> 10.1.80.3:0/525069383 -- mon_map magic: 0 v1 -- 0x55cf1f741c00 con 0 -1671>
2017-12-02 17:51:48.097691 7f794074f700 2 mon.c1n4@3(peon) e4 send_reply 0x55cf1fd0e780 0x55cf1fbf5180 auth_reply(proto 2 0 (0) Success) v1 -1670>
2017-12-02 17:51:48.097700 7f794074f700 1 -- 10.1.80.4:6789/0 --> 10.1.80.3:0/525069383 -- auth_reply(proto 2 0 (0) Success) v1 -- 0x55cf1fbf5180 con 0 -1669>
2017-12-02 17:51:48.098097 7f793c747700 5 -- 10.1.80.4:6789/0 >> 10.1.80.3:0/525069383 conn(0x55cf1fcc3000 :6789 s=STATE_OPEN_MESSAGE_READ_FOOTER_AND_DISPATCH pgs=2 cs=1 l=1). rx client.? seq 2 0x55cf1fbf5180 auth(proto 2 32 bytes epoch 0) v1 -1668>
2017-12-02 17:51:48.098139 7f794074f700 1 -- 10.1.80.4:6789/0 <== client.? 10.1.80.3:0/525069383 2 ==== auth(proto 2 32 bytes epoch 0) v1 ==== 62+0+0 (2319249167 0 0) 0x55cf1fbf5180 con 0x55cf1fcc3000 -1667>
2017-12-02 17:51:48.098156 7f794074f700 5 mon.c1n4@3(peon).paxos(paxos active c 1193506..1194159) is_readable = 1 - now=2017-12-02 17:51:48.098156 lease_expire=2017-12-02 17:51:51.390752 has v0 lc 1194159 -1666>
2017-12-02 17:51:48.098282 7f794074f700 2 mon.c1n4@3(peon) e4 send_reply 0x55cf1fd0e780 0x55cf1fbf5e00 auth_reply(proto 2 0 (0) Success) v1 -1665>
2017-12-02 17:51:48.098291 7f794074f700 1 -- 10.1.80.4:6789/0 --> 10.1.80.3:0/525069383 -- auth_reply(proto 2 0 (0) Success) v1 -- 0x55cf1fbf5e00 con 0 -1664>
2017-12-02 17:51:48.098502 7f793c747700 5 -- 10.1.80.4:6789/0 >> 10.1.80.3:0/525069383 conn(0x55cf1fcc3000 :6789 s=STATE_OPEN_MESSAGE_READ_FOOTER_AND_DISPATCH pgs=2 cs=1 l=1). rx client.? seq 3 0x55cf1fbf5e00 auth(proto 2 165 bytes epoch 0) v1 -1663>
2017-12-02 17:51:48.098527 7f794074f700 1 -- 10.1.80.4:6789/0 <== client.? 10.1.80.3:0/525069383 3 ==== auth(proto 2 165 bytes epoch 0) v1 ==== 195+0+0 (4107954877 0 0) 0x55cf1fbf5e00 con 0x55cf1fcc3000 -1662>
2017-12-02 17:51:48.098536 7f794074f700 5 mon.c1n4@3(peon).paxos(paxos active c 1193506..1194159) is_readable = 1 - now=2017-12-02 17:51:48.098536 lease_expire=2017-12-02 17:51:51.390752 has v0 lc 1194159 -1661>
2017-12-02 17:51:48.098660 7f794074f700 2 mon.c1n4@3(peon) e4 send_reply 0x55cf1fd0e780 0x55cf1fbf5180 auth_reply(proto 2 0 (0) Success) v1 -1660>
2017-12-02 17:51:48.098666 7f794074f700 1 -- 10.1.80.4:6789/0 --> 10.1.80.3:0/525069383 -- auth_reply(proto 2 0 (0) Success) v1 -- 0x55cf1fbf5180 con 0 -1659>
2017-12-02 17:51:48.098934 7f793c747700 5 -- 10.1.80.4:6789/0 >> 10.1.80.3:0/525069383 conn(0x55cf1fcc3000 :6789 s=STATE_OPEN_MESSAGE_READ_FOOTER_AND_DISPATCH pgs=2 cs=1 l=1). rx client.? seq 4 0x55cf201b86c0 mon_subscribe({monmap=0+}) v2 -1658>
2017-12-02 17:51:48.098994 7f793c747700 5 -- 10.1.80.4:6789/0 >> 10.1.80.3:0/525069383 conn(0x55cf1fcc3000 :6789 s=STATE_OPEN_MESSAGE_READ_FOOTER_AND_DISPATCH pgs=2 cs=1 l=1). rx client.8094163 seq 5 0x55cf201b8900 mon_subscribe({mgrmap=0+}) v2 -1657>
2017-12-02 17:51:48.098993 7f794074f700 1 -- 10.1.80.4:6789/0 <== client.? 10.1.80.3:0/525069383 4 ==== mon_subscribe({monmap=0+}) v2 ==== 23+0+0 (1620593354 0 0) 0x55cf201b86c0 con 0x55cf1fcc3000 -1656>
2017-12-02 17:51:48.099043 7f794074f700 1 -- 10.1.80.4:6789/0 --> 10.1.80.3:0/525069383 -- mon_map magic: 0 v1 -- 0x55cf1fbf5e00 con 0 -1655>
2017-12-02 17:51:48.099079 7f794074f700 1 -- 10.1.80.4:6789/0 <== client.8094163 10.1.80.3:0/525069383 5 ==== mon_subscribe({mgrmap=0+}) v2 ==== 23+0+0 (2287485974 0 0) 0x55cf201b8900 con 0x55cf1fcc3000 -1654>
2017-12-02 17:51:48.099103 7f794074f700 1 -- 10.1.80.4:6789/0 --> 10.1.80.3:0/525069383 -- mgrmap(e 219) v1 -- 0x55cf1f54d500 con 0 -1653>
2017-12-02 17:51:48.099102 7f793c747700 5 -- 10.1.80.4:6789/0 >> 10.1.80.3:0/525069383 conn(0x55cf1fcc3000 :6789 s=STATE_OPEN_MESSAGE_READ_FOOTER_AND_DISPATCH pgs=2 cs=1 l=1). rx client.8094163 seq 6 0x55cf201b8b40 mon_subscribe({osdmap=0}) v2 -1652>
2017-12-02 17:51:48.099122 7f794074f700 1 -- 10.1.80.4:6789/0 <== client.8094163 10.1.80.3:0/525069383 6 ==== mon_subscribe({osdmap=0}) v2 ==== 23+0+0 (319581110 0 0) 0x55cf201b8b40 con 0x55cf1fcc3000 -1651>
2017-12-02 17:51:48.099142 7f794074f700 1 -- 10.1.80.4:6789/0 --> 10.1.80.3:0/525069383 -- osd_map(2982..2982 src has 2466..2982) v3 -- 0x55cf1fbf4a00 con 0 -1650>
2017-12-02 17:51:48.099676 7f793c747700 5 -- 10.1.80.4:6789/0 >> 10.1.80.3:0/525069383 conn(0x55cf1fcc3000 :6789 s=STATE_OPEN_MESSAGE_READ_FOOTER_AND_DISPATCH pgs=2 cs=1 l=1). rx client.8094163 seq 7 0x55cf201b8d80 getpoolstats(1 ceph v0) v1 -1649>
2017-12-02 17:51:48.099719 7f794074f700 1 -- 10.1.80.4:6789/0 <== client.8094163 10.1.80.3:0/525069383 7 ==== getpoolstats(1 ceph v0) v1 ==== 46+0+0 (2788013228 0 0) 0x55cf201b8d80 con 0x55cf1fcc3000 -1648>
2017-12-02 17:51:48.099735 7f794074f700 5 mon.c1n4@3(peon).paxos(paxos active c 1193506..1194159) is_readable = 1 - now=2017-12-02 17:51:48.099736 lease_expire=2017-12-02 17:51:51.390752 has v0 lc 1194159 -1647>
2017-12-02 17:51:48.099751 7f794074f700 2 mon.c1n4@3(peon) e4 send_reply 0x55cf1fd0e780 0x55cf1fbf6580 getpoolstatsreply(1 v946089) v1 -1646>
2017-12-02 17:51:48.099754 7f794074f700 1 -- 10.1.80.4:6789/0 --> 10.1.80.3:0/525069383 -- getpoolstatsreply(1 v946089) v1 -- 0x55cf1fbf6580 con 0 -1645>
2017-12-02 17:51:48.099986 7f793c747700 5 -- 10.1.80.4:6789/0 >> 10.1.80.3:0/525069383 conn(0x55cf1fcc3000 :6789 s=STATE_OPEN_MESSAGE_READ_FOOTER_AND_DISPATCH pgs=2 cs=1 l=1). rx client.8094163 seq 8 0x55cf201b8fc0 statfs(2 pool -1 v946089) v2 -1644>
2017-12-02 17:51:48.099999 7f794074f700 1 -- 10.1.80.4:6789/0 <== client.8094163 10.1.80.3:0/525069383 8 ==== statfs(2 pool -1 v946089) v2 ==== 35+0+0 (4139161146 0 0) 0x55cf201b8fc0 con 0x55cf1fcc3000 -1643>
2017-12-02 17:51:48.100007 7f794074f700 5 mon.c1n4@3(peon).paxos(paxos active c 1193506..1194159) is_readable = 1 - now=2017-12-02 17:51:48.100008 lease_expire=2017-12-02 17:51:51.390752 has v0 lc 1194159 -1642>
2017-12-02 17:51:48.100016 7f794074f700 2 mon.c1n4@3(peon) e4 send_reply 0x55cf1fd0e780 0x55cf201b8d80 statfs_reply(2) v1 -1641>
2017-12-02 17:51:48.100020 7f794074f700 1 -- 10.1.80.4:6789/0 --> 10.1.80.3:0/525069383 -- statfs_reply(2) v1 -- 0x55cf201b8d80 con 0 -1640>
2017-12-02 17:51:48.100444 7f793c747700 1 -- 10.1.80.4:6789/0 >> 10.1.80.3:0/525069383 conn(0x55cf1fcc3000 :6789 s=STATE_OPEN pgs=2 cs=1 l=1).read_bulk peer close file descriptor 34 -1639>
2017-12-02 17:51:48.100451 7f793c747700 1 -- 10.1.80.4:6789/0 >> 10.1.80.3:0/525069383 conn(0x55cf1fcc3000 :6789 s=STATE_OPEN pgs=2 cs=1 l=1).read_until read failed -1638>
2017-12-02 17:51:48.100456 7f793c747700 1 -- 10.1.80.4:6789/0 >> 10.1.80.3:0/525069383 conn(0x55cf1fcc3000 :6789 s=STATE_OPEN pgs=2 cs=1 l=1).process read tag failed -1637>
2017-12-02 17:51:48.100460 7f793c747700 1 -- 10.1.80.4:6789/0 >> 10.1.80.3:0/525069383 conn(0x55cf1fcc3000 :6789 s=STATE_OPEN pgs=2 cs=1 l=1).fault on lossy channel, failing -1636>
2017-12-02 17:51:48.100464 7f793c747700 2 -- 10.1.80.4:6789/0 >> 10.1.80.3:0/525069383 conn(0x55cf1fcc3000 :6789 s=STATE_OPEN pgs=2 cs=1 l=1)._stop -1635>
2017-12-02 17:51:48.128925 7f793c747700 1 -- 10.1.80.4:6789/0 >> - conn(0x55cf1fcc1800 :6789 s=STATE_ACCEPTING pgs=0 cs=0 l=0)._process_connection sd=34 - -1634>
2017-12-02 17:51:48.129105 7f793c747700 2 -- 10.1.80.4:6789/0 >> 10.1.80.3:0/1864459805 conn(0x55cf1fcc1800 :6789 s=STATE_ACCEPTING_WAIT_SEQ pgs=2 cs=1 l=1).handle_connect_msg accept write reply msg done -1633>
2017-12-02 17:51:48.129174 7f793c747700 2 -- 10.1.80.4:6789/0 >> 10.1.80.3:0/1864459805 conn(0x55cf1fcc1800 :6789 s=STATE_ACCEPTING_WAIT_SEQ pgs=2 cs=1 l=1)._process_connection accept get newly_acked_seq 0 -1632>
2017-12-02 17:51:48.129212 7f793c747700 5 -- 10.1.80.4:6789/0 >> 10.1.80.3:0/1864459805 conn(0x55cf1fcc1800 :6789 s=STATE_OPEN_MESSAGE_READ_FOOTER_AND_DISPATCH pgs=2 cs=1 l=1). rx client.? seq 1 0x55cf1fbf6580 auth(proto 0 30 bytes epoch 0) v1 -1631>
2017-12-02 17:51:48.129226 7f794074f700 1 -- 10.1.80.4:6789/0 <== client.? 10.1.80.3:0/1864459805 1 ==== auth(proto 0 30 bytes epoch 0) v1 ==== 60+0+0 (673663173 0 0) 0x55cf1fbf6580 con 0x55cf1fcc1800 -1630>
2017-12-02 17:51:48.129244 7f794074f700 5 mon.c1n4@3(peon).paxos(paxos active c 1193506..1194159) is_readable = 1 - now=2017-12-02 17:51:48.129244 lease_expire=2017-12-02 17:51:51.390752 has v0 lc 1194159 -1629>
2017-12-02 17:51:48.129268 7f794074f700 1 -- 10.1.80.4:6789/0 --> 10.1.80.3:0/1864459805 -- mon_map magic: 0 v1 -- 0x55cf1fbf6800 con 0 -1628>
2017-12-02 17:51:48.129289 7f794074f700 2 mon.c1n4@3(peon) e4 send_reply 0x55cf1fd0e780 0x55cf1fbf6a80 auth_reply(proto 2 0 (0) Success) v1 -1627>
2017-12-02 17:51:48.129296 7f794074f700 1 -- 10.1.80.4:6789/0 --> 10.1.80.3:0/1864459805 -- auth_reply(proto 2 0 (0) Success) v1 -- 0x55cf1fbf6a80 con 0 -1626>
2017-12-02 17:51:48.129824 7f793c747700 5 -- 10.1.80.4:6789/0 >> 10.1.80.3:0/1864459805 conn(0x55cf1fcc1800 :6789 s=STATE_OPEN_MESSAGE_READ_FOOTER_AND_DISPATCH pgs=2 cs=1 l=1). rx client.? seq 2 0x55cf1fbf6a80 auth(proto 2 32 bytes epoch 0) v1 -1625>
2017-12-02 17:51:48.129868 7f794074f700 1 -- 10.1.80.4:6789/0 <== client.? 10.1.80.3:0/1864459805 2 ==== auth(proto 2 32 bytes epoch 0) v1 ==== 62+0+0 (1323806851 0 0) 0x55cf1fbf6a80 con 0x55cf1fcc1800 -1624>
2017-12-02 17:51:48.129884 7f794074f700 5 mon.c1n4@3(peon).paxos(paxos active c 1193506..1194159) is_readable = 1 - now=2017-12-02 17:51:48.129884 lease_expire=2017-12-02 17:51:51.390752 has v0 lc 1194159 -1623>
2017-12-02 17:51:48.129964 7f794074f700 2 mon.c1n4@3(peon) e4 send_reply 0x55cf1fd0e780 0x55cf1fbf6580 auth_reply(proto 2 0 (0) Success) v1 -1622>
2017-12-02 17:51:48.129972 7f794074f700 1 -- 10.1.80.4:6789/0 --> 10.1.80.3:0/1864459805 -- auth_reply(proto 2 0 (0) Success) v1 -- 0x55cf1fbf6580 con 0 -1621>
2017-12-02 17:51:48.130274 7f793c747700 5 -- 10.1.80.4:6789/0 >> 10.1.80.3:0/1864459805 conn(0x55cf1fcc1800 :6789 s=STATE_OPEN_MESSAGE_READ_FOOTER_AND_DISPATCH pgs=2 cs=1 l=1). rx client.? seq 3 0x55cf1fbf6580 auth(proto 2 165 bytes epoch 0) v1 -1620>
2017-12-02 17:51:48.130334 7f794074f700 1 -- 10.1.80.4:6789/0 <== client.? 10.1.80.3:0/1864459805 3 ==== auth(proto 2 165 bytes epoch 0) v1 ==== 195+0+0 (876061601 0 0) 0x55cf1fbf6580 con 0x55cf1fcc1800 -1619>
2017-12-02 17:51:48.130369 7f794074f700 5 mon.c1n4@3(peon).paxos(paxos active c 1193506..1194159) is_readable = 1 - now=2017-12-02 17:51:48.130369 lease_expire=2017-12-02 17:51:51.390752 has v0 lc 1194159 -1618>
2017-12-02 17:51:48.130508 7f794074f700 2 mon.c1n4@3(peon) e4 send_reply 0x55cf1fd0e780 0x55cf1fbf6a80 auth_reply(proto 2 0 (0) Success) v1 -1617>
2017-12-02 17:51:48.130515 7f794074f700 1 -- 10.1.80.4:6789/0 --> 10.1.80.3:0/1864459805 -- auth_reply(proto 2 0 (0) Success) v1 -- 0x55cf1fbf6a80 con 0 -1616>
2017-12-02 17:51:48.130694 7f793c747700 1 -- 10.1.80.4:6789/0 >> 10.1.80.3:0/1864459805 conn(0x55cf1fcc1800 :6789 s=STATE_OPEN pgs=2 cs=1 l=1).read_bulk peer close file descriptor 34 -1615>
2017-12-02 17:51:48.130701 7f793c747700 1 -- 10.1.80.4:6789/0 >> 10.1.80.3:0/1864459805 conn(0x55cf1fcc1800 :6789 s=STATE_OPEN pgs=2 cs=1 l=1).read_until read failed -1614>
2017-12-02 17:51:48.130705 7f793c747700 1 -- 10.1.80.4:6789/0 >> 10.1.80.3:0/1864459805 conn(0x55cf1fcc1800 :6789 s=STATE_OPEN pgs=2 cs=1 l=1).process read tag failed -1613>
2017-12-02 17:51:48.130710 7f793c747700 1 -- 10.1.80.4:6789/0 >> 10.1.80.3:0/1864459805 conn(0x55cf1fcc1800 :6789 s=STATE_OPEN pgs=2 cs=1 l=1).fault on lossy channel, failing -1612>
2017-12-02 17:51:48.130714 7f793c747700 2 -- 10.1.80.4:6789/0 >> 10.1.80.3:0/1864459805 conn(0x55cf1fcc1800 :6789 s=STATE_OPEN pgs=2 cs=1 l=1)._stop -1611>
2017-12-02 17:51:48.389569 7f793c747700 5 -- 10.1.80.4:6789/0 >> 10.1.80.1:6789/0 conn(0x55cf1fade000 :-1 s=STATE_OPEN_MESSAGE_READ_FOOTER_AND_DISPATCH pgs=851208 cs=1 l=0). rx mon.0 seq 1526133459 0x55cf201b4680 paxos(begin lc 1194159 fc 0 pn 21200 opn 0) v4 -1610>
2017-12-02 17:51:48.389651 7f794074f700 1 -- 10.1.80.4:6789/0 <== mon.0 10.1.80.1:6789/0 1526133459 ==== paxos(begin lc 1194159 fc 0 pn 21200 opn 0) v4 ==== 2562+0+0 (4136758375 0 0) 0x55cf201b4680 con 0x55cf1fade000 -1609>
2017-12-02 17:51:48.390372 7f794074f700 1 -- 10.1.80.4:6789/0 --> 10.1.80.1:6789/0 -- paxos(accept lc 1194159 fc 0 pn 21200 opn 0) v4 -- 0x55cf201b49c0 con 0 -1608>
2017-12-02 17:51:48.391229 7f793c747700 5 -- 10.1.80.4:6789/0 >> 10.1.80.1:6789/0 conn(0x55cf1fade000 :-1 s=STATE_OPEN_MESSAGE_READ_FOOTER_AND_DISPATCH pgs=851208 cs=1 l=0). rx mon.0 seq 1526133460 0x55cf201b49c0 paxos(commit lc 1194160 fc 0 pn 21200 opn 0) v4 -1607>
2017-12-02 17:51:48.391300 7f794074f700 1 -- 10.1.80.4:6789/0 <== mon.0 10.1.80.1:6789/0 1526133460 ==== paxos(commit lc 1194160 fc 0 pn 21200 opn 0) v4 ==== 2562+0+0 (2293537317 0 0) 0x55cf201b49c0 con 0x55cf1fade000 -1606>
2017-12-02 17:51:48.391441 7f793c747700 5 -- 10.1.80.4:6789/0 >> 10.1.80.1:6789/0 conn(0x55cf1fade000 :-1 s=STATE_OPEN_MESSAGE_READ_FOOTER_AND_DISPATCH pgs=851208 cs=1 l=0). rx mon.0 seq 1526133461 0x55cf201b4d00 paxos(lease lc 1194160 fc 1193506 pn 0 opn 0) v4 -1605>
2017-12-02 17:51:48.392013 7f794074f700 4 mgrc handle_mgr_map Got map version 219 -1604>
2017-12-02 17:51:48.392021 7f794074f700 4 mgrc handle_mgr_map Active mgr is now 10.1.80.3:6832/18816 -1603>
2017-12-02 17:51:48.392171 7f794074f700 1 -- 10.1.80.4:6789/0 <== mon.0 10.1.80.1:6789/0 1526133461 ==== paxos(lease lc 1194160 fc 1193506 pn 0 opn 0) v4 ==== 84+0+0 (2453597922 0 0) 0x55cf201b4d00 con 0x55cf1fade000 -1602>
2017-12-02 17:51:48.392186 7f794074f700 1 -- 10.1.80.4:6789/0 --> 10.1.80.1:6789/0 -- paxos(lease_ack lc 1194160 fc 1193506 pn 0 opn 0) v4 -- 0x55cf201b49c0 con 0 -1601>
2017-12-02 17:51:48.392199 7f794074f700 5 mon.c1n4@3(peon).monmap v4 apply_mon_features wait for service to be writeable -1600>
2017-12-02 17:51:48.392222 7f794074f700 5 mon.c1n4@3(peon).paxos(paxos active c 1193506..1194160) is_readable = 1 - now=2017-12-02 17:51:48.392222 lease_expire=2017-12-02 17:51:53.391832 has v0 lc 1194160 -1599>
2017-12-02 17:51:48.515715 7f793d749700 5 -- 10.1.80.4:6789/0 >> 10.1.80.3:6789/0 conn(0x55cf1fae1000 :-1 s=STATE_OPEN_MESSAGE_READ_FOOTER_AND_DISPATCH pgs=787902 cs=1 l=0). rx mon.2 seq 1522966179 0x55cf1f740300 mon_health( service 1 op tell e 0 r 0 ) v1 -1598>
2017-12-02 17:51:48.515795 7f794074f700 1 -- 10.1.80.4:6789/0 <== mon.2 10.1.80.3:6789/0 1522966179 ==== mon_health( service 1 op tell e 0 r 0 ) v1 ==== 108+0+0 (467308640 0 0) 0x55cf1f740300 con 0x55cf1fae1000 -1597>
2017-12-02 17:51:48.928634 7f793c747700 1 -- 10.1.80.4:6789/0 >> - conn(0x55cf1fb7c800 :6789 s=STATE_ACCEPTING pgs=0 cs=0 l=0)._process_connection sd=34 - -1596>
