2017-12-02 17:51:08.289206 7f793c747700 2 -- 10.1.80.4:6789/0 >> 10.1.80.3:0/808827654 conn(0x55cf1fb7b000 :6789 s=STATE_ACCEPTING_WAIT_SEQ pgs=2 cs=1 l=1)._process_connection accept get newly_acked_seq 0 -2639>
2017-12-02 17:51:08.289281 7f793c747700 5 -- 10.1.80.4:6789/0 >> 10.1.80.3:0/808827654 conn(0x55cf1fb7b000 :6789 s=STATE_OPEN_MESSAGE_READ_FOOTER_AND_DISPATCH pgs=2 cs=1 l=1). rx client.? seq 1 0x55cf1f741980 auth(proto 0 30 bytes epoch 0) v1 -2638>
2017-12-02 17:51:08.289301 7f794074f700 1 -- 10.1.80.4:6789/0 <== client.? 10.1.80.3:0/808827654 1 ==== auth(proto 0 30 bytes epoch 0) v1 ==== 60+0+0 (673663173 0 0) 0x55cf1f741980 con 0x55cf1fb7b000 -2637>
2017-12-02 17:51:08.289327 7f794074f700 5 mon.c1n4@3(peon).paxos(paxos active c 1193506..1194128) is_readable = 1 - now=2017-12-02 17:51:08.289328 lease_expire=2017-12-02 17:51:11.217174 has v0 lc 1194128 -2636>
2017-12-02 17:51:08.289359 7f794074f700 1 -- 10.1.80.4:6789/0 _send_message--> mon.0 10.1.80.1:6789/0 -- global_id (8094096) v1 -- ?+0 0x55cf1f4beac0 -2635>
2017-12-02 17:51:08.289373 7f794074f700 1 -- 10.1.80.4:6789/0 --> 10.1.80.1:6789/0 -- global_id (8094096) v1 -- 0x55cf1f4beac0 con 0 -2634>
2017-12-02 17:51:08.291219 7f793c747700 1 -- 10.1.80.4:6789/0 >> 10.1.80.3:0/808827654 conn(0x55cf1fb7b000 :6789 s=STATE_OPEN pgs=2 cs=1 l=1).read_bulk peer close file descriptor 34 -2633>
2017-12-02 17:51:08.291247 7f793c747700 1 -- 10.1.80.4:6789/0 >> 10.1.80.3:0/808827654 conn(0x55cf1fb7b000 :6789 s=STATE_OPEN pgs=2 cs=1 l=1).read_until read failed -2632>
2017-12-02 17:51:08.291251 7f793c747700 1 -- 10.1.80.4:6789/0 >> 10.1.80.3:0/808827654 conn(0x55cf1fb7b000 :6789 s=STATE_OPEN pgs=2 cs=1 l=1).process read tag failed -2631>
2017-12-02 17:51:08.291255 7f793c747700 1 -- 10.1.80.4:6789/0 >> 10.1.80.3:0/808827654 conn(0x55cf1fb7b000 :6789 s=STATE_OPEN pgs=2 cs=1 l=1).fault on lossy channel, failing -2630>
2017-12-02 17:51:08.291260 7f793c747700 2 -- 10.1.80.4:6789/0 >> 10.1.80.3:0/808827654 conn(0x55cf1fb7b000 :6789 s=STATE_OPEN pgs=2 cs=1 l=1)._stop -2629>
2017-12-02 17:51:08.322478 7f793c747700 1 -- 10.1.80.4:6789/0 >> - conn(0x55cf1fb7c800 :6789 s=STATE_ACCEPTING pgs=0 cs=0 l=0)._process_connection sd=34 - -2628>
2017-12-02 17:51:08.322614 7f793c747700 2 -- 10.1.80.4:6789/0 >> 10.1.80.3:0/4273691500 conn(0x55cf1fb7c800 :6789 s=STATE_ACCEPTING_WAIT_SEQ pgs=1 cs=1 l=1).handle_connect_msg accept write reply msg done -2627>
2017-12-02 17:51:08.322684 7f793c747700 2 -- 10.1.80.4:6789/0 >> 10.1.80.3:0/4273691500 conn(0x55cf1fb7c800 :6789 s=STATE_ACCEPTING_WAIT_SEQ pgs=1 cs=1 l=1)._process_connection accept get newly_acked_seq 0 -2626>
2017-12-02 17:51:08.322769 7f793c747700 5 -- 10.1.80.4:6789/0 >> 10.1.80.3:0/4273691500 conn(0x55cf1fb7c800 :6789 s=STATE_OPEN_MESSAGE_READ_FOOTER_AND_DISPATCH pgs=1 cs=1 l=1). rx client.? seq 1 0x55cf1fbf4a00 auth(proto 0 30 bytes epoch 0) v1 -2625>
2017-12-02 17:51:08.322789 7f794074f700 1 -- 10.1.80.4:6789/0 <== client.? 10.1.80.3:0/4273691500 1 ==== auth(proto 0 30 bytes epoch 0) v1 ==== 60+0+0 (673663173 0 0) 0x55cf1fbf4a00 con 0x55cf1fb7c800 -2624>
2017-12-02 17:51:08.322812 7f794074f700 5 mon.c1n4@3(peon).paxos(paxos active c 1193506..1194128) is_readable = 1 - now=2017-12-02 17:51:08.322813 lease_expire=2017-12-02 17:51:11.217174 has v0 lc 1194128 -2623>
2017-12-02 17:51:08.322834 7f794074f700 1 -- 10.1.80.4:6789/0 _send_message--> mon.0 10.1.80.1:6789/0 -- global_id (8094096) v1 -- ?+0 0x55cf1f4bef40 -2622>
2017-12-02 17:51:08.322842 7f794074f700 1 -- 10.1.80.4:6789/0 --> 10.1.80.1:6789/0 -- global_id (8094096) v1 -- 0x55cf1f4bef40 con 0 -2621>
2017-12-02 17:51:08.668393 7f793c747700 5 -- 10.1.80.4:6789/0 >> 10.1.80.1:6789/0 conn(0x55cf1fade000 :-1 s=STATE_OPEN_MESSAGE_READ_FOOTER_AND_DISPATCH pgs=851208 cs=1 l=0). rx mon.0 seq 1526133361 0x55cf1fd4a700 paxos(begin lc 1194128 fc 0 pn 21200 opn 0) v4 -2620>
2017-12-02 17:51:08.668498 7f794074f700 1 -- 10.1.80.4:6789/0 <== mon.0 10.1.80.1:6789/0 1526133361 ==== paxos(begin lc 1194128 fc 0 pn 21200 opn 0) v4 ==== 2203+0+0 (91428152 0 0) 0x55cf1fd4a700 con 0x55cf1fade000 -2619>
2017-12-02 17:51:08.668806 7f793c747700 5 -- 10.1.80.4:6789/0 >> 10.1.80.1:6789/0 conn(0x55cf1fade000 :-1 s=STATE_OPEN_MESSAGE_READ_FOOTER_AND_DISPATCH pgs=851208 cs=1 l=0). rx mon.0 seq 1526133362 0x55cf1fbf4c80 time_check( report e 822 r 2 #skews 4 #latencies 4 ) v1 -2618>
2017-12-02 17:51:08.669168 7f794074f700 1 -- 10.1.80.4:6789/0 --> 10.1.80.1:6789/0 -- paxos(accept lc 1194128 fc 0 pn 21200 opn 0) v4 -- 0x55cf1fd4a3c0 con 0 -2617>
2017-12-02 17:51:08.669199 7f794074f700 1 -- 10.1.80.4:6789/0 <== mon.0 10.1.80.1:6789/0 1526133362 ==== time_check( report e 822 r 2 #skews 4 #latencies 4 ) v1 ==== 452+0+0 (1597719825 0 0) 0x55cf1fbf4c80 con 0x55cf1fade000 -2616>
2017-12-02 17:51:08.669965 7f793c747700 5 -- 10.1.80.4:6789/0 >> 10.1.80.1:6789/0 conn(0x55cf1fade000 :-1 s=STATE_OPEN_MESSAGE_READ_FOOTER_AND_DISPATCH pgs=851208 cs=1 l=0). rx mon.0 seq 1526133363 0x55cf1fd4a3c0 paxos(commit lc 1194129 fc 0 pn 21200 opn 0) v4 -2615>
2017-12-02 17:51:08.670020 7f794074f700 1 -- 10.1.80.4:6789/0 <== mon.0 10.1.80.1:6789/0 1526133363 ==== paxos(commit lc 1194129 fc 0 pn 21200 opn 0) v4 ==== 2203+0+0 (4096895696 0 0) 0x55cf1fd4a3c0 con 0x55cf1fade000 -2614>
2017-12-02 17:51:08.670218 7f793c747700 5 -- 10.1.80.4:6789/0 >> 10.1.80.1:6789/0 conn(0x55cf1fade000 :-1 s=STATE_OPEN_MESSAGE_READ_FOOTER_AND_DISPATCH pgs=851208 cs=1 l=0). rx mon.0 seq 1526133364 0x55cf1fd4b0c0 paxos(lease lc 1194129 fc 1193506 pn 0 opn 0) v4 -2613>
2017-12-02 17:51:08.670781 7f793c747700 5 -- 10.1.80.4:6789/0 >> 10.1.80.1:6789/0 conn(0x55cf1fade000 :-1 s=STATE_OPEN_MESSAGE_READ_FOOTER_AND_DISPATCH pgs=851208 cs=1 l=0). rx mon.0 seq 1526133365 0x55cf1fd4b400 paxos(begin lc 1194129 fc 0 pn 21200 opn 0) v4 -2612>
2017-12-02 17:51:08.670853 7f794074f700 4 mgrc handle_mgr_map Got map version 219 -2611>
2017-12-02 17:51:08.670876 7f794074f700 4 mgrc handle_mgr_map Active mgr is now 10.1.80.3:6832/18816 -2610>
2017-12-02 17:51:08.671008 7f794074f700 5 mon.c1n4@3(peon).paxos(paxos updating c 1193506..1194129) is_readable = 0 - now=2017-12-02 17:51:08.671009 lease_expire=0.000000 has v0 lc 1194129 -2609>
2017-12-02 17:51:08.671022 7f794074f700 5 mon.c1n4@3(peon).paxos(paxos updating c 1193506..1194129) is_readable = 0 - now=2017-12-02 17:51:08.671023 lease_expire=0.000000 has v0 lc 1194129 -2608>
2017-12-02 17:51:08.671068 7f794074f700 1 -- 10.1.80.4:6789/0 <== mon.0 10.1.80.1:6789/0 1526133364 ==== paxos(lease lc 1194129 fc 1193506 pn 0 opn 0) v4 ==== 84+0+0 (3620466334 0 0) 0x55cf1fd4b0c0 con 0x55cf1fade000 -2607>
2017-12-02 17:51:08.671084 7f794074f700 1 -- 10.1.80.4:6789/0 --> 10.1.80.1:6789/0 -- paxos(lease_ack lc 1194129 fc 1193506 pn 0 opn 0) v4 -- 0x55cf1fd4a3c0 con 0 -2606>
2017-12-02 17:51:08.671118 7f794074f700 5 mon.c1n4@3(peon).monmap v4 apply_mon_features wait for service to be writeable -2605>
2017-12-02 17:51:08.671136 7f794074f700 5 mon.c1n4@3(peon).paxos(paxos active c 1193506..1194129) is_readable = 1 - now=2017-12-02 17:51:08.671137 lease_expire=2017-12-02 17:51:13.670613 has v0 lc 1194129 -2604>
2017-12-02 17:51:08.671143 7f794074f700 5 mon.c1n4@3(peon).paxos(paxos active c 1193506..1194129) is_readable = 1 - now=2017-12-02 17:51:08.671144 lease_expire=2017-12-02 17:51:13.670613 has v0 lc 1194129 -2603>
2017-12-02 17:51:08.671156 7f794074f700 1 -- 10.1.80.4:6789/0 _send_message--> mon.0 10.1.80.1:6789/0 -- global_id (8094096) v1 -- ?+0 0x55cf1f4bdf80 -2602>
2017-12-02 17:51:08.671164 7f794074f700 1 -- 10.1.80.4:6789/0 --> 10.1.80.1:6789/0 -- global_id (8094096) v1 -- 0x55cf1f4bdf80 con 0 -2601>
2017-12-02 17:51:08.671176 7f794074f700 1 -- 10.1.80.4:6789/0 <== mon.0 10.1.80.1:6789/0 1526133365 ==== paxos(begin lc 1194129 fc 0 pn 21200 opn 0) v4 ==== 13482+0+0 (1237604550 0 0) 0x55cf1fd4b400 con 0x55cf1fade000 -2600>
2017-12-02 17:51:08.671656 7f793c747700 1 -- 10.1.80.4:6789/0 >> 10.1.80.3:0/4273691500 conn(0x55cf1fb7c800 :6789 s=STATE_OPEN pgs=1 cs=1 l=1).read_bulk peer close file descriptor 34 -2599>
2017-12-02 17:51:08.671669 7f793c747700 1 -- 10.1.80.4:6789/0 >> 10.1.80.3:0/4273691500 conn(0x55cf1fb7c800 :6789 s=STATE_OPEN pgs=1 cs=1 l=1).read_until read failed -2598>
2017-12-02 17:51:08.671677 7f793c747700 1 -- 10.1.80.4:6789/0 >> 10.1.80.3:0/4273691500 conn(0x55cf1fb7c800 :6789 s=STATE_OPEN pgs=1 cs=1 l=1).process read tag failed -2597>
2017-12-02 17:51:08.671683 7f793c747700 1 -- 10.1.80.4:6789/0 >> 10.1.80.3:0/4273691500 conn(0x55cf1fb7c800 :6789 s=STATE_OPEN pgs=1 cs=1 l=1).fault on lossy channel, failing -2596>
2017-12-02 17:51:08.671688 7f793c747700 2 -- 10.1.80.4:6789/0 >> 10.1.80.3:0/4273691500 conn(0x55cf1fb7c800 :6789 s=STATE_OPEN pgs=1 cs=1 l=1)._stop -2595>
2017-12-02 17:51:08.671691 7f794074f700 1 -- 10.1.80.4:6789/0 --> 10.1.80.1:6789/0 -- paxos(accept lc 1194129 fc 0 pn 21200 opn 0) v4 -- 0x55cf1fd4b0c0 con 0 -2594>
2017-12-02 17:51:08.672615 7f793c747700 5 -- 10.1.80.4:6789/0 >> 10.1.80.1:6789/0 conn(0x55cf1fade000 :-1 s=STATE_OPEN_MESSAGE_READ_FOOTER_AND_DISPATCH pgs=851208 cs=1 l=0). rx mon.0 seq 1526133366 0x55cf1fd4b0c0 paxos(commit lc 1194130 fc 0 pn 21200 opn 0) v4 -2593>
2017-12-02 17:51:08.672684 7f794074f700 1 -- 10.1.80.4:6789/0 <== mon.0 10.1.80.1:6789/0 1526133366 ==== paxos(commit lc 1194130 fc 0 pn 21200 opn 0) v4 ==== 13482+0+0 (39261330 0 0) 0x55cf1fd4b0c0 con 0x55cf1fade000 -2592>
2017-12-02 17:51:08.672801 7f793c747700 5 -- 10.1.80.4:6789/0 >> 10.1.80.1:6789/0 conn(0x55cf1fade000 :-1 s=STATE_OPEN_MESSAGE_READ_FOOTER_AND_DISPATCH pgs=851208 cs=1 l=0). rx mon.0 seq 1526133367 0x55cf1fd4a3c0 paxos(lease lc 1194130 fc 1193506 pn 0 opn 0) v4 -2591>
2017-12-02 17:51:08.673726 7f794074f700 4 mgrc handle_mgr_map Got map version 219 -2590>
2017-12-02 17:51:08.673732 7f794074f700 4 mgrc handle_mgr_map Active mgr is now 10.1.80.3:6832/18816 -2589>
2017-12-02 17:51:08.673803 7f794074f700 1 -- 10.1.80.4:6789/0 <== mon.0 10.1.80.1:6789/0 1526133367 ==== paxos(lease lc 1194130 fc 1193506 pn 0 opn 0) v4 ==== 84+0+0 (1435198366 0 0) 0x55cf1fd4a3c0 con 0x55cf1fade000 -2588>
2017-12-02 17:51:08.673818 7f794074f700 1 -- 10.1.80.4:6789/0 --> 10.1.80.1:6789/0 -- paxos(lease_ack lc 1194130 fc 1193506 pn 0 opn 0) v4 -- 0x55cf1fd49a00 con 0 -2587>
2017-12-02 17:51:08.673831 7f794074f700 5 mon.c1n4@3(peon).monmap v4 apply_mon_features wait for service to be writeable -2586>
2017-12-02 17:51:08.673835 7f794074f700 5 mon.c1n4@3(peon).paxos(paxos active c 1193506..1194130) is_readable = 1 - now=2017-12-02 17:51:08.673835 lease_expire=2017-12-02 17:51:13.673185 has v0 lc 1194130 -2585>
2017-12-02 17:51:08.674462 7f793c747700 5 -- 10.1.80.4:6789/0 >> 10.1.80.1:6789/0 conn(0x55cf1fade000 :-1 s=STATE_OPEN_MESSAGE_READ_FOOTER_AND_DISPATCH pgs=851208 cs=1 l=0). rx mon.0 seq 1526133368 0x55cf1fd49a00 paxos(begin lc 1194130 fc 0 pn 21200 opn 0) v4 -2584>
2017-12-02 17:51:08.674514 7f794074f700 1 -- 10.1.80.4:6789/0 <== mon.0 10.1.80.1:6789/0 1526133368 ==== paxos(begin lc 1194130 fc 0 pn 21200 opn 0) v4 ==== 6594+0+0 (649357204 0 0) 0x55cf1fd49a00 con 0x55cf1fade000 -2583>
2017-12-02 17:51:08.674887 7f794074f700 1 -- 10.1.80.4:6789/0 --> 10.1.80.1:6789/0 -- paxos(accept lc 1194130 fc 0 pn 21200 opn 0) v4 -- 0x55cf1fd4a3c0 con 0 -2582>
2017-12-02 17:51:08.676089 7f793c747700 5 -- 10.1.80.4:6789/0 >> 10.1.80.1:6789/0 conn(0x55cf1fade000 :-1 s=STATE_OPEN_MESSAGE_READ_FOOTER_AND_DISPATCH pgs=851208 cs=1 l=0). rx mon.0 seq 1526133369 0x55cf1fd4a3c0 paxos(commit lc 1194131 fc 0 pn 21200 opn 0) v4 -2581>
2017-12-02 17:51:08.676134 7f793c747700 5 -- 10.1.80.4:6789/0 >> 10.1.80.1:6789/0 conn(0x55cf1fade000 :-1 s=STATE_OPEN_MESSAGE_READ_FOOTER_AND_DISPATCH pgs=851208 cs=1 l=0). rx mon.0 seq 1526133370 0x55cf1fd4b740 paxos(lease lc 1194131 fc 1193506 pn 0 opn 0) v4 -2580>
2017-12-02 17:51:08.676136 7f794074f700 1 -- 10.1.80.4:6789/0 <== mon.0 10.1.80.1:6789/0 1526133369 ==== paxos(commit lc 1194131 fc 0 pn 21200 opn 0) v4 ==== 6594+0+0 (2201889852 0 0) 0x55cf1fd4a3c0 con 0x55cf1fade000 -2579>
2017-12-02 17:51:08.676413 7f793c747700 5 -- 10.1.80.4:6789/0 >> 10.1.80.1:6789/0 conn(0x55cf1fade000 :-1 s=STATE_OPEN_MESSAGE_READ_FOOTER_AND_DISPATCH pgs=851208 cs=1 l=0). rx mon.0 seq 1526133371 0x55cf1fd4ba80 paxos(begin lc 1194131 fc 0 pn 21200 opn 0) v4 -2578>
2017-12-02 17:51:08.676738 7f794074f700 4 mgrc handle_mgr_map Got map version 219 -2577>
2017-12-02 17:51:08.676743 7f794074f700 4 mgrc handle_mgr_map Active mgr is now 10.1.80.3:6832/18816 -2576>
2017-12-02 17:51:08.676842 7f794074f700 1 -- 10.1.80.4:6789/0 <== mon.0 10.1.80.1:6789/0 1526133370 ==== paxos(lease lc 1194131 fc 1193506 pn 0 opn 0) v4 ==== 84+0+0 (587518554 0 0) 0x55cf1fd4b740 con 0x55cf1fade000 -2575>
2017-12-02 17:51:08.676857 7f794074f700 1 -- 10.1.80.4:6789/0 --> 10.1.80.1:6789/0 -- paxos(lease_ack lc 1194131 fc 1193506 pn 0 opn 0) v4 -- 0x55cf1fd4a3c0 con 0 -2574>
2017-12-02 17:51:08.676870 7f794074f700 5 mon.c1n4@3(peon).monmap v4 apply_mon_features wait for service to be writeable -2573>
2017-12-02 17:51:08.676873 7f794074f700 5 mon.c1n4@3(peon).paxos(paxos active c 1193506..1194131) is_readable = 1 - now=2017-12-02 17:51:08.676874 lease_expire=2017-12-02 17:51:13.676456 has v0 lc 1194131 -2572>
2017-12-02 17:51:08.676886 7f794074f700 1 -- 10.1.80.4:6789/0 <== mon.0 10.1.80.1:6789/0 1526133371 ==== paxos(begin lc 1194131 fc 0 pn 21200 opn 0) v4 ==== 270+0+0 (2527246061 0 0) 0x55cf1fd4ba80 con 0x55cf1fade000 -2571>
2017-12-02 17:51:08.677258 7f794074f700 1 -- 10.1.80.4:6789/0 --> 10.1.80.1:6789/0 -- paxos(accept lc 1194131 fc 0 pn 21200 opn 0) v4 -- 0x55cf1fd4b740 con 0 -2570>
2017-12-02 17:51:08.677944 7f793c747700 5 -- 10.1.80.4:6789/0 >> 10.1.80.1:6789/0 conn(0x55cf1fade000 :-1 s=STATE_OPEN_MESSAGE_READ_FOOTER_AND_DISPATCH pgs=851208 cs=1 l=0). rx mon.0 seq 1526133372 0x55cf1fd4b740 paxos(commit lc 1194132 fc 0 pn 21200 opn 0) v4 -2569>
2017-12-02 17:51:08.678007 7f794074f700 1 -- 10.1.80.4:6789/0 <== mon.0 10.1.80.1:6789/0 1526133372 ==== paxos(commit lc 1194132 fc 0 pn 21200 opn 0) v4 ==== 270+0+0 (2619474937 0 0) 0x55cf1fd4b740 con 0x55cf1fade000 -2568>
2017-12-02 17:51:08.678030 7f793c747700 5 -- 10.1.80.4:6789/0 >> 10.1.80.1:6789/0 conn(0x55cf1fade000 :-1 s=STATE_OPEN_MESSAGE_READ_FOOTER_AND_DISPATCH pgs=851208 cs=1 l=0). rx mon.0 seq 1526133373 0x55cf1fd4a3c0 paxos(lease lc 1194132 fc 1193506 pn 0 opn 0) v4 -2567>
2017-12-02 17:51:08.678429 7f794074f700 4 mgrc handle_mgr_map Got map version 219 -2566>
2017-12-02 17:51:08.678434 7f794074f700 4 mgrc handle_mgr_map Active mgr is now 10.1.80.3:6832/18816 -2565>
2017-12-02 17:51:08.678499 7f794074f700 1 -- 10.1.80.4:6789/0 <== mon.0 10.1.80.1:6789/0 1526133373 ==== paxos(lease lc 1194132 fc 1193506 pn 0 opn 0) v4 ==== 84+0+0 (1495066809 0 0) 0x55cf1fd4a3c0 con 0x55cf1fade000 -2564>
2017-12-02 17:51:08.678511 7f794074f700 1 -- 10.1.80.4:6789/0 --> 10.1.80.1:6789/0 -- paxos(lease_ack lc 1194132 fc 1193506 pn 0 opn 0) v4 -- 0x55cf1fd4b0c0 con 0 -2563>
2017-12-02 17:51:08.678523 7f794074f700 5 mon.c1n4@3(peon).monmap v4 apply_mon_features wait for service to be writeable -2562>
2017-12-02 17:51:08.678527 7f794074f700 5 mon.c1n4@3(peon).paxos(paxos active c 1193506..1194132) is_readable = 1 - now=2017-12-02 17:51:08.678527 lease_expire=2017-12-02 17:51:13.678453 has v0 lc 1194132 -2561>
2017-12-02 17:51:09.673517 7f793c747700 5 -- 10.1.80.4:6789/0 >> 10.1.80.1:6789/0 conn(0x55cf1fade000 :-1 s=STATE_OPEN_MESSAGE_READ_FOOTER_AND_DISPATCH pgs=851208 cs=1 l=0). rx mon.0 seq 1526133374 0x55cf1fd4b0c0 paxos(begin lc 1194132 fc 0 pn 21200 opn 0) v4 -2560>
2017-12-02 17:51:09.673600 7f794074f700 1 -- 10.1.80.4:6789/0 <== mon.0 10.1.80.1:6789/0 1526133374 ==== paxos(begin lc 1194132 fc 0 pn 21200 opn 0) v4 ==== 2566+0+0 (3108658185 0 0) 0x55cf1fd4b0c0 con 0x55cf1fade000 -2559>
2017-12-02 17:51:09.674185 7f794074f700 1 -- 10.1.80.4:6789/0 --> 10.1.80.1:6789/0 -- paxos(accept lc 1194132 fc 0 pn 21200 opn 0) v4 -- 0x55cf1fd4a3c0 con 0 -2558>
2017-12-02 17:51:09.675250 7f793c747700 5 -- 10.1.80.4:6789/0 >> 10.1.80.1:6789/0 conn(0x55cf1fade000 :-1 s=STATE_OPEN_MESSAGE_READ_FOOTER_AND_DISPATCH pgs=851208 cs=1 l=0). rx mon.0 seq 1526133375 0x55cf1fd4a3c0 paxos(commit lc 1194133 fc 0 pn 21200 opn 0) v4 -2557>
2017-12-02 17:51:09.675337 7f794074f700 1 -- 10.1.80.4:6789/0 <== mon.0 10.1.80.1:6789/0 1526133375 ==== paxos(commit lc 1194133 fc 0 pn 21200 opn 0) v4 ==== 2566+0+0 (3255946228 0 0) 0x55cf1fd4a3c0 con 0x55cf1fade000 -2556>
2017-12-02 17:51:09.675449 7f793c747700 5 -- 10.1.80.4:6789/0 >> 10.1.80.1:6789/0 conn(0x55cf1fade000 :-1 s=STATE_OPEN_MESSAGE_READ_FOOTER_AND_DISPATCH pgs=851208 cs=1 l=0). rx mon.0 seq 1526133376 0x55cf1fb00000 paxos(lease lc 1194133 fc 1193506 pn 0 opn 0) v4 -2555>
2017-12-02 17:51:09.676009 7f794074f700 4 mgrc handle_mgr_map Got map version 219 -2554>
2017-12-02 17:51:09.676010 7f793c747700 5 -- 10.1.80.4:6789/0 >> 10.1.80.1:6789/0 conn(0x55cf1fade000 :-1 s=STATE_OPEN_MESSAGE_READ_FOOTER_AND_DISPATCH pgs=851208 cs=1 l=0). rx mon.0 seq 1526133377 0x55cf1fb00340 paxos(begin lc 1194133 fc 0 pn 21200 opn 0) v4 -2553>
2017-12-02 17:51:09.676017 7f794074f700 4 mgrc handle_mgr_map Active mgr is now 10.1.80.3:6832/18816 -2552>
2017-12-02 17:51:09.676159 7f794074f700 1 -- 10.1.80.4:6789/0 <== mon.0 10.1.80.1:6789/0 1526133376 ==== paxos(lease lc 1194133 fc 1193506 pn 0 opn 0) v4 ==== 84+0+0 (3220121472 0 0) 0x55cf1fb00000 con 0x55cf1fade000 -2551>
2017-12-02 17:51:09.676176 7f794074f700 1 -- 10.1.80.4:6789/0 --> 10.1.80.1:6789/0 -- paxos(lease_ack lc 1194133 fc 1193506 pn 0 opn 0) v4 -- 0x55cf1fd4a3c0 con 0 -2550>
2017-12-02 17:51:09.676189 7f794074f700 5 mon.c1n4@3(peon).monmap v4 apply_mon_features wait for service to be writeable -2549>
2017-12-02 17:51:09.676193 7f794074f700 5 mon.c1n4@3(peon).paxos(paxos active c 1193506..1194133) is_readable = 1 - now=2017-12-02 17:51:09.676194 lease_expire=2017-12-02 17:51:14.675806 has v0 lc 1194133 -2548>
2017-12-02 17:51:09.676227 7f794074f700 1 -- 10.1.80.4:6789/0 <== mon.0 10.1.80.1:6789/0 1526133377 ==== paxos(begin lc 1194133 fc 0 pn 21200 opn 0) v4 ==== 11455+0+0 (4286196998 0 0) 0x55cf1fb00340 con 0x55cf1fade000 -2547>
2017-12-02 17:51:09.676735 7f794074f700 1 -- 10.1.80.4:6789/0 --> 10.1.80.1:6789/0 -- paxos(accept lc 1194133 fc 0 pn 21200 opn 0) v4 -- 0x55cf1fb00000 con 0 -2546>
2017-12-02 17:51:09.677677 7f793c747700 5 -- 10.1.80.4:6789/0 >> 10.1.80.1:6789/0 conn(0x55cf1fade000 :-1 s=STATE_OPEN_MESSAGE_READ_FOOTER_AND_DISPATCH pgs=851208 cs=1 l=0). rx mon.0 seq 1526133378 0x55cf1fb00000 paxos(commit lc 1194134 fc 0 pn 21200 opn 0) v4 -2545>
2017-12-02 17:51:09.677762 7f794074f700 1 -- 10.1.80.4:6789/0 <== mon.0 10.1.80.1:6789/0 1526133378 ==== paxos(commit lc 1194134 fc 0 pn 21200 opn 0) v4 ==== 11455+0+0 (3268262935 0 0) 0x55cf1fb00000 con 0x55cf1fade000 -2544>
2017-12-02 17:51:09.677875 7f793c747700 5 -- 10.1.80.4:6789/0 >> 10.1.80.1:6789/0 conn(0x55cf1fade000 :-1 s=STATE_OPEN_MESSAGE_READ_FOOTER_AND_DISPATCH pgs=851208 cs=1 l=0). rx mon.0 seq 1526133379 0x55cf1fd4a3c0 paxos(lease lc 1194134 fc 1193506 pn 0 opn 0) v4 -2543>
2017-12-02 17:51:09.677939 7f793c747700 5 -- 10.1.80.4:6789/0 >> 10.1.80.1:6789/0 conn(0x55cf1fade000 :-1 s=STATE_OPEN_MESSAGE_READ_FOOTER_AND_DISPATCH pgs=851208 cs=1 l=0). rx mon.0 seq 1526133380 0x55cf1f4bdf80 route(log(last 1) v1 tid 1) v3 -2542>
2017-12-02 17:51:09.678544 7f794074f700 4 mgrc handle_mgr_map Got map version 219 -2541>
2017-12-02 17:51:09.678550 7f794074f700 4 mgrc handle_mgr_map Active mgr is now 10.1.80.3:6832/18816 -2540>
2017-12-02 17:51:09.678640 7f794074f700 1 -- 10.1.80.4:6789/0 <== mon.0 10.1.80.1:6789/0 1526133379 ==== paxos(lease lc 1194134 fc 1193506 pn 0 opn 0) v4 ==== 84+0+0 (1202694800 0 0) 0x55cf1fd4a3c0 con 0x55cf1fade000 -2539>
2017-12-02 17:51:09.678655 7f794074f700 1 -- 10.1.80.4:6789/0 --> 10.1.80.1:6789/0 -- paxos(lease_ack lc 1194134 fc 1193506 pn 0 opn 0) v4 -- 0x55cf1fb00340 con 0 -2538>
2017-12-02 17:51:09.678668 7f794074f700 5 mon.c1n4@3(peon).monmap v4 apply_mon_features wait for service to be writeable -2537>
2017-12-02 17:51:09.678672 7f794074f700 5 mon.c1n4@3(peon).paxos(paxos active c 1193506..1194134) is_readable = 1 - now=2017-12-02 17:51:09.678673 lease_expire=2017-12-02 17:51:14.678272 has v0 lc 1194134 -2536>
2017-12-02 17:51:09.678686 7f794074f700 1 -- 10.1.80.4:6789/0 <== mon.0 10.1.80.1:6789/0 1526133380 ==== route(log(last 1) v1 tid 1) v3 ==== 175+0+0 (3523984178 0 0) 0x55cf1f4bdf80 con 0x55cf1fade000 -2535>
2017-12-02 17:51:09.678695 7f794074f700 1 -- 10.1.80.4:6789/0 --> 10.1.80.4:6789/0 -- log(last 1) v1 -- 0x55cf1f4beac0 con 0 -2534>
2017-12-02 17:51:09.678753 7f794074f700 1 -- 10.1.80.4:6789/0 <== mon.3 10.1.80.4:6789/0 0 ==== log(last 1) v1 ==== 0+0+0 (4289245027 0 0) 0x55cf1f4beac0 con 0x55cf1f527800 -2533>
2017-12-02 17:51:09.678763 7f794074f700 10 log_client handle_log_ack log(last 1) v1 -2532>
2017-12-02 17:51:09.678766 7f794074f700 10 log_client logged
2017-12-02 17:51:02.396635 mon.c1n4 mon.3 10.1.80.4:6789/0 1 : cluster [INF] mon.c1n4 calling new monitor election -2531>
2017-12-02 17:51:10.678384 7f793c747700 5 -- 10.1.80.4:6789/0 >> 10.1.80.1:6789/0 conn(0x55cf1fade000 :-1 s=STATE_OPEN_MESSAGE_READ_FOOTER_AND_DISPATCH pgs=851208 cs=1 l=0). rx mon.0 seq 1526133381 0x55cf1fb00340 paxos(begin lc 1194134 fc 0 pn 21200 opn 0) v4 -2530>
2017-12-02 17:51:10.678466 7f794074f700 1 -- 10.1.80.4:6789/0 <== mon.0 10.1.80.1:6789/0 1526133381 ==== paxos(begin lc 1194134 fc 0 pn 21200 opn 0) v4 ==== 2570+0+0 (3460421311 0 0) 0x55cf1fb00340 con 0x55cf1fade000 -2529>
2017-12-02 17:51:10.679132 7f794074f700 1 -- 10.1.80.4:6789/0 --> 10.1.80.1:6789/0 -- paxos(accept lc 1194134 fc 0 pn 21200 opn 0) v4 -- 0x55cf1fd4a3c0 con 0 -2528>
2017-12-02 17:51:10.680086 7f793c747700 5 -- 10.1.80.4:6789/0 >> 10.1.80.1:6789/0 conn(0x55cf1fade000 :-1 s=STATE_OPEN_MESSAGE_READ_FOOTER_AND_DISPATCH pgs=851208 cs=1 l=0). rx mon.0 seq 1526133382 0x55cf1fd4a3c0 paxos(commit lc 1194135 fc 0 pn 21200 opn 0) v4 -2527>
2017-12-02 17:51:10.680159 7f794074f700 1 -- 10.1.80.4:6789/0 <== mon.0 10.1.80.1:6789/0 1526133382 ==== paxos(commit lc 1194135 fc 0 pn 21200 opn 0) v4 ==== 2570+0+0 (2630275028 0 0) 0x55cf1fd4a3c0 con 0x55cf1fade000 -2526>
2017-12-02 17:51:10.680235 7f793c747700 5 -- 10.1.80.4:6789/0 >> 10.1.80.1:6789/0 conn(0x55cf1fade000 :-1 s=STATE_OPEN_MESSAGE_READ_FOOTER_AND_DISPATCH pgs=851208 cs=1 l=0). rx mon.0 seq 1526133383 0x55cf1fb00680 paxos(lease lc 1194135 fc 1193506 pn 0 opn 0) v4 -2525>
2017-12-02 17:51:10.680843 7f793c747700 5 -- 10.1.80.4:6789/0 >> 10.1.80.1:6789/0 conn(0x55cf1fade000 :-1 s=STATE_OPEN_MESSAGE_READ_FOOTER_AND_DISPATCH pgs=851208 cs=1 l=0). rx mon.0 seq 1526133384 0x55cf1fb009c0 paxos(begin lc 1194135 fc 0 pn 21200 opn 0) v4 -2524>
2017-12-02 17:51:10.680912 7f794074f700 4 mgrc handle_mgr_map Got map version 219 -2523>
2017-12-02 17:51:10.680925 7f794074f700 4 mgrc handle_mgr_map Active mgr is now 10.1.80.3:6832/18816 -2522>
2017-12-02 17:51:10.681039 7f794074f700 1 -- 10.1.80.4:6789/0 <== mon.0 10.1.80.1:6789/0 1526133383 ==== paxos(lease lc 1194135 fc 1193506 pn 0 opn 0) v4 ==== 84+0+0 (877033976 0 0) 0x55cf1fb00680 con 0x55cf1fade000 -2521>
2017-12-02 17:51:10.681072 7f794074f700 1 -- 10.1.80.4:6789/0 --> 10.1.80.1:6789/0 -- paxos(lease_ack lc 1194135 fc 1193506 pn 0 opn 0) v4 -- 0x55cf1fd4a3c0 con 0 -2520>
2017-12-02 17:51:10.681089 7f794074f700 5 mon.c1n4@3(peon).monmap v4 apply_mon_features wait for service to be writeable -2519>
2017-12-02 17:51:10.681097 7f794074f700 5 mon.c1n4@3(peon).paxos(paxos active c 1193506..1194135) is_readable = 1 - now=2017-12-02 17:51:10.681097 lease_expire=2017-12-02 17:51:15.680642 has v0 lc 1194135 -2518>
2017-12-02 17:51:10.681112 7f794074f700 1 -- 10.1.80.4:6789/0 <== mon.0 10.1.80.1:6789/0 1526133384 ==== paxos(begin lc 1194135 fc 0 pn 21200 opn 0) v4 ==== 9867+0+0 (3119070297 0 0) 0x55cf1fb009c0 con 0x55cf1fade000 -2517>
2017-12-02 17:51:10.681478 7f794074f700 1 -- 10.1.80.4:6789/0 --> 10.1.80.1:6789/0 -- paxos(accept lc 1194135 fc 0 pn 21200 opn 0) v4 -- 0x55cf1fb00680 con 0 -2516>
2017-12-02 17:51:10.682316 7f793c747700 5 -- 10.1.80.4:6789/0 >> 10.1.80.1:6789/0 conn(0x55cf1fade000 :-1 s=STATE_OPEN_MESSAGE_READ_FOOTER_AND_DISPATCH pgs=851208 cs=1 l=0). rx mon.0 seq 1526133385 0x55cf1fb00680 paxos(commit lc 1194136 fc 0 pn 21200 opn 0) v4 -2515>
2017-12-02 17:51:10.682371 7f794074f700 1 -- 10.1.80.4:6789/0 <== mon.0 10.1.80.1:6789/0 1526133385 ==== paxos(commit lc 1194136 fc 0 pn 21200 opn 0) v4 ==== 9867+0+0 (1597849860 0 0) 0x55cf1fb00680 con 0x55cf1fade000 -2514>
2017-12-02 17:51:10.682441 7f793c747700 5 -- 10.1.80.4:6789/0 >> 10.1.80.1:6789/0 conn(0x55cf1fade000 :-1 s=STATE_OPEN_MESSAGE_READ_FOOTER_AND_DISPATCH pgs=851208 cs=1 l=0). rx mon.0 seq 1526133386 0x55cf1fd4a3c0 paxos(lease lc 1194136 fc 1193506 pn 0 opn 0) v4 -2513>
2017-12-02 17:51:10.682909 7f794074f700 4 mgrc handle_mgr_map Got map version 219 -2512>
2017-12-02 17:51:10.682915 7f794074f700 4 mgrc handle_mgr_map Active mgr is now 10.1.80.3:6832/18816 -2511>
2017-12-02 17:51:10.682991 7f794074f700 1 -- 10.1.80.4:6789/0 <== mon.0 10.1.80.1:6789/0 1526133386 ==== paxos(lease lc 1194136 fc 1193506 pn 0 opn 0) v4 ==== 84+0+0 (69364204 0 0) 0x55cf1fd4a3c0 con 0x55cf1fade000 -2510>
2017-12-02 17:51:10.683007 7f794074f700 1 -- 10.1.80.4:6789/0 --> 10.1.80.1:6789/0 -- paxos(lease_ack lc 1194136 fc 1193506 pn 0 opn 0) v4 -- 0x55cf1fd4b0c0 con 0 -2509>
2017-12-02 17:51:10.683037 7f794074f700 5 mon.c1n4@3(peon).monmap v4 apply_mon_features wait for service to be writeable -2508>
2017-12-02 17:51:10.683042 7f794074f700 5 mon.c1n4@3(peon).paxos(paxos active c 1193506..1194136) is_readable = 1 - now=2017-12-02 17:51:10.683043 lease_expire=2017-12-02 17:51:15.682848 has v0 lc 1194136 -2507>
2017-12-02 17:51:11.089532 7f793c747700 1 -- 10.1.80.4:6789/0 >> - conn(0x55cf1fcc1800 :6789 s=STATE_ACCEPTING pgs=0 cs=0 l=0)._process_connection sd=34 - -2506>
2017-12-02 17:51:11.089666 7f793c747700 2 -- 10.1.80.4:6789/0 >> 10.1.80.1:0/1895430317 conn(0x55cf1fcc1800 :6789 s=STATE_ACCEPTING_WAIT_SEQ pgs=2 cs=1 l=1).handle_connect_msg accept write reply msg done -2505>
2017-12-02 17:51:11.089736 7f793c747700 2 -- 10.1.80.4:6789/0 >> 10.1.80.1:0/1895430317 conn(0x55cf1fcc1800 :6789 s=STATE_ACCEPTING_WAIT_SEQ pgs=2 cs=1 l=1)._process_connection accept get newly_acked_seq 0 -2504>
2017-12-02 17:51:11.089785 7f793c747700 5 -- 10.1.80.4:6789/0 >> 10.1.80.1:0/1895430317 conn(0x55cf1fcc1800 :6789 s=STATE_OPEN_MESSAGE_READ_FOOTER_AND_DISPATCH pgs=2 cs=1 l=1). rx client.? seq 1 0x55cf1f741c00 auth(proto 0 30 bytes epoch 0) v1 -2503>
2017-12-02 17:51:11.089805 7f794074f700 1 -- 10.1.80.4:6789/0 <== client.? 10.1.80.1:0/1895430317 1 ==== auth(proto 0 30 bytes epoch 0) v1 ==== 60+0+0 (673663173 0 0) 0x55cf1f741c00 con 0x55cf1fcc1800 -2502>
2017-12-02 17:51:11.089856 7f794074f700 5 mon.c1n4@3(peon).paxos(paxos active c 1193506..1194136) is_readable = 1 - now=2017-12-02 17:51:11.089857 lease_expire=2017-12-02 17:51:15.682848 has v0 lc 1194136 -2501>
2017-12-02 17:51:11.089891 7f794074f700 1 -- 10.1.80.4:6789/0 --> 10.1.80.1:0/1895430317 -- mon_map magic: 0 v1 -- 0x55cf1f740300 con 0 -2500>
2017-12-02 17:51:11.089933 7f794074f700 2 mon.c1n4@3(peon) e4 send_reply 0x55cf1f904f80 0x55cf1fbf4a00 auth_reply(proto 2 0 (0) Success) v1 -2499>
2017-12-02 17:51:11.089948 7f794074f700 1 -- 10.1.80.4:6789/0 --> 10.1.80.1:0/1895430317 -- auth_reply(proto 2 0 (0) Success) v1 -- 0x55cf1fbf4a00 con 0 -2498>
2017-12-02 17:51:11.090477 7f793c747700 5 -- 10.1.80.4:6789/0 >> 10.1.80.1:0/1895430317 conn(0x55cf1fcc1800 :6789 s=STATE_OPEN_MESSAGE_READ_FOOTER_AND_DISPATCH pgs=2 cs=1 l=1). rx client.? seq 2 0x55cf1fbf4a00 auth(proto 2 32 bytes epoch 0) v1 -2497>
2017-12-02 17:51:11.090536 7f794074f700 1 -- 10.1.80.4:6789/0 <== client.? 10.1.80.1:0/1895430317 2 ==== auth(proto 2 32 bytes epoch 0) v1 ==== 62+0+0 (3021842724 0 0) 0x55cf1fbf4a00 con 0x55cf1fcc1800 -2496>
2017-12-02 17:51:11.090555 7f794074f700 5 mon.c1n4@3(peon).paxos(paxos active c 1193506..1194136) is_readable = 1 - now=2017-12-02 17:51:11.090556 lease_expire=2017-12-02 17:51:15.682848 has v0 lc 1194136 -2495>
2017-12-02 17:51:11.090709 7f794074f700 2 mon.c1n4@3(peon) e4 send_reply 0x55cf1f904f80 0x55cf1f741c00 auth_reply(proto 2 0 (0) Success) v1 -2494>
2017-12-02 17:51:11.090720 7f794074f700 1 -- 10.1.80.4:6789/0 --> 10.1.80.1:0/1895430317 -- auth_reply(proto 2 0 (0) Success) v1 -- 0x55cf1f741c00 con 0 -2493>
2017-12-02 17:51:11.090924 7f793c747700 5 -- 10.1.80.4:6789/0 >> 10.1.80.1:0/1895430317 conn(0x55cf1fcc1800 :6789 s=STATE_OPEN_MESSAGE_READ_FOOTER_AND_DISPATCH pgs=2 cs=1 l=1). rx client.? seq 3 0x55cf1f741c00 auth(proto 2 165 bytes epoch 0) v1 -2492>
2017-12-02 17:51:11.090945 7f794074f700 1 -- 10.1.80.4:6789/0 <== client.? 10.1.80.1:0/1895430317 3 ==== auth(proto 2 165 bytes epoch 0) v1 ==== 195+0+0 (3428667081 0 0) 0x55cf1f741c00 con 0x55cf1fcc1800 -2491>
2017-12-02 17:51:11.090956 7f794074f700 5 mon.c1n4@3(peon).paxos(paxos active c 1193506..1194136) is_readable = 1 - now=2017-12-02 17:51:11.090957 lease_expire=2017-12-02 17:51:15.682848 has v0 lc 1194136 -2490>
2017-12-02 17:51:11.091102 7f794074f700 2 mon.c1n4@3(peon) e4 send_reply 0x55cf1f904f80 0x55cf1fbf4a00 auth_reply(proto 2 0 (0) Success) v1 -2489>
2017-12-02 17:51:11.091121 7f794074f700 1 -- 10.1.80.4:6789/0 --> 10.1.80.1:0/1895430317 -- auth_reply(proto 2 0 (0) Success) v1 -- 0x55cf1fbf4a00 con 0 -2488>
2017-12-02 17:51:11.091152 7f793c747700 1 -- 10.1.80.4:6789/0 >> 10.1.80.1:0/1895430317 conn(0x55cf1fcc1800 :6789 s=STATE_OPEN pgs=2 cs=1 l=1).read_bulk peer close file descriptor 34 -2487>
2017-12-02 17:51:11.091161 7f793c747700 1 -- 10.1.80.4:6789/0 >> 10.1.80.1:0/1895430317 conn(0x55cf1fcc1800 :6789 s=STATE_OPEN pgs=2 cs=1 l=1).read_until read failed -2486>
2017-12-02 17:51:11.091165 7f793c747700 1 -- 10.1.80.4:6789/0 >> 10.1.80.1:0/1895430317 conn(0x55cf1fcc1800 :6789 s=STATE_OPEN pgs=2 cs=1 l=1).process read tag failed -2485>
2017-12-02 17:51:11.091170 7f793c747700 1 -- 10.1.80.4:6789/0 >> 10.1.80.1:0/1895430317 conn(0x55cf1fcc1800 :6789 s=STATE_OPEN pgs=2 cs=1 l=1).fault on lossy channel, failing -2484>
2017-12-02 17:51:11.091173 7f793c747700 2 -- 10.1.80.4:6789/0 >> 10.1.80.1:0/1895430317 conn(0x55cf1fcc1800 :6789 s=STATE_OPEN pgs=2 cs=1 l=1)._stop -2483>
2017-12-02 17:51:11.127865 7f793c747700 1 -- 10.1.80.4:6789/0 >> - conn(0x55cf1fcc3000 :6789 s=STATE_ACCEPTING pgs=0 cs=0 l=0)._process_connection sd=34 - -2482>
2017-12-02 17:51:11.128032 7f793c747700 2 -- 10.1.80.4:6789/0 >> 10.1.80.1:0/2117268979 conn(0x55cf1fcc3000 :6789 s=STATE_ACCEPTING_WAIT_SEQ pgs=1 cs=1 l=1).handle_connect_msg accept write reply msg done -2481>
2017-12-02 17:51:11.128102 7f793c747700 2 -- 10.1.80.4:6789/0 >> 10.1.80.1:0/2117268979 conn(0x55cf1fcc3000 :6789 s=STATE_ACCEPTING_WAIT_SEQ pgs=1 cs=1 l=1)._process_connection accept get newly_acked_seq 0 -2480>
2017-12-02 17:51:11.128156 7f793c747700 5 -- 10.1.80.4:6789/0 >> 10.1.80.1:0/2117268979 conn(0x55cf1fcc3000 :6789 s=STATE_OPEN_MESSAGE_READ_FOOTER_AND_DISPATCH pgs=1 cs=1 l=1). rx client.? seq 1 0x55cf1fbf4a00 auth(proto 0 30 bytes epoch 0) v1 -2479>
2017-12-02 17:51:11.128184 7f794074f700 1 -- 10.1.80.4:6789/0 <== client.? 10.1.80.1:0/2117268979 1 ==== auth(proto 0 30 bytes epoch 0) v1 ==== 60+0+0 (673663173 0 0) 0x55cf1fbf4a00 con 0x55cf1fcc3000 -2478>
2017-12-02 17:51:11.128214 7f794074f700 5 mon.c1n4@3(peon).paxos(paxos active c 1193506..1194136) is_readable = 1 - now=2017-12-02 17:51:11.128215 lease_expire=2017-12-02 17:51:15.682848 has v0 lc 1194136 -2477>
2017-12-02 17:51:11.128237 7f794074f700 1 -- 10.1.80.4:6789/0 --> 10.1.80.1:0/2117268979 -- mon_map magic: 0 v1 -- 0x55cf1f741c00 con 0 -2476>
2017-12-02 17:51:11.128266 7f794074f700 2 mon.c1n4@3(peon) e4 send_reply 0x55cf1f904f80 0x55cf1fbf4c80 auth_reply(proto 2 0 (0) Success) v1 -2475>
2017-12-02 17:51:11.128274 7f794074f700 1 -- 10.1.80.4:6789/0 --> 10.1.80.1:0/2117268979 -- auth_reply(proto 2 0 (0) Success) v1 -- 0x55cf1fbf4c80 con 0 -2474>
2017-12-02 17:51:11.128657 7f793c747700 5 -- 10.1.80.4:6789/0 >> 10.1.80.1:0/2117268979 conn(0x55cf1fcc3000 :6789 s=STATE_OPEN_MESSAGE_READ_FOOTER_AND_DISPATCH pgs=1 cs=1 l=1). rx client.? seq 2 0x55cf1fbf4c80 auth(proto 2 32 bytes epoch 0) v1 -2473>
2017-12-02 17:51:11.128706 7f794074f700 1 -- 10.1.80.4:6789/0 <== client.? 10.1.80.1:0/2117268979 2 ==== auth(proto 2 32 bytes epoch 0) v1 ==== 62+0+0 (2536773847 0 0) 0x55cf1fbf4c80 con 0x55cf1fcc3000 -2472>
2017-12-02 17:51:11.128717 7f794074f700 5 mon.c1n4@3(peon).paxos(paxos active c 1193506..1194136) is_readable = 1 - now=2017-12-02 17:51:11.128717 lease_expire=2017-12-02 17:51:15.682848 has v0 lc 1194136 -2471>
2017-12-02 17:51:11.128814 7f794074f700 2 mon.c1n4@3(peon) e4 send_reply 0x55cf1f904f80 0x55cf1fbf4a00 auth_reply(proto 2 0 (0) Success) v1 -2470>
2017-12-02 17:51:11.128824 7f794074f700 1 -- 10.1.80.4:6789/0 --> 10.1.80.1:0/2117268979 -- auth_reply(proto 2 0 (0) Success) v1 -- 0x55cf1fbf4a00 con 0 -2469>
2017-12-02 17:51:11.129070 7f793c747700 5 -- 10.1.80.4:6789/0 >> 10.1.80.1:0/2117268979 conn(0x55cf1fcc3000 :6789 s=STATE_OPEN_MESSAGE_READ_FOOTER_AND_DISPATCH pgs=1 cs=1 l=1). rx client.? seq 3 0x55cf1fbf4a00 auth(proto 2 165 bytes epoch 0) v1 -2468>
2017-12-02 17:51:11.129087 7f794074f700 1 -- 10.1.80.4:6789/0 <== client.? 10.1.80.1:0/2117268979 3 ==== auth(proto 2 165 bytes epoch 0) v1 ==== 195+0+0 (2799875926 0 0) 0x55cf1fbf4a00 con 0x55cf1fcc3000 -2467>
2017-12-02 17:51:11.129097 7f794074f700 5 mon.c1n4@3(peon).paxos(paxos active c 1193506..1194136) is_readable = 1 - now=2017-12-02 17:51:11.129097 lease_expire=2017-12-02 17:51:15.682848 has v0 lc 1194136 -2466>
2017-12-02 17:51:11.129214 7f794074f700 2 mon.c1n4@3(peon) e4 send_reply 0x55cf1f904f80 0x55cf1fbf4c80 auth_reply(proto 2 0 (0) Success) v1 -2465>
2017-12-02 17:51:11.129222 7f794074f700 1 -- 10.1.80.4:6789/0 --> 10.1.80.1:0/2117268979 -- auth_reply(proto 2 0 (0) Success) v1 -- 0x55cf1fbf4c80 con 0 -2464>
2017-12-02 17:51:11.129308 7f793c747700 1 -- 10.1.80.4:6789/0 >> 10.1.80.1:0/2117268979 conn(0x55cf1fcc3000 :6789 s=STATE_OPEN pgs=1 cs=1 l=1).read_bulk peer close file descriptor 34 -2463>
2017-12-02 17:51:11.129318 7f793c747700 1 -- 10.1.80.4:6789/0 >> 10.1.80.1:0/2117268979 conn(0x55cf1fcc3000 :6789 s=STATE_OPEN pgs=1 cs=1 l=1).read_until read failed -2462>
2017-12-02 17:51:11.129323 7f793c747700 1 -- 10.1.80.4:6789/0 >> 10.1.80.1:0/2117268979 conn(0x55cf1fcc3000 :6789 s=STATE_OPEN pgs=1 cs=1 l=1).process read tag failed -2461>
2017-12-02 17:51:11.129329 7f793c747700 1 -- 10.1.80.4:6789/0 >> 10.1.80.1:0/2117268979 conn(0x55cf1fcc3000 :6789 s=STATE_OPEN pgs=1 cs=1 l=1).fault on lossy channel, failing -2460>
2017-12-02 17:51:11.129338 7f793c747700 2 -- 10.1.80.4:6789/0 >> 10.1.80.1:0/2117268979 conn(0x55cf1fcc3000 :6789 s=STATE_OPEN pgs=1 cs=1 l=1)._stop -2459>
2017-12-02 17:51:12.358921 7f793c747700 5 -- 10.1.80.4:6789/0 >> 10.1.80.1:6789/0 conn(0x55cf1fade000 :-1 s=STATE_OPEN_MESSAGE_READ_FOOTER_AND_DISPATCH pgs=851208 cs=1 l=0). rx mon.0 seq 1526133387 0x55cf1fd4b0c0 paxos(begin lc 1194136 fc 0 pn 21200 opn 0) v4 -2458>
2017-12-02 17:51:12.359033 7f794074f700 1 -- 10.1.80.4:6789/0 <== mon.0 10.1.80.1:6789/0 1526133387 ==== paxos(begin lc 1194136 fc 0 pn 21200 opn 0) v4 ==== 2570+0+0 (970520929 0 0) 0x55cf1fd4b0c0 con 0x55cf1fade000 -2457>
2017-12-02 17:51:12.359581 7f794074f700 1 -- 10.1.80.4:6789/0 --> 10.1.80.1:6789/0 -- paxos(accept lc 1194136 fc 0 pn 21200 opn 0) v4 -- 0x55cf1fd4a3c0 con 0 -2456>
2017-12-02 17:51:12.360439 7f793c747700 5 -- 10.1.80.4:6789/0 >> 10.1.80.1:6789/0 conn(0x55cf1fade000 :-1 s=STATE_OPEN_MESSAGE_READ_FOOTER_AND_DISPATCH pgs=851208 cs=1 l=0). rx mon.0 seq 1526133388 0x55cf1fd4a3c0 paxos(commit lc 1194137 fc 0 pn 21200 opn 0) v4 -2455>
2017-12-02 17:51:12.360513 7f794074f700 1 -- 10.1.80.4:6789/0 <== mon.0 10.1.80.1:6789/0 1526133388 ==== paxos(commit lc 1194137 fc 0 pn 21200 opn 0) v4 ==== 2570+0+0 (1246644655 0 0) 0x55cf1fd4a3c0 con 0x55cf1fade000 -2454>
2017-12-02 17:51:12.360684 7f793c747700 5 -- 10.1.80.4:6789/0 >> 10.1.80.1:6789/0 conn(0x55cf1fade000 :-1 s=STATE_OPEN_MESSAGE_READ_FOOTER_AND_DISPATCH pgs=851208 cs=1 l=0). rx mon.0 seq 1526133389 0x55cf1fce2000 paxos(lease lc 1194137 fc 1193506 pn 0 opn 0) v4 -2453>
2017-12-02 17:51:12.361113 7f794074f700 4 mgrc handle_mgr_map Got map version 219 -2452>
2017-12-02 17:51:12.361122 7f794074f700 4 mgrc handle_mgr_map Active mgr is now 10.1.80.3:6832/18816 -2451>
2017-12-02 17:51:12.361245 7f794074f700 1 -- 10.1.80.4:6789/0 <== mon.0 10.1.80.1:6789/0 1526133389 ==== paxos(lease lc 1194137 fc 1193506 pn 0 opn 0) v4 ==== 84+0+0 (3745365435 0 0) 0x55cf1fce2000 con 0x55cf1fade000 -2450>
2017-12-02 17:51:12.361263 7f794074f700 1 -- 10.1.80.4:6789/0 --> 10.1.80.1:6789/0 -- paxos(lease_ack lc 1194137 fc 1193506 pn 0 opn 0) v4 -- 0x55cf1fd4a3c0 con 0 -2449>
2017-12-02 17:51:12.361285 7f794074f700 5 mon.c1n4@3(peon).monmap v4 apply_mon_features wait for service to be writeable -2448>
2017-12-02 17:51:12.361290 7f794074f700 5 mon.c1n4@3(peon).paxos(paxos active c 1193506..1194137) is_readable = 1 - now=2017-12-02 17:51:12.361291 lease_expire=2017-12-02 17:51:17.361042 has v0 lc 1194137 -2447>
2017-12-02 17:51:12.594246 7f793f74d700 1 -- 10.1.80.4:0/61378 --> 10.1.80.3:6832/18816 -- mgrreport(unknown.c1n4 +0-0 packed 1734) v4 -- 0x55cf1f54d200 con 0 -2446>
2017-12-02 17:51:14.361147 7f793c747700 5 -- 10.1.80.4:6789/0 >> 10.1.80.1:6789/0 conn(0x55cf1fade000 :-1 s=STATE_OPEN_MESSAGE_READ_FOOTER_AND_DISPATCH pgs=851208 cs=1 l=0). rx mon.0 seq 1526133390 0x55cf1fd4a3c0 paxos(begin lc 1194137 fc 0 pn 21200 opn 0) v4 -2445>
2017-12-02 17:51:14.361242 7f794074f700 1 -- 10.1.80.4:6789/0 <== mon.0 10.1.80.1:6789/0 1526133390 ==== paxos(begin lc 1194137 fc 0 pn 21200 opn 0) v4 ==== 2566+0+0 (1456031238 0 0) 0x55cf1fd4a3c0 con 0x55cf1fade000 -2444>
2017-12-02 17:51:14.361864 7f794074f700 1 -- 10.1.80.4:6789/0 --> 10.1.80.1:6789/0 -- paxos(accept lc 1194137 fc 0 pn 21200 opn 0) v4 -- 0x55cf1fce2000 con 0 -2443>
2017-12-02 17:51:14.362755 7f793c747700 5 -- 10.1.80.4:6789/0 >> 10.1.80.1:6789/0 conn(0x55cf1fade000 :-1 s=STATE_OPEN_MESSAGE_READ_FOOTER_AND_DISPATCH pgs=851208 cs=1 l=0). rx mon.0 seq 1526133391 0x55cf1fce2000 paxos(commit lc 1194138 fc 0 pn 21200 opn 0) v4 -2442>
2017-12-02 17:51:14.362844 7f794074f700 1 -- 10.1.80.4:6789/0 <== mon.0 10.1.80.1:6789/0 1526133391 ==== paxos(commit lc 1194138 fc 0 pn 21200 opn 0) v4 ==== 2566+0+0 (3597294791 0 0) 0x55cf1fce2000 con 0x55cf1fade000 -2441>
2017-12-02 17:51:14.362899 7f793c747700 5 -- 10.1.80.4:6789/0 >> 10.1.80.1:6789/0 conn(0x55cf1fade000 :-1 s=STATE_OPEN_MESSAGE_READ_FOOTER_AND_DISPATCH pgs=851208 cs=1 l=0). rx mon.0 seq 1526133392 0x55cf1fce2340 paxos(lease lc 1194138 fc 1193506 pn 0 opn 0) v4 -2440>
2017-12-02 17:51:14.363524 7f794074f700 4 mgrc handle_mgr_map Got map version 219 -2439>
2017-12-02 17:51:14.363534 7f794074f700 4 mgrc handle_mgr_map Active mgr is now 10.1.80.3:6832/18816 -2438>
2017-12-02 17:51:14.363643 7f794074f700 1 -- 10.1.80.4:6789/0 <== mon.0 10.1.80.1:6789/0 1526133392 ==== paxos(lease lc 1194138 fc 1193506 pn 0 opn 0) v4 ==== 84+0+0 (3712004760 0 0) 0x55cf1fce2340 con 0x55cf1fade000 -2437>
2017-12-02 17:51:14.363660 7f794074f700 1 -- 10.1.80.4:6789/0 --> 10.1.80.1:6789/0 -- paxos(lease_ack lc 1194138 fc 1193506 pn 0 opn 0) v4 -- 0x55cf1fce2000 con 0 -2436>
2017-12-02 17:51:14.363675 7f794074f700 5 mon.c1n4@3(peon).monmap v4 apply_mon_features wait for service to be writeable -2435>
2017-12-02 17:51:14.363680 7f794074f700 5 mon.c1n4@3(peon).paxos(paxos active c 1193506..1194138) is_readable = 1 - now=2017-12-02 17:51:14.363681 lease_expire=2017-12-02 17:51:19.363281 has v0 lc 1194138 -2434>
2017-12-02 17:51:15.297389 7f793c747700 1 -- 10.1.80.4:6789/0 >> - conn(0x55cf1fcc4800 :6789 s=STATE_ACCEPTING pgs=0 cs=0 l=0)._process_connection sd=34 - -2433>
2017-12-02 17:51:15.297569 7f793c747700 2 -- 10.1.80.4:6789/0 >> 10.1.80.1:0/2160269244 conn(0x55cf1fcc4800 :6789 s=STATE_ACCEPTING_WAIT_SEQ pgs=1 cs=1 l=1).handle_connect_msg accept write reply msg done -2432>
2017-12-02 17:51:15.297629 7f793c747700 2 -- 10.1.80.4:6789/0 >> 10.1.80.1:0/2160269244 conn(0x55cf1fcc4800 :6789 s=STATE_ACCEPTING_WAIT_SEQ pgs=1 cs=1 l=1)._process_connection accept get newly_acked_seq 0 -2431>
2017-12-02 17:51:15.297737 7f793c747700 5 -- 10.1.80.4:6789/0 >> 10.1.80.1:0/2160269244 conn(0x55cf1fcc4800 :6789 s=STATE_OPEN_MESSAGE_READ_FOOTER_AND_DISPATCH pgs=1 cs=1 l=1). rx client.? seq 1 0x55cf1fbf4c80 auth(proto 0 30 bytes epoch 0) v1 -2430>
2017-12-02 17:51:15.297809 7f794074f700 1 -- 10.1.80.4:6789/0 <== client.? 10.1.80.1:0/2160269244 1 ==== auth(proto 0 30 bytes epoch 0) v1 ==== 60+0+0 (673663173 0 0) 0x55cf1fbf4c80 con 0x55cf1fcc4800 -2429>
2017-12-02 17:51:15.297839 7f794074f700 5 mon.c1n4@3(peon).paxos(paxos active c 1193506..1194138) is_readable = 1 - now=2017-12-02 17:51:15.297840 lease_expire=2017-12-02 17:51:19.363281 has v0 lc 1194138 -2428>
2017-12-02 17:51:15.297881 7f794074f700 1 -- 10.1.80.4:6789/0 --> 10.1.80.1:0/2160269244 -- mon_map magic: 0 v1 -- 0x55cf1fbf4a00 con 0 -2427>
2017-12-02 17:51:15.297923 7f794074f700 2 mon.c1n4@3(peon) e4 send_reply 0x55cf1f904f80 0x55cf1fbf4f00 auth_reply(proto 2 0 (0) Success) v1 -2426>
2017-12-02 17:51:15.297937 7f794074f700 1 -- 10.1.80.4:6789/0 --> 10.1.80.1:0/2160269244 -- auth_reply(proto 2 0 (0) Success) v1 -- 0x55cf1fbf4f00 con 0 -2425>
2017-12-02 17:51:15.298260 7f793c747700 5 -- 10.1.80.4:6789/0 >> 10.1.80.1:0/2160269244 conn(0x55cf1fcc4800 :6789 s=STATE_OPEN_MESSAGE_READ_FOOTER_AND_DISPATCH pgs=1 cs=1 l=1). rx client.? seq 2 0x55cf1fbf4f00 auth(proto 2 32 bytes epoch 0) v1 -2424>
2017-12-02 17:51:15.298316 7f794074f700 1 -- 10.1.80.4:6789/0 <== client.? 10.1.80.1:0/2160269244 2 ==== auth(proto 2 32 bytes epoch 0) v1 ==== 62+0+0 (4057132876 0 0) 0x55cf1fbf4f00 con 0x55cf1fcc4800 -2423>
2017-12-02 17:51:15.298339 7f794074f700 5 mon.c1n4@3(peon).paxos(paxos active c 1193506..1194138) is_readable = 1 - now=2017-12-02 17:51:15.298340 lease_expire=2017-12-02 17:51:19.363281 has v0 lc 1194138 -2422>
2017-12-02 17:51:15.298508 7f794074f700 2 mon.c1n4@3(peon) e4 send_reply 0x55cf1f904f80 0x55cf1fbf4c80 auth_reply(proto 2 0 (0) Success) v1 -2421>
2017-12-02 17:51:15.298520 7f794074f700 1 -- 10.1.80.4:6789/0 --> 10.1.80.1:0/2160269244 -- auth_reply(proto 2 0 (0) Success) v1 -- 0x55cf1fbf4c80 con 0 -2420>
2017-12-02 17:51:15.298754 7f793c747700 5 -- 10.1.80.4:6789/0 >> 10.1.80.1:0/2160269244 conn(0x55cf1fcc4800 :6789 s=STATE_OPEN_MESSAGE_READ_FOOTER_AND_DISPATCH pgs=1 cs=1 l=1). rx client.? seq 3 0x55cf1fbf4c80 auth(proto 2 165 bytes epoch 0) v1 -2419>
2017-12-02 17:51:15.298778 7f794074f700 1 -- 10.1.80.4:6789/0 <== client.? 10.1.80.1:0/2160269244 3 ==== auth(proto 2 165 bytes epoch 0) v1 ==== 195+0+0 (758730438 0 0) 0x55cf1fbf4c80 con 0x55cf1fcc4800 -2418>
2017-12-02 17:51:15.298790 7f794074f700 5 mon.c1n4@3(peon).paxos(paxos active c 1193506..1194138) is_readable = 1 - now=2017-12-02 17:51:15.298791 lease_expire=2017-12-02 17:51:19.363281 has v0 lc 1194138 -2417>
2017-12-02 17:51:15.298889 7f793c747700 1 -- 10.1.80.4:6789/0 >> 10.1.80.1:0/2160269244 conn(0x55cf1fcc4800 :6789 s=STATE_OPEN pgs=1 cs=1 l=1).read_bulk peer close file descriptor 34 -2416>
2017-12-02 17:51:15.298897 7f793c747700 1 -- 10.1.80.4:6789/0 >> 10.1.80.1:0/2160269244 conn(0x55cf1fcc4800 :6789 s=STATE_OPEN pgs=1 cs=1 l=1).read_until read failed -2415>
2017-12-02 17:51:15.298901 7f793c747700 1 -- 10.1.80.4:6789/0 >> 10.1.80.1:0/2160269244 conn(0x55cf1fcc4800 :6789 s=STATE_OPEN pgs=1 cs=1 l=1).process read tag failed -2414>
2017-12-02 17:51:15.298907 7f793c747700 1 -- 10.1.80.4:6789/0 >> 10.1.80.1:0/2160269244 conn(0x55cf1fcc4800 :6789 s=STATE_OPEN pgs=1 cs=1 l=1).fault on lossy channel, failing -2413>
2017-12-02 17:51:15.298911 7f793c747700 2 -- 10.1.80.4:6789/0 >> 10.1.80.1:0/2160269244 conn(0x55cf1fcc4800 :6789 s=STATE_OPEN pgs=1 cs=1 l=1)._stop -2412>
2017-12-02 17:51:15.298924 7f793c747700 1 -- 10.1.80.4:6789/0 reap_dead start -2411>
2017-12-02 17:51:15.298930 7f793c747700 5 -- 10.1.80.4:6789/0 reap_dead delete 0x55cf1fb7b000 -2410>
2017-12-02 17:51:15.298943 7f793c747700 5 -- 10.1.80.4:6789/0 reap_dead delete 0x55cf1fb7c800 -2409>
2017-12-02 17:51:15.298949 7f793c747700 5 -- 10.1.80.4:6789/0 reap_dead delete 0x55cf1fcc1800 -2408>
2017-12-02 17:51:15.298947 7f794074f700 2 mon.c1n4@3(peon) e4 send_reply 0x55cf1f904f80 0x55cf1fbf4f00 auth_reply(proto 2 0 (0) Success) v1 -2407>
2017-12-02 17:51:15.298957 7f793c747700 5 -- 10.1.80.4:6789/0 reap_dead delete 0x55cf1fcc3000 -2406>
2017-12-02 17:51:15.298955 7f794074f700 1 -- 10.1.80.4:6789/0 --> 10.1.80.1:0/2160269244 -- auth_reply(proto 2 0 (0) Success) v1 -- 0x55cf1fbf4f00 con 0 -2405>
2017-12-02 17:51:15.298976 7f793c747700 5 -- 10.1.80.4:6789/0 reap_dead delete 0x55cf1fcc4800 -2404>
2017-12-02 17:51:15.363713 7f793c747700 5 -- 10.1.80.4:6789/0 >> 10.1.80.1:6789/0 conn(0x55cf1fade000 :-1 s=STATE_OPEN_MESSAGE_READ_FOOTER_AND_DISPATCH pgs=851208 cs=1 l=0). rx mon.0 seq 1526133393 0x55cf1fce2000 paxos(begin lc 1194138 fc 0 pn 21200 opn 0) v4 -2403>
2017-12-02 17:51:15.363770 7f794074f700 1 -- 10.1.80.4:6789/0 <== mon.0 10.1.80.1:6789/0 1526133393 ==== paxos(begin lc 1194138 fc 0 pn 21200 opn 0) v4 ==== 9899+0+0 (948132847 0 0) 0x55cf1fce2000 con 0x55cf1fade000 -2402>
2017-12-02 17:51:15.364308 7f794074f700 1 -- 10.1.80.4:6789/0 --> 10.1.80.1:6789/0 -- paxos(accept lc 1194138 fc 0 pn 21200 opn 0) v4 -- 0x55cf1fce2340 con 0 -2401>
2017-12-02 17:51:15.365670 7f793c747700 5 -- 10.1.80.4:6789/0 >> 10.1.80.1:6789/0 conn(0x55cf1fade000 :-1 s=STATE_OPEN_MESSAGE_READ_FOOTER_AND_DISPATCH pgs=851208 cs=1 l=0). rx mon.0 seq 1526133394 0x55cf1fce2340 paxos(commit lc 1194139 fc 0 pn 21200 opn 0) v4 -2400>
2017-12-02 17:51:15.365766 7f794074f700 1 -- 10.1.80.4:6789/0 <== mon.0 10.1.80.1:6789/0 1526133394 ==== paxos(commit lc 1194139 fc 0 pn 21200 opn 0) v4 ==== 9899+0+0 (773823449 0 0) 0x55cf1fce2340 con 0x55cf1fade000 -2399>
2017-12-02 17:51:15.365788 7f793c747700 5 -- 10.1.80.4:6789/0 >> 10.1.80.1:6789/0 conn(0x55cf1fade000 :-1 s=STATE_OPEN_MESSAGE_READ_FOOTER_AND_DISPATCH pgs=851208 cs=1 l=0). rx mon.0 seq 1526133395 0x55cf1fce2680 paxos(lease lc 1194139 fc 1193506 pn 0 opn 0) v4 -2398>
2017-12-02 17:51:15.366483 7f794074f700 4 mgrc handle_mgr_map Got map version 219 -2397>
2017-12-02 17:51:15.366489 7f794074f700 4 mgrc handle_mgr_map Active mgr is now 10.1.80.3:6832/18816 -2396>
2017-12-02 17:51:15.366614 7f794074f700 1 -- 10.1.80.4:6789/0 <== mon.0 10.1.80.1:6789/0 1526133395 ==== paxos(lease lc 1194139 fc 1193506 pn 0 opn 0) v4 ==== 84+0+0 (3863358572 0 0) 0x55cf1fce2680 con 0x55cf1fade000 -2395>
2017-12-02 17:51:15.366631 7f794074f700 1 -- 10.1.80.4:6789/0 --> 10.1.80.1:6789/0 -- paxos(lease_ack lc 1194139 fc 1193506 pn 0 opn 0) v4 -- 0x55cf1fce2340 con 0 -2394>
2017-12-02 17:51:15.366646 7f794074f700 5 mon.c1n4@3(peon).monmap v4 apply_mon_features wait for service to be writeable -2393>
2017-12-02 17:51:15.366669 7f794074f700 5 mon.c1n4@3(peon).paxos(paxos active c 1193506..1194139) is_readable = 1 - now=2017-12-02 17:51:15.366669 lease_expire=2017-12-02 17:51:20.366189 has v0 lc 1194139 -2392>
2017-12-02 17:51:16.366314 7f793c747700 5 -- 10.1.80.4:6789/0 >> 10.1.80.1:6789/0 conn(0x55cf1fade000 :-1 s=STATE_OPEN_MESSAGE_READ_FOOTER_AND_DISPATCH pgs=851208 cs=1 l=0). rx mon.0 seq 1526133396 0x55cf1fce2340 paxos(begin lc 1194139 fc 0 pn 21200 opn 0) v4 -2391>
2017-12-02 17:51:16.366389 7f794074f700 1 -- 10.1.80.4:6789/0 <== mon.0 10.1.80.1:6789/0 1526133396 ==== paxos(begin lc 1194139 fc 0 pn 21200 opn 0) v4 ==== 2566+0+0 (2143660004 0 0) 0x55cf1fce2340 con 0x55cf1fade000 -2390>
2017-12-02 17:51:16.366925 7f794074f700 1 -- 10.1.80.4:6789/0 --> 10.1.80.1:6789/0 -- paxos(accept lc 1194139 fc 0 pn 21200 opn 0) v4 -- 0x55cf1fce2680 con 0 -2389>
2017-12-02 17:51:16.368454 7f793c747700 5 -- 10.1.80.4:6789/0 >> 10.1.80.1:6789/0 conn(0x55cf1fade000 :-1 s=STATE_OPEN_MESSAGE_READ_FOOTER_AND_DISPATCH pgs=851208 cs=1 l=0). rx mon.0 seq 1526133397 0x55cf1fce2680 paxos(commit lc 1194140 fc 0 pn 21200 opn 0) v4 -2388>
2017-12-02 17:51:16.368537 7f794074f700 1 -- 10.1.80.4:6789/0 <== mon.0 10.1.80.1:6789/0 1526133397 ==== paxos(commit lc 1194140 fc 0 pn 21200 opn 0) v4 ==== 2566+0+0 (1745726107 0 0) 0x55cf1fce2680 con 0x55cf1fade000 -2387>
2017-12-02 17:51:16.368725 7f793c747700 5 -- 10.1.80.4:6789/0 >> 10.1.80.1:6789/0 conn(0x55cf1fade000 :-1 s=STATE_OPEN_MESSAGE_READ_FOOTER_AND_DISPATCH pgs=851208 cs=1 l=0). rx mon.0 seq 1526133398 0x55cf1fce29c0 paxos(lease lc 1194140 fc 1193506 pn 0 opn 0) v4 -2386>
2017-12-02 17:51:16.369301 7f794074f700 4 mgrc handle_mgr_map Got map version 219 -2385>
2017-12-02 17:51:16.369311 7f794074f700 4 mgrc handle_mgr_map Active mgr is now 10.1.80.3:6832/18816 -2384>
2017-12-02 17:51:16.369425 7f794074f700 1 -- 10.1.80.4:6789/0 <== mon.0 10.1.80.1:6789/0 1526133398 ==== paxos(lease lc 1194140 fc 1193506 pn 0 opn 0) v4 ==== 84+0+0 (1918457415 0 0) 0x55cf1fce29c0 con 0x55cf1fade000 -2383>
2017-12-02 17:51:16.369441 7f794074f700 1 -- 10.1.80.4:6789/0 --> 10.1.80.1:6789/0 -- paxos(lease_ack lc 1194140 fc 1193506 pn 0 opn 0) v4 -- 0x55cf1fce2680 con 0 -2382>
2017-12-02 17:51:16.369456 7f794074f700 5 mon.c1n4@3(peon).monmap v4 apply_mon_features wait for service to be writeable -2381>
2017-12-02 17:51:16.369478 7f794074f700 5 mon.c1n4@3(peon).paxos(paxos active c 1193506..1194140) is_readable = 1 - now=2017-12-02 17:51:16.369478 lease_expire=2017-12-02 17:51:21.369063 has v0 lc 1194140 -2380>
2017-12-02 17:51:17.594503 7f793f74d700 1 -- 10.1.80.4:0/61378 --> 10.1.80.3:6832/18816 -- mgrreport(unknown.c1n4 +0-0 packed 1734) v4 -- 0x55cf1f54e700 con 0 -2379>
2017-12-02 17:51:18.363810 7f793c747700 5 -- 10.1.80.4:6789/0 >> 10.1.80.1:6789/0 conn(0x55cf1fade000 :-1 s=STATE_OPEN_MESSAGE_READ_FOOTER_AND_DISPATCH pgs=851208 cs=1 l=0). rx mon.0 seq 1526133399 0x55cf1fce2680 paxos(begin lc 1194140 fc 0 pn 21200 opn 0) v4 -2378>
