2017-12-02 17:51:58.247266 7f793c747700 5 -- 10.1.80.4:6789/0 >> 10.1.80.4:0/2039414756 conn(0x55cf1fb7b000 :6789 s=STATE_OPEN_MESSAGE_READ_FOOTER_AND_DISPATCH pgs=2 cs=1 l=1). rx client.? seq 1 0x55cf1f741c00 auth(proto 0 30 bytes epoch 0) v1 -1330>
2017-12-02 17:51:58.247282 7f794074f700 1 -- 10.1.80.4:6789/0 <== client.? 10.1.80.4:0/2039414756 1 ==== auth(proto 0 30 bytes epoch 0) v1 ==== 60+0+0 (673663173 0 0) 0x55cf1f741c00 con 0x55cf1fb7b000 -1329>
2017-12-02 17:51:58.247299 7f794074f700 5 mon.c1n4@3(peon).paxos(paxos active c 1193506..1194166) is_readable = 1 - now=2017-12-02 17:51:58.247300 lease_expire=2017-12-02 17:52:02.400868 has v0 lc 1194166 -1328>
2017-12-02 17:51:58.247321 7f794074f700 1 -- 10.1.80.4:6789/0 --> 10.1.80.4:0/2039414756 -- mon_map magic: 0 v1 -- 0x55cf1f741980 con 0 -1327>
2017-12-02 17:51:58.247346 7f794074f700 2 mon.c1n4@3(peon) e4 send_reply 0x55cf1fd0e780 0x55cf1fbf5680 auth_reply(proto 2 0 (0) Success) v1 -1326>
2017-12-02 17:51:58.247353 7f794074f700 1 -- 10.1.80.4:6789/0 --> 10.1.80.4:0/2039414756 -- auth_reply(proto 2 0 (0) Success) v1 -- 0x55cf1fbf5680 con 0 -1325>
2017-12-02 17:51:58.247660 7f793c747700 5 -- 10.1.80.4:6789/0 >> 10.1.80.4:0/2039414756 conn(0x55cf1fb7b000 :6789 s=STATE_OPEN_MESSAGE_READ_FOOTER_AND_DISPATCH pgs=2 cs=1 l=1). rx client.? seq 2 0x55cf1fbf4a00 auth(proto 2 32 bytes epoch 0) v1 -1324>
2017-12-02 17:51:58.247701 7f794074f700 1 -- 10.1.80.4:6789/0 <== client.? 10.1.80.4:0/2039414756 2 ==== auth(proto 2 32 bytes epoch 0) v1 ==== 62+0+0 (635487778 0 0) 0x55cf1fbf4a00 con 0x55cf1fb7b000 -1323>
2017-12-02 17:51:58.247712 7f794074f700 5 mon.c1n4@3(peon).paxos(paxos active c 1193506..1194166) is_readable = 1 - now=2017-12-02 17:51:58.247712 lease_expire=2017-12-02 17:52:02.400868 has v0 lc 1194166 -1322>
2017-12-02 17:51:58.247786 7f794074f700 2 mon.c1n4@3(peon) e4 send_reply 0x55cf1fd0e780 0x55cf1f741c00 auth_reply(proto 2 0 (0) Success) v1 -1321>
2017-12-02 17:51:58.247793 7f794074f700 1 -- 10.1.80.4:6789/0 --> 10.1.80.4:0/2039414756 -- auth_reply(proto 2 0 (0) Success) v1 -- 0x55cf1f741c00 con 0 -1320>
2017-12-02 17:51:58.247944 7f793c747700 5 -- 10.1.80.4:6789/0 >> 10.1.80.4:0/2039414756 conn(0x55cf1fb7b000 :6789 s=STATE_OPEN_MESSAGE_READ_FOOTER_AND_DISPATCH pgs=2 cs=1 l=1). rx client.? seq 3 0x55cf1f741c00 auth(proto 2 165 bytes epoch 0) v1 -1319>
2017-12-02 17:51:58.247958 7f794074f700 1 -- 10.1.80.4:6789/0 <== client.? 10.1.80.4:0/2039414756 3 ==== auth(proto 2 165 bytes epoch 0) v1 ==== 195+0+0 (1528821747 0 0) 0x55cf1f741c00 con 0x55cf1fb7b000 -1318>
2017-12-02 17:51:58.247967 7f794074f700 5 mon.c1n4@3(peon).paxos(paxos active c 1193506..1194166) is_readable = 1 - now=2017-12-02 17:51:58.247967 lease_expire=2017-12-02 17:52:02.400868 has v0 lc 1194166 -1317>
2017-12-02 17:51:58.248072 7f794074f700 2 mon.c1n4@3(peon) e4 send_reply 0x55cf1fd0e780 0x55cf1fbf4a00 auth_reply(proto 2 0 (0) Success) v1 -1316>
2017-12-02 17:51:58.248078 7f794074f700 1 -- 10.1.80.4:6789/0 --> 10.1.80.4:0/2039414756 -- auth_reply(proto 2 0 (0) Success) v1 -- 0x55cf1fbf4a00 con 0 -1315>
2017-12-02 17:51:58.248268 7f793c747700 5 -- 10.1.80.4:6789/0 >> 10.1.80.4:0/2039414756 conn(0x55cf1fb7b000 :6789 s=STATE_OPEN_MESSAGE_READ_FOOTER_AND_DISPATCH pgs=2 cs=1 l=1). rx client.? seq 4 0x55cf1f4bf840 mon_subscribe({monmap=0+}) v2 -1314>
2017-12-02 17:51:58.248284 7f794074f700 1 -- 10.1.80.4:6789/0 <== client.? 10.1.80.4:0/2039414756 4 ==== mon_subscribe({monmap=0+}) v2 ==== 23+0+0 (1620593354 0 0) 0x55cf1f4bf840 con 0x55cf1fb7b000 -1313>
2017-12-02 17:51:58.248302 7f793c747700 5 -- 10.1.80.4:6789/0 >> 10.1.80.4:0/2039414756 conn(0x55cf1fb7b000 :6789 s=STATE_OPEN_MESSAGE_READ_FOOTER_AND_DISPATCH pgs=2 cs=1 l=1). rx client.8094195 seq 5 0x55cf1f4bf600 mon_subscribe({mgrmap=0+}) v2 -1312>
2017-12-02 17:51:58.248304 7f794074f700 1 -- 10.1.80.4:6789/0 --> 10.1.80.4:0/2039414756 -- mon_map magic: 0 v1 -- 0x55cf1f741c00 con 0 -1311>
2017-12-02 17:51:58.248321 7f794074f700 1 -- 10.1.80.4:6789/0 <== client.8094195 10.1.80.4:0/2039414756 5 ==== mon_subscribe({mgrmap=0+}) v2 ==== 23+0+0 (2287485974 0 0) 0x55cf1f4bf600 con 0x55cf1fb7b000 -1310>
2017-12-02 17:51:58.248334 7f794074f700 1 -- 10.1.80.4:6789/0 --> 10.1.80.4:0/2039414756 -- mgrmap(e 219) v1 -- 0x55cf1f54f900 con 0 -1309>
2017-12-02 17:51:58.248521 7f793c747700 5 -- 10.1.80.4:6789/0 >> 10.1.80.4:0/2039414756 conn(0x55cf1fb7b000 :6789 s=STATE_OPEN_MESSAGE_READ_FOOTER_AND_DISPATCH pgs=2 cs=1 l=1). rx client.8094195 seq 6 0x55cf1f4bfcc0 mon_subscribe({osdmap=0}) v2 -1308>
2017-12-02 17:51:58.248534 7f794074f700 1 -- 10.1.80.4:6789/0 <== client.8094195 10.1.80.4:0/2039414756 6 ==== mon_subscribe({osdmap=0}) v2 ==== 23+0+0 (319581110 0 0) 0x55cf1f4bfcc0 con 0x55cf1fb7b000 -1307>
2017-12-02 17:51:58.248546 7f794074f700 1 -- 10.1.80.4:6789/0 --> 10.1.80.4:0/2039414756 -- osd_map(2982..2982 src has 2466..2982) v3 -- 0x55cf1fbf5b80 con 0 -1306>
2017-12-02 17:51:58.249012 7f793c747700 5 -- 10.1.80.4:6789/0 >> 10.1.80.4:0/2039414756 conn(0x55cf1fb7b000 :6789 s=STATE_OPEN_MESSAGE_READ_FOOTER_AND_DISPATCH pgs=2 cs=1 l=1). rx client.8094195 seq 7 0x55cf1f4bf3c0 getpoolstats(1 ceph v0) v1 -1305>
2017-12-02 17:51:58.249068 7f794074f700 1 -- 10.1.80.4:6789/0 <== client.8094195 10.1.80.4:0/2039414756 7 ==== getpoolstats(1 ceph v0) v1 ==== 46+0+0 (2788013228 0 0) 0x55cf1f4bf3c0 con 0x55cf1fb7b000 -1304>
2017-12-02 17:51:58.249097 7f794074f700 5 mon.c1n4@3(peon).paxos(paxos active c 1193506..1194166) is_readable = 1 - now=2017-12-02 17:51:58.249098 lease_expire=2017-12-02 17:52:02.400868 has v0 lc 1194166 -1303>
2017-12-02 17:51:58.249114 7f794074f700 2 mon.c1n4@3(peon) e4 send_reply 0x55cf1fd0e780 0x55cf1fbf5180 getpoolstatsreply(1 v946094) v1 -1302>
2017-12-02 17:51:58.249118 7f794074f700 1 -- 10.1.80.4:6789/0 --> 10.1.80.4:0/2039414756 -- getpoolstatsreply(1 v946094) v1 -- 0x55cf1fbf5180 con 0 -1301>
2017-12-02 17:51:58.249393 7f793c747700 5 -- 10.1.80.4:6789/0 >> 10.1.80.4:0/2039414756 conn(0x55cf1fb7b000 :6789 s=STATE_OPEN_MESSAGE_READ_FOOTER_AND_DISPATCH pgs=2 cs=1 l=1). rx client.8094195 seq 8 0x55cf1f4bdf80 statfs(2 pool -1 v946094) v2 -1300>
2017-12-02 17:51:58.249448 7f794074f700 1 -- 10.1.80.4:6789/0 <== client.8094195 10.1.80.4:0/2039414756 8 ==== statfs(2 pool -1 v946094) v2 ==== 35+0+0 (333935827 0 0) 0x55cf1f4bdf80 con 0x55cf1fb7b000 -1299>
2017-12-02 17:51:58.249459 7f794074f700 5 mon.c1n4@3(peon).paxos(paxos active c 1193506..1194166) is_readable = 1 - now=2017-12-02 17:51:58.249459 lease_expire=2017-12-02 17:52:02.400868 has v0 lc 1194166 -1298>
2017-12-02 17:51:58.249469 7f794074f700 2 mon.c1n4@3(peon) e4 send_reply 0x55cf1fd0e780 0x55cf1f4bf3c0 statfs_reply(2) v1 -1297>
2017-12-02 17:51:58.249472 7f794074f700 1 -- 10.1.80.4:6789/0 --> 10.1.80.4:0/2039414756 -- statfs_reply(2) v1 -- 0x55cf1f4bf3c0 con 0 -1296>
2017-12-02 17:51:58.249980 7f793c747700 1 -- 10.1.80.4:6789/0 >> 10.1.80.4:0/2039414756 conn(0x55cf1fb7b000 :6789 s=STATE_OPEN pgs=2 cs=1 l=1).read_bulk peer close file descriptor 34 -1295>
2017-12-02 17:51:58.249987 7f793c747700 1 -- 10.1.80.4:6789/0 >> 10.1.80.4:0/2039414756 conn(0x55cf1fb7b000 :6789 s=STATE_OPEN pgs=2 cs=1 l=1).read_until read failed -1294>
2017-12-02 17:51:58.249989 7f793c747700 1 -- 10.1.80.4:6789/0 >> 10.1.80.4:0/2039414756 conn(0x55cf1fb7b000 :6789 s=STATE_OPEN pgs=2 cs=1 l=1).process read tag failed -1293>
2017-12-02 17:51:58.249993 7f793c747700 1 -- 10.1.80.4:6789/0 >> 10.1.80.4:0/2039414756 conn(0x55cf1fb7b000 :6789 s=STATE_OPEN pgs=2 cs=1 l=1).fault on lossy channel, failing -1292>
2017-12-02 17:51:58.249996 7f793c747700 2 -- 10.1.80.4:6789/0 >> 10.1.80.4:0/2039414756 conn(0x55cf1fb7b000 :6789 s=STATE_OPEN pgs=2 cs=1 l=1)._stop -1291>
2017-12-02 17:51:58.259331 7f793c747700 1 -- 10.1.80.4:6789/0 >> - conn(0x55cf1fcc4800 :6789 s=STATE_ACCEPTING pgs=0 cs=0 l=0)._process_connection sd=34 - -1290>
2017-12-02 17:51:58.259461 7f793c747700 2 -- 10.1.80.4:6789/0 >> 10.1.80.3:0/144191000 conn(0x55cf1fcc4800 :6789 s=STATE_ACCEPTING_WAIT_SEQ pgs=2 cs=1 l=1).handle_connect_msg accept write reply msg done -1289>
2017-12-02 17:51:58.259558 7f793c747700 2 -- 10.1.80.4:6789/0 >> 10.1.80.3:0/144191000 conn(0x55cf1fcc4800 :6789 s=STATE_ACCEPTING_WAIT_SEQ pgs=2 cs=1 l=1)._process_connection accept get newly_acked_seq 0 -1288>
2017-12-02 17:51:58.259608 7f793c747700 5 -- 10.1.80.4:6789/0 >> 10.1.80.3:0/144191000 conn(0x55cf1fcc4800 :6789 s=STATE_OPEN_MESSAGE_READ_FOOTER_AND_DISPATCH pgs=2 cs=1 l=1). rx client.? seq 1 0x55cf1fbf5180 auth(proto 0 30 bytes epoch 0) v1 -1287>
2017-12-02 17:51:58.259622 7f794074f700 1 -- 10.1.80.4:6789/0 <== client.? 10.1.80.3:0/144191000 1 ==== auth(proto 0 30 bytes epoch 0) v1 ==== 60+0+0 (673663173 0 0) 0x55cf1fbf5180 con 0x55cf1fcc4800 -1286>
2017-12-02 17:51:58.259640 7f794074f700 5 mon.c1n4@3(peon).paxos(paxos active c 1193506..1194166) is_readable = 1 - now=2017-12-02 17:51:58.259640 lease_expire=2017-12-02 17:52:02.400868 has v0 lc 1194166 -1285>
2017-12-02 17:51:58.259662 7f794074f700 1 -- 10.1.80.4:6789/0 --> 10.1.80.3:0/144191000 -- mon_map magic: 0 v1 -- 0x55cf1fbf5e00 con 0 -1284>
2017-12-02 17:51:58.259685 7f794074f700 2 mon.c1n4@3(peon) e4 send_reply 0x55cf1fd0e780 0x55cf1fbf7200 auth_reply(proto 2 0 (0) Success) v1 -1283>
2017-12-02 17:51:58.259693 7f794074f700 1 -- 10.1.80.4:6789/0 --> 10.1.80.3:0/144191000 -- auth_reply(proto 2 0 (0) Success) v1 -- 0x55cf1fbf7200 con 0 -1282>
2017-12-02 17:51:58.259931 7f793c747700 5 -- 10.1.80.4:6789/0 >> 10.1.80.3:0/144191000 conn(0x55cf1fcc4800 :6789 s=STATE_OPEN_MESSAGE_READ_FOOTER_AND_DISPATCH pgs=2 cs=1 l=1). rx client.? seq 2 0x55cf1fbf7200 auth(proto 2 32 bytes epoch 0) v1 -1281>
2017-12-02 17:51:58.259948 7f794074f700 1 -- 10.1.80.4:6789/0 <== client.? 10.1.80.3:0/144191000 2 ==== auth(proto 2 32 bytes epoch 0) v1 ==== 62+0+0 (2697130879 0 0) 0x55cf1fbf7200 con 0x55cf1fcc4800 -1280>
2017-12-02 17:51:58.259957 7f794074f700 5 mon.c1n4@3(peon).paxos(paxos active c 1193506..1194166) is_readable = 1 - now=2017-12-02 17:51:58.259957 lease_expire=2017-12-02 17:52:02.400868 has v0 lc 1194166 -1279>
2017-12-02 17:51:58.260030 7f794074f700 2 mon.c1n4@3(peon) e4 send_reply 0x55cf1fd0e780 0x55cf1fbf5180 auth_reply(proto 2 0 (0) Success) v1 -1278>
2017-12-02 17:51:58.260037 7f794074f700 1 -- 10.1.80.4:6789/0 --> 10.1.80.3:0/144191000 -- auth_reply(proto 2 0 (0) Success) v1 -- 0x55cf1fbf5180 con 0 -1277>
2017-12-02 17:51:58.260239 7f793c747700 5 -- 10.1.80.4:6789/0 >> 10.1.80.3:0/144191000 conn(0x55cf1fcc4800 :6789 s=STATE_OPEN_MESSAGE_READ_FOOTER_AND_DISPATCH pgs=2 cs=1 l=1). rx client.? seq 3 0x55cf1fbf5180 auth(proto 2 165 bytes epoch 0) v1 -1276>
2017-12-02 17:51:58.260253 7f794074f700 1 -- 10.1.80.4:6789/0 <== client.? 10.1.80.3:0/144191000 3 ==== auth(proto 2 165 bytes epoch 0) v1 ==== 195+0+0 (2271902462 0 0) 0x55cf1fbf5180 con 0x55cf1fcc4800 -1275>
2017-12-02 17:51:58.260261 7f794074f700 5 mon.c1n4@3(peon).paxos(paxos active c 1193506..1194166) is_readable = 1 - now=2017-12-02 17:51:58.260262 lease_expire=2017-12-02 17:52:02.400868 has v0 lc 1194166 -1274>
2017-12-02 17:51:58.260364 7f794074f700 2 mon.c1n4@3(peon) e4 send_reply 0x55cf1fd0e780 0x55cf1fbf7200 auth_reply(proto 2 0 (0) Success) v1 -1273>
2017-12-02 17:51:58.260375 7f794074f700 1 -- 10.1.80.4:6789/0 --> 10.1.80.3:0/144191000 -- auth_reply(proto 2 0 (0) Success) v1 -- 0x55cf1fbf7200 con 0 -1272>
2017-12-02 17:51:58.260520 7f793c747700 1 -- 10.1.80.4:6789/0 >> 10.1.80.3:0/144191000 conn(0x55cf1fcc4800 :6789 s=STATE_OPEN pgs=2 cs=1 l=1).read_bulk peer close file descriptor 34 -1271>
2017-12-02 17:51:58.260526 7f793c747700 1 -- 10.1.80.4:6789/0 >> 10.1.80.3:0/144191000 conn(0x55cf1fcc4800 :6789 s=STATE_OPEN pgs=2 cs=1 l=1).read_until read failed -1270>
2017-12-02 17:51:58.260531 7f793c747700 1 -- 10.1.80.4:6789/0 >> 10.1.80.3:0/144191000 conn(0x55cf1fcc4800 :6789 s=STATE_OPEN pgs=2 cs=1 l=1).process read tag failed -1269>
2017-12-02 17:51:58.260534 7f793c747700 1 -- 10.1.80.4:6789/0 >> 10.1.80.3:0/144191000 conn(0x55cf1fcc4800 :6789 s=STATE_OPEN pgs=2 cs=1 l=1).fault on lossy channel, failing -1268>
2017-12-02 17:51:58.260538 7f793c747700 2 -- 10.1.80.4:6789/0 >> 10.1.80.3:0/144191000 conn(0x55cf1fcc4800 :6789 s=STATE_OPEN pgs=2 cs=1 l=1)._stop -1267>
2017-12-02 17:51:58.282342 7f793c747700 1 -- 10.1.80.4:6789/0 >> - conn(0x55cf1fcc3000 :6789 s=STATE_ACCEPTING pgs=0 cs=0 l=0)._process_connection sd=34 - -1266>
2017-12-02 17:51:58.282432 7f793c747700 2 -- 10.1.80.4:6789/0 >> 10.1.80.4:0/534425855 conn(0x55cf1fcc3000 :6789 s=STATE_ACCEPTING_WAIT_SEQ pgs=2 cs=1 l=1).handle_connect_msg accept write reply msg done -1265>
2017-12-02 17:51:58.282484 7f793c747700 2 -- 10.1.80.4:6789/0 >> 10.1.80.4:0/534425855 conn(0x55cf1fcc3000 :6789 s=STATE_ACCEPTING_WAIT_SEQ pgs=2 cs=1 l=1)._process_connection accept get newly_acked_seq 0 -1264>
2017-12-02 17:51:58.282564 7f793c747700 5 -- 10.1.80.4:6789/0 >> 10.1.80.4:0/534425855 conn(0x55cf1fcc3000 :6789 s=STATE_OPEN_MESSAGE_READ_FOOTER_AND_DISPATCH pgs=2 cs=1 l=1). rx client.? seq 1 0x55cf1fbf7200 auth(proto 0 30 bytes epoch 0) v1 -1263>
2017-12-02 17:51:58.282578 7f794074f700 1 -- 10.1.80.4:6789/0 <== client.? 10.1.80.4:0/534425855 1 ==== auth(proto 0 30 bytes epoch 0) v1 ==== 60+0+0 (673663173 0 0) 0x55cf1fbf7200 con 0x55cf1fcc3000 -1262>
2017-12-02 17:51:58.282595 7f794074f700 5 mon.c1n4@3(peon).paxos(paxos active c 1193506..1194166) is_readable = 1 - now=2017-12-02 17:51:58.282596 lease_expire=2017-12-02 17:52:02.400868 has v0 lc 1194166 -1261>
2017-12-02 17:51:58.282616 7f794074f700 1 -- 10.1.80.4:6789/0 --> 10.1.80.4:0/534425855 -- mon_map magic: 0 v1 -- 0x55cf1fbf5180 con 0 -1260>
2017-12-02 17:51:58.282637 7f794074f700 2 mon.c1n4@3(peon) e4 send_reply 0x55cf1fd0e780 0x55cf1fbf7480 auth_reply(proto 2 0 (0) Success) v1 -1259>
2017-12-02 17:51:58.282644 7f794074f700 1 -- 10.1.80.4:6789/0 --> 10.1.80.4:0/534425855 -- auth_reply(proto 2 0 (0) Success) v1 -- 0x55cf1fbf7480 con 0 -1258>
2017-12-02 17:51:58.282916 7f793c747700 5 -- 10.1.80.4:6789/0 >> 10.1.80.4:0/534425855 conn(0x55cf1fcc3000 :6789 s=STATE_OPEN_MESSAGE_READ_FOOTER_AND_DISPATCH pgs=2 cs=1 l=1). rx client.? seq 2 0x55cf1fbf7480 auth(proto 2 32 bytes epoch 0) v1 -1257>
2017-12-02 17:51:58.282977 7f794074f700 1 -- 10.1.80.4:6789/0 <== client.? 10.1.80.4:0/534425855 2 ==== auth(proto 2 32 bytes epoch 0) v1 ==== 62+0+0 (3654033455 0 0) 0x55cf1fbf7480 con 0x55cf1fcc3000 -1256>
2017-12-02 17:51:58.282993 7f794074f700 5 mon.c1n4@3(peon).paxos(paxos active c 1193506..1194166) is_readable = 1 - now=2017-12-02 17:51:58.282993 lease_expire=2017-12-02 17:52:02.400868 has v0 lc 1194166 -1255>
2017-12-02 17:51:58.283068 7f794074f700 2 mon.c1n4@3(peon) e4 send_reply 0x55cf1fd0e780 0x55cf1fbf7200 auth_reply(proto 2 0 (0) Success) v1 -1254>
2017-12-02 17:51:58.283076 7f794074f700 1 -- 10.1.80.4:6789/0 --> 10.1.80.4:0/534425855 -- auth_reply(proto 2 0 (0) Success) v1 -- 0x55cf1fbf7200 con 0 -1253>
2017-12-02 17:51:58.283238 7f793c747700 5 -- 10.1.80.4:6789/0 >> 10.1.80.4:0/534425855 conn(0x55cf1fcc3000 :6789 s=STATE_OPEN_MESSAGE_READ_FOOTER_AND_DISPATCH pgs=2 cs=1 l=1). rx client.? seq 3 0x55cf1fbf7200 auth(proto 2 165 bytes epoch 0) v1 -1252>
2017-12-02 17:51:58.283251 7f794074f700 1 -- 10.1.80.4:6789/0 <== client.? 10.1.80.4:0/534425855 3 ==== auth(proto 2 165 bytes epoch 0) v1 ==== 195+0+0 (3664858473 0 0) 0x55cf1fbf7200 con 0x55cf1fcc3000 -1251>
2017-12-02 17:51:58.283261 7f794074f700 5 mon.c1n4@3(peon).paxos(paxos active c 1193506..1194166) is_readable = 1 - now=2017-12-02 17:51:58.283261 lease_expire=2017-12-02 17:52:02.400868 has v0 lc 1194166 -1250>
2017-12-02 17:51:58.283374 7f794074f700 2 mon.c1n4@3(peon) e4 send_reply 0x55cf1fd0e780 0x55cf1fbf7480 auth_reply(proto 2 0 (0) Success) v1 -1249>
2017-12-02 17:51:58.283381 7f794074f700 1 -- 10.1.80.4:6789/0 --> 10.1.80.4:0/534425855 -- auth_reply(proto 2 0 (0) Success) v1 -- 0x55cf1fbf7480 con 0 -1248>
2017-12-02 17:51:58.283600 7f793c747700 5 -- 10.1.80.4:6789/0 >> 10.1.80.4:0/534425855 conn(0x55cf1fcc3000 :6789 s=STATE_OPEN_MESSAGE_READ_FOOTER_AND_DISPATCH pgs=2 cs=1 l=1). rx client.? seq 4 0x55cf1f4bf3c0 mon_subscribe({monmap=0+}) v2 -1247>
2017-12-02 17:51:58.283615 7f794074f700 1 -- 10.1.80.4:6789/0 <== client.? 10.1.80.4:0/534425855 4 ==== mon_subscribe({monmap=0+}) v2 ==== 23+0+0 (1620593354 0 0) 0x55cf1f4bf3c0 con 0x55cf1fcc3000 -1246>
2017-12-02 17:51:58.283633 7f794074f700 1 -- 10.1.80.4:6789/0 --> 10.1.80.4:0/534425855 -- mon_map magic: 0 v1 -- 0x55cf1fbf7200 con 0 -1245>
2017-12-02 17:51:58.283637 7f793c747700 5 -- 10.1.80.4:6789/0 >> 10.1.80.4:0/534425855 conn(0x55cf1fcc3000 :6789 s=STATE_OPEN_MESSAGE_READ_FOOTER_AND_DISPATCH pgs=2 cs=1 l=1). rx client.8094203 seq 5 0x55cf1f4bef40 mon_subscribe({mgrmap=0+}) v2 -1244>
2017-12-02 17:51:58.283654 7f794074f700 1 -- 10.1.80.4:6789/0 <== client.8094203 10.1.80.4:0/534425855 5 ==== mon_subscribe({mgrmap=0+}) v2 ==== 23+0+0 (2287485974 0 0) 0x55cf1f4bef40 con 0x55cf1fcc3000 -1243>
2017-12-02 17:51:58.283665 7f794074f700 1 -- 10.1.80.4:6789/0 --> 10.1.80.4:0/534425855 -- mgrmap(e 219) v1 -- 0x55cf1f54fc00 con 0 -1242>
2017-12-02 17:51:58.283685 7f793c747700 5 -- 10.1.80.4:6789/0 >> 10.1.80.4:0/534425855 conn(0x55cf1fcc3000 :6789 s=STATE_OPEN_MESSAGE_READ_FOOTER_AND_DISPATCH pgs=2 cs=1 l=1). rx client.8094203 seq 6 0x55cf201f2000 mon_subscribe({osdmap=0}) v2 -1241>
2017-12-02 17:51:58.283699 7f794074f700 1 -- 10.1.80.4:6789/0 <== client.8094203 10.1.80.4:0/534425855 6 ==== mon_subscribe({osdmap=0}) v2 ==== 23+0+0 (319581110 0 0) 0x55cf201f2000 con 0x55cf1fcc3000 -1240>
2017-12-02 17:51:58.283709 7f794074f700 1 -- 10.1.80.4:6789/0 --> 10.1.80.4:0/534425855 -- osd_map(2982..2982 src has 2466..2982) v3 -- 0x55cf1fbf7700 con 0 -1239>
2017-12-02 17:51:58.284122 7f793c747700 5 -- 10.1.80.4:6789/0 >> 10.1.80.4:0/534425855 conn(0x55cf1fcc3000 :6789 s=STATE_OPEN_MESSAGE_READ_FOOTER_AND_DISPATCH pgs=2 cs=1 l=1). rx client.8094203 seq 7 0x55cf201f2240 getpoolstats(1 ceph v0) v1 -1238>
2017-12-02 17:51:58.284161 7f794074f700 1 -- 10.1.80.4:6789/0 <== client.8094203 10.1.80.4:0/534425855 7 ==== getpoolstats(1 ceph v0) v1 ==== 46+0+0 (2788013228 0 0) 0x55cf201f2240 con 0x55cf1fcc3000 -1237>
2017-12-02 17:51:58.284170 7f794074f700 5 mon.c1n4@3(peon).paxos(paxos active c 1193506..1194166) is_readable = 1 - now=2017-12-02 17:51:58.284171 lease_expire=2017-12-02 17:52:02.400868 has v0 lc 1194166 -1236>
2017-12-02 17:51:58.284182 7f794074f700 2 mon.c1n4@3(peon) e4 send_reply 0x55cf1fd0e780 0x55cf1fbf7980 getpoolstatsreply(1 v946094) v1 -1235>
2017-12-02 17:51:58.284185 7f794074f700 1 -- 10.1.80.4:6789/0 --> 10.1.80.4:0/534425855 -- getpoolstatsreply(1 v946094) v1 -- 0x55cf1fbf7980 con 0 -1234>
2017-12-02 17:51:58.284363 7f793c747700 5 -- 10.1.80.4:6789/0 >> 10.1.80.4:0/534425855 conn(0x55cf1fcc3000 :6789 s=STATE_OPEN_MESSAGE_READ_FOOTER_AND_DISPATCH pgs=2 cs=1 l=1). rx client.8094203 seq 8 0x55cf201f2480 statfs(2 pool -1 v946094) v2 -1233>
2017-12-02 17:51:58.284376 7f794074f700 1 -- 10.1.80.4:6789/0 <== client.8094203 10.1.80.4:0/534425855 8 ==== statfs(2 pool -1 v946094) v2 ==== 35+0+0 (333935827 0 0) 0x55cf201f2480 con 0x55cf1fcc3000 -1232>
2017-12-02 17:51:58.284384 7f794074f700 5 mon.c1n4@3(peon).paxos(paxos active c 1193506..1194166) is_readable = 1 - now=2017-12-02 17:51:58.284384 lease_expire=2017-12-02 17:52:02.400868 has v0 lc 1194166 -1231>
2017-12-02 17:51:58.284392 7f794074f700 2 mon.c1n4@3(peon) e4 send_reply 0x55cf1fd0e780 0x55cf201f2240 statfs_reply(2) v1 -1230>
2017-12-02 17:51:58.284395 7f794074f700 1 -- 10.1.80.4:6789/0 --> 10.1.80.4:0/534425855 -- statfs_reply(2) v1 -- 0x55cf201f2240 con 0 -1229>
2017-12-02 17:51:58.284692 7f793c747700 1 -- 10.1.80.4:6789/0 >> 10.1.80.4:0/534425855 conn(0x55cf1fcc3000 :6789 s=STATE_OPEN pgs=2 cs=1 l=1).read_bulk peer close file descriptor 34 -1228>
2017-12-02 17:51:58.284699 7f793c747700 1 -- 10.1.80.4:6789/0 >> 10.1.80.4:0/534425855 conn(0x55cf1fcc3000 :6789 s=STATE_OPEN pgs=2 cs=1 l=1).read_until read failed -1227>
2017-12-02 17:51:58.284704 7f793c747700 1 -- 10.1.80.4:6789/0 >> 10.1.80.4:0/534425855 conn(0x55cf1fcc3000 :6789 s=STATE_OPEN pgs=2 cs=1 l=1).process read tag failed -1226>
2017-12-02 17:51:58.284709 7f793c747700 1 -- 10.1.80.4:6789/0 >> 10.1.80.4:0/534425855 conn(0x55cf1fcc3000 :6789 s=STATE_OPEN pgs=2 cs=1 l=1).fault on lossy channel, failing -1225>
2017-12-02 17:51:58.284713 7f793c747700 2 -- 10.1.80.4:6789/0 >> 10.1.80.4:0/534425855 conn(0x55cf1fcc3000 :6789 s=STATE_OPEN pgs=2 cs=1 l=1)._stop -1224>
2017-12-02 17:51:58.401034 7f793c747700 5 -- 10.1.80.4:6789/0 >> 10.1.80.1:6789/0 conn(0x55cf1fade000 :-1 s=STATE_OPEN_MESSAGE_READ_FOOTER_AND_DISPATCH pgs=851208 cs=1 l=0). rx mon.0 seq 1526133480 0x55cf201d2000 paxos(begin lc 1194166 fc 0 pn 21200 opn 0) v4 -1223>
2017-12-02 17:51:58.401105 7f794074f700 1 -- 10.1.80.4:6789/0 <== mon.0 10.1.80.1:6789/0 1526133480 ==== paxos(begin lc 1194166 fc 0 pn 21200 opn 0) v4 ==== 2566+0+0 (243278961 0 0) 0x55cf201d2000 con 0x55cf1fade000 -1222>
2017-12-02 17:51:58.401744 7f794074f700 1 -- 10.1.80.4:6789/0 --> 10.1.80.1:6789/0 -- paxos(accept lc 1194166 fc 0 pn 21200 opn 0) v4 -- 0x55cf201d2340 con 0 -1221>
2017-12-02 17:51:58.402776 7f793c747700 5 -- 10.1.80.4:6789/0 >> 10.1.80.1:6789/0 conn(0x55cf1fade000 :-1 s=STATE_OPEN_MESSAGE_READ_FOOTER_AND_DISPATCH pgs=851208 cs=1 l=0). rx mon.0 seq 1526133481 0x55cf201d2340 paxos(commit lc 1194167 fc 0 pn 21200 opn 0) v4 -1220>
2017-12-02 17:51:58.402846 7f794074f700 1 -- 10.1.80.4:6789/0 <== mon.0 10.1.80.1:6789/0 1526133481 ==== paxos(commit lc 1194167 fc 0 pn 21200 opn 0) v4 ==== 2566+0+0 (2827985453 0 0) 0x55cf201d2340 con 0x55cf1fade000 -1219>
2017-12-02 17:51:58.402918 7f793c747700 5 -- 10.1.80.4:6789/0 >> 10.1.80.1:6789/0 conn(0x55cf1fade000 :-1 s=STATE_OPEN_MESSAGE_READ_FOOTER_AND_DISPATCH pgs=851208 cs=1 l=0). rx mon.0 seq 1526133482 0x55cf201d2680 paxos(lease lc 1194167 fc 1193506 pn 0 opn 0) v4 -1218>
2017-12-02 17:51:58.403499 7f794074f700 4 mgrc handle_mgr_map Got map version 219 -1217>
2017-12-02 17:51:58.403507 7f794074f700 4 mgrc handle_mgr_map Active mgr is now 10.1.80.3:6832/18816 -1216>
2017-12-02 17:51:58.403639 7f794074f700 1 -- 10.1.80.4:6789/0 <== mon.0 10.1.80.1:6789/0 1526133482 ==== paxos(lease lc 1194167 fc 1193506 pn 0 opn 0) v4 ==== 84+0+0 (630397153 0 0) 0x55cf201d2680 con 0x55cf1fade000 -1215>
2017-12-02 17:51:58.403658 7f794074f700 1 -- 10.1.80.4:6789/0 --> 10.1.80.1:6789/0 -- paxos(lease_ack lc 1194167 fc 1193506 pn 0 opn 0) v4 -- 0x55cf201d2000 con 0 -1214>
2017-12-02 17:51:58.403673 7f794074f700 5 mon.c1n4@3(peon).monmap v4 apply_mon_features wait for service to be writeable -1213>
2017-12-02 17:51:58.403695 7f794074f700 5 mon.c1n4@3(peon).paxos(paxos active c 1193506..1194167) is_readable = 1 - now=2017-12-02 17:51:58.403696 lease_expire=2017-12-02 17:52:03.403291 has v0 lc 1194167 -1212>
2017-12-02 17:51:59.001855 7f793c747700 1 -- 10.1.80.4:6789/0 >> - conn(0x55cf1fcc1800 :6789 s=STATE_ACCEPTING pgs=0 cs=0 l=0)._process_connection sd=34 - -1211>
2017-12-02 17:51:59.002052 7f793c747700 2 -- 10.1.80.4:6789/0 >> 10.1.80.2:0/4032908483 conn(0x55cf1fcc1800 :6789 s=STATE_ACCEPTING_WAIT_SEQ pgs=2 cs=1 l=1).handle_connect_msg accept write reply msg done -1210>
2017-12-02 17:51:59.002102 7f793c747700 2 -- 10.1.80.4:6789/0 >> 10.1.80.2:0/4032908483 conn(0x55cf1fcc1800 :6789 s=STATE_ACCEPTING_WAIT_SEQ pgs=2 cs=1 l=1)._process_connection accept get newly_acked_seq 0 -1209>
2017-12-02 17:51:59.002198 7f793c747700 5 -- 10.1.80.4:6789/0 >> 10.1.80.2:0/4032908483 conn(0x55cf1fcc1800 :6789 s=STATE_OPEN_MESSAGE_READ_FOOTER_AND_DISPATCH pgs=2 cs=1 l=1). rx client.? seq 1 0x55cf1fbf7980 auth(proto 0 30 bytes epoch 0) v1 -1208>
2017-12-02 17:51:59.002220 7f794074f700 1 -- 10.1.80.4:6789/0 <== client.? 10.1.80.2:0/4032908483 1 ==== auth(proto 0 30 bytes epoch 0) v1 ==== 60+0+0 (673663173 0 0) 0x55cf1fbf7980 con 0x55cf1fcc1800 -1207>
2017-12-02 17:51:59.002248 7f794074f700 5 mon.c1n4@3(peon).paxos(paxos active c 1193506..1194167) is_readable = 1 - now=2017-12-02 17:51:59.002249 lease_expire=2017-12-02 17:52:03.403291 has v0 lc 1194167 -1206>
2017-12-02 17:51:59.002286 7f794074f700 1 -- 10.1.80.4:6789/0 --> 10.1.80.2:0/4032908483 -- mon_map magic: 0 v1 -- 0x55cf1fbf7c00 con 0 -1205>
2017-12-02 17:51:59.002327 7f794074f700 2 mon.c1n4@3(peon) e4 send_reply 0x55cf1fd0e780 0x55cf1fbf5680 auth_reply(proto 2 0 (0) Success) v1 -1204>
2017-12-02 17:51:59.002339 7f794074f700 1 -- 10.1.80.4:6789/0 --> 10.1.80.2:0/4032908483 -- auth_reply(proto 2 0 (0) Success) v1 -- 0x55cf1fbf5680 con 0 -1203>
2017-12-02 17:51:59.002670 7f793c747700 5 -- 10.1.80.4:6789/0 >> 10.1.80.2:0/4032908483 conn(0x55cf1fcc1800 :6789 s=STATE_OPEN_MESSAGE_READ_FOOTER_AND_DISPATCH pgs=2 cs=1 l=1). rx client.? seq 2 0x55cf1fbf5680 auth(proto 2 32 bytes epoch 0) v1 -1202>
2017-12-02 17:51:59.002727 7f794074f700 1 -- 10.1.80.4:6789/0 <== client.? 10.1.80.2:0/4032908483 2 ==== auth(proto 2 32 bytes epoch 0) v1 ==== 62+0+0 (482454646 0 0) 0x55cf1fbf5680 con 0x55cf1fcc1800 -1201>
2017-12-02 17:51:59.002753 7f794074f700 5 mon.c1n4@3(peon).paxos(paxos active c 1193506..1194167) is_readable = 1 - now=2017-12-02 17:51:59.002753 lease_expire=2017-12-02 17:52:03.403291 has v0 lc 1194167 -1200>
2017-12-02 17:51:59.002907 7f794074f700 2 mon.c1n4@3(peon) e4 send_reply 0x55cf1fd0e780 0x55cf1fbf7980 auth_reply(proto 2 0 (0) Success) v1 -1199>
2017-12-02 17:51:59.002920 7f794074f700 1 -- 10.1.80.4:6789/0 --> 10.1.80.2:0/4032908483 -- auth_reply(proto 2 0 (0) Success) v1 -- 0x55cf1fbf7980 con 0 -1198>
2017-12-02 17:51:59.003157 7f793c747700 5 -- 10.1.80.4:6789/0 >> 10.1.80.2:0/4032908483 conn(0x55cf1fcc1800 :6789 s=STATE_OPEN_MESSAGE_READ_FOOTER_AND_DISPATCH pgs=2 cs=1 l=1). rx client.? seq 3 0x55cf1fbf7980 auth(proto 2 165 bytes epoch 0) v1 -1197>
2017-12-02 17:51:59.003182 7f794074f700 1 -- 10.1.80.4:6789/0 <== client.? 10.1.80.2:0/4032908483 3 ==== auth(proto 2 165 bytes epoch 0) v1 ==== 195+0+0 (3160143093 0 0) 0x55cf1fbf7980 con 0x55cf1fcc1800 -1196>
2017-12-02 17:51:59.003194 7f794074f700 5 mon.c1n4@3(peon).paxos(paxos active c 1193506..1194167) is_readable = 1 - now=2017-12-02 17:51:59.003195 lease_expire=2017-12-02 17:52:03.403291 has v0 lc 1194167 -1195>
2017-12-02 17:51:59.003306 7f793c747700 1 -- 10.1.80.4:6789/0 >> 10.1.80.2:0/4032908483 conn(0x55cf1fcc1800 :6789 s=STATE_OPEN pgs=2 cs=1 l=1).read_bulk peer close file descriptor 34 -1194>
2017-12-02 17:51:59.003314 7f793c747700 1 -- 10.1.80.4:6789/0 >> 10.1.80.2:0/4032908483 conn(0x55cf1fcc1800 :6789 s=STATE_OPEN pgs=2 cs=1 l=1).read_until read failed -1193>
2017-12-02 17:51:59.003320 7f793c747700 1 -- 10.1.80.4:6789/0 >> 10.1.80.2:0/4032908483 conn(0x55cf1fcc1800 :6789 s=STATE_OPEN pgs=2 cs=1 l=1).process read tag failed -1192>
2017-12-02 17:51:59.003326 7f793c747700 1 -- 10.1.80.4:6789/0 >> 10.1.80.2:0/4032908483 conn(0x55cf1fcc1800 :6789 s=STATE_OPEN pgs=2 cs=1 l=1).fault on lossy channel, failing -1191>
2017-12-02 17:51:59.003330 7f793c747700 2 -- 10.1.80.4:6789/0 >> 10.1.80.2:0/4032908483 conn(0x55cf1fcc1800 :6789 s=STATE_OPEN pgs=2 cs=1 l=1)._stop -1190>
2017-12-02 17:51:59.003345 7f794074f700 2 mon.c1n4@3(peon) e4 send_reply 0x55cf1fd0e780 0x55cf1fbf5680 auth_reply(proto 2 0 (0) Success) v1 -1189>
2017-12-02 17:51:59.003355 7f794074f700 1 -- 10.1.80.4:6789/0 --> 10.1.80.2:0/4032908483 -- auth_reply(proto 2 0 (0) Success) v1 -- 0x55cf1fbf5680 con 0 -1188>
2017-12-02 17:51:59.956129 7f793c747700 5 -- 10.1.80.4:6789/0 >> 10.1.80.1:6789/0 conn(0x55cf1fade000 :-1 s=STATE_OPEN_MESSAGE_READ_FOOTER_AND_DISPATCH pgs=851208 cs=1 l=0). rx mon.0 seq 1526133483 0x55cf201d2000 paxos(begin lc 1194167 fc 0 pn 21200 opn 0) v4 -1187>
2017-12-02 17:51:59.956186 7f794074f700 1 -- 10.1.80.4:6789/0 <== mon.0 10.1.80.1:6789/0 1526133483 ==== paxos(begin lc 1194167 fc 0 pn 21200 opn 0) v4 ==== 10721+0+0 (1902338343 0 0) 0x55cf201d2000 con 0x55cf1fade000 -1186>
2017-12-02 17:51:59.956818 7f794074f700 1 -- 10.1.80.4:6789/0 --> 10.1.80.1:6789/0 -- paxos(accept lc 1194167 fc 0 pn 21200 opn 0) v4 -- 0x55cf201d2680 con 0 -1185>
2017-12-02 17:51:59.958041 7f793c747700 5 -- 10.1.80.4:6789/0 >> 10.1.80.1:6789/0 conn(0x55cf1fade000 :-1 s=STATE_OPEN_MESSAGE_READ_FOOTER_AND_DISPATCH pgs=851208 cs=1 l=0). rx mon.0 seq 1526133484 0x55cf201d2680 paxos(commit lc 1194168 fc 0 pn 21200 opn 0) v4 -1184>
2017-12-02 17:51:59.958080 7f794074f700 1 -- 10.1.80.4:6789/0 <== mon.0 10.1.80.1:6789/0 1526133484 ==== paxos(commit lc 1194168 fc 0 pn 21200 opn 0) v4 ==== 10721+0+0 (1231084993 0 0) 0x55cf201d2680 con 0x55cf1fade000 -1183>
2017-12-02 17:51:59.958285 7f793c747700 5 -- 10.1.80.4:6789/0 >> 10.1.80.1:6789/0 conn(0x55cf1fade000 :-1 s=STATE_OPEN_MESSAGE_READ_FOOTER_AND_DISPATCH pgs=851208 cs=1 l=0). rx mon.0 seq 1526133485 0x55cf201d29c0 paxos(lease lc 1194168 fc 1193506 pn 0 opn 0) v4 -1182>
2017-12-02 17:51:59.958760 7f794074f700 4 mgrc handle_mgr_map Got map version 219 -1181>
2017-12-02 17:51:59.958765 7f794074f700 4 mgrc handle_mgr_map Active mgr is now 10.1.80.3:6832/18816 -1180>
2017-12-02 17:51:59.958893 7f794074f700 1 -- 10.1.80.4:6789/0 <== mon.0 10.1.80.1:6789/0 1526133485 ==== paxos(lease lc 1194168 fc 1193506 pn 0 opn 0) v4 ==== 84+0+0 (3257225503 0 0) 0x55cf201d29c0 con 0x55cf1fade000 -1179>
2017-12-02 17:51:59.958909 7f794074f700 1 -- 10.1.80.4:6789/0 --> 10.1.80.1:6789/0 -- paxos(lease_ack lc 1194168 fc 1193506 pn 0 opn 0) v4 -- 0x55cf201d2680 con 0 -1178>
2017-12-02 17:51:59.958923 7f794074f700 5 mon.c1n4@3(peon).monmap v4 apply_mon_features wait for service to be writeable -1177>
2017-12-02 17:51:59.958945 7f794074f700 5 mon.c1n4@3(peon).paxos(paxos active c 1193506..1194168) is_readable = 1 - now=2017-12-02 17:51:59.958946 lease_expire=2017-12-02 17:52:04.958651 has v0 lc 1194168 -1176>
2017-12-02 17:52:00.959030 7f793c747700 5 -- 10.1.80.4:6789/0 >> 10.1.80.1:6789/0 conn(0x55cf1fade000 :-1 s=STATE_OPEN_MESSAGE_READ_FOOTER_AND_DISPATCH pgs=851208 cs=1 l=0). rx mon.0 seq 1526133486 0x55cf201d2680 paxos(begin lc 1194168 fc 0 pn 21200 opn 0) v4 -1175>
2017-12-02 17:52:00.959132 7f794074f700 1 -- 10.1.80.4:6789/0 <== mon.0 10.1.80.1:6789/0 1526133486 ==== paxos(begin lc 1194168 fc 0 pn 21200 opn 0) v4 ==== 2566+0+0 (3478555276 0 0) 0x55cf201d2680 con 0x55cf1fade000 -1174>
2017-12-02 17:52:00.959883 7f794074f700 1 -- 10.1.80.4:6789/0 --> 10.1.80.1:6789/0 -- paxos(accept lc 1194168 fc 0 pn 21200 opn 0) v4 -- 0x55cf201d29c0 con 0 -1173>
2017-12-02 17:52:00.960982 7f793c747700 5 -- 10.1.80.4:6789/0 >> 10.1.80.1:6789/0 conn(0x55cf1fade000 :-1 s=STATE_OPEN_MESSAGE_READ_FOOTER_AND_DISPATCH pgs=851208 cs=1 l=0). rx mon.0 seq 1526133487 0x55cf201d29c0 paxos(commit lc 1194169 fc 0 pn 21200 opn 0) v4 -1172>
2017-12-02 17:52:00.961051 7f794074f700 1 -- 10.1.80.4:6789/0 <== mon.0 10.1.80.1:6789/0 1526133487 ==== paxos(commit lc 1194169 fc 0 pn 21200 opn 0) v4 ==== 2566+0+0 (758298239 0 0) 0x55cf201d29c0 con 0x55cf1fade000 -1171>
2017-12-02 17:52:00.961215 7f793c747700 5 -- 10.1.80.4:6789/0 >> 10.1.80.1:6789/0 conn(0x55cf1fade000 :-1 s=STATE_OPEN_MESSAGE_READ_FOOTER_AND_DISPATCH pgs=851208 cs=1 l=0). rx mon.0 seq 1526133488 0x55cf201d2d00 paxos(lease lc 1194169 fc 1193506 pn 0 opn 0) v4 -1170>
2017-12-02 17:52:00.961785 7f794074f700 4 mgrc handle_mgr_map Got map version 219 -1169>
2017-12-02 17:52:00.961794 7f794074f700 4 mgrc handle_mgr_map Active mgr is now 10.1.80.3:6832/18816 -1168>
2017-12-02 17:52:00.961933 7f794074f700 1 -- 10.1.80.4:6789/0 <== mon.0 10.1.80.1:6789/0 1526133488 ==== paxos(lease lc 1194169 fc 1193506 pn 0 opn 0) v4 ==== 84+0+0 (4000025637 0 0) 0x55cf201d2d00 con 0x55cf1fade000 -1167>
2017-12-02 17:52:00.961951 7f794074f700 1 -- 10.1.80.4:6789/0 --> 10.1.80.1:6789/0 -- paxos(lease_ack lc 1194169 fc 1193506 pn 0 opn 0) v4 -- 0x55cf201d29c0 con 0 -1166>
2017-12-02 17:52:00.961965 7f794074f700 5 mon.c1n4@3(peon).monmap v4 apply_mon_features wait for service to be writeable -1165>
2017-12-02 17:52:00.961987 7f794074f700 5 mon.c1n4@3(peon).paxos(paxos active c 1193506..1194169) is_readable = 1 - now=2017-12-02 17:52:00.961987 lease_expire=2017-12-02 17:52:05.961557 has v0 lc 1194169 -1164>
2017-12-02 17:52:01.727278 7f793c747700 1 -- 10.1.80.4:6789/0 >> - conn(0x55cf1fb7c800 :6789 s=STATE_ACCEPTING pgs=0 cs=0 l=0)._process_connection sd=34 - -1163>
2017-12-02 17:52:01.727447 7f793c747700 2 -- 10.1.80.4:6789/0 >> 10.1.80.1:0/3608250465 conn(0x55cf1fb7c800 :6789 s=STATE_ACCEPTING_WAIT_SEQ pgs=2 cs=1 l=1).handle_connect_msg accept write reply msg done -1162>
2017-12-02 17:52:01.727509 7f793c747700 2 -- 10.1.80.4:6789/0 >> 10.1.80.1:0/3608250465 conn(0x55cf1fb7c800 :6789 s=STATE_ACCEPTING_WAIT_SEQ pgs=2 cs=1 l=1)._process_connection accept get newly_acked_seq 0 -1161>
2017-12-02 17:52:01.727610 7f793c747700 5 -- 10.1.80.4:6789/0 >> 10.1.80.1:0/3608250465 conn(0x55cf1fb7c800 :6789 s=STATE_OPEN_MESSAGE_READ_FOOTER_AND_DISPATCH pgs=2 cs=1 l=1). rx client.? seq 1 0x55cf1fbf7c00 auth(proto 0 30 bytes epoch 0) v1 -1160>
2017-12-02 17:52:01.727628 7f794074f700 1 -- 10.1.80.4:6789/0 <== client.? 10.1.80.1:0/3608250465 1 ==== auth(proto 0 30 bytes epoch 0) v1 ==== 60+0+0 (673663173 0 0) 0x55cf1fbf7c00 con 0x55cf1fb7c800 -1159>
2017-12-02 17:52:01.727651 7f794074f700 5 mon.c1n4@3(peon).paxos(paxos active c 1193506..1194169) is_readable = 1 - now=2017-12-02 17:52:01.727652 lease_expire=2017-12-02 17:52:05.961557 has v0 lc 1194169 -1158>
2017-12-02 17:52:01.727687 7f794074f700 1 -- 10.1.80.4:6789/0 --> 10.1.80.1:0/3608250465 -- mon_map magic: 0 v1 -- 0x55cf1fbf7980 con 0 -1157>
2017-12-02 17:52:01.727731 7f794074f700 2 mon.c1n4@3(peon) e4 send_reply 0x55cf1fd0e780 0x55cf1fbf5680 auth_reply(proto 2 0 (0) Success) v1 -1156>
2017-12-02 17:52:01.727739 7f794074f700 1 -- 10.1.80.4:6789/0 --> 10.1.80.1:0/3608250465 -- auth_reply(proto 2 0 (0) Success) v1 -- 0x55cf1fbf5680 con 0 -1155>
2017-12-02 17:52:01.728086 7f793c747700 5 -- 10.1.80.4:6789/0 >> 10.1.80.1:0/3608250465 conn(0x55cf1fb7c800 :6789 s=STATE_OPEN_MESSAGE_READ_FOOTER_AND_DISPATCH pgs=2 cs=1 l=1). rx client.? seq 2 0x55cf1fbf5680 auth(proto 2 32 bytes epoch 0) v1 -1154>
2017-12-02 17:52:01.728129 7f794074f700 1 -- 10.1.80.4:6789/0 <== client.? 10.1.80.1:0/3608250465 2 ==== auth(proto 2 32 bytes epoch 0) v1 ==== 62+0+0 (3248746918 0 0) 0x55cf1fbf5680 con 0x55cf1fb7c800 -1153>
2017-12-02 17:52:01.728145 7f794074f700 5 mon.c1n4@3(peon).paxos(paxos active c 1193506..1194169) is_readable = 1 - now=2017-12-02 17:52:01.728146 lease_expire=2017-12-02 17:52:05.961557 has v0 lc 1194169 -1152>
2017-12-02 17:52:01.728263 7f794074f700 2 mon.c1n4@3(peon) e4 send_reply 0x55cf1fd0e780 0x55cf1fbf7c00 auth_reply(proto 2 0 (0) Success) v1 -1151>
2017-12-02 17:52:01.728271 7f794074f700 1 -- 10.1.80.4:6789/0 --> 10.1.80.1:0/3608250465 -- auth_reply(proto 2 0 (0) Success) v1 -- 0x55cf1fbf7c00 con 0 -1150>
2017-12-02 17:52:01.728472 7f793c747700 5 -- 10.1.80.4:6789/0 >> 10.1.80.1:0/3608250465 conn(0x55cf1fb7c800 :6789 s=STATE_OPEN_MESSAGE_READ_FOOTER_AND_DISPATCH pgs=2 cs=1 l=1). rx client.? seq 3 0x55cf1fbf7c00 auth(proto 2 165 bytes epoch 0) v1 -1149>
2017-12-02 17:52:01.728496 7f794074f700 1 -- 10.1.80.4:6789/0 <== client.? 10.1.80.1:0/3608250465 3 ==== auth(proto 2 165 bytes epoch 0) v1 ==== 195+0+0 (2907825939 0 0) 0x55cf1fbf7c00 con 0x55cf1fb7c800 -1148>
2017-12-02 17:52:01.728505 7f794074f700 5 mon.c1n4@3(peon).paxos(paxos active c 1193506..1194169) is_readable = 1 - now=2017-12-02 17:52:01.728506 lease_expire=2017-12-02 17:52:05.961557 has v0 lc 1194169 -1147>
2017-12-02 17:52:01.728629 7f794074f700 2 mon.c1n4@3(peon) e4 send_reply 0x55cf1fd0e780 0x55cf1fbf5680 auth_reply(proto 2 0 (0) Success) v1 -1146>
2017-12-02 17:52:01.728635 7f794074f700 1 -- 10.1.80.4:6789/0 --> 10.1.80.1:0/3608250465 -- auth_reply(proto 2 0 (0) Success) v1 -- 0x55cf1fbf5680 con 0 -1145>
2017-12-02 17:52:01.728708 7f793c747700 1 -- 10.1.80.4:6789/0 >> 10.1.80.1:0/3608250465 conn(0x55cf1fb7c800 :6789 s=STATE_OPEN pgs=2 cs=1 l=1).read_bulk peer close file descriptor 34 -1144>
2017-12-02 17:52:01.728719 7f793c747700 1 -- 10.1.80.4:6789/0 >> 10.1.80.1:0/3608250465 conn(0x55cf1fb7c800 :6789 s=STATE_OPEN pgs=2 cs=1 l=1).read_until read failed -1143>
2017-12-02 17:52:01.728723 7f793c747700 1 -- 10.1.80.4:6789/0 >> 10.1.80.1:0/3608250465 conn(0x55cf1fb7c800 :6789 s=STATE_OPEN pgs=2 cs=1 l=1).process read tag failed -1142>
2017-12-02 17:52:01.728728 7f793c747700 1 -- 10.1.80.4:6789/0 >> 10.1.80.1:0/3608250465 conn(0x55cf1fb7c800 :6789 s=STATE_OPEN pgs=2 cs=1 l=1).fault on lossy channel, failing -1141>
2017-12-02 17:52:01.728733 7f793c747700 2 -- 10.1.80.4:6789/0 >> 10.1.80.1:0/3608250465 conn(0x55cf1fb7c800 :6789 s=STATE_OPEN pgs=2 cs=1 l=1)._stop -1140>
2017-12-02 17:52:01.728744 7f793c747700 1 -- 10.1.80.4:6789/0 reap_dead start -1139>
2017-12-02 17:52:01.728760 7f793c747700 5 -- 10.1.80.4:6789/0 reap_dead delete 0x55cf1fb7b000 -1138>
2017-12-02 17:52:01.728781 7f793c747700 5 -- 10.1.80.4:6789/0 reap_dead delete 0x55cf1fb7c800 -1137>
2017-12-02 17:52:01.728785 7f793c747700 5 -- 10.1.80.4:6789/0 reap_dead delete 0x55cf1fcc1800 -1136>
2017-12-02 17:52:01.728787 7f793c747700 5 -- 10.1.80.4:6789/0 reap_dead delete 0x55cf1fcc3000 -1135>
2017-12-02 17:52:01.728792 7f793c747700 5 -- 10.1.80.4:6789/0 reap_dead delete 0x55cf1fcc4800 -1134>
2017-12-02 17:52:02.388593 7f7942f54700 0 mon.c1n4@3(peon).data_health(822) update_stats avail 92% total 93225 MB, used 1998 MB, avail 86449 MB -1133>
2017-12-02 17:52:02.388667 7f7942f54700 1 -- 10.1.80.4:6789/0 _send_message--> mon.0 10.1.80.1:6789/0 -- mon_health( service 1 op tell e 0 r 0 ) v1 -- ?+0 0x55cf1fbf6580 -1132>
2017-12-02 17:52:02.388688 7f7942f54700 1 -- 10.1.80.4:6789/0 --> 10.1.80.1:6789/0 -- mon_health( service 1 op tell e 0 r 0 ) v1 -- 0x55cf1fbf6580 con 0 -1131>
2017-12-02 17:52:02.388710 7f7942f54700 1 -- 10.1.80.4:6789/0 _send_message--> mon.1 10.1.80.2:6789/0 -- mon_health( service 1 op tell e 0 r 0 ) v1 -- ?+0 0x55cf1fbf6d00 -1130>
2017-12-02 17:52:02.388715 7f7942f54700 1 -- 10.1.80.4:6789/0 --> 10.1.80.2:6789/0 -- mon_health( service 1 op tell e 0 r 0 ) v1 -- 0x55cf1fbf6d00 con 0 -1129>
2017-12-02 17:52:02.388727 7f7942f54700 1 -- 10.1.80.4:6789/0 _send_message--> mon.2 10.1.80.3:6789/0 -- mon_health( service 1 op tell e 0 r 0 ) v1 -- ?+0 0x55cf1fbf6a80 -1128>
2017-12-02 17:52:02.388732 7f7942f54700 1 -- 10.1.80.4:6789/0 --> 10.1.80.3:6789/0 -- mon_health( service 1 op tell e 0 r 0 ) v1 -- 0x55cf1fbf6a80 con 0 -1127>
2017-12-02 17:52:02.400733 7f793c747700 5 -- 10.1.80.4:6789/0 >> 10.1.80.1:6789/0 conn(0x55cf1fade000 :-1 s=STATE_OPEN_MESSAGE_READ_FOOTER_AND_DISPATCH pgs=851208 cs=1 l=0). rx mon.0 seq 1526133489 0x55cf201d29c0 paxos(begin lc 1194169 fc 0 pn 21200 opn 0) v4 -1126>
2017-12-02 17:52:02.400808 7f794074f700 1 -- 10.1.80.4:6789/0 <== mon.0 10.1.80.1:6789/0 1526133489 ==== paxos(begin lc 1194169 fc 0 pn 21200 opn 0) v4 ==== 2566+0+0 (1962814071 0 0) 0x55cf201d29c0 con 0x55cf1fade000 -1125>
2017-12-02 17:52:02.401292 7f794074f700 1 -- 10.1.80.4:6789/0 --> 10.1.80.1:6789/0 -- paxos(accept lc 1194169 fc 0 pn 21200 opn 0) v4 -- 0x55cf201d2d00 con 0 -1124>
2017-12-02 17:52:02.402023 7f793c747700 5 -- 10.1.80.4:6789/0 >> 10.1.80.1:6789/0 conn(0x55cf1fade000 :-1 s=STATE_OPEN_MESSAGE_READ_FOOTER_AND_DISPATCH pgs=851208 cs=1 l=0). rx mon.0 seq 1526133490 0x55cf201d2d00 paxos(commit lc 1194170 fc 0 pn 21200 opn 0) v4 -1123>
2017-12-02 17:52:02.402048 7f794074f700 1 -- 10.1.80.4:6789/0 <== mon.0 10.1.80.1:6789/0 1526133490 ==== paxos(commit lc 1194170 fc 0 pn 21200 opn 0) v4 ==== 2566+0+0 (4002062482 0 0) 0x55cf201d2d00 con 0x55cf1fade000 -1122>
2017-12-02 17:52:02.402284 7f793c747700 5 -- 10.1.80.4:6789/0 >> 10.1.80.1:6789/0 conn(0x55cf1fade000 :-1 s=STATE_OPEN_MESSAGE_READ_FOOTER_AND_DISPATCH pgs=851208 cs=1 l=0). rx mon.0 seq 1526133491 0x55cf201d3040 paxos(lease lc 1194170 fc 1193506 pn 0 opn 0) v4 -1121>
2017-12-02 17:52:02.402557 7f794074f700 4 mgrc handle_mgr_map Got map version 219 -1120>
2017-12-02 17:52:02.402564 7f794074f700 4 mgrc handle_mgr_map Active mgr is now 10.1.80.3:6832/18816 -1119>
2017-12-02 17:52:02.402685 7f794074f700 1 -- 10.1.80.4:6789/0 <== mon.0 10.1.80.1:6789/0 1526133491 ==== paxos(lease lc 1194170 fc 1193506 pn 0 opn 0) v4 ==== 84+0+0 (981390497 0 0) 0x55cf201d3040 con 0x55cf1fade000 -1118>
2017-12-02 17:52:02.402700 7f794074f700 1 -- 10.1.80.4:6789/0 --> 10.1.80.1:6789/0 -- paxos(lease_ack lc 1194170 fc 1193506 pn 0 opn 0) v4 -- 0x55cf201d2d00 con 0 -1117>
2017-12-02 17:52:02.402716 7f794074f700 5 mon.c1n4@3(peon).monmap v4 apply_mon_features wait for service to be writeable -1116>
2017-12-02 17:52:02.402721 7f794074f700 5 mon.c1n4@3(peon).paxos(paxos active c 1193506..1194170) is_readable = 1 - now=2017-12-02 17:52:02.402721 lease_expire=2017-12-02 17:52:07.402665 has v0 lc 1194170 -1115>
2017-12-02 17:52:02.452286 7f793c747700 5 -- 10.1.80.4:6789/0 >> 10.1.80.1:6789/0 conn(0x55cf1fade000 :-1 s=STATE_OPEN_MESSAGE_READ_FOOTER_AND_DISPATCH pgs=851208 cs=1 l=0). rx mon.0 seq 1526133492 0x55cf201d2d00 paxos(begin lc 1194170 fc 0 pn 21200 opn 0) v4 -1114>
2017-12-02 17:52:02.452314 7f794074f700 1 -- 10.1.80.4:6789/0 <== mon.0 10.1.80.1:6789/0 1526133492 ==== paxos(begin lc 1194170 fc 0 pn 21200 opn 0) v4 ==== 10023+0+0 (1889548466 0 0) 0x55cf201d2d00 con 0x55cf1fade000 -1113>
2017-12-02 17:52:02.452730 7f794074f700 1 -- 10.1.80.4:6789/0 --> 10.1.80.1:6789/0 -- paxos(accept lc 1194170 fc 0 pn 21200 opn 0) v4 -- 0x55cf201d3040 con 0 -1112>
2017-12-02 17:52:02.453650 7f793c747700 5 -- 10.1.80.4:6789/0 >> 10.1.80.1:6789/0 conn(0x55cf1fade000 :-1 s=STATE_OPEN_MESSAGE_READ_FOOTER_AND_DISPATCH pgs=851208 cs=1 l=0). rx mon.0 seq 1526133493 0x55cf201d3040 paxos(commit lc 1194171 fc 0 pn 21200 opn 0) v4 -1111>
2017-12-02 17:52:02.453673 7f794074f700 1 -- 10.1.80.4:6789/0 <== mon.0 10.1.80.1:6789/0 1526133493 ==== paxos(commit lc 1194171 fc 0 pn 21200 opn 0) v4 ==== 10023+0+0 (1072318151 0 0) 0x55cf201d3040 con 0x55cf1fade000 -1110>
2017-12-02 17:52:02.453931 7f793c747700 5 -- 10.1.80.4:6789/0 >> 10.1.80.1:6789/0 conn(0x55cf1fade000 :-1 s=STATE_OPEN_MESSAGE_READ_FOOTER_AND_DISPATCH pgs=851208 cs=1 l=0). rx mon.0 seq 1526133494 0x55cf201d3380 paxos(lease lc 1194171 fc 1193506 pn 0 opn 0) v4 -1109>
2017-12-02 17:52:02.454419 7f794074f700 4 mgrc handle_mgr_map Got map version 219 -1108>
2017-12-02 17:52:02.454430 7f794074f700 4 mgrc handle_mgr_map Active mgr is now 10.1.80.3:6832/18816 -1107>
2017-12-02 17:52:02.454580 7f794074f700 1 -- 10.1.80.4:6789/0 <== mon.0 10.1.80.1:6789/0 1526133494 ==== paxos(lease lc 1194171 fc 1193506 pn 0 opn 0) v4 ==== 84+0+0 (3381484247 0 0) 0x55cf201d3380 con 0x55cf1fade000 -1106>
2017-12-02 17:52:02.454609 7f794074f700 1 -- 10.1.80.4:6789/0 --> 10.1.80.1:6789/0 -- paxos(lease_ack lc 1194171 fc 1193506 pn 0 opn 0) v4 -- 0x55cf201d3040 con 0 -1105>
2017-12-02 17:52:02.454638 7f794074f700 5 mon.c1n4@3(peon).monmap v4 apply_mon_features wait for service to be writeable -1104>
2017-12-02 17:52:02.454649 7f794074f700 5 mon.c1n4@3(peon).paxos(paxos active c 1193506..1194171) is_readable = 1 - now=2017-12-02 17:52:02.454650 lease_expire=2017-12-02 17:52:07.454310 has v0 lc 1194171 -1103>
2017-12-02 17:52:02.597114 7f793f74d700 1 -- 10.1.80.4:0/61378 --> 10.1.80.3:6832/18816 -- mgrreport(unknown.c1n4 +0-0 packed 1734) v4 -- 0x55cf1f54f000 con 0 -1102>
2017-12-02 17:52:04.298745 7f793c747700 1 -- 10.1.80.4:6789/0 >> - conn(0x55cf1fb7c800 :6789 s=STATE_ACCEPTING pgs=0 cs=0 l=0)._process_connection sd=34 - -1101>
2017-12-02 17:52:04.298961 7f793c747700 2 -- 10.1.80.4:6789/0 >> 10.1.80.1:0/1233547300 conn(0x55cf1fb7c800 :6789 s=STATE_ACCEPTING_WAIT_SEQ pgs=2 cs=1 l=1).handle_connect_msg accept write reply msg done -1100>
2017-12-02 17:52:04.299006 7f793c747700 2 -- 10.1.80.4:6789/0 >> 10.1.80.1:0/1233547300 conn(0x55cf1fb7c800 :6789 s=STATE_ACCEPTING_WAIT_SEQ pgs=2 cs=1 l=1)._process_connection accept get newly_acked_seq 0 -1099>
2017-12-02 17:52:04.299050 7f793c747700 5 -- 10.1.80.4:6789/0 >> 10.1.80.1:0/1233547300 conn(0x55cf1fb7c800 :6789 s=STATE_OPEN_MESSAGE_READ_FOOTER_AND_DISPATCH pgs=2 cs=1 l=1). rx client.? seq 1 0x55cf1fbf6580 auth(proto 0 30 bytes epoch 0) v1 -1098>
2017-12-02 17:52:04.299072 7f794074f700 1 -- 10.1.80.4:6789/0 <== client.? 10.1.80.1:0/1233547300 1 ==== auth(proto 0 30 bytes epoch 0) v1 ==== 60+0+0 (673663173 0 0) 0x55cf1fbf6580 con 0x55cf1fb7c800 -1097>
2017-12-02 17:52:04.299102 7f794074f700 5 mon.c1n4@3(peon).paxos(paxos active c 1193506..1194171) is_readable = 1 - now=2017-12-02 17:52:04.299103 lease_expire=2017-12-02 17:52:07.454310 has v0 lc 1194171 -1096>
2017-12-02 17:52:04.299142 7f794074f700 1 -- 10.1.80.4:6789/0 --> 10.1.80.1:0/1233547300 -- mon_map magic: 0 v1 -- 0x55cf1fbf7c00 con 0 -1095>
2017-12-02 17:52:04.299182 7f794074f700 2 mon.c1n4@3(peon) e4 send_reply 0x55cf1fd0e780 0x55cf1fbf5400 auth_reply(proto 2 0 (0) Success) v1 -1094>
2017-12-02 17:52:04.299206 7f794074f700 1 -- 10.1.80.4:6789/0 --> 10.1.80.1:0/1233547300 -- auth_reply(proto 2 0 (0) Success) v1 -- 0x55cf1fbf5400 con 0 -1093>
2017-12-02 17:52:04.299600 7f793c747700 5 -- 10.1.80.4:6789/0 >> 10.1.80.1:0/1233547300 conn(0x55cf1fb7c800 :6789 s=STATE_OPEN_MESSAGE_READ_FOOTER_AND_DISPATCH pgs=2 cs=1 l=1). rx client.? seq 2 0x55cf1fbf5400 auth(proto 2 32 bytes epoch 0) v1 -1092>
2017-12-02 17:52:04.299651 7f794074f700 1 -- 10.1.80.4:6789/0 <== client.? 10.1.80.1:0/1233547300 2 ==== auth(proto 2 32 bytes epoch 0) v1 ==== 62+0+0 (2089542715 0 0) 0x55cf1fbf5400 con 0x55cf1fb7c800 -1091>
2017-12-02 17:52:04.299672 7f794074f700 5 mon.c1n4@3(peon).paxos(paxos active c 1193506..1194171) is_readable = 1 - now=2017-12-02 17:52:04.299673 lease_expire=2017-12-02 17:52:07.454310 has v0 lc 1194171 -1090>
2017-12-02 17:52:04.299831 7f794074f700 2 mon.c1n4@3(peon) e4 send_reply 0x55cf1fd0e780 0x55cf1fbf6580 auth_reply(proto 2 0 (0) Success) v1 -1089>
2017-12-02 17:52:04.299843 7f794074f700 1 -- 10.1.80.4:6789/0 --> 10.1.80.1:0/1233547300 -- auth_reply(proto 2 0 (0) Success) v1 -- 0x55cf1fbf6580 con 0 -1088>
2017-12-02 17:52:04.300082 7f793c747700 5 -- 10.1.80.4:6789/0 >> 10.1.80.1:0/1233547300 conn(0x55cf1fb7c800 :6789 s=STATE_OPEN_MESSAGE_READ_FOOTER_AND_DISPATCH pgs=2 cs=1 l=1). rx client.? seq 3 0x55cf1fbf6580 auth(proto 2 165 bytes epoch 0) v1 -1087>
2017-12-02 17:52:04.300106 7f794074f700 1 -- 10.1.80.4:6789/0 <== client.? 10.1.80.1:0/1233547300 3 ==== auth(proto 2 165 bytes epoch 0) v1 ==== 195+0+0 (520729191 0 0) 0x55cf1fbf6580 con 0x55cf1fb7c800 -1086>
2017-12-02 17:52:04.300118 7f794074f700 5 mon.c1n4@3(peon).paxos(paxos active c 1193506..1194171) is_readable = 1 - now=2017-12-02 17:52:04.300119 lease_expire=2017-12-02 17:52:07.454310 has v0 lc 1194171 -1085>
2017-12-02 17:52:04.300265 7f794074f700 2 mon.c1n4@3(peon) e4 send_reply 0x55cf1fd0e780 0x55cf1fbf5400 auth_reply(proto 2 0 (0) Success) v1 -1084>
2017-12-02 17:52:04.300274 7f794074f700 1 -- 10.1.80.4:6789/0 --> 10.1.80.1:0/1233547300 -- auth_reply(proto 2 0 (0) Success) v1 -- 0x55cf1fbf5400 con 0 -1083>
2017-12-02 17:52:04.300500 7f793c747700 1 -- 10.1.80.4:6789/0 >> 10.1.80.1:0/1233547300 conn(0x55cf1fb7c800 :6789 s=STATE_OPEN pgs=2 cs=1 l=1).read_bulk peer close file descriptor 34 -1082>
2017-12-02 17:52:04.300509 7f793c747700 1 -- 10.1.80.4:6789/0 >> 10.1.80.1:0/1233547300 conn(0x55cf1fb7c800 :6789 s=STATE_OPEN pgs=2 cs=1 l=1).read_until read failed -1081>
2017-12-02 17:52:04.300518 7f793c747700 1 -- 10.1.80.4:6789/0 >> 10.1.80.1:0/1233547300 conn(0x55cf1fb7c800 :6789 s=STATE_OPEN pgs=2 cs=1 l=1).process read tag failed -1080>
2017-12-02 17:52:04.300524 7f793c747700 1 -- 10.1.80.4:6789/0 >> 10.1.80.1:0/1233547300 conn(0x55cf1fb7c800 :6789 s=STATE_OPEN pgs=2 cs=1 l=1).fault on lossy channel, failing -1079>
2017-12-02 17:52:04.300530 7f793c747700 2 -- 10.1.80.4:6789/0 >> 10.1.80.1:0/1233547300 conn(0x55cf1fb7c800 :6789 s=STATE_OPEN pgs=2 cs=1 l=1)._stop -1078>
2017-12-02 17:52:04.352948 7f793c747700 5 -- 10.1.80.4:6789/0 >> 10.1.80.1:6789/0 conn(0x55cf1fade000 :-1 s=STATE_OPEN_MESSAGE_READ_FOOTER_AND_DISPATCH pgs=851208 cs=1 l=0). rx mon.0 seq 1526133495 0x55cf201d3040 paxos(begin lc 1194171 fc 0 pn 21200 opn 0) v4 -1077>
2017-12-02 17:52:04.353049 7f794074f700 1 -- 10.1.80.4:6789/0 <== mon.0 10.1.80.1:6789/0 1526133495 ==== paxos(begin lc 1194171 fc 0 pn 21200 opn 0) v4 ==== 10228+0+0 (4283033084 0 0) 0x55cf201d3040 con 0x55cf1fade000 -1076>
2017-12-02 17:52:04.353888 7f794074f700 1 -- 10.1.80.4:6789/0 --> 10.1.80.1:6789/0 -- paxos(accept lc 1194171 fc 0 pn 21200 opn 0) v4 -- 0x55cf201d3380 con 0 -1075>
2017-12-02 17:52:04.354945 7f793c747700 5 -- 10.1.80.4:6789/0 >> 10.1.80.1:6789/0 conn(0x55cf1fade000 :-1 s=STATE_OPEN_MESSAGE_READ_FOOTER_AND_DISPATCH pgs=851208 cs=1 l=0). rx mon.0 seq 1526133496 0x55cf201d3380 paxos(commit lc 1194172 fc 0 pn 21200 opn 0) v4 -1074>
2017-12-02 17:52:04.355023 7f794074f700 1 -- 10.1.80.4:6789/0 <== mon.0 10.1.80.1:6789/0 1526133496 ==== paxos(commit lc 1194172 fc 0 pn 21200 opn 0) v4 ==== 10228+0+0 (4065403980 0 0) 0x55cf201d3380 con 0x55cf1fade000 -1073>
2017-12-02 17:52:04.355155 7f793c747700 5 -- 10.1.80.4:6789/0 >> 10.1.80.1:6789/0 conn(0x55cf1fade000 :-1 s=STATE_OPEN_MESSAGE_READ_FOOTER_AND_DISPATCH pgs=851208 cs=1 l=0). rx mon.0 seq 1526133497 0x55cf201d36c0 paxos(lease lc 1194172 fc 1193506 pn 0 opn 0) v4 -1072>
2017-12-02 17:52:04.355789 7f794074f700 4 mgrc handle_mgr_map Got map version 219 -1071>
2017-12-02 17:52:04.355799 7f794074f700 4 mgrc handle_mgr_map Active mgr is now 10.1.80.3:6832/18816 -1070>
2017-12-02 17:52:04.355919 7f794074f700 1 -- 10.1.80.4:6789/0 <== mon.0 10.1.80.1:6789/0 1526133497 ==== paxos(lease lc 1194172 fc 1193506 pn 0 opn 0) v4 ==== 84+0+0 (2809371336 0 0) 0x55cf201d36c0 con 0x55cf1fade000 -1069>
2017-12-02 17:52:04.355939 7f794074f700 1 -- 10.1.80.4:6789/0 --> 10.1.80.1:6789/0 -- paxos(lease_ack lc 1194172 fc 1193506 pn 0 opn 0) v4 -- 0x55cf201d3380 con 0 -1068>
2017-12-02 17:52:04.355958 7f794074f700 5 mon.c1n4@3(peon).monmap v4 apply_mon_features wait for service to be writeable -1067>
