2017-12-02 17:51:18.363887 7f794074f700 1 -- 10.1.80.4:6789/0 <== mon.0 10.1.80.1:6789/0 1526133399 ==== paxos(begin lc 1194140 fc 0 pn 21200 opn 0) v4 ==== 2566+0+0 (345856560 0 0) 0x55cf1fce2680 con 0x55cf1fade000 -2377>
2017-12-02 17:51:18.364409 7f794074f700 1 -- 10.1.80.4:6789/0 --> 10.1.80.1:6789/0 -- paxos(accept lc 1194140 fc 0 pn 21200 opn 0) v4 -- 0x55cf1fce29c0 con 0 -2376>
2017-12-02 17:51:18.365437 7f793c747700 5 -- 10.1.80.4:6789/0 >> 10.1.80.1:6789/0 conn(0x55cf1fade000 :-1 s=STATE_OPEN_MESSAGE_READ_FOOTER_AND_DISPATCH pgs=851208 cs=1 l=0). rx mon.0 seq 1526133400 0x55cf1fce29c0 paxos(commit lc 1194141 fc 0 pn 21200 opn 0) v4 -2375>
2017-12-02 17:51:18.365488 7f794074f700 1 -- 10.1.80.4:6789/0 <== mon.0 10.1.80.1:6789/0 1526133400 ==== paxos(commit lc 1194141 fc 0 pn 21200 opn 0) v4 ==== 2566+0+0 (3239646675 0 0) 0x55cf1fce29c0 con 0x55cf1fade000 -2374>
2017-12-02 17:51:18.365630 7f793c747700 5 -- 10.1.80.4:6789/0 >> 10.1.80.1:6789/0 conn(0x55cf1fade000 :-1 s=STATE_OPEN_MESSAGE_READ_FOOTER_AND_DISPATCH pgs=851208 cs=1 l=0). rx mon.0 seq 1526133401 0x55cf1fce2d00 paxos(lease lc 1194141 fc 1193506 pn 0 opn 0) v4 -2373>
2017-12-02 17:51:18.366008 7f794074f700 4 mgrc handle_mgr_map Got map version 219 -2372>
2017-12-02 17:51:18.366016 7f794074f700 4 mgrc handle_mgr_map Active mgr is now 10.1.80.3:6832/18816 -2371>
2017-12-02 17:51:18.366128 7f794074f700 1 -- 10.1.80.4:6789/0 <== mon.0 10.1.80.1:6789/0 1526133401 ==== paxos(lease lc 1194141 fc 1193506 pn 0 opn 0) v4 ==== 84+0+0 (2275828313 0 0) 0x55cf1fce2d00 con 0x55cf1fade000 -2370>
2017-12-02 17:51:18.366146 7f794074f700 1 -- 10.1.80.4:6789/0 --> 10.1.80.1:6789/0 -- paxos(lease_ack lc 1194141 fc 1193506 pn 0 opn 0) v4 -- 0x55cf1fce29c0 con 0 -2369>
2017-12-02 17:51:18.366162 7f794074f700 5 mon.c1n4@3(peon).monmap v4 apply_mon_features wait for service to be writeable -2368>
2017-12-02 17:51:18.366168 7f794074f700 5 mon.c1n4@3(peon).paxos(paxos active c 1193506..1194141) is_readable = 1 - now=2017-12-02 17:51:18.366169 lease_expire=2017-12-02 17:51:23.366039 has v0 lc 1194141 -2367>
2017-12-02 17:51:18.914197 7f793c747700 1 -- 10.1.80.4:6789/0 >> - conn(0x55cf1fcc1800 :6789 s=STATE_ACCEPTING pgs=0 cs=0 l=0)._process_connection sd=34 - -2366>
2017-12-02 17:51:18.914334 7f793c747700 2 -- 10.1.80.4:6789/0 >> 10.1.80.4:0/962736995 conn(0x55cf1fcc1800 :6789 s=STATE_ACCEPTING_WAIT_SEQ pgs=1 cs=1 l=1).handle_connect_msg accept write reply msg done -2365>
2017-12-02 17:51:18.914357 7f793c747700 2 -- 10.1.80.4:6789/0 >> 10.1.80.4:0/962736995 conn(0x55cf1fcc1800 :6789 s=STATE_ACCEPTING_WAIT_SEQ pgs=1 cs=1 l=1)._process_connection accept get newly_acked_seq 0 -2364>
2017-12-02 17:51:18.914442 7f793c747700 5 -- 10.1.80.4:6789/0 >> 10.1.80.4:0/962736995 conn(0x55cf1fcc1800 :6789 s=STATE_OPEN_MESSAGE_READ_FOOTER_AND_DISPATCH pgs=1 cs=1 l=1). rx client.? seq 1 0x55cf1f741700 auth(proto 0 30 bytes epoch 0) v1 -2363>
2017-12-02 17:51:18.914459 7f794074f700 1 -- 10.1.80.4:6789/0 <== client.? 10.1.80.4:0/962736995 1 ==== auth(proto 0 30 bytes epoch 0) v1 ==== 60+0+0 (673663173 0 0) 0x55cf1f741700 con 0x55cf1fcc1800 -2362>
2017-12-02 17:51:18.914483 7f794074f700 5 mon.c1n4@3(peon).paxos(paxos active c 1193506..1194141) is_readable = 1 - now=2017-12-02 17:51:18.914484 lease_expire=2017-12-02 17:51:23.366039 has v0 lc 1194141 -2361>
2017-12-02 17:51:18.914516 7f794074f700 1 -- 10.1.80.4:6789/0 --> 10.1.80.4:0/962736995 -- mon_map magic: 0 v1 -- 0x55cf1fbf4c80 con 0 -2360>
2017-12-02 17:51:18.914545 7f794074f700 2 mon.c1n4@3(peon) e4 send_reply 0x55cf1f904f80 0x55cf1fbf4f00 auth_reply(proto 2 0 (0) Success) v1 -2359>
2017-12-02 17:51:18.914553 7f794074f700 1 -- 10.1.80.4:6789/0 --> 10.1.80.4:0/962736995 -- auth_reply(proto 2 0 (0) Success) v1 -- 0x55cf1fbf4f00 con 0 -2358>
2017-12-02 17:51:18.914829 7f793c747700 5 -- 10.1.80.4:6789/0 >> 10.1.80.4:0/962736995 conn(0x55cf1fcc1800 :6789 s=STATE_OPEN_MESSAGE_READ_FOOTER_AND_DISPATCH pgs=1 cs=1 l=1). rx client.? seq 2 0x55cf1fbf4f00 auth(proto 2 32 bytes epoch 0) v1 -2357>
2017-12-02 17:51:18.914885 7f794074f700 1 -- 10.1.80.4:6789/0 <== client.? 10.1.80.4:0/962736995 2 ==== auth(proto 2 32 bytes epoch 0) v1 ==== 62+0+0 (4058385130 0 0) 0x55cf1fbf4f00 con 0x55cf1fcc1800 -2356>
2017-12-02 17:51:18.914896 7f794074f700 5 mon.c1n4@3(peon).paxos(paxos active c 1193506..1194141) is_readable = 1 - now=2017-12-02 17:51:18.914896 lease_expire=2017-12-02 17:51:23.366039 has v0 lc 1194141 -2355>
2017-12-02 17:51:18.915012 7f794074f700 2 mon.c1n4@3(peon) e4 send_reply 0x55cf1f904f80 0x55cf1f741700 auth_reply(proto 2 0 (0) Success) v1 -2354>
2017-12-02 17:51:18.915019 7f794074f700 1 -- 10.1.80.4:6789/0 --> 10.1.80.4:0/962736995 -- auth_reply(proto 2 0 (0) Success) v1 -- 0x55cf1f741700 con 0 -2353>
2017-12-02 17:51:18.915174 7f793c747700 5 -- 10.1.80.4:6789/0 >> 10.1.80.4:0/962736995 conn(0x55cf1fcc1800 :6789 s=STATE_OPEN_MESSAGE_READ_FOOTER_AND_DISPATCH pgs=1 cs=1 l=1). rx client.? seq 3 0x55cf1f741700 auth(proto 2 165 bytes epoch 0) v1 -2352>
2017-12-02 17:51:18.915190 7f794074f700 1 -- 10.1.80.4:6789/0 <== client.? 10.1.80.4:0/962736995 3 ==== auth(proto 2 165 bytes epoch 0) v1 ==== 195+0+0 (3752645383 0 0) 0x55cf1f741700 con 0x55cf1fcc1800 -2351>
2017-12-02 17:51:18.915199 7f794074f700 5 mon.c1n4@3(peon).paxos(paxos active c 1193506..1194141) is_readable = 1 - now=2017-12-02 17:51:18.915199 lease_expire=2017-12-02 17:51:23.366039 has v0 lc 1194141 -2350>
2017-12-02 17:51:18.915321 7f794074f700 2 mon.c1n4@3(peon) e4 send_reply 0x55cf1f904f80 0x55cf1fbf4f00 auth_reply(proto 2 0 (0) Success) v1 -2349>
2017-12-02 17:51:18.915328 7f794074f700 1 -- 10.1.80.4:6789/0 --> 10.1.80.4:0/962736995 -- auth_reply(proto 2 0 (0) Success) v1 -- 0x55cf1fbf4f00 con 0 -2348>
2017-12-02 17:51:18.915524 7f793c747700 5 -- 10.1.80.4:6789/0 >> 10.1.80.4:0/962736995 conn(0x55cf1fcc1800 :6789 s=STATE_OPEN_MESSAGE_READ_FOOTER_AND_DISPATCH pgs=1 cs=1 l=1). rx client.? seq 4 0x55cf1f4bef40 mon_subscribe({monmap=0+}) v2 -2347>
2017-12-02 17:51:18.915552 7f794074f700 1 -- 10.1.80.4:6789/0 <== client.? 10.1.80.4:0/962736995 4 ==== mon_subscribe({monmap=0+}) v2 ==== 23+0+0 (1620593354 0 0) 0x55cf1f4bef40 con 0x55cf1fcc1800 -2346>
2017-12-02 17:51:18.915558 7f793c747700 5 -- 10.1.80.4:6789/0 >> 10.1.80.4:0/962736995 conn(0x55cf1fcc1800 :6789 s=STATE_OPEN_MESSAGE_READ_FOOTER_AND_DISPATCH pgs=1 cs=1 l=1). rx client.8094115 seq 5 0x55cf1f4bf840 mon_subscribe({mgrmap=0+}) v2 -2345>
2017-12-02 17:51:18.915577 7f794074f700 1 -- 10.1.80.4:6789/0 --> 10.1.80.4:0/962736995 -- mon_map magic: 0 v1 -- 0x55cf1f741700 con 0 -2344>
2017-12-02 17:51:18.915591 7f794074f700 1 -- 10.1.80.4:6789/0 <== client.8094115 10.1.80.4:0/962736995 5 ==== mon_subscribe({mgrmap=0+}) v2 ==== 23+0+0 (2287485974 0 0) 0x55cf1f4bf840 con 0x55cf1fcc1800 -2343>
2017-12-02 17:51:18.915602 7f793c747700 5 -- 10.1.80.4:6789/0 >> 10.1.80.4:0/962736995 conn(0x55cf1fcc1800 :6789 s=STATE_OPEN_MESSAGE_READ_FOOTER_AND_DISPATCH pgs=1 cs=1 l=1). rx client.8094115 seq 6 0x55cf1f4bfa80 mon_subscribe({osdmap=0}) v2 -2342>
2017-12-02 17:51:18.915605 7f794074f700 1 -- 10.1.80.4:6789/0 --> 10.1.80.4:0/962736995 -- mgrmap(e 219) v1 -- 0x55cf1f54ea00 con 0 -2341>
2017-12-02 17:51:18.915633 7f794074f700 1 -- 10.1.80.4:6789/0 <== client.8094115 10.1.80.4:0/962736995 6 ==== mon_subscribe({osdmap=0}) v2 ==== 23+0+0 (319581110 0 0) 0x55cf1f4bfa80 con 0x55cf1fcc1800 -2340>
2017-12-02 17:51:18.915646 7f794074f700 1 -- 10.1.80.4:6789/0 --> 10.1.80.4:0/962736995 -- osd_map(2982..2982 src has 2466..2982) v3 -- 0x55cf1fbf5180 con 0 -2339>
2017-12-02 17:51:18.916156 7f793c747700 5 -- 10.1.80.4:6789/0 >> 10.1.80.4:0/962736995 conn(0x55cf1fcc1800 :6789 s=STATE_OPEN_MESSAGE_READ_FOOTER_AND_DISPATCH pgs=1 cs=1 l=1). rx client.8094115 seq 7 0x55cf1f4bfcc0 getpoolstats(1 ceph v0) v1 -2338>
2017-12-02 17:51:18.916195 7f794074f700 1 -- 10.1.80.4:6789/0 <== client.8094115 10.1.80.4:0/962736995 7 ==== getpoolstats(1 ceph v0) v1 ==== 46+0+0 (2788013228 0 0) 0x55cf1f4bfcc0 con 0x55cf1fcc1800 -2337>
2017-12-02 17:51:18.916205 7f794074f700 5 mon.c1n4@3(peon).paxos(paxos active c 1193506..1194141) is_readable = 1 - now=2017-12-02 17:51:18.916206 lease_expire=2017-12-02 17:51:23.366039 has v0 lc 1194141 -2336>
2017-12-02 17:51:18.916220 7f794074f700 2 mon.c1n4@3(peon) e4 send_reply 0x55cf1f904f80 0x55cf1fbf5400 getpoolstatsreply(1 v946075) v1 -2335>
2017-12-02 17:51:18.916223 7f794074f700 1 -- 10.1.80.4:6789/0 --> 10.1.80.4:0/962736995 -- getpoolstatsreply(1 v946075) v1 -- 0x55cf1fbf5400 con 0 -2334>
2017-12-02 17:51:18.916402 7f793c747700 5 -- 10.1.80.4:6789/0 >> 10.1.80.4:0/962736995 conn(0x55cf1fcc1800 :6789 s=STATE_OPEN_MESSAGE_READ_FOOTER_AND_DISPATCH pgs=1 cs=1 l=1). rx client.8094115 seq 8 0x55cf1f4bf600 statfs(2 pool -1 v946075) v2 -2333>
2017-12-02 17:51:18.916416 7f794074f700 1 -- 10.1.80.4:6789/0 <== client.8094115 10.1.80.4:0/962736995 8 ==== statfs(2 pool -1 v946075) v2 ==== 35+0+0 (2380868106 0 0) 0x55cf1f4bf600 con 0x55cf1fcc1800 -2332>
2017-12-02 17:51:18.916423 7f794074f700 5 mon.c1n4@3(peon).paxos(paxos active c 1193506..1194141) is_readable = 1 - now=2017-12-02 17:51:18.916424 lease_expire=2017-12-02 17:51:23.366039 has v0 lc 1194141 -2331>
2017-12-02 17:51:18.916432 7f794074f700 2 mon.c1n4@3(peon) e4 send_reply 0x55cf1f904f80 0x55cf1f4bfcc0 statfs_reply(2) v1 -2330>
2017-12-02 17:51:18.916437 7f794074f700 1 -- 10.1.80.4:6789/0 --> 10.1.80.4:0/962736995 -- statfs_reply(2) v1 -- 0x55cf1f4bfcc0 con 0 -2329>
2017-12-02 17:51:18.916768 7f793c747700 1 -- 10.1.80.4:6789/0 >> 10.1.80.4:0/962736995 conn(0x55cf1fcc1800 :6789 s=STATE_OPEN pgs=1 cs=1 l=1).read_bulk peer close file descriptor 34 -2328>
2017-12-02 17:51:18.916775 7f793c747700 1 -- 10.1.80.4:6789/0 >> 10.1.80.4:0/962736995 conn(0x55cf1fcc1800 :6789 s=STATE_OPEN pgs=1 cs=1 l=1).read_until read failed -2327>
2017-12-02 17:51:18.916780 7f793c747700 1 -- 10.1.80.4:6789/0 >> 10.1.80.4:0/962736995 conn(0x55cf1fcc1800 :6789 s=STATE_OPEN pgs=1 cs=1 l=1).process read tag failed -2326>
2017-12-02 17:51:18.916789 7f793c747700 1 -- 10.1.80.4:6789/0 >> 10.1.80.4:0/962736995 conn(0x55cf1fcc1800 :6789 s=STATE_OPEN pgs=1 cs=1 l=1).fault on lossy channel, failing -2325>
2017-12-02 17:51:18.916793 7f793c747700 2 -- 10.1.80.4:6789/0 >> 10.1.80.4:0/962736995 conn(0x55cf1fcc1800 :6789 s=STATE_OPEN pgs=1 cs=1 l=1)._stop -2324>
2017-12-02 17:51:20.372891 7f793c747700 5 -- 10.1.80.4:6789/0 >> 10.1.80.1:6789/0 conn(0x55cf1fade000 :-1 s=STATE_OPEN_MESSAGE_READ_FOOTER_AND_DISPATCH pgs=851208 cs=1 l=0). rx mon.0 seq 1526133402 0x55cf1fce29c0 paxos(begin lc 1194141 fc 0 pn 21200 opn 0) v4 -2323>
2017-12-02 17:51:20.372980 7f794074f700 1 -- 10.1.80.4:6789/0 <== mon.0 10.1.80.1:6789/0 1526133402 ==== paxos(begin lc 1194141 fc 0 pn 21200 opn 0) v4 ==== 2566+0+0 (3183048996 0 0) 0x55cf1fce29c0 con 0x55cf1fade000 -2322>
2017-12-02 17:51:20.373625 7f794074f700 1 -- 10.1.80.4:6789/0 --> 10.1.80.1:6789/0 -- paxos(accept lc 1194141 fc 0 pn 21200 opn 0) v4 -- 0x55cf1fce2d00 con 0 -2321>
2017-12-02 17:51:20.374679 7f793c747700 5 -- 10.1.80.4:6789/0 >> 10.1.80.1:6789/0 conn(0x55cf1fade000 :-1 s=STATE_OPEN_MESSAGE_READ_FOOTER_AND_DISPATCH pgs=851208 cs=1 l=0). rx mon.0 seq 1526133403 0x55cf1fce2d00 paxos(commit lc 1194142 fc 0 pn 21200 opn 0) v4 -2320>
2017-12-02 17:51:20.374751 7f794074f700 1 -- 10.1.80.4:6789/0 <== mon.0 10.1.80.1:6789/0 1526133403 ==== paxos(commit lc 1194142 fc 0 pn 21200 opn 0) v4 ==== 2566+0+0 (3156594796 0 0) 0x55cf1fce2d00 con 0x55cf1fade000 -2319>
2017-12-02 17:51:20.374825 7f793c747700 5 -- 10.1.80.4:6789/0 >> 10.1.80.1:6789/0 conn(0x55cf1fade000 :-1 s=STATE_OPEN_MESSAGE_READ_FOOTER_AND_DISPATCH pgs=851208 cs=1 l=0). rx mon.0 seq 1526133404 0x55cf1fce3040 paxos(lease lc 1194142 fc 1193506 pn 0 opn 0) v4 -2318>
2017-12-02 17:51:20.375376 7f794074f700 4 mgrc handle_mgr_map Got map version 219 -2317>
2017-12-02 17:51:20.375385 7f794074f700 4 mgrc handle_mgr_map Active mgr is now 10.1.80.3:6832/18816 -2316>
2017-12-02 17:51:20.375534 7f794074f700 1 -- 10.1.80.4:6789/0 <== mon.0 10.1.80.1:6789/0 1526133404 ==== paxos(lease lc 1194142 fc 1193506 pn 0 opn 0) v4 ==== 84+0+0 (1297895245 0 0) 0x55cf1fce3040 con 0x55cf1fade000 -2315>
2017-12-02 17:51:20.375553 7f794074f700 1 -- 10.1.80.4:6789/0 --> 10.1.80.1:6789/0 -- paxos(lease_ack lc 1194142 fc 1193506 pn 0 opn 0) v4 -- 0x55cf1fce2000 con 0 -2314>
2017-12-02 17:51:20.375570 7f794074f700 5 mon.c1n4@3(peon).monmap v4 apply_mon_features wait for service to be writeable -2313>
2017-12-02 17:51:20.375593 7f794074f700 5 mon.c1n4@3(peon).paxos(paxos active c 1193506..1194142) is_readable = 1 - now=2017-12-02 17:51:20.375595 lease_expire=2017-12-02 17:51:25.375231 has v0 lc 1194142 -2312>
2017-12-02 17:51:21.213985 7f793c747700 1 -- 10.1.80.4:6789/0 >> - conn(0x55cf1fcc3000 :6789 s=STATE_ACCEPTING pgs=0 cs=0 l=0)._process_connection sd=34 - -2311>
2017-12-02 17:51:21.214157 7f793c747700 2 -- 10.1.80.4:6789/0 >> 10.1.80.1:0/1082340612 conn(0x55cf1fcc3000 :6789 s=STATE_ACCEPTING_WAIT_SEQ pgs=2 cs=1 l=1).handle_connect_msg accept write reply msg done -2310>
2017-12-02 17:51:21.214218 7f793c747700 2 -- 10.1.80.4:6789/0 >> 10.1.80.1:0/1082340612 conn(0x55cf1fcc3000 :6789 s=STATE_ACCEPTING_WAIT_SEQ pgs=2 cs=1 l=1)._process_connection accept get newly_acked_seq 0 -2309>
2017-12-02 17:51:21.214290 7f793c747700 5 -- 10.1.80.4:6789/0 >> 10.1.80.1:0/1082340612 conn(0x55cf1fcc3000 :6789 s=STATE_OPEN_MESSAGE_READ_FOOTER_AND_DISPATCH pgs=2 cs=1 l=1). rx client.? seq 1 0x55cf1fbf4c80 auth(proto 0 30 bytes epoch 0) v1 -2308>
2017-12-02 17:51:21.214312 7f794074f700 1 -- 10.1.80.4:6789/0 <== client.? 10.1.80.1:0/1082340612 1 ==== auth(proto 0 30 bytes epoch 0) v1 ==== 60+0+0 (673663173 0 0) 0x55cf1fbf4c80 con 0x55cf1fcc3000 -2307>
2017-12-02 17:51:21.214338 7f794074f700 5 mon.c1n4@3(peon).paxos(paxos active c 1193506..1194142) is_readable = 1 - now=2017-12-02 17:51:21.214338 lease_expire=2017-12-02 17:51:25.375231 has v0 lc 1194142 -2306>
2017-12-02 17:51:21.214372 7f794074f700 1 -- 10.1.80.4:6789/0 --> 10.1.80.1:0/1082340612 -- mon_map magic: 0 v1 -- 0x55cf1fbf5400 con 0 -2305>
2017-12-02 17:51:21.214409 7f794074f700 2 mon.c1n4@3(peon) e4 send_reply 0x55cf1f904f80 0x55cf1fbf4a00 auth_reply(proto 2 0 (0) Success) v1 -2304>
2017-12-02 17:51:21.214419 7f794074f700 1 -- 10.1.80.4:6789/0 --> 10.1.80.1:0/1082340612 -- auth_reply(proto 2 0 (0) Success) v1 -- 0x55cf1fbf4a00 con 0 -2303>
2017-12-02 17:51:21.214728 7f793c747700 5 -- 10.1.80.4:6789/0 >> 10.1.80.1:0/1082340612 conn(0x55cf1fcc3000 :6789 s=STATE_OPEN_MESSAGE_READ_FOOTER_AND_DISPATCH pgs=2 cs=1 l=1). rx client.? seq 2 0x55cf1fbf4a00 auth(proto 2 32 bytes epoch 0) v1 -2302>
2017-12-02 17:51:21.214773 7f794074f700 1 -- 10.1.80.4:6789/0 <== client.? 10.1.80.1:0/1082340612 2 ==== auth(proto 2 32 bytes epoch 0) v1 ==== 62+0+0 (1585996881 0 0) 0x55cf1fbf4a00 con 0x55cf1fcc3000 -2301>
2017-12-02 17:51:21.214790 7f794074f700 5 mon.c1n4@3(peon).paxos(paxos active c 1193506..1194142) is_readable = 1 - now=2017-12-02 17:51:21.214790 lease_expire=2017-12-02 17:51:25.375231 has v0 lc 1194142 -2300>
2017-12-02 17:51:21.214923 7f794074f700 2 mon.c1n4@3(peon) e4 send_reply 0x55cf1f904f80 0x55cf1fbf4c80 auth_reply(proto 2 0 (0) Success) v1 -2299>
2017-12-02 17:51:21.214932 7f794074f700 1 -- 10.1.80.4:6789/0 --> 10.1.80.1:0/1082340612 -- auth_reply(proto 2 0 (0) Success) v1 -- 0x55cf1fbf4c80 con 0 -2298>
2017-12-02 17:51:21.215133 7f793c747700 5 -- 10.1.80.4:6789/0 >> 10.1.80.1:0/1082340612 conn(0x55cf1fcc3000 :6789 s=STATE_OPEN_MESSAGE_READ_FOOTER_AND_DISPATCH pgs=2 cs=1 l=1). rx client.? seq 3 0x55cf1fbf4c80 auth(proto 2 165 bytes epoch 0) v1 -2297>
2017-12-02 17:51:21.215149 7f794074f700 1 -- 10.1.80.4:6789/0 <== client.? 10.1.80.1:0/1082340612 3 ==== auth(proto 2 165 bytes epoch 0) v1 ==== 195+0+0 (28923608 0 0) 0x55cf1fbf4c80 con 0x55cf1fcc3000 -2296>
2017-12-02 17:51:21.215158 7f794074f700 5 mon.c1n4@3(peon).paxos(paxos active c 1193506..1194142) is_readable = 1 - now=2017-12-02 17:51:21.215159 lease_expire=2017-12-02 17:51:25.375231 has v0 lc 1194142 -2295>
2017-12-02 17:51:21.215295 7f794074f700 2 mon.c1n4@3(peon) e4 send_reply 0x55cf1f904f80 0x55cf1fbf4a00 auth_reply(proto 2 0 (0) Success) v1 -2294>
2017-12-02 17:51:21.215302 7f794074f700 1 -- 10.1.80.4:6789/0 --> 10.1.80.1:0/1082340612 -- auth_reply(proto 2 0 (0) Success) v1 -- 0x55cf1fbf4a00 con 0 -2293>
2017-12-02 17:51:21.215351 7f793c747700 1 -- 10.1.80.4:6789/0 >> 10.1.80.1:0/1082340612 conn(0x55cf1fcc3000 :6789 s=STATE_OPEN pgs=2 cs=1 l=1).read_bulk peer close file descriptor 34 -2292>
2017-12-02 17:51:21.215358 7f793c747700 1 -- 10.1.80.4:6789/0 >> 10.1.80.1:0/1082340612 conn(0x55cf1fcc3000 :6789 s=STATE_OPEN pgs=2 cs=1 l=1).read_until read failed -2291>
2017-12-02 17:51:21.215363 7f793c747700 1 -- 10.1.80.4:6789/0 >> 10.1.80.1:0/1082340612 conn(0x55cf1fcc3000 :6789 s=STATE_OPEN pgs=2 cs=1 l=1).process read tag failed -2290>
2017-12-02 17:51:21.215367 7f793c747700 1 -- 10.1.80.4:6789/0 >> 10.1.80.1:0/1082340612 conn(0x55cf1fcc3000 :6789 s=STATE_OPEN pgs=2 cs=1 l=1).fault on lossy channel, failing -2289>
2017-12-02 17:51:21.215370 7f793c747700 2 -- 10.1.80.4:6789/0 >> 10.1.80.1:0/1082340612 conn(0x55cf1fcc3000 :6789 s=STATE_OPEN pgs=2 cs=1 l=1)._stop -2288>
2017-12-02 17:51:21.270463 7f793c747700 1 -- 10.1.80.4:6789/0 >> - conn(0x55cf1fcc4800 :6789 s=STATE_ACCEPTING pgs=0 cs=0 l=0)._process_connection sd=34 - -2287>
2017-12-02 17:51:21.270617 7f793c747700 2 -- 10.1.80.4:6789/0 >> 10.1.80.1:0/1392018588 conn(0x55cf1fcc4800 :6789 s=STATE_ACCEPTING_WAIT_SEQ pgs=1 cs=1 l=1).handle_connect_msg accept write reply msg done -2286>
2017-12-02 17:51:21.270687 7f793c747700 2 -- 10.1.80.4:6789/0 >> 10.1.80.1:0/1392018588 conn(0x55cf1fcc4800 :6789 s=STATE_ACCEPTING_WAIT_SEQ pgs=1 cs=1 l=1)._process_connection accept get newly_acked_seq 0 -2285>
2017-12-02 17:51:21.270794 7f793c747700 5 -- 10.1.80.4:6789/0 >> 10.1.80.1:0/1392018588 conn(0x55cf1fcc4800 :6789 s=STATE_OPEN_MESSAGE_READ_FOOTER_AND_DISPATCH pgs=1 cs=1 l=1). rx client.? seq 1 0x55cf1fbf4a00 auth(proto 0 30 bytes epoch 0) v1 -2284>
2017-12-02 17:51:21.270810 7f794074f700 1 -- 10.1.80.4:6789/0 <== client.? 10.1.80.1:0/1392018588 1 ==== auth(proto 0 30 bytes epoch 0) v1 ==== 60+0+0 (673663173 0 0) 0x55cf1fbf4a00 con 0x55cf1fcc4800 -2283>
2017-12-02 17:51:21.270827 7f794074f700 5 mon.c1n4@3(peon).paxos(paxos active c 1193506..1194142) is_readable = 1 - now=2017-12-02 17:51:21.270828 lease_expire=2017-12-02 17:51:25.375231 has v0 lc 1194142 -2282>
2017-12-02 17:51:21.270851 7f794074f700 1 -- 10.1.80.4:6789/0 --> 10.1.80.1:0/1392018588 -- mon_map magic: 0 v1 -- 0x55cf1fbf4c80 con 0 -2281>
2017-12-02 17:51:21.270875 7f794074f700 2 mon.c1n4@3(peon) e4 send_reply 0x55cf1f904f80 0x55cf1fbf5680 auth_reply(proto 2 0 (0) Success) v1 -2280>
2017-12-02 17:51:21.270882 7f794074f700 1 -- 10.1.80.4:6789/0 --> 10.1.80.1:0/1392018588 -- auth_reply(proto 2 0 (0) Success) v1 -- 0x55cf1fbf5680 con 0 -2279>
2017-12-02 17:51:21.271282 7f793c747700 5 -- 10.1.80.4:6789/0 >> 10.1.80.1:0/1392018588 conn(0x55cf1fcc4800 :6789 s=STATE_OPEN_MESSAGE_READ_FOOTER_AND_DISPATCH pgs=1 cs=1 l=1). rx client.? seq 2 0x55cf1fbf5180 auth(proto 2 32 bytes epoch 0) v1 -2278>
2017-12-02 17:51:21.271326 7f794074f700 1 -- 10.1.80.4:6789/0 <== client.? 10.1.80.1:0/1392018588 2 ==== auth(proto 2 32 bytes epoch 0) v1 ==== 62+0+0 (1343425373 0 0) 0x55cf1fbf5180 con 0x55cf1fcc4800 -2277>
2017-12-02 17:51:21.271336 7f794074f700 5 mon.c1n4@3(peon).paxos(paxos active c 1193506..1194142) is_readable = 1 - now=2017-12-02 17:51:21.271337 lease_expire=2017-12-02 17:51:25.375231 has v0 lc 1194142 -2276>
2017-12-02 17:51:21.271412 7f794074f700 2 mon.c1n4@3(peon) e4 send_reply 0x55cf1f904f80 0x55cf1fbf4a00 auth_reply(proto 2 0 (0) Success) v1 -2275>
2017-12-02 17:51:21.271419 7f794074f700 1 -- 10.1.80.4:6789/0 --> 10.1.80.1:0/1392018588 -- auth_reply(proto 2 0 (0) Success) v1 -- 0x55cf1fbf4a00 con 0 -2274>
2017-12-02 17:51:21.271674 7f793c747700 5 -- 10.1.80.4:6789/0 >> 10.1.80.1:0/1392018588 conn(0x55cf1fcc4800 :6789 s=STATE_OPEN_MESSAGE_READ_FOOTER_AND_DISPATCH pgs=1 cs=1 l=1). rx client.? seq 3 0x55cf1fbf4a00 auth(proto 2 165 bytes epoch 0) v1 -2273>
2017-12-02 17:51:21.271688 7f794074f700 1 -- 10.1.80.4:6789/0 <== client.? 10.1.80.1:0/1392018588 3 ==== auth(proto 2 165 bytes epoch 0) v1 ==== 195+0+0 (1028197259 0 0) 0x55cf1fbf4a00 con 0x55cf1fcc4800 -2272>
2017-12-02 17:51:21.271697 7f794074f700 5 mon.c1n4@3(peon).paxos(paxos active c 1193506..1194142) is_readable = 1 - now=2017-12-02 17:51:21.271697 lease_expire=2017-12-02 17:51:25.375231 has v0 lc 1194142 -2271>
2017-12-02 17:51:21.271806 7f794074f700 2 mon.c1n4@3(peon) e4 send_reply 0x55cf1f904f80 0x55cf1fbf5180 auth_reply(proto 2 0 (0) Success) v1 -2270>
2017-12-02 17:51:21.271813 7f794074f700 1 -- 10.1.80.4:6789/0 --> 10.1.80.1:0/1392018588 -- auth_reply(proto 2 0 (0) Success) v1 -- 0x55cf1fbf5180 con 0 -2269>
2017-12-02 17:51:21.272168 7f793c747700 5 -- 10.1.80.4:6789/0 >> 10.1.80.1:0/1392018588 conn(0x55cf1fcc4800 :6789 s=STATE_OPEN_MESSAGE_READ_FOOTER_AND_DISPATCH pgs=1 cs=1 l=1). rx client.? seq 4 0x55cf1f4bfcc0 mon_subscribe({monmap=0+}) v2 -2268>
2017-12-02 17:51:21.272203 7f793c747700 5 -- 10.1.80.4:6789/0 >> 10.1.80.1:0/1392018588 conn(0x55cf1fcc4800 :6789 s=STATE_OPEN_MESSAGE_READ_FOOTER_AND_DISPATCH pgs=1 cs=1 l=1). rx client.8094123 seq 5 0x55cf1f4bf3c0 mon_subscribe({mgrmap=0+}) v2 -2267>
2017-12-02 17:51:21.272218 7f794074f700 1 -- 10.1.80.4:6789/0 <== client.? 10.1.80.1:0/1392018588 4 ==== mon_subscribe({monmap=0+}) v2 ==== 23+0+0 (1620593354 0 0) 0x55cf1f4bfcc0 con 0x55cf1fcc4800 -2266>
2017-12-02 17:51:21.272254 7f793c747700 5 -- 10.1.80.4:6789/0 >> 10.1.80.1:0/1392018588 conn(0x55cf1fcc4800 :6789 s=STATE_OPEN_MESSAGE_READ_FOOTER_AND_DISPATCH pgs=1 cs=1 l=1). rx client.8094123 seq 6 0x55cf1f4bdf80 mon_subscribe({osdmap=0}) v2 -2265>
2017-12-02 17:51:21.272259 7f794074f700 1 -- 10.1.80.4:6789/0 --> 10.1.80.1:0/1392018588 -- mon_map magic: 0 v1 -- 0x55cf1fbf4a00 con 0 -2264>
2017-12-02 17:51:21.272294 7f794074f700 1 -- 10.1.80.4:6789/0 <== client.8094123 10.1.80.1:0/1392018588 5 ==== mon_subscribe({mgrmap=0+}) v2 ==== 23+0+0 (2287485974 0 0) 0x55cf1f4bf3c0 con 0x55cf1fcc4800 -2263>
2017-12-02 17:51:21.272316 7f794074f700 1 -- 10.1.80.4:6789/0 --> 10.1.80.1:0/1392018588 -- mgrmap(e 219) v1 -- 0x55cf1f54d800 con 0 -2262>
2017-12-02 17:51:21.272334 7f794074f700 1 -- 10.1.80.4:6789/0 <== client.8094123 10.1.80.1:0/1392018588 6 ==== mon_subscribe({osdmap=0}) v2 ==== 23+0+0 (319581110 0 0) 0x55cf1f4bdf80 con 0x55cf1fcc4800 -2261>
2017-12-02 17:51:21.272353 7f794074f700 1 -- 10.1.80.4:6789/0 --> 10.1.80.1:0/1392018588 -- osd_map(2982..2982 src has 2466..2982) v3 -- 0x55cf1fbf5900 con 0 -2260>
2017-12-02 17:51:21.272904 7f793c747700 5 -- 10.1.80.4:6789/0 >> 10.1.80.1:0/1392018588 conn(0x55cf1fcc4800 :6789 s=STATE_OPEN_MESSAGE_READ_FOOTER_AND_DISPATCH pgs=1 cs=1 l=1). rx client.8094123 seq 7 0x55cf1f4beac0 getpoolstats(1 ceph v0) v1 -2259>
2017-12-02 17:51:21.272919 7f794074f700 1 -- 10.1.80.4:6789/0 <== client.8094123 10.1.80.1:0/1392018588 7 ==== getpoolstats(1 ceph v0) v1 ==== 46+0+0 (2788013228 0 0) 0x55cf1f4beac0 con 0x55cf1fcc4800 -2258>
2017-12-02 17:51:21.272927 7f794074f700 5 mon.c1n4@3(peon).paxos(paxos active c 1193506..1194142) is_readable = 1 - now=2017-12-02 17:51:21.272927 lease_expire=2017-12-02 17:51:25.375231 has v0 lc 1194142 -2257>
2017-12-02 17:51:21.272940 7f794074f700 2 mon.c1n4@3(peon) e4 send_reply 0x55cf1f904f80 0x55cf1fbf5b80 getpoolstatsreply(1 v946076) v1 -2256>
2017-12-02 17:51:21.272944 7f794074f700 1 -- 10.1.80.4:6789/0 --> 10.1.80.1:0/1392018588 -- getpoolstatsreply(1 v946076) v1 -- 0x55cf1fbf5b80 con 0 -2255>
2017-12-02 17:51:21.273191 7f793c747700 5 -- 10.1.80.4:6789/0 >> 10.1.80.1:0/1392018588 conn(0x55cf1fcc4800 :6789 s=STATE_OPEN_MESSAGE_READ_FOOTER_AND_DISPATCH pgs=1 cs=1 l=1). rx client.8094123 seq 8 0x55cf1f4bef40 statfs(2 pool -1 v946076) v2 -2254>
2017-12-02 17:51:21.273206 7f794074f700 1 -- 10.1.80.4:6789/0 <== client.8094123 10.1.80.1:0/1392018588 8 ==== statfs(2 pool -1 v946076) v2 ==== 35+0+0 (1756940515 0 0) 0x55cf1f4bef40 con 0x55cf1fcc4800 -2253>
2017-12-02 17:51:21.273214 7f794074f700 5 mon.c1n4@3(peon).paxos(paxos active c 1193506..1194142) is_readable = 1 - now=2017-12-02 17:51:21.273215 lease_expire=2017-12-02 17:51:25.375231 has v0 lc 1194142 -2252>
2017-12-02 17:51:21.273222 7f794074f700 2 mon.c1n4@3(peon) e4 send_reply 0x55cf1f904f80 0x55cf1f4beac0 statfs_reply(2) v1 -2251>
2017-12-02 17:51:21.273227 7f794074f700 1 -- 10.1.80.4:6789/0 --> 10.1.80.1:0/1392018588 -- statfs_reply(2) v1 -- 0x55cf1f4beac0 con 0 -2250>
2017-12-02 17:51:21.273684 7f793c747700 1 -- 10.1.80.4:6789/0 >> 10.1.80.1:0/1392018588 conn(0x55cf1fcc4800 :6789 s=STATE_OPEN pgs=1 cs=1 l=1).read_bulk peer close file descriptor 34 -2249>
2017-12-02 17:51:21.273692 7f793c747700 1 -- 10.1.80.4:6789/0 >> 10.1.80.1:0/1392018588 conn(0x55cf1fcc4800 :6789 s=STATE_OPEN pgs=1 cs=1 l=1).read_until read failed -2248>
2017-12-02 17:51:21.273696 7f793c747700 1 -- 10.1.80.4:6789/0 >> 10.1.80.1:0/1392018588 conn(0x55cf1fcc4800 :6789 s=STATE_OPEN pgs=1 cs=1 l=1).process read tag failed -2247>
2017-12-02 17:51:21.273700 7f793c747700 1 -- 10.1.80.4:6789/0 >> 10.1.80.1:0/1392018588 conn(0x55cf1fcc4800 :6789 s=STATE_OPEN pgs=1 cs=1 l=1).fault on lossy channel, failing -2246>
2017-12-02 17:51:21.273705 7f793c747700 2 -- 10.1.80.4:6789/0 >> 10.1.80.1:0/1392018588 conn(0x55cf1fcc4800 :6789 s=STATE_OPEN pgs=1 cs=1 l=1)._stop -2245>
2017-12-02 17:51:22.299844 7f793c747700 1 -- 10.1.80.4:6789/0 >> - conn(0x55cf1fb7b000 :6789 s=STATE_ACCEPTING pgs=0 cs=0 l=0)._process_connection sd=34 - -2244>
2017-12-02 17:51:22.300017 7f793c747700 2 -- 10.1.80.4:6789/0 >> 10.1.80.1:0/2793024520 conn(0x55cf1fb7b000 :6789 s=STATE_ACCEPTING_WAIT_SEQ pgs=2 cs=1 l=1).handle_connect_msg accept write reply msg done -2243>
2017-12-02 17:51:22.300117 7f793c747700 2 -- 10.1.80.4:6789/0 >> 10.1.80.1:0/2793024520 conn(0x55cf1fb7b000 :6789 s=STATE_ACCEPTING_WAIT_SEQ pgs=2 cs=1 l=1)._process_connection accept get newly_acked_seq 0 -2242>
2017-12-02 17:51:22.300172 7f793c747700 5 -- 10.1.80.4:6789/0 >> 10.1.80.1:0/2793024520 conn(0x55cf1fb7b000 :6789 s=STATE_OPEN_MESSAGE_READ_FOOTER_AND_DISPATCH pgs=2 cs=1 l=1). rx client.? seq 1 0x55cf1fbf5b80 auth(proto 0 30 bytes epoch 0) v1 -2241>
2017-12-02 17:51:22.300203 7f794074f700 1 -- 10.1.80.4:6789/0 <== client.? 10.1.80.1:0/2793024520 1 ==== auth(proto 0 30 bytes epoch 0) v1 ==== 60+0+0 (673663173 0 0) 0x55cf1fbf5b80 con 0x55cf1fb7b000 -2240>
2017-12-02 17:51:22.300241 7f794074f700 5 mon.c1n4@3(peon).paxos(paxos active c 1193506..1194142) is_readable = 1 - now=2017-12-02 17:51:22.300242 lease_expire=2017-12-02 17:51:25.375231 has v0 lc 1194142 -2239>
2017-12-02 17:51:22.300284 7f794074f700 1 -- 10.1.80.4:6789/0 --> 10.1.80.1:0/2793024520 -- mon_map magic: 0 v1 -- 0x55cf1fbf5680 con 0 -2238>
2017-12-02 17:51:22.300326 7f794074f700 2 mon.c1n4@3(peon) e4 send_reply 0x55cf1f904f80 0x55cf1fbf4c80 auth_reply(proto 2 0 (0) Success) v1 -2237>
2017-12-02 17:51:22.300338 7f794074f700 1 -- 10.1.80.4:6789/0 --> 10.1.80.1:0/2793024520 -- auth_reply(proto 2 0 (0) Success) v1 -- 0x55cf1fbf4c80 con 0 -2236>
2017-12-02 17:51:22.300692 7f793c747700 5 -- 10.1.80.4:6789/0 >> 10.1.80.1:0/2793024520 conn(0x55cf1fb7b000 :6789 s=STATE_OPEN_MESSAGE_READ_FOOTER_AND_DISPATCH pgs=2 cs=1 l=1). rx client.? seq 2 0x55cf1fbf4c80 auth(proto 2 32 bytes epoch 0) v1 -2235>
2017-12-02 17:51:22.300718 7f794074f700 1 -- 10.1.80.4:6789/0 <== client.? 10.1.80.1:0/2793024520 2 ==== auth(proto 2 32 bytes epoch 0) v1 ==== 62+0+0 (891397604 0 0) 0x55cf1fbf4c80 con 0x55cf1fb7b000 -2234>
2017-12-02 17:51:22.300726 7f794074f700 5 mon.c1n4@3(peon).paxos(paxos active c 1193506..1194142) is_readable = 1 - now=2017-12-02 17:51:22.300727 lease_expire=2017-12-02 17:51:25.375231 has v0 lc 1194142 -2233>
2017-12-02 17:51:22.300888 7f794074f700 2 mon.c1n4@3(peon) e4 send_reply 0x55cf1f904f80 0x55cf1fbf5b80 auth_reply(proto 2 0 (0) Success) v1 -2232>
2017-12-02 17:51:22.300897 7f794074f700 1 -- 10.1.80.4:6789/0 --> 10.1.80.1:0/2793024520 -- auth_reply(proto 2 0 (0) Success) v1 -- 0x55cf1fbf5b80 con 0 -2231>
2017-12-02 17:51:22.301130 7f793c747700 5 -- 10.1.80.4:6789/0 >> 10.1.80.1:0/2793024520 conn(0x55cf1fb7b000 :6789 s=STATE_OPEN_MESSAGE_READ_FOOTER_AND_DISPATCH pgs=2 cs=1 l=1). rx client.? seq 3 0x55cf1fbf5b80 auth(proto 2 165 bytes epoch 0) v1 -2230>
2017-12-02 17:51:22.301188 7f794074f700 1 -- 10.1.80.4:6789/0 <== client.? 10.1.80.1:0/2793024520 3 ==== auth(proto 2 165 bytes epoch 0) v1 ==== 195+0+0 (4015819041 0 0) 0x55cf1fbf5b80 con 0x55cf1fb7b000 -2229>
2017-12-02 17:51:22.301217 7f794074f700 5 mon.c1n4@3(peon).paxos(paxos active c 1193506..1194142) is_readable = 1 - now=2017-12-02 17:51:22.301218 lease_expire=2017-12-02 17:51:25.375231 has v0 lc 1194142 -2228>
2017-12-02 17:51:22.301427 7f794074f700 2 mon.c1n4@3(peon) e4 send_reply 0x55cf1f904f80 0x55cf1fbf4c80 auth_reply(proto 2 0 (0) Success) v1 -2227>
2017-12-02 17:51:22.301441 7f794074f700 1 -- 10.1.80.4:6789/0 --> 10.1.80.1:0/2793024520 -- auth_reply(proto 2 0 (0) Success) v1 -- 0x55cf1fbf4c80 con 0 -2226>
2017-12-02 17:51:22.301518 7f793c747700 1 -- 10.1.80.4:6789/0 >> 10.1.80.1:0/2793024520 conn(0x55cf1fb7b000 :6789 s=STATE_OPEN pgs=2 cs=1 l=1).read_bulk peer close file descriptor 34 -2225>
2017-12-02 17:51:22.301531 7f793c747700 1 -- 10.1.80.4:6789/0 >> 10.1.80.1:0/2793024520 conn(0x55cf1fb7b000 :6789 s=STATE_OPEN pgs=2 cs=1 l=1).read_until read failed -2224>
2017-12-02 17:51:22.301537 7f793c747700 1 -- 10.1.80.4:6789/0 >> 10.1.80.1:0/2793024520 conn(0x55cf1fb7b000 :6789 s=STATE_OPEN pgs=2 cs=1 l=1).process read tag failed -2223>
2017-12-02 17:51:22.301543 7f793c747700 1 -- 10.1.80.4:6789/0 >> 10.1.80.1:0/2793024520 conn(0x55cf1fb7b000 :6789 s=STATE_OPEN pgs=2 cs=1 l=1).fault on lossy channel, failing -2222>
2017-12-02 17:51:22.301548 7f793c747700 2 -- 10.1.80.4:6789/0 >> 10.1.80.1:0/2793024520 conn(0x55cf1fb7b000 :6789 s=STATE_OPEN pgs=2 cs=1 l=1)._stop -2221>
2017-12-02 17:51:22.353655 7f793c747700 5 -- 10.1.80.4:6789/0 >> 10.1.80.1:6789/0 conn(0x55cf1fade000 :-1 s=STATE_OPEN_MESSAGE_READ_FOOTER_AND_DISPATCH pgs=851208 cs=1 l=0). rx mon.0 seq 1526133405 0x55cf1fce2000 paxos(begin lc 1194142 fc 0 pn 21200 opn 0) v4 -2220>
2017-12-02 17:51:22.353719 7f794074f700 1 -- 10.1.80.4:6789/0 <== mon.0 10.1.80.1:6789/0 1526133405 ==== paxos(begin lc 1194142 fc 0 pn 21200 opn 0) v4 ==== 9974+0+0 (4166558456 0 0) 0x55cf1fce2000 con 0x55cf1fade000 -2219>
2017-12-02 17:51:22.354352 7f794074f700 1 -- 10.1.80.4:6789/0 --> 10.1.80.1:6789/0 -- paxos(accept lc 1194142 fc 0 pn 21200 opn 0) v4 -- 0x55cf1fce3040 con 0 -2218>
2017-12-02 17:51:22.355229 7f793c747700 5 -- 10.1.80.4:6789/0 >> 10.1.80.1:6789/0 conn(0x55cf1fade000 :-1 s=STATE_OPEN_MESSAGE_READ_FOOTER_AND_DISPATCH pgs=851208 cs=1 l=0). rx mon.0 seq 1526133406 0x55cf1fce3040 paxos(commit lc 1194143 fc 0 pn 21200 opn 0) v4 -2217>
2017-12-02 17:51:22.355304 7f794074f700 1 -- 10.1.80.4:6789/0 <== mon.0 10.1.80.1:6789/0 1526133406 ==== paxos(commit lc 1194143 fc 0 pn 21200 opn 0) v4 ==== 9974+0+0 (4294318481 0 0) 0x55cf1fce3040 con 0x55cf1fade000 -2216>
2017-12-02 17:51:22.355410 7f793c747700 5 -- 10.1.80.4:6789/0 >> 10.1.80.1:6789/0 conn(0x55cf1fade000 :-1 s=STATE_OPEN_MESSAGE_READ_FOOTER_AND_DISPATCH pgs=851208 cs=1 l=0). rx mon.0 seq 1526133407 0x55cf1fce3380 paxos(lease lc 1194143 fc 1193506 pn 0 opn 0) v4 -2215>
2017-12-02 17:51:22.356003 7f794074f700 4 mgrc handle_mgr_map Got map version 219 -2214>
2017-12-02 17:51:22.356009 7f794074f700 4 mgrc handle_mgr_map Active mgr is now 10.1.80.3:6832/18816 -2213>
2017-12-02 17:51:22.356137 7f794074f700 1 -- 10.1.80.4:6789/0 <== mon.0 10.1.80.1:6789/0 1526133407 ==== paxos(lease lc 1194143 fc 1193506 pn 0 opn 0) v4 ==== 84+0+0 (2716491784 0 0) 0x55cf1fce3380 con 0x55cf1fade000 -2212>
2017-12-02 17:51:22.356154 7f794074f700 1 -- 10.1.80.4:6789/0 --> 10.1.80.1:6789/0 -- paxos(lease_ack lc 1194143 fc 1193506 pn 0 opn 0) v4 -- 0x55cf1fce3040 con 0 -2211>
2017-12-02 17:51:22.356171 7f794074f700 5 mon.c1n4@3(peon).monmap v4 apply_mon_features wait for service to be writeable -2210>
2017-12-02 17:51:22.356195 7f794074f700 5 mon.c1n4@3(peon).paxos(paxos active c 1193506..1194143) is_readable = 1 - now=2017-12-02 17:51:22.356195 lease_expire=2017-12-02 17:51:27.355813 has v0 lc 1194143 -2209>
2017-12-02 17:51:22.367318 7f793c747700 5 -- 10.1.80.4:6789/0 >> 10.1.80.1:6789/0 conn(0x55cf1fade000 :-1 s=STATE_OPEN_MESSAGE_READ_FOOTER_AND_DISPATCH pgs=851208 cs=1 l=0). rx mon.0 seq 1526133408 0x55cf1fce3040 paxos(begin lc 1194143 fc 0 pn 21200 opn 0) v4 -2208>
2017-12-02 17:51:22.367394 7f794074f700 1 -- 10.1.80.4:6789/0 <== mon.0 10.1.80.1:6789/0 1526133408 ==== paxos(begin lc 1194143 fc 0 pn 21200 opn 0) v4 ==== 2566+0+0 (1091549199 0 0) 0x55cf1fce3040 con 0x55cf1fade000 -2207>
2017-12-02 17:51:22.367840 7f794074f700 1 -- 10.1.80.4:6789/0 --> 10.1.80.1:6789/0 -- paxos(accept lc 1194143 fc 0 pn 21200 opn 0) v4 -- 0x55cf1fce3380 con 0 -2206>
2017-12-02 17:51:22.368712 7f793c747700 5 -- 10.1.80.4:6789/0 >> 10.1.80.1:6789/0 conn(0x55cf1fade000 :-1 s=STATE_OPEN_MESSAGE_READ_FOOTER_AND_DISPATCH pgs=851208 cs=1 l=0). rx mon.0 seq 1526133409 0x55cf1fce3380 paxos(commit lc 1194144 fc 0 pn 21200 opn 0) v4 -2205>
2017-12-02 17:51:22.368797 7f794074f700 1 -- 10.1.80.4:6789/0 <== mon.0 10.1.80.1:6789/0 1526133409 ==== paxos(commit lc 1194144 fc 0 pn 21200 opn 0) v4 ==== 2566+0+0 (2362168848 0 0) 0x55cf1fce3380 con 0x55cf1fade000 -2204>
2017-12-02 17:51:22.368838 7f793c747700 5 -- 10.1.80.4:6789/0 >> 10.1.80.1:6789/0 conn(0x55cf1fade000 :-1 s=STATE_OPEN_MESSAGE_READ_FOOTER_AND_DISPATCH pgs=851208 cs=1 l=0). rx mon.0 seq 1526133410 0x55cf1fce36c0 paxos(lease lc 1194144 fc 1193506 pn 0 opn 0) v4 -2203>
2017-12-02 17:51:22.369356 7f794074f700 4 mgrc handle_mgr_map Got map version 219 -2202>
2017-12-02 17:51:22.369363 7f794074f700 4 mgrc handle_mgr_map Active mgr is now 10.1.80.3:6832/18816 -2201>
2017-12-02 17:51:22.369459 7f794074f700 1 -- 10.1.80.4:6789/0 <== mon.0 10.1.80.1:6789/0 1526133410 ==== paxos(lease lc 1194144 fc 1193506 pn 0 opn 0) v4 ==== 84+0+0 (3324070590 0 0) 0x55cf1fce36c0 con 0x55cf1fade000 -2200>
2017-12-02 17:51:22.369475 7f794074f700 1 -- 10.1.80.4:6789/0 --> 10.1.80.1:6789/0 -- paxos(lease_ack lc 1194144 fc 1193506 pn 0 opn 0) v4 -- 0x55cf1fce2d00 con 0 -2199>
2017-12-02 17:51:22.369488 7f794074f700 5 mon.c1n4@3(peon).monmap v4 apply_mon_features wait for service to be writeable -2198>
2017-12-02 17:51:22.369493 7f794074f700 5 mon.c1n4@3(peon).paxos(paxos active c 1193506..1194144) is_readable = 1 - now=2017-12-02 17:51:22.369510 lease_expire=2017-12-02 17:51:27.369228 has v0 lc 1194144 -2197>
2017-12-02 17:51:22.594746 7f793f74d700 1 -- 10.1.80.4:0/61378 --> 10.1.80.3:6832/18816 -- mgrreport(unknown.c1n4 +0-0 packed 1734) v4 -- 0x55cf1f54ea00 con 0 -2196>
2017-12-02 17:51:24.369963 7f793c747700 5 -- 10.1.80.4:6789/0 >> 10.1.80.1:6789/0 conn(0x55cf1fade000 :-1 s=STATE_OPEN_MESSAGE_READ_FOOTER_AND_DISPATCH pgs=851208 cs=1 l=0). rx mon.0 seq 1526133411 0x55cf1fce2d00 paxos(begin lc 1194144 fc 0 pn 21200 opn 0) v4 -2195>
2017-12-02 17:51:24.370040 7f794074f700 1 -- 10.1.80.4:6789/0 <== mon.0 10.1.80.1:6789/0 1526133411 ==== paxos(begin lc 1194144 fc 0 pn 21200 opn 0) v4 ==== 2570+0+0 (466768235 0 0) 0x55cf1fce2d00 con 0x55cf1fade000 -2194>
2017-12-02 17:51:24.370713 7f794074f700 1 -- 10.1.80.4:6789/0 --> 10.1.80.1:6789/0 -- paxos(accept lc 1194144 fc 0 pn 21200 opn 0) v4 -- 0x55cf1fce36c0 con 0 -2193>
2017-12-02 17:51:24.371520 7f793c747700 5 -- 10.1.80.4:6789/0 >> 10.1.80.1:6789/0 conn(0x55cf1fade000 :-1 s=STATE_OPEN_MESSAGE_READ_FOOTER_AND_DISPATCH pgs=851208 cs=1 l=0). rx mon.0 seq 1526133412 0x55cf1fce36c0 paxos(commit lc 1194145 fc 0 pn 21200 opn 0) v4 -2192>
2017-12-02 17:51:24.371544 7f794074f700 1 -- 10.1.80.4:6789/0 <== mon.0 10.1.80.1:6789/0 1526133412 ==== paxos(commit lc 1194145 fc 0 pn 21200 opn 0) v4 ==== 2570+0+0 (1819071814 0 0) 0x55cf1fce36c0 con 0x55cf1fade000 -2191>
2017-12-02 17:51:24.371746 7f793c747700 5 -- 10.1.80.4:6789/0 >> 10.1.80.1:6789/0 conn(0x55cf1fade000 :-1 s=STATE_OPEN_MESSAGE_READ_FOOTER_AND_DISPATCH pgs=851208 cs=1 l=0). rx mon.0 seq 1526133413 0x55cf1fce3a00 paxos(lease lc 1194145 fc 1193506 pn 0 opn 0) v4 -2190>
2017-12-02 17:51:24.372109 7f794074f700 4 mgrc handle_mgr_map Got map version 219 -2189>
2017-12-02 17:51:24.372116 7f794074f700 4 mgrc handle_mgr_map Active mgr is now 10.1.80.3:6832/18816 -2188>
2017-12-02 17:51:24.372238 7f794074f700 1 -- 10.1.80.4:6789/0 <== mon.0 10.1.80.1:6789/0 1526133413 ==== paxos(lease lc 1194145 fc 1193506 pn 0 opn 0) v4 ==== 84+0+0 (2680377607 0 0) 0x55cf1fce3a00 con 0x55cf1fade000 -2187>
2017-12-02 17:51:24.372254 7f794074f700 1 -- 10.1.80.4:6789/0 --> 10.1.80.1:6789/0 -- paxos(lease_ack lc 1194145 fc 1193506 pn 0 opn 0) v4 -- 0x55cf1fce36c0 con 0 -2186>
2017-12-02 17:51:24.372268 7f794074f700 5 mon.c1n4@3(peon).monmap v4 apply_mon_features wait for service to be writeable -2185>
2017-12-02 17:51:24.372273 7f794074f700 5 mon.c1n4@3(peon).paxos(paxos active c 1193506..1194145) is_readable = 1 - now=2017-12-02 17:51:24.372273 lease_expire=2017-12-02 17:51:29.372151 has v0 lc 1194145 -2184>
2017-12-02 17:51:26.371585 7f793c747700 5 -- 10.1.80.4:6789/0 >> 10.1.80.1:6789/0 conn(0x55cf1fade000 :-1 s=STATE_OPEN_MESSAGE_READ_FOOTER_AND_DISPATCH pgs=851208 cs=1 l=0). rx mon.0 seq 1526133414 0x55cf1fce36c0 paxos(begin lc 1194145 fc 0 pn 21200 opn 0) v4 -2183>
2017-12-02 17:51:26.371653 7f794074f700 1 -- 10.1.80.4:6789/0 <== mon.0 10.1.80.1:6789/0 1526133414 ==== paxos(begin lc 1194145 fc 0 pn 21200 opn 0) v4 ==== 2570+0+0 (2649828216 0 0) 0x55cf1fce36c0 con 0x55cf1fade000 -2182>
2017-12-02 17:51:26.372242 7f794074f700 1 -- 10.1.80.4:6789/0 --> 10.1.80.1:6789/0 -- paxos(accept lc 1194145 fc 0 pn 21200 opn 0) v4 -- 0x55cf1fce3a00 con 0 -2181>
2017-12-02 17:51:26.373219 7f793c747700 5 -- 10.1.80.4:6789/0 >> 10.1.80.1:6789/0 conn(0x55cf1fade000 :-1 s=STATE_OPEN_MESSAGE_READ_FOOTER_AND_DISPATCH pgs=851208 cs=1 l=0). rx mon.0 seq 1526133415 0x55cf1fce3a00 paxos(commit lc 1194146 fc 0 pn 21200 opn 0) v4 -2180>
2017-12-02 17:51:26.373303 7f794074f700 1 -- 10.1.80.4:6789/0 <== mon.0 10.1.80.1:6789/0 1526133415 ==== paxos(commit lc 1194146 fc 0 pn 21200 opn 0) v4 ==== 2570+0+0 (223262712 0 0) 0x55cf1fce3a00 con 0x55cf1fade000 -2179>
2017-12-02 17:51:26.373392 7f793c747700 5 -- 10.1.80.4:6789/0 >> 10.1.80.1:6789/0 conn(0x55cf1fade000 :-1 s=STATE_OPEN_MESSAGE_READ_FOOTER_AND_DISPATCH pgs=851208 cs=1 l=0). rx mon.0 seq 1526133416 0x55cf1fce3d40 paxos(lease lc 1194146 fc 1193506 pn 0 opn 0) v4 -2178>
2017-12-02 17:51:26.373936 7f794074f700 4 mgrc handle_mgr_map Got map version 219 -2177>
2017-12-02 17:51:26.373945 7f794074f700 4 mgrc handle_mgr_map Active mgr is now 10.1.80.3:6832/18816 -2176>
2017-12-02 17:51:26.374098 7f794074f700 1 -- 10.1.80.4:6789/0 <== mon.0 10.1.80.1:6789/0 1526133416 ==== paxos(lease lc 1194146 fc 1193506 pn 0 opn 0) v4 ==== 84+0+0 (849482712 0 0) 0x55cf1fce3d40 con 0x55cf1fade000 -2175>
2017-12-02 17:51:26.374118 7f794074f700 1 -- 10.1.80.4:6789/0 --> 10.1.80.1:6789/0 -- paxos(lease_ack lc 1194146 fc 1193506 pn 0 opn 0) v4 -- 0x55cf1fce3380 con 0 -2174>
2017-12-02 17:51:26.374135 7f794074f700 5 mon.c1n4@3(peon).monmap v4 apply_mon_features wait for service to be writeable -2173>
2017-12-02 17:51:26.374141 7f794074f700 5 mon.c1n4@3(peon).paxos(paxos active c 1193506..1194146) is_readable = 1 - now=2017-12-02 17:51:26.374141 lease_expire=2017-12-02 17:51:31.373790 has v0 lc 1194146 -2172>
2017-12-02 17:51:27.594983 7f793f74d700 1 -- 10.1.80.4:0/61378 --> 10.1.80.3:6832/18816 -- mgrreport(unknown.c1n4 +0-0 packed 1734) v4 -- 0x55cf1f54d800 con 0 -2171>
2017-12-02 17:51:28.372353 7f793c747700 5 -- 10.1.80.4:6789/0 >> 10.1.80.1:6789/0 conn(0x55cf1fade000 :-1 s=STATE_OPEN_MESSAGE_READ_FOOTER_AND_DISPATCH pgs=851208 cs=1 l=0). rx mon.0 seq 1526133417 0x55cf1fce3380 paxos(begin lc 1194146 fc 0 pn 21200 opn 0) v4 -2170>
2017-12-02 17:51:28.372400 7f794074f700 1 -- 10.1.80.4:6789/0 <== mon.0 10.1.80.1:6789/0 1526133417 ==== paxos(begin lc 1194146 fc 0 pn 21200 opn 0) v4 ==== 2566+0+0 (3087322480 0 0) 0x55cf1fce3380 con 0x55cf1fade000 -2169>
2017-12-02 17:51:28.372913 7f794074f700 1 -- 10.1.80.4:6789/0 --> 10.1.80.1:6789/0 -- paxos(accept lc 1194146 fc 0 pn 21200 opn 0) v4 -- 0x55cf1fce3d40 con 0 -2168>
2017-12-02 17:51:28.373747 7f793c747700 5 -- 10.1.80.4:6789/0 >> 10.1.80.1:6789/0 conn(0x55cf1fade000 :-1 s=STATE_OPEN_MESSAGE_READ_FOOTER_AND_DISPATCH pgs=851208 cs=1 l=0). rx mon.0 seq 1526133418 0x55cf1fce3d40 paxos(commit lc 1194147 fc 0 pn 21200 opn 0) v4 -2167>
2017-12-02 17:51:28.373814 7f794074f700 1 -- 10.1.80.4:6789/0 <== mon.0 10.1.80.1:6789/0 1526133418 ==== paxos(commit lc 1194147 fc 0 pn 21200 opn 0) v4 ==== 2566+0+0 (1587366174 0 0) 0x55cf1fce3d40 con 0x55cf1fade000 -2166>
2017-12-02 17:51:28.373925 7f793c747700 5 -- 10.1.80.4:6789/0 >> 10.1.80.1:6789/0 conn(0x55cf1fade000 :-1 s=STATE_OPEN_MESSAGE_READ_FOOTER_AND_DISPATCH pgs=851208 cs=1 l=0). rx mon.0 seq 1526133419 0x55cf1fce4080 paxos(lease lc 1194147 fc 1193506 pn 0 opn 0) v4 -2165>
2017-12-02 17:51:28.374411 7f794074f700 4 mgrc handle_mgr_map Got map version 219 -2164>
2017-12-02 17:51:28.374423 7f794074f700 4 mgrc handle_mgr_map Active mgr is now 10.1.80.3:6832/18816 -2163>
2017-12-02 17:51:28.374564 7f794074f700 1 -- 10.1.80.4:6789/0 <== mon.0 10.1.80.1:6789/0 1526133419 ==== paxos(lease lc 1194147 fc 1193506 pn 0 opn 0) v4 ==== 84+0+0 (1367130269 0 0) 0x55cf1fce4080 con 0x55cf1fade000 -2162>
2017-12-02 17:51:28.374582 7f794074f700 1 -- 10.1.80.4:6789/0 --> 10.1.80.1:6789/0 -- paxos(lease_ack lc 1194147 fc 1193506 pn 0 opn 0) v4 -- 0x55cf1fce3d40 con 0 -2161>
2017-12-02 17:51:28.374597 7f794074f700 5 mon.c1n4@3(peon).monmap v4 apply_mon_features wait for service to be writeable -2160>
2017-12-02 17:51:28.374602 7f794074f700 5 mon.c1n4@3(peon).paxos(paxos active c 1193506..1194147) is_readable = 1 - now=2017-12-02 17:51:28.374602 lease_expire=2017-12-02 17:51:33.374329 has v0 lc 1194147 -2159>
2017-12-02 17:51:28.874430 7f793c747700 1 -- 10.1.80.4:6789/0 >> - conn(0x55cf1fb7c800 :6789 s=STATE_ACCEPTING pgs=0 cs=0 l=0)._process_connection sd=34 - -2158>
2017-12-02 17:51:28.874577 7f793c747700 2 -- 10.1.80.4:6789/0 >> 10.1.80.3:0/411740453 conn(0x55cf1fb7c800 :6789 s=STATE_ACCEPTING_WAIT_SEQ pgs=1 cs=1 l=1).handle_connect_msg accept write reply msg done -2157>
2017-12-02 17:51:28.874666 7f793c747700 2 -- 10.1.80.4:6789/0 >> 10.1.80.3:0/411740453 conn(0x55cf1fb7c800 :6789 s=STATE_ACCEPTING_WAIT_SEQ pgs=1 cs=1 l=1)._process_connection accept get newly_acked_seq 0 -2156>
2017-12-02 17:51:28.874739 7f793c747700 5 -- 10.1.80.4:6789/0 >> 10.1.80.3:0/411740453 conn(0x55cf1fb7c800 :6789 s=STATE_OPEN_MESSAGE_READ_FOOTER_AND_DISPATCH pgs=1 cs=1 l=1). rx client.? seq 1 0x55cf1fbf4c80 auth(proto 0 30 bytes epoch 0) v1 -2155>
2017-12-02 17:51:28.874756 7f794074f700 1 -- 10.1.80.4:6789/0 <== client.? 10.1.80.3:0/411740453 1 ==== auth(proto 0 30 bytes epoch 0) v1 ==== 60+0+0 (673663173 0 0) 0x55cf1fbf4c80 con 0x55cf1fb7c800 -2154>
2017-12-02 17:51:28.874780 7f794074f700 5 mon.c1n4@3(peon).paxos(paxos active c 1193506..1194147) is_readable = 1 - now=2017-12-02 17:51:28.874780 lease_expire=2017-12-02 17:51:33.374329 has v0 lc 1194147 -2153>
2017-12-02 17:51:28.874815 7f794074f700 1 -- 10.1.80.4:6789/0 --> 10.1.80.3:0/411740453 -- mon_map magic: 0 v1 -- 0x55cf1fbf5b80 con 0 -2152>
2017-12-02 17:51:28.874848 7f794074f700 2 mon.c1n4@3(peon) e4 send_reply 0x55cf1f904f80 0x55cf1f741c00 auth_reply(proto 2 0 (0) Success) v1 -2151>
2017-12-02 17:51:28.874858 7f794074f700 1 -- 10.1.80.4:6789/0 --> 10.1.80.3:0/411740453 -- auth_reply(proto 2 0 (0) Success) v1 -- 0x55cf1f741c00 con 0 -2150>
2017-12-02 17:51:28.875238 7f793c747700 5 -- 10.1.80.4:6789/0 >> 10.1.80.3:0/411740453 conn(0x55cf1fb7c800 :6789 s=STATE_OPEN_MESSAGE_READ_FOOTER_AND_DISPATCH pgs=1 cs=1 l=1). rx client.? seq 2 0x55cf1f741c00 auth(proto 2 32 bytes epoch 0) v1 -2149>
2017-12-02 17:51:28.875274 7f794074f700 1 -- 10.1.80.4:6789/0 <== client.? 10.1.80.3:0/411740453 2 ==== auth(proto 2 32 bytes epoch 0) v1 ==== 62+0+0 (3926176685 0 0) 0x55cf1f741c00 con 0x55cf1fb7c800 -2148>
2017-12-02 17:51:28.875284 7f794074f700 5 mon.c1n4@3(peon).paxos(paxos active c 1193506..1194147) is_readable = 1 - now=2017-12-02 17:51:28.875285 lease_expire=2017-12-02 17:51:33.374329 has v0 lc 1194147 -2147>
2017-12-02 17:51:28.875406 7f794074f700 2 mon.c1n4@3(peon) e4 send_reply 0x55cf1f904f80 0x55cf1fbf4c80 auth_reply(proto 2 0 (0) Success) v1 -2146>
2017-12-02 17:51:28.875414 7f794074f700 1 -- 10.1.80.4:6789/0 --> 10.1.80.3:0/411740453 -- auth_reply(proto 2 0 (0) Success) v1 -- 0x55cf1fbf4c80 con 0 -2145>
2017-12-02 17:51:28.875633 7f793c747700 5 -- 10.1.80.4:6789/0 >> 10.1.80.3:0/411740453 conn(0x55cf1fb7c800 :6789 s=STATE_OPEN_MESSAGE_READ_FOOTER_AND_DISPATCH pgs=1 cs=1 l=1). rx client.? seq 3 0x55cf1fbf4c80 auth(proto 2 165 bytes epoch 0) v1 -2144>
2017-12-02 17:51:28.875648 7f794074f700 1 -- 10.1.80.4:6789/0 <== client.? 10.1.80.3:0/411740453 3 ==== auth(proto 2 165 bytes epoch 0) v1 ==== 195+0+0 (1386626414 0 0) 0x55cf1fbf4c80 con 0x55cf1fb7c800 -2143>
2017-12-02 17:51:28.875657 7f794074f700 5 mon.c1n4@3(peon).paxos(paxos active c 1193506..1194147) is_readable = 1 - now=2017-12-02 17:51:28.875657 lease_expire=2017-12-02 17:51:33.374329 has v0 lc 1194147 -2142>
2017-12-02 17:51:28.875781 7f794074f700 2 mon.c1n4@3(peon) e4 send_reply 0x55cf1f904f80 0x55cf1f741c00 auth_reply(proto 2 0 (0) Success) v1 -2141>
2017-12-02 17:51:28.875788 7f794074f700 1 -- 10.1.80.4:6789/0 --> 10.1.80.3:0/411740453 -- auth_reply(proto 2 0 (0) Success) v1 -- 0x55cf1f741c00 con 0 -2140>
2017-12-02 17:51:28.876082 7f793c747700 5 -- 10.1.80.4:6789/0 >> 10.1.80.3:0/411740453 conn(0x55cf1fb7c800 :6789 s=STATE_OPEN_MESSAGE_READ_FOOTER_AND_DISPATCH pgs=1 cs=1 l=1). rx client.? seq 4 0x55cf1f4beac0 mon_subscribe({monmap=0+}) v2 -2139>
2017-12-02 17:51:28.876114 7f793c747700 5 -- 10.1.80.4:6789/0 >> 10.1.80.3:0/411740453 conn(0x55cf1fb7c800 :6789 s=STATE_OPEN_MESSAGE_READ_FOOTER_AND_DISPATCH pgs=1 cs=1 l=1). rx client.8094131 seq 5 0x55cf1f4bf840 mon_subscribe({mgrmap=0+}) v2 -2138>
2017-12-02 17:51:28.876127 7f794074f700 1 -- 10.1.80.4:6789/0 <== client.? 10.1.80.3:0/411740453 4 ==== mon_subscribe({monmap=0+}) v2 ==== 23+0+0 (1620593354 0 0) 0x55cf1f4beac0 con 0x55cf1fb7c800 -2137>
2017-12-02 17:51:28.876150 7f794074f700 1 -- 10.1.80.4:6789/0 --> 10.1.80.3:0/411740453 -- mon_map magic: 0 v1 -- 0x55cf1fbf4c80 con 0 -2136>
2017-12-02 17:51:28.876163 7f794074f700 1 -- 10.1.80.4:6789/0 <== client.8094131 10.1.80.3:0/411740453 5 ==== mon_subscribe({mgrmap=0+}) v2 ==== 23+0+0 (2287485974 0 0) 0x55cf1f4bf840 con 0x55cf1fb7c800 -2135>
2017-12-02 17:51:28.876175 7f794074f700 1 -- 10.1.80.4:6789/0 --> 10.1.80.3:0/411740453 -- mgrmap(e 219) v1 -- 0x55cf1f54ed00 con 0 -2134>
2017-12-02 17:51:28.876177 7f793c747700 5 -- 10.1.80.4:6789/0 >> 10.1.80.3:0/411740453 conn(0x55cf1fb7c800 :6789 s=STATE_OPEN_MESSAGE_READ_FOOTER_AND_DISPATCH pgs=1 cs=1 l=1). rx client.8094131 seq 6 0x55cf1f4bfa80 mon_subscribe({osdmap=0}) v2 -2133>
2017-12-02 17:51:28.876197 7f794074f700 1 -- 10.1.80.4:6789/0 <== client.8094131 10.1.80.3:0/411740453 6 ==== mon_subscribe({osdmap=0}) v2 ==== 23+0+0 (319581110 0 0) 0x55cf1f4bfa80 con 0x55cf1fb7c800 -2132>
2017-12-02 17:51:28.876216 7f794074f700 1 -- 10.1.80.4:6789/0 --> 10.1.80.3:0/411740453 -- osd_map(2982..2982 src has 2466..2982) v3 -- 0x55cf1f740300 con 0 -2131>
2017-12-02 17:51:28.876834 7f793c747700 5 -- 10.1.80.4:6789/0 >> 10.1.80.3:0/411740453 conn(0x55cf1fb7c800 :6789 s=STATE_OPEN_MESSAGE_READ_FOOTER_AND_DISPATCH pgs=1 cs=1 l=1). rx client.8094131 seq 7 0x55cf1f4bf600 getpoolstats(1 ceph v0) v1 -2130>
2017-12-02 17:51:28.876851 7f794074f700 1 -- 10.1.80.4:6789/0 <== client.8094131 10.1.80.3:0/411740453 7 ==== getpoolstats(1 ceph v0) v1 ==== 46+0+0 (2788013228 0 0) 0x55cf1f4bf600 con 0x55cf1fb7c800 -2129>
2017-12-02 17:51:28.876861 7f794074f700 5 mon.c1n4@3(peon).paxos(paxos active c 1193506..1194147) is_readable = 1 - now=2017-12-02 17:51:28.876861 lease_expire=2017-12-02 17:51:33.374329 has v0 lc 1194147 -2128>
2017-12-02 17:51:28.876876 7f794074f700 2 mon.c1n4@3(peon) e4 send_reply 0x55cf1f904f80 0x55cf1f741700 getpoolstatsreply(1 v946080) v1 -2127>
2017-12-02 17:51:28.876880 7f794074f700 1 -- 10.1.80.4:6789/0 --> 10.1.80.3:0/411740453 -- getpoolstatsreply(1 v946080) v1 -- 0x55cf1f741700 con 0 -2126>
2017-12-02 17:51:28.877142 7f793c747700 5 -- 10.1.80.4:6789/0 >> 10.1.80.3:0/411740453 conn(0x55cf1fb7c800 :6789 s=STATE_OPEN_MESSAGE_READ_FOOTER_AND_DISPATCH pgs=1 cs=1 l=1). rx client.8094131 seq 8 0x55cf1f4bfcc0 statfs(2 pool -1 v946080) v2 -2125>
2017-12-02 17:51:28.877180 7f794074f700 1 -- 10.1.80.4:6789/0 <== client.8094131 10.1.80.3:0/411740453 8 ==== statfs(2 pool -1 v946080) v2 ==== 35+0+0 (3702048752 0 0) 0x55cf1f4bfcc0 con 0x55cf1fb7c800 -2124>
2017-12-02 17:51:28.877189 7f794074f700 5 mon.c1n4@3(peon).paxos(paxos active c 1193506..1194147) is_readable = 1 - now=2017-12-02 17:51:28.877190 lease_expire=2017-12-02 17:51:33.374329 has v0 lc 1194147 -2123>
2017-12-02 17:51:28.877199 7f794074f700 2 mon.c1n4@3(peon) e4 send_reply 0x55cf1f904f80 0x55cf1f4bf600 statfs_reply(2) v1 -2122>
2017-12-02 17:51:28.877202 7f794074f700 1 -- 10.1.80.4:6789/0 --> 10.1.80.3:0/411740453 -- statfs_reply(2) v1 -- 0x55cf1f4bf600 con 0 -2121>
2017-12-02 17:51:28.877534 7f793c747700 1 -- 10.1.80.4:6789/0 >> 10.1.80.3:0/411740453 conn(0x55cf1fb7c800 :6789 s=STATE_OPEN pgs=1 cs=1 l=1).read_bulk peer close file descriptor 34 -2120>
2017-12-02 17:51:28.877541 7f793c747700 1 -- 10.1.80.4:6789/0 >> 10.1.80.3:0/411740453 conn(0x55cf1fb7c800 :6789 s=STATE_OPEN pgs=1 cs=1 l=1).read_until read failed -2119>
