2017-12-02 17:52:04.355977 7f794074f700 5 mon.c1n4@3(peon).paxos(paxos active c 1193506..1194172) is_readable = 1 - now=2017-12-02 17:52:04.355978 lease_expire=2017-12-02 17:52:09.355528 has v0 lc 1194172 -1066>
2017-12-02 17:52:04.403542 7f793c747700 5 -- 10.1.80.4:6789/0 >> 10.1.80.1:6789/0 conn(0x55cf1fade000 :-1 s=STATE_OPEN_MESSAGE_READ_FOOTER_AND_DISPATCH pgs=851208 cs=1 l=0). rx mon.0 seq 1526133498 0x55cf201d3380 paxos(begin lc 1194172 fc 0 pn 21200 opn 0) v4 -1065>
2017-12-02 17:52:04.403625 7f794074f700 1 -- 10.1.80.4:6789/0 <== mon.0 10.1.80.1:6789/0 1526133498 ==== paxos(begin lc 1194172 fc 0 pn 21200 opn 0) v4 ==== 2566+0+0 (3491950786 0 0) 0x55cf201d3380 con 0x55cf1fade000 -1064>
2017-12-02 17:52:04.404204 7f794074f700 1 -- 10.1.80.4:6789/0 --> 10.1.80.1:6789/0 -- paxos(accept lc 1194172 fc 0 pn 21200 opn 0) v4 -- 0x55cf201d36c0 con 0 -1063>
2017-12-02 17:52:04.405123 7f793c747700 5 -- 10.1.80.4:6789/0 >> 10.1.80.1:6789/0 conn(0x55cf1fade000 :-1 s=STATE_OPEN_MESSAGE_READ_FOOTER_AND_DISPATCH pgs=851208 cs=1 l=0). rx mon.0 seq 1526133499 0x55cf201d36c0 paxos(commit lc 1194173 fc 0 pn 21200 opn 0) v4 -1062>
2017-12-02 17:52:04.405207 7f794074f700 1 -- 10.1.80.4:6789/0 <== mon.0 10.1.80.1:6789/0 1526133499 ==== paxos(commit lc 1194173 fc 0 pn 21200 opn 0) v4 ==== 2566+0+0 (3886500693 0 0) 0x55cf201d36c0 con 0x55cf1fade000 -1061>
2017-12-02 17:52:04.405241 7f793c747700 5 -- 10.1.80.4:6789/0 >> 10.1.80.1:6789/0 conn(0x55cf1fade000 :-1 s=STATE_OPEN_MESSAGE_READ_FOOTER_AND_DISPATCH pgs=851208 cs=1 l=0). rx mon.0 seq 1526133500 0x55cf201d3a00 paxos(lease lc 1194173 fc 1193506 pn 0 opn 0) v4 -1060>
2017-12-02 17:52:04.405889 7f794074f700 4 mgrc handle_mgr_map Got map version 219 -1059>
2017-12-02 17:52:04.405902 7f794074f700 4 mgrc handle_mgr_map Active mgr is now 10.1.80.3:6832/18816 -1058>
2017-12-02 17:52:04.406002 7f794074f700 1 -- 10.1.80.4:6789/0 <== mon.0 10.1.80.1:6789/0 1526133500 ==== paxos(lease lc 1194173 fc 1193506 pn 0 opn 0) v4 ==== 84+0+0 (1644781511 0 0) 0x55cf201d3a00 con 0x55cf1fade000 -1057>
2017-12-02 17:52:04.406022 7f794074f700 1 -- 10.1.80.4:6789/0 --> 10.1.80.1:6789/0 -- paxos(lease_ack lc 1194173 fc 1193506 pn 0 opn 0) v4 -- 0x55cf201d36c0 con 0 -1056>
2017-12-02 17:52:04.406040 7f794074f700 5 mon.c1n4@3(peon).monmap v4 apply_mon_features wait for service to be writeable -1055>
2017-12-02 17:52:04.406046 7f794074f700 5 mon.c1n4@3(peon).paxos(paxos active c 1193506..1194173) is_readable = 1 - now=2017-12-02 17:52:04.406046 lease_expire=2017-12-02 17:52:09.405617 has v0 lc 1194173 -1054>
2017-12-02 17:52:06.404592 7f793c747700 5 -- 10.1.80.4:6789/0 >> 10.1.80.1:6789/0 conn(0x55cf1fade000 :-1 s=STATE_OPEN_MESSAGE_READ_FOOTER_AND_DISPATCH pgs=851208 cs=1 l=0). rx mon.0 seq 1526133501 0x55cf201d36c0 paxos(begin lc 1194173 fc 0 pn 21200 opn 0) v4 -1053>
2017-12-02 17:52:06.404695 7f794074f700 1 -- 10.1.80.4:6789/0 <== mon.0 10.1.80.1:6789/0 1526133501 ==== paxos(begin lc 1194173 fc 0 pn 21200 opn 0) v4 ==== 2566+0+0 (3746280877 0 0) 0x55cf201d36c0 con 0x55cf1fade000 -1052>
2017-12-02 17:52:06.405353 7f794074f700 1 -- 10.1.80.4:6789/0 --> 10.1.80.1:6789/0 -- paxos(accept lc 1194173 fc 0 pn 21200 opn 0) v4 -- 0x55cf201d3a00 con 0 -1051>
2017-12-02 17:52:06.406368 7f793c747700 5 -- 10.1.80.4:6789/0 >> 10.1.80.1:6789/0 conn(0x55cf1fade000 :-1 s=STATE_OPEN_MESSAGE_READ_FOOTER_AND_DISPATCH pgs=851208 cs=1 l=0). rx mon.0 seq 1526133502 0x55cf201d3a00 paxos(commit lc 1194174 fc 0 pn 21200 opn 0) v4 -1050>
2017-12-02 17:52:06.406440 7f794074f700 1 -- 10.1.80.4:6789/0 <== mon.0 10.1.80.1:6789/0 1526133502 ==== paxos(commit lc 1194174 fc 0 pn 21200 opn 0) v4 ==== 2566+0+0 (1021350594 0 0) 0x55cf201d3a00 con 0x55cf1fade000 -1049>
2017-12-02 17:52:06.406561 7f793c747700 5 -- 10.1.80.4:6789/0 >> 10.1.80.1:6789/0 conn(0x55cf1fade000 :-1 s=STATE_OPEN_MESSAGE_READ_FOOTER_AND_DISPATCH pgs=851208 cs=1 l=0). rx mon.0 seq 1526133503 0x55cf201d3d40 paxos(lease lc 1194174 fc 1193506 pn 0 opn 0) v4 -1048>
2017-12-02 17:52:06.407110 7f794074f700 4 mgrc handle_mgr_map Got map version 219 -1047>
2017-12-02 17:52:06.407118 7f794074f700 4 mgrc handle_mgr_map Active mgr is now 10.1.80.3:6832/18816 -1046>
2017-12-02 17:52:06.407254 7f794074f700 1 -- 10.1.80.4:6789/0 <== mon.0 10.1.80.1:6789/0 1526133503 ==== paxos(lease lc 1194174 fc 1193506 pn 0 opn 0) v4 ==== 84+0+0 (3842933463 0 0) 0x55cf201d3d40 con 0x55cf1fade000 -1045>
2017-12-02 17:52:06.407270 7f794074f700 1 -- 10.1.80.4:6789/0 --> 10.1.80.1:6789/0 -- paxos(lease_ack lc 1194174 fc 1193506 pn 0 opn 0) v4 -- 0x55cf201d3a00 con 0 -1044>
2017-12-02 17:52:06.407284 7f794074f700 5 mon.c1n4@3(peon).monmap v4 apply_mon_features wait for service to be writeable -1043>
2017-12-02 17:52:06.407305 7f794074f700 5 mon.c1n4@3(peon).paxos(paxos active c 1193506..1194174) is_readable = 1 - now=2017-12-02 17:52:06.407306 lease_expire=2017-12-02 17:52:11.406939 has v0 lc 1194174 -1042>
2017-12-02 17:52:07.597394 7f793f74d700 1 -- 10.1.80.4:0/61378 --> 10.1.80.3:6832/18816 -- mgrreport(unknown.c1n4 +0-0 packed 1734) v4 -- 0x55cf1f54f300 con 0 -1041>
2017-12-02 17:52:08.148446 7f793c747700 1 -- 10.1.80.4:6789/0 >> - conn(0x55cf1fcc4800 :6789 s=STATE_ACCEPTING pgs=0 cs=0 l=0)._process_connection sd=34 - -1040>
2017-12-02 17:52:08.148585 7f793c747700 2 -- 10.1.80.4:6789/0 >> 10.1.80.2:0/4256173043 conn(0x55cf1fcc4800 :6789 s=STATE_ACCEPTING_WAIT_SEQ pgs=2 cs=1 l=1).handle_connect_msg accept write reply msg done -1039>
2017-12-02 17:52:08.148648 7f793c747700 2 -- 10.1.80.4:6789/0 >> 10.1.80.2:0/4256173043 conn(0x55cf1fcc4800 :6789 s=STATE_ACCEPTING_WAIT_SEQ pgs=2 cs=1 l=1)._process_connection accept get newly_acked_seq 0 -1038>
2017-12-02 17:52:08.148715 7f793c747700 5 -- 10.1.80.4:6789/0 >> 10.1.80.2:0/4256173043 conn(0x55cf1fcc4800 :6789 s=STATE_OPEN_MESSAGE_READ_FOOTER_AND_DISPATCH pgs=2 cs=1 l=1). rx client.? seq 1 0x55cf1fbf5400 auth(proto 0 30 bytes epoch 0) v1 -1037>
2017-12-02 17:52:08.148732 7f794074f700 1 -- 10.1.80.4:6789/0 <== client.? 10.1.80.2:0/4256173043 1 ==== auth(proto 0 30 bytes epoch 0) v1 ==== 60+0+0 (673663173 0 0) 0x55cf1fbf5400 con 0x55cf1fcc4800 -1036>
2017-12-02 17:52:08.148765 7f794074f700 5 mon.c1n4@3(peon).paxos(paxos active c 1193506..1194174) is_readable = 1 - now=2017-12-02 17:52:08.148766 lease_expire=2017-12-02 17:52:11.406939 has v0 lc 1194174 -1035>
2017-12-02 17:52:08.148803 7f794074f700 1 -- 10.1.80.4:6789/0 --> 10.1.80.2:0/4256173043 -- mon_map magic: 0 v1 -- 0x55cf1fbf6580 con 0 -1034>
2017-12-02 17:52:08.148847 7f794074f700 2 mon.c1n4@3(peon) e4 send_reply 0x55cf1fd0e780 0x55cf1fbf6080 auth_reply(proto 2 0 (0) Success) v1 -1033>
2017-12-02 17:52:08.148857 7f794074f700 1 -- 10.1.80.4:6789/0 --> 10.1.80.2:0/4256173043 -- auth_reply(proto 2 0 (0) Success) v1 -- 0x55cf1fbf6080 con 0 -1032>
2017-12-02 17:52:08.149217 7f793c747700 5 -- 10.1.80.4:6789/0 >> 10.1.80.2:0/4256173043 conn(0x55cf1fcc4800 :6789 s=STATE_OPEN_MESSAGE_READ_FOOTER_AND_DISPATCH pgs=2 cs=1 l=1). rx client.? seq 2 0x55cf1fbf6080 auth(proto 2 32 bytes epoch 0) v1 -1031>
2017-12-02 17:52:08.149232 7f794074f700 1 -- 10.1.80.4:6789/0 <== client.? 10.1.80.2:0/4256173043 2 ==== auth(proto 2 32 bytes epoch 0) v1 ==== 62+0+0 (1950000090 0 0) 0x55cf1fbf6080 con 0x55cf1fcc4800 -1030>
2017-12-02 17:52:08.149242 7f794074f700 5 mon.c1n4@3(peon).paxos(paxos active c 1193506..1194174) is_readable = 1 - now=2017-12-02 17:52:08.149242 lease_expire=2017-12-02 17:52:11.406939 has v0 lc 1194174 -1029>
2017-12-02 17:52:08.149363 7f794074f700 2 mon.c1n4@3(peon) e4 send_reply 0x55cf1fd0e780 0x55cf1fbf5400 auth_reply(proto 2 0 (0) Success) v1 -1028>
2017-12-02 17:52:08.149372 7f794074f700 1 -- 10.1.80.4:6789/0 --> 10.1.80.2:0/4256173043 -- auth_reply(proto 2 0 (0) Success) v1 -- 0x55cf1fbf5400 con 0 -1027>
2017-12-02 17:52:08.149608 7f793c747700 5 -- 10.1.80.4:6789/0 >> 10.1.80.2:0/4256173043 conn(0x55cf1fcc4800 :6789 s=STATE_OPEN_MESSAGE_READ_FOOTER_AND_DISPATCH pgs=2 cs=1 l=1). rx client.? seq 3 0x55cf1fbf5400 auth(proto 2 165 bytes epoch 0) v1 -1026>
2017-12-02 17:52:08.149650 7f794074f700 1 -- 10.1.80.4:6789/0 <== client.? 10.1.80.2:0/4256173043 3 ==== auth(proto 2 165 bytes epoch 0) v1 ==== 195+0+0 (2832943502 0 0) 0x55cf1fbf5400 con 0x55cf1fcc4800 -1025>
2017-12-02 17:52:08.149659 7f794074f700 5 mon.c1n4@3(peon).paxos(paxos active c 1193506..1194174) is_readable = 1 - now=2017-12-02 17:52:08.149660 lease_expire=2017-12-02 17:52:11.406939 has v0 lc 1194174 -1024>
2017-12-02 17:52:08.149789 7f794074f700 2 mon.c1n4@3(peon) e4 send_reply 0x55cf1fd0e780 0x55cf1fbf6080 auth_reply(proto 2 0 (0) Success) v1 -1023>
2017-12-02 17:52:08.149795 7f794074f700 1 -- 10.1.80.4:6789/0 --> 10.1.80.2:0/4256173043 -- auth_reply(proto 2 0 (0) Success) v1 -- 0x55cf1fbf6080 con 0 -1022>
2017-12-02 17:52:08.149793 7f793c747700 1 -- 10.1.80.4:6789/0 >> 10.1.80.2:0/4256173043 conn(0x55cf1fcc4800 :6789 s=STATE_OPEN pgs=2 cs=1 l=1).read_bulk peer close file descriptor 34 -1021>
2017-12-02 17:52:08.149819 7f793c747700 1 -- 10.1.80.4:6789/0 >> 10.1.80.2:0/4256173043 conn(0x55cf1fcc4800 :6789 s=STATE_OPEN pgs=2 cs=1 l=1).read_until read failed -1020>
2017-12-02 17:52:08.149824 7f793c747700 1 -- 10.1.80.4:6789/0 >> 10.1.80.2:0/4256173043 conn(0x55cf1fcc4800 :6789 s=STATE_OPEN pgs=2 cs=1 l=1).process read tag failed -1019>
2017-12-02 17:52:08.149831 7f793c747700 1 -- 10.1.80.4:6789/0 >> 10.1.80.2:0/4256173043 conn(0x55cf1fcc4800 :6789 s=STATE_OPEN pgs=2 cs=1 l=1).fault on lossy channel, failing -1018>
2017-12-02 17:52:08.149835 7f793c747700 2 -- 10.1.80.4:6789/0 >> 10.1.80.2:0/4256173043 conn(0x55cf1fcc4800 :6789 s=STATE_OPEN pgs=2 cs=1 l=1)._stop -1017>
2017-12-02 17:52:08.174527 7f793c747700 1 -- 10.1.80.4:6789/0 >> - conn(0x55cf1fcc3000 :6789 s=STATE_ACCEPTING pgs=0 cs=0 l=0)._process_connection sd=34 - -1016>
2017-12-02 17:52:08.174672 7f793c747700 2 -- 10.1.80.4:6789/0 >> 10.1.80.2:0/3491739296 conn(0x55cf1fcc3000 :6789 s=STATE_ACCEPTING_WAIT_SEQ pgs=1 cs=1 l=1).handle_connect_msg accept write reply msg done -1015>
2017-12-02 17:52:08.174781 7f793c747700 2 -- 10.1.80.4:6789/0 >> 10.1.80.2:0/3491739296 conn(0x55cf1fcc3000 :6789 s=STATE_ACCEPTING_WAIT_SEQ pgs=1 cs=1 l=1)._process_connection accept get newly_acked_seq 0 -1014>
2017-12-02 17:52:08.174852 7f793c747700 5 -- 10.1.80.4:6789/0 >> 10.1.80.2:0/3491739296 conn(0x55cf1fcc3000 :6789 s=STATE_OPEN_MESSAGE_READ_FOOTER_AND_DISPATCH pgs=1 cs=1 l=1). rx client.? seq 1 0x55cf1fbf6080 auth(proto 0 30 bytes epoch 0) v1 -1013>
2017-12-02 17:52:08.174868 7f794074f700 1 -- 10.1.80.4:6789/0 <== client.? 10.1.80.2:0/3491739296 1 ==== auth(proto 0 30 bytes epoch 0) v1 ==== 60+0+0 (673663173 0 0) 0x55cf1fbf6080 con 0x55cf1fcc3000 -1012>
2017-12-02 17:52:08.174892 7f794074f700 5 mon.c1n4@3(peon).paxos(paxos active c 1193506..1194174) is_readable = 1 - now=2017-12-02 17:52:08.174893 lease_expire=2017-12-02 17:52:11.406939 has v0 lc 1194174 -1011>
2017-12-02 17:52:08.174925 7f794074f700 1 -- 10.1.80.4:6789/0 --> 10.1.80.2:0/3491739296 -- mon_map magic: 0 v1 -- 0x55cf1fbf5400 con 0 -1010>
2017-12-02 17:52:08.174954 7f794074f700 2 mon.c1n4@3(peon) e4 send_reply 0x55cf1fd0e780 0x55cf1fbf4c80 auth_reply(proto 2 0 (0) Success) v1 -1009>
2017-12-02 17:52:08.174964 7f794074f700 1 -- 10.1.80.4:6789/0 --> 10.1.80.2:0/3491739296 -- auth_reply(proto 2 0 (0) Success) v1 -- 0x55cf1fbf4c80 con 0 -1008>
2017-12-02 17:52:08.175395 7f793c747700 5 -- 10.1.80.4:6789/0 >> 10.1.80.2:0/3491739296 conn(0x55cf1fcc3000 :6789 s=STATE_OPEN_MESSAGE_READ_FOOTER_AND_DISPATCH pgs=1 cs=1 l=1). rx client.? seq 2 0x55cf1fbf4c80 auth(proto 2 32 bytes epoch 0) v1 -1007>
2017-12-02 17:52:08.175411 7f794074f700 1 -- 10.1.80.4:6789/0 <== client.? 10.1.80.2:0/3491739296 2 ==== auth(proto 2 32 bytes epoch 0) v1 ==== 62+0+0 (4020687805 0 0) 0x55cf1fbf4c80 con 0x55cf1fcc3000 -1006>
2017-12-02 17:52:08.175434 7f794074f700 5 mon.c1n4@3(peon).paxos(paxos active c 1193506..1194174) is_readable = 1 - now=2017-12-02 17:52:08.175434 lease_expire=2017-12-02 17:52:11.406939 has v0 lc 1194174 -1005>
2017-12-02 17:52:08.175549 7f794074f700 2 mon.c1n4@3(peon) e4 send_reply 0x55cf1fd0e780 0x55cf1fbf6080 auth_reply(proto 2 0 (0) Success) v1 -1004>
2017-12-02 17:52:08.175557 7f794074f700 1 -- 10.1.80.4:6789/0 --> 10.1.80.2:0/3491739296 -- auth_reply(proto 2 0 (0) Success) v1 -- 0x55cf1fbf6080 con 0 -1003>
2017-12-02 17:52:08.175801 7f793c747700 5 -- 10.1.80.4:6789/0 >> 10.1.80.2:0/3491739296 conn(0x55cf1fcc3000 :6789 s=STATE_OPEN_MESSAGE_READ_FOOTER_AND_DISPATCH pgs=1 cs=1 l=1). rx client.? seq 3 0x55cf1fbf6080 auth(proto 2 165 bytes epoch 0) v1 -1002>
2017-12-02 17:52:08.175820 7f794074f700 1 -- 10.1.80.4:6789/0 <== client.? 10.1.80.2:0/3491739296 3 ==== auth(proto 2 165 bytes epoch 0) v1 ==== 195+0+0 (1671171865 0 0) 0x55cf1fbf6080 con 0x55cf1fcc3000 -1001>
2017-12-02 17:52:08.175829 7f794074f700 5 mon.c1n4@3(peon).paxos(paxos active c 1193506..1194174) is_readable = 1 - now=2017-12-02 17:52:08.175829 lease_expire=2017-12-02 17:52:11.406939 has v0 lc 1194174 -1000>
2017-12-02 17:52:08.175948 7f794074f700 2 mon.c1n4@3(peon) e4 send_reply 0x55cf1fd0e780 0x55cf1fbf4c80 auth_reply(proto 2 0 (0) Success) v1 -999>
2017-12-02 17:52:08.175955 7f794074f700 1 -- 10.1.80.4:6789/0 --> 10.1.80.2:0/3491739296 -- auth_reply(proto 2 0 (0) Success) v1 -- 0x55cf1fbf4c80 con 0 -998>
2017-12-02 17:52:08.176134 7f793c747700 1 -- 10.1.80.4:6789/0 >> 10.1.80.2:0/3491739296 conn(0x55cf1fcc3000 :6789 s=STATE_OPEN pgs=1 cs=1 l=1).read_bulk peer close file descriptor 34 -997>
2017-12-02 17:52:08.176142 7f793c747700 1 -- 10.1.80.4:6789/0 >> 10.1.80.2:0/3491739296 conn(0x55cf1fcc3000 :6789 s=STATE_OPEN pgs=1 cs=1 l=1).read_until read failed -996>
2017-12-02 17:52:08.176146 7f793c747700 1 -- 10.1.80.4:6789/0 >> 10.1.80.2:0/3491739296 conn(0x55cf1fcc3000 :6789 s=STATE_OPEN pgs=1 cs=1 l=1).process read tag failed -995>
2017-12-02 17:52:08.176152 7f793c747700 1 -- 10.1.80.4:6789/0 >> 10.1.80.2:0/3491739296 conn(0x55cf1fcc3000 :6789 s=STATE_OPEN pgs=1 cs=1 l=1).fault on lossy channel, failing -994>
2017-12-02 17:52:08.176157 7f793c747700 2 -- 10.1.80.4:6789/0 >> 10.1.80.2:0/3491739296 conn(0x55cf1fcc3000 :6789 s=STATE_OPEN pgs=1 cs=1 l=1)._stop -993>
2017-12-02 17:52:08.371298 7f793c747700 1 -- 10.1.80.4:6789/0 >> - conn(0x55cf1fcc1800 :6789 s=STATE_ACCEPTING pgs=0 cs=0 l=0)._process_connection sd=34 - -992>
2017-12-02 17:52:08.371393 7f793c747700 2 -- 10.1.80.4:6789/0 >> 10.1.80.4:0/4200795436 conn(0x55cf1fcc1800 :6789 s=STATE_ACCEPTING_WAIT_SEQ pgs=1 cs=1 l=1).handle_connect_msg accept write reply msg done -991>
2017-12-02 17:52:08.371419 7f793c747700 2 -- 10.1.80.4:6789/0 >> 10.1.80.4:0/4200795436 conn(0x55cf1fcc1800 :6789 s=STATE_ACCEPTING_WAIT_SEQ pgs=1 cs=1 l=1)._process_connection accept get newly_acked_seq 0 -990>
2017-12-02 17:52:08.371487 7f793c747700 5 -- 10.1.80.4:6789/0 >> 10.1.80.4:0/4200795436 conn(0x55cf1fcc1800 :6789 s=STATE_OPEN_MESSAGE_READ_FOOTER_AND_DISPATCH pgs=1 cs=1 l=1). rx client.? seq 1 0x55cf1fbf4c80 auth(proto 0 30 bytes epoch 0) v1 -989>
2017-12-02 17:52:08.371508 7f794074f700 1 -- 10.1.80.4:6789/0 <== client.? 10.1.80.4:0/4200795436 1 ==== auth(proto 0 30 bytes epoch 0) v1 ==== 60+0+0 (673663173 0 0) 0x55cf1fbf4c80 con 0x55cf1fcc1800 -988>
2017-12-02 17:52:08.371536 7f794074f700 5 mon.c1n4@3(peon).paxos(paxos active c 1193506..1194174) is_readable = 1 - now=2017-12-02 17:52:08.371537 lease_expire=2017-12-02 17:52:11.406939 has v0 lc 1194174 -987>
2017-12-02 17:52:08.371567 7f794074f700 1 -- 10.1.80.4:6789/0 --> 10.1.80.4:0/4200795436 -- mon_map magic: 0 v1 -- 0x55cf1fbf6080 con 0 -986>
2017-12-02 17:52:08.371593 7f794074f700 2 mon.c1n4@3(peon) e4 send_reply 0x55cf1fd0e780 0x55cf1fbf6300 auth_reply(proto 2 0 (0) Success) v1 -985>
2017-12-02 17:52:08.371613 7f794074f700 1 -- 10.1.80.4:6789/0 --> 10.1.80.4:0/4200795436 -- auth_reply(proto 2 0 (0) Success) v1 -- 0x55cf1fbf6300 con 0 -984>
2017-12-02 17:52:08.371836 7f793c747700 5 -- 10.1.80.4:6789/0 >> 10.1.80.4:0/4200795436 conn(0x55cf1fcc1800 :6789 s=STATE_OPEN_MESSAGE_READ_FOOTER_AND_DISPATCH pgs=1 cs=1 l=1). rx client.? seq 2 0x55cf1fbf6300 auth(proto 2 32 bytes epoch 0) v1 -983>
2017-12-02 17:52:08.371851 7f794074f700 1 -- 10.1.80.4:6789/0 <== client.? 10.1.80.4:0/4200795436 2 ==== auth(proto 2 32 bytes epoch 0) v1 ==== 62+0+0 (4136569335 0 0) 0x55cf1fbf6300 con 0x55cf1fcc1800 -982>
2017-12-02 17:52:08.371863 7f794074f700 5 mon.c1n4@3(peon).paxos(paxos active c 1193506..1194174) is_readable = 1 - now=2017-12-02 17:52:08.371863 lease_expire=2017-12-02 17:52:11.406939 has v0 lc 1194174 -981>
2017-12-02 17:52:08.371985 7f794074f700 2 mon.c1n4@3(peon) e4 send_reply 0x55cf1fd0e780 0x55cf1fbf4c80 auth_reply(proto 2 0 (0) Success) v1 -980>
2017-12-02 17:52:08.371993 7f794074f700 1 -- 10.1.80.4:6789/0 --> 10.1.80.4:0/4200795436 -- auth_reply(proto 2 0 (0) Success) v1 -- 0x55cf1fbf4c80 con 0 -979>
2017-12-02 17:52:08.372136 7f793c747700 5 -- 10.1.80.4:6789/0 >> 10.1.80.4:0/4200795436 conn(0x55cf1fcc1800 :6789 s=STATE_OPEN_MESSAGE_READ_FOOTER_AND_DISPATCH pgs=1 cs=1 l=1). rx client.? seq 3 0x55cf1fbf4c80 auth(proto 2 165 bytes epoch 0) v1 -978>
2017-12-02 17:52:08.372156 7f794074f700 1 -- 10.1.80.4:6789/0 <== client.? 10.1.80.4:0/4200795436 3 ==== auth(proto 2 165 bytes epoch 0) v1 ==== 195+0+0 (685162248 0 0) 0x55cf1fbf4c80 con 0x55cf1fcc1800 -977>
2017-12-02 17:52:08.372164 7f794074f700 5 mon.c1n4@3(peon).paxos(paxos active c 1193506..1194174) is_readable = 1 - now=2017-12-02 17:52:08.372164 lease_expire=2017-12-02 17:52:11.406939 has v0 lc 1194174 -976>
2017-12-02 17:52:08.372293 7f794074f700 2 mon.c1n4@3(peon) e4 send_reply 0x55cf1fd0e780 0x55cf1fbf6300 auth_reply(proto 2 0 (0) Success) v1 -975>
2017-12-02 17:52:08.372300 7f794074f700 1 -- 10.1.80.4:6789/0 --> 10.1.80.4:0/4200795436 -- auth_reply(proto 2 0 (0) Success) v1 -- 0x55cf1fbf6300 con 0 -974>
2017-12-02 17:52:08.372492 7f793c747700 5 -- 10.1.80.4:6789/0 >> 10.1.80.4:0/4200795436 conn(0x55cf1fcc1800 :6789 s=STATE_OPEN_MESSAGE_READ_FOOTER_AND_DISPATCH pgs=1 cs=1 l=1). rx client.? seq 4 0x55cf201f2240 mon_subscribe({monmap=0+}) v2 -973>
2017-12-02 17:52:08.372507 7f794074f700 1 -- 10.1.80.4:6789/0 <== client.? 10.1.80.4:0/4200795436 4 ==== mon_subscribe({monmap=0+}) v2 ==== 23+0+0 (1620593354 0 0) 0x55cf201f2240 con 0x55cf1fcc1800 -972>
2017-12-02 17:52:08.372520 7f793c747700 5 -- 10.1.80.4:6789/0 >> 10.1.80.4:0/4200795436 conn(0x55cf1fcc1800 :6789 s=STATE_OPEN_MESSAGE_READ_FOOTER_AND_DISPATCH pgs=1 cs=1 l=1). rx client.8094227 seq 5 0x55cf201f26c0 mon_subscribe({mgrmap=0+}) v2 -971>
2017-12-02 17:52:08.372528 7f794074f700 1 -- 10.1.80.4:6789/0 --> 10.1.80.4:0/4200795436 -- mon_map magic: 0 v1 -- 0x55cf1fbf4c80 con 0 -970>
2017-12-02 17:52:08.372543 7f794074f700 1 -- 10.1.80.4:6789/0 <== client.8094227 10.1.80.4:0/4200795436 5 ==== mon_subscribe({mgrmap=0+}) v2 ==== 23+0+0 (2287485974 0 0) 0x55cf201f26c0 con 0x55cf1fcc1800 -969>
2017-12-02 17:52:08.372574 7f794074f700 1 -- 10.1.80.4:6789/0 --> 10.1.80.4:0/4200795436 -- mgrmap(e 219) v1 -- 0x55cf1f54d500 con 0 -968>
2017-12-02 17:52:08.372587 7f793c747700 5 -- 10.1.80.4:6789/0 >> 10.1.80.4:0/4200795436 conn(0x55cf1fcc1800 :6789 s=STATE_OPEN_MESSAGE_READ_FOOTER_AND_DISPATCH pgs=1 cs=1 l=1). rx client.8094227 seq 6 0x55cf201f2900 mon_subscribe({osdmap=0}) v2 -967>
2017-12-02 17:52:08.372600 7f794074f700 1 -- 10.1.80.4:6789/0 <== client.8094227 10.1.80.4:0/4200795436 6 ==== mon_subscribe({osdmap=0}) v2 ==== 23+0+0 (319581110 0 0) 0x55cf201f2900 con 0x55cf1fcc1800 -966>
2017-12-02 17:52:08.372612 7f794074f700 1 -- 10.1.80.4:6789/0 --> 10.1.80.4:0/4200795436 -- osd_map(2982..2982 src has 2466..2982) v3 -- 0x55cf1fbf4f00 con 0 -965>
2017-12-02 17:52:08.372760 7f793d749700 1 -- 10.1.80.4:6789/0 >> - conn(0x55cf1fb7b000 :6789 s=STATE_ACCEPTING pgs=0 cs=0 l=0)._process_connection sd=35 - -964>
2017-12-02 17:52:08.372900 7f793d749700 2 -- 10.1.80.4:6789/0 >> 10.1.80.3:0/2218437824 conn(0x55cf1fb7b000 :6789 s=STATE_ACCEPTING_WAIT_SEQ pgs=1 cs=1 l=1).handle_connect_msg accept write reply msg done -963>
2017-12-02 17:52:08.372960 7f793d749700 2 -- 10.1.80.4:6789/0 >> 10.1.80.3:0/2218437824 conn(0x55cf1fb7b000 :6789 s=STATE_ACCEPTING_WAIT_SEQ pgs=1 cs=1 l=1)._process_connection accept get newly_acked_seq 0 -962>
2017-12-02 17:52:08.372964 7f793c747700 5 -- 10.1.80.4:6789/0 >> 10.1.80.4:0/4200795436 conn(0x55cf1fcc1800 :6789 s=STATE_OPEN_MESSAGE_READ_FOOTER_AND_DISPATCH pgs=1 cs=1 l=1). rx client.8094227 seq 7 0x55cf201f2b40 getpoolstats(1 ceph v0) v1 -961>
2017-12-02 17:52:08.372994 7f794074f700 1 -- 10.1.80.4:6789/0 <== client.8094227 10.1.80.4:0/4200795436 7 ==== getpoolstats(1 ceph v0) v1 ==== 46+0+0 (2788013228 0 0) 0x55cf201f2b40 con 0x55cf1fcc1800 -960>
2017-12-02 17:52:08.373012 7f794074f700 5 mon.c1n4@3(peon).paxos(paxos active c 1193506..1194174) is_readable = 1 - now=2017-12-02 17:52:08.373013 lease_expire=2017-12-02 17:52:11.406939 has v0 lc 1194174 -959>
2017-12-02 17:52:08.373032 7f794074f700 2 mon.c1n4@3(peon) e4 send_reply 0x55cf1fd0e780 0x55cf1fbf5900 getpoolstatsreply(1 v946099) v1 -958>
2017-12-02 17:52:08.373035 7f793d749700 5 -- 10.1.80.4:6789/0 >> 10.1.80.3:0/2218437824 conn(0x55cf1fb7b000 :6789 s=STATE_OPEN_MESSAGE_READ_FOOTER_AND_DISPATCH pgs=1 cs=1 l=1). rx client.? seq 1 0x55cf1fbf6a80 auth(proto 0 30 bytes epoch 0) v1 -957>
2017-12-02 17:52:08.373037 7f794074f700 1 -- 10.1.80.4:6789/0 --> 10.1.80.4:0/4200795436 -- getpoolstatsreply(1 v946099) v1 -- 0x55cf1fbf5900 con 0 -956>
2017-12-02 17:52:08.373068 7f794074f700 1 -- 10.1.80.4:6789/0 <== client.? 10.1.80.3:0/2218437824 1 ==== auth(proto 0 30 bytes epoch 0) v1 ==== 60+0+0 (673663173 0 0) 0x55cf1fbf6a80 con 0x55cf1fb7b000 -955>
2017-12-02 17:52:08.373079 7f794074f700 5 mon.c1n4@3(peon).paxos(paxos active c 1193506..1194174) is_readable = 1 - now=2017-12-02 17:52:08.373080 lease_expire=2017-12-02 17:52:11.406939 has v0 lc 1194174 -954>
2017-12-02 17:52:08.373103 7f794074f700 1 -- 10.1.80.4:6789/0 --> 10.1.80.3:0/2218437824 -- mon_map magic: 0 v1 -- 0x55cf1fbf6f80 con 0 -953>
2017-12-02 17:52:08.373126 7f794074f700 2 mon.c1n4@3(peon) e4 send_reply 0x55cf1fd0e780 0x55cf1f741980 auth_reply(proto 2 0 (0) Success) v1 -952>
2017-12-02 17:52:08.373133 7f794074f700 1 -- 10.1.80.4:6789/0 --> 10.1.80.3:0/2218437824 -- auth_reply(proto 2 0 (0) Success) v1 -- 0x55cf1f741980 con 0 -951>
2017-12-02 17:52:08.373240 7f793c747700 5 -- 10.1.80.4:6789/0 >> 10.1.80.4:0/4200795436 conn(0x55cf1fcc1800 :6789 s=STATE_OPEN_MESSAGE_READ_FOOTER_AND_DISPATCH pgs=1 cs=1 l=1). rx client.8094227 seq 8 0x55cf201f2d80 statfs(2 pool -1 v946099) v2 -950>
2017-12-02 17:52:08.373262 7f794074f700 1 -- 10.1.80.4:6789/0 <== client.8094227 10.1.80.4:0/4200795436 8 ==== statfs(2 pool -1 v946099) v2 ==== 35+0+0 (2840785479 0 0) 0x55cf201f2d80 con 0x55cf1fcc1800 -949>
2017-12-02 17:52:08.373271 7f794074f700 5 mon.c1n4@3(peon).paxos(paxos active c 1193506..1194174) is_readable = 1 - now=2017-12-02 17:52:08.373271 lease_expire=2017-12-02 17:52:11.406939 has v0 lc 1194174 -948>
2017-12-02 17:52:08.373280 7f794074f700 2 mon.c1n4@3(peon) e4 send_reply 0x55cf1fd0e780 0x55cf201f2b40 statfs_reply(2) v1 -947>
2017-12-02 17:52:08.373284 7f794074f700 1 -- 10.1.80.4:6789/0 --> 10.1.80.4:0/4200795436 -- statfs_reply(2) v1 -- 0x55cf201f2b40 con 0 -946>
2017-12-02 17:52:08.373532 7f793d749700 5 -- 10.1.80.4:6789/0 >> 10.1.80.3:0/2218437824 conn(0x55cf1fb7b000 :6789 s=STATE_OPEN_MESSAGE_READ_FOOTER_AND_DISPATCH pgs=1 cs=1 l=1). rx client.? seq 2 0x55cf1f741980 auth(proto 2 32 bytes epoch 0) v1 -945>
2017-12-02 17:52:08.373554 7f794074f700 1 -- 10.1.80.4:6789/0 <== client.? 10.1.80.3:0/2218437824 2 ==== auth(proto 2 32 bytes epoch 0) v1 ==== 62+0+0 (494937306 0 0) 0x55cf1f741980 con 0x55cf1fb7b000 -944>
2017-12-02 17:52:08.373563 7f794074f700 5 mon.c1n4@3(peon).paxos(paxos active c 1193506..1194174) is_readable = 1 - now=2017-12-02 17:52:08.373564 lease_expire=2017-12-02 17:52:11.406939 has v0 lc 1194174 -943>
2017-12-02 17:52:08.373624 7f793c747700 1 -- 10.1.80.4:6789/0 >> 10.1.80.4:0/4200795436 conn(0x55cf1fcc1800 :6789 s=STATE_OPEN pgs=1 cs=1 l=1).read_bulk peer close file descriptor 34 -942>
2017-12-02 17:52:08.373633 7f793c747700 1 -- 10.1.80.4:6789/0 >> 10.1.80.4:0/4200795436 conn(0x55cf1fcc1800 :6789 s=STATE_OPEN pgs=1 cs=1 l=1).read_until read failed -941>
2017-12-02 17:52:08.373638 7f793c747700 1 -- 10.1.80.4:6789/0 >> 10.1.80.4:0/4200795436 conn(0x55cf1fcc1800 :6789 s=STATE_OPEN pgs=1 cs=1 l=1).process read tag failed -940>
2017-12-02 17:52:08.373643 7f793c747700 1 -- 10.1.80.4:6789/0 >> 10.1.80.4:0/4200795436 conn(0x55cf1fcc1800 :6789 s=STATE_OPEN pgs=1 cs=1 l=1).fault on lossy channel, failing -939>
2017-12-02 17:52:08.373647 7f793c747700 2 -- 10.1.80.4:6789/0 >> 10.1.80.4:0/4200795436 conn(0x55cf1fcc1800 :6789 s=STATE_OPEN pgs=1 cs=1 l=1)._stop -938>
2017-12-02 17:52:08.373664 7f794074f700 2 mon.c1n4@3(peon) e4 send_reply 0x55cf1fd0e780 0x55cf1fbf6a80 auth_reply(proto 2 0 (0) Success) v1 -937>
2017-12-02 17:52:08.373672 7f794074f700 1 -- 10.1.80.4:6789/0 --> 10.1.80.3:0/2218437824 -- auth_reply(proto 2 0 (0) Success) v1 -- 0x55cf1fbf6a80 con 0 -936>
2017-12-02 17:52:08.373881 7f793d749700 5 -- 10.1.80.4:6789/0 >> 10.1.80.3:0/2218437824 conn(0x55cf1fb7b000 :6789 s=STATE_OPEN_MESSAGE_READ_FOOTER_AND_DISPATCH pgs=1 cs=1 l=1). rx client.? seq 3 0x55cf1fbf6a80 auth(proto 2 165 bytes epoch 0) v1 -935>
2017-12-02 17:52:08.373896 7f794074f700 1 -- 10.1.80.4:6789/0 <== client.? 10.1.80.3:0/2218437824 3 ==== auth(proto 2 165 bytes epoch 0) v1 ==== 195+0+0 (2336936465 0 0) 0x55cf1fbf6a80 con 0x55cf1fb7b000 -934>
2017-12-02 17:52:08.373904 7f794074f700 5 mon.c1n4@3(peon).paxos(paxos active c 1193506..1194174) is_readable = 1 - now=2017-12-02 17:52:08.373905 lease_expire=2017-12-02 17:52:11.406939 has v0 lc 1194174 -933>
2017-12-02 17:52:08.374021 7f794074f700 2 mon.c1n4@3(peon) e4 send_reply 0x55cf1fd0e780 0x55cf1f741980 auth_reply(proto 2 0 (0) Success) v1 -932>
2017-12-02 17:52:08.374027 7f794074f700 1 -- 10.1.80.4:6789/0 --> 10.1.80.3:0/2218437824 -- auth_reply(proto 2 0 (0) Success) v1 -- 0x55cf1f741980 con 0 -931>
2017-12-02 17:52:08.374287 7f793d749700 5 -- 10.1.80.4:6789/0 >> 10.1.80.3:0/2218437824 conn(0x55cf1fb7b000 :6789 s=STATE_OPEN_MESSAGE_READ_FOOTER_AND_DISPATCH pgs=1 cs=1 l=1). rx client.? seq 4 0x55cf1f4bdd40 mon_subscribe({monmap=0+}) v2 -930>
2017-12-02 17:52:08.374323 7f793d749700 5 -- 10.1.80.4:6789/0 >> 10.1.80.3:0/2218437824 conn(0x55cf1fb7b000 :6789 s=STATE_OPEN_MESSAGE_READ_FOOTER_AND_DISPATCH pgs=1 cs=1 l=1). rx client.8094231 seq 5 0x55cf1f4beac0 mon_subscribe({mgrmap=0+}) v2 -929>
2017-12-02 17:52:08.374338 7f794074f700 1 -- 10.1.80.4:6789/0 <== client.? 10.1.80.3:0/2218437824 4 ==== mon_subscribe({monmap=0+}) v2 ==== 23+0+0 (1620593354 0 0) 0x55cf1f4bdd40 con 0x55cf1fb7b000 -928>
2017-12-02 17:52:08.374367 7f794074f700 1 -- 10.1.80.4:6789/0 --> 10.1.80.3:0/2218437824 -- mon_map magic: 0 v1 -- 0x55cf1fbf6a80 con 0 -927>
2017-12-02 17:52:08.374383 7f794074f700 1 -- 10.1.80.4:6789/0 <== client.8094231 10.1.80.3:0/2218437824 5 ==== mon_subscribe({mgrmap=0+}) v2 ==== 23+0+0 (2287485974 0 0) 0x55cf1f4beac0 con 0x55cf1fb7b000 -926>
2017-12-02 17:52:08.374388 7f793d749700 5 -- 10.1.80.4:6789/0 >> 10.1.80.3:0/2218437824 conn(0x55cf1fb7b000 :6789 s=STATE_OPEN_MESSAGE_READ_FOOTER_AND_DISPATCH pgs=1 cs=1 l=1). rx client.8094231 seq 6 0x55cf1f4bfa80 mon_subscribe({osdmap=0}) v2 -925>
2017-12-02 17:52:08.374397 7f794074f700 1 -- 10.1.80.4:6789/0 --> 10.1.80.3:0/2218437824 -- mgrmap(e 219) v1 -- 0x55cf1f54ed00 con 0 -924>
2017-12-02 17:52:08.374407 7f794074f700 1 -- 10.1.80.4:6789/0 <== client.8094231 10.1.80.3:0/2218437824 6 ==== mon_subscribe({osdmap=0}) v2 ==== 23+0+0 (319581110 0 0) 0x55cf1f4bfa80 con 0x55cf1fb7b000 -923>
2017-12-02 17:52:08.374417 7f794074f700 1 -- 10.1.80.4:6789/0 --> 10.1.80.3:0/2218437824 -- osd_map(2982..2982 src has 2466..2982) v3 -- 0x55cf1f741700 con 0 -922>
2017-12-02 17:52:08.374885 7f793d749700 5 -- 10.1.80.4:6789/0 >> 10.1.80.3:0/2218437824 conn(0x55cf1fb7b000 :6789 s=STATE_OPEN_MESSAGE_READ_FOOTER_AND_DISPATCH pgs=1 cs=1 l=1). rx client.8094231 seq 7 0x55cf1f4bf840 getpoolstats(1 ceph v0) v1 -921>
2017-12-02 17:52:08.374929 7f794074f700 1 -- 10.1.80.4:6789/0 <== client.8094231 10.1.80.3:0/2218437824 7 ==== getpoolstats(1 ceph v0) v1 ==== 46+0+0 (2788013228 0 0) 0x55cf1f4bf840 con 0x55cf1fb7b000 -920>
2017-12-02 17:52:08.374946 7f794074f700 5 mon.c1n4@3(peon).paxos(paxos active c 1193506..1194174) is_readable = 1 - now=2017-12-02 17:52:08.374947 lease_expire=2017-12-02 17:52:11.406939 has v0 lc 1194174 -919>
2017-12-02 17:52:08.374960 7f794074f700 2 mon.c1n4@3(peon) e4 send_reply 0x55cf1fd0e780 0x55cf1f740300 getpoolstatsreply(1 v946099) v1 -918>
2017-12-02 17:52:08.374964 7f794074f700 1 -- 10.1.80.4:6789/0 --> 10.1.80.3:0/2218437824 -- getpoolstatsreply(1 v946099) v1 -- 0x55cf1f740300 con 0 -917>
2017-12-02 17:52:08.375200 7f793d749700 5 -- 10.1.80.4:6789/0 >> 10.1.80.3:0/2218437824 conn(0x55cf1fb7b000 :6789 s=STATE_OPEN_MESSAGE_READ_FOOTER_AND_DISPATCH pgs=1 cs=1 l=1). rx client.8094231 seq 8 0x55cf1f4bf600 statfs(2 pool -1 v946099) v2 -916>
2017-12-02 17:52:08.375213 7f794074f700 1 -- 10.1.80.4:6789/0 <== client.8094231 10.1.80.3:0/2218437824 8 ==== statfs(2 pool -1 v946099) v2 ==== 35+0+0 (2840785479 0 0) 0x55cf1f4bf600 con 0x55cf1fb7b000 -915>
2017-12-02 17:52:08.375221 7f794074f700 5 mon.c1n4@3(peon).paxos(paxos active c 1193506..1194174) is_readable = 1 - now=2017-12-02 17:52:08.375222 lease_expire=2017-12-02 17:52:11.406939 has v0 lc 1194174 -914>
2017-12-02 17:52:08.375232 7f794074f700 2 mon.c1n4@3(peon) e4 send_reply 0x55cf1fd0e780 0x55cf1f4bf840 statfs_reply(2) v1 -913>
2017-12-02 17:52:08.375235 7f794074f700 1 -- 10.1.80.4:6789/0 --> 10.1.80.3:0/2218437824 -- statfs_reply(2) v1 -- 0x55cf1f4bf840 con 0 -912>
2017-12-02 17:52:08.375580 7f793d749700 1 -- 10.1.80.4:6789/0 >> 10.1.80.3:0/2218437824 conn(0x55cf1fb7b000 :6789 s=STATE_OPEN pgs=1 cs=1 l=1).read_bulk peer close file descriptor 35 -911>
2017-12-02 17:52:08.375587 7f793d749700 1 -- 10.1.80.4:6789/0 >> 10.1.80.3:0/2218437824 conn(0x55cf1fb7b000 :6789 s=STATE_OPEN pgs=1 cs=1 l=1).read_until read failed -910>
2017-12-02 17:52:08.375591 7f793d749700 1 -- 10.1.80.4:6789/0 >> 10.1.80.3:0/2218437824 conn(0x55cf1fb7b000 :6789 s=STATE_OPEN pgs=1 cs=1 l=1).process read tag failed -909>
2017-12-02 17:52:08.375596 7f793d749700 1 -- 10.1.80.4:6789/0 >> 10.1.80.3:0/2218437824 conn(0x55cf1fb7b000 :6789 s=STATE_OPEN pgs=1 cs=1 l=1).fault on lossy channel, failing -908>
2017-12-02 17:52:08.375600 7f793d749700 2 -- 10.1.80.4:6789/0 >> 10.1.80.3:0/2218437824 conn(0x55cf1fb7b000 :6789 s=STATE_OPEN pgs=1 cs=1 l=1)._stop -907>
2017-12-02 17:52:08.375639 7f793c747700 1 -- 10.1.80.4:6789/0 reap_dead start -906>
2017-12-02 17:52:08.375650 7f793c747700 5 -- 10.1.80.4:6789/0 reap_dead delete 0x55cf1fb7b000 -905>
2017-12-02 17:52:08.375658 7f793c747700 5 -- 10.1.80.4:6789/0 reap_dead delete 0x55cf1fb7c800 -904>
2017-12-02 17:52:08.375663 7f793c747700 5 -- 10.1.80.4:6789/0 reap_dead delete 0x55cf1fcc1800 -903>
2017-12-02 17:52:08.375671 7f793c747700 5 -- 10.1.80.4:6789/0 reap_dead delete 0x55cf1fcc3000 -902>
2017-12-02 17:52:08.375675 7f793c747700 5 -- 10.1.80.4:6789/0 reap_dead delete 0x55cf1fcc4800 -901>
2017-12-02 17:52:08.405426 7f793c747700 5 -- 10.1.80.4:6789/0 >> 10.1.80.1:6789/0 conn(0x55cf1fade000 :-1 s=STATE_OPEN_MESSAGE_READ_FOOTER_AND_DISPATCH pgs=851208 cs=1 l=0). rx mon.0 seq 1526133504 0x55cf201d3a00 paxos(begin lc 1194174 fc 0 pn 21200 opn 0) v4 -900>
2017-12-02 17:52:08.405507 7f794074f700 1 -- 10.1.80.4:6789/0 <== mon.0 10.1.80.1:6789/0 1526133504 ==== paxos(begin lc 1194174 fc 0 pn 21200 opn 0) v4 ==== 2566+0+0 (781888746 0 0) 0x55cf201d3a00 con 0x55cf1fade000 -899>
2017-12-02 17:52:08.406125 7f794074f700 1 -- 10.1.80.4:6789/0 --> 10.1.80.1:6789/0 -- paxos(accept lc 1194174 fc 0 pn 21200 opn 0) v4 -- 0x55cf201d3d40 con 0 -898>
2017-12-02 17:52:08.406952 7f793c747700 5 -- 10.1.80.4:6789/0 >> 10.1.80.1:6789/0 conn(0x55cf1fade000 :-1 s=STATE_OPEN_MESSAGE_READ_FOOTER_AND_DISPATCH pgs=851208 cs=1 l=0). rx mon.0 seq 1526133505 0x55cf201d3d40 paxos(commit lc 1194175 fc 0 pn 21200 opn 0) v4 -897>
2017-12-02 17:52:08.407008 7f794074f700 1 -- 10.1.80.4:6789/0 <== mon.0 10.1.80.1:6789/0 1526133505 ==== paxos(commit lc 1194175 fc 0 pn 21200 opn 0) v4 ==== 2566+0+0 (2622058196 0 0) 0x55cf201d3d40 con 0x55cf1fade000 -896>
2017-12-02 17:52:08.407207 7f793c747700 5 -- 10.1.80.4:6789/0 >> 10.1.80.1:6789/0 conn(0x55cf1fade000 :-1 s=STATE_OPEN_MESSAGE_READ_FOOTER_AND_DISPATCH pgs=851208 cs=1 l=0). rx mon.0 seq 1526133506 0x55cf201a8000 paxos(lease lc 1194175 fc 1193506 pn 0 opn 0) v4 -895>
2017-12-02 17:52:08.407585 7f794074f700 4 mgrc handle_mgr_map Got map version 219 -894>
2017-12-02 17:52:08.407593 7f794074f700 4 mgrc handle_mgr_map Active mgr is now 10.1.80.3:6832/18816 -893>
2017-12-02 17:52:08.407693 7f794074f700 1 -- 10.1.80.4:6789/0 <== mon.0 10.1.80.1:6789/0 1526133506 ==== paxos(lease lc 1194175 fc 1193506 pn 0 opn 0) v4 ==== 84+0+0 (3659232356 0 0) 0x55cf201a8000 con 0x55cf1fade000 -892>
2017-12-02 17:52:08.407709 7f794074f700 1 -- 10.1.80.4:6789/0 --> 10.1.80.1:6789/0 -- paxos(lease_ack lc 1194175 fc 1193506 pn 0 opn 0) v4 -- 0x55cf201d3d40 con 0 -891>
2017-12-02 17:52:08.407724 7f794074f700 5 mon.c1n4@3(peon).monmap v4 apply_mon_features wait for service to be writeable -890>
2017-12-02 17:52:08.407730 7f794074f700 5 mon.c1n4@3(peon).paxos(paxos active c 1193506..1194175) is_readable = 1 - now=2017-12-02 17:52:08.407730 lease_expire=2017-12-02 17:52:13.407562 has v0 lc 1194175 -889>
2017-12-02 17:52:09.956474 7f793c747700 5 -- 10.1.80.4:6789/0 >> 10.1.80.1:6789/0 conn(0x55cf1fade000 :-1 s=STATE_OPEN_MESSAGE_READ_FOOTER_AND_DISPATCH pgs=851208 cs=1 l=0). rx mon.0 seq 1526133507 0x55cf201d3d40 paxos(begin lc 1194175 fc 0 pn 21200 opn 0) v4 -888>
2017-12-02 17:52:09.956579 7f794074f700 1 -- 10.1.80.4:6789/0 <== mon.0 10.1.80.1:6789/0 1526133507 ==== paxos(begin lc 1194175 fc 0 pn 21200 opn 0) v4 ==== 10241+0+0 (2093516632 0 0) 0x55cf201d3d40 con 0x55cf1fade000 -887>
2017-12-02 17:52:09.957338 7f794074f700 1 -- 10.1.80.4:6789/0 --> 10.1.80.1:6789/0 -- paxos(accept lc 1194175 fc 0 pn 21200 opn 0) v4 -- 0x55cf201a8000 con 0 -886>
2017-12-02 17:52:09.958357 7f793c747700 5 -- 10.1.80.4:6789/0 >> 10.1.80.1:6789/0 conn(0x55cf1fade000 :-1 s=STATE_OPEN_MESSAGE_READ_FOOTER_AND_DISPATCH pgs=851208 cs=1 l=0). rx mon.0 seq 1526133508 0x55cf201a8000 paxos(commit lc 1194176 fc 0 pn 21200 opn 0) v4 -885>
2017-12-02 17:52:09.958421 7f794074f700 1 -- 10.1.80.4:6789/0 <== mon.0 10.1.80.1:6789/0 1526133508 ==== paxos(commit lc 1194176 fc 0 pn 21200 opn 0) v4 ==== 10241+0+0 (1949143348 0 0) 0x55cf201a8000 con 0x55cf1fade000 -884>
2017-12-02 17:52:09.958577 7f793c747700 5 -- 10.1.80.4:6789/0 >> 10.1.80.1:6789/0 conn(0x55cf1fade000 :-1 s=STATE_OPEN_MESSAGE_READ_FOOTER_AND_DISPATCH pgs=851208 cs=1 l=0). rx mon.0 seq 1526133509 0x55cf201a8340 paxos(lease lc 1194176 fc 1193506 pn 0 opn 0) v4 -883>
2017-12-02 17:52:09.959169 7f794074f700 4 mgrc handle_mgr_map Got map version 219 -882>
2017-12-02 17:52:09.959175 7f794074f700 4 mgrc handle_mgr_map Active mgr is now 10.1.80.3:6832/18816 -881>
2017-12-02 17:52:09.959284 7f794074f700 1 -- 10.1.80.4:6789/0 <== mon.0 10.1.80.1:6789/0 1526133509 ==== paxos(lease lc 1194176 fc 1193506 pn 0 opn 0) v4 ==== 84+0+0 (3292658985 0 0) 0x55cf201a8340 con 0x55cf1fade000 -880>
2017-12-02 17:52:09.959300 7f794074f700 1 -- 10.1.80.4:6789/0 --> 10.1.80.1:6789/0 -- paxos(lease_ack lc 1194176 fc 1193506 pn 0 opn 0) v4 -- 0x55cf201a8000 con 0 -879>
2017-12-02 17:52:09.959334 7f794074f700 5 mon.c1n4@3(peon).monmap v4 apply_mon_features wait for service to be writeable -878>
2017-12-02 17:52:09.959340 7f794074f700 5 mon.c1n4@3(peon).paxos(paxos active c 1193506..1194176) is_readable = 1 - now=2017-12-02 17:52:09.959340 lease_expire=2017-12-02 17:52:14.958939 has v0 lc 1194176 -877>
2017-12-02 17:52:10.958959 7f793c747700 5 -- 10.1.80.4:6789/0 >> 10.1.80.1:6789/0 conn(0x55cf1fade000 :-1 s=STATE_OPEN_MESSAGE_READ_FOOTER_AND_DISPATCH pgs=851208 cs=1 l=0). rx mon.0 seq 1526133510 0x55cf201a8000 paxos(begin lc 1194176 fc 0 pn 21200 opn 0) v4 -876>
2017-12-02 17:52:10.959043 7f794074f700 1 -- 10.1.80.4:6789/0 <== mon.0 10.1.80.1:6789/0 1526133510 ==== paxos(begin lc 1194176 fc 0 pn 21200 opn 0) v4 ==== 2566+0+0 (1872645445 0 0) 0x55cf201a8000 con 0x55cf1fade000 -875>
2017-12-02 17:52:10.959769 7f794074f700 1 -- 10.1.80.4:6789/0 --> 10.1.80.1:6789/0 -- paxos(accept lc 1194176 fc 0 pn 21200 opn 0) v4 -- 0x55cf201a8340 con 0 -874>
2017-12-02 17:52:10.960703 7f793c747700 5 -- 10.1.80.4:6789/0 >> 10.1.80.1:6789/0 conn(0x55cf1fade000 :-1 s=STATE_OPEN_MESSAGE_READ_FOOTER_AND_DISPATCH pgs=851208 cs=1 l=0). rx mon.0 seq 1526133511 0x55cf201a8340 paxos(commit lc 1194177 fc 0 pn 21200 opn 0) v4 -873>
2017-12-02 17:52:10.960762 7f794074f700 1 -- 10.1.80.4:6789/0 <== mon.0 10.1.80.1:6789/0 1526133511 ==== paxos(commit lc 1194177 fc 0 pn 21200 opn 0) v4 ==== 2566+0+0 (3008748274 0 0) 0x55cf201a8340 con 0x55cf1fade000 -872>
2017-12-02 17:52:10.960945 7f793c747700 5 -- 10.1.80.4:6789/0 >> 10.1.80.1:6789/0 conn(0x55cf1fade000 :-1 s=STATE_OPEN_MESSAGE_READ_FOOTER_AND_DISPATCH pgs=851208 cs=1 l=0). rx mon.0 seq 1526133512 0x55cf201a8680 paxos(lease lc 1194177 fc 1193506 pn 0 opn 0) v4 -871>
2017-12-02 17:52:10.961516 7f794074f700 4 mgrc handle_mgr_map Got map version 219 -870>
2017-12-02 17:52:10.961526 7f794074f700 4 mgrc handle_mgr_map Active mgr is now 10.1.80.3:6832/18816 -869>
2017-12-02 17:52:10.961632 7f794074f700 1 -- 10.1.80.4:6789/0 <== mon.0 10.1.80.1:6789/0 1526133512 ==== paxos(lease lc 1194177 fc 1193506 pn 0 opn 0) v4 ==== 84+0+0 (16840021 0 0) 0x55cf201a8680 con 0x55cf1fade000 -868>
2017-12-02 17:52:10.961650 7f794074f700 1 -- 10.1.80.4:6789/0 --> 10.1.80.1:6789/0 -- paxos(lease_ack lc 1194177 fc 1193506 pn 0 opn 0) v4 -- 0x55cf201a8340 con 0 -867>
2017-12-02 17:52:10.961667 7f794074f700 5 mon.c1n4@3(peon).monmap v4 apply_mon_features wait for service to be writeable -866>
2017-12-02 17:52:10.961676 7f794074f700 5 mon.c1n4@3(peon).paxos(paxos active c 1193506..1194177) is_readable = 1 - now=2017-12-02 17:52:10.961677 lease_expire=2017-12-02 17:52:15.961312 has v0 lc 1194177 -865>
2017-12-02 17:52:11.882646 7f793d749700 1 -- 10.1.80.4:6789/0 >> - conn(0x55cf1fcc4800 :6789 s=STATE_ACCEPTING pgs=0 cs=0 l=0)._process_connection sd=34 - -864>
2017-12-02 17:52:11.882831 7f793d749700 2 -- 10.1.80.4:6789/0 >> 10.1.80.1:0/1634087102 conn(0x55cf1fcc4800 :6789 s=STATE_ACCEPTING_WAIT_SEQ pgs=1 cs=1 l=1).handle_connect_msg accept write reply msg done -863>
2017-12-02 17:52:11.882893 7f793d749700 2 -- 10.1.80.4:6789/0 >> 10.1.80.1:0/1634087102 conn(0x55cf1fcc4800 :6789 s=STATE_ACCEPTING_WAIT_SEQ pgs=1 cs=1 l=1)._process_connection accept get newly_acked_seq 0 -862>
2017-12-02 17:52:11.882977 7f793d749700 5 -- 10.1.80.4:6789/0 >> 10.1.80.1:0/1634087102 conn(0x55cf1fcc4800 :6789 s=STATE_OPEN_MESSAGE_READ_FOOTER_AND_DISPATCH pgs=1 cs=1 l=1). rx client.? seq 1 0x55cf1f740300 auth(proto 0 30 bytes epoch 0) v1 -861>
2017-12-02 17:52:11.883007 7f794074f700 1 -- 10.1.80.4:6789/0 <== client.? 10.1.80.1:0/1634087102 1 ==== auth(proto 0 30 bytes epoch 0) v1 ==== 60+0+0 (673663173 0 0) 0x55cf1f740300 con 0x55cf1fcc4800 -860>
2017-12-02 17:52:11.883032 7f794074f700 5 mon.c1n4@3(peon).paxos(paxos active c 1193506..1194177) is_readable = 1 - now=2017-12-02 17:52:11.883033 lease_expire=2017-12-02 17:52:15.961312 has v0 lc 1194177 -859>
2017-12-02 17:52:11.883067 7f794074f700 1 -- 10.1.80.4:6789/0 --> 10.1.80.1:0/1634087102 -- mon_map magic: 0 v1 -- 0x55cf1f741c00 con 0 -858>
2017-12-02 17:52:11.883101 7f794074f700 2 mon.c1n4@3(peon) e4 send_reply 0x55cf1fd0e780 0x55cf1fbf6f80 auth_reply(proto 2 0 (0) Success) v1 -857>
2017-12-02 17:52:11.883110 7f794074f700 1 -- 10.1.80.4:6789/0 --> 10.1.80.1:0/1634087102 -- auth_reply(proto 2 0 (0) Success) v1 -- 0x55cf1fbf6f80 con 0 -856>
2017-12-02 17:52:11.883423 7f793d749700 5 -- 10.1.80.4:6789/0 >> 10.1.80.1:0/1634087102 conn(0x55cf1fcc4800 :6789 s=STATE_OPEN_MESSAGE_READ_FOOTER_AND_DISPATCH pgs=1 cs=1 l=1). rx client.? seq 2 0x55cf1fbf6f80 auth(proto 2 32 bytes epoch 0) v1 -855>
2017-12-02 17:52:11.883468 7f794074f700 1 -- 10.1.80.4:6789/0 <== client.? 10.1.80.1:0/1634087102 2 ==== auth(proto 2 32 bytes epoch 0) v1 ==== 62+0+0 (244496120 0 0) 0x55cf1fbf6f80 con 0x55cf1fcc4800 -854>
2017-12-02 17:52:11.883485 7f794074f700 5 mon.c1n4@3(peon).paxos(paxos active c 1193506..1194177) is_readable = 1 - now=2017-12-02 17:52:11.883486 lease_expire=2017-12-02 17:52:15.961312 has v0 lc 1194177 -853>
2017-12-02 17:52:11.883617 7f794074f700 2 mon.c1n4@3(peon) e4 send_reply 0x55cf1fd0e780 0x55cf1f740300 auth_reply(proto 2 0 (0) Success) v1 -852>
2017-12-02 17:52:11.883627 7f794074f700 1 -- 10.1.80.4:6789/0 --> 10.1.80.1:0/1634087102 -- auth_reply(proto 2 0 (0) Success) v1 -- 0x55cf1f740300 con 0 -851>
2017-12-02 17:52:11.883808 7f793d749700 5 -- 10.1.80.4:6789/0 >> 10.1.80.1:0/1634087102 conn(0x55cf1fcc4800 :6789 s=STATE_OPEN_MESSAGE_READ_FOOTER_AND_DISPATCH pgs=1 cs=1 l=1). rx client.? seq 3 0x55cf1f740300 auth(proto 2 165 bytes epoch 0) v1 -850>
2017-12-02 17:52:11.883825 7f794074f700 1 -- 10.1.80.4:6789/0 <== client.? 10.1.80.1:0/1634087102 3 ==== auth(proto 2 165 bytes epoch 0) v1 ==== 195+0+0 (2058191422 0 0) 0x55cf1f740300 con 0x55cf1fcc4800 -849>
2017-12-02 17:52:11.883834 7f794074f700 5 mon.c1n4@3(peon).paxos(paxos active c 1193506..1194177) is_readable = 1 - now=2017-12-02 17:52:11.883835 lease_expire=2017-12-02 17:52:15.961312 has v0 lc 1194177 -848>
2017-12-02 17:52:11.883962 7f794074f700 2 mon.c1n4@3(peon) e4 send_reply 0x55cf1fd0e780 0x55cf1fbf6f80 auth_reply(proto 2 0 (0) Success) v1 -847>
2017-12-02 17:52:11.883969 7f794074f700 1 -- 10.1.80.4:6789/0 --> 10.1.80.1:0/1634087102 -- auth_reply(proto 2 0 (0) Success) v1 -- 0x55cf1fbf6f80 con 0 -846>
2017-12-02 17:52:11.884040 7f793d749700 1 -- 10.1.80.4:6789/0 >> 10.1.80.1:0/1634087102 conn(0x55cf1fcc4800 :6789 s=STATE_OPEN pgs=1 cs=1 l=1).read_bulk peer close file descriptor 34 -845>
2017-12-02 17:52:11.884055 7f793d749700 1 -- 10.1.80.4:6789/0 >> 10.1.80.1:0/1634087102 conn(0x55cf1fcc4800 :6789 s=STATE_OPEN pgs=1 cs=1 l=1).read_until read failed -844>
2017-12-02 17:52:11.884060 7f793d749700 1 -- 10.1.80.4:6789/0 >> 10.1.80.1:0/1634087102 conn(0x55cf1fcc4800 :6789 s=STATE_OPEN pgs=1 cs=1 l=1).process read tag failed -843>
2017-12-02 17:52:11.884065 7f793d749700 1 -- 10.1.80.4:6789/0 >> 10.1.80.1:0/1634087102 conn(0x55cf1fcc4800 :6789 s=STATE_OPEN pgs=1 cs=1 l=1).fault on lossy channel, failing -842>
2017-12-02 17:52:11.884069 7f793d749700 2 -- 10.1.80.4:6789/0 >> 10.1.80.1:0/1634087102 conn(0x55cf1fcc4800 :6789 s=STATE_OPEN pgs=1 cs=1 l=1)._stop -841>
2017-12-02 17:52:11.961399 7f793c747700 5 -- 10.1.80.4:6789/0 >> 10.1.80.1:6789/0 conn(0x55cf1fade000 :-1 s=STATE_OPEN_MESSAGE_READ_FOOTER_AND_DISPATCH pgs=851208 cs=1 l=0). rx mon.0 seq 1526133513 0x55cf201a8340 paxos(begin lc 1194177 fc 0 pn 21200 opn 0) v4 -840>
2017-12-02 17:52:11.961444 7f794074f700 1 -- 10.1.80.4:6789/0 <== mon.0 10.1.80.1:6789/0 1526133513 ==== paxos(begin lc 1194177 fc 0 pn 21200 opn 0) v4 ==== 10241+0+0 (553611144 0 0) 0x55cf201a8340 con 0x55cf1fade000 -839>
2017-12-02 17:52:11.962047 7f794074f700 1 -- 10.1.80.4:6789/0 --> 10.1.80.1:6789/0 -- paxos(accept lc 1194177 fc 0 pn 21200 opn 0) v4 -- 0x55cf201a8680 con 0 -838>
2017-12-02 17:52:11.962873 7f793c747700 5 -- 10.1.80.4:6789/0 >> 10.1.80.1:6789/0 conn(0x55cf1fade000 :-1 s=STATE_OPEN_MESSAGE_READ_FOOTER_AND_DISPATCH pgs=851208 cs=1 l=0). rx mon.0 seq 1526133514 0x55cf201a8680 paxos(commit lc 1194178 fc 0 pn 21200 opn 0) v4 -837>
2017-12-02 17:52:11.962926 7f794074f700 1 -- 10.1.80.4:6789/0 <== mon.0 10.1.80.1:6789/0 1526133514 ==== paxos(commit lc 1194178 fc 0 pn 21200 opn 0) v4 ==== 10241+0+0 (2233252128 0 0) 0x55cf201a8680 con 0x55cf1fade000 -836>
2017-12-02 17:52:11.963152 7f793c747700 5 -- 10.1.80.4:6789/0 >> 10.1.80.1:6789/0 conn(0x55cf1fade000 :-1 s=STATE_OPEN_MESSAGE_READ_FOOTER_AND_DISPATCH pgs=851208 cs=1 l=0). rx mon.0 seq 1526133515 0x55cf201a89c0 paxos(lease lc 1194178 fc 1193506 pn 0 opn 0) v4 -835>
2017-12-02 17:52:11.963643 7f794074f700 4 mgrc handle_mgr_map Got map version 219 -834>
2017-12-02 17:52:11.963649 7f794074f700 4 mgrc handle_mgr_map Active mgr is now 10.1.80.3:6832/18816 -833>
2017-12-02 17:52:11.963745 7f794074f700 1 -- 10.1.80.4:6789/0 <== mon.0 10.1.80.1:6789/0 1526133515 ==== paxos(lease lc 1194178 fc 1193506 pn 0 opn 0) v4 ==== 84+0+0 (1208205797 0 0) 0x55cf201a89c0 con 0x55cf1fade000 -832>
2017-12-02 17:52:11.963761 7f794074f700 1 -- 10.1.80.4:6789/0 --> 10.1.80.1:6789/0 -- paxos(lease_ack lc 1194178 fc 1193506 pn 0 opn 0) v4 -- 0x55cf201a8680 con 0 -831>
2017-12-02 17:52:11.963776 7f794074f700 5 mon.c1n4@3(peon).monmap v4 apply_mon_features wait for service to be writeable -830>
2017-12-02 17:52:11.963781 7f794074f700 5 mon.c1n4@3(peon).paxos(paxos active c 1193506..1194178) is_readable = 1 - now=2017-12-02 17:52:11.963782 lease_expire=2017-12-02 17:52:16.963534 has v0 lc 1194178 -829>
2017-12-02 17:52:12.597642 7f793f74d700 1 -- 10.1.80.4:0/61378 --> 10.1.80.3:6832/18816 -- mgrreport(unknown.c1n4 +0-0 packed 1734) v4 -- 0x55cf1f54d800 con 0 -828>
2017-12-02 17:52:12.963633 7f793c747700 5 -- 10.1.80.4:6789/0 >> 10.1.80.1:6789/0 conn(0x55cf1fade000 :-1 s=STATE_OPEN_MESSAGE_READ_FOOTER_AND_DISPATCH pgs=851208 cs=1 l=0). rx mon.0 seq 1526133516 0x55cf201a8680 paxos(begin lc 1194178 fc 0 pn 21200 opn 0) v4 -827>
2017-12-02 17:52:12.963706 7f794074f700 1 -- 10.1.80.4:6789/0 <== mon.0 10.1.80.1:6789/0 1526133516 ==== paxos(begin lc 1194178 fc 0 pn 21200 opn 0) v4 ==== 2566+0+0 (1643244295 0 0) 0x55cf201a8680 con 0x55cf1fade000 -826>
2017-12-02 17:52:12.964399 7f794074f700 1 -- 10.1.80.4:6789/0 --> 10.1.80.1:6789/0 -- paxos(accept lc 1194178 fc 0 pn 21200 opn 0) v4 -- 0x55cf201a89c0 con 0 -825>
2017-12-02 17:52:12.965360 7f793c747700 5 -- 10.1.80.4:6789/0 >> 10.1.80.1:6789/0 conn(0x55cf1fade000 :-1 s=STATE_OPEN_MESSAGE_READ_FOOTER_AND_DISPATCH pgs=851208 cs=1 l=0). rx mon.0 seq 1526133517 0x55cf201a89c0 paxos(commit lc 1194179 fc 0 pn 21200 opn 0) v4 -824>
2017-12-02 17:52:12.965439 7f794074f700 1 -- 10.1.80.4:6789/0 <== mon.0 10.1.80.1:6789/0 1526133517 ==== paxos(commit lc 1194179 fc 0 pn 21200 opn 0) v4 ==== 2566+0+0 (43195290 0 0) 0x55cf201a89c0 con 0x55cf1fade000 -823>
2017-12-02 17:52:12.965695 7f793c747700 5 -- 10.1.80.4:6789/0 >> 10.1.80.1:6789/0 conn(0x55cf1fade000 :-1 s=STATE_OPEN_MESSAGE_READ_FOOTER_AND_DISPATCH pgs=851208 cs=1 l=0). rx mon.0 seq 1526133518 0x55cf201a8d00 paxos(lease lc 1194179 fc 1193506 pn 0 opn 0) v4 -822>
2017-12-02 17:52:12.966323 7f794074f700 4 mgrc handle_mgr_map Got map version 219 -821>
2017-12-02 17:52:12.966333 7f794074f700 4 mgrc handle_mgr_map Active mgr is now 10.1.80.3:6832/18816 -820>
2017-12-02 17:52:12.966497 7f794074f700 1 -- 10.1.80.4:6789/0 <== mon.0 10.1.80.1:6789/0 1526133518 ==== paxos(lease lc 1194179 fc 1193506 pn 0 opn 0) v4 ==== 84+0+0 (2755757757 0 0) 0x55cf201a8d00 con 0x55cf1fade000 -819>
2017-12-02 17:52:12.966518 7f794074f700 1 -- 10.1.80.4:6789/0 --> 10.1.80.1:6789/0 -- paxos(lease_ack lc 1194179 fc 1193506 pn 0 opn 0) v4 -- 0x55cf201a8000 con 0 -818>
2017-12-02 17:52:12.966532 7f794074f700 5 mon.c1n4@3(peon).monmap v4 apply_mon_features wait for service to be writeable -817>
2017-12-02 17:52:12.966538 7f794074f700 5 mon.c1n4@3(peon).paxos(paxos active c 1193506..1194179) is_readable = 1 - now=2017-12-02 17:52:12.966538 lease_expire=2017-12-02 17:52:17.965935 has v0 lc 1194179 -816>
2017-12-02 17:52:14.411139 7f793c747700 5 -- 10.1.80.4:6789/0 >> 10.1.80.1:6789/0 conn(0x55cf1fade000 :-1 s=STATE_OPEN_MESSAGE_READ_FOOTER_AND_DISPATCH pgs=851208 cs=1 l=0). rx mon.0 seq 1526133519 0x55cf201a8000 paxos(begin lc 1194179 fc 0 pn 21200 opn 0) v4 -815>
2017-12-02 17:52:14.411225 7f794074f700 1 -- 10.1.80.4:6789/0 <== mon.0 10.1.80.1:6789/0 1526133519 ==== paxos(begin lc 1194179 fc 0 pn 21200 opn 0) v4 ==== 2566+0+0 (1440116558 0 0) 0x55cf201a8000 con 0x55cf1fade000 -814>
2017-12-02 17:52:14.411858 7f794074f700 1 -- 10.1.80.4:6789/0 --> 10.1.80.1:6789/0 -- paxos(accept lc 1194179 fc 0 pn 21200 opn 0) v4 -- 0x55cf201a8d00 con 0 -813>
2017-12-02 17:52:14.412711 7f793c747700 5 -- 10.1.80.4:6789/0 >> 10.1.80.1:6789/0 conn(0x55cf1fade000 :-1 s=STATE_OPEN_MESSAGE_READ_FOOTER_AND_DISPATCH pgs=851208 cs=1 l=0). rx mon.0 seq 1526133520 0x55cf201a8d00 paxos(commit lc 1194180 fc 0 pn 21200 opn 0) v4 -812>
2017-12-02 17:52:14.412801 7f794074f700 1 -- 10.1.80.4:6789/0 <== mon.0 10.1.80.1:6789/0 1526133520 ==== paxos(commit lc 1194180 fc 0 pn 21200 opn 0) v4 ==== 2566+0+0 (985126223 0 0) 0x55cf201a8d00 con 0x55cf1fade000 -811>
2017-12-02 17:52:14.412948 7f793c747700 5 -- 10.1.80.4:6789/0 >> 10.1.80.1:6789/0 conn(0x55cf1fade000 :-1 s=STATE_OPEN_MESSAGE_READ_FOOTER_AND_DISPATCH pgs=851208 cs=1 l=0). rx mon.0 seq 1526133521 0x55cf201a9040 paxos(lease lc 1194180 fc 1193506 pn 0 opn 0) v4 -810>
2017-12-02 17:52:14.413424 7f794074f700 4 mgrc handle_mgr_map Got map version 219 -809>
2017-12-02 17:52:14.413431 7f794074f700 4 mgrc handle_mgr_map Active mgr is now 10.1.80.3:6832/18816 -808>
2017-12-02 17:52:14.413547 7f794074f700 1 -- 10.1.80.4:6789/0 <== mon.0 10.1.80.1:6789/0 1526133521 ==== paxos(lease lc 1194180 fc 1193506 pn 0 opn 0) v4 ==== 84+0+0 (2487464300 0 0) 0x55cf201a9040 con 0x55cf1fade000 -807>
2017-12-02 17:52:14.413563 7f794074f700 1 -- 10.1.80.4:6789/0 --> 10.1.80.1:6789/0 -- paxos(lease_ack lc 1194180 fc 1193506 pn 0 opn 0) v4 -- 0x55cf201a8d00 con 0 -806>
2017-12-02 17:52:14.413577 7f794074f700 5 mon.c1n4@3(peon).monmap v4 apply_mon_features wait for service to be writeable -805>
2017-12-02 17:52:14.413599 7f794074f700 5 mon.c1n4@3(peon).paxos(paxos active c 1193506..1194180) is_readable = 1 - now=2017-12-02 17:52:14.413599 lease_expire=2017-12-02 17:52:19.413323 has v0 lc 1194180 -804>
