2017-12-02 17:52:16.412673 7f793c747700 5 -- 10.1.80.4:6789/0 >> 10.1.80.1:6789/0 conn(0x55cf1fade000 :-1 s=STATE_OPEN_MESSAGE_READ_FOOTER_AND_DISPATCH pgs=851208 cs=1 l=0). rx mon.0 seq 1526133522 0x55cf201a8d00 paxos(begin lc 1194180 fc 0 pn 21200 opn 0) v4 -803>
2017-12-02 17:52:16.412769 7f794074f700 1 -- 10.1.80.4:6789/0 <== mon.0 10.1.80.1:6789/0 1526133522 ==== paxos(begin lc 1194180 fc 0 pn 21200 opn 0) v4 ==== 2566+0+0 (3915309079 0 0) 0x55cf201a8d00 con 0x55cf1fade000 -802>
2017-12-02 17:52:16.413533 7f794074f700 1 -- 10.1.80.4:6789/0 --> 10.1.80.1:6789/0 -- paxos(accept lc 1194180 fc 0 pn 21200 opn 0) v4 -- 0x55cf201a9040 con 0 -801>
2017-12-02 17:52:16.414757 7f793c747700 5 -- 10.1.80.4:6789/0 >> 10.1.80.1:6789/0 conn(0x55cf1fade000 :-1 s=STATE_OPEN_MESSAGE_READ_FOOTER_AND_DISPATCH pgs=851208 cs=1 l=0). rx mon.0 seq 1526133523 0x55cf201a9040 paxos(commit lc 1194181 fc 0 pn 21200 opn 0) v4 -800>
2017-12-02 17:52:16.414860 7f794074f700 1 -- 10.1.80.4:6789/0 <== mon.0 10.1.80.1:6789/0 1526133523 ==== paxos(commit lc 1194181 fc 0 pn 21200 opn 0) v4 ==== 2566+0+0 (2252849071 0 0) 0x55cf201a9040 con 0x55cf1fade000 -799>
2017-12-02 17:52:16.415048 7f793c747700 5 -- 10.1.80.4:6789/0 >> 10.1.80.1:6789/0 conn(0x55cf1fade000 :-1 s=STATE_OPEN_MESSAGE_READ_FOOTER_AND_DISPATCH pgs=851208 cs=1 l=0). rx mon.0 seq 1526133524 0x55cf201a9380 paxos(lease lc 1194181 fc 1193506 pn 0 opn 0) v4 -798>
2017-12-02 17:52:16.415723 7f794074f700 4 mgrc handle_mgr_map Got map version 219 -797>
2017-12-02 17:52:16.415734 7f794074f700 4 mgrc handle_mgr_map Active mgr is now 10.1.80.3:6832/18816 -796>
2017-12-02 17:52:16.415862 7f794074f700 1 -- 10.1.80.4:6789/0 <== mon.0 10.1.80.1:6789/0 1526133524 ==== paxos(lease lc 1194181 fc 1193506 pn 0 opn 0) v4 ==== 84+0+0 (1547691726 0 0) 0x55cf201a9380 con 0x55cf1fade000 -795>
2017-12-02 17:52:16.415880 7f794074f700 1 -- 10.1.80.4:6789/0 --> 10.1.80.1:6789/0 -- paxos(lease_ack lc 1194181 fc 1193506 pn 0 opn 0) v4 -- 0x55cf201a9040 con 0 -794>
2017-12-02 17:52:16.415897 7f794074f700 5 mon.c1n4@3(peon).monmap v4 apply_mon_features wait for service to be writeable -793>
2017-12-02 17:52:16.415901 7f794074f700 5 mon.c1n4@3(peon).paxos(paxos active c 1193506..1194181) is_readable = 1 - now=2017-12-02 17:52:16.415901 lease_expire=2017-12-02 17:52:21.415339 has v0 lc 1194181 -792>
2017-12-02 17:52:17.597916 7f793f74d700 1 -- 10.1.80.4:0/61378 --> 10.1.80.3:6832/18816 -- mgrreport(unknown.c1n4 +0-0 packed 1734) v4 -- 0x55cf1f54e700 con 0 -791>
2017-12-02 17:52:18.357733 7f793c747700 5 -- 10.1.80.4:6789/0 >> 10.1.80.1:6789/0 conn(0x55cf1fade000 :-1 s=STATE_OPEN_MESSAGE_READ_FOOTER_AND_DISPATCH pgs=851208 cs=1 l=0). rx mon.0 seq 1526133525 0x55cf201a9040 paxos(begin lc 1194181 fc 0 pn 21200 opn 0) v4 -790>
2017-12-02 17:52:18.357796 7f794074f700 1 -- 10.1.80.4:6789/0 <== mon.0 10.1.80.1:6789/0 1526133525 ==== paxos(begin lc 1194181 fc 0 pn 21200 opn 0) v4 ==== 10241+0+0 (3015532527 0 0) 0x55cf201a9040 con 0x55cf1fade000 -789>
2017-12-02 17:52:18.358470 7f794074f700 1 -- 10.1.80.4:6789/0 --> 10.1.80.1:6789/0 -- paxos(accept lc 1194181 fc 0 pn 21200 opn 0) v4 -- 0x55cf201a9380 con 0 -788>
2017-12-02 17:52:18.359450 7f793c747700 5 -- 10.1.80.4:6789/0 >> 10.1.80.1:6789/0 conn(0x55cf1fade000 :-1 s=STATE_OPEN_MESSAGE_READ_FOOTER_AND_DISPATCH pgs=851208 cs=1 l=0). rx mon.0 seq 1526133526 0x55cf201a9380 paxos(commit lc 1194182 fc 0 pn 21200 opn 0) v4 -787>
2017-12-02 17:52:18.359496 7f794074f700 1 -- 10.1.80.4:6789/0 <== mon.0 10.1.80.1:6789/0 1526133526 ==== paxos(commit lc 1194182 fc 0 pn 21200 opn 0) v4 ==== 10241+0+0 (422682736 0 0) 0x55cf201a9380 con 0x55cf1fade000 -786>
2017-12-02 17:52:18.359653 7f793c747700 5 -- 10.1.80.4:6789/0 >> 10.1.80.1:6789/0 conn(0x55cf1fade000 :-1 s=STATE_OPEN_MESSAGE_READ_FOOTER_AND_DISPATCH pgs=851208 cs=1 l=0). rx mon.0 seq 1526133527 0x55cf201a96c0 paxos(lease lc 1194182 fc 1193506 pn 0 opn 0) v4 -785>
2017-12-02 17:52:18.360231 7f794074f700 4 mgrc handle_mgr_map Got map version 219 -784>
2017-12-02 17:52:18.360237 7f794074f700 4 mgrc handle_mgr_map Active mgr is now 10.1.80.3:6832/18816 -783>
2017-12-02 17:52:18.360347 7f794074f700 1 -- 10.1.80.4:6789/0 <== mon.0 10.1.80.1:6789/0 1526133527 ==== paxos(lease lc 1194182 fc 1193506 pn 0 opn 0) v4 ==== 84+0+0 (3140151701 0 0) 0x55cf201a96c0 con 0x55cf1fade000 -782>
2017-12-02 17:52:18.360365 7f794074f700 1 -- 10.1.80.4:6789/0 --> 10.1.80.1:6789/0 -- paxos(lease_ack lc 1194182 fc 1193506 pn 0 opn 0) v4 -- 0x55cf201a9380 con 0 -781>
2017-12-02 17:52:18.360381 7f794074f700 5 mon.c1n4@3(peon).monmap v4 apply_mon_features wait for service to be writeable -780>
2017-12-02 17:52:18.360387 7f794074f700 5 mon.c1n4@3(peon).paxos(paxos active c 1193506..1194182) is_readable = 1 - now=2017-12-02 17:52:18.360387 lease_expire=2017-12-02 17:52:23.360017 has v0 lc 1194182 -779>
2017-12-02 17:52:19.360174 7f793c747700 5 -- 10.1.80.4:6789/0 >> 10.1.80.1:6789/0 conn(0x55cf1fade000 :-1 s=STATE_OPEN_MESSAGE_READ_FOOTER_AND_DISPATCH pgs=851208 cs=1 l=0). rx mon.0 seq 1526133528 0x55cf201a9380 paxos(begin lc 1194182 fc 0 pn 21200 opn 0) v4 -778>
2017-12-02 17:52:19.360230 7f794074f700 1 -- 10.1.80.4:6789/0 <== mon.0 10.1.80.1:6789/0 1526133528 ==== paxos(begin lc 1194182 fc 0 pn 21200 opn 0) v4 ==== 2566+0+0 (1971125224 0 0) 0x55cf201a9380 con 0x55cf1fade000 -777>
2017-12-02 17:52:19.360919 7f794074f700 1 -- 10.1.80.4:6789/0 --> 10.1.80.1:6789/0 -- paxos(accept lc 1194182 fc 0 pn 21200 opn 0) v4 -- 0x55cf201a96c0 con 0 -776>
2017-12-02 17:52:19.361849 7f793c747700 5 -- 10.1.80.4:6789/0 >> 10.1.80.1:6789/0 conn(0x55cf1fade000 :-1 s=STATE_OPEN_MESSAGE_READ_FOOTER_AND_DISPATCH pgs=851208 cs=1 l=0). rx mon.0 seq 1526133529 0x55cf201a96c0 paxos(commit lc 1194183 fc 0 pn 21200 opn 0) v4 -775>
2017-12-02 17:52:19.361946 7f794074f700 1 -- 10.1.80.4:6789/0 <== mon.0 10.1.80.1:6789/0 1526133529 ==== paxos(commit lc 1194183 fc 0 pn 21200 opn 0) v4 ==== 2566+0+0 (7494991 0 0) 0x55cf201a96c0 con 0x55cf1fade000 -774>
2017-12-02 17:52:19.362052 7f793c747700 5 -- 10.1.80.4:6789/0 >> 10.1.80.1:6789/0 conn(0x55cf1fade000 :-1 s=STATE_OPEN_MESSAGE_READ_FOOTER_AND_DISPATCH pgs=851208 cs=1 l=0). rx mon.0 seq 1526133530 0x55cf201a9a00 paxos(lease lc 1194183 fc 1193506 pn 0 opn 0) v4 -773>
2017-12-02 17:52:19.362541 7f794074f700 4 mgrc handle_mgr_map Got map version 219 -772>
2017-12-02 17:52:19.362548 7f794074f700 4 mgrc handle_mgr_map Active mgr is now 10.1.80.3:6832/18816 -771>
2017-12-02 17:52:19.362670 7f794074f700 1 -- 10.1.80.4:6789/0 <== mon.0 10.1.80.1:6789/0 1526133530 ==== paxos(lease lc 1194183 fc 1193506 pn 0 opn 0) v4 ==== 84+0+0 (3857320983 0 0) 0x55cf201a9a00 con 0x55cf1fade000 -770>
2017-12-02 17:52:19.362685 7f794074f700 1 -- 10.1.80.4:6789/0 --> 10.1.80.1:6789/0 -- paxos(lease_ack lc 1194183 fc 1193506 pn 0 opn 0) v4 -- 0x55cf201a96c0 con 0 -769>
2017-12-02 17:52:19.362699 7f794074f700 5 mon.c1n4@3(peon).monmap v4 apply_mon_features wait for service to be writeable -768>
2017-12-02 17:52:19.362721 7f794074f700 5 mon.c1n4@3(peon).paxos(paxos active c 1193506..1194183) is_readable = 1 - now=2017-12-02 17:52:19.362722 lease_expire=2017-12-02 17:52:24.362410 has v0 lc 1194183 -767>
2017-12-02 17:52:20.416376 7f793c747700 5 -- 10.1.80.4:6789/0 >> 10.1.80.1:6789/0 conn(0x55cf1fade000 :-1 s=STATE_OPEN_MESSAGE_READ_FOOTER_AND_DISPATCH pgs=851208 cs=1 l=0). rx mon.0 seq 1526133531 0x55cf201a96c0 paxos(begin lc 1194183 fc 0 pn 21200 opn 0) v4 -766>
2017-12-02 17:52:20.416419 7f794074f700 1 -- 10.1.80.4:6789/0 <== mon.0 10.1.80.1:6789/0 1526133531 ==== paxos(begin lc 1194183 fc 0 pn 21200 opn 0) v4 ==== 2566+0+0 (2525692022 0 0) 0x55cf201a96c0 con 0x55cf1fade000 -765>
2017-12-02 17:52:20.416882 7f794074f700 1 -- 10.1.80.4:6789/0 --> 10.1.80.1:6789/0 -- paxos(accept lc 1194183 fc 0 pn 21200 opn 0) v4 -- 0x55cf201a9a00 con 0 -764>
2017-12-02 17:52:20.417888 7f793c747700 5 -- 10.1.80.4:6789/0 >> 10.1.80.1:6789/0 conn(0x55cf1fade000 :-1 s=STATE_OPEN_MESSAGE_READ_FOOTER_AND_DISPATCH pgs=851208 cs=1 l=0). rx mon.0 seq 1526133532 0x55cf201a9a00 paxos(commit lc 1194184 fc 0 pn 21200 opn 0) v4 -763>
2017-12-02 17:52:20.417929 7f794074f700 1 -- 10.1.80.4:6789/0 <== mon.0 10.1.80.1:6789/0 1526133532 ==== paxos(commit lc 1194184 fc 0 pn 21200 opn 0) v4 ==== 2566+0+0 (1797414575 0 0) 0x55cf201a9a00 con 0x55cf1fade000 -762>
2017-12-02 17:52:20.418102 7f793c747700 5 -- 10.1.80.4:6789/0 >> 10.1.80.1:6789/0 conn(0x55cf1fade000 :-1 s=STATE_OPEN_MESSAGE_READ_FOOTER_AND_DISPATCH pgs=851208 cs=1 l=0). rx mon.0 seq 1526133533 0x55cf201a9d40 paxos(lease lc 1194184 fc 1193506 pn 0 opn 0) v4 -761>
2017-12-02 17:52:20.418457 7f794074f700 4 mgrc handle_mgr_map Got map version 219 -760>
2017-12-02 17:52:20.418465 7f794074f700 4 mgrc handle_mgr_map Active mgr is now 10.1.80.3:6832/18816 -759>
2017-12-02 17:52:20.418576 7f794074f700 1 -- 10.1.80.4:6789/0 <== mon.0 10.1.80.1:6789/0 1526133533 ==== paxos(lease lc 1194184 fc 1193506 pn 0 opn 0) v4 ==== 84+0+0 (1717943388 0 0) 0x55cf201a9d40 con 0x55cf1fade000 -758>
2017-12-02 17:52:20.418592 7f794074f700 1 -- 10.1.80.4:6789/0 --> 10.1.80.1:6789/0 -- paxos(lease_ack lc 1194184 fc 1193506 pn 0 opn 0) v4 -- 0x55cf201a9a00 con 0 -757>
2017-12-02 17:52:20.418606 7f794074f700 5 mon.c1n4@3(peon).monmap v4 apply_mon_features wait for service to be writeable -756>
2017-12-02 17:52:20.418611 7f794074f700 5 mon.c1n4@3(peon).paxos(paxos active c 1193506..1194184) is_readable = 1 - now=2017-12-02 17:52:20.418612 lease_expire=2017-12-02 17:52:25.418465 has v0 lc 1194184 -755>
2017-12-02 17:52:22.417330 7f793c747700 5 -- 10.1.80.4:6789/0 >> 10.1.80.1:6789/0 conn(0x55cf1fade000 :-1 s=STATE_OPEN_MESSAGE_READ_FOOTER_AND_DISPATCH pgs=851208 cs=1 l=0). rx mon.0 seq 1526133534 0x55cf201a9a00 paxos(begin lc 1194184 fc 0 pn 21200 opn 0) v4 -754>
2017-12-02 17:52:22.417485 7f794074f700 1 -- 10.1.80.4:6789/0 <== mon.0 10.1.80.1:6789/0 1526133534 ==== paxos(begin lc 1194184 fc 0 pn 21200 opn 0) v4 ==== 2566+0+0 (1393201220 0 0) 0x55cf201a9a00 con 0x55cf1fade000 -753>
2017-12-02 17:52:22.418130 7f794074f700 1 -- 10.1.80.4:6789/0 --> 10.1.80.1:6789/0 -- paxos(accept lc 1194184 fc 0 pn 21200 opn 0) v4 -- 0x55cf201a9d40 con 0 -752>
2017-12-02 17:52:22.419108 7f793c747700 5 -- 10.1.80.4:6789/0 >> 10.1.80.1:6789/0 conn(0x55cf1fade000 :-1 s=STATE_OPEN_MESSAGE_READ_FOOTER_AND_DISPATCH pgs=851208 cs=1 l=0). rx mon.0 seq 1526133535 0x55cf201a9d40 paxos(commit lc 1194185 fc 0 pn 21200 opn 0) v4 -751>
2017-12-02 17:52:22.419230 7f794074f700 1 -- 10.1.80.4:6789/0 <== mon.0 10.1.80.1:6789/0 1526133535 ==== paxos(commit lc 1194185 fc 0 pn 21200 opn 0) v4 ==== 2566+0+0 (3972291456 0 0) 0x55cf201a9d40 con 0x55cf1fade000 -750>
2017-12-02 17:52:22.419311 7f793c747700 5 -- 10.1.80.4:6789/0 >> 10.1.80.1:6789/0 conn(0x55cf1fade000 :-1 s=STATE_OPEN_MESSAGE_READ_FOOTER_AND_DISPATCH pgs=851208 cs=1 l=0). rx mon.0 seq 1526133536 0x55cf201aa080 paxos(lease lc 1194185 fc 1193506 pn 0 opn 0) v4 -749>
2017-12-02 17:52:22.419855 7f794074f700 4 mgrc handle_mgr_map Got map version 219 -748>
2017-12-02 17:52:22.419865 7f794074f700 4 mgrc handle_mgr_map Active mgr is now 10.1.80.3:6832/18816 -747>
2017-12-02 17:52:22.420014 7f794074f700 1 -- 10.1.80.4:6789/0 <== mon.0 10.1.80.1:6789/0 1526133536 ==== paxos(lease lc 1194185 fc 1193506 pn 0 opn 0) v4 ==== 84+0+0 (2895176597 0 0) 0x55cf201aa080 con 0x55cf1fade000 -746>
2017-12-02 17:52:22.420036 7f794074f700 1 -- 10.1.80.4:6789/0 --> 10.1.80.1:6789/0 -- paxos(lease_ack lc 1194185 fc 1193506 pn 0 opn 0) v4 -- 0x55cf201a9d40 con 0 -745>
2017-12-02 17:52:22.420055 7f794074f700 5 mon.c1n4@3(peon).monmap v4 apply_mon_features wait for service to be writeable -744>
2017-12-02 17:52:22.420080 7f794074f700 5 mon.c1n4@3(peon).paxos(paxos active c 1193506..1194185) is_readable = 1 - now=2017-12-02 17:52:22.420080 lease_expire=2017-12-02 17:52:27.419646 has v0 lc 1194185 -743>
2017-12-02 17:52:22.598303 7f793f74d700 1 -- 10.1.80.4:0/61378 --> 10.1.80.3:6832/18816 -- mgrreport(unknown.c1n4 +0-0 packed 1734) v4 -- 0x55cf1f54f600 con 0 -742>
2017-12-02 17:52:24.419348 7f793c747700 5 -- 10.1.80.4:6789/0 >> 10.1.80.1:6789/0 conn(0x55cf1fade000 :-1 s=STATE_OPEN_MESSAGE_READ_FOOTER_AND_DISPATCH pgs=851208 cs=1 l=0). rx mon.0 seq 1526133537 0x55cf201a9d40 paxos(begin lc 1194185 fc 0 pn 21200 opn 0) v4 -741>
2017-12-02 17:52:24.419431 7f794074f700 1 -- 10.1.80.4:6789/0 <== mon.0 10.1.80.1:6789/0 1526133537 ==== paxos(begin lc 1194185 fc 0 pn 21200 opn 0) v4 ==== 2566+0+0 (2482861625 0 0) 0x55cf201a9d40 con 0x55cf1fade000 -740>
2017-12-02 17:52:24.420007 7f794074f700 1 -- 10.1.80.4:6789/0 --> 10.1.80.1:6789/0 -- paxos(accept lc 1194185 fc 0 pn 21200 opn 0) v4 -- 0x55cf201aa080 con 0 -739>
2017-12-02 17:52:24.420901 7f793c747700 5 -- 10.1.80.4:6789/0 >> 10.1.80.1:6789/0 conn(0x55cf1fade000 :-1 s=STATE_OPEN_MESSAGE_READ_FOOTER_AND_DISPATCH pgs=851208 cs=1 l=0). rx mon.0 seq 1526133538 0x55cf201aa080 paxos(commit lc 1194186 fc 0 pn 21200 opn 0) v4 -738>
2017-12-02 17:52:24.420978 7f794074f700 1 -- 10.1.80.4:6789/0 <== mon.0 10.1.80.1:6789/0 1526133538 ==== paxos(commit lc 1194186 fc 0 pn 21200 opn 0) v4 ==== 2566+0+0 (1977852074 0 0) 0x55cf201aa080 con 0x55cf1fade000 -737>
2017-12-02 17:52:24.421088 7f793c747700 5 -- 10.1.80.4:6789/0 >> 10.1.80.1:6789/0 conn(0x55cf1fade000 :-1 s=STATE_OPEN_MESSAGE_READ_FOOTER_AND_DISPATCH pgs=851208 cs=1 l=0). rx mon.0 seq 1526133539 0x55cf201d2000 paxos(lease lc 1194186 fc 1193506 pn 0 opn 0) v4 -736>
2017-12-02 17:52:24.421586 7f794074f700 4 mgrc handle_mgr_map Got map version 219 -735>
2017-12-02 17:52:24.421594 7f794074f700 4 mgrc handle_mgr_map Active mgr is now 10.1.80.3:6832/18816 -734>
2017-12-02 17:52:24.421698 7f794074f700 1 -- 10.1.80.4:6789/0 <== mon.0 10.1.80.1:6789/0 1526133539 ==== paxos(lease lc 1194186 fc 1193506 pn 0 opn 0) v4 ==== 84+0+0 (2991307326 0 0) 0x55cf201d2000 con 0x55cf1fade000 -733>
2017-12-02 17:52:24.421714 7f794074f700 1 -- 10.1.80.4:6789/0 --> 10.1.80.1:6789/0 -- paxos(lease_ack lc 1194186 fc 1193506 pn 0 opn 0) v4 -- 0x55cf201aa080 con 0 -732>
2017-12-02 17:52:24.421730 7f794074f700 5 mon.c1n4@3(peon).monmap v4 apply_mon_features wait for service to be writeable -731>
2017-12-02 17:52:24.421752 7f794074f700 5 mon.c1n4@3(peon).paxos(paxos active c 1193506..1194186) is_readable = 1 - now=2017-12-02 17:52:24.421753 lease_expire=2017-12-02 17:52:29.421449 has v0 lc 1194186 -730>
2017-12-02 17:52:25.421645 7f793c747700 5 -- 10.1.80.4:6789/0 >> 10.1.80.1:6789/0 conn(0x55cf1fade000 :-1 s=STATE_OPEN_MESSAGE_READ_FOOTER_AND_DISPATCH pgs=851208 cs=1 l=0). rx mon.0 seq 1526133540 0x55cf201aa080 paxos(begin lc 1194186 fc 0 pn 21200 opn 0) v4 -729>
2017-12-02 17:52:25.421732 7f794074f700 1 -- 10.1.80.4:6789/0 <== mon.0 10.1.80.1:6789/0 1526133540 ==== paxos(begin lc 1194186 fc 0 pn 21200 opn 0) v4 ==== 10228+0+0 (1429811947 0 0) 0x55cf201aa080 con 0x55cf1fade000 -728>
2017-12-02 17:52:25.422306 7f794074f700 1 -- 10.1.80.4:6789/0 --> 10.1.80.1:6789/0 -- paxos(accept lc 1194186 fc 0 pn 21200 opn 0) v4 -- 0x55cf201d2000 con 0 -727>
2017-12-02 17:52:25.423177 7f793c747700 5 -- 10.1.80.4:6789/0 >> 10.1.80.1:6789/0 conn(0x55cf1fade000 :-1 s=STATE_OPEN_MESSAGE_READ_FOOTER_AND_DISPATCH pgs=851208 cs=1 l=0). rx mon.0 seq 1526133541 0x55cf201d2000 paxos(commit lc 1194187 fc 0 pn 21200 opn 0) v4 -726>
2017-12-02 17:52:25.423258 7f794074f700 1 -- 10.1.80.4:6789/0 <== mon.0 10.1.80.1:6789/0 1526133541 ==== paxos(commit lc 1194187 fc 0 pn 21200 opn 0) v4 ==== 10228+0+0 (2523146584 0 0) 0x55cf201d2000 con 0x55cf1fade000 -725>
2017-12-02 17:52:25.423431 7f793c747700 5 -- 10.1.80.4:6789/0 >> 10.1.80.1:6789/0 conn(0x55cf1fade000 :-1 s=STATE_OPEN_MESSAGE_READ_FOOTER_AND_DISPATCH pgs=851208 cs=1 l=0). rx mon.0 seq 1526133542 0x55cf201d2340 paxos(lease lc 1194187 fc 1193506 pn 0 opn 0) v4 -724>
2017-12-02 17:52:25.423922 7f794074f700 4 mgrc handle_mgr_map Got map version 219 -723>
2017-12-02 17:52:25.423928 7f794074f700 4 mgrc handle_mgr_map Active mgr is now 10.1.80.3:6832/18816 -722>
2017-12-02 17:52:25.424039 7f794074f700 1 -- 10.1.80.4:6789/0 <== mon.0 10.1.80.1:6789/0 1526133542 ==== paxos(lease lc 1194187 fc 1193506 pn 0 opn 0) v4 ==== 84+0+0 (2448625767 0 0) 0x55cf201d2340 con 0x55cf1fade000 -721>
2017-12-02 17:52:25.424055 7f794074f700 1 -- 10.1.80.4:6789/0 --> 10.1.80.1:6789/0 -- paxos(lease_ack lc 1194187 fc 1193506 pn 0 opn 0) v4 -- 0x55cf201d2000 con 0 -720>
2017-12-02 17:52:25.424071 7f794074f700 5 mon.c1n4@3(peon).monmap v4 apply_mon_features wait for service to be writeable -719>
2017-12-02 17:52:25.424076 7f794074f700 5 mon.c1n4@3(peon).paxos(paxos active c 1193506..1194187) is_readable = 1 - now=2017-12-02 17:52:25.424077 lease_expire=2017-12-02 17:52:30.423808 has v0 lc 1194187 -718>
2017-12-02 17:52:26.424071 7f793c747700 5 -- 10.1.80.4:6789/0 >> 10.1.80.1:6789/0 conn(0x55cf1fade000 :-1 s=STATE_OPEN_MESSAGE_READ_FOOTER_AND_DISPATCH pgs=851208 cs=1 l=0). rx mon.0 seq 1526133543 0x55cf201d2000 paxos(begin lc 1194187 fc 0 pn 21200 opn 0) v4 -717>
2017-12-02 17:52:26.424171 7f794074f700 1 -- 10.1.80.4:6789/0 <== mon.0 10.1.80.1:6789/0 1526133543 ==== paxos(begin lc 1194187 fc 0 pn 21200 opn 0) v4 ==== 2562+0+0 (3870854818 0 0) 0x55cf201d2000 con 0x55cf1fade000 -716>
2017-12-02 17:52:26.424657 7f794074f700 1 -- 10.1.80.4:6789/0 --> 10.1.80.1:6789/0 -- paxos(accept lc 1194187 fc 0 pn 21200 opn 0) v4 -- 0x55cf201d2340 con 0 -715>
2017-12-02 17:52:26.425561 7f793c747700 5 -- 10.1.80.4:6789/0 >> 10.1.80.1:6789/0 conn(0x55cf1fade000 :-1 s=STATE_OPEN_MESSAGE_READ_FOOTER_AND_DISPATCH pgs=851208 cs=1 l=0). rx mon.0 seq 1526133544 0x55cf201d2340 paxos(commit lc 1194188 fc 0 pn 21200 opn 0) v4 -714>
2017-12-02 17:52:26.425655 7f794074f700 1 -- 10.1.80.4:6789/0 <== mon.0 10.1.80.1:6789/0 1526133544 ==== paxos(commit lc 1194188 fc 0 pn 21200 opn 0) v4 ==== 2562+0+0 (877360045 0 0) 0x55cf201d2340 con 0x55cf1fade000 -713>
2017-12-02 17:52:26.425771 7f793c747700 5 -- 10.1.80.4:6789/0 >> 10.1.80.1:6789/0 conn(0x55cf1fade000 :-1 s=STATE_OPEN_MESSAGE_READ_FOOTER_AND_DISPATCH pgs=851208 cs=1 l=0). rx mon.0 seq 1526133545 0x55cf201d2680 paxos(lease lc 1194188 fc 1193506 pn 0 opn 0) v4 -712>
2017-12-02 17:52:26.426278 7f794074f700 4 mgrc handle_mgr_map Got map version 219 -711>
2017-12-02 17:52:26.426285 7f794074f700 4 mgrc handle_mgr_map Active mgr is now 10.1.80.3:6832/18816 -710>
2017-12-02 17:52:26.426406 7f794074f700 1 -- 10.1.80.4:6789/0 <== mon.0 10.1.80.1:6789/0 1526133545 ==== paxos(lease lc 1194188 fc 1193506 pn 0 opn 0) v4 ==== 84+0+0 (4280222215 0 0) 0x55cf201d2680 con 0x55cf1fade000 -709>
2017-12-02 17:52:26.426431 7f794074f700 1 -- 10.1.80.4:6789/0 --> 10.1.80.1:6789/0 -- paxos(lease_ack lc 1194188 fc 1193506 pn 0 opn 0) v4 -- 0x55cf201d2340 con 0 -708>
2017-12-02 17:52:26.426446 7f794074f700 5 mon.c1n4@3(peon).monmap v4 apply_mon_features wait for service to be writeable -707>
2017-12-02 17:52:26.426468 7f794074f700 5 mon.c1n4@3(peon).paxos(paxos active c 1193506..1194188) is_readable = 1 - now=2017-12-02 17:52:26.426468 lease_expire=2017-12-02 17:52:31.426127 has v0 lc 1194188 -706>
2017-12-02 17:52:27.598711 7f793f74d700 1 -- 10.1.80.4:0/61378 --> 10.1.80.3:6832/18816 -- mgrreport(unknown.c1n4 +0-0 packed 1734) v4 -- 0x55cf1f54ea00 con 0 -705>
2017-12-02 17:52:28.421672 7f793c747700 5 -- 10.1.80.4:6789/0 >> 10.1.80.1:6789/0 conn(0x55cf1fade000 :-1 s=STATE_OPEN_MESSAGE_READ_FOOTER_AND_DISPATCH pgs=851208 cs=1 l=0). rx mon.0 seq 1526133546 0x55cf201d2340 paxos(begin lc 1194188 fc 0 pn 21200 opn 0) v4 -704>
2017-12-02 17:52:28.421769 7f794074f700 1 -- 10.1.80.4:6789/0 <== mon.0 10.1.80.1:6789/0 1526133546 ==== paxos(begin lc 1194188 fc 0 pn 21200 opn 0) v4 ==== 2562+0+0 (401634451 0 0) 0x55cf201d2340 con 0x55cf1fade000 -703>
2017-12-02 17:52:28.422345 7f794074f700 1 -- 10.1.80.4:6789/0 --> 10.1.80.1:6789/0 -- paxos(accept lc 1194188 fc 0 pn 21200 opn 0) v4 -- 0x55cf201d2680 con 0 -702>
2017-12-02 17:52:28.423267 7f793c747700 5 -- 10.1.80.4:6789/0 >> 10.1.80.1:6789/0 conn(0x55cf1fade000 :-1 s=STATE_OPEN_MESSAGE_READ_FOOTER_AND_DISPATCH pgs=851208 cs=1 l=0). rx mon.0 seq 1526133547 0x55cf201d2680 paxos(commit lc 1194189 fc 0 pn 21200 opn 0) v4 -701>
2017-12-02 17:52:28.423343 7f794074f700 1 -- 10.1.80.4:6789/0 <== mon.0 10.1.80.1:6789/0 1526133547 ==== paxos(commit lc 1194189 fc 0 pn 21200 opn 0) v4 ==== 2562+0+0 (621694760 0 0) 0x55cf201d2680 con 0x55cf1fade000 -700>
2017-12-02 17:52:28.423444 7f793c747700 5 -- 10.1.80.4:6789/0 >> 10.1.80.1:6789/0 conn(0x55cf1fade000 :-1 s=STATE_OPEN_MESSAGE_READ_FOOTER_AND_DISPATCH pgs=851208 cs=1 l=0). rx mon.0 seq 1526133548 0x55cf201d29c0 paxos(lease lc 1194189 fc 1193506 pn 0 opn 0) v4 -699>
2017-12-02 17:52:28.423965 7f794074f700 4 mgrc handle_mgr_map Got map version 219 -698>
2017-12-02 17:52:28.423973 7f794074f700 4 mgrc handle_mgr_map Active mgr is now 10.1.80.3:6832/18816 -697>
2017-12-02 17:52:28.424095 7f794074f700 1 -- 10.1.80.4:6789/0 <== mon.0 10.1.80.1:6789/0 1526133548 ==== paxos(lease lc 1194189 fc 1193506 pn 0 opn 0) v4 ==== 84+0+0 (2432333739 0 0) 0x55cf201d29c0 con 0x55cf1fade000 -696>
2017-12-02 17:52:28.424112 7f794074f700 1 -- 10.1.80.4:6789/0 --> 10.1.80.1:6789/0 -- paxos(lease_ack lc 1194189 fc 1193506 pn 0 opn 0) v4 -- 0x55cf201d2680 con 0 -695>
2017-12-02 17:52:28.424127 7f794074f700 5 mon.c1n4@3(peon).monmap v4 apply_mon_features wait for service to be writeable -694>
2017-12-02 17:52:28.424132 7f794074f700 5 mon.c1n4@3(peon).paxos(paxos active c 1193506..1194189) is_readable = 1 - now=2017-12-02 17:52:28.424132 lease_expire=2017-12-02 17:52:33.423782 has v0 lc 1194189 -693>
2017-12-02 17:52:28.562684 7f793d749700 1 -- 10.1.80.4:6789/0 >> - conn(0x55cf1fcc3000 :6789 s=STATE_ACCEPTING pgs=0 cs=0 l=0)._process_connection sd=34 - -692>
2017-12-02 17:52:28.562807 7f793d749700 2 -- 10.1.80.4:6789/0 >> 10.1.80.4:0/674317226 conn(0x55cf1fcc3000 :6789 s=STATE_ACCEPTING_WAIT_SEQ pgs=1 cs=1 l=1).handle_connect_msg accept write reply msg done -691>
2017-12-02 17:52:28.562836 7f793d749700 2 -- 10.1.80.4:6789/0 >> 10.1.80.4:0/674317226 conn(0x55cf1fcc3000 :6789 s=STATE_ACCEPTING_WAIT_SEQ pgs=1 cs=1 l=1)._process_connection accept get newly_acked_seq 0 -690>
2017-12-02 17:52:28.562920 7f793d749700 5 -- 10.1.80.4:6789/0 >> 10.1.80.4:0/674317226 conn(0x55cf1fcc3000 :6789 s=STATE_OPEN_MESSAGE_READ_FOOTER_AND_DISPATCH pgs=1 cs=1 l=1). rx client.? seq 1 0x55cf1fbf6f80 auth(proto 0 30 bytes epoch 0) v1 -689>
2017-12-02 17:52:28.562966 7f794074f700 1 -- 10.1.80.4:6789/0 <== client.? 10.1.80.4:0/674317226 1 ==== auth(proto 0 30 bytes epoch 0) v1 ==== 60+0+0 (673663173 0 0) 0x55cf1fbf6f80 con 0x55cf1fcc3000 -688>
2017-12-02 17:52:28.563011 7f794074f700 5 mon.c1n4@3(peon).paxos(paxos active c 1193506..1194189) is_readable = 1 - now=2017-12-02 17:52:28.563012 lease_expire=2017-12-02 17:52:33.423782 has v0 lc 1194189 -687>
2017-12-02 17:52:28.563048 7f794074f700 1 -- 10.1.80.4:6789/0 --> 10.1.80.4:0/674317226 -- mon_map magic: 0 v1 -- 0x55cf1f740300 con 0 -686>
2017-12-02 17:52:28.563079 7f794074f700 2 mon.c1n4@3(peon) e4 send_reply 0x55cf1fd0e780 0x55cf1fbf6a80 auth_reply(proto 2 0 (0) Success) v1 -685>
2017-12-02 17:52:28.563089 7f794074f700 1 -- 10.1.80.4:6789/0 --> 10.1.80.4:0/674317226 -- auth_reply(proto 2 0 (0) Success) v1 -- 0x55cf1fbf6a80 con 0 -684>
2017-12-02 17:52:28.563510 7f793d749700 5 -- 10.1.80.4:6789/0 >> 10.1.80.4:0/674317226 conn(0x55cf1fcc3000 :6789 s=STATE_OPEN_MESSAGE_READ_FOOTER_AND_DISPATCH pgs=1 cs=1 l=1). rx client.? seq 2 0x55cf1fbf6a80 auth(proto 2 32 bytes epoch 0) v1 -683>
2017-12-02 17:52:28.563534 7f794074f700 1 -- 10.1.80.4:6789/0 <== client.? 10.1.80.4:0/674317226 2 ==== auth(proto 2 32 bytes epoch 0) v1 ==== 62+0+0 (2075993135 0 0) 0x55cf1fbf6a80 con 0x55cf1fcc3000 -682>
2017-12-02 17:52:28.563541 7f794074f700 5 mon.c1n4@3(peon).paxos(paxos active c 1193506..1194189) is_readable = 1 - now=2017-12-02 17:52:28.563542 lease_expire=2017-12-02 17:52:33.423782 has v0 lc 1194189 -681>
2017-12-02 17:52:28.563660 7f794074f700 2 mon.c1n4@3(peon) e4 send_reply 0x55cf1fd0e780 0x55cf1fbf6f80 auth_reply(proto 2 0 (0) Success) v1 -680>
2017-12-02 17:52:28.563669 7f794074f700 1 -- 10.1.80.4:6789/0 --> 10.1.80.4:0/674317226 -- auth_reply(proto 2 0 (0) Success) v1 -- 0x55cf1fbf6f80 con 0 -679>
2017-12-02 17:52:28.563864 7f793d749700 5 -- 10.1.80.4:6789/0 >> 10.1.80.4:0/674317226 conn(0x55cf1fcc3000 :6789 s=STATE_OPEN_MESSAGE_READ_FOOTER_AND_DISPATCH pgs=1 cs=1 l=1). rx client.? seq 3 0x55cf1fbf6f80 auth(proto 2 165 bytes epoch 0) v1 -678>
2017-12-02 17:52:28.563882 7f794074f700 1 -- 10.1.80.4:6789/0 <== client.? 10.1.80.4:0/674317226 3 ==== auth(proto 2 165 bytes epoch 0) v1 ==== 195+0+0 (2108772576 0 0) 0x55cf1fbf6f80 con 0x55cf1fcc3000 -677>
2017-12-02 17:52:28.563892 7f794074f700 5 mon.c1n4@3(peon).paxos(paxos active c 1193506..1194189) is_readable = 1 - now=2017-12-02 17:52:28.563892 lease_expire=2017-12-02 17:52:33.423782 has v0 lc 1194189 -676>
2017-12-02 17:52:28.564020 7f794074f700 2 mon.c1n4@3(peon) e4 send_reply 0x55cf1fd0e780 0x55cf1fbf6a80 auth_reply(proto 2 0 (0) Success) v1 -675>
2017-12-02 17:52:28.564028 7f794074f700 1 -- 10.1.80.4:6789/0 --> 10.1.80.4:0/674317226 -- auth_reply(proto 2 0 (0) Success) v1 -- 0x55cf1fbf6a80 con 0 -674>
2017-12-02 17:52:28.564250 7f793d749700 5 -- 10.1.80.4:6789/0 >> 10.1.80.4:0/674317226 conn(0x55cf1fcc3000 :6789 s=STATE_OPEN_MESSAGE_READ_FOOTER_AND_DISPATCH pgs=1 cs=1 l=1). rx client.? seq 4 0x55cf1f4bf840 mon_subscribe({monmap=0+}) v2 -673>
2017-12-02 17:52:28.564276 7f794074f700 1 -- 10.1.80.4:6789/0 <== client.? 10.1.80.4:0/674317226 4 ==== mon_subscribe({monmap=0+}) v2 ==== 23+0+0 (1620593354 0 0) 0x55cf1f4bf840 con 0x55cf1fcc3000 -672>
2017-12-02 17:52:28.564295 7f793d749700 5 -- 10.1.80.4:6789/0 >> 10.1.80.4:0/674317226 conn(0x55cf1fcc3000 :6789 s=STATE_OPEN_MESSAGE_READ_FOOTER_AND_DISPATCH pgs=1 cs=1 l=1). rx client.8094239 seq 5 0x55cf1f4bfcc0 mon_subscribe({mgrmap=0+}) v2 -671>
2017-12-02 17:52:28.564311 7f794074f700 1 -- 10.1.80.4:6789/0 --> 10.1.80.4:0/674317226 -- mon_map magic: 0 v1 -- 0x55cf1fbf6f80 con 0 -670>
2017-12-02 17:52:28.564337 7f794074f700 1 -- 10.1.80.4:6789/0 <== client.8094239 10.1.80.4:0/674317226 5 ==== mon_subscribe({mgrmap=0+}) v2 ==== 23+0+0 (2287485974 0 0) 0x55cf1f4bfcc0 con 0x55cf1fcc3000 -669>
2017-12-02 17:52:28.564357 7f794074f700 1 -- 10.1.80.4:6789/0 --> 10.1.80.4:0/674317226 -- mgrmap(e 219) v1 -- 0x55cf1f54d200 con 0 -668>
2017-12-02 17:52:28.564400 7f793d749700 5 -- 10.1.80.4:6789/0 >> 10.1.80.4:0/674317226 conn(0x55cf1fcc3000 :6789 s=STATE_OPEN_MESSAGE_READ_FOOTER_AND_DISPATCH pgs=1 cs=1 l=1). rx client.8094239 seq 6 0x55cf201f2000 mon_subscribe({osdmap=0}) v2 -667>
2017-12-02 17:52:28.564432 7f794074f700 1 -- 10.1.80.4:6789/0 <== client.8094239 10.1.80.4:0/674317226 6 ==== mon_subscribe({osdmap=0}) v2 ==== 23+0+0 (319581110 0 0) 0x55cf201f2000 con 0x55cf1fcc3000 -666>
2017-12-02 17:52:28.564454 7f794074f700 1 -- 10.1.80.4:6789/0 --> 10.1.80.4:0/674317226 -- osd_map(2982..2982 src has 2466..2982) v3 -- 0x55cf1fbf6800 con 0 -665>
2017-12-02 17:52:28.564896 7f793d749700 5 -- 10.1.80.4:6789/0 >> 10.1.80.4:0/674317226 conn(0x55cf1fcc3000 :6789 s=STATE_OPEN_MESSAGE_READ_FOOTER_AND_DISPATCH pgs=1 cs=1 l=1). rx client.8094239 seq 7 0x55cf1f4bdf80 getpoolstats(1 ceph v0) v1 -664>
2017-12-02 17:52:28.564922 7f794074f700 1 -- 10.1.80.4:6789/0 <== client.8094239 10.1.80.4:0/674317226 7 ==== getpoolstats(1 ceph v0) v1 ==== 46+0+0 (2788013228 0 0) 0x55cf1f4bdf80 con 0x55cf1fcc3000 -663>
2017-12-02 17:52:28.564933 7f794074f700 5 mon.c1n4@3(peon).paxos(paxos active c 1193506..1194189) is_readable = 1 - now=2017-12-02 17:52:28.564934 lease_expire=2017-12-02 17:52:33.423782 has v0 lc 1194189 -662>
2017-12-02 17:52:28.564950 7f794074f700 2 mon.c1n4@3(peon) e4 send_reply 0x55cf1fd0e780 0x55cf1fbf4a00 getpoolstatsreply(1 v946110) v1 -661>
2017-12-02 17:52:28.564954 7f794074f700 1 -- 10.1.80.4:6789/0 --> 10.1.80.4:0/674317226 -- getpoolstatsreply(1 v946110) v1 -- 0x55cf1fbf4a00 con 0 -660>
2017-12-02 17:52:28.565152 7f793d749700 5 -- 10.1.80.4:6789/0 >> 10.1.80.4:0/674317226 conn(0x55cf1fcc3000 :6789 s=STATE_OPEN_MESSAGE_READ_FOOTER_AND_DISPATCH pgs=1 cs=1 l=1). rx client.8094239 seq 8 0x55cf1f4bf3c0 statfs(2 pool -1 v946110) v2 -659>
2017-12-02 17:52:28.565176 7f794074f700 1 -- 10.1.80.4:6789/0 <== client.8094239 10.1.80.4:0/674317226 8 ==== statfs(2 pool -1 v946110) v2 ==== 35+0+0 (72809217 0 0) 0x55cf1f4bf3c0 con 0x55cf1fcc3000 -658>
2017-12-02 17:52:28.565188 7f794074f700 5 mon.c1n4@3(peon).paxos(paxos active c 1193506..1194189) is_readable = 1 - now=2017-12-02 17:52:28.565188 lease_expire=2017-12-02 17:52:33.423782 has v0 lc 1194189 -657>
2017-12-02 17:52:28.565199 7f794074f700 2 mon.c1n4@3(peon) e4 send_reply 0x55cf1fd0e780 0x55cf1f4bdf80 statfs_reply(2) v1 -656>
2017-12-02 17:52:28.565204 7f794074f700 1 -- 10.1.80.4:6789/0 --> 10.1.80.4:0/674317226 -- statfs_reply(2) v1 -- 0x55cf1f4bdf80 con 0 -655>
2017-12-02 17:52:28.565535 7f793d749700 1 -- 10.1.80.4:6789/0 >> 10.1.80.4:0/674317226 conn(0x55cf1fcc3000 :6789 s=STATE_OPEN pgs=1 cs=1 l=1).read_bulk peer close file descriptor 34 -654>
2017-12-02 17:52:28.565545 7f793d749700 1 -- 10.1.80.4:6789/0 >> 10.1.80.4:0/674317226 conn(0x55cf1fcc3000 :6789 s=STATE_OPEN pgs=1 cs=1 l=1).read_until read failed -653>
2017-12-02 17:52:28.565549 7f793d749700 1 -- 10.1.80.4:6789/0 >> 10.1.80.4:0/674317226 conn(0x55cf1fcc3000 :6789 s=STATE_OPEN pgs=1 cs=1 l=1).process read tag failed -652>
2017-12-02 17:52:28.565555 7f793d749700 1 -- 10.1.80.4:6789/0 >> 10.1.80.4:0/674317226 conn(0x55cf1fcc3000 :6789 s=STATE_OPEN pgs=1 cs=1 l=1).fault on lossy channel, failing -651>
2017-12-02 17:52:28.565560 7f793d749700 2 -- 10.1.80.4:6789/0 >> 10.1.80.4:0/674317226 conn(0x55cf1fcc3000 :6789 s=STATE_OPEN pgs=1 cs=1 l=1)._stop -650>
2017-12-02 17:52:28.619524 7f793d749700 1 -- 10.1.80.4:6789/0 >> - conn(0x55cf1fcc1800 :6789 s=STATE_ACCEPTING pgs=0 cs=0 l=0)._process_connection sd=34 - -649>
2017-12-02 17:52:28.619693 7f793d749700 2 -- 10.1.80.4:6789/0 >> 10.1.80.3:0/162903020 conn(0x55cf1fcc1800 :6789 s=STATE_ACCEPTING_WAIT_SEQ pgs=1 cs=1 l=1).handle_connect_msg accept write reply msg done -648>
2017-12-02 17:52:28.619762 7f793d749700 2 -- 10.1.80.4:6789/0 >> 10.1.80.3:0/162903020 conn(0x55cf1fcc1800 :6789 s=STATE_ACCEPTING_WAIT_SEQ pgs=1 cs=1 l=1)._process_connection accept get newly_acked_seq 0 -647>
2017-12-02 17:52:28.619819 7f793d749700 5 -- 10.1.80.4:6789/0 >> 10.1.80.3:0/162903020 conn(0x55cf1fcc1800 :6789 s=STATE_OPEN_MESSAGE_READ_FOOTER_AND_DISPATCH pgs=1 cs=1 l=1). rx client.? seq 1 0x55cf1fbf4a00 auth(proto 0 30 bytes epoch 0) v1 -646>
2017-12-02 17:52:28.619886 7f794074f700 1 -- 10.1.80.4:6789/0 <== client.? 10.1.80.3:0/162903020 1 ==== auth(proto 0 30 bytes epoch 0) v1 ==== 60+0+0 (673663173 0 0) 0x55cf1fbf4a00 con 0x55cf1fcc1800 -645>
2017-12-02 17:52:28.619904 7f794074f700 5 mon.c1n4@3(peon).paxos(paxos active c 1193506..1194189) is_readable = 1 - now=2017-12-02 17:52:28.619905 lease_expire=2017-12-02 17:52:33.423782 has v0 lc 1194189 -644>
2017-12-02 17:52:28.619931 7f794074f700 1 -- 10.1.80.4:6789/0 --> 10.1.80.3:0/162903020 -- mon_map magic: 0 v1 -- 0x55cf1fbf5b80 con 0 -643>
2017-12-02 17:52:28.619986 7f794074f700 2 mon.c1n4@3(peon) e4 send_reply 0x55cf1fd0e780 0x55cf1f741980 auth_reply(proto 2 0 (0) Success) v1 -642>
2017-12-02 17:52:28.619994 7f794074f700 1 -- 10.1.80.4:6789/0 --> 10.1.80.3:0/162903020 -- auth_reply(proto 2 0 (0) Success) v1 -- 0x55cf1f741980 con 0 -641>
2017-12-02 17:52:28.620236 7f793d749700 5 -- 10.1.80.4:6789/0 >> 10.1.80.3:0/162903020 conn(0x55cf1fcc1800 :6789 s=STATE_OPEN_MESSAGE_READ_FOOTER_AND_DISPATCH pgs=1 cs=1 l=1). rx client.? seq 2 0x55cf1f741980 auth(proto 2 32 bytes epoch 0) v1 -640>
2017-12-02 17:52:28.620292 7f794074f700 1 -- 10.1.80.4:6789/0 <== client.? 10.1.80.3:0/162903020 2 ==== auth(proto 2 32 bytes epoch 0) v1 ==== 62+0+0 (3528816408 0 0) 0x55cf1f741980 con 0x55cf1fcc1800 -639>
2017-12-02 17:52:28.620302 7f794074f700 5 mon.c1n4@3(peon).paxos(paxos active c 1193506..1194189) is_readable = 1 - now=2017-12-02 17:52:28.620303 lease_expire=2017-12-02 17:52:33.423782 has v0 lc 1194189 -638>
2017-12-02 17:52:28.620394 7f794074f700 2 mon.c1n4@3(peon) e4 send_reply 0x55cf1fd0e780 0x55cf1fbf4a00 auth_reply(proto 2 0 (0) Success) v1 -637>
2017-12-02 17:52:28.620402 7f794074f700 1 -- 10.1.80.4:6789/0 --> 10.1.80.3:0/162903020 -- auth_reply(proto 2 0 (0) Success) v1 -- 0x55cf1fbf4a00 con 0 -636>
2017-12-02 17:52:28.620626 7f793d749700 5 -- 10.1.80.4:6789/0 >> 10.1.80.3:0/162903020 conn(0x55cf1fcc1800 :6789 s=STATE_OPEN_MESSAGE_READ_FOOTER_AND_DISPATCH pgs=1 cs=1 l=1). rx client.? seq 3 0x55cf1fbf4a00 auth(proto 2 165 bytes epoch 0) v1 -635>
2017-12-02 17:52:28.620650 7f794074f700 1 -- 10.1.80.4:6789/0 <== client.? 10.1.80.3:0/162903020 3 ==== auth(proto 2 165 bytes epoch 0) v1 ==== 195+0+0 (4022198428 0 0) 0x55cf1fbf4a00 con 0x55cf1fcc1800 -634>
2017-12-02 17:52:28.620659 7f794074f700 5 mon.c1n4@3(peon).paxos(paxos active c 1193506..1194189) is_readable = 1 - now=2017-12-02 17:52:28.620659 lease_expire=2017-12-02 17:52:33.423782 has v0 lc 1194189 -633>
2017-12-02 17:52:28.620796 7f794074f700 2 mon.c1n4@3(peon) e4 send_reply 0x55cf1fd0e780 0x55cf1f741980 auth_reply(proto 2 0 (0) Success) v1 -632>
2017-12-02 17:52:28.620805 7f794074f700 1 -- 10.1.80.4:6789/0 --> 10.1.80.3:0/162903020 -- auth_reply(proto 2 0 (0) Success) v1 -- 0x55cf1f741980 con 0 -631>
2017-12-02 17:52:28.620797 7f793d749700 1 -- 10.1.80.4:6789/0 >> 10.1.80.3:0/162903020 conn(0x55cf1fcc1800 :6789 s=STATE_OPEN pgs=1 cs=1 l=1).read_bulk peer close file descriptor 34 -630>
2017-12-02 17:52:28.620824 7f793d749700 1 -- 10.1.80.4:6789/0 >> 10.1.80.3:0/162903020 conn(0x55cf1fcc1800 :6789 s=STATE_OPEN pgs=1 cs=1 l=1).read_until read failed -629>
2017-12-02 17:52:28.620838 7f793d749700 1 -- 10.1.80.4:6789/0 >> 10.1.80.3:0/162903020 conn(0x55cf1fcc1800 :6789 s=STATE_OPEN pgs=1 cs=1 l=1).process read tag failed -628>
2017-12-02 17:52:28.620849 7f793d749700 1 -- 10.1.80.4:6789/0 >> 10.1.80.3:0/162903020 conn(0x55cf1fcc1800 :6789 s=STATE_OPEN pgs=1 cs=1 l=1).fault on lossy channel, failing -627>
2017-12-02 17:52:28.620858 7f793d749700 2 -- 10.1.80.4:6789/0 >> 10.1.80.3:0/162903020 conn(0x55cf1fcc1800 :6789 s=STATE_OPEN pgs=1 cs=1 l=1)._stop -626>
2017-12-02 17:52:30.424116 7f793c747700 5 -- 10.1.80.4:6789/0 >> 10.1.80.1:6789/0 conn(0x55cf1fade000 :-1 s=STATE_OPEN_MESSAGE_READ_FOOTER_AND_DISPATCH pgs=851208 cs=1 l=0). rx mon.0 seq 1526133549 0x55cf201d2680 paxos(begin lc 1194189 fc 0 pn 21200 opn 0) v4 -625>
2017-12-02 17:52:30.424213 7f794074f700 1 -- 10.1.80.4:6789/0 <== mon.0 10.1.80.1:6789/0 1526133549 ==== paxos(begin lc 1194189 fc 0 pn 21200 opn 0) v4 ==== 2562+0+0 (1280770881 0 0) 0x55cf201d2680 con 0x55cf1fade000 -624>
2017-12-02 17:52:30.424826 7f794074f700 1 -- 10.1.80.4:6789/0 --> 10.1.80.1:6789/0 -- paxos(accept lc 1194189 fc 0 pn 21200 opn 0) v4 -- 0x55cf201d29c0 con 0 -623>
2017-12-02 17:52:30.425752 7f793c747700 5 -- 10.1.80.4:6789/0 >> 10.1.80.1:6789/0 conn(0x55cf1fade000 :-1 s=STATE_OPEN_MESSAGE_READ_FOOTER_AND_DISPATCH pgs=851208 cs=1 l=0). rx mon.0 seq 1526133550 0x55cf201d29c0 paxos(commit lc 1194190 fc 0 pn 21200 opn 0) v4 -622>
2017-12-02 17:52:30.425787 7f794074f700 1 -- 10.1.80.4:6789/0 <== mon.0 10.1.80.1:6789/0 1526133550 ==== paxos(commit lc 1194190 fc 0 pn 21200 opn 0) v4 ==== 2562+0+0 (4266093380 0 0) 0x55cf201d29c0 con 0x55cf1fade000 -621>
2017-12-02 17:52:30.425961 7f793c747700 5 -- 10.1.80.4:6789/0 >> 10.1.80.1:6789/0 conn(0x55cf1fade000 :-1 s=STATE_OPEN_MESSAGE_READ_FOOTER_AND_DISPATCH pgs=851208 cs=1 l=0). rx mon.0 seq 1526133551 0x55cf201d2d00 paxos(lease lc 1194190 fc 1193506 pn 0 opn 0) v4 -620>
2017-12-02 17:52:30.426341 7f794074f700 4 mgrc handle_mgr_map Got map version 219 -619>
2017-12-02 17:52:30.426349 7f794074f700 4 mgrc handle_mgr_map Active mgr is now 10.1.80.3:6832/18816 -618>
2017-12-02 17:52:30.426473 7f794074f700 1 -- 10.1.80.4:6789/0 <== mon.0 10.1.80.1:6789/0 1526133551 ==== paxos(lease lc 1194190 fc 1193506 pn 0 opn 0) v4 ==== 84+0+0 (511684090 0 0) 0x55cf201d2d00 con 0x55cf1fade000 -617>
2017-12-02 17:52:30.426489 7f794074f700 1 -- 10.1.80.4:6789/0 --> 10.1.80.1:6789/0 -- paxos(lease_ack lc 1194190 fc 1193506 pn 0 opn 0) v4 -- 0x55cf201d29c0 con 0 -616>
2017-12-02 17:52:30.426504 7f794074f700 5 mon.c1n4@3(peon).monmap v4 apply_mon_features wait for service to be writeable -615>
2017-12-02 17:52:30.426508 7f794074f700 5 mon.c1n4@3(peon).paxos(paxos active c 1193506..1194190) is_readable = 1 - now=2017-12-02 17:52:30.426509 lease_expire=2017-12-02 17:52:35.426316 has v0 lc 1194190 -614>
2017-12-02 17:52:31.140676 7f793d749700 1 -- 10.1.80.4:6789/0 >> - conn(0x55cf1fb7c800 :6789 s=STATE_ACCEPTING pgs=0 cs=0 l=0)._process_connection sd=34 - -613>
2017-12-02 17:52:31.140845 7f793d749700 2 -- 10.1.80.4:6789/0 >> 10.1.80.1:0/2058741979 conn(0x55cf1fb7c800 :6789 s=STATE_ACCEPTING_WAIT_SEQ pgs=1 cs=1 l=1).handle_connect_msg accept write reply msg done -612>
2017-12-02 17:52:31.140903 7f793d749700 2 -- 10.1.80.4:6789/0 >> 10.1.80.1:0/2058741979 conn(0x55cf1fb7c800 :6789 s=STATE_ACCEPTING_WAIT_SEQ pgs=1 cs=1 l=1)._process_connection accept get newly_acked_seq 0 -611>
2017-12-02 17:52:31.140957 7f793d749700 5 -- 10.1.80.4:6789/0 >> 10.1.80.1:0/2058741979 conn(0x55cf1fb7c800 :6789 s=STATE_OPEN_MESSAGE_READ_FOOTER_AND_DISPATCH pgs=1 cs=1 l=1). rx client.? seq 1 0x55cf1f741980 auth(proto 0 30 bytes epoch 0) v1 -610>
2017-12-02 17:52:31.140976 7f794074f700 1 -- 10.1.80.4:6789/0 <== client.? 10.1.80.1:0/2058741979 1 ==== auth(proto 0 30 bytes epoch 0) v1 ==== 60+0+0 (673663173 0 0) 0x55cf1f741980 con 0x55cf1fb7c800 -609>
2017-12-02 17:52:31.141000 7f794074f700 5 mon.c1n4@3(peon).paxos(paxos active c 1193506..1194190) is_readable = 1 - now=2017-12-02 17:52:31.141001 lease_expire=2017-12-02 17:52:35.426316 has v0 lc 1194190 -608>
2017-12-02 17:52:31.141035 7f794074f700 1 -- 10.1.80.4:6789/0 --> 10.1.80.1:0/2058741979 -- mon_map magic: 0 v1 -- 0x55cf1fbf4a00 con 0 -607>
2017-12-02 17:52:31.141071 7f794074f700 2 mon.c1n4@3(peon) e4 send_reply 0x55cf1fd0e780 0x55cf1fbf6a80 auth_reply(proto 2 0 (0) Success) v1 -606>
2017-12-02 17:52:31.141080 7f794074f700 1 -- 10.1.80.4:6789/0 --> 10.1.80.1:0/2058741979 -- auth_reply(proto 2 0 (0) Success) v1 -- 0x55cf1fbf6a80 con 0 -605>
2017-12-02 17:52:31.141423 7f793d749700 5 -- 10.1.80.4:6789/0 >> 10.1.80.1:0/2058741979 conn(0x55cf1fb7c800 :6789 s=STATE_OPEN_MESSAGE_READ_FOOTER_AND_DISPATCH pgs=1 cs=1 l=1). rx client.? seq 2 0x55cf1fbf6a80 auth(proto 2 32 bytes epoch 0) v1 -604>
2017-12-02 17:52:31.141467 7f794074f700 1 -- 10.1.80.4:6789/0 <== client.? 10.1.80.1:0/2058741979 2 ==== auth(proto 2 32 bytes epoch 0) v1 ==== 62+0+0 (2942075018 0 0) 0x55cf1fbf6a80 con 0x55cf1fb7c800 -603>
2017-12-02 17:52:31.141484 7f794074f700 5 mon.c1n4@3(peon).paxos(paxos active c 1193506..1194190) is_readable = 1 - now=2017-12-02 17:52:31.141485 lease_expire=2017-12-02 17:52:35.426316 has v0 lc 1194190 -602>
2017-12-02 17:52:31.141619 7f794074f700 2 mon.c1n4@3(peon) e4 send_reply 0x55cf1fd0e780 0x55cf1f741980 auth_reply(proto 2 0 (0) Success) v1 -601>
2017-12-02 17:52:31.141628 7f794074f700 1 -- 10.1.80.4:6789/0 --> 10.1.80.1:0/2058741979 -- auth_reply(proto 2 0 (0) Success) v1 -- 0x55cf1f741980 con 0 -600>
2017-12-02 17:52:31.141865 7f793d749700 5 -- 10.1.80.4:6789/0 >> 10.1.80.1:0/2058741979 conn(0x55cf1fb7c800 :6789 s=STATE_OPEN_MESSAGE_READ_FOOTER_AND_DISPATCH pgs=1 cs=1 l=1). rx client.? seq 3 0x55cf1f741980 auth(proto 2 165 bytes epoch 0) v1 -599>
2017-12-02 17:52:31.141882 7f794074f700 1 -- 10.1.80.4:6789/0 <== client.? 10.1.80.1:0/2058741979 3 ==== auth(proto 2 165 bytes epoch 0) v1 ==== 195+0+0 (3549369627 0 0) 0x55cf1f741980 con 0x55cf1fb7c800 -598>
2017-12-02 17:52:31.141892 7f794074f700 5 mon.c1n4@3(peon).paxos(paxos active c 1193506..1194190) is_readable = 1 - now=2017-12-02 17:52:31.141892 lease_expire=2017-12-02 17:52:35.426316 has v0 lc 1194190 -597>
2017-12-02 17:52:31.141980 7f793d749700 1 -- 10.1.80.4:6789/0 >> 10.1.80.1:0/2058741979 conn(0x55cf1fb7c800 :6789 s=STATE_OPEN pgs=1 cs=1 l=1).read_bulk peer close file descriptor 34 -596>
2017-12-02 17:52:31.141986 7f793d749700 1 -- 10.1.80.4:6789/0 >> 10.1.80.1:0/2058741979 conn(0x55cf1fb7c800 :6789 s=STATE_OPEN pgs=1 cs=1 l=1).read_until read failed -595>
2017-12-02 17:52:31.141990 7f793d749700 1 -- 10.1.80.4:6789/0 >> 10.1.80.1:0/2058741979 conn(0x55cf1fb7c800 :6789 s=STATE_OPEN pgs=1 cs=1 l=1).process read tag failed -594>
2017-12-02 17:52:31.141995 7f793d749700 1 -- 10.1.80.4:6789/0 >> 10.1.80.1:0/2058741979 conn(0x55cf1fb7c800 :6789 s=STATE_OPEN pgs=1 cs=1 l=1).fault on lossy channel, failing -593>
2017-12-02 17:52:31.142000 7f793d749700 2 -- 10.1.80.4:6789/0 >> 10.1.80.1:0/2058741979 conn(0x55cf1fb7c800 :6789 s=STATE_OPEN pgs=1 cs=1 l=1)._stop -592>
2017-12-02 17:52:31.142022 7f794074f700 2 mon.c1n4@3(peon) e4 send_reply 0x55cf1fd0e780 0x55cf1fbf6a80 auth_reply(proto 2 0 (0) Success) v1 -591>
2017-12-02 17:52:31.142029 7f794074f700 1 -- 10.1.80.4:6789/0 --> 10.1.80.1:0/2058741979 -- auth_reply(proto 2 0 (0) Success) v1 -- 0x55cf1fbf6a80 con 0 -590>
2017-12-02 17:52:31.651451 7f793c747700 5 -- 10.1.80.4:6789/0 >> 10.1.80.1:6789/0 conn(0x55cf1fade000 :-1 s=STATE_OPEN_MESSAGE_READ_FOOTER_AND_DISPATCH pgs=851208 cs=1 l=0). rx mon.0 seq 1526133552 0x55cf1fbf5900 mon_health( service 1 op tell e 0 r 0 ) v1 -589>
2017-12-02 17:52:31.651559 7f794074f700 1 -- 10.1.80.4:6789/0 <== mon.0 10.1.80.1:6789/0 1526133552 ==== mon_health( service 1 op tell e 0 r 0 ) v1 ==== 108+0+0 (2715144411 0 0) 0x55cf1fbf5900 con 0x55cf1fade000 -588>
2017-12-02 17:52:32.348876 7f793c747700 5 -- 10.1.80.4:6789/0 >> 10.1.80.1:6789/0 conn(0x55cf1fade000 :-1 s=STATE_OPEN_MESSAGE_READ_FOOTER_AND_DISPATCH pgs=851208 cs=1 l=0). rx mon.0 seq 1526133553 0x55cf201d29c0 paxos(begin lc 1194190 fc 0 pn 21200 opn 0) v4 -587>
2017-12-02 17:52:32.348923 7f794074f700 1 -- 10.1.80.4:6789/0 <== mon.0 10.1.80.1:6789/0 1526133553 ==== paxos(begin lc 1194190 fc 0 pn 21200 opn 0) v4 ==== 10215+0+0 (1114627899 0 0) 0x55cf201d29c0 con 0x55cf1fade000 -586>
2017-12-02 17:52:32.349726 7f794074f700 1 -- 10.1.80.4:6789/0 --> 10.1.80.1:6789/0 -- paxos(accept lc 1194190 fc 0 pn 21200 opn 0) v4 -- 0x55cf201d2d00 con 0 -585>
2017-12-02 17:52:32.350773 7f793c747700 5 -- 10.1.80.4:6789/0 >> 10.1.80.1:6789/0 conn(0x55cf1fade000 :-1 s=STATE_OPEN_MESSAGE_READ_FOOTER_AND_DISPATCH pgs=851208 cs=1 l=0). rx mon.0 seq 1526133554 0x55cf201d2d00 paxos(commit lc 1194191 fc 0 pn 21200 opn 0) v4 -584>
2017-12-02 17:52:32.350841 7f794074f700 1 -- 10.1.80.4:6789/0 <== mon.0 10.1.80.1:6789/0 1526133554 ==== paxos(commit lc 1194191 fc 0 pn 21200 opn 0) v4 ==== 10215+0+0 (261022482 0 0) 0x55cf201d2d00 con 0x55cf1fade000 -583>
2017-12-02 17:52:32.351043 7f793c747700 5 -- 10.1.80.4:6789/0 >> 10.1.80.1:6789/0 conn(0x55cf1fade000 :-1 s=STATE_OPEN_MESSAGE_READ_FOOTER_AND_DISPATCH pgs=851208 cs=1 l=0). rx mon.0 seq 1526133555 0x55cf201d3040 paxos(lease lc 1194191 fc 1193506 pn 0 opn 0) v4 -582>
2017-12-02 17:52:32.351533 7f794074f700 4 mgrc handle_mgr_map Got map version 219 -581>
2017-12-02 17:52:32.351539 7f794074f700 4 mgrc handle_mgr_map Active mgr is now 10.1.80.3:6832/18816 -580>
2017-12-02 17:52:32.351657 7f794074f700 1 -- 10.1.80.4:6789/0 <== mon.0 10.1.80.1:6789/0 1526133555 ==== paxos(lease lc 1194191 fc 1193506 pn 0 opn 0) v4 ==== 84+0+0 (2906224795 0 0) 0x55cf201d3040 con 0x55cf1fade000 -579>
2017-12-02 17:52:32.351673 7f794074f700 1 -- 10.1.80.4:6789/0 --> 10.1.80.1:6789/0 -- paxos(lease_ack lc 1194191 fc 1193506 pn 0 opn 0) v4 -- 0x55cf201d2d00 con 0 -578>
2017-12-02 17:52:32.351690 7f794074f700 5 mon.c1n4@3(peon).monmap v4 apply_mon_features wait for service to be writeable -577>
2017-12-02 17:52:32.351708 7f794074f700 5 mon.c1n4@3(peon).paxos(paxos active c 1193506..1194191) is_readable = 1 - now=2017-12-02 17:52:32.351709 lease_expire=2017-12-02 17:52:37.351396 has v0 lc 1194191 -576>
2017-12-02 17:52:32.599004 7f793f74d700 1 -- 10.1.80.4:0/61378 --> 10.1.80.3:6832/18816 -- mgrreport(unknown.c1n4 +0-0 packed 1734) v4 -- 0x55cf1f54f000 con 0 -575>
2017-12-02 17:52:33.351481 7f793c747700 5 -- 10.1.80.4:6789/0 >> 10.1.80.1:6789/0 conn(0x55cf1fade000 :-1 s=STATE_OPEN_MESSAGE_READ_FOOTER_AND_DISPATCH pgs=851208 cs=1 l=0). rx mon.0 seq 1526133556 0x55cf201d2d00 paxos(begin lc 1194191 fc 0 pn 21200 opn 0) v4 -574>
2017-12-02 17:52:33.351557 7f794074f700 1 -- 10.1.80.4:6789/0 <== mon.0 10.1.80.1:6789/0 1526133556 ==== paxos(begin lc 1194191 fc 0 pn 21200 opn 0) v4 ==== 2566+0+0 (4033802356 0 0) 0x55cf201d2d00 con 0x55cf1fade000 -573>
2017-12-02 17:52:33.352027 7f794074f700 1 -- 10.1.80.4:6789/0 --> 10.1.80.1:6789/0 -- paxos(accept lc 1194191 fc 0 pn 21200 opn 0) v4 -- 0x55cf201d3040 con 0 -572>
2017-12-02 17:52:33.352906 7f793c747700 5 -- 10.1.80.4:6789/0 >> 10.1.80.1:6789/0 conn(0x55cf1fade000 :-1 s=STATE_OPEN_MESSAGE_READ_FOOTER_AND_DISPATCH pgs=851208 cs=1 l=0). rx mon.0 seq 1526133557 0x55cf201d3040 paxos(commit lc 1194192 fc 0 pn 21200 opn 0) v4 -571>
2017-12-02 17:52:33.352949 7f794074f700 1 -- 10.1.80.4:6789/0 <== mon.0 10.1.80.1:6789/0 1526133557 ==== paxos(commit lc 1194192 fc 0 pn 21200 opn 0) v4 ==== 2566+0+0 (3909434759 0 0) 0x55cf201d3040 con 0x55cf1fade000 -570>
2017-12-02 17:52:33.353123 7f793c747700 5 -- 10.1.80.4:6789/0 >> 10.1.80.1:6789/0 conn(0x55cf1fade000 :-1 s=STATE_OPEN_MESSAGE_READ_FOOTER_AND_DISPATCH pgs=851208 cs=1 l=0). rx mon.0 seq 1526133558 0x55cf201d3380 paxos(lease lc 1194192 fc 1193506 pn 0 opn 0) v4 -569>
2017-12-02 17:52:33.353472 7f794074f700 4 mgrc handle_mgr_map Got map version 219 -568>
2017-12-02 17:52:33.353479 7f794074f700 4 mgrc handle_mgr_map Active mgr is now 10.1.80.3:6832/18816 -567>
2017-12-02 17:52:33.353599 7f794074f700 1 -- 10.1.80.4:6789/0 <== mon.0 10.1.80.1:6789/0 1526133558 ==== paxos(lease lc 1194192 fc 1193506 pn 0 opn 0) v4 ==== 84+0+0 (1832420326 0 0) 0x55cf201d3380 con 0x55cf1fade000 -566>
2017-12-02 17:52:33.353617 7f794074f700 1 -- 10.1.80.4:6789/0 --> 10.1.80.1:6789/0 -- paxos(lease_ack lc 1194192 fc 1193506 pn 0 opn 0) v4 -- 0x55cf201d2000 con 0 -565>
2017-12-02 17:52:33.353631 7f794074f700 5 mon.c1n4@3(peon).monmap v4 apply_mon_features wait for service to be writeable -564>
2017-12-02 17:52:33.353636 7f794074f700 5 mon.c1n4@3(peon).paxos(paxos active c 1193506..1194192) is_readable = 1 - now=2017-12-02 17:52:33.353636 lease_expire=2017-12-02 17:52:38.353481 has v0 lc 1194192 -563>
2017-12-02 17:52:34.427117 7f793c747700 5 -- 10.1.80.4:6789/0 >> 10.1.80.1:6789/0 conn(0x55cf1fade000 :-1 s=STATE_OPEN_MESSAGE_READ_FOOTER_AND_DISPATCH pgs=851208 cs=1 l=0). rx mon.0 seq 1526133559 0x55cf201d2000 paxos(begin lc 1194192 fc 0 pn 21200 opn 0) v4 -562>
2017-12-02 17:52:34.427199 7f794074f700 1 -- 10.1.80.4:6789/0 <== mon.0 10.1.80.1:6789/0 1526133559 ==== paxos(begin lc 1194192 fc 0 pn 21200 opn 0) v4 ==== 2566+0+0 (2689794239 0 0) 0x55cf201d2000 con 0x55cf1fade000 -561>
2017-12-02 17:52:34.427708 7f794074f700 1 -- 10.1.80.4:6789/0 --> 10.1.80.1:6789/0 -- paxos(accept lc 1194192 fc 0 pn 21200 opn 0) v4 -- 0x55cf201d3380 con 0 -560>
2017-12-02 17:52:34.428399 7f793c747700 5 -- 10.1.80.4:6789/0 >> 10.1.80.1:6789/0 conn(0x55cf1fade000 :-1 s=STATE_OPEN_MESSAGE_READ_FOOTER_AND_DISPATCH pgs=851208 cs=1 l=0). rx mon.0 seq 1526133560 0x55cf201d3380 paxos(commit lc 1194193 fc 0 pn 21200 opn 0) v4 -559>
2017-12-02 17:52:34.428479 7f794074f700 1 -- 10.1.80.4:6789/0 <== mon.0 10.1.80.1:6789/0 1526133560 ==== paxos(commit lc 1194193 fc 0 pn 21200 opn 0) v4 ==== 2566+0+0 (830231470 0 0) 0x55cf201d3380 con 0x55cf1fade000 -558>
2017-12-02 17:52:34.428685 7f793c747700 5 -- 10.1.80.4:6789/0 >> 10.1.80.1:6789/0 conn(0x55cf1fade000 :-1 s=STATE_OPEN_MESSAGE_READ_FOOTER_AND_DISPATCH pgs=851208 cs=1 l=0). rx mon.0 seq 1526133561 0x55cf201d36c0 paxos(lease lc 1194193 fc 1193506 pn 0 opn 0) v4 -557>
2017-12-02 17:52:34.429019 7f794074f700 4 mgrc handle_mgr_map Got map version 219 -556>
2017-12-02 17:52:34.429027 7f794074f700 4 mgrc handle_mgr_map Active mgr is now 10.1.80.3:6832/18816 -555>
2017-12-02 17:52:34.429142 7f794074f700 1 -- 10.1.80.4:6789/0 <== mon.0 10.1.80.1:6789/0 1526133561 ==== paxos(lease lc 1194193 fc 1193506 pn 0 opn 0) v4 ==== 84+0+0 (2838105024 0 0) 0x55cf201d36c0 con 0x55cf1fade000 -554>
2017-12-02 17:52:34.429157 7f794074f700 1 -- 10.1.80.4:6789/0 --> 10.1.80.1:6789/0 -- paxos(lease_ack lc 1194193 fc 1193506 pn 0 opn 0) v4 -- 0x55cf201d3380 con 0 -553>
2017-12-02 17:52:34.429171 7f794074f700 5 mon.c1n4@3(peon).monmap v4 apply_mon_features wait for service to be writeable -552>
2017-12-02 17:52:34.429176 7f794074f700 5 mon.c1n4@3(peon).paxos(paxos active c 1193506..1194193) is_readable = 1 - now=2017-12-02 17:52:34.429176 lease_expire=2017-12-02 17:52:39.429029 has v0 lc 1194193 -551>
2017-12-02 17:52:36.428924 7f793c747700 5 -- 10.1.80.4:6789/0 >> 10.1.80.1:6789/0 conn(0x55cf1fade000 :-1 s=STATE_OPEN_MESSAGE_READ_FOOTER_AND_DISPATCH pgs=851208 cs=1 l=0). rx mon.0 seq 1526133562 0x55cf201d3380 paxos(begin lc 1194193 fc 0 pn 21200 opn 0) v4 -550>
2017-12-02 17:52:36.428987 7f794074f700 1 -- 10.1.80.4:6789/0 <== mon.0 10.1.80.1:6789/0 1526133562 ==== paxos(begin lc 1194193 fc 0 pn 21200 opn 0) v4 ==== 2566+0+0 (1215994393 0 0) 0x55cf201d3380 con 0x55cf1fade000 -549>
2017-12-02 17:52:36.429506 7f794074f700 1 -- 10.1.80.4:6789/0 --> 10.1.80.1:6789/0 -- paxos(accept lc 1194193 fc 0 pn 21200 opn 0) v4 -- 0x55cf201d36c0 con 0 -548>
2017-12-02 17:52:36.430521 7f793c747700 5 -- 10.1.80.4:6789/0 >> 10.1.80.1:6789/0 conn(0x55cf1fade000 :-1 s=STATE_OPEN_MESSAGE_READ_FOOTER_AND_DISPATCH pgs=851208 cs=1 l=0). rx mon.0 seq 1526133563 0x55cf201d36c0 paxos(commit lc 1194194 fc 0 pn 21200 opn 0) v4 -547>
2017-12-02 17:52:36.430602 7f794074f700 1 -- 10.1.80.4:6789/0 <== mon.0 10.1.80.1:6789/0 1526133563 ==== paxos(commit lc 1194194 fc 0 pn 21200 opn 0) v4 ==== 2566+0+0 (2200288481 0 0) 0x55cf201d36c0 con 0x55cf1fade000 -546>
