2017-12-02 17:52:36.430712 7f793c747700 5 -- 10.1.80.4:6789/0 >> 10.1.80.1:6789/0 conn(0x55cf1fade000 :-1 s=STATE_OPEN_MESSAGE_READ_FOOTER_AND_DISPATCH pgs=851208 cs=1 l=0). rx mon.0 seq 1526133564 0x55cf201d3a00 paxos(lease lc 1194194 fc 1193506 pn 0 opn 0) v4 -545>
2017-12-02 17:52:36.431187 7f794074f700 4 mgrc handle_mgr_map Got map version 219 -544>
2017-12-02 17:52:36.431195 7f794074f700 4 mgrc handle_mgr_map Active mgr is now 10.1.80.3:6832/18816 -543>
2017-12-02 17:52:36.431307 7f794074f700 1 -- 10.1.80.4:6789/0 <== mon.0 10.1.80.1:6789/0 1526133564 ==== paxos(lease lc 1194194 fc 1193506 pn 0 opn 0) v4 ==== 84+0+0 (3731863228 0 0) 0x55cf201d3a00 con 0x55cf1fade000 -542>
2017-12-02 17:52:36.431324 7f794074f700 1 -- 10.1.80.4:6789/0 --> 10.1.80.1:6789/0 -- paxos(lease_ack lc 1194194 fc 1193506 pn 0 opn 0) v4 -- 0x55cf201d36c0 con 0 -541>
2017-12-02 17:52:36.431338 7f794074f700 5 mon.c1n4@3(peon).monmap v4 apply_mon_features wait for service to be writeable -540>
2017-12-02 17:52:36.431343 7f794074f700 5 mon.c1n4@3(peon).paxos(paxos active c 1193506..1194194) is_readable = 1 - now=2017-12-02 17:52:36.431344 lease_expire=2017-12-02 17:52:41.431082 has v0 lc 1194194 -539>
2017-12-02 17:52:37.599343 7f793f74d700 1 -- 10.1.80.4:0/61378 --> 10.1.80.3:6832/18816 -- mgrreport(unknown.c1n4 +0-0 packed 1734) v4 -- 0x55cf1f54f300 con 0 -538>
2017-12-02 17:52:38.430437 7f793c747700 5 -- 10.1.80.4:6789/0 >> 10.1.80.1:6789/0 conn(0x55cf1fade000 :-1 s=STATE_OPEN_MESSAGE_READ_FOOTER_AND_DISPATCH pgs=851208 cs=1 l=0). rx mon.0 seq 1526133565 0x55cf201d36c0 paxos(begin lc 1194194 fc 0 pn 21200 opn 0) v4 -537>
2017-12-02 17:52:38.430489 7f794074f700 1 -- 10.1.80.4:6789/0 <== mon.0 10.1.80.1:6789/0 1526133565 ==== paxos(begin lc 1194194 fc 0 pn 21200 opn 0) v4 ==== 2566+0+0 (3735633503 0 0) 0x55cf201d36c0 con 0x55cf1fade000 -536>
2017-12-02 17:52:38.431113 7f794074f700 1 -- 10.1.80.4:6789/0 --> 10.1.80.1:6789/0 -- paxos(accept lc 1194194 fc 0 pn 21200 opn 0) v4 -- 0x55cf201d3a00 con 0 -535>
2017-12-02 17:52:38.432316 7f793c747700 5 -- 10.1.80.4:6789/0 >> 10.1.80.1:6789/0 conn(0x55cf1fade000 :-1 s=STATE_OPEN_MESSAGE_READ_FOOTER_AND_DISPATCH pgs=851208 cs=1 l=0). rx mon.0 seq 1526133566 0x55cf201d3a00 paxos(commit lc 1194195 fc 0 pn 21200 opn 0) v4 -534>
2017-12-02 17:52:38.432369 7f794074f700 1 -- 10.1.80.4:6789/0 <== mon.0 10.1.80.1:6789/0 1526133566 ==== paxos(commit lc 1194195 fc 0 pn 21200 opn 0) v4 ==== 2566+0+0 (1044976732 0 0) 0x55cf201d3a00 con 0x55cf1fade000 -533>
2017-12-02 17:52:38.432518 7f793c747700 5 -- 10.1.80.4:6789/0 >> 10.1.80.1:6789/0 conn(0x55cf1fade000 :-1 s=STATE_OPEN_MESSAGE_READ_FOOTER_AND_DISPATCH pgs=851208 cs=1 l=0). rx mon.0 seq 1526133567 0x55cf201d3d40 paxos(lease lc 1194195 fc 1193506 pn 0 opn 0) v4 -532>
2017-12-02 17:52:38.433046 7f794074f700 4 mgrc handle_mgr_map Got map version 219 -531>
2017-12-02 17:52:38.433057 7f794074f700 4 mgrc handle_mgr_map Active mgr is now 10.1.80.3:6832/18816 -530>
2017-12-02 17:52:38.433207 7f794074f700 1 -- 10.1.80.4:6789/0 <== mon.0 10.1.80.1:6789/0 1526133567 ==== paxos(lease lc 1194195 fc 1193506 pn 0 opn 0) v4 ==== 84+0+0 (1940635139 0 0) 0x55cf201d3d40 con 0x55cf1fade000 -529>
2017-12-02 17:52:38.433231 7f794074f700 1 -- 10.1.80.4:6789/0 --> 10.1.80.1:6789/0 -- paxos(lease_ack lc 1194195 fc 1193506 pn 0 opn 0) v4 -- 0x55cf201d3a00 con 0 -528>
2017-12-02 17:52:38.433254 7f794074f700 5 mon.c1n4@3(peon).monmap v4 apply_mon_features wait for service to be writeable -527>
2017-12-02 17:52:38.433278 7f794074f700 5 mon.c1n4@3(peon).paxos(paxos active c 1193506..1194195) is_readable = 1 - now=2017-12-02 17:52:38.433279 lease_expire=2017-12-02 17:52:43.432857 has v0 lc 1194195 -526>
2017-12-02 17:52:39.433250 7f793c747700 5 -- 10.1.80.4:6789/0 >> 10.1.80.1:6789/0 conn(0x55cf1fade000 :-1 s=STATE_OPEN_MESSAGE_READ_FOOTER_AND_DISPATCH pgs=851208 cs=1 l=0). rx mon.0 seq 1526133568 0x55cf201d3a00 paxos(begin lc 1194195 fc 0 pn 21200 opn 0) v4 -525>
2017-12-02 17:52:39.433320 7f794074f700 1 -- 10.1.80.4:6789/0 <== mon.0 10.1.80.1:6789/0 1526133568 ==== paxos(begin lc 1194195 fc 0 pn 21200 opn 0) v4 ==== 10217+0+0 (954848009 0 0) 0x55cf201d3a00 con 0x55cf1fade000 -524>
2017-12-02 17:52:39.434092 7f794074f700 1 -- 10.1.80.4:6789/0 --> 10.1.80.1:6789/0 -- paxos(accept lc 1194195 fc 0 pn 21200 opn 0) v4 -- 0x55cf201d3d40 con 0 -523>
2017-12-02 17:52:39.435214 7f793c747700 5 -- 10.1.80.4:6789/0 >> 10.1.80.1:6789/0 conn(0x55cf1fade000 :-1 s=STATE_OPEN_MESSAGE_READ_FOOTER_AND_DISPATCH pgs=851208 cs=1 l=0). rx mon.0 seq 1526133569 0x55cf201d3d40 paxos(commit lc 1194196 fc 0 pn 21200 opn 0) v4 -522>
2017-12-02 17:52:39.435329 7f794074f700 1 -- 10.1.80.4:6789/0 <== mon.0 10.1.80.1:6789/0 1526133569 ==== paxos(commit lc 1194196 fc 0 pn 21200 opn 0) v4 ==== 10217+0+0 (3236327349 0 0) 0x55cf201d3d40 con 0x55cf1fade000 -521>
2017-12-02 17:52:39.435464 7f793c747700 5 -- 10.1.80.4:6789/0 >> 10.1.80.1:6789/0 conn(0x55cf1fade000 :-1 s=STATE_OPEN_MESSAGE_READ_FOOTER_AND_DISPATCH pgs=851208 cs=1 l=0). rx mon.0 seq 1526133570 0x55cf201d4080 paxos(lease lc 1194196 fc 1193506 pn 0 opn 0) v4 -520>
2017-12-02 17:52:39.436076 7f794074f700 4 mgrc handle_mgr_map Got map version 219 -519>
2017-12-02 17:52:39.436082 7f794074f700 4 mgrc handle_mgr_map Active mgr is now 10.1.80.3:6832/18816 -518>
2017-12-02 17:52:39.436189 7f794074f700 1 -- 10.1.80.4:6789/0 <== mon.0 10.1.80.1:6789/0 1526133570 ==== paxos(lease lc 1194196 fc 1193506 pn 0 opn 0) v4 ==== 84+0+0 (3504682364 0 0) 0x55cf201d4080 con 0x55cf1fade000 -517>
2017-12-02 17:52:39.436206 7f794074f700 1 -- 10.1.80.4:6789/0 --> 10.1.80.1:6789/0 -- paxos(lease_ack lc 1194196 fc 1193506 pn 0 opn 0) v4 -- 0x55cf201d3d40 con 0 -516>
2017-12-02 17:52:39.436222 7f794074f700 5 mon.c1n4@3(peon).monmap v4 apply_mon_features wait for service to be writeable -515>
2017-12-02 17:52:39.436244 7f794074f700 5 mon.c1n4@3(peon).paxos(paxos active c 1193506..1194196) is_readable = 1 - now=2017-12-02 17:52:39.436244 lease_expire=2017-12-02 17:52:44.435785 has v0 lc 1194196 -514>
2017-12-02 17:52:40.435930 7f793c747700 5 -- 10.1.80.4:6789/0 >> 10.1.80.1:6789/0 conn(0x55cf1fade000 :-1 s=STATE_OPEN_MESSAGE_READ_FOOTER_AND_DISPATCH pgs=851208 cs=1 l=0). rx mon.0 seq 1526133571 0x55cf201d3d40 paxos(begin lc 1194196 fc 0 pn 21200 opn 0) v4 -513>
2017-12-02 17:52:40.436024 7f794074f700 1 -- 10.1.80.4:6789/0 <== mon.0 10.1.80.1:6789/0 1526133571 ==== paxos(begin lc 1194196 fc 0 pn 21200 opn 0) v4 ==== 2566+0+0 (1623970959 0 0) 0x55cf201d3d40 con 0x55cf1fade000 -512>
2017-12-02 17:52:40.436558 7f794074f700 1 -- 10.1.80.4:6789/0 --> 10.1.80.1:6789/0 -- paxos(accept lc 1194196 fc 0 pn 21200 opn 0) v4 -- 0x55cf201d4080 con 0 -511>
2017-12-02 17:52:40.437451 7f793c747700 5 -- 10.1.80.4:6789/0 >> 10.1.80.1:6789/0 conn(0x55cf1fade000 :-1 s=STATE_OPEN_MESSAGE_READ_FOOTER_AND_DISPATCH pgs=851208 cs=1 l=0). rx mon.0 seq 1526133572 0x55cf201d4080 paxos(commit lc 1194197 fc 0 pn 21200 opn 0) v4 -510>
2017-12-02 17:52:40.437505 7f794074f700 1 -- 10.1.80.4:6789/0 <== mon.0 10.1.80.1:6789/0 1526133572 ==== paxos(commit lc 1194197 fc 0 pn 21200 opn 0) v4 ==== 2566+0+0 (1654093058 0 0) 0x55cf201d4080 con 0x55cf1fade000 -509>
2017-12-02 17:52:40.437668 7f793c747700 5 -- 10.1.80.4:6789/0 >> 10.1.80.1:6789/0 conn(0x55cf1fade000 :-1 s=STATE_OPEN_MESSAGE_READ_FOOTER_AND_DISPATCH pgs=851208 cs=1 l=0). rx mon.0 seq 1526133573 0x55cf201d43c0 paxos(lease lc 1194197 fc 1193506 pn 0 opn 0) v4 -508>
2017-12-02 17:52:40.438099 7f794074f700 4 mgrc handle_mgr_map Got map version 219 -507>
2017-12-02 17:52:40.438106 7f794074f700 4 mgrc handle_mgr_map Active mgr is now 10.1.80.3:6832/18816 -506>
2017-12-02 17:52:40.438221 7f794074f700 1 -- 10.1.80.4:6789/0 <== mon.0 10.1.80.1:6789/0 1526133573 ==== paxos(lease lc 1194197 fc 1193506 pn 0 opn 0) v4 ==== 84+0+0 (3968350743 0 0) 0x55cf201d43c0 con 0x55cf1fade000 -505>
2017-12-02 17:52:40.438237 7f794074f700 1 -- 10.1.80.4:6789/0 --> 10.1.80.1:6789/0 -- paxos(lease_ack lc 1194197 fc 1193506 pn 0 opn 0) v4 -- 0x55cf201d4080 con 0 -504>
2017-12-02 17:52:40.438259 7f794074f700 5 mon.c1n4@3(peon).monmap v4 apply_mon_features wait for service to be writeable -503>
2017-12-02 17:52:40.438282 7f794074f700 5 mon.c1n4@3(peon).paxos(paxos active c 1193506..1194197) is_readable = 1 - now=2017-12-02 17:52:40.438282 lease_expire=2017-12-02 17:52:45.438001 has v0 lc 1194197 -502>
2017-12-02 17:52:42.434180 7f793c747700 5 -- 10.1.80.4:6789/0 >> 10.1.80.1:6789/0 conn(0x55cf1fade000 :-1 s=STATE_OPEN_MESSAGE_READ_FOOTER_AND_DISPATCH pgs=851208 cs=1 l=0). rx mon.0 seq 1526133574 0x55cf201d4080 paxos(begin lc 1194197 fc 0 pn 21200 opn 0) v4 -501>
2017-12-02 17:52:42.434313 7f794074f700 1 -- 10.1.80.4:6789/0 <== mon.0 10.1.80.1:6789/0 1526133574 ==== paxos(begin lc 1194197 fc 0 pn 21200 opn 0) v4 ==== 2566+0+0 (4047052363 0 0) 0x55cf201d4080 con 0x55cf1fade000 -500>
2017-12-02 17:52:42.435011 7f794074f700 1 -- 10.1.80.4:6789/0 --> 10.1.80.1:6789/0 -- paxos(accept lc 1194197 fc 0 pn 21200 opn 0) v4 -- 0x55cf201d43c0 con 0 -499>
2017-12-02 17:52:42.436049 7f793c747700 5 -- 10.1.80.4:6789/0 >> 10.1.80.1:6789/0 conn(0x55cf1fade000 :-1 s=STATE_OPEN_MESSAGE_READ_FOOTER_AND_DISPATCH pgs=851208 cs=1 l=0). rx mon.0 seq 1526133575 0x55cf201d43c0 paxos(commit lc 1194198 fc 0 pn 21200 opn 0) v4 -498>
2017-12-02 17:52:42.436137 7f794074f700 1 -- 10.1.80.4:6789/0 <== mon.0 10.1.80.1:6789/0 1526133575 ==== paxos(commit lc 1194198 fc 0 pn 21200 opn 0) v4 ==== 2566+0+0 (576479209 0 0) 0x55cf201d43c0 con 0x55cf1fade000 -497>
2017-12-02 17:52:42.436174 7f793c747700 5 -- 10.1.80.4:6789/0 >> 10.1.80.1:6789/0 conn(0x55cf1fade000 :-1 s=STATE_OPEN_MESSAGE_READ_FOOTER_AND_DISPATCH pgs=851208 cs=1 l=0). rx mon.0 seq 1526133576 0x55cf1fc34000 paxos(lease lc 1194198 fc 1193506 pn 0 opn 0) v4 -496>
2017-12-02 17:52:42.436838 7f794074f700 4 mgrc handle_mgr_map Got map version 219 -495>
2017-12-02 17:52:42.436846 7f794074f700 4 mgrc handle_mgr_map Active mgr is now 10.1.80.3:6832/18816 -494>
2017-12-02 17:52:42.436986 7f794074f700 1 -- 10.1.80.4:6789/0 <== mon.0 10.1.80.1:6789/0 1526133576 ==== paxos(lease lc 1194198 fc 1193506 pn 0 opn 0) v4 ==== 84+0+0 (2817580377 0 0) 0x55cf1fc34000 con 0x55cf1fade000 -493>
2017-12-02 17:52:42.437004 7f794074f700 1 -- 10.1.80.4:6789/0 --> 10.1.80.1:6789/0 -- paxos(lease_ack lc 1194198 fc 1193506 pn 0 opn 0) v4 -- 0x55cf201d43c0 con 0 -492>
2017-12-02 17:52:42.437020 7f794074f700 5 mon.c1n4@3(peon).monmap v4 apply_mon_features wait for service to be writeable -491>
2017-12-02 17:52:42.437026 7f794074f700 5 mon.c1n4@3(peon).paxos(paxos active c 1193506..1194198) is_readable = 1 - now=2017-12-02 17:52:42.437027 lease_expire=2017-12-02 17:52:47.436527 has v0 lc 1194198 -490>
2017-12-02 17:52:42.599643 7f793f74d700 1 -- 10.1.80.4:0/61378 --> 10.1.80.3:6832/18816 -- mgrreport(unknown.c1n4 +0-0 packed 1734) v4 -- 0x55cf1f54ed00 con 0 -489>
2017-12-02 17:52:44.435839 7f793c747700 5 -- 10.1.80.4:6789/0 >> 10.1.80.1:6789/0 conn(0x55cf1fade000 :-1 s=STATE_OPEN_MESSAGE_READ_FOOTER_AND_DISPATCH pgs=851208 cs=1 l=0). rx mon.0 seq 1526133577 0x55cf201d43c0 paxos(begin lc 1194198 fc 0 pn 21200 opn 0) v4 -488>
2017-12-02 17:52:44.435923 7f794074f700 1 -- 10.1.80.4:6789/0 <== mon.0 10.1.80.1:6789/0 1526133577 ==== paxos(begin lc 1194198 fc 0 pn 21200 opn 0) v4 ==== 2562+0+0 (3157188098 0 0) 0x55cf201d43c0 con 0x55cf1fade000 -487>
2017-12-02 17:52:44.436420 7f794074f700 1 -- 10.1.80.4:6789/0 --> 10.1.80.1:6789/0 -- paxos(accept lc 1194198 fc 0 pn 21200 opn 0) v4 -- 0x55cf1fc34000 con 0 -486>
2017-12-02 17:52:44.437282 7f793c747700 5 -- 10.1.80.4:6789/0 >> 10.1.80.1:6789/0 conn(0x55cf1fade000 :-1 s=STATE_OPEN_MESSAGE_READ_FOOTER_AND_DISPATCH pgs=851208 cs=1 l=0). rx mon.0 seq 1526133578 0x55cf1fc34000 paxos(commit lc 1194199 fc 0 pn 21200 opn 0) v4 -485>
2017-12-02 17:52:44.437326 7f794074f700 1 -- 10.1.80.4:6789/0 <== mon.0 10.1.80.1:6789/0 1526133578 ==== paxos(commit lc 1194199 fc 0 pn 21200 opn 0) v4 ==== 2562+0+0 (3059585548 0 0) 0x55cf1fc34000 con 0x55cf1fade000 -484>
2017-12-02 17:52:44.437472 7f793c747700 5 -- 10.1.80.4:6789/0 >> 10.1.80.1:6789/0 conn(0x55cf1fade000 :-1 s=STATE_OPEN_MESSAGE_READ_FOOTER_AND_DISPATCH pgs=851208 cs=1 l=0). rx mon.0 seq 1526133579 0x55cf1fc34340 paxos(lease lc 1194199 fc 1193506 pn 0 opn 0) v4 -483>
2017-12-02 17:52:44.437871 7f794074f700 4 mgrc handle_mgr_map Got map version 219 -482>
2017-12-02 17:52:44.437879 7f794074f700 4 mgrc handle_mgr_map Active mgr is now 10.1.80.3:6832/18816 -481>
2017-12-02 17:52:44.437986 7f794074f700 1 -- 10.1.80.4:6789/0 <== mon.0 10.1.80.1:6789/0 1526133579 ==== paxos(lease lc 1194199 fc 1193506 pn 0 opn 0) v4 ==== 84+0+0 (2365509841 0 0) 0x55cf1fc34340 con 0x55cf1fade000 -480>
2017-12-02 17:52:44.438003 7f794074f700 1 -- 10.1.80.4:6789/0 --> 10.1.80.1:6789/0 -- paxos(lease_ack lc 1194199 fc 1193506 pn 0 opn 0) v4 -- 0x55cf1fc34000 con 0 -479>
2017-12-02 17:52:44.438018 7f794074f700 5 mon.c1n4@3(peon).monmap v4 apply_mon_features wait for service to be writeable -478>
2017-12-02 17:52:44.438024 7f794074f700 5 mon.c1n4@3(peon).paxos(paxos active c 1193506..1194199) is_readable = 1 - now=2017-12-02 17:52:44.438024 lease_expire=2017-12-02 17:52:49.437825 has v0 lc 1194199 -477>
2017-12-02 17:52:46.162697 7f793cf48700 5 -- 10.1.80.4:6789/0 >> 10.1.80.2:6789/0 conn(0x55cf1fadf800 :-1 s=STATE_OPEN_MESSAGE_READ_FOOTER_AND_DISPATCH pgs=889802 cs=1 l=0). rx mon.1 seq 359766981 0x55cf1fbf6d00 mon_health( service 1 op tell e 0 r 0 ) v1 -476>
2017-12-02 17:52:46.162820 7f794074f700 1 -- 10.1.80.4:6789/0 <== mon.1 10.1.80.2:6789/0 359766981 ==== mon_health( service 1 op tell e 0 r 0 ) v1 ==== 108+0+0 (4148352308 0 0) 0x55cf1fbf6d00 con 0x55cf1fadf800 -475>
2017-12-02 17:52:46.348099 7f793c747700 5 -- 10.1.80.4:6789/0 >> 10.1.80.1:6789/0 conn(0x55cf1fade000 :-1 s=STATE_OPEN_MESSAGE_READ_FOOTER_AND_DISPATCH pgs=851208 cs=1 l=0). rx mon.0 seq 1526133580 0x55cf1fc34000 paxos(begin lc 1194199 fc 0 pn 21200 opn 0) v4 -474>
2017-12-02 17:52:46.348164 7f794074f700 1 -- 10.1.80.4:6789/0 <== mon.0 10.1.80.1:6789/0 1526133580 ==== paxos(begin lc 1194199 fc 0 pn 21200 opn 0) v4 ==== 10368+0+0 (1806134230 0 0) 0x55cf1fc34000 con 0x55cf1fade000 -473>
2017-12-02 17:52:46.348685 7f794074f700 1 -- 10.1.80.4:6789/0 --> 10.1.80.1:6789/0 -- paxos(accept lc 1194199 fc 0 pn 21200 opn 0) v4 -- 0x55cf1fc34340 con 0 -472>
2017-12-02 17:52:46.349541 7f793c747700 5 -- 10.1.80.4:6789/0 >> 10.1.80.1:6789/0 conn(0x55cf1fade000 :-1 s=STATE_OPEN_MESSAGE_READ_FOOTER_AND_DISPATCH pgs=851208 cs=1 l=0). rx mon.0 seq 1526133581 0x55cf1fc34340 paxos(commit lc 1194200 fc 0 pn 21200 opn 0) v4 -471>
2017-12-02 17:52:46.349599 7f794074f700 1 -- 10.1.80.4:6789/0 <== mon.0 10.1.80.1:6789/0 1526133581 ==== paxos(commit lc 1194200 fc 0 pn 21200 opn 0) v4 ==== 10368+0+0 (3905955768 0 0) 0x55cf1fc34340 con 0x55cf1fade000 -470>
2017-12-02 17:52:46.349804 7f793c747700 5 -- 10.1.80.4:6789/0 >> 10.1.80.1:6789/0 conn(0x55cf1fade000 :-1 s=STATE_OPEN_MESSAGE_READ_FOOTER_AND_DISPATCH pgs=851208 cs=1 l=0). rx mon.0 seq 1526133582 0x55cf1fc34680 paxos(lease lc 1194200 fc 1193506 pn 0 opn 0) v4 -469>
2017-12-02 17:52:46.350298 7f794074f700 4 mgrc handle_mgr_map Got map version 219 -468>
2017-12-02 17:52:46.350306 7f794074f700 4 mgrc handle_mgr_map Active mgr is now 10.1.80.3:6832/18816 -467>
2017-12-02 17:52:46.350426 7f794074f700 1 -- 10.1.80.4:6789/0 <== mon.0 10.1.80.1:6789/0 1526133582 ==== paxos(lease lc 1194200 fc 1193506 pn 0 opn 0) v4 ==== 84+0+0 (2929666322 0 0) 0x55cf1fc34680 con 0x55cf1fade000 -466>
2017-12-02 17:52:46.350442 7f794074f700 1 -- 10.1.80.4:6789/0 --> 10.1.80.1:6789/0 -- paxos(lease_ack lc 1194200 fc 1193506 pn 0 opn 0) v4 -- 0x55cf1fc34340 con 0 -465>
2017-12-02 17:52:46.350457 7f794074f700 5 mon.c1n4@3(peon).monmap v4 apply_mon_features wait for service to be writeable -464>
2017-12-02 17:52:46.350462 7f794074f700 5 mon.c1n4@3(peon).paxos(paxos active c 1193506..1194200) is_readable = 1 - now=2017-12-02 17:52:46.350462 lease_expire=2017-12-02 17:52:51.350165 has v0 lc 1194200 -463>
2017-12-02 17:52:47.350333 7f793c747700 5 -- 10.1.80.4:6789/0 >> 10.1.80.1:6789/0 conn(0x55cf1fade000 :-1 s=STATE_OPEN_MESSAGE_READ_FOOTER_AND_DISPATCH pgs=851208 cs=1 l=0). rx mon.0 seq 1526133583 0x55cf1fc34340 paxos(begin lc 1194200 fc 0 pn 21200 opn 0) v4 -462>
2017-12-02 17:52:47.350432 7f794074f700 1 -- 10.1.80.4:6789/0 <== mon.0 10.1.80.1:6789/0 1526133583 ==== paxos(begin lc 1194200 fc 0 pn 21200 opn 0) v4 ==== 2558+0+0 (1101188774 0 0) 0x55cf1fc34340 con 0x55cf1fade000 -461>
2017-12-02 17:52:47.351092 7f794074f700 1 -- 10.1.80.4:6789/0 --> 10.1.80.1:6789/0 -- paxos(accept lc 1194200 fc 0 pn 21200 opn 0) v4 -- 0x55cf1fc34680 con 0 -460>
2017-12-02 17:52:47.352044 7f793c747700 5 -- 10.1.80.4:6789/0 >> 10.1.80.1:6789/0 conn(0x55cf1fade000 :-1 s=STATE_OPEN_MESSAGE_READ_FOOTER_AND_DISPATCH pgs=851208 cs=1 l=0). rx mon.0 seq 1526133584 0x55cf1fc34680 paxos(commit lc 1194201 fc 0 pn 21200 opn 0) v4 -459>
2017-12-02 17:52:47.352140 7f794074f700 1 -- 10.1.80.4:6789/0 <== mon.0 10.1.80.1:6789/0 1526133584 ==== paxos(commit lc 1194201 fc 0 pn 21200 opn 0) v4 ==== 2558+0+0 (2111073614 0 0) 0x55cf1fc34680 con 0x55cf1fade000 -458>
2017-12-02 17:52:47.352264 7f793c747700 5 -- 10.1.80.4:6789/0 >> 10.1.80.1:6789/0 conn(0x55cf1fade000 :-1 s=STATE_OPEN_MESSAGE_READ_FOOTER_AND_DISPATCH pgs=851208 cs=1 l=0). rx mon.0 seq 1526133585 0x55cf1fc349c0 paxos(lease lc 1194201 fc 1193506 pn 0 opn 0) v4 -457>
2017-12-02 17:52:47.352801 7f794074f700 4 mgrc handle_mgr_map Got map version 219 -456>
2017-12-02 17:52:47.352815 7f794074f700 4 mgrc handle_mgr_map Active mgr is now 10.1.80.3:6832/18816 -455>
2017-12-02 17:52:47.352974 7f794074f700 1 -- 10.1.80.4:6789/0 <== mon.0 10.1.80.1:6789/0 1526133585 ==== paxos(lease lc 1194201 fc 1193506 pn 0 opn 0) v4 ==== 84+0+0 (2083440012 0 0) 0x55cf1fc349c0 con 0x55cf1fade000 -454>
2017-12-02 17:52:47.352993 7f794074f700 1 -- 10.1.80.4:6789/0 --> 10.1.80.1:6789/0 -- paxos(lease_ack lc 1194201 fc 1193506 pn 0 opn 0) v4 -- 0x55cf1fc34680 con 0 -453>
2017-12-02 17:52:47.353030 7f794074f700 5 mon.c1n4@3(peon).monmap v4 apply_mon_features wait for service to be writeable -452>
2017-12-02 17:52:47.353036 7f794074f700 5 mon.c1n4@3(peon).paxos(paxos active c 1193506..1194201) is_readable = 1 - now=2017-12-02 17:52:47.353037 lease_expire=2017-12-02 17:52:52.352617 has v0 lc 1194201 -451>
2017-12-02 17:52:47.599910 7f793f74d700 1 -- 10.1.80.4:0/61378 --> 10.1.80.3:6832/18816 -- mgrreport(unknown.c1n4 +0-0 packed 1734) v4 -- 0x55cf1f54d800 con 0 -450>
2017-12-02 17:52:48.438490 7f793c747700 5 -- 10.1.80.4:6789/0 >> 10.1.80.1:6789/0 conn(0x55cf1fade000 :-1 s=STATE_OPEN_MESSAGE_READ_FOOTER_AND_DISPATCH pgs=851208 cs=1 l=0). rx mon.0 seq 1526133586 0x55cf1fc34680 paxos(begin lc 1194201 fc 0 pn 21200 opn 0) v4 -449>
2017-12-02 17:52:48.438606 7f794074f700 1 -- 10.1.80.4:6789/0 <== mon.0 10.1.80.1:6789/0 1526133586 ==== paxos(begin lc 1194201 fc 0 pn 21200 opn 0) v4 ==== 2566+0+0 (2767043647 0 0) 0x55cf1fc34680 con 0x55cf1fade000 -448>
2017-12-02 17:52:48.439166 7f794074f700 1 -- 10.1.80.4:6789/0 --> 10.1.80.1:6789/0 -- paxos(accept lc 1194201 fc 0 pn 21200 opn 0) v4 -- 0x55cf1fc349c0 con 0 -447>
2017-12-02 17:52:48.440139 7f793c747700 5 -- 10.1.80.4:6789/0 >> 10.1.80.1:6789/0 conn(0x55cf1fade000 :-1 s=STATE_OPEN_MESSAGE_READ_FOOTER_AND_DISPATCH pgs=851208 cs=1 l=0). rx mon.0 seq 1526133587 0x55cf1fc349c0 paxos(commit lc 1194202 fc 0 pn 21200 opn 0) v4 -446>
2017-12-02 17:52:48.440215 7f794074f700 1 -- 10.1.80.4:6789/0 <== mon.0 10.1.80.1:6789/0 1526133587 ==== paxos(commit lc 1194202 fc 0 pn 21200 opn 0) v4 ==== 2566+0+0 (3786547952 0 0) 0x55cf1fc349c0 con 0x55cf1fade000 -445>
2017-12-02 17:52:48.440331 7f793c747700 5 -- 10.1.80.4:6789/0 >> 10.1.80.1:6789/0 conn(0x55cf1fade000 :-1 s=STATE_OPEN_MESSAGE_READ_FOOTER_AND_DISPATCH pgs=851208 cs=1 l=0). rx mon.0 seq 1526133588 0x55cf1fc34d00 paxos(lease lc 1194202 fc 1193506 pn 0 opn 0) v4 -444>
2017-12-02 17:52:48.440894 7f794074f700 4 mgrc handle_mgr_map Got map version 219 -443>
2017-12-02 17:52:48.440908 7f794074f700 4 mgrc handle_mgr_map Active mgr is now 10.1.80.3:6832/18816 -442>
2017-12-02 17:52:48.441062 7f794074f700 1 -- 10.1.80.4:6789/0 <== mon.0 10.1.80.1:6789/0 1526133588 ==== paxos(lease lc 1194202 fc 1193506 pn 0 opn 0) v4 ==== 84+0+0 (2576665192 0 0) 0x55cf1fc34d00 con 0x55cf1fade000 -441>
2017-12-02 17:52:48.441081 7f794074f700 1 -- 10.1.80.4:6789/0 --> 10.1.80.1:6789/0 -- paxos(lease_ack lc 1194202 fc 1193506 pn 0 opn 0) v4 -- 0x55cf1fc349c0 con 0 -440>
2017-12-02 17:52:48.441096 7f794074f700 5 mon.c1n4@3(peon).monmap v4 apply_mon_features wait for service to be writeable -439>
2017-12-02 17:52:48.441101 7f794074f700 5 mon.c1n4@3(peon).paxos(paxos active c 1193506..1194202) is_readable = 1 - now=2017-12-02 17:52:48.441102 lease_expire=2017-12-02 17:52:53.440688 has v0 lc 1194202 -438>
2017-12-02 17:52:48.515841 7f793d749700 5 -- 10.1.80.4:6789/0 >> 10.1.80.3:6789/0 conn(0x55cf1fae1000 :-1 s=STATE_OPEN_MESSAGE_READ_FOOTER_AND_DISPATCH pgs=787902 cs=1 l=0). rx mon.2 seq 1522966180 0x55cf1fbf4a00 mon_health( service 1 op tell e 0 r 0 ) v1 -437>
2017-12-02 17:52:48.515943 7f794074f700 1 -- 10.1.80.4:6789/0 <== mon.2 10.1.80.3:6789/0 1522966180 ==== mon_health( service 1 op tell e 0 r 0 ) v1 ==== 108+0+0 (285363207 0 0) 0x55cf1fbf4a00 con 0x55cf1fae1000 -436>
2017-12-02 17:52:48.744568 7f793d749700 1 -- 10.1.80.4:6789/0 >> - conn(0x55cf1fb7b000 :6789 s=STATE_ACCEPTING pgs=0 cs=0 l=0)._process_connection sd=34 - -435>
2017-12-02 17:52:48.744715 7f793d749700 2 -- 10.1.80.4:6789/0 >> 10.1.80.4:0/3888602374 conn(0x55cf1fb7b000 :6789 s=STATE_ACCEPTING_WAIT_SEQ pgs=1 cs=1 l=1).handle_connect_msg accept write reply msg done -434>
2017-12-02 17:52:48.744779 7f793d749700 2 -- 10.1.80.4:6789/0 >> 10.1.80.4:0/3888602374 conn(0x55cf1fb7b000 :6789 s=STATE_ACCEPTING_WAIT_SEQ pgs=1 cs=1 l=1)._process_connection accept get newly_acked_seq 0 -433>
2017-12-02 17:52:48.744885 7f793d749700 5 -- 10.1.80.4:6789/0 >> 10.1.80.4:0/3888602374 conn(0x55cf1fb7b000 :6789 s=STATE_OPEN_MESSAGE_READ_FOOTER_AND_DISPATCH pgs=1 cs=1 l=1). rx client.? seq 1 0x55cf1fbf5b80 auth(proto 0 30 bytes epoch 0) v1 -432>
2017-12-02 17:52:48.744913 7f794074f700 1 -- 10.1.80.4:6789/0 <== client.? 10.1.80.4:0/3888602374 1 ==== auth(proto 0 30 bytes epoch 0) v1 ==== 60+0+0 (673663173 0 0) 0x55cf1fbf5b80 con 0x55cf1fb7b000 -431>
2017-12-02 17:52:48.744942 7f794074f700 5 mon.c1n4@3(peon).paxos(paxos active c 1193506..1194202) is_readable = 1 - now=2017-12-02 17:52:48.744943 lease_expire=2017-12-02 17:52:53.440688 has v0 lc 1194202 -430>
2017-12-02 17:52:48.744974 7f794074f700 1 -- 10.1.80.4:6789/0 --> 10.1.80.4:0/3888602374 -- mon_map magic: 0 v1 -- 0x55cf1fbf4a00 con 0 -429>
2017-12-02 17:52:48.745007 7f794074f700 2 mon.c1n4@3(peon) e4 send_reply 0x55cf1fd0e780 0x55cf1fbf6d00 auth_reply(proto 2 0 (0) Success) v1 -428>
2017-12-02 17:52:48.745018 7f794074f700 1 -- 10.1.80.4:6789/0 --> 10.1.80.4:0/3888602374 -- auth_reply(proto 2 0 (0) Success) v1 -- 0x55cf1fbf6d00 con 0 -427>
2017-12-02 17:52:48.745593 7f793d749700 5 -- 10.1.80.4:6789/0 >> 10.1.80.4:0/3888602374 conn(0x55cf1fb7b000 :6789 s=STATE_OPEN_MESSAGE_READ_FOOTER_AND_DISPATCH pgs=1 cs=1 l=1). rx client.? seq 2 0x55cf1fbf6d00 auth(proto 2 32 bytes epoch 0) v1 -426>
2017-12-02 17:52:48.745654 7f794074f700 1 -- 10.1.80.4:6789/0 <== client.? 10.1.80.4:0/3888602374 2 ==== auth(proto 2 32 bytes epoch 0) v1 ==== 62+0+0 (2362260043 0 0) 0x55cf1fbf6d00 con 0x55cf1fb7b000 -425>
2017-12-02 17:52:48.745670 7f794074f700 5 mon.c1n4@3(peon).paxos(paxos active c 1193506..1194202) is_readable = 1 - now=2017-12-02 17:52:48.745671 lease_expire=2017-12-02 17:52:53.440688 has v0 lc 1194202 -424>
2017-12-02 17:52:48.745810 7f794074f700 2 mon.c1n4@3(peon) e4 send_reply 0x55cf1fd0e780 0x55cf1fbf5b80 auth_reply(proto 2 0 (0) Success) v1 -423>
2017-12-02 17:52:48.745819 7f794074f700 1 -- 10.1.80.4:6789/0 --> 10.1.80.4:0/3888602374 -- auth_reply(proto 2 0 (0) Success) v1 -- 0x55cf1fbf5b80 con 0 -422>
2017-12-02 17:52:48.746115 7f793d749700 5 -- 10.1.80.4:6789/0 >> 10.1.80.4:0/3888602374 conn(0x55cf1fb7b000 :6789 s=STATE_OPEN_MESSAGE_READ_FOOTER_AND_DISPATCH pgs=1 cs=1 l=1). rx client.? seq 3 0x55cf1fbf5b80 auth(proto 2 165 bytes epoch 0) v1 -421>
2017-12-02 17:52:48.746199 7f794074f700 1 -- 10.1.80.4:6789/0 <== client.? 10.1.80.4:0/3888602374 3 ==== auth(proto 2 165 bytes epoch 0) v1 ==== 195+0+0 (4079286394 0 0) 0x55cf1fbf5b80 con 0x55cf1fb7b000 -420>
2017-12-02 17:52:48.746215 7f794074f700 5 mon.c1n4@3(peon).paxos(paxos active c 1193506..1194202) is_readable = 1 - now=2017-12-02 17:52:48.746215 lease_expire=2017-12-02 17:52:53.440688 has v0 lc 1194202 -419>
2017-12-02 17:52:48.746342 7f793d749700 1 -- 10.1.80.4:6789/0 >> 10.1.80.4:0/3888602374 conn(0x55cf1fb7b000 :6789 s=STATE_OPEN pgs=1 cs=1 l=1).read_bulk peer close file descriptor 34 -418>
2017-12-02 17:52:48.746349 7f793d749700 1 -- 10.1.80.4:6789/0 >> 10.1.80.4:0/3888602374 conn(0x55cf1fb7b000 :6789 s=STATE_OPEN pgs=1 cs=1 l=1).read_until read failed -417>
2017-12-02 17:52:48.746354 7f793d749700 1 -- 10.1.80.4:6789/0 >> 10.1.80.4:0/3888602374 conn(0x55cf1fb7b000 :6789 s=STATE_OPEN pgs=1 cs=1 l=1).process read tag failed -416>
2017-12-02 17:52:48.746359 7f793d749700 1 -- 10.1.80.4:6789/0 >> 10.1.80.4:0/3888602374 conn(0x55cf1fb7b000 :6789 s=STATE_OPEN pgs=1 cs=1 l=1).fault on lossy channel, failing -415>
2017-12-02 17:52:48.746363 7f793d749700 2 -- 10.1.80.4:6789/0 >> 10.1.80.4:0/3888602374 conn(0x55cf1fb7b000 :6789 s=STATE_OPEN pgs=1 cs=1 l=1)._stop -414>
2017-12-02 17:52:48.746362 7f794074f700 2 mon.c1n4@3(peon) e4 send_reply 0x55cf1fd0e780 0x55cf1fbf6d00 auth_reply(proto 2 0 (0) Success) v1 -413>
2017-12-02 17:52:48.746368 7f794074f700 1 -- 10.1.80.4:6789/0 --> 10.1.80.4:0/3888602374 -- auth_reply(proto 2 0 (0) Success) v1 -- 0x55cf1fbf6d00 con 0 -412>
2017-12-02 17:52:48.746390 7f793c747700 1 -- 10.1.80.4:6789/0 reap_dead start -411>
2017-12-02 17:52:48.746398 7f793c747700 5 -- 10.1.80.4:6789/0 reap_dead delete 0x55cf1fb7b000 -410>
2017-12-02 17:52:48.746402 7f793c747700 5 -- 10.1.80.4:6789/0 reap_dead delete 0x55cf1fb7c800 -409>
2017-12-02 17:52:48.746410 7f793c747700 5 -- 10.1.80.4:6789/0 reap_dead delete 0x55cf1fcc1800 -408>
2017-12-02 17:52:48.746413 7f793c747700 5 -- 10.1.80.4:6789/0 reap_dead delete 0x55cf1fcc3000 -407>
2017-12-02 17:52:48.746418 7f793c747700 5 -- 10.1.80.4:6789/0 reap_dead delete 0x55cf1fcc4800 -406>
2017-12-02 17:52:48.774911 7f793d749700 1 -- 10.1.80.4:6789/0 >> - conn(0x55cf1fcc4800 :6789 s=STATE_ACCEPTING pgs=0 cs=0 l=0)._process_connection sd=34 - -405>
2017-12-02 17:52:48.775022 7f793d749700 2 -- 10.1.80.4:6789/0 >> 10.1.80.4:0/3115523009 conn(0x55cf1fcc4800 :6789 s=STATE_ACCEPTING_WAIT_SEQ pgs=2 cs=1 l=1).handle_connect_msg accept write reply msg done -404>
2017-12-02 17:52:48.775033 7f793d749700 2 -- 10.1.80.4:6789/0 >> 10.1.80.4:0/3115523009 conn(0x55cf1fcc4800 :6789 s=STATE_ACCEPTING_WAIT_SEQ pgs=2 cs=1 l=1)._process_connection accept get newly_acked_seq 0 -403>
2017-12-02 17:52:48.775101 7f793d749700 5 -- 10.1.80.4:6789/0 >> 10.1.80.4:0/3115523009 conn(0x55cf1fcc4800 :6789 s=STATE_OPEN_MESSAGE_READ_FOOTER_AND_DISPATCH pgs=2 cs=1 l=1). rx client.? seq 1 0x55cf1fbf4a00 auth(proto 0 30 bytes epoch 0) v1 -402>
2017-12-02 17:52:48.775117 7f794074f700 1 -- 10.1.80.4:6789/0 <== client.? 10.1.80.4:0/3115523009 1 ==== auth(proto 0 30 bytes epoch 0) v1 ==== 60+0+0 (673663173 0 0) 0x55cf1fbf4a00 con 0x55cf1fcc4800 -401>
2017-12-02 17:52:48.775134 7f794074f700 5 mon.c1n4@3(peon).paxos(paxos active c 1193506..1194202) is_readable = 1 - now=2017-12-02 17:52:48.775134 lease_expire=2017-12-02 17:52:53.440688 has v0 lc 1194202 -400>
2017-12-02 17:52:48.775154 7f794074f700 1 -- 10.1.80.4:6789/0 --> 10.1.80.4:0/3115523009 -- mon_map magic: 0 v1 -- 0x55cf1fbf5b80 con 0 -399>
2017-12-02 17:52:48.775175 7f794074f700 2 mon.c1n4@3(peon) e4 send_reply 0x55cf1fd0e780 0x55cf1fbf6d00 auth_reply(proto 2 0 (0) Success) v1 -398>
2017-12-02 17:52:48.775182 7f794074f700 1 -- 10.1.80.4:6789/0 --> 10.1.80.4:0/3115523009 -- auth_reply(proto 2 0 (0) Success) v1 -- 0x55cf1fbf6d00 con 0 -397>
2017-12-02 17:52:48.775456 7f793d749700 5 -- 10.1.80.4:6789/0 >> 10.1.80.4:0/3115523009 conn(0x55cf1fcc4800 :6789 s=STATE_OPEN_MESSAGE_READ_FOOTER_AND_DISPATCH pgs=2 cs=1 l=1). rx client.? seq 2 0x55cf1fbf6d00 auth(proto 2 32 bytes epoch 0) v1 -396>
2017-12-02 17:52:48.775507 7f794074f700 1 -- 10.1.80.4:6789/0 <== client.? 10.1.80.4:0/3115523009 2 ==== auth(proto 2 32 bytes epoch 0) v1 ==== 62+0+0 (1712591806 0 0) 0x55cf1fbf6d00 con 0x55cf1fcc4800 -395>
2017-12-02 17:52:48.775523 7f794074f700 5 mon.c1n4@3(peon).paxos(paxos active c 1193506..1194202) is_readable = 1 - now=2017-12-02 17:52:48.775523 lease_expire=2017-12-02 17:52:53.440688 has v0 lc 1194202 -394>
2017-12-02 17:52:48.775601 7f794074f700 2 mon.c1n4@3(peon) e4 send_reply 0x55cf1fd0e780 0x55cf1fbf4a00 auth_reply(proto 2 0 (0) Success) v1 -393>
2017-12-02 17:52:48.775610 7f794074f700 1 -- 10.1.80.4:6789/0 --> 10.1.80.4:0/3115523009 -- auth_reply(proto 2 0 (0) Success) v1 -- 0x55cf1fbf4a00 con 0 -392>
2017-12-02 17:52:48.775793 7f793d749700 5 -- 10.1.80.4:6789/0 >> 10.1.80.4:0/3115523009 conn(0x55cf1fcc4800 :6789 s=STATE_OPEN_MESSAGE_READ_FOOTER_AND_DISPATCH pgs=2 cs=1 l=1). rx client.? seq 3 0x55cf1fbf4a00 auth(proto 2 165 bytes epoch 0) v1 -391>
2017-12-02 17:52:48.775808 7f794074f700 1 -- 10.1.80.4:6789/0 <== client.? 10.1.80.4:0/3115523009 3 ==== auth(proto 2 165 bytes epoch 0) v1 ==== 195+0+0 (4264223511 0 0) 0x55cf1fbf4a00 con 0x55cf1fcc4800 -390>
2017-12-02 17:52:48.775817 7f794074f700 5 mon.c1n4@3(peon).paxos(paxos active c 1193506..1194202) is_readable = 1 - now=2017-12-02 17:52:48.775817 lease_expire=2017-12-02 17:52:53.440688 has v0 lc 1194202 -389>
2017-12-02 17:52:48.775917 7f794074f700 2 mon.c1n4@3(peon) e4 send_reply 0x55cf1fd0e780 0x55cf1fbf6d00 auth_reply(proto 2 0 (0) Success) v1 -388>
2017-12-02 17:52:48.775924 7f794074f700 1 -- 10.1.80.4:6789/0 --> 10.1.80.4:0/3115523009 -- auth_reply(proto 2 0 (0) Success) v1 -- 0x55cf1fbf6d00 con 0 -387>
2017-12-02 17:52:48.776149 7f793d749700 5 -- 10.1.80.4:6789/0 >> 10.1.80.4:0/3115523009 conn(0x55cf1fcc4800 :6789 s=STATE_OPEN_MESSAGE_READ_FOOTER_AND_DISPATCH pgs=2 cs=1 l=1). rx client.? seq 4 0x55cf1f4bdf80 mon_subscribe({monmap=0+}) v2 -386>
2017-12-02 17:52:48.776165 7f794074f700 1 -- 10.1.80.4:6789/0 <== client.? 10.1.80.4:0/3115523009 4 ==== mon_subscribe({monmap=0+}) v2 ==== 23+0+0 (1620593354 0 0) 0x55cf1f4bdf80 con 0x55cf1fcc4800 -385>
2017-12-02 17:52:48.776172 7f793d749700 5 -- 10.1.80.4:6789/0 >> 10.1.80.4:0/3115523009 conn(0x55cf1fcc4800 :6789 s=STATE_OPEN_MESSAGE_READ_FOOTER_AND_DISPATCH pgs=2 cs=1 l=1). rx client.8094255 seq 5 0x55cf1f4bef40 mon_subscribe({mgrmap=0+}) v2 -384>
2017-12-02 17:52:48.776185 7f794074f700 1 -- 10.1.80.4:6789/0 --> 10.1.80.4:0/3115523009 -- mon_map magic: 0 v1 -- 0x55cf1fbf4a00 con 0 -383>
2017-12-02 17:52:48.776202 7f794074f700 1 -- 10.1.80.4:6789/0 <== client.8094255 10.1.80.4:0/3115523009 5 ==== mon_subscribe({mgrmap=0+}) v2 ==== 23+0+0 (2287485974 0 0) 0x55cf1f4bef40 con 0x55cf1fcc4800 -382>
2017-12-02 17:52:48.776227 7f794074f700 1 -- 10.1.80.4:6789/0 --> 10.1.80.4:0/3115523009 -- mgrmap(e 219) v1 -- 0x55cf1f54f900 con 0 -381>
2017-12-02 17:52:48.776264 7f793d749700 5 -- 10.1.80.4:6789/0 >> 10.1.80.4:0/3115523009 conn(0x55cf1fcc4800 :6789 s=STATE_OPEN_MESSAGE_READ_FOOTER_AND_DISPATCH pgs=2 cs=1 l=1). rx client.8094255 seq 6 0x55cf201f2480 mon_subscribe({osdmap=0}) v2 -380>
2017-12-02 17:52:48.776293 7f794074f700 1 -- 10.1.80.4:6789/0 <== client.8094255 10.1.80.4:0/3115523009 6 ==== mon_subscribe({osdmap=0}) v2 ==== 23+0+0 (319581110 0 0) 0x55cf201f2480 con 0x55cf1fcc4800 -379>
2017-12-02 17:52:48.776306 7f794074f700 1 -- 10.1.80.4:6789/0 --> 10.1.80.4:0/3115523009 -- osd_map(2982..2982 src has 2466..2982) v3 -- 0x55cf1fbf5900 con 0 -378>
2017-12-02 17:52:48.776783 7f793d749700 5 -- 10.1.80.4:6789/0 >> 10.1.80.4:0/3115523009 conn(0x55cf1fcc4800 :6789 s=STATE_OPEN_MESSAGE_READ_FOOTER_AND_DISPATCH pgs=2 cs=1 l=1). rx client.8094255 seq 7 0x55cf201f2240 getpoolstats(1 ceph v0) v1 -377>
2017-12-02 17:52:48.776807 7f794074f700 1 -- 10.1.80.4:6789/0 <== client.8094255 10.1.80.4:0/3115523009 7 ==== getpoolstats(1 ceph v0) v1 ==== 46+0+0 (2788013228 0 0) 0x55cf201f2240 con 0x55cf1fcc4800 -376>
2017-12-02 17:52:48.776816 7f794074f700 5 mon.c1n4@3(peon).paxos(paxos active c 1193506..1194202) is_readable = 1 - now=2017-12-02 17:52:48.776817 lease_expire=2017-12-02 17:52:53.440688 has v0 lc 1194202 -375>
2017-12-02 17:52:48.776830 7f794074f700 2 mon.c1n4@3(peon) e4 send_reply 0x55cf1fd0e780 0x55cf1f741980 getpoolstatsreply(1 v946120) v1 -374>
2017-12-02 17:52:48.776834 7f794074f700 1 -- 10.1.80.4:6789/0 --> 10.1.80.4:0/3115523009 -- getpoolstatsreply(1 v946120) v1 -- 0x55cf1f741980 con 0 -373>
2017-12-02 17:52:48.777097 7f793d749700 5 -- 10.1.80.4:6789/0 >> 10.1.80.4:0/3115523009 conn(0x55cf1fcc4800 :6789 s=STATE_OPEN_MESSAGE_READ_FOOTER_AND_DISPATCH pgs=2 cs=1 l=1). rx client.8094255 seq 8 0x55cf201f26c0 statfs(2 pool -1 v946120) v2 -372>
2017-12-02 17:52:48.777142 7f794074f700 1 -- 10.1.80.4:6789/0 <== client.8094255 10.1.80.4:0/3115523009 8 ==== statfs(2 pool -1 v946120) v2 ==== 35+0+0 (2798985461 0 0) 0x55cf201f26c0 con 0x55cf1fcc4800 -371>
2017-12-02 17:52:48.777159 7f794074f700 5 mon.c1n4@3(peon).paxos(paxos active c 1193506..1194202) is_readable = 1 - now=2017-12-02 17:52:48.777159 lease_expire=2017-12-02 17:52:53.440688 has v0 lc 1194202 -370>
2017-12-02 17:52:48.777172 7f794074f700 2 mon.c1n4@3(peon) e4 send_reply 0x55cf1fd0e780 0x55cf201f2240 statfs_reply(2) v1 -369>
2017-12-02 17:52:48.777176 7f794074f700 1 -- 10.1.80.4:6789/0 --> 10.1.80.4:0/3115523009 -- statfs_reply(2) v1 -- 0x55cf201f2240 con 0 -368>
2017-12-02 17:52:48.777638 7f793d749700 1 -- 10.1.80.4:6789/0 >> 10.1.80.4:0/3115523009 conn(0x55cf1fcc4800 :6789 s=STATE_OPEN pgs=2 cs=1 l=1).read_bulk peer close file descriptor 34 -367>
2017-12-02 17:52:48.777652 7f793d749700 1 -- 10.1.80.4:6789/0 >> 10.1.80.4:0/3115523009 conn(0x55cf1fcc4800 :6789 s=STATE_OPEN pgs=2 cs=1 l=1).read_until read failed -366>
2017-12-02 17:52:48.777659 7f793d749700 1 -- 10.1.80.4:6789/0 >> 10.1.80.4:0/3115523009 conn(0x55cf1fcc4800 :6789 s=STATE_OPEN pgs=2 cs=1 l=1).process read tag failed -365>
2017-12-02 17:52:48.777663 7f793d749700 1 -- 10.1.80.4:6789/0 >> 10.1.80.4:0/3115523009 conn(0x55cf1fcc4800 :6789 s=STATE_OPEN pgs=2 cs=1 l=1).fault on lossy channel, failing -364>
2017-12-02 17:52:48.777668 7f793d749700 2 -- 10.1.80.4:6789/0 >> 10.1.80.4:0/3115523009 conn(0x55cf1fcc4800 :6789 s=STATE_OPEN pgs=2 cs=1 l=1)._stop -363>
2017-12-02 17:52:48.798312 7f793d749700 1 -- 10.1.80.4:6789/0 >> - conn(0x55cf1fcc3000 :6789 s=STATE_ACCEPTING pgs=0 cs=0 l=0)._process_connection sd=34 - -362>
2017-12-02 17:52:48.798462 7f793d749700 2 -- 10.1.80.4:6789/0 >> 10.1.80.3:0/2507307883 conn(0x55cf1fcc3000 :6789 s=STATE_ACCEPTING_WAIT_SEQ pgs=1 cs=1 l=1).handle_connect_msg accept write reply msg done -361>
2017-12-02 17:52:48.798579 7f793d749700 2 -- 10.1.80.4:6789/0 >> 10.1.80.3:0/2507307883 conn(0x55cf1fcc3000 :6789 s=STATE_ACCEPTING_WAIT_SEQ pgs=1 cs=1 l=1)._process_connection accept get newly_acked_seq 0 -360>
2017-12-02 17:52:48.798679 7f793d749700 5 -- 10.1.80.4:6789/0 >> 10.1.80.3:0/2507307883 conn(0x55cf1fcc3000 :6789 s=STATE_OPEN_MESSAGE_READ_FOOTER_AND_DISPATCH pgs=1 cs=1 l=1). rx client.? seq 1 0x55cf1f741980 auth(proto 0 30 bytes epoch 0) v1 -359>
2017-12-02 17:52:48.798692 7f794074f700 1 -- 10.1.80.4:6789/0 <== client.? 10.1.80.3:0/2507307883 1 ==== auth(proto 0 30 bytes epoch 0) v1 ==== 60+0+0 (673663173 0 0) 0x55cf1f741980 con 0x55cf1fcc3000 -358>
2017-12-02 17:52:48.798709 7f794074f700 5 mon.c1n4@3(peon).paxos(paxos active c 1193506..1194202) is_readable = 1 - now=2017-12-02 17:52:48.798710 lease_expire=2017-12-02 17:52:53.440688 has v0 lc 1194202 -357>
2017-12-02 17:52:48.798733 7f794074f700 1 -- 10.1.80.4:6789/0 --> 10.1.80.3:0/2507307883 -- mon_map magic: 0 v1 -- 0x55cf1fbf6a80 con 0 -356>
2017-12-02 17:52:48.798753 7f794074f700 2 mon.c1n4@3(peon) e4 send_reply 0x55cf1fd0e780 0x55cf1fbf6f80 auth_reply(proto 2 0 (0) Success) v1 -355>
2017-12-02 17:52:48.798760 7f794074f700 1 -- 10.1.80.4:6789/0 --> 10.1.80.3:0/2507307883 -- auth_reply(proto 2 0 (0) Success) v1 -- 0x55cf1fbf6f80 con 0 -354>
2017-12-02 17:52:48.799146 7f793d749700 5 -- 10.1.80.4:6789/0 >> 10.1.80.3:0/2507307883 conn(0x55cf1fcc3000 :6789 s=STATE_OPEN_MESSAGE_READ_FOOTER_AND_DISPATCH pgs=1 cs=1 l=1). rx client.? seq 2 0x55cf1fbf6f80 auth(proto 2 32 bytes epoch 0) v1 -353>
2017-12-02 17:52:48.799190 7f794074f700 1 -- 10.1.80.4:6789/0 <== client.? 10.1.80.3:0/2507307883 2 ==== auth(proto 2 32 bytes epoch 0) v1 ==== 62+0+0 (1281564178 0 0) 0x55cf1fbf6f80 con 0x55cf1fcc3000 -352>
2017-12-02 17:52:48.799206 7f794074f700 5 mon.c1n4@3(peon).paxos(paxos active c 1193506..1194202) is_readable = 1 - now=2017-12-02 17:52:48.799207 lease_expire=2017-12-02 17:52:53.440688 has v0 lc 1194202 -351>
2017-12-02 17:52:48.799287 7f794074f700 2 mon.c1n4@3(peon) e4 send_reply 0x55cf1fd0e780 0x55cf1f741980 auth_reply(proto 2 0 (0) Success) v1 -350>
2017-12-02 17:52:48.799296 7f794074f700 1 -- 10.1.80.4:6789/0 --> 10.1.80.3:0/2507307883 -- auth_reply(proto 2 0 (0) Success) v1 -- 0x55cf1f741980 con 0 -349>
2017-12-02 17:52:48.799480 7f793d749700 5 -- 10.1.80.4:6789/0 >> 10.1.80.3:0/2507307883 conn(0x55cf1fcc3000 :6789 s=STATE_OPEN_MESSAGE_READ_FOOTER_AND_DISPATCH pgs=1 cs=1 l=1). rx client.? seq 3 0x55cf1f741980 auth(proto 2 165 bytes epoch 0) v1 -348>
2017-12-02 17:52:48.799494 7f794074f700 1 -- 10.1.80.4:6789/0 <== client.? 10.1.80.3:0/2507307883 3 ==== auth(proto 2 165 bytes epoch 0) v1 ==== 195+0+0 (2781363289 0 0) 0x55cf1f741980 con 0x55cf1fcc3000 -347>
2017-12-02 17:52:48.799503 7f794074f700 5 mon.c1n4@3(peon).paxos(paxos active c 1193506..1194202) is_readable = 1 - now=2017-12-02 17:52:48.799503 lease_expire=2017-12-02 17:52:53.440688 has v0 lc 1194202 -346>
2017-12-02 17:52:48.799603 7f794074f700 2 mon.c1n4@3(peon) e4 send_reply 0x55cf1fd0e780 0x55cf1fbf6f80 auth_reply(proto 2 0 (0) Success) v1 -345>
2017-12-02 17:52:48.799610 7f794074f700 1 -- 10.1.80.4:6789/0 --> 10.1.80.3:0/2507307883 -- auth_reply(proto 2 0 (0) Success) v1 -- 0x55cf1fbf6f80 con 0 -344>
2017-12-02 17:52:48.799830 7f793d749700 5 -- 10.1.80.4:6789/0 >> 10.1.80.3:0/2507307883 conn(0x55cf1fcc3000 :6789 s=STATE_OPEN_MESSAGE_READ_FOOTER_AND_DISPATCH pgs=1 cs=1 l=1). rx client.? seq 4 0x55cf201f2240 mon_subscribe({monmap=0+}) v2 -343>
2017-12-02 17:52:48.799846 7f794074f700 1 -- 10.1.80.4:6789/0 <== client.? 10.1.80.3:0/2507307883 4 ==== mon_subscribe({monmap=0+}) v2 ==== 23+0+0 (1620593354 0 0) 0x55cf201f2240 con 0x55cf1fcc3000 -342>
2017-12-02 17:52:48.799865 7f794074f700 1 -- 10.1.80.4:6789/0 --> 10.1.80.3:0/2507307883 -- mon_map magic: 0 v1 -- 0x55cf1f741980 con 0 -341>
2017-12-02 17:52:48.799881 7f793d749700 5 -- 10.1.80.4:6789/0 >> 10.1.80.3:0/2507307883 conn(0x55cf1fcc3000 :6789 s=STATE_OPEN_MESSAGE_READ_FOOTER_AND_DISPATCH pgs=1 cs=1 l=1). rx client.8094259 seq 5 0x55cf201f2900 mon_subscribe({mgrmap=0+}) v2 -340>
2017-12-02 17:52:48.799896 7f794074f700 1 -- 10.1.80.4:6789/0 <== client.8094259 10.1.80.3:0/2507307883 5 ==== mon_subscribe({mgrmap=0+}) v2 ==== 23+0+0 (2287485974 0 0) 0x55cf201f2900 con 0x55cf1fcc3000 -339>
2017-12-02 17:52:48.799918 7f794074f700 1 -- 10.1.80.4:6789/0 --> 10.1.80.3:0/2507307883 -- mgrmap(e 219) v1 -- 0x55cf1f54fc00 con 0 -338>
2017-12-02 17:52:48.799952 7f793d749700 5 -- 10.1.80.4:6789/0 >> 10.1.80.3:0/2507307883 conn(0x55cf1fcc3000 :6789 s=STATE_OPEN_MESSAGE_READ_FOOTER_AND_DISPATCH pgs=1 cs=1 l=1). rx client.8094259 seq 6 0x55cf201f3b00 mon_subscribe({osdmap=0}) v2 -337>
2017-12-02 17:52:48.799965 7f794074f700 1 -- 10.1.80.4:6789/0 <== client.8094259 10.1.80.3:0/2507307883 6 ==== mon_subscribe({osdmap=0}) v2 ==== 23+0+0 (319581110 0 0) 0x55cf201f3b00 con 0x55cf1fcc3000 -336>
2017-12-02 17:52:48.799975 7f794074f700 1 -- 10.1.80.4:6789/0 --> 10.1.80.3:0/2507307883 -- osd_map(2982..2982 src has 2466..2982) v3 -- 0x55cf1fbf6800 con 0 -335>
2017-12-02 17:52:48.800522 7f793d749700 5 -- 10.1.80.4:6789/0 >> 10.1.80.3:0/2507307883 conn(0x55cf1fcc3000 :6789 s=STATE_OPEN_MESSAGE_READ_FOOTER_AND_DISPATCH pgs=1 cs=1 l=1). rx client.8094259 seq 7 0x55cf1f4bdd40 getpoolstats(1 ceph v0) v1 -334>
2017-12-02 17:52:48.800559 7f794074f700 1 -- 10.1.80.4:6789/0 <== client.8094259 10.1.80.3:0/2507307883 7 ==== getpoolstats(1 ceph v0) v1 ==== 46+0+0 (2788013228 0 0) 0x55cf1f4bdd40 con 0x55cf1fcc3000 -333>
2017-12-02 17:52:48.800567 7f794074f700 5 mon.c1n4@3(peon).paxos(paxos active c 1193506..1194202) is_readable = 1 - now=2017-12-02 17:52:48.800567 lease_expire=2017-12-02 17:52:53.440688 has v0 lc 1194202 -332>
2017-12-02 17:52:48.800578 7f794074f700 2 mon.c1n4@3(peon) e4 send_reply 0x55cf1fd0e780 0x55cf1f740300 getpoolstatsreply(1 v946120) v1 -331>
2017-12-02 17:52:48.800581 7f794074f700 1 -- 10.1.80.4:6789/0 --> 10.1.80.3:0/2507307883 -- getpoolstatsreply(1 v946120) v1 -- 0x55cf1f740300 con 0 -330>
2017-12-02 17:52:48.800837 7f793d749700 5 -- 10.1.80.4:6789/0 >> 10.1.80.3:0/2507307883 conn(0x55cf1fcc3000 :6789 s=STATE_OPEN_MESSAGE_READ_FOOTER_AND_DISPATCH pgs=1 cs=1 l=1). rx client.8094259 seq 8 0x55cf1f4beac0 statfs(2 pool -1 v946120) v2 -329>
2017-12-02 17:52:48.800850 7f794074f700 1 -- 10.1.80.4:6789/0 <== client.8094259 10.1.80.3:0/2507307883 8 ==== statfs(2 pool -1 v946120) v2 ==== 35+0+0 (2798985461 0 0) 0x55cf1f4beac0 con 0x55cf1fcc3000 -328>
2017-12-02 17:52:48.800858 7f794074f700 5 mon.c1n4@3(peon).paxos(paxos active c 1193506..1194202) is_readable = 1 - now=2017-12-02 17:52:48.800858 lease_expire=2017-12-02 17:52:53.440688 has v0 lc 1194202 -327>
2017-12-02 17:52:48.800866 7f794074f700 2 mon.c1n4@3(peon) e4 send_reply 0x55cf1fd0e780 0x55cf1f4bdd40 statfs_reply(2) v1 -326>
2017-12-02 17:52:48.800869 7f794074f700 1 -- 10.1.80.4:6789/0 --> 10.1.80.3:0/2507307883 -- statfs_reply(2) v1 -- 0x55cf1f4bdd40 con 0 -325>
2017-12-02 17:52:48.801221 7f793d749700 1 -- 10.1.80.4:6789/0 >> 10.1.80.3:0/2507307883 conn(0x55cf1fcc3000 :6789 s=STATE_OPEN pgs=1 cs=1 l=1).read_bulk peer close file descriptor 34 -324>
2017-12-02 17:52:48.801229 7f793d749700 1 -- 10.1.80.4:6789/0 >> 10.1.80.3:0/2507307883 conn(0x55cf1fcc3000 :6789 s=STATE_OPEN pgs=1 cs=1 l=1).read_until read failed -323>
2017-12-02 17:52:48.801233 7f793d749700 1 -- 10.1.80.4:6789/0 >> 10.1.80.3:0/2507307883 conn(0x55cf1fcc3000 :6789 s=STATE_OPEN pgs=1 cs=1 l=1).process read tag failed -322>
2017-12-02 17:52:48.801237 7f793d749700 1 -- 10.1.80.4:6789/0 >> 10.1.80.3:0/2507307883 conn(0x55cf1fcc3000 :6789 s=STATE_OPEN pgs=1 cs=1 l=1).fault on lossy channel, failing -321>
2017-12-02 17:52:48.801241 7f793d749700 2 -- 10.1.80.4:6789/0 >> 10.1.80.3:0/2507307883 conn(0x55cf1fcc3000 :6789 s=STATE_OPEN pgs=1 cs=1 l=1)._stop -320>
2017-12-02 17:52:50.440906 7f793c747700 5 -- 10.1.80.4:6789/0 >> 10.1.80.1:6789/0 conn(0x55cf1fade000 :-1 s=STATE_OPEN_MESSAGE_READ_FOOTER_AND_DISPATCH pgs=851208 cs=1 l=0). rx mon.0 seq 1526133589 0x55cf1fc349c0 paxos(begin lc 1194202 fc 0 pn 21200 opn 0) v4 -319>
2017-12-02 17:52:50.440956 7f794074f700 1 -- 10.1.80.4:6789/0 <== mon.0 10.1.80.1:6789/0 1526133589 ==== paxos(begin lc 1194202 fc 0 pn 21200 opn 0) v4 ==== 2566+0+0 (1237584760 0 0) 0x55cf1fc349c0 con 0x55cf1fade000 -318>
2017-12-02 17:52:50.441565 7f794074f700 1 -- 10.1.80.4:6789/0 --> 10.1.80.1:6789/0 -- paxos(accept lc 1194202 fc 0 pn 21200 opn 0) v4 -- 0x55cf1fc34d00 con 0 -317>
2017-12-02 17:52:50.442558 7f793c747700 5 -- 10.1.80.4:6789/0 >> 10.1.80.1:6789/0 conn(0x55cf1fade000 :-1 s=STATE_OPEN_MESSAGE_READ_FOOTER_AND_DISPATCH pgs=851208 cs=1 l=0). rx mon.0 seq 1526133590 0x55cf1fc34d00 paxos(commit lc 1194203 fc 0 pn 21200 opn 0) v4 -316>
2017-12-02 17:52:50.442600 7f794074f700 1 -- 10.1.80.4:6789/0 <== mon.0 10.1.80.1:6789/0 1526133590 ==== paxos(commit lc 1194203 fc 0 pn 21200 opn 0) v4 ==== 2566+0+0 (963380692 0 0) 0x55cf1fc34d00 con 0x55cf1fade000 -315>
2017-12-02 17:52:50.442757 7f793c747700 5 -- 10.1.80.4:6789/0 >> 10.1.80.1:6789/0 conn(0x55cf1fade000 :-1 s=STATE_OPEN_MESSAGE_READ_FOOTER_AND_DISPATCH pgs=851208 cs=1 l=0). rx mon.0 seq 1526133591 0x55cf1fc35040 paxos(lease lc 1194203 fc 1193506 pn 0 opn 0) v4 -314>
2017-12-02 17:52:50.443153 7f794074f700 4 mgrc handle_mgr_map Got map version 219 -313>
2017-12-02 17:52:50.443161 7f794074f700 4 mgrc handle_mgr_map Active mgr is now 10.1.80.3:6832/18816 -312>
2017-12-02 17:52:50.443308 7f794074f700 1 -- 10.1.80.4:6789/0 <== mon.0 10.1.80.1:6789/0 1526133591 ==== paxos(lease lc 1194203 fc 1193506 pn 0 opn 0) v4 ==== 84+0+0 (2970260694 0 0) 0x55cf1fc35040 con 0x55cf1fade000 -311>
2017-12-02 17:52:50.443325 7f794074f700 1 -- 10.1.80.4:6789/0 --> 10.1.80.1:6789/0 -- paxos(lease_ack lc 1194203 fc 1193506 pn 0 opn 0) v4 -- 0x55cf1fc34d00 con 0 -310>
2017-12-02 17:52:50.443339 7f794074f700 5 mon.c1n4@3(peon).monmap v4 apply_mon_features wait for service to be writeable -309>
2017-12-02 17:52:50.443344 7f794074f700 5 mon.c1n4@3(peon).paxos(paxos active c 1193506..1194203) is_readable = 1 - now=2017-12-02 17:52:50.443345 lease_expire=2017-12-02 17:52:55.443113 has v0 lc 1194203 -308>
2017-12-02 17:52:51.389058 7f793d749700 1 -- 10.1.80.4:6789/0 >> - conn(0x55cf1fcc1800 :6789 s=STATE_ACCEPTING pgs=0 cs=0 l=0)._process_connection sd=34 - -307>
2017-12-02 17:52:51.389249 7f793d749700 2 -- 10.1.80.4:6789/0 >> 10.1.80.1:0/1657422216 conn(0x55cf1fcc1800 :6789 s=STATE_ACCEPTING_WAIT_SEQ pgs=1 cs=1 l=1).handle_connect_msg accept write reply msg done -306>
2017-12-02 17:52:51.389311 7f793d749700 2 -- 10.1.80.4:6789/0 >> 10.1.80.1:0/1657422216 conn(0x55cf1fcc1800 :6789 s=STATE_ACCEPTING_WAIT_SEQ pgs=1 cs=1 l=1)._process_connection accept get newly_acked_seq 0 -305>
2017-12-02 17:52:51.389415 7f793d749700 5 -- 10.1.80.4:6789/0 >> 10.1.80.1:0/1657422216 conn(0x55cf1fcc1800 :6789 s=STATE_OPEN_MESSAGE_READ_FOOTER_AND_DISPATCH pgs=1 cs=1 l=1). rx client.? seq 1 0x55cf1f740300 auth(proto 0 30 bytes epoch 0) v1 -304>
2017-12-02 17:52:51.389431 7f794074f700 1 -- 10.1.80.4:6789/0 <== client.? 10.1.80.1:0/1657422216 1 ==== auth(proto 0 30 bytes epoch 0) v1 ==== 60+0+0 (673663173 0 0) 0x55cf1f740300 con 0x55cf1fcc1800 -303>
2017-12-02 17:52:51.389453 7f794074f700 5 mon.c1n4@3(peon).paxos(paxos active c 1193506..1194203) is_readable = 1 - now=2017-12-02 17:52:51.389453 lease_expire=2017-12-02 17:52:55.443113 has v0 lc 1194203 -302>
2017-12-02 17:52:51.389484 7f794074f700 1 -- 10.1.80.4:6789/0 --> 10.1.80.1:0/1657422216 -- mon_map magic: 0 v1 -- 0x55cf1f741c00 con 0 -301>
2017-12-02 17:52:51.389510 7f794074f700 2 mon.c1n4@3(peon) e4 send_reply 0x55cf1fd0e780 0x55cf1f741700 auth_reply(proto 2 0 (0) Success) v1 -300>
2017-12-02 17:52:51.389519 7f794074f700 1 -- 10.1.80.4:6789/0 --> 10.1.80.1:0/1657422216 -- auth_reply(proto 2 0 (0) Success) v1 -- 0x55cf1f741700 con 0 -299>
2017-12-02 17:52:51.389849 7f793d749700 5 -- 10.1.80.4:6789/0 >> 10.1.80.1:0/1657422216 conn(0x55cf1fcc1800 :6789 s=STATE_OPEN_MESSAGE_READ_FOOTER_AND_DISPATCH pgs=1 cs=1 l=1). rx client.? seq 2 0x55cf1f741700 auth(proto 2 32 bytes epoch 0) v1 -298>
2017-12-02 17:52:51.389894 7f794074f700 1 -- 10.1.80.4:6789/0 <== client.? 10.1.80.1:0/1657422216 2 ==== auth(proto 2 32 bytes epoch 0) v1 ==== 62+0+0 (1701314080 0 0) 0x55cf1f741700 con 0x55cf1fcc1800 -297>
2017-12-02 17:52:51.389910 7f794074f700 5 mon.c1n4@3(peon).paxos(paxos active c 1193506..1194203) is_readable = 1 - now=2017-12-02 17:52:51.389910 lease_expire=2017-12-02 17:52:55.443113 has v0 lc 1194203 -296>
2017-12-02 17:52:51.390030 7f794074f700 2 mon.c1n4@3(peon) e4 send_reply 0x55cf1fd0e780 0x55cf1f740300 auth_reply(proto 2 0 (0) Success) v1 -295>
2017-12-02 17:52:51.390039 7f794074f700 1 -- 10.1.80.4:6789/0 --> 10.1.80.1:0/1657422216 -- auth_reply(proto 2 0 (0) Success) v1 -- 0x55cf1f740300 con 0 -294>
2017-12-02 17:52:51.390225 7f793d749700 5 -- 10.1.80.4:6789/0 >> 10.1.80.1:0/1657422216 conn(0x55cf1fcc1800 :6789 s=STATE_OPEN_MESSAGE_READ_FOOTER_AND_DISPATCH pgs=1 cs=1 l=1). rx client.? seq 3 0x55cf1f740300 auth(proto 2 165 bytes epoch 0) v1 -293>
2017-12-02 17:52:51.390271 7f794074f700 1 -- 10.1.80.4:6789/0 <== client.? 10.1.80.1:0/1657422216 3 ==== auth(proto 2 165 bytes epoch 0) v1 ==== 195+0+0 (2335530851 0 0) 0x55cf1f740300 con 0x55cf1fcc1800 -292>
2017-12-02 17:52:51.390281 7f794074f700 5 mon.c1n4@3(peon).paxos(paxos active c 1193506..1194203) is_readable = 1 - now=2017-12-02 17:52:51.390281 lease_expire=2017-12-02 17:52:55.443113 has v0 lc 1194203 -291>
2017-12-02 17:52:51.390411 7f794074f700 2 mon.c1n4@3(peon) e4 send_reply 0x55cf1fd0e780 0x55cf1f741700 auth_reply(proto 2 0 (0) Success) v1 -290>
2017-12-02 17:52:51.390418 7f794074f700 1 -- 10.1.80.4:6789/0 --> 10.1.80.1:0/1657422216 -- auth_reply(proto 2 0 (0) Success) v1 -- 0x55cf1f741700 con 0 -289>
2017-12-02 17:52:51.390575 7f793d749700 1 -- 10.1.80.4:6789/0 >> 10.1.80.1:0/1657422216 conn(0x55cf1fcc1800 :6789 s=STATE_OPEN pgs=1 cs=1 l=1).read_bulk peer close file descriptor 34 -288>
2017-12-02 17:52:51.390586 7f793d749700 1 -- 10.1.80.4:6789/0 >> 10.1.80.1:0/1657422216 conn(0x55cf1fcc1800 :6789 s=STATE_OPEN pgs=1 cs=1 l=1).read_until read failed -287>
2017-12-02 17:52:51.390590 7f793d749700 1 -- 10.1.80.4:6789/0 >> 10.1.80.1:0/1657422216 conn(0x55cf1fcc1800 :6789 s=STATE_OPEN pgs=1 cs=1 l=1).process read tag failed -286>
2017-12-02 17:52:51.390594 7f793d749700 1 -- 10.1.80.4:6789/0 >> 10.1.80.1:0/1657422216 conn(0x55cf1fcc1800 :6789 s=STATE_OPEN pgs=1 cs=1 l=1).fault on lossy channel, failing -285>
2017-12-02 17:52:51.390598 7f793d749700 2 -- 10.1.80.4:6789/0 >> 10.1.80.1:0/1657422216 conn(0x55cf1fcc1800 :6789 s=STATE_OPEN pgs=1 cs=1 l=1)._stop -284>
