2017-12-02 17:51:48.928806 7f793c747700 2 -- 10.1.80.4:6789/0 >> 10.1.80.2:0/3186241552 conn(0x55cf1fb7c800 :6789 s=STATE_ACCEPTING_WAIT_SEQ pgs=2 cs=1 l=1).handle_connect_msg accept write reply msg done -1595>
2017-12-02 17:51:48.928902 7f793c747700 2 -- 10.1.80.4:6789/0 >> 10.1.80.2:0/3186241552 conn(0x55cf1fb7c800 :6789 s=STATE_ACCEPTING_WAIT_SEQ pgs=2 cs=1 l=1)._process_connection accept get newly_acked_seq 0 -1594>
2017-12-02 17:51:48.928960 7f793c747700 5 -- 10.1.80.4:6789/0 >> 10.1.80.2:0/3186241552 conn(0x55cf1fb7c800 :6789 s=STATE_OPEN_MESSAGE_READ_FOOTER_AND_DISPATCH pgs=2 cs=1 l=1). rx client.? seq 1 0x55cf1fbf6a80 auth(proto 0 30 bytes epoch 0) v1 -1593>
2017-12-02 17:51:48.928995 7f794074f700 1 -- 10.1.80.4:6789/0 <== client.? 10.1.80.2:0/3186241552 1 ==== auth(proto 0 30 bytes epoch 0) v1 ==== 60+0+0 (673663173 0 0) 0x55cf1fbf6a80 con 0x55cf1fb7c800 -1592>
2017-12-02 17:51:48.929018 7f794074f700 5 mon.c1n4@3(peon).paxos(paxos active c 1193506..1194160) is_readable = 1 - now=2017-12-02 17:51:48.929019 lease_expire=2017-12-02 17:51:53.391832 has v0 lc 1194160 -1591>
2017-12-02 17:51:48.929049 7f794074f700 1 -- 10.1.80.4:6789/0 --> 10.1.80.2:0/3186241552 -- mon_map magic: 0 v1 -- 0x55cf1f740300 con 0 -1590>
2017-12-02 17:51:48.929075 7f794074f700 2 mon.c1n4@3(peon) e4 send_reply 0x55cf1fd0e780 0x55cf1fbf6580 auth_reply(proto 2 0 (0) Success) v1 -1589>
2017-12-02 17:51:48.929084 7f794074f700 1 -- 10.1.80.4:6789/0 --> 10.1.80.2:0/3186241552 -- auth_reply(proto 2 0 (0) Success) v1 -- 0x55cf1fbf6580 con 0 -1588>
2017-12-02 17:51:48.929343 7f793c747700 5 -- 10.1.80.4:6789/0 >> 10.1.80.2:0/3186241552 conn(0x55cf1fb7c800 :6789 s=STATE_OPEN_MESSAGE_READ_FOOTER_AND_DISPATCH pgs=2 cs=1 l=1). rx client.? seq 2 0x55cf1fbf6580 auth(proto 2 32 bytes epoch 0) v1 -1587>
2017-12-02 17:51:48.929360 7f794074f700 1 -- 10.1.80.4:6789/0 <== client.? 10.1.80.2:0/3186241552 2 ==== auth(proto 2 32 bytes epoch 0) v1 ==== 62+0+0 (3878867969 0 0) 0x55cf1fbf6580 con 0x55cf1fb7c800 -1586>
2017-12-02 17:51:48.929370 7f794074f700 5 mon.c1n4@3(peon).paxos(paxos active c 1193506..1194160) is_readable = 1 - now=2017-12-02 17:51:48.929371 lease_expire=2017-12-02 17:51:53.391832 has v0 lc 1194160 -1585>
2017-12-02 17:51:48.929479 7f794074f700 2 mon.c1n4@3(peon) e4 send_reply 0x55cf1fd0e780 0x55cf1fbf6a80 auth_reply(proto 2 0 (0) Success) v1 -1584>
2017-12-02 17:51:48.929486 7f794074f700 1 -- 10.1.80.4:6789/0 --> 10.1.80.2:0/3186241552 -- auth_reply(proto 2 0 (0) Success) v1 -- 0x55cf1fbf6a80 con 0 -1583>
2017-12-02 17:51:48.929690 7f793c747700 5 -- 10.1.80.4:6789/0 >> 10.1.80.2:0/3186241552 conn(0x55cf1fb7c800 :6789 s=STATE_OPEN_MESSAGE_READ_FOOTER_AND_DISPATCH pgs=2 cs=1 l=1). rx client.? seq 3 0x55cf1fbf6a80 auth(proto 2 165 bytes epoch 0) v1 -1582>
2017-12-02 17:51:48.929703 7f794074f700 1 -- 10.1.80.4:6789/0 <== client.? 10.1.80.2:0/3186241552 3 ==== auth(proto 2 165 bytes epoch 0) v1 ==== 195+0+0 (1999356241 0 0) 0x55cf1fbf6a80 con 0x55cf1fb7c800 -1581>
2017-12-02 17:51:48.929711 7f794074f700 5 mon.c1n4@3(peon).paxos(paxos active c 1193506..1194160) is_readable = 1 - now=2017-12-02 17:51:48.929711 lease_expire=2017-12-02 17:51:53.391832 has v0 lc 1194160 -1580>
2017-12-02 17:51:48.929829 7f794074f700 2 mon.c1n4@3(peon) e4 send_reply 0x55cf1fd0e780 0x55cf1fbf6580 auth_reply(proto 2 0 (0) Success) v1 -1579>
2017-12-02 17:51:48.929835 7f794074f700 1 -- 10.1.80.4:6789/0 --> 10.1.80.2:0/3186241552 -- auth_reply(proto 2 0 (0) Success) v1 -- 0x55cf1fbf6580 con 0 -1578>
2017-12-02 17:51:48.930008 7f793c747700 1 -- 10.1.80.4:6789/0 >> 10.1.80.2:0/3186241552 conn(0x55cf1fb7c800 :6789 s=STATE_OPEN pgs=2 cs=1 l=1).read_bulk peer close file descriptor 34 -1577>
2017-12-02 17:51:48.930015 7f793c747700 1 -- 10.1.80.4:6789/0 >> 10.1.80.2:0/3186241552 conn(0x55cf1fb7c800 :6789 s=STATE_OPEN pgs=2 cs=1 l=1).read_until read failed -1576>
2017-12-02 17:51:48.930019 7f793c747700 1 -- 10.1.80.4:6789/0 >> 10.1.80.2:0/3186241552 conn(0x55cf1fb7c800 :6789 s=STATE_OPEN pgs=2 cs=1 l=1).process read tag failed -1575>
2017-12-02 17:51:48.930024 7f793c747700 1 -- 10.1.80.4:6789/0 >> 10.1.80.2:0/3186241552 conn(0x55cf1fb7c800 :6789 s=STATE_OPEN pgs=2 cs=1 l=1).fault on lossy channel, failing -1574>
2017-12-02 17:51:48.930028 7f793c747700 2 -- 10.1.80.4:6789/0 >> 10.1.80.2:0/3186241552 conn(0x55cf1fb7c800 :6789 s=STATE_OPEN pgs=2 cs=1 l=1)._stop -1573>
2017-12-02 17:51:48.930039 7f793c747700 1 -- 10.1.80.4:6789/0 reap_dead start -1572>
2017-12-02 17:51:48.930043 7f793c747700 5 -- 10.1.80.4:6789/0 reap_dead delete 0x55cf1fb7b000 -1571>
2017-12-02 17:51:48.930051 7f793c747700 5 -- 10.1.80.4:6789/0 reap_dead delete 0x55cf1fb7c800 -1570>
2017-12-02 17:51:48.930055 7f793c747700 5 -- 10.1.80.4:6789/0 reap_dead delete 0x55cf1fcc1800 -1569>
2017-12-02 17:51:48.930060 7f793c747700 5 -- 10.1.80.4:6789/0 reap_dead delete 0x55cf1fcc3000 -1568>
2017-12-02 17:51:48.930064 7f793c747700 5 -- 10.1.80.4:6789/0 reap_dead delete 0x55cf1fcc4800 -1567>
2017-12-02 17:51:50.357585 7f793c747700 5 -- 10.1.80.4:6789/0 >> 10.1.80.1:6789/0 conn(0x55cf1fade000 :-1 s=STATE_OPEN_MESSAGE_READ_FOOTER_AND_DISPATCH pgs=851208 cs=1 l=0). rx mon.0 seq 1526133462 0x55cf201b49c0 paxos(begin lc 1194160 fc 0 pn 21200 opn 0) v4 -1566>
2017-12-02 17:51:50.357682 7f794074f700 1 -- 10.1.80.4:6789/0 <== mon.0 10.1.80.1:6789/0 1526133462 ==== paxos(begin lc 1194160 fc 0 pn 21200 opn 0) v4 ==== 10294+0+0 (1909259877 0 0) 0x55cf201b49c0 con 0x55cf1fade000 -1565>
2017-12-02 17:51:50.358363 7f794074f700 1 -- 10.1.80.4:6789/0 --> 10.1.80.1:6789/0 -- paxos(accept lc 1194160 fc 0 pn 21200 opn 0) v4 -- 0x55cf201b4d00 con 0 -1564>
2017-12-02 17:51:50.359416 7f793c747700 5 -- 10.1.80.4:6789/0 >> 10.1.80.1:6789/0 conn(0x55cf1fade000 :-1 s=STATE_OPEN_MESSAGE_READ_FOOTER_AND_DISPATCH pgs=851208 cs=1 l=0). rx mon.0 seq 1526133463 0x55cf201b4d00 paxos(commit lc 1194161 fc 0 pn 21200 opn 0) v4 -1563>
2017-12-02 17:51:50.359486 7f794074f700 1 -- 10.1.80.4:6789/0 <== mon.0 10.1.80.1:6789/0 1526133463 ==== paxos(commit lc 1194161 fc 0 pn 21200 opn 0) v4 ==== 10294+0+0 (2664567238 0 0) 0x55cf201b4d00 con 0x55cf1fade000 -1562>
2017-12-02 17:51:50.359574 7f793c747700 5 -- 10.1.80.4:6789/0 >> 10.1.80.1:6789/0 conn(0x55cf1fade000 :-1 s=STATE_OPEN_MESSAGE_READ_FOOTER_AND_DISPATCH pgs=851208 cs=1 l=0). rx mon.0 seq 1526133464 0x55cf201b5040 paxos(lease lc 1194161 fc 1193506 pn 0 opn 0) v4 -1561>
2017-12-02 17:51:50.360168 7f794074f700 4 mgrc handle_mgr_map Got map version 219 -1560>
2017-12-02 17:51:50.360173 7f794074f700 4 mgrc handle_mgr_map Active mgr is now 10.1.80.3:6832/18816 -1559>
2017-12-02 17:51:50.360303 7f794074f700 1 -- 10.1.80.4:6789/0 <== mon.0 10.1.80.1:6789/0 1526133464 ==== paxos(lease lc 1194161 fc 1193506 pn 0 opn 0) v4 ==== 84+0+0 (2179110048 0 0) 0x55cf201b5040 con 0x55cf1fade000 -1558>
2017-12-02 17:51:50.360319 7f794074f700 1 -- 10.1.80.4:6789/0 --> 10.1.80.1:6789/0 -- paxos(lease_ack lc 1194161 fc 1193506 pn 0 opn 0) v4 -- 0x55cf201b4d00 con 0 -1557>
2017-12-02 17:51:50.360332 7f794074f700 5 mon.c1n4@3(peon).monmap v4 apply_mon_features wait for service to be writeable -1556>
2017-12-02 17:51:50.360353 7f794074f700 5 mon.c1n4@3(peon).paxos(paxos active c 1193506..1194161) is_readable = 1 - now=2017-12-02 17:51:50.360354 lease_expire=2017-12-02 17:51:55.359961 has v0 lc 1194161 -1555>
2017-12-02 17:51:50.391566 7f793c747700 5 -- 10.1.80.4:6789/0 >> 10.1.80.1:6789/0 conn(0x55cf1fade000 :-1 s=STATE_OPEN_MESSAGE_READ_FOOTER_AND_DISPATCH pgs=851208 cs=1 l=0). rx mon.0 seq 1526133465 0x55cf201b4d00 paxos(begin lc 1194161 fc 0 pn 21200 opn 0) v4 -1554>
2017-12-02 17:51:50.391621 7f794074f700 1 -- 10.1.80.4:6789/0 <== mon.0 10.1.80.1:6789/0 1526133465 ==== paxos(begin lc 1194161 fc 0 pn 21200 opn 0) v4 ==== 2558+0+0 (3115427693 0 0) 0x55cf201b4d00 con 0x55cf1fade000 -1553>
2017-12-02 17:51:50.392068 7f794074f700 1 -- 10.1.80.4:6789/0 --> 10.1.80.1:6789/0 -- paxos(accept lc 1194161 fc 0 pn 21200 opn 0) v4 -- 0x55cf201b5040 con 0 -1552>
2017-12-02 17:51:50.392967 7f793c747700 5 -- 10.1.80.4:6789/0 >> 10.1.80.1:6789/0 conn(0x55cf1fade000 :-1 s=STATE_OPEN_MESSAGE_READ_FOOTER_AND_DISPATCH pgs=851208 cs=1 l=0). rx mon.0 seq 1526133466 0x55cf201b5040 paxos(commit lc 1194162 fc 0 pn 21200 opn 0) v4 -1551>
2017-12-02 17:51:50.393037 7f794074f700 1 -- 10.1.80.4:6789/0 <== mon.0 10.1.80.1:6789/0 1526133466 ==== paxos(commit lc 1194162 fc 0 pn 21200 opn 0) v4 ==== 2558+0+0 (3664043510 0 0) 0x55cf201b5040 con 0x55cf1fade000 -1550>
2017-12-02 17:51:50.393106 7f793c747700 5 -- 10.1.80.4:6789/0 >> 10.1.80.1:6789/0 conn(0x55cf1fade000 :-1 s=STATE_OPEN_MESSAGE_READ_FOOTER_AND_DISPATCH pgs=851208 cs=1 l=0). rx mon.0 seq 1526133467 0x55cf201b5380 paxos(lease lc 1194162 fc 1193506 pn 0 opn 0) v4 -1549>
2017-12-02 17:51:50.393579 7f794074f700 4 mgrc handle_mgr_map Got map version 219 -1548>
2017-12-02 17:51:50.393585 7f794074f700 4 mgrc handle_mgr_map Active mgr is now 10.1.80.3:6832/18816 -1547>
2017-12-02 17:51:50.393684 7f794074f700 1 -- 10.1.80.4:6789/0 <== mon.0 10.1.80.1:6789/0 1526133467 ==== paxos(lease lc 1194162 fc 1193506 pn 0 opn 0) v4 ==== 84+0+0 (2013286313 0 0) 0x55cf201b5380 con 0x55cf1fade000 -1546>
2017-12-02 17:51:50.393698 7f794074f700 1 -- 10.1.80.4:6789/0 --> 10.1.80.1:6789/0 -- paxos(lease_ack lc 1194162 fc 1193506 pn 0 opn 0) v4 -- 0x55cf201b5040 con 0 -1545>
2017-12-02 17:51:50.393713 7f794074f700 5 mon.c1n4@3(peon).monmap v4 apply_mon_features wait for service to be writeable -1544>
2017-12-02 17:51:50.393735 7f794074f700 5 mon.c1n4@3(peon).paxos(paxos active c 1193506..1194162) is_readable = 1 - now=2017-12-02 17:51:50.393735 lease_expire=2017-12-02 17:51:55.393486 has v0 lc 1194162 -1543>
2017-12-02 17:51:51.604103 7f793c747700 1 -- 10.1.80.4:6789/0 >> - conn(0x55cf1fb7c800 :6789 s=STATE_ACCEPTING pgs=0 cs=0 l=0)._process_connection sd=34 - -1542>
2017-12-02 17:51:51.604243 7f793c747700 2 -- 10.1.80.4:6789/0 >> 10.1.80.1:0/3613770440 conn(0x55cf1fb7c800 :6789 s=STATE_ACCEPTING_WAIT_SEQ pgs=2 cs=1 l=1).handle_connect_msg accept write reply msg done -1541>
2017-12-02 17:51:51.604319 7f793c747700 2 -- 10.1.80.4:6789/0 >> 10.1.80.1:0/3613770440 conn(0x55cf1fb7c800 :6789 s=STATE_ACCEPTING_WAIT_SEQ pgs=2 cs=1 l=1)._process_connection accept get newly_acked_seq 0 -1540>
2017-12-02 17:51:51.604405 7f793c747700 5 -- 10.1.80.4:6789/0 >> 10.1.80.1:0/3613770440 conn(0x55cf1fb7c800 :6789 s=STATE_OPEN_MESSAGE_READ_FOOTER_AND_DISPATCH pgs=2 cs=1 l=1). rx client.? seq 1 0x55cf1fbf6580 auth(proto 0 30 bytes epoch 0) v1 -1539>
2017-12-02 17:51:51.604422 7f794074f700 1 -- 10.1.80.4:6789/0 <== client.? 10.1.80.1:0/3613770440 1 ==== auth(proto 0 30 bytes epoch 0) v1 ==== 60+0+0 (673663173 0 0) 0x55cf1fbf6580 con 0x55cf1fb7c800 -1538>
2017-12-02 17:51:51.604447 7f794074f700 5 mon.c1n4@3(peon).paxos(paxos active c 1193506..1194162) is_readable = 1 - now=2017-12-02 17:51:51.604447 lease_expire=2017-12-02 17:51:55.393486 has v0 lc 1194162 -1537>
2017-12-02 17:51:51.604480 7f794074f700 1 -- 10.1.80.4:6789/0 --> 10.1.80.1:0/3613770440 -- mon_map magic: 0 v1 -- 0x55cf1fbf6a80 con 0 -1536>
2017-12-02 17:51:51.604510 7f794074f700 2 mon.c1n4@3(peon) e4 send_reply 0x55cf1fd0e780 0x55cf1fbf6d00 auth_reply(proto 2 0 (0) Success) v1 -1535>
2017-12-02 17:51:51.604519 7f794074f700 1 -- 10.1.80.4:6789/0 --> 10.1.80.1:0/3613770440 -- auth_reply(proto 2 0 (0) Success) v1 -- 0x55cf1fbf6d00 con 0 -1534>
2017-12-02 17:51:51.604921 7f793c747700 5 -- 10.1.80.4:6789/0 >> 10.1.80.1:0/3613770440 conn(0x55cf1fb7c800 :6789 s=STATE_OPEN_MESSAGE_READ_FOOTER_AND_DISPATCH pgs=2 cs=1 l=1). rx client.? seq 2 0x55cf1fbf6d00 auth(proto 2 32 bytes epoch 0) v1 -1533>
2017-12-02 17:51:51.604936 7f794074f700 1 -- 10.1.80.4:6789/0 <== client.? 10.1.80.1:0/3613770440 2 ==== auth(proto 2 32 bytes epoch 0) v1 ==== 62+0+0 (314675113 0 0) 0x55cf1fbf6d00 con 0x55cf1fb7c800 -1532>
2017-12-02 17:51:51.604945 7f794074f700 5 mon.c1n4@3(peon).paxos(paxos active c 1193506..1194162) is_readable = 1 - now=2017-12-02 17:51:51.604946 lease_expire=2017-12-02 17:51:55.393486 has v0 lc 1194162 -1531>
2017-12-02 17:51:51.605061 7f794074f700 2 mon.c1n4@3(peon) e4 send_reply 0x55cf1fd0e780 0x55cf1fbf6580 auth_reply(proto 2 0 (0) Success) v1 -1530>
2017-12-02 17:51:51.605068 7f794074f700 1 -- 10.1.80.4:6789/0 --> 10.1.80.1:0/3613770440 -- auth_reply(proto 2 0 (0) Success) v1 -- 0x55cf1fbf6580 con 0 -1529>
2017-12-02 17:51:51.605346 7f793c747700 5 -- 10.1.80.4:6789/0 >> 10.1.80.1:0/3613770440 conn(0x55cf1fb7c800 :6789 s=STATE_OPEN_MESSAGE_READ_FOOTER_AND_DISPATCH pgs=2 cs=1 l=1). rx client.? seq 3 0x55cf1fbf6580 auth(proto 2 165 bytes epoch 0) v1 -1528>
2017-12-02 17:51:51.605381 7f794074f700 1 -- 10.1.80.4:6789/0 <== client.? 10.1.80.1:0/3613770440 3 ==== auth(proto 2 165 bytes epoch 0) v1 ==== 195+0+0 (1033644802 0 0) 0x55cf1fbf6580 con 0x55cf1fb7c800 -1527>
2017-12-02 17:51:51.605391 7f794074f700 5 mon.c1n4@3(peon).paxos(paxos active c 1193506..1194162) is_readable = 1 - now=2017-12-02 17:51:51.605391 lease_expire=2017-12-02 17:51:55.393486 has v0 lc 1194162 -1526>
2017-12-02 17:51:51.605509 7f794074f700 2 mon.c1n4@3(peon) e4 send_reply 0x55cf1fd0e780 0x55cf1fbf6d00 auth_reply(proto 2 0 (0) Success) v1 -1525>
2017-12-02 17:51:51.605515 7f794074f700 1 -- 10.1.80.4:6789/0 --> 10.1.80.1:0/3613770440 -- auth_reply(proto 2 0 (0) Success) v1 -- 0x55cf1fbf6d00 con 0 -1524>
2017-12-02 17:51:51.605759 7f793c747700 5 -- 10.1.80.4:6789/0 >> 10.1.80.1:0/3613770440 conn(0x55cf1fb7c800 :6789 s=STATE_OPEN_MESSAGE_READ_FOOTER_AND_DISPATCH pgs=2 cs=1 l=1). rx client.? seq 4 0x55cf201b8d80 mon_subscribe({monmap=0+}) v2 -1523>
2017-12-02 17:51:51.605773 7f794074f700 1 -- 10.1.80.4:6789/0 <== client.? 10.1.80.1:0/3613770440 4 ==== mon_subscribe({monmap=0+}) v2 ==== 23+0+0 (1620593354 0 0) 0x55cf201b8d80 con 0x55cf1fb7c800 -1522>
2017-12-02 17:51:51.605795 7f794074f700 1 -- 10.1.80.4:6789/0 --> 10.1.80.1:0/3613770440 -- mon_map magic: 0 v1 -- 0x55cf1fbf6580 con 0 -1521>
2017-12-02 17:51:51.605807 7f793c747700 5 -- 10.1.80.4:6789/0 >> 10.1.80.1:0/3613770440 conn(0x55cf1fb7c800 :6789 s=STATE_OPEN_MESSAGE_READ_FOOTER_AND_DISPATCH pgs=2 cs=1 l=1). rx client.8094175 seq 5 0x55cf201b9200 mon_subscribe({mgrmap=0+}) v2 -1520>
2017-12-02 17:51:51.605827 7f794074f700 1 -- 10.1.80.4:6789/0 <== client.8094175 10.1.80.1:0/3613770440 5 ==== mon_subscribe({mgrmap=0+}) v2 ==== 23+0+0 (2287485974 0 0) 0x55cf201b9200 con 0x55cf1fb7c800 -1519>
2017-12-02 17:51:51.605846 7f794074f700 1 -- 10.1.80.4:6789/0 --> 10.1.80.1:0/3613770440 -- mgrmap(e 219) v1 -- 0x55cf1f54ed00 con 0 -1518>
2017-12-02 17:51:51.605994 7f793c747700 5 -- 10.1.80.4:6789/0 >> 10.1.80.1:0/3613770440 conn(0x55cf1fb7c800 :6789 s=STATE_OPEN_MESSAGE_READ_FOOTER_AND_DISPATCH pgs=2 cs=1 l=1). rx client.8094175 seq 6 0x55cf201b8240 mon_subscribe({osdmap=0}) v2 -1517>
2017-12-02 17:51:51.606007 7f794074f700 1 -- 10.1.80.4:6789/0 <== client.8094175 10.1.80.1:0/3613770440 6 ==== mon_subscribe({osdmap=0}) v2 ==== 23+0+0 (319581110 0 0) 0x55cf201b8240 con 0x55cf1fb7c800 -1516>
2017-12-02 17:51:51.606020 7f794074f700 1 -- 10.1.80.4:6789/0 --> 10.1.80.1:0/3613770440 -- osd_map(2982..2982 src has 2466..2982) v3 -- 0x55cf1fbf6f80 con 0 -1515>
2017-12-02 17:51:51.606562 7f793c747700 5 -- 10.1.80.4:6789/0 >> 10.1.80.1:0/3613770440 conn(0x55cf1fb7c800 :6789 s=STATE_OPEN_MESSAGE_READ_FOOTER_AND_DISPATCH pgs=2 cs=1 l=1). rx client.8094175 seq 7 0x55cf201b9440 getpoolstats(1 ceph v0) v1 -1514>
2017-12-02 17:51:51.606592 7f794074f700 1 -- 10.1.80.4:6789/0 <== client.8094175 10.1.80.1:0/3613770440 7 ==== getpoolstats(1 ceph v0) v1 ==== 46+0+0 (2788013228 0 0) 0x55cf201b9440 con 0x55cf1fb7c800 -1513>
2017-12-02 17:51:51.606601 7f794074f700 5 mon.c1n4@3(peon).paxos(paxos active c 1193506..1194162) is_readable = 1 - now=2017-12-02 17:51:51.606602 lease_expire=2017-12-02 17:51:55.393486 has v0 lc 1194162 -1512>
2017-12-02 17:51:51.606615 7f794074f700 2 mon.c1n4@3(peon) e4 send_reply 0x55cf1fd0e780 0x55cf1fbf6300 getpoolstatsreply(1 v946091) v1 -1511>
2017-12-02 17:51:51.606619 7f794074f700 1 -- 10.1.80.4:6789/0 --> 10.1.80.1:0/3613770440 -- getpoolstatsreply(1 v946091) v1 -- 0x55cf1fbf6300 con 0 -1510>
2017-12-02 17:51:51.606846 7f793c747700 5 -- 10.1.80.4:6789/0 >> 10.1.80.1:0/3613770440 conn(0x55cf1fb7c800 :6789 s=STATE_OPEN_MESSAGE_READ_FOOTER_AND_DISPATCH pgs=2 cs=1 l=1). rx client.8094175 seq 8 0x55cf1f4bdf80 statfs(2 pool -1 v946091) v2 -1509>
2017-12-02 17:51:51.606859 7f794074f700 1 -- 10.1.80.4:6789/0 <== client.8094175 10.1.80.1:0/3613770440 8 ==== statfs(2 pool -1 v946091) v2 ==== 35+0+0 (3040590460 0 0) 0x55cf1f4bdf80 con 0x55cf1fb7c800 -1508>
2017-12-02 17:51:51.606866 7f794074f700 5 mon.c1n4@3(peon).paxos(paxos active c 1193506..1194162) is_readable = 1 - now=2017-12-02 17:51:51.606866 lease_expire=2017-12-02 17:51:55.393486 has v0 lc 1194162 -1507>
2017-12-02 17:51:51.606877 7f794074f700 2 mon.c1n4@3(peon) e4 send_reply 0x55cf1fd0e780 0x55cf201b8000 statfs_reply(2) v1 -1506>
2017-12-02 17:51:51.606880 7f794074f700 1 -- 10.1.80.4:6789/0 --> 10.1.80.1:0/3613770440 -- statfs_reply(2) v1 -- 0x55cf201b8000 con 0 -1505>
2017-12-02 17:51:51.607273 7f793c747700 1 -- 10.1.80.4:6789/0 >> 10.1.80.1:0/3613770440 conn(0x55cf1fb7c800 :6789 s=STATE_OPEN pgs=2 cs=1 l=1).read_bulk peer close file descriptor 34 -1504>
2017-12-02 17:51:51.607280 7f793c747700 1 -- 10.1.80.4:6789/0 >> 10.1.80.1:0/3613770440 conn(0x55cf1fb7c800 :6789 s=STATE_OPEN pgs=2 cs=1 l=1).read_until read failed -1503>
2017-12-02 17:51:51.607284 7f793c747700 1 -- 10.1.80.4:6789/0 >> 10.1.80.1:0/3613770440 conn(0x55cf1fb7c800 :6789 s=STATE_OPEN pgs=2 cs=1 l=1).process read tag failed -1502>
2017-12-02 17:51:51.607289 7f793c747700 1 -- 10.1.80.4:6789/0 >> 10.1.80.1:0/3613770440 conn(0x55cf1fb7c800 :6789 s=STATE_OPEN pgs=2 cs=1 l=1).fault on lossy channel, failing -1501>
2017-12-02 17:51:51.607293 7f793c747700 2 -- 10.1.80.4:6789/0 >> 10.1.80.1:0/3613770440 conn(0x55cf1fb7c800 :6789 s=STATE_OPEN pgs=2 cs=1 l=1)._stop -1500>
2017-12-02 17:51:51.642961 7f793c747700 1 -- 10.1.80.4:6789/0 >> - conn(0x55cf1fcc4800 :6789 s=STATE_ACCEPTING pgs=0 cs=0 l=0)._process_connection sd=34 - -1499>
2017-12-02 17:51:51.643085 7f793c747700 2 -- 10.1.80.4:6789/0 >> 10.1.80.1:0/2019473175 conn(0x55cf1fcc4800 :6789 s=STATE_ACCEPTING_WAIT_SEQ pgs=1 cs=1 l=1).handle_connect_msg accept write reply msg done -1498>
2017-12-02 17:51:51.643180 7f793c747700 2 -- 10.1.80.4:6789/0 >> 10.1.80.1:0/2019473175 conn(0x55cf1fcc4800 :6789 s=STATE_ACCEPTING_WAIT_SEQ pgs=1 cs=1 l=1)._process_connection accept get newly_acked_seq 0 -1497>
2017-12-02 17:51:51.643255 7f793c747700 5 -- 10.1.80.4:6789/0 >> 10.1.80.1:0/2019473175 conn(0x55cf1fcc4800 :6789 s=STATE_OPEN_MESSAGE_READ_FOOTER_AND_DISPATCH pgs=1 cs=1 l=1). rx client.? seq 1 0x55cf1fbf6300 auth(proto 0 30 bytes epoch 0) v1 -1496>
2017-12-02 17:51:51.643271 7f794074f700 1 -- 10.1.80.4:6789/0 <== client.? 10.1.80.1:0/2019473175 1 ==== auth(proto 0 30 bytes epoch 0) v1 ==== 60+0+0 (673663173 0 0) 0x55cf1fbf6300 con 0x55cf1fcc4800 -1495>
2017-12-02 17:51:51.643288 7f794074f700 5 mon.c1n4@3(peon).paxos(paxos active c 1193506..1194162) is_readable = 1 - now=2017-12-02 17:51:51.643289 lease_expire=2017-12-02 17:51:55.393486 has v0 lc 1194162 -1494>
2017-12-02 17:51:51.643311 7f794074f700 1 -- 10.1.80.4:6789/0 --> 10.1.80.1:0/2019473175 -- mon_map magic: 0 v1 -- 0x55cf1fbf5900 con 0 -1493>
2017-12-02 17:51:51.643332 7f794074f700 2 mon.c1n4@3(peon) e4 send_reply 0x55cf1fd0e780 0x55cf1fbf4f00 auth_reply(proto 2 0 (0) Success) v1 -1492>
2017-12-02 17:51:51.643338 7f794074f700 1 -- 10.1.80.4:6789/0 --> 10.1.80.1:0/2019473175 -- auth_reply(proto 2 0 (0) Success) v1 -- 0x55cf1fbf4f00 con 0 -1491>
2017-12-02 17:51:51.643675 7f793c747700 5 -- 10.1.80.4:6789/0 >> 10.1.80.1:0/2019473175 conn(0x55cf1fcc4800 :6789 s=STATE_OPEN_MESSAGE_READ_FOOTER_AND_DISPATCH pgs=1 cs=1 l=1). rx client.? seq 2 0x55cf1fbf4f00 auth(proto 2 32 bytes epoch 0) v1 -1490>
2017-12-02 17:51:51.643714 7f794074f700 1 -- 10.1.80.4:6789/0 <== client.? 10.1.80.1:0/2019473175 2 ==== auth(proto 2 32 bytes epoch 0) v1 ==== 62+0+0 (3578035978 0 0) 0x55cf1fbf4f00 con 0x55cf1fcc4800 -1489>
2017-12-02 17:51:51.643730 7f794074f700 5 mon.c1n4@3(peon).paxos(paxos active c 1193506..1194162) is_readable = 1 - now=2017-12-02 17:51:51.643730 lease_expire=2017-12-02 17:51:55.393486 has v0 lc 1194162 -1488>
2017-12-02 17:51:51.643807 7f794074f700 2 mon.c1n4@3(peon) e4 send_reply 0x55cf1fd0e780 0x55cf1fbf6300 auth_reply(proto 2 0 (0) Success) v1 -1487>
2017-12-02 17:51:51.643815 7f794074f700 1 -- 10.1.80.4:6789/0 --> 10.1.80.1:0/2019473175 -- auth_reply(proto 2 0 (0) Success) v1 -- 0x55cf1fbf6300 con 0 -1486>
2017-12-02 17:51:51.644026 7f793c747700 5 -- 10.1.80.4:6789/0 >> 10.1.80.1:0/2019473175 conn(0x55cf1fcc4800 :6789 s=STATE_OPEN_MESSAGE_READ_FOOTER_AND_DISPATCH pgs=1 cs=1 l=1). rx client.? seq 3 0x55cf1fbf6300 auth(proto 2 165 bytes epoch 0) v1 -1485>
2017-12-02 17:51:51.644040 7f794074f700 1 -- 10.1.80.4:6789/0 <== client.? 10.1.80.1:0/2019473175 3 ==== auth(proto 2 165 bytes epoch 0) v1 ==== 195+0+0 (4226882300 0 0) 0x55cf1fbf6300 con 0x55cf1fcc4800 -1484>
2017-12-02 17:51:51.644049 7f794074f700 5 mon.c1n4@3(peon).paxos(paxos active c 1193506..1194162) is_readable = 1 - now=2017-12-02 17:51:51.644049 lease_expire=2017-12-02 17:51:55.393486 has v0 lc 1194162 -1483>
2017-12-02 17:51:51.644151 7f794074f700 2 mon.c1n4@3(peon) e4 send_reply 0x55cf1fd0e780 0x55cf1fbf4f00 auth_reply(proto 2 0 (0) Success) v1 -1482>
2017-12-02 17:51:51.644157 7f794074f700 1 -- 10.1.80.4:6789/0 --> 10.1.80.1:0/2019473175 -- auth_reply(proto 2 0 (0) Success) v1 -- 0x55cf1fbf4f00 con 0 -1481>
2017-12-02 17:51:51.644413 7f793c747700 5 -- 10.1.80.4:6789/0 >> 10.1.80.1:0/2019473175 conn(0x55cf1fcc4800 :6789 s=STATE_OPEN_MESSAGE_READ_FOOTER_AND_DISPATCH pgs=1 cs=1 l=1). rx client.? seq 4 0x55cf201b8000 mon_subscribe({monmap=0+}) v2 -1480>
2017-12-02 17:51:51.644432 7f794074f700 1 -- 10.1.80.4:6789/0 <== client.? 10.1.80.1:0/2019473175 4 ==== mon_subscribe({monmap=0+}) v2 ==== 23+0+0 (1620593354 0 0) 0x55cf201b8000 con 0x55cf1fcc4800 -1479>
2017-12-02 17:51:51.644442 7f793c747700 5 -- 10.1.80.4:6789/0 >> 10.1.80.1:0/2019473175 conn(0x55cf1fcc4800 :6789 s=STATE_OPEN_MESSAGE_READ_FOOTER_AND_DISPATCH pgs=1 cs=1 l=1). rx client.8094179 seq 5 0x55cf1f4bef40 mon_subscribe({mgrmap=0+}) v2 -1478>
2017-12-02 17:51:51.644451 7f794074f700 1 -- 10.1.80.4:6789/0 --> 10.1.80.1:0/2019473175 -- mon_map magic: 0 v1 -- 0x55cf1fbf6300 con 0 -1477>
2017-12-02 17:51:51.644463 7f794074f700 1 -- 10.1.80.4:6789/0 <== client.8094179 10.1.80.1:0/2019473175 5 ==== mon_subscribe({mgrmap=0+}) v2 ==== 23+0+0 (2287485974 0 0) 0x55cf1f4bef40 con 0x55cf1fcc4800 -1476>
2017-12-02 17:51:51.644473 7f794074f700 1 -- 10.1.80.4:6789/0 --> 10.1.80.1:0/2019473175 -- mgrmap(e 219) v1 -- 0x55cf1f54d200 con 0 -1475>
2017-12-02 17:51:51.644516 7f793c747700 5 -- 10.1.80.4:6789/0 >> 10.1.80.1:0/2019473175 conn(0x55cf1fcc4800 :6789 s=STATE_OPEN_MESSAGE_READ_FOOTER_AND_DISPATCH pgs=1 cs=1 l=1). rx client.8094179 seq 6 0x55cf1f4beac0 mon_subscribe({osdmap=0}) v2 -1474>
2017-12-02 17:51:51.644533 7f794074f700 1 -- 10.1.80.4:6789/0 <== client.8094179 10.1.80.1:0/2019473175 6 ==== mon_subscribe({osdmap=0}) v2 ==== 23+0+0 (319581110 0 0) 0x55cf1f4beac0 con 0x55cf1fcc4800 -1473>
2017-12-02 17:51:51.644544 7f794074f700 1 -- 10.1.80.4:6789/0 --> 10.1.80.1:0/2019473175 -- osd_map(2982..2982 src has 2466..2982) v3 -- 0x55cf1fbf4c80 con 0 -1472>
2017-12-02 17:51:51.645052 7f793c747700 5 -- 10.1.80.4:6789/0 >> 10.1.80.1:0/2019473175 conn(0x55cf1fcc4800 :6789 s=STATE_OPEN_MESSAGE_READ_FOOTER_AND_DISPATCH pgs=1 cs=1 l=1). rx client.8094179 seq 7 0x55cf1f4bf840 getpoolstats(1 ceph v0) v1 -1471>
2017-12-02 17:51:51.645093 7f794074f700 1 -- 10.1.80.4:6789/0 <== client.8094179 10.1.80.1:0/2019473175 7 ==== getpoolstats(1 ceph v0) v1 ==== 46+0+0 (2788013228 0 0) 0x55cf1f4bf840 con 0x55cf1fcc4800 -1470>
2017-12-02 17:51:51.645110 7f794074f700 5 mon.c1n4@3(peon).paxos(paxos active c 1193506..1194162) is_readable = 1 - now=2017-12-02 17:51:51.645110 lease_expire=2017-12-02 17:51:55.393486 has v0 lc 1194162 -1469>
2017-12-02 17:51:51.645123 7f794074f700 2 mon.c1n4@3(peon) e4 send_reply 0x55cf1fd0e780 0x55cf1fbf5400 getpoolstatsreply(1 v946091) v1 -1468>
2017-12-02 17:51:51.645127 7f794074f700 1 -- 10.1.80.4:6789/0 --> 10.1.80.1:0/2019473175 -- getpoolstatsreply(1 v946091) v1 -- 0x55cf1fbf5400 con 0 -1467>
2017-12-02 17:51:51.645351 7f793c747700 5 -- 10.1.80.4:6789/0 >> 10.1.80.1:0/2019473175 conn(0x55cf1fcc4800 :6789 s=STATE_OPEN_MESSAGE_READ_FOOTER_AND_DISPATCH pgs=1 cs=1 l=1). rx client.8094179 seq 8 0x55cf1f4bfa80 statfs(2 pool -1 v946091) v2 -1466>
2017-12-02 17:51:51.645367 7f794074f700 1 -- 10.1.80.4:6789/0 <== client.8094179 10.1.80.1:0/2019473175 8 ==== statfs(2 pool -1 v946091) v2 ==== 35+0+0 (3040590460 0 0) 0x55cf1f4bfa80 con 0x55cf1fcc4800 -1465>
2017-12-02 17:51:51.645376 7f794074f700 5 mon.c1n4@3(peon).paxos(paxos active c 1193506..1194162) is_readable = 1 - now=2017-12-02 17:51:51.645376 lease_expire=2017-12-02 17:51:55.393486 has v0 lc 1194162 -1464>
2017-12-02 17:51:51.645384 7f794074f700 2 mon.c1n4@3(peon) e4 send_reply 0x55cf1fd0e780 0x55cf1f4bf840 statfs_reply(2) v1 -1463>
2017-12-02 17:51:51.645388 7f794074f700 1 -- 10.1.80.4:6789/0 --> 10.1.80.1:0/2019473175 -- statfs_reply(2) v1 -- 0x55cf1f4bf840 con 0 -1462>
2017-12-02 17:51:51.645760 7f793c747700 1 -- 10.1.80.4:6789/0 >> 10.1.80.1:0/2019473175 conn(0x55cf1fcc4800 :6789 s=STATE_OPEN pgs=1 cs=1 l=1).read_bulk peer close file descriptor 34 -1461>
2017-12-02 17:51:51.645767 7f793c747700 1 -- 10.1.80.4:6789/0 >> 10.1.80.1:0/2019473175 conn(0x55cf1fcc4800 :6789 s=STATE_OPEN pgs=1 cs=1 l=1).read_until read failed -1460>
2017-12-02 17:51:51.645771 7f793c747700 1 -- 10.1.80.4:6789/0 >> 10.1.80.1:0/2019473175 conn(0x55cf1fcc4800 :6789 s=STATE_OPEN pgs=1 cs=1 l=1).process read tag failed -1459>
2017-12-02 17:51:51.645776 7f793c747700 1 -- 10.1.80.4:6789/0 >> 10.1.80.1:0/2019473175 conn(0x55cf1fcc4800 :6789 s=STATE_OPEN pgs=1 cs=1 l=1).fault on lossy channel, failing -1458>
2017-12-02 17:51:51.645780 7f793c747700 2 -- 10.1.80.4:6789/0 >> 10.1.80.1:0/2019473175 conn(0x55cf1fcc4800 :6789 s=STATE_OPEN pgs=1 cs=1 l=1)._stop -1457>
2017-12-02 17:51:52.392683 7f793c747700 5 -- 10.1.80.4:6789/0 >> 10.1.80.1:6789/0 conn(0x55cf1fade000 :-1 s=STATE_OPEN_MESSAGE_READ_FOOTER_AND_DISPATCH pgs=851208 cs=1 l=0). rx mon.0 seq 1526133468 0x55cf201b5040 paxos(begin lc 1194162 fc 0 pn 21200 opn 0) v4 -1456>
2017-12-02 17:51:52.392770 7f794074f700 1 -- 10.1.80.4:6789/0 <== mon.0 10.1.80.1:6789/0 1526133468 ==== paxos(begin lc 1194162 fc 0 pn 21200 opn 0) v4 ==== 2562+0+0 (2824081968 0 0) 0x55cf201b5040 con 0x55cf1fade000 -1455>
2017-12-02 17:51:52.393241 7f794074f700 1 -- 10.1.80.4:6789/0 --> 10.1.80.1:6789/0 -- paxos(accept lc 1194162 fc 0 pn 21200 opn 0) v4 -- 0x55cf201b5380 con 0 -1454>
2017-12-02 17:51:52.394285 7f793c747700 5 -- 10.1.80.4:6789/0 >> 10.1.80.1:6789/0 conn(0x55cf1fade000 :-1 s=STATE_OPEN_MESSAGE_READ_FOOTER_AND_DISPATCH pgs=851208 cs=1 l=0). rx mon.0 seq 1526133469 0x55cf201b5380 paxos(commit lc 1194163 fc 0 pn 21200 opn 0) v4 -1453>
2017-12-02 17:51:52.394350 7f794074f700 1 -- 10.1.80.4:6789/0 <== mon.0 10.1.80.1:6789/0 1526133469 ==== paxos(commit lc 1194163 fc 0 pn 21200 opn 0) v4 ==== 2562+0+0 (2470102686 0 0) 0x55cf201b5380 con 0x55cf1fade000 -1452>
2017-12-02 17:51:52.394464 7f793c747700 5 -- 10.1.80.4:6789/0 >> 10.1.80.1:6789/0 conn(0x55cf1fade000 :-1 s=STATE_OPEN_MESSAGE_READ_FOOTER_AND_DISPATCH pgs=851208 cs=1 l=0). rx mon.0 seq 1526133470 0x55cf201b56c0 paxos(lease lc 1194163 fc 1193506 pn 0 opn 0) v4 -1451>
2017-12-02 17:51:52.394874 7f794074f700 4 mgrc handle_mgr_map Got map version 219 -1450>
2017-12-02 17:51:52.394882 7f794074f700 4 mgrc handle_mgr_map Active mgr is now 10.1.80.3:6832/18816 -1449>
2017-12-02 17:51:52.394994 7f794074f700 1 -- 10.1.80.4:6789/0 <== mon.0 10.1.80.1:6789/0 1526133470 ==== paxos(lease lc 1194163 fc 1193506 pn 0 opn 0) v4 ==== 84+0+0 (2468826030 0 0) 0x55cf201b56c0 con 0x55cf1fade000 -1448>
2017-12-02 17:51:52.395010 7f794074f700 1 -- 10.1.80.4:6789/0 --> 10.1.80.1:6789/0 -- paxos(lease_ack lc 1194163 fc 1193506 pn 0 opn 0) v4 -- 0x55cf201b5380 con 0 -1447>
2017-12-02 17:51:52.395023 7f794074f700 5 mon.c1n4@3(peon).monmap v4 apply_mon_features wait for service to be writeable -1446>
2017-12-02 17:51:52.395028 7f794074f700 5 mon.c1n4@3(peon).paxos(paxos active c 1193506..1194163) is_readable = 1 - now=2017-12-02 17:51:52.395029 lease_expire=2017-12-02 17:51:57.394851 has v0 lc 1194163 -1445>
2017-12-02 17:51:52.596591 7f793f74d700 1 -- 10.1.80.4:0/61378 --> 10.1.80.3:6832/18816 -- mgrreport(unknown.c1n4 +0-0 packed 1734) v4 -- 0x55cf1f54f600 con 0 -1444>
2017-12-02 17:51:54.394637 7f793c747700 5 -- 10.1.80.4:6789/0 >> 10.1.80.1:6789/0 conn(0x55cf1fade000 :-1 s=STATE_OPEN_MESSAGE_READ_FOOTER_AND_DISPATCH pgs=851208 cs=1 l=0). rx mon.0 seq 1526133471 0x55cf201b5380 paxos(begin lc 1194163 fc 0 pn 21200 opn 0) v4 -1443>
2017-12-02 17:51:54.394738 7f794074f700 1 -- 10.1.80.4:6789/0 <== mon.0 10.1.80.1:6789/0 1526133471 ==== paxos(begin lc 1194163 fc 0 pn 21200 opn 0) v4 ==== 2562+0+0 (2161710383 0 0) 0x55cf201b5380 con 0x55cf1fade000 -1442>
2017-12-02 17:51:54.395360 7f794074f700 1 -- 10.1.80.4:6789/0 --> 10.1.80.1:6789/0 -- paxos(accept lc 1194163 fc 0 pn 21200 opn 0) v4 -- 0x55cf201b56c0 con 0 -1441>
2017-12-02 17:51:54.396234 7f793c747700 5 -- 10.1.80.4:6789/0 >> 10.1.80.1:6789/0 conn(0x55cf1fade000 :-1 s=STATE_OPEN_MESSAGE_READ_FOOTER_AND_DISPATCH pgs=851208 cs=1 l=0). rx mon.0 seq 1526133472 0x55cf201b56c0 paxos(commit lc 1194164 fc 0 pn 21200 opn 0) v4 -1440>
2017-12-02 17:51:54.396297 7f794074f700 1 -- 10.1.80.4:6789/0 <== mon.0 10.1.80.1:6789/0 1526133472 ==== paxos(commit lc 1194164 fc 0 pn 21200 opn 0) v4 ==== 2562+0+0 (681100112 0 0) 0x55cf201b56c0 con 0x55cf1fade000 -1439>
2017-12-02 17:51:54.396439 7f793c747700 5 -- 10.1.80.4:6789/0 >> 10.1.80.1:6789/0 conn(0x55cf1fade000 :-1 s=STATE_OPEN_MESSAGE_READ_FOOTER_AND_DISPATCH pgs=851208 cs=1 l=0). rx mon.0 seq 1526133473 0x55cf201b5a00 paxos(lease lc 1194164 fc 1193506 pn 0 opn 0) v4 -1438>
2017-12-02 17:51:54.396889 7f794074f700 4 mgrc handle_mgr_map Got map version 219 -1437>
2017-12-02 17:51:54.396897 7f794074f700 4 mgrc handle_mgr_map Active mgr is now 10.1.80.3:6832/18816 -1436>
2017-12-02 17:51:54.397004 7f794074f700 1 -- 10.1.80.4:6789/0 <== mon.0 10.1.80.1:6789/0 1526133473 ==== paxos(lease lc 1194164 fc 1193506 pn 0 opn 0) v4 ==== 84+0+0 (519287427 0 0) 0x55cf201b5a00 con 0x55cf1fade000 -1435>
2017-12-02 17:51:54.397022 7f794074f700 1 -- 10.1.80.4:6789/0 --> 10.1.80.1:6789/0 -- paxos(lease_ack lc 1194164 fc 1193506 pn 0 opn 0) v4 -- 0x55cf201b56c0 con 0 -1434>
2017-12-02 17:51:54.397056 7f794074f700 5 mon.c1n4@3(peon).monmap v4 apply_mon_features wait for service to be writeable -1433>
2017-12-02 17:51:54.397076 7f794074f700 5 mon.c1n4@3(peon).paxos(paxos active c 1193506..1194164) is_readable = 1 - now=2017-12-02 17:51:54.397076 lease_expire=2017-12-02 17:51:59.396818 has v0 lc 1194164 -1432>
2017-12-02 17:51:55.241576 7f793c747700 1 -- 10.1.80.4:6789/0 >> - conn(0x55cf1fcc3000 :6789 s=STATE_ACCEPTING pgs=0 cs=0 l=0)._process_connection sd=34 - -1431>
2017-12-02 17:51:55.241698 7f793c747700 2 -- 10.1.80.4:6789/0 >> 10.1.80.1:0/2163389510 conn(0x55cf1fcc3000 :6789 s=STATE_ACCEPTING_WAIT_SEQ pgs=1 cs=1 l=1).handle_connect_msg accept write reply msg done -1430>
2017-12-02 17:51:55.241881 7f793c747700 2 -- 10.1.80.4:6789/0 >> 10.1.80.1:0/2163389510 conn(0x55cf1fcc3000 :6789 s=STATE_ACCEPTING_WAIT_SEQ pgs=1 cs=1 l=1)._process_connection accept get newly_acked_seq 0 -1429>
2017-12-02 17:51:55.241920 7f793c747700 5 -- 10.1.80.4:6789/0 >> 10.1.80.1:0/2163389510 conn(0x55cf1fcc3000 :6789 s=STATE_OPEN_MESSAGE_READ_FOOTER_AND_DISPATCH pgs=1 cs=1 l=1). rx client.? seq 1 0x55cf1fbf5400 auth(proto 0 30 bytes epoch 0) v1 -1428>
2017-12-02 17:51:55.241966 7f794074f700 1 -- 10.1.80.4:6789/0 <== client.? 10.1.80.1:0/2163389510 1 ==== auth(proto 0 30 bytes epoch 0) v1 ==== 60+0+0 (673663173 0 0) 0x55cf1fbf5400 con 0x55cf1fcc3000 -1427>
2017-12-02 17:51:55.241990 7f794074f700 5 mon.c1n4@3(peon).paxos(paxos active c 1193506..1194164) is_readable = 1 - now=2017-12-02 17:51:55.241991 lease_expire=2017-12-02 17:51:59.396818 has v0 lc 1194164 -1426>
2017-12-02 17:51:55.242020 7f794074f700 1 -- 10.1.80.4:6789/0 --> 10.1.80.1:0/2163389510 -- mon_map magic: 0 v1 -- 0x55cf1fbf6080 con 0 -1425>
2017-12-02 17:51:55.242082 7f794074f700 2 mon.c1n4@3(peon) e4 send_reply 0x55cf1fd0e780 0x55cf1f741700 auth_reply(proto 2 0 (0) Success) v1 -1424>
2017-12-02 17:51:55.242091 7f794074f700 1 -- 10.1.80.4:6789/0 --> 10.1.80.1:0/2163389510 -- auth_reply(proto 2 0 (0) Success) v1 -- 0x55cf1f741700 con 0 -1423>
2017-12-02 17:51:55.242463 7f793c747700 5 -- 10.1.80.4:6789/0 >> 10.1.80.1:0/2163389510 conn(0x55cf1fcc3000 :6789 s=STATE_OPEN_MESSAGE_READ_FOOTER_AND_DISPATCH pgs=1 cs=1 l=1). rx client.? seq 2 0x55cf1f741700 auth(proto 2 32 bytes epoch 0) v1 -1422>
2017-12-02 17:51:55.242529 7f794074f700 1 -- 10.1.80.4:6789/0 <== client.? 10.1.80.1:0/2163389510 2 ==== auth(proto 2 32 bytes epoch 0) v1 ==== 62+0+0 (2342532902 0 0) 0x55cf1f741700 con 0x55cf1fcc3000 -1421>
2017-12-02 17:51:55.242545 7f794074f700 5 mon.c1n4@3(peon).paxos(paxos active c 1193506..1194164) is_readable = 1 - now=2017-12-02 17:51:55.242546 lease_expire=2017-12-02 17:51:59.396818 has v0 lc 1194164 -1420>
2017-12-02 17:51:55.242658 7f793c747700 1 -- 10.1.80.4:6789/0 >> 10.1.80.1:0/2163389510 conn(0x55cf1fcc3000 :6789 s=STATE_OPEN pgs=1 cs=1 l=1).read_bulk peer close file descriptor 34 -1419>
2017-12-02 17:51:55.242666 7f793c747700 1 -- 10.1.80.4:6789/0 >> 10.1.80.1:0/2163389510 conn(0x55cf1fcc3000 :6789 s=STATE_OPEN pgs=1 cs=1 l=1).read_until read failed -1418>
2017-12-02 17:51:55.242671 7f793c747700 1 -- 10.1.80.4:6789/0 >> 10.1.80.1:0/2163389510 conn(0x55cf1fcc3000 :6789 s=STATE_OPEN pgs=1 cs=1 l=1).process read tag failed -1417>
2017-12-02 17:51:55.242670 7f794074f700 2 mon.c1n4@3(peon) e4 send_reply 0x55cf1fd0e780 0x55cf1fbf5400 auth_reply(proto 2 0 (0) Success) v1 -1416>
2017-12-02 17:51:55.242676 7f793c747700 1 -- 10.1.80.4:6789/0 >> 10.1.80.1:0/2163389510 conn(0x55cf1fcc3000 :6789 s=STATE_OPEN pgs=1 cs=1 l=1).fault on lossy channel, failing -1415>
2017-12-02 17:51:55.242677 7f794074f700 1 -- 10.1.80.4:6789/0 --> 10.1.80.1:0/2163389510 -- auth_reply(proto 2 0 (0) Success) v1 -- 0x55cf1fbf5400 con 0 -1414>
2017-12-02 17:51:55.242681 7f793c747700 2 -- 10.1.80.4:6789/0 >> 10.1.80.1:0/2163389510 conn(0x55cf1fcc3000 :6789 s=STATE_OPEN pgs=1 cs=1 l=1)._stop -1413>
2017-12-02 17:51:56.396187 7f793c747700 5 -- 10.1.80.4:6789/0 >> 10.1.80.1:6789/0 conn(0x55cf1fade000 :-1 s=STATE_OPEN_MESSAGE_READ_FOOTER_AND_DISPATCH pgs=851208 cs=1 l=0). rx mon.0 seq 1526133474 0x55cf201b56c0 paxos(begin lc 1194164 fc 0 pn 21200 opn 0) v4 -1412>
2017-12-02 17:51:56.396258 7f794074f700 1 -- 10.1.80.4:6789/0 <== mon.0 10.1.80.1:6789/0 1526133474 ==== paxos(begin lc 1194164 fc 0 pn 21200 opn 0) v4 ==== 2566+0+0 (2878810475 0 0) 0x55cf201b56c0 con 0x55cf1fade000 -1411>
2017-12-02 17:51:56.396839 7f794074f700 1 -- 10.1.80.4:6789/0 --> 10.1.80.1:6789/0 -- paxos(accept lc 1194164 fc 0 pn 21200 opn 0) v4 -- 0x55cf201b5a00 con 0 -1410>
2017-12-02 17:51:56.397738 7f793c747700 5 -- 10.1.80.4:6789/0 >> 10.1.80.1:6789/0 conn(0x55cf1fade000 :-1 s=STATE_OPEN_MESSAGE_READ_FOOTER_AND_DISPATCH pgs=851208 cs=1 l=0). rx mon.0 seq 1526133475 0x55cf201b5a00 paxos(commit lc 1194165 fc 0 pn 21200 opn 0) v4 -1409>
2017-12-02 17:51:56.397790 7f794074f700 1 -- 10.1.80.4:6789/0 <== mon.0 10.1.80.1:6789/0 1526133475 ==== paxos(commit lc 1194165 fc 0 pn 21200 opn 0) v4 ==== 2566+0+0 (3622067300 0 0) 0x55cf201b5a00 con 0x55cf1fade000 -1408>
2017-12-02 17:51:56.397989 7f793c747700 5 -- 10.1.80.4:6789/0 >> 10.1.80.1:6789/0 conn(0x55cf1fade000 :-1 s=STATE_OPEN_MESSAGE_READ_FOOTER_AND_DISPATCH pgs=851208 cs=1 l=0). rx mon.0 seq 1526133476 0x55cf201d2000 paxos(lease lc 1194165 fc 1193506 pn 0 opn 0) v4 -1407>
2017-12-02 17:51:56.398356 7f794074f700 4 mgrc handle_mgr_map Got map version 219 -1406>
2017-12-02 17:51:56.398363 7f794074f700 4 mgrc handle_mgr_map Active mgr is now 10.1.80.3:6832/18816 -1405>
2017-12-02 17:51:56.398458 7f794074f700 1 -- 10.1.80.4:6789/0 <== mon.0 10.1.80.1:6789/0 1526133476 ==== paxos(lease lc 1194165 fc 1193506 pn 0 opn 0) v4 ==== 84+0+0 (1375601212 0 0) 0x55cf201d2000 con 0x55cf1fade000 -1404>
2017-12-02 17:51:56.398473 7f794074f700 1 -- 10.1.80.4:6789/0 --> 10.1.80.1:6789/0 -- paxos(lease_ack lc 1194165 fc 1193506 pn 0 opn 0) v4 -- 0x55cf201b5a00 con 0 -1403>
2017-12-02 17:51:56.398488 7f794074f700 5 mon.c1n4@3(peon).monmap v4 apply_mon_features wait for service to be writeable -1402>
2017-12-02 17:51:56.398509 7f794074f700 5 mon.c1n4@3(peon).paxos(paxos active c 1193506..1194165) is_readable = 1 - now=2017-12-02 17:51:56.398510 lease_expire=2017-12-02 17:52:01.398370 has v0 lc 1194165 -1401>
2017-12-02 17:51:57.340850 7f793c747700 1 -- 10.1.80.4:6789/0 >> - conn(0x55cf1fcc1800 :6789 s=STATE_ACCEPTING pgs=0 cs=0 l=0)._process_connection sd=34 - -1400>
2017-12-02 17:51:57.340983 7f793c747700 2 -- 10.1.80.4:6789/0 >> 10.1.80.1:0/1906499735 conn(0x55cf1fcc1800 :6789 s=STATE_ACCEPTING_WAIT_SEQ pgs=1 cs=1 l=1).handle_connect_msg accept write reply msg done -1399>
2017-12-02 17:51:57.341071 7f793c747700 2 -- 10.1.80.4:6789/0 >> 10.1.80.1:0/1906499735 conn(0x55cf1fcc1800 :6789 s=STATE_ACCEPTING_WAIT_SEQ pgs=1 cs=1 l=1)._process_connection accept get newly_acked_seq 0 -1398>
2017-12-02 17:51:57.341120 7f793c747700 5 -- 10.1.80.4:6789/0 >> 10.1.80.1:0/1906499735 conn(0x55cf1fcc1800 :6789 s=STATE_OPEN_MESSAGE_READ_FOOTER_AND_DISPATCH pgs=1 cs=1 l=1). rx client.? seq 1 0x55cf1fbf5400 auth(proto 0 30 bytes epoch 0) v1 -1397>
2017-12-02 17:51:57.341138 7f794074f700 1 -- 10.1.80.4:6789/0 <== client.? 10.1.80.1:0/1906499735 1 ==== auth(proto 0 30 bytes epoch 0) v1 ==== 60+0+0 (673663173 0 0) 0x55cf1fbf5400 con 0x55cf1fcc1800 -1396>
2017-12-02 17:51:57.341164 7f794074f700 5 mon.c1n4@3(peon).paxos(paxos active c 1193506..1194165) is_readable = 1 - now=2017-12-02 17:51:57.341165 lease_expire=2017-12-02 17:52:01.398370 has v0 lc 1194165 -1395>
2017-12-02 17:51:57.341197 7f794074f700 1 -- 10.1.80.4:6789/0 --> 10.1.80.1:0/1906499735 -- mon_map magic: 0 v1 -- 0x55cf1f741700 con 0 -1394>
2017-12-02 17:51:57.341230 7f794074f700 2 mon.c1n4@3(peon) e4 send_reply 0x55cf1fd0e780 0x55cf1f741980 auth_reply(proto 2 0 (0) Success) v1 -1393>
2017-12-02 17:51:57.341240 7f794074f700 1 -- 10.1.80.4:6789/0 --> 10.1.80.1:0/1906499735 -- auth_reply(proto 2 0 (0) Success) v1 -- 0x55cf1f741980 con 0 -1392>
2017-12-02 17:51:57.341486 7f793c747700 5 -- 10.1.80.4:6789/0 >> 10.1.80.1:0/1906499735 conn(0x55cf1fcc1800 :6789 s=STATE_OPEN_MESSAGE_READ_FOOTER_AND_DISPATCH pgs=1 cs=1 l=1). rx client.? seq 2 0x55cf1f741980 auth(proto 2 32 bytes epoch 0) v1 -1391>
2017-12-02 17:51:57.341501 7f794074f700 1 -- 10.1.80.4:6789/0 <== client.? 10.1.80.1:0/1906499735 2 ==== auth(proto 2 32 bytes epoch 0) v1 ==== 62+0+0 (4240355636 0 0) 0x55cf1f741980 con 0x55cf1fcc1800 -1390>
2017-12-02 17:51:57.341511 7f794074f700 5 mon.c1n4@3(peon).paxos(paxos active c 1193506..1194165) is_readable = 1 - now=2017-12-02 17:51:57.341511 lease_expire=2017-12-02 17:52:01.398370 has v0 lc 1194165 -1389>
2017-12-02 17:51:57.341632 7f794074f700 2 mon.c1n4@3(peon) e4 send_reply 0x55cf1fd0e780 0x55cf1fbf5400 auth_reply(proto 2 0 (0) Success) v1 -1388>
2017-12-02 17:51:57.341640 7f794074f700 1 -- 10.1.80.4:6789/0 --> 10.1.80.1:0/1906499735 -- auth_reply(proto 2 0 (0) Success) v1 -- 0x55cf1fbf5400 con 0 -1387>
2017-12-02 17:51:57.341806 7f793c747700 5 -- 10.1.80.4:6789/0 >> 10.1.80.1:0/1906499735 conn(0x55cf1fcc1800 :6789 s=STATE_OPEN_MESSAGE_READ_FOOTER_AND_DISPATCH pgs=1 cs=1 l=1). rx client.? seq 3 0x55cf1fbf5400 auth(proto 2 165 bytes epoch 0) v1 -1386>
2017-12-02 17:51:57.341820 7f794074f700 1 -- 10.1.80.4:6789/0 <== client.? 10.1.80.1:0/1906499735 3 ==== auth(proto 2 165 bytes epoch 0) v1 ==== 195+0+0 (1991832385 0 0) 0x55cf1fbf5400 con 0x55cf1fcc1800 -1385>
2017-12-02 17:51:57.341829 7f794074f700 5 mon.c1n4@3(peon).paxos(paxos active c 1193506..1194165) is_readable = 1 - now=2017-12-02 17:51:57.341830 lease_expire=2017-12-02 17:52:01.398370 has v0 lc 1194165 -1384>
2017-12-02 17:51:57.341958 7f794074f700 2 mon.c1n4@3(peon) e4 send_reply 0x55cf1fd0e780 0x55cf1f741980 auth_reply(proto 2 0 (0) Success) v1 -1383>
2017-12-02 17:51:57.341965 7f794074f700 1 -- 10.1.80.4:6789/0 --> 10.1.80.1:0/1906499735 -- auth_reply(proto 2 0 (0) Success) v1 -- 0x55cf1f741980 con 0 -1382>
2017-12-02 17:51:57.341975 7f793c747700 1 -- 10.1.80.4:6789/0 >> 10.1.80.1:0/1906499735 conn(0x55cf1fcc1800 :6789 s=STATE_OPEN pgs=1 cs=1 l=1).read_bulk peer close file descriptor 34 -1381>
2017-12-02 17:51:57.341982 7f793c747700 1 -- 10.1.80.4:6789/0 >> 10.1.80.1:0/1906499735 conn(0x55cf1fcc1800 :6789 s=STATE_OPEN pgs=1 cs=1 l=1).read_until read failed -1380>
2017-12-02 17:51:57.341986 7f793c747700 1 -- 10.1.80.4:6789/0 >> 10.1.80.1:0/1906499735 conn(0x55cf1fcc1800 :6789 s=STATE_OPEN pgs=1 cs=1 l=1).process read tag failed -1379>
2017-12-02 17:51:57.341992 7f793c747700 1 -- 10.1.80.4:6789/0 >> 10.1.80.1:0/1906499735 conn(0x55cf1fcc1800 :6789 s=STATE_OPEN pgs=1 cs=1 l=1).fault on lossy channel, failing -1378>
2017-12-02 17:51:57.341997 7f793c747700 2 -- 10.1.80.4:6789/0 >> 10.1.80.1:0/1906499735 conn(0x55cf1fcc1800 :6789 s=STATE_OPEN pgs=1 cs=1 l=1)._stop -1377>
2017-12-02 17:51:57.398524 7f793c747700 5 -- 10.1.80.4:6789/0 >> 10.1.80.1:6789/0 conn(0x55cf1fade000 :-1 s=STATE_OPEN_MESSAGE_READ_FOOTER_AND_DISPATCH pgs=851208 cs=1 l=0). rx mon.0 seq 1526133477 0x55cf201b5a00 paxos(begin lc 1194165 fc 0 pn 21200 opn 0) v4 -1376>
2017-12-02 17:51:57.398600 7f794074f700 1 -- 10.1.80.4:6789/0 <== mon.0 10.1.80.1:6789/0 1526133477 ==== paxos(begin lc 1194165 fc 0 pn 21200 opn 0) v4 ==== 10280+0+0 (2505759629 0 0) 0x55cf201b5a00 con 0x55cf1fade000 -1375>
2017-12-02 17:51:57.399209 7f794074f700 1 -- 10.1.80.4:6789/0 --> 10.1.80.1:6789/0 -- paxos(accept lc 1194165 fc 0 pn 21200 opn 0) v4 -- 0x55cf201d2000 con 0 -1374>
2017-12-02 17:51:57.400271 7f793c747700 5 -- 10.1.80.4:6789/0 >> 10.1.80.1:6789/0 conn(0x55cf1fade000 :-1 s=STATE_OPEN_MESSAGE_READ_FOOTER_AND_DISPATCH pgs=851208 cs=1 l=0). rx mon.0 seq 1526133478 0x55cf201d2000 paxos(commit lc 1194166 fc 0 pn 21200 opn 0) v4 -1373>
2017-12-02 17:51:57.400340 7f794074f700 1 -- 10.1.80.4:6789/0 <== mon.0 10.1.80.1:6789/0 1526133478 ==== paxos(commit lc 1194166 fc 0 pn 21200 opn 0) v4 ==== 10280+0+0 (2935203693 0 0) 0x55cf201d2000 con 0x55cf1fade000 -1372>
2017-12-02 17:51:57.400486 7f793c747700 5 -- 10.1.80.4:6789/0 >> 10.1.80.1:6789/0 conn(0x55cf1fade000 :-1 s=STATE_OPEN_MESSAGE_READ_FOOTER_AND_DISPATCH pgs=851208 cs=1 l=0). rx mon.0 seq 1526133479 0x55cf201d2340 paxos(lease lc 1194166 fc 1193506 pn 0 opn 0) v4 -1371>
2017-12-02 17:51:57.401015 7f794074f700 4 mgrc handle_mgr_map Got map version 219 -1370>
2017-12-02 17:51:57.401021 7f794074f700 4 mgrc handle_mgr_map Active mgr is now 10.1.80.3:6832/18816 -1369>
2017-12-02 17:51:57.401162 7f794074f700 1 -- 10.1.80.4:6789/0 <== mon.0 10.1.80.1:6789/0 1526133479 ==== paxos(lease lc 1194166 fc 1193506 pn 0 opn 0) v4 ==== 84+0+0 (3816610888 0 0) 0x55cf201d2340 con 0x55cf1fade000 -1368>
2017-12-02 17:51:57.401178 7f794074f700 1 -- 10.1.80.4:6789/0 --> 10.1.80.1:6789/0 -- paxos(lease_ack lc 1194166 fc 1193506 pn 0 opn 0) v4 -- 0x55cf201d2000 con 0 -1367>
2017-12-02 17:51:57.401192 7f794074f700 5 mon.c1n4@3(peon).monmap v4 apply_mon_features wait for service to be writeable -1366>
2017-12-02 17:51:57.401213 7f794074f700 5 mon.c1n4@3(peon).paxos(paxos active c 1193506..1194166) is_readable = 1 - now=2017-12-02 17:51:57.401213 lease_expire=2017-12-02 17:52:02.400868 has v0 lc 1194166 -1365>
2017-12-02 17:51:57.596863 7f793f74d700 1 -- 10.1.80.4:0/61378 --> 10.1.80.3:6832/18816 -- mgrreport(unknown.c1n4 +0-0 packed 1734) v4 -- 0x55cf1f54ea00 con 0 -1364>
2017-12-02 17:51:58.228220 7f793c747700 1 -- 10.1.80.4:6789/0 >> - conn(0x55cf1fb7b000 :6789 s=STATE_ACCEPTING pgs=0 cs=0 l=0)._process_connection sd=34 - -1363>
2017-12-02 17:51:58.228369 7f793c747700 2 -- 10.1.80.4:6789/0 >> 10.1.80.3:0/155472537 conn(0x55cf1fb7b000 :6789 s=STATE_ACCEPTING_WAIT_SEQ pgs=2 cs=1 l=1).handle_connect_msg accept write reply msg done -1362>
2017-12-02 17:51:58.228436 7f793c747700 2 -- 10.1.80.4:6789/0 >> 10.1.80.3:0/155472537 conn(0x55cf1fb7b000 :6789 s=STATE_ACCEPTING_WAIT_SEQ pgs=2 cs=1 l=1)._process_connection accept get newly_acked_seq 0 -1361>
2017-12-02 17:51:58.228493 7f793c747700 5 -- 10.1.80.4:6789/0 >> 10.1.80.3:0/155472537 conn(0x55cf1fb7b000 :6789 s=STATE_OPEN_MESSAGE_READ_FOOTER_AND_DISPATCH pgs=2 cs=1 l=1). rx client.? seq 1 0x55cf1f741980 auth(proto 0 30 bytes epoch 0) v1 -1360>
2017-12-02 17:51:58.228510 7f794074f700 1 -- 10.1.80.4:6789/0 <== client.? 10.1.80.3:0/155472537 1 ==== auth(proto 0 30 bytes epoch 0) v1 ==== 60+0+0 (673663173 0 0) 0x55cf1f741980 con 0x55cf1fb7b000 -1359>
2017-12-02 17:51:58.228534 7f794074f700 5 mon.c1n4@3(peon).paxos(paxos active c 1193506..1194166) is_readable = 1 - now=2017-12-02 17:51:58.228535 lease_expire=2017-12-02 17:52:02.400868 has v0 lc 1194166 -1358>
2017-12-02 17:51:58.228568 7f794074f700 1 -- 10.1.80.4:6789/0 --> 10.1.80.3:0/155472537 -- mon_map magic: 0 v1 -- 0x55cf1fbf5400 con 0 -1357>
2017-12-02 17:51:58.228602 7f794074f700 2 mon.c1n4@3(peon) e4 send_reply 0x55cf1fd0e780 0x55cf1f741c00 auth_reply(proto 2 0 (0) Success) v1 -1356>
2017-12-02 17:51:58.228611 7f794074f700 1 -- 10.1.80.4:6789/0 --> 10.1.80.3:0/155472537 -- auth_reply(proto 2 0 (0) Success) v1 -- 0x55cf1f741c00 con 0 -1355>
2017-12-02 17:51:58.229108 7f793c747700 5 -- 10.1.80.4:6789/0 >> 10.1.80.3:0/155472537 conn(0x55cf1fb7b000 :6789 s=STATE_OPEN_MESSAGE_READ_FOOTER_AND_DISPATCH pgs=2 cs=1 l=1). rx client.? seq 2 0x55cf1f741c00 auth(proto 2 32 bytes epoch 0) v1 -1354>
2017-12-02 17:51:58.229152 7f794074f700 1 -- 10.1.80.4:6789/0 <== client.? 10.1.80.3:0/155472537 2 ==== auth(proto 2 32 bytes epoch 0) v1 ==== 62+0+0 (2827107125 0 0) 0x55cf1f741c00 con 0x55cf1fb7b000 -1353>
2017-12-02 17:51:58.229169 7f794074f700 5 mon.c1n4@3(peon).paxos(paxos active c 1193506..1194166) is_readable = 1 - now=2017-12-02 17:51:58.229169 lease_expire=2017-12-02 17:52:02.400868 has v0 lc 1194166 -1352>
2017-12-02 17:51:58.229294 7f794074f700 2 mon.c1n4@3(peon) e4 send_reply 0x55cf1fd0e780 0x55cf1f741980 auth_reply(proto 2 0 (0) Success) v1 -1351>
2017-12-02 17:51:58.229303 7f794074f700 1 -- 10.1.80.4:6789/0 --> 10.1.80.3:0/155472537 -- auth_reply(proto 2 0 (0) Success) v1 -- 0x55cf1f741980 con 0 -1350>
2017-12-02 17:51:58.229683 7f793c747700 5 -- 10.1.80.4:6789/0 >> 10.1.80.3:0/155472537 conn(0x55cf1fb7b000 :6789 s=STATE_OPEN_MESSAGE_READ_FOOTER_AND_DISPATCH pgs=2 cs=1 l=1). rx client.? seq 3 0x55cf1f741980 auth(proto 2 165 bytes epoch 0) v1 -1349>
2017-12-02 17:51:58.229732 7f794074f700 1 -- 10.1.80.4:6789/0 <== client.? 10.1.80.3:0/155472537 3 ==== auth(proto 2 165 bytes epoch 0) v1 ==== 195+0+0 (1953353302 0 0) 0x55cf1f741980 con 0x55cf1fb7b000 -1348>
2017-12-02 17:51:58.229749 7f794074f700 5 mon.c1n4@3(peon).paxos(paxos active c 1193506..1194166) is_readable = 1 - now=2017-12-02 17:51:58.229749 lease_expire=2017-12-02 17:52:02.400868 has v0 lc 1194166 -1347>
2017-12-02 17:51:58.229888 7f794074f700 2 mon.c1n4@3(peon) e4 send_reply 0x55cf1fd0e780 0x55cf1f741c00 auth_reply(proto 2 0 (0) Success) v1 -1346>
2017-12-02 17:51:58.229897 7f794074f700 1 -- 10.1.80.4:6789/0 --> 10.1.80.3:0/155472537 -- auth_reply(proto 2 0 (0) Success) v1 -- 0x55cf1f741c00 con 0 -1345>
2017-12-02 17:51:58.230072 7f793c747700 1 -- 10.1.80.4:6789/0 >> 10.1.80.3:0/155472537 conn(0x55cf1fb7b000 :6789 s=STATE_OPEN pgs=2 cs=1 l=1).read_bulk peer close file descriptor 34 -1344>
2017-12-02 17:51:58.230080 7f793c747700 1 -- 10.1.80.4:6789/0 >> 10.1.80.3:0/155472537 conn(0x55cf1fb7b000 :6789 s=STATE_OPEN pgs=2 cs=1 l=1).read_until read failed -1343>
2017-12-02 17:51:58.230085 7f793c747700 1 -- 10.1.80.4:6789/0 >> 10.1.80.3:0/155472537 conn(0x55cf1fb7b000 :6789 s=STATE_OPEN pgs=2 cs=1 l=1).process read tag failed -1342>
2017-12-02 17:51:58.230090 7f793c747700 1 -- 10.1.80.4:6789/0 >> 10.1.80.3:0/155472537 conn(0x55cf1fb7b000 :6789 s=STATE_OPEN pgs=2 cs=1 l=1).fault on lossy channel, failing -1341>
2017-12-02 17:51:58.230094 7f793c747700 2 -- 10.1.80.4:6789/0 >> 10.1.80.3:0/155472537 conn(0x55cf1fb7b000 :6789 s=STATE_OPEN pgs=2 cs=1 l=1)._stop -1340>
2017-12-02 17:51:58.230107 7f793c747700 1 -- 10.1.80.4:6789/0 reap_dead start -1339>
2017-12-02 17:51:58.230111 7f793c747700 5 -- 10.1.80.4:6789/0 reap_dead delete 0x55cf1fb7b000 -1338>
2017-12-02 17:51:58.230118 7f793c747700 5 -- 10.1.80.4:6789/0 reap_dead delete 0x55cf1fb7c800 -1337>
2017-12-02 17:51:58.230125 7f793c747700 5 -- 10.1.80.4:6789/0 reap_dead delete 0x55cf1fcc1800 -1336>
2017-12-02 17:51:58.230131 7f793c747700 5 -- 10.1.80.4:6789/0 reap_dead delete 0x55cf1fcc3000 -1335>
2017-12-02 17:51:58.230136 7f793c747700 5 -- 10.1.80.4:6789/0 reap_dead delete 0x55cf1fcc4800 -1334>
2017-12-02 17:51:58.247040 7f793c747700 1 -- 10.1.80.4:6789/0 >> - conn(0x55cf1fb7b000 :6789 s=STATE_ACCEPTING pgs=0 cs=0 l=0)._process_connection sd=34 - -1333>
2017-12-02 17:51:58.247153 7f793c747700 2 -- 10.1.80.4:6789/0 >> 10.1.80.4:0/2039414756 conn(0x55cf1fb7b000 :6789 s=STATE_ACCEPTING_WAIT_SEQ pgs=2 cs=1 l=1).handle_connect_msg accept write reply msg done -1332>
2017-12-02 17:51:58.247185 7f793c747700 2 -- 10.1.80.4:6789/0 >> 10.1.80.4:0/2039414756 conn(0x55cf1fb7b000 :6789 s=STATE_ACCEPTING_WAIT_SEQ pgs=2 cs=1 l=1)._process_connection accept get newly_acked_seq 0 -1331>
