2017-09-11 21:37:14.460710 7f642544a500 0 set uid:gid to 64045:64045 (ceph:ceph)
2017-09-11 21:37:14.460730 7f642544a500 0 ceph version 12.2.0 (32ce2a3ae5239ee33d6150705cdb24d43bab910c) luminous (rc), process (unknown), pid 3897
2017-09-11 21:37:14.463178 7f642544a500 0 pidfile_write: ignore empty --pid-file
2017-09-11 21:37:14.469759 7f642544a500 1 mgr send_beacon standby
2017-09-11 21:37:15.217471 7f641c77e700 1 mgr handle_mgr_map Activating!
2017-09-11 21:37:15.217732 7f641c77e700 1 mgr handle_mgr_map I am now activating
2017-09-11 21:37:15.284743 7f6418776700 1 mgr start Creating threads for 0 modules
2017-09-11 21:37:15.284753 7f6418776700 1 mgr send_beacon active
2017-09-11 21:37:16.470143 7f6419778700 1 mgr send_beacon active
2017-09-11 21:37:16.470548 7f6419778700 1 mgr.server send_report Not sending PG status to monitor yet, waiting for OSDs
2017-09-11 21:37:16.510528 7f6417f75700 -1 *** Caught signal (Aborted) ** in thread 7f6417f75700 thread_name:ms_dispatch ceph version 12.2.0 (32ce2a3ae5239ee33d6150705cdb24d43bab910c) luminous (rc) 1: (()+0x3de6b4) [0x56264f4456b4] 2: (()+0x11390) [0x7f6423c81390] 3: (gsignal()+0x38) [0x7f6422c11428] 4: (abort()+0x16a) [0x7f6422c1302a] 5: (__gnu_cxx::__verbose_terminate_handler()+0x16d) [0x7f642355484d] 6: (()+0x8d6b6) [0x7f64235526b6] 7: (()+0x8d701) [0x7f6423552701] 8: (()+0x8d919) [0x7f6423552919] 9: (()+0x2318ad) [0x56264f2988ad] 10: (()+0x3e91bd) [0x56264f4501bd] 11: (DaemonPerfCounters::update(MMgrReport*)+0x821) [0x56264f2fa651] 12: (DaemonServer::handle_report(MMgrReport*)+0x1ae) [0x56264f2ff79e] 13: (DaemonServer::ms_dispatch(Message*)+0x64) [0x56264f30cd64] 14: (DispatchQueue::entry()+0xf4a) [0x56264f79cf3a] 15: (DispatchQueue::DispatchThread::entry()+0xd) [0x56264f54044d] 16: (()+0x76ba) [0x7f6423c776ba] 17: (clone()+0x6d) [0x7f6422ce33dd] NOTE: a copy of the executable, or `objdump -rdS ` is needed to interpret this. --- begin dump of recent events --- -833>
2017-09-11 21:37:14.451628 7f642544a500 5 asok(0x5626586e85a0) register_command perfcounters_dump hook 0x5626586a6050 -832>
2017-09-11 21:37:14.451652 7f642544a500 5 asok(0x5626586e85a0) register_command 1 hook 0x5626586a6050 -831>
2017-09-11 21:37:14.451656 7f642544a500 5 asok(0x5626586e85a0) register_command perf dump hook 0x5626586a6050 -830>
2017-09-11 21:37:14.451660 7f642544a500 5 asok(0x5626586e85a0) register_command perfcounters_schema hook 0x5626586a6050 -829>
2017-09-11 21:37:14.451663 7f642544a500 5 asok(0x5626586e85a0) register_command perf histogram dump hook 0x5626586a6050 -828>
2017-09-11 21:37:14.451665 7f642544a500 5 asok(0x5626586e85a0) register_command 2 hook 0x5626586a6050 -827>
2017-09-11 21:37:14.451668 7f642544a500 5 asok(0x5626586e85a0) register_command perf schema hook 0x5626586a6050 -826>
2017-09-11 21:37:14.451671 7f642544a500 5 asok(0x5626586e85a0) register_command perf histogram schema hook 0x5626586a6050 -825>
2017-09-11 21:37:14.451706 7f642544a500 5 asok(0x5626586e85a0) register_command perf reset hook 0x5626586a6050 -824>
2017-09-11 21:37:14.451713 7f642544a500 5 asok(0x5626586e85a0) register_command config show hook 0x5626586a6050 -823>
2017-09-11 21:37:14.451717 7f642544a500 5 asok(0x5626586e85a0) register_command config help hook 0x5626586a6050 -822>
2017-09-11 21:37:14.451720 7f642544a500 5 asok(0x5626586e85a0) register_command config set hook 0x5626586a6050 -821>
2017-09-11 21:37:14.451723 7f642544a500 5 asok(0x5626586e85a0) register_command config get hook 0x5626586a6050 -820>
2017-09-11 21:37:14.451727 7f642544a500 5 asok(0x5626586e85a0) register_command config diff hook 0x5626586a6050 -819>
2017-09-11 21:37:14.451730 7f642544a500 5 asok(0x5626586e85a0) register_command config diff get hook 0x5626586a6050 -818>
2017-09-11 21:37:14.451733 7f642544a500 5 asok(0x5626586e85a0) register_command log flush hook 0x5626586a6050 -817>
2017-09-11 21:37:14.451741 7f642544a500 5 asok(0x5626586e85a0) register_command log dump hook 0x5626586a6050 -816>
2017-09-11 21:37:14.451744 7f642544a500 5 asok(0x5626586e85a0) register_command log reopen hook 0x5626586a6050 -815>
2017-09-11 21:37:14.451756 7f642544a500 5 asok(0x5626586e85a0) register_command dump_mempools hook 0x56265876cf88 -814>
2017-09-11 21:37:14.460710 7f642544a500 0 set uid:gid to 64045:64045 (ceph:ceph) -813>
2017-09-11 21:37:14.460730 7f642544a500 0 ceph version 12.2.0 (32ce2a3ae5239ee33d6150705cdb24d43bab910c) luminous (rc), process (unknown), pid 3897 -812>
2017-09-11 21:37:14.463178 7f642544a500 0 pidfile_write: ignore empty --pid-file -811>
2017-09-11 21:37:14.464997 7f642544a500 5 asok(0x5626586e85a0) init /var/run/ceph/ceph-mgr.fvz-meph-de-fks-d.asok -810>
2017-09-11 21:37:14.465014 7f642544a500 5 asok(0x5626586e85a0) bind_and_listen /var/run/ceph/ceph-mgr.fvz-meph-de-fks-d.asok -809>
2017-09-11 21:37:14.465120 7f642544a500 5 asok(0x5626586e85a0) register_command 0 hook 0x5626586a20a0 -808>
2017-09-11 21:37:14.465130 7f642544a500 5 asok(0x5626586e85a0) register_command version hook 0x5626586a20a0 -807>
2017-09-11 21:37:14.465134 7f642544a500 5 asok(0x5626586e85a0) register_command git_version hook 0x5626586a20a0 -806>
2017-09-11 21:37:14.465138 7f642544a500 5 asok(0x5626586e85a0) register_command help hook 0x5626586a61f0 -805>
2017-09-11 21:37:14.465141 7f642544a500 5 asok(0x5626586e85a0) register_command get_command_descriptions hook 0x5626586a6200 -804>
2017-09-11 21:37:14.465205 7f641ff85700 5 asok(0x5626586e85a0) entry start -803>
2017-09-11 21:37:14.465684 7f641f784700 2 Event(0x5626587042c0 nevent=5000 time_id=1).set_owner idx=0 owner=140068001433344 -802>
2017-09-11 21:37:14.465735 7f641ef83700 2 Event(0x562658704500 nevent=5000 time_id=1).set_owner idx=1 owner=140067993040640 -801>
2017-09-11 21:37:14.465780 7f641e782700 2 Event(0x562658704740 nevent=5000 time_id=1).set_owner idx=2 owner=140067984647936 -800>
2017-09-11 21:37:14.466084 7f642544a500 1 Processor -- start -799>
2017-09-11 21:37:14.466140 7f642544a500 1 -- - start start -798>
2017-09-11 21:37:14.466144 7f642544a500 10 monclient: build_initial_monmap -797>
2017-09-11 21:37:14.466159 7f642544a500 10 monclient: init -796>
2017-09-11 21:37:14.466179 7f642544a500 5 adding auth protocol: cephx -795>
2017-09-11 21:37:14.466182 7f642544a500 10 monclient: auth_supported 2 method cephx -794>
2017-09-11 21:37:14.466309 7f642544a500 2 auth: KeyRing::load: loaded key file /var/lib/ceph/mgr/ceph-fvz-meph-de-fks-d/keyring -793>
2017-09-11 21:37:14.466364 7f642544a500 10 monclient: _reopen_session rank -1 -792>
2017-09-11 21:37:14.466418 7f642544a500 10 monclient(hunting): picked mon.noname-b con 0x5626586de800 addr 148.251.90.218:6789/0 -791>
2017-09-11 21:37:14.466449 7f642544a500 10 monclient(hunting): picked mon.noname-a con 0x56265898a000 addr 5.9.136.6:6789/0 -790>
2017-09-11 21:37:14.466531 7f642544a500 1 -- - --> 5.9.136.6:6789/0 -- auth(proto 0 42 bytes epoch 0) v1 -- 0x56265870cc80 con 0 -789>
2017-09-11 21:37:14.466562 7f642544a500 1 -- - --> 148.251.90.218:6789/0 -- auth(proto 0 42 bytes epoch 0) v1 -- 0x56265870cf00 con 0 -788>
2017-09-11 21:37:14.466569 7f642544a500 10 monclient(hunting): _renew_subs -787>
2017-09-11 21:37:14.466892 7f641e782700 1 -- 5.9.136.6:0/931305574 learned_addr learned my addr 5.9.136.6:0/931305574 -786>
2017-09-11 21:37:14.467099 7f641e782700 2 -- 5.9.136.6:0/931305574 >> 5.9.136.6:6789/0 conn(0x56265898a000 :-1 s=STATE_CONNECTING_WAIT_ACK_SEQ pgs=0 cs=0 l=0)._process_connection got newly_acked_seq 0 vs out_seq 0 -785>
2017-09-11 21:37:14.467454 7f641ef83700 2 -- 5.9.136.6:0/931305574 >> 148.251.90.218:6789/0 conn(0x5626586de800 :-1 s=STATE_CONNECTING_WAIT_ACK_SEQ pgs=0 cs=0 l=0)._process_connection got newly_acked_seq 0 vs out_seq 0 -784>
2017-09-11 21:37:14.467564 7f641e782700 5 -- 5.9.136.6:0/931305574 >> 5.9.136.6:6789/0 conn(0x56265898a000 :-1 s=STATE_OPEN_MESSAGE_READ_FOOTER_AND_DISPATCH pgs=7784988 cs=1 l=1). rx mon.0 seq 1 0x56265870d180 mon_map magic: 0 v1 -783>
2017-09-11 21:37:14.467617 7f641e782700 5 -- 5.9.136.6:0/931305574 >> 5.9.136.6:6789/0 conn(0x56265898a000 :-1 s=STATE_OPEN_MESSAGE_READ_FOOTER_AND_DISPATCH pgs=7784988 cs=1 l=1). rx mon.0 seq 2 0x56265870d400 auth_reply(proto 2 0 (0) Success) v1 -782>
2017-09-11 21:37:14.467661 7f641c77e700 1 -- 5.9.136.6:0/931305574 <== mon.0 5.9.136.6:6789/0 1 ==== mon_map magic: 0 v1 ==== 505+0+0 (1347030394 0 0) 0x56265870d180 con 0x56265898a000 -781>
2017-09-11 21:37:14.467689 7f641c77e700 10 monclient(hunting): handle_monmap mon_map magic: 0 v1 -780>
2017-09-11 21:37:14.467713 7f641c77e700 10 monclient(hunting): got monmap 28, mon.noname-a is now rank -1 -779>
2017-09-11 21:37:14.467719 7f641c77e700 10 monclient(hunting): dump: epoch 28 fsid ceb0b908-8566-405c-8bd5-88a5562d4ec9 last_changed
2017-09-11 06:30:27.682957 created
2016-10-18 22:21:15.558126 0: 5.9.136.6:6789/0 mon.fvz-meph-de-fks-d 1: 46.4.113.241:6789/0 mon.fvz-meph-de-fks-f 2: 148.251.90.218:6789/0 mon.fvz-meph-de-fks-e -778>
2017-09-11 21:37:14.467754 7f641c77e700 1 -- 5.9.136.6:0/931305574 <== mon.0 5.9.136.6:6789/0 2 ==== auth_reply(proto 2 0 (0) Success) v1 ==== 33+0+0 (1978054656 0 0) 0x56265870d400 con 0x56265898a000 -777>
2017-09-11 21:37:14.467780 7f641c77e700 10 monclient(hunting): my global_id is 43334766 -776>
2017-09-11 21:37:14.467850 7f641c77e700 1 -- 5.9.136.6:0/931305574 --> 5.9.136.6:6789/0 -- auth(proto 2 32 bytes epoch 0) v1 -- 0x56265870cc80 con 0 -775>
2017-09-11 21:37:14.467887 7f641ef83700 5 -- 5.9.136.6:0/931305574 >> 148.251.90.218:6789/0 conn(0x5626586de800 :-1 s=STATE_OPEN_MESSAGE_READ_FOOTER_AND_DISPATCH pgs=336420 cs=1 l=1). rx mon.2 seq 1 0x56265870d900 mon_map magic: 0 v1 -774>
2017-09-11 21:37:14.467935 7f641ef83700 5 -- 5.9.136.6:0/931305574 >> 148.251.90.218:6789/0 conn(0x5626586de800 :-1 s=STATE_OPEN_MESSAGE_READ_FOOTER_AND_DISPATCH pgs=336420 cs=1 l=1). rx mon.2 seq 2 0x56265870db80 auth_reply(proto 2 0 (0) Success) v1 -773>
2017-09-11 21:37:14.467971 7f641c77e700 1 -- 5.9.136.6:0/931305574 <== mon.2 148.251.90.218:6789/0 1 ==== mon_map magic: 0 v1 ==== 505+0+0 (1347030394 0 0) 0x56265870d900 con 0x5626586de800 -772>
2017-09-11 21:37:14.467986 7f641c77e700 10 monclient(hunting): handle_monmap mon_map magic: 0 v1 -771>
2017-09-11 21:37:14.468008 7f641c77e700 10 monclient(hunting): got monmap 28, mon.fvz-meph-de-fks-e is now rank 2 -770>
2017-09-11 21:37:14.468011 7f641c77e700 10 monclient(hunting): dump: epoch 28 fsid ceb0b908-8566-405c-8bd5-88a5562d4ec9 last_changed
2017-09-11 06:30:27.682957 created
2016-10-18 22:21:15.558126 0: 5.9.136.6:6789/0 mon.fvz-meph-de-fks-d 1: 46.4.113.241:6789/0 mon.fvz-meph-de-fks-f 2: 148.251.90.218:6789/0 mon.fvz-meph-de-fks-e -769>
2017-09-11 21:37:14.468033 7f641c77e700 1 -- 5.9.136.6:0/931305574 <== mon.2 148.251.90.218:6789/0 2 ==== auth_reply(proto 2 0 (0) Success) v1 ==== 33+0+0 (2104947043 0 0) 0x56265870db80 con 0x5626586de800 -768>
2017-09-11 21:37:14.468057 7f641c77e700 10 monclient(hunting): my global_id is 43344596 -767>
2017-09-11 21:37:14.468113 7f641c77e700 1 -- 5.9.136.6:0/931305574 --> 148.251.90.218:6789/0 -- auth(proto 2 32 bytes epoch 0) v1 -- 0x56265870d180 con 0 -766>
2017-09-11 21:37:14.468293 7f641e782700 5 -- 5.9.136.6:0/931305574 >> 5.9.136.6:6789/0 conn(0x56265898a000 :-1 s=STATE_OPEN_MESSAGE_READ_FOOTER_AND_DISPATCH pgs=7784988 cs=1 l=1). rx mon.0 seq 3 0x56265870cc80 auth_reply(proto 2 0 (0) Success) v1 -765>
2017-09-11 21:37:14.468332 7f641c77e700 1 -- 5.9.136.6:0/931305574 <== mon.0 5.9.136.6:6789/0 3 ==== auth_reply(proto 2 0 (0) Success) v1 ==== 222+0+0 (4153806002 0 0) 0x56265870cc80 con 0x56265898a000 -764>
2017-09-11 21:37:14.468422 7f641c77e700 1 -- 5.9.136.6:0/931305574 --> 5.9.136.6:6789/0 -- auth(proto 2 181 bytes epoch 0) v1 -- 0x56265870db80 con 0 -763>
2017-09-11 21:37:14.468591 7f641ef83700 5 -- 5.9.136.6:0/931305574 >> 148.251.90.218:6789/0 conn(0x5626586de800 :-1 s=STATE_OPEN_MESSAGE_READ_FOOTER_AND_DISPATCH pgs=336420 cs=1 l=1). rx mon.2 seq 3 0x56265870d180 auth_reply(proto 2 0 (0) Success) v1 -762>
2017-09-11 21:37:14.468627 7f641c77e700 1 -- 5.9.136.6:0/931305574 <== mon.2 148.251.90.218:6789/0 3 ==== auth_reply(proto 2 0 (0) Success) v1 ==== 222+0+0 (1197880332 0 0) 0x56265870d180 con 0x5626586de800 -761>
2017-09-11 21:37:14.468720 7f641c77e700 1 -- 5.9.136.6:0/931305574 --> 148.251.90.218:6789/0 -- auth(proto 2 181 bytes epoch 0) v1 -- 0x56265870cc80 con 0 -760>
2017-09-11 21:37:14.468996 7f641e782700 5 -- 5.9.136.6:0/931305574 >> 5.9.136.6:6789/0 conn(0x56265898a000 :-1 s=STATE_OPEN_MESSAGE_READ_FOOTER_AND_DISPATCH pgs=7784988 cs=1 l=1). rx mon.0 seq 4 0x56265870db80 auth_reply(proto 2 0 (0) Success) v1 -759>
2017-09-11 21:37:14.469030 7f641c77e700 1 -- 5.9.136.6:0/931305574 <== mon.0 5.9.136.6:6789/0 4 ==== auth_reply(proto 2 0 (0) Success) v1 ==== 815+0+0 (2223854018 0 0) 0x56265870db80 con 0x56265898a000 -758>
2017-09-11 21:37:14.469144 7f641c77e700 1 -- 5.9.136.6:0/931305574 >> 148.251.90.218:6789/0 conn(0x5626586de800 :-1 s=STATE_OPEN pgs=336420 cs=1 l=1).mark_down -757>
2017-09-11 21:37:14.469157 7f641c77e700 2 -- 5.9.136.6:0/931305574 >> 148.251.90.218:6789/0 conn(0x5626586de800 :-1 s=STATE_OPEN pgs=336420 cs=1 l=1)._stop -756>
2017-09-11 21:37:14.469183 7f641c77e700 1 monclient: found mon.fvz-meph-de-fks-d -755>
2017-09-11 21:37:14.469196 7f641c77e700 10 monclient: _send_mon_message to mon.fvz-meph-de-fks-d at 5.9.136.6:6789/0 -754>
2017-09-11 21:37:14.469202 7f641c77e700 1 -- 5.9.136.6:0/931305574 --> 5.9.136.6:6789/0 -- mon_subscribe({mgrmap=0+,monmap=0+}) v2 -- 0x562658704d80 con 0 -753>
2017-09-11 21:37:14.469219 7f641c77e700 10 monclient: _check_auth_rotating renewing rotating keys (they expired before
2017-09-11 21:36:44.469218) -752>
2017-09-11 21:37:14.469231 7f641c77e700 10 monclient: _send_mon_message to mon.fvz-meph-de-fks-d at 5.9.136.6:6789/0 -751>
2017-09-11 21:37:14.469241 7f641c77e700 1 -- 5.9.136.6:0/931305574 --> 5.9.136.6:6789/0 -- auth(proto 2 2 bytes epoch 0) v1 -- 0x56265870d180 con 0 -750>
2017-09-11 21:37:14.469270 7f642544a500 5 monclient: authenticate success, global_id 43334766 -749>
2017-09-11 21:37:14.469310 7f642544a500 10 log_channel(cluster) update_config to_monitors: true to_syslog: true syslog_facility: daemon prio: info to_graylog: false graylog_host: 127.0.0.1 graylog_port: 12201) -748>
2017-09-11 21:37:14.469324 7f642544a500 10 log_channel(audit) update_config to_monitors: true to_syslog: true syslog_facility: local0 prio: info to_graylog: false graylog_host: 127.0.0.1 graylog_port: 12201) -747>
2017-09-11 21:37:14.469476 7f642544a500 5 asok(0x5626586e85a0) register_command objecter_requests hook 0x5626586a62f0 -746>
2017-09-11 21:37:14.469513 7f642544a500 10 monclient: _renew_subs -745>
2017-09-11 21:37:14.469516 7f642544a500 10 monclient: _send_mon_message to mon.fvz-meph-de-fks-d at 5.9.136.6:6789/0 -744>
2017-09-11 21:37:14.469523 7f642544a500 1 -- 5.9.136.6:0/931305574 --> 5.9.136.6:6789/0 -- mon_subscribe({osdmap=0}) v2 -- 0x562658704fc0 con 0 -743>
2017-09-11 21:37:14.469637 7f642544a500 5 asok(0x5626586e85a0) register_command mds_requests hook 0x7ffc0992e3b8 -742>
2017-09-11 21:37:14.469653 7f642544a500 5 asok(0x5626586e85a0) register_command mds_sessions hook 0x7ffc0992e3b8 -741>
2017-09-11 21:37:14.469646 7f641e782700 5 -- 5.9.136.6:0/931305574 >> 5.9.136.6:6789/0 conn(0x56265898a000 :-1 s=STATE_OPEN_MESSAGE_READ_FOOTER_AND_DISPATCH pgs=7784988 cs=1 l=1). rx mon.0 seq 5 0x562658700f00 mgrmap(e 434) v1 -740>
2017-09-11 21:37:14.469660 7f642544a500 5 asok(0x5626586e85a0) register_command dump_cache hook 0x7ffc0992e3b8 -739>
2017-09-11 21:37:14.469689 7f641e782700 5 -- 5.9.136.6:0/931305574 >> 5.9.136.6:6789/0 conn(0x56265898a000 :-1 s=STATE_OPEN_MESSAGE_READ_FOOTER_AND_DISPATCH pgs=7784988 cs=1 l=1). rx mon.0 seq 6 0x56265870d680 mon_map magic: 0 v1 -738>
2017-09-11 21:37:14.469694 7f642544a500 5 asok(0x5626586e85a0) register_command kick_stale_sessions hook 0x7ffc0992e3b8 -737>
2017-09-11 21:37:14.469692 7f641c77e700 1 -- 5.9.136.6:0/931305574 <== mon.0 5.9.136.6:6789/0 5 ==== mgrmap(e 434) v1 ==== 145+0+0 (3757642983 0 0) 0x562658700f00 con 0x56265898a000 -736>
2017-09-11 21:37:14.469712 7f642544a500 5 asok(0x5626586e85a0) register_command status hook 0x7ffc0992e3b8 -735>
2017-09-11 21:37:14.469747 7f641e782700 5 -- 5.9.136.6:0/931305574 >> 5.9.136.6:6789/0 conn(0x56265898a000 :-1 s=STATE_OPEN_MESSAGE_READ_FOOTER_AND_DISPATCH pgs=7784988 cs=1 l=1). rx mon.0 seq 7 0x56265870e080 auth_reply(proto 2 0 (0) Success) v1 -734>
2017-09-11 21:37:14.469759 7f642544a500 1 mgr send_beacon standby -733>
2017-09-11 21:37:14.469849 7f641e782700 5 -- 5.9.136.6:0/931305574 >> 5.9.136.6:6789/0 conn(0x56265898a000 :-1 s=STATE_OPEN_MESSAGE_READ_FOOTER_AND_DISPATCH pgs=7784988 cs=1 l=1). rx mon.0 seq 8 0x56265870e300 osd_map(844110..844110 src has 843552..844110) v3 -732>
2017-09-11 21:37:14.470037 7f642544a500 10 monclient: _send_mon_message to mon.fvz-meph-de-fks-d at 5.9.136.6:6789/0 -731>
2017-09-11 21:37:14.470048 7f642544a500 1 -- 5.9.136.6:0/931305574 --> 5.9.136.6:6789/0 -- mgrbeacon mgr.fvz-meph-de-fks-d(ceb0b908-8566-405c-8bd5-88a5562d4ec9,43334766, -, 0) v5 -- 0x562658700c00 con 0 -730>
2017-09-11 21:37:14.470067 7f642544a500 4 mgr init Complete. -729>
2017-09-11 21:37:14.470078 7f641c77e700 4 mgr ms_dispatch standby mgrmap(e 434) v1 -728>
2017-09-11 21:37:14.470088 7f641c77e700 4 mgr handle_mgr_map received map epoch 434 -727>
2017-09-11 21:37:14.470089 7f641c77e700 4 mgr handle_mgr_map active in map: 0 active is 43334763 -726>
2017-09-11 21:37:14.470101 7f641c77e700 1 -- 5.9.136.6:0/931305574 <== mon.0 5.9.136.6:6789/0 6 ==== mon_map magic: 0 v1 ==== 505+0+0 (1347030394 0 0) 0x56265870d680 con 0x56265898a000 -725>
2017-09-11 21:37:14.470116 7f641c77e700 10 monclient: handle_monmap mon_map magic: 0 v1 -724>
2017-09-11 21:37:14.470134 7f641c77e700 10 monclient: got monmap 28, mon.fvz-meph-de-fks-d is now rank 0 -723>
2017-09-11 21:37:14.470138 7f641c77e700 10 monclient: dump: epoch 28 fsid ceb0b908-8566-405c-8bd5-88a5562d4ec9 last_changed
2017-09-11 06:30:27.682957 created
2016-10-18 22:21:15.558126 0: 5.9.136.6:6789/0 mon.fvz-meph-de-fks-d 1: 46.4.113.241:6789/0 mon.fvz-meph-de-fks-f 2: 148.251.90.218:6789/0 mon.fvz-meph-de-fks-e -722>
2017-09-11 21:37:14.470161 7f641c77e700 1 -- 5.9.136.6:0/931305574 <== mon.0 5.9.136.6:6789/0 7 ==== auth_reply(proto 2 0 (0) Success) v1 ==== 194+0+0 (57577327 0 0) 0x56265870e080 con 0x56265898a000 -721>
2017-09-11 21:37:14.470238 7f641c77e700 10 monclient: _check_auth_rotating have uptodate secrets (they expire after
2017-09-11 21:36:44.470237) -720>
2017-09-11 21:37:14.470252 7f641c77e700 1 -- 5.9.136.6:0/931305574 <== mon.0 5.9.136.6:6789/0 8 ==== osd_map(844110..844110 src has 843552..844110) v3 ==== 24916+0+0 (1162051307 0 0) 0x56265870e300 con 0x56265898a000 -719>
2017-09-11 21:37:14.470521 7f641c77e700 4 mgr ms_dispatch standby osd_map(844110..844110 src has 843552..844110) v3 -718>
2017-09-11 21:37:15.217349 7f641e782700 5 -- 5.9.136.6:0/931305574 >> 5.9.136.6:6789/0 conn(0x56265898a000 :-1 s=STATE_OPEN_MESSAGE_READ_FOOTER_AND_DISPATCH pgs=7784988 cs=1 l=1). rx mon.0 seq 9 0x562658700c00 mgrmap(e 435) v1 -717>
2017-09-11 21:37:15.217435 7f641c77e700 1 -- 5.9.136.6:0/931305574 <== mon.0 5.9.136.6:6789/0 9 ==== mgrmap(e 435) v1 ==== 157+0+0 (133795699 0 0) 0x562658700c00 con 0x56265898a000 -716>
2017-09-11 21:37:15.217462 7f641c77e700 4 mgr ms_dispatch standby mgrmap(e 435) v1 -715>
2017-09-11 21:37:15.217467 7f641c77e700 4 mgr handle_mgr_map received map epoch 435 -714>
2017-09-11 21:37:15.217469 7f641c77e700 4 mgr handle_mgr_map active in map: 1 active is 43334766 -713>
2017-09-11 21:37:15.217471 7f641c77e700 1 mgr handle_mgr_map Activating! -712>
2017-09-11 21:37:15.217661 7f641c77e700 5 adding auth protocol: cephx -711>
2017-09-11 21:37:15.217732 7f641c77e700 1 mgr handle_mgr_map I am now activating -710>
2017-09-11 21:37:15.217943 7f6418776700 1 -- 5.9.136.6:0/0 learned_addr learned my addr 5.9.136.6:0/0 -709>
2017-09-11 21:37:15.217965 7f6418776700 1 -- 5.9.136.6:6800/3897 _finish_bind bind my_inst.addr is 5.9.136.6:6800/3897 -708>
2017-09-11 21:37:15.217974 7f6418776700 1 -- 5.9.136.6:6800/3897 start start -707>
2017-09-11 21:37:15.217985 7f6418776700 1 Processor -- start -706>
2017-09-11 21:37:15.218107 7f6418776700 4 mgr init Initialized server at 5.9.136.6:6800/3897 -705>
2017-09-11 21:37:15.218143 7f6418776700 4 mgr init Loading daemon metadata... -704>
2017-09-11 21:37:15.218155 7f6418776700 10 monclient: _send_command 1 [{"prefix": "mds metadata"}] -703>
2017-09-11 21:37:15.218165 7f6418776700 10 monclient: _send_mon_message to mon.fvz-meph-de-fks-d at 5.9.136.6:6789/0 -702>
2017-09-11 21:37:15.218183 7f6418776700 1 -- 5.9.136.6:0/931305574 --> 5.9.136.6:6789/0 -- mon_command({"prefix": "mds metadata"} v 0) v1 -- 0x562658705d40 con 0 -701>
2017-09-11 21:37:15.218233 7f6418776700 10 monclient: _send_command 2 [{"prefix": "osd metadata"}] -700>
2017-09-11 21:37:15.218277 7f6418776700 10 monclient: _send_mon_message to mon.fvz-meph-de-fks-d at 5.9.136.6:6789/0 -699>
2017-09-11 21:37:15.218316 7f6418776700 1 -- 5.9.136.6:0/931305574 --> 5.9.136.6:6789/0 -- mon_command({"prefix": "osd metadata"} v 0) v1 -- 0x562658705f80 con 0 -698>
2017-09-11 21:37:15.218342 7f6418776700 10 monclient: _send_command 3 [{"prefix": "mon metadata"}] -697>
2017-09-11 21:37:15.218350 7f6418776700 10 monclient: _send_mon_message to mon.fvz-meph-de-fks-d at 5.9.136.6:6789/0 -696>
2017-09-11 21:37:15.218356 7f6418776700 1 -- 5.9.136.6:0/931305574 --> 5.9.136.6:6789/0 -- mon_command({"prefix": "mon metadata"} v 0) v1 -- 0x5626587061c0 con 0 -695>
2017-09-11 21:37:15.219349 7f641e782700 5 -- 5.9.136.6:0/931305574 >> 5.9.136.6:6789/0 conn(0x56265898a000 :-1 s=STATE_OPEN_MESSAGE_READ_FOOTER_AND_DISPATCH pgs=7784988 cs=1 l=1). rx mon.0 seq 10 0x56265870e580 mon_command_ack([{"prefix": "mds metadata"}]=0 v8280) v1 -694>
2017-09-11 21:37:15.219392 7f641c77e700 1 -- 5.9.136.6:0/931305574 <== mon.0 5.9.136.6:6789/0 10 ==== mon_command_ack([{"prefix": "mds metadata"}]=0 v8280) v1 ==== 60+0+1337 (3853034203 0 3492263357) 0x56265870e580 con 0x56265898a000 -693>
2017-09-11 21:37:15.219416 7f641c77e700 10 monclient: handle_mon_command_ack 1 [{"prefix": "mds metadata"}] -692>
2017-09-11 21:37:15.219428 7f641c77e700 10 monclient: _finish_command 1 = 0 -691>
2017-09-11 21:37:15.221337 7f641e782700 5 -- 5.9.136.6:0/931305574 >> 5.9.136.6:6789/0 conn(0x56265898a000 :-1 s=STATE_OPEN_MESSAGE_READ_FOOTER_AND_DISPATCH pgs=7784988 cs=1 l=1). rx mon.0 seq 11 0x562658864f80 mon_command_ack([{"prefix": "osd metadata"}]=0 v844110) v1 -690>
2017-09-11 21:37:15.221377 7f641c77e700 1 -- 5.9.136.6:0/931305574 <== mon.0 5.9.136.6:6789/0 11 ==== mon_command_ack([{"prefix": "osd metadata"}]=0 v844110) v1 ==== 60+0+64645 (232995636 0 4041639274) 0x562658864f80 con 0x56265898a000 -689>
2017-09-11 21:37:15.221391 7f641c77e700 10 monclient: handle_mon_command_ack 2 [{"prefix": "osd metadata"}] -688>
2017-09-11 21:37:15.221394 7f641c77e700 10 monclient: _finish_command 2 = 0 -687>
2017-09-11 21:37:15.221501 7f641e782700 5 -- 5.9.136.6:0/931305574 >> 5.9.136.6:6789/0 conn(0x56265898a000 :-1 s=STATE_OPEN_MESSAGE_READ_FOOTER_AND_DISPATCH pgs=7784988 cs=1 l=1). rx mon.0 seq 12 0x562658865200 mon_command_ack([{"prefix": "mon metadata"}]=0 v0) v1 -686>
2017-09-11 21:37:15.221535 7f641c77e700 1 -- 5.9.136.6:0/931305574 <== mon.0 5.9.136.6:6789/0 12 ==== mon_command_ack([{"prefix": "mon metadata"}]=0 v0) v1 ==== 60+0+1980 (750816088 0 358341779) 0x562658865200 con 0x56265898a000 -685>
2017-09-11 21:37:15.221552 7f641c77e700 10 monclient: handle_mon_command_ack 3 [{"prefix": "mon metadata"}] -684>
2017-09-11 21:37:15.221556 7f641c77e700 10 monclient: _finish_command 3 = 0 -683>
2017-09-11 21:37:15.223606 7f6418776700 4 mgr load_all_metadata fvz-ceph-de-fks-02 -682>
2017-09-11 21:37:15.223660 7f6418776700 4 mgr load_all_metadata fvz-ceph-de-fks-02 -681>
2017-09-11 21:37:15.223691 7f6418776700 4 mgr load_all_metadata fvz-ceph-de-fks-02 -680>
2017-09-11 21:37:15.223719 7f6418776700 4 mgr load_all_metadata fvz-ceph-de-fks-02 -679>
2017-09-11 21:37:15.223746 7f6418776700 4 mgr load_all_metadata fvz-ceph-de-fks-03 -678>
2017-09-11 21:37:15.223774 7f6418776700 4 mgr load_all_metadata fvz-ceph-de-fks-03 -677>
2017-09-11 21:37:15.223811 7f6418776700 4 mgr load_all_metadata fvz-ceph-de-fks-03 -676>
2017-09-11 21:37:15.223847 7f6418776700 4 mgr load_all_metadata fvz-ceph-de-fks-03 -675>
2017-09-11 21:37:15.223878 7f6418776700 4 mgr load_all_metadata fvz-ceph-de-fks-04 -674>
2017-09-11 21:37:15.223905 7f6418776700 4 mgr load_all_metadata fvz-ceph-de-fks-04 -673>
2017-09-11 21:37:15.223943 7f6418776700 4 mgr load_all_metadata fvz-ceph-de-fks-04 -672>
2017-09-11 21:37:15.223971 7f6418776700 4 mgr load_all_metadata fvz-ceph-de-fks-04 -671>
2017-09-11 21:37:15.224006 7f6418776700 4 mgr load_all_metadata fvz-ceph-de-fks-04 -670>
2017-09-11 21:37:15.224035 7f6418776700 4 mgr load_all_metadata fvz-ceph-de-fks-04 -669>
2017-09-11 21:37:15.224062 7f6418776700 4 mgr load_all_metadata fvz-ceph-de-fks-04 -668>
2017-09-11 21:37:15.224089 7f6418776700 4 mgr load_all_metadata fvz-ceph-de-fks-04 -667>
2017-09-11 21:37:15.224116 7f6418776700 4 mgr load_all_metadata fvz-ceph-de-fks-04 -666>
2017-09-11 21:37:15.224143 7f6418776700 4 mgr load_all_metadata fvz-ceph-de-fks-04 -665>
2017-09-11 21:37:15.224183 7f6418776700 4 mgr load_all_metadata fvz-ceph-de-fks-15 -664>
2017-09-11 21:37:15.224211 7f6418776700 4 mgr load_all_metadata fvz-ceph-de-fks-15 -663>
2017-09-11 21:37:15.224239 7f6418776700 4 mgr load_all_metadata fvz-ceph-de-fks-15 -662>
2017-09-11 21:37:15.224266 7f6418776700 4 mgr load_all_metadata fvz-ceph-de-fks-15 -661>
2017-09-11 21:37:15.224293 7f6418776700 4 mgr load_all_metadata fvz-ceph-de-fks-16 -660>
2017-09-11 21:37:15.224322 7f6418776700 4 mgr load_all_metadata fvz-ceph-de-fks-16 -659>
2017-09-11 21:37:15.224349 7f6418776700 4 mgr load_all_metadata fvz-ceph-de-fks-16 -658>
2017-09-11 21:37:15.224393 7f6418776700 4 mgr load_all_metadata fvz-ceph-de-fks-16 -657>
2017-09-11 21:37:15.224421 7f6418776700 4 mgr load_all_metadata fvz-ceph-de-fks-17 -656>
2017-09-11 21:37:15.224447 7f6418776700 4 mgr load_all_metadata fvz-ceph-de-fks-17 -655>
2017-09-11 21:37:15.224492 7f6418776700 4 mgr load_all_metadata fvz-ceph-de-fks-17 -654>
2017-09-11 21:37:15.224525 7f6418776700 4 mgr load_all_metadata fvz-ceph-de-fks-17 -653>
2017-09-11 21:37:15.224552 7f6418776700 4 mgr load_all_metadata fvz-ceph-de-fks-18 -652>
2017-09-11 21:37:15.224588 7f6418776700 4 mgr load_all_metadata fvz-ceph-de-fks-18 -651>
2017-09-11 21:37:15.224615 7f6418776700 4 mgr load_all_metadata fvz-ceph-de-fks-18 -650>
2017-09-11 21:37:15.224642 7f6418776700 4 mgr load_all_metadata fvz-ceph-de-fks-18 -649>
2017-09-11 21:37:15.224670 7f6418776700 4 mgr load_all_metadata fvz-ceph-de-fks-19 -648>
2017-09-11 21:37:15.224698 7f6418776700 4 mgr load_all_metadata fvz-ceph-de-fks-19 -647>
2017-09-11 21:37:15.224725 7f6418776700 4 mgr load_all_metadata fvz-ceph-de-fks-19 -646>
2017-09-11 21:37:15.224760 7f6418776700 4 mgr load_all_metadata fvz-ceph-de-fks-19 -645>
2017-09-11 21:37:15.224800 7f6418776700 4 mgr load_all_metadata fvz-ceph-de-fks-20 -644>
2017-09-11 21:37:15.224828 7f6418776700 4 mgr load_all_metadata fvz-ceph-de-fks-20 -643>
2017-09-11 21:37:15.224855 7f6418776700 4 mgr load_all_metadata fvz-ceph-de-fks-20 -642>
2017-09-11 21:37:15.224882 7f6418776700 4 mgr load_all_metadata fvz-ceph-de-fks-20 -641>
2017-09-11 21:37:15.224908 7f6418776700 4 mgr load_all_metadata fvz-ceph-de-fks-21 -640>
2017-09-11 21:37:15.224935 7f6418776700 4 mgr load_all_metadata fvz-ceph-de-fks-21 -639>
2017-09-11 21:37:15.224971 7f6418776700 4 mgr load_all_metadata fvz-ceph-de-fks-21 -638>
2017-09-11 21:37:15.224999 7f6418776700 4 mgr load_all_metadata fvz-ceph-de-fks-21 -637>
2017-09-11 21:37:15.225026 7f6418776700 4 mgr load_all_metadata fvz-ceph-de-fks-22 -636>
2017-09-11 21:37:15.225052 7f6418776700 4 mgr load_all_metadata fvz-ceph-de-fks-22 -635>
2017-09-11 21:37:15.225079 7f6418776700 4 mgr load_all_metadata fvz-ceph-de-fks-22 -634>
2017-09-11 21:37:15.225107 7f6418776700 4 mgr load_all_metadata fvz-ceph-de-fks-22 -633>
2017-09-11 21:37:15.225300 7f6418776700 4 mgr init waiting for OSDMap... -632>
2017-09-11 21:37:15.225313 7f6418776700 10 monclient: _renew_subs -631>
2017-09-11 21:37:15.225319 7f6418776700 10 monclient: _send_mon_message to mon.fvz-meph-de-fks-d at 5.9.136.6:6789/0 -630>
2017-09-11 21:37:15.225332 7f6418776700 1 -- 5.9.136.6:0/931305574 --> 5.9.136.6:6789/0 -- mon_subscribe({fsmap=0+,log-info=0+,mgrdigest=0+,osdmap=844111,servicemap=0+}) v2 -- 0x562658704fc0 con 0 -629>
2017-09-11 21:37:15.225365 7f6418776700 10 monclient: _reopen_session rank -1 -628>
2017-09-11 21:37:15.225371 7f6418776700 1 -- 5.9.136.6:0/931305574 >> 5.9.136.6:6789/0 conn(0x56265898a000 :-1 s=STATE_OPEN pgs=7784988 cs=1 l=1).mark_down -627>
2017-09-11 21:37:15.225384 7f6418776700 2 -- 5.9.136.6:0/931305574 >> 5.9.136.6:6789/0 conn(0x56265898a000 :-1 s=STATE_OPEN pgs=7784988 cs=1 l=1)._stop -626>
2017-09-11 21:37:15.225432 7f6418776700 10 monclient(hunting): picked mon.fvz-meph-de-fks-d con 0x5626589e3800 addr 5.9.136.6:6789/0 -625>
2017-09-11 21:37:15.225462 7f6418776700 10 monclient(hunting): picked mon.fvz-meph-de-fks-e con 0x5626586de800 addr 148.251.90.218:6789/0 -624>
2017-09-11 21:37:15.225478 7f6418776700 1 -- 5.9.136.6:0/931305574 --> 5.9.136.6:6789/0 -- auth(proto 0 42 bytes epoch 28) v1 -- 0x56265870e300 con 0 -623>
2017-09-11 21:37:15.225496 7f6418776700 1 -- 5.9.136.6:0/931305574 --> 148.251.90.218:6789/0 -- auth(proto 0 42 bytes epoch 28) v1 -- 0x56265870e580 con 0 -622>
2017-09-11 21:37:15.225517 7f6418776700 10 monclient(hunting): _renew_subs -621>
2017-09-11 21:37:15.225924 7f641e782700 2 -- 5.9.136.6:0/931305574 >> 5.9.136.6:6789/0 conn(0x5626589e3800 :-1 s=STATE_CONNECTING_WAIT_ACK_SEQ pgs=0 cs=0 l=0)._process_connection got newly_acked_seq 0 vs out_seq 0 -620>
2017-09-11 21:37:15.226295 7f641e782700 5 -- 5.9.136.6:0/931305574 >> 5.9.136.6:6789/0 conn(0x5626589e3800 :-1 s=STATE_OPEN_MESSAGE_READ_FOOTER_AND_DISPATCH pgs=7784989 cs=1 l=1). rx mon.0 seq 1 0x56265870e300 auth_reply(proto 2 0 (0) Success) v1 -619>
2017-09-11 21:37:15.226426 7f641f784700 2 -- 5.9.136.6:0/931305574 >> 148.251.90.218:6789/0 conn(0x5626586de800 :-1 s=STATE_CONNECTING_WAIT_ACK_SEQ pgs=0 cs=0 l=0)._process_connection got newly_acked_seq 0 vs out_seq 0 -618>
2017-09-11 21:37:15.250218 7f641f784700 5 -- 5.9.136.6:0/931305574 >> 148.251.90.218:6789/0 conn(0x5626586de800 :-1 s=STATE_OPEN_MESSAGE_READ_FOOTER_AND_DISPATCH pgs=336421 cs=1 l=1). rx mon.2 seq 1 0x56265870e580 auth_reply(proto 2 0 (0) Success) v1 -617>
2017-09-11 21:37:15.257001 7f6418776700 4 mgr init waiting for FSMap... -616>
2017-09-11 21:37:15.257061 7f641c77e700 1 -- 5.9.136.6:0/931305574 <== mon.0 5.9.136.6:6789/0 1 ==== auth_reply(proto 2 0 (0) Success) v1 ==== 33+0+0 (3095315230 0 0) 0x56265870e300 con 0x5626589e3800 -615>
2017-09-11 21:37:15.257177 7f641c77e700 1 -- 5.9.136.6:0/931305574 --> 5.9.136.6:6789/0 -- auth(proto 2 32 bytes epoch 0) v1 -- 0x562659e37c00 con 0 -614>
2017-09-11 21:37:15.257210 7f641c77e700 1 -- 5.9.136.6:0/931305574 <== mon.2 148.251.90.218:6789/0 1 ==== auth_reply(proto 2 0 (0) Success) v1 ==== 33+0+0 (890770762 0 0) 0x56265870e580 con 0x5626586de800 -613>
2017-09-11 21:37:15.257256 7f641c77e700 1 -- 5.9.136.6:0/931305574 --> 148.251.90.218:6789/0 -- auth(proto 2 32 bytes epoch 0) v1 -- 0x56265870e300 con 0 -612>
2017-09-11 21:37:15.257785 7f641f784700 5 -- 5.9.136.6:0/931305574 >> 148.251.90.218:6789/0 conn(0x5626586de800 :-1 s=STATE_OPEN_MESSAGE_READ_FOOTER_AND_DISPATCH pgs=336421 cs=1 l=1). rx mon.2 seq 2 0x56265870e300 auth_reply(proto 2 0 (0) Success) v1 -611>
2017-09-11 21:37:15.257810 7f641e782700 5 -- 5.9.136.6:0/931305574 >> 5.9.136.6:6789/0 conn(0x5626589e3800 :-1 s=STATE_OPEN_MESSAGE_READ_FOOTER_AND_DISPATCH pgs=7784989 cs=1 l=1). rx mon.0 seq 2 0x562659e37c00 auth_reply(proto 2 0 (0) Success) v1 -610>
2017-09-11 21:37:15.257864 7f641c77e700 1 -- 5.9.136.6:0/931305574 <== mon.2 148.251.90.218:6789/0 2 ==== auth_reply(proto 2 0 (0) Success) v1 ==== 222+0+0 (2199676040 0 0) 0x56265870e300 con 0x5626586de800 -609>
2017-09-11 21:37:15.257985 7f641c77e700 1 -- 5.9.136.6:0/931305574 --> 148.251.90.218:6789/0 -- auth(proto 2 181 bytes epoch 0) v1 -- 0x56265870e580 con 0 -608>
2017-09-11 21:37:15.258015 7f641c77e700 1 -- 5.9.136.6:0/931305574 <== mon.0 5.9.136.6:6789/0 2 ==== auth_reply(proto 2 0 (0) Success) v1 ==== 222+0+0 (753357828 0 0) 0x562659e37c00 con 0x5626589e3800 -607>
2017-09-11 21:37:15.258080 7f641c77e700 1 -- 5.9.136.6:0/931305574 --> 5.9.136.6:6789/0 -- auth(proto 2 181 bytes epoch 0) v1 -- 0x56265870e300 con 0 -606>
2017-09-11 21:37:15.258623 7f641f784700 5 -- 5.9.136.6:0/931305574 >> 148.251.90.218:6789/0 conn(0x5626586de800 :-1 s=STATE_OPEN_MESSAGE_READ_FOOTER_AND_DISPATCH pgs=336421 cs=1 l=1). rx mon.2 seq 3 0x56265870e580 auth_reply(proto 2 0 (0) Success) v1 -605>
2017-09-11 21:37:15.258705 7f641c77e700 1 -- 5.9.136.6:0/931305574 <== mon.2 148.251.90.218:6789/0 3 ==== auth_reply(proto 2 0 (0) Success) v1 ==== 815+0+0 (1045449374 0 0) 0x56265870e580 con 0x5626586de800 -604>
2017-09-11 21:37:15.258839 7f641e782700 5 -- 5.9.136.6:0/931305574 >> 5.9.136.6:6789/0 conn(0x5626589e3800 :-1 s=STATE_OPEN_MESSAGE_READ_FOOTER_AND_DISPATCH pgs=7784989 cs=1 l=1). rx mon.0 seq 3 0x56265870e300 auth_reply(proto 2 0 (0) Success) v1 -603>
2017-09-11 21:37:15.258888 7f641c77e700 1 -- 5.9.136.6:0/931305574 >> 5.9.136.6:6789/0 conn(0x5626589e3800 :-1 s=STATE_OPEN pgs=7784989 cs=1 l=1).mark_down -602>
2017-09-11 21:37:15.258898 7f641c77e700 2 -- 5.9.136.6:0/931305574 >> 5.9.136.6:6789/0 conn(0x5626589e3800 :-1 s=STATE_OPEN pgs=7784989 cs=1 l=1)._stop -601>
2017-09-11 21:37:15.258951 7f641c77e700 1 monclient: found mon.fvz-meph-de-fks-e -600>
2017-09-11 21:37:15.258971 7f641c77e700 10 monclient: _send_mon_message to mon.fvz-meph-de-fks-e at 148.251.90.218:6789/0 -599>
2017-09-11 21:37:15.258976 7f641c77e700 1 -- 5.9.136.6:0/931305574 --> 148.251.90.218:6789/0 -- mon_subscribe({fsmap=0+,log-info=0+,mgrdigest=0+,mgrmap=0+,monmap=29+,osdmap=844111,servicemap=0+}) v2 -- 0x562658704fc0 con 0 -598>
2017-09-11 21:37:15.259000 7f641c77e700 10 monclient: _check_auth_rotating have uptodate secrets (they expire after
2017-09-11 21:36:45.258999) -597>
2017-09-11 21:37:15.259692 7f641f784700 5 -- 5.9.136.6:0/931305574 >> 148.251.90.218:6789/0 conn(0x5626586de800 :-1 s=STATE_OPEN_MESSAGE_READ_FOOTER_AND_DISPATCH pgs=336421 cs=1 l=1). rx mon.2 seq 4 0x56265875f000 fsmap(e 8280) v1 -596>
2017-09-11 21:37:15.259751 7f641f784700 5 -- 5.9.136.6:0/931305574 >> 148.251.90.218:6789/0 conn(0x5626586de800 :-1 s=STATE_OPEN_MESSAGE_READ_FOOTER_AND_DISPATCH pgs=336421 cs=1 l=1). rx mon.2 seq 5 0x562659522000 log(1 entries from seq 36577 at
2017-09-11 21:37:14.470408) v1 -595>
2017-09-11 21:37:15.259768 7f641c77e700 1 -- 5.9.136.6:0/931305574 <== mon.2 148.251.90.218:6789/0 4 ==== fsmap(e 8280) v1 ==== 1061+0+0 (2404634398 0 0) 0x56265875f000 con 0x5626586de800 -594>
2017-09-11 21:37:15.259812 7f641c77e700 4 mgr ms_dispatch active fsmap(e 8280) v1 -593>
2017-09-11 21:37:15.259816 7f641c77e700 4 mgr ms_dispatch fsmap(e 8280) v1 -592>
2017-09-11 21:37:15.259779 7f641f784700 5 -- 5.9.136.6:0/931305574 >> 148.251.90.218:6789/0 conn(0x5626586de800 :-1 s=STATE_OPEN_MESSAGE_READ_FOOTER_AND_DISPATCH pgs=336421 cs=1 l=1). rx mon.2 seq 6 0x562658b52680 mgrdigest v1 -591>
2017-09-11 21:37:15.259841 7f641f784700 5 -- 5.9.136.6:0/931305574 >> 148.251.90.218:6789/0 conn(0x5626586de800 :-1 s=STATE_OPEN_MESSAGE_READ_FOOTER_AND_DISPATCH pgs=336421 cs=1 l=1). rx mon.2 seq 7 0x562658703300 mgrmap(e 435) v1 -590>
2017-09-11 21:37:15.259861 7f6418776700 4 mgr init waiting for config-keys... -589>
2017-09-11 21:37:15.259867 7f641c77e700 1 -- 5.9.136.6:0/931305574 <== mon.2 148.251.90.218:6789/0 5 ==== log(1 entries from seq 36577 at
2017-09-11 21:37:14.470408) v1 ==== 189+0+0 (440793863 0 0) 0x562659522000 con 0x5626586de800 -588>
2017-09-11 21:37:15.259878 7f6418776700 10 monclient: _send_command 4 [{"prefix": "config-key ls"}] -587>
2017-09-11 21:37:15.259880 7f641c77e700 4 mgr ms_dispatch active log(1 entries from seq 36577 at
2017-09-11 21:37:14.470408) v1 -586>
2017-09-11 21:37:15.259878 7f641f784700 5 -- 5.9.136.6:0/931305574 >> 148.251.90.218:6789/0 conn(0x5626586de800 :-1 s=STATE_OPEN_MESSAGE_READ_FOOTER_AND_DISPATCH pgs=336421 cs=1 l=1). rx mon.2 seq 8 0x562658704fc0 service_map(e4 1 svc) v1 -585>
2017-09-11 21:37:15.259883 7f6418776700 10 monclient: _send_mon_message to mon.fvz-meph-de-fks-e at 148.251.90.218:6789/0 -584>
2017-09-11 21:37:15.259886 7f641c77e700 4 mgr ms_dispatch log(1 entries from seq 36577 at
2017-09-11 21:37:14.470408) v1 -583>
2017-09-11 21:37:15.259890 7f6418776700 1 -- 5.9.136.6:0/931305574 --> 148.251.90.218:6789/0 -- mon_command({"prefix": "config-key ls"} v 0) v1 -- 0x562658705680 con 0 -582>
2017-09-11 21:37:15.259943 7f641c77e700 1 -- 5.9.136.6:0/931305574 <== mon.2 148.251.90.218:6789/0 6 ==== mgrdigest v1 ==== 1831+0+0 (1880698618 0 0) 0x562658b52680 con 0x5626586de800 -581>
2017-09-11 21:37:15.259954 7f641c77e700 4 mgr ms_dispatch active mgrdigest v1 -580>
2017-09-11 21:37:15.259957 7f641c77e700 4 mgr ms_dispatch mgrdigest v1 -579>
2017-09-11 21:37:15.259962 7f641c77e700 1 -- 5.9.136.6:0/931305574 <== mon.2 148.251.90.218:6789/0 7 ==== mgrmap(e 435) v1 ==== 157+0+0 (133795699 0 0) 0x562658703300 con 0x5626586de800 -578>
2017-09-11 21:37:15.259969 7f641c77e700 4 mgr ms_dispatch active mgrmap(e 435) v1 -577>
2017-09-11 21:37:15.259971 7f641c77e700 4 mgr handle_mgr_map received map epoch 435 -576>
2017-09-11 21:37:15.259972 7f641c77e700 4 mgr handle_mgr_map active in map: 1 active is 43334766 -575>
2017-09-11 21:37:15.259978 7f641c77e700 1 -- 5.9.136.6:0/931305574 <== mon.2 148.251.90.218:6789/0 8 ==== service_map(e4 1 svc) v1 ==== 857+0+0 (1099487174 0 0) 0x562658704fc0 con 0x5626586de800 -574>
2017-09-11 21:37:15.259987 7f641c77e700 4 mgr ms_dispatch active service_map(e4 1 svc) v1 -573>
2017-09-11 21:37:15.259989 7f641c77e700 4 mgr ms_dispatch service_map(e4 1 svc) v1 -572>
2017-09-11 21:37:15.260538 7f641f784700 5 -- 5.9.136.6:0/931305574 >> 148.251.90.218:6789/0 conn(0x5626586de800 :-1 s=STATE_OPEN_MESSAGE_READ_FOOTER_AND_DISPATCH pgs=336421 cs=1 l=1). rx mon.2 seq 9 0x562659522280 mon_command_ack([{"prefix": "config-key ls"}]=0 v0) v1 -571>
2017-09-11 21:37:15.260579 7f641c77e700 1 -- 5.9.136.6:0/931305574 <== mon.2 148.251.90.218:6789/0 9 ==== mon_command_ack([{"prefix": "config-key ls"}]=0 v0) v1 ==== 61+0+1491 (3227808092 0 4091194247) 0x562659522280 con 0x5626586de800 -570>
2017-09-11 21:37:15.260615 7f641c77e700 10 monclient: handle_mon_command_ack 4 [{"prefix": "config-key ls"}] -569>
2017-09-11 21:37:15.260618 7f641c77e700 10 monclient: _finish_command 4 = 0 -568>
2017-09-11 21:37:15.260737 7f6418776700 10 monclient: _send_command 5 [{"prefix": "config-key get", "key": "dm-crypt/osd/0e6b8660-fcfb-4450-ac03-2e19dc0c0e34/luks"}] -567>
2017-09-11 21:37:15.260746 7f6418776700 10 monclient: _send_mon_message to mon.fvz-meph-de-fks-e at 148.251.90.218:6789/0 -566>
2017-09-11 21:37:15.260755 7f6418776700 1 -- 5.9.136.6:0/931305574 --> 148.251.90.218:6789/0 -- mon_command({"prefix": "config-key get", "key": "dm-crypt/osd/0e6b8660-fcfb-4450-ac03-2e19dc0c0e34/luks"} v 0) v1 -- 0x562658705f80 con 0 -565>
2017-09-11 21:37:15.261232 7f641f784700 5 -- 5.9.136.6:0/931305574 >> 148.251.90.218:6789/0 conn(0x5626586de800 :-1 s=STATE_OPEN_MESSAGE_READ_FOOTER_AND_DISPATCH pgs=336421 cs=1 l=1). rx mon.2 seq 10 0x562659522500 mon_command_ack([{"prefix": "config-key get", "key": "dm-crypt/osd/0e6b8660-fcfb-4450-ac03-2e19dc0c0e34/luks"}]=0 obtained 'dm-crypt/osd/0e6b8660-fcfb-4450-ac03-2e19dc0c0e34/luks' v0) v1 -564>
2017-09-11 21:37:15.261309 7f641c77e700 1 -- 5.9.136.6:0/931305574 <== mon.2 148.251.90.218:6789/0 10 ==== mon_command_ack([{"prefix": "config-key get", "key": "dm-crypt/osd/0e6b8660-fcfb-4450-ac03-2e19dc0c0e34/luks"}]=0 obtained 'dm-crypt/osd/0e6b8660-fcfb-4450-ac03-2e19dc0c0e34/luks' v0) v1 ==== 192+0+172 (1941450481 0 3533999418) 0x562659522500 con 0x5626586de800 -563>
2017-09-11 21:37:15.261344 7f641c77e700 10 monclient: handle_mon_command_ack 5 [{"prefix": "config-key get", "key": "dm-crypt/osd/0e6b8660-fcfb-4450-ac03-2e19dc0c0e34/luks"}] -562>
2017-09-11 21:37:15.261358 7f641c77e700 10 monclient: _finish_command 5 = 0 obtained 'dm-crypt/osd/0e6b8660-fcfb-4450-ac03-2e19dc0c0e34/luks' -561>
2017-09-11 21:37:15.261396 7f6418776700 10 monclient: _send_command 6 [{"prefix": "config-key get", "key": "dm-crypt/osd/0e81aea9-799c-4612-a149-4495b1fbe9d5/luks"}] -560>
2017-09-11 21:37:15.261405 7f6418776700 10 monclient: _send_mon_message to mon.fvz-meph-de-fks-e at 148.251.90.218:6789/0 -559>
2017-09-11 21:37:15.261413 7f6418776700 1 -- 5.9.136.6:0/931305574 --> 148.251.90.218:6789/0 -- mon_command({"prefix": "config-key get", "key": "dm-crypt/osd/0e81aea9-799c-4612-a149-4495b1fbe9d5/luks"} v 0) v1 -- 0x562658706400 con 0 -558>
2017-09-11 21:37:15.262026 7f641f784700 5 -- 5.9.136.6:0/931305574 >> 148.251.90.218:6789/0 conn(0x5626586de800 :-1 s=STATE_OPEN_MESSAGE_READ_FOOTER_AND_DISPATCH pgs=336421 cs=1 l=1). rx mon.2 seq 11 0x562659494000 mon_command_ack([{"prefix": "config-key get", "key": "dm-crypt/osd/0e81aea9-799c-4612-a149-4495b1fbe9d5/luks"}]=0 obtained 'dm-crypt/osd/0e81aea9-799c-4612-a149-4495b1fbe9d5/luks' v0) v1 -557>
2017-09-11 21:37:15.262084 7f641c77e700 1 -- 5.9.136.6:0/931305574 <== mon.2 148.251.90.218:6789/0 11 ==== mon_command_ack([{"prefix": "config-key get", "key": "dm-crypt/osd/0e81aea9-799c-4612-a149-4495b1fbe9d5/luks"}]=0 obtained 'dm-crypt/osd/0e81aea9-799c-4612-a149-4495b1fbe9d5/luks' v0) v1 ==== 192+0+172 (3233441553 0 2270819128) 0x562659494000 con 0x5626586de800 -556>
2017-09-11 21:37:15.262104 7f641c77e700 10 monclient: handle_mon_command_ack 6 [{"prefix": "config-key get", "key": "dm-crypt/osd/0e81aea9-799c-4612-a149-4495b1fbe9d5/luks"}] -555>
2017-09-11 21:37:15.262108 7f641c77e700 10 monclient: _finish_command 6 = 0 obtained 'dm-crypt/osd/0e81aea9-799c-4612-a149-4495b1fbe9d5/luks' -554>
2017-09-11 21:37:15.262155 7f6418776700 10 monclient: _send_command 7 [{"prefix": "config-key get", "key": "dm-crypt/osd/30998649-62bf-483a-a08e-b27a1621ffd0/luks"}] -553>
2017-09-11 21:37:15.262163 7f6418776700 10 monclient: _send_mon_message to mon.fvz-meph-de-fks-e at 148.251.90.218:6789/0 -552>
2017-09-11 21:37:15.262167 7f6418776700 1 -- 5.9.136.6:0/931305574 --> 148.251.90.218:6789/0 -- mon_command({"prefix": "config-key get", "key": "dm-crypt/osd/30998649-62bf-483a-a08e-b27a1621ffd0/luks"} v 0) v1 -- 0x562658705d40 con 0 -551>
2017-09-11 21:37:15.262622 7f641f784700 5 -- 5.9.136.6:0/931305574 >> 148.251.90.218:6789/0 conn(0x5626586de800 :-1 s=STATE_OPEN_MESSAGE_READ_FOOTER_AND_DISPATCH pgs=336421 cs=1 l=1). rx mon.2 seq 12 0x562659494280 mon_command_ack([{"prefix": "config-key get", "key": "dm-crypt/osd/30998649-62bf-483a-a08e-b27a1621ffd0/luks"}]=0 obtained 'dm-crypt/osd/30998649-62bf-483a-a08e-b27a1621ffd0/luks' v0) v1 -550>
2017-09-11 21:37:15.262707 7f641c77e700 1 -- 5.9.136.6:0/931305574 <== mon.2 148.251.90.218:6789/0 12 ==== mon_command_ack([{"prefix": "config-key get", "key": "dm-crypt/osd/30998649-62bf-483a-a08e-b27a1621ffd0/luks"}]=0 obtained 'dm-crypt/osd/30998649-62bf-483a-a08e-b27a1621ffd0/luks' v0) v1 ==== 192+0+172 (4176351020 0 3968801341) 0x562659494280 con 0x5626586de800 -549>
2017-09-11 21:37:15.262731 7f641c77e700 10 monclient: handle_mon_command_ack 7 [{"prefix": "config-key get", "key": "dm-crypt/osd/30998649-62bf-483a-a08e-b27a1621ffd0/luks"}] -548>
2017-09-11 21:37:15.262737 7f641c77e700 10 monclient: _finish_command 7 = 0 obtained 'dm-crypt/osd/30998649-62bf-483a-a08e-b27a1621ffd0/luks' -547>
2017-09-11 21:37:15.262790 7f6418776700 10 monclient: _send_command 8 [{"prefix": "config-key get", "key": "dm-crypt/osd/372ce8a6-9a77-4ca8-a1d2-3a8dd358a603/luks"}] -546>
2017-09-11 21:37:15.262797 7f6418776700 10 monclient: _send_mon_message to mon.fvz-meph-de-fks-e at 148.251.90.218:6789/0 -545>
2017-09-11 21:37:15.262803 7f6418776700 1 -- 5.9.136.6:0/931305574 --> 148.251.90.218:6789/0 -- mon_command({"prefix": "config-key get", "key": "dm-crypt/osd/372ce8a6-9a77-4ca8-a1d2-3a8dd358a603/luks"} v 0) v1 -- 0x562658705680 con 0 -544>
2017-09-11 21:37:15.263241 7f641f784700 5 -- 5.9.136.6:0/931305574 >> 148.251.90.218:6789/0 conn(0x5626586de800 :-1 s=STATE_OPEN_MESSAGE_READ_FOOTER_AND_DISPATCH pgs=336421 cs=1 l=1). rx mon.2 seq 13 0x562659494500 mon_command_ack([{"prefix": "config-key get", "key": "dm-crypt/osd/372ce8a6-9a77-4ca8-a1d2-3a8dd358a603/luks"}]=0 obtained 'dm-crypt/osd/372ce8a6-9a77-4ca8-a1d2-3a8dd358a603/luks' v0) v1 -543>
2017-09-11 21:37:15.263287 7f641c77e700 1 -- 5.9.136.6:0/931305574 <== mon.2 148.251.90.218:6789/0 13 ==== mon_command_ack([{"prefix": "config-key get", "key": "dm-crypt/osd/372ce8a6-9a77-4ca8-a1d2-3a8dd358a603/luks"}]=0 obtained 'dm-crypt/osd/372ce8a6-9a77-4ca8-a1d2-3a8dd358a603/luks' v0) v1 ==== 192+0+172 (3294472416 0 4090727116) 0x562659494500 con 0x5626586de800 -542>
2017-09-11 21:37:15.263319 7f641c77e700 10 monclient: handle_mon_command_ack 8 [{"prefix": "config-key get", "key": "dm-crypt/osd/372ce8a6-9a77-4ca8-a1d2-3a8dd358a603/luks"}] -541>
2017-09-11 21:37:15.263324 7f641c77e700 10 monclient: _finish_command 8 = 0 obtained 'dm-crypt/osd/372ce8a6-9a77-4ca8-a1d2-3a8dd358a603/luks' -540>
2017-09-11 21:37:15.263424 7f6418776700 10 monclient: _send_command 9 [{"prefix": "config-key get", "key": "dm-crypt/osd/47095c90-d97d-454c-8702-c983a7c260e0/luks"}] -539>
2017-09-11 21:37:15.263430 7f6418776700 10 monclient: _send_mon_message to mon.fvz-meph-de-fks-e at 148.251.90.218:6789/0 -538>
2017-09-11 21:37:15.263437 7f6418776700 1 -- 5.9.136.6:0/931305574 --> 148.251.90.218:6789/0 -- mon_command({"prefix": "config-key get", "key": "dm-crypt/osd/47095c90-d97d-454c-8702-c983a7c260e0/luks"} v 0) v1 -- 0x562658705f80 con 0 -537>
2017-09-11 21:37:15.263880 7f641f784700 5 -- 5.9.136.6:0/931305574 >> 148.251.90.218:6789/0 conn(0x5626586de800 :-1 s=STATE_OPEN_MESSAGE_READ_FOOTER_AND_DISPATCH pgs=336421 cs=1 l=1). rx mon.2 seq 14 0x562659494780 mon_command_ack([{"prefix": "config-key get", "key": "dm-crypt/osd/47095c90-d97d-454c-8702-c983a7c260e0/luks"}]=0 obtained 'dm-crypt/osd/47095c90-d97d-454c-8702-c983a7c260e0/luks' v0) v1 -536>
2017-09-11 21:37:15.263943 7f641c77e700 1 -- 5.9.136.6:0/931305574 <== mon.2 148.251.90.218:6789/0 14 ==== mon_command_ack([{"prefix": "config-key get", "key": "dm-crypt/osd/47095c90-d97d-454c-8702-c983a7c260e0/luks"}]=0 obtained 'dm-crypt/osd/47095c90-d97d-454c-8702-c983a7c260e0/luks' v0) v1 ==== 192+0+172 (600695528 0 1114573891) 0x562659494780 con 0x5626586de800 -535>
2017-09-11 21:37:15.263978 7f641c77e700 10 monclient: handle_mon_command_ack 9 [{"prefix": "config-key get", "key": "dm-crypt/osd/47095c90-d97d-454c-8702-c983a7c260e0/luks"}] -534>
2017-09-11 21:37:15.263983 7f641c77e700 10 monclient: _finish_command 9 = 0 obtained 'dm-crypt/osd/47095c90-d97d-454c-8702-c983a7c260e0/luks' -533>
2017-09-11 21:37:15.264025 7f6418776700 10 monclient: _send_command 10 [{"prefix": "config-key get", "key": "dm-crypt/osd/601bc71d-d7cd-4e98-b80d-15c781e3fdcd/luks"}] -532>
2017-09-11 21:37:15.264033 7f6418776700 10 monclient: _send_mon_message to mon.fvz-meph-de-fks-e at 148.251.90.218:6789/0 -531>
2017-09-11 21:37:15.264041 7f6418776700 1 -- 5.9.136.6:0/931305574 --> 148.251.90.218:6789/0 -- mon_command({"prefix": "config-key get", "key": "dm-crypt/osd/601bc71d-d7cd-4e98-b80d-15c781e3fdcd/luks"} v 0) v1 -- 0x562658706640 con 0 -530>
2017-09-11 21:37:15.264520 7f641f784700 5 -- 5.9.136.6:0/931305574 >> 148.251.90.218:6789/0 conn(0x5626586de800 :-1 s=STATE_OPEN_MESSAGE_READ_FOOTER_AND_DISPATCH pgs=336421 cs=1 l=1). rx mon.2 seq 15 0x562659494a00 mon_command_ack([{"prefix": "config-key get", "key": "dm-crypt/osd/601bc71d-d7cd-4e98-b80d-15c781e3fdcd/luks"}]=0 obtained 'dm-crypt/osd/601bc71d-d7cd-4e98-b80d-15c781e3fdcd/luks' v0) v1 -529>
2017-09-11 21:37:15.264606 7f641c77e700 1 -- 5.9.136.6:0/931305574 <== mon.2 148.251.90.218:6789/0 15 ==== mon_command_ack([{"prefix": "config-key get", "key": "dm-crypt/osd/601bc71d-d7cd-4e98-b80d-15c781e3fdcd/luks"}]=0 obtained 'dm-crypt/osd/601bc71d-d7cd-4e98-b80d-15c781e3fdcd/luks' v0) v1 ==== 192+0+172 (1997250942 0 74890984) 0x562659494a00 con 0x5626586de800 -528>
2017-09-11 21:37:15.264629 7f641c77e700 10 monclient: handle_mon_command_ack 10 [{"prefix": "config-key get", "key": "dm-crypt/osd/601bc71d-d7cd-4e98-b80d-15c781e3fdcd/luks"}] -527>
2017-09-11 21:37:15.264633 7f641c77e700 10 monclient: _finish_command 10 = 0 obtained 'dm-crypt/osd/601bc71d-d7cd-4e98-b80d-15c781e3fdcd/luks' -526>
2017-09-11 21:37:15.264708 7f6418776700 10 monclient: _send_command 11 [{"prefix": "config-key get", "key": "dm-crypt/osd/61e14b93-8f03-4e3e-8c5c-1097c7c9ec3b/luks"}] -525>
2017-09-11 21:37:15.264728 7f6418776700 10 monclient: _send_mon_message to mon.fvz-meph-de-fks-e at 148.251.90.218:6789/0 -524>
2017-09-11 21:37:15.264735 7f6418776700 1 -- 5.9.136.6:0/931305574 --> 148.251.90.218:6789/0 -- mon_command({"prefix": "config-key get", "key": "dm-crypt/osd/61e14b93-8f03-4e3e-8c5c-1097c7c9ec3b/luks"} v 0) v1 -- 0x562658706880 con 0 -523>
2017-09-11 21:37:15.265227 7f641f784700 5 -- 5.9.136.6:0/931305574 >> 148.251.90.218:6789/0 conn(0x5626586de800 :-1 s=STATE_OPEN_MESSAGE_READ_FOOTER_AND_DISPATCH pgs=336421 cs=1 l=1). rx mon.2 seq 16 0x562659494c80 mon_command_ack([{"prefix": "config-key get", "key": "dm-crypt/osd/61e14b93-8f03-4e3e-8c5c-1097c7c9ec3b/luks"}]=0 obtained 'dm-crypt/osd/61e14b93-8f03-4e3e-8c5c-1097c7c9ec3b/luks' v0) v1 -522>
