2017-09-11 21:37:15.265296 7f641c77e700 1 -- 5.9.136.6:0/931305574 <== mon.2 148.251.90.218:6789/0 16 ==== mon_command_ack([{"prefix": "config-key get", "key": "dm-crypt/osd/61e14b93-8f03-4e3e-8c5c-1097c7c9ec3b/luks"}]=0 obtained 'dm-crypt/osd/61e14b93-8f03-4e3e-8c5c-1097c7c9ec3b/luks' v0) v1 ==== 192+0+172 (765609697 0 3023680774) 0x562659494c80 con 0x5626586de800 -521>
2017-09-11 21:37:15.265318 7f641c77e700 10 monclient: handle_mon_command_ack 11 [{"prefix": "config-key get", "key": "dm-crypt/osd/61e14b93-8f03-4e3e-8c5c-1097c7c9ec3b/luks"}] -520>
2017-09-11 21:37:15.265322 7f641c77e700 10 monclient: _finish_command 11 = 0 obtained 'dm-crypt/osd/61e14b93-8f03-4e3e-8c5c-1097c7c9ec3b/luks' -519>
2017-09-11 21:37:15.265409 7f6418776700 10 monclient: _send_command 12 [{"prefix": "config-key get", "key": "dm-crypt/osd/721723d0-917c-4140-b877-c5fecaef686b/luks"}] -518>
2017-09-11 21:37:15.265419 7f6418776700 10 monclient: _send_mon_message to mon.fvz-meph-de-fks-e at 148.251.90.218:6789/0 -517>
2017-09-11 21:37:15.265428 7f6418776700 1 -- 5.9.136.6:0/931305574 --> 148.251.90.218:6789/0 -- mon_command({"prefix": "config-key get", "key": "dm-crypt/osd/721723d0-917c-4140-b877-c5fecaef686b/luks"} v 0) v1 -- 0x562658706ac0 con 0 -516>
2017-09-11 21:37:15.265808 7f641f784700 5 -- 5.9.136.6:0/931305574 >> 148.251.90.218:6789/0 conn(0x5626586de800 :-1 s=STATE_OPEN_MESSAGE_READ_FOOTER_AND_DISPATCH pgs=336421 cs=1 l=1). rx mon.2 seq 17 0x562659494f00 mon_command_ack([{"prefix": "config-key get", "key": "dm-crypt/osd/721723d0-917c-4140-b877-c5fecaef686b/luks"}]=0 obtained 'dm-crypt/osd/721723d0-917c-4140-b877-c5fecaef686b/luks' v0) v1 -515>
2017-09-11 21:37:15.265868 7f641c77e700 1 -- 5.9.136.6:0/931305574 <== mon.2 148.251.90.218:6789/0 17 ==== mon_command_ack([{"prefix": "config-key get", "key": "dm-crypt/osd/721723d0-917c-4140-b877-c5fecaef686b/luks"}]=0 obtained 'dm-crypt/osd/721723d0-917c-4140-b877-c5fecaef686b/luks' v0) v1 ==== 192+0+172 (403718142 0 4172986786) 0x562659494f00 con 0x5626586de800 -514>
2017-09-11 21:37:15.265892 7f641c77e700 10 monclient: handle_mon_command_ack 12 [{"prefix": "config-key get", "key": "dm-crypt/osd/721723d0-917c-4140-b877-c5fecaef686b/luks"}] -513>
2017-09-11 21:37:15.265896 7f641c77e700 10 monclient: _finish_command 12 = 0 obtained 'dm-crypt/osd/721723d0-917c-4140-b877-c5fecaef686b/luks' -512>
2017-09-11 21:37:15.265964 7f6418776700 10 monclient: _send_command 13 [{"prefix": "config-key get", "key": "dm-crypt/osd/7546a73e-1790-465c-9391-9e690b7aceb6/luks"}] -511>
2017-09-11 21:37:15.265973 7f6418776700 10 monclient: _send_mon_message to mon.fvz-meph-de-fks-e at 148.251.90.218:6789/0 -510>
2017-09-11 21:37:15.266003 7f6418776700 1 -- 5.9.136.6:0/931305574 --> 148.251.90.218:6789/0 -- mon_command({"prefix": "config-key get", "key": "dm-crypt/osd/7546a73e-1790-465c-9391-9e690b7aceb6/luks"} v 0) v1 -- 0x562658706d00 con 0 -509>
2017-09-11 21:37:15.266396 7f641f784700 5 -- 5.9.136.6:0/931305574 >> 148.251.90.218:6789/0 conn(0x5626586de800 :-1 s=STATE_OPEN_MESSAGE_READ_FOOTER_AND_DISPATCH pgs=336421 cs=1 l=1). rx mon.2 seq 18 0x56265870e300 mon_command_ack([{"prefix": "config-key get", "key": "dm-crypt/osd/7546a73e-1790-465c-9391-9e690b7aceb6/luks"}]=0 obtained 'dm-crypt/osd/7546a73e-1790-465c-9391-9e690b7aceb6/luks' v0) v1 -508>
2017-09-11 21:37:15.266457 7f641c77e700 1 -- 5.9.136.6:0/931305574 <== mon.2 148.251.90.218:6789/0 18 ==== mon_command_ack([{"prefix": "config-key get", "key": "dm-crypt/osd/7546a73e-1790-465c-9391-9e690b7aceb6/luks"}]=0 obtained 'dm-crypt/osd/7546a73e-1790-465c-9391-9e690b7aceb6/luks' v0) v1 ==== 192+0+172 (4152789805 0 1576501160) 0x56265870e300 con 0x5626586de800 -507>
2017-09-11 21:37:15.266491 7f641c77e700 10 monclient: handle_mon_command_ack 13 [{"prefix": "config-key get", "key": "dm-crypt/osd/7546a73e-1790-465c-9391-9e690b7aceb6/luks"}] -506>
2017-09-11 21:37:15.266497 7f641c77e700 10 monclient: _finish_command 13 = 0 obtained 'dm-crypt/osd/7546a73e-1790-465c-9391-9e690b7aceb6/luks' -505>
2017-09-11 21:37:15.266571 7f6418776700 10 monclient: _send_command 14 [{"prefix": "config-key get", "key": "dm-crypt/osd/837354c6-10b8-4f58-abaf-443e94a1261f/luks"}] -504>
2017-09-11 21:37:15.266580 7f6418776700 10 monclient: _send_mon_message to mon.fvz-meph-de-fks-e at 148.251.90.218:6789/0 -503>
2017-09-11 21:37:15.266589 7f6418776700 1 -- 5.9.136.6:0/931305574 --> 148.251.90.218:6789/0 -- mon_command({"prefix": "config-key get", "key": "dm-crypt/osd/837354c6-10b8-4f58-abaf-443e94a1261f/luks"} v 0) v1 -- 0x562658706f40 con 0 -502>
2017-09-11 21:37:15.266996 7f641f784700 5 -- 5.9.136.6:0/931305574 >> 148.251.90.218:6789/0 conn(0x5626586de800 :-1 s=STATE_OPEN_MESSAGE_READ_FOOTER_AND_DISPATCH pgs=336421 cs=1 l=1). rx mon.2 seq 19 0x56265870e580 mon_command_ack([{"prefix": "config-key get", "key": "dm-crypt/osd/837354c6-10b8-4f58-abaf-443e94a1261f/luks"}]=0 obtained 'dm-crypt/osd/837354c6-10b8-4f58-abaf-443e94a1261f/luks' v0) v1 -501>
2017-09-11 21:37:15.267054 7f641c77e700 1 -- 5.9.136.6:0/931305574 <== mon.2 148.251.90.218:6789/0 19 ==== mon_command_ack([{"prefix": "config-key get", "key": "dm-crypt/osd/837354c6-10b8-4f58-abaf-443e94a1261f/luks"}]=0 obtained 'dm-crypt/osd/837354c6-10b8-4f58-abaf-443e94a1261f/luks' v0) v1 ==== 192+0+172 (1367297785 0 905904303) 0x56265870e580 con 0x5626586de800 -500>
2017-09-11 21:37:15.267072 7f641c77e700 10 monclient: handle_mon_command_ack 14 [{"prefix": "config-key get", "key": "dm-crypt/osd/837354c6-10b8-4f58-abaf-443e94a1261f/luks"}] -499>
2017-09-11 21:37:15.267076 7f641c77e700 10 monclient: _finish_command 14 = 0 obtained 'dm-crypt/osd/837354c6-10b8-4f58-abaf-443e94a1261f/luks' -498>
2017-09-11 21:37:15.267122 7f6418776700 10 monclient: _send_command 15 [{"prefix": "config-key get", "key": "dm-crypt/osd/8b573832-8a5f-4510-b693-300112c171bc/luks"}] -497>
2017-09-11 21:37:15.267128 7f6418776700 10 monclient: _send_mon_message to mon.fvz-meph-de-fks-e at 148.251.90.218:6789/0 -496>
2017-09-11 21:37:15.267134 7f6418776700 1 -- 5.9.136.6:0/931305574 --> 148.251.90.218:6789/0 -- mon_command({"prefix": "config-key get", "key": "dm-crypt/osd/8b573832-8a5f-4510-b693-300112c171bc/luks"} v 0) v1 -- 0x562658707180 con 0 -495>
2017-09-11 21:37:15.267557 7f641f784700 5 -- 5.9.136.6:0/931305574 >> 148.251.90.218:6789/0 conn(0x5626586de800 :-1 s=STATE_OPEN_MESSAGE_READ_FOOTER_AND_DISPATCH pgs=336421 cs=1 l=1). rx mon.2 seq 20 0x562659e37700 mon_command_ack([{"prefix": "config-key get", "key": "dm-crypt/osd/8b573832-8a5f-4510-b693-300112c171bc/luks"}]=0 obtained 'dm-crypt/osd/8b573832-8a5f-4510-b693-300112c171bc/luks' v0) v1 -494>
2017-09-11 21:37:15.267605 7f641c77e700 1 -- 5.9.136.6:0/931305574 <== mon.2 148.251.90.218:6789/0 20 ==== mon_command_ack([{"prefix": "config-key get", "key": "dm-crypt/osd/8b573832-8a5f-4510-b693-300112c171bc/luks"}]=0 obtained 'dm-crypt/osd/8b573832-8a5f-4510-b693-300112c171bc/luks' v0) v1 ==== 192+0+172 (1392118571 0 860506001) 0x562659e37700 con 0x5626586de800 -493>
2017-09-11 21:37:15.267630 7f641c77e700 10 monclient: handle_mon_command_ack 15 [{"prefix": "config-key get", "key": "dm-crypt/osd/8b573832-8a5f-4510-b693-300112c171bc/luks"}] -492>
2017-09-11 21:37:15.267634 7f641c77e700 10 monclient: _finish_command 15 = 0 obtained 'dm-crypt/osd/8b573832-8a5f-4510-b693-300112c171bc/luks' -491>
2017-09-11 21:37:15.267667 7f6418776700 10 monclient: _send_command 16 [{"prefix": "config-key get", "key": "dm-crypt/osd/9051f83f-5404-439f-8c8e-59199cc923f7/luks"}] -490>
2017-09-11 21:37:15.267674 7f6418776700 10 monclient: _send_mon_message to mon.fvz-meph-de-fks-e at 148.251.90.218:6789/0 -489>
2017-09-11 21:37:15.267679 7f6418776700 1 -- 5.9.136.6:0/931305574 --> 148.251.90.218:6789/0 -- mon_command({"prefix": "config-key get", "key": "dm-crypt/osd/9051f83f-5404-439f-8c8e-59199cc923f7/luks"} v 0) v1 -- 0x5626587073c0 con 0 -488>
2017-09-11 21:37:15.268059 7f641f784700 5 -- 5.9.136.6:0/931305574 >> 148.251.90.218:6789/0 conn(0x5626586de800 :-1 s=STATE_OPEN_MESSAGE_READ_FOOTER_AND_DISPATCH pgs=336421 cs=1 l=1). rx mon.2 seq 21 0x562659e37980 mon_command_ack([{"prefix": "config-key get", "key": "dm-crypt/osd/9051f83f-5404-439f-8c8e-59199cc923f7/luks"}]=0 obtained 'dm-crypt/osd/9051f83f-5404-439f-8c8e-59199cc923f7/luks' v0) v1 -487>
2017-09-11 21:37:15.268113 7f641c77e700 1 -- 5.9.136.6:0/931305574 <== mon.2 148.251.90.218:6789/0 21 ==== mon_command_ack([{"prefix": "config-key get", "key": "dm-crypt/osd/9051f83f-5404-439f-8c8e-59199cc923f7/luks"}]=0 obtained 'dm-crypt/osd/9051f83f-5404-439f-8c8e-59199cc923f7/luks' v0) v1 ==== 192+0+172 (199178655 0 390548563) 0x562659e37980 con 0x5626586de800 -486>
2017-09-11 21:37:15.268147 7f641c77e700 10 monclient: handle_mon_command_ack 16 [{"prefix": "config-key get", "key": "dm-crypt/osd/9051f83f-5404-439f-8c8e-59199cc923f7/luks"}] -485>
2017-09-11 21:37:15.268152 7f641c77e700 10 monclient: _finish_command 16 = 0 obtained 'dm-crypt/osd/9051f83f-5404-439f-8c8e-59199cc923f7/luks' -484>
2017-09-11 21:37:15.268190 7f6418776700 10 monclient: _send_command 17 [{"prefix": "config-key get", "key": "dm-crypt/osd/93065ca5-2d29-4655-8624-3916f1c2ae21/luks"}] -483>
2017-09-11 21:37:15.268199 7f6418776700 10 monclient: _send_mon_message to mon.fvz-meph-de-fks-e at 148.251.90.218:6789/0 -482>
2017-09-11 21:37:15.268206 7f6418776700 1 -- 5.9.136.6:0/931305574 --> 148.251.90.218:6789/0 -- mon_command({"prefix": "config-key get", "key": "dm-crypt/osd/93065ca5-2d29-4655-8624-3916f1c2ae21/luks"} v 0) v1 -- 0x562658707600 con 0 -481>
2017-09-11 21:37:15.268670 7f641f784700 5 -- 5.9.136.6:0/931305574 >> 148.251.90.218:6789/0 conn(0x5626586de800 :-1 s=STATE_OPEN_MESSAGE_READ_FOOTER_AND_DISPATCH pgs=336421 cs=1 l=1). rx mon.2 seq 22 0x562659e37c00 mon_command_ack([{"prefix": "config-key get", "key": "dm-crypt/osd/93065ca5-2d29-4655-8624-3916f1c2ae21/luks"}]=0 obtained 'dm-crypt/osd/93065ca5-2d29-4655-8624-3916f1c2ae21/luks' v0) v1 -480>
2017-09-11 21:37:15.268698 7f641c77e700 1 -- 5.9.136.6:0/931305574 <== mon.2 148.251.90.218:6789/0 22 ==== mon_command_ack([{"prefix": "config-key get", "key": "dm-crypt/osd/93065ca5-2d29-4655-8624-3916f1c2ae21/luks"}]=0 obtained 'dm-crypt/osd/93065ca5-2d29-4655-8624-3916f1c2ae21/luks' v0) v1 ==== 192+0+172 (326043209 0 1745696295) 0x562659e37c00 con 0x5626586de800 -479>
2017-09-11 21:37:15.268711 7f641c77e700 10 monclient: handle_mon_command_ack 17 [{"prefix": "config-key get", "key": "dm-crypt/osd/93065ca5-2d29-4655-8624-3916f1c2ae21/luks"}] -478>
2017-09-11 21:37:15.268714 7f641c77e700 10 monclient: _finish_command 17 = 0 obtained 'dm-crypt/osd/93065ca5-2d29-4655-8624-3916f1c2ae21/luks' -477>
2017-09-11 21:37:15.268803 7f6418776700 10 monclient: _send_command 18 [{"prefix": "config-key get", "key": "dm-crypt/osd/958b0c89-7640-4440-8019-db5d07975c0c/luks"}] -476>
2017-09-11 21:37:15.268811 7f6418776700 10 monclient: _send_mon_message to mon.fvz-meph-de-fks-e at 148.251.90.218:6789/0 -475>
2017-09-11 21:37:15.268817 7f6418776700 1 -- 5.9.136.6:0/931305574 --> 148.251.90.218:6789/0 -- mon_command({"prefix": "config-key get", "key": "dm-crypt/osd/958b0c89-7640-4440-8019-db5d07975c0c/luks"} v 0) v1 -- 0x562658707840 con 0 -474>
2017-09-11 21:37:15.269268 7f641f784700 5 -- 5.9.136.6:0/931305574 >> 148.251.90.218:6789/0 conn(0x5626586de800 :-1 s=STATE_OPEN_MESSAGE_READ_FOOTER_AND_DISPATCH pgs=336421 cs=1 l=1). rx mon.2 seq 23 0x562659494000 mon_command_ack([{"prefix": "config-key get", "key": "dm-crypt/osd/958b0c89-7640-4440-8019-db5d07975c0c/luks"}]=0 obtained 'dm-crypt/osd/958b0c89-7640-4440-8019-db5d07975c0c/luks' v0) v1 -473>
2017-09-11 21:37:15.269317 7f641c77e700 1 -- 5.9.136.6:0/931305574 <== mon.2 148.251.90.218:6789/0 23 ==== mon_command_ack([{"prefix": "config-key get", "key": "dm-crypt/osd/958b0c89-7640-4440-8019-db5d07975c0c/luks"}]=0 obtained 'dm-crypt/osd/958b0c89-7640-4440-8019-db5d07975c0c/luks' v0) v1 ==== 192+0+172 (208851072 0 3934783139) 0x562659494000 con 0x5626586de800 -472>
2017-09-11 21:37:15.269347 7f641c77e700 10 monclient: handle_mon_command_ack 18 [{"prefix": "config-key get", "key": "dm-crypt/osd/958b0c89-7640-4440-8019-db5d07975c0c/luks"}] -471>
2017-09-11 21:37:15.269351 7f641c77e700 10 monclient: _finish_command 18 = 0 obtained 'dm-crypt/osd/958b0c89-7640-4440-8019-db5d07975c0c/luks' -470>
2017-09-11 21:37:15.269426 7f6418776700 10 monclient: _send_command 19 [{"prefix": "config-key get", "key": "dm-crypt/osd/96c285fe-a3c4-43e8-9e00-7af62c980994/luks"}] -469>
2017-09-11 21:37:15.269434 7f6418776700 10 monclient: _send_mon_message to mon.fvz-meph-de-fks-e at 148.251.90.218:6789/0 -468>
2017-09-11 21:37:15.269442 7f6418776700 1 -- 5.9.136.6:0/931305574 --> 148.251.90.218:6789/0 -- mon_command({"prefix": "config-key get", "key": "dm-crypt/osd/96c285fe-a3c4-43e8-9e00-7af62c980994/luks"} v 0) v1 -- 0x562658707a80 con 0 -467>
2017-09-11 21:37:15.269878 7f641f784700 5 -- 5.9.136.6:0/931305574 >> 148.251.90.218:6789/0 conn(0x5626586de800 :-1 s=STATE_OPEN_MESSAGE_READ_FOOTER_AND_DISPATCH pgs=336421 cs=1 l=1). rx mon.2 seq 24 0x562659494280 mon_command_ack([{"prefix": "config-key get", "key": "dm-crypt/osd/96c285fe-a3c4-43e8-9e00-7af62c980994/luks"}]=0 obtained 'dm-crypt/osd/96c285fe-a3c4-43e8-9e00-7af62c980994/luks' v0) v1 -466>
2017-09-11 21:37:15.269929 7f641c77e700 1 -- 5.9.136.6:0/931305574 <== mon.2 148.251.90.218:6789/0 24 ==== mon_command_ack([{"prefix": "config-key get", "key": "dm-crypt/osd/96c285fe-a3c4-43e8-9e00-7af62c980994/luks"}]=0 obtained 'dm-crypt/osd/96c285fe-a3c4-43e8-9e00-7af62c980994/luks' v0) v1 ==== 192+0+172 (3228985869 0 2377536195) 0x562659494280 con 0x5626586de800 -465>
2017-09-11 21:37:15.269955 7f641c77e700 10 monclient: handle_mon_command_ack 19 [{"prefix": "config-key get", "key": "dm-crypt/osd/96c285fe-a3c4-43e8-9e00-7af62c980994/luks"}] -464>
2017-09-11 21:37:15.269958 7f641c77e700 10 monclient: _finish_command 19 = 0 obtained 'dm-crypt/osd/96c285fe-a3c4-43e8-9e00-7af62c980994/luks' -463>
2017-09-11 21:37:15.270016 7f6418776700 10 monclient: _send_command 20 [{"prefix": "config-key get", "key": "dm-crypt/osd/ad459344-6577-42e7-b59e-b4df760d60cc/luks"}] -462>
2017-09-11 21:37:15.270022 7f6418776700 10 monclient: _send_mon_message to mon.fvz-meph-de-fks-e at 148.251.90.218:6789/0 -461>
2017-09-11 21:37:15.270035 7f6418776700 1 -- 5.9.136.6:0/931305574 --> 148.251.90.218:6789/0 -- mon_command({"prefix": "config-key get", "key": "dm-crypt/osd/ad459344-6577-42e7-b59e-b4df760d60cc/luks"} v 0) v1 -- 0x562658707cc0 con 0 -460>
2017-09-11 21:37:15.270449 7f641f784700 5 -- 5.9.136.6:0/931305574 >> 148.251.90.218:6789/0 conn(0x5626586de800 :-1 s=STATE_OPEN_MESSAGE_READ_FOOTER_AND_DISPATCH pgs=336421 cs=1 l=1). rx mon.2 seq 25 0x562659494500 mon_command_ack([{"prefix": "config-key get", "key": "dm-crypt/osd/ad459344-6577-42e7-b59e-b4df760d60cc/luks"}]=0 obtained 'dm-crypt/osd/ad459344-6577-42e7-b59e-b4df760d60cc/luks' v0) v1 -459>
2017-09-11 21:37:15.270496 7f641c77e700 1 -- 5.9.136.6:0/931305574 <== mon.2 148.251.90.218:6789/0 25 ==== mon_command_ack([{"prefix": "config-key get", "key": "dm-crypt/osd/ad459344-6577-42e7-b59e-b4df760d60cc/luks"}]=0 obtained 'dm-crypt/osd/ad459344-6577-42e7-b59e-b4df760d60cc/luks' v0) v1 ==== 192+0+172 (2655634593 0 3490227402) 0x562659494500 con 0x5626586de800 -458>
2017-09-11 21:37:15.270520 7f641c77e700 10 monclient: handle_mon_command_ack 20 [{"prefix": "config-key get", "key": "dm-crypt/osd/ad459344-6577-42e7-b59e-b4df760d60cc/luks"}] -457>
2017-09-11 21:37:15.270523 7f641c77e700 10 monclient: _finish_command 20 = 0 obtained 'dm-crypt/osd/ad459344-6577-42e7-b59e-b4df760d60cc/luks' -456>
2017-09-11 21:37:15.270584 7f6418776700 10 monclient: _send_command 21 [{"prefix": "config-key get", "key": "dm-crypt/osd/b4e466a3-9bea-45fb-8507-f20662b2326e/luks"}] -455>
2017-09-11 21:37:15.270599 7f6418776700 10 monclient: _send_mon_message to mon.fvz-meph-de-fks-e at 148.251.90.218:6789/0 -454>
2017-09-11 21:37:15.270607 7f6418776700 1 -- 5.9.136.6:0/931305574 --> 148.251.90.218:6789/0 -- mon_command({"prefix": "config-key get", "key": "dm-crypt/osd/b4e466a3-9bea-45fb-8507-f20662b2326e/luks"} v 0) v1 -- 0x56265943c000 con 0 -453>
2017-09-11 21:37:15.271008 7f641f784700 5 -- 5.9.136.6:0/931305574 >> 148.251.90.218:6789/0 conn(0x5626586de800 :-1 s=STATE_OPEN_MESSAGE_READ_FOOTER_AND_DISPATCH pgs=336421 cs=1 l=1). rx mon.2 seq 26 0x562659522000 mon_command_ack([{"prefix": "config-key get", "key": "dm-crypt/osd/b4e466a3-9bea-45fb-8507-f20662b2326e/luks"}]=0 obtained 'dm-crypt/osd/b4e466a3-9bea-45fb-8507-f20662b2326e/luks' v0) v1 -452>
2017-09-11 21:37:15.271043 7f641c77e700 1 -- 5.9.136.6:0/931305574 <== mon.2 148.251.90.218:6789/0 26 ==== mon_command_ack([{"prefix": "config-key get", "key": "dm-crypt/osd/b4e466a3-9bea-45fb-8507-f20662b2326e/luks"}]=0 obtained 'dm-crypt/osd/b4e466a3-9bea-45fb-8507-f20662b2326e/luks' v0) v1 ==== 192+0+172 (1682291663 0 2118318245) 0x562659522000 con 0x5626586de800 -451>
2017-09-11 21:37:15.271069 7f641c77e700 10 monclient: handle_mon_command_ack 21 [{"prefix": "config-key get", "key": "dm-crypt/osd/b4e466a3-9bea-45fb-8507-f20662b2326e/luks"}] -450>
2017-09-11 21:37:15.271072 7f641c77e700 10 monclient: _finish_command 21 = 0 obtained 'dm-crypt/osd/b4e466a3-9bea-45fb-8507-f20662b2326e/luks' -449>
2017-09-11 21:37:15.271096 7f6418776700 10 monclient: _send_command 22 [{"prefix": "config-key get", "key": "dm-crypt/osd/c8d6330c-5168-4e25-bbda-5cc112bcab94/luks"}] -448>
2017-09-11 21:37:15.271102 7f6418776700 10 monclient: _send_mon_message to mon.fvz-meph-de-fks-e at 148.251.90.218:6789/0 -447>
2017-09-11 21:37:15.271106 7f6418776700 1 -- 5.9.136.6:0/931305574 --> 148.251.90.218:6789/0 -- mon_command({"prefix": "config-key get", "key": "dm-crypt/osd/c8d6330c-5168-4e25-bbda-5cc112bcab94/luks"} v 0) v1 -- 0x56265943c240 con 0 -446>
2017-09-11 21:37:15.271466 7f641f784700 5 -- 5.9.136.6:0/931305574 >> 148.251.90.218:6789/0 conn(0x5626586de800 :-1 s=STATE_OPEN_MESSAGE_READ_FOOTER_AND_DISPATCH pgs=336421 cs=1 l=1). rx mon.2 seq 27 0x562659522280 mon_command_ack([{"prefix": "config-key get", "key": "dm-crypt/osd/c8d6330c-5168-4e25-bbda-5cc112bcab94/luks"}]=0 obtained 'dm-crypt/osd/c8d6330c-5168-4e25-bbda-5cc112bcab94/luks' v0) v1 -445>
2017-09-11 21:37:15.271487 7f641c77e700 1 -- 5.9.136.6:0/931305574 <== mon.2 148.251.90.218:6789/0 27 ==== mon_command_ack([{"prefix": "config-key get", "key": "dm-crypt/osd/c8d6330c-5168-4e25-bbda-5cc112bcab94/luks"}]=0 obtained 'dm-crypt/osd/c8d6330c-5168-4e25-bbda-5cc112bcab94/luks' v0) v1 ==== 192+0+172 (1216269680 0 702024213) 0x562659522280 con 0x5626586de800 -444>
2017-09-11 21:37:15.271497 7f641c77e700 10 monclient: handle_mon_command_ack 22 [{"prefix": "config-key get", "key": "dm-crypt/osd/c8d6330c-5168-4e25-bbda-5cc112bcab94/luks"}] -443>
2017-09-11 21:37:15.271499 7f641c77e700 10 monclient: _finish_command 22 = 0 obtained 'dm-crypt/osd/c8d6330c-5168-4e25-bbda-5cc112bcab94/luks' -442>
2017-09-11 21:37:15.271524 7f6418776700 10 monclient: _send_command 23 [{"prefix": "config-key get", "key": "dm-crypt/osd/e57d97ad-0c45-4300-81fe-20540ad64eb8/luks"}] -441>
2017-09-11 21:37:15.271528 7f6418776700 10 monclient: _send_mon_message to mon.fvz-meph-de-fks-e at 148.251.90.218:6789/0 -440>
2017-09-11 21:37:15.271532 7f6418776700 1 -- 5.9.136.6:0/931305574 --> 148.251.90.218:6789/0 -- mon_command({"prefix": "config-key get", "key": "dm-crypt/osd/e57d97ad-0c45-4300-81fe-20540ad64eb8/luks"} v 0) v1 -- 0x56265943c480 con 0 -439>
2017-09-11 21:37:15.271925 7f641f784700 5 -- 5.9.136.6:0/931305574 >> 148.251.90.218:6789/0 conn(0x5626586de800 :-1 s=STATE_OPEN_MESSAGE_READ_FOOTER_AND_DISPATCH pgs=336421 cs=1 l=1). rx mon.2 seq 28 0x562659522500 mon_command_ack([{"prefix": "config-key get", "key": "dm-crypt/osd/e57d97ad-0c45-4300-81fe-20540ad64eb8/luks"}]=0 obtained 'dm-crypt/osd/e57d97ad-0c45-4300-81fe-20540ad64eb8/luks' v0) v1 -438>
2017-09-11 21:37:15.271970 7f641c77e700 1 -- 5.9.136.6:0/931305574 <== mon.2 148.251.90.218:6789/0 28 ==== mon_command_ack([{"prefix": "config-key get", "key": "dm-crypt/osd/e57d97ad-0c45-4300-81fe-20540ad64eb8/luks"}]=0 obtained 'dm-crypt/osd/e57d97ad-0c45-4300-81fe-20540ad64eb8/luks' v0) v1 ==== 192+0+172 (2654400220 0 1200878808) 0x562659522500 con 0x5626586de800 -437>
2017-09-11 21:37:15.271985 7f641c77e700 10 monclient: handle_mon_command_ack 23 [{"prefix": "config-key get", "key": "dm-crypt/osd/e57d97ad-0c45-4300-81fe-20540ad64eb8/luks"}] -436>
2017-09-11 21:37:15.271989 7f641c77e700 10 monclient: _finish_command 23 = 0 obtained 'dm-crypt/osd/e57d97ad-0c45-4300-81fe-20540ad64eb8/luks' -435>
2017-09-11 21:37:15.272017 7f6418776700 10 monclient: _send_command 24 [{"prefix": "config-key get", "key": "dm-crypt/osd/e5d871fa-a61a-4e78-b559-806a40e6ba3c/luks"}] -434>
2017-09-11 21:37:15.272024 7f6418776700 10 monclient: _send_mon_message to mon.fvz-meph-de-fks-e at 148.251.90.218:6789/0 -433>
2017-09-11 21:37:15.272033 7f6418776700 1 -- 5.9.136.6:0/931305574 --> 148.251.90.218:6789/0 -- mon_command({"prefix": "config-key get", "key": "dm-crypt/osd/e5d871fa-a61a-4e78-b559-806a40e6ba3c/luks"} v 0) v1 -- 0x56265943c6c0 con 0 -432>
2017-09-11 21:37:15.272467 7f641f784700 5 -- 5.9.136.6:0/931305574 >> 148.251.90.218:6789/0 conn(0x5626586de800 :-1 s=STATE_OPEN_MESSAGE_READ_FOOTER_AND_DISPATCH pgs=336421 cs=1 l=1). rx mon.2 seq 29 0x562659494780 mon_command_ack([{"prefix": "config-key get", "key": "dm-crypt/osd/e5d871fa-a61a-4e78-b559-806a40e6ba3c/luks"}]=0 obtained 'dm-crypt/osd/e5d871fa-a61a-4e78-b559-806a40e6ba3c/luks' v0) v1 -431>
2017-09-11 21:37:15.272537 7f641c77e700 1 -- 5.9.136.6:0/931305574 <== mon.2 148.251.90.218:6789/0 29 ==== mon_command_ack([{"prefix": "config-key get", "key": "dm-crypt/osd/e5d871fa-a61a-4e78-b559-806a40e6ba3c/luks"}]=0 obtained 'dm-crypt/osd/e5d871fa-a61a-4e78-b559-806a40e6ba3c/luks' v0) v1 ==== 192+0+172 (493349719 0 753874419) 0x562659494780 con 0x5626586de800 -430>
2017-09-11 21:37:15.272553 7f641c77e700 10 monclient: handle_mon_command_ack 24 [{"prefix": "config-key get", "key": "dm-crypt/osd/e5d871fa-a61a-4e78-b559-806a40e6ba3c/luks"}] -429>
2017-09-11 21:37:15.272563 7f641c77e700 10 monclient: _finish_command 24 = 0 obtained 'dm-crypt/osd/e5d871fa-a61a-4e78-b559-806a40e6ba3c/luks' -428>
2017-09-11 21:37:15.272598 7f6418776700 10 monclient: _send_command 25 [{"prefix": "config-key get", "key": "dm-crypt/osd/efdd119b-7a39-4d39-ae6c-7873f1502f19/luks"}] -427>
2017-09-11 21:37:15.272604 7f6418776700 10 monclient: _send_mon_message to mon.fvz-meph-de-fks-e at 148.251.90.218:6789/0 -426>
2017-09-11 21:37:15.272609 7f6418776700 1 -- 5.9.136.6:0/931305574 --> 148.251.90.218:6789/0 -- mon_command({"prefix": "config-key get", "key": "dm-crypt/osd/efdd119b-7a39-4d39-ae6c-7873f1502f19/luks"} v 0) v1 -- 0x56265943c900 con 0 -425>
2017-09-11 21:37:15.273024 7f641f784700 5 -- 5.9.136.6:0/931305574 >> 148.251.90.218:6789/0 conn(0x5626586de800 :-1 s=STATE_OPEN_MESSAGE_READ_FOOTER_AND_DISPATCH pgs=336421 cs=1 l=1). rx mon.2 seq 30 0x562659494a00 mon_command_ack([{"prefix": "config-key get", "key": "dm-crypt/osd/efdd119b-7a39-4d39-ae6c-7873f1502f19/luks"}]=0 obtained 'dm-crypt/osd/efdd119b-7a39-4d39-ae6c-7873f1502f19/luks' v0) v1 -424>
2017-09-11 21:37:15.273071 7f641c77e700 1 -- 5.9.136.6:0/931305574 <== mon.2 148.251.90.218:6789/0 30 ==== mon_command_ack([{"prefix": "config-key get", "key": "dm-crypt/osd/efdd119b-7a39-4d39-ae6c-7873f1502f19/luks"}]=0 obtained 'dm-crypt/osd/efdd119b-7a39-4d39-ae6c-7873f1502f19/luks' v0) v1 ==== 192+0+172 (3877031866 0 185212224) 0x562659494a00 con 0x5626586de800 -423>
2017-09-11 21:37:15.273087 7f641c77e700 10 monclient: handle_mon_command_ack 25 [{"prefix": "config-key get", "key": "dm-crypt/osd/efdd119b-7a39-4d39-ae6c-7873f1502f19/luks"}] -422>
2017-09-11 21:37:15.273090 7f641c77e700 10 monclient: _finish_command 25 = 0 obtained 'dm-crypt/osd/efdd119b-7a39-4d39-ae6c-7873f1502f19/luks' -421>
2017-09-11 21:37:15.273166 7f6418776700 10 monclient: _send_command 26 [{"prefix": "config-key get", "key": "dm-crypt/osd/fd6eca37-3b01-4ad7-b187-6a39939930ee/luks"}] -420>
2017-09-11 21:37:15.273174 7f6418776700 10 monclient: _send_mon_message to mon.fvz-meph-de-fks-e at 148.251.90.218:6789/0 -419>
2017-09-11 21:37:15.273182 7f6418776700 1 -- 5.9.136.6:0/931305574 --> 148.251.90.218:6789/0 -- mon_command({"prefix": "config-key get", "key": "dm-crypt/osd/fd6eca37-3b01-4ad7-b187-6a39939930ee/luks"} v 0) v1 -- 0x56265943cb40 con 0 -418>
2017-09-11 21:37:15.273581 7f641f784700 5 -- 5.9.136.6:0/931305574 >> 148.251.90.218:6789/0 conn(0x5626586de800 :-1 s=STATE_OPEN_MESSAGE_READ_FOOTER_AND_DISPATCH pgs=336421 cs=1 l=1). rx mon.2 seq 31 0x562659494c80 mon_command_ack([{"prefix": "config-key get", "key": "dm-crypt/osd/fd6eca37-3b01-4ad7-b187-6a39939930ee/luks"}]=0 obtained 'dm-crypt/osd/fd6eca37-3b01-4ad7-b187-6a39939930ee/luks' v0) v1 -417>
2017-09-11 21:37:15.273630 7f641c77e700 1 -- 5.9.136.6:0/931305574 <== mon.2 148.251.90.218:6789/0 31 ==== mon_command_ack([{"prefix": "config-key get", "key": "dm-crypt/osd/fd6eca37-3b01-4ad7-b187-6a39939930ee/luks"}]=0 obtained 'dm-crypt/osd/fd6eca37-3b01-4ad7-b187-6a39939930ee/luks' v0) v1 ==== 192+0+172 (2412142949 0 2563588825) 0x562659494c80 con 0x5626586de800 -416>
2017-09-11 21:37:15.273664 7f641c77e700 10 monclient: handle_mon_command_ack 26 [{"prefix": "config-key get", "key": "dm-crypt/osd/fd6eca37-3b01-4ad7-b187-6a39939930ee/luks"}] -415>
2017-09-11 21:37:15.273667 7f641c77e700 10 monclient: _finish_command 26 = 0 obtained 'dm-crypt/osd/fd6eca37-3b01-4ad7-b187-6a39939930ee/luks' -414>
2017-09-11 21:37:15.273696 7f6418776700 10 monclient: _send_command 27 [{"prefix": "config-key get", "key": "dm-crypt/osd/ff01b5cf-e7a3-4af5-b80d-c60132727e87/luks"}] -413>
2017-09-11 21:37:15.273712 7f6418776700 10 monclient: _send_mon_message to mon.fvz-meph-de-fks-e at 148.251.90.218:6789/0 -412>
2017-09-11 21:37:15.273718 7f6418776700 1 -- 5.9.136.6:0/931305574 --> 148.251.90.218:6789/0 -- mon_command({"prefix": "config-key get", "key": "dm-crypt/osd/ff01b5cf-e7a3-4af5-b80d-c60132727e87/luks"} v 0) v1 -- 0x56265943cd80 con 0 -411>
2017-09-11 21:37:15.274118 7f641f784700 5 -- 5.9.136.6:0/931305574 >> 148.251.90.218:6789/0 conn(0x5626586de800 :-1 s=STATE_OPEN_MESSAGE_READ_FOOTER_AND_DISPATCH pgs=336421 cs=1 l=1). rx mon.2 seq 32 0x562659495180 mon_command_ack([{"prefix": "config-key get", "key": "dm-crypt/osd/ff01b5cf-e7a3-4af5-b80d-c60132727e87/luks"}]=0 obtained 'dm-crypt/osd/ff01b5cf-e7a3-4af5-b80d-c60132727e87/luks' v0) v1 -410>
2017-09-11 21:37:15.274166 7f641c77e700 1 -- 5.9.136.6:0/931305574 <== mon.2 148.251.90.218:6789/0 32 ==== mon_command_ack([{"prefix": "config-key get", "key": "dm-crypt/osd/ff01b5cf-e7a3-4af5-b80d-c60132727e87/luks"}]=0 obtained 'dm-crypt/osd/ff01b5cf-e7a3-4af5-b80d-c60132727e87/luks' v0) v1 ==== 192+0+172 (144944490 0 2713145628) 0x562659495180 con 0x5626586de800 -409>
2017-09-11 21:37:15.274180 7f641c77e700 10 monclient: handle_mon_command_ack 27 [{"prefix": "config-key get", "key": "dm-crypt/osd/ff01b5cf-e7a3-4af5-b80d-c60132727e87/luks"}] -408>
2017-09-11 21:37:15.274183 7f641c77e700 10 monclient: _finish_command 27 = 0 obtained 'dm-crypt/osd/ff01b5cf-e7a3-4af5-b80d-c60132727e87/luks' -407>
2017-09-11 21:37:15.274214 7f6418776700 10 monclient: _send_command 28 [{"prefix": "config-key get", "key": "dm-crypt/osd/ff350705-0675-48f1-8f58-13f42cbfefb8/luks"}] -406>
2017-09-11 21:37:15.274223 7f6418776700 10 monclient: _send_mon_message to mon.fvz-meph-de-fks-e at 148.251.90.218:6789/0 -405>
2017-09-11 21:37:15.274231 7f6418776700 1 -- 5.9.136.6:0/931305574 --> 148.251.90.218:6789/0 -- mon_command({"prefix": "config-key get", "key": "dm-crypt/osd/ff350705-0675-48f1-8f58-13f42cbfefb8/luks"} v 0) v1 -- 0x56265943cfc0 con 0 -404>
2017-09-11 21:37:15.274608 7f641f784700 5 -- 5.9.136.6:0/931305574 >> 148.251.90.218:6789/0 conn(0x5626586de800 :-1 s=STATE_OPEN_MESSAGE_READ_FOOTER_AND_DISPATCH pgs=336421 cs=1 l=1). rx mon.2 seq 33 0x562659495400 mon_command_ack([{"prefix": "config-key get", "key": "dm-crypt/osd/ff350705-0675-48f1-8f58-13f42cbfefb8/luks"}]=0 obtained 'dm-crypt/osd/ff350705-0675-48f1-8f58-13f42cbfefb8/luks' v0) v1 -403>
2017-09-11 21:37:15.274630 7f641c77e700 1 -- 5.9.136.6:0/931305574 <== mon.2 148.251.90.218:6789/0 33 ==== mon_command_ack([{"prefix": "config-key get", "key": "dm-crypt/osd/ff350705-0675-48f1-8f58-13f42cbfefb8/luks"}]=0 obtained 'dm-crypt/osd/ff350705-0675-48f1-8f58-13f42cbfefb8/luks' v0) v1 ==== 192+0+172 (977147936 0 1835200339) 0x562659495400 con 0x5626586de800 -402>
2017-09-11 21:37:15.274643 7f641c77e700 10 monclient: handle_mon_command_ack 28 [{"prefix": "config-key get", "key": "dm-crypt/osd/ff350705-0675-48f1-8f58-13f42cbfefb8/luks"}] -401>
2017-09-11 21:37:15.274646 7f641c77e700 10 monclient: _finish_command 28 = 0 obtained 'dm-crypt/osd/ff350705-0675-48f1-8f58-13f42cbfefb8/luks' -400>
2017-09-11 21:37:15.274668 7f6418776700 4 mgr insert_config Loaded 24 config settings -399>
2017-09-11 21:37:15.274690 7f6418776700 4 mgr init waiting for MgrDigest... -398>
2017-09-11 21:37:15.274695 7f6418776700 4 mgr init starting PyModules... -397>
2017-09-11 21:37:15.284743 7f6418776700 1 mgr start Creating threads for 0 modules -396>
2017-09-11 21:37:15.284751 7f6418776700 4 mgr init Complete. -395>
2017-09-11 21:37:15.284753 7f6418776700 1 mgr send_beacon active -394>
2017-09-11 21:37:15.284950 7f6418776700 4 mgr send_beacon going active, including 33 commands in beacon -393>
2017-09-11 21:37:15.284956 7f6418776700 10 monclient: _send_mon_message to mon.fvz-meph-de-fks-e at 148.251.90.218:6789/0 -392>
2017-09-11 21:37:15.284962 7f6418776700 1 -- 5.9.136.6:0/931305574 --> 148.251.90.218:6789/0 -- mgrbeacon mgr.fvz-meph-de-fks-d(ceb0b908-8566-405c-8bd5-88a5562d4ec9,43334766, 5.9.136.6:6800/3897, 1) v5 -- 0x5626591f8f00 con 0 -391>
2017-09-11 21:37:16.432558 7f641f784700 5 -- 5.9.136.6:0/931305574 >> 148.251.90.218:6789/0 conn(0x5626586de800 :-1 s=STATE_OPEN_MESSAGE_READ_FOOTER_AND_DISPATCH pgs=336421 cs=1 l=1). rx mon.2 seq 34 0x562659495680 log(2 entries from seq 36579 at
2017-09-11 21:37:15.218788) v1 -390>
2017-09-11 21:37:16.432672 7f641c77e700 1 -- 5.9.136.6:0/931305574 <== mon.2 148.251.90.218:6789/0 34 ==== log(2 entries from seq 36579 at
2017-09-11 21:37:15.218788) v1 ==== 485+0+0 (2622287025 0 0) 0x562659495680 con 0x5626586de800 -389>
2017-09-11 21:37:16.432712 7f641c77e700 4 mgr ms_dispatch active log(2 entries from seq 36579 at
2017-09-11 21:37:15.218788) v1 -388>
2017-09-11 21:37:16.432724 7f641c77e700 4 mgr ms_dispatch log(2 entries from seq 36579 at
2017-09-11 21:37:15.218788) v1 -387>
2017-09-11 21:37:16.470143 7f6419778700 1 mgr send_beacon active -386>
2017-09-11 21:37:16.470504 7f6419778700 4 mgr send_beacon going active, including 33 commands in beacon -385>
2017-09-11 21:37:16.470514 7f6419778700 10 monclient: _send_mon_message to mon.fvz-meph-de-fks-e at 148.251.90.218:6789/0 -384>
2017-09-11 21:37:16.470523 7f6419778700 1 -- 5.9.136.6:0/931305574 --> 148.251.90.218:6789/0 -- mgrbeacon mgr.fvz-meph-de-fks-d(ceb0b908-8566-405c-8bd5-88a5562d4ec9,43334766, 5.9.136.6:6800/3897, 1) v5 -- 0x5626591fad00 con 0 -383>
2017-09-11 21:37:16.470548 7f6419778700 1 mgr.server send_report Not sending PG status to monitor yet, waiting for OSDs -382>
2017-09-11 21:37:16.492009 7f641e782700 1 -- 5.9.136.6:6800/3897 >> - conn(0x562659177800 :6800 s=STATE_ACCEPTING pgs=0 cs=0 l=0)._process_connection sd=18 - -381>
2017-09-11 21:37:16.492109 7f641ef83700 1 -- 5.9.136.6:6800/3897 >> - conn(0x562659298800 :6800 s=STATE_ACCEPTING pgs=0 cs=0 l=0)._process_connection sd=28 - -380>
2017-09-11 21:37:16.492158 7f641e782700 1 -- 5.9.136.6:6800/3897 >> - conn(0x56265917a800 :6800 s=STATE_ACCEPTING pgs=0 cs=0 l=0)._process_connection sd=29 - -379>
2017-09-11 21:37:16.492428 7f641e782700 2 -- 5.9.136.6:6800/3897 >> 5.9.136.6:0/7871 conn(0x562659177800 :6800 s=STATE_ACCEPTING_WAIT_SEQ pgs=73 cs=1 l=1).handle_connect_msg accept write reply msg done -378>
2017-09-11 21:37:16.492459 7f641e782700 1 -- 5.9.136.6:6800/3897 >> - conn(0x56265918f000 :6800 s=STATE_ACCEPTING pgs=0 cs=0 l=0)._process_connection sd=31 - -377>
2017-09-11 21:37:16.492498 7f641f784700 1 -- 5.9.136.6:6800/3897 >> - conn(0x562659190800 :6800 s=STATE_ACCEPTING pgs=0 cs=0 l=0)._process_connection sd=32 - -376>
2017-09-11 21:37:16.492549 7f641ef83700 2 -- 5.9.136.6:6800/3897 >> 172.19.0.3:0/715127595 conn(0x562659298800 :6800 s=STATE_ACCEPTING_WAIT_SEQ pgs=26 cs=1 l=1).handle_connect_msg accept write reply msg done -375>
2017-09-11 21:37:16.492588 7f641ef83700 1 -- 5.9.136.6:6800/3897 >> - conn(0x56265918d800 :6800 s=STATE_ACCEPTING pgs=0 cs=0 l=0)._process_connection sd=30 - -374>
2017-09-11 21:37:16.492617 7f641f784700 1 -- 5.9.136.6:6800/3897 >> - conn(0x56265919b800 :6800 s=STATE_ACCEPTING pgs=0 cs=0 l=0)._process_connection sd=34 - -373>
2017-09-11 21:37:16.492707 7f641e782700 2 -- 5.9.136.6:6800/3897 >> 172.19.0.3:0/3295398893 conn(0x56265917a800 :6800 s=STATE_ACCEPTING_WAIT_SEQ pgs=126 cs=1 l=1).handle_connect_msg accept write reply msg done -372>
2017-09-11 21:37:16.492721 7f641ef83700 2 -- 5.9.136.6:6800/3897 >> 172.19.0.3:0/715127595 conn(0x562659298800 :6800 s=STATE_ACCEPTING_WAIT_SEQ pgs=26 cs=1 l=1)._process_connection accept get newly_acked_seq 0 -371>
2017-09-11 21:37:16.492758 7f641e782700 2 -- 5.9.136.6:6800/3897 >> 5.9.136.6:0/7871 conn(0x562659177800 :6800 s=STATE_ACCEPTING_WAIT_SEQ pgs=73 cs=1 l=1)._process_connection accept get newly_acked_seq 0 -370>
2017-09-11 21:37:16.492813 7f641e782700 5 -- 5.9.136.6:6800/3897 >> 5.9.136.6:0/7871 conn(0x562659177800 :6800 s=STATE_OPEN_MESSAGE_READ_FOOTER_AND_DISPATCH pgs=73 cs=1 l=1). rx mon.0 seq 1 0x562658dae3c0 mgropen(mon.fvz-meph-de-fks-d) v2 -369>
2017-09-11 21:37:16.492820 7f641ef83700 1 -- 5.9.136.6:6800/3897 >> - conn(0x56265919e800 :6800 s=STATE_ACCEPTING pgs=0 cs=0 l=0)._process_connection sd=36 - -368>
2017-09-11 21:37:16.492842 7f641e782700 1 -- 5.9.136.6:6800/3897 >> - conn(0x56265919a000 :6800 s=STATE_ACCEPTING pgs=0 cs=0 l=0)._process_connection sd=33 - -367>
2017-09-11 21:37:16.492881 7f641e782700 1 -- 5.9.136.6:6800/3897 >> - conn(0x56265919d000 :6800 s=STATE_ACCEPTING pgs=0 cs=0 l=0)._process_connection sd=35 - -366>
2017-09-11 21:37:16.492922 7f641e782700 2 -- 5.9.136.6:6800/3897 >> 172.19.0.3:0/3295398893 conn(0x56265917a800 :6800 s=STATE_ACCEPTING_WAIT_SEQ pgs=126 cs=1 l=1)._process_connection accept get newly_acked_seq 0 -365>
2017-09-11 21:37:16.492953 7f641f784700 1 -- 5.9.136.6:6800/3897 >> - conn(0x5626591ad800 :6800 s=STATE_ACCEPTING pgs=0 cs=0 l=0)._process_connection sd=38 - -364>
2017-09-11 21:37:16.492973 7f641e782700 5 -- 5.9.136.6:6800/3897 >> 172.19.0.3:0/3295398893 conn(0x56265917a800 :6800 s=STATE_OPEN_MESSAGE_READ_FOOTER_AND_DISPATCH pgs=126 cs=1 l=1). rx client.43334694 seq 1 0x562658dae100 mgropen(rgw.docker daemon) v2 -363>
2017-09-11 21:37:16.492998 7f641e782700 1 -- 5.9.136.6:6800/3897 >> - conn(0x5626591ac000 :6800 s=STATE_ACCEPTING pgs=0 cs=0 l=0)._process_connection sd=37 - -362>
2017-09-11 21:37:16.492994 7f641f784700 1 -- 5.9.136.6:6800/3897 >> - conn(0x562659110000 :6800 s=STATE_ACCEPTING pgs=0 cs=0 l=0)._process_connection sd=41 - -361>
2017-09-11 21:37:16.493024 7f641e782700 1 -- 5.9.136.6:6800/3897 >> - conn(0x5626591b0800 :6800 s=STATE_ACCEPTING pgs=0 cs=0 l=0)._process_connection sd=40 - -360>
2017-09-11 21:37:16.493062 7f6417f75700 1 -- 5.9.136.6:6800/3897 <== mon.0 5.9.136.6:0/7871 1 ==== mgropen(mon.fvz-meph-de-fks-d) v2 ==== 26+0+0 (3511681052 0 0) 0x562658dae3c0 con 0x562659177800 -359>
2017-09-11 21:37:16.493067 7f641e782700 1 -- 5.9.136.6:6800/3897 >> - conn(0x562659111800 :6800 s=STATE_ACCEPTING pgs=0 cs=0 l=0)._process_connection sd=42 - -358>
2017-09-11 21:37:16.493075 7f6417f75700 4 mgr.server handle_open from 0x562659177800 mon,fvz-meph-de-fks-d -357>
2017-09-11 21:37:16.493078 7f6417f75700 1 -- 5.9.136.6:6800/3897 --> 5.9.136.6:0/7871 -- mgrconfigure() v1 -- 0x562659442800 con 0 -356>
2017-09-11 21:37:16.493098 7f6417f75700 1 -- 5.9.136.6:6800/3897 <== client.43334694 172.19.0.3:0/3295398893 1 ==== mgropen(rgw.docker daemon) v2 ==== 768+0+0 (568063986 0 0) 0x562658dae100 con 0x56265917a800 -355>
2017-09-11 21:37:16.493105 7f6417f75700 4 mgr.server handle_open from 0x56265917a800 rgw,docker -354>
2017-09-11 21:37:16.493115 7f6417f75700 1 -- 5.9.136.6:6800/3897 --> 172.19.0.3:0/3295398893 -- mgrconfigure() v1 -- 0x562659442c00 con 0 -353>
2017-09-11 21:37:16.493160 7f641f784700 1 -- 5.9.136.6:6800/3897 >> - conn(0x562659114800 :6800 s=STATE_ACCEPTING pgs=0 cs=0 l=0)._process_connection sd=44 - -352>
2017-09-11 21:37:16.493256 7f641e782700 1 -- 5.9.136.6:6800/3897 >> - conn(0x562659126000 :6800 s=STATE_ACCEPTING pgs=0 cs=0 l=0)._process_connection sd=45 - -351>
2017-09-11 21:37:16.493276 7f641f784700 1 -- 5.9.136.6:6800/3897 >> - conn(0x562659127800 :6800 s=STATE_ACCEPTING pgs=0 cs=0 l=0)._process_connection sd=46 - -350>
2017-09-11 21:37:16.493740 7f641ef83700 1 -- 5.9.136.6:6800/3897 >> - conn(0x5626591af000 :6800 s=STATE_ACCEPTING pgs=0 cs=0 l=0)._process_connection sd=39 - -349>
2017-09-11 21:37:16.493794 7f641ef83700 1 -- 5.9.136.6:6800/3897 >> - conn(0x562659113000 :6800 s=STATE_ACCEPTING pgs=0 cs=0 l=0)._process_connection sd=43 - -348>
2017-09-11 21:37:16.493871 7f641e782700 5 -- 5.9.136.6:6800/3897 >> 5.9.136.6:0/7871 conn(0x562659177800 :6800 s=STATE_OPEN_MESSAGE_READ_FOOTER_AND_DISPATCH pgs=73 cs=1 l=1). rx mon.0 seq 2 0x5626591fb000 mgrreport(mon.fvz-meph-de-fks-d +153-0 packed 1630) v4 -347>
2017-09-11 21:37:16.493919 7f641e782700 1 -- 5.9.136.6:6800/3897 >> - conn(0x562659129000 :6800 s=STATE_ACCEPTING pgs=0 cs=0 l=0)._process_connection sd=47 - -346>
2017-09-11 21:37:16.493917 7f6417f75700 1 -- 5.9.136.6:6800/3897 <== mon.0 5.9.136.6:0/7871 2 ==== mgrreport(mon.fvz-meph-de-fks-d +153-0 packed 1630) v4 ==== 12586+0+0 (3270772867 0 0) 0x5626591fb000 con 0x562659177800 -345>
2017-09-11 21:37:16.493949 7f6417f75700 4 mgr.server handle_report from 0x562659177800 mon,fvz-meph-de-fks-d -344>
2017-09-11 21:37:16.493967 7f641ef83700 1 -- 5.9.136.6:6800/3897 >> - conn(0x56265913c000 :6800 s=STATE_ACCEPTING pgs=0 cs=0 l=0)._process_connection sd=49 - -343>
2017-09-11 21:37:16.494060 7f641e782700 1 -- 5.9.136.6:6800/3897 >> - conn(0x56265913d800 :6800 s=STATE_ACCEPTING pgs=0 cs=0 l=0)._process_connection sd=50 - -342>
2017-09-11 21:37:16.494132 7f641ef83700 1 -- 5.9.136.6:6800/3897 >> - conn(0x562659140800 :6800 s=STATE_ACCEPTING pgs=0 cs=0 l=0)._process_connection sd=52 - -341>
2017-09-11 21:37:16.494260 7f641e782700 5 -- 5.9.136.6:6800/3897 >> 172.19.0.3:0/3295398893 conn(0x56265917a800 :6800 s=STATE_OPEN_MESSAGE_READ_FOOTER_AND_DISPATCH pgs=126 cs=1 l=1). rx client.43334694 seq 2 0x5626591fb300 mgrreport(rgw.docker +264-0 packed 2294 status=0) v4 -340>
2017-09-11 21:37:16.494479 7f6417f75700 1 -- 5.9.136.6:6800/3897 <== client.43334694 172.19.0.3:0/3295398893 2 ==== mgrreport(rgw.docker +264-0 packed 2294 status=0) v4 ==== 21754+0+0 (632840968 0 0) 0x5626591fb300 con 0x56265917a800 -339>
2017-09-11 21:37:16.494493 7f6417f75700 4 mgr.server handle_report from 0x56265917a800 rgw,docker -338>
2017-09-11 21:37:16.494615 7f641ef83700 2 -- 5.9.136.6:6800/3897 >> 94.130.11.185:6817/6902 conn(0x56265918d800 :6800 s=STATE_ACCEPTING_WAIT_SEQ pgs=816 cs=1 l=1).handle_connect_msg accept write reply msg done -337>
2017-09-11 21:37:16.494646 7f641ef83700 1 -- 5.9.136.6:6800/3897 >> - conn(0x562659e73800 :6800 s=STATE_ACCEPTING pgs=0 cs=0 l=0)._process_connection sd=55 - -336>
2017-09-11 21:37:16.494648 7f641f784700 1 -- 5.9.136.6:6800/3897 >> - conn(0x56265912a800 :6800 s=STATE_ACCEPTING pgs=0 cs=0 l=0)._process_connection sd=48 - -335>
2017-09-11 21:37:16.494667 7f641e782700 2 -- 5.9.136.6:6800/3897 >> 94.130.11.185:6824/6934 conn(0x56265918f000 :6800 s=STATE_ACCEPTING_WAIT_SEQ pgs=1176 cs=1 l=1).handle_connect_msg accept write reply msg done -334>
2017-09-11 21:37:16.494682 7f641ef83700 1 -- 5.9.136.6:6800/3897 >> - conn(0x562659e88000 :6800 s=STATE_ACCEPTING pgs=0 cs=0 l=0)._process_connection sd=58 - -333>
2017-09-11 21:37:16.494692 7f641f784700 1 -- 5.9.136.6:6800/3897 >> - conn(0x56265913f000 :6800 s=STATE_ACCEPTING pgs=0 cs=0 l=0)._process_connection sd=51 - -332>
2017-09-11 21:37:16.494700 7f641e782700 1 -- 5.9.136.6:6800/3897 >> - conn(0x562659e5c800 :6800 s=STATE_ACCEPTING pgs=0 cs=0 l=0)._process_connection sd=53 - -331>
2017-09-11 21:37:16.494714 7f641ef83700 1 -- 5.9.136.6:6800/3897 >> - conn(0x562659e8c800 :6800 s=STATE_ACCEPTING pgs=0 cs=0 l=0)._process_connection sd=61 - -330>
2017-09-11 21:37:16.494746 7f641f784700 1 -- 5.9.136.6:6800/3897 >> - conn(0x562659e72000 :6800 s=STATE_ACCEPTING pgs=0 cs=0 l=0)._process_connection sd=54 - -329>
2017-09-11 21:37:16.494764 7f641e782700 1 -- 5.9.136.6:6800/3897 >> - conn(0x562659e75000 :6800 s=STATE_ACCEPTING pgs=0 cs=0 l=0)._process_connection sd=56 - -328>
2017-09-11 21:37:16.494772 7f641ef83700 1 -- 5.9.136.6:6800/3897 >> - conn(0x5626590af000 :6800 s=STATE_ACCEPTING pgs=0 cs=0 l=0)._process_connection sd=64 - -327>
2017-09-11 21:37:16.494785 7f641f784700 1 -- 5.9.136.6:6800/3897 >> - conn(0x562659e76800 :6800 s=STATE_ACCEPTING pgs=0 cs=0 l=0)._process_connection sd=57 - -326>
2017-09-11 21:37:16.494794 7f641e782700 1 -- 5.9.136.6:6800/3897 >> - conn(0x562659e89800 :6800 s=STATE_ACCEPTING pgs=0 cs=0 l=0)._process_connection sd=59 - -325>
2017-09-11 21:37:16.494816 7f641e782700 1 -- 5.9.136.6:6800/3897 >> - conn(0x5626590ac000 :6800 s=STATE_ACCEPTING pgs=0 cs=0 l=0)._process_connection sd=62 - -324>
2017-09-11 21:37:16.494824 7f641f784700 1 -- 5.9.136.6:6800/3897 >> - conn(0x562659e8b000 :6800 s=STATE_ACCEPTING pgs=0 cs=0 l=0)._process_connection sd=60 - -323>
2017-09-11 21:37:16.494863 7f641f784700 1 -- 5.9.136.6:6800/3897 >> - conn(0x5626590ad800 :6800 s=STATE_ACCEPTING pgs=0 cs=0 l=0)._process_connection sd=63 - -322>
2017-09-11 21:37:16.495103 7f641f784700 2 -- 5.9.136.6:6800/3897 >> 148.251.233.242:0/3179460332 conn(0x562659190800 :6800 s=STATE_ACCEPTING_WAIT_SEQ pgs=451 cs=1 l=1).handle_connect_msg accept write reply msg done -321>
2017-09-11 21:37:16.495285 7f641ef83700 2 -- 5.9.136.6:6800/3897 >> 148.251.233.242:6805/12541 conn(0x56265919e800 :6800 s=STATE_ACCEPTING_WAIT_SEQ pgs=1269 cs=1 l=1).handle_connect_msg accept write reply msg done -320>
2017-09-11 21:37:16.495304 7f641f784700 2 -- 5.9.136.6:6800/3897 >> 5.9.155.119:6801/10380 conn(0x56265919b800 :6800 s=STATE_ACCEPTING_WAIT_SEQ pgs=623 cs=1 l=1).handle_connect_msg accept write reply msg done -319>
2017-09-11 21:37:16.495340 7f641e782700 2 -- 5.9.136.6:6800/3897 >> 94.130.11.185:6809/6865 conn(0x56265919d000 :6800 s=STATE_ACCEPTING_WAIT_SEQ pgs=1013 cs=1 l=1).handle_connect_msg accept write reply msg done -318>
2017-09-11 21:37:16.495504 7f641ef83700 2 -- 5.9.136.6:6800/3897 >> 5.9.155.119:6800/10455 conn(0x5626591af000 :6800 s=STATE_ACCEPTING_WAIT_SEQ pgs=569 cs=1 l=1).handle_connect_msg accept write reply msg done -317>
2017-09-11 21:37:16.495530 7f641ef83700 1 -- 5.9.136.6:6800/3897 >> - conn(0x56265903c000 :6800 s=STATE_ACCEPTING pgs=0 cs=0 l=0)._process_connection sd=66 - -316>
2017-09-11 21:37:16.495562 7f641ef83700 1 -- 5.9.136.6:6800/3897 >> - conn(0x562659040800 :6800 s=STATE_ACCEPTING pgs=0 cs=0 l=0)._process_connection sd=69 - -315>
2017-09-11 21:37:16.495581 7f641e782700 2 -- 5.9.136.6:6800/3897 >> 148.251.233.242:6800/12517 conn(0x56265919a000 :6800 s=STATE_ACCEPTING_WAIT_SEQ pgs=598 cs=1 l=1).handle_connect_msg accept write reply msg done -314>
2017-09-11 21:37:16.495710 7f641e782700 2 -- 5.9.136.6:6800/3897 >> 94.130.11.185:6800/6964 conn(0x5626591ac000 :6800 s=STATE_ACCEPTING_WAIT_SEQ pgs=912 cs=1 l=1).handle_connect_msg accept write reply msg done -313>
2017-09-11 21:37:16.495712 7f641ef83700 2 -- 5.9.136.6:6800/3897 >> 148.251.232.162:0/942793770 conn(0x562659113000 :6800 s=STATE_ACCEPTING_WAIT_SEQ pgs=15103 cs=1 l=1).handle_connect_msg accept write reply msg done -312>
2017-09-11 21:37:16.495811 7f641e782700 2 -- 5.9.136.6:6800/3897 >> 144.76.74.197:0/3409147966 conn(0x562659111800 :6800 s=STATE_ACCEPTING_WAIT_SEQ pgs=15112 cs=1 l=1).handle_connect_msg accept write reply msg done -311>
2017-09-11 21:37:16.495841 7f641ef83700 2 -- 5.9.136.6:6800/3897 >> 148.251.187.101:6812/22141 conn(0x56265913c000 :6800 s=STATE_ACCEPTING_WAIT_SEQ pgs=730 cs=1 l=1).handle_connect_msg accept write reply msg done -310>
2017-09-11 21:37:16.495885 7f641f784700 2 -- 5.9.136.6:6800/3897 >> 148.251.187.101:6800/22211 conn(0x5626591ad800 :6800 s=STATE_ACCEPTING_WAIT_SEQ pgs=750 cs=1 l=1).handle_connect_msg accept write reply msg done -309>
2017-09-11 21:37:16.495913 7f641e782700 2 -- 5.9.136.6:6800/3897 >> 144.76.74.197:6800/28714 conn(0x5626591b0800 :6800 s=STATE_ACCEPTING_WAIT_SEQ pgs=1143 cs=1 l=1).handle_connect_msg accept write reply msg done -308>
2017-09-11 21:37:16.495981 7f641ef83700 2 -- 5.9.136.6:6800/3897 >> 148.251.233.242:0/1174075617 conn(0x562659140800 :6800 s=STATE_ACCEPTING_WAIT_SEQ pgs=15103 cs=1 l=1).handle_connect_msg accept write reply msg done -307>
2017-09-11 21:37:16.495999 7f641f784700 2 -- 5.9.136.6:6800/3897 >> 148.251.187.101:0/4148930979 conn(0x562659110000 :6800 s=STATE_ACCEPTING_WAIT_SEQ pgs=8527 cs=1 l=1).handle_connect_msg accept write reply msg done -306>
2017-09-11 21:37:16.496014 7f641ef83700 2 -- 5.9.136.6:6800/3897 >> 94.130.11.185:6817/6902 conn(0x56265918d800 :6800 s=STATE_ACCEPTING_WAIT_SEQ pgs=816 cs=1 l=1)._process_connection accept get newly_acked_seq 0 -305>
2017-09-11 21:37:16.496019 7f641e782700 2 -- 5.9.136.6:6800/3897 >> 148.251.232.162:0/782115190 conn(0x562659126000 :6800 s=STATE_ACCEPTING_WAIT_SEQ pgs=453 cs=1 l=1).handle_connect_msg accept write reply msg done -304>
2017-09-11 21:37:16.496037 7f641e782700 1 -- 5.9.136.6:6800/3897 >> - conn(0x56265903d800 :6800 s=STATE_ACCEPTING pgs=0 cs=0 l=0)._process_connection sd=67 - -303>
2017-09-11 21:37:16.496060 7f641e782700 1 -- 5.9.136.6:6800/3897 >> - conn(0x562659046800 :6800 s=STATE_ACCEPTING pgs=0 cs=0 l=0)._process_connection sd=70 - -302>
2017-09-11 21:37:16.496060 7f641ef83700 5 -- 5.9.136.6:6800/3897 >> 94.130.11.185:6817/6902 conn(0x56265918d800 :6800 s=STATE_OPEN_MESSAGE_READ_FOOTER_AND_DISPATCH pgs=816 cs=1 l=1). rx osd.21 seq 1 0x562658dae3c0 mgropen(osd.21) v2 -301>
2017-09-11 21:37:16.496081 7f641e782700 1 -- 5.9.136.6:6800/3897 >> - conn(0x562659057000 :6800 s=STATE_ACCEPTING pgs=0 cs=0 l=0)._process_connection sd=73 - -300>
2017-09-11 21:37:16.496098 7f641e782700 1 -- 5.9.136.6:6800/3897 >> - conn(0x562659067800 :6800 s=STATE_ACCEPTING pgs=0 cs=0 l=0)._process_connection sd=76 - -299>
2017-09-11 21:37:16.496093 7f6417f75700 1 -- 5.9.136.6:6800/3897 <== osd.21 94.130.11.185:6817/6902 1 ==== mgropen(osd.21) v2 ==== 11+0+0 (4039242834 0 0) 0x562658dae3c0 con 0x56265918d800 -298>
2017-09-11 21:37:16.496098 7f641f784700 2 -- 5.9.136.6:6800/3897 >> 148.251.187.101:0/576585035 conn(0x562659114800 :6800 s=STATE_ACCEPTING_WAIT_SEQ pgs=451 cs=1 l=1).handle_connect_msg accept write reply msg done -297>
2017-09-11 21:37:16.496117 7f6417f75700 4 mgr.server handle_open from 0x56265918d800 osd,21 -296>
2017-09-11 21:37:16.496120 7f6417f75700 1 -- 5.9.136.6:6800/3897 --> 94.130.11.185:6817/6902 -- mgrconfigure() v1 -- 0x562659443400 con 0 -295>
2017-09-11 21:37:16.496124 7f641e782700 1 -- 5.9.136.6:6800/3897 >> - conn(0x56265907c800 :6800 s=STATE_ACCEPTING pgs=0 cs=0 l=0)._process_connection sd=79 - -294>
2017-09-11 21:37:16.496141 7f641e782700 1 -- 5.9.136.6:6800/3897 >> - conn(0x562659085000 :6800 s=STATE_ACCEPTING pgs=0 cs=0 l=0)._process_connection sd=82 - -293>
2017-09-11 21:37:16.496161 7f641e782700 1 -- 5.9.136.6:6800/3897 >> - conn(0x562658fc5800 :6800 s=STATE_ACCEPTING pgs=0 cs=0 l=0)._process_connection sd=85 - -292>
2017-09-11 21:37:16.496200 7f641f784700 2 -- 5.9.136.6:6800/3897 >> 144.76.74.197:0/1671986914 conn(0x562659127800 :6800 s=STATE_ACCEPTING_WAIT_SEQ pgs=14973 cs=1 l=1).handle_connect_msg accept write reply msg done -291>
2017-09-11 21:37:16.496219 7f641f784700 1 -- 5.9.136.6:6800/3897 >> - conn(0x5626590ce800 :6800 s=STATE_ACCEPTING pgs=0 cs=0 l=0)._process_connection sd=65 - -290>
2017-09-11 21:37:16.496223 7f641ef83700 2 -- 5.9.136.6:6800/3897 >> 136.243.138.74:6802/18961 conn(0x562659e8c800 :6800 s=STATE_ACCEPTING_WAIT_SEQ pgs=650 cs=1 l=1).handle_connect_msg accept write reply msg done -289>
2017-09-11 21:37:16.496246 7f641f784700 1 -- 5.9.136.6:6800/3897 >> - conn(0x56265903f000 :6800 s=STATE_ACCEPTING pgs=0 cs=0 l=0)._process_connection sd=68 - -288>
2017-09-11 21:37:16.496269 7f641f784700 1 -- 5.9.136.6:6800/3897 >> - conn(0x562659054000 :6800 s=STATE_ACCEPTING pgs=0 cs=0 l=0)._process_connection sd=71 - -287>
2017-09-11 21:37:16.496275 7f641e782700 2 -- 5.9.136.6:6800/3897 >> 148.251.232.162:6805/26905 conn(0x562659129000 :6800 s=STATE_ACCEPTING_WAIT_SEQ pgs=766 cs=1 l=1).handle_connect_msg accept write reply msg done -286>
2017-09-11 21:37:16.496289 7f641f784700 1 -- 5.9.136.6:6800/3897 >> - conn(0x562659058800 :6800 s=STATE_ACCEPTING pgs=0 cs=0 l=0)._process_connection sd=74 - -285>
2017-09-11 21:37:16.496316 7f641f784700 1 -- 5.9.136.6:6800/3897 >> - conn(0x562659069000 :6800 s=STATE_ACCEPTING pgs=0 cs=0 l=0)._process_connection sd=77 - -284>
2017-09-11 21:37:16.496336 7f641f784700 1 -- 5.9.136.6:6800/3897 >> - conn(0x562659082000 :6800 s=STATE_ACCEPTING pgs=0 cs=0 l=0)._process_connection sd=80 - -283>
2017-09-11 21:37:16.496356 7f641f784700 1 -- 5.9.136.6:6800/3897 >> - conn(0x562659086800 :6800 s=STATE_ACCEPTING pgs=0 cs=0 l=0)._process_connection sd=83 - -282>
2017-09-11 21:37:16.496375 7f641f784700 1 -- 5.9.136.6:6800/3897 >> - conn(0x562658fc7000 :6800 s=STATE_ACCEPTING pgs=0 cs=0 l=0)._process_connection sd=86 - -281>
2017-09-11 21:37:16.496368 7f641ef83700 2 -- 5.9.136.6:6800/3897 >> 148.251.82.190:6802/22818 conn(0x562659e73800 :6800 s=STATE_ACCEPTING_WAIT_SEQ pgs=709 cs=1 l=1).handle_connect_msg accept write reply msg done -280>
