2017-09-11 21:37:16.496387 7f641e782700 2 -- 5.9.136.6:6800/3897 >> 5.9.155.119:6802/10407 conn(0x56265913d800 :6800 s=STATE_ACCEPTING_WAIT_SEQ pgs=712 cs=1 l=1).handle_connect_msg accept write reply msg done -279>
2017-09-11 21:37:16.496407 7f641e782700 2 -- 5.9.136.6:6800/3897 >> 94.130.11.185:6824/6934 conn(0x56265918f000 :6800 s=STATE_ACCEPTING_WAIT_SEQ pgs=1176 cs=1 l=1)._process_connection accept get newly_acked_seq 0 -278>
2017-09-11 21:37:16.496441 7f641e782700 5 -- 5.9.136.6:6800/3897 >> 94.130.11.185:6824/6934 conn(0x56265918f000 :6800 s=STATE_OPEN_MESSAGE_READ_FOOTER_AND_DISPATCH pgs=1176 cs=1 l=1). rx osd.13 seq 1 0x562658dade40 mgropen(osd.13) v2 -277>
2017-09-11 21:37:16.496461 7f6417f75700 1 -- 5.9.136.6:6800/3897 <== osd.13 94.130.11.185:6824/6934 1 ==== mgropen(osd.13) v2 ==== 11+0+0 (2470977993 0 0) 0x562658dade40 con 0x56265918f000 -276>
2017-09-11 21:37:16.496488 7f6417f75700 4 mgr.server handle_open from 0x56265918f000 osd,13 -275>
2017-09-11 21:37:16.496491 7f6417f75700 1 -- 5.9.136.6:6800/3897 --> 94.130.11.185:6824/6934 -- mgrconfigure() v1 -- 0x562659443600 con 0 -274>
2017-09-11 21:37:16.496534 7f641f784700 2 -- 5.9.136.6:6800/3897 >> 148.251.90.218:0/4112579770 conn(0x56265913f000 :6800 s=STATE_ACCEPTING_WAIT_SEQ pgs=121 cs=1 l=1).handle_connect_msg accept write reply msg done -273>
2017-09-11 21:37:16.496544 7f641ef83700 2 -- 5.9.136.6:6800/3897 >> 148.251.82.190:0/1260122837 conn(0x562659e88000 :6800 s=STATE_ACCEPTING_WAIT_SEQ pgs=129 cs=1 l=1).handle_connect_msg accept write reply msg done -272>
2017-09-11 21:37:16.496567 7f641ef83700 1 -- 5.9.136.6:6800/3897 >> - conn(0x562659055800 :6800 s=STATE_ACCEPTING pgs=0 cs=0 l=0)._process_connection sd=72 - -271>
2017-09-11 21:37:16.496581 7f641e782700 2 -- 5.9.136.6:6800/3897 >> 148.251.82.190:6800/22815 conn(0x562659e5c800 :6800 s=STATE_ACCEPTING_WAIT_SEQ pgs=738 cs=1 l=1).handle_connect_msg accept write reply msg done -270>
2017-09-11 21:37:16.496601 7f641ef83700 1 -- 5.9.136.6:6800/3897 >> - conn(0x562659066000 :6800 s=STATE_ACCEPTING pgs=0 cs=0 l=0)._process_connection sd=75 - -269>
2017-09-11 21:37:16.496631 7f641ef83700 1 -- 5.9.136.6:6800/3897 >> - conn(0x56265906a800 :6800 s=STATE_ACCEPTING pgs=0 cs=0 l=0)._process_connection sd=78 - -268>
2017-09-11 21:37:16.496661 7f641ef83700 1 -- 5.9.136.6:6800/3897 >> - conn(0x562659083800 :6800 s=STATE_ACCEPTING pgs=0 cs=0 l=0)._process_connection sd=81 - -267>
2017-09-11 21:37:16.496683 7f641f784700 2 -- 5.9.136.6:6800/3897 >> 148.251.232.162:6808/26982 conn(0x56265912a800 :6800 s=STATE_ACCEPTING_WAIT_SEQ pgs=758 cs=1 l=1).handle_connect_msg accept write reply msg done -266>
2017-09-11 21:37:16.496692 7f641e782700 2 -- 5.9.136.6:6800/3897 >> 148.251.82.190:6812/22819 conn(0x562659e75000 :6800 s=STATE_ACCEPTING_WAIT_SEQ pgs=776 cs=1 l=1).handle_connect_msg accept write reply msg done -265>
2017-09-11 21:37:16.496712 7f641e782700 2 -- 5.9.136.6:6800/3897 >> 94.130.11.185:6809/6865 conn(0x56265919d000 :6800 s=STATE_ACCEPTING_WAIT_SEQ pgs=1013 cs=1 l=1)._process_connection accept get newly_acked_seq 0 -264>
2017-09-11 21:37:16.496720 7f641ef83700 1 -- 5.9.136.6:6800/3897 >> - conn(0x562658fc4000 :6800 s=STATE_ACCEPTING pgs=0 cs=0 l=0)._process_connection sd=84 - -263>
2017-09-11 21:37:16.496743 7f641e782700 5 -- 5.9.136.6:6800/3897 >> 94.130.11.185:6809/6865 conn(0x56265919d000 :6800 s=STATE_OPEN_MESSAGE_READ_FOOTER_AND_DISPATCH pgs=1013 cs=1 l=1). rx osd.18 seq 1 0x562658dae100 mgropen(osd.18) v2 -262>
2017-09-11 21:37:16.496757 7f641ef83700 1 -- 5.9.136.6:6800/3897 >> - conn(0x562658fc8800 :6800 s=STATE_ACCEPTING pgs=0 cs=0 l=0)._process_connection sd=87 - -261>
2017-09-11 21:37:16.496762 7f6417f75700 1 -- 5.9.136.6:6800/3897 <== osd.18 94.130.11.185:6809/6865 1 ==== mgropen(osd.18) v2 ==== 11+0+0 (3354587660 0 0) 0x562658dae100 con 0x56265919d000 -260>
2017-09-11 21:37:16.496772 7f6417f75700 4 mgr.server handle_open from 0x56265919d000 osd,18 -259>
2017-09-11 21:37:16.496774 7f6417f75700 1 -- 5.9.136.6:6800/3897 --> 94.130.11.185:6809/6865 -- mgrconfigure() v1 -- 0x562659443800 con 0 -258>
2017-09-11 21:37:16.496784 7f641f784700 2 -- 5.9.136.6:6800/3897 >> 5.9.155.119:0/1344071429 conn(0x562659e72000 :6800 s=STATE_ACCEPTING_WAIT_SEQ pgs=26 cs=1 l=1).handle_connect_msg accept write reply msg done -257>
2017-09-11 21:37:16.496853 7f641e782700 2 -- 5.9.136.6:6800/3897 >> 148.251.90.134:6804/2158 conn(0x562659e89800 :6800 s=STATE_ACCEPTING_WAIT_SEQ pgs=715 cs=1 l=1).handle_connect_msg accept write reply msg done -256>
2017-09-11 21:37:16.496859 7f641ef83700 2 -- 5.9.136.6:6800/3897 >> 148.251.233.242:6805/12541 conn(0x56265919e800 :6800 s=STATE_ACCEPTING_WAIT_SEQ pgs=1269 cs=1 l=1)._process_connection accept get newly_acked_seq 0 -255>
2017-09-11 21:37:16.496890 7f641f784700 2 -- 5.9.136.6:6800/3897 >> 136.243.138.74:0/1600307309 conn(0x5626590ad800 :6800 s=STATE_ACCEPTING_WAIT_SEQ pgs=15109 cs=1 l=1).handle_connect_msg accept write reply msg done -254>
2017-09-11 21:37:16.496914 7f641ef83700 5 -- 5.9.136.6:6800/3897 >> 148.251.233.242:6805/12541 conn(0x56265919e800 :6800 s=STATE_OPEN_MESSAGE_READ_FOOTER_AND_DISPATCH pgs=1269 cs=1 l=1). rx osd.42 seq 1 0x562658dae3c0 mgropen(osd.42) v2 -253>
2017-09-11 21:37:16.496947 7f641e782700 2 -- 5.9.136.6:6800/3897 >> 148.251.90.134:0/1163482287 conn(0x5626590ac000 :6800 s=STATE_ACCEPTING_WAIT_SEQ pgs=451 cs=1 l=1).handle_connect_msg accept write reply msg done -252>
2017-09-11 21:37:16.496951 7f6417f75700 1 -- 5.9.136.6:6800/3897 <== osd.42 148.251.233.242:6805/12541 1 ==== mgropen(osd.42) v2 ==== 11+0+0 (2979767241 0 0) 0x562658dae3c0 con 0x56265919e800 -251>
2017-09-11 21:37:16.496961 7f6417f75700 4 mgr.server handle_open from 0x56265919e800 osd,42 -250>
2017-09-11 21:37:16.496964 7f6417f75700 1 -- 5.9.136.6:6800/3897 --> 148.251.233.242:6805/12541 -- mgrconfigure() v1 -- 0x562659443a00 con 0 -249>
2017-09-11 21:37:16.496969 7f641e782700 2 -- 5.9.136.6:6800/3897 >> 94.130.11.185:6800/6964 conn(0x5626591ac000 :6800 s=STATE_ACCEPTING_WAIT_SEQ pgs=912 cs=1 l=1)._process_connection accept get newly_acked_seq 0 -248>
2017-09-11 21:37:16.496998 7f641e782700 5 -- 5.9.136.6:6800/3897 >> 94.130.11.185:6800/6964 conn(0x5626591ac000 :6800 s=STATE_OPEN_MESSAGE_READ_FOOTER_AND_DISPATCH pgs=912 cs=1 l=1). rx osd.19 seq 1 0x562658dadb80 mgropen(osd.19) v2 -247>
2017-09-11 21:37:16.497008 7f641f784700 2 -- 5.9.136.6:6800/3897 >> 148.251.82.190:6808/22831 conn(0x562659e76800 :6800 s=STATE_ACCEPTING_WAIT_SEQ pgs=623 cs=1 l=1).handle_connect_msg accept write reply msg done -246>
2017-09-11 21:37:16.497021 7f641e782700 2 -- 5.9.136.6:6800/3897 >> 148.251.233.242:6800/12517 conn(0x56265919a000 :6800 s=STATE_ACCEPTING_WAIT_SEQ pgs=598 cs=1 l=1)._process_connection accept get newly_acked_seq 0 -245>
2017-09-11 21:37:16.497016 7f6417f75700 1 -- 5.9.136.6:6800/3897 <== osd.19 94.130.11.185:6800/6964 1 ==== mgropen(osd.19) v2 ==== 11+0+0 (683841813 0 0) 0x562658dadb80 con 0x5626591ac000 -244>
2017-09-11 21:37:16.497043 7f6417f75700 4 mgr.server handle_open from 0x5626591ac000 osd,19 -243>
2017-09-11 21:37:16.497046 7f6417f75700 1 -- 5.9.136.6:6800/3897 --> 94.130.11.185:6800/6964 -- mgrconfigure() v1 -- 0x562659443c00 con 0 -242>
2017-09-11 21:37:16.497045 7f641f784700 2 -- 5.9.136.6:6800/3897 >> 148.251.233.242:0/3179460332 conn(0x562659190800 :6800 s=STATE_ACCEPTING_WAIT_SEQ pgs=451 cs=1 l=1)._process_connection accept get newly_acked_seq 0 -241>
2017-09-11 21:37:16.497044 7f641e782700 5 -- 5.9.136.6:6800/3897 >> 148.251.233.242:6800/12517 conn(0x56265919a000 :6800 s=STATE_OPEN_MESSAGE_READ_FOOTER_AND_DISPATCH pgs=598 cs=1 l=1). rx osd.43 seq 1 0x562658dad8c0 mgropen(osd.43) v2 -240>
2017-09-11 21:37:16.497082 7f6417f75700 1 -- 5.9.136.6:6800/3897 <== osd.43 148.251.233.242:6800/12517 1 ==== mgropen(osd.43) v2 ==== 11+0+0 (1588316368 0 0) 0x562658dad8c0 con 0x56265919a000 -239>
2017-09-11 21:37:16.497098 7f6417f75700 4 mgr.server handle_open from 0x56265919a000 osd,43 -238>
2017-09-11 21:37:16.497078 7f641f784700 2 -- 5.9.136.6:6800/3897 >> 5.9.155.119:6801/10380 conn(0x56265919b800 :6800 s=STATE_ACCEPTING_WAIT_SEQ pgs=623 cs=1 l=1)._process_connection accept get newly_acked_seq 0 -237>
2017-09-11 21:37:16.497100 7f6417f75700 1 -- 5.9.136.6:6800/3897 --> 148.251.233.242:6800/12517 -- mgrconfigure() v1 -- 0x562659443e00 con 0 -236>
2017-09-11 21:37:16.497096 7f641ef83700 2 -- 5.9.136.6:6800/3897 >> 148.251.90.134:6812/2193 conn(0x5626590af000 :6800 s=STATE_ACCEPTING_WAIT_SEQ pgs=641 cs=1 l=1).handle_connect_msg accept write reply msg done -235>
2017-09-11 21:37:16.497124 7f641ef83700 2 -- 5.9.136.6:6800/3897 >> 5.9.155.119:6800/10455 conn(0x5626591af000 :6800 s=STATE_ACCEPTING_WAIT_SEQ pgs=569 cs=1 l=1)._process_connection accept get newly_acked_seq 0 -234>
2017-09-11 21:37:16.497138 7f641f784700 5 -- 5.9.136.6:6800/3897 >> 5.9.155.119:6801/10380 conn(0x56265919b800 :6800 s=STATE_OPEN_MESSAGE_READ_FOOTER_AND_DISPATCH pgs=623 cs=1 l=1). rx osd.7 seq 1 0x562658b52100 mgropen(osd.7) v2 -233>
2017-09-11 21:37:16.497163 7f641e782700 2 -- 5.9.136.6:6800/3897 >> 144.76.74.197:0/3409147966 conn(0x562659111800 :6800 s=STATE_ACCEPTING_WAIT_SEQ pgs=15112 cs=1 l=1)._process_connection accept get newly_acked_seq 0 -232>
2017-09-11 21:37:16.497168 7f641ef83700 5 -- 5.9.136.6:6800/3897 >> 5.9.155.119:6800/10455 conn(0x5626591af000 :6800 s=STATE_OPEN_MESSAGE_READ_FOOTER_AND_DISPATCH pgs=569 cs=1 l=1). rx osd.5 seq 1 0x562658dade40 mgropen(osd.5) v2 -231>
2017-09-11 21:37:16.497189 7f641e782700 2 -- 5.9.136.6:6800/3897 >> 144.76.74.197:6800/28714 conn(0x5626591b0800 :6800 s=STATE_ACCEPTING_WAIT_SEQ pgs=1143 cs=1 l=1)._process_connection accept get newly_acked_seq 0 -230>
2017-09-11 21:37:16.497190 7f641ef83700 2 -- 5.9.136.6:6800/3897 >> 148.251.232.162:0/942793770 conn(0x562659113000 :6800 s=STATE_ACCEPTING_WAIT_SEQ pgs=15103 cs=1 l=1)._process_connection accept get newly_acked_seq 0 -229>
2017-09-11 21:37:16.497191 7f6417f75700 1 -- 5.9.136.6:6800/3897 <== osd.7 5.9.155.119:6801/10380 1 ==== mgropen(osd.7) v2 ==== 10+0+0 (149397947 0 0) 0x562658b52100 con 0x56265919b800 -228>
2017-09-11 21:37:16.497202 7f6417f75700 4 mgr.server handle_open from 0x56265919b800 osd,7 -227>
2017-09-11 21:37:16.497204 7f6417f75700 1 -- 5.9.136.6:6800/3897 --> 5.9.155.119:6801/10380 -- mgrconfigure() v1 -- 0x562659010600 con 0 -226>
2017-09-11 21:37:16.497216 7f641e782700 5 -- 5.9.136.6:6800/3897 >> 144.76.74.197:6800/28714 conn(0x5626591b0800 :6800 s=STATE_OPEN_MESSAGE_READ_FOOTER_AND_DISPATCH pgs=1143 cs=1 l=1). rx osd.34 seq 1 0x562658dae100 mgropen(osd.34) v2 -225>
2017-09-11 21:37:16.497231 7f6417f75700 1 -- 5.9.136.6:6800/3897 <== osd.5 5.9.155.119:6800/10455 1 ==== mgropen(osd.5) v2 ==== 10+0+0 (3547005304 0 0) 0x562658dade40 con 0x5626591af000 -224>
2017-09-11 21:37:16.497234 7f641e782700 2 -- 5.9.136.6:6800/3897 >> 148.251.232.162:0/782115190 conn(0x562659126000 :6800 s=STATE_ACCEPTING_WAIT_SEQ pgs=453 cs=1 l=1)._process_connection accept get newly_acked_seq 0 -223>
2017-09-11 21:37:16.497246 7f6417f75700 4 mgr.server handle_open from 0x5626591af000 osd,5 -222>
2017-09-11 21:37:16.497248 7f6417f75700 1 -- 5.9.136.6:6800/3897 --> 5.9.155.119:6800/10455 -- mgrconfigure() v1 -- 0x562659010400 con 0 -221>
2017-09-11 21:37:16.497254 7f641f784700 2 -- 5.9.136.6:6800/3897 >> 148.251.90.134:0/1479146672 conn(0x562659e8b000 :6800 s=STATE_ACCEPTING_WAIT_SEQ pgs=1532 cs=1 l=1).handle_connect_msg accept write reply msg done -220>
2017-09-11 21:37:16.497258 7f6417f75700 1 -- 5.9.136.6:6800/3897 <== osd.34 144.76.74.197:6800/28714 1 ==== mgropen(osd.34) v2 ==== 11+0+0 (3305604340 0 0) 0x562658dae100 con 0x5626591b0800 -219>
2017-09-11 21:37:16.497283 7f6417f75700 4 mgr.server handle_open from 0x5626591b0800 osd,34 -218>
2017-09-11 21:37:16.497281 7f641f784700 2 -- 5.9.136.6:6800/3897 >> 148.251.187.101:0/4148930979 conn(0x562659110000 :6800 s=STATE_ACCEPTING_WAIT_SEQ pgs=8527 cs=1 l=1)._process_connection accept get newly_acked_seq 0 -217>
2017-09-11 21:37:16.497285 7f6417f75700 1 -- 5.9.136.6:6800/3897 --> 144.76.74.197:6800/28714 -- mgrconfigure() v1 -- 0x562659010200 con 0 -216>
2017-09-11 21:37:16.497305 7f641f784700 2 -- 5.9.136.6:6800/3897 >> 148.251.187.101:6800/22211 conn(0x5626591ad800 :6800 s=STATE_ACCEPTING_WAIT_SEQ pgs=750 cs=1 l=1)._process_connection accept get newly_acked_seq 0 -215>
2017-09-11 21:37:16.497333 7f641f784700 5 -- 5.9.136.6:6800/3897 >> 148.251.187.101:6800/22211 conn(0x5626591ad800 :6800 s=STATE_OPEN_MESSAGE_READ_FOOTER_AND_DISPATCH pgs=750 cs=1 l=1). rx osd.46 seq 1 0x562658dae3c0 mgropen(osd.46) v2 -214>
2017-09-11 21:37:16.497350 7f641e782700 2 -- 5.9.136.6:6800/3897 >> 148.251.232.162:0/233776902 conn(0x56265903d800 :6800 s=STATE_ACCEPTING_WAIT_SEQ pgs=130 cs=1 l=1).handle_connect_msg accept write reply msg done -213>
2017-09-11 21:37:16.497359 7f6417f75700 1 -- 5.9.136.6:6800/3897 <== osd.46 148.251.187.101:6800/22211 1 ==== mgropen(osd.46) v2 ==== 11+0+0 (57578686 0 0) 0x562658dae3c0 con 0x5626591ad800 -212>
2017-09-11 21:37:16.497367 7f6417f75700 4 mgr.server handle_open from 0x5626591ad800 osd,46 -211>
2017-09-11 21:37:16.497224 7f641ef83700 2 -- 5.9.136.6:6800/3897 >> 148.251.187.101:6812/22141 conn(0x56265913c000 :6800 s=STATE_ACCEPTING_WAIT_SEQ pgs=730 cs=1 l=1)._process_connection accept get newly_acked_seq 0 -210>
2017-09-11 21:37:16.497368 7f6417f75700 1 -- 5.9.136.6:6800/3897 --> 148.251.187.101:6800/22211 -- mgrconfigure() v1 -- 0x562659443600 con 0 -209>
2017-09-11 21:37:16.497397 7f641f784700 2 -- 5.9.136.6:6800/3897 >> 148.251.187.101:0/576585035 conn(0x562659114800 :6800 s=STATE_ACCEPTING_WAIT_SEQ pgs=451 cs=1 l=1)._process_connection accept get newly_acked_seq 0 -208>
2017-09-11 21:37:16.497413 7f641ef83700 5 -- 5.9.136.6:6800/3897 >> 148.251.187.101:6812/22141 conn(0x56265913c000 :6800 s=STATE_OPEN_MESSAGE_READ_FOOTER_AND_DISPATCH pgs=730 cs=1 l=1). rx osd.44 seq 1 0x562658dacdc0 mgropen(osd.44) v2 -207>
2017-09-11 21:37:16.497439 7f641ef83700 2 -- 5.9.136.6:6800/3897 >> 148.251.233.242:0/1174075617 conn(0x562659140800 :6800 s=STATE_ACCEPTING_WAIT_SEQ pgs=15103 cs=1 l=1)._process_connection accept get newly_acked_seq 0 -206>
2017-09-11 21:37:16.497449 7f6417f75700 1 -- 5.9.136.6:6800/3897 <== osd.44 148.251.187.101:6812/22141 1 ==== mgropen(osd.44) v2 ==== 11+0+0 (3638703229 0 0) 0x562658dacdc0 con 0x56265913c000 -205>
2017-09-11 21:37:16.497461 7f6417f75700 4 mgr.server handle_open from 0x56265913c000 osd,44 -204>
2017-09-11 21:37:16.497459 7f641e782700 2 -- 5.9.136.6:6800/3897 >> 136.243.22.99:6804/23826 conn(0x562659046800 :6800 s=STATE_ACCEPTING_WAIT_SEQ pgs=738 cs=1 l=1).handle_connect_msg accept write reply msg done -203>
2017-09-11 21:37:16.497469 7f6417f75700 1 -- 5.9.136.6:6800/3897 --> 148.251.187.101:6812/22141 -- mgrconfigure() v1 -- 0x562659443800 con 0 -202>
2017-09-11 21:37:16.497516 7f641f784700 2 -- 5.9.136.6:6800/3897 >> 136.243.22.99:6812/23851 conn(0x562659054000 :6800 s=STATE_ACCEPTING_WAIT_SEQ pgs=725 cs=1 l=1).handle_connect_msg accept write reply msg done -201>
2017-09-11 21:37:16.497557 7f641e782700 2 -- 5.9.136.6:6800/3897 >> 136.243.22.99:0/1996515406 conn(0x562659057000 :6800 s=STATE_ACCEPTING_WAIT_SEQ pgs=120 cs=1 l=1).handle_connect_msg accept write reply msg done -200>
2017-09-11 21:37:16.497577 7f641ef83700 2 -- 5.9.136.6:6800/3897 >> 136.243.138.74:6803/18898 conn(0x562659040800 :6800 s=STATE_ACCEPTING_WAIT_SEQ pgs=652 cs=1 l=1).handle_connect_msg accept write reply msg done -199>
2017-09-11 21:37:16.497621 7f641f784700 2 -- 5.9.136.6:6800/3897 >> 136.243.22.99:6808/23834 conn(0x56265903f000 :6800 s=STATE_ACCEPTING_WAIT_SEQ pgs=1312 cs=1 l=1).handle_connect_msg accept write reply msg done -198>
2017-09-11 21:37:16.497653 7f641e782700 2 -- 5.9.136.6:6800/3897 >> 148.251.187.101:0/2611182225 conn(0x56265907c800 :6800 s=STATE_ACCEPTING_WAIT_SEQ pgs=123 cs=1 l=1).handle_connect_msg accept write reply msg done -197>
2017-09-11 21:37:16.497674 7f641e782700 2 -- 5.9.136.6:6800/3897 >> 148.251.232.162:6805/26905 conn(0x562659129000 :6800 s=STATE_ACCEPTING_WAIT_SEQ pgs=766 cs=1 l=1)._process_connection accept get newly_acked_seq 0 -196>
2017-09-11 21:37:16.497702 7f641e782700 5 -- 5.9.136.6:6800/3897 >> 148.251.232.162:6805/26905 conn(0x562659129000 :6800 s=STATE_OPEN_MESSAGE_READ_FOOTER_AND_DISPATCH pgs=766 cs=1 l=1). rx osd.36 seq 1 0x562658dad600 mgropen(osd.36) v2 -195>
2017-09-11 21:37:16.497708 7f641ef83700 2 -- 5.9.136.6:6800/3897 >> 136.243.22.99:0/1283546162 conn(0x56265903c000 :6800 s=STATE_ACCEPTING_WAIT_SEQ pgs=450 cs=1 l=1).handle_connect_msg accept write reply msg done -194>
2017-09-11 21:37:16.497720 7f6417f75700 1 -- 5.9.136.6:6800/3897 <== osd.36 148.251.232.162:6805/26905 1 ==== mgropen(osd.36) v2 ==== 11+0+0 (512435255 0 0) 0x562658dad600 con 0x562659129000 -193>
2017-09-11 21:37:16.497728 7f641e782700 2 -- 5.9.136.6:6800/3897 >> 5.9.155.119:6802/10407 conn(0x56265913d800 :6800 s=STATE_ACCEPTING_WAIT_SEQ pgs=712 cs=1 l=1)._process_connection accept get newly_acked_seq 0 -192>
2017-09-11 21:37:16.497736 7f6417f75700 4 mgr.server handle_open from 0x562659129000 osd,36 -191>
2017-09-11 21:37:16.497731 7f641f784700 2 -- 5.9.136.6:6800/3897 >> 136.243.22.99:0/167843798 conn(0x5626590ce800 :6800 s=STATE_ACCEPTING_WAIT_SEQ pgs=15251 cs=1 l=1).handle_connect_msg accept write reply msg done -190>
2017-09-11 21:37:16.497738 7f6417f75700 1 -- 5.9.136.6:6800/3897 --> 148.251.232.162:6805/26905 -- mgrconfigure() v1 -- 0x562659443c00 con 0 -189>
2017-09-11 21:37:16.497745 7f641ef83700 2 -- 5.9.136.6:6800/3897 >> 148.251.82.190:6802/22818 conn(0x562659e73800 :6800 s=STATE_ACCEPTING_WAIT_SEQ pgs=709 cs=1 l=1)._process_connection accept get newly_acked_seq 0 -188>
2017-09-11 21:37:16.497751 7f641e782700 5 -- 5.9.136.6:6800/3897 >> 5.9.155.119:6802/10407 conn(0x56265913d800 :6800 s=STATE_OPEN_MESSAGE_READ_FOOTER_AND_DISPATCH pgs=712 cs=1 l=1). rx osd.6 seq 1 0x562658dad340 mgropen(osd.6) v2 -187>
2017-09-11 21:37:16.497755 7f641f784700 2 -- 5.9.136.6:6800/3897 >> 148.251.90.218:0/4112579770 conn(0x56265913f000 :6800 s=STATE_ACCEPTING_WAIT_SEQ pgs=121 cs=1 l=1)._process_connection accept get newly_acked_seq 0 -186>
2017-09-11 21:37:16.497769 7f6417f75700 1 -- 5.9.136.6:6800/3897 <== osd.6 5.9.155.119:6802/10407 1 ==== mgropen(osd.6) v2 ==== 10+0+0 (3889679010 0 0) 0x562658dad340 con 0x56265913d800 -185>
2017-09-11 21:37:16.497774 7f641e782700 2 -- 5.9.136.6:6800/3897 >> 148.251.82.190:6800/22815 conn(0x562659e5c800 :6800 s=STATE_ACCEPTING_WAIT_SEQ pgs=738 cs=1 l=1)._process_connection accept get newly_acked_seq 0 -184>
2017-09-11 21:37:16.497780 7f6417f75700 4 mgr.server handle_open from 0x56265913d800 osd,6 -183>
2017-09-11 21:37:16.497782 7f6417f75700 1 -- 5.9.136.6:6800/3897 --> 5.9.155.119:6802/10407 -- mgrconfigure() v1 -- 0x562659010c00 con 0 -182>
2017-09-11 21:37:16.497793 7f641ef83700 5 -- 5.9.136.6:6800/3897 >> 148.251.82.190:6802/22818 conn(0x562659e73800 :6800 s=STATE_OPEN_MESSAGE_READ_FOOTER_AND_DISPATCH pgs=709 cs=1 l=1). rx osd.9 seq 1 0x562658dacb00 mgropen(osd.9) v2 -181>
2017-09-11 21:37:16.497797 7f641e782700 5 -- 5.9.136.6:6800/3897 >> 148.251.82.190:6800/22815 conn(0x562659e5c800 :6800 s=STATE_OPEN_MESSAGE_READ_FOOTER_AND_DISPATCH pgs=738 cs=1 l=1). rx osd.8 seq 1 0x562658dad080 mgropen(osd.8) v2 -180>
2017-09-11 21:37:16.497813 7f641f784700 5 -- 5.9.136.6:6800/3897 >> 148.251.90.218:0/4112579770 conn(0x56265913f000 :6800 s=STATE_OPEN_MESSAGE_READ_FOOTER_AND_DISPATCH pgs=121 cs=1 l=1). rx client.43334673 seq 1 0x562658dadb80 mgropen(rgw.docker daemon) v2 -179>
2017-09-11 21:37:16.497823 7f6417f75700 1 -- 5.9.136.6:6800/3897 <== osd.9 148.251.82.190:6802/22818 1 ==== mgropen(osd.9) v2 ==== 10+0+0 (26750480 0 0) 0x562658dacb00 con 0x562659e73800 -178>
2017-09-11 21:37:16.497834 7f6417f75700 4 mgr.server handle_open from 0x562659e73800 osd,9 -177>
2017-09-11 21:37:16.497842 7f6417f75700 1 -- 5.9.136.6:6800/3897 --> 148.251.82.190:6802/22818 -- mgrconfigure() v1 -- 0x562659010e00 con 0 -176>
2017-09-11 21:37:16.497840 7f641e782700 2 -- 5.9.136.6:6800/3897 >> 148.251.82.190:6812/22819 conn(0x562659e75000 :6800 s=STATE_ACCEPTING_WAIT_SEQ pgs=776 cs=1 l=1)._process_connection accept get newly_acked_seq 0 -175>
2017-09-11 21:37:16.497853 7f6417f75700 1 -- 5.9.136.6:6800/3897 <== osd.8 148.251.82.190:6800/22815 1 ==== mgropen(osd.8) v2 ==== 10+0+0 (4004005129 0 0) 0x562658dad080 con 0x562659e5c800 -174>
2017-09-11 21:37:16.497862 7f6417f75700 4 mgr.server handle_open from 0x562659e5c800 osd,8 -173>
2017-09-11 21:37:16.497864 7f6417f75700 1 -- 5.9.136.6:6800/3897 --> 148.251.82.190:6800/22815 -- mgrconfigure() v1 -- 0x562659011000 con 0 -172>
2017-09-11 21:37:16.497873 7f6417f75700 1 -- 5.9.136.6:6800/3897 <== client.43334673 148.251.90.218:0/4112579770 1 ==== mgropen(rgw.docker daemon) v2 ==== 768+0+0 (1920820523 0 0) 0x562658dadb80 con 0x56265913f000 -171>
2017-09-11 21:37:16.497874 7f641e782700 5 -- 5.9.136.6:6800/3897 >> 148.251.82.190:6812/22819 conn(0x562659e75000 :6800 s=STATE_OPEN_MESSAGE_READ_FOOTER_AND_DISPATCH pgs=776 cs=1 l=1). rx osd.11 seq 1 0x562658dade40 mgropen(osd.11) v2 -170>
2017-09-11 21:37:16.497881 7f6417f75700 4 mgr.server handle_open from 0x56265913f000 rgw,docker -169>
2017-09-11 21:37:16.497883 7f6417f75700 1 -- 5.9.136.6:6800/3897 --> 148.251.90.218:0/4112579770 -- mgrconfigure() v1 -- 0x562659011200 con 0 -168>
2017-09-11 21:37:16.497938 7f641ef83700 2 -- 5.9.136.6:6800/3897 >> 148.251.82.190:0/1260122837 conn(0x562659e88000 :6800 s=STATE_ACCEPTING_WAIT_SEQ pgs=129 cs=1 l=1)._process_connection accept get newly_acked_seq 0 -167>
2017-09-11 21:37:16.497951 7f641f784700 2 -- 5.9.136.6:6800/3897 >> 144.76.74.197:0/1741905483 conn(0x562659058800 :6800 s=STATE_ACCEPTING_WAIT_SEQ pgs=126 cs=1 l=1).handle_connect_msg accept write reply msg done -166>
2017-09-11 21:37:16.497968 7f641f784700 2 -- 5.9.136.6:6800/3897 >> 144.76.74.197:0/1671986914 conn(0x562659127800 :6800 s=STATE_ACCEPTING_WAIT_SEQ pgs=14973 cs=1 l=1)._process_connection accept get newly_acked_seq 0 -165>
2017-09-11 21:37:16.497979 7f6417f75700 1 -- 5.9.136.6:6800/3897 <== osd.11 148.251.82.190:6812/22819 1 ==== mgropen(osd.11) v2 ==== 11+0+0 (1220837642 0 0) 0x562658dade40 con 0x562659e75000 -164>
2017-09-11 21:37:16.497987 7f6417f75700 4 mgr.server handle_open from 0x562659e75000 osd,11 -163>
2017-09-11 21:37:16.497989 7f6417f75700 1 -- 5.9.136.6:6800/3897 --> 148.251.82.190:6812/22819 -- mgrconfigure() v1 -- 0x562659011400 con 0 -162>
2017-09-11 21:37:16.497987 7f641e782700 2 -- 5.9.136.6:6800/3897 >> 144.76.74.197:0/3873736813 conn(0x562659067800 :6800 s=STATE_ACCEPTING_WAIT_SEQ pgs=25 cs=1 l=1).handle_connect_msg accept write reply msg done -161>
2017-09-11 21:37:16.498008 7f641ef83700 5 -- 5.9.136.6:6800/3897 >> 148.251.82.190:0/1260122837 conn(0x562659e88000 :6800 s=STATE_OPEN_MESSAGE_READ_FOOTER_AND_DISPATCH pgs=129 cs=1 l=1). rx client.43334688 seq 1 0x562658dac840 mgropen(rgw.docker daemon) v2 -160>
2017-09-11 21:37:16.498036 7f6417f75700 1 -- 5.9.136.6:6800/3897 <== client.43334688 148.251.82.190:0/1260122837 1 ==== mgropen(rgw.docker daemon) v2 ==== 765+0+0 (1049079669 0 0) 0x562658dac840 con 0x562659e88000 -159>
2017-09-11 21:37:16.498047 7f6417f75700 4 mgr.server handle_open from 0x562659e88000 rgw,docker -158>
2017-09-11 21:37:16.498049 7f6417f75700 1 -- 5.9.136.6:6800/3897 --> 148.251.82.190:0/1260122837 -- mgrconfigure() v1 -- 0x562659011600 con 0 -157>
2017-09-11 21:37:16.498097 7f641f784700 2 -- 5.9.136.6:6800/3897 >> 144.76.31.34:0/2039074540 conn(0x562659069000 :6800 s=STATE_ACCEPTING_WAIT_SEQ pgs=26 cs=1 l=1).handle_connect_msg accept write reply msg done -156>
2017-09-11 21:37:16.498115 7f641f784700 2 -- 5.9.136.6:6800/3897 >> 5.9.155.119:0/1344071429 conn(0x562659e72000 :6800 s=STATE_ACCEPTING_WAIT_SEQ pgs=26 cs=1 l=1)._process_connection accept get newly_acked_seq 0 -155>
2017-09-11 21:37:16.498133 7f641f784700 2 -- 5.9.136.6:6800/3897 >> 148.251.232.162:6808/26982 conn(0x56265912a800 :6800 s=STATE_ACCEPTING_WAIT_SEQ pgs=758 cs=1 l=1)._process_connection accept get newly_acked_seq 0 -154>
2017-09-11 21:37:16.498132 7f641e782700 2 -- 5.9.136.6:6800/3897 >> 148.251.90.134:6804/2158 conn(0x562659e89800 :6800 s=STATE_ACCEPTING_WAIT_SEQ pgs=715 cs=1 l=1)._process_connection accept get newly_acked_seq 0 -153>
2017-09-11 21:37:16.498170 7f641f784700 5 -- 5.9.136.6:6800/3897 >> 148.251.232.162:6808/26982 conn(0x56265912a800 :6800 s=STATE_OPEN_MESSAGE_READ_FOOTER_AND_DISPATCH pgs=758 cs=1 l=1). rx osd.39 seq 1 0x562658dad8c0 mgropen(osd.39) v2 -152>
2017-09-11 21:37:16.498180 7f641e782700 5 -- 5.9.136.6:6800/3897 >> 148.251.90.134:6804/2158 conn(0x562659e89800 :6800 s=STATE_OPEN_MESSAGE_READ_FOOTER_AND_DISPATCH pgs=715 cs=1 l=1). rx osd.49 seq 1 0x562658dae100 mgropen(osd.49) v2 -151>
2017-09-11 21:37:16.498194 7f641f784700 2 -- 5.9.136.6:6800/3897 >> 136.243.138.74:0/1600307309 conn(0x5626590ad800 :6800 s=STATE_ACCEPTING_WAIT_SEQ pgs=15109 cs=1 l=1)._process_connection accept get newly_acked_seq 0 -150>
2017-09-11 21:37:16.498207 7f641e782700 2 -- 5.9.136.6:6800/3897 >> 148.251.90.134:0/1163482287 conn(0x5626590ac000 :6800 s=STATE_ACCEPTING_WAIT_SEQ pgs=451 cs=1 l=1)._process_connection accept get newly_acked_seq 0 -149>
2017-09-11 21:37:16.498194 7f6417f75700 1 -- 5.9.136.6:6800/3897 <== osd.39 148.251.232.162:6808/26982 1 ==== mgropen(osd.39) v2 ==== 11+0+0 (4173643909 0 0) 0x562658dad8c0 con 0x56265912a800 -148>
2017-09-11 21:37:16.498208 7f641ef83700 2 -- 5.9.136.6:6800/3897 >> 136.243.138.74:0/390508666 conn(0x562659066000 :6800 s=STATE_ACCEPTING_WAIT_SEQ pgs=447 cs=1 l=1).handle_connect_msg accept write reply msg done -147>
2017-09-11 21:37:16.498220 7f641e782700 2 -- 5.9.136.6:6800/3897 >> 136.243.22.99:6804/23826 conn(0x562659046800 :6800 s=STATE_ACCEPTING_WAIT_SEQ pgs=738 cs=1 l=1)._process_connection accept get newly_acked_seq 0 -146>
2017-09-11 21:37:16.498224 7f6417f75700 4 mgr.server handle_open from 0x56265912a800 osd,39 -145>
2017-09-11 21:37:16.498227 7f6417f75700 1 -- 5.9.136.6:6800/3897 --> 148.251.232.162:6808/26982 -- mgrconfigure() v1 -- 0x562659011800 con 0 -144>
2017-09-11 21:37:16.498242 7f6417f75700 1 -- 5.9.136.6:6800/3897 <== osd.49 148.251.90.134:6804/2158 1 ==== mgropen(osd.49) v2 ==== 11+0+0 (3844173836 0 0) 0x562658dae100 con 0x562659e89800 -143>
2017-09-11 21:37:16.498256 7f6417f75700 4 mgr.server handle_open from 0x562659e89800 osd,49 -142>
2017-09-11 21:37:16.498239 7f641ef83700 2 -- 5.9.136.6:6800/3897 >> 136.243.138.74:6802/18961 conn(0x562659e8c800 :6800 s=STATE_ACCEPTING_WAIT_SEQ pgs=650 cs=1 l=1)._process_connection accept get newly_acked_seq 0 -141>
2017-09-11 21:37:16.498258 7f6417f75700 1 -- 5.9.136.6:6800/3897 --> 148.251.90.134:6804/2158 -- mgrconfigure() v1 -- 0x562659012000 con 0 -140>
2017-09-11 21:37:16.498291 7f641ef83700 5 -- 5.9.136.6:6800/3897 >> 136.243.138.74:6802/18961 conn(0x562659e8c800 :6800 s=STATE_OPEN_MESSAGE_READ_FOOTER_AND_DISPATCH pgs=650 cs=1 l=1). rx osd.58 seq 1 0x562658dad340 mgropen(osd.58) v2 -139>
2017-09-11 21:37:16.498318 7f6417f75700 1 -- 5.9.136.6:6800/3897 <== osd.58 136.243.138.74:6802/18961 1 ==== mgropen(osd.58) v2 ==== 11+0+0 (1645361117 0 0) 0x562658dad340 con 0x562659e8c800 -138>
2017-09-11 21:37:16.498328 7f6417f75700 4 mgr.server handle_open from 0x562659e8c800 osd,58 -137>
2017-09-11 21:37:16.498330 7f6417f75700 1 -- 5.9.136.6:6800/3897 --> 136.243.138.74:6802/18961 -- mgrconfigure() v1 -- 0x562659011e00 con 0 -136>
2017-09-11 21:37:16.498349 7f641e782700 2 -- 5.9.136.6:6800/3897 >> 178.63.41.207:0/855189598 conn(0x562658fc5800 :6800 s=STATE_ACCEPTING_WAIT_SEQ pgs=127 cs=1 l=1).handle_connect_msg accept write reply msg done -135>
2017-09-11 21:37:16.498368 7f641f784700 2 -- 5.9.136.6:6800/3897 >> 178.63.41.207:6812/9970 conn(0x562659082000 :6800 s=STATE_ACCEPTING_WAIT_SEQ pgs=604 cs=1 l=1).handle_connect_msg accept write reply msg done -134>
2017-09-11 21:37:16.498443 7f641ef83700 2 -- 5.9.136.6:6800/3897 >> 136.243.138.74:6800/18886 conn(0x562659055800 :6800 s=STATE_ACCEPTING_WAIT_SEQ pgs=778 cs=1 l=1).handle_connect_msg accept write reply msg done -133>
2017-09-11 21:37:16.498457 7f641e782700 2 -- 5.9.136.6:6800/3897 >> 178.63.41.207:0/1223766502 conn(0x562659085000 :6800 s=STATE_ACCEPTING_WAIT_SEQ pgs=15105 cs=1 l=1).handle_connect_msg accept write reply msg done -132>
2017-09-11 21:37:16.498477 7f641e782700 2 -- 5.9.136.6:6800/3897 >> 148.251.232.162:0/233776902 conn(0x56265903d800 :6800 s=STATE_ACCEPTING_WAIT_SEQ pgs=130 cs=1 l=1)._process_connection accept get newly_acked_seq 0 -131>
2017-09-11 21:37:16.498489 7f641f784700 2 -- 5.9.136.6:6800/3897 >> 178.63.41.207:6804/9894 conn(0x562659086800 :6800 s=STATE_ACCEPTING_WAIT_SEQ pgs=981 cs=1 l=1).handle_connect_msg accept write reply msg done -130>
2017-09-11 21:37:16.498514 7f641e782700 5 -- 5.9.136.6:6800/3897 >> 148.251.232.162:0/233776902 conn(0x56265903d800 :6800 s=STATE_OPEN_MESSAGE_READ_FOOTER_AND_DISPATCH pgs=130 cs=1 l=1). rx client.43334727 seq 1 0x562658dae3c0 mgropen(rgw.docker daemon) v2 -129>
2017-09-11 21:37:16.498534 7f641e782700 2 -- 5.9.136.6:6800/3897 >> 136.243.22.99:0/1996515406 conn(0x562659057000 :6800 s=STATE_ACCEPTING_WAIT_SEQ pgs=120 cs=1 l=1)._process_connection accept get newly_acked_seq 0 -128>
2017-09-11 21:37:16.498533 7f6417f75700 1 -- 5.9.136.6:6800/3897 <== client.43334727 148.251.232.162:0/233776902 1 ==== mgropen(rgw.docker daemon) v2 ==== 751+0+0 (1818477284 0 0) 0x562658dae3c0 con 0x56265903d800 -127>
2017-09-11 21:37:16.498552 7f6417f75700 4 mgr.server handle_open from 0x56265903d800 rgw,docker -126>
2017-09-11 21:37:16.498554 7f6417f75700 1 -- 5.9.136.6:6800/3897 --> 148.251.232.162:0/233776902 -- mgrconfigure() v1 -- 0x562659010400 con 0 -125>
2017-09-11 21:37:16.498580 7f641e782700 5 -- 5.9.136.6:6800/3897 >> 136.243.22.99:0/1996515406 conn(0x562659057000 :6800 s=STATE_OPEN_MESSAGE_READ_FOOTER_AND_DISPATCH pgs=120 cs=1 l=1). rx client.43334715 seq 1 0x562658dacdc0 mgropen(rgw.docker daemon) v2 -124>
2017-09-11 21:37:16.498589 7f641ef83700 2 -- 5.9.136.6:6800/3897 >> 136.243.138.74:0/1133764098 conn(0x56265906a800 :6800 s=STATE_ACCEPTING_WAIT_SEQ pgs=120 cs=1 l=1).handle_connect_msg accept write reply msg done -123>
2017-09-11 21:37:16.498609 7f6417f75700 1 -- 5.9.136.6:6800/3897 <== client.43334715 136.243.22.99:0/1996515406 1 ==== mgropen(rgw.docker daemon) v2 ==== 765+0+0 (3930906952 0 0) 0x562658dacdc0 con 0x562659057000 -122>
2017-09-11 21:37:16.498620 7f6417f75700 4 mgr.server handle_open from 0x562659057000 rgw,docker -121>
2017-09-11 21:37:16.498622 7f6417f75700 1 -- 5.9.136.6:6800/3897 --> 136.243.22.99:0/1996515406 -- mgrconfigure() v1 -- 0x562659010200 con 0 -120>
2017-09-11 21:37:16.498634 7f641f784700 2 -- 5.9.136.6:6800/3897 >> 178.63.41.207:0/2137521520 conn(0x562658fc7000 :6800 s=STATE_ACCEPTING_WAIT_SEQ pgs=26 cs=1 l=1).handle_connect_msg accept write reply msg done -119>
2017-09-11 21:37:16.498663 7f641e782700 2 -- 5.9.136.6:6800/3897 >> 148.251.187.101:0/2611182225 conn(0x56265907c800 :6800 s=STATE_ACCEPTING_WAIT_SEQ pgs=123 cs=1 l=1)._process_connection accept get newly_acked_seq 0 -118>
2017-09-11 21:37:16.498701 7f641e782700 5 -- 5.9.136.6:6800/3897 >> 148.251.187.101:0/2611182225 conn(0x56265907c800 :6800 s=STATE_OPEN_MESSAGE_READ_FOOTER_AND_DISPATCH pgs=123 cs=1 l=1). rx client.43334712 seq 1 0x562658dad600 mgropen(rgw.docker daemon) v2 -117>
2017-09-11 21:37:16.498720 7f6417f75700 1 -- 5.9.136.6:6800/3897 <== client.43334712 148.251.187.101:0/2611182225 1 ==== mgropen(rgw.docker daemon) v2 ==== 765+0+0 (3235046646 0 0) 0x562658dad600 con 0x56265907c800 -116>
2017-09-11 21:37:16.498731 7f6417f75700 4 mgr.server handle_open from 0x56265907c800 rgw,docker -115>
2017-09-11 21:37:16.498724 7f641ef83700 2 -- 5.9.136.6:6800/3897 >> 136.243.138.74:0/1946054393 conn(0x562658fc8800 :6800 s=STATE_ACCEPTING_WAIT_SEQ pgs=26 cs=1 l=1).handle_connect_msg accept write reply msg done -114>
2017-09-11 21:37:16.498733 7f6417f75700 1 -- 5.9.136.6:6800/3897 --> 148.251.187.101:0/2611182225 -- mgrconfigure() v1 -- 0x562659443800 con 0 -113>
2017-09-11 21:37:16.498732 7f641f784700 2 -- 5.9.136.6:6800/3897 >> 148.251.82.190:6808/22831 conn(0x562659e76800 :6800 s=STATE_ACCEPTING_WAIT_SEQ pgs=623 cs=1 l=1)._process_connection accept get newly_acked_seq 0 -112>
2017-09-11 21:37:16.498765 7f641f784700 5 -- 5.9.136.6:6800/3897 >> 148.251.82.190:6808/22831 conn(0x562659e76800 :6800 s=STATE_OPEN_MESSAGE_READ_FOOTER_AND_DISPATCH pgs=623 cs=1 l=1). rx osd.10 seq 1 0x562658dade40 mgropen(osd.10) v2 -111>
2017-09-11 21:37:16.498774 7f641e782700 5 -- 5.9.136.6:6800/3897 >> 136.243.22.99:6804/23826 conn(0x562659046800 :6800 s=STATE_OPEN_MESSAGE_READ_FOOTER_AND_DISPATCH pgs=738 cs=1 l=1). rx osd.63 seq 1 0x5626588e7c80 mgropen(osd.63) v2 -110>
2017-09-11 21:37:16.498791 7f641f784700 2 -- 5.9.136.6:6800/3897 >> 136.243.22.99:6812/23851 conn(0x562659054000 :6800 s=STATE_ACCEPTING_WAIT_SEQ pgs=725 cs=1 l=1)._process_connection accept get newly_acked_seq 0 -109>
2017-09-11 21:37:16.498814 7f6417f75700 1 -- 5.9.136.6:6800/3897 <== osd.10 148.251.82.190:6808/22831 1 ==== mgropen(osd.10) v2 ==== 11+0+0 (2817845779 0 0) 0x562658dade40 con 0x562659e76800 -108>
2017-09-11 21:37:16.498827 7f6417f75700 4 mgr.server handle_open from 0x562659e76800 osd,10 -107>
2017-09-11 21:37:16.498824 7f641f784700 5 -- 5.9.136.6:6800/3897 >> 136.243.22.99:6812/23851 conn(0x562659054000 :6800 s=STATE_OPEN_MESSAGE_READ_FOOTER_AND_DISPATCH pgs=725 cs=1 l=1). rx osd.60 seq 1 0x562658dac840 mgropen(osd.60) v2 -106>
2017-09-11 21:37:16.498829 7f6417f75700 1 -- 5.9.136.6:6800/3897 --> 148.251.82.190:6808/22831 -- mgrconfigure() v1 -- 0x562659443a00 con 0 -105>
2017-09-11 21:37:16.498844 7f6417f75700 1 -- 5.9.136.6:6800/3897 <== osd.63 136.243.22.99:6804/23826 1 ==== mgropen(osd.63) v2 ==== 11+0+0 (2393739584 0 0) 0x5626588e7c80 con 0x562659046800 -104>
2017-09-11 21:37:16.498853 7f6417f75700 4 mgr.server handle_open from 0x562659046800 osd,63 -103>
2017-09-11 21:37:16.498854 7f6417f75700 1 -- 5.9.136.6:6800/3897 --> 136.243.22.99:6804/23826 -- mgrconfigure() v1 -- 0x562659443e00 con 0 -102>
2017-09-11 21:37:16.498850 7f641f784700 2 -- 5.9.136.6:6800/3897 >> 136.243.22.99:6808/23834 conn(0x56265903f000 :6800 s=STATE_ACCEPTING_WAIT_SEQ pgs=1312 cs=1 l=1)._process_connection accept get newly_acked_seq 0 -101>
2017-09-11 21:37:16.498852 7f641e782700 2 -- 5.9.136.6:6800/3897 >> 178.63.41.207:0/855189598 conn(0x562658fc5800 :6800 s=STATE_ACCEPTING_WAIT_SEQ pgs=127 cs=1 l=1)._process_connection accept get newly_acked_seq 0 -100>
2017-09-11 21:37:16.498869 7f6417f75700 1 -- 5.9.136.6:6800/3897 <== osd.60 136.243.22.99:6812/23851 1 ==== mgropen(osd.60) v2 ==== 11+0+0 (3121699482 0 0) 0x562658dac840 con 0x562659054000 -99>
2017-09-11 21:37:16.498875 7f6417f75700 4 mgr.server handle_open from 0x562659054000 osd,60 -98>
2017-09-11 21:37:16.498877 7f6417f75700 1 -- 5.9.136.6:6800/3897 --> 136.243.22.99:6812/23851 -- mgrconfigure() v1 -- 0x562659443c00 con 0 -97>
2017-09-11 21:37:16.498874 7f641ef83700 2 -- 5.9.136.6:6800/3897 >> 178.63.41.207:0/2292775580 conn(0x562658fc4000 :6800 s=STATE_ACCEPTING_WAIT_SEQ pgs=449 cs=1 l=1).handle_connect_msg accept write reply msg done -96>
2017-09-11 21:37:16.498896 7f641f784700 5 -- 5.9.136.6:6800/3897 >> 136.243.22.99:6808/23834 conn(0x56265903f000 :6800 s=STATE_OPEN_MESSAGE_READ_FOOTER_AND_DISPATCH pgs=1312 cs=1 l=1). rx osd.62 seq 1 0x562658dac580 mgropen(osd.62) v2 -95>
2017-09-11 21:37:16.498903 7f641e782700 5 -- 5.9.136.6:6800/3897 >> 178.63.41.207:0/855189598 conn(0x562658fc5800 :6800 s=STATE_OPEN_MESSAGE_READ_FOOTER_AND_DISPATCH pgs=127 cs=1 l=1). rx client.43334691 seq 1 0x5626588e79c0 mgropen(rgw.docker daemon) v2 -94>
2017-09-11 21:37:16.498931 7f641f784700 2 -- 5.9.136.6:6800/3897 >> 148.251.90.134:0/1479146672 conn(0x562659e8b000 :6800 s=STATE_ACCEPTING_WAIT_SEQ pgs=1532 cs=1 l=1)._process_connection accept get newly_acked_seq 0 -93>
2017-09-11 21:37:16.498930 7f6417f75700 1 -- 5.9.136.6:6800/3897 <== osd.62 136.243.22.99:6808/23834 1 ==== mgropen(osd.62) v2 ==== 11+0+0 (1637743193 0 0) 0x562658dac580 con 0x56265903f000 -92>
2017-09-11 21:37:16.498955 7f6417f75700 4 mgr.server handle_open from 0x56265903f000 osd,62 -91>
2017-09-11 21:37:16.498954 7f641f784700 2 -- 5.9.136.6:6800/3897 >> 144.76.74.197:0/1741905483 conn(0x562659058800 :6800 s=STATE_ACCEPTING_WAIT_SEQ pgs=126 cs=1 l=1)._process_connection accept get newly_acked_seq 0 -90>
2017-09-11 21:37:16.498960 7f6417f75700 1 -- 5.9.136.6:6800/3897 --> 136.243.22.99:6808/23834 -- mgrconfigure() v1 -- 0x562659010a00 con 0 -89>
2017-09-11 21:37:16.498971 7f6417f75700 1 -- 5.9.136.6:6800/3897 <== client.43334691 178.63.41.207:0/855189598 1 ==== mgropen(rgw.docker daemon) v2 ==== 765+0+0 (1983064199 0 0) 0x5626588e79c0 con 0x562658fc5800 -88>
2017-09-11 21:37:16.498980 7f6417f75700 4 mgr.server handle_open from 0x562658fc5800 rgw,docker -87>
2017-09-11 21:37:16.498976 7f641e782700 2 -- 5.9.136.6:6800/3897 >> 178.63.41.207:0/1223766502 conn(0x562659085000 :6800 s=STATE_ACCEPTING_WAIT_SEQ pgs=15105 cs=1 l=1)._process_connection accept get newly_acked_seq 0 -86>
2017-09-11 21:37:16.498981 7f6417f75700 1 -- 5.9.136.6:6800/3897 --> 178.63.41.207:0/855189598 -- mgrconfigure() v1 -- 0x562659010600 con 0 -85>
2017-09-11 21:37:16.498985 7f641f784700 5 -- 5.9.136.6:6800/3897 >> 144.76.74.197:0/1741905483 conn(0x562659058800 :6800 s=STATE_OPEN_MESSAGE_READ_FOOTER_AND_DISPATCH pgs=126 cs=1 l=1). rx client.43334697 seq 1 0x562658dac2c0 mgropen(rgw.docker daemon) v2 -84>
2017-09-11 21:37:16.499004 7f6417f75700 1 -- 5.9.136.6:6800/3897 <== client.43334697 144.76.74.197:0/1741905483 1 ==== mgropen(rgw.docker daemon) v2 ==== 751+0+0 (2735810731 0 0) 0x562658dac2c0 con 0x562659058800 -83>
2017-09-11 21:37:16.499013 7f6417f75700 4 mgr.server handle_open from 0x562659058800 rgw,docker -82>
2017-09-11 21:37:16.499015 7f6417f75700 1 -- 5.9.136.6:6800/3897 --> 144.76.74.197:0/1741905483 -- mgrconfigure() v1 -- 0x562659011200 con 0 -81>
2017-09-11 21:37:16.499014 7f641f784700 2 -- 5.9.136.6:6800/3897 >> 136.243.22.99:0/167843798 conn(0x5626590ce800 :6800 s=STATE_ACCEPTING_WAIT_SEQ pgs=15251 cs=1 l=1)._process_connection accept get newly_acked_seq 0 -80>
2017-09-11 21:37:16.499035 7f641ef83700 2 -- 5.9.136.6:6800/3897 >> 178.63.41.207:6801/9949 conn(0x562659083800 :6800 s=STATE_ACCEPTING_WAIT_SEQ pgs=656 cs=1 l=1).handle_connect_msg accept write reply msg done -79>
2017-09-11 21:37:16.499064 7f641ef83700 2 -- 5.9.136.6:6800/3897 >> 148.251.90.134:6812/2193 conn(0x5626590af000 :6800 s=STATE_ACCEPTING_WAIT_SEQ pgs=641 cs=1 l=1)._process_connection accept get newly_acked_seq 0 -78>
2017-09-11 21:37:16.499101 7f641ef83700 5 -- 5.9.136.6:6800/3897 >> 148.251.90.134:6812/2193 conn(0x5626590af000 :6800 s=STATE_OPEN_MESSAGE_READ_FOOTER_AND_DISPATCH pgs=641 cs=1 l=1). rx osd.48 seq 1 0x562658dacb00 mgropen(osd.48) v2 -77>
2017-09-11 21:37:16.499110 7f641f784700 2 -- 5.9.136.6:6800/3897 >> 178.63.41.207:6812/9970 conn(0x562659082000 :6800 s=STATE_ACCEPTING_WAIT_SEQ pgs=604 cs=1 l=1)._process_connection accept get newly_acked_seq 0 -76>
2017-09-11 21:37:16.499123 7f6417f75700 1 -- 5.9.136.6:6800/3897 <== osd.48 148.251.90.134:6812/2193 1 ==== mgropen(osd.48) v2 ==== 11+0+0 (168893205 0 0) 0x562658dacb00 con 0x5626590af000 -75>
2017-09-11 21:37:16.499133 7f6417f75700 4 mgr.server handle_open from 0x5626590af000 osd,48 -74>
2017-09-11 21:37:16.499135 7f6417f75700 1 -- 5.9.136.6:6800/3897 --> 148.251.90.134:6812/2193 -- mgrconfigure() v1 -- 0x562659012200 con 0 -73>
2017-09-11 21:37:16.499137 7f641f784700 5 -- 5.9.136.6:6800/3897 >> 178.63.41.207:6812/9970 conn(0x562659082000 :6800 s=STATE_OPEN_MESSAGE_READ_FOOTER_AND_DISPATCH pgs=604 cs=1 l=1). rx osd.52 seq 1 0x562658dad8c0 mgropen(osd.52) v2 -72>
2017-09-11 21:37:16.499156 7f6417f75700 1 -- 5.9.136.6:6800/3897 <== osd.52 178.63.41.207:6812/9970 1 ==== mgropen(osd.52) v2 ==== 11+0+0 (3650653953 0 0) 0x562658dad8c0 con 0x562659082000 -71>
2017-09-11 21:37:16.499158 7f641f784700 2 -- 5.9.136.6:6800/3897 >> 144.76.31.34:0/2039074540 conn(0x562659069000 :6800 s=STATE_ACCEPTING_WAIT_SEQ pgs=26 cs=1 l=1)._process_connection accept get newly_acked_seq 0 -70>
2017-09-11 21:37:16.499165 7f6417f75700 4 mgr.server handle_open from 0x562659082000 osd,52 -69>
2017-09-11 21:37:16.499167 7f6417f75700 1 -- 5.9.136.6:6800/3897 --> 178.63.41.207:6812/9970 -- mgrconfigure() v1 -- 0x562659012400 con 0 -68>
2017-09-11 21:37:16.499185 7f641f784700 2 -- 5.9.136.6:6800/3897 >> 178.63.41.207:6804/9894 conn(0x562659086800 :6800 s=STATE_ACCEPTING_WAIT_SEQ pgs=981 cs=1 l=1)._process_connection accept get newly_acked_seq 0 -67>
2017-09-11 21:37:16.499190 7f641e782700 2 -- 5.9.136.6:6800/3897 >> 144.76.74.197:0/3873736813 conn(0x562659067800 :6800 s=STATE_ACCEPTING_WAIT_SEQ pgs=25 cs=1 l=1)._process_connection accept get newly_acked_seq 0 -66>
2017-09-11 21:37:16.499211 7f641f784700 5 -- 5.9.136.6:6800/3897 >> 178.63.41.207:6804/9894 conn(0x562659086800 :6800 s=STATE_OPEN_MESSAGE_READ_FOOTER_AND_DISPATCH pgs=981 cs=1 l=1). rx osd.55 seq 1 0x562658dae100 mgropen(osd.55) v2 -65>
2017-09-11 21:37:16.499229 7f6417f75700 1 -- 5.9.136.6:6800/3897 <== osd.55 178.63.41.207:6804/9894 1 ==== mgropen(osd.55) v2 ==== 11+0+0 (1607562156 0 0) 0x562658dae100 con 0x562659086800 -64>
2017-09-11 21:37:16.499239 7f6417f75700 4 mgr.server handle_open from 0x562659086800 osd,55 -63>
2017-09-11 21:37:16.499241 7f6417f75700 1 -- 5.9.136.6:6800/3897 --> 178.63.41.207:6804/9894 -- mgrconfigure() v1 -- 0x562659012600 con 0 -62>
2017-09-11 21:37:16.499389 7f641e782700 5 -- 5.9.136.6:6800/3897 >> 94.130.11.185:6809/6865 conn(0x56265919d000 :6800 s=STATE_OPEN_MESSAGE_READ_FOOTER_AND_DISPATCH pgs=1013 cs=1 l=1). rx osd.18 seq 2 0x5626591fb000 mgrreport(osd.18 +428-0 packed 4966) v4 -61>
2017-09-11 21:37:16.499425 7f641f784700 2 -- 5.9.136.6:6800/3897 >> 178.63.41.207:0/2137521520 conn(0x562658fc7000 :6800 s=STATE_ACCEPTING_WAIT_SEQ pgs=26 cs=1 l=1)._process_connection accept get newly_acked_seq 0 -60>
2017-09-11 21:37:16.499444 7f641ef83700 5 -- 5.9.136.6:6800/3897 >> 94.130.11.185:6817/6902 conn(0x56265918d800 :6800 s=STATE_OPEN_MESSAGE_READ_FOOTER_AND_DISPATCH pgs=816 cs=1 l=1). rx osd.21 seq 2 0x5626591fb900 mgrreport(osd.21 +428-0 packed 4966) v4 -59>
2017-09-11 21:37:16.499478 7f641ef83700 2 -- 5.9.136.6:6800/3897 >> 136.243.22.99:0/1283546162 conn(0x56265903c000 :6800 s=STATE_ACCEPTING_WAIT_SEQ pgs=450 cs=1 l=1)._process_connection accept get newly_acked_seq 0 -58>
2017-09-11 21:37:16.499444 7f6417f75700 1 -- 5.9.136.6:6800/3897 <== osd.18 94.130.11.185:6809/6865 2 ==== mgrreport(osd.18 +428-0 packed 4966) v4 ==== 37114+0+0 (3463278550 0 0) 0x5626591fb000 con 0x56265919d000 -57>
2017-09-11 21:37:16.499508 7f6417f75700 4 mgr.server handle_report from 0x56265919d000 osd,18 -56>
2017-09-11 21:37:16.499510 7f641ef83700 2 -- 5.9.136.6:6800/3897 >> 136.243.138.74:6803/18898 conn(0x562659040800 :6800 s=STATE_ACCEPTING_WAIT_SEQ pgs=652 cs=1 l=1)._process_connection accept get newly_acked_seq 0 -55>
2017-09-11 21:37:16.499549 7f641ef83700 5 -- 5.9.136.6:6800/3897 >> 136.243.138.74:6803/18898 conn(0x562659040800 :6800 s=STATE_OPEN_MESSAGE_READ_FOOTER_AND_DISPATCH pgs=652 cs=1 l=1). rx osd.59 seq 1 0x562658dad080 mgropen(osd.59) v2 -54>
2017-09-11 21:37:16.499570 7f641ef83700 2 -- 5.9.136.6:6800/3897 >> 136.243.138.74:0/390508666 conn(0x562659066000 :6800 s=STATE_ACCEPTING_WAIT_SEQ pgs=447 cs=1 l=1)._process_connection accept get newly_acked_seq 0 -53>
2017-09-11 21:37:16.499600 7f641ef83700 2 -- 5.9.136.6:6800/3897 >> 136.243.138.74:6800/18886 conn(0x562659055800 :6800 s=STATE_ACCEPTING_WAIT_SEQ pgs=778 cs=1 l=1)._process_connection accept get newly_acked_seq 0 -52>
2017-09-11 21:37:16.499599 7f641e782700 5 -- 5.9.136.6:6800/3897 >> 94.130.11.185:6800/6964 conn(0x5626591ac000 :6800 s=STATE_OPEN_MESSAGE_READ_FOOTER_AND_DISPATCH pgs=912 cs=1 l=1). rx osd.19 seq 2 0x5626591fb300 mgrreport(osd.19 +428-0 packed 4966) v4 -51>
2017-09-11 21:37:16.499645 7f641ef83700 5 -- 5.9.136.6:6800/3897 >> 136.243.138.74:6800/18886 conn(0x562659055800 :6800 s=STATE_OPEN_MESSAGE_READ_FOOTER_AND_DISPATCH pgs=778 cs=1 l=1). rx osd.57 seq 1 0x562658dadb80 mgropen(osd.57) v2 -50>
2017-09-11 21:37:16.499666 7f641ef83700 2 -- 5.9.136.6:6800/3897 >> 136.243.138.74:0/1133764098 conn(0x56265906a800 :6800 s=STATE_ACCEPTING_WAIT_SEQ pgs=120 cs=1 l=1)._process_connection accept get newly_acked_seq 0 -49>
2017-09-11 21:37:16.499708 7f641ef83700 5 -- 5.9.136.6:6800/3897 >> 136.243.138.74:0/1133764098 conn(0x56265906a800 :6800 s=STATE_OPEN_MESSAGE_READ_FOOTER_AND_DISPATCH pgs=120 cs=1 l=1). rx client.43334679 seq 1 0x562658dac840 mgropen(rgw.docker daemon) v2 -48>
2017-09-11 21:37:16.499764 7f641ef83700 2 -- 5.9.136.6:6800/3897 >> 178.63.41.207:0/2292775580 conn(0x562658fc4000 :6800 s=STATE_ACCEPTING_WAIT_SEQ pgs=449 cs=1 l=1)._process_connection accept get newly_acked_seq 0 -47>
2017-09-11 21:37:16.499788 7f641ef83700 2 -- 5.9.136.6:6800/3897 >> 136.243.138.74:0/1946054393 conn(0x562658fc8800 :6800 s=STATE_ACCEPTING_WAIT_SEQ pgs=26 cs=1 l=1)._process_connection accept get newly_acked_seq 0 -46>
2017-09-11 21:37:16.499986 7f641ef83700 2 -- 5.9.136.6:6800/3897 >> 178.63.41.207:6801/9949 conn(0x562659083800 :6800 s=STATE_ACCEPTING_WAIT_SEQ pgs=656 cs=1 l=1)._process_connection accept get newly_acked_seq 0 -45>
2017-09-11 21:37:16.500342 7f641e782700 5 -- 5.9.136.6:6800/3897 >> 94.130.11.185:6824/6934 conn(0x56265918f000 :6800 s=STATE_OPEN_MESSAGE_READ_FOOTER_AND_DISPATCH pgs=1176 cs=1 l=1). rx osd.13 seq 2 0x5626591fb600 mgrreport(osd.13 +428-0 packed 4966) v4 -44>
2017-09-11 21:37:16.500492 7f641ef83700 5 -- 5.9.136.6:6800/3897 >> 178.63.41.207:6801/9949 conn(0x562659083800 :6800 s=STATE_OPEN_MESSAGE_READ_FOOTER_AND_DISPATCH pgs=656 cs=1 l=1). rx osd.53 seq 1 0x562658dac580 mgropen(osd.53) v2 -43>
2017-09-11 21:37:16.500744 7f6417f75700 1 -- 5.9.136.6:6800/3897 <== osd.21 94.130.11.185:6817/6902 2 ==== mgrreport(osd.21 +428-0 packed 4966) v4 ==== 37114+0+0 (3948722525 0 0) 0x5626591fb900 con 0x56265918d800 -42>
2017-09-11 21:37:16.500760 7f6417f75700 4 mgr.server handle_report from 0x56265918d800 osd,21 -41>
2017-09-11 21:37:16.501151 7f641f784700 5 -- 5.9.136.6:6800/3897 >> 5.9.155.119:6801/10380 conn(0x56265919b800 :6800 s=STATE_OPEN_MESSAGE_READ_FOOTER_AND_DISPATCH pgs=623 cs=1 l=1). rx osd.7 seq 2 0x5626591fad00 mgrreport(osd.7 +428-0 packed 4966) v4 -40>
2017-09-11 21:37:16.501596 7f641f784700 5 -- 5.9.136.6:6800/3897 >> 148.251.90.218:0/4112579770 conn(0x56265913f000 :6800 s=STATE_OPEN_MESSAGE_READ_FOOTER_AND_DISPATCH pgs=121 cs=1 l=1). rx client.43334673 seq 2 0x5626591f8f00 mgrreport(rgw.docker +264-0 packed 2294 status=0) v4 -39>
2017-09-11 21:37:16.501785 7f641ef83700 1 -- 5.9.136.6:6800/3897 >> - conn(0x562658f5e800 :6800 s=STATE_ACCEPTING pgs=0 cs=0 l=0)._process_connection sd=89 - -38>
2017-09-11 21:37:16.501799 7f641f784700 1 -- 5.9.136.6:6800/3897 >> - conn(0x562658f5d000 :6800 s=STATE_ACCEPTING pgs=0 cs=0 l=0)._process_connection sd=88 - -37>
2017-09-11 21:37:16.502022 7f6417f75700 1 -- 5.9.136.6:6800/3897 <== osd.13 94.130.11.185:6824/6934 2 ==== mgrreport(osd.13 +428-0 packed 4966) v4 ==== 37114+0+0 (1439058045 0 0) 0x5626591fb600 con 0x56265918f000 -36>
2017-09-11 21:37:16.502037 7f6417f75700 4 mgr.server handle_report from 0x56265918f000 osd,13 -35>
2017-09-11 21:37:16.503105 7f641ef83700 5 -- 5.9.136.6:6800/3897 >> 148.251.187.101:6812/22141 conn(0x56265913c000 :6800 s=STATE_OPEN_MESSAGE_READ_FOOTER_AND_DISPATCH pgs=730 cs=1 l=1). rx osd.44 seq 2 0x5626591fbc00 mgrreport(osd.44 +428-0 packed 4966) v4 -34>
2017-09-11 21:37:16.503141 7f6417f75700 1 -- 5.9.136.6:6800/3897 <== osd.7 5.9.155.119:6801/10380 2 ==== mgrreport(osd.7 +428-0 packed 4966) v4 ==== 37113+0+0 (4040201732 0 0) 0x5626591fad00 con 0x56265919b800 -33>
2017-09-11 21:37:16.503151 7f6417f75700 4 mgr.server handle_report from 0x56265919b800 osd,7 -32>
2017-09-11 21:37:16.504369 7f6417f75700 1 -- 5.9.136.6:6800/3897 <== osd.19 94.130.11.185:6800/6964 2 ==== mgrreport(osd.19 +428-0 packed 4966) v4 ==== 37114+0+0 (3436253832 0 0) 0x5626591fb300 con 0x5626591ac000 -31>
2017-09-11 21:37:16.504385 7f6417f75700 4 mgr.server handle_report from 0x5626591ac000 osd,19 -30>
2017-09-11 21:37:16.505001 7f641e782700 5 -- 5.9.136.6:6800/3897 >> 148.251.233.242:6800/12517 conn(0x56265919a000 :6800 s=STATE_OPEN_MESSAGE_READ_FOOTER_AND_DISPATCH pgs=598 cs=1 l=1). rx osd.43 seq 2 0x5626591fb000 mgrreport(osd.43 +428-0 packed 4966) v4 -29>
2017-09-11 21:37:16.505259 7f641e782700 5 -- 5.9.136.6:6800/3897 >> 136.243.22.99:0/1996515406 conn(0x562659057000 :6800 s=STATE_OPEN_MESSAGE_READ_FOOTER_AND_DISPATCH pgs=120 cs=1 l=1). rx client.43334715 seq 2 0x5626591fb900 mgrreport(rgw.docker +264-0 packed 2294 status=0) v4 -28>
2017-09-11 21:37:16.505330 7f641ef83700 5 -- 5.9.136.6:6800/3897 >> 148.251.233.242:6805/12541 conn(0x56265919e800 :6800 s=STATE_OPEN_MESSAGE_READ_FOOTER_AND_DISPATCH pgs=1269 cs=1 l=1). rx osd.42 seq 2 0x562658cbc000 mgrreport(osd.42 +428-0 packed 4966) v4 -27>
2017-09-11 21:37:16.505727 7f6417f75700 1 -- 5.9.136.6:6800/3897 <== osd.44 148.251.187.101:6812/22141 2 ==== mgrreport(osd.44 +428-0 packed 4966) v4 ==== 37114+0+0 (4122584719 0 0) 0x5626591fbc00 con 0x56265913c000 -26>
2017-09-11 21:37:16.505743 7f6417f75700 4 mgr.server handle_report from 0x56265913c000 osd,44 -25>
2017-09-11 21:37:16.506058 7f641e782700 5 -- 5.9.136.6:6800/3897 >> 148.251.232.162:6805/26905 conn(0x562659129000 :6800 s=STATE_OPEN_MESSAGE_READ_FOOTER_AND_DISPATCH pgs=766 cs=1 l=1). rx osd.36 seq 2 0x5626591fb600 mgrreport(osd.36 +428-0 packed 4966) v4 -24>
2017-09-11 21:37:16.506571 7f641ef83700 5 -- 5.9.136.6:6800/3897 >> 5.9.155.119:6800/10455 conn(0x5626591af000 :6800 s=STATE_OPEN_MESSAGE_READ_FOOTER_AND_DISPATCH pgs=569 cs=1 l=1). rx osd.5 seq 2 0x562658cbc300 mgrreport(osd.5 +428-0 packed 4966) v4 -23>
