2017-05-04 10:43:15.154536 7fd1f1cea700 1 -- 10.150.0.41:0/2362030005 --> 10.106.130.211:6800/2127420840 -- client_session(request_renewcaps seq 3083) v2 -- ?+0 0x7fd2040c21c0 con 0x7fd203908600 -48>
2017-05-04 10:43:15.154946 7fd1f0ce8700 1 -- 10.150.0.41:0/2362030005 <== mds.0 10.106.130.211:6800/2127420840 176928 ==== client_session(renewcaps seq 3083) v1 ==== 28+0+0 (1485598434 0 0) 0x7fd2040c21c0 con 0x7fd203908600 -47>
2017-05-04 10:43:15.476751 7fd1f0ce8700 1 -- 10.150.0.41:0/2362030005 <== mds.0 10.106.130.211:6800/2127420840 176929 ==== client_caps(revoke ino 1 96466922 seq 3175 caps=pAsLsXs dirty=- wanted=- follows 0 size 0/0 mtime
2017-05-04 10:42:31.481817) v8 ==== 216+0+0 (1906418112 0 0) 0x7fd20449e000 con 0x7fd203908600 -46>
2017-05-04 10:43:15.476824 7fd1f0ce8700 5 client.237426 handle_cap_grant on in 1 mds.0 seq 3175 caps now pAsLsXs was pAsLsXsFs -45>
2017-05-04 10:43:15.476839 7fd1f0ce8700 1 -- 10.150.0.41:0/2362030005 --> 10.106.130.211:6800/2127420840 -- client_caps(update ino 1 96466922 seq 3175 caps=pAsLsXs dirty=- wanted=- follows 0 size 0/0 ts 1/18446744073709551615 mtime
2017-05-04 10:42:31.481817) v8 -- ?+0 0x7fd203bd2000 con 0x7fd203908600 -44>
2017-05-04 10:43:23.932530 7fd1efce6700 10 monclient: tick -43>
2017-05-04 10:43:23.932750 7fd1eece4700 2 -- 10.150.0.41:0/2362030005 >> 10.106.130.211:6789/0 pipe(0x7fd2039ac000 sd=12 :40019 s=2 pgs=27435 cs=1 l=1 c=0x7fd203908480).reader got KEEPALIVE_ACK -42>
2017-05-04 10:43:33.932626 7fd1efce6700 10 monclient: tick -41>
2017-05-04 10:43:33.932817 7fd1eece4700 2 -- 10.150.0.41:0/2362030005 >> 10.106.130.211:6789/0 pipe(0x7fd2039ac000 sd=12 :40019 s=2 pgs=27435 cs=1 l=1 c=0x7fd203908480).reader got KEEPALIVE_ACK -40>
2017-05-04 10:43:35.155777 7fd1f1cea700 1 -- 10.150.0.41:0/2362030005 --> 10.106.130.211:6800/2127420840 -- client_session(request_renewcaps seq 3084) v2 -- ?+0 0x7fd2040c2400 con 0x7fd203908600 -39>
2017-05-04 10:43:35.156181 7fd1f0ce8700 1 -- 10.150.0.41:0/2362030005 <== mds.0 10.106.130.211:6800/2127420840 176930 ==== client_session(renewcaps seq 3084) v1 ==== 28+0+0 (1901574235 0 0) 0x7fd2040c2400 con 0x7fd203908600 -38>
2017-05-04 10:43:42.379216 7fd1eb4d6700 2 -- 10.150.0.41:0/2362030005 >> 10.150.0.145:6817/718452 pipe(0x7fd210e94000 sd=127 :64907 s=2 pgs=1628 cs=1 l=1 c=0x7fd20b0e8100).reader couldn't read tag, (0) Success -37>
2017-05-04 10:43:42.379288 7fd1eb4d6700 2 -- 10.150.0.41:0/2362030005 >> 10.150.0.145:6817/718452 pipe(0x7fd210e94000 sd=127 :64907 s=2 pgs=1628 cs=1 l=1 c=0x7fd20b0e8100).fault (0) Success -36>
2017-05-04 10:43:42.379367 7fd1f0ce8700 1 client.237426.objecter ms_handle_reset on osd.13 -35>
2017-05-04 10:43:42.379397 7fd1f0ce8700 1 -- 10.150.0.41:0/2362030005 mark_down 0x7fd20b0e8100 -- pipe dne -34>
2017-05-04 10:43:43.423481 7fd1cb0f2700 3 client.237426 ll_getattr 1.head -33>
2017-05-04 10:43:43.423508 7fd1cb0f2700 1 -- 10.150.0.41:0/2362030005 --> 10.106.130.211:6800/2127420840 -- client_request(client.237426:164328 getattr pAsLsXsFs #1
2017-05-04 10:43:43.423497) v3 -- ?+0 0x7fd210e079c0 con 0x7fd203908600 -32>
2017-05-04 10:43:43.423947 7fd1f0ce8700 1 -- 10.150.0.41:0/2362030005 <== mds.0 10.106.130.211:6800/2127420840 176931 ==== client_reply(???:164328 = 0 (0) Success) v1 ==== 354+0+0 (351571811 0 0) 0x7fd210e079c0 con 0x7fd203908600 -31>
2017-05-04 10:43:43.424018 7fd1cb0f2700 3 client.237426 ll_getattr 1.head = 0 -30>
2017-05-04 10:43:43.424037 7fd1cb0f2700 3 client.237426 ll_forget 1 1 -29>
2017-05-04 10:43:43.428808 7fd1cf8fb700 10 monclient: _send_mon_message to mon.phy-10-106-130-211 at 10.106.130.211:6789/0 -28>
2017-05-04 10:43:43.428817 7fd1cf8fb700 1 -- 10.150.0.41:0/2362030005 --> 10.106.130.211:6789/0 -- statfs(2246765 v8940532) v1 -- ?+0 0x7fd2038e1c00 con 0x7fd203908480 -27>
2017-05-04 10:43:43.429211 7fd1f0ce8700 1 -- 10.150.0.41:0/2362030005 <== mon.0 10.106.130.211:6789/0 316 ==== statfs_reply(2246765) v1 ==== 56+0+0 (626488551 0 0) 0x7fd207145200 con 0x7fd203908480 -26>
2017-05-04 10:43:43.429265 7fd1cf8fb700 3 client.237426 ll_forget 1 1 -25>
2017-05-04 10:43:43.429278 7fd1cf8fb700 3 client.237426 ll_getattr 1.head -24>
2017-05-04 10:43:43.429282 7fd1cf8fb700 3 client.237426 ll_getattr 1.head = 0 -23>
2017-05-04 10:43:43.429292 7fd1cf8fb700 3 client.237426 ll_forget 1 1 -22>
2017-05-04 10:43:43.932717 7fd1efce6700 10 monclient: tick -21>
2017-05-04 10:43:43.932914 7fd1eece4700 2 -- 10.150.0.41:0/2362030005 >> 10.106.130.211:6789/0 pipe(0x7fd2039ac000 sd=12 :40019 s=2 pgs=27435 cs=1 l=1 c=0x7fd203908480).reader got KEEPALIVE_ACK -20>
2017-05-04 10:43:53.932806 7fd1efce6700 10 monclient: tick -19>
2017-05-04 10:43:53.933028 7fd1eece4700 2 -- 10.150.0.41:0/2362030005 >> 10.106.130.211:6789/0 pipe(0x7fd2039ac000 sd=12 :40019 s=2 pgs=27435 cs=1 l=1 c=0x7fd203908480).reader got KEEPALIVE_ACK -18>
2017-05-04 10:43:54.184426 7fd1f0ce8700 1 -- 10.150.0.41:0/2362030005 <== mds.0 10.106.130.211:6800/2127420840 176932 ==== client_caps(revoke ino 1 96466922 seq 3177 caps=pAsLsXs dirty=- wanted=- follows 0 size 0/0 mtime
2017-05-04 10:43:31.798403) v8 ==== 216+0+0 (1085397998 0 0) 0x7fd203bd2000 con 0x7fd203908600 -17>
2017-05-04 10:43:54.184496 7fd1f0ce8700 5 client.237426 handle_cap_grant on in 1 mds.0 seq 3177 caps now pAsLsXs was pAsLsXsFs -16>
2017-05-04 10:43:54.184508 7fd1f0ce8700 1 -- 10.150.0.41:0/2362030005 --> 10.106.130.211:6800/2127420840 -- client_caps(update ino 1 96466922 seq 3177 caps=pAsLsXs dirty=- wanted=- follows 0 size 0/0 ts 1/18446744073709551615 mtime
2017-05-04 10:43:31.798403) v8 -- ?+0 0x7fd20449e000 con 0x7fd203908600 -15>
2017-05-04 10:43:55.157030 7fd1f1cea700 1 -- 10.150.0.41:0/2362030005 --> 10.106.130.211:6800/2127420840 -- client_session(request_renewcaps seq 3085) v2 -- ?+0 0x7fd2040c2640 con 0x7fd203908600 -14>
2017-05-04 10:43:55.157447 7fd1f0ce8700 1 -- 10.150.0.41:0/2362030005 <== mds.0 10.106.130.211:6800/2127420840 176933 ==== client_session(renewcaps seq 3085) v1 ==== 28+0+0 (3407379157 0 0) 0x7fd2040c2640 con 0x7fd203908600 -13>
2017-05-04 10:44:03.932895 7fd1efce6700 10 monclient: tick -12>
2017-05-04 10:44:03.933123 7fd1eece4700 2 -- 10.150.0.41:0/2362030005 >> 10.106.130.211:6789/0 pipe(0x7fd2039ac000 sd=12 :40019 s=2 pgs=27435 cs=1 l=1 c=0x7fd203908480).reader got KEEPALIVE_ACK -11>
2017-05-04 10:44:13.932986 7fd1efce6700 10 monclient: tick -10>
2017-05-04 10:44:13.933230 7fd1eece4700 2 -- 10.150.0.41:0/2362030005 >> 10.106.130.211:6789/0 pipe(0x7fd2039ac000 sd=12 :40019 s=2 pgs=27435 cs=1 l=1 c=0x7fd203908480).reader got KEEPALIVE_ACK -9>
2017-05-04 10:44:15.158251 7fd1f1cea700 1 -- 10.150.0.41:0/2362030005 --> 10.106.130.211:6800/2127420840 -- client_session(request_renewcaps seq 3086) v2 -- ?+0 0x7fd2040c1200 con 0x7fd203908600 -8>
2017-05-04 10:44:15.158660 7fd1f0ce8700 1 -- 10.150.0.41:0/2362030005 <== mds.0 10.106.130.211:6800/2127420840 176934 ==== client_session(renewcaps seq 3086) v1 ==== 28+0+0 (2378678 0 0) 0x7fd2040c1200 con 0x7fd203908600 -7>
2017-05-04 10:44:23.933076 7fd1efce6700 10 monclient: tick -6>
2017-05-04 10:44:23.933299 7fd1eece4700 2 -- 10.150.0.41:0/2362030005 >> 10.106.130.211:6789/0 pipe(0x7fd2039ac000 sd=12 :40019 s=2 pgs=27435 cs=1 l=1 c=0x7fd203908480).reader got KEEPALIVE_ACK -5>
2017-05-04 10:44:33.933166 7fd1efce6700 10 monclient: tick -4>
2017-05-04 10:44:33.933423 7fd1eece4700 2 -- 10.150.0.41:0/2362030005 >> 10.106.130.211:6789/0 pipe(0x7fd2039ac000 sd=12 :40019 s=2 pgs=27435 cs=1 l=1 c=0x7fd203908480).reader got KEEPALIVE_ACK -3>
2017-05-04 10:44:35.159527 7fd1f1cea700 1 -- 10.150.0.41:0/2362030005 --> 10.106.130.211:6800/2127420840 -- client_session(request_renewcaps seq 3087) v2 -- ?+0 0x7fd2040c1440 con 0x7fd203908600 -2>
2017-05-04 10:44:35.159937 7fd1f0ce8700 1 -- 10.150.0.41:0/2362030005 <== mds.0 10.106.130.211:6800/2127420840 176935 ==== client_session(renewcaps seq 3087) v1 ==== 28+0+0 (3127609656 0 0) 0x7fd2040c1440 con 0x7fd203908600 -1>
2017-05-04 10:44:38.361561 7fd1f4cf0700 5 asok(0x7fd2038ea000) AdminSocket: request 'get_command_descriptions' '' to 0x7fd2038c2120 returned 1944 bytes 0>
2017-05-04 10:44:38.366904 7fd1f4cf0700 1 do_command 'log dump' ' --- logging levels --- 0/ 5 none 0/ 1 lockdep 0/ 1 context 1/ 1 crush 1/ 5 mds 1/ 5 mds_balancer 1/ 5 mds_locker 20/20 mds_log 1/ 5 mds_log_expire 1/ 5 mds_migrator 0/ 1 buffer 0/ 1 timer 0/ 1 filer 0/ 1 striper 0/ 1 objecter 0/ 5 rados 0/ 5 rbd 0/ 5 rbd_mirror 0/ 5 rbd_replay 0/ 5 journaler 0/ 5 objectcacher 0/ 5 client 0/ 5 osd 0/ 5 optracker 0/ 5 objclass 1/ 3 filestore 1/ 3 journal 0/ 5 ms 1/ 5 mon 0/10 monc 20/20 paxos 0/ 5 tp 1/ 5 auth 1/ 5 crypto 1/ 1 finisher 1/ 5 heartbeatmap 1/ 5 perfcounter 1/ 5 rgw 1/10 civetweb 1/ 5 javaclient 1/ 5 asok 1/ 1 throttle 0/ 0 refs 1/ 5 xio 1/ 5 compressor 1/ 5 newstore 1/ 5 bluestore 1/ 5 bluefs 1/ 3 bdev 1/ 5 kstore 4/ 5 rocksdb 4/ 5 leveldb 1/ 5 kinetic 20/20 fuse -2/-2 (syslog threshold) -1/-1 (stderr threshold) max_recent 10000 max_new 1000 log_file /var/log/ceph/client41_GL_cephfs.log --- end dump of recent events ---
2017-05-04 10:55:53.956342 7fd1e59c8700 0 -- 10.150.0.41:0/2362030005 >> 10.150.0.25:6820/15191 pipe(0x7fd209b14800 sd=2 :59048 s=1 pgs=0 cs=0 l=1 c=0x7fd21048a700).fault
2017-05-04 10:57:01.893991 7fd1e1bbb700 0 -- 10.150.0.41:0/2362030005 >> 10.150.0.25:6820/15191 pipe(0x7fd203ad8000 sd=2 :61980 s=1 pgs=0 cs=0 l=1 c=0x7fd211789200).fault
2017-05-04 10:57:05.755369 7fd1ebad5700 0 -- 10.150.0.41:0/2362030005 >> 10.150.0.25:6820/15191 pipe(0x7fd209b14800 sd=2 :61985 s=1 pgs=0 cs=0 l=1 c=0x7fd211788a80).fault
2017-05-04 10:58:44.867375 7fd1e1bbb700 0 -- 10.150.0.41:0/2362030005 >> 10.150.0.25:6820/15191 pipe(0x7fd205047400 sd=2 :62313 s=1 pgs=0 cs=0 l=1 c=0x7fd211788780).fault
2017-05-04 10:58:44.872458 7fd1ebad5700 0 -- 10.150.0.41:0/2362030005 >> 10.150.0.25:6820/15191 pipe(0x7fd209b14800 sd=2 :62315 s=1 pgs=0 cs=0 l=1 c=0x7fd211788a80).fault
2017-05-04 11:13:45.175575 7fd1e1bbb700 0 -- 10.150.0.41:0/2362030005 >> 10.150.0.25:6820/15191 pipe(0x7fd205047400 sd=2 :62317 s=1 pgs=0 cs=0 l=1 c=0x7fd21178b900).fault
2017-05-04 11:28:46.265399 7fd1e1bbb700 0 -- 10.150.0.41:0/2362030005 >> 10.150.0.25:6820/15191 pipe(0x7fd205047400 sd=2 :64875 s=1 pgs=0 cs=0 l=1 c=0x7fd21178b900).fault
2017-05-04 11:28:46.275122 7fd1d2100700 0 -- 10.150.0.41:0/2362030005 submit_message osd_op(client.237426.0:2252851 1.72130524 1000016c477.00000032 [read 393216~131072 [1@-1]] snapc 0=[] ack+read+known_if_redirected e69455) v7 remote, 10.150.0.25:6820/15191, failed lossy con, dropping message 0x7fd205d19080
2017-05-04 11:28:46.276189 7fd1e5abb700 0 -- 10.150.0.41:0/2362030005 >> 10.150.0.25:6820/15191 pipe(0x7fd2076cf400 sd=2 :12260 s=1 pgs=0 cs=0 l=1 c=0x7fd203b6a480).fault
2017-05-04 11:28:46.479125 7fd1d08fd700 0 -- 10.150.0.41:0/2362030005 submit_message osd_op(client.237426.0:2252853 1.72130524 1000016c477.00000032 [read 655360~131072 [1@-1]] snapc 0=[] ack+read+known_if_redirected e69455) v7 remote, 10.150.0.25:6820/15191, failed lossy con, dropping message 0x7fd2041c6680
2017-05-04 11:28:53.866943 7fd1e7cc8700 0 -- 10.150.0.41:0/2362030005 >> 10.150.0.15:6820/1048636 pipe(0x7fd205047400 sd=2 :15147 s=1 pgs=0 cs=0 l=1 c=0x7fd204387a80).fault
2017-05-04 11:28:53.868916 7fd1e81c6700 0 -- 10.150.0.41:0/2362030005 >> 10.150.0.15:6820/1048636 pipe(0x7fd205047400 sd=2 :15151 s=1 pgs=0 cs=0 l=1 c=0x7fd204384000).fault
2017-05-04 11:28:53.870416 7fd1e5abb700 0 -- 10.150.0.41:0/2362030005 >> 10.150.0.15:6820/1048636 pipe(0x7fd215321400 sd=2 :15154 s=1 pgs=0 cs=0 l=1 c=0x7fd204386100).fault
2017-05-04 11:28:53.871943 7fd1e5abb700 0 -- 10.150.0.41:0/2362030005 >> 10.150.0.15:6820/1048636 pipe(0x7fd212f5d400 sd=2 :15157 s=1 pgs=0 cs=0 l=1 c=0x7fd20b2cdf80).fault
2017-05-04 11:44:11.225241 7fd1dffbb700 0 cephx: verify_reply couldn't decrypt with error: error decoding block for decryption
2017-05-04 11:44:11.225257 7fd1dffbb700 0 -- 10.150.0.41:0/2362030005 >> 10.150.0.25:6801/13943 pipe(0x7fd212f5d400 sd=2 :50424 s=1 pgs=0 cs=0 l=1 c=0x7fd203b6d300).failed verifying authorize reply
2017-05-04 11:44:11.225315 7fd1dffbb700 0 -- 10.150.0.41:0/2362030005 >> 10.150.0.25:6801/13943 pipe(0x7fd212f5d400 sd=2 :50424 s=1 pgs=0 cs=0 l=1 c=0x7fd203b6d300).fault
2017-05-04 11:44:31.655265 7fd1d9955700 0 -- 10.150.0.41:0/2362030005 >> 10.150.0.25:6801/13943 pipe(0x7fd205047400 sd=2 :50486 s=1 pgs=0 cs=0 l=1 c=0x7fd20553ad00).fault
2017-05-04 11:44:38.206321 7fd1dffbb700 0 cephx: verify_reply couldn't decrypt with error: error decoding block for decryption
2017-05-04 11:44:38.206328 7fd1dffbb700 0 -- 10.150.0.41:0/2362030005 >> 10.150.0.25:6801/13943 pipe(0x7fd2126f2800 sd=2 :50526 s=1 pgs=0 cs=0 l=1 c=0x7fd2117bad00).failed verifying authorize reply
2017-05-04 11:44:38.206357 7fd1dffbb700 0 -- 10.150.0.41:0/2362030005 >> 10.150.0.25:6801/13943 pipe(0x7fd2126f2800 sd=2 :50526 s=1 pgs=0 cs=0 l=1 c=0x7fd2117bad00).fault
2017-05-04 11:59:53.275258 7fd1d702c700 0 -- 10.150.0.41:0/2362030005 >> 10.150.0.25:6801/13943 pipe(0x7fd20f0f2800 sd=2 :50626 s=1 pgs=0 cs=0 l=1 c=0x7fd2116d2880).fault
2017-05-04 11:59:53.417585 7fd1dbb77700 0 -- 10.150.0.41:0/2362030005 >> 10.150.0.25:6801/13943 pipe(0x7fd20f0f2800 sd=2 :53337 s=1 pgs=0 cs=0 l=1 c=0x7fd209bebf80).fault
2017-05-04 11:59:54.672685 7fd1e6ac4700 0 cephx: verify_reply couldn't decrypt with error: error decoding block for decryption
2017-05-04 11:59:54.672690 7fd1e6ac4700 0 -- 10.150.0.41:0/2362030005 >> 10.150.0.14:6832/769861 pipe(0x7fd20e224000 sd=2 :23366 s=1 pgs=0 cs=0 l=1 c=0x7fd207058c00).failed verifying authorize reply
2017-05-04 11:59:54.672710 7fd1e6ac4700 0 -- 10.150.0.41:0/2362030005 >> 10.150.0.14:6832/769861 pipe(0x7fd20e224000 sd=2 :23366 s=1 pgs=0 cs=0 l=1 c=0x7fd207058c00).fault
2017-05-04 12:14:55.450562 7fd1e45bb700 0 -- 10.150.0.41:0/2362030005 >> 10.150.0.16:6804/999034 pipe(0x7fd20cde2800 sd=2 :60834 s=1 pgs=0 cs=0 l=1 c=0x7fd205538900).fault
2017-05-04 12:14:55.663165 7fd1e43c0700 0 -- 10.150.0.41:0/2362030005 >> 10.150.0.144:6800/727743 pipe(0x7fd205c40000 sd=2 :0 s=1 pgs=0 cs=0 l=1 c=0x7fd21178b180).fault
2017-05-04 12:14:56.112575 7fd1d7632700 0 -- 10.150.0.41:0/2362030005 >> 10.150.0.12:6823/745685 pipe(0x7fd20f0f1400 sd=2 :0 s=1 pgs=0 cs=0 l=1 c=0x7fd2044ad500).fault
2017-05-04 12:14:56.323798 7fd1e82c7700 0 -- 10.150.0.41:0/2362030005 >> 10.106.132.141:6804/30444 pipe(0x7fd20f0f1400 sd=2 :11715 s=1 pgs=0 cs=0 l=1 c=0x7fd2044ad680).fault
2017-05-04 12:14:56.502096 7fd1e4bc1700 0 cephx: verify_reply couldn't decrypt with error: error decoding block for decryption
2017-05-04 12:14:56.502101 7fd1e4bc1700 0 -- 10.150.0.41:0/2362030005 >> 10.150.0.144:6808/727877 pipe(0x7fd215b28000 sd=2 :15059 s=1 pgs=0 cs=0 l=1 c=0x7fd206ff8300).failed verifying authorize reply
2017-05-04 12:14:56.502122 7fd1e4bc1700 0 -- 10.150.0.41:0/2362030005 >> 10.150.0.144:6808/727877 pipe(0x7fd215b28000 sd=2 :15059 s=1 pgs=0 cs=0 l=1 c=0x7fd206ff8300).fault
2017-05-04 12:29:56.916990 7fd1db672700 0 cephx: verify_reply couldn't decrypt with error: error decoding block for decryption
2017-05-04 12:29:56.916995 7fd1db672700 0 -- 10.150.0.41:0/2362030005 >> 10.150.0.145:6808/720873 pipe(0x7fd215b28000 sd=2 :33913 s=1 pgs=0 cs=0 l=1 c=0x7fd2044af180).failed verifying authorize reply
2017-05-04 12:29:56.917017 7fd1db672700 0 -- 10.150.0.41:0/2362030005 >> 10.150.0.145:6808/720873 pipe(0x7fd215b28000 sd=2 :33913 s=1 pgs=0 cs=0 l=1 c=0x7fd2044af180).fault
2017-05-04 12:29:57.174386 7fd1d8c48700 0 -- 10.150.0.41:0/2362030005 >> 10.150.0.12:6829/747452 pipe(0x7fd20b544000 sd=2 :51394 s=1 pgs=0 cs=0 l=1 c=0x7fd203b6c280).fault
2017-05-04 12:30:01.177516 7fd1eb7d9700 0 cephx: verify_reply couldn't decrypt with error: error decoding block for decryption
2017-05-04 12:30:01.177521 7fd1eb7d9700 0 -- 10.150.0.41:0/2362030005 >> 10.150.0.25:6801/13943 pipe(0x7fd2047ee000 sd=2 :58791 s=1 pgs=0 cs=0 l=1 c=0x7fd211e46280).failed verifying authorize reply
2017-05-04 12:30:01.177540 7fd1eb7d9700 0 -- 10.150.0.41:0/2362030005 >> 10.150.0.25:6801/13943 pipe(0x7fd2047ee000 sd=2 :58791 s=1 pgs=0 cs=0 l=1 c=0x7fd211e46280).fault
2017-05-04 12:30:01.230892 7fd1e6dc7700 0 -- 10.150.0.41:0/2362030005 >> 10.150.0.25:6801/13943 pipe(0x7fd2047ee000 sd=2 :58822 s=1 pgs=0 cs=0 l=1 c=0x7fd21178bc00).fault
2017-05-04 12:30:01.438094 7fd1e42bf700 0 -- 10.150.0.41:0/2362030005 >> 10.150.0.144:6800/727743 pipe(0x7fd2126f2800 sd=2 :22782 s=1 pgs=0 cs=0 l=1 c=0x7fd205538f00).fault
2017-05-04 12:30:07.590374 7fd1de4a0700 0 -- 10.150.0.41:0/2362030005 >> 10.106.132.141:6827/30030 pipe(0x7fd20ab41400 sd=2 :51770 s=1 pgs=0 cs=0 l=1 c=0x7fd20b2cf600).fault
2017-05-04 12:30:08.659091 7fd1e73cd700 0 -- 10.150.0.41:0/2362030005 >> 10.150.0.13:6801/726350 pipe(0x7fd20be36800 sd=2 :56783 s=1 pgs=0 cs=0 l=1 c=0x7fd207716c00).fault
2017-05-04 13:33:57.402238 7fd1e5bbc700 0 -- 10.150.0.41:0/2362030005 >> 10.150.0.16:6819/999887 pipe(0x7fd205a78000 sd=2 :22733 s=1 pgs=0 cs=0 l=1 c=0x7fd2052dee80).fault
2017-05-04 13:48:57.506987 7fd1e74c0700 0 -- 10.150.0.41:0/2362030005 >> 10.150.0.16:6819/999887 pipe(0x7fd20d730000 sd=2 :22735 s=1 pgs=0 cs=0 l=1 c=0x7fd2052dd080).fault
2017-05-04 13:48:58.246290 7fd1e11b8700 0 -- 10.150.0.41:0/2362030005 >> 10.150.0.16:6819/999887 pipe(0x7fd2076d0800 sd=2 :25452 s=1 pgs=0 cs=0 l=1 c=0x7fd211e44a80).fault
2017-05-04 13:48:58.251293 7fd1e1db6700 0 -- 10.150.0.41:0/2362030005 >> 10.150.0.16:6819/999887 pipe(0x7fd20f0f2800 sd=2 :25454 s=1 pgs=0 cs=0 l=1 c=0x7fd2116d2700).fault
2017-05-04 13:48:58.467718 7fd1e11b8700 0 cephx: verify_reply couldn't decrypt with error: error decoding block for decryption
2017-05-04 13:48:58.467722 7fd1e11b8700 0 -- 10.150.0.41:0/2362030005 >> 10.150.0.16:6819/999887 pipe(0x7fd20d730000 sd=2 :25456 s=1 pgs=0 cs=0 l=1 c=0x7fd211e44a80).failed verifying authorize reply
2017-05-04 13:48:58.467743 7fd1e11b8700 0 -- 10.150.0.41:0/2362030005 >> 10.150.0.16:6819/999887 pipe(0x7fd20d730000 sd=2 :25456 s=1 pgs=0 cs=0 l=1 c=0x7fd211e44a80).fault
2017-05-04 13:50:01.961674 7fd1e47bd700 0 -- 10.150.0.41:0/2362030005 >> 10.150.0.16:6801/998989 pipe(0x7fd212ad6800 sd=2 :58499 s=1 pgs=0 cs=0 l=1 c=0x7fd2116d2b80).fault
2017-05-04 13:50:01.964407 7fd1e11b8700 0 -- 10.150.0.41:0/2362030005 >> 10.150.0.16:6801/998989 pipe(0x7fd20f0f2800 sd=2 :58501 s=1 pgs=0 cs=0 l=1 c=0x7fd20390aa00).fault
2017-05-04 13:50:03.368586 7fd1e47bd700 0 -- 10.150.0.41:0/2362030005 >> 10.150.0.16:6801/998989 pipe(0x7fd212aba800 sd=2 :58507 s=1 pgs=0 cs=0 l=1 c=0x7fd20a750d80).fault
2017-05-04 13:53:58.739829 7fd1e11b8700 0 -- 10.150.0.41:0/2362030005 >> 10.150.0.16:6801/998989 pipe(0x7fd212aba800 sd=2 :59168 s=1 pgs=0 cs=0 l=1 c=0x7fd209607d80).fault
2017-05-04 13:55:01.980623 7fd1e11b8700 0 -- 10.150.0.41:0/2362030005 >> 10.150.0.16:6801/998989 pipe(0x7fd2047ef400 sd=2 :59327 s=1 pgs=0 cs=0 l=1 c=0x7fd209607d80).fault
2017-05-04 14:03:59.246282 7fd1deeaa700 0 -- 10.150.0.41:0/2362030005 >> 10.150.0.13:6800/727367 pipe(0x7fd2047ef400 sd=2 :44706 s=1 pgs=0 cs=0 l=1 c=0x7fd209604a80).fault
2017-05-04 14:05:02.035188 7fd1deeaa700 0 -- 10.150.0.41:0/2362030005 >> 10.150.0.13:6800/727367 pipe(0x7fd2076ce000 sd=2 :44980 s=1 pgs=0 cs=0 l=1 c=0x7fd211e47a80).fault
2017-05-04 14:06:57.865990 7fd1ea5d5700 0 -- 10.150.0.41:0/2362030005 >> 10.150.0.13:6800/727367 pipe(0x7fd2047ef400 sd=2 :45280 s=1 pgs=0 cs=0 l=1 c=0x7fd20a752d00).fault
2017-05-04 14:39:01.417714 7fd1e7cc8700 0 cephx: verify_reply couldn't decrypt with error: error decoding block for decryption
2017-05-04 14:39:01.417721 7fd1e7cc8700 0 -- 10.150.0.41:0/2362030005 >> 10.150.0.16:6836/1003050 pipe(0x7fd215329400 sd=2 :27489 s=1 pgs=0 cs=0 l=1 c=0x7fd204ae7180).failed verifying authorize reply
2017-05-04 14:39:01.417749 7fd1e7cc8700 0 -- 10.150.0.41:0/2362030005 >> 10.150.0.16:6836/1003050 pipe(0x7fd215329400 sd=2 :27489 s=1 pgs=0 cs=0 l=1 c=0x7fd204ae7180).fault
2017-05-04 14:39:01.420728 7fd1e22bb700 0 -- 10.150.0.41:0/2362030005 >> 10.150.0.16:6836/1003050 pipe(0x7fd2047ef400 sd=2 :27491 s=1 pgs=0 cs=0 l=1 c=0x7fd204ae4c00).fault
2017-05-04 14:48:44.416707 7fd1de09c700 0 -- 10.150.0.41:0/2362030005 >> 10.150.0.147:6823/709882 pipe(0x7fd2047ef400 sd=2 :48438 s=1 pgs=0 cs=0 l=1 c=0x7fd203c5b780).fault
2017-05-04 14:48:44.617572 7fd1de09c700 0 cephx: verify_reply couldn't decrypt with error: error decoding block for decryption
2017-05-04 14:48:44.617585 7fd1de09c700 0 -- 10.150.0.41:0/2362030005 >> 10.150.0.147:6823/709882 pipe(0x7fd2047ef400 sd=2 :48440 s=1 pgs=0 cs=0 l=1 c=0x7fd203c5b780).failed verifying authorize reply
2017-05-04 14:48:45.731654 7fd1d520e700 0 -- 10.150.0.41:0/2362030005 >> 10.150.0.147:6823/709882 pipe(0x7fd212ad6800 sd=2 :48456 s=1 pgs=0 cs=0 l=1 c=0x7fd206122700).fault
2017-05-04 14:48:48.958126 7fd1dad69700 0 -- 10.150.0.41:0/2362030005 >> 10.150.0.147:6823/709882 pipe(0x7fd20d730000 sd=2 :48465 s=1 pgs=0 cs=0 l=1 c=0x7fd206122a00).fault
2017-05-04 14:48:48.958908 7fd1d520e700 0 -- 10.150.0.41:0/2362030005 >> 10.150.0.147:6823/709882 pipe(0x7fd20ab41400 sd=2 :48467 s=1 pgs=0 cs=0 l=1 c=0x7fd206121e00).fault
2017-05-04 14:48:49.321429 7fd1d520e700 0 -- 10.150.0.41:0/2362030005 >> 10.150.0.147:6823/709882 pipe(0x7fd20be35400 sd=2 :48471 s=1 pgs=0 cs=0 l=1 c=0x7fd206120300).fault
2017-05-04 15:03:53.238611 7fd1d7531700 0 -- 10.150.0.41:0/2362030005 >> 10.150.0.147:6823/709882 pipe(0x7fd20d5d4000 sd=2 :48491 s=1 pgs=0 cs=0 l=1 c=0x7fd206121800).fault
2017-05-04 15:19:06.213621 7fd1e50c6700 0 -- 10.150.0.41:0/2362030005 >> 10.150.0.146:6813/716628 pipe(0x7fd212aba800 sd=2 :40864 s=1 pgs=0 cs=0 l=1 c=0x7fd203cb1c80).fault
2017-05-04 15:19:06.220807 7fd1cf0fa700 0 -- 10.150.0.41:0/2362030005 submit_message osd_op(client.237426.0:2364498 1.b26df911 1000016c491.00000002 [read 0~40960 [1@-1]] snapc 0=[] ack+read+known_if_redirected e69491) v7 remote, 10.150.0.146:6813/716628, failed lossy con, dropping message 0x7fd2047bf9c0
2017-05-04 15:19:06.223595 7fd1e50c6700 0 -- 10.150.0.41:0/2362030005 >> 10.150.0.146:6813/716628 pipe(0x7fd205312800 sd=2 :43373 s=1 pgs=0 cs=0 l=1 c=0x7fd203cb1c80).fault
2017-05-04 15:19:15.925533 7fd1db672700 0 -- 10.150.0.41:0/2362030005 >> 10.150.0.24:6829/721285 pipe(0x7fd20d5d5400 sd=2 :0 s=1 pgs=0 cs=0 l=1 c=0x7fd20390a580).fault
2017-05-04 15:19:15.931968 7fd1dc27e700 0 -- 10.150.0.41:0/2362030005 >> 10.150.0.24:6829/721285 pipe(0x7fd20d5d5400 sd=2 :59636 s=1 pgs=0 cs=0 l=1 c=0x7fd203909200).fault
2017-05-04 15:19:21.497312 7fd1db672700 0 -- 10.150.0.41:0/2362030005 >> 10.150.0.12:6833/748164 pipe(0x7fd20d5d5400 sd=2 :41326 s=1 pgs=0 cs=0 l=1 c=0x7fd203909080).fault
2017-05-04 15:19:21.499122 7fd1d7c38700 0 -- 10.150.0.41:0/2362030005 >> 10.150.0.12:6833/748164 pipe(0x7fd213b0e800 sd=2 :41329 s=1 pgs=0 cs=0 l=1 c=0x7fd203909f80).fault
2017-05-04 15:19:21.500651 7fd1e99c9700 0 cephx: verify_reply couldn't decrypt with error: error decoding block for decryption
2017-05-04 15:19:21.500656 7fd1e99c9700 0 -- 10.150.0.41:0/2362030005 >> 10.150.0.12:6833/748164 pipe(0x7fd205312800 sd=2 :41332 s=1 pgs=0 cs=0 l=1 c=0x7fd203909380).failed verifying authorize reply
2017-05-04 15:19:21.500673 7fd1e99c9700 0 -- 10.150.0.41:0/2362030005 >> 10.150.0.12:6833/748164 pipe(0x7fd205312800 sd=2 :41332 s=1 pgs=0 cs=0 l=1 c=0x7fd203909380).fault