$ sudo rados --debug-ms=20 --debug-objecter=20 --pool rbd rm rbd_data.3d31f5756d622c.0000000000005b87
2017-03-07 21:30:41.379343 7fbba5bdca40 10 -- :/0 ready :/0
2017-03-07 21:30:41.379553 7fbba5bdca40 1 -- :/0 messenger.start
2017-03-07 21:30:41.380482 7fbb87fff700 10 -- :/761686341 reaper_entry start
2017-03-07 21:30:41.380526 7fbb87fff700 10 -- :/761686341 reaper
2017-03-07 21:30:41.380545 7fbb87fff700 10 -- :/761686341 reaper done
2017-03-07 21:30:41.380969 7fbba5bdca40 10 -- :/761686341 connect_rank to 10.21.199.4:6789/0, creating pipe and registering
2017-03-07 21:30:41.381072 7fbba5bdca40 10 -- :/761686341 >> 10.21.199.4:6789/0 pipe(0x7fbba6699ef0 sd=-1 :0 s=1 pgs=0 cs=0 l=1 c=0x7fbba669b1b0).register_pipe
2017-03-07 21:30:41.381106 7fbba5bdca40 10 -- :/761686341 get_connection mon.1 10.21.199.4:6789/0 new 0x7fbba6699ef0
2017-03-07 21:30:41.381119 7fbba5bdca40 20 -- :/761686341 send_keepalive con 0x7fbba669b1b0, have pipe.
2017-03-07 21:30:41.381136 7fbba5bdca40 1 -- :/761686341 --> 10.21.199.4:6789/0 -- auth(proto 0 30 bytes epoch 0) v1 -- ?+0 0x7fbba669c210 con 0x7fbba669b1b0
2017-03-07 21:30:41.381249 7fbba5bd2700 10 -- :/761686341 >> 10.21.199.4:6789/0 pipe(0x7fbba6699ef0 sd=-1 :0 s=1 pgs=0 cs=0 l=1 c=0x7fbba669b1b0).writer: state = connecting policy.server=0
2017-03-07 21:30:41.381294 7fbba5bd2700 10 -- :/761686341 >> 10.21.199.4:6789/0 pipe(0x7fbba6699ef0 sd=-1 :0 s=1 pgs=0 cs=0 l=1 c=0x7fbba669b1b0).connect 0
2017-03-07 21:30:41.381324 7fbba5bdca40 20 -- :/761686341 submit_message auth(proto 0 30 bytes epoch 0) v1 remote, 10.21.199.4:6789/0, have pipe.
2017-03-07 21:30:41.381335 7fbba5bd2700 10 -- :/761686341 >> 10.21.199.4:6789/0 pipe(0x7fbba6699ef0 sd=4 :0 s=1 pgs=0 cs=0 l=1 c=0x7fbba669b1b0).connecting to 10.21.199.4:6789/0
2017-03-07 21:30:41.382202 7fbba5bd2700 20 -- :/761686341 >> 10.21.199.4:6789/0 pipe(0x7fbba6699ef0 sd=4 :55678 s=1 pgs=0 cs=0 l=1 c=0x7fbba669b1b0).connect read peer addr 10.21.199.4:6789/0 on socket 4
2017-03-07 21:30:41.382275 7fbba5bd2700 20 -- :/761686341 >> 10.21.199.4:6789/0 pipe(0x7fbba6699ef0 sd=4 :55678 s=1 pgs=0 cs=0 l=1 c=0x7fbba669b1b0).connect peer addr for me is 10.21.199.3:55678/0
2017-03-07 21:30:41.382290 7fbba5bd2700 1 -- 10.21.199.3:0/761686341 learned my addr 10.21.199.3:0/761686341
2017-03-07 21:30:41.382329 7fbba5bd2700 10 -- 10.21.199.3:0/761686341 >> 10.21.199.4:6789/0 pipe(0x7fbba6699ef0 sd=4 :55678 s=1 pgs=0 cs=0 l=1 c=0x7fbba669b1b0).connect sent my addr 10.21.199.3:0/761686341
2017-03-07 21:30:41.382347 7fbba5bd2700 10 -- 10.21.199.3:0/761686341 >> 10.21.199.4:6789/0 pipe(0x7fbba6699ef0 sd=4 :55678 s=1 pgs=0 cs=0 l=1 c=0x7fbba669b1b0).connect sending gseq=1 cseq=0 proto=15
2017-03-07 21:30:41.382368 7fbba5bd2700 20 -- 10.21.199.3:0/761686341 >> 10.21.199.4:6789/0 pipe(0x7fbba6699ef0 sd=4 :55678 s=1 pgs=0 cs=0 l=1 c=0x7fbba669b1b0).connect wrote (self +) cseq, waiting for reply
2017-03-07 21:30:41.382605 7fbba5bd2700 20 -- 10.21.199.3:0/761686341 >> 10.21.199.4:6789/0 pipe(0x7fbba6699ef0 sd=4 :55678 s=1 pgs=0 cs=0 l=1 c=0x7fbba669b1b0).connect got reply tag 1 connect_seq 1 global_seq 1138536 proto 15 flags 1 features 576460752032874495
2017-03-07 21:30:41.382651 7fbba5bd2700 10 -- 10.21.199.3:0/761686341 >> 10.21.199.4:6789/0 pipe(0x7fbba6699ef0 sd=4 :55678 s=2 pgs=1138536 cs=1 l=1 c=0x7fbba669b1b0).connect success 1, lossy = 1, features 576460752032874495
2017-03-07 21:30:41.382686 7fbba5bd2700 20 -- 10.21.199.3:0/761686341 >> 10.21.199.4:6789/0 pipe(0x7fbba6699ef0 sd=4 :55678 s=2 pgs=1138536 cs=1 l=1 c=0x7fbba669b1b0).connect starting reader
2017-03-07 21:30:41.382779 7fbba5bd2700 10 -- 10.21.199.3:0/761686341 >> 10.21.199.4:6789/0 pipe(0x7fbba6699ef0 sd=4 :55678 s=2 pgs=1138536 cs=1 l=1 c=0x7fbba669b1b0).writer: state = open policy.server=0
2017-03-07 21:30:41.382790 7fbb8d359700 10 client.?.objecter ms_handle_connect 0x7fbba669b1b0
2017-03-07 21:30:41.382808 7fbb8d359700 10 client.?.objecter resend_mon_ops
2017-03-07 21:30:41.382794 7fbba5bd2700 10 -- 10.21.199.3:0/761686341 >> 10.21.199.4:6789/0 pipe(0x7fbba6699ef0 sd=4 :55678 s=2 pgs=1138536 cs=1 l=1 c=0x7fbba669b1b0).write_keepalive2 14
2017-03-07 21:30:41.382792
2017-03-07 21:30:41.382848 7fbba5bd2700 20 -- 10.21.199.3:0/761686341 >> 10.21.199.4:6789/0 pipe(0x7fbba6699ef0 sd=4 :55678 s=2 pgs=1138536 cs=1 l=1 c=0x7fbba669b1b0).writer encoding 1 features 576460752032874495 0x7fbba669c210 auth(proto 0 30 bytes epoch 0) v1
2017-03-07 21:30:41.382882 7fbba599d700 20 -- 10.21.199.3:0/761686341 >> 10.21.199.4:6789/0 pipe(0x7fbba6699ef0 sd=4 :55678 s=2 pgs=1138536 cs=1 l=1 c=0x7fbba669b1b0).reader reading tag...
2017-03-07 21:30:41.382910 7fbba5bd2700 20 -- 10.21.199.3:0/761686341 >> 10.21.199.4:6789/0 pipe(0x7fbba6699ef0 sd=4 :55678 s=2 pgs=1138536 cs=1 l=1 c=0x7fbba669b1b0).writer no session security
2017-03-07 21:30:41.382922 7fbba5bd2700 20 -- 10.21.199.3:0/761686341 >> 10.21.199.4:6789/0 pipe(0x7fbba6699ef0 sd=4 :55678 s=2 pgs=1138536 cs=1 l=1 c=0x7fbba669b1b0).writer sending 1 0x7fbba669c210
2017-03-07 21:30:41.382966 7fbba5bd2700 10 -- 10.21.199.3:0/761686341 >> 10.21.199.4:6789/0 pipe(0x7fbba6699ef0 sd=4 :55678 s=2 pgs=1138536 cs=1 l=1 c=0x7fbba669b1b0).writer: state = open policy.server=0
2017-03-07 21:30:41.382977 7fbba5bd2700 20 -- 10.21.199.3:0/761686341 >> 10.21.199.4:6789/0 pipe(0x7fbba6699ef0 sd=4 :55678 s=2 pgs=1138536 cs=1 l=1 c=0x7fbba669b1b0).writer sleeping
2017-03-07 21:30:41.383171 7fbba599d700 2 -- 10.21.199.3:0/761686341 >> 10.21.199.4:6789/0 pipe(0x7fbba6699ef0 sd=4 :55678 s=2 pgs=1138536 cs=1 l=1 c=0x7fbba669b1b0).reader got KEEPALIVE_ACK
2017-03-07 21:30:41.383197 7fbba599d700 20 -- 10.21.199.3:0/761686341 >> 10.21.199.4:6789/0 pipe(0x7fbba6699ef0 sd=4 :55678 s=2 pgs=1138536 cs=1 l=1 c=0x7fbba669b1b0).reader reading tag...
2017-03-07 21:30:41.383948 7fbba599d700 20 -- 10.21.199.3:0/761686341 >> 10.21.199.4:6789/0 pipe(0x7fbba6699ef0 sd=4 :55678 s=2 pgs=1138536 cs=1 l=1 c=0x7fbba669b1b0).reader got ACK
2017-03-07 21:30:41.383984 7fbba599d700 15 -- 10.21.199.3:0/761686341 >> 10.21.199.4:6789/0 pipe(0x7fbba6699ef0 sd=4 :55678 s=2 pgs=1138536 cs=1 l=1 c=0x7fbba669b1b0).reader got ack seq 1
2017-03-07 21:30:41.384010 7fbba599d700 20 -- 10.21.199.3:0/761686341 >> 10.21.199.4:6789/0 pipe(0x7fbba6699ef0 sd=4 :55678 s=2 pgs=1138536 cs=1 l=1 c=0x7fbba669b1b0).reader reading tag...
2017-03-07 21:30:41.384019 7fbba599d700 20 -- 10.21.199.3:0/761686341 >> 10.21.199.4:6789/0 pipe(0x7fbba6699ef0 sd=4 :55678 s=2 pgs=1138536 cs=1 l=1 c=0x7fbba669b1b0).reader got MSG
2017-03-07 21:30:41.384032 7fbba599d700 20 -- 10.21.199.3:0/761686341 >> 10.21.199.4:6789/0 pipe(0x7fbba6699ef0 sd=4 :55678 s=2 pgs=1138536 cs=1 l=1 c=0x7fbba669b1b0).reader got envelope type=4 src mon.1 front=800 data=0 off 0
2017-03-07 21:30:41.384049 7fbba599d700 10 -- 10.21.199.3:0/761686341 >> 10.21.199.4:6789/0 pipe(0x7fbba6699ef0 sd=4 :55678 s=2 pgs=1138536 cs=1 l=1 c=0x7fbba669b1b0).reader wants 800 from dispatch throttler 0/0
2017-03-07 21:30:41.384064 7fbba599d700 20 -- 10.21.199.3:0/761686341 >> 10.21.199.4:6789/0 pipe(0x7fbba6699ef0 sd=4 :55678 s=2 pgs=1138536 cs=1 l=1 c=0x7fbba669b1b0).reader got front 800
2017-03-07 21:30:41.384074 7fbba599d700 10 -- 10.21.199.3:0/761686341 >> 10.21.199.4:6789/0 pipe(0x7fbba6699ef0 sd=4 :55678 s=2 pgs=1138536 cs=1 l=1 c=0x7fbba669b1b0).aborted = 0
2017-03-07 21:30:41.384081 7fbba599d700 20 -- 10.21.199.3:0/761686341 >> 10.21.199.4:6789/0 pipe(0x7fbba6699ef0 sd=4 :55678 s=2 pgs=1138536 cs=1 l=1 c=0x7fbba669b1b0).reader got 800 + 0 + 0 byte message
2017-03-07 21:30:41.384115 7fbba599d700 10 -- 10.21.199.3:0/761686341 >> 10.21.199.4:6789/0 pipe(0x7fbba6699ef0 sd=4 :55678 s=2 pgs=1138536 cs=1 l=1 c=0x7fbba669b1b0).No session security set
2017-03-07 21:30:41.384135 7fbba599d700 10 -- 10.21.199.3:0/761686341 >> 10.21.199.4:6789/0 pipe(0x7fbba6699ef0 sd=4 :55678 s=2 pgs=1138536 cs=1 l=1 c=0x7fbba669b1b0).reader got message 1 0x7fbb70001e40 mon_map magic: 0 v1
2017-03-07 21:30:41.384153 7fbba599d700 20 -- 10.21.199.3:0/761686341 queue 0x7fbb70001e40 prio 196
2017-03-07 21:30:41.384173 7fbba599d700 20 -- 10.21.199.3:0/761686341 >> 10.21.199.4:6789/0 pipe(0x7fbba6699ef0 sd=4 :55678 s=2 pgs=1138536 cs=1 l=1 c=0x7fbba669b1b0).reader reading tag...
2017-03-07 21:30:41.384181 7fbba599d700 20 -- 10.21.199.3:0/761686341 >> 10.21.199.4:6789/0 pipe(0x7fbba6699ef0 sd=4 :55678 s=2 pgs=1138536 cs=1 l=1 c=0x7fbba669b1b0).reader got MSG
2017-03-07 21:30:41.384188 7fbba599d700 20 -- 10.21.199.3:0/761686341 >> 10.21.199.4:6789/0 pipe(0x7fbba6699ef0 sd=4 :55678 s=2 pgs=1138536 cs=1 l=1 c=0x7fbba669b1b0).reader got envelope type=18 src mon.1 front=33 data=0 off 0
2017-03-07 21:30:41.384195 7fbba599d700 10 -- 10.21.199.3:0/761686341 >> 10.21.199.4:6789/0 pipe(0x7fbba6699ef0 sd=4 :55678 s=2 pgs=1138536 cs=1 l=1 c=0x7fbba669b1b0).reader wants 33 from dispatch throttler 0/0
2017-03-07 21:30:41.384180 7fbba5bd2700 10 -- 10.21.199.3:0/761686341 >> 10.21.199.4:6789/0 pipe(0x7fbba6699ef0 sd=4 :55678 s=2 pgs=1138536 cs=1 l=1 c=0x7fbba669b1b0).writer: state = open policy.server=0
2017-03-07 21:30:41.384203 7fbba599d700 20 -- 10.21.199.3:0/761686341 >> 10.21.199.4:6789/0 pipe(0x7fbba6699ef0 sd=4 :55678 s=2 pgs=1138536 cs=1 l=1 c=0x7fbba669b1b0).reader got front 33
2017-03-07 21:30:41.384213 7fbba599d700 10 -- 10.21.199.3:0/761686341 >> 10.21.199.4:6789/0 pipe(0x7fbba6699ef0 sd=4 :55678 s=2 pgs=1138536 cs=1 l=1 c=0x7fbba669b1b0).aborted = 0
2017-03-07 21:30:41.384220 7fbba599d700 20 -- 10.21.199.3:0/761686341 >> 10.21.199.4:6789/0 pipe(0x7fbba6699ef0 sd=4 :55678 s=2 pgs=1138536 cs=1 l=1 c=0x7fbba669b1b0).reader got 33 + 0 + 0 byte message
2017-03-07 21:30:41.384216 7fbba5bd2700 10 -- 10.21.199.3:0/761686341 >> 10.21.199.4:6789/0 pipe(0x7fbba6699ef0 sd=4 :55678 s=2 pgs=1138536 cs=1 l=1 c=0x7fbba669b1b0).write_ack 1
2017-03-07 21:30:41.384239 7fbba599d700 10 -- 10.21.199.3:0/761686341 >> 10.21.199.4:6789/0 pipe(0x7fbba6699ef0 sd=4 :55678 s=2 pgs=1138536 cs=1 l=1 c=0x7fbba669b1b0).No session security set
2017-03-07 21:30:41.384236 7fbb8d359700 1 -- 10.21.199.3:0/761686341 <== mon.1 10.21.199.4:6789/0 1 ==== mon_map magic: 0 v1 ==== 800+0+0 (2252526554 0 0) 0x7fbb70001e40 con 0x7fbba669b1b0
2017-03-07 21:30:41.384249 7fbba599d700 10 -- 10.21.199.3:0/761686341 >> 10.21.199.4:6789/0 pipe(0x7fbba6699ef0 sd=4 :55678 s=2 pgs=1138536 cs=1 l=1 c=0x7fbba669b1b0).reader got message 2 0x7fbb70002fc0 auth_reply(proto 2 0 (0) Success) v1
2017-03-07 21:30:41.384284 7fbba599d700 20 -- 10.21.199.3:0/761686341 queue 0x7fbb70002fc0 prio 196
2017-03-07 21:30:41.384296 7fbba599d700 20 -- 10.21.199.3:0/761686341 >> 10.21.199.4:6789/0 pipe(0x7fbba6699ef0 sd=4 :55678 s=2 pgs=1138536 cs=1 l=1 c=0x7fbba669b1b0).reader reading tag...
2017-03-07 21:30:41.384306 7fbba5bd2700 10 -- 10.21.199.3:0/761686341 >> 10.21.199.4:6789/0 pipe(0x7fbba6699ef0 sd=4 :55678 s=2 pgs=1138536 cs=1 l=1 c=0x7fbba669b1b0).writer: state = open policy.server=0
2017-03-07 21:30:41.384323 7fbb8d359700 10 -- 10.21.199.3:0/761686341 dispatch_throttle_release 800 to dispatch throttler 0/0
2017-03-07 21:30:41.384335 7fbb8d359700 20 -- 10.21.199.3:0/761686341 done calling dispatch on 0x7fbb70001e40
2017-03-07 21:30:41.384329 7fbba5bd2700 10 -- 10.21.199.3:0/761686341 >> 10.21.199.4:6789/0 pipe(0x7fbba6699ef0 sd=4 :55678 s=2 pgs=1138536 cs=1 l=1 c=0x7fbba669b1b0).write_ack 2
2017-03-07 21:30:41.384354 7fbba5bd2700 10 -- 10.21.199.3:0/761686341 >> 10.21.199.4:6789/0 pipe(0x7fbba6699ef0 sd=4 :55678 s=2 pgs=1138536 cs=1 l=1 c=0x7fbba669b1b0).writer: state = open policy.server=0
2017-03-07 21:30:41.384365 7fbba5bd2700 20 -- 10.21.199.3:0/761686341 >> 10.21.199.4:6789/0 pipe(0x7fbba6699ef0 sd=4 :55678 s=2 pgs=1138536 cs=1 l=1 c=0x7fbba669b1b0).writer sleeping
2017-03-07 21:30:41.384351 7fbb8d359700 1 -- 10.21.199.3:0/761686341 <== mon.1 10.21.199.4:6789/0 2 ==== auth_reply(proto 2 0 (0) Success) v1 ==== 33+0+0 (955091416 0 0) 0x7fbb70002fc0 con 0x7fbba669b1b0
2017-03-07 21:30:41.384554 7fbb8d359700 1 -- 10.21.199.3:0/761686341 --> 10.21.199.4:6789/0 -- auth(proto 2 32 bytes epoch 0) v1 -- ?+0 0x7fbb7c001e20 con 0x7fbba669b1b0
2017-03-07 21:30:41.384580 7fbb8d359700 20 -- 10.21.199.3:0/761686341 submit_message auth(proto 2 32 bytes epoch 0) v1 remote, 10.21.199.4:6789/0, have pipe.
2017-03-07 21:30:41.384598 7fbb8d359700 10 -- 10.21.199.3:0/761686341 dispatch_throttle_release 33 to dispatch throttler 0/0
2017-03-07 21:30:41.384603 7fbb8d359700 20 -- 10.21.199.3:0/761686341 done calling dispatch on 0x7fbb70002fc0
2017-03-07 21:30:41.384665 7fbba5bd2700 10 -- 10.21.199.3:0/761686341 >> 10.21.199.4:6789/0 pipe(0x7fbba6699ef0 sd=4 :55678 s=2 pgs=1138536 cs=1 l=1 c=0x7fbba669b1b0).writer: state = open policy.server=0
2017-03-07 21:30:41.384693 7fbba5bd2700 20 -- 10.21.199.3:0/761686341 >> 10.21.199.4:6789/0 pipe(0x7fbba6699ef0 sd=4 :55678 s=2 pgs=1138536 cs=1 l=1 c=0x7fbba669b1b0).writer encoding 2 features 576460752032874495 0x7fbb7c001e20 auth(proto 2 32 bytes epoch 0) v1
2017-03-07 21:30:41.384726 7fbba5bd2700 20 -- 10.21.199.3:0/761686341 >> 10.21.199.4:6789/0 pipe(0x7fbba6699ef0 sd=4 :55678 s=2 pgs=1138536 cs=1 l=1 c=0x7fbba669b1b0).writer no session security
2017-03-07 21:30:41.384739 7fbba5bd2700 20 -- 10.21.199.3:0/761686341 >> 10.21.199.4:6789/0 pipe(0x7fbba6699ef0 sd=4 :55678 s=2 pgs=1138536 cs=1 l=1 c=0x7fbba669b1b0).writer sending 2 0x7fbb7c001e20
2017-03-07 21:30:41.384790 7fbba5bd2700 10 -- 10.21.199.3:0/761686341 >> 10.21.199.4:6789/0 pipe(0x7fbba6699ef0 sd=4 :55678 s=2 pgs=1138536 cs=1 l=1 c=0x7fbba669b1b0).writer: state = open policy.server=0
2017-03-07 21:30:41.384801 7fbba5bd2700 20 -- 10.21.199.3:0/761686341 >> 10.21.199.4:6789/0 pipe(0x7fbba6699ef0 sd=4 :55678 s=2 pgs=1138536 cs=1 l=1 c=0x7fbba669b1b0).writer sleeping
2017-03-07 21:30:41.385669 7fbba599d700 20 -- 10.21.199.3:0/761686341 >> 10.21.199.4:6789/0 pipe(0x7fbba6699ef0 sd=4 :55678 s=2 pgs=1138536 cs=1 l=1 c=0x7fbba669b1b0).reader got ACK
2017-03-07 21:30:41.385701 7fbba599d700 15 -- 10.21.199.3:0/761686341 >> 10.21.199.4:6789/0 pipe(0x7fbba6699ef0 sd=4 :55678 s=2 pgs=1138536 cs=1 l=1 c=0x7fbba669b1b0).reader got ack seq 2
2017-03-07 21:30:41.385712 7fbba599d700 20 -- 10.21.199.3:0/761686341 >> 10.21.199.4:6789/0 pipe(0x7fbba6699ef0 sd=4 :55678 s=2 pgs=1138536 cs=1 l=1 c=0x7fbba669b1b0).reader reading tag...
2017-03-07 21:30:41.385719 7fbba599d700 20 -- 10.21.199.3:0/761686341 >> 10.21.199.4:6789/0 pipe(0x7fbba6699ef0 sd=4 :55678 s=2 pgs=1138536 cs=1 l=1 c=0x7fbba669b1b0).reader got MSG
2017-03-07 21:30:41.385727 7fbba599d700 20 -- 10.21.199.3:0/761686341 >> 10.21.199.4:6789/0 pipe(0x7fbba6699ef0 sd=4 :55678 s=2 pgs=1138536 cs=1 l=1 c=0x7fbba669b1b0).reader got envelope type=18 src mon.1 front=206 data=0 off 0
2017-03-07 21:30:41.385737 7fbba599d700 10 -- 10.21.199.3:0/761686341 >> 10.21.199.4:6789/0 pipe(0x7fbba6699ef0 sd=4 :55678 s=2 pgs=1138536 cs=1 l=1 c=0x7fbba669b1b0).reader wants 206 from dispatch throttler 0/0
2017-03-07 21:30:41.385748 7fbba599d700 20 -- 10.21.199.3:0/761686341 >> 10.21.199.4:6789/0 pipe(0x7fbba6699ef0 sd=4 :55678 s=2 pgs=1138536 cs=1 l=1 c=0x7fbba669b1b0).reader got front 206
2017-03-07 21:30:41.385755 7fbba599d700 10 -- 10.21.199.3:0/761686341 >> 10.21.199.4:6789/0 pipe(0x7fbba6699ef0 sd=4 :55678 s=2 pgs=1138536 cs=1 l=1 c=0x7fbba669b1b0).aborted = 0
2017-03-07 21:30:41.385761 7fbba599d700 20 -- 10.21.199.3:0/761686341 >> 10.21.199.4:6789/0 pipe(0x7fbba6699ef0 sd=4 :55678 s=2 pgs=1138536 cs=1 l=1 c=0x7fbba669b1b0).reader got 206 + 0 + 0 byte message
2017-03-07 21:30:41.385786 7fbba599d700 10 -- 10.21.199.3:0/761686341 >> 10.21.199.4:6789/0 pipe(0x7fbba6699ef0 sd=4 :55678 s=2 pgs=1138536 cs=1 l=1 c=0x7fbba669b1b0).No session security set
2017-03-07 21:30:41.385802 7fbba599d700 10 -- 10.21.199.3:0/761686341 >> 10.21.199.4:6789/0 pipe(0x7fbba6699ef0 sd=4 :55678 s=2 pgs=1138536 cs=1 l=1 c=0x7fbba669b1b0).reader got message 3 0x7fbb70004000 auth_reply(proto 2 0 (0) Success) v1
2017-03-07 21:30:41.385827 7fbba599d700 20 -- 10.21.199.3:0/761686341 queue 0x7fbb70004000 prio 196
2017-03-07 21:30:41.385840 7fbba599d700 20 -- 10.21.199.3:0/761686341 >> 10.21.199.4:6789/0 pipe(0x7fbba6699ef0 sd=4 :55678 s=2 pgs=1138536 cs=1 l=1 c=0x7fbba669b1b0).reader reading tag...
2017-03-07 21:30:41.385847 7fbba5bd2700 10 -- 10.21.199.3:0/761686341 >> 10.21.199.4:6789/0 pipe(0x7fbba6699ef0 sd=4 :55678 s=2 pgs=1138536 cs=1 l=1 c=0x7fbba669b1b0).writer: state = open policy.server=0
2017-03-07 21:30:41.385874 7fbba5bd2700 10 -- 10.21.199.3:0/761686341 >> 10.21.199.4:6789/0 pipe(0x7fbba6699ef0 sd=4 :55678 s=2 pgs=1138536 cs=1 l=1 c=0x7fbba669b1b0).write_ack 3
2017-03-07 21:30:41.385896 7fbba5bd2700 10 -- 10.21.199.3:0/761686341 >> 10.21.199.4:6789/0 pipe(0x7fbba6699ef0 sd=4 :55678 s=2 pgs=1138536 cs=1 l=1 c=0x7fbba669b1b0).writer: state = open policy.server=0
2017-03-07 21:30:41.385905 7fbba5bd2700 20 -- 10.21.199.3:0/761686341 >> 10.21.199.4:6789/0 pipe(0x7fbba6699ef0 sd=4 :55678 s=2 pgs=1138536 cs=1 l=1 c=0x7fbba669b1b0).writer sleeping
2017-03-07 21:30:41.385907 7fbb8d359700 1 -- 10.21.199.3:0/761686341 <== mon.1 10.21.199.4:6789/0 3 ==== auth_reply(proto 2 0 (0) Success) v1 ==== 206+0+0 (2257616673 0 0) 0x7fbb70004000 con 0x7fbba669b1b0
2017-03-07 21:30:41.386086 7fbb8d359700 1 -- 10.21.199.3:0/761686341 --> 10.21.199.4:6789/0 -- auth(proto 2 165 bytes epoch 0) v1 -- ?+0 0x7fbb7c0022a0 con 0x7fbba669b1b0
2017-03-07 21:30:41.386100 7fbb8d359700 20 -- 10.21.199.3:0/761686341 submit_message auth(proto 2 165 bytes epoch 0) v1 remote, 10.21.199.4:6789/0, have pipe.
2017-03-07 21:30:41.386116 7fbb8d359700 10 -- 10.21.199.3:0/761686341 dispatch_throttle_release 206 to dispatch throttler 0/0
2017-03-07 21:30:41.386121 7fbb8d359700 20 -- 10.21.199.3:0/761686341 done calling dispatch on 0x7fbb70004000
2017-03-07 21:30:41.386140 7fbba5bd2700 10 -- 10.21.199.3:0/761686341 >> 10.21.199.4:6789/0 pipe(0x7fbba6699ef0 sd=4 :55678 s=2 pgs=1138536 cs=1 l=1 c=0x7fbba669b1b0).writer: state = open policy.server=0
2017-03-07 21:30:41.386175 7fbba5bd2700 20 -- 10.21.199.3:0/761686341 >> 10.21.199.4:6789/0 pipe(0x7fbba6699ef0 sd=4 :55678 s=2 pgs=1138536 cs=1 l=1 c=0x7fbba669b1b0).writer encoding 3 features 576460752032874495 0x7fbb7c0022a0 auth(proto 2 165 bytes epoch 0) v1
2017-03-07 21:30:41.386227 7fbba5bd2700 20 -- 10.21.199.3:0/761686341 >> 10.21.199.4:6789/0 pipe(0x7fbba6699ef0 sd=4 :55678 s=2 pgs=1138536 cs=1 l=1 c=0x7fbba669b1b0).writer no session security
2017-03-07 21:30:41.386250 7fbba5bd2700 20 -- 10.21.199.3:0/761686341 >> 10.21.199.4:6789/0 pipe(0x7fbba6699ef0 sd=4 :55678 s=2 pgs=1138536 cs=1 l=1 c=0x7fbba669b1b0).writer sending 3 0x7fbb7c0022a0
2017-03-07 21:30:41.386312 7fbba5bd2700 10 -- 10.21.199.3:0/761686341 >> 10.21.199.4:6789/0 pipe(0x7fbba6699ef0 sd=4 :55678 s=2 pgs=1138536 cs=1 l=1 c=0x7fbba669b1b0).writer: state = open policy.server=0
2017-03-07 21:30:41.386331 7fbba5bd2700 20 -- 10.21.199.3:0/761686341 >> 10.21.199.4:6789/0 pipe(0x7fbba6699ef0 sd=4 :55678 s=2 pgs=1138536 cs=1 l=1 c=0x7fbba669b1b0).writer sleeping
2017-03-07 21:30:41.387098 7fbba599d700 20 -- 10.21.199.3:0/761686341 >> 10.21.199.4:6789/0 pipe(0x7fbba6699ef0 sd=4 :55678 s=2 pgs=1138536 cs=1 l=1 c=0x7fbba669b1b0).reader got ACK
2017-03-07 21:30:41.387137 7fbba599d700 15 -- 10.21.199.3:0/761686341 >> 10.21.199.4:6789/0 pipe(0x7fbba6699ef0 sd=4 :55678 s=2 pgs=1138536 cs=1 l=1 c=0x7fbba669b1b0).reader got ack seq 3
2017-03-07 21:30:41.387153 7fbba599d700 20 -- 10.21.199.3:0/761686341 >> 10.21.199.4:6789/0 pipe(0x7fbba6699ef0 sd=4 :55678 s=2 pgs=1138536 cs=1 l=1 c=0x7fbba669b1b0).reader reading tag...
2017-03-07 21:30:41.387166 7fbba599d700 20 -- 10.21.199.3:0/761686341 >> 10.21.199.4:6789/0 pipe(0x7fbba6699ef0 sd=4 :55678 s=2 pgs=1138536 cs=1 l=1 c=0x7fbba669b1b0).reader got MSG
2017-03-07 21:30:41.387175 7fbba599d700 20 -- 10.21.199.3:0/761686341 >> 10.21.199.4:6789/0 pipe(0x7fbba6699ef0 sd=4 :55678 s=2 pgs=1138536 cs=1 l=1 c=0x7fbba669b1b0).reader got envelope type=18 src mon.1 front=393 data=0 off 0
2017-03-07 21:30:41.387189 7fbba599d700 10 -- 10.21.199.3:0/761686341 >> 10.21.199.4:6789/0 pipe(0x7fbba6699ef0 sd=4 :55678 s=2 pgs=1138536 cs=1 l=1 c=0x7fbba669b1b0).reader wants 393 from dispatch throttler 0/0
2017-03-07 21:30:41.387199 7fbba599d700 20 -- 10.21.199.3:0/761686341 >> 10.21.199.4:6789/0 pipe(0x7fbba6699ef0 sd=4 :55678 s=2 pgs=1138536 cs=1 l=1 c=0x7fbba669b1b0).reader got front 393
2017-03-07 21:30:41.387206 7fbba599d700 10 -- 10.21.199.3:0/761686341 >> 10.21.199.4:6789/0 pipe(0x7fbba6699ef0 sd=4 :55678 s=2 pgs=1138536 cs=1 l=1 c=0x7fbba669b1b0).aborted = 0
2017-03-07 21:30:41.387222 7fbba599d700 20 -- 10.21.199.3:0/761686341 >> 10.21.199.4:6789/0 pipe(0x7fbba6699ef0 sd=4 :55678 s=2 pgs=1138536 cs=1 l=1 c=0x7fbba669b1b0).reader got 393 + 0 + 0 byte message
2017-03-07 21:30:41.387238 7fbba599d700 10 -- 10.21.199.3:0/761686341 >> 10.21.199.4:6789/0 pipe(0x7fbba6699ef0 sd=4 :55678 s=2 pgs=1138536 cs=1 l=1 c=0x7fbba669b1b0).No session security set
2017-03-07 21:30:41.387254 7fbba599d700 10 -- 10.21.199.3:0/761686341 >> 10.21.199.4:6789/0 pipe(0x7fbba6699ef0 sd=4 :55678 s=2 pgs=1138536 cs=1 l=1 c=0x7fbba669b1b0).reader got message 4 0x7fbb700050f0 auth_reply(proto 2 0 (0) Success) v1
2017-03-07 21:30:41.387278 7fbba599d700 20 -- 10.21.199.3:0/761686341 queue 0x7fbb700050f0 prio 196
2017-03-07 21:30:41.387309 7fbba599d700 20 -- 10.21.199.3:0/761686341 >> 10.21.199.4:6789/0 pipe(0x7fbba6699ef0 sd=4 :55678 s=2 pgs=1138536 cs=1 l=1 c=0x7fbba669b1b0).reader reading tag...
2017-03-07 21:30:41.387312 7fbba5bd2700 10 -- 10.21.199.3:0/761686341 >> 10.21.199.4:6789/0 pipe(0x7fbba6699ef0 sd=4 :55678 s=2 pgs=1138536 cs=1 l=1 c=0x7fbba669b1b0).writer: state = open policy.server=0
2017-03-07 21:30:41.387347 7fbba5bd2700 10 -- 10.21.199.3:0/761686341 >> 10.21.199.4:6789/0 pipe(0x7fbba6699ef0 sd=4 :55678 s=2 pgs=1138536 cs=1 l=1 c=0x7fbba669b1b0).write_ack 4
2017-03-07 21:30:41.387375 7fbba5bd2700 10 -- 10.21.199.3:0/761686341 >> 10.21.199.4:6789/0 pipe(0x7fbba6699ef0 sd=4 :55678 s=2 pgs=1138536 cs=1 l=1 c=0x7fbba669b1b0).writer: state = open policy.server=0
2017-03-07 21:30:41.387361 7fbb8d359700 1 -- 10.21.199.3:0/761686341 <== mon.1 10.21.199.4:6789/0 4 ==== auth_reply(proto 2 0 (0) Success) v1 ==== 393+0+0 (3778660437 0 0) 0x7fbb700050f0 con 0x7fbba669b1b0
2017-03-07 21:30:41.387393 7fbba5bd2700 20 -- 10.21.199.3:0/761686341 >> 10.21.199.4:6789/0 pipe(0x7fbba6699ef0 sd=4 :55678 s=2 pgs=1138536 cs=1 l=1 c=0x7fbba669b1b0).writer sleeping
2017-03-07 21:30:41.387509 7fbb8d359700 1 -- 10.21.199.3:0/761686341 --> 10.21.199.4:6789/0 -- mon_subscribe({monmap=0+}) v2 -- ?+0 0x7fbba669ff90 con 0x7fbba669b1b0
2017-03-07 21:30:41.387530 7fbb8d359700 20 -- 10.21.199.3:0/761686341 submit_message mon_subscribe({monmap=0+}) v2 remote, 10.21.199.4:6789/0, have pipe.
2017-03-07 21:30:41.387560 7fbb8d359700 10 -- 10.21.199.3:0/761686341 dispatch_throttle_release 393 to dispatch throttler 0/0
2017-03-07 21:30:41.387566 7fbb8d359700 20 -- 10.21.199.3:0/761686341 done calling dispatch on 0x7fbb700050f0
2017-03-07 21:30:41.387566 7fbba5bd2700 10 -- 10.21.199.3:0/761686341 >> 10.21.199.4:6789/0 pipe(0x7fbba6699ef0 sd=4 :55678 s=2 pgs=1138536 cs=1 l=1 c=0x7fbba669b1b0).writer: state = open policy.server=0
2017-03-07 21:30:41.387602 7fbba5bdca40 10 client.4113901.objecter _maybe_request_map subscribing (onetime) to next osd map
2017-03-07 21:30:41.387595 7fbba5bd2700 20 -- 10.21.199.3:0/761686341 >> 10.21.199.4:6789/0 pipe(0x7fbba6699ef0 sd=4 :55678 s=2 pgs=1138536 cs=1 l=1 c=0x7fbba669b1b0).writer encoding 4 features 576460752032874495 0x7fbba669ff90 mon_subscribe({monmap=0+}) v2
2017-03-07 21:30:41.387619 7fbba5bdca40 1 -- 10.21.199.3:0/761686341 --> 10.21.199.4:6789/0 -- mon_subscribe({osdmap=0}) v2 -- ?+0 0x7fbba669c210 con 0x7fbba669b1b0
2017-03-07 21:30:41.387640 7fbba5bd2700 20 -- 10.21.199.3:0/761686341 >> 10.21.199.4:6789/0 pipe(0x7fbba6699ef0 sd=4 :55678 s=2 pgs=1138536 cs=1 l=1 c=0x7fbba669b1b0).writer no session security
2017-03-07 21:30:41.387670 7fbba5bd2700 20 -- 10.21.199.3:0/761686341 >> 10.21.199.4:6789/0 pipe(0x7fbba6699ef0 sd=4 :55678 s=2 pgs=1138536 cs=1 l=1 c=0x7fbba669b1b0).writer sending 4 0x7fbba669ff90
2017-03-07 21:30:41.387678 7fbba5bdca40 20 -- 10.21.199.3:0/761686341 submit_message mon_subscribe({osdmap=0}) v2 remote, 10.21.199.4:6789/0, have pipe.
2017-03-07 21:30:41.387726 7fbba5bd2700 10 -- 10.21.199.3:0/761686341 >> 10.21.199.4:6789/0 pipe(0x7fbba6699ef0 sd=4 :55678 s=2 pgs=1138536 cs=1 l=1 c=0x7fbba669b1b0).writer: state = open policy.server=0
2017-03-07 21:30:41.387740 7fbba5bd2700 20 -- 10.21.199.3:0/761686341 >> 10.21.199.4:6789/0 pipe(0x7fbba6699ef0 sd=4 :55678 s=2 pgs=1138536 cs=1 l=1 c=0x7fbba669b1b0).writer encoding 5 features 576460752032874495 0x7fbba669c210 mon_subscribe({osdmap=0}) v2
2017-03-07 21:30:41.387755 7fbba5bd2700 20 -- 10.21.199.3:0/761686341 >> 10.21.199.4:6789/0 pipe(0x7fbba6699ef0 sd=4 :55678 s=2 pgs=1138536 cs=1 l=1 c=0x7fbba669b1b0).writer no session security
2017-03-07 21:30:41.387763 7fbba5bd2700 20 -- 10.21.199.3:0/761686341 >> 10.21.199.4:6789/0 pipe(0x7fbba6699ef0 sd=4 :55678 s=2 pgs=1138536 cs=1 l=1 c=0x7fbba669b1b0).writer sending 5 0x7fbba669c210
2017-03-07 21:30:41.387791 7fbba5bd2700 10 -- 10.21.199.3:0/761686341 >> 10.21.199.4:6789/0 pipe(0x7fbba6699ef0 sd=4 :55678 s=2 pgs=1138536 cs=1 l=1 c=0x7fbba669b1b0).writer: state = open policy.server=0
2017-03-07 21:30:41.387801 7fbba5bd2700 20 -- 10.21.199.3:0/761686341 >> 10.21.199.4:6789/0 pipe(0x7fbba6699ef0 sd=4 :55678 s=2 pgs=1138536 cs=1 l=1 c=0x7fbba669b1b0).writer sleeping
2017-03-07 21:30:41.388127 7fbba599d700 20 -- 10.21.199.3:0/761686341 >> 10.21.199.4:6789/0 pipe(0x7fbba6699ef0 sd=4 :55678 s=2 pgs=1138536 cs=1 l=1 c=0x7fbba669b1b0).reader got ACK
2017-03-07 21:30:41.388192 7fbba599d700 15 -- 10.21.199.3:0/761686341 >> 10.21.199.4:6789/0 pipe(0x7fbba6699ef0 sd=4 :55678 s=2 pgs=1138536 cs=1 l=1 c=0x7fbba669b1b0).reader got ack seq 4
2017-03-07 21:30:41.388204 7fbba599d700 20 -- 10.21.199.3:0/761686341 >> 10.21.199.4:6789/0 pipe(0x7fbba6699ef0 sd=4 :55678 s=2 pgs=1138536 cs=1 l=1 c=0x7fbba669b1b0).reader reading tag...
2017-03-07 21:30:41.388212 7fbba599d700 20 -- 10.21.199.3:0/761686341 >> 10.21.199.4:6789/0 pipe(0x7fbba6699ef0 sd=4 :55678 s=2 pgs=1138536 cs=1 l=1 c=0x7fbba669b1b0).reader got ACK
2017-03-07 21:30:41.388218 7fbba599d700 15 -- 10.21.199.3:0/761686341 >> 10.21.199.4:6789/0 pipe(0x7fbba6699ef0 sd=4 :55678 s=2 pgs=1138536 cs=1 l=1 c=0x7fbba669b1b0).reader got ack seq 5
2017-03-07 21:30:41.388224 7fbba599d700 20 -- 10.21.199.3:0/761686341 >> 10.21.199.4:6789/0 pipe(0x7fbba6699ef0 sd=4 :55678 s=2 pgs=1138536 cs=1 l=1 c=0x7fbba669b1b0).reader reading tag...
2017-03-07 21:30:41.388229 7fbba599d700 20 -- 10.21.199.3:0/761686341 >> 10.21.199.4:6789/0 pipe(0x7fbba6699ef0 sd=4 :55678 s=2 pgs=1138536 cs=1 l=1 c=0x7fbba669b1b0).reader got MSG
2017-03-07 21:30:41.388236 7fbba599d700 20 -- 10.21.199.3:0/761686341 >> 10.21.199.4:6789/0 pipe(0x7fbba6699ef0 sd=4 :55678 s=2 pgs=1138536 cs=1 l=1 c=0x7fbba669b1b0).reader got envelope type=4 src mon.1 front=800 data=0 off 0
2017-03-07 21:30:41.388251 7fbba599d700 10 -- 10.21.199.3:0/761686341 >> 10.21.199.4:6789/0 pipe(0x7fbba6699ef0 sd=4 :55678 s=2 pgs=1138536 cs=1 l=1 c=0x7fbba669b1b0).reader wants 800 from dispatch throttler 0/0
2017-03-07 21:30:41.388261 7fbba599d700 20 -- 10.21.199.3:0/761686341 >> 10.21.199.4:6789/0 pipe(0x7fbba6699ef0 sd=4 :55678 s=2 pgs=1138536 cs=1 l=1 c=0x7fbba669b1b0).reader got front 800
2017-03-07 21:30:41.388267 7fbba599d700 10 -- 10.21.199.3:0/761686341 >> 10.21.199.4:6789/0 pipe(0x7fbba6699ef0 sd=4 :55678 s=2 pgs=1138536 cs=1 l=1 c=0x7fbba669b1b0).aborted = 0
2017-03-07 21:30:41.388273 7fbba599d700 20 -- 10.21.199.3:0/761686341 >> 10.21.199.4:6789/0 pipe(0x7fbba6699ef0 sd=4 :55678 s=2 pgs=1138536 cs=1 l=1 c=0x7fbba669b1b0).reader got 800 + 0 + 0 byte message
2017-03-07 21:30:41.388329 7fbba599d700 10 -- 10.21.199.3:0/761686341 >> 10.21.199.4:6789/0 pipe(0x7fbba6699ef0 sd=4 :55678 s=2 pgs=1138536 cs=1 l=1 c=0x7fbba669b1b0).No session security set
2017-03-07 21:30:41.388348 7fbba599d700 10 -- 10.21.199.3:0/761686341 >> 10.21.199.4:6789/0 pipe(0x7fbba6699ef0 sd=4 :55678 s=2 pgs=1138536 cs=1 l=1 c=0x7fbba669b1b0).reader got message 5 0x7fbb70006860 mon_map magic: 0 v1
2017-03-07 21:30:41.388427 7fbba599d700 20 -- 10.21.199.3:0/761686341 queue 0x7fbb70006860 prio 196
2017-03-07 21:30:41.388468 7fbba599d700 20 -- 10.21.199.3:0/761686341 >> 10.21.199.4:6789/0 pipe(0x7fbba6699ef0 sd=4 :55678 s=2 pgs=1138536 cs=1 l=1 c=0x7fbba669b1b0).reader reading tag...
2017-03-07 21:30:41.388499 7fbba599d700 20 -- 10.21.199.3:0/761686341 >> 10.21.199.4:6789/0 pipe(0x7fbba6699ef0 sd=4 :55678 s=2 pgs=1138536 cs=1 l=1 c=0x7fbba669b1b0).reader got MSG
2017-03-07 21:30:41.388516 7fbba599d700 20 -- 10.21.199.3:0/761686341 >> 10.21.199.4:6789/0 pipe(0x7fbba6699ef0 sd=4 :55678 s=2 pgs=1138536 cs=1 l=1 c=0x7fbba669b1b0).reader got envelope type=41 src mon.1 front=542252 data=0 off 0
2017-03-07 21:30:41.388508 7fbba5bd2700 10 -- 10.21.199.3:0/761686341 >> 10.21.199.4:6789/0 pipe(0x7fbba6699ef0 sd=4 :55678 s=2 pgs=1138536 cs=1 l=1 c=0x7fbba669b1b0).writer: state = open policy.server=0
2017-03-07 21:30:41.388526 7fbba599d700 10 -- 10.21.199.3:0/761686341 >> 10.21.199.4:6789/0 pipe(0x7fbba6699ef0 sd=4 :55678 s=2 pgs=1138536 cs=1 l=1 c=0x7fbba669b1b0).reader wants 542252 from dispatch throttler 0/0
2017-03-07 21:30:41.388535 7fbba5bd2700 10 -- 10.21.199.3:0/761686341 >> 10.21.199.4:6789/0 pipe(0x7fbba6699ef0 sd=4 :55678 s=2 pgs=1138536 cs=1 l=1 c=0x7fbba669b1b0).write_ack 5
2017-03-07 21:30:41.388529 7fbb8d359700 1 -- 10.21.199.3:0/761686341 <== mon.1 10.21.199.4:6789/0 5 ==== mon_map magic: 0 v1 ==== 800+0+0 (2252526554 0 0) 0x7fbb70006860 con 0x7fbba669b1b0
2017-03-07 21:30:41.388577 7fbba5bd2700 10 -- 10.21.199.3:0/761686341 >> 10.21.199.4:6789/0 pipe(0x7fbba6699ef0 sd=4 :55678 s=2 pgs=1138536 cs=1 l=1 c=0x7fbba669b1b0).writer: state = open policy.server=0
2017-03-07 21:30:41.388581 7fbb8d359700 10 -- 10.21.199.3:0/761686341 dispatch_throttle_release 800 to dispatch throttler 0/0
2017-03-07 21:30:41.388588 7fbb8d359700 20 -- 10.21.199.3:0/761686341 done calling dispatch on 0x7fbb70006860
2017-03-07 21:30:41.388587 7fbba5bd2700 20 -- 10.21.199.3:0/761686341 >> 10.21.199.4:6789/0 pipe(0x7fbba6699ef0 sd=4 :55678 s=2 pgs=1138536 cs=1 l=1 c=0x7fbba669b1b0).writer sleeping
2017-03-07 21:30:41.390278 7fbba599d700 20 -- 10.21.199.3:0/761686341 >> 10.21.199.4:6789/0 pipe(0x7fbba6699ef0 sd=4 :55678 s=2 pgs=1138536 cs=1 l=1 c=0x7fbba669b1b0).reader got front 542252
2017-03-07 21:30:41.390311 7fbba599d700 10 -- 10.21.199.3:0/761686341 >> 10.21.199.4:6789/0 pipe(0x7fbba6699ef0 sd=4 :55678 s=2 pgs=1138536 cs=1 l=1 c=0x7fbba669b1b0).aborted = 0
2017-03-07 21:30:41.390320 7fbba599d700 20 -- 10.21.199.3:0/761686341 >> 10.21.199.4:6789/0 pipe(0x7fbba6699ef0 sd=4 :55678 s=2 pgs=1138536 cs=1 l=1 c=0x7fbba669b1b0).reader got 542252 + 0 + 0 byte message
2017-03-07 21:30:41.390427 7fbba599d700 10 -- 10.21.199.3:0/761686341 >> 10.21.199.4:6789/0 pipe(0x7fbba6699ef0 sd=4 :55678 s=2 pgs=1138536 cs=1 l=1 c=0x7fbba669b1b0).No session security set
2017-03-07 21:30:41.390447 7fbba599d700 10 -- 10.21.199.3:0/761686341 >> 10.21.199.4:6789/0 pipe(0x7fbba6699ef0 sd=4 :55678 s=2 pgs=1138536 cs=1 l=1 c=0x7fbba669b1b0).reader got message 6 0x7fbb70006260 osd_map(234774..234774 src has 234241..234774) v3
2017-03-07 21:30:41.390464 7fbba599d700 20 -- 10.21.199.3:0/761686341 queue 0x7fbb70006260 prio 196
2017-03-07 21:30:41.390490 7fbba599d700 20 -- 10.21.199.3:0/761686341 >> 10.21.199.4:6789/0 pipe(0x7fbba6699ef0 sd=4 :55678 s=2 pgs=1138536 cs=1 l=1 c=0x7fbba669b1b0).reader reading tag...
2017-03-07 21:30:41.390501 7fbba5bd2700 10 -- 10.21.199.3:0/761686341 >> 10.21.199.4:6789/0 pipe(0x7fbba6699ef0 sd=4 :55678 s=2 pgs=1138536 cs=1 l=1 c=0x7fbba669b1b0).writer: state = open policy.server=0
2017-03-07 21:30:41.390536 7fbba5bd2700 10 -- 10.21.199.3:0/761686341 >> 10.21.199.4:6789/0 pipe(0x7fbba6699ef0 sd=4 :55678 s=2 pgs=1138536 cs=1 l=1 c=0x7fbba669b1b0).write_ack 6
2017-03-07 21:30:41.390561 7fbba5bd2700 10 -- 10.21.199.3:0/761686341 >> 10.21.199.4:6789/0 pipe(0x7fbba6699ef0 sd=4 :55678 s=2 pgs=1138536 cs=1 l=1 c=0x7fbba669b1b0).writer: state = open policy.server=0
2017-03-07 21:30:41.390602 7fbba5bd2700 20 -- 10.21.199.3:0/761686341 >> 10.21.199.4:6789/0 pipe(0x7fbba6699ef0 sd=4 :55678 s=2 pgs=1138536 cs=1 l=1 c=0x7fbba669b1b0).writer sleeping
2017-03-07 21:30:41.390549 7fbb8d359700 1 -- 10.21.199.3:0/761686341 <== mon.1 10.21.199.4:6789/0 6 ==== osd_map(234774..234774 src has 234241..234774) v3 ==== 542252+0+0 (3963718397 0 0) 0x7fbb70006260 con 0x7fbba669b1b0
2017-03-07 21:30:41.390631 7fbb8d359700 10 client.4113901.objecter ms_dispatch 0x7fbba663df90 osd_map(234774..234774 src has 234241..234774) v3
2017-03-07 21:30:41.390655 7fbb8d359700 3 client.4113901.objecter handle_osd_map got epochs [234774,234774] > 0
2017-03-07 21:30:41.390662 7fbb8d359700 3 client.4113901.objecter handle_osd_map decoding full epoch 234774
2017-03-07 21:30:41.393935 7fbb8d359700 20 client.4113901.objecter dump_active .. 0 homeless
2017-03-07 21:30:41.394002 7fbb8d359700 10 -- 10.21.199.3:0/761686341 dispatch_throttle_release 542252 to dispatch throttler 0/0
2017-03-07 21:30:41.394012 7fbb8d359700 20 -- 10.21.199.3:0/761686341 done calling dispatch on 0x7fbb70006260
2017-03-07 21:30:41.394180 7fbba5bdca40 10 client.4113901.objecter _op_submit op 0x7fbba669f490
2017-03-07 21:30:41.394262 7fbba5bdca40 10 client.4113901.objecter _calc_target pgid 4.bc2dcdb7 acting [751,45,606]
2017-03-07 21:30:41.394282 7fbba5bdca40 10 -- 10.21.199.3:0/761686341 connect_rank to 10.21.199.42:6820/271935, creating pipe and registering
2017-03-07 21:30:41.394359 7fbba5bdca40 10 -- 10.21.199.3:0/761686341 >> 10.21.199.42:6820/271935 pipe(0x7fbba669fe70 sd=-1 :0 s=1 pgs=0 cs=0 l=1 c=0x7fbba66a1130).register_pipe
2017-03-07 21:30:41.394386 7fbba5bdca40 10 -- 10.21.199.3:0/761686341 get_connection osd.751 10.21.199.42:6820/271935 new 0x7fbba669fe70
2017-03-07 21:30:41.394400 7fbba5bdca40 20 client.4113901.objecter _get_session s=0x7fbba669f6d0 osd=751 2
2017-03-07 21:30:41.394404 7fbba5bdca40 20 client.4113901.objecter note: not requesting ack
2017-03-07 21:30:41.394446 7fbba5bdca40 10 client.4113901.objecter _op_submit oid rbd_data.3d31f5756d622c.0000000000005b87 '@4' '@4' [delete] tid 1 osd.751
2017-03-07 21:30:41.394463 7fbba5bdca40 20 client.4113901.objecter get_session s=0x7fbba669f6d0 osd=751 2
2017-03-07 21:30:41.394468 7fbba5bdca40 15 client.4113901.objecter _session_op_assign 751 1
2017-03-07 21:30:41.394471 7fbba5bdca40 15 client.4113901.objecter _send_op 1 to osd.751
2017-03-07 21:30:41.394466 7fbb8c357700 10 -- 10.21.199.3:0/761686341 >> 10.21.199.42:6820/271935 pipe(0x7fbba669fe70 sd=-1 :0 s=1 pgs=0 cs=0 l=1 c=0x7fbba66a1130).writer: state = connecting policy.server=0
2017-03-07 21:30:41.394474 7fbba5bdca40 1 -- 10.21.199.3:0/761686341 --> 10.21.199.42:6820/271935 -- osd_op(client.4113901.0:1 4.bc2dcdb7 rbd_data.3d31f5756d622c.0000000000005b87 [delete] snapc 0=[] ondisk+write+known_if_redirected e234774) v7 -- ?+0 0x7fbba66a2a00 con 0x7fbba66a1130
2017-03-07 21:30:41.394496 7fbb8c357700 10 -- 10.21.199.3:0/761686341 >> 10.21.199.42:6820/271935 pipe(0x7fbba669fe70 sd=-1 :0 s=1 pgs=0 cs=0 l=1 c=0x7fbba66a1130).connect 0
2017-03-07 21:30:41.394524 7fbba5bdca40 20 -- 10.21.199.3:0/761686341 submit_message osd_op(client.4113901.0:1 4.bc2dcdb7 rbd_data.3d31f5756d622c.0000000000005b87 [delete] snapc 0=[] ondisk+write+known_if_redirected e234774) v7 remote, 10.21.199.42:6820/271935, have pipe.
2017-03-07 21:30:41.394545 7fbba5bdca40 20 client.4113901.objecter put_session s=0x7fbba669f6d0 osd=751 3
2017-03-07 21:30:41.394539 7fbb8c357700 10 -- 10.21.199.3:0/761686341 >> 10.21.199.42:6820/271935 pipe(0x7fbba669fe70 sd=5 :0 s=1 pgs=0 cs=0 l=1 c=0x7fbba66a1130).connecting to 10.21.199.42:6820/271935
2017-03-07 21:30:41.394548 7fbba5bdca40 5 client.4113901.objecter 0 unacked, 1 uncommitted
2017-03-07 21:30:41.395717 7fbb8c357700 20 -- 10.21.199.3:0/761686341 >> 10.21.199.42:6820/271935 pipe(0x7fbba669fe70 sd=5 :49549 s=1 pgs=0 cs=0 l=1 c=0x7fbba66a1130).connect read peer addr 10.21.199.42:6820/271935 on socket 5
2017-03-07 21:30:41.395755 7fbb8c357700 20 -- 10.21.199.3:0/761686341 >> 10.21.199.42:6820/271935 pipe(0x7fbba669fe70 sd=5 :49549 s=1 pgs=0 cs=0 l=1 c=0x7fbba66a1130).connect peer addr for me is 10.21.199.3:49549/0
2017-03-07 21:30:41.395808 7fbb8c357700 10 -- 10.21.199.3:0/761686341 >> 10.21.199.42:6820/271935 pipe(0x7fbba669fe70 sd=5 :49549 s=1 pgs=0 cs=0 l=1 c=0x7fbba66a1130).connect sent my addr 10.21.199.3:0/761686341
2017-03-07 21:30:41.395906 7fbb8c357700 10 -- 10.21.199.3:0/761686341 >> 10.21.199.42:6820/271935 pipe(0x7fbba669fe70 sd=5 :49549 s=1 pgs=0 cs=0 l=1 c=0x7fbba66a1130).connect.authorizer_len=174 protocol=2
2017-03-07 21:30:41.395941 7fbb8c357700 10 -- 10.21.199.3:0/761686341 >> 10.21.199.42:6820/271935 pipe(0x7fbba669fe70 sd=5 :49549 s=1 pgs=0 cs=0 l=1 c=0x7fbba66a1130).connect sending gseq=2 cseq=0 proto=24
2017-03-07 21:30:41.395980 7fbb8c357700 20 -- 10.21.199.3:0/761686341 >> 10.21.199.42:6820/271935 pipe(0x7fbba669fe70 sd=5 :49549 s=1 pgs=0 cs=0 l=1 c=0x7fbba66a1130).connect wrote (self +) cseq, waiting for reply
2017-03-07 21:30:41.396322 7fbb8c357700 20 -- 10.21.199.3:0/761686341 >> 10.21.199.42:6820/271935 pipe(0x7fbba669fe70 sd=5 :49549 s=1 pgs=0 cs=0 l=1 c=0x7fbba66a1130).connect got reply tag 1 connect_seq 1 global_seq 4910629 proto 24 flags 1 features 576460752032874495
2017-03-07 21:30:41.396357 7fbb8c357700 10 -- 10.21.199.3:0/761686341 >> 10.21.199.42:6820/271935 pipe(0x7fbba669fe70 sd=5 :49549 s=1 pgs=0 cs=0 l=1 c=0x7fbba66a1130).reply.authorizer_len=36
2017-03-07 21:30:41.396414 7fbb8c357700 10 -- 10.21.199.3:0/761686341 >> 10.21.199.42:6820/271935 pipe(0x7fbba669fe70 sd=5 :49549 s=2 pgs=4910629 cs=1 l=1 c=0x7fbba66a1130).connect success 1, lossy = 1, features 576460752032874495
2017-03-07 21:30:41.396442 7fbb8c357700 20 -- 10.21.199.3:0/761686341 >> 10.21.199.42:6820/271935 pipe(0x7fbba669fe70 sd=5 :49549 s=2 pgs=4910629 cs=1 l=1 c=0x7fbba66a1130).connect starting reader
2017-03-07 21:30:41.396506 7fbb8d359700 10 client.4113901.objecter ms_handle_connect 0x7fbba66a1130
2017-03-07 21:30:41.396529 7fbb8c357700 10 -- 10.21.199.3:0/761686341 >> 10.21.199.42:6820/271935 pipe(0x7fbba669fe70 sd=5 :49549 s=2 pgs=4910629 cs=1 l=1 c=0x7fbba66a1130).writer: state = open policy.server=0
2017-03-07 21:30:41.396544 7fbb8c357700 20 -- 10.21.199.3:0/761686341 >> 10.21.199.42:6820/271935 pipe(0x7fbba669fe70 sd=5 :49549 s=2 pgs=4910629 cs=1 l=1 c=0x7fbba66a1130).writer encoding 1 features 576460752032874495 0x7fbba66a2a00 osd_op(client.4113901.0:1 4.bc2dcdb7 rbd_data.3d31f5756d622c.0000000000005b87 [delete] snapc 0=[] ondisk+write+known_if_redirected e234774) v7
2017-03-07 21:30:41.396593 7fbb8c357700 20 -- 10.21.199.3:0/761686341 >> 10.21.199.42:6820/271935 pipe(0x7fbba669fe70 sd=5 :49549 s=2 pgs=4910629 cs=1 l=1 c=0x7fbba66a1130).writer signed seq # 1): sig = 0
2017-03-07 21:30:41.396611 7fbb8c357700 20 -- 10.21.199.3:0/761686341 >> 10.21.199.42:6820/271935 pipe(0x7fbba669fe70 sd=5 :49549 s=2 pgs=4910629 cs=1 l=1 c=0x7fbba66a1130).writer sending 1 0x7fbba66a2a00
2017-03-07 21:30:41.396662 7fbb8c357700 10 -- 10.21.199.3:0/761686341 >> 10.21.199.42:6820/271935 pipe(0x7fbba669fe70 sd=5 :49549 s=2 pgs=4910629 cs=1 l=1 c=0x7fbba66a1130).writer: state = open policy.server=0
2017-03-07 21:30:41.396674 7fbb8c357700 20 -- 10.21.199.3:0/761686341 >> 10.21.199.42:6820/271935 pipe(0x7fbba669fe70 sd=5 :49549 s=2 pgs=4910629 cs=1 l=1 c=0x7fbba66a1130).writer sleeping
2017-03-07 21:30:41.396750 7fbb8c256700 20 -- 10.21.199.3:0/761686341 >> 10.21.199.42:6820/271935 pipe(0x7fbba669fe70 sd=5 :49549 s=2 pgs=4910629 cs=1 l=1 c=0x7fbba66a1130).reader reading tag...
2017-03-07 21:30:41.599631 7fbb8c256700 20 -- 10.21.199.3:0/761686341 >> 10.21.199.42:6820/271935 pipe(0x7fbba669fe70 sd=5 :49549 s=2 pgs=4910629 cs=1 l=1 c=0x7fbba66a1130).reader got ACK
2017-03-07 21:30:41.599671 7fbb8c256700 15 -- 10.21.199.3:0/761686341 >> 10.21.199.42:6820/271935 pipe(0x7fbba669fe70 sd=5 :49549 s=2 pgs=4910629 cs=1 l=1 c=0x7fbba66a1130).reader got ack seq 1
2017-03-07 21:30:41.599681 7fbb8c256700 20 -- 10.21.199.3:0/761686341 >> 10.21.199.42:6820/271935 pipe(0x7fbba669fe70 sd=5 :49549 s=2 pgs=4910629 cs=1 l=1 c=0x7fbba66a1130).reader reading tag...
2017-03-07 21:30:44.381117 7fbb877fe700 20 -- 10.21.199.3:0/761686341 send_keepalive con 0x7fbba669b1b0, have pipe.
2017-03-07 21:30:44.381232 7fbba5bd2700 10 -- 10.21.199.3:0/761686341 >> 10.21.199.4:6789/0 pipe(0x7fbba6699ef0 sd=4 :55678 s=2 pgs=1138536 cs=1 l=1 c=0x7fbba669b1b0).writer: state = open policy.server=0
2017-03-07 21:30:44.381268 7fbba5bd2700 10 -- 10.21.199.3:0/761686341 >> 10.21.199.4:6789/0 pipe(0x7fbba6699ef0 sd=4 :55678 s=2 pgs=1138536 cs=1 l=1 c=0x7fbba669b1b0).write_keepalive2 14
2017-03-07 21:30:44.381266
2017-03-07 21:30:44.381326 7fbba5bd2700 10 -- 10.21.199.3:0/761686341 >> 10.21.199.4:6789/0 pipe(0x7fbba6699ef0 sd=4 :55678 s=2 pgs=1138536 cs=1 l=1 c=0x7fbba669b1b0).writer: state = open policy.server=0
2017-03-07 21:30:44.381357 7fbba5bd2700 20 -- 10.21.199.3:0/761686341 >> 10.21.199.4:6789/0 pipe(0x7fbba6699ef0 sd=4 :55678 s=2 pgs=1138536 cs=1 l=1 c=0x7fbba669b1b0).writer sleeping
2017-03-07 21:30:44.381655 7fbba599d700 2 -- 10.21.199.3:0/761686341 >> 10.21.199.4:6789/0 pipe(0x7fbba6699ef0 sd=4 :55678 s=2 pgs=1138536 cs=1 l=1 c=0x7fbba669b1b0).reader got KEEPALIVE_ACK
2017-03-07 21:30:44.381719 7fbba599d700 20 -- 10.21.199.3:0/761686341 >> 10.21.199.4:6789/0 pipe(0x7fbba6699ef0 sd=4 :55678 s=2 pgs=1138536 cs=1 l=1 c=0x7fbba669b1b0).reader reading tag...
2017-03-07 21:30:46.387803 7fbb8db5a700 10 client.4113901.objecter tick
2017-03-07 21:30:51.387968 7fbb8db5a700 10 client.4113901.objecter tick
2017-03-07 21:30:54.381305 7fbb877fe700 20 -- 10.21.199.3:0/761686341 send_keepalive con 0x7fbba669b1b0, have pipe.
2017-03-07 21:30:54.381412 7fbba5bd2700 10 -- 10.21.199.3:0/761686341 >> 10.21.199.4:6789/0 pipe(0x7fbba6699ef0 sd=4 :55678 s=2 pgs=1138536 cs=1 l=1 c=0x7fbba669b1b0).writer: state = open policy.server=0
2017-03-07 21:30:54.381449 7fbba5bd2700 10 -- 10.21.199.3:0/761686341 >> 10.21.199.4:6789/0 pipe(0x7fbba6699ef0 sd=4 :55678 s=2 pgs=1138536 cs=1 l=1 c=0x7fbba669b1b0).write_keepalive2 14
2017-03-07 21:30:54.381447
2017-03-07 21:30:54.381509 7fbba5bd2700 10 -- 10.21.199.3:0/761686341 >> 10.21.199.4:6789/0 pipe(0x7fbba6699ef0 sd=4 :55678 s=2 pgs=1138536 cs=1 l=1 c=0x7fbba669b1b0).writer: state = open policy.server=0
2017-03-07 21:30:54.381540 7fbba5bd2700 20 -- 10.21.199.3:0/761686341 >> 10.21.199.4:6789/0 pipe(0x7fbba6699ef0 sd=4 :55678 s=2 pgs=1138536 cs=1 l=1 c=0x7fbba669b1b0).writer sleeping
2017-03-07 21:30:54.381823 7fbba599d700 2 -- 10.21.199.3:0/761686341 >> 10.21.199.4:6789/0 pipe(0x7fbba6699ef0 sd=4 :55678 s=2 pgs=1138536 cs=1 l=1 c=0x7fbba669b1b0).reader got KEEPALIVE_ACK
2017-03-07 21:30:54.381891 7fbba599d700 20 -- 10.21.199.3:0/761686341 >> 10.21.199.4:6789/0 pipe(0x7fbba6699ef0 sd=4 :55678 s=2 pgs=1138536 cs=1 l=1 c=0x7fbba669b1b0).reader reading tag...
2017-03-07 21:30:56.388097 7fbb8db5a700 10 client.4113901.objecter tick
2017-03-07 21:30:56.388133 7fbb8db5a700 2 client.4113901.objecter tid 1 on osd.751 is laggy
2017-03-07 21:30:56.388144 7fbb8db5a700 10 client.4113901.objecter _maybe_request_map subscribing (onetime) to next osd map
2017-03-07 21:30:56.388175 7fbb8db5a700 1 -- 10.21.199.3:0/761686341 --> 10.21.199.4:6789/0 -- mon_subscribe({osdmap=234775}) v2 -- ?+0 0x7fbb60000e10 con 0x7fbba669b1b0
2017-03-07 21:30:56.388210 7fbb8db5a700 20 -- 10.21.199.3:0/761686341 submit_message mon_subscribe({osdmap=234775}) v2 remote, 10.21.199.4:6789/0, have pipe.
2017-03-07 21:30:56.388233 7fbb8db5a700 1 -- 10.21.199.3:0/761686341 --> 10.21.199.42:6820/271935 -- ping magic: 0 v1 -- ?+0 0x7fbb60001410 con 0x7fbba66a1130
2017-03-07 21:30:56.388243 7fbb8db5a700 20 -- 10.21.199.3:0/761686341 submit_message ping magic: 0 v1 remote, 10.21.199.42:6820/271935, have pipe.
2017-03-07 21:30:56.388282 7fbba5bd2700 10 -- 10.21.199.3:0/761686341 >> 10.21.199.4:6789/0 pipe(0x7fbba6699ef0 sd=4 :55678 s=2 pgs=1138536 cs=1 l=1 c=0x7fbba669b1b0).writer: state = open policy.server=0
2017-03-07 21:30:56.388283 7fbb8c357700 10 -- 10.21.199.3:0/761686341 >> 10.21.199.42:6820/271935 pipe(0x7fbba669fe70 sd=5 :49549 s=2 pgs=4910629 cs=1 l=1 c=0x7fbba66a1130).writer: state = open policy.server=0
2017-03-07 21:30:56.388324 7fbb8c357700 20 -- 10.21.199.3:0/761686341 >> 10.21.199.42:6820/271935 pipe(0x7fbba669fe70 sd=5 :49549 s=2 pgs=4910629 cs=1 l=1 c=0x7fbba66a1130).writer encoding 2 features 576460752032874495 0x7fbb60001410 ping magic: 0 v1
2017-03-07 21:30:56.388335 7fbba5bd2700 20 -- 10.21.199.3:0/761686341 >> 10.21.199.4:6789/0 pipe(0x7fbba6699ef0 sd=4 :55678 s=2 pgs=1138536 cs=1 l=1 c=0x7fbba669b1b0).writer encoding 6 features 576460752032874495 0x7fbb60000e10 mon_subscribe({osdmap=234775}) v2
2017-03-07 21:30:56.388344 7fbb8c357700 20 -- 10.21.199.3:0/761686341 >> 10.21.199.42:6820/271935 pipe(0x7fbba669fe70 sd=5 :49549 s=2 pgs=4910629 cs=1 l=1 c=0x7fbba66a1130).writer signed seq # 2): sig = 0
2017-03-07 21:30:56.388361 7fbb8c357700 20 -- 10.21.199.3:0/761686341 >> 10.21.199.42:6820/271935 pipe(0x7fbba669fe70 sd=5 :49549 s=2 pgs=4910629 cs=1 l=1 c=0x7fbba66a1130).writer sending 2 0x7fbb60001410
2017-03-07 21:30:56.388372 7fbba5bd2700 20 -- 10.21.199.3:0/761686341 >> 10.21.199.4:6789/0 pipe(0x7fbba6699ef0 sd=4 :55678 s=2 pgs=1138536 cs=1 l=1 c=0x7fbba669b1b0).writer no session security
2017-03-07 21:30:56.388390 7fbba5bd2700 20 -- 10.21.199.3:0/761686341 >> 10.21.199.4:6789/0 pipe(0x7fbba6699ef0 sd=4 :55678 s=2 pgs=1138536 cs=1 l=1 c=0x7fbba669b1b0).writer sending 6 0x7fbb60000e10
2017-03-07 21:30:56.388440 7fbba5bd2700 10 -- 10.21.199.3:0/761686341 >> 10.21.199.4:6789/0 pipe(0x7fbba6699ef0 sd=4 :55678 s=2 pgs=1138536 cs=1 l=1 c=0x7fbba669b1b0).writer: state = open policy.server=0
2017-03-07 21:30:56.388457 7fbba5bd2700 20 -- 10.21.199.3:0/761686341 >> 10.21.199.4:6789/0 pipe(0x7fbba6699ef0 sd=4 :55678 s=2 pgs=1138536 cs=1 l=1 c=0x7fbba669b1b0).writer sleeping
2017-03-07 21:30:56.388439 7fbb8c357700 10 -- 10.21.199.3:0/761686341 >> 10.21.199.42:6820/271935 pipe(0x7fbba669fe70 sd=5 :49549 s=2 pgs=4910629 cs=1 l=1 c=0x7fbba66a1130).writer: state = open policy.server=0
2017-03-07 21:30:56.388491 7fbb8c357700 20 -- 10.21.199.3:0/761686341 >> 10.21.199.42:6820/271935 pipe(0x7fbba669fe70 sd=5 :49549 s=2 pgs=4910629 cs=1 l=1 c=0x7fbba66a1130).writer sleeping
2017-03-07 21:30:56.595668 7fbb8c256700 20 -- 10.21.199.3:0/761686341 >> 10.21.199.42:6820/271935 pipe(0x7fbba669fe70 sd=5 :49549 s=2 pgs=4910629 cs=1 l=1 c=0x7fbba66a1130).reader got ACK
2017-03-07 21:30:56.595728 7fbb8c256700 15 -- 10.21.199.3:0/761686341 >> 10.21.199.42:6820/271935 pipe(0x7fbba669fe70 sd=5 :49549 s=2 pgs=4910629 cs=1 l=1 c=0x7fbba66a1130).reader got ack seq 2
2017-03-07 21:30:56.595740 7fbb8c256700 20 -- 10.21.199.3:0/761686341 >> 10.21.199.42:6820/271935 pipe(0x7fbba669fe70 sd=5 :49549 s=2 pgs=4910629 cs=1 l=1 c=0x7fbba66a1130).reader reading tag...
2017-03-07 21:30:56.596027 7fbba599d700 20 -- 10.21.199.3:0/761686341 >> 10.21.199.4:6789/0 pipe(0x7fbba6699ef0 sd=4 :55678 s=2 pgs=1138536 cs=1 l=1 c=0x7fbba669b1b0).reader got ACK
2017-03-07 21:30:56.596060 7fbba599d700 15 -- 10.21.199.3:0/761686341 >> 10.21.199.4:6789/0 pipe(0x7fbba6699ef0 sd=4 :55678 s=2 pgs=1138536 cs=1 l=1 c=0x7fbba669b1b0).reader got ack seq 6
2017-03-07 21:30:56.596069 7fbba599d700 20 -- 10.21.199.3:0/761686341 >> 10.21.199.4:6789/0 pipe(0x7fbba6699ef0 sd=4 :55678 s=2 pgs=1138536 cs=1 l=1 c=0x7fbba669b1b0).reader reading tag...
2017-03-07 21:31:01.388349 7fbb8db5a700 10 client.4113901.objecter tick
2017-03-07 21:31:01.388384 7fbb8db5a700 2 client.4113901.objecter tid 1 on osd.751 is laggy
2017-03-07 21:31:01.388394 7fbb8db5a700 10 client.4113901.objecter _maybe_request_map subscribing (onetime) to next osd map
2017-03-07 21:31:01.388410 7fbb8db5a700 1 -- 10.21.199.3:0/761686341 --> 10.21.199.42:6820/271935 -- ping magic: 0 v1 -- ?+0 0x7fbb60001960 con 0x7fbba66a1130
2017-03-07 21:31:01.388438 7fbb8db5a700 20 -- 10.21.199.3:0/761686341 submit_message ping magic: 0 v1 remote, 10.21.199.42:6820/271935, have pipe.
2017-03-07 21:31:01.388506 7fbb8c357700 10 -- 10.21.199.3:0/761686341 >> 10.21.199.42:6820/271935 pipe(0x7fbba669fe70 sd=5 :49549 s=2 pgs=4910629 cs=1 l=1 c=0x7fbba66a1130).writer: state = open policy.server=0
2017-03-07 21:31:01.388538 7fbb8c357700 20 -- 10.21.199.3:0/761686341 >> 10.21.199.42:6820/271935 pipe(0x7fbba669fe70 sd=5 :49549 s=2 pgs=4910629 cs=1 l=1 c=0x7fbba66a1130).writer encoding 3 features 576460752032874495 0x7fbb60001960 ping magic: 0 v1
2017-03-07 21:31:01.388552 7fbb8c357700 20 -- 10.21.199.3:0/761686341 >> 10.21.199.42:6820/271935 pipe(0x7fbba669fe70 sd=5 :49549 s=2 pgs=4910629 cs=1 l=1 c=0x7fbba66a1130).writer signed seq # 3): sig = 0
2017-03-07 21:31:01.388565 7fbb8c357700 20 -- 10.21.199.3:0/761686341 >> 10.21.199.42:6820/271935 pipe(0x7fbba669fe70 sd=5 :49549 s=2 pgs=4910629 cs=1 l=1 c=0x7fbba66a1130).writer sending 3 0x7fbb60001960
2017-03-07 21:31:01.388628 7fbb8c357700 10 -- 10.21.199.3:0/761686341 >> 10.21.199.42:6820/271935 pipe(0x7fbba669fe70 sd=5 :49549 s=2 pgs=4910629 cs=1 l=1 c=0x7fbba66a1130).writer: state = open policy.server=0
2017-03-07 21:31:01.388676 7fbb8c357700 20 -- 10.21.199.3:0/761686341 >> 10.21.199.42:6820/271935 pipe(0x7fbba669fe70 sd=5 :49549 s=2 pgs=4910629 cs=1 l=1 c=0x7fbba66a1130).writer sleeping
2017-03-07 21:31:01.595686 7fbb8c256700 20 -- 10.21.199.3:0/761686341 >> 10.21.199.42:6820/271935 pipe(0x7fbba669fe70 sd=5 :49549 s=2 pgs=4910629 cs=1 l=1 c=0x7fbba66a1130).reader got ACK
