-1967>
2015-07-30 16:21:31.800696 7f684fdfb700 5 osd.33 83500 tick -1966>
2015-07-30 16:21:31.800739 7f684fdfb700 10 monclient: _send_mon_message to mon.ceph240 at 100.100.100.240:6789/0 -1965>
2015-07-30 16:21:31.800758 7f684fdfb700 1 -- 100.100.100.244:6800/6354 --> 100.100.100.240:6789/0 -- pg_stats(16 pgs tid 54 v 0) v1 -- ?+0 0x12b42680 con 0xe679860 -1964>
2015-07-30 16:21:31.800849 7f684fdfb700 1 -- 111.111.111.244:6800/6354 --> 111.111.111.240:6801/20887 -- osd_sub_op(unknown.0.0:0 45.34b 0//0//-1 [scrub-reserve] v 0'0 snapset=0=[]:[] snapc=0=[]) v11 -- ?+0 0x139b1700 con 0x10668680 -1963>
2015-07-30 16:21:31.800874 7f684fdfb700 1 -- 111.111.111.244:6800/6354 --> 111.111.111.241:6817/5025257 -- osd_sub_op(unknown.0.0:0 45.34b 0//0//-1 [scrub-reserve] v 0'0 snapset=0=[]:[] snapc=0=[]) v11 -- ?+0 0x11b67700 con 0x10667b80 -1962>
2015-07-30 16:21:31.800891 7f684fdfb700 1 -- 111.111.111.244:6800/6354 --> 111.111.111.243:6816/9546 -- osd_sub_op(unknown.0.0:0 45.34b 0//0//-1 [scrub-reserve] v 0'0 snapset=0=[]:[] snapc=0=[]) v11 -- ?+0 0x13378100 con 0xeaaac00 -1961>
2015-07-30 16:21:31.801570 7f682f805700 1 -- 111.111.111.244:6800/6354 <== osd.9 111.111.111.241:6817/5025257 254 ==== osd_sub_op_reply(unknown.0.0:0 45.34b 0//0//45 [scrub-reserve] ack, result = 0) v2 ==== 176+0+1 (266197777 0 4067132163) 0x1207f440 con 0x10667b80 -1960>
2015-07-30 16:21:31.801610 7f682f805700 5 -- op tracker -- seq: 13170, time:
2015-07-30 16:21:31.801512, event: header_read, op: osd_sub_op_reply(unknown.0.0:0 45.34b 0//0//45 [scrub-reserve] ack, result = 0) -1959>
2015-07-30 16:21:31.801623 7f682f805700 5 -- op tracker -- seq: 13170, time:
2015-07-30 16:21:31.801514, event: throttled, op: osd_sub_op_reply(unknown.0.0:0 45.34b 0//0//45 [scrub-reserve] ack, result = 0) -1958>
2015-07-30 16:21:31.801634 7f682f805700 5 -- op tracker -- seq: 13170, time:
2015-07-30 16:21:31.801562, event: all_read, op: osd_sub_op_reply(unknown.0.0:0 45.34b 0//0//45 [scrub-reserve] ack, result = 0) -1957>
2015-07-30 16:21:31.801641 7f682f805700 5 -- op tracker -- seq: 13170, time: 0.000000, event: dispatched, op: osd_sub_op_reply(unknown.0.0:0 45.34b 0//0//45 [scrub-reserve] ack, result = 0) -1956>
2015-07-30 16:21:31.801698 7f6839a37700 5 -- op tracker -- seq: 13170, time:
2015-07-30 16:21:31.801698, event: reached_pg, op: osd_sub_op_reply(unknown.0.0:0 45.34b 0//0//45 [scrub-reserve] ack, result = 0) -1955>
2015-07-30 16:21:31.801721 7f6839a37700 5 -- op tracker -- seq: 13170, time:
2015-07-30 16:21:31.801721, event: started, op: osd_sub_op_reply(unknown.0.0:0 45.34b 0//0//45 [scrub-reserve] ack, result = 0) -1954>
2015-07-30 16:21:31.801732 7f6839a37700 5 -- op tracker -- seq: 13170, time:
2015-07-30 16:21:31.801732, event: done, op: osd_sub_op_reply(unknown.0.0:0 45.34b 0//0//45 [scrub-reserve] ack, result = 0) -1953>
2015-07-30 16:21:31.801902 7f6830a17700 1 -- 111.111.111.244:6800/6354 <== osd.23 111.111.111.243:6816/9546 434 ==== osd_sub_op_reply(unknown.0.0:0 45.34b 0//0//45 [scrub-reserve] ack, result = 0) v2 ==== 176+0+1 (3333317764 0 4067132163) 0x14340580 con 0xeaaac00 -1952>
2015-07-30 16:21:31.801982 7f682f300700 1 -- 111.111.111.244:6800/6354 <== osd.2 111.111.111.240:6801/20887 278 ==== osd_sub_op_reply(unknown.0.0:0 45.34b 0//0//45 [scrub-reserve] ack, result = 0) v2 ==== 176+0+1 (1533479124 0 4067132163) 0x1226ab00 con 0x10668680 -1951>
2015-07-30 16:21:31.801983 7f6830a17700 5 -- op tracker -- seq: 13171, time:
2015-07-30 16:21:31.801615, event: header_read, op: osd_sub_op_reply(unknown.0.0:0 45.34b 0//0//45 [scrub-reserve] ack, result = 0) -1950>
2015-07-30 16:21:31.802019 7f682f300700 5 -- op tracker -- seq: 13172, time:
2015-07-30 16:21:31.801927, event: header_read, op: osd_sub_op_reply(unknown.0.0:0 45.34b 0//0//45 [scrub-reserve] ack, result = 0) -1949>
2015-07-30 16:21:31.802030 7f682f300700 5 -- op tracker -- seq: 13172, time:
2015-07-30 16:21:31.801928, event: throttled, op: osd_sub_op_reply(unknown.0.0:0 45.34b 0//0//45 [scrub-reserve] ack, result = 0) -1948>
2015-07-30 16:21:31.802009 7f6830a17700 5 -- op tracker -- seq: 13171, time:
2015-07-30 16:21:31.801617, event: throttled, op: osd_sub_op_reply(unknown.0.0:0 45.34b 0//0//45 [scrub-reserve] ack, result = 0) -1947>
2015-07-30 16:21:31.802053 7f6830a17700 5 -- op tracker -- seq: 13171, time:
2015-07-30 16:21:31.801896, event: all_read, op: osd_sub_op_reply(unknown.0.0:0 45.34b 0//0//45 [scrub-reserve] ack, result = 0) -1946>
2015-07-30 16:21:31.802061 7f6830a17700 5 -- op tracker -- seq: 13171, time: 0.000000, event: dispatched, op: osd_sub_op_reply(unknown.0.0:0 45.34b 0//0//45 [scrub-reserve] ack, result = 0) -1945>
2015-07-30 16:21:31.802037 7f682f300700 5 -- op tracker -- seq: 13172, time:
2015-07-30 16:21:31.801978, event: all_read, op: osd_sub_op_reply(unknown.0.0:0 45.34b 0//0//45 [scrub-reserve] ack, result = 0) -1944>
2015-07-30 16:21:31.802067 7f682f300700 5 -- op tracker -- seq: 13172, time: 0.000000, event: dispatched, op: osd_sub_op_reply(unknown.0.0:0 45.34b 0//0//45 [scrub-reserve] ack, result = 0) -1943>
2015-07-30 16:21:31.802149 7f6837232700 5 -- op tracker -- seq: 13172, time:
2015-07-30 16:21:31.802149, event: reached_pg, op: osd_sub_op_reply(unknown.0.0:0 45.34b 0//0//45 [scrub-reserve] ack, result = 0) -1942>
2015-07-30 16:21:31.802171 7f6837232700 5 -- op tracker -- seq: 13172, time:
2015-07-30 16:21:31.802171, event: started, op: osd_sub_op_reply(unknown.0.0:0 45.34b 0//0//45 [scrub-reserve] ack, result = 0) -1941>
2015-07-30 16:21:31.802248 7f6839a37700 5 -- op tracker -- seq: 13171, time:
2015-07-30 16:21:31.802248, event: reached_pg, op: osd_sub_op_reply(unknown.0.0:0 45.34b 0//0//45 [scrub-reserve] ack, result = 0) -1940>
2015-07-30 16:21:31.802262 7f6839a37700 5 -- op tracker -- seq: 13171, time:
2015-07-30 16:21:31.802262, event: started, op: osd_sub_op_reply(unknown.0.0:0 45.34b 0//0//45 [scrub-reserve] ack, result = 0) -1939>
2015-07-30 16:21:31.802243 7f6837232700 5 -- op tracker -- seq: 13172, time:
2015-07-30 16:21:31.802243, event: done, op: osd_sub_op_reply(unknown.0.0:0 45.34b 0//0//45 [scrub-reserve] ack, result = 0) -1938>
2015-07-30 16:21:31.802277 7f6839a37700 5 -- op tracker -- seq: 13171, time:
2015-07-30 16:21:31.802277, event: done, op: osd_sub_op_reply(unknown.0.0:0 45.34b 0//0//45 [scrub-reserve] ack, result = 0) -1937>
2015-07-30 16:21:31.802834 7f6845c51700 1 -- 100.100.100.244:6800/6354 <== client.8963968 100.100.100.242:0/1024312 506 ==== ping magic: 0 v1 ==== 0+0+0 (0 0 0) 0x114afa40 con 0x1126e2c0 -1936>
2015-07-30 16:21:31.804154 7f6835a2f700 1 -- 111.111.111.244:6800/6354 --> 111.111.111.240:6801/20887 -- replica scrub(pg: 45.34b,from:0'0,to:83486'377,epoch:83500,start:0//0//-1,end:a5cd434b//0//-1,chunky:1,deep:1,version:5) v5 -- ?+0 0x14426a00 con 0x10668680 -1935>
2015-07-30 16:21:31.804233 7f6835a2f700 1 -- 111.111.111.244:6800/6354 --> 111.111.111.241:6817/5025257 -- replica scrub(pg: 45.34b,from:0'0,to:83486'377,epoch:83500,start:0//0//-1,end:a5cd434b//0//-1,chunky:1,deep:1,version:5) v5 -- ?+0 0x12ebe800 con 0x10667b80 -1934>
2015-07-30 16:21:31.804296 7f6835a2f700 1 -- 111.111.111.244:6800/6354 --> 111.111.111.243:6816/9546 -- replica scrub(pg: 45.34b,from:0'0,to:83486'377,epoch:83500,start:0//0//-1,end:a5cd434b//0//-1,chunky:1,deep:1,version:5) v5 -- ?+0 0x138da500 con 0xeaaac00 -1933>
2015-07-30 16:21:31.835377 7f6831926700 1 -- 111.111.111.244:6800/6354 <== osd.12 111.111.111.241:6800/8005260 246 ==== osd_sub_op(client.8963508.0:78492 45.8a c497488a/rbd_data.88ca383d1b58ba.0000000000003318/head//45 [] v 83500'420 snapset=0=[]:[] snapc=0=[]) v11 ==== 1412+0+932 (601139615 0 1532401141) 0x139b0c00 con 0xeaa89a0 -1932>
2015-07-30 16:21:31.835413 7f6831926700 5 -- op tracker -- seq: 13173, time:
2015-07-30 16:21:31.835273, event: header_read, op: osd_sub_op(client.8963508.0:78492 45.8a c497488a/rbd_data.88ca383d1b58ba.0000000000003318/head//45 [] v 83500'420 snapset=0=[]:[] snapc=0=[]) -1931>
2015-07-30 16:21:31.835430 7f6831926700 5 -- op tracker -- seq: 13173, time:
2015-07-30 16:21:31.835275, event: throttled, op: osd_sub_op(client.8963508.0:78492 45.8a c497488a/rbd_data.88ca383d1b58ba.0000000000003318/head//45 [] v 83500'420 snapset=0=[]:[] snapc=0=[]) -1930>
2015-07-30 16:21:31.835439 7f6831926700 5 -- op tracker -- seq: 13173, time:
2015-07-30 16:21:31.835371, event: all_read, op: osd_sub_op(client.8963508.0:78492 45.8a c497488a/rbd_data.88ca383d1b58ba.0000000000003318/head//45 [] v 83500'420 snapset=0=[]:[] snapc=0=[]) -1929>
2015-07-30 16:21:31.835447 7f6831926700 5 -- op tracker -- seq: 13173, time: 0.000000, event: dispatched, op: osd_sub_op(client.8963508.0:78492 45.8a c497488a/rbd_data.88ca383d1b58ba.0000000000003318/head//45 [] v 83500'420 snapset=0=[]:[] snapc=0=[]) -1928>
2015-07-30 16:21:31.835539 7f6837232700 5 -- op tracker -- seq: 13173, time:
2015-07-30 16:21:31.835539, event: reached_pg, op: osd_sub_op(client.8963508.0:78492 45.8a c497488a/rbd_data.88ca383d1b58ba.0000000000003318/head//45 [] v 83500'420 snapset=0=[]:[] snapc=0=[]) -1927>
2015-07-30 16:21:31.835584 7f6837232700 5 -- op tracker -- seq: 13173, time:
2015-07-30 16:21:31.835584, event: started, op: osd_sub_op(client.8963508.0:78492 45.8a c497488a/rbd_data.88ca383d1b58ba.0000000000003318/head//45 [] v 83500'420 snapset=0=[]:[] snapc=0=[]) -1926>
2015-07-30 16:21:31.836005 7f6837232700 5 -- op tracker -- seq: 13173, time:
2015-07-30 16:21:31.836005, event: started, op: osd_sub_op(client.8963508.0:78492 45.8a c497488a/rbd_data.88ca383d1b58ba.0000000000003318/head//45 [] v 83500'420 snapset=0=[]:[] snapc=0=[]) -1925>
2015-07-30 16:21:31.836183 7f6837232700 5 -- op tracker -- seq: 13173, time:
2015-07-30 16:21:31.836183, event: commit_queued_for_journal_write, op: osd_sub_op(client.8963508.0:78492 45.8a c497488a/rbd_data.88ca383d1b58ba.0000000000003318/head//45 [] v 83500'420 snapset=0=[]:[] snapc=0=[]) -1924>
2015-07-30 16:21:31.836311 7f684c5f4700 5 -- op tracker -- seq: 13173, time:
2015-07-30 16:21:31.836311, event: write_thread_in_journal_buffer, op: osd_sub_op(client.8963508.0:78492 45.8a c497488a/rbd_data.88ca383d1b58ba.0000000000003318/head//45 [] v 83500'420 snapset=0=[]:[] snapc=0=[]) -1923>
2015-07-30 16:21:31.836420 7f684bdf3700 5 -- op tracker -- seq: 13173, time:
2015-07-30 16:21:31.836420, event: journaled_completion_queued, op: osd_sub_op(client.8963508.0:78492 45.8a c497488a/rbd_data.88ca383d1b58ba.0000000000003318/head//45 [] v 83500'420 snapset=0=[]:[] snapc=0=[]) -1922>
2015-07-30 16:21:31.836493 7f68495ee700 5 -- op tracker -- seq: 13173, time:
2015-07-30 16:21:31.836493, event: commit_sent, op: osd_sub_op(client.8963508.0:78492 45.8a c497488a/rbd_data.88ca383d1b58ba.0000000000003318/head//45 [] v 83500'420 snapset=0=[]:[] snapc=0=[]) -1921>
2015-07-30 16:21:31.836521 7f68495ee700 1 -- 111.111.111.244:6800/6354 --> 111.111.111.241:6800/8005260 -- osd_sub_op_reply(client.8963508.0:78492 45.8a c497488a/rbd_data.88ca383d1b58ba.0000000000003318/head//45 [] ondisk, result = 0) v2 -- ?+0 0x1226b8c0 con 0xeaa89a0 -1920>
2015-07-30 16:21:31.887717 7f681acc2700 1 -- 100.100.100.244:6800/6354 <== client.8963436 100.100.100.242:0/1011392 1064 ==== osd_op(client.8963436.0:55139 rbd_data.3b3d1e7843e45.0000000000008f93@11 [read 0~4194304] 45.9966025 ack+read+localize_reads+known_if_redirected e83500) v4 ==== 190+0+0 (3803055578 0 0) 0x11e27e00 con 0x11501440 -1919>
2015-07-30 16:21:31.887924 7f681acc2700 5 -- op tracker -- seq: 13174, time:
2015-07-30 16:21:31.887450, event: header_read, op: osd_op(client.8963436.0:55139 rbd_data.3b3d1e7843e45.0000000000008f93@11 [read 0~4194304] 45.9966025 ack+read+localize_reads+known_if_redirected e83500) -1918>
2015-07-30 16:21:31.887990 7f681acc2700 5 -- op tracker -- seq: 13174, time:
2015-07-30 16:21:31.887462, event: throttled, op: osd_op(client.8963436.0:55139 rbd_data.3b3d1e7843e45.0000000000008f93@11 [read 0~4194304] 45.9966025 ack+read+localize_reads+known_if_redirected e83500) -1917>
2015-07-30 16:21:31.888056 7f681acc2700 5 -- op tracker -- seq: 13174, time:
2015-07-30 16:21:31.887711, event: all_read, op: osd_op(client.8963436.0:55139 rbd_data.3b3d1e7843e45.0000000000008f93@11 [read 0~4194304] 45.9966025 ack+read+localize_reads+known_if_redirected e83500) -1916>
2015-07-30 16:21:31.888175 7f681acc2700 5 -- op tracker -- seq: 13174, time: 0.000000, event: dispatched, op: osd_op(client.8963436.0:55139 rbd_data.3b3d1e7843e45.0000000000008f93@11 [read 0~4194304] 45.9966025 ack+read+localize_reads+known_if_redirected e83500) -1915>
2015-07-30 16:21:31.888949 7f681daf0700 1 -- 100.100.100.244:6800/6354 <== client.8964076 100.100.100.242:0/1027184 458 ==== osd_op(client.8964076.0:35808 rbd_data.36bbb37843e45.0000000000008bc4 [read 0~4194304] 42.8fea1459 ack+read+known_if_redirected e83500) v4 ==== 190+0+0 (3373227876 0 0) 0x11e27b80 con 0x111dc260 -1914>
2015-07-30 16:21:31.888993 7f681daf0700 5 -- op tracker -- seq: 13175, time:
2015-07-30 16:21:31.888832, event: header_read, op: osd_op(client.8964076.0:35808 rbd_data.36bbb37843e45.0000000000008bc4 [read 0~4194304] 42.8fea1459 ack+read+known_if_redirected e83500) -1913>
2015-07-30 16:21:31.889010 7f681daf0700 5 -- op tracker -- seq: 13175, time:
2015-07-30 16:21:31.888834, event: throttled, op: osd_op(client.8964076.0:35808 rbd_data.36bbb37843e45.0000000000008bc4 [read 0~4194304] 42.8fea1459 ack+read+known_if_redirected e83500) -1912>
2015-07-30 16:21:31.889027 7f681daf0700 5 -- op tracker -- seq: 13175, time:
2015-07-30 16:21:31.888944, event: all_read, op: osd_op(client.8964076.0:35808 rbd_data.36bbb37843e45.0000000000008bc4 [read 0~4194304] 42.8fea1459 ack+read+known_if_redirected e83500) -1911>
2015-07-30 16:21:31.889035 7f681daf0700 5 -- op tracker -- seq: 13175, time: 0.000000, event: dispatched, op: osd_op(client.8964076.0:35808 rbd_data.36bbb37843e45.0000000000008bc4 [read 0~4194304] 42.8fea1459 ack+read+known_if_redirected e83500) -1910>
2015-07-30 16:21:31.894808 7f6840345700 1 -- 111.111.111.244:6802/6354 <== osd.0 111.111.111.241:0/28833 101 ==== osd_ping(ping e83500 stamp
2015-07-30 16:21:31.896337) v2 ==== 47+0+0 (2173128097 0 0) 0x135d1c20 con 0x1087ec00 -1909>
2015-07-30 16:21:31.894811 7f6841c49700 1 -- 100.100.100.244:6802/6354 <== osd.0 111.111.111.241:0/28833 101 ==== osd_ping(ping e83500 stamp
2015-07-30 16:21:31.896337) v2 ==== 47+0+0 (2173128097 0 0) 0x109ae960 con 0x10d3af20 -1908>
2015-07-30 16:21:31.894840 7f6840345700 1 -- 111.111.111.244:6802/6354 --> 111.111.111.241:0/28833 -- osd_ping(ping_reply e83500 stamp
2015-07-30 16:21:31.896337) v2 -- ?+0 0x1376ba40 con 0x1087ec00 -1907>
2015-07-30 16:21:31.894876 7f6841c49700 1 -- 100.100.100.244:6802/6354 --> 111.111.111.241:0/28833 -- osd_ping(ping_reply e83500 stamp
2015-07-30 16:21:31.896337) v2 -- ?+0 0x1373ed20 con 0x10d3af20 -1906>
2015-07-30 16:21:31.902821 7f681acc2700 1 -- 100.100.100.244:6800/6354 <== client.8963436 100.100.100.242:0/1011392 1065 ==== osd_op(client.8963436.0:55147 rbd_data.3b3d1e7843e45.0000000000008f82@11 [read 0~4194304] 45.2e3a8d7a ack+read+localize_reads+known_if_redirected e83500) v4 ==== 190+0+0 (852993783 0 0) 0x11e29980 con 0x11501440 -1905>
2015-07-30 16:21:31.903000 7f681acc2700 5 -- op tracker -- seq: 13176, time:
2015-07-30 16:21:31.902630, event: header_read, op: osd_op(client.8963436.0:55147 rbd_data.3b3d1e7843e45.0000000000008f82@11 [read 0~4194304] 45.2e3a8d7a ack+read+localize_reads+known_if_redirected e83500) -1904>
2015-07-30 16:21:31.903074 7f681acc2700 5 -- op tracker -- seq: 13176, time:
2015-07-30 16:21:31.902632, event: throttled, op: osd_op(client.8963436.0:55147 rbd_data.3b3d1e7843e45.0000000000008f82@11 [read 0~4194304] 45.2e3a8d7a ack+read+localize_reads+known_if_redirected e83500) -1903>
2015-07-30 16:21:31.903108 7f681acc2700 5 -- op tracker -- seq: 13176, time:
2015-07-30 16:21:31.902816, event: all_read, op: osd_op(client.8963436.0:55147 rbd_data.3b3d1e7843e45.0000000000008f82@11 [read 0~4194304] 45.2e3a8d7a ack+read+localize_reads+known_if_redirected e83500) -1902>
2015-07-30 16:21:31.903134 7f681acc2700 5 -- op tracker -- seq: 13176, time: 0.000000, event: dispatched, op: osd_op(client.8963436.0:55147 rbd_data.3b3d1e7843e45.0000000000008f82@11 [read 0~4194304] 45.2e3a8d7a ack+read+localize_reads+known_if_redirected e83500) -1901>
2015-07-30 16:21:31.903235 7f6839a37700 5 -- op tracker -- seq: 13176, time:
2015-07-30 16:21:31.903234, event: reached_pg, op: osd_op(client.8963436.0:55147 rbd_data.3b3d1e7843e45.0000000000008f82@11 [read 0~4194304] 45.2e3a8d7a ack+read+localize_reads+known_if_redirected e83500) -1900>
2015-07-30 16:21:31.903702 7f6839a37700 1 -- 100.100.100.244:6800/6354 --> 100.100.100.242:0/1011392 -- osd_op_reply(55147 rbd_data.3b3d1e7843e45.0000000000008f82 [read 0~4194304] v0'0 uv0 ack = -2 ((2) No such file or directory)) v6 -- ?+0 0x12fe02c0 con 0x11501440 -1899>
2015-07-30 16:21:31.903816 7f6839a37700 5 -- op tracker -- seq: 13176, time:
2015-07-30 16:21:31.903816, event: done, op: osd_op(client.8963436.0:55147 rbd_data.3b3d1e7843e45.0000000000008f82@11 [read 0~4194304] 45.2e3a8d7a ack+read+localize_reads+known_if_redirected e83500) -1898>
2015-07-30 16:21:31.916216 7f681daf0700 1 -- 100.100.100.244:6800/6354 <== client.8964076 100.100.100.242:0/1027184 459 ==== osd_op(client.8964076.0:35816 rbd_data.36bbb37843e45.0000000000008bcc [read 0~4194304] 42.12aa81e3 ack+read+known_if_redirected e83500) v4 ==== 190+0+0 (3750127242 0 0) 0x11e26a00 con 0x111dc260 -1897>
2015-07-30 16:21:31.916260 7f681daf0700 5 -- op tracker -- seq: 13177, time:
2015-07-30 16:21:31.916112, event: header_read, op: osd_op(client.8964076.0:35816 rbd_data.36bbb37843e45.0000000000008bcc [read 0~4194304] 42.12aa81e3 ack+read+known_if_redirected e83500) -1896>
2015-07-30 16:21:31.916278 7f681daf0700 5 -- op tracker -- seq: 13177, time:
2015-07-30 16:21:31.916114, event: throttled, op: osd_op(client.8964076.0:35816 rbd_data.36bbb37843e45.0000000000008bcc [read 0~4194304] 42.12aa81e3 ack+read+known_if_redirected e83500) -1895>
2015-07-30 16:21:31.916294 7f681daf0700 5 -- op tracker -- seq: 13177, time:
2015-07-30 16:21:31.916210, event: all_read, op: osd_op(client.8964076.0:35816 rbd_data.36bbb37843e45.0000000000008bcc [read 0~4194304] 42.12aa81e3 ack+read+known_if_redirected e83500) -1894>
2015-07-30 16:21:31.916302 7f681daf0700 5 -- op tracker -- seq: 13177, time: 0.000000, event: dispatched, op: osd_op(client.8964076.0:35816 rbd_data.36bbb37843e45.0000000000008bcc [read 0~4194304] 42.12aa81e3 ack+read+known_if_redirected e83500) -1893>
2015-07-30 16:21:31.924815 7f6849def700 5 -- op tracker -- seq: 13133, time:
2015-07-30 16:21:31.924815, event: op_applied, op: osd_op(client.8963436.0:54944 rbd_data.48e7a77843e45.00000000000023b1 [set-alloc-hint object_size 16777216 write_size 16777216,write 0~0] 45.a05b331a snapc 1f=[1f] ack+ondisk+write+known_if_redirected e83500) -1892>
2015-07-30 16:21:31.924859 7f6849def700 5 -- op tracker -- seq: 13133, time:
2015-07-30 16:21:31.924858, event: done, op: osd_op(client.8963436.0:54944 rbd_data.48e7a77843e45.00000000000023b1 [set-alloc-hint object_size 16777216 write_size 16777216,write 0~0] 45.a05b331a snapc 1f=[1f] ack+ondisk+write+known_if_redirected e83500) -1891>
2015-07-30 16:21:31.924905 7f6849def700 5 -- op tracker -- seq: 13165, time:
2015-07-30 16:21:31.924905, event: op_applied, op: osd_op(client.8963508.0:78457 rbd_data.88ca383d1b58ba.000000000000330f [set-alloc-hint object_size 16777216 write_size 16777216,write 0~0] 45.d162d0e1 ack+ondisk+write+known_if_redirected e83500) -1890>
2015-07-30 16:21:31.925774 7f6837a33700 1 -- 100.100.100.244:6800/6354 --> 100.100.100.242:0/1011392 -- osd_op_reply(55057 rbd_data.3b3d1e7843e45.0000000000008f5c [read 0~4194304] v0'0 uv0 ack = -2 ((2) No such file or directory)) v6 -- ?+0 0x109bb600 con 0x11501440 -1889>
2015-07-30 16:21:31.925954 7f683a238700 5 -- op tracker -- seq: 13156, time:
2015-07-30 16:21:31.925954, event: reached_pg, op: osd_op(client.8963436.0:55063 rbd_data.3b3d1e7843e45.0000000000008f5a@11 [read 0~4194304] 45.f7f8bf6d ack+read+localize_reads+known_if_redirected e83500) -1888>
2015-07-30 16:21:31.925920 7f6837a33700 5 -- op tracker -- seq: 13155, time:
2015-07-30 16:21:31.925920, event: done, op: osd_op(client.8963436.0:55057 rbd_data.3b3d1e7843e45.0000000000008f5c@11 [read 0~4194304] 45.552d276d ack+read+localize_reads+known_if_redirected e83500) -1887>
2015-07-30 16:21:31.926045 7f6837a33700 5 -- op tracker -- seq: 13158, time:
2015-07-30 16:21:31.926045, event: reached_pg, op: osd_op(client.8963508.0:78427 rbd_data.88ca383d1b58ba.000000000000330e [stat,set-alloc-hint object_size 16777216 write_size 16777216,write 0~0] 45.4a2d8b36 ack+ondisk+write+known_if_redirected e83500) -1886>
2015-07-30 16:21:31.926622 7f683a238700 1 -- 100.100.100.244:6800/6354 --> 100.100.100.242:0/1011392 -- osd_op_reply(55063 rbd_data.3b3d1e7843e45.0000000000008f5a [read 0~4194304] v0'0 uv0 ack = -2 ((2) No such file or directory)) v6 -- ?+0 0x109bc3c0 con 0x11501440 -1885>
2015-07-30 16:21:31.926770 7f683a238700 5 -- op tracker -- seq: 13156, time:
2015-07-30 16:21:31.926770, event: done, op: osd_op(client.8963436.0:55063 rbd_data.3b3d1e7843e45.0000000000008f5a@11 [read 0~4194304] 45.f7f8bf6d ack+read+localize_reads+known_if_redirected e83500) -1884>
2015-07-30 16:21:31.927010 7f683a238700 5 -- op tracker -- seq: 13169, time:
2015-07-30 16:21:31.927010, event: reached_pg, op: osd_op(client.8963436.0:55120 rbd_data.3b3d1e7843e45.0000000000008f8a@11 [read 0~4194304] 45.533edad7 ack+read+localize_reads+known_if_redirected e83500) -1883>
2015-07-30 16:21:31.927196 7f6837a33700 5 -- op tracker -- seq: 13158, time:
2015-07-30 16:21:31.927196, event: started, op: osd_op(client.8963508.0:78427 rbd_data.88ca383d1b58ba.000000000000330e [stat,set-alloc-hint object_size 16777216 write_size 16777216,write 0~0] 45.4a2d8b36 ack+ondisk+write+known_if_redirected e83500) -1882>
2015-07-30 16:21:31.927419 7f6837a33700 5 -- op tracker -- seq: 13158, time:
2015-07-30 16:21:31.927419, event: started, op: osd_op(client.8963508.0:78427 rbd_data.88ca383d1b58ba.000000000000330e [stat,set-alloc-hint object_size 16777216 write_size 16777216,write 0~0] 45.4a2d8b36 ack+ondisk+write+known_if_redirected e83500) -1881>
2015-07-30 16:21:31.927502 7f683a238700 1 -- 100.100.100.244:6800/6354 --> 100.100.100.242:0/1011392 -- osd_op_reply(55120 rbd_data.3b3d1e7843e45.0000000000008f8a [read 0~4194304] v0'0 uv0 ack = -2 ((2) No such file or directory)) v6 -- ?+0 0x1453bc80 con 0x11501440 -1880>
2015-07-30 16:21:31.927524 7f6837a33700 1 -- 100.100.100.244:6800/6354 --> 100.100.100.242:0/1012965 -- osd_op_reply(78427 rbd_data.88ca383d1b58ba.000000000000330e [stat,set-alloc-hint object_size 16777216 write_size 16777216,write 0~0] v0'0 uv428 ondisk = -2 ((2) No such file or directory)) v6 -- ?+0 0x140dadc0 con 0x1126e000 -1879>
2015-07-30 16:21:31.927621 7f6837a33700 5 -- op tracker -- seq: 13158, time:
2015-07-30 16:21:31.927621, event: done, op: osd_op(client.8963508.0:78427 rbd_data.88ca383d1b58ba.000000000000330e [stat,set-alloc-hint object_size 16777216 write_size 16777216,write 0~0] 45.4a2d8b36 ack+ondisk+write+known_if_redirected e83500) -1878>
2015-07-30 16:21:31.927624 7f683a238700 5 -- op tracker -- seq: 13169, time:
2015-07-30 16:21:31.927624, event: done, op: osd_op(client.8963436.0:55120 rbd_data.3b3d1e7843e45.0000000000008f8a@11 [read 0~4194304] 45.533edad7 ack+read+localize_reads+known_if_redirected e83500) -1877>
2015-07-30 16:21:31.927708 7f6837a33700 5 -- op tracker -- seq: 13162, time:
2015-07-30 16:21:31.927707, event: reached_pg, op: osd_op(client.8963508.0:78435 rbd_data.791f542ae8944a.000000000000cc40@6 [read 0~4194304] 39.1cc5c65c ack+read+localize_reads+known_if_redirected e83500) -1876>
2015-07-30 16:21:31.927981 7f683a238700 5 -- op tracker -- seq: 13174, time:
2015-07-30 16:21:31.927981, event: reached_pg, op: osd_op(client.8963436.0:55139 rbd_data.3b3d1e7843e45.0000000000008f93@11 [read 0~4194304] 45.9966025 ack+read+localize_reads+known_if_redirected e83500) -1875>
2015-07-30 16:21:31.928454 7f6837a33700 1 -- 100.100.100.244:6800/6354 --> 100.100.100.242:0/1012965 -- osd_op_reply(78435 rbd_data.791f542ae8944a.000000000000cc40 [read 0~4194304] v0'0 uv0 ack = -2 ((2) No such file or directory)) v6 -- ?+0 0x11980580 con 0x1126e000 -1874>
2015-07-30 16:21:31.928582 7f683a238700 1 -- 100.100.100.244:6800/6354 --> 100.100.100.242:0/1011392 -- osd_op_reply(55139 rbd_data.3b3d1e7843e45.0000000000008f93 [read 0~4194304] v0'0 uv0 ack = -2 ((2) No such file or directory)) v6 -- ?+0 0x12fe3c80 con 0x11501440 -1873>
2015-07-30 16:21:31.928568 7f6837a33700 5 -- op tracker -- seq: 13162, time:
2015-07-30 16:21:31.928567, event: done, op: osd_op(client.8963508.0:78435 rbd_data.791f542ae8944a.000000000000cc40@6 [read 0~4194304] 39.1cc5c65c ack+read+localize_reads+known_if_redirected e83500) -1872>
2015-07-30 16:21:31.928891 7f6837a33700 5 -- op tracker -- seq: 13163, time:
2015-07-30 16:21:31.928890, event: reached_pg, op: osd_op(client.8963508.0:78455 rbd_data.791f542ae8944a.000000000000cc4f@6 [read 0~4194304] 39.a3d5795c ack+read+localize_reads+known_if_redirected e83500) -1871>
2015-07-30 16:21:31.928763 7f683a238700 5 -- op tracker -- seq: 13174, time:
2015-07-30 16:21:31.928763, event: done, op: osd_op(client.8963436.0:55139 rbd_data.3b3d1e7843e45.0000000000008f93@11 [read 0~4194304] 45.9966025 ack+read+localize_reads+known_if_redirected e83500) -1870>
2015-07-30 16:21:31.929314 7f6837a33700 1 -- 100.100.100.244:6800/6354 --> 100.100.100.242:0/1012965 -- osd_op_reply(78455 rbd_data.791f542ae8944a.000000000000cc4f [read 0~4194304] v0'0 uv0 ack = -2 ((2) No such file or directory)) v6 -- ?+0 0x143423c0 con 0x1126e000 -1869>
2015-07-30 16:21:31.929415 7f6837a33700 5 -- op tracker -- seq: 13163, time:
2015-07-30 16:21:31.929415, event: done, op: osd_op(client.8963508.0:78455 rbd_data.791f542ae8944a.000000000000cc4f@6 [read 0~4194304] 39.a3d5795c ack+read+localize_reads+known_if_redirected e83500) -1868>
2015-07-30 16:21:31.934111 7f682e2f0700 1 -- 111.111.111.244:6800/6354 <== osd.0 111.111.111.241:6816/5028833 503 ==== osd_sub_op_reply(client.8963508.0:78457 45.e1 d162d0e1/rbd_data.88ca383d1b58ba.000000000000330f/head//45 [] ondisk, result = 0) v2 ==== 178+0+0 (2787961180 0 0) 0x12124840 con 0x10626b00 -1867>
2015-07-30 16:21:31.934141 7f682e2f0700 5 -- op tracker -- seq: 13178, time:
2015-07-30 16:21:31.934062, event: header_read, op: osd_sub_op_reply(client.8963508.0:78457 45.e1 d162d0e1/rbd_data.88ca383d1b58ba.000000000000330f/head//45 [] ondisk, result = 0) -1866>
2015-07-30 16:21:31.934158 7f682e2f0700 5 -- op tracker -- seq: 13178, time:
2015-07-30 16:21:31.934064, event: throttled, op: osd_sub_op_reply(client.8963508.0:78457 45.e1 d162d0e1/rbd_data.88ca383d1b58ba.000000000000330f/head//45 [] ondisk, result = 0) -1865>
2015-07-30 16:21:31.934170 7f682e2f0700 5 -- op tracker -- seq: 13178, time:
2015-07-30 16:21:31.934105, event: all_read, op: osd_sub_op_reply(client.8963508.0:78457 45.e1 d162d0e1/rbd_data.88ca383d1b58ba.000000000000330f/head//45 [] ondisk, result = 0) -1864>
2015-07-30 16:21:31.934189 7f682e2f0700 5 -- op tracker -- seq: 13178, time: 0.000000, event: dispatched, op: osd_sub_op_reply(client.8963508.0:78457 45.e1 d162d0e1/rbd_data.88ca383d1b58ba.000000000000330f/head//45 [] ondisk, result = 0) -1863>
2015-07-30 16:21:31.934253 7f683b23a700 5 -- op tracker -- seq: 13178, time:
2015-07-30 16:21:31.934253, event: reached_pg, op: osd_sub_op_reply(client.8963508.0:78457 45.e1 d162d0e1/rbd_data.88ca383d1b58ba.000000000000330f/head//45 [] ondisk, result = 0) -1862>
2015-07-30 16:21:31.934275 7f683b23a700 5 -- op tracker -- seq: 13178, time:
2015-07-30 16:21:31.934275, event: started, op: osd_sub_op_reply(client.8963508.0:78457 45.e1 d162d0e1/rbd_data.88ca383d1b58ba.000000000000330f/head//45 [] ondisk, result = 0) -1861>
2015-07-30 16:21:31.934285 7f683b23a700 5 -- op tracker -- seq: 13165, time:
2015-07-30 16:21:31.934285, event: sub_op_commit_rec, op: osd_op(client.8963508.0:78457 rbd_data.88ca383d1b58ba.000000000000330f [set-alloc-hint object_size 16777216 write_size 16777216,write 0~0] 45.d162d0e1 ack+ondisk+write+known_if_redirected e83500) -1860>
2015-07-30 16:21:31.934300 7f683b23a700 1 -- 100.100.100.244:6800/6354 --> 100.100.100.242:0/1012965 -- osd_op_reply(78457 rbd_data.88ca383d1b58ba.000000000000330f [set-alloc-hint object_size 16777216 write_size 16777216,write 0~0] v83500'397 uv397 ack = 0) v6 -- ?+0 0x14343440 con 0x1126e000 -1859>
2015-07-30 16:21:31.934324 7f683b23a700 1 -- 100.100.100.244:6800/6354 --> 100.100.100.242:0/1012965 -- osd_op_reply(78457 rbd_data.88ca383d1b58ba.000000000000330f [set-alloc-hint object_size 16777216 write_size 16777216,write 0~0] v83500'397 uv397 ondisk = 0) v6 -- ?+0 0x1207f180 con 0x1126e000 -1858>
2015-07-30 16:21:31.934334 7f683b23a700 5 -- op tracker -- seq: 13165, time:
2015-07-30 16:21:31.934334, event: commit_sent, op: osd_op(client.8963508.0:78457 rbd_data.88ca383d1b58ba.000000000000330f [set-alloc-hint object_size 16777216 write_size 16777216,write 0~0] 45.d162d0e1 ack+ondisk+write+known_if_redirected e83500) -1857>
2015-07-30 16:21:31.934356 7f683b23a700 5 -- op tracker -- seq: 13165, time:
2015-07-30 16:21:31.934356, event: done, op: osd_op(client.8963508.0:78457 rbd_data.88ca383d1b58ba.000000000000330f [set-alloc-hint object_size 16777216 write_size 16777216,write 0~0] 45.d162d0e1 ack+ondisk+write+known_if_redirected e83500) -1856>
2015-07-30 16:21:31.934376 7f683b23a700 5 -- op tracker -- seq: 13178, time:
2015-07-30 16:21:31.934376, event: done, op: osd_sub_op_reply(client.8963508.0:78457 45.e1 d162d0e1/rbd_data.88ca383d1b58ba.000000000000330f/head//45 [] ondisk, result = 0) -1855>
2015-07-30 16:21:31.981403 7f681d0e6700 1 -- 100.100.100.244:6800/6354 <== client.8963508 100.100.100.242:0/1012965 999 ==== osd_op(client.8963508.0:78520 rbd_data.88ca383d1b58ba.000000000000331f [stat,set-alloc-hint object_size 16777216 write_size 16777216,write 0~0] 45.eb323062 ack+ondisk+write+known_if_redirected e83500) v4 ==== 267+0+0 (3262485613 0 0) 0x11e28f80 con 0x1126e000 -1854>
2015-07-30 16:21:31.981620 7f681d0e6700 5 -- op tracker -- seq: 13179, time:
2015-07-30 16:21:31.981154, event: header_read, op: osd_op(client.8963508.0:78520 rbd_data.88ca383d1b58ba.000000000000331f [stat,set-alloc-hint object_size 16777216 write_size 16777216,write 0~0] 45.eb323062 ack+ondisk+write+known_if_redirected e83500) -1853>
2015-07-30 16:21:31.981727 7f681d0e6700 5 -- op tracker -- seq: 13179, time:
2015-07-30 16:21:31.981156, event: throttled, op: osd_op(client.8963508.0:78520 rbd_data.88ca383d1b58ba.000000000000331f [stat,set-alloc-hint object_size 16777216 write_size 16777216,write 0~0] 45.eb323062 ack+ondisk+write+known_if_redirected e83500) -1852>
2015-07-30 16:21:31.981769 7f681d0e6700 5 -- op tracker -- seq: 13179, time:
2015-07-30 16:21:31.981397, event: all_read, op: osd_op(client.8963508.0:78520 rbd_data.88ca383d1b58ba.000000000000331f [stat,set-alloc-hint object_size 16777216 write_size 16777216,write 0~0] 45.eb323062 ack+ondisk+write+known_if_redirected e83500) -1851>
2015-07-30 16:21:31.981779 7f681d0e6700 5 -- op tracker -- seq: 13179, time: 0.000000, event: dispatched, op: osd_op(client.8963508.0:78520 rbd_data.88ca383d1b58ba.000000000000331f [stat,set-alloc-hint object_size 16777216 write_size 16777216,write 0~0] 45.eb323062 ack+ondisk+write+known_if_redirected e83500) -1850>
2015-07-30 16:21:31.981929 7f6837232700 5 -- op tracker -- seq: 13179, time:
2015-07-30 16:21:31.981929, event: reached_pg, op: osd_op(client.8963508.0:78520 rbd_data.88ca383d1b58ba.000000000000331f [stat,set-alloc-hint object_size 16777216 write_size 16777216,write 0~0] 45.eb323062 ack+ondisk+write+known_if_redirected e83500) -1849>
2015-07-30 16:21:31.982823 7f6837232700 5 -- op tracker -- seq: 13179, time:
2015-07-30 16:21:31.982823, event: started, op: osd_op(client.8963508.0:78520 rbd_data.88ca383d1b58ba.000000000000331f [stat,set-alloc-hint object_size 16777216 write_size 16777216,write 0~0] 45.eb323062 ack+ondisk+write+known_if_redirected e83500) -1848>
2015-07-30 16:21:31.983017 7f6837232700 5 -- op tracker -- seq: 13179, time:
2015-07-30 16:21:31.983017, event: started, op: osd_op(client.8963508.0:78520 rbd_data.88ca383d1b58ba.000000000000331f [stat,set-alloc-hint object_size 16777216 write_size 16777216,write 0~0] 45.eb323062 ack+ondisk+write+known_if_redirected e83500) -1847>
2015-07-30 16:21:31.983192 7f6837232700 1 -- 100.100.100.244:6800/6354 --> 100.100.100.242:0/1012965 -- osd_op_reply(78520 rbd_data.88ca383d1b58ba.000000000000331f [stat,set-alloc-hint object_size 16777216 write_size 16777216,write 0~0] v0'0 uv426 ondisk = -2 ((2) No such file or directory)) v6 -- ?+0 0x14342940 con 0x1126e000 -1846>
2015-07-30 16:21:31.983290 7f6837232700 5 -- op tracker -- seq: 13179, time:
2015-07-30 16:21:31.983290, event: done, op: osd_op(client.8963508.0:78520 rbd_data.88ca383d1b58ba.000000000000331f [stat,set-alloc-hint object_size 16777216 write_size 16777216,write 0~0] 45.eb323062 ack+ondisk+write+known_if_redirected e83500) -1845>
2015-07-30 16:21:31.984192 7f6839236700 5 -- op tracker -- seq: 13157, time:
2015-07-30 16:21:31.984192, event: started, op: osd_op(client.8964076.0:35761 rbd_data.36bbb37843e45.0000000000008b95 [read 0~4194304] 42.3d06ebd9 ack+read+known_if_redirected e83500) -1844>
2015-07-30 16:21:31.984356 7f6839236700 1 -- 100.100.100.244:6800/6354 --> 100.100.100.242:0/1027184 -- osd_op_reply(35761 rbd_data.36bbb37843e45.0000000000008b95 [read 0~0] v0'0 uv667 ondisk = 0) v6 -- ?+0 0x12fe2ec0 con 0x111dc260 -1843>
2015-07-30 16:21:31.984521 7f6836a31700 5 -- op tracker -- seq: 13175, time:
2015-07-30 16:21:31.984521, event: reached_pg, op: osd_op(client.8964076.0:35808 rbd_data.36bbb37843e45.0000000000008bc4 [read 0~4194304] 42.8fea1459 ack+read+known_if_redirected e83500) -1842>
2015-07-30 16:21:31.984480 7f6839236700 5 -- op tracker -- seq: 13157, time:
2015-07-30 16:21:31.984480, event: done, op: osd_op(client.8964076.0:35761 rbd_data.36bbb37843e45.0000000000008b95 [read 0~0] 42.3d06ebd9 ack+read+known_if_redirected e83500) -1841>
2015-07-30 16:21:31.984569 7f6839236700 5 -- op tracker -- seq: 13177, time:
2015-07-30 16:21:31.984569, event: reached_pg, op: osd_op(client.8964076.0:35816 rbd_data.36bbb37843e45.0000000000008bcc [read 0~4194304] 42.12aa81e3 ack+read+known_if_redirected e83500) -1840>
2015-07-30 16:21:31.995490 7f6849def700 5 -- op tracker -- seq: 13173, time:
2015-07-30 16:21:31.995489, event: sub_op_applied, op: osd_sub_op(client.8963508.0:78492 45.8a c497488a/rbd_data.88ca383d1b58ba.0000000000003318/head//45 [] v 83500'420 snapset=0=[]:[] snapc=0=[]) -1839>
2015-07-30 16:21:31.995519 7f6849def700 5 -- op tracker -- seq: 13173, time:
2015-07-30 16:21:31.995519, event: done, op: osd_sub_op(client.8963508.0:78492 45.8a c497488a/rbd_data.88ca383d1b58ba.0000000000003318/head//45 [] v 83500'420 snapset=0=[]:[] snapc=0=[]) -1838>
2015-07-30 16:21:32.003900 7f681d0e6700 1 -- 100.100.100.244:6800/6354 <== client.8963508 100.100.100.242:0/1012965 1000 ==== osd_op(client.8963508.0:78521 rbd_data.88ca383d1b58ba.000000000000330e [set-alloc-hint object_size 16777216 write_size 16777216,write 0~0] 45.4a2d8b36 ack+ondisk+write+known_if_redirected e83500) v4 ==== 229+0+0 (1915713029 0 0) 0x11e29700 con 0x1126e000 -1837>
2015-07-30 16:21:32.004009 7f681d0e6700 5 -- op tracker -- seq: 13180, time:
2015-07-30 16:21:32.003624, event: header_read, op: osd_op(client.8963508.0:78521 rbd_data.88ca383d1b58ba.000000000000330e [set-alloc-hint object_size 16777216 write_size 16777216,write 0~0] 45.4a2d8b36 ack+ondisk+write+known_if_redirected e83500) -1836>
2015-07-30 16:21:32.004120 7f681d0e6700 5 -- op tracker -- seq: 13180, time:
2015-07-30 16:21:32.003625, event: throttled, op: osd_op(client.8963508.0:78521 rbd_data.88ca383d1b58ba.000000000000330e [set-alloc-hint object_size 16777216 write_size 16777216,write 0~0] 45.4a2d8b36 ack+ondisk+write+known_if_redirected e83500) -1835>
2015-07-30 16:21:32.004243 7f681d0e6700 5 -- op tracker -- seq: 13180, time:
2015-07-30 16:21:32.003894, event: all_read, op: osd_op(client.8963508.0:78521 rbd_data.88ca383d1b58ba.000000000000330e [set-alloc-hint object_size 16777216 write_size 16777216,write 0~0] 45.4a2d8b36 ack+ondisk+write+known_if_redirected e83500) -1834>
2015-07-30 16:21:32.004311 7f681d0e6700 5 -- op tracker -- seq: 13180, time: 0.000000, event: dispatched, op: osd_op(client.8963508.0:78521 rbd_data.88ca383d1b58ba.000000000000330e [set-alloc-hint object_size 16777216 write_size 16777216,write 0~0] 45.4a2d8b36 ack+ondisk+write+known_if_redirected e83500) -1833>
2015-07-30 16:21:32.004386 7f683a238700 5 -- op tracker -- seq: 13180, time:
2015-07-30 16:21:32.004385, event: reached_pg, op: osd_op(client.8963508.0:78521 rbd_data.88ca383d1b58ba.000000000000330e [set-alloc-hint object_size 16777216 write_size 16777216,write 0~0] 45.4a2d8b36 ack+ondisk+write+known_if_redirected e83500) -1832>
2015-07-30 16:21:32.005248 7f683a238700 5 -- op tracker -- seq: 13180, time:
2015-07-30 16:21:32.005248, event: started, op: osd_op(client.8963508.0:78521 rbd_data.88ca383d1b58ba.000000000000330e [set-alloc-hint object_size 16777216 write_size 16777216,write 0~0] 45.4a2d8b36 ack+ondisk+write+known_if_redirected e83500) -1831>
2015-07-30 16:21:32.005420 7f683a238700 5 -- op tracker -- seq: 13180, time:
2015-07-30 16:21:32.005420, event: started, op: osd_op(client.8963508.0:78521 rbd_data.88ca383d1b58ba.000000000000330e [set-alloc-hint object_size 16777216 write_size 16777216,write 0~0] 45.4a2d8b36 ack+ondisk+write+known_if_redirected e83500) -1830>
2015-07-30 16:21:32.005683 7f683a238700 5 -- op tracker -- seq: 13180, time:
2015-07-30 16:21:32.005683, event: waiting for subops from 12,13,44, op: osd_op(client.8963508.0:78521 rbd_data.88ca383d1b58ba.000000000000330e [set-alloc-hint object_size 16777216 write_size 16777216,write 0~0] 45.4a2d8b36 ack+ondisk+write+known_if_redirected e83500) -1829>
2015-07-30 16:21:32.005933 7f683a238700 1 -- 111.111.111.244:6800/6354 --> 111.111.111.241:6800/8005260 -- osd_sub_op(client.8963508.0:78521 45.336 4a2d8b36/rbd_data.88ca383d1b58ba.000000000000330e/head//45 [] v 83500'429 snapset=0=[]:[] snapc=0=[]) v11 -- ?+937 0x13d35700 con 0xeaa89a0 -1828>
2015-07-30 16:21:32.006010 7f683a238700 1 -- 111.111.111.244:6800/6354 --> 111.111.111.243:6804/7729 -- osd_sub_op(client.8963508.0:78521 45.336 4a2d8b36/rbd_data.88ca383d1b58ba.000000000000330e/head//45 [] v 83500'429 snapset=0=[]:[] snapc=0=[]) v11 -- ?+937 0x1437a200 con 0xeaaaec0 -1827>
2015-07-30 16:21:32.006123 7f683a238700 1 -- 111.111.111.244:6800/6354 --> 111.111.111.242:6824/22526 -- osd_sub_op(client.8963508.0:78521 45.336 4a2d8b36/rbd_data.88ca383d1b58ba.000000000000330e/head//45 [] v 83500'429 snapset=0=[]:[] snapc=0=[]) v11 -- ?+937 0x139b1700 con 0x52abfa0 -1826>
2015-07-30 16:21:32.006473 7f683a238700 5 -- op tracker -- seq: 13180, time:
2015-07-30 16:21:32.006473, event: commit_queued_for_journal_write, op: osd_op(client.8963508.0:78521 rbd_data.88ca383d1b58ba.000000000000330e [set-alloc-hint object_size 16777216 write_size 16777216,write 0~0] 45.4a2d8b36 ack+ondisk+write+known_if_redirected e83500) -1825>
2015-07-30 16:21:32.006700 7f684c5f4700 5 -- op tracker -- seq: 13180, time:
2015-07-30 16:21:32.006700, event: write_thread_in_journal_buffer, op: osd_op(client.8963508.0:78521 rbd_data.88ca383d1b58ba.000000000000330e [set-alloc-hint object_size 16777216 write_size 16777216,write 0~0] 45.4a2d8b36 ack+ondisk+write+known_if_redirected e83500) -1824>
2015-07-30 16:21:32.006817 7f684bdf3700 5 -- op tracker -- seq: 13180, time:
2015-07-30 16:21:32.006817, event: journaled_completion_queued, op: osd_op(client.8963508.0:78521 rbd_data.88ca383d1b58ba.000000000000330e [set-alloc-hint object_size 16777216 write_size 16777216,write 0~0] 45.4a2d8b36 ack+ondisk+write+known_if_redirected e83500) -1823>
2015-07-30 16:21:32.006850 7f68495ee700 5 -- op tracker -- seq: 13180, time:
2015-07-30 16:21:32.006850, event: op_commit, op: osd_op(client.8963508.0:78521 rbd_data.88ca383d1b58ba.000000000000330e [set-alloc-hint object_size 16777216 write_size 16777216,write 0~0] 45.4a2d8b36 ack+ondisk+write+known_if_redirected e83500) -1822>
2015-07-30 16:21:32.007324 7f6849def700 5 -- op tracker -- seq: 13180, time:
2015-07-30 16:21:32.007324, event: op_applied, op: osd_op(client.8963508.0:78521 rbd_data.88ca383d1b58ba.000000000000330e [set-alloc-hint object_size 16777216 write_size 16777216,write 0~0] 45.4a2d8b36 ack+ondisk+write+known_if_redirected e83500) -1821>
2015-07-30 16:21:32.007383 7f6831926700 1 -- 111.111.111.244:6800/6354 <== osd.12 111.111.111.241:6800/8005260 247 ==== osd_sub_op_reply(client.8963508.0:78521 45.336 4a2d8b36/rbd_data.88ca383d1b58ba.000000000000330e/head//45 [] ondisk, result = 0) v2 ==== 178+0+0 (3790957146 0 0) 0x1226b8c0 con 0xeaa89a0 -1820>
2015-07-30 16:21:32.007424 7f6831926700 5 -- op tracker -- seq: 13181, time:
2015-07-30 16:21:32.007320, event: header_read, op: osd_sub_op_reply(client.8963508.0:78521 45.336 4a2d8b36/rbd_data.88ca383d1b58ba.000000000000330e/head//45 [] ondisk, result = 0) -1819>
2015-07-30 16:21:32.007438 7f6831926700 5 -- op tracker -- seq: 13181, time:
2015-07-30 16:21:32.007322, event: throttled, op: osd_sub_op_reply(client.8963508.0:78521 45.336 4a2d8b36/rbd_data.88ca383d1b58ba.000000000000330e/head//45 [] ondisk, result = 0) -1818>
2015-07-30 16:21:32.007446 7f6831926700 5 -- op tracker -- seq: 13181, time:
2015-07-30 16:21:32.007378, event: all_read, op: osd_sub_op_reply(client.8963508.0:78521 45.336 4a2d8b36/rbd_data.88ca383d1b58ba.000000000000330e/head//45 [] ondisk, result = 0) -1817>
2015-07-30 16:21:32.007453 7f6831926700 5 -- op tracker -- seq: 13181, time: 0.000000, event: dispatched, op: osd_sub_op_reply(client.8963508.0:78521 45.336 4a2d8b36/rbd_data.88ca383d1b58ba.000000000000330e/head//45 [] ondisk, result = 0) -1816>
2015-07-30 16:21:32.007486 7f6837a33700 5 -- op tracker -- seq: 13181, time:
2015-07-30 16:21:32.007486, event: reached_pg, op: osd_sub_op_reply(client.8963508.0:78521 45.336 4a2d8b36/rbd_data.88ca383d1b58ba.000000000000330e/head//45 [] ondisk, result = 0) -1815>
2015-07-30 16:21:32.007505 7f6837a33700 5 -- op tracker -- seq: 13181, time:
2015-07-30 16:21:32.007505, event: started, op: osd_sub_op_reply(client.8963508.0:78521 45.336 4a2d8b36/rbd_data.88ca383d1b58ba.000000000000330e/head//45 [] ondisk, result = 0) -1814>
2015-07-30 16:21:32.007554 7f6837a33700 5 -- op tracker -- seq: 13180, time:
2015-07-30 16:21:32.007554, event: sub_op_commit_rec, op: osd_op(client.8963508.0:78521 rbd_data.88ca383d1b58ba.000000000000330e [set-alloc-hint object_size 16777216 write_size 16777216,write 0~0] 45.4a2d8b36 ack+ondisk+write+known_if_redirected e83500) -1813>
2015-07-30 16:21:32.007643 7f6837a33700 5 -- op tracker -- seq: 13181, time:
2015-07-30 16:21:32.007643, event: done, op: osd_sub_op_reply(client.8963508.0:78521 45.336 4a2d8b36/rbd_data.88ca383d1b58ba.000000000000330e/head//45 [] ondisk, result = 0) -1812>
2015-07-30 16:21:32.008178 7f6830b18700 1 -- 111.111.111.244:6800/6354 <== osd.13 111.111.111.243:6804/7729 320 ==== osd_sub_op_reply(client.8963508.0:78521 45.336 4a2d8b36/rbd_data.88ca383d1b58ba.000000000000330e/head//45 [] ondisk, result = 0) v2 ==== 178+0+0 (247791939 0 0) 0x1207fc80 con 0xeaaaec0 -1811>
2015-07-30 16:21:32.008200 7f6830b18700 5 -- op tracker -- seq: 13182, time:
2015-07-30 16:21:32.008105, event: header_read, op: osd_sub_op_reply(client.8963508.0:78521 45.336 4a2d8b36/rbd_data.88ca383d1b58ba.000000000000330e/head//45 [] ondisk, result = 0) -1810>
2015-07-30 16:21:32.008225 7f6830b18700 5 -- op tracker -- seq: 13182, time:
2015-07-30 16:21:32.008107, event: throttled, op: osd_sub_op_reply(client.8963508.0:78521 45.336 4a2d8b36/rbd_data.88ca383d1b58ba.000000000000330e/head//45 [] ondisk, result = 0) -1809>
2015-07-30 16:21:32.008234 7f6830b18700 5 -- op tracker -- seq: 13182, time:
2015-07-30 16:21:32.008173, event: all_read, op: osd_sub_op_reply(client.8963508.0:78521 45.336 4a2d8b36/rbd_data.88ca383d1b58ba.000000000000330e/head//45 [] ondisk, result = 0) -1808>
2015-07-30 16:21:32.008242 7f6830b18700 5 -- op tracker -- seq: 13182, time: 0.000000, event: dispatched, op: osd_sub_op_reply(client.8963508.0:78521 45.336 4a2d8b36/rbd_data.88ca383d1b58ba.000000000000330e/head//45 [] ondisk, result = 0) -1807>
2015-07-30 16:21:32.008290 7f683a238700 5 -- op tracker -- seq: 13182, time:
2015-07-30 16:21:32.008290, event: reached_pg, op: osd_sub_op_reply(client.8963508.0:78521 45.336 4a2d8b36/rbd_data.88ca383d1b58ba.000000000000330e/head//45 [] ondisk, result = 0) -1806>
2015-07-30 16:21:32.008281 7f682cedc700 1 -- 111.111.111.244:6800/6354 <== osd.44 111.111.111.242:6824/22526 139 ==== osd_sub_op_reply(client.8963508.0:78521 45.336 4a2d8b36/rbd_data.88ca383d1b58ba.000000000000330e/head//45 [] ondisk, result = 0) v2 ==== 178+0+0 (1677819095 0 0) 0x14046000 con 0x52abfa0 -1805>
2015-07-30 16:21:32.008308 7f683a238700 5 -- op tracker -- seq: 13182, time:
2015-07-30 16:21:32.008308, event: started, op: osd_sub_op_reply(client.8963508.0:78521 45.336 4a2d8b36/rbd_data.88ca383d1b58ba.000000000000330e/head//45 [] ondisk, result = 0) -1804>
2015-07-30 16:21:32.008324 7f682cedc700 5 -- op tracker -- seq: 13183, time:
2015-07-30 16:21:32.008222, event: header_read, op: osd_sub_op_reply(client.8963508.0:78521 45.336 4a2d8b36/rbd_data.88ca383d1b58ba.000000000000330e/head//45 [] ondisk, result = 0) -1803>
2015-07-30 16:21:32.008337 7f682cedc700 5 -- op tracker -- seq: 13183, time:
2015-07-30 16:21:32.008224, event: throttled, op: osd_sub_op_reply(client.8963508.0:78521 45.336 4a2d8b36/rbd_data.88ca383d1b58ba.000000000000330e/head//45 [] ondisk, result = 0) -1802>
2015-07-30 16:21:32.008346 7f682cedc700 5 -- op tracker -- seq: 13183, time:
2015-07-30 16:21:32.008276, event: all_read, op: osd_sub_op_reply(client.8963508.0:78521 45.336 4a2d8b36/rbd_data.88ca383d1b58ba.000000000000330e/head//45 [] ondisk, result = 0) -1801>
2015-07-30 16:21:32.008354 7f682cedc700 5 -- op tracker -- seq: 13183, time: 0.000000, event: dispatched, op: osd_sub_op_reply(client.8963508.0:78521 45.336 4a2d8b36/rbd_data.88ca383d1b58ba.000000000000330e/head//45 [] ondisk, result = 0) -1800>
2015-07-30 16:21:32.008331 7f683a238700 5 -- op tracker -- seq: 13180, time:
2015-07-30 16:21:32.008331, event: sub_op_commit_rec, op: osd_op(client.8963508.0:78521 rbd_data.88ca383d1b58ba.000000000000330e [set-alloc-hint object_size 16777216 write_size 16777216,write 0~0] 45.4a2d8b36 ack+ondisk+write+known_if_redirected e83500) -1799>
2015-07-30 16:21:32.008451 7f6837a33700 5 -- op tracker -- seq: 13183, time:
2015-07-30 16:21:32.008451, event: reached_pg, op: osd_sub_op_reply(client.8963508.0:78521 45.336 4a2d8b36/rbd_data.88ca383d1b58ba.000000000000330e/head//45 [] ondisk, result = 0) -1798>
2015-07-30 16:21:32.008467 7f6837a33700 5 -- op tracker -- seq: 13183, time:
2015-07-30 16:21:32.008467, event: started, op: osd_sub_op_reply(client.8963508.0:78521 45.336 4a2d8b36/rbd_data.88ca383d1b58ba.000000000000330e/head//45 [] ondisk, result = 0) -1797>
2015-07-30 16:21:32.008476 7f6837a33700 5 -- op tracker -- seq: 13180, time:
2015-07-30 16:21:32.008476, event: sub_op_commit_rec, op: osd_op(client.8963508.0:78521 rbd_data.88ca383d1b58ba.000000000000330e [set-alloc-hint object_size 16777216 write_size 16777216,write 0~0] 45.4a2d8b36 ack+ondisk+write+known_if_redirected e83500) -1796>
2015-07-30 16:21:32.008487 7f6837a33700 1 -- 100.100.100.244:6800/6354 --> 100.100.100.242:0/1012965 -- osd_op_reply(78521 rbd_data.88ca383d1b58ba.000000000000330e [set-alloc-hint object_size 16777216 write_size 16777216,write 0~0] v83500'429 uv429 ack = 0) v6 -- ?+0 0x12fe0580 con 0x1126e000 -1795>
2015-07-30 16:21:32.008447 7f683a238700 5 -- op tracker -- seq: 13182, time:
2015-07-30 16:21:32.008447, event: done, op: osd_sub_op_reply(client.8963508.0:78521 45.336 4a2d8b36/rbd_data.88ca383d1b58ba.000000000000330e/head//45 [] ondisk, result = 0) -1794>
2015-07-30 16:21:32.008510 7f6837a33700 1 -- 100.100.100.244:6800/6354 --> 100.100.100.242:0/1012965 -- osd_op_reply(78521 rbd_data.88ca383d1b58ba.000000000000330e [set-alloc-hint object_size 16777216 write_size 16777216,write 0~0] v83500'429 uv429 ondisk = 0) v6 -- ?+0 0x1226b8c0 con 0x1126e000 -1793>
2015-07-30 16:21:32.008527 7f6837a33700 5 -- op tracker -- seq: 13180, time:
2015-07-30 16:21:32.008527, event: commit_sent, op: osd_op(client.8963508.0:78521 rbd_data.88ca383d1b58ba.000000000000330e [set-alloc-hint object_size 16777216 write_size 16777216,write 0~0] 45.4a2d8b36 ack+ondisk+write+known_if_redirected e83500) -1792>
2015-07-30 16:21:32.008550 7f6837a33700 5 -- op tracker -- seq: 13180, time:
2015-07-30 16:21:32.008550, event: done, op: osd_op(client.8963508.0:78521 rbd_data.88ca383d1b58ba.000000000000330e [set-alloc-hint object_size 16777216 write_size 16777216,write 0~0] 45.4a2d8b36 ack+ondisk+write+known_if_redirected e83500) -1791>
2015-07-30 16:21:32.008697 7f6837a33700 5 -- op tracker -- seq: 13183, time:
2015-07-30 16:21:32.008697, event: done, op: osd_sub_op_reply(client.8963508.0:78521 45.336 4a2d8b36/rbd_data.88ca383d1b58ba.000000000000330e/head//45 [] ondisk, result = 0) -1790>
2015-07-30 16:21:32.030952 7f6840345700 1 -- 111.111.111.244:6802/6354 <== osd.27 100.100.100.241:0/23860 107 ==== osd_ping(ping e83500 stamp
2015-07-30 16:21:32.031463) v2 ==== 47+0+0 (3067403472 0 0) 0x11b93a40 con 0x111da580 -1789>
2015-07-30 16:21:32.030991 7f6840345700 1 -- 111.111.111.244:6802/6354 --> 100.100.100.241:0/23860 -- osd_ping(ping_reply e83500 stamp
2015-07-30 16:21:32.031463) v2 -- ?+0 0x135d1c20 con 0x111da580 -1788>
2015-07-30 16:21:32.031008 7f6841c49700 1 -- 100.100.100.244:6802/6354 <== osd.27 100.100.100.241:0/23860 107 ==== osd_ping(ping e83500 stamp
2015-07-30 16:21:32.031463) v2 ==== 47+0+0 (3067403472 0 0) 0x126cd2c0 con 0x111db340 -1787>
