2015-07-30 16:21:35.674056 7f6839236700 1 -- 111.111.111.244:6800/6354 --> 111.111.111.242:6826/22741 -- osd_sub_op(client.8963508.0:79198 45.2f7 d3a4f6f7/rbd_data.88ca383d1b58ba.000000000000338b/head//45 [] v 83500'461 snapset=0=[]:[] snapc=0=[]) v11 -- ?+937 0x134b0c00 con 0x10668940 -117>
2015-07-30 16:21:35.674378 7f6839236700 5 -- op tracker -- seq: 13292, time:
2015-07-30 16:21:35.674378, event: commit_queued_for_journal_write, op: osd_op(client.8963508.0:79198 rbd_data.88ca383d1b58ba.000000000000338b [set-alloc-hint object_size 16777216 write_size 16777216,write 0~0] 45.d3a4f6f7 ack+ondisk+write+known_if_redirected e83500) -116>
2015-07-30 16:21:35.674618 7f684c5f4700 5 -- op tracker -- seq: 13292, time:
2015-07-30 16:21:35.674618, event: write_thread_in_journal_buffer, op: osd_op(client.8963508.0:79198 rbd_data.88ca383d1b58ba.000000000000338b [set-alloc-hint object_size 16777216 write_size 16777216,write 0~0] 45.d3a4f6f7 ack+ondisk+write+known_if_redirected e83500) -115>
2015-07-30 16:21:35.674720 7f684bdf3700 5 -- op tracker -- seq: 13292, time:
2015-07-30 16:21:35.674720, event: journaled_completion_queued, op: osd_op(client.8963508.0:79198 rbd_data.88ca383d1b58ba.000000000000338b [set-alloc-hint object_size 16777216 write_size 16777216,write 0~0] 45.d3a4f6f7 ack+ondisk+write+known_if_redirected e83500) -114>
2015-07-30 16:21:35.674768 7f68495ee700 5 -- op tracker -- seq: 13292, time:
2015-07-30 16:21:35.674768, event: op_commit, op: osd_op(client.8963508.0:79198 rbd_data.88ca383d1b58ba.000000000000338b [set-alloc-hint object_size 16777216 write_size 16777216,write 0~0] 45.d3a4f6f7 ack+ondisk+write+known_if_redirected e83500) -113>
2015-07-30 16:21:35.675274 7f6849def700 5 -- op tracker -- seq: 13292, time:
2015-07-30 16:21:35.675273, event: op_applied, op: osd_op(client.8963508.0:79198 rbd_data.88ca383d1b58ba.000000000000338b [set-alloc-hint object_size 16777216 write_size 16777216,write 0~0] 45.d3a4f6f7 ack+ondisk+write+known_if_redirected e83500) -112>
2015-07-30 16:21:35.675539 7f6830916700 1 -- 111.111.111.244:6800/6354 <== osd.7 111.111.111.243:6814/9316 349 ==== osd_sub_op_reply(client.8963508.0:79198 45.2f7 d3a4f6f7/rbd_data.88ca383d1b58ba.000000000000338b/head//45 [] ondisk, result = 0) v2 ==== 178+0+0 (1886278544 0 0) 0x117c82c0 con 0xeaaa680 -111>
2015-07-30 16:21:35.675566 7f6830916700 5 -- op tracker -- seq: 13293, time:
2015-07-30 16:21:35.675494, event: header_read, op: osd_sub_op_reply(client.8963508.0:79198 45.2f7 d3a4f6f7/rbd_data.88ca383d1b58ba.000000000000338b/head//45 [] ondisk, result = 0) -110>
2015-07-30 16:21:35.675579 7f6830916700 5 -- op tracker -- seq: 13293, time:
2015-07-30 16:21:35.675496, event: throttled, op: osd_sub_op_reply(client.8963508.0:79198 45.2f7 d3a4f6f7/rbd_data.88ca383d1b58ba.000000000000338b/head//45 [] ondisk, result = 0) -109>
2015-07-30 16:21:35.675589 7f6830916700 5 -- op tracker -- seq: 13293, time:
2015-07-30 16:21:35.675533, event: all_read, op: osd_sub_op_reply(client.8963508.0:79198 45.2f7 d3a4f6f7/rbd_data.88ca383d1b58ba.000000000000338b/head//45 [] ondisk, result = 0) -108>
2015-07-30 16:21:35.675596 7f6830916700 5 -- op tracker -- seq: 13293, time: 0.000000, event: dispatched, op: osd_sub_op_reply(client.8963508.0:79198 45.2f7 d3a4f6f7/rbd_data.88ca383d1b58ba.000000000000338b/head//45 [] ondisk, result = 0) -107>
2015-07-30 16:21:35.675623 7f6839236700 5 -- op tracker -- seq: 13293, time:
2015-07-30 16:21:35.675623, event: reached_pg, op: osd_sub_op_reply(client.8963508.0:79198 45.2f7 d3a4f6f7/rbd_data.88ca383d1b58ba.000000000000338b/head//45 [] ondisk, result = 0) -106>
2015-07-30 16:21:35.675640 7f6839236700 5 -- op tracker -- seq: 13293, time:
2015-07-30 16:21:35.675640, event: started, op: osd_sub_op_reply(client.8963508.0:79198 45.2f7 d3a4f6f7/rbd_data.88ca383d1b58ba.000000000000338b/head//45 [] ondisk, result = 0) -105>
2015-07-30 16:21:35.675653 7f6839236700 5 -- op tracker -- seq: 13292, time:
2015-07-30 16:21:35.675653, event: sub_op_commit_rec, op: osd_op(client.8963508.0:79198 rbd_data.88ca383d1b58ba.000000000000338b [set-alloc-hint object_size 16777216 write_size 16777216,write 0~0] 45.d3a4f6f7 ack+ondisk+write+known_if_redirected e83500) -104>
2015-07-30 16:21:35.675723 7f6839236700 5 -- op tracker -- seq: 13293, time:
2015-07-30 16:21:35.675723, event: done, op: osd_sub_op_reply(client.8963508.0:79198 45.2f7 d3a4f6f7/rbd_data.88ca383d1b58ba.000000000000338b/head//45 [] ondisk, result = 0) -103>
2015-07-30 16:21:35.676651 7f682f1ff700 1 -- 111.111.111.244:6800/6354 <== osd.42 111.111.111.242:6826/22741 195 ==== osd_sub_op_reply(client.8963508.0:79198 45.2f7 d3a4f6f7/rbd_data.88ca383d1b58ba.000000000000338b/head//45 [] ondisk, result = 0) v2 ==== 178+0+0 (3361276268 0 0) 0x1276a100 con 0x10668940 -102>
2015-07-30 16:21:35.676671 7f682f1ff700 5 -- op tracker -- seq: 13294, time:
2015-07-30 16:21:35.676599, event: header_read, op: osd_sub_op_reply(client.8963508.0:79198 45.2f7 d3a4f6f7/rbd_data.88ca383d1b58ba.000000000000338b/head//45 [] ondisk, result = 0) -101>
2015-07-30 16:21:35.676683 7f682f1ff700 5 -- op tracker -- seq: 13294, time:
2015-07-30 16:21:35.676600, event: throttled, op: osd_sub_op_reply(client.8963508.0:79198 45.2f7 d3a4f6f7/rbd_data.88ca383d1b58ba.000000000000338b/head//45 [] ondisk, result = 0) -100>
2015-07-30 16:21:35.676691 7f682f1ff700 5 -- op tracker -- seq: 13294, time:
2015-07-30 16:21:35.676647, event: all_read, op: osd_sub_op_reply(client.8963508.0:79198 45.2f7 d3a4f6f7/rbd_data.88ca383d1b58ba.000000000000338b/head//45 [] ondisk, result = 0) -99>
2015-07-30 16:21:35.676698 7f682f1ff700 5 -- op tracker -- seq: 13294, time: 0.000000, event: dispatched, op: osd_sub_op_reply(client.8963508.0:79198 45.2f7 d3a4f6f7/rbd_data.88ca383d1b58ba.000000000000338b/head//45 [] ondisk, result = 0) -98>
2015-07-30 16:21:35.676724 7f6839236700 5 -- op tracker -- seq: 13294, time:
2015-07-30 16:21:35.676724, event: reached_pg, op: osd_sub_op_reply(client.8963508.0:79198 45.2f7 d3a4f6f7/rbd_data.88ca383d1b58ba.000000000000338b/head//45 [] ondisk, result = 0) -97>
2015-07-30 16:21:35.676741 7f6839236700 5 -- op tracker -- seq: 13294, time:
2015-07-30 16:21:35.676741, event: started, op: osd_sub_op_reply(client.8963508.0:79198 45.2f7 d3a4f6f7/rbd_data.88ca383d1b58ba.000000000000338b/head//45 [] ondisk, result = 0) -96>
2015-07-30 16:21:35.676753 7f6839236700 5 -- op tracker -- seq: 13292, time:
2015-07-30 16:21:35.676753, event: sub_op_commit_rec, op: osd_op(client.8963508.0:79198 rbd_data.88ca383d1b58ba.000000000000338b [set-alloc-hint object_size 16777216 write_size 16777216,write 0~0] 45.d3a4f6f7 ack+ondisk+write+known_if_redirected e83500) -95>
2015-07-30 16:21:35.676833 7f6839236700 5 -- op tracker -- seq: 13294, time:
2015-07-30 16:21:35.676833, event: done, op: osd_sub_op_reply(client.8963508.0:79198 45.2f7 d3a4f6f7/rbd_data.88ca383d1b58ba.000000000000338b/head//45 [] ondisk, result = 0) -94>
2015-07-30 16:21:35.686321 7f682d0de700 1 -- 111.111.111.244:6800/6354 <== osd.28 111.111.111.241:6821/1004350 71 ==== osd_sub_op_reply(client.8963436.0:55715 45.2f7 65527af7/rbd_data.48e7a77843e45.0000000000002443/head//45 [] ondisk, result = 0) v2 ==== 177+0+0 (2710357069 0 0) 0x12768840 con 0x52acc00 -93>
2015-07-30 16:21:35.686345 7f682d0de700 5 -- op tracker -- seq: 13295, time:
2015-07-30 16:21:35.686254, event: header_read, op: osd_sub_op_reply(client.8963436.0:55715 45.2f7 65527af7/rbd_data.48e7a77843e45.0000000000002443/head//45 [] ondisk, result = 0) -92>
2015-07-30 16:21:35.686358 7f682d0de700 5 -- op tracker -- seq: 13295, time:
2015-07-30 16:21:35.686256, event: throttled, op: osd_sub_op_reply(client.8963436.0:55715 45.2f7 65527af7/rbd_data.48e7a77843e45.0000000000002443/head//45 [] ondisk, result = 0) -91>
2015-07-30 16:21:35.686374 7f682d0de700 5 -- op tracker -- seq: 13295, time:
2015-07-30 16:21:35.686316, event: all_read, op: osd_sub_op_reply(client.8963436.0:55715 45.2f7 65527af7/rbd_data.48e7a77843e45.0000000000002443/head//45 [] ondisk, result = 0) -90>
2015-07-30 16:21:35.686383 7f682d0de700 5 -- op tracker -- seq: 13295, time: 0.000000, event: dispatched, op: osd_sub_op_reply(client.8963436.0:55715 45.2f7 65527af7/rbd_data.48e7a77843e45.0000000000002443/head//45 [] ondisk, result = 0) -89>
2015-07-30 16:21:35.686415 7f6839236700 5 -- op tracker -- seq: 13295, time:
2015-07-30 16:21:35.686415, event: reached_pg, op: osd_sub_op_reply(client.8963436.0:55715 45.2f7 65527af7/rbd_data.48e7a77843e45.0000000000002443/head//45 [] ondisk, result = 0) -88>
2015-07-30 16:21:35.686434 7f6839236700 5 -- op tracker -- seq: 13295, time:
2015-07-30 16:21:35.686434, event: started, op: osd_sub_op_reply(client.8963436.0:55715 45.2f7 65527af7/rbd_data.48e7a77843e45.0000000000002443/head//45 [] ondisk, result = 0) -87>
2015-07-30 16:21:35.686488 7f682d0de700 1 -- 111.111.111.244:6800/6354 <== osd.28 111.111.111.241:6821/1004350 72 ==== osd_sub_op_reply(client.8963508.0:79198 45.2f7 d3a4f6f7/rbd_data.88ca383d1b58ba.000000000000338b/head//45 [] ondisk, result = 0) v2 ==== 178+0+0 (3839406187 0 0) 0x109bc940 con 0x52acc00 -86>
2015-07-30 16:21:35.686510 7f682d0de700 5 -- op tracker -- seq: 13296, time:
2015-07-30 16:21:35.686409, event: header_read, op: osd_sub_op_reply(client.8963508.0:79198 45.2f7 d3a4f6f7/rbd_data.88ca383d1b58ba.000000000000338b/head//45 [] ondisk, result = 0) -85>
2015-07-30 16:21:35.686539 7f682d0de700 5 -- op tracker -- seq: 13296, time:
2015-07-30 16:21:35.686410, event: throttled, op: osd_sub_op_reply(client.8963508.0:79198 45.2f7 d3a4f6f7/rbd_data.88ca383d1b58ba.000000000000338b/head//45 [] ondisk, result = 0) -84>
2015-07-30 16:21:35.686546 7f682d0de700 5 -- op tracker -- seq: 13296, time:
2015-07-30 16:21:35.686485, event: all_read, op: osd_sub_op_reply(client.8963508.0:79198 45.2f7 d3a4f6f7/rbd_data.88ca383d1b58ba.000000000000338b/head//45 [] ondisk, result = 0) -83>
2015-07-30 16:21:35.686555 7f682d0de700 5 -- op tracker -- seq: 13296, time: 0.000000, event: dispatched, op: osd_sub_op_reply(client.8963508.0:79198 45.2f7 d3a4f6f7/rbd_data.88ca383d1b58ba.000000000000338b/head//45 [] ondisk, result = 0) -82>
2015-07-30 16:21:35.686449 7f6839236700 5 -- op tracker -- seq: 13289, time:
2015-07-30 16:21:35.686448, event: sub_op_commit_rec, op: osd_op(client.8963436.0:55715 rbd_data.48e7a77843e45.0000000000002443 [set-alloc-hint object_size 16777216 write_size 16777216,write 0~0] 45.65527af7 snapc 1f=[1f] ack+ondisk+write+known_if_redirected e83500) -81>
2015-07-30 16:21:35.686569 7f6839236700 1 -- 100.100.100.244:6800/6354 --> 100.100.100.242:0/1011392 -- osd_op_reply(55715 rbd_data.48e7a77843e45.0000000000002443 [set-alloc-hint object_size 16777216 write_size 16777216,write 0~0] v83500'460 uv460 ack = 0) v6 -- ?+0 0x13298680 con 0x11501440 -80>
2015-07-30 16:21:35.686768 7f6839236700 1 -- 100.100.100.244:6800/6354 --> 100.100.100.242:0/1011392 -- osd_op_reply(55715 rbd_data.48e7a77843e45.0000000000002443 [set-alloc-hint object_size 16777216 write_size 16777216,write 0~0] v83500'460 uv460 ondisk = 0) v6 -- ?+0 0x132962c0 con 0x11501440 -79>
2015-07-30 16:21:35.686868 7f6839236700 5 -- op tracker -- seq: 13289, time:
2015-07-30 16:21:35.686868, event: commit_sent, op: osd_op(client.8963436.0:55715 rbd_data.48e7a77843e45.0000000000002443 [set-alloc-hint object_size 16777216 write_size 16777216,write 0~0] 45.65527af7 snapc 1f=[1f] ack+ondisk+write+known_if_redirected e83500) -78>
2015-07-30 16:21:35.686989 7f6839236700 5 -- op tracker -- seq: 13289, time:
2015-07-30 16:21:35.686989, event: done, op: osd_op(client.8963436.0:55715 rbd_data.48e7a77843e45.0000000000002443 [set-alloc-hint object_size 16777216 write_size 16777216,write 0~0] 45.65527af7 snapc 1f=[1f] ack+ondisk+write+known_if_redirected e83500) -77>
2015-07-30 16:21:35.687045 7f6839236700 5 -- op tracker -- seq: 13295, time:
2015-07-30 16:21:35.687045, event: done, op: osd_sub_op_reply(client.8963436.0:55715 45.2f7 65527af7/rbd_data.48e7a77843e45.0000000000002443/head//45 [] ondisk, result = 0) -76>
2015-07-30 16:21:35.687075 7f6839236700 5 -- op tracker -- seq: 13296, time:
2015-07-30 16:21:35.687075, event: reached_pg, op: osd_sub_op_reply(client.8963508.0:79198 45.2f7 d3a4f6f7/rbd_data.88ca383d1b58ba.000000000000338b/head//45 [] ondisk, result = 0) -75>
2015-07-30 16:21:35.687087 7f6839236700 5 -- op tracker -- seq: 13296, time:
2015-07-30 16:21:35.687087, event: started, op: osd_sub_op_reply(client.8963508.0:79198 45.2f7 d3a4f6f7/rbd_data.88ca383d1b58ba.000000000000338b/head//45 [] ondisk, result = 0) -74>
2015-07-30 16:21:35.687099 7f6839236700 5 -- op tracker -- seq: 13292, time:
2015-07-30 16:21:35.687099, event: sub_op_commit_rec, op: osd_op(client.8963508.0:79198 rbd_data.88ca383d1b58ba.000000000000338b [set-alloc-hint object_size 16777216 write_size 16777216,write 0~0] 45.d3a4f6f7 ack+ondisk+write+known_if_redirected e83500) -73>
2015-07-30 16:21:35.687149 7f6839236700 1 -- 100.100.100.244:6800/6354 --> 100.100.100.242:0/1012965 -- osd_op_reply(79198 rbd_data.88ca383d1b58ba.000000000000338b [set-alloc-hint object_size 16777216 write_size 16777216,write 0~0] v83500'461 uv461 ack = 0) v6 -- ?+0 0x13dac100 con 0x1126e000 -72>
2015-07-30 16:21:35.687177 7f6839236700 1 -- 100.100.100.244:6800/6354 --> 100.100.100.242:0/1012965 -- osd_op_reply(79198 rbd_data.88ca383d1b58ba.000000000000338b [set-alloc-hint object_size 16777216 write_size 16777216,write 0~0] v83500'461 uv461 ondisk = 0) v6 -- ?+0 0x132999c0 con 0x1126e000 -71>
2015-07-30 16:21:35.687199 7f6839236700 5 -- op tracker -- seq: 13292, time:
2015-07-30 16:21:35.687199, event: commit_sent, op: osd_op(client.8963508.0:79198 rbd_data.88ca383d1b58ba.000000000000338b [set-alloc-hint object_size 16777216 write_size 16777216,write 0~0] 45.d3a4f6f7 ack+ondisk+write+known_if_redirected e83500) -70>
2015-07-30 16:21:35.687489 7f6839236700 5 -- op tracker -- seq: 13292, time:
2015-07-30 16:21:35.687489, event: done, op: osd_op(client.8963508.0:79198 rbd_data.88ca383d1b58ba.000000000000338b [set-alloc-hint object_size 16777216 write_size 16777216,write 0~0] 45.d3a4f6f7 ack+ondisk+write+known_if_redirected e83500) -69>
2015-07-30 16:21:35.687563 7f6839236700 5 -- op tracker -- seq: 13296, time:
2015-07-30 16:21:35.687563, event: done, op: osd_sub_op_reply(client.8963508.0:79198 45.2f7 d3a4f6f7/rbd_data.88ca383d1b58ba.000000000000338b/head//45 [] ondisk, result = 0) -68>
2015-07-30 16:21:35.693865 7f681acc2700 1 -- 100.100.100.244:6800/6354 <== client.8963436 100.100.100.242:0/1011392 1088 ==== osd_op(client.8963436.0:55728 rbd_data.48e7a77843e45.0000000000002447 [stat,set-alloc-hint object_size 16777216 write_size 16777216,write 0~0] 45.71e72ee1 snapc 1f=[1f] ack+ondisk+write+known_if_redirected e83500) v4 ==== 274+0+0 (2359022522 0 0) 0x11e26500 con 0x11501440 -67>
2015-07-30 16:21:35.694162 7f681acc2700 5 -- op tracker -- seq: 13297, time:
2015-07-30 16:21:35.693519, event: header_read, op: osd_op(client.8963436.0:55728 rbd_data.48e7a77843e45.0000000000002447 [stat,set-alloc-hint object_size 16777216 write_size 16777216,write 0~0] 45.71e72ee1 snapc 1f=[1f] ack+ondisk+write+known_if_redirected e83500) -66>
2015-07-30 16:21:35.694208 7f681acc2700 5 -- op tracker -- seq: 13297, time:
2015-07-30 16:21:35.693522, event: throttled, op: osd_op(client.8963436.0:55728 rbd_data.48e7a77843e45.0000000000002447 [stat,set-alloc-hint object_size 16777216 write_size 16777216,write 0~0] 45.71e72ee1 snapc 1f=[1f] ack+ondisk+write+known_if_redirected e83500) -65>
2015-07-30 16:21:35.694266 7f681acc2700 5 -- op tracker -- seq: 13297, time:
2015-07-30 16:21:35.693858, event: all_read, op: osd_op(client.8963436.0:55728 rbd_data.48e7a77843e45.0000000000002447 [stat,set-alloc-hint object_size 16777216 write_size 16777216,write 0~0] 45.71e72ee1 snapc 1f=[1f] ack+ondisk+write+known_if_redirected e83500) -64>
2015-07-30 16:21:35.694311 7f681acc2700 5 -- op tracker -- seq: 13297, time: 0.000000, event: dispatched, op: osd_op(client.8963436.0:55728 rbd_data.48e7a77843e45.0000000000002447 [stat,set-alloc-hint object_size 16777216 write_size 16777216,write 0~0] 45.71e72ee1 snapc 1f=[1f] ack+ondisk+write+known_if_redirected e83500) -63>
2015-07-30 16:21:35.694505 7f6837a33700 5 -- op tracker -- seq: 13297, time:
2015-07-30 16:21:35.694504, event: reached_pg, op: osd_op(client.8963436.0:55728 rbd_data.48e7a77843e45.0000000000002447 [stat,set-alloc-hint object_size 16777216 write_size 16777216,write 0~0] 45.71e72ee1 snapc 1f=[1f] ack+ondisk+write+known_if_redirected e83500) -62>
2015-07-30 16:21:35.695387 7f6837a33700 5 -- op tracker -- seq: 13297, time:
2015-07-30 16:21:35.695387, event: started, op: osd_op(client.8963436.0:55728 rbd_data.48e7a77843e45.0000000000002447 [stat,set-alloc-hint object_size 16777216 write_size 16777216,write 0~0] 45.71e72ee1 snapc 1f=[1f] ack+ondisk+write+known_if_redirected e83500) -61>
2015-07-30 16:21:35.695562 7f6837a33700 5 -- op tracker -- seq: 13297, time:
2015-07-30 16:21:35.695562, event: started, op: osd_op(client.8963436.0:55728 rbd_data.48e7a77843e45.0000000000002447 [stat,set-alloc-hint object_size 16777216 write_size 16777216,write 0~0] 45.71e72ee1 snapc 1f=[1f] ack+ondisk+write+known_if_redirected e83500) -60>
2015-07-30 16:21:35.695666 7f6837a33700 1 -- 100.100.100.244:6800/6354 --> 100.100.100.242:0/1011392 -- osd_op_reply(55728 rbd_data.48e7a77843e45.0000000000002447 [stat,set-alloc-hint object_size 16777216 write_size 16777216,write 0~0] v0'0 uv401 ondisk = -2 ((2) No such file or directory)) v6 -- ?+0 0x13299180 con 0x11501440 -59>
2015-07-30 16:21:35.695771 7f6837a33700 5 -- op tracker -- seq: 13297, time:
2015-07-30 16:21:35.695771, event: done, op: osd_op(client.8963436.0:55728 rbd_data.48e7a77843e45.0000000000002447 [stat,set-alloc-hint object_size 16777216 write_size 16777216,write 0~0] 45.71e72ee1 snapc 1f=[1f] ack+ondisk+write+known_if_redirected e83500) -58>
2015-07-30 16:21:35.697400 7f683101d700 1 -- 111.111.111.244:6800/6354 <== osd.1 111.111.111.243:6806/10101 275 ==== osd_sub_op(client.8963508.0:79199 45.2f8 6f1c4af8/rbd_data.88ca383d1b58ba.000000000000338d/head//45 [] v 83500'354 snapset=0=[]:[] snapc=0=[]) v11 ==== 1412+0+937 (3428555847 0 305879818) 0x134b2200 con 0xeaa91e0 -57>
2015-07-30 16:21:35.697424 7f683101d700 5 -- op tracker -- seq: 13298, time:
2015-07-30 16:21:35.697324, event: header_read, op: osd_sub_op(client.8963508.0:79199 45.2f8 6f1c4af8/rbd_data.88ca383d1b58ba.000000000000338d/head//45 [] v 83500'354 snapset=0=[]:[] snapc=0=[]) -56>
2015-07-30 16:21:35.697437 7f683101d700 5 -- op tracker -- seq: 13298, time:
2015-07-30 16:21:35.697325, event: throttled, op: osd_sub_op(client.8963508.0:79199 45.2f8 6f1c4af8/rbd_data.88ca383d1b58ba.000000000000338d/head//45 [] v 83500'354 snapset=0=[]:[] snapc=0=[]) -55>
2015-07-30 16:21:35.697447 7f683101d700 5 -- op tracker -- seq: 13298, time:
2015-07-30 16:21:35.697393, event: all_read, op: osd_sub_op(client.8963508.0:79199 45.2f8 6f1c4af8/rbd_data.88ca383d1b58ba.000000000000338d/head//45 [] v 83500'354 snapset=0=[]:[] snapc=0=[]) -54>
2015-07-30 16:21:35.697455 7f683101d700 5 -- op tracker -- seq: 13298, time: 0.000000, event: dispatched, op: osd_sub_op(client.8963508.0:79199 45.2f8 6f1c4af8/rbd_data.88ca383d1b58ba.000000000000338d/head//45 [] v 83500'354 snapset=0=[]:[] snapc=0=[]) -53>
2015-07-30 16:21:35.697536 7f683b23a700 5 -- op tracker -- seq: 13298, time:
2015-07-30 16:21:35.697536, event: reached_pg, op: osd_sub_op(client.8963508.0:79199 45.2f8 6f1c4af8/rbd_data.88ca383d1b58ba.000000000000338d/head//45 [] v 83500'354 snapset=0=[]:[] snapc=0=[]) -52>
2015-07-30 16:21:35.697560 7f683b23a700 5 -- op tracker -- seq: 13298, time:
2015-07-30 16:21:35.697560, event: started, op: osd_sub_op(client.8963508.0:79199 45.2f8 6f1c4af8/rbd_data.88ca383d1b58ba.000000000000338d/head//45 [] v 83500'354 snapset=0=[]:[] snapc=0=[]) -51>
2015-07-30 16:21:35.697863 7f683b23a700 5 -- op tracker -- seq: 13298, time:
2015-07-30 16:21:35.697863, event: started, op: osd_sub_op(client.8963508.0:79199 45.2f8 6f1c4af8/rbd_data.88ca383d1b58ba.000000000000338d/head//45 [] v 83500'354 snapset=0=[]:[] snapc=0=[]) -50>
2015-07-30 16:21:35.697997 7f683b23a700 5 -- op tracker -- seq: 13298, time:
2015-07-30 16:21:35.697996, event: commit_queued_for_journal_write, op: osd_sub_op(client.8963508.0:79199 45.2f8 6f1c4af8/rbd_data.88ca383d1b58ba.000000000000338d/head//45 [] v 83500'354 snapset=0=[]:[] snapc=0=[]) -49>
2015-07-30 16:21:35.698116 7f684c5f4700 5 -- op tracker -- seq: 13298, time:
2015-07-30 16:21:35.698116, event: write_thread_in_journal_buffer, op: osd_sub_op(client.8963508.0:79199 45.2f8 6f1c4af8/rbd_data.88ca383d1b58ba.000000000000338d/head//45 [] v 83500'354 snapset=0=[]:[] snapc=0=[]) -48>
2015-07-30 16:21:35.698219 7f684bdf3700 5 -- op tracker -- seq: 13298, time:
2015-07-30 16:21:35.698219, event: journaled_completion_queued, op: osd_sub_op(client.8963508.0:79199 45.2f8 6f1c4af8/rbd_data.88ca383d1b58ba.000000000000338d/head//45 [] v 83500'354 snapset=0=[]:[] snapc=0=[]) -47>
2015-07-30 16:21:35.698248 7f68495ee700 5 -- op tracker -- seq: 13298, time:
2015-07-30 16:21:35.698248, event: commit_sent, op: osd_sub_op(client.8963508.0:79199 45.2f8 6f1c4af8/rbd_data.88ca383d1b58ba.000000000000338d/head//45 [] v 83500'354 snapset=0=[]:[] snapc=0=[]) -46>
2015-07-30 16:21:35.698276 7f68495ee700 1 -- 111.111.111.244:6800/6354 --> 111.111.111.243:6806/10101 -- osd_sub_op_reply(client.8963508.0:79199 45.2f8 6f1c4af8/rbd_data.88ca383d1b58ba.000000000000338d/head//45 [] ondisk, result = 0) v2 -- ?+0 0x1226adc0 con 0xeaa91e0 -45>
2015-07-30 16:21:35.698905 7f6849def700 5 -- op tracker -- seq: 13298, time:
2015-07-30 16:21:35.698905, event: sub_op_applied, op: osd_sub_op(client.8963508.0:79199 45.2f8 6f1c4af8/rbd_data.88ca383d1b58ba.000000000000338d/head//45 [] v 83500'354 snapset=0=[]:[] snapc=0=[]) -44>
2015-07-30 16:21:35.698926 7f6849def700 5 -- op tracker -- seq: 13298, time:
2015-07-30 16:21:35.698926, event: done, op: osd_sub_op(client.8963508.0:79199 45.2f8 6f1c4af8/rbd_data.88ca383d1b58ba.000000000000338d/head//45 [] v 83500'354 snapset=0=[]:[] snapc=0=[]) -43>
2015-07-30 16:21:35.705776 7f6836a31700 5 -- op tracker -- seq: 13288, time:
2015-07-30 16:21:35.705776, event: started, op: osd_op(client.8964076.0:36143 rbd_data.36bbb37843e45.0000000000008d13 [read 0~4194304] 42.9c4c9563 ack+read+known_if_redirected e83500) -42>
2015-07-30 16:21:35.706189 7f6836a31700 1 -- 100.100.100.244:6800/6354 --> 100.100.100.242:0/1027184 -- osd_op_reply(36143 rbd_data.36bbb37843e45.0000000000008d13 [read 0~0] v0'0 uv618 ondisk = 0) v6 -- ?+0 0x10cb4c00 con 0x111dc260 -41>
2015-07-30 16:21:35.706285 7f6836a31700 5 -- op tracker -- seq: 13288, time:
2015-07-30 16:21:35.706285, event: done, op: osd_op(client.8964076.0:36143 rbd_data.36bbb37843e45.0000000000008d13 [read 0~0] 42.9c4c9563 ack+read+known_if_redirected e83500) -40>
2015-07-30 16:21:35.739501 7f681d0e6700 1 -- 100.100.100.244:6800/6354 <== client.8963508 100.100.100.242:0/1012965 1021 ==== osd_op(client.8963508.0:79218 rbd_data.791f542ae8944a.000000000000ce43@6 [read 0~4194304] 39.d05926dc ack+read+localize_reads+known_if_redirected e83500) v4 ==== 191+0+0 (3606265224 0 0) 0x11e26f00 con 0x1126e000 -39>
2015-07-30 16:21:35.739801 7f681d0e6700 5 -- op tracker -- seq: 13299, time:
2015-07-30 16:21:35.739200, event: header_read, op: osd_op(client.8963508.0:79218 rbd_data.791f542ae8944a.000000000000ce43@6 [read 0~4194304] 39.d05926dc ack+read+localize_reads+known_if_redirected e83500) -38>
2015-07-30 16:21:35.739904 7f681d0e6700 5 -- op tracker -- seq: 13299, time:
2015-07-30 16:21:35.739203, event: throttled, op: osd_op(client.8963508.0:79218 rbd_data.791f542ae8944a.000000000000ce43@6 [read 0~4194304] 39.d05926dc ack+read+localize_reads+known_if_redirected e83500) -37>
2015-07-30 16:21:35.739965 7f681d0e6700 5 -- op tracker -- seq: 13299, time:
2015-07-30 16:21:35.739494, event: all_read, op: osd_op(client.8963508.0:79218 rbd_data.791f542ae8944a.000000000000ce43@6 [read 0~4194304] 39.d05926dc ack+read+localize_reads+known_if_redirected e83500) -36>
2015-07-30 16:21:35.740145 7f681d0e6700 5 -- op tracker -- seq: 13299, time: 0.000000, event: dispatched, op: osd_op(client.8963508.0:79218 rbd_data.791f542ae8944a.000000000000ce43@6 [read 0~4194304] 39.d05926dc ack+read+localize_reads+known_if_redirected e83500) -35>
2015-07-30 16:21:35.740234 7f683a238700 5 -- op tracker -- seq: 13299, time:
2015-07-30 16:21:35.740234, event: reached_pg, op: osd_op(client.8963508.0:79218 rbd_data.791f542ae8944a.000000000000ce43@6 [read 0~4194304] 39.d05926dc ack+read+localize_reads+known_if_redirected e83500) -34>
2015-07-30 16:21:35.740783 7f683a238700 1 -- 100.100.100.244:6800/6354 --> 100.100.100.242:0/1012965 -- osd_op_reply(79218 rbd_data.791f542ae8944a.000000000000ce43 [read 0~4194304] v0'0 uv0 ack = -2 ((2) No such file or directory)) v6 -- ?+0 0x112903c0 con 0x1126e000 -33>
2015-07-30 16:21:35.740943 7f683a238700 5 -- op tracker -- seq: 13299, time:
2015-07-30 16:21:35.740943, event: done, op: osd_op(client.8963508.0:79218 rbd_data.791f542ae8944a.000000000000ce43@6 [read 0~4194304] 39.d05926dc ack+read+localize_reads+known_if_redirected e83500) -32>
2015-07-30 16:21:35.741225 7f6839a37700 5 -- op tracker -- seq: 13230, time:
2015-07-30 16:21:35.741225, event: reached_pg, op: osd_sub_op(unknown.0.0:0 45.34b 0//0//-1 [scrub-map] v 0'0 snapset=0=[]:[] snapc=0=[]) -31>
2015-07-30 16:21:35.741253 7f6839a37700 5 -- op tracker -- seq: 13230, time:
2015-07-30 16:21:35.741253, event: started, op: osd_sub_op(unknown.0.0:0 45.34b 0//0//-1 [scrub-map] v 0'0 snapset=0=[]:[] snapc=0=[]) -30>
2015-07-30 16:21:35.741764 7f6837232700 5 -- op tracker -- seq: 13243, time:
2015-07-30 16:21:35.741764, event: reached_pg, op: osd_sub_op(unknown.0.0:0 45.34b 0//0//-1 [scrub-map] v 0'0 snapset=0=[]:[] snapc=0=[]) -29>
2015-07-30 16:21:35.741784 7f6837232700 5 -- op tracker -- seq: 13243, time:
2015-07-30 16:21:35.741784, event: started, op: osd_sub_op(unknown.0.0:0 45.34b 0//0//-1 [scrub-map] v 0'0 snapset=0=[]:[] snapc=0=[]) -28>
2015-07-30 16:21:35.741746 7f6839a37700 5 -- op tracker -- seq: 13230, time:
2015-07-30 16:21:35.741745, event: done, op: osd_sub_op(unknown.0.0:0 45.34b 0//0//-1 [scrub-map] v 0'0 snapset=0=[]:[] snapc=0=[]) -27>
2015-07-30 16:21:35.742229 7f6839a37700 5 -- op tracker -- seq: 13248, time:
2015-07-30 16:21:35.742229, event: reached_pg, op: osd_sub_op(unknown.0.0:0 45.34b 0//0//-1 [scrub-map] v 0'0 snapset=0=[]:[] snapc=0=[]) -26>
2015-07-30 16:21:35.742245 7f6839a37700 5 -- op tracker -- seq: 13248, time:
2015-07-30 16:21:35.742245, event: started, op: osd_sub_op(unknown.0.0:0 45.34b 0//0//-1 [scrub-map] v 0'0 snapset=0=[]:[] snapc=0=[]) -25>
2015-07-30 16:21:35.742225 7f6837232700 5 -- op tracker -- seq: 13243, time:
2015-07-30 16:21:35.742225, event: done, op: osd_sub_op(unknown.0.0:0 45.34b 0//0//-1 [scrub-map] v 0'0 snapset=0=[]:[] snapc=0=[]) -24>
2015-07-30 16:21:35.742645 7f6837232700 5 -- op tracker -- seq: 13275, time:
2015-07-30 16:21:35.742645, event: reached_pg, op: osd_sub_op(unknown.0.0:0 45.34b 0//0//-1 [scrub-map] v 0'0 snapset=0=[]:[] snapc=0=[]) -23>
2015-07-30 16:21:35.742661 7f6837232700 5 -- op tracker -- seq: 13275, time:
2015-07-30 16:21:35.742661, event: started, op: osd_sub_op(unknown.0.0:0 45.34b 0//0//-1 [scrub-map] v 0'0 snapset=0=[]:[] snapc=0=[]) -22>
2015-07-30 16:21:35.742641 7f6839a37700 5 -- op tracker -- seq: 13248, time:
2015-07-30 16:21:35.742641, event: done, op: osd_sub_op(unknown.0.0:0 45.34b 0//0//-1 [scrub-map] v 0'0 snapset=0=[]:[] snapc=0=[]) -21>
2015-07-30 16:21:35.742748 7f6839a37700 5 -- op tracker -- seq: 13244, time:
2015-07-30 16:21:35.742748, event: reached_pg, op: osd_op(client.8781641.0:300978 rbd_data.791f542ae8944a.0000000000049798 [read 0~4194304] 39.ad4c6758 ack+read+known_if_redirected e83500) -20>
2015-07-30 16:21:35.742957 7f6837232700 5 -- op tracker -- seq: 13275, time:
2015-07-30 16:21:35.742957, event: done, op: osd_sub_op(unknown.0.0:0 45.34b 0//0//-1 [scrub-map] v 0'0 snapset=0=[]:[] snapc=0=[]) -19>
2015-07-30 16:21:35.742938 7f681acc2700 1 -- 100.100.100.244:6800/6354 <== client.8963436 100.100.100.242:0/1011392 1089 ==== osd_op(client.8963436.0:55739 rbd_data.48e7a77843e45.0000000000002447 [set-alloc-hint object_size 16777216 write_size 16777216,write 0~0] 45.71e72ee1 snapc 1f=[1f] ack+ondisk+write+known_if_redirected e83500) v4 ==== 236+0+0 (1153174889 0 0) 0x11e28d00 con 0x11501440 -18>
2015-07-30 16:21:35.743213 7f681acc2700 5 -- op tracker -- seq: 13300, time:
2015-07-30 16:21:35.742681, event: header_read, op: osd_op(client.8963436.0:55739 rbd_data.48e7a77843e45.0000000000002447 [set-alloc-hint object_size 16777216 write_size 16777216,write 0~0] 45.71e72ee1 snapc 1f=[1f] ack+ondisk+write+known_if_redirected e83500) -17>
2015-07-30 16:21:35.743309 7f681acc2700 5 -- op tracker -- seq: 13300, time:
2015-07-30 16:21:35.742683, event: throttled, op: osd_op(client.8963436.0:55739 rbd_data.48e7a77843e45.0000000000002447 [set-alloc-hint object_size 16777216 write_size 16777216,write 0~0] 45.71e72ee1 snapc 1f=[1f] ack+ondisk+write+known_if_redirected e83500) -16>
2015-07-30 16:21:35.743245 7f6839a37700 1 -- 100.100.100.244:6800/6354 --> 100.100.100.242:0/1030262 -- osd_op_reply(300978 rbd_data.791f542ae8944a.0000000000049798 [read 0~4194304] v0'0 uv0 ack = -2 ((2) No such file or directory)) v6 -- ?+0 0x10be4680 con 0x11501700 -15>
2015-07-30 16:21:35.743322 7f681acc2700 5 -- op tracker -- seq: 13300, time:
2015-07-30 16:21:35.742932, event: all_read, op: osd_op(client.8963436.0:55739 rbd_data.48e7a77843e45.0000000000002447 [set-alloc-hint object_size 16777216 write_size 16777216,write 0~0] 45.71e72ee1 snapc 1f=[1f] ack+ondisk+write+known_if_redirected e83500) -14>
2015-07-30 16:21:35.743409 7f6839a37700 5 -- op tracker -- seq: 13244, time:
2015-07-30 16:21:35.743409, event: done, op: osd_op(client.8781641.0:300978 rbd_data.791f542ae8944a.0000000000049798 [read 0~4194304] 39.ad4c6758 ack+read+known_if_redirected e83500) -13>
2015-07-30 16:21:35.743413 7f6837232700 5 -- op tracker -- seq: 13258, time:
2015-07-30 16:21:35.743412, event: reached_pg, op: osd_op(client.8784389.0:222318 rbd_data.791f542ae8944a.0000000000036454 [read 0~4194304] 39.b4d1c358 ack+read+known_if_redirected e83500) -12>
2015-07-30 16:21:35.743431 7f6839a37700 5 -- op tracker -- seq: 13263, time:
2015-07-30 16:21:35.743431, event: reached_pg, op: osd_op(client.8963436.0:55572 rbd_data.3b3d1e7843e45.00000000000090af@11 [read 0~4194304] 45.d2e08885 ack+read+localize_reads+known_if_redirected e83500) -11>
2015-07-30 16:21:35.743422 7f681acc2700 5 -- op tracker -- seq: 13300, time: 0.000000, event: dispatched, op: osd_op(client.8963436.0:55739 rbd_data.48e7a77843e45.0000000000002447 [set-alloc-hint object_size 16777216 write_size 16777216,write 0~0] 45.71e72ee1 snapc 1f=[1f] ack+ondisk+write+known_if_redirected e83500) -10>
2015-07-30 16:21:35.743596 7f6837a33700 5 -- op tracker -- seq: 13300, time:
2015-07-30 16:21:35.743596, event: reached_pg, op: osd_op(client.8963436.0:55739 rbd_data.48e7a77843e45.0000000000002447 [set-alloc-hint object_size 16777216 write_size 16777216,write 0~0] 45.71e72ee1 snapc 1f=[1f] ack+ondisk+write+known_if_redirected e83500) -9>
2015-07-30 16:21:35.743866 7f6837232700 1 -- 100.100.100.244:6800/6354 --> 100.100.100.242:0/1021042 -- osd_op_reply(222318 rbd_data.791f542ae8944a.0000000000036454 [read 0~4194304] v0'0 uv0 ack = -2 ((2) No such file or directory)) v6 -- ?+0 0x10be2b00 con 0x115019c0 -8>
2015-07-30 16:21:35.743999 7f6837232700 5 -- op tracker -- seq: 13258, time:
2015-07-30 16:21:35.743999, event: done, op: osd_op(client.8784389.0:222318 rbd_data.791f542ae8944a.0000000000036454 [read 0~4194304] 39.b4d1c358 ack+read+known_if_redirected e83500) -7>
2015-07-30 16:21:35.744022 7f6837232700 5 -- op tracker -- seq: 13246, time:
2015-07-30 16:21:35.744022, event: reached_pg, op: osd_op(client.8963508.0:78975 rbd_data.791f542ae8944a.000000000000cd9b@6 [read 0~4194304] 39.9d8181d8 ack+read+localize_reads+known_if_redirected e83500) -6>
2015-07-30 16:21:35.744032 7f6839a37700 1 -- 100.100.100.244:6800/6354 --> 100.100.100.242:0/1011392 -- osd_op_reply(55572 rbd_data.3b3d1e7843e45.00000000000090af [read 0~4194304] v0'0 uv0 ack = -2 ((2) No such file or directory)) v6 -- ?+0 0xb6b4840 con 0x11501440 -5>
2015-07-30 16:21:35.744190 7f6839a37700 5 -- op tracker -- seq: 13263, time:
2015-07-30 16:21:35.744190, event: done, op: osd_op(client.8963436.0:55572 rbd_data.3b3d1e7843e45.00000000000090af@11 [read 0~4194304] 45.d2e08885 ack+read+localize_reads+known_if_redirected e83500) -4>
2015-07-30 16:21:35.744301 7f6839a37700 5 -- op tracker -- seq: 13283, time:
2015-07-30 16:21:35.744301, event: reached_pg, op: osd_op(client.8964076.0:36129 rbd_data.36bbb37843e45.0000000000008d05 [read 0~4194304] 42.8f189ad3 ack+read+known_if_redirected e83500) -3>
2015-07-30 16:21:35.744623 7f6837232700 1 -- 100.100.100.244:6800/6354 --> 100.100.100.242:0/1012965 -- osd_op_reply(78975 rbd_data.791f542ae8944a.000000000000cd9b [read 0~4194304] v0'0 uv0 ack = -2 ((2) No such file or directory)) v6 -- ?+0 0x1151b340 con 0x1126e000 -2>
2015-07-30 16:21:35.744762 7f6837232700 5 -- op tracker -- seq: 13246, time:
2015-07-30 16:21:35.744762, event: done, op: osd_op(client.8963508.0:78975 rbd_data.791f542ae8944a.000000000000cd9b@6 [read 0~4194304] 39.9d8181d8 ack+read+localize_reads+known_if_redirected e83500) -1>
2015-07-30 16:21:35.744913 7f6837232700 5 -- op tracker -- seq: 13272, time:
2015-07-30 16:21:35.744912, event: reached_pg, op: osd_op(client.8781641.0:301120 rbd_data.791f542ae8944a.0000000000049826 [read 0~4194304] 39.f26da258 ack+read+known_if_redirected e83500) 0>
2015-07-30 16:21:35.744802 7f6835a2f700 -1 osd/PG.cc: In function 'void PG::chunky_scrub(ThreadPool::TPHandle&)' thread 7f6835a2f700 time
2015-07-30 16:21:35.742963 osd/PG.cc: 3982: FAILED assert(scrubber.waiting_on == 0) ceph version 0.87 (c51c8f9d80fa4e0168aa52685b8de40e42758578) 1: (ceph::__ceph_assert_fail(char const*, char const*, int, char const*)+0x85) [0xb7d925] 2: (PG::chunky_scrub(ThreadPool::TPHandle&)+0x13ad) [0x7bd60d] 3: (PG::scrub(ThreadPool::TPHandle&)+0x316) [0x7bdc46] 4: (OSD::ScrubWQ::_process(PG*, ThreadPool::TPHandle&)+0x29) [0x69fe59] 5: (ThreadPool::worker(ThreadPool::WorkThread*)+0xa66) [0xb6e636] 6: (ThreadPool::WorkThread::entry()+0x10) [0xb6f6c0] 7: (()+0x7df3) [0x7f6856bfcdf3] 8: (clone()+0x6d) [0x7f68556df54d] NOTE: a copy of the executable, or `objdump -rdS ` is needed to interpret this. --- logging levels --- 0/ 5 none 0/ 1 lockdep 0/ 1 context 1/ 1 crush 1/ 5 mds 1/ 5 mds_balancer 1/ 5 mds_locker 1/ 5 mds_log 1/ 5 mds_log_expire 1/ 5 mds_migrator 0/ 1 buffer 0/ 1 timer 0/ 1 filer 0/ 1 striper 0/ 1 objecter 0/ 5 rados 0/ 5 rbd 0/ 5 rbd_replay 0/ 5 journaler 0/ 5 objectcacher 0/ 5 client 0/ 5 osd 0/ 5 optracker 0/ 5 objclass 1/ 3 filestore 1/ 3 keyvaluestore 1/ 3 journal 0/ 5 ms 1/ 5 mon 0/10 monc 1/ 5 paxos 0/ 5 tp 1/ 5 auth 1/ 5 crypto 1/ 1 finisher 1/ 5 heartbeatmap 1/ 5 perfcounter 1/ 5 rgw 1/10 civetweb 1/ 5 javaclient 1/ 5 asok 1/ 1 throttle 0/ 0 refs -2/-2 (syslog threshold) -1/-1 (stderr threshold) max_recent 10000 max_new 1000 log_file /var/log/ceph/ceph-osd.33.log --- end dump of recent events ---
2015-07-30 16:21:35.848222 7f6835a2f700 -1 *** Caught signal (Aborted) ** in thread 7f6835a2f700 ceph version 0.87 (c51c8f9d80fa4e0168aa52685b8de40e42758578) 1: /usr/bin/ceph-osd() [0xa8b002] 2: (()+0xf130) [0x7f6856c04130] 3: (gsignal()+0x39) [0x7f685561e5f9] 4: (abort()+0x148) [0x7f6855620068] 5: (__gnu_cxx::__verbose_terminate_handler()+0x165) [0x7f6855f229d5] 6: (()+0x5e946) [0x7f6855f20946] 7: (()+0x5e973) [0x7f6855f20973] 8: (()+0x5eb9f) [0x7f6855f20b9f] 9: (ceph::__ceph_assert_fail(char const*, char const*, int, char const*)+0x27a) [0xb7db1a] 10: (PG::chunky_scrub(ThreadPool::TPHandle&)+0x13ad) [0x7bd60d] 11: (PG::scrub(ThreadPool::TPHandle&)+0x316) [0x7bdc46] 12: (OSD::ScrubWQ::_process(PG*, ThreadPool::TPHandle&)+0x29) [0x69fe59] 13: (ThreadPool::worker(ThreadPool::WorkThread*)+0xa66) [0xb6e636] 14: (ThreadPool::WorkThread::entry()+0x10) [0xb6f6c0] 15: (()+0x7df3) [0x7f6856bfcdf3] 16: (clone()+0x6d) [0x7f68556df54d] NOTE: a copy of the executable, or `objdump -rdS ` is needed to interpret this. --- begin dump of recent events --- -122>
2015-07-30 16:21:35.745180 7f6837a33700 5 -- op tracker -- seq: 13300, time:
2015-07-30 16:21:35.745180, event: started, op: osd_op(client.8963436.0:55739 rbd_data.48e7a77843e45.0000000000002447 [set-alloc-hint object_size 16777216 write_size 16777216,write 0~0] 45.71e72ee1 snapc 1f=[1f] ack+ondisk+write+known_if_redirected e83500) -121>
2015-07-30 16:21:35.745356 7f6837232700 1 -- 100.100.100.244:6800/6354 --> 100.100.100.242:0/1030262 -- osd_op_reply(301120 rbd_data.791f542ae8944a.0000000000049826 [read 0~4194304] v0'0 uv0 ack = -2 ((2) No such file or directory)) v6 -- ?+0 0x11336c00 con 0x11501700 -120>
2015-07-30 16:21:35.745441 7f6837a33700 5 -- op tracker -- seq: 13300, time:
2015-07-30 16:21:35.745441, event: started, op: osd_op(client.8963436.0:55739 rbd_data.48e7a77843e45.0000000000002447 [set-alloc-hint object_size 16777216 write_size 16777216,write 0~0] 45.71e72ee1 snapc 1f=[1f] ack+ondisk+write+known_if_redirected e83500) -119>
2015-07-30 16:21:35.745508 7f6837232700 5 -- op tracker -- seq: 13272, time:
2015-07-30 16:21:35.745507, event: done, op: osd_op(client.8781641.0:301120 rbd_data.791f542ae8944a.0000000000049826 [read 0~4194304] 39.f26da258 ack+read+known_if_redirected e83500) -118>
2015-07-30 16:21:35.745860 7f6837a33700 5 -- op tracker -- seq: 13300, time:
2015-07-30 16:21:35.745859, event: waiting for subops from 0,7,41, op: osd_op(client.8963436.0:55739 rbd_data.48e7a77843e45.0000000000002447 [set-alloc-hint object_size 16777216 write_size 16777216,write 0~0] 45.71e72ee1 snapc 1f=[1f] ack+ondisk+write+known_if_redirected e83500) -117>
2015-07-30 16:21:35.746131 7f6837a33700 1 -- 111.111.111.244:6800/6354 --> 111.111.111.241:6816/5028833 -- osd_sub_op(client.8963436.0:55739 45.2e1 71e72ee1/rbd_data.48e7a77843e45.0000000000002447/head//45 [] v 83500'402 snapset=0=[]:[] snapc=0=[]) v11 -- ?+939 0x141b6d00 con 0x10626b00 -116>
2015-07-30 16:21:35.746205 7f6837a33700 1 -- 111.111.111.244:6800/6354 --> 111.111.111.243:6814/9316 -- osd_sub_op(client.8963436.0:55739 45.2e1 71e72ee1/rbd_data.48e7a77843e45.0000000000002447/head//45 [] v 83500'402 snapset=0=[]:[] snapc=0=[]) v11 -- ?+939 0x1300ac00 con 0xeaaa680 -115>
2015-07-30 16:21:35.746328 7f6837a33700 1 -- 111.111.111.244:6800/6354 --> 111.111.111.242:6822/22314 -- osd_sub_op(client.8963436.0:55739 45.2e1 71e72ee1/rbd_data.48e7a77843e45.0000000000002447/head//45 [] v 83500'402 snapset=0=[]:[] snapc=0=[]) v11 -- ?+939 0x13d35700 con 0x10628c00 -114>
2015-07-30 16:21:35.746710 7f6837a33700 5 -- op tracker -- seq: 13300, time:
2015-07-30 16:21:35.746710, event: commit_queued_for_journal_write, op: osd_op(client.8963436.0:55739 rbd_data.48e7a77843e45.0000000000002447 [set-alloc-hint object_size 16777216 write_size 16777216,write 0~0] 45.71e72ee1 snapc 1f=[1f] ack+ondisk+write+known_if_redirected e83500) -113>
2015-07-30 16:21:35.746968 7f684c5f4700 5 -- op tracker -- seq: 13300, time:
2015-07-30 16:21:35.746968, event: write_thread_in_journal_buffer, op: osd_op(client.8963436.0:55739 rbd_data.48e7a77843e45.0000000000002447 [set-alloc-hint object_size 16777216 write_size 16777216,write 0~0] 45.71e72ee1 snapc 1f=[1f] ack+ondisk+write+known_if_redirected e83500) -112>
2015-07-30 16:21:35.748340 7f682e2f0700 1 -- 111.111.111.244:6800/6354 <== osd.0 111.111.111.241:6816/5028833 505 ==== osd_sub_op_reply(client.8963436.0:55739 45.2e1 71e72ee1/rbd_data.48e7a77843e45.0000000000002447/head//45 [] ondisk, result = 0) v2 ==== 177+0+0 (4135779876 0 0) 0x1226cec0 con 0x10626b00 -111>
2015-07-30 16:21:35.748365 7f682e2f0700 5 -- op tracker -- seq: 13301, time:
2015-07-30 16:21:35.748238, event: header_read, op: osd_sub_op_reply(client.8963436.0:55739 45.2e1 71e72ee1/rbd_data.48e7a77843e45.0000000000002447/head//45 [] ondisk, result = 0) -110>
2015-07-30 16:21:35.748377 7f682e2f0700 5 -- op tracker -- seq: 13301, time:
2015-07-30 16:21:35.748240, event: throttled, op: osd_sub_op_reply(client.8963436.0:55739 45.2e1 71e72ee1/rbd_data.48e7a77843e45.0000000000002447/head//45 [] ondisk, result = 0) -109>
2015-07-30 16:21:35.748389 7f682e2f0700 5 -- op tracker -- seq: 13301, time:
2015-07-30 16:21:35.748322, event: all_read, op: osd_sub_op_reply(client.8963436.0:55739 45.2e1 71e72ee1/rbd_data.48e7a77843e45.0000000000002447/head//45 [] ondisk, result = 0) -108>
2015-07-30 16:21:35.748397 7f682e2f0700 5 -- op tracker -- seq: 13301, time: 0.000000, event: dispatched, op: osd_sub_op_reply(client.8963436.0:55739 45.2e1 71e72ee1/rbd_data.48e7a77843e45.0000000000002447/head//45 [] ondisk, result = 0) -107>
2015-07-30 16:21:35.748429 7f683a238700 5 -- op tracker -- seq: 13301, time:
2015-07-30 16:21:35.748428, event: reached_pg, op: osd_sub_op_reply(client.8963436.0:55739 45.2e1 71e72ee1/rbd_data.48e7a77843e45.0000000000002447/head//45 [] ondisk, result = 0) -106>
2015-07-30 16:21:35.748446 7f683a238700 5 -- op tracker -- seq: 13301, time:
2015-07-30 16:21:35.748446, event: started, op: osd_sub_op_reply(client.8963436.0:55739 45.2e1 71e72ee1/rbd_data.48e7a77843e45.0000000000002447/head//45 [] ondisk, result = 0) -105>
2015-07-30 16:21:35.748468 7f682dbe9700 1 -- 111.111.111.244:6800/6354 <== osd.41 111.111.111.242:6822/22314 128 ==== osd_sub_op_reply(client.8963436.0:55739 45.2e1 71e72ee1/rbd_data.48e7a77843e45.0000000000002447/head//45 [] ondisk, result = 0) v2 ==== 177+0+0 (4232092591 0 0) 0x12fe2940 con 0x10628c00 -104>
2015-07-30 16:21:35.748494 7f682dbe9700 5 -- op tracker -- seq: 13302, time:
2015-07-30 16:21:35.748361, event: header_read, op: osd_sub_op_reply(client.8963436.0:55739 45.2e1 71e72ee1/rbd_data.48e7a77843e45.0000000000002447/head//45 [] ondisk, result = 0) -103>
2015-07-30 16:21:35.748506 7f682dbe9700 5 -- op tracker -- seq: 13302, time:
2015-07-30 16:21:35.748362, event: throttled, op: osd_sub_op_reply(client.8963436.0:55739 45.2e1 71e72ee1/rbd_data.48e7a77843e45.0000000000002447/head//45 [] ondisk, result = 0) -102>
2015-07-30 16:21:35.748513 7f682dbe9700 5 -- op tracker -- seq: 13302, time:
2015-07-30 16:21:35.748463, event: all_read, op: osd_sub_op_reply(client.8963436.0:55739 45.2e1 71e72ee1/rbd_data.48e7a77843e45.0000000000002447/head//45 [] ondisk, result = 0) -101>
2015-07-30 16:21:35.748519 7f682dbe9700 5 -- op tracker -- seq: 13302, time: 0.000000, event: dispatched, op: osd_sub_op_reply(client.8963436.0:55739 45.2e1 71e72ee1/rbd_data.48e7a77843e45.0000000000002447/head//45 [] ondisk, result = 0) -100>
2015-07-30 16:21:35.748488 7f683a238700 5 -- op tracker -- seq: 13300, time:
2015-07-30 16:21:35.748488, event: sub_op_commit_rec, op: osd_op(client.8963436.0:55739 rbd_data.48e7a77843e45.0000000000002447 [set-alloc-hint object_size 16777216 write_size 16777216,write 0~0] 45.71e72ee1 snapc 1f=[1f] ack+ondisk+write+known_if_redirected e83500) -99>
2015-07-30 16:21:35.748641 7f6837a33700 5 -- op tracker -- seq: 13302, time:
2015-07-30 16:21:35.748641, event: reached_pg, op: osd_sub_op_reply(client.8963436.0:55739 45.2e1 71e72ee1/rbd_data.48e7a77843e45.0000000000002447/head//45 [] ondisk, result = 0) -98>
2015-07-30 16:21:35.748657 7f6837a33700 5 -- op tracker -- seq: 13302, time:
2015-07-30 16:21:35.748657, event: started, op: osd_sub_op_reply(client.8963436.0:55739 45.2e1 71e72ee1/rbd_data.48e7a77843e45.0000000000002447/head//45 [] ondisk, result = 0) -97>
2015-07-30 16:21:35.748638 7f683a238700 5 -- op tracker -- seq: 13301, time:
2015-07-30 16:21:35.748637, event: done, op: osd_sub_op_reply(client.8963436.0:55739 45.2e1 71e72ee1/rbd_data.48e7a77843e45.0000000000002447/head//45 [] ondisk, result = 0) -96>
2015-07-30 16:21:35.748665 7f6837a33700 5 -- op tracker -- seq: 13300, time:
2015-07-30 16:21:35.748665, event: sub_op_commit_rec, op: osd_op(client.8963436.0:55739 rbd_data.48e7a77843e45.0000000000002447 [set-alloc-hint object_size 16777216 write_size 16777216,write 0~0] 45.71e72ee1 snapc 1f=[1f] ack+ondisk+write+known_if_redirected e83500) -95>
2015-07-30 16:21:35.748811 7f6837a33700 5 -- op tracker -- seq: 13302, time:
2015-07-30 16:21:35.748811, event: done, op: osd_sub_op_reply(client.8963436.0:55739 45.2e1 71e72ee1/rbd_data.48e7a77843e45.0000000000002447/head//45 [] ondisk, result = 0) -94>
2015-07-30 16:21:35.759747 7f6839a37700 5 -- op tracker -- seq: 13283, time:
2015-07-30 16:21:35.759747, event: started, op: osd_op(client.8964076.0:36129 rbd_data.36bbb37843e45.0000000000008d05 [read 0~4194304] 42.8f189ad3 ack+read+known_if_redirected e83500) -93>
2015-07-30 16:21:35.759934 7f6839a37700 1 -- 100.100.100.244:6800/6354 --> 100.100.100.242:0/1027184 -- osd_op_reply(36129 rbd_data.36bbb37843e45.0000000000008d05 [read 0~0] v0'0 uv672 ondisk = 0) v6 -- ?+0 0x11980dc0 con 0x111dc260 -92>
2015-07-30 16:21:35.759986 7f6839a37700 5 -- op tracker -- seq: 13283, time:
2015-07-30 16:21:35.759986, event: done, op: osd_op(client.8964076.0:36129 rbd_data.36bbb37843e45.0000000000008d05 [read 0~0] 42.8f189ad3 ack+read+known_if_redirected e83500) -91>
2015-07-30 16:21:35.760057 7f6839a37700 5 -- op tracker -- seq: 13257, time:
2015-07-30 16:21:35.760056, event: reached_pg, op: osd_op(client.8963508.0:79045 rbd_data.791f542ae8944a.000000000000cdd0@6 [read 0~4194304] 39.cc7213d8 ack+read+localize_reads+known_if_redirected e83500) -90>
2015-07-30 16:21:35.760490 7f6839a37700 1 -- 100.100.100.244:6800/6354 --> 100.100.100.242:0/1012965 -- osd_op_reply(79045 rbd_data.791f542ae8944a.000000000000cdd0 [read 0~4194304] v0'0 uv0 ack = -2 ((2) No such file or directory)) v6 -- ?+0 0x119839c0 con 0x1126e000 -89>
2015-07-30 16:21:35.760578 7f6839a37700 5 -- op tracker -- seq: 13257, time:
2015-07-30 16:21:35.760578, event: done, op: osd_op(client.8963508.0:79045 rbd_data.791f542ae8944a.000000000000cdd0@6 [read 0~4194304] 39.cc7213d8 ack+read+localize_reads+known_if_redirected e83500) -88>
2015-07-30 16:21:35.760659 7f6839a37700 5 -- op tracker -- seq: 13282, time:
2015-07-30 16:21:35.760658, event: reached_pg, op: osd_op(client.8781641.0:301184 rbd_data.791f542ae8944a.0000000000049866 [read 0~4194304] 39.d614fb58 ack+read+known_if_redirected e83500) -87>
2015-07-30 16:21:35.760920 7f6839a37700 1 -- 100.100.100.244:6800/6354 --> 100.100.100.242:0/1030262 -- osd_op_reply(301184 rbd_data.791f542ae8944a.0000000000049866 [read 0~4194304] v0'0 uv0 ack = -2 ((2) No such file or directory)) v6 -- ?+0 0x119802c0 con 0x11501700 -86>
2015-07-30 16:21:35.760992 7f6839a37700 5 -- op tracker -- seq: 13282, time:
2015-07-30 16:21:35.760992, event: done, op: osd_op(client.8781641.0:301184 rbd_data.791f542ae8944a.0000000000049866 [read 0~4194304] 39.d614fb58 ack+read+known_if_redirected e83500) -85>
2015-07-30 16:21:35.764237 7f684bdf3700 5 -- op tracker -- seq: 13300, time:
2015-07-30 16:21:35.764237, event: journaled_completion_queued, op: osd_op(client.8963436.0:55739 rbd_data.48e7a77843e45.0000000000002447 [set-alloc-hint object_size 16777216 write_size 16777216,write 0~0] 45.71e72ee1 snapc 1f=[1f] ack+ondisk+write+known_if_redirected e83500) -84>
2015-07-30 16:21:35.764325 7f68495ee700 5 -- op tracker -- seq: 13300, time:
2015-07-30 16:21:35.764325, event: op_commit, op: osd_op(client.8963436.0:55739 rbd_data.48e7a77843e45.0000000000002447 [set-alloc-hint object_size 16777216 write_size 16777216,write 0~0] 45.71e72ee1 snapc 1f=[1f] ack+ondisk+write+known_if_redirected e83500) -83>
2015-07-30 16:21:35.764880 7f6849def700 5 -- op tracker -- seq: 13300, time:
2015-07-30 16:21:35.764880, event: op_applied, op: osd_op(client.8963436.0:55739 rbd_data.48e7a77843e45.0000000000002447 [set-alloc-hint object_size 16777216 write_size 16777216,write 0~0] 45.71e72ee1 snapc 1f=[1f] ack+ondisk+write+known_if_redirected e83500) -82>
2015-07-30 16:21:35.778311 7f6830916700 1 -- 111.111.111.244:6800/6354 <== osd.7 111.111.111.243:6814/9316 350 ==== osd_sub_op_reply(client.8963436.0:55739 45.2e1 71e72ee1/rbd_data.48e7a77843e45.0000000000002447/head//45 [] ondisk, result = 0) v2 ==== 177+0+0 (1892352649 0 0) 0x117cb700 con 0xeaaa680 -81>
2015-07-30 16:21:35.778330 7f6830916700 5 -- op tracker -- seq: 13303, time:
2015-07-30 16:21:35.778265, event: header_read, op: osd_sub_op_reply(client.8963436.0:55739 45.2e1 71e72ee1/rbd_data.48e7a77843e45.0000000000002447/head//45 [] ondisk, result = 0) -80>
2015-07-30 16:21:35.778342 7f6830916700 5 -- op tracker -- seq: 13303, time:
2015-07-30 16:21:35.778266, event: throttled, op: osd_sub_op_reply(client.8963436.0:55739 45.2e1 71e72ee1/rbd_data.48e7a77843e45.0000000000002447/head//45 [] ondisk, result = 0) -79>
2015-07-30 16:21:35.778348 7f6830916700 5 -- op tracker -- seq: 13303, time:
2015-07-30 16:21:35.778306, event: all_read, op: osd_sub_op_reply(client.8963436.0:55739 45.2e1 71e72ee1/rbd_data.48e7a77843e45.0000000000002447/head//45 [] ondisk, result = 0) -78>
2015-07-30 16:21:35.778355 7f6830916700 5 -- op tracker -- seq: 13303, time: 0.000000, event: dispatched, op: osd_sub_op_reply(client.8963436.0:55739 45.2e1 71e72ee1/rbd_data.48e7a77843e45.0000000000002447/head//45 [] ondisk, result = 0) -77>
2015-07-30 16:21:35.778385 7f683a238700 5 -- op tracker -- seq: 13303, time:
2015-07-30 16:21:35.778385, event: reached_pg, op: osd_sub_op_reply(client.8963436.0:55739 45.2e1 71e72ee1/rbd_data.48e7a77843e45.0000000000002447/head//45 [] ondisk, result = 0) -76>
2015-07-30 16:21:35.778412 7f683a238700 5 -- op tracker -- seq: 13303, time:
2015-07-30 16:21:35.778412, event: started, op: osd_sub_op_reply(client.8963436.0:55739 45.2e1 71e72ee1/rbd_data.48e7a77843e45.0000000000002447/head//45 [] ondisk, result = 0) -75>
2015-07-30 16:21:35.778449 7f683a238700 5 -- op tracker -- seq: 13300, time:
