2015-07-30 16:21:35.219011 7f681daf0700 1 -- 100.100.100.244:6800/6354 <== client.8964076 100.100.100.242:0/1027184 462 ==== osd_op(client.8964076.0:36101 rbd_data.36bbb37843e45.0000000000008ce9 [read 0~4194304] 42.8c620d59 ack+read+known_if_redirected e83500) v4 ==== 190+0+0 (1381377326 0 0) 0x11e28580 con 0x111dc260 -290>
2015-07-30 16:21:35.219072 7f681daf0700 5 -- op tracker -- seq: 13277, time:
2015-07-30 16:21:35.218852, event: header_read, op: osd_op(client.8964076.0:36101 rbd_data.36bbb37843e45.0000000000008ce9 [read 0~4194304] 42.8c620d59 ack+read+known_if_redirected e83500) -289>
2015-07-30 16:21:35.219088 7f681daf0700 5 -- op tracker -- seq: 13277, time:
2015-07-30 16:21:35.218855, event: throttled, op: osd_op(client.8964076.0:36101 rbd_data.36bbb37843e45.0000000000008ce9 [read 0~4194304] 42.8c620d59 ack+read+known_if_redirected e83500) -288>
2015-07-30 16:21:35.219105 7f681daf0700 5 -- op tracker -- seq: 13277, time:
2015-07-30 16:21:35.219005, event: all_read, op: osd_op(client.8964076.0:36101 rbd_data.36bbb37843e45.0000000000008ce9 [read 0~4194304] 42.8c620d59 ack+read+known_if_redirected e83500) -287>
2015-07-30 16:21:35.219114 7f681daf0700 5 -- op tracker -- seq: 13277, time: 0.000000, event: dispatched, op: osd_op(client.8964076.0:36101 rbd_data.36bbb37843e45.0000000000008ce9 [read 0~4194304] 42.8c620d59 ack+read+known_if_redirected e83500) -286>
2015-07-30 16:21:35.219198 7f6839236700 5 -- op tracker -- seq: 13277, time:
2015-07-30 16:21:35.219198, event: reached_pg, op: osd_op(client.8964076.0:36101 rbd_data.36bbb37843e45.0000000000008ce9 [read 0~4194304] 42.8c620d59 ack+read+known_if_redirected e83500) -285>
2015-07-30 16:21:35.242660 7f6831724700 1 -- 111.111.111.244:6800/6354 <== osd.3 111.111.111.241:6809/5027379 217 ==== osd_sub_op(client.8963508.0:79108 45.2c3 56ffe2c3/rbd_data.88ca383d1b58ba.000000000000337e/head//45 [] v 83500'397 snapset=0=[]:[] snapc=0=[]) v11 ==== 1412+0+937 (477005001 0 3845319007) 0x1300cd00 con 0xeaa8c60 -284>
2015-07-30 16:21:35.242691 7f6831724700 5 -- op tracker -- seq: 13278, time:
2015-07-30 16:21:35.242515, event: header_read, op: osd_sub_op(client.8963508.0:79108 45.2c3 56ffe2c3/rbd_data.88ca383d1b58ba.000000000000337e/head//45 [] v 83500'397 snapset=0=[]:[] snapc=0=[]) -283>
2015-07-30 16:21:35.242704 7f6831724700 5 -- op tracker -- seq: 13278, time:
2015-07-30 16:21:35.242519, event: throttled, op: osd_sub_op(client.8963508.0:79108 45.2c3 56ffe2c3/rbd_data.88ca383d1b58ba.000000000000337e/head//45 [] v 83500'397 snapset=0=[]:[] snapc=0=[]) -282>
2015-07-30 16:21:35.242723 7f6831724700 5 -- op tracker -- seq: 13278, time:
2015-07-30 16:21:35.242652, event: all_read, op: osd_sub_op(client.8963508.0:79108 45.2c3 56ffe2c3/rbd_data.88ca383d1b58ba.000000000000337e/head//45 [] v 83500'397 snapset=0=[]:[] snapc=0=[]) -281>
2015-07-30 16:21:35.242730 7f6831724700 5 -- op tracker -- seq: 13278, time: 0.000000, event: dispatched, op: osd_sub_op(client.8963508.0:79108 45.2c3 56ffe2c3/rbd_data.88ca383d1b58ba.000000000000337e/head//45 [] v 83500'397 snapset=0=[]:[] snapc=0=[]) -280>
2015-07-30 16:21:35.242814 7f6837a33700 5 -- op tracker -- seq: 13278, time:
2015-07-30 16:21:35.242814, event: reached_pg, op: osd_sub_op(client.8963508.0:79108 45.2c3 56ffe2c3/rbd_data.88ca383d1b58ba.000000000000337e/head//45 [] v 83500'397 snapset=0=[]:[] snapc=0=[]) -279>
2015-07-30 16:21:35.242849 7f6837a33700 5 -- op tracker -- seq: 13278, time:
2015-07-30 16:21:35.242849, event: started, op: osd_sub_op(client.8963508.0:79108 45.2c3 56ffe2c3/rbd_data.88ca383d1b58ba.000000000000337e/head//45 [] v 83500'397 snapset=0=[]:[] snapc=0=[]) -278>
2015-07-30 16:21:35.243298 7f6837a33700 5 -- op tracker -- seq: 13278, time:
2015-07-30 16:21:35.243298, event: started, op: osd_sub_op(client.8963508.0:79108 45.2c3 56ffe2c3/rbd_data.88ca383d1b58ba.000000000000337e/head//45 [] v 83500'397 snapset=0=[]:[] snapc=0=[]) -277>
2015-07-30 16:21:35.243514 7f6837a33700 5 -- op tracker -- seq: 13278, time:
2015-07-30 16:21:35.243514, event: commit_queued_for_journal_write, op: osd_sub_op(client.8963508.0:79108 45.2c3 56ffe2c3/rbd_data.88ca383d1b58ba.000000000000337e/head//45 [] v 83500'397 snapset=0=[]:[] snapc=0=[]) -276>
2015-07-30 16:21:35.243641 7f684c5f4700 5 -- op tracker -- seq: 13278, time:
2015-07-30 16:21:35.243641, event: write_thread_in_journal_buffer, op: osd_sub_op(client.8963508.0:79108 45.2c3 56ffe2c3/rbd_data.88ca383d1b58ba.000000000000337e/head//45 [] v 83500'397 snapset=0=[]:[] snapc=0=[]) -275>
2015-07-30 16:21:35.272039 7f684bdf3700 5 -- op tracker -- seq: 13278, time:
2015-07-30 16:21:35.272038, event: journaled_completion_queued, op: osd_sub_op(client.8963508.0:79108 45.2c3 56ffe2c3/rbd_data.88ca383d1b58ba.000000000000337e/head//45 [] v 83500'397 snapset=0=[]:[] snapc=0=[]) -274>
2015-07-30 16:21:35.272090 7f68495ee700 5 -- op tracker -- seq: 13278, time:
2015-07-30 16:21:35.272090, event: commit_sent, op: osd_sub_op(client.8963508.0:79108 45.2c3 56ffe2c3/rbd_data.88ca383d1b58ba.000000000000337e/head//45 [] v 83500'397 snapset=0=[]:[] snapc=0=[]) -273>
2015-07-30 16:21:35.272123 7f68495ee700 1 -- 111.111.111.244:6800/6354 --> 111.111.111.241:6809/5027379 -- osd_sub_op_reply(client.8963508.0:79108 45.2c3 56ffe2c3/rbd_data.88ca383d1b58ba.000000000000337e/head//45 [] ondisk, result = 0) v2 -- ?+0 0x13a7d600 con 0xeaa8c60 -272>
2015-07-30 16:21:35.272698 7f6849def700 5 -- op tracker -- seq: 13278, time:
2015-07-30 16:21:35.272698, event: sub_op_applied, op: osd_sub_op(client.8963508.0:79108 45.2c3 56ffe2c3/rbd_data.88ca383d1b58ba.000000000000337e/head//45 [] v 83500'397 snapset=0=[]:[] snapc=0=[]) -271>
2015-07-30 16:21:35.272727 7f6849def700 5 -- op tracker -- seq: 13278, time:
2015-07-30 16:21:35.272727, event: done, op: osd_sub_op(client.8963508.0:79108 45.2c3 56ffe2c3/rbd_data.88ca383d1b58ba.000000000000337e/head//45 [] v 83500'397 snapset=0=[]:[] snapc=0=[]) -270>
2015-07-30 16:21:35.307098 7f6839236700 5 -- op tracker -- seq: 13277, time:
2015-07-30 16:21:35.307097, event: started, op: osd_op(client.8964076.0:36101 rbd_data.36bbb37843e45.0000000000008ce9 [read 0~4194304] 42.8c620d59 ack+read+known_if_redirected e83500) -269>
2015-07-30 16:21:35.307264 7f6839236700 1 -- 100.100.100.244:6800/6354 --> 100.100.100.242:0/1027184 -- osd_op_reply(36101 rbd_data.36bbb37843e45.0000000000008ce9 [read 0~0] v0'0 uv671 ondisk = 0) v6 -- ?+0 0x13dad180 con 0x111dc260 -268>
2015-07-30 16:21:35.307330 7f6839236700 5 -- op tracker -- seq: 13277, time:
2015-07-30 16:21:35.307330, event: done, op: osd_op(client.8964076.0:36101 rbd_data.36bbb37843e45.0000000000008ce9 [read 0~0] 42.8c620d59 ack+read+known_if_redirected e83500) -267>
2015-07-30 16:21:35.381681 7f6841c49700 1 -- 100.100.100.244:6802/6354 <== osd.35 111.111.111.244:0/8374 81 ==== osd_ping(ping e83500 stamp
2015-07-30 16:21:35.380248) v2 ==== 47+0+0 (1020426800 0 0) 0x137263c0 con 0x11f72940 -266>
2015-07-30 16:21:35.381716 7f6841c49700 1 -- 100.100.100.244:6802/6354 --> 111.111.111.244:0/8374 -- osd_ping(ping_reply e83500 stamp
2015-07-30 16:21:35.380248) v2 -- ?+0 0xd310780 con 0x11f72940 -265>
2015-07-30 16:21:35.381708 7f6840345700 1 -- 111.111.111.244:6802/6354 <== osd.35 111.111.111.244:0/8374 81 ==== osd_ping(ping e83500 stamp
2015-07-30 16:21:35.380248) v2 ==== 47+0+0 (1020426800 0 0) 0x109ae5a0 con 0x10f94d60 -264>
2015-07-30 16:21:35.381762 7f6840345700 1 -- 111.111.111.244:6802/6354 --> 111.111.111.244:0/8374 -- osd_ping(ping_reply e83500 stamp
2015-07-30 16:21:35.380248) v2 -- ?+0 0x10d1b860 con 0x10f94d60 -263>
2015-07-30 16:21:35.402738 7f681acc2700 1 -- 100.100.100.244:6800/6354 <== client.8963436 100.100.100.242:0/1011392 1084 ==== osd_op(client.8963436.0:55665 rbd_data.3b3d1e7843e45.00000000000090ef@11 [read 0~4194304] 45.c97bb968 ack+read+localize_reads+known_if_redirected e83500) v4 ==== 190+0+0 (820889002 0 0) 0x11e27b80 con 0x11501440 -262>
2015-07-30 16:21:35.402956 7f681acc2700 5 -- op tracker -- seq: 13279, time:
2015-07-30 16:21:35.402431, event: header_read, op: osd_op(client.8963436.0:55665 rbd_data.3b3d1e7843e45.00000000000090ef@11 [read 0~4194304] 45.c97bb968 ack+read+localize_reads+known_if_redirected e83500) -261>
2015-07-30 16:21:35.403012 7f681acc2700 5 -- op tracker -- seq: 13279, time:
2015-07-30 16:21:35.402434, event: throttled, op: osd_op(client.8963436.0:55665 rbd_data.3b3d1e7843e45.00000000000090ef@11 [read 0~4194304] 45.c97bb968 ack+read+localize_reads+known_if_redirected e83500) -260>
2015-07-30 16:21:35.403070 7f681acc2700 5 -- op tracker -- seq: 13279, time:
2015-07-30 16:21:35.402731, event: all_read, op: osd_op(client.8963436.0:55665 rbd_data.3b3d1e7843e45.00000000000090ef@11 [read 0~4194304] 45.c97bb968 ack+read+localize_reads+known_if_redirected e83500) -259>
2015-07-30 16:21:35.403185 7f681acc2700 5 -- op tracker -- seq: 13279, time: 0.000000, event: dispatched, op: osd_op(client.8963436.0:55665 rbd_data.3b3d1e7843e45.00000000000090ef@11 [read 0~4194304] 45.c97bb968 ack+read+localize_reads+known_if_redirected e83500) -258>
2015-07-30 16:21:35.403330 7f6838a35700 5 -- op tracker -- seq: 13279, time:
2015-07-30 16:21:35.403330, event: reached_pg, op: osd_op(client.8963436.0:55665 rbd_data.3b3d1e7843e45.00000000000090ef@11 [read 0~4194304] 45.c97bb968 ack+read+localize_reads+known_if_redirected e83500) -257>
2015-07-30 16:21:35.403610 7f6838a35700 1 -- 100.100.100.244:6800/6354 --> 100.100.100.242:0/1011392 -- osd_op_reply(55665 rbd_data.3b3d1e7843e45.00000000000090ef [read 0~4194304] v0'0 uv0 ack = -2 ((2) No such file or directory)) v6 -- ?+0 0x109bd180 con 0x11501440 -256>
2015-07-30 16:21:35.403762 7f6838a35700 5 -- op tracker -- seq: 13279, time:
2015-07-30 16:21:35.403761, event: done, op: osd_op(client.8963436.0:55665 rbd_data.3b3d1e7843e45.00000000000090ef@11 [read 0~4194304] 45.c97bb968 ack+read+localize_reads+known_if_redirected e83500) -255>
2015-07-30 16:21:35.446384 7f6816b78700 1 -- 100.100.100.244:6800/6354 <== client.8784389 100.100.100.242:0/1021042 696 ==== osd_op(client.8784389.0:222421 rbd_data.791f542ae8944a.00000000000364bb [read 0~4194304] 39.2d9ae4dc ack+read+known_if_redirected e83500) v4 ==== 191+0+0 (3882567635 0 0) 0x14428d00 con 0x115019c0 -254>
2015-07-30 16:21:35.446409 7f6816b78700 5 -- op tracker -- seq: 13280, time:
2015-07-30 16:21:35.446330, event: header_read, op: osd_op(client.8784389.0:222421 rbd_data.791f542ae8944a.00000000000364bb [read 0~4194304] 39.2d9ae4dc ack+read+known_if_redirected e83500) -253>
2015-07-30 16:21:35.446420 7f6816b78700 5 -- op tracker -- seq: 13280, time:
2015-07-30 16:21:35.446335, event: throttled, op: osd_op(client.8784389.0:222421 rbd_data.791f542ae8944a.00000000000364bb [read 0~4194304] 39.2d9ae4dc ack+read+known_if_redirected e83500) -252>
2015-07-30 16:21:35.446427 7f6816b78700 5 -- op tracker -- seq: 13280, time:
2015-07-30 16:21:35.446378, event: all_read, op: osd_op(client.8784389.0:222421 rbd_data.791f542ae8944a.00000000000364bb [read 0~4194304] 39.2d9ae4dc ack+read+known_if_redirected e83500) -251>
2015-07-30 16:21:35.446434 7f6816b78700 5 -- op tracker -- seq: 13280, time: 0.000000, event: dispatched, op: osd_op(client.8784389.0:222421 rbd_data.791f542ae8944a.00000000000364bb [read 0~4194304] 39.2d9ae4dc ack+read+known_if_redirected e83500) -250>
2015-07-30 16:21:35.446502 7f683a238700 5 -- op tracker -- seq: 13280, time:
2015-07-30 16:21:35.446502, event: reached_pg, op: osd_op(client.8784389.0:222421 rbd_data.791f542ae8944a.00000000000364bb [read 0~4194304] 39.2d9ae4dc ack+read+known_if_redirected e83500) -249>
2015-07-30 16:21:35.446910 7f683a238700 1 -- 100.100.100.244:6800/6354 --> 100.100.100.242:0/1021042 -- osd_op_reply(222421 rbd_data.791f542ae8944a.00000000000364bb [read 0~4194304] v0'0 uv0 ack = -2 ((2) No such file or directory)) v6 -- ?+0 0x109bd700 con 0x115019c0 -248>
2015-07-30 16:21:35.446994 7f683a238700 5 -- op tracker -- seq: 13280, time:
2015-07-30 16:21:35.446993, event: done, op: osd_op(client.8784389.0:222421 rbd_data.791f542ae8944a.00000000000364bb [read 0~4194304] 39.2d9ae4dc ack+read+known_if_redirected e83500) -247>
2015-07-30 16:21:35.478634 7f681acc2700 1 -- 100.100.100.244:6800/6354 <== client.8963436 100.100.100.242:0/1011392 1085 ==== osd_op(client.8963436.0:55675 rbd_data.3b3d1e7843e45.00000000000090f3@11 [read 0~4194304] 45.fcbfa8e1 ack+read+localize_reads+known_if_redirected e83500) v4 ==== 190+0+0 (3323172525 0 0) 0x11e26f00 con 0x11501440 -246>
2015-07-30 16:21:35.478826 7f681acc2700 5 -- op tracker -- seq: 13281, time:
2015-07-30 16:21:35.478440, event: header_read, op: osd_op(client.8963436.0:55675 rbd_data.3b3d1e7843e45.00000000000090f3@11 [read 0~4194304] 45.fcbfa8e1 ack+read+localize_reads+known_if_redirected e83500) -245>
2015-07-30 16:21:35.478920 7f681acc2700 5 -- op tracker -- seq: 13281, time:
2015-07-30 16:21:35.478441, event: throttled, op: osd_op(client.8963436.0:55675 rbd_data.3b3d1e7843e45.00000000000090f3@11 [read 0~4194304] 45.fcbfa8e1 ack+read+localize_reads+known_if_redirected e83500) -244>
2015-07-30 16:21:35.478931 7f681acc2700 5 -- op tracker -- seq: 13281, time:
2015-07-30 16:21:35.478629, event: all_read, op: osd_op(client.8963436.0:55675 rbd_data.3b3d1e7843e45.00000000000090f3@11 [read 0~4194304] 45.fcbfa8e1 ack+read+localize_reads+known_if_redirected e83500) -243>
2015-07-30 16:21:35.478966 7f681acc2700 5 -- op tracker -- seq: 13281, time: 0.000000, event: dispatched, op: osd_op(client.8963436.0:55675 rbd_data.3b3d1e7843e45.00000000000090f3@11 [read 0~4194304] 45.fcbfa8e1 ack+read+localize_reads+known_if_redirected e83500) -242>
2015-07-30 16:21:35.479087 7f683b23a700 5 -- op tracker -- seq: 13281, time:
2015-07-30 16:21:35.479087, event: reached_pg, op: osd_op(client.8963436.0:55675 rbd_data.3b3d1e7843e45.00000000000090f3@11 [read 0~4194304] 45.fcbfa8e1 ack+read+localize_reads+known_if_redirected e83500) -241>
2015-07-30 16:21:35.479289 7f683b23a700 1 -- 100.100.100.244:6800/6354 --> 100.100.100.242:0/1011392 -- osd_op_reply(55675 rbd_data.3b3d1e7843e45.00000000000090f3 [read 0~4194304] v0'0 uv0 ack = -2 ((2) No such file or directory)) v6 -- ?+0 0x10cb5700 con 0x11501440 -240>
2015-07-30 16:21:35.479396 7f683b23a700 5 -- op tracker -- seq: 13281, time:
2015-07-30 16:21:35.479396, event: done, op: osd_op(client.8963436.0:55675 rbd_data.3b3d1e7843e45.00000000000090f3@11 [read 0~4194304] 45.fcbfa8e1 ack+read+localize_reads+known_if_redirected e83500) -239>
2015-07-30 16:21:35.489512 7f681738a700 1 -- 100.100.100.244:6800/6354 <== client.8781641 100.100.100.242:0/1030262 700 ==== osd_op(client.8781641.0:301184 rbd_data.791f542ae8944a.0000000000049866 [read 0~4194304] 39.d614fb58 ack+read+known_if_redirected e83500) v4 ==== 191+0+0 (4249323502 0 0) 0x138dcf80 con 0x11501700 -238>
2015-07-30 16:21:35.489538 7f681738a700 5 -- op tracker -- seq: 13282, time:
2015-07-30 16:21:35.489449, event: header_read, op: osd_op(client.8781641.0:301184 rbd_data.791f542ae8944a.0000000000049866 [read 0~4194304] 39.d614fb58 ack+read+known_if_redirected e83500) -237>
2015-07-30 16:21:35.489550 7f681738a700 5 -- op tracker -- seq: 13282, time:
2015-07-30 16:21:35.489451, event: throttled, op: osd_op(client.8781641.0:301184 rbd_data.791f542ae8944a.0000000000049866 [read 0~4194304] 39.d614fb58 ack+read+known_if_redirected e83500) -236>
2015-07-30 16:21:35.489557 7f681738a700 5 -- op tracker -- seq: 13282, time:
2015-07-30 16:21:35.489506, event: all_read, op: osd_op(client.8781641.0:301184 rbd_data.791f542ae8944a.0000000000049866 [read 0~4194304] 39.d614fb58 ack+read+known_if_redirected e83500) -235>
2015-07-30 16:21:35.489564 7f681738a700 5 -- op tracker -- seq: 13282, time: 0.000000, event: dispatched, op: osd_op(client.8781641.0:301184 rbd_data.791f542ae8944a.0000000000049866 [read 0~4194304] 39.d614fb58 ack+read+known_if_redirected e83500) -234>
2015-07-30 16:21:35.512130 7f681daf0700 1 -- 100.100.100.244:6800/6354 <== client.8964076 100.100.100.242:0/1027184 463 ==== osd_op(client.8964076.0:36129 rbd_data.36bbb37843e45.0000000000008d05 [read 0~4194304] 42.8f189ad3 ack+read+known_if_redirected e83500) v4 ==== 190+0+0 (4163246747 0 0) 0x11e26c80 con 0x111dc260 -233>
2015-07-30 16:21:35.512180 7f681daf0700 5 -- op tracker -- seq: 13283, time:
2015-07-30 16:21:35.512010, event: header_read, op: osd_op(client.8964076.0:36129 rbd_data.36bbb37843e45.0000000000008d05 [read 0~4194304] 42.8f189ad3 ack+read+known_if_redirected e83500) -232>
2015-07-30 16:21:35.512199 7f681daf0700 5 -- op tracker -- seq: 13283, time:
2015-07-30 16:21:35.512012, event: throttled, op: osd_op(client.8964076.0:36129 rbd_data.36bbb37843e45.0000000000008d05 [read 0~4194304] 42.8f189ad3 ack+read+known_if_redirected e83500) -231>
2015-07-30 16:21:35.512214 7f681daf0700 5 -- op tracker -- seq: 13283, time:
2015-07-30 16:21:35.512125, event: all_read, op: osd_op(client.8964076.0:36129 rbd_data.36bbb37843e45.0000000000008d05 [read 0~4194304] 42.8f189ad3 ack+read+known_if_redirected e83500) -230>
2015-07-30 16:21:35.512222 7f681daf0700 5 -- op tracker -- seq: 13283, time: 0.000000, event: dispatched, op: osd_op(client.8964076.0:36129 rbd_data.36bbb37843e45.0000000000008d05 [read 0~4194304] 42.8f189ad3 ack+read+known_if_redirected e83500) -229>
2015-07-30 16:21:35.557982 7f6840345700 1 -- 111.111.111.244:6802/6354 <== osd.50 100.100.100.242:0/23413 89 ==== osd_ping(ping e83500 stamp
2015-07-30 16:21:35.559137) v2 ==== 47+0+0 (1140294922 0 0) 0x13817fe0 con 0x1087d4a0 -228>
2015-07-30 16:21:35.557981 7f6841c49700 1 -- 100.100.100.244:6802/6354 <== osd.50 100.100.100.242:0/23413 89 ==== osd_ping(ping e83500 stamp
2015-07-30 16:21:35.559137) v2 ==== 47+0+0 (1140294922 0 0) 0x12649e00 con 0x1087e260 -227>
2015-07-30 16:21:35.558022 7f6840345700 1 -- 111.111.111.244:6802/6354 --> 100.100.100.242:0/23413 -- osd_ping(ping_reply e83500 stamp
2015-07-30 16:21:35.559137) v2 -- ?+0 0x109ae5a0 con 0x1087d4a0 -226>
2015-07-30 16:21:35.558051 7f6841c49700 1 -- 100.100.100.244:6802/6354 --> 100.100.100.242:0/23413 -- osd_ping(ping_reply e83500 stamp
2015-07-30 16:21:35.559137) v2 -- ?+0 0x137263c0 con 0x1087e260 -225>
2015-07-30 16:21:35.559731 7f6841c49700 1 -- 100.100.100.244:6802/6354 <== osd.9 100.100.100.241:0/25257 100 ==== osd_ping(ping e83500 stamp
2015-07-30 16:21:35.561214) v2 ==== 47+0+0 (2415165915 0 0) 0x109ae000 con 0x11270260 -224>
2015-07-30 16:21:35.559738 7f6840345700 1 -- 111.111.111.244:6802/6354 <== osd.9 100.100.100.241:0/25257 100 ==== osd_ping(ping e83500 stamp
2015-07-30 16:21:35.561214) v2 ==== 47+0+0 (2415165915 0 0) 0x120632a0 con 0x1126f4a0 -223>
2015-07-30 16:21:35.559769 7f6841c49700 1 -- 100.100.100.244:6802/6354 --> 100.100.100.241:0/25257 -- osd_ping(ping_reply e83500 stamp
2015-07-30 16:21:35.561214) v2 -- ?+0 0x12649e00 con 0x11270260 -222>
2015-07-30 16:21:35.559838 7f6840345700 1 -- 111.111.111.244:6802/6354 --> 100.100.100.241:0/25257 -- osd_ping(ping_reply e83500 stamp
2015-07-30 16:21:35.561214) v2 -- ?+0 0x13817fe0 con 0x1126f4a0 -221>
2015-07-30 16:21:35.572979 7f6816b78700 1 -- 100.100.100.244:6800/6354 <== client.8784389 100.100.100.242:0/1021042 697 ==== osd_op(client.8784389.0:222437 rbd_data.791f542ae8944a.00000000000364cb [read 0~4194304] 39.16f2025b ack+read+known_if_redirected e83500) v4 ==== 191+0+0 (931338960 0 0) 0x14429700 con 0x115019c0 -220>
2015-07-30 16:21:35.573002 7f6816b78700 5 -- op tracker -- seq: 13284, time:
2015-07-30 16:21:35.572929, event: header_read, op: osd_op(client.8784389.0:222437 rbd_data.791f542ae8944a.00000000000364cb [read 0~4194304] 39.16f2025b ack+read+known_if_redirected e83500) -219>
2015-07-30 16:21:35.573014 7f6816b78700 5 -- op tracker -- seq: 13284, time:
2015-07-30 16:21:35.572931, event: throttled, op: osd_op(client.8784389.0:222437 rbd_data.791f542ae8944a.00000000000364cb [read 0~4194304] 39.16f2025b ack+read+known_if_redirected e83500) -218>
2015-07-30 16:21:35.573021 7f6816b78700 5 -- op tracker -- seq: 13284, time:
2015-07-30 16:21:35.572974, event: all_read, op: osd_op(client.8784389.0:222437 rbd_data.791f542ae8944a.00000000000364cb [read 0~4194304] 39.16f2025b ack+read+known_if_redirected e83500) -217>
2015-07-30 16:21:35.573027 7f6816b78700 5 -- op tracker -- seq: 13284, time: 0.000000, event: dispatched, op: osd_op(client.8784389.0:222437 rbd_data.791f542ae8944a.00000000000364cb [read 0~4194304] 39.16f2025b ack+read+known_if_redirected e83500) -216>
2015-07-30 16:21:35.573086 7f6838234700 5 -- op tracker -- seq: 13284, time:
2015-07-30 16:21:35.573086, event: reached_pg, op: osd_op(client.8784389.0:222437 rbd_data.791f542ae8944a.00000000000364cb [read 0~4194304] 39.16f2025b ack+read+known_if_redirected e83500) -215>
2015-07-30 16:21:35.573309 7f6838234700 1 -- 100.100.100.244:6800/6354 --> 100.100.100.242:0/1021042 -- osd_op_reply(222437 rbd_data.791f542ae8944a.00000000000364cb [read 0~4194304] v0'0 uv0 ack = -2 ((2) No such file or directory)) v6 -- ?+0 0x10cb43c0 con 0x115019c0 -214>
2015-07-30 16:21:35.573398 7f6838234700 5 -- op tracker -- seq: 13284, time:
2015-07-30 16:21:35.573398, event: done, op: osd_op(client.8784389.0:222437 rbd_data.791f542ae8944a.00000000000364cb [read 0~4194304] 39.16f2025b ack+read+known_if_redirected e83500) -213>
2015-07-30 16:21:35.602653 7f6841c49700 1 -- 100.100.100.244:6802/6354 <== osd.13 100.100.100.243:0/7729 107 ==== osd_ping(ping e83500 stamp
2015-07-30 16:21:35.603784) v2 ==== 47+0+0 (133363511 0 0) 0x12648780 con 0x10759860 -212>
2015-07-30 16:21:35.602683 7f6841c49700 1 -- 100.100.100.244:6802/6354 --> 100.100.100.243:0/7729 -- osd_ping(ping_reply e83500 stamp
2015-07-30 16:21:35.603784) v2 -- ?+0 0x109ae000 con 0x10759860 -211>
2015-07-30 16:21:35.602714 7f6840345700 1 -- 111.111.111.244:6802/6354 <== osd.13 100.100.100.243:0/7729 107 ==== osd_ping(ping e83500 stamp
2015-07-30 16:21:35.603784) v2 ==== 47+0+0 (133363511 0 0) 0x109b01c0 con 0x10758680 -210>
2015-07-30 16:21:35.602745 7f6840345700 1 -- 111.111.111.244:6802/6354 --> 100.100.100.243:0/7729 -- osd_ping(ping_reply e83500 stamp
2015-07-30 16:21:35.603784) v2 -- ?+0 0x120632a0 con 0x10758680 -209>
2015-07-30 16:21:35.604065 7f682e3f1700 1 -- 111.111.111.244:6800/6354 <== osd.24 111.111.111.241:6807/5023277 245 ==== osd_sub_op(client.8963508.0:79174 45.122 33ce7d22/rbd_data.88ca383d1b58ba.0000000000003389/head//45 [] v 83500'413 snapset=0=[]:[] snapc=0=[]) v11 ==== 1412+0+937 (360074877 0 1393783053) 0x141b6d00 con 0x10668c00 -208>
2015-07-30 16:21:35.604090 7f682e3f1700 5 -- op tracker -- seq: 13285, time:
2015-07-30 16:21:35.603994, event: header_read, op: osd_sub_op(client.8963508.0:79174 45.122 33ce7d22/rbd_data.88ca383d1b58ba.0000000000003389/head//45 [] v 83500'413 snapset=0=[]:[] snapc=0=[]) -207>
2015-07-30 16:21:35.604102 7f682e3f1700 5 -- op tracker -- seq: 13285, time:
2015-07-30 16:21:35.603996, event: throttled, op: osd_sub_op(client.8963508.0:79174 45.122 33ce7d22/rbd_data.88ca383d1b58ba.0000000000003389/head//45 [] v 83500'413 snapset=0=[]:[] snapc=0=[]) -206>
2015-07-30 16:21:35.604109 7f682e3f1700 5 -- op tracker -- seq: 13285, time:
2015-07-30 16:21:35.604059, event: all_read, op: osd_sub_op(client.8963508.0:79174 45.122 33ce7d22/rbd_data.88ca383d1b58ba.0000000000003389/head//45 [] v 83500'413 snapset=0=[]:[] snapc=0=[]) -205>
2015-07-30 16:21:35.604115 7f682e3f1700 5 -- op tracker -- seq: 13285, time: 0.000000, event: dispatched, op: osd_sub_op(client.8963508.0:79174 45.122 33ce7d22/rbd_data.88ca383d1b58ba.0000000000003389/head//45 [] v 83500'413 snapset=0=[]:[] snapc=0=[]) -204>
2015-07-30 16:21:35.604160 7f6838a35700 5 -- op tracker -- seq: 13285, time:
2015-07-30 16:21:35.604160, event: reached_pg, op: osd_sub_op(client.8963508.0:79174 45.122 33ce7d22/rbd_data.88ca383d1b58ba.0000000000003389/head//45 [] v 83500'413 snapset=0=[]:[] snapc=0=[]) -203>
2015-07-30 16:21:35.604187 7f6838a35700 5 -- op tracker -- seq: 13285, time:
2015-07-30 16:21:35.604186, event: started, op: osd_sub_op(client.8963508.0:79174 45.122 33ce7d22/rbd_data.88ca383d1b58ba.0000000000003389/head//45 [] v 83500'413 snapset=0=[]:[] snapc=0=[]) -202>
2015-07-30 16:21:35.604450 7f6838a35700 5 -- op tracker -- seq: 13285, time:
2015-07-30 16:21:35.604450, event: started, op: osd_sub_op(client.8963508.0:79174 45.122 33ce7d22/rbd_data.88ca383d1b58ba.0000000000003389/head//45 [] v 83500'413 snapset=0=[]:[] snapc=0=[]) -201>
2015-07-30 16:21:35.604588 7f6838a35700 5 -- op tracker -- seq: 13285, time:
2015-07-30 16:21:35.604588, event: commit_queued_for_journal_write, op: osd_sub_op(client.8963508.0:79174 45.122 33ce7d22/rbd_data.88ca383d1b58ba.0000000000003389/head//45 [] v 83500'413 snapset=0=[]:[] snapc=0=[]) -200>
2015-07-30 16:21:35.604734 7f684c5f4700 5 -- op tracker -- seq: 13285, time:
2015-07-30 16:21:35.604734, event: write_thread_in_journal_buffer, op: osd_sub_op(client.8963508.0:79174 45.122 33ce7d22/rbd_data.88ca383d1b58ba.0000000000003389/head//45 [] v 83500'413 snapset=0=[]:[] snapc=0=[]) -199>
2015-07-30 16:21:35.604911 7f684bdf3700 5 -- op tracker -- seq: 13285, time:
2015-07-30 16:21:35.604911, event: journaled_completion_queued, op: osd_sub_op(client.8963508.0:79174 45.122 33ce7d22/rbd_data.88ca383d1b58ba.0000000000003389/head//45 [] v 83500'413 snapset=0=[]:[] snapc=0=[]) -198>
2015-07-30 16:21:35.604961 7f68495ee700 5 -- op tracker -- seq: 13285, time:
2015-07-30 16:21:35.604960, event: commit_sent, op: osd_sub_op(client.8963508.0:79174 45.122 33ce7d22/rbd_data.88ca383d1b58ba.0000000000003389/head//45 [] v 83500'413 snapset=0=[]:[] snapc=0=[]) -197>
2015-07-30 16:21:35.604982 7f68495ee700 1 -- 111.111.111.244:6800/6354 --> 111.111.111.241:6807/5023277 -- osd_sub_op_reply(client.8963508.0:79174 45.122 33ce7d22/rbd_data.88ca383d1b58ba.0000000000003389/head//45 [] ondisk, result = 0) v2 -- ?+0 0x13a7c580 con 0x10668c00 -196>
2015-07-30 16:21:35.605627 7f6849def700 5 -- op tracker -- seq: 13285, time:
2015-07-30 16:21:35.605626, event: sub_op_applied, op: osd_sub_op(client.8963508.0:79174 45.122 33ce7d22/rbd_data.88ca383d1b58ba.0000000000003389/head//45 [] v 83500'413 snapset=0=[]:[] snapc=0=[]) -195>
2015-07-30 16:21:35.605675 7f6849def700 5 -- op tracker -- seq: 13285, time:
2015-07-30 16:21:35.605675, event: done, op: osd_sub_op(client.8963508.0:79174 45.122 33ce7d22/rbd_data.88ca383d1b58ba.0000000000003389/head//45 [] v 83500'413 snapset=0=[]:[] snapc=0=[]) -194>
2015-07-30 16:21:35.620183 7f6841c49700 1 -- 100.100.100.244:6802/6354 <== osd.42 111.111.111.242:0/22741 109 ==== osd_ping(ping e83500 stamp
2015-07-30 16:21:35.621365) v2 ==== 47+0+0 (790251455 0 0) 0x11511c20 con 0x576e3c0 -193>
2015-07-30 16:21:35.620201 7f6840345700 1 -- 111.111.111.244:6802/6354 <== osd.42 111.111.111.242:0/22741 109 ==== osd_ping(ping e83500 stamp
2015-07-30 16:21:35.621365) v2 ==== 47+0+0 (790251455 0 0) 0x1429c3c0 con 0x11067700 -192>
2015-07-30 16:21:35.620212 7f6841c49700 1 -- 100.100.100.244:6802/6354 --> 111.111.111.242:0/22741 -- osd_ping(ping_reply e83500 stamp
2015-07-30 16:21:35.621365) v2 -- ?+0 0x12648780 con 0x576e3c0 -191>
2015-07-30 16:21:35.620260 7f6840345700 1 -- 111.111.111.244:6802/6354 --> 111.111.111.242:0/22741 -- osd_ping(ping_reply e83500 stamp
2015-07-30 16:21:35.621365) v2 -- ?+0 0x109b01c0 con 0x11067700 -190>
2015-07-30 16:21:35.623910 7f681d0e6700 1 -- 100.100.100.244:6800/6354 <== client.8963508 100.100.100.242:0/1012965 1019 ==== osd_op(client.8963508.0:79177 rbd_data.88ca383d1b58ba.000000000000338b [stat,set-alloc-hint object_size 16777216 write_size 16777216,write 0~0] 45.d3a4f6f7 ack+ondisk+write+known_if_redirected e83500) v4 ==== 267+0+0 (1622463426 0 0) 0x11e26500 con 0x1126e000 -189>
2015-07-30 16:21:35.624087 7f681d0e6700 5 -- op tracker -- seq: 13286, time:
2015-07-30 16:21:35.623658, event: header_read, op: osd_op(client.8963508.0:79177 rbd_data.88ca383d1b58ba.000000000000338b [stat,set-alloc-hint object_size 16777216 write_size 16777216,write 0~0] 45.d3a4f6f7 ack+ondisk+write+known_if_redirected e83500) -188>
2015-07-30 16:21:35.624167 7f681d0e6700 5 -- op tracker -- seq: 13286, time:
2015-07-30 16:21:35.623660, event: throttled, op: osd_op(client.8963508.0:79177 rbd_data.88ca383d1b58ba.000000000000338b [stat,set-alloc-hint object_size 16777216 write_size 16777216,write 0~0] 45.d3a4f6f7 ack+ondisk+write+known_if_redirected e83500) -187>
2015-07-30 16:21:35.624202 7f681d0e6700 5 -- op tracker -- seq: 13286, time:
2015-07-30 16:21:35.623903, event: all_read, op: osd_op(client.8963508.0:79177 rbd_data.88ca383d1b58ba.000000000000338b [stat,set-alloc-hint object_size 16777216 write_size 16777216,write 0~0] 45.d3a4f6f7 ack+ondisk+write+known_if_redirected e83500) -186>
2015-07-30 16:21:35.624212 7f681d0e6700 5 -- op tracker -- seq: 13286, time: 0.000000, event: dispatched, op: osd_op(client.8963508.0:79177 rbd_data.88ca383d1b58ba.000000000000338b [stat,set-alloc-hint object_size 16777216 write_size 16777216,write 0~0] 45.d3a4f6f7 ack+ondisk+write+known_if_redirected e83500) -185>
2015-07-30 16:21:35.624328 7f6836a31700 5 -- op tracker -- seq: 13286, time:
2015-07-30 16:21:35.624328, event: reached_pg, op: osd_op(client.8963508.0:79177 rbd_data.88ca383d1b58ba.000000000000338b [stat,set-alloc-hint object_size 16777216 write_size 16777216,write 0~0] 45.d3a4f6f7 ack+ondisk+write+known_if_redirected e83500) -184>
2015-07-30 16:21:35.625194 7f6836a31700 5 -- op tracker -- seq: 13286, time:
2015-07-30 16:21:35.625194, event: started, op: osd_op(client.8963508.0:79177 rbd_data.88ca383d1b58ba.000000000000338b [stat,set-alloc-hint object_size 16777216 write_size 16777216,write 0~0] 45.d3a4f6f7 ack+ondisk+write+known_if_redirected e83500) -183>
2015-07-30 16:21:35.625372 7f6836a31700 5 -- op tracker -- seq: 13286, time:
2015-07-30 16:21:35.625372, event: started, op: osd_op(client.8963508.0:79177 rbd_data.88ca383d1b58ba.000000000000338b [stat,set-alloc-hint object_size 16777216 write_size 16777216,write 0~0] 45.d3a4f6f7 ack+ondisk+write+known_if_redirected e83500) -182>
2015-07-30 16:21:35.625464 7f6836a31700 1 -- 100.100.100.244:6800/6354 --> 100.100.100.242:0/1012965 -- osd_op_reply(79177 rbd_data.88ca383d1b58ba.000000000000338b [stat,set-alloc-hint object_size 16777216 write_size 16777216,write 0~0] v0'0 uv459 ondisk = -2 ((2) No such file or directory)) v6 -- ?+0 0x140db080 con 0x1126e000 -181>
2015-07-30 16:21:35.625536 7f6836a31700 5 -- op tracker -- seq: 13286, time:
2015-07-30 16:21:35.625536, event: done, op: osd_op(client.8963508.0:79177 rbd_data.88ca383d1b58ba.000000000000338b [stat,set-alloc-hint object_size 16777216 write_size 16777216,write 0~0] 45.d3a4f6f7 ack+ondisk+write+known_if_redirected e83500) -180>
2015-07-30 16:21:35.634894 7f681acc2700 1 -- 100.100.100.244:6800/6354 <== client.8963436 100.100.100.242:0/1011392 1086 ==== osd_op(client.8963436.0:55709 rbd_data.48e7a77843e45.0000000000002443 [stat,set-alloc-hint object_size 16777216 write_size 16777216,write 0~0] 45.65527af7 snapc 1f=[1f] ack+ondisk+write+known_if_redirected e83500) v4 ==== 274+0+0 (1092531093 0 0) 0x11e28f80 con 0x11501440 -179>
2015-07-30 16:21:35.635072 7f681acc2700 5 -- op tracker -- seq: 13287, time:
2015-07-30 16:21:35.634703, event: header_read, op: osd_op(client.8963436.0:55709 rbd_data.48e7a77843e45.0000000000002443 [stat,set-alloc-hint object_size 16777216 write_size 16777216,write 0~0] 45.65527af7 snapc 1f=[1f] ack+ondisk+write+known_if_redirected e83500) -178>
2015-07-30 16:21:35.635165 7f681acc2700 5 -- op tracker -- seq: 13287, time:
2015-07-30 16:21:35.634705, event: throttled, op: osd_op(client.8963436.0:55709 rbd_data.48e7a77843e45.0000000000002443 [stat,set-alloc-hint object_size 16777216 write_size 16777216,write 0~0] 45.65527af7 snapc 1f=[1f] ack+ondisk+write+known_if_redirected e83500) -177>
2015-07-30 16:21:35.635235 7f681acc2700 5 -- op tracker -- seq: 13287, time:
2015-07-30 16:21:35.634889, event: all_read, op: osd_op(client.8963436.0:55709 rbd_data.48e7a77843e45.0000000000002443 [stat,set-alloc-hint object_size 16777216 write_size 16777216,write 0~0] 45.65527af7 snapc 1f=[1f] ack+ondisk+write+known_if_redirected e83500) -176>
2015-07-30 16:21:35.635246 7f681acc2700 5 -- op tracker -- seq: 13287, time: 0.000000, event: dispatched, op: osd_op(client.8963436.0:55709 rbd_data.48e7a77843e45.0000000000002443 [stat,set-alloc-hint object_size 16777216 write_size 16777216,write 0~0] 45.65527af7 snapc 1f=[1f] ack+ondisk+write+known_if_redirected e83500) -175>
2015-07-30 16:21:35.635381 7f6839236700 5 -- op tracker -- seq: 13287, time:
2015-07-30 16:21:35.635380, event: reached_pg, op: osd_op(client.8963436.0:55709 rbd_data.48e7a77843e45.0000000000002443 [stat,set-alloc-hint object_size 16777216 write_size 16777216,write 0~0] 45.65527af7 snapc 1f=[1f] ack+ondisk+write+known_if_redirected e83500) -174>
2015-07-30 16:21:35.636317 7f6839236700 5 -- op tracker -- seq: 13287, time:
2015-07-30 16:21:35.636317, event: started, op: osd_op(client.8963436.0:55709 rbd_data.48e7a77843e45.0000000000002443 [stat,set-alloc-hint object_size 16777216 write_size 16777216,write 0~0] 45.65527af7 snapc 1f=[1f] ack+ondisk+write+known_if_redirected e83500) -173>
2015-07-30 16:21:35.636461 7f6839236700 5 -- op tracker -- seq: 13287, time:
2015-07-30 16:21:35.636461, event: started, op: osd_op(client.8963436.0:55709 rbd_data.48e7a77843e45.0000000000002443 [stat,set-alloc-hint object_size 16777216 write_size 16777216,write 0~0] 45.65527af7 snapc 1f=[1f] ack+ondisk+write+known_if_redirected e83500) -172>
2015-07-30 16:21:35.636602 7f6839236700 1 -- 100.100.100.244:6800/6354 --> 100.100.100.242:0/1011392 -- osd_op_reply(55709 rbd_data.48e7a77843e45.0000000000002443 [stat,set-alloc-hint object_size 16777216 write_size 16777216,write 0~0] v0'0 uv459 ondisk = -2 ((2) No such file or directory)) v6 -- ?+0 0x13298ec0 con 0x11501440 -171>
2015-07-30 16:21:35.636732 7f6839236700 5 -- op tracker -- seq: 13287, time:
2015-07-30 16:21:35.636732, event: done, op: osd_op(client.8963436.0:55709 rbd_data.48e7a77843e45.0000000000002443 [stat,set-alloc-hint object_size 16777216 write_size 16777216,write 0~0] 45.65527af7 snapc 1f=[1f] ack+ondisk+write+known_if_redirected e83500) -170>
2015-07-30 16:21:35.660673 7f681daf0700 1 -- 100.100.100.244:6800/6354 <== client.8964076 100.100.100.242:0/1027184 464 ==== osd_op(client.8964076.0:36143 rbd_data.36bbb37843e45.0000000000008d13 [read 0~4194304] 42.9c4c9563 ack+read+known_if_redirected e83500) v4 ==== 190+0+0 (4182389184 0 0) 0x11e28580 con 0x111dc260 -169>
2015-07-30 16:21:35.660722 7f681daf0700 5 -- op tracker -- seq: 13288, time:
2015-07-30 16:21:35.660529, event: header_read, op: osd_op(client.8964076.0:36143 rbd_data.36bbb37843e45.0000000000008d13 [read 0~4194304] 42.9c4c9563 ack+read+known_if_redirected e83500) -168>
2015-07-30 16:21:35.660751 7f681daf0700 5 -- op tracker -- seq: 13288, time:
2015-07-30 16:21:35.660532, event: throttled, op: osd_op(client.8964076.0:36143 rbd_data.36bbb37843e45.0000000000008d13 [read 0~4194304] 42.9c4c9563 ack+read+known_if_redirected e83500) -167>
2015-07-30 16:21:35.660769 7f681daf0700 5 -- op tracker -- seq: 13288, time:
2015-07-30 16:21:35.660667, event: all_read, op: osd_op(client.8964076.0:36143 rbd_data.36bbb37843e45.0000000000008d13 [read 0~4194304] 42.9c4c9563 ack+read+known_if_redirected e83500) -166>
2015-07-30 16:21:35.660777 7f681daf0700 5 -- op tracker -- seq: 13288, time: 0.000000, event: dispatched, op: osd_op(client.8964076.0:36143 rbd_data.36bbb37843e45.0000000000008d13 [read 0~4194304] 42.9c4c9563 ack+read+known_if_redirected e83500) -165>
2015-07-30 16:21:35.660910 7f6836a31700 5 -- op tracker -- seq: 13288, time:
2015-07-30 16:21:35.660910, event: reached_pg, op: osd_op(client.8964076.0:36143 rbd_data.36bbb37843e45.0000000000008d13 [read 0~4194304] 42.9c4c9563 ack+read+known_if_redirected e83500) -164>
2015-07-30 16:21:35.661863 7f681acc2700 1 -- 100.100.100.244:6800/6354 <== client.8963436 100.100.100.242:0/1011392 1087 ==== osd_op(client.8963436.0:55715 rbd_data.48e7a77843e45.0000000000002443 [set-alloc-hint object_size 16777216 write_size 16777216,write 0~0] 45.65527af7 snapc 1f=[1f] ack+ondisk+write+known_if_redirected e83500) v4 ==== 236+0+0 (3244099317 0 0) 0x11e26500 con 0x11501440 -163>
2015-07-30 16:21:35.662041 7f681acc2700 5 -- op tracker -- seq: 13289, time:
2015-07-30 16:21:35.661649, event: header_read, op: osd_op(client.8963436.0:55715 rbd_data.48e7a77843e45.0000000000002443 [set-alloc-hint object_size 16777216 write_size 16777216,write 0~0] 45.65527af7 snapc 1f=[1f] ack+ondisk+write+known_if_redirected e83500) -162>
2015-07-30 16:21:35.662097 7f681acc2700 5 -- op tracker -- seq: 13289, time:
2015-07-30 16:21:35.661650, event: throttled, op: osd_op(client.8963436.0:55715 rbd_data.48e7a77843e45.0000000000002443 [set-alloc-hint object_size 16777216 write_size 16777216,write 0~0] 45.65527af7 snapc 1f=[1f] ack+ondisk+write+known_if_redirected e83500) -161>
2015-07-30 16:21:35.662109 7f681acc2700 5 -- op tracker -- seq: 13289, time:
2015-07-30 16:21:35.661857, event: all_read, op: osd_op(client.8963436.0:55715 rbd_data.48e7a77843e45.0000000000002443 [set-alloc-hint object_size 16777216 write_size 16777216,write 0~0] 45.65527af7 snapc 1f=[1f] ack+ondisk+write+known_if_redirected e83500) -160>
2015-07-30 16:21:35.662184 7f681acc2700 5 -- op tracker -- seq: 13289, time: 0.000000, event: dispatched, op: osd_op(client.8963436.0:55715 rbd_data.48e7a77843e45.0000000000002443 [set-alloc-hint object_size 16777216 write_size 16777216,write 0~0] 45.65527af7 snapc 1f=[1f] ack+ondisk+write+known_if_redirected e83500) -159>
2015-07-30 16:21:35.662334 7f6839236700 5 -- op tracker -- seq: 13289, time:
2015-07-30 16:21:35.662334, event: reached_pg, op: osd_op(client.8963436.0:55715 rbd_data.48e7a77843e45.0000000000002443 [set-alloc-hint object_size 16777216 write_size 16777216,write 0~0] 45.65527af7 snapc 1f=[1f] ack+ondisk+write+known_if_redirected e83500) -158>
2015-07-30 16:21:35.663182 7f6839236700 5 -- op tracker -- seq: 13289, time:
2015-07-30 16:21:35.663182, event: started, op: osd_op(client.8963436.0:55715 rbd_data.48e7a77843e45.0000000000002443 [set-alloc-hint object_size 16777216 write_size 16777216,write 0~0] 45.65527af7 snapc 1f=[1f] ack+ondisk+write+known_if_redirected e83500) -157>
2015-07-30 16:21:35.663295 7f6839236700 5 -- op tracker -- seq: 13289, time:
2015-07-30 16:21:35.663295, event: started, op: osd_op(client.8963436.0:55715 rbd_data.48e7a77843e45.0000000000002443 [set-alloc-hint object_size 16777216 write_size 16777216,write 0~0] 45.65527af7 snapc 1f=[1f] ack+ondisk+write+known_if_redirected e83500) -156>
2015-07-30 16:21:35.663656 7f6839236700 5 -- op tracker -- seq: 13289, time:
2015-07-30 16:21:35.663656, event: waiting for subops from 7,28,42, op: osd_op(client.8963436.0:55715 rbd_data.48e7a77843e45.0000000000002443 [set-alloc-hint object_size 16777216 write_size 16777216,write 0~0] 45.65527af7 snapc 1f=[1f] ack+ondisk+write+known_if_redirected e83500) -155>
2015-07-30 16:21:35.663927 7f6839236700 1 -- 111.111.111.244:6800/6354 --> 111.111.111.243:6814/9316 -- osd_sub_op(client.8963436.0:55715 45.2f7 65527af7/rbd_data.48e7a77843e45.0000000000002443/head//45 [] v 83500'460 snapset=0=[]:[] snapc=0=[]) v11 -- ?+939 0x13009600 con 0xeaaa680 -154>
2015-07-30 16:21:35.664006 7f6839236700 1 -- 111.111.111.244:6800/6354 --> 111.111.111.241:6821/1004350 -- osd_sub_op(client.8963436.0:55715 45.2f7 65527af7/rbd_data.48e7a77843e45.0000000000002443/head//45 [] v 83500'460 snapset=0=[]:[] snapc=0=[]) v11 -- ?+939 0x5838c00 con 0x52acc00 -153>
2015-07-30 16:21:35.664096 7f6839236700 1 -- 111.111.111.244:6800/6354 --> 111.111.111.242:6826/22741 -- osd_sub_op(client.8963436.0:55715 45.2f7 65527af7/rbd_data.48e7a77843e45.0000000000002443/head//45 [] v 83500'460 snapset=0=[]:[] snapc=0=[]) v11 -- ?+939 0x1300b700 con 0x10668940 -152>
2015-07-30 16:21:35.664472 7f6839236700 5 -- op tracker -- seq: 13289, time:
2015-07-30 16:21:35.664472, event: commit_queued_for_journal_write, op: osd_op(client.8963436.0:55715 rbd_data.48e7a77843e45.0000000000002443 [set-alloc-hint object_size 16777216 write_size 16777216,write 0~0] 45.65527af7 snapc 1f=[1f] ack+ondisk+write+known_if_redirected e83500) -151>
2015-07-30 16:21:35.664743 7f684c5f4700 5 -- op tracker -- seq: 13289, time:
2015-07-30 16:21:35.664743, event: write_thread_in_journal_buffer, op: osd_op(client.8963436.0:55715 rbd_data.48e7a77843e45.0000000000002443 [set-alloc-hint object_size 16777216 write_size 16777216,write 0~0] 45.65527af7 snapc 1f=[1f] ack+ondisk+write+known_if_redirected e83500) -150>
2015-07-30 16:21:35.664880 7f684bdf3700 5 -- op tracker -- seq: 13289, time:
2015-07-30 16:21:35.664880, event: journaled_completion_queued, op: osd_op(client.8963436.0:55715 rbd_data.48e7a77843e45.0000000000002443 [set-alloc-hint object_size 16777216 write_size 16777216,write 0~0] 45.65527af7 snapc 1f=[1f] ack+ondisk+write+known_if_redirected e83500) -149>
2015-07-30 16:21:35.664929 7f68495ee700 5 -- op tracker -- seq: 13289, time:
2015-07-30 16:21:35.664929, event: op_commit, op: osd_op(client.8963436.0:55715 rbd_data.48e7a77843e45.0000000000002443 [set-alloc-hint object_size 16777216 write_size 16777216,write 0~0] 45.65527af7 snapc 1f=[1f] ack+ondisk+write+known_if_redirected e83500) -148>
2015-07-30 16:21:35.665429 7f6849def700 5 -- op tracker -- seq: 13289, time:
2015-07-30 16:21:35.665428, event: op_applied, op: osd_op(client.8963436.0:55715 rbd_data.48e7a77843e45.0000000000002443 [set-alloc-hint object_size 16777216 write_size 16777216,write 0~0] 45.65527af7 snapc 1f=[1f] ack+ondisk+write+known_if_redirected e83500) -147>
2015-07-30 16:21:35.666092 7f682f1ff700 1 -- 111.111.111.244:6800/6354 <== osd.42 111.111.111.242:6826/22741 194 ==== osd_sub_op_reply(client.8963436.0:55715 45.2f7 65527af7/rbd_data.48e7a77843e45.0000000000002443/head//45 [] ondisk, result = 0) v2 ==== 177+0+0 (2366469450 0 0) 0x109bd9c0 con 0x10668940 -146>
2015-07-30 16:21:35.666138 7f682f1ff700 5 -- op tracker -- seq: 13290, time:
2015-07-30 16:21:35.666025, event: header_read, op: osd_sub_op_reply(client.8963436.0:55715 45.2f7 65527af7/rbd_data.48e7a77843e45.0000000000002443/head//45 [] ondisk, result = 0) -145>
2015-07-30 16:21:35.666131 7f6830916700 1 -- 111.111.111.244:6800/6354 <== osd.7 111.111.111.243:6814/9316 348 ==== osd_sub_op_reply(client.8963436.0:55715 45.2f7 65527af7/rbd_data.48e7a77843e45.0000000000002443/head//45 [] ondisk, result = 0) v2 ==== 177+0+0 (893003702 0 0) 0x117cb180 con 0xeaaa680 -144>
2015-07-30 16:21:35.666151 7f682f1ff700 5 -- op tracker -- seq: 13290, time:
2015-07-30 16:21:35.666027, event: throttled, op: osd_sub_op_reply(client.8963436.0:55715 45.2f7 65527af7/rbd_data.48e7a77843e45.0000000000002443/head//45 [] ondisk, result = 0) -143>
2015-07-30 16:21:35.666156 7f6830916700 5 -- op tracker -- seq: 13291, time:
2015-07-30 16:21:35.666084, event: header_read, op: osd_sub_op_reply(client.8963436.0:55715 45.2f7 65527af7/rbd_data.48e7a77843e45.0000000000002443/head//45 [] ondisk, result = 0) -142>
2015-07-30 16:21:35.666159 7f682f1ff700 5 -- op tracker -- seq: 13290, time:
2015-07-30 16:21:35.666086, event: all_read, op: osd_sub_op_reply(client.8963436.0:55715 45.2f7 65527af7/rbd_data.48e7a77843e45.0000000000002443/head//45 [] ondisk, result = 0) -141>
2015-07-30 16:21:35.666177 7f6830916700 5 -- op tracker -- seq: 13291, time:
2015-07-30 16:21:35.666085, event: throttled, op: osd_sub_op_reply(client.8963436.0:55715 45.2f7 65527af7/rbd_data.48e7a77843e45.0000000000002443/head//45 [] ondisk, result = 0) -140>
2015-07-30 16:21:35.666192 7f682f1ff700 5 -- op tracker -- seq: 13290, time: 0.000000, event: dispatched, op: osd_sub_op_reply(client.8963436.0:55715 45.2f7 65527af7/rbd_data.48e7a77843e45.0000000000002443/head//45 [] ondisk, result = 0) -139>
2015-07-30 16:21:35.666204 7f6830916700 5 -- op tracker -- seq: 13291, time:
2015-07-30 16:21:35.666126, event: all_read, op: osd_sub_op_reply(client.8963436.0:55715 45.2f7 65527af7/rbd_data.48e7a77843e45.0000000000002443/head//45 [] ondisk, result = 0) -138>
2015-07-30 16:21:35.666211 7f6830916700 5 -- op tracker -- seq: 13291, time: 0.000000, event: dispatched, op: osd_sub_op_reply(client.8963436.0:55715 45.2f7 65527af7/rbd_data.48e7a77843e45.0000000000002443/head//45 [] ondisk, result = 0) -137>
2015-07-30 16:21:35.666269 7f6839236700 5 -- op tracker -- seq: 13290, time:
2015-07-30 16:21:35.666268, event: reached_pg, op: osd_sub_op_reply(client.8963436.0:55715 45.2f7 65527af7/rbd_data.48e7a77843e45.0000000000002443/head//45 [] ondisk, result = 0) -136>
2015-07-30 16:21:35.666291 7f6839236700 5 -- op tracker -- seq: 13290, time:
2015-07-30 16:21:35.666291, event: started, op: osd_sub_op_reply(client.8963436.0:55715 45.2f7 65527af7/rbd_data.48e7a77843e45.0000000000002443/head//45 [] ondisk, result = 0) -135>
2015-07-30 16:21:35.666301 7f6839236700 5 -- op tracker -- seq: 13289, time:
2015-07-30 16:21:35.666301, event: sub_op_commit_rec, op: osd_op(client.8963436.0:55715 rbd_data.48e7a77843e45.0000000000002443 [set-alloc-hint object_size 16777216 write_size 16777216,write 0~0] 45.65527af7 snapc 1f=[1f] ack+ondisk+write+known_if_redirected e83500) -134>
2015-07-30 16:21:35.666429 7f6839236700 5 -- op tracker -- seq: 13290, time:
2015-07-30 16:21:35.666429, event: done, op: osd_sub_op_reply(client.8963436.0:55715 45.2f7 65527af7/rbd_data.48e7a77843e45.0000000000002443/head//45 [] ondisk, result = 0) -133>
2015-07-30 16:21:35.666559 7f6839236700 5 -- op tracker -- seq: 13291, time:
2015-07-30 16:21:35.666559, event: reached_pg, op: osd_sub_op_reply(client.8963436.0:55715 45.2f7 65527af7/rbd_data.48e7a77843e45.0000000000002443/head//45 [] ondisk, result = 0) -132>
2015-07-30 16:21:35.666572 7f6839236700 5 -- op tracker -- seq: 13291, time:
2015-07-30 16:21:35.666572, event: started, op: osd_sub_op_reply(client.8963436.0:55715 45.2f7 65527af7/rbd_data.48e7a77843e45.0000000000002443/head//45 [] ondisk, result = 0) -131>
2015-07-30 16:21:35.666581 7f6839236700 5 -- op tracker -- seq: 13289, time:
2015-07-30 16:21:35.666581, event: sub_op_commit_rec, op: osd_op(client.8963436.0:55715 rbd_data.48e7a77843e45.0000000000002443 [set-alloc-hint object_size 16777216 write_size 16777216,write 0~0] 45.65527af7 snapc 1f=[1f] ack+ondisk+write+known_if_redirected e83500) -130>
2015-07-30 16:21:35.666612 7f6839236700 5 -- op tracker -- seq: 13291, time:
2015-07-30 16:21:35.666612, event: done, op: osd_sub_op_reply(client.8963436.0:55715 45.2f7 65527af7/rbd_data.48e7a77843e45.0000000000002443/head//45 [] ondisk, result = 0) -129>
2015-07-30 16:21:35.671755 7f681d0e6700 1 -- 100.100.100.244:6800/6354 <== client.8963508 100.100.100.242:0/1012965 1020 ==== osd_op(client.8963508.0:79198 rbd_data.88ca383d1b58ba.000000000000338b [set-alloc-hint object_size 16777216 write_size 16777216,write 0~0] 45.d3a4f6f7 ack+ondisk+write+known_if_redirected e83500) v4 ==== 229+0+0 (1478769819 0 0) 0x11e28f80 con 0x1126e000 -128>
2015-07-30 16:21:35.672015 7f681d0e6700 5 -- op tracker -- seq: 13292, time:
2015-07-30 16:21:35.671547, event: header_read, op: osd_op(client.8963508.0:79198 rbd_data.88ca383d1b58ba.000000000000338b [set-alloc-hint object_size 16777216 write_size 16777216,write 0~0] 45.d3a4f6f7 ack+ondisk+write+known_if_redirected e83500) -127>
2015-07-30 16:21:35.672142 7f681d0e6700 5 -- op tracker -- seq: 13292, time:
2015-07-30 16:21:35.671548, event: throttled, op: osd_op(client.8963508.0:79198 rbd_data.88ca383d1b58ba.000000000000338b [set-alloc-hint object_size 16777216 write_size 16777216,write 0~0] 45.d3a4f6f7 ack+ondisk+write+known_if_redirected e83500) -126>
2015-07-30 16:21:35.672172 7f681d0e6700 5 -- op tracker -- seq: 13292, time:
2015-07-30 16:21:35.671750, event: all_read, op: osd_op(client.8963508.0:79198 rbd_data.88ca383d1b58ba.000000000000338b [set-alloc-hint object_size 16777216 write_size 16777216,write 0~0] 45.d3a4f6f7 ack+ondisk+write+known_if_redirected e83500) -125>
2015-07-30 16:21:35.672184 7f681d0e6700 5 -- op tracker -- seq: 13292, time: 0.000000, event: dispatched, op: osd_op(client.8963508.0:79198 rbd_data.88ca383d1b58ba.000000000000338b [set-alloc-hint object_size 16777216 write_size 16777216,write 0~0] 45.d3a4f6f7 ack+ondisk+write+known_if_redirected e83500) -124>
2015-07-30 16:21:35.672282 7f6839236700 5 -- op tracker -- seq: 13292, time:
2015-07-30 16:21:35.672282, event: reached_pg, op: osd_op(client.8963508.0:79198 rbd_data.88ca383d1b58ba.000000000000338b [set-alloc-hint object_size 16777216 write_size 16777216,write 0~0] 45.d3a4f6f7 ack+ondisk+write+known_if_redirected e83500) -123>
2015-07-30 16:21:35.673163 7f6839236700 5 -- op tracker -- seq: 13292, time:
2015-07-30 16:21:35.673162, event: started, op: osd_op(client.8963508.0:79198 rbd_data.88ca383d1b58ba.000000000000338b [set-alloc-hint object_size 16777216 write_size 16777216,write 0~0] 45.d3a4f6f7 ack+ondisk+write+known_if_redirected e83500) -122>
2015-07-30 16:21:35.673354 7f6839236700 5 -- op tracker -- seq: 13292, time:
2015-07-30 16:21:35.673354, event: started, op: osd_op(client.8963508.0:79198 rbd_data.88ca383d1b58ba.000000000000338b [set-alloc-hint object_size 16777216 write_size 16777216,write 0~0] 45.d3a4f6f7 ack+ondisk+write+known_if_redirected e83500) -121>
2015-07-30 16:21:35.673630 7f6839236700 5 -- op tracker -- seq: 13292, time:
2015-07-30 16:21:35.673630, event: waiting for subops from 7,28,42, op: osd_op(client.8963508.0:79198 rbd_data.88ca383d1b58ba.000000000000338b [set-alloc-hint object_size 16777216 write_size 16777216,write 0~0] 45.d3a4f6f7 ack+ondisk+write+known_if_redirected e83500) -120>
2015-07-30 16:21:35.673878 7f6839236700 1 -- 111.111.111.244:6800/6354 --> 111.111.111.243:6814/9316 -- osd_sub_op(client.8963508.0:79198 45.2f7 d3a4f6f7/rbd_data.88ca383d1b58ba.000000000000338b/head//45 [] v 83500'461 snapset=0=[]:[] snapc=0=[]) v11 -- ?+937 0x134aeb00 con 0xeaaa680 -119>
2015-07-30 16:21:35.673946 7f6839236700 1 -- 111.111.111.244:6800/6354 --> 111.111.111.241:6821/1004350 -- osd_sub_op(client.8963508.0:79198 45.2f7 d3a4f6f7/rbd_data.88ca383d1b58ba.000000000000338b/head//45 [] v 83500'461 snapset=0=[]:[] snapc=0=[]) v11 -- ?+937 0x1300b700 con 0x52acc00 -118>
