2015-07-30 16:21:33.748565, event: throttled, op: osd_op(client.8964076.0:36038 rbd_data.36bbb37843e45.0000000000008caa [read 0~4194304] 42.f7d2e859 ack+read+known_if_redirected e83500) -859>
2015-07-30 16:21:33.748885 7f681daf0700 5 -- op tracker -- seq: 13236, time:
2015-07-30 16:21:33.748749, event: all_read, op: osd_op(client.8964076.0:36038 rbd_data.36bbb37843e45.0000000000008caa [read 0~4194304] 42.f7d2e859 ack+read+known_if_redirected e83500) -858>
2015-07-30 16:21:33.748894 7f681daf0700 5 -- op tracker -- seq: 13236, time: 0.000000, event: dispatched, op: osd_op(client.8964076.0:36038 rbd_data.36bbb37843e45.0000000000008caa [read 0~4194304] 42.f7d2e859 ack+read+known_if_redirected e83500) -857>
2015-07-30 16:21:33.748961 7f6839236700 5 -- op tracker -- seq: 13236, time:
2015-07-30 16:21:33.748960, event: reached_pg, op: osd_op(client.8964076.0:36038 rbd_data.36bbb37843e45.0000000000008caa [read 0~4194304] 42.f7d2e859 ack+read+known_if_redirected e83500) -856>
2015-07-30 16:21:33.762746 7f6839236700 5 -- op tracker -- seq: 13236, time:
2015-07-30 16:21:33.762746, event: started, op: osd_op(client.8964076.0:36038 rbd_data.36bbb37843e45.0000000000008caa [read 0~4194304] 42.f7d2e859 ack+read+known_if_redirected e83500) -855>
2015-07-30 16:21:33.762880 7f6839236700 1 -- 100.100.100.244:6800/6354 --> 100.100.100.242:0/1027184 -- osd_op_reply(36038 rbd_data.36bbb37843e45.0000000000008caa [read 0~0] v0'0 uv670 ondisk = 0) v6 -- ?+0 0x13dacec0 con 0x111dc260 -854>
2015-07-30 16:21:33.762948 7f6839236700 5 -- op tracker -- seq: 13236, time:
2015-07-30 16:21:33.762947, event: done, op: osd_op(client.8964076.0:36038 rbd_data.36bbb37843e45.0000000000008caa [read 0~0] 42.f7d2e859 ack+read+known_if_redirected e83500) -853>
2015-07-30 16:21:33.773740 7f684bdf3700 5 -- op tracker -- seq: 13235, time:
2015-07-30 16:21:33.773740, event: journaled_completion_queued, op: osd_op(client.8963436.0:55454 rbd_data.48e7a77843e45.000000000000240f [call rbd.copyup,set-alloc-hint object_size 16777216 write_size 16777216,write 0~0] 45.2d8de6d7 snapc 1f=[1f] ack+ondisk+write+known_if_redirected e83500) -852>
2015-07-30 16:21:33.773799 7f68495ee700 5 -- op tracker -- seq: 13235, time:
2015-07-30 16:21:33.773798, event: op_commit, op: osd_op(client.8963436.0:55454 rbd_data.48e7a77843e45.000000000000240f [call rbd.copyup,set-alloc-hint object_size 16777216 write_size 16777216,write 0~0] 45.2d8de6d7 snapc 1f=[1f] ack+ondisk+write+known_if_redirected e83500) -851>
2015-07-30 16:21:33.801102 7f684fdfb700 5 osd.33 83500 tick -850>
2015-07-30 16:21:33.833717 7f681d0e6700 1 -- 100.100.100.244:6800/6354 <== client.8963508 100.100.100.242:0/1012965 1012 ==== osd_op(client.8963508.0:78921 rbd_data.791f542ae8944a.000000000000cd74@6 [read 0~4194304] 39.ee0cf858 ack+read+localize_reads+known_if_redirected e83500) v4 ==== 191+0+0 (2163778377 0 0) 0x11e28d00 con 0x1126e000 -849>
2015-07-30 16:21:33.834039 7f681d0e6700 5 -- op tracker -- seq: 13237, time:
2015-07-30 16:21:33.833360, event: header_read, op: osd_op(client.8963508.0:78921 rbd_data.791f542ae8944a.000000000000cd74@6 [read 0~4194304] 39.ee0cf858 ack+read+localize_reads+known_if_redirected e83500) -848>
2015-07-30 16:21:33.834149 7f681d0e6700 5 -- op tracker -- seq: 13237, time:
2015-07-30 16:21:33.833363, event: throttled, op: osd_op(client.8963508.0:78921 rbd_data.791f542ae8944a.000000000000cd74@6 [read 0~4194304] 39.ee0cf858 ack+read+localize_reads+known_if_redirected e83500) -847>
2015-07-30 16:21:33.834181 7f681d0e6700 5 -- op tracker -- seq: 13237, time:
2015-07-30 16:21:33.833711, event: all_read, op: osd_op(client.8963508.0:78921 rbd_data.791f542ae8944a.000000000000cd74@6 [read 0~4194304] 39.ee0cf858 ack+read+localize_reads+known_if_redirected e83500) -846>
2015-07-30 16:21:33.834279 7f681d0e6700 5 -- op tracker -- seq: 13237, time: 0.000000, event: dispatched, op: osd_op(client.8963508.0:78921 rbd_data.791f542ae8944a.000000000000cd74@6 [read 0~4194304] 39.ee0cf858 ack+read+localize_reads+known_if_redirected e83500) -845>
2015-07-30 16:21:33.834376 7f6837232700 5 -- op tracker -- seq: 13237, time:
2015-07-30 16:21:33.834375, event: reached_pg, op: osd_op(client.8963508.0:78921 rbd_data.791f542ae8944a.000000000000cd74@6 [read 0~4194304] 39.ee0cf858 ack+read+localize_reads+known_if_redirected e83500) -844>
2015-07-30 16:21:33.834916 7f6837232700 1 -- 100.100.100.244:6800/6354 --> 100.100.100.242:0/1012965 -- osd_op_reply(78921 rbd_data.791f542ae8944a.000000000000cd74 [read 0~4194304] v0'0 uv0 ack = -2 ((2) No such file or directory)) v6 -- ?+0 0x14539340 con 0x1126e000 -843>
2015-07-30 16:21:33.835028 7f6837232700 5 -- op tracker -- seq: 13237, time:
2015-07-30 16:21:33.835027, event: done, op: osd_op(client.8963508.0:78921 rbd_data.791f542ae8944a.000000000000cd74@6 [read 0~4194304] 39.ee0cf858 ack+read+localize_reads+known_if_redirected e83500) -842>
2015-07-30 16:21:33.840294 7f683101d700 1 -- 111.111.111.244:6800/6354 <== osd.1 111.111.111.243:6806/10101 274 ==== osd_sub_op_reply(client.8963436.0:55454 45.2d7 2d8de6d7/rbd_data.48e7a77843e45.000000000000240f/head//45 [] ondisk, result = 0) v2 ==== 177+0+0 (245060218 0 0) 0x1226a000 con 0xeaa91e0 -841>
2015-07-30 16:21:33.840322 7f683101d700 5 -- op tracker -- seq: 13238, time:
2015-07-30 16:21:33.840241, event: header_read, op: osd_sub_op_reply(client.8963436.0:55454 45.2d7 2d8de6d7/rbd_data.48e7a77843e45.000000000000240f/head//45 [] ondisk, result = 0) -840>
2015-07-30 16:21:33.840336 7f683101d700 5 -- op tracker -- seq: 13238, time:
2015-07-30 16:21:33.840243, event: throttled, op: osd_sub_op_reply(client.8963436.0:55454 45.2d7 2d8de6d7/rbd_data.48e7a77843e45.000000000000240f/head//45 [] ondisk, result = 0) -839>
2015-07-30 16:21:33.840346 7f683101d700 5 -- op tracker -- seq: 13238, time:
2015-07-30 16:21:33.840286, event: all_read, op: osd_sub_op_reply(client.8963436.0:55454 45.2d7 2d8de6d7/rbd_data.48e7a77843e45.000000000000240f/head//45 [] ondisk, result = 0) -838>
2015-07-30 16:21:33.840354 7f683101d700 5 -- op tracker -- seq: 13238, time: 0.000000, event: dispatched, op: osd_sub_op_reply(client.8963436.0:55454 45.2d7 2d8de6d7/rbd_data.48e7a77843e45.000000000000240f/head//45 [] ondisk, result = 0) -837>
2015-07-30 16:21:33.840393 7f683a238700 5 -- op tracker -- seq: 13238, time:
2015-07-30 16:21:33.840393, event: reached_pg, op: osd_sub_op_reply(client.8963436.0:55454 45.2d7 2d8de6d7/rbd_data.48e7a77843e45.000000000000240f/head//45 [] ondisk, result = 0) -836>
2015-07-30 16:21:33.840462 7f683a238700 5 -- op tracker -- seq: 13238, time:
2015-07-30 16:21:33.840462, event: started, op: osd_sub_op_reply(client.8963436.0:55454 45.2d7 2d8de6d7/rbd_data.48e7a77843e45.000000000000240f/head//45 [] ondisk, result = 0) -835>
2015-07-30 16:21:33.840515 7f683a238700 5 -- op tracker -- seq: 13235, time:
2015-07-30 16:21:33.840515, event: sub_op_commit_rec, op: osd_op(client.8963436.0:55454 rbd_data.48e7a77843e45.000000000000240f [call rbd.copyup,set-alloc-hint object_size 16777216 write_size 16777216,write 0~0] 45.2d8de6d7 snapc 1f=[1f] ack+ondisk+write+known_if_redirected e83500) -834>
2015-07-30 16:21:33.840724 7f683a238700 5 -- op tracker -- seq: 13238, time:
2015-07-30 16:21:33.840724, event: done, op: osd_sub_op_reply(client.8963436.0:55454 45.2d7 2d8de6d7/rbd_data.48e7a77843e45.000000000000240f/head//45 [] ondisk, result = 0) -833>
2015-07-30 16:21:33.894512 7f681738a700 1 -- 100.100.100.244:6800/6354 <== client.8781641 100.100.100.242:0/1030262 697 ==== osd_op(client.8781641.0:300967 rbd_data.791f542ae8944a.000000000004978d [read 0~4194304] 39.6b3a415c ack+read+known_if_redirected e83500) v4 ==== 191+0+0 (3694019690 0 0) 0x138da000 con 0x11501700 -832>
2015-07-30 16:21:33.894535 7f681738a700 5 -- op tracker -- seq: 13239, time:
2015-07-30 16:21:33.894450, event: header_read, op: osd_op(client.8781641.0:300967 rbd_data.791f542ae8944a.000000000004978d [read 0~4194304] 39.6b3a415c ack+read+known_if_redirected e83500) -831>
2015-07-30 16:21:33.894549 7f681738a700 5 -- op tracker -- seq: 13239, time:
2015-07-30 16:21:33.894461, event: throttled, op: osd_op(client.8781641.0:300967 rbd_data.791f542ae8944a.000000000004978d [read 0~4194304] 39.6b3a415c ack+read+known_if_redirected e83500) -830>
2015-07-30 16:21:33.894558 7f681738a700 5 -- op tracker -- seq: 13239, time:
2015-07-30 16:21:33.894506, event: all_read, op: osd_op(client.8781641.0:300967 rbd_data.791f542ae8944a.000000000004978d [read 0~4194304] 39.6b3a415c ack+read+known_if_redirected e83500) -829>
2015-07-30 16:21:33.894566 7f681738a700 5 -- op tracker -- seq: 13239, time: 0.000000, event: dispatched, op: osd_op(client.8781641.0:300967 rbd_data.791f542ae8944a.000000000004978d [read 0~4194304] 39.6b3a415c ack+read+known_if_redirected e83500) -828>
2015-07-30 16:21:33.894649 7f6837a33700 5 -- op tracker -- seq: 13239, time:
2015-07-30 16:21:33.894649, event: reached_pg, op: osd_op(client.8781641.0:300967 rbd_data.791f542ae8944a.000000000004978d [read 0~4194304] 39.6b3a415c ack+read+known_if_redirected e83500) -827>
2015-07-30 16:21:33.894964 7f6837a33700 1 -- 100.100.100.244:6800/6354 --> 100.100.100.242:0/1030262 -- osd_op_reply(300967 rbd_data.791f542ae8944a.000000000004978d [read 0~4194304] v0'0 uv0 ack = -2 ((2) No such file or directory)) v6 -- ?+0 0x1453a100 con 0x11501700 -826>
2015-07-30 16:21:33.895083 7f6837a33700 5 -- op tracker -- seq: 13239, time:
2015-07-30 16:21:33.895083, event: done, op: osd_op(client.8781641.0:300967 rbd_data.791f542ae8944a.000000000004978d [read 0~4194304] 39.6b3a415c ack+read+known_if_redirected e83500) -825>
2015-07-30 16:21:33.911006 7f681acc2700 1 -- 100.100.100.244:6800/6354 <== client.8963436 100.100.100.242:0/1011392 1073 ==== osd_op(client.8963436.0:55459 rbd_data.3b3d1e7843e45.0000000000009062@11 [read 0~4194304] 45.167dd813 ack+read+localize_reads+known_if_redirected e83500) v4 ==== 190+0+0 (3126099327 0 0) 0x11e28580 con 0x11501440 -824>
2015-07-30 16:21:33.911156 7f681acc2700 5 -- op tracker -- seq: 13240, time:
2015-07-30 16:21:33.910804, event: header_read, op: osd_op(client.8963436.0:55459 rbd_data.3b3d1e7843e45.0000000000009062@11 [read 0~4194304] 45.167dd813 ack+read+localize_reads+known_if_redirected e83500) -823>
2015-07-30 16:21:33.911236 7f681acc2700 5 -- op tracker -- seq: 13240, time:
2015-07-30 16:21:33.910805, event: throttled, op: osd_op(client.8963436.0:55459 rbd_data.3b3d1e7843e45.0000000000009062@11 [read 0~4194304] 45.167dd813 ack+read+localize_reads+known_if_redirected e83500) -822>
2015-07-30 16:21:33.911279 7f681acc2700 5 -- op tracker -- seq: 13240, time:
2015-07-30 16:21:33.911000, event: all_read, op: osd_op(client.8963436.0:55459 rbd_data.3b3d1e7843e45.0000000000009062@11 [read 0~4194304] 45.167dd813 ack+read+localize_reads+known_if_redirected e83500) -821>
2015-07-30 16:21:33.911319 7f681acc2700 5 -- op tracker -- seq: 13240, time: 0.000000, event: dispatched, op: osd_op(client.8963436.0:55459 rbd_data.3b3d1e7843e45.0000000000009062@11 [read 0~4194304] 45.167dd813 ack+read+localize_reads+known_if_redirected e83500) -820>
2015-07-30 16:21:33.911402 7f6836a31700 5 -- op tracker -- seq: 13240, time:
2015-07-30 16:21:33.911402, event: reached_pg, op: osd_op(client.8963436.0:55459 rbd_data.3b3d1e7843e45.0000000000009062@11 [read 0~4194304] 45.167dd813 ack+read+localize_reads+known_if_redirected e83500) -819>
2015-07-30 16:21:33.911811 7f6836a31700 1 -- 100.100.100.244:6800/6354 --> 100.100.100.242:0/1011392 -- osd_op_reply(55459 rbd_data.3b3d1e7843e45.0000000000009062 [read 0~4194304] v0'0 uv0 ack = -2 ((2) No such file or directory)) v6 -- ?+0 0x14538b00 con 0x11501440 -818>
2015-07-30 16:21:33.911933 7f6836a31700 5 -- op tracker -- seq: 13240, time:
2015-07-30 16:21:33.911933, event: done, op: osd_op(client.8963436.0:55459 rbd_data.3b3d1e7843e45.0000000000009062@11 [read 0~4194304] 45.167dd813 ack+read+localize_reads+known_if_redirected e83500) -817>
2015-07-30 16:21:33.932427 7f6841c49700 1 -- 100.100.100.244:6802/6354 <== osd.2 100.100.100.240:0/20887 99 ==== osd_ping(ping e83500 stamp
2015-07-30 16:21:33.932797) v2 ==== 47+0+0 (1355492317 0 0) 0x10cd1680 con 0x10f95c80 -816>
2015-07-30 16:21:33.932465 7f6841c49700 1 -- 100.100.100.244:6802/6354 --> 100.100.100.240:0/20887 -- osd_ping(ping_reply e83500 stamp
2015-07-30 16:21:33.932797) v2 -- ?+0 0x115a03a0 con 0x10f95c80 -815>
2015-07-30 16:21:33.932423 7f6840345700 1 -- 111.111.111.244:6802/6354 <== osd.2 100.100.100.240:0/20887 99 ==== osd_ping(ping e83500 stamp
2015-07-30 16:21:33.932797) v2 ==== 47+0+0 (1355492317 0 0) 0x11505c00 con 0x11064840 -814>
2015-07-30 16:21:33.932502 7f6840345700 1 -- 111.111.111.244:6802/6354 --> 100.100.100.240:0/20887 -- osd_ping(ping_reply e83500 stamp
2015-07-30 16:21:33.932797) v2 -- ?+0 0xcd81de0 con 0x11064840 -813>
2015-07-30 16:21:33.938183 7f681d0e6700 1 -- 100.100.100.244:6800/6354 <== client.8963508 100.100.100.242:0/1012965 1013 ==== osd_op(client.8963508.0:78941 rbd_data.791f542ae8944a.000000000000cd8d@6 [read 0~4194304] 39.907dc75c ack+read+localize_reads+known_if_redirected e83500) v4 ==== 191+0+0 (397523957 0 0) 0x11e26a00 con 0x1126e000 -812>
2015-07-30 16:21:33.938355 7f681d0e6700 5 -- op tracker -- seq: 13241, time:
2015-07-30 16:21:33.937929, event: header_read, op: osd_op(client.8963508.0:78941 rbd_data.791f542ae8944a.000000000000cd8d@6 [read 0~4194304] 39.907dc75c ack+read+localize_reads+known_if_redirected e83500) -811>
2015-07-30 16:21:33.938394 7f681d0e6700 5 -- op tracker -- seq: 13241, time:
2015-07-30 16:21:33.937930, event: throttled, op: osd_op(client.8963508.0:78941 rbd_data.791f542ae8944a.000000000000cd8d@6 [read 0~4194304] 39.907dc75c ack+read+localize_reads+known_if_redirected e83500) -810>
2015-07-30 16:21:33.938438 7f681d0e6700 5 -- op tracker -- seq: 13241, time:
2015-07-30 16:21:33.938178, event: all_read, op: osd_op(client.8963508.0:78941 rbd_data.791f542ae8944a.000000000000cd8d@6 [read 0~4194304] 39.907dc75c ack+read+localize_reads+known_if_redirected e83500) -809>
2015-07-30 16:21:33.938485 7f681d0e6700 5 -- op tracker -- seq: 13241, time: 0.000000, event: dispatched, op: osd_op(client.8963508.0:78941 rbd_data.791f542ae8944a.000000000000cd8d@6 [read 0~4194304] 39.907dc75c ack+read+localize_reads+known_if_redirected e83500) -808>
2015-07-30 16:21:33.938547 7f683a238700 5 -- op tracker -- seq: 13241, time:
2015-07-30 16:21:33.938547, event: reached_pg, op: osd_op(client.8963508.0:78941 rbd_data.791f542ae8944a.000000000000cd8d@6 [read 0~4194304] 39.907dc75c ack+read+localize_reads+known_if_redirected e83500) -807>
2015-07-30 16:21:33.939009 7f683a238700 1 -- 100.100.100.244:6800/6354 --> 100.100.100.242:0/1012965 -- osd_op_reply(78941 rbd_data.791f542ae8944a.000000000000cd8d [read 0~4194304] v0'0 uv0 ack = -2 ((2) No such file or directory)) v6 -- ?+0 0x1453b440 con 0x1126e000 -806>
2015-07-30 16:21:33.939130 7f683a238700 5 -- op tracker -- seq: 13241, time:
2015-07-30 16:21:33.939130, event: done, op: osd_op(client.8963508.0:78941 rbd_data.791f542ae8944a.000000000000cd8d@6 [read 0~4194304] 39.907dc75c ack+read+localize_reads+known_if_redirected e83500) -805>
2015-07-30 16:21:33.981284 7f681acc2700 1 -- 100.100.100.244:6800/6354 <== client.8963436 100.100.100.242:0/1011392 1074 ==== osd_op(client.8963436.0:55475 rbd_data.3b3d1e7843e45.000000000000906f@11 [read 0~4194304] 45.8b4d09f6 ack+read+localize_reads+known_if_redirected e83500) v4 ==== 190+0+0 (674949292 0 0) 0x11e29700 con 0x11501440 -804>
2015-07-30 16:21:33.981455 7f681acc2700 5 -- op tracker -- seq: 13242, time:
2015-07-30 16:21:33.981046, event: header_read, op: osd_op(client.8963436.0:55475 rbd_data.3b3d1e7843e45.000000000000906f@11 [read 0~4194304] 45.8b4d09f6 ack+read+localize_reads+known_if_redirected e83500) -803>
2015-07-30 16:21:33.981540 7f681acc2700 5 -- op tracker -- seq: 13242, time:
2015-07-30 16:21:33.981047, event: throttled, op: osd_op(client.8963436.0:55475 rbd_data.3b3d1e7843e45.000000000000906f@11 [read 0~4194304] 45.8b4d09f6 ack+read+localize_reads+known_if_redirected e83500) -802>
2015-07-30 16:21:33.981573 7f681acc2700 5 -- op tracker -- seq: 13242, time:
2015-07-30 16:21:33.981278, event: all_read, op: osd_op(client.8963436.0:55475 rbd_data.3b3d1e7843e45.000000000000906f@11 [read 0~4194304] 45.8b4d09f6 ack+read+localize_reads+known_if_redirected e83500) -801>
2015-07-30 16:21:33.981599 7f681acc2700 5 -- op tracker -- seq: 13242, time: 0.000000, event: dispatched, op: osd_op(client.8963436.0:55475 rbd_data.3b3d1e7843e45.000000000000906f@11 [read 0~4194304] 45.8b4d09f6 ack+read+localize_reads+known_if_redirected e83500) -800>
2015-07-30 16:21:33.981722 7f6837a33700 5 -- op tracker -- seq: 13242, time:
2015-07-30 16:21:33.981722, event: reached_pg, op: osd_op(client.8963436.0:55475 rbd_data.3b3d1e7843e45.000000000000906f@11 [read 0~4194304] 45.8b4d09f6 ack+read+localize_reads+known_if_redirected e83500) -799>
2015-07-30 16:21:33.982250 7f6837a33700 1 -- 100.100.100.244:6800/6354 --> 100.100.100.242:0/1011392 -- osd_op_reply(55475 rbd_data.3b3d1e7843e45.000000000000906f [read 0~4194304] v0'0 uv0 ack = -2 ((2) No such file or directory)) v6 -- ?+0 0x1453a3c0 con 0x11501440 -798>
2015-07-30 16:21:33.982358 7f6837a33700 5 -- op tracker -- seq: 13242, time:
2015-07-30 16:21:33.982358, event: done, op: osd_op(client.8963436.0:55475 rbd_data.3b3d1e7843e45.000000000000906f@11 [read 0~4194304] 45.8b4d09f6 ack+read+localize_reads+known_if_redirected e83500) -797>
2015-07-30 16:21:34.019190 7f6830a17700 1 -- 111.111.111.244:6800/6354 <== osd.23 111.111.111.243:6816/9546 435 ==== osd_sub_op(unknown.0.0:0 45.34b 0//0//-1 [scrub-map] v 0'0 snapset=0=[]:[] snapc=0=[]) v11 ==== 1202+0+11083 (216947441 0 369299912) 0x13d34c00 con 0xeaaac00 -796>
2015-07-30 16:21:34.019290 7f6830a17700 5 -- op tracker -- seq: 13243, time:
2015-07-30 16:21:34.018768, event: header_read, op: osd_sub_op(unknown.0.0:0 45.34b 0//0//-1 [scrub-map] v 0'0 snapset=0=[]:[] snapc=0=[]) -795>
2015-07-30 16:21:34.019321 7f6830a17700 5 -- op tracker -- seq: 13243, time:
2015-07-30 16:21:34.018771, event: throttled, op: osd_sub_op(unknown.0.0:0 45.34b 0//0//-1 [scrub-map] v 0'0 snapset=0=[]:[] snapc=0=[]) -794>
2015-07-30 16:21:34.019365 7f6830a17700 5 -- op tracker -- seq: 13243, time:
2015-07-30 16:21:34.019183, event: all_read, op: osd_sub_op(unknown.0.0:0 45.34b 0//0//-1 [scrub-map] v 0'0 snapset=0=[]:[] snapc=0=[]) -793>
2015-07-30 16:21:34.019375 7f6830a17700 5 -- op tracker -- seq: 13243, time: 0.000000, event: dispatched, op: osd_sub_op(unknown.0.0:0 45.34b 0//0//-1 [scrub-map] v 0'0 snapset=0=[]:[] snapc=0=[]) -792>
2015-07-30 16:21:34.034958 7f681738a700 1 -- 100.100.100.244:6800/6354 <== client.8781641 100.100.100.242:0/1030262 698 ==== osd_op(client.8781641.0:300978 rbd_data.791f542ae8944a.0000000000049798 [read 0~4194304] 39.ad4c6758 ack+read+known_if_redirected e83500) v4 ==== 191+0+0 (2874457939 0 0) 0x138dca80 con 0x11501700 -791>
2015-07-30 16:21:34.034981 7f681738a700 5 -- op tracker -- seq: 13244, time:
2015-07-30 16:21:34.034909, event: header_read, op: osd_op(client.8781641.0:300978 rbd_data.791f542ae8944a.0000000000049798 [read 0~4194304] 39.ad4c6758 ack+read+known_if_redirected e83500) -790>
2015-07-30 16:21:34.034995 7f681738a700 5 -- op tracker -- seq: 13244, time:
2015-07-30 16:21:34.034910, event: throttled, op: osd_op(client.8781641.0:300978 rbd_data.791f542ae8944a.0000000000049798 [read 0~4194304] 39.ad4c6758 ack+read+known_if_redirected e83500) -789>
2015-07-30 16:21:34.035004 7f681738a700 5 -- op tracker -- seq: 13244, time:
2015-07-30 16:21:34.034954, event: all_read, op: osd_op(client.8781641.0:300978 rbd_data.791f542ae8944a.0000000000049798 [read 0~4194304] 39.ad4c6758 ack+read+known_if_redirected e83500) -788>
2015-07-30 16:21:34.035013 7f681738a700 5 -- op tracker -- seq: 13244, time: 0.000000, event: dispatched, op: osd_op(client.8781641.0:300978 rbd_data.791f542ae8944a.0000000000049798 [read 0~4194304] 39.ad4c6758 ack+read+known_if_redirected e83500) -787>
2015-07-30 16:21:34.043699 7f682e1ef700 1 -- 111.111.111.244:6800/6354 <== osd.17 111.111.111.240:6830/6021767 288 ==== osd_sub_op_reply(client.8963436.0:55454 45.2d7 2d8de6d7/rbd_data.48e7a77843e45.000000000000240f/head//45 [] ondisk, result = 0) v2 ==== 177+0+0 (3466027588 0 0) 0x109bc680 con 0x10627080 -786>
2015-07-30 16:21:34.043745 7f682e1ef700 5 -- op tracker -- seq: 13245, time:
2015-07-30 16:21:34.043651, event: header_read, op: osd_sub_op_reply(client.8963436.0:55454 45.2d7 2d8de6d7/rbd_data.48e7a77843e45.000000000000240f/head//45 [] ondisk, result = 0) -785>
2015-07-30 16:21:34.043757 7f682e1ef700 5 -- op tracker -- seq: 13245, time:
2015-07-30 16:21:34.043653, event: throttled, op: osd_sub_op_reply(client.8963436.0:55454 45.2d7 2d8de6d7/rbd_data.48e7a77843e45.000000000000240f/head//45 [] ondisk, result = 0) -784>
2015-07-30 16:21:34.043764 7f682e1ef700 5 -- op tracker -- seq: 13245, time:
2015-07-30 16:21:34.043693, event: all_read, op: osd_sub_op_reply(client.8963436.0:55454 45.2d7 2d8de6d7/rbd_data.48e7a77843e45.000000000000240f/head//45 [] ondisk, result = 0) -783>
2015-07-30 16:21:34.043770 7f682e1ef700 5 -- op tracker -- seq: 13245, time: 0.000000, event: dispatched, op: osd_sub_op_reply(client.8963436.0:55454 45.2d7 2d8de6d7/rbd_data.48e7a77843e45.000000000000240f/head//45 [] ondisk, result = 0) -782>
2015-07-30 16:21:34.043810 7f683a238700 5 -- op tracker -- seq: 13245, time:
2015-07-30 16:21:34.043810, event: reached_pg, op: osd_sub_op_reply(client.8963436.0:55454 45.2d7 2d8de6d7/rbd_data.48e7a77843e45.000000000000240f/head//45 [] ondisk, result = 0) -781>
2015-07-30 16:21:34.043873 7f683a238700 5 -- op tracker -- seq: 13245, time:
2015-07-30 16:21:34.043873, event: started, op: osd_sub_op_reply(client.8963436.0:55454 45.2d7 2d8de6d7/rbd_data.48e7a77843e45.000000000000240f/head//45 [] ondisk, result = 0) -780>
2015-07-30 16:21:34.043931 7f683a238700 5 -- op tracker -- seq: 13235, time:
2015-07-30 16:21:34.043931, event: sub_op_commit_rec, op: osd_op(client.8963436.0:55454 rbd_data.48e7a77843e45.000000000000240f [call rbd.copyup,set-alloc-hint object_size 16777216 write_size 16777216,write 0~0] 45.2d8de6d7 snapc 1f=[1f] ack+ondisk+write+known_if_redirected e83500) -779>
2015-07-30 16:21:34.044236 7f683a238700 5 -- op tracker -- seq: 13245, time:
2015-07-30 16:21:34.044236, event: done, op: osd_sub_op_reply(client.8963436.0:55454 45.2d7 2d8de6d7/rbd_data.48e7a77843e45.000000000000240f/head//45 [] ondisk, result = 0) -778>
2015-07-30 16:21:34.052206 7f681d0e6700 1 -- 100.100.100.244:6800/6354 <== client.8963508 100.100.100.242:0/1012965 1014 ==== osd_op(client.8963508.0:78975 rbd_data.791f542ae8944a.000000000000cd9b@6 [read 0~4194304] 39.9d8181d8 ack+read+localize_reads+known_if_redirected e83500) v4 ==== 191+0+0 (123892126 0 0) 0x11e26a00 con 0x1126e000 -777>
2015-07-30 16:21:34.052375 7f681d0e6700 5 -- op tracker -- seq: 13246, time:
2015-07-30 16:21:34.051910, event: header_read, op: osd_op(client.8963508.0:78975 rbd_data.791f542ae8944a.000000000000cd9b@6 [read 0~4194304] 39.9d8181d8 ack+read+localize_reads+known_if_redirected e83500) -776>
2015-07-30 16:21:34.052430 7f681d0e6700 5 -- op tracker -- seq: 13246, time:
2015-07-30 16:21:34.051912, event: throttled, op: osd_op(client.8963508.0:78975 rbd_data.791f542ae8944a.000000000000cd9b@6 [read 0~4194304] 39.9d8181d8 ack+read+localize_reads+known_if_redirected e83500) -775>
2015-07-30 16:21:34.052484 7f681d0e6700 5 -- op tracker -- seq: 13246, time:
2015-07-30 16:21:34.052200, event: all_read, op: osd_op(client.8963508.0:78975 rbd_data.791f542ae8944a.000000000000cd9b@6 [read 0~4194304] 39.9d8181d8 ack+read+localize_reads+known_if_redirected e83500) -774>
2015-07-30 16:21:34.052597 7f681d0e6700 5 -- op tracker -- seq: 13246, time: 0.000000, event: dispatched, op: osd_op(client.8963508.0:78975 rbd_data.791f542ae8944a.000000000000cd9b@6 [read 0~4194304] 39.9d8181d8 ack+read+localize_reads+known_if_redirected e83500) -773>
2015-07-30 16:21:34.122301 7f6849def700 5 -- op tracker -- seq: 13235, time:
2015-07-30 16:21:34.122301, event: op_applied, op: osd_op(client.8963436.0:55454 rbd_data.48e7a77843e45.000000000000240f [call rbd.copyup,set-alloc-hint object_size 16777216 write_size 16777216,write 0~0] 45.2d8de6d7 snapc 1f=[1f] ack+ondisk+write+known_if_redirected e83500) -772>
2015-07-30 16:21:34.130539 7f6840345700 1 -- 111.111.111.244:6802/6354 <== osd.23 100.100.100.243:0/9546 92 ==== osd_ping(ping e83500 stamp
2015-07-30 16:21:34.131673) v2 ==== 47+0+0 (2577020267 0 0) 0x10b31840 con 0x111a4f20 -771>
2015-07-30 16:21:34.130582 7f6840345700 1 -- 111.111.111.244:6802/6354 --> 100.100.100.243:0/9546 -- osd_ping(ping_reply e83500 stamp
2015-07-30 16:21:34.131673) v2 -- ?+0 0x11505c00 con 0x111a4f20 -770>
2015-07-30 16:21:34.130582 7f6841c49700 1 -- 100.100.100.244:6802/6354 <== osd.23 100.100.100.243:0/9546 92 ==== osd_ping(ping e83500 stamp
2015-07-30 16:21:34.131673) v2 ==== 47+0+0 (2577020267 0 0) 0x13996ee0 con 0x111a5b80 -769>
2015-07-30 16:21:34.130746 7f6841c49700 1 -- 100.100.100.244:6802/6354 --> 100.100.100.243:0/9546 -- osd_ping(ping_reply e83500 stamp
2015-07-30 16:21:34.131673) v2 -- ?+0 0x10cd1680 con 0x111a5b80 -768>
2015-07-30 16:21:34.133759 7f6816b78700 1 -- 100.100.100.244:6800/6354 <== client.8784389 100.100.100.242:0/1021042 690 ==== osd_op(client.8784389.0:222247 rbd_data.791f542ae8944a.000000000003640d [read 0~4194304] 39.fedbd05b ack+read+known_if_redirected e83500) v4 ==== 191+0+0 (2623733076 0 0) 0x131f4580 con 0x115019c0 -767>
2015-07-30 16:21:34.133784 7f6816b78700 5 -- op tracker -- seq: 13247, time:
2015-07-30 16:21:34.133687, event: header_read, op: osd_op(client.8784389.0:222247 rbd_data.791f542ae8944a.000000000003640d [read 0~4194304] 39.fedbd05b ack+read+known_if_redirected e83500) -766>
2015-07-30 16:21:34.133807 7f6816b78700 5 -- op tracker -- seq: 13247, time:
2015-07-30 16:21:34.133690, event: throttled, op: osd_op(client.8784389.0:222247 rbd_data.791f542ae8944a.000000000003640d [read 0~4194304] 39.fedbd05b ack+read+known_if_redirected e83500) -765>
2015-07-30 16:21:34.133816 7f6816b78700 5 -- op tracker -- seq: 13247, time:
2015-07-30 16:21:34.133753, event: all_read, op: osd_op(client.8784389.0:222247 rbd_data.791f542ae8944a.000000000003640d [read 0~4194304] 39.fedbd05b ack+read+known_if_redirected e83500) -764>
2015-07-30 16:21:34.133825 7f6816b78700 5 -- op tracker -- seq: 13247, time: 0.000000, event: dispatched, op: osd_op(client.8784389.0:222247 rbd_data.791f542ae8944a.000000000003640d [read 0~4194304] 39.fedbd05b ack+read+known_if_redirected e83500) -763>
2015-07-30 16:21:34.133905 7f6838234700 5 -- op tracker -- seq: 13247, time:
2015-07-30 16:21:34.133905, event: reached_pg, op: osd_op(client.8784389.0:222247 rbd_data.791f542ae8944a.000000000003640d [read 0~4194304] 39.fedbd05b ack+read+known_if_redirected e83500) -762>
2015-07-30 16:21:34.134248 7f6838234700 1 -- 100.100.100.244:6800/6354 --> 100.100.100.242:0/1021042 -- osd_op_reply(222247 rbd_data.791f542ae8944a.000000000003640d [read 0~4194304] v0'0 uv0 ack = -2 ((2) No such file or directory)) v6 -- ?+0 0x13dab600 con 0x115019c0 -761>
2015-07-30 16:21:34.134414 7f6838234700 5 -- op tracker -- seq: 13247, time:
2015-07-30 16:21:34.134414, event: done, op: osd_op(client.8784389.0:222247 rbd_data.791f542ae8944a.000000000003640d [read 0~4194304] 39.fedbd05b ack+read+known_if_redirected e83500) -760>
2015-07-30 16:21:34.226783 7f682f805700 1 -- 111.111.111.244:6800/6354 <== osd.9 111.111.111.241:6817/5025257 258 ==== osd_sub_op(unknown.0.0:0 45.34b 0//0//-1 [scrub-map] v 0'0 snapset=0=[]:[] snapc=0=[]) v11 ==== 1202+0+11083 (4247077718 0 369299912) 0x1300ac00 con 0x10667b80 -759>
2015-07-30 16:21:34.226826 7f682f805700 5 -- op tracker -- seq: 13248, time:
2015-07-30 16:21:34.226450, event: header_read, op: osd_sub_op(unknown.0.0:0 45.34b 0//0//-1 [scrub-map] v 0'0 snapset=0=[]:[] snapc=0=[]) -758>
2015-07-30 16:21:34.226840 7f682f805700 5 -- op tracker -- seq: 13248, time:
2015-07-30 16:21:34.226452, event: throttled, op: osd_sub_op(unknown.0.0:0 45.34b 0//0//-1 [scrub-map] v 0'0 snapset=0=[]:[] snapc=0=[]) -757>
2015-07-30 16:21:34.226847 7f682f805700 5 -- op tracker -- seq: 13248, time:
2015-07-30 16:21:34.226773, event: all_read, op: osd_sub_op(unknown.0.0:0 45.34b 0//0//-1 [scrub-map] v 0'0 snapset=0=[]:[] snapc=0=[]) -756>
2015-07-30 16:21:34.226854 7f682f805700 5 -- op tracker -- seq: 13248, time: 0.000000, event: dispatched, op: osd_sub_op(unknown.0.0:0 45.34b 0//0//-1 [scrub-map] v 0'0 snapset=0=[]:[] snapc=0=[]) -755>
2015-07-30 16:21:34.297640 7f681d0e6700 1 -- 100.100.100.244:6800/6354 <== client.8963508 100.100.100.242:0/1012965 1015 ==== osd_op(client.8963508.0:79013 rbd_data.88ca383d1b58ba.000000000000336f [stat,set-alloc-hint object_size 16777216 write_size 16777216,write 0~0] 45.eb459a91 ack+ondisk+write+known_if_redirected e83500) v4 ==== 267+0+0 (3622978948 0 0) 0x11e26f00 con 0x1126e000 -754>
2015-07-30 16:21:34.297985 7f681d0e6700 5 -- op tracker -- seq: 13249, time:
2015-07-30 16:21:34.297257, event: header_read, op: osd_op(client.8963508.0:79013 rbd_data.88ca383d1b58ba.000000000000336f [stat,set-alloc-hint object_size 16777216 write_size 16777216,write 0~0] 45.eb459a91 ack+ondisk+write+known_if_redirected e83500) -753>
2015-07-30 16:21:34.298126 7f681d0e6700 5 -- op tracker -- seq: 13249, time:
2015-07-30 16:21:34.297261, event: throttled, op: osd_op(client.8963508.0:79013 rbd_data.88ca383d1b58ba.000000000000336f [stat,set-alloc-hint object_size 16777216 write_size 16777216,write 0~0] 45.eb459a91 ack+ondisk+write+known_if_redirected e83500) -752>
2015-07-30 16:21:34.298138 7f681d0e6700 5 -- op tracker -- seq: 13249, time:
2015-07-30 16:21:34.297632, event: all_read, op: osd_op(client.8963508.0:79013 rbd_data.88ca383d1b58ba.000000000000336f [stat,set-alloc-hint object_size 16777216 write_size 16777216,write 0~0] 45.eb459a91 ack+ondisk+write+known_if_redirected e83500) -751>
2015-07-30 16:21:34.298149 7f681d0e6700 5 -- op tracker -- seq: 13249, time: 0.000000, event: dispatched, op: osd_op(client.8963508.0:79013 rbd_data.88ca383d1b58ba.000000000000336f [stat,set-alloc-hint object_size 16777216 write_size 16777216,write 0~0] 45.eb459a91 ack+ondisk+write+known_if_redirected e83500) -750>
2015-07-30 16:21:34.298255 7f6837a33700 5 -- op tracker -- seq: 13249, time:
2015-07-30 16:21:34.298255, event: reached_pg, op: osd_op(client.8963508.0:79013 rbd_data.88ca383d1b58ba.000000000000336f [stat,set-alloc-hint object_size 16777216 write_size 16777216,write 0~0] 45.eb459a91 ack+ondisk+write+known_if_redirected e83500) -749>
2015-07-30 16:21:34.299361 7f6837a33700 5 -- op tracker -- seq: 13249, time:
2015-07-30 16:21:34.299361, event: started, op: osd_op(client.8963508.0:79013 rbd_data.88ca383d1b58ba.000000000000336f [stat,set-alloc-hint object_size 16777216 write_size 16777216,write 0~0] 45.eb459a91 ack+ondisk+write+known_if_redirected e83500) -748>
2015-07-30 16:21:34.299546 7f6837a33700 5 -- op tracker -- seq: 13249, time:
2015-07-30 16:21:34.299546, event: started, op: osd_op(client.8963508.0:79013 rbd_data.88ca383d1b58ba.000000000000336f [stat,set-alloc-hint object_size 16777216 write_size 16777216,write 0~0] 45.eb459a91 ack+ondisk+write+known_if_redirected e83500) -747>
2015-07-30 16:21:34.299648 7f6837a33700 1 -- 100.100.100.244:6800/6354 --> 100.100.100.242:0/1012965 -- osd_op_reply(79013 rbd_data.88ca383d1b58ba.000000000000336f [stat,set-alloc-hint object_size 16777216 write_size 16777216,write 0~0] v0'0 uv434 ondisk = -2 ((2) No such file or directory)) v6 -- ?+0 0x140dc100 con 0x1126e000 -746>
2015-07-30 16:21:34.299733 7f6837a33700 5 -- op tracker -- seq: 13249, time:
2015-07-30 16:21:34.299733, event: done, op: osd_op(client.8963508.0:79013 rbd_data.88ca383d1b58ba.000000000000336f [stat,set-alloc-hint object_size 16777216 write_size 16777216,write 0~0] 45.eb459a91 ack+ondisk+write+known_if_redirected e83500) -745>
2015-07-30 16:21:34.323902 7f681d0e6700 1 -- 100.100.100.244:6800/6354 <== client.8963508 100.100.100.242:0/1012965 1016 ==== osd_op(client.8963508.0:79018 rbd_data.88ca383d1b58ba.000000000000336f [set-alloc-hint object_size 16777216 write_size 16777216,write 0~0] 45.eb459a91 ack+ondisk+write+known_if_redirected e83500) v4 ==== 229+0+0 (2134781745 0 0) 0x11e29700 con 0x1126e000 -744>
2015-07-30 16:21:34.324122 7f681d0e6700 5 -- op tracker -- seq: 13250, time:
2015-07-30 16:21:34.323694, event: header_read, op: osd_op(client.8963508.0:79018 rbd_data.88ca383d1b58ba.000000000000336f [set-alloc-hint object_size 16777216 write_size 16777216,write 0~0] 45.eb459a91 ack+ondisk+write+known_if_redirected e83500) -743>
2015-07-30 16:21:34.324196 7f681d0e6700 5 -- op tracker -- seq: 13250, time:
2015-07-30 16:21:34.323696, event: throttled, op: osd_op(client.8963508.0:79018 rbd_data.88ca383d1b58ba.000000000000336f [set-alloc-hint object_size 16777216 write_size 16777216,write 0~0] 45.eb459a91 ack+ondisk+write+known_if_redirected e83500) -742>
2015-07-30 16:21:34.324233 7f681d0e6700 5 -- op tracker -- seq: 13250, time:
2015-07-30 16:21:34.323896, event: all_read, op: osd_op(client.8963508.0:79018 rbd_data.88ca383d1b58ba.000000000000336f [set-alloc-hint object_size 16777216 write_size 16777216,write 0~0] 45.eb459a91 ack+ondisk+write+known_if_redirected e83500) -741>
2015-07-30 16:21:34.324243 7f681d0e6700 5 -- op tracker -- seq: 13250, time: 0.000000, event: dispatched, op: osd_op(client.8963508.0:79018 rbd_data.88ca383d1b58ba.000000000000336f [set-alloc-hint object_size 16777216 write_size 16777216,write 0~0] 45.eb459a91 ack+ondisk+write+known_if_redirected e83500) -740>
2015-07-30 16:21:34.324341 7f683a238700 5 -- op tracker -- seq: 13250, time:
2015-07-30 16:21:34.324341, event: reached_pg, op: osd_op(client.8963508.0:79018 rbd_data.88ca383d1b58ba.000000000000336f [set-alloc-hint object_size 16777216 write_size 16777216,write 0~0] 45.eb459a91 ack+ondisk+write+known_if_redirected e83500) -739>
2015-07-30 16:21:34.325245 7f683a238700 5 -- op tracker -- seq: 13250, time:
2015-07-30 16:21:34.325245, event: started, op: osd_op(client.8963508.0:79018 rbd_data.88ca383d1b58ba.000000000000336f [set-alloc-hint object_size 16777216 write_size 16777216,write 0~0] 45.eb459a91 ack+ondisk+write+known_if_redirected e83500) -738>
2015-07-30 16:21:34.325423 7f683a238700 5 -- op tracker -- seq: 13250, time:
2015-07-30 16:21:34.325422, event: started, op: osd_op(client.8963508.0:79018 rbd_data.88ca383d1b58ba.000000000000336f [set-alloc-hint object_size 16777216 write_size 16777216,write 0~0] 45.eb459a91 ack+ondisk+write+known_if_redirected e83500) -737>
2015-07-30 16:21:34.325682 7f683a238700 5 -- op tracker -- seq: 13250, time:
2015-07-30 16:21:34.325682, event: waiting for subops from 3,8,42, op: osd_op(client.8963508.0:79018 rbd_data.88ca383d1b58ba.000000000000336f [set-alloc-hint object_size 16777216 write_size 16777216,write 0~0] 45.eb459a91 ack+ondisk+write+known_if_redirected e83500) -736>
2015-07-30 16:21:34.325919 7f683a238700 1 -- 111.111.111.244:6800/6354 --> 111.111.111.241:6809/5027379 -- osd_sub_op(client.8963508.0:79018 45.291 eb459a91/rbd_data.88ca383d1b58ba.000000000000336f/head//45 [] v 83500'435 snapset=0=[]:[] snapc=0=[]) v11 -- ?+937 0x1300cd00 con 0xeaa8c60 -735>
2015-07-30 16:21:34.325996 7f683a238700 1 -- 111.111.111.244:6800/6354 --> 111.111.111.240:6820/9012559 -- osd_sub_op(client.8963508.0:79018 45.291 eb459a91/rbd_data.88ca383d1b58ba.000000000000336f/head//45 [] v 83500'435 snapset=0=[]:[] snapc=0=[]) v11 -- ?+937 0x139b1700 con 0x106262c0 -734>
2015-07-30 16:21:34.326102 7f683a238700 1 -- 111.111.111.244:6800/6354 --> 111.111.111.242:6826/22741 -- osd_sub_op(client.8963508.0:79018 45.291 eb459a91/rbd_data.88ca383d1b58ba.000000000000336f/head//45 [] v 83500'435 snapset=0=[]:[] snapc=0=[]) v11 -- ?+937 0x13d35700 con 0x10668940 -733>
2015-07-30 16:21:34.326601 7f683a238700 5 -- op tracker -- seq: 13250, time:
2015-07-30 16:21:34.326601, event: commit_queued_for_journal_write, op: osd_op(client.8963508.0:79018 rbd_data.88ca383d1b58ba.000000000000336f [set-alloc-hint object_size 16777216 write_size 16777216,write 0~0] 45.eb459a91 ack+ondisk+write+known_if_redirected e83500) -732>
2015-07-30 16:21:34.326899 7f684c5f4700 5 -- op tracker -- seq: 13250, time:
2015-07-30 16:21:34.326899, event: write_thread_in_journal_buffer, op: osd_op(client.8963508.0:79018 rbd_data.88ca383d1b58ba.000000000000336f [set-alloc-hint object_size 16777216 write_size 16777216,write 0~0] 45.eb459a91 ack+ondisk+write+known_if_redirected e83500) -731>
2015-07-30 16:21:34.327014 7f684bdf3700 5 -- op tracker -- seq: 13250, time:
2015-07-30 16:21:34.327014, event: journaled_completion_queued, op: osd_op(client.8963508.0:79018 rbd_data.88ca383d1b58ba.000000000000336f [set-alloc-hint object_size 16777216 write_size 16777216,write 0~0] 45.eb459a91 ack+ondisk+write+known_if_redirected e83500) -730>
2015-07-30 16:21:34.327065 7f68495ee700 5 -- op tracker -- seq: 13250, time:
2015-07-30 16:21:34.327065, event: op_commit, op: osd_op(client.8963508.0:79018 rbd_data.88ca383d1b58ba.000000000000336f [set-alloc-hint object_size 16777216 write_size 16777216,write 0~0] 45.eb459a91 ack+ondisk+write+known_if_redirected e83500) -729>
2015-07-30 16:21:34.327638 7f6849def700 5 -- op tracker -- seq: 13250, time:
2015-07-30 16:21:34.327638, event: op_applied, op: osd_op(client.8963508.0:79018 rbd_data.88ca383d1b58ba.000000000000336f [set-alloc-hint object_size 16777216 write_size 16777216,write 0~0] 45.eb459a91 ack+ondisk+write+known_if_redirected e83500) -728>
2015-07-30 16:21:34.328020 7f682e7f5700 1 -- 111.111.111.244:6800/6354 <== osd.8 111.111.111.240:6820/9012559 161 ==== osd_sub_op_reply(client.8963508.0:79018 45.291 eb459a91/rbd_data.88ca383d1b58ba.000000000000336f/head//45 [] ondisk, result = 0) v2 ==== 178+0+0 (1012616418 0 0) 0x117c9b80 con 0x106262c0 -727>
2015-07-30 16:21:34.328048 7f682e7f5700 5 -- op tracker -- seq: 13251, time:
2015-07-30 16:21:34.327933, event: header_read, op: osd_sub_op_reply(client.8963508.0:79018 45.291 eb459a91/rbd_data.88ca383d1b58ba.000000000000336f/head//45 [] ondisk, result = 0) -726>
2015-07-30 16:21:34.328068 7f682e7f5700 5 -- op tracker -- seq: 13251, time:
2015-07-30 16:21:34.327935, event: throttled, op: osd_sub_op_reply(client.8963508.0:79018 45.291 eb459a91/rbd_data.88ca383d1b58ba.000000000000336f/head//45 [] ondisk, result = 0) -725>
2015-07-30 16:21:34.328074 7f682e7f5700 5 -- op tracker -- seq: 13251, time:
2015-07-30 16:21:34.328014, event: all_read, op: osd_sub_op_reply(client.8963508.0:79018 45.291 eb459a91/rbd_data.88ca383d1b58ba.000000000000336f/head//45 [] ondisk, result = 0) -724>
2015-07-30 16:21:34.328080 7f682e7f5700 5 -- op tracker -- seq: 13251, time: 0.000000, event: dispatched, op: osd_sub_op_reply(client.8963508.0:79018 45.291 eb459a91/rbd_data.88ca383d1b58ba.000000000000336f/head//45 [] ondisk, result = 0) -723>
2015-07-30 16:21:34.328129 7f6837a33700 5 -- op tracker -- seq: 13251, time:
2015-07-30 16:21:34.328129, event: reached_pg, op: osd_sub_op_reply(client.8963508.0:79018 45.291 eb459a91/rbd_data.88ca383d1b58ba.000000000000336f/head//45 [] ondisk, result = 0) -722>
2015-07-30 16:21:34.328170 7f6837a33700 5 -- op tracker -- seq: 13251, time:
2015-07-30 16:21:34.328170, event: started, op: osd_sub_op_reply(client.8963508.0:79018 45.291 eb459a91/rbd_data.88ca383d1b58ba.000000000000336f/head//45 [] ondisk, result = 0) -721>
2015-07-30 16:21:34.328190 7f6837a33700 5 -- op tracker -- seq: 13250, time:
2015-07-30 16:21:34.328190, event: sub_op_commit_rec, op: osd_op(client.8963508.0:79018 rbd_data.88ca383d1b58ba.000000000000336f [set-alloc-hint object_size 16777216 write_size 16777216,write 0~0] 45.eb459a91 ack+ondisk+write+known_if_redirected e83500) -720>
2015-07-30 16:21:34.328387 7f6837a33700 5 -- op tracker -- seq: 13251, time:
2015-07-30 16:21:34.328386, event: done, op: osd_sub_op_reply(client.8963508.0:79018 45.291 eb459a91/rbd_data.88ca383d1b58ba.000000000000336f/head//45 [] ondisk, result = 0) -719>
2015-07-30 16:21:34.346223 7f682f1ff700 1 -- 111.111.111.244:6800/6354 <== osd.42 111.111.111.242:6826/22741 193 ==== osd_sub_op_reply(client.8963508.0:79018 45.291 eb459a91/rbd_data.88ca383d1b58ba.000000000000336f/head//45 [] ondisk, result = 0) v2 ==== 178+0+0 (1646525100 0 0) 0x109bd180 con 0x10668940 -718>
2015-07-30 16:21:34.346268 7f682f1ff700 5 -- op tracker -- seq: 13252, time:
2015-07-30 16:21:34.346134, event: header_read, op: osd_sub_op_reply(client.8963508.0:79018 45.291 eb459a91/rbd_data.88ca383d1b58ba.000000000000336f/head//45 [] ondisk, result = 0) -717>
2015-07-30 16:21:34.346284 7f682f1ff700 5 -- op tracker -- seq: 13252, time:
2015-07-30 16:21:34.346137, event: throttled, op: osd_sub_op_reply(client.8963508.0:79018 45.291 eb459a91/rbd_data.88ca383d1b58ba.000000000000336f/head//45 [] ondisk, result = 0) -716>
2015-07-30 16:21:34.346290 7f682f1ff700 5 -- op tracker -- seq: 13252, time:
2015-07-30 16:21:34.346215, event: all_read, op: osd_sub_op_reply(client.8963508.0:79018 45.291 eb459a91/rbd_data.88ca383d1b58ba.000000000000336f/head//45 [] ondisk, result = 0) -715>
2015-07-30 16:21:34.346296 7f682f1ff700 5 -- op tracker -- seq: 13252, time: 0.000000, event: dispatched, op: osd_sub_op_reply(client.8963508.0:79018 45.291 eb459a91/rbd_data.88ca383d1b58ba.000000000000336f/head//45 [] ondisk, result = 0) -714>
2015-07-30 16:21:34.346394 7f683a238700 5 -- op tracker -- seq: 13252, time:
2015-07-30 16:21:34.346372, event: reached_pg, op: osd_sub_op_reply(client.8963508.0:79018 45.291 eb459a91/rbd_data.88ca383d1b58ba.000000000000336f/head//45 [] ondisk, result = 0) -713>
2015-07-30 16:21:34.346417 7f683a238700 5 -- op tracker -- seq: 13252, time:
2015-07-30 16:21:34.346417, event: started, op: osd_sub_op_reply(client.8963508.0:79018 45.291 eb459a91/rbd_data.88ca383d1b58ba.000000000000336f/head//45 [] ondisk, result = 0) -712>
2015-07-30 16:21:34.346427 7f683a238700 5 -- op tracker -- seq: 13250, time:
2015-07-30 16:21:34.346426, event: sub_op_commit_rec, op: osd_op(client.8963508.0:79018 rbd_data.88ca383d1b58ba.000000000000336f [set-alloc-hint object_size 16777216 write_size 16777216,write 0~0] 45.eb459a91 ack+ondisk+write+known_if_redirected e83500) -711>
2015-07-30 16:21:34.346586 7f683a238700 5 -- op tracker -- seq: 13252, time:
2015-07-30 16:21:34.346586, event: done, op: osd_sub_op_reply(client.8963508.0:79018 45.291 eb459a91/rbd_data.88ca383d1b58ba.000000000000336f/head//45 [] ondisk, result = 0) -710>
2015-07-30 16:21:34.416263 7f6831724700 1 -- 111.111.111.244:6800/6354 <== osd.3 111.111.111.241:6809/5027379 215 ==== osd_sub_op_reply(client.8963508.0:79018 45.291 eb459a91/rbd_data.88ca383d1b58ba.000000000000336f/head//45 [] ondisk, result = 0) v2 ==== 178+0+0 (1759616807 0 0) 0x14048ec0 con 0xeaa8c60 -709>
2015-07-30 16:21:34.416313 7f6831724700 5 -- op tracker -- seq: 13253, time:
2015-07-30 16:21:34.416212, event: header_read, op: osd_sub_op_reply(client.8963508.0:79018 45.291 eb459a91/rbd_data.88ca383d1b58ba.000000000000336f/head//45 [] ondisk, result = 0) -708>
2015-07-30 16:21:34.416332 7f6831724700 5 -- op tracker -- seq: 13253, time:
2015-07-30 16:21:34.416215, event: throttled, op: osd_sub_op_reply(client.8963508.0:79018 45.291 eb459a91/rbd_data.88ca383d1b58ba.000000000000336f/head//45 [] ondisk, result = 0) -707>
2015-07-30 16:21:34.416339 7f6831724700 5 -- op tracker -- seq: 13253, time:
2015-07-30 16:21:34.416255, event: all_read, op: osd_sub_op_reply(client.8963508.0:79018 45.291 eb459a91/rbd_data.88ca383d1b58ba.000000000000336f/head//45 [] ondisk, result = 0) -706>
2015-07-30 16:21:34.416345 7f6831724700 5 -- op tracker -- seq: 13253, time: 0.000000, event: dispatched, op: osd_sub_op_reply(client.8963508.0:79018 45.291 eb459a91/rbd_data.88ca383d1b58ba.000000000000336f/head//45 [] ondisk, result = 0) -705>
2015-07-30 16:21:34.416424 7f6837a33700 5 -- op tracker -- seq: 13253, time:
2015-07-30 16:21:34.416424, event: reached_pg, op: osd_sub_op_reply(client.8963508.0:79018 45.291 eb459a91/rbd_data.88ca383d1b58ba.000000000000336f/head//45 [] ondisk, result = 0) -704>
2015-07-30 16:21:34.416513 7f6837a33700 5 -- op tracker -- seq: 13253, time:
2015-07-30 16:21:34.416513, event: started, op: osd_sub_op_reply(client.8963508.0:79018 45.291 eb459a91/rbd_data.88ca383d1b58ba.000000000000336f/head//45 [] ondisk, result = 0) -703>
2015-07-30 16:21:34.416569 7f6837a33700 5 -- op tracker -- seq: 13250, time:
2015-07-30 16:21:34.416568, event: sub_op_commit_rec, op: osd_op(client.8963508.0:79018 rbd_data.88ca383d1b58ba.000000000000336f [set-alloc-hint object_size 16777216 write_size 16777216,write 0~0] 45.eb459a91 ack+ondisk+write+known_if_redirected e83500) -702>
2015-07-30 16:21:34.416827 7f6837a33700 1 -- 100.100.100.244:6800/6354 --> 100.100.100.242:0/1012965 -- osd_op_reply(79018 rbd_data.88ca383d1b58ba.000000000000336f [set-alloc-hint object_size 16777216 write_size 16777216,write 0~0] v83500'435 uv435 ack = 0) v6 -- ?+0 0x140db600 con 0x1126e000 -701>
2015-07-30 16:21:34.416962 7f6837a33700 1 -- 100.100.100.244:6800/6354 --> 100.100.100.242:0/1012965 -- osd_op_reply(79018 rbd_data.88ca383d1b58ba.000000000000336f [set-alloc-hint object_size 16777216 write_size 16777216,write 0~0] v83500'435 uv435 ondisk = 0) v6 -- ?+0 0x140dab00 con 0x1126e000 -700>
2015-07-30 16:21:34.417030 7f6837a33700 5 -- op tracker -- seq: 13250, time:
2015-07-30 16:21:34.417030, event: commit_sent, op: osd_op(client.8963508.0:79018 rbd_data.88ca383d1b58ba.000000000000336f [set-alloc-hint object_size 16777216 write_size 16777216,write 0~0] 45.eb459a91 ack+ondisk+write+known_if_redirected e83500) -699>
2015-07-30 16:21:34.417254 7f6837a33700 5 -- op tracker -- seq: 13250, time:
2015-07-30 16:21:34.417254, event: done, op: osd_op(client.8963508.0:79018 rbd_data.88ca383d1b58ba.000000000000336f [set-alloc-hint object_size 16777216 write_size 16777216,write 0~0] 45.eb459a91 ack+ondisk+write+known_if_redirected e83500) -698>
2015-07-30 16:21:34.417279 7f6837a33700 5 -- op tracker -- seq: 13253, time:
2015-07-30 16:21:34.417279, event: done, op: osd_sub_op_reply(client.8963508.0:79018 45.291 eb459a91/rbd_data.88ca383d1b58ba.000000000000336f/head//45 [] ondisk, result = 0) -697>
2015-07-30 16:21:34.418631 7f6841c49700 1 -- 100.100.100.244:6802/6354 <== osd.7 100.100.100.243:0/9316 107 ==== osd_ping(ping e83500 stamp
2015-07-30 16:21:34.419654) v2 ==== 47+0+0 (3402687966 0 0) 0x119894a0 con 0x1087d600 -696>
2015-07-30 16:21:34.418636 7f6840345700 1 -- 111.111.111.244:6802/6354 <== osd.7 100.100.100.243:0/9316 107 ==== osd_ping(ping e83500 stamp
2015-07-30 16:21:34.419654) v2 ==== 47+0+0 (3402687966 0 0) 0x1374fa40 con 0x1087cf20 -695>
2015-07-30 16:21:34.418683 7f6841c49700 1 -- 100.100.100.244:6802/6354 --> 100.100.100.243:0/9316 -- osd_ping(ping_reply e83500 stamp
2015-07-30 16:21:34.419654) v2 -- ?+0 0x13996ee0 con 0x1087d600 -694>
2015-07-30 16:21:34.418719 7f6840345700 1 -- 111.111.111.244:6802/6354 --> 100.100.100.243:0/9316 -- osd_ping(ping_reply e83500 stamp
2015-07-30 16:21:34.419654) v2 -- ?+0 0x10b31840 con 0x1087cf20 -693>
2015-07-30 16:21:34.423510 7f681d0e6700 1 -- 100.100.100.244:6800/6354 <== client.8963508 100.100.100.242:0/1012965 1017 ==== osd_op(client.8963508.0:79027 rbd_data.791f542ae8944a.000000000000cdc6@6 [read 0~4194304] 39.7ea09c5c ack+read+localize_reads+known_if_redirected e83500) v4 ==== 191+0+0 (3480507611 0 0) 0x11e26f00 con 0x1126e000 -692>
2015-07-30 16:21:34.423684 7f681d0e6700 5 -- op tracker -- seq: 13254, time:
2015-07-30 16:21:34.423245, event: header_read, op: osd_op(client.8963508.0:79027 rbd_data.791f542ae8944a.000000000000cdc6@6 [read 0~4194304] 39.7ea09c5c ack+read+localize_reads+known_if_redirected e83500) -691>
2015-07-30 16:21:34.423771 7f681d0e6700 5 -- op tracker -- seq: 13254, time:
2015-07-30 16:21:34.423247, event: throttled, op: osd_op(client.8963508.0:79027 rbd_data.791f542ae8944a.000000000000cdc6@6 [read 0~4194304] 39.7ea09c5c ack+read+localize_reads+known_if_redirected e83500) -690>
2015-07-30 16:21:34.423782 7f681d0e6700 5 -- op tracker -- seq: 13254, time:
2015-07-30 16:21:34.423505, event: all_read, op: osd_op(client.8963508.0:79027 rbd_data.791f542ae8944a.000000000000cdc6@6 [read 0~4194304] 39.7ea09c5c ack+read+localize_reads+known_if_redirected e83500) -689>
2015-07-30 16:21:34.423827 7f681d0e6700 5 -- op tracker -- seq: 13254, time: 0.000000, event: dispatched, op: osd_op(client.8963508.0:79027 rbd_data.791f542ae8944a.000000000000cdc6@6 [read 0~4194304] 39.7ea09c5c ack+read+localize_reads+known_if_redirected e83500) -688>
2015-07-30 16:21:34.423904 7f683a238700 5 -- op tracker -- seq: 13254, time:
2015-07-30 16:21:34.423904, event: reached_pg, op: osd_op(client.8963508.0:79027 rbd_data.791f542ae8944a.000000000000cdc6@6 [read 0~4194304] 39.7ea09c5c ack+read+localize_reads+known_if_redirected e83500) -687>
2015-07-30 16:21:34.424420 7f683a238700 1 -- 100.100.100.244:6800/6354 --> 100.100.100.242:0/1012965 -- osd_op_reply(79027 rbd_data.791f542ae8944a.000000000000cdc6 [read 0~4194304] v0'0 uv0 ack = -2 ((2) No such file or directory)) v6 -- ?+0 0x140da000 con 0x1126e000 -686>
2015-07-30 16:21:34.424548 7f683a238700 5 -- op tracker -- seq: 13254, time:
2015-07-30 16:21:34.424548, event: done, op: osd_op(client.8963508.0:79027 rbd_data.791f542ae8944a.000000000000cdc6@6 [read 0~4194304] 39.7ea09c5c ack+read+localize_reads+known_if_redirected e83500) -685>
2015-07-30 16:21:34.453228 7f6840345700 1 -- 111.111.111.244:6802/6354 <== osd.25 111.111.111.240:0/7366 102 ==== osd_ping(ping e83500 stamp
2015-07-30 16:21:34.453900) v2 ==== 47+0+0 (3553636292 0 0) 0x10d98940 con 0x111a4c60 -684>
2015-07-30 16:21:34.453257 7f6840345700 1 -- 111.111.111.244:6802/6354 --> 111.111.111.240:0/7366 -- osd_ping(ping_reply e83500 stamp
2015-07-30 16:21:34.453900) v2 -- ?+0 0x1374fa40 con 0x111a4c60 -683>
2015-07-30 16:21:34.453255 7f6841c49700 1 -- 100.100.100.244:6802/6354 <== osd.25 111.111.111.240:0/7366 102 ==== osd_ping(ping e83500 stamp
2015-07-30 16:21:34.453900) v2 ==== 47+0+0 (3553636292 0 0) 0x11232b40 con 0x576e940 -682>
