2015-07-30 16:21:32.275806 7f6836a31700 5 -- op tracker -- seq: 13175, time:
2015-07-30 16:21:32.275806, event: done, op: osd_op(client.8964076.0:35808 rbd_data.36bbb37843e45.0000000000008bc4 [read 0~0] 42.8fea1459 ack+read+known_if_redirected e83500) -1612>
2015-07-30 16:21:32.275917 7f6836a31700 5 -- op tracker -- seq: 13196, time:
2015-07-30 16:21:32.275917, event: reached_pg, op: osd_op(client.8964076.0:35882 rbd_data.36bbb37843e45.0000000000008c0e [read 0~4194304] 42.e7b6459 ack+read+known_if_redirected e83500) -1611>
2015-07-30 16:21:32.285406 7f6816b78700 1 -- 100.100.100.244:6800/6354 <== client.8784389 100.100.100.242:0/1021042 687 ==== osd_op(client.8784389.0:222002 rbd_data.791f542ae8944a.0000000000036318 [read 0~4194304] 39.6d06705c ack+read+known_if_redirected e83500) v4 ==== 191+0+0 (3519726786 0 0) 0x131f3900 con 0x115019c0 -1610>
2015-07-30 16:21:32.285451 7f6816b78700 5 -- op tracker -- seq: 13198, time:
2015-07-30 16:21:32.285297, event: header_read, op: osd_op(client.8784389.0:222002 rbd_data.791f542ae8944a.0000000000036318 [read 0~4194304] 39.6d06705c ack+read+known_if_redirected e83500) -1609>
2015-07-30 16:21:32.285473 7f6816b78700 5 -- op tracker -- seq: 13198, time:
2015-07-30 16:21:32.285301, event: throttled, op: osd_op(client.8784389.0:222002 rbd_data.791f542ae8944a.0000000000036318 [read 0~4194304] 39.6d06705c ack+read+known_if_redirected e83500) -1608>
2015-07-30 16:21:32.285484 7f6816b78700 5 -- op tracker -- seq: 13198, time:
2015-07-30 16:21:32.285398, event: all_read, op: osd_op(client.8784389.0:222002 rbd_data.791f542ae8944a.0000000000036318 [read 0~4194304] 39.6d06705c ack+read+known_if_redirected e83500) -1607>
2015-07-30 16:21:32.285491 7f6816b78700 5 -- op tracker -- seq: 13198, time: 0.000000, event: dispatched, op: osd_op(client.8784389.0:222002 rbd_data.791f542ae8944a.0000000000036318 [read 0~4194304] 39.6d06705c ack+read+known_if_redirected e83500) -1606>
2015-07-30 16:21:32.285569 7f6837a33700 5 -- op tracker -- seq: 13198, time:
2015-07-30 16:21:32.285569, event: reached_pg, op: osd_op(client.8784389.0:222002 rbd_data.791f542ae8944a.0000000000036318 [read 0~4194304] 39.6d06705c ack+read+known_if_redirected e83500) -1605>
2015-07-30 16:21:32.285927 7f6837a33700 1 -- 100.100.100.244:6800/6354 --> 100.100.100.242:0/1021042 -- osd_op_reply(222002 rbd_data.791f542ae8944a.0000000000036318 [read 0~4194304] v0'0 uv0 ack = -2 ((2) No such file or directory)) v6 -- ?+0 0x141c1700 con 0x115019c0 -1604>
2015-07-30 16:21:32.286160 7f6837a33700 5 -- op tracker -- seq: 13198, time:
2015-07-30 16:21:32.286160, event: done, op: osd_op(client.8784389.0:222002 rbd_data.791f542ae8944a.0000000000036318 [read 0~4194304] 39.6d06705c ack+read+known_if_redirected e83500) -1603>
2015-07-30 16:21:32.308008 7f6838a35700 1 -- 100.100.100.244:6800/6354 --> 100.100.100.242:0/1011392 -- osd_op_reply(55030 rbd_data.3b3d1e7843e45.0000000000008f41 [read 0~4194304] v0'0 uv164 ondisk = 0) v6 -- ?+0 0x1226a840 con 0x11501440 -1602>
2015-07-30 16:21:32.308114 7f6838a35700 5 -- op tracker -- seq: 13148, time:
2015-07-30 16:21:32.308114, event: done, op: osd_op(client.8963436.0:55030 rbd_data.3b3d1e7843e45.0000000000008f41@11 [read 0~4194304] 45.7c55cd68 ack+read+localize_reads+known_if_redirected e83500) -1601>
2015-07-30 16:21:32.317277 7f6841c49700 1 -- 100.100.100.244:6802/6354 <== osd.24 100.100.100.241:0/23277 107 ==== osd_ping(ping e83500 stamp
2015-07-30 16:21:32.318869) v2 ==== 47+0+0 (2925196822 0 0) 0x1218b480 con 0x576e100 -1600>
2015-07-30 16:21:32.317287 7f6840345700 1 -- 111.111.111.244:6802/6354 <== osd.24 100.100.100.241:0/23277 107 ==== osd_ping(ping e83500 stamp
2015-07-30 16:21:32.318869) v2 ==== 47+0+0 (2925196822 0 0) 0x11cfcb20 con 0x11067180 -1599>
2015-07-30 16:21:32.317312 7f6841c49700 1 -- 100.100.100.244:6802/6354 --> 100.100.100.241:0/23277 -- osd_ping(ping_reply e83500 stamp
2015-07-30 16:21:32.318869) v2 -- ?+0 0x117750c0 con 0x576e100 -1598>
2015-07-30 16:21:32.317342 7f6840345700 1 -- 111.111.111.244:6802/6354 --> 100.100.100.241:0/23277 -- osd_ping(ping_reply e83500 stamp
2015-07-30 16:21:32.318869) v2 -- ?+0 0x120614a0 con 0x11067180 -1597>
2015-07-30 16:21:32.319182 7f682fd0a700 1 -- 111.111.111.244:6800/6354 <== osd.14 111.111.111.240:6828/6006000 214 ==== osd_sub_op(client.8963436.0:55247 45.323 9c22b723/rbd_data.48e7a77843e45.00000000000023f2/head//45 [] v 83500'436 snapset=0=[]:[] snapc=0=[]) v11 ==== 1410+0+939 (3441205233 0 2565175298) 0x137c1700 con 0x10667600 -1596>
2015-07-30 16:21:32.319213 7f682fd0a700 5 -- op tracker -- seq: 13199, time:
2015-07-30 16:21:32.319089, event: header_read, op: osd_sub_op(client.8963436.0:55247 45.323 9c22b723/rbd_data.48e7a77843e45.00000000000023f2/head//45 [] v 83500'436 snapset=0=[]:[] snapc=0=[]) -1595>
2015-07-30 16:21:32.319227 7f682fd0a700 5 -- op tracker -- seq: 13199, time:
2015-07-30 16:21:32.319091, event: throttled, op: osd_sub_op(client.8963436.0:55247 45.323 9c22b723/rbd_data.48e7a77843e45.00000000000023f2/head//45 [] v 83500'436 snapset=0=[]:[] snapc=0=[]) -1594>
2015-07-30 16:21:32.319236 7f682fd0a700 5 -- op tracker -- seq: 13199, time:
2015-07-30 16:21:32.319176, event: all_read, op: osd_sub_op(client.8963436.0:55247 45.323 9c22b723/rbd_data.48e7a77843e45.00000000000023f2/head//45 [] v 83500'436 snapset=0=[]:[] snapc=0=[]) -1593>
2015-07-30 16:21:32.319244 7f682fd0a700 5 -- op tracker -- seq: 13199, time: 0.000000, event: dispatched, op: osd_sub_op(client.8963436.0:55247 45.323 9c22b723/rbd_data.48e7a77843e45.00000000000023f2/head//45 [] v 83500'436 snapset=0=[]:[] snapc=0=[]) -1592>
2015-07-30 16:21:32.319285 7f6837232700 5 -- op tracker -- seq: 13199, time:
2015-07-30 16:21:32.319284, event: reached_pg, op: osd_sub_op(client.8963436.0:55247 45.323 9c22b723/rbd_data.48e7a77843e45.00000000000023f2/head//45 [] v 83500'436 snapset=0=[]:[] snapc=0=[]) -1591>
2015-07-30 16:21:32.319311 7f6837232700 5 -- op tracker -- seq: 13199, time:
2015-07-30 16:21:32.319311, event: started, op: osd_sub_op(client.8963436.0:55247 45.323 9c22b723/rbd_data.48e7a77843e45.00000000000023f2/head//45 [] v 83500'436 snapset=0=[]:[] snapc=0=[]) -1590>
2015-07-30 16:21:32.319841 7f6837232700 5 -- op tracker -- seq: 13199, time:
2015-07-30 16:21:32.319841, event: started, op: osd_sub_op(client.8963436.0:55247 45.323 9c22b723/rbd_data.48e7a77843e45.00000000000023f2/head//45 [] v 83500'436 snapset=0=[]:[] snapc=0=[]) -1589>
2015-07-30 16:21:32.320105 7f6837232700 5 -- op tracker -- seq: 13199, time:
2015-07-30 16:21:32.320105, event: commit_queued_for_journal_write, op: osd_sub_op(client.8963436.0:55247 45.323 9c22b723/rbd_data.48e7a77843e45.00000000000023f2/head//45 [] v 83500'436 snapset=0=[]:[] snapc=0=[]) -1588>
2015-07-30 16:21:32.320241 7f684c5f4700 5 -- op tracker -- seq: 13199, time:
2015-07-30 16:21:32.320241, event: write_thread_in_journal_buffer, op: osd_sub_op(client.8963436.0:55247 45.323 9c22b723/rbd_data.48e7a77843e45.00000000000023f2/head//45 [] v 83500'436 snapset=0=[]:[] snapc=0=[]) -1587>
2015-07-30 16:21:32.329775 7f684bdf3700 5 -- op tracker -- seq: 13199, time:
2015-07-30 16:21:32.329775, event: journaled_completion_queued, op: osd_sub_op(client.8963436.0:55247 45.323 9c22b723/rbd_data.48e7a77843e45.00000000000023f2/head//45 [] v 83500'436 snapset=0=[]:[] snapc=0=[]) -1586>
2015-07-30 16:21:32.329832 7f68495ee700 5 -- op tracker -- seq: 13199, time:
2015-07-30 16:21:32.329832, event: commit_sent, op: osd_sub_op(client.8963436.0:55247 45.323 9c22b723/rbd_data.48e7a77843e45.00000000000023f2/head//45 [] v 83500'436 snapset=0=[]:[] snapc=0=[]) -1585>
2015-07-30 16:21:32.329867 7f68495ee700 1 -- 111.111.111.244:6800/6354 --> 111.111.111.240:6828/6006000 -- osd_sub_op_reply(client.8963436.0:55247 45.323 9c22b723/rbd_data.48e7a77843e45.00000000000023f2/head//45 [] ondisk, result = 0) v2 -- ?+0 0x1226b600 con 0x10667600 -1584>
2015-07-30 16:21:32.330608 7f6849def700 5 -- op tracker -- seq: 13199, time:
2015-07-30 16:21:32.330608, event: sub_op_applied, op: osd_sub_op(client.8963436.0:55247 45.323 9c22b723/rbd_data.48e7a77843e45.00000000000023f2/head//45 [] v 83500'436 snapset=0=[]:[] snapc=0=[]) -1583>
2015-07-30 16:21:32.330676 7f6849def700 5 -- op tracker -- seq: 13199, time:
2015-07-30 16:21:32.330676, event: done, op: osd_sub_op(client.8963436.0:55247 45.323 9c22b723/rbd_data.48e7a77843e45.00000000000023f2/head//45 [] v 83500'436 snapset=0=[]:[] snapc=0=[]) -1582>
2015-07-30 16:21:32.338134 7f6831926700 1 -- 111.111.111.244:6800/6354 <== osd.12 111.111.111.241:6800/8005260 248 ==== osd_sub_op(client.8963436.0:55248 45.19 61534c19/rbd_data.48e7a77843e45.00000000000023f5/head//45 [] v 83500'398 snapset=0=[]:[] snapc=0=[]) v11 ==== 1410+0+934 (1794163645 0 3454128927) 0x13d35700 con 0xeaa89a0 -1581>
2015-07-30 16:21:32.338178 7f6831926700 5 -- op tracker -- seq: 13200, time:
2015-07-30 16:21:32.338007, event: header_read, op: osd_sub_op(client.8963436.0:55248 45.19 61534c19/rbd_data.48e7a77843e45.00000000000023f5/head//45 [] v 83500'398 snapset=0=[]:[] snapc=0=[]) -1580>
2015-07-30 16:21:32.338198 7f6831926700 5 -- op tracker -- seq: 13200, time:
2015-07-30 16:21:32.338012, event: throttled, op: osd_sub_op(client.8963436.0:55248 45.19 61534c19/rbd_data.48e7a77843e45.00000000000023f5/head//45 [] v 83500'398 snapset=0=[]:[] snapc=0=[]) -1579>
2015-07-30 16:21:32.338214 7f6831926700 5 -- op tracker -- seq: 13200, time:
2015-07-30 16:21:32.338123, event: all_read, op: osd_sub_op(client.8963436.0:55248 45.19 61534c19/rbd_data.48e7a77843e45.00000000000023f5/head//45 [] v 83500'398 snapset=0=[]:[] snapc=0=[]) -1578>
2015-07-30 16:21:32.338226 7f6831926700 5 -- op tracker -- seq: 13200, time: 0.000000, event: dispatched, op: osd_sub_op(client.8963436.0:55248 45.19 61534c19/rbd_data.48e7a77843e45.00000000000023f5/head//45 [] v 83500'398 snapset=0=[]:[] snapc=0=[]) -1577>
2015-07-30 16:21:32.338312 7f683b23a700 5 -- op tracker -- seq: 13200, time:
2015-07-30 16:21:32.338312, event: reached_pg, op: osd_sub_op(client.8963436.0:55248 45.19 61534c19/rbd_data.48e7a77843e45.00000000000023f5/head//45 [] v 83500'398 snapset=0=[]:[] snapc=0=[]) -1576>
2015-07-30 16:21:32.338338 7f683b23a700 5 -- op tracker -- seq: 13200, time:
2015-07-30 16:21:32.338338, event: started, op: osd_sub_op(client.8963436.0:55248 45.19 61534c19/rbd_data.48e7a77843e45.00000000000023f5/head//45 [] v 83500'398 snapset=0=[]:[] snapc=0=[]) -1575>
2015-07-30 16:21:32.338637 7f683b23a700 5 -- op tracker -- seq: 13200, time:
2015-07-30 16:21:32.338637, event: started, op: osd_sub_op(client.8963436.0:55248 45.19 61534c19/rbd_data.48e7a77843e45.00000000000023f5/head//45 [] v 83500'398 snapset=0=[]:[] snapc=0=[]) -1574>
2015-07-30 16:21:32.338808 7f683b23a700 5 -- op tracker -- seq: 13200, time:
2015-07-30 16:21:32.338807, event: commit_queued_for_journal_write, op: osd_sub_op(client.8963436.0:55248 45.19 61534c19/rbd_data.48e7a77843e45.00000000000023f5/head//45 [] v 83500'398 snapset=0=[]:[] snapc=0=[]) -1573>
2015-07-30 16:21:32.338910 7f684c5f4700 5 -- op tracker -- seq: 13200, time:
2015-07-30 16:21:32.338910, event: write_thread_in_journal_buffer, op: osd_sub_op(client.8963436.0:55248 45.19 61534c19/rbd_data.48e7a77843e45.00000000000023f5/head//45 [] v 83500'398 snapset=0=[]:[] snapc=0=[]) -1572>
2015-07-30 16:21:32.339053 7f684bdf3700 5 -- op tracker -- seq: 13200, time:
2015-07-30 16:21:32.339053, event: journaled_completion_queued, op: osd_sub_op(client.8963436.0:55248 45.19 61534c19/rbd_data.48e7a77843e45.00000000000023f5/head//45 [] v 83500'398 snapset=0=[]:[] snapc=0=[]) -1571>
2015-07-30 16:21:32.339075 7f68495ee700 5 -- op tracker -- seq: 13200, time:
2015-07-30 16:21:32.339075, event: commit_sent, op: osd_sub_op(client.8963436.0:55248 45.19 61534c19/rbd_data.48e7a77843e45.00000000000023f5/head//45 [] v 83500'398 snapset=0=[]:[] snapc=0=[]) -1570>
2015-07-30 16:21:32.339097 7f68495ee700 1 -- 111.111.111.244:6800/6354 --> 111.111.111.241:6800/8005260 -- osd_sub_op_reply(client.8963436.0:55248 45.19 61534c19/rbd_data.48e7a77843e45.00000000000023f5/head//45 [] ondisk, result = 0) v2 -- ?+0 0x1226cc00 con 0xeaa89a0 -1569>
2015-07-30 16:21:32.339619 7f6849def700 5 -- op tracker -- seq: 13200, time:
2015-07-30 16:21:32.339618, event: sub_op_applied, op: osd_sub_op(client.8963436.0:55248 45.19 61534c19/rbd_data.48e7a77843e45.00000000000023f5/head//45 [] v 83500'398 snapset=0=[]:[] snapc=0=[]) -1568>
2015-07-30 16:21:32.339655 7f6849def700 5 -- op tracker -- seq: 13200, time:
2015-07-30 16:21:32.339655, event: done, op: osd_sub_op(client.8963436.0:55248 45.19 61534c19/rbd_data.48e7a77843e45.00000000000023f5/head//45 [] v 83500'398 snapset=0=[]:[] snapc=0=[]) -1567>
2015-07-30 16:21:32.343438 7f683101d700 1 -- 111.111.111.244:6800/6354 <== osd.1 111.111.111.243:6806/10101 273 ==== osd_sub_op(client.8963508.0:78612 45.64 d7fea864/rbd_data.88ca383d1b58ba.0000000000003329/head//45 [] v 83500'414 snapset=0=[]:[] snapc=0=[]) v11 ==== 1412+0+932 (2741030213 0 3221550513) 0x13184b00 con 0xeaa91e0 -1566>
2015-07-30 16:21:32.343473 7f683101d700 5 -- op tracker -- seq: 13201, time:
2015-07-30 16:21:32.343342, event: header_read, op: osd_sub_op(client.8963508.0:78612 45.64 d7fea864/rbd_data.88ca383d1b58ba.0000000000003329/head//45 [] v 83500'414 snapset=0=[]:[] snapc=0=[]) -1565>
2015-07-30 16:21:32.343491 7f683101d700 5 -- op tracker -- seq: 13201, time:
2015-07-30 16:21:32.343344, event: throttled, op: osd_sub_op(client.8963508.0:78612 45.64 d7fea864/rbd_data.88ca383d1b58ba.0000000000003329/head//45 [] v 83500'414 snapset=0=[]:[] snapc=0=[]) -1564>
2015-07-30 16:21:32.343498 7f683101d700 5 -- op tracker -- seq: 13201, time:
2015-07-30 16:21:32.343431, event: all_read, op: osd_sub_op(client.8963508.0:78612 45.64 d7fea864/rbd_data.88ca383d1b58ba.0000000000003329/head//45 [] v 83500'414 snapset=0=[]:[] snapc=0=[]) -1563>
2015-07-30 16:21:32.343509 7f683101d700 5 -- op tracker -- seq: 13201, time: 0.000000, event: dispatched, op: osd_sub_op(client.8963508.0:78612 45.64 d7fea864/rbd_data.88ca383d1b58ba.0000000000003329/head//45 [] v 83500'414 snapset=0=[]:[] snapc=0=[]) -1562>
2015-07-30 16:21:32.343555 7f6838a35700 5 -- op tracker -- seq: 13201, time:
2015-07-30 16:21:32.343554, event: reached_pg, op: osd_sub_op(client.8963508.0:78612 45.64 d7fea864/rbd_data.88ca383d1b58ba.0000000000003329/head//45 [] v 83500'414 snapset=0=[]:[] snapc=0=[]) -1561>
2015-07-30 16:21:32.343579 7f6838a35700 5 -- op tracker -- seq: 13201, time:
2015-07-30 16:21:32.343579, event: started, op: osd_sub_op(client.8963508.0:78612 45.64 d7fea864/rbd_data.88ca383d1b58ba.0000000000003329/head//45 [] v 83500'414 snapset=0=[]:[] snapc=0=[]) -1560>
2015-07-30 16:21:32.343905 7f6838a35700 5 -- op tracker -- seq: 13201, time:
2015-07-30 16:21:32.343905, event: started, op: osd_sub_op(client.8963508.0:78612 45.64 d7fea864/rbd_data.88ca383d1b58ba.0000000000003329/head//45 [] v 83500'414 snapset=0=[]:[] snapc=0=[]) -1559>
2015-07-30 16:21:32.343971 7f6841c49700 1 -- 100.100.100.244:6802/6354 <== osd.6 100.100.100.241:0/26726 105 ==== osd_ping(ping e83500 stamp
2015-07-30 16:21:32.345563) v2 ==== 47+0+0 (3074512694 0 0) 0x115a0760 con 0x10759b20 -1558>
2015-07-30 16:21:32.343975 7f6840345700 1 -- 111.111.111.244:6802/6354 <== osd.6 100.100.100.241:0/26726 105 ==== osd_ping(ping e83500 stamp
2015-07-30 16:21:32.345563) v2 ==== 47+0+0 (3074512694 0 0) 0x1373fe00 con 0x1087c000 -1557>
2015-07-30 16:21:32.344017 7f6841c49700 1 -- 100.100.100.244:6802/6354 --> 100.100.100.241:0/26726 -- osd_ping(ping_reply e83500 stamp
2015-07-30 16:21:32.345563) v2 -- ?+0 0x1218b480 con 0x10759b20 -1556>
2015-07-30 16:21:32.344056 7f6840345700 1 -- 111.111.111.244:6802/6354 --> 100.100.100.241:0/26726 -- osd_ping(ping_reply e83500 stamp
2015-07-30 16:21:32.345563) v2 -- ?+0 0x11cfcb20 con 0x1087c000 -1555>
2015-07-30 16:21:32.344045 7f6838a35700 5 -- op tracker -- seq: 13201, time:
2015-07-30 16:21:32.344045, event: commit_queued_for_journal_write, op: osd_sub_op(client.8963508.0:78612 45.64 d7fea864/rbd_data.88ca383d1b58ba.0000000000003329/head//45 [] v 83500'414 snapset=0=[]:[] snapc=0=[]) -1554>
2015-07-30 16:21:32.344141 7f684c5f4700 5 -- op tracker -- seq: 13201, time:
2015-07-30 16:21:32.344141, event: write_thread_in_journal_buffer, op: osd_sub_op(client.8963508.0:78612 45.64 d7fea864/rbd_data.88ca383d1b58ba.0000000000003329/head//45 [] v 83500'414 snapset=0=[]:[] snapc=0=[]) -1553>
2015-07-30 16:21:32.344265 7f684bdf3700 5 -- op tracker -- seq: 13201, time:
2015-07-30 16:21:32.344265, event: journaled_completion_queued, op: osd_sub_op(client.8963508.0:78612 45.64 d7fea864/rbd_data.88ca383d1b58ba.0000000000003329/head//45 [] v 83500'414 snapset=0=[]:[] snapc=0=[]) -1552>
2015-07-30 16:21:32.344287 7f68495ee700 5 -- op tracker -- seq: 13201, time:
2015-07-30 16:21:32.344286, event: commit_sent, op: osd_sub_op(client.8963508.0:78612 45.64 d7fea864/rbd_data.88ca383d1b58ba.0000000000003329/head//45 [] v 83500'414 snapset=0=[]:[] snapc=0=[]) -1551>
2015-07-30 16:21:32.344314 7f68495ee700 1 -- 111.111.111.244:6800/6354 --> 111.111.111.243:6806/10101 -- osd_sub_op_reply(client.8963508.0:78612 45.64 d7fea864/rbd_data.88ca383d1b58ba.0000000000003329/head//45 [] ondisk, result = 0) v2 -- ?+0 0x1226a000 con 0xeaa91e0 -1550>
2015-07-30 16:21:32.344852 7f6849def700 5 -- op tracker -- seq: 13201, time:
2015-07-30 16:21:32.344851, event: sub_op_applied, op: osd_sub_op(client.8963508.0:78612 45.64 d7fea864/rbd_data.88ca383d1b58ba.0000000000003329/head//45 [] v 83500'414 snapset=0=[]:[] snapc=0=[]) -1549>
2015-07-30 16:21:32.344895 7f6849def700 5 -- op tracker -- seq: 13201, time:
2015-07-30 16:21:32.344895, event: done, op: osd_sub_op(client.8963508.0:78612 45.64 d7fea864/rbd_data.88ca383d1b58ba.0000000000003329/head//45 [] v 83500'414 snapset=0=[]:[] snapc=0=[]) -1548>
2015-07-30 16:21:32.358052 7f6839236700 5 -- op tracker -- seq: 13177, time:
2015-07-30 16:21:32.358051, event: started, op: osd_op(client.8964076.0:35816 rbd_data.36bbb37843e45.0000000000008bcc [read 0~4194304] 42.12aa81e3 ack+read+known_if_redirected e83500) -1547>
2015-07-30 16:21:32.358229 7f6839236700 1 -- 100.100.100.244:6800/6354 --> 100.100.100.242:0/1027184 -- osd_op_reply(35816 rbd_data.36bbb37843e45.0000000000008bcc [read 0~0] v0'0 uv617 ondisk = 0) v6 -- ?+0 0x141bf080 con 0x111dc260 -1546>
2015-07-30 16:21:32.358290 7f6839236700 5 -- op tracker -- seq: 13177, time:
2015-07-30 16:21:32.358290, event: done, op: osd_op(client.8964076.0:35816 rbd_data.36bbb37843e45.0000000000008bcc [read 0~0] 42.12aa81e3 ack+read+known_if_redirected e83500) -1545>
2015-07-30 16:21:32.361971 7f682cedc700 1 -- 111.111.111.244:6800/6354 <== osd.44 111.111.111.242:6824/22526 140 ==== osd_sub_op(client.8963436.0:55250 45.1b6 6652edb6/rbd_data.48e7a77843e45.00000000000023f4/head//45 [] v 83500'450 snapset=0=[]:[] snapc=0=[]) v11 ==== 1410+0+939 (3447484481 0 1913798397) 0x13b48d00 con 0x52abfa0 -1544>
2015-07-30 16:21:32.362019 7f682cedc700 5 -- op tracker -- seq: 13202, time:
2015-07-30 16:21:32.361819, event: header_read, op: osd_sub_op(client.8963436.0:55250 45.1b6 6652edb6/rbd_data.48e7a77843e45.00000000000023f4/head//45 [] v 83500'450 snapset=0=[]:[] snapc=0=[]) -1543>
2015-07-30 16:21:32.362030 7f682cedc700 5 -- op tracker -- seq: 13202, time:
2015-07-30 16:21:32.361821, event: throttled, op: osd_sub_op(client.8963436.0:55250 45.1b6 6652edb6/rbd_data.48e7a77843e45.00000000000023f4/head//45 [] v 83500'450 snapset=0=[]:[] snapc=0=[]) -1542>
2015-07-30 16:21:32.362037 7f682cedc700 5 -- op tracker -- seq: 13202, time:
2015-07-30 16:21:32.361965, event: all_read, op: osd_sub_op(client.8963436.0:55250 45.1b6 6652edb6/rbd_data.48e7a77843e45.00000000000023f4/head//45 [] v 83500'450 snapset=0=[]:[] snapc=0=[]) -1541>
2015-07-30 16:21:32.362048 7f682cedc700 5 -- op tracker -- seq: 13202, time: 0.000000, event: dispatched, op: osd_sub_op(client.8963436.0:55250 45.1b6 6652edb6/rbd_data.48e7a77843e45.00000000000023f4/head//45 [] v 83500'450 snapset=0=[]:[] snapc=0=[]) -1540>
2015-07-30 16:21:32.362110 7f6839a37700 5 -- op tracker -- seq: 13202, time:
2015-07-30 16:21:32.362110, event: reached_pg, op: osd_sub_op(client.8963436.0:55250 45.1b6 6652edb6/rbd_data.48e7a77843e45.00000000000023f4/head//45 [] v 83500'450 snapset=0=[]:[] snapc=0=[]) -1539>
2015-07-30 16:21:32.362139 7f6839a37700 5 -- op tracker -- seq: 13202, time:
2015-07-30 16:21:32.362139, event: started, op: osd_sub_op(client.8963436.0:55250 45.1b6 6652edb6/rbd_data.48e7a77843e45.00000000000023f4/head//45 [] v 83500'450 snapset=0=[]:[] snapc=0=[]) -1538>
2015-07-30 16:21:32.362476 7f6839a37700 5 -- op tracker -- seq: 13202, time:
2015-07-30 16:21:32.362476, event: started, op: osd_sub_op(client.8963436.0:55250 45.1b6 6652edb6/rbd_data.48e7a77843e45.00000000000023f4/head//45 [] v 83500'450 snapset=0=[]:[] snapc=0=[]) -1537>
2015-07-30 16:21:32.362624 7f6839a37700 5 -- op tracker -- seq: 13202, time:
2015-07-30 16:21:32.362623, event: commit_queued_for_journal_write, op: osd_sub_op(client.8963436.0:55250 45.1b6 6652edb6/rbd_data.48e7a77843e45.00000000000023f4/head//45 [] v 83500'450 snapset=0=[]:[] snapc=0=[]) -1536>
2015-07-30 16:21:32.362731 7f684c5f4700 5 -- op tracker -- seq: 13202, time:
2015-07-30 16:21:32.362731, event: write_thread_in_journal_buffer, op: osd_sub_op(client.8963436.0:55250 45.1b6 6652edb6/rbd_data.48e7a77843e45.00000000000023f4/head//45 [] v 83500'450 snapset=0=[]:[] snapc=0=[]) -1535>
2015-07-30 16:21:32.362879 7f684bdf3700 5 -- op tracker -- seq: 13202, time:
2015-07-30 16:21:32.362879, event: journaled_completion_queued, op: osd_sub_op(client.8963436.0:55250 45.1b6 6652edb6/rbd_data.48e7a77843e45.00000000000023f4/head//45 [] v 83500'450 snapset=0=[]:[] snapc=0=[]) -1534>
2015-07-30 16:21:32.362928 7f68495ee700 5 -- op tracker -- seq: 13202, time:
2015-07-30 16:21:32.362928, event: commit_sent, op: osd_sub_op(client.8963436.0:55250 45.1b6 6652edb6/rbd_data.48e7a77843e45.00000000000023f4/head//45 [] v 83500'450 snapset=0=[]:[] snapc=0=[]) -1533>
2015-07-30 16:21:32.362957 7f68495ee700 1 -- 111.111.111.244:6800/6354 --> 111.111.111.242:6824/22526 -- osd_sub_op_reply(client.8963436.0:55250 45.1b6 6652edb6/rbd_data.48e7a77843e45.00000000000023f4/head//45 [] ondisk, result = 0) v2 -- ?+0 0x1226b080 con 0x52abfa0 -1532>
2015-07-30 16:21:32.363524 7f6849def700 5 -- op tracker -- seq: 13202, time:
2015-07-30 16:21:32.363523, event: sub_op_applied, op: osd_sub_op(client.8963436.0:55250 45.1b6 6652edb6/rbd_data.48e7a77843e45.00000000000023f4/head//45 [] v 83500'450 snapset=0=[]:[] snapc=0=[]) -1531>
2015-07-30 16:21:32.363554 7f6849def700 5 -- op tracker -- seq: 13202, time:
2015-07-30 16:21:32.363554, event: done, op: osd_sub_op(client.8963436.0:55250 45.1b6 6652edb6/rbd_data.48e7a77843e45.00000000000023f4/head//45 [] v 83500'450 snapset=0=[]:[] snapc=0=[]) -1530>
2015-07-30 16:21:32.395815 7f6836a31700 5 -- op tracker -- seq: 13196, time:
2015-07-30 16:21:32.395815, event: started, op: osd_op(client.8964076.0:35882 rbd_data.36bbb37843e45.0000000000008c0e [read 0~4194304] 42.e7b6459 ack+read+known_if_redirected e83500) -1529>
2015-07-30 16:21:32.396009 7f6836a31700 1 -- 100.100.100.244:6800/6354 --> 100.100.100.242:0/1027184 -- osd_op_reply(35882 rbd_data.36bbb37843e45.0000000000008c0e [read 0~0] v0'0 uv669 ondisk = 0) v6 -- ?+0 0x12fe1e40 con 0x111dc260 -1528>
2015-07-30 16:21:32.396148 7f6836a31700 5 -- op tracker -- seq: 13196, time:
2015-07-30 16:21:32.396148, event: done, op: osd_op(client.8964076.0:35882 rbd_data.36bbb37843e45.0000000000008c0e [read 0~0] 42.e7b6459 ack+read+known_if_redirected e83500) -1527>
2015-07-30 16:21:32.400703 7f6831926700 1 -- 111.111.111.244:6800/6354 <== osd.12 111.111.111.241:6800/8005260 249 ==== osd_sub_op(client.8963508.0:78617 45.19 6e9ad819/rbd_data.88ca383d1b58ba.0000000000003327/head//45 [] v 83500'399 snapset=0=[]:[] snapc=0=[]) v11 ==== 1412+0+932 (2865248041 0 1702880856) 0x133b8100 con 0xeaa89a0 -1526>
2015-07-30 16:21:32.400731 7f6831926700 5 -- op tracker -- seq: 13203, time:
2015-07-30 16:21:32.400632, event: header_read, op: osd_sub_op(client.8963508.0:78617 45.19 6e9ad819/rbd_data.88ca383d1b58ba.0000000000003327/head//45 [] v 83500'399 snapset=0=[]:[] snapc=0=[]) -1525>
2015-07-30 16:21:32.400744 7f6831926700 5 -- op tracker -- seq: 13203, time:
2015-07-30 16:21:32.400634, event: throttled, op: osd_sub_op(client.8963508.0:78617 45.19 6e9ad819/rbd_data.88ca383d1b58ba.0000000000003327/head//45 [] v 83500'399 snapset=0=[]:[] snapc=0=[]) -1524>
2015-07-30 16:21:32.400755 7f6831926700 5 -- op tracker -- seq: 13203, time:
2015-07-30 16:21:32.400696, event: all_read, op: osd_sub_op(client.8963508.0:78617 45.19 6e9ad819/rbd_data.88ca383d1b58ba.0000000000003327/head//45 [] v 83500'399 snapset=0=[]:[] snapc=0=[]) -1523>
2015-07-30 16:21:32.400763 7f6831926700 5 -- op tracker -- seq: 13203, time: 0.000000, event: dispatched, op: osd_sub_op(client.8963508.0:78617 45.19 6e9ad819/rbd_data.88ca383d1b58ba.0000000000003327/head//45 [] v 83500'399 snapset=0=[]:[] snapc=0=[]) -1522>
2015-07-30 16:21:32.400808 7f683b23a700 5 -- op tracker -- seq: 13203, time:
2015-07-30 16:21:32.400808, event: reached_pg, op: osd_sub_op(client.8963508.0:78617 45.19 6e9ad819/rbd_data.88ca383d1b58ba.0000000000003327/head//45 [] v 83500'399 snapset=0=[]:[] snapc=0=[]) -1521>
2015-07-30 16:21:32.400832 7f683b23a700 5 -- op tracker -- seq: 13203, time:
2015-07-30 16:21:32.400832, event: started, op: osd_sub_op(client.8963508.0:78617 45.19 6e9ad819/rbd_data.88ca383d1b58ba.0000000000003327/head//45 [] v 83500'399 snapset=0=[]:[] snapc=0=[]) -1520>
2015-07-30 16:21:32.400770 7f681d0e6700 1 -- 100.100.100.244:6800/6354 <== client.8963508 100.100.100.242:0/1012965 1003 ==== osd_op(client.8963508.0:78632 rbd_data.791f542ae8944a.000000000000ccbe@6 [read 0~4194304] 39.772d62d8 ack+read+localize_reads+known_if_redirected e83500) v4 ==== 191+0+0 (1172545031 0 0) 0x11e26500 con 0x1126e000 -1519>
2015-07-30 16:21:32.400972 7f681d0e6700 5 -- op tracker -- seq: 13204, time:
2015-07-30 16:21:32.400503, event: header_read, op: osd_op(client.8963508.0:78632 rbd_data.791f542ae8944a.000000000000ccbe@6 [read 0~4194304] 39.772d62d8 ack+read+localize_reads+known_if_redirected e83500) -1518>
2015-07-30 16:21:32.401058 7f683b23a700 5 -- op tracker -- seq: 13203, time:
2015-07-30 16:21:32.401057, event: started, op: osd_sub_op(client.8963508.0:78617 45.19 6e9ad819/rbd_data.88ca383d1b58ba.0000000000003327/head//45 [] v 83500'399 snapset=0=[]:[] snapc=0=[]) -1517>
2015-07-30 16:21:32.401080 7f681d0e6700 5 -- op tracker -- seq: 13204, time:
2015-07-30 16:21:32.400506, event: throttled, op: osd_op(client.8963508.0:78632 rbd_data.791f542ae8944a.000000000000ccbe@6 [read 0~4194304] 39.772d62d8 ack+read+localize_reads+known_if_redirected e83500) -1516>
2015-07-30 16:21:32.401163 7f681d0e6700 5 -- op tracker -- seq: 13204, time:
2015-07-30 16:21:32.400764, event: all_read, op: osd_op(client.8963508.0:78632 rbd_data.791f542ae8944a.000000000000ccbe@6 [read 0~4194304] 39.772d62d8 ack+read+localize_reads+known_if_redirected e83500) -1515>
2015-07-30 16:21:32.401239 7f681d0e6700 5 -- op tracker -- seq: 13204, time: 0.000000, event: dispatched, op: osd_op(client.8963508.0:78632 rbd_data.791f542ae8944a.000000000000ccbe@6 [read 0~4194304] 39.772d62d8 ack+read+localize_reads+known_if_redirected e83500) -1514>
2015-07-30 16:21:32.401246 7f683b23a700 5 -- op tracker -- seq: 13203, time:
2015-07-30 16:21:32.401246, event: commit_queued_for_journal_write, op: osd_sub_op(client.8963508.0:78617 45.19 6e9ad819/rbd_data.88ca383d1b58ba.0000000000003327/head//45 [] v 83500'399 snapset=0=[]:[] snapc=0=[]) -1513>
2015-07-30 16:21:32.401319 7f6837232700 5 -- op tracker -- seq: 13204, time:
2015-07-30 16:21:32.401318, event: reached_pg, op: osd_op(client.8963508.0:78632 rbd_data.791f542ae8944a.000000000000ccbe@6 [read 0~4194304] 39.772d62d8 ack+read+localize_reads+known_if_redirected e83500) -1512>
2015-07-30 16:21:32.401342 7f684c5f4700 5 -- op tracker -- seq: 13203, time:
2015-07-30 16:21:32.401342, event: write_thread_in_journal_buffer, op: osd_sub_op(client.8963508.0:78617 45.19 6e9ad819/rbd_data.88ca383d1b58ba.0000000000003327/head//45 [] v 83500'399 snapset=0=[]:[] snapc=0=[]) -1511>
2015-07-30 16:21:32.401470 7f684bdf3700 5 -- op tracker -- seq: 13203, time:
2015-07-30 16:21:32.401470, event: journaled_completion_queued, op: osd_sub_op(client.8963508.0:78617 45.19 6e9ad819/rbd_data.88ca383d1b58ba.0000000000003327/head//45 [] v 83500'399 snapset=0=[]:[] snapc=0=[]) -1510>
2015-07-30 16:21:32.401494 7f68495ee700 5 -- op tracker -- seq: 13203, time:
2015-07-30 16:21:32.401494, event: commit_sent, op: osd_sub_op(client.8963508.0:78617 45.19 6e9ad819/rbd_data.88ca383d1b58ba.0000000000003327/head//45 [] v 83500'399 snapset=0=[]:[] snapc=0=[]) -1509>
2015-07-30 16:21:32.401531 7f68495ee700 1 -- 111.111.111.244:6800/6354 --> 111.111.111.241:6800/8005260 -- osd_sub_op_reply(client.8963508.0:78617 45.19 6e9ad819/rbd_data.88ca383d1b58ba.0000000000003327/head//45 [] ondisk, result = 0) v2 -- ?+0 0x1226d180 con 0xeaa89a0 -1508>
2015-07-30 16:21:32.401712 7f6837232700 1 -- 100.100.100.244:6800/6354 --> 100.100.100.242:0/1012965 -- osd_op_reply(78632 rbd_data.791f542ae8944a.000000000000ccbe [read 0~4194304] v0'0 uv0 ack = -2 ((2) No such file or directory)) v6 -- ?+0 0x12fe1340 con 0x1126e000 -1507>
2015-07-30 16:21:32.401874 7f6837232700 5 -- op tracker -- seq: 13204, time:
2015-07-30 16:21:32.401873, event: done, op: osd_op(client.8963508.0:78632 rbd_data.791f542ae8944a.000000000000ccbe@6 [read 0~4194304] 39.772d62d8 ack+read+localize_reads+known_if_redirected e83500) -1506>
2015-07-30 16:21:32.402031 7f6849def700 5 -- op tracker -- seq: 13203, time:
2015-07-30 16:21:32.402031, event: sub_op_applied, op: osd_sub_op(client.8963508.0:78617 45.19 6e9ad819/rbd_data.88ca383d1b58ba.0000000000003327/head//45 [] v 83500'399 snapset=0=[]:[] snapc=0=[]) -1505>
2015-07-30 16:21:32.402053 7f6849def700 5 -- op tracker -- seq: 13203, time:
2015-07-30 16:21:32.402053, event: done, op: osd_sub_op(client.8963508.0:78617 45.19 6e9ad819/rbd_data.88ca383d1b58ba.0000000000003327/head//45 [] v 83500'399 snapset=0=[]:[] snapc=0=[]) -1504>
2015-07-30 16:21:32.406968 7f682e2f0700 1 -- 111.111.111.244:6800/6354 <== osd.0 111.111.111.241:6816/5028833 504 ==== osd_sub_op(client.8963436.0:55282 45.1a0 7f9a39a0/rbd_data.48e7a77843e45.00000000000023fa/head//45 [] v 83500'384 snapset=0=[]:[] snapc=0=[]) v11 ==== 1410+0+939 (2558551549 0 1705424675) 0x13186c00 con 0x10626b00 -1503>
2015-07-30 16:21:32.406991 7f682e2f0700 5 -- op tracker -- seq: 13205, time:
2015-07-30 16:21:32.406894, event: header_read, op: osd_sub_op(client.8963436.0:55282 45.1a0 7f9a39a0/rbd_data.48e7a77843e45.00000000000023fa/head//45 [] v 83500'384 snapset=0=[]:[] snapc=0=[]) -1502>
2015-07-30 16:21:32.407005 7f682e2f0700 5 -- op tracker -- seq: 13205, time:
2015-07-30 16:21:32.406896, event: throttled, op: osd_sub_op(client.8963436.0:55282 45.1a0 7f9a39a0/rbd_data.48e7a77843e45.00000000000023fa/head//45 [] v 83500'384 snapset=0=[]:[] snapc=0=[]) -1501>
2015-07-30 16:21:32.407013 7f682e2f0700 5 -- op tracker -- seq: 13205, time:
2015-07-30 16:21:32.406962, event: all_read, op: osd_sub_op(client.8963436.0:55282 45.1a0 7f9a39a0/rbd_data.48e7a77843e45.00000000000023fa/head//45 [] v 83500'384 snapset=0=[]:[] snapc=0=[]) -1500>
2015-07-30 16:21:32.407022 7f682e2f0700 5 -- op tracker -- seq: 13205, time: 0.000000, event: dispatched, op: osd_sub_op(client.8963436.0:55282 45.1a0 7f9a39a0/rbd_data.48e7a77843e45.00000000000023fa/head//45 [] v 83500'384 snapset=0=[]:[] snapc=0=[]) -1499>
2015-07-30 16:21:32.407063 7f6838234700 5 -- op tracker -- seq: 13205, time:
2015-07-30 16:21:32.407063, event: reached_pg, op: osd_sub_op(client.8963436.0:55282 45.1a0 7f9a39a0/rbd_data.48e7a77843e45.00000000000023fa/head//45 [] v 83500'384 snapset=0=[]:[] snapc=0=[]) -1498>
2015-07-30 16:21:32.407087 7f6838234700 5 -- op tracker -- seq: 13205, time:
2015-07-30 16:21:32.407087, event: started, op: osd_sub_op(client.8963436.0:55282 45.1a0 7f9a39a0/rbd_data.48e7a77843e45.00000000000023fa/head//45 [] v 83500'384 snapset=0=[]:[] snapc=0=[]) -1497>
2015-07-30 16:21:32.407342 7f6838234700 5 -- op tracker -- seq: 13205, time:
2015-07-30 16:21:32.407342, event: started, op: osd_sub_op(client.8963436.0:55282 45.1a0 7f9a39a0/rbd_data.48e7a77843e45.00000000000023fa/head//45 [] v 83500'384 snapset=0=[]:[] snapc=0=[]) -1496>
2015-07-30 16:21:32.407438 7f6838234700 5 -- op tracker -- seq: 13205, time:
2015-07-30 16:21:32.407438, event: commit_queued_for_journal_write, op: osd_sub_op(client.8963436.0:55282 45.1a0 7f9a39a0/rbd_data.48e7a77843e45.00000000000023fa/head//45 [] v 83500'384 snapset=0=[]:[] snapc=0=[]) -1495>
2015-07-30 16:21:32.407528 7f684c5f4700 5 -- op tracker -- seq: 13205, time:
2015-07-30 16:21:32.407527, event: write_thread_in_journal_buffer, op: osd_sub_op(client.8963436.0:55282 45.1a0 7f9a39a0/rbd_data.48e7a77843e45.00000000000023fa/head//45 [] v 83500'384 snapset=0=[]:[] snapc=0=[]) -1494>
2015-07-30 16:21:32.407632 7f684bdf3700 5 -- op tracker -- seq: 13205, time:
2015-07-30 16:21:32.407631, event: journaled_completion_queued, op: osd_sub_op(client.8963436.0:55282 45.1a0 7f9a39a0/rbd_data.48e7a77843e45.00000000000023fa/head//45 [] v 83500'384 snapset=0=[]:[] snapc=0=[]) -1493>
2015-07-30 16:21:32.407673 7f68495ee700 5 -- op tracker -- seq: 13205, time:
2015-07-30 16:21:32.407673, event: commit_sent, op: osd_sub_op(client.8963436.0:55282 45.1a0 7f9a39a0/rbd_data.48e7a77843e45.00000000000023fa/head//45 [] v 83500'384 snapset=0=[]:[] snapc=0=[]) -1492>
2015-07-30 16:21:32.407699 7f68495ee700 1 -- 111.111.111.244:6800/6354 --> 111.111.111.241:6816/5028833 -- osd_sub_op_reply(client.8963436.0:55282 45.1a0 7f9a39a0/rbd_data.48e7a77843e45.00000000000023fa/head//45 [] ondisk, result = 0) v2 -- ?+0 0x1226cec0 con 0x10626b00 -1491>
2015-07-30 16:21:32.408179 7f6849def700 5 -- op tracker -- seq: 13205, time:
2015-07-30 16:21:32.408179, event: sub_op_applied, op: osd_sub_op(client.8963436.0:55282 45.1a0 7f9a39a0/rbd_data.48e7a77843e45.00000000000023fa/head//45 [] v 83500'384 snapset=0=[]:[] snapc=0=[]) -1490>
2015-07-30 16:21:32.408212 7f6849def700 5 -- op tracker -- seq: 13205, time:
2015-07-30 16:21:32.408211, event: done, op: osd_sub_op(client.8963436.0:55282 45.1a0 7f9a39a0/rbd_data.48e7a77843e45.00000000000023fa/head//45 [] v 83500'384 snapset=0=[]:[] snapc=0=[]) -1489>
2015-07-30 16:21:32.433421 7f682f906700 1 -- 111.111.111.244:6800/6354 <== osd.4 111.111.111.243:6802/7173 190 ==== osd_sub_op(client.8963508.0:78643 45.2e ac83482e/rbd_data.88ca383d1b58ba.000000000000332d/head//45 [] v 83500'407 snapset=0=[]:[] snapc=0=[]) v11 ==== 1412+0+932 (2800277350 0 536640274) 0x13378c00 con 0x106678c0 -1488>
2015-07-30 16:21:32.433466 7f682f906700 5 -- op tracker -- seq: 13206, time:
2015-07-30 16:21:32.433326, event: header_read, op: osd_sub_op(client.8963508.0:78643 45.2e ac83482e/rbd_data.88ca383d1b58ba.000000000000332d/head//45 [] v 83500'407 snapset=0=[]:[] snapc=0=[]) -1487>
2015-07-30 16:21:32.433478 7f682f906700 5 -- op tracker -- seq: 13206, time:
2015-07-30 16:21:32.433336, event: throttled, op: osd_sub_op(client.8963508.0:78643 45.2e ac83482e/rbd_data.88ca383d1b58ba.000000000000332d/head//45 [] v 83500'407 snapset=0=[]:[] snapc=0=[]) -1486>
2015-07-30 16:21:32.433486 7f682f906700 5 -- op tracker -- seq: 13206, time:
2015-07-30 16:21:32.433416, event: all_read, op: osd_sub_op(client.8963508.0:78643 45.2e ac83482e/rbd_data.88ca383d1b58ba.000000000000332d/head//45 [] v 83500'407 snapset=0=[]:[] snapc=0=[]) -1485>
2015-07-30 16:21:32.433498 7f682f906700 5 -- op tracker -- seq: 13206, time: 0.000000, event: dispatched, op: osd_sub_op(client.8963508.0:78643 45.2e ac83482e/rbd_data.88ca383d1b58ba.000000000000332d/head//45 [] v 83500'407 snapset=0=[]:[] snapc=0=[]) -1484>
2015-07-30 16:21:32.433561 7f683aa39700 5 -- op tracker -- seq: 13206, time:
2015-07-30 16:21:32.433561, event: reached_pg, op: osd_sub_op(client.8963508.0:78643 45.2e ac83482e/rbd_data.88ca383d1b58ba.000000000000332d/head//45 [] v 83500'407 snapset=0=[]:[] snapc=0=[]) -1483>
2015-07-30 16:21:32.433586 7f683aa39700 5 -- op tracker -- seq: 13206, time:
2015-07-30 16:21:32.433586, event: started, op: osd_sub_op(client.8963508.0:78643 45.2e ac83482e/rbd_data.88ca383d1b58ba.000000000000332d/head//45 [] v 83500'407 snapset=0=[]:[] snapc=0=[]) -1482>
2015-07-30 16:21:32.433843 7f683aa39700 5 -- op tracker -- seq: 13206, time:
2015-07-30 16:21:32.433843, event: started, op: osd_sub_op(client.8963508.0:78643 45.2e ac83482e/rbd_data.88ca383d1b58ba.000000000000332d/head//45 [] v 83500'407 snapset=0=[]:[] snapc=0=[]) -1481>
2015-07-30 16:21:32.433970 7f683aa39700 5 -- op tracker -- seq: 13206, time:
2015-07-30 16:21:32.433970, event: commit_queued_for_journal_write, op: osd_sub_op(client.8963508.0:78643 45.2e ac83482e/rbd_data.88ca383d1b58ba.000000000000332d/head//45 [] v 83500'407 snapset=0=[]:[] snapc=0=[]) -1480>
2015-07-30 16:21:32.434103 7f684c5f4700 5 -- op tracker -- seq: 13206, time:
2015-07-30 16:21:32.434103, event: write_thread_in_journal_buffer, op: osd_sub_op(client.8963508.0:78643 45.2e ac83482e/rbd_data.88ca383d1b58ba.000000000000332d/head//45 [] v 83500'407 snapset=0=[]:[] snapc=0=[]) -1479>
2015-07-30 16:21:32.434207 7f684bdf3700 5 -- op tracker -- seq: 13206, time:
2015-07-30 16:21:32.434207, event: journaled_completion_queued, op: osd_sub_op(client.8963508.0:78643 45.2e ac83482e/rbd_data.88ca383d1b58ba.000000000000332d/head//45 [] v 83500'407 snapset=0=[]:[] snapc=0=[]) -1478>
2015-07-30 16:21:32.434275 7f68495ee700 5 -- op tracker -- seq: 13206, time:
2015-07-30 16:21:32.434275, event: commit_sent, op: osd_sub_op(client.8963508.0:78643 45.2e ac83482e/rbd_data.88ca383d1b58ba.000000000000332d/head//45 [] v 83500'407 snapset=0=[]:[] snapc=0=[]) -1477>
2015-07-30 16:21:32.434303 7f68495ee700 1 -- 111.111.111.244:6800/6354 --> 111.111.111.243:6802/7173 -- osd_sub_op_reply(client.8963508.0:78643 45.2e ac83482e/rbd_data.88ca383d1b58ba.000000000000332d/head//45 [] ondisk, result = 0) v2 -- ?+0 0x1226d9c0 con 0x106678c0 -1476>
2015-07-30 16:21:32.434740 7f6849def700 5 -- op tracker -- seq: 13206, time:
2015-07-30 16:21:32.434740, event: sub_op_applied, op: osd_sub_op(client.8963508.0:78643 45.2e ac83482e/rbd_data.88ca383d1b58ba.000000000000332d/head//45 [] v 83500'407 snapset=0=[]:[] snapc=0=[]) -1475>
2015-07-30 16:21:32.434783 7f6849def700 5 -- op tracker -- seq: 13206, time:
2015-07-30 16:21:32.434783, event: done, op: osd_sub_op(client.8963508.0:78643 45.2e ac83482e/rbd_data.88ca383d1b58ba.000000000000332d/head//45 [] v 83500'407 snapset=0=[]:[] snapc=0=[]) -1474>
2015-07-30 16:21:32.443438 7f6834a2d700 5 osd.33 83500 heartbeat: osd_stat(251 GB used, 1610 GB avail, 1862 GB total, peers [0,1,2,3,4,5,6,7,8,9,10,11,12,13,14,15,16,17,19,21,22,23,24,25,26,27,28,29,30,36,40,41,42,43,44,45,46,48,49,50]/[] op hist []) -1473>
2015-07-30 16:21:32.443455 7f6834a2d700 1 -- 111.111.111.244:0/6354 --> 111.111.111.241:6820/5028833 -- osd_ping(ping e83500 stamp
2015-07-30 16:21:32.443453) v2 -- ?+0 0x13759c00 con 0x10d8a840 -1472>
2015-07-30 16:21:32.443488 7f6834a2d700 1 -- 111.111.111.244:0/6354 --> 100.100.100.241:6824/5028833 -- osd_ping(ping e83500 stamp
2015-07-30 16:21:32.443453) v2 -- ?+0 0x13757e00 con 0x10d8b760 -1471>
2015-07-30 16:21:32.443502 7f6834a2d700 1 -- 111.111.111.244:0/6354 --> 111.111.111.243:6807/10101 -- osd_ping(ping e83500 stamp
2015-07-30 16:21:32.443453) v2 -- ?+0 0x13757680 con 0x10d86420 -1470>
2015-07-30 16:21:32.443515 7f6834a2d700 1 -- 111.111.111.244:0/6354 --> 100.100.100.243:6810/10101 -- osd_ping(ping e83500 stamp
2015-07-30 16:21:32.443453) v2 -- ?+0 0x13756780 con 0x10d866e0 -1469>
2015-07-30 16:21:32.443527 7f6834a2d700 1 -- 111.111.111.244:0/6354 --> 111.111.111.240:6803/20887 -- osd_ping(ping e83500 stamp
2015-07-30 16:21:32.443453) v2 -- ?+0 0x137590c0 con 0x10d819c0 -1468>
2015-07-30 16:21:32.443539 7f6834a2d700 1 -- 111.111.111.244:0/6354 --> 100.100.100.240:6810/20887 -- osd_ping(ping e83500 stamp
2015-07-30 16:21:32.443453) v2 -- ?+0 0x13759660 con 0x10c2c160 -1467>
2015-07-30 16:21:32.443551 7f6834a2d700 1 -- 111.111.111.244:0/6354 --> 111.111.111.241:6810/5027379 -- osd_ping(ping e83500 stamp
2015-07-30 16:21:32.443453) v2 -- ?+0 0x13758d00 con 0x10d3a000 -1466>
2015-07-30 16:21:32.443564 7f6834a2d700 1 -- 111.111.111.244:0/6354 --> 100.100.100.241:6825/5027379 -- osd_ping(ping e83500 stamp
2015-07-30 16:21:32.443453) v2 -- ?+0 0x13759840 con 0x10d3a160 -1465>
2015-07-30 16:21:32.443583 7f6834a2d700 1 -- 111.111.111.244:0/6354 --> 111.111.111.243:6803/7173 -- osd_ping(ping e83500 stamp
2015-07-30 16:21:32.443453) v2 -- ?+0 0x13757fe0 con 0x10d3a2c0 -1464>
2015-07-30 16:21:32.443597 7f6834a2d700 1 -- 111.111.111.244:0/6354 --> 100.100.100.243:6804/7173 -- osd_ping(ping e83500 stamp
2015-07-30 16:21:32.443453) v2 -- ?+0 0x13758760 con 0x10d3a420 -1463>
2015-07-30 16:21:32.443617 7f6834a2d700 1 -- 111.111.111.244:0/6354 --> 111.111.111.240:6804/6012334 -- osd_ping(ping e83500 stamp
2015-07-30 16:21:32.443453) v2 -- ?+0 0x137563c0 con 0x10d3a9a0 -1462>
2015-07-30 16:21:32.443634 7f6834a2d700 1 -- 111.111.111.244:0/6354 --> 100.100.100.240:6804/6012334 -- osd_ping(ping e83500 stamp
2015-07-30 16:21:32.443453) v2 -- ?+0 0x137583a0 con 0x10d3ac60 -1461>
2015-07-30 16:21:32.443646 7f6834a2d700 1 -- 111.111.111.244:0/6354 --> 111.111.111.241:6804/5026726 -- osd_ping(ping e83500 stamp
2015-07-30 16:21:32.443453) v2 -- ?+0 0x13759480 con 0x10d81440 -1460>
2015-07-30 16:21:32.443662 7f6834a2d700 1 -- 111.111.111.244:0/6354 --> 100.100.100.241:6815/5026726 -- osd_ping(ping e83500 stamp
2015-07-30 16:21:32.443453) v2 -- ?+0 0x12296940 con 0x10d81700 -1459>
2015-07-30 16:21:32.443677 7f6834a2d700 1 -- 111.111.111.244:0/6354 --> 111.111.111.243:6815/9316 -- osd_ping(ping e83500 stamp
2015-07-30 16:21:32.443453) v2 -- ?+0 0x12294f00 con 0x10d8bfa0 -1458>
2015-07-30 16:21:32.443696 7f6834a2d700 1 -- 111.111.111.244:0/6354 --> 100.100.100.243:6822/9316 -- osd_ping(ping e83500 stamp
2015-07-30 16:21:32.443453) v2 -- ?+0 0x122950e0 con 0x10d8c7e0 -1457>
2015-07-30 16:21:32.443717 7f6834a2d700 1 -- 111.111.111.244:0/6354 --> 111.111.111.240:6822/9012559 -- osd_ping(ping e83500 stamp
2015-07-30 16:21:32.443453) v2 -- ?+0 0x12296ee0 con 0x10d7fe40 -1456>
2015-07-30 16:21:32.443734 7f6834a2d700 1 -- 111.111.111.244:0/6354 --> 100.100.100.240:6822/9012559 -- osd_ping(ping e83500 stamp
2015-07-30 16:21:32.443453) v2 -- ?+0 0x12297de0 con 0x10d80100 -1455>
2015-07-30 16:21:32.443752 7f6834a2d700 1 -- 111.111.111.244:0/6354 --> 111.111.111.241:6819/5025257 -- osd_ping(ping e83500 stamp
2015-07-30 16:21:32.443453) v2 -- ?+0 0x12297840 con 0x12e81080 -1454>
2015-07-30 16:21:32.443765 7f6834a2d700 1 -- 111.111.111.244:0/6354 --> 100.100.100.241:6828/5025257 -- osd_ping(ping e83500 stamp
2015-07-30 16:21:32.443453) v2 -- ?+0 0x12297a20 con 0x12e81340 -1453>
2015-07-30 16:21:32.443778 7f6834a2d700 1 -- 111.111.111.244:0/6354 --> 111.111.111.243:6819/2529 -- osd_ping(ping e83500 stamp
2015-07-30 16:21:32.443453) v2 -- ?+0 0x12295c20 con 0x10d3d440 -1452>
2015-07-30 16:21:32.443802 7f6834a2d700 1 -- 111.111.111.244:0/6354 --> 100.100.100.243:6828/2529 -- osd_ping(ping e83500 stamp
2015-07-30 16:21:32.443453) v2 -- ?+0 0x12295860 con 0x10d3d700 -1451>
2015-07-30 16:21:32.443826 7f6834a2d700 1 -- 111.111.111.244:0/6354 --> 111.111.111.240:6825/8007143 -- osd_ping(ping e83500 stamp
2015-07-30 16:21:32.443453) v2 -- ?+0 0x12296580 con 0x10c2c420 -1450>
2015-07-30 16:21:32.443849 7f6834a2d700 1 -- 111.111.111.244:0/6354 --> 100.100.100.240:6825/8007143 -- osd_ping(ping e83500 stamp
2015-07-30 16:21:32.443453) v2 -- ?+0 0x12294b40 con 0x10c2c6e0 -1449>
2015-07-30 16:21:32.443855 7f6842c4b700 1 -- 111.111.111.244:0/6354 <== osd.1 100.100.100.243:6810/10101 93 ==== osd_ping(ping_reply e83500 stamp
2015-07-30 16:21:32.443453) v2 ==== 47+0+0 (1870179838 0 0) 0x12af43c0 con 0x10d866e0 -1448>
2015-07-30 16:21:32.443872 7f6834a2d700 1 -- 111.111.111.244:0/6354 --> 111.111.111.241:6802/8005260 -- osd_ping(ping e83500 stamp
2015-07-30 16:21:32.443453) v2 -- ?+0 0x122943c0 con 0x10d7f8c0 -1447>
2015-07-30 16:21:32.443893 7f6834a2d700 1 -- 111.111.111.244:0/6354 --> 100.100.100.241:6807/8005260 -- osd_ping(ping e83500 stamp
2015-07-30 16:21:32.443453) v2 -- ?+0 0x12296d00 con 0x10d7fb80 -1446>
2015-07-30 16:21:32.443915 7f6834a2d700 1 -- 111.111.111.244:0/6354 --> 111.111.111.243:6805/7729 -- osd_ping(ping e83500 stamp
2015-07-30 16:21:32.443453) v2 -- ?+0 0x12295e00 con 0x10d3cd60 -1445>
2015-07-30 16:21:32.443934 7f6834a2d700 1 -- 111.111.111.244:0/6354 --> 100.100.100.243:6807/7729 -- osd_ping(ping e83500 stamp
2015-07-30 16:21:32.443453) v2 -- ?+0 0x12294780 con 0x10d3d020 -1444>
2015-07-30 16:21:32.443955 7f6834a2d700 1 -- 111.111.111.244:0/6354 --> 111.111.111.240:6829/6006000 -- osd_ping(ping e83500 stamp
2015-07-30 16:21:32.443453) v2 -- ?+0 0x12297660 con 0x10d803c0 -1443>
2015-07-30 16:21:32.443972 7f6834a2d700 1 -- 111.111.111.244:0/6354 --> 100.100.100.240:6829/6006000 -- osd_ping(ping e83500 stamp
2015-07-30 16:21:32.443453) v2 -- ?+0 0x12188d20 con 0x10d80680 -1442>
2015-07-30 16:21:32.443986 7f6834a2d700 1 -- 111.111.111.244:0/6354 --> 111.111.111.241:6812/6024459 -- osd_ping(ping e83500 stamp
2015-07-30 16:21:32.443453) v2 -- ?+0 0x12189a40 con 0x10d3a580 -1441>
2015-07-30 16:21:32.443999 7f6834a2d700 1 -- 111.111.111.244:0/6354 --> 100.100.100.241:6833/6024459 -- osd_ping(ping e83500 stamp
2015-07-30 16:21:32.443453) v2 -- ?+0 0x12189680 con 0x10d3a6e0 -1440>
2015-07-30 16:21:32.444012 7f6834a2d700 1 -- 111.111.111.244:0/6354 --> 111.111.111.243:6809/8273 -- osd_ping(ping e83500 stamp
2015-07-30 16:21:32.443453) v2 -- ?+0 0x1218aee0 con 0x10d8ba20 -1439>
2015-07-30 16:21:32.444023 7f6834a2d700 1 -- 111.111.111.244:0/6354 --> 100.100.100.243:6813/8273 -- osd_ping(ping e83500 stamp
2015-07-30 16:21:32.443453) v2 -- ?+0 0x12188000 con 0x10d8bce0 -1438>
2015-07-30 16:21:32.444042 7f6834a2d700 1 -- 111.111.111.244:0/6354 --> 111.111.111.240:6831/6021767 -- osd_ping(ping e83500 stamp
2015-07-30 16:21:32.443453) v2 -- ?+0 0x12189fe0 con 0x10c28580 -1437>
2015-07-30 16:21:32.444062 7f6834a2d700 1 -- 111.111.111.244:0/6354 --> 100.100.100.240:6830/6021767 -- osd_ping(ping e83500 stamp
2015-07-30 16:21:32.443453) v2 -- ?+0 0x121885a0 con 0x10c28840 -1436>
2015-07-30 16:21:32.444084 7f6834a2d700 1 -- 111.111.111.244:0/6354 --> 111.111.111.243:6811/8837 -- osd_ping(ping e83500 stamp
2015-07-30 16:21:32.443453) v2 -- ?+0 0x12188f00 con 0x10d88c00 -1435>
2015-07-30 16:21:32.444106 7f6834a2d700 1 -- 111.111.111.244:0/6354 --> 100.100.100.243:6816/8837 -- osd_ping(ping e83500 stamp
2015-07-30 16:21:32.443453) v2 -- ?+0 0x121890e0 con 0x10d88ec0 -1434>
2015-07-30 16:21:32.444126 7f6834a2d700 1 -- 111.111.111.244:0/6354 --> 111.111.111.241:6815/5026182 -- osd_ping(ping e83500 stamp
2015-07-30 16:21:32.443453) v2 -- ?+0 0x12188b40 con 0x10d8d9c0 -1433>
2015-07-30 16:21:32.444145 7f6834a2d700 1 -- 111.111.111.244:0/6354 --> 100.100.100.241:6834/5026182 -- osd_ping(ping e83500 stamp
2015-07-30 16:21:32.443453) v2 -- ?+0 0x1218b840 con 0x10d8dc80 -1432>
2015-07-30 16:21:32.444162 7f6834a2d700 1 -- 111.111.111.244:0/6354 --> 111.111.111.240:6823/7007591 -- osd_ping(ping e83500 stamp
2015-07-30 16:21:32.443453) v2 -- ?+0 0x121883c0 con 0x10d80ec0 -1431>
2015-07-30 16:21:32.444178 7f6834a2d700 1 -- 111.111.111.244:0/6354 --> 100.100.100.240:6819/7007591 -- osd_ping(ping e83500 stamp
2015-07-30 16:21:32.443453) v2 -- ?+0 0x1218a580 con 0x10d81180 -1430>
2015-07-30 16:21:32.444191 7f6834a2d700 1 -- 111.111.111.244:0/6354 --> 111.111.111.243:6817/9546 -- osd_ping(ping e83500 stamp
2015-07-30 16:21:32.443453) v2 -- ?+0 0x12188780 con 0x10c2c9a0 -1429>
2015-07-30 16:21:32.444209 7f6834a2d700 1 -- 111.111.111.244:0/6354 --> 100.100.100.243:6825/9546 -- osd_ping(ping e83500 stamp
2015-07-30 16:21:32.443453) v2 -- ?+0 0x1218a760 con 0x10c2cc60 -1428>
2015-07-30 16:21:32.444224 7f6834a2d700 1 -- 111.111.111.244:0/6354 --> 111.111.111.241:6808/5023277 -- osd_ping(ping e83500 stamp
2015-07-30 16:21:32.443453) v2 -- ?+0 0x121894a0 con 0x10d3d9c0 -1427>
2015-07-30 16:21:32.444243 7f6834a2d700 1 -- 111.111.111.244:0/6354 --> 100.100.100.241:6821/5023277 -- osd_ping(ping e83500 stamp
2015-07-30 16:21:32.443453) v2 -- ?+0 0x1218a1c0 con 0x10d8a000 -1426>
2015-07-30 16:21:32.444265 7f6834a2d700 1 -- 111.111.111.244:0/6354 --> 111.111.111.240:6827/7007366 -- osd_ping(ping e83500 stamp
2015-07-30 16:21:32.443453) v2 -- ?+0 0x12188960 con 0x10d8a2c0 -1425>
2015-07-30 16:21:32.444285 7f6834a2d700 1 -- 111.111.111.244:0/6354 --> 100.100.100.240:6828/7007366 -- osd_ping(ping e83500 stamp
2015-07-30 16:21:32.443453) v2 -- ?+0 0x11082000 con 0x10d8a580 -1424>
2015-07-30 16:21:32.444307 7f6834a2d700 1 -- 111.111.111.244:0/6354 --> 111.111.111.243:6801/5963 -- osd_ping(ping e83500 stamp
2015-07-30 16:21:32.443453) v2 -- ?+0 0x11082960 con 0x10d86c60 -1423>
2015-07-30 16:21:32.444325 7f6834a2d700 1 -- 111.111.111.244:0/6354 --> 100.100.100.243:6801/5963 -- osd_ping(ping e83500 stamp
2015-07-30 16:21:32.443453) v2 -- ?+0 0x11085480 con 0x10d86f20 -1422>
2015-07-30 16:21:32.444360 7f6834a2d700 1 -- 111.111.111.244:0/6354 --> 111.111.111.241:6805/6023860 -- osd_ping(ping e83500 stamp
2015-07-30 16:21:32.443453) v2 -- ?+0 0x11083860 con 0x10d80940 -1421>
2015-07-30 16:21:32.444392 7f6834a2d700 1 -- 111.111.111.244:0/6354 --> 100.100.100.241:6801/6023860 -- osd_ping(ping e83500 stamp
2015-07-30 16:21:32.443453) v2 -- ?+0 0x110823c0 con 0x10d80c00 -1420>
2015-07-30 16:21:32.444424 7f6834a2d700 1 -- 111.111.111.244:0/6354 --> 111.111.111.241:6822/1004350 -- osd_ping(ping e83500 stamp
2015-07-30 16:21:32.443453) v2 -- ?+0 0x1399ab20 con 0x12e80b00 -1419>
2015-07-30 16:21:32.444442 7f6834a2d700 1 -- 111.111.111.244:0/6354 --> 100.100.100.241:6835/1004350 -- osd_ping(ping e83500 stamp
2015-07-30 16:21:32.443453) v2 -- ?+0 0x139983c0 con 0x12e80dc0 -1418>
