2014-06-12 14:45:54.904881 7f9d69be4700 10 osd.2 pg_epoch: 173 pg[3.54b( v 173'2704 (0'0,173'2704] local-les=145 n=279 ec=23 les/c 145/145 144/144/133) [2,23] r=0 lpr=144 luod=173'2702 crt=0'0 lcod 173'2701 mlcod 173'2701 active+clean] do_osd_op set-alloc-hint object_size 4194304 write_size 4194304
2014-06-12 14:45:54.904895 7f9d69be4700 10 osd.2 pg_epoch: 173 pg[3.54b( v 173'2704 (0'0,173'2704] local-les=145 n=279 ec=23 les/c 145/145 144/144/133) [2,23] r=0 lpr=144 luod=173'2702 crt=0'0 lcod 173'2701 mlcod 173'2701 active+clean] do_osd_op write 925696~516096
2014-06-12 14:45:54.904912 7f9d69be4700 15 osd.2 pg_epoch: 173 pg[3.54b( v 173'2704 (0'0,173'2704] local-les=145 n=279 ec=23 les/c 145/145 144/144/133) [2,23] r=0 lpr=144 luod=173'2702 crt=0'0 lcod 173'2701 mlcod 173'2701 active+clean] do_osd_op_effects on session 0x53ac800
2014-06-12 14:45:54.904925 7f9d69be4700 20 osd.2 pg_epoch: 173 pg[3.54b( v 173'2704 (0'0,173'2704] local-les=145 n=279 ec=23 les/c 145/145 144/144/133) [2,23] r=0 lpr=144 luod=173'2702 crt=0'0 lcod 173'2701 mlcod 173'2701 active+clean] make_writeable 89d0ed4b/rbd_data.10b16b8b4567.000000000000104a/head//3 snapset=0x1e15fa78 snapc=0=[]
2014-06-12 14:45:54.904938 7f9d69be4700 20 osd.2 pg_epoch: 173 pg[3.54b( v 173'2704 (0'0,173'2704] local-les=145 n=279 ec=23 les/c 145/145 144/144/133) [2,23] r=0 lpr=144 luod=173'2702 crt=0'0 lcod 173'2701 mlcod 173'2701 active+clean] make_writeable 89d0ed4b/rbd_data.10b16b8b4567.000000000000104a/head//3 done, snapset=0=[]:[]+head
2014-06-12 14:45:54.904951 7f9d69be4700 20 osd.2 pg_epoch: 173 pg[3.54b( v 173'2704 (0'0,173'2704] local-les=145 n=279 ec=23 les/c 145/145 144/144/133) [2,23] r=0 lpr=144 luod=173'2702 crt=0'0 lcod 173'2701 mlcod 173'2701 active+clean] finish_ctx 89d0ed4b/rbd_data.10b16b8b4567.000000000000104a/head//3 0x1a919600 op modify
2014-06-12 14:45:54.904967 7f9d69be4700 10 osd.2 pg_epoch: 173 pg[3.54b( v 173'2704 (0'0,173'2704] local-les=145 n=279 ec=23 les/c 145/145 144/144/133) [2,23] r=0 lpr=144 luod=173'2702 crt=0'0 lcod 173'2701 mlcod 173'2701 active+clean] set mtime to
2014-06-12 08:44:57.276137
2014-06-12 14:45:54.904988 7f9d69be4700 10 osd.2 pg_epoch: 173 pg[3.54b( v 173'2704 (0'0,173'2704] local-les=145 n=279 ec=23 les/c 145/145 144/144/133) [2,23] r=0 lpr=144 luod=173'2702 crt=0'0 lcod 173'2701 mlcod 173'2701 active+clean] final snapset 0=[]:[]+head in 89d0ed4b/rbd_data.10b16b8b4567.000000000000104a/head//3
2014-06-12 14:45:54.905012 7f9d69be4700 20 osd.2 pg_epoch: 173 pg[3.54b( v 173'2704 (0'0,173'2704] local-les=145 n=279 ec=23 les/c 145/145 144/144/133) [2,23] r=0 lpr=144 luod=173'2702 crt=0'0 lcod 173'2701 mlcod 173'2701 active+clean] zeroing write result code 0
2014-06-12 14:45:54.905023 7f9d69be4700 10 osd.2 pg_epoch: 173 pg[3.54b( v 173'2704 (0'0,173'2704] local-les=145 n=279 ec=23 les/c 145/145 144/144/133) [2,23] r=0 lpr=144 luod=173'2702 crt=0'0 lcod 173'2701 mlcod 173'2701 active+clean] new_repop rep_tid 236129 on osd_op(client.4314.0:144972 rbd_data.10b16b8b4567.000000000000104a [set-alloc-hint object_size 4194304 write_size 4194304,write 925696~516096] 3.89d0ed4b ack+ondisk+write+known_if_redirected e173) v4
2014-06-12 14:45:54.905039 7f9d69be4700 7 osd.2 pg_epoch: 173 pg[3.54b( v 173'2704 (0'0,173'2704] local-les=145 n=279 ec=23 les/c 145/145 144/144/133) [2,23] r=0 lpr=144 luod=173'2702 crt=0'0 lcod 173'2701 mlcod 173'2701 active+clean] issue_repop rep_tid 236129 o 89d0ed4b/rbd_data.10b16b8b4567.000000000000104a/head//3
2014-06-12 14:45:54.905077 7f9d69be4700 5 -- op tracker -- , seq: 747282, time:
2014-06-12 14:45:54.905070, event: waiting for subops from 23, op: osd_op(client.4314.0:144972 rbd_data.10b16b8b4567.000000000000104a [set-alloc-hint object_size 4194304 write_size 4194304,write 925696~516096] 3.89d0ed4b ack+ondisk+write+known_if_redirected e173)
2014-06-12 14:45:54.905095 7f9d69be4700 20 osd.2 173 share_map_peer 0x60de580 already has epoch 173
2014-06-12 14:45:54.905116 7f9d69be4700 10 osd.2 pg_epoch: 173 pg[3.54b( v 173'2704 (0'0,173'2704] local-les=145 n=279 ec=23 les/c 145/145 144/144/133) [2,23] r=0 lpr=144 luod=173'2702 crt=0'0 lcod 173'2701 mlcod 173'2701 active+clean] append_log log((0'0,173'2704], crt=0'0) [173'2705 (173'2704) modify 89d0ed4b/rbd_data.10b16b8b4567.000000000000104a/head//3 by client.4314.0:144972
2014-06-12 08:44:57.276137]
2014-06-12 14:45:54.905133 7f9d69be4700 10 osd.2 pg_epoch: 173 pg[3.54b( v 173'2705 (0'0,173'2705] local-les=145 n=279 ec=23 les/c 145/145 144/144/133) [2,23] r=0 lpr=144 luod=173'2702 crt=0'0 lcod 173'2701 mlcod 173'2701 active+clean] add_log_entry 173'2705 (173'2704) modify 89d0ed4b/rbd_data.10b16b8b4567.000000000000104a/head//3 by client.4314.0:144972
2014-06-12 08:44:57.276137
2014-06-12 14:45:54.905155 7f9d69be4700 10 osd.2 pg_epoch: 173 pg[3.54b( v 173'2705 (0'0,173'2705] local-les=145 n=279 ec=23 les/c 145/145 144/144/133) [2,23] r=0 lpr=144 luod=173'2702 crt=0'0 lcod 173'2701 mlcod 173'2701 active+clean] append_log adding 1 keys
2014-06-12 14:45:54.905188 7f9d69be4700 10 write_log with: dirty_to: 0'0, dirty_from: 4294967295'18446744073709551615, dirty_divergent_priors: 0, writeout_from: 173'2705, trimmed:
2014-06-12 14:45:54.905209 7f9d69be4700 5 queue_transactions existing osr(3.54b 0x276db30)/0x276db30
2014-06-12 14:45:54.905214 7f9d69be4700 5 queue_transactions (trailing journal)
2014-06-12 14:45:54.905215 7f9d69be4700 5 queue_op 0x7697860 seq 2450 osr(3.54b 0x276db30) 518389 bytes (queue has 3 ops and 1448671 bytes)
2014-06-12 14:45:54.905223 7f9d69be4700 10 osd.2 pg_epoch: 173 pg[3.54b( v 173'2705 (0'0,173'2705] local-les=145 n=279 ec=23 les/c 145/145 144/144/133) [2,23] r=0 lpr=144 luod=173'2702 crt=0'0 lcod 173'2701 mlcod 173'2701 active+clean] eval_repop repgather(0x1c832e40 173'2705 rep_tid=236129 committed?=0 applied?=0 lock=0 op=osd_op(client.4314.0:144972 rbd_data.10b16b8b4567.000000000000104a [set-alloc-hint object_size 4194304 write_size 4194304,write 925696~516096] 3.89d0ed4b ack+ondisk+write+known_if_redirected e173) v4) wants=ad
2014-06-12 14:45:54.905246 7f9d69be4700 10 osd.2 173 dequeue_op 0x1e3ebc00 finish
2014-06-12 14:45:54.905254 7f9d69be4700 15 OSD::op_tp worker wq OSD::OpWQ done processing 0x1 (1 active)
2014-06-12 14:45:54.905258 7f9d69be4700 20 OSD::op_tp worker waiting
2014-06-12 14:45:54.905569 7f9d633d7700 10 osd.2 173 dequeue_op 0x1e3ea600 prio 63 cost 516096 latency 0.003602 osd_op(client.4314.0:144973 rbd_data.10b16b8b4567.000000000000104a [set-alloc-hint object_size 4194304 write_size 4194304,write 1441792~516096] 3.89d0ed4b ack+ondisk+write+known_if_redirected e173) v4 pg pg[3.54b( v 173'2705 (0'0,173'2705] local-les=145 n=279 ec=23 les/c 145/145 144/144/133) [2,23] r=0 lpr=144 luod=173'2702 crt=0'0 lcod 173'2701 mlcod 173'2701 active+clean]
2014-06-12 14:45:54.905600 7f9d633d7700 5 -- op tracker -- , seq: 747283, time:
2014-06-12 14:45:54.905594, event: reached_pg, op: osd_op(client.4314.0:144973 rbd_data.10b16b8b4567.000000000000104a [set-alloc-hint object_size 4194304 write_size 4194304,write 1441792~516096] 3.89d0ed4b ack+ondisk+write+known_if_redirected e173)
2014-06-12 14:45:54.905631 7f9d7815d700 12 KeyValueStore::op_tp worker wq KeyValueStore::OpWQ start processing 0x52e7440 (3 active)
2014-06-12 14:45:54.905609 7f9d633d7700 20 osd.2 pg_epoch: 173 pg[3.54b( v 173'2705 (0'0,173'2705] local-les=145 n=279 ec=23 les/c 145/145 144/144/133) [2,23] r=0 lpr=144 luod=173'2702 crt=0'0 lcod 173'2701 mlcod 173'2701 active+clean] op_has_sufficient_caps pool=3 (ceph ) owner=0 need_read_cap=0 need_write_cap=1 need_class_read_cap=0 need_class_write_cap=0 -> yes
2014-06-12 14:45:54.905642 7f9d633d7700 10 osd.2 pg_epoch: 173 pg[3.54b( v 173'2705 (0'0,173'2705] local-les=145 n=279 ec=23 les/c 145/145 144/144/133) [2,23] r=0 lpr=144 luod=173'2702 crt=0'0 lcod 173'2701 mlcod 173'2701 active+clean] handle_message: 0x1e3ea600
2014-06-12 14:45:54.905652 7f9d633d7700 10 osd.2 pg_epoch: 173 pg[3.54b( v 173'2705 (0'0,173'2705] local-les=145 n=279 ec=23 les/c 145/145 144/144/133) [2,23] r=0 lpr=144 luod=173'2702 crt=0'0 lcod 173'2701 mlcod 173'2701 active+clean] do_op osd_op(client.4314.0:144973 rbd_data.10b16b8b4567.000000000000104a [set-alloc-hint object_size 4194304 write_size 4194304,write 1441792~516096] 3.89d0ed4b ack+ondisk+write+known_if_redirected e173) v4 may_write -> write-ordered flags ack+ondisk+write+known_if_redirected
2014-06-12 14:45:54.905673 7f9d633d7700 10 osd.2 pg_epoch: 173 pg[3.54b( v 173'2705 (0'0,173'2705] local-les=145 n=279 ec=23 les/c 145/145 144/144/133) [2,23] r=0 lpr=144 luod=173'2702 crt=0'0 lcod 173'2701 mlcod 173'2701 active+clean] get_object_context: found obc in cache: 0x14265600
2014-06-12 14:45:54.905686 7f9d633d7700 10 osd.2 pg_epoch: 173 pg[3.54b( v 173'2705 (0'0,173'2705] local-les=145 n=279 ec=23 les/c 145/145 144/144/133) [2,23] r=0 lpr=144 luod=173'2702 crt=0'0 lcod 173'2701 mlcod 173'2701 active+clean] get_object_context: 0x14265600 89d0ed4b/rbd_data.10b16b8b4567.000000000000104a/head//3 rwstate(write n=3 w=0) oi: 89d0ed4b/rbd_data.10b16b8b4567.000000000000104a/head//3(173'2705 client.4314.0:144972 wrlock_by=unknown.0.0:0 dirty s 4194304 uv2705) ssc: 0x1e15fa40 snapset: 0=[]:[]+head
2014-06-12 14:45:54.905702 7f9d633d7700 10 osd.2 pg_epoch: 173 pg[3.54b( v 173'2705 (0'0,173'2705] local-les=145 n=279 ec=23 les/c 145/145 144/144/133) [2,23] r=0 lpr=144 luod=173'2702 crt=0'0 lcod 173'2701 mlcod 173'2701 active+clean] find_object_context 89d0ed4b/rbd_data.10b16b8b4567.000000000000104a/head//3 @head oi=89d0ed4b/rbd_data.10b16b8b4567.000000000000104a/head//3(173'2705 client.4314.0:144972 wrlock_by=unknown.0.0:0 dirty s 4194304 uv2705)
2014-06-12 14:45:54.905723 7f9d633d7700 5 -- op tracker -- , seq: 747283, time:
2014-06-12 14:45:54.905718, event: started, op: osd_op(client.4314.0:144973 rbd_data.10b16b8b4567.000000000000104a [set-alloc-hint object_size 4194304 write_size 4194304,write 1441792~516096] 3.89d0ed4b ack+ondisk+write+known_if_redirected e173)
2014-06-12 14:45:54.905732 7f9d633d7700 10 osd.2 pg_epoch: 173 pg[3.54b( v 173'2705 (0'0,173'2705] local-les=145 n=279 ec=23 les/c 145/145 144/144/133) [2,23] r=0 lpr=144 luod=173'2702 crt=0'0 lcod 173'2701 mlcod 173'2701 active+clean] execute_ctx 0x16af3800
2014-06-12 14:45:54.905751 7f9d633d7700 5 -- op tracker -- , seq: 747283, time:
2014-06-12 14:45:54.905746, event: started, op: osd_op(client.4314.0:144973 rbd_data.10b16b8b4567.000000000000104a [set-alloc-hint object_size 4194304 write_size 4194304,write 1441792~516096] 3.89d0ed4b ack+ondisk+write+known_if_redirected e173)
2014-06-12 14:45:54.905758 7f9d633d7700 10 osd.2 pg_epoch: 173 pg[3.54b( v 173'2705 (0'0,173'2705] local-les=145 n=279 ec=23 les/c 145/145 144/144/133) [2,23] r=0 lpr=144 luod=173'2702 crt=0'0 lcod 173'2701 mlcod 173'2701 active+clean] do_op 89d0ed4b/rbd_data.10b16b8b4567.000000000000104a/head//3 [set-alloc-hint object_size 4194304 write_size 4194304,write 1441792~516096] ov 173'2705 av 173'2706 snapc 0=[] snapset 0=[]:[]+head
2014-06-12 14:45:54.905775 7f9d633d7700 10 osd.2 pg_epoch: 173 pg[3.54b( v 173'2705 (0'0,173'2705] local-les=145 n=279 ec=23 les/c 145/145 144/144/133) [2,23] r=0 lpr=144 luod=173'2702 crt=0'0 lcod 173'2701 mlcod 173'2701 active+clean] do_osd_op 89d0ed4b/rbd_data.10b16b8b4567.000000000000104a/head//3 [set-alloc-hint object_size 4194304 write_size 4194304,write 1441792~516096]
2014-06-12 14:45:54.905785 7f9d633d7700 10 osd.2 pg_epoch: 173 pg[3.54b( v 173'2705 (0'0,173'2705] local-les=145 n=279 ec=23 les/c 145/145 144/144/133) [2,23] r=0 lpr=144 luod=173'2702 crt=0'0 lcod 173'2701 mlcod 173'2701 active+clean] do_osd_op set-alloc-hint object_size 4194304 write_size 4194304
2014-06-12 14:45:54.905796 7f9d633d7700 10 osd.2 pg_epoch: 173 pg[3.54b( v 173'2705 (0'0,173'2705] local-les=145 n=279 ec=23 les/c 145/145 144/144/133) [2,23] r=0 lpr=144 luod=173'2702 crt=0'0 lcod 173'2701 mlcod 173'2701 active+clean] do_osd_op write 1441792~516096
2014-06-12 14:45:54.905810 7f9d633d7700 15 osd.2 pg_epoch: 173 pg[3.54b( v 173'2705 (0'0,173'2705] local-les=145 n=279 ec=23 les/c 145/145 144/144/133) [2,23] r=0 lpr=144 luod=173'2702 crt=0'0 lcod 173'2701 mlcod 173'2701 active+clean] do_osd_op_effects on session 0x53ac800
2014-06-12 14:45:54.905821 7f9d633d7700 20 osd.2 pg_epoch: 173 pg[3.54b( v 173'2705 (0'0,173'2705] local-les=145 n=279 ec=23 les/c 145/145 144/144/133) [2,23] r=0 lpr=144 luod=173'2702 crt=0'0 lcod 173'2701 mlcod 173'2701 active+clean] make_writeable 89d0ed4b/rbd_data.10b16b8b4567.000000000000104a/head//3 snapset=0x1e15fa78 snapc=0=[]
2014-06-12 14:45:54.905832 7f9d633d7700 20 osd.2 pg_epoch: 173 pg[3.54b( v 173'2705 (0'0,173'2705] local-les=145 n=279 ec=23 les/c 145/145 144/144/133) [2,23] r=0 lpr=144 luod=173'2702 crt=0'0 lcod 173'2701 mlcod 173'2701 active+clean] make_writeable 89d0ed4b/rbd_data.10b16b8b4567.000000000000104a/head//3 done, snapset=0=[]:[]+head
2014-06-12 14:45:54.905843 7f9d633d7700 20 osd.2 pg_epoch: 173 pg[3.54b( v 173'2705 (0'0,173'2705] local-les=145 n=279 ec=23 les/c 145/145 144/144/133) [2,23] r=0 lpr=144 luod=173'2702 crt=0'0 lcod 173'2701 mlcod 173'2701 active+clean] finish_ctx 89d0ed4b/rbd_data.10b16b8b4567.000000000000104a/head//3 0x16af3800 op modify
2014-06-12 14:45:54.905858 7f9d633d7700 10 osd.2 pg_epoch: 173 pg[3.54b( v 173'2705 (0'0,173'2705] local-les=145 n=279 ec=23 les/c 145/145 144/144/133) [2,23] r=0 lpr=144 luod=173'2702 crt=0'0 lcod 173'2701 mlcod 173'2701 active+clean] set mtime to
2014-06-12 08:44:57.282309
2014-06-12 14:45:54.905878 7f9d633d7700 10 osd.2 pg_epoch: 173 pg[3.54b( v 173'2705 (0'0,173'2705] local-les=145 n=279 ec=23 les/c 145/145 144/144/133) [2,23] r=0 lpr=144 luod=173'2702 crt=0'0 lcod 173'2701 mlcod 173'2701 active+clean] final snapset 0=[]:[]+head in 89d0ed4b/rbd_data.10b16b8b4567.000000000000104a/head//3
2014-06-12 14:45:54.905896 7f9d633d7700 20 osd.2 pg_epoch: 173 pg[3.54b( v 173'2705 (0'0,173'2705] local-les=145 n=279 ec=23 les/c 145/145 144/144/133) [2,23] r=0 lpr=144 luod=173'2702 crt=0'0 lcod 173'2701 mlcod 173'2701 active+clean] zeroing write result code 0
2014-06-12 14:45:54.905908 7f9d633d7700 10 osd.2 pg_epoch: 173 pg[3.54b( v 173'2705 (0'0,173'2705] local-les=145 n=279 ec=23 les/c 145/145 144/144/133) [2,23] r=0 lpr=144 luod=173'2702 crt=0'0 lcod 173'2701 mlcod 173'2701 active+clean] new_repop rep_tid 236130 on osd_op(client.4314.0:144973 rbd_data.10b16b8b4567.000000000000104a [set-alloc-hint object_size 4194304 write_size 4194304,write 1441792~516096] 3.89d0ed4b ack+ondisk+write+known_if_redirected e173) v4
2014-06-12 14:45:54.905925 7f9d633d7700 7 osd.2 pg_epoch: 173 pg[3.54b( v 173'2705 (0'0,173'2705] local-les=145 n=279 ec=23 les/c 145/145 144/144/133) [2,23] r=0 lpr=144 luod=173'2702 crt=0'0 lcod 173'2701 mlcod 173'2701 active+clean] issue_repop rep_tid 236130 o 89d0ed4b/rbd_data.10b16b8b4567.000000000000104a/head//3
2014-06-12 14:45:54.905947 7f9d633d7700 5 -- op tracker -- , seq: 747283, time:
2014-06-12 14:45:54.905941, event: waiting for subops from 23, op: osd_op(client.4314.0:144973 rbd_data.10b16b8b4567.000000000000104a [set-alloc-hint object_size 4194304 write_size 4194304,write 1441792~516096] 3.89d0ed4b ack+ondisk+write+known_if_redirected e173)
2014-06-12 14:45:54.905963 7f9d633d7700 20 osd.2 173 share_map_peer 0x60de580 already has epoch 173
2014-06-12 14:45:54.905982 7f9d633d7700 10 osd.2 pg_epoch: 173 pg[3.54b( v 173'2705 (0'0,173'2705] local-les=145 n=279 ec=23 les/c 145/145 144/144/133) [2,23] r=0 lpr=144 luod=173'2702 crt=0'0 lcod 173'2701 mlcod 173'2701 active+clean] append_log log((0'0,173'2705], crt=0'0) [173'2706 (173'2705) modify 89d0ed4b/rbd_data.10b16b8b4567.000000000000104a/head//3 by client.4314.0:144973
2014-06-12 08:44:57.282309]
2014-06-12 14:45:54.906003 7f9d633d7700 10 osd.2 pg_epoch: 173 pg[3.54b( v 173'2706 (0'0,173'2706] local-les=145 n=279 ec=23 les/c 145/145 144/144/133) [2,23] r=0 lpr=144 luod=173'2702 crt=0'0 lcod 173'2701 mlcod 173'2701 active+clean] add_log_entry 173'2706 (173'2705) modify 89d0ed4b/rbd_data.10b16b8b4567.000000000000104a/head//3 by client.4314.0:144973
2014-06-12 08:44:57.282309
2014-06-12 14:45:54.906024 7f9d633d7700 10 osd.2 pg_epoch: 173 pg[3.54b( v 173'2706 (0'0,173'2706] local-les=145 n=279 ec=23 les/c 145/145 144/144/133) [2,23] r=0 lpr=144 luod=173'2702 crt=0'0 lcod 173'2701 mlcod 173'2701 active+clean] append_log adding 1 keys
2014-06-12 14:45:54.906052 7f9d633d7700 10 write_log with: dirty_to: 0'0, dirty_from: 4294967295'18446744073709551615, dirty_divergent_priors: 0, writeout_from: 173'2706, trimmed:
2014-06-12 14:45:54.906072 7f9d633d7700 5 queue_transactions existing osr(3.54b 0x276db30)/0x276db30
2014-06-12 14:45:54.906076 7f9d633d7700 5 queue_transactions (trailing journal)
2014-06-12 14:45:54.906073 7f9d7d167700 10 _generic_write 3.54b_head/89d0ed4b/rbd_data.10b16b8b4567.000000000000104a/head//3 0~409600 = 0
2014-06-12 14:45:54.906078 7f9d633d7700 5 queue_op 0x15cda900 seq 2451 osr(3.54b 0x276db30) 518389 bytes (queue has 4 ops and 1967060 bytes)
2014-06-12 14:45:54.906086 7f9d8116f700 12 KeyValueStore::op_tp worker wq KeyValueStore::OpWQ start processing 0x52e7440 (4 active)
2014-06-12 14:45:54.906084 7f9d633d7700 10 osd.2 pg_epoch: 173 pg[3.54b( v 173'2706 (0'0,173'2706] local-les=145 n=279 ec=23 les/c 145/145 144/144/133) [2,23] r=0 lpr=144 luod=173'2702 crt=0'0 lcod 173'2701 mlcod 173'2701 active+clean] eval_repop repgather(0x5147ec0 173'2706 rep_tid=236130 committed?=0 applied?=0 lock=0 op=osd_op(client.4314.0:144973 rbd_data.10b16b8b4567.000000000000104a [set-alloc-hint object_size 4194304 write_size 4194304,write 1441792~516096] 3.89d0ed4b ack+ondisk+write+known_if_redirected e173) v4) wants=ad
2014-06-12 14:45:54.906100 7f9d633d7700 10 osd.2 173 dequeue_op 0x1e3ea600 finish
2014-06-12 14:45:54.906106 7f9d633d7700 15 OSD::op_tp worker wq OSD::OpWQ done processing 0x1 (0 active)
2014-06-12 14:45:54.906110 7f9d633d7700 20 OSD::op_tp worker waiting
2014-06-12 14:45:54.906124 7f9d7d167700 15 _setattrs 3.54b_head/89d0ed4b/rbd_data.10b16b8b4567.000000000000104a/head//3
2014-06-12 14:45:54.906138 7f9d7d167700 10 _setattrs 3.54b_head/89d0ed4b/rbd_data.10b16b8b4567.000000000000104a/head//3 = 0
2014-06-12 14:45:54.906143 7f9d7d167700 15 _setattrs 3.54b_head/89d0ed4b/rbd_data.10b16b8b4567.000000000000104a/head//3
2014-06-12 14:45:54.906150 7f9d7d167700 10 _setattrs 3.54b_head/89d0ed4b/rbd_data.10b16b8b4567.000000000000104a/head//3 = 0
2014-06-12 14:45:54.906357 7f9d7d167700 20 set_header setting 17860 cid 3.54b_head oid 89d0ed4b/rbd_data.10b16b8b4567.000000000000104a/head//3 parent seq 0
2014-06-12 14:45:54.906418 7f9d7d167700 20 set_header setting 3 cid meta oid 16ef7597/infos/head//-1 parent seq 0
2014-06-12 14:45:54.906435 7f9d7d167700 20 set_header setting 2088 cid meta oid 1fe10acb/pglog_3.54b/0//-1 parent seq 0
2014-06-12 14:45:54.906445 7f9d7d167700 5 submit_transaction r = 0
2014-06-12 14:45:54.907971 7f9d7d167700 10 _do_op 0x67a05a0 seq 2448 r = 0, finisher 0x80f6780 0x38997fc0
2014-06-12 14:45:54.907986 7f9d7d167700 10 _finish_op 0x67a05a0 seq 2448 osr(3.54b 0x276db30)/0x276db30
2014-06-12 14:45:54.907999 7f9d7e96a700 5 _do_op 0x88d2720 seq 2449 osr(3.54b 0x276db30)/0x276db30 start
2014-06-12 14:45:54.908003 7f9d7e96a700 10 _do_transaction on 0x31ee66c0
2014-06-12 14:45:54.907993 7f9d7715b700 10 osd.2 pg_epoch: 173 pg[3.54b( v 173'2706 (0'0,173'2706] local-les=145 n=279 ec=23 les/c 145/145 144/144/133) [2,23] r=0 lpr=144 luod=173'2702 crt=0'0 lcod 173'2701 mlcod 173'2701 active+clean] op_commit: 236127
2014-06-12 14:45:54.908010 7f9d7e96a700 15 _omap_setkeys meta/1fe10acb/pglog_3.54b/0//-1
2014-06-12 14:45:54.908019 7f9d7715b700 5 -- op tracker -- , seq: 747276, time:
2014-06-12 14:45:54.908011, event: op_commit, op: osd_op(client.4314.0:144970 rbd_data.10b16b8b4567.000000000000104a [set-alloc-hint object_size 4194304 write_size 4194304,write 0~409600] 3.89d0ed4b ack+ondisk+write+known_if_redirected e173)
2014-06-12 14:45:54.908124 7f9d7e96a700 10 lookup_strip_header done cid meta oid 1fe10acb/pglog_3.54b/0//-1
2014-06-12 14:45:54.908154 7f9d7e96a700 15 _omap_setkeys meta/16ef7597/infos/head//-1
2014-06-12 14:45:54.908219 7f9d7e96a700 10 lookup_strip_header done cid meta oid 16ef7597/infos/head//-1
2014-06-12 14:45:54.908327 7f9d7e96a700 15 _omap_rmkeys meta/1fe10acb/pglog_3.54b/0//-1
2014-06-12 14:45:54.908337 7f9d7e96a700 10 _omap_rmkeys meta/1fe10acb/pglog_3.54b/0//-1 r = 0
2014-06-12 14:45:54.908343 7f9d7e96a700 15 _omap_setkeys meta/1fe10acb/pglog_3.54b/0//-1
2014-06-12 14:45:54.908365 7f9d7e96a700 15 _write 3.54b_head/89d0ed4b/rbd_data.10b16b8b4567.000000000000104a/head//3 409600~516096
2014-06-12 14:45:54.908482 7f9d7e96a700 10 lookup_strip_header done cid 3.54b_head oid 89d0ed4b/rbd_data.10b16b8b4567.000000000000104a/head//3
2014-06-12 14:45:54.908621 7f9d7e96a700 10 file_to_extents done
2014-06-12 14:45:54.909751 7f9d7795c700 10 osd.2 pg_epoch: 173 pg[3.54b( v 173'2706 (0'0,173'2706] local-les=145 n=279 ec=23 les/c 145/145 144/144/133) [2,23] r=0 lpr=144 luod=173'2702 crt=0'0 lcod 173'2701 mlcod 173'2701 active+clean] op_applied: 236127
2014-06-12 14:45:54.909785 7f9d7795c700 5 -- op tracker -- , seq: 747276, time:
2014-06-12 14:45:54.909776, event: op_applied, op: osd_op(client.4314.0:144970 rbd_data.10b16b8b4567.000000000000104a [set-alloc-hint object_size 4194304 write_size 4194304,write 0~409600] 3.89d0ed4b ack+ondisk+write+known_if_redirected e173)
2014-06-12 14:45:54.909794 7f9d7795c700 10 osd.2 pg_epoch: 173 pg[3.54b( v 173'2706 (0'0,173'2706] local-les=145 n=279 ec=23 les/c 145/145 144/144/133) [2,23] r=0 lpr=144 luod=173'2702 crt=0'0 lcod 173'2701 mlcod 173'2701 active+clean] op_applied on primary on version 173'2703
2014-06-12 14:45:54.909823 7f9d7d167700 15 KeyValueStore::op_tp worker wq KeyValueStore::OpWQ done processing 0x52e7440 (3 active)
2014-06-12 14:45:54.909829 7f9d7d167700 20 KeyValueStore::op_tp worker waiting
2014-06-12 14:45:54.909990 7f9d7e96a700 10 _generic_write 3.54b_head/89d0ed4b/rbd_data.10b16b8b4567.000000000000104a/head//3 409600~516096 = 0
2014-06-12 14:45:54.910033 7f9d7e96a700 15 _setattrs 3.54b_head/89d0ed4b/rbd_data.10b16b8b4567.000000000000104a/head//3
2014-06-12 14:45:54.910043 7f9d7e96a700 10 _setattrs 3.54b_head/89d0ed4b/rbd_data.10b16b8b4567.000000000000104a/head//3 = 0
2014-06-12 14:45:54.910050 7f9d7e96a700 15 _setattrs 3.54b_head/89d0ed4b/rbd_data.10b16b8b4567.000000000000104a/head//3
2014-06-12 14:45:54.910055 7f9d7e96a700 10 _setattrs 3.54b_head/89d0ed4b/rbd_data.10b16b8b4567.000000000000104a/head//3 = 0
2014-06-12 14:45:54.910193 7f9d7e96a700 20 set_header setting 17860 cid 3.54b_head oid 89d0ed4b/rbd_data.10b16b8b4567.000000000000104a/head//3 parent seq 0
2014-06-12 14:45:54.910256 7f9d7e96a700 20 set_header setting 3 cid meta oid 16ef7597/infos/head//-1 parent seq 0
2014-06-12 14:45:54.910267 7f9d7e96a700 20 set_header setting 2088 cid meta oid 1fe10acb/pglog_3.54b/0//-1 parent seq 0
2014-06-12 14:45:54.910273 7f9d7e96a700 5 submit_transaction r = 0
2014-06-12 14:45:54.911118 7f9d5a16f700 5 -- op tracker -- , seq: 747284, time:
2014-06-12 14:45:54.910328, event: header_read, op: osd_sub_op(client.4306.0:143773 3.4e0 6ae164e0/rbd_data.10a96b8b4567.0000000000000f62/head//3 [] v 173'2630 snapset=0=[]:[] snapc=0=[])
2014-06-12 14:45:54.911133 7f9d5a16f700 5 -- op tracker -- , seq: 747284, time:
2014-06-12 14:45:54.910331, event: throttled, op: osd_sub_op(client.4306.0:143773 3.4e0 6ae164e0/rbd_data.10a96b8b4567.0000000000000f62/head//3 [] v 173'2630 snapset=0=[]:[] snapc=0=[])
2014-06-12 14:45:54.911142 7f9d5a16f700 5 -- op tracker -- , seq: 747284, time:
2014-06-12 14:45:54.911079, event: all_read, op: osd_sub_op(client.4306.0:143773 3.4e0 6ae164e0/rbd_data.10a96b8b4567.0000000000000f62/head//3 [] v 173'2630 snapset=0=[]:[] snapc=0=[])
2014-06-12 14:45:54.911150 7f9d5a16f700 5 -- op tracker -- , seq: 747284, time: 0.000000, event: dispatched, op: osd_sub_op(client.4306.0:143773 3.4e0 6ae164e0/rbd_data.10a96b8b4567.0000000000000f62/head//3 [] v 173'2630 snapset=0=[]:[] snapc=0=[])
2014-06-12 14:45:54.911156 7f9d5a16f700 10 osd.2 173 handle_replica_op osd_sub_op(client.4306.0:143773 3.4e0 6ae164e0/rbd_data.10a96b8b4567.0000000000000f62/head//3 [] v 173'2630 snapset=0=[]:[] snapc=0=[]) v10 epoch 173
2014-06-12 14:45:54.911163 7f9d5a16f700 20 osd.2 173 should_share_map osd.24 172.16.96.202:6827/2720 173
2014-06-12 14:45:54.911172 7f9d5a16f700 15 osd.2 173 enqueue_op 0x124e3700 prio 127 cost 287527 latency 0.000844 osd_sub_op(client.4306.0:143773 3.4e0 6ae164e0/rbd_data.10a96b8b4567.0000000000000f62/head//3 [] v 173'2630 snapset=0=[]:[] snapc=0=[]) v10
2014-06-12 14:45:54.912122 7f9d68be2700 12 OSD::op_tp worker wq OSD::OpWQ start processing 0x1 (1 active)
2014-06-12 14:45:54.912137 7f9d68be2700 10 osd.2 173 dequeue_op 0x124e3700 prio 127 cost 287527 latency 0.001809 osd_sub_op(client.4306.0:143773 3.4e0 6ae164e0/rbd_data.10a96b8b4567.0000000000000f62/head//3 [] v 173'2630 snapset=0=[]:[] snapc=0=[]) v10 pg pg[3.4e0( v 173'2629 (0'0,173'2629] local-les=147 n=301 ec=23 les/c 147/147 146/146/146) [24,2] r=1 lpr=146 pi=23-145/12 luod=0'0 crt=0'0 lcod 173'2628 active]
2014-06-12 14:45:54.912165 7f9d68be2700 5 -- op tracker -- , seq: 747284, time:
2014-06-12 14:45:54.912160, event: reached_pg, op: osd_sub_op(client.4306.0:143773 3.4e0 6ae164e0/rbd_data.10a96b8b4567.0000000000000f62/head//3 [] v 173'2630 snapset=0=[]:[] snapc=0=[])
2014-06-12 14:45:54.912175 7f9d68be2700 10 osd.2 pg_epoch: 173 pg[3.4e0( v 173'2629 (0'0,173'2629] local-les=147 n=301 ec=23 les/c 147/147 146/146/146) [24,2] r=1 lpr=146 pi=23-145/12 luod=0'0 crt=0'0 lcod 173'2628 active] handle_message: 0x124e3700
2014-06-12 14:45:54.912184 7f9d68be2700 10 osd.2 pg_epoch: 173 pg[3.4e0( v 173'2629 (0'0,173'2629] local-les=147 n=301 ec=23 les/c 147/147 146/146/146) [24,2] r=1 lpr=146 pi=23-145/12 luod=0'0 crt=0'0 lcod 173'2628 active] sub_op_modify trans 6ae164e0/rbd_data.10a96b8b4567.0000000000000f62/head//3 v 173'2630 (transaction) 174
2014-06-12 14:45:54.912195 7f9d68be2700 5 -- op tracker -- , seq: 747284, time:
2014-06-12 14:45:54.912192, event: started, op: osd_sub_op(client.4306.0:143773 3.4e0 6ae164e0/rbd_data.10a96b8b4567.0000000000000f62/head//3 [] v 173'2630 snapset=0=[]:[] snapc=0=[])
2014-06-12 14:45:54.912211 7f9d68be2700 10 osd.2 pg_epoch: 173 pg[3.4e0( v 173'2629 (0'0,173'2629] local-les=147 n=301 ec=23 les/c 147/147 146/146/146) [24,2] r=1 lpr=146 pi=23-145/12 luod=0'0 crt=0'0 lcod 173'2628 active] append_log log((0'0,173'2629], crt=0'0) [173'2630 (173'696) modify 6ae164e0/rbd_data.10a96b8b4567.0000000000000f62/head//3 by client.4306.0:143773
2014-06-12 08:43:00.237313]
2014-06-12 14:45:54.912232 7f9d68be2700 10 osd.2 pg_epoch: 173 pg[3.4e0( v 173'2630 (0'0,173'2630] local-les=147 n=301 ec=23 les/c 147/147 146/146/146) [24,2] r=1 lpr=146 pi=23-145/12 luod=0'0 crt=0'0 lcod 173'2628 active] add_log_entry 173'2630 (173'696) modify 6ae164e0/rbd_data.10a96b8b4567.0000000000000f62/head//3 by client.4306.0:143773
2014-06-12 08:43:00.237313
2014-06-12 14:45:54.912251 7f9d68be2700 10 osd.2 pg_epoch: 173 pg[3.4e0( v 173'2630 (0'0,173'2630] local-les=147 n=301 ec=23 les/c 147/147 146/146/146) [24,2] r=1 lpr=146 pi=23-145/12 luod=0'0 crt=0'0 lcod 173'2628 active] append_log adding 1 keys
2014-06-12 14:45:54.912280 7f9d68be2700 10 write_log with: dirty_to: 0'0, dirty_from: 4294967295'18446744073709551615, dirty_divergent_priors: 0, writeout_from: 173'2630, trimmed:
2014-06-12 14:45:54.912299 7f9d68be2700 5 -- op tracker -- , seq: 747284, time:
2014-06-12 14:45:54.912296, event: started, op: osd_sub_op(client.4306.0:143773 3.4e0 6ae164e0/rbd_data.10a96b8b4567.0000000000000f62/head//3 [] v 173'2630 snapset=0=[]:[] snapc=0=[])
2014-06-12 14:45:54.912308 7f9d68be2700 5 queue_transactions existing osr(3.4e0 0x276dbd0)/0x276dbd0
2014-06-12 14:45:54.912312 7f9d68be2700 5 queue_transactions (trailing journal)
2014-06-12 14:45:54.912314 7f9d68be2700 5 queue_op 0x6075740 seq 2430 osr(3.4e0 0x276dbd0) 289013 bytes (queue has 4 ops and 1844180 bytes)
2014-06-12 14:45:54.912325 7f9d68be2700 15 osd.2 pg_epoch: 173 pg[3.4e0( v 173'2630 (0'0,173'2630] local-les=147 n=301 ec=23 les/c 147/147 146/146/146) [24,2] r=1 lpr=146 pi=23-145/12 luod=0'0 crt=0'0 lcod 173'2628 active] do_sub_op osd_sub_op(client.4306.0:143773 3.4e0 6ae164e0/rbd_data.10a96b8b4567.0000000000000f62/head//3 [] v 173'2630 snapset=0=[]:[] snapc=0=[]) v10
2014-06-12 14:45:54.912334 7f9d68be2700 10 osd.2 173 dequeue_op 0x124e3700 finish
2014-06-12 14:45:54.912337 7f9d68be2700 15 OSD::op_tp worker wq OSD::OpWQ done processing 0x1 (0 active)
2014-06-12 14:45:54.912338 7f9d68be2700 20 OSD::op_tp worker waiting
2014-06-12 14:45:54.912858 7f9d7e96a700 10 _do_op 0x88d2720 seq 2449 r = 0, finisher 0x63cf9c0 0x1a3f0f00
2014-06-12 14:45:54.912875 7f9d7e96a700 10 _finish_op 0x88d2720 seq 2449 osr(3.54b 0x276db30)/0x276db30
2014-06-12 14:45:54.912879 7f9d7715b700 10 osd.2 pg_epoch: 173 pg[3.54b( v 173'2706 (0'0,173'2706] local-les=145 n=279 ec=23 les/c 145/145 144/144/133) [2,23] r=0 lpr=144 luod=173'2702 crt=0'0 lcod 173'2701 mlcod 173'2701 active+clean] op_commit: 236128
2014-06-12 14:45:54.912892 7f9d7e96a700 15 KeyValueStore::op_tp worker wq KeyValueStore::OpWQ done processing 0x52e7440 (2 active)
2014-06-12 14:45:54.912900 7f9d7e96a700 12 KeyValueStore::op_tp worker wq KeyValueStore::OpWQ start processing 0x5180900 (3 active)
2014-06-12 14:45:54.912902 7f9d7e96a700 5 _do_op 0x6075740 seq 2430 osr(3.4e0 0x276dbd0)/0x276dbd0 start
2014-06-12 14:45:54.912905 7f9d7e96a700 10 _do_transaction on 0x6275eb0
2014-06-12 14:45:54.912910 7f9d7e96a700 15 _omap_setkeys meta/1fe07435/pglog_3.4e0/0//-1
2014-06-12 14:45:54.912908 7f9d7715b700 5 -- op tracker -- , seq: 747280, time:
2014-06-12 14:45:54.912898, event: op_commit, op: osd_op(client.4314.0:144971 rbd_data.10b16b8b4567.000000000000104a [set-alloc-hint object_size 4194304 write_size 4194304,write 409600~516096] 3.89d0ed4b ack+ondisk+write+known_if_redirected e173)
2014-06-12 14:45:54.912923 7f9d7795c700 10 osd.2 pg_epoch: 173 pg[3.54b( v 173'2706 (0'0,173'2706] local-les=145 n=279 ec=23 les/c 145/145 144/144/133) [2,23] r=0 lpr=144 luod=173'2702 crt=0'0 lcod 173'2701 mlcod 173'2701 active+clean] op_applied: 236128
2014-06-12 14:45:54.912942 7f9d7795c700 5 -- op tracker -- , seq: 747280, time:
2014-06-12 14:45:54.912936, event: op_applied, op: osd_op(client.4314.0:144971 rbd_data.10b16b8b4567.000000000000104a [set-alloc-hint object_size 4194304 write_size 4194304,write 409600~516096] 3.89d0ed4b ack+ondisk+write+known_if_redirected e173)
2014-06-12 14:45:54.912950 7f9d7795c700 10 osd.2 pg_epoch: 173 pg[3.54b( v 173'2706 (0'0,173'2706] local-les=145 n=279 ec=23 les/c 145/145 144/144/133) [2,23] r=0 lpr=144 luod=173'2702 crt=0'0 lcod 173'2701 mlcod 173'2701 active+clean] op_applied on primary on version 173'2704
2014-06-12 14:45:54.913032 7f9d7e96a700 10 lookup_strip_header done cid meta oid 1fe07435/pglog_3.4e0/0//-1
2014-06-12 14:45:54.913060 7f9d7e96a700 15 _omap_setkeys meta/16ef7597/infos/head//-1
2014-06-12 14:45:54.913111 7f9d7e96a700 10 lookup_strip_header done cid meta oid 16ef7597/infos/head//-1
2014-06-12 14:45:54.913118 7f9d7e169700 20 KeyValueStore::op_tp worker waiting
2014-06-12 14:45:54.913112 7f9d7815d700 5 _do_op 0x7697860 seq 2450 osr(3.54b 0x276db30)/0x276db30 start
2014-06-12 14:45:54.913127 7f9d7815d700 10 _do_transaction on 0x2a12e540
2014-06-12 14:45:54.913133 7f9d7815d700 15 _omap_setkeys meta/1fe10acb/pglog_3.54b/0//-1
2014-06-12 14:45:54.913137 7f9d7e96a700 15 _omap_rmkeys meta/1fe07435/pglog_3.4e0/0//-1
2014-06-12 14:45:54.913142 7f9d7e96a700 10 _omap_rmkeys meta/1fe07435/pglog_3.4e0/0//-1 r = 0
2014-06-12 14:45:54.913147 7f9d7e96a700 15 _omap_setkeys meta/1fe07435/pglog_3.4e0/0//-1
2014-06-12 14:45:54.913204 7f9d7815d700 10 lookup_strip_header done cid meta oid 1fe10acb/pglog_3.54b/0//-1
2014-06-12 14:45:54.913205 7f9d7e96a700 15 _write 3.4e0_head/6ae164e0/rbd_data.10a96b8b4567.0000000000000f62/head//3 0~286720
2014-06-12 14:45:54.913226 7f9d7815d700 15 _omap_setkeys meta/16ef7597/infos/head//-1
2014-06-12 14:45:54.913419 7f9d7e96a700 10 lookup_strip_header done cid 3.4e0_head oid 6ae164e0/rbd_data.10a96b8b4567.0000000000000f62/head//3
2014-06-12 14:45:54.913510 7f9d7e96a700 10 file_to_extents done
2014-06-12 14:45:54.914378 7f9d5501e700 5 -- op tracker -- , seq: 747285, time:
2014-06-12 14:45:54.912198, event: header_read, op: osd_sub_op(client.4296.0:143497 3.169 e887169/rbd_data.109f6b8b4567.00000000000011a2/head//3 [] v 173'2862 snapset=0=[]:[] snapc=0=[])
2014-06-12 14:45:54.914390 7f9d5501e700 5 -- op tracker -- , seq: 747285, time:
2014-06-12 14:45:54.912200, event: throttled, op: osd_sub_op(client.4296.0:143497 3.169 e887169/rbd_data.109f6b8b4567.00000000000011a2/head//3 [] v 173'2862 snapset=0=[]:[] snapc=0=[])
2014-06-12 14:45:54.914399 7f9d5501e700 5 -- op tracker -- , seq: 747285, time:
2014-06-12 14:45:54.914339, event: all_read, op: osd_sub_op(client.4296.0:143497 3.169 e887169/rbd_data.109f6b8b4567.00000000000011a2/head//3 [] v 173'2862 snapset=0=[]:[] snapc=0=[])
2014-06-12 14:45:54.914408 7f9d5501e700 5 -- op tracker -- , seq: 747285, time: 0.000000, event: dispatched, op: osd_sub_op(client.4296.0:143497 3.169 e887169/rbd_data.109f6b8b4567.00000000000011a2/head//3 [] v 173'2862 snapset=0=[]:[] snapc=0=[])
2014-06-12 14:45:54.914415 7f9d5501e700 10 osd.2 173 handle_replica_op osd_sub_op(client.4296.0:143497 3.169 e887169/rbd_data.109f6b8b4567.00000000000011a2/head//3 [] v 173'2862 snapset=0=[]:[] snapc=0=[]) v10 epoch 173
2014-06-12 14:45:54.914422 7f9d5501e700 20 osd.2 173 should_share_map osd.29 172.16.96.202:6870/5024 173
2014-06-12 14:45:54.914432 7f9d5501e700 15 osd.2 173 enqueue_op 0x2519c200 prio 127 cost 1008423 latency 0.002233 osd_sub_op(client.4296.0:143497 3.169 e887169/rbd_data.109f6b8b4567.00000000000011a2/head//3 [] v 173'2862 snapset=0=[]:[] snapc=0=[]) v10
2014-06-12 14:45:54.914482 7f9d643d9700 12 OSD::op_tp worker wq OSD::OpWQ start processing 0x1 (1 active)
2014-06-12 14:45:54.914490 7f9d643d9700 10 osd.2 173 dequeue_op 0x2519c200 prio 127 cost 1008423 latency 0.002292 osd_sub_op(client.4296.0:143497 3.169 e887169/rbd_data.109f6b8b4567.00000000000011a2/head//3 [] v 173'2862 snapset=0=[]:[] snapc=0=[]) v10 pg pg[3.169( v 173'2861 (0'0,173'2861] local-les=161 n=293 ec=23 les/c 161/161 160/160/160) [29,2] r=1 lpr=160 pi=23-159/12 luod=0'0 crt=0'0 lcod 173'2860 active]
2014-06-12 14:45:54.914514 7f9d643d9700 5 -- op tracker -- , seq: 747285, time:
2014-06-12 14:45:54.914509, event: reached_pg, op: osd_sub_op(client.4296.0:143497 3.169 e887169/rbd_data.109f6b8b4567.00000000000011a2/head//3 [] v 173'2862 snapset=0=[]:[] snapc=0=[])
2014-06-12 14:45:54.914523 7f9d643d9700 10 osd.2 pg_epoch: 173 pg[3.169( v 173'2861 (0'0,173'2861] local-les=161 n=293 ec=23 les/c 161/161 160/160/160) [29,2] r=1 lpr=160 pi=23-159/12 luod=0'0 crt=0'0 lcod 173'2860 active] handle_message: 0x2519c200
2014-06-12 14:45:54.914535 7f9d643d9700 10 osd.2 pg_epoch: 173 pg[3.169( v 173'2861 (0'0,173'2861] local-les=161 n=293 ec=23 les/c 161/161 160/160/160) [29,2] r=1 lpr=160 pi=23-159/12 luod=0'0 crt=0'0 lcod 173'2860 active] sub_op_modify trans e887169/rbd_data.109f6b8b4567.00000000000011a2/head//3 v 173'2862 (transaction) 174
2014-06-12 14:45:54.914548 7f9d7e96a700 10 _generic_write 3.4e0_head/6ae164e0/rbd_data.10a96b8b4567.0000000000000f62/head//3 0~286720 = 0
2014-06-12 14:45:54.914553 7f9d643d9700 5 -- op tracker -- , seq: 747285, time:
2014-06-12 14:45:54.914548, event: started, op: osd_sub_op(client.4296.0:143497 3.169 e887169/rbd_data.109f6b8b4567.00000000000011a2/head//3 [] v 173'2862 snapset=0=[]:[] snapc=0=[])
2014-06-12 14:45:54.914569 7f9d643d9700 10 osd.2 pg_epoch: 173 pg[3.169( v 173'2861 (0'0,173'2861] local-les=161 n=293 ec=23 les/c 161/161 160/160/160) [29,2] r=1 lpr=160 pi=23-159/12 luod=0'0 crt=0'0 lcod 173'2860 active] append_log log((0'0,173'2861], crt=0'0) [173'2862 (173'816) modify e887169/rbd_data.109f6b8b4567.00000000000011a2/head//3 by client.4296.0:143497
2014-06-12 08:44:57.257141]
2014-06-12 14:45:54.914589 7f9d7e96a700 15 _setattrs 3.4e0_head/6ae164e0/rbd_data.10a96b8b4567.0000000000000f62/head//3
2014-06-12 14:45:54.914594 7f9d643d9700 10 osd.2 pg_epoch: 173 pg[3.169( v 173'2862 (0'0,173'2862] local-les=161 n=293 ec=23 les/c 161/161 160/160/160) [29,2] r=1 lpr=160 pi=23-159/12 luod=0'0 crt=0'0 lcod 173'2860 active] add_log_entry 173'2862 (173'816) modify e887169/rbd_data.109f6b8b4567.00000000000011a2/head//3 by client.4296.0:143497
2014-06-12 08:44:57.257141
2014-06-12 14:45:54.914603 7f9d7e96a700 10 _setattrs 3.4e0_head/6ae164e0/rbd_data.10a96b8b4567.0000000000000f62/head//3 = 0
2014-06-12 14:45:54.914614 7f9d7e96a700 15 _setattrs 3.4e0_head/6ae164e0/rbd_data.10a96b8b4567.0000000000000f62/head//3
2014-06-12 14:45:54.914623 7f9d7e96a700 10 _setattrs 3.4e0_head/6ae164e0/rbd_data.10a96b8b4567.0000000000000f62/head//3 = 0
2014-06-12 14:45:54.914616 7f9d643d9700 10 osd.2 pg_epoch: 173 pg[3.169( v 173'2862 (0'0,173'2862] local-les=161 n=293 ec=23 les/c 161/161 160/160/160) [29,2] r=1 lpr=160 pi=23-159/12 luod=0'0 crt=0'0 lcod 173'2860 active] append_log adding 1 keys
2014-06-12 14:45:54.914650 7f9d643d9700 10 write_log with: dirty_to: 0'0, dirty_from: 4294967295'18446744073709551615, dirty_divergent_priors: 0, writeout_from: 173'2862, trimmed:
2014-06-12 14:45:54.914675 7f9d643d9700 5 -- op tracker -- , seq: 747285, time:
2014-06-12 14:45:54.914670, event: started, op: osd_sub_op(client.4296.0:143497 3.169 e887169/rbd_data.109f6b8b4567.00000000000011a2/head//3 [] v 173'2862 snapset=0=[]:[] snapc=0=[])
2014-06-12 14:45:54.914686 7f9d643d9700 5 queue_transactions existing osr(3.169 0x276ce50)/0x276ce50
2014-06-12 14:45:54.914690 7f9d643d9700 5 queue_transactions (trailing journal)
2014-06-12 14:45:54.914692 7f9d643d9700 5 queue_op 0x53c2840 seq 2600 osr(3.169 0x276ce50) 1009909 bytes (queue has 4 ops and 2335700 bytes)
2014-06-12 14:45:54.914700 7f9d643d9700 15 osd.2 pg_epoch: 173 pg[3.169( v 173'2862 (0'0,173'2862] local-les=161 n=293 ec=23 les/c 161/161 160/160/160) [29,2] r=1 lpr=160 pi=23-159/12 luod=0'0 crt=0'0 lcod 173'2860 active] do_sub_op osd_sub_op(client.4296.0:143497 3.169 e887169/rbd_data.109f6b8b4567.00000000000011a2/head//3 [] v 173'2862 snapset=0=[]:[] snapc=0=[]) v10
2014-06-12 14:45:54.914714 7f9d643d9700 10 osd.2 173 dequeue_op 0x2519c200 finish
2014-06-12 14:45:54.914718 7f9d643d9700 15 OSD::op_tp worker wq OSD::OpWQ done processing 0x1 (0 active)
2014-06-12 14:45:54.914721 7f9d643d9700 20 OSD::op_tp worker waiting
2014-06-12 14:45:54.914729 7f9d7d968700 12 KeyValueStore::op_tp worker wq KeyValueStore::OpWQ start processing 0x54f1200 (4 active)
2014-06-12 14:45:54.914737 7f9d7d968700 5 _do_op 0x53c2840 seq 2600 osr(3.169 0x276ce50)/0x276ce50 start
2014-06-12 14:45:54.914741 7f9d7d968700 10 _do_transaction on 0x587f0b0
2014-06-12 14:45:54.914746 7f9d7d968700 15 _omap_setkeys meta/1fe2acfa/pglog_3.169/0//-1
2014-06-12 14:45:54.914790 7f9d7e96a700 20 set_header setting 16555 cid 3.4e0_head oid 6ae164e0/rbd_data.10a96b8b4567.0000000000000f62/head//3 parent seq 0
2014-06-12 14:45:54.914841 7f9d7e96a700 20 set_header setting 2236 cid meta oid 1fe07435/pglog_3.4e0/0//-1 parent seq 0
2014-06-12 14:45:54.914855 7f9d7e96a700 20 set_header setting 3 cid meta oid 16ef7597/infos/head//-1 parent seq 0
2014-06-12 14:45:54.914856 7f9d7d968700 10 lookup_strip_header done cid meta oid 1fe2acfa/pglog_3.169/0//-1
2014-06-12 14:45:54.914864 7f9d7e96a700 5 submit_transaction r = 0
2014-06-12 14:45:54.914876 7f9d7d968700 15 _omap_setkeys meta/16ef7597/infos/head//-1
2014-06-12 14:45:54.916152 7f9d7d968700 10 lookup_strip_header done cid meta oid 16ef7597/infos/head//-1
2014-06-12 14:45:54.916183 7f9d7d968700 15 _omap_rmkeys meta/1fe2acfa/pglog_3.169/0//-1
2014-06-12 14:45:54.916184 7f9d7e96a700 10 _do_op 0x6075740 seq 2430 r = 0, finisher 0x698cc00 0
2014-06-12 14:45:54.916189 7f9d7d968700 10 _omap_rmkeys meta/1fe2acfa/pglog_3.169/0//-1 r = 0
2014-06-12 14:45:54.916196 7f9d7d968700 15 _omap_setkeys meta/1fe2acfa/pglog_3.169/0//-1
2014-06-12 14:45:54.916212 7f9d7d968700 15 _write 3.169_head/e887169/rbd_data.109f6b8b4567.00000000000011a2/head//3 0~1007616
2014-06-12 14:45:54.916208 7f9d7715b700 5 -- op tracker -- , seq: 747284, time:
2014-06-12 14:45:54.916201, event: commit_sent, op: osd_sub_op(client.4306.0:143773 3.4e0 6ae164e0/rbd_data.10a96b8b4567.0000000000000f62/head//3 [] v 173'2630 snapset=0=[]:[] snapc=0=[])
2014-06-12 14:45:54.916218 7f9d7715b700 10 osd.2 pg_epoch: 173 pg[3.4e0( v 173'2630 (0'0,173'2630] local-les=147 n=301 ec=23 les/c 147/147 146/146/146) [24,2] r=1 lpr=146 pi=23-145/12 luod=0'0 crt=0'0 lcod 173'2628 active] sub_op_modify_commit on op osd_sub_op(client.4306.0:143773 3.4e0 6ae164e0/rbd_data.10a96b8b4567.0000000000000f62/head//3 [] v 173'2630 snapset=0=[]:[] snapc=0=[]) v10, sending commit to osd.24
2014-06-12 14:45:54.916241 7f9d7715b700 20 osd.2 173 share_map_peer 0x60de2c0 already has epoch 173
2014-06-12 14:45:54.916282 7f9d7e96a700 10 _finish_op 0x6075740 seq 2430 osr(3.4e0 0x276dbd0)/0x276dbd0
2014-06-12 14:45:54.916310 7f9d7795c700 5 -- op tracker -- , seq: 747284, time:
2014-06-12 14:45:54.916305, event: sub_op_applied, op: osd_sub_op(client.4306.0:143773 3.4e0 6ae164e0/rbd_data.10a96b8b4567.0000000000000f62/head//3 [] v 173'2630 snapset=0=[]:[] snapc=0=[])
2014-06-12 14:45:54.916318 7f9d7795c700 10 osd.2 pg_epoch: 173 pg[3.4e0( v 173'2630 (0'0,173'2630] local-les=147 n=301 ec=23 les/c 147/147 146/146/146) [24,2] r=1 lpr=146 pi=23-145/12 luod=0'0 crt=0'0 lcod 173'2629 active] sub_op_modify_applied on 0x6275dc0 op osd_sub_op(client.4306.0:143773 3.4e0 6ae164e0/rbd_data.10a96b8b4567.0000000000000f62/head//3 [] v 173'2630 snapset=0=[]:[] snapc=0=[]) v10
2014-06-12 14:45:54.916333 7f9d7795c700 10 osd.2 pg_epoch: 173 pg[3.4e0( v 173'2630 (0'0,173'2630] local-les=147 n=301 ec=23 les/c 147/147 146/146/146) [24,2] r=1 lpr=146 pi=23-145/12 luod=0'0 crt=0'0 lcod 173'2629 active] op_applied on primary on version 173'2630
2014-06-12 14:45:54.916343 7f9d7795c700 10 osd.2 pg_epoch: 173 pg[3.4e0( v 173'2630 (0'0,173'2630] local-les=147 n=301 ec=23 les/c 147/147 146/146/146) [24,2] r=1 lpr=146 pi=23-145/12 luod=0'0 crt=0'0 lcod 173'2629 active] op_applied on replica on version 173'2630
2014-06-12 14:45:54.916377 7f9d7e96a700 5 -- op tracker -- , seq: 747284, time:
2014-06-12 14:45:54.916367, event: done, op: osd_sub_op(client.4306.0:143773 3.4e0 6ae164e0/rbd_data.10a96b8b4567.0000000000000f62/head//3 [] v 173'2630 snapset=0=[]:[] snapc=0=[])
2014-06-12 14:45:54.916394 7f9d7e96a700 15 KeyValueStore::op_tp worker wq KeyValueStore::OpWQ done processing 0x5180900 (3 active)
2014-06-12 14:45:54.916396 7f9d7e96a700 20 KeyValueStore::op_tp worker waiting
2014-06-12 14:45:54.916519 7f9d7d968700 10 lookup_strip_header done cid 3.169_head oid e887169/rbd_data.109f6b8b4567.00000000000011a2/head//3
2014-06-12 14:45:54.916700 7f9d7d968700 10 file_to_extents done
2014-06-12 14:45:54.920668 7f9d7d968700 10 _generic_write 3.169_head/e887169/rbd_data.109f6b8b4567.00000000000011a2/head//3 0~1007616 = 0
2014-06-12 14:45:54.920788 7f9d7d968700 15 _setattrs 3.169_head/e887169/rbd_data.109f6b8b4567.00000000000011a2/head//3
2014-06-12 14:45:54.920808 7f9d7d968700 10 _setattrs 3.169_head/e887169/rbd_data.109f6b8b4567.00000000000011a2/head//3 = 0
2014-06-12 14:45:54.920818 7f9d7d968700 15 _setattrs 3.169_head/e887169/rbd_data.109f6b8b4567.00000000000011a2/head//3
2014-06-12 14:45:54.920827 7f9d7d968700 10 _setattrs 3.169_head/e887169/rbd_data.109f6b8b4567.00000000000011a2/head//3 = 0
2014-06-12 14:45:54.921130 7f9d7d968700 20 set_header setting 16925 cid 3.169_head oid e887169/rbd_data.109f6b8b4567.00000000000011a2/head//3 parent seq 0
2014-06-12 14:45:54.921238 7f9d7d968700 20 set_header setting 3 cid meta oid 16ef7597/infos/head//-1 parent seq 0
2014-06-12 14:45:54.921255 7f9d7d968700 20 set_header setting 2306 cid meta oid 1fe2acfa/pglog_3.169/0//-1 parent seq 0
2014-06-12 14:45:54.921265 7f9d7d968700 5 submit_transaction r = 0
2014-06-12 14:45:54.922675 7f9d57543700 5 -- op tracker -- , seq: 747286, time:
2014-06-12 14:45:54.922615, event: header_read, op: osd_sub_op_reply(client.4314.0:144970 3.54b 89d0ed4b/rbd_data.10b16b8b4567.000000000000104a/head//3 [] ack, result = 0)
2014-06-12 14:45:54.922689 7f9d57543700 5 -- op tracker -- , seq: 747286, time:
2014-06-12 14:45:54.922618, event: throttled, op: osd_sub_op_reply(client.4314.0:144970 3.54b 89d0ed4b/rbd_data.10b16b8b4567.000000000000104a/head//3 [] ack, result = 0)
2014-06-12 14:45:54.922697 7f9d57543700 5 -- op tracker -- , seq: 747286, time:
2014-06-12 14:45:54.922632, event: all_read, op: osd_sub_op_reply(client.4314.0:144970 3.54b 89d0ed4b/rbd_data.10b16b8b4567.000000000000104a/head//3 [] ack, result = 0)
2014-06-12 14:45:54.922705 7f9d57543700 5 -- op tracker -- , seq: 747286, time: 0.000000, event: dispatched, op: osd_sub_op_reply(client.4314.0:144970 3.54b 89d0ed4b/rbd_data.10b16b8b4567.000000000000104a/head//3 [] ack, result = 0)
2014-06-12 14:45:54.922711 7f9d57543700 10 osd.2 173 handle_replica_op osd_sub_op_reply(client.4314.0:144970 3.54b 89d0ed4b/rbd_data.10b16b8b4567.000000000000104a/head//3 [] ack, result = 0) v2 epoch 173
2014-06-12 14:45:54.922717 7f9d57543700 20 osd.2 173 should_share_map osd.23 172.16.96.202:6820/2365 173
2014-06-12 14:45:54.922726 7f9d57543700 15 osd.2 173 enqueue_op 0x28fd9c00 prio 196 cost 0 latency 0.000111 osd_sub_op_reply(client.4314.0:144970 3.54b 89d0ed4b/rbd_data.10b16b8b4567.000000000000104a/head//3 [] ack, result = 0) v2
2014-06-12 14:45:54.922785 7f9d57543700 5 -- op tracker -- , seq: 747287, time:
2014-06-12 14:45:54.922751, event: header_read, op: osd_sub_op_reply(client.4314.0:144970 3.54b 89d0ed4b/rbd_data.10b16b8b4567.000000000000104a/head//3 [] ondisk, result = 0)
2014-06-12 14:45:54.922794 7f9d57543700 5 -- op tracker -- , seq: 747287, time:
2014-06-12 14:45:54.922752, event: throttled, op: osd_sub_op_reply(client.4314.0:144970 3.54b 89d0ed4b/rbd_data.10b16b8b4567.000000000000104a/head//3 [] ondisk, result = 0)
2014-06-12 14:45:54.922802 7f9d57543700 5 -- op tracker -- , seq: 747287, time:
2014-06-12 14:45:54.922765, event: all_read, op: osd_sub_op_reply(client.4314.0:144970 3.54b 89d0ed4b/rbd_data.10b16b8b4567.000000000000104a/head//3 [] ondisk, result = 0)
2014-06-12 14:45:54.922810 7f9d57543700 5 -- op tracker -- , seq: 747287, time: 0.000000, event: dispatched, op: osd_sub_op_reply(client.4314.0:144970 3.54b 89d0ed4b/rbd_data.10b16b8b4567.000000000000104a/head//3 [] ondisk, result = 0)
2014-06-12 14:45:54.922813 7f9d57543700 10 osd.2 173 handle_replica_op osd_sub_op_reply(client.4314.0:144970 3.54b 89d0ed4b/rbd_data.10b16b8b4567.000000000000104a/head//3 [] ondisk, result = 0) v2 epoch 173
2014-06-12 14:45:54.922818 7f9d57543700 20 osd.2 173 should_share_map osd.23 172.16.96.202:6820/2365 173
2014-06-12 14:45:54.922823 7f9d57543700 15 osd.2 173 enqueue_op 0x124e2000 prio 196 cost 0 latency 0.000072 osd_sub_op_reply(client.4314.0:144970 3.54b 89d0ed4b/rbd_data.10b16b8b4567.000000000000104a/head//3 [] ondisk, result = 0) v2
2014-06-12 14:45:54.922847 7f9d623d5700 12 OSD::op_tp worker wq OSD::OpWQ start processing 0x1 (1 active)
2014-06-12 14:45:54.922856 7f9d623d5700 10 osd.2 173 dequeue_op 0x28fd9c00 prio 196 cost 0 latency 0.000241 osd_sub_op_reply(client.4314.0:144970 3.54b 89d0ed4b/rbd_data.10b16b8b4567.000000000000104a/head//3 [] ack, result = 0) v2 pg pg[3.54b( v 173'2706 (0'0,173'2706] local-les=145 n=279 ec=23 les/c 145/145 144/144/133) [2,23] r=0 lpr=144 luod=173'2702 crt=0'0 lcod 173'2701 mlcod 173'2701 active+clean]
2014-06-12 14:45:54.922906 7f9d61bd4700 12 OSD::op_tp worker wq OSD::OpWQ start processing 0x1 (2 active)
2014-06-12 14:45:54.922878 7f9d623d5700 5 -- op tracker -- , seq: 747286, time:
2014-06-12 14:45:54.922875, event: reached_pg, op: osd_sub_op_reply(client.4314.0:144970 3.54b 89d0ed4b/rbd_data.10b16b8b4567.000000000000104a/head//3 [] ack, result = 0)
2014-06-12 14:45:54.922939 7f9d623d5700 10 osd.2 pg_epoch: 173 pg[3.54b( v 173'2706 (0'0,173'2706] local-les=145 n=279 ec=23 les/c 145/145 144/144/133) [2,23] r=0 lpr=144 luod=173'2702 crt=0'0 lcod 173'2701 mlcod 173'2701 active+clean] handle_message: 0x28fd9c00
2014-06-12 14:45:54.922955 7f9d623d5700 5 -- op tracker -- , seq: 747286, time:
2014-06-12 14:45:54.922951, event: started, op: osd_sub_op_reply(client.4314.0:144970 3.54b 89d0ed4b/rbd_data.10b16b8b4567.000000000000104a/head//3 [] ack, result = 0)
2014-06-12 14:45:54.922960 7f9d623d5700 7 osd.2 pg_epoch: 173 pg[3.54b( v 173'2706 (0'0,173'2706] local-les=145 n=279 ec=23 les/c 145/145 144/144/133) [2,23] r=0 lpr=144 luod=173'2702 crt=0'0 lcod 173'2701 mlcod 173'2701 active+clean] sub_op_modify_reply: tid 236127 op ack_type 1 from 23
2014-06-12 14:45:54.922979 7f9d623d5700 5 -- op tracker -- , seq: 747276, time:
2014-06-12 14:45:54.922971, event: sub_op_applied_rec, op: osd_op(client.4314.0:144970 rbd_data.10b16b8b4567.000000000000104a [set-alloc-hint object_size 4194304 write_size 4194304,write 0~409600] 3.89d0ed4b ack+ondisk+write+known_if_redirected e173)
2014-06-12 14:45:54.922986 7f9d623d5700 10 osd.2 pg_epoch: 173 pg[3.54b( v 173'2706 (0'0,173'2706] local-les=145 n=279 ec=23 les/c 145/145 144/144/133) [2,23] r=0 lpr=144 luod=173'2702 crt=0'0 lcod 173'2701 mlcod 173'2701 active+clean] repop_all_applied: repop tid 236127 all applied
2014-06-12 14:45:54.922996 7f9d623d5700 10 osd.2 pg_epoch: 173 pg[3.54b( v 173'2706 (0'0,173'2706] local-les=145 n=279 ec=23 les/c 145/145 144/144/133) [2,23] r=0 lpr=144 luod=173'2702 crt=0'0 lcod 173'2701 mlcod 173'2701 active+clean] eval_repop repgather(0x2a12eb40 173'2703 rep_tid=236127 committed?=0 applied?=1 lock=0 op=osd_op(client.4314.0:144970 rbd_data.10b16b8b4567.000000000000104a [set-alloc-hint object_size 4194304 write_size 4194304,write 0~409600] 3.89d0ed4b ack+ondisk+write+known_if_redirected e173) v4) wants=ad
