2014-06-12 14:45:57.665652 7f9d7715b700 5 -- op tracker -- , seq: 747398, time:
2014-06-12 14:45:57.665640, event: commit_sent, op: osd_sub_op(client.4302.0:146009 3.39f 1da5839f/rbd_data.10a56b8b4567.0000000000001028/head//3 [] v 173'2828 snapset=0=[]:[] snapc=0=[])
2014-06-12 14:45:57.665669 7f9d7715b700 10 osd.2 pg_epoch: 173 pg[3.39f( v 173'2828 (0'0,173'2828] local-les=137 n=284 ec=23 les/c 137/137 136/136/136) [20,2] r=1 lpr=136 pi=23-135/12 luod=0'0 crt=0'0 lcod 173'2826 active] sub_op_modify_commit on op osd_sub_op(client.4302.0:146009 3.39f 1da5839f/rbd_data.10a56b8b4567.0000000000001028/head//3 [] v 173'2828 snapset=0=[]:[] snapc=0=[]) v10, sending commit to osd.20
2014-06-12 14:45:57.665697 7f9d7715b700 20 osd.2 173 share_map_peer 0x5cf7760 already has epoch 173
2014-06-12 14:45:57.665754 7f9d7715b700 5 -- op tracker -- , seq: 747398, time:
2014-06-12 14:45:57.665749, event: done, op: osd_sub_op(client.4302.0:146009 3.39f 1da5839f/rbd_data.10a56b8b4567.0000000000001028/head//3 [] v 173'2828 snapset=0=[]:[] snapc=0=[])
2014-06-12 14:45:57.669194 7f9d82972700 10 _generic_write 3.237_head/64f37237/rbd_data.109e6b8b4567.0000000000000fc0/head//3 233472~2064384 = 0
2014-06-12 14:45:57.669427 7f9d82972700 15 _setattrs 3.237_head/64f37237/rbd_data.109e6b8b4567.0000000000000fc0/head//3
2014-06-12 14:45:57.669443 7f9d82972700 10 _setattrs 3.237_head/64f37237/rbd_data.109e6b8b4567.0000000000000fc0/head//3 = 0
2014-06-12 14:45:57.669448 7f9d82972700 15 _setattrs 3.237_head/64f37237/rbd_data.109e6b8b4567.0000000000000fc0/head//3
2014-06-12 14:45:57.669457 7f9d82972700 10 _setattrs 3.237_head/64f37237/rbd_data.109e6b8b4567.0000000000000fc0/head//3 = 0
2014-06-12 14:45:57.669989 7f9d82972700 20 set_header setting 16982 cid 3.237_head oid 64f37237/rbd_data.109e6b8b4567.0000000000000fc0/head//3 parent seq 0
2014-06-12 14:45:57.670177 7f9d82972700 20 set_header setting 3 cid meta oid 16ef7597/infos/head//-1 parent seq 0
2014-06-12 14:45:57.670189 7f9d82972700 20 set_header setting 2190 cid meta oid 1fe26b1a/pglog_3.237/0//-1 parent seq 0
2014-06-12 14:45:57.670198 7f9d82972700 5 submit_transaction r = 0
2014-06-12 14:45:57.680775 7f9d7c966700 10 lookup_strip_header done cid meta oid 16ef7597/infos/head//-1
2014-06-12 14:45:57.680897 7f9d7c966700 15 _omap_rmkeys meta/1fe0df15/pglog_3.2d7/0//-1
2014-06-12 14:45:57.680921 7f9d7c966700 10 _omap_rmkeys meta/1fe0df15/pglog_3.2d7/0//-1 r = 0
2014-06-12 14:45:57.680945 7f9d7c966700 15 _omap_setkeys meta/1fe0df15/pglog_3.2d7/0//-1
2014-06-12 14:45:57.681195 7f9d7c966700 15 _write 3.2d7_head/88018ad7/rbd_data.10a46b8b4567.00000000000010a2/head//3 3903488~290816
2014-06-12 14:45:57.681423 7f9d7c966700 10 lookup_strip_header done cid 3.2d7_head oid 88018ad7/rbd_data.10a46b8b4567.00000000000010a2/head//3
2014-06-12 14:45:57.681653 7f9d7c966700 10 file_to_extents done
2014-06-12 14:45:57.682503 7f9d82972700 10 _do_op 0x5c74540 seq 2598 r = 0, finisher 0x6d63420 0
2014-06-12 14:45:57.682520 7f9d82972700 10 _finish_op 0x5c74540 seq 2598 osr(3.237 0x276d3f0)/0x276d3f0
2014-06-12 14:45:57.682530 7f9d82972700 15 KeyValueStore::op_tp worker wq KeyValueStore::OpWQ done processing 0x540eb40 (3 active)
2014-06-12 14:45:57.682536 7f9d82972700 20 KeyValueStore::op_tp worker waiting
2014-06-12 14:45:57.682571 7f9d7795c700 5 -- op tracker -- , seq: 747402, time:
2014-06-12 14:45:57.682563, event: sub_op_applied, op: osd_sub_op(client.4295.0:143270 3.237 64f37237/rbd_data.109e6b8b4567.0000000000000fc0/head//3 [] v 173'2841 snapset=0=[]:[] snapc=0=[])
2014-06-12 14:45:57.682583 7f9d7795c700 10 osd.2 pg_epoch: 173 pg[3.237( v 173'2842 (0'0,173'2842] local-les=137 n=285 ec=23 les/c 137/137 136/136/136) [20,2] r=1 lpr=136 pi=23-135/12 luod=0'0 crt=0'0 lcod 173'2839 active] sub_op_modify_applied on 0x5ba8000 op osd_sub_op(client.4295.0:143270 3.237 64f37237/rbd_data.109e6b8b4567.0000000000000fc0/head//3 [] v 173'2841 snapset=0=[]:[] snapc=0=[]) v10
2014-06-12 14:45:57.682610 7f9d7795c700 20 osd.2 173 share_map_peer 0x5cf7760 already has epoch 173
2014-06-12 14:45:57.682628 7f9d7795c700 10 osd.2 pg_epoch: 173 pg[3.237( v 173'2842 (0'0,173'2842] local-les=137 n=285 ec=23 les/c 137/137 136/136/136) [20,2] r=1 lpr=136 pi=23-135/12 luod=0'0 crt=0'0 lcod 173'2839 active] op_applied on primary on version 173'2841
2014-06-12 14:45:57.682641 7f9d7795c700 10 osd.2 pg_epoch: 173 pg[3.237( v 173'2842 (0'0,173'2842] local-les=137 n=285 ec=23 les/c 137/137 136/136/136) [20,2] r=1 lpr=136 pi=23-135/12 luod=0'0 crt=0'0 lcod 173'2839 active] op_applied on replica on version 173'2841
2014-06-12 14:45:57.682665 7f9d7715b700 5 -- op tracker -- , seq: 747402, time:
2014-06-12 14:45:57.682658, event: commit_sent, op: osd_sub_op(client.4295.0:143270 3.237 64f37237/rbd_data.109e6b8b4567.0000000000000fc0/head//3 [] v 173'2841 snapset=0=[]:[] snapc=0=[])
2014-06-12 14:45:57.682673 7f9d7715b700 10 osd.2 pg_epoch: 173 pg[3.237( v 173'2842 (0'0,173'2842] local-les=137 n=285 ec=23 les/c 137/137 136/136/136) [20,2] r=1 lpr=136 pi=23-135/12 luod=0'0 crt=0'0 lcod 173'2839 active] sub_op_modify_commit on op osd_sub_op(client.4295.0:143270 3.237 64f37237/rbd_data.109e6b8b4567.0000000000000fc0/head//3 [] v 173'2841 snapset=0=[]:[] snapc=0=[]) v10, sending commit to osd.20
2014-06-12 14:45:57.682701 7f9d7715b700 20 osd.2 173 share_map_peer 0x5cf7760 already has epoch 173
2014-06-12 14:45:57.682728 7f9d7a161700 5 _do_op 0x6f81b00 seq 2599 osr(3.237 0x276d3f0)/0x276d3f0 start
2014-06-12 14:45:57.682730 7f9d7715b700 5 -- op tracker -- , seq: 747402, time:
2014-06-12 14:45:57.682725, event: done, op: osd_sub_op(client.4295.0:143270 3.237 64f37237/rbd_data.109e6b8b4567.0000000000000fc0/head//3 [] v 173'2841 snapset=0=[]:[] snapc=0=[])
2014-06-12 14:45:57.682736 7f9d7a161700 10 _do_transaction on 0x63ad0b0
2014-06-12 14:45:57.682742 7f9d7a161700 15 _omap_setkeys meta/1fe26b1a/pglog_3.237/0//-1
2014-06-12 14:45:57.682979 7f9d7c966700 10 _generic_write 3.2d7_head/88018ad7/rbd_data.10a46b8b4567.00000000000010a2/head//3 3903488~290816 = 0
2014-06-12 14:45:57.683005 7f9d7c966700 15 _setattrs 3.2d7_head/88018ad7/rbd_data.10a46b8b4567.00000000000010a2/head//3
2014-06-12 14:45:57.683019 7f9d7c966700 10 _setattrs 3.2d7_head/88018ad7/rbd_data.10a46b8b4567.00000000000010a2/head//3 = 0
2014-06-12 14:45:57.683024 7f9d7c966700 15 _setattrs 3.2d7_head/88018ad7/rbd_data.10a46b8b4567.00000000000010a2/head//3
2014-06-12 14:45:57.683029 7f9d7a161700 10 lookup_strip_header done cid meta oid 1fe26b1a/pglog_3.237/0//-1
2014-06-12 14:45:57.683032 7f9d7c966700 10 _setattrs 3.2d7_head/88018ad7/rbd_data.10a46b8b4567.00000000000010a2/head//3 = 0
2014-06-12 14:45:57.683053 7f9d7a161700 15 _omap_setkeys meta/16ef7597/infos/head//-1
2014-06-12 14:45:57.683184 7f9d7c966700 20 set_header setting 17355 cid 3.2d7_head oid 88018ad7/rbd_data.10a46b8b4567.00000000000010a2/head//3 parent seq 0
2014-06-12 14:45:57.683228 7f9d7c966700 20 set_header setting 2282 cid meta oid 1fe0df15/pglog_3.2d7/0//-1 parent seq 0
2014-06-12 14:45:57.683245 7f9d7c966700 20 set_header setting 3 cid meta oid 16ef7597/infos/head//-1 parent seq 0
2014-06-12 14:45:57.683256 7f9d7c966700 5 submit_transaction r = 0
2014-06-12 14:45:57.685741 7f9d81970700 10 lookup_strip_header done cid meta oid 16ef7597/infos/head//-1
2014-06-12 14:45:57.685946 7f9d81970700 15 _omap_rmkeys meta/1fe19d2a/pglog_3.458/0//-1
2014-06-12 14:45:57.685951 7f9d7c966700 10 _do_op 0x34c7aa0 seq 2708 r = 0, finisher 0x50ce0a0 0
2014-06-12 14:45:57.685955 7f9d81970700 10 _omap_rmkeys meta/1fe19d2a/pglog_3.458/0//-1 r = 0
2014-06-12 14:45:57.685962 7f9d81970700 15 _omap_setkeys meta/1fe19d2a/pglog_3.458/0//-1
2014-06-12 14:45:57.685983 7f9d81970700 15 _write 3.458_head/3db4ac58/rbd_data.10a16b8b4567.0000000000000ffd/head//3 0~253952
2014-06-12 14:45:57.685983 7f9d7715b700 5 -- op tracker -- , seq: 747405, time:
2014-06-12 14:45:57.685973, event: commit_sent, op: osd_sub_op(client.4301.0:145396 3.2d7 88018ad7/rbd_data.10a46b8b4567.00000000000010a2/head//3 [] v 173'2995 snapset=0=[]:[] snapc=0=[])
2014-06-12 14:45:57.685993 7f9d7715b700 10 osd.2 pg_epoch: 173 pg[3.2d7( v 173'2995 (0'0,173'2995] local-les=145 n=305 ec=23 les/c 145/145 144/144/144) [23,2] r=1 lpr=144 pi=23-143/12 luod=0'0 crt=0'0 lcod 173'2993 active] sub_op_modify_commit on op osd_sub_op(client.4301.0:145396 3.2d7 88018ad7/rbd_data.10a46b8b4567.00000000000010a2/head//3 [] v 173'2995 snapset=0=[]:[] snapc=0=[]) v10, sending commit to osd.23
2014-06-12 14:45:57.686023 7f9d7715b700 20 osd.2 173 share_map_peer 0x60de580 already has epoch 173
2014-06-12 14:45:57.686050 7f9d7c966700 10 _finish_op 0x34c7aa0 seq 2708 osr(3.2d7 0x276d5c0)/0x276d5c0
2014-06-12 14:45:57.686059 7f9d7c966700 15 KeyValueStore::op_tp worker wq KeyValueStore::OpWQ done processing 0x54cbe60 (2 active)
2014-06-12 14:45:57.686062 7f9d7c966700 20 KeyValueStore::op_tp worker waiting
2014-06-12 14:45:57.686085 7f9d7795c700 5 -- op tracker -- , seq: 747405, time:
2014-06-12 14:45:57.686078, event: sub_op_applied, op: osd_sub_op(client.4301.0:145396 3.2d7 88018ad7/rbd_data.10a46b8b4567.00000000000010a2/head//3 [] v 173'2995 snapset=0=[]:[] snapc=0=[])
2014-06-12 14:45:57.686093 7f9d7795c700 10 osd.2 pg_epoch: 173 pg[3.2d7( v 173'2995 (0'0,173'2995] local-les=145 n=305 ec=23 les/c 145/145 144/144/144) [23,2] r=1 lpr=144 pi=23-143/12 luod=0'0 crt=0'0 lcod 173'2994 active] sub_op_modify_applied on 0x191d1180 op osd_sub_op(client.4301.0:145396 3.2d7 88018ad7/rbd_data.10a46b8b4567.00000000000010a2/head//3 [] v 173'2995 snapset=0=[]:[] snapc=0=[]) v10
2014-06-12 14:45:57.686110 7f9d7795c700 10 osd.2 pg_epoch: 173 pg[3.2d7( v 173'2995 (0'0,173'2995] local-les=145 n=305 ec=23 les/c 145/145 144/144/144) [23,2] r=1 lpr=144 pi=23-143/12 luod=0'0 crt=0'0 lcod 173'2994 active] op_applied on primary on version 173'2995
2014-06-12 14:45:57.686120 7f9d7795c700 10 osd.2 pg_epoch: 173 pg[3.2d7( v 173'2995 (0'0,173'2995] local-les=145 n=305 ec=23 les/c 145/145 144/144/144) [23,2] r=1 lpr=144 pi=23-143/12 luod=0'0 crt=0'0 lcod 173'2994 active] op_applied on replica on version 173'2995
2014-06-12 14:45:57.686143 7f9d7795c700 5 -- op tracker -- , seq: 747405, time:
2014-06-12 14:45:57.686139, event: done, op: osd_sub_op(client.4301.0:145396 3.2d7 88018ad7/rbd_data.10a46b8b4567.00000000000010a2/head//3 [] v 173'2995 snapset=0=[]:[] snapc=0=[])
2014-06-12 14:45:57.686150 7f9d81970700 10 lookup_strip_header done cid 3.458_head oid 3db4ac58/rbd_data.10a16b8b4567.0000000000000ffd/head//3
2014-06-12 14:45:57.686320 7f9d81970700 10 file_to_extents done
2014-06-12 14:45:57.686710 7f9d6f3ef700 20 osd.2 173 share_map_peer 0x5f2b080 already has epoch 173
2014-06-12 14:45:57.686896 7f9d70bf2700 20 osd.2 173 share_map_peer 0x5f2b080 already has epoch 173
2014-06-12 14:45:57.687212 7f9d81970700 10 _generic_write 3.458_head/3db4ac58/rbd_data.10a16b8b4567.0000000000000ffd/head//3 0~253952 = 0
2014-06-12 14:45:57.687237 7f9d81970700 15 _setattrs 3.458_head/3db4ac58/rbd_data.10a16b8b4567.0000000000000ffd/head//3
2014-06-12 14:45:57.687250 7f9d81970700 10 _setattrs 3.458_head/3db4ac58/rbd_data.10a16b8b4567.0000000000000ffd/head//3 = 0
2014-06-12 14:45:57.687255 7f9d81970700 15 _setattrs 3.458_head/3db4ac58/rbd_data.10a16b8b4567.0000000000000ffd/head//3
2014-06-12 14:45:57.687259 7f9d81970700 10 _setattrs 3.458_head/3db4ac58/rbd_data.10a16b8b4567.0000000000000ffd/head//3 = 0
2014-06-12 14:45:57.687459 7f9d81970700 20 set_header setting 16953 cid 3.458_head oid 3db4ac58/rbd_data.10a16b8b4567.0000000000000ffd/head//3 parent seq 0
2014-06-12 14:45:57.687540 7f9d81970700 20 set_header setting 3 cid meta oid 16ef7597/infos/head//-1 parent seq 0
2014-06-12 14:45:57.687558 7f9d81970700 20 set_header setting 2332 cid meta oid 1fe19d2a/pglog_3.458/0//-1 parent seq 0
2014-06-12 14:45:57.687571 7f9d81970700 5 submit_transaction r = 0
2014-06-12 14:45:57.689679 7f9d7a161700 10 lookup_strip_header done cid meta oid 16ef7597/infos/head//-1
2014-06-12 14:45:57.689683 7f9d81970700 10 _do_op 0xbdfd5c0 seq 2787 r = 0, finisher 0x50cf6a0 0
2014-06-12 14:45:57.689697 7f9d81970700 10 _finish_op 0xbdfd5c0 seq 2787 osr(3.458 0x276d960)/0x276d960
2014-06-12 14:45:57.689707 7f9d81970700 15 KeyValueStore::op_tp worker wq KeyValueStore::OpWQ done processing 0x54b8000 (1 active)
2014-06-12 14:45:57.689711 7f9d81970700 20 KeyValueStore::op_tp worker waiting
2014-06-12 14:45:57.689721 7f9d7a161700 15 _omap_rmkeys meta/1fe26b1a/pglog_3.237/0//-1
2014-06-12 14:45:57.689727 7f9d7a161700 10 _omap_rmkeys meta/1fe26b1a/pglog_3.237/0//-1 r = 0
2014-06-12 14:45:57.689733 7f9d7a161700 15 _omap_setkeys meta/1fe26b1a/pglog_3.237/0//-1
2014-06-12 14:45:57.689729 7f9d7715b700 5 -- op tracker -- , seq: 747404, time:
2014-06-12 14:45:57.689721, event: commit_sent, op: osd_sub_op(client.4298.0:145087 3.458 3db4ac58/rbd_data.10a16b8b4567.0000000000000ffd/head//3 [] v 173'2985 snapset=0=[]:[] snapc=0=[])
2014-06-12 14:45:57.689738 7f9d7715b700 10 osd.2 pg_epoch: 173 pg[3.458( v 173'2985 (0'0,173'2985] local-les=153 n=329 ec=23 les/c 153/153 152/152/152) [26,2] r=1 lpr=152 pi=23-151/12 luod=0'0 crt=0'0 lcod 173'2983 active] sub_op_modify_commit on op osd_sub_op(client.4298.0:145087 3.458 3db4ac58/rbd_data.10a16b8b4567.0000000000000ffd/head//3 [] v 173'2985 snapset=0=[]:[] snapc=0=[]) v10, sending commit to osd.26
2014-06-12 14:45:57.689766 7f9d7715b700 20 osd.2 173 share_map_peer 0x5f2b080 already has epoch 173
2014-06-12 14:45:57.689811 7f9d7795c700 5 -- op tracker -- , seq: 747404, time:
2014-06-12 14:45:57.689804, event: sub_op_applied, op: osd_sub_op(client.4298.0:145087 3.458 3db4ac58/rbd_data.10a16b8b4567.0000000000000ffd/head//3 [] v 173'2985 snapset=0=[]:[] snapc=0=[])
2014-06-12 14:45:57.689821 7f9d7795c700 10 osd.2 pg_epoch: 173 pg[3.458( v 173'2985 (0'0,173'2985] local-les=153 n=329 ec=23 les/c 153/153 152/152/152) [26,2] r=1 lpr=152 pi=23-151/12 luod=0'0 crt=0'0 lcod 173'2984 active] sub_op_modify_applied on 0x1ebed340 op osd_sub_op(client.4298.0:145087 3.458 3db4ac58/rbd_data.10a16b8b4567.0000000000000ffd/head//3 [] v 173'2985 snapset=0=[]:[] snapc=0=[]) v10
2014-06-12 14:45:57.689843 7f9d7795c700 10 osd.2 pg_epoch: 173 pg[3.458( v 173'2985 (0'0,173'2985] local-les=153 n=329 ec=23 les/c 153/153 152/152/152) [26,2] r=1 lpr=152 pi=23-151/12 luod=0'0 crt=0'0 lcod 173'2984 active] op_applied on primary on version 173'2985
2014-06-12 14:45:57.689853 7f9d7795c700 10 osd.2 pg_epoch: 173 pg[3.458( v 173'2985 (0'0,173'2985] local-les=153 n=329 ec=23 les/c 153/153 152/152/152) [26,2] r=1 lpr=152 pi=23-151/12 luod=0'0 crt=0'0 lcod 173'2984 active] op_applied on replica on version 173'2985
2014-06-12 14:45:57.689881 7f9d7795c700 5 -- op tracker -- , seq: 747404, time:
2014-06-12 14:45:57.689877, event: done, op: osd_sub_op(client.4298.0:145087 3.458 3db4ac58/rbd_data.10a16b8b4567.0000000000000ffd/head//3 [] v 173'2985 snapset=0=[]:[] snapc=0=[])
2014-06-12 14:45:57.689956 7f9d7a161700 15 _write 3.237_head/64f37237/rbd_data.109e6b8b4567.0000000000000fc0/head//3 2297856~1032192
2014-06-12 14:45:57.690074 7f9d7a161700 10 lookup_strip_header done cid 3.237_head oid 64f37237/rbd_data.109e6b8b4567.0000000000000fc0/head//3
2014-06-12 14:45:57.690245 7f9d7a161700 10 file_to_extents done
2014-06-12 14:45:57.693403 7f9d7a161700 10 _generic_write 3.237_head/64f37237/rbd_data.109e6b8b4567.0000000000000fc0/head//3 2297856~1032192 = 0
2014-06-12 14:45:57.693481 7f9d7a161700 15 _setattrs 3.237_head/64f37237/rbd_data.109e6b8b4567.0000000000000fc0/head//3
2014-06-12 14:45:57.693496 7f9d7a161700 10 _setattrs 3.237_head/64f37237/rbd_data.109e6b8b4567.0000000000000fc0/head//3 = 0
2014-06-12 14:45:57.693501 7f9d7a161700 15 _setattrs 3.237_head/64f37237/rbd_data.109e6b8b4567.0000000000000fc0/head//3
2014-06-12 14:45:57.693506 7f9d7a161700 10 _setattrs 3.237_head/64f37237/rbd_data.109e6b8b4567.0000000000000fc0/head//3 = 0
2014-06-12 14:45:57.693647 7f9d5703e700 5 -- op tracker -- , seq: 747406, time:
2014-06-12 14:45:57.691535, event: header_read, op: osd_sub_op(client.4295.0:143272 3.237 64f37237/rbd_data.109e6b8b4567.0000000000000fc0/head//3 [] v 173'2843 snapset=0=[]:[] snapc=0=[])
2014-06-12 14:45:57.693660 7f9d5703e700 5 -- op tracker -- , seq: 747406, time:
2014-06-12 14:45:57.691544, event: throttled, op: osd_sub_op(client.4295.0:143272 3.237 64f37237/rbd_data.109e6b8b4567.0000000000000fc0/head//3 [] v 173'2843 snapset=0=[]:[] snapc=0=[])
2014-06-12 14:45:57.693670 7f9d5703e700 5 -- op tracker -- , seq: 747406, time:
2014-06-12 14:45:57.692859, event: all_read, op: osd_sub_op(client.4295.0:143272 3.237 64f37237/rbd_data.109e6b8b4567.0000000000000fc0/head//3 [] v 173'2843 snapset=0=[]:[] snapc=0=[])
2014-06-12 14:45:57.693682 7f9d5703e700 5 -- op tracker -- , seq: 747406, time: 0.000000, event: dispatched, op: osd_sub_op(client.4295.0:143272 3.237 64f37237/rbd_data.109e6b8b4567.0000000000000fc0/head//3 [] v 173'2843 snapset=0=[]:[] snapc=0=[])
2014-06-12 14:45:57.693689 7f9d5703e700 10 osd.2 173 handle_replica_op osd_sub_op(client.4295.0:143272 3.237 64f37237/rbd_data.109e6b8b4567.0000000000000fc0/head//3 [] v 173'2843 snapset=0=[]:[] snapc=0=[]) v10 epoch 173
2014-06-12 14:45:57.693696 7f9d5703e700 20 osd.2 173 should_share_map osd.20 172.16.96.202:6802/1090 173
2014-06-12 14:45:57.693706 7f9d5703e700 15 osd.2 173 enqueue_op 0x1e3eac00 prio 127 cost 865063 latency 0.002171 osd_sub_op(client.4295.0:143272 3.237 64f37237/rbd_data.109e6b8b4567.0000000000000fc0/head//3 [] v 173'2843 snapset=0=[]:[] snapc=0=[]) v10
2014-06-12 14:45:57.693737 7f9d7a161700 20 set_header setting 16982 cid 3.237_head oid 64f37237/rbd_data.109e6b8b4567.0000000000000fc0/head//3 parent seq 0
2014-06-12 14:45:57.693740 7f9d68be2700 12 OSD::op_tp worker wq OSD::OpWQ start processing 0x1 (1 active)
2014-06-12 14:45:57.693747 7f9d68be2700 10 osd.2 173 dequeue_op 0x1e3eac00 prio 127 cost 865063 latency 0.002212 osd_sub_op(client.4295.0:143272 3.237 64f37237/rbd_data.109e6b8b4567.0000000000000fc0/head//3 [] v 173'2843 snapset=0=[]:[] snapc=0=[]) v10 pg pg[3.237( v 173'2842 (0'0,173'2842] local-les=137 n=285 ec=23 les/c 137/137 136/136/136) [20,2] r=1 lpr=136 pi=23-135/12 luod=0'0 crt=0'0 lcod 173'2840 active]
2014-06-12 14:45:57.693775 7f9d68be2700 5 -- op tracker -- , seq: 747406, time:
2014-06-12 14:45:57.693770, event: reached_pg, op: osd_sub_op(client.4295.0:143272 3.237 64f37237/rbd_data.109e6b8b4567.0000000000000fc0/head//3 [] v 173'2843 snapset=0=[]:[] snapc=0=[])
2014-06-12 14:45:57.693786 7f9d68be2700 10 osd.2 pg_epoch: 173 pg[3.237( v 173'2842 (0'0,173'2842] local-les=137 n=285 ec=23 les/c 137/137 136/136/136) [20,2] r=1 lpr=136 pi=23-135/12 luod=0'0 crt=0'0 lcod 173'2840 active] handle_message: 0x1e3eac00
2014-06-12 14:45:57.693800 7f9d68be2700 10 osd.2 pg_epoch: 173 pg[3.237( v 173'2842 (0'0,173'2842] local-les=137 n=285 ec=23 les/c 137/137 136/136/136) [20,2] r=1 lpr=136 pi=23-135/12 luod=0'0 crt=0'0 lcod 173'2840 active] sub_op_modify trans 64f37237/rbd_data.109e6b8b4567.0000000000000fc0/head//3 v 173'2843 (transaction) 174
2014-06-12 14:45:57.693817 7f9d68be2700 5 -- op tracker -- , seq: 747406, time:
2014-06-12 14:45:57.693813, event: started, op: osd_sub_op(client.4295.0:143272 3.237 64f37237/rbd_data.109e6b8b4567.0000000000000fc0/head//3 [] v 173'2843 snapset=0=[]:[] snapc=0=[])
2014-06-12 14:45:57.693839 7f9d7a161700 20 set_header setting 3 cid meta oid 16ef7597/infos/head//-1 parent seq 0
2014-06-12 14:45:57.693833 7f9d68be2700 10 osd.2 pg_epoch: 173 pg[3.237( v 173'2842 (0'0,173'2842] local-les=137 n=285 ec=23 les/c 137/137 136/136/136) [20,2] r=1 lpr=136 pi=23-135/12 luod=0'0 crt=0'0 lcod 173'2840 active] append_log log((0'0,173'2842], crt=0'0) [173'2843 (173'2842) modify 64f37237/rbd_data.109e6b8b4567.0000000000000fc0/head//3 by client.4295.0:143272
2014-06-12 08:45:00.067202]
2014-06-12 14:45:57.693856 7f9d7a161700 20 set_header setting 2190 cid meta oid 1fe26b1a/pglog_3.237/0//-1 parent seq 0
2014-06-12 14:45:57.693867 7f9d7a161700 5 submit_transaction r = 0
2014-06-12 14:45:57.693856 7f9d68be2700 10 osd.2 pg_epoch: 173 pg[3.237( v 173'2843 (0'0,173'2843] local-les=137 n=285 ec=23 les/c 137/137 136/136/136) [20,2] r=1 lpr=136 pi=23-135/12 luod=0'0 crt=0'0 lcod 173'2840 active] add_log_entry 173'2843 (173'2842) modify 64f37237/rbd_data.109e6b8b4567.0000000000000fc0/head//3 by client.4295.0:143272
2014-06-12 08:45:00.067202
2014-06-12 14:45:57.693900 7f9d68be2700 10 osd.2 pg_epoch: 173 pg[3.237( v 173'2843 (0'0,173'2843] local-les=137 n=285 ec=23 les/c 137/137 136/136/136) [20,2] r=1 lpr=136 pi=23-135/12 luod=0'0 crt=0'0 lcod 173'2840 active] append_log adding 1 keys
2014-06-12 14:45:57.693934 7f9d68be2700 10 write_log with: dirty_to: 0'0, dirty_from: 4294967295'18446744073709551615, dirty_divergent_priors: 0, writeout_from: 173'2843, trimmed:
2014-06-12 14:45:57.693966 7f9d68be2700 5 -- op tracker -- , seq: 747406, time:
2014-06-12 14:45:57.693962, event: started, op: osd_sub_op(client.4295.0:143272 3.237 64f37237/rbd_data.109e6b8b4567.0000000000000fc0/head//3 [] v 173'2843 snapset=0=[]:[] snapc=0=[])
2014-06-12 14:45:57.693975 7f9d68be2700 5 queue_transactions existing osr(3.237 0x276d3f0)/0x276d3f0
2014-06-12 14:45:57.693978 7f9d68be2700 5 queue_transactions (trailing journal)
2014-06-12 14:45:57.693980 7f9d68be2700 5 queue_op 0xdf8ad20 seq 2600 osr(3.237 0x276d3f0) 866549 bytes (queue has 2 ops and 1901034 bytes)
2014-06-12 14:45:57.693988 7f9d7a962700 12 KeyValueStore::op_tp worker wq KeyValueStore::OpWQ start processing 0x540eb40 (2 active)
2014-06-12 14:45:57.693984 7f9d68be2700 15 osd.2 pg_epoch: 173 pg[3.237( v 173'2843 (0'0,173'2843] local-les=137 n=285 ec=23 les/c 137/137 136/136/136) [20,2] r=1 lpr=136 pi=23-135/12 luod=0'0 crt=0'0 lcod 173'2840 active] do_sub_op osd_sub_op(client.4295.0:143272 3.237 64f37237/rbd_data.109e6b8b4567.0000000000000fc0/head//3 [] v 173'2843 snapset=0=[]:[] snapc=0=[]) v10
2014-06-12 14:45:57.694021 7f9d68be2700 10 osd.2 173 dequeue_op 0x1e3eac00 finish
2014-06-12 14:45:57.694025 7f9d68be2700 15 OSD::op_tp worker wq OSD::OpWQ done processing 0x1 (0 active)
2014-06-12 14:45:57.694027 7f9d68be2700 20 OSD::op_tp worker waiting
2014-06-12 14:45:57.700248 7f9d7a161700 10 _do_op 0x6f81b00 seq 2599 r = 0, finisher 0x1d498120 0
2014-06-12 14:45:57.700275 7f9d7a161700 10 _finish_op 0x6f81b00 seq 2599 osr(3.237 0x276d3f0)/0x276d3f0
2014-06-12 14:45:57.700293 7f9d7a161700 15 KeyValueStore::op_tp worker wq KeyValueStore::OpWQ done processing 0x540eb40 (1 active)
2014-06-12 14:45:57.700303 7f9d7a161700 20 KeyValueStore::op_tp worker waiting
2014-06-12 14:45:57.700313 7f9d7a962700 5 _do_op 0xdf8ad20 seq 2600 osr(3.237 0x276d3f0)/0x276d3f0 start
2014-06-12 14:45:57.700320 7f9d7a962700 10 _do_transaction on 0x2ca03270
2014-06-12 14:45:57.700316 7f9d7715b700 5 -- op tracker -- , seq: 747403, time:
2014-06-12 14:45:57.700305, event: commit_sent, op: osd_sub_op(client.4295.0:143271 3.237 64f37237/rbd_data.109e6b8b4567.0000000000000fc0/head//3 [] v 173'2842 snapset=0=[]:[] snapc=0=[])
2014-06-12 14:45:57.700329 7f9d7a962700 15 _omap_setkeys meta/1fe26b1a/pglog_3.237/0//-1
2014-06-12 14:45:57.700324 7f9d7715b700 10 osd.2 pg_epoch: 173 pg[3.237( v 173'2843 (0'0,173'2843] local-les=137 n=285 ec=23 les/c 137/137 136/136/136) [20,2] r=1 lpr=136 pi=23-135/12 luod=0'0 crt=0'0 lcod 173'2840 active] sub_op_modify_commit on op osd_sub_op(client.4295.0:143271 3.237 64f37237/rbd_data.109e6b8b4567.0000000000000fc0/head//3 [] v 173'2842 snapset=0=[]:[] snapc=0=[]) v10, sending commit to osd.20
2014-06-12 14:45:57.700347 7f9d7715b700 20 osd.2 173 share_map_peer 0x5cf7760 already has epoch 173
2014-06-12 14:45:57.700380 7f9d7795c700 5 -- op tracker -- , seq: 747403, time:
2014-06-12 14:45:57.700373, event: sub_op_applied, op: osd_sub_op(client.4295.0:143271 3.237 64f37237/rbd_data.109e6b8b4567.0000000000000fc0/head//3 [] v 173'2842 snapset=0=[]:[] snapc=0=[])
2014-06-12 14:45:57.700394 7f9d7795c700 10 osd.2 pg_epoch: 173 pg[3.237( v 173'2843 (0'0,173'2843] local-les=137 n=285 ec=23 les/c 137/137 136/136/136) [20,2] r=1 lpr=136 pi=23-135/12 luod=0'0 crt=0'0 lcod 173'2841 active] sub_op_modify_applied on 0x63acfc0 op osd_sub_op(client.4295.0:143271 3.237 64f37237/rbd_data.109e6b8b4567.0000000000000fc0/head//3 [] v 173'2842 snapset=0=[]:[] snapc=0=[]) v10
2014-06-12 14:45:57.700413 7f9d7795c700 10 osd.2 pg_epoch: 173 pg[3.237( v 173'2843 (0'0,173'2843] local-les=137 n=285 ec=23 les/c 137/137 136/136/136) [20,2] r=1 lpr=136 pi=23-135/12 luod=0'0 crt=0'0 lcod 173'2841 active] op_applied on primary on version 173'2842
2014-06-12 14:45:57.700424 7f9d7795c700 10 osd.2 pg_epoch: 173 pg[3.237( v 173'2843 (0'0,173'2843] local-les=137 n=285 ec=23 les/c 137/137 136/136/136) [20,2] r=1 lpr=136 pi=23-135/12 luod=0'0 crt=0'0 lcod 173'2841 active] op_applied on replica on version 173'2842
2014-06-12 14:45:57.700451 7f9d7795c700 5 -- op tracker -- , seq: 747403, time:
2014-06-12 14:45:57.700446, event: done, op: osd_sub_op(client.4295.0:143271 3.237 64f37237/rbd_data.109e6b8b4567.0000000000000fc0/head//3 [] v 173'2842 snapset=0=[]:[] snapc=0=[])
2014-06-12 14:45:57.700587 7f9d7a962700 10 lookup_strip_header done cid meta oid 1fe26b1a/pglog_3.237/0//-1
2014-06-12 14:45:57.700615 7f9d7a962700 15 _omap_setkeys meta/16ef7597/infos/head//-1
2014-06-12 14:45:57.700672 7f9d7a962700 10 lookup_strip_header done cid meta oid 16ef7597/infos/head//-1
2014-06-12 14:45:57.700699 7f9d7a962700 15 _omap_rmkeys meta/1fe26b1a/pglog_3.237/0//-1
2014-06-12 14:45:57.700707 7f9d7a962700 10 _omap_rmkeys meta/1fe26b1a/pglog_3.237/0//-1 r = 0
2014-06-12 14:45:57.700715 7f9d7a962700 15 _omap_setkeys meta/1fe26b1a/pglog_3.237/0//-1
2014-06-12 14:45:57.700891 7f9d7a962700 15 _write 3.237_head/64f37237/rbd_data.109e6b8b4567.0000000000000fc0/head//3 3330048~864256
2014-06-12 14:45:57.701011 7f9d7a962700 10 lookup_strip_header done cid 3.237_head oid 64f37237/rbd_data.109e6b8b4567.0000000000000fc0/head//3
2014-06-12 14:45:57.701142 7f9d7a962700 10 file_to_extents done
2014-06-12 14:45:57.703130 7f9d7a962700 10 _generic_write 3.237_head/64f37237/rbd_data.109e6b8b4567.0000000000000fc0/head//3 3330048~864256 = 0
2014-06-12 14:45:57.703209 7f9d7a962700 15 _setattrs 3.237_head/64f37237/rbd_data.109e6b8b4567.0000000000000fc0/head//3
2014-06-12 14:45:57.703230 7f9d7a962700 10 _setattrs 3.237_head/64f37237/rbd_data.109e6b8b4567.0000000000000fc0/head//3 = 0
2014-06-12 14:45:57.703236 7f9d7a962700 15 _setattrs 3.237_head/64f37237/rbd_data.109e6b8b4567.0000000000000fc0/head//3
2014-06-12 14:45:57.703245 7f9d7a962700 10 _setattrs 3.237_head/64f37237/rbd_data.109e6b8b4567.0000000000000fc0/head//3 = 0
2014-06-12 14:45:57.703453 7f9d7a962700 20 set_header setting 16982 cid 3.237_head oid 64f37237/rbd_data.109e6b8b4567.0000000000000fc0/head//3 parent seq 0
2014-06-12 14:45:57.703547 7f9d7a962700 20 set_header setting 3 cid meta oid 16ef7597/infos/head//-1 parent seq 0
2014-06-12 14:45:57.703563 7f9d7a962700 20 set_header setting 2190 cid meta oid 1fe26b1a/pglog_3.237/0//-1 parent seq 0
2014-06-12 14:45:57.703576 7f9d7a962700 5 submit_transaction r = 0
2014-06-12 14:45:57.707941 7f9d7a962700 10 _do_op 0xdf8ad20 seq 2600 r = 0, finisher 0x8588320 0
2014-06-12 14:45:57.707989 7f9d7715b700 5 -- op tracker -- , seq: 747406, time:
2014-06-12 14:45:57.707978, event: commit_sent, op: osd_sub_op(client.4295.0:143272 3.237 64f37237/rbd_data.109e6b8b4567.0000000000000fc0/head//3 [] v 173'2843 snapset=0=[]:[] snapc=0=[])
2014-06-12 14:45:57.708021 7f9d7715b700 10 osd.2 pg_epoch: 173 pg[3.237( v 173'2843 (0'0,173'2843] local-les=137 n=285 ec=23 les/c 137/137 136/136/136) [20,2] r=1 lpr=136 pi=23-135/12 luod=0'0 crt=0'0 lcod 173'2841 active] sub_op_modify_commit on op osd_sub_op(client.4295.0:143272 3.237 64f37237/rbd_data.109e6b8b4567.0000000000000fc0/head//3 [] v 173'2843 snapset=0=[]:[] snapc=0=[]) v10, sending commit to osd.20
2014-06-12 14:45:57.708053 7f9d7715b700 20 osd.2 173 share_map_peer 0x5cf7760 already has epoch 173
2014-06-12 14:45:57.708084 7f9d7a962700 10 _finish_op 0xdf8ad20 seq 2600 osr(3.237 0x276d3f0)/0x276d3f0
2014-06-12 14:45:57.708105 7f9d7795c700 5 -- op tracker -- , seq: 747406, time:
2014-06-12 14:45:57.708100, event: sub_op_applied, op: osd_sub_op(client.4295.0:143272 3.237 64f37237/rbd_data.109e6b8b4567.0000000000000fc0/head//3 [] v 173'2843 snapset=0=[]:[] snapc=0=[])
2014-06-12 14:45:57.708113 7f9d7795c700 10 osd.2 pg_epoch: 173 pg[3.237( v 173'2843 (0'0,173'2843] local-les=137 n=285 ec=23 les/c 137/137 136/136/136) [20,2] r=1 lpr=136 pi=23-135/12 luod=0'0 crt=0'0 lcod 173'2842 active] sub_op_modify_applied on 0x2ca03180 op osd_sub_op(client.4295.0:143272 3.237 64f37237/rbd_data.109e6b8b4567.0000000000000fc0/head//3 [] v 173'2843 snapset=0=[]:[] snapc=0=[]) v10
2014-06-12 14:45:57.708131 7f9d7795c700 10 osd.2 pg_epoch: 173 pg[3.237( v 173'2843 (0'0,173'2843] local-les=137 n=285 ec=23 les/c 137/137 136/136/136) [20,2] r=1 lpr=136 pi=23-135/12 luod=0'0 crt=0'0 lcod 173'2842 active] op_applied on primary on version 173'2843
2014-06-12 14:45:57.708142 7f9d7795c700 10 osd.2 pg_epoch: 173 pg[3.237( v 173'2843 (0'0,173'2843] local-les=137 n=285 ec=23 les/c 137/137 136/136/136) [20,2] r=1 lpr=136 pi=23-135/12 luod=0'0 crt=0'0 lcod 173'2842 active] op_applied on replica on version 173'2843
2014-06-12 14:45:57.708180 7f9d7a962700 5 -- op tracker -- , seq: 747406, time:
2014-06-12 14:45:57.708173, event: done, op: osd_sub_op(client.4295.0:143272 3.237 64f37237/rbd_data.109e6b8b4567.0000000000000fc0/head//3 [] v 173'2843 snapset=0=[]:[] snapc=0=[])
2014-06-12 14:45:57.708238 7f9d7a962700 15 KeyValueStore::op_tp worker wq KeyValueStore::OpWQ done processing 0x540eb40 (0 active)
2014-06-12 14:45:57.708245 7f9d7a962700 20 KeyValueStore::op_tp worker waiting
2014-06-12 14:45:57.845359 7f9d44101700 5 -- op tracker -- , seq: 747407, time:
2014-06-12 14:45:57.844913, event: header_read, op: osd_sub_op(client.4300.0:140036 3.567 72dd9567/rbd_data.10a36b8b4567.0000000000000ec2/head//3 [] v 173'3084 snapset=0=[]:[] snapc=0=[])
2014-06-12 14:45:57.845379 7f9d44101700 5 -- op tracker -- , seq: 747407, time:
2014-06-12 14:45:57.844916, event: throttled, op: osd_sub_op(client.4300.0:140036 3.567 72dd9567/rbd_data.10a36b8b4567.0000000000000ec2/head//3 [] v 173'3084 snapset=0=[]:[] snapc=0=[])
2014-06-12 14:45:57.845388 7f9d44101700 5 -- op tracker -- , seq: 747407, time:
2014-06-12 14:45:57.845307, event: all_read, op: osd_sub_op(client.4300.0:140036 3.567 72dd9567/rbd_data.10a36b8b4567.0000000000000ec2/head//3 [] v 173'3084 snapset=0=[]:[] snapc=0=[])
2014-06-12 14:45:57.845402 7f9d44101700 5 -- op tracker -- , seq: 747407, time: 0.000000, event: dispatched, op: osd_sub_op(client.4300.0:140036 3.567 72dd9567/rbd_data.10a36b8b4567.0000000000000ec2/head//3 [] v 173'3084 snapset=0=[]:[] snapc=0=[])
2014-06-12 14:45:57.845408 7f9d44101700 10 osd.2 173 handle_replica_op osd_sub_op(client.4300.0:140036 3.567 72dd9567/rbd_data.10a36b8b4567.0000000000000ec2/head//3 [] v 173'3084 snapset=0=[]:[] snapc=0=[]) v10 epoch 173
2014-06-12 14:45:57.845424 7f9d44101700 20 osd.2 173 should_share_map osd.21 172.16.96.202:6808/1410 173
2014-06-12 14:45:57.845433 7f9d44101700 15 osd.2 173 enqueue_op 0xe20b900 prio 127 cost 156455 latency 0.000520 osd_sub_op(client.4300.0:140036 3.567 72dd9567/rbd_data.10a36b8b4567.0000000000000ec2/head//3 [] v 173'3084 snapset=0=[]:[] snapc=0=[]) v10
2014-06-12 14:45:57.845465 7f9d61bd4700 12 OSD::op_tp worker wq OSD::OpWQ start processing 0x1 (1 active)
2014-06-12 14:45:57.845477 7f9d61bd4700 10 osd.2 173 dequeue_op 0xe20b900 prio 127 cost 156455 latency 0.000564 osd_sub_op(client.4300.0:140036 3.567 72dd9567/rbd_data.10a36b8b4567.0000000000000ec2/head//3 [] v 173'3084 snapset=0=[]:[] snapc=0=[]) v10 pg pg[3.567( v 173'3083 (79'82,173'3083] local-les=139 n=298 ec=23 les/c 139/139 138/138/138) [21,2] r=1 lpr=138 pi=23-137/12 luod=0'0 crt=0'0 lcod 173'3082 active]
2014-06-12 14:45:57.845506 7f9d61bd4700 5 -- op tracker -- , seq: 747407, time:
2014-06-12 14:45:57.845502, event: reached_pg, op: osd_sub_op(client.4300.0:140036 3.567 72dd9567/rbd_data.10a36b8b4567.0000000000000ec2/head//3 [] v 173'3084 snapset=0=[]:[] snapc=0=[])
2014-06-12 14:45:57.845517 7f9d61bd4700 10 osd.2 pg_epoch: 173 pg[3.567( v 173'3083 (79'82,173'3083] local-les=139 n=298 ec=23 les/c 139/139 138/138/138) [21,2] r=1 lpr=138 pi=23-137/12 luod=0'0 crt=0'0 lcod 173'3082 active] handle_message: 0xe20b900
2014-06-12 14:45:57.845531 7f9d61bd4700 10 osd.2 pg_epoch: 173 pg[3.567( v 173'3083 (79'82,173'3083] local-les=139 n=298 ec=23 les/c 139/139 138/138/138) [21,2] r=1 lpr=138 pi=23-137/12 luod=0'0 crt=0'0 lcod 173'3082 active] sub_op_modify trans 72dd9567/rbd_data.10a36b8b4567.0000000000000ec2/head//3 v 173'3084 (transaction) 174
2014-06-12 14:45:57.845549 7f9d61bd4700 5 -- op tracker -- , seq: 747407, time:
2014-06-12 14:45:57.845545, event: started, op: osd_sub_op(client.4300.0:140036 3.567 72dd9567/rbd_data.10a36b8b4567.0000000000000ec2/head//3 [] v 173'3084 snapset=0=[]:[] snapc=0=[])
2014-06-12 14:45:57.845567 7f9d61bd4700 10 osd.2 pg_epoch: 173 pg[3.567( v 173'3083 (79'82,173'3083] local-les=139 n=298 ec=23 les/c 139/139 138/138/138) [21,2] r=1 lpr=138 pi=23-137/12 luod=0'0 crt=0'0 lcod 173'3082 active] append_log log((79'82,173'3083], crt=0'0) [173'3084 (173'987) modify 72dd9567/rbd_data.10a36b8b4567.0000000000000ec2/head//3 by client.4300.0:140036
2014-06-12 08:45:00.204363]
2014-06-12 14:45:57.845590 7f9d61bd4700 10 osd.2 pg_epoch: 173 pg[3.567( v 173'3084 (79'82,173'3084] local-les=139 n=298 ec=23 les/c 139/139 138/138/138) [21,2] r=1 lpr=138 pi=23-137/12 luod=0'0 crt=0'0 lcod 173'3082 active] add_log_entry 173'3084 (173'987) modify 72dd9567/rbd_data.10a36b8b4567.0000000000000ec2/head//3 by client.4300.0:140036
2014-06-12 08:45:00.204363
2014-06-12 14:45:57.845625 7f9d61bd4700 10 osd.2 pg_epoch: 173 pg[3.567( v 173'3084 (79'82,173'3084] local-les=139 n=298 ec=23 les/c 139/139 138/138/138) [21,2] r=1 lpr=138 pi=23-137/12 luod=0'0 crt=0'0 lcod 173'3082 active] append_log adding 1 keys
2014-06-12 14:45:57.845642 7f9d61bd4700 10 trim log((79'82,173'3084], crt=0'0) to 79'83
2014-06-12 14:45:57.845671 7f9d61bd4700 10 write_log with: dirty_to: 0'0, dirty_from: 4294967295'18446744073709551615, dirty_divergent_priors: 0, writeout_from: 173'3084, trimmed: 79'83
2014-06-12 14:45:57.845698 7f9d61bd4700 5 -- op tracker -- , seq: 747407, time:
2014-06-12 14:45:57.845694, event: started, op: osd_sub_op(client.4300.0:140036 3.567 72dd9567/rbd_data.10a36b8b4567.0000000000000ec2/head//3 [] v 173'3084 snapset=0=[]:[] snapc=0=[])
2014-06-12 14:45:57.845709 7f9d61bd4700 5 queue_transactions existing osr(3.567 0x276db00)/0x276db00
2014-06-12 14:45:57.845714 7f9d61bd4700 5 queue_transactions (trailing journal)
2014-06-12 14:45:57.845716 7f9d61bd4700 5 queue_op 0xdf16600 seq 2735 osr(3.567 0x276db00) 157976 bytes (queue has 1 ops and 157976 bytes)
2014-06-12 14:45:57.845728 7f9d7895e700 12 KeyValueStore::op_tp worker wq KeyValueStore::OpWQ start processing 0x227ea20 (1 active)
2014-06-12 14:45:57.845735 7f9d7895e700 5 _do_op 0xdf16600 seq 2735 osr(3.567 0x276db00)/0x276db00 start
2014-06-12 14:45:57.845723 7f9d61bd4700 15 osd.2 pg_epoch: 173 pg[3.567( v 173'3084 (79'83,173'3084] local-les=139 n=298 ec=23 les/c 139/139 138/138/138) [21,2] r=1 lpr=138 pi=23-137/12 luod=0'0 crt=0'0 lcod 173'3082 active] do_sub_op osd_sub_op(client.4300.0:140036 3.567 72dd9567/rbd_data.10a36b8b4567.0000000000000ec2/head//3 [] v 173'3084 snapset=0=[]:[] snapc=0=[]) v10
2014-06-12 14:45:57.845738 7f9d61bd4700 10 osd.2 173 dequeue_op 0xe20b900 finish
2014-06-12 14:45:57.845740 7f9d7895e700 10 _do_transaction on 0x5546470
2014-06-12 14:45:57.845742 7f9d61bd4700 15 OSD::op_tp worker wq OSD::OpWQ done processing 0x1 (0 active)
2014-06-12 14:45:57.845745 7f9d61bd4700 20 OSD::op_tp worker waiting
2014-06-12 14:45:57.845746 7f9d7895e700 15 _omap_setkeys meta/1fe17b5a/pglog_3.567/0//-1
2014-06-12 14:45:57.845951 7f9d7895e700 10 lookup_strip_header done cid meta oid 1fe17b5a/pglog_3.567/0//-1
2014-06-12 14:45:57.845981 7f9d7895e700 15 _omap_setkeys meta/16ef7597/infos/head//-1
2014-06-12 14:45:57.846058 7f9d7895e700 10 lookup_strip_header done cid meta oid 16ef7597/infos/head//-1
2014-06-12 14:45:57.846082 7f9d7895e700 15 _omap_rmkeys meta/1fe17b5a/pglog_3.567/0//-1
2014-06-12 14:45:57.846092 7f9d7895e700 10 _omap_rmkeys meta/1fe17b5a/pglog_3.567/0//-1 r = 0
2014-06-12 14:45:57.846099 7f9d7895e700 15 _omap_setkeys meta/1fe17b5a/pglog_3.567/0//-1
2014-06-12 14:45:57.846203 7f9d7895e700 15 _write 3.567_head/72dd9567/rbd_data.10a36b8b4567.0000000000000ec2/head//3 0~155648
2014-06-12 14:45:57.846423 7f9d7895e700 10 lookup_strip_header done cid 3.567_head oid 72dd9567/rbd_data.10a36b8b4567.0000000000000ec2/head//3
2014-06-12 14:45:57.846535 7f9d7895e700 10 file_to_extents done
2014-06-12 14:45:57.847072 7f9d7895e700 10 _generic_write 3.567_head/72dd9567/rbd_data.10a36b8b4567.0000000000000ec2/head//3 0~155648 = 0
2014-06-12 14:45:57.847095 7f9d7895e700 15 _setattrs 3.567_head/72dd9567/rbd_data.10a36b8b4567.0000000000000ec2/head//3
2014-06-12 14:45:57.847110 7f9d7895e700 10 _setattrs 3.567_head/72dd9567/rbd_data.10a36b8b4567.0000000000000ec2/head//3 = 0
2014-06-12 14:45:57.847118 7f9d7895e700 15 _setattrs 3.567_head/72dd9567/rbd_data.10a36b8b4567.0000000000000ec2/head//3
2014-06-12 14:45:57.847130 7f9d7895e700 10 _setattrs 3.567_head/72dd9567/rbd_data.10a36b8b4567.0000000000000ec2/head//3 = 0
2014-06-12 14:45:57.847270 7f9d7895e700 20 set_header setting 16539 cid 3.567_head oid 72dd9567/rbd_data.10a36b8b4567.0000000000000ec2/head//3 parent seq 0
2014-06-12 14:45:57.847303 7f9d7895e700 20 set_header setting 3 cid meta oid 16ef7597/infos/head//-1 parent seq 0
2014-06-12 14:45:57.847318 7f9d7895e700 20 set_header setting 2212 cid meta oid 1fe17b5a/pglog_3.567/0//-1 parent seq 0
2014-06-12 14:45:57.847329 7f9d7895e700 5 submit_transaction r = 0
2014-06-12 14:45:57.849133 7f9d7895e700 10 _do_op 0xdf16600 seq 2735 r = 0, finisher 0x1f24700 0
2014-06-12 14:45:57.849150 7f9d7895e700 10 _finish_op 0xdf16600 seq 2735 osr(3.567 0x276db00)/0x276db00
2014-06-12 14:45:57.849159 7f9d7895e700 15 KeyValueStore::op_tp worker wq KeyValueStore::OpWQ done processing 0x227ea20 (0 active)
2014-06-12 14:45:57.849162 7f9d7895e700 20 KeyValueStore::op_tp worker waiting
2014-06-12 14:45:57.849184 7f9d7795c700 5 -- op tracker -- , seq: 747407, time:
2014-06-12 14:45:57.849176, event: sub_op_applied, op: osd_sub_op(client.4300.0:140036 3.567 72dd9567/rbd_data.10a36b8b4567.0000000000000ec2/head//3 [] v 173'3084 snapset=0=[]:[] snapc=0=[])
2014-06-12 14:45:57.849200 7f9d7795c700 10 osd.2 pg_epoch: 173 pg[3.567( v 173'3084 (79'83,173'3084] local-les=139 n=298 ec=23 les/c 139/139 138/138/138) [21,2] r=1 lpr=138 pi=23-137/12 luod=0'0 crt=0'0 lcod 173'3082 active] sub_op_modify_applied on 0x5546380 op osd_sub_op(client.4300.0:140036 3.567 72dd9567/rbd_data.10a36b8b4567.0000000000000ec2/head//3 [] v 173'3084 snapset=0=[]:[] snapc=0=[]) v10
2014-06-12 14:45:57.849230 7f9d7795c700 20 osd.2 173 share_map_peer 0x5cf7600 already has epoch 173
2014-06-12 14:45:57.849248 7f9d7795c700 10 osd.2 pg_epoch: 173 pg[3.567( v 173'3084 (79'83,173'3084] local-les=139 n=298 ec=23 les/c 139/139 138/138/138) [21,2] r=1 lpr=138 pi=23-137/12 luod=0'0 crt=0'0 lcod 173'3082 active] op_applied on primary on version 173'3084
2014-06-12 14:45:57.849260 7f9d7795c700 10 osd.2 pg_epoch: 173 pg[3.567( v 173'3084 (79'83,173'3084] local-les=139 n=298 ec=23 les/c 139/139 138/138/138) [21,2] r=1 lpr=138 pi=23-137/12 luod=0'0 crt=0'0 lcod 173'3082 active] op_applied on replica on version 173'3084
2014-06-12 14:45:57.849306 7f9d7715b700 5 -- op tracker -- , seq: 747407, time:
2014-06-12 14:45:57.849300, event: commit_sent, op: osd_sub_op(client.4300.0:140036 3.567 72dd9567/rbd_data.10a36b8b4567.0000000000000ec2/head//3 [] v 173'3084 snapset=0=[]:[] snapc=0=[])
2014-06-12 14:45:57.849318 7f9d7715b700 10 osd.2 pg_epoch: 173 pg[3.567( v 173'3084 (79'83,173'3084] local-les=139 n=298 ec=23 les/c 139/139 138/138/138) [21,2] r=1 lpr=138 pi=23-137/12 luod=0'0 crt=0'0 lcod 173'3082 active] sub_op_modify_commit on op osd_sub_op(client.4300.0:140036 3.567 72dd9567/rbd_data.10a36b8b4567.0000000000000ec2/head//3 [] v 173'3084 snapset=0=[]:[] snapc=0=[]) v10, sending commit to osd.21
2014-06-12 14:45:57.849336 7f9d7715b700 20 osd.2 173 share_map_peer 0x5cf7600 already has epoch 173
2014-06-12 14:45:57.849367 7f9d7715b700 5 -- op tracker -- , seq: 747407, time:
2014-06-12 14:45:57.849362, event: done, op: osd_sub_op(client.4300.0:140036 3.567 72dd9567/rbd_data.10a36b8b4567.0000000000000ec2/head//3 [] v 173'3084 snapset=0=[]:[] snapc=0=[])
2014-06-12 14:45:57.860161 7f9d44101700 5 -- op tracker -- , seq: 747408, time:
2014-06-12 14:45:57.859334, event: header_read, op: osd_sub_op(client.4300.0:140037 3.567 72dd9567/rbd_data.10a36b8b4567.0000000000000ec2/head//3 [] v 173'3085 snapset=0=[]:[] snapc=0=[])
2014-06-12 14:45:57.860174 7f9d44101700 5 -- op tracker -- , seq: 747408, time:
2014-06-12 14:45:57.859336, event: throttled, op: osd_sub_op(client.4300.0:140037 3.567 72dd9567/rbd_data.10a36b8b4567.0000000000000ec2/head//3 [] v 173'3085 snapset=0=[]:[] snapc=0=[])
2014-06-12 14:45:57.860189 7f9d44101700 5 -- op tracker -- , seq: 747408, time:
2014-06-12 14:45:57.860121, event: all_read, op: osd_sub_op(client.4300.0:140037 3.567 72dd9567/rbd_data.10a36b8b4567.0000000000000ec2/head//3 [] v 173'3085 snapset=0=[]:[] snapc=0=[])
2014-06-12 14:45:57.860195 7f9d44101700 5 -- op tracker -- , seq: 747408, time: 0.000000, event: dispatched, op: osd_sub_op(client.4300.0:140037 3.567 72dd9567/rbd_data.10a36b8b4567.0000000000000ec2/head//3 [] v 173'3085 snapset=0=[]:[] snapc=0=[])
2014-06-12 14:45:57.860199 7f9d44101700 10 osd.2 173 handle_replica_op osd_sub_op(client.4300.0:140037 3.567 72dd9567/rbd_data.10a36b8b4567.0000000000000ec2/head//3 [] v 173'3085 snapset=0=[]:[] snapc=0=[]) v10 epoch 173
2014-06-12 14:45:57.860204 7f9d44101700 20 osd.2 173 should_share_map osd.21 172.16.96.202:6808/1410 173
2014-06-12 14:45:57.860211 7f9d44101700 15 osd.2 173 enqueue_op 0xe20af00 prio 127 cost 516903 latency 0.000877 osd_sub_op(client.4300.0:140037 3.567 72dd9567/rbd_data.10a36b8b4567.0000000000000ec2/head//3 [] v 173'3085 snapset=0=[]:[] snapc=0=[]) v10
2014-06-12 14:45:57.860239 7f9d673df700 12 OSD::op_tp worker wq OSD::OpWQ start processing 0x1 (1 active)
2014-06-12 14:45:57.860249 7f9d673df700 10 osd.2 173 dequeue_op 0xe20af00 prio 127 cost 516903 latency 0.000915 osd_sub_op(client.4300.0:140037 3.567 72dd9567/rbd_data.10a36b8b4567.0000000000000ec2/head//3 [] v 173'3085 snapset=0=[]:[] snapc=0=[]) v10 pg pg[3.567( v 173'3084 (79'83,173'3084] local-les=139 n=298 ec=23 les/c 139/139 138/138/138) [21,2] r=1 lpr=138 pi=23-137/12 luod=0'0 crt=0'0 lcod 173'3083 active]
2014-06-12 14:45:57.860278 7f9d673df700 5 -- op tracker -- , seq: 747408, time:
2014-06-12 14:45:57.860274, event: reached_pg, op: osd_sub_op(client.4300.0:140037 3.567 72dd9567/rbd_data.10a36b8b4567.0000000000000ec2/head//3 [] v 173'3085 snapset=0=[]:[] snapc=0=[])
2014-06-12 14:45:57.860291 7f9d673df700 10 osd.2 pg_epoch: 173 pg[3.567( v 173'3084 (79'83,173'3084] local-les=139 n=298 ec=23 les/c 139/139 138/138/138) [21,2] r=1 lpr=138 pi=23-137/12 luod=0'0 crt=0'0 lcod 173'3083 active] handle_message: 0xe20af00
2014-06-12 14:45:57.860306 7f9d673df700 10 osd.2 pg_epoch: 173 pg[3.567( v 173'3084 (79'83,173'3084] local-les=139 n=298 ec=23 les/c 139/139 138/138/138) [21,2] r=1 lpr=138 pi=23-137/12 luod=0'0 crt=0'0 lcod 173'3083 active] sub_op_modify trans 72dd9567/rbd_data.10a36b8b4567.0000000000000ec2/head//3 v 173'3085 (transaction) 174
2014-06-12 14:45:57.860334 7f9d673df700 5 -- op tracker -- , seq: 747408, time:
2014-06-12 14:45:57.860329, event: started, op: osd_sub_op(client.4300.0:140037 3.567 72dd9567/rbd_data.10a36b8b4567.0000000000000ec2/head//3 [] v 173'3085 snapset=0=[]:[] snapc=0=[])
2014-06-12 14:45:57.860351 7f9d673df700 10 osd.2 pg_epoch: 173 pg[3.567( v 173'3084 (79'83,173'3084] local-les=139 n=298 ec=23 les/c 139/139 138/138/138) [21,2] r=1 lpr=138 pi=23-137/12 luod=0'0 crt=0'0 lcod 173'3083 active] append_log log((79'83,173'3084], crt=0'0) [173'3085 (173'3084) modify 72dd9567/rbd_data.10a36b8b4567.0000000000000ec2/head//3 by client.4300.0:140037
2014-06-12 08:45:00.232362]
2014-06-12 14:45:57.860378 7f9d673df700 10 osd.2 pg_epoch: 173 pg[3.567( v 173'3085 (79'83,173'3085] local-les=139 n=298 ec=23 les/c 139/139 138/138/138) [21,2] r=1 lpr=138 pi=23-137/12 luod=0'0 crt=0'0 lcod 173'3083 active] add_log_entry 173'3085 (173'3084) modify 72dd9567/rbd_data.10a36b8b4567.0000000000000ec2/head//3 by client.4300.0:140037
2014-06-12 08:45:00.232362
2014-06-12 14:45:57.860402 7f9d673df700 10 osd.2 pg_epoch: 173 pg[3.567( v 173'3085 (79'83,173'3085] local-les=139 n=298 ec=23 les/c 139/139 138/138/138) [21,2] r=1 lpr=138 pi=23-137/12 luod=0'0 crt=0'0 lcod 173'3083 active] append_log adding 1 keys
2014-06-12 14:45:57.860419 7f9d673df700 10 trim log((79'83,173'3085], crt=0'0) to 79'84
2014-06-12 14:45:57.860453 7f9d673df700 10 write_log with: dirty_to: 0'0, dirty_from: 4294967295'18446744073709551615, dirty_divergent_priors: 0, writeout_from: 173'3085, trimmed: 79'84
2014-06-12 14:45:57.860485 7f9d673df700 5 -- op tracker -- , seq: 747408, time:
2014-06-12 14:45:57.860480, event: started, op: osd_sub_op(client.4300.0:140037 3.567 72dd9567/rbd_data.10a36b8b4567.0000000000000ec2/head//3 [] v 173'3085 snapset=0=[]:[] snapc=0=[])
2014-06-12 14:45:57.860498 7f9d673df700 5 queue_transactions existing osr(3.567 0x276db00)/0x276db00
2014-06-12 14:45:57.860505 7f9d673df700 5 queue_transactions (trailing journal)
2014-06-12 14:45:57.860506 7f9d673df700 5 queue_op 0x33605a0 seq 2736 osr(3.567 0x276db00) 518424 bytes (queue has 1 ops and 518424 bytes)
2014-06-12 14:45:57.860513 7f9d673df700 15 osd.2 pg_epoch: 173 pg[3.567( v 173'3085 (79'84,173'3085] local-les=139 n=298 ec=23 les/c 139/139 138/138/138) [21,2] r=1 lpr=138 pi=23-137/12 luod=0'0 crt=0'0 lcod 173'3083 active] do_sub_op osd_sub_op(client.4300.0:140037 3.567 72dd9567/rbd_data.10a36b8b4567.0000000000000ec2/head//3 [] v 173'3085 snapset=0=[]:[] snapc=0=[]) v10
2014-06-12 14:45:57.860530 7f9d673df700 10 osd.2 173 dequeue_op 0xe20af00 finish
2014-06-12 14:45:57.860534 7f9d673df700 15 OSD::op_tp worker wq OSD::OpWQ done processing 0x1 (0 active)
2014-06-12 14:45:57.860536 7f9d673df700 20 OSD::op_tp worker waiting
2014-06-12 14:45:57.860545 7f9d7f16b700 12 KeyValueStore::op_tp worker wq KeyValueStore::OpWQ start processing 0x227ea20 (1 active)
2014-06-12 14:45:57.860549 7f9d7f16b700 5 _do_op 0x33605a0 seq 2736 osr(3.567 0x276db00)/0x276db00 start
2014-06-12 14:45:57.860554 7f9d7f16b700 10 _do_transaction on 0x63ad970
2014-06-12 14:45:57.860560 7f9d7f16b700 15 _omap_setkeys meta/1fe17b5a/pglog_3.567/0//-1
2014-06-12 14:45:57.860825 7f9d7f16b700 10 lookup_strip_header done cid meta oid 1fe17b5a/pglog_3.567/0//-1
2014-06-12 14:45:57.860857 7f9d7f16b700 15 _omap_setkeys meta/16ef7597/infos/head//-1
2014-06-12 14:45:57.860937 7f9d7f16b700 10 lookup_strip_header done cid meta oid 16ef7597/infos/head//-1
2014-06-12 14:45:57.860963 7f9d7f16b700 15 _omap_rmkeys meta/1fe17b5a/pglog_3.567/0//-1
2014-06-12 14:45:57.860974 7f9d7f16b700 10 _omap_rmkeys meta/1fe17b5a/pglog_3.567/0//-1 r = 0
2014-06-12 14:45:57.860982 7f9d7f16b700 15 _omap_setkeys meta/1fe17b5a/pglog_3.567/0//-1
2014-06-12 14:45:57.861001 7f9d7f16b700 15 _write 3.567_head/72dd9567/rbd_data.10a36b8b4567.0000000000000ec2/head//3 155648~516096
2014-06-12 14:45:57.861322 7f9d7f16b700 10 lookup_strip_header done cid 3.567_head oid 72dd9567/rbd_data.10a36b8b4567.0000000000000ec2/head//3
2014-06-12 14:45:57.861450 7f9d7f16b700 10 file_to_extents done
2014-06-12 14:45:57.863276 7f9d7f16b700 10 _generic_write 3.567_head/72dd9567/rbd_data.10a36b8b4567.0000000000000ec2/head//3 155648~516096 = 0
2014-06-12 14:45:57.863330 7f9d7f16b700 15 _setattrs 3.567_head/72dd9567/rbd_data.10a36b8b4567.0000000000000ec2/head//3
2014-06-12 14:45:57.863345 7f9d7f16b700 10 _setattrs 3.567_head/72dd9567/rbd_data.10a36b8b4567.0000000000000ec2/head//3 = 0
2014-06-12 14:45:57.863351 7f9d7f16b700 15 _setattrs 3.567_head/72dd9567/rbd_data.10a36b8b4567.0000000000000ec2/head//3
2014-06-12 14:45:57.863359 7f9d7f16b700 10 _setattrs 3.567_head/72dd9567/rbd_data.10a36b8b4567.0000000000000ec2/head//3 = 0
2014-06-12 14:45:57.863565 7f9d7f16b700 20 set_header setting 16539 cid 3.567_head oid 72dd9567/rbd_data.10a36b8b4567.0000000000000ec2/head//3 parent seq 0
2014-06-12 14:45:57.863647 7f9d7f16b700 20 set_header setting 3 cid meta oid 16ef7597/infos/head//-1 parent seq 0
2014-06-12 14:45:57.863665 7f9d7f16b700 20 set_header setting 2212 cid meta oid 1fe17b5a/pglog_3.567/0//-1 parent seq 0
2014-06-12 14:45:57.863678 7f9d7f16b700 5 submit_transaction r = 0
2014-06-12 14:45:57.866805 7f9d7f16b700 10 _do_op 0x33605a0 seq 2736 r = 0, finisher 0x6d50b00 0
2014-06-12 14:45:57.866824 7f9d7f16b700 10 _finish_op 0x33605a0 seq 2736 osr(3.567 0x276db00)/0x276db00
2014-06-12 14:45:57.866832 7f9d7f16b700 15 KeyValueStore::op_tp worker wq KeyValueStore::OpWQ done processing 0x227ea20 (0 active)
2014-06-12 14:45:57.866840 7f9d7f16b700 20 KeyValueStore::op_tp worker waiting
2014-06-12 14:45:57.866846 7f9d7715b700 5 -- op tracker -- , seq: 747408, time:
2014-06-12 14:45:57.866835, event: commit_sent, op: osd_sub_op(client.4300.0:140037 3.567 72dd9567/rbd_data.10a36b8b4567.0000000000000ec2/head//3 [] v 173'3085 snapset=0=[]:[] snapc=0=[])
2014-06-12 14:45:57.866861 7f9d7715b700 10 osd.2 pg_epoch: 173 pg[3.567( v 173'3085 (79'84,173'3085] local-les=139 n=298 ec=23 les/c 139/139 138/138/138) [21,2] r=1 lpr=138 pi=23-137/12 luod=0'0 crt=0'0 lcod 173'3083 active] sub_op_modify_commit on op osd_sub_op(client.4300.0:140037 3.567 72dd9567/rbd_data.10a36b8b4567.0000000000000ec2/head//3 [] v 173'3085 snapset=0=[]:[] snapc=0=[]) v10, sending commit to osd.21
2014-06-12 14:45:57.866889 7f9d7715b700 20 osd.2 173 share_map_peer 0x5cf7600 already has epoch 173
