2014-06-12 14:45:54.977712 7f9d7795c700 5 -- op tracker -- , seq: 747299, time:
2014-06-12 14:45:54.977706, event: op_applied, op: osd_op(client.4314.0:144979 rbd_data.10b16b8b4567.000000000000104b [set-alloc-hint object_size 4194304 write_size 4194304,write 0~344064] 3.61cc1395 ack+ondisk+write+known_if_redirected e173)
2014-06-12 14:45:54.977720 7f9d7795c700 10 osd.2 pg_epoch: 173 pg[3.395( v 173'3322 (125'321,173'3322] local-les=137 n=324 ec=23 les/c 137/137 136/136/133) [2,20] r=0 lpr=136 luod=173'3320 crt=0'0 lcod 173'3319 mlcod 173'3319 active+clean] op_applied on primary on version 173'3321
2014-06-12 14:45:54.977747 7f9d5703e700 5 -- op tracker -- , seq: 747302, time:
2014-06-12 14:45:54.977711, event: header_read, op: osd_sub_op_reply(client.4314.0:144979 3.395 61cc1395/rbd_data.10b16b8b4567.000000000000104b/head//3 [] ondisk, result = 0)
2014-06-12 14:45:54.977758 7f9d5703e700 5 -- op tracker -- , seq: 747302, time:
2014-06-12 14:45:54.977712, event: throttled, op: osd_sub_op_reply(client.4314.0:144979 3.395 61cc1395/rbd_data.10b16b8b4567.000000000000104b/head//3 [] ondisk, result = 0)
2014-06-12 14:45:54.977767 7f9d5703e700 5 -- op tracker -- , seq: 747302, time:
2014-06-12 14:45:54.977721, event: all_read, op: osd_sub_op_reply(client.4314.0:144979 3.395 61cc1395/rbd_data.10b16b8b4567.000000000000104b/head//3 [] ondisk, result = 0)
2014-06-12 14:45:54.977775 7f9d5703e700 5 -- op tracker -- , seq: 747302, time: 0.000000, event: dispatched, op: osd_sub_op_reply(client.4314.0:144979 3.395 61cc1395/rbd_data.10b16b8b4567.000000000000104b/head//3 [] ondisk, result = 0)
2014-06-12 14:45:54.977779 7f9d5703e700 10 osd.2 173 handle_replica_op osd_sub_op_reply(client.4314.0:144979 3.395 61cc1395/rbd_data.10b16b8b4567.000000000000104b/head//3 [] ondisk, result = 0) v2 epoch 173
2014-06-12 14:45:54.977785 7f9d5703e700 20 osd.2 173 should_share_map osd.20 172.16.96.202:6802/1090 173
2014-06-12 14:45:54.977793 7f9d5703e700 15 osd.2 173 enqueue_op 0x31d61700 prio 196 cost 0 latency 0.000081 osd_sub_op_reply(client.4314.0:144979 3.395 61cc1395/rbd_data.10b16b8b4567.000000000000104b/head//3 [] ondisk, result = 0) v2
2014-06-12 14:45:54.977817 7f9d69be4700 12 OSD::op_tp worker wq OSD::OpWQ start processing 0x1 (1 active)
2014-06-12 14:45:54.977823 7f9d69be4700 10 osd.2 173 dequeue_op 0x31d61700 prio 196 cost 0 latency 0.000112 osd_sub_op_reply(client.4314.0:144979 3.395 61cc1395/rbd_data.10b16b8b4567.000000000000104b/head//3 [] ondisk, result = 0) v2 pg pg[3.395( v 173'3322 (125'321,173'3322] local-les=137 n=324 ec=23 les/c 137/137 136/136/133) [2,20] r=0 lpr=136 luod=173'3320 crt=0'0 lcod 173'3319 mlcod 173'3319 active+clean]
2014-06-12 14:45:54.977840 7f9d69be4700 5 -- op tracker -- , seq: 747302, time:
2014-06-12 14:45:54.977837, event: reached_pg, op: osd_sub_op_reply(client.4314.0:144979 3.395 61cc1395/rbd_data.10b16b8b4567.000000000000104b/head//3 [] ondisk, result = 0)
2014-06-12 14:45:54.977857 7f9d69be4700 10 osd.2 pg_epoch: 173 pg[3.395( v 173'3322 (125'321,173'3322] local-les=137 n=324 ec=23 les/c 137/137 136/136/133) [2,20] r=0 lpr=136 luod=173'3320 crt=0'0 lcod 173'3319 mlcod 173'3319 active+clean] handle_message: 0x31d61700
2014-06-12 14:45:54.977870 7f9d69be4700 5 -- op tracker -- , seq: 747302, time:
2014-06-12 14:45:54.977867, event: started, op: osd_sub_op_reply(client.4314.0:144979 3.395 61cc1395/rbd_data.10b16b8b4567.000000000000104b/head//3 [] ondisk, result = 0)
2014-06-12 14:45:54.977875 7f9d69be4700 7 osd.2 pg_epoch: 173 pg[3.395( v 173'3322 (125'321,173'3322] local-les=137 n=324 ec=23 les/c 137/137 136/136/133) [2,20] r=0 lpr=136 luod=173'3320 crt=0'0 lcod 173'3319 mlcod 173'3319 active+clean] sub_op_modify_reply: tid 236135 op ack_type 4 from 20
2014-06-12 14:45:54.977888 7f9d7c165700 10 file_to_extents done
2014-06-12 14:45:54.977891 7f9d69be4700 5 -- op tracker -- , seq: 747299, time:
2014-06-12 14:45:54.977886, event: sub_op_commit_rec, op: osd_op(client.4314.0:144979 rbd_data.10b16b8b4567.000000000000104b [set-alloc-hint object_size 4194304 write_size 4194304,write 0~344064] 3.61cc1395 ack+ondisk+write+known_if_redirected e173)
2014-06-12 14:45:54.977898 7f9d69be4700 10 osd.2 pg_epoch: 173 pg[3.395( v 173'3322 (125'321,173'3322] local-les=137 n=324 ec=23 les/c 137/137 136/136/133) [2,20] r=0 lpr=136 luod=173'3320 crt=0'0 lcod 173'3319 mlcod 173'3319 active+clean] repop_all_applied: repop tid 236135 all applied
2014-06-12 14:45:54.977908 7f9d69be4700 10 osd.2 pg_epoch: 173 pg[3.395( v 173'3322 (125'321,173'3322] local-les=137 n=324 ec=23 les/c 137/137 136/136/133) [2,20] r=0 lpr=136 luod=173'3320 crt=0'0 lcod 173'3319 mlcod 173'3319 active+clean] eval_repop repgather(0x2562180 173'3321 rep_tid=236135 committed?=0 applied?=1 lock=0 op=osd_op(client.4314.0:144979 rbd_data.10b16b8b4567.000000000000104b [set-alloc-hint object_size 4194304 write_size 4194304,write 0~344064] 3.61cc1395 ack+ondisk+write+known_if_redirected e173) v4) wants=ad
2014-06-12 14:45:54.977923 7f9d69be4700 10 osd.2 pg_epoch: 173 pg[3.395( v 173'3322 (125'321,173'3322] local-les=137 n=324 ec=23 les/c 137/137 136/136/133) [2,20] r=0 lpr=136 luod=173'3320 crt=0'0 lcod 173'3319 mlcod 173'3319 active+clean] sending ack on repgather(0x2562180 173'3321 rep_tid=236135 committed?=0 applied?=1 lock=0 op=osd_op(client.4314.0:144979 rbd_data.10b16b8b4567.000000000000104b [set-alloc-hint object_size 4194304 write_size 4194304,write 0~344064] 3.61cc1395 ack+ondisk+write+known_if_redirected e173) v4) 0x1687aa00
2014-06-12 14:45:54.977952 7f9d69be4700 10 osd.2 pg_epoch: 173 pg[3.395( v 173'3322 (125'321,173'3322] local-les=137 n=324 ec=23 les/c 137/137 136/136/133) [2,20] r=0 lpr=136 luod=173'3320 crt=0'0 lcod 173'3319 mlcod 173'3319 active+clean] repop_all_committed: repop tid 236135 all committed
2014-06-12 14:45:54.977962 7f9d69be4700 10 osd.2 pg_epoch: 173 pg[3.395( v 173'3322 (125'321,173'3322] local-les=137 n=324 ec=23 les/c 137/137 136/136/133) [2,20] r=0 lpr=136 luod=173'3321 crt=0'0 lcod 173'3320 mlcod 173'3319 active+clean] eval_repop repgather(0x2562180 173'3321 rep_tid=236135 committed?=1 applied?=1 lock=0 op=osd_op(client.4314.0:144979 rbd_data.10b16b8b4567.000000000000104b [set-alloc-hint object_size 4194304 write_size 4194304,write 0~344064] 3.61cc1395 ack+ondisk+write+known_if_redirected e173) v4) wants=ad
2014-06-12 14:45:54.977977 7f9d69be4700 15 osd.2 pg_epoch: 173 pg[3.395( v 173'3322 (125'321,173'3322] local-les=137 n=324 ec=23 les/c 137/137 136/136/133) [2,20] r=0 lpr=136 luod=173'3321 crt=0'0 lcod 173'3320 mlcod 173'3319 active+clean] log_op_stats osd_op(client.4314.0:144979 rbd_data.10b16b8b4567.000000000000104b [set-alloc-hint object_size 4194304 write_size 4194304,write 0~344064] 3.61cc1395 ack+ondisk+write+known_if_redirected e173) v4 inb 344343 outb 0 rlat 0.017611 lat 0.017636
2014-06-12 14:45:54.977993 7f9d69be4700 15 osd.2 pg_epoch: 173 pg[3.395( v 173'3322 (125'321,173'3322] local-les=137 n=324 ec=23 les/c 137/137 136/136/133) [2,20] r=0 lpr=136 luod=173'3321 crt=0'0 lcod 173'3320 mlcod 173'3319 active+clean] publish_stats_to_osd 173:4281
2014-06-12 14:45:54.978006 7f9d69be4700 10 osd.2 pg_epoch: 173 pg[3.395( v 173'3322 (125'321,173'3322] local-les=137 n=324 ec=23 les/c 137/137 136/136/133) [2,20] r=0 lpr=136 luod=173'3321 crt=0'0 lcod 173'3320 mlcod 173'3319 active+clean] sending commit on repgather(0x2562180 173'3321 rep_tid=236135 committed?=1 applied?=1 lock=0 op=osd_op(client.4314.0:144979 rbd_data.10b16b8b4567.000000000000104b [set-alloc-hint object_size 4194304 write_size 4194304,write 0~344064] 3.61cc1395 ack+ondisk+write+known_if_redirected e173) v4) 0x24fe780
2014-06-12 14:45:54.978031 7f9d69be4700 5 -- op tracker -- , seq: 747299, time:
2014-06-12 14:45:54.978027, event: commit_sent, op: osd_op(client.4314.0:144979 rbd_data.10b16b8b4567.000000000000104b [set-alloc-hint object_size 4194304 write_size 4194304,write 0~344064] 3.61cc1395 ack+ondisk+write+known_if_redirected e173)
2014-06-12 14:45:54.978038 7f9d69be4700 15 osd.2 pg_epoch: 173 pg[3.395( v 173'3322 (125'321,173'3322] local-les=137 n=324 ec=23 les/c 137/137 136/136/133) [2,20] r=0 lpr=136 luod=173'3321 crt=0'0 lcod 173'3320 mlcod 173'3319 active+clean] requeue_ops
2014-06-12 14:45:54.978048 7f9d69be4700 10 osd.2 pg_epoch: 173 pg[3.395( v 173'3322 (125'321,173'3322] local-les=137 n=324 ec=23 les/c 137/137 136/136/133) [2,20] r=0 lpr=136 luod=173'3321 crt=0'0 lcod 173'3320 mlcod 173'3320 active+clean] removing repgather(0x2562180 173'3321 rep_tid=236135 committed?=1 applied?=1 op=osd_op(client.4314.0:144979 rbd_data.10b16b8b4567.000000000000104b [set-alloc-hint object_size 4194304 write_size 4194304,write 0~344064] 3.61cc1395 ack+ondisk+write+known_if_redirected e173) v4)
2014-06-12 14:45:54.978062 7f9d69be4700 20 osd.2 pg_epoch: 173 pg[3.395( v 173'3322 (125'321,173'3322] local-les=137 n=324 ec=23 les/c 137/137 136/136/133) [2,20] r=0 lpr=136 luod=173'3321 crt=0'0 lcod 173'3320 mlcod 173'3320 active+clean] q front is repgather(0x2562180 173'3321 rep_tid=236135 committed?=1 applied?=1 op=osd_op(client.4314.0:144979 rbd_data.10b16b8b4567.000000000000104b [set-alloc-hint object_size 4194304 write_size 4194304,write 0~344064] 3.61cc1395 ack+ondisk+write+known_if_redirected e173) v4)
2014-06-12 14:45:54.978076 7f9d69be4700 20 osd.2 pg_epoch: 173 pg[3.395( v 173'3322 (125'321,173'3322] local-les=137 n=324 ec=23 les/c 137/137 136/136/133) [2,20] r=0 lpr=136 luod=173'3321 crt=0'0 lcod 173'3320 mlcod 173'3320 active+clean] remove_repop repgather(0x2562180 173'3321 rep_tid=236135 committed?=1 applied?=1 op=osd_op(client.4314.0:144979 rbd_data.10b16b8b4567.000000000000104b [set-alloc-hint object_size 4194304 write_size 4194304,write 0~344064] 3.61cc1395 ack+ondisk+write+known_if_redirected e173) v4)
2014-06-12 14:45:54.978089 7f9d69be4700 15 osd.2 pg_epoch: 173 pg[3.395( v 173'3322 (125'321,173'3322] local-les=137 n=324 ec=23 les/c 137/137 136/136/133) [2,20] r=0 lpr=136 luod=173'3321 crt=0'0 lcod 173'3320 mlcod 173'3320 active+clean] requeue_ops
2014-06-12 14:45:54.978110 7f9d69be4700 5 -- op tracker -- , seq: 747299, time:
2014-06-12 14:45:54.978105, event: done, op: osd_op(client.4314.0:144979 rbd_data.10b16b8b4567.000000000000104b [set-alloc-hint object_size 4194304 write_size 4194304,write 0~344064] 3.61cc1395 ack+ondisk+write+known_if_redirected e173)
2014-06-12 14:45:54.978128 7f9d69be4700 10 osd.2 173 dequeue_op 0x31d61700 finish
2014-06-12 14:45:54.978134 7f9d69be4700 5 -- op tracker -- , seq: 747302, time:
2014-06-12 14:45:54.978131, event: done, op: osd_sub_op_reply(client.4314.0:144979 3.395 61cc1395/rbd_data.10b16b8b4567.000000000000104b/head//3 [] ondisk, result = 0)
2014-06-12 14:45:54.978144 7f9d69be4700 15 OSD::op_tp worker wq OSD::OpWQ done processing 0x1 (0 active)
2014-06-12 14:45:54.978147 7f9d69be4700 20 OSD::op_tp worker waiting
2014-06-12 14:45:54.978493 7f9d7c165700 10 _generic_write 3.54b_head/89d0ed4b/rbd_data.10b16b8b4567.000000000000104a/head//3 4022272~172032 = 0
2014-06-12 14:45:54.978517 7f9d7c165700 15 _setattrs 3.54b_head/89d0ed4b/rbd_data.10b16b8b4567.000000000000104a/head//3
2014-06-12 14:45:54.978530 7f9d7c165700 10 _setattrs 3.54b_head/89d0ed4b/rbd_data.10b16b8b4567.000000000000104a/head//3 = 0
2014-06-12 14:45:54.978536 7f9d7c165700 15 _setattrs 3.54b_head/89d0ed4b/rbd_data.10b16b8b4567.000000000000104a/head//3
2014-06-12 14:45:54.978545 7f9d7c165700 10 _setattrs 3.54b_head/89d0ed4b/rbd_data.10b16b8b4567.000000000000104a/head//3 = 0
2014-06-12 14:45:54.978690 7f9d7c165700 20 set_header setting 17860 cid 3.54b_head oid 89d0ed4b/rbd_data.10b16b8b4567.000000000000104a/head//3 parent seq 0
2014-06-12 14:45:54.978722 7f9d7c165700 20 set_header setting 3 cid meta oid 16ef7597/infos/head//-1 parent seq 0
2014-06-12 14:45:54.978735 7f9d7c165700 20 set_header setting 2088 cid meta oid 1fe10acb/pglog_3.54b/0//-1 parent seq 0
2014-06-12 14:45:54.978745 7f9d7c165700 5 submit_transaction r = 0
2014-06-12 14:45:54.978958 7f9d7a161700 5 _do_op 0xdcb94a0 seq 2979 osr(3.395 0x276d740)/0x276d740 start
2014-06-12 14:45:54.978968 7f9d7a161700 10 _do_transaction on 0x29702780
2014-06-12 14:45:54.978976 7f9d7a161700 15 _omap_setkeys meta/1fe1ea2a/pglog_3.395/0//-1
2014-06-12 14:45:54.979097 7f9d7a161700 10 lookup_strip_header done cid meta oid 1fe1ea2a/pglog_3.395/0//-1
2014-06-12 14:45:54.979115 7f9d7a161700 15 _omap_setkeys meta/16ef7597/infos/head//-1
2014-06-12 14:45:54.979636 7f9d7c165700 10 _do_op 0xcc97320 seq 2456 r = 0, finisher 0x5cca300 0x30d64c0
2014-06-12 14:45:54.979649 7f9d7c165700 10 _finish_op 0xcc97320 seq 2456 osr(3.54b 0x276db30)/0x276db30
2014-06-12 14:45:54.979665 7f9d7c165700 15 KeyValueStore::op_tp worker wq KeyValueStore::OpWQ done processing 0x52e7440 (1 active)
2014-06-12 14:45:54.979669 7f9d7c165700 20 KeyValueStore::op_tp worker waiting
2014-06-12 14:45:54.979680 7f9d7715b700 10 osd.2 pg_epoch: 173 pg[3.54b( v 173'2711 (0'0,173'2711] local-les=145 n=279 ec=23 les/c 145/145 144/144/133) [2,23] r=0 lpr=144 luod=173'2709 crt=0'0 lcod 173'2708 mlcod 173'2708 active+clean] op_commit: 236136
2014-06-12 14:45:54.979708 7f9d7715b700 5 -- op tracker -- , seq: 747298, time:
2014-06-12 14:45:54.979699, event: op_commit, op: osd_op(client.4314.0:144978 rbd_data.10b16b8b4567.000000000000104a [set-alloc-hint object_size 4194304 write_size 4194304,write 4022272~172032] 3.89d0ed4b ack+ondisk+write+known_if_redirected e173)
2014-06-12 14:45:54.979726 7f9d7795c700 10 osd.2 pg_epoch: 173 pg[3.54b( v 173'2711 (0'0,173'2711] local-les=145 n=279 ec=23 les/c 145/145 144/144/133) [2,23] r=0 lpr=144 luod=173'2709 crt=0'0 lcod 173'2708 mlcod 173'2708 active+clean] op_applied: 236136
2014-06-12 14:45:54.979745 7f9d7795c700 5 -- op tracker -- , seq: 747298, time:
2014-06-12 14:45:54.979740, event: op_applied, op: osd_op(client.4314.0:144978 rbd_data.10b16b8b4567.000000000000104a [set-alloc-hint object_size 4194304 write_size 4194304,write 4022272~172032] 3.89d0ed4b ack+ondisk+write+known_if_redirected e173)
2014-06-12 14:45:54.979753 7f9d7795c700 10 osd.2 pg_epoch: 173 pg[3.54b( v 173'2711 (0'0,173'2711] local-les=145 n=279 ec=23 les/c 145/145 144/144/133) [2,23] r=0 lpr=144 luod=173'2709 crt=0'0 lcod 173'2708 mlcod 173'2708 active+clean] op_applied on primary on version 173'2711
2014-06-12 14:45:54.979831 7f9d7a161700 10 lookup_strip_header done cid meta oid 16ef7597/infos/head//-1
2014-06-12 14:45:54.979858 7f9d7a161700 15 _omap_rmkeys meta/1fe1ea2a/pglog_3.395/0//-1
2014-06-12 14:45:54.979867 7f9d7a161700 10 _omap_rmkeys meta/1fe1ea2a/pglog_3.395/0//-1 r = 0
2014-06-12 14:45:54.979874 7f9d7a161700 15 _omap_setkeys meta/1fe1ea2a/pglog_3.395/0//-1
2014-06-12 14:45:54.980014 7f9d7a161700 15 _write 3.395_head/61cc1395/rbd_data.10b16b8b4567.000000000000104b/head//3 344064~516096
2014-06-12 14:45:54.980220 7f9d7a161700 10 lookup_strip_header done cid 3.395_head oid 61cc1395/rbd_data.10b16b8b4567.000000000000104b/head//3
2014-06-12 14:45:54.980379 7f9d7a161700 10 file_to_extents done
2014-06-12 14:45:54.982447 7f9d57543700 5 -- op tracker -- , seq: 747303, time:
2014-06-12 14:45:54.982388, event: header_read, op: osd_sub_op_reply(client.4314.0:144977 3.54b 89d0ed4b/rbd_data.10b16b8b4567.000000000000104a/head//3 [] ondisk, result = 0)
2014-06-12 14:45:54.982462 7f9d57543700 5 -- op tracker -- , seq: 747303, time:
2014-06-12 14:45:54.982390, event: throttled, op: osd_sub_op_reply(client.4314.0:144977 3.54b 89d0ed4b/rbd_data.10b16b8b4567.000000000000104a/head//3 [] ondisk, result = 0)
2014-06-12 14:45:54.982469 7f9d57543700 5 -- op tracker -- , seq: 747303, time:
2014-06-12 14:45:54.982405, event: all_read, op: osd_sub_op_reply(client.4314.0:144977 3.54b 89d0ed4b/rbd_data.10b16b8b4567.000000000000104a/head//3 [] ondisk, result = 0)
2014-06-12 14:45:54.982477 7f9d57543700 5 -- op tracker -- , seq: 747303, time: 0.000000, event: dispatched, op: osd_sub_op_reply(client.4314.0:144977 3.54b 89d0ed4b/rbd_data.10b16b8b4567.000000000000104a/head//3 [] ondisk, result = 0)
2014-06-12 14:45:54.982483 7f9d57543700 10 osd.2 173 handle_replica_op osd_sub_op_reply(client.4314.0:144977 3.54b 89d0ed4b/rbd_data.10b16b8b4567.000000000000104a/head//3 [] ondisk, result = 0) v2 epoch 173
2014-06-12 14:45:54.982489 7f9d57543700 20 osd.2 173 should_share_map osd.23 172.16.96.202:6820/2365 173
2014-06-12 14:45:54.982499 7f9d57543700 15 osd.2 173 enqueue_op 0x31d61d00 prio 196 cost 0 latency 0.000110 osd_sub_op_reply(client.4314.0:144977 3.54b 89d0ed4b/rbd_data.10b16b8b4567.000000000000104a/head//3 [] ondisk, result = 0) v2
2014-06-12 14:45:54.982547 7f9d57543700 5 -- op tracker -- , seq: 747304, time:
2014-06-12 14:45:54.982523, event: header_read, op: osd_sub_op_reply(client.4314.0:144978 3.54b 89d0ed4b/rbd_data.10b16b8b4567.000000000000104a/head//3 [] ack, result = 0)
2014-06-12 14:45:54.982556 7f9d57543700 5 -- op tracker -- , seq: 747304, time:
2014-06-12 14:45:54.982523, event: throttled, op: osd_sub_op_reply(client.4314.0:144978 3.54b 89d0ed4b/rbd_data.10b16b8b4567.000000000000104a/head//3 [] ack, result = 0)
2014-06-12 14:45:54.982563 7f9d57543700 5 -- op tracker -- , seq: 747304, time:
2014-06-12 14:45:54.982530, event: all_read, op: osd_sub_op_reply(client.4314.0:144978 3.54b 89d0ed4b/rbd_data.10b16b8b4567.000000000000104a/head//3 [] ack, result = 0)
2014-06-12 14:45:54.982570 7f9d57543700 5 -- op tracker -- , seq: 747304, time: 0.000000, event: dispatched, op: osd_sub_op_reply(client.4314.0:144978 3.54b 89d0ed4b/rbd_data.10b16b8b4567.000000000000104a/head//3 [] ack, result = 0)
2014-06-12 14:45:54.982567 7f9d7a161700 10 _generic_write 3.395_head/61cc1395/rbd_data.10b16b8b4567.000000000000104b/head//3 344064~516096 = 0
2014-06-12 14:45:54.982573 7f9d57543700 10 osd.2 173 handle_replica_op osd_sub_op_reply(client.4314.0:144978 3.54b 89d0ed4b/rbd_data.10b16b8b4567.000000000000104a/head//3 [] ack, result = 0) v2 epoch 173
2014-06-12 14:45:54.982577 7f9d57543700 20 osd.2 173 should_share_map osd.23 172.16.96.202:6820/2365 173
2014-06-12 14:45:54.982582 7f9d57543700 15 osd.2 173 enqueue_op 0x25e42100 prio 196 cost 0 latency 0.000059 osd_sub_op_reply(client.4314.0:144978 3.54b 89d0ed4b/rbd_data.10b16b8b4567.000000000000104a/head//3 [] ack, result = 0) v2
2014-06-12 14:45:54.982618 7f9d7a161700 15 _setattrs 3.395_head/61cc1395/rbd_data.10b16b8b4567.000000000000104b/head//3
2014-06-12 14:45:54.982628 7f9d57543700 5 -- op tracker -- , seq: 747305, time:
2014-06-12 14:45:54.982598, event: header_read, op: osd_sub_op_reply(client.4314.0:144978 3.54b 89d0ed4b/rbd_data.10b16b8b4567.000000000000104a/head//3 [] ondisk, result = 0)
2014-06-12 14:45:54.982635 7f9d7a161700 10 _setattrs 3.395_head/61cc1395/rbd_data.10b16b8b4567.000000000000104b/head//3 = 0
2014-06-12 14:45:54.982637 7f9d57543700 5 -- op tracker -- , seq: 747305, time:
2014-06-12 14:45:54.982599, event: throttled, op: osd_sub_op_reply(client.4314.0:144978 3.54b 89d0ed4b/rbd_data.10b16b8b4567.000000000000104a/head//3 [] ondisk, result = 0)
2014-06-12 14:45:54.982642 7f9d7a161700 15 _setattrs 3.395_head/61cc1395/rbd_data.10b16b8b4567.000000000000104b/head//3
2014-06-12 14:45:54.982644 7f9d57543700 5 -- op tracker -- , seq: 747305, time:
2014-06-12 14:45:54.982610, event: all_read, op: osd_sub_op_reply(client.4314.0:144978 3.54b 89d0ed4b/rbd_data.10b16b8b4567.000000000000104a/head//3 [] ondisk, result = 0)
2014-06-12 14:45:54.982650 7f9d7a161700 10 _setattrs 3.395_head/61cc1395/rbd_data.10b16b8b4567.000000000000104b/head//3 = 0
2014-06-12 14:45:54.982651 7f9d57543700 5 -- op tracker -- , seq: 747305, time: 0.000000, event: dispatched, op: osd_sub_op_reply(client.4314.0:144978 3.54b 89d0ed4b/rbd_data.10b16b8b4567.000000000000104a/head//3 [] ondisk, result = 0)
2014-06-12 14:45:54.982655 7f9d57543700 10 osd.2 173 handle_replica_op osd_sub_op_reply(client.4314.0:144978 3.54b 89d0ed4b/rbd_data.10b16b8b4567.000000000000104a/head//3 [] ondisk, result = 0) v2 epoch 173
2014-06-12 14:45:54.982660 7f9d57543700 20 osd.2 173 should_share_map osd.23 172.16.96.202:6820/2365 173
2014-06-12 14:45:54.982665 7f9d57543700 15 osd.2 173 enqueue_op 0x8dbc500 prio 196 cost 0 latency 0.000066 osd_sub_op_reply(client.4314.0:144978 3.54b 89d0ed4b/rbd_data.10b16b8b4567.000000000000104a/head//3 [] ondisk, result = 0) v2
2014-06-12 14:45:54.982691 7f9d633d7700 12 OSD::op_tp worker wq OSD::OpWQ start processing 0x1 (1 active)
2014-06-12 14:45:54.982700 7f9d633d7700 10 osd.2 173 dequeue_op 0x31d61d00 prio 196 cost 0 latency 0.000311 osd_sub_op_reply(client.4314.0:144977 3.54b 89d0ed4b/rbd_data.10b16b8b4567.000000000000104a/head//3 [] ondisk, result = 0) v2 pg pg[3.54b( v 173'2711 (0'0,173'2711] local-les=145 n=279 ec=23 les/c 145/145 144/144/133) [2,23] r=0 lpr=144 luod=173'2709 crt=0'0 lcod 173'2708 mlcod 173'2708 active+clean]
2014-06-12 14:45:54.982721 7f9d633d7700 5 -- op tracker -- , seq: 747303, time:
2014-06-12 14:45:54.982718, event: reached_pg, op: osd_sub_op_reply(client.4314.0:144977 3.54b 89d0ed4b/rbd_data.10b16b8b4567.000000000000104a/head//3 [] ondisk, result = 0)
2014-06-12 14:45:54.982730 7f9d633d7700 10 osd.2 pg_epoch: 173 pg[3.54b( v 173'2711 (0'0,173'2711] local-les=145 n=279 ec=23 les/c 145/145 144/144/133) [2,23] r=0 lpr=144 luod=173'2709 crt=0'0 lcod 173'2708 mlcod 173'2708 active+clean] handle_message: 0x31d61d00
2014-06-12 14:45:54.982745 7f9d633d7700 5 -- op tracker -- , seq: 747303, time:
2014-06-12 14:45:54.982742, event: started, op: osd_sub_op_reply(client.4314.0:144977 3.54b 89d0ed4b/rbd_data.10b16b8b4567.000000000000104a/head//3 [] ondisk, result = 0)
2014-06-12 14:45:54.982751 7f9d633d7700 7 osd.2 pg_epoch: 173 pg[3.54b( v 173'2711 (0'0,173'2711] local-les=145 n=279 ec=23 les/c 145/145 144/144/133) [2,23] r=0 lpr=144 luod=173'2709 crt=0'0 lcod 173'2708 mlcod 173'2708 active+clean] sub_op_modify_reply: tid 236134 op ack_type 4 from 23
2014-06-12 14:45:54.982772 7f9d633d7700 5 -- op tracker -- , seq: 747297, time:
2014-06-12 14:45:54.982763, event: sub_op_commit_rec, op: osd_op(client.4314.0:144977 rbd_data.10b16b8b4567.000000000000104a [set-alloc-hint object_size 4194304 write_size 4194304,write 3506176~516096] 3.89d0ed4b ack+ondisk+write+known_if_redirected e173)
2014-06-12 14:45:54.982779 7f9d633d7700 10 osd.2 pg_epoch: 173 pg[3.54b( v 173'2711 (0'0,173'2711] local-les=145 n=279 ec=23 les/c 145/145 144/144/133) [2,23] r=0 lpr=144 luod=173'2709 crt=0'0 lcod 173'2708 mlcod 173'2708 active+clean] repop_all_applied: repop tid 236134 all applied
2014-06-12 14:45:54.982790 7f9d633d7700 10 osd.2 pg_epoch: 173 pg[3.54b( v 173'2711 (0'0,173'2711] local-les=145 n=279 ec=23 les/c 145/145 144/144/133) [2,23] r=0 lpr=144 luod=173'2709 crt=0'0 lcod 173'2708 mlcod 173'2708 active+clean] eval_repop repgather(0x534ef00 173'2710 rep_tid=236134 committed?=0 applied?=1 lock=0 op=osd_op(client.4314.0:144977 rbd_data.10b16b8b4567.000000000000104a [set-alloc-hint object_size 4194304 write_size 4194304,write 3506176~516096] 3.89d0ed4b ack+ondisk+write+known_if_redirected e173) v4) wants=ad
2014-06-12 14:45:54.982805 7f9d633d7700 10 osd.2 pg_epoch: 173 pg[3.54b( v 173'2711 (0'0,173'2711] local-les=145 n=279 ec=23 les/c 145/145 144/144/133) [2,23] r=0 lpr=144 luod=173'2709 crt=0'0 lcod 173'2708 mlcod 173'2708 active+clean] sending ack on repgather(0x534ef00 173'2710 rep_tid=236134 committed?=0 applied?=1 lock=0 op=osd_op(client.4314.0:144977 rbd_data.10b16b8b4567.000000000000104a [set-alloc-hint object_size 4194304 write_size 4194304,write 3506176~516096] 3.89d0ed4b ack+ondisk+write+known_if_redirected e173) v4) 0x6701680
2014-06-12 14:45:54.982837 7f9d633d7700 10 osd.2 pg_epoch: 173 pg[3.54b( v 173'2711 (0'0,173'2711] local-les=145 n=279 ec=23 les/c 145/145 144/144/133) [2,23] r=0 lpr=144 luod=173'2709 crt=0'0 lcod 173'2708 mlcod 173'2708 active+clean] repop_all_committed: repop tid 236134 all committed
2014-06-12 14:45:54.982848 7f9d633d7700 10 osd.2 pg_epoch: 173 pg[3.54b( v 173'2711 (0'0,173'2711] local-les=145 n=279 ec=23 les/c 145/145 144/144/133) [2,23] r=0 lpr=144 luod=173'2710 crt=0'0 lcod 173'2709 mlcod 173'2708 active+clean] eval_repop repgather(0x534ef00 173'2710 rep_tid=236134 committed?=1 applied?=1 lock=0 op=osd_op(client.4314.0:144977 rbd_data.10b16b8b4567.000000000000104a [set-alloc-hint object_size 4194304 write_size 4194304,write 3506176~516096] 3.89d0ed4b ack+ondisk+write+known_if_redirected e173) v4) wants=ad
2014-06-12 14:45:54.982864 7f9d7a161700 20 set_header setting 17862 cid 3.395_head oid 61cc1395/rbd_data.10b16b8b4567.000000000000104b/head//3 parent seq 0
2014-06-12 14:45:54.982864 7f9d633d7700 15 osd.2 pg_epoch: 173 pg[3.54b( v 173'2711 (0'0,173'2711] local-les=145 n=279 ec=23 les/c 145/145 144/144/133) [2,23] r=0 lpr=144 luod=173'2710 crt=0'0 lcod 173'2709 mlcod 173'2708 active+clean] log_op_stats osd_op(client.4314.0:144977 rbd_data.10b16b8b4567.000000000000104a [set-alloc-hint object_size 4194304 write_size 4194304,write 3506176~516096] 3.89d0ed4b ack+ondisk+write+known_if_redirected e173) v4 inb 516375 outb 0 rlat 0.023758 lat 0.023786
2014-06-12 14:45:54.982882 7f9d633d7700 15 osd.2 pg_epoch: 173 pg[3.54b( v 173'2711 (0'0,173'2711] local-les=145 n=279 ec=23 les/c 145/145 144/144/133) [2,23] r=0 lpr=144 luod=173'2710 crt=0'0 lcod 173'2709 mlcod 173'2708 active+clean] publish_stats_to_osd 173:3605
2014-06-12 14:45:54.982894 7f9d633d7700 10 osd.2 pg_epoch: 173 pg[3.54b( v 173'2711 (0'0,173'2711] local-les=145 n=279 ec=23 les/c 145/145 144/144/133) [2,23] r=0 lpr=144 luod=173'2710 crt=0'0 lcod 173'2709 mlcod 173'2708 active+clean] sending commit on repgather(0x534ef00 173'2710 rep_tid=236134 committed?=1 applied?=1 lock=0 op=osd_op(client.4314.0:144977 rbd_data.10b16b8b4567.000000000000104a [set-alloc-hint object_size 4194304 write_size 4194304,write 3506176~516096] 3.89d0ed4b ack+ondisk+write+known_if_redirected e173) v4) 0x2b42500
2014-06-12 14:45:54.982921 7f9d633d7700 5 -- op tracker -- , seq: 747297, time:
2014-06-12 14:45:54.982917, event: commit_sent, op: osd_op(client.4314.0:144977 rbd_data.10b16b8b4567.000000000000104a [set-alloc-hint object_size 4194304 write_size 4194304,write 3506176~516096] 3.89d0ed4b ack+ondisk+write+known_if_redirected e173)
2014-06-12 14:45:54.982929 7f9d633d7700 15 osd.2 pg_epoch: 173 pg[3.54b( v 173'2711 (0'0,173'2711] local-les=145 n=279 ec=23 les/c 145/145 144/144/133) [2,23] r=0 lpr=144 luod=173'2710 crt=0'0 lcod 173'2709 mlcod 173'2708 active+clean] requeue_ops
2014-06-12 14:45:54.982938 7f9d7a161700 20 set_header setting 3 cid meta oid 16ef7597/infos/head//-1 parent seq 0
2014-06-12 14:45:54.982938 7f9d633d7700 10 osd.2 pg_epoch: 173 pg[3.54b( v 173'2711 (0'0,173'2711] local-les=145 n=279 ec=23 les/c 145/145 144/144/133) [2,23] r=0 lpr=144 luod=173'2710 crt=0'0 lcod 173'2709 mlcod 173'2709 active+clean] removing repgather(0x534ef00 173'2710 rep_tid=236134 committed?=1 applied?=1 op=osd_op(client.4314.0:144977 rbd_data.10b16b8b4567.000000000000104a [set-alloc-hint object_size 4194304 write_size 4194304,write 3506176~516096] 3.89d0ed4b ack+ondisk+write+known_if_redirected e173) v4)
2014-06-12 14:45:54.982953 7f9d7a161700 20 set_header setting 2060 cid meta oid 1fe1ea2a/pglog_3.395/0//-1 parent seq 0
2014-06-12 14:45:54.982952 7f9d633d7700 20 osd.2 pg_epoch: 173 pg[3.54b( v 173'2711 (0'0,173'2711] local-les=145 n=279 ec=23 les/c 145/145 144/144/133) [2,23] r=0 lpr=144 luod=173'2710 crt=0'0 lcod 173'2709 mlcod 173'2709 active+clean] q front is repgather(0x534ef00 173'2710 rep_tid=236134 committed?=1 applied?=1 op=osd_op(client.4314.0:144977 rbd_data.10b16b8b4567.000000000000104a [set-alloc-hint object_size 4194304 write_size 4194304,write 3506176~516096] 3.89d0ed4b ack+ondisk+write+known_if_redirected e173) v4)
2014-06-12 14:45:54.982963 7f9d7a161700 5 submit_transaction r = 0
2014-06-12 14:45:54.982964 7f9d633d7700 20 osd.2 pg_epoch: 173 pg[3.54b( v 173'2711 (0'0,173'2711] local-les=145 n=279 ec=23 les/c 145/145 144/144/133) [2,23] r=0 lpr=144 luod=173'2710 crt=0'0 lcod 173'2709 mlcod 173'2709 active+clean] remove_repop repgather(0x534ef00 173'2710 rep_tid=236134 committed?=1 applied?=1 op=osd_op(client.4314.0:144977 rbd_data.10b16b8b4567.000000000000104a [set-alloc-hint object_size 4194304 write_size 4194304,write 3506176~516096] 3.89d0ed4b ack+ondisk+write+known_if_redirected e173) v4)
2014-06-12 14:45:54.982976 7f9d633d7700 15 osd.2 pg_epoch: 173 pg[3.54b( v 173'2711 (0'0,173'2711] local-les=145 n=279 ec=23 les/c 145/145 144/144/133) [2,23] r=0 lpr=144 luod=173'2710 crt=0'0 lcod 173'2709 mlcod 173'2709 active+clean] requeue_ops
2014-06-12 14:45:54.982993 7f9d633d7700 5 -- op tracker -- , seq: 747297, time:
2014-06-12 14:45:54.982989, event: done, op: osd_op(client.4314.0:144977 rbd_data.10b16b8b4567.000000000000104a [set-alloc-hint object_size 4194304 write_size 4194304,write 3506176~516096] 3.89d0ed4b ack+ondisk+write+known_if_redirected e173)
2014-06-12 14:45:54.983011 7f9d633d7700 10 osd.2 173 dequeue_op 0x31d61d00 finish
2014-06-12 14:45:54.983017 7f9d633d7700 5 -- op tracker -- , seq: 747303, time:
2014-06-12 14:45:54.983014, event: done, op: osd_sub_op_reply(client.4314.0:144977 3.54b 89d0ed4b/rbd_data.10b16b8b4567.000000000000104a/head//3 [] ondisk, result = 0)
2014-06-12 14:45:54.983026 7f9d633d7700 15 OSD::op_tp worker wq OSD::OpWQ done processing 0x1 (0 active)
2014-06-12 14:45:54.983031 7f9d633d7700 12 OSD::op_tp worker wq OSD::OpWQ start processing 0x1 (1 active)
2014-06-12 14:45:54.983034 7f9d633d7700 10 osd.2 173 dequeue_op 0x25e42100 prio 196 cost 0 latency 0.000511 osd_sub_op_reply(client.4314.0:144978 3.54b 89d0ed4b/rbd_data.10b16b8b4567.000000000000104a/head//3 [] ack, result = 0) v2 pg pg[3.54b( v 173'2711 (0'0,173'2711] local-les=145 n=279 ec=23 les/c 145/145 144/144/133) [2,23] r=0 lpr=144 luod=173'2710 crt=0'0 lcod 173'2709 mlcod 173'2709 active+clean]
2014-06-12 14:45:54.983047 7f9d633d7700 5 -- op tracker -- , seq: 747304, time:
2014-06-12 14:45:54.983045, event: reached_pg, op: osd_sub_op_reply(client.4314.0:144978 3.54b 89d0ed4b/rbd_data.10b16b8b4567.000000000000104a/head//3 [] ack, result = 0)
2014-06-12 14:45:54.983052 7f9d633d7700 10 osd.2 pg_epoch: 173 pg[3.54b( v 173'2711 (0'0,173'2711] local-les=145 n=279 ec=23 les/c 145/145 144/144/133) [2,23] r=0 lpr=144 luod=173'2710 crt=0'0 lcod 173'2709 mlcod 173'2709 active+clean] handle_message: 0x25e42100
2014-06-12 14:45:54.983064 7f9d633d7700 5 -- op tracker -- , seq: 747304, time:
2014-06-12 14:45:54.983061, event: started, op: osd_sub_op_reply(client.4314.0:144978 3.54b 89d0ed4b/rbd_data.10b16b8b4567.000000000000104a/head//3 [] ack, result = 0)
2014-06-12 14:45:54.983069 7f9d633d7700 7 osd.2 pg_epoch: 173 pg[3.54b( v 173'2711 (0'0,173'2711] local-les=145 n=279 ec=23 les/c 145/145 144/144/133) [2,23] r=0 lpr=144 luod=173'2710 crt=0'0 lcod 173'2709 mlcod 173'2709 active+clean] sub_op_modify_reply: tid 236136 op ack_type 1 from 23
2014-06-12 14:45:54.983084 7f9d633d7700 5 -- op tracker -- , seq: 747298, time:
2014-06-12 14:45:54.983079, event: sub_op_applied_rec, op: osd_op(client.4314.0:144978 rbd_data.10b16b8b4567.000000000000104a [set-alloc-hint object_size 4194304 write_size 4194304,write 4022272~172032] 3.89d0ed4b ack+ondisk+write+known_if_redirected e173)
2014-06-12 14:45:54.983090 7f9d633d7700 10 osd.2 pg_epoch: 173 pg[3.54b( v 173'2711 (0'0,173'2711] local-les=145 n=279 ec=23 les/c 145/145 144/144/133) [2,23] r=0 lpr=144 luod=173'2710 crt=0'0 lcod 173'2709 mlcod 173'2709 active+clean] repop_all_applied: repop tid 236136 all applied
2014-06-12 14:45:54.983098 7f9d633d7700 10 osd.2 pg_epoch: 173 pg[3.54b( v 173'2711 (0'0,173'2711] local-les=145 n=279 ec=23 les/c 145/145 144/144/133) [2,23] r=0 lpr=144 luod=173'2710 crt=0'0 lcod 173'2709 mlcod 173'2709 active+clean] eval_repop repgather(0x2335cd80 173'2711 rep_tid=236136 committed?=0 applied?=1 lock=0 op=osd_op(client.4314.0:144978 rbd_data.10b16b8b4567.000000000000104a [set-alloc-hint object_size 4194304 write_size 4194304,write 4022272~172032] 3.89d0ed4b ack+ondisk+write+known_if_redirected e173) v4) wants=ad
2014-06-12 14:45:54.983111 7f9d633d7700 10 osd.2 pg_epoch: 173 pg[3.54b( v 173'2711 (0'0,173'2711] local-les=145 n=279 ec=23 les/c 145/145 144/144/133) [2,23] r=0 lpr=144 luod=173'2710 crt=0'0 lcod 173'2709 mlcod 173'2709 active+clean] sending ack on repgather(0x2335cd80 173'2711 rep_tid=236136 committed?=0 applied?=1 lock=0 op=osd_op(client.4314.0:144978 rbd_data.10b16b8b4567.000000000000104a [set-alloc-hint object_size 4194304 write_size 4194304,write 4022272~172032] 3.89d0ed4b ack+ondisk+write+known_if_redirected e173) v4) 0x348b7680
2014-06-12 14:45:54.983131 7f9d633d7700 10 osd.2 173 dequeue_op 0x25e42100 finish
2014-06-12 14:45:54.983137 7f9d633d7700 5 -- op tracker -- , seq: 747304, time:
2014-06-12 14:45:54.983134, event: done, op: osd_sub_op_reply(client.4314.0:144978 3.54b 89d0ed4b/rbd_data.10b16b8b4567.000000000000104a/head//3 [] ack, result = 0)
2014-06-12 14:45:54.983146 7f9d633d7700 15 OSD::op_tp worker wq OSD::OpWQ done processing 0x1 (0 active)
2014-06-12 14:45:54.983151 7f9d633d7700 12 OSD::op_tp worker wq OSD::OpWQ start processing 0x1 (1 active)
2014-06-12 14:45:54.983153 7f9d633d7700 10 osd.2 173 dequeue_op 0x8dbc500 prio 196 cost 0 latency 0.000555 osd_sub_op_reply(client.4314.0:144978 3.54b 89d0ed4b/rbd_data.10b16b8b4567.000000000000104a/head//3 [] ondisk, result = 0) v2 pg pg[3.54b( v 173'2711 (0'0,173'2711] local-les=145 n=279 ec=23 les/c 145/145 144/144/133) [2,23] r=0 lpr=144 luod=173'2710 crt=0'0 lcod 173'2709 mlcod 173'2709 active+clean]
2014-06-12 14:45:54.983167 7f9d633d7700 5 -- op tracker -- , seq: 747305, time:
2014-06-12 14:45:54.983164, event: reached_pg, op: osd_sub_op_reply(client.4314.0:144978 3.54b 89d0ed4b/rbd_data.10b16b8b4567.000000000000104a/head//3 [] ondisk, result = 0)
2014-06-12 14:45:54.983172 7f9d633d7700 10 osd.2 pg_epoch: 173 pg[3.54b( v 173'2711 (0'0,173'2711] local-les=145 n=279 ec=23 les/c 145/145 144/144/133) [2,23] r=0 lpr=144 luod=173'2710 crt=0'0 lcod 173'2709 mlcod 173'2709 active+clean] handle_message: 0x8dbc500
2014-06-12 14:45:54.983185 7f9d633d7700 5 -- op tracker -- , seq: 747305, time:
2014-06-12 14:45:54.983182, event: started, op: osd_sub_op_reply(client.4314.0:144978 3.54b 89d0ed4b/rbd_data.10b16b8b4567.000000000000104a/head//3 [] ondisk, result = 0)
2014-06-12 14:45:54.983190 7f9d633d7700 7 osd.2 pg_epoch: 173 pg[3.54b( v 173'2711 (0'0,173'2711] local-les=145 n=279 ec=23 les/c 145/145 144/144/133) [2,23] r=0 lpr=144 luod=173'2710 crt=0'0 lcod 173'2709 mlcod 173'2709 active+clean] sub_op_modify_reply: tid 236136 op ack_type 4 from 23
2014-06-12 14:45:54.983203 7f9d633d7700 5 -- op tracker -- , seq: 747298, time:
2014-06-12 14:45:54.983199, event: sub_op_commit_rec, op: osd_op(client.4314.0:144978 rbd_data.10b16b8b4567.000000000000104a [set-alloc-hint object_size 4194304 write_size 4194304,write 4022272~172032] 3.89d0ed4b ack+ondisk+write+known_if_redirected e173)
2014-06-12 14:45:54.983208 7f9d633d7700 10 osd.2 pg_epoch: 173 pg[3.54b( v 173'2711 (0'0,173'2711] local-les=145 n=279 ec=23 les/c 145/145 144/144/133) [2,23] r=0 lpr=144 luod=173'2710 crt=0'0 lcod 173'2709 mlcod 173'2709 active+clean] repop_all_committed: repop tid 236136 all committed
2014-06-12 14:45:54.983216 7f9d633d7700 10 osd.2 pg_epoch: 173 pg[3.54b( v 173'2711 (0'0,173'2711] local-les=145 n=279 ec=23 les/c 145/145 144/144/133) [2,23] r=0 lpr=144 crt=0'0 lcod 173'2710 mlcod 173'2709 active+clean] eval_repop repgather(0x2335cd80 173'2711 rep_tid=236136 committed?=1 applied?=1 lock=0 op=osd_op(client.4314.0:144978 rbd_data.10b16b8b4567.000000000000104a [set-alloc-hint object_size 4194304 write_size 4194304,write 4022272~172032] 3.89d0ed4b ack+ondisk+write+known_if_redirected e173) v4) wants=ad
2014-06-12 14:45:54.983229 7f9d633d7700 15 osd.2 pg_epoch: 173 pg[3.54b( v 173'2711 (0'0,173'2711] local-les=145 n=279 ec=23 les/c 145/145 144/144/133) [2,23] r=0 lpr=144 crt=0'0 lcod 173'2710 mlcod 173'2709 active+clean] log_op_stats osd_op(client.4314.0:144978 rbd_data.10b16b8b4567.000000000000104a [set-alloc-hint object_size 4194304 write_size 4194304,write 4022272~172032] 3.89d0ed4b ack+ondisk+write+known_if_redirected e173) v4 inb 172311 outb 0 rlat 0.023318 lat 0.023416
2014-06-12 14:45:54.983241 7f9d633d7700 15 osd.2 pg_epoch: 173 pg[3.54b( v 173'2711 (0'0,173'2711] local-les=145 n=279 ec=23 les/c 145/145 144/144/133) [2,23] r=0 lpr=144 crt=0'0 lcod 173'2710 mlcod 173'2709 active+clean] publish_stats_to_osd 173:3606
2014-06-12 14:45:54.983246 7f9d5501e700 5 -- op tracker -- , seq: 747306, time:
2014-06-12 14:45:54.946033, event: header_read, op: osd_sub_op(client.4296.0:143498 3.169 e887169/rbd_data.109f6b8b4567.00000000000011a2/head//3 [] v 173'2863 snapset=0=[]:[] snapc=0=[])
2014-06-12 14:45:54.983258 7f9d5501e700 5 -- op tracker -- , seq: 747306, time:
2014-06-12 14:45:54.946034, event: throttled, op: osd_sub_op(client.4296.0:143498 3.169 e887169/rbd_data.109f6b8b4567.00000000000011a2/head//3 [] v 173'2863 snapset=0=[]:[] snapc=0=[])
2014-06-12 14:45:54.983250 7f9d633d7700 10 osd.2 pg_epoch: 173 pg[3.54b( v 173'2711 (0'0,173'2711] local-les=145 n=279 ec=23 les/c 145/145 144/144/133) [2,23] r=0 lpr=144 crt=0'0 lcod 173'2710 mlcod 173'2709 active+clean] sending commit on repgather(0x2335cd80 173'2711 rep_tid=236136 committed?=1 applied?=1 lock=0 op=osd_op(client.4314.0:144978 rbd_data.10b16b8b4567.000000000000104a [set-alloc-hint object_size 4194304 write_size 4194304,write 4022272~172032] 3.89d0ed4b ack+ondisk+write+known_if_redirected e173) v4) 0x6486f00
2014-06-12 14:45:54.983267 7f9d5501e700 5 -- op tracker -- , seq: 747306, time:
2014-06-12 14:45:54.983218, event: all_read, op: osd_sub_op(client.4296.0:143498 3.169 e887169/rbd_data.109f6b8b4567.00000000000011a2/head//3 [] v 173'2863 snapset=0=[]:[] snapc=0=[])
2014-06-12 14:45:54.983276 7f9d633d7700 5 -- op tracker -- , seq: 747298, time:
2014-06-12 14:45:54.983272, event: commit_sent, op: osd_op(client.4314.0:144978 rbd_data.10b16b8b4567.000000000000104a [set-alloc-hint object_size 4194304 write_size 4194304,write 4022272~172032] 3.89d0ed4b ack+ondisk+write+known_if_redirected e173)
2014-06-12 14:45:54.983286 7f9d633d7700 15 osd.2 pg_epoch: 173 pg[3.54b( v 173'2711 (0'0,173'2711] local-les=145 n=279 ec=23 les/c 145/145 144/144/133) [2,23] r=0 lpr=144 crt=0'0 lcod 173'2710 mlcod 173'2709 active+clean] requeue_ops
2014-06-12 14:45:54.983296 7f9d633d7700 10 osd.2 pg_epoch: 173 pg[3.54b( v 173'2711 (0'0,173'2711] local-les=145 n=279 ec=23 les/c 145/145 144/144/133) [2,23] r=0 lpr=144 crt=0'0 lcod 173'2710 mlcod 173'2710 active+clean] removing repgather(0x2335cd80 173'2711 rep_tid=236136 committed?=1 applied?=1 op=osd_op(client.4314.0:144978 rbd_data.10b16b8b4567.000000000000104a [set-alloc-hint object_size 4194304 write_size 4194304,write 4022272~172032] 3.89d0ed4b ack+ondisk+write+known_if_redirected e173) v4)
2014-06-12 14:45:54.983314 7f9d633d7700 20 osd.2 pg_epoch: 173 pg[3.54b( v 173'2711 (0'0,173'2711] local-les=145 n=279 ec=23 les/c 145/145 144/144/133) [2,23] r=0 lpr=144 crt=0'0 lcod 173'2710 mlcod 173'2710 active+clean] q front is repgather(0x2335cd80 173'2711 rep_tid=236136 committed?=1 applied?=1 op=osd_op(client.4314.0:144978 rbd_data.10b16b8b4567.000000000000104a [set-alloc-hint object_size 4194304 write_size 4194304,write 4022272~172032] 3.89d0ed4b ack+ondisk+write+known_if_redirected e173) v4)
2014-06-12 14:45:54.983326 7f9d633d7700 20 osd.2 pg_epoch: 173 pg[3.54b( v 173'2711 (0'0,173'2711] local-les=145 n=279 ec=23 les/c 145/145 144/144/133) [2,23] r=0 lpr=144 crt=0'0 lcod 173'2710 mlcod 173'2710 active+clean] remove_repop repgather(0x2335cd80 173'2711 rep_tid=236136 committed?=1 applied?=1 op=osd_op(client.4314.0:144978 rbd_data.10b16b8b4567.000000000000104a [set-alloc-hint object_size 4194304 write_size 4194304,write 4022272~172032] 3.89d0ed4b ack+ondisk+write+known_if_redirected e173) v4)
2014-06-12 14:45:54.983348 7f9d5501e700 5 -- op tracker -- , seq: 747306, time: 0.000000, event: dispatched, op: osd_sub_op(client.4296.0:143498 3.169 e887169/rbd_data.109f6b8b4567.00000000000011a2/head//3 [] v 173'2863 snapset=0=[]:[] snapc=0=[])
2014-06-12 14:45:54.983344 7f9d633d7700 15 osd.2 pg_epoch: 173 pg[3.54b( v 173'2711 (0'0,173'2711] local-les=145 n=279 ec=23 les/c 145/145 144/144/133) [2,23] r=0 lpr=144 crt=0'0 lcod 173'2710 mlcod 173'2710 active+clean] requeue_ops
2014-06-12 14:45:54.983355 7f9d5501e700 10 osd.2 173 handle_replica_op osd_sub_op(client.4296.0:143498 3.169 e887169/rbd_data.109f6b8b4567.00000000000011a2/head//3 [] v 173'2863 snapset=0=[]:[] snapc=0=[]) v10 epoch 173
2014-06-12 14:45:54.983362 7f9d5501e700 20 osd.2 173 should_share_map osd.29 172.16.96.202:6870/5024 173
2014-06-12 14:45:54.983366 7f9d633d7700 5 -- op tracker -- , seq: 747298, time:
2014-06-12 14:45:54.983362, event: done, op: osd_op(client.4314.0:144978 rbd_data.10b16b8b4567.000000000000104a [set-alloc-hint object_size 4194304 write_size 4194304,write 4022272~172032] 3.89d0ed4b ack+ondisk+write+known_if_redirected e173)
2014-06-12 14:45:54.983369 7f9d5501e700 15 osd.2 173 enqueue_op 0x2519d300 prio 127 cost 1032999 latency 0.037336 osd_sub_op(client.4296.0:143498 3.169 e887169/rbd_data.109f6b8b4567.00000000000011a2/head//3 [] v 173'2863 snapset=0=[]:[] snapc=0=[]) v10
2014-06-12 14:45:54.983398 7f9d623d5700 12 OSD::op_tp worker wq OSD::OpWQ start processing 0x1 (2 active)
2014-06-12 14:45:54.983404 7f9d623d5700 10 osd.2 173 dequeue_op 0x2519d300 prio 127 cost 1032999 latency 0.037370 osd_sub_op(client.4296.0:143498 3.169 e887169/rbd_data.109f6b8b4567.00000000000011a2/head//3 [] v 173'2863 snapset=0=[]:[] snapc=0=[]) v10 pg pg[3.169( v 173'2862 (0'0,173'2862] local-les=161 n=293 ec=23 les/c 161/161 160/160/160) [29,2] r=1 lpr=160 pi=23-159/12 luod=0'0 crt=0'0 lcod 173'2861 active]
2014-06-12 14:45:54.983426 7f9d623d5700 5 -- op tracker -- , seq: 747306, time:
2014-06-12 14:45:54.983421, event: reached_pg, op: osd_sub_op(client.4296.0:143498 3.169 e887169/rbd_data.109f6b8b4567.00000000000011a2/head//3 [] v 173'2863 snapset=0=[]:[] snapc=0=[])
2014-06-12 14:45:54.983436 7f9d623d5700 10 osd.2 pg_epoch: 173 pg[3.169( v 173'2862 (0'0,173'2862] local-les=161 n=293 ec=23 les/c 161/161 160/160/160) [29,2] r=1 lpr=160 pi=23-159/12 luod=0'0 crt=0'0 lcod 173'2861 active] handle_message: 0x2519d300
2014-06-12 14:45:54.983448 7f9d623d5700 10 osd.2 pg_epoch: 173 pg[3.169( v 173'2862 (0'0,173'2862] local-les=161 n=293 ec=23 les/c 161/161 160/160/160) [29,2] r=1 lpr=160 pi=23-159/12 luod=0'0 crt=0'0 lcod 173'2861 active] sub_op_modify trans e887169/rbd_data.109f6b8b4567.00000000000011a2/head//3 v 173'2863 (transaction) 174
2014-06-12 14:45:54.983463 7f9d633d7700 10 osd.2 173 dequeue_op 0x8dbc500 finish
2014-06-12 14:45:54.983469 7f9d623d5700 5 -- op tracker -- , seq: 747306, time:
2014-06-12 14:45:54.983465, event: started, op: osd_sub_op(client.4296.0:143498 3.169 e887169/rbd_data.109f6b8b4567.00000000000011a2/head//3 [] v 173'2863 snapset=0=[]:[] snapc=0=[])
2014-06-12 14:45:54.983488 7f9d623d5700 10 osd.2 pg_epoch: 173 pg[3.169( v 173'2862 (0'0,173'2862] local-les=161 n=293 ec=23 les/c 161/161 160/160/160) [29,2] r=1 lpr=160 pi=23-159/12 luod=0'0 crt=0'0 lcod 173'2861 active] append_log log((0'0,173'2862], crt=0'0) [173'2863 (173'2862) modify e887169/rbd_data.109f6b8b4567.00000000000011a2/head//3 by client.4296.0:143498
2014-06-12 08:44:57.315699]
2014-06-12 14:45:54.983513 7f9d623d5700 10 osd.2 pg_epoch: 173 pg[3.169( v 173'2863 (0'0,173'2863] local-les=161 n=293 ec=23 les/c 161/161 160/160/160) [29,2] r=1 lpr=160 pi=23-159/12 luod=0'0 crt=0'0 lcod 173'2861 active] add_log_entry 173'2863 (173'2862) modify e887169/rbd_data.109f6b8b4567.00000000000011a2/head//3 by client.4296.0:143498
2014-06-12 08:44:57.315699
2014-06-12 14:45:54.983535 7f9d623d5700 10 osd.2 pg_epoch: 173 pg[3.169( v 173'2863 (0'0,173'2863] local-les=161 n=293 ec=23 les/c 161/161 160/160/160) [29,2] r=1 lpr=160 pi=23-159/12 luod=0'0 crt=0'0 lcod 173'2861 active] append_log adding 1 keys
2014-06-12 14:45:54.983570 7f9d623d5700 10 write_log with: dirty_to: 0'0, dirty_from: 4294967295'18446744073709551615, dirty_divergent_priors: 0, writeout_from: 173'2863, trimmed:
2014-06-12 14:45:54.983596 7f9d623d5700 5 -- op tracker -- , seq: 747306, time:
2014-06-12 14:45:54.983591, event: started, op: osd_sub_op(client.4296.0:143498 3.169 e887169/rbd_data.109f6b8b4567.00000000000011a2/head//3 [] v 173'2863 snapset=0=[]:[] snapc=0=[])
2014-06-12 14:45:54.983607 7f9d623d5700 5 queue_transactions existing osr(3.169 0x276ce50)/0x276ce50
2014-06-12 14:45:54.983611 7f9d623d5700 5 queue_transactions (trailing journal)
2014-06-12 14:45:54.983613 7f9d623d5700 5 queue_op 0x15168e40 seq 2601 osr(3.169 0x276ce50) 1034485 bytes (queue has 2 ops and 1552909 bytes)
2014-06-12 14:45:54.983621 7f9d623d5700 15 osd.2 pg_epoch: 173 pg[3.169( v 173'2863 (0'0,173'2863] local-les=161 n=293 ec=23 les/c 161/161 160/160/160) [29,2] r=1 lpr=160 pi=23-159/12 luod=0'0 crt=0'0 lcod 173'2861 active] do_sub_op osd_sub_op(client.4296.0:143498 3.169 e887169/rbd_data.109f6b8b4567.00000000000011a2/head//3 [] v 173'2863 snapset=0=[]:[] snapc=0=[]) v10
2014-06-12 14:45:54.983636 7f9d623d5700 10 osd.2 173 dequeue_op 0x2519d300 finish
2014-06-12 14:45:54.983640 7f9d623d5700 15 OSD::op_tp worker wq OSD::OpWQ done processing 0x1 (1 active)
2014-06-12 14:45:54.983647 7f9d623d5700 20 OSD::op_tp worker waiting
2014-06-12 14:45:54.983657 7f9d82972700 12 KeyValueStore::op_tp worker wq KeyValueStore::OpWQ start processing 0x54f1200 (2 active)
2014-06-12 14:45:54.983662 7f9d82972700 5 _do_op 0x15168e40 seq 2601 osr(3.169 0x276ce50)/0x276ce50 start
2014-06-12 14:45:54.983666 7f9d82972700 10 _do_transaction on 0x6319b30
2014-06-12 14:45:54.983672 7f9d82972700 15 _omap_setkeys meta/1fe2acfa/pglog_3.169/0//-1
2014-06-12 14:45:54.983808 7f9d82972700 10 lookup_strip_header done cid meta oid 1fe2acfa/pglog_3.169/0//-1
2014-06-12 14:45:54.983831 7f9d82972700 15 _omap_setkeys meta/16ef7597/infos/head//-1
2014-06-12 14:45:54.983894 7f9d633d7700 5 -- op tracker -- , seq: 747305, time:
2014-06-12 14:45:54.983467, event: done, op: osd_sub_op_reply(client.4314.0:144978 3.54b 89d0ed4b/rbd_data.10b16b8b4567.000000000000104a/head//3 [] ondisk, result = 0)
2014-06-12 14:45:54.983910 7f9d633d7700 15 OSD::op_tp worker wq OSD::OpWQ done processing 0x1 (0 active)
2014-06-12 14:45:54.983913 7f9d633d7700 20 OSD::op_tp worker waiting
2014-06-12 14:45:54.983926 7f9d643d9700 20 OSD::op_tp worker waiting
2014-06-12 14:45:54.983956 7f9d68be2700 20 OSD::op_tp worker waiting
2014-06-12 14:45:54.984374 7f9d5703e700 5 -- op tracker -- , seq: 747307, time:
2014-06-12 14:45:54.984334, event: header_read, op: osd_sub_op_reply(client.4314.0:144980 3.395 61cc1395/rbd_data.10b16b8b4567.000000000000104b/head//3 [] ondisk, result = 0)
2014-06-12 14:45:54.984384 7f9d5703e700 5 -- op tracker -- , seq: 747307, time:
2014-06-12 14:45:54.984336, event: throttled, op: osd_sub_op_reply(client.4314.0:144980 3.395 61cc1395/rbd_data.10b16b8b4567.000000000000104b/head//3 [] ondisk, result = 0)
2014-06-12 14:45:54.984391 7f9d5703e700 5 -- op tracker -- , seq: 747307, time:
2014-06-12 14:45:54.984349, event: all_read, op: osd_sub_op_reply(client.4314.0:144980 3.395 61cc1395/rbd_data.10b16b8b4567.000000000000104b/head//3 [] ondisk, result = 0)
2014-06-12 14:45:54.984399 7f9d5703e700 5 -- op tracker -- , seq: 747307, time: 0.000000, event: dispatched, op: osd_sub_op_reply(client.4314.0:144980 3.395 61cc1395/rbd_data.10b16b8b4567.000000000000104b/head//3 [] ondisk, result = 0)
2014-06-12 14:45:54.984404 7f9d5703e700 10 osd.2 173 handle_replica_op osd_sub_op_reply(client.4314.0:144980 3.395 61cc1395/rbd_data.10b16b8b4567.000000000000104b/head//3 [] ondisk, result = 0) v2 epoch 173
2014-06-12 14:45:54.984409 7f9d5703e700 20 osd.2 173 should_share_map osd.20 172.16.96.202:6802/1090 173
2014-06-12 14:45:54.984417 7f9d5703e700 15 osd.2 173 enqueue_op 0x31d60e00 prio 196 cost 0 latency 0.000082 osd_sub_op_reply(client.4314.0:144980 3.395 61cc1395/rbd_data.10b16b8b4567.000000000000104b/head//3 [] ondisk, result = 0) v2
2014-06-12 14:45:54.984443 7f9d61bd4700 12 OSD::op_tp worker wq OSD::OpWQ start processing 0x1 (1 active)
2014-06-12 14:45:54.984450 7f9d61bd4700 10 osd.2 173 dequeue_op 0x31d60e00 prio 196 cost 0 latency 0.000116 osd_sub_op_reply(client.4314.0:144980 3.395 61cc1395/rbd_data.10b16b8b4567.000000000000104b/head//3 [] ondisk, result = 0) v2 pg pg[3.395( v 173'3322 (125'321,173'3322] local-les=137 n=324 ec=23 les/c 137/137 136/136/133) [2,20] r=0 lpr=136 luod=173'3321 crt=0'0 lcod 173'3320 mlcod 173'3320 active+clean]
2014-06-12 14:45:54.984470 7f9d61bd4700 5 -- op tracker -- , seq: 747307, time:
2014-06-12 14:45:54.984467, event: reached_pg, op: osd_sub_op_reply(client.4314.0:144980 3.395 61cc1395/rbd_data.10b16b8b4567.000000000000104b/head//3 [] ondisk, result = 0)
2014-06-12 14:45:54.984480 7f9d61bd4700 10 osd.2 pg_epoch: 173 pg[3.395( v 173'3322 (125'321,173'3322] local-les=137 n=324 ec=23 les/c 137/137 136/136/133) [2,20] r=0 lpr=136 luod=173'3321 crt=0'0 lcod 173'3320 mlcod 173'3320 active+clean] handle_message: 0x31d60e00
2014-06-12 14:45:54.984494 7f9d61bd4700 5 -- op tracker -- , seq: 747307, time:
2014-06-12 14:45:54.984491, event: started, op: osd_sub_op_reply(client.4314.0:144980 3.395 61cc1395/rbd_data.10b16b8b4567.000000000000104b/head//3 [] ondisk, result = 0)
2014-06-12 14:45:54.984500 7f9d61bd4700 7 osd.2 pg_epoch: 173 pg[3.395( v 173'3322 (125'321,173'3322] local-les=137 n=324 ec=23 les/c 137/137 136/136/133) [2,20] r=0 lpr=136 luod=173'3321 crt=0'0 lcod 173'3320 mlcod 173'3320 active+clean] sub_op_modify_reply: tid 236137 op ack_type 4 from 20
2014-06-12 14:45:54.984521 7f9d61bd4700 5 -- op tracker -- , seq: 747300, time:
2014-06-12 14:45:54.984513, event: sub_op_commit_rec, op: osd_op(client.4314.0:144980 rbd_data.10b16b8b4567.000000000000104b [set-alloc-hint object_size 4194304 write_size 4194304,write 344064~516096] 3.61cc1395 ack+ondisk+write+known_if_redirected e173)
2014-06-12 14:45:54.984528 7f9d61bd4700 10 osd.2 173 dequeue_op 0x31d60e00 finish
