2014-06-12 14:45:55.042003, event: reached_pg, op: osd_sub_op_reply(client.4314.0:144986 3.395 61cc1395/rbd_data.10b16b8b4567.000000000000104b/head//3 [] ack, result = 0)
2014-06-12 14:45:55.042021 7f9d6a3e5700 10 osd.2 pg_epoch: 173 pg[3.395( v 173'3328 (125'327,173'3328] local-les=137 n=324 ec=23 les/c 137/137 136/136/133) [2,20] r=0 lpr=136 luod=173'3324 crt=0'0 lcod 173'3323 mlcod 173'3323 active+clean] handle_message: 0x28dd0b00
2014-06-12 14:45:55.042038 7f9d6a3e5700 5 -- op tracker -- , seq: 747320, time:
2014-06-12 14:45:55.042034, event: started, op: osd_sub_op_reply(client.4314.0:144986 3.395 61cc1395/rbd_data.10b16b8b4567.000000000000104b/head//3 [] ack, result = 0)
2014-06-12 14:45:55.042045 7f9d6a3e5700 7 osd.2 pg_epoch: 173 pg[3.395( v 173'3328 (125'327,173'3328] local-les=137 n=324 ec=23 les/c 137/137 136/136/133) [2,20] r=0 lpr=136 luod=173'3324 crt=0'0 lcod 173'3323 mlcod 173'3323 active+clean] sub_op_modify_reply: tid 236143 op ack_type 1 from 20
2014-06-12 14:45:55.042065 7f9d6a3e5700 5 -- op tracker -- , seq: 747318, time:
2014-06-12 14:45:55.042057, event: sub_op_applied_rec, op: osd_op(client.4314.0:144986 rbd_data.10b16b8b4567.000000000000104b [set-alloc-hint object_size 4194304 write_size 4194304,write 3956736~237568] 3.61cc1395 ack+ondisk+write+known_if_redirected e173)
2014-06-12 14:45:55.042072 7f9d6a3e5700 10 osd.2 173 dequeue_op 0x28dd0b00 finish
2014-06-12 14:45:55.042079 7f9d6a3e5700 5 -- op tracker -- , seq: 747320, time:
2014-06-12 14:45:55.042076, event: done, op: osd_sub_op_reply(client.4314.0:144986 3.395 61cc1395/rbd_data.10b16b8b4567.000000000000104b/head//3 [] ack, result = 0)
2014-06-12 14:45:55.042095 7f9d6a3e5700 15 OSD::op_tp worker wq OSD::OpWQ done processing 0x1 (0 active)
2014-06-12 14:45:55.042101 7f9d6a3e5700 12 OSD::op_tp worker wq OSD::OpWQ start processing 0x1 (1 active)
2014-06-12 14:45:55.042105 7f9d6a3e5700 10 osd.2 173 dequeue_op 0xe20a800 prio 196 cost 0 latency 0.000224 osd_sub_op_reply(client.4314.0:144986 3.395 61cc1395/rbd_data.10b16b8b4567.000000000000104b/head//3 [] ondisk, result = 0) v2 pg pg[3.395( v 173'3328 (125'327,173'3328] local-les=137 n=324 ec=23 les/c 137/137 136/136/133) [2,20] r=0 lpr=136 luod=173'3324 crt=0'0 lcod 173'3323 mlcod 173'3323 active+clean]
2014-06-12 14:45:55.042121 7f9d6a3e5700 5 -- op tracker -- , seq: 747321, time:
2014-06-12 14:45:55.042118, event: reached_pg, op: osd_sub_op_reply(client.4314.0:144986 3.395 61cc1395/rbd_data.10b16b8b4567.000000000000104b/head//3 [] ondisk, result = 0)
2014-06-12 14:45:55.042128 7f9d6a3e5700 10 osd.2 pg_epoch: 173 pg[3.395( v 173'3328 (125'327,173'3328] local-les=137 n=324 ec=23 les/c 137/137 136/136/133) [2,20] r=0 lpr=136 luod=173'3324 crt=0'0 lcod 173'3323 mlcod 173'3323 active+clean] handle_message: 0xe20a800
2014-06-12 14:45:55.042141 7f9d6a3e5700 5 -- op tracker -- , seq: 747321, time:
2014-06-12 14:45:55.042138, event: started, op: osd_sub_op_reply(client.4314.0:144986 3.395 61cc1395/rbd_data.10b16b8b4567.000000000000104b/head//3 [] ondisk, result = 0)
2014-06-12 14:45:55.042147 7f9d6a3e5700 7 osd.2 pg_epoch: 173 pg[3.395( v 173'3328 (125'327,173'3328] local-les=137 n=324 ec=23 les/c 137/137 136/136/133) [2,20] r=0 lpr=136 luod=173'3324 crt=0'0 lcod 173'3323 mlcod 173'3323 active+clean] sub_op_modify_reply: tid 236143 op ack_type 4 from 20
2014-06-12 14:45:55.042163 7f9d6a3e5700 5 -- op tracker -- , seq: 747318, time:
2014-06-12 14:45:55.042158, event: sub_op_commit_rec, op: osd_op(client.4314.0:144986 rbd_data.10b16b8b4567.000000000000104b [set-alloc-hint object_size 4194304 write_size 4194304,write 3956736~237568] 3.61cc1395 ack+ondisk+write+known_if_redirected e173)
2014-06-12 14:45:55.042170 7f9d6a3e5700 10 osd.2 173 dequeue_op 0xe20a800 finish
2014-06-12 14:45:55.042176 7f9d6a3e5700 5 -- op tracker -- , seq: 747321, time:
2014-06-12 14:45:55.042172, event: done, op: osd_sub_op_reply(client.4314.0:144986 3.395 61cc1395/rbd_data.10b16b8b4567.000000000000104b/head//3 [] ondisk, result = 0)
2014-06-12 14:45:55.042185 7f9d6a3e5700 15 OSD::op_tp worker wq OSD::OpWQ done processing 0x1 (0 active)
2014-06-12 14:45:55.042188 7f9d6a3e5700 20 OSD::op_tp worker waiting
2014-06-12 14:45:55.042204 7f9d653db700 20 OSD::op_tp worker waiting
2014-06-12 14:45:55.044242 7f9d7a962700 10 _do_op 0x12451800 seq 2602 r = 0, finisher 0x172fffa0 0
2014-06-12 14:45:55.044282 7f9d7715b700 5 -- op tracker -- , seq: 747316, time:
2014-06-12 14:45:55.044271, event: commit_sent, op: osd_sub_op(client.4296.0:143499 3.169 e887169/rbd_data.109f6b8b4567.00000000000011a2/head//3 [] v 173'2864 snapset=0=[]:[] snapc=0=[])
2014-06-12 14:45:55.044291 7f9d7715b700 10 osd.2 pg_epoch: 173 pg[3.169( v 173'2864 (0'0,173'2864] local-les=161 n=293 ec=23 les/c 161/161 160/160/160) [29,2] r=1 lpr=160 pi=23-159/12 luod=0'0 crt=0'0 lcod 173'2862 active] sub_op_modify_commit on op osd_sub_op(client.4296.0:143499 3.169 e887169/rbd_data.109f6b8b4567.00000000000011a2/head//3 [] v 173'2864 snapset=0=[]:[] snapc=0=[]) v10, sending commit to osd.29
2014-06-12 14:45:55.044321 7f9d7715b700 20 osd.2 173 share_map_peer 0x5de9760 already has epoch 173
2014-06-12 14:45:55.044376 7f9d7a962700 10 _finish_op 0x12451800 seq 2602 osr(3.169 0x276ce50)/0x276ce50
2014-06-12 14:45:55.044400 7f9d7795c700 5 -- op tracker -- , seq: 747316, time:
2014-06-12 14:45:55.044395, event: sub_op_applied, op: osd_sub_op(client.4296.0:143499 3.169 e887169/rbd_data.109f6b8b4567.00000000000011a2/head//3 [] v 173'2864 snapset=0=[]:[] snapc=0=[])
2014-06-12 14:45:55.044410 7f9d7795c700 10 osd.2 pg_epoch: 173 pg[3.169( v 173'2864 (0'0,173'2864] local-les=161 n=293 ec=23 les/c 161/161 160/160/160) [29,2] r=1 lpr=160 pi=23-159/12 luod=0'0 crt=0'0 lcod 173'2863 active] sub_op_modify_applied on 0x16bce8c0 op osd_sub_op(client.4296.0:143499 3.169 e887169/rbd_data.109f6b8b4567.00000000000011a2/head//3 [] v 173'2864 snapset=0=[]:[] snapc=0=[]) v10
2014-06-12 14:45:55.044426 7f9d7795c700 10 osd.2 pg_epoch: 173 pg[3.169( v 173'2864 (0'0,173'2864] local-les=161 n=293 ec=23 les/c 161/161 160/160/160) [29,2] r=1 lpr=160 pi=23-159/12 luod=0'0 crt=0'0 lcod 173'2863 active] op_applied on primary on version 173'2864
2014-06-12 14:45:55.044437 7f9d7795c700 10 osd.2 pg_epoch: 173 pg[3.169( v 173'2864 (0'0,173'2864] local-les=161 n=293 ec=23 les/c 161/161 160/160/160) [29,2] r=1 lpr=160 pi=23-159/12 luod=0'0 crt=0'0 lcod 173'2863 active] op_applied on replica on version 173'2864
2014-06-12 14:45:55.044469 7f9d7895e700 10 lookup_strip_header done cid meta oid 16ef7597/infos/head//-1
2014-06-12 14:45:55.044473 7f9d7a962700 5 -- op tracker -- , seq: 747316, time:
2014-06-12 14:45:55.044463, event: done, op: osd_sub_op(client.4296.0:143499 3.169 e887169/rbd_data.109f6b8b4567.00000000000011a2/head//3 [] v 173'2864 snapset=0=[]:[] snapc=0=[])
2014-06-12 14:45:55.044503 7f9d7895e700 15 _omap_rmkeys meta/1fe1ea2a/pglog_3.395/0//-1
2014-06-12 14:45:55.044505 7f9d7a962700 15 KeyValueStore::op_tp worker wq KeyValueStore::OpWQ done processing 0x54f1200 (4 active)
2014-06-12 14:45:55.044509 7f9d7a962700 20 KeyValueStore::op_tp worker waiting
2014-06-12 14:45:55.044512 7f9d7895e700 10 _omap_rmkeys meta/1fe1ea2a/pglog_3.395/0//-1 r = 0
2014-06-12 14:45:55.044518 7f9d7895e700 15 _omap_setkeys meta/1fe1ea2a/pglog_3.395/0//-1
2014-06-12 14:45:55.044619 7f9d7895e700 15 _write 3.395_head/61cc1395/rbd_data.10b16b8b4567.000000000000104b/head//3 2408448~516096
2014-06-12 14:45:55.044761 7f9d7895e700 10 lookup_strip_header done cid 3.395_head oid 61cc1395/rbd_data.10b16b8b4567.000000000000104b/head//3
2014-06-12 14:45:55.044919 7f9d7895e700 10 file_to_extents done
2014-06-12 14:45:55.047109 7f9d7895e700 10 _generic_write 3.395_head/61cc1395/rbd_data.10b16b8b4567.000000000000104b/head//3 2408448~516096 = 0
2014-06-12 14:45:55.047170 7f9d7895e700 15 _setattrs 3.395_head/61cc1395/rbd_data.10b16b8b4567.000000000000104b/head//3
2014-06-12 14:45:55.047190 7f9d7895e700 10 _setattrs 3.395_head/61cc1395/rbd_data.10b16b8b4567.000000000000104b/head//3 = 0
2014-06-12 14:45:55.047199 7f9d7895e700 15 _setattrs 3.395_head/61cc1395/rbd_data.10b16b8b4567.000000000000104b/head//3
2014-06-12 14:45:55.047207 7f9d7895e700 10 _setattrs 3.395_head/61cc1395/rbd_data.10b16b8b4567.000000000000104b/head//3 = 0
2014-06-12 14:45:55.047430 7f9d7895e700 20 set_header setting 17862 cid 3.395_head oid 61cc1395/rbd_data.10b16b8b4567.000000000000104b/head//3 parent seq 0
2014-06-12 14:45:55.047497 7f9d7895e700 20 set_header setting 3 cid meta oid 16ef7597/infos/head//-1 parent seq 0
2014-06-12 14:45:55.047513 7f9d7895e700 20 set_header setting 2060 cid meta oid 1fe1ea2a/pglog_3.395/0//-1 parent seq 0
2014-06-12 14:45:55.047526 7f9d7895e700 5 submit_transaction r = 0
2014-06-12 14:45:55.079422 7f9d5501e700 5 -- op tracker -- , seq: 747322, time:
2014-06-12 14:45:55.068700, event: header_read, op: osd_sub_op(client.4296.0:143500 3.169 e887169/rbd_data.109f6b8b4567.00000000000011a2/head//3 [] v 173'2865 snapset=0=[]:[] snapc=0=[])
2014-06-12 14:45:55.079439 7f9d5501e700 5 -- op tracker -- , seq: 747322, time:
2014-06-12 14:45:55.068702, event: throttled, op: osd_sub_op(client.4296.0:143500 3.169 e887169/rbd_data.109f6b8b4567.00000000000011a2/head//3 [] v 173'2865 snapset=0=[]:[] snapc=0=[])
2014-06-12 14:45:55.079448 7f9d5501e700 5 -- op tracker -- , seq: 747322, time:
2014-06-12 14:45:55.079375, event: all_read, op: osd_sub_op(client.4296.0:143500 3.169 e887169/rbd_data.109f6b8b4567.00000000000011a2/head//3 [] v 173'2865 snapset=0=[]:[] snapc=0=[])
2014-06-12 14:45:55.079457 7f9d5501e700 5 -- op tracker -- , seq: 747322, time: 0.000000, event: dispatched, op: osd_sub_op(client.4296.0:143500 3.169 e887169/rbd_data.109f6b8b4567.00000000000011a2/head//3 [] v 173'2865 snapset=0=[]:[] snapc=0=[])
2014-06-12 14:45:55.079464 7f9d5501e700 10 osd.2 173 handle_replica_op osd_sub_op(client.4296.0:143500 3.169 e887169/rbd_data.109f6b8b4567.00000000000011a2/head//3 [] v 173'2865 snapset=0=[]:[] snapc=0=[]) v10 epoch 173
2014-06-12 14:45:55.079471 7f9d5501e700 20 osd.2 173 should_share_map osd.29 172.16.96.202:6870/5024 173
2014-06-12 14:45:55.079481 7f9d5501e700 15 osd.2 173 enqueue_op 0x876f200 prio 127 cost 1032999 latency 0.010781 osd_sub_op(client.4296.0:143500 3.169 e887169/rbd_data.109f6b8b4567.00000000000011a2/head//3 [] v 173'2865 snapset=0=[]:[] snapc=0=[]) v10
2014-06-12 14:45:55.079592 7f9d69be4700 12 OSD::op_tp worker wq OSD::OpWQ start processing 0x1 (1 active)
2014-06-12 14:45:55.079605 7f9d69be4700 10 osd.2 173 dequeue_op 0x876f200 prio 127 cost 1032999 latency 0.010905 osd_sub_op(client.4296.0:143500 3.169 e887169/rbd_data.109f6b8b4567.00000000000011a2/head//3 [] v 173'2865 snapset=0=[]:[] snapc=0=[]) v10 pg pg[3.169( v 173'2864 (0'0,173'2864] local-les=161 n=293 ec=23 les/c 161/161 160/160/160) [29,2] r=1 lpr=160 pi=23-159/12 luod=0'0 crt=0'0 lcod 173'2863 active]
2014-06-12 14:45:55.079634 7f9d69be4700 5 -- op tracker -- , seq: 747322, time:
2014-06-12 14:45:55.079629, event: reached_pg, op: osd_sub_op(client.4296.0:143500 3.169 e887169/rbd_data.109f6b8b4567.00000000000011a2/head//3 [] v 173'2865 snapset=0=[]:[] snapc=0=[])
2014-06-12 14:45:55.079655 7f9d69be4700 10 osd.2 pg_epoch: 173 pg[3.169( v 173'2864 (0'0,173'2864] local-les=161 n=293 ec=23 les/c 161/161 160/160/160) [29,2] r=1 lpr=160 pi=23-159/12 luod=0'0 crt=0'0 lcod 173'2863 active] handle_message: 0x876f200
2014-06-12 14:45:55.079669 7f9d69be4700 10 osd.2 pg_epoch: 173 pg[3.169( v 173'2864 (0'0,173'2864] local-les=161 n=293 ec=23 les/c 161/161 160/160/160) [29,2] r=1 lpr=160 pi=23-159/12 luod=0'0 crt=0'0 lcod 173'2863 active] sub_op_modify trans e887169/rbd_data.109f6b8b4567.00000000000011a2/head//3 v 173'2865 (transaction) 174
2014-06-12 14:45:55.079687 7f9d69be4700 5 -- op tracker -- , seq: 747322, time:
2014-06-12 14:45:55.079682, event: started, op: osd_sub_op(client.4296.0:143500 3.169 e887169/rbd_data.109f6b8b4567.00000000000011a2/head//3 [] v 173'2865 snapset=0=[]:[] snapc=0=[])
2014-06-12 14:45:55.079708 7f9d69be4700 10 osd.2 pg_epoch: 173 pg[3.169( v 173'2864 (0'0,173'2864] local-les=161 n=293 ec=23 les/c 161/161 160/160/160) [29,2] r=1 lpr=160 pi=23-159/12 luod=0'0 crt=0'0 lcod 173'2863 active] append_log log((0'0,173'2864], crt=0'0) [173'2865 (173'2864) modify e887169/rbd_data.109f6b8b4567.00000000000011a2/head//3 by client.4296.0:143500
2014-06-12 08:44:57.435453]
2014-06-12 14:45:55.079735 7f9d69be4700 10 osd.2 pg_epoch: 173 pg[3.169( v 173'2865 (0'0,173'2865] local-les=161 n=293 ec=23 les/c 161/161 160/160/160) [29,2] r=1 lpr=160 pi=23-159/12 luod=0'0 crt=0'0 lcod 173'2863 active] add_log_entry 173'2865 (173'2864) modify e887169/rbd_data.109f6b8b4567.00000000000011a2/head//3 by client.4296.0:143500
2014-06-12 08:44:57.435453
2014-06-12 14:45:55.079778 7f9d69be4700 10 osd.2 pg_epoch: 173 pg[3.169( v 173'2865 (0'0,173'2865] local-les=161 n=293 ec=23 les/c 161/161 160/160/160) [29,2] r=1 lpr=160 pi=23-159/12 luod=0'0 crt=0'0 lcod 173'2863 active] append_log adding 1 keys
2014-06-12 14:45:55.079815 7f9d69be4700 10 write_log with: dirty_to: 0'0, dirty_from: 4294967295'18446744073709551615, dirty_divergent_priors: 0, writeout_from: 173'2865, trimmed:
2014-06-12 14:45:55.079844 7f9d69be4700 5 -- op tracker -- , seq: 747322, time:
2014-06-12 14:45:55.079838, event: started, op: osd_sub_op(client.4296.0:143500 3.169 e887169/rbd_data.109f6b8b4567.00000000000011a2/head//3 [] v 173'2865 snapset=0=[]:[] snapc=0=[])
2014-06-12 14:45:55.079857 7f9d69be4700 5 queue_transactions existing osr(3.169 0x276ce50)/0x276ce50
2014-06-12 14:45:55.079861 7f9d69be4700 5 queue_transactions (trailing journal)
2014-06-12 14:45:55.079863 7f9d69be4700 5 queue_op 0x614d6e0 seq 2603 osr(3.169 0x276ce50) 1034485 bytes (queue has 5 ops and 2829653 bytes)
2014-06-12 14:45:55.079876 7f9d7e169700 12 KeyValueStore::op_tp worker wq KeyValueStore::OpWQ start processing 0x54f1200 (5 active)
2014-06-12 14:45:55.079885 7f9d7e169700 5 _do_op 0x614d6e0 seq 2603 osr(3.169 0x276ce50)/0x276ce50 start
2014-06-12 14:45:55.079871 7f9d69be4700 15 osd.2 pg_epoch: 173 pg[3.169( v 173'2865 (0'0,173'2865] local-les=161 n=293 ec=23 les/c 161/161 160/160/160) [29,2] r=1 lpr=160 pi=23-159/12 luod=0'0 crt=0'0 lcod 173'2863 active] do_sub_op osd_sub_op(client.4296.0:143500 3.169 e887169/rbd_data.109f6b8b4567.00000000000011a2/head//3 [] v 173'2865 snapset=0=[]:[] snapc=0=[]) v10
2014-06-12 14:45:55.079890 7f9d7e169700 10 _do_transaction on 0x13c6c630
2014-06-12 14:45:55.079891 7f9d69be4700 10 osd.2 173 dequeue_op 0x876f200 finish
2014-06-12 14:45:55.079894 7f9d69be4700 15 OSD::op_tp worker wq OSD::OpWQ done processing 0x1 (0 active)
2014-06-12 14:45:55.079897 7f9d69be4700 20 OSD::op_tp worker waiting
2014-06-12 14:45:55.079897 7f9d7e169700 15 _omap_setkeys meta/1fe2acfa/pglog_3.169/0//-1
2014-06-12 14:45:55.089986 7f9d7e169700 10 lookup_strip_header done cid meta oid 1fe2acfa/pglog_3.169/0//-1
2014-06-12 14:45:55.090055 7f9d7e169700 15 _omap_setkeys meta/16ef7597/infos/head//-1
2014-06-12 14:45:55.091047 7f9d7895e700 10 _do_op 0x1b41800 seq 2982 r = 0, finisher 0x31388380 0x1a3f1a00
2014-06-12 14:45:55.091102 7f9d7715b700 10 osd.2 pg_epoch: 173 pg[3.395( v 173'3328 (125'327,173'3328] local-les=137 n=324 ec=23 les/c 137/137 136/136/133) [2,20] r=0 lpr=136 luod=173'3324 crt=0'0 lcod 173'3323 mlcod 173'3323 active+clean] op_commit: 236140
2014-06-12 14:45:55.091134 7f9d7715b700 5 -- op tracker -- , seq: 747310, time:
2014-06-12 14:45:55.091125, event: op_commit, op: osd_op(client.4314.0:144983 rbd_data.10b16b8b4567.000000000000104b [set-alloc-hint object_size 4194304 write_size 4194304,write 2408448~516096] 3.61cc1395 ack+ondisk+write+known_if_redirected e173)
2014-06-12 14:45:55.091142 7f9d7715b700 10 osd.2 pg_epoch: 173 pg[3.395( v 173'3328 (125'327,173'3328] local-les=137 n=324 ec=23 les/c 137/137 136/136/133) [2,20] r=0 lpr=136 luod=173'3324 crt=0'0 lcod 173'3323 mlcod 173'3323 active+clean] repop_all_committed: repop tid 236140 all committed
2014-06-12 14:45:55.091153 7f9d7715b700 10 osd.2 pg_epoch: 173 pg[3.395( v 173'3328 (125'327,173'3328] local-les=137 n=324 ec=23 les/c 137/137 136/136/133) [2,20] r=0 lpr=136 luod=173'3325 crt=0'0 lcod 173'3324 mlcod 173'3323 active+clean] eval_repop repgather(0x18224540 173'3325 rep_tid=236140 committed?=1 applied?=0 lock=0 op=osd_op(client.4314.0:144983 rbd_data.10b16b8b4567.000000000000104b [set-alloc-hint object_size 4194304 write_size 4194304,write 2408448~516096] 3.61cc1395 ack+ondisk+write+known_if_redirected e173) v4) wants=ad
2014-06-12 14:45:55.091169 7f9d7715b700 15 osd.2 pg_epoch: 173 pg[3.395( v 173'3328 (125'327,173'3328] local-les=137 n=324 ec=23 les/c 137/137 136/136/133) [2,20] r=0 lpr=136 luod=173'3325 crt=0'0 lcod 173'3324 mlcod 173'3323 active+clean] log_op_stats osd_op(client.4314.0:144983 rbd_data.10b16b8b4567.000000000000104b [set-alloc-hint object_size 4194304 write_size 4194304,write 2408448~516096] 3.61cc1395 ack+ondisk+write+known_if_redirected e173) v4 inb 516375 outb 0 rlat 0.000000 lat 0.097067
2014-06-12 14:45:55.091186 7f9d7715b700 15 osd.2 pg_epoch: 173 pg[3.395( v 173'3328 (125'327,173'3328] local-les=137 n=324 ec=23 les/c 137/137 136/136/133) [2,20] r=0 lpr=136 luod=173'3325 crt=0'0 lcod 173'3324 mlcod 173'3323 active+clean] publish_stats_to_osd 173:4288
2014-06-12 14:45:55.091195 7f9d7715b700 10 osd.2 pg_epoch: 173 pg[3.395( v 173'3328 (125'327,173'3328] local-les=137 n=324 ec=23 les/c 137/137 136/136/133) [2,20] r=0 lpr=136 luod=173'3325 crt=0'0 lcod 173'3324 mlcod 173'3323 active+clean] sending commit on repgather(0x18224540 173'3325 rep_tid=236140 committed?=1 applied?=0 lock=0 op=osd_op(client.4314.0:144983 rbd_data.10b16b8b4567.000000000000104b [set-alloc-hint object_size 4194304 write_size 4194304,write 2408448~516096] 3.61cc1395 ack+ondisk+write+known_if_redirected e173) v4) 0x5ffb180
2014-06-12 14:45:55.091232 7f9d7715b700 5 -- op tracker -- , seq: 747310, time:
2014-06-12 14:45:55.091227, event: commit_sent, op: osd_op(client.4314.0:144983 rbd_data.10b16b8b4567.000000000000104b [set-alloc-hint object_size 4194304 write_size 4194304,write 2408448~516096] 3.61cc1395 ack+ondisk+write+known_if_redirected e173)
2014-06-12 14:45:55.091350 7f9d7895e700 10 _finish_op 0x1b41800 seq 2982 osr(3.395 0x276d740)/0x276d740
2014-06-12 14:45:55.091381 7f9d7f16b700 5 _do_op 0x5a4c540 seq 2983 osr(3.395 0x276d740)/0x276d740 start
2014-06-12 14:45:55.091390 7f9d7f16b700 10 _do_transaction on 0x384e2000
2014-06-12 14:45:55.091397 7f9d7f16b700 15 _omap_setkeys meta/1fe1ea2a/pglog_3.395/0//-1
2014-06-12 14:45:55.091390 7f9d7795c700 10 osd.2 pg_epoch: 173 pg[3.395( v 173'3328 (125'327,173'3328] local-les=137 n=324 ec=23 les/c 137/137 136/136/133) [2,20] r=0 lpr=136 luod=173'3325 crt=0'0 lcod 173'3324 mlcod 173'3323 active+clean] op_applied: 236140
2014-06-12 14:45:55.091411 7f9d7795c700 5 -- op tracker -- , seq: 747310, time:
2014-06-12 14:45:55.091405, event: op_applied, op: osd_op(client.4314.0:144983 rbd_data.10b16b8b4567.000000000000104b [set-alloc-hint object_size 4194304 write_size 4194304,write 2408448~516096] 3.61cc1395 ack+ondisk+write+known_if_redirected e173)
2014-06-12 14:45:55.091418 7f9d7795c700 10 osd.2 pg_epoch: 173 pg[3.395( v 173'3328 (125'327,173'3328] local-les=137 n=324 ec=23 les/c 137/137 136/136/133) [2,20] r=0 lpr=136 luod=173'3325 crt=0'0 lcod 173'3324 mlcod 173'3323 active+clean] op_applied on primary on version 173'3325
2014-06-12 14:45:55.091428 7f9d7795c700 10 osd.2 pg_epoch: 173 pg[3.395( v 173'3328 (125'327,173'3328] local-les=137 n=324 ec=23 les/c 137/137 136/136/133) [2,20] r=0 lpr=136 luod=173'3325 crt=0'0 lcod 173'3324 mlcod 173'3323 active+clean] repop_all_applied: repop tid 236140 all applied
2014-06-12 14:45:55.091436 7f9d7795c700 10 osd.2 pg_epoch: 173 pg[3.395( v 173'3328 (125'327,173'3328] local-les=137 n=324 ec=23 les/c 137/137 136/136/133) [2,20] r=0 lpr=136 luod=173'3325 crt=0'0 lcod 173'3324 mlcod 173'3323 active+clean] eval_repop repgather(0x18224540 173'3325 rep_tid=236140 committed?=1 applied?=1 lock=0 op=osd_op(client.4314.0:144983 rbd_data.10b16b8b4567.000000000000104b [set-alloc-hint object_size 4194304 write_size 4194304,write 2408448~516096] 3.61cc1395 ack+ondisk+write+known_if_redirected e173) v4) wants=ad
2014-06-12 14:45:55.091450 7f9d7795c700 15 osd.2 pg_epoch: 173 pg[3.395( v 173'3328 (125'327,173'3328] local-les=137 n=324 ec=23 les/c 137/137 136/136/133) [2,20] r=0 lpr=136 luod=173'3325 crt=0'0 lcod 173'3324 mlcod 173'3323 active+clean] log_op_stats osd_op(client.4314.0:144983 rbd_data.10b16b8b4567.000000000000104b [set-alloc-hint object_size 4194304 write_size 4194304,write 2408448~516096] 3.61cc1395 ack+ondisk+write+known_if_redirected e173) v4 inb 516375 outb 0 rlat 0.000000 lat 0.097349
2014-06-12 14:45:55.091464 7f9d7795c700 15 osd.2 pg_epoch: 173 pg[3.395( v 173'3328 (125'327,173'3328] local-les=137 n=324 ec=23 les/c 137/137 136/136/133) [2,20] r=0 lpr=136 luod=173'3325 crt=0'0 lcod 173'3324 mlcod 173'3323 active+clean] publish_stats_to_osd 173:4289
2014-06-12 14:45:55.091474 7f9d7795c700 15 osd.2 pg_epoch: 173 pg[3.395( v 173'3328 (125'327,173'3328] local-les=137 n=324 ec=23 les/c 137/137 136/136/133) [2,20] r=0 lpr=136 luod=173'3325 crt=0'0 lcod 173'3324 mlcod 173'3323 active+clean] requeue_ops
2014-06-12 14:45:55.091483 7f9d7795c700 10 osd.2 pg_epoch: 173 pg[3.395( v 173'3328 (125'327,173'3328] local-les=137 n=324 ec=23 les/c 137/137 136/136/133) [2,20] r=0 lpr=136 luod=173'3325 crt=0'0 lcod 173'3324 mlcod 173'3324 active+clean] removing repgather(0x18224540 173'3325 rep_tid=236140 committed?=1 applied?=1 op=osd_op(client.4314.0:144983 rbd_data.10b16b8b4567.000000000000104b [set-alloc-hint object_size 4194304 write_size 4194304,write 2408448~516096] 3.61cc1395 ack+ondisk+write+known_if_redirected e173) v4)
2014-06-12 14:45:55.091496 7f9d7795c700 20 osd.2 pg_epoch: 173 pg[3.395( v 173'3328 (125'327,173'3328] local-les=137 n=324 ec=23 les/c 137/137 136/136/133) [2,20] r=0 lpr=136 luod=173'3325 crt=0'0 lcod 173'3324 mlcod 173'3324 active+clean] q front is repgather(0x18224540 173'3325 rep_tid=236140 committed?=1 applied?=1 op=osd_op(client.4314.0:144983 rbd_data.10b16b8b4567.000000000000104b [set-alloc-hint object_size 4194304 write_size 4194304,write 2408448~516096] 3.61cc1395 ack+ondisk+write+known_if_redirected e173) v4)
2014-06-12 14:45:55.091509 7f9d7795c700 20 osd.2 pg_epoch: 173 pg[3.395( v 173'3328 (125'327,173'3328] local-les=137 n=324 ec=23 les/c 137/137 136/136/133) [2,20] r=0 lpr=136 luod=173'3325 crt=0'0 lcod 173'3324 mlcod 173'3324 active+clean] remove_repop repgather(0x18224540 173'3325 rep_tid=236140 committed?=1 applied?=1 op=osd_op(client.4314.0:144983 rbd_data.10b16b8b4567.000000000000104b [set-alloc-hint object_size 4194304 write_size 4194304,write 2408448~516096] 3.61cc1395 ack+ondisk+write+known_if_redirected e173) v4)
2014-06-12 14:45:55.091518 7f9d7f16b700 10 lookup_strip_header done cid meta oid 1fe1ea2a/pglog_3.395/0//-1
2014-06-12 14:45:55.091521 7f9d7795c700 15 osd.2 pg_epoch: 173 pg[3.395( v 173'3328 (125'327,173'3328] local-les=137 n=324 ec=23 les/c 137/137 136/136/133) [2,20] r=0 lpr=136 luod=173'3325 crt=0'0 lcod 173'3324 mlcod 173'3324 active+clean] requeue_ops
2014-06-12 14:45:55.091544 7f9d7f16b700 15 _omap_setkeys meta/16ef7597/infos/head//-1
2014-06-12 14:45:55.091563 7f9d7895e700 5 -- op tracker -- , seq: 747310, time:
2014-06-12 14:45:55.091551, event: done, op: osd_op(client.4314.0:144983 rbd_data.10b16b8b4567.000000000000104b [set-alloc-hint object_size 4194304 write_size 4194304,write 2408448~516096] 3.61cc1395 ack+ondisk+write+known_if_redirected e173)
2014-06-12 14:45:55.091587 7f9d7895e700 15 KeyValueStore::op_tp worker wq KeyValueStore::OpWQ done processing 0x227e360 (4 active)
2014-06-12 14:45:55.091590 7f9d7895e700 20 KeyValueStore::op_tp worker waiting
2014-06-12 14:45:55.091596 7f9d7f16b700 10 lookup_strip_header done cid meta oid 16ef7597/infos/head//-1
2014-06-12 14:45:55.091685 7f9d7f16b700 15 _omap_rmkeys meta/1fe1ea2a/pglog_3.395/0//-1
2014-06-12 14:45:55.091693 7f9d7f16b700 10 _omap_rmkeys meta/1fe1ea2a/pglog_3.395/0//-1 r = 0
2014-06-12 14:45:55.091700 7f9d7f16b700 15 _omap_setkeys meta/1fe1ea2a/pglog_3.395/0//-1
2014-06-12 14:45:55.091718 7f9d7f16b700 15 _write 3.395_head/61cc1395/rbd_data.10b16b8b4567.000000000000104b/head//3 2924544~516096
2014-06-12 14:45:55.091893 7f9d7f16b700 10 lookup_strip_header done cid 3.395_head oid 61cc1395/rbd_data.10b16b8b4567.000000000000104b/head//3
2014-06-12 14:45:55.092042 7f9d7f16b700 10 file_to_extents done
2014-06-12 14:45:55.094627 7f9d7f16b700 10 _generic_write 3.395_head/61cc1395/rbd_data.10b16b8b4567.000000000000104b/head//3 2924544~516096 = 0
2014-06-12 14:45:55.094708 7f9d7f16b700 15 _setattrs 3.395_head/61cc1395/rbd_data.10b16b8b4567.000000000000104b/head//3
2014-06-12 14:45:55.094738 7f9d7f16b700 10 _setattrs 3.395_head/61cc1395/rbd_data.10b16b8b4567.000000000000104b/head//3 = 0
2014-06-12 14:45:55.094759 7f9d7f16b700 15 _setattrs 3.395_head/61cc1395/rbd_data.10b16b8b4567.000000000000104b/head//3
2014-06-12 14:45:55.094782 7f9d7f16b700 10 _setattrs 3.395_head/61cc1395/rbd_data.10b16b8b4567.000000000000104b/head//3 = 0
2014-06-12 14:45:55.094992 7f9d7f16b700 20 set_header setting 17862 cid 3.395_head oid 61cc1395/rbd_data.10b16b8b4567.000000000000104b/head//3 parent seq 0
2014-06-12 14:45:55.095088 7f9d7f16b700 20 set_header setting 3 cid meta oid 16ef7597/infos/head//-1 parent seq 0
2014-06-12 14:45:55.095125 7f9d7f16b700 20 set_header setting 2060 cid meta oid 1fe1ea2a/pglog_3.395/0//-1 parent seq 0
2014-06-12 14:45:55.095155 7f9d7f16b700 5 submit_transaction r = 0
2014-06-12 14:45:55.098035 7f9d7e169700 10 lookup_strip_header done cid meta oid 16ef7597/infos/head//-1
2014-06-12 14:45:55.098080 7f9d7e169700 15 _omap_rmkeys meta/1fe2acfa/pglog_3.169/0//-1
2014-06-12 14:45:55.098090 7f9d7e169700 10 _omap_rmkeys meta/1fe2acfa/pglog_3.169/0//-1 r = 0
2014-06-12 14:45:55.098097 7f9d7e169700 15 _omap_setkeys meta/1fe2acfa/pglog_3.169/0//-1
2014-06-12 14:45:55.098117 7f9d7e169700 15 _write 3.169_head/e887169/rbd_data.109f6b8b4567.00000000000011a2/head//3 3072000~1032192
2014-06-12 14:45:55.098293 7f9d7e169700 10 lookup_strip_header done cid 3.169_head oid e887169/rbd_data.109f6b8b4567.00000000000011a2/head//3
2014-06-12 14:45:55.098454 7f9d7e169700 10 file_to_extents done
2014-06-12 14:45:55.098514 7f9d7f16b700 10 _do_op 0x5a4c540 seq 2983 r = 0, finisher 0x8586960 0x1b743780
2014-06-12 14:45:55.098548 7f9d7f16b700 10 _finish_op 0x5a4c540 seq 2983 osr(3.395 0x276d740)/0x276d740
2014-06-12 14:45:55.098553 7f9d7715b700 10 osd.2 pg_epoch: 173 pg[3.395( v 173'3328 (125'327,173'3328] local-les=137 n=324 ec=23 les/c 137/137 136/136/133) [2,20] r=0 lpr=136 luod=173'3325 crt=0'0 lcod 173'3324 mlcod 173'3324 active+clean] op_commit: 236141
2014-06-12 14:45:55.098590 7f9d7715b700 5 -- op tracker -- , seq: 747311, time:
2014-06-12 14:45:55.098579, event: op_commit, op: osd_op(client.4314.0:144984 rbd_data.10b16b8b4567.000000000000104b [set-alloc-hint object_size 4194304 write_size 4194304,write 2924544~516096] 3.61cc1395 ack+ondisk+write+known_if_redirected e173)
2014-06-12 14:45:55.098602 7f9d7715b700 10 osd.2 pg_epoch: 173 pg[3.395( v 173'3328 (125'327,173'3328] local-les=137 n=324 ec=23 les/c 137/137 136/136/133) [2,20] r=0 lpr=136 luod=173'3325 crt=0'0 lcod 173'3324 mlcod 173'3324 active+clean] repop_all_committed: repop tid 236141 all committed
2014-06-12 14:45:55.098616 7f9d7715b700 10 osd.2 pg_epoch: 173 pg[3.395( v 173'3328 (125'327,173'3328] local-les=137 n=324 ec=23 les/c 137/137 136/136/133) [2,20] r=0 lpr=136 luod=173'3326 crt=0'0 lcod 173'3325 mlcod 173'3324 active+clean] eval_repop repgather(0x2b62b800 173'3326 rep_tid=236141 committed?=1 applied?=0 lock=0 op=osd_op(client.4314.0:144984 rbd_data.10b16b8b4567.000000000000104b [set-alloc-hint object_size 4194304 write_size 4194304,write 2924544~516096] 3.61cc1395 ack+ondisk+write+known_if_redirected e173) v4) wants=ad
2014-06-12 14:45:55.098634 7f9d7715b700 15 osd.2 pg_epoch: 173 pg[3.395( v 173'3328 (125'327,173'3328] local-les=137 n=324 ec=23 les/c 137/137 136/136/133) [2,20] r=0 lpr=136 luod=173'3326 crt=0'0 lcod 173'3325 mlcod 173'3324 active+clean] log_op_stats osd_op(client.4314.0:144984 rbd_data.10b16b8b4567.000000000000104b [set-alloc-hint object_size 4194304 write_size 4194304,write 2924544~516096] 3.61cc1395 ack+ondisk+write+known_if_redirected e173) v4 inb 516375 outb 0 rlat 0.000000 lat 0.098629
2014-06-12 14:45:55.098654 7f9d7715b700 15 osd.2 pg_epoch: 173 pg[3.395( v 173'3328 (125'327,173'3328] local-les=137 n=324 ec=23 les/c 137/137 136/136/133) [2,20] r=0 lpr=136 luod=173'3326 crt=0'0 lcod 173'3325 mlcod 173'3324 active+clean] publish_stats_to_osd 173:4290
2014-06-12 14:45:55.098595 7f9d7f16b700 15 KeyValueStore::op_tp worker wq KeyValueStore::OpWQ done processing 0x227e360 (3 active)
2014-06-12 14:45:55.098667 7f9d7715b700 10 osd.2 pg_epoch: 173 pg[3.395( v 173'3328 (125'327,173'3328] local-les=137 n=324 ec=23 les/c 137/137 136/136/133) [2,20] r=0 lpr=136 luod=173'3326 crt=0'0 lcod 173'3325 mlcod 173'3324 active+clean] sending commit on repgather(0x2b62b800 173'3326 rep_tid=236141 committed?=1 applied?=0 lock=0 op=osd_op(client.4314.0:144984 rbd_data.10b16b8b4567.000000000000104b [set-alloc-hint object_size 4194304 write_size 4194304,write 2924544~516096] 3.61cc1395 ack+ondisk+write+known_if_redirected e173) v4) 0x2844aa00
2014-06-12 14:45:55.098703 7f9d7f16b700 20 KeyValueStore::op_tp worker waiting
2014-06-12 14:45:55.098706 7f9d7715b700 5 -- op tracker -- , seq: 747311, time:
2014-06-12 14:45:55.098701, event: commit_sent, op: osd_op(client.4314.0:144984 rbd_data.10b16b8b4567.000000000000104b [set-alloc-hint object_size 4194304 write_size 4194304,write 2924544~516096] 3.61cc1395 ack+ondisk+write+known_if_redirected e173)
2014-06-12 14:45:55.098726 7f9d7795c700 10 osd.2 pg_epoch: 173 pg[3.395( v 173'3328 (125'327,173'3328] local-les=137 n=324 ec=23 les/c 137/137 136/136/133) [2,20] r=0 lpr=136 luod=173'3326 crt=0'0 lcod 173'3325 mlcod 173'3324 active+clean] op_applied: 236141
2014-06-12 14:45:55.098748 7f9d7795c700 5 -- op tracker -- , seq: 747311, time:
2014-06-12 14:45:55.098743, event: op_applied, op: osd_op(client.4314.0:144984 rbd_data.10b16b8b4567.000000000000104b [set-alloc-hint object_size 4194304 write_size 4194304,write 2924544~516096] 3.61cc1395 ack+ondisk+write+known_if_redirected e173)
2014-06-12 14:45:55.098756 7f9d7795c700 10 osd.2 pg_epoch: 173 pg[3.395( v 173'3328 (125'327,173'3328] local-les=137 n=324 ec=23 les/c 137/137 136/136/133) [2,20] r=0 lpr=136 luod=173'3326 crt=0'0 lcod 173'3325 mlcod 173'3324 active+clean] op_applied on primary on version 173'3326
2014-06-12 14:45:55.098768 7f9d7795c700 10 osd.2 pg_epoch: 173 pg[3.395( v 173'3328 (125'327,173'3328] local-les=137 n=324 ec=23 les/c 137/137 136/136/133) [2,20] r=0 lpr=136 luod=173'3326 crt=0'0 lcod 173'3325 mlcod 173'3324 active+clean] repop_all_applied: repop tid 236141 all applied
2014-06-12 14:45:55.098778 7f9d7795c700 10 osd.2 pg_epoch: 173 pg[3.395( v 173'3328 (125'327,173'3328] local-les=137 n=324 ec=23 les/c 137/137 136/136/133) [2,20] r=0 lpr=136 luod=173'3326 crt=0'0 lcod 173'3325 mlcod 173'3324 active+clean] eval_repop repgather(0x2b62b800 173'3326 rep_tid=236141 committed?=1 applied?=1 lock=0 op=osd_op(client.4314.0:144984 rbd_data.10b16b8b4567.000000000000104b [set-alloc-hint object_size 4194304 write_size 4194304,write 2924544~516096] 3.61cc1395 ack+ondisk+write+known_if_redirected e173) v4) wants=ad
2014-06-12 14:45:55.098793 7f9d7795c700 15 osd.2 pg_epoch: 173 pg[3.395( v 173'3328 (125'327,173'3328] local-les=137 n=324 ec=23 les/c 137/137 136/136/133) [2,20] r=0 lpr=136 luod=173'3326 crt=0'0 lcod 173'3325 mlcod 173'3324 active+clean] log_op_stats osd_op(client.4314.0:144984 rbd_data.10b16b8b4567.000000000000104b [set-alloc-hint object_size 4194304 write_size 4194304,write 2924544~516096] 3.61cc1395 ack+ondisk+write+known_if_redirected e173) v4 inb 516375 outb 0 rlat 0.000000 lat 0.098790
2014-06-12 14:45:55.098808 7f9d7795c700 15 osd.2 pg_epoch: 173 pg[3.395( v 173'3328 (125'327,173'3328] local-les=137 n=324 ec=23 les/c 137/137 136/136/133) [2,20] r=0 lpr=136 luod=173'3326 crt=0'0 lcod 173'3325 mlcod 173'3324 active+clean] publish_stats_to_osd 173:4291
2014-06-12 14:45:55.098818 7f9d7795c700 15 osd.2 pg_epoch: 173 pg[3.395( v 173'3328 (125'327,173'3328] local-les=137 n=324 ec=23 les/c 137/137 136/136/133) [2,20] r=0 lpr=136 luod=173'3326 crt=0'0 lcod 173'3325 mlcod 173'3324 active+clean] requeue_ops
2014-06-12 14:45:55.098830 7f9d7795c700 10 osd.2 pg_epoch: 173 pg[3.395( v 173'3328 (125'327,173'3328] local-les=137 n=324 ec=23 les/c 137/137 136/136/133) [2,20] r=0 lpr=136 luod=173'3326 crt=0'0 lcod 173'3325 mlcod 173'3325 active+clean] removing repgather(0x2b62b800 173'3326 rep_tid=236141 committed?=1 applied?=1 op=osd_op(client.4314.0:144984 rbd_data.10b16b8b4567.000000000000104b [set-alloc-hint object_size 4194304 write_size 4194304,write 2924544~516096] 3.61cc1395 ack+ondisk+write+known_if_redirected e173) v4)
2014-06-12 14:45:55.098845 7f9d7795c700 20 osd.2 pg_epoch: 173 pg[3.395( v 173'3328 (125'327,173'3328] local-les=137 n=324 ec=23 les/c 137/137 136/136/133) [2,20] r=0 lpr=136 luod=173'3326 crt=0'0 lcod 173'3325 mlcod 173'3325 active+clean] q front is repgather(0x2b62b800 173'3326 rep_tid=236141 committed?=1 applied?=1 op=osd_op(client.4314.0:144984 rbd_data.10b16b8b4567.000000000000104b [set-alloc-hint object_size 4194304 write_size 4194304,write 2924544~516096] 3.61cc1395 ack+ondisk+write+known_if_redirected e173) v4)
2014-06-12 14:45:55.098861 7f9d7795c700 20 osd.2 pg_epoch: 173 pg[3.395( v 173'3328 (125'327,173'3328] local-les=137 n=324 ec=23 les/c 137/137 136/136/133) [2,20] r=0 lpr=136 luod=173'3326 crt=0'0 lcod 173'3325 mlcod 173'3325 active+clean] remove_repop repgather(0x2b62b800 173'3326 rep_tid=236141 committed?=1 applied?=1 op=osd_op(client.4314.0:144984 rbd_data.10b16b8b4567.000000000000104b [set-alloc-hint object_size 4194304 write_size 4194304,write 2924544~516096] 3.61cc1395 ack+ondisk+write+known_if_redirected e173) v4)
2014-06-12 14:45:55.098881 7f9d7795c700 15 osd.2 pg_epoch: 173 pg[3.395( v 173'3328 (125'327,173'3328] local-les=137 n=324 ec=23 les/c 137/137 136/136/133) [2,20] r=0 lpr=136 luod=173'3326 crt=0'0 lcod 173'3325 mlcod 173'3325 active+clean] requeue_ops
2014-06-12 14:45:55.098902 7f9d7795c700 5 -- op tracker -- , seq: 747311, time:
2014-06-12 14:45:55.098897, event: done, op: osd_op(client.4314.0:144984 rbd_data.10b16b8b4567.000000000000104b [set-alloc-hint object_size 4194304 write_size 4194304,write 2924544~516096] 3.61cc1395 ack+ondisk+write+known_if_redirected e173)
2014-06-12 14:45:55.099831 7f9d82171700 5 _do_op 0xdf8a720 seq 2984 osr(3.395 0x276d740)/0x276d740 start
2014-06-12 14:45:55.099847 7f9d82171700 10 _do_transaction on 0x2c3c6240
2014-06-12 14:45:55.099857 7f9d82171700 15 _omap_setkeys meta/1fe1ea2a/pglog_3.395/0//-1
2014-06-12 14:45:55.100003 7f9d82171700 10 lookup_strip_header done cid meta oid 1fe1ea2a/pglog_3.395/0//-1
2014-06-12 14:45:55.100106 7f9d82171700 15 _omap_setkeys meta/16ef7597/infos/head//-1
2014-06-12 14:45:55.103224 7f9d7e169700 10 _generic_write 3.169_head/e887169/rbd_data.109f6b8b4567.00000000000011a2/head//3 3072000~1032192 = 0
2014-06-12 14:45:55.103347 7f9d7e169700 15 _setattrs 3.169_head/e887169/rbd_data.109f6b8b4567.00000000000011a2/head//3
2014-06-12 14:45:55.103364 7f9d7e169700 10 _setattrs 3.169_head/e887169/rbd_data.109f6b8b4567.00000000000011a2/head//3 = 0
2014-06-12 14:45:55.103370 7f9d7e169700 15 _setattrs 3.169_head/e887169/rbd_data.109f6b8b4567.00000000000011a2/head//3
2014-06-12 14:45:55.103383 7f9d7e169700 10 _setattrs 3.169_head/e887169/rbd_data.109f6b8b4567.00000000000011a2/head//3 = 0
2014-06-12 14:45:55.103706 7f9d7e169700 20 set_header setting 16925 cid 3.169_head oid e887169/rbd_data.109f6b8b4567.00000000000011a2/head//3 parent seq 0
2014-06-12 14:45:55.103829 7f9d7e169700 20 set_header setting 3 cid meta oid 16ef7597/infos/head//-1 parent seq 0
2014-06-12 14:45:55.103847 7f9d7e169700 20 set_header setting 2306 cid meta oid 1fe2acfa/pglog_3.169/0//-1 parent seq 0
2014-06-12 14:45:55.103864 7f9d7e169700 5 submit_transaction r = 0
2014-06-12 14:45:55.109299 7f9d7e169700 10 _do_op 0x614d6e0 seq 2603 r = 0, finisher 0x960d0e0 0
2014-06-12 14:45:55.109324 7f9d7e169700 10 _finish_op 0x614d6e0 seq 2603 osr(3.169 0x276ce50)/0x276ce50
2014-06-12 14:45:55.109344 7f9d7e169700 15 KeyValueStore::op_tp worker wq KeyValueStore::OpWQ done processing 0x54f1200 (2 active)
2014-06-12 14:45:55.109354 7f9d7e169700 20 KeyValueStore::op_tp worker waiting
2014-06-12 14:45:55.109345 7f9d7715b700 5 -- op tracker -- , seq: 747322, time:
2014-06-12 14:45:55.109332, event: commit_sent, op: osd_sub_op(client.4296.0:143500 3.169 e887169/rbd_data.109f6b8b4567.00000000000011a2/head//3 [] v 173'2865 snapset=0=[]:[] snapc=0=[])
2014-06-12 14:45:55.109363 7f9d7715b700 10 osd.2 pg_epoch: 173 pg[3.169( v 173'2865 (0'0,173'2865] local-les=161 n=293 ec=23 les/c 161/161 160/160/160) [29,2] r=1 lpr=160 pi=23-159/12 luod=0'0 crt=0'0 lcod 173'2863 active] sub_op_modify_commit on op osd_sub_op(client.4296.0:143500 3.169 e887169/rbd_data.109f6b8b4567.00000000000011a2/head//3 [] v 173'2865 snapset=0=[]:[] snapc=0=[]) v10, sending commit to osd.29
2014-06-12 14:45:55.109391 7f9d7715b700 20 osd.2 173 share_map_peer 0x5de9760 already has epoch 173
2014-06-12 14:45:55.109428 7f9d7795c700 5 -- op tracker -- , seq: 747322, time:
2014-06-12 14:45:55.109421, event: sub_op_applied, op: osd_sub_op(client.4296.0:143500 3.169 e887169/rbd_data.109f6b8b4567.00000000000011a2/head//3 [] v 173'2865 snapset=0=[]:[] snapc=0=[])
2014-06-12 14:45:55.109436 7f9d7795c700 10 osd.2 pg_epoch: 173 pg[3.169( v 173'2865 (0'0,173'2865] local-les=161 n=293 ec=23 les/c 161/161 160/160/160) [29,2] r=1 lpr=160 pi=23-159/12 luod=0'0 crt=0'0 lcod 173'2864 active] sub_op_modify_applied on 0x13c6c540 op osd_sub_op(client.4296.0:143500 3.169 e887169/rbd_data.109f6b8b4567.00000000000011a2/head//3 [] v 173'2865 snapset=0=[]:[] snapc=0=[]) v10
2014-06-12 14:45:55.109453 7f9d7795c700 10 osd.2 pg_epoch: 173 pg[3.169( v 173'2865 (0'0,173'2865] local-les=161 n=293 ec=23 les/c 161/161 160/160/160) [29,2] r=1 lpr=160 pi=23-159/12 luod=0'0 crt=0'0 lcod 173'2864 active] op_applied on primary on version 173'2865
2014-06-12 14:45:55.109463 7f9d7795c700 10 osd.2 pg_epoch: 173 pg[3.169( v 173'2865 (0'0,173'2865] local-les=161 n=293 ec=23 les/c 161/161 160/160/160) [29,2] r=1 lpr=160 pi=23-159/12 luod=0'0 crt=0'0 lcod 173'2864 active] op_applied on replica on version 173'2865
2014-06-12 14:45:55.109483 7f9d7795c700 5 -- op tracker -- , seq: 747322, time:
2014-06-12 14:45:55.109478, event: done, op: osd_sub_op(client.4296.0:143500 3.169 e887169/rbd_data.109f6b8b4567.00000000000011a2/head//3 [] v 173'2865 snapset=0=[]:[] snapc=0=[])
2014-06-12 14:45:55.109499 7f9d82171700 10 lookup_strip_header done cid meta oid 16ef7597/infos/head//-1
2014-06-12 14:45:55.109530 7f9d82171700 15 _omap_rmkeys meta/1fe1ea2a/pglog_3.395/0//-1
2014-06-12 14:45:55.109539 7f9d82171700 10 _omap_rmkeys meta/1fe1ea2a/pglog_3.395/0//-1 r = 0
2014-06-12 14:45:55.109546 7f9d82171700 15 _omap_setkeys meta/1fe1ea2a/pglog_3.395/0//-1
2014-06-12 14:45:55.109563 7f9d82171700 15 _write 3.395_head/61cc1395/rbd_data.10b16b8b4567.000000000000104b/head//3 3440640~516096
2014-06-12 14:45:55.109723 7f9d82171700 10 lookup_strip_header done cid 3.395_head oid 61cc1395/rbd_data.10b16b8b4567.000000000000104b/head//3
2014-06-12 14:45:55.109961 7f9d82171700 10 file_to_extents done
2014-06-12 14:45:55.111696 7f9d82171700 10 _generic_write 3.395_head/61cc1395/rbd_data.10b16b8b4567.000000000000104b/head//3 3440640~516096 = 0
2014-06-12 14:45:55.111759 7f9d82171700 15 _setattrs 3.395_head/61cc1395/rbd_data.10b16b8b4567.000000000000104b/head//3
2014-06-12 14:45:55.111775 7f9d82171700 10 _setattrs 3.395_head/61cc1395/rbd_data.10b16b8b4567.000000000000104b/head//3 = 0
2014-06-12 14:45:55.111780 7f9d82171700 15 _setattrs 3.395_head/61cc1395/rbd_data.10b16b8b4567.000000000000104b/head//3
2014-06-12 14:45:55.111785 7f9d82171700 10 _setattrs 3.395_head/61cc1395/rbd_data.10b16b8b4567.000000000000104b/head//3 = 0
2014-06-12 14:45:55.111934 7f9d82171700 20 set_header setting 17862 cid 3.395_head oid 61cc1395/rbd_data.10b16b8b4567.000000000000104b/head//3 parent seq 0
2014-06-12 14:45:55.111991 7f9d82171700 20 set_header setting 3 cid meta oid 16ef7597/infos/head//-1 parent seq 0
2014-06-12 14:45:55.112001 7f9d82171700 20 set_header setting 2060 cid meta oid 1fe1ea2a/pglog_3.395/0//-1 parent seq 0
2014-06-12 14:45:55.112008 7f9d82171700 5 submit_transaction r = 0
2014-06-12 14:45:55.113969 7f9d82171700 10 _do_op 0xdf8a720 seq 2984 r = 0, finisher 0x6ce65e0 0x389968c0
2014-06-12 14:45:55.113982 7f9d82171700 10 _finish_op 0xdf8a720 seq 2984 osr(3.395 0x276d740)/0x276d740
2014-06-12 14:45:55.113990 7f9d7d167700 5 _do_op 0xed4da40 seq 2985 osr(3.395 0x276d740)/0x276d740 start
2014-06-12 14:45:55.113998 7f9d7d167700 10 _do_transaction on 0x11c7e840
2014-06-12 14:45:55.114001 7f9d82171700 15 KeyValueStore::op_tp worker wq KeyValueStore::OpWQ done processing 0x227e360 (1 active)
2014-06-12 14:45:55.113986 7f9d7715b700 10 osd.2 pg_epoch: 173 pg[3.395( v 173'3328 (125'327,173'3328] local-les=137 n=324 ec=23 les/c 137/137 136/136/133) [2,20] r=0 lpr=136 luod=173'3326 crt=0'0 lcod 173'3325 mlcod 173'3325 active+clean] op_commit: 236142
2014-06-12 14:45:55.114004 7f9d82171700 20 KeyValueStore::op_tp worker waiting
2014-06-12 14:45:55.114004 7f9d7d167700 15 _omap_setkeys meta/1fe1ea2a/pglog_3.395/0//-1
2014-06-12 14:45:55.114014 7f9d7715b700 5 -- op tracker -- , seq: 747315, time:
2014-06-12 14:45:55.114006, event: op_commit, op: osd_op(client.4314.0:144985 rbd_data.10b16b8b4567.000000000000104b [set-alloc-hint object_size 4194304 write_size 4194304,write 3440640~516096] 3.61cc1395 ack+ondisk+write+known_if_redirected e173)
2014-06-12 14:45:55.114024 7f9d7715b700 10 osd.2 pg_epoch: 173 pg[3.395( v 173'3328 (125'327,173'3328] local-les=137 n=324 ec=23 les/c 137/137 136/136/133) [2,20] r=0 lpr=136 luod=173'3326 crt=0'0 lcod 173'3325 mlcod 173'3325 active+clean] repop_all_committed: repop tid 236142 all committed
2014-06-12 14:45:55.114035 7f9d7715b700 10 osd.2 pg_epoch: 173 pg[3.395( v 173'3328 (125'327,173'3328] local-les=137 n=324 ec=23 les/c 137/137 136/136/133) [2,20] r=0 lpr=136 luod=173'3327 crt=0'0 lcod 173'3326 mlcod 173'3325 active+clean] eval_repop repgather(0x5323200 173'3327 rep_tid=236142 committed?=1 applied?=0 lock=0 op=osd_op(client.4314.0:144985 rbd_data.10b16b8b4567.000000000000104b [set-alloc-hint object_size 4194304 write_size 4194304,write 3440640~516096] 3.61cc1395 ack+ondisk+write+known_if_redirected e173) v4) wants=ad
2014-06-12 14:45:55.114058 7f9d7715b700 15 osd.2 pg_epoch: 173 pg[3.395( v 173'3328 (125'327,173'3328] local-les=137 n=324 ec=23 les/c 137/137 136/136/133) [2,20] r=0 lpr=136 luod=173'3327 crt=0'0 lcod 173'3326 mlcod 173'3325 active+clean] log_op_stats osd_op(client.4314.0:144985 rbd_data.10b16b8b4567.000000000000104b [set-alloc-hint object_size 4194304 write_size 4194304,write 3440640~516096] 3.61cc1395 ack+ondisk+write+known_if_redirected e173) v4 inb 516375 outb 0 rlat 0.000000 lat 0.099452
2014-06-12 14:45:55.114076 7f9d7715b700 15 osd.2 pg_epoch: 173 pg[3.395( v 173'3328 (125'327,173'3328] local-les=137 n=324 ec=23 les/c 137/137 136/136/133) [2,20] r=0 lpr=136 luod=173'3327 crt=0'0 lcod 173'3326 mlcod 173'3325 active+clean] publish_stats_to_osd 173:4292
2014-06-12 14:45:55.114088 7f9d7715b700 10 osd.2 pg_epoch: 173 pg[3.395( v 173'3328 (125'327,173'3328] local-les=137 n=324 ec=23 les/c 137/137 136/136/133) [2,20] r=0 lpr=136 luod=173'3327 crt=0'0 lcod 173'3326 mlcod 173'3325 active+clean] sending commit on repgather(0x5323200 173'3327 rep_tid=236142 committed?=1 applied?=0 lock=0 op=osd_op(client.4314.0:144985 rbd_data.10b16b8b4567.000000000000104b [set-alloc-hint object_size 4194304 write_size 4194304,write 3440640~516096] 3.61cc1395 ack+ondisk+write+known_if_redirected e173) v4) 0x34e4d180
2014-06-12 14:45:55.114121 7f9d7715b700 5 -- op tracker -- , seq: 747315, time:
2014-06-12 14:45:55.114116, event: commit_sent, op: osd_op(client.4314.0:144985 rbd_data.10b16b8b4567.000000000000104b [set-alloc-hint object_size 4194304 write_size 4194304,write 3440640~516096] 3.61cc1395 ack+ondisk+write+known_if_redirected e173)
2014-06-12 14:45:55.114137 7f9d7d167700 10 lookup_strip_header done cid meta oid 1fe1ea2a/pglog_3.395/0//-1
2014-06-12 14:45:55.114149 7f9d7795c700 10 osd.2 pg_epoch: 173 pg[3.395( v 173'3328 (125'327,173'3328] local-les=137 n=324 ec=23 les/c 137/137 136/136/133) [2,20] r=0 lpr=136 luod=173'3327 crt=0'0 lcod 173'3326 mlcod 173'3325 active+clean] op_applied: 236142
2014-06-12 14:45:55.114161 7f9d7d167700 15 _omap_setkeys meta/16ef7597/infos/head//-1
2014-06-12 14:45:55.114165 7f9d7795c700 5 -- op tracker -- , seq: 747315, time:
2014-06-12 14:45:55.114161, event: op_applied, op: osd_op(client.4314.0:144985 rbd_data.10b16b8b4567.000000000000104b [set-alloc-hint object_size 4194304 write_size 4194304,write 3440640~516096] 3.61cc1395 ack+ondisk+write+known_if_redirected e173)
2014-06-12 14:45:55.114171 7f9d7795c700 10 osd.2 pg_epoch: 173 pg[3.395( v 173'3328 (125'327,173'3328] local-les=137 n=324 ec=23 les/c 137/137 136/136/133) [2,20] r=0 lpr=136 luod=173'3327 crt=0'0 lcod 173'3326 mlcod 173'3325 active+clean] op_applied on primary on version 173'3327
2014-06-12 14:45:55.114177 7f9d7795c700 10 osd.2 pg_epoch: 173 pg[3.395( v 173'3328 (125'327,173'3328] local-les=137 n=324 ec=23 les/c 137/137 136/136/133) [2,20] r=0 lpr=136 luod=173'3327 crt=0'0 lcod 173'3326 mlcod 173'3325 active+clean] repop_all_applied: repop tid 236142 all applied
2014-06-12 14:45:55.114186 7f9d7795c700 10 osd.2 pg_epoch: 173 pg[3.395( v 173'3328 (125'327,173'3328] local-les=137 n=324 ec=23 les/c 137/137 136/136/133) [2,20] r=0 lpr=136 luod=173'3327 crt=0'0 lcod 173'3326 mlcod 173'3325 active+clean] eval_repop repgather(0x5323200 173'3327 rep_tid=236142 committed?=1 applied?=1 lock=0 op=osd_op(client.4314.0:144985 rbd_data.10b16b8b4567.000000000000104b [set-alloc-hint object_size 4194304 write_size 4194304,write 3440640~516096] 3.61cc1395 ack+ondisk+write+known_if_redirected e173) v4) wants=ad
2014-06-12 14:45:55.114199 7f9d7795c700 15 osd.2 pg_epoch: 173 pg[3.395( v 173'3328 (125'327,173'3328] local-les=137 n=324 ec=23 les/c 137/137 136/136/133) [2,20] r=0 lpr=136 luod=173'3327 crt=0'0 lcod 173'3326 mlcod 173'3325 active+clean] log_op_stats osd_op(client.4314.0:144985 rbd_data.10b16b8b4567.000000000000104b [set-alloc-hint object_size 4194304 write_size 4194304,write 3440640~516096] 3.61cc1395 ack+ondisk+write+known_if_redirected e173) v4 inb 516375 outb 0 rlat 0.000000 lat 0.099594
2014-06-12 14:45:55.114208 7f9d7795c700 15 osd.2 pg_epoch: 173 pg[3.395( v 173'3328 (125'327,173'3328] local-les=137 n=324 ec=23 les/c 137/137 136/136/133) [2,20] r=0 lpr=136 luod=173'3327 crt=0'0 lcod 173'3326 mlcod 173'3325 active+clean] publish_stats_to_osd 173:4293
2014-06-12 14:45:55.114212 7f9d7d167700 10 lookup_strip_header done cid meta oid 16ef7597/infos/head//-1
2014-06-12 14:45:55.114215 7f9d7795c700 15 osd.2 pg_epoch: 173 pg[3.395( v 173'3328 (125'327,173'3328] local-les=137 n=324 ec=23 les/c 137/137 136/136/133) [2,20] r=0 lpr=136 luod=173'3327 crt=0'0 lcod 173'3326 mlcod 173'3325 active+clean] requeue_ops
2014-06-12 14:45:55.114221 7f9d7795c700 10 osd.2 pg_epoch: 173 pg[3.395( v 173'3328 (125'327,173'3328] local-les=137 n=324 ec=23 les/c 137/137 136/136/133) [2,20] r=0 lpr=136 luod=173'3327 crt=0'0 lcod 173'3326 mlcod 173'3326 active+clean] removing repgather(0x5323200 173'3327 rep_tid=236142 committed?=1 applied?=1 op=osd_op(client.4314.0:144985 rbd_data.10b16b8b4567.000000000000104b [set-alloc-hint object_size 4194304 write_size 4194304,write 3440640~516096] 3.61cc1395 ack+ondisk+write+known_if_redirected e173) v4)
2014-06-12 14:45:55.114229 7f9d7795c700 20 osd.2 pg_epoch: 173 pg[3.395( v 173'3328 (125'327,173'3328] local-les=137 n=324 ec=23 les/c 137/137 136/136/133) [2,20] r=0 lpr=136 luod=173'3327 crt=0'0 lcod 173'3326 mlcod 173'3326 active+clean] q front is repgather(0x5323200 173'3327 rep_tid=236142 committed?=1 applied?=1 op=osd_op(client.4314.0:144985 rbd_data.10b16b8b4567.000000000000104b [set-alloc-hint object_size 4194304 write_size 4194304,write 3440640~516096] 3.61cc1395 ack+ondisk+write+known_if_redirected e173) v4)
2014-06-12 14:45:55.114236 7f9d7d167700 15 _omap_rmkeys meta/1fe1ea2a/pglog_3.395/0//-1
2014-06-12 14:45:55.114237 7f9d7795c700 20 osd.2 pg_epoch: 173 pg[3.395( v 173'3328 (125'327,173'3328] local-les=137 n=324 ec=23 les/c 137/137 136/136/133) [2,20] r=0 lpr=136 luod=173'3327 crt=0'0 lcod 173'3326 mlcod 173'3326 active+clean] remove_repop repgather(0x5323200 173'3327 rep_tid=236142 committed?=1 applied?=1 op=osd_op(client.4314.0:144985 rbd_data.10b16b8b4567.000000000000104b [set-alloc-hint object_size 4194304 write_size 4194304,write 3440640~516096] 3.61cc1395 ack+ondisk+write+known_if_redirected e173) v4)
2014-06-12 14:45:55.114244 7f9d7d167700 10 _omap_rmkeys meta/1fe1ea2a/pglog_3.395/0//-1 r = 0
2014-06-12 14:45:55.114245 7f9d7795c700 15 osd.2 pg_epoch: 173 pg[3.395( v 173'3328 (125'327,173'3328] local-les=137 n=324 ec=23 les/c 137/137 136/136/133) [2,20] r=0 lpr=136 luod=173'3327 crt=0'0 lcod 173'3326 mlcod 173'3326 active+clean] requeue_ops
2014-06-12 14:45:55.114250 7f9d7d167700 15 _omap_setkeys meta/1fe1ea2a/pglog_3.395/0//-1
2014-06-12 14:45:55.114258 7f9d7795c700 5 -- op tracker -- , seq: 747315, time:
2014-06-12 14:45:55.114255, event: done, op: osd_op(client.4314.0:144985 rbd_data.10b16b8b4567.000000000000104b [set-alloc-hint object_size 4194304 write_size 4194304,write 3440640~516096] 3.61cc1395 ack+ondisk+write+known_if_redirected e173)
2014-06-12 14:45:55.114395 7f9d7d167700 15 _write 3.395_head/61cc1395/rbd_data.10b16b8b4567.000000000000104b/head//3 3956736~237568
