2014-06-12 14:45:54.934185 7f9d57543700 5 -- op tracker -- , seq: 747291, time: 0.000000, event: dispatched, op: osd_sub_op_reply(client.4314.0:144972 3.54b 89d0ed4b/rbd_data.10b16b8b4567.000000000000104a/head//3 [] ondisk, result = 0)
2014-06-12 14:45:54.934191 7f9d57543700 10 osd.2 173 handle_replica_op osd_sub_op_reply(client.4314.0:144972 3.54b 89d0ed4b/rbd_data.10b16b8b4567.000000000000104a/head//3 [] ondisk, result = 0) v2 epoch 173
2014-06-12 14:45:54.934197 7f9d57543700 20 osd.2 173 should_share_map osd.23 172.16.96.202:6820/2365 173
2014-06-12 14:45:54.934205 7f9d57543700 15 osd.2 173 enqueue_op 0x12bf7e00 prio 196 cost 0 latency 0.000103 osd_sub_op_reply(client.4314.0:144972 3.54b 89d0ed4b/rbd_data.10b16b8b4567.000000000000104a/head//3 [] ondisk, result = 0) v2
2014-06-12 14:45:54.934236 7f9d693e3700 12 OSD::op_tp worker wq OSD::OpWQ start processing 0x1 (1 active)
2014-06-12 14:45:54.934245 7f9d693e3700 10 osd.2 173 dequeue_op 0x12bf7e00 prio 196 cost 0 latency 0.000142 osd_sub_op_reply(client.4314.0:144972 3.54b 89d0ed4b/rbd_data.10b16b8b4567.000000000000104a/head//3 [] ondisk, result = 0) v2 pg pg[3.54b( v 173'2708 (0'0,173'2708] local-les=145 n=279 ec=23 les/c 145/145 144/144/133) [2,23] r=0 lpr=144 luod=173'2704 crt=0'0 lcod 173'2703 mlcod 173'2703 active+clean]
2014-06-12 14:45:54.934266 7f9d693e3700 5 -- op tracker -- , seq: 747291, time:
2014-06-12 14:45:54.934263, event: reached_pg, op: osd_sub_op_reply(client.4314.0:144972 3.54b 89d0ed4b/rbd_data.10b16b8b4567.000000000000104a/head//3 [] ondisk, result = 0)
2014-06-12 14:45:54.934276 7f9d693e3700 10 osd.2 pg_epoch: 173 pg[3.54b( v 173'2708 (0'0,173'2708] local-les=145 n=279 ec=23 les/c 145/145 144/144/133) [2,23] r=0 lpr=144 luod=173'2704 crt=0'0 lcod 173'2703 mlcod 173'2703 active+clean] handle_message: 0x12bf7e00
2014-06-12 14:45:54.934292 7f9d693e3700 5 -- op tracker -- , seq: 747291, time:
2014-06-12 14:45:54.934289, event: started, op: osd_sub_op_reply(client.4314.0:144972 3.54b 89d0ed4b/rbd_data.10b16b8b4567.000000000000104a/head//3 [] ondisk, result = 0)
2014-06-12 14:45:54.934302 7f9d7815d700 10 _do_op 0x7697860 seq 2450 r = 0, finisher 0x960d5c0 0x381e7900
2014-06-12 14:45:54.934298 7f9d693e3700 7 osd.2 pg_epoch: 173 pg[3.54b( v 173'2708 (0'0,173'2708] local-les=145 n=279 ec=23 les/c 145/145 144/144/133) [2,23] r=0 lpr=144 luod=173'2704 crt=0'0 lcod 173'2703 mlcod 173'2703 active+clean] sub_op_modify_reply: tid 236129 op ack_type 4 from 23
2014-06-12 14:45:54.934319 7f9d693e3700 5 -- op tracker -- , seq: 747282, time:
2014-06-12 14:45:54.934311, event: sub_op_commit_rec, op: osd_op(client.4314.0:144972 rbd_data.10b16b8b4567.000000000000104a [set-alloc-hint object_size 4194304 write_size 4194304,write 925696~516096] 3.89d0ed4b ack+ondisk+write+known_if_redirected e173)
2014-06-12 14:45:54.934326 7f9d693e3700 10 osd.2 173 dequeue_op 0x12bf7e00 finish
2014-06-12 14:45:54.934327 7f9d7815d700 10 _finish_op 0x7697860 seq 2450 osr(3.54b 0x276db30)/0x276db30
2014-06-12 14:45:54.934338 7f9d693e3700 5 -- op tracker -- , seq: 747291, time:
2014-06-12 14:45:54.934334, event: done, op: osd_sub_op_reply(client.4314.0:144972 3.54b 89d0ed4b/rbd_data.10b16b8b4567.000000000000104a/head//3 [] ondisk, result = 0)
2014-06-12 14:45:54.934352 7f9d693e3700 15 OSD::op_tp worker wq OSD::OpWQ done processing 0x1 (0 active)
2014-06-12 14:45:54.934341 7f9d7715b700 10 osd.2 pg_epoch: 173 pg[3.54b( v 173'2708 (0'0,173'2708] local-les=145 n=279 ec=23 les/c 145/145 144/144/133) [2,23] r=0 lpr=144 luod=173'2704 crt=0'0 lcod 173'2703 mlcod 173'2703 active+clean] op_commit: 236129
2014-06-12 14:45:54.934356 7f9d693e3700 20 OSD::op_tp worker waiting
2014-06-12 14:45:54.934363 7f9d8116f700 5 _do_op 0x15cda900 seq 2451 osr(3.54b 0x276db30)/0x276db30 start
2014-06-12 14:45:54.934367 7f9d8116f700 10 _do_transaction on 0x96da600
2014-06-12 14:45:54.934364 7f9d7715b700 5 -- op tracker -- , seq: 747282, time:
2014-06-12 14:45:54.934357, event: op_commit, op: osd_op(client.4314.0:144972 rbd_data.10b16b8b4567.000000000000104a [set-alloc-hint object_size 4194304 write_size 4194304,write 925696~516096] 3.89d0ed4b ack+ondisk+write+known_if_redirected e173)
2014-06-12 14:45:54.934375 7f9d8116f700 15 _omap_setkeys meta/1fe10acb/pglog_3.54b/0//-1
2014-06-12 14:45:54.934372 7f9d7715b700 10 osd.2 pg_epoch: 173 pg[3.54b( v 173'2708 (0'0,173'2708] local-les=145 n=279 ec=23 les/c 145/145 144/144/133) [2,23] r=0 lpr=144 luod=173'2704 crt=0'0 lcod 173'2703 mlcod 173'2703 active+clean] repop_all_committed: repop tid 236129 all committed
2014-06-12 14:45:54.934384 7f9d7715b700 10 osd.2 pg_epoch: 173 pg[3.54b( v 173'2708 (0'0,173'2708] local-les=145 n=279 ec=23 les/c 145/145 144/144/133) [2,23] r=0 lpr=144 luod=173'2705 crt=0'0 lcod 173'2704 mlcod 173'2703 active+clean] eval_repop repgather(0x1c832e40 173'2705 rep_tid=236129 committed?=1 applied?=0 lock=0 op=osd_op(client.4314.0:144972 rbd_data.10b16b8b4567.000000000000104a [set-alloc-hint object_size 4194304 write_size 4194304,write 925696~516096] 3.89d0ed4b ack+ondisk+write+known_if_redirected e173) v4) wants=ad
2014-06-12 14:45:54.934401 7f9d7715b700 15 osd.2 pg_epoch: 173 pg[3.54b( v 173'2708 (0'0,173'2708] local-les=145 n=279 ec=23 les/c 145/145 144/144/133) [2,23] r=0 lpr=144 luod=173'2705 crt=0'0 lcod 173'2704 mlcod 173'2703 active+clean] log_op_stats osd_op(client.4314.0:144972 rbd_data.10b16b8b4567.000000000000104a [set-alloc-hint object_size 4194304 write_size 4194304,write 925696~516096] 3.89d0ed4b ack+ondisk+write+known_if_redirected e173) v4 inb 516375 outb 0 rlat 0.000000 lat 0.037411
2014-06-12 14:45:54.934418 7f9d7715b700 15 osd.2 pg_epoch: 173 pg[3.54b( v 173'2708 (0'0,173'2708] local-les=145 n=279 ec=23 les/c 145/145 144/144/133) [2,23] r=0 lpr=144 luod=173'2705 crt=0'0 lcod 173'2704 mlcod 173'2703 active+clean] publish_stats_to_osd 173:3598
2014-06-12 14:45:54.934429 7f9d7715b700 10 osd.2 pg_epoch: 173 pg[3.54b( v 173'2708 (0'0,173'2708] local-les=145 n=279 ec=23 les/c 145/145 144/144/133) [2,23] r=0 lpr=144 luod=173'2705 crt=0'0 lcod 173'2704 mlcod 173'2703 active+clean] sending commit on repgather(0x1c832e40 173'2705 rep_tid=236129 committed?=1 applied?=0 lock=0 op=osd_op(client.4314.0:144972 rbd_data.10b16b8b4567.000000000000104a [set-alloc-hint object_size 4194304 write_size 4194304,write 925696~516096] 3.89d0ed4b ack+ondisk+write+known_if_redirected e173) v4) 0x205c000
2014-06-12 14:45:54.934466 7f9d7715b700 5 -- op tracker -- , seq: 747282, time:
2014-06-12 14:45:54.934460, event: commit_sent, op: osd_op(client.4314.0:144972 rbd_data.10b16b8b4567.000000000000104a [set-alloc-hint object_size 4194304 write_size 4194304,write 925696~516096] 3.89d0ed4b ack+ondisk+write+known_if_redirected e173)
2014-06-12 14:45:54.934499 7f9d8116f700 10 lookup_strip_header done cid meta oid 1fe10acb/pglog_3.54b/0//-1
2014-06-12 14:45:54.934490 7f9d7795c700 10 osd.2 pg_epoch: 173 pg[3.54b( v 173'2708 (0'0,173'2708] local-les=145 n=279 ec=23 les/c 145/145 144/144/133) [2,23] r=0 lpr=144 luod=173'2705 crt=0'0 lcod 173'2704 mlcod 173'2703 active+clean] op_applied: 236129
2014-06-12 14:45:54.934509 7f9d7795c700 5 -- op tracker -- , seq: 747282, time:
2014-06-12 14:45:54.934504, event: op_applied, op: osd_op(client.4314.0:144972 rbd_data.10b16b8b4567.000000000000104a [set-alloc-hint object_size 4194304 write_size 4194304,write 925696~516096] 3.89d0ed4b ack+ondisk+write+known_if_redirected e173)
2014-06-12 14:45:54.934516 7f9d7795c700 10 osd.2 pg_epoch: 173 pg[3.54b( v 173'2708 (0'0,173'2708] local-les=145 n=279 ec=23 les/c 145/145 144/144/133) [2,23] r=0 lpr=144 luod=173'2705 crt=0'0 lcod 173'2704 mlcod 173'2703 active+clean] op_applied on primary on version 173'2705
2014-06-12 14:45:54.934524 7f9d8116f700 15 _omap_setkeys meta/16ef7597/infos/head//-1
2014-06-12 14:45:54.934526 7f9d7795c700 10 osd.2 pg_epoch: 173 pg[3.54b( v 173'2708 (0'0,173'2708] local-les=145 n=279 ec=23 les/c 145/145 144/144/133) [2,23] r=0 lpr=144 luod=173'2705 crt=0'0 lcod 173'2704 mlcod 173'2703 active+clean] repop_all_applied: repop tid 236129 all applied
2014-06-12 14:45:54.934540 7f9d7795c700 10 osd.2 pg_epoch: 173 pg[3.54b( v 173'2708 (0'0,173'2708] local-les=145 n=279 ec=23 les/c 145/145 144/144/133) [2,23] r=0 lpr=144 luod=173'2705 crt=0'0 lcod 173'2704 mlcod 173'2703 active+clean] eval_repop repgather(0x1c832e40 173'2705 rep_tid=236129 committed?=1 applied?=1 lock=0 op=osd_op(client.4314.0:144972 rbd_data.10b16b8b4567.000000000000104a [set-alloc-hint object_size 4194304 write_size 4194304,write 925696~516096] 3.89d0ed4b ack+ondisk+write+known_if_redirected e173) v4) wants=ad
2014-06-12 14:45:54.934555 7f9d7795c700 15 osd.2 pg_epoch: 173 pg[3.54b( v 173'2708 (0'0,173'2708] local-les=145 n=279 ec=23 les/c 145/145 144/144/133) [2,23] r=0 lpr=144 luod=173'2705 crt=0'0 lcod 173'2704 mlcod 173'2703 active+clean] log_op_stats osd_op(client.4314.0:144972 rbd_data.10b16b8b4567.000000000000104a [set-alloc-hint object_size 4194304 write_size 4194304,write 925696~516096] 3.89d0ed4b ack+ondisk+write+known_if_redirected e173) v4 inb 516375 outb 0 rlat 0.000000 lat 0.037566
2014-06-12 14:45:54.934569 7f9d7795c700 15 osd.2 pg_epoch: 173 pg[3.54b( v 173'2708 (0'0,173'2708] local-les=145 n=279 ec=23 les/c 145/145 144/144/133) [2,23] r=0 lpr=144 luod=173'2705 crt=0'0 lcod 173'2704 mlcod 173'2703 active+clean] publish_stats_to_osd 173:3599
2014-06-12 14:45:54.934577 7f9d8116f700 10 lookup_strip_header done cid meta oid 16ef7597/infos/head//-1
2014-06-12 14:45:54.934579 7f9d7795c700 15 osd.2 pg_epoch: 173 pg[3.54b( v 173'2708 (0'0,173'2708] local-les=145 n=279 ec=23 les/c 145/145 144/144/133) [2,23] r=0 lpr=144 luod=173'2705 crt=0'0 lcod 173'2704 mlcod 173'2703 active+clean] requeue_ops
2014-06-12 14:45:54.934589 7f9d7795c700 10 osd.2 pg_epoch: 173 pg[3.54b( v 173'2708 (0'0,173'2708] local-les=145 n=279 ec=23 les/c 145/145 144/144/133) [2,23] r=0 lpr=144 luod=173'2705 crt=0'0 lcod 173'2704 mlcod 173'2704 active+clean] removing repgather(0x1c832e40 173'2705 rep_tid=236129 committed?=1 applied?=1 op=osd_op(client.4314.0:144972 rbd_data.10b16b8b4567.000000000000104a [set-alloc-hint object_size 4194304 write_size 4194304,write 925696~516096] 3.89d0ed4b ack+ondisk+write+known_if_redirected e173) v4)
2014-06-12 14:45:54.934600 7f9d8116f700 15 _omap_rmkeys meta/1fe10acb/pglog_3.54b/0//-1
2014-06-12 14:45:54.934607 7f9d8116f700 10 _omap_rmkeys meta/1fe10acb/pglog_3.54b/0//-1 r = 0
2014-06-12 14:45:54.934613 7f9d8116f700 15 _omap_setkeys meta/1fe10acb/pglog_3.54b/0//-1
2014-06-12 14:45:54.934603 7f9d7795c700 20 osd.2 pg_epoch: 173 pg[3.54b( v 173'2708 (0'0,173'2708] local-les=145 n=279 ec=23 les/c 145/145 144/144/133) [2,23] r=0 lpr=144 luod=173'2705 crt=0'0 lcod 173'2704 mlcod 173'2704 active+clean] q front is repgather(0x1c832e40 173'2705 rep_tid=236129 committed?=1 applied?=1 op=osd_op(client.4314.0:144972 rbd_data.10b16b8b4567.000000000000104a [set-alloc-hint object_size 4194304 write_size 4194304,write 925696~516096] 3.89d0ed4b ack+ondisk+write+known_if_redirected e173) v4)
2014-06-12 14:45:54.934616 7f9d7795c700 20 osd.2 pg_epoch: 173 pg[3.54b( v 173'2708 (0'0,173'2708] local-les=145 n=279 ec=23 les/c 145/145 144/144/133) [2,23] r=0 lpr=144 luod=173'2705 crt=0'0 lcod 173'2704 mlcod 173'2704 active+clean] remove_repop repgather(0x1c832e40 173'2705 rep_tid=236129 committed?=1 applied?=1 op=osd_op(client.4314.0:144972 rbd_data.10b16b8b4567.000000000000104a [set-alloc-hint object_size 4194304 write_size 4194304,write 925696~516096] 3.89d0ed4b ack+ondisk+write+known_if_redirected e173) v4)
2014-06-12 14:45:54.934629 7f9d7795c700 15 osd.2 pg_epoch: 173 pg[3.54b( v 173'2708 (0'0,173'2708] local-les=145 n=279 ec=23 les/c 145/145 144/144/133) [2,23] r=0 lpr=144 luod=173'2705 crt=0'0 lcod 173'2704 mlcod 173'2704 active+clean] requeue_ops
2014-06-12 14:45:54.934673 7f9d7815d700 5 -- op tracker -- , seq: 747282, time:
2014-06-12 14:45:54.934659, event: done, op: osd_op(client.4314.0:144972 rbd_data.10b16b8b4567.000000000000104a [set-alloc-hint object_size 4194304 write_size 4194304,write 925696~516096] 3.89d0ed4b ack+ondisk+write+known_if_redirected e173)
2014-06-12 14:45:54.934698 7f9d7815d700 15 KeyValueStore::op_tp worker wq KeyValueStore::OpWQ done processing 0x52e7440 (3 active)
2014-06-12 14:45:54.934701 7f9d7815d700 20 KeyValueStore::op_tp worker waiting
2014-06-12 14:45:54.934834 7f9d8116f700 15 _write 3.54b_head/89d0ed4b/rbd_data.10b16b8b4567.000000000000104a/head//3 1441792~516096
2014-06-12 14:45:54.935015 7f9d8116f700 10 lookup_strip_header done cid 3.54b_head oid 89d0ed4b/rbd_data.10b16b8b4567.000000000000104a/head//3
2014-06-12 14:45:54.935385 7f9d8116f700 10 file_to_extents done
2014-06-12 14:45:54.940733 7f9d8116f700 10 _generic_write 3.54b_head/89d0ed4b/rbd_data.10b16b8b4567.000000000000104a/head//3 1441792~516096 = 0
2014-06-12 14:45:54.940818 7f9d8116f700 15 _setattrs 3.54b_head/89d0ed4b/rbd_data.10b16b8b4567.000000000000104a/head//3
2014-06-12 14:45:54.940837 7f9d8116f700 10 _setattrs 3.54b_head/89d0ed4b/rbd_data.10b16b8b4567.000000000000104a/head//3 = 0
2014-06-12 14:45:54.940844 7f9d8116f700 15 _setattrs 3.54b_head/89d0ed4b/rbd_data.10b16b8b4567.000000000000104a/head//3
2014-06-12 14:45:54.940853 7f9d8116f700 10 _setattrs 3.54b_head/89d0ed4b/rbd_data.10b16b8b4567.000000000000104a/head//3 = 0
2014-06-12 14:45:54.941091 7f9d8116f700 20 set_header setting 17860 cid 3.54b_head oid 89d0ed4b/rbd_data.10b16b8b4567.000000000000104a/head//3 parent seq 0
2014-06-12 14:45:54.941198 7f9d8116f700 20 set_header setting 3 cid meta oid 16ef7597/infos/head//-1 parent seq 0
2014-06-12 14:45:54.941220 7f9d8116f700 20 set_header setting 2088 cid meta oid 1fe10acb/pglog_3.54b/0//-1 parent seq 0
2014-06-12 14:45:54.941236 7f9d8116f700 5 submit_transaction r = 0
2014-06-12 14:45:54.944217 7f9d8116f700 10 _do_op 0x15cda900 seq 2451 r = 0, finisher 0x90719e0 0x2519ab40
2014-06-12 14:45:54.944248 7f9d7715b700 10 osd.2 pg_epoch: 173 pg[3.54b( v 173'2708 (0'0,173'2708] local-les=145 n=279 ec=23 les/c 145/145 144/144/133) [2,23] r=0 lpr=144 luod=173'2705 crt=0'0 lcod 173'2704 mlcod 173'2704 active+clean] op_commit: 236130
2014-06-12 14:45:54.944286 7f9d7715b700 5 -- op tracker -- , seq: 747283, time:
2014-06-12 14:45:54.944275, event: op_commit, op: osd_op(client.4314.0:144973 rbd_data.10b16b8b4567.000000000000104a [set-alloc-hint object_size 4194304 write_size 4194304,write 1441792~516096] 3.89d0ed4b ack+ondisk+write+known_if_redirected e173)
2014-06-12 14:45:54.944312 7f9d8116f700 10 _finish_op 0x15cda900 seq 2451 osr(3.54b 0x276db30)/0x276db30
2014-06-12 14:45:54.944328 7f9d79960700 5 _do_op 0x1415e540 seq 2452 osr(3.54b 0x276db30)/0x276db30 start
2014-06-12 14:45:54.944333 7f9d79960700 10 _do_transaction on 0x5236c00
2014-06-12 14:45:54.944340 7f9d79960700 15 _omap_setkeys meta/1fe10acb/pglog_3.54b/0//-1
2014-06-12 14:45:54.944461 7f9d79960700 10 lookup_strip_header done cid meta oid 1fe10acb/pglog_3.54b/0//-1
2014-06-12 14:45:54.944481 7f9d79960700 15 _omap_setkeys meta/16ef7597/infos/head//-1
2014-06-12 14:45:54.944537 7f9d79960700 10 lookup_strip_header done cid meta oid 16ef7597/infos/head//-1
2014-06-12 14:45:54.944554 7f9d79960700 15 _omap_rmkeys meta/1fe10acb/pglog_3.54b/0//-1
2014-06-12 14:45:54.944559 7f9d79960700 10 _omap_rmkeys meta/1fe10acb/pglog_3.54b/0//-1 r = 0
2014-06-12 14:45:54.944566 7f9d79960700 15 _omap_setkeys meta/1fe10acb/pglog_3.54b/0//-1
2014-06-12 14:45:54.944580 7f9d79960700 15 _write 3.54b_head/89d0ed4b/rbd_data.10b16b8b4567.000000000000104a/head//3 1957888~516096
2014-06-12 14:45:54.944725 7f9d79960700 10 lookup_strip_header done cid 3.54b_head oid 89d0ed4b/rbd_data.10b16b8b4567.000000000000104a/head//3
2014-06-12 14:45:54.944836 7f9d79960700 10 file_to_extents done
2014-06-12 14:45:54.945036 7f9d57543700 5 -- op tracker -- , seq: 747292, time:
2014-06-12 14:45:54.944988, event: header_read, op: osd_sub_op_reply(client.4314.0:144973 3.54b 89d0ed4b/rbd_data.10b16b8b4567.000000000000104a/head//3 [] ack, result = 0)
2014-06-12 14:45:54.945047 7f9d57543700 5 -- op tracker -- , seq: 747292, time:
2014-06-12 14:45:54.944990, event: throttled, op: osd_sub_op_reply(client.4314.0:144973 3.54b 89d0ed4b/rbd_data.10b16b8b4567.000000000000104a/head//3 [] ack, result = 0)
2014-06-12 14:45:54.945055 7f9d57543700 5 -- op tracker -- , seq: 747292, time:
2014-06-12 14:45:54.945005, event: all_read, op: osd_sub_op_reply(client.4314.0:144973 3.54b 89d0ed4b/rbd_data.10b16b8b4567.000000000000104a/head//3 [] ack, result = 0)
2014-06-12 14:45:54.945064 7f9d57543700 5 -- op tracker -- , seq: 747292, time: 0.000000, event: dispatched, op: osd_sub_op_reply(client.4314.0:144973 3.54b 89d0ed4b/rbd_data.10b16b8b4567.000000000000104a/head//3 [] ack, result = 0)
2014-06-12 14:45:54.945070 7f9d57543700 10 osd.2 173 handle_replica_op osd_sub_op_reply(client.4314.0:144973 3.54b 89d0ed4b/rbd_data.10b16b8b4567.000000000000104a/head//3 [] ack, result = 0) v2 epoch 173
2014-06-12 14:45:54.945076 7f9d57543700 20 osd.2 173 should_share_map osd.23 172.16.96.202:6820/2365 173
2014-06-12 14:45:54.945085 7f9d57543700 15 osd.2 173 enqueue_op 0xe20b000 prio 196 cost 0 latency 0.000097 osd_sub_op_reply(client.4314.0:144973 3.54b 89d0ed4b/rbd_data.10b16b8b4567.000000000000104a/head//3 [] ack, result = 0) v2
2014-06-12 14:45:54.945135 7f9d57543700 5 -- op tracker -- , seq: 747293, time:
2014-06-12 14:45:54.945110, event: header_read, op: osd_sub_op_reply(client.4314.0:144973 3.54b 89d0ed4b/rbd_data.10b16b8b4567.000000000000104a/head//3 [] ondisk, result = 0)
2014-06-12 14:45:54.945143 7f9d57543700 5 -- op tracker -- , seq: 747293, time:
2014-06-12 14:45:54.945111, event: throttled, op: osd_sub_op_reply(client.4314.0:144973 3.54b 89d0ed4b/rbd_data.10b16b8b4567.000000000000104a/head//3 [] ondisk, result = 0)
2014-06-12 14:45:54.945152 7f9d57543700 5 -- op tracker -- , seq: 747293, time:
2014-06-12 14:45:54.945119, event: all_read, op: osd_sub_op_reply(client.4314.0:144973 3.54b 89d0ed4b/rbd_data.10b16b8b4567.000000000000104a/head//3 [] ondisk, result = 0)
2014-06-12 14:45:54.945160 7f9d57543700 5 -- op tracker -- , seq: 747293, time: 0.000000, event: dispatched, op: osd_sub_op_reply(client.4314.0:144973 3.54b 89d0ed4b/rbd_data.10b16b8b4567.000000000000104a/head//3 [] ondisk, result = 0)
2014-06-12 14:45:54.945164 7f9d57543700 10 osd.2 173 handle_replica_op osd_sub_op_reply(client.4314.0:144973 3.54b 89d0ed4b/rbd_data.10b16b8b4567.000000000000104a/head//3 [] ondisk, result = 0) v2 epoch 173
2014-06-12 14:45:54.945169 7f9d57543700 20 osd.2 173 should_share_map osd.23 172.16.96.202:6820/2365 173
2014-06-12 14:45:54.945174 7f9d57543700 15 osd.2 173 enqueue_op 0x5289200 prio 196 cost 0 latency 0.000064 osd_sub_op_reply(client.4314.0:144973 3.54b 89d0ed4b/rbd_data.10b16b8b4567.000000000000104a/head//3 [] ondisk, result = 0) v2
2014-06-12 14:45:54.945248 7f9d62bd6700 12 OSD::op_tp worker wq OSD::OpWQ start processing 0x1 (1 active)
2014-06-12 14:45:54.945256 7f9d62bd6700 10 osd.2 173 dequeue_op 0xe20b000 prio 196 cost 0 latency 0.000268 osd_sub_op_reply(client.4314.0:144973 3.54b 89d0ed4b/rbd_data.10b16b8b4567.000000000000104a/head//3 [] ack, result = 0) v2 pg pg[3.54b( v 173'2708 (0'0,173'2708] local-les=145 n=279 ec=23 les/c 145/145 144/144/133) [2,23] r=0 lpr=144 luod=173'2705 crt=0'0 lcod 173'2704 mlcod 173'2704 active+clean]
2014-06-12 14:45:54.945275 7f9d62bd6700 5 -- op tracker -- , seq: 747292, time:
2014-06-12 14:45:54.945272, event: reached_pg, op: osd_sub_op_reply(client.4314.0:144973 3.54b 89d0ed4b/rbd_data.10b16b8b4567.000000000000104a/head//3 [] ack, result = 0)
2014-06-12 14:45:54.945286 7f9d62bd6700 10 osd.2 pg_epoch: 173 pg[3.54b( v 173'2708 (0'0,173'2708] local-les=145 n=279 ec=23 les/c 145/145 144/144/133) [2,23] r=0 lpr=144 luod=173'2705 crt=0'0 lcod 173'2704 mlcod 173'2704 active+clean] handle_message: 0xe20b000
2014-06-12 14:45:54.945301 7f9d62bd6700 5 -- op tracker -- , seq: 747292, time:
2014-06-12 14:45:54.945298, event: started, op: osd_sub_op_reply(client.4314.0:144973 3.54b 89d0ed4b/rbd_data.10b16b8b4567.000000000000104a/head//3 [] ack, result = 0)
2014-06-12 14:45:54.945307 7f9d62bd6700 7 osd.2 pg_epoch: 173 pg[3.54b( v 173'2708 (0'0,173'2708] local-les=145 n=279 ec=23 les/c 145/145 144/144/133) [2,23] r=0 lpr=144 luod=173'2705 crt=0'0 lcod 173'2704 mlcod 173'2704 active+clean] sub_op_modify_reply: tid 236130 op ack_type 1 from 23
2014-06-12 14:45:54.945333 7f9d62bd6700 5 -- op tracker -- , seq: 747283, time:
2014-06-12 14:45:54.945326, event: sub_op_applied_rec, op: osd_op(client.4314.0:144973 rbd_data.10b16b8b4567.000000000000104a [set-alloc-hint object_size 4194304 write_size 4194304,write 1441792~516096] 3.89d0ed4b ack+ondisk+write+known_if_redirected e173)
2014-06-12 14:45:54.945341 7f9d62bd6700 10 osd.2 173 dequeue_op 0xe20b000 finish
2014-06-12 14:45:54.945347 7f9d62bd6700 5 -- op tracker -- , seq: 747292, time:
2014-06-12 14:45:54.945344, event: done, op: osd_sub_op_reply(client.4314.0:144973 3.54b 89d0ed4b/rbd_data.10b16b8b4567.000000000000104a/head//3 [] ack, result = 0)
2014-06-12 14:45:54.945361 7f9d62bd6700 15 OSD::op_tp worker wq OSD::OpWQ done processing 0x1 (0 active)
2014-06-12 14:45:54.945367 7f9d62bd6700 12 OSD::op_tp worker wq OSD::OpWQ start processing 0x1 (1 active)
2014-06-12 14:45:54.945371 7f9d62bd6700 10 osd.2 173 dequeue_op 0x5289200 prio 196 cost 0 latency 0.000261 osd_sub_op_reply(client.4314.0:144973 3.54b 89d0ed4b/rbd_data.10b16b8b4567.000000000000104a/head//3 [] ondisk, result = 0) v2 pg pg[3.54b( v 173'2708 (0'0,173'2708] local-les=145 n=279 ec=23 les/c 145/145 144/144/133) [2,23] r=0 lpr=144 luod=173'2705 crt=0'0 lcod 173'2704 mlcod 173'2704 active+clean]
2014-06-12 14:45:54.945387 7f9d62bd6700 5 -- op tracker -- , seq: 747293, time:
2014-06-12 14:45:54.945384, event: reached_pg, op: osd_sub_op_reply(client.4314.0:144973 3.54b 89d0ed4b/rbd_data.10b16b8b4567.000000000000104a/head//3 [] ondisk, result = 0)
2014-06-12 14:45:54.945393 7f9d62bd6700 10 osd.2 pg_epoch: 173 pg[3.54b( v 173'2708 (0'0,173'2708] local-les=145 n=279 ec=23 les/c 145/145 144/144/133) [2,23] r=0 lpr=144 luod=173'2705 crt=0'0 lcod 173'2704 mlcod 173'2704 active+clean] handle_message: 0x5289200
2014-06-12 14:45:54.945406 7f9d62bd6700 5 -- op tracker -- , seq: 747293, time:
2014-06-12 14:45:54.945403, event: started, op: osd_sub_op_reply(client.4314.0:144973 3.54b 89d0ed4b/rbd_data.10b16b8b4567.000000000000104a/head//3 [] ondisk, result = 0)
2014-06-12 14:45:54.945411 7f9d62bd6700 7 osd.2 pg_epoch: 173 pg[3.54b( v 173'2708 (0'0,173'2708] local-les=145 n=279 ec=23 les/c 145/145 144/144/133) [2,23] r=0 lpr=144 luod=173'2705 crt=0'0 lcod 173'2704 mlcod 173'2704 active+clean] sub_op_modify_reply: tid 236130 op ack_type 4 from 23
2014-06-12 14:45:54.945427 7f9d62bd6700 5 -- op tracker -- , seq: 747283, time:
2014-06-12 14:45:54.945422, event: sub_op_commit_rec, op: osd_op(client.4314.0:144973 rbd_data.10b16b8b4567.000000000000104a [set-alloc-hint object_size 4194304 write_size 4194304,write 1441792~516096] 3.89d0ed4b ack+ondisk+write+known_if_redirected e173)
2014-06-12 14:45:54.945433 7f9d62bd6700 10 osd.2 pg_epoch: 173 pg[3.54b( v 173'2708 (0'0,173'2708] local-les=145 n=279 ec=23 les/c 145/145 144/144/133) [2,23] r=0 lpr=144 luod=173'2705 crt=0'0 lcod 173'2704 mlcod 173'2704 active+clean] repop_all_committed: repop tid 236130 all committed
2014-06-12 14:45:54.945443 7f9d62bd6700 10 osd.2 pg_epoch: 173 pg[3.54b( v 173'2708 (0'0,173'2708] local-les=145 n=279 ec=23 les/c 145/145 144/144/133) [2,23] r=0 lpr=144 luod=173'2706 crt=0'0 lcod 173'2705 mlcod 173'2704 active+clean] eval_repop repgather(0x5147ec0 173'2706 rep_tid=236130 committed?=1 applied?=0 lock=0 op=osd_op(client.4314.0:144973 rbd_data.10b16b8b4567.000000000000104a [set-alloc-hint object_size 4194304 write_size 4194304,write 1441792~516096] 3.89d0ed4b ack+ondisk+write+known_if_redirected e173) v4) wants=ad
2014-06-12 14:45:54.945459 7f9d62bd6700 15 osd.2 pg_epoch: 173 pg[3.54b( v 173'2708 (0'0,173'2708] local-les=145 n=279 ec=23 les/c 145/145 144/144/133) [2,23] r=0 lpr=144 luod=173'2706 crt=0'0 lcod 173'2705 mlcod 173'2704 active+clean] log_op_stats osd_op(client.4314.0:144973 rbd_data.10b16b8b4567.000000000000104a [set-alloc-hint object_size 4194304 write_size 4194304,write 1441792~516096] 3.89d0ed4b ack+ondisk+write+known_if_redirected e173) v4 inb 516375 outb 0 rlat 0.000000 lat 0.043492
2014-06-12 14:45:54.945478 7f9d62bd6700 15 osd.2 pg_epoch: 173 pg[3.54b( v 173'2708 (0'0,173'2708] local-les=145 n=279 ec=23 les/c 145/145 144/144/133) [2,23] r=0 lpr=144 luod=173'2706 crt=0'0 lcod 173'2705 mlcod 173'2704 active+clean] publish_stats_to_osd 173:3600
2014-06-12 14:45:54.945491 7f9d62bd6700 10 osd.2 pg_epoch: 173 pg[3.54b( v 173'2708 (0'0,173'2708] local-les=145 n=279 ec=23 les/c 145/145 144/144/133) [2,23] r=0 lpr=144 luod=173'2706 crt=0'0 lcod 173'2705 mlcod 173'2704 active+clean] sending commit on repgather(0x5147ec0 173'2706 rep_tid=236130 committed?=1 applied?=0 lock=0 op=osd_op(client.4314.0:144973 rbd_data.10b16b8b4567.000000000000104a [set-alloc-hint object_size 4194304 write_size 4194304,write 1441792~516096] 3.89d0ed4b ack+ondisk+write+known_if_redirected e173) v4) 0x2b42000
2014-06-12 14:45:54.945526 7f9d62bd6700 5 -- op tracker -- , seq: 747283, time:
2014-06-12 14:45:54.945521, event: commit_sent, op: osd_op(client.4314.0:144973 rbd_data.10b16b8b4567.000000000000104a [set-alloc-hint object_size 4194304 write_size 4194304,write 1441792~516096] 3.89d0ed4b ack+ondisk+write+known_if_redirected e173)
2014-06-12 14:45:54.945534 7f9d62bd6700 10 osd.2 173 dequeue_op 0x5289200 finish
2014-06-12 14:45:54.945540 7f9d62bd6700 5 -- op tracker -- , seq: 747293, time:
2014-06-12 14:45:54.945537, event: done, op: osd_sub_op_reply(client.4314.0:144973 3.54b 89d0ed4b/rbd_data.10b16b8b4567.000000000000104a/head//3 [] ondisk, result = 0)
2014-06-12 14:45:54.945549 7f9d62bd6700 15 OSD::op_tp worker wq OSD::OpWQ done processing 0x1 (0 active)
2014-06-12 14:45:54.945552 7f9d62bd6700 20 OSD::op_tp worker waiting
2014-06-12 14:45:54.945562 7f9d6b3e7700 20 OSD::op_tp worker waiting
2014-06-12 14:45:54.946841 7f9d79960700 10 _generic_write 3.54b_head/89d0ed4b/rbd_data.10b16b8b4567.000000000000104a/head//3 1957888~516096 = 0
2014-06-12 14:45:54.946883 7f9d79960700 15 _setattrs 3.54b_head/89d0ed4b/rbd_data.10b16b8b4567.000000000000104a/head//3
2014-06-12 14:45:54.946900 7f9d79960700 10 _setattrs 3.54b_head/89d0ed4b/rbd_data.10b16b8b4567.000000000000104a/head//3 = 0
2014-06-12 14:45:54.946906 7f9d79960700 15 _setattrs 3.54b_head/89d0ed4b/rbd_data.10b16b8b4567.000000000000104a/head//3
2014-06-12 14:45:54.946915 7f9d79960700 10 _setattrs 3.54b_head/89d0ed4b/rbd_data.10b16b8b4567.000000000000104a/head//3 = 0
2014-06-12 14:45:54.947133 7f9d79960700 20 set_header setting 17860 cid 3.54b_head oid 89d0ed4b/rbd_data.10b16b8b4567.000000000000104a/head//3 parent seq 0
2014-06-12 14:45:54.947203 7f9d79960700 20 set_header setting 3 cid meta oid 16ef7597/infos/head//-1 parent seq 0
2014-06-12 14:45:54.947231 7f9d79960700 20 set_header setting 2088 cid meta oid 1fe10acb/pglog_3.54b/0//-1 parent seq 0
2014-06-12 14:45:54.947242 7f9d79960700 5 submit_transaction r = 0
2014-06-12 14:45:54.950430 7f9d79960700 10 _do_op 0x1415e540 seq 2452 r = 0, finisher 0x1f086880 0x352bd4c0
2014-06-12 14:45:54.950456 7f9d7715b700 10 osd.2 pg_epoch: 173 pg[3.54b( v 173'2708 (0'0,173'2708] local-les=145 n=279 ec=23 les/c 145/145 144/144/133) [2,23] r=0 lpr=144 luod=173'2706 crt=0'0 lcod 173'2705 mlcod 173'2704 active+clean] op_commit: 236131
2014-06-12 14:45:54.950488 7f9d7715b700 5 -- op tracker -- , seq: 747288, time:
2014-06-12 14:45:54.950479, event: op_commit, op: osd_op(client.4314.0:144974 rbd_data.10b16b8b4567.000000000000104a [set-alloc-hint object_size 4194304 write_size 4194304,write 1957888~516096] 3.89d0ed4b ack+ondisk+write+known_if_redirected e173)
2014-06-12 14:45:54.950516 7f9d8116f700 15 KeyValueStore::op_tp worker wq KeyValueStore::OpWQ done processing 0x52e7440 (2 active)
2014-06-12 14:45:54.950531 7f9d8116f700 20 KeyValueStore::op_tp worker waiting
2014-06-12 14:45:54.950541 7f9d79960700 10 _finish_op 0x1415e540 seq 2452 osr(3.54b 0x276db30)/0x276db30
2014-06-12 14:45:54.950530 7f9d7795c700 10 osd.2 pg_epoch: 173 pg[3.54b( v 173'2708 (0'0,173'2708] local-les=145 n=279 ec=23 les/c 145/145 144/144/133) [2,23] r=0 lpr=144 luod=173'2706 crt=0'0 lcod 173'2705 mlcod 173'2704 active+clean] op_applied: 236130
2014-06-12 14:45:54.950555 7f9d7795c700 5 -- op tracker -- , seq: 747283, time:
2014-06-12 14:45:54.950549, event: op_applied, op: osd_op(client.4314.0:144973 rbd_data.10b16b8b4567.000000000000104a [set-alloc-hint object_size 4194304 write_size 4194304,write 1441792~516096] 3.89d0ed4b ack+ondisk+write+known_if_redirected e173)
2014-06-12 14:45:54.950552 7f9d79960700 15 KeyValueStore::op_tp worker wq KeyValueStore::OpWQ done processing 0x52e7440 (1 active)
2014-06-12 14:45:54.950564 7f9d79960700 20 KeyValueStore::op_tp worker waiting
2014-06-12 14:45:54.950569 7f9d8016d700 5 _do_op 0x6956660 seq 2453 osr(3.54b 0x276db30)/0x276db30 start
2014-06-12 14:45:54.950564 7f9d7795c700 10 osd.2 pg_epoch: 173 pg[3.54b( v 173'2708 (0'0,173'2708] local-les=145 n=279 ec=23 les/c 145/145 144/144/133) [2,23] r=0 lpr=144 luod=173'2706 crt=0'0 lcod 173'2705 mlcod 173'2704 active+clean] op_applied on primary on version 173'2706
2014-06-12 14:45:54.950574 7f9d8016d700 10 _do_transaction on 0x2f89f140
2014-06-12 14:45:54.950573 7f9d7795c700 10 osd.2 pg_epoch: 173 pg[3.54b( v 173'2708 (0'0,173'2708] local-les=145 n=279 ec=23 les/c 145/145 144/144/133) [2,23] r=0 lpr=144 luod=173'2706 crt=0'0 lcod 173'2705 mlcod 173'2704 active+clean] repop_all_applied: repop tid 236130 all applied
2014-06-12 14:45:54.950584 7f9d8016d700 15 _omap_setkeys meta/1fe10acb/pglog_3.54b/0//-1
2014-06-12 14:45:54.950582 7f9d7795c700 10 osd.2 pg_epoch: 173 pg[3.54b( v 173'2708 (0'0,173'2708] local-les=145 n=279 ec=23 les/c 145/145 144/144/133) [2,23] r=0 lpr=144 luod=173'2706 crt=0'0 lcod 173'2705 mlcod 173'2704 active+clean] eval_repop repgather(0x5147ec0 173'2706 rep_tid=236130 committed?=1 applied?=1 lock=0 op=osd_op(client.4314.0:144973 rbd_data.10b16b8b4567.000000000000104a [set-alloc-hint object_size 4194304 write_size 4194304,write 1441792~516096] 3.89d0ed4b ack+ondisk+write+known_if_redirected e173) v4) wants=ad
2014-06-12 14:45:54.950597 7f9d7795c700 15 osd.2 pg_epoch: 173 pg[3.54b( v 173'2708 (0'0,173'2708] local-les=145 n=279 ec=23 les/c 145/145 144/144/133) [2,23] r=0 lpr=144 luod=173'2706 crt=0'0 lcod 173'2705 mlcod 173'2704 active+clean] log_op_stats osd_op(client.4314.0:144973 rbd_data.10b16b8b4567.000000000000104a [set-alloc-hint object_size 4194304 write_size 4194304,write 1441792~516096] 3.89d0ed4b ack+ondisk+write+known_if_redirected e173) v4 inb 516375 outb 0 rlat 0.000000 lat 0.048629
2014-06-12 14:45:54.950611 7f9d7795c700 15 osd.2 pg_epoch: 173 pg[3.54b( v 173'2708 (0'0,173'2708] local-les=145 n=279 ec=23 les/c 145/145 144/144/133) [2,23] r=0 lpr=144 luod=173'2706 crt=0'0 lcod 173'2705 mlcod 173'2704 active+clean] publish_stats_to_osd 173:3601
2014-06-12 14:45:54.950620 7f9d7795c700 15 osd.2 pg_epoch: 173 pg[3.54b( v 173'2708 (0'0,173'2708] local-les=145 n=279 ec=23 les/c 145/145 144/144/133) [2,23] r=0 lpr=144 luod=173'2706 crt=0'0 lcod 173'2705 mlcod 173'2704 active+clean] requeue_ops
2014-06-12 14:45:54.950629 7f9d7795c700 10 osd.2 pg_epoch: 173 pg[3.54b( v 173'2708 (0'0,173'2708] local-les=145 n=279 ec=23 les/c 145/145 144/144/133) [2,23] r=0 lpr=144 luod=173'2706 crt=0'0 lcod 173'2705 mlcod 173'2705 active+clean] removing repgather(0x5147ec0 173'2706 rep_tid=236130 committed?=1 applied?=1 op=osd_op(client.4314.0:144973 rbd_data.10b16b8b4567.000000000000104a [set-alloc-hint object_size 4194304 write_size 4194304,write 1441792~516096] 3.89d0ed4b ack+ondisk+write+known_if_redirected e173) v4)
2014-06-12 14:45:54.950641 7f9d7795c700 20 osd.2 pg_epoch: 173 pg[3.54b( v 173'2708 (0'0,173'2708] local-les=145 n=279 ec=23 les/c 145/145 144/144/133) [2,23] r=0 lpr=144 luod=173'2706 crt=0'0 lcod 173'2705 mlcod 173'2705 active+clean] q front is repgather(0x5147ec0 173'2706 rep_tid=236130 committed?=1 applied?=1 op=osd_op(client.4314.0:144973 rbd_data.10b16b8b4567.000000000000104a [set-alloc-hint object_size 4194304 write_size 4194304,write 1441792~516096] 3.89d0ed4b ack+ondisk+write+known_if_redirected e173) v4)
2014-06-12 14:45:54.950653 7f9d7795c700 20 osd.2 pg_epoch: 173 pg[3.54b( v 173'2708 (0'0,173'2708] local-les=145 n=279 ec=23 les/c 145/145 144/144/133) [2,23] r=0 lpr=144 luod=173'2706 crt=0'0 lcod 173'2705 mlcod 173'2705 active+clean] remove_repop repgather(0x5147ec0 173'2706 rep_tid=236130 committed?=1 applied?=1 op=osd_op(client.4314.0:144973 rbd_data.10b16b8b4567.000000000000104a [set-alloc-hint object_size 4194304 write_size 4194304,write 1441792~516096] 3.89d0ed4b ack+ondisk+write+known_if_redirected e173) v4)
2014-06-12 14:45:54.950664 7f9d7795c700 15 osd.2 pg_epoch: 173 pg[3.54b( v 173'2708 (0'0,173'2708] local-les=145 n=279 ec=23 les/c 145/145 144/144/133) [2,23] r=0 lpr=144 luod=173'2706 crt=0'0 lcod 173'2705 mlcod 173'2705 active+clean] requeue_ops
2014-06-12 14:45:54.950680 7f9d7795c700 5 -- op tracker -- , seq: 747283, time:
2014-06-12 14:45:54.950676, event: done, op: osd_op(client.4314.0:144973 rbd_data.10b16b8b4567.000000000000104a [set-alloc-hint object_size 4194304 write_size 4194304,write 1441792~516096] 3.89d0ed4b ack+ondisk+write+known_if_redirected e173)
2014-06-12 14:45:54.950718 7f9d8016d700 10 lookup_strip_header done cid meta oid 1fe10acb/pglog_3.54b/0//-1
2014-06-12 14:45:54.950714 7f9d7795c700 10 osd.2 pg_epoch: 173 pg[3.54b( v 173'2708 (0'0,173'2708] local-les=145 n=279 ec=23 les/c 145/145 144/144/133) [2,23] r=0 lpr=144 luod=173'2706 crt=0'0 lcod 173'2705 mlcod 173'2705 active+clean] op_applied: 236131
2014-06-12 14:45:54.950729 7f9d7795c700 5 -- op tracker -- , seq: 747288, time:
2014-06-12 14:45:54.950724, event: op_applied, op: osd_op(client.4314.0:144974 rbd_data.10b16b8b4567.000000000000104a [set-alloc-hint object_size 4194304 write_size 4194304,write 1957888~516096] 3.89d0ed4b ack+ondisk+write+known_if_redirected e173)
2014-06-12 14:45:54.950735 7f9d7795c700 10 osd.2 pg_epoch: 173 pg[3.54b( v 173'2708 (0'0,173'2708] local-les=145 n=279 ec=23 les/c 145/145 144/144/133) [2,23] r=0 lpr=144 luod=173'2706 crt=0'0 lcod 173'2705 mlcod 173'2705 active+clean] op_applied on primary on version 173'2707
2014-06-12 14:45:54.950745 7f9d8016d700 15 _omap_setkeys meta/16ef7597/infos/head//-1
2014-06-12 14:45:54.950799 7f9d8016d700 10 lookup_strip_header done cid meta oid 16ef7597/infos/head//-1
2014-06-12 14:45:54.950824 7f9d8016d700 15 _omap_rmkeys meta/1fe10acb/pglog_3.54b/0//-1
2014-06-12 14:45:54.950830 7f9d8016d700 10 _omap_rmkeys meta/1fe10acb/pglog_3.54b/0//-1 r = 0
2014-06-12 14:45:54.950837 7f9d8016d700 15 _omap_setkeys meta/1fe10acb/pglog_3.54b/0//-1
2014-06-12 14:45:54.950855 7f9d8016d700 15 _write 3.54b_head/89d0ed4b/rbd_data.10b16b8b4567.000000000000104a/head//3 2473984~516096
2014-06-12 14:45:54.951006 7f9d8016d700 10 lookup_strip_header done cid 3.54b_head oid 89d0ed4b/rbd_data.10b16b8b4567.000000000000104a/head//3
2014-06-12 14:45:54.951032 7f9d8016d700 10 file_to_extents done
2014-06-12 14:45:54.953238 7f9d8016d700 10 _generic_write 3.54b_head/89d0ed4b/rbd_data.10b16b8b4567.000000000000104a/head//3 2473984~516096 = 0
2014-06-12 14:45:54.953283 7f9d8016d700 15 _setattrs 3.54b_head/89d0ed4b/rbd_data.10b16b8b4567.000000000000104a/head//3
2014-06-12 14:45:54.953302 7f9d8016d700 10 _setattrs 3.54b_head/89d0ed4b/rbd_data.10b16b8b4567.000000000000104a/head//3 = 0
2014-06-12 14:45:54.953313 7f9d8016d700 15 _setattrs 3.54b_head/89d0ed4b/rbd_data.10b16b8b4567.000000000000104a/head//3
2014-06-12 14:45:54.953321 7f9d8016d700 10 _setattrs 3.54b_head/89d0ed4b/rbd_data.10b16b8b4567.000000000000104a/head//3 = 0
2014-06-12 14:45:54.953531 7f9d8016d700 20 set_header setting 17860 cid 3.54b_head oid 89d0ed4b/rbd_data.10b16b8b4567.000000000000104a/head//3 parent seq 0
2014-06-12 14:45:54.953608 7f9d8016d700 20 set_header setting 3 cid meta oid 16ef7597/infos/head//-1 parent seq 0
2014-06-12 14:45:54.953643 7f9d8016d700 20 set_header setting 2088 cid meta oid 1fe10acb/pglog_3.54b/0//-1 parent seq 0
2014-06-12 14:45:54.953655 7f9d8016d700 5 submit_transaction r = 0
2014-06-12 14:45:54.953688 7f9d57543700 5 -- op tracker -- , seq: 747294, time:
2014-06-12 14:45:54.953633, event: header_read, op: osd_sub_op_reply(client.4314.0:144974 3.54b 89d0ed4b/rbd_data.10b16b8b4567.000000000000104a/head//3 [] ondisk, result = 0)
2014-06-12 14:45:54.953701 7f9d57543700 5 -- op tracker -- , seq: 747294, time:
2014-06-12 14:45:54.953637, event: throttled, op: osd_sub_op_reply(client.4314.0:144974 3.54b 89d0ed4b/rbd_data.10b16b8b4567.000000000000104a/head//3 [] ondisk, result = 0)
2014-06-12 14:45:54.953710 7f9d57543700 5 -- op tracker -- , seq: 747294, time:
2014-06-12 14:45:54.953651, event: all_read, op: osd_sub_op_reply(client.4314.0:144974 3.54b 89d0ed4b/rbd_data.10b16b8b4567.000000000000104a/head//3 [] ondisk, result = 0)
2014-06-12 14:45:54.953718 7f9d57543700 5 -- op tracker -- , seq: 747294, time: 0.000000, event: dispatched, op: osd_sub_op_reply(client.4314.0:144974 3.54b 89d0ed4b/rbd_data.10b16b8b4567.000000000000104a/head//3 [] ondisk, result = 0)
2014-06-12 14:45:54.953724 7f9d57543700 10 osd.2 173 handle_replica_op osd_sub_op_reply(client.4314.0:144974 3.54b 89d0ed4b/rbd_data.10b16b8b4567.000000000000104a/head//3 [] ondisk, result = 0) v2 epoch 173
2014-06-12 14:45:54.953735 7f9d57543700 20 osd.2 173 should_share_map osd.23 172.16.96.202:6820/2365 173
2014-06-12 14:45:54.953743 7f9d57543700 15 osd.2 173 enqueue_op 0x6d11b00 prio 196 cost 0 latency 0.000109 osd_sub_op_reply(client.4314.0:144974 3.54b 89d0ed4b/rbd_data.10b16b8b4567.000000000000104a/head//3 [] ondisk, result = 0) v2
2014-06-12 14:45:54.956524 7f9d8016d700 10 _do_op 0x6956660 seq 2453 r = 0, finisher 0x1e3bc960 0x111fa2c0
2014-06-12 14:45:54.956551 7f9d7715b700 10 osd.2 pg_epoch: 173 pg[3.54b( v 173'2708 (0'0,173'2708] local-les=145 n=279 ec=23 les/c 145/145 144/144/133) [2,23] r=0 lpr=144 luod=173'2706 crt=0'0 lcod 173'2705 mlcod 173'2705 active+clean] op_commit: 236132
2014-06-12 14:45:54.956579 7f9d7715b700 5 -- op tracker -- , seq: 747290, time:
2014-06-12 14:45:54.956571, event: op_commit, op: osd_op(client.4314.0:144975 rbd_data.10b16b8b4567.000000000000104a [set-alloc-hint object_size 4194304 write_size 4194304,write 2473984~516096] 3.89d0ed4b ack+ondisk+write+known_if_redirected e173)
2014-06-12 14:45:54.956594 7f9d8016d700 10 _finish_op 0x6956660 seq 2453 osr(3.54b 0x276db30)/0x276db30
2014-06-12 14:45:54.956610 7f9d8016d700 15 KeyValueStore::op_tp worker wq KeyValueStore::OpWQ done processing 0x52e7440 (0 active)
2014-06-12 14:45:54.956620 7f9d8016d700 20 KeyValueStore::op_tp worker waiting
2014-06-12 14:45:54.956901 7f9d7795c700 10 osd.2 pg_epoch: 173 pg[3.54b( v 173'2708 (0'0,173'2708] local-les=145 n=279 ec=23 les/c 145/145 144/144/133) [2,23] r=0 lpr=144 luod=173'2706 crt=0'0 lcod 173'2705 mlcod 173'2705 active+clean] op_applied: 236132
2014-06-12 14:45:54.956928 7f9d7795c700 5 -- op tracker -- , seq: 747290, time:
2014-06-12 14:45:54.956921, event: op_applied, op: osd_op(client.4314.0:144975 rbd_data.10b16b8b4567.000000000000104a [set-alloc-hint object_size 4194304 write_size 4194304,write 2473984~516096] 3.89d0ed4b ack+ondisk+write+known_if_redirected e173)
2014-06-12 14:45:54.956938 7f9d7795c700 10 osd.2 pg_epoch: 173 pg[3.54b( v 173'2708 (0'0,173'2708] local-les=145 n=279 ec=23 les/c 145/145 144/144/133) [2,23] r=0 lpr=144 luod=173'2706 crt=0'0 lcod 173'2705 mlcod 173'2705 active+clean] op_applied on primary on version 173'2708
2014-06-12 14:45:54.957060 7f9d57543700 5 -- op tracker -- , seq: 747295, time:
2014-06-12 14:45:54.957028, event: header_read, op: osd_sub_op_reply(client.4314.0:144975 3.54b 89d0ed4b/rbd_data.10b16b8b4567.000000000000104a/head//3 [] ondisk, result = 0)
2014-06-12 14:45:54.957069 7f9d57543700 5 -- op tracker -- , seq: 747295, time:
2014-06-12 14:45:54.957030, event: throttled, op: osd_sub_op_reply(client.4314.0:144975 3.54b 89d0ed4b/rbd_data.10b16b8b4567.000000000000104a/head//3 [] ondisk, result = 0)
2014-06-12 14:45:54.957076 7f9d57543700 5 -- op tracker -- , seq: 747295, time:
2014-06-12 14:45:54.957038, event: all_read, op: osd_sub_op_reply(client.4314.0:144975 3.54b 89d0ed4b/rbd_data.10b16b8b4567.000000000000104a/head//3 [] ondisk, result = 0)
2014-06-12 14:45:54.957083 7f9d57543700 5 -- op tracker -- , seq: 747295, time: 0.000000, event: dispatched, op: osd_sub_op_reply(client.4314.0:144975 3.54b 89d0ed4b/rbd_data.10b16b8b4567.000000000000104a/head//3 [] ondisk, result = 0)
2014-06-12 14:45:54.957086 7f9d57543700 10 osd.2 173 handle_replica_op osd_sub_op_reply(client.4314.0:144975 3.54b 89d0ed4b/rbd_data.10b16b8b4567.000000000000104a/head//3 [] ondisk, result = 0) v2 epoch 173
2014-06-12 14:45:54.957091 7f9d57543700 20 osd.2 173 should_share_map osd.23 172.16.96.202:6820/2365 173
2014-06-12 14:45:54.957100 7f9d57543700 15 osd.2 173 enqueue_op 0x2910a00 prio 196 cost 0 latency 0.000072 osd_sub_op_reply(client.4314.0:144975 3.54b 89d0ed4b/rbd_data.10b16b8b4567.000000000000104a/head//3 [] ondisk, result = 0) v2
2014-06-12 14:45:54.957125 7f9d64bda700 12 OSD::op_tp worker wq OSD::OpWQ start processing 0x1 (1 active)
2014-06-12 14:45:54.957131 7f9d64bda700 10 osd.2 173 dequeue_op 0x6d11b00 prio 196 cost 0 latency 0.003498 osd_sub_op_reply(client.4314.0:144974 3.54b 89d0ed4b/rbd_data.10b16b8b4567.000000000000104a/head//3 [] ondisk, result = 0) v2 pg pg[3.54b( v 173'2708 (0'0,173'2708] local-les=145 n=279 ec=23 les/c 145/145 144/144/133) [2,23] r=0 lpr=144 luod=173'2706 crt=0'0 lcod 173'2705 mlcod 173'2705 active+clean]
2014-06-12 14:45:54.957147 7f9d64bda700 5 -- op tracker -- , seq: 747294, time:
2014-06-12 14:45:54.957144, event: reached_pg, op: osd_sub_op_reply(client.4314.0:144974 3.54b 89d0ed4b/rbd_data.10b16b8b4567.000000000000104a/head//3 [] ondisk, result = 0)
2014-06-12 14:45:54.957154 7f9d64bda700 10 osd.2 pg_epoch: 173 pg[3.54b( v 173'2708 (0'0,173'2708] local-les=145 n=279 ec=23 les/c 145/145 144/144/133) [2,23] r=0 lpr=144 luod=173'2706 crt=0'0 lcod 173'2705 mlcod 173'2705 active+clean] handle_message: 0x6d11b00
2014-06-12 14:45:54.957167 7f9d64bda700 5 -- op tracker -- , seq: 747294, time:
2014-06-12 14:45:54.957164, event: started, op: osd_sub_op_reply(client.4314.0:144974 3.54b 89d0ed4b/rbd_data.10b16b8b4567.000000000000104a/head//3 [] ondisk, result = 0)
2014-06-12 14:45:54.957171 7f9d64bda700 7 osd.2 pg_epoch: 173 pg[3.54b( v 173'2708 (0'0,173'2708] local-les=145 n=279 ec=23 les/c 145/145 144/144/133) [2,23] r=0 lpr=144 luod=173'2706 crt=0'0 lcod 173'2705 mlcod 173'2705 active+clean] sub_op_modify_reply: tid 236131 op ack_type 4 from 23
2014-06-12 14:45:54.957191 7f9d64bda700 5 -- op tracker -- , seq: 747288, time:
2014-06-12 14:45:54.957185, event: sub_op_commit_rec, op: osd_op(client.4314.0:144974 rbd_data.10b16b8b4567.000000000000104a [set-alloc-hint object_size 4194304 write_size 4194304,write 1957888~516096] 3.89d0ed4b ack+ondisk+write+known_if_redirected e173)
2014-06-12 14:45:54.957196 7f9d64bda700 10 osd.2 pg_epoch: 173 pg[3.54b( v 173'2708 (0'0,173'2708] local-les=145 n=279 ec=23 les/c 145/145 144/144/133) [2,23] r=0 lpr=144 luod=173'2706 crt=0'0 lcod 173'2705 mlcod 173'2705 active+clean] repop_all_applied: repop tid 236131 all applied
2014-06-12 14:45:54.957206 7f9d64bda700 10 osd.2 pg_epoch: 173 pg[3.54b( v 173'2708 (0'0,173'2708] local-les=145 n=279 ec=23 les/c 145/145 144/144/133) [2,23] r=0 lpr=144 luod=173'2706 crt=0'0 lcod 173'2705 mlcod 173'2705 active+clean] eval_repop repgather(0x12ae2540 173'2707 rep_tid=236131 committed?=0 applied?=1 lock=0 op=osd_op(client.4314.0:144974 rbd_data.10b16b8b4567.000000000000104a [set-alloc-hint object_size 4194304 write_size 4194304,write 1957888~516096] 3.89d0ed4b ack+ondisk+write+known_if_redirected e173) v4) wants=ad
2014-06-12 14:45:54.957219 7f9d64bda700 10 osd.2 pg_epoch: 173 pg[3.54b( v 173'2708 (0'0,173'2708] local-les=145 n=279 ec=23 les/c 145/145 144/144/133) [2,23] r=0 lpr=144 luod=173'2706 crt=0'0 lcod 173'2705 mlcod 173'2705 active+clean] sending ack on repgather(0x12ae2540 173'2707 rep_tid=236131 committed?=0 applied?=1 lock=0 op=osd_op(client.4314.0:144974 rbd_data.10b16b8b4567.000000000000104a [set-alloc-hint object_size 4194304 write_size 4194304,write 1957888~516096] 3.89d0ed4b ack+ondisk+write+known_if_redirected e173) v4) 0x16ad1400
2014-06-12 14:45:54.957244 7f9d64bda700 10 osd.2 pg_epoch: 173 pg[3.54b( v 173'2708 (0'0,173'2708] local-les=145 n=279 ec=23 les/c 145/145 144/144/133) [2,23] r=0 lpr=144 luod=173'2706 crt=0'0 lcod 173'2705 mlcod 173'2705 active+clean] repop_all_committed: repop tid 236131 all committed
2014-06-12 14:45:54.957261 7f9d63bd8700 12 OSD::op_tp worker wq OSD::OpWQ start processing 0x1 (2 active)
2014-06-12 14:45:54.957253 7f9d64bda700 10 osd.2 pg_epoch: 173 pg[3.54b( v 173'2708 (0'0,173'2708] local-les=145 n=279 ec=23 les/c 145/145 144/144/133) [2,23] r=0 lpr=144 luod=173'2707 crt=0'0 lcod 173'2706 mlcod 173'2705 active+clean] eval_repop repgather(0x12ae2540 173'2707 rep_tid=236131 committed?=1 applied?=1 lock=0 op=osd_op(client.4314.0:144974 rbd_data.10b16b8b4567.000000000000104a [set-alloc-hint object_size 4194304 write_size 4194304,write 1957888~516096] 3.89d0ed4b ack+ondisk+write+known_if_redirected e173) v4) wants=ad
2014-06-12 14:45:54.957267 7f9d64bda700 15 osd.2 pg_epoch: 173 pg[3.54b( v 173'2708 (0'0,173'2708] local-les=145 n=279 ec=23 les/c 145/145 144/144/133) [2,23] r=0 lpr=144 luod=173'2707 crt=0'0 lcod 173'2706 mlcod 173'2705 active+clean] log_op_stats osd_op(client.4314.0:144974 rbd_data.10b16b8b4567.000000000000104a [set-alloc-hint object_size 4194304 write_size 4194304,write 1957888~516096] 3.89d0ed4b ack+ondisk+write+known_if_redirected e173) v4 inb 516375 outb 0 rlat 0.031686 lat 0.031709
2014-06-12 14:45:54.957280 7f9d64bda700 15 osd.2 pg_epoch: 173 pg[3.54b( v 173'2708 (0'0,173'2708] local-les=145 n=279 ec=23 les/c 145/145 144/144/133) [2,23] r=0 lpr=144 luod=173'2707 crt=0'0 lcod 173'2706 mlcod 173'2705 active+clean] publish_stats_to_osd 173:3602
2014-06-12 14:45:54.957291 7f9d64bda700 10 osd.2 pg_epoch: 173 pg[3.54b( v 173'2708 (0'0,173'2708] local-les=145 n=279 ec=23 les/c 145/145 144/144/133) [2,23] r=0 lpr=144 luod=173'2707 crt=0'0 lcod 173'2706 mlcod 173'2705 active+clean] sending commit on repgather(0x12ae2540 173'2707 rep_tid=236131 committed?=1 applied?=1 lock=0 op=osd_op(client.4314.0:144974 rbd_data.10b16b8b4567.000000000000104a [set-alloc-hint object_size 4194304 write_size 4194304,write 1957888~516096] 3.89d0ed4b ack+ondisk+write+known_if_redirected e173) v4) 0x26fdef00
2014-06-12 14:45:54.957316 7f9d64bda700 5 -- op tracker -- , seq: 747288, time:
2014-06-12 14:45:54.957311, event: commit_sent, op: osd_op(client.4314.0:144974 rbd_data.10b16b8b4567.000000000000104a [set-alloc-hint object_size 4194304 write_size 4194304,write 1957888~516096] 3.89d0ed4b ack+ondisk+write+known_if_redirected e173)
2014-06-12 14:45:54.957322 7f9d64bda700 15 osd.2 pg_epoch: 173 pg[3.54b( v 173'2708 (0'0,173'2708] local-les=145 n=279 ec=23 les/c 145/145 144/144/133) [2,23] r=0 lpr=144 luod=173'2707 crt=0'0 lcod 173'2706 mlcod 173'2705 active+clean] requeue_ops
2014-06-12 14:45:54.957331 7f9d64bda700 10 osd.2 pg_epoch: 173 pg[3.54b( v 173'2708 (0'0,173'2708] local-les=145 n=279 ec=23 les/c 145/145 144/144/133) [2,23] r=0 lpr=144 luod=173'2707 crt=0'0 lcod 173'2706 mlcod 173'2706 active+clean] removing repgather(0x12ae2540 173'2707 rep_tid=236131 committed?=1 applied?=1 op=osd_op(client.4314.0:144974 rbd_data.10b16b8b4567.000000000000104a [set-alloc-hint object_size 4194304 write_size 4194304,write 1957888~516096] 3.89d0ed4b ack+ondisk+write+known_if_redirected e173) v4)
2014-06-12 14:45:54.957343 7f9d64bda700 20 osd.2 pg_epoch: 173 pg[3.54b( v 173'2708 (0'0,173'2708] local-les=145 n=279 ec=23 les/c 145/145 144/144/133) [2,23] r=0 lpr=144 luod=173'2707 crt=0'0 lcod 173'2706 mlcod 173'2706 active+clean] q front is repgather(0x12ae2540 173'2707 rep_tid=236131 committed?=1 applied?=1 op=osd_op(client.4314.0:144974 rbd_data.10b16b8b4567.000000000000104a [set-alloc-hint object_size 4194304 write_size 4194304,write 1957888~516096] 3.89d0ed4b ack+ondisk+write+known_if_redirected e173) v4)
2014-06-12 14:45:54.957357 7f9d64bda700 20 osd.2 pg_epoch: 173 pg[3.54b( v 173'2708 (0'0,173'2708] local-les=145 n=279 ec=23 les/c 145/145 144/144/133) [2,23] r=0 lpr=144 luod=173'2707 crt=0'0 lcod 173'2706 mlcod 173'2706 active+clean] remove_repop repgather(0x12ae2540 173'2707 rep_tid=236131 committed?=1 applied?=1 op=osd_op(client.4314.0:144974 rbd_data.10b16b8b4567.000000000000104a [set-alloc-hint object_size 4194304 write_size 4194304,write 1957888~516096] 3.89d0ed4b ack+ondisk+write+known_if_redirected e173) v4)
2014-06-12 14:45:54.957369 7f9d64bda700 15 osd.2 pg_epoch: 173 pg[3.54b( v 173'2708 (0'0,173'2708] local-les=145 n=279 ec=23 les/c 145/145 144/144/133) [2,23] r=0 lpr=144 luod=173'2707 crt=0'0 lcod 173'2706 mlcod 173'2706 active+clean] requeue_ops
2014-06-12 14:45:54.957385 7f9d64bda700 5 -- op tracker -- , seq: 747288, time:
2014-06-12 14:45:54.957380, event: done, op: osd_op(client.4314.0:144974 rbd_data.10b16b8b4567.000000000000104a [set-alloc-hint object_size 4194304 write_size 4194304,write 1957888~516096] 3.89d0ed4b ack+ondisk+write+known_if_redirected e173)
2014-06-12 14:45:54.957400 7f9d64bda700 10 osd.2 173 dequeue_op 0x6d11b00 finish
2014-06-12 14:45:54.957409 7f9d64bda700 5 -- op tracker -- , seq: 747294, time:
2014-06-12 14:45:54.957406, event: done, op: osd_sub_op_reply(client.4314.0:144974 3.54b 89d0ed4b/rbd_data.10b16b8b4567.000000000000104a/head//3 [] ondisk, result = 0)
2014-06-12 14:45:54.957418 7f9d64bda700 15 OSD::op_tp worker wq OSD::OpWQ done processing 0x1 (1 active)
2014-06-12 14:45:54.957420 7f9d64bda700 20 OSD::op_tp worker waiting
