2018-07-02 18:44:04.924126 7f2738ddf700 10 client.7567865 mark_caps_dirty 10000000980.head(faked_ino=0 ref=6 ll_ref=1 cap_refs={1024=1,2048=0,4096=1,8192=1} open={1=0,2=2} mode=100644 size=21474836480/25769803776 mtime=2018-07-02 18:44:04.924125 caps=pAsxLsXsxFsxcrwb(0=pAsxLsXsxFsxcrwb) dirty_caps=Fw flushing_caps=Fw objectset[10000000980 ts 0/0 objects 1000 dirty_or_tx 524288] 0x55eb03ad0500) Fw -> Fw
2018-07-02 18:44:04.924144 7f2738ddf700 3 client.7567865 ll_write 0x55eb0b304480 7315259392~131072 = 131072
2018-07-02 18:44:04.924396 7f27385de700 3 client.7567865 ll_write 0x55eb0b304480 10000000980 7315390464~131072
2018-07-02 18:44:04.924409 7f27385de700 10 client.7567865 cur file size is 21474836480
2018-07-02 18:44:04.924496 7f27385de700 10 client.7567865 get_caps 10000000980.head(faked_ino=0 ref=6 ll_ref=1 cap_refs={1024=1,2048=0,4096=0,8192=1} open={1=0,2=2} mode=100644 size=21474836480/25769803776 mtime=2018-07-02 18:44:04.924125 caps=pAsxLsXsxFsxcrwb(0=pAsxLsXsxFsxcrwb) dirty_caps=Fw flushing_caps=Fw objectset[10000000980 ts 0/0 objects 1000 dirty_or_tx 524288] 0x55eb03ad0500) have pAsxLsXsxFsxcrwb need Fw want Fb but not Fb revoking -
2018-07-02 18:44:04.924522 7f27385de700 10 client.7567865 snaprealm snaprealm(1 nref=9 c=0 seq=1 parent=0 my_snaps=[] cached_snapc=1=[])
2018-07-02 18:44:04.924540 7f27385de700 7 client.7567865 wrote to 7315521536, leaving file size at 21474836480
2018-07-02 18:44:04.924545 7f27385de700 10 client.7567865 mark_caps_dirty 10000000980.head(faked_ino=0 ref=6 ll_ref=1 cap_refs={1024=1,2048=0,4096=1,8192=1} open={1=0,2=2} mode=100644 size=21474836480/25769803776 mtime=2018-07-02 18:44:04.924544 caps=pAsxLsXsxFsxcrwb(0=pAsxLsXsxFsxcrwb) dirty_caps=Fw flushing_caps=Fw objectset[10000000980 ts 0/0 objects 1000 dirty_or_tx 655360] 0x55eb03ad0500) Fw -> Fw
2018-07-02 18:44:04.924560 7f27385de700 3 client.7567865 ll_write 0x55eb0b304480 7315390464~131072 = 131072
2018-07-02 18:44:04.924840 7f2734ab8700 3 client.7567865 ll_write 0x55eb0b304480 10000000980 7315521536~131072
2018-07-02 18:44:04.924854 7f2734ab8700 10 client.7567865 cur file size is 21474836480
2018-07-02 18:44:04.924967 7f2734ab8700 10 client.7567865 get_caps 10000000980.head(faked_ino=0 ref=6 ll_ref=1 cap_refs={1024=1,2048=0,4096=0,8192=1} open={1=0,2=2} mode=100644 size=21474836480/25769803776 mtime=2018-07-02 18:44:04.924544 caps=pAsxLsXsxFsxcrwb(0=pAsxLsXsxFsxcrwb) dirty_caps=Fw flushing_caps=Fw objectset[10000000980 ts 0/0 objects 1000 dirty_or_tx 655360] 0x55eb03ad0500) have pAsxLsXsxFsxcrwb need Fw want Fb but not Fb revoking -
2018-07-02 18:44:04.924992 7f2734ab8700 10 client.7567865 snaprealm snaprealm(1 nref=9 c=0 seq=1 parent=0 my_snaps=[] cached_snapc=1=[])
2018-07-02 18:44:04.925010 7f2734ab8700 7 client.7567865 wrote to 7315652608, leaving file size at 21474836480
2018-07-02 18:44:04.925014 7f2734ab8700 10 client.7567865 mark_caps_dirty 10000000980.head(faked_ino=0 ref=6 ll_ref=1 cap_refs={1024=1,2048=0,4096=1,8192=1} open={1=0,2=2} mode=100644 size=21474836480/25769803776 mtime=2018-07-02 18:44:04.925014 caps=pAsxLsXsxFsxcrwb(0=pAsxLsXsxFsxcrwb) dirty_caps=Fw flushing_caps=Fw objectset[10000000980 ts 0/0 objects 1000 dirty_or_tx 786432] 0x55eb03ad0500) Fw -> Fw
2018-07-02 18:44:04.925029 7f2734ab8700 3 client.7567865 ll_write 0x55eb0b304480 7315521536~131072 = 131072
2018-07-02 18:44:04.925297 7f273bee6700 3 client.7567865 ll_write 0x55eb0b304480 10000000980 7315652608~131072
2018-07-02 18:44:04.925317 7f273bee6700 10 client.7567865 cur file size is 21474836480
2018-07-02 18:44:04.925456 7f273bee6700 10 client.7567865 get_caps 10000000980.head(faked_ino=0 ref=6 ll_ref=1 cap_refs={1024=1,2048=0,4096=0,8192=1} open={1=0,2=2} mode=100644 size=21474836480/25769803776 mtime=2018-07-02 18:44:04.925014 caps=pAsxLsXsxFsxcrwb(0=pAsxLsXsxFsxcrwb) dirty_caps=Fw flushing_caps=Fw objectset[10000000980 ts 0/0 objects 1000 dirty_or_tx 786432] 0x55eb03ad0500) have pAsxLsXsxFsxcrwb need Fw want Fb but not Fb revoking -
2018-07-02 18:44:04.925494 7f273bee6700 10 client.7567865 snaprealm snaprealm(1 nref=9 c=0 seq=1 parent=0 my_snaps=[] cached_snapc=1=[])
2018-07-02 18:44:04.925524 7f273bee6700 7 client.7567865 wrote to 7315783680, leaving file size at 21474836480
2018-07-02 18:44:04.925531 7f273bee6700 10 client.7567865 mark_caps_dirty 10000000980.head(faked_ino=0 ref=6 ll_ref=1 cap_refs={1024=1,2048=0,4096=1,8192=1} open={1=0,2=2} mode=100644 size=21474836480/25769803776 mtime=2018-07-02 18:44:04.925530 caps=pAsxLsXsxFsxcrwb(0=pAsxLsXsxFsxcrwb) dirty_caps=Fw flushing_caps=Fw objectset[10000000980 ts 0/0 objects 1000 dirty_or_tx 917504] 0x55eb03ad0500) Fw -> Fw
2018-07-02 18:44:04.925555 7f273bee6700 3 client.7567865 ll_write 0x55eb0b304480 7315652608~131072 = 131072
2018-07-02 18:44:04.925798 7f2730868700 3 client.7567865 ll_write 0x55eb0b304480 10000000980 7315783680~131072
2018-07-02 18:44:04.925824 7f2730868700 10 client.7567865 cur file size is 21474836480
2018-07-02 18:44:04.925862 7f2730868700 10 client.7567865 get_caps 10000000980.head(faked_ino=0 ref=6 ll_ref=1 cap_refs={1024=1,2048=0,4096=0,8192=1} open={1=0,2=2} mode=100644 size=21474836480/25769803776 mtime=2018-07-02 18:44:04.925530 caps=pAsxLsXsxFsxcrwb(0=pAsxLsXsxFsxcrwb) dirty_caps=Fw flushing_caps=Fw objectset[10000000980 ts 0/0 objects 1000 dirty_or_tx 917504] 0x55eb03ad0500) have pAsxLsXsxFsxcrwb need Fw want Fb but not Fb revoking -
2018-07-02 18:44:04.925888 7f2730868700 10 client.7567865 snaprealm snaprealm(1 nref=9 c=0 seq=1 parent=0 my_snaps=[] cached_snapc=1=[])
2018-07-02 18:44:04.925909 7f2730868700 7 client.7567865 wrote to 7315914752, leaving file size at 21474836480
2018-07-02 18:44:04.925915 7f2730868700 10 client.7567865 mark_caps_dirty 10000000980.head(faked_ino=0 ref=6 ll_ref=1 cap_refs={1024=1,2048=0,4096=1,8192=1} open={1=0,2=2} mode=100644 size=21474836480/25769803776 mtime=2018-07-02 18:44:04.925914 caps=pAsxLsXsxFsxcrwb(0=pAsxLsXsxFsxcrwb) dirty_caps=Fw flushing_caps=Fw objectset[10000000980 ts 0/0 objects 1000 dirty_or_tx 1048576] 0x55eb03ad0500) Fw -> Fw
2018-07-02 18:44:04.925930 7f2730868700 3 client.7567865 ll_write 0x55eb0b304480 7315783680~131072 = 131072
2018-07-02 18:44:04.925985 7f273a5e2700 20 client.7567865 _ll_get 0x55eb03ad0500 10000000980 -> 2
2018-07-02 18:44:04.925998 7f273a5e2700 3 client.7567865 ll_getxattr 10000000980.head security.capability size 0
2018-07-02 18:44:04.926002 7f273a5e2700 10 client.7567865 _getattr mask AsXs issued=1
2018-07-02 18:44:04.926006 7f273a5e2700 3 client.7567865 xattr_permission 0x55eb03ad0500 = 0
2018-07-02 18:44:04.926009 7f273a5e2700 10 client.7567865 _getattr mask Xs issued=1
2018-07-02 18:44:04.926012 7f273a5e2700 3 client.7567865 _getxattr(10000000980, "security.capability", 0) = -61
2018-07-02 18:44:04.926021 7f273ade3700 20 client.7567865 _ll_get 0x55eb03ad0500 10000000980 -> 3
2018-07-02 18:44:04.926033 7f273ade3700 3 client.7567865 ll_getattr 10000000980.head
2018-07-02 18:44:04.926036 7f273ade3700 10 client.7567865 _getattr mask pAsLsXsFs issued=1
2018-07-02 18:44:04.926041 7f273ade3700 10 client.7567865 fill_stat on 10000000980 snap/devhead mode 0100644 mtime 2018-07-02 18:44:04.925914 ctime 2018-07-02 11:03:27.574015
2018-07-02 18:44:04.926053 7f273ade3700 3 client.7567865 ll_getattr 10000000980.head = 0
2018-07-02 18:44:04.926060 7f273a5e2700 3 client.7567865 ll_forget 10000000980 1
2018-07-02 18:44:04.926062 7f273a5e2700 20 client.7567865 _ll_put 0x55eb03ad0500 10000000980 1 -> 2
2018-07-02 18:44:04.926065 7f273ade3700 3 client.7567865 ll_forget 10000000980 1
2018-07-02 18:44:04.926067 7f273ade3700 20 client.7567865 _ll_put 0x55eb03ad0500 10000000980 1 -> 1
2018-07-02 18:44:04.926075 7f273cee8700 3 client.7567865 ll_release (fh)0x55eb0b304480 10000000980
2018-07-02 18:44:04.926083 7f273cee8700 5 client.7567865 _release_fh 0x55eb0b304480 mode 2 on 10000000980.head(faked_ino=0 ref=6 ll_ref=1 cap_refs={1024=1,2048=0,4096=0,8192=1} open={1=0,2=2} mode=100644 size=21474836480/25769803776 mtime=2018-07-02 18:44:04.925914 caps=pAsxLsXsxFsxcrwb(0=pAsxLsXsxFsxcrwb) dirty_caps=Fw flushing_caps=Fw objectset[10000000980 ts 0/0 objects 1000 dirty_or_tx 1048576] 0x55eb03ad0500)
2018-07-02 18:44:04.926103 7f273cee8700 10 client.7567865 _release_fh 0x55eb0b304480 on inode 10000000980.head(faked_ino=0 ref=6 ll_ref=1 cap_refs={1024=1,2048=0,4096=0,8192=1} open={1=0,2=1} mode=100644 size=21474836480/25769803776 mtime=2018-07-02 18:44:04.925914 caps=pAsxLsXsxFsxcrwb(0=pAsxLsXsxFsxcrwb) dirty_caps=Fw flushing_caps=Fw objectset[10000000980 ts 0/0 objects 1000 dirty_or_tx 1048576] 0x55eb03ad0500) no async_err state
2018-07-02 18:44:04.926117 7f273cee8700 10 client.7567865 put_inode on 10000000980.head(faked_ino=0 ref=6 ll_ref=1 cap_refs={1024=1,2048=0,4096=0,8192=1} open={1=0,2=1} mode=100644 size=21474836480/25769803776 mtime=2018-07-02 18:44:04.925914 caps=pAsxLsXsxFsxcrwb(0=pAsxLsXsxFsxcrwb) dirty_caps=Fw flushing_caps=Fw objectset[10000000980 ts 0/0 objects 1000 dirty_or_tx 1048576] 0x55eb03ad0500)
2018-07-02 18:44:04.926129 7f273cee8700 15 inode.put on 0x55eb03ad0500 10000000980.head now 5
2018-07-02 18:44:04.926172 7f273cee8700 3 client.7567865 ll_write 0x55eb0ea2cf00 10000000980 7315914752~131072
2018-07-02 18:44:04.926179 7f273cee8700 10 client.7567865 cur file size is 21474836480
2018-07-02 18:44:04.926215 7f273cee8700 10 client.7567865 get_caps 10000000980.head(faked_ino=0 ref=5 ll_ref=1 cap_refs={1024=1,2048=0,4096=0,8192=1} open={1=0,2=1} mode=100644 size=21474836480/25769803776 mtime=2018-07-02 18:44:04.925914 caps=pAsxLsXsxFsxcrwb(0=pAsxLsXsxFsxcrwb) dirty_caps=Fw flushing_caps=Fw objectset[10000000980 ts 0/0 objects 1000 dirty_or_tx 1048576] 0x55eb03ad0500) have pAsxLsXsxFsxcrwb need Fw want Fb but not Fb revoking -
2018-07-02 18:44:04.926231 7f273cee8700 10 client.7567865 snaprealm snaprealm(1 nref=9 c=0 seq=1 parent=0 my_snaps=[] cached_snapc=1=[])
2018-07-02 18:44:04.926249 7f273cee8700 7 client.7567865 wrote to 7316045824, leaving file size at 21474836480
2018-07-02 18:44:04.926253 7f273cee8700 10 client.7567865 mark_caps_dirty 10000000980.head(faked_ino=0 ref=5 ll_ref=1 cap_refs={1024=1,2048=0,4096=1,8192=1} open={1=0,2=1} mode=100644 size=21474836480/25769803776 mtime=2018-07-02 18:44:04.926253 caps=pAsxLsXsxFsxcrwb(0=pAsxLsXsxFsxcrwb) dirty_caps=Fw flushing_caps=Fw objectset[10000000980 ts 0/0 objects 1000 dirty_or_tx 1179648] 0x55eb03ad0500) Fw -> Fw
2018-07-02 18:44:05.869120 7f2739de1700 10 client.7567865 _create_fh 10000000980 mode 1
2018-07-02 18:44:05.869123 7f2739de1700 20 client.7567865 trim_cache size 6 max 16384
2018-07-02 18:44:05.869126 7f2739de1700 3 client.7567865 ll_open 10000000980.head 0 = 0 (0x55eb0b307780)
2018-07-02 18:44:05.869134 7f27385de700 3 client.7567865 ll_read 0x55eb03b83f80 10000000980 18845270016~131072
2018-07-02 18:44:05.869145 7f27385de700 10 client.7567865 get_caps 10000000980.head(faked_ino=0 ref=6 ll_ref=2 cap_refs={1024=2,2048=2,4096=0,8192=0} open={1=2,2=0} mode=100644 size=21474836480/25769803776 mtime=2018-07-02 18:44:05.825427 caps=pAsxLsXsxFsxcrwb(0=pAsxLsXsxFsxcrwb) flushing_caps=Fw objectset[10000000980 ts 0/0 objects 1001 dirty_or_tx 0] 0x55eb03ad0500) have pAsxLsXsxFsxcrwb need Fr want Fc but not Fc revoking -
2018-07-02 18:44:05.869178 7f27385de700 10 client.7567865 _read_async 10000000980.head(faked_ino=0 ref=6 ll_ref=2 cap_refs={1024=2,2048=3,4096=0,8192=0} open={1=2,2=0} mode=100644 size=21474836480/25769803776 mtime=2018-07-02 18:44:05.825427 caps=pAsxLsXsxFsxcrwb(0=pAsxLsXsxFsxcrwb) flushing_caps=Fw objectset[10000000980 ts 0/0 objects 1001 dirty_or_tx 0] 0x55eb03ad0500) 18845270016~131072
2018-07-02 18:44:05.869192 7f27385de700 10 client.7567865 min_bytes=131072 max_bytes=16777216 max_periods=4
2018-07-02 18:44:05.869255 7f2739de1700 3 client.7567865 ll_forget 10000000980 1
2018-07-02 18:44:05.869260 7f2739de1700 20 client.7567865 _ll_put 0x55eb03ad0500 10000000980 1 -> 1
2018-07-02 18:44:05.869269 7f273bee6700 3 client.7567865 ll_read 0x55eb0b307780 10000000980 18846056448~131072
2018-07-02 18:44:05.869284 7f273bee6700 10 client.7567865 get_caps 10000000980.head(faked_ino=0 ref=6 ll_ref=1 cap_refs={1024=3,2048=3,4096=0,8192=0} open={1=2,2=0} mode=100644 size=21474836480/25769803776 mtime=2018-07-02 18:44:05.825427 caps=pAsxLsXsxFsxcrwb(0=pAsxLsXsxFsxcrwb) flushing_caps=Fw objectset[10000000980 ts 0/0 objects 1001 dirty_or_tx 0] 0x55eb03ad0500) have pAsxLsXsxFsxcrwb need Fr want Fc but not Fc revoking -
2018-07-02 18:44:05.869318 7f273bee6700 10 client.7567865 _read_async 10000000980.head(faked_ino=0 ref=6 ll_ref=1 cap_refs={1024=3,2048=4,4096=0,8192=0} open={1=2,2=0} mode=100644 size=21474836480/25769803776 mtime=2018-07-02 18:44:05.825427 caps=pAsxLsXsxFsxcrwb(0=pAsxLsXsxFsxcrwb) flushing_caps=Fw objectset[10000000980 ts 0/0 objects 1001 dirty_or_tx 0] 0x55eb03ad0500) 18846056448~131072
2018-07-02 18:44:05.869335 7f273bee6700 10 client.7567865 min_bytes=131072 max_bytes=16777216 max_periods=4
2018-07-02 18:44:05.869428 7f2738ddf700 3 client.7567865 ll_read 0x55eb0b307780 10000000980 18846187520~131072
2018-07-02 18:44:05.869436 7f2738ddf700 10 client.7567865 get_caps 10000000980.head(faked_ino=0 ref=6 ll_ref=1 cap_refs={1024=4,2048=4,4096=0,8192=0} open={1=2,2=0} mode=100644 size=21474836480/25769803776 mtime=2018-07-02 18:44:05.825427 caps=pAsxLsXsxFsxcrwb(0=pAsxLsXsxFsxcrwb) flushing_caps=Fw objectset[10000000980 ts 0/0 objects 1001 dirty_or_tx 0] 0x55eb03ad0500) have pAsxLsXsxFsxcrwb need Fr want Fc but not Fc revoking -
2018-07-02 18:44:05.869455 7f2738ddf700 10 client.7567865 _read_async 10000000980.head(faked_ino=0 ref=6 ll_ref=1 cap_refs={1024=4,2048=5,4096=0,8192=0} open={1=2,2=0} mode=100644 size=21474836480/25769803776 mtime=2018-07-02 18:44:05.825427 caps=pAsxLsXsxFsxcrwb(0=pAsxLsXsxFsxcrwb) flushing_caps=Fw objectset[10000000980 ts 0/0 objects 1001 dirty_or_tx 0] 0x55eb03ad0500) 18846187520~131072
2018-07-02 18:44:05.869465 7f2738ddf700 10 client.7567865 min_bytes=131072 max_bytes=16777216 max_periods=4
2018-07-02 18:44:05.870289 7f2734ab8700 3 client.7567865 ll_read 0x55eb03b83f80 10000000980 18845401088~131072
2018-07-02 18:44:05.870307 7f2734ab8700 10 client.7567865 get_caps 10000000980.head(faked_ino=0 ref=6 ll_ref=1 cap_refs={1024=4,2048=4,4096=0,8192=0} open={1=2,2=0} mode=100644 size=21474836480/25769803776 mtime=2018-07-02 18:44:05.825427 caps=pAsxLsXsxFsxcrwb(0=pAsxLsXsxFsxcrwb) flushing_caps=Fw objectset[10000000980 ts 0/0 objects 1000 dirty_or_tx 0] 0x55eb03ad0500) have pAsxLsXsxFsxcrwb need Fr want Fc but not Fc revoking -
2018-07-02 18:44:05.870341 7f2734ab8700 10 client.7567865 _read_async 10000000980.head(faked_ino=0 ref=6 ll_ref=1 cap_refs={1024=4,2048=5,4096=0,8192=0} open={1=2,2=0} mode=100644 size=21474836480/25769803776 mtime=2018-07-02 18:44:05.825427 caps=pAsxLsXsxFsxcrwb(0=pAsxLsXsxFsxcrwb) flushing_caps=Fw objectset[10000000980 ts 0/0 objects 1000 dirty_or_tx 0] 0x55eb03ad0500) 18845401088~131072
2018-07-02 18:44:05.870358 7f2734ab8700 10 client.7567865 min_bytes=131072 max_bytes=16777216 max_periods=4
2018-07-02 18:44:05.870540 7f27385de700 20 client.7567865 readahead 18845401088~131072 (caller wants 18845270016~131072)
2018-07-02 18:44:05.870564 7f27385de700 20 client.7567865 readahead initiated, c 0x55eb09b38900
2018-07-02 18:44:05.870694 7f2730868700 3 client.7567865 ll_read 0x55eb0b307780 10000000980 18846318592~131072
2018-07-02 18:44:05.870702 7f2730868700 10 client.7567865 get_caps 10000000980.head(faked_ino=0 ref=6 ll_ref=1 cap_refs={1024=4,2048=4,4096=0,8192=0} open={1=2,2=0} mode=100644 size=21474836480/25769803776 mtime=2018-07-02 18:44:05.825427 caps=pAsxLsXsxFsxcrwb(0=pAsxLsXsxFsxcrwb) flushing_caps=Fw objectset[10000000980 ts 0/0 objects 1000 dirty_or_tx 0] 0x55eb03ad0500) have pAsxLsXsxFsxcrwb need Fr want Fc but not Fc revoking -
2018-07-02 18:44:05.870730 7f2730868700 10 client.7567865 _read_async 10000000980.head(faked_ino=0 ref=6 ll_ref=1 cap_refs={1024=4,2048=5,4096=0,8192=0} open={1=2,2=0} mode=100644 size=21474836480/25769803776 mtime=2018-07-02 18:44:05.825427 caps=pAsxLsXsxFsxcrwb(0=pAsxLsXsxFsxcrwb) flushing_caps=Fw objectset[10000000980 ts 0/0 objects 1000 dirty_or_tx 0] 0x55eb03ad0500) 18846318592~131072
2018-07-02 18:44:05.870760 7f2730868700 10 client.7567865 min_bytes=131072 max_bytes=16777216 max_periods=4
2018-07-02 18:44:05.870836 7f273ade3700 3 client.7567865 ll_read 0x55eb03b83f80 10000000980 18845532160~131072
2018-07-02 18:44:05.870852 7f273ade3700 10 client.7567865 get_caps 10000000980.head(faked_ino=0 ref=6 ll_ref=1 cap_refs={1024=5,2048=5,4096=0,8192=0} open={1=2,2=0} mode=100644 size=21474836480/25769803776 mtime=2018-07-02 18:44:05.825427 caps=pAsxLsXsxFsxcrwb(0=pAsxLsXsxFsxcrwb) flushing_caps=Fw objectset[10000000980 ts 0/0 objects 1000 dirty_or_tx 0] 0x55eb03ad0500) have pAsxLsXsxFsxcrwb need Fr want Fc but not Fc revoking -
2018-07-02 18:44:05.870884 7f273ade3700 10 client.7567865 _read_async 10000000980.head(faked_ino=0 ref=6 ll_ref=1 cap_refs={1024=5,2048=6,4096=0,8192=0} open={1=2,2=0} mode=100644 size=21474836480/25769803776 mtime=2018-07-02 18:44:05.825427 caps=pAsxLsXsxFsxcrwb(0=pAsxLsXsxFsxcrwb) flushing_caps=Fw objectset[10000000980 ts 0/0 objects 1000 dirty_or_tx 0] 0x55eb03ad0500) 18845532160~131072
2018-07-02 18:44:05.870899 7f273ade3700 10 client.7567865 min_bytes=131072 max_bytes=16777216 max_periods=4
2018-07-02 18:44:05.870980 7f2738ddf700 20 client.7567865 readahead 18846318592~131072 (caller wants 18846187520~131072)
2018-07-02 18:44:05.870994 7f2738ddf700 20 client.7567865 readahead initiated, c 0x55eb11e1dd00
2018-07-02 18:44:05.871356 7f27441f9700 20 client.7567865 C_Readahead on 0x55eb03ad0500
2018-07-02 18:44:05.871367 7f27441f9700 10 client.7567865 put_inode on 10000000980.head(faked_ino=0 ref=6 ll_ref=1 cap_refs={1024=5,2048=5,4096=0,8192=0} open={1=2,2=0} mode=100644 size=21474836480/25769803776 mtime=2018-07-02 18:44:05.825427 caps=pAsxLsXsxFsxcrwb(0=pAsxLsXsxFsxcrwb) flushing_caps=Fw objectset[10000000980 ts 0/0 objects 1000 dirty_or_tx 0] 0x55eb03ad0500)
2018-07-02 18:44:05.871392 7f27441f9700 15 inode.put on 0x55eb03ad0500 10000000980.head now 5
2018-07-02 18:44:05.871408 7f27441f9700 20 client.7567865 C_Readahead on 0x55eb03ad0500
2018-07-02 18:44:05.871422 7f273cee8700 3 client.7567865 ll_read 0x55eb0b307780 10000000980 18846449664~131072
2018-07-02 18:44:05.871435 7f273cee8700 10 client.7567865 get_caps 10000000980.head(faked_ino=0 ref=5 ll_ref=1 cap_refs={1024=4,2048=4,4096=0,8192=0} open={1=2,2=0} mode=100644 size=21474836480/25769803776 mtime=2018-07-02 18:44:05.825427 caps=pAsxLsXsxFsxcrwb(0=pAsxLsXsxFsxcrwb) flushing_caps=Fw objectset[10000000980 ts 0/0 objects 1000 dirty_or_tx 0] 0x55eb03ad0500) have pAsxLsXsxFsxcrwb need Fr want Fc but not Fc revoking -
2018-07-02 18:44:05.871462 7f273cee8700 10 client.7567865 _read_async 10000000980.head(faked_ino=0 ref=5 ll_ref=1 cap_refs={1024=4,2048=5,4096=0,8192=0} open={1=2,2=0} mode=100644 size=21474836480/25769803776 mtime=2018-07-02 18:44:05.825427 caps=pAsxLsXsxFsxcrwb(0=pAsxLsXsxFsxcrwb) flushing_caps=Fw objectset[10000000980 ts 0/0 objects 1000 dirty_or_tx 0] 0x55eb03ad0500) 18846449664~131072
2018-07-02 18:44:05.871475 7f273cee8700 10 client.7567865 min_bytes=131072 max_bytes=16777216 max_periods=4
2018-07-02 18:44:05.871536 7f2734ab8700 20 client.7567865 readahead 18845532160~262144 (caller wants 18845401088~131072)
2018-07-02 18:44:05.871617 7f2734ab8700 20 client.7567865 readahead initiated, c 0x55eb0a424100
2018-07-02 18:44:05.871637 7f27441f9700 20 client.7567865 C_Readahead on 0x55eb03ad0500
2018-07-02 18:44:05.871648 7f2730868700 20 client.7567865 readahead 18846449664~262144 (caller wants 18846318592~131072)
2018-07-02 18:44:05.871694 7f2730868700 20 client.7567865 readahead initiated, c 0x55eb0dd59760
2018-07-02 18:44:05.871770 7f273a5e2700 3 client.7567865 ll_read 0x55eb03b83f80 10000000980 18845663232~131072
2018-07-02 18:44:05.871780 7f273a5e2700 10 client.7567865 get_caps 10000000980.head(faked_ino=0 ref=5 ll_ref=1 cap_refs={1024=4,2048=4,4096=0,8192=0} open={1=2,2=0} mode=100644 size=21474836480/25769803776 mtime=2018-07-02 18:44:05.825427 caps=pAsxLsXsxFsxcrwb(0=pAsxLsXsxFsxcrwb) flushing_caps=Fw objectset[10000000980 ts 0/0 objects 1000 dirty_or_tx 0] 0x55eb03ad0500) have pAsxLsXsxFsxcrwb need Fr want Fc but not Fc revoking -
2018-07-02 18:44:05.871803 7f273a5e2700 10 client.7567865 _read_async 10000000980.head(faked_ino=0 ref=5 ll_ref=1 cap_refs={1024=4,2048=5,4096=0,8192=0} open={1=2,2=0} mode=100644 size=21474836480/25769803776 mtime=2018-07-02 18:44:05.825427 caps=pAsxLsXsxFsxcrwb(0=pAsxLsXsxFsxcrwb) flushing_caps=Fw objectset[10000000980 ts 0/0 objects 1000 dirty_or_tx 0] 0x55eb03ad0500) 18845663232~131072
2018-07-02 18:44:05.871823 7f273a5e2700 10 client.7567865 min_bytes=131072 max_bytes=16777216 max_periods=4
2018-07-02 18:44:05.871849 7f2739de1700 3 client.7567865 ll_read 0x55eb0b307780 10000000980 18846580736~131072
2018-07-02 18:44:05.871858 7f2739de1700 10 client.7567865 get_caps 10000000980.head(faked_ino=0 ref=5 ll_ref=1 cap_refs={1024=5,2048=5,4096=0,8192=0} open={1=2,2=0} mode=100644 size=21474836480/25769803776 mtime=2018-07-02 18:44:05.825427 caps=pAsxLsXsxFsxcrwb(0=pAsxLsXsxFsxcrwb) flushing_caps=Fw objectset[10000000980 ts 0/0 objects 1000 dirty_or_tx 0] 0x55eb03ad0500) have pAsxLsXsxFsxcrwb need Fr want Fc but not Fc revoking -
2018-07-02 18:44:05.871886 7f2739de1700 10 client.7567865 _read_async 10000000980.head(faked_ino=0 ref=5 ll_ref=1 cap_refs={1024=5,2048=6,4096=0,8192=0} open={1=2,2=0} mode=100644 size=21474836480/25769803776 mtime=2018-07-02 18:44:05.825427 caps=pAsxLsXsxFsxcrwb(0=pAsxLsXsxFsxcrwb) flushing_caps=Fw objectset[10000000980 ts 0/0 objects 1000 dirty_or_tx 0] 0x55eb03ad0500) 18846580736~131072
2018-07-02 18:44:05.871899 7f2739de1700 10 client.7567865 min_bytes=131072 max_bytes=16777216 max_periods=4
2018-07-02 18:44:05.871919 7f273ade3700 20 client.7567865 readahead 18845794304~524288 (caller wants 18845532160~131072)
2018-07-02 18:44:05.871973 7f273ade3700 20 client.7567865 readahead initiated, c 0x55eb09b39da0
2018-07-02 18:44:05.872115 7f272f866700 3 client.7567865 ll_read 0x55eb03b83f80 10000000980 18845794304~131072
2018-07-02 18:44:05.872143 7f272f866700 10 client.7567865 get_caps 10000000980.head(faked_ino=0 ref=5 ll_ref=1 cap_refs={1024=6,2048=6,4096=0,8192=0} open={1=2,2=0} mode=100644 size=21474836480/25769803776 mtime=2018-07-02 18:44:05.825427 caps=pAsxLsXsxFsxcrwb(0=pAsxLsXsxFsxcrwb) flushing_caps=Fw objectset[10000000980 ts 0/0 objects 1000 dirty_or_tx 0] 0x55eb03ad0500) have pAsxLsXsxFsxcrwb need Fr want Fc but not Fc revoking -
2018-07-02 18:44:05.872219 7f272f866700 10 client.7567865 _read_async 10000000980.head(faked_ino=0 ref=5 ll_ref=1 cap_refs={1024=6,2048=7,4096=0,8192=0} open={1=2,2=0} mode=100644 size=21474836480/25769803776 mtime=2018-07-02 18:44:05.825427 caps=pAsxLsXsxFsxcrwb(0=pAsxLsXsxFsxcrwb) flushing_caps=Fw objectset[10000000980 ts 0/0 objects 1000 dirty_or_tx 0] 0x55eb03ad0500) 18845794304~131072
2018-07-02 18:44:05.872233 7f272f866700 10 client.7567865 min_bytes=131072 max_bytes=16777216 max_periods=4
2018-07-02 18:44:05.872307 7f273cee8700 20 client.7567865 readahead 18846711808~524288 (caller wants 18846449664~131072)
2018-07-02 18:44:05.872355 7f273cee8700 20 client.7567865 readahead initiated, c 0x55eb041d8040
2018-07-02 18:44:05.872497 7f27385de700 3 client.7567865 ll_read 0x55eb0b307780 10000000980 18846711808~131072
2018-07-02 18:44:05.872515 7f27385de700 10 client.7567865 get_caps 10000000980.head(faked_ino=0 ref=5 ll_ref=1 cap_refs={1024=7,2048=7,4096=0,8192=0} open={1=2,2=0} mode=100644 size=21474836480/25769803776 mtime=2018-07-02 18:44:05.825427 caps=pAsxLsXsxFsxcrwb(0=pAsxLsXsxFsxcrwb) flushing_caps=Fw objectset[10000000980 ts 0/0 objects 1000 dirty_or_tx 0] 0x55eb03ad0500) have pAsxLsXsxFsxcrwb need Fr want Fc but not Fc revoking -
2018-07-02 18:44:05.872544 7f27385de700 10 client.7567865 _read_async 10000000980.head(faked_ino=0 ref=5 ll_ref=1 cap_refs={1024=7,2048=8,4096=0,8192=0} open={1=2,2=0} mode=100644 size=21474836480/25769803776 mtime=2018-07-02 18:44:05.825427 caps=pAsxLsXsxFsxcrwb(0=pAsxLsXsxFsxcrwb) flushing_caps=Fw objectset[10000000980 ts 0/0 objects 1000 dirty_or_tx 0] 0x55eb03ad0500) 18846711808~131072
2018-07-02 18:44:05.872559 7f27385de700 10 client.7567865 min_bytes=131072 max_bytes=16777216 max_periods=4
2018-07-02 18:44:05.872592 7f27441f9700 20 client.7567865 C_Readahead on 0x55eb03ad0500
2018-07-02 18:44:05.872719 7f27441f9700 20 client.7567865 C_Readahead on 0x55eb03ad0500
2018-07-02 18:44:05.872731 7f273bee6700 3 client.7567865 ll_read 0x55eb03b83f80 10000000980 18845925376~131072
2018-07-02 18:44:05.872742 7f273bee6700 10 client.7567865 get_caps 10000000980.head(faked_ino=0 ref=5 ll_ref=1 cap_refs={1024=5,2048=5,4096=0,8192=0} open={1=2,2=0} mode=100644 size=21474836480/25769803776 mtime=2018-07-02 18:44:05.825427 caps=pAsxLsXsxFsxcrwb(0=pAsxLsXsxFsxcrwb) flushing_caps=Fw objectset[10000000980 ts 0/0 objects 1000 dirty_or_tx 0] 0x55eb03ad0500) have pAsxLsXsxFsxcrwb need Fr want Fc but not Fc revoking -
2018-07-02 18:44:05.872774 7f273bee6700 10 client.7567865 _read_async 10000000980.head(faked_ino=0 ref=5 ll_ref=1 cap_refs={1024=5,2048=6,4096=0,8192=0} open={1=2,2=0} mode=100644 size=21474836480/25769803776 mtime=2018-07-02 18:44:05.825427 caps=pAsxLsXsxFsxcrwb(0=pAsxLsXsxFsxcrwb) flushing_caps=Fw objectset[10000000980 ts 0/0 objects 1000 dirty_or_tx 0] 0x55eb03ad0500) 18845925376~131072
2018-07-02 18:44:05.872791 7f273bee6700 10 client.7567865 min_bytes=131072 max_bytes=16777216 max_periods=4
2018-07-02 18:44:05.872920 7f2738ddf700 3 client.7567865 ll_read 0x55eb0b307780 10000000980 18846842880~131072
2018-07-02 18:44:05.872929 7f2738ddf700 10 client.7567865 get_caps 10000000980.head(faked_ino=0 ref=5 ll_ref=1 cap_refs={1024=5,2048=5,4096=0,8192=0} open={1=2,2=0} mode=100644 size=21474836480/25769803776 mtime=2018-07-02 18:44:05.825427 caps=pAsxLsXsxFsxcrwb(0=pAsxLsXsxFsxcrwb) flushing_caps=Fw objectset[10000000980 ts 0/0 objects 1000 dirty_or_tx 0] 0x55eb03ad0500) have pAsxLsXsxFsxcrwb need Fr want Fc but not Fc revoking -
2018-07-02 18:44:05.872951 7f2738ddf700 10 client.7567865 _read_async 10000000980.head(faked_ino=0 ref=5 ll_ref=1 cap_refs={1024=5,2048=6,4096=0,8192=0} open={1=2,2=0} mode=100644 size=21474836480/25769803776 mtime=2018-07-02 18:44:05.825427 caps=pAsxLsXsxFsxcrwb(0=pAsxLsXsxFsxcrwb) flushing_caps=Fw objectset[10000000980 ts 0/0 objects 1000 dirty_or_tx 0] 0x55eb03ad0500) 18846842880~131072
2018-07-02 18:44:05.872971 7f2738ddf700 10 client.7567865 min_bytes=131072 max_bytes=16777216 max_periods=4
2018-07-02 18:44:05.873613 7f27441f9700 20 client.7567865 C_Readahead on 0x55eb03ad0500
2018-07-02 18:44:05.873666 7f273bee6700 20 client.7567865 readahead 18846318592~1048576 (caller wants 18845925376~131072)
2018-07-02 18:44:05.873745 7f273bee6700 20 client.7567865 readahead initiated, c 0x55eb071c40e0
2018-07-02 18:44:05.873850 7f2734ab8700 20 client.7567865 _ll_get 0x55eb03ad0500 10000000980 -> 2
2018-07-02 18:44:05.873857 7f2734ab8700 3 client.7567865 ll_getattr 10000000980.head
2018-07-02 18:44:05.873860 7f2734ab8700 10 client.7567865 _getattr mask pAsLsXsFs issued=1
2018-07-02 18:44:05.873866 7f2734ab8700 10 client.7567865 fill_stat on 10000000980 snap/devhead mode 0100644 mtime 2018-07-02 18:44:05.825427 ctime 2018-07-02 11:03:27.574015
2018-07-02 18:44:05.873883 7f2734ab8700 3 client.7567865 ll_getattr 10000000980.head = 0
2018-07-02 18:44:05.873891 7f2730868700 3 client.7567865 ll_release (fh)0x55eb03b83f80 10000000980
2018-07-02 18:44:05.873904 7f2730868700 5 client.7567865 _release_fh 0x55eb03b83f80 mode 1 on 10000000980.head(faked_ino=0 ref=5 ll_ref=2 cap_refs={1024=4,2048=4,4096=0,8192=0} open={1=2,2=0} mode=100644 size=21474836480/25769803776 mtime=2018-07-02 18:44:05.825427 caps=pAsxLsXsxFsxcrwb(0=pAsxLsXsxFsxcrwb) flushing_caps=Fw objectset[10000000980 ts 0/0 objects 1000 dirty_or_tx 0] 0x55eb03ad0500)
2018-07-02 18:44:05.873929 7f2730868700 10 client.7567865 _release_fh 0x55eb03b83f80 on inode 10000000980.head(faked_ino=0 ref=5 ll_ref=2 cap_refs={1024=4,2048=4,4096=0,8192=0} open={1=1,2=0} mode=100644 size=21474836480/25769803776 mtime=2018-07-02 18:44:05.825427 caps=pAsxLsXsxFsxcrwb(0=pAsxLsXsxFsxcrwb) flushing_caps=Fw objectset[10000000980 ts 0/0 objects 1000 dirty_or_tx 0] 0x55eb03ad0500) no async_err state
2018-07-02 18:44:05.873949 7f2734ab8700 3 client.7567865 ll_forget 10000000980 1
2018-07-02 18:44:05.873954 7f2734ab8700 20 client.7567865 _ll_put 0x55eb03ad0500 10000000980 1 -> 1
2018-07-02 18:44:05.875560 7f27441f9700 20 client.7567865 C_Readahead on 0x55eb03ad0500
2018-07-02 18:44:05.875787 7f27441f9700 20 client.7567865 C_Readahead on 0x55eb03ad0500
2018-07-02 18:44:05.875794 7f27441f9700 5 client.7567865 put_cap_ref dropped last FILE_CACHE ref on 10000000980.head(faked_ino=0 ref=5 ll_ref=1 cap_refs={1024=0,2048=0,4096=0,8192=0} open={1=1,2=0} mode=100644 size=21474836480/25769803776 mtime=2018-07-02 18:44:05.825427 caps=pAsxLsXsxFsxcrwb(0=pAsxLsXsxFsxcrwb) flushing_caps=Fw objectset[10000000980 ts 0/0 objects 1000 dirty_or_tx 0] 0x55eb03ad0500)
2018-07-02 18:44:05.875829 7f27441f9700 10 client.7567865 put_inode on 10000000980.head(faked_ino=0 ref=5 ll_ref=1 cap_refs={1024=0,2048=0,4096=0,8192=0} open={1=1,2=0} mode=100644 size=21474836480/25769803776 mtime=2018-07-02 18:44:05.825427 caps=pAsxLsXsxFsxcrwb(0=pAsxLsXsxFsxcrwb) flushing_caps=Fw objectset[10000000980 ts 0/0 objects 1000 dirty_or_tx 0] 0x55eb03ad0500)
2018-07-02 18:44:05.875842 7f27441f9700 15 inode.put on 0x55eb03ad0500 10000000980.head now 4
2018-07-02 18:44:05.875845 7f27441f9700 10 client.7567865 put_inode on 10000000980.head(faked_ino=0 ref=4 ll_ref=1 cap_refs={1024=0,2048=0,4096=0,8192=0} open={1=1,2=0} mode=100644 size=21474836480/25769803776 mtime=2018-07-02 18:44:05.825427 caps=pAsxLsXsxFsxcrwb(0=pAsxLsXsxFsxcrwb) flushing_caps=Fw objectset[10000000980 ts 0/0 objects 1000 dirty_or_tx 0] 0x55eb03ad0500)
2018-07-02 18:44:05.875857 7f27441f9700 15 inode.put on 0x55eb03ad0500 10000000980.head now 3
2018-07-02 18:44:05.875866 7f273ade3700 3 client.7567865 ll_read 0x55eb0b307780 10000000980 18846973952~131072
2018-07-02 18:44:05.875875 7f273ade3700 10 client.7567865 get_caps 10000000980.head(faked_ino=0 ref=3 ll_ref=1 cap_refs={1024=0,2048=0,4096=0,8192=0} open={1=1,2=0} mode=100644 size=21474836480/25769803776 mtime=2018-07-02 18:44:05.825427 caps=pAsxLsXsxFsxcrwb(0=pAsxLsXsxFsxcrwb) flushing_caps=Fw objectset[10000000980 ts 0/0 objects 1000 dirty_or_tx 0] 0x55eb03ad0500) have pAsxLsXsxFsxcrwb need Fr want Fc but not Fc revoking -
2018-07-02 18:44:05.875903 7f273ade3700 10 client.7567865 _read_async 10000000980.head(faked_ino=0 ref=3 ll_ref=1 cap_refs={1024=0,2048=1,4096=0,8192=0} open={1=1,2=0} mode=100644 size=21474836480/25769803776 mtime=2018-07-02 18:44:05.825427 caps=pAsxLsXsxFsxcrwb(0=pAsxLsXsxFsxcrwb) flushing_caps=Fw objectset[10000000980 ts 0/0 objects 1000 dirty_or_tx 0] 0x55eb03ad0500) 18846973952~131072
2018-07-02 18:44:05.875919 7f273ade3700 10 client.7567865 min_bytes=131072 max_bytes=16777216 max_periods=4
2018-07-02 18:44:05.875944 7f273cee8700 3 client.7567865 ll_read 0x55eb0b307780 10000000980 18847105024~131072
2018-07-02 18:44:05.875954 7f273cee8700 10 client.7567865 get_caps 10000000980.head(faked_ino=0 ref=3 ll_ref=1 cap_refs={1024=0,2048=0,4096=0,8192=0} open={1=1,2=0} mode=100644 size=21474836480/25769803776 mtime=2018-07-02 18:44:05.825427 caps=pAsxLsXsxFsxcrwb(0=pAsxLsXsxFsxcrwb) flushing_caps=Fw objectset[10000000980 ts 0/0 objects 1000 dirty_or_tx 0] 0x55eb03ad0500) have pAsxLsXsxFsxcrwb need Fr want Fc but not Fc revoking -
2018-07-02 18:44:05.875980 7f273cee8700 10 client.7567865 _read_async 10000000980.head(faked_ino=0 ref=3 ll_ref=1 cap_refs={1024=0,2048=1,4096=0,8192=0} open={1=1,2=0} mode=100644 size=21474836480/25769803776 mtime=2018-07-02 18:44:05.825427 caps=pAsxLsXsxFsxcrwb(0=pAsxLsXsxFsxcrwb) flushing_caps=Fw objectset[10000000980 ts 0/0 objects 1000 dirty_or_tx 0] 0x55eb03ad0500) 18847105024~131072
2018-07-02 18:44:05.875993 7f273cee8700 10 client.7567865 min_bytes=131072 max_bytes=16777216 max_periods=4
2018-07-02 18:44:05.876007 7f273cee8700 20 client.7567865 readahead 18847236096~131072 (caller wants 18847105024~131072)
2018-07-02 18:44:05.876015 7f273cee8700 20 client.7567865 readahead was no-op, already cached
2018-07-02 18:44:05.876027 7f273a5e2700 20 client.7567865 _ll_get 0x55eb03ad0500 10000000980 -> 2
2018-07-02 18:44:05.876039 7f273a5e2700 3 client.7567865 ll_getattr 10000000980.head
2018-07-02 18:44:05.876043 7f273a5e2700 10 client.7567865 _getattr mask pAsLsXsFs issued=1
2018-07-02 18:44:05.876049 7f273a5e2700 10 client.7567865 fill_stat on 10000000980 snap/devhead mode 0100644 mtime 2018-07-02 18:44:05.825427 ctime 2018-07-02 11:03:27.574015
2018-07-02 18:44:05.876061 7f273a5e2700 3 client.7567865 ll_getattr 10000000980.head = 0
2018-07-02 18:44:05.876070 7f273a5e2700 3 client.7567865 ll_forget 10000000980 1
2018-07-02 18:44:05.876074 7f273a5e2700 20 client.7567865 _ll_put 0x55eb03ad0500 10000000980 1 -> 1
2018-07-02 18:44:05.876078 7f273cee8700 3 client.7567865 ll_release (fh)0x55eb0b307780 10000000980
2018-07-02 18:44:05.876082 7f273cee8700 5 client.7567865 _release_fh 0x55eb0b307780 mode 1 on 10000000980.head(faked_ino=0 ref=3 ll_ref=1 cap_refs={1024=0,2048=0,4096=0,8192=0} open={1=1,2=0} mode=100644 size=21474836480/25769803776 mtime=2018-07-02 18:44:05.825427 caps=pAsxLsXsxFsxcrwb(0=pAsxLsXsxFsxcrwb) flushing_caps=Fw objectset[10000000980 ts 0/0 objects 1000 dirty_or_tx 0] 0x55eb03ad0500)
2018-07-02 18:44:05.876098 7f273cee8700 15 inode.get on 0x55eb03ad0500 10000000980.head now 4
2018-07-02 18:44:05.876101 7f273cee8700 10 client.7567865 _flush 10000000980.head(faked_ino=0 ref=4 ll_ref=1 cap_refs={1024=0,2048=0,4096=0,8192=0} open={1=0,2=0} mode=100644 size=21474836480/25769803776 mtime=2018-07-02 18:44:05.825427 caps=pAsxLsXsxFsxcrwb(0=pAsxLsXsxFsxcrwb) flushing_caps=Fw objectset[10000000980 ts 0/0 objects 1000 dirty_or_tx 0] 0x55eb03ad0500)
2018-07-02 18:44:05.876112 7f273cee8700 10 client.7567865 nothing to flush
2018-07-02 18:44:05.876114 7f273cee8700 10 client.7567865 put_inode on 10000000980.head(faked_ino=0 ref=4 ll_ref=1 cap_refs={1024=0,2048=0,4096=0,8192=0} open={1=0,2=0} mode=100644 size=21474836480/25769803776 mtime=2018-07-02 18:44:05.825427 caps=pAsxLsXsxFsxcrwb(0=pAsxLsXsxFsxcrwb) flushing_caps=Fw objectset[10000000980 ts 0/0 objects 1000 dirty_or_tx 0] 0x55eb03ad0500)
2018-07-02 18:44:05.876126 7f273cee8700 15 inode.put on 0x55eb03ad0500 10000000980.head now 3
2018-07-02 18:44:05.876130 7f273cee8700 10 client.7567865 check_caps on 10000000980.head(faked_ino=0 ref=3 ll_ref=1 cap_refs={1024=0,2048=0,4096=0,8192=0} open={1=0,2=0} mode=100644 size=21474836480/25769803776 mtime=2018-07-02 18:44:05.825427 caps=pAsxLsXsxFsxcrwb(0=pAsxLsXsxFsxcrwb) flushing_caps=Fw objectset[10000000980 ts 0/0 objects 1000 dirty_or_tx 0] 0x55eb03ad0500) wanted - used Fc issued pAsxLsXsxFsxcrwb revoking - is_delayed=0
2018-07-02 18:44:05.876143 7f273cee8700 10 client.7567865 cap_delay_requeue on 10000000980.head(faked_ino=0 ref=3 ll_ref=1 cap_refs={1024=0,2048=0,4096=0,8192=0} open={1=0,2=0} mode=100644 size=21474836480/25769803776 mtime=2018-07-02 18:44:05.825427 caps=pAsxLsXsxFsxcrwb(0=pAsxLsXsxFsxcrwb) flushing_caps=Fw objectset[10000000980 ts 0/0 objects 1000 dirty_or_tx 0] 0x55eb03ad0500)
2018-07-02 18:44:05.876155 7f273cee8700 10 client.7567865 cap mds.0 issued pAsxLsXsxFsxcrwb implemented pAsxLsXsxFsxcrwb revoking -
2018-07-02 18:44:05.876160 7f273cee8700 10 client.7567865 delaying cap release
2018-07-02 18:44:05.876163 7f273cee8700 10 client.7567865 _release_fh 0x55eb0b307780 on inode 10000000980.head(faked_ino=0 ref=3 ll_ref=1 cap_refs={1024=0,2048=0,4096=0,8192=0} open={1=0,2=0} mode=100644 size=21474836480/25769803776 mtime=2018-07-02 18:44:05.825427 caps=pAsxLsXsxFsxcrwb(0=pAsxLsXsxFsxcrwb) flushing_caps=Fw objectset[10000000980 ts 0/0 objects 1000 dirty_or_tx 0] 0x55eb03ad0500) no async_err state
2018-07-02 18:44:05.876175 7f273cee8700 10 client.7567865 put_inode on 10000000980.head(faked_ino=0 ref=3 ll_ref=1 cap_refs={1024=0,2048=0,4096=0,8192=0} open={1=0,2=0} mode=100644 size=21474836480/25769803776 mtime=2018-07-02 18:44:05.825427 caps=pAsxLsXsxFsxcrwb(0=pAsxLsXsxFsxcrwb) flushing_caps=Fw objectset[10000000980 ts 0/0 objects 1000 dirty_or_tx 0] 0x55eb03ad0500)
2018-07-02 18:44:05.876186 7f273cee8700 15 inode.put on 0x55eb03ad0500 10000000980.head now 2
2018-07-02 18:44:05.877824 7f2739de1700 20 client.7567865 _ll_get 0x55eb03ad0500 10000000980 -> 2
2018-07-02 18:44:05.877840 7f2739de1700 3 client.7567865 ll_open 10000000980.head 0
2018-07-02 18:44:05.877845 7f2739de1700 10 client.7567865 _getattr mask AsXs issued=1
2018-07-02 18:44:05.877851 7f2739de1700 3 client.7567865 may_open 0x55eb03ad0500 = 0
2018-07-02 18:44:05.877855 7f2739de1700 10 client.7567865 check_caps on 10000000980.head(faked_ino=0 ref=2 ll_ref=2 cap_refs={1024=0,2048=0,4096=0,8192=0} open={1=1,2=0} mode=100644 size=21474836480/25769803776 mtime=2018-07-02 18:44:05.825427 caps=pAsxLsXsxFsxcrwb(0=pAsxLsXsxFsxcrwb) flushing_caps=Fw objectset[10000000980 ts 0/0 objects 1000 dirty_or_tx 0] 0x55eb03ad0500) wanted pFscr used Fc issued pAsxLsXsxFsxcrwb revoking - is_delayed=1
2018-07-02 18:44:05.877899 7f2739de1700 10 client.7567865 cap mds.0 issued pAsxLsXsxFsxcrwb implemented pAsxLsXsxFsxcrwb revoking -
2018-07-02 18:44:05.877906 7f2739de1700 15 inode.get on 0x55eb03ad0500 10000000980.head now 3
2018-07-02 18:44:05.877908 7f2739de1700 10 client.7567865 _create_fh 10000000980 mode 1
2018-07-02 18:44:05.877912 7f2739de1700 20 client.7567865 trim_cache size 6 max 16384
2018-07-02 18:44:05.877914 7f2739de1700 3 client.7567865 ll_open 10000000980.head 0 = 0 (0x55eb0dbee280)
2018-07-02 18:44:05.877922 7f272f866700 20 client.7567865 _ll_get 0x55eb03ad0500 10000000980 -> 3
2018-07-02 18:44:05.877929 7f272f866700 3 client.7567865 ll_open 10000000980.head 0
2018-07-02 18:44:05.877938 7f272f866700 10 client.7567865 _getattr mask AsXs issued=1
2018-07-02 18:44:05.877943 7f272f866700 3 client.7567865 may_open 0x55eb03ad0500 = 0
2018-07-02 18:44:05.877947 7f272f866700 10 client.7567865 check_caps on 10000000980.head(faked_ino=0 ref=3 ll_ref=3 cap_refs={1024=0,2048=0,4096=0,8192=0} open={1=2,2=0} mode=100644 size=21474836480/25769803776 mtime=2018-07-02 18:44:05.825427 caps=pAsxLsXsxFsxcrwb(0=pAsxLsXsxFsxcrwb) flushing_caps=Fw objectset[10000000980 ts 0/0 objects 1000 dirty_or_tx 0] 0x55eb03ad0500) wanted pFscr used Fc issued pAsxLsXsxFsxcrwb revoking - is_delayed=1
2018-07-02 18:44:05.878010 7f272f866700 10 client.7567865 cap mds.0 issued pAsxLsXsxFsxcrwb implemented pAsxLsXsxFsxcrwb revoking -
2018-07-02 18:44:05.878017 7f272f866700 15 inode.get on 0x55eb03ad0500 10000000980.head now 4
2018-07-02 18:44:05.878019 7f272f866700 10 client.7567865 _create_fh 10000000980 mode 1
2018-07-02 18:44:05.878023 7f272f866700 20 client.7567865 trim_cache size 6 max 16384
2018-07-02 18:44:05.878026 7f272f866700 3 client.7567865 ll_open 10000000980.head 0 = 0 (0x55eb03b84e80)
2018-07-02 18:44:05.878068 7f2739de1700 3 client.7567865 ll_forget 10000000980 1
2018-07-02 18:44:05.878074 7f2739de1700 20 client.7567865 _ll_put 0x55eb03ad0500 10000000980 1 -> 2
2018-07-02 18:44:05.878083 7f273bee6700 3 client.7567865 ll_read 0x55eb0dbee280 10000000980 5070913536~131072
2018-07-02 18:44:05.878099 7f273bee6700 10 client.7567865 get_caps 10000000980.head(faked_ino=0 ref=4 ll_ref=2 cap_refs={1024=0,2048=0,4096=0,8192=0} open={1=2,2=0} mode=100644 size=21474836480/25769803776 mtime=2018-07-02 18:44:05.825427 caps=pAsxLsXsxFsxcrwb(0=pAsxLsXsxFsxcrwb) flushing_caps=Fw objectset[10000000980 ts 0/0 objects 1000 dirty_or_tx 0] 0x55eb03ad0500) have pAsxLsXsxFsxcrwb need Fr want Fc but not Fc revoking -
2018-07-02 18:44:05.878131 7f273bee6700 10 client.7567865 _read_async 10000000980.head(faked_ino=0 ref=4 ll_ref=2 cap_refs={1024=0,2048=1,4096=0,8192=0} open={1=2,2=0} mode=100644 size=21474836480/25769803776 mtime=2018-07-02 18:44:05.825427 caps=pAsxLsXsxFsxcrwb(0=pAsxLsXsxFsxcrwb) flushing_caps=Fw objectset[10000000980 ts 0/0 objects 1000 dirty_or_tx 0] 0x55eb03ad0500) 5070913536~131072
2018-07-02 18:44:05.878147 7f273bee6700 10 client.7567865 min_bytes=131072 max_bytes=16777216 max_periods=4
2018-07-02 18:44:05.878208 7f273bee6700 5 client.7567865 get_cap_ref got first FILE_CACHE ref on 10000000980.head(faked_ino=0 ref=4 ll_ref=2 cap_refs={1024=0,2048=1,4096=0,8192=0} open={1=2,2=0} mode=100644 size=21474836480/25769803776 mtime=2018-07-02 18:44:05.825427 caps=pAsxLsXsxFsxcrwb(0=pAsxLsXsxFsxcrwb) flushing_caps=Fw objectset[10000000980 ts 0/0 objects 1000 dirty_or_tx 0] 0x55eb03ad0500)
2018-07-02 18:44:05.878226 7f273bee6700 15 inode.get on 0x55eb03ad0500 10000000980.head now 5
2018-07-02 18:44:05.878266 7f2730868700 3 client.7567865 ll_read 0x55eb0dbee280 10000000980 5071044608~131072
2018-07-02 18:44:05.878282 7f2730868700 10 client.7567865 get_caps 10000000980.head(faked_ino=0 ref=5 ll_ref=2 cap_refs={1024=1,2048=1,4096=0,8192=0} open={1=2,2=0} mode=100644 size=21474836480/25769803776 mtime=2018-07-02 18:44:05.825427 caps=pAsxLsXsxFsxcrwb(0=pAsxLsXsxFsxcrwb) flushing_caps=Fw objectset[10000000980 ts 0/0 objects 1000 dirty_or_tx 0] 0x55eb03ad0500) have pAsxLsXsxFsxcrwb need Fr want Fc but not Fc revoking -
2018-07-02 18:44:05.878311 7f2730868700 10 client.7567865 _read_async 10000000980.head(faked_ino=0 ref=5 ll_ref=2 cap_refs={1024=1,2048=2,4096=0,8192=0} open={1=2,2=0} mode=100644 size=21474836480/25769803776 mtime=2018-07-02 18:44:05.825427 caps=pAsxLsXsxFsxcrwb(0=pAsxLsXsxFsxcrwb) flushing_caps=Fw objectset[10000000980 ts 0/0 objects 1000 dirty_or_tx 0] 0x55eb03ad0500) 5071044608~131072
2018-07-02 18:44:05.878326 7f2730868700 10 client.7567865 min_bytes=131072 max_bytes=16777216 max_periods=4
2018-07-02 18:44:05.878407 7f272f866700 3 client.7567865 ll_forget 10000000980 1
2018-07-02 18:44:05.878413 7f272f866700 20 client.7567865 _ll_put 0x55eb03ad0500 10000000980 1 -> 1
2018-07-02 18:44:05.878423 7f2734ab8700 3 client.7567865 ll_read 0x55eb03b84e80 10000000980 5071962112~131072
2018-07-02 18:44:05.878430 7f2734ab8700 10 client.7567865 get_caps 10000000980.head(faked_ino=0 ref=5 ll_ref=1 cap_refs={1024=2,2048=2,4096=0,8192=0} open={1=2,2=0} mode=100644 size=21474836480/25769803776 mtime=2018-07-02 18:44:05.825427 caps=pAsxLsXsxFsxcrwb(0=pAsxLsXsxFsxcrwb) flushing_caps=Fw objectset[10000000980 ts 0/0 objects 1000 dirty_or_tx 0] 0x55eb03ad0500) have pAsxLsXsxFsxcrwb need Fr want Fc but not Fc revoking -
2018-07-02 18:44:05.878508 7f2734ab8700 10 client.7567865 _read_async 10000000980.head(faked_ino=0 ref=5 ll_ref=1 cap_refs={1024=2,2048=3,4096=0,8192=0} open={1=2,2=0} mode=100644 size=21474836480/25769803776 mtime=2018-07-02 18:44:05.825427 caps=pAsxLsXsxFsxcrwb(0=pAsxLsXsxFsxcrwb) flushing_caps=Fw objectset[10000000980 ts 0/0 objects 1000 dirty_or_tx 0] 0x55eb03ad0500) 5071962112~131072
2018-07-02 18:44:05.878534 7f2734ab8700 10 client.7567865 min_bytes=131072 max_bytes=16777216 max_periods=4
2018-07-02 18:44:05.878607 7f2738ddf700 3 client.7567865 ll_read 0x55eb03b84e80 10000000980 5072093184~131072
2018-07-02 18:44:05.878621 7f2738ddf700 10 client.7567865 get_caps 10000000980.head(faked_ino=0 ref=5 ll_ref=1 cap_refs={1024=3,2048=3,4096=0,8192=0} open={1=2,2=0} mode=100644 size=21474836480/25769803776 mtime=2018-07-02 18:44:05.825427 caps=pAsxLsXsxFsxcrwb(0=pAsxLsXsxFsxcrwb) flushing_caps=Fw objectset[10000000980 ts 0/0 objects 1000 dirty_or_tx 0] 0x55eb03ad0500) have pAsxLsXsxFsxcrwb need Fr want Fc but not Fc revoking -
2018-07-02 18:44:05.878645 7f2738ddf700 10 client.7567865 _read_async 10000000980.head(faked_ino=0 ref=5 ll_ref=1 cap_refs={1024=3,2048=4,4096=0,8192=0} open={1=2,2=0} mode=100644 size=21474836480/25769803776 mtime=2018-07-02 18:44:05.825427 caps=pAsxLsXsxFsxcrwb(0=pAsxLsXsxFsxcrwb) flushing_caps=Fw objectset[10000000980 ts 0/0 objects 1000 dirty_or_tx 0] 0x55eb03ad0500) 5072093184~131072
2018-07-02 18:44:05.878657 7f2738ddf700 10 client.7567865 min_bytes=131072 max_bytes=16777216 max_periods=4
2018-07-02 18:44:05.879412 7f2730868700 20 client.7567865 readahead 5071175680~131072 (caller wants 5071044608~131072)
2018-07-02 18:44:05.879462 7f2730868700 20 client.7567865 readahead initiated, c 0x55eb0b2efa20
2018-07-02 18:44:05.879472 7f27385de700 3 client.7567865 ll_read 0x55eb0dbee280 10000000980 5071175680~131072
2018-07-02 18:44:05.879482 7f27385de700 10 client.7567865 get_caps 10000000980.head(faked_ino=0 ref=5 ll_ref=1 cap_refs={1024=3,2048=3,4096=0,8192=0} open={1=2,2=0} mode=100644 size=21474836480/25769803776 mtime=2018-07-02 18:44:05.825427 caps=pAsxLsXsxFsxcrwb(0=pAsxLsXsxFsxcrwb) flushing_caps=Fw objectset[10000000980 ts 0/0 objects 1000 dirty_or_tx 0] 0x55eb03ad0500) have pAsxLsXsxFsxcrwb need Fr want Fc but not Fc revoking -
2018-07-02 18:44:05.879505 7f27385de700 10 client.7567865 _read_async 10000000980.head(faked_ino=0 ref=5 ll_ref=1 cap_refs={1024=3,2048=4,4096=0,8192=0} open={1=2,2=0} mode=100644 size=21474836480/25769803776 mtime=2018-07-02 18:44:05.825427 caps=pAsxLsXsxFsxcrwb(0=pAsxLsXsxFsxcrwb) flushing_caps=Fw objectset[10000000980 ts 0/0 objects 1000 dirty_or_tx 0] 0x55eb03ad0500) 5071175680~131072
2018-07-02 18:44:05.879516 7f27385de700 10 client.7567865 min_bytes=131072 max_bytes=16777216 max_periods=4
2018-07-02 18:44:05.879602 7f273ade3700 3 client.7567865 ll_read 0x55eb0dbee280 10000000980 5071306752~131072
2018-07-02 18:44:05.879618 7f273ade3700 10 client.7567865 get_caps 10000000980.head(faked_ino=0 ref=5 ll_ref=1 cap_refs={1024=4,2048=4,4096=0,8192=0} open={1=2,2=0} mode=100644 size=21474836480/25769803776 mtime=2018-07-02 18:44:05.825427 caps=pAsxLsXsxFsxcrwb(0=pAsxLsXsxFsxcrwb) flushing_caps=Fw objectset[10000000980 ts 0/0 objects 1000 dirty_or_tx 0] 0x55eb03ad0500) have pAsxLsXsxFsxcrwb need Fr want Fc but not Fc revoking -
2018-07-02 18:44:05.879661 7f273ade3700 10 client.7567865 _read_async 10000000980.head(faked_ino=0 ref=5 ll_ref=1 cap_refs={1024=4,2048=5,4096=0,8192=0} open={1=2,2=0} mode=100644 size=21474836480/25769803776 mtime=2018-07-02 18:44:05.825427 caps=pAsxLsXsxFsxcrwb(0=pAsxLsXsxFsxcrwb) flushing_caps=Fw objectset[10000000980 ts 0/0 objects 1000 dirty_or_tx 0] 0x55eb03ad0500) 5071306752~131072
2018-07-02 18:44:05.879678 7f273ade3700 10 client.7567865 min_bytes=131072 max_bytes=16777216 max_periods=4
2018-07-02 18:44:05.879826 7f2738ddf700 20 client.7567865 readahead 5072224256~131072 (caller wants 5072093184~131072)
2018-07-02 18:44:05.879886 7f2738ddf700 20 client.7567865 readahead initiated, c 0x55eb11e1fc00
2018-07-02 18:44:05.879909 7f273a5e2700 3 client.7567865 ll_read 0x55eb03b84e80 10000000980 5072224256~131072
2018-07-02 18:44:05.879923 7f273a5e2700 10 client.7567865 get_caps 10000000980.head(faked_ino=0 ref=5 ll_ref=1 cap_refs={1024=4,2048=4,4096=0,8192=0} open={1=2,2=0} mode=100644 size=21474836480/25769803776 mtime=2018-07-02 18:44:05.825427 caps=pAsxLsXsxFsxcrwb(0=pAsxLsXsxFsxcrwb) flushing_caps=Fw objectset[10000000980 ts 0/0 objects 1000 dirty_or_tx 0] 0x55eb03ad0500) have pAsxLsXsxFsxcrwb need Fr want Fc but not Fc revoking -
2018-07-02 18:44:05.879947 7f273a5e2700 10 client.7567865 _read_async 10000000980.head(faked_ino=0 ref=5 ll_ref=1 cap_refs={1024=4,2048=5,4096=0,8192=0} open={1=2,2=0} mode=100644 size=21474836480/25769803776 mtime=2018-07-02 18:44:05.825427 caps=pAsxLsXsxFsxcrwb(0=pAsxLsXsxFsxcrwb) flushing_caps=Fw objectset[10000000980 ts 0/0 objects 1000 dirty_or_tx 0] 0x55eb03ad0500) 5072224256~131072
2018-07-02 18:44:05.879961 7f273a5e2700 10 client.7567865 min_bytes=131072 max_bytes=16777216 max_periods=4
2018-07-02 18:44:05.879998 7f273cee8700 3 client.7567865 ll_read 0x55eb03b84e80 10000000980 5072355328~131072
2018-07-02 18:44:05.880013 7f273cee8700 10 client.7567865 get_caps 10000000980.head(faked_ino=0 ref=5 ll_ref=1 cap_refs={1024=5,2048=5,4096=0,8192=0} open={1=2,2=0} mode=100644 size=21474836480/25769803776 mtime=2018-07-02 18:44:05.825427 caps=pAsxLsXsxFsxcrwb(0=pAsxLsXsxFsxcrwb) flushing_caps=Fw objectset[10000000980 ts 0/0 objects 1000 dirty_or_tx 0] 0x55eb03ad0500) have pAsxLsXsxFsxcrwb need Fr want Fc but not Fc revoking -
2018-07-02 18:44:05.880042 7f273cee8700 10 client.7567865 _read_async 10000000980.head(faked_ino=0 ref=5 ll_ref=1 cap_refs={1024=5,2048=6,4096=0,8192=0} open={1=2,2=0} mode=100644 size=21474836480/25769803776 mtime=2018-07-02 18:44:05.825427 caps=pAsxLsXsxFsxcrwb(0=pAsxLsXsxFsxcrwb) flushing_caps=Fw objectset[10000000980 ts 0/0 objects 1000 dirty_or_tx 0] 0x55eb03ad0500) 5072355328~131072
2018-07-02 18:44:05.880056 7f273cee8700 10 client.7567865 min_bytes=131072 max_bytes=16777216 max_periods=4
2018-07-02 18:44:05.880164 7f27441f9700 20 client.7567865 C_Readahead on 0x55eb03ad0500
2018-07-02 18:44:05.880179 7f27385de700 20 client.7567865 readahead 5071306752~262144 (caller wants 5071175680~131072)
2018-07-02 18:44:05.880252 7f27385de700 20 client.7567865 readahead initiated, c 0x55eb09b3ac40
2018-07-02 18:44:05.880327 7f273ade3700 20 client.7567865 readahead 5071568896~524288 (caller wants 5071306752~131072)
2018-07-02 18:44:05.880401 7f273ade3700 20 client.7567865 readahead initiated, c 0x55eb09b398e0
2018-07-02 18:44:05.880415 7f2739de1700 3 client.7567865 ll_read 0x55eb0dbee280 10000000980 5071437824~131072
2018-07-02 18:44:05.880421 7f2739de1700 10 client.7567865 get_caps 10000000980.head(faked_ino=0 ref=5 ll_ref=1 cap_refs={1024=5,2048=5,4096=0,8192=0} open={1=2,2=0} mode=100644 size=21474836480/25769803776 mtime=2018-07-02 18:44:05.825427 caps=pAsxLsXsxFsxcrwb(0=pAsxLsXsxFsxcrwb) flushing_caps=Fw objectset[10000000980 ts 0/0 objects 1000 dirty_or_tx 0] 0x55eb03ad0500) have pAsxLsXsxFsxcrwb need Fr want Fc but not Fc revoking -
