2018-07-02 18:44:05.880447 7f2739de1700 10 client.7567865 _read_async 10000000980.head(faked_ino=0 ref=5 ll_ref=1 cap_refs={1024=5,2048=6,4096=0,8192=0} open={1=2,2=0} mode=100644 size=21474836480/25769803776 mtime=2018-07-02 18:44:05.825427 caps=pAsxLsXsxFsxcrwb(0=pAsxLsXsxFsxcrwb) flushing_caps=Fw objectset[10000000980 ts 0/0 objects 1000 dirty_or_tx 0] 0x55eb03ad0500) 5071437824~131072
2018-07-02 18:44:05.880462 7f2739de1700 10 client.7567865 min_bytes=131072 max_bytes=16777216 max_periods=4
2018-07-02 18:44:05.880489 7f27441f9700 20 client.7567865 C_Readahead on 0x55eb03ad0500
2018-07-02 18:44:05.880509 7f273a5e2700 20 client.7567865 readahead 5072355328~262144 (caller wants 5072224256~131072)
2018-07-02 18:44:05.880602 7f273a5e2700 20 client.7567865 readahead initiated, c 0x55eb071d54a0
2018-07-02 18:44:05.880622 7f272f866700 3 client.7567865 ll_read 0x55eb0dbee280 10000000980 5071568896~131072
2018-07-02 18:44:05.880630 7f272f866700 10 client.7567865 get_caps 10000000980.head(faked_ino=0 ref=5 ll_ref=1 cap_refs={1024=5,2048=5,4096=0,8192=0} open={1=2,2=0} mode=100644 size=21474836480/25769803776 mtime=2018-07-02 18:44:05.825427 caps=pAsxLsXsxFsxcrwb(0=pAsxLsXsxFsxcrwb) flushing_caps=Fw objectset[10000000980 ts 0/0 objects 1000 dirty_or_tx 0] 0x55eb03ad0500) have pAsxLsXsxFsxcrwb need Fr want Fc but not Fc revoking -
2018-07-02 18:44:05.880656 7f272f866700 10 client.7567865 _read_async 10000000980.head(faked_ino=0 ref=5 ll_ref=1 cap_refs={1024=5,2048=6,4096=0,8192=0} open={1=2,2=0} mode=100644 size=21474836480/25769803776 mtime=2018-07-02 18:44:05.825427 caps=pAsxLsXsxFsxcrwb(0=pAsxLsXsxFsxcrwb) flushing_caps=Fw objectset[10000000980 ts 0/0 objects 1000 dirty_or_tx 0] 0x55eb03ad0500) 5071568896~131072
2018-07-02 18:44:05.880671 7f272f866700 10 client.7567865 min_bytes=131072 max_bytes=16777216 max_periods=4
2018-07-02 18:44:05.880701 7f273cee8700 20 client.7567865 readahead 5072617472~524288 (caller wants 5072355328~131072)
2018-07-02 18:44:05.880752 7f273cee8700 20 client.7567865 readahead initiated, c 0x55eb041d8600
2018-07-02 18:44:05.880763 7f273bee6700 3 client.7567865 ll_read 0x55eb03b84e80 10000000980 5072486400~131072
2018-07-02 18:44:05.880776 7f273bee6700 10 client.7567865 get_caps 10000000980.head(faked_ino=0 ref=5 ll_ref=1 cap_refs={1024=6,2048=6,4096=0,8192=0} open={1=2,2=0} mode=100644 size=21474836480/25769803776 mtime=2018-07-02 18:44:05.825427 caps=pAsxLsXsxFsxcrwb(0=pAsxLsXsxFsxcrwb) flushing_caps=Fw objectset[10000000980 ts 0/0 objects 1000 dirty_or_tx 0] 0x55eb03ad0500) have pAsxLsXsxFsxcrwb need Fr want Fc but not Fc revoking -
2018-07-02 18:44:05.880810 7f273bee6700 10 client.7567865 _read_async 10000000980.head(faked_ino=0 ref=5 ll_ref=1 cap_refs={1024=6,2048=7,4096=0,8192=0} open={1=2,2=0} mode=100644 size=21474836480/25769803776 mtime=2018-07-02 18:44:05.825427 caps=pAsxLsXsxFsxcrwb(0=pAsxLsXsxFsxcrwb) flushing_caps=Fw objectset[10000000980 ts 0/0 objects 1000 dirty_or_tx 0] 0x55eb03ad0500) 5072486400~131072
2018-07-02 18:44:05.880839 7f273bee6700 10 client.7567865 min_bytes=131072 max_bytes=16777216 max_periods=4
2018-07-02 18:44:05.880868 7f27441f9700 20 client.7567865 C_Readahead on 0x55eb03ad0500
2018-07-02 18:44:05.880883 7f2730868700 3 client.7567865 ll_read 0x55eb03b84e80 10000000980 5072617472~131072
2018-07-02 18:44:05.880891 7f2730868700 10 client.7567865 get_caps 10000000980.head(faked_ino=0 ref=5 ll_ref=1 cap_refs={1024=6,2048=6,4096=0,8192=0} open={1=2,2=0} mode=100644 size=21474836480/25769803776 mtime=2018-07-02 18:44:05.825427 caps=pAsxLsXsxFsxcrwb(0=pAsxLsXsxFsxcrwb) flushing_caps=Fw objectset[10000000980 ts 0/0 objects 1000 dirty_or_tx 0] 0x55eb03ad0500) have pAsxLsXsxFsxcrwb need Fr want Fc but not Fc revoking -
2018-07-02 18:44:05.880914 7f2730868700 10 client.7567865 _read_async 10000000980.head(faked_ino=0 ref=5 ll_ref=1 cap_refs={1024=6,2048=7,4096=0,8192=0} open={1=2,2=0} mode=100644 size=21474836480/25769803776 mtime=2018-07-02 18:44:05.825427 caps=pAsxLsXsxFsxcrwb(0=pAsxLsXsxFsxcrwb) flushing_caps=Fw objectset[10000000980 ts 0/0 objects 1000 dirty_or_tx 0] 0x55eb03ad0500) 5072617472~131072
2018-07-02 18:44:05.880926 7f2730868700 10 client.7567865 min_bytes=131072 max_bytes=16777216 max_periods=4
2018-07-02 18:44:05.881045 7f2734ab8700 3 client.7567865 ll_read 0x55eb0dbee280 10000000980 5071699968~131072
2018-07-02 18:44:05.881055 7f2734ab8700 10 client.7567865 get_caps 10000000980.head(faked_ino=0 ref=5 ll_ref=1 cap_refs={1024=6,2048=6,4096=0,8192=0} open={1=2,2=0} mode=100644 size=21474836480/25769803776 mtime=2018-07-02 18:44:05.825427 caps=pAsxLsXsxFsxcrwb(0=pAsxLsXsxFsxcrwb) flushing_caps=Fw objectset[10000000980 ts 0/0 objects 1000 dirty_or_tx 0] 0x55eb03ad0500) have pAsxLsXsxFsxcrwb need Fr want Fc but not Fc revoking -
2018-07-02 18:44:05.881079 7f2734ab8700 10 client.7567865 _read_async 10000000980.head(faked_ino=0 ref=5 ll_ref=1 cap_refs={1024=6,2048=7,4096=0,8192=0} open={1=2,2=0} mode=100644 size=21474836480/25769803776 mtime=2018-07-02 18:44:05.825427 caps=pAsxLsXsxFsxcrwb(0=pAsxLsXsxFsxcrwb) flushing_caps=Fw objectset[10000000980 ts 0/0 objects 1000 dirty_or_tx 0] 0x55eb03ad0500) 5071699968~131072
2018-07-02 18:44:05.881093 7f2734ab8700 10 client.7567865 min_bytes=131072 max_bytes=16777216 max_periods=4
2018-07-02 18:44:05.881625 7f27441f9700 20 client.7567865 C_Readahead on 0x55eb03ad0500
2018-07-02 18:44:05.881686 7f27441f9700 20 client.7567865 C_Readahead on 0x55eb03ad0500
2018-07-02 18:44:05.881801 7f2738ddf700 3 client.7567865 ll_read 0x55eb0dbee280 10000000980 5071831040~131072
2018-07-02 18:44:05.881810 7f2738ddf700 10 client.7567865 get_caps 10000000980.head(faked_ino=0 ref=5 ll_ref=1 cap_refs={1024=2,2048=2,4096=0,8192=0} open={1=2,2=0} mode=100644 size=21474836480/25769803776 mtime=2018-07-02 18:44:05.825427 caps=pAsxLsXsxFsxcrwb(0=pAsxLsXsxFsxcrwb) flushing_caps=Fw objectset[10000000980 ts 0/0 objects 1000 dirty_or_tx 0] 0x55eb03ad0500) have pAsxLsXsxFsxcrwb need Fr want Fc but not Fc revoking -
2018-07-02 18:44:05.881845 7f2738ddf700 10 client.7567865 _read_async 10000000980.head(faked_ino=0 ref=5 ll_ref=1 cap_refs={1024=2,2048=3,4096=0,8192=0} open={1=2,2=0} mode=100644 size=21474836480/25769803776 mtime=2018-07-02 18:44:05.825427 caps=pAsxLsXsxFsxcrwb(0=pAsxLsXsxFsxcrwb) flushing_caps=Fw objectset[10000000980 ts 0/0 objects 1000 dirty_or_tx 0] 0x55eb03ad0500) 5071831040~131072
2018-07-02 18:44:05.881860 7f2738ddf700 10 client.7567865 min_bytes=131072 max_bytes=16777216 max_periods=4
2018-07-02 18:44:05.881881 7f27385de700 3 client.7567865 ll_read 0x55eb03b84e80 10000000980 5072748544~131072
2018-07-02 18:44:05.881891 7f27385de700 10 client.7567865 get_caps 10000000980.head(faked_ino=0 ref=5 ll_ref=1 cap_refs={1024=2,2048=2,4096=0,8192=0} open={1=2,2=0} mode=100644 size=21474836480/25769803776 mtime=2018-07-02 18:44:05.825427 caps=pAsxLsXsxFsxcrwb(0=pAsxLsXsxFsxcrwb) flushing_caps=Fw objectset[10000000980 ts 0/0 objects 1000 dirty_or_tx 0] 0x55eb03ad0500) have pAsxLsXsxFsxcrwb need Fr want Fc but not Fc revoking -
2018-07-02 18:44:05.881913 7f27385de700 10 client.7567865 _read_async 10000000980.head(faked_ino=0 ref=5 ll_ref=1 cap_refs={1024=2,2048=3,4096=0,8192=0} open={1=2,2=0} mode=100644 size=21474836480/25769803776 mtime=2018-07-02 18:44:05.825427 caps=pAsxLsXsxFsxcrwb(0=pAsxLsXsxFsxcrwb) flushing_caps=Fw objectset[10000000980 ts 0/0 objects 1000 dirty_or_tx 0] 0x55eb03ad0500) 5072748544~131072
2018-07-02 18:44:05.881923 7f27385de700 10 client.7567865 min_bytes=131072 max_bytes=16777216 max_periods=4
2018-07-02 18:44:05.881964 7f273ade3700 20 client.7567865 _ll_get 0x55eb03ad0500 10000000980 -> 2
2018-07-02 18:44:05.881971 7f273ade3700 3 client.7567865 ll_getattr 10000000980.head
2018-07-02 18:44:05.881975 7f273ade3700 10 client.7567865 _getattr mask pAsLsXsFs issued=1
2018-07-02 18:44:05.881980 7f273ade3700 10 client.7567865 fill_stat on 10000000980 snap/devhead mode 0100644 mtime 2018-07-02 18:44:05.825427 ctime 2018-07-02 11:03:27.574015
2018-07-02 18:44:05.881988 7f273ade3700 3 client.7567865 ll_getattr 10000000980.head = 0
2018-07-02 18:44:05.881996 7f273a5e2700 3 client.7567865 ll_release (fh)0x55eb0dbee280 10000000980
2018-07-02 18:44:05.882000 7f273a5e2700 5 client.7567865 _release_fh 0x55eb0dbee280 mode 1 on 10000000980.head(faked_ino=0 ref=5 ll_ref=2 cap_refs={1024=3,2048=3,4096=0,8192=0} open={1=2,2=0} mode=100644 size=21474836480/25769803776 mtime=2018-07-02 18:44:05.825427 caps=pAsxLsXsxFsxcrwb(0=pAsxLsXsxFsxcrwb) flushing_caps=Fw objectset[10000000980 ts 0/0 objects 1000 dirty_or_tx 0] 0x55eb03ad0500)
2018-07-02 18:44:05.882019 7f273a5e2700 10 client.7567865 _release_fh 0x55eb0dbee280 on inode 10000000980.head(faked_ino=0 ref=5 ll_ref=2 cap_refs={1024=3,2048=3,4096=0,8192=0} open={1=1,2=0} mode=100644 size=21474836480/25769803776 mtime=2018-07-02 18:44:05.825427 caps=pAsxLsXsxFsxcrwb(0=pAsxLsXsxFsxcrwb) flushing_caps=Fw objectset[10000000980 ts 0/0 objects 1000 dirty_or_tx 0] 0x55eb03ad0500) no async_err state
2018-07-02 18:44:05.882030 7f273a5e2700 10 client.7567865 put_inode on 10000000980.head(faked_ino=0 ref=5 ll_ref=2 cap_refs={1024=3,2048=3,4096=0,8192=0} open={1=1,2=0} mode=100644 size=21474836480/25769803776 mtime=2018-07-02 18:44:05.825427 caps=pAsxLsXsxFsxcrwb(0=pAsxLsXsxFsxcrwb) flushing_caps=Fw objectset[10000000980 ts 0/0 objects 1000 dirty_or_tx 0] 0x55eb03ad0500)
2018-07-02 18:44:05.882039 7f273a5e2700 15 inode.put on 0x55eb03ad0500 10000000980.head now 4
2018-07-02 18:44:05.882049 7f273ade3700 3 client.7567865 ll_forget 10000000980 1
2018-07-02 18:44:05.882054 7f273ade3700 20 client.7567865 _ll_put 0x55eb03ad0500 10000000980 1 -> 1
2018-07-02 18:44:05.882748 7f27441f9700 20 client.7567865 C_Readahead on 0x55eb03ad0500
2018-07-02 18:44:05.882786 7f2730868700 5 client.7567865 put_cap_ref dropped last FILE_CACHE ref on 10000000980.head(faked_ino=0 ref=4 ll_ref=1 cap_refs={1024=0,2048=1,4096=0,8192=0} open={1=1,2=0} mode=100644 size=21474836480/25769803776 mtime=2018-07-02 18:44:05.825427 caps=pAsxLsXsxFsxcrwb(0=pAsxLsXsxFsxcrwb) flushing_caps=Fw objectset[10000000980 ts 0/0 objects 1000 dirty_or_tx 0] 0x55eb03ad0500)
2018-07-02 18:44:05.882805 7f2730868700 10 client.7567865 put_inode on 10000000980.head(faked_ino=0 ref=4 ll_ref=1 cap_refs={1024=0,2048=1,4096=0,8192=0} open={1=1,2=0} mode=100644 size=21474836480/25769803776 mtime=2018-07-02 18:44:05.825427 caps=pAsxLsXsxFsxcrwb(0=pAsxLsXsxFsxcrwb) flushing_caps=Fw objectset[10000000980 ts 0/0 objects 1000 dirty_or_tx 0] 0x55eb03ad0500)
2018-07-02 18:44:05.882828 7f2730868700 15 inode.put on 0x55eb03ad0500 10000000980.head now 3
2018-07-02 18:44:05.882929 7f273cee8700 3 client.7567865 ll_read 0x55eb03b84e80 10000000980 5072879616~131072
2018-07-02 18:44:05.882936 7f273cee8700 10 client.7567865 get_caps 10000000980.head(faked_ino=0 ref=3 ll_ref=1 cap_refs={1024=0,2048=0,4096=0,8192=0} open={1=1,2=0} mode=100644 size=21474836480/25769803776 mtime=2018-07-02 18:44:05.825427 caps=pAsxLsXsxFsxcrwb(0=pAsxLsXsxFsxcrwb) flushing_caps=Fw objectset[10000000980 ts 0/0 objects 1000 dirty_or_tx 0] 0x55eb03ad0500) have pAsxLsXsxFsxcrwb need Fr want Fc but not Fc revoking -
2018-07-02 18:44:05.882954 7f273cee8700 10 client.7567865 _read_async 10000000980.head(faked_ino=0 ref=3 ll_ref=1 cap_refs={1024=0,2048=1,4096=0,8192=0} open={1=1,2=0} mode=100644 size=21474836480/25769803776 mtime=2018-07-02 18:44:05.825427 caps=pAsxLsXsxFsxcrwb(0=pAsxLsXsxFsxcrwb) flushing_caps=Fw objectset[10000000980 ts 0/0 objects 1000 dirty_or_tx 0] 0x55eb03ad0500) 5072879616~131072
2018-07-02 18:44:05.882965 7f273cee8700 10 client.7567865 min_bytes=131072 max_bytes=16777216 max_periods=4
2018-07-02 18:44:05.883074 7f2734ab8700 20 client.7567865 _ll_get 0x55eb03ad0500 10000000980 -> 2
2018-07-02 18:44:05.883079 7f2734ab8700 3 client.7567865 ll_getattr 10000000980.head
2018-07-02 18:44:05.883082 7f2734ab8700 10 client.7567865 _getattr mask pAsLsXsFs issued=1
2018-07-02 18:44:05.883087 7f2734ab8700 10 client.7567865 fill_stat on 10000000980 snap/devhead mode 0100644 mtime 2018-07-02 18:44:05.825427 ctime 2018-07-02 11:03:27.574015
2018-07-02 18:44:05.883095 7f2734ab8700 3 client.7567865 ll_getattr 10000000980.head = 0
2018-07-02 18:44:05.883102 7f2734ab8700 3 client.7567865 ll_forget 10000000980 1
2018-07-02 18:44:05.883105 7f2734ab8700 20 client.7567865 _ll_put 0x55eb03ad0500 10000000980 1 -> 1
2018-07-02 18:44:05.883110 7f2739de1700 3 client.7567865 ll_release (fh)0x55eb03b84e80 10000000980
2018-07-02 18:44:05.883125 7f2739de1700 5 client.7567865 _release_fh 0x55eb03b84e80 mode 1 on 10000000980.head(faked_ino=0 ref=3 ll_ref=1 cap_refs={1024=0,2048=0,4096=0,8192=0} open={1=1,2=0} mode=100644 size=21474836480/25769803776 mtime=2018-07-02 18:44:05.825427 caps=pAsxLsXsxFsxcrwb(0=pAsxLsXsxFsxcrwb) flushing_caps=Fw objectset[10000000980 ts 0/0 objects 1000 dirty_or_tx 0] 0x55eb03ad0500)
2018-07-02 18:44:05.883152 7f2739de1700 15 inode.get on 0x55eb03ad0500 10000000980.head now 4
2018-07-02 18:44:05.883155 7f2739de1700 10 client.7567865 _flush 10000000980.head(faked_ino=0 ref=4 ll_ref=1 cap_refs={1024=0,2048=0,4096=0,8192=0} open={1=0,2=0} mode=100644 size=21474836480/25769803776 mtime=2018-07-02 18:44:05.825427 caps=pAsxLsXsxFsxcrwb(0=pAsxLsXsxFsxcrwb) flushing_caps=Fw objectset[10000000980 ts 0/0 objects 1000 dirty_or_tx 0] 0x55eb03ad0500)
2018-07-02 18:44:05.883170 7f2739de1700 10 client.7567865 nothing to flush
2018-07-02 18:44:05.883173 7f2739de1700 10 client.7567865 put_inode on 10000000980.head(faked_ino=0 ref=4 ll_ref=1 cap_refs={1024=0,2048=0,4096=0,8192=0} open={1=0,2=0} mode=100644 size=21474836480/25769803776 mtime=2018-07-02 18:44:05.825427 caps=pAsxLsXsxFsxcrwb(0=pAsxLsXsxFsxcrwb) flushing_caps=Fw objectset[10000000980 ts 0/0 objects 1000 dirty_or_tx 0] 0x55eb03ad0500)
2018-07-02 18:44:05.883187 7f2739de1700 15 inode.put on 0x55eb03ad0500 10000000980.head now 3
2018-07-02 18:44:05.883192 7f2739de1700 10 client.7567865 check_caps on 10000000980.head(faked_ino=0 ref=3 ll_ref=1 cap_refs={1024=0,2048=0,4096=0,8192=0} open={1=0,2=0} mode=100644 size=21474836480/25769803776 mtime=2018-07-02 18:44:05.825427 caps=pAsxLsXsxFsxcrwb(0=pAsxLsXsxFsxcrwb) flushing_caps=Fw objectset[10000000980 ts 0/0 objects 1000 dirty_or_tx 0] 0x55eb03ad0500) wanted - used Fc issued pAsxLsXsxFsxcrwb revoking - is_delayed=0
2018-07-02 18:44:05.883210 7f2739de1700 10 client.7567865 cap_delay_requeue on 10000000980.head(faked_ino=0 ref=3 ll_ref=1 cap_refs={1024=0,2048=0,4096=0,8192=0} open={1=0,2=0} mode=100644 size=21474836480/25769803776 mtime=2018-07-02 18:44:05.825427 caps=pAsxLsXsxFsxcrwb(0=pAsxLsXsxFsxcrwb) flushing_caps=Fw objectset[10000000980 ts 0/0 objects 1000 dirty_or_tx 0] 0x55eb03ad0500)
2018-07-02 18:44:05.883225 7f2739de1700 10 client.7567865 cap mds.0 issued pAsxLsXsxFsxcrwb implemented pAsxLsXsxFsxcrwb revoking -
2018-07-02 18:44:05.883230 7f2739de1700 10 client.7567865 delaying cap release
2018-07-02 18:44:05.883233 7f2739de1700 10 client.7567865 _release_fh 0x55eb03b84e80 on inode 10000000980.head(faked_ino=0 ref=3 ll_ref=1 cap_refs={1024=0,2048=0,4096=0,8192=0} open={1=0,2=0} mode=100644 size=21474836480/25769803776 mtime=2018-07-02 18:44:05.825427 caps=pAsxLsXsxFsxcrwb(0=pAsxLsXsxFsxcrwb) flushing_caps=Fw objectset[10000000980 ts 0/0 objects 1000 dirty_or_tx 0] 0x55eb03ad0500) no async_err state
2018-07-02 18:44:05.883247 7f2739de1700 10 client.7567865 put_inode on 10000000980.head(faked_ino=0 ref=3 ll_ref=1 cap_refs={1024=0,2048=0,4096=0,8192=0} open={1=0,2=0} mode=100644 size=21474836480/25769803776 mtime=2018-07-02 18:44:05.825427 caps=pAsxLsXsxFsxcrwb(0=pAsxLsXsxFsxcrwb) flushing_caps=Fw objectset[10000000980 ts 0/0 objects 1000 dirty_or_tx 0] 0x55eb03ad0500)
2018-07-02 18:44:05.883260 7f2739de1700 15 inode.put on 0x55eb03ad0500 10000000980.head now 2
2018-07-02 18:44:05.885084 7f272f866700 20 client.7567865 _ll_get 0x55eb03ad0500 10000000980 -> 2
2018-07-02 18:44:05.885094 7f272f866700 3 client.7567865 ll_open 10000000980.head 0
2018-07-02 18:44:05.885098 7f272f866700 10 client.7567865 _getattr mask AsXs issued=1
2018-07-02 18:44:05.885104 7f272f866700 3 client.7567865 may_open 0x55eb03ad0500 = 0
2018-07-02 18:44:05.885109 7f272f866700 10 client.7567865 check_caps on 10000000980.head(faked_ino=0 ref=2 ll_ref=2 cap_refs={1024=0,2048=0,4096=0,8192=0} open={1=1,2=0} mode=100644 size=21474836480/25769803776 mtime=2018-07-02 18:44:05.825427 caps=pAsxLsXsxFsxcrwb(0=pAsxLsXsxFsxcrwb) flushing_caps=Fw objectset[10000000980 ts 0/0 objects 1000 dirty_or_tx 0] 0x55eb03ad0500) wanted pFscr used Fc issued pAsxLsXsxFsxcrwb revoking - is_delayed=1
2018-07-02 18:44:05.885135 7f272f866700 10 client.7567865 cap mds.0 issued pAsxLsXsxFsxcrwb implemented pAsxLsXsxFsxcrwb revoking -
2018-07-02 18:44:05.885154 7f272f866700 15 inode.get on 0x55eb03ad0500 10000000980.head now 3
2018-07-02 18:44:05.885158 7f272f866700 10 client.7567865 _create_fh 10000000980 mode 1
2018-07-02 18:44:05.885162 7f272f866700 20 client.7567865 trim_cache size 6 max 16384
2018-07-02 18:44:05.885165 7f272f866700 3 client.7567865 ll_open 10000000980.head 0 = 0 (0x55eb08a65180)
2018-07-02 18:44:05.885175 7f272f866700 3 client.7567865 ll_forget 10000000980 1
2018-07-02 18:44:05.885179 7f272f866700 20 client.7567865 _ll_put 0x55eb03ad0500 10000000980 1 -> 1
2018-07-02 18:44:05.885186 7f272f866700 20 client.7567865 _ll_get 0x55eb03ad0500 10000000980 -> 2
2018-07-02 18:44:05.885189 7f272f866700 3 client.7567865 ll_open 10000000980.head 0
2018-07-02 18:44:05.885191 7f272f866700 10 client.7567865 _getattr mask AsXs issued=1
2018-07-02 18:44:05.885195 7f272f866700 3 client.7567865 may_open 0x55eb03ad0500 = 0
2018-07-02 18:44:05.885198 7f272f866700 10 client.7567865 check_caps on 10000000980.head(faked_ino=0 ref=3 ll_ref=2 cap_refs={1024=0,2048=0,4096=0,8192=0} open={1=2,2=0} mode=100644 size=21474836480/25769803776 mtime=2018-07-02 18:44:05.825427 caps=pAsxLsXsxFsxcrwb(0=pAsxLsXsxFsxcrwb) flushing_caps=Fw objectset[10000000980 ts 0/0 objects 1000 dirty_or_tx 0] 0x55eb03ad0500) wanted pFscr used Fc issued pAsxLsXsxFsxcrwb revoking - is_delayed=1
2018-07-02 18:44:05.885217 7f272f866700 10 client.7567865 cap mds.0 issued pAsxLsXsxFsxcrwb implemented pAsxLsXsxFsxcrwb revoking -
2018-07-02 18:44:05.885223 7f272f866700 15 inode.get on 0x55eb03ad0500 10000000980.head now 4
2018-07-02 18:44:05.885225 7f272f866700 10 client.7567865 _create_fh 10000000980 mode 1
2018-07-02 18:44:05.885228 7f272f866700 20 client.7567865 trim_cache size 6 max 16384
2018-07-02 18:44:05.885230 7f272f866700 3 client.7567865 ll_open 10000000980.head 0 = 0 (0x55eb08a63980)
2018-07-02 18:44:05.885236 7f272f866700 3 client.7567865 ll_forget 10000000980 1
2018-07-02 18:44:05.885238 7f272f866700 20 client.7567865 _ll_put 0x55eb03ad0500 10000000980 1 -> 1
2018-07-02 18:44:05.885265 7f2738ddf700 3 client.7567865 ll_release (fh)0x55eb08a65180 10000000980
2018-07-02 18:44:05.885275 7f2738ddf700 5 client.7567865 _release_fh 0x55eb08a65180 mode 1 on 10000000980.head(faked_ino=0 ref=4 ll_ref=1 cap_refs={1024=0,2048=0,4096=0,8192=0} open={1=2,2=0} mode=100644 size=21474836480/25769803776 mtime=2018-07-02 18:44:05.825427 caps=pAsxLsXsxFsxcrwb(0=pAsxLsXsxFsxcrwb) flushing_caps=Fw objectset[10000000980 ts 0/0 objects 1000 dirty_or_tx 0] 0x55eb03ad0500)
2018-07-02 18:44:05.885292 7f2738ddf700 10 client.7567865 _release_fh 0x55eb08a65180 on inode 10000000980.head(faked_ino=0 ref=4 ll_ref=1 cap_refs={1024=0,2048=0,4096=0,8192=0} open={1=1,2=0} mode=100644 size=21474836480/25769803776 mtime=2018-07-02 18:44:05.825427 caps=pAsxLsXsxFsxcrwb(0=pAsxLsXsxFsxcrwb) flushing_caps=Fw objectset[10000000980 ts 0/0 objects 1000 dirty_or_tx 0] 0x55eb03ad0500) no async_err state
2018-07-02 18:44:05.885305 7f2738ddf700 10 client.7567865 put_inode on 10000000980.head(faked_ino=0 ref=4 ll_ref=1 cap_refs={1024=0,2048=0,4096=0,8192=0} open={1=1,2=0} mode=100644 size=21474836480/25769803776 mtime=2018-07-02 18:44:05.825427 caps=pAsxLsXsxFsxcrwb(0=pAsxLsXsxFsxcrwb) flushing_caps=Fw objectset[10000000980 ts 0/0 objects 1000 dirty_or_tx 0] 0x55eb03ad0500)
2018-07-02 18:44:05.885315 7f2738ddf700 15 inode.put on 0x55eb03ad0500 10000000980.head now 3
2018-07-02 18:44:05.885324 7f273bee6700 20 client.7567865 _ll_get 0x55eb03ad0500 10000000980 -> 2
2018-07-02 18:44:05.885337 7f273bee6700 3 client.7567865 ll_getattr 10000000980.head
2018-07-02 18:44:05.885341 7f273bee6700 10 client.7567865 _getattr mask pAsLsXsFs issued=1
2018-07-02 18:44:05.885347 7f273bee6700 10 client.7567865 fill_stat on 10000000980 snap/devhead mode 0100644 mtime 2018-07-02 18:44:05.825427 ctime 2018-07-02 11:03:27.574015
2018-07-02 18:44:05.885364 7f273bee6700 3 client.7567865 ll_getattr 10000000980.head = 0
2018-07-02 18:44:05.885371 7f273a5e2700 20 client.7567865 _ll_get 0x55eb03ad0500 10000000980 -> 3
2018-07-02 18:44:05.885377 7f273bee6700 3 client.7567865 ll_forget 10000000980 1
2018-07-02 18:44:05.885379 7f273bee6700 20 client.7567865 _ll_put 0x55eb03ad0500 10000000980 1 -> 2
2018-07-02 18:44:05.885386 7f273a5e2700 3 client.7567865 ll_getattr 10000000980.head
2018-07-02 18:44:05.885391 7f273a5e2700 10 client.7567865 _getattr mask pAsLsXsFs issued=1
2018-07-02 18:44:05.885395 7f273a5e2700 10 client.7567865 fill_stat on 10000000980 snap/devhead mode 0100644 mtime 2018-07-02 18:44:05.825427 ctime 2018-07-02 11:03:27.574015
2018-07-02 18:44:05.885404 7f273a5e2700 3 client.7567865 ll_getattr 10000000980.head = 0
2018-07-02 18:44:05.885410 7f2738ddf700 3 client.7567865 ll_release (fh)0x55eb08a63980 10000000980
2018-07-02 18:44:05.885412 7f2738ddf700 5 client.7567865 _release_fh 0x55eb08a63980 mode 1 on 10000000980.head(faked_ino=0 ref=3 ll_ref=2 cap_refs={1024=0,2048=0,4096=0,8192=0} open={1=1,2=0} mode=100644 size=21474836480/25769803776 mtime=2018-07-02 18:44:05.825427 caps=pAsxLsXsxFsxcrwb(0=pAsxLsXsxFsxcrwb) flushing_caps=Fw objectset[10000000980 ts 0/0 objects 1000 dirty_or_tx 0] 0x55eb03ad0500)
2018-07-02 18:44:05.885426 7f2738ddf700 15 inode.get on 0x55eb03ad0500 10000000980.head now 4
2018-07-02 18:44:05.885428 7f2738ddf700 10 client.7567865 _flush 10000000980.head(faked_ino=0 ref=4 ll_ref=2 cap_refs={1024=0,2048=0,4096=0,8192=0} open={1=0,2=0} mode=100644 size=21474836480/25769803776 mtime=2018-07-02 18:44:05.825427 caps=pAsxLsXsxFsxcrwb(0=pAsxLsXsxFsxcrwb) flushing_caps=Fw objectset[10000000980 ts 0/0 objects 1000 dirty_or_tx 0] 0x55eb03ad0500)
2018-07-02 18:44:05.885440 7f2738ddf700 10 client.7567865 nothing to flush
2018-07-02 18:44:05.885442 7f2738ddf700 10 client.7567865 put_inode on 10000000980.head(faked_ino=0 ref=4 ll_ref=2 cap_refs={1024=0,2048=0,4096=0,8192=0} open={1=0,2=0} mode=100644 size=21474836480/25769803776 mtime=2018-07-02 18:44:05.825427 caps=pAsxLsXsxFsxcrwb(0=pAsxLsXsxFsxcrwb) flushing_caps=Fw objectset[10000000980 ts 0/0 objects 1000 dirty_or_tx 0] 0x55eb03ad0500)
2018-07-02 18:44:05.885453 7f2738ddf700 15 inode.put on 0x55eb03ad0500 10000000980.head now 3
2018-07-02 18:44:05.885457 7f2738ddf700 10 client.7567865 check_caps on 10000000980.head(faked_ino=0 ref=3 ll_ref=2 cap_refs={1024=0,2048=0,4096=0,8192=0} open={1=0,2=0} mode=100644 size=21474836480/25769803776 mtime=2018-07-02 18:44:05.825427 caps=pAsxLsXsxFsxcrwb(0=pAsxLsXsxFsxcrwb) flushing_caps=Fw objectset[10000000980 ts 0/0 objects 1000 dirty_or_tx 0] 0x55eb03ad0500) wanted - used Fc issued pAsxLsXsxFsxcrwb revoking - is_delayed=0
2018-07-02 18:44:05.885472 7f2738ddf700 10 client.7567865 cap_delay_requeue on 10000000980.head(faked_ino=0 ref=3 ll_ref=2 cap_refs={1024=0,2048=0,4096=0,8192=0} open={1=0,2=0} mode=100644 size=21474836480/25769803776 mtime=2018-07-02 18:44:05.825427 caps=pAsxLsXsxFsxcrwb(0=pAsxLsXsxFsxcrwb) flushing_caps=Fw objectset[10000000980 ts 0/0 objects 1000 dirty_or_tx 0] 0x55eb03ad0500)
2018-07-02 18:44:05.885484 7f2738ddf700 10 client.7567865 cap mds.0 issued pAsxLsXsxFsxcrwb implemented pAsxLsXsxFsxcrwb revoking -
2018-07-02 18:44:05.885488 7f2738ddf700 10 client.7567865 delaying cap release
2018-07-02 18:44:05.885490 7f2738ddf700 10 client.7567865 _release_fh 0x55eb08a63980 on inode 10000000980.head(faked_ino=0 ref=3 ll_ref=2 cap_refs={1024=0,2048=0,4096=0,8192=0} open={1=0,2=0} mode=100644 size=21474836480/25769803776 mtime=2018-07-02 18:44:05.825427 caps=pAsxLsXsxFsxcrwb(0=pAsxLsXsxFsxcrwb) flushing_caps=Fw objectset[10000000980 ts 0/0 objects 1000 dirty_or_tx 0] 0x55eb03ad0500) no async_err state
2018-07-02 18:44:05.885501 7f2738ddf700 10 client.7567865 put_inode on 10000000980.head(faked_ino=0 ref=3 ll_ref=2 cap_refs={1024=0,2048=0,4096=0,8192=0} open={1=0,2=0} mode=100644 size=21474836480/25769803776 mtime=2018-07-02 18:44:05.825427 caps=pAsxLsXsxFsxcrwb(0=pAsxLsXsxFsxcrwb) flushing_caps=Fw objectset[10000000980 ts 0/0 objects 1000 dirty_or_tx 0] 0x55eb03ad0500)
2018-07-02 18:44:05.885510 7f2738ddf700 15 inode.put on 0x55eb03ad0500 10000000980.head now 2
2018-07-02 18:44:05.885517 7f273a5e2700 3 client.7567865 ll_forget 10000000980 1
2018-07-02 18:44:05.885521 7f273a5e2700 20 client.7567865 _ll_put 0x55eb03ad0500 10000000980 1 -> 1
2018-07-02 18:44:05.888421 7f273ade3700 20 client.7567865 _ll_get 0x55eb03ad0500 10000000980 -> 2
2018-07-02 18:44:05.888429 7f273ade3700 3 client.7567865 ll_open 10000000980.head 0
2018-07-02 18:44:05.888432 7f273ade3700 10 client.7567865 _getattr mask AsXs issued=1
2018-07-02 18:44:05.888436 7f273ade3700 3 client.7567865 may_open 0x55eb03ad0500 = 0
2018-07-02 18:44:05.888440 7f273ade3700 10 client.7567865 check_caps on 10000000980.head(faked_ino=0 ref=2 ll_ref=2 cap_refs={1024=0,2048=0,4096=0,8192=0} open={1=1,2=0} mode=100644 size=21474836480/25769803776 mtime=2018-07-02 18:44:05.825427 caps=pAsxLsXsxFsxcrwb(0=pAsxLsXsxFsxcrwb) flushing_caps=Fw objectset[10000000980 ts 0/0 objects 1000 dirty_or_tx 0] 0x55eb03ad0500) wanted pFscr used Fc issued pAsxLsXsxFsxcrwb revoking - is_delayed=1
2018-07-02 18:44:05.888462 7f273ade3700 10 client.7567865 cap mds.0 issued pAsxLsXsxFsxcrwb implemented pAsxLsXsxFsxcrwb revoking -
2018-07-02 18:44:05.888469 7f273ade3700 15 inode.get on 0x55eb03ad0500 10000000980.head now 3
2018-07-02 18:44:05.888471 7f273ade3700 10 client.7567865 _create_fh 10000000980 mode 1
2018-07-02 18:44:05.888474 7f273ade3700 20 client.7567865 trim_cache size 6 max 16384
2018-07-02 18:44:05.888477 7f273ade3700 3 client.7567865 ll_open 10000000980.head 0 = 0 (0x55eb0ffefb00)
2018-07-02 18:44:05.888484 7f273ade3700 3 client.7567865 ll_forget 10000000980 1
2018-07-02 18:44:05.888487 7f273ade3700 20 client.7567865 _ll_put 0x55eb03ad0500 10000000980 1 -> 1
2018-07-02 18:44:05.888536 7f27385de700 3 client.7567865 ll_read 0x55eb0ffefb00 10000000980 1306656768~131072
2018-07-02 18:44:05.888548 7f27385de700 10 client.7567865 get_caps 10000000980.head(faked_ino=0 ref=3 ll_ref=1 cap_refs={1024=0,2048=0,4096=0,8192=0} open={1=1,2=0} mode=100644 size=21474836480/25769803776 mtime=2018-07-02 18:44:05.825427 caps=pAsxLsXsxFsxcrwb(0=pAsxLsXsxFsxcrwb) flushing_caps=Fw objectset[10000000980 ts 0/0 objects 1000 dirty_or_tx 0] 0x55eb03ad0500) have pAsxLsXsxFsxcrwb need Fr want Fc but not Fc revoking -
2018-07-02 18:44:05.888574 7f27385de700 10 client.7567865 _read_async 10000000980.head(faked_ino=0 ref=3 ll_ref=1 cap_refs={1024=0,2048=1,4096=0,8192=0} open={1=1,2=0} mode=100644 size=21474836480/25769803776 mtime=2018-07-02 18:44:05.825427 caps=pAsxLsXsxFsxcrwb(0=pAsxLsXsxFsxcrwb) flushing_caps=Fw objectset[10000000980 ts 0/0 objects 1000 dirty_or_tx 0] 0x55eb03ad0500) 1306656768~131072
2018-07-02 18:44:05.888586 7f27385de700 10 client.7567865 min_bytes=131072 max_bytes=16777216 max_periods=4
2018-07-02 18:44:05.888634 7f27385de700 5 client.7567865 get_cap_ref got first FILE_CACHE ref on 10000000980.head(faked_ino=0 ref=3 ll_ref=1 cap_refs={1024=0,2048=1,4096=0,8192=0} open={1=1,2=0} mode=100644 size=21474836480/25769803776 mtime=2018-07-02 18:44:05.825427 caps=pAsxLsXsxFsxcrwb(0=pAsxLsXsxFsxcrwb) flushing_caps=Fw objectset[10000000980 ts 0/0 objects 1001 dirty_or_tx 0] 0x55eb03ad0500)
2018-07-02 18:44:05.888647 7f27385de700 15 inode.get on 0x55eb03ad0500 10000000980.head now 4
2018-07-02 18:44:05.888655 7f2730868700 20 client.7567865 _ll_get 0x55eb03ad0500 10000000980 -> 2
2018-07-02 18:44:05.888663 7f2730868700 3 client.7567865 ll_open 10000000980.head 0
2018-07-02 18:44:05.888666 7f2730868700 10 client.7567865 _getattr mask AsXs issued=1
2018-07-02 18:44:05.888670 7f2730868700 3 client.7567865 may_open 0x55eb03ad0500 = 0
2018-07-02 18:44:05.888674 7f2730868700 10 client.7567865 check_caps on 10000000980.head(faked_ino=0 ref=4 ll_ref=2 cap_refs={1024=1,2048=1,4096=0,8192=0} open={1=2,2=0} mode=100644 size=21474836480/25769803776 mtime=2018-07-02 18:44:05.825427 caps=pAsxLsXsxFsxcrwb(0=pAsxLsXsxFsxcrwb) flushing_caps=Fw objectset[10000000980 ts 0/0 objects 1001 dirty_or_tx 0] 0x55eb03ad0500) wanted pFscr used Fcr issued pAsxLsXsxFsxcrwb revoking - is_delayed=1
2018-07-02 18:44:05.888692 7f2730868700 10 client.7567865 cap mds.0 issued pAsxLsXsxFsxcrwb implemented pAsxLsXsxFsxcrwb revoking -
2018-07-02 18:44:05.888699 7f2730868700 15 inode.get on 0x55eb03ad0500 10000000980.head now 5
2018-07-02 18:44:05.888700 7f2730868700 10 client.7567865 _create_fh 10000000980 mode 1
2018-07-02 18:44:05.888704 7f2730868700 20 client.7567865 trim_cache size 6 max 16384
2018-07-02 18:44:05.888706 7f2730868700 3 client.7567865 ll_open 10000000980.head 0 = 0 (0x55eb03ebcd80)
2018-07-02 18:44:05.888715 7f273cee8700 3 client.7567865 ll_read 0x55eb0ffefb00 10000000980 1306787840~131072
2018-07-02 18:44:05.888731 7f273cee8700 10 client.7567865 get_caps 10000000980.head(faked_ino=0 ref=5 ll_ref=2 cap_refs={1024=1,2048=1,4096=0,8192=0} open={1=2,2=0} mode=100644 size=21474836480/25769803776 mtime=2018-07-02 18:44:05.825427 caps=pAsxLsXsxFsxcrwb(0=pAsxLsXsxFsxcrwb) flushing_caps=Fw objectset[10000000980 ts 0/0 objects 1001 dirty_or_tx 0] 0x55eb03ad0500) have pAsxLsXsxFsxcrwb need Fr want Fc but not Fc revoking -
2018-07-02 18:44:05.888762 7f273cee8700 10 client.7567865 _read_async 10000000980.head(faked_ino=0 ref=5 ll_ref=2 cap_refs={1024=1,2048=2,4096=0,8192=0} open={1=2,2=0} mode=100644 size=21474836480/25769803776 mtime=2018-07-02 18:44:05.825427 caps=pAsxLsXsxFsxcrwb(0=pAsxLsXsxFsxcrwb) flushing_caps=Fw objectset[10000000980 ts 0/0 objects 1001 dirty_or_tx 0] 0x55eb03ad0500) 1306787840~131072
2018-07-02 18:44:05.888779 7f273cee8700 10 client.7567865 min_bytes=131072 max_bytes=16777216 max_periods=4
2018-07-02 18:44:05.888854 7f2730868700 3 client.7567865 ll_forget 10000000980 1
2018-07-02 18:44:05.888858 7f2730868700 20 client.7567865 _ll_put 0x55eb03ad0500 10000000980 1 -> 1
2018-07-02 18:44:05.888868 7f2734ab8700 3 client.7567865 ll_read 0x55eb03ebcd80 10000000980 1307574272~131072
2018-07-02 18:44:05.888875 7f2734ab8700 10 client.7567865 get_caps 10000000980.head(faked_ino=0 ref=5 ll_ref=1 cap_refs={1024=2,2048=2,4096=0,8192=0} open={1=2,2=0} mode=100644 size=21474836480/25769803776 mtime=2018-07-02 18:44:05.825427 caps=pAsxLsXsxFsxcrwb(0=pAsxLsXsxFsxcrwb) flushing_caps=Fw objectset[10000000980 ts 0/0 objects 1001 dirty_or_tx 0] 0x55eb03ad0500) have pAsxLsXsxFsxcrwb need Fr want Fc but not Fc revoking -
2018-07-02 18:44:05.888891 7f2734ab8700 10 client.7567865 _read_async 10000000980.head(faked_ino=0 ref=5 ll_ref=1 cap_refs={1024=2,2048=3,4096=0,8192=0} open={1=2,2=0} mode=100644 size=21474836480/25769803776 mtime=2018-07-02 18:44:05.825427 caps=pAsxLsXsxFsxcrwb(0=pAsxLsXsxFsxcrwb) flushing_caps=Fw objectset[10000000980 ts 0/0 objects 1001 dirty_or_tx 0] 0x55eb03ad0500) 1307574272~131072
2018-07-02 18:44:05.888909 7f2734ab8700 10 client.7567865 min_bytes=131072 max_bytes=16777216 max_periods=4
2018-07-02 18:44:05.888951 7f2739de1700 3 client.7567865 ll_read 0x55eb03ebcd80 10000000980 1307705344~131072
2018-07-02 18:44:05.888961 7f2739de1700 10 client.7567865 get_caps 10000000980.head(faked_ino=0 ref=5 ll_ref=1 cap_refs={1024=3,2048=3,4096=0,8192=0} open={1=2,2=0} mode=100644 size=21474836480/25769803776 mtime=2018-07-02 18:44:05.825427 caps=pAsxLsXsxFsxcrwb(0=pAsxLsXsxFsxcrwb) flushing_caps=Fw objectset[10000000980 ts 0/0 objects 1001 dirty_or_tx 0] 0x55eb03ad0500) have pAsxLsXsxFsxcrwb need Fr want Fc but not Fc revoking -
2018-07-02 18:44:05.888984 7f2739de1700 10 client.7567865 _read_async 10000000980.head(faked_ino=0 ref=5 ll_ref=1 cap_refs={1024=3,2048=4,4096=0,8192=0} open={1=2,2=0} mode=100644 size=21474836480/25769803776 mtime=2018-07-02 18:44:05.825427 caps=pAsxLsXsxFsxcrwb(0=pAsxLsXsxFsxcrwb) flushing_caps=Fw objectset[10000000980 ts 0/0 objects 1001 dirty_or_tx 0] 0x55eb03ad0500) 1307705344~131072
2018-07-02 18:44:05.888996 7f2739de1700 10 client.7567865 min_bytes=131072 max_bytes=16777216 max_periods=4
2018-07-02 18:44:05.890141 7f272f866700 3 client.7567865 ll_read 0x55eb0ffefb00 10000000980 1306918912~131072
2018-07-02 18:44:05.890149 7f272f866700 10 client.7567865 get_caps 10000000980.head(faked_ino=0 ref=5 ll_ref=1 cap_refs={1024=3,2048=3,4096=0,8192=0} open={1=2,2=0} mode=100644 size=21474836480/25769803776 mtime=2018-07-02 18:44:05.825427 caps=pAsxLsXsxFsxcrwb(0=pAsxLsXsxFsxcrwb) flushing_caps=Fw objectset[10000000980 ts 0/0 objects 1000 dirty_or_tx 0] 0x55eb03ad0500) have pAsxLsXsxFsxcrwb need Fr want Fc but not Fc revoking -
2018-07-02 18:44:05.890172 7f272f866700 10 client.7567865 _read_async 10000000980.head(faked_ino=0 ref=5 ll_ref=1 cap_refs={1024=3,2048=4,4096=0,8192=0} open={1=2,2=0} mode=100644 size=21474836480/25769803776 mtime=2018-07-02 18:44:05.825427 caps=pAsxLsXsxFsxcrwb(0=pAsxLsXsxFsxcrwb) flushing_caps=Fw objectset[10000000980 ts 0/0 objects 1000 dirty_or_tx 0] 0x55eb03ad0500) 1306918912~131072
2018-07-02 18:44:05.890185 7f272f866700 10 client.7567865 min_bytes=131072 max_bytes=16777216 max_periods=4
2018-07-02 18:44:05.890375 7f273cee8700 20 client.7567865 readahead 1306918912~131072 (caller wants 1306787840~131072)
2018-07-02 18:44:05.890406 7f273cee8700 20 client.7567865 readahead initiated, c 0x55eb041d6da0
2018-07-02 18:44:05.890530 7f273bee6700 3 client.7567865 ll_read 0x55eb0ffefb00 10000000980 1307049984~131072
2018-07-02 18:44:05.890539 7f273bee6700 10 client.7567865 get_caps 10000000980.head(faked_ino=0 ref=5 ll_ref=1 cap_refs={1024=3,2048=3,4096=0,8192=0} open={1=2,2=0} mode=100644 size=21474836480/25769803776 mtime=2018-07-02 18:44:05.825427 caps=pAsxLsXsxFsxcrwb(0=pAsxLsXsxFsxcrwb) flushing_caps=Fw objectset[10000000980 ts 0/0 objects 1000 dirty_or_tx 0] 0x55eb03ad0500) have pAsxLsXsxFsxcrwb need Fr want Fc but not Fc revoking -
2018-07-02 18:44:05.890569 7f273bee6700 10 client.7567865 _read_async 10000000980.head(faked_ino=0 ref=5 ll_ref=1 cap_refs={1024=3,2048=4,4096=0,8192=0} open={1=2,2=0} mode=100644 size=21474836480/25769803776 mtime=2018-07-02 18:44:05.825427 caps=pAsxLsXsxFsxcrwb(0=pAsxLsXsxFsxcrwb) flushing_caps=Fw objectset[10000000980 ts 0/0 objects 1000 dirty_or_tx 0] 0x55eb03ad0500) 1307049984~131072
2018-07-02 18:44:05.890586 7f273bee6700 10 client.7567865 min_bytes=131072 max_bytes=16777216 max_periods=4
2018-07-02 18:44:05.890659 7f2738ddf700 3 client.7567865 ll_read 0x55eb03ebcd80 10000000980 1307836416~131072
2018-07-02 18:44:05.890674 7f2738ddf700 10 client.7567865 get_caps 10000000980.head(faked_ino=0 ref=5 ll_ref=1 cap_refs={1024=4,2048=4,4096=0,8192=0} open={1=2,2=0} mode=100644 size=21474836480/25769803776 mtime=2018-07-02 18:44:05.825427 caps=pAsxLsXsxFsxcrwb(0=pAsxLsXsxFsxcrwb) flushing_caps=Fw objectset[10000000980 ts 0/0 objects 1000 dirty_or_tx 0] 0x55eb03ad0500) have pAsxLsXsxFsxcrwb need Fr want Fc but not Fc revoking -
2018-07-02 18:44:05.890708 7f2738ddf700 10 client.7567865 _read_async 10000000980.head(faked_ino=0 ref=5 ll_ref=1 cap_refs={1024=4,2048=5,4096=0,8192=0} open={1=2,2=0} mode=100644 size=21474836480/25769803776 mtime=2018-07-02 18:44:05.825427 caps=pAsxLsXsxFsxcrwb(0=pAsxLsXsxFsxcrwb) flushing_caps=Fw objectset[10000000980 ts 0/0 objects 1000 dirty_or_tx 0] 0x55eb03ad0500) 1307836416~131072
2018-07-02 18:44:05.890722 7f2738ddf700 10 client.7567865 min_bytes=131072 max_bytes=16777216 max_periods=4
2018-07-02 18:44:05.890793 7f2739de1700 20 client.7567865 readahead 1307836416~131072 (caller wants 1307705344~131072)
2018-07-02 18:44:05.890804 7f2739de1700 20 client.7567865 readahead initiated, c 0x55eb03e76640
2018-07-02 18:44:05.890920 7f273a5e2700 3 client.7567865 ll_read 0x55eb03ebcd80 10000000980 1307967488~131072
2018-07-02 18:44:05.890931 7f273a5e2700 10 client.7567865 get_caps 10000000980.head(faked_ino=0 ref=5 ll_ref=1 cap_refs={1024=5,2048=5,4096=0,8192=0} open={1=2,2=0} mode=100644 size=21474836480/25769803776 mtime=2018-07-02 18:44:05.825427 caps=pAsxLsXsxFsxcrwb(0=pAsxLsXsxFsxcrwb) flushing_caps=Fw objectset[10000000980 ts 0/0 objects 1000 dirty_or_tx 0] 0x55eb03ad0500) have pAsxLsXsxFsxcrwb need Fr want Fc but not Fc revoking -
2018-07-02 18:44:05.890958 7f273a5e2700 10 client.7567865 _read_async 10000000980.head(faked_ino=0 ref=5 ll_ref=1 cap_refs={1024=5,2048=6,4096=0,8192=0} open={1=2,2=0} mode=100644 size=21474836480/25769803776 mtime=2018-07-02 18:44:05.825427 caps=pAsxLsXsxFsxcrwb(0=pAsxLsXsxFsxcrwb) flushing_caps=Fw objectset[10000000980 ts 0/0 objects 1000 dirty_or_tx 0] 0x55eb03ad0500) 1307967488~131072
2018-07-02 18:44:05.890971 7f273a5e2700 10 client.7567865 min_bytes=131072 max_bytes=16777216 max_periods=4
2018-07-02 18:44:05.891279 7f27441f9700 20 client.7567865 C_Readahead on 0x55eb03ad0500
2018-07-02 18:44:05.891302 7f272f866700 20 client.7567865 readahead 1307049984~262144 (caller wants 1306918912~131072)
2018-07-02 18:44:05.891349 7f272f866700 20 client.7567865 readahead initiated, c 0x55eb09b398e0
2018-07-02 18:44:05.891451 7f273ade3700 3 client.7567865 ll_read 0x55eb0ffefb00 10000000980 1307181056~131072
2018-07-02 18:44:05.891460 7f273ade3700 10 client.7567865 get_caps 10000000980.head(faked_ino=0 ref=5 ll_ref=1 cap_refs={1024=5,2048=5,4096=0,8192=0} open={1=2,2=0} mode=100644 size=21474836480/25769803776 mtime=2018-07-02 18:44:05.825427 caps=pAsxLsXsxFsxcrwb(0=pAsxLsXsxFsxcrwb) flushing_caps=Fw objectset[10000000980 ts 0/0 objects 1000 dirty_or_tx 0] 0x55eb03ad0500) have pAsxLsXsxFsxcrwb need Fr want Fc but not Fc revoking -
2018-07-02 18:44:05.891487 7f273ade3700 10 client.7567865 _read_async 10000000980.head(faked_ino=0 ref=5 ll_ref=1 cap_refs={1024=5,2048=6,4096=0,8192=0} open={1=2,2=0} mode=100644 size=21474836480/25769803776 mtime=2018-07-02 18:44:05.825427 caps=pAsxLsXsxFsxcrwb(0=pAsxLsXsxFsxcrwb) flushing_caps=Fw objectset[10000000980 ts 0/0 objects 1000 dirty_or_tx 0] 0x55eb03ad0500) 1307181056~131072
2018-07-02 18:44:05.891501 7f273ade3700 10 client.7567865 min_bytes=131072 max_bytes=16777216 max_periods=4
2018-07-02 18:44:05.891666 7f273bee6700 20 client.7567865 readahead 1307312128~524288 (caller wants 1307049984~131072)
2018-07-02 18:44:05.891813 7f273bee6700 20 client.7567865 readahead initiated, c 0x55eb071c52c0
2018-07-02 18:44:05.891945 7f27441f9700 20 client.7567865 C_Readahead on 0x55eb03ad0500
2018-07-02 18:44:05.891965 7f2738ddf700 20 client.7567865 readahead 1307967488~262144 (caller wants 1307836416~131072)
2018-07-02 18:44:05.892010 7f2738ddf700 20 client.7567865 readahead initiated, c 0x55eb11e1c9a0
2018-07-02 18:44:05.892020 7f2730868700 3 client.7567865 ll_read 0x55eb0ffefb00 10000000980 1307312128~131072
2018-07-02 18:44:05.892034 7f2730868700 10 client.7567865 get_caps 10000000980.head(faked_ino=0 ref=5 ll_ref=1 cap_refs={1024=5,2048=5,4096=0,8192=0} open={1=2,2=0} mode=100644 size=21474836480/25769803776 mtime=2018-07-02 18:44:05.825427 caps=pAsxLsXsxFsxcrwb(0=pAsxLsXsxFsxcrwb) flushing_caps=Fw objectset[10000000980 ts 0/0 objects 1000 dirty_or_tx 0] 0x55eb03ad0500) have pAsxLsXsxFsxcrwb need Fr want Fc but not Fc revoking -
2018-07-02 18:44:05.892062 7f2730868700 10 client.7567865 _read_async 10000000980.head(faked_ino=0 ref=5 ll_ref=1 cap_refs={1024=5,2048=6,4096=0,8192=0} open={1=2,2=0} mode=100644 size=21474836480/25769803776 mtime=2018-07-02 18:44:05.825427 caps=pAsxLsXsxFsxcrwb(0=pAsxLsXsxFsxcrwb) flushing_caps=Fw objectset[10000000980 ts 0/0 objects 1000 dirty_or_tx 0] 0x55eb03ad0500) 1307312128~131072
2018-07-02 18:44:05.892127 7f2730868700 10 client.7567865 min_bytes=131072 max_bytes=16777216 max_periods=4
2018-07-02 18:44:05.892147 7f27385de700 3 client.7567865 ll_read 0x55eb03ebcd80 10000000980 1308098560~131072
2018-07-02 18:44:05.892160 7f27385de700 10 client.7567865 get_caps 10000000980.head(faked_ino=0 ref=5 ll_ref=1 cap_refs={1024=6,2048=6,4096=0,8192=0} open={1=2,2=0} mode=100644 size=21474836480/25769803776 mtime=2018-07-02 18:44:05.825427 caps=pAsxLsXsxFsxcrwb(0=pAsxLsXsxFsxcrwb) flushing_caps=Fw objectset[10000000980 ts 0/0 objects 1000 dirty_or_tx 0] 0x55eb03ad0500) have pAsxLsXsxFsxcrwb need Fr want Fc but not Fc revoking -
2018-07-02 18:44:05.892185 7f27385de700 10 client.7567865 _read_async 10000000980.head(faked_ino=0 ref=5 ll_ref=1 cap_refs={1024=6,2048=7,4096=0,8192=0} open={1=2,2=0} mode=100644 size=21474836480/25769803776 mtime=2018-07-02 18:44:05.825427 caps=pAsxLsXsxFsxcrwb(0=pAsxLsXsxFsxcrwb) flushing_caps=Fw objectset[10000000980 ts 0/0 objects 1000 dirty_or_tx 0] 0x55eb03ad0500) 1308098560~131072
2018-07-02 18:44:05.892195 7f27385de700 10 client.7567865 min_bytes=131072 max_bytes=16777216 max_periods=4
2018-07-02 18:44:05.892232 7f273a5e2700 20 client.7567865 readahead 1308229632~393216 (caller wants 1307967488~131072)
2018-07-02 18:44:05.892433 7f273a5e2700 20 client.7567865 readahead initiated, c 0x55eb071d5400
2018-07-02 18:44:05.892526 7f27441f9700 20 client.7567865 C_Readahead on 0x55eb03ad0500
2018-07-02 18:44:05.892549 7f273cee8700 3 client.7567865 ll_read 0x55eb03ebcd80 10000000980 1308229632~131072
2018-07-02 18:44:05.892558 7f273cee8700 10 client.7567865 get_caps 10000000980.head(faked_ino=0 ref=5 ll_ref=1 cap_refs={1024=5,2048=5,4096=0,8192=0} open={1=2,2=0} mode=100644 size=21474836480/25769803776 mtime=2018-07-02 18:44:05.825427 caps=pAsxLsXsxFsxcrwb(0=pAsxLsXsxFsxcrwb) flushing_caps=Fw objectset[10000000980 ts 0/0 objects 1000 dirty_or_tx 0] 0x55eb03ad0500) have pAsxLsXsxFsxcrwb need Fr want Fc but not Fc revoking -
2018-07-02 18:44:05.892589 7f273cee8700 10 client.7567865 _read_async 10000000980.head(faked_ino=0 ref=5 ll_ref=1 cap_refs={1024=5,2048=6,4096=0,8192=0} open={1=2,2=0} mode=100644 size=21474836480/25769803776 mtime=2018-07-02 18:44:05.825427 caps=pAsxLsXsxFsxcrwb(0=pAsxLsXsxFsxcrwb) flushing_caps=Fw objectset[10000000980 ts 0/0 objects 1000 dirty_or_tx 0] 0x55eb03ad0500) 1308229632~131072
2018-07-02 18:44:05.892605 7f273cee8700 10 client.7567865 min_bytes=131072 max_bytes=16777216 max_periods=4
2018-07-02 18:44:05.892702 7f2734ab8700 3 client.7567865 ll_read 0x55eb0ffefb00 10000000980 1307443200~131072
2018-07-02 18:44:05.892711 7f2734ab8700 10 client.7567865 get_caps 10000000980.head(faked_ino=0 ref=5 ll_ref=1 cap_refs={1024=6,2048=6,4096=0,8192=0} open={1=2,2=0} mode=100644 size=21474836480/25769803776 mtime=2018-07-02 18:44:05.825427 caps=pAsxLsXsxFsxcrwb(0=pAsxLsXsxFsxcrwb) flushing_caps=Fw objectset[10000000980 ts 0/0 objects 1000 dirty_or_tx 0] 0x55eb03ad0500) have pAsxLsXsxFsxcrwb need Fr want Fc but not Fc revoking -
2018-07-02 18:44:05.892729 7f2734ab8700 10 client.7567865 _read_async 10000000980.head(faked_ino=0 ref=5 ll_ref=1 cap_refs={1024=6,2048=7,4096=0,8192=0} open={1=2,2=0} mode=100644 size=21474836480/25769803776 mtime=2018-07-02 18:44:05.825427 caps=pAsxLsXsxFsxcrwb(0=pAsxLsXsxFsxcrwb) flushing_caps=Fw objectset[10000000980 ts 0/0 objects 1000 dirty_or_tx 0] 0x55eb03ad0500) 1307443200~131072
2018-07-02 18:44:05.892739 7f2734ab8700 10 client.7567865 min_bytes=131072 max_bytes=16777216 max_periods=4
2018-07-02 18:44:05.893105 7f27441f9700 20 client.7567865 C_Readahead on 0x55eb03ad0500
2018-07-02 18:44:05.893160 7f2734ab8700 20 client.7567865 readahead 1307836416~786432 (caller wants 1307443200~131072)
2018-07-02 18:44:05.893184 7f2734ab8700 20 client.7567865 readahead initiated, c 0x55eb1208d6c0
2018-07-02 18:44:05.893298 7f272f866700 3 client.7567865 ll_release (fh)0x55eb0ffefb00 10000000980
2018-07-02 18:44:05.893310 7f272f866700 5 client.7567865 _release_fh 0x55eb0ffefb00 mode 1 on 10000000980.head(faked_ino=0 ref=5 ll_ref=1 cap_refs={1024=5,2048=5,4096=0,8192=0} open={1=2,2=0} mode=100644 size=21474836480/25769803776 mtime=2018-07-02 18:44:05.825427 caps=pAsxLsXsxFsxcrwb(0=pAsxLsXsxFsxcrwb) flushing_caps=Fw objectset[10000000980 ts 0/0 objects 1000 dirty_or_tx 0] 0x55eb03ad0500)
2018-07-02 18:44:05.893341 7f272f866700 10 client.7567865 _release_fh 0x55eb0ffefb00 on inode 10000000980.head(faked_ino=0 ref=5 ll_ref=1 cap_refs={1024=5,2048=5,4096=0,8192=0} open={1=1,2=0} mode=100644 size=21474836480/25769803776 mtime=2018-07-02 18:44:05.825427 caps=pAsxLsXsxFsxcrwb(0=pAsxLsXsxFsxcrwb) flushing_caps=Fw objectset[10000000980 ts 0/0 objects 1000 dirty_or_tx 0] 0x55eb03ad0500) no async_err state
2018-07-02 18:44:05.893363 7f2739de1700 20 client.7567865 _ll_get 0x55eb03ad0500 10000000980 -> 2
2018-07-02 18:44:05.893375 7f2739de1700 3 client.7567865 ll_getattr 10000000980.head
2018-07-02 18:44:05.893379 7f2739de1700 10 client.7567865 _getattr mask pAsLsXsFs issued=1
2018-07-02 18:44:05.893387 7f2739de1700 10 client.7567865 fill_stat on 10000000980 snap/devhead mode 0100644 mtime 2018-07-02 18:44:05.825427 ctime 2018-07-02 11:03:27.574015
2018-07-02 18:44:05.893400 7f2739de1700 3 client.7567865 ll_getattr 10000000980.head = 0
2018-07-02 18:44:05.893410 7f2739de1700 3 client.7567865 ll_forget 10000000980 1
2018-07-02 18:44:05.893414 7f2739de1700 20 client.7567865 _ll_put 0x55eb03ad0500 10000000980 1 -> 1
2018-07-02 18:44:05.893432 7f27441f9700 20 client.7567865 C_Readahead on 0x55eb03ad0500
2018-07-02 18:44:05.893579 7f273bee6700 3 client.7567865 ll_read 0x55eb03ebcd80 10000000980 1308360704~131072
2018-07-02 18:44:05.893596 7f273bee6700 10 client.7567865 get_caps 10000000980.head(faked_ino=0 ref=5 ll_ref=1 cap_refs={1024=3,2048=3,4096=0,8192=0} open={1=1,2=0} mode=100644 size=21474836480/25769803776 mtime=2018-07-02 18:44:05.825427 caps=pAsxLsXsxFsxcrwb(0=pAsxLsXsxFsxcrwb) flushing_caps=Fw objectset[10000000980 ts 0/0 objects 1000 dirty_or_tx 0] 0x55eb03ad0500) have pAsxLsXsxFsxcrwb need Fr want Fc but not Fc revoking -
2018-07-02 18:44:05.893629 7f273bee6700 10 client.7567865 _read_async 10000000980.head(faked_ino=0 ref=5 ll_ref=1 cap_refs={1024=3,2048=4,4096=0,8192=0} open={1=1,2=0} mode=100644 size=21474836480/25769803776 mtime=2018-07-02 18:44:05.825427 caps=pAsxLsXsxFsxcrwb(0=pAsxLsXsxFsxcrwb) flushing_caps=Fw objectset[10000000980 ts 0/0 objects 1000 dirty_or_tx 0] 0x55eb03ad0500) 1308360704~131072
2018-07-02 18:44:05.893644 7f273bee6700 10 client.7567865 min_bytes=131072 max_bytes=16777216 max_periods=4
2018-07-02 18:44:05.894628 7f27441f9700 20 client.7567865 C_Readahead on 0x55eb03ad0500
2018-07-02 18:44:05.894641 7f27441f9700 20 client.7567865 C_Readahead on 0x55eb03ad0500
2018-07-02 18:44:05.894644 7f27441f9700 10 client.7567865 put_inode on 10000000980.head(faked_ino=0 ref=5 ll_ref=1 cap_refs={1024=2,2048=2,4096=0,8192=0} open={1=1,2=0} mode=100644 size=21474836480/25769803776 mtime=2018-07-02 18:44:05.825427 caps=pAsxLsXsxFsxcrwb(0=pAsxLsXsxFsxcrwb) flushing_caps=Fw objectset[10000000980 ts 0/0 objects 1000 dirty_or_tx 0] 0x55eb03ad0500)
2018-07-02 18:44:05.894665 7f27441f9700 15 inode.put on 0x55eb03ad0500 10000000980.head now 4
2018-07-02 18:44:05.894709 7f273bee6700 5 client.7567865 put_cap_ref dropped last FILE_CACHE ref on 10000000980.head(faked_ino=0 ref=4 ll_ref=1 cap_refs={1024=0,2048=1,4096=0,8192=0} open={1=1,2=0} mode=100644 size=21474836480/25769803776 mtime=2018-07-02 18:44:05.825427 caps=pAsxLsXsxFsxcrwb(0=pAsxLsXsxFsxcrwb) flushing_caps=Fw objectset[10000000980 ts 0/0 objects 1000 dirty_or_tx 0] 0x55eb03ad0500)
2018-07-02 18:44:05.894740 7f273bee6700 10 client.7567865 put_inode on 10000000980.head(faked_ino=0 ref=4 ll_ref=1 cap_refs={1024=0,2048=1,4096=0,8192=0} open={1=1,2=0} mode=100644 size=21474836480/25769803776 mtime=2018-07-02 18:44:05.825427 caps=pAsxLsXsxFsxcrwb(0=pAsxLsXsxFsxcrwb) flushing_caps=Fw objectset[10000000980 ts 0/0 objects 1000 dirty_or_tx 0] 0x55eb03ad0500)
2018-07-02 18:44:05.894754 7f273bee6700 15 inode.put on 0x55eb03ad0500 10000000980.head now 3
2018-07-02 18:44:05.894757 7f273bee6700 20 client.7567865 readahead 1308622848~1048576 (caller wants 1308360704~131072)
2018-07-02 18:44:05.894811 7f273bee6700 20 client.7567865 readahead initiated, c 0x55eb071c6220
2018-07-02 18:44:05.894824 7f273bee6700 5 client.7567865 get_cap_ref got first FILE_CACHE ref on 10000000980.head(faked_ino=0 ref=3 ll_ref=1 cap_refs={1024=0,2048=1,4096=0,8192=0} open={1=1,2=0} mode=100644 size=21474836480/25769803776 mtime=2018-07-02 18:44:05.825427 caps=pAsxLsXsxFsxcrwb(0=pAsxLsXsxFsxcrwb) flushing_caps=Fw objectset[10000000980 ts 0/0 objects 1001 dirty_or_tx 0] 0x55eb03ad0500)
2018-07-02 18:44:05.894840 7f273bee6700 15 inode.get on 0x55eb03ad0500 10000000980.head now 4
2018-07-02 18:44:05.894849 7f2738ddf700 3 client.7567865 ll_read 0x55eb03ebcd80 10000000980 1308491776~131072
2018-07-02 18:44:05.894858 7f2738ddf700 10 client.7567865 get_caps 10000000980.head(faked_ino=0 ref=4 ll_ref=1 cap_refs={1024=1,2048=1,4096=0,8192=0} open={1=1,2=0} mode=100644 size=21474836480/25769803776 mtime=2018-07-02 18:44:05.825427 caps=pAsxLsXsxFsxcrwb(0=pAsxLsXsxFsxcrwb) flushing_caps=Fw objectset[10000000980 ts 0/0 objects 1001 dirty_or_tx 0] 0x55eb03ad0500) have pAsxLsXsxFsxcrwb need Fr want Fc but not Fc revoking -
2018-07-02 18:44:05.894882 7f2738ddf700 10 client.7567865 _read_async 10000000980.head(faked_ino=0 ref=4 ll_ref=1 cap_refs={1024=1,2048=2,4096=0,8192=0} open={1=1,2=0} mode=100644 size=21474836480/25769803776 mtime=2018-07-02 18:44:05.825427 caps=pAsxLsXsxFsxcrwb(0=pAsxLsXsxFsxcrwb) flushing_caps=Fw objectset[10000000980 ts 0/0 objects 1001 dirty_or_tx 0] 0x55eb03ad0500) 1308491776~131072
2018-07-02 18:44:05.894894 7f2738ddf700 10 client.7567865 min_bytes=131072 max_bytes=16777216 max_periods=4
2018-07-02 18:44:05.894974 7f273a5e2700 3 client.7567865 ll_read 0x55eb03ebcd80 10000000980 1308622848~131072
