Project

General

Profile

20180305-usage-trim-osd-log.txt

Robin Johnson, 03/05/2018 08:38 PM

Download (167 KB)

 
1
2018-03-05 20:17:46.967519 7fb2f0710700 10 osd.2 157808 dequeue_op 0x557b0f2ae780 prio 63 cost 48 latency 0.000169 osd_op(client.9244044.0:72 38.c 38.eb5f8acc (undecoded) ondisk+write+known_if_redirected e157808) v8 pg pg[38.c( v 157808'772973 (157803'740282,157808'772973] local-lis/les=157807/157808 n=1 ec=154756/154756 lis/c 157807/157807 les/c/f 157808/157808/0 157807/157807/157807) [2,14,24] r=0 lpr=157807 crt=157803'772972 lcod 157803'772972 mlcod 0'0 active+clean]
2
2018-03-05 20:17:46.967534 7fb2f0710700 20 osd.2 157808 share_map client.9244044 [XXXX::7930]:0/51387864 157808
3
2018-03-05 20:17:46.967540 7fb2f0710700 20 osd.2 157808 should_share_map client.9244044 [XXXX::7930]:0/51387864 157808
4
2018-03-05 20:17:46.967544 7fb2f0710700  6 -- op tracker --  seq: 1402, time: 2018-03-05 20:17:46.967543, event: reached_pg, op: osd_op(client.9244044.0:72 38.c 38.eb5f8acc (undecoded) ondisk+write+known_if_redirected e157808)
5
2018-03-05 20:17:46.967550 7fb2f0710700 10 osd.2 pg_epoch: 157808 pg[38.c( v 157808'772973 (157803'740282,157808'772973] local-lis/les=157807/157808 n=1 ec=154756/154756 lis/c 157807/157807 les/c/f 157808/157808/0 157807/157807/157807) [2,14,24] r=0 lpr=157807 crt=157803'772972 lcod 157803'772972 mlcod 0'0 active+clean] _handle_message: 0x557b0f2ae780
6
2018-03-05 20:17:46.967563 7fb2f0710700 10 throttle(osd_client_bytes 0x557b05041c00) put 216 (264 -> 48)
7
2018-03-05 20:17:46.967571 7fb2f0710700 20 osd.2 pg_epoch: 157808 pg[38.c( v 157808'772973 (157803'740282,157808'772973] local-lis/les=157807/157808 n=1 ec=154756/154756 lis/c 157807/157807 les/c/f 157808/157808/0 157807/157807/157807) [2,14,24] r=0 lpr=157807 crt=157803'772972 lcod 157803'772972 mlcod 0'0 active+clean] do_op: op osd_op(client.9244044.0:72 38.c 38:3351fad7:::usage.3:head [call rgw.user_usage_log_trim] snapc 0=[] ondisk+write+known_if_redirected e157808) v8
8
2018-03-05 20:17:46.967590 7fb2f0710700 10 osd.2 157808 class rgw method user_usage_log_trim flags=rw
9
2018-03-05 20:17:46.967594 7fb2f0710700 20 osd.2 pg_epoch: 157808 pg[38.c( v 157808'772973 (157803'740282,157808'772973] local-lis/les=157807/157808 n=1 ec=154756/154756 lis/c 157807/157807 les/c/f 157808/157808/0 157807/157807/157807) [2,14,24] r=0 lpr=157807 crt=157803'772972 lcod 157803'772972 mlcod 0'0 active+clean] op_has_sufficient_caps session=0x557b10de6800 pool=38 (.usage ) owner=0 need_read_cap=0 need_write_cap=0 classes=[class rgw rd 1 wr 1 wl 1] -> yes
10
2018-03-05 20:17:46.967618 7fb2f0710700 10 osd.2 pg_epoch: 157808 pg[38.c( v 157808'772973 (157803'740282,157808'772973] local-lis/les=157807/157808 n=1 ec=154756/154756 lis/c 157807/157807 les/c/f 157808/157808/0 157807/157807/157807) [2,14,24] r=0 lpr=157807 crt=157803'772972 lcod 157803'772972 mlcod 0'0 active+clean] do_op osd_op(client.9244044.0:72 38.c 38:3351fad7:::usage.3:head [call rgw.user_usage_log_trim] snapc 0=[] ondisk+write+known_if_redirected e157808) v8 may_write may_read -> write-ordered flags ondisk+write+known_if_redirected
11
2018-03-05 20:17:46.967640 7fb2f0710700 10 osd.2 pg_epoch: 157808 pg[38.c( v 157808'772973 (157803'740282,157808'772973] local-lis/les=157807/157808 n=1 ec=154756/154756 lis/c 157807/157807 les/c/f 157808/157808/0 157807/157807/157807) [2,14,24] r=0 lpr=157807 crt=157803'772972 lcod 157803'772972 mlcod 0'0 active+clean] get_object_context: found obc in cache: 0x557b0ebf59c0
12
2018-03-05 20:17:46.967650 7fb2f0710700 10 osd.2 pg_epoch: 157808 pg[38.c( v 157808'772973 (157803'740282,157808'772973] local-lis/les=157807/157808 n=1 ec=154756/154756 lis/c 157807/157807 les/c/f 157808/157808/0 157807/157807/157807) [2,14,24] r=0 lpr=157807 crt=157803'772972 lcod 157803'772972 mlcod 0'0 active+clean] get_object_context: 0x557b0ebf59c0 38:3351fad7:::usage.3:head rwstate(none n=0 w=0) oi: 38:3351fad7:::usage.3:head(157803'741784 osd.2.0:741032 dirty|omap|data_digest|omap_digest s 0 uv 263780 dd ffffffff od 4c08c768 alloc_hint [0 0 0]) exists: 1 ssc: 0x557b10fa7060 snapset: 0=[]:{}
13
2018-03-05 20:17:46.967668 7fb2f0710700 10 osd.2 pg_epoch: 157808 pg[38.c( v 157808'772973 (157803'740282,157808'772973] local-lis/les=157807/157808 n=1 ec=154756/154756 lis/c 157807/157807 les/c/f 157808/157808/0 157807/157807/157807) [2,14,24] r=0 lpr=157807 crt=157803'772972 lcod 157803'772972 mlcod 0'0 active+clean] find_object_context 38:3351fad7:::usage.3:head @head oi=38:3351fad7:::usage.3:head(157803'741784 osd.2.0:741032 dirty|omap|data_digest|omap_digest s 0 uv 263780 dd ffffffff od 4c08c768 alloc_hint [0 0 0])
14
2018-03-05 20:17:46.967685 7fb2f0710700 20 osd.2 pg_epoch: 157808 pg[38.c( v 157808'772973 (157803'740282,157808'772973] local-lis/les=157807/157808 n=1 ec=154756/154756 lis/c 157807/157807 les/c/f 157808/157808/0 157807/157807/157807) [2,14,24] r=0 lpr=157807 crt=157803'772972 lcod 157803'772972 mlcod 0'0 active+clean] do_op obc obc(38:3351fad7:::usage.3:head rwstate(excl n=1 w=0))
15
2018-03-05 20:17:46.967697 7fb2f0710700  6 -- op tracker --  seq: 1402, time: 2018-03-05 20:17:46.967696, event: started, op: osd_op(client.9244044.0:72 38.c 38:3351fad7:::usage.3:head [call rgw.user_usage_log_trim] snapc 0=[] ondisk+write+known_if_redirected e157808)
16
2018-03-05 20:17:46.967704 7fb2f0710700 10 osd.2 pg_epoch: 157808 pg[38.c( v 157808'772973 (157803'740282,157808'772973] local-lis/les=157807/157808 n=1 ec=154756/154756 lis/c 157807/157807 les/c/f 157808/157808/0 157807/157807/157807) [2,14,24] r=0 lpr=157807 crt=157803'772972 lcod 157803'772972 mlcod 0'0 active+clean] execute_ctx 0x557b0d64d800
17
2018-03-05 20:17:46.967716 7fb2f0710700 10 osd.2 pg_epoch: 157808 pg[38.c( v 157808'772973 (157803'740282,157808'772973] local-lis/les=157807/157808 n=1 ec=154756/154756 lis/c 157807/157807 les/c/f 157808/157808/0 157807/157807/157807) [2,14,24] r=0 lpr=157807 crt=157803'772972 lcod 157803'772972 mlcod 0'0 active+clean] execute_ctx 38:3351fad7:::usage.3:head [call rgw.user_usage_log_trim] ov 157803'741784 av 157808'772974 snapc 0=[] snapset 0=[]:{}
18
2018-03-05 20:17:46.967726 7fb2f0710700 10 osd.2 pg_epoch: 157808 pg[38.c( v 157808'772973 (157803'740282,157808'772973] local-lis/les=157807/157808 n=1 ec=154756/154756 lis/c 157807/157807 les/c/f 157808/157808/0 157807/157807/157807) [2,14,24] r=0 lpr=157807 crt=157803'772972 lcod 157803'772972 mlcod 0'0 active+clean]  taking ondisk_read_lock
19
2018-03-05 20:17:46.967734 7fb2f0710700 10 osd.2 pg_epoch: 157808 pg[38.c( v 157808'772973 (157803'740282,157808'772973] local-lis/les=157807/157808 n=1 ec=154756/154756 lis/c 157807/157807 les/c/f 157808/157808/0 157807/157807/157807) [2,14,24] r=0 lpr=157807 crt=157803'772972 lcod 157803'772972 mlcod 0'0 active+clean] do_osd_op 38:3351fad7:::usage.3:head [call rgw.user_usage_log_trim]
20
2018-03-05 20:17:46.967742 7fb2f0710700 10 osd.2 pg_epoch: 157808 pg[38.c( v 157808'772973 (157803'740282,157808'772973] local-lis/les=157807/157808 n=1 ec=154756/154756 lis/c 157807/157807 les/c/f 157808/157808/0 157807/157807/157807) [2,14,24] r=0 lpr=157807 crt=157803'772972 lcod 157803'772972 mlcod 0'0 active+clean] do_osd_op  call rgw.user_usage_log_trim
21
2018-03-05 20:17:46.967752 7fb2f0710700 10 osd.2 pg_epoch: 157808 pg[38.c( v 157808'772973 (157803'740282,157808'772973] local-lis/les=157807/157808 n=1 ec=154756/154756 lis/c 157807/157807 les/c/f 157808/157808/0 157807/157807/157807) [2,14,24] r=0 lpr=157807 crt=157803'772972 lcod 157803'772972 mlcod 0'0 active+clean] call method rgw.user_usage_log_trim
22
2018-03-05 20:17:46.967762 7fb2f0710700 10 <cls> /tmp/release/Ubuntu/WORKDIR/ceph-12.2.2-869-g3570137b77-dho-luminous/src/cls/rgw/cls_rgw.cc:3059: rgw_user_usage_log_trim()
23
2018-03-05 20:17:46.967764 7fb2f0710700 10 osd.2 pg_epoch: 157808 pg[38.c( v 157808'772973 (157803'740282,157808'772973] local-lis/les=157807/157808 n=1 ec=154756/154756 lis/c 157807/157807 les/c/f 157808/157808/0 157807/157807/157807) [2,14,24] r=0 lpr=157807 crt=157803'772972 lcod 157803'772972 mlcod 0'0 active+clean] do_osd_op 38:3351fad7:::usage.3:head [stat]
24
2018-03-05 20:17:46.967772 7fb2f0710700 10 osd.2 pg_epoch: 157808 pg[38.c( v 157808'772973 (157803'740282,157808'772973] local-lis/les=157807/157808 n=1 ec=154756/154756 lis/c 157807/157807 les/c/f 157808/157808/0 157807/157807/157807) [2,14,24] r=0 lpr=157807 crt=157803'772972 lcod 157803'772972 mlcod 0'0 active+clean] do_osd_op  stat
25
2018-03-05 20:17:46.967784 7fb2f0710700 10 osd.2 pg_epoch: 157808 pg[38.c( v 157808'772973 (157803'740282,157808'772973] local-lis/les=157807/157808 n=1 ec=154756/154756 lis/c 157807/157807 les/c/f 157808/157808/0 157807/157807/157807) [2,14,24] r=0 lpr=157807 crt=157803'772972 lcod 157803'772972 mlcod 0'0 active+clean] stat oi has 0 2018-03-01 15:02:42.503138
26
2018-03-05 20:17:46.967797 7fb2f0710700 10 <cls> /tmp/release/Ubuntu/WORKDIR/ceph-12.2.2-869-g3570137b77-dho-luminous/src/cls/rgw/cls_rgw.cc:2912: usage_iterate_range
27
2018-03-05 20:17:46.967801 7fb2f0710700 20 <cls> /tmp/release/Ubuntu/WORKDIR/ceph-12.2.2-869-g3570137b77-dho-luminous/src/cls/rgw/cls_rgw.cc:2940: usage_iterate_range start_key=00000000000
28
2018-03-05 20:17:46.967803 7fb2f0710700 10 osd.2 pg_epoch: 157808 pg[38.c( v 157808'772973 (157803'740282,157808'772973] local-lis/les=157807/157808 n=1 ec=154756/154756 lis/c 157807/157807 les/c/f 157808/157808/0 157807/157807/157807) [2,14,24] r=0 lpr=157807 crt=157803'772972 lcod 157803'772972 mlcod 0'0 active+clean] do_osd_op 38:3351fad7:::usage.3:head [omap-get-vals]
29
2018-03-05 20:17:46.967812 7fb2f0710700 10 osd.2 pg_epoch: 157808 pg[38.c( v 157808'772973 (157803'740282,157808'772973] local-lis/les=157807/157808 n=1 ec=154756/154756 lis/c 157807/157807 les/c/f 157808/157808/0 157807/157807/157807) [2,14,24] r=0 lpr=157807 crt=157803'772972 lcod 157803'772972 mlcod 0'0 active+clean] do_osd_op  omap-get-vals
30
2018-03-05 20:17:46.967820 7fb2f0710700 15 filestore(/srv/ceph/osd/2) get_omap_iterator(5189): 38.c_head/#38:3351fad7:::usage.3:head#
31
2018-03-05 20:17:46.967865 7fb2f0710700 20 osd.2 pg_epoch: 157808 pg[38.c( v 157808'772973 (157803'740282,157808'772973] local-lis/les=157807/157808 n=1 ec=154756/154756 lis/c 157807/157807 les/c/f 157808/157808/0 157807/157807/157807) [2,14,24] r=0 lpr=157807 crt=157803'772972 lcod 157803'772972 mlcod 0'0 active+clean] Found key 01519916400_justin-benjamin_
32
2018-03-05 20:17:46.967880 7fb2f0710700 20 osd.2 pg_epoch: 157808 pg[38.c( v 157808'772973 (157803'740282,157808'772973] local-lis/les=157807/157808 n=1 ec=154756/154756 lis/c 157807/157807 les/c/f 157808/157808/0 157807/157807/157807) [2,14,24] r=0 lpr=157807 crt=157803'772972 lcod 157803'772972 mlcod 0'0 active+clean] Found key 01519916400_justin-west-1-staging_
33
2018-03-05 20:17:46.967895 7fb2f0710700 20 osd.2 pg_epoch: 157808 pg[38.c( v 157808'772973 (157803'740282,157808'772973] local-lis/les=157807/157808 n=1 ec=154756/154756 lis/c 157807/157807 les/c/f 157808/157808/0 157807/157807/157807) [2,14,24] r=0 lpr=157807 crt=157803'772972 lcod 157803'772972 mlcod 0'0 active+clean] Found key justin-benjamin_01519916400_
34
2018-03-05 20:17:46.967907 7fb2f0710700 20 osd.2 pg_epoch: 157808 pg[38.c( v 157808'772973 (157803'740282,157808'772973] local-lis/les=157807/157808 n=1 ec=154756/154756 lis/c 157807/157807 les/c/f 157808/157808/0 157807/157807/157807) [2,14,24] r=0 lpr=157807 crt=157803'772972 lcod 157803'772972 mlcod 0'0 active+clean] Found key justin-west-1-staging_01519916400_
35
2018-03-05 20:17:46.967928 7fb2f0710700 20 <cls> /tmp/release/Ubuntu/WORKDIR/ceph-12.2.2-869-g3570137b77-dho-luminous/src/cls/rgw/cls_rgw.cc:2960: usage_iterate_range reached key=01519916400_justin-benjamin_, done
36
2018-03-05 20:17:46.967934 7fb2f0710700 10 osd.2 pg_epoch: 157808 pg[38.c( v 157808'772973 (157803'740282,157808'772973] local-lis/les=157807/157808 n=1 ec=154756/154756 lis/c 157807/157807 les/c/f 157808/157808/0 157807/157807/157807) [2,14,24] r=0 lpr=157807 crt=157803'772972 lcod 157803'772972 mlcod 0'0 active+clean] method called response length=0
37
2018-03-05 20:17:46.967945 7fb2f0710700 10 osd.2 pg_epoch: 157808 pg[38.c( v 157808'772973 (157803'740282,157808'772973] local-lis/les=157807/157808 n=1 ec=154756/154756 lis/c 157807/157807 les/c/f 157808/157808/0 157807/157807/157807) [2,14,24] r=0 lpr=157807 crt=157803'772972 lcod 157803'772972 mlcod 0'0 active+clean]  dropping ondisk_read_lock
38
2018-03-05 20:17:46.967958 7fb2f0710700 15 osd.2 pg_epoch: 157808 pg[38.c( v 157808'772973 (157803'740282,157808'772973] local-lis/les=157807/157808 n=1 ec=154756/154756 lis/c 157807/157807 les/c/f 157808/157808/0 157807/157807/157807) [2,14,24] r=0 lpr=157807 crt=157803'772972 lcod 157803'772972 mlcod 0'0 active+clean] do_osd_op_effects client.9244044 con 0x557b0eb83000
39
2018-03-05 20:17:46.967968 7fb2f0710700 20 osd.2 pg_epoch: 157808 pg[38.c( v 157808'772973 (157803'740282,157808'772973] local-lis/les=157807/157808 n=1 ec=154756/154756 lis/c 157807/157807 les/c/f 157808/157808/0 157807/157807/157807) [2,14,24] r=0 lpr=157807 crt=157803'772972 lcod 157803'772972 mlcod 0'0 active+clean] execute_ctx update_log_only -- result=0
40
2018-03-05 20:17:46.967982 7fb2f0710700 20 osd.2 pg_epoch: 157808 pg[38.c( v 157808'772973 (157803'740282,157808'772973] local-lis/les=157807/157808 n=1 ec=154756/154756 lis/c 157807/157807 les/c/f 157808/157808/0 157807/157807/157807) [2,14,24] r=0 lpr=157807 crt=157803'772972 lcod 157803'772972 mlcod 0'0 active+clean] record_write_error r=0
41
2018-03-05 20:17:46.967994 7fb2f0710700 10 osd.2 pg_epoch: 157808 pg[38.c( v 157808'772973 (157803'740282,157808'772973] local-lis/les=157807/157808 n=1 ec=154756/154756 lis/c 157807/157807 les/c/f 157808/157808/0 157807/157807/157807) [2,14,24] r=0 lpr=157807 crt=157803'772972 lcod 157803'772972 mlcod 0'0 active+clean] submit_log_entries 157808'772974 (0'0) error    38:3351fad7:::usage.3:head by client.9244044.0:72 0.000000 0
42
2018-03-05 20:17:46.968010 7fb2f0710700 10 osd.2 pg_epoch: 157808 pg[38.c( v 157808'772973 (157803'740282,157808'772973] local-lis/les=157807/157808 n=1 ec=154756/154756 lis/c 157807/157807 les/c/f 157808/157808/0 157807/157807/157807) [2,14,24] r=0 lpr=157807 crt=157803'772972 lcod 157803'772972 mlcod 0'0 active+clean] new_repop: repgather(0x557b0f3dcac0 157808'772974 rep_tid=1 committed?=0 applied?=0 r=0)
43
2018-03-05 20:17:46.968023 7fb2f0710700 10 osd.2 pg_epoch: 157808 pg[38.c( v 157808'772973 (157803'740282,157808'772973] local-lis/les=157807/157808 n=1 ec=154756/154756 lis/c 157807/157807 les/c/f 157808/157808/0 157807/157807/157807) [2,14,24] r=0 lpr=157807 crt=157803'772972 lcod 157803'772972 mlcod 0'0 active+clean] merge_new_log_entries 157808'772974 (0'0) error    38:3351fad7:::usage.3:head by client.9244044.0:72 0.000000 0
44
2018-03-05 20:17:46.968035 7fb2f0710700 20 update missing, append 157808'772974 (0'0) error    38:3351fad7:::usage.3:head by client.9244044.0:72 0.000000 0
45
2018-03-05 20:17:46.968046 7fb2f0710700  5 write_log_and_missing with: dirty_to: 0'0, dirty_from: 4294967295'18446744073709551615, writeout_from: 157808'772974, trimmed: , trimmed_dups: , clear_divergent_priors: 0
46
2018-03-05 20:17:46.968063 7fb2f0710700 20 osd.2 pg_epoch: 157808 pg[38.c( v 157808'772974 (157803'740282,157808'772974] local-lis/les=157807/157808 n=1 ec=154756/154756 lis/c 157807/157807 les/c/f 157808/157808/0 157807/157807/157807) [2,14,24] r=0 lpr=157807 luod=157808'772973 lua=157808'772973 crt=157803'772972 lcod 157803'772972 mlcod 0'0 active+clean] merge_new_log_entries peer_missing for 14 = missing(0 may_include_deletes = 1)
47
2018-03-05 20:17:46.968076 7fb2f0710700 20 osd.2 pg_epoch: 157808 pg[38.c( v 157808'772974 (157803'740282,157808'772974] local-lis/les=157807/157808 n=1 ec=154756/154756 lis/c 157807/157807 les/c/f 157808/157808/0 157807/157807/157807) [2,14,24] r=0 lpr=157807 luod=157808'772973 lua=157808'772973 crt=157803'772972 lcod 157803'772972 mlcod 0'0 active+clean] merge_new_log_entries peer_missing for 24 = missing(0 may_include_deletes = 1)
48
2018-03-05 20:17:46.968091 7fb2f0710700 10 -- [2607:f298:4:3245::7108]:6807/48758 get_connection osd.14 [2607:f298:4:3245::7106]:6804/17339 existing 0x557b0d538800
49
2018-03-05 20:17:46.968099 7fb2f0710700 20 osd.2 157808 share_map_peer 0x557b0d538800 already has epoch 157808
50
2018-03-05 20:17:46.968101 7fb2f0710700  1 -- [2607:f298:4:3245::7108]:6807/48758 --> [2607:f298:4:3245::7106]:6804/17339 -- pg_update_log_missing(38.c epoch 157808/157807 rep_tid 1 entries 157808'772974 (0'0) error    38:3351fad7:::usage.3:head by client.9244044.0:72 0.000000 0) v2 -- 0x557b113c5cc0 con 0
51
2018-03-05 20:17:46.968109 7fb2f0710700 20 -- [2607:f298:4:3245::7108]:6807/48758 >> [2607:f298:4:3245::7106]:6804/17339 conn(0x557b0d538800 :-1 s=STATE_OPEN pgs=1575 cs=1 l=0).prepare_send_message m pg_update_log_missing(38.c epoch 157808/157807 rep_tid 1 entries 157808'772974 (0'0) error    38:3351fad7:::usage.3:head by client.9244044.0:72 0.000000 0) v2
52
2018-03-05 20:17:46.968120 7fb2f0710700 20 -- [2607:f298:4:3245::7108]:6807/48758 >> [2607:f298:4:3245::7106]:6804/17339 conn(0x557b0d538800 :-1 s=STATE_OPEN pgs=1575 cs=1 l=0).prepare_send_message encoding features 2305244844532236283 0x557b113c5cc0 pg_update_log_missing(38.c epoch 157808/157807 rep_tid 1 entries 157808'772974 (0'0) error    38:3351fad7:::usage.3:head by client.9244044.0:72 0.000000 0) v2
53
2018-03-05 20:17:46.968131 7fb2f0710700 15 -- [2607:f298:4:3245::7108]:6807/48758 >> [2607:f298:4:3245::7106]:6804/17339 conn(0x557b0d538800 :-1 s=STATE_OPEN pgs=1575 cs=1 l=0).send_message inline write is denied, reschedule m=0x557b113c5cc0
54
2018-03-05 20:17:46.968139 7fb2f0710700 20 Event(0x557b05026480 nevent=5000 time_id=41).wakeup
55
2018-03-05 20:17:46.968152 7fb2f0710700 10 -- [2607:f298:4:3245::7108]:6807/48758 get_connection osd.24 [2607:f298:4:3245::7097]:6800/25906 existing 0x557b0d5a2000
56
2018-03-05 20:17:46.968159 7fb2f0710700 20 osd.2 157808 share_map_peer 0x557b0d5a2000 already has epoch 157808
57
2018-03-05 20:17:46.968161 7fb2f0710700  1 -- [2607:f298:4:3245::7108]:6807/48758 --> [2607:f298:4:3245::7097]:6800/25906 -- pg_update_log_missing(38.c epoch 157808/157807 rep_tid 1 entries 157808'772974 (0'0) error    38:3351fad7:::usage.3:head by client.9244044.0:72 0.000000 0) v2 -- 0x557b113c5a80 con 0
58
2018-03-05 20:17:46.968172 7fb2f0710700 20 -- [2607:f298:4:3245::7108]:6807/48758 >> [2607:f298:4:3245::7097]:6800/25906 conn(0x557b0d5a2000 :-1 s=STATE_OPEN pgs=4501 cs=1 l=0).prepare_send_message m pg_update_log_missing(38.c epoch 157808/157807 rep_tid 1 entries 157808'772974 (0'0) error    38:3351fad7:::usage.3:head by client.9244044.0:72 0.000000 0) v2
59
2018-03-05 20:17:46.968181 7fb2f0710700 20 -- [2607:f298:4:3245::7108]:6807/48758 >> [2607:f298:4:3245::7097]:6800/25906 conn(0x557b0d5a2000 :-1 s=STATE_OPEN pgs=4501 cs=1 l=0).prepare_send_message encoding features 2305244844532236283 0x557b113c5a80 pg_update_log_missing(38.c epoch 157808/157807 rep_tid 1 entries 157808'772974 (0'0) error    38:3351fad7:::usage.3:head by client.9244044.0:72 0.000000 0) v2
60
2018-03-05 20:17:46.968181 7fb308ad1700 10 -- [2607:f298:4:3245::7108]:6807/48758 >> [2607:f298:4:3245::7106]:6804/17339 conn(0x557b0d538800 :-1 s=STATE_OPEN pgs=1575 cs=1 l=0).handle_write
61
2018-03-05 20:17:46.968191 7fb2f0710700 15 -- [2607:f298:4:3245::7108]:6807/48758 >> [2607:f298:4:3245::7097]:6800/25906 conn(0x557b0d5a2000 :-1 s=STATE_OPEN pgs=4501 cs=1 l=0).send_message inline write is denied, reschedule m=0x557b113c5a80
62
2018-03-05 20:17:46.968196 7fb2f0710700 20 Event(0x557b05026480 nevent=5000 time_id=41).wakeup
63
2018-03-05 20:17:46.968202 7fb2f0710700  5 filestore(/srv/ceph/osd/2) queue_transactions(2160): existing 0x557b050c3e40 osr(38.c 0x557b057ca430)
64
2018-03-05 20:17:46.968202 7fb308ad1700 10 _calc_signature seq 16 front_crc_ = 4201441152 middle_crc = 0 data_crc = 0 sig = 8778983620244638991
65
2018-03-05 20:17:46.968205 7fb308ad1700 20 Putting signature in client message(seq # 16): sig = 8778983620244638991
66
2018-03-05 20:17:46.968205 7fb2f0710700 10 journal prepare_entry [Transaction(0x557b10b2d080)]
67
2018-03-05 20:17:46.968206 7fb308ad1700 20 -- [2607:f298:4:3245::7108]:6807/48758 >> [2607:f298:4:3245::7106]:6804/17339 conn(0x557b0d538800 :-1 s=STATE_OPEN pgs=1575 cs=1 l=0).write_message signed m=0x557b113c5cc0): sig = 8778983620244638991
68
2018-03-05 20:17:46.968213 7fb2f0710700 10 journal  len 610 -> 4096 (head 40 pre_pad 0 bl 610 post_pad 3406 tail 40) (bl alignment -1)
69
2018-03-05 20:17:46.968212 7fb308ad1700 20 -- [2607:f298:4:3245::7108]:6807/48758 >> [2607:f298:4:3245::7106]:6804/17339 conn(0x557b0d538800 :-1 s=STATE_OPEN pgs=1575 cs=1 l=0).write_message sending message type=114 src osd.2 front=192 data=0 off 0
70
2018-03-05 20:17:46.968218 7fb308ad1700 20 -- [2607:f298:4:3245::7108]:6807/48758 >> [2607:f298:4:3245::7106]:6804/17339 conn(0x557b0d538800 :-1 s=STATE_OPEN pgs=1575 cs=1 l=0).write_message sending 16 0x557b113c5cc0
71
2018-03-05 20:17:46.968225 7fb2f0710700 10 journal op_submit_start 19665632
72
2018-03-05 20:17:46.968226 7fb2f0710700  5 filestore(/srv/ceph/osd/2) queue_transactions(2214): (writeahead) 19665632 [Transaction(0x557b10b2d080)]
73
2018-03-05 20:17:46.968228 7fb2f0710700 10 journal op_journal_transactions 19665632
74
2018-03-05 20:17:46.968230 7fb2f0710700  5 journal submit_entry seq 19665632 len 4096 (0x557b057cad90)
75
2018-03-05 20:17:46.968237 7fb2f0710700 10 journal op_submit_finish 19665632
76
2018-03-05 20:17:46.968237 7fb308ad1700 10 -- [2607:f298:4:3245::7108]:6807/48758 >> [2607:f298:4:3245::7106]:6804/17339 conn(0x557b0d538800 :-1 s=STATE_OPEN pgs=1575 cs=1 l=0)._try_send sent bytes 267 remaining bytes 0
77
2018-03-05 20:17:46.968242 7fb2f0710700 10 osd.2 157808 dequeue_op 0x557b0f2ae780 finish
78
2018-03-05 20:17:46.968244 7fb2f0710700 20 heartbeat_map reset_timeout 'OSD::osd_op_tp thread 0x7fb2f0710700' grace 60 suicide 150
79
2018-03-05 20:17:46.968243 7fb308ad1700 10 -- [2607:f298:4:3245::7108]:6807/48758 >> [2607:f298:4:3245::7106]:6804/17339 conn(0x557b0d538800 :-1 s=STATE_OPEN pgs=1575 cs=1 l=0).write_message sending 0x557b113c5cc0 done.
80
2018-03-05 20:17:46.968247 7fb2f0710700 20 osd.2 op_wq(2) _process empty q, waiting
81
2018-03-05 20:17:46.968248 7fb2f0710700 20 heartbeat_map reset_timeout 'OSD::osd_op_tp thread 0x7fb2f0710700' grace 60 suicide 0
82
2018-03-05 20:17:46.968244 7fb3013fa700 20 journal write_thread_entry woke up
83
2018-03-05 20:17:46.968251 7fb308ad1700 10 -- [2607:f298:4:3245::7108]:6807/48758 >> [2607:f298:4:3245::7097]:6800/25906 conn(0x557b0d5a2000 :-1 s=STATE_OPEN pgs=4501 cs=1 l=0).handle_write
84
2018-03-05 20:17:46.968254 7fb3013fa700 10 journal room 10238988287 max_size 10239000576 pos 3798675456 header.start 3798667264 top 4096
85
2018-03-05 20:17:46.968261 7fb3013fa700 10 journal check_for_full at 3798675456 : 4096 < 10238988287
86
2018-03-05 20:17:46.968263 7fb308ad1700 10 _calc_signature seq 9 front_crc_ = 4201441152 middle_crc = 0 data_crc = 0 sig = 15060623911620606620
87
2018-03-05 20:17:46.968263 7fb3013fa700 15 journal prepare_single_write 1 will write 3798675456 : seq 19665632 len 610 -> 4096
88
2018-03-05 20:17:46.968266 7fb308ad1700 20 Putting signature in client message(seq # 9): sig = 15060623911620606620
89
2018-03-05 20:17:46.968270 7fb3013fa700 20 journal prepare_multi_write queue_pos now 3798679552
90
2018-03-05 20:17:46.968268 7fb308ad1700 20 -- [2607:f298:4:3245::7108]:6807/48758 >> [2607:f298:4:3245::7097]:6800/25906 conn(0x557b0d5a2000 :-1 s=STATE_OPEN pgs=4501 cs=1 l=0).write_message signed m=0x557b113c5a80): sig = 15060623911620606620
91
2018-03-05 20:17:46.968272 7fb3013fa700 15 journal do_aio_write writing 3798675456~4096
92
2018-03-05 20:17:46.968274 7fb3013fa700 20 journal write_aio_bl 3798675456~4096 seq 19665632
93
2018-03-05 20:17:46.968273 7fb308ad1700 20 -- [2607:f298:4:3245::7108]:6807/48758 >> [2607:f298:4:3245::7097]:6800/25906 conn(0x557b0d5a2000 :-1 s=STATE_OPEN pgs=4501 cs=1 l=0).write_message sending message type=114 src osd.2 front=192 data=0 off 0
94
2018-03-05 20:17:46.968277 7fb3013fa700 20 journal write_aio_bl .. 3798675456~4096 in 1
95
2018-03-05 20:17:46.968278 7fb308ad1700 20 -- [2607:f298:4:3245::7108]:6807/48758 >> [2607:f298:4:3245::7097]:6800/25906 conn(0x557b0d5a2000 :-1 s=STATE_OPEN pgs=4501 cs=1 l=0).write_message sending 9 0x557b113c5a80
96
2018-03-05 20:17:46.968290 7fb308ad1700 10 -- [2607:f298:4:3245::7108]:6807/48758 >> [2607:f298:4:3245::7097]:6800/25906 conn(0x557b0d5a2000 :-1 s=STATE_OPEN pgs=4501 cs=1 l=0)._try_send sent bytes 267 remaining bytes 0
97
2018-03-05 20:17:46.968294 7fb308ad1700 10 -- [2607:f298:4:3245::7108]:6807/48758 >> [2607:f298:4:3245::7097]:6800/25906 conn(0x557b0d5a2000 :-1 s=STATE_OPEN pgs=4501 cs=1 l=0).write_message sending 0x557b113c5a80 done.
98
2018-03-05 20:17:46.968299 7fb3013fa700 20 journal write_aio_bl io_submit return value: 1
99
2018-03-05 20:17:46.968305 7fb3013fa700  5 journal complete_write finished 1 ops and 610 bytes
100
2018-03-05 20:17:46.968307 7fb3013fa700 20 journal write_thread_entry going to sleep
101
2018-03-05 20:17:46.968310 7fb300bf9700 20 journal write_finish_thread_entry waiting for aio(s)
102
2018-03-05 20:17:46.968445 7fb300bf9700 10 journal write_finish_thread_entry aio 3798675456~4096 done
103
2018-03-05 20:17:46.968451 7fb300bf9700 20 journal check_aio_completion
104
2018-03-05 20:17:46.968452 7fb300bf9700 20 journal check_aio_completion completed seq 19665632 3798675456~4096
105
2018-03-05 20:17:46.968458 7fb300bf9700 20 journal check_aio_completion queueing finishers through seq 19665632
106
2018-03-05 20:17:46.968460 7fb300bf9700 10 journal queue_completions_thru seq 19665632 queueing seq 19665632 0x557b057cad90 lat 0.000227
107
2018-03-05 20:17:46.968470 7fb300bf9700 20 journal write_finish_thread_entry sleeping
108
2018-03-05 20:17:46.968482 7fb308ad1700 20 -- [2607:f298:4:3245::7108]:6807/48758 >> [2607:f298:4:3245::7106]:6804/17339 conn(0x557b0d538800 :-1 s=STATE_OPEN pgs=1575 cs=1 l=0).process prev state is STATE_OPEN
109
2018-03-05 20:17:46.968492 7fb308ad1700 20 -- [2607:f298:4:3245::7108]:6807/48758 >> [2607:f298:4:3245::7106]:6804/17339 conn(0x557b0d538800 :-1 s=STATE_OPEN_TAG_ACK pgs=1575 cs=1 l=0).process prev state is STATE_OPEN
110
2018-03-05 20:17:46.968497 7fb308ad1700 20 -- [2607:f298:4:3245::7108]:6807/48758 >> [2607:f298:4:3245::7106]:6804/17339 conn(0x557b0d538800 :-1 s=STATE_OPEN_TAG_ACK pgs=1575 cs=1 l=0).process got ACK
111
2018-03-05 20:17:46.968501 7fb308ad1700 15 -- [2607:f298:4:3245::7108]:6807/48758 >> [2607:f298:4:3245::7106]:6804/17339 conn(0x557b0d538800 :-1 s=STATE_OPEN_TAG_ACK pgs=1575 cs=1 l=0).handle_ack got ack seq 16
112
2018-03-05 20:17:46.968504 7fb3003f8700 10 finisher(0x557b05298020) finisher_thread doing [0x557b057cad90]
113
2018-03-05 20:17:46.968551 7fb3003f8700  5 filestore(/srv/ceph/osd/2) _journaled_ahead(2308): 0x557b1106c3c0 seq 19665632 osr(38.c 0x557b057ca430) [Transaction(0x557b10b2d080)]
114
2018-03-05 20:17:46.968506 7fb308ad1700 10 -- [2607:f298:4:3245::7108]:6807/48758 >> [2607:f298:4:3245::7106]:6804/17339 conn(0x557b0d538800 :-1 s=STATE_OPEN_TAG_ACK pgs=1575 cs=1 l=0).handle_ack got ack seq 16 >= 16 on 0x557b113c5cc0 pg_update_log_missing(38.c epoch 157808/157807 rep_tid 1 entries 157808'772974 (0'0) error    38:3351fad7:::usage.3:head by client.9244044.0:72 0.000000 0) v2
115
2018-03-05 20:17:46.968528 7fb3092d2700 20 -- [2607:f298:4:3245::7108]:6807/48758 >> [2607:f298:4:3245::7097]:6804/64507 conn(0x557b0d537000 :-1 s=STATE_OPEN pgs=2192 cs=1 l=0).process prev state is STATE_OPEN
116
2018-03-05 20:17:46.968560 7fb3003f8700  5 filestore(/srv/ceph/osd/2) queue_op(2037): 0x557b1106c3c0 seq 19665632 osr(38.c 0x557b057ca430) 596 bytes   (queue has 1 ops and 596 bytes)
117
2018-03-05 20:17:46.968559 7fb308ad1700 20 -- [2607:f298:4:3245::7108]:6807/48758 >> [2607:f298:4:3245::7106]:6804/17339 conn(0x557b0d538800 :-1 s=STATE_OPEN pgs=1575 cs=1 l=0).process prev state is STATE_OPEN_TAG_ACK
118
2018-03-05 20:17:46.968568 7fb3003f8700 10 filestore(/srv/ceph/osd/2)  queueing ondisk 0x557b10e98860
119
2018-03-05 20:17:46.968567 7fb308ad1700 20 -- [2607:f298:4:3245::7108]:6807/48758 >> [2607:f298:4:3245::7097]:6800/25906 conn(0x557b0d5a2000 :-1 s=STATE_OPEN pgs=4501 cs=1 l=0).process prev state is STATE_OPEN
120
2018-03-05 20:17:46.968574 7fb3003f8700 10 finisher(0x557b05298020) finisher_thread done with [0x557b057cad90]
121
2018-03-05 20:17:46.968577 7fb3003f8700 10 finisher(0x557b05298020) finisher_thread empty
122
2018-03-05 20:17:46.968574 7fb308ad1700 20 -- [2607:f298:4:3245::7108]:6807/48758 >> [2607:f298:4:3245::7097]:6800/25906 conn(0x557b0d5a2000 :-1 s=STATE_OPEN_TAG_ACK pgs=4501 cs=1 l=0).process prev state is STATE_OPEN
123
2018-03-05 20:17:46.968578 7fb3003f8700 10 finisher(0x557b05298020) finisher_thread sleeping
124
2018-03-05 20:17:46.968578 7fb308ad1700 20 -- [2607:f298:4:3245::7108]:6807/48758 >> [2607:f298:4:3245::7097]:6800/25906 conn(0x557b0d5a2000 :-1 s=STATE_OPEN_TAG_ACK pgs=4501 cs=1 l=0).process got ACK
125
2018-03-05 20:17:46.968585 7fb2febf5700 10 finisher(0x557b050c2580) finisher_thread doing [0x557b10e98860]
126
2018-03-05 20:17:46.968583 7fb308ad1700 15 -- [2607:f298:4:3245::7108]:6807/48758 >> [2607:f298:4:3245::7097]:6800/25906 conn(0x557b0d5a2000 :-1 s=STATE_OPEN_TAG_ACK pgs=4501 cs=1 l=0).handle_ack got ack seq 9
127
2018-03-05 20:17:46.968589 7fb2febf5700 10 finisher(0x557b050c2580) finisher_thread done with [0x557b10e98860]
128
2018-03-05 20:17:46.968578 7fb3092d2700 20 -- [2607:f298:4:3245::7108]:6807/48758 >> [2607:f298:4:3245::7097]:6804/64507 conn(0x557b0d537000 :-1 s=STATE_OPEN_MESSAGE_HEADER pgs=2192 cs=1 l=0).process prev state is STATE_OPEN
129
2018-03-05 20:17:46.968590 7fb2febf5700 10 finisher(0x557b050c2580) finisher_thread empty
130
2018-03-05 20:17:46.968592 7fb2febf5700 10 finisher(0x557b050c2580) finisher_thread sleeping
131
2018-03-05 20:17:46.968587 7fb308ad1700 10 -- [2607:f298:4:3245::7108]:6807/48758 >> [2607:f298:4:3245::7097]:6800/25906 conn(0x557b0d5a2000 :-1 s=STATE_OPEN_TAG_ACK pgs=4501 cs=1 l=0).handle_ack got ack seq 9 >= 9 on 0x557b113c5a80 pg_update_log_missing(38.c epoch 157808/157807 rep_tid 1 entries 157808'772974 (0'0) error    38:3351fad7:::usage.3:head by client.9244044.0:72 0.000000 0) v2
132
2018-03-05 20:17:46.968591 7fb3092d2700 20 -- [2607:f298:4:3245::7108]:6807/48758 >> [2607:f298:4:3245::7097]:6804/64507 conn(0x557b0d537000 :-1 s=STATE_OPEN_MESSAGE_HEADER pgs=2192 cs=1 l=0).process begin MSG
133
2018-03-05 20:17:46.968597 7fb3092d2700 20 -- [2607:f298:4:3245::7108]:6807/48758 >> [2607:f298:4:3245::7097]:6804/64507 conn(0x557b0d537000 :-1 s=STATE_OPEN_MESSAGE_HEADER pgs=2192 cs=1 l=0).process got MSG header
134
2018-03-05 20:17:46.968598 7fb308ad1700 20 -- [2607:f298:4:3245::7108]:6807/48758 >> [2607:f298:4:3245::7097]:6800/25906 conn(0x557b0d5a2000 :-1 s=STATE_OPEN pgs=4501 cs=1 l=0).process prev state is STATE_OPEN_TAG_ACK
135
2018-03-05 20:17:46.968602 7fb2ffbf7700 12 FileStore::op_tp worker wq FileStore::OpWQ start processing 0x557b050c3e40 (1 active)
136
2018-03-05 20:17:46.968602 7fb3092d2700 20 -- [2607:f298:4:3245::7108]:6807/48758 >> [2607:f298:4:3245::7097]:6804/64507 conn(0x557b0d537000 :-1 s=STATE_OPEN_MESSAGE_HEADER pgs=2192 cs=1 l=0).process got envelope type=93 src osd.26 front=192 data=0 off 0
137
2018-03-05 20:17:46.968606 7fb2ffbf7700 20 heartbeat_map reset_timeout 'FileStore::op_tp thread 0x7fb2ffbf7700' grace 60 suicide 180
138
2018-03-05 20:17:46.968607 7fb3092d2700 20 -- [2607:f298:4:3245::7108]:6807/48758 >> [2607:f298:4:3245::7097]:6804/64507 conn(0x557b0d537000 :-1 s=STATE_OPEN_MESSAGE_THROTTLE_MESSAGE pgs=2192 cs=1 l=0).process prev state is STATE_OPEN_MESSAGE_HEADER
139
2018-03-05 20:17:46.968610 7fb2ffbf7700 10 journal op_apply_start 19665632 open_ops 0 -> 1
140
2018-03-05 20:17:46.968613 7fb2ffbf7700  5 filestore(/srv/ceph/osd/2) _do_op(2080): 0x557b1106c3c0 seq 19665632 osr(38.c 0x557b057ca430)/0x557b057ca430 start
141
2018-03-05 20:17:46.968612 7fb3092d2700 20 -- [2607:f298:4:3245::7108]:6807/48758 >> [2607:f298:4:3245::7097]:6804/64507 conn(0x557b0d537000 :-1 s=STATE_OPEN_MESSAGE_THROTTLE_BYTES pgs=2192 cs=1 l=0).process prev state is STATE_OPEN_MESSAGE_THROTTLE_MESSAGE
142
2018-03-05 20:17:46.968615 7fb2ffbf7700 10 filestore(/srv/ceph/osd/2) _do_transaction(2621): on 0x557b10b2d080
143
2018-03-05 20:17:46.968616 7fb3092d2700 20 -- [2607:f298:4:3245::7108]:6807/48758 >> [2607:f298:4:3245::7097]:6804/64507 conn(0x557b0d537000 :-1 s=STATE_OPEN_MESSAGE_THROTTLE_DISPATCH_QUEUE pgs=2192 cs=1 l=0).process prev state is STATE_OPEN_MESSAGE_THROTTLE_BYTES
144
2018-03-05 20:17:46.968620 7fb3092d2700 10 throttle(msgr_dispatch_throttler-cluster 0x557b052b71f8) get_or_fail 192 success (0 -> 192)
145
2018-03-05 20:17:46.968625 7fb2ffbf7700 20 heartbeat_map reset_timeout 'FileStore::op_tp thread 0x7fb2ffbf7700' grace 60 suicide 180
146
2018-03-05 20:17:46.968623 7fb3092d2700 20 -- [2607:f298:4:3245::7108]:6807/48758 >> [2607:f298:4:3245::7097]:6804/64507 conn(0x557b0d537000 :-1 s=STATE_OPEN_MESSAGE_READ_FRONT pgs=2192 cs=1 l=0).process prev state is STATE_OPEN_MESSAGE_THROTTLE_DISPATCH_QUEUE
147
2018-03-05 20:17:46.968629 7fb3092d2700 20 -- [2607:f298:4:3245::7108]:6807/48758 >> [2607:f298:4:3245::7097]:6804/64507 conn(0x557b0d537000 :-1 s=STATE_OPEN_MESSAGE_READ_FRONT pgs=2192 cs=1 l=0).process got front 192
148
2018-03-05 20:17:46.968632 7fb2ffbf7700 15 filestore(/srv/ceph/osd/2) _omap_setkeys(5508): 38.c_head/#38:30000000::::head#
149
2018-03-05 20:17:46.968635 7fb2ffbf7700 20 filestore(/srv/ceph/osd/2) _omap_setkeys(5532):  set 0000157808.00000000000000772974
150
2018-03-05 20:17:46.968633 7fb3092d2700 10 -- [2607:f298:4:3245::7108]:6807/48758 >> [2607:f298:4:3245::7097]:6804/64507 conn(0x557b0d537000 :-1 s=STATE_OPEN_MESSAGE_READ_FOOTER_AND_DISPATCH pgs=2192 cs=1 l=0).process aborted = 0
151
2018-03-05 20:17:46.968636 7fb2ffbf7700 20 filestore(/srv/ceph/osd/2) _omap_setkeys(5532):  set _fastinfo
152
2018-03-05 20:17:46.968637 7fb3092d2700 20 -- [2607:f298:4:3245::7108]:6807/48758 >> [2607:f298:4:3245::7097]:6804/64507 conn(0x557b0d537000 :-1 s=STATE_OPEN_MESSAGE_READ_FOOTER_AND_DISPATCH pgs=2192 cs=1 l=0).process got 192 + 0 + 0 byte message
153
2018-03-05 20:17:46.968643 7fb2ffbf7700 10 filestore oid: #38:30000000::::head# not skipping op, *spos 19665632.0.0
154
2018-03-05 20:17:46.968646 7fb2ffbf7700 10 filestore  > header.spos 0.0.0
155
2018-03-05 20:17:46.968665 7fb3092d2700 10 _calc_signature seq 1216 front_crc_ = 2495887566 middle_crc = 0 data_crc = 0 sig = 863811742372077520
156
2018-03-05 20:17:46.968675 7fb2ffbf7700 20 filestore(/srv/ceph/osd/2) _omap_setkeys(5536): 38.c_head/#38:30000000::::head# = 0
157
2018-03-05 20:17:46.968668 7fb3092d2700  5 -- [2607:f298:4:3245::7108]:6807/48758 >> [2607:f298:4:3245::7097]:6804/64507 conn(0x557b0d537000 :-1 s=STATE_OPEN_MESSAGE_READ_FOOTER_AND_DISPATCH pgs=2192 cs=1 l=0). rx osd.26 seq 1216 0x557b0eb76800 replica scrub(pg: 44.7,from:0'0,to:0'0,epoch:157808/157807,start:44:e1488cb6:::.dir.default.6599779.41685.23:0,end:44:e148c9ca:::.dir.default.6614891.58717.17:0,chunky:1,deep:1,seed:4294967295,version:7) v7
158
2018-03-05 20:17:46.968679 7fb2ffbf7700 20 heartbeat_map reset_timeout 'FileStore::op_tp thread 0x7fb2ffbf7700' grace 60 suicide 180
159
2018-03-05 20:17:46.968681 7fb2ffbf7700 10 journal op_apply_finish 19665632 open_ops 1 -> 0, max_applied_seq 19665631 -> 19665632
160
2018-03-05 20:17:46.968683 7fb2ffbf7700 10 filestore(/srv/ceph/osd/2) _do_op(2085): 0x557b1106c3c0 seq 19665632 r = 0, finisher 0x557b05475510 0
161
2018-03-05 20:17:46.968681 7fb3092d2700  1 -- [2607:f298:4:3245::7108]:6807/48758 <== osd.26 [2607:f298:4:3245::7097]:6804/64507 1216 ==== replica scrub(pg: 44.7,from:0'0,to:0'0,epoch:157808/157807,start:44:e1488cb6:::.dir.default.6599779.41685.23:0,end:44:e148c9ca:::.dir.default.6614891.58717.17:0,chunky:1,deep:1,seed:4294967295,version:7) v7 ==== 192+0+0 (2495887566 0 0) 0x557b0eb76800 con 0x557b0d537000
162
2018-03-05 20:17:46.968695 7fb2ffbf7700 10 filestore(/srv/ceph/osd/2) _finish_op(2100): 0x557b1106c3c0 seq 19665632 osr(38.c 0x557b057ca430)/0x557b057ca430 lat 0.000489
163
2018-03-05 20:17:46.968694 7fb3092d2700 15 osd.2 157808 enqueue_op 0x557b076e1000 prio 127 cost 0 latency 0.000102 epoch 157808 replica scrub(pg: 44.7,from:0'0,to:0'0,epoch:157808/157807,start:44:e1488cb6:::.dir.default.6599779.41685.23:0,end:44:e148c9ca:::.dir.default.6614891.58717.17:0,chunky:1,deep:1,seed:4294967295,version:7) v7
164
2018-03-05 20:17:46.968704 7fb2ffbf7700 15 FileStore::op_tp worker wq FileStore::OpWQ done processing 0x557b050c3e40 (0 active)
165
2018-03-05 20:17:46.968706 7fb2ffbf7700 20 FileStore::op_tp worker waiting
166
2018-03-05 20:17:46.968707 7fb2ffbf7700 20 heartbeat_map reset_timeout 'FileStore::op_tp thread 0x7fb2ffbf7700' grace 60 suicide 0
167
2018-03-05 20:17:46.968707 7fb2fe3f4700 10 finisher(0x557b050c2420) finisher_thread doing [0x557b05475510]
168
2018-03-05 20:17:46.968701 7fb3092d2700  6 -- op tracker --  seq: 1403, time: 2018-03-05 20:17:46.968701, event: queued_for_pg, op: replica scrub(pg: 44.7,from:0'0,to:0'0,epoch:157808/157807,start:44:e1488cb6:::.dir.default.6599779.41685.23:0,end:44:e148c9ca:::.dir.default.6614891.58717.17:0,chunky:1,deep:1,seed:4294967295,version:7)
169
2018-03-05 20:17:46.968712 7fb3092d2700 20 osd.2 op_wq(2) _enqueue 44.7 PGQueueable(0x557b076e1000 prio 127 cost 0 e157808)
170
2018-03-05 20:17:46.968720 7fb3092d2700 10 -- [2607:f298:4:3245::7108]:6807/48758 dispatch_throttle_release 192 to dispatch throttler 192/104857600
171
2018-03-05 20:17:46.968724 7fb3092d2700 10 throttle(msgr_dispatch_throttler-cluster 0x557b052b71f8) put 192 (192 -> 0)
172
2018-03-05 20:17:46.968712 7fb2fe3f4700 10 osd.2 pg_epoch: 157808 pg[38.c( v 157808'772974 (157803'740282,157808'772974] local-lis/les=157807/157808 n=1 ec=154756/154756 lis/c 157807/157807 les/c/f 157808/157808/0 157807/157807/157807) [2,14,24] r=0 lpr=157807 luod=157808'772973 lua=157808'772973 crt=157803'772972 lcod 157803'772972 mlcod 0'0 active+clean] op_applied version 157808'772974
173
2018-03-05 20:17:46.968726 7fb3092d2700 20 -- [2607:f298:4:3245::7108]:6807/48758 done calling dispatch on 0x557b0eb76800
174
2018-03-05 20:17:46.968726 7fb2f0710700 20 osd.2 op_wq(2) _process 44.7 item PGQueueable(0x557b076e1000 prio 127 cost 0 e157808) queued
175
2018-03-05 20:17:46.968730 7fb2fe3f4700 10 finisher(0x557b050c2420) finisher_thread done with [0x557b05475510]
176
2018-03-05 20:17:46.968732 7fb2fe3f4700 10 finisher(0x557b050c2420) finisher_thread empty
177
2018-03-05 20:17:46.968731 7fb2f0710700 20 osd.2 op_wq(2) _process 44.7 item PGQueueable(0x557b076e1000 prio 127 cost 0 e157808) pg 0x557b0cc64000
178
2018-03-05 20:17:46.968730 7fb3092d2700 20 -- [2607:f298:4:3245::7108]:6807/48758 >> [2607:f298:4:3245::7097]:6804/64507 conn(0x557b0d537000 :-1 s=STATE_OPEN pgs=2192 cs=1 l=0).process prev state is STATE_OPEN_MESSAGE_READ_FRONT
179
2018-03-05 20:17:46.968734 7fb2fe3f4700 10 finisher(0x557b050c2420) finisher_thread sleeping
180
2018-03-05 20:17:46.968738 7fb3092d2700 10 -- [2607:f298:4:3245::7108]:6807/48758 >> [2607:f298:4:3245::7097]:6804/64507 conn(0x557b0d537000 :-1 s=STATE_OPEN pgs=2192 cs=1 l=0).handle_write
181
2018-03-05 20:17:46.968744 7fb3092d2700 10 -- [2607:f298:4:3245::7108]:6807/48758 >> [2607:f298:4:3245::7097]:6804/64507 conn(0x557b0d537000 :-1 s=STATE_OPEN pgs=2192 cs=1 l=0).handle_write try send msg ack, acked 1 messages
182
2018-03-05 20:17:46.968735 7fb2f0710700 10 osd.2 157808 dequeue_op 0x557b076e1000 prio 127 cost 0 latency 0.000143 replica scrub(pg: 44.7,from:0'0,to:0'0,epoch:157808/157807,start:44:e1488cb6:::.dir.default.6599779.41685.23:0,end:44:e148c9ca:::.dir.default.6614891.58717.17:0,chunky:1,deep:1,seed:4294967295,version:7) v7 pg pg[44.7( v 157803'3427203 (157803'3425666,157803'3427203] local-lis/les=157807/157808 n=189008 ec=154762/154762 lis/c 157807/157807 les/c/f 157808/157808/0 157807/157807/157036) [26,38,2] r=2 lpr=157807 luod=0'0 crt=157803'3427203 lcod 0'0 active]
183
2018-03-05 20:17:46.968751 7fb2f0710700 20 osd.2 157808 share_map osd.26 [2607:f298:4:3245::7097]:6804/64507 157808
184
2018-03-05 20:17:46.968755 7fb2f0710700 20 osd.2 157808 should_share_map osd.26 [2607:f298:4:3245::7097]:6804/64507 157808
185
2018-03-05 20:17:46.968757 7fb3092d2700 10 -- [2607:f298:4:3245::7108]:6807/48758 >> [2607:f298:4:3245::7097]:6804/64507 conn(0x557b0d537000 :-1 s=STATE_OPEN pgs=2192 cs=1 l=0)._try_send sent bytes 9 remaining bytes 0
186
2018-03-05 20:17:46.968760 7fb2f0710700  6 -- op tracker --  seq: 1403, time: 2018-03-05 20:17:46.968759, event: reached_pg, op: replica scrub(pg: 44.7,from:0'0,to:0'0,epoch:157808/157807,start:44:e1488cb6:::.dir.default.6599779.41685.23:0,end:44:e148c9ca:::.dir.default.6614891.58717.17:0,chunky:1,deep:1,seed:4294967295,version:7)
187
2018-03-05 20:17:46.968766 7fb2f0710700 10 osd.2 pg_epoch: 157808 pg[44.7( v 157803'3427203 (157803'3425666,157803'3427203] local-lis/les=157807/157808 n=189008 ec=154762/154762 lis/c 157807/157807 les/c/f 157808/157808/0 157807/157807/157036) [26,38,2] r=2 lpr=157807 luod=0'0 crt=157803'3427203 lcod 0'0 active] _handle_message: 0x557b076e1000
188
2018-03-05 20:17:46.968775 7fb2f0710700  7 osd.2 pg_epoch: 157808 pg[44.7( v 157803'3427203 (157803'3425666,157803'3427203] local-lis/les=157807/157808 n=189008 ec=154762/154762 lis/c 157807/157807 les/c/f 157808/157808/0 157807/157807/157036) [26,38,2] r=2 lpr=157807 luod=0'0 crt=157803'3427203 lcod 0'0 active] replica_scrub
189
2018-03-05 20:17:46.968783 7fb2f0710700 10 osd.2 pg_epoch: 157808 pg[44.7( v 157803'3427203 (157803'3425666,157803'3427203] local-lis/les=157807/157808 n=189008 ec=154762/154762 lis/c 157807/157807 les/c/f 157808/157808/0 157807/157807/157036) [26,38,2] r=2 lpr=157807 luod=0'0 crt=157803'3427203 lcod 0'0 active] build_scrub_map_chunk [44:e1488cb6:::.dir.default.6599779.41685.23:0,44:e148c9ca:::.dir.default.6614891.58717.17:0)  seed 4294967295
190
2018-03-05 20:17:46.968793 7fb2f0710700 20 filestore(/srv/ceph/osd/2) collection_list(4989): pool is 44 shard is 255 pgid 44.7
191
2018-03-05 20:17:46.968795 7fb2f0710700 10 filestore(/srv/ceph/osd/2) collection_list(5008): start #44:e1488cb6:::.dir.default.6599779.41685.23:0# >= sep #-1:00000000::::0#
192
2018-03-05 20:17:46.968799 7fb2f0710700 20 _collection_list_partial start:#44:e1488cb6:::.dir.default.6599779.41685.23:0# end:#44:e148c9ca:::.dir.default.6614891.58717.17:0#-2147483647 ls.size 0
193
2018-03-05 20:17:46.968816 7fb308ad1700 20 -- [2607:f298:4:3245::7108]:6807/48758 >> [2607:f298:4:3245::7106]:6804/17339 conn(0x557b0d538800 :-1 s=STATE_OPEN pgs=1575 cs=1 l=0).process prev state is STATE_OPEN
194
2018-03-05 20:17:46.968830 7fb308ad1700 20 -- [2607:f298:4:3245::7108]:6807/48758 >> [2607:f298:4:3245::7106]:6804/17339 conn(0x557b0d538800 :-1 s=STATE_OPEN_MESSAGE_HEADER pgs=1575 cs=1 l=0).process prev state is STATE_OPEN
195
2018-03-05 20:17:46.968837 7fb2f0710700 20 list_by_hash_bitwise prefix 7
196
2018-03-05 20:17:46.968835 7fb308ad1700 20 -- [2607:f298:4:3245::7108]:6807/48758 >> [2607:f298:4:3245::7106]:6804/17339 conn(0x557b0d538800 :-1 s=STATE_OPEN_MESSAGE_HEADER pgs=1575 cs=1 l=0).process begin MSG
197
2018-03-05 20:17:46.968840 7fb308ad1700 20 -- [2607:f298:4:3245::7108]:6807/48758 >> [2607:f298:4:3245::7106]:6804/17339 conn(0x557b0d538800 :-1 s=STATE_OPEN_MESSAGE_HEADER pgs=1575 cs=1 l=0).process got MSG header
198
2018-03-05 20:17:46.968845 7fb308ad1700 20 -- [2607:f298:4:3245::7108]:6807/48758 >> [2607:f298:4:3245::7106]:6804/17339 conn(0x557b0d538800 :-1 s=STATE_OPEN_MESSAGE_HEADER pgs=1575 cs=1 l=0).process got envelope type=115 src osd.14 front=41 data=0 off 0
199
2018-03-05 20:17:46.968851 7fb308ad1700 20 -- [2607:f298:4:3245::7108]:6807/48758 >> [2607:f298:4:3245::7106]:6804/17339 conn(0x557b0d538800 :-1 s=STATE_OPEN_MESSAGE_THROTTLE_MESSAGE pgs=1575 cs=1 l=0).process prev state is STATE_OPEN_MESSAGE_HEADER
200
2018-03-05 20:17:46.968855 7fb308ad1700 20 -- [2607:f298:4:3245::7108]:6807/48758 >> [2607:f298:4:3245::7106]:6804/17339 conn(0x557b0d538800 :-1 s=STATE_OPEN_MESSAGE_THROTTLE_BYTES pgs=1575 cs=1 l=0).process prev state is STATE_OPEN_MESSAGE_THROTTLE_MESSAGE
201
2018-03-05 20:17:46.968858 7fb308ad1700 20 -- [2607:f298:4:3245::7108]:6807/48758 >> [2607:f298:4:3245::7106]:6804/17339 conn(0x557b0d538800 :-1 s=STATE_OPEN_MESSAGE_THROTTLE_DISPATCH_QUEUE pgs=1575 cs=1 l=0).process prev state is STATE_OPEN_MESSAGE_THROTTLE_BYTES
202
2018-03-05 20:17:46.968863 7fb308ad1700 10 throttle(msgr_dispatch_throttler-cluster 0x557b052b71f8) get_or_fail 41 success (0 -> 41)
203
2018-03-05 20:17:46.968865 7fb308ad1700 20 -- [2607:f298:4:3245::7108]:6807/48758 >> [2607:f298:4:3245::7106]:6804/17339 conn(0x557b0d538800 :-1 s=STATE_OPEN_MESSAGE_READ_FRONT pgs=1575 cs=1 l=0).process prev state is STATE_OPEN_MESSAGE_THROTTLE_DISPATCH_QUEUE
204
2018-03-05 20:17:46.968870 7fb308ad1700 20 -- [2607:f298:4:3245::7108]:6807/48758 >> [2607:f298:4:3245::7106]:6804/17339 conn(0x557b0d538800 :-1 s=STATE_OPEN_MESSAGE_READ_FRONT pgs=1575 cs=1 l=0).process got front 41
205
2018-03-05 20:17:46.968877 7fb2f0710700 20 list_by_hash_bitwise prefix 78
206
2018-03-05 20:17:46.968874 7fb308ad1700 10 -- [2607:f298:4:3245::7108]:6807/48758 >> [2607:f298:4:3245::7106]:6804/17339 conn(0x557b0d538800 :-1 s=STATE_OPEN_MESSAGE_READ_FOOTER_AND_DISPATCH pgs=1575 cs=1 l=0).process aborted = 0
207
2018-03-05 20:17:46.968879 7fb308ad1700 20 -- [2607:f298:4:3245::7108]:6807/48758 >> [2607:f298:4:3245::7106]:6804/17339 conn(0x557b0d538800 :-1 s=STATE_OPEN_MESSAGE_READ_FOOTER_AND_DISPATCH pgs=1575 cs=1 l=0).process got 41 + 0 + 0 byte message
208
2018-03-05 20:17:46.968899 7fb308ad1700 10 _calc_signature seq 16 front_crc_ = 4263875987 middle_crc = 0 data_crc = 0 sig = 9518418682615378741
209
2018-03-05 20:17:46.968901 7fb308ad1700  5 -- [2607:f298:4:3245::7108]:6807/48758 >> [2607:f298:4:3245::7106]:6804/17339 conn(0x557b0d538800 :-1 s=STATE_OPEN_MESSAGE_READ_FOOTER_AND_DISPATCH pgs=1575 cs=1 l=0). rx osd.14 seq 16 0x557b100a6c00 pg_update_log_missing_reply(38.c epoch 157808/157807 rep_tid 1) v2
210
2018-03-05 20:17:46.968909 7fb308ad1700  1 -- [2607:f298:4:3245::7108]:6807/48758 <== osd.14 [2607:f298:4:3245::7106]:6804/17339 16 ==== pg_update_log_missing_reply(38.c epoch 157808/157807 rep_tid 1) v2 ==== 41+0+0 (4263875987 0 0) 0x557b100a6c00 con 0x557b0d538800
211
2018-03-05 20:17:46.968917 7fb308ad1700 15 osd.2 157808 enqueue_op 0x557b0f475980 prio 196 cost 0 latency 0.000081 epoch 157808 pg_update_log_missing_reply(38.c epoch 157808/157807 rep_tid 1) v2
212
2018-03-05 20:17:46.968921 7fb308ad1700  6 -- op tracker --  seq: 1404, time: 2018-03-05 20:17:46.968920, event: queued_for_pg, op: pg_update_log_missing_reply(38.c epoch 157808/157807 rep_tid 1)
213
2018-03-05 20:17:46.968928 7fb308ad1700 20 osd.2 op_wq(2) _enqueue 38.c PGQueueable(0x557b0f475980 prio 196 cost 0 e157808)
214
2018-03-05 20:17:46.968933 7fb308ad1700 10 -- [2607:f298:4:3245::7108]:6807/48758 dispatch_throttle_release 41 to dispatch throttler 41/104857600
215
2018-03-05 20:17:46.968936 7fb2f0710700 20 list_by_hash_bitwise prefix 782
216
2018-03-05 20:17:46.968936 7fb308ad1700 10 throttle(msgr_dispatch_throttler-cluster 0x557b052b71f8) put 41 (41 -> 0)
217
2018-03-05 20:17:46.968939 7fb308ad1700 20 -- [2607:f298:4:3245::7108]:6807/48758 done calling dispatch on 0x557b100a6c00
218
2018-03-05 20:17:46.968941 7fb308ad1700 20 -- [2607:f298:4:3245::7108]:6807/48758 >> [2607:f298:4:3245::7106]:6804/17339 conn(0x557b0d538800 :-1 s=STATE_OPEN pgs=1575 cs=1 l=0).process prev state is STATE_OPEN_MESSAGE_READ_FRONT
219
2018-03-05 20:17:46.968947 7fb308ad1700 10 -- [2607:f298:4:3245::7108]:6807/48758 >> [2607:f298:4:3245::7106]:6804/17339 conn(0x557b0d538800 :-1 s=STATE_OPEN pgs=1575 cs=1 l=0).handle_write
220
2018-03-05 20:17:46.968952 7fb308ad1700 10 -- [2607:f298:4:3245::7108]:6807/48758 >> [2607:f298:4:3245::7106]:6804/17339 conn(0x557b0d538800 :-1 s=STATE_OPEN pgs=1575 cs=1 l=0).handle_write try send msg ack, acked 1 messages
221
2018-03-05 20:17:46.968964 7fb308ad1700 10 -- [2607:f298:4:3245::7108]:6807/48758 >> [2607:f298:4:3245::7106]:6804/17339 conn(0x557b0d538800 :-1 s=STATE_OPEN pgs=1575 cs=1 l=0)._try_send sent bytes 9 remaining bytes 0
222
2018-03-05 20:17:46.968991 7fb2f0710700 20 list_by_hash_bitwise prefix 7821
223
2018-03-05 20:17:46.969634 7fb2f0710700 20 list_by_hash_bitwise prefix 782113D6
224
2018-03-05 20:17:46.969640 7fb2f0710700 20 list_by_hash_bitwise prefix 782113D6 ob #44:e1488cb6:::.dir.default.6599779.41685.23:head#
225
2018-03-05 20:17:46.969643 7fb2f0710700 20 list_by_hash_bitwise prefix 78211F78
226
2018-03-05 20:17:46.969644 7fb2f0710700 20 list_by_hash_bitwise prefix 78211F78 ob #44:e1488fe1:::.dir.default.6614891.25332.6:head#
227
2018-03-05 20:17:46.969646 7fb2f0710700 20 list_by_hash_bitwise prefix 78211FF8
228
2018-03-05 20:17:46.969647 7fb2f0710700 20 list_by_hash_bitwise prefix 78211FF8 ob #44:e1488ff1:::.dir.default.6599779.21977.25:head#
229
2018-03-05 20:17:46.969653 7fb2f0710700 20 list_by_hash_bitwise prefix 782194F4
230
2018-03-05 20:17:46.969654 7fb2f0710700 20 list_by_hash_bitwise prefix 782194F4 ob #44:e14892f2:::.dir.default.6614891.41678.28:head#
231
2018-03-05 20:17:46.969656 7fb2f0710700 20 list_by_hash_bitwise prefix 78219C5D
232
2018-03-05 20:17:46.969657 7fb2f0710700 20 list_by_hash_bitwise prefix 78219C5D ob #44:e14893ab:::.dir.default.6614891.51167.1:head#
233
2018-03-05 20:17:46.969659 7fb2f0710700 20 list_by_hash_bitwise prefix 78219AF2
234
2018-03-05 20:17:46.969660 7fb2f0710700 20 list_by_hash_bitwise prefix 78219AF2 ob #44:e14895f4:::.dir.default.6582062.5213.28:head#
235
2018-03-05 20:17:46.969666 7fb2f0710700 20 list_by_hash_bitwise prefix 78219655
236
