2018-03-05 20:17:47.245737 7fb2f0710700 10 osd.2 pg_epoch: 157808 pg[44.7( v 157803'3427203 (157803'3425666,157803'3427203] local-lis/les=157807/157808 n=189008 ec=154762/154762 lis/c 157807/157807 les/c/f 157808/157808/0 157807/157807/157036) [26,38,2] r=2 lpr=157807 luod=0'0 crt=157803'3427203 lcod 0'0 active] be_deep_scrub 44:e148c6ac:::.dir.default.6599779.26330.4:head seed ffffffff
775
2018-03-05 20:17:47.245753 7fb2f0710700 20 heartbeat_map reset_timeout 'OSD::osd_op_tp thread 0x7fb2f0710700' grace 60 suicide 150
776
2018-03-05 20:17:47.245755 7fb2f0710700 15 filestore(/srv/ceph/osd/2) read(3232): 44.7_head/#44:e148c6ac:::.dir.default.6599779.26330.4:head# 0~524288
777
2018-03-05 20:17:47.245822 7fb2f0710700 10 filestore(/srv/ceph/osd/2) read(3287): 44.7_head/#44:e148c6ac:::.dir.default.6599779.26330.4:head# 0~0/524288
778
2018-03-05 20:17:47.245830 7fb2f0710700 15 filestore(/srv/ceph/osd/2) omap_get_header(5073): 44.7_head/#44:e148c6ac:::.dir.default.6599779.26330.4:head#
779
2018-03-05 20:17:47.245900 7fb2f0710700 15 filestore(/srv/ceph/osd/2) get_omap_iterator(5189): 44.7_head/#44:e148c6ac:::.dir.default.6599779.26330.4:head#
780
2018-03-05 20:17:47.245939 7fb2f0710700 20 osd.2 pg_epoch: 157808 pg[44.7( v 157803'3427203 (157803'3425666,157803'3427203] local-lis/les=157807/157808 n=189008 ec=154762/154762 lis/c 157807/157807 les/c/f 157808/157808/0 157807/157807/157036) [26,38,2] r=2 lpr=157807 luod=0'0 crt=157803'3427203 lcod 0'0 active] be_deep_scrub  44:e148c6ac:::.dir.default.6599779.26330.4:head omap_digest f5109350
781
2018-03-05 20:17:47.246022 7fb2f0710700 20 osd.2 pg_epoch: 157808 pg[44.7( v 157803'3427203 (157803'3425666,157803'3427203] local-lis/les=157807/157808 n=189008 ec=154762/154762 lis/c 157807/157807 les/c/f 157808/157808/0 157807/157807/157036) [26,38,2] r=2 lpr=157807 luod=0'0 crt=157803'3427203 lcod 0'0 active] build_scrub_map_chunk done
782
2018-03-05 20:17:47.246075 7fb2f0710700  1 -- [2607:f298:4:3245::7108]:6807/48758 --> [2607:f298:4:3245::7097]:6804/64507 -- rep_scrubmap(44.7 e157808 from shard 2) v1 -- 0x557b113c5600 con 0
783
2018-03-05 20:17:47.246086 7fb2f0710700 20 -- [2607:f298:4:3245::7108]:6807/48758 >> [2607:f298:4:3245::7097]:6804/64507 conn(0x557b0d537000 :-1 s=STATE_OPEN pgs=2192 cs=1 l=0).prepare_send_message m rep_scrubmap(44.7 e157808 from shard 2) v1
784
2018-03-05 20:17:47.246095 7fb2f0710700 20 -- [2607:f298:4:3245::7108]:6807/48758 >> [2607:f298:4:3245::7097]:6804/64507 conn(0x557b0d537000 :-1 s=STATE_OPEN pgs=2192 cs=1 l=0).prepare_send_message encoding features 2305244844532236283 0x557b113c5600 rep_scrubmap(44.7 e157808 from shard 2) v1
785
2018-03-05 20:17:47.246139 7fb2f0710700 15 -- [2607:f298:4:3245::7108]:6807/48758 >> [2607:f298:4:3245::7097]:6804/64507 conn(0x557b0d537000 :-1 s=STATE_OPEN pgs=2192 cs=1 l=0).send_message inline write is denied, reschedule m=0x557b113c5600
786
2018-03-05 20:17:47.246147 7fb2f0710700 20 Event(0x557b05026880 nevent=5000 time_id=37).wakeup
787
2018-03-05 20:17:47.246163 7fb2f0710700 10 osd.2 157808 dequeue_op 0x557b076e1000 finish
788
2018-03-05 20:17:47.246170 7fb2f0710700  6 -- op tracker --  seq: 1403, time: 2018-03-05 20:17:47.246169, event: done, op: replica scrub(pg: 44.7,from:0'0,to:0'0,epoch:157808/157807,start:44:e1488cb6:::.dir.default.6599779.41685.23:0,end:44:e148c9ca:::.dir.default.6614891.58717.17:0,chunky:1,deep:1,seed:4294967295,version:7)
789
2018-03-05 20:17:47.246163 7fb3092d2700 10 -- [2607:f298:4:3245::7108]:6807/48758 >> [2607:f298:4:3245::7097]:6804/64507 conn(0x557b0d537000 :-1 s=STATE_OPEN pgs=2192 cs=1 l=0).handle_write
790
2018-03-05 20:17:47.246185 7fb2f0710700 20 heartbeat_map reset_timeout 'OSD::osd_op_tp thread 0x7fb2f0710700' grace 60 suicide 150
791
2018-03-05 20:17:47.246192 7fb2f0710700 20 osd.2 op_wq(2) _process 38.c item PGQueueable(0x557b0f475980 prio 196 cost 0 e157808) queued
792
2018-03-05 20:17:47.246199 7fb2f0710700 20 osd.2 op_wq(2) _process 38.c item PGQueueable(0x557b0f475980 prio 196 cost 0 e157808) pg 0x557b05523000
793
2018-03-05 20:17:47.246203 7fb3092d2700 10 _calc_signature seq 1216 front_crc_ = 3864501369 middle_crc = 0 data_crc = 1547778157 sig = 9280144195182452221
794
2018-03-05 20:17:47.246206 7fb3092d2700 20 Putting signature in client message(seq # 1216): sig = 9280144195182452221
795
2018-03-05 20:17:47.246207 7fb3092d2700 20 -- [2607:f298:4:3245::7108]:6807/48758 >> [2607:f298:4:3245::7097]:6804/64507 conn(0x557b0d537000 :-1 s=STATE_OPEN pgs=2192 cs=1 l=0).write_message signed m=0x557b113c5600): sig = 9280144195182452221
796
2018-03-05 20:17:47.246204 7fb2f0710700 10 osd.2 157808 dequeue_op 0x557b0f475980 prio 196 cost 0 latency 0.277367 pg_update_log_missing_reply(38.c epoch 157808/157807 rep_tid 1) v2 pg pg[38.c( v 157808'772974 (157803'740282,157808'772974] local-lis/les=157807/157808 n=1 ec=154756/154756 lis/c 157807/157807 les/c/f 157808/157808/0 157807/157807/157807) [2,14,24] r=0 lpr=157807 luod=157808'772973 crt=157803'772972 lcod 157803'772972 mlcod 0'0 active+clean]
797
2018-03-05 20:17:47.246214 7fb3092d2700 20 -- [2607:f298:4:3245::7108]:6807/48758 >> [2607:f298:4:3245::7097]:6804/64507 conn(0x557b0d537000 :-1 s=STATE_OPEN pgs=2192 cs=1 l=0).write_message sending message type=117 src osd.2 front=39 data=10733 off 0
798
2018-03-05 20:17:47.246216 7fb2f0710700 20 osd.2 157808 share_map osd.14 [2607:f298:4:3245::7106]:6804/17339 157808
799
2018-03-05 20:17:47.246220 7fb2f0710700 20 osd.2 157808 should_share_map osd.14 [2607:f298:4:3245::7106]:6804/17339 157808
800
2018-03-05 20:17:47.246226 7fb2f0710700  6 -- op tracker --  seq: 1404, time: 2018-03-05 20:17:47.246225, event: reached_pg, op: pg_update_log_missing_reply(38.c epoch 157808/157807 rep_tid 1)
801
2018-03-05 20:17:47.246228 7fb3092d2700 20 -- [2607:f298:4:3245::7108]:6807/48758 >> [2607:f298:4:3245::7097]:6804/64507 conn(0x557b0d537000 :-1 s=STATE_OPEN pgs=2192 cs=1 l=0).write_message sending 1216 0x557b113c5600
802
2018-03-05 20:17:47.246231 7fb2f0710700 10 osd.2 pg_epoch: 157808 pg[38.c( v 157808'772974 (157803'740282,157808'772974] local-lis/les=157807/157808 n=1 ec=154756/154756 lis/c 157807/157807 les/c/f 157808/157808/0 157807/157807/157807) [2,14,24] r=0 lpr=157807 luod=157808'772973 crt=157803'772972 lcod 157803'772972 mlcod 0'0 active+clean] _handle_message: 0x557b0f475980
803
2018-03-05 20:17:47.246240 7fb2f0710700 20 osd.2 pg_epoch: 157808 pg[38.c( v 157808'772974 (157803'740282,157808'772974] local-lis/les=157807/157808 n=1 ec=154756/154756 lis/c 157807/157807 les/c/f 157808/157808/0 157807/157807/157807) [2,14,24] r=0 lpr=157807 luod=157808'772973 crt=157803'772972 lcod 157803'772972 mlcod 0'0 active+clean] do_update_log_missing_reply got reply from 14
804
2018-03-05 20:17:47.246250 7fb2f0710700 10 osd.2 157808 dequeue_op 0x557b0f475980 finish
805
2018-03-05 20:17:47.246251 7fb2f0710700  6 -- op tracker --  seq: 1404, time: 2018-03-05 20:17:47.246251, event: done, op: pg_update_log_missing_reply(38.c epoch 157808/157807 rep_tid 1)
806
2018-03-05 20:17:47.246258 7fb2f0710700 20 heartbeat_map reset_timeout 'OSD::osd_op_tp thread 0x7fb2f0710700' grace 60 suicide 150
807
2018-03-05 20:17:47.246260 7fb2f0710700 20 osd.2 op_wq(2) _process 38.c item PGQueueable(0x557b105a3380 prio 196 cost 0 e157808) queued
808
2018-03-05 20:17:47.246263 7fb2f0710700 20 osd.2 op_wq(2) _process 38.c item PGQueueable(0x557b105a3380 prio 196 cost 0 e157808) pg 0x557b05523000
809
2018-03-05 20:17:47.246267 7fb3092d2700 10 -- [2607:f298:4:3245::7108]:6807/48758 >> [2607:f298:4:3245::7097]:6804/64507 conn(0x557b0d537000 :-1 s=STATE_OPEN pgs=2192 cs=1 l=0)._try_send sent bytes 10847 remaining bytes 0
810
2018-03-05 20:17:47.246265 7fb2f0710700 10 osd.2 157808 dequeue_op 0x557b105a3380 prio 196 cost 0 latency 0.266268 pg_update_log_missing_reply(38.c epoch 157808/157807 rep_tid 1) v2 pg pg[38.c( v 157808'772974 (157803'740282,157808'772974] local-lis/les=157807/157808 n=1 ec=154756/154756 lis/c 157807/157807 les/c/f 157808/157808/0 157807/157807/157807) [2,14,24] r=0 lpr=157807 luod=157808'772973 crt=157803'772972 lcod 157803'772972 mlcod 0'0 active+clean]
811
2018-03-05 20:17:47.246273 7fb3092d2700 10 -- [2607:f298:4:3245::7108]:6807/48758 >> [2607:f298:4:3245::7097]:6804/64507 conn(0x557b0d537000 :-1 s=STATE_OPEN pgs=2192 cs=1 l=0).write_message sending 0x557b113c5600 done.
812
2018-03-05 20:17:47.246274 7fb2f0710700 20 osd.2 157808 share_map osd.24 [2607:f298:4:3245::7097]:6800/25906 157808
813
2018-03-05 20:17:47.246277 7fb2f0710700 20 osd.2 157808 should_share_map osd.24 [2607:f298:4:3245::7097]:6800/25906 157808
814
2018-03-05 20:17:47.246281 7fb2f0710700  6 -- op tracker --  seq: 1405, time: 2018-03-05 20:17:47.246281, event: reached_pg, op: pg_update_log_missing_reply(38.c epoch 157808/157807 rep_tid 1)
815
2018-03-05 20:17:47.246284 7fb2f0710700 10 osd.2 pg_epoch: 157808 pg[38.c( v 157808'772974 (157803'740282,157808'772974] local-lis/les=157807/157808 n=1 ec=154756/154756 lis/c 157807/157807 les/c/f 157808/157808/0 157807/157807/157807) [2,14,24] r=0 lpr=157807 luod=157808'772973 crt=157803'772972 lcod 157803'772972 mlcod 0'0 active+clean] _handle_message: 0x557b105a3380
816
2018-03-05 20:17:47.246292 7fb2f0710700 20 osd.2 pg_epoch: 157808 pg[38.c( v 157808'772974 (157803'740282,157808'772974] local-lis/les=157807/157808 n=1 ec=154756/154756 lis/c 157807/157807 les/c/f 157808/157808/0 157807/157807/157807) [2,14,24] r=0 lpr=157807 luod=157808'772973 crt=157803'772972 lcod 157803'772972 mlcod 0'0 active+clean] do_update_log_missing_reply got reply from 24
817
2018-03-05 20:17:47.246300 7fb2f0710700 10 osd.2 pg_epoch: 157808 pg[38.c( v 157808'772974 (157803'740282,157808'772974] local-lis/les=157807/157808 n=1 ec=154756/154756 lis/c 157807/157807 les/c/f 157808/157808/0 157807/157807/157807) [2,14,24] r=0 lpr=157807 luod=157808'772973 crt=157803'772972 lcod 157803'772972 mlcod 0'0 active+clean] repop_all_committed: repop tid 1 all committed 
818
2018-03-05 20:17:47.246307 7fb2f0710700 10 osd.2 pg_epoch: 157808 pg[38.c( v 157808'772974 (157803'740282,157808'772974] local-lis/les=157807/157808 n=1 ec=154756/154756 lis/c 157807/157807 les/c/f 157808/157808/0 157807/157807/157807) [2,14,24] r=0 lpr=157807 crt=157803'772972 lcod 157808'772973 mlcod 0'0 active+clean] eval_repop repgather(0x557b0f3dcac0 157808'772974 rep_tid=1 committed?=1 applied?=1 r=0)
819
2018-03-05 20:17:47.246316 7fb2f0710700 10 osd.2 pg_epoch: 157808 pg[38.c( v 157808'772974 (157803'740282,157808'772974] local-lis/les=157807/157808 n=1 ec=154756/154756 lis/c 157807/157807 les/c/f 157808/157808/0 157807/157807/157807) [2,14,24] r=0 lpr=157807 crt=157803'772972 lcod 157808'772973 mlcod 0'0 active+clean]  commit: repgather(0x557b0f3dcac0 157808'772974 rep_tid=1 committed?=1 applied?=1 r=0)
820
2018-03-05 20:17:47.246325 7fb2f0710700 10 osd.2 pg_epoch: 157808 pg[38.c( v 157808'772974 (157803'740282,157808'772974] local-lis/les=157807/157808 n=1 ec=154756/154756 lis/c 157807/157807 les/c/f 157808/157808/0 157807/157807/157807) [2,14,24] r=0 lpr=157807 crt=157803'772972 lcod 157808'772973 mlcod 0'0 active+clean]  applied: repgather(0x557b0f3dcac0 157808'772974 rep_tid=1 committed?=1 applied?=1 r=0) 
821
2018-03-05 20:17:47.246338 7fb2f0710700 15 osd.2 pg_epoch: 157808 pg[38.c( v 157808'772974 (157803'740282,157808'772974] local-lis/les=157807/157808 n=1 ec=154756/154756 lis/c 157807/157807 les/c/f 157808/157808/0 157807/157807/157807) [2,14,24] r=0 lpr=157807 crt=157803'772972 lcod 157808'772973 mlcod 0'0 active+clean] publish_stats_to_osd 157808:780119
822
2018-03-05 20:17:47.246346 7fb2f0710700 10 osd.2 pg_epoch: 157808 pg[38.c( v 157808'772974 (157803'740282,157808'772974] local-lis/les=157807/157808 n=1 ec=154756/154756 lis/c 157807/157807 les/c/f 157808/157808/0 157807/157807/157807) [2,14,24] r=0 lpr=157807 crt=157803'772972 lcod 157808'772973 mlcod 0'0 active+clean]  removing repgather(0x557b0f3dcac0 157808'772974 rep_tid=1 committed?=1 applied?=1 r=0)
823
2018-03-05 20:17:47.246354 7fb2f0710700 20 osd.2 pg_epoch: 157808 pg[38.c( v 157808'772974 (157803'740282,157808'772974] local-lis/les=157807/157808 n=1 ec=154756/154756 lis/c 157807/157807 les/c/f 157808/157808/0 157807/157807/157807) [2,14,24] r=0 lpr=157807 crt=157803'772972 lcod 157808'772973 mlcod 0'0 active+clean]    q front is repgather(0x557b0f3dcac0 157808'772974 rep_tid=1 committed?=1 applied?=1 r=0)
824
2018-03-05 20:17:47.246363 7fb2f0710700 20 osd.2 pg_epoch: 157808 pg[38.c( v 157808'772974 (157803'740282,157808'772974] local-lis/les=157807/157808 n=1 ec=154756/154756 lis/c 157807/157807 les/c/f 157808/157808/0 157807/157807/157807) [2,14,24] r=0 lpr=157807 crt=157803'772972 lcod 157808'772973 mlcod 0'0 active+clean] finished operator() r=0
825
2018-03-05 20:17:47.246370 7fb2f0710700 10 osd.2 pg_epoch: 157808 pg[38.c( v 157808'772974 (157803'740282,157808'772974] local-lis/les=157807/157808 n=1 ec=154756/154756 lis/c 157807/157807 les/c/f 157808/157808/0 157807/157807/157807) [2,14,24] r=0 lpr=157807 crt=157803'772972 lcod 157808'772973 mlcod 0'0 active+clean]  sending commit on osd_op(client.9244044.0:72 38.c 38:3351fad7:::usage.3:head [call rgw.user_usage_log_trim] snapc 0=[] ondisk+write+known_if_redirected e157808) v8 0x557b0d67b8c0
826
2018-03-05 20:17:47.246384 7fb2f0710700  1 -- [XXXX::7108]:6806/48758 --> [XXXX::7930]:0/51387864 -- osd_op_reply(72 usage.3 [call rgw.user_usage_log_trim] v157808'772974 uv263780 ondisk = 0) v8 -- 0x557b0d67b8c0 con 0
827
2018-03-05 20:17:47.246395 7fb2f0710700 15 -- [XXXX::7108]:6806/48758 >> [XXXX::7930]:0/51387864 conn(0x557b0eb83000 :6806 s=STATE_OPEN pgs=19 cs=1 l=1).send_message inline write is denied, reschedule m=0x557b0d67b8c0
828
2018-03-05 20:17:47.246400 7fb2f0710700 20 Event(0x557b05026880 nevent=5000 time_id=37).wakeup
829
2018-03-05 20:17:47.246405 7fb2f0710700 20 osd.2 pg_epoch: 157808 pg[38.c( v 157808'772974 (157803'740282,157808'772974] local-lis/les=157807/157808 n=1 ec=154756/154756 lis/c 157807/157807 les/c/f 157808/157808/0 157807/157807/157807) [2,14,24] r=0 lpr=157807 crt=157803'772972 lcod 157808'772973 mlcod 0'0 active+clean] remove_repop repgather(0x557b0f3dcac0 157808'772974 rep_tid=1 committed?=1 applied?=1 r=0)
830
2018-03-05 20:17:47.246410 7fb3092d2700 10 -- [XXXX::7108]:6806/48758 >> [XXXX::7930]:0/51387864 conn(0x557b0eb83000 :6806 s=STATE_OPEN pgs=19 cs=1 l=1).handle_write
831
2018-03-05 20:17:47.246419 7fb2f0710700  6 -- op tracker --  seq: 1402, time: 2018-03-05 20:17:47.246418, event: done, op: osd_op(client.9244044.0:72 38.c 38:3351fad7:::usage.3:head [call rgw.user_usage_log_trim] snapc 0=[] ondisk+write+known_if_redirected e157808)
832
2018-03-05 20:17:47.246422 7fb2f0710700 10 throttle(osd_client_bytes 0x557b05041c00) put 48 (48 -> 0)
833
2018-03-05 20:17:47.246418 7fb3092d2700 20 -- [XXXX::7108]:6806/48758 >> [XXXX::7930]:0/51387864 conn(0x557b0eb83000 :6806 s=STATE_OPEN pgs=19 cs=1 l=1).prepare_send_message m osd_op_reply(72 usage.3 [call rgw.user_usage_log_trim] v157808'772974 uv263780 ondisk = 0) v8
834
2018-03-05 20:17:47.246427 7fb2f0710700 10 throttle(osd_client_bytes 0x557b05041c00) put 0 (0 -> 0)
835
2018-03-05 20:17:47.246433 7fb2f0710700 10 osd.2 157808 dequeue_op 0x557b105a3380 finish
836
2018-03-05 20:17:47.246428 7fb3092d2700 20 -- [XXXX::7108]:6806/48758 >> [XXXX::7930]:0/51387864 conn(0x557b0eb83000 :6806 s=STATE_OPEN pgs=19 cs=1 l=1).prepare_send_message encoding features 2305244844532236283 0x557b0d67b8c0 osd_op_reply(72 usage.3 [call rgw.user_usage_log_trim] v157808'772974 uv263780 ondisk = 0) v8
837
2018-03-05 20:17:47.246435 7fb2f0710700  6 -- op tracker --  seq: 1405, time: 2018-03-05 20:17:47.246435, event: done, op: pg_update_log_missing_reply(38.c epoch 157808/157807 rep_tid 1)
838
2018-03-05 20:17:47.246440 7fb2f0710700 20 heartbeat_map reset_timeout 'OSD::osd_op_tp thread 0x7fb2f0710700' grace 60 suicide 150
839
2018-03-05 20:17:47.246442 7fb2f0710700 20 osd.2 op_wq(2) _process empty q, waiting
840
2018-03-05 20:17:47.246444 7fb2f0710700 20 heartbeat_map reset_timeout 'OSD::osd_op_tp thread 0x7fb2f0710700' grace 60 suicide 0
841
2018-03-05 20:17:47.246448 7fb3092d2700 10 _calc_signature seq 2 front_crc_ = 2395895143 middle_crc = 0 data_crc = 0 sig = 11415306493330140018
842
2018-03-05 20:17:47.246450 7fb3092d2700 20 Putting signature in client message(seq # 2): sig = 11415306493330140018
843
2018-03-05 20:17:47.246451 7fb3092d2700 20 -- [XXXX::7108]:6806/48758 >> [XXXX::7930]:0/51387864 conn(0x557b0eb83000 :6806 s=STATE_OPEN pgs=19 cs=1 l=1).write_message signed m=0x557b0d67b8c0): sig = 11415306493330140018
844
2018-03-05 20:17:47.246458 7fb3092d2700 20 -- [XXXX::7108]:6806/48758 >> [XXXX::7930]:0/51387864 conn(0x557b0eb83000 :6806 s=STATE_OPEN pgs=19 cs=1 l=1).write_message sending message type=43 src osd.2 front=151 data=0 off 0
845
2018-03-05 20:17:47.246463 7fb3092d2700 20 -- [XXXX::7108]:6806/48758 >> [XXXX::7930]:0/51387864 conn(0x557b0eb83000 :6806 s=STATE_OPEN pgs=19 cs=1 l=1).write_message sending 2 0x557b0d67b8c0
846
2018-03-05 20:17:47.246476 7fb3092d2700 10 -- [XXXX::7108]:6806/48758 >> [XXXX::7930]:0/51387864 conn(0x557b0eb83000 :6806 s=STATE_OPEN pgs=19 cs=1 l=1)._try_send sent bytes 226 remaining bytes 0
847
2018-03-05 20:17:47.246485 7fb3092d2700 10 -- [XXXX::7108]:6806/48758 >> [XXXX::7930]:0/51387864 conn(0x557b0eb83000 :6806 s=STATE_OPEN pgs=19 cs=1 l=1).write_message sending 0x557b0d67b8c0 done.
848
2018-03-05 20:17:47.246559 7fb3092d2700 20 -- [2607:f298:4:3245::7108]:6807/48758 >> [2607:f298:4:3245::7097]:6804/64507 conn(0x557b0d537000 :-1 s=STATE_OPEN pgs=2192 cs=1 l=0).process prev state is STATE_OPEN
849
2018-03-05 20:17:47.246570 7fb3092d2700 20 -- [2607:f298:4:3245::7108]:6807/48758 >> [2607:f298:4:3245::7097]:6804/64507 conn(0x557b0d537000 :-1 s=STATE_OPEN_TAG_ACK pgs=2192 cs=1 l=0).process prev state is STATE_OPEN
850
2018-03-05 20:17:47.246575 7fb3092d2700 20 -- [2607:f298:4:3245::7108]:6807/48758 >> [2607:f298:4:3245::7097]:6804/64507 conn(0x557b0d537000 :-1 s=STATE_OPEN_TAG_ACK pgs=2192 cs=1 l=0).process got ACK
851
2018-03-05 20:17:47.246582 7fb3092d2700 15 -- [2607:f298:4:3245::7108]:6807/48758 >> [2607:f298:4:3245::7097]:6804/64507 conn(0x557b0d537000 :-1 s=STATE_OPEN_TAG_ACK pgs=2192 cs=1 l=0).handle_ack got ack seq 1216
852
2018-03-05 20:17:47.246587 7fb3092d2700 10 -- [2607:f298:4:3245::7108]:6807/48758 >> [2607:f298:4:3245::7097]:6804/64507 conn(0x557b0d537000 :-1 s=STATE_OPEN_TAG_ACK pgs=2192 cs=1 l=0).handle_ack got ack seq 1216 >= 1216 on 0x557b113c5600 rep_scrubmap(44.7 e157808 from shard 2) v1
853
2018-03-05 20:17:47.246616 7fb3092d2700 20 -- [2607:f298:4:3245::7108]:6807/48758 >> [2607:f298:4:3245::7097]:6804/64507 conn(0x557b0d537000 :-1 s=STATE_OPEN pgs=2192 cs=1 l=0).process prev state is STATE_OPEN_TAG_ACK
854
2018-03-05 20:17:47.247237 7fb3092d2700 20 -- [XXXX::7108]:6806/48758 >> [XXXX::7930]:0/51387864 conn(0x557b0eb83000 :6806 s=STATE_OPEN pgs=19 cs=1 l=1).process prev state is STATE_OPEN
855
2018-03-05 20:17:47.247261 7fb3092d2700 20 -- [XXXX::7108]:6806/48758 >> [XXXX::7930]:0/51387864 conn(0x557b0eb83000 :6806 s=STATE_OPEN_MESSAGE_HEADER pgs=19 cs=1 l=1).process prev state is STATE_OPEN
856
2018-03-05 20:17:47.247266 7fb3092d2700 20 -- [XXXX::7108]:6806/48758 >> [XXXX::7930]:0/51387864 conn(0x557b0eb83000 :6806 s=STATE_OPEN_MESSAGE_HEADER pgs=19 cs=1 l=1).process begin MSG
857
2018-03-05 20:17:47.247271 7fb3092d2700 20 -- [XXXX::7108]:6806/48758 >> [XXXX::7930]:0/51387864 conn(0x557b0eb83000 :6806 s=STATE_OPEN_MESSAGE_HEADER pgs=19 cs=1 l=1).process got MSG header
858
2018-03-05 20:17:47.247275 7fb3092d2700 20 -- [XXXX::7108]:6806/48758 >> [XXXX::7930]:0/51387864 conn(0x557b0eb83000 :6806 s=STATE_OPEN_MESSAGE_HEADER pgs=19 cs=1 l=1).process got envelope type=42 src client.9244044 front=216 data=48 off 0
859
2018-03-05 20:17:47.247281 7fb3092d2700 20 -- [XXXX::7108]:6806/48758 >> [XXXX::7930]:0/51387864 conn(0x557b0eb83000 :6806 s=STATE_OPEN_MESSAGE_THROTTLE_MESSAGE pgs=19 cs=1 l=1).process prev state is STATE_OPEN_MESSAGE_HEADER
860
2018-03-05 20:17:47.247285 7fb3092d2700 20 -- [XXXX::7108]:6806/48758 >> [XXXX::7930]:0/51387864 conn(0x557b0eb83000 :6806 s=STATE_OPEN_MESSAGE_THROTTLE_BYTES pgs=19 cs=1 l=1).process prev state is STATE_OPEN_MESSAGE_THROTTLE_MESSAGE
861
2018-03-05 20:17:47.247290 7fb3092d2700 10 -- [XXXX::7108]:6806/48758 >> [XXXX::7930]:0/51387864 conn(0x557b0eb83000 :6806 s=STATE_OPEN_MESSAGE_THROTTLE_BYTES pgs=19 cs=1 l=1).process wants 264 bytes from policy throttler 0/524288000
862
2018-03-05 20:17:47.247299 7fb3092d2700 10 throttle(osd_client_bytes 0x557b05041c00) get_or_fail 264 success (0 -> 264)
863
2018-03-05 20:17:47.247301 7fb3092d2700 20 -- [XXXX::7108]:6806/48758 >> [XXXX::7930]:0/51387864 conn(0x557b0eb83000 :6806 s=STATE_OPEN_MESSAGE_THROTTLE_DISPATCH_QUEUE pgs=19 cs=1 l=1).process prev state is STATE_OPEN_MESSAGE_THROTTLE_BYTES
864
2018-03-05 20:17:47.247306 7fb3092d2700 10 throttle(msgr_dispatch_throttler-client 0x557b052b63f8) get_or_fail 264 success (0 -> 264)
865
2018-03-05 20:17:47.247307 7fb3092d2700 20 -- [XXXX::7108]:6806/48758 >> [XXXX::7930]:0/51387864 conn(0x557b0eb83000 :6806 s=STATE_OPEN_MESSAGE_READ_FRONT pgs=19 cs=1 l=1).process prev state is STATE_OPEN_MESSAGE_THROTTLE_DISPATCH_QUEUE
866
2018-03-05 20:17:47.247313 7fb3092d2700 20 -- [XXXX::7108]:6806/48758 >> [XXXX::7930]:0/51387864 conn(0x557b0eb83000 :6806 s=STATE_OPEN_MESSAGE_READ_FRONT pgs=19 cs=1 l=1).process got front 216
867
2018-03-05 20:17:47.247317 7fb3092d2700 20 -- [XXXX::7108]:6806/48758 >> [XXXX::7930]:0/51387864 conn(0x557b0eb83000 :6806 s=STATE_OPEN_MESSAGE_READ_DATA_PREPARE pgs=19 cs=1 l=1).process allocating new rx buffer at offset 0
868
2018-03-05 20:17:47.247322 7fb3092d2700 10 -- [XXXX::7108]:6806/48758 >> [XXXX::7930]:0/51387864 conn(0x557b0eb83000 :6806 s=STATE_OPEN_MESSAGE_READ_FOOTER_AND_DISPATCH pgs=19 cs=1 l=1).process aborted = 0
869
2018-03-05 20:17:47.247326 7fb3092d2700 20 -- [XXXX::7108]:6806/48758 >> [XXXX::7930]:0/51387864 conn(0x557b0eb83000 :6806 s=STATE_OPEN_MESSAGE_READ_FOOTER_AND_DISPATCH pgs=19 cs=1 l=1).process got 216 + 0 + 48 byte message
870
2018-03-05 20:17:47.247352 7fb3092d2700 10 _calc_signature seq 3 front_crc_ = 2889505296 middle_crc = 0 data_crc = 316140335 sig = 4551475545586765660
871
2018-03-05 20:17:47.247355 7fb3092d2700  5 -- [XXXX::7108]:6806/48758 >> [XXXX::7930]:0/51387864 conn(0x557b0eb83000 :6806 s=STATE_OPEN_MESSAGE_READ_FOOTER_AND_DISPATCH pgs=19 cs=1 l=1). rx client.9244044 seq 3 0x557b0d67b8c0 osd_op(client.9244044.0:73 38.c 38.eb5f8acc (undecoded) ondisk+write+known_if_redirected e157808) v8
872
2018-03-05 20:17:47.247367 7fb3092d2700  1 -- [XXXX::7108]:6806/48758 <== client.9244044 [XXXX::7930]:0/51387864 3 ==== osd_op(client.9244044.0:73 38.c 38.eb5f8acc (undecoded) ondisk+write+known_if_redirected e157808) v8 ==== 216+0+48 (2889505296 0 316140335) 0x557b0d67b8c0 con 0x557b0eb83000
873
2018-03-05 20:17:47.247377 7fb3092d2700 15 osd.2 157808 enqueue_op 0x557b076e1780 prio 63 cost 48 latency 0.000110 epoch 157808 osd_op(client.9244044.0:73 38.c 38.eb5f8acc (undecoded) ondisk+write+known_if_redirected e157808) v8
874
2018-03-05 20:17:47.247382 7fb3092d2700  6 -- op tracker --  seq: 1406, time: 2018-03-05 20:17:47.247382, event: queued_for_pg, op: osd_op(client.9244044.0:73 38.c 38.eb5f8acc (undecoded) ondisk+write+known_if_redirected e157808)
875
2018-03-05 20:17:47.247392 7fb3092d2700 20 osd.2 op_wq(2) _enqueue 38.c PGQueueable(0x557b076e1780 prio 63 cost 48 e157808)
876
2018-03-05 20:17:47.247400 7fb3092d2700 10 -- [XXXX::7108]:6806/48758 dispatch_throttle_release 264 to dispatch throttler 264/104857600
877
2018-03-05 20:17:47.247404 7fb3092d2700 10 throttle(msgr_dispatch_throttler-client 0x557b052b63f8) put 264 (264 -> 0)
878
2018-03-05 20:17:47.247406 7fb3092d2700 20 -- [XXXX::7108]:6806/48758 done calling dispatch on 0x557b0d67b8c0
879
2018-03-05 20:17:47.247409 7fb3092d2700 20 -- [XXXX::7108]:6806/48758 >> [XXXX::7930]:0/51387864 conn(0x557b0eb83000 :6806 s=STATE_OPEN pgs=19 cs=1 l=1).process prev state is STATE_OPEN_MESSAGE_READ_FRONT
880
2018-03-05 20:17:47.247414 7fb2f0710700 20 osd.2 op_wq(2) _process 38.c item PGQueueable(0x557b076e1780 prio 63 cost 48 e157808) queued
881
2018-03-05 20:17:47.247423 7fb2f0710700 20 osd.2 op_wq(2) _process 38.c item PGQueueable(0x557b076e1780 prio 63 cost 48 e157808) pg 0x557b05523000
882
2018-03-05 20:17:47.247425 7fb2f0710700 10 osd.2 157808 dequeue_op 0x557b076e1780 prio 63 cost 48 latency 0.000159 osd_op(client.9244044.0:73 38.c 38.eb5f8acc (undecoded) ondisk+write+known_if_redirected e157808) v8 pg pg[38.c( v 157808'772974 (157803'740282,157808'772974] local-lis/les=157807/157808 n=1 ec=154756/154756 lis/c 157807/157807 les/c/f 157808/157808/0 157807/157807/157807) [2,14,24] r=0 lpr=157807 crt=157803'772972 lcod 157808'772973 mlcod 0'0 active+clean]