Project

General

Profile

Bug #22535 ยป ceph-osd.0.log

Vladimir Drobyshevskiy, 12/24/2017 06:24 PM

 

2017-12-24 18:53:32.895017 7f01932ec700 -1 received signal: Terminated from PID: 1 task name: /sbin/init UID: 0
2017-12-24 18:53:32.895039 7f01932ec700 -1 osd.0 1080 *** Got signal Terminated ***
2017-12-24 18:53:32.895229 7f01932ec700 0 osd.0 1080 prepare_to_stop telling mon we are shutting down
2017-12-24 18:53:32.949841 7f01acba2700 0 osd.0 1080 got_stop_ack starting shutdown
2017-12-24 18:53:32.949873 7f01932ec700 0 osd.0 1080 prepare_to_stop starting shutdown
2017-12-24 18:53:32.949881 7f01932ec700 -1 osd.0 1080 shutdown
2017-12-24 18:53:32.950758 7f01b6b18700 30 Event(0x55811816a080 nevent=5000 time_id=135262).process_events event_wq process is 64 mask is 1
2017-12-24 18:53:32.950764 7f01acba2700 2 osd.0 1080 ms_handle_reset con 0x55825b1e1000 session 0x558245c63c00
2017-12-24 18:53:32.950771 7f01b6b18700 30 Event(0x55811816a080 nevent=5000 time_id=135262).process_events do 0x55812f5404b0
2017-12-24 18:53:32.950775 7f01b6b18700 30 Event(0x55811816a080 nevent=5000 time_id=135262).delete_time_event id=135260
2017-12-24 18:53:32.950778 7f01b6b18700 30 Event(0x55811816a080 nevent=5000 time_id=135262).delete_file_event delete event started fd=64 mask=3 original mask is 1
2017-12-24 18:53:32.950832 7f01b6317700 20 -- 10.103.0.1:6801/6033 >> 10.103.0.6:0/3011660791 conn(0x55823663d000 :6801 s=STATE_OPEN pgs=5 cs=1 l=1).process prev state is STATE_OPEN
2017-12-24 18:53:32.950848 7f01b6317700 25 -- 10.103.0.1:6801/6033 >> 10.103.0.6:0/3011660791 conn(0x55823663d000 :6801 s=STATE_OPEN pgs=5 cs=1 l=1).read_until len is 1 state_offset is 0
2017-12-24 18:53:32.950862 7f01b6317700 1 -- 10.103.0.1:6801/6033 >> 10.103.0.6:0/3011660791 conn(0x55823663d000 :6801 s=STATE_OPEN pgs=5 cs=1 l=1).read_bulk peer close file descriptor 65
2017-12-24 18:53:32.950869 7f01b6317700 25 -- 10.103.0.1:6801/6033 >> 10.103.0.6:0/3011660791 conn(0x55823663d000 :6801 s=STATE_OPEN pgs=5 cs=1 l=1).read_until read_bulk recv_end is 0 left is 1 got -1
2017-12-24 18:53:32.950876 7f01b6317700 1 -- 10.103.0.1:6801/6033 >> 10.103.0.6:0/3011660791 conn(0x55823663d000 :6801 s=STATE_OPEN pgs=5 cs=1 l=1).read_until read failed
2017-12-24 18:53:32.950874 7f01b5b16700 20 -- 10.103.0.1:6801/6033 >> 10.103.0.5:0/3675858229 conn(0x55813c557800 :6801 s=STATE_OPEN pgs=2360 cs=1 l=1).process prev state is STATE_OPEN
2017-12-24 18:53:32.950884 7f01b6317700 1 -- 10.103.0.1:6801/6033 >> 10.103.0.6:0/3011660791 conn(0x55823663d000 :6801 s=STATE_OPEN pgs=5 cs=1 l=1).process read tag failed
2017-12-24 18:53:32.950886 7f01b5b16700 25 -- 10.103.0.1:6801/6033 >> 10.103.0.5:0/3675858229 conn(0x55813c557800 :6801 s=STATE_OPEN pgs=2360 cs=1 l=1).read_until len is 1 state_offset is 0
2017-12-24 18:53:32.950890 7f01b6317700 1 -- 10.103.0.1:6801/6033 >> 10.103.0.6:0/3011660791 conn(0x55823663d000 :6801 s=STATE_OPEN pgs=5 cs=1 l=1).fault on lossy channel, failing
2017-12-24 18:53:32.950896 7f01b5b16700 1 -- 10.103.0.1:6801/6033 >> 10.103.0.5:0/3675858229 conn(0x55813c557800 :6801 s=STATE_OPEN pgs=2360 cs=1 l=1).read_bulk peer close file descriptor 57
2017-12-24 18:53:32.950894 7f01b6317700 2 -- 10.103.0.1:6801/6033 >> 10.103.0.6:0/3011660791 conn(0x55823663d000 :6801 s=STATE_OPEN pgs=5 cs=1 l=1)._stop
2017-12-24 18:53:32.950901 7f01b5b16700 25 -- 10.103.0.1:6801/6033 >> 10.103.0.5:0/3675858229 conn(0x55813c557800 :6801 s=STATE_OPEN pgs=2360 cs=1 l=1).read_until read_bulk recv_end is 0 left is 1 got -1
2017-12-24 18:53:32.950902 7f01b6317700 10 -- 10.103.0.1:6801/6033 >> 10.103.0.6:0/3011660791 conn(0x55823663d000 :6801 s=STATE_OPEN pgs=5 cs=1 l=1).discard_out_queue started
2017-12-24 18:53:32.950905 7f01b5b16700 1 -- 10.103.0.1:6801/6033 >> 10.103.0.5:0/3675858229 conn(0x55813c557800 :6801 s=STATE_OPEN pgs=2360 cs=1 l=1).read_until read failed
2017-12-24 18:53:32.950907 7f01b6317700 30 Event(0x55811816a740 nevent=5000 time_id=390552).dispatch_event_external 0x5581d26fce70 pending 1
2017-12-24 18:53:32.950908 7f01b5b16700 1 -- 10.103.0.1:6801/6033 >> 10.103.0.5:0/3675858229 conn(0x55813c557800 :6801 s=STATE_OPEN pgs=2360 cs=1 l=1).process read tag failed
2017-12-24 18:53:32.950915 7f01b6317700 30 Event(0x55811816a740 nevent=5000 time_id=390552).process_events event_wq process is 65 mask is 1
2017-12-24 18:53:32.950915 7f01b5b16700 1 -- 10.103.0.1:6801/6033 >> 10.103.0.5:0/3675858229 conn(0x55813c557800 :6801 s=STATE_OPEN pgs=2360 cs=1 l=1).fault on lossy channel, failing
2017-12-24 18:53:32.950920 7f01b6317700 30 Event(0x55811816a740 nevent=5000 time_id=390552).process_events do 0x5581d26fce70
2017-12-24 18:53:32.950922 7f01b6317700 30 Event(0x55811816a740 nevent=5000 time_id=390552).delete_time_event id=390543
2017-12-24 18:53:32.950922 7f01acba2700 2 osd.0 1080 ms_handle_reset con 0x55823663d000 session 0x5581bba72c80
2017-12-24 18:53:32.950922 7f01b5b16700 2 -- 10.103.0.1:6801/6033 >> 10.103.0.5:0/3675858229 conn(0x55813c557800 :6801 s=STATE_OPEN pgs=2360 cs=1 l=1)._stop
2017-12-24 18:53:32.950925 7f01b6317700 30 Event(0x55811816a740 nevent=5000 time_id=390552).delete_file_event delete event started fd=65 mask=3 original mask is 1
2017-12-24 18:53:32.950926 7f01b5b16700 10 -- 10.103.0.1:6801/6033 >> 10.103.0.5:0/3675858229 conn(0x55813c557800 :6801 s=STATE_OPEN pgs=2360 cs=1 l=1).discard_out_queue started
2017-12-24 18:53:32.950933 7f01b5b16700 20 Event(0x55811816a080 nevent=5000 time_id=135262).wakeup
2017-12-24 18:53:32.950936 7f01b5b16700 30 Event(0x55811816a080 nevent=5000 time_id=135262).dispatch_event_external 0x558118166310 pending 1
2017-12-24 18:53:32.950939 7f01b5b16700 30 Event(0x55811816a980 nevent=5000 time_id=188674).dispatch_event_external 0x5581b6941800 pending 1
2017-12-24 18:53:32.950942 7f01b5b16700 30 Event(0x55811816a980 nevent=5000 time_id=188674).process_events event_wq process is 57 mask is 1
2017-12-24 18:53:32.950944 7f01b5b16700 30 Event(0x55811816a980 nevent=5000 time_id=188674).process_events do 0x5581b6941800
2017-12-24 18:53:32.950947 7f01b5b16700 30 Event(0x55811816a980 nevent=5000 time_id=188674).delete_time_event id=188650
2017-12-24 18:53:32.950950 7f01b5b16700 30 Event(0x55811816a980 nevent=5000 time_id=188674).delete_file_event delete event started fd=57 mask=3 original mask is 1
2017-12-24 18:53:32.950926 7f01acba2700 30 osd.0 pg_epoch: 1080 pg[1.a8( v 1080'364308 (1076'362741,1080'364308] local-lis/les=1054/1055 n=1491 ec=18/18 lis/c 1054/1054 les/c/f 1055/1055/0 1054/1054/1052) [0,2,1] r=0 lpr=1054 crt=1080'364308 lcod 1080'364307 mlcod 1080'364307 active+clean] lock
2017-12-24 18:53:32.950952 7f01acba2700 10 osd.0 pg_epoch: 1080 pg[1.a8( v 1080'364308 (1076'362741,1080'364308] local-lis/les=1054/1055 n=1491 ec=18/18 lis/c 1054/1054 les/c/f 1055/1055/0 1054/1054/1052) [0,2,1] r=0 lpr=1054 crt=1080'364308 lcod 1080'364307 mlcod 1080'364307 active+clean] -- Watch(139663746548208,client.2208801) disconnect (con was 0x55823663d000)
2017-12-24 18:53:32.950977 7f01acba2700 2 osd.0 1080 ms_handle_reset con 0x55813c557800 session 0x558225006c80
2017-12-24 18:53:32.951034 7f01b6317700 20 EpollDriver.del_event del event fd=65 cur_mask=1 delmask=3 to 7
2017-12-24 18:53:32.951036 7f01b6b18700 20 EpollDriver.del_event del event fd=64 cur_mask=1 delmask=3 to 4
2017-12-24 18:53:32.951038 7f01b5b16700 20 EpollDriver.del_event del event fd=57 cur_mask=1 delmask=3 to 10
2017-12-24 18:53:32.951040 7f01b6317700 30 Event(0x55811816a740 nevent=5000 time_id=390552).delete_file_event delete event end fd=65 mask=3 original mask is 0
2017-12-24 18:53:32.951043 7f01b6b18700 30 Event(0x55811816a080 nevent=5000 time_id=135262).delete_file_event delete event end fd=64 mask=3 original mask is 0
2017-12-24 18:53:32.951045 7f01b5b16700 30 Event(0x55811816a980 nevent=5000 time_id=188674).delete_file_event delete event end fd=57 mask=3 original mask is 0
2017-12-24 18:53:32.951067 7f01b5b16700 30 stack operator() calling event process
2017-12-24 18:53:32.951069 7f01b5b16700 30 Event(0x55811816a980 nevent=5000 time_id=188674).process_events wait second 30 usec 0
2017-12-24 18:53:32.951070 7f01b6317700 30 stack operator() calling event process
2017-12-24 18:53:32.951072 7f01b6317700 30 Event(0x55811816a740 nevent=5000 time_id=390552).process_events wait second 30 usec 0
2017-12-24 18:53:32.951078 7f01b6b18700 30 stack operator() calling event process
2017-12-24 18:53:32.951076 7f01b5b16700 20 -- 10.103.0.1:6801/6033 >> 10.103.0.3:6800/234216682 conn(0x5581f5e72800 :6801 s=STATE_OPEN pgs=4 cs=1 l=1).process prev state is STATE_OPEN
2017-12-24 18:53:32.951081 7f01b6b18700 30 Event(0x55811816a080 nevent=5000 time_id=135262).process_events wait second 0 usec 0
2017-12-24 18:53:32.951081 7f01b5b16700 25 -- 10.103.0.1:6801/6033 >> 10.103.0.3:6800/234216682 conn(0x5581f5e72800 :6801 s=STATE_OPEN pgs=4 cs=1 l=1).read_until len is 1 state_offset is 0
2017-12-24 18:53:32.951086 7f01b6b18700 30 Event(0x55811816a080 nevent=5000 time_id=135262).process_events event_wq process is 5 mask is 1
2017-12-24 18:53:32.951088 7f01b6b18700 30 Event(0x55811816a080 nevent=5000 time_id=135262).process_events do 0x558118166310
2017-12-24 18:53:32.951087 7f01b5b16700 1 -- 10.103.0.1:6801/6033 >> 10.103.0.3:6800/234216682 conn(0x5581f5e72800 :6801 s=STATE_OPEN pgs=4 cs=1 l=1).read_bulk peer close file descriptor 69
2017-12-24 18:53:32.951091 7f01b5b16700 25 -- 10.103.0.1:6801/6033 >> 10.103.0.3:6800/234216682 conn(0x5581f5e72800 :6801 s=STATE_OPEN pgs=4 cs=1 l=1).read_until read_bulk recv_end is 0 left is 1 got -1
2017-12-24 18:53:32.951090 7f01b6b18700 1 -- 10.103.0.1:6801/6033 reap_dead start
2017-12-24 18:53:32.951094 7f01b5b16700 1 -- 10.103.0.1:6801/6033 >> 10.103.0.3:6800/234216682 conn(0x5581f5e72800 :6801 s=STATE_OPEN pgs=4 cs=1 l=1).read_until read failed
2017-12-24 18:53:32.951097 7f01b6b18700 5 -- 10.103.0.1:6801/6033 reap_dead delete 0x55813c557800
2017-12-24 18:53:32.951098 7f01b5b16700 1 -- 10.103.0.1:6801/6033 >> 10.103.0.3:6800/234216682 conn(0x5581f5e72800 :6801 s=STATE_OPEN pgs=4 cs=1 l=1).process read tag failed
2017-12-24 18:53:32.951101 7f01b5b16700 1 -- 10.103.0.1:6801/6033 >> 10.103.0.3:6800/234216682 conn(0x5581f5e72800 :6801 s=STATE_OPEN pgs=4 cs=1 l=1).fault on lossy channel, failing
2017-12-24 18:53:32.951104 7f01b5b16700 2 -- 10.103.0.1:6801/6033 >> 10.103.0.3:6800/234216682 conn(0x5581f5e72800 :6801 s=STATE_OPEN pgs=4 cs=1 l=1)._stop
2017-12-24 18:53:32.951107 7f01b5b16700 10 -- 10.103.0.1:6801/6033 >> 10.103.0.3:6800/234216682 conn(0x5581f5e72800 :6801 s=STATE_OPEN pgs=4 cs=1 l=1).discard_out_queue started
2017-12-24 18:53:32.951119 7f01b6b18700 5 -- 10.103.0.1:6801/6033 reap_dead delete 0x55814c73e800
2017-12-24 18:53:32.951132 7f01b6b18700 5 -- 10.103.0.1:6801/6033 reap_dead delete 0x55823663d000
2017-12-24 18:53:32.951144 7f01b6b18700 5 -- 10.103.0.1:6801/6033 reap_dead delete 0x55825b1e1000
2017-12-24 18:53:32.951160 7f01b6b18700 5 -- 10.103.0.1:6801/6033 reap_dead delete 0x5582b8a73000
2017-12-24 18:53:32.951181 7f01b6b18700 30 stack operator() calling event process
2017-12-24 18:53:32.951183 7f01b6b18700 30 Event(0x55811816a080 nevent=5000 time_id=135262).process_events wait second 30 usec 0
2017-12-24 18:53:32.951184 7f01b5b16700 30 Event(0x55811816a980 nevent=5000 time_id=188674).dispatch_event_external 0x5581b6941800 pending 1
2017-12-24 18:53:32.951191 7f01b5b16700 30 Event(0x55811816a980 nevent=5000 time_id=188674).process_events event_wq process is 69 mask is 1
2017-12-24 18:53:32.951193 7f01b5b16700 30 Event(0x55811816a980 nevent=5000 time_id=188674).process_events do 0x5581b6941800
2017-12-24 18:53:32.951195 7f01b5b16700 30 Event(0x55811816a980 nevent=5000 time_id=188674).delete_time_event id=188662
2017-12-24 18:53:32.951197 7f01b5b16700 30 Event(0x55811816a980 nevent=5000 time_id=188674).delete_file_event delete event started fd=69 mask=3 original mask is 1
2017-12-24 18:53:32.951196 7f01acba2700 2 osd.0 1080 ms_handle_reset con 0x5581f5e72800 session 0x5581bba74f80
2017-12-24 18:53:32.951199 7f01b5b16700 20 EpollDriver.del_event del event fd=69 cur_mask=1 delmask=3 to 10
2017-12-24 18:53:32.951203 7f01b5b16700 30 Event(0x55811816a980 nevent=5000 time_id=188674).delete_file_event delete event end fd=69 mask=3 original mask is 0
2017-12-24 18:53:32.951221 7f01b5b16700 30 stack operator() calling event process
2017-12-24 18:53:32.951222 7f01b5b16700 30 Event(0x55811816a980 nevent=5000 time_id=188674).process_events wait second 30 usec 0
2017-12-24 18:53:32.951227 7f01b5b16700 20 -- 10.103.0.1:6801/6033 >> 10.103.0.3:0/2266272612 conn(0x558242d4a800 :6801 s=STATE_OPEN pgs=2066 cs=1 l=1).process prev state is STATE_OPEN
2017-12-24 18:53:32.951233 7f01b5b16700 25 -- 10.103.0.1:6801/6033 >> 10.103.0.3:0/2266272612 conn(0x558242d4a800 :6801 s=STATE_OPEN pgs=2066 cs=1 l=1).read_until len is 1 state_offset is 0
2017-12-24 18:53:32.951239 7f01b5b16700 1 -- 10.103.0.1:6801/6033 >> 10.103.0.3:0/2266272612 conn(0x558242d4a800 :6801 s=STATE_OPEN pgs=2066 cs=1 l=1).read_bulk peer close file descriptor 38
2017-12-24 18:53:32.951243 7f01b5b16700 25 -- 10.103.0.1:6801/6033 >> 10.103.0.3:0/2266272612 conn(0x558242d4a800 :6801 s=STATE_OPEN pgs=2066 cs=1 l=1).read_until read_bulk recv_end is 0 left is 1 got -1
2017-12-24 18:53:32.951247 7f01b5b16700 1 -- 10.103.0.1:6801/6033 >> 10.103.0.3:0/2266272612 conn(0x558242d4a800 :6801 s=STATE_OPEN pgs=2066 cs=1 l=1).read_until read failed
2017-12-24 18:53:32.951250 7f01b5b16700 1 -- 10.103.0.1:6801/6033 >> 10.103.0.3:0/2266272612 conn(0x558242d4a800 :6801 s=STATE_OPEN pgs=2066 cs=1 l=1).process read tag failed
2017-12-24 18:53:32.951254 7f01b5b16700 1 -- 10.103.0.1:6801/6033 >> 10.103.0.3:0/2266272612 conn(0x558242d4a800 :6801 s=STATE_OPEN pgs=2066 cs=1 l=1).fault on lossy channel, failing
2017-12-24 18:53:32.951257 7f01b5b16700 2 -- 10.103.0.1:6801/6033 >> 10.103.0.3:0/2266272612 conn(0x558242d4a800 :6801 s=STATE_OPEN pgs=2066 cs=1 l=1)._stop
2017-12-24 18:53:32.951260 7f01b5b16700 10 -- 10.103.0.1:6801/6033 >> 10.103.0.3:0/2266272612 conn(0x558242d4a800 :6801 s=STATE_OPEN pgs=2066 cs=1 l=1).discard_out_queue started
2017-12-24 18:53:32.951264 7f01b5b16700 30 Event(0x55811816a980 nevent=5000 time_id=188674).dispatch_event_external 0x5581b6941800 pending 1
2017-12-24 18:53:32.951270 7f01b5b16700 30 Event(0x55811816a980 nevent=5000 time_id=188674).process_events event_wq process is 38 mask is 1
2017-12-24 18:53:32.951272 7f01b5b16700 30 Event(0x55811816a980 nevent=5000 time_id=188674).process_events do 0x5581b6941800
2017-12-24 18:53:32.951273 7f01b5b16700 30 Event(0x55811816a980 nevent=5000 time_id=188674).delete_time_event id=188655
2017-12-24 18:53:32.951275 7f01b5b16700 30 Event(0x55811816a980 nevent=5000 time_id=188674).delete_file_event delete event started fd=38 mask=3 original mask is 1
2017-12-24 18:53:32.951275 7f01acba2700 2 osd.0 1080 ms_handle_reset con 0x558242d4a800 session 0x55827664ca80
2017-12-24 18:53:32.951278 7f01b5b16700 20 EpollDriver.del_event del event fd=38 cur_mask=1 delmask=3 to 10
2017-12-24 18:53:32.951281 7f01b5b16700 30 Event(0x55811816a980 nevent=5000 time_id=188674).delete_file_event delete event end fd=38 mask=3 original mask is 0
2017-12-24 18:53:32.951275 7f01b6317700 20 -- 10.103.0.1:6801/6033 >> 10.103.0.2:0/1591466891 conn(0x55823ce5a800 :6801 s=STATE_OPEN pgs=4 cs=1 l=1).process prev state is STATE_OPEN
2017-12-24 18:53:32.951284 7f01b6317700 25 -- 10.103.0.1:6801/6033 >> 10.103.0.2:0/1591466891 conn(0x55823ce5a800 :6801 s=STATE_OPEN pgs=4 cs=1 l=1).read_until len is 1 state_offset is 0
2017-12-24 18:53:32.951290 7f01b6317700 1 -- 10.103.0.1:6801/6033 >> 10.103.0.2:0/1591466891 conn(0x55823ce5a800 :6801 s=STATE_OPEN pgs=4 cs=1 l=1).read_bulk peer close file descriptor 37
2017-12-24 18:53:32.951293 7f01b6317700 25 -- 10.103.0.1:6801/6033 >> 10.103.0.2:0/1591466891 conn(0x55823ce5a800 :6801 s=STATE_OPEN pgs=4 cs=1 l=1).read_until read_bulk recv_end is 0 left is 1 got -1
2017-12-24 18:53:32.951295 7f01b5b16700 30 stack operator() calling event process
2017-12-24 18:53:32.951297 7f01b5b16700 30 Event(0x55811816a980 nevent=5000 time_id=188674).process_events wait second 30 usec 0
2017-12-24 18:53:32.951297 7f01b6317700 1 -- 10.103.0.1:6801/6033 >> 10.103.0.2:0/1591466891 conn(0x55823ce5a800 :6801 s=STATE_OPEN pgs=4 cs=1 l=1).read_until read failed
2017-12-24 18:53:32.951300 7f01b6317700 1 -- 10.103.0.1:6801/6033 >> 10.103.0.2:0/1591466891 conn(0x55823ce5a800 :6801 s=STATE_OPEN pgs=4 cs=1 l=1).process read tag failed
2017-12-24 18:53:32.951304 7f01b6317700 1 -- 10.103.0.1:6801/6033 >> 10.103.0.2:0/1591466891 conn(0x55823ce5a800 :6801 s=STATE_OPEN pgs=4 cs=1 l=1).fault on lossy channel, failing
2017-12-24 18:53:32.951308 7f01b6317700 2 -- 10.103.0.1:6801/6033 >> 10.103.0.2:0/1591466891 conn(0x55823ce5a800 :6801 s=STATE_OPEN pgs=4 cs=1 l=1)._stop
2017-12-24 18:53:32.951312 7f01b6317700 10 -- 10.103.0.1:6801/6033 >> 10.103.0.2:0/1591466891 conn(0x55823ce5a800 :6801 s=STATE_OPEN pgs=4 cs=1 l=1).discard_out_queue started
2017-12-24 18:53:32.951316 7f01b6317700 30 Event(0x55811816a740 nevent=5000 time_id=390552).dispatch_event_external 0x5581d26fce70 pending 1
2017-12-24 18:53:32.951321 7f01b6317700 30 Event(0x55811816a740 nevent=5000 time_id=390552).process_events event_wq process is 37 mask is 1
2017-12-24 18:53:32.951323 7f01b6317700 30 Event(0x55811816a740 nevent=5000 time_id=390552).process_events do 0x5581d26fce70
2017-12-24 18:53:32.951326 7f01b6317700 30 Event(0x55811816a740 nevent=5000 time_id=390552).delete_time_event id=390540
2017-12-24 18:53:32.951327 7f01acba2700 2 osd.0 1080 ms_handle_reset con 0x55823ce5a800 session 0x5582b4155480
2017-12-24 18:53:32.951331 7f01b6317700 30 Event(0x55811816a740 nevent=5000 time_id=390552).delete_file_event delete event started fd=37 mask=3 original mask is 1
2017-12-24 18:53:32.951333 7f01b6317700 20 EpollDriver.del_event del event fd=37 cur_mask=1 delmask=3 to 7
2017-12-24 18:53:32.951336 7f01b6317700 30 Event(0x55811816a740 nevent=5000 time_id=390552).delete_file_event delete event end fd=37 mask=3 original mask is 0
2017-12-24 18:53:32.951331 7f01acba2700 30 osd.0 pg_epoch: 1080 pg[1.ec( v 1080'297083 (1076'295525,1080'297083] local-lis/les=1054/1055 n=1602 ec=18/18 lis/c 1054/1054 les/c/f 1055/1055/0 1054/1054/1052) [0,3,1] r=0 lpr=1054 crt=1080'297083 lcod 1079'297082 mlcod 1079'297082 active+clean] lock
2017-12-24 18:53:32.951341 7f01acba2700 10 osd.0 pg_epoch: 1080 pg[1.ec( v 1080'297083 (1076'295525,1080'297083] local-lis/les=1054/1055 n=1602 ec=18/18 lis/c 1054/1054 les/c/f 1055/1055/0 1054/1054/1052) [0,3,1] r=0 lpr=1054 crt=1080'297083 lcod 1079'297082 mlcod 1079'297082 active+clean] -- Watch(140288127723936,client.1653169) disconnect (con was 0x55823ce5a800)
2017-12-24 18:53:32.951357 7f01b6317700 30 stack operator() calling event process
2017-12-24 18:53:32.951359 7f01b6317700 30 Event(0x55811816a740 nevent=5000 time_id=390552).process_events wait second 30 usec 0
2017-12-24 18:53:32.951457 7f01b6317700 20 -- 10.103.0.1:6801/6033 >> 10.103.0.6:0/712136626 conn(0x55811a8b9000 :6801 s=STATE_OPEN pgs=6 cs=1 l=1).process prev state is STATE_OPEN
2017-12-24 18:53:32.951475 7f01b6317700 25 -- 10.103.0.1:6801/6033 >> 10.103.0.6:0/712136626 conn(0x55811a8b9000 :6801 s=STATE_OPEN pgs=6 cs=1 l=1).read_until len is 1 state_offset is 0
2017-12-24 18:53:32.951487 7f01b6317700 1 -- 10.103.0.1:6801/6033 >> 10.103.0.6:0/712136626 conn(0x55811a8b9000 :6801 s=STATE_OPEN pgs=6 cs=1 l=1).read_bulk peer close file descriptor 63
2017-12-24 18:53:32.951494 7f01b6317700 25 -- 10.103.0.1:6801/6033 >> 10.103.0.6:0/712136626 conn(0x55811a8b9000 :6801 s=STATE_OPEN pgs=6 cs=1 l=1).read_until read_bulk recv_end is 0 left is 1 got -1
2017-12-24 18:53:32.951501 7f01b6317700 1 -- 10.103.0.1:6801/6033 >> 10.103.0.6:0/712136626 conn(0x55811a8b9000 :6801 s=STATE_OPEN pgs=6 cs=1 l=1).read_until read failed
2017-12-24 18:53:32.951508 7f01b6317700 1 -- 10.103.0.1:6801/6033 >> 10.103.0.6:0/712136626 conn(0x55811a8b9000 :6801 s=STATE_OPEN pgs=6 cs=1 l=1).process read tag failed
2017-12-24 18:53:32.951514 7f01b6317700 1 -- 10.103.0.1:6801/6033 >> 10.103.0.6:0/712136626 conn(0x55811a8b9000 :6801 s=STATE_OPEN pgs=6 cs=1 l=1).fault on lossy channel, failing
2017-12-24 18:53:32.951519 7f01b6317700 2 -- 10.103.0.1:6801/6033 >> 10.103.0.6:0/712136626 conn(0x55811a8b9000 :6801 s=STATE_OPEN pgs=6 cs=1 l=1)._stop
2017-12-24 18:53:32.951527 7f01b6317700 10 -- 10.103.0.1:6801/6033 >> 10.103.0.6:0/712136626 conn(0x55811a8b9000 :6801 s=STATE_OPEN pgs=6 cs=1 l=1).discard_out_queue started
2017-12-24 18:53:32.951535 7f01b6317700 30 Event(0x55811816a740 nevent=5000 time_id=390552).dispatch_event_external 0x5581d26fce70 pending 1
2017-12-24 18:53:32.951544 7f01b6317700 30 Event(0x55811816a740 nevent=5000 time_id=390552).process_events event_wq process is 63 mask is 1
2017-12-24 18:53:32.951547 7f01acba2700 2 osd.0 1080 ms_handle_reset con 0x55811a8b9000 session 0x55815096c500
2017-12-24 18:53:32.951548 7f01b6317700 30 Event(0x55811816a740 nevent=5000 time_id=390552).process_events do 0x5581d26fce70
2017-12-24 18:53:32.951552 7f01b6317700 30 Event(0x55811816a740 nevent=5000 time_id=390552).delete_time_event id=390542
2017-12-24 18:53:32.951556 7f01b6317700 30 Event(0x55811816a740 nevent=5000 time_id=390552).delete_file_event delete event started fd=63 mask=3 original mask is 1
2017-12-24 18:53:32.951560 7f01b6317700 20 EpollDriver.del_event del event fd=63 cur_mask=1 delmask=3 to 7
2017-12-24 18:53:32.951564 7f01b6317700 30 Event(0x55811816a740 nevent=5000 time_id=390552).delete_file_event delete event end fd=63 mask=3 original mask is 0
2017-12-24 18:53:32.951594 7f01b6317700 30 stack operator() calling event process
2017-12-24 18:53:32.951599 7f01b6317700 30 Event(0x55811816a740 nevent=5000 time_id=390552).process_events wait second 30 usec 0
2017-12-24 18:53:32.952677 7f01b5b16700 20 -- 10.104.0.1:6800/6033 >> 10.104.0.2:6800/5930 conn(0x55815ae63000 :-1 s=STATE_OPEN pgs=4 cs=1 l=0).process prev state is STATE_OPEN
2017-12-24 18:53:32.952688 7f01b5b16700 25 -- 10.104.0.1:6800/6033 >> 10.104.0.2:6800/5930 conn(0x55815ae63000 :-1 s=STATE_OPEN pgs=4 cs=1 l=0).read_until len is 1 state_offset is 0
2017-12-24 18:53:32.952689 7f01b6317700 20 -- 10.103.0.1:6802/6033 >> 10.103.0.2:0/5930 conn(0x55813bee6000 :6802 s=STATE_OPEN pgs=3 cs=1 l=1).process prev state is STATE_OPEN
2017-12-24 18:53:32.952695 7f01b5b16700 1 -- 10.104.0.1:6800/6033 >> 10.104.0.2:6800/5930 conn(0x55815ae63000 :-1 s=STATE_OPEN pgs=4 cs=1 l=0).read_bulk peer close file descriptor 54
2017-12-24 18:53:32.952700 7f01b5b16700 25 -- 10.104.0.1:6800/6033 >> 10.104.0.2:6800/5930 conn(0x55815ae63000 :-1 s=STATE_OPEN pgs=4 cs=1 l=0).read_until read_bulk recv_end is 0 left is 1 got -1
2017-12-24 18:53:32.952700 7f01b6317700 25 -- 10.103.0.1:6802/6033 >> 10.103.0.2:0/5930 conn(0x55813bee6000 :6802 s=STATE_OPEN pgs=3 cs=1 l=1).read_until len is 1 state_offset is 0
2017-12-24 18:53:32.952703 7f01b5b16700 1 -- 10.104.0.1:6800/6033 >> 10.104.0.2:6800/5930 conn(0x55815ae63000 :-1 s=STATE_OPEN pgs=4 cs=1 l=0).read_until read failed
2017-12-24 18:53:32.952703 7f01b6b18700 20 -- 10.104.0.1:6801/6033 >> 10.104.0.2:0/5930 conn(0x55813bee7800 :6801 s=STATE_OPEN pgs=3 cs=1 l=1).process prev state is STATE_OPEN
2017-12-24 18:53:32.952707 7f01b5b16700 1 -- 10.104.0.1:6800/6033 >> 10.104.0.2:6800/5930 conn(0x55815ae63000 :-1 s=STATE_OPEN pgs=4 cs=1 l=0).process read tag failed
2017-12-24 18:53:32.952707 7f01b6317700 1 -- 10.103.0.1:6802/6033 >> 10.103.0.2:0/5930 conn(0x55813bee6000 :6802 s=STATE_OPEN pgs=3 cs=1 l=1).read_bulk peer close file descriptor 52
2017-12-24 18:53:32.952711 7f01b5b16700 30 Event(0x55811816a980 nevent=5000 time_id=188674).delete_time_event id=188651
2017-12-24 18:53:32.952711 7f01b6b18700 25 -- 10.104.0.1:6801/6033 >> 10.104.0.2:0/5930 conn(0x55813bee7800 :6801 s=STATE_OPEN pgs=3 cs=1 l=1).read_until len is 1 state_offset is 0
2017-12-24 18:53:32.952711 7f01b6317700 25 -- 10.103.0.1:6802/6033 >> 10.103.0.2:0/5930 conn(0x55813bee6000 :6802 s=STATE_OPEN pgs=3 cs=1 l=1).read_until read_bulk recv_end is 0 left is 1 got -1
2017-12-24 18:53:32.952714 7f01b5b16700 30 Event(0x55811816a980 nevent=5000 time_id=188674).delete_file_event delete event started fd=54 mask=3 original mask is 1
2017-12-24 18:53:32.952716 7f01b5b16700 20 EpollDriver.del_event del event fd=54 cur_mask=1 delmask=3 to 10
2017-12-24 18:53:32.952715 7f01b6317700 1 -- 10.103.0.1:6802/6033 >> 10.103.0.2:0/5930 conn(0x55813bee6000 :6802 s=STATE_OPEN pgs=3 cs=1 l=1).read_until read failed
2017-12-24 18:53:32.952719 7f01b5b16700 30 Event(0x55811816a980 nevent=5000 time_id=188674).delete_file_event delete event end fd=54 mask=3 original mask is 0
2017-12-24 18:53:32.952718 7f01b6b18700 1 -- 10.104.0.1:6801/6033 >> 10.104.0.2:0/5930 conn(0x55813bee7800 :6801 s=STATE_OPEN pgs=3 cs=1 l=1).read_bulk peer close file descriptor 53
2017-12-24 18:53:32.952719 7f01b6317700 1 -- 10.103.0.1:6802/6033 >> 10.103.0.2:0/5930 conn(0x55813bee6000 :6802 s=STATE_OPEN pgs=3 cs=1 l=1).process read tag failed
2017-12-24 18:53:32.952722 7f01b6b18700 25 -- 10.104.0.1:6801/6033 >> 10.104.0.2:0/5930 conn(0x55813bee7800 :6801 s=STATE_OPEN pgs=3 cs=1 l=1).read_until read_bulk recv_end is 0 left is 1 got -1
2017-12-24 18:53:32.952724 7f01b6317700 1 -- 10.103.0.1:6802/6033 >> 10.103.0.2:0/5930 conn(0x55813bee6000 :6802 s=STATE_OPEN pgs=3 cs=1 l=1).fault on lossy channel, failing
2017-12-24 18:53:32.952726 7f01b6b18700 1 -- 10.104.0.1:6801/6033 >> 10.104.0.2:0/5930 conn(0x55813bee7800 :6801 s=STATE_OPEN pgs=3 cs=1 l=1).read_until read failed
2017-12-24 18:53:32.952728 7f01b6317700 2 -- 10.103.0.1:6802/6033 >> 10.103.0.2:0/5930 conn(0x55813bee6000 :6802 s=STATE_OPEN pgs=3 cs=1 l=1)._stop
2017-12-24 18:53:32.952729 7f01b6b18700 1 -- 10.104.0.1:6801/6033 >> 10.104.0.2:0/5930 conn(0x55813bee7800 :6801 s=STATE_OPEN pgs=3 cs=1 l=1).process read tag failed
2017-12-24 18:53:32.952733 7f01b6317700 10 -- 10.103.0.1:6802/6033 >> 10.103.0.2:0/5930 conn(0x55813bee6000 :6802 s=STATE_OPEN pgs=3 cs=1 l=1).discard_out_queue started
2017-12-24 18:53:32.952734 7f01b6b18700 1 -- 10.104.0.1:6801/6033 >> 10.104.0.2:0/5930 conn(0x55813bee7800 :6801 s=STATE_OPEN pgs=3 cs=1 l=1).fault on lossy channel, failing
2017-12-24 18:53:32.952737 7f01b6317700 30 Event(0x55811816a740 nevent=5000 time_id=390552).dispatch_event_external 0x5581d26fce70 pending 1
2017-12-24 18:53:32.952738 7f01b6b18700 2 -- 10.104.0.1:6801/6033 >> 10.104.0.2:0/5930 conn(0x55813bee7800 :6801 s=STATE_OPEN pgs=3 cs=1 l=1)._stop
2017-12-24 18:53:32.952737 7f01b5b16700 10 -- 10.104.0.1:6800/6033 >> 10.104.0.2:6800/5930 conn(0x55815ae63000 :-1 s=STATE_OPEN pgs=4 cs=1 l=0).fault with nothing to send, going to standby
2017-12-24 18:53:32.952743 7f01b5b16700 30 Event(0x55811816a980 nevent=5000 time_id=188674).process_events event_wq process is 54 mask is 1
2017-12-24 18:53:32.952743 7f01b6317700 30 Event(0x55811816a740 nevent=5000 time_id=390552).process_events event_wq process is 52 mask is 1
2017-12-24 18:53:32.952742 7f01b6b18700 10 -- 10.104.0.1:6801/6033 >> 10.104.0.2:0/5930 conn(0x55813bee7800 :6801 s=STATE_OPEN pgs=3 cs=1 l=1).discard_out_queue started
2017-12-24 18:53:32.952745 7f01b5b16700 30 stack operator() calling event process
2017-12-24 18:53:32.952745 7f01b6317700 30 Event(0x55811816a740 nevent=5000 time_id=390552).process_events do 0x5581d26fce70
2017-12-24 18:53:32.952746 7f01b5b16700 30 Event(0x55811816a980 nevent=5000 time_id=188674).process_events wait second 30 usec 0
2017-12-24 18:53:32.952746 7f01b6b18700 30 Event(0x55811816a080 nevent=5000 time_id=135262).dispatch_event_external 0x55811a4b12f0 pending 1
2017-12-24 18:53:32.952747 7f01b6317700 30 Event(0x55811816a740 nevent=5000 time_id=390552).delete_time_event id=390539
2017-12-24 18:53:32.952749 7f01b6317700 30 Event(0x55811816a740 nevent=5000 time_id=390552).delete_file_event delete event started fd=52 mask=3 original mask is 1
2017-12-24 18:53:32.952752 7f01b6317700 20 EpollDriver.del_event del event fd=52 cur_mask=1 delmask=3 to 7
2017-12-24 18:53:32.952752 7f01b6b18700 30 Event(0x55811816a080 nevent=5000 time_id=135262).process_events event_wq process is 53 mask is 1
2017-12-24 18:53:32.952754 7f01b6b18700 30 Event(0x55811816a080 nevent=5000 time_id=135262).process_events do 0x55811a4b12f0
2017-12-24 18:53:32.952755 7f01b6317700 30 Event(0x55811816a740 nevent=5000 time_id=390552).delete_file_event delete event end fd=52 mask=3 original mask is 0
2017-12-24 18:53:32.952756 7f01b6b18700 30 Event(0x55811816a080 nevent=5000 time_id=135262).delete_time_event id=135250
2017-12-24 18:53:32.952759 7f01b6b18700 30 Event(0x55811816a080 nevent=5000 time_id=135262).delete_file_event delete event started fd=53 mask=3 original mask is 1
2017-12-24 18:53:32.952761 7f01b6b18700 20 EpollDriver.del_event del event fd=53 cur_mask=1 delmask=3 to 4
2017-12-24 18:53:32.952764 7f01b6b18700 30 Event(0x55811816a080 nevent=5000 time_id=135262).delete_file_event delete event end fd=53 mask=3 original mask is 0
2017-12-24 18:53:32.952774 7f01b6317700 30 stack operator() calling event process
2017-12-24 18:53:32.952777 7f01b6317700 30 Event(0x55811816a740 nevent=5000 time_id=390552).process_events wait second 30 usec 0
2017-12-24 18:53:32.952783 7f01b6b18700 30 stack operator() calling event process
2017-12-24 18:53:32.952785 7f01b6b18700 30 Event(0x55811816a080 nevent=5000 time_id=135262).process_events wait second 30 usec 0
2017-12-24 18:53:32.953083 7f01b6317700 20 -- 10.104.0.1:6800/6033 >> 10.104.0.4:6800/5071 conn(0x5581356c4000 :-1 s=STATE_OPEN pgs=9 cs=1 l=0).process prev state is STATE_OPEN
2017-12-24 18:53:32.953098 7f01b6317700 25 -- 10.104.0.1:6800/6033 >> 10.104.0.4:6800/5071 conn(0x5581356c4000 :-1 s=STATE_OPEN pgs=9 cs=1 l=0).read_until len is 1 state_offset is 0
2017-12-24 18:53:32.953109 7f01b6317700 1 -- 10.104.0.1:6800/6033 >> 10.104.0.4:6800/5071 conn(0x5581356c4000 :-1 s=STATE_OPEN pgs=9 cs=1 l=0).read_bulk peer close file descriptor 40
2017-12-24 18:53:32.953115 7f01b6317700 25 -- 10.104.0.1:6800/6033 >> 10.104.0.4:6800/5071 conn(0x5581356c4000 :-1 s=STATE_OPEN pgs=9 cs=1 l=0).read_until read_bulk recv_end is 0 left is 1 got -1
2017-12-24 18:53:32.953120 7f01b6317700 1 -- 10.104.0.1:6800/6033 >> 10.104.0.4:6800/5071 conn(0x5581356c4000 :-1 s=STATE_OPEN pgs=9 cs=1 l=0).read_until read failed
2017-12-24 18:53:32.953125 7f01b6317700 1 -- 10.104.0.1:6800/6033 >> 10.104.0.4:6800/5071 conn(0x5581356c4000 :-1 s=STATE_OPEN pgs=9 cs=1 l=0).process read tag failed
2017-12-24 18:53:32.953130 7f01b6317700 30 Event(0x55811816a740 nevent=5000 time_id=390552).delete_time_event id=390546
2017-12-24 18:53:32.953134 7f01b6317700 30 Event(0x55811816a740 nevent=5000 time_id=390552).delete_file_event delete event started fd=40 mask=3 original mask is 1
2017-12-24 18:53:32.953129 7f01b5b16700 20 -- 10.103.0.1:6802/6033 >> 10.103.0.4:0/5071 conn(0x55813571b000 :6802 s=STATE_OPEN pgs=5 cs=1 l=1).process prev state is STATE_OPEN
2017-12-24 18:53:32.953140 7f01b5b16700 25 -- 10.103.0.1:6802/6033 >> 10.103.0.4:0/5071 conn(0x55813571b000 :6802 s=STATE_OPEN pgs=5 cs=1 l=1).read_until len is 1 state_offset is 0
2017-12-24 18:53:32.953146 7f01b5b16700 1 -- 10.103.0.1:6802/6033 >> 10.103.0.4:0/5071 conn(0x55813571b000 :6802 s=STATE_OPEN pgs=5 cs=1 l=1).read_bulk peer close file descriptor 39
2017-12-24 18:53:32.953150 7f01b5b16700 25 -- 10.103.0.1:6802/6033 >> 10.103.0.4:0/5071 conn(0x55813571b000 :6802 s=STATE_OPEN pgs=5 cs=1 l=1).read_until read_bulk recv_end is 0 left is 1 got -1
2017-12-24 18:53:32.953137 7f01b6317700 20 EpollDriver.del_event del event fd=40 cur_mask=1 delmask=3 to 7
2017-12-24 18:53:32.953153 7f01b5b16700 1 -- 10.103.0.1:6802/6033 >> 10.103.0.4:0/5071 conn(0x55813571b000 :6802 s=STATE_OPEN pgs=5 cs=1 l=1).read_until read failed
2017-12-24 18:53:32.953156 7f01b5b16700 1 -- 10.103.0.1:6802/6033 >> 10.103.0.4:0/5071 conn(0x55813571b000 :6802 s=STATE_OPEN pgs=5 cs=1 l=1).process read tag failed
2017-12-24 18:53:32.953158 7f01b6317700 30 Event(0x55811816a740 nevent=5000 time_id=390552).delete_file_event delete event end fd=40 mask=3 original mask is 0
2017-12-24 18:53:32.953159 7f01b5b16700 1 -- 10.103.0.1:6802/6033 >> 10.103.0.4:0/5071 conn(0x55813571b000 :6802 s=STATE_OPEN pgs=5 cs=1 l=1).fault on lossy channel, failing
2017-12-24 18:53:32.953163 7f01b5b16700 2 -- 10.103.0.1:6802/6033 >> 10.103.0.4:0/5071 conn(0x55813571b000 :6802 s=STATE_OPEN pgs=5 cs=1 l=1)._stop
2017-12-24 18:53:32.953167 7f01b5b16700 10 -- 10.103.0.1:6802/6033 >> 10.103.0.4:0/5071 conn(0x55813571b000 :6802 s=STATE_OPEN pgs=5 cs=1 l=1).discard_out_queue started
2017-12-24 18:53:32.953171 7f01b5b16700 30 Event(0x55811816a980 nevent=5000 time_id=188674).dispatch_event_external 0x5581b6941800 pending 1
2017-12-24 18:53:32.953177 7f01b5b16700 30 Event(0x55811816a980 nevent=5000 time_id=188674).process_events event_wq process is 39 mask is 1
2017-12-24 18:53:32.953179 7f01b5b16700 30 Event(0x55811816a980 nevent=5000 time_id=188674).process_events do 0x5581b6941800
2017-12-24 18:53:32.953180 7f01b5b16700 30 Event(0x55811816a980 nevent=5000 time_id=188674).delete_time_event id=188657
2017-12-24 18:53:32.953183 7f01b5b16700 30 Event(0x55811816a980 nevent=5000 time_id=188674).delete_file_event delete event started fd=39 mask=3 original mask is 1
2017-12-24 18:53:32.953186 7f01b5b16700 20 EpollDriver.del_event del event fd=39 cur_mask=1 delmask=3 to 10
2017-12-24 18:53:32.953189 7f01b5b16700 30 Event(0x55811816a980 nevent=5000 time_id=188674).delete_file_event delete event end fd=39 mask=3 original mask is 0
2017-12-24 18:53:32.953191 7f01b6317700 10 -- 10.104.0.1:6800/6033 >> 10.104.0.4:6800/5071 conn(0x5581356c4000 :-1 s=STATE_OPEN pgs=9 cs=1 l=0).fault with nothing to send, going to standby
2017-12-24 18:53:32.953201 7f01b6317700 30 Event(0x55811816a740 nevent=5000 time_id=390552).process_events event_wq process is 40 mask is 1
2017-12-24 18:53:32.953213 7f01b5b16700 30 stack operator() calling event process
2017-12-24 18:53:32.953215 7f01b5b16700 30 Event(0x55811816a980 nevent=5000 time_id=188674).process_events wait second 30 usec 0
2017-12-24 18:53:32.953219 7f01b5b16700 20 -- 10.104.0.1:6801/6033 >> 10.104.0.4:0/5071 conn(0x5581356b6000 :6801 s=STATE_OPEN pgs=5 cs=1 l=1).process prev state is STATE_OPEN
2017-12-24 18:53:32.953226 7f01b6317700 30 stack operator() calling event process
2017-12-24 18:53:32.953230 7f01b6317700 30 Event(0x55811816a740 nevent=5000 time_id=390552).process_events wait second 30 usec 0
2017-12-24 18:53:32.953226 7f01b6b18700 20 -- 10.104.0.1:6801/6033 >> 10.104.0.3:0/5420 conn(0x5581356ba800 :6801 s=STATE_OPEN pgs=4 cs=1 l=1).process prev state is STATE_OPEN
2017-12-24 18:53:32.953224 7f01b5b16700 25 -- 10.104.0.1:6801/6033 >> 10.104.0.4:0/5071 conn(0x5581356b6000 :6801 s=STATE_OPEN pgs=5 cs=1 l=1).read_until len is 1 state_offset is 0
2017-12-24 18:53:32.953237 7f01b6b18700 25 -- 10.104.0.1:6801/6033 >> 10.104.0.3:0/5420 conn(0x5581356ba800 :6801 s=STATE_OPEN pgs=4 cs=1 l=1).read_until len is 1 state_offset is 0
2017-12-24 18:53:32.953241 7f01b5b16700 1 -- 10.104.0.1:6801/6033 >> 10.104.0.4:0/5071 conn(0x5581356b6000 :6801 s=STATE_OPEN pgs=5 cs=1 l=1).read_bulk peer close file descriptor 46
2017-12-24 18:53:32.953243 7f01b6b18700 1 -- 10.104.0.1:6801/6033 >> 10.104.0.3:0/5420 conn(0x5581356ba800 :6801 s=STATE_OPEN pgs=4 cs=1 l=1).read_bulk peer close file descriptor 48
2017-12-24 18:53:32.953245 7f01b5b16700 25 -- 10.104.0.1:6801/6033 >> 10.104.0.4:0/5071 conn(0x5581356b6000 :6801 s=STATE_OPEN pgs=5 cs=1 l=1).read_until read_bulk recv_end is 0 left is 1 got -1
2017-12-24 18:53:32.953246 7f01b6b18700 25 -- 10.104.0.1:6801/6033 >> 10.104.0.3:0/5420 conn(0x5581356ba800 :6801 s=STATE_OPEN pgs=4 cs=1 l=1).read_until read_bulk recv_end is 0 left is 1 got -1
2017-12-24 18:53:32.953248 7f01b5b16700 1 -- 10.104.0.1:6801/6033 >> 10.104.0.4:0/5071 conn(0x5581356b6000 :6801 s=STATE_OPEN pgs=5 cs=1 l=1).read_until read failed
2017-12-24 18:53:32.953249 7f01b6b18700 1 -- 10.104.0.1:6801/6033 >> 10.104.0.3:0/5420 conn(0x5581356ba800 :6801 s=STATE_OPEN pgs=4 cs=1 l=1).read_until read failed
2017-12-24 18:53:32.953251 7f01b5b16700 1 -- 10.104.0.1:6801/6033 >> 10.104.0.4:0/5071 conn(0x5581356b6000 :6801 s=STATE_OPEN pgs=5 cs=1 l=1).process read tag failed
2017-12-24 18:53:32.953252 7f01b6b18700 1 -- 10.104.0.1:6801/6033 >> 10.104.0.3:0/5420 conn(0x5581356ba800 :6801 s=STATE_OPEN pgs=4 cs=1 l=1).process read tag failed
2017-12-24 18:53:32.953254 7f01b5b16700 1 -- 10.104.0.1:6801/6033 >> 10.104.0.4:0/5071 conn(0x5581356b6000 :6801 s=STATE_OPEN pgs=5 cs=1 l=1).fault on lossy channel, failing
2017-12-24 18:53:32.953255 7f01b6b18700 1 -- 10.104.0.1:6801/6033 >> 10.104.0.3:0/5420 conn(0x5581356ba800 :6801 s=STATE_OPEN pgs=4 cs=1 l=1).fault on lossy channel, failing
2017-12-24 18:53:32.953257 7f01b5b16700 2 -- 10.104.0.1:6801/6033 >> 10.104.0.4:0/5071 conn(0x5581356b6000 :6801 s=STATE_OPEN pgs=5 cs=1 l=1)._stop
2017-12-24 18:53:32.953258 7f01b6b18700 2 -- 10.104.0.1:6801/6033 >> 10.104.0.3:0/5420 conn(0x5581356ba800 :6801 s=STATE_OPEN pgs=4 cs=1 l=1)._stop
2017-12-24 18:53:32.953260 7f01b5b16700 10 -- 10.104.0.1:6801/6033 >> 10.104.0.4:0/5071 conn(0x5581356b6000 :6801 s=STATE_OPEN pgs=5 cs=1 l=1).discard_out_queue started
2017-12-24 18:53:32.953265 7f01b5b16700 30 Event(0x55811816a980 nevent=5000 time_id=188674).dispatch_event_external 0x5581b6941800 pending 1
2017-12-24 18:53:32.953263 7f01b6b18700 10 -- 10.104.0.1:6801/6033 >> 10.104.0.3:0/5420 conn(0x5581356ba800 :6801 s=STATE_OPEN pgs=4 cs=1 l=1).discard_out_queue started
2017-12-24 18:53:32.953270 7f01b6b18700 30 Event(0x55811816a080 nevent=5000 time_id=135262).dispatch_event_external 0x55811a4b12f0 pending 1
2017-12-24 18:53:32.953271 7f01b5b16700 30 Event(0x55811816a980 nevent=5000 time_id=188674).process_events event_wq process is 46 mask is 1
2017-12-24 18:53:32.953272 7f01b6b18700 30 Event(0x55811816a080 nevent=5000 time_id=135262).process_events event_wq process is 48 mask is 1
2017-12-24 18:53:32.953273 7f01b5b16700 30 Event(0x55811816a980 nevent=5000 time_id=188674).process_events do 0x5581b6941800
2017-12-24 18:53:32.953274 7f01b6b18700 30 Event(0x55811816a080 nevent=5000 time_id=135262).process_events do 0x55811a4b12f0
2017-12-24 18:53:32.953275 7f01b5b16700 30 Event(0x55811816a980 nevent=5000 time_id=188674).delete_time_event id=188659
2017-12-24 18:53:32.953276 7f01b6b18700 30 Event(0x55811816a080 nevent=5000 time_id=135262).delete_time_event id=135254
2017-12-24 18:53:32.953277 7f01b5b16700 30 Event(0x55811816a980 nevent=5000 time_id=188674).delete_file_event delete event started fd=46 mask=3 original mask is 1
2017-12-24 18:53:32.953278 7f01b6b18700 30 Event(0x55811816a080 nevent=5000 time_id=135262).delete_file_event delete event started fd=48 mask=3 original mask is 1
2017-12-24 18:53:32.953280 7f01b6b18700 20 EpollDriver.del_event del event fd=48 cur_mask=1 delmask=3 to 4
2017-12-24 18:53:32.953280 7f01b5b16700 20 EpollDriver.del_event del event fd=46 cur_mask=1 delmask=3 to 10
2017-12-24 18:53:32.953282 7f01b6b18700 30 Event(0x55811816a080 nevent=5000 time_id=135262).delete_file_event delete event end fd=48 mask=3 original mask is 0
2017-12-24 18:53:32.953283 7f01b5b16700 30 Event(0x55811816a980 nevent=5000 time_id=188674).delete_file_event delete event end fd=46 mask=3 original mask is 0
2017-12-24 18:53:32.953298 7f01b5b16700 30 stack operator() calling event process
2017-12-24 18:53:32.953300 7f01b5b16700 30 Event(0x55811816a980 nevent=5000 time_id=188674).process_events wait second 30 usec 0
2017-12-24 18:53:32.953303 7f01b6b18700 30 stack operator() calling event process
2017-12-24 18:53:32.953305 7f01b6b18700 30 Event(0x55811816a080 nevent=5000 time_id=135262).process_events wait second 30 usec 0
2017-12-24 18:53:32.953507 7f01b6b18700 20 -- 10.104.0.1:6800/6033 >> 10.104.0.3:6800/5420 conn(0x55813b754000 :-1 s=STATE_OPEN pgs=6 cs=1 l=0).process prev state is STATE_OPEN
2017-12-24 18:53:32.953515 7f01b6b18700 25 -- 10.104.0.1:6800/6033 >> 10.104.0.3:6800/5420 conn(0x55813b754000 :-1 s=STATE_OPEN pgs=6 cs=1 l=0).read_until len is 1 state_offset is 0
2017-12-24 18:53:32.953521 7f01b6b18700 1 -- 10.104.0.1:6800/6033 >> 10.104.0.3:6800/5420 conn(0x55813b754000 :-1 s=STATE_OPEN pgs=6 cs=1 l=0).read_bulk peer close file descriptor 45
2017-12-24 18:53:32.953524 7f01b6b18700 25 -- 10.104.0.1:6800/6033 >> 10.104.0.3:6800/5420 conn(0x55813b754000 :-1 s=STATE_OPEN pgs=6 cs=1 l=0).read_until read_bulk recv_end is 0 left is 1 got -1
2017-12-24 18:53:32.953527 7f01b6b18700 1 -- 10.104.0.1:6800/6033 >> 10.104.0.3:6800/5420 conn(0x55813b754000 :-1 s=STATE_OPEN pgs=6 cs=1 l=0).read_until read failed
2017-12-24 18:53:32.953530 7f01b6b18700 1 -- 10.104.0.1:6800/6033 >> 10.104.0.3:6800/5420 conn(0x55813b754000 :-1 s=STATE_OPEN pgs=6 cs=1 l=0).process read tag failed
2017-12-24 18:53:32.953533 7f01b6b18700 30 Event(0x55811816a080 nevent=5000 time_id=135262).delete_time_event id=135255
2017-12-24 18:53:32.953535 7f01b6b18700 30 Event(0x55811816a080 nevent=5000 time_id=135262).delete_file_event delete event started fd=45 mask=3 original mask is 1
2017-12-24 18:53:32.953536 7f01b6b18700 20 EpollDriver.del_event del event fd=45 cur_mask=1 delmask=3 to 4
2017-12-24 18:53:32.953538 7f01b6b18700 30 Event(0x55811816a080 nevent=5000 time_id=135262).delete_file_event delete event end fd=45 mask=3 original mask is 0
2017-12-24 18:53:32.953522 7f01b6317700 20 -- 10.103.0.1:6802/6033 >> 10.103.0.3:0/5420 conn(0x5581356b9000 :6802 s=STATE_OPEN pgs=4 cs=1 l=1).process prev state is STATE_OPEN
2017-12-24 18:53:32.953544 7f01b6317700 25 -- 10.103.0.1:6802/6033 >> 10.103.0.3:0/5420 conn(0x5581356b9000 :6802 s=STATE_OPEN pgs=4 cs=1 l=1).read_until len is 1 state_offset is 0
2017-12-24 18:53:32.953553 7f01b6317700 1 -- 10.103.0.1:6802/6033 >> 10.103.0.3:0/5420 conn(0x5581356b9000 :6802 s=STATE_OPEN pgs=4 cs=1 l=1).read_bulk peer close file descriptor 47
2017-12-24 18:53:32.953554 7f01b6b18700 10 -- 10.104.0.1:6800/6033 >> 10.104.0.3:6800/5420 conn(0x55813b754000 :-1 s=STATE_OPEN pgs=6 cs=1 l=0).fault with nothing to send, going to standby
2017-12-24 18:53:32.953559 7f01b6b18700 30 Event(0x55811816a080 nevent=5000 time_id=135262).process_events event_wq process is 45 mask is 1
2017-12-24 18:53:32.953561 7f01b6b18700 30 stack operator() calling event process
2017-12-24 18:53:32.953562 7f01b6b18700 30 Event(0x55811816a080 nevent=5000 time_id=135262).process_events wait second 30 usec 0
2017-12-24 18:53:32.953561 7f01b6317700 25 -- 10.103.0.1:6802/6033 >> 10.103.0.3:0/5420 conn(0x5581356b9000 :6802 s=STATE_OPEN pgs=4 cs=1 l=1).read_until read_bulk recv_end is 0 left is 1 got -1
2017-12-24 18:53:32.953567 7f01b6317700 1 -- 10.103.0.1:6802/6033 >> 10.103.0.3:0/5420 conn(0x5581356b9000 :6802 s=STATE_OPEN pgs=4 cs=1 l=1).read_until read failed
2017-12-24 18:53:32.953571 7f01b6317700 1 -- 10.103.0.1:6802/6033 >> 10.103.0.3:0/5420 conn(0x5581356b9000 :6802 s=STATE_OPEN pgs=4 cs=1 l=1).process read tag failed
2017-12-24 18:53:32.953577 7f01b6317700 1 -- 10.103.0.1:6802/6033 >> 10.103.0.3:0/5420 conn(0x5581356b9000 :6802 s=STATE_OPEN pgs=4 cs=1 l=1).fault on lossy channel, failing
2017-12-24 18:53:32.953581 7f01b6317700 2 -- 10.103.0.1:6802/6033 >> 10.103.0.3:0/5420 conn(0x5581356b9000 :6802 s=STATE_OPEN pgs=4 cs=1 l=1)._stop
2017-12-24 18:53:32.953594 7f01b6317700 10 -- 10.103.0.1:6802/6033 >> 10.103.0.3:0/5420 conn(0x5581356b9000 :6802 s=STATE_OPEN pgs=4 cs=1 l=1).discard_out_queue started
2017-12-24 18:53:32.953602 7f01b6317700 30 Event(0x55811816a740 nevent=5000 time_id=390552).dispatch_event_external 0x5581d26fce70 pending 1
2017-12-24 18:53:32.953613 7f01b6317700 30 Event(0x55811816a740 nevent=5000 time_id=390552).process_events event_wq process is 47 mask is 1
2017-12-24 18:53:32.953615 7f01b6317700 30 Event(0x55811816a740 nevent=5000 time_id=390552).process_events do 0x5581d26fce70
2017-12-24 18:53:32.953618 7f01b6317700 30 Event(0x55811816a740 nevent=5000 time_id=390552).delete_time_event id=390547
2017-12-24 18:53:32.953620 7f01b6317700 30 Event(0x55811816a740 nevent=5000 time_id=390552).delete_file_event delete event started fd=47 mask=3 original mask is 1
2017-12-24 18:53:32.953624 7f01b6317700 20 EpollDriver.del_event del event fd=47 cur_mask=1 delmask=3 to 7
2017-12-24 18:53:32.953628 7f01b6317700 30 Event(0x55811816a740 nevent=5000 time_id=390552).delete_file_event delete event end fd=47 mask=3 original mask is 0
2017-12-24 18:53:32.953660 7f01b6317700 30 stack operator() calling event process
2017-12-24 18:53:32.953664 7f01b6317700 30 Event(0x55811816a740 nevent=5000 time_id=390552).process_events wait second 30 usec 0
2017-12-24 18:53:32.972649 7f01932ec700 1 -- 10.103.0.1:6801/6033 >> 10.103.0.1:6803/137693 conn(0x55812d107000 :-1 s=STATE_OPEN pgs=2 cs=1 l=1).mark_down
2017-12-24 18:53:32.972675 7f01932ec700 2 -- 10.103.0.1:6801/6033 >> 10.103.0.1:6803/137693 conn(0x55812d107000 :-1 s=STATE_OPEN pgs=2 cs=1 l=1)._stop
2017-12-24 18:53:32.972683 7f01932ec700 10 -- 10.103.0.1:6801/6033 >> 10.103.0.1:6803/137693 conn(0x55812d107000 :-1 s=STATE_OPEN pgs=2 cs=1 l=1).discard_out_queue started
2017-12-24 18:53:32.972691 7f01932ec700 20 Event(0x55811816a080 nevent=5000 time_id=135262).wakeup
2017-12-24 18:53:32.972702 7f01932ec700 30 Event(0x55811816a080 nevent=5000 time_id=135262).dispatch_event_external 0x558118166310 pending 1
2017-12-24 18:53:32.972706 7f01932ec700 20 Event(0x55811816a980 nevent=5000 time_id=188674).wakeup
2017-12-24 18:53:32.972705 7f01b6b18700 30 Event(0x55811816a080 nevent=5000 time_id=135262).process_events event_wq process is 5 mask is 1
2017-12-24 18:53:32.972711 7f01b6b18700 30 Event(0x55811816a080 nevent=5000 time_id=135262).process_events do 0x558118166310
2017-12-24 18:53:32.972712 7f01932ec700 30 Event(0x55811816a980 nevent=5000 time_id=188674).dispatch_event_external 0x558133d05f20 pending 1
2017-12-24 18:53:32.972713 7f01b6b18700 1 -- 10.103.0.1:6801/6033 reap_dead start
2017-12-24 18:53:32.972717 7f01b6b18700 5 -- 10.103.0.1:6801/6033 reap_dead delete 0x55811a8b9000
2017-12-24 18:53:32.972720 7f01b5b16700 30 Event(0x55811816a980 nevent=5000 time_id=188674).process_events event_wq process is 11 mask is 1
2017-12-24 18:53:32.972725 7f01b5b16700 30 Event(0x55811816a980 nevent=5000 time_id=188674).process_events do 0x558133d05f20
2017-12-24 18:53:32.972727 7f01b5b16700 30 Event(0x55811816a980 nevent=5000 time_id=188674).delete_time_event id=188672
2017-12-24 18:53:32.972731 7f01b5b16700 30 Event(0x55811816a980 nevent=5000 time_id=188674).delete_file_event delete event started fd=35 mask=3 original mask is 1
2017-12-24 18:53:32.972733 7f01b5b16700 20 EpollDriver.del_event del event fd=35 cur_mask=1 delmask=3 to 10
2017-12-24 18:53:32.972736 7f01b5b16700 30 Event(0x55811816a980 nevent=5000 time_id=188674).delete_file_event delete event end fd=35 mask=3 original mask is 0
2017-12-24 18:53:32.972741 7f01b6b18700 5 -- 10.103.0.1:6801/6033 reap_dead delete 0x55812d107000
2017-12-24 18:53:32.972744 7f01b6b18700 5 -- 10.103.0.1:6801/6033 reap_dead delete 0x5581f5e72800
2017-12-24 18:53:32.972756 7f01b6b18700 5 -- 10.103.0.1:6801/6033 reap_dead delete 0x55823ce5a800
2017-12-24 18:53:32.972771 7f01b6b18700 5 -- 10.103.0.1:6801/6033 reap_dead delete 0x558242d4a800
2017-12-24 18:53:32.972773 7f01b5b16700 30 stack operator() calling event process
2017-12-24 18:53:32.972775 7f01b5b16700 30 Event(0x55811816a980 nevent=5000 time_id=188674).process_events wait second 30 usec 0
2017-12-24 18:53:32.972797 7f01b6b18700 30 stack operator() calling event process
2017-12-24 18:53:32.972800 7f01b6b18700 30 Event(0x55811816a080 nevent=5000 time_id=135262).process_events wait second 30 usec 0
2017-12-24 18:53:32.973969 7f01932ec700 20 osd.0 1080 kicking pg 1.16
2017-12-24 18:53:32.973975 7f01a0306700 20 osd.0 op_wq(1) _process empty q, waiting
2017-12-24 18:53:32.973972 7f019f304700 20 osd.0 op_wq(3) _process empty q, waiting
2017-12-24 18:53:32.973979 7f019eb03700 20 osd.0 op_wq(4) _process empty q, waiting
2017-12-24 18:53:32.973983 7f019c2fe700 20 osd.0 op_wq(1) _process empty q, waiting
2017-12-24 18:53:32.973985 7f019a2fa700 20 osd.0 op_wq(5) _process empty q, waiting
2017-12-24 18:53:32.973985 7f019aafb700 20 osd.0 op_wq(4) _process empty q, waiting
2017-12-24 18:53:32.973972 7f019caff700 20 osd.0 op_wq(0) _process empty q, waiting
2017-12-24 18:53:32.973990 7f019db01700 20 osd.0 op_wq(6) _process empty q, waiting
2017-12-24 18:53:32.973992 7f019b2fc700 20 osd.0 op_wq(3) _process empty q, waiting
2017-12-24 18:53:32.973995 7f019bafd700 20 osd.0 op_wq(2) _process empty q, waiting
2017-12-24 18:53:32.973999 7f01a0b07700 20 osd.0 op_wq(0) _process empty q, waiting
2017-12-24 18:53:32.974001 7f019e302700 20 osd.0 op_wq(5) _process empty q, waiting
2017-12-24 18:53:32.973999 7f0199af9700 20 osd.0 op_wq(6) _process empty q, waiting
2017-12-24 18:53:32.973982 7f01932ec700 30 osd.0 pg_epoch: 1080 pg[1.16( v 1080'245195 (1076'243612,1080'245195] local-lis/les=1052/1053 n=1656 ec=18/18 lis/c 1052/1052 les/c/f 1053/1053/0 1052/1052/1041) [3,0,2] r=1 lpr=1052 luod=0'0 crt=1080'245195 lcod 1080'245194 active] lock
2017-12-24 18:53:32.974003 7f019d300700 20 osd.0 op_wq(7) _process empty q, waiting
2017-12-24 18:53:32.974003 7f019fb05700 20 osd.0 op_wq(2) _process empty q, waiting
........................................................................... the same things .................................
2017-12-24 18:53:35.739705 7f01932ec700 30 osd.0 pg_epoch: 1080 pg[4.1a( v 1076'25623 (1076'24096,1076'25623] local-lis/les=1052/1053 n=33 ec=65/65 lis/c 1052/1052 les/c/f 1053/1053/0 1052/1052/1041) [3,0,2] r=1 lpr=1052 luod=0'0 crt=1076'25623 lcod 1076'25622 active] lock
2017-12-24 18:53:35.745425 7f01932ec700 20 osd.0 1080 kicking pg 1.48
2017-12-24 18:53:35.745436 7f01932ec700 30 osd.0 pg_epoch: 1080 pg[1.48( v 1076'403079 (1076'401485,1076'403079] local-lis/les=1054/1055 n=1553 ec=18/18 lis/c 1054/1054 les/c/f 1055/1055/0 1054/1054/1054) [1,0,2] r=1 lpr=1054 luod=0'0 crt=1076'403079 lcod 1076'403078 active] lock
