2017-12-24 18:53:52.361881 7f01b6317700 30 Event(0x55811816a740 nevent=5000 time_id=390552).process_events do 0x7fff93d88b40
2017-12-24 18:53:52.361882 7f01b5b16700 30 Event(0x55811816a980 nevent=5000 time_id=188674).process_events wait second 30 usec 0
2017-12-24 18:53:52.361889 7f01b6317700 30 stack operator() calling event process
2017-12-24 18:53:52.361891 7f01bbe38e00 30 stack drain end.
2017-12-24 18:53:52.361891 7f01b6317700 30 Event(0x55811816a740 nevent=5000 time_id=390552).process_events wait second 30 usec 0
2017-12-24 18:53:52.361893 7f01bbe38e00 10 -- 10.103.0.1:6802/6033 wait: done.
2017-12-24 18:53:52.361896 7f01bbe38e00 1 -- 10.103.0.1:6802/6033 wait complete.
2017-12-24 18:53:52.361904 7f01bbe38e00 10 -- 10.104.0.1:6801/6033 wait: waiting for dispatch queue
2017-12-24 18:53:52.362191 7f01bbe38e00 10 -- 10.104.0.1:6801/6033 wait: dispatch queue is stopped
2017-12-24 18:53:52.362199 7f01bbe38e00 1 -- 10.104.0.1:6801/6033 shutdown_connections
2017-12-24 18:53:52.362202 7f01bbe38e00 30 stack drain started.
2017-12-24 18:53:52.362205 7f01bbe38e00 20 Event(0x55811816a080 nevent=5000 time_id=135262).wakeup
2017-12-24 18:53:52.362210 7f01bbe38e00 30 Event(0x55811816a080 nevent=5000 time_id=135262).dispatch_event_external 0x7fff93d88b40 pending 1
2017-12-24 18:53:52.362212 7f01bbe38e00 20 Event(0x55811816a740 nevent=5000 time_id=390552).wakeup
2017-12-24 18:53:52.362214 7f01b6b18700 30 Event(0x55811816a080 nevent=5000 time_id=135262).process_events event_wq process is 5 mask is 1
2017-12-24 18:53:52.362215 7f01bbe38e00 30 Event(0x55811816a740 nevent=5000 time_id=390552).dispatch_event_external 0x7fff93d88b40 pending 1
2017-12-24 18:53:52.362217 7f01bbe38e00 20 Event(0x55811816a980 nevent=5000 time_id=188674).wakeup
2017-12-24 18:53:52.362217 7f01b6b18700 30 Event(0x55811816a080 nevent=5000 time_id=135262).process_events do 0x7fff93d88b40
2017-12-24 18:53:52.362219 7f01b6b18700 30 stack operator() calling event process
2017-12-24 18:53:52.362220 7f01bbe38e00 30 Event(0x55811816a980 nevent=5000 time_id=188674).dispatch_event_external 0x7fff93d88b40 pending 1
2017-12-24 18:53:52.362220 7f01b6b18700 30 Event(0x55811816a080 nevent=5000 time_id=135262).process_events wait second 30 usec 0
2017-12-24 18:53:52.362221 7f01b6317700 30 Event(0x55811816a740 nevent=5000 time_id=390552).process_events event_wq process is 8 mask is 1
2017-12-24 18:53:52.362225 7f01b6317700 30 Event(0x55811816a740 nevent=5000 time_id=390552).process_events do 0x7fff93d88b40
2017-12-24 18:53:52.362227 7f01b6317700 30 stack operator() calling event process
2017-12-24 18:53:52.362228 7f01b6317700 30 Event(0x55811816a740 nevent=5000 time_id=390552).process_events wait second 30 usec 0
2017-12-24 18:53:52.362229 7f01b5b16700 30 Event(0x55811816a980 nevent=5000 time_id=188674).process_events event_wq process is 11 mask is 1
2017-12-24 18:53:52.362234 7f01b5b16700 30 Event(0x55811816a980 nevent=5000 time_id=188674).process_events do 0x7fff93d88b40
2017-12-24 18:53:52.362241 7f01b5b16700 30 stack operator() calling event process
2017-12-24 18:53:52.362242 7f01bbe38e00 30 stack drain end.
2017-12-24 18:53:52.362244 7f01bbe38e00 10 -- 10.104.0.1:6801/6033 wait: done.
2017-12-24 18:53:52.362246 7f01b5b16700 30 Event(0x55811816a980 nevent=5000 time_id=188674).process_events wait second 30 usec 0
2017-12-24 18:53:52.362247 7f01bbe38e00 1 -- 10.104.0.1:6801/6033 wait complete.
2017-12-24 18:53:52.362259 7f01bbe38e00 10 -- 10.104.0.1:6800/6033 wait: waiting for dispatch queue
2017-12-24 18:53:52.365670 7f01bbe38e00 10 -- 10.104.0.1:6800/6033 wait: dispatch queue is stopped
2017-12-24 18:53:52.365680 7f01bbe38e00 1 -- 10.104.0.1:6800/6033 shutdown_connections
2017-12-24 18:53:52.365687 7f01bbe38e00 30 stack drain started.
2017-12-24 18:53:52.365690 7f01bbe38e00 20 Event(0x55811816a080 nevent=5000 time_id=135262).wakeup
2017-12-24 18:53:52.365696 7f01bbe38e00 30 Event(0x55811816a080 nevent=5000 time_id=135262).dispatch_event_external 0x7fff93d88b40 pending 1
2017-12-24 18:53:52.365698 7f01bbe38e00 20 Event(0x55811816a740 nevent=5000 time_id=390552).wakeup
2017-12-24 18:53:52.365701 7f01bbe38e00 30 Event(0x55811816a740 nevent=5000 time_id=390552).dispatch_event_external 0x7fff93d88b40 pending 1
2017-12-24 18:53:52.365703 7f01bbe38e00 20 Event(0x55811816a980 nevent=5000 time_id=188674).wakeup
2017-12-24 18:53:52.365702 7f01b6b18700 30 Event(0x55811816a080 nevent=5000 time_id=135262).process_events event_wq process is 5 mask is 1
2017-12-24 18:53:52.365706 7f01bbe38e00 30 Event(0x55811816a980 nevent=5000 time_id=188674).dispatch_event_external 0x7fff93d88b40 pending 1
2017-12-24 18:53:52.365707 7f01b6b18700 30 Event(0x55811816a080 nevent=5000 time_id=135262).process_events do 0x7fff93d88b40
2017-12-24 18:53:52.365710 7f01b6b18700 30 stack operator() calling event process
2017-12-24 18:53:52.365711 7f01b6b18700 30 Event(0x55811816a080 nevent=5000 time_id=135262).process_events wait second 30 usec 0
2017-12-24 18:53:52.365709 7f01b6317700 30 Event(0x55811816a740 nevent=5000 time_id=390552).process_events event_wq process is 8 mask is 1
2017-12-24 18:53:52.365714 7f01b6317700 30 Event(0x55811816a740 nevent=5000 time_id=390552).process_events do 0x7fff93d88b40
2017-12-24 18:53:52.365713 7f01b5b16700 30 Event(0x55811816a980 nevent=5000 time_id=188674).process_events event_wq process is 11 mask is 1
2017-12-24 18:53:52.365717 7f01b6317700 30 stack operator() calling event process
2017-12-24 18:53:52.365718 7f01b6317700 30 Event(0x55811816a740 nevent=5000 time_id=390552).process_events wait second 30 usec 0
2017-12-24 18:53:52.365718 7f01b5b16700 30 Event(0x55811816a980 nevent=5000 time_id=188674).process_events do 0x7fff93d88b40
2017-12-24 18:53:52.365725 7f01b5b16700 30 stack operator() calling event process
2017-12-24 18:53:52.365726 7f01b5b16700 30 Event(0x55811816a980 nevent=5000 time_id=188674).process_events wait second 30 usec 0
2017-12-24 18:53:52.365727 7f01bbe38e00 30 stack drain end.
2017-12-24 18:53:52.365729 7f01bbe38e00 10 -- 10.104.0.1:6800/6033 wait: done.
2017-12-24 18:53:52.365732 7f01bbe38e00 1 -- 10.104.0.1:6800/6033 wait complete.
2017-12-24 18:53:52.365740 7f01bbe38e00 10 -- - wait: waiting for dispatch queue
2017-12-24 18:53:52.365978 7f01bbe38e00 10 -- - wait: dispatch queue is stopped
2017-12-24 18:53:52.365981 7f01bbe38e00 1 -- - shutdown_connections
2017-12-24 18:53:52.365984 7f01bbe38e00 30 stack drain started.
2017-12-24 18:53:52.365986 7f01bbe38e00 20 Event(0x55811816a080 nevent=5000 time_id=135262).wakeup
2017-12-24 18:53:52.365995 7f01bbe38e00 30 Event(0x55811816a080 nevent=5000 time_id=135262).dispatch_event_external 0x7fff93d88b40 pending 1
2017-12-24 18:53:52.365997 7f01bbe38e00 20 Event(0x55811816a740 nevent=5000 time_id=390552).wakeup
2017-12-24 18:53:52.366002 7f01bbe38e00 30 Event(0x55811816a740 nevent=5000 time_id=390552).dispatch_event_external 0x7fff93d88b40 pending 1
2017-12-24 18:53:52.366005 7f01bbe38e00 20 Event(0x55811816a980 nevent=5000 time_id=188674).wakeup
2017-12-24 18:53:52.366010 7f01bbe38e00 30 Event(0x55811816a980 nevent=5000 time_id=188674).dispatch_event_external 0x7fff93d88b40 pending 1
2017-12-24 18:53:52.366009 7f01b6317700 30 Event(0x55811816a740 nevent=5000 time_id=390552).process_events event_wq process is 8 mask is 1
2017-12-24 18:53:52.366018 7f01b6317700 30 Event(0x55811816a740 nevent=5000 time_id=390552).process_events do 0x7fff93d88b40
2017-12-24 18:53:52.366022 7f01b6317700 30 stack operator() calling event process
2017-12-24 18:53:52.366021 7f01b5b16700 30 Event(0x55811816a980 nevent=5000 time_id=188674).process_events event_wq process is 11 mask is 1
2017-12-24 18:53:52.366024 7f01b6317700 30 Event(0x55811816a740 nevent=5000 time_id=390552).process_events wait second 30 usec 0
2017-12-24 18:53:52.366026 7f01b5b16700 30 Event(0x55811816a980 nevent=5000 time_id=188674).process_events do 0x7fff93d88b40
2017-12-24 18:53:52.366030 7f01b5b16700 30 stack operator() calling event process
2017-12-24 18:53:52.366031 7f01b5b16700 30 Event(0x55811816a980 nevent=5000 time_id=188674).process_events wait second 30 usec 0
2017-12-24 18:53:52.366199 7f01b6b18700 30 Event(0x55811816a080 nevent=5000 time_id=135262).process_events event_wq process is 5 mask is 1
2017-12-24 18:53:52.366204 7f01b6b18700 30 Event(0x55811816a080 nevent=5000 time_id=135262).process_events do 0x7fff93d88b40
2017-12-24 18:53:52.366208 7f01b6b18700 30 stack operator() calling event process
2017-12-24 18:53:52.366209 7f01b6b18700 30 Event(0x55811816a080 nevent=5000 time_id=135262).process_events wait second 30 usec 0
2017-12-24 18:53:52.366211 7f01bbe38e00 30 stack drain end.
2017-12-24 18:53:52.366214 7f01bbe38e00 10 -- - wait: done.
2017-12-24 18:53:52.366215 7f01bbe38e00 1 -- - wait complete.
2017-12-24 18:53:52.370895 7f01bbe38e00 1 -- 10.103.0.1:6801/6033 >> 10.103.0.1:6801/6033 conn(0x558118476000 :-1 s=STATE_NONE pgs=0 cs=0 l=0).mark_down
2017-12-24 18:53:52.370909 7f01bbe38e00 2 -- 10.103.0.1:6801/6033 >> 10.103.0.1:6801/6033 conn(0x558118476000 :-1 s=STATE_NONE pgs=0 cs=0 l=0)._stop
2017-12-24 18:53:52.370915 7f01bbe38e00 10 -- 10.103.0.1:6801/6033 >> 10.103.0.1:6801/6033 conn(0x558118476000 :-1 s=STATE_NONE pgs=0 cs=0 l=0).discard_out_queue started
2017-12-24 18:53:52.370921 7f01bbe38e00 20 Event(0x55811816a080 nevent=5000 time_id=135262).wakeup
2017-12-24 18:53:52.370928 7f01bbe38e00 30 Event(0x55811816a080 nevent=5000 time_id=135262).dispatch_event_external 0x558118166310 pending 1
2017-12-24 18:53:52.370934 7f01b6b18700 30 Event(0x55811816a080 nevent=5000 time_id=135262).process_events event_wq process is 5 mask is 1
2017-12-24 18:53:52.370939 7f01b6b18700 30 Event(0x55811816a080 nevent=5000 time_id=135262).process_events do 0x558118166310
2017-12-24 18:53:52.370945 7f01b6b18700 30 stack operator() calling event process
2017-12-24 18:53:52.370946 7f01b6b18700 30 Event(0x55811816a080 nevent=5000 time_id=135262).process_events wait second 30 usec 0
2017-12-24 18:53:52.370946 7f01bbe38e00 1 -- 10.103.0.1:0/6033 >> 10.103.0.1:0/6033 conn(0x55811847a800 :-1 s=STATE_NONE pgs=0 cs=0 l=0).mark_down
2017-12-24 18:53:52.370951 7f01bbe38e00 2 -- 10.103.0.1:0/6033 >> 10.103.0.1:0/6033 conn(0x55811847a800 :-1 s=STATE_NONE pgs=0 cs=0 l=0)._stop
2017-12-24 18:53:52.370954 7f01bbe38e00 10 -- 10.103.0.1:0/6033 >> 10.103.0.1:0/6033 conn(0x55811847a800 :-1 s=STATE_NONE pgs=0 cs=0 l=0).discard_out_queue started
2017-12-24 18:53:52.370958 7f01bbe38e00 20 Event(0x55811816a080 nevent=5000 time_id=135262).wakeup
2017-12-24 18:53:52.370962 7f01bbe38e00 30 Event(0x55811816a080 nevent=5000 time_id=135262).dispatch_event_external 0x558118166440 pending 1
2017-12-24 18:53:52.370965 7f01b6b18700 30 Event(0x55811816a080 nevent=5000 time_id=135262).process_events event_wq process is 5 mask is 1
2017-12-24 18:53:52.370968 7f01b6b18700 30 Event(0x55811816a080 nevent=5000 time_id=135262).process_events do 0x558118166440
2017-12-24 18:53:52.370974 7f01b6b18700 30 stack operator() calling event process
2017-12-24 18:53:52.370975 7f01b6b18700 30 Event(0x55811816a080 nevent=5000 time_id=135262).process_events wait second 30 usec 0
2017-12-24 18:53:52.370979 7f01bbe38e00 1 -- 10.104.0.1:0/6033 >> 10.104.0.1:0/6033 conn(0x558118479000 :-1 s=STATE_NONE pgs=0 cs=0 l=0).mark_down
2017-12-24 18:53:52.370984 7f01bbe38e00 2 -- 10.104.0.1:0/6033 >> 10.104.0.1:0/6033 conn(0x558118479000 :-1 s=STATE_NONE pgs=0 cs=0 l=0)._stop
2017-12-24 18:53:52.370987 7f01bbe38e00 10 -- 10.104.0.1:0/6033 >> 10.104.0.1:0/6033 conn(0x558118479000 :-1 s=STATE_NONE pgs=0 cs=0 l=0).discard_out_queue started
2017-12-24 18:53:52.370991 7f01bbe38e00 20 Event(0x55811816a980 nevent=5000 time_id=188674).wakeup
2017-12-24 18:53:52.370995 7f01bbe38e00 30 Event(0x55811816a980 nevent=5000 time_id=188674).dispatch_event_external 0x5581181663e0 pending 1
2017-12-24 18:53:52.371004 7f01b5b16700 30 Event(0x55811816a980 nevent=5000 time_id=188674).process_events event_wq process is 11 mask is 1
2017-12-24 18:53:52.371008 7f01bbe38e00 1 -- 10.103.0.1:6802/6033 >> 10.103.0.1:6802/6033 conn(0x55811851b800 :-1 s=STATE_NONE pgs=0 cs=0 l=0).mark_down
2017-12-24 18:53:52.371010 7f01b5b16700 30 Event(0x55811816a980 nevent=5000 time_id=188674).process_events do 0x5581181663e0
2017-12-24 18:53:52.371012 7f01bbe38e00 2 -- 10.103.0.1:6802/6033 >> 10.103.0.1:6802/6033 conn(0x55811851b800 :-1 s=STATE_NONE pgs=0 cs=0 l=0)._stop
2017-12-24 18:53:52.371017 7f01b5b16700 30 stack operator() calling event process
2017-12-24 18:53:52.371016 7f01bbe38e00 10 -- 10.103.0.1:6802/6033 >> 10.103.0.1:6802/6033 conn(0x55811851b800 :-1 s=STATE_NONE pgs=0 cs=0 l=0).discard_out_queue started
2017-12-24 18:53:52.371018 7f01b5b16700 30 Event(0x55811816a980 nevent=5000 time_id=188674).process_events wait second 30 usec 0
2017-12-24 18:53:52.371020 7f01bbe38e00 20 Event(0x55811816a980 nevent=5000 time_id=188674).wakeup
2017-12-24 18:53:52.371024 7f01bbe38e00 30 Event(0x55811816a980 nevent=5000 time_id=188674).dispatch_event_external 0x558118166500 pending 1
2017-12-24 18:53:52.371029 7f01b5b16700 30 Event(0x55811816a980 nevent=5000 time_id=188674).process_events event_wq process is 11 mask is 1
2017-12-24 18:53:52.371032 7f01b5b16700 30 Event(0x55811816a980 nevent=5000 time_id=188674).process_events do 0x558118166500
2017-12-24 18:53:52.371036 7f01b5b16700 30 stack operator() calling event process
2017-12-24 18:53:52.371038 7f01b5b16700 30 Event(0x55811816a980 nevent=5000 time_id=188674).process_events wait second 30 usec 0
2017-12-24 18:53:52.371036 7f01bbe38e00 1 -- 10.104.0.1:6801/6033 >> 10.104.0.1:6801/6033 conn(0x55811851a000 :-1 s=STATE_NONE pgs=0 cs=0 l=0).mark_down
2017-12-24 18:53:52.371040 7f01bbe38e00 2 -- 10.104.0.1:6801/6033 >> 10.104.0.1:6801/6033 conn(0x55811851a000 :-1 s=STATE_NONE pgs=0 cs=0 l=0)._stop
2017-12-24 18:53:52.371043 7f01bbe38e00 10 -- 10.104.0.1:6801/6033 >> 10.104.0.1:6801/6033 conn(0x55811851a000 :-1 s=STATE_NONE pgs=0 cs=0 l=0).discard_out_queue started
2017-12-24 18:53:52.371047 7f01bbe38e00 20 Event(0x55811816a740 nevent=5000 time_id=390552).wakeup
2017-12-24 18:53:52.371052 7f01bbe38e00 30 Event(0x55811816a740 nevent=5000 time_id=390552).dispatch_event_external 0x5581181664a0 pending 1
2017-12-24 18:53:52.371059 7f01b6317700 30 Event(0x55811816a740 nevent=5000 time_id=390552).process_events event_wq process is 8 mask is 1
2017-12-24 18:53:52.371062 7f01b6317700 30 Event(0x55811816a740 nevent=5000 time_id=390552).process_events do 0x5581181664a0
2017-12-24 18:53:52.371062 7f01bbe38e00 1 -- 10.104.0.1:6800/6033 >> 10.104.0.1:6800/6033 conn(0x558118477800 :-1 s=STATE_NONE pgs=0 cs=0 l=0).mark_down
2017-12-24 18:53:52.371067 7f01b6317700 30 stack operator() calling event process
2017-12-24 18:53:52.371066 7f01bbe38e00 2 -- 10.104.0.1:6800/6033 >> 10.104.0.1:6800/6033 conn(0x558118477800 :-1 s=STATE_NONE pgs=0 cs=0 l=0)._stop
2017-12-24 18:53:52.371068 7f01b6317700 30 Event(0x55811816a740 nevent=5000 time_id=390552).process_events wait second 30 usec 0
2017-12-24 18:53:52.371070 7f01bbe38e00 10 -- 10.104.0.1:6800/6033 >> 10.104.0.1:6800/6033 conn(0x558118477800 :-1 s=STATE_NONE pgs=0 cs=0 l=0).discard_out_queue started
2017-12-24 18:53:52.371077 7f01bbe38e00 20 Event(0x55811816a740 nevent=5000 time_id=390552).wakeup
2017-12-24 18:53:52.371081 7f01bbe38e00 30 Event(0x55811816a740 nevent=5000 time_id=390552).dispatch_event_external 0x558118166380 pending 1
2017-12-24 18:53:52.371084 7f01b6317700 30 Event(0x55811816a740 nevent=5000 time_id=390552).process_events event_wq process is 8 mask is 1
2017-12-24 18:53:52.371086 7f01b6317700 30 Event(0x55811816a740 nevent=5000 time_id=390552).process_events do 0x558118166380
2017-12-24 18:53:52.371090 7f01b6317700 30 stack operator() calling event process
2017-12-24 18:53:52.371091 7f01b6317700 30 Event(0x55811816a740 nevent=5000 time_id=390552).process_events wait second 30 usec 0
2017-12-24 18:53:52.371092 7f01bbe38e00 1 -- - >> - conn(0x55811851d000 :-1 s=STATE_NONE pgs=0 cs=0 l=0).mark_down
2017-12-24 18:53:52.371095 7f01bbe38e00 2 -- - >> - conn(0x55811851d000 :-1 s=STATE_NONE pgs=0 cs=0 l=0)._stop
2017-12-24 18:53:52.371097 7f01bbe38e00 10 -- - >> - conn(0x55811851d000 :-1 s=STATE_NONE pgs=0 cs=0 l=0).discard_out_queue started
2017-12-24 18:53:52.371100 7f01bbe38e00 20 Event(0x55811816a080 nevent=5000 time_id=135262).wakeup
2017-12-24 18:53:52.371103 7f01bbe38e00 30 Event(0x55811816a080 nevent=5000 time_id=135262).dispatch_event_external 0x558118166560 pending 1
2017-12-24 18:53:52.371107 7f01b6b18700 30 Event(0x55811816a080 nevent=5000 time_id=135262).process_events event_wq process is 5 mask is 1
2017-12-24 18:53:52.371110 7f01b6b18700 30 Event(0x55811816a080 nevent=5000 time_id=135262).process_events do 0x558118166560
2017-12-24 18:53:52.371115 7f01b6b18700 30 stack operator() calling event process
2017-12-24 18:53:52.371116 7f01b6b18700 30 Event(0x55811816a080 nevent=5000 time_id=135262).process_events wait second 30 usec 0
2017-12-24 18:53:52.371338 7f01bbe38e00 20 Event(0x55811816a080 nevent=5000 time_id=135262).wakeup
2017-12-24 18:53:52.371350 7f01b6b18700 30 Event(0x55811816a080 nevent=5000 time_id=135262).process_events event_wq process is 5 mask is 1
2017-12-24 18:53:52.376976 7f01bbe38e00 20 Event(0x55811816a740 nevent=5000 time_id=390552).wakeup
2017-12-24 18:53:52.376997 7f01b6317700 30 Event(0x55811816a740 nevent=5000 time_id=390552).process_events event_wq process is 8 mask is 1
2017-12-24 18:53:52.388523 7f01bbe38e00 20 Event(0x55811816a980 nevent=5000 time_id=188674).wakeup
2017-12-24 18:53:52.388555 7f01b5b16700 30 Event(0x55811816a980 nevent=5000 time_id=188674).process_events event_wq process is 11 mask is 1
2017-12-24 18:53:52.784293 7fa6baf27e00 0 set uid:gid to 64045:64045 (ceph:ceph)
2017-12-24 18:53:52.784309 7fa6baf27e00 0 ceph version 12.2.2 (cf0baeeeeba3b47f9427c6c97e2144b094b7e5ba) luminous (stable), process (unknown), pid 140237
2017-12-24 18:53:52.791368 7fa6baf27e00 0 pidfile_write: ignore empty --pid-file
2017-12-24 18:53:52.798562 7fa6baf27e00 0 load: jerasure load: lrc load: isa
2017-12-24 18:53:52.798623 7fa6baf27e00 1 bdev create path /var/lib/ceph/osd/ceph-0/block type kernel
2017-12-24 18:53:52.798633 7fa6baf27e00 1 bdev(0x55e8041a2b40 /var/lib/ceph/osd/ceph-0/block) open path /var/lib/ceph/osd/ceph-0/block
2017-12-24 18:53:52.798876 7fa6baf27e00 1 bdev(0x55e8041a2b40 /var/lib/ceph/osd/ceph-0/block) open size 1806155714560 (0x1a487451000, 1682 GB) block_size 4096 (4096 B) non-rotational
2017-12-24 18:53:52.799091 7fa6baf27e00 1 bluestore(/var/lib/ceph/osd/ceph-0) _set_cache_sizes max 0.166667 < ratio 0.99
2017-12-24 18:53:52.799112 7fa6baf27e00 1 bluestore(/var/lib/ceph/osd/ceph-0) _set_cache_sizes cache_size 3221225472 meta 0.833333 kv 0.166667 data 1.49012e-08
2017-12-24 18:53:52.799117 7fa6baf27e00 1 bdev(0x55e8041a2b40 /var/lib/ceph/osd/ceph-0/block) close
2017-12-24 18:53:53.094013 7fa6baf27e00 1 bluestore(/var/lib/ceph/osd/ceph-0) _mount path /var/lib/ceph/osd/ceph-0
2017-12-24 18:53:53.094387 7fa6baf27e00 1 bluestore(/var/lib/ceph/osd/ceph-0) _fsck repair (deep) start
2017-12-24 18:53:53.094411 7fa6baf27e00 1 bdev create path /var/lib/ceph/osd/ceph-0/block type kernel
2017-12-24 18:53:53.094417 7fa6baf27e00 1 bdev(0x55e8041a2d80 /var/lib/ceph/osd/ceph-0/block) open path /var/lib/ceph/osd/ceph-0/block
2017-12-24 18:53:53.094600 7fa6baf27e00 1 bdev(0x55e8041a2d80 /var/lib/ceph/osd/ceph-0/block) open size 1806155714560 (0x1a487451000, 1682 GB) block_size 4096 (4096 B) non-rotational
2017-12-24 18:53:53.094804 7fa6baf27e00 1 bluestore(/var/lib/ceph/osd/ceph-0) _set_cache_sizes max 0.166667 < ratio 0.99
2017-12-24 18:53:53.094877 7fa6baf27e00 1 bluestore(/var/lib/ceph/osd/ceph-0) _set_cache_sizes cache_size 3221225472 meta 0.833333 kv 0.166667 data 1.49012e-08
2017-12-24 18:53:53.095305 7fa6baf27e00 1 bdev create path /var/lib/ceph/osd/ceph-0/block type kernel
2017-12-24 18:53:53.095313 7fa6baf27e00 1 bdev(0x55e8041a2fc0 /var/lib/ceph/osd/ceph-0/block) open path /var/lib/ceph/osd/ceph-0/block
2017-12-24 18:53:53.095449 7fa6baf27e00 1 bdev(0x55e8041a2fc0 /var/lib/ceph/osd/ceph-0/block) open size 1806155714560 (0x1a487451000, 1682 GB) block_size 4096 (4096 B) non-rotational
2017-12-24 18:53:53.095456 7fa6baf27e00 1 bluefs add_block_device bdev 1 path /var/lib/ceph/osd/ceph-0/block size 1682 GB
2017-12-24 18:53:53.095504 7fa6baf27e00 1 bluefs mount
2017-12-24 18:53:53.155328 7fa6baf27e00 0 set rocksdb option compaction_readahead_size = 2097152
2017-12-24 18:53:53.155343 7fa6baf27e00 0 set rocksdb option compression = kNoCompression
2017-12-24 18:53:53.155348 7fa6baf27e00 0 set rocksdb option max_write_buffer_number = 4
2017-12-24 18:53:53.155352 7fa6baf27e00 0 set rocksdb option min_write_buffer_number_to_merge = 1
2017-12-24 18:53:53.155354 7fa6baf27e00 0 set rocksdb option recycle_log_file_num = 4
2017-12-24 18:53:53.155357 7fa6baf27e00 0 set rocksdb option writable_file_max_buffer_size = 0
2017-12-24 18:53:53.155361 7fa6baf27e00 0 set rocksdb option write_buffer_size = 268435456
2017-12-24 18:53:53.155376 7fa6baf27e00 0 set rocksdb option compaction_readahead_size = 2097152
2017-12-24 18:53:53.155380 7fa6baf27e00 0 set rocksdb option compression = kNoCompression
2017-12-24 18:53:53.155383 7fa6baf27e00 0 set rocksdb option max_write_buffer_number = 4
2017-12-24 18:53:53.155386 7fa6baf27e00 0 set rocksdb option min_write_buffer_number_to_merge = 1
2017-12-24 18:53:53.155388 7fa6baf27e00 0 set rocksdb option recycle_log_file_num = 4
2017-12-24 18:53:53.155391 7fa6baf27e00 0 set rocksdb option writable_file_max_buffer_size = 0
2017-12-24 18:53:53.155393 7fa6baf27e00 0 set rocksdb option write_buffer_size = 268435456
2017-12-24 18:53:53.155494 7fa6baf27e00 4 rocksdb: RocksDB version: 5.4.0

2017-12-24 18:53:53.155503 7fa6baf27e00 4 rocksdb: Git sha rocksdb_build_git_sha:@0@
2017-12-24 18:53:53.155509 7fa6baf27e00 4 rocksdb: Compile date Nov 30 2017
2017-12-24 18:53:53.155511 7fa6baf27e00 4 rocksdb: DB SUMMARY

2017-12-24 18:53:53.155534 7fa6baf27e00 4 rocksdb: CURRENT file: CURRENT

2017-12-24 18:53:53.155537 7fa6baf27e00 4 rocksdb: IDENTITY file: IDENTITY

2017-12-24 18:53:53.155539 7fa6baf27e00 4 rocksdb: MANIFEST file: MANIFEST-000431 size: 931685 Bytes

2017-12-24 18:53:53.155541 7fa6baf27e00 4 rocksdb: SST files in db dir, Total Num: 33, files: 005983.sst 005984.sst 005985.sst 006019.sst 006020.sst 006021.sst 009951.sst 009952.sst 009953.sst

2017-12-24 18:53:53.155543 7fa6baf27e00 4 rocksdb: Write Ahead Log file in db: 009948.log size: 243855567 ; 009977.log size: 126296612 ;

2017-12-24 18:53:53.155544 7fa6baf27e00 4 rocksdb: Options.error_if_exists: 0
2017-12-24 18:53:53.155545 7fa6baf27e00 4 rocksdb: Options.create_if_missing: 0
2017-12-24 18:53:53.155546 7fa6baf27e00 4 rocksdb: Options.paranoid_checks: 1
2017-12-24 18:53:53.155546 7fa6baf27e00 4 rocksdb: Options.env: 0x55e804684160
2017-12-24 18:53:53.155547 7fa6baf27e00 4 rocksdb: Options.info_log: 0x55e8046849c0
2017-12-24 18:53:53.155548 7fa6baf27e00 4 rocksdb: Options.max_open_files: -1
2017-12-24 18:53:53.155550 7fa6baf27e00 4 rocksdb: Options.max_file_opening_threads: 16
2017-12-24 18:53:53.155550 7fa6baf27e00 4 rocksdb: Options.use_fsync: 0
2017-12-24 18:53:53.155551 7fa6baf27e00 4 rocksdb: Options.max_log_file_size: 0
2017-12-24 18:53:53.155551 7fa6baf27e00 4 rocksdb: Options.max_manifest_file_size: 18446744073709551615
2017-12-24 18:53:53.155553 7fa6baf27e00 4 rocksdb: Options.log_file_time_to_roll: 0
2017-12-24 18:53:53.155554 7fa6baf27e00 4 rocksdb: Options.keep_log_file_num: 1000
2017-12-24 18:53:53.155555 7fa6baf27e00 4 rocksdb: Options.recycle_log_file_num: 4
2017-12-24 18:53:53.155556 7fa6baf27e00 4 rocksdb: Options.allow_fallocate: 1
2017-12-24 18:53:53.155556 7fa6baf27e00 4 rocksdb: Options.allow_mmap_reads: 0
2017-12-24 18:53:53.155557 7fa6baf27e00 4 rocksdb: Options.allow_mmap_writes: 0
2017-12-24 18:53:53.155557 7fa6baf27e00 4 rocksdb: Options.use_direct_reads: 0
2017-12-24 18:53:53.155558 7fa6baf27e00 4 rocksdb: Options.use_direct_io_for_flush_and_compaction: 0
2017-12-24 18:53:53.155559 7fa6baf27e00 4 rocksdb: Options.create_missing_column_families: 0
2017-12-24 18:53:53.155559 7fa6baf27e00 4 rocksdb: Options.db_log_dir:
2017-12-24 18:53:53.155560 7fa6baf27e00 4 rocksdb: Options.wal_dir: db
2017-12-24 18:53:53.155561 7fa6baf27e00 4 rocksdb: Options.table_cache_numshardbits: 6
2017-12-24 18:53:53.155561 7fa6baf27e00 4 rocksdb: Options.max_subcompactions: 1
2017-12-24 18:53:53.155562 7fa6baf27e00 4 rocksdb: Options.max_background_flushes: 1
2017-12-24 18:53:53.155563 7fa6baf27e00 4 rocksdb: Options.WAL_ttl_seconds: 0
2017-12-24 18:53:53.155563 7fa6baf27e00 4 rocksdb: Options.WAL_size_limit_MB: 0
2017-12-24 18:53:53.155564 7fa6baf27e00 4 rocksdb: Options.manifest_preallocation_size: 4194304
2017-12-24 18:53:53.155564 7fa6baf27e00 4 rocksdb: Options.is_fd_close_on_exec: 1
2017-12-24 18:53:53.155565 7fa6baf27e00 4 rocksdb: Options.advise_random_on_open: 1
2017-12-24 18:53:53.155565 7fa6baf27e00 4 rocksdb: Options.db_write_buffer_size: 0
2017-12-24 18:53:53.155566 7fa6baf27e00 4 rocksdb: Options.access_hint_on_compaction_start: 1
2017-12-24 18:53:53.155567 7fa6baf27e00 4 rocksdb: Options.new_table_reader_for_compaction_inputs: 1
2017-12-24 18:53:53.155567 7fa6baf27e00 4 rocksdb: Options.compaction_readahead_size: 2097152
2017-12-24 18:53:53.155568 7fa6baf27e00 4 rocksdb: Options.random_access_max_buffer_size: 1048576
2017-12-24 18:53:53.155568 7fa6baf27e00 4 rocksdb: Options.writable_file_max_buffer_size: 0
2017-12-24 18:53:53.155569 7fa6baf27e00 4 rocksdb: Options.use_adaptive_mutex: 0
2017-12-24 18:53:53.155570 7fa6baf27e00 4 rocksdb: Options.rate_limiter: (nil)
2017-12-24 18:53:53.155571 7fa6baf27e00 4 rocksdb: Options.sst_file_manager.rate_bytes_per_sec: 0
2017-12-24 18:53:53.155571 7fa6baf27e00 4 rocksdb: Options.bytes_per_sync: 0
2017-12-24 18:53:53.155572 7fa6baf27e00 4 rocksdb: Options.wal_bytes_per_sync: 0
2017-12-24 18:53:53.155572 7fa6baf27e00 4 rocksdb: Options.wal_recovery_mode: 0
2017-12-24 18:53:53.155573 7fa6baf27e00 4 rocksdb: Options.enable_thread_tracking: 0
2017-12-24 18:53:53.155574 7fa6baf27e00 4 rocksdb: Options.allow_concurrent_memtable_write: 1
2017-12-24 18:53:53.155574 7fa6baf27e00 4 rocksdb: Options.enable_write_thread_adaptive_yield: 1
2017-12-24 18:53:53.155575 7fa6baf27e00 4 rocksdb: Options.write_thread_max_yield_usec: 100
2017-12-24 18:53:53.155576 7fa6baf27e00 4 rocksdb: Options.write_thread_slow_yield_usec: 3
2017-12-24 18:53:53.155577 7fa6baf27e00 4 rocksdb: Options.row_cache: None
2017-12-24 18:53:53.155577 7fa6baf27e00 4 rocksdb: Options.wal_filter: None
2017-12-24 18:53:53.155578 7fa6baf27e00 4 rocksdb: Options.avoid_flush_during_recovery: 0
2017-12-24 18:53:53.155579 7fa6baf27e00 4 rocksdb: Options.base_background_compactions: 1
2017-12-24 18:53:53.155579 7fa6baf27e00 4 rocksdb: Options.max_background_compactions: 1
2017-12-24 18:53:53.155580 7fa6baf27e00 4 rocksdb: Options.avoid_flush_during_shutdown: 0
2017-12-24 18:53:53.155581 7fa6baf27e00 4 rocksdb: Options.delayed_write_rate : 16777216
2017-12-24 18:53:53.155582 7fa6baf27e00 4 rocksdb: Options.max_total_wal_size: 0
2017-12-24 18:53:53.155582 7fa6baf27e00 4 rocksdb: Options.delete_obsolete_files_period_micros: 21600000000
2017-12-24 18:53:53.155583 7fa6baf27e00 4 rocksdb: Options.stats_dump_period_sec: 600
2017-12-24 18:53:53.155584 7fa6baf27e00 4 rocksdb: Compression algorithms supported:
2017-12-24 18:53:53.155584 7fa6baf27e00 4 rocksdb: Snappy supported: 0
2017-12-24 18:53:53.155585 7fa6baf27e00 4 rocksdb: Zlib supported: 0
2017-12-24 18:53:53.155586 7fa6baf27e00 4 rocksdb: Bzip supported: 0
2017-12-24 18:53:53.155586 7fa6baf27e00 4 rocksdb: LZ4 supported: 0
2017-12-24 18:53:53.155592 7fa6baf27e00 4 rocksdb: ZSTD supported: 0
2017-12-24 18:53:53.155593 7fa6baf27e00 4 rocksdb: Fast CRC32 supported: 0
2017-12-24 18:53:53.155755 7fa6baf27e00 4 rocksdb: [/build/ceph-12.2.2/src/rocksdb/db/version_set.cc:2609] Recovering from manifest file: MANIFEST-000431

2017-12-24 18:53:53.155784 7fa6baf27e00 4 rocksdb: [/build/ceph-12.2.2/src/rocksdb/db/column_family.cc:407] --------------- Options for column family [default]:

2017-12-24 18:53:53.155789 7fa6baf27e00 4 rocksdb: Options.comparator: leveldb.BytewiseComparator
2017-12-24 18:53:53.155794 7fa6baf27e00 4 rocksdb: Options.merge_operator: .T:int64_array.b:bitwise_xor
2017-12-24 18:53:53.155795 7fa6baf27e00 4 rocksdb: Options.compaction_filter: None
2017-12-24 18:53:53.155796 7fa6baf27e00 4 rocksdb: Options.compaction_filter_factory: None
2017-12-24 18:53:53.155797 7fa6baf27e00 4 rocksdb: Options.memtable_factory: SkipListFactory
2017-12-24 18:53:53.155797 7fa6baf27e00 4 rocksdb: Options.table_factory: BlockBasedTable
2017-12-24 18:53:53.155826 7fa6baf27e00 4 rocksdb: table_factory options: flush_block_policy_factory: FlushBlockBySizePolicyFactory (0x55e80419a1f0)
cache_index_and_filter_blocks: 1
cache_index_and_filter_blocks_with_high_priority: 1
pin_l0_filter_and_index_blocks_in_cache: 1
index_type: 0
hash_index_allow_collision: 1
checksum: 1
no_block_cache: 0
block_cache: 0x55e804489570
block_cache_name: LRUCache
block_cache_options:
capacity : 536870912
num_shard_bits : 4
strict_capacity_limit : 0
high_pri_pool_ratio: 0.000
block_cache_compressed: (nil)
persistent_cache: (nil)
block_size: 4096
block_size_deviation: 10
block_restart_interval: 16
index_block_restart_interval: 1
filter_policy: rocksdb.BuiltinBloomFilter
whole_key_filtering: 1
format_version: 2

2017-12-24 18:53:53.155832 7fa6baf27e00 4 rocksdb: Options.write_buffer_size: 268435456
2017-12-24 18:53:53.155834 7fa6baf27e00 4 rocksdb: Options.max_write_buffer_number: 4
2017-12-24 18:53:53.155836 7fa6baf27e00 4 rocksdb: Options.compression: NoCompression
2017-12-24 18:53:53.155838 7fa6baf27e00 4 rocksdb: Options.bottommost_compression: Disabled
2017-12-24 18:53:53.155839 7fa6baf27e00 4 rocksdb: Options.prefix_extractor: nullptr
2017-12-24 18:53:53.155841 7fa6baf27e00 4 rocksdb: Options.memtable_insert_with_hint_prefix_extractor: nullptr
2017-12-24 18:53:53.155842 7fa6baf27e00 4 rocksdb: Options.num_levels: 7
2017-12-24 18:53:53.155844 7fa6baf27e00 4 rocksdb: Options.min_write_buffer_number_to_merge: 1
2017-12-24 18:53:53.155845 7fa6baf27e00 4 rocksdb: Options.max_write_buffer_number_to_maintain: 0
2017-12-24 18:53:53.155847 7fa6baf27e00 4 rocksdb: Options.compression_opts.window_bits: -14
2017-12-24 18:53:53.155849 7fa6baf27e00 4 rocksdb: Options.compression_opts.level: -1
2017-12-24 18:53:53.155851 7fa6baf27e00 4 rocksdb: Options.compression_opts.strategy: 0
2017-12-24 18:53:53.155853 7fa6baf27e00 4 rocksdb: Options.compression_opts.max_dict_bytes: 0
2017-12-24 18:53:53.155854 7fa6baf27e00 4 rocksdb: Options.level0_file_num_compaction_trigger: 4
2017-12-24 18:53:53.155855 7fa6baf27e00 4 rocksdb: Options.level0_slowdown_writes_trigger: 20
2017-12-24 18:53:53.155857 7fa6baf27e00 4 rocksdb: Options.level0_stop_writes_trigger: 36
2017-12-24 18:53:53.155858 7fa6baf27e00 4 rocksdb: Options.target_file_size_base: 67108864
2017-12-24 18:53:53.155860 7fa6baf27e00 4 rocksdb: Options.target_file_size_multiplier: 1
2017-12-24 18:53:53.155861 7fa6baf27e00 4 rocksdb: Options.max_bytes_for_level_base: 268435456
2017-12-24 18:53:53.155862 7fa6baf27e00 4 rocksdb: Options.level_compaction_dynamic_level_bytes: 0
2017-12-24 18:53:53.155864 7fa6baf27e00 4 rocksdb: Options.max_bytes_for_level_multiplier: 10.000000
2017-12-24 18:53:53.155868 7fa6baf27e00 4 rocksdb: Options.max_bytes_for_level_multiplier_addtl[0]: 1
2017-12-24 18:53:53.155870 7fa6baf27e00 4 rocksdb: Options.max_bytes_for_level_multiplier_addtl[1]: 1
2017-12-24 18:53:53.155872 7fa6baf27e00 4 rocksdb: Options.max_bytes_for_level_multiplier_addtl[2]: 1
2017-12-24 18:53:53.155873 7fa6baf27e00 4 rocksdb: Options.max_bytes_for_level_multiplier_addtl[3]: 1
2017-12-24 18:53:53.155874 7fa6baf27e00 4 rocksdb: Options.max_bytes_for_level_multiplier_addtl[4]: 1
2017-12-24 18:53:53.155876 7fa6baf27e00 4 rocksdb: Options.max_bytes_for_level_multiplier_addtl[5]: 1
2017-12-24 18:53:53.155877 7fa6baf27e00 4 rocksdb: Options.max_bytes_for_level_multiplier_addtl[6]: 1
2017-12-24 18:53:53.155879 7fa6baf27e00 4 rocksdb: Options.max_sequential_skip_in_iterations: 8
2017-12-24 18:53:53.155881 7fa6baf27e00 4 rocksdb: Options.max_compaction_bytes: 1677721600
2017-12-24 18:53:53.155883 7fa6baf27e00 4 rocksdb: Options.arena_block_size: 33554432
2017-12-24 18:53:53.155884 7fa6baf27e00 4 rocksdb: Options.soft_pending_compaction_bytes_limit: 68719476736
2017-12-24 18:53:53.155885 7fa6baf27e00 4 rocksdb: Options.hard_pending_compaction_bytes_limit: 274877906944
2017-12-24 18:53:53.155886 7fa6baf27e00 4 rocksdb: Options.rate_limit_delay_max_milliseconds: 100
2017-12-24 18:53:53.155888 7fa6baf27e00 4 rocksdb: Options.disable_auto_compactions: 0
2017-12-24 18:53:53.155890 7fa6baf27e00 4 rocksdb: Options.compaction_style: kCompactionStyleLevel
2017-12-24 18:53:53.155893 7fa6baf27e00 4 rocksdb: Options.compaction_pri: kByCompensatedSize
2017-12-24 18:53:53.155894 7fa6baf27e00 4 rocksdb: Options.compaction_options_universal.size_ratio: 1
2017-12-24 18:53:53.155905 7fa6baf27e00 4 rocksdb: Options.compaction_options_universal.min_merge_width: 2
2017-12-24 18:53:53.155906 7fa6baf27e00 4 rocksdb: Options.compaction_options_universal.max_merge_width: 4294967295
2017-12-24 18:53:53.155907 7fa6baf27e00 4 rocksdb: Options.compaction_options_universal.max_size_amplification_percent: 200
2017-12-24 18:53:53.155908 7fa6baf27e00 4 rocksdb: Options.compaction_options_universal.compression_size_percent: -1
2017-12-24 18:53:53.155909 7fa6baf27e00 4 rocksdb: Options.compaction_options_fifo.max_table_files_size: 1073741824
2017-12-24 18:53:53.155910 7fa6baf27e00 4 rocksdb: Options.table_properties_collectors:
2017-12-24 18:53:53.155911 7fa6baf27e00 4 rocksdb: Options.inplace_update_support: 0
2017-12-24 18:53:53.155912 7fa6baf27e00 4 rocksdb: Options.inplace_update_num_locks: 10000
2017-12-24 18:53:53.155913 7fa6baf27e00 4 rocksdb: Options.memtable_prefix_bloom_size_ratio: 0.000000
2017-12-24 18:53:53.155915 7fa6baf27e00 4 rocksdb: Options.memtable_huge_page_size: 0
2017-12-24 18:53:53.155916 7fa6baf27e00 4 rocksdb: Options.bloom_locality: 0
2017-12-24 18:53:53.155917 7fa6baf27e00 4 rocksdb: Options.max_successive_merges: 0
2017-12-24 18:53:53.155918 7fa6baf27e00 4 rocksdb: Options.optimize_filters_for_hits: 0
2017-12-24 18:53:53.155918 7fa6baf27e00 4 rocksdb: Options.paranoid_file_checks: 0
2017-12-24 18:53:53.155919 7fa6baf27e00 4 rocksdb: Options.force_consistency_checks: 0
2017-12-24 18:53:53.155920 7fa6baf27e00 4 rocksdb: Options.report_bg_io_stats: 0
2017-12-24 18:53:53.170550 7fa6baf27e00 4 rocksdb: [/build/ceph-12.2.2/src/rocksdb/db/version_set.cc:2859] Recovered from manifest file:db/MANIFEST-000431 succeeded,manifest_file_number is 431, next_file_number is 9980, last_sequence is 1115432710, log_number is 0,prev_log_number is 0,max_column_family is 0

2017-12-24 18:53:53.170568 7fa6baf27e00 4 rocksdb: [/build/ceph-12.2.2/src/rocksdb/db/version_set.cc:2867] Column family [default] (ID 0), log number is 9977

2017-12-24 18:53:53.170790 7fa6baf27e00 4 rocksdb: EVENT_LOG_v1 {"time_micros": 1514123633170783, "job": 1, "event": "recovery_started", "log_files": [9948, 9977]}
2017-12-24 18:53:53.170796 7fa6baf27e00 4 rocksdb: [/build/ceph-12.2.2/src/rocksdb/db/db_impl_open.cc:482] Recovering log #9948 mode 0
2017-12-24 18:53:54.286692 7fa6baf27e00 4 rocksdb: [/build/ceph-12.2.2/src/rocksdb/db/db_impl_open.cc:482] Recovering log #9977 mode 0
2017-12-24 18:53:56.536626 7fa6baf27e00 4 rocksdb: EVENT_LOG_v1 {"time_micros": 1514123636536603, "cf_name": "default", "job": 1, "event": "table_file_creation", "file_number": 9980, "file_size": 5837670, "table_properties": {"data_size": 5555152, "index_size": 85920, "filter_size": 195609, "raw_key_size": 3756923, "raw_average_key_size": 51, "raw_value_size": 4326265, "raw_average_value_size": 59, "num_data_blocks": 1385, "num_entries": 73214, "filter_policy_name": "rocksdb.BuiltinBloomFilter", "kDeletedKeys": "39853", "kMergeOperands": "2841"}}
2017-12-24 18:53:56.537735 7fa6baf27e00 4 rocksdb: [/build/ceph-12.2.2/src/rocksdb/db/version_set.cc:2395] Creating manifest 9981

2017-12-24 18:53:56.538547 7fa6baf27e00 4 rocksdb: EVENT_LOG_v1 {"time_micros": 1514123636538543, "job": 1, "event": "recovery_finished"}
2017-12-24 18:53:56.539838 7fa6baf27e00 4 rocksdb: [/build/ceph-12.2.2/src/rocksdb/db/db_impl_open.cc:1063] DB pointer 0x55e8044a2100
2017-12-24 18:53:56.539956 7fa6baf27e00 1 bluestore(/var/lib/ceph/osd/ceph-0) _open_db opened rocksdb path db options compression=kNoCompression,max_write_buffer_number=4,min_write_buffer_number_to_merge=1,recycle_log_file_num=4,write_buffer_size=268435456,writable_file_max_buffer_size=0,compaction_readahead_size=2097152
2017-12-24 18:53:56.577620 7fa6baf27e00 1 freelist init
2017-12-24 18:53:56.589384 7fa6baf27e00 1 bluestore(/var/lib/ceph/osd/ceph-0) _open_alloc opening allocation metadata
2017-12-24 18:54:07.082059 7fa6baf27e00 1 bluestore(/var/lib/ceph/osd/ceph-0) _open_alloc loaded 587 G in 1173199 extents
2017-12-24 18:54:07.158729 7fa6baf27e00 1 bluefs fsck
2017-12-24 18:54:07.158744 7fa6baf27e00 1 bluestore(/var/lib/ceph/osd/ceph-0) _fsck walking object keyspace
2017-12-24 19:40:08.939488 7fa6baf27e00 1 bluestore(/var/lib/ceph/osd/ceph-0) _fsck checking shared_blobs
2017-12-24 19:40:08.940645 7fa6baf27e00 1 bluestore(/var/lib/ceph/osd/ceph-0) _fsck checking for stray omap data
2017-12-24 19:40:14.739627 7fa6baf27e00 1 bluestore(/var/lib/ceph/osd/ceph-0) _fsck checking deferred events
2017-12-24 19:40:14.744003 7fa6baf27e00 1 bluestore(/var/lib/ceph/osd/ceph-0) _fsck checking freelist vs allocated
2017-12-24 19:40:26.217813 7fa6baf27e00 -1 /build/ceph-12.2.2/src/os/bluestore/BlueStore.cc: In function 'int BlueStore::_fsck(bool, bool)' thread 7fa6baf27e00 time 2017-12-24 19:40:26.215431
/build/ceph-12.2.2/src/os/bluestore/BlueStore.cc: 6122: FAILED assert(used_blocks.size() > count)

ceph version 12.2.2 (cf0baeeeeba3b47f9427c6c97e2144b094b7e5ba) luminous (stable)
1: (ceph::__ceph_assert_fail(char const*, char const*, int, char const*)+0x102) [0x55e7f9f7e892]
2: (BlueStore::_fsck(bool, bool)+0x7e3c) [0x55e7f9e41c8c]
3: (BlueStore::_mount(bool)+0x20a) [0x55e7f9e4284a]
4: (OSD::init()+0x3e2) [0x55e7f99ae4e2]
5: (main()+0x2f07) [0x55e7f98c01d7]
6: (__libc_start_main()+0xf0) [0x7fa6b838f830]
7: (_start()+0x29) [0x55e7f994b7f9]
NOTE: a copy of the executable, or `objdump -rdS <executable>` is needed to interpret this.

--- begin dump of recent events ---
-214> 2017-12-24 18:53:52.777856 7fa6baf27e00 5 asok(0x55e8041ef2c0) register_command perfcounters_dump hook 0x55e80419e1c0
-213> 2017-12-24 18:53:52.777880 7fa6baf27e00 5 asok(0x55e8041ef2c0) register_command 1 hook 0x55e80419e1c0
-212> 2017-12-24 18:53:52.777884 7fa6baf27e00 5 asok(0x55e8041ef2c0) register_command perf dump hook 0x55e80419e1c0
-211> 2017-12-24 18:53:52.777887 7fa6baf27e00 5 asok(0x55e8041ef2c0) register_command perfcounters_schema hook 0x55e80419e1c0
-210> 2017-12-24 18:53:52.777892 7fa6baf27e00 5 asok(0x55e8041ef2c0) register_command perf histogram dump hook 0x55e80419e1c0
-209> 2017-12-24 18:53:52.777894 7fa6baf27e00 5 asok(0x55e8041ef2c0) register_command 2 hook 0x55e80419e1c0
-208> 2017-12-24 18:53:52.777898 7fa6baf27e00 5 asok(0x55e8041ef2c0) register_command perf schema hook 0x55e80419e1c0
-207> 2017-12-24 18:53:52.777900 7fa6baf27e00 5 asok(0x55e8041ef2c0) register_command perf histogram schema hook 0x55e80419e1c0
-206> 2017-12-24 18:53:52.777904 7fa6baf27e00 5 asok(0x55e8041ef2c0) register_command perf reset hook 0x55e80419e1c0
-205> 2017-12-24 18:53:52.777908 7fa6baf27e00 5 asok(0x55e8041ef2c0) register_command config show hook 0x55e80419e1c0
-204> 2017-12-24 18:53:52.777911 7fa6baf27e00 5 asok(0x55e8041ef2c0) register_command config help hook 0x55e80419e1c0
-203> 2017-12-24 18:53:52.777916 7fa6baf27e00 5 asok(0x55e8041ef2c0) register_command config set hook 0x55e80419e1c0
-202> 2017-12-24 18:53:52.777918 7fa6baf27e00 5 asok(0x55e8041ef2c0) register_command config get hook 0x55e80419e1c0
-201> 2017-12-24 18:53:52.777922 7fa6baf27e00 5 asok(0x55e8041ef2c0) register_command config diff hook 0x55e80419e1c0
-200> 2017-12-24 18:53:52.777925 7fa6baf27e00 5 asok(0x55e8041ef2c0) register_command config diff get hook 0x55e80419e1c0
-199> 2017-12-24 18:53:52.777930 7fa6baf27e00 5 asok(0x55e8041ef2c0) register_command log flush hook 0x55e80419e1c0
-198> 2017-12-24 18:53:52.777932 7fa6baf27e00 5 asok(0x55e8041ef2c0) register_command log dump hook 0x55e80419e1c0
-197> 2017-12-24 18:53:52.777936 7fa6baf27e00 5 asok(0x55e8041ef2c0) register_command log reopen hook 0x55e80419e1c0
-196> 2017-12-24 18:53:52.777945 7fa6baf27e00 5 asok(0x55e8041ef2c0) register_command dump_mempools hook 0x55e804452d68
-195> 2017-12-24 18:53:52.784293 7fa6baf27e00 0 set uid:gid to 64045:64045 (ceph:ceph)
-194> 2017-12-24 18:53:52.784309 7fa6baf27e00 0 ceph version 12.2.2 (cf0baeeeeba3b47f9427c6c97e2144b094b7e5ba) luminous (stable), process (unknown), pid 140237
-193> 2017-12-24 18:53:52.791368 7fa6baf27e00 0 pidfile_write: ignore empty --pid-file
-192> 2017-12-24 18:53:52.798562 7fa6baf27e00 0 load: jerasure load: lrc load: isa
-191> 2017-12-24 18:53:52.798623 7fa6baf27e00 1 bdev create path /var/lib/ceph/osd/ceph-0/block type kernel
-190> 2017-12-24 18:53:52.798633 7fa6baf27e00 1 bdev(0x55e8041a2b40 /var/lib/ceph/osd/ceph-0/block) open path /var/lib/ceph/osd/ceph-0/block
-189> 2017-12-24 18:53:52.798876 7fa6baf27e00 1 bdev(0x55e8041a2b40 /var/lib/ceph/osd/ceph-0/block) open size 1806155714560 (0x1a487451000, 1682 GB) block_size 4096 (4096 B) non-rotational
-188> 2017-12-24 18:53:52.799091 7fa6baf27e00 1 bluestore(/var/lib/ceph/osd/ceph-0) _set_cache_sizes max 0.166667 < ratio 0.99
-187> 2017-12-24 18:53:52.799112 7fa6baf27e00 1 bluestore(/var/lib/ceph/osd/ceph-0) _set_cache_sizes cache_size 3221225472 meta 0.833333 kv 0.166667 data 1.49012e-08
-186> 2017-12-24 18:53:52.799117 7fa6baf27e00 1 bdev(0x55e8041a2b40 /var/lib/ceph/osd/ceph-0/block) close
-185> 2017-12-24 18:53:53.094013 7fa6baf27e00 1 bluestore(/var/lib/ceph/osd/ceph-0) _mount path /var/lib/ceph/osd/ceph-0
-184> 2017-12-24 18:53:53.094387 7fa6baf27e00 1 bluestore(/var/lib/ceph/osd/ceph-0) _fsck repair (deep) start
-183> 2017-12-24 18:53:53.094411 7fa6baf27e00 1 bdev create path /var/lib/ceph/osd/ceph-0/block type kernel
-182> 2017-12-24 18:53:53.094417 7fa6baf27e00 1 bdev(0x55e8041a2d80 /var/lib/ceph/osd/ceph-0/block) open path /var/lib/ceph/osd/ceph-0/block
-181> 2017-12-24 18:53:53.094600 7fa6baf27e00 1 bdev(0x55e8041a2d80 /var/lib/ceph/osd/ceph-0/block) open size 1806155714560 (0x1a487451000, 1682 GB) block_size 4096 (4096 B) non-rotational
-180> 2017-12-24 18:53:53.094804 7fa6baf27e00 1 bluestore(/var/lib/ceph/osd/ceph-0) _set_cache_sizes max 0.166667 < ratio 0.99
-179> 2017-12-24 18:53:53.094877 7fa6baf27e00 1 bluestore(/var/lib/ceph/osd/ceph-0) _set_cache_sizes cache_size 3221225472 meta 0.833333 kv 0.166667 data 1.49012e-08
-178> 2017-12-24 18:53:53.095305 7fa6baf27e00 1 bdev create path /var/lib/ceph/osd/ceph-0/block type kernel
-177> 2017-12-24 18:53:53.095313 7fa6baf27e00 1 bdev(0x55e8041a2fc0 /var/lib/ceph/osd/ceph-0/block) open path /var/lib/ceph/osd/ceph-0/block
-176> 2017-12-24 18:53:53.095449 7fa6baf27e00 1 bdev(0x55e8041a2fc0 /var/lib/ceph/osd/ceph-0/block) open size 1806155714560 (0x1a487451000, 1682 GB) block_size 4096 (4096 B) non-rotational
-175> 2017-12-24 18:53:53.095456 7fa6baf27e00 1 bluefs add_block_device bdev 1 path /var/lib/ceph/osd/ceph-0/block size 1682 GB
-174> 2017-12-24 18:53:53.095504 7fa6baf27e00 1 bluefs mount
-173> 2017-12-24 18:53:53.155328 7fa6baf27e00 0 set rocksdb option compaction_readahead_size = 2097152
-172> 2017-12-24 18:53:53.155343 7fa6baf27e00 0 set rocksdb option compression = kNoCompression
-171> 2017-12-24 18:53:53.155348 7fa6baf27e00 0 set rocksdb option max_write_buffer_number = 4
-170> 2017-12-24 18:53:53.155352 7fa6baf27e00 0 set rocksdb option min_write_buffer_number_to_merge = 1
-169> 2017-12-24 18:53:53.155354 7fa6baf27e00 0 set rocksdb option recycle_log_file_num = 4
-168> 2017-12-24 18:53:53.155357 7fa6baf27e00 0 set rocksdb option writable_file_max_buffer_size = 0
-167> 2017-12-24 18:53:53.155361 7fa6baf27e00 0 set rocksdb option write_buffer_size = 268435456
-166> 2017-12-24 18:53:53.155376 7fa6baf27e00 0 set rocksdb option compaction_readahead_size = 2097152
-165> 2017-12-24 18:53:53.155380 7fa6baf27e00 0 set rocksdb option compression = kNoCompression
-164> 2017-12-24 18:53:53.155383 7fa6baf27e00 0 set rocksdb option max_write_buffer_number = 4
-163> 2017-12-24 18:53:53.155386 7fa6baf27e00 0 set rocksdb option min_write_buffer_number_to_merge = 1
-162> 2017-12-24 18:53:53.155388 7fa6baf27e00 0 set rocksdb option recycle_log_file_num = 4
-161> 2017-12-24 18:53:53.155391 7fa6baf27e00 0 set rocksdb option writable_file_max_buffer_size = 0
-160> 2017-12-24 18:53:53.155393 7fa6baf27e00 0 set rocksdb option write_buffer_size = 268435456
-159> 2017-12-24 18:53:53.155494 7fa6baf27e00 4 rocksdb: RocksDB version: 5.4.0

-158> 2017-12-24 18:53:53.155503 7fa6baf27e00 4 rocksdb: Git sha rocksdb_build_git_sha:@0@
-157> 2017-12-24 18:53:53.155509 7fa6baf27e00 4 rocksdb: Compile date Nov 30 2017
-156> 2017-12-24 18:53:53.155511 7fa6baf27e00 4 rocksdb: DB SUMMARY

-155> 2017-12-24 18:53:53.155534 7fa6baf27e00 4 rocksdb: CURRENT file: CURRENT

-154> 2017-12-24 18:53:53.155537 7fa6baf27e00 4 rocksdb: IDENTITY file: IDENTITY

-153> 2017-12-24 18:53:53.155539 7fa6baf27e00 4 rocksdb: MANIFEST file: MANIFEST-000431 size: 931685 Bytes

-152> 2017-12-24 18:53:53.155541 7fa6baf27e00 4 rocksdb: SST files in db dir, Total Num: 33, files: 005983.sst 005984.sst 005985.sst 006019.sst 006020.sst 006021.sst 009951.sst 009952.sst 009953.sst

-151> 2017-12-24 18:53:53.155543 7fa6baf27e00 4 rocksdb: Write Ahead Log file in db: 009948.log size: 243855567 ; 009977.log size: 126296612 ;

-150> 2017-12-24 18:53:53.155544 7fa6baf27e00 4 rocksdb: Options.error_if_exists: 0
-149> 2017-12-24 18:53:53.155545 7fa6baf27e00 4 rocksdb: Options.create_if_missing: 0
-148> 2017-12-24 18:53:53.155546 7fa6baf27e00 4 rocksdb: Options.paranoid_checks: 1
-147> 2017-12-24 18:53:53.155546 7fa6baf27e00 4 rocksdb: Options.env: 0x55e804684160
-146> 2017-12-24 18:53:53.155547 7fa6baf27e00 4 rocksdb: Options.info_log: 0x55e8046849c0
-145> 2017-12-24 18:53:53.155548 7fa6baf27e00 4 rocksdb: Options.max_open_files: -1
-144> 2017-12-24 18:53:53.155550 7fa6baf27e00 4 rocksdb: Options.max_file_opening_threads: 16
-143> 2017-12-24 18:53:53.155550 7fa6baf27e00 4 rocksdb: Options.use_fsync: 0
-142> 2017-12-24 18:53:53.155551 7fa6baf27e00 4 rocksdb: Options.max_log_file_size: 0
-141> 2017-12-24 18:53:53.155551 7fa6baf27e00 4 rocksdb: Options.max_manifest_file_size: 18446744073709551615
-140> 2017-12-24 18:53:53.155553 7fa6baf27e00 4 rocksdb: Options.log_file_time_to_roll: 0
-139> 2017-12-24 18:53:53.155554 7fa6baf27e00 4 rocksdb: Options.keep_log_file_num: 1000
-138> 2017-12-24 18:53:53.155555 7fa6baf27e00 4 rocksdb: Options.recycle_log_file_num: 4
-137> 2017-12-24 18:53:53.155556 7fa6baf27e00 4 rocksdb: Options.allow_fallocate: 1
-136> 2017-12-24 18:53:53.155556 7fa6baf27e00 4 rocksdb: Options.allow_mmap_reads: 0
-135> 2017-12-24 18:53:53.155557 7fa6baf27e00 4 rocksdb: Options.allow_mmap_writes: 0
-134> 2017-12-24 18:53:53.155557 7fa6baf27e00 4 rocksdb: Options.use_direct_reads: 0
-133> 2017-12-24 18:53:53.155558 7fa6baf27e00 4 rocksdb: Options.use_direct_io_for_flush_and_compaction: 0
-132> 2017-12-24 18:53:53.155559 7fa6baf27e00 4 rocksdb: Options.create_missing_column_families: 0
-131> 2017-12-24 18:53:53.155559 7fa6baf27e00 4 rocksdb: Options.db_log_dir:
-130> 2017-12-24 18:53:53.155560 7fa6baf27e00 4 rocksdb: Options.wal_dir: db
-129> 2017-12-24 18:53:53.155561 7fa6baf27e00 4 rocksdb: Options.table_cache_numshardbits: 6
-128> 2017-12-24 18:53:53.155561 7fa6baf27e00 4 rocksdb: Options.max_subcompactions: 1
-127> 2017-12-24 18:53:53.155562 7fa6baf27e00 4 rocksdb: Options.max_background_flushes: 1
-126> 2017-12-24 18:53:53.155563 7fa6baf27e00 4 rocksdb: Options.WAL_ttl_seconds: 0
-125> 2017-12-24 18:53:53.155563 7fa6baf27e00 4 rocksdb: Options.WAL_size_limit_MB: 0
-124> 2017-12-24 18:53:53.155564 7fa6baf27e00 4 rocksdb: Options.manifest_preallocation_size: 4194304
-123> 2017-12-24 18:53:53.155564 7fa6baf27e00 4 rocksdb: Options.is_fd_close_on_exec: 1
-122> 2017-12-24 18:53:53.155565 7fa6baf27e00 4 rocksdb: Options.advise_random_on_open: 1
-121> 2017-12-24 18:53:53.155565 7fa6baf27e00 4 rocksdb: Options.db_write_buffer_size: 0
-120> 2017-12-24 18:53:53.155566 7fa6baf27e00 4 rocksdb: Options.access_hint_on_compaction_start: 1
-119> 2017-12-24 18:53:53.155567 7fa6baf27e00 4 rocksdb: Options.new_table_reader_for_compaction_inputs: 1
-118> 2017-12-24 18:53:53.155567 7fa6baf27e00 4 rocksdb: Options.compaction_readahead_size: 2097152
-117> 2017-12-24 18:53:53.155568 7fa6baf27e00 4 rocksdb: Options.random_access_max_buffer_size: 1048576
-116> 2017-12-24 18:53:53.155568 7fa6baf27e00 4 rocksdb: Options.writable_file_max_buffer_size: 0
-115> 2017-12-24 18:53:53.155569 7fa6baf27e00 4 rocksdb: Options.use_adaptive_mutex: 0
-114> 2017-12-24 18:53:53.155570 7fa6baf27e00 4 rocksdb: Options.rate_limiter: (nil)
-113> 2017-12-24 18:53:53.155571 7fa6baf27e00 4 rocksdb: Options.sst_file_manager.rate_bytes_per_sec: 0
-112> 2017-12-24 18:53:53.155571 7fa6baf27e00 4 rocksdb: Options.bytes_per_sync: 0
-111> 2017-12-24 18:53:53.155572 7fa6baf27e00 4 rocksdb: Options.wal_bytes_per_sync: 0
-110> 2017-12-24 18:53:53.155572 7fa6baf27e00 4 rocksdb: Options.wal_recovery_mode: 0
-109> 2017-12-24 18:53:53.155573 7fa6baf27e00 4 rocksdb: Options.enable_thread_tracking: 0
-108> 2017-12-24 18:53:53.155574 7fa6baf27e00 4 rocksdb: Options.allow_concurrent_memtable_write: 1
-107> 2017-12-24 18:53:53.155574 7fa6baf27e00 4 rocksdb: Options.enable_write_thread_adaptive_yield: 1
