2017-12-24 18:53:35.750499 7f01932ec700 10 osd.0 1080 syncing store
2017-12-24 18:53:35.750509 7f01932ec700 10 osd.0 1080 flushing journal
2017-12-24 18:53:35.750641 7f01932ec700 1 bluestore(/var/lib/ceph/osd/ceph-0) umount
2017-12-24 18:53:36.548759 7f01b5b16700 20 -- 10.103.0.1:6801/6033 >> 10.103.0.1:0/1098863877 conn(0x55825d5c1800 :6801 s=STATE_OPEN pgs=5 cs=1 l=1).process prev state is STATE_OPEN
2017-12-24 18:53:36.548788 7f01b5b16700 25 -- 10.103.0.1:6801/6033 >> 10.103.0.1:0/1098863877 conn(0x55825d5c1800 :6801 s=STATE_OPEN pgs=5 cs=1 l=1).read_until len is 1 state_offset is 0
2017-12-24 18:53:36.548799 7f01b5b16700 1 -- 10.103.0.1:6801/6033 >> 10.103.0.1:0/1098863877 conn(0x55825d5c1800 :6801 s=STATE_OPEN pgs=5 cs=1 l=1).read_bulk peer close file descriptor 58
2017-12-24 18:53:36.548803 7f01b5b16700 25 -- 10.103.0.1:6801/6033 >> 10.103.0.1:0/1098863877 conn(0x55825d5c1800 :6801 s=STATE_OPEN pgs=5 cs=1 l=1).read_until read_bulk recv_end is 0 left is 1 got -1
2017-12-24 18:53:36.548807 7f01b5b16700 1 -- 10.103.0.1:6801/6033 >> 10.103.0.1:0/1098863877 conn(0x55825d5c1800 :6801 s=STATE_OPEN pgs=5 cs=1 l=1).read_until read failed
2017-12-24 18:53:36.548810 7f01b5b16700 1 -- 10.103.0.1:6801/6033 >> 10.103.0.1:0/1098863877 conn(0x55825d5c1800 :6801 s=STATE_OPEN pgs=5 cs=1 l=1).process read tag failed
2017-12-24 18:53:36.548814 7f01b5b16700 1 -- 10.103.0.1:6801/6033 >> 10.103.0.1:0/1098863877 conn(0x55825d5c1800 :6801 s=STATE_OPEN pgs=5 cs=1 l=1).fault on lossy channel, failing
2017-12-24 18:53:36.548818 7f01b5b16700 2 -- 10.103.0.1:6801/6033 >> 10.103.0.1:0/1098863877 conn(0x55825d5c1800 :6801 s=STATE_OPEN pgs=5 cs=1 l=1)._stop
2017-12-24 18:53:36.548823 7f01b5b16700 10 -- 10.103.0.1:6801/6033 >> 10.103.0.1:0/1098863877 conn(0x55825d5c1800 :6801 s=STATE_OPEN pgs=5 cs=1 l=1).discard_out_queue started
2017-12-24 18:53:36.548829 7f01b5b16700 30 Event(0x55811816a980 nevent=5000 time_id=188674).dispatch_event_external 0x558118169290 pending 1
2017-12-24 18:53:36.548837 7f01b5b16700 30 Event(0x55811816a980 nevent=5000 time_id=188674).process_events event_wq process is 58 mask is 1
2017-12-24 18:53:36.548839 7f01b5b16700 30 Event(0x55811816a980 nevent=5000 time_id=188674).process_events do 0x558118169290
2017-12-24 18:53:36.548842 7f01b5b16700 30 Event(0x55811816a980 nevent=5000 time_id=188674).delete_time_event id=188673
2017-12-24 18:53:36.548845 7f01b5b16700 30 Event(0x55811816a980 nevent=5000 time_id=188674).delete_file_event delete event started fd=58 mask=3 original mask is 1
2017-12-24 18:53:36.548850 7f01b5b16700 20 EpollDriver.del_event del event fd=58 cur_mask=1 delmask=3 to 10
2017-12-24 18:53:36.548854 7f01b5b16700 30 Event(0x55811816a980 nevent=5000 time_id=188674).delete_file_event delete event end fd=58 mask=3 original mask is 0
2017-12-24 18:53:36.548851 7f01acba2700 2 osd.0 1080 ms_handle_reset con 0x55825d5c1800 session 0x558234545680
2017-12-24 18:53:36.548915 7f01b5b16700 30 stack operator() calling event process
2017-12-24 18:53:36.548921 7f01b5b16700 30 Event(0x55811816a980 nevent=5000 time_id=188674).process_events wait second 30 usec 0
2017-12-24 18:53:42.651442 7f01a330c700 10 -- 10.103.0.1:6801/6033 >> 10.103.0.1:6789/0 conn(0x558273349800 :-1 s=STATE_OPEN pgs=74 cs=1 l=1).send_keepalive
2017-12-24 18:53:42.651488 7f01a330c700 20 Event(0x55811816a740 nevent=5000 time_id=390552).wakeup
2017-12-24 18:53:42.651510 7f01a330c700 30 Event(0x55811816a740 nevent=5000 time_id=390552).dispatch_event_external 0x558207c2a4f0 pending 1
2017-12-24 18:53:42.651528 7f01b6317700 30 Event(0x55811816a740 nevent=5000 time_id=390552).process_events event_wq process is 8 mask is 1
2017-12-24 18:53:42.651534 7f01b6317700 30 Event(0x55811816a740 nevent=5000 time_id=390552).process_events do 0x558207c2a4f0
2017-12-24 18:53:42.651537 7f01b6317700 10 -- 10.103.0.1:6801/6033 >> 10.103.0.1:6789/0 conn(0x558273349800 :-1 s=STATE_OPEN pgs=74 cs=1 l=1).handle_write
2017-12-24 18:53:42.651548 7f01b6317700 10 -- 10.103.0.1:6801/6033 >> 10.103.0.1:6789/0 conn(0x558273349800 :-1 s=STATE_OPEN pgs=74 cs=1 l=1)._append_keepalive_or_ack
2017-12-24 18:53:42.651641 7f01b6317700 10 -- 10.103.0.1:6801/6033 >> 10.103.0.1:6789/0 conn(0x558273349800 :-1 s=STATE_OPEN pgs=74 cs=1 l=1)._try_send sent bytes 9 remaining bytes 0
2017-12-24 18:53:42.651670 7f01b6317700 30 stack operator() calling event process
2017-12-24 18:53:42.651673 7f01b6317700 30 Event(0x55811816a740 nevent=5000 time_id=390552).process_events wait second 30 usec 0
2017-12-24 18:53:42.651678 7f01b6317700 20 -- 10.103.0.1:6801/6033 >> 10.103.0.1:6789/0 conn(0x558273349800 :-1 s=STATE_OPEN pgs=74 cs=1 l=1).process prev state is STATE_OPEN
2017-12-24 18:53:42.651682 7f01b6317700 25 -- 10.103.0.1:6801/6033 >> 10.103.0.1:6789/0 conn(0x558273349800 :-1 s=STATE_OPEN pgs=74 cs=1 l=1).read_until len is 1 state_offset is 0
2017-12-24 18:53:42.651691 7f01b6317700 25 -- 10.103.0.1:6801/6033 >> 10.103.0.1:6789/0 conn(0x558273349800 :-1 s=STATE_OPEN pgs=74 cs=1 l=1).read_until read_bulk recv_end is 0 left is 1 got 9
2017-12-24 18:53:42.651695 7f01b6317700 20 -- 10.103.0.1:6801/6033 >> 10.103.0.1:6789/0 conn(0x558273349800 :-1 s=STATE_OPEN_KEEPALIVE2_ACK pgs=74 cs=1 l=1).process prev state is STATE_OPEN
2017-12-24 18:53:42.651699 7f01b6317700 25 -- 10.103.0.1:6801/6033 >> 10.103.0.1:6789/0 conn(0x558273349800 :-1 s=STATE_OPEN_KEEPALIVE2_ACK pgs=74 cs=1 l=1).read_until len is 8 state_offset is 0
2017-12-24 18:53:42.651704 7f01b6317700 25 -- 10.103.0.1:6801/6033 >> 10.103.0.1:6789/0 conn(0x558273349800 :-1 s=STATE_OPEN_KEEPALIVE2_ACK pgs=74 cs=1 l=1).read_until got 8 in buffer left is 0 buffer still has 0
2017-12-24 18:53:42.651709 7f01b6317700 20 -- 10.103.0.1:6801/6033 >> 10.103.0.1:6789/0 conn(0x558273349800 :-1 s=STATE_OPEN_KEEPALIVE2_ACK pgs=74 cs=1 l=1).process got KEEPALIVE_ACK
2017-12-24 18:53:42.651712 7f01b6317700 20 -- 10.103.0.1:6801/6033 >> 10.103.0.1:6789/0 conn(0x558273349800 :-1 s=STATE_OPEN pgs=74 cs=1 l=1).process prev state is STATE_OPEN_KEEPALIVE2_ACK
2017-12-24 18:53:42.651715 7f01b6317700 25 -- 10.103.0.1:6801/6033 >> 10.103.0.1:6789/0 conn(0x558273349800 :-1 s=STATE_OPEN pgs=74 cs=1 l=1).read_until len is 1 state_offset is 0
2017-12-24 18:53:42.651719 7f01b6317700 25 -- 10.103.0.1:6801/6033 >> 10.103.0.1:6789/0 conn(0x558273349800 :-1 s=STATE_OPEN pgs=74 cs=1 l=1).read_until read_bulk recv_end is 0 left is 1 got 0
2017-12-24 18:53:42.651723 7f01b6317700 25 -- 10.103.0.1:6801/6033 >> 10.103.0.1:6789/0 conn(0x558273349800 :-1 s=STATE_OPEN pgs=74 cs=1 l=1).read_until need len 1 remaining 1 bytes
2017-12-24 18:53:42.651728 7f01b6317700 30 Event(0x55811816a740 nevent=5000 time_id=390552).process_events event_wq process is 70 mask is 1
2017-12-24 18:53:42.651730 7f01b6317700 30 stack operator() calling event process
2017-12-24 18:53:42.651732 7f01b6317700 30 Event(0x55811816a740 nevent=5000 time_id=390552).process_events wait second 30 usec 0
2017-12-24 18:53:51.602978 7f01932ec700 1 stupidalloc shutdown
2017-12-24 18:53:51.648317 7f01932ec700 1 freelist shutdown
2017-12-24 18:53:51.648724 7f01932ec700 4 rocksdb: [/build/ceph-12.2.1/src/rocksdb/db/db_impl.cc:217] Shutdown: canceling all background work
2017-12-24 18:53:51.665005 7f01932ec700 4 rocksdb: [/build/ceph-12.2.1/src/rocksdb/db/db_impl.cc:343] Shutdown complete
2017-12-24 18:53:51.902440 7f01932ec700 1 bluefs umount
2017-12-24 18:53:51.902769 7f01932ec700 1 stupidalloc shutdown
2017-12-24 18:53:51.902850 7f01932ec700 1 bdev(0x55811816cd00 /var/lib/ceph/osd/ceph-0/block) close
2017-12-24 18:53:52.205574 7f01932ec700 1 bdev(0x55811816bb00 /var/lib/ceph/osd/ceph-0/block) close
2017-12-24 18:53:52.318516 7f01932ec700 10 osd.0 1080 Store synced
2017-12-24 18:53:52.318538 7f01932ec700 1 -- 10.103.0.1:6801/6033 >> 10.103.0.1:6789/0 conn(0x558273349800 :-1 s=STATE_OPEN pgs=74 cs=1 l=1).mark_down
2017-12-24 18:53:52.318550 7f01932ec700 2 -- 10.103.0.1:6801/6033 >> 10.103.0.1:6789/0 conn(0x558273349800 :-1 s=STATE_OPEN pgs=74 cs=1 l=1)._stop
2017-12-24 18:53:52.318556 7f01932ec700 10 -- 10.103.0.1:6801/6033 >> 10.103.0.1:6789/0 conn(0x558273349800 :-1 s=STATE_OPEN pgs=74 cs=1 l=1).discard_out_queue started
2017-12-24 18:53:52.318565 7f01932ec700 20 Event(0x55811816a740 nevent=5000 time_id=390552).wakeup
2017-12-24 18:53:52.318574 7f01932ec700 30 Event(0x55811816a740 nevent=5000 time_id=390552).dispatch_event_external 0x558118166940 pending 1
2017-12-24 18:53:52.318592 7f01b6317700 30 Event(0x55811816a740 nevent=5000 time_id=390552).process_events event_wq process is 8 mask is 1
2017-12-24 18:53:52.318601 7f01b6317700 30 Event(0x55811816a740 nevent=5000 time_id=390552).process_events do 0x558118166940
2017-12-24 18:53:52.318604 7f01b6317700 30 Event(0x55811816a740 nevent=5000 time_id=390552).delete_time_event id=390544
2017-12-24 18:53:52.318608 7f01b6317700 30 Event(0x55811816a740 nevent=5000 time_id=390552).delete_file_event delete event started fd=70 mask=3 original mask is 1
2017-12-24 18:53:52.318612 7f01b6317700 20 EpollDriver.del_event del event fd=70 cur_mask=1 delmask=3 to 7
2017-12-24 18:53:52.318617 7f01b6317700 30 Event(0x55811816a740 nevent=5000 time_id=390552).delete_file_event delete event end fd=70 mask=3 original mask is 0
2017-12-24 18:53:52.318667 7f01b6317700 30 stack operator() calling event process
2017-12-24 18:53:52.318672 7f01b6317700 30 Event(0x55811816a740 nevent=5000 time_id=390552).process_events wait second 30 usec 0
2017-12-24 18:53:52.345488 7f01932ec700 10 -- 10.103.0.1:6801/6033 shutdown 10.103.0.1:6801/6033
2017-12-24 18:53:52.345512 7f01932ec700 10 Processor -- stop
2017-12-24 18:53:52.345516 7f01932ec700 20 Event(0x55811816a080 nevent=5000 time_id=135262).wakeup
2017-12-24 18:53:52.345537 7f01932ec700 30 Event(0x55811816a080 nevent=5000 time_id=135262).dispatch_event_external 0x7f01932e9e00 pending 1
2017-12-24 18:53:52.345555 7f01b6b18700 30 Event(0x55811816a080 nevent=5000 time_id=135262).process_events event_wq process is 5 mask is 1
2017-12-24 18:53:52.345564 7f01b6b18700 30 Event(0x55811816a080 nevent=5000 time_id=135262).process_events do 0x7f01932e9e00
2017-12-24 18:53:52.345581 7f01b6b18700 30 Event(0x55811816a080 nevent=5000 time_id=135262).delete_file_event delete event started fd=13 mask=1 original mask is 1
2017-12-24 18:53:52.345593 7f01b6b18700 20 EpollDriver.del_event del event fd=13 cur_mask=1 delmask=1 to 4
2017-12-24 18:53:52.345598 7f01b6b18700 30 Event(0x55811816a080 nevent=5000 time_id=135262).delete_file_event delete event end fd=13 mask=1 original mask is 0
2017-12-24 18:53:52.345619 7f01932ec700 1 -- 10.103.0.1:6801/6033 shutdown_connections
2017-12-24 18:53:52.345626 7f01932ec700 5 -- 10.103.0.1:6801/6033 shutdown_connections mark down 10.103.0.1:0/1098863877 0x55825d5c1800
2017-12-24 18:53:52.345633 7f01b6b18700 30 stack operator() calling event process
2017-12-24 18:53:52.345635 7f01b6b18700 30 Event(0x55811816a080 nevent=5000 time_id=135262).process_events wait second 30 usec 0
2017-12-24 18:53:52.345636 7f01932ec700 5 -- 10.103.0.1:6801/6033 shutdown_connections mark down 10.103.0.1:6789/0 0x558273349800
2017-12-24 18:53:52.345640 7f01932ec700 5 -- 10.103.0.1:6801/6033 shutdown_connections delete 0x55825d5c1800
2017-12-24 18:53:52.345684 7f01932ec700 5 -- 10.103.0.1:6801/6033 shutdown_connections delete 0x558273349800
2017-12-24 18:53:52.345695 7f01932ec700 30 stack drain started.
2017-12-24 18:53:52.345699 7f01932ec700 20 Event(0x55811816a080 nevent=5000 time_id=135262).wakeup
2017-12-24 18:53:52.345704 7f01932ec700 30 Event(0x55811816a080 nevent=5000 time_id=135262).dispatch_event_external 0x7f01932e9d30 pending 1
2017-12-24 18:53:52.345706 7f01932ec700 20 Event(0x55811816a740 nevent=5000 time_id=390552).wakeup
2017-12-24 18:53:52.345713 7f01932ec700 30 Event(0x55811816a740 nevent=5000 time_id=390552).dispatch_event_external 0x7f01932e9d30 pending 1
2017-12-24 18:53:52.345714 7f01b6b18700 30 Event(0x55811816a080 nevent=5000 time_id=135262).process_events event_wq process is 5 mask is 1
2017-12-24 18:53:52.345716 7f01932ec700 20 Event(0x55811816a980 nevent=5000 time_id=188674).wakeup
2017-12-24 18:53:52.345718 7f01b6b18700 30 Event(0x55811816a080 nevent=5000 time_id=135262).process_events do 0x7f01932e9d30
2017-12-24 18:53:52.345721 7f01b6b18700 30 stack operator() calling event process
2017-12-24 18:53:52.345722 7f01b6b18700 30 Event(0x55811816a080 nevent=5000 time_id=135262).process_events wait second 30 usec 0
2017-12-24 18:53:52.345727 7f01932ec700 30 Event(0x55811816a980 nevent=5000 time_id=188674).dispatch_event_external 0x7f01932e9d30 pending 1
2017-12-24 18:53:52.345726 7f01b6317700 30 Event(0x55811816a740 nevent=5000 time_id=390552).process_events event_wq process is 8 mask is 1
2017-12-24 18:53:52.345736 7f01b6317700 30 Event(0x55811816a740 nevent=5000 time_id=390552).process_events do 0x7f01932e9d30
2017-12-24 18:53:52.345749 7f01b6317700 30 stack operator() calling event process
2017-12-24 18:53:52.345752 7f01b6317700 30 Event(0x55811816a740 nevent=5000 time_id=390552).process_events wait second 30 usec 0
2017-12-24 18:53:52.345755 7f01b5b16700 30 Event(0x55811816a980 nevent=5000 time_id=188674).process_events event_wq process is 11 mask is 1
2017-12-24 18:53:52.345763 7f01b5b16700 30 Event(0x55811816a980 nevent=5000 time_id=188674).process_events do 0x7f01932e9d30
2017-12-24 18:53:52.345773 7f01b5b16700 30 stack operator() calling event process
2017-12-24 18:53:52.345776 7f01b5b16700 30 Event(0x55811816a980 nevent=5000 time_id=188674).process_events wait second 30 usec 0
2017-12-24 18:53:52.345777 7f01932ec700 30 stack drain end.
2017-12-24 18:53:52.345782 7f01932ec700 10 -- 10.104.0.1:6800/6033 shutdown 10.104.0.1:6800/6033
2017-12-24 18:53:52.345788 7f01932ec700 10 Processor -- stop
2017-12-24 18:53:52.345790 7f01932ec700 20 Event(0x55811816a080 nevent=5000 time_id=135262).wakeup
2017-12-24 18:53:52.345796 7f01932ec700 30 Event(0x55811816a080 nevent=5000 time_id=135262).dispatch_event_external 0x7f01932e9e00 pending 1
2017-12-24 18:53:52.345802 7f01b6b18700 30 Event(0x55811816a080 nevent=5000 time_id=135262).process_events event_wq process is 5 mask is 1
2017-12-24 18:53:52.345807 7f01b6b18700 30 Event(0x55811816a080 nevent=5000 time_id=135262).process_events do 0x7f01932e9e00
2017-12-24 18:53:52.345808 7f01b6b18700 30 Event(0x55811816a080 nevent=5000 time_id=135262).delete_file_event delete event started fd=14 mask=1 original mask is 1
2017-12-24 18:53:52.345810 7f01b6b18700 20 EpollDriver.del_event del event fd=14 cur_mask=1 delmask=1 to 4
2017-12-24 18:53:52.345814 7f01b6b18700 30 Event(0x55811816a080 nevent=5000 time_id=135262).delete_file_event delete event end fd=14 mask=1 original mask is 0
2017-12-24 18:53:52.345824 7f01b6b18700 30 stack operator() calling event process
2017-12-24 18:53:52.345826 7f01b6b18700 30 Event(0x55811816a080 nevent=5000 time_id=135262).process_events wait second 30 usec 0
2017-12-24 18:53:52.345828 7f01932ec700 1 -- 10.104.0.1:6800/6033 shutdown_connections
2017-12-24 18:53:52.345835 7f01932ec700 5 -- 10.104.0.1:6800/6033 shutdown_connections accepting_conn 0x5581356b0800
2017-12-24 18:53:52.345839 7f01932ec700 5 -- 10.104.0.1:6800/6033 shutdown_connections accepting_conn 0x55813b76d000
2017-12-24 18:53:52.345844 7f01932ec700 5 -- 10.104.0.1:6800/6033 shutdown_connections mark down 10.104.0.2:6800/5930 0x55815ae63000
2017-12-24 18:53:52.345849 7f01932ec700 2 -- 10.104.0.1:6800/6033 >> 10.104.0.2:6800/5930 conn(0x55815ae63000 :-1 s=STATE_STANDBY pgs=4 cs=1 l=0)._stop
2017-12-24 18:53:52.345855 7f01932ec700 10 -- 10.104.0.1:6800/6033 >> 10.104.0.2:6800/5930 conn(0x55815ae63000 :-1 s=STATE_STANDBY pgs=4 cs=1 l=0).discard_out_queue started
2017-12-24 18:53:52.345870 7f01932ec700 20 Event(0x55811816a980 nevent=5000 time_id=188674).wakeup
2017-12-24 18:53:52.345875 7f01932ec700 30 Event(0x55811816a980 nevent=5000 time_id=188674).dispatch_event_external 0x558249c4e7b0 pending 1
2017-12-24 18:53:52.345881 7f01b5b16700 30 Event(0x55811816a980 nevent=5000 time_id=188674).process_events event_wq process is 11 mask is 1
2017-12-24 18:53:52.345885 7f01b5b16700 30 Event(0x55811816a980 nevent=5000 time_id=188674).process_events do 0x558249c4e7b0
2017-12-24 18:53:52.345884 7f01932ec700 5 -- 10.104.0.1:6800/6033 shutdown_connections mark down 10.104.0.3:6800/5420 0x55813b754000
2017-12-24 18:53:52.345889 7f01b5b16700 30 stack operator() calling event process
2017-12-24 18:53:52.345892 7f01b5b16700 30 Event(0x55811816a980 nevent=5000 time_id=188674).process_events wait second 30 usec 0
2017-12-24 18:53:52.345891 7f01932ec700 2 -- 10.104.0.1:6800/6033 >> 10.104.0.3:6800/5420 conn(0x55813b754000 :-1 s=STATE_STANDBY pgs=6 cs=1 l=0)._stop
2017-12-24 18:53:52.345897 7f01932ec700 10 -- 10.104.0.1:6800/6033 >> 10.104.0.3:6800/5420 conn(0x55813b754000 :-1 s=STATE_STANDBY pgs=6 cs=1 l=0).discard_out_queue started
2017-12-24 18:53:52.345903 7f01932ec700 20 Event(0x55811816a080 nevent=5000 time_id=135262).wakeup
2017-12-24 18:53:52.345902 7f01abba0700 2 osd.0 0 ms_handle_reset con 0x55815ae63000 session 0x55816177c280
2017-12-24 18:53:52.345908 7f01932ec700 30 Event(0x55811816a080 nevent=5000 time_id=135262).dispatch_event_external 0x5581181666b0 pending 1
2017-12-24 18:53:52.345911 7f01b6b18700 30 Event(0x55811816a080 nevent=5000 time_id=135262).process_events event_wq process is 5 mask is 1
2017-12-24 18:53:52.345915 7f01b6b18700 30 Event(0x55811816a080 nevent=5000 time_id=135262).process_events do 0x5581181666b0
2017-12-24 18:53:52.345917 7f01b6b18700 30 stack operator() calling event process
2017-12-24 18:53:52.345918 7f01b6b18700 30 Event(0x55811816a080 nevent=5000 time_id=135262).process_events wait second 30 usec 0
2017-12-24 18:53:52.345928 7f01abba0700 2 osd.0 0 ms_handle_reset con 0x55813b754000 session 0x55813572ef00
2017-12-24 18:53:52.345916 7f01932ec700 5 -- 10.104.0.1:6800/6033 shutdown_connections mark down 10.104.0.4:6800/5071 0x5581356c4000
2017-12-24 18:53:52.345932 7f01932ec700 2 -- 10.104.0.1:6800/6033 >> 10.104.0.4:6800/5071 conn(0x5581356c4000 :-1 s=STATE_STANDBY pgs=9 cs=1 l=0)._stop
2017-12-24 18:53:52.345937 7f01932ec700 10 -- 10.104.0.1:6800/6033 >> 10.104.0.4:6800/5071 conn(0x5581356c4000 :-1 s=STATE_STANDBY pgs=9 cs=1 l=0).discard_out_queue started
2017-12-24 18:53:52.345941 7f01932ec700 20 Event(0x55811816a740 nevent=5000 time_id=390552).wakeup
2017-12-24 18:53:52.345946 7f01932ec700 30 Event(0x55811816a740 nevent=5000 time_id=390552).dispatch_event_external 0x558118166380 pending 1
2017-12-24 18:53:52.345949 7f01932ec700 30 Event(0x55811816a740 nevent=5000 time_id=390552).dispatch_event_external 0x5581c55ced70 pending 2
2017-12-24 18:53:52.345952 7f01b6317700 30 Event(0x55811816a740 nevent=5000 time_id=390552).process_events event_wq process is 8 mask is 1
2017-12-24 18:53:52.345953 7f01932ec700 5 -- 10.104.0.1:6800/6033 shutdown_connections delete 0x5581356b0800
2017-12-24 18:53:52.345958 7f01abba0700 2 osd.0 0 ms_handle_reset con 0x5581356c4000 session 0x558135643680
2017-12-24 18:53:52.345960 7f01b6317700 30 Event(0x55811816a740 nevent=5000 time_id=390552).process_events do 0x558118166380
2017-12-24 18:53:52.345962 7f01b6317700 1 -- 10.104.0.1:6800/6033 reap_dead start
2017-12-24 18:53:52.345949 7f01bbe38e00 10 -- 10.103.0.1:6801/6033 wait: waiting for dispatch queue
2017-12-24 18:53:52.346663 7f01932ec700 5 -- 10.104.0.1:6800/6033 shutdown_connections delete 0x5581356c4000
2017-12-24 18:53:52.346680 7f01932ec700 5 -- 10.104.0.1:6800/6033 shutdown_connections delete 0x55813b754000
2017-12-24 18:53:52.346921 7f01932ec700 5 -- 10.104.0.1:6800/6033 shutdown_connections delete 0x55813b76d000
2017-12-24 18:53:52.347131 7f01932ec700 5 -- 10.104.0.1:6800/6033 shutdown_connections delete 0x55815ae63000
2017-12-24 18:53:52.347510 7f01932ec700 30 stack drain started.
2017-12-24 18:53:52.347516 7f01b6317700 30 Event(0x55811816a740 nevent=5000 time_id=390552).process_events do 0x5581c55ced70
2017-12-24 18:53:52.347522 7f01932ec700 20 Event(0x55811816a080 nevent=5000 time_id=135262).wakeup
2017-12-24 18:53:52.347533 7f01932ec700 30 Event(0x55811816a080 nevent=5000 time_id=135262).dispatch_event_external 0x7f01932e9d30 pending 1
2017-12-24 18:53:52.347536 7f01932ec700 20 Event(0x55811816a740 nevent=5000 time_id=390552).wakeup
2017-12-24 18:53:52.347542 7f01932ec700 30 Event(0x55811816a740 nevent=5000 time_id=390552).dispatch_event_external 0x7f01932e9d30 pending 1
2017-12-24 18:53:52.347544 7f01932ec700 20 Event(0x55811816a980 nevent=5000 time_id=188674).wakeup
2017-12-24 18:53:52.347543 7f01b6b18700 30 Event(0x55811816a080 nevent=5000 time_id=135262).process_events event_wq process is 5 mask is 1
2017-12-24 18:53:52.347550 7f01932ec700 30 Event(0x55811816a980 nevent=5000 time_id=188674).dispatch_event_external 0x7f01932e9d30 pending 1
2017-12-24 18:53:52.347551 7f01b6b18700 30 Event(0x55811816a080 nevent=5000 time_id=135262).process_events do 0x7f01932e9d30
2017-12-24 18:53:52.347555 7f01b6b18700 30 stack operator() calling event process
2017-12-24 18:53:52.347557 7f01b6b18700 30 Event(0x55811816a080 nevent=5000 time_id=135262).process_events wait second 30 usec 0
2017-12-24 18:53:52.347560 7f01b6317700 30 stack operator() calling event process
2017-12-24 18:53:52.347563 7f01b6317700 30 Event(0x55811816a740 nevent=5000 time_id=390552).process_events wait second 0 usec 0
2017-12-24 18:53:52.347560 7f01b5b16700 30 Event(0x55811816a980 nevent=5000 time_id=188674).process_events event_wq process is 11 mask is 1
2017-12-24 18:53:52.347566 7f01b5b16700 30 Event(0x55811816a980 nevent=5000 time_id=188674).process_events do 0x7f01932e9d30
2017-12-24 18:53:52.347569 7f01b5b16700 30 stack operator() calling event process
2017-12-24 18:53:52.347570 7f01b5b16700 30 Event(0x55811816a980 nevent=5000 time_id=188674).process_events wait second 30 usec 0
2017-12-24 18:53:52.347570 7f01b6317700 30 Event(0x55811816a740 nevent=5000 time_id=390552).process_events event_wq process is 8 mask is 1
2017-12-24 18:53:52.347573 7f01b6317700 30 Event(0x55811816a740 nevent=5000 time_id=390552).process_events do 0x7f01932e9d30
2017-12-24 18:53:52.347579 7f01b6317700 30 stack operator() calling event process
2017-12-24 18:53:52.347580 7f01b6317700 30 Event(0x55811816a740 nevent=5000 time_id=390552).process_events wait second 30 usec 0
2017-12-24 18:53:52.347585 7f01932ec700 30 stack drain end.
2017-12-24 18:53:52.347590 7f01932ec700 10 -- 10.103.0.1:0/6033 shutdown 10.103.0.1:0/6033
2017-12-24 18:53:52.347599 7f01932ec700 10 Processor -- stop
2017-12-24 18:53:52.347600 7f01932ec700 1 -- 10.103.0.1:0/6033 shutdown_connections
2017-12-24 18:53:52.347607 7f01932ec700 5 -- 10.103.0.1:0/6033 shutdown_connections mark down 10.103.0.4:6801/5071 0x5581356ac000
2017-12-24 18:53:52.347615 7f01932ec700 5 -- 10.103.0.1:0/6033 shutdown_connections mark down 10.103.0.2:6802/5930 0x5581356af000
2017-12-24 18:53:52.347621 7f01932ec700 5 -- 10.103.0.1:0/6033 shutdown_connections mark down 10.103.0.3:6802/5420 0x5581356c7000
2017-12-24 18:53:52.347625 7f01932ec700 5 -- 10.103.0.1:0/6033 shutdown_connections delete 0x5581356ac000
2017-12-24 18:53:52.347636 7f01932ec700 5 -- 10.103.0.1:0/6033 shutdown_connections delete 0x5581356af000
2017-12-24 18:53:52.347646 7f01932ec700 5 -- 10.103.0.1:0/6033 shutdown_connections delete 0x5581356c7000
2017-12-24 18:53:52.347654 7f01932ec700 30 stack drain started.
2017-12-24 18:53:52.347656 7f01932ec700 20 Event(0x55811816a080 nevent=5000 time_id=135262).wakeup
2017-12-24 18:53:52.347662 7f01932ec700 30 Event(0x55811816a080 nevent=5000 time_id=135262).dispatch_event_external 0x7f01932e9d30 pending 1
2017-12-24 18:53:52.347664 7f01932ec700 20 Event(0x55811816a740 nevent=5000 time_id=390552).wakeup
2017-12-24 18:53:52.347668 7f01932ec700 30 Event(0x55811816a740 nevent=5000 time_id=390552).dispatch_event_external 0x7f01932e9d30 pending 1
2017-12-24 18:53:52.347670 7f01932ec700 20 Event(0x55811816a980 nevent=5000 time_id=188674).wakeup
2017-12-24 18:53:52.347671 7f01b6b18700 30 Event(0x55811816a080 nevent=5000 time_id=135262).process_events event_wq process is 5 mask is 1
2017-12-24 18:53:52.347674 7f01932ec700 30 Event(0x55811816a980 nevent=5000 time_id=188674).dispatch_event_external 0x7f01932e9d30 pending 1
2017-12-24 18:53:52.347674 7f01b6317700 30 Event(0x55811816a740 nevent=5000 time_id=390552).process_events event_wq process is 8 mask is 1
2017-12-24 18:53:52.347680 7f01b6317700 30 Event(0x55811816a740 nevent=5000 time_id=390552).process_events do 0x7f01932e9d30
2017-12-24 18:53:52.347680 7f01b5b16700 30 Event(0x55811816a980 nevent=5000 time_id=188674).process_events event_wq process is 11 mask is 1
2017-12-24 18:53:52.347679 7f01b6b18700 30 Event(0x55811816a080 nevent=5000 time_id=135262).process_events do 0x7f01932e9d30
2017-12-24 18:53:52.347682 7f01b6317700 30 stack operator() calling event process
2017-12-24 18:53:52.347684 7f01b5b16700 30 Event(0x55811816a980 nevent=5000 time_id=188674).process_events do 0x7f01932e9d30
2017-12-24 18:53:52.347685 7f01b6317700 30 Event(0x55811816a740 nevent=5000 time_id=390552).process_events wait second 30 usec 0
2017-12-24 18:53:52.347685 7f01b6b18700 30 stack operator() calling event process
2017-12-24 18:53:52.347687 7f01b6b18700 30 Event(0x55811816a080 nevent=5000 time_id=135262).process_events wait second 30 usec 0
2017-12-24 18:53:52.347689 7f01b5b16700 30 stack operator() calling event process
2017-12-24 18:53:52.347690 7f01b5b16700 30 Event(0x55811816a980 nevent=5000 time_id=188674).process_events wait second 30 usec 0
2017-12-24 18:53:52.347696 7f01932ec700 30 stack drain end.
2017-12-24 18:53:52.347699 7f01932ec700 10 -- 10.104.0.1:0/6033 shutdown 10.104.0.1:0/6033
2017-12-24 18:53:52.347703 7f01932ec700 10 Processor -- stop
2017-12-24 18:53:52.347704 7f01932ec700 1 -- 10.104.0.1:0/6033 shutdown_connections
2017-12-24 18:53:52.347707 7f01932ec700 5 -- 10.104.0.1:0/6033 shutdown_connections mark down 10.104.0.2:6801/5930 0x5581356ad800
2017-12-24 18:53:52.347711 7f01932ec700 5 -- 10.104.0.1:0/6033 shutdown_connections mark down 10.104.0.4:6801/5071 0x5581356c8800
2017-12-24 18:53:52.347717 7f01932ec700 5 -- 10.104.0.1:0/6033 shutdown_connections mark down 10.104.0.3:6801/5420 0x5581356c5800
2017-12-24 18:53:52.347725 7f01932ec700 5 -- 10.104.0.1:0/6033 shutdown_connections delete 0x5581356ad800
2017-12-24 18:53:52.347747 7f01932ec700 5 -- 10.104.0.1:0/6033 shutdown_connections delete 0x5581356c5800
2017-12-24 18:53:52.347821 7f01932ec700 5 -- 10.104.0.1:0/6033 shutdown_connections delete 0x5581356c8800
2017-12-24 18:53:52.347950 7f01932ec700 30 stack drain started.
2017-12-24 18:53:52.347956 7f01932ec700 20 Event(0x55811816a080 nevent=5000 time_id=135262).wakeup
2017-12-24 18:53:52.347963 7f01932ec700 30 Event(0x55811816a080 nevent=5000 time_id=135262).dispatch_event_external 0x7f01932e9d30 pending 1
2017-12-24 18:53:52.347966 7f01932ec700 20 Event(0x55811816a740 nevent=5000 time_id=390552).wakeup
2017-12-24 18:53:52.347972 7f01932ec700 30 Event(0x55811816a740 nevent=5000 time_id=390552).dispatch_event_external 0x7f01932e9d30 pending 1
2017-12-24 18:53:52.347970 7f01b6b18700 30 Event(0x55811816a080 nevent=5000 time_id=135262).process_events event_wq process is 5 mask is 1
2017-12-24 18:53:52.347975 7f01932ec700 20 Event(0x55811816a980 nevent=5000 time_id=188674).wakeup
2017-12-24 18:53:52.347977 7f01b6b18700 30 Event(0x55811816a080 nevent=5000 time_id=135262).process_events do 0x7f01932e9d30
2017-12-24 18:53:52.347980 7f01b6b18700 30 stack operator() calling event process
2017-12-24 18:53:52.347980 7f01932ec700 30 Event(0x55811816a980 nevent=5000 time_id=188674).dispatch_event_external 0x7f01932e9d30 pending 1
2017-12-24 18:53:52.347984 7f01b6b18700 30 Event(0x55811816a080 nevent=5000 time_id=135262).process_events wait second 30 usec 0
2017-12-24 18:53:52.347981 7f01b6317700 30 Event(0x55811816a740 nevent=5000 time_id=390552).process_events event_wq process is 8 mask is 1
2017-12-24 18:53:52.347990 7f01b6317700 30 Event(0x55811816a740 nevent=5000 time_id=390552).process_events do 0x7f01932e9d30
2017-12-24 18:53:52.347992 7f01b6317700 30 stack operator() calling event process
2017-12-24 18:53:52.347990 7f01b5b16700 30 Event(0x55811816a980 nevent=5000 time_id=188674).process_events event_wq process is 11 mask is 1
2017-12-24 18:53:52.347995 7f01b5b16700 30 Event(0x55811816a980 nevent=5000 time_id=188674).process_events do 0x7f01932e9d30
2017-12-24 18:53:52.347995 7f01b6317700 30 Event(0x55811816a740 nevent=5000 time_id=390552).process_events wait second 30 usec 0
2017-12-24 18:53:52.348000 7f01b5b16700 30 stack operator() calling event process
2017-12-24 18:53:52.348002 7f01b5b16700 30 Event(0x55811816a980 nevent=5000 time_id=188674).process_events wait second 30 usec 0
2017-12-24 18:53:52.348005 7f01932ec700 30 stack drain end.
2017-12-24 18:53:52.348010 7f01932ec700 10 -- - shutdown -
2017-12-24 18:53:52.348011 7f01932ec700 10 Processor -- stop
2017-12-24 18:53:52.348013 7f01932ec700 1 -- - shutdown_connections
2017-12-24 18:53:52.348016 7f01932ec700 30 stack drain started.
2017-12-24 18:53:52.348019 7f01932ec700 20 Event(0x55811816a080 nevent=5000 time_id=135262).wakeup
2017-12-24 18:53:52.348023 7f01932ec700 30 Event(0x55811816a080 nevent=5000 time_id=135262).dispatch_event_external 0x7f01932e9d30 pending 1
2017-12-24 18:53:52.348031 7f01b6b18700 30 Event(0x55811816a080 nevent=5000 time_id=135262).process_events event_wq process is 5 mask is 1
2017-12-24 18:53:52.348035 7f01b6b18700 30 Event(0x55811816a080 nevent=5000 time_id=135262).process_events do 0x7f01932e9d30
2017-12-24 18:53:52.348038 7f01b6b18700 30 stack operator() calling event process
2017-12-24 18:53:52.348040 7f01b6b18700 30 Event(0x55811816a080 nevent=5000 time_id=135262).process_events wait second 30 usec 0
2017-12-24 18:53:52.348050 7f01932ec700 20 Event(0x55811816a740 nevent=5000 time_id=390552).wakeup
2017-12-24 18:53:52.348054 7f01932ec700 30 Event(0x55811816a740 nevent=5000 time_id=390552).dispatch_event_external 0x7f01932e9d30 pending 1
2017-12-24 18:53:52.348058 7f01932ec700 20 Event(0x55811816a980 nevent=5000 time_id=188674).wakeup
2017-12-24 18:53:52.348060 7f01b6317700 30 Event(0x55811816a740 nevent=5000 time_id=390552).process_events event_wq process is 8 mask is 1
2017-12-24 18:53:52.348067 7f01b5b16700 30 Event(0x55811816a980 nevent=5000 time_id=188674).process_events event_wq process is 11 mask is 1
2017-12-24 18:53:52.348068 7f01b6317700 30 Event(0x55811816a740 nevent=5000 time_id=390552).process_events do 0x7f01932e9d30
2017-12-24 18:53:52.348063 7f01932ec700 30 Event(0x55811816a980 nevent=5000 time_id=188674).dispatch_event_external 0x7f01932e9d30 pending 1
2017-12-24 18:53:52.348071 7f01b5b16700 30 Event(0x55811816a980 nevent=5000 time_id=188674).process_events do 0x7f01932e9d30
2017-12-24 18:53:52.348072 7f01b6317700 30 stack operator() calling event process
2017-12-24 18:53:52.348073 7f01b6317700 30 Event(0x55811816a740 nevent=5000 time_id=390552).process_events wait second 30 usec 0
2017-12-24 18:53:52.348076 7f01b5b16700 30 stack operator() calling event process
2017-12-24 18:53:52.348079 7f01b5b16700 30 Event(0x55811816a980 nevent=5000 time_id=188674).process_events wait second 30 usec 0
2017-12-24 18:53:52.348081 7f01932ec700 30 stack drain end.
2017-12-24 18:53:52.348085 7f01932ec700 10 -- 10.103.0.1:6802/6033 shutdown 10.103.0.1:6802/6033
2017-12-24 18:53:52.348091 7f01932ec700 10 Processor -- stop
2017-12-24 18:53:52.348093 7f01932ec700 20 Event(0x55811816a080 nevent=5000 time_id=135262).wakeup
2017-12-24 18:53:52.348098 7f01932ec700 30 Event(0x55811816a080 nevent=5000 time_id=135262).dispatch_event_external 0x7f01932e9e00 pending 1
2017-12-24 18:53:52.348105 7f01b6b18700 30 Event(0x55811816a080 nevent=5000 time_id=135262).process_events event_wq process is 5 mask is 1
2017-12-24 18:53:52.348107 7f01b6b18700 30 Event(0x55811816a080 nevent=5000 time_id=135262).process_events do 0x7f01932e9e00
2017-12-24 18:53:52.348109 7f01b6b18700 30 Event(0x55811816a080 nevent=5000 time_id=135262).delete_file_event delete event started fd=16 mask=1 original mask is 1
2017-12-24 18:53:52.348112 7f01b6b18700 20 EpollDriver.del_event del event fd=16 cur_mask=1 delmask=1 to 4
2017-12-24 18:53:52.348114 7f01b6b18700 30 Event(0x55811816a080 nevent=5000 time_id=135262).delete_file_event delete event end fd=16 mask=1 original mask is 0
2017-12-24 18:53:52.348131 7f01b6b18700 30 stack operator() calling event process
2017-12-24 18:53:52.348133 7f01b6b18700 30 Event(0x55811816a080 nevent=5000 time_id=135262).process_events wait second 30 usec 0
2017-12-24 18:53:52.348134 7f01932ec700 1 -- 10.103.0.1:6802/6033 shutdown_connections
2017-12-24 18:53:52.348153 7f01932ec700 5 -- 10.103.0.1:6802/6033 shutdown_connections mark down 10.103.0.2:0/5930 0x55813bee6000
2017-12-24 18:53:52.348160 7f01932ec700 5 -- 10.103.0.1:6802/6033 shutdown_connections mark down 10.103.0.3:0/5420 0x5581356b9000
2017-12-24 18:53:52.348165 7f01932ec700 5 -- 10.103.0.1:6802/6033 shutdown_connections mark down 10.103.0.4:0/5071 0x55813571b000
2017-12-24 18:53:52.348170 7f01932ec700 5 -- 10.103.0.1:6802/6033 shutdown_connections delete 0x5581356b9000
2017-12-24 18:53:52.348182 7f01932ec700 5 -- 10.103.0.1:6802/6033 shutdown_connections delete 0x55813571b000
2017-12-24 18:53:52.348195 7f01932ec700 5 -- 10.103.0.1:6802/6033 shutdown_connections delete 0x55813bee6000
2017-12-24 18:53:52.348206 7f01932ec700 30 stack drain started.
2017-12-24 18:53:52.348209 7f01932ec700 20 Event(0x55811816a080 nevent=5000 time_id=135262).wakeup
2017-12-24 18:53:52.348215 7f01932ec700 30 Event(0x55811816a080 nevent=5000 time_id=135262).dispatch_event_external 0x7f01932e9d30 pending 1
2017-12-24 18:53:52.348217 7f01932ec700 20 Event(0x55811816a740 nevent=5000 time_id=390552).wakeup
2017-12-24 18:53:52.348220 7f01b6b18700 30 Event(0x55811816a080 nevent=5000 time_id=135262).process_events event_wq process is 5 mask is 1
2017-12-24 18:53:52.348226 7f01b6317700 30 Event(0x55811816a740 nevent=5000 time_id=390552).process_events event_wq process is 8 mask is 1
2017-12-24 18:53:52.348222 7f01932ec700 30 Event(0x55811816a740 nevent=5000 time_id=390552).dispatch_event_external 0x7f01932e9d30 pending 1
2017-12-24 18:53:52.348228 7f01b6b18700 30 Event(0x55811816a080 nevent=5000 time_id=135262).process_events do 0x7f01932e9d30
2017-12-24 18:53:52.348231 7f01b6317700 30 Event(0x55811816a740 nevent=5000 time_id=390552).process_events do 0x7f01932e9d30
2017-12-24 18:53:52.348234 7f01b6b18700 30 stack operator() calling event process
2017-12-24 18:53:52.348234 7f01b6317700 30 stack operator() calling event process
2017-12-24 18:53:52.348234 7f01932ec700 20 Event(0x55811816a980 nevent=5000 time_id=188674).wakeup
2017-12-24 18:53:52.348237 7f01b6b18700 30 Event(0x55811816a080 nevent=5000 time_id=135262).process_events wait second 30 usec 0
2017-12-24 18:53:52.348238 7f01b6317700 30 Event(0x55811816a740 nevent=5000 time_id=390552).process_events wait second 30 usec 0
2017-12-24 18:53:52.348241 7f01932ec700 30 Event(0x55811816a980 nevent=5000 time_id=188674).dispatch_event_external 0x7f01932e9d30 pending 1
2017-12-24 18:53:52.348248 7f01b5b16700 30 Event(0x55811816a980 nevent=5000 time_id=188674).process_events event_wq process is 11 mask is 1
2017-12-24 18:53:52.348252 7f01b5b16700 30 Event(0x55811816a980 nevent=5000 time_id=188674).process_events do 0x7f01932e9d30
2017-12-24 18:53:52.348256 7f01b5b16700 30 stack operator() calling event process
2017-12-24 18:53:52.348258 7f01b5b16700 30 Event(0x55811816a980 nevent=5000 time_id=188674).process_events wait second 30 usec 0
2017-12-24 18:53:52.348260 7f01932ec700 30 stack drain end.
2017-12-24 18:53:52.348264 7f01932ec700 10 -- 10.104.0.1:6801/6033 shutdown 10.104.0.1:6801/6033
2017-12-24 18:53:52.348269 7f01932ec700 10 Processor -- stop
2017-12-24 18:53:52.348270 7f01932ec700 20 Event(0x55811816a080 nevent=5000 time_id=135262).wakeup
2017-12-24 18:53:52.348275 7f01932ec700 30 Event(0x55811816a080 nevent=5000 time_id=135262).dispatch_event_external 0x7f01932e9e00 pending 1
2017-12-24 18:53:52.348280 7f01b6b18700 30 Event(0x55811816a080 nevent=5000 time_id=135262).process_events event_wq process is 5 mask is 1
2017-12-24 18:53:52.348284 7f01b6b18700 30 Event(0x55811816a080 nevent=5000 time_id=135262).process_events do 0x7f01932e9e00
2017-12-24 18:53:52.348286 7f01b6b18700 30 Event(0x55811816a080 nevent=5000 time_id=135262).delete_file_event delete event started fd=15 mask=1 original mask is 1
2017-12-24 18:53:52.348287 7f01b6b18700 20 EpollDriver.del_event del event fd=15 cur_mask=1 delmask=1 to 4
2017-12-24 18:53:52.348291 7f01b6b18700 30 Event(0x55811816a080 nevent=5000 time_id=135262).delete_file_event delete event end fd=15 mask=1 original mask is 0
2017-12-24 18:53:52.348301 7f01b6b18700 30 stack operator() calling event process
2017-12-24 18:53:52.348302 7f01b6b18700 30 Event(0x55811816a080 nevent=5000 time_id=135262).process_events wait second 30 usec 0
2017-12-24 18:53:52.348304 7f01932ec700 1 -- 10.104.0.1:6801/6033 shutdown_connections
2017-12-24 18:53:52.348311 7f01932ec700 5 -- 10.104.0.1:6801/6033 shutdown_connections mark down 10.104.0.2:0/5930 0x55813bee7800
2017-12-24 18:53:52.348315 7f01932ec700 5 -- 10.104.0.1:6801/6033 shutdown_connections mark down 10.104.0.3:0/5420 0x5581356ba800
2017-12-24 18:53:52.348320 7f01932ec700 5 -- 10.104.0.1:6801/6033 shutdown_connections mark down 10.104.0.4:0/5071 0x5581356b6000
2017-12-24 18:53:52.348324 7f01932ec700 5 -- 10.104.0.1:6801/6033 shutdown_connections delete 0x5581356b6000
2017-12-24 18:53:52.348333 7f01932ec700 5 -- 10.104.0.1:6801/6033 shutdown_connections delete 0x5581356ba800
2017-12-24 18:53:52.348343 7f01932ec700 5 -- 10.104.0.1:6801/6033 shutdown_connections delete 0x55813bee7800
2017-12-24 18:53:52.348352 7f01932ec700 30 stack drain started.
2017-12-24 18:53:52.348355 7f01932ec700 20 Event(0x55811816a080 nevent=5000 time_id=135262).wakeup
2017-12-24 18:53:52.348360 7f01932ec700 30 Event(0x55811816a080 nevent=5000 time_id=135262).dispatch_event_external 0x7f01932e9d30 pending 1
2017-12-24 18:53:52.348362 7f01932ec700 20 Event(0x55811816a740 nevent=5000 time_id=390552).wakeup
2017-12-24 18:53:52.348365 7f01932ec700 30 Event(0x55811816a740 nevent=5000 time_id=390552).dispatch_event_external 0x7f01932e9d30 pending 1
2017-12-24 18:53:52.348367 7f01932ec700 20 Event(0x55811816a980 nevent=5000 time_id=188674).wakeup
2017-12-24 18:53:52.348371 7f01932ec700 30 Event(0x55811816a980 nevent=5000 time_id=188674).dispatch_event_external 0x7f01932e9d30 pending 1
2017-12-24 18:53:52.348371 7f01b6317700 30 Event(0x55811816a740 nevent=5000 time_id=390552).process_events event_wq process is 8 mask is 1
2017-12-24 18:53:52.348375 7f01b6317700 30 Event(0x55811816a740 nevent=5000 time_id=390552).process_events do 0x7f01932e9d30
2017-12-24 18:53:52.348376 7f01b6317700 30 stack operator() calling event process
2017-12-24 18:53:52.348376 7f01b5b16700 30 Event(0x55811816a980 nevent=5000 time_id=188674).process_events event_wq process is 11 mask is 1
2017-12-24 18:53:52.348380 7f01b5b16700 30 Event(0x55811816a980 nevent=5000 time_id=188674).process_events do 0x7f01932e9d30
2017-12-24 18:53:52.348380 7f01b6317700 30 Event(0x55811816a740 nevent=5000 time_id=390552).process_events wait second 30 usec 0
2017-12-24 18:53:52.348382 7f01b5b16700 30 stack operator() calling event process
2017-12-24 18:53:52.348383 7f01b5b16700 30 Event(0x55811816a980 nevent=5000 time_id=188674).process_events wait second 30 usec 0
2017-12-24 18:53:52.348396 7f01b6b18700 30 Event(0x55811816a080 nevent=5000 time_id=135262).process_events event_wq process is 5 mask is 1
2017-12-24 18:53:52.348402 7f01b6b18700 30 Event(0x55811816a080 nevent=5000 time_id=135262).process_events do 0x7f01932e9d30
2017-12-24 18:53:52.348408 7f01b6b18700 30 stack operator() calling event process
2017-12-24 18:53:52.348411 7f01b6b18700 30 Event(0x55811816a080 nevent=5000 time_id=135262).process_events wait second 30 usec 0
2017-12-24 18:53:52.348412 7f01932ec700 30 stack drain end.
2017-12-24 18:53:52.355669 7f01bbe38e00 10 -- 10.103.0.1:6801/6033 wait: dispatch queue is stopped
2017-12-24 18:53:52.355682 7f01bbe38e00 1 -- 10.103.0.1:6801/6033 shutdown_connections
2017-12-24 18:53:52.355686 7f01bbe38e00 30 stack drain started.
2017-12-24 18:53:52.359060 7f01bbe38e00 20 Event(0x55811816a080 nevent=5000 time_id=135262).wakeup
2017-12-24 18:53:52.359073 7f01bbe38e00 30 Event(0x55811816a080 nevent=5000 time_id=135262).dispatch_event_external 0x7fff93d88b40 pending 1
2017-12-24 18:53:52.359076 7f01bbe38e00 20 Event(0x55811816a740 nevent=5000 time_id=390552).wakeup
2017-12-24 18:53:52.359080 7f01bbe38e00 30 Event(0x55811816a740 nevent=5000 time_id=390552).dispatch_event_external 0x7fff93d88b40 pending 1
2017-12-24 18:53:52.359087 7f01bbe38e00 20 Event(0x55811816a980 nevent=5000 time_id=188674).wakeup
2017-12-24 18:53:52.359083 7f01b6b18700 30 Event(0x55811816a080 nevent=5000 time_id=135262).process_events event_wq process is 5 mask is 1
2017-12-24 18:53:52.359090 7f01b6b18700 30 Event(0x55811816a080 nevent=5000 time_id=135262).process_events do 0x7fff93d88b40
2017-12-24 18:53:52.359091 7f01bbe38e00 30 Event(0x55811816a980 nevent=5000 time_id=188674).dispatch_event_external 0x7fff93d88b40 pending 1
2017-12-24 18:53:52.359093 7f01b6b18700 30 stack operator() calling event process
2017-12-24 18:53:52.359090 7f01b6317700 30 Event(0x55811816a740 nevent=5000 time_id=390552).process_events event_wq process is 8 mask is 1
2017-12-24 18:53:52.359097 7f01b6317700 30 Event(0x55811816a740 nevent=5000 time_id=390552).process_events do 0x7fff93d88b40
2017-12-24 18:53:52.359097 7f01b6b18700 30 Event(0x55811816a080 nevent=5000 time_id=135262).process_events wait second 30 usec 0
2017-12-24 18:53:52.359100 7f01b6317700 30 stack operator() calling event process
2017-12-24 18:53:52.359102 7f01b6317700 30 Event(0x55811816a740 nevent=5000 time_id=390552).process_events wait second 30 usec 0
2017-12-24 18:53:52.359101 7f01b5b16700 30 Event(0x55811816a980 nevent=5000 time_id=188674).process_events event_wq process is 11 mask is 1
2017-12-24 18:53:52.359110 7f01b5b16700 30 Event(0x55811816a980 nevent=5000 time_id=188674).process_events do 0x7fff93d88b40
2017-12-24 18:53:52.359117 7f01b5b16700 30 stack operator() calling event process
2017-12-24 18:53:52.359119 7f01b5b16700 30 Event(0x55811816a980 nevent=5000 time_id=188674).process_events wait second 30 usec 0
2017-12-24 18:53:52.359121 7f01bbe38e00 30 stack drain end.
2017-12-24 18:53:52.360165 7f01bbe38e00 10 -- 10.103.0.1:6801/6033 wait: done.
2017-12-24 18:53:52.360176 7f01bbe38e00 1 -- 10.103.0.1:6801/6033 wait complete.
2017-12-24 18:53:52.360186 7f01bbe38e00 10 -- 10.103.0.1:0/6033 wait: waiting for dispatch queue
2017-12-24 18:53:52.361296 7f01bbe38e00 10 -- 10.103.0.1:0/6033 wait: dispatch queue is stopped
2017-12-24 18:53:52.361306 7f01bbe38e00 1 -- 10.103.0.1:0/6033 shutdown_connections
2017-12-24 18:53:52.361310 7f01bbe38e00 30 stack drain started.
2017-12-24 18:53:52.361313 7f01bbe38e00 20 Event(0x55811816a080 nevent=5000 time_id=135262).wakeup
2017-12-24 18:53:52.361320 7f01bbe38e00 30 Event(0x55811816a080 nevent=5000 time_id=135262).dispatch_event_external 0x7fff93d88b40 pending 1
2017-12-24 18:53:52.361322 7f01bbe38e00 20 Event(0x55811816a740 nevent=5000 time_id=390552).wakeup
2017-12-24 18:53:52.361325 7f01bbe38e00 30 Event(0x55811816a740 nevent=5000 time_id=390552).dispatch_event_external 0x7fff93d88b40 pending 1
2017-12-24 18:53:52.361327 7f01bbe38e00 20 Event(0x55811816a980 nevent=5000 time_id=188674).wakeup
2017-12-24 18:53:52.361329 7f01b6b18700 30 Event(0x55811816a080 nevent=5000 time_id=135262).process_events event_wq process is 5 mask is 1
2017-12-24 18:53:52.361334 7f01b6b18700 30 Event(0x55811816a080 nevent=5000 time_id=135262).process_events do 0x7fff93d88b40
2017-12-24 18:53:52.361334 7f01bbe38e00 30 Event(0x55811816a980 nevent=5000 time_id=188674).dispatch_event_external 0x7fff93d88b40 pending 1
2017-12-24 18:53:52.361332 7f01b6317700 30 Event(0x55811816a740 nevent=5000 time_id=390552).process_events event_wq process is 8 mask is 1
2017-12-24 18:53:52.361336 7f01b6b18700 30 stack operator() calling event process
2017-12-24 18:53:52.361337 7f01b6b18700 30 Event(0x55811816a080 nevent=5000 time_id=135262).process_events wait second 30 usec 0
2017-12-24 18:53:52.361340 7f01b6317700 30 Event(0x55811816a740 nevent=5000 time_id=390552).process_events do 0x7fff93d88b40
2017-12-24 18:53:52.361337 7f01b5b16700 30 Event(0x55811816a980 nevent=5000 time_id=188674).process_events event_wq process is 11 mask is 1
2017-12-24 18:53:52.361342 7f01b6317700 30 stack operator() calling event process
2017-12-24 18:53:52.361342 7f01b5b16700 30 Event(0x55811816a980 nevent=5000 time_id=188674).process_events do 0x7fff93d88b40
2017-12-24 18:53:52.361344 7f01b6317700 30 Event(0x55811816a740 nevent=5000 time_id=390552).process_events wait second 30 usec 0
2017-12-24 18:53:52.361347 7f01b5b16700 30 stack operator() calling event process
2017-12-24 18:53:52.361348 7f01b5b16700 30 Event(0x55811816a980 nevent=5000 time_id=188674).process_events wait second 30 usec 0
2017-12-24 18:53:52.361349 7f01bbe38e00 30 stack drain end.
2017-12-24 18:53:52.361351 7f01bbe38e00 10 -- 10.103.0.1:0/6033 wait: done.
2017-12-24 18:53:52.361353 7f01bbe38e00 1 -- 10.103.0.1:0/6033 wait complete.
2017-12-24 18:53:52.361361 7f01bbe38e00 10 -- 10.104.0.1:0/6033 wait: waiting for dispatch queue
2017-12-24 18:53:52.361576 7f01bbe38e00 10 -- 10.104.0.1:0/6033 wait: dispatch queue is stopped
2017-12-24 18:53:52.361584 7f01bbe38e00 1 -- 10.104.0.1:0/6033 shutdown_connections
2017-12-24 18:53:52.361587 7f01bbe38e00 30 stack drain started.
2017-12-24 18:53:52.361590 7f01bbe38e00 20 Event(0x55811816a080 nevent=5000 time_id=135262).wakeup
2017-12-24 18:53:52.361596 7f01bbe38e00 30 Event(0x55811816a080 nevent=5000 time_id=135262).dispatch_event_external 0x7fff93d88b40 pending 1
2017-12-24 18:53:52.361597 7f01bbe38e00 20 Event(0x55811816a740 nevent=5000 time_id=390552).wakeup
2017-12-24 18:53:52.361601 7f01bbe38e00 30 Event(0x55811816a740 nevent=5000 time_id=390552).dispatch_event_external 0x7fff93d88b40 pending 1
2017-12-24 18:53:52.361602 7f01bbe38e00 20 Event(0x55811816a980 nevent=5000 time_id=188674).wakeup
2017-12-24 18:53:52.361601 7f01b6b18700 30 Event(0x55811816a080 nevent=5000 time_id=135262).process_events event_wq process is 5 mask is 1
2017-12-24 18:53:52.361606 7f01b6b18700 30 Event(0x55811816a080 nevent=5000 time_id=135262).process_events do 0x7fff93d88b40
2017-12-24 18:53:52.361606 7f01bbe38e00 30 Event(0x55811816a980 nevent=5000 time_id=188674).dispatch_event_external 0x7fff93d88b40 pending 1
2017-12-24 18:53:52.361605 7f01b6317700 30 Event(0x55811816a740 nevent=5000 time_id=390552).process_events event_wq process is 8 mask is 1
2017-12-24 18:53:52.361608 7f01b6b18700 30 stack operator() calling event process
2017-12-24 18:53:52.361609 7f01b6317700 30 Event(0x55811816a740 nevent=5000 time_id=390552).process_events do 0x7fff93d88b40
2017-12-24 18:53:52.361611 7f01b6317700 30 stack operator() calling event process
2017-12-24 18:53:52.361612 7f01b6b18700 30 Event(0x55811816a080 nevent=5000 time_id=135262).process_events wait second 30 usec 0
2017-12-24 18:53:52.361612 7f01b6317700 30 Event(0x55811816a740 nevent=5000 time_id=390552).process_events wait second 30 usec 0
2017-12-24 18:53:52.361612 7f01b5b16700 30 Event(0x55811816a980 nevent=5000 time_id=188674).process_events event_wq process is 11 mask is 1
2017-12-24 18:53:52.361617 7f01b5b16700 30 Event(0x55811816a980 nevent=5000 time_id=188674).process_events do 0x7fff93d88b40
2017-12-24 18:53:52.361621 7f01b5b16700 30 stack operator() calling event process
2017-12-24 18:53:52.361623 7f01bbe38e00 30 stack drain end.
2017-12-24 18:53:52.361623 7f01b5b16700 30 Event(0x55811816a980 nevent=5000 time_id=188674).process_events wait second 30 usec 0
2017-12-24 18:53:52.361625 7f01bbe38e00 10 -- 10.104.0.1:0/6033 wait: done.
2017-12-24 18:53:52.361628 7f01bbe38e00 1 -- 10.104.0.1:0/6033 wait complete.
2017-12-24 18:53:52.361636 7f01bbe38e00 10 -- 10.103.0.1:6802/6033 wait: waiting for dispatch queue
2017-12-24 18:53:52.361831 7f01bbe38e00 10 -- 10.103.0.1:6802/6033 wait: dispatch queue is stopped
2017-12-24 18:53:52.361840 7f01bbe38e00 1 -- 10.103.0.1:6802/6033 shutdown_connections
2017-12-24 18:53:52.361843 7f01bbe38e00 30 stack drain started.
2017-12-24 18:53:52.361846 7f01bbe38e00 20 Event(0x55811816a080 nevent=5000 time_id=135262).wakeup
2017-12-24 18:53:52.361852 7f01bbe38e00 30 Event(0x55811816a080 nevent=5000 time_id=135262).dispatch_event_external 0x7fff93d88b40 pending 1
2017-12-24 18:53:52.361854 7f01bbe38e00 20 Event(0x55811816a740 nevent=5000 time_id=390552).wakeup
2017-12-24 18:53:52.361858 7f01bbe38e00 30 Event(0x55811816a740 nevent=5000 time_id=390552).dispatch_event_external 0x7fff93d88b40 pending 1
2017-12-24 18:53:52.361859 7f01bbe38e00 20 Event(0x55811816a980 nevent=5000 time_id=188674).wakeup
2017-12-24 18:53:52.361860 7f01b6b18700 30 Event(0x55811816a080 nevent=5000 time_id=135262).process_events event_wq process is 5 mask is 1
2017-12-24 18:53:52.361864 7f01bbe38e00 30 Event(0x55811816a980 nevent=5000 time_id=188674).dispatch_event_external 0x7fff93d88b40 pending 1
2017-12-24 18:53:52.361865 7f01b6b18700 30 Event(0x55811816a080 nevent=5000 time_id=135262).process_events do 0x7fff93d88b40
2017-12-24 18:53:52.361868 7f01b6b18700 30 stack operator() calling event process
2017-12-24 18:53:52.361869 7f01b6b18700 30 Event(0x55811816a080 nevent=5000 time_id=135262).process_events wait second 30 usec 0
2017-12-24 18:53:52.361872 7f01b5b16700 30 Event(0x55811816a980 nevent=5000 time_id=188674).process_events event_wq process is 11 mask is 1
2017-12-24 18:53:52.361872 7f01b6317700 30 Event(0x55811816a740 nevent=5000 time_id=390552).process_events event_wq process is 8 mask is 1
2017-12-24 18:53:52.361878 7f01b5b16700 30 Event(0x55811816a980 nevent=5000 time_id=188674).process_events do 0x7fff93d88b40
2017-12-24 18:53:52.361881 7f01b5b16700 30 stack operator() calling event process
